Oct 05 23:43:03 np0005471485.novalocal proxy-server[94957]: ::1 ::1 06/Oct/2025/03/43/03 PUT /v1/AUTH_7aebe34b89554e87825206ce40aeb2f7/gnocchi.bb9b7488-c733-4623-994b-03a1e587fe4b/1759320000.0_mean_300.0_v3 HTTP/1.0 201 - python-swiftclient-4.8.0 gAAAAABo4zrG_lV4... 16 - - tx129ddd34e2c14906a2889-0068e33ac7 - 0.0567 - - 1759722183.580982685 1759722183.637727022 0 7b03bd18aea8470cbeb747235c58da52
Oct 05 23:43:03 np0005471485.novalocal container-server[93622]: ::1 - - [06/Oct/2025:03:43:03 +0000] "PUT /1/124958/AUTH_7aebe34b89554e87825206ce40aeb2f7/gnocchi.bb9b7488-c733-4623-994b-03a1e587fe4b/none_v3" 201 - "PUT http://[::1]:8080/1/47604/AUTH_7aebe34b89554e87825206ce40aeb2f7/gnocchi.bb9b7488-c733-4623-994b-03a1e587fe4b/none_v3" "tx27459e4e07f1475290eca-0068e33ac7" "object-server 93954" 0.0009 "-" 93622 0
Oct 05 23:43:03 np0005471485.novalocal object-server[93954]: ::1 - - [06/Oct/2025:03:43:03 +0000] "PUT /1/47604/AUTH_7aebe34b89554e87825206ce40aeb2f7/gnocchi.bb9b7488-c733-4623-994b-03a1e587fe4b/none_v3" 201 - "PUT https://[::1]:8080/v1/AUTH_7aebe34b89554e87825206ce40aeb2f7/gnocchi.bb9b7488-c733-4623-994b-03a1e587fe4b/none_v3" "tx27459e4e07f1475290eca-0068e33ac7" "proxy-server 94957" 0.0357 "-" 93954 0
Oct 05 23:43:03 np0005471485.novalocal container-server[93622]: ::1 - - [06/Oct/2025:03:43:03 +0000] "PUT /2/124958/AUTH_7aebe34b89554e87825206ce40aeb2f7/gnocchi.bb9b7488-c733-4623-994b-03a1e587fe4b/none_v3" 201 - "PUT http://[::1]:8080/2/47604/AUTH_7aebe34b89554e87825206ce40aeb2f7/gnocchi.bb9b7488-c733-4623-994b-03a1e587fe4b/none_v3" "tx27459e4e07f1475290eca-0068e33ac7" "object-server 93954" 0.0006 "-" 93622 0
Oct 05 23:43:03 np0005471485.novalocal object-server[93954]: ::1 - - [06/Oct/2025:03:43:03 +0000] "PUT /2/47604/AUTH_7aebe34b89554e87825206ce40aeb2f7/gnocchi.bb9b7488-c733-4623-994b-03a1e587fe4b/none_v3" 201 - "PUT https://[::1]:8080/v1/AUTH_7aebe34b89554e87825206ce40aeb2f7/gnocchi.bb9b7488-c733-4623-994b-03a1e587fe4b/none_v3" "tx27459e4e07f1475290eca-0068e33ac7" "proxy-server 94957" 0.0394 "-" 93954 0
Oct 05 23:43:03 np0005471485.novalocal container-server[93622]: ::1 - - [06/Oct/2025:03:43:03 +0000] "PUT /3/124958/AUTH_7aebe34b89554e87825206ce40aeb2f7/gnocchi.bb9b7488-c733-4623-994b-03a1e587fe4b/none_v3" 201 - "PUT http://[::1]:8080/3/47604/AUTH_7aebe34b89554e87825206ce40aeb2f7/gnocchi.bb9b7488-c733-4623-994b-03a1e587fe4b/none_v3" "tx27459e4e07f1475290eca-0068e33ac7" "object-server 93954" 0.0005 "-" 93622 0
Oct 05 23:43:03 np0005471485.novalocal object-server[93954]: ::1 - - [06/Oct/2025:03:43:03 +0000] "PUT /3/47604/AUTH_7aebe34b89554e87825206ce40aeb2f7/gnocchi.bb9b7488-c733-4623-994b-03a1e587fe4b/none_v3" 201 - "PUT https://[::1]:8080/v1/AUTH_7aebe34b89554e87825206ce40aeb2f7/gnocchi.bb9b7488-c733-4623-994b-03a1e587fe4b/none_v3" "tx27459e4e07f1475290eca-0068e33ac7" "proxy-server 94957" 0.0428 "-" 93954 0
Oct 05 23:43:03 np0005471485.novalocal proxy-server[94957]: ::1 ::1 06/Oct/2025/03/43/03 PUT /v1/AUTH_7aebe34b89554e87825206ce40aeb2f7/gnocchi.bb9b7488-c733-4623-994b-03a1e587fe4b/none_v3 HTTP/1.0 201 - python-swiftclient-4.8.0 gAAAAABo4zrG_lV4... 22 - - tx27459e4e07f1475290eca-0068e33ac7 - 0.0501 - - 1759722183.640359879 1759722183.690422535 0 7b03bd18aea8470cbeb747235c58da52
Oct 05 23:43:03 np0005471485.novalocal lvm[101435]: PV /dev/loop2 online, VG cinder-volumes is complete.
Oct 05 23:43:03 np0005471485.novalocal lvm[101435]: VG cinder-volumes finished
Oct 05 23:43:03 np0005471485.novalocal container-server[93621]: ::1 - - [06/Oct/2025:03:43:03 +0000] "HEAD /3/254353/AUTH_7aebe34b89554e87825206ce40aeb2f7/gnocchi.9d08177d-f005-4077-93cb-0ab3f3ffc960" 404 - "HEAD http://[::1]:8080/v1/AUTH_7aebe34b89554e87825206ce40aeb2f7/gnocchi.9d08177d-f005-4077-93cb-0ab3f3ffc960" "tx32aab9b2fa4b4cff90074-0068e33ac7" "proxy-server 94957" 0.0003 "-" 93621 0
Oct 05 23:43:03 np0005471485.novalocal sudo[101368]: pam_unix(sudo:session): session closed for user root
Oct 05 23:43:03 np0005471485.novalocal container-server[93621]: ::1 - - [06/Oct/2025:03:43:03 +0000] "HEAD /1/254353/AUTH_7aebe34b89554e87825206ce40aeb2f7/gnocchi.9d08177d-f005-4077-93cb-0ab3f3ffc960" 404 - "HEAD http://[::1]:8080/v1/AUTH_7aebe34b89554e87825206ce40aeb2f7/gnocchi.9d08177d-f005-4077-93cb-0ab3f3ffc960" "tx32aab9b2fa4b4cff90074-0068e33ac7" "proxy-server 94957" 0.0001 "-" 93621 0
Oct 05 23:43:03 np0005471485.novalocal systemd[1]: session-c116.scope: Deactivated successfully.
Oct 05 23:43:03 np0005471485.novalocal container-server[93622]: ::1 - - [06/Oct/2025:03:43:03 +0000] "HEAD /2/254353/AUTH_7aebe34b89554e87825206ce40aeb2f7/gnocchi.9d08177d-f005-4077-93cb-0ab3f3ffc960" 404 - "HEAD http://[::1]:8080/v1/AUTH_7aebe34b89554e87825206ce40aeb2f7/gnocchi.9d08177d-f005-4077-93cb-0ab3f3ffc960" "tx32aab9b2fa4b4cff90074-0068e33ac7" "proxy-server 94957" 0.0005 "-" 93622 0
Oct 05 23:43:03 np0005471485.novalocal proxy-server[94957]: - - 06/Oct/2025/03/43/03 HEAD /v1/AUTH_7aebe34b89554e87825206ce40aeb2f7/gnocchi.9d08177d-f005-4077-93cb-0ab3f3ffc960 HTTP/1.0 404 - Swift - - - - tx32aab9b2fa4b4cff90074-0068e33ac7 - 0.0106 CS - 1759722183.732963085 1759722183.743571997 0 -
Oct 05 23:43:03 np0005471485.novalocal object-server[93954]: ::1 - - [06/Oct/2025:03:43:03 +0000] "GET /1/68040/AUTH_7aebe34b89554e87825206ce40aeb2f7/gnocchi.9d08177d-f005-4077-93cb-0ab3f3ffc960/none_v3" 404 70 "GET https://[::1]:8080/v1/AUTH_7aebe34b89554e87825206ce40aeb2f7/gnocchi.9d08177d-f005-4077-93cb-0ab3f3ffc960/none_v3" "tx32aab9b2fa4b4cff90074-0068e33ac7" "proxy-server 94957" 0.0009 "-" 93954 0
Oct 05 23:43:03 np0005471485.novalocal object-server[93954]: ::1 - - [06/Oct/2025:03:43:03 +0000] "GET /2/68040/AUTH_7aebe34b89554e87825206ce40aeb2f7/gnocchi.9d08177d-f005-4077-93cb-0ab3f3ffc960/none_v3" 404 70 "GET https://[::1]:8080/v1/AUTH_7aebe34b89554e87825206ce40aeb2f7/gnocchi.9d08177d-f005-4077-93cb-0ab3f3ffc960/none_v3" "tx32aab9b2fa4b4cff90074-0068e33ac7" "proxy-server 94957" 0.0005 "-" 93954 0
Oct 05 23:43:03 np0005471485.novalocal object-server[93955]: ::1 - - [06/Oct/2025:03:43:03 +0000] "GET /3/68040/AUTH_7aebe34b89554e87825206ce40aeb2f7/gnocchi.9d08177d-f005-4077-93cb-0ab3f3ffc960/none_v3" 404 70 "GET https://[::1]:8080/v1/AUTH_7aebe34b89554e87825206ce40aeb2f7/gnocchi.9d08177d-f005-4077-93cb-0ab3f3ffc960/none_v3" "tx32aab9b2fa4b4cff90074-0068e33ac7" "proxy-server 94957" 0.0003 "-" 93955 0
Oct 05 23:43:03 np0005471485.novalocal proxy-server[94957]: ::1 ::1 06/Oct/2025/03/43/03 GET /v1/AUTH_7aebe34b89554e87825206ce40aeb2f7/gnocchi.9d08177d-f005-4077-93cb-0ab3f3ffc960/none_v3 HTTP/1.0 404 - python-swiftclient-4.8.0 gAAAAABo4zrG_lV4... - 70 - tx32aab9b2fa4b4cff90074-0068e33ac7 - 0.0245 - - 1759722183.731179953 1759722183.755672693 0 7b03bd18aea8470cbeb747235c58da52
Oct 05 23:43:03 np0005471485.novalocal account-server[93329]: ::1 - - [06/Oct/2025:03:43:03 +0000] "PUT /2/145150/AUTH_7aebe34b89554e87825206ce40aeb2f7/gnocchi.9d08177d-f005-4077-93cb-0ab3f3ffc960" 201 - "PUT http://[::1]:6001/3/254353/AUTH_7aebe34b89554e87825206ce40aeb2f7/gnocchi.9d08177d-f005-4077-93cb-0ab3f3ffc960" "tx30a99db47fd54895bccaf-0068e33ac7" "container-server 93622" 0.0048 "-" 93329 0
Oct 05 23:43:03 np0005471485.novalocal container-server[93622]: ::1 - - [06/Oct/2025:03:43:03 +0000] "PUT /3/254353/AUTH_7aebe34b89554e87825206ce40aeb2f7/gnocchi.9d08177d-f005-4077-93cb-0ab3f3ffc960" 201 - "PUT https://[::1]:8080/v1/AUTH_7aebe34b89554e87825206ce40aeb2f7/gnocchi.9d08177d-f005-4077-93cb-0ab3f3ffc960" "tx30a99db47fd54895bccaf-0068e33ac7" "proxy-server 94957" 0.0529 "-" 93622 0
Oct 05 23:43:03 np0005471485.novalocal account-server[93328]: ::1 - - [06/Oct/2025:03:43:03 +0000] "PUT /1/145150/AUTH_7aebe34b89554e87825206ce40aeb2f7/gnocchi.9d08177d-f005-4077-93cb-0ab3f3ffc960" 201 - "PUT http://[::1]:6001/1/254353/AUTH_7aebe34b89554e87825206ce40aeb2f7/gnocchi.9d08177d-f005-4077-93cb-0ab3f3ffc960" "tx30a99db47fd54895bccaf-0068e33ac7" "container-server 93622" 0.0034 "-" 93328 0
Oct 05 23:43:03 np0005471485.novalocal container-server[93622]: ::1 - - [06/Oct/2025:03:43:03 +0000] "PUT /1/254353/AUTH_7aebe34b89554e87825206ce40aeb2f7/gnocchi.9d08177d-f005-4077-93cb-0ab3f3ffc960" 201 - "PUT https://[::1]:8080/v1/AUTH_7aebe34b89554e87825206ce40aeb2f7/gnocchi.9d08177d-f005-4077-93cb-0ab3f3ffc960" "tx30a99db47fd54895bccaf-0068e33ac7" "proxy-server 94957" 0.0470 "-" 93622 0
Oct 05 23:43:03 np0005471485.novalocal account-server[93328]: ::1 - - [06/Oct/2025:03:43:03 +0000] "PUT /3/145150/AUTH_7aebe34b89554e87825206ce40aeb2f7/gnocchi.9d08177d-f005-4077-93cb-0ab3f3ffc960" 201 - "PUT http://[::1]:6001/2/254353/AUTH_7aebe34b89554e87825206ce40aeb2f7/gnocchi.9d08177d-f005-4077-93cb-0ab3f3ffc960" "tx30a99db47fd54895bccaf-0068e33ac7" "container-server 93622" 0.0031 "-" 93328 0
Oct 05 23:43:03 np0005471485.novalocal container-server[93622]: ::1 - - [06/Oct/2025:03:43:03 +0000] "PUT /2/254353/AUTH_7aebe34b89554e87825206ce40aeb2f7/gnocchi.9d08177d-f005-4077-93cb-0ab3f3ffc960" 201 - "PUT https://[::1]:8080/v1/AUTH_7aebe34b89554e87825206ce40aeb2f7/gnocchi.9d08177d-f005-4077-93cb-0ab3f3ffc960" "tx30a99db47fd54895bccaf-0068e33ac7" "proxy-server 94957" 0.0403 "-" 93622 0
Oct 05 23:43:03 np0005471485.novalocal proxy-server[94957]: ::1 ::1 06/Oct/2025/03/43/03 PUT /v1/AUTH_7aebe34b89554e87825206ce40aeb2f7/gnocchi.9d08177d-f005-4077-93cb-0ab3f3ffc960 HTTP/1.0 201 - python-swiftclient-4.8.0 gAAAAABo4zrG_lV4... - - - tx30a99db47fd54895bccaf-0068e33ac7 - 0.0670 - - 1759722183.758456230 1759722183.825413704 0 7b03bd18aea8470cbeb747235c58da52
Oct 05 23:43:03 np0005471485.novalocal container-server[93622]: ::1 - - [06/Oct/2025:03:43:03 +0000] "HEAD /2/254353/AUTH_7aebe34b89554e87825206ce40aeb2f7/gnocchi.9d08177d-f005-4077-93cb-0ab3f3ffc960" 204 - "HEAD http://[::1]:8080/v1/AUTH_7aebe34b89554e87825206ce40aeb2f7/gnocchi.9d08177d-f005-4077-93cb-0ab3f3ffc960" "txca8e95ae1f574d16a09ad-0068e33ac7" "proxy-server 94957" 0.0013 "-" 93622 0
Oct 05 23:43:03 np0005471485.novalocal proxy-server[94957]: - - 06/Oct/2025/03/43/03 HEAD /v1/AUTH_7aebe34b89554e87825206ce40aeb2f7/gnocchi.9d08177d-f005-4077-93cb-0ab3f3ffc960 HTTP/1.0 204 - Swift - - - - txca8e95ae1f574d16a09ad-0068e33ac7 - 0.0040 CS - 1759722183.831071377 1759722183.835097075 0 -
Oct 05 23:43:03 np0005471485.novalocal container-server[93622]: ::1 - - [06/Oct/2025:03:43:03 +0000] "GET /2/254353/AUTH_7aebe34b89554e87825206ce40aeb2f7/gnocchi.9d08177d-f005-4077-93cb-0ab3f3ffc960" 200 2 "GET https://[::1]:8080/v1/AUTH_7aebe34b89554e87825206ce40aeb2f7/gnocchi.9d08177d-f005-4077-93cb-0ab3f3ffc960?format=json&states=listing" "txca8e95ae1f574d16a09ad-0068e33ac7" "proxy-server 94957" 0.0014 "-" 93622 0
Oct 05 23:43:03 np0005471485.novalocal proxy-server[94957]: ::1 ::1 06/Oct/2025/03/43/03 GET /v1/AUTH_7aebe34b89554e87825206ce40aeb2f7/gnocchi.9d08177d-f005-4077-93cb-0ab3f3ffc960%3Fformat%3Djson%26states%3Dlisting HTTP/1.0 200 - python-swiftclient-4.8.0 gAAAAABo4zrG_lV4... - 2 - txca8e95ae1f574d16a09ad-0068e33ac7 - 0.0110 - - 1759722183.830461264 1759722183.841492653 0 7b03bd18aea8470cbeb747235c58da52
Oct 05 23:43:03 np0005471485.novalocal object-server[93955]: ::1 - - [06/Oct/2025:03:43:03 +0000] "GET /1/161274/AUTH_7aebe34b89554e87825206ce40aeb2f7/gnocchi.9d08177d-f005-4077-93cb-0ab3f3ffc960/1759320000.0_mean_300.0_v3" 404 70 "GET https://[::1]:8080/v1/AUTH_7aebe34b89554e87825206ce40aeb2f7/gnocchi.9d08177d-f005-4077-93cb-0ab3f3ffc960/1759320000.0_mean_300.0_v3" "tx60f6b9731a7a4748a85de-0068e33ac7" "proxy-server 94957" 0.0004 "-" 93955 0
Oct 05 23:43:03 np0005471485.novalocal object-server[93955]: ::1 - - [06/Oct/2025:03:43:03 +0000] "GET /3/161274/AUTH_7aebe34b89554e87825206ce40aeb2f7/gnocchi.9d08177d-f005-4077-93cb-0ab3f3ffc960/1759320000.0_mean_300.0_v3" 404 70 "GET https://[::1]:8080/v1/AUTH_7aebe34b89554e87825206ce40aeb2f7/gnocchi.9d08177d-f005-4077-93cb-0ab3f3ffc960/1759320000.0_mean_300.0_v3" "tx60f6b9731a7a4748a85de-0068e33ac7" "proxy-server 94957" 0.0003 "-" 93955 0
Oct 05 23:43:03 np0005471485.novalocal object-server[93954]: ::1 - - [06/Oct/2025:03:43:03 +0000] "GET /2/161274/AUTH_7aebe34b89554e87825206ce40aeb2f7/gnocchi.9d08177d-f005-4077-93cb-0ab3f3ffc960/1759320000.0_mean_300.0_v3" 404 70 "GET https://[::1]:8080/v1/AUTH_7aebe34b89554e87825206ce40aeb2f7/gnocchi.9d08177d-f005-4077-93cb-0ab3f3ffc960/1759320000.0_mean_300.0_v3" "tx60f6b9731a7a4748a85de-0068e33ac7" "proxy-server 94957" 0.0003 "-" 93954 0
Oct 05 23:43:03 np0005471485.novalocal proxy-server[94957]: ::1 ::1 06/Oct/2025/03/43/03 GET /v1/AUTH_7aebe34b89554e87825206ce40aeb2f7/gnocchi.9d08177d-f005-4077-93cb-0ab3f3ffc960/1759320000.0_mean_300.0_v3 HTTP/1.0 404 - python-swiftclient-4.8.0 gAAAAABo4zrG_lV4... - 70 - tx60f6b9731a7a4748a85de-0068e33ac7 - 0.0111 - - 1759722183.844596148 1759722183.855724335 0 7b03bd18aea8470cbeb747235c58da52
Oct 05 23:43:03 np0005471485.novalocal container-server[93621]: ::1 - - [06/Oct/2025:03:43:03 +0000] "PUT /1/254353/AUTH_7aebe34b89554e87825206ce40aeb2f7/gnocchi.9d08177d-f005-4077-93cb-0ab3f3ffc960/1759320000.0_mean_300.0_v3" 201 - "PUT http://[::1]:8080/1/161274/AUTH_7aebe34b89554e87825206ce40aeb2f7/gnocchi.9d08177d-f005-4077-93cb-0ab3f3ffc960/1759320000.0_mean_300.0_v3" "tx8985d177b5a44371897b2-0068e33ac7" "object-server 93955" 0.0006 "-" 93621 0
Oct 05 23:43:03 np0005471485.novalocal object-server[93955]: ::1 - - [06/Oct/2025:03:43:03 +0000] "PUT /1/161274/AUTH_7aebe34b89554e87825206ce40aeb2f7/gnocchi.9d08177d-f005-4077-93cb-0ab3f3ffc960/1759320000.0_mean_300.0_v3" 201 - "PUT https://[::1]:8080/v1/AUTH_7aebe34b89554e87825206ce40aeb2f7/gnocchi.9d08177d-f005-4077-93cb-0ab3f3ffc960/1759320000.0_mean_300.0_v3" "tx8985d177b5a44371897b2-0068e33ac7" "proxy-server 94957" 0.0147 "-" 93955 0
Oct 05 23:43:03 np0005471485.novalocal container-server[93621]: ::1 - - [06/Oct/2025:03:43:03 +0000] "PUT /2/254353/AUTH_7aebe34b89554e87825206ce40aeb2f7/gnocchi.9d08177d-f005-4077-93cb-0ab3f3ffc960/1759320000.0_mean_300.0_v3" 201 - "PUT http://[::1]:8080/2/161274/AUTH_7aebe34b89554e87825206ce40aeb2f7/gnocchi.9d08177d-f005-4077-93cb-0ab3f3ffc960/1759320000.0_mean_300.0_v3" "tx8985d177b5a44371897b2-0068e33ac7" "object-server 93955" 0.0005 "-" 93621 0
Oct 05 23:43:03 np0005471485.novalocal object-server[93955]: ::1 - - [06/Oct/2025:03:43:03 +0000] "PUT /2/161274/AUTH_7aebe34b89554e87825206ce40aeb2f7/gnocchi.9d08177d-f005-4077-93cb-0ab3f3ffc960/1759320000.0_mean_300.0_v3" 201 - "PUT https://[::1]:8080/v1/AUTH_7aebe34b89554e87825206ce40aeb2f7/gnocchi.9d08177d-f005-4077-93cb-0ab3f3ffc960/1759320000.0_mean_300.0_v3" "tx8985d177b5a44371897b2-0068e33ac7" "proxy-server 94957" 0.0130 "-" 93955 0
Oct 05 23:43:03 np0005471485.novalocal container-server[93622]: ::1 - - [06/Oct/2025:03:43:03 +0000] "PUT /3/254353/AUTH_7aebe34b89554e87825206ce40aeb2f7/gnocchi.9d08177d-f005-4077-93cb-0ab3f3ffc960/1759320000.0_mean_300.0_v3" 201 - "PUT http://[::1]:8080/3/161274/AUTH_7aebe34b89554e87825206ce40aeb2f7/gnocchi.9d08177d-f005-4077-93cb-0ab3f3ffc960/1759320000.0_mean_300.0_v3" "tx8985d177b5a44371897b2-0068e33ac7" "object-server 93955" 0.0008 "-" 93622 0
Oct 05 23:43:03 np0005471485.novalocal object-server[93955]: ::1 - - [06/Oct/2025:03:43:03 +0000] "PUT /3/161274/AUTH_7aebe34b89554e87825206ce40aeb2f7/gnocchi.9d08177d-f005-4077-93cb-0ab3f3ffc960/1759320000.0_mean_300.0_v3" 201 - "PUT https://[::1]:8080/v1/AUTH_7aebe34b89554e87825206ce40aeb2f7/gnocchi.9d08177d-f005-4077-93cb-0ab3f3ffc960/1759320000.0_mean_300.0_v3" "tx8985d177b5a44371897b2-0068e33ac7" "proxy-server 94957" 0.0170 "-" 93955 0
Oct 05 23:43:03 np0005471485.novalocal proxy-server[94957]: ::1 ::1 06/Oct/2025/03/43/03 PUT /v1/AUTH_7aebe34b89554e87825206ce40aeb2f7/gnocchi.9d08177d-f005-4077-93cb-0ab3f3ffc960/1759320000.0_mean_300.0_v3 HTTP/1.0 201 - python-swiftclient-4.8.0 gAAAAABo4zrG_lV4... 16 - - tx8985d177b5a44371897b2-0068e33ac7 - 0.0277 - - 1759722183.858276129 1759722183.885956287 0 7b03bd18aea8470cbeb747235c58da52
Oct 05 23:43:03 np0005471485.novalocal container-server[93622]: ::1 - - [06/Oct/2025:03:43:03 +0000] "PUT /3/254353/AUTH_7aebe34b89554e87825206ce40aeb2f7/gnocchi.9d08177d-f005-4077-93cb-0ab3f3ffc960/none_v3" 201 - "PUT http://[::1]:8080/2/68040/AUTH_7aebe34b89554e87825206ce40aeb2f7/gnocchi.9d08177d-f005-4077-93cb-0ab3f3ffc960/none_v3" "tx15e8bff0067f4325a631e-0068e33ac7" "object-server 93954" 0.0008 "-" 93622 0
Oct 05 23:43:03 np0005471485.novalocal container-server[93621]: ::1 - - [06/Oct/2025:03:43:03 +0000] "PUT /2/254353/AUTH_7aebe34b89554e87825206ce40aeb2f7/gnocchi.9d08177d-f005-4077-93cb-0ab3f3ffc960/none_v3" 201 - "PUT http://[::1]:8080/1/68040/AUTH_7aebe34b89554e87825206ce40aeb2f7/gnocchi.9d08177d-f005-4077-93cb-0ab3f3ffc960/none_v3" "tx15e8bff0067f4325a631e-0068e33ac7" "object-server 93954" 0.0005 "-" 93621 0
Oct 05 23:43:03 np0005471485.novalocal container-server[93622]: ::1 - - [06/Oct/2025:03:43:03 +0000] "PUT /1/254353/AUTH_7aebe34b89554e87825206ce40aeb2f7/gnocchi.9d08177d-f005-4077-93cb-0ab3f3ffc960/none_v3" 201 - "PUT http://[::1]:8080/3/68040/AUTH_7aebe34b89554e87825206ce40aeb2f7/gnocchi.9d08177d-f005-4077-93cb-0ab3f3ffc960/none_v3" "tx15e8bff0067f4325a631e-0068e33ac7" "object-server 93955" 0.0006 "-" 93622 0
Oct 05 23:43:03 np0005471485.novalocal object-server[93954]: ::1 - - [06/Oct/2025:03:43:03 +0000] "PUT /1/68040/AUTH_7aebe34b89554e87825206ce40aeb2f7/gnocchi.9d08177d-f005-4077-93cb-0ab3f3ffc960/none_v3" 201 - "PUT https://[::1]:8080/v1/AUTH_7aebe34b89554e87825206ce40aeb2f7/gnocchi.9d08177d-f005-4077-93cb-0ab3f3ffc960/none_v3" "tx15e8bff0067f4325a631e-0068e33ac7" "proxy-server 94957" 0.0096 "-" 93954 0
Oct 05 23:43:03 np0005471485.novalocal object-server[93954]: ::1 - - [06/Oct/2025:03:43:03 +0000] "PUT /2/68040/AUTH_7aebe34b89554e87825206ce40aeb2f7/gnocchi.9d08177d-f005-4077-93cb-0ab3f3ffc960/none_v3" 201 - "PUT https://[::1]:8080/v1/AUTH_7aebe34b89554e87825206ce40aeb2f7/gnocchi.9d08177d-f005-4077-93cb-0ab3f3ffc960/none_v3" "tx15e8bff0067f4325a631e-0068e33ac7" "proxy-server 94957" 0.0122 "-" 93954 0
Oct 05 23:43:03 np0005471485.novalocal object-server[93955]: ::1 - - [06/Oct/2025:03:43:03 +0000] "PUT /3/68040/AUTH_7aebe34b89554e87825206ce40aeb2f7/gnocchi.9d08177d-f005-4077-93cb-0ab3f3ffc960/none_v3" 201 - "PUT https://[::1]:8080/v1/AUTH_7aebe34b89554e87825206ce40aeb2f7/gnocchi.9d08177d-f005-4077-93cb-0ab3f3ffc960/none_v3" "tx15e8bff0067f4325a631e-0068e33ac7" "proxy-server 94957" 0.0131 "-" 93955 0
Oct 05 23:43:03 np0005471485.novalocal proxy-server[94957]: ::1 ::1 06/Oct/2025/03/43/03 PUT /v1/AUTH_7aebe34b89554e87825206ce40aeb2f7/gnocchi.9d08177d-f005-4077-93cb-0ab3f3ffc960/none_v3 HTTP/1.0 201 - python-swiftclient-4.8.0 gAAAAABo4zrG_lV4... 22 - - tx15e8bff0067f4325a631e-0068e33ac7 - 0.0306 - - 1759722183.889451981 1759722183.920069933 0 7b03bd18aea8470cbeb747235c58da52
Oct 05 23:43:03 np0005471485.novalocal container-server[93622]: ::1 - - [06/Oct/2025:03:43:03 +0000] "HEAD /2/83813/AUTH_7aebe34b89554e87825206ce40aeb2f7/gnocchi.4f45c7ba-d1cf-439c-8b2e-6ffd5db24b6f" 404 - "HEAD http://[::1]:8080/v1/AUTH_7aebe34b89554e87825206ce40aeb2f7/gnocchi.4f45c7ba-d1cf-439c-8b2e-6ffd5db24b6f" "tx3a3a6e15dfcf4104a96d1-0068e33ac7" "proxy-server 94957" 0.0004 "-" 93622 0
Oct 05 23:43:03 np0005471485.novalocal container-server[93621]: ::1 - - [06/Oct/2025:03:43:03 +0000] "HEAD /3/83813/AUTH_7aebe34b89554e87825206ce40aeb2f7/gnocchi.4f45c7ba-d1cf-439c-8b2e-6ffd5db24b6f" 404 - "HEAD http://[::1]:8080/v1/AUTH_7aebe34b89554e87825206ce40aeb2f7/gnocchi.4f45c7ba-d1cf-439c-8b2e-6ffd5db24b6f" "tx3a3a6e15dfcf4104a96d1-0068e33ac7" "proxy-server 94957" 0.0003 "-" 93621 0
Oct 05 23:43:03 np0005471485.novalocal container-server[93622]: ::1 - - [06/Oct/2025:03:43:03 +0000] "HEAD /1/83813/AUTH_7aebe34b89554e87825206ce40aeb2f7/gnocchi.4f45c7ba-d1cf-439c-8b2e-6ffd5db24b6f" 404 - "HEAD http://[::1]:8080/v1/AUTH_7aebe34b89554e87825206ce40aeb2f7/gnocchi.4f45c7ba-d1cf-439c-8b2e-6ffd5db24b6f" "tx3a3a6e15dfcf4104a96d1-0068e33ac7" "proxy-server 94957" 0.0004 "-" 93622 0
Oct 05 23:43:03 np0005471485.novalocal proxy-server[94957]: - - 06/Oct/2025/03/43/03 HEAD /v1/AUTH_7aebe34b89554e87825206ce40aeb2f7/gnocchi.4f45c7ba-d1cf-439c-8b2e-6ffd5db24b6f HTTP/1.0 404 - Swift - - - - tx3a3a6e15dfcf4104a96d1-0068e33ac7 - 0.0237 CS - 1759722183.945179462 1759722183.968894243 0 -
Oct 05 23:43:03 np0005471485.novalocal object-server[93955]: ::1 - - [06/Oct/2025:03:43:03 +0000] "GET /2/2915/AUTH_7aebe34b89554e87825206ce40aeb2f7/gnocchi.4f45c7ba-d1cf-439c-8b2e-6ffd5db24b6f/none_v3" 404 70 "GET https://[::1]:8080/v1/AUTH_7aebe34b89554e87825206ce40aeb2f7/gnocchi.4f45c7ba-d1cf-439c-8b2e-6ffd5db24b6f/none_v3" "tx3a3a6e15dfcf4104a96d1-0068e33ac7" "proxy-server 94957" 0.0006 "-" 93955 0
Oct 05 23:43:03 np0005471485.novalocal object-server[93955]: ::1 - - [06/Oct/2025:03:43:03 +0000] "GET /1/2915/AUTH_7aebe34b89554e87825206ce40aeb2f7/gnocchi.4f45c7ba-d1cf-439c-8b2e-6ffd5db24b6f/none_v3" 404 70 "GET https://[::1]:8080/v1/AUTH_7aebe34b89554e87825206ce40aeb2f7/gnocchi.4f45c7ba-d1cf-439c-8b2e-6ffd5db24b6f/none_v3" "tx3a3a6e15dfcf4104a96d1-0068e33ac7" "proxy-server 94957" 0.0004 "-" 93955 0
Oct 05 23:43:03 np0005471485.novalocal object-server[93954]: ::1 - - [06/Oct/2025:03:43:03 +0000] "GET /3/2915/AUTH_7aebe34b89554e87825206ce40aeb2f7/gnocchi.4f45c7ba-d1cf-439c-8b2e-6ffd5db24b6f/none_v3" 404 70 "GET https://[::1]:8080/v1/AUTH_7aebe34b89554e87825206ce40aeb2f7/gnocchi.4f45c7ba-d1cf-439c-8b2e-6ffd5db24b6f/none_v3" "tx3a3a6e15dfcf4104a96d1-0068e33ac7" "proxy-server 94957" 0.0003 "-" 93954 0
Oct 05 23:43:03 np0005471485.novalocal proxy-server[94957]: ::1 ::1 06/Oct/2025/03/43/03 GET /v1/AUTH_7aebe34b89554e87825206ce40aeb2f7/gnocchi.4f45c7ba-d1cf-439c-8b2e-6ffd5db24b6f/none_v3 HTTP/1.0 404 - python-swiftclient-4.8.0 gAAAAABo4zrG_lV4... - 70 - tx3a3a6e15dfcf4104a96d1-0068e33ac7 - 0.0395 - - 1759722183.944290876 1759722183.983792305 0 7b03bd18aea8470cbeb747235c58da52
Oct 05 23:43:04 np0005471485.novalocal account-server[93328]: ::1 - - [06/Oct/2025:03:43:04 +0000] "PUT /3/145150/AUTH_7aebe34b89554e87825206ce40aeb2f7/gnocchi.4f45c7ba-d1cf-439c-8b2e-6ffd5db24b6f" 201 - "PUT http://[::1]:6001/2/83813/AUTH_7aebe34b89554e87825206ce40aeb2f7/gnocchi.4f45c7ba-d1cf-439c-8b2e-6ffd5db24b6f" "txca1c1b8db3d94a149b554-0068e33ac7" "container-server 93622" 0.0042 "-" 93328 0
Oct 05 23:43:04 np0005471485.novalocal container-server[93622]: ::1 - - [06/Oct/2025:03:43:04 +0000] "PUT /2/83813/AUTH_7aebe34b89554e87825206ce40aeb2f7/gnocchi.4f45c7ba-d1cf-439c-8b2e-6ffd5db24b6f" 201 - "PUT https://[::1]:8080/v1/AUTH_7aebe34b89554e87825206ce40aeb2f7/gnocchi.4f45c7ba-d1cf-439c-8b2e-6ffd5db24b6f" "txca1c1b8db3d94a149b554-0068e33ac7" "proxy-server 94957" 0.0176 "-" 93622 0
Oct 05 23:43:04 np0005471485.novalocal account-server[93328]: ::1 - - [06/Oct/2025:03:43:04 +0000] "PUT /1/145150/AUTH_7aebe34b89554e87825206ce40aeb2f7/gnocchi.4f45c7ba-d1cf-439c-8b2e-6ffd5db24b6f" 201 - "PUT http://[::1]:6001/3/83813/AUTH_7aebe34b89554e87825206ce40aeb2f7/gnocchi.4f45c7ba-d1cf-439c-8b2e-6ffd5db24b6f" "txca1c1b8db3d94a149b554-0068e33ac7" "container-server 93621" 0.0033 "-" 93328 0
Oct 05 23:43:04 np0005471485.novalocal container-server[93621]: ::1 - - [06/Oct/2025:03:43:04 +0000] "PUT /3/83813/AUTH_7aebe34b89554e87825206ce40aeb2f7/gnocchi.4f45c7ba-d1cf-439c-8b2e-6ffd5db24b6f" 201 - "PUT https://[::1]:8080/v1/AUTH_7aebe34b89554e87825206ce40aeb2f7/gnocchi.4f45c7ba-d1cf-439c-8b2e-6ffd5db24b6f" "txca1c1b8db3d94a149b554-0068e33ac7" "proxy-server 94957" 0.0319 "-" 93621 0
Oct 05 23:43:04 np0005471485.novalocal account-server[93329]: ::1 - - [06/Oct/2025:03:43:04 +0000] "PUT /2/145150/AUTH_7aebe34b89554e87825206ce40aeb2f7/gnocchi.4f45c7ba-d1cf-439c-8b2e-6ffd5db24b6f" 201 - "PUT http://[::1]:6001/1/83813/AUTH_7aebe34b89554e87825206ce40aeb2f7/gnocchi.4f45c7ba-d1cf-439c-8b2e-6ffd5db24b6f" "txca1c1b8db3d94a149b554-0068e33ac7" "container-server 93621" 0.0055 "-" 93329 0
Oct 05 23:43:04 np0005471485.novalocal container-server[93621]: ::1 - - [06/Oct/2025:03:43:04 +0000] "PUT /1/83813/AUTH_7aebe34b89554e87825206ce40aeb2f7/gnocchi.4f45c7ba-d1cf-439c-8b2e-6ffd5db24b6f" 201 - "PUT https://[::1]:8080/v1/AUTH_7aebe34b89554e87825206ce40aeb2f7/gnocchi.4f45c7ba-d1cf-439c-8b2e-6ffd5db24b6f" "txca1c1b8db3d94a149b554-0068e33ac7" "proxy-server 94957" 0.0244 "-" 93621 0
Oct 05 23:43:04 np0005471485.novalocal proxy-server[94957]: ::1 ::1 06/Oct/2025/03/43/04 PUT /v1/AUTH_7aebe34b89554e87825206ce40aeb2f7/gnocchi.4f45c7ba-d1cf-439c-8b2e-6ffd5db24b6f HTTP/1.0 201 - python-swiftclient-4.8.0 gAAAAABo4zrG_lV4... - - - txca1c1b8db3d94a149b554-0068e33ac7 - 0.0429 - - 1759722183.986634731 1759722184.029497147 0 7b03bd18aea8470cbeb747235c58da52
Oct 05 23:43:04 np0005471485.novalocal container-server[93622]: ::1 - - [06/Oct/2025:03:43:04 +0000] "HEAD /2/83813/AUTH_7aebe34b89554e87825206ce40aeb2f7/gnocchi.4f45c7ba-d1cf-439c-8b2e-6ffd5db24b6f" 204 - "HEAD http://[::1]:8080/v1/AUTH_7aebe34b89554e87825206ce40aeb2f7/gnocchi.4f45c7ba-d1cf-439c-8b2e-6ffd5db24b6f" "tx4891a1d58e8d460c806e1-0068e33ac8" "proxy-server 94957" 0.0015 "-" 93622 0
Oct 05 23:43:04 np0005471485.novalocal proxy-server[94957]: - - 06/Oct/2025/03/43/04 HEAD /v1/AUTH_7aebe34b89554e87825206ce40aeb2f7/gnocchi.4f45c7ba-d1cf-439c-8b2e-6ffd5db24b6f HTTP/1.0 204 - Swift - - - - tx4891a1d58e8d460c806e1-0068e33ac8 - 0.0046 CS - 1759722184.033378839 1759722184.037990808 0 -
Oct 05 23:43:04 np0005471485.novalocal container-server[93622]: ::1 - - [06/Oct/2025:03:43:04 +0000] "GET /1/83813/AUTH_7aebe34b89554e87825206ce40aeb2f7/gnocchi.4f45c7ba-d1cf-439c-8b2e-6ffd5db24b6f" 200 2 "GET https://[::1]:8080/v1/AUTH_7aebe34b89554e87825206ce40aeb2f7/gnocchi.4f45c7ba-d1cf-439c-8b2e-6ffd5db24b6f?format=json&states=listing" "tx4891a1d58e8d460c806e1-0068e33ac8" "proxy-server 94957" 0.0025 "-" 93622 0
Oct 05 23:43:04 np0005471485.novalocal proxy-server[94957]: ::1 ::1 06/Oct/2025/03/43/04 GET /v1/AUTH_7aebe34b89554e87825206ce40aeb2f7/gnocchi.4f45c7ba-d1cf-439c-8b2e-6ffd5db24b6f%3Fformat%3Djson%26states%3Dlisting HTTP/1.0 200 - python-swiftclient-4.8.0 gAAAAABo4zrG_lV4... - 2 - tx4891a1d58e8d460c806e1-0068e33ac8 - 0.0135 - - 1759722184.032809496 1759722184.046308279 0 7b03bd18aea8470cbeb747235c58da52
Oct 05 23:43:04 np0005471485.novalocal object-server[93955]: ::1 - - [06/Oct/2025:03:43:04 +0000] "GET /2/221392/AUTH_7aebe34b89554e87825206ce40aeb2f7/gnocchi.4f45c7ba-d1cf-439c-8b2e-6ffd5db24b6f/1759320000.0_mean_300.0_v3" 404 70 "GET https://[::1]:8080/v1/AUTH_7aebe34b89554e87825206ce40aeb2f7/gnocchi.4f45c7ba-d1cf-439c-8b2e-6ffd5db24b6f/1759320000.0_mean_300.0_v3" "txca1577abebeb4150a5bff-0068e33ac8" "proxy-server 94957" 0.0005 "-" 93955 0
Oct 05 23:43:04 np0005471485.novalocal object-server[93955]: ::1 - - [06/Oct/2025:03:43:04 +0000] "GET /1/221392/AUTH_7aebe34b89554e87825206ce40aeb2f7/gnocchi.4f45c7ba-d1cf-439c-8b2e-6ffd5db24b6f/1759320000.0_mean_300.0_v3" 404 70 "GET https://[::1]:8080/v1/AUTH_7aebe34b89554e87825206ce40aeb2f7/gnocchi.4f45c7ba-d1cf-439c-8b2e-6ffd5db24b6f/1759320000.0_mean_300.0_v3" "txca1577abebeb4150a5bff-0068e33ac8" "proxy-server 94957" 0.0005 "-" 93955 0
Oct 05 23:43:04 np0005471485.novalocal object-server[93955]: ::1 - - [06/Oct/2025:03:43:04 +0000] "GET /3/221392/AUTH_7aebe34b89554e87825206ce40aeb2f7/gnocchi.4f45c7ba-d1cf-439c-8b2e-6ffd5db24b6f/1759320000.0_mean_300.0_v3" 404 70 "GET https://[::1]:8080/v1/AUTH_7aebe34b89554e87825206ce40aeb2f7/gnocchi.4f45c7ba-d1cf-439c-8b2e-6ffd5db24b6f/1759320000.0_mean_300.0_v3" "txca1577abebeb4150a5bff-0068e33ac8" "proxy-server 94957" 0.0004 "-" 93955 0
Oct 05 23:43:04 np0005471485.novalocal proxy-server[94957]: ::1 ::1 06/Oct/2025/03/43/04 GET /v1/AUTH_7aebe34b89554e87825206ce40aeb2f7/gnocchi.4f45c7ba-d1cf-439c-8b2e-6ffd5db24b6f/1759320000.0_mean_300.0_v3 HTTP/1.0 404 - python-swiftclient-4.8.0 gAAAAABo4zrG_lV4... - 70 - txca1577abebeb4150a5bff-0068e33ac8 - 0.0115 - - 1759722184.049480438 1759722184.060980320 0 7b03bd18aea8470cbeb747235c58da52
Oct 05 23:43:04 np0005471485.novalocal container-server[93622]: ::1 - - [06/Oct/2025:03:43:04 +0000] "PUT /1/83813/AUTH_7aebe34b89554e87825206ce40aeb2f7/gnocchi.4f45c7ba-d1cf-439c-8b2e-6ffd5db24b6f/1759320000.0_mean_300.0_v3" 201 - "PUT http://[::1]:8080/1/221392/AUTH_7aebe34b89554e87825206ce40aeb2f7/gnocchi.4f45c7ba-d1cf-439c-8b2e-6ffd5db24b6f/1759320000.0_mean_300.0_v3" "tx983b972a1adc48efa16fe-0068e33ac8" "object-server 93954" 0.0011 "-" 93622 0
Oct 05 23:43:04 np0005471485.novalocal container-server[93621]: ::1 - - [06/Oct/2025:03:43:04 +0000] "PUT /2/83813/AUTH_7aebe34b89554e87825206ce40aeb2f7/gnocchi.4f45c7ba-d1cf-439c-8b2e-6ffd5db24b6f/1759320000.0_mean_300.0_v3" 201 - "PUT http://[::1]:8080/2/221392/AUTH_7aebe34b89554e87825206ce40aeb2f7/gnocchi.4f45c7ba-d1cf-439c-8b2e-6ffd5db24b6f/1759320000.0_mean_300.0_v3" "tx983b972a1adc48efa16fe-0068e33ac8" "object-server 93955" 0.0009 "-" 93621 0
Oct 05 23:43:04 np0005471485.novalocal container-server[93622]: ::1 - - [06/Oct/2025:03:43:04 +0000] "PUT /3/83813/AUTH_7aebe34b89554e87825206ce40aeb2f7/gnocchi.4f45c7ba-d1cf-439c-8b2e-6ffd5db24b6f/1759320000.0_mean_300.0_v3" 201 - "PUT http://[::1]:8080/3/221392/AUTH_7aebe34b89554e87825206ce40aeb2f7/gnocchi.4f45c7ba-d1cf-439c-8b2e-6ffd5db24b6f/1759320000.0_mean_300.0_v3" "tx983b972a1adc48efa16fe-0068e33ac8" "object-server 93954" 0.0006 "-" 93622 0
Oct 05 23:43:04 np0005471485.novalocal object-server[93954]: ::1 - - [06/Oct/2025:03:43:04 +0000] "PUT /1/221392/AUTH_7aebe34b89554e87825206ce40aeb2f7/gnocchi.4f45c7ba-d1cf-439c-8b2e-6ffd5db24b6f/1759320000.0_mean_300.0_v3" 201 - "PUT https://[::1]:8080/v1/AUTH_7aebe34b89554e87825206ce40aeb2f7/gnocchi.4f45c7ba-d1cf-439c-8b2e-6ffd5db24b6f/1759320000.0_mean_300.0_v3" "tx983b972a1adc48efa16fe-0068e33ac8" "proxy-server 94957" 0.0160 "-" 93954 0
Oct 05 23:43:04 np0005471485.novalocal object-server[93955]: ::1 - - [06/Oct/2025:03:43:04 +0000] "PUT /2/221392/AUTH_7aebe34b89554e87825206ce40aeb2f7/gnocchi.4f45c7ba-d1cf-439c-8b2e-6ffd5db24b6f/1759320000.0_mean_300.0_v3" 201 - "PUT https://[::1]:8080/v1/AUTH_7aebe34b89554e87825206ce40aeb2f7/gnocchi.4f45c7ba-d1cf-439c-8b2e-6ffd5db24b6f/1759320000.0_mean_300.0_v3" "tx983b972a1adc48efa16fe-0068e33ac8" "proxy-server 94957" 0.0159 "-" 93955 0
Oct 05 23:43:04 np0005471485.novalocal object-server[93954]: ::1 - - [06/Oct/2025:03:43:04 +0000] "PUT /3/221392/AUTH_7aebe34b89554e87825206ce40aeb2f7/gnocchi.4f45c7ba-d1cf-439c-8b2e-6ffd5db24b6f/1759320000.0_mean_300.0_v3" 201 - "PUT https://[::1]:8080/v1/AUTH_7aebe34b89554e87825206ce40aeb2f7/gnocchi.4f45c7ba-d1cf-439c-8b2e-6ffd5db24b6f/1759320000.0_mean_300.0_v3" "tx983b972a1adc48efa16fe-0068e33ac8" "proxy-server 94957" 0.0144 "-" 93954 0
Oct 05 23:43:04 np0005471485.novalocal proxy-server[94957]: ::1 ::1 06/Oct/2025/03/43/04 PUT /v1/AUTH_7aebe34b89554e87825206ce40aeb2f7/gnocchi.4f45c7ba-d1cf-439c-8b2e-6ffd5db24b6f/1759320000.0_mean_300.0_v3 HTTP/1.0 201 - python-swiftclient-4.8.0 gAAAAABo4zrG_lV4... 16 - - tx983b972a1adc48efa16fe-0068e33ac8 - 0.0236 - - 1759722184.063591957 1759722184.087202549 0 7b03bd18aea8470cbeb747235c58da52
Oct 05 23:43:04 np0005471485.novalocal container-server[93621]: ::1 - - [06/Oct/2025:03:43:04 +0000] "PUT /2/83813/AUTH_7aebe34b89554e87825206ce40aeb2f7/gnocchi.4f45c7ba-d1cf-439c-8b2e-6ffd5db24b6f/none_v3" 201 - "PUT http://[::1]:8080/1/2915/AUTH_7aebe34b89554e87825206ce40aeb2f7/gnocchi.4f45c7ba-d1cf-439c-8b2e-6ffd5db24b6f/none_v3" "tx2ffb3f43d1d14b66a4a18-0068e33ac8" "object-server 93955" 0.0022 "-" 93621 0
Oct 05 23:43:04 np0005471485.novalocal container-server[93622]: ::1 - - [06/Oct/2025:03:43:04 +0000] "PUT /3/83813/AUTH_7aebe34b89554e87825206ce40aeb2f7/gnocchi.4f45c7ba-d1cf-439c-8b2e-6ffd5db24b6f/none_v3" 201 - "PUT http://[::1]:8080/2/2915/AUTH_7aebe34b89554e87825206ce40aeb2f7/gnocchi.4f45c7ba-d1cf-439c-8b2e-6ffd5db24b6f/none_v3" "tx2ffb3f43d1d14b66a4a18-0068e33ac8" "object-server 93955" 0.0029 "-" 93622 0
Oct 05 23:43:04 np0005471485.novalocal object-server[93955]: ::1 - - [06/Oct/2025:03:43:04 +0000] "PUT /1/2915/AUTH_7aebe34b89554e87825206ce40aeb2f7/gnocchi.4f45c7ba-d1cf-439c-8b2e-6ffd5db24b6f/none_v3" 201 - "PUT https://[::1]:8080/v1/AUTH_7aebe34b89554e87825206ce40aeb2f7/gnocchi.4f45c7ba-d1cf-439c-8b2e-6ffd5db24b6f/none_v3" "tx2ffb3f43d1d14b66a4a18-0068e33ac8" "proxy-server 94957" 0.0151 "-" 93955 0
Oct 05 23:43:04 np0005471485.novalocal container-server[93621]: ::1 - - [06/Oct/2025:03:43:04 +0000] "PUT /1/83813/AUTH_7aebe34b89554e87825206ce40aeb2f7/gnocchi.4f45c7ba-d1cf-439c-8b2e-6ffd5db24b6f/none_v3" 201 - "PUT http://[::1]:8080/3/2915/AUTH_7aebe34b89554e87825206ce40aeb2f7/gnocchi.4f45c7ba-d1cf-439c-8b2e-6ffd5db24b6f/none_v3" "tx2ffb3f43d1d14b66a4a18-0068e33ac8" "object-server 93955" 0.0007 "-" 93621 0
Oct 05 23:43:04 np0005471485.novalocal object-server[93955]: ::1 - - [06/Oct/2025:03:43:04 +0000] "PUT /2/2915/AUTH_7aebe34b89554e87825206ce40aeb2f7/gnocchi.4f45c7ba-d1cf-439c-8b2e-6ffd5db24b6f/none_v3" 201 - "PUT https://[::1]:8080/v1/AUTH_7aebe34b89554e87825206ce40aeb2f7/gnocchi.4f45c7ba-d1cf-439c-8b2e-6ffd5db24b6f/none_v3" "tx2ffb3f43d1d14b66a4a18-0068e33ac8" "proxy-server 94957" 0.0187 "-" 93955 0
Oct 05 23:43:04 np0005471485.novalocal object-server[93955]: ::1 - - [06/Oct/2025:03:43:04 +0000] "PUT /3/2915/AUTH_7aebe34b89554e87825206ce40aeb2f7/gnocchi.4f45c7ba-d1cf-439c-8b2e-6ffd5db24b6f/none_v3" 201 - "PUT https://[::1]:8080/v1/AUTH_7aebe34b89554e87825206ce40aeb2f7/gnocchi.4f45c7ba-d1cf-439c-8b2e-6ffd5db24b6f/none_v3" "tx2ffb3f43d1d14b66a4a18-0068e33ac8" "proxy-server 94957" 0.0226 "-" 93955 0
Oct 05 23:43:04 np0005471485.novalocal proxy-server[94957]: ::1 ::1 06/Oct/2025/03/43/04 PUT /v1/AUTH_7aebe34b89554e87825206ce40aeb2f7/gnocchi.4f45c7ba-d1cf-439c-8b2e-6ffd5db24b6f/none_v3 HTTP/1.0 201 - python-swiftclient-4.8.0 gAAAAABo4zrG_lV4... 22 - - tx2ffb3f43d1d14b66a4a18-0068e33ac8 - 0.0297 - - 1759722184.089548111 1759722184.119283915 0 7b03bd18aea8470cbeb747235c58da52
Oct 05 23:43:04 np0005471485.novalocal container-server[93621]: ::1 - - [06/Oct/2025:03:43:04 +0000] "HEAD /1/44452/AUTH_7aebe34b89554e87825206ce40aeb2f7/gnocchi.e0665dff-a464-4e7b-979b-077ba64b2774" 404 - "HEAD http://[::1]:8080/v1/AUTH_7aebe34b89554e87825206ce40aeb2f7/gnocchi.e0665dff-a464-4e7b-979b-077ba64b2774" "txcec7429b19dc4f8b997a8-0068e33ac8" "proxy-server 94957" 0.0003 "-" 93621 0
Oct 05 23:43:04 np0005471485.novalocal container-server[93621]: ::1 - - [06/Oct/2025:03:43:04 +0000] "HEAD /2/44452/AUTH_7aebe34b89554e87825206ce40aeb2f7/gnocchi.e0665dff-a464-4e7b-979b-077ba64b2774" 404 - "HEAD http://[::1]:8080/v1/AUTH_7aebe34b89554e87825206ce40aeb2f7/gnocchi.e0665dff-a464-4e7b-979b-077ba64b2774" "txcec7429b19dc4f8b997a8-0068e33ac8" "proxy-server 94957" 0.0003 "-" 93621 0
Oct 05 23:43:04 np0005471485.novalocal container-server[93621]: ::1 - - [06/Oct/2025:03:43:04 +0000] "HEAD /3/44452/AUTH_7aebe34b89554e87825206ce40aeb2f7/gnocchi.e0665dff-a464-4e7b-979b-077ba64b2774" 404 - "HEAD http://[::1]:8080/v1/AUTH_7aebe34b89554e87825206ce40aeb2f7/gnocchi.e0665dff-a464-4e7b-979b-077ba64b2774" "txcec7429b19dc4f8b997a8-0068e33ac8" "proxy-server 94957" 0.0003 "-" 93621 0
Oct 05 23:43:04 np0005471485.novalocal proxy-server[94957]: - - 06/Oct/2025/03/43/04 HEAD /v1/AUTH_7aebe34b89554e87825206ce40aeb2f7/gnocchi.e0665dff-a464-4e7b-979b-077ba64b2774 HTTP/1.0 404 - Swift - - - - txcec7429b19dc4f8b997a8-0068e33ac8 - 0.0124 CS - 1759722184.131687880 1759722184.144105196 0 -
Oct 05 23:43:04 np0005471485.novalocal object-server[93954]: ::1 - - [06/Oct/2025:03:43:04 +0000] "GET /3/40724/AUTH_7aebe34b89554e87825206ce40aeb2f7/gnocchi.e0665dff-a464-4e7b-979b-077ba64b2774/none_v3" 404 70 "GET https://[::1]:8080/v1/AUTH_7aebe34b89554e87825206ce40aeb2f7/gnocchi.e0665dff-a464-4e7b-979b-077ba64b2774/none_v3" "txcec7429b19dc4f8b997a8-0068e33ac8" "proxy-server 94957" 0.0003 "-" 93954 0
Oct 05 23:43:04 np0005471485.novalocal object-server[93955]: ::1 - - [06/Oct/2025:03:43:04 +0000] "GET /2/40724/AUTH_7aebe34b89554e87825206ce40aeb2f7/gnocchi.e0665dff-a464-4e7b-979b-077ba64b2774/none_v3" 404 70 "GET https://[::1]:8080/v1/AUTH_7aebe34b89554e87825206ce40aeb2f7/gnocchi.e0665dff-a464-4e7b-979b-077ba64b2774/none_v3" "txcec7429b19dc4f8b997a8-0068e33ac8" "proxy-server 94957" 0.0006 "-" 93955 0
Oct 05 23:43:04 np0005471485.novalocal object-server[93955]: ::1 - - [06/Oct/2025:03:43:04 +0000] "GET /1/40724/AUTH_7aebe34b89554e87825206ce40aeb2f7/gnocchi.e0665dff-a464-4e7b-979b-077ba64b2774/none_v3" 404 70 "GET https://[::1]:8080/v1/AUTH_7aebe34b89554e87825206ce40aeb2f7/gnocchi.e0665dff-a464-4e7b-979b-077ba64b2774/none_v3" "txcec7429b19dc4f8b997a8-0068e33ac8" "proxy-server 94957" 0.0004 "-" 93955 0
Oct 05 23:43:04 np0005471485.novalocal proxy-server[94957]: ::1 ::1 06/Oct/2025/03/43/04 GET /v1/AUTH_7aebe34b89554e87825206ce40aeb2f7/gnocchi.e0665dff-a464-4e7b-979b-077ba64b2774/none_v3 HTTP/1.0 404 - python-swiftclient-4.8.0 gAAAAABo4zrG_lV4... - 70 - txcec7429b19dc4f8b997a8-0068e33ac8 - 0.0253 - - 1759722184.131096363 1759722184.156412840 0 7b03bd18aea8470cbeb747235c58da52
Oct 05 23:43:04 np0005471485.novalocal account-server[93328]: ::1 - - [06/Oct/2025:03:43:04 +0000] "PUT /2/145150/AUTH_7aebe34b89554e87825206ce40aeb2f7/gnocchi.e0665dff-a464-4e7b-979b-077ba64b2774" 201 - "PUT http://[::1]:6001/2/44452/AUTH_7aebe34b89554e87825206ce40aeb2f7/gnocchi.e0665dff-a464-4e7b-979b-077ba64b2774" "txa164f86d9ef440a2ad179-0068e33ac8" "container-server 93622" 0.0046 "-" 93328 0
Oct 05 23:43:04 np0005471485.novalocal container-server[93622]: ::1 - - [06/Oct/2025:03:43:04 +0000] "PUT /2/44452/AUTH_7aebe34b89554e87825206ce40aeb2f7/gnocchi.e0665dff-a464-4e7b-979b-077ba64b2774" 201 - "PUT https://[::1]:8080/v1/AUTH_7aebe34b89554e87825206ce40aeb2f7/gnocchi.e0665dff-a464-4e7b-979b-077ba64b2774" "txa164f86d9ef440a2ad179-0068e33ac8" "proxy-server 94957" 0.0183 "-" 93622 0
Oct 05 23:43:04 np0005471485.novalocal account-server[93329]: ::1 - - [06/Oct/2025:03:43:04 +0000] "PUT /3/145150/AUTH_7aebe34b89554e87825206ce40aeb2f7/gnocchi.e0665dff-a464-4e7b-979b-077ba64b2774" 201 - "PUT http://[::1]:6001/3/44452/AUTH_7aebe34b89554e87825206ce40aeb2f7/gnocchi.e0665dff-a464-4e7b-979b-077ba64b2774" "txa164f86d9ef440a2ad179-0068e33ac8" "container-server 93621" 0.0052 "-" 93329 0
Oct 05 23:43:04 np0005471485.novalocal container-server[93621]: ::1 - - [06/Oct/2025:03:43:04 +0000] "PUT /3/44452/AUTH_7aebe34b89554e87825206ce40aeb2f7/gnocchi.e0665dff-a464-4e7b-979b-077ba64b2774" 201 - "PUT https://[::1]:8080/v1/AUTH_7aebe34b89554e87825206ce40aeb2f7/gnocchi.e0665dff-a464-4e7b-979b-077ba64b2774" "txa164f86d9ef440a2ad179-0068e33ac8" "proxy-server 94957" 0.0229 "-" 93621 0
Oct 05 23:43:04 np0005471485.novalocal account-server[93329]: ::1 - - [06/Oct/2025:03:43:04 +0000] "PUT /1/145150/AUTH_7aebe34b89554e87825206ce40aeb2f7/gnocchi.e0665dff-a464-4e7b-979b-077ba64b2774" 201 - "PUT http://[::1]:6001/1/44452/AUTH_7aebe34b89554e87825206ce40aeb2f7/gnocchi.e0665dff-a464-4e7b-979b-077ba64b2774" "txa164f86d9ef440a2ad179-0068e33ac8" "container-server 93622" 0.0056 "-" 93329 0
Oct 05 23:43:04 np0005471485.novalocal container-server[93622]: ::1 - - [06/Oct/2025:03:43:04 +0000] "PUT /1/44452/AUTH_7aebe34b89554e87825206ce40aeb2f7/gnocchi.e0665dff-a464-4e7b-979b-077ba64b2774" 201 - "PUT https://[::1]:8080/v1/AUTH_7aebe34b89554e87825206ce40aeb2f7/gnocchi.e0665dff-a464-4e7b-979b-077ba64b2774" "txa164f86d9ef440a2ad179-0068e33ac8" "proxy-server 94957" 0.0183 "-" 93622 0
Oct 05 23:43:04 np0005471485.novalocal proxy-server[94957]: ::1 ::1 06/Oct/2025/03/43/04 PUT /v1/AUTH_7aebe34b89554e87825206ce40aeb2f7/gnocchi.e0665dff-a464-4e7b-979b-077ba64b2774 HTTP/1.0 201 - python-swiftclient-4.8.0 gAAAAABo4zrG_lV4... - - - txa164f86d9ef440a2ad179-0068e33ac8 - 0.0352 - - 1759722184.158779860 1759722184.193994761 0 7b03bd18aea8470cbeb747235c58da52
Oct 05 23:43:04 np0005471485.novalocal container-server[93621]: ::1 - - [06/Oct/2025:03:43:04 +0000] "HEAD /2/44452/AUTH_7aebe34b89554e87825206ce40aeb2f7/gnocchi.e0665dff-a464-4e7b-979b-077ba64b2774" 204 - "HEAD http://[::1]:8080/v1/AUTH_7aebe34b89554e87825206ce40aeb2f7/gnocchi.e0665dff-a464-4e7b-979b-077ba64b2774" "txffb237928a4646a9b32e8-0068e33ac8" "proxy-server 94957" 0.0015 "-" 93621 0
Oct 05 23:43:04 np0005471485.novalocal proxy-server[94957]: - - 06/Oct/2025/03/43/04 HEAD /v1/AUTH_7aebe34b89554e87825206ce40aeb2f7/gnocchi.e0665dff-a464-4e7b-979b-077ba64b2774 HTTP/1.0 204 - Swift - - - - txffb237928a4646a9b32e8-0068e33ac8 - 0.0045 CS - 1759722184.197854757 1759722184.202311516 0 -
Oct 05 23:43:04 np0005471485.novalocal container-server[93622]: ::1 - - [06/Oct/2025:03:43:04 +0000] "GET /3/44452/AUTH_7aebe34b89554e87825206ce40aeb2f7/gnocchi.e0665dff-a464-4e7b-979b-077ba64b2774" 200 2 "GET https://[::1]:8080/v1/AUTH_7aebe34b89554e87825206ce40aeb2f7/gnocchi.e0665dff-a464-4e7b-979b-077ba64b2774?format=json&states=listing" "txffb237928a4646a9b32e8-0068e33ac8" "proxy-server 94957" 0.0015 "-" 93622 0
Oct 05 23:43:04 np0005471485.novalocal proxy-server[94957]: ::1 ::1 06/Oct/2025/03/43/04 GET /v1/AUTH_7aebe34b89554e87825206ce40aeb2f7/gnocchi.e0665dff-a464-4e7b-979b-077ba64b2774%3Fformat%3Djson%26states%3Dlisting HTTP/1.0 200 - python-swiftclient-4.8.0 gAAAAABo4zrG_lV4... - 2 - txffb237928a4646a9b32e8-0068e33ac8 - 0.0107 - - 1759722184.197351933 1759722184.208041191 0 7b03bd18aea8470cbeb747235c58da52
Oct 05 23:43:04 np0005471485.novalocal object-server[93954]: ::1 - - [06/Oct/2025:03:43:04 +0000] "GET /1/73019/AUTH_7aebe34b89554e87825206ce40aeb2f7/gnocchi.e0665dff-a464-4e7b-979b-077ba64b2774/1759320000.0_mean_300.0_v3" 404 70 "GET https://[::1]:8080/v1/AUTH_7aebe34b89554e87825206ce40aeb2f7/gnocchi.e0665dff-a464-4e7b-979b-077ba64b2774/1759320000.0_mean_300.0_v3" "tx1c0a89646d56476794af3-0068e33ac8" "proxy-server 94957" 0.0004 "-" 93954 0
Oct 05 23:43:04 np0005471485.novalocal object-server[93954]: ::1 - - [06/Oct/2025:03:43:04 +0000] "GET /2/73019/AUTH_7aebe34b89554e87825206ce40aeb2f7/gnocchi.e0665dff-a464-4e7b-979b-077ba64b2774/1759320000.0_mean_300.0_v3" 404 70 "GET https://[::1]:8080/v1/AUTH_7aebe34b89554e87825206ce40aeb2f7/gnocchi.e0665dff-a464-4e7b-979b-077ba64b2774/1759320000.0_mean_300.0_v3" "tx1c0a89646d56476794af3-0068e33ac8" "proxy-server 94957" 0.0002 "-" 93954 0
Oct 05 23:43:04 np0005471485.novalocal object-server[93954]: ::1 - - [06/Oct/2025:03:43:04 +0000] "GET /3/73019/AUTH_7aebe34b89554e87825206ce40aeb2f7/gnocchi.e0665dff-a464-4e7b-979b-077ba64b2774/1759320000.0_mean_300.0_v3" 404 70 "GET https://[::1]:8080/v1/AUTH_7aebe34b89554e87825206ce40aeb2f7/gnocchi.e0665dff-a464-4e7b-979b-077ba64b2774/1759320000.0_mean_300.0_v3" "tx1c0a89646d56476794af3-0068e33ac8" "proxy-server 94957" 0.0002 "-" 93954 0
Oct 05 23:43:04 np0005471485.novalocal proxy-server[94957]: ::1 ::1 06/Oct/2025/03/43/04 GET /v1/AUTH_7aebe34b89554e87825206ce40aeb2f7/gnocchi.e0665dff-a464-4e7b-979b-077ba64b2774/1759320000.0_mean_300.0_v3 HTTP/1.0 404 - python-swiftclient-4.8.0 gAAAAABo4zrG_lV4... - 70 - tx1c0a89646d56476794af3-0068e33ac8 - 0.0082 - - 1759722184.211786985 1759722184.220030546 0 7b03bd18aea8470cbeb747235c58da52
Oct 05 23:43:04 np0005471485.novalocal container-server[93622]: ::1 - - [06/Oct/2025:03:43:04 +0000] "PUT /2/44452/AUTH_7aebe34b89554e87825206ce40aeb2f7/gnocchi.e0665dff-a464-4e7b-979b-077ba64b2774/1759320000.0_mean_300.0_v3" 201 - "PUT http://[::1]:8080/1/73019/AUTH_7aebe34b89554e87825206ce40aeb2f7/gnocchi.e0665dff-a464-4e7b-979b-077ba64b2774/1759320000.0_mean_300.0_v3" "txc3aa09922ee449a5be7a1-0068e33ac8" "object-server 93955" 0.0010 "-" 93622 0
Oct 05 23:43:04 np0005471485.novalocal container-server[93621]: ::1 - - [06/Oct/2025:03:43:04 +0000] "PUT /3/44452/AUTH_7aebe34b89554e87825206ce40aeb2f7/gnocchi.e0665dff-a464-4e7b-979b-077ba64b2774/1759320000.0_mean_300.0_v3" 201 - "PUT http://[::1]:8080/2/73019/AUTH_7aebe34b89554e87825206ce40aeb2f7/gnocchi.e0665dff-a464-4e7b-979b-077ba64b2774/1759320000.0_mean_300.0_v3" "txc3aa09922ee449a5be7a1-0068e33ac8" "object-server 93955" 0.0007 "-" 93621 0
Oct 05 23:43:04 np0005471485.novalocal object-server[93955]: ::1 - - [06/Oct/2025:03:43:04 +0000] "PUT /1/73019/AUTH_7aebe34b89554e87825206ce40aeb2f7/gnocchi.e0665dff-a464-4e7b-979b-077ba64b2774/1759320000.0_mean_300.0_v3" 201 - "PUT https://[::1]:8080/v1/AUTH_7aebe34b89554e87825206ce40aeb2f7/gnocchi.e0665dff-a464-4e7b-979b-077ba64b2774/1759320000.0_mean_300.0_v3" "txc3aa09922ee449a5be7a1-0068e33ac8" "proxy-server 94957" 0.0147 "-" 93955 0
Oct 05 23:43:04 np0005471485.novalocal object-server[93955]: ::1 - - [06/Oct/2025:03:43:04 +0000] "PUT /2/73019/AUTH_7aebe34b89554e87825206ce40aeb2f7/gnocchi.e0665dff-a464-4e7b-979b-077ba64b2774/1759320000.0_mean_300.0_v3" 201 - "PUT https://[::1]:8080/v1/AUTH_7aebe34b89554e87825206ce40aeb2f7/gnocchi.e0665dff-a464-4e7b-979b-077ba64b2774/1759320000.0_mean_300.0_v3" "txc3aa09922ee449a5be7a1-0068e33ac8" "proxy-server 94957" 0.0137 "-" 93955 0
Oct 05 23:43:04 np0005471485.novalocal container-server[93622]: ::1 - - [06/Oct/2025:03:43:04 +0000] "PUT /1/44452/AUTH_7aebe34b89554e87825206ce40aeb2f7/gnocchi.e0665dff-a464-4e7b-979b-077ba64b2774/1759320000.0_mean_300.0_v3" 201 - "PUT http://[::1]:8080/3/73019/AUTH_7aebe34b89554e87825206ce40aeb2f7/gnocchi.e0665dff-a464-4e7b-979b-077ba64b2774/1759320000.0_mean_300.0_v3" "txc3aa09922ee449a5be7a1-0068e33ac8" "object-server 93955" 0.0012 "-" 93622 0
Oct 05 23:43:04 np0005471485.novalocal object-server[93955]: ::1 - - [06/Oct/2025:03:43:04 +0000] "PUT /3/73019/AUTH_7aebe34b89554e87825206ce40aeb2f7/gnocchi.e0665dff-a464-4e7b-979b-077ba64b2774/1759320000.0_mean_300.0_v3" 201 - "PUT https://[::1]:8080/v1/AUTH_7aebe34b89554e87825206ce40aeb2f7/gnocchi.e0665dff-a464-4e7b-979b-077ba64b2774/1759320000.0_mean_300.0_v3" "txc3aa09922ee449a5be7a1-0068e33ac8" "proxy-server 94957" 0.0209 "-" 93955 0
Oct 05 23:43:04 np0005471485.novalocal proxy-server[94957]: ::1 ::1 06/Oct/2025/03/43/04 PUT /v1/AUTH_7aebe34b89554e87825206ce40aeb2f7/gnocchi.e0665dff-a464-4e7b-979b-077ba64b2774/1759320000.0_mean_300.0_v3 HTTP/1.0 201 - python-swiftclient-4.8.0 gAAAAABo4zrG_lV4... 16 - - txc3aa09922ee449a5be7a1-0068e33ac8 - 0.0271 - - 1759722184.222990036 1759722184.250102520 0 7b03bd18aea8470cbeb747235c58da52
Oct 05 23:43:04 np0005471485.novalocal container-server[93621]: ::1 - - [06/Oct/2025:03:43:04 +0000] "PUT /3/44452/AUTH_7aebe34b89554e87825206ce40aeb2f7/gnocchi.e0665dff-a464-4e7b-979b-077ba64b2774/none_v3" 201 - "PUT http://[::1]:8080/1/40724/AUTH_7aebe34b89554e87825206ce40aeb2f7/gnocchi.e0665dff-a464-4e7b-979b-077ba64b2774/none_v3" "txc849bb926c1f40a8b200b-0068e33ac8" "object-server 93954" 0.0005 "-" 93621 0
Oct 05 23:43:04 np0005471485.novalocal object-server[93954]: ::1 - - [06/Oct/2025:03:43:04 +0000] "PUT /1/40724/AUTH_7aebe34b89554e87825206ce40aeb2f7/gnocchi.e0665dff-a464-4e7b-979b-077ba64b2774/none_v3" 201 - "PUT https://[::1]:8080/v1/AUTH_7aebe34b89554e87825206ce40aeb2f7/gnocchi.e0665dff-a464-4e7b-979b-077ba64b2774/none_v3" "txc849bb926c1f40a8b200b-0068e33ac8" "proxy-server 94957" 0.0109 "-" 93954 0
Oct 05 23:43:04 np0005471485.novalocal container-server[93622]: ::1 - - [06/Oct/2025:03:43:04 +0000] "PUT /1/44452/AUTH_7aebe34b89554e87825206ce40aeb2f7/gnocchi.e0665dff-a464-4e7b-979b-077ba64b2774/none_v3" 201 - "PUT http://[::1]:8080/2/40724/AUTH_7aebe34b89554e87825206ce40aeb2f7/gnocchi.e0665dff-a464-4e7b-979b-077ba64b2774/none_v3" "txc849bb926c1f40a8b200b-0068e33ac8" "object-server 93954" 0.0008 "-" 93622 0
Oct 05 23:43:04 np0005471485.novalocal container-server[93621]: ::1 - - [06/Oct/2025:03:43:04 +0000] "PUT /2/44452/AUTH_7aebe34b89554e87825206ce40aeb2f7/gnocchi.e0665dff-a464-4e7b-979b-077ba64b2774/none_v3" 201 - "PUT http://[::1]:8080/3/40724/AUTH_7aebe34b89554e87825206ce40aeb2f7/gnocchi.e0665dff-a464-4e7b-979b-077ba64b2774/none_v3" "txc849bb926c1f40a8b200b-0068e33ac8" "object-server 93954" 0.0009 "-" 93621 0
Oct 05 23:43:04 np0005471485.novalocal object-server[93954]: ::1 - - [06/Oct/2025:03:43:04 +0000] "PUT /3/40724/AUTH_7aebe34b89554e87825206ce40aeb2f7/gnocchi.e0665dff-a464-4e7b-979b-077ba64b2774/none_v3" 201 - "PUT https://[::1]:8080/v1/AUTH_7aebe34b89554e87825206ce40aeb2f7/gnocchi.e0665dff-a464-4e7b-979b-077ba64b2774/none_v3" "txc849bb926c1f40a8b200b-0068e33ac8" "proxy-server 94957" 0.0142 "-" 93954 0
Oct 05 23:43:04 np0005471485.novalocal object-server[93954]: ::1 - - [06/Oct/2025:03:43:04 +0000] "PUT /2/40724/AUTH_7aebe34b89554e87825206ce40aeb2f7/gnocchi.e0665dff-a464-4e7b-979b-077ba64b2774/none_v3" 201 - "PUT https://[::1]:8080/v1/AUTH_7aebe34b89554e87825206ce40aeb2f7/gnocchi.e0665dff-a464-4e7b-979b-077ba64b2774/none_v3" "txc849bb926c1f40a8b200b-0068e33ac8" "proxy-server 94957" 0.0178 "-" 93954 0
Oct 05 23:43:04 np0005471485.novalocal proxy-server[94957]: ::1 ::1 06/Oct/2025/03/43/04 PUT /v1/AUTH_7aebe34b89554e87825206ce40aeb2f7/gnocchi.e0665dff-a464-4e7b-979b-077ba64b2774/none_v3 HTTP/1.0 201 - python-swiftclient-4.8.0 gAAAAABo4zrG_lV4... 22 - - txc849bb926c1f40a8b200b-0068e33ac8 - 0.0243 - - 1759722184.254353762 1759722184.278637886 0 7b03bd18aea8470cbeb747235c58da52
Oct 05 23:43:04 np0005471485.novalocal systemd[1]: NetworkManager-dispatcher.service: Deactivated successfully.
Oct 05 23:43:04 np0005471485.novalocal container-server[93621]: ::1 - - [06/Oct/2025:03:43:04 +0000] "HEAD /3/159941/AUTH_7aebe34b89554e87825206ce40aeb2f7/gnocchi.5189e135-58c3-4242-922c-200678906b49" 404 - "HEAD http://[::1]:8080/v1/AUTH_7aebe34b89554e87825206ce40aeb2f7/gnocchi.5189e135-58c3-4242-922c-200678906b49" "tx1b99696ae4cc412aba0f1-0068e33ac8" "proxy-server 94957" 0.0004 "-" 93621 0
Oct 05 23:43:04 np0005471485.novalocal container-server[93621]: ::1 - - [06/Oct/2025:03:43:04 +0000] "HEAD /2/159941/AUTH_7aebe34b89554e87825206ce40aeb2f7/gnocchi.5189e135-58c3-4242-922c-200678906b49" 404 - "HEAD http://[::1]:8080/v1/AUTH_7aebe34b89554e87825206ce40aeb2f7/gnocchi.5189e135-58c3-4242-922c-200678906b49" "tx1b99696ae4cc412aba0f1-0068e33ac8" "proxy-server 94957" 0.0002 "-" 93621 0
Oct 05 23:43:04 np0005471485.novalocal container-server[93622]: ::1 - - [06/Oct/2025:03:43:04 +0000] "HEAD /1/159941/AUTH_7aebe34b89554e87825206ce40aeb2f7/gnocchi.5189e135-58c3-4242-922c-200678906b49" 404 - "HEAD http://[::1]:8080/v1/AUTH_7aebe34b89554e87825206ce40aeb2f7/gnocchi.5189e135-58c3-4242-922c-200678906b49" "tx1b99696ae4cc412aba0f1-0068e33ac8" "proxy-server 94957" 0.0005 "-" 93622 0
