Oct 05 23:43:36 np0005471485.novalocal object-server[93955]: ::1 - - [06/Oct/2025:03:43:36 +0000] "PUT /1/137659/AUTH_7aebe34b89554e87825206ce40aeb2f7/gnocchi.a58d423c-fe5a-4b38-a10f-68a325e6df32/none_v3" 201 - "PUT https://[::1]:8080/v1/AUTH_7aebe34b89554e87825206ce40aeb2f7/gnocchi.a58d423c-fe5a-4b38-a10f-68a325e6df32/none_v3" "txa67be38e867a418da08c5-0068e33ae8" "proxy-server 94957" 0.0167 "-" 93955 0
Oct 05 23:43:36 np0005471485.novalocal container-server[93621]: ::1 - - [06/Oct/2025:03:43:36 +0000] "PUT /1/162539/AUTH_7aebe34b89554e87825206ce40aeb2f7/gnocchi.a58d423c-fe5a-4b38-a10f-68a325e6df32/none_v3" 201 - "PUT http://[::1]:8080/2/137659/AUTH_7aebe34b89554e87825206ce40aeb2f7/gnocchi.a58d423c-fe5a-4b38-a10f-68a325e6df32/none_v3" "txa67be38e867a418da08c5-0068e33ae8" "object-server 93955" 0.0012 "-" 93621 0
Oct 05 23:43:36 np0005471485.novalocal object-server[93955]: ::1 - - [06/Oct/2025:03:43:36 +0000] "PUT /2/137659/AUTH_7aebe34b89554e87825206ce40aeb2f7/gnocchi.a58d423c-fe5a-4b38-a10f-68a325e6df32/none_v3" 201 - "PUT https://[::1]:8080/v1/AUTH_7aebe34b89554e87825206ce40aeb2f7/gnocchi.a58d423c-fe5a-4b38-a10f-68a325e6df32/none_v3" "txa67be38e867a418da08c5-0068e33ae8" "proxy-server 94957" 0.0163 "-" 93955 0
Oct 05 23:43:36 np0005471485.novalocal container-server[93622]: ::1 - - [06/Oct/2025:03:43:36 +0000] "PUT /2/162539/AUTH_7aebe34b89554e87825206ce40aeb2f7/gnocchi.a58d423c-fe5a-4b38-a10f-68a325e6df32/none_v3" 201 - "PUT http://[::1]:8080/3/137659/AUTH_7aebe34b89554e87825206ce40aeb2f7/gnocchi.a58d423c-fe5a-4b38-a10f-68a325e6df32/none_v3" "txa67be38e867a418da08c5-0068e33ae8" "object-server 93954" 0.0009 "-" 93622 0
Oct 05 23:43:36 np0005471485.novalocal object-server[93954]: ::1 - - [06/Oct/2025:03:43:36 +0000] "PUT /3/137659/AUTH_7aebe34b89554e87825206ce40aeb2f7/gnocchi.a58d423c-fe5a-4b38-a10f-68a325e6df32/none_v3" 201 - "PUT https://[::1]:8080/v1/AUTH_7aebe34b89554e87825206ce40aeb2f7/gnocchi.a58d423c-fe5a-4b38-a10f-68a325e6df32/none_v3" "txa67be38e867a418da08c5-0068e33ae8" "proxy-server 94957" 0.0198 "-" 93954 0
Oct 05 23:43:36 np0005471485.novalocal proxy-server[94957]: ::1 ::1 06/Oct/2025/03/43/36 PUT /v1/AUTH_7aebe34b89554e87825206ce40aeb2f7/gnocchi.a58d423c-fe5a-4b38-a10f-68a325e6df32/none_v3 HTTP/1.0 201 - python-swiftclient-4.8.0 gAAAAABo4zrG_lV4... 22 - - txa67be38e867a418da08c5-0068e33ae8 - 0.0286 - - 1759722216.836651802 1759722216.865288019 0 7b03bd18aea8470cbeb747235c58da52
Oct 05 23:43:36 np0005471485.novalocal container-server[93622]: ::1 - - [06/Oct/2025:03:43:36 +0000] "HEAD /1/136564/AUTH_7aebe34b89554e87825206ce40aeb2f7/gnocchi.a3c99e9b-d9a9-4365-bdff-7d7de483e83f" 404 - "HEAD http://[::1]:8080/v1/AUTH_7aebe34b89554e87825206ce40aeb2f7/gnocchi.a3c99e9b-d9a9-4365-bdff-7d7de483e83f" "txc1783dd0a34d4feeb7f5d-0068e33ae8" "proxy-server 94957" 0.0005 "-" 93622 0
Oct 05 23:43:36 np0005471485.novalocal container-server[93621]: ::1 - - [06/Oct/2025:03:43:36 +0000] "HEAD /3/136564/AUTH_7aebe34b89554e87825206ce40aeb2f7/gnocchi.a3c99e9b-d9a9-4365-bdff-7d7de483e83f" 404 - "HEAD http://[::1]:8080/v1/AUTH_7aebe34b89554e87825206ce40aeb2f7/gnocchi.a3c99e9b-d9a9-4365-bdff-7d7de483e83f" "txc1783dd0a34d4feeb7f5d-0068e33ae8" "proxy-server 94957" 0.0005 "-" 93621 0
Oct 05 23:43:36 np0005471485.novalocal container-server[93621]: ::1 - - [06/Oct/2025:03:43:36 +0000] "HEAD /2/136564/AUTH_7aebe34b89554e87825206ce40aeb2f7/gnocchi.a3c99e9b-d9a9-4365-bdff-7d7de483e83f" 404 - "HEAD http://[::1]:8080/v1/AUTH_7aebe34b89554e87825206ce40aeb2f7/gnocchi.a3c99e9b-d9a9-4365-bdff-7d7de483e83f" "txc1783dd0a34d4feeb7f5d-0068e33ae8" "proxy-server 94957" 0.0004 "-" 93621 0
Oct 05 23:43:36 np0005471485.novalocal proxy-server[94957]: - - 06/Oct/2025/03/43/36 HEAD /v1/AUTH_7aebe34b89554e87825206ce40aeb2f7/gnocchi.a3c99e9b-d9a9-4365-bdff-7d7de483e83f HTTP/1.0 404 - Swift - - - - txc1783dd0a34d4feeb7f5d-0068e33ae8 - 0.0164 CS - 1759722216.899306536 1759722216.915669680 0 -
Oct 05 23:43:36 np0005471485.novalocal object-server[93955]: ::1 - - [06/Oct/2025:03:43:36 +0000] "GET /2/151683/AUTH_7aebe34b89554e87825206ce40aeb2f7/gnocchi.a3c99e9b-d9a9-4365-bdff-7d7de483e83f/none_v3" 404 70 "GET https://[::1]:8080/v1/AUTH_7aebe34b89554e87825206ce40aeb2f7/gnocchi.a3c99e9b-d9a9-4365-bdff-7d7de483e83f/none_v3" "txc1783dd0a34d4feeb7f5d-0068e33ae8" "proxy-server 94957" 0.0003 "-" 93955 0
Oct 05 23:43:36 np0005471485.novalocal object-server[93955]: ::1 - - [06/Oct/2025:03:43:36 +0000] "GET /1/151683/AUTH_7aebe34b89554e87825206ce40aeb2f7/gnocchi.a3c99e9b-d9a9-4365-bdff-7d7de483e83f/none_v3" 404 70 "GET https://[::1]:8080/v1/AUTH_7aebe34b89554e87825206ce40aeb2f7/gnocchi.a3c99e9b-d9a9-4365-bdff-7d7de483e83f/none_v3" "txc1783dd0a34d4feeb7f5d-0068e33ae8" "proxy-server 94957" 0.0002 "-" 93955 0
Oct 05 23:43:36 np0005471485.novalocal object-server[93954]: ::1 - - [06/Oct/2025:03:43:36 +0000] "GET /3/151683/AUTH_7aebe34b89554e87825206ce40aeb2f7/gnocchi.a3c99e9b-d9a9-4365-bdff-7d7de483e83f/none_v3" 404 70 "GET https://[::1]:8080/v1/AUTH_7aebe34b89554e87825206ce40aeb2f7/gnocchi.a3c99e9b-d9a9-4365-bdff-7d7de483e83f/none_v3" "txc1783dd0a34d4feeb7f5d-0068e33ae8" "proxy-server 94957" 0.0004 "-" 93954 0
Oct 05 23:43:36 np0005471485.novalocal proxy-server[94957]: ::1 ::1 06/Oct/2025/03/43/36 GET /v1/AUTH_7aebe34b89554e87825206ce40aeb2f7/gnocchi.a3c99e9b-d9a9-4365-bdff-7d7de483e83f/none_v3 HTTP/1.0 404 - python-swiftclient-4.8.0 gAAAAABo4zrG_lV4... - 70 - txc1783dd0a34d4feeb7f5d-0068e33ae8 - 0.0295 - - 1759722216.898426056 1759722216.927884817 0 7b03bd18aea8470cbeb747235c58da52
Oct 05 23:43:36 np0005471485.novalocal account-server[93328]: ::1 - - [06/Oct/2025:03:43:36 +0000] "PUT /2/145150/AUTH_7aebe34b89554e87825206ce40aeb2f7/gnocchi.a3c99e9b-d9a9-4365-bdff-7d7de483e83f" 201 - "PUT http://[::1]:6001/3/136564/AUTH_7aebe34b89554e87825206ce40aeb2f7/gnocchi.a3c99e9b-d9a9-4365-bdff-7d7de483e83f" "tx52cf21635a524bd0a8c09-0068e33ae8" "container-server 93622" 0.0057 "-" 93328 0
Oct 05 23:43:36 np0005471485.novalocal container-server[93622]: ::1 - - [06/Oct/2025:03:43:36 +0000] "PUT /3/136564/AUTH_7aebe34b89554e87825206ce40aeb2f7/gnocchi.a3c99e9b-d9a9-4365-bdff-7d7de483e83f" 201 - "PUT https://[::1]:8080/v1/AUTH_7aebe34b89554e87825206ce40aeb2f7/gnocchi.a3c99e9b-d9a9-4365-bdff-7d7de483e83f" "tx52cf21635a524bd0a8c09-0068e33ae8" "proxy-server 94957" 0.0451 "-" 93622 0
Oct 05 23:43:36 np0005471485.novalocal account-server[93329]: ::1 - - [06/Oct/2025:03:43:36 +0000] "PUT /1/145150/AUTH_7aebe34b89554e87825206ce40aeb2f7/gnocchi.a3c99e9b-d9a9-4365-bdff-7d7de483e83f" 201 - "PUT http://[::1]:6001/1/136564/AUTH_7aebe34b89554e87825206ce40aeb2f7/gnocchi.a3c99e9b-d9a9-4365-bdff-7d7de483e83f" "tx52cf21635a524bd0a8c09-0068e33ae8" "container-server 93622" 0.0058 "-" 93329 0
Oct 05 23:43:36 np0005471485.novalocal account-server[93329]: ::1 - - [06/Oct/2025:03:43:36 +0000] "PUT /3/145150/AUTH_7aebe34b89554e87825206ce40aeb2f7/gnocchi.a3c99e9b-d9a9-4365-bdff-7d7de483e83f" 201 - "PUT http://[::1]:6001/2/136564/AUTH_7aebe34b89554e87825206ce40aeb2f7/gnocchi.a3c99e9b-d9a9-4365-bdff-7d7de483e83f" "tx52cf21635a524bd0a8c09-0068e33ae8" "container-server 93622" 0.0050 "-" 93329 0
Oct 05 23:43:36 np0005471485.novalocal container-server[93622]: ::1 - - [06/Oct/2025:03:43:36 +0000] "PUT /1/136564/AUTH_7aebe34b89554e87825206ce40aeb2f7/gnocchi.a3c99e9b-d9a9-4365-bdff-7d7de483e83f" 201 - "PUT https://[::1]:8080/v1/AUTH_7aebe34b89554e87825206ce40aeb2f7/gnocchi.a3c99e9b-d9a9-4365-bdff-7d7de483e83f" "tx52cf21635a524bd0a8c09-0068e33ae8" "proxy-server 94957" 0.0372 "-" 93622 0
Oct 05 23:43:36 np0005471485.novalocal container-server[93622]: ::1 - - [06/Oct/2025:03:43:36 +0000] "PUT /2/136564/AUTH_7aebe34b89554e87825206ce40aeb2f7/gnocchi.a3c99e9b-d9a9-4365-bdff-7d7de483e83f" 201 - "PUT https://[::1]:8080/v1/AUTH_7aebe34b89554e87825206ce40aeb2f7/gnocchi.a3c99e9b-d9a9-4365-bdff-7d7de483e83f" "tx52cf21635a524bd0a8c09-0068e33ae8" "proxy-server 94957" 0.0302 "-" 93622 0
Oct 05 23:43:36 np0005471485.novalocal proxy-server[94957]: ::1 ::1 06/Oct/2025/03/43/36 PUT /v1/AUTH_7aebe34b89554e87825206ce40aeb2f7/gnocchi.a3c99e9b-d9a9-4365-bdff-7d7de483e83f HTTP/1.0 201 - python-swiftclient-4.8.0 gAAAAABo4zrG_lV4... - - - tx52cf21635a524bd0a8c09-0068e33ae8 - 0.0657 - - 1759722216.931295156 1759722216.997029543 0 7b03bd18aea8470cbeb747235c58da52
Oct 05 23:43:37 np0005471485.novalocal container-server[93621]: ::1 - - [06/Oct/2025:03:43:37 +0000] "HEAD /1/136564/AUTH_7aebe34b89554e87825206ce40aeb2f7/gnocchi.a3c99e9b-d9a9-4365-bdff-7d7de483e83f" 204 - "HEAD http://[::1]:8080/v1/AUTH_7aebe34b89554e87825206ce40aeb2f7/gnocchi.a3c99e9b-d9a9-4365-bdff-7d7de483e83f" "tx4005261500f748f09f6c3-0068e33ae9" "proxy-server 94957" 0.0017 "-" 93621 0
Oct 05 23:43:37 np0005471485.novalocal proxy-server[94957]: - - 06/Oct/2025/03/43/37 HEAD /v1/AUTH_7aebe34b89554e87825206ce40aeb2f7/gnocchi.a3c99e9b-d9a9-4365-bdff-7d7de483e83f HTTP/1.0 204 - Swift - - - - tx4005261500f748f09f6c3-0068e33ae9 - 0.0053 CS - 1759722217.001815557 1759722217.007095814 0 -
Oct 05 23:43:37 np0005471485.novalocal container-server[93622]: ::1 - - [06/Oct/2025:03:43:37 +0000] "GET /3/136564/AUTH_7aebe34b89554e87825206ce40aeb2f7/gnocchi.a3c99e9b-d9a9-4365-bdff-7d7de483e83f" 200 2 "GET https://[::1]:8080/v1/AUTH_7aebe34b89554e87825206ce40aeb2f7/gnocchi.a3c99e9b-d9a9-4365-bdff-7d7de483e83f?format=json&states=listing" "tx4005261500f748f09f6c3-0068e33ae9" "proxy-server 94957" 0.0037 "-" 93622 0
Oct 05 23:43:37 np0005471485.novalocal proxy-server[94957]: ::1 ::1 06/Oct/2025/03/43/37 GET /v1/AUTH_7aebe34b89554e87825206ce40aeb2f7/gnocchi.a3c99e9b-d9a9-4365-bdff-7d7de483e83f%3Fformat%3Djson%26states%3Dlisting HTTP/1.0 200 - python-swiftclient-4.8.0 gAAAAABo4zrG_lV4... - 2 - tx4005261500f748f09f6c3-0068e33ae9 - 0.0173 - - 1759722217.001038551 1759722217.018367529 0 7b03bd18aea8470cbeb747235c58da52
Oct 05 23:43:37 np0005471485.novalocal object-server[93954]: ::1 - - [06/Oct/2025:03:43:37 +0000] "GET /2/230978/AUTH_7aebe34b89554e87825206ce40aeb2f7/gnocchi.a3c99e9b-d9a9-4365-bdff-7d7de483e83f/1759320000.0_mean_300.0_v3" 404 70 "GET https://[::1]:8080/v1/AUTH_7aebe34b89554e87825206ce40aeb2f7/gnocchi.a3c99e9b-d9a9-4365-bdff-7d7de483e83f/1759320000.0_mean_300.0_v3" "txe57cabbc3ee242e9b67c8-0068e33ae9" "proxy-server 94957" 0.0004 "-" 93954 0
Oct 05 23:43:37 np0005471485.novalocal object-server[93954]: ::1 - - [06/Oct/2025:03:43:37 +0000] "GET /1/230978/AUTH_7aebe34b89554e87825206ce40aeb2f7/gnocchi.a3c99e9b-d9a9-4365-bdff-7d7de483e83f/1759320000.0_mean_300.0_v3" 404 70 "GET https://[::1]:8080/v1/AUTH_7aebe34b89554e87825206ce40aeb2f7/gnocchi.a3c99e9b-d9a9-4365-bdff-7d7de483e83f/1759320000.0_mean_300.0_v3" "txe57cabbc3ee242e9b67c8-0068e33ae9" "proxy-server 94957" 0.0003 "-" 93954 0
Oct 05 23:43:37 np0005471485.novalocal object-server[93954]: ::1 - - [06/Oct/2025:03:43:37 +0000] "GET /3/230978/AUTH_7aebe34b89554e87825206ce40aeb2f7/gnocchi.a3c99e9b-d9a9-4365-bdff-7d7de483e83f/1759320000.0_mean_300.0_v3" 404 70 "GET https://[::1]:8080/v1/AUTH_7aebe34b89554e87825206ce40aeb2f7/gnocchi.a3c99e9b-d9a9-4365-bdff-7d7de483e83f/1759320000.0_mean_300.0_v3" "txe57cabbc3ee242e9b67c8-0068e33ae9" "proxy-server 94957" 0.0002 "-" 93954 0
Oct 05 23:43:37 np0005471485.novalocal proxy-server[94957]: ::1 ::1 06/Oct/2025/03/43/37 GET /v1/AUTH_7aebe34b89554e87825206ce40aeb2f7/gnocchi.a3c99e9b-d9a9-4365-bdff-7d7de483e83f/1759320000.0_mean_300.0_v3 HTTP/1.0 404 - python-swiftclient-4.8.0 gAAAAABo4zrG_lV4... - 70 - txe57cabbc3ee242e9b67c8-0068e33ae9 - 0.0132 - - 1759722217.023801088 1759722217.037034512 0 7b03bd18aea8470cbeb747235c58da52
Oct 05 23:43:37 np0005471485.novalocal sudo[101931]: pam_unix(sudo:session): session closed for user root
Oct 05 23:43:37 np0005471485.novalocal systemd[1]: session-c133.scope: Deactivated successfully.
Oct 05 23:43:37 np0005471485.novalocal container-server[93621]: ::1 - - [06/Oct/2025:03:43:37 +0000] "PUT /3/136564/AUTH_7aebe34b89554e87825206ce40aeb2f7/gnocchi.a3c99e9b-d9a9-4365-bdff-7d7de483e83f/1759320000.0_mean_300.0_v3" 201 - "PUT http://[::1]:8080/1/230978/AUTH_7aebe34b89554e87825206ce40aeb2f7/gnocchi.a3c99e9b-d9a9-4365-bdff-7d7de483e83f/1759320000.0_mean_300.0_v3" "tx19d70830f72a4e869333e-0068e33ae9" "object-server 93954" 0.0011 "-" 93621 0
Oct 05 23:43:37 np0005471485.novalocal object-server[93954]: ::1 - - [06/Oct/2025:03:43:37 +0000] "PUT /1/230978/AUTH_7aebe34b89554e87825206ce40aeb2f7/gnocchi.a3c99e9b-d9a9-4365-bdff-7d7de483e83f/1759320000.0_mean_300.0_v3" 201 - "PUT https://[::1]:8080/v1/AUTH_7aebe34b89554e87825206ce40aeb2f7/gnocchi.a3c99e9b-d9a9-4365-bdff-7d7de483e83f/1759320000.0_mean_300.0_v3" "tx19d70830f72a4e869333e-0068e33ae9" "proxy-server 94957" 0.0176 "-" 93954 0
Oct 05 23:43:37 np0005471485.novalocal container-server[93621]: ::1 - - [06/Oct/2025:03:43:37 +0000] "PUT /1/136564/AUTH_7aebe34b89554e87825206ce40aeb2f7/gnocchi.a3c99e9b-d9a9-4365-bdff-7d7de483e83f/1759320000.0_mean_300.0_v3" 201 - "PUT http://[::1]:8080/3/230978/AUTH_7aebe34b89554e87825206ce40aeb2f7/gnocchi.a3c99e9b-d9a9-4365-bdff-7d7de483e83f/1759320000.0_mean_300.0_v3" "tx19d70830f72a4e869333e-0068e33ae9" "object-server 93955" 0.0010 "-" 93621 0
Oct 05 23:43:37 np0005471485.novalocal object-server[93955]: ::1 - - [06/Oct/2025:03:43:37 +0000] "PUT /3/230978/AUTH_7aebe34b89554e87825206ce40aeb2f7/gnocchi.a3c99e9b-d9a9-4365-bdff-7d7de483e83f/1759320000.0_mean_300.0_v3" 201 - "PUT https://[::1]:8080/v1/AUTH_7aebe34b89554e87825206ce40aeb2f7/gnocchi.a3c99e9b-d9a9-4365-bdff-7d7de483e83f/1759320000.0_mean_300.0_v3" "tx19d70830f72a4e869333e-0068e33ae9" "proxy-server 94957" 0.0217 "-" 93955 0
Oct 05 23:43:37 np0005471485.novalocal container-server[93621]: ::1 - - [06/Oct/2025:03:43:37 +0000] "PUT /2/136564/AUTH_7aebe34b89554e87825206ce40aeb2f7/gnocchi.a3c99e9b-d9a9-4365-bdff-7d7de483e83f/1759320000.0_mean_300.0_v3" 201 - "PUT http://[::1]:8080/2/230978/AUTH_7aebe34b89554e87825206ce40aeb2f7/gnocchi.a3c99e9b-d9a9-4365-bdff-7d7de483e83f/1759320000.0_mean_300.0_v3" "tx19d70830f72a4e869333e-0068e33ae9" "object-server 93955" 0.0010 "-" 93621 0
Oct 05 23:43:37 np0005471485.novalocal object-server[93955]: ::1 - - [06/Oct/2025:03:43:37 +0000] "PUT /2/230978/AUTH_7aebe34b89554e87825206ce40aeb2f7/gnocchi.a3c99e9b-d9a9-4365-bdff-7d7de483e83f/1759320000.0_mean_300.0_v3" 201 - "PUT https://[::1]:8080/v1/AUTH_7aebe34b89554e87825206ce40aeb2f7/gnocchi.a3c99e9b-d9a9-4365-bdff-7d7de483e83f/1759320000.0_mean_300.0_v3" "tx19d70830f72a4e869333e-0068e33ae9" "proxy-server 94957" 0.0223 "-" 93955 0
Oct 05 23:43:37 np0005471485.novalocal proxy-server[94957]: ::1 ::1 06/Oct/2025/03/43/37 PUT /v1/AUTH_7aebe34b89554e87825206ce40aeb2f7/gnocchi.a3c99e9b-d9a9-4365-bdff-7d7de483e83f/1759320000.0_mean_300.0_v3 HTTP/1.0 201 - python-swiftclient-4.8.0 gAAAAABo4zrG_lV4... 16 - - tx19d70830f72a4e869333e-0068e33ae9 - 0.0356 - - 1759722217.040701866 1759722217.076303720 0 7b03bd18aea8470cbeb747235c58da52
Oct 05 23:43:37 np0005471485.novalocal sudo[101940]: cinder : PWD=/ ; USER=root ; COMMAND=/usr/bin/cinder-rootwrap /etc/cinder/rootwrap.conf cinder-rtstool save
Oct 05 23:43:37 np0005471485.novalocal container-server[93621]: ::1 - - [06/Oct/2025:03:43:37 +0000] "PUT /3/136564/AUTH_7aebe34b89554e87825206ce40aeb2f7/gnocchi.a3c99e9b-d9a9-4365-bdff-7d7de483e83f/none_v3" 201 - "PUT http://[::1]:8080/2/151683/AUTH_7aebe34b89554e87825206ce40aeb2f7/gnocchi.a3c99e9b-d9a9-4365-bdff-7d7de483e83f/none_v3" "txbca7b5c5aa1345a7a4c69-0068e33ae9" "object-server 93954" 0.0011 "-" 93621 0
Oct 05 23:43:37 np0005471485.novalocal container-server[93621]: ::1 - - [06/Oct/2025:03:43:37 +0000] "PUT /2/136564/AUTH_7aebe34b89554e87825206ce40aeb2f7/gnocchi.a3c99e9b-d9a9-4365-bdff-7d7de483e83f/none_v3" 201 - "PUT http://[::1]:8080/1/151683/AUTH_7aebe34b89554e87825206ce40aeb2f7/gnocchi.a3c99e9b-d9a9-4365-bdff-7d7de483e83f/none_v3" "txbca7b5c5aa1345a7a4c69-0068e33ae9" "object-server 93954" 0.0006 "-" 93621 0
Oct 05 23:43:37 np0005471485.novalocal container-server[93622]: ::1 - - [06/Oct/2025:03:43:37 +0000] "PUT /1/136564/AUTH_7aebe34b89554e87825206ce40aeb2f7/gnocchi.a3c99e9b-d9a9-4365-bdff-7d7de483e83f/none_v3" 201 - "PUT http://[::1]:8080/3/151683/AUTH_7aebe34b89554e87825206ce40aeb2f7/gnocchi.a3c99e9b-d9a9-4365-bdff-7d7de483e83f/none_v3" "txbca7b5c5aa1345a7a4c69-0068e33ae9" "object-server 93954" 0.0008 "-" 93622 0
Oct 05 23:43:37 np0005471485.novalocal object-server[93954]: ::1 - - [06/Oct/2025:03:43:37 +0000] "PUT /3/151683/AUTH_7aebe34b89554e87825206ce40aeb2f7/gnocchi.a3c99e9b-d9a9-4365-bdff-7d7de483e83f/none_v3" 201 - "PUT https://[::1]:8080/v1/AUTH_7aebe34b89554e87825206ce40aeb2f7/gnocchi.a3c99e9b-d9a9-4365-bdff-7d7de483e83f/none_v3" "txbca7b5c5aa1345a7a4c69-0068e33ae9" "proxy-server 94957" 0.0279 "-" 93954 0
Oct 05 23:43:37 np0005471485.novalocal object-server[93954]: ::1 - - [06/Oct/2025:03:43:37 +0000] "PUT /2/151683/AUTH_7aebe34b89554e87825206ce40aeb2f7/gnocchi.a3c99e9b-d9a9-4365-bdff-7d7de483e83f/none_v3" 201 - "PUT https://[::1]:8080/v1/AUTH_7aebe34b89554e87825206ce40aeb2f7/gnocchi.a3c99e9b-d9a9-4365-bdff-7d7de483e83f/none_v3" "txbca7b5c5aa1345a7a4c69-0068e33ae9" "proxy-server 94957" 0.0236 "-" 93954 0
Oct 05 23:43:37 np0005471485.novalocal object-server[93954]: ::1 - - [06/Oct/2025:03:43:37 +0000] "PUT /1/151683/AUTH_7aebe34b89554e87825206ce40aeb2f7/gnocchi.a3c99e9b-d9a9-4365-bdff-7d7de483e83f/none_v3" 201 - "PUT https://[::1]:8080/v1/AUTH_7aebe34b89554e87825206ce40aeb2f7/gnocchi.a3c99e9b-d9a9-4365-bdff-7d7de483e83f/none_v3" "txbca7b5c5aa1345a7a4c69-0068e33ae9" "proxy-server 94957" 0.0266 "-" 93954 0
Oct 05 23:43:37 np0005471485.novalocal proxy-server[94957]: ::1 ::1 06/Oct/2025/03/43/37 PUT /v1/AUTH_7aebe34b89554e87825206ce40aeb2f7/gnocchi.a3c99e9b-d9a9-4365-bdff-7d7de483e83f/none_v3 HTTP/1.0 201 - python-swiftclient-4.8.0 gAAAAABo4zrG_lV4... 22 - - txbca7b5c5aa1345a7a4c69-0068e33ae9 - 0.0436 - - 1759722217.079391241 1759722217.122981787 0 7b03bd18aea8470cbeb747235c58da52
Oct 05 23:43:37 np0005471485.novalocal systemd[1]: Started Session c134 of User root.
Oct 05 23:43:37 np0005471485.novalocal sudo[101940]: pam_unix(sudo:session): session opened for user root(uid=0) by (uid=165)
Oct 05 23:43:37 np0005471485.novalocal object-server[93955]: ::1 - - [06/Oct/2025:03:43:37 +0000] "GET /3/40724/AUTH_7aebe34b89554e87825206ce40aeb2f7/gnocchi.e0665dff-a464-4e7b-979b-077ba64b2774/none_v3" 200 46 "GET https://[::1]:8080/v1/AUTH_7aebe34b89554e87825206ce40aeb2f7/gnocchi.e0665dff-a464-4e7b-979b-077ba64b2774/none_v3" "tx68d0c92363d34e5096762-0068e33ae9" "proxy-server 94957" 0.0007 "-" 93955 0
Oct 05 23:43:37 np0005471485.novalocal proxy-server[94957]: ::1 ::1 06/Oct/2025/03/43/37 GET /v1/AUTH_7aebe34b89554e87825206ce40aeb2f7/gnocchi.e0665dff-a464-4e7b-979b-077ba64b2774/none_v3 HTTP/1.0 200 - python-swiftclient-4.8.0 gAAAAABo4zrG_lV4... - 46 - tx68d0c92363d34e5096762-0068e33ae9 - 0.0099 - - 1759722217.186061382 1759722217.195974588 0 7b03bd18aea8470cbeb747235c58da52
Oct 05 23:43:37 np0005471485.novalocal container-sharder[92986]: Container sharder cycle starting, auto-sharding False
Oct 05 23:43:37 np0005471485.novalocal container-server[93621]: ::1 - - [06/Oct/2025:03:43:37 +0000] "GET /3/44452/AUTH_7aebe34b89554e87825206ce40aeb2f7/gnocchi.e0665dff-a464-4e7b-979b-077ba64b2774" 200 357 "GET https://[::1]:8080/v1/AUTH_7aebe34b89554e87825206ce40aeb2f7/gnocchi.e0665dff-a464-4e7b-979b-077ba64b2774?format=json&states=listing" "txff7a2e59b26a4f75b780b-0068e33ae9" "proxy-server 94957" 0.0139 "-" 93621 0
Oct 05 23:43:37 np0005471485.novalocal proxy-server[94957]: ::1 ::1 06/Oct/2025/03/43/37 GET /v1/AUTH_7aebe34b89554e87825206ce40aeb2f7/gnocchi.e0665dff-a464-4e7b-979b-077ba64b2774%3Fformat%3Djson%26states%3Dlisting HTTP/1.0 200 - python-swiftclient-4.8.0 gAAAAABo4zrG_lV4... - 357 - txff7a2e59b26a4f75b780b-0068e33ae9 - 0.0234 - - 1759722217.200173855 1759722217.223533869 0 7b03bd18aea8470cbeb747235c58da52
Oct 05 23:43:37 np0005471485.novalocal container-server[93621]: ::1 - - [06/Oct/2025:03:43:37 +0000] "GET /3/44452/AUTH_7aebe34b89554e87825206ce40aeb2f7/gnocchi.e0665dff-a464-4e7b-979b-077ba64b2774" 200 2 "GET https://[::1]:8080/v1/AUTH_7aebe34b89554e87825206ce40aeb2f7/gnocchi.e0665dff-a464-4e7b-979b-077ba64b2774?format=json&marker=none_v3&states=listing" "tx16961ebb17fd408eaa83f-0068e33ae9" "proxy-server 94957" 0.0036 "-" 93621 0
Oct 05 23:43:37 np0005471485.novalocal proxy-server[94957]: ::1 ::1 06/Oct/2025/03/43/37 GET /v1/AUTH_7aebe34b89554e87825206ce40aeb2f7/gnocchi.e0665dff-a464-4e7b-979b-077ba64b2774%3Fformat%3Djson%26marker%3Dnone_v3%26states%3Dlisting HTTP/1.0 200 - python-swiftclient-4.8.0 gAAAAABo4zrG_lV4... - 2 - tx16961ebb17fd408eaa83f-0068e33ae9 - 0.0136 - - 1759722217.226469517 1759722217.240049839 0 7b03bd18aea8470cbeb747235c58da52
Oct 05 23:43:37 np0005471485.novalocal object-server[93954]: ::1 - - [06/Oct/2025:03:43:37 +0000] "GET /3/73019/AUTH_7aebe34b89554e87825206ce40aeb2f7/gnocchi.e0665dff-a464-4e7b-979b-077ba64b2774/1759320000.0_mean_300.0_v3" 200 16 "GET https://[::1]:8080/v1/AUTH_7aebe34b89554e87825206ce40aeb2f7/gnocchi.e0665dff-a464-4e7b-979b-077ba64b2774/1759320000.0_mean_300.0_v3" "txc6021570ac8c4e78a30ab-0068e33ae9" "proxy-server 94957" 0.0010 "-" 93954 0
Oct 05 23:43:37 np0005471485.novalocal proxy-server[94957]: ::1 ::1 06/Oct/2025/03/43/37 GET /v1/AUTH_7aebe34b89554e87825206ce40aeb2f7/gnocchi.e0665dff-a464-4e7b-979b-077ba64b2774/1759320000.0_mean_300.0_v3 HTTP/1.0 200 - python-swiftclient-4.8.0 gAAAAABo4zrG_lV4... - 16 - txc6021570ac8c4e78a30ab-0068e33ae9 - 0.0095 - - 1759722217.246088266 1759722217.255564451 0 7b03bd18aea8470cbeb747235c58da52
Oct 05 23:43:37 np0005471485.novalocal container-server[93621]: ::1 - - [06/Oct/2025:03:43:37 +0000] "PUT /2/44452/AUTH_7aebe34b89554e87825206ce40aeb2f7/gnocchi.e0665dff-a464-4e7b-979b-077ba64b2774/1759320000.0_mean_300.0_v3" 201 - "PUT http://[::1]:8080/2/73019/AUTH_7aebe34b89554e87825206ce40aeb2f7/gnocchi.e0665dff-a464-4e7b-979b-077ba64b2774/1759320000.0_mean_300.0_v3" "tx7139f16b3ae44e69979ec-0068e33ae9" "object-server 93955" 0.0008 "-" 93621 0
Oct 05 23:43:37 np0005471485.novalocal object-server[93955]: ::1 - - [06/Oct/2025:03:43:37 +0000] "PUT /2/73019/AUTH_7aebe34b89554e87825206ce40aeb2f7/gnocchi.e0665dff-a464-4e7b-979b-077ba64b2774/1759320000.0_mean_300.0_v3" 201 - "PUT https://[::1]:8080/v1/AUTH_7aebe34b89554e87825206ce40aeb2f7/gnocchi.e0665dff-a464-4e7b-979b-077ba64b2774/1759320000.0_mean_300.0_v3" "tx7139f16b3ae44e69979ec-0068e33ae9" "proxy-server 94957" 0.0098 "-" 93955 0
Oct 05 23:43:37 np0005471485.novalocal container-server[93622]: ::1 - - [06/Oct/2025:03:43:37 +0000] "PUT /3/44452/AUTH_7aebe34b89554e87825206ce40aeb2f7/gnocchi.e0665dff-a464-4e7b-979b-077ba64b2774/1759320000.0_mean_300.0_v3" 201 - "PUT http://[::1]:8080/3/73019/AUTH_7aebe34b89554e87825206ce40aeb2f7/gnocchi.e0665dff-a464-4e7b-979b-077ba64b2774/1759320000.0_mean_300.0_v3" "tx7139f16b3ae44e69979ec-0068e33ae9" "object-server 93955" 0.0008 "-" 93622 0
Oct 05 23:43:37 np0005471485.novalocal container-server[93621]: ::1 - - [06/Oct/2025:03:43:37 +0000] "PUT /1/44452/AUTH_7aebe34b89554e87825206ce40aeb2f7/gnocchi.e0665dff-a464-4e7b-979b-077ba64b2774/1759320000.0_mean_300.0_v3" 201 - "PUT http://[::1]:8080/1/73019/AUTH_7aebe34b89554e87825206ce40aeb2f7/gnocchi.e0665dff-a464-4e7b-979b-077ba64b2774/1759320000.0_mean_300.0_v3" "tx7139f16b3ae44e69979ec-0068e33ae9" "object-server 93954" 0.0007 "-" 93621 0
Oct 05 23:43:37 np0005471485.novalocal object-server[93955]: ::1 - - [06/Oct/2025:03:43:37 +0000] "PUT /3/73019/AUTH_7aebe34b89554e87825206ce40aeb2f7/gnocchi.e0665dff-a464-4e7b-979b-077ba64b2774/1759320000.0_mean_300.0_v3" 201 - "PUT https://[::1]:8080/v1/AUTH_7aebe34b89554e87825206ce40aeb2f7/gnocchi.e0665dff-a464-4e7b-979b-077ba64b2774/1759320000.0_mean_300.0_v3" "tx7139f16b3ae44e69979ec-0068e33ae9" "proxy-server 94957" 0.0139 "-" 93955 0
Oct 05 23:43:37 np0005471485.novalocal object-server[93954]: ::1 - - [06/Oct/2025:03:43:37 +0000] "PUT /1/73019/AUTH_7aebe34b89554e87825206ce40aeb2f7/gnocchi.e0665dff-a464-4e7b-979b-077ba64b2774/1759320000.0_mean_300.0_v3" 201 - "PUT https://[::1]:8080/v1/AUTH_7aebe34b89554e87825206ce40aeb2f7/gnocchi.e0665dff-a464-4e7b-979b-077ba64b2774/1759320000.0_mean_300.0_v3" "tx7139f16b3ae44e69979ec-0068e33ae9" "proxy-server 94957" 0.0145 "-" 93954 0
Oct 05 23:43:37 np0005471485.novalocal proxy-server[94957]: ::1 ::1 06/Oct/2025/03/43/37 PUT /v1/AUTH_7aebe34b89554e87825206ce40aeb2f7/gnocchi.e0665dff-a464-4e7b-979b-077ba64b2774/1759320000.0_mean_300.0_v3 HTTP/1.0 201 - python-swiftclient-4.8.0 gAAAAABo4zrG_lV4... 16 - - tx7139f16b3ae44e69979ec-0068e33ae9 - 0.0262 - - 1759722217.258057356 1759722217.284210682 0 7b03bd18aea8470cbeb747235c58da52
Oct 05 23:43:37 np0005471485.novalocal container-server[93622]: ::1 - - [06/Oct/2025:03:43:37 +0000] "PUT /1/44452/AUTH_7aebe34b89554e87825206ce40aeb2f7/gnocchi.e0665dff-a464-4e7b-979b-077ba64b2774/none_v3" 201 - "PUT http://[::1]:8080/3/40724/AUTH_7aebe34b89554e87825206ce40aeb2f7/gnocchi.e0665dff-a464-4e7b-979b-077ba64b2774/none_v3" "tx674423a47bb0426391ad4-0068e33ae9" "object-server 93954" 0.0008 "-" 93622 0
Oct 05 23:43:37 np0005471485.novalocal container-server[93621]: ::1 - - [06/Oct/2025:03:43:37 +0000] "PUT /2/44452/AUTH_7aebe34b89554e87825206ce40aeb2f7/gnocchi.e0665dff-a464-4e7b-979b-077ba64b2774/none_v3" 201 - "PUT http://[::1]:8080/1/40724/AUTH_7aebe34b89554e87825206ce40aeb2f7/gnocchi.e0665dff-a464-4e7b-979b-077ba64b2774/none_v3" "tx674423a47bb0426391ad4-0068e33ae9" "object-server 93955" 0.0007 "-" 93621 0
Oct 05 23:43:37 np0005471485.novalocal object-server[93954]: ::1 - - [06/Oct/2025:03:43:37 +0000] "PUT /3/40724/AUTH_7aebe34b89554e87825206ce40aeb2f7/gnocchi.e0665dff-a464-4e7b-979b-077ba64b2774/none_v3" 201 - "PUT https://[::1]:8080/v1/AUTH_7aebe34b89554e87825206ce40aeb2f7/gnocchi.e0665dff-a464-4e7b-979b-077ba64b2774/none_v3" "tx674423a47bb0426391ad4-0068e33ae9" "proxy-server 94957" 0.0149 "-" 93954 0
Oct 05 23:43:37 np0005471485.novalocal object-server[93955]: ::1 - - [06/Oct/2025:03:43:37 +0000] "PUT /1/40724/AUTH_7aebe34b89554e87825206ce40aeb2f7/gnocchi.e0665dff-a464-4e7b-979b-077ba64b2774/none_v3" 201 - "PUT https://[::1]:8080/v1/AUTH_7aebe34b89554e87825206ce40aeb2f7/gnocchi.e0665dff-a464-4e7b-979b-077ba64b2774/none_v3" "tx674423a47bb0426391ad4-0068e33ae9" "proxy-server 94957" 0.0168 "-" 93955 0
Oct 05 23:43:37 np0005471485.novalocal container-server[93621]: ::1 - - [06/Oct/2025:03:43:37 +0000] "PUT /3/44452/AUTH_7aebe34b89554e87825206ce40aeb2f7/gnocchi.e0665dff-a464-4e7b-979b-077ba64b2774/none_v3" 201 - "PUT http://[::1]:8080/2/40724/AUTH_7aebe34b89554e87825206ce40aeb2f7/gnocchi.e0665dff-a464-4e7b-979b-077ba64b2774/none_v3" "tx674423a47bb0426391ad4-0068e33ae9" "object-server 93955" 0.0006 "-" 93621 0
Oct 05 23:43:37 np0005471485.novalocal object-server[93955]: ::1 - - [06/Oct/2025:03:43:37 +0000] "PUT /2/40724/AUTH_7aebe34b89554e87825206ce40aeb2f7/gnocchi.e0665dff-a464-4e7b-979b-077ba64b2774/none_v3" 201 - "PUT https://[::1]:8080/v1/AUTH_7aebe34b89554e87825206ce40aeb2f7/gnocchi.e0665dff-a464-4e7b-979b-077ba64b2774/none_v3" "tx674423a47bb0426391ad4-0068e33ae9" "proxy-server 94957" 0.0182 "-" 93955 0
Oct 05 23:43:37 np0005471485.novalocal proxy-server[94957]: ::1 ::1 06/Oct/2025/03/43/37 PUT /v1/AUTH_7aebe34b89554e87825206ce40aeb2f7/gnocchi.e0665dff-a464-4e7b-979b-077ba64b2774/none_v3 HTTP/1.0 201 - python-swiftclient-4.8.0 gAAAAABo4zrG_lV4... 52 - - tx674423a47bb0426391ad4-0068e33ae9 - 0.0310 - - 1759722217.287858963 1759722217.318877459 0 7b03bd18aea8470cbeb747235c58da52
Oct 05 23:43:37 np0005471485.novalocal sudo[101940]: pam_unix(sudo:session): session closed for user root
Oct 05 23:43:37 np0005471485.novalocal systemd[1]: session-c134.scope: Deactivated successfully.
Oct 05 23:43:37 np0005471485.novalocal sudo[101981]: cinder : PWD=/ ; USER=root ; COMMAND=/usr/bin/cinder-rootwrap /etc/cinder/rootwrap.conf cinder-rtstool get-targets
Oct 05 23:43:37 np0005471485.novalocal systemd[1]: Started Session c135 of User root.
Oct 05 23:43:37 np0005471485.novalocal sudo[101981]: pam_unix(sudo:session): session opened for user root(uid=0) by (uid=165)
Oct 05 23:43:38 np0005471485.novalocal container-sharder[92986]: Since Mon Oct 6 03:43:37 2025 visited - attempted:0 success:0 failure:0 skipped:48 completed:0
Oct 05 23:43:38 np0005471485.novalocal container-sharder[92986]: Since Mon Oct 6 03:43:37 2025 scanned - attempted:0 success:0 failure:0 found:0 min_time:0 max_time:0
Oct 05 23:43:38 np0005471485.novalocal container-sharder[92986]: Since Mon Oct 6 03:43:37 2025 created - attempted:0 success:0 failure:0
Oct 05 23:43:38 np0005471485.novalocal container-sharder[92986]: Since Mon Oct 6 03:43:37 2025 cleaved - attempted:0 success:0 failure:0 min_time:0 max_time:0
Oct 05 23:43:38 np0005471485.novalocal container-sharder[92986]: Since Mon Oct 6 03:43:37 2025 misplaced - attempted:0 success:0 failure:0 found:0 placed:0 unplaced:0
Oct 05 23:43:38 np0005471485.novalocal container-sharder[92986]: Since Mon Oct 6 03:43:37 2025 audit_root - attempted:0 success:0 failure:0 has_overlap:0 num_overlap:0
Oct 05 23:43:38 np0005471485.novalocal container-sharder[92986]: Since Mon Oct 6 03:43:37 2025 audit_shard - attempted:0 success:0 failure:0
Oct 05 23:43:38 np0005471485.novalocal container-sharder[92986]: Container sharder cycle completed: 0.95s
Oct 05 23:43:38 np0005471485.novalocal sudo[101981]: pam_unix(sudo:session): session closed for user root
Oct 05 23:43:38 np0005471485.novalocal systemd[1]: session-c135.scope: Deactivated successfully.
Oct 05 23:43:38 np0005471485.novalocal sudo[101986]: cinder : PWD=/ ; USER=root ; COMMAND=/usr/bin/cinder-rootwrap /etc/cinder/rootwrap.conf cinder-rtstool delete iqn.2010-10.org.openstack:volume-fcfe7e9b-8a68-4f93-9af3-ae4fc6afbc23
Oct 05 23:43:38 np0005471485.novalocal systemd[1]: Started Session c136 of User root.
Oct 05 23:43:38 np0005471485.novalocal sudo[101986]: pam_unix(sudo:session): session opened for user root(uid=0) by (uid=165)
Oct 05 23:43:38 np0005471485.novalocal sudo[101986]: pam_unix(sudo:session): session closed for user root
Oct 05 23:43:38 np0005471485.novalocal systemd[1]: session-c136.scope: Deactivated successfully.
Oct 05 23:43:38 np0005471485.novalocal haproxy-metadata-proxy-b5d8d036-57dd-4097-9b57-cd85306d5865[100545]: ::ffff:10.100.0.10:36766 [05/Oct/2025:23:43:36.815] listener listener/metadata 0/0/0/2050/2050 200 94 - - ---- 1/1/0/0/0 0/0 "GET /2009-04-04/meta-data/block-device-mapping HTTP/1.1"
Oct 05 23:43:38 np0005471485.novalocal sudo[101991]: cinder : PWD=/ ; USER=root ; COMMAND=/usr/bin/cinder-rootwrap /etc/cinder/rootwrap.conf cinder-rtstool save
Oct 05 23:43:38 np0005471485.novalocal systemd[1]: Started Session c137 of User root.
Oct 05 23:43:38 np0005471485.novalocal sudo[101991]: pam_unix(sudo:session): session opened for user root(uid=0) by (uid=165)
Oct 05 23:43:39 np0005471485.novalocal sudo[101991]: pam_unix(sudo:session): session closed for user root
Oct 05 23:43:39 np0005471485.novalocal systemd[1]: session-c137.scope: Deactivated successfully.
Oct 05 23:43:39 np0005471485.novalocal haproxy-metadata-proxy-b5d8d036-57dd-4097-9b57-cd85306d5865[100545]: ::ffff:10.100.0.10:36776 [05/Oct/2025:23:43:38.906] listener listener/metadata 0/0/0/1024/1024 200 89 - - ---- 1/1/0/0/0 0/0 "GET /2009-04-04/meta-data/block-device-mapping/ami HTTP/1.1"
Oct 05 23:43:40 np0005471485.novalocal sudo[102000]: cinder : PWD=/ ; USER=root ; COMMAND=/usr/bin/cinder-rootwrap /etc/cinder/rootwrap.conf cinder-rtstool get-targets
Oct 05 23:43:40 np0005471485.novalocal systemd[1]: Started Session c138 of User root.
Oct 05 23:43:40 np0005471485.novalocal sudo[102000]: pam_unix(sudo:session): session opened for user root(uid=0) by (uid=165)
Oct 05 23:43:40 np0005471485.novalocal sudo[102000]: pam_unix(sudo:session): session closed for user root
Oct 05 23:43:40 np0005471485.novalocal systemd[1]: session-c138.scope: Deactivated successfully.
Oct 05 23:43:40 np0005471485.novalocal sudo[102005]: cinder : PWD=/ ; USER=root ; COMMAND=/usr/bin/cinder-rootwrap /etc/cinder/rootwrap.conf env LC_ALL=C lvs --noheadings --unit=g -o vg_name,name,size --nosuffix --readonly cinder-volumes/volume-fcfe7e9b-8a68-4f93-9af3-ae4fc6afbc23
Oct 05 23:43:40 np0005471485.novalocal systemd[1]: Started Session c139 of User root.
Oct 05 23:43:40 np0005471485.novalocal sudo[102005]: pam_unix(sudo:session): session opened for user root(uid=0) by (uid=165)
Oct 05 23:43:41 np0005471485.novalocal haproxy-metadata-proxy-b5d8d036-57dd-4097-9b57-cd85306d5865[100545]: ::ffff:10.100.0.10:36778 [05/Oct/2025:23:43:39.984] listener listener/metadata 0/0/0/1031/1031 200 94 - - ---- 1/1/0/0/0 0/0 "GET /2009-04-04/meta-data/block-device-mapping/root HTTP/1.1"
Oct 05 23:43:41 np0005471485.novalocal sudo[102005]: pam_unix(sudo:session): session closed for user root
Oct 05 23:43:41 np0005471485.novalocal systemd[1]: session-c139.scope: Deactivated successfully.
Oct 05 23:43:41 np0005471485.novalocal sudo[102009]: cinder : PWD=/ ; USER=root ; COMMAND=/usr/bin/cinder-rootwrap /etc/cinder/rootwrap.conf env LC_ALL=C lvdisplay --noheading -C -o Attr --readonly cinder-volumes/volume-fcfe7e9b-8a68-4f93-9af3-ae4fc6afbc23
Oct 05 23:43:41 np0005471485.novalocal systemd[1]: Started Session c140 of User root.
Oct 05 23:43:41 np0005471485.novalocal sudo[102009]: pam_unix(sudo:session): session opened for user root(uid=0) by (uid=165)
Oct 05 23:43:41 np0005471485.novalocal object-server[93954]: ::1 - - [06/Oct/2025:03:43:41 +0000] "GET /1/129587/AUTH_7aebe34b89554e87825206ce40aeb2f7/gnocchi.79d07197-b1c9-4c32-9ab2-f7994e7278b3/none_v3" 200 25 "GET https://[::1]:8080/v1/AUTH_7aebe34b89554e87825206ce40aeb2f7/gnocchi.79d07197-b1c9-4c32-9ab2-f7994e7278b3/none_v3" "tx2193695519c74d39a7d6e-0068e33aed" "proxy-server 94957" 0.0011 "-" 93954 0
Oct 05 23:43:41 np0005471485.novalocal proxy-server[94957]: ::1 ::1 06/Oct/2025/03/43/41 GET /v1/AUTH_7aebe34b89554e87825206ce40aeb2f7/gnocchi.79d07197-b1c9-4c32-9ab2-f7994e7278b3/none_v3 HTTP/1.0 200 - python-swiftclient-4.8.0 gAAAAABo4zrG_lV4... - 25 - tx2193695519c74d39a7d6e-0068e33aed - 0.0119 - - 1759722221.157945633 1759722221.169825792 0 7b03bd18aea8470cbeb747235c58da52
Oct 05 23:43:41 np0005471485.novalocal container-server[93621]: ::1 - - [06/Oct/2025:03:43:41 +0000] "GET /3/161625/AUTH_7aebe34b89554e87825206ce40aeb2f7/gnocchi.79d07197-b1c9-4c32-9ab2-f7994e7278b3" 200 357 "GET https://[::1]:8080/v1/AUTH_7aebe34b89554e87825206ce40aeb2f7/gnocchi.79d07197-b1c9-4c32-9ab2-f7994e7278b3?format=json&states=listing" "tx43baf83b4fe3471684dc9-0068e33aed" "proxy-server 94957" 0.0040 "-" 93621 0
Oct 05 23:43:41 np0005471485.novalocal proxy-server[94957]: ::1 ::1 06/Oct/2025/03/43/41 GET /v1/AUTH_7aebe34b89554e87825206ce40aeb2f7/gnocchi.79d07197-b1c9-4c32-9ab2-f7994e7278b3%3Fformat%3Djson%26states%3Dlisting HTTP/1.0 200 - python-swiftclient-4.8.0 gAAAAABo4zrG_lV4... - 357 - tx43baf83b4fe3471684dc9-0068e33aed - 0.0173 - - 1759722221.178119183 1759722221.195382833 0 7b03bd18aea8470cbeb747235c58da52
Oct 05 23:43:41 np0005471485.novalocal container-server[93621]: ::1 - - [06/Oct/2025:03:43:41 +0000] "GET /2/161625/AUTH_7aebe34b89554e87825206ce40aeb2f7/gnocchi.79d07197-b1c9-4c32-9ab2-f7994e7278b3" 200 2 "GET https://[::1]:8080/v1/AUTH_7aebe34b89554e87825206ce40aeb2f7/gnocchi.79d07197-b1c9-4c32-9ab2-f7994e7278b3?format=json&marker=none_v3&states=listing" "txb881bbe659804fba980a4-0068e33aed" "proxy-server 94957" 0.0037 "-" 93621 0
Oct 05 23:43:41 np0005471485.novalocal proxy-server[94957]: ::1 ::1 06/Oct/2025/03/43/41 GET /v1/AUTH_7aebe34b89554e87825206ce40aeb2f7/gnocchi.79d07197-b1c9-4c32-9ab2-f7994e7278b3%3Fformat%3Djson%26marker%3Dnone_v3%26states%3Dlisting HTTP/1.0 200 - python-swiftclient-4.8.0 gAAAAABo4zrG_lV4... - 2 - txb881bbe659804fba980a4-0068e33aed - 0.0151 - - 1759722221.200823069 1759722221.215934277 0 7b03bd18aea8470cbeb747235c58da52
Oct 05 23:43:41 np0005471485.novalocal object-server[93955]: ::1 - - [06/Oct/2025:03:43:41 +0000] "GET /2/174655/AUTH_7aebe34b89554e87825206ce40aeb2f7/gnocchi.79d07197-b1c9-4c32-9ab2-f7994e7278b3/1759320000.0_mean_300.0_v3" 200 16 "GET https://[::1]:8080/v1/AUTH_7aebe34b89554e87825206ce40aeb2f7/gnocchi.79d07197-b1c9-4c32-9ab2-f7994e7278b3/1759320000.0_mean_300.0_v3" "txd0dba72c52914900b922b-0068e33aed" "proxy-server 94957" 0.0013 "-" 93955 0
Oct 05 23:43:41 np0005471485.novalocal proxy-server[94957]: ::1 ::1 06/Oct/2025/03/43/41 GET /v1/AUTH_7aebe34b89554e87825206ce40aeb2f7/gnocchi.79d07197-b1c9-4c32-9ab2-f7994e7278b3/1759320000.0_mean_300.0_v3 HTTP/1.0 200 - python-swiftclient-4.8.0 gAAAAABo4zrG_lV4... - 16 - txd0dba72c52914900b922b-0068e33aed - 0.0107 - - 1759722221.221697330 1759722221.232441664 0 7b03bd18aea8470cbeb747235c58da52
Oct 05 23:43:41 np0005471485.novalocal container-server[93622]: ::1 - - [06/Oct/2025:03:43:41 +0000] "PUT /3/161625/AUTH_7aebe34b89554e87825206ce40aeb2f7/gnocchi.79d07197-b1c9-4c32-9ab2-f7994e7278b3/1759320000.0_mean_300.0_v3" 201 - "PUT http://[::1]:8080/3/174655/AUTH_7aebe34b89554e87825206ce40aeb2f7/gnocchi.79d07197-b1c9-4c32-9ab2-f7994e7278b3/1759320000.0_mean_300.0_v3" "txe1ac5694464a437aa7c94-0068e33aed" "object-server 93955" 0.0009 "-" 93622 0
Oct 05 23:43:41 np0005471485.novalocal object-server[93955]: ::1 - - [06/Oct/2025:03:43:41 +0000] "PUT /3/174655/AUTH_7aebe34b89554e87825206ce40aeb2f7/gnocchi.79d07197-b1c9-4c32-9ab2-f7994e7278b3/1759320000.0_mean_300.0_v3" 201 - "PUT https://[::1]:8080/v1/AUTH_7aebe34b89554e87825206ce40aeb2f7/gnocchi.79d07197-b1c9-4c32-9ab2-f7994e7278b3/1759320000.0_mean_300.0_v3" "txe1ac5694464a437aa7c94-0068e33aed" "proxy-server 94957" 0.0192 "-" 93955 0
Oct 05 23:43:41 np0005471485.novalocal container-server[93622]: ::1 - - [06/Oct/2025:03:43:41 +0000] "PUT /1/161625/AUTH_7aebe34b89554e87825206ce40aeb2f7/gnocchi.79d07197-b1c9-4c32-9ab2-f7994e7278b3/1759320000.0_mean_300.0_v3" 201 - "PUT http://[::1]:8080/2/174655/AUTH_7aebe34b89554e87825206ce40aeb2f7/gnocchi.79d07197-b1c9-4c32-9ab2-f7994e7278b3/1759320000.0_mean_300.0_v3" "txe1ac5694464a437aa7c94-0068e33aed" "object-server 93955" 0.0006 "-" 93622 0
Oct 05 23:43:41 np0005471485.novalocal object-server[93955]: ::1 - - [06/Oct/2025:03:43:41 +0000] "PUT /2/174655/AUTH_7aebe34b89554e87825206ce40aeb2f7/gnocchi.79d07197-b1c9-4c32-9ab2-f7994e7278b3/1759320000.0_mean_300.0_v3" 201 - "PUT https://[::1]:8080/v1/AUTH_7aebe34b89554e87825206ce40aeb2f7/gnocchi.79d07197-b1c9-4c32-9ab2-f7994e7278b3/1759320000.0_mean_300.0_v3" "txe1ac5694464a437aa7c94-0068e33aed" "proxy-server 94957" 0.0175 "-" 93955 0
Oct 05 23:43:41 np0005471485.novalocal container-server[93622]: ::1 - - [06/Oct/2025:03:43:41 +0000] "PUT /2/161625/AUTH_7aebe34b89554e87825206ce40aeb2f7/gnocchi.79d07197-b1c9-4c32-9ab2-f7994e7278b3/1759320000.0_mean_300.0_v3" 201 - "PUT http://[::1]:8080/1/174655/AUTH_7aebe34b89554e87825206ce40aeb2f7/gnocchi.79d07197-b1c9-4c32-9ab2-f7994e7278b3/1759320000.0_mean_300.0_v3" "txe1ac5694464a437aa7c94-0068e33aed" "object-server 93954" 0.0006 "-" 93622 0
Oct 05 23:43:41 np0005471485.novalocal object-server[93954]: ::1 - - [06/Oct/2025:03:43:41 +0000] "PUT /1/174655/AUTH_7aebe34b89554e87825206ce40aeb2f7/gnocchi.79d07197-b1c9-4c32-9ab2-f7994e7278b3/1759320000.0_mean_300.0_v3" 201 - "PUT https://[::1]:8080/v1/AUTH_7aebe34b89554e87825206ce40aeb2f7/gnocchi.79d07197-b1c9-4c32-9ab2-f7994e7278b3/1759320000.0_mean_300.0_v3" "txe1ac5694464a437aa7c94-0068e33aed" "proxy-server 94957" 0.0251 "-" 93954 0
Oct 05 23:43:41 np0005471485.novalocal proxy-server[94957]: ::1 ::1 06/Oct/2025/03/43/41 PUT /v1/AUTH_7aebe34b89554e87825206ce40aeb2f7/gnocchi.79d07197-b1c9-4c32-9ab2-f7994e7278b3/1759320000.0_mean_300.0_v3 HTTP/1.0 201 - python-swiftclient-4.8.0 gAAAAABo4zrG_lV4... 16 - - txe1ac5694464a437aa7c94-0068e33aed - 0.0346 - - 1759722221.235948324 1759722221.270594358 0 7b03bd18aea8470cbeb747235c58da52
Oct 05 23:43:41 np0005471485.novalocal container-server[93621]: ::1 - - [06/Oct/2025:03:43:41 +0000] "PUT /1/161625/AUTH_7aebe34b89554e87825206ce40aeb2f7/gnocchi.79d07197-b1c9-4c32-9ab2-f7994e7278b3/none_v3" 201 - "PUT http://[::1]:8080/3/129587/AUTH_7aebe34b89554e87825206ce40aeb2f7/gnocchi.79d07197-b1c9-4c32-9ab2-f7994e7278b3/none_v3" "tx1e715783792c4e988d3f5-0068e33aed" "object-server 93955" 0.0013 "-" 93621 0
Oct 05 23:43:41 np0005471485.novalocal object-server[93955]: ::1 - - [06/Oct/2025:03:43:41 +0000] "PUT /3/129587/AUTH_7aebe34b89554e87825206ce40aeb2f7/gnocchi.79d07197-b1c9-4c32-9ab2-f7994e7278b3/none_v3" 201 - "PUT https://[::1]:8080/v1/AUTH_7aebe34b89554e87825206ce40aeb2f7/gnocchi.79d07197-b1c9-4c32-9ab2-f7994e7278b3/none_v3" "tx1e715783792c4e988d3f5-0068e33aed" "proxy-server 94957" 0.0211 "-" 93955 0
Oct 05 23:43:41 np0005471485.novalocal container-server[93621]: ::1 - - [06/Oct/2025:03:43:41 +0000] "PUT /2/161625/AUTH_7aebe34b89554e87825206ce40aeb2f7/gnocchi.79d07197-b1c9-4c32-9ab2-f7994e7278b3/none_v3" 201 - "PUT http://[::1]:8080/1/129587/AUTH_7aebe34b89554e87825206ce40aeb2f7/gnocchi.79d07197-b1c9-4c32-9ab2-f7994e7278b3/none_v3" "tx1e715783792c4e988d3f5-0068e33aed" "object-server 93955" 0.0022 "-" 93621 0
Oct 05 23:43:41 np0005471485.novalocal object-server[93955]: ::1 - - [06/Oct/2025:03:43:41 +0000] "PUT /1/129587/AUTH_7aebe34b89554e87825206ce40aeb2f7/gnocchi.79d07197-b1c9-4c32-9ab2-f7994e7278b3/none_v3" 201 - "PUT https://[::1]:8080/v1/AUTH_7aebe34b89554e87825206ce40aeb2f7/gnocchi.79d07197-b1c9-4c32-9ab2-f7994e7278b3/none_v3" "tx1e715783792c4e988d3f5-0068e33aed" "proxy-server 94957" 0.0238 "-" 93955 0
Oct 05 23:43:41 np0005471485.novalocal container-server[93621]: ::1 - - [06/Oct/2025:03:43:41 +0000] "PUT /3/161625/AUTH_7aebe34b89554e87825206ce40aeb2f7/gnocchi.79d07197-b1c9-4c32-9ab2-f7994e7278b3/none_v3" 201 - "PUT http://[::1]:8080/2/129587/AUTH_7aebe34b89554e87825206ce40aeb2f7/gnocchi.79d07197-b1c9-4c32-9ab2-f7994e7278b3/none_v3" "tx1e715783792c4e988d3f5-0068e33aed" "object-server 93955" 0.0013 "-" 93621 0
Oct 05 23:43:41 np0005471485.novalocal object-server[93955]: ::1 - - [06/Oct/2025:03:43:41 +0000] "PUT /2/129587/AUTH_7aebe34b89554e87825206ce40aeb2f7/gnocchi.79d07197-b1c9-4c32-9ab2-f7994e7278b3/none_v3" 201 - "PUT https://[::1]:8080/v1/AUTH_7aebe34b89554e87825206ce40aeb2f7/gnocchi.79d07197-b1c9-4c32-9ab2-f7994e7278b3/none_v3" "tx1e715783792c4e988d3f5-0068e33aed" "proxy-server 94957" 0.0248 "-" 93955 0
Oct 05 23:43:41 np0005471485.novalocal proxy-server[94957]: ::1 ::1 06/Oct/2025/03/43/41 PUT /v1/AUTH_7aebe34b89554e87825206ce40aeb2f7/gnocchi.79d07197-b1c9-4c32-9ab2-f7994e7278b3/none_v3 HTTP/1.0 201 - python-swiftclient-4.8.0 gAAAAABo4zrG_lV4... 38 - - tx1e715783792c4e988d3f5-0068e33aed - 0.0390 - - 1759722221.273992777 1759722221.312972307 0 7b03bd18aea8470cbeb747235c58da52
Oct 05 23:43:41 np0005471485.novalocal object-server[93954]: ::1 - - [06/Oct/2025:03:43:41 +0000] "GET /1/1015/AUTH_7aebe34b89554e87825206ce40aeb2f7/gnocchi.d3a76a14-3283-4877-9bec-34600f149c4f/none_v3" 200 29 "GET https://[::1]:8080/v1/AUTH_7aebe34b89554e87825206ce40aeb2f7/gnocchi.d3a76a14-3283-4877-9bec-34600f149c4f/none_v3" "txd0e740df2906483bb0880-0068e33aed" "proxy-server 94957" 0.0012 "-" 93954 0
Oct 05 23:43:41 np0005471485.novalocal proxy-server[94957]: ::1 ::1 06/Oct/2025/03/43/41 GET /v1/AUTH_7aebe34b89554e87825206ce40aeb2f7/gnocchi.d3a76a14-3283-4877-9bec-34600f149c4f/none_v3 HTTP/1.0 200 - python-swiftclient-4.8.0 gAAAAABo4zrG_lV4... - 29 - txd0e740df2906483bb0880-0068e33aed - 0.0106 - - 1759722221.371259451 1759722221.381893158 0 7b03bd18aea8470cbeb747235c58da52
Oct 05 23:43:41 np0005471485.novalocal container-server[93621]: ::1 - - [06/Oct/2025:03:43:41 +0000] "GET /1/242516/AUTH_7aebe34b89554e87825206ce40aeb2f7/gnocchi.d3a76a14-3283-4877-9bec-34600f149c4f" 200 357 "GET https://[::1]:8080/v1/AUTH_7aebe34b89554e87825206ce40aeb2f7/gnocchi.d3a76a14-3283-4877-9bec-34600f149c4f?format=json&states=listing" "tx4ae3a8c9857b400e93bbe-0068e33aed" "proxy-server 94957" 0.0043 "-" 93621 0
Oct 05 23:43:41 np0005471485.novalocal proxy-server[94957]: ::1 ::1 06/Oct/2025/03/43/41 GET /v1/AUTH_7aebe34b89554e87825206ce40aeb2f7/gnocchi.d3a76a14-3283-4877-9bec-34600f149c4f%3Fformat%3Djson%26states%3Dlisting HTTP/1.0 200 - python-swiftclient-4.8.0 gAAAAABo4zrG_lV4... - 357 - tx4ae3a8c9857b400e93bbe-0068e33aed - 0.0122 - - 1759722221.386330605 1759722221.398539066 0 7b03bd18aea8470cbeb747235c58da52
Oct 05 23:43:41 np0005471485.novalocal container-server[93621]: ::1 - - [06/Oct/2025:03:43:41 +0000] "GET /2/242516/AUTH_7aebe34b89554e87825206ce40aeb2f7/gnocchi.d3a76a14-3283-4877-9bec-34600f149c4f" 200 2 "GET https://[::1]:8080/v1/AUTH_7aebe34b89554e87825206ce40aeb2f7/gnocchi.d3a76a14-3283-4877-9bec-34600f149c4f?format=json&marker=none_v3&states=listing" "tx864c65f4ea1a4966905e1-0068e33aed" "proxy-server 94957" 0.0041 "-" 93621 0
Oct 05 23:43:41 np0005471485.novalocal proxy-server[94957]: ::1 ::1 06/Oct/2025/03/43/41 GET /v1/AUTH_7aebe34b89554e87825206ce40aeb2f7/gnocchi.d3a76a14-3283-4877-9bec-34600f149c4f%3Fformat%3Djson%26marker%3Dnone_v3%26states%3Dlisting HTTP/1.0 200 - python-swiftclient-4.8.0 gAAAAABo4zrG_lV4... - 2 - tx864c65f4ea1a4966905e1-0068e33aed - 0.0117 - - 1759722221.401649714 1759722221.413379908 0 7b03bd18aea8470cbeb747235c58da52
Oct 05 23:43:41 np0005471485.novalocal object-server[93955]: ::1 - - [06/Oct/2025:03:43:41 +0000] "GET /1/259890/AUTH_7aebe34b89554e87825206ce40aeb2f7/gnocchi.d3a76a14-3283-4877-9bec-34600f149c4f/1759320000.0_mean_300.0_v3" 200 16 "GET https://[::1]:8080/v1/AUTH_7aebe34b89554e87825206ce40aeb2f7/gnocchi.d3a76a14-3283-4877-9bec-34600f149c4f/1759320000.0_mean_300.0_v3" "tx33055189fc5744fe9d95b-0068e33aed" "proxy-server 94957" 0.0013 "-" 93955 0
Oct 05 23:43:41 np0005471485.novalocal proxy-server[94957]: ::1 ::1 06/Oct/2025/03/43/41 GET /v1/AUTH_7aebe34b89554e87825206ce40aeb2f7/gnocchi.d3a76a14-3283-4877-9bec-34600f149c4f/1759320000.0_mean_300.0_v3 HTTP/1.0 200 - python-swiftclient-4.8.0 gAAAAABo4zrG_lV4... - 16 - tx33055189fc5744fe9d95b-0068e33aed - 0.0104 - - 1759722221.417641640 1759722221.428087473 0 7b03bd18aea8470cbeb747235c58da52
Oct 05 23:43:41 np0005471485.novalocal container-server[93621]: ::1 - - [06/Oct/2025:03:43:41 +0000] "PUT /1/242516/AUTH_7aebe34b89554e87825206ce40aeb2f7/gnocchi.d3a76a14-3283-4877-9bec-34600f149c4f/1759320000.0_mean_300.0_v3" 201 - "PUT http://[::1]:8080/2/259890/AUTH_7aebe34b89554e87825206ce40aeb2f7/gnocchi.d3a76a14-3283-4877-9bec-34600f149c4f/1759320000.0_mean_300.0_v3" "tx7aeb2af39c96407b8c74c-0068e33aed" "object-server 93955" 0.0008 "-" 93621 0
Oct 05 23:43:41 np0005471485.novalocal container-server[93622]: ::1 - - [06/Oct/2025:03:43:41 +0000] "PUT /2/242516/AUTH_7aebe34b89554e87825206ce40aeb2f7/gnocchi.d3a76a14-3283-4877-9bec-34600f149c4f/1759320000.0_mean_300.0_v3" 201 - "PUT http://[::1]:8080/1/259890/AUTH_7aebe34b89554e87825206ce40aeb2f7/gnocchi.d3a76a14-3283-4877-9bec-34600f149c4f/1759320000.0_mean_300.0_v3" "tx7aeb2af39c96407b8c74c-0068e33aed" "object-server 93955" 0.0011 "-" 93622 0
Oct 05 23:43:41 np0005471485.novalocal object-server[93955]: ::1 - - [06/Oct/2025:03:43:41 +0000] "PUT /1/259890/AUTH_7aebe34b89554e87825206ce40aeb2f7/gnocchi.d3a76a14-3283-4877-9bec-34600f149c4f/1759320000.0_mean_300.0_v3" 201 - "PUT https://[::1]:8080/v1/AUTH_7aebe34b89554e87825206ce40aeb2f7/gnocchi.d3a76a14-3283-4877-9bec-34600f149c4f/1759320000.0_mean_300.0_v3" "tx7aeb2af39c96407b8c74c-0068e33aed" "proxy-server 94957" 0.0162 "-" 93955 0
Oct 05 23:43:41 np0005471485.novalocal object-server[93955]: ::1 - - [06/Oct/2025:03:43:41 +0000] "PUT /2/259890/AUTH_7aebe34b89554e87825206ce40aeb2f7/gnocchi.d3a76a14-3283-4877-9bec-34600f149c4f/1759320000.0_mean_300.0_v3" 201 - "PUT https://[::1]:8080/v1/AUTH_7aebe34b89554e87825206ce40aeb2f7/gnocchi.d3a76a14-3283-4877-9bec-34600f149c4f/1759320000.0_mean_300.0_v3" "tx7aeb2af39c96407b8c74c-0068e33aed" "proxy-server 94957" 0.0145 "-" 93955 0
Oct 05 23:43:41 np0005471485.novalocal container-server[93621]: ::1 - - [06/Oct/2025:03:43:41 +0000] "PUT /3/242516/AUTH_7aebe34b89554e87825206ce40aeb2f7/gnocchi.d3a76a14-3283-4877-9bec-34600f149c4f/1759320000.0_mean_300.0_v3" 201 - "PUT http://[::1]:8080/3/259890/AUTH_7aebe34b89554e87825206ce40aeb2f7/gnocchi.d3a76a14-3283-4877-9bec-34600f149c4f/1759320000.0_mean_300.0_v3" "tx7aeb2af39c96407b8c74c-0068e33aed" "object-server 93954" 0.0008 "-" 93621 0
Oct 05 23:43:41 np0005471485.novalocal object-server[93954]: ::1 - - [06/Oct/2025:03:43:41 +0000] "PUT /3/259890/AUTH_7aebe34b89554e87825206ce40aeb2f7/gnocchi.d3a76a14-3283-4877-9bec-34600f149c4f/1759320000.0_mean_300.0_v3" 201 - "PUT https://[::1]:8080/v1/AUTH_7aebe34b89554e87825206ce40aeb2f7/gnocchi.d3a76a14-3283-4877-9bec-34600f149c4f/1759320000.0_mean_300.0_v3" "tx7aeb2af39c96407b8c74c-0068e33aed" "proxy-server 94957" 0.0186 "-" 93954 0
Oct 05 23:43:41 np0005471485.novalocal proxy-server[94957]: ::1 ::1 06/Oct/2025/03/43/41 PUT /v1/AUTH_7aebe34b89554e87825206ce40aeb2f7/gnocchi.d3a76a14-3283-4877-9bec-34600f149c4f/1759320000.0_mean_300.0_v3 HTTP/1.0 201 - python-swiftclient-4.8.0 gAAAAABo4zrG_lV4... 16 - - tx7aeb2af39c96407b8c74c-0068e33aed - 0.0268 - - 1759722221.432060957 1759722221.458842993 0 7b03bd18aea8470cbeb747235c58da52
Oct 05 23:43:41 np0005471485.novalocal sudo[102009]: pam_unix(sudo:session): session closed for user root
Oct 05 23:43:41 np0005471485.novalocal systemd[1]: session-c140.scope: Deactivated successfully.
Oct 05 23:43:41 np0005471485.novalocal container-server[93621]: ::1 - - [06/Oct/2025:03:43:41 +0000] "PUT /2/242516/AUTH_7aebe34b89554e87825206ce40aeb2f7/gnocchi.d3a76a14-3283-4877-9bec-34600f149c4f/none_v3" 201 - "PUT http://[::1]:8080/3/1015/AUTH_7aebe34b89554e87825206ce40aeb2f7/gnocchi.d3a76a14-3283-4877-9bec-34600f149c4f/none_v3" "txb1d2ea9f92564cfb94ff4-0068e33aed" "object-server 93955" 0.0010 "-" 93621 0
Oct 05 23:43:41 np0005471485.novalocal container-server[93622]: ::1 - - [06/Oct/2025:03:43:41 +0000] "PUT /1/242516/AUTH_7aebe34b89554e87825206ce40aeb2f7/gnocchi.d3a76a14-3283-4877-9bec-34600f149c4f/none_v3" 201 - "PUT http://[::1]:8080/2/1015/AUTH_7aebe34b89554e87825206ce40aeb2f7/gnocchi.d3a76a14-3283-4877-9bec-34600f149c4f/none_v3" "txb1d2ea9f92564cfb94ff4-0068e33aed" "object-server 93954" 0.0008 "-" 93622 0
