Oct 05 23:44:23 np0005471485.novalocal proxy-server[94957]: ::1 ::1 06/Oct/2025/03/44/23 PUT /v1/AUTH_7aebe34b89554e87825206ce40aeb2f7/gnocchi.8de7d202-caa1-4d38-a702-0aeabd8ea4f4/none_v3 HTTP/1.0 201 - python-swiftclient-4.8.0 gAAAAABo4zrI4CaX... 31 - - tx4a74e30997ea48a091c3e-0068e33b17 - 0.0378 - - 1759722263.585253239 1759722263.623082399 0 7b03bd18aea8470cbeb747235c58da52
Oct 05 23:44:23 np0005471485.novalocal dnsmasq[100719]: exiting on receipt of SIGTERM
Oct 05 23:44:23 np0005471485.novalocal kernel: tapc1aa72b4-d1: left promiscuous mode
Oct 05 23:44:24 np0005471485.novalocal object-reconstructor[93190]: Starting object reconstruction pass.
Oct 05 23:44:24 np0005471485.novalocal object-reconstructor[93190]: Nothing reconstructed for 0.0004451274871826172 seconds.
Oct 05 23:44:24 np0005471485.novalocal object-reconstructor[93190]: Object reconstruction complete. (0.00 minutes)
Oct 05 23:44:24 np0005471485.novalocal systemd[1]: run-netns-qdhcp\x2d29cfdef7\x2dcd41\x2d461a\x2d9c85\x2d831fc9b6ce2f.mount: Deactivated successfully.
Oct 05 23:44:24 np0005471485.novalocal dnsmasq[102572]: read /var/lib/neutron/dhcp/1cac5c80-4515-4e2b-8e07-ed10dc6918f2/addn_hosts - 1 addresses
Oct 05 23:44:24 np0005471485.novalocal dnsmasq-dhcp[102572]: read /var/lib/neutron/dhcp/1cac5c80-4515-4e2b-8e07-ed10dc6918f2/host
Oct 05 23:44:24 np0005471485.novalocal dnsmasq-dhcp[102572]: read /var/lib/neutron/dhcp/1cac5c80-4515-4e2b-8e07-ed10dc6918f2/opts
Oct 05 23:44:26 np0005471485.novalocal object-server[93955]: ::1 - - [06/Oct/2025:03:44:26 +0000] "GET /1/95924/AUTH_7aebe34b89554e87825206ce40aeb2f7/gnocchi.b4052cef-64ea-4faa-b887-71d6a277e880/none_v3" 200 32 "GET https://[::1]:8080/v1/AUTH_7aebe34b89554e87825206ce40aeb2f7/gnocchi.b4052cef-64ea-4faa-b887-71d6a277e880/none_v3" "tx997772f8a68a4f8aafaec-0068e33b1a" "proxy-server 94957" 0.0010 "-" 93955 0
Oct 05 23:44:26 np0005471485.novalocal proxy-server[94957]: ::1 ::1 06/Oct/2025/03/44/26 GET /v1/AUTH_7aebe34b89554e87825206ce40aeb2f7/gnocchi.b4052cef-64ea-4faa-b887-71d6a277e880/none_v3 HTTP/1.0 200 - python-swiftclient-4.8.0 gAAAAABo4zrG_lV4... - 32 - tx997772f8a68a4f8aafaec-0068e33b1a - 0.0083 - - 1759722266.052939892 1759722266.061227798 0 7b03bd18aea8470cbeb747235c58da52
Oct 05 23:44:26 np0005471485.novalocal container-server[93621]: ::1 - - [06/Oct/2025:03:44:26 +0000] "GET /1/98897/AUTH_7aebe34b89554e87825206ce40aeb2f7/gnocchi.b4052cef-64ea-4faa-b887-71d6a277e880" 200 357 "GET https://[::1]:8080/v1/AUTH_7aebe34b89554e87825206ce40aeb2f7/gnocchi.b4052cef-64ea-4faa-b887-71d6a277e880?format=json&states=listing" "txf7df9826dbaf44a290208-0068e33b1a" "proxy-server 94957" 0.0072 "-" 93621 0
Oct 05 23:44:26 np0005471485.novalocal proxy-server[94957]: ::1 ::1 06/Oct/2025/03/44/26 GET /v1/AUTH_7aebe34b89554e87825206ce40aeb2f7/gnocchi.b4052cef-64ea-4faa-b887-71d6a277e880%3Fformat%3Djson%26states%3Dlisting HTTP/1.0 200 - python-swiftclient-4.8.0 gAAAAABo4zrG_lV4... - 357 - txf7df9826dbaf44a290208-0068e33b1a - 0.0144 - - 1759722266.064962864 1759722266.079381943 0 7b03bd18aea8470cbeb747235c58da52
Oct 05 23:44:26 np0005471485.novalocal container-server[93622]: ::1 - - [06/Oct/2025:03:44:26 +0000] "GET /3/98897/AUTH_7aebe34b89554e87825206ce40aeb2f7/gnocchi.b4052cef-64ea-4faa-b887-71d6a277e880" 200 2 "GET https://[::1]:8080/v1/AUTH_7aebe34b89554e87825206ce40aeb2f7/gnocchi.b4052cef-64ea-4faa-b887-71d6a277e880?format=json&marker=none_v3&states=listing" "txb8d0c35575d44f0484b8c-0068e33b1a" "proxy-server 94957" 0.0050 "-" 93622 0
Oct 05 23:44:26 np0005471485.novalocal proxy-server[94957]: ::1 ::1 06/Oct/2025/03/44/26 GET /v1/AUTH_7aebe34b89554e87825206ce40aeb2f7/gnocchi.b4052cef-64ea-4faa-b887-71d6a277e880%3Fformat%3Djson%26marker%3Dnone_v3%26states%3Dlisting HTTP/1.0 200 - python-swiftclient-4.8.0 gAAAAABo4zrG_lV4... - 2 - txb8d0c35575d44f0484b8c-0068e33b1a - 0.0121 - - 1759722266.082303762 1759722266.094374180 0 7b03bd18aea8470cbeb747235c58da52
Oct 05 23:44:26 np0005471485.novalocal object-server[93955]: ::1 - - [06/Oct/2025:03:44:26 +0000] "GET /1/68333/AUTH_7aebe34b89554e87825206ce40aeb2f7/gnocchi.b4052cef-64ea-4faa-b887-71d6a277e880/1759320000.0_mean_300.0_v3" 200 16 "GET https://[::1]:8080/v1/AUTH_7aebe34b89554e87825206ce40aeb2f7/gnocchi.b4052cef-64ea-4faa-b887-71d6a277e880/1759320000.0_mean_300.0_v3" "txe0df32fb55554c03814c7-0068e33b1a" "proxy-server 94957" 0.0010 "-" 93955 0
Oct 05 23:44:26 np0005471485.novalocal proxy-server[94957]: ::1 ::1 06/Oct/2025/03/44/26 GET /v1/AUTH_7aebe34b89554e87825206ce40aeb2f7/gnocchi.b4052cef-64ea-4faa-b887-71d6a277e880/1759320000.0_mean_300.0_v3 HTTP/1.0 200 - python-swiftclient-4.8.0 gAAAAABo4zrG_lV4... - 16 - txe0df32fb55554c03814c7-0068e33b1a - 0.0087 - - 1759722266.098259926 1759722266.107006788 0 7b03bd18aea8470cbeb747235c58da52
Oct 05 23:44:26 np0005471485.novalocal container-server[93622]: ::1 - - [06/Oct/2025:03:44:26 +0000] "PUT /2/98897/AUTH_7aebe34b89554e87825206ce40aeb2f7/gnocchi.b4052cef-64ea-4faa-b887-71d6a277e880/1759320000.0_mean_300.0_v3" 201 - "PUT http://[::1]:8080/1/68333/AUTH_7aebe34b89554e87825206ce40aeb2f7/gnocchi.b4052cef-64ea-4faa-b887-71d6a277e880/1759320000.0_mean_300.0_v3" "txa8dd6c8d197547b0bd043-0068e33b1a" "object-server 93955" 0.0004 "-" 93622 0
Oct 05 23:44:26 np0005471485.novalocal container-server[93621]: ::1 - - [06/Oct/2025:03:44:26 +0000] "PUT /1/98897/AUTH_7aebe34b89554e87825206ce40aeb2f7/gnocchi.b4052cef-64ea-4faa-b887-71d6a277e880/1759320000.0_mean_300.0_v3" 201 - "PUT http://[::1]:8080/2/68333/AUTH_7aebe34b89554e87825206ce40aeb2f7/gnocchi.b4052cef-64ea-4faa-b887-71d6a277e880/1759320000.0_mean_300.0_v3" "txa8dd6c8d197547b0bd043-0068e33b1a" "object-server 93955" 0.0004 "-" 93621 0
Oct 05 23:44:26 np0005471485.novalocal container-server[93622]: ::1 - - [06/Oct/2025:03:44:26 +0000] "PUT /3/98897/AUTH_7aebe34b89554e87825206ce40aeb2f7/gnocchi.b4052cef-64ea-4faa-b887-71d6a277e880/1759320000.0_mean_300.0_v3" 201 - "PUT http://[::1]:8080/3/68333/AUTH_7aebe34b89554e87825206ce40aeb2f7/gnocchi.b4052cef-64ea-4faa-b887-71d6a277e880/1759320000.0_mean_300.0_v3" "txa8dd6c8d197547b0bd043-0068e33b1a" "object-server 93955" 0.0009 "-" 93622 0
Oct 05 23:44:26 np0005471485.novalocal object-server[93955]: ::1 - - [06/Oct/2025:03:44:26 +0000] "PUT /1/68333/AUTH_7aebe34b89554e87825206ce40aeb2f7/gnocchi.b4052cef-64ea-4faa-b887-71d6a277e880/1759320000.0_mean_300.0_v3" 201 - "PUT https://[::1]:8080/v1/AUTH_7aebe34b89554e87825206ce40aeb2f7/gnocchi.b4052cef-64ea-4faa-b887-71d6a277e880/1759320000.0_mean_300.0_v3" "txa8dd6c8d197547b0bd043-0068e33b1a" "proxy-server 94957" 0.0176 "-" 93955 0
Oct 05 23:44:26 np0005471485.novalocal object-server[93955]: ::1 - - [06/Oct/2025:03:44:26 +0000] "PUT /3/68333/AUTH_7aebe34b89554e87825206ce40aeb2f7/gnocchi.b4052cef-64ea-4faa-b887-71d6a277e880/1759320000.0_mean_300.0_v3" 201 - "PUT https://[::1]:8080/v1/AUTH_7aebe34b89554e87825206ce40aeb2f7/gnocchi.b4052cef-64ea-4faa-b887-71d6a277e880/1759320000.0_mean_300.0_v3" "txa8dd6c8d197547b0bd043-0068e33b1a" "proxy-server 94957" 0.0174 "-" 93955 0
Oct 05 23:44:26 np0005471485.novalocal object-server[93955]: ::1 - - [06/Oct/2025:03:44:26 +0000] "PUT /2/68333/AUTH_7aebe34b89554e87825206ce40aeb2f7/gnocchi.b4052cef-64ea-4faa-b887-71d6a277e880/1759320000.0_mean_300.0_v3" 201 - "PUT https://[::1]:8080/v1/AUTH_7aebe34b89554e87825206ce40aeb2f7/gnocchi.b4052cef-64ea-4faa-b887-71d6a277e880/1759320000.0_mean_300.0_v3" "txa8dd6c8d197547b0bd043-0068e33b1a" "proxy-server 94957" 0.0162 "-" 93955 0
Oct 05 23:44:26 np0005471485.novalocal proxy-server[94957]: ::1 ::1 06/Oct/2025/03/44/26 PUT /v1/AUTH_7aebe34b89554e87825206ce40aeb2f7/gnocchi.b4052cef-64ea-4faa-b887-71d6a277e880/1759320000.0_mean_300.0_v3 HTTP/1.0 201 - python-swiftclient-4.8.0 gAAAAABo4zrG_lV4... 16 - - txa8dd6c8d197547b0bd043-0068e33b1a - 0.0275 - - 1759722266.110291243 1759722266.137743950 0 7b03bd18aea8470cbeb747235c58da52
Oct 05 23:44:26 np0005471485.novalocal container-server[93621]: ::1 - - [06/Oct/2025:03:44:26 +0000] "PUT /1/98897/AUTH_7aebe34b89554e87825206ce40aeb2f7/gnocchi.b4052cef-64ea-4faa-b887-71d6a277e880/none_v3" 201 - "PUT http://[::1]:8080/2/95924/AUTH_7aebe34b89554e87825206ce40aeb2f7/gnocchi.b4052cef-64ea-4faa-b887-71d6a277e880/none_v3" "tx32e4d521baf14845b3251-0068e33b1a" "object-server 93955" 0.0009 "-" 93621 0
Oct 05 23:44:26 np0005471485.novalocal object-server[93955]: ::1 - - [06/Oct/2025:03:44:26 +0000] "PUT /2/95924/AUTH_7aebe34b89554e87825206ce40aeb2f7/gnocchi.b4052cef-64ea-4faa-b887-71d6a277e880/none_v3" 201 - "PUT https://[::1]:8080/v1/AUTH_7aebe34b89554e87825206ce40aeb2f7/gnocchi.b4052cef-64ea-4faa-b887-71d6a277e880/none_v3" "tx32e4d521baf14845b3251-0068e33b1a" "proxy-server 94957" 0.0096 "-" 93955 0
Oct 05 23:44:26 np0005471485.novalocal container-server[93622]: ::1 - - [06/Oct/2025:03:44:26 +0000] "PUT /2/98897/AUTH_7aebe34b89554e87825206ce40aeb2f7/gnocchi.b4052cef-64ea-4faa-b887-71d6a277e880/none_v3" 201 - "PUT http://[::1]:8080/3/95924/AUTH_7aebe34b89554e87825206ce40aeb2f7/gnocchi.b4052cef-64ea-4faa-b887-71d6a277e880/none_v3" "tx32e4d521baf14845b3251-0068e33b1a" "object-server 93954" 0.0008 "-" 93622 0
Oct 05 23:44:26 np0005471485.novalocal container-server[93621]: ::1 - - [06/Oct/2025:03:44:26 +0000] "PUT /3/98897/AUTH_7aebe34b89554e87825206ce40aeb2f7/gnocchi.b4052cef-64ea-4faa-b887-71d6a277e880/none_v3" 201 - "PUT http://[::1]:8080/1/95924/AUTH_7aebe34b89554e87825206ce40aeb2f7/gnocchi.b4052cef-64ea-4faa-b887-71d6a277e880/none_v3" "tx32e4d521baf14845b3251-0068e33b1a" "object-server 93954" 0.0006 "-" 93621 0
Oct 05 23:44:26 np0005471485.novalocal object-server[93954]: ::1 - - [06/Oct/2025:03:44:26 +0000] "PUT /3/95924/AUTH_7aebe34b89554e87825206ce40aeb2f7/gnocchi.b4052cef-64ea-4faa-b887-71d6a277e880/none_v3" 201 - "PUT https://[::1]:8080/v1/AUTH_7aebe34b89554e87825206ce40aeb2f7/gnocchi.b4052cef-64ea-4faa-b887-71d6a277e880/none_v3" "tx32e4d521baf14845b3251-0068e33b1a" "proxy-server 94957" 0.0111 "-" 93954 0
Oct 05 23:44:26 np0005471485.novalocal object-server[93954]: ::1 - - [06/Oct/2025:03:44:26 +0000] "PUT /1/95924/AUTH_7aebe34b89554e87825206ce40aeb2f7/gnocchi.b4052cef-64ea-4faa-b887-71d6a277e880/none_v3" 201 - "PUT https://[::1]:8080/v1/AUTH_7aebe34b89554e87825206ce40aeb2f7/gnocchi.b4052cef-64ea-4faa-b887-71d6a277e880/none_v3" "tx32e4d521baf14845b3251-0068e33b1a" "proxy-server 94957" 0.0134 "-" 93954 0
Oct 05 23:44:26 np0005471485.novalocal proxy-server[94957]: ::1 ::1 06/Oct/2025/03/44/26 PUT /v1/AUTH_7aebe34b89554e87825206ce40aeb2f7/gnocchi.b4052cef-64ea-4faa-b887-71d6a277e880/none_v3 HTTP/1.0 201 - python-swiftclient-4.8.0 gAAAAABo4zrG_lV4... 45 - - tx32e4d521baf14845b3251-0068e33b1a - 0.0198 - - 1759722266.140429735 1759722266.160243988 0 7b03bd18aea8470cbeb747235c58da52
Oct 05 23:44:26 np0005471485.novalocal object-server[93955]: ::1 - - [06/Oct/2025:03:44:26 +0000] "GET /2/49510/AUTH_7aebe34b89554e87825206ce40aeb2f7/gnocchi.93e9f2d7-0a05-469a-8cd5-74524bd9c296/none_v3" 200 32 "GET https://[::1]:8080/v1/AUTH_7aebe34b89554e87825206ce40aeb2f7/gnocchi.93e9f2d7-0a05-469a-8cd5-74524bd9c296/none_v3" "txd649b6f879ee43d1a5668-0068e33b1a" "proxy-server 94957" 0.0007 "-" 93955 0
Oct 05 23:44:26 np0005471485.novalocal proxy-server[94957]: ::1 ::1 06/Oct/2025/03/44/26 GET /v1/AUTH_7aebe34b89554e87825206ce40aeb2f7/gnocchi.93e9f2d7-0a05-469a-8cd5-74524bd9c296/none_v3 HTTP/1.0 200 - python-swiftclient-4.8.0 gAAAAABo4zrG_lV4... - 32 - txd649b6f879ee43d1a5668-0068e33b1a - 0.0063 - - 1759722266.190884829 1759722266.197168827 0 7b03bd18aea8470cbeb747235c58da52
Oct 05 23:44:26 np0005471485.novalocal container-server[93622]: ::1 - - [06/Oct/2025:03:44:26 +0000] "GET /2/247728/AUTH_7aebe34b89554e87825206ce40aeb2f7/gnocchi.93e9f2d7-0a05-469a-8cd5-74524bd9c296" 200 357 "GET https://[::1]:8080/v1/AUTH_7aebe34b89554e87825206ce40aeb2f7/gnocchi.93e9f2d7-0a05-469a-8cd5-74524bd9c296?format=json&states=listing" "tx1eb842a8ef0a45338de68-0068e33b1a" "proxy-server 94957" 0.0056 "-" 93622 0
Oct 05 23:44:26 np0005471485.novalocal proxy-server[94957]: ::1 ::1 06/Oct/2025/03/44/26 GET /v1/AUTH_7aebe34b89554e87825206ce40aeb2f7/gnocchi.93e9f2d7-0a05-469a-8cd5-74524bd9c296%3Fformat%3Djson%26states%3Dlisting HTTP/1.0 200 - python-swiftclient-4.8.0 gAAAAABo4zrG_lV4... - 357 - tx1eb842a8ef0a45338de68-0068e33b1a - 0.0131 - - 1759722266.200625896 1759722266.213720560 0 7b03bd18aea8470cbeb747235c58da52
Oct 05 23:44:26 np0005471485.novalocal container-server[93622]: ::1 - - [06/Oct/2025:03:44:26 +0000] "GET /2/247728/AUTH_7aebe34b89554e87825206ce40aeb2f7/gnocchi.93e9f2d7-0a05-469a-8cd5-74524bd9c296" 200 2 "GET https://[::1]:8080/v1/AUTH_7aebe34b89554e87825206ce40aeb2f7/gnocchi.93e9f2d7-0a05-469a-8cd5-74524bd9c296?format=json&marker=none_v3&states=listing" "tx87a70aa6a6714e3a9ddd3-0068e33b1a" "proxy-server 94957" 0.0029 "-" 93622 0
Oct 05 23:44:26 np0005471485.novalocal proxy-server[94957]: ::1 ::1 06/Oct/2025/03/44/26 GET /v1/AUTH_7aebe34b89554e87825206ce40aeb2f7/gnocchi.93e9f2d7-0a05-469a-8cd5-74524bd9c296%3Fformat%3Djson%26marker%3Dnone_v3%26states%3Dlisting HTTP/1.0 200 - python-swiftclient-4.8.0 gAAAAABo4zrG_lV4... - 2 - tx87a70aa6a6714e3a9ddd3-0068e33b1a - 0.0102 - - 1759722266.216608763 1759722266.226774931 0 7b03bd18aea8470cbeb747235c58da52
Oct 05 23:44:26 np0005471485.novalocal object-server[93955]: ::1 - - [06/Oct/2025:03:44:26 +0000] "GET /2/119704/AUTH_7aebe34b89554e87825206ce40aeb2f7/gnocchi.93e9f2d7-0a05-469a-8cd5-74524bd9c296/1759320000.0_mean_300.0_v3" 200 16 "GET https://[::1]:8080/v1/AUTH_7aebe34b89554e87825206ce40aeb2f7/gnocchi.93e9f2d7-0a05-469a-8cd5-74524bd9c296/1759320000.0_mean_300.0_v3" "tx9cf38ee872f146c397070-0068e33b1a" "proxy-server 94957" 0.0007 "-" 93955 0
Oct 05 23:44:26 np0005471485.novalocal proxy-server[94957]: ::1 ::1 06/Oct/2025/03/44/26 GET /v1/AUTH_7aebe34b89554e87825206ce40aeb2f7/gnocchi.93e9f2d7-0a05-469a-8cd5-74524bd9c296/1759320000.0_mean_300.0_v3 HTTP/1.0 200 - python-swiftclient-4.8.0 gAAAAABo4zrG_lV4... - 16 - tx9cf38ee872f146c397070-0068e33b1a - 0.0088 - - 1759722266.229903221 1759722266.238716602 0 7b03bd18aea8470cbeb747235c58da52
Oct 05 23:44:26 np0005471485.novalocal container-server[93622]: ::1 - - [06/Oct/2025:03:44:26 +0000] "PUT /3/247728/AUTH_7aebe34b89554e87825206ce40aeb2f7/gnocchi.93e9f2d7-0a05-469a-8cd5-74524bd9c296/1759320000.0_mean_300.0_v3" 201 - "PUT http://[::1]:8080/3/119704/AUTH_7aebe34b89554e87825206ce40aeb2f7/gnocchi.93e9f2d7-0a05-469a-8cd5-74524bd9c296/1759320000.0_mean_300.0_v3" "tx4b7f4d2e631e49659f2b4-0068e33b1a" "object-server 93954" 0.0005 "-" 93622 0
Oct 05 23:44:26 np0005471485.novalocal object-server[93954]: ::1 - - [06/Oct/2025:03:44:26 +0000] "PUT /3/119704/AUTH_7aebe34b89554e87825206ce40aeb2f7/gnocchi.93e9f2d7-0a05-469a-8cd5-74524bd9c296/1759320000.0_mean_300.0_v3" 201 - "PUT https://[::1]:8080/v1/AUTH_7aebe34b89554e87825206ce40aeb2f7/gnocchi.93e9f2d7-0a05-469a-8cd5-74524bd9c296/1759320000.0_mean_300.0_v3" "tx4b7f4d2e631e49659f2b4-0068e33b1a" "proxy-server 94957" 0.0091 "-" 93954 0
Oct 05 23:44:26 np0005471485.novalocal container-server[93621]: ::1 - - [06/Oct/2025:03:44:26 +0000] "PUT /1/247728/AUTH_7aebe34b89554e87825206ce40aeb2f7/gnocchi.93e9f2d7-0a05-469a-8cd5-74524bd9c296/1759320000.0_mean_300.0_v3" 201 - "PUT http://[::1]:8080/1/119704/AUTH_7aebe34b89554e87825206ce40aeb2f7/gnocchi.93e9f2d7-0a05-469a-8cd5-74524bd9c296/1759320000.0_mean_300.0_v3" "tx4b7f4d2e631e49659f2b4-0068e33b1a" "object-server 93954" 0.0006 "-" 93621 0
Oct 05 23:44:26 np0005471485.novalocal container-server[93622]: ::1 - - [06/Oct/2025:03:44:26 +0000] "PUT /2/247728/AUTH_7aebe34b89554e87825206ce40aeb2f7/gnocchi.93e9f2d7-0a05-469a-8cd5-74524bd9c296/1759320000.0_mean_300.0_v3" 201 - "PUT http://[::1]:8080/2/119704/AUTH_7aebe34b89554e87825206ce40aeb2f7/gnocchi.93e9f2d7-0a05-469a-8cd5-74524bd9c296/1759320000.0_mean_300.0_v3" "tx4b7f4d2e631e49659f2b4-0068e33b1a" "object-server 93954" 0.0003 "-" 93622 0
Oct 05 23:44:26 np0005471485.novalocal object-server[93954]: ::1 - - [06/Oct/2025:03:44:26 +0000] "PUT /1/119704/AUTH_7aebe34b89554e87825206ce40aeb2f7/gnocchi.93e9f2d7-0a05-469a-8cd5-74524bd9c296/1759320000.0_mean_300.0_v3" 201 - "PUT https://[::1]:8080/v1/AUTH_7aebe34b89554e87825206ce40aeb2f7/gnocchi.93e9f2d7-0a05-469a-8cd5-74524bd9c296/1759320000.0_mean_300.0_v3" "tx4b7f4d2e631e49659f2b4-0068e33b1a" "proxy-server 94957" 0.0108 "-" 93954 0
Oct 05 23:44:26 np0005471485.novalocal object-server[93954]: ::1 - - [06/Oct/2025:03:44:26 +0000] "PUT /2/119704/AUTH_7aebe34b89554e87825206ce40aeb2f7/gnocchi.93e9f2d7-0a05-469a-8cd5-74524bd9c296/1759320000.0_mean_300.0_v3" 201 - "PUT https://[::1]:8080/v1/AUTH_7aebe34b89554e87825206ce40aeb2f7/gnocchi.93e9f2d7-0a05-469a-8cd5-74524bd9c296/1759320000.0_mean_300.0_v3" "tx4b7f4d2e631e49659f2b4-0068e33b1a" "proxy-server 94957" 0.0138 "-" 93954 0
Oct 05 23:44:26 np0005471485.novalocal proxy-server[94957]: ::1 ::1 06/Oct/2025/03/44/26 PUT /v1/AUTH_7aebe34b89554e87825206ce40aeb2f7/gnocchi.93e9f2d7-0a05-469a-8cd5-74524bd9c296/1759320000.0_mean_300.0_v3 HTTP/1.0 201 - python-swiftclient-4.8.0 gAAAAABo4zrG_lV4... 16 - - tx4b7f4d2e631e49659f2b4-0068e33b1a - 0.0219 - - 1759722266.244644880 1759722266.266553402 0 7b03bd18aea8470cbeb747235c58da52
Oct 05 23:44:26 np0005471485.novalocal object-auditor[102120]: Object audit (ZBF) "forever" mode completed: 3.70s. Total quarantined: 0, Total errors: 0, Total files/sec: 50.22, Total bytes/sec: 0.00, Auditing time: 3.66, Rate: 0.99
Oct 05 23:44:26 np0005471485.novalocal container-server[93621]: ::1 - - [06/Oct/2025:03:44:26 +0000] "PUT /2/247728/AUTH_7aebe34b89554e87825206ce40aeb2f7/gnocchi.93e9f2d7-0a05-469a-8cd5-74524bd9c296/none_v3" 201 - "PUT http://[::1]:8080/3/49510/AUTH_7aebe34b89554e87825206ce40aeb2f7/gnocchi.93e9f2d7-0a05-469a-8cd5-74524bd9c296/none_v3" "tx9cdd2b00c60c44c8ade50-0068e33b1a" "object-server 93954" 0.0007 "-" 93621 0
Oct 05 23:44:26 np0005471485.novalocal object-server[93954]: ::1 - - [06/Oct/2025:03:44:26 +0000] "PUT /3/49510/AUTH_7aebe34b89554e87825206ce40aeb2f7/gnocchi.93e9f2d7-0a05-469a-8cd5-74524bd9c296/none_v3" 201 - "PUT https://[::1]:8080/v1/AUTH_7aebe34b89554e87825206ce40aeb2f7/gnocchi.93e9f2d7-0a05-469a-8cd5-74524bd9c296/none_v3" "tx9cdd2b00c60c44c8ade50-0068e33b1a" "proxy-server 94957" 0.0104 "-" 93954 0
Oct 05 23:44:26 np0005471485.novalocal container-server[93622]: ::1 - - [06/Oct/2025:03:44:26 +0000] "PUT /3/247728/AUTH_7aebe34b89554e87825206ce40aeb2f7/gnocchi.93e9f2d7-0a05-469a-8cd5-74524bd9c296/none_v3" 201 - "PUT http://[::1]:8080/2/49510/AUTH_7aebe34b89554e87825206ce40aeb2f7/gnocchi.93e9f2d7-0a05-469a-8cd5-74524bd9c296/none_v3" "tx9cdd2b00c60c44c8ade50-0068e33b1a" "object-server 93955" 0.0006 "-" 93622 0
Oct 05 23:44:26 np0005471485.novalocal container-server[93621]: ::1 - - [06/Oct/2025:03:44:26 +0000] "PUT /1/247728/AUTH_7aebe34b89554e87825206ce40aeb2f7/gnocchi.93e9f2d7-0a05-469a-8cd5-74524bd9c296/none_v3" 201 - "PUT http://[::1]:8080/1/49510/AUTH_7aebe34b89554e87825206ce40aeb2f7/gnocchi.93e9f2d7-0a05-469a-8cd5-74524bd9c296/none_v3" "tx9cdd2b00c60c44c8ade50-0068e33b1a" "object-server 93955" 0.0005 "-" 93621 0
Oct 05 23:44:26 np0005471485.novalocal object-server[93955]: ::1 - - [06/Oct/2025:03:44:26 +0000] "PUT /1/49510/AUTH_7aebe34b89554e87825206ce40aeb2f7/gnocchi.93e9f2d7-0a05-469a-8cd5-74524bd9c296/none_v3" 201 - "PUT https://[::1]:8080/v1/AUTH_7aebe34b89554e87825206ce40aeb2f7/gnocchi.93e9f2d7-0a05-469a-8cd5-74524bd9c296/none_v3" "tx9cdd2b00c60c44c8ade50-0068e33b1a" "proxy-server 94957" 0.0136 "-" 93955 0
Oct 05 23:44:26 np0005471485.novalocal object-server[93955]: ::1 - - [06/Oct/2025:03:44:26 +0000] "PUT /2/49510/AUTH_7aebe34b89554e87825206ce40aeb2f7/gnocchi.93e9f2d7-0a05-469a-8cd5-74524bd9c296/none_v3" 201 - "PUT https://[::1]:8080/v1/AUTH_7aebe34b89554e87825206ce40aeb2f7/gnocchi.93e9f2d7-0a05-469a-8cd5-74524bd9c296/none_v3" "tx9cdd2b00c60c44c8ade50-0068e33b1a" "proxy-server 94957" 0.0157 "-" 93955 0
Oct 05 23:44:26 np0005471485.novalocal proxy-server[94957]: ::1 ::1 06/Oct/2025/03/44/26 PUT /v1/AUTH_7aebe34b89554e87825206ce40aeb2f7/gnocchi.93e9f2d7-0a05-469a-8cd5-74524bd9c296/none_v3 HTTP/1.0 201 - python-swiftclient-4.8.0 gAAAAABo4zrG_lV4... 45 - - tx9cdd2b00c60c44c8ade50-0068e33b1a - 0.0267 - - 1759722266.269647837 1759722266.296360493 0 7b03bd18aea8470cbeb747235c58da52
Oct 05 23:44:26 np0005471485.novalocal object-server[93955]: ::1 - - [06/Oct/2025:03:44:26 +0000] "GET /3/159544/AUTH_7aebe34b89554e87825206ce40aeb2f7/gnocchi.03aeb6d6-5215-42db-83df-6449c091d6a1/none_v3" 200 27 "GET https://[::1]:8080/v1/AUTH_7aebe34b89554e87825206ce40aeb2f7/gnocchi.03aeb6d6-5215-42db-83df-6449c091d6a1/none_v3" "tx04b048dbbb994bd99b403-0068e33b1a" "proxy-server 94957" 0.0006 "-" 93955 0
Oct 05 23:44:26 np0005471485.novalocal proxy-server[94957]: ::1 ::1 06/Oct/2025/03/44/26 GET /v1/AUTH_7aebe34b89554e87825206ce40aeb2f7/gnocchi.03aeb6d6-5215-42db-83df-6449c091d6a1/none_v3 HTTP/1.0 200 - python-swiftclient-4.8.0 gAAAAABo4zrG_lV4... - 27 - tx04b048dbbb994bd99b403-0068e33b1a - 0.0061 - - 1759722266.317950249 1759722266.324053049 0 7b03bd18aea8470cbeb747235c58da52
Oct 05 23:44:26 np0005471485.novalocal container-server[93621]: ::1 - - [06/Oct/2025:03:44:26 +0000] "GET /1/82738/AUTH_7aebe34b89554e87825206ce40aeb2f7/gnocchi.03aeb6d6-5215-42db-83df-6449c091d6a1" 200 357 "GET https://[::1]:8080/v1/AUTH_7aebe34b89554e87825206ce40aeb2f7/gnocchi.03aeb6d6-5215-42db-83df-6449c091d6a1?format=json&states=listing" "txd3e916e71fbe49659931a-0068e33b1a" "proxy-server 94957" 0.0060 "-" 93621 0
Oct 05 23:44:26 np0005471485.novalocal proxy-server[94957]: ::1 ::1 06/Oct/2025/03/44/26 GET /v1/AUTH_7aebe34b89554e87825206ce40aeb2f7/gnocchi.03aeb6d6-5215-42db-83df-6449c091d6a1%3Fformat%3Djson%26states%3Dlisting HTTP/1.0 200 - python-swiftclient-4.8.0 gAAAAABo4zrG_lV4... - 357 - txd3e916e71fbe49659931a-0068e33b1a - 0.0117 - - 1759722266.327000141 1759722266.338670254 0 7b03bd18aea8470cbeb747235c58da52
Oct 05 23:44:26 np0005471485.novalocal container-server[93621]: ::1 - - [06/Oct/2025:03:44:26 +0000] "GET /1/82738/AUTH_7aebe34b89554e87825206ce40aeb2f7/gnocchi.03aeb6d6-5215-42db-83df-6449c091d6a1" 200 2 "GET https://[::1]:8080/v1/AUTH_7aebe34b89554e87825206ce40aeb2f7/gnocchi.03aeb6d6-5215-42db-83df-6449c091d6a1?format=json&marker=none_v3&states=listing" "tx25ed822573f54749b0e7a-0068e33b1a" "proxy-server 94957" 0.0019 "-" 93621 0
Oct 05 23:44:26 np0005471485.novalocal proxy-server[94957]: ::1 ::1 06/Oct/2025/03/44/26 GET /v1/AUTH_7aebe34b89554e87825206ce40aeb2f7/gnocchi.03aeb6d6-5215-42db-83df-6449c091d6a1%3Fformat%3Djson%26marker%3Dnone_v3%26states%3Dlisting HTTP/1.0 200 - python-swiftclient-4.8.0 gAAAAABo4zrG_lV4... - 2 - tx25ed822573f54749b0e7a-0068e33b1a - 0.0072 - - 1759722266.340910196 1759722266.348136187 0 7b03bd18aea8470cbeb747235c58da52
Oct 05 23:44:26 np0005471485.novalocal object-server[93954]: ::1 - - [06/Oct/2025:03:44:26 +0000] "GET /2/208747/AUTH_7aebe34b89554e87825206ce40aeb2f7/gnocchi.03aeb6d6-5215-42db-83df-6449c091d6a1/1759320000.0_mean_300.0_v3" 200 16 "GET https://[::1]:8080/v1/AUTH_7aebe34b89554e87825206ce40aeb2f7/gnocchi.03aeb6d6-5215-42db-83df-6449c091d6a1/1759320000.0_mean_300.0_v3" "tx8ddf34cb216e4f75b1057-0068e33b1a" "proxy-server 94957" 0.0008 "-" 93954 0
Oct 05 23:44:26 np0005471485.novalocal proxy-server[94957]: ::1 ::1 06/Oct/2025/03/44/26 GET /v1/AUTH_7aebe34b89554e87825206ce40aeb2f7/gnocchi.03aeb6d6-5215-42db-83df-6449c091d6a1/1759320000.0_mean_300.0_v3 HTTP/1.0 200 - python-swiftclient-4.8.0 gAAAAABo4zrG_lV4... - 16 - tx8ddf34cb216e4f75b1057-0068e33b1a - 0.0069 - - 1759722266.350670576 1759722266.357610941 0 7b03bd18aea8470cbeb747235c58da52
Oct 05 23:44:26 np0005471485.novalocal container-server[93622]: ::1 - - [06/Oct/2025:03:44:26 +0000] "PUT /3/82738/AUTH_7aebe34b89554e87825206ce40aeb2f7/gnocchi.03aeb6d6-5215-42db-83df-6449c091d6a1/1759320000.0_mean_300.0_v3" 201 - "PUT http://[::1]:8080/1/208747/AUTH_7aebe34b89554e87825206ce40aeb2f7/gnocchi.03aeb6d6-5215-42db-83df-6449c091d6a1/1759320000.0_mean_300.0_v3" "txb8dd81963747489f90f6f-0068e33b1a" "object-server 93954" 0.0004 "-" 93622 0
Oct 05 23:44:26 np0005471485.novalocal container-server[93621]: ::1 - - [06/Oct/2025:03:44:26 +0000] "PUT /1/82738/AUTH_7aebe34b89554e87825206ce40aeb2f7/gnocchi.03aeb6d6-5215-42db-83df-6449c091d6a1/1759320000.0_mean_300.0_v3" 201 - "PUT http://[::1]:8080/2/208747/AUTH_7aebe34b89554e87825206ce40aeb2f7/gnocchi.03aeb6d6-5215-42db-83df-6449c091d6a1/1759320000.0_mean_300.0_v3" "txb8dd81963747489f90f6f-0068e33b1a" "object-server 93955" 0.0006 "-" 93621 0
Oct 05 23:44:26 np0005471485.novalocal object-server[93954]: ::1 - - [06/Oct/2025:03:44:26 +0000] "PUT /1/208747/AUTH_7aebe34b89554e87825206ce40aeb2f7/gnocchi.03aeb6d6-5215-42db-83df-6449c091d6a1/1759320000.0_mean_300.0_v3" 201 - "PUT https://[::1]:8080/v1/AUTH_7aebe34b89554e87825206ce40aeb2f7/gnocchi.03aeb6d6-5215-42db-83df-6449c091d6a1/1759320000.0_mean_300.0_v3" "txb8dd81963747489f90f6f-0068e33b1a" "proxy-server 94957" 0.0125 "-" 93954 0
Oct 05 23:44:26 np0005471485.novalocal container-server[93621]: ::1 - - [06/Oct/2025:03:44:26 +0000] "PUT /2/82738/AUTH_7aebe34b89554e87825206ce40aeb2f7/gnocchi.03aeb6d6-5215-42db-83df-6449c091d6a1/1759320000.0_mean_300.0_v3" 201 - "PUT http://[::1]:8080/3/208747/AUTH_7aebe34b89554e87825206ce40aeb2f7/gnocchi.03aeb6d6-5215-42db-83df-6449c091d6a1/1759320000.0_mean_300.0_v3" "txb8dd81963747489f90f6f-0068e33b1a" "object-server 93955" 0.0004 "-" 93621 0
Oct 05 23:44:26 np0005471485.novalocal object-server[93955]: ::1 - - [06/Oct/2025:03:44:26 +0000] "PUT /2/208747/AUTH_7aebe34b89554e87825206ce40aeb2f7/gnocchi.03aeb6d6-5215-42db-83df-6449c091d6a1/1759320000.0_mean_300.0_v3" 201 - "PUT https://[::1]:8080/v1/AUTH_7aebe34b89554e87825206ce40aeb2f7/gnocchi.03aeb6d6-5215-42db-83df-6449c091d6a1/1759320000.0_mean_300.0_v3" "txb8dd81963747489f90f6f-0068e33b1a" "proxy-server 94957" 0.0119 "-" 93955 0
Oct 05 23:44:26 np0005471485.novalocal object-server[93955]: ::1 - - [06/Oct/2025:03:44:26 +0000] "PUT /3/208747/AUTH_7aebe34b89554e87825206ce40aeb2f7/gnocchi.03aeb6d6-5215-42db-83df-6449c091d6a1/1759320000.0_mean_300.0_v3" 201 - "PUT https://[::1]:8080/v1/AUTH_7aebe34b89554e87825206ce40aeb2f7/gnocchi.03aeb6d6-5215-42db-83df-6449c091d6a1/1759320000.0_mean_300.0_v3" "txb8dd81963747489f90f6f-0068e33b1a" "proxy-server 94957" 0.0144 "-" 93955 0
Oct 05 23:44:26 np0005471485.novalocal proxy-server[94957]: ::1 ::1 06/Oct/2025/03/44/26 PUT /v1/AUTH_7aebe34b89554e87825206ce40aeb2f7/gnocchi.03aeb6d6-5215-42db-83df-6449c091d6a1/1759320000.0_mean_300.0_v3 HTTP/1.0 201 - python-swiftclient-4.8.0 gAAAAABo4zrG_lV4... 16 - - txb8dd81963747489f90f6f-0068e33b1a - 0.0214 - - 1759722266.359834433 1759722266.381189585 0 7b03bd18aea8470cbeb747235c58da52
Oct 05 23:44:26 np0005471485.novalocal container-server[93621]: ::1 - - [06/Oct/2025:03:44:26 +0000] "PUT /3/82738/AUTH_7aebe34b89554e87825206ce40aeb2f7/gnocchi.03aeb6d6-5215-42db-83df-6449c091d6a1/none_v3" 201 - "PUT http://[::1]:8080/2/159544/AUTH_7aebe34b89554e87825206ce40aeb2f7/gnocchi.03aeb6d6-5215-42db-83df-6449c091d6a1/none_v3" "txa08889f80c1641759612b-0068e33b1a" "object-server 93954" 0.0006 "-" 93621 0
Oct 05 23:44:26 np0005471485.novalocal container-server[93622]: ::1 - - [06/Oct/2025:03:44:26 +0000] "PUT /1/82738/AUTH_7aebe34b89554e87825206ce40aeb2f7/gnocchi.03aeb6d6-5215-42db-83df-6449c091d6a1/none_v3" 201 - "PUT http://[::1]:8080/3/159544/AUTH_7aebe34b89554e87825206ce40aeb2f7/gnocchi.03aeb6d6-5215-42db-83df-6449c091d6a1/none_v3" "txa08889f80c1641759612b-0068e33b1a" "object-server 93954" 0.0004 "-" 93622 0
Oct 05 23:44:26 np0005471485.novalocal object-server[93954]: ::1 - - [06/Oct/2025:03:44:26 +0000] "PUT /2/159544/AUTH_7aebe34b89554e87825206ce40aeb2f7/gnocchi.03aeb6d6-5215-42db-83df-6449c091d6a1/none_v3" 201 - "PUT https://[::1]:8080/v1/AUTH_7aebe34b89554e87825206ce40aeb2f7/gnocchi.03aeb6d6-5215-42db-83df-6449c091d6a1/none_v3" "txa08889f80c1641759612b-0068e33b1a" "proxy-server 94957" 0.0135 "-" 93954 0
Oct 05 23:44:26 np0005471485.novalocal container-server[93622]: ::1 - - [06/Oct/2025:03:44:26 +0000] "PUT /2/82738/AUTH_7aebe34b89554e87825206ce40aeb2f7/gnocchi.03aeb6d6-5215-42db-83df-6449c091d6a1/none_v3" 201 - "PUT http://[::1]:8080/1/159544/AUTH_7aebe34b89554e87825206ce40aeb2f7/gnocchi.03aeb6d6-5215-42db-83df-6449c091d6a1/none_v3" "txa08889f80c1641759612b-0068e33b1a" "object-server 93954" 0.0003 "-" 93622 0
Oct 05 23:44:26 np0005471485.novalocal object-server[93954]: ::1 - - [06/Oct/2025:03:44:26 +0000] "PUT /1/159544/AUTH_7aebe34b89554e87825206ce40aeb2f7/gnocchi.03aeb6d6-5215-42db-83df-6449c091d6a1/none_v3" 201 - "PUT https://[::1]:8080/v1/AUTH_7aebe34b89554e87825206ce40aeb2f7/gnocchi.03aeb6d6-5215-42db-83df-6449c091d6a1/none_v3" "txa08889f80c1641759612b-0068e33b1a" "proxy-server 94957" 0.0123 "-" 93954 0
Oct 05 23:44:26 np0005471485.novalocal object-server[93954]: ::1 - - [06/Oct/2025:03:44:26 +0000] "PUT /3/159544/AUTH_7aebe34b89554e87825206ce40aeb2f7/gnocchi.03aeb6d6-5215-42db-83df-6449c091d6a1/none_v3" 201 - "PUT https://[::1]:8080/v1/AUTH_7aebe34b89554e87825206ce40aeb2f7/gnocchi.03aeb6d6-5215-42db-83df-6449c091d6a1/none_v3" "txa08889f80c1641759612b-0068e33b1a" "proxy-server 94957" 0.0147 "-" 93954 0
Oct 05 23:44:26 np0005471485.novalocal proxy-server[94957]: ::1 ::1 06/Oct/2025/03/44/26 PUT /v1/AUTH_7aebe34b89554e87825206ce40aeb2f7/gnocchi.03aeb6d6-5215-42db-83df-6449c091d6a1/none_v3 HTTP/1.0 201 - python-swiftclient-4.8.0 gAAAAABo4zrG_lV4... 36 - - txa08889f80c1641759612b-0068e33b1a - 0.0243 - - 1759722266.383602381 1759722266.407920122 0 7b03bd18aea8470cbeb747235c58da52
Oct 05 23:44:26 np0005471485.novalocal object-server[93954]: ::1 - - [06/Oct/2025:03:44:26 +0000] "GET /2/222460/AUTH_7aebe34b89554e87825206ce40aeb2f7/gnocchi.8de7d202-caa1-4d38-a702-0aeabd8ea4f4/none_v3" 200 31 "GET https://[::1]:8080/v1/AUTH_7aebe34b89554e87825206ce40aeb2f7/gnocchi.8de7d202-caa1-4d38-a702-0aeabd8ea4f4/none_v3" "tx14218dc2bc0e4183af157-0068e33b1a" "proxy-server 94957" 0.0008 "-" 93954 0
Oct 05 23:44:26 np0005471485.novalocal proxy-server[94957]: ::1 ::1 06/Oct/2025/03/44/26 GET /v1/AUTH_7aebe34b89554e87825206ce40aeb2f7/gnocchi.8de7d202-caa1-4d38-a702-0aeabd8ea4f4/none_v3 HTTP/1.0 200 - python-swiftclient-4.8.0 gAAAAABo4zrG_lV4... - 31 - tx14218dc2bc0e4183af157-0068e33b1a - 0.0106 - - 1759722266.482740879 1759722266.493344545 0 7b03bd18aea8470cbeb747235c58da52
Oct 05 23:44:26 np0005471485.novalocal container-server[93622]: ::1 - - [06/Oct/2025:03:44:26 +0000] "GET /2/41975/AUTH_7aebe34b89554e87825206ce40aeb2f7/gnocchi.8de7d202-caa1-4d38-a702-0aeabd8ea4f4" 200 357 "GET https://[::1]:8080/v1/AUTH_7aebe34b89554e87825206ce40aeb2f7/gnocchi.8de7d202-caa1-4d38-a702-0aeabd8ea4f4?format=json&states=listing" "tx25e96ae8563042f19c0a8-0068e33b1a" "proxy-server 94957" 0.0096 "-" 93622 0
Oct 05 23:44:26 np0005471485.novalocal proxy-server[94957]: ::1 ::1 06/Oct/2025/03/44/26 GET /v1/AUTH_7aebe34b89554e87825206ce40aeb2f7/gnocchi.8de7d202-caa1-4d38-a702-0aeabd8ea4f4%3Fformat%3Djson%26states%3Dlisting HTTP/1.0 200 - python-swiftclient-4.8.0 gAAAAABo4zrG_lV4... - 357 - tx25e96ae8563042f19c0a8-0068e33b1a - 0.0192 - - 1759722266.496577024 1759722266.515799284 0 7b03bd18aea8470cbeb747235c58da52
Oct 05 23:44:26 np0005471485.novalocal container-server[93622]: ::1 - - [06/Oct/2025:03:44:26 +0000] "GET /2/41975/AUTH_7aebe34b89554e87825206ce40aeb2f7/gnocchi.8de7d202-caa1-4d38-a702-0aeabd8ea4f4" 200 2 "GET https://[::1]:8080/v1/AUTH_7aebe34b89554e87825206ce40aeb2f7/gnocchi.8de7d202-caa1-4d38-a702-0aeabd8ea4f4?format=json&marker=none_v3&states=listing" "tx48f46984ab7349f19f2e6-0068e33b1a" "proxy-server 94957" 0.0047 "-" 93622 0
Oct 05 23:44:26 np0005471485.novalocal proxy-server[94957]: ::1 ::1 06/Oct/2025/03/44/26 GET /v1/AUTH_7aebe34b89554e87825206ce40aeb2f7/gnocchi.8de7d202-caa1-4d38-a702-0aeabd8ea4f4%3Fformat%3Djson%26marker%3Dnone_v3%26states%3Dlisting HTTP/1.0 200 - python-swiftclient-4.8.0 gAAAAABo4zrG_lV4... - 2 - tx48f46984ab7349f19f2e6-0068e33b1a - 0.0138 - - 1759722266.518538713 1759722266.532326460 0 7b03bd18aea8470cbeb747235c58da52
Oct 05 23:44:26 np0005471485.novalocal object-server[93954]: ::1 - - [06/Oct/2025:03:44:26 +0000] "GET /2/20711/AUTH_7aebe34b89554e87825206ce40aeb2f7/gnocchi.8de7d202-caa1-4d38-a702-0aeabd8ea4f4/1759320000.0_mean_300.0_v3" 200 16 "GET https://[::1]:8080/v1/AUTH_7aebe34b89554e87825206ce40aeb2f7/gnocchi.8de7d202-caa1-4d38-a702-0aeabd8ea4f4/1759320000.0_mean_300.0_v3" "tx7b772dab0e084e06a8dd2-0068e33b1a" "proxy-server 94957" 0.0008 "-" 93954 0
Oct 05 23:44:26 np0005471485.novalocal proxy-server[94957]: ::1 ::1 06/Oct/2025/03/44/26 GET /v1/AUTH_7aebe34b89554e87825206ce40aeb2f7/gnocchi.8de7d202-caa1-4d38-a702-0aeabd8ea4f4/1759320000.0_mean_300.0_v3 HTTP/1.0 200 - python-swiftclient-4.8.0 gAAAAABo4zrG_lV4... - 16 - tx7b772dab0e084e06a8dd2-0068e33b1a - 0.0087 - - 1759722266.536078453 1759722266.544800997 0 7b03bd18aea8470cbeb747235c58da52
Oct 05 23:44:26 np0005471485.novalocal container-server[93621]: ::1 - - [06/Oct/2025:03:44:26 +0000] "PUT /2/41975/AUTH_7aebe34b89554e87825206ce40aeb2f7/gnocchi.8de7d202-caa1-4d38-a702-0aeabd8ea4f4/1759320000.0_mean_300.0_v3" 201 - "PUT http://[::1]:8080/3/20711/AUTH_7aebe34b89554e87825206ce40aeb2f7/gnocchi.8de7d202-caa1-4d38-a702-0aeabd8ea4f4/1759320000.0_mean_300.0_v3" "tx6c81c373fc98426989358-0068e33b1a" "object-server 93955" 0.0006 "-" 93621 0
Oct 05 23:44:26 np0005471485.novalocal object-server[93955]: ::1 - - [06/Oct/2025:03:44:26 +0000] "PUT /3/20711/AUTH_7aebe34b89554e87825206ce40aeb2f7/gnocchi.8de7d202-caa1-4d38-a702-0aeabd8ea4f4/1759320000.0_mean_300.0_v3" 201 - "PUT https://[::1]:8080/v1/AUTH_7aebe34b89554e87825206ce40aeb2f7/gnocchi.8de7d202-caa1-4d38-a702-0aeabd8ea4f4/1759320000.0_mean_300.0_v3" "tx6c81c373fc98426989358-0068e33b1a" "proxy-server 94957" 0.0084 "-" 93955 0
Oct 05 23:44:26 np0005471485.novalocal container-server[93622]: ::1 - - [06/Oct/2025:03:44:26 +0000] "PUT /1/41975/AUTH_7aebe34b89554e87825206ce40aeb2f7/gnocchi.8de7d202-caa1-4d38-a702-0aeabd8ea4f4/1759320000.0_mean_300.0_v3" 201 - "PUT http://[::1]:8080/1/20711/AUTH_7aebe34b89554e87825206ce40aeb2f7/gnocchi.8de7d202-caa1-4d38-a702-0aeabd8ea4f4/1759320000.0_mean_300.0_v3" "tx6c81c373fc98426989358-0068e33b1a" "object-server 93954" 0.0012 "-" 93622 0
Oct 05 23:44:26 np0005471485.novalocal container-server[93621]: ::1 - - [06/Oct/2025:03:44:26 +0000] "PUT /3/41975/AUTH_7aebe34b89554e87825206ce40aeb2f7/gnocchi.8de7d202-caa1-4d38-a702-0aeabd8ea4f4/1759320000.0_mean_300.0_v3" 201 - "PUT http://[::1]:8080/2/20711/AUTH_7aebe34b89554e87825206ce40aeb2f7/gnocchi.8de7d202-caa1-4d38-a702-0aeabd8ea4f4/1759320000.0_mean_300.0_v3" "tx6c81c373fc98426989358-0068e33b1a" "object-server 93954" 0.0004 "-" 93621 0
Oct 05 23:44:26 np0005471485.novalocal object-server[93954]: ::1 - - [06/Oct/2025:03:44:26 +0000] "PUT /1/20711/AUTH_7aebe34b89554e87825206ce40aeb2f7/gnocchi.8de7d202-caa1-4d38-a702-0aeabd8ea4f4/1759320000.0_mean_300.0_v3" 201 - "PUT https://[::1]:8080/v1/AUTH_7aebe34b89554e87825206ce40aeb2f7/gnocchi.8de7d202-caa1-4d38-a702-0aeabd8ea4f4/1759320000.0_mean_300.0_v3" "tx6c81c373fc98426989358-0068e33b1a" "proxy-server 94957" 0.0096 "-" 93954 0
Oct 05 23:44:26 np0005471485.novalocal object-server[93954]: ::1 - - [06/Oct/2025:03:44:26 +0000] "PUT /2/20711/AUTH_7aebe34b89554e87825206ce40aeb2f7/gnocchi.8de7d202-caa1-4d38-a702-0aeabd8ea4f4/1759320000.0_mean_300.0_v3" 201 - "PUT https://[::1]:8080/v1/AUTH_7aebe34b89554e87825206ce40aeb2f7/gnocchi.8de7d202-caa1-4d38-a702-0aeabd8ea4f4/1759320000.0_mean_300.0_v3" "tx6c81c373fc98426989358-0068e33b1a" "proxy-server 94957" 0.0114 "-" 93954 0
Oct 05 23:44:26 np0005471485.novalocal proxy-server[94957]: ::1 ::1 06/Oct/2025/03/44/26 PUT /v1/AUTH_7aebe34b89554e87825206ce40aeb2f7/gnocchi.8de7d202-caa1-4d38-a702-0aeabd8ea4f4/1759320000.0_mean_300.0_v3 HTTP/1.0 201 - python-swiftclient-4.8.0 gAAAAABo4zrG_lV4... 16 - - tx6c81c373fc98426989358-0068e33b1a - 0.0203 - - 1759722266.547467232 1759722266.567785740 0 7b03bd18aea8470cbeb747235c58da52
Oct 05 23:44:26 np0005471485.novalocal container-server[93621]: ::1 - - [06/Oct/2025:03:44:26 +0000] "PUT /3/41975/AUTH_7aebe34b89554e87825206ce40aeb2f7/gnocchi.8de7d202-caa1-4d38-a702-0aeabd8ea4f4/none_v3" 201 - "PUT http://[::1]:8080/2/222460/AUTH_7aebe34b89554e87825206ce40aeb2f7/gnocchi.8de7d202-caa1-4d38-a702-0aeabd8ea4f4/none_v3" "tx0b2a4ba732ff4bc8afb64-0068e33b1a" "object-server 93954" 0.0008 "-" 93621 0
Oct 05 23:44:26 np0005471485.novalocal object-server[93954]: ::1 - - [06/Oct/2025:03:44:26 +0000] "PUT /2/222460/AUTH_7aebe34b89554e87825206ce40aeb2f7/gnocchi.8de7d202-caa1-4d38-a702-0aeabd8ea4f4/none_v3" 201 - "PUT https://[::1]:8080/v1/AUTH_7aebe34b89554e87825206ce40aeb2f7/gnocchi.8de7d202-caa1-4d38-a702-0aeabd8ea4f4/none_v3" "tx0b2a4ba732ff4bc8afb64-0068e33b1a" "proxy-server 94957" 0.0107 "-" 93954 0
Oct 05 23:44:26 np0005471485.novalocal container-server[93621]: ::1 - - [06/Oct/2025:03:44:26 +0000] "PUT /1/41975/AUTH_7aebe34b89554e87825206ce40aeb2f7/gnocchi.8de7d202-caa1-4d38-a702-0aeabd8ea4f4/none_v3" 201 - "PUT http://[::1]:8080/3/222460/AUTH_7aebe34b89554e87825206ce40aeb2f7/gnocchi.8de7d202-caa1-4d38-a702-0aeabd8ea4f4/none_v3" "tx0b2a4ba732ff4bc8afb64-0068e33b1a" "object-server 93955" 0.0008 "-" 93621 0
Oct 05 23:44:26 np0005471485.novalocal object-server[93955]: ::1 - - [06/Oct/2025:03:44:26 +0000] "PUT /3/222460/AUTH_7aebe34b89554e87825206ce40aeb2f7/gnocchi.8de7d202-caa1-4d38-a702-0aeabd8ea4f4/none_v3" 201 - "PUT https://[::1]:8080/v1/AUTH_7aebe34b89554e87825206ce40aeb2f7/gnocchi.8de7d202-caa1-4d38-a702-0aeabd8ea4f4/none_v3" "tx0b2a4ba732ff4bc8afb64-0068e33b1a" "proxy-server 94957" 0.0131 "-" 93955 0
Oct 05 23:44:26 np0005471485.novalocal container-server[93621]: ::1 - - [06/Oct/2025:03:44:26 +0000] "PUT /2/41975/AUTH_7aebe34b89554e87825206ce40aeb2f7/gnocchi.8de7d202-caa1-4d38-a702-0aeabd8ea4f4/none_v3" 201 - "PUT http://[::1]:8080/1/222460/AUTH_7aebe34b89554e87825206ce40aeb2f7/gnocchi.8de7d202-caa1-4d38-a702-0aeabd8ea4f4/none_v3" "tx0b2a4ba732ff4bc8afb64-0068e33b1a" "object-server 93954" 0.0006 "-" 93621 0
Oct 05 23:44:26 np0005471485.novalocal object-server[93954]: ::1 - - [06/Oct/2025:03:44:26 +0000] "PUT /1/222460/AUTH_7aebe34b89554e87825206ce40aeb2f7/gnocchi.8de7d202-caa1-4d38-a702-0aeabd8ea4f4/none_v3" 201 - "PUT https://[::1]:8080/v1/AUTH_7aebe34b89554e87825206ce40aeb2f7/gnocchi.8de7d202-caa1-4d38-a702-0aeabd8ea4f4/none_v3" "tx0b2a4ba732ff4bc8afb64-0068e33b1a" "proxy-server 94957" 0.0138 "-" 93954 0
Oct 05 23:44:26 np0005471485.novalocal proxy-server[94957]: ::1 ::1 06/Oct/2025/03/44/26 PUT /v1/AUTH_7aebe34b89554e87825206ce40aeb2f7/gnocchi.8de7d202-caa1-4d38-a702-0aeabd8ea4f4/none_v3 HTTP/1.0 201 - python-swiftclient-4.8.0 gAAAAABo4zrG_lV4... 43 - - tx0b2a4ba732ff4bc8afb64-0068e33b1a - 0.0203 - - 1759722266.569855213 1759722266.590183496 0 7b03bd18aea8470cbeb747235c58da52
Oct 05 23:44:27 np0005471485.novalocal kernel: tap535ea8b8-e9: entered promiscuous mode
Oct 05 23:44:27 np0005471485.novalocal NetworkManager[862]: [1759722267.6785] manager: (tap535ea8b8-e9): 'openvswitch' plugin not available; creating generic device
Oct 05 23:44:27 np0005471485.novalocal NetworkManager[862]: [1759722267.6805] manager: (tap535ea8b8-e9): new Generic device (/org/freedesktop/NetworkManager/Devices/37)
Oct 05 23:44:27 np0005471485.novalocal NetworkManager[862]: [1759722267.7568] manager: (qg-fa6c16ec-2d): 'openvswitch' plugin not available; creating generic device
Oct 05 23:44:27 np0005471485.novalocal kernel: qg-fa6c16ec-2d: entered promiscuous mode
Oct 05 23:44:27 np0005471485.novalocal NetworkManager[862]: [1759722267.7576] manager: (qg-fa6c16ec-2d): new Generic device (/org/freedesktop/NetworkManager/Devices/38)
Oct 05 23:44:27 np0005471485.novalocal systemd-udevd[103039]: Network interface NamePolicy= disabled on kernel command line.
Oct 05 23:44:28 np0005471485.novalocal object-server[93955]: ::1 - - [06/Oct/2025:03:44:28 +0000] "GET /2/95924/AUTH_7aebe34b89554e87825206ce40aeb2f7/gnocchi.b4052cef-64ea-4faa-b887-71d6a277e880/none_v3" 200 45 "GET https://[::1]:8080/v1/AUTH_7aebe34b89554e87825206ce40aeb2f7/gnocchi.b4052cef-64ea-4faa-b887-71d6a277e880/none_v3" "txc86af437716a45ecac0e8-0068e33b1c" "proxy-server 94957" 0.0008 "-" 93955 0
Oct 05 23:44:28 np0005471485.novalocal proxy-server[94957]: ::1 ::1 06/Oct/2025/03/44/28 GET /v1/AUTH_7aebe34b89554e87825206ce40aeb2f7/gnocchi.b4052cef-64ea-4faa-b887-71d6a277e880/none_v3 HTTP/1.0 200 - python-swiftclient-4.8.0 gAAAAABo4zrI4CaX... - 45 - txc86af437716a45ecac0e8-0068e33b1c - 0.0068 - - 1759722268.027354002 1759722268.034119606 0 7b03bd18aea8470cbeb747235c58da52
Oct 05 23:44:28 np0005471485.novalocal container-server[93622]: ::1 - - [06/Oct/2025:03:44:28 +0000] "GET /3/98897/AUTH_7aebe34b89554e87825206ce40aeb2f7/gnocchi.b4052cef-64ea-4faa-b887-71d6a277e880" 200 357 "GET https://[::1]:8080/v1/AUTH_7aebe34b89554e87825206ce40aeb2f7/gnocchi.b4052cef-64ea-4faa-b887-71d6a277e880?format=json&states=listing" "txebf315b4fb404fee9f991-0068e33b1c" "proxy-server 94957" 0.0075 "-" 93622 0
Oct 05 23:44:28 np0005471485.novalocal proxy-server[94957]: ::1 ::1 06/Oct/2025/03/44/28 GET /v1/AUTH_7aebe34b89554e87825206ce40aeb2f7/gnocchi.b4052cef-64ea-4faa-b887-71d6a277e880%3Fformat%3Djson%26states%3Dlisting HTTP/1.0 200 - python-swiftclient-4.8.0 gAAAAABo4zrI4CaX... - 357 - txebf315b4fb404fee9f991-0068e33b1c - 0.0238 - - 1759722268.038589716 1759722268.062385321 0 7b03bd18aea8470cbeb747235c58da52
Oct 05 23:44:28 np0005471485.novalocal container-server[93621]: ::1 - - [06/Oct/2025:03:44:28 +0000] "GET /3/98897/AUTH_7aebe34b89554e87825206ce40aeb2f7/gnocchi.b4052cef-64ea-4faa-b887-71d6a277e880" 200 2 "GET https://[::1]:8080/v1/AUTH_7aebe34b89554e87825206ce40aeb2f7/gnocchi.b4052cef-64ea-4faa-b887-71d6a277e880?format=json&marker=none_v3&states=listing" "tx56b032d0104f484e91ad1-0068e33b1c" "proxy-server 94957" 0.0026 "-" 93621 0
Oct 05 23:44:28 np0005471485.novalocal proxy-server[94957]: ::1 ::1 06/Oct/2025/03/44/28 GET /v1/AUTH_7aebe34b89554e87825206ce40aeb2f7/gnocchi.b4052cef-64ea-4faa-b887-71d6a277e880%3Fformat%3Djson%26marker%3Dnone_v3%26states%3Dlisting HTTP/1.0 200 - python-swiftclient-4.8.0 gAAAAABo4zrI4CaX... - 2 - tx56b032d0104f484e91ad1-0068e33b1c - 0.0112 - - 1759722268.065731764 1759722268.076944828 0 7b03bd18aea8470cbeb747235c58da52
Oct 05 23:44:28 np0005471485.novalocal object-server[93955]: ::1 - - [06/Oct/2025:03:44:28 +0000] "GET /2/68333/AUTH_7aebe34b89554e87825206ce40aeb2f7/gnocchi.b4052cef-64ea-4faa-b887-71d6a277e880/1759320000.0_mean_300.0_v3" 200 16 "GET https://[::1]:8080/v1/AUTH_7aebe34b89554e87825206ce40aeb2f7/gnocchi.b4052cef-64ea-4faa-b887-71d6a277e880/1759320000.0_mean_300.0_v3" "tx17b436c260774e7280395-0068e33b1c" "proxy-server 94957" 0.0010 "-" 93955 0
Oct 05 23:44:28 np0005471485.novalocal proxy-server[94957]: ::1 ::1 06/Oct/2025/03/44/28 GET /v1/AUTH_7aebe34b89554e87825206ce40aeb2f7/gnocchi.b4052cef-64ea-4faa-b887-71d6a277e880/1759320000.0_mean_300.0_v3 HTTP/1.0 200 - python-swiftclient-4.8.0 gAAAAABo4zrI4CaX... - 16 - tx17b436c260774e7280395-0068e33b1c - 0.0100 - - 1759722268.081059694 1759722268.091062546 0 7b03bd18aea8470cbeb747235c58da52
Oct 05 23:44:28 np0005471485.novalocal container-server[93621]: ::1 - - [06/Oct/2025:03:44:28 +0000] "PUT /1/98897/AUTH_7aebe34b89554e87825206ce40aeb2f7/gnocchi.b4052cef-64ea-4faa-b887-71d6a277e880/1759320000.0_mean_300.0_v3" 201 - "PUT http://[::1]:8080/2/68333/AUTH_7aebe34b89554e87825206ce40aeb2f7/gnocchi.b4052cef-64ea-4faa-b887-71d6a277e880/1759320000.0_mean_300.0_v3" "tx501373d138bb44d3965a8-0068e33b1c" "object-server 93954" 0.0006 "-" 93621 0
Oct 05 23:44:28 np0005471485.novalocal object-server[93954]: ::1 - - [06/Oct/2025:03:44:28 +0000] "PUT /2/68333/AUTH_7aebe34b89554e87825206ce40aeb2f7/gnocchi.b4052cef-64ea-4faa-b887-71d6a277e880/1759320000.0_mean_300.0_v3" 201 - "PUT https://[::1]:8080/v1/AUTH_7aebe34b89554e87825206ce40aeb2f7/gnocchi.b4052cef-64ea-4faa-b887-71d6a277e880/1759320000.0_mean_300.0_v3" "tx501373d138bb44d3965a8-0068e33b1c" "proxy-server 94957" 0.0107 "-" 93954 0
Oct 05 23:44:28 np0005471485.novalocal container-server[93621]: ::1 - - [06/Oct/2025:03:44:28 +0000] "PUT /3/98897/AUTH_7aebe34b89554e87825206ce40aeb2f7/gnocchi.b4052cef-64ea-4faa-b887-71d6a277e880/1759320000.0_mean_300.0_v3" 201 - "PUT http://[::1]:8080/3/68333/AUTH_7aebe34b89554e87825206ce40aeb2f7/gnocchi.b4052cef-64ea-4faa-b887-71d6a277e880/1759320000.0_mean_300.0_v3" "tx501373d138bb44d3965a8-0068e33b1c" "object-server 93955" 0.0005 "-" 93621 0
Oct 05 23:44:28 np0005471485.novalocal object-server[93955]: ::1 - - [06/Oct/2025:03:44:28 +0000] "PUT /3/68333/AUTH_7aebe34b89554e87825206ce40aeb2f7/gnocchi.b4052cef-64ea-4faa-b887-71d6a277e880/1759320000.0_mean_300.0_v3" 201 - "PUT https://[::1]:8080/v1/AUTH_7aebe34b89554e87825206ce40aeb2f7/gnocchi.b4052cef-64ea-4faa-b887-71d6a277e880/1759320000.0_mean_300.0_v3" "tx501373d138bb44d3965a8-0068e33b1c" "proxy-server 94957" 0.0127 "-" 93955 0
Oct 05 23:44:28 np0005471485.novalocal container-server[93622]: ::1 - - [06/Oct/2025:03:44:28 +0000] "PUT /2/98897/AUTH_7aebe34b89554e87825206ce40aeb2f7/gnocchi.b4052cef-64ea-4faa-b887-71d6a277e880/1759320000.0_mean_300.0_v3" 201 - "PUT http://[::1]:8080/1/68333/AUTH_7aebe34b89554e87825206ce40aeb2f7/gnocchi.b4052cef-64ea-4faa-b887-71d6a277e880/1759320000.0_mean_300.0_v3" "tx501373d138bb44d3965a8-0068e33b1c" "object-server 93955" 0.0008 "-" 93622 0
Oct 05 23:44:28 np0005471485.novalocal object-server[93955]: ::1 - - [06/Oct/2025:03:44:28 +0000] "PUT /1/68333/AUTH_7aebe34b89554e87825206ce40aeb2f7/gnocchi.b4052cef-64ea-4faa-b887-71d6a277e880/1759320000.0_mean_300.0_v3" 201 - "PUT https://[::1]:8080/v1/AUTH_7aebe34b89554e87825206ce40aeb2f7/gnocchi.b4052cef-64ea-4faa-b887-71d6a277e880/1759320000.0_mean_300.0_v3" "tx501373d138bb44d3965a8-0068e33b1c" "proxy-server 94957" 0.0127 "-" 93955 0
Oct 05 23:44:28 np0005471485.novalocal proxy-server[94957]: ::1 ::1 06/Oct/2025/03/44/28 PUT /v1/AUTH_7aebe34b89554e87825206ce40aeb2f7/gnocchi.b4052cef-64ea-4faa-b887-71d6a277e880/1759320000.0_mean_300.0_v3 HTTP/1.0 201 - python-swiftclient-4.8.0 gAAAAABo4zrI4CaX... 16 - - tx501373d138bb44d3965a8-0068e33b1c - 0.0292 - - 1759722268.094559669 1759722268.123806238 0 7b03bd18aea8470cbeb747235c58da52
Oct 05 23:44:28 np0005471485.novalocal container-server[93621]: ::1 - - [06/Oct/2025:03:44:28 +0000] "PUT /2/98897/AUTH_7aebe34b89554e87825206ce40aeb2f7/gnocchi.b4052cef-64ea-4faa-b887-71d6a277e880/none_v3" 201 - "PUT http://[::1]:8080/2/95924/AUTH_7aebe34b89554e87825206ce40aeb2f7/gnocchi.b4052cef-64ea-4faa-b887-71d6a277e880/none_v3" "tx7209c2fe1c3b4411873bf-0068e33b1c" "object-server 93955" 0.0005 "-" 93621 0
Oct 05 23:44:28 np0005471485.novalocal object-server[93955]: ::1 - - [06/Oct/2025:03:44:28 +0000] "PUT /2/95924/AUTH_7aebe34b89554e87825206ce40aeb2f7/gnocchi.b4052cef-64ea-4faa-b887-71d6a277e880/none_v3" 201 - "PUT https://[::1]:8080/v1/AUTH_7aebe34b89554e87825206ce40aeb2f7/gnocchi.b4052cef-64ea-4faa-b887-71d6a277e880/none_v3" "tx7209c2fe1c3b4411873bf-0068e33b1c" "proxy-server 94957" 0.0103 "-" 93955 0
Oct 05 23:44:28 np0005471485.novalocal container-server[93622]: ::1 - - [06/Oct/2025:03:44:28 +0000] "PUT /3/98897/AUTH_7aebe34b89554e87825206ce40aeb2f7/gnocchi.b4052cef-64ea-4faa-b887-71d6a277e880/none_v3" 201 - "PUT http://[::1]:8080/3/95924/AUTH_7aebe34b89554e87825206ce40aeb2f7/gnocchi.b4052cef-64ea-4faa-b887-71d6a277e880/none_v3" "tx7209c2fe1c3b4411873bf-0068e33b1c" "object-server 93955" 0.0011 "-" 93622 0
Oct 05 23:44:28 np0005471485.novalocal object-server[93955]: ::1 - - [06/Oct/2025:03:44:28 +0000] "PUT /3/95924/AUTH_7aebe34b89554e87825206ce40aeb2f7/gnocchi.b4052cef-64ea-4faa-b887-71d6a277e880/none_v3" 201 - "PUT https://[::1]:8080/v1/AUTH_7aebe34b89554e87825206ce40aeb2f7/gnocchi.b4052cef-64ea-4faa-b887-71d6a277e880/none_v3" "tx7209c2fe1c3b4411873bf-0068e33b1c" "proxy-server 94957" 0.0128 "-" 93955 0
Oct 05 23:44:28 np0005471485.novalocal container-server[93622]: ::1 - - [06/Oct/2025:03:44:28 +0000] "PUT /1/98897/AUTH_7aebe34b89554e87825206ce40aeb2f7/gnocchi.b4052cef-64ea-4faa-b887-71d6a277e880/none_v3" 201 - "PUT http://[::1]:8080/1/95924/AUTH_7aebe34b89554e87825206ce40aeb2f7/gnocchi.b4052cef-64ea-4faa-b887-71d6a277e880/none_v3" "tx7209c2fe1c3b4411873bf-0068e33b1c" "object-server 93955" 0.0007 "-" 93622 0
Oct 05 23:44:28 np0005471485.novalocal object-server[93955]: ::1 - - [06/Oct/2025:03:44:28 +0000] "PUT /1/95924/AUTH_7aebe34b89554e87825206ce40aeb2f7/gnocchi.b4052cef-64ea-4faa-b887-71d6a277e880/none_v3" 201 - "PUT https://[::1]:8080/v1/AUTH_7aebe34b89554e87825206ce40aeb2f7/gnocchi.b4052cef-64ea-4faa-b887-71d6a277e880/none_v3" "tx7209c2fe1c3b4411873bf-0068e33b1c" "proxy-server 94957" 0.0151 "-" 93955 0
Oct 05 23:44:28 np0005471485.novalocal proxy-server[94957]: ::1 ::1 06/Oct/2025/03/44/28 PUT /v1/AUTH_7aebe34b89554e87825206ce40aeb2f7/gnocchi.b4052cef-64ea-4faa-b887-71d6a277e880/none_v3 HTTP/1.0 201 - python-swiftclient-4.8.0 gAAAAABo4zrI4CaX... 51 - - tx7209c2fe1c3b4411873bf-0068e33b1c - 0.0239 - - 1759722268.126309395 1759722268.150203705 0 7b03bd18aea8470cbeb747235c58da52
Oct 05 23:44:28 np0005471485.novalocal object-server[93954]: ::1 - - [06/Oct/2025:03:44:28 +0000] "GET /1/49510/AUTH_7aebe34b89554e87825206ce40aeb2f7/gnocchi.93e9f2d7-0a05-469a-8cd5-74524bd9c296/none_v3" 200 45 "GET https://[::1]:8080/v1/AUTH_7aebe34b89554e87825206ce40aeb2f7/gnocchi.93e9f2d7-0a05-469a-8cd5-74524bd9c296/none_v3" "tx080b1d27e6ef48dd8d6bf-0068e33b1c" "proxy-server 94957" 0.0008 "-" 93954 0
Oct 05 23:44:28 np0005471485.novalocal proxy-server[94957]: ::1 ::1 06/Oct/2025/03/44/28 GET /v1/AUTH_7aebe34b89554e87825206ce40aeb2f7/gnocchi.93e9f2d7-0a05-469a-8cd5-74524bd9c296/none_v3 HTTP/1.0 200 - python-swiftclient-4.8.0 gAAAAABo4zrI4CaX... - 45 - tx080b1d27e6ef48dd8d6bf-0068e33b1c - 0.0080 - - 1759722268.186955690 1759722268.194998741 0 7b03bd18aea8470cbeb747235c58da52
