Oct 05 23:44:16 np0005471485.novalocal container-server[93622]: ::1 - - [06/Oct/2025:03:44:16 +0000] "GET /2/124958/AUTH_7aebe34b89554e87825206ce40aeb2f7/gnocchi.bb9b7488-c733-4623-994b-03a1e587fe4b" 200 357 "GET https://[::1]:8080/v1/AUTH_7aebe34b89554e87825206ce40aeb2f7/gnocchi.bb9b7488-c733-4623-994b-03a1e587fe4b?format=json&states=listing" "tx5252df6ae3654b6990193-0068e33b10" "proxy-server 94957" 0.0128 "-" 93622 0
Oct 05 23:44:16 np0005471485.novalocal proxy-server[94957]: ::1 ::1 06/Oct/2025/03/44/16 GET /v1/AUTH_7aebe34b89554e87825206ce40aeb2f7/gnocchi.bb9b7488-c733-4623-994b-03a1e587fe4b%3Fformat%3Djson%26states%3Dlisting HTTP/1.0 200 - python-swiftclient-4.8.0 gAAAAABo4zrG_lV4... - 357 - tx5252df6ae3654b6990193-0068e33b10 - 0.0246 - - 1759722256.652551651 1759722256.677180052 0 7b03bd18aea8470cbeb747235c58da52
Oct 05 23:44:16 np0005471485.novalocal container-server[93622]: ::1 - - [06/Oct/2025:03:44:16 +0000] "GET /3/124958/AUTH_7aebe34b89554e87825206ce40aeb2f7/gnocchi.bb9b7488-c733-4623-994b-03a1e587fe4b" 200 2 "GET https://[::1]:8080/v1/AUTH_7aebe34b89554e87825206ce40aeb2f7/gnocchi.bb9b7488-c733-4623-994b-03a1e587fe4b?format=json&marker=none_v3&states=listing" "txe83c43439e08460889f6a-0068e33b10" "proxy-server 94957" 0.0167 "-" 93622 0
Oct 05 23:44:16 np0005471485.novalocal proxy-server[94957]: ::1 ::1 06/Oct/2025/03/44/16 GET /v1/AUTH_7aebe34b89554e87825206ce40aeb2f7/gnocchi.bb9b7488-c733-4623-994b-03a1e587fe4b%3Fformat%3Djson%26marker%3Dnone_v3%26states%3Dlisting HTTP/1.0 200 - python-swiftclient-4.8.0 gAAAAABo4zrG_lV4... - 2 - txe83c43439e08460889f6a-0068e33b10 - 0.0274 - - 1759722256.681738615 1759722256.709144592 0 7b03bd18aea8470cbeb747235c58da52
Oct 05 23:44:16 np0005471485.novalocal object-server[93955]: ::1 - - [06/Oct/2025:03:44:16 +0000] "GET /3/27468/AUTH_7aebe34b89554e87825206ce40aeb2f7/gnocchi.bb9b7488-c733-4623-994b-03a1e587fe4b/1759320000.0_mean_300.0_v3" 200 16 "GET https://[::1]:8080/v1/AUTH_7aebe34b89554e87825206ce40aeb2f7/gnocchi.bb9b7488-c733-4623-994b-03a1e587fe4b/1759320000.0_mean_300.0_v3" "txb945939b7279469ea7d55-0068e33b10" "proxy-server 94957" 0.0014 "-" 93955 0
Oct 05 23:44:16 np0005471485.novalocal proxy-server[94957]: ::1 ::1 06/Oct/2025/03/44/16 GET /v1/AUTH_7aebe34b89554e87825206ce40aeb2f7/gnocchi.bb9b7488-c733-4623-994b-03a1e587fe4b/1759320000.0_mean_300.0_v3 HTTP/1.0 200 - python-swiftclient-4.8.0 gAAAAABo4zrG_lV4... - 16 - txb945939b7279469ea7d55-0068e33b10 - 0.0095 - - 1759722256.715217829 1759722256.724668980 0 7b03bd18aea8470cbeb747235c58da52
Oct 05 23:44:16 np0005471485.novalocal container-server[93621]: ::1 - - [06/Oct/2025:03:44:16 +0000] "PUT /3/124958/AUTH_7aebe34b89554e87825206ce40aeb2f7/gnocchi.bb9b7488-c733-4623-994b-03a1e587fe4b/1759320000.0_mean_300.0_v3" 201 - "PUT http://[::1]:8080/1/27468/AUTH_7aebe34b89554e87825206ce40aeb2f7/gnocchi.bb9b7488-c733-4623-994b-03a1e587fe4b/1759320000.0_mean_300.0_v3" "tx394190d25b2249d98414c-0068e33b10" "object-server 93955" 0.0009 "-" 93621 0
Oct 05 23:44:16 np0005471485.novalocal object-server[93955]: ::1 - - [06/Oct/2025:03:44:16 +0000] "PUT /1/27468/AUTH_7aebe34b89554e87825206ce40aeb2f7/gnocchi.bb9b7488-c733-4623-994b-03a1e587fe4b/1759320000.0_mean_300.0_v3" 201 - "PUT https://[::1]:8080/v1/AUTH_7aebe34b89554e87825206ce40aeb2f7/gnocchi.bb9b7488-c733-4623-994b-03a1e587fe4b/1759320000.0_mean_300.0_v3" "tx394190d25b2249d98414c-0068e33b10" "proxy-server 94957" 0.1552 "-" 93955 0
Oct 05 23:44:16 np0005471485.novalocal container-server[93622]: ::1 - - [06/Oct/2025:03:44:16 +0000] "PUT /1/124958/AUTH_7aebe34b89554e87825206ce40aeb2f7/gnocchi.bb9b7488-c733-4623-994b-03a1e587fe4b/1759320000.0_mean_300.0_v3" 201 - "PUT http://[::1]:8080/2/27468/AUTH_7aebe34b89554e87825206ce40aeb2f7/gnocchi.bb9b7488-c733-4623-994b-03a1e587fe4b/1759320000.0_mean_300.0_v3" "tx394190d25b2249d98414c-0068e33b10" "object-server 93955" 0.0006 "-" 93622 0
Oct 05 23:44:16 np0005471485.novalocal container-server[93622]: ::1 - - [06/Oct/2025:03:44:16 +0000] "PUT /2/124958/AUTH_7aebe34b89554e87825206ce40aeb2f7/gnocchi.bb9b7488-c733-4623-994b-03a1e587fe4b/1759320000.0_mean_300.0_v3" 201 - "PUT http://[::1]:8080/3/27468/AUTH_7aebe34b89554e87825206ce40aeb2f7/gnocchi.bb9b7488-c733-4623-994b-03a1e587fe4b/1759320000.0_mean_300.0_v3" "tx394190d25b2249d98414c-0068e33b10" "object-server 93954" 0.0005 "-" 93622 0
Oct 05 23:44:16 np0005471485.novalocal object-server[93955]: ::1 - - [06/Oct/2025:03:44:16 +0000] "PUT /2/27468/AUTH_7aebe34b89554e87825206ce40aeb2f7/gnocchi.bb9b7488-c733-4623-994b-03a1e587fe4b/1759320000.0_mean_300.0_v3" 201 - "PUT https://[::1]:8080/v1/AUTH_7aebe34b89554e87825206ce40aeb2f7/gnocchi.bb9b7488-c733-4623-994b-03a1e587fe4b/1759320000.0_mean_300.0_v3" "tx394190d25b2249d98414c-0068e33b10" "proxy-server 94957" 0.1612 "-" 93955 0
Oct 05 23:44:16 np0005471485.novalocal object-server[93954]: ::1 - - [06/Oct/2025:03:44:16 +0000] "PUT /3/27468/AUTH_7aebe34b89554e87825206ce40aeb2f7/gnocchi.bb9b7488-c733-4623-994b-03a1e587fe4b/1759320000.0_mean_300.0_v3" 201 - "PUT https://[::1]:8080/v1/AUTH_7aebe34b89554e87825206ce40aeb2f7/gnocchi.bb9b7488-c733-4623-994b-03a1e587fe4b/1759320000.0_mean_300.0_v3" "tx394190d25b2249d98414c-0068e33b10" "proxy-server 94957" 0.1624 "-" 93954 0
Oct 05 23:44:16 np0005471485.novalocal proxy-server[94957]: ::1 ::1 06/Oct/2025/03/44/16 PUT /v1/AUTH_7aebe34b89554e87825206ce40aeb2f7/gnocchi.bb9b7488-c733-4623-994b-03a1e587fe4b/1759320000.0_mean_300.0_v3 HTTP/1.0 201 - python-swiftclient-4.8.0 gAAAAABo4zrG_lV4... 16 - - tx394190d25b2249d98414c-0068e33b10 - 0.1757 - - 1759722256.728822947 1759722256.904542208 0 7b03bd18aea8470cbeb747235c58da52
Oct 05 23:44:16 np0005471485.novalocal container-server[93622]: ::1 - - [06/Oct/2025:03:44:16 +0000] "PUT /1/124958/AUTH_7aebe34b89554e87825206ce40aeb2f7/gnocchi.bb9b7488-c733-4623-994b-03a1e587fe4b/none_v3" 201 - "PUT http://[::1]:8080/1/47604/AUTH_7aebe34b89554e87825206ce40aeb2f7/gnocchi.bb9b7488-c733-4623-994b-03a1e587fe4b/none_v3" "tx91fcfc73a92b411999175-0068e33b10" "object-server 93954" 0.0007 "-" 93622 0
Oct 05 23:44:16 np0005471485.novalocal object-server[93954]: ::1 - - [06/Oct/2025:03:44:16 +0000] "PUT /1/47604/AUTH_7aebe34b89554e87825206ce40aeb2f7/gnocchi.bb9b7488-c733-4623-994b-03a1e587fe4b/none_v3" 201 - "PUT https://[::1]:8080/v1/AUTH_7aebe34b89554e87825206ce40aeb2f7/gnocchi.bb9b7488-c733-4623-994b-03a1e587fe4b/none_v3" "tx91fcfc73a92b411999175-0068e33b10" "proxy-server 94957" 0.0217 "-" 93954 0
Oct 05 23:44:16 np0005471485.novalocal container-server[93622]: ::1 - - [06/Oct/2025:03:44:16 +0000] "PUT /2/124958/AUTH_7aebe34b89554e87825206ce40aeb2f7/gnocchi.bb9b7488-c733-4623-994b-03a1e587fe4b/none_v3" 201 - "PUT http://[::1]:8080/3/47604/AUTH_7aebe34b89554e87825206ce40aeb2f7/gnocchi.bb9b7488-c733-4623-994b-03a1e587fe4b/none_v3" "tx91fcfc73a92b411999175-0068e33b10" "object-server 93955" 0.0007 "-" 93622 0
Oct 05 23:44:16 np0005471485.novalocal container-server[93622]: ::1 - - [06/Oct/2025:03:44:16 +0000] "PUT /3/124958/AUTH_7aebe34b89554e87825206ce40aeb2f7/gnocchi.bb9b7488-c733-4623-994b-03a1e587fe4b/none_v3" 201 - "PUT http://[::1]:8080/2/47604/AUTH_7aebe34b89554e87825206ce40aeb2f7/gnocchi.bb9b7488-c733-4623-994b-03a1e587fe4b/none_v3" "tx91fcfc73a92b411999175-0068e33b10" "object-server 93955" 0.0006 "-" 93622 0
Oct 05 23:44:16 np0005471485.novalocal object-server[93955]: ::1 - - [06/Oct/2025:03:44:16 +0000] "PUT /3/47604/AUTH_7aebe34b89554e87825206ce40aeb2f7/gnocchi.bb9b7488-c733-4623-994b-03a1e587fe4b/none_v3" 201 - "PUT https://[::1]:8080/v1/AUTH_7aebe34b89554e87825206ce40aeb2f7/gnocchi.bb9b7488-c733-4623-994b-03a1e587fe4b/none_v3" "tx91fcfc73a92b411999175-0068e33b10" "proxy-server 94957" 0.0211 "-" 93955 0
Oct 05 23:44:16 np0005471485.novalocal object-server[93955]: ::1 - - [06/Oct/2025:03:44:16 +0000] "PUT /2/47604/AUTH_7aebe34b89554e87825206ce40aeb2f7/gnocchi.bb9b7488-c733-4623-994b-03a1e587fe4b/none_v3" 201 - "PUT https://[::1]:8080/v1/AUTH_7aebe34b89554e87825206ce40aeb2f7/gnocchi.bb9b7488-c733-4623-994b-03a1e587fe4b/none_v3" "tx91fcfc73a92b411999175-0068e33b10" "proxy-server 94957" 0.0271 "-" 93955 0
Oct 05 23:44:16 np0005471485.novalocal proxy-server[94957]: ::1 ::1 06/Oct/2025/03/44/16 PUT /v1/AUTH_7aebe34b89554e87825206ce40aeb2f7/gnocchi.bb9b7488-c733-4623-994b-03a1e587fe4b/none_v3 HTTP/1.0 201 - python-swiftclient-4.8.0 gAAAAABo4zrG_lV4... 59 - - tx91fcfc73a92b411999175-0068e33b10 - 0.0434 - - 1759722256.910347462 1759722256.953762054 0 7b03bd18aea8470cbeb747235c58da52
Oct 05 23:44:17 np0005471485.novalocal object-server[93955]: ::1 - - [06/Oct/2025:03:44:17 +0000] "GET /3/68040/AUTH_7aebe34b89554e87825206ce40aeb2f7/gnocchi.9d08177d-f005-4077-93cb-0ab3f3ffc960/none_v3" 200 52 "GET https://[::1]:8080/v1/AUTH_7aebe34b89554e87825206ce40aeb2f7/gnocchi.9d08177d-f005-4077-93cb-0ab3f3ffc960/none_v3" "tx6fa9ee8367704a428a699-0068e33b11" "proxy-server 94957" 0.0011 "-" 93955 0
Oct 05 23:44:17 np0005471485.novalocal proxy-server[94957]: ::1 ::1 06/Oct/2025/03/44/17 GET /v1/AUTH_7aebe34b89554e87825206ce40aeb2f7/gnocchi.9d08177d-f005-4077-93cb-0ab3f3ffc960/none_v3 HTTP/1.0 200 - python-swiftclient-4.8.0 gAAAAABo4zrG_lV4... - 52 - tx6fa9ee8367704a428a699-0068e33b11 - 0.0115 - - 1759722257.004526615 1759722257.016073704 0 7b03bd18aea8470cbeb747235c58da52
Oct 05 23:44:17 np0005471485.novalocal container-server[93622]: ::1 - - [06/Oct/2025:03:44:17 +0000] "GET /3/254353/AUTH_7aebe34b89554e87825206ce40aeb2f7/gnocchi.9d08177d-f005-4077-93cb-0ab3f3ffc960" 200 357 "GET https://[::1]:8080/v1/AUTH_7aebe34b89554e87825206ce40aeb2f7/gnocchi.9d08177d-f005-4077-93cb-0ab3f3ffc960?format=json&states=listing" "tx7c6b9780354244389d6c4-0068e33b11" "proxy-server 94957" 0.0041 "-" 93622 0
Oct 05 23:44:17 np0005471485.novalocal proxy-server[94957]: ::1 ::1 06/Oct/2025/03/44/17 GET /v1/AUTH_7aebe34b89554e87825206ce40aeb2f7/gnocchi.9d08177d-f005-4077-93cb-0ab3f3ffc960%3Fformat%3Djson%26states%3Dlisting HTTP/1.0 200 - python-swiftclient-4.8.0 gAAAAABo4zrG_lV4... - 357 - tx7c6b9780354244389d6c4-0068e33b11 - 0.0140 - - 1759722257.020338774 1759722257.034310102 0 7b03bd18aea8470cbeb747235c58da52
Oct 05 23:44:17 np0005471485.novalocal container-server[93622]: ::1 - - [06/Oct/2025:03:44:17 +0000] "GET /3/254353/AUTH_7aebe34b89554e87825206ce40aeb2f7/gnocchi.9d08177d-f005-4077-93cb-0ab3f3ffc960" 200 2 "GET https://[::1]:8080/v1/AUTH_7aebe34b89554e87825206ce40aeb2f7/gnocchi.9d08177d-f005-4077-93cb-0ab3f3ffc960?format=json&marker=none_v3&states=listing" "tx272f599bf6694762a30d5-0068e33b11" "proxy-server 94957" 0.0037 "-" 93622 0
Oct 05 23:44:17 np0005471485.novalocal proxy-server[94957]: ::1 ::1 06/Oct/2025/03/44/17 GET /v1/AUTH_7aebe34b89554e87825206ce40aeb2f7/gnocchi.9d08177d-f005-4077-93cb-0ab3f3ffc960%3Fformat%3Djson%26marker%3Dnone_v3%26states%3Dlisting HTTP/1.0 200 - python-swiftclient-4.8.0 gAAAAABo4zrG_lV4... - 2 - tx272f599bf6694762a30d5-0068e33b11 - 0.0122 - - 1759722257.037475586 1759722257.049716234 0 7b03bd18aea8470cbeb747235c58da52
Oct 05 23:44:17 np0005471485.novalocal object-server[93955]: ::1 - - [06/Oct/2025:03:44:17 +0000] "GET /1/161274/AUTH_7aebe34b89554e87825206ce40aeb2f7/gnocchi.9d08177d-f005-4077-93cb-0ab3f3ffc960/1759320000.0_mean_300.0_v3" 200 16 "GET https://[::1]:8080/v1/AUTH_7aebe34b89554e87825206ce40aeb2f7/gnocchi.9d08177d-f005-4077-93cb-0ab3f3ffc960/1759320000.0_mean_300.0_v3" "tx118b8b5e17fc48cf8a942-0068e33b11" "proxy-server 94957" 0.0008 "-" 93955 0
Oct 05 23:44:17 np0005471485.novalocal proxy-server[94957]: ::1 ::1 06/Oct/2025/03/44/17 GET /v1/AUTH_7aebe34b89554e87825206ce40aeb2f7/gnocchi.9d08177d-f005-4077-93cb-0ab3f3ffc960/1759320000.0_mean_300.0_v3 HTTP/1.0 200 - python-swiftclient-4.8.0 gAAAAABo4zrG_lV4... - 16 - tx118b8b5e17fc48cf8a942-0068e33b11 - 0.0092 - - 1759722257.055474758 1759722257.064639330 0 7b03bd18aea8470cbeb747235c58da52
Oct 05 23:44:17 np0005471485.novalocal container-server[93622]: ::1 - - [06/Oct/2025:03:44:17 +0000] "PUT /2/254353/AUTH_7aebe34b89554e87825206ce40aeb2f7/gnocchi.9d08177d-f005-4077-93cb-0ab3f3ffc960/1759320000.0_mean_300.0_v3" 201 - "PUT http://[::1]:8080/1/161274/AUTH_7aebe34b89554e87825206ce40aeb2f7/gnocchi.9d08177d-f005-4077-93cb-0ab3f3ffc960/1759320000.0_mean_300.0_v3" "tx216fe3e9acf64b44908d6-0068e33b11" "object-server 93955" 0.0006 "-" 93622 0
Oct 05 23:44:17 np0005471485.novalocal container-server[93621]: ::1 - - [06/Oct/2025:03:44:17 +0000] "PUT /3/254353/AUTH_7aebe34b89554e87825206ce40aeb2f7/gnocchi.9d08177d-f005-4077-93cb-0ab3f3ffc960/1759320000.0_mean_300.0_v3" 201 - "PUT http://[::1]:8080/2/161274/AUTH_7aebe34b89554e87825206ce40aeb2f7/gnocchi.9d08177d-f005-4077-93cb-0ab3f3ffc960/1759320000.0_mean_300.0_v3" "tx216fe3e9acf64b44908d6-0068e33b11" "object-server 93955" 0.0005 "-" 93621 0
Oct 05 23:44:17 np0005471485.novalocal object-server[93955]: ::1 - - [06/Oct/2025:03:44:17 +0000] "PUT /1/161274/AUTH_7aebe34b89554e87825206ce40aeb2f7/gnocchi.9d08177d-f005-4077-93cb-0ab3f3ffc960/1759320000.0_mean_300.0_v3" 201 - "PUT https://[::1]:8080/v1/AUTH_7aebe34b89554e87825206ce40aeb2f7/gnocchi.9d08177d-f005-4077-93cb-0ab3f3ffc960/1759320000.0_mean_300.0_v3" "tx216fe3e9acf64b44908d6-0068e33b11" "proxy-server 94957" 0.0183 "-" 93955 0
Oct 05 23:44:17 np0005471485.novalocal container-server[93622]: ::1 - - [06/Oct/2025:03:44:17 +0000] "PUT /1/254353/AUTH_7aebe34b89554e87825206ce40aeb2f7/gnocchi.9d08177d-f005-4077-93cb-0ab3f3ffc960/1759320000.0_mean_300.0_v3" 201 - "PUT http://[::1]:8080/3/161274/AUTH_7aebe34b89554e87825206ce40aeb2f7/gnocchi.9d08177d-f005-4077-93cb-0ab3f3ffc960/1759320000.0_mean_300.0_v3" "tx216fe3e9acf64b44908d6-0068e33b11" "object-server 93955" 0.0004 "-" 93622 0
Oct 05 23:44:17 np0005471485.novalocal object-server[93955]: ::1 - - [06/Oct/2025:03:44:17 +0000] "PUT /2/161274/AUTH_7aebe34b89554e87825206ce40aeb2f7/gnocchi.9d08177d-f005-4077-93cb-0ab3f3ffc960/1759320000.0_mean_300.0_v3" 201 - "PUT https://[::1]:8080/v1/AUTH_7aebe34b89554e87825206ce40aeb2f7/gnocchi.9d08177d-f005-4077-93cb-0ab3f3ffc960/1759320000.0_mean_300.0_v3" "tx216fe3e9acf64b44908d6-0068e33b11" "proxy-server 94957" 0.0160 "-" 93955 0
Oct 05 23:44:17 np0005471485.novalocal object-server[93955]: ::1 - - [06/Oct/2025:03:44:17 +0000] "PUT /3/161274/AUTH_7aebe34b89554e87825206ce40aeb2f7/gnocchi.9d08177d-f005-4077-93cb-0ab3f3ffc960/1759320000.0_mean_300.0_v3" 201 - "PUT https://[::1]:8080/v1/AUTH_7aebe34b89554e87825206ce40aeb2f7/gnocchi.9d08177d-f005-4077-93cb-0ab3f3ffc960/1759320000.0_mean_300.0_v3" "tx216fe3e9acf64b44908d6-0068e33b11" "proxy-server 94957" 0.0234 "-" 93955 0
Oct 05 23:44:17 np0005471485.novalocal proxy-server[94957]: ::1 ::1 06/Oct/2025/03/44/17 PUT /v1/AUTH_7aebe34b89554e87825206ce40aeb2f7/gnocchi.9d08177d-f005-4077-93cb-0ab3f3ffc960/1759320000.0_mean_300.0_v3 HTTP/1.0 201 - python-swiftclient-4.8.0 gAAAAABo4zrG_lV4... 16 - - tx216fe3e9acf64b44908d6-0068e33b11 - 0.0326 - - 1759722257.069264174 1759722257.101827383 0 7b03bd18aea8470cbeb747235c58da52
Oct 05 23:44:17 np0005471485.novalocal container-server[93622]: ::1 - - [06/Oct/2025:03:44:17 +0000] "PUT /3/254353/AUTH_7aebe34b89554e87825206ce40aeb2f7/gnocchi.9d08177d-f005-4077-93cb-0ab3f3ffc960/none_v3" 201 - "PUT http://[::1]:8080/2/68040/AUTH_7aebe34b89554e87825206ce40aeb2f7/gnocchi.9d08177d-f005-4077-93cb-0ab3f3ffc960/none_v3" "txa1476a54ccdc4384ad6c9-0068e33b11" "object-server 93955" 0.0005 "-" 93622 0
Oct 05 23:44:17 np0005471485.novalocal container-server[93621]: ::1 - - [06/Oct/2025:03:44:17 +0000] "PUT /2/254353/AUTH_7aebe34b89554e87825206ce40aeb2f7/gnocchi.9d08177d-f005-4077-93cb-0ab3f3ffc960/none_v3" 201 - "PUT http://[::1]:8080/3/68040/AUTH_7aebe34b89554e87825206ce40aeb2f7/gnocchi.9d08177d-f005-4077-93cb-0ab3f3ffc960/none_v3" "txa1476a54ccdc4384ad6c9-0068e33b11" "object-server 93954" 0.0005 "-" 93621 0
Oct 05 23:44:17 np0005471485.novalocal object-server[93955]: ::1 - - [06/Oct/2025:03:44:17 +0000] "PUT /2/68040/AUTH_7aebe34b89554e87825206ce40aeb2f7/gnocchi.9d08177d-f005-4077-93cb-0ab3f3ffc960/none_v3" 201 - "PUT https://[::1]:8080/v1/AUTH_7aebe34b89554e87825206ce40aeb2f7/gnocchi.9d08177d-f005-4077-93cb-0ab3f3ffc960/none_v3" "txa1476a54ccdc4384ad6c9-0068e33b11" "proxy-server 94957" 0.0130 "-" 93955 0
Oct 05 23:44:17 np0005471485.novalocal container-server[93621]: ::1 - - [06/Oct/2025:03:44:17 +0000] "PUT /1/254353/AUTH_7aebe34b89554e87825206ce40aeb2f7/gnocchi.9d08177d-f005-4077-93cb-0ab3f3ffc960/none_v3" 201 - "PUT http://[::1]:8080/1/68040/AUTH_7aebe34b89554e87825206ce40aeb2f7/gnocchi.9d08177d-f005-4077-93cb-0ab3f3ffc960/none_v3" "txa1476a54ccdc4384ad6c9-0068e33b11" "object-server 93955" 0.0004 "-" 93621 0
Oct 05 23:44:17 np0005471485.novalocal object-server[93954]: ::1 - - [06/Oct/2025:03:44:17 +0000] "PUT /3/68040/AUTH_7aebe34b89554e87825206ce40aeb2f7/gnocchi.9d08177d-f005-4077-93cb-0ab3f3ffc960/none_v3" 201 - "PUT https://[::1]:8080/v1/AUTH_7aebe34b89554e87825206ce40aeb2f7/gnocchi.9d08177d-f005-4077-93cb-0ab3f3ffc960/none_v3" "txa1476a54ccdc4384ad6c9-0068e33b11" "proxy-server 94957" 0.0138 "-" 93954 0
Oct 05 23:44:17 np0005471485.novalocal object-server[93955]: ::1 - - [06/Oct/2025:03:44:17 +0000] "PUT /1/68040/AUTH_7aebe34b89554e87825206ce40aeb2f7/gnocchi.9d08177d-f005-4077-93cb-0ab3f3ffc960/none_v3" 201 - "PUT https://[::1]:8080/v1/AUTH_7aebe34b89554e87825206ce40aeb2f7/gnocchi.9d08177d-f005-4077-93cb-0ab3f3ffc960/none_v3" "txa1476a54ccdc4384ad6c9-0068e33b11" "proxy-server 94957" 0.0121 "-" 93955 0
Oct 05 23:44:17 np0005471485.novalocal proxy-server[94957]: ::1 ::1 06/Oct/2025/03/44/17 PUT /v1/AUTH_7aebe34b89554e87825206ce40aeb2f7/gnocchi.9d08177d-f005-4077-93cb-0ab3f3ffc960/none_v3 HTTP/1.0 201 - python-swiftclient-4.8.0 gAAAAABo4zrG_lV4... 60 - - txa1476a54ccdc4384ad6c9-0068e33b11 - 0.0219 - - 1759722257.105919123 1759722257.127773046 0 7b03bd18aea8470cbeb747235c58da52
Oct 05 23:44:17 np0005471485.novalocal account-server[93328]: ::1 - - [06/Oct/2025:03:44:17 +0000] "HEAD /2/249817/.misplaced_objects" 404 - "HEAD http://localhost/v1/.misplaced_objects?format=json" "tx40c5ca8864db4f0e908af-0068e33b11" "Swift Container Reconciler" 0.0005 "-" 93328 -
Oct 05 23:44:17 np0005471485.novalocal account-server[93328]: ::1 - - [06/Oct/2025:03:44:17 +0000] "HEAD /3/249817/.misplaced_objects" 404 - "HEAD http://localhost/v1/.misplaced_objects?format=json" "tx40c5ca8864db4f0e908af-0068e33b11" "Swift Container Reconciler" 0.0003 "-" 93328 -
Oct 05 23:44:17 np0005471485.novalocal account-server[93329]: ::1 - - [06/Oct/2025:03:44:17 +0000] "HEAD /1/249817/.misplaced_objects" 404 - "HEAD http://localhost/v1/.misplaced_objects?format=json" "tx40c5ca8864db4f0e908af-0068e33b11" "Swift Container Reconciler" 0.0003 "-" 93329 -
Oct 05 23:44:17 np0005471485.novalocal container-reconciler-ic[89356]: - - 06/Oct/2025/03/44/17 HEAD /v1/.misplaced_objects%3Fformat%3Djson HTTP/1.0 404 - Swift - - - - tx40c5ca8864db4f0e908af-0068e33b11 - 0.0110 GET_ACCOUNT_INFO - 1759722257.329817295 1759722257.340821981 - -
Oct 05 23:44:17 np0005471485.novalocal container-server[93621]: ::1 - - [06/Oct/2025:03:44:17 +0000] "GET /3/61588/.misplaced_objects/1759719600" 404 - "GET http://localhost/v1/.misplaced_objects/1759719600?format=json&marker=&end_marker=&prefix=&states=listing" "tx40c5ca8864db4f0e908af-0068e33b11" "Swift Container Reconciler" 0.0004 "-" 93621 0
Oct 05 23:44:17 np0005471485.novalocal container-server[93621]: ::1 - - [06/Oct/2025:03:44:17 +0000] "GET /1/61588/.misplaced_objects/1759719600" 404 - "GET http://localhost/v1/.misplaced_objects/1759719600?format=json&marker=&end_marker=&prefix=&states=listing" "tx40c5ca8864db4f0e908af-0068e33b11" "Swift Container Reconciler" 0.0003 "-" 93621 0
Oct 05 23:44:17 np0005471485.novalocal container-server[93621]: ::1 - - [06/Oct/2025:03:44:17 +0000] "GET /2/61588/.misplaced_objects/1759719600" 404 - "GET http://localhost/v1/.misplaced_objects/1759719600?format=json&marker=&end_marker=&prefix=&states=listing" "tx40c5ca8864db4f0e908af-0068e33b11" "Swift Container Reconciler" 0.0003 "-" 93621 0
Oct 05 23:44:17 np0005471485.novalocal container-reconciler-ic[89356]: - - 06/Oct/2025/03/44/17 GET /v1/.misplaced_objects/1759719600%3Fformat%3Djson%26marker%3D%26end_marker%3D%26prefix%3D%26states%3Dlisting HTTP/1.0 404 - Swift%20Container%20Reconciler - - 70 - tx40c5ca8864db4f0e908af-0068e33b11 - 0.0263 - - 1759722257.328269720 1759722257.354548216 0 -
Oct 05 23:44:17 np0005471485.novalocal account-server[93328]: ::1 - - [06/Oct/2025:03:44:17 +0000] "GET /1/249817/.misplaced_objects" 404 - "GET http://localhost/v1/.misplaced_objects?format=json&marker=&end_marker=&prefix=" "tx9762fe75e143466999206-0068e33b11" "Swift Container Reconciler" 0.0004 "-" 93328 -
Oct 05 23:44:17 np0005471485.novalocal account-server[93329]: ::1 - - [06/Oct/2025:03:44:17 +0000] "GET /2/249817/.misplaced_objects" 404 - "GET http://localhost/v1/.misplaced_objects?format=json&marker=&end_marker=&prefix=" "tx9762fe75e143466999206-0068e33b11" "Swift Container Reconciler" 0.0003 "-" 93329 -
Oct 05 23:44:17 np0005471485.novalocal account-server[93329]: ::1 - - [06/Oct/2025:03:44:17 +0000] "GET /3/249817/.misplaced_objects" 404 - "GET http://localhost/v1/.misplaced_objects?format=json&marker=&end_marker=&prefix=" "tx9762fe75e143466999206-0068e33b11" "Swift Container Reconciler" 0.0002 "-" 93329 -
Oct 05 23:44:17 np0005471485.novalocal container-reconciler-ic[89356]: - - 06/Oct/2025/03/44/17 GET /v1/.misplaced_objects%3Fformat%3Djson%26marker%3D%26end_marker%3D%26prefix%3D HTTP/1.0 404 - Swift%20Container%20Reconciler - - - - tx9762fe75e143466999206-0068e33b11 - 0.0094 - - 1759722257.355542421 1759722257.364965677 - -
Oct 05 23:44:17 np0005471485.novalocal container-reconciler[89356]: Reconciler Stats: {}
Oct 05 23:44:17 np0005471485.novalocal container-reconciler[89356]: sleeping between intervals (30.0s)
Oct 05 23:44:18 np0005471485.novalocal object-server[93954]: ::1 - - [06/Oct/2025:03:44:18 +0000] "GET /3/85956/AUTH_7aebe34b89554e87825206ce40aeb2f7/gnocchi.9ff2446e-71cb-45d6-a675-9511dd1e0987/none_v3" 200 52 "GET https://[::1]:8080/v1/AUTH_7aebe34b89554e87825206ce40aeb2f7/gnocchi.9ff2446e-71cb-45d6-a675-9511dd1e0987/none_v3" "tx1853fb11685b4dc09c04c-0068e33b12" "proxy-server 94957" 0.0010 "-" 93954 0
Oct 05 23:44:18 np0005471485.novalocal proxy-server[94957]: ::1 ::1 06/Oct/2025/03/44/18 GET /v1/AUTH_7aebe34b89554e87825206ce40aeb2f7/gnocchi.9ff2446e-71cb-45d6-a675-9511dd1e0987/none_v3 HTTP/1.0 200 - python-swiftclient-4.8.0 gAAAAABo4zrI4CaX... - 52 - tx1853fb11685b4dc09c04c-0068e33b12 - 0.0116 - - 1759722258.031451464 1759722258.043039322 0 7b03bd18aea8470cbeb747235c58da52
Oct 05 23:44:18 np0005471485.novalocal container-server[93622]: ::1 - - [06/Oct/2025:03:44:18 +0000] "GET /1/163741/AUTH_7aebe34b89554e87825206ce40aeb2f7/gnocchi.9ff2446e-71cb-45d6-a675-9511dd1e0987" 200 357 "GET https://[::1]:8080/v1/AUTH_7aebe34b89554e87825206ce40aeb2f7/gnocchi.9ff2446e-71cb-45d6-a675-9511dd1e0987?format=json&states=listing" "tx5abe5592301041d495a32-0068e33b12" "proxy-server 94957" 0.0023 "-" 93622 0
Oct 05 23:44:18 np0005471485.novalocal proxy-server[94957]: ::1 ::1 06/Oct/2025/03/44/18 GET /v1/AUTH_7aebe34b89554e87825206ce40aeb2f7/gnocchi.9ff2446e-71cb-45d6-a675-9511dd1e0987%3Fformat%3Djson%26states%3Dlisting HTTP/1.0 200 - python-swiftclient-4.8.0 gAAAAABo4zrI4CaX... - 357 - tx5abe5592301041d495a32-0068e33b12 - 0.0133 - - 1759722258.046716452 1759722258.060054779 0 7b03bd18aea8470cbeb747235c58da52
Oct 05 23:44:18 np0005471485.novalocal container-server[93622]: ::1 - - [06/Oct/2025:03:44:18 +0000] "GET /3/163741/AUTH_7aebe34b89554e87825206ce40aeb2f7/gnocchi.9ff2446e-71cb-45d6-a675-9511dd1e0987" 200 2 "GET https://[::1]:8080/v1/AUTH_7aebe34b89554e87825206ce40aeb2f7/gnocchi.9ff2446e-71cb-45d6-a675-9511dd1e0987?format=json&marker=none_v3&states=listing" "tx56928190f57a4ca5bcb63-0068e33b12" "proxy-server 94957" 0.0025 "-" 93622 0
Oct 05 23:44:18 np0005471485.novalocal proxy-server[94957]: ::1 ::1 06/Oct/2025/03/44/18 GET /v1/AUTH_7aebe34b89554e87825206ce40aeb2f7/gnocchi.9ff2446e-71cb-45d6-a675-9511dd1e0987%3Fformat%3Djson%26marker%3Dnone_v3%26states%3Dlisting HTTP/1.0 200 - python-swiftclient-4.8.0 gAAAAABo4zrI4CaX... - 2 - tx56928190f57a4ca5bcb63-0068e33b12 - 0.0152 - - 1759722258.066070080 1759722258.081316471 0 7b03bd18aea8470cbeb747235c58da52
Oct 05 23:44:18 np0005471485.novalocal object-server[93955]: ::1 - - [06/Oct/2025:03:44:18 +0000] "GET /3/89723/AUTH_7aebe34b89554e87825206ce40aeb2f7/gnocchi.9ff2446e-71cb-45d6-a675-9511dd1e0987/1759320000.0_mean_300.0_v3" 200 16 "GET https://[::1]:8080/v1/AUTH_7aebe34b89554e87825206ce40aeb2f7/gnocchi.9ff2446e-71cb-45d6-a675-9511dd1e0987/1759320000.0_mean_300.0_v3" "tx123502c029e74197971ad-0068e33b12" "proxy-server 94957" 0.0008 "-" 93955 0
Oct 05 23:44:18 np0005471485.novalocal proxy-server[94957]: ::1 ::1 06/Oct/2025/03/44/18 GET /v1/AUTH_7aebe34b89554e87825206ce40aeb2f7/gnocchi.9ff2446e-71cb-45d6-a675-9511dd1e0987/1759320000.0_mean_300.0_v3 HTTP/1.0 200 - python-swiftclient-4.8.0 gAAAAABo4zrI4CaX... - 16 - tx123502c029e74197971ad-0068e33b12 - 0.0081 - - 1759722258.085561037 1759722258.093628883 0 7b03bd18aea8470cbeb747235c58da52
Oct 05 23:44:18 np0005471485.novalocal container-server[93622]: ::1 - - [06/Oct/2025:03:44:18 +0000] "PUT /1/163741/AUTH_7aebe34b89554e87825206ce40aeb2f7/gnocchi.9ff2446e-71cb-45d6-a675-9511dd1e0987/1759320000.0_mean_300.0_v3" 201 - "PUT http://[::1]:8080/2/89723/AUTH_7aebe34b89554e87825206ce40aeb2f7/gnocchi.9ff2446e-71cb-45d6-a675-9511dd1e0987/1759320000.0_mean_300.0_v3" "tx71d79affe1a24828907f5-0068e33b12" "object-server 93954" 0.0008 "-" 93622 0
Oct 05 23:44:18 np0005471485.novalocal container-server[93621]: ::1 - - [06/Oct/2025:03:44:18 +0000] "PUT /2/163741/AUTH_7aebe34b89554e87825206ce40aeb2f7/gnocchi.9ff2446e-71cb-45d6-a675-9511dd1e0987/1759320000.0_mean_300.0_v3" 201 - "PUT http://[::1]:8080/1/89723/AUTH_7aebe34b89554e87825206ce40aeb2f7/gnocchi.9ff2446e-71cb-45d6-a675-9511dd1e0987/1759320000.0_mean_300.0_v3" "tx71d79affe1a24828907f5-0068e33b12" "object-server 93955" 0.0009 "-" 93621 0
Oct 05 23:44:18 np0005471485.novalocal object-server[93954]: ::1 - - [06/Oct/2025:03:44:18 +0000] "PUT /2/89723/AUTH_7aebe34b89554e87825206ce40aeb2f7/gnocchi.9ff2446e-71cb-45d6-a675-9511dd1e0987/1759320000.0_mean_300.0_v3" 201 - "PUT https://[::1]:8080/v1/AUTH_7aebe34b89554e87825206ce40aeb2f7/gnocchi.9ff2446e-71cb-45d6-a675-9511dd1e0987/1759320000.0_mean_300.0_v3" "tx71d79affe1a24828907f5-0068e33b12" "proxy-server 94957" 0.0105 "-" 93954 0
Oct 05 23:44:18 np0005471485.novalocal object-server[93955]: ::1 - - [06/Oct/2025:03:44:18 +0000] "PUT /1/89723/AUTH_7aebe34b89554e87825206ce40aeb2f7/gnocchi.9ff2446e-71cb-45d6-a675-9511dd1e0987/1759320000.0_mean_300.0_v3" 201 - "PUT https://[::1]:8080/v1/AUTH_7aebe34b89554e87825206ce40aeb2f7/gnocchi.9ff2446e-71cb-45d6-a675-9511dd1e0987/1759320000.0_mean_300.0_v3" "tx71d79affe1a24828907f5-0068e33b12" "proxy-server 94957" 0.0128 "-" 93955 0
Oct 05 23:44:18 np0005471485.novalocal container-server[93621]: ::1 - - [06/Oct/2025:03:44:18 +0000] "PUT /3/163741/AUTH_7aebe34b89554e87825206ce40aeb2f7/gnocchi.9ff2446e-71cb-45d6-a675-9511dd1e0987/1759320000.0_mean_300.0_v3" 201 - "PUT http://[::1]:8080/3/89723/AUTH_7aebe34b89554e87825206ce40aeb2f7/gnocchi.9ff2446e-71cb-45d6-a675-9511dd1e0987/1759320000.0_mean_300.0_v3" "tx71d79affe1a24828907f5-0068e33b12" "object-server 93954" 0.0006 "-" 93621 0
Oct 05 23:44:18 np0005471485.novalocal object-server[93954]: ::1 - - [06/Oct/2025:03:44:18 +0000] "PUT /3/89723/AUTH_7aebe34b89554e87825206ce40aeb2f7/gnocchi.9ff2446e-71cb-45d6-a675-9511dd1e0987/1759320000.0_mean_300.0_v3" 201 - "PUT https://[::1]:8080/v1/AUTH_7aebe34b89554e87825206ce40aeb2f7/gnocchi.9ff2446e-71cb-45d6-a675-9511dd1e0987/1759320000.0_mean_300.0_v3" "tx71d79affe1a24828907f5-0068e33b12" "proxy-server 94957" 0.0147 "-" 93954 0
Oct 05 23:44:18 np0005471485.novalocal proxy-server[94957]: ::1 ::1 06/Oct/2025/03/44/18 PUT /v1/AUTH_7aebe34b89554e87825206ce40aeb2f7/gnocchi.9ff2446e-71cb-45d6-a675-9511dd1e0987/1759320000.0_mean_300.0_v3 HTTP/1.0 201 - python-swiftclient-4.8.0 gAAAAABo4zrI4CaX... 16 - - tx71d79affe1a24828907f5-0068e33b12 - 0.0228 - - 1759722258.097073317 1759722258.119867802 0 7b03bd18aea8470cbeb747235c58da52
Oct 05 23:44:18 np0005471485.novalocal container-server[93621]: ::1 - - [06/Oct/2025:03:44:18 +0000] "PUT /2/163741/AUTH_7aebe34b89554e87825206ce40aeb2f7/gnocchi.9ff2446e-71cb-45d6-a675-9511dd1e0987/none_v3" 201 - "PUT http://[::1]:8080/3/85956/AUTH_7aebe34b89554e87825206ce40aeb2f7/gnocchi.9ff2446e-71cb-45d6-a675-9511dd1e0987/none_v3" "tx7836243cc1df495aa6383-0068e33b12" "object-server 93955" 0.0007 "-" 93621 0
Oct 05 23:44:18 np0005471485.novalocal object-server[93955]: ::1 - - [06/Oct/2025:03:44:18 +0000] "PUT /3/85956/AUTH_7aebe34b89554e87825206ce40aeb2f7/gnocchi.9ff2446e-71cb-45d6-a675-9511dd1e0987/none_v3" 201 - "PUT https://[::1]:8080/v1/AUTH_7aebe34b89554e87825206ce40aeb2f7/gnocchi.9ff2446e-71cb-45d6-a675-9511dd1e0987/none_v3" "tx7836243cc1df495aa6383-0068e33b12" "proxy-server 94957" 0.0100 "-" 93955 0
Oct 05 23:44:18 np0005471485.novalocal container-server[93621]: ::1 - - [06/Oct/2025:03:44:18 +0000] "PUT /1/163741/AUTH_7aebe34b89554e87825206ce40aeb2f7/gnocchi.9ff2446e-71cb-45d6-a675-9511dd1e0987/none_v3" 201 - "PUT http://[::1]:8080/2/85956/AUTH_7aebe34b89554e87825206ce40aeb2f7/gnocchi.9ff2446e-71cb-45d6-a675-9511dd1e0987/none_v3" "tx7836243cc1df495aa6383-0068e33b12" "object-server 93954" 0.0006 "-" 93621 0
Oct 05 23:44:18 np0005471485.novalocal object-server[93954]: ::1 - - [06/Oct/2025:03:44:18 +0000] "PUT /2/85956/AUTH_7aebe34b89554e87825206ce40aeb2f7/gnocchi.9ff2446e-71cb-45d6-a675-9511dd1e0987/none_v3" 201 - "PUT https://[::1]:8080/v1/AUTH_7aebe34b89554e87825206ce40aeb2f7/gnocchi.9ff2446e-71cb-45d6-a675-9511dd1e0987/none_v3" "tx7836243cc1df495aa6383-0068e33b12" "proxy-server 94957" 0.0157 "-" 93954 0
Oct 05 23:44:18 np0005471485.novalocal container-server[93621]: ::1 - - [06/Oct/2025:03:44:18 +0000] "PUT /3/163741/AUTH_7aebe34b89554e87825206ce40aeb2f7/gnocchi.9ff2446e-71cb-45d6-a675-9511dd1e0987/none_v3" 201 - "PUT http://[::1]:8080/1/85956/AUTH_7aebe34b89554e87825206ce40aeb2f7/gnocchi.9ff2446e-71cb-45d6-a675-9511dd1e0987/none_v3" "tx7836243cc1df495aa6383-0068e33b12" "object-server 93954" 0.0010 "-" 93621 0
Oct 05 23:44:18 np0005471485.novalocal object-server[93954]: ::1 - - [06/Oct/2025:03:44:18 +0000] "PUT /1/85956/AUTH_7aebe34b89554e87825206ce40aeb2f7/gnocchi.9ff2446e-71cb-45d6-a675-9511dd1e0987/none_v3" 201 - "PUT https://[::1]:8080/v1/AUTH_7aebe34b89554e87825206ce40aeb2f7/gnocchi.9ff2446e-71cb-45d6-a675-9511dd1e0987/none_v3" "tx7836243cc1df495aa6383-0068e33b12" "proxy-server 94957" 0.0165 "-" 93954 0
Oct 05 23:44:18 np0005471485.novalocal proxy-server[94957]: ::1 ::1 06/Oct/2025/03/44/18 PUT /v1/AUTH_7aebe34b89554e87825206ce40aeb2f7/gnocchi.9ff2446e-71cb-45d6-a675-9511dd1e0987/none_v3 HTTP/1.0 201 - python-swiftclient-4.8.0 gAAAAABo4zrI4CaX... 60 - - tx7836243cc1df495aa6383-0068e33b12 - 0.0253 - - 1759722258.124118328 1759722258.149429321 0 7b03bd18aea8470cbeb747235c58da52
Oct 05 23:44:18 np0005471485.novalocal object-server[93955]: ::1 - - [06/Oct/2025:03:44:18 +0000] "GET /2/204614/AUTH_7aebe34b89554e87825206ce40aeb2f7/gnocchi.5189e135-58c3-4242-922c-200678906b49/none_v3" 200 60 "GET https://[::1]:8080/v1/AUTH_7aebe34b89554e87825206ce40aeb2f7/gnocchi.5189e135-58c3-4242-922c-200678906b49/none_v3" "tx97383c7d5e7c4bd4994b7-0068e33b12" "proxy-server 94957" 0.0006 "-" 93955 0
Oct 05 23:44:18 np0005471485.novalocal proxy-server[94957]: ::1 ::1 06/Oct/2025/03/44/18 GET /v1/AUTH_7aebe34b89554e87825206ce40aeb2f7/gnocchi.5189e135-58c3-4242-922c-200678906b49/none_v3 HTTP/1.0 200 - python-swiftclient-4.8.0 gAAAAABo4zrI4CaX... - 60 - tx97383c7d5e7c4bd4994b7-0068e33b12 - 0.0078 - - 1759722258.235064268 1759722258.242909670 0 7b03bd18aea8470cbeb747235c58da52
Oct 05 23:44:18 np0005471485.novalocal container-server[93621]: ::1 - - [06/Oct/2025:03:44:18 +0000] "GET /1/159941/AUTH_7aebe34b89554e87825206ce40aeb2f7/gnocchi.5189e135-58c3-4242-922c-200678906b49" 200 357 "GET https://[::1]:8080/v1/AUTH_7aebe34b89554e87825206ce40aeb2f7/gnocchi.5189e135-58c3-4242-922c-200678906b49?format=json&states=listing" "txd6440c3799d841a885151-0068e33b12" "proxy-server 94957" 0.0022 "-" 93621 0
Oct 05 23:44:18 np0005471485.novalocal proxy-server[94957]: ::1 ::1 06/Oct/2025/03/44/18 GET /v1/AUTH_7aebe34b89554e87825206ce40aeb2f7/gnocchi.5189e135-58c3-4242-922c-200678906b49%3Fformat%3Djson%26states%3Dlisting HTTP/1.0 200 - python-swiftclient-4.8.0 gAAAAABo4zrI4CaX... - 357 - txd6440c3799d841a885151-0068e33b12 - 0.0093 - - 1759722258.249032974 1759722258.258337736 0 7b03bd18aea8470cbeb747235c58da52
Oct 05 23:44:18 np0005471485.novalocal container-server[93622]: ::1 - - [06/Oct/2025:03:44:18 +0000] "GET /3/159941/AUTH_7aebe34b89554e87825206ce40aeb2f7/gnocchi.5189e135-58c3-4242-922c-200678906b49" 200 2 "GET https://[::1]:8080/v1/AUTH_7aebe34b89554e87825206ce40aeb2f7/gnocchi.5189e135-58c3-4242-922c-200678906b49?format=json&marker=none_v3&states=listing" "tx10761b6f86774eacb8655-0068e33b12" "proxy-server 94957" 0.0028 "-" 93622 0
Oct 05 23:44:18 np0005471485.novalocal proxy-server[94957]: ::1 ::1 06/Oct/2025/03/44/18 GET /v1/AUTH_7aebe34b89554e87825206ce40aeb2f7/gnocchi.5189e135-58c3-4242-922c-200678906b49%3Fformat%3Djson%26marker%3Dnone_v3%26states%3Dlisting HTTP/1.0 200 - python-swiftclient-4.8.0 gAAAAABo4zrI4CaX... - 2 - tx10761b6f86774eacb8655-0068e33b12 - 0.0090 - - 1759722258.260631800 1759722258.269606113 0 7b03bd18aea8470cbeb747235c58da52
Oct 05 23:44:18 np0005471485.novalocal object-server[93954]: ::1 - - [06/Oct/2025:03:44:18 +0000] "GET /2/80232/AUTH_7aebe34b89554e87825206ce40aeb2f7/gnocchi.5189e135-58c3-4242-922c-200678906b49/1759320000.0_mean_300.0_v3" 200 16 "GET https://[::1]:8080/v1/AUTH_7aebe34b89554e87825206ce40aeb2f7/gnocchi.5189e135-58c3-4242-922c-200678906b49/1759320000.0_mean_300.0_v3" "txc60b9923971b4b8ea6c55-0068e33b12" "proxy-server 94957" 0.0006 "-" 93954 0
Oct 05 23:44:18 np0005471485.novalocal proxy-server[94957]: ::1 ::1 06/Oct/2025/03/44/18 GET /v1/AUTH_7aebe34b89554e87825206ce40aeb2f7/gnocchi.5189e135-58c3-4242-922c-200678906b49/1759320000.0_mean_300.0_v3 HTTP/1.0 200 - python-swiftclient-4.8.0 gAAAAABo4zrI4CaX... - 16 - txc60b9923971b4b8ea6c55-0068e33b12 - 0.0088 - - 1759722258.273407936 1759722258.282181740 0 7b03bd18aea8470cbeb747235c58da52
Oct 05 23:44:18 np0005471485.novalocal container-server[93621]: ::1 - - [06/Oct/2025:03:44:18 +0000] "PUT /2/159941/AUTH_7aebe34b89554e87825206ce40aeb2f7/gnocchi.5189e135-58c3-4242-922c-200678906b49/1759320000.0_mean_300.0_v3" 201 - "PUT http://[::1]:8080/3/80232/AUTH_7aebe34b89554e87825206ce40aeb2f7/gnocchi.5189e135-58c3-4242-922c-200678906b49/1759320000.0_mean_300.0_v3" "txf9fd9c981b304025bd28f-0068e33b12" "object-server 93954" 0.0006 "-" 93621 0
Oct 05 23:44:18 np0005471485.novalocal object-server[93954]: ::1 - - [06/Oct/2025:03:44:18 +0000] "PUT /3/80232/AUTH_7aebe34b89554e87825206ce40aeb2f7/gnocchi.5189e135-58c3-4242-922c-200678906b49/1759320000.0_mean_300.0_v3" 201 - "PUT https://[::1]:8080/v1/AUTH_7aebe34b89554e87825206ce40aeb2f7/gnocchi.5189e135-58c3-4242-922c-200678906b49/1759320000.0_mean_300.0_v3" "txf9fd9c981b304025bd28f-0068e33b12" "proxy-server 94957" 0.0132 "-" 93954 0
Oct 05 23:44:18 np0005471485.novalocal container-server[93621]: ::1 - - [06/Oct/2025:03:44:18 +0000] "PUT /3/159941/AUTH_7aebe34b89554e87825206ce40aeb2f7/gnocchi.5189e135-58c3-4242-922c-200678906b49/1759320000.0_mean_300.0_v3" 201 - "PUT http://[::1]:8080/1/80232/AUTH_7aebe34b89554e87825206ce40aeb2f7/gnocchi.5189e135-58c3-4242-922c-200678906b49/1759320000.0_mean_300.0_v3" "txf9fd9c981b304025bd28f-0068e33b12" "object-server 93955" 0.0006 "-" 93621 0
Oct 05 23:44:18 np0005471485.novalocal object-server[93955]: ::1 - - [06/Oct/2025:03:44:18 +0000] "PUT /1/80232/AUTH_7aebe34b89554e87825206ce40aeb2f7/gnocchi.5189e135-58c3-4242-922c-200678906b49/1759320000.0_mean_300.0_v3" 201 - "PUT https://[::1]:8080/v1/AUTH_7aebe34b89554e87825206ce40aeb2f7/gnocchi.5189e135-58c3-4242-922c-200678906b49/1759320000.0_mean_300.0_v3" "txf9fd9c981b304025bd28f-0068e33b12" "proxy-server 94957" 0.0124 "-" 93955 0
Oct 05 23:44:18 np0005471485.novalocal container-server[93621]: ::1 - - [06/Oct/2025:03:44:18 +0000] "PUT /1/159941/AUTH_7aebe34b89554e87825206ce40aeb2f7/gnocchi.5189e135-58c3-4242-922c-200678906b49/1759320000.0_mean_300.0_v3" 201 - "PUT http://[::1]:8080/2/80232/AUTH_7aebe34b89554e87825206ce40aeb2f7/gnocchi.5189e135-58c3-4242-922c-200678906b49/1759320000.0_mean_300.0_v3" "txf9fd9c981b304025bd28f-0068e33b12" "object-server 93955" 0.0006 "-" 93621 0
Oct 05 23:44:18 np0005471485.novalocal object-server[93955]: ::1 - - [06/Oct/2025:03:44:18 +0000] "PUT /2/80232/AUTH_7aebe34b89554e87825206ce40aeb2f7/gnocchi.5189e135-58c3-4242-922c-200678906b49/1759320000.0_mean_300.0_v3" 201 - "PUT https://[::1]:8080/v1/AUTH_7aebe34b89554e87825206ce40aeb2f7/gnocchi.5189e135-58c3-4242-922c-200678906b49/1759320000.0_mean_300.0_v3" "txf9fd9c981b304025bd28f-0068e33b12" "proxy-server 94957" 0.0166 "-" 93955 0
Oct 05 23:44:18 np0005471485.novalocal proxy-server[94957]: ::1 ::1 06/Oct/2025/03/44/18 PUT /v1/AUTH_7aebe34b89554e87825206ce40aeb2f7/gnocchi.5189e135-58c3-4242-922c-200678906b49/1759320000.0_mean_300.0_v3 HTTP/1.0 201 - python-swiftclient-4.8.0 gAAAAABo4zrI4CaX... 16 - - txf9fd9c981b304025bd28f-0068e33b12 - 0.0255 - - 1759722258.285250902 1759722258.310784817 0 7b03bd18aea8470cbeb747235c58da52
Oct 05 23:44:18 np0005471485.novalocal container-server[93622]: ::1 - - [06/Oct/2025:03:44:18 +0000] "PUT /2/159941/AUTH_7aebe34b89554e87825206ce40aeb2f7/gnocchi.5189e135-58c3-4242-922c-200678906b49/none_v3" 201 - "PUT http://[::1]:8080/3/204614/AUTH_7aebe34b89554e87825206ce40aeb2f7/gnocchi.5189e135-58c3-4242-922c-200678906b49/none_v3" "txcefbd7fb50ed41e8bab66-0068e33b12" "object-server 93954" 0.0006 "-" 93622 0
Oct 05 23:44:18 np0005471485.novalocal container-server[93621]: ::1 - - [06/Oct/2025:03:44:18 +0000] "PUT /3/159941/AUTH_7aebe34b89554e87825206ce40aeb2f7/gnocchi.5189e135-58c3-4242-922c-200678906b49/none_v3" 201 - "PUT http://[::1]:8080/1/204614/AUTH_7aebe34b89554e87825206ce40aeb2f7/gnocchi.5189e135-58c3-4242-922c-200678906b49/none_v3" "txcefbd7fb50ed41e8bab66-0068e33b12" "object-server 93954" 0.0006 "-" 93621 0
Oct 05 23:44:18 np0005471485.novalocal object-server[93954]: ::1 - - [06/Oct/2025:03:44:18 +0000] "PUT /1/204614/AUTH_7aebe34b89554e87825206ce40aeb2f7/gnocchi.5189e135-58c3-4242-922c-200678906b49/none_v3" 201 - "PUT https://[::1]:8080/v1/AUTH_7aebe34b89554e87825206ce40aeb2f7/gnocchi.5189e135-58c3-4242-922c-200678906b49/none_v3" "txcefbd7fb50ed41e8bab66-0068e33b12" "proxy-server 94957" 0.0148 "-" 93954 0
Oct 05 23:44:18 np0005471485.novalocal container-server[93621]: ::1 - - [06/Oct/2025:03:44:18 +0000] "PUT /1/159941/AUTH_7aebe34b89554e87825206ce40aeb2f7/gnocchi.5189e135-58c3-4242-922c-200678906b49/none_v3" 201 - "PUT http://[::1]:8080/2/204614/AUTH_7aebe34b89554e87825206ce40aeb2f7/gnocchi.5189e135-58c3-4242-922c-200678906b49/none_v3" "txcefbd7fb50ed41e8bab66-0068e33b12" "object-server 93954" 0.0007 "-" 93621 0
Oct 05 23:44:18 np0005471485.novalocal object-server[93954]: ::1 - - [06/Oct/2025:03:44:18 +0000] "PUT /3/204614/AUTH_7aebe34b89554e87825206ce40aeb2f7/gnocchi.5189e135-58c3-4242-922c-200678906b49/none_v3" 201 - "PUT https://[::1]:8080/v1/AUTH_7aebe34b89554e87825206ce40aeb2f7/gnocchi.5189e135-58c3-4242-922c-200678906b49/none_v3" "txcefbd7fb50ed41e8bab66-0068e33b12" "proxy-server 94957" 0.0132 "-" 93954 0
Oct 05 23:44:18 np0005471485.novalocal object-server[93954]: ::1 - - [06/Oct/2025:03:44:18 +0000] "PUT /2/204614/AUTH_7aebe34b89554e87825206ce40aeb2f7/gnocchi.5189e135-58c3-4242-922c-200678906b49/none_v3" 201 - "PUT https://[::1]:8080/v1/AUTH_7aebe34b89554e87825206ce40aeb2f7/gnocchi.5189e135-58c3-4242-922c-200678906b49/none_v3" "txcefbd7fb50ed41e8bab66-0068e33b12" "proxy-server 94957" 0.0150 "-" 93954 0
Oct 05 23:44:18 np0005471485.novalocal proxy-server[94957]: ::1 ::1 06/Oct/2025/03/44/18 PUT /v1/AUTH_7aebe34b89554e87825206ce40aeb2f7/gnocchi.5189e135-58c3-4242-922c-200678906b49/none_v3 HTTP/1.0 201 - python-swiftclient-4.8.0 gAAAAABo4zrI4CaX... 68 - - txcefbd7fb50ed41e8bab66-0068e33b12 - 0.0233 - - 1759722258.317614555 1759722258.340921402 0 7b03bd18aea8470cbeb747235c58da52
Oct 05 23:44:18 np0005471485.novalocal object-server[93955]: ::1 - - [06/Oct/2025:03:44:18 +0000] "GET /3/47604/AUTH_7aebe34b89554e87825206ce40aeb2f7/gnocchi.bb9b7488-c733-4623-994b-03a1e587fe4b/none_v3" 200 59 "GET https://[::1]:8080/v1/AUTH_7aebe34b89554e87825206ce40aeb2f7/gnocchi.bb9b7488-c733-4623-994b-03a1e587fe4b/none_v3" "tx0a85c29e2b8749b0aadec-0068e33b12" "proxy-server 94957" 0.0008 "-" 93955 0
Oct 05 23:44:18 np0005471485.novalocal proxy-server[94957]: ::1 ::1 06/Oct/2025/03/44/18 GET /v1/AUTH_7aebe34b89554e87825206ce40aeb2f7/gnocchi.bb9b7488-c733-4623-994b-03a1e587fe4b/none_v3 HTTP/1.0 200 - python-swiftclient-4.8.0 gAAAAABo4zrI4CaX... - 59 - tx0a85c29e2b8749b0aadec-0068e33b12 - 0.0074 - - 1759722258.353489399 1759722258.360895157 0 7b03bd18aea8470cbeb747235c58da52
Oct 05 23:44:18 np0005471485.novalocal container-server[93621]: ::1 - - [06/Oct/2025:03:44:18 +0000] "GET /2/124958/AUTH_7aebe34b89554e87825206ce40aeb2f7/gnocchi.bb9b7488-c733-4623-994b-03a1e587fe4b" 200 357 "GET https://[::1]:8080/v1/AUTH_7aebe34b89554e87825206ce40aeb2f7/gnocchi.bb9b7488-c733-4623-994b-03a1e587fe4b?format=json&states=listing" "tx935c39fadd6a4bf3bfa45-0068e33b12" "proxy-server 94957" 0.0066 "-" 93621 0
Oct 05 23:44:18 np0005471485.novalocal proxy-server[94957]: ::1 ::1 06/Oct/2025/03/44/18 GET /v1/AUTH_7aebe34b89554e87825206ce40aeb2f7/gnocchi.bb9b7488-c733-4623-994b-03a1e587fe4b%3Fformat%3Djson%26states%3Dlisting HTTP/1.0 200 - python-swiftclient-4.8.0 gAAAAABo4zrI4CaX... - 357 - tx935c39fadd6a4bf3bfa45-0068e33b12 - 0.0206 - - 1759722258.365590096 1759722258.386197805 0 7b03bd18aea8470cbeb747235c58da52
Oct 05 23:44:18 np0005471485.novalocal container-server[93621]: ::1 - - [06/Oct/2025:03:44:18 +0000] "GET /2/124958/AUTH_7aebe34b89554e87825206ce40aeb2f7/gnocchi.bb9b7488-c733-4623-994b-03a1e587fe4b" 200 2 "GET https://[::1]:8080/v1/AUTH_7aebe34b89554e87825206ce40aeb2f7/gnocchi.bb9b7488-c733-4623-994b-03a1e587fe4b?format=json&marker=none_v3&states=listing" "tx0d6f1c81fa26445a8d1b9-0068e33b12" "proxy-server 94957" 0.0044 "-" 93621 0
Oct 05 23:44:18 np0005471485.novalocal proxy-server[94957]: ::1 ::1 06/Oct/2025/03/44/18 GET /v1/AUTH_7aebe34b89554e87825206ce40aeb2f7/gnocchi.bb9b7488-c733-4623-994b-03a1e587fe4b%3Fformat%3Djson%26marker%3Dnone_v3%26states%3Dlisting HTTP/1.0 200 - python-swiftclient-4.8.0 gAAAAABo4zrI4CaX... - 2 - tx0d6f1c81fa26445a8d1b9-0068e33b12 - 0.0164 - - 1759722258.390066385 1759722258.406503201 0 7b03bd18aea8470cbeb747235c58da52
Oct 05 23:44:18 np0005471485.novalocal object-server[93954]: ::1 - - [06/Oct/2025:03:44:18 +0000] "GET /3/27468/AUTH_7aebe34b89554e87825206ce40aeb2f7/gnocchi.bb9b7488-c733-4623-994b-03a1e587fe4b/1759320000.0_mean_300.0_v3" 200 16 "GET https://[::1]:8080/v1/AUTH_7aebe34b89554e87825206ce40aeb2f7/gnocchi.bb9b7488-c733-4623-994b-03a1e587fe4b/1759320000.0_mean_300.0_v3" "tx74e2de9cb1a4440b8dab6-0068e33b12" "proxy-server 94957" 0.0007 "-" 93954 0
Oct 05 23:44:18 np0005471485.novalocal proxy-server[94957]: ::1 ::1 06/Oct/2025/03/44/18 GET /v1/AUTH_7aebe34b89554e87825206ce40aeb2f7/gnocchi.bb9b7488-c733-4623-994b-03a1e587fe4b/1759320000.0_mean_300.0_v3 HTTP/1.0 200 - python-swiftclient-4.8.0 gAAAAABo4zrI4CaX... - 16 - tx74e2de9cb1a4440b8dab6-0068e33b12 - 0.0101 - - 1759722258.411493063 1759722258.421600819 0 7b03bd18aea8470cbeb747235c58da52
Oct 05 23:44:18 np0005471485.novalocal container-server[93622]: ::1 - - [06/Oct/2025:03:44:18 +0000] "PUT /3/124958/AUTH_7aebe34b89554e87825206ce40aeb2f7/gnocchi.bb9b7488-c733-4623-994b-03a1e587fe4b/1759320000.0_mean_300.0_v3" 201 - "PUT http://[::1]:8080/2/27468/AUTH_7aebe34b89554e87825206ce40aeb2f7/gnocchi.bb9b7488-c733-4623-994b-03a1e587fe4b/1759320000.0_mean_300.0_v3" "txd89b71f9c5e8476cb4121-0068e33b12" "object-server 93954" 0.0009 "-" 93622 0
Oct 05 23:44:18 np0005471485.novalocal object-server[93954]: ::1 - - [06/Oct/2025:03:44:18 +0000] "PUT /2/27468/AUTH_7aebe34b89554e87825206ce40aeb2f7/gnocchi.bb9b7488-c733-4623-994b-03a1e587fe4b/1759320000.0_mean_300.0_v3" 201 - "PUT https://[::1]:8080/v1/AUTH_7aebe34b89554e87825206ce40aeb2f7/gnocchi.bb9b7488-c733-4623-994b-03a1e587fe4b/1759320000.0_mean_300.0_v3" "txd89b71f9c5e8476cb4121-0068e33b12" "proxy-server 94957" 0.0145 "-" 93954 0
Oct 05 23:44:18 np0005471485.novalocal container-server[93621]: ::1 - - [06/Oct/2025:03:44:18 +0000] "PUT /2/124958/AUTH_7aebe34b89554e87825206ce40aeb2f7/gnocchi.bb9b7488-c733-4623-994b-03a1e587fe4b/1759320000.0_mean_300.0_v3" 201 - "PUT http://[::1]:8080/3/27468/AUTH_7aebe34b89554e87825206ce40aeb2f7/gnocchi.bb9b7488-c733-4623-994b-03a1e587fe4b/1759320000.0_mean_300.0_v3" "txd89b71f9c5e8476cb4121-0068e33b12" "object-server 93955" 0.0007 "-" 93621 0
Oct 05 23:44:18 np0005471485.novalocal object-server[93955]: ::1 - - [06/Oct/2025:03:44:18 +0000] "PUT /3/27468/AUTH_7aebe34b89554e87825206ce40aeb2f7/gnocchi.bb9b7488-c733-4623-994b-03a1e587fe4b/1759320000.0_mean_300.0_v3" 201 - "PUT https://[::1]:8080/v1/AUTH_7aebe34b89554e87825206ce40aeb2f7/gnocchi.bb9b7488-c733-4623-994b-03a1e587fe4b/1759320000.0_mean_300.0_v3" "txd89b71f9c5e8476cb4121-0068e33b12" "proxy-server 94957" 0.0167 "-" 93955 0
Oct 05 23:44:18 np0005471485.novalocal container-server[93621]: ::1 - - [06/Oct/2025:03:44:18 +0000] "PUT /1/124958/AUTH_7aebe34b89554e87825206ce40aeb2f7/gnocchi.bb9b7488-c733-4623-994b-03a1e587fe4b/1759320000.0_mean_300.0_v3" 201 - "PUT http://[::1]:8080/1/27468/AUTH_7aebe34b89554e87825206ce40aeb2f7/gnocchi.bb9b7488-c733-4623-994b-03a1e587fe4b/1759320000.0_mean_300.0_v3" "txd89b71f9c5e8476cb4121-0068e33b12" "object-server 93955" 0.0006 "-" 93621 0
Oct 05 23:44:18 np0005471485.novalocal object-server[93955]: ::1 - - [06/Oct/2025:03:44:18 +0000] "PUT /1/27468/AUTH_7aebe34b89554e87825206ce40aeb2f7/gnocchi.bb9b7488-c733-4623-994b-03a1e587fe4b/1759320000.0_mean_300.0_v3" 201 - "PUT https://[::1]:8080/v1/AUTH_7aebe34b89554e87825206ce40aeb2f7/gnocchi.bb9b7488-c733-4623-994b-03a1e587fe4b/1759320000.0_mean_300.0_v3" "txd89b71f9c5e8476cb4121-0068e33b12" "proxy-server 94957" 0.0148 "-" 93955 0
Oct 05 23:44:18 np0005471485.novalocal proxy-server[94957]: ::1 ::1 06/Oct/2025/03/44/18 PUT /v1/AUTH_7aebe34b89554e87825206ce40aeb2f7/gnocchi.bb9b7488-c733-4623-994b-03a1e587fe4b/1759320000.0_mean_300.0_v3 HTTP/1.0 201 - python-swiftclient-4.8.0 gAAAAABo4zrI4CaX... 16 - - txd89b71f9c5e8476cb4121-0068e33b12 - 0.0274 - - 1759722258.426121950 1759722258.453502178 0 7b03bd18aea8470cbeb747235c58da52
Oct 05 23:44:18 np0005471485.novalocal container-server[93621]: ::1 - - [06/Oct/2025:03:44:18 +0000] "PUT /3/124958/AUTH_7aebe34b89554e87825206ce40aeb2f7/gnocchi.bb9b7488-c733-4623-994b-03a1e587fe4b/none_v3" 201 - "PUT http://[::1]:8080/3/47604/AUTH_7aebe34b89554e87825206ce40aeb2f7/gnocchi.bb9b7488-c733-4623-994b-03a1e587fe4b/none_v3" "txb58d8fe224374a53990ea-0068e33b12" "object-server 93955" 0.0006 "-" 93621 0
Oct 05 23:44:18 np0005471485.novalocal object-server[93955]: ::1 - - [06/Oct/2025:03:44:18 +0000] "PUT /3/47604/AUTH_7aebe34b89554e87825206ce40aeb2f7/gnocchi.bb9b7488-c733-4623-994b-03a1e587fe4b/none_v3" 201 - "PUT https://[::1]:8080/v1/AUTH_7aebe34b89554e87825206ce40aeb2f7/gnocchi.bb9b7488-c733-4623-994b-03a1e587fe4b/none_v3" "txb58d8fe224374a53990ea-0068e33b12" "proxy-server 94957" 0.0203 "-" 93955 0
Oct 05 23:44:18 np0005471485.novalocal container-server[93622]: ::1 - - [06/Oct/2025:03:44:18 +0000] "PUT /1/124958/AUTH_7aebe34b89554e87825206ce40aeb2f7/gnocchi.bb9b7488-c733-4623-994b-03a1e587fe4b/none_v3" 201 - "PUT http://[::1]:8080/1/47604/AUTH_7aebe34b89554e87825206ce40aeb2f7/gnocchi.bb9b7488-c733-4623-994b-03a1e587fe4b/none_v3" "txb58d8fe224374a53990ea-0068e33b12" "object-server 93955" 0.0005 "-" 93622 0
Oct 05 23:44:18 np0005471485.novalocal object-server[93955]: ::1 - - [06/Oct/2025:03:44:18 +0000] "PUT /1/47604/AUTH_7aebe34b89554e87825206ce40aeb2f7/gnocchi.bb9b7488-c733-4623-994b-03a1e587fe4b/none_v3" 201 - "PUT https://[::1]:8080/v1/AUTH_7aebe34b89554e87825206ce40aeb2f7/gnocchi.bb9b7488-c733-4623-994b-03a1e587fe4b/none_v3" "txb58d8fe224374a53990ea-0068e33b12" "proxy-server 94957" 0.0176 "-" 93955 0
Oct 05 23:44:18 np0005471485.novalocal container-server[93621]: ::1 - - [06/Oct/2025:03:44:18 +0000] "PUT /2/124958/AUTH_7aebe34b89554e87825206ce40aeb2f7/gnocchi.bb9b7488-c733-4623-994b-03a1e587fe4b/none_v3" 201 - "PUT http://[::1]:8080/2/47604/AUTH_7aebe34b89554e87825206ce40aeb2f7/gnocchi.bb9b7488-c733-4623-994b-03a1e587fe4b/none_v3" "txb58d8fe224374a53990ea-0068e33b12" "object-server 93955" 0.0006 "-" 93621 0
Oct 05 23:44:18 np0005471485.novalocal object-server[93955]: ::1 - - [06/Oct/2025:03:44:18 +0000] "PUT /2/47604/AUTH_7aebe34b89554e87825206ce40aeb2f7/gnocchi.bb9b7488-c733-4623-994b-03a1e587fe4b/none_v3" 201 - "PUT https://[::1]:8080/v1/AUTH_7aebe34b89554e87825206ce40aeb2f7/gnocchi.bb9b7488-c733-4623-994b-03a1e587fe4b/none_v3" "txb58d8fe224374a53990ea-0068e33b12" "proxy-server 94957" 0.0241 "-" 93955 0
Oct 05 23:44:18 np0005471485.novalocal proxy-server[94957]: ::1 ::1 06/Oct/2025/03/44/18 PUT /v1/AUTH_7aebe34b89554e87825206ce40aeb2f7/gnocchi.bb9b7488-c733-4623-994b-03a1e587fe4b/none_v3 HTTP/1.0 201 - python-swiftclient-4.8.0 gAAAAABo4zrI4CaX... 67 - - txb58d8fe224374a53990ea-0068e33b12 - 0.0369 - - 1759722258.457439423 1759722258.494338274 0 7b03bd18aea8470cbeb747235c58da52
Oct 05 23:44:18 np0005471485.novalocal object-server[93955]: ::1 - - [06/Oct/2025:03:44:18 +0000] "GET /1/68040/AUTH_7aebe34b89554e87825206ce40aeb2f7/gnocchi.9d08177d-f005-4077-93cb-0ab3f3ffc960/none_v3" 200 60 "GET https://[::1]:8080/v1/AUTH_7aebe34b89554e87825206ce40aeb2f7/gnocchi.9d08177d-f005-4077-93cb-0ab3f3ffc960/none_v3" "tx1defcb04f2064f249029c-0068e33b12" "proxy-server 94957" 0.0015 "-" 93955 0
