Oct 05 23:43:46 np0005471485.novalocal object-server[93954]: ::1 - - [06/Oct/2025:03:43:46 +0000] "GET /3/137659/AUTH_7aebe34b89554e87825206ce40aeb2f7/gnocchi.a58d423c-fe5a-4b38-a10f-68a325e6df32/none_v3" 200 22 "GET https://[::1]:8080/v1/AUTH_7aebe34b89554e87825206ce40aeb2f7/gnocchi.a58d423c-fe5a-4b38-a10f-68a325e6df32/none_v3" "tx38a9f45c085d431393229-0068e33af2" "proxy-server 94957" 0.0008 "-" 93954 0
Oct 05 23:43:46 np0005471485.novalocal proxy-server[94957]: ::1 ::1 06/Oct/2025/03/43/46 GET /v1/AUTH_7aebe34b89554e87825206ce40aeb2f7/gnocchi.a58d423c-fe5a-4b38-a10f-68a325e6df32/none_v3 HTTP/1.0 200 - python-swiftclient-4.8.0 gAAAAABo4zrG_lV4... - 22 - tx38a9f45c085d431393229-0068e33af2 - 0.0106 - - 1759722226.375494957 1759722226.386134624 0 7b03bd18aea8470cbeb747235c58da52
Oct 05 23:43:46 np0005471485.novalocal container-server[93622]: ::1 - - [06/Oct/2025:03:43:46 +0000] "GET /3/162539/AUTH_7aebe34b89554e87825206ce40aeb2f7/gnocchi.a58d423c-fe5a-4b38-a10f-68a325e6df32" 200 357 "GET https://[::1]:8080/v1/AUTH_7aebe34b89554e87825206ce40aeb2f7/gnocchi.a58d423c-fe5a-4b38-a10f-68a325e6df32?format=json&states=listing" "tx94dfdf08e9b44e2baa703-0068e33af2" "proxy-server 94957" 0.0029 "-" 93622 0
Oct 05 23:43:46 np0005471485.novalocal proxy-server[94957]: ::1 ::1 06/Oct/2025/03/43/46 GET /v1/AUTH_7aebe34b89554e87825206ce40aeb2f7/gnocchi.a58d423c-fe5a-4b38-a10f-68a325e6df32%3Fformat%3Djson%26states%3Dlisting HTTP/1.0 200 - python-swiftclient-4.8.0 gAAAAABo4zrG_lV4... - 357 - tx94dfdf08e9b44e2baa703-0068e33af2 - 0.0129 - - 1759722226.390135050 1759722226.402999878 0 7b03bd18aea8470cbeb747235c58da52
Oct 05 23:43:46 np0005471485.novalocal container-server[93622]: ::1 - - [06/Oct/2025:03:43:46 +0000] "GET /3/162539/AUTH_7aebe34b89554e87825206ce40aeb2f7/gnocchi.a58d423c-fe5a-4b38-a10f-68a325e6df32" 200 2 "GET https://[::1]:8080/v1/AUTH_7aebe34b89554e87825206ce40aeb2f7/gnocchi.a58d423c-fe5a-4b38-a10f-68a325e6df32?format=json&marker=none_v3&states=listing" "txde7d75349f3f4fafa78aa-0068e33af2" "proxy-server 94957" 0.0029 "-" 93622 0
Oct 05 23:43:46 np0005471485.novalocal container-replicator[93685]: Beginning replication run
Oct 05 23:43:46 np0005471485.novalocal proxy-server[94957]: ::1 ::1 06/Oct/2025/03/43/46 GET /v1/AUTH_7aebe34b89554e87825206ce40aeb2f7/gnocchi.a58d423c-fe5a-4b38-a10f-68a325e6df32%3Fformat%3Djson%26marker%3Dnone_v3%26states%3Dlisting HTTP/1.0 200 - python-swiftclient-4.8.0 gAAAAABo4zrG_lV4... - 2 - txde7d75349f3f4fafa78aa-0068e33af2 - 0.0104 - - 1759722226.405889988 1759722226.416317225 0 7b03bd18aea8470cbeb747235c58da52
Oct 05 23:43:46 np0005471485.novalocal object-server[93955]: ::1 - - [06/Oct/2025:03:43:46 +0000] "GET /3/51970/AUTH_7aebe34b89554e87825206ce40aeb2f7/gnocchi.a58d423c-fe5a-4b38-a10f-68a325e6df32/1759320000.0_mean_300.0_v3" 200 16 "GET https://[::1]:8080/v1/AUTH_7aebe34b89554e87825206ce40aeb2f7/gnocchi.a58d423c-fe5a-4b38-a10f-68a325e6df32/1759320000.0_mean_300.0_v3" "tx2c30d3f3c4dd41f2b11de-0068e33af2" "proxy-server 94957" 0.0010 "-" 93955 0
Oct 05 23:43:46 np0005471485.novalocal proxy-server[94957]: ::1 ::1 06/Oct/2025/03/43/46 GET /v1/AUTH_7aebe34b89554e87825206ce40aeb2f7/gnocchi.a58d423c-fe5a-4b38-a10f-68a325e6df32/1759320000.0_mean_300.0_v3 HTTP/1.0 200 - python-swiftclient-4.8.0 gAAAAABo4zrG_lV4... - 16 - tx2c30d3f3c4dd41f2b11de-0068e33af2 - 0.0088 - - 1759722226.420074224 1759722226.428884268 0 7b03bd18aea8470cbeb747235c58da52
Oct 05 23:43:46 np0005471485.novalocal container-server[93621]: ::1 - - [06/Oct/2025:03:43:46 +0000] "PUT /3/162539/AUTH_7aebe34b89554e87825206ce40aeb2f7/gnocchi.a58d423c-fe5a-4b38-a10f-68a325e6df32/1759320000.0_mean_300.0_v3" 201 - "PUT http://[::1]:8080/1/51970/AUTH_7aebe34b89554e87825206ce40aeb2f7/gnocchi.a58d423c-fe5a-4b38-a10f-68a325e6df32/1759320000.0_mean_300.0_v3" "txadfea6331e7042338fabd-0068e33af2" "object-server 93955" 0.0007 "-" 93621 0
Oct 05 23:43:46 np0005471485.novalocal object-server[93955]: ::1 - - [06/Oct/2025:03:43:46 +0000] "PUT /1/51970/AUTH_7aebe34b89554e87825206ce40aeb2f7/gnocchi.a58d423c-fe5a-4b38-a10f-68a325e6df32/1759320000.0_mean_300.0_v3" 201 - "PUT https://[::1]:8080/v1/AUTH_7aebe34b89554e87825206ce40aeb2f7/gnocchi.a58d423c-fe5a-4b38-a10f-68a325e6df32/1759320000.0_mean_300.0_v3" "txadfea6331e7042338fabd-0068e33af2" "proxy-server 94957" 0.0132 "-" 93955 0
Oct 05 23:43:46 np0005471485.novalocal container-server[93621]: ::1 - - [06/Oct/2025:03:43:46 +0000] "PUT /1/162539/AUTH_7aebe34b89554e87825206ce40aeb2f7/gnocchi.a58d423c-fe5a-4b38-a10f-68a325e6df32/1759320000.0_mean_300.0_v3" 201 - "PUT http://[::1]:8080/3/51970/AUTH_7aebe34b89554e87825206ce40aeb2f7/gnocchi.a58d423c-fe5a-4b38-a10f-68a325e6df32/1759320000.0_mean_300.0_v3" "txadfea6331e7042338fabd-0068e33af2" "object-server 93954" 0.0003 "-" 93621 0
Oct 05 23:43:46 np0005471485.novalocal container-server[93622]: ::1 - - [06/Oct/2025:03:43:46 +0000] "PUT /2/162539/AUTH_7aebe34b89554e87825206ce40aeb2f7/gnocchi.a58d423c-fe5a-4b38-a10f-68a325e6df32/1759320000.0_mean_300.0_v3" 201 - "PUT http://[::1]:8080/2/51970/AUTH_7aebe34b89554e87825206ce40aeb2f7/gnocchi.a58d423c-fe5a-4b38-a10f-68a325e6df32/1759320000.0_mean_300.0_v3" "txadfea6331e7042338fabd-0068e33af2" "object-server 93954" 0.0007 "-" 93622 0
Oct 05 23:43:46 np0005471485.novalocal object-server[93954]: ::1 - - [06/Oct/2025:03:43:46 +0000] "PUT /3/51970/AUTH_7aebe34b89554e87825206ce40aeb2f7/gnocchi.a58d423c-fe5a-4b38-a10f-68a325e6df32/1759320000.0_mean_300.0_v3" 201 - "PUT https://[::1]:8080/v1/AUTH_7aebe34b89554e87825206ce40aeb2f7/gnocchi.a58d423c-fe5a-4b38-a10f-68a325e6df32/1759320000.0_mean_300.0_v3" "txadfea6331e7042338fabd-0068e33af2" "proxy-server 94957" 0.0179 "-" 93954 0
Oct 05 23:43:46 np0005471485.novalocal object-server[93954]: ::1 - - [06/Oct/2025:03:43:46 +0000] "PUT /2/51970/AUTH_7aebe34b89554e87825206ce40aeb2f7/gnocchi.a58d423c-fe5a-4b38-a10f-68a325e6df32/1759320000.0_mean_300.0_v3" 201 - "PUT https://[::1]:8080/v1/AUTH_7aebe34b89554e87825206ce40aeb2f7/gnocchi.a58d423c-fe5a-4b38-a10f-68a325e6df32/1759320000.0_mean_300.0_v3" "txadfea6331e7042338fabd-0068e33af2" "proxy-server 94957" 0.0148 "-" 93954 0
Oct 05 23:43:46 np0005471485.novalocal proxy-server[94957]: ::1 ::1 06/Oct/2025/03/43/46 PUT /v1/AUTH_7aebe34b89554e87825206ce40aeb2f7/gnocchi.a58d423c-fe5a-4b38-a10f-68a325e6df32/1759320000.0_mean_300.0_v3 HTTP/1.0 201 - python-swiftclient-4.8.0 gAAAAABo4zrG_lV4... 16 - - txadfea6331e7042338fabd-0068e33af2 - 0.0280 - - 1759722226.431924343 1759722226.459949970 0 7b03bd18aea8470cbeb747235c58da52
Oct 05 23:43:46 np0005471485.novalocal container-server[93621]: ::1 - - [06/Oct/2025:03:43:46 +0000] "PUT /3/162539/AUTH_7aebe34b89554e87825206ce40aeb2f7/gnocchi.a58d423c-fe5a-4b38-a10f-68a325e6df32/none_v3" 201 - "PUT http://[::1]:8080/2/137659/AUTH_7aebe34b89554e87825206ce40aeb2f7/gnocchi.a58d423c-fe5a-4b38-a10f-68a325e6df32/none_v3" "tx95540f5ad10e470e84f56-0068e33af2" "object-server 93954" 0.0011 "-" 93621 0
Oct 05 23:43:46 np0005471485.novalocal container-server[93622]: ::1 - - [06/Oct/2025:03:43:46 +0000] "PUT /2/162539/AUTH_7aebe34b89554e87825206ce40aeb2f7/gnocchi.a58d423c-fe5a-4b38-a10f-68a325e6df32/none_v3" 201 - "PUT http://[::1]:8080/3/137659/AUTH_7aebe34b89554e87825206ce40aeb2f7/gnocchi.a58d423c-fe5a-4b38-a10f-68a325e6df32/none_v3" "tx95540f5ad10e470e84f56-0068e33af2" "object-server 93954" 0.0005 "-" 93622 0
Oct 05 23:43:46 np0005471485.novalocal object-server[93954]: ::1 - - [06/Oct/2025:03:43:46 +0000] "PUT /2/137659/AUTH_7aebe34b89554e87825206ce40aeb2f7/gnocchi.a58d423c-fe5a-4b38-a10f-68a325e6df32/none_v3" 201 - "PUT https://[::1]:8080/v1/AUTH_7aebe34b89554e87825206ce40aeb2f7/gnocchi.a58d423c-fe5a-4b38-a10f-68a325e6df32/none_v3" "tx95540f5ad10e470e84f56-0068e33af2" "proxy-server 94957" 0.0174 "-" 93954 0
Oct 05 23:43:46 np0005471485.novalocal object-server[93954]: ::1 - - [06/Oct/2025:03:43:46 +0000] "PUT /3/137659/AUTH_7aebe34b89554e87825206ce40aeb2f7/gnocchi.a58d423c-fe5a-4b38-a10f-68a325e6df32/none_v3" 201 - "PUT https://[::1]:8080/v1/AUTH_7aebe34b89554e87825206ce40aeb2f7/gnocchi.a58d423c-fe5a-4b38-a10f-68a325e6df32/none_v3" "tx95540f5ad10e470e84f56-0068e33af2" "proxy-server 94957" 0.0170 "-" 93954 0
Oct 05 23:43:46 np0005471485.novalocal container-server[93621]: ::1 - - [06/Oct/2025:03:43:46 +0000] "PUT /1/162539/AUTH_7aebe34b89554e87825206ce40aeb2f7/gnocchi.a58d423c-fe5a-4b38-a10f-68a325e6df32/none_v3" 201 - "PUT http://[::1]:8080/1/137659/AUTH_7aebe34b89554e87825206ce40aeb2f7/gnocchi.a58d423c-fe5a-4b38-a10f-68a325e6df32/none_v3" "tx95540f5ad10e470e84f56-0068e33af2" "object-server 93954" 0.0013 "-" 93621 0
Oct 05 23:43:46 np0005471485.novalocal object-server[93954]: ::1 - - [06/Oct/2025:03:43:46 +0000] "PUT /1/137659/AUTH_7aebe34b89554e87825206ce40aeb2f7/gnocchi.a58d423c-fe5a-4b38-a10f-68a325e6df32/none_v3" 201 - "PUT https://[::1]:8080/v1/AUTH_7aebe34b89554e87825206ce40aeb2f7/gnocchi.a58d423c-fe5a-4b38-a10f-68a325e6df32/none_v3" "tx95540f5ad10e470e84f56-0068e33af2" "proxy-server 94957" 0.0218 "-" 93954 0
Oct 05 23:43:46 np0005471485.novalocal proxy-server[94957]: ::1 ::1 06/Oct/2025/03/43/46 PUT /v1/AUTH_7aebe34b89554e87825206ce40aeb2f7/gnocchi.a58d423c-fe5a-4b38-a10f-68a325e6df32/none_v3 HTTP/1.0 201 - python-swiftclient-4.8.0 gAAAAABo4zrG_lV4... 33 - - tx95540f5ad10e470e84f56-0068e33af2 - 0.0376 - - 1759722226.463578701 1759722226.501157045 0 7b03bd18aea8470cbeb747235c58da52
Oct 05 23:43:46 np0005471485.novalocal object-server[93955]: ::1 - - [06/Oct/2025:03:43:46 +0000] "GET /1/151683/AUTH_7aebe34b89554e87825206ce40aeb2f7/gnocchi.a3c99e9b-d9a9-4365-bdff-7d7de483e83f/none_v3" 200 22 "GET https://[::1]:8080/v1/AUTH_7aebe34b89554e87825206ce40aeb2f7/gnocchi.a3c99e9b-d9a9-4365-bdff-7d7de483e83f/none_v3" "txf3c7821828854525b01c8-0068e33af2" "proxy-server 94957" 0.0010 "-" 93955 0
Oct 05 23:43:46 np0005471485.novalocal proxy-server[94957]: ::1 ::1 06/Oct/2025/03/43/46 GET /v1/AUTH_7aebe34b89554e87825206ce40aeb2f7/gnocchi.a3c99e9b-d9a9-4365-bdff-7d7de483e83f/none_v3 HTTP/1.0 200 - python-swiftclient-4.8.0 gAAAAABo4zrG_lV4... - 22 - txf3c7821828854525b01c8-0068e33af2 - 0.0092 - - 1759722226.522780180 1759722226.531978130 0 7b03bd18aea8470cbeb747235c58da52
Oct 05 23:43:46 np0005471485.novalocal container-server[93622]: ::1 - - [06/Oct/2025:03:43:46 +0000] "GET /2/136564/AUTH_7aebe34b89554e87825206ce40aeb2f7/gnocchi.a3c99e9b-d9a9-4365-bdff-7d7de483e83f" 200 357 "GET https://[::1]:8080/v1/AUTH_7aebe34b89554e87825206ce40aeb2f7/gnocchi.a3c99e9b-d9a9-4365-bdff-7d7de483e83f?format=json&states=listing" "txe03c0f82568a4b22a4ad8-0068e33af2" "proxy-server 94957" 0.0042 "-" 93622 0
Oct 05 23:43:46 np0005471485.novalocal proxy-server[94957]: ::1 ::1 06/Oct/2025/03/43/46 GET /v1/AUTH_7aebe34b89554e87825206ce40aeb2f7/gnocchi.a3c99e9b-d9a9-4365-bdff-7d7de483e83f%3Fformat%3Djson%26states%3Dlisting HTTP/1.0 200 - python-swiftclient-4.8.0 gAAAAABo4zrG_lV4... - 357 - txe03c0f82568a4b22a4ad8-0068e33af2 - 0.0124 - - 1759722226.535292149 1759722226.547643661 0 7b03bd18aea8470cbeb747235c58da52
Oct 05 23:43:46 np0005471485.novalocal container-server[93621]: ::1 - - [06/Oct/2025:03:43:46 +0000] "GET /1/136564/AUTH_7aebe34b89554e87825206ce40aeb2f7/gnocchi.a3c99e9b-d9a9-4365-bdff-7d7de483e83f" 200 2 "GET https://[::1]:8080/v1/AUTH_7aebe34b89554e87825206ce40aeb2f7/gnocchi.a3c99e9b-d9a9-4365-bdff-7d7de483e83f?format=json&marker=none_v3&states=listing" "tx8cd5e4338d89495a8992b-0068e33af2" "proxy-server 94957" 0.0045 "-" 93621 0
Oct 05 23:43:46 np0005471485.novalocal proxy-server[94957]: ::1 ::1 06/Oct/2025/03/43/46 GET /v1/AUTH_7aebe34b89554e87825206ce40aeb2f7/gnocchi.a3c99e9b-d9a9-4365-bdff-7d7de483e83f%3Fformat%3Djson%26marker%3Dnone_v3%26states%3Dlisting HTTP/1.0 200 - python-swiftclient-4.8.0 gAAAAABo4zrG_lV4... - 2 - tx8cd5e4338d89495a8992b-0068e33af2 - 0.0134 - - 1759722226.550726414 1759722226.564163446 0 7b03bd18aea8470cbeb747235c58da52
Oct 05 23:43:46 np0005471485.novalocal object-server[93954]: ::1 - - [06/Oct/2025:03:43:46 +0000] "GET /3/230978/AUTH_7aebe34b89554e87825206ce40aeb2f7/gnocchi.a3c99e9b-d9a9-4365-bdff-7d7de483e83f/1759320000.0_mean_300.0_v3" 200 16 "GET https://[::1]:8080/v1/AUTH_7aebe34b89554e87825206ce40aeb2f7/gnocchi.a3c99e9b-d9a9-4365-bdff-7d7de483e83f/1759320000.0_mean_300.0_v3" "txb1bce8e89b0b4926bcd6b-0068e33af2" "proxy-server 94957" 0.0011 "-" 93954 0
Oct 05 23:43:46 np0005471485.novalocal proxy-server[94957]: ::1 ::1 06/Oct/2025/03/43/46 GET /v1/AUTH_7aebe34b89554e87825206ce40aeb2f7/gnocchi.a3c99e9b-d9a9-4365-bdff-7d7de483e83f/1759320000.0_mean_300.0_v3 HTTP/1.0 200 - python-swiftclient-4.8.0 gAAAAABo4zrG_lV4... - 16 - txb1bce8e89b0b4926bcd6b-0068e33af2 - 0.0122 - - 1759722226.568115473 1759722226.580292702 0 7b03bd18aea8470cbeb747235c58da52
Oct 05 23:43:46 np0005471485.novalocal container-server[93622]: ::1 - - [06/Oct/2025:03:43:46 +0000] "PUT /1/136564/AUTH_7aebe34b89554e87825206ce40aeb2f7/gnocchi.a3c99e9b-d9a9-4365-bdff-7d7de483e83f/1759320000.0_mean_300.0_v3" 201 - "PUT http://[::1]:8080/3/230978/AUTH_7aebe34b89554e87825206ce40aeb2f7/gnocchi.a3c99e9b-d9a9-4365-bdff-7d7de483e83f/1759320000.0_mean_300.0_v3" "tx063dd3d8b45541d18d1d2-0068e33af2" "object-server 93955" 0.0005 "-" 93622 0
Oct 05 23:43:46 np0005471485.novalocal container-server[93622]: ::1 - - [06/Oct/2025:03:43:46 +0000] "PUT /3/136564/AUTH_7aebe34b89554e87825206ce40aeb2f7/gnocchi.a3c99e9b-d9a9-4365-bdff-7d7de483e83f/1759320000.0_mean_300.0_v3" 201 - "PUT http://[::1]:8080/1/230978/AUTH_7aebe34b89554e87825206ce40aeb2f7/gnocchi.a3c99e9b-d9a9-4365-bdff-7d7de483e83f/1759320000.0_mean_300.0_v3" "tx063dd3d8b45541d18d1d2-0068e33af2" "object-server 93955" 0.0004 "-" 93622 0
Oct 05 23:43:46 np0005471485.novalocal object-server[93955]: ::1 - - [06/Oct/2025:03:43:46 +0000] "PUT /3/230978/AUTH_7aebe34b89554e87825206ce40aeb2f7/gnocchi.a3c99e9b-d9a9-4365-bdff-7d7de483e83f/1759320000.0_mean_300.0_v3" 201 - "PUT https://[::1]:8080/v1/AUTH_7aebe34b89554e87825206ce40aeb2f7/gnocchi.a3c99e9b-d9a9-4365-bdff-7d7de483e83f/1759320000.0_mean_300.0_v3" "tx063dd3d8b45541d18d1d2-0068e33af2" "proxy-server 94957" 0.0295 "-" 93955 0
Oct 05 23:43:46 np0005471485.novalocal object-server[93955]: ::1 - - [06/Oct/2025:03:43:46 +0000] "PUT /1/230978/AUTH_7aebe34b89554e87825206ce40aeb2f7/gnocchi.a3c99e9b-d9a9-4365-bdff-7d7de483e83f/1759320000.0_mean_300.0_v3" 201 - "PUT https://[::1]:8080/v1/AUTH_7aebe34b89554e87825206ce40aeb2f7/gnocchi.a3c99e9b-d9a9-4365-bdff-7d7de483e83f/1759320000.0_mean_300.0_v3" "tx063dd3d8b45541d18d1d2-0068e33af2" "proxy-server 94957" 0.0331 "-" 93955 0
Oct 05 23:43:46 np0005471485.novalocal container-server[93621]: ::1 - - [06/Oct/2025:03:43:46 +0000] "PUT /2/136564/AUTH_7aebe34b89554e87825206ce40aeb2f7/gnocchi.a3c99e9b-d9a9-4365-bdff-7d7de483e83f/1759320000.0_mean_300.0_v3" 201 - "PUT http://[::1]:8080/2/230978/AUTH_7aebe34b89554e87825206ce40aeb2f7/gnocchi.a3c99e9b-d9a9-4365-bdff-7d7de483e83f/1759320000.0_mean_300.0_v3" "tx063dd3d8b45541d18d1d2-0068e33af2" "object-server 93954" 0.0005 "-" 93621 0
Oct 05 23:43:46 np0005471485.novalocal object-server[93954]: ::1 - - [06/Oct/2025:03:43:46 +0000] "PUT /2/230978/AUTH_7aebe34b89554e87825206ce40aeb2f7/gnocchi.a3c99e9b-d9a9-4365-bdff-7d7de483e83f/1759320000.0_mean_300.0_v3" 201 - "PUT https://[::1]:8080/v1/AUTH_7aebe34b89554e87825206ce40aeb2f7/gnocchi.a3c99e9b-d9a9-4365-bdff-7d7de483e83f/1759320000.0_mean_300.0_v3" "tx063dd3d8b45541d18d1d2-0068e33af2" "proxy-server 94957" 0.0511 "-" 93954 0
Oct 05 23:43:46 np0005471485.novalocal proxy-server[94957]: ::1 ::1 06/Oct/2025/03/43/46 PUT /v1/AUTH_7aebe34b89554e87825206ce40aeb2f7/gnocchi.a3c99e9b-d9a9-4365-bdff-7d7de483e83f/1759320000.0_mean_300.0_v3 HTTP/1.0 201 - python-swiftclient-4.8.0 gAAAAABo4zrG_lV4... 16 - - tx063dd3d8b45541d18d1d2-0068e33af2 - 0.0664 - - 1759722226.585862398 1759722226.652287006 0 7b03bd18aea8470cbeb747235c58da52
Oct 05 23:43:46 np0005471485.novalocal container-server[93622]: ::1 - - [06/Oct/2025:03:43:46 +0000] "PUT /2/136564/AUTH_7aebe34b89554e87825206ce40aeb2f7/gnocchi.a3c99e9b-d9a9-4365-bdff-7d7de483e83f/none_v3" 201 - "PUT http://[::1]:8080/3/151683/AUTH_7aebe34b89554e87825206ce40aeb2f7/gnocchi.a3c99e9b-d9a9-4365-bdff-7d7de483e83f/none_v3" "txa3b8372e6a304719b70da-0068e33af2" "object-server 93955" 0.0006 "-" 93622 0
Oct 05 23:43:46 np0005471485.novalocal container-server[93622]: ::1 - - [06/Oct/2025:03:43:46 +0000] "PUT /1/136564/AUTH_7aebe34b89554e87825206ce40aeb2f7/gnocchi.a3c99e9b-d9a9-4365-bdff-7d7de483e83f/none_v3" 201 - "PUT http://[::1]:8080/1/151683/AUTH_7aebe34b89554e87825206ce40aeb2f7/gnocchi.a3c99e9b-d9a9-4365-bdff-7d7de483e83f/none_v3" "txa3b8372e6a304719b70da-0068e33af2" "object-server 93954" 0.0004 "-" 93622 0
Oct 05 23:43:46 np0005471485.novalocal object-server[93955]: ::1 - - [06/Oct/2025:03:43:46 +0000] "PUT /3/151683/AUTH_7aebe34b89554e87825206ce40aeb2f7/gnocchi.a3c99e9b-d9a9-4365-bdff-7d7de483e83f/none_v3" 201 - "PUT https://[::1]:8080/v1/AUTH_7aebe34b89554e87825206ce40aeb2f7/gnocchi.a3c99e9b-d9a9-4365-bdff-7d7de483e83f/none_v3" "txa3b8372e6a304719b70da-0068e33af2" "proxy-server 94957" 0.0188 "-" 93955 0
Oct 05 23:43:46 np0005471485.novalocal object-server[93954]: ::1 - - [06/Oct/2025:03:43:46 +0000] "PUT /1/151683/AUTH_7aebe34b89554e87825206ce40aeb2f7/gnocchi.a3c99e9b-d9a9-4365-bdff-7d7de483e83f/none_v3" 201 - "PUT https://[::1]:8080/v1/AUTH_7aebe34b89554e87825206ce40aeb2f7/gnocchi.a3c99e9b-d9a9-4365-bdff-7d7de483e83f/none_v3" "txa3b8372e6a304719b70da-0068e33af2" "proxy-server 94957" 0.0156 "-" 93954 0
Oct 05 23:43:46 np0005471485.novalocal container-server[93621]: ::1 - - [06/Oct/2025:03:43:46 +0000] "PUT /3/136564/AUTH_7aebe34b89554e87825206ce40aeb2f7/gnocchi.a3c99e9b-d9a9-4365-bdff-7d7de483e83f/none_v3" 201 - "PUT http://[::1]:8080/2/151683/AUTH_7aebe34b89554e87825206ce40aeb2f7/gnocchi.a3c99e9b-d9a9-4365-bdff-7d7de483e83f/none_v3" "txa3b8372e6a304719b70da-0068e33af2" "object-server 93954" 0.0022 "-" 93621 0
Oct 05 23:43:46 np0005471485.novalocal object-server[93954]: ::1 - - [06/Oct/2025:03:43:46 +0000] "PUT /2/151683/AUTH_7aebe34b89554e87825206ce40aeb2f7/gnocchi.a3c99e9b-d9a9-4365-bdff-7d7de483e83f/none_v3" 201 - "PUT https://[::1]:8080/v1/AUTH_7aebe34b89554e87825206ce40aeb2f7/gnocchi.a3c99e9b-d9a9-4365-bdff-7d7de483e83f/none_v3" "txa3b8372e6a304719b70da-0068e33af2" "proxy-server 94957" 0.0256 "-" 93954 0
Oct 05 23:43:46 np0005471485.novalocal proxy-server[94957]: ::1 ::1 06/Oct/2025/03/43/46 PUT /v1/AUTH_7aebe34b89554e87825206ce40aeb2f7/gnocchi.a3c99e9b-d9a9-4365-bdff-7d7de483e83f/none_v3 HTTP/1.0 201 - python-swiftclient-4.8.0 gAAAAABo4zrG_lV4... 32 - - txa3b8372e6a304719b70da-0068e33af2 - 0.0409 - - 1759722226.655397415 1759722226.696253777 0 7b03bd18aea8470cbeb747235c58da52
Oct 05 23:43:46 np0005471485.novalocal object-server[93955]: ::1 - - [06/Oct/2025:03:43:46 +0000] "GET /2/135242/AUTH_7aebe34b89554e87825206ce40aeb2f7/gnocchi.9be7ba4b-176a-48d6-be9a-57ad8f32bb65/none_v3" 200 22 "GET https://[::1]:8080/v1/AUTH_7aebe34b89554e87825206ce40aeb2f7/gnocchi.9be7ba4b-176a-48d6-be9a-57ad8f32bb65/none_v3" "txbe07a03bb0f44fe0b6841-0068e33af2" "proxy-server 94957" 0.0011 "-" 93955 0
Oct 05 23:43:46 np0005471485.novalocal proxy-server[94957]: ::1 ::1 06/Oct/2025/03/43/46 GET /v1/AUTH_7aebe34b89554e87825206ce40aeb2f7/gnocchi.9be7ba4b-176a-48d6-be9a-57ad8f32bb65/none_v3 HTTP/1.0 200 - python-swiftclient-4.8.0 gAAAAABo4zrG_lV4... - 22 - txbe07a03bb0f44fe0b6841-0068e33af2 - 0.0110 - - 1759722226.756204605 1759722226.767225266 0 7b03bd18aea8470cbeb747235c58da52
Oct 05 23:43:46 np0005471485.novalocal container-server[93621]: ::1 - - [06/Oct/2025:03:43:46 +0000] "GET /1/35832/AUTH_7aebe34b89554e87825206ce40aeb2f7/gnocchi.9be7ba4b-176a-48d6-be9a-57ad8f32bb65" 200 357 "GET https://[::1]:8080/v1/AUTH_7aebe34b89554e87825206ce40aeb2f7/gnocchi.9be7ba4b-176a-48d6-be9a-57ad8f32bb65?format=json&states=listing" "tx740f17e7279047de878a2-0068e33af2" "proxy-server 94957" 0.0024 "-" 93621 0
Oct 05 23:43:46 np0005471485.novalocal proxy-server[94957]: ::1 ::1 06/Oct/2025/03/43/46 GET /v1/AUTH_7aebe34b89554e87825206ce40aeb2f7/gnocchi.9be7ba4b-176a-48d6-be9a-57ad8f32bb65%3Fformat%3Djson%26states%3Dlisting HTTP/1.0 200 - python-swiftclient-4.8.0 gAAAAABo4zrG_lV4... - 357 - tx740f17e7279047de878a2-0068e33af2 - 0.0156 - - 1759722226.777273178 1759722226.792841434 0 7b03bd18aea8470cbeb747235c58da52
Oct 05 23:43:46 np0005471485.novalocal container-server[93622]: ::1 - - [06/Oct/2025:03:43:46 +0000] "GET /2/35832/AUTH_7aebe34b89554e87825206ce40aeb2f7/gnocchi.9be7ba4b-176a-48d6-be9a-57ad8f32bb65" 200 2 "GET https://[::1]:8080/v1/AUTH_7aebe34b89554e87825206ce40aeb2f7/gnocchi.9be7ba4b-176a-48d6-be9a-57ad8f32bb65?format=json&marker=none_v3&states=listing" "txc63450a269704f8298cf4-0068e33af2" "proxy-server 94957" 0.0047 "-" 93622 0
Oct 05 23:43:46 np0005471485.novalocal proxy-server[94957]: ::1 ::1 06/Oct/2025/03/43/46 GET /v1/AUTH_7aebe34b89554e87825206ce40aeb2f7/gnocchi.9be7ba4b-176a-48d6-be9a-57ad8f32bb65%3Fformat%3Djson%26marker%3Dnone_v3%26states%3Dlisting HTTP/1.0 200 - python-swiftclient-4.8.0 gAAAAABo4zrG_lV4... - 2 - txc63450a269704f8298cf4-0068e33af2 - 0.0176 - - 1759722226.798773766 1759722226.816410542 0 7b03bd18aea8470cbeb747235c58da52
Oct 05 23:43:46 np0005471485.novalocal object-server[93954]: ::1 - - [06/Oct/2025:03:43:46 +0000] "GET /3/259062/AUTH_7aebe34b89554e87825206ce40aeb2f7/gnocchi.9be7ba4b-176a-48d6-be9a-57ad8f32bb65/1759320000.0_mean_300.0_v3" 200 16 "GET https://[::1]:8080/v1/AUTH_7aebe34b89554e87825206ce40aeb2f7/gnocchi.9be7ba4b-176a-48d6-be9a-57ad8f32bb65/1759320000.0_mean_300.0_v3" "tx488e0ef7ade54e5590dc5-0068e33af2" "proxy-server 94957" 0.0011 "-" 93954 0
Oct 05 23:43:46 np0005471485.novalocal proxy-server[94957]: ::1 ::1 06/Oct/2025/03/43/46 GET /v1/AUTH_7aebe34b89554e87825206ce40aeb2f7/gnocchi.9be7ba4b-176a-48d6-be9a-57ad8f32bb65/1759320000.0_mean_300.0_v3 HTTP/1.0 200 - python-swiftclient-4.8.0 gAAAAABo4zrG_lV4... - 16 - tx488e0ef7ade54e5590dc5-0068e33af2 - 0.0102 - - 1759722226.822377205 1759722226.832562923 0 7b03bd18aea8470cbeb747235c58da52
Oct 05 23:43:46 np0005471485.novalocal container-server[93622]: ::1 - - [06/Oct/2025:03:43:46 +0000] "PUT /2/35832/AUTH_7aebe34b89554e87825206ce40aeb2f7/gnocchi.9be7ba4b-176a-48d6-be9a-57ad8f32bb65/1759320000.0_mean_300.0_v3" 201 - "PUT http://[::1]:8080/3/259062/AUTH_7aebe34b89554e87825206ce40aeb2f7/gnocchi.9be7ba4b-176a-48d6-be9a-57ad8f32bb65/1759320000.0_mean_300.0_v3" "tx891d4c75d91a4fdcb2b6f-0068e33af2" "object-server 93954" 0.0013 "-" 93622 0
Oct 05 23:43:46 np0005471485.novalocal object-server[93954]: ::1 - - [06/Oct/2025:03:43:46 +0000] "PUT /3/259062/AUTH_7aebe34b89554e87825206ce40aeb2f7/gnocchi.9be7ba4b-176a-48d6-be9a-57ad8f32bb65/1759320000.0_mean_300.0_v3" 201 - "PUT https://[::1]:8080/v1/AUTH_7aebe34b89554e87825206ce40aeb2f7/gnocchi.9be7ba4b-176a-48d6-be9a-57ad8f32bb65/1759320000.0_mean_300.0_v3" "tx891d4c75d91a4fdcb2b6f-0068e33af2" "proxy-server 94957" 0.0142 "-" 93954 0
Oct 05 23:43:46 np0005471485.novalocal container-server[93622]: ::1 - - [06/Oct/2025:03:43:46 +0000] "PUT /3/35832/AUTH_7aebe34b89554e87825206ce40aeb2f7/gnocchi.9be7ba4b-176a-48d6-be9a-57ad8f32bb65/1759320000.0_mean_300.0_v3" 201 - "PUT http://[::1]:8080/1/259062/AUTH_7aebe34b89554e87825206ce40aeb2f7/gnocchi.9be7ba4b-176a-48d6-be9a-57ad8f32bb65/1759320000.0_mean_300.0_v3" "tx891d4c75d91a4fdcb2b6f-0068e33af2" "object-server 93954" 0.0005 "-" 93622 0
Oct 05 23:43:46 np0005471485.novalocal object-server[93954]: ::1 - - [06/Oct/2025:03:43:46 +0000] "PUT /1/259062/AUTH_7aebe34b89554e87825206ce40aeb2f7/gnocchi.9be7ba4b-176a-48d6-be9a-57ad8f32bb65/1759320000.0_mean_300.0_v3" 201 - "PUT https://[::1]:8080/v1/AUTH_7aebe34b89554e87825206ce40aeb2f7/gnocchi.9be7ba4b-176a-48d6-be9a-57ad8f32bb65/1759320000.0_mean_300.0_v3" "tx891d4c75d91a4fdcb2b6f-0068e33af2" "proxy-server 94957" 0.0200 "-" 93954 0
Oct 05 23:43:46 np0005471485.novalocal container-server[93622]: ::1 - - [06/Oct/2025:03:43:46 +0000] "PUT /1/35832/AUTH_7aebe34b89554e87825206ce40aeb2f7/gnocchi.9be7ba4b-176a-48d6-be9a-57ad8f32bb65/1759320000.0_mean_300.0_v3" 201 - "PUT http://[::1]:8080/2/259062/AUTH_7aebe34b89554e87825206ce40aeb2f7/gnocchi.9be7ba4b-176a-48d6-be9a-57ad8f32bb65/1759320000.0_mean_300.0_v3" "tx891d4c75d91a4fdcb2b6f-0068e33af2" "object-server 93954" 0.0004 "-" 93622 0
Oct 05 23:43:46 np0005471485.novalocal object-server[93954]: ::1 - - [06/Oct/2025:03:43:46 +0000] "PUT /2/259062/AUTH_7aebe34b89554e87825206ce40aeb2f7/gnocchi.9be7ba4b-176a-48d6-be9a-57ad8f32bb65/1759320000.0_mean_300.0_v3" 201 - "PUT https://[::1]:8080/v1/AUTH_7aebe34b89554e87825206ce40aeb2f7/gnocchi.9be7ba4b-176a-48d6-be9a-57ad8f32bb65/1759320000.0_mean_300.0_v3" "tx891d4c75d91a4fdcb2b6f-0068e33af2" "proxy-server 94957" 0.0188 "-" 93954 0
Oct 05 23:43:46 np0005471485.novalocal proxy-server[94957]: ::1 ::1 06/Oct/2025/03/43/46 PUT /v1/AUTH_7aebe34b89554e87825206ce40aeb2f7/gnocchi.9be7ba4b-176a-48d6-be9a-57ad8f32bb65/1759320000.0_mean_300.0_v3 HTTP/1.0 201 - python-swiftclient-4.8.0 gAAAAABo4zrG_lV4... 16 - - tx891d4c75d91a4fdcb2b6f-0068e33af2 - 0.0385 - - 1759722226.839177132 1759722226.877687216 0 7b03bd18aea8470cbeb747235c58da52
Oct 05 23:43:46 np0005471485.novalocal container-server[93622]: ::1 - - [06/Oct/2025:03:43:46 +0000] "PUT /2/35832/AUTH_7aebe34b89554e87825206ce40aeb2f7/gnocchi.9be7ba4b-176a-48d6-be9a-57ad8f32bb65/none_v3" 201 - "PUT http://[::1]:8080/3/135242/AUTH_7aebe34b89554e87825206ce40aeb2f7/gnocchi.9be7ba4b-176a-48d6-be9a-57ad8f32bb65/none_v3" "txa89e0df340c04724b6573-0068e33af2" "object-server 93955" 0.0005 "-" 93622 0
Oct 05 23:43:46 np0005471485.novalocal object-server[93955]: ::1 - - [06/Oct/2025:03:43:46 +0000] "PUT /3/135242/AUTH_7aebe34b89554e87825206ce40aeb2f7/gnocchi.9be7ba4b-176a-48d6-be9a-57ad8f32bb65/none_v3" 201 - "PUT https://[::1]:8080/v1/AUTH_7aebe34b89554e87825206ce40aeb2f7/gnocchi.9be7ba4b-176a-48d6-be9a-57ad8f32bb65/none_v3" "txa89e0df340c04724b6573-0068e33af2" "proxy-server 94957" 0.0156 "-" 93955 0
Oct 05 23:43:46 np0005471485.novalocal container-server[93621]: ::1 - - [06/Oct/2025:03:43:46 +0000] "PUT /3/35832/AUTH_7aebe34b89554e87825206ce40aeb2f7/gnocchi.9be7ba4b-176a-48d6-be9a-57ad8f32bb65/none_v3" 201 - "PUT http://[::1]:8080/2/135242/AUTH_7aebe34b89554e87825206ce40aeb2f7/gnocchi.9be7ba4b-176a-48d6-be9a-57ad8f32bb65/none_v3" "txa89e0df340c04724b6573-0068e33af2" "object-server 93954" 0.0006 "-" 93621 0
Oct 05 23:43:46 np0005471485.novalocal object-server[93954]: ::1 - - [06/Oct/2025:03:43:46 +0000] "PUT /2/135242/AUTH_7aebe34b89554e87825206ce40aeb2f7/gnocchi.9be7ba4b-176a-48d6-be9a-57ad8f32bb65/none_v3" 201 - "PUT https://[::1]:8080/v1/AUTH_7aebe34b89554e87825206ce40aeb2f7/gnocchi.9be7ba4b-176a-48d6-be9a-57ad8f32bb65/none_v3" "txa89e0df340c04724b6573-0068e33af2" "proxy-server 94957" 0.0161 "-" 93954 0
Oct 05 23:43:46 np0005471485.novalocal container-server[93621]: ::1 - - [06/Oct/2025:03:43:46 +0000] "PUT /1/35832/AUTH_7aebe34b89554e87825206ce40aeb2f7/gnocchi.9be7ba4b-176a-48d6-be9a-57ad8f32bb65/none_v3" 201 - "PUT http://[::1]:8080/1/135242/AUTH_7aebe34b89554e87825206ce40aeb2f7/gnocchi.9be7ba4b-176a-48d6-be9a-57ad8f32bb65/none_v3" "txa89e0df340c04724b6573-0068e33af2" "object-server 93954" 0.0005 "-" 93621 0
Oct 05 23:43:46 np0005471485.novalocal object-server[93954]: ::1 - - [06/Oct/2025:03:43:46 +0000] "PUT /1/135242/AUTH_7aebe34b89554e87825206ce40aeb2f7/gnocchi.9be7ba4b-176a-48d6-be9a-57ad8f32bb65/none_v3" 201 - "PUT https://[::1]:8080/v1/AUTH_7aebe34b89554e87825206ce40aeb2f7/gnocchi.9be7ba4b-176a-48d6-be9a-57ad8f32bb65/none_v3" "txa89e0df340c04724b6573-0068e33af2" "proxy-server 94957" 0.0199 "-" 93954 0
Oct 05 23:43:46 np0005471485.novalocal proxy-server[94957]: ::1 ::1 06/Oct/2025/03/43/46 PUT /v1/AUTH_7aebe34b89554e87825206ce40aeb2f7/gnocchi.9be7ba4b-176a-48d6-be9a-57ad8f32bb65/none_v3 HTTP/1.0 201 - python-swiftclient-4.8.0 gAAAAABo4zrG_lV4... 33 - - txa89e0df340c04724b6573-0068e33af2 - 0.0325 - - 1759722226.880444050 1759722226.912974119 0 7b03bd18aea8470cbeb747235c58da52
Oct 05 23:43:47 np0005471485.novalocal account-server[93329]: ::1 - - [06/Oct/2025:03:43:47 +0000] "HEAD /2/249817/.misplaced_objects" 404 - "HEAD http://localhost/v1/.misplaced_objects?format=json" "tx2418f2ad42124da7a4892-0068e33af3" "Swift Container Reconciler" 0.0005 "-" 93329 -
Oct 05 23:43:47 np0005471485.novalocal account-server[93328]: ::1 - - [06/Oct/2025:03:43:47 +0000] "HEAD /1/249817/.misplaced_objects" 404 - "HEAD http://localhost/v1/.misplaced_objects?format=json" "tx2418f2ad42124da7a4892-0068e33af3" "Swift Container Reconciler" 0.0004 "-" 93328 -
Oct 05 23:43:47 np0005471485.novalocal account-server[93329]: ::1 - - [06/Oct/2025:03:43:47 +0000] "HEAD /3/249817/.misplaced_objects" 404 - "HEAD http://localhost/v1/.misplaced_objects?format=json" "tx2418f2ad42124da7a4892-0068e33af3" "Swift Container Reconciler" 0.0003 "-" 93329 -
Oct 05 23:43:47 np0005471485.novalocal container-reconciler-ic[89356]: - - 06/Oct/2025/03/43/47 HEAD /v1/.misplaced_objects%3Fformat%3Djson HTTP/1.0 404 - Swift - - - - tx2418f2ad42124da7a4892-0068e33af3 - 0.0097 GET_ACCOUNT_INFO - 1759722227.280046701 1759722227.289769650 - -
Oct 05 23:43:47 np0005471485.novalocal container-server[93621]: ::1 - - [06/Oct/2025:03:43:47 +0000] "GET /1/61588/.misplaced_objects/1759719600" 404 - "GET http://localhost/v1/.misplaced_objects/1759719600?format=json&marker=&end_marker=&prefix=&states=listing" "tx2418f2ad42124da7a4892-0068e33af3" "Swift Container Reconciler" 0.0004 "-" 93621 0
Oct 05 23:43:47 np0005471485.novalocal container-server[93622]: ::1 - - [06/Oct/2025:03:43:47 +0000] "GET /2/61588/.misplaced_objects/1759719600" 404 - "GET http://localhost/v1/.misplaced_objects/1759719600?format=json&marker=&end_marker=&prefix=&states=listing" "tx2418f2ad42124da7a4892-0068e33af3" "Swift Container Reconciler" 0.0010 "-" 93622 0
Oct 05 23:43:47 np0005471485.novalocal container-server[93621]: ::1 - - [06/Oct/2025:03:43:47 +0000] "GET /3/61588/.misplaced_objects/1759719600" 404 - "GET http://localhost/v1/.misplaced_objects/1759719600?format=json&marker=&end_marker=&prefix=&states=listing" "tx2418f2ad42124da7a4892-0068e33af3" "Swift Container Reconciler" 0.0003 "-" 93621 0
Oct 05 23:43:47 np0005471485.novalocal container-reconciler-ic[89356]: - - 06/Oct/2025/03/43/47 GET /v1/.misplaced_objects/1759719600%3Fformat%3Djson%26marker%3D%26end_marker%3D%26prefix%3D%26states%3Dlisting HTTP/1.0 404 - Swift%20Container%20Reconciler - - 70 - tx2418f2ad42124da7a4892-0068e33af3 - 0.0248 - - 1759722227.279155254 1759722227.303969622 0 -
Oct 05 23:43:47 np0005471485.novalocal account-server[93329]: ::1 - - [06/Oct/2025:03:43:47 +0000] "GET /3/249817/.misplaced_objects" 404 - "GET http://localhost/v1/.misplaced_objects?format=json&marker=&end_marker=&prefix=" "txfd052a9a75644f88a5d82-0068e33af3" "Swift Container Reconciler" 0.0005 "-" 93329 -
Oct 05 23:43:47 np0005471485.novalocal account-server[93328]: ::1 - - [06/Oct/2025:03:43:47 +0000] "GET /2/249817/.misplaced_objects" 404 - "GET http://localhost/v1/.misplaced_objects?format=json&marker=&end_marker=&prefix=" "txfd052a9a75644f88a5d82-0068e33af3" "Swift Container Reconciler" 0.0005 "-" 93328 -
Oct 05 23:43:47 np0005471485.novalocal account-server[93328]: ::1 - - [06/Oct/2025:03:43:47 +0000] "GET /1/249817/.misplaced_objects" 404 - "GET http://localhost/v1/.misplaced_objects?format=json&marker=&end_marker=&prefix=" "txfd052a9a75644f88a5d82-0068e33af3" "Swift Container Reconciler" 0.0004 "-" 93328 -
Oct 05 23:43:47 np0005471485.novalocal container-reconciler-ic[89356]: - - 06/Oct/2025/03/43/47 GET /v1/.misplaced_objects%3Fformat%3Djson%26marker%3D%26end_marker%3D%26prefix%3D HTTP/1.0 404 - Swift%20Container%20Reconciler - - - - txfd052a9a75644f88a5d82-0068e33af3 - 0.0091 - - 1759722227.304672956 1759722227.313740253 - -
Oct 05 23:43:47 np0005471485.novalocal container-reconciler[89356]: Reconciler Stats: {}
Oct 05 23:43:47 np0005471485.novalocal container-reconciler[89356]: sleeping between intervals (30.0s)
Oct 05 23:43:47 np0005471485.novalocal container-replicator[93685]: Replication run OVER
Oct 05 23:43:47 np0005471485.novalocal container-replicator[93685]: Attempted to replicate 48 dbs in 1.35667 seconds (35.38062/s)
Oct 05 23:43:47 np0005471485.novalocal container-replicator[93685]: Removed 0 dbs
Oct 05 23:43:47 np0005471485.novalocal container-replicator[93685]: 96 successes, 0 failures
Oct 05 23:43:47 np0005471485.novalocal container-replicator[93685]: diff:0 diff_capped:0 empty:0 hashmatch:0 no_change:96 remote_merge:0 rsync:0 ts_repl:0
Oct 05 23:43:49 np0005471485.novalocal account-replicator[93392]: Beginning replication run
Oct 05 23:43:49 np0005471485.novalocal account-replicator[93392]: Replication run OVER
Oct 05 23:43:49 np0005471485.novalocal account-replicator[93392]: Attempted to replicate 3 dbs in 0.15048 seconds (19.93631/s)
Oct 05 23:43:49 np0005471485.novalocal account-replicator[93392]: Removed 0 dbs
Oct 05 23:43:49 np0005471485.novalocal account-replicator[93392]: 6 successes, 0 failures
Oct 05 23:43:49 np0005471485.novalocal account-replicator[93392]: diff:0 diff_capped:0 empty:0 hashmatch:0 no_change:6 remote_merge:0 rsync:0 ts_repl:0
Oct 05 23:43:50 np0005471485.novalocal object-auditor[102099]: Begin object audit "forever" mode (ALL)
Oct 05 23:43:50 np0005471485.novalocal object-auditor[102098]: Begin object audit "forever" mode (ZBF)
Oct 05 23:43:50 np0005471485.novalocal object-auditor[102098]: Object audit (ZBF). Since Mon Oct 6 03:43:50 2025: Locally: 1 passed, 0 quarantined, 0 errors, files/sec: 594.77, bytes/sec: 0.00, Total time: 0.00, Auditing time: 0.00, Rate: 0.00
Oct 05 23:43:51 np0005471485.novalocal account-server[93328]: ::1 - - [06/Oct/2025:03:43:51 +0000] "HEAD /1/145150/AUTH_7aebe34b89554e87825206ce40aeb2f7" 204 - "HEAD http://[::1]:8080/v1/AUTH_7aebe34b89554e87825206ce40aeb2f7?format=json" "txb40fd18e63754dfbb886e-0068e33af7" "proxy-server 94957" 0.0087 "-" 93328 -
Oct 05 23:43:51 np0005471485.novalocal proxy-server[94957]: - - 06/Oct/2025/03/43/51 HEAD /v1/AUTH_7aebe34b89554e87825206ce40aeb2f7%3Fformat%3Djson HTTP/1.0 204 - Swift - - - - txb40fd18e63754dfbb886e-0068e33af7 - 0.0119 RL - 1759722231.059046745 1759722231.070961714 - -
Oct 05 23:43:51 np0005471485.novalocal object-server[93954]: ::1 - - [06/Oct/2025:03:43:51 +0000] "GET /1/85956/AUTH_7aebe34b89554e87825206ce40aeb2f7/gnocchi.9ff2446e-71cb-45d6-a675-9511dd1e0987/none_v3" 200 22 "GET https://[::1]:8080/v1/AUTH_7aebe34b89554e87825206ce40aeb2f7/gnocchi.9ff2446e-71cb-45d6-a675-9511dd1e0987/none_v3" "txb40fd18e63754dfbb886e-0068e33af7" "proxy-server 94957" 0.0006 "-" 93954 0
Oct 05 23:43:51 np0005471485.novalocal proxy-server[94957]: ::1 ::1 06/Oct/2025/03/43/51 GET /v1/AUTH_7aebe34b89554e87825206ce40aeb2f7/gnocchi.9ff2446e-71cb-45d6-a675-9511dd1e0987/none_v3 HTTP/1.0 200 - python-swiftclient-4.8.0 gAAAAABo4zrG_lV4... - 22 - txb40fd18e63754dfbb886e-0068e33af7 - 0.0193 - - 1759722231.058115244 1759722231.077401161 0 7b03bd18aea8470cbeb747235c58da52
Oct 05 23:43:51 np0005471485.novalocal container-server[93622]: ::1 - - [06/Oct/2025:03:43:51 +0000] "GET /3/163741/AUTH_7aebe34b89554e87825206ce40aeb2f7/gnocchi.9ff2446e-71cb-45d6-a675-9511dd1e0987" 200 357 "GET https://[::1]:8080/v1/AUTH_7aebe34b89554e87825206ce40aeb2f7/gnocchi.9ff2446e-71cb-45d6-a675-9511dd1e0987?format=json&states=listing" "tx1ee1bf6bbae748509d588-0068e33af7" "proxy-server 94957" 0.0021 "-" 93622 0
Oct 05 23:43:51 np0005471485.novalocal proxy-server[94957]: ::1 ::1 06/Oct/2025/03/43/51 GET /v1/AUTH_7aebe34b89554e87825206ce40aeb2f7/gnocchi.9ff2446e-71cb-45d6-a675-9511dd1e0987%3Fformat%3Djson%26states%3Dlisting HTTP/1.0 200 - python-swiftclient-4.8.0 gAAAAABo4zrG_lV4... - 357 - tx1ee1bf6bbae748509d588-0068e33af7 - 0.0078 - - 1759722231.080496788 1759722231.088252306 0 7b03bd18aea8470cbeb747235c58da52
Oct 05 23:43:51 np0005471485.novalocal container-server[93621]: ::1 - - [06/Oct/2025:03:43:51 +0000] "GET /2/163741/AUTH_7aebe34b89554e87825206ce40aeb2f7/gnocchi.9ff2446e-71cb-45d6-a675-9511dd1e0987" 200 2 "GET https://[::1]:8080/v1/AUTH_7aebe34b89554e87825206ce40aeb2f7/gnocchi.9ff2446e-71cb-45d6-a675-9511dd1e0987?format=json&marker=none_v3&states=listing" "tx6eaf2fd7c6114fa28cd16-0068e33af7" "proxy-server 94957" 0.0045 "-" 93621 0
Oct 05 23:43:51 np0005471485.novalocal proxy-server[94957]: ::1 ::1 06/Oct/2025/03/43/51 GET /v1/AUTH_7aebe34b89554e87825206ce40aeb2f7/gnocchi.9ff2446e-71cb-45d6-a675-9511dd1e0987%3Fformat%3Djson%26marker%3Dnone_v3%26states%3Dlisting HTTP/1.0 200 - python-swiftclient-4.8.0 gAAAAABo4zrG_lV4... - 2 - tx6eaf2fd7c6114fa28cd16-0068e33af7 - 0.0110 - - 1759722231.090633154 1759722231.101618528 0 7b03bd18aea8470cbeb747235c58da52
Oct 05 23:43:51 np0005471485.novalocal object-server[93955]: ::1 - - [06/Oct/2025:03:43:51 +0000] "GET /2/89723/AUTH_7aebe34b89554e87825206ce40aeb2f7/gnocchi.9ff2446e-71cb-45d6-a675-9511dd1e0987/1759320000.0_mean_300.0_v3" 200 16 "GET https://[::1]:8080/v1/AUTH_7aebe34b89554e87825206ce40aeb2f7/gnocchi.9ff2446e-71cb-45d6-a675-9511dd1e0987/1759320000.0_mean_300.0_v3" "txd5da8ea1330142e39812d-0068e33af7" "proxy-server 94957" 0.0006 "-" 93955 0
Oct 05 23:43:51 np0005471485.novalocal proxy-server[94957]: ::1 ::1 06/Oct/2025/03/43/51 GET /v1/AUTH_7aebe34b89554e87825206ce40aeb2f7/gnocchi.9ff2446e-71cb-45d6-a675-9511dd1e0987/1759320000.0_mean_300.0_v3 HTTP/1.0 200 - python-swiftclient-4.8.0 gAAAAABo4zrG_lV4... - 16 - txd5da8ea1330142e39812d-0068e33af7 - 0.0055 - - 1759722231.104700327 1759722231.110194683 0 7b03bd18aea8470cbeb747235c58da52
Oct 05 23:43:51 np0005471485.novalocal container-server[93621]: ::1 - - [06/Oct/2025:03:43:51 +0000] "PUT /1/163741/AUTH_7aebe34b89554e87825206ce40aeb2f7/gnocchi.9ff2446e-71cb-45d6-a675-9511dd1e0987/1759320000.0_mean_300.0_v3" 201 - "PUT http://[::1]:8080/1/89723/AUTH_7aebe34b89554e87825206ce40aeb2f7/gnocchi.9ff2446e-71cb-45d6-a675-9511dd1e0987/1759320000.0_mean_300.0_v3" "tx541e00db1547448ba0cbf-0068e33af7" "object-server 93955" 0.0009 "-" 93621 0
Oct 05 23:43:51 np0005471485.novalocal container-server[93622]: ::1 - - [06/Oct/2025:03:43:51 +0000] "PUT /2/163741/AUTH_7aebe34b89554e87825206ce40aeb2f7/gnocchi.9ff2446e-71cb-45d6-a675-9511dd1e0987/1759320000.0_mean_300.0_v3" 201 - "PUT http://[::1]:8080/3/89723/AUTH_7aebe34b89554e87825206ce40aeb2f7/gnocchi.9ff2446e-71cb-45d6-a675-9511dd1e0987/1759320000.0_mean_300.0_v3" "tx541e00db1547448ba0cbf-0068e33af7" "object-server 93955" 0.0005 "-" 93622 0
Oct 05 23:43:51 np0005471485.novalocal object-server[93955]: ::1 - - [06/Oct/2025:03:43:51 +0000] "PUT /1/89723/AUTH_7aebe34b89554e87825206ce40aeb2f7/gnocchi.9ff2446e-71cb-45d6-a675-9511dd1e0987/1759320000.0_mean_300.0_v3" 201 - "PUT https://[::1]:8080/v1/AUTH_7aebe34b89554e87825206ce40aeb2f7/gnocchi.9ff2446e-71cb-45d6-a675-9511dd1e0987/1759320000.0_mean_300.0_v3" "tx541e00db1547448ba0cbf-0068e33af7" "proxy-server 94957" 0.0106 "-" 93955 0
Oct 05 23:43:51 np0005471485.novalocal container-server[93622]: ::1 - - [06/Oct/2025:03:43:51 +0000] "PUT /3/163741/AUTH_7aebe34b89554e87825206ce40aeb2f7/gnocchi.9ff2446e-71cb-45d6-a675-9511dd1e0987/1759320000.0_mean_300.0_v3" 201 - "PUT http://[::1]:8080/2/89723/AUTH_7aebe34b89554e87825206ce40aeb2f7/gnocchi.9ff2446e-71cb-45d6-a675-9511dd1e0987/1759320000.0_mean_300.0_v3" "tx541e00db1547448ba0cbf-0068e33af7" "object-server 93955" 0.0003 "-" 93622 0
Oct 05 23:43:51 np0005471485.novalocal object-server[93955]: ::1 - - [06/Oct/2025:03:43:51 +0000] "PUT /3/89723/AUTH_7aebe34b89554e87825206ce40aeb2f7/gnocchi.9ff2446e-71cb-45d6-a675-9511dd1e0987/1759320000.0_mean_300.0_v3" 201 - "PUT https://[::1]:8080/v1/AUTH_7aebe34b89554e87825206ce40aeb2f7/gnocchi.9ff2446e-71cb-45d6-a675-9511dd1e0987/1759320000.0_mean_300.0_v3" "tx541e00db1547448ba0cbf-0068e33af7" "proxy-server 94957" 0.0136 "-" 93955 0
Oct 05 23:43:51 np0005471485.novalocal object-server[93955]: ::1 - - [06/Oct/2025:03:43:51 +0000] "PUT /2/89723/AUTH_7aebe34b89554e87825206ce40aeb2f7/gnocchi.9ff2446e-71cb-45d6-a675-9511dd1e0987/1759320000.0_mean_300.0_v3" 201 - "PUT https://[::1]:8080/v1/AUTH_7aebe34b89554e87825206ce40aeb2f7/gnocchi.9ff2446e-71cb-45d6-a675-9511dd1e0987/1759320000.0_mean_300.0_v3" "tx541e00db1547448ba0cbf-0068e33af7" "proxy-server 94957" 0.0167 "-" 93955 0
Oct 05 23:43:51 np0005471485.novalocal proxy-server[94957]: ::1 ::1 06/Oct/2025/03/43/51 PUT /v1/AUTH_7aebe34b89554e87825206ce40aeb2f7/gnocchi.9ff2446e-71cb-45d6-a675-9511dd1e0987/1759320000.0_mean_300.0_v3 HTTP/1.0 201 - python-swiftclient-4.8.0 gAAAAABo4zrG_lV4... 16 - - tx541e00db1547448ba0cbf-0068e33af7 - 0.0228 - - 1759722231.112821341 1759722231.135613918 0 7b03bd18aea8470cbeb747235c58da52
Oct 05 23:43:51 np0005471485.novalocal container-server[93621]: ::1 - - [06/Oct/2025:03:43:51 +0000] "PUT /2/163741/AUTH_7aebe34b89554e87825206ce40aeb2f7/gnocchi.9ff2446e-71cb-45d6-a675-9511dd1e0987/none_v3" 201 - "PUT http://[::1]:8080/1/85956/AUTH_7aebe34b89554e87825206ce40aeb2f7/gnocchi.9ff2446e-71cb-45d6-a675-9511dd1e0987/none_v3" "tx82adf0925df64c59a894f-0068e33af7" "object-server 93955" 0.0009 "-" 93621 0
Oct 05 23:43:51 np0005471485.novalocal object-server[93955]: ::1 - - [06/Oct/2025:03:43:51 +0000] "PUT /1/85956/AUTH_7aebe34b89554e87825206ce40aeb2f7/gnocchi.9ff2446e-71cb-45d6-a675-9511dd1e0987/none_v3" 201 - "PUT https://[::1]:8080/v1/AUTH_7aebe34b89554e87825206ce40aeb2f7/gnocchi.9ff2446e-71cb-45d6-a675-9511dd1e0987/none_v3" "tx82adf0925df64c59a894f-0068e33af7" "proxy-server 94957" 0.0134 "-" 93955 0
Oct 05 23:43:51 np0005471485.novalocal container-server[93621]: ::1 - - [06/Oct/2025:03:43:51 +0000] "PUT /1/163741/AUTH_7aebe34b89554e87825206ce40aeb2f7/gnocchi.9ff2446e-71cb-45d6-a675-9511dd1e0987/none_v3" 201 - "PUT http://[::1]:8080/3/85956/AUTH_7aebe34b89554e87825206ce40aeb2f7/gnocchi.9ff2446e-71cb-45d6-a675-9511dd1e0987/none_v3" "tx82adf0925df64c59a894f-0068e33af7" "object-server 93954" 0.0008 "-" 93621 0
Oct 05 23:43:51 np0005471485.novalocal container-server[93622]: ::1 - - [06/Oct/2025:03:43:51 +0000] "PUT /3/163741/AUTH_7aebe34b89554e87825206ce40aeb2f7/gnocchi.9ff2446e-71cb-45d6-a675-9511dd1e0987/none_v3" 201 - "PUT http://[::1]:8080/2/85956/AUTH_7aebe34b89554e87825206ce40aeb2f7/gnocchi.9ff2446e-71cb-45d6-a675-9511dd1e0987/none_v3" "tx82adf0925df64c59a894f-0068e33af7" "object-server 93954" 0.0009 "-" 93622 0
Oct 05 23:43:51 np0005471485.novalocal object-server[93954]: ::1 - - [06/Oct/2025:03:43:51 +0000] "PUT /3/85956/AUTH_7aebe34b89554e87825206ce40aeb2f7/gnocchi.9ff2446e-71cb-45d6-a675-9511dd1e0987/none_v3" 201 - "PUT https://[::1]:8080/v1/AUTH_7aebe34b89554e87825206ce40aeb2f7/gnocchi.9ff2446e-71cb-45d6-a675-9511dd1e0987/none_v3" "tx82adf0925df64c59a894f-0068e33af7" "proxy-server 94957" 0.0181 "-" 93954 0
Oct 05 23:43:51 np0005471485.novalocal object-server[93954]: ::1 - - [06/Oct/2025:03:43:51 +0000] "PUT /2/85956/AUTH_7aebe34b89554e87825206ce40aeb2f7/gnocchi.9ff2446e-71cb-45d6-a675-9511dd1e0987/none_v3" 201 - "PUT https://[::1]:8080/v1/AUTH_7aebe34b89554e87825206ce40aeb2f7/gnocchi.9ff2446e-71cb-45d6-a675-9511dd1e0987/none_v3" "tx82adf0925df64c59a894f-0068e33af7" "proxy-server 94957" 0.0186 "-" 93954 0
Oct 05 23:43:51 np0005471485.novalocal proxy-server[94957]: ::1 ::1 06/Oct/2025/03/43/51 PUT /v1/AUTH_7aebe34b89554e87825206ce40aeb2f7/gnocchi.9ff2446e-71cb-45d6-a675-9511dd1e0987/none_v3 HTTP/1.0 201 - python-swiftclient-4.8.0 gAAAAABo4zrG_lV4... 27 - - tx82adf0925df64c59a894f-0068e33af7 - 0.0273 - - 1759722231.138047934 1759722231.165378809 0 7b03bd18aea8470cbeb747235c58da52
Oct 05 23:43:51 np0005471485.novalocal object-server[93954]: ::1 - - [06/Oct/2025:03:43:51 +0000] "GET /2/204614/AUTH_7aebe34b89554e87825206ce40aeb2f7/gnocchi.5189e135-58c3-4242-922c-200678906b49/none_v3" 200 22 "GET https://[::1]:8080/v1/AUTH_7aebe34b89554e87825206ce40aeb2f7/gnocchi.5189e135-58c3-4242-922c-200678906b49/none_v3" "tx587f5eac2ba4436384998-0068e33af7" "proxy-server 94957" 0.0013 "-" 93954 0
Oct 05 23:43:51 np0005471485.novalocal proxy-server[94957]: ::1 ::1 06/Oct/2025/03/43/51 GET /v1/AUTH_7aebe34b89554e87825206ce40aeb2f7/gnocchi.5189e135-58c3-4242-922c-200678906b49/none_v3 HTTP/1.0 200 - python-swiftclient-4.8.0 gAAAAABo4zrG_lV4... - 22 - tx587f5eac2ba4436384998-0068e33af7 - 0.0093 - - 1759722231.237639666 1759722231.246980906 0 7b03bd18aea8470cbeb747235c58da52
Oct 05 23:43:51 np0005471485.novalocal container-server[93621]: ::1 - - [06/Oct/2025:03:43:51 +0000] "GET /1/159941/AUTH_7aebe34b89554e87825206ce40aeb2f7/gnocchi.5189e135-58c3-4242-922c-200678906b49" 200 357 "GET https://[::1]:8080/v1/AUTH_7aebe34b89554e87825206ce40aeb2f7/gnocchi.5189e135-58c3-4242-922c-200678906b49?format=json&states=listing" "tx422261cee67443f793491-0068e33af7" "proxy-server 94957" 0.0048 "-" 93621 0
Oct 05 23:43:51 np0005471485.novalocal proxy-server[94957]: ::1 ::1 06/Oct/2025/03/43/51 GET /v1/AUTH_7aebe34b89554e87825206ce40aeb2f7/gnocchi.5189e135-58c3-4242-922c-200678906b49%3Fformat%3Djson%26states%3Dlisting HTTP/1.0 200 - python-swiftclient-4.8.0 gAAAAABo4zrG_lV4... - 357 - tx422261cee67443f793491-0068e33af7 - 0.0167 - - 1759722231.251550674 1759722231.268297911 0 7b03bd18aea8470cbeb747235c58da52
Oct 05 23:43:51 np0005471485.novalocal container-server[93622]: ::1 - - [06/Oct/2025:03:43:51 +0000] "GET /1/159941/AUTH_7aebe34b89554e87825206ce40aeb2f7/gnocchi.5189e135-58c3-4242-922c-200678906b49" 200 2 "GET https://[::1]:8080/v1/AUTH_7aebe34b89554e87825206ce40aeb2f7/gnocchi.5189e135-58c3-4242-922c-200678906b49?format=json&marker=none_v3&states=listing" "txd198546ed9fe44ce9c866-0068e33af7" "proxy-server 94957" 0.0019 "-" 93622 0
Oct 05 23:43:51 np0005471485.novalocal proxy-server[94957]: ::1 ::1 06/Oct/2025/03/43/51 GET /v1/AUTH_7aebe34b89554e87825206ce40aeb2f7/gnocchi.5189e135-58c3-4242-922c-200678906b49%3Fformat%3Djson%26marker%3Dnone_v3%26states%3Dlisting HTTP/1.0 200 - python-swiftclient-4.8.0 gAAAAABo4zrG_lV4... - 2 - txd198546ed9fe44ce9c866-0068e33af7 - 0.0083 - - 1759722231.272164345 1759722231.280497551 0 7b03bd18aea8470cbeb747235c58da52
Oct 05 23:43:51 np0005471485.novalocal object-server[93954]: ::1 - - [06/Oct/2025:03:43:51 +0000] "GET /3/80232/AUTH_7aebe34b89554e87825206ce40aeb2f7/gnocchi.5189e135-58c3-4242-922c-200678906b49/1759320000.0_mean_300.0_v3" 200 16 "GET https://[::1]:8080/v1/AUTH_7aebe34b89554e87825206ce40aeb2f7/gnocchi.5189e135-58c3-4242-922c-200678906b49/1759320000.0_mean_300.0_v3" "tx7ca4fdba24c54df5a2a15-0068e33af7" "proxy-server 94957" 0.0010 "-" 93954 0
Oct 05 23:43:51 np0005471485.novalocal proxy-server[94957]: ::1 ::1 06/Oct/2025/03/43/51 GET /v1/AUTH_7aebe34b89554e87825206ce40aeb2f7/gnocchi.5189e135-58c3-4242-922c-200678906b49/1759320000.0_mean_300.0_v3 HTTP/1.0 200 - python-swiftclient-4.8.0 gAAAAABo4zrG_lV4... - 16 - tx7ca4fdba24c54df5a2a15-0068e33af7 - 0.0107 - - 1759722231.286717892 1759722231.297399759 0 7b03bd18aea8470cbeb747235c58da52
Oct 05 23:43:51 np0005471485.novalocal container-server[93621]: ::1 - - [06/Oct/2025:03:43:51 +0000] "PUT /1/159941/AUTH_7aebe34b89554e87825206ce40aeb2f7/gnocchi.5189e135-58c3-4242-922c-200678906b49/1759320000.0_mean_300.0_v3" 201 - "PUT http://[::1]:8080/3/80232/AUTH_7aebe34b89554e87825206ce40aeb2f7/gnocchi.5189e135-58c3-4242-922c-200678906b49/1759320000.0_mean_300.0_v3" "tx16efad20c0c4470d822f2-0068e33af7" "object-server 93955" 0.0011 "-" 93621 0
Oct 05 23:43:51 np0005471485.novalocal object-server[93955]: ::1 - - [06/Oct/2025:03:43:51 +0000] "PUT /3/80232/AUTH_7aebe34b89554e87825206ce40aeb2f7/gnocchi.5189e135-58c3-4242-922c-200678906b49/1759320000.0_mean_300.0_v3" 201 - "PUT https://[::1]:8080/v1/AUTH_7aebe34b89554e87825206ce40aeb2f7/gnocchi.5189e135-58c3-4242-922c-200678906b49/1759320000.0_mean_300.0_v3" "tx16efad20c0c4470d822f2-0068e33af7" "proxy-server 94957" 0.0146 "-" 93955 0
Oct 05 23:43:51 np0005471485.novalocal container-server[93622]: ::1 - - [06/Oct/2025:03:43:51 +0000] "PUT /3/159941/AUTH_7aebe34b89554e87825206ce40aeb2f7/gnocchi.5189e135-58c3-4242-922c-200678906b49/1759320000.0_mean_300.0_v3" 201 - "PUT http://[::1]:8080/2/80232/AUTH_7aebe34b89554e87825206ce40aeb2f7/gnocchi.5189e135-58c3-4242-922c-200678906b49/1759320000.0_mean_300.0_v3" "tx16efad20c0c4470d822f2-0068e33af7" "object-server 93954" 0.0005 "-" 93622 0
Oct 05 23:43:51 np0005471485.novalocal container-server[93621]: ::1 - - [06/Oct/2025:03:43:51 +0000] "PUT /2/159941/AUTH_7aebe34b89554e87825206ce40aeb2f7/gnocchi.5189e135-58c3-4242-922c-200678906b49/1759320000.0_mean_300.0_v3" 201 - "PUT http://[::1]:8080/1/80232/AUTH_7aebe34b89554e87825206ce40aeb2f7/gnocchi.5189e135-58c3-4242-922c-200678906b49/1759320000.0_mean_300.0_v3" "tx16efad20c0c4470d822f2-0068e33af7" "object-server 93954" 0.0008 "-" 93621 0
Oct 05 23:43:51 np0005471485.novalocal object-server[93954]: ::1 - - [06/Oct/2025:03:43:51 +0000] "PUT /2/80232/AUTH_7aebe34b89554e87825206ce40aeb2f7/gnocchi.5189e135-58c3-4242-922c-200678906b49/1759320000.0_mean_300.0_v3" 201 - "PUT https://[::1]:8080/v1/AUTH_7aebe34b89554e87825206ce40aeb2f7/gnocchi.5189e135-58c3-4242-922c-200678906b49/1759320000.0_mean_300.0_v3" "tx16efad20c0c4470d822f2-0068e33af7" "proxy-server 94957" 0.0263 "-" 93954 0
Oct 05 23:43:51 np0005471485.novalocal object-server[93954]: ::1 - - [06/Oct/2025:03:43:51 +0000] "PUT /1/80232/AUTH_7aebe34b89554e87825206ce40aeb2f7/gnocchi.5189e135-58c3-4242-922c-200678906b49/1759320000.0_mean_300.0_v3" 201 - "PUT https://[::1]:8080/v1/AUTH_7aebe34b89554e87825206ce40aeb2f7/gnocchi.5189e135-58c3-4242-922c-200678906b49/1759320000.0_mean_300.0_v3" "tx16efad20c0c4470d822f2-0068e33af7" "proxy-server 94957" 0.0253 "-" 93954 0
Oct 05 23:43:51 np0005471485.novalocal proxy-server[94957]: ::1 ::1 06/Oct/2025/03/43/51 PUT /v1/AUTH_7aebe34b89554e87825206ce40aeb2f7/gnocchi.5189e135-58c3-4242-922c-200678906b49/1759320000.0_mean_300.0_v3 HTTP/1.0 201 - python-swiftclient-4.8.0 gAAAAABo4zrG_lV4... 16 - - tx16efad20c0c4470d822f2-0068e33af7 - 0.0419 - - 1759722231.302149534 1759722231.344095945 0 7b03bd18aea8470cbeb747235c58da52
