Oct 05 23:43:43 np0005471485.novalocal container-server[93621]: ::1 - - [06/Oct/2025:03:43:43 +0000] "PUT /1/242516/AUTH_7aebe34b89554e87825206ce40aeb2f7/gnocchi.d3a76a14-3283-4877-9bec-34600f149c4f/none_v3" 201 - "PUT http://[::1]:8080/1/1015/AUTH_7aebe34b89554e87825206ce40aeb2f7/gnocchi.d3a76a14-3283-4877-9bec-34600f149c4f/none_v3" "tx5afaed714739418197f3f-0068e33aef" "object-server 93954" 0.0003 "-" 93621 0
Oct 05 23:43:43 np0005471485.novalocal object-server[93955]: ::1 - - [06/Oct/2025:03:43:43 +0000] "PUT /2/1015/AUTH_7aebe34b89554e87825206ce40aeb2f7/gnocchi.d3a76a14-3283-4877-9bec-34600f149c4f/none_v3" 201 - "PUT https://[::1]:8080/v1/AUTH_7aebe34b89554e87825206ce40aeb2f7/gnocchi.d3a76a14-3283-4877-9bec-34600f149c4f/none_v3" "tx5afaed714739418197f3f-0068e33aef" "proxy-server 94957" 0.0152 "-" 93955 0
Oct 05 23:43:43 np0005471485.novalocal object-server[93954]: ::1 - - [06/Oct/2025:03:43:43 +0000] "PUT /1/1015/AUTH_7aebe34b89554e87825206ce40aeb2f7/gnocchi.d3a76a14-3283-4877-9bec-34600f149c4f/none_v3" 201 - "PUT https://[::1]:8080/v1/AUTH_7aebe34b89554e87825206ce40aeb2f7/gnocchi.d3a76a14-3283-4877-9bec-34600f149c4f/none_v3" "tx5afaed714739418197f3f-0068e33aef" "proxy-server 94957" 0.0146 "-" 93954 0
Oct 05 23:43:43 np0005471485.novalocal container-server[93621]: ::1 - - [06/Oct/2025:03:43:43 +0000] "PUT /2/242516/AUTH_7aebe34b89554e87825206ce40aeb2f7/gnocchi.d3a76a14-3283-4877-9bec-34600f149c4f/none_v3" 201 - "PUT http://[::1]:8080/3/1015/AUTH_7aebe34b89554e87825206ce40aeb2f7/gnocchi.d3a76a14-3283-4877-9bec-34600f149c4f/none_v3" "tx5afaed714739418197f3f-0068e33aef" "object-server 93954" 0.0004 "-" 93621 0
Oct 05 23:43:43 np0005471485.novalocal object-server[93954]: ::1 - - [06/Oct/2025:03:43:43 +0000] "PUT /3/1015/AUTH_7aebe34b89554e87825206ce40aeb2f7/gnocchi.d3a76a14-3283-4877-9bec-34600f149c4f/none_v3" 201 - "PUT https://[::1]:8080/v1/AUTH_7aebe34b89554e87825206ce40aeb2f7/gnocchi.d3a76a14-3283-4877-9bec-34600f149c4f/none_v3" "tx5afaed714739418197f3f-0068e33aef" "proxy-server 94957" 0.0166 "-" 93954 0
Oct 05 23:43:43 np0005471485.novalocal proxy-server[94957]: ::1 ::1 06/Oct/2025/03/43/43 PUT /v1/AUTH_7aebe34b89554e87825206ce40aeb2f7/gnocchi.d3a76a14-3283-4877-9bec-34600f149c4f/none_v3 HTTP/1.0 201 - python-swiftclient-4.8.0 gAAAAABo4zrI4CaX... 52 - - tx5afaed714739418197f3f-0068e33aef - 0.0286 - - 1759722223.394940853 1759722223.423521042 0 7b03bd18aea8470cbeb747235c58da52
Oct 05 23:43:43 np0005471485.novalocal object-server[93955]: ::1 - - [06/Oct/2025:03:43:43 +0000] "GET /1/257129/AUTH_7aebe34b89554e87825206ce40aeb2f7/gnocchi.a3ccf50e-cadd-4dfc-804b-c575f10a1bd7/none_v3" 200 44 "GET https://[::1]:8080/v1/AUTH_7aebe34b89554e87825206ce40aeb2f7/gnocchi.a3ccf50e-cadd-4dfc-804b-c575f10a1bd7/none_v3" "tx6fc6f70ddb3e4c47b5c72-0068e33aef" "proxy-server 94957" 0.0010 "-" 93955 0
Oct 05 23:43:43 np0005471485.novalocal proxy-server[94957]: ::1 ::1 06/Oct/2025/03/43/43 GET /v1/AUTH_7aebe34b89554e87825206ce40aeb2f7/gnocchi.a3ccf50e-cadd-4dfc-804b-c575f10a1bd7/none_v3 HTTP/1.0 200 - python-swiftclient-4.8.0 gAAAAABo4zrI4CaX... - 44 - tx6fc6f70ddb3e4c47b5c72-0068e33aef - 0.0087 - - 1759722223.438173771 1759722223.446922779 0 7b03bd18aea8470cbeb747235c58da52
Oct 05 23:43:43 np0005471485.novalocal container-server[93622]: ::1 - - [06/Oct/2025:03:43:43 +0000] "GET /1/196369/AUTH_7aebe34b89554e87825206ce40aeb2f7/gnocchi.a3ccf50e-cadd-4dfc-804b-c575f10a1bd7" 200 357 "GET https://[::1]:8080/v1/AUTH_7aebe34b89554e87825206ce40aeb2f7/gnocchi.a3ccf50e-cadd-4dfc-804b-c575f10a1bd7?format=json&states=listing" "txf4722c7916fb4a3ebd937-0068e33aef" "proxy-server 94957" 0.0094 "-" 93622 0
Oct 05 23:43:43 np0005471485.novalocal proxy-server[94957]: ::1 ::1 06/Oct/2025/03/43/43 GET /v1/AUTH_7aebe34b89554e87825206ce40aeb2f7/gnocchi.a3ccf50e-cadd-4dfc-804b-c575f10a1bd7%3Fformat%3Djson%26states%3Dlisting HTTP/1.0 200 - python-swiftclient-4.8.0 gAAAAABo4zrI4CaX... - 357 - txf4722c7916fb4a3ebd937-0068e33aef - 0.0170 - - 1759722223.450026751 1759722223.467007637 0 7b03bd18aea8470cbeb747235c58da52
Oct 05 23:43:43 np0005471485.novalocal container-server[93621]: ::1 - - [06/Oct/2025:03:43:43 +0000] "GET /2/196369/AUTH_7aebe34b89554e87825206ce40aeb2f7/gnocchi.a3ccf50e-cadd-4dfc-804b-c575f10a1bd7" 200 2 "GET https://[::1]:8080/v1/AUTH_7aebe34b89554e87825206ce40aeb2f7/gnocchi.a3ccf50e-cadd-4dfc-804b-c575f10a1bd7?format=json&marker=none_v3&states=listing" "tx4b1005c8152e411a835e0-0068e33aef" "proxy-server 94957" 0.0101 "-" 93621 0
Oct 05 23:43:43 np0005471485.novalocal proxy-server[94957]: ::1 ::1 06/Oct/2025/03/43/43 GET /v1/AUTH_7aebe34b89554e87825206ce40aeb2f7/gnocchi.a3ccf50e-cadd-4dfc-804b-c575f10a1bd7%3Fformat%3Djson%26marker%3Dnone_v3%26states%3Dlisting HTTP/1.0 200 - python-swiftclient-4.8.0 gAAAAABo4zrI4CaX... - 2 - tx4b1005c8152e411a835e0-0068e33aef - 0.0180 - - 1759722223.470207453 1759722223.488162518 0 7b03bd18aea8470cbeb747235c58da52
Oct 05 23:43:43 np0005471485.novalocal object-server[93954]: ::1 - - [06/Oct/2025:03:43:43 +0000] "GET /3/73829/AUTH_7aebe34b89554e87825206ce40aeb2f7/gnocchi.a3ccf50e-cadd-4dfc-804b-c575f10a1bd7/1759320000.0_mean_300.0_v3" 200 16 "GET https://[::1]:8080/v1/AUTH_7aebe34b89554e87825206ce40aeb2f7/gnocchi.a3ccf50e-cadd-4dfc-804b-c575f10a1bd7/1759320000.0_mean_300.0_v3" "txe735e6f59287431b9c878-0068e33aef" "proxy-server 94957" 0.0016 "-" 93954 0
Oct 05 23:43:43 np0005471485.novalocal proxy-server[94957]: ::1 ::1 06/Oct/2025/03/43/43 GET /v1/AUTH_7aebe34b89554e87825206ce40aeb2f7/gnocchi.a3ccf50e-cadd-4dfc-804b-c575f10a1bd7/1759320000.0_mean_300.0_v3 HTTP/1.0 200 - python-swiftclient-4.8.0 gAAAAABo4zrI4CaX... - 16 - txe735e6f59287431b9c878-0068e33aef - 0.0133 - - 1759722223.492935181 1759722223.506234646 0 7b03bd18aea8470cbeb747235c58da52
Oct 05 23:43:43 np0005471485.novalocal container-server[93621]: ::1 - - [06/Oct/2025:03:43:43 +0000] "PUT /3/196369/AUTH_7aebe34b89554e87825206ce40aeb2f7/gnocchi.a3ccf50e-cadd-4dfc-804b-c575f10a1bd7/1759320000.0_mean_300.0_v3" 201 - "PUT http://[::1]:8080/2/73829/AUTH_7aebe34b89554e87825206ce40aeb2f7/gnocchi.a3ccf50e-cadd-4dfc-804b-c575f10a1bd7/1759320000.0_mean_300.0_v3" "tx763f1b6770ce4ebd817de-0068e33aef" "object-server 93954" 0.0010 "-" 93621 0
Oct 05 23:43:43 np0005471485.novalocal object-server[93954]: ::1 - - [06/Oct/2025:03:43:43 +0000] "PUT /2/73829/AUTH_7aebe34b89554e87825206ce40aeb2f7/gnocchi.a3ccf50e-cadd-4dfc-804b-c575f10a1bd7/1759320000.0_mean_300.0_v3" 201 - "PUT https://[::1]:8080/v1/AUTH_7aebe34b89554e87825206ce40aeb2f7/gnocchi.a3ccf50e-cadd-4dfc-804b-c575f10a1bd7/1759320000.0_mean_300.0_v3" "tx763f1b6770ce4ebd817de-0068e33aef" "proxy-server 94957" 0.0135 "-" 93954 0
Oct 05 23:43:43 np0005471485.novalocal container-server[93622]: ::1 - - [06/Oct/2025:03:43:43 +0000] "PUT /1/196369/AUTH_7aebe34b89554e87825206ce40aeb2f7/gnocchi.a3ccf50e-cadd-4dfc-804b-c575f10a1bd7/1759320000.0_mean_300.0_v3" 201 - "PUT http://[::1]:8080/3/73829/AUTH_7aebe34b89554e87825206ce40aeb2f7/gnocchi.a3ccf50e-cadd-4dfc-804b-c575f10a1bd7/1759320000.0_mean_300.0_v3" "tx763f1b6770ce4ebd817de-0068e33aef" "object-server 93954" 0.0011 "-" 93622 0
Oct 05 23:43:43 np0005471485.novalocal container-server[93621]: ::1 - - [06/Oct/2025:03:43:43 +0000] "PUT /2/196369/AUTH_7aebe34b89554e87825206ce40aeb2f7/gnocchi.a3ccf50e-cadd-4dfc-804b-c575f10a1bd7/1759320000.0_mean_300.0_v3" 201 - "PUT http://[::1]:8080/1/73829/AUTH_7aebe34b89554e87825206ce40aeb2f7/gnocchi.a3ccf50e-cadd-4dfc-804b-c575f10a1bd7/1759320000.0_mean_300.0_v3" "tx763f1b6770ce4ebd817de-0068e33aef" "object-server 93954" 0.0004 "-" 93621 0
Oct 05 23:43:43 np0005471485.novalocal object-server[93954]: ::1 - - [06/Oct/2025:03:43:43 +0000] "PUT /3/73829/AUTH_7aebe34b89554e87825206ce40aeb2f7/gnocchi.a3ccf50e-cadd-4dfc-804b-c575f10a1bd7/1759320000.0_mean_300.0_v3" 201 - "PUT https://[::1]:8080/v1/AUTH_7aebe34b89554e87825206ce40aeb2f7/gnocchi.a3ccf50e-cadd-4dfc-804b-c575f10a1bd7/1759320000.0_mean_300.0_v3" "tx763f1b6770ce4ebd817de-0068e33aef" "proxy-server 94957" 0.0168 "-" 93954 0
Oct 05 23:43:43 np0005471485.novalocal object-server[93954]: ::1 - - [06/Oct/2025:03:43:43 +0000] "PUT /1/73829/AUTH_7aebe34b89554e87825206ce40aeb2f7/gnocchi.a3ccf50e-cadd-4dfc-804b-c575f10a1bd7/1759320000.0_mean_300.0_v3" 201 - "PUT https://[::1]:8080/v1/AUTH_7aebe34b89554e87825206ce40aeb2f7/gnocchi.a3ccf50e-cadd-4dfc-804b-c575f10a1bd7/1759320000.0_mean_300.0_v3" "tx763f1b6770ce4ebd817de-0068e33aef" "proxy-server 94957" 0.0132 "-" 93954 0
Oct 05 23:43:43 np0005471485.novalocal proxy-server[94957]: ::1 ::1 06/Oct/2025/03/43/43 PUT /v1/AUTH_7aebe34b89554e87825206ce40aeb2f7/gnocchi.a3ccf50e-cadd-4dfc-804b-c575f10a1bd7/1759320000.0_mean_300.0_v3 HTTP/1.0 201 - python-swiftclient-4.8.0 gAAAAABo4zrI4CaX... 16 - - tx763f1b6770ce4ebd817de-0068e33aef - 0.0236 - - 1759722223.510287523 1759722223.533869267 0 7b03bd18aea8470cbeb747235c58da52
Oct 05 23:43:43 np0005471485.novalocal container-server[93621]: ::1 - - [06/Oct/2025:03:43:43 +0000] "PUT /2/196369/AUTH_7aebe34b89554e87825206ce40aeb2f7/gnocchi.a3ccf50e-cadd-4dfc-804b-c575f10a1bd7/none_v3" 201 - "PUT http://[::1]:8080/1/257129/AUTH_7aebe34b89554e87825206ce40aeb2f7/gnocchi.a3ccf50e-cadd-4dfc-804b-c575f10a1bd7/none_v3" "txd42fe15e8a054f4bb3495-0068e33aef" "object-server 93955" 0.0006 "-" 93621 0
Oct 05 23:43:43 np0005471485.novalocal object-server[93955]: ::1 - - [06/Oct/2025:03:43:43 +0000] "PUT /1/257129/AUTH_7aebe34b89554e87825206ce40aeb2f7/gnocchi.a3ccf50e-cadd-4dfc-804b-c575f10a1bd7/none_v3" 201 - "PUT https://[::1]:8080/v1/AUTH_7aebe34b89554e87825206ce40aeb2f7/gnocchi.a3ccf50e-cadd-4dfc-804b-c575f10a1bd7/none_v3" "txd42fe15e8a054f4bb3495-0068e33aef" "proxy-server 94957" 0.0112 "-" 93955 0
Oct 05 23:43:43 np0005471485.novalocal container-server[93621]: ::1 - - [06/Oct/2025:03:43:43 +0000] "PUT /3/196369/AUTH_7aebe34b89554e87825206ce40aeb2f7/gnocchi.a3ccf50e-cadd-4dfc-804b-c575f10a1bd7/none_v3" 201 - "PUT http://[::1]:8080/3/257129/AUTH_7aebe34b89554e87825206ce40aeb2f7/gnocchi.a3ccf50e-cadd-4dfc-804b-c575f10a1bd7/none_v3" "txd42fe15e8a054f4bb3495-0068e33aef" "object-server 93955" 0.0005 "-" 93621 0
Oct 05 23:43:43 np0005471485.novalocal object-server[93955]: ::1 - - [06/Oct/2025:03:43:43 +0000] "PUT /3/257129/AUTH_7aebe34b89554e87825206ce40aeb2f7/gnocchi.a3ccf50e-cadd-4dfc-804b-c575f10a1bd7/none_v3" 201 - "PUT https://[::1]:8080/v1/AUTH_7aebe34b89554e87825206ce40aeb2f7/gnocchi.a3ccf50e-cadd-4dfc-804b-c575f10a1bd7/none_v3" "txd42fe15e8a054f4bb3495-0068e33aef" "proxy-server 94957" 0.0146 "-" 93955 0
Oct 05 23:43:43 np0005471485.novalocal container-server[93621]: ::1 - - [06/Oct/2025:03:43:43 +0000] "PUT /1/196369/AUTH_7aebe34b89554e87825206ce40aeb2f7/gnocchi.a3ccf50e-cadd-4dfc-804b-c575f10a1bd7/none_v3" 201 - "PUT http://[::1]:8080/2/257129/AUTH_7aebe34b89554e87825206ce40aeb2f7/gnocchi.a3ccf50e-cadd-4dfc-804b-c575f10a1bd7/none_v3" "txd42fe15e8a054f4bb3495-0068e33aef" "object-server 93954" 0.0006 "-" 93621 0
Oct 05 23:43:43 np0005471485.novalocal object-server[93954]: ::1 - - [06/Oct/2025:03:43:43 +0000] "PUT /2/257129/AUTH_7aebe34b89554e87825206ce40aeb2f7/gnocchi.a3ccf50e-cadd-4dfc-804b-c575f10a1bd7/none_v3" 201 - "PUT https://[::1]:8080/v1/AUTH_7aebe34b89554e87825206ce40aeb2f7/gnocchi.a3ccf50e-cadd-4dfc-804b-c575f10a1bd7/none_v3" "txd42fe15e8a054f4bb3495-0068e33aef" "proxy-server 94957" 0.0131 "-" 93954 0
Oct 05 23:43:43 np0005471485.novalocal proxy-server[94957]: ::1 ::1 06/Oct/2025/03/43/43 PUT /v1/AUTH_7aebe34b89554e87825206ce40aeb2f7/gnocchi.a3ccf50e-cadd-4dfc-804b-c575f10a1bd7/none_v3 HTTP/1.0 201 - python-swiftclient-4.8.0 gAAAAABo4zrI4CaX... 53 - - txd42fe15e8a054f4bb3495-0068e33aef - 0.0259 - - 1759722223.537179708 1759722223.563104868 0 7b03bd18aea8470cbeb747235c58da52
Oct 05 23:43:43 np0005471485.novalocal sudo[102034]: pam_unix(sudo:session): session closed for user root
Oct 05 23:43:43 np0005471485.novalocal systemd[1]: session-c144.scope: Deactivated successfully.
Oct 05 23:43:43 np0005471485.novalocal sudo[102057]: cinder : PWD=/ ; USER=root ; COMMAND=/usr/bin/cinder-rootwrap /etc/cinder/rootwrap.conf env LC_ALL=C lvs --noheadings --unit=g -o vg_name,name,size --nosuffix --readonly cinder-volumes
Oct 05 23:43:43 np0005471485.novalocal systemd[1]: Started Session c145 of User root.
Oct 05 23:43:43 np0005471485.novalocal sudo[102057]: pam_unix(sudo:session): session opened for user root(uid=0) by (uid=165)
Oct 05 23:43:43 np0005471485.novalocal object-server[93955]: ::1 - - [06/Oct/2025:03:43:43 +0000] "GET /3/40724/AUTH_7aebe34b89554e87825206ce40aeb2f7/gnocchi.e0665dff-a464-4e7b-979b-077ba64b2774/none_v3" 200 60 "GET https://[::1]:8080/v1/AUTH_7aebe34b89554e87825206ce40aeb2f7/gnocchi.e0665dff-a464-4e7b-979b-077ba64b2774/none_v3" "txbdebe891fbd14401824ba-0068e33aef" "proxy-server 94957" 0.0012 "-" 93955 0
Oct 05 23:43:43 np0005471485.novalocal proxy-server[94957]: ::1 ::1 06/Oct/2025/03/43/43 GET /v1/AUTH_7aebe34b89554e87825206ce40aeb2f7/gnocchi.e0665dff-a464-4e7b-979b-077ba64b2774/none_v3 HTTP/1.0 200 - python-swiftclient-4.8.0 gAAAAABo4zrI4CaX... - 60 - txbdebe891fbd14401824ba-0068e33aef - 0.0104 - - 1759722223.629789591 1759722223.640182257 0 7b03bd18aea8470cbeb747235c58da52
Oct 05 23:43:43 np0005471485.novalocal container-server[93621]: ::1 - - [06/Oct/2025:03:43:43 +0000] "GET /1/44452/AUTH_7aebe34b89554e87825206ce40aeb2f7/gnocchi.e0665dff-a464-4e7b-979b-077ba64b2774" 200 357 "GET https://[::1]:8080/v1/AUTH_7aebe34b89554e87825206ce40aeb2f7/gnocchi.e0665dff-a464-4e7b-979b-077ba64b2774?format=json&states=listing" "tx9cb02688a2f2450aabb1c-0068e33aef" "proxy-server 94957" 0.0096 "-" 93621 0
Oct 05 23:43:43 np0005471485.novalocal proxy-server[94957]: ::1 ::1 06/Oct/2025/03/43/43 GET /v1/AUTH_7aebe34b89554e87825206ce40aeb2f7/gnocchi.e0665dff-a464-4e7b-979b-077ba64b2774%3Fformat%3Djson%26states%3Dlisting HTTP/1.0 200 - python-swiftclient-4.8.0 gAAAAABo4zrI4CaX... - 357 - tx9cb02688a2f2450aabb1c-0068e33aef - 0.0195 - - 1759722223.644006968 1759722223.663552761 0 7b03bd18aea8470cbeb747235c58da52
Oct 05 23:43:43 np0005471485.novalocal container-server[93621]: ::1 - - [06/Oct/2025:03:43:43 +0000] "GET /1/44452/AUTH_7aebe34b89554e87825206ce40aeb2f7/gnocchi.e0665dff-a464-4e7b-979b-077ba64b2774" 200 2 "GET https://[::1]:8080/v1/AUTH_7aebe34b89554e87825206ce40aeb2f7/gnocchi.e0665dff-a464-4e7b-979b-077ba64b2774?format=json&marker=none_v3&states=listing" "tx7f355a52ea4943778c1ac-0068e33aef" "proxy-server 94957" 0.0032 "-" 93621 0
Oct 05 23:43:43 np0005471485.novalocal proxy-server[94957]: ::1 ::1 06/Oct/2025/03/43/43 GET /v1/AUTH_7aebe34b89554e87825206ce40aeb2f7/gnocchi.e0665dff-a464-4e7b-979b-077ba64b2774%3Fformat%3Djson%26marker%3Dnone_v3%26states%3Dlisting HTTP/1.0 200 - python-swiftclient-4.8.0 gAAAAABo4zrI4CaX... - 2 - tx7f355a52ea4943778c1ac-0068e33aef - 0.0121 - - 1759722223.667231321 1759722223.679345846 0 7b03bd18aea8470cbeb747235c58da52
Oct 05 23:43:43 np0005471485.novalocal object-server[93955]: ::1 - - [06/Oct/2025:03:43:43 +0000] "GET /2/73019/AUTH_7aebe34b89554e87825206ce40aeb2f7/gnocchi.e0665dff-a464-4e7b-979b-077ba64b2774/1759320000.0_mean_300.0_v3" 200 16 "GET https://[::1]:8080/v1/AUTH_7aebe34b89554e87825206ce40aeb2f7/gnocchi.e0665dff-a464-4e7b-979b-077ba64b2774/1759320000.0_mean_300.0_v3" "tx76854a97cc9945558bd97-0068e33aef" "proxy-server 94957" 0.0012 "-" 93955 0
Oct 05 23:43:43 np0005471485.novalocal proxy-server[94957]: ::1 ::1 06/Oct/2025/03/43/43 GET /v1/AUTH_7aebe34b89554e87825206ce40aeb2f7/gnocchi.e0665dff-a464-4e7b-979b-077ba64b2774/1759320000.0_mean_300.0_v3 HTTP/1.0 200 - python-swiftclient-4.8.0 gAAAAABo4zrI4CaX... - 16 - tx76854a97cc9945558bd97-0068e33aef - 0.0101 - - 1759722223.683348179 1759722223.693461180 0 7b03bd18aea8470cbeb747235c58da52
Oct 05 23:43:43 np0005471485.novalocal container-server[93621]: ::1 - - [06/Oct/2025:03:43:43 +0000] "PUT /1/44452/AUTH_7aebe34b89554e87825206ce40aeb2f7/gnocchi.e0665dff-a464-4e7b-979b-077ba64b2774/1759320000.0_mean_300.0_v3" 201 - "PUT http://[::1]:8080/2/73019/AUTH_7aebe34b89554e87825206ce40aeb2f7/gnocchi.e0665dff-a464-4e7b-979b-077ba64b2774/1759320000.0_mean_300.0_v3" "txb02d44c00ca1458ca3318-0068e33aef" "object-server 93955" 0.0007 "-" 93621 0
Oct 05 23:43:43 np0005471485.novalocal object-server[93955]: ::1 - - [06/Oct/2025:03:43:43 +0000] "PUT /2/73019/AUTH_7aebe34b89554e87825206ce40aeb2f7/gnocchi.e0665dff-a464-4e7b-979b-077ba64b2774/1759320000.0_mean_300.0_v3" 201 - "PUT https://[::1]:8080/v1/AUTH_7aebe34b89554e87825206ce40aeb2f7/gnocchi.e0665dff-a464-4e7b-979b-077ba64b2774/1759320000.0_mean_300.0_v3" "txb02d44c00ca1458ca3318-0068e33aef" "proxy-server 94957" 0.0168 "-" 93955 0
Oct 05 23:43:43 np0005471485.novalocal container-server[93622]: ::1 - - [06/Oct/2025:03:43:43 +0000] "PUT /3/44452/AUTH_7aebe34b89554e87825206ce40aeb2f7/gnocchi.e0665dff-a464-4e7b-979b-077ba64b2774/1759320000.0_mean_300.0_v3" 201 - "PUT http://[::1]:8080/3/73019/AUTH_7aebe34b89554e87825206ce40aeb2f7/gnocchi.e0665dff-a464-4e7b-979b-077ba64b2774/1759320000.0_mean_300.0_v3" "txb02d44c00ca1458ca3318-0068e33aef" "object-server 93954" 0.0009 "-" 93622 0
Oct 05 23:43:43 np0005471485.novalocal container-server[93621]: ::1 - - [06/Oct/2025:03:43:43 +0000] "PUT /2/44452/AUTH_7aebe34b89554e87825206ce40aeb2f7/gnocchi.e0665dff-a464-4e7b-979b-077ba64b2774/1759320000.0_mean_300.0_v3" 201 - "PUT http://[::1]:8080/1/73019/AUTH_7aebe34b89554e87825206ce40aeb2f7/gnocchi.e0665dff-a464-4e7b-979b-077ba64b2774/1759320000.0_mean_300.0_v3" "txb02d44c00ca1458ca3318-0068e33aef" "object-server 93954" 0.0008 "-" 93621 0
Oct 05 23:43:43 np0005471485.novalocal object-server[93954]: ::1 - - [06/Oct/2025:03:43:43 +0000] "PUT /3/73019/AUTH_7aebe34b89554e87825206ce40aeb2f7/gnocchi.e0665dff-a464-4e7b-979b-077ba64b2774/1759320000.0_mean_300.0_v3" 201 - "PUT https://[::1]:8080/v1/AUTH_7aebe34b89554e87825206ce40aeb2f7/gnocchi.e0665dff-a464-4e7b-979b-077ba64b2774/1759320000.0_mean_300.0_v3" "txb02d44c00ca1458ca3318-0068e33aef" "proxy-server 94957" 0.0168 "-" 93954 0
Oct 05 23:43:43 np0005471485.novalocal object-server[93954]: ::1 - - [06/Oct/2025:03:43:43 +0000] "PUT /1/73019/AUTH_7aebe34b89554e87825206ce40aeb2f7/gnocchi.e0665dff-a464-4e7b-979b-077ba64b2774/1759320000.0_mean_300.0_v3" 201 - "PUT https://[::1]:8080/v1/AUTH_7aebe34b89554e87825206ce40aeb2f7/gnocchi.e0665dff-a464-4e7b-979b-077ba64b2774/1759320000.0_mean_300.0_v3" "txb02d44c00ca1458ca3318-0068e33aef" "proxy-server 94957" 0.0204 "-" 93954 0
Oct 05 23:43:43 np0005471485.novalocal proxy-server[94957]: ::1 ::1 06/Oct/2025/03/43/43 PUT /v1/AUTH_7aebe34b89554e87825206ce40aeb2f7/gnocchi.e0665dff-a464-4e7b-979b-077ba64b2774/1759320000.0_mean_300.0_v3 HTTP/1.0 201 - python-swiftclient-4.8.0 gAAAAABo4zrI4CaX... 16 - - txb02d44c00ca1458ca3318-0068e33aef - 0.0331 - - 1759722223.697377205 1759722223.730498552 0 7b03bd18aea8470cbeb747235c58da52
Oct 05 23:43:43 np0005471485.novalocal container-server[93621]: ::1 - - [06/Oct/2025:03:43:43 +0000] "PUT /1/44452/AUTH_7aebe34b89554e87825206ce40aeb2f7/gnocchi.e0665dff-a464-4e7b-979b-077ba64b2774/none_v3" 201 - "PUT http://[::1]:8080/2/40724/AUTH_7aebe34b89554e87825206ce40aeb2f7/gnocchi.e0665dff-a464-4e7b-979b-077ba64b2774/none_v3" "tx2395824a5bd14f0f96acc-0068e33aef" "object-server 93954" 0.0006 "-" 93621 0
Oct 05 23:43:43 np0005471485.novalocal container-server[93621]: ::1 - - [06/Oct/2025:03:43:43 +0000] "PUT /3/44452/AUTH_7aebe34b89554e87825206ce40aeb2f7/gnocchi.e0665dff-a464-4e7b-979b-077ba64b2774/none_v3" 201 - "PUT http://[::1]:8080/3/40724/AUTH_7aebe34b89554e87825206ce40aeb2f7/gnocchi.e0665dff-a464-4e7b-979b-077ba64b2774/none_v3" "tx2395824a5bd14f0f96acc-0068e33aef" "object-server 93954" 0.0005 "-" 93621 0
Oct 05 23:43:43 np0005471485.novalocal object-server[93954]: ::1 - - [06/Oct/2025:03:43:43 +0000] "PUT /2/40724/AUTH_7aebe34b89554e87825206ce40aeb2f7/gnocchi.e0665dff-a464-4e7b-979b-077ba64b2774/none_v3" 201 - "PUT https://[::1]:8080/v1/AUTH_7aebe34b89554e87825206ce40aeb2f7/gnocchi.e0665dff-a464-4e7b-979b-077ba64b2774/none_v3" "tx2395824a5bd14f0f96acc-0068e33aef" "proxy-server 94957" 0.0181 "-" 93954 0
Oct 05 23:43:43 np0005471485.novalocal object-server[93954]: ::1 - - [06/Oct/2025:03:43:43 +0000] "PUT /3/40724/AUTH_7aebe34b89554e87825206ce40aeb2f7/gnocchi.e0665dff-a464-4e7b-979b-077ba64b2774/none_v3" 201 - "PUT https://[::1]:8080/v1/AUTH_7aebe34b89554e87825206ce40aeb2f7/gnocchi.e0665dff-a464-4e7b-979b-077ba64b2774/none_v3" "tx2395824a5bd14f0f96acc-0068e33aef" "proxy-server 94957" 0.0142 "-" 93954 0
Oct 05 23:43:43 np0005471485.novalocal container-server[93621]: ::1 - - [06/Oct/2025:03:43:43 +0000] "PUT /2/44452/AUTH_7aebe34b89554e87825206ce40aeb2f7/gnocchi.e0665dff-a464-4e7b-979b-077ba64b2774/none_v3" 201 - "PUT http://[::1]:8080/1/40724/AUTH_7aebe34b89554e87825206ce40aeb2f7/gnocchi.e0665dff-a464-4e7b-979b-077ba64b2774/none_v3" "tx2395824a5bd14f0f96acc-0068e33aef" "object-server 93954" 0.0006 "-" 93621 0
Oct 05 23:43:43 np0005471485.novalocal object-server[93954]: ::1 - - [06/Oct/2025:03:43:43 +0000] "PUT /1/40724/AUTH_7aebe34b89554e87825206ce40aeb2f7/gnocchi.e0665dff-a464-4e7b-979b-077ba64b2774/none_v3" 201 - "PUT https://[::1]:8080/v1/AUTH_7aebe34b89554e87825206ce40aeb2f7/gnocchi.e0665dff-a464-4e7b-979b-077ba64b2774/none_v3" "tx2395824a5bd14f0f96acc-0068e33aef" "proxy-server 94957" 0.0183 "-" 93954 0
Oct 05 23:43:43 np0005471485.novalocal proxy-server[94957]: ::1 ::1 06/Oct/2025/03/43/43 PUT /v1/AUTH_7aebe34b89554e87825206ce40aeb2f7/gnocchi.e0665dff-a464-4e7b-979b-077ba64b2774/none_v3 HTTP/1.0 201 - python-swiftclient-4.8.0 gAAAAABo4zrI4CaX... 68 - - tx2395824a5bd14f0f96acc-0068e33aef - 0.0308 - - 1759722223.733572006 1759722223.764390230 0 7b03bd18aea8470cbeb747235c58da52
Oct 05 23:43:43 np0005471485.novalocal object-server[93955]: ::1 - - [06/Oct/2025:03:43:43 +0000] "GET /1/128474/AUTH_7aebe34b89554e87825206ce40aeb2f7/gnocchi.72fc4685-7c6d-41d8-9be0-ccdf89e76377/none_v3" 200 44 "GET https://[::1]:8080/v1/AUTH_7aebe34b89554e87825206ce40aeb2f7/gnocchi.72fc4685-7c6d-41d8-9be0-ccdf89e76377/none_v3" "txc40acf222f474cf0a9138-0068e33aef" "proxy-server 94957" 0.0011 "-" 93955 0
Oct 05 23:43:43 np0005471485.novalocal proxy-server[94957]: ::1 ::1 06/Oct/2025/03/43/43 GET /v1/AUTH_7aebe34b89554e87825206ce40aeb2f7/gnocchi.72fc4685-7c6d-41d8-9be0-ccdf89e76377/none_v3 HTTP/1.0 200 - python-swiftclient-4.8.0 gAAAAABo4zrI4CaX... - 44 - txc40acf222f474cf0a9138-0068e33aef - 0.0082 - - 1759722223.776793718 1759722223.784999609 0 7b03bd18aea8470cbeb747235c58da52
Oct 05 23:43:43 np0005471485.novalocal container-server[93622]: ::1 - - [06/Oct/2025:03:43:43 +0000] "GET /1/9129/AUTH_7aebe34b89554e87825206ce40aeb2f7/gnocchi.72fc4685-7c6d-41d8-9be0-ccdf89e76377" 200 357 "GET https://[::1]:8080/v1/AUTH_7aebe34b89554e87825206ce40aeb2f7/gnocchi.72fc4685-7c6d-41d8-9be0-ccdf89e76377?format=json&states=listing" "txb593fd638692441096371-0068e33aef" "proxy-server 94957" 0.0094 "-" 93622 0
Oct 05 23:43:43 np0005471485.novalocal proxy-server[94957]: ::1 ::1 06/Oct/2025/03/43/43 GET /v1/AUTH_7aebe34b89554e87825206ce40aeb2f7/gnocchi.72fc4685-7c6d-41d8-9be0-ccdf89e76377%3Fformat%3Djson%26states%3Dlisting HTTP/1.0 200 - python-swiftclient-4.8.0 gAAAAABo4zrI4CaX... - 357 - txb593fd638692441096371-0068e33aef - 0.0185 - - 1759722223.789125204 1759722223.807659149 0 7b03bd18aea8470cbeb747235c58da52
Oct 05 23:43:43 np0005471485.novalocal container-server[93621]: ::1 - - [06/Oct/2025:03:43:43 +0000] "GET /1/9129/AUTH_7aebe34b89554e87825206ce40aeb2f7/gnocchi.72fc4685-7c6d-41d8-9be0-ccdf89e76377" 200 2 "GET https://[::1]:8080/v1/AUTH_7aebe34b89554e87825206ce40aeb2f7/gnocchi.72fc4685-7c6d-41d8-9be0-ccdf89e76377?format=json&marker=none_v3&states=listing" "txd1c2ed4bd35d44098e0dc-0068e33aef" "proxy-server 94957" 0.0027 "-" 93621 0
Oct 05 23:43:43 np0005471485.novalocal proxy-server[94957]: ::1 ::1 06/Oct/2025/03/43/43 GET /v1/AUTH_7aebe34b89554e87825206ce40aeb2f7/gnocchi.72fc4685-7c6d-41d8-9be0-ccdf89e76377%3Fformat%3Djson%26marker%3Dnone_v3%26states%3Dlisting HTTP/1.0 200 - python-swiftclient-4.8.0 gAAAAABo4zrI4CaX... - 2 - txd1c2ed4bd35d44098e0dc-0068e33aef - 0.0104 - - 1759722223.810504198 1759722223.820936441 0 7b03bd18aea8470cbeb747235c58da52
Oct 05 23:43:43 np0005471485.novalocal systemd[1]: NetworkManager-dispatcher.service: Deactivated successfully.
Oct 05 23:43:43 np0005471485.novalocal object-server[93955]: ::1 - - [06/Oct/2025:03:43:43 +0000] "GET /2/75843/AUTH_7aebe34b89554e87825206ce40aeb2f7/gnocchi.72fc4685-7c6d-41d8-9be0-ccdf89e76377/1759320000.0_mean_300.0_v3" 200 16 "GET https://[::1]:8080/v1/AUTH_7aebe34b89554e87825206ce40aeb2f7/gnocchi.72fc4685-7c6d-41d8-9be0-ccdf89e76377/1759320000.0_mean_300.0_v3" "tx26e36dc7ee9c4556bee6e-0068e33aef" "proxy-server 94957" 0.0011 "-" 93955 0
Oct 05 23:43:43 np0005471485.novalocal proxy-server[94957]: ::1 ::1 06/Oct/2025/03/43/43 GET /v1/AUTH_7aebe34b89554e87825206ce40aeb2f7/gnocchi.72fc4685-7c6d-41d8-9be0-ccdf89e76377/1759320000.0_mean_300.0_v3 HTTP/1.0 200 - python-swiftclient-4.8.0 gAAAAABo4zrI4CaX... - 16 - tx26e36dc7ee9c4556bee6e-0068e33aef - 0.0087 - - 1759722223.824740410 1759722223.833430767 0 7b03bd18aea8470cbeb747235c58da52
Oct 05 23:43:43 np0005471485.novalocal container-server[93622]: ::1 - - [06/Oct/2025:03:43:43 +0000] "PUT /3/9129/AUTH_7aebe34b89554e87825206ce40aeb2f7/gnocchi.72fc4685-7c6d-41d8-9be0-ccdf89e76377/1759320000.0_mean_300.0_v3" 201 - "PUT http://[::1]:8080/2/75843/AUTH_7aebe34b89554e87825206ce40aeb2f7/gnocchi.72fc4685-7c6d-41d8-9be0-ccdf89e76377/1759320000.0_mean_300.0_v3" "tx5ce8c9711df842d499d64-0068e33aef" "object-server 93955" 0.0008 "-" 93622 0
Oct 05 23:43:43 np0005471485.novalocal container-server[93621]: ::1 - - [06/Oct/2025:03:43:43 +0000] "PUT /1/9129/AUTH_7aebe34b89554e87825206ce40aeb2f7/gnocchi.72fc4685-7c6d-41d8-9be0-ccdf89e76377/1759320000.0_mean_300.0_v3" 201 - "PUT http://[::1]:8080/1/75843/AUTH_7aebe34b89554e87825206ce40aeb2f7/gnocchi.72fc4685-7c6d-41d8-9be0-ccdf89e76377/1759320000.0_mean_300.0_v3" "tx5ce8c9711df842d499d64-0068e33aef" "object-server 93954" 0.0006 "-" 93621 0
Oct 05 23:43:43 np0005471485.novalocal container-server[93621]: ::1 - - [06/Oct/2025:03:43:43 +0000] "PUT /2/9129/AUTH_7aebe34b89554e87825206ce40aeb2f7/gnocchi.72fc4685-7c6d-41d8-9be0-ccdf89e76377/1759320000.0_mean_300.0_v3" 201 - "PUT http://[::1]:8080/3/75843/AUTH_7aebe34b89554e87825206ce40aeb2f7/gnocchi.72fc4685-7c6d-41d8-9be0-ccdf89e76377/1759320000.0_mean_300.0_v3" "tx5ce8c9711df842d499d64-0068e33aef" "object-server 93954" 0.0004 "-" 93621 0
Oct 05 23:43:43 np0005471485.novalocal object-server[93954]: ::1 - - [06/Oct/2025:03:43:43 +0000] "PUT /1/75843/AUTH_7aebe34b89554e87825206ce40aeb2f7/gnocchi.72fc4685-7c6d-41d8-9be0-ccdf89e76377/1759320000.0_mean_300.0_v3" 201 - "PUT https://[::1]:8080/v1/AUTH_7aebe34b89554e87825206ce40aeb2f7/gnocchi.72fc4685-7c6d-41d8-9be0-ccdf89e76377/1759320000.0_mean_300.0_v3" "tx5ce8c9711df842d499d64-0068e33aef" "proxy-server 94957" 0.0133 "-" 93954 0
Oct 05 23:43:43 np0005471485.novalocal object-server[93955]: ::1 - - [06/Oct/2025:03:43:43 +0000] "PUT /2/75843/AUTH_7aebe34b89554e87825206ce40aeb2f7/gnocchi.72fc4685-7c6d-41d8-9be0-ccdf89e76377/1759320000.0_mean_300.0_v3" 201 - "PUT https://[::1]:8080/v1/AUTH_7aebe34b89554e87825206ce40aeb2f7/gnocchi.72fc4685-7c6d-41d8-9be0-ccdf89e76377/1759320000.0_mean_300.0_v3" "tx5ce8c9711df842d499d64-0068e33aef" "proxy-server 94957" 0.0206 "-" 93955 0
Oct 05 23:43:43 np0005471485.novalocal object-server[93954]: ::1 - - [06/Oct/2025:03:43:43 +0000] "PUT /3/75843/AUTH_7aebe34b89554e87825206ce40aeb2f7/gnocchi.72fc4685-7c6d-41d8-9be0-ccdf89e76377/1759320000.0_mean_300.0_v3" 201 - "PUT https://[::1]:8080/v1/AUTH_7aebe34b89554e87825206ce40aeb2f7/gnocchi.72fc4685-7c6d-41d8-9be0-ccdf89e76377/1759320000.0_mean_300.0_v3" "tx5ce8c9711df842d499d64-0068e33aef" "proxy-server 94957" 0.0172 "-" 93954 0
Oct 05 23:43:43 np0005471485.novalocal proxy-server[94957]: ::1 ::1 06/Oct/2025/03/43/43 PUT /v1/AUTH_7aebe34b89554e87825206ce40aeb2f7/gnocchi.72fc4685-7c6d-41d8-9be0-ccdf89e76377/1759320000.0_mean_300.0_v3 HTTP/1.0 201 - python-swiftclient-4.8.0 gAAAAABo4zrI4CaX... 16 - - tx5ce8c9711df842d499d64-0068e33aef - 0.0292 - - 1759722223.836555243 1759722223.865708590 0 7b03bd18aea8470cbeb747235c58da52
Oct 05 23:43:43 np0005471485.novalocal container-server[93621]: ::1 - - [06/Oct/2025:03:43:43 +0000] "PUT /1/9129/AUTH_7aebe34b89554e87825206ce40aeb2f7/gnocchi.72fc4685-7c6d-41d8-9be0-ccdf89e76377/none_v3" 201 - "PUT http://[::1]:8080/3/128474/AUTH_7aebe34b89554e87825206ce40aeb2f7/gnocchi.72fc4685-7c6d-41d8-9be0-ccdf89e76377/none_v3" "tx5dadf60d8bcb4e9bbc5e6-0068e33aef" "object-server 93955" 0.0006 "-" 93621 0
Oct 05 23:43:43 np0005471485.novalocal object-server[93955]: ::1 - - [06/Oct/2025:03:43:43 +0000] "PUT /3/128474/AUTH_7aebe34b89554e87825206ce40aeb2f7/gnocchi.72fc4685-7c6d-41d8-9be0-ccdf89e76377/none_v3" 201 - "PUT https://[::1]:8080/v1/AUTH_7aebe34b89554e87825206ce40aeb2f7/gnocchi.72fc4685-7c6d-41d8-9be0-ccdf89e76377/none_v3" "tx5dadf60d8bcb4e9bbc5e6-0068e33aef" "proxy-server 94957" 0.0155 "-" 93955 0
Oct 05 23:43:43 np0005471485.novalocal container-server[93622]: ::1 - - [06/Oct/2025:03:43:43 +0000] "PUT /3/9129/AUTH_7aebe34b89554e87825206ce40aeb2f7/gnocchi.72fc4685-7c6d-41d8-9be0-ccdf89e76377/none_v3" 201 - "PUT http://[::1]:8080/2/128474/AUTH_7aebe34b89554e87825206ce40aeb2f7/gnocchi.72fc4685-7c6d-41d8-9be0-ccdf89e76377/none_v3" "tx5dadf60d8bcb4e9bbc5e6-0068e33aef" "object-server 93954" 0.0007 "-" 93622 0
Oct 05 23:43:43 np0005471485.novalocal object-server[93954]: ::1 - - [06/Oct/2025:03:43:43 +0000] "PUT /2/128474/AUTH_7aebe34b89554e87825206ce40aeb2f7/gnocchi.72fc4685-7c6d-41d8-9be0-ccdf89e76377/none_v3" 201 - "PUT https://[::1]:8080/v1/AUTH_7aebe34b89554e87825206ce40aeb2f7/gnocchi.72fc4685-7c6d-41d8-9be0-ccdf89e76377/none_v3" "tx5dadf60d8bcb4e9bbc5e6-0068e33aef" "proxy-server 94957" 0.0152 "-" 93954 0
Oct 05 23:43:43 np0005471485.novalocal container-server[93622]: ::1 - - [06/Oct/2025:03:43:43 +0000] "PUT /2/9129/AUTH_7aebe34b89554e87825206ce40aeb2f7/gnocchi.72fc4685-7c6d-41d8-9be0-ccdf89e76377/none_v3" 201 - "PUT http://[::1]:8080/1/128474/AUTH_7aebe34b89554e87825206ce40aeb2f7/gnocchi.72fc4685-7c6d-41d8-9be0-ccdf89e76377/none_v3" "tx5dadf60d8bcb4e9bbc5e6-0068e33aef" "object-server 93954" 0.0005 "-" 93622 0
Oct 05 23:43:43 np0005471485.novalocal object-server[93954]: ::1 - - [06/Oct/2025:03:43:43 +0000] "PUT /1/128474/AUTH_7aebe34b89554e87825206ce40aeb2f7/gnocchi.72fc4685-7c6d-41d8-9be0-ccdf89e76377/none_v3" 201 - "PUT https://[::1]:8080/v1/AUTH_7aebe34b89554e87825206ce40aeb2f7/gnocchi.72fc4685-7c6d-41d8-9be0-ccdf89e76377/none_v3" "tx5dadf60d8bcb4e9bbc5e6-0068e33aef" "proxy-server 94957" 0.0188 "-" 93954 0
Oct 05 23:43:43 np0005471485.novalocal proxy-server[94957]: ::1 ::1 06/Oct/2025/03/43/43 PUT /v1/AUTH_7aebe34b89554e87825206ce40aeb2f7/gnocchi.72fc4685-7c6d-41d8-9be0-ccdf89e76377/none_v3 HTTP/1.0 201 - python-swiftclient-4.8.0 gAAAAABo4zrI4CaX... 53 - - tx5dadf60d8bcb4e9bbc5e6-0068e33aef - 0.0317 - - 1759722223.868409395 1759722223.900089741 0 7b03bd18aea8470cbeb747235c58da52
Oct 05 23:43:43 np0005471485.novalocal sudo[102057]: pam_unix(sudo:session): session closed for user root
Oct 05 23:43:43 np0005471485.novalocal systemd[1]: session-c145.scope: Deactivated successfully.
Oct 05 23:43:46 np0005471485.novalocal object-server[93954]: ::1 - - [06/Oct/2025:03:43:46 +0000] "GET /2/193437/AUTH_7aebe34b89554e87825206ce40aeb2f7/gnocchi.24678e97-0224-4cea-9109-621677280207/none_v3" 200 22 "GET https://[::1]:8080/v1/AUTH_7aebe34b89554e87825206ce40aeb2f7/gnocchi.24678e97-0224-4cea-9109-621677280207/none_v3" "tx0ab68e72244646f186e97-0068e33af2" "proxy-server 94957" 0.0016 "-" 93954 0
Oct 05 23:43:46 np0005471485.novalocal proxy-server[94957]: ::1 ::1 06/Oct/2025/03/43/46 GET /v1/AUTH_7aebe34b89554e87825206ce40aeb2f7/gnocchi.24678e97-0224-4cea-9109-621677280207/none_v3 HTTP/1.0 200 - python-swiftclient-4.8.0 gAAAAABo4zrG_lV4... - 22 - tx0ab68e72244646f186e97-0068e33af2 - 0.0112 - - 1759722226.067631245 1759722226.078835726 0 7b03bd18aea8470cbeb747235c58da52
Oct 05 23:43:46 np0005471485.novalocal container-server[93622]: ::1 - - [06/Oct/2025:03:43:46 +0000] "GET /1/240253/AUTH_7aebe34b89554e87825206ce40aeb2f7/gnocchi.24678e97-0224-4cea-9109-621677280207" 200 357 "GET https://[::1]:8080/v1/AUTH_7aebe34b89554e87825206ce40aeb2f7/gnocchi.24678e97-0224-4cea-9109-621677280207?format=json&states=listing" "txc565b912eb6e424ebe40b-0068e33af2" "proxy-server 94957" 0.0044 "-" 93622 0
Oct 05 23:43:46 np0005471485.novalocal proxy-server[94957]: ::1 ::1 06/Oct/2025/03/43/46 GET /v1/AUTH_7aebe34b89554e87825206ce40aeb2f7/gnocchi.24678e97-0224-4cea-9109-621677280207%3Fformat%3Djson%26states%3Dlisting HTTP/1.0 200 - python-swiftclient-4.8.0 gAAAAABo4zrG_lV4... - 357 - txc565b912eb6e424ebe40b-0068e33af2 - 0.0122 - - 1759722226.083480597 1759722226.095633507 0 7b03bd18aea8470cbeb747235c58da52
Oct 05 23:43:46 np0005471485.novalocal container-server[93621]: ::1 - - [06/Oct/2025:03:43:46 +0000] "GET /2/240253/AUTH_7aebe34b89554e87825206ce40aeb2f7/gnocchi.24678e97-0224-4cea-9109-621677280207" 200 2 "GET https://[::1]:8080/v1/AUTH_7aebe34b89554e87825206ce40aeb2f7/gnocchi.24678e97-0224-4cea-9109-621677280207?format=json&marker=none_v3&states=listing" "tx1ad5d541e69f46c39cfcb-0068e33af2" "proxy-server 94957" 0.0055 "-" 93621 0
Oct 05 23:43:46 np0005471485.novalocal proxy-server[94957]: ::1 ::1 06/Oct/2025/03/43/46 GET /v1/AUTH_7aebe34b89554e87825206ce40aeb2f7/gnocchi.24678e97-0224-4cea-9109-621677280207%3Fformat%3Djson%26marker%3Dnone_v3%26states%3Dlisting HTTP/1.0 200 - python-swiftclient-4.8.0 gAAAAABo4zrG_lV4... - 2 - tx1ad5d541e69f46c39cfcb-0068e33af2 - 0.0141 - - 1759722226.099109173 1759722226.113201618 0 7b03bd18aea8470cbeb747235c58da52
Oct 05 23:43:46 np0005471485.novalocal object-server[93955]: ::1 - - [06/Oct/2025:03:43:46 +0000] "GET /3/192976/AUTH_7aebe34b89554e87825206ce40aeb2f7/gnocchi.24678e97-0224-4cea-9109-621677280207/1759320000.0_mean_300.0_v3" 200 16 "GET https://[::1]:8080/v1/AUTH_7aebe34b89554e87825206ce40aeb2f7/gnocchi.24678e97-0224-4cea-9109-621677280207/1759320000.0_mean_300.0_v3" "txe63b40f355b147119773f-0068e33af2" "proxy-server 94957" 0.0011 "-" 93955 0
Oct 05 23:43:46 np0005471485.novalocal proxy-server[94957]: ::1 ::1 06/Oct/2025/03/43/46 GET /v1/AUTH_7aebe34b89554e87825206ce40aeb2f7/gnocchi.24678e97-0224-4cea-9109-621677280207/1759320000.0_mean_300.0_v3 HTTP/1.0 200 - python-swiftclient-4.8.0 gAAAAABo4zrG_lV4... - 16 - txe63b40f355b147119773f-0068e33af2 - 0.0086 - - 1759722226.119045973 1759722226.127663374 0 7b03bd18aea8470cbeb747235c58da52
Oct 05 23:43:46 np0005471485.novalocal container-server[93621]: ::1 - - [06/Oct/2025:03:43:46 +0000] "PUT /2/240253/AUTH_7aebe34b89554e87825206ce40aeb2f7/gnocchi.24678e97-0224-4cea-9109-621677280207/1759320000.0_mean_300.0_v3" 201 - "PUT http://[::1]:8080/2/192976/AUTH_7aebe34b89554e87825206ce40aeb2f7/gnocchi.24678e97-0224-4cea-9109-621677280207/1759320000.0_mean_300.0_v3" "txb4d5a909b56e4bcc9f1bb-0068e33af2" "object-server 93955" 0.0019 "-" 93621 0
Oct 05 23:43:46 np0005471485.novalocal container-server[93622]: ::1 - - [06/Oct/2025:03:43:46 +0000] "PUT /3/240253/AUTH_7aebe34b89554e87825206ce40aeb2f7/gnocchi.24678e97-0224-4cea-9109-621677280207/1759320000.0_mean_300.0_v3" 201 - "PUT http://[::1]:8080/3/192976/AUTH_7aebe34b89554e87825206ce40aeb2f7/gnocchi.24678e97-0224-4cea-9109-621677280207/1759320000.0_mean_300.0_v3" "txb4d5a909b56e4bcc9f1bb-0068e33af2" "object-server 93954" 0.0008 "-" 93622 0
Oct 05 23:43:46 np0005471485.novalocal object-server[93955]: ::1 - - [06/Oct/2025:03:43:46 +0000] "PUT /2/192976/AUTH_7aebe34b89554e87825206ce40aeb2f7/gnocchi.24678e97-0224-4cea-9109-621677280207/1759320000.0_mean_300.0_v3" 201 - "PUT https://[::1]:8080/v1/AUTH_7aebe34b89554e87825206ce40aeb2f7/gnocchi.24678e97-0224-4cea-9109-621677280207/1759320000.0_mean_300.0_v3" "txb4d5a909b56e4bcc9f1bb-0068e33af2" "proxy-server 94957" 0.0214 "-" 93955 0
Oct 05 23:43:46 np0005471485.novalocal container-server[93622]: ::1 - - [06/Oct/2025:03:43:46 +0000] "PUT /1/240253/AUTH_7aebe34b89554e87825206ce40aeb2f7/gnocchi.24678e97-0224-4cea-9109-621677280207/1759320000.0_mean_300.0_v3" 201 - "PUT http://[::1]:8080/1/192976/AUTH_7aebe34b89554e87825206ce40aeb2f7/gnocchi.24678e97-0224-4cea-9109-621677280207/1759320000.0_mean_300.0_v3" "txb4d5a909b56e4bcc9f1bb-0068e33af2" "object-server 93954" 0.0007 "-" 93622 0
Oct 05 23:43:46 np0005471485.novalocal object-server[93954]: ::1 - - [06/Oct/2025:03:43:46 +0000] "PUT /3/192976/AUTH_7aebe34b89554e87825206ce40aeb2f7/gnocchi.24678e97-0224-4cea-9109-621677280207/1759320000.0_mean_300.0_v3" 201 - "PUT https://[::1]:8080/v1/AUTH_7aebe34b89554e87825206ce40aeb2f7/gnocchi.24678e97-0224-4cea-9109-621677280207/1759320000.0_mean_300.0_v3" "txb4d5a909b56e4bcc9f1bb-0068e33af2" "proxy-server 94957" 0.0205 "-" 93954 0
Oct 05 23:43:46 np0005471485.novalocal object-server[93954]: ::1 - - [06/Oct/2025:03:43:46 +0000] "PUT /1/192976/AUTH_7aebe34b89554e87825206ce40aeb2f7/gnocchi.24678e97-0224-4cea-9109-621677280207/1759320000.0_mean_300.0_v3" 201 - "PUT https://[::1]:8080/v1/AUTH_7aebe34b89554e87825206ce40aeb2f7/gnocchi.24678e97-0224-4cea-9109-621677280207/1759320000.0_mean_300.0_v3" "txb4d5a909b56e4bcc9f1bb-0068e33af2" "proxy-server 94957" 0.0193 "-" 93954 0
Oct 05 23:43:46 np0005471485.novalocal proxy-server[94957]: ::1 ::1 06/Oct/2025/03/43/46 PUT /v1/AUTH_7aebe34b89554e87825206ce40aeb2f7/gnocchi.24678e97-0224-4cea-9109-621677280207/1759320000.0_mean_300.0_v3 HTTP/1.0 201 - python-swiftclient-4.8.0 gAAAAABo4zrG_lV4... 16 - - txb4d5a909b56e4bcc9f1bb-0068e33af2 - 0.0329 - - 1759722226.131572485 1759722226.164521456 0 7b03bd18aea8470cbeb747235c58da52
Oct 05 23:43:46 np0005471485.novalocal container-server[93621]: ::1 - - [06/Oct/2025:03:43:46 +0000] "PUT /1/240253/AUTH_7aebe34b89554e87825206ce40aeb2f7/gnocchi.24678e97-0224-4cea-9109-621677280207/none_v3" 201 - "PUT http://[::1]:8080/3/193437/AUTH_7aebe34b89554e87825206ce40aeb2f7/gnocchi.24678e97-0224-4cea-9109-621677280207/none_v3" "tx9ee25f7d54b942928ded8-0068e33af2" "object-server 93955" 0.0013 "-" 93621 0
Oct 05 23:43:46 np0005471485.novalocal container-server[93622]: ::1 - - [06/Oct/2025:03:43:46 +0000] "PUT /3/240253/AUTH_7aebe34b89554e87825206ce40aeb2f7/gnocchi.24678e97-0224-4cea-9109-621677280207/none_v3" 201 - "PUT http://[::1]:8080/1/193437/AUTH_7aebe34b89554e87825206ce40aeb2f7/gnocchi.24678e97-0224-4cea-9109-621677280207/none_v3" "tx9ee25f7d54b942928ded8-0068e33af2" "object-server 93954" 0.0007 "-" 93622 0
Oct 05 23:43:46 np0005471485.novalocal object-server[93955]: ::1 - - [06/Oct/2025:03:43:46 +0000] "PUT /3/193437/AUTH_7aebe34b89554e87825206ce40aeb2f7/gnocchi.24678e97-0224-4cea-9109-621677280207/none_v3" 201 - "PUT https://[::1]:8080/v1/AUTH_7aebe34b89554e87825206ce40aeb2f7/gnocchi.24678e97-0224-4cea-9109-621677280207/none_v3" "tx9ee25f7d54b942928ded8-0068e33af2" "proxy-server 94957" 0.0208 "-" 93955 0
Oct 05 23:43:46 np0005471485.novalocal container-server[93622]: ::1 - - [06/Oct/2025:03:43:46 +0000] "PUT /2/240253/AUTH_7aebe34b89554e87825206ce40aeb2f7/gnocchi.24678e97-0224-4cea-9109-621677280207/none_v3" 201 - "PUT http://[::1]:8080/2/193437/AUTH_7aebe34b89554e87825206ce40aeb2f7/gnocchi.24678e97-0224-4cea-9109-621677280207/none_v3" "tx9ee25f7d54b942928ded8-0068e33af2" "object-server 93954" 0.0006 "-" 93622 0
Oct 05 23:43:46 np0005471485.novalocal object-server[93954]: ::1 - - [06/Oct/2025:03:43:46 +0000] "PUT /2/193437/AUTH_7aebe34b89554e87825206ce40aeb2f7/gnocchi.24678e97-0224-4cea-9109-621677280207/none_v3" 201 - "PUT https://[::1]:8080/v1/AUTH_7aebe34b89554e87825206ce40aeb2f7/gnocchi.24678e97-0224-4cea-9109-621677280207/none_v3" "tx9ee25f7d54b942928ded8-0068e33af2" "proxy-server 94957" 0.0208 "-" 93954 0
Oct 05 23:43:46 np0005471485.novalocal object-server[93954]: ::1 - - [06/Oct/2025:03:43:46 +0000] "PUT /1/193437/AUTH_7aebe34b89554e87825206ce40aeb2f7/gnocchi.24678e97-0224-4cea-9109-621677280207/none_v3" 201 - "PUT https://[::1]:8080/v1/AUTH_7aebe34b89554e87825206ce40aeb2f7/gnocchi.24678e97-0224-4cea-9109-621677280207/none_v3" "tx9ee25f7d54b942928ded8-0068e33af2" "proxy-server 94957" 0.0188 "-" 93954 0
Oct 05 23:43:46 np0005471485.novalocal proxy-server[94957]: ::1 ::1 06/Oct/2025/03/43/46 PUT /v1/AUTH_7aebe34b89554e87825206ce40aeb2f7/gnocchi.24678e97-0224-4cea-9109-621677280207/none_v3 HTTP/1.0 201 - python-swiftclient-4.8.0 gAAAAABo4zrG_lV4... 32 - - tx9ee25f7d54b942928ded8-0068e33af2 - 0.0359 - - 1759722226.168575287 1759722226.204485655 0 7b03bd18aea8470cbeb747235c58da52
Oct 05 23:43:46 np0005471485.novalocal object-server[93955]: ::1 - - [06/Oct/2025:03:43:46 +0000] "GET /3/30362/AUTH_7aebe34b89554e87825206ce40aeb2f7/gnocchi.e9bf18da-02d2-4d76-891d-9dda6f16d513/none_v3" 200 22 "GET https://[::1]:8080/v1/AUTH_7aebe34b89554e87825206ce40aeb2f7/gnocchi.e9bf18da-02d2-4d76-891d-9dda6f16d513/none_v3" "tx27b1cd6c0f954b0ab960e-0068e33af2" "proxy-server 94957" 0.0008 "-" 93955 0
Oct 05 23:43:46 np0005471485.novalocal proxy-server[94957]: ::1 ::1 06/Oct/2025/03/43/46 GET /v1/AUTH_7aebe34b89554e87825206ce40aeb2f7/gnocchi.e9bf18da-02d2-4d76-891d-9dda6f16d513/none_v3 HTTP/1.0 200 - python-swiftclient-4.8.0 gAAAAABo4zrG_lV4... - 22 - tx27b1cd6c0f954b0ab960e-0068e33af2 - 0.0064 - - 1759722226.228491306 1759722226.234918594 0 7b03bd18aea8470cbeb747235c58da52
Oct 05 23:43:46 np0005471485.novalocal container-server[93622]: ::1 - - [06/Oct/2025:03:43:46 +0000] "GET /2/130722/AUTH_7aebe34b89554e87825206ce40aeb2f7/gnocchi.e9bf18da-02d2-4d76-891d-9dda6f16d513" 200 357 "GET https://[::1]:8080/v1/AUTH_7aebe34b89554e87825206ce40aeb2f7/gnocchi.e9bf18da-02d2-4d76-891d-9dda6f16d513?format=json&states=listing" "txd68ecf5a58fd4fd8a9c44-0068e33af2" "proxy-server 94957" 0.0039 "-" 93622 0
Oct 05 23:43:46 np0005471485.novalocal proxy-server[94957]: ::1 ::1 06/Oct/2025/03/43/46 GET /v1/AUTH_7aebe34b89554e87825206ce40aeb2f7/gnocchi.e9bf18da-02d2-4d76-891d-9dda6f16d513%3Fformat%3Djson%26states%3Dlisting HTTP/1.0 200 - python-swiftclient-4.8.0 gAAAAABo4zrG_lV4... - 357 - txd68ecf5a58fd4fd8a9c44-0068e33af2 - 0.0091 - - 1759722226.238088369 1759722226.247177124 0 7b03bd18aea8470cbeb747235c58da52
Oct 05 23:43:46 np0005471485.novalocal container-server[93621]: ::1 - - [06/Oct/2025:03:43:46 +0000] "GET /1/130722/AUTH_7aebe34b89554e87825206ce40aeb2f7/gnocchi.e9bf18da-02d2-4d76-891d-9dda6f16d513" 200 2 "GET https://[::1]:8080/v1/AUTH_7aebe34b89554e87825206ce40aeb2f7/gnocchi.e9bf18da-02d2-4d76-891d-9dda6f16d513?format=json&marker=none_v3&states=listing" "txc1bf6b1df59a41808e574-0068e33af2" "proxy-server 94957" 0.0026 "-" 93621 0
Oct 05 23:43:46 np0005471485.novalocal proxy-server[94957]: ::1 ::1 06/Oct/2025/03/43/46 GET /v1/AUTH_7aebe34b89554e87825206ce40aeb2f7/gnocchi.e9bf18da-02d2-4d76-891d-9dda6f16d513%3Fformat%3Djson%26marker%3Dnone_v3%26states%3Dlisting HTTP/1.0 200 - python-swiftclient-4.8.0 gAAAAABo4zrG_lV4... - 2 - txc1bf6b1df59a41808e574-0068e33af2 - 0.0086 - - 1759722226.249360323 1759722226.257982016 0 7b03bd18aea8470cbeb747235c58da52
Oct 05 23:43:46 np0005471485.novalocal object-server[93955]: ::1 - - [06/Oct/2025:03:43:46 +0000] "GET /1/244467/AUTH_7aebe34b89554e87825206ce40aeb2f7/gnocchi.e9bf18da-02d2-4d76-891d-9dda6f16d513/1759320000.0_mean_300.0_v3" 200 16 "GET https://[::1]:8080/v1/AUTH_7aebe34b89554e87825206ce40aeb2f7/gnocchi.e9bf18da-02d2-4d76-891d-9dda6f16d513/1759320000.0_mean_300.0_v3" "txf94948954096401a8707f-0068e33af2" "proxy-server 94957" 0.0010 "-" 93955 0
Oct 05 23:43:46 np0005471485.novalocal proxy-server[94957]: ::1 ::1 06/Oct/2025/03/43/46 GET /v1/AUTH_7aebe34b89554e87825206ce40aeb2f7/gnocchi.e9bf18da-02d2-4d76-891d-9dda6f16d513/1759320000.0_mean_300.0_v3 HTTP/1.0 200 - python-swiftclient-4.8.0 gAAAAABo4zrG_lV4... - 16 - txf94948954096401a8707f-0068e33af2 - 0.0066 - - 1759722226.260869980 1759722226.267481804 0 7b03bd18aea8470cbeb747235c58da52
Oct 05 23:43:46 np0005471485.novalocal container-server[93621]: ::1 - - [06/Oct/2025:03:43:46 +0000] "PUT /3/130722/AUTH_7aebe34b89554e87825206ce40aeb2f7/gnocchi.e9bf18da-02d2-4d76-891d-9dda6f16d513/1759320000.0_mean_300.0_v3" 201 - "PUT http://[::1]:8080/2/244467/AUTH_7aebe34b89554e87825206ce40aeb2f7/gnocchi.e9bf18da-02d2-4d76-891d-9dda6f16d513/1759320000.0_mean_300.0_v3" "tx6259c09fd086433ba079a-0068e33af2" "object-server 93955" 0.0005 "-" 93621 0
Oct 05 23:43:46 np0005471485.novalocal object-server[93955]: ::1 - - [06/Oct/2025:03:43:46 +0000] "PUT /2/244467/AUTH_7aebe34b89554e87825206ce40aeb2f7/gnocchi.e9bf18da-02d2-4d76-891d-9dda6f16d513/1759320000.0_mean_300.0_v3" 201 - "PUT https://[::1]:8080/v1/AUTH_7aebe34b89554e87825206ce40aeb2f7/gnocchi.e9bf18da-02d2-4d76-891d-9dda6f16d513/1759320000.0_mean_300.0_v3" "tx6259c09fd086433ba079a-0068e33af2" "proxy-server 94957" 0.0136 "-" 93955 0
Oct 05 23:43:46 np0005471485.novalocal container-server[93621]: ::1 - - [06/Oct/2025:03:43:46 +0000] "PUT /2/130722/AUTH_7aebe34b89554e87825206ce40aeb2f7/gnocchi.e9bf18da-02d2-4d76-891d-9dda6f16d513/1759320000.0_mean_300.0_v3" 201 - "PUT http://[::1]:8080/3/244467/AUTH_7aebe34b89554e87825206ce40aeb2f7/gnocchi.e9bf18da-02d2-4d76-891d-9dda6f16d513/1759320000.0_mean_300.0_v3" "tx6259c09fd086433ba079a-0068e33af2" "object-server 93954" 0.0006 "-" 93621 0
Oct 05 23:43:46 np0005471485.novalocal object-server[93954]: ::1 - - [06/Oct/2025:03:43:46 +0000] "PUT /3/244467/AUTH_7aebe34b89554e87825206ce40aeb2f7/gnocchi.e9bf18da-02d2-4d76-891d-9dda6f16d513/1759320000.0_mean_300.0_v3" 201 - "PUT https://[::1]:8080/v1/AUTH_7aebe34b89554e87825206ce40aeb2f7/gnocchi.e9bf18da-02d2-4d76-891d-9dda6f16d513/1759320000.0_mean_300.0_v3" "tx6259c09fd086433ba079a-0068e33af2" "proxy-server 94957" 0.0209 "-" 93954 0
Oct 05 23:43:46 np0005471485.novalocal container-server[93622]: ::1 - - [06/Oct/2025:03:43:46 +0000] "PUT /1/130722/AUTH_7aebe34b89554e87825206ce40aeb2f7/gnocchi.e9bf18da-02d2-4d76-891d-9dda6f16d513/1759320000.0_mean_300.0_v3" 201 - "PUT http://[::1]:8080/1/244467/AUTH_7aebe34b89554e87825206ce40aeb2f7/gnocchi.e9bf18da-02d2-4d76-891d-9dda6f16d513/1759320000.0_mean_300.0_v3" "tx6259c09fd086433ba079a-0068e33af2" "object-server 93954" 0.0007 "-" 93622 0
Oct 05 23:43:46 np0005471485.novalocal object-server[93954]: ::1 - - [06/Oct/2025:03:43:46 +0000] "PUT /1/244467/AUTH_7aebe34b89554e87825206ce40aeb2f7/gnocchi.e9bf18da-02d2-4d76-891d-9dda6f16d513/1759320000.0_mean_300.0_v3" 201 - "PUT https://[::1]:8080/v1/AUTH_7aebe34b89554e87825206ce40aeb2f7/gnocchi.e9bf18da-02d2-4d76-891d-9dda6f16d513/1759320000.0_mean_300.0_v3" "tx6259c09fd086433ba079a-0068e33af2" "proxy-server 94957" 0.0179 "-" 93954 0
Oct 05 23:43:46 np0005471485.novalocal proxy-server[94957]: ::1 ::1 06/Oct/2025/03/43/46 PUT /v1/AUTH_7aebe34b89554e87825206ce40aeb2f7/gnocchi.e9bf18da-02d2-4d76-891d-9dda6f16d513/1759320000.0_mean_300.0_v3 HTTP/1.0 201 - python-swiftclient-4.8.0 gAAAAABo4zrG_lV4... 16 - - tx6259c09fd086433ba079a-0068e33af2 - 0.0286 - - 1759722226.269771338 1759722226.298399210 0 7b03bd18aea8470cbeb747235c58da52
Oct 05 23:43:46 np0005471485.novalocal container-server[93622]: ::1 - - [06/Oct/2025:03:43:46 +0000] "PUT /3/130722/AUTH_7aebe34b89554e87825206ce40aeb2f7/gnocchi.e9bf18da-02d2-4d76-891d-9dda6f16d513/none_v3" 201 - "PUT http://[::1]:8080/3/30362/AUTH_7aebe34b89554e87825206ce40aeb2f7/gnocchi.e9bf18da-02d2-4d76-891d-9dda6f16d513/none_v3" "txa7ec853e11d640c595398-0068e33af2" "object-server 93955" 0.0005 "-" 93622 0
Oct 05 23:43:46 np0005471485.novalocal object-server[93955]: ::1 - - [06/Oct/2025:03:43:46 +0000] "PUT /3/30362/AUTH_7aebe34b89554e87825206ce40aeb2f7/gnocchi.e9bf18da-02d2-4d76-891d-9dda6f16d513/none_v3" 201 - "PUT https://[::1]:8080/v1/AUTH_7aebe34b89554e87825206ce40aeb2f7/gnocchi.e9bf18da-02d2-4d76-891d-9dda6f16d513/none_v3" "txa7ec853e11d640c595398-0068e33af2" "proxy-server 94957" 0.0186 "-" 93955 0
Oct 05 23:43:46 np0005471485.novalocal container-server[93621]: ::1 - - [06/Oct/2025:03:43:46 +0000] "PUT /2/130722/AUTH_7aebe34b89554e87825206ce40aeb2f7/gnocchi.e9bf18da-02d2-4d76-891d-9dda6f16d513/none_v3" 201 - "PUT http://[::1]:8080/1/30362/AUTH_7aebe34b89554e87825206ce40aeb2f7/gnocchi.e9bf18da-02d2-4d76-891d-9dda6f16d513/none_v3" "txa7ec853e11d640c595398-0068e33af2" "object-server 93955" 0.0005 "-" 93621 0
Oct 05 23:43:46 np0005471485.novalocal object-server[93955]: ::1 - - [06/Oct/2025:03:43:46 +0000] "PUT /1/30362/AUTH_7aebe34b89554e87825206ce40aeb2f7/gnocchi.e9bf18da-02d2-4d76-891d-9dda6f16d513/none_v3" 201 - "PUT https://[::1]:8080/v1/AUTH_7aebe34b89554e87825206ce40aeb2f7/gnocchi.e9bf18da-02d2-4d76-891d-9dda6f16d513/none_v3" "txa7ec853e11d640c595398-0068e33af2" "proxy-server 94957" 0.0169 "-" 93955 0
Oct 05 23:43:46 np0005471485.novalocal container-server[93621]: ::1 - - [06/Oct/2025:03:43:46 +0000] "PUT /1/130722/AUTH_7aebe34b89554e87825206ce40aeb2f7/gnocchi.e9bf18da-02d2-4d76-891d-9dda6f16d513/none_v3" 201 - "PUT http://[::1]:8080/2/30362/AUTH_7aebe34b89554e87825206ce40aeb2f7/gnocchi.e9bf18da-02d2-4d76-891d-9dda6f16d513/none_v3" "txa7ec853e11d640c595398-0068e33af2" "object-server 93954" 0.0008 "-" 93621 0
Oct 05 23:43:46 np0005471485.novalocal object-server[93954]: ::1 - - [06/Oct/2025:03:43:46 +0000] "PUT /2/30362/AUTH_7aebe34b89554e87825206ce40aeb2f7/gnocchi.e9bf18da-02d2-4d76-891d-9dda6f16d513/none_v3" 201 - "PUT https://[::1]:8080/v1/AUTH_7aebe34b89554e87825206ce40aeb2f7/gnocchi.e9bf18da-02d2-4d76-891d-9dda6f16d513/none_v3" "txa7ec853e11d640c595398-0068e33af2" "proxy-server 94957" 0.0237 "-" 93954 0
Oct 05 23:43:46 np0005471485.novalocal proxy-server[94957]: ::1 ::1 06/Oct/2025/03/43/46 PUT /v1/AUTH_7aebe34b89554e87825206ce40aeb2f7/gnocchi.e9bf18da-02d2-4d76-891d-9dda6f16d513/none_v3 HTTP/1.0 201 - python-swiftclient-4.8.0 gAAAAABo4zrG_lV4... 38 - - txa7ec853e11d640c595398-0068e33af2 - 0.0342 - - 1759722226.301300049 1759722226.335492849 0 7b03bd18aea8470cbeb747235c58da52
