Oct 05 23:43:41 np0005471485.novalocal object-server[93955]: ::1 - - [06/Oct/2025:03:43:41 +0000] "PUT /3/1015/AUTH_7aebe34b89554e87825206ce40aeb2f7/gnocchi.d3a76a14-3283-4877-9bec-34600f149c4f/none_v3" 201 - "PUT https://[::1]:8080/v1/AUTH_7aebe34b89554e87825206ce40aeb2f7/gnocchi.d3a76a14-3283-4877-9bec-34600f149c4f/none_v3" "txb1d2ea9f92564cfb94ff4-0068e33aed" "proxy-server 94957" 0.0194 "-" 93955 0
Oct 05 23:43:41 np0005471485.novalocal object-server[93954]: ::1 - - [06/Oct/2025:03:43:41 +0000] "PUT /2/1015/AUTH_7aebe34b89554e87825206ce40aeb2f7/gnocchi.d3a76a14-3283-4877-9bec-34600f149c4f/none_v3" 201 - "PUT https://[::1]:8080/v1/AUTH_7aebe34b89554e87825206ce40aeb2f7/gnocchi.d3a76a14-3283-4877-9bec-34600f149c4f/none_v3" "txb1d2ea9f92564cfb94ff4-0068e33aed" "proxy-server 94957" 0.0206 "-" 93954 0
Oct 05 23:43:41 np0005471485.novalocal container-server[93621]: ::1 - - [06/Oct/2025:03:43:41 +0000] "PUT /3/242516/AUTH_7aebe34b89554e87825206ce40aeb2f7/gnocchi.d3a76a14-3283-4877-9bec-34600f149c4f/none_v3" 201 - "PUT http://[::1]:8080/1/1015/AUTH_7aebe34b89554e87825206ce40aeb2f7/gnocchi.d3a76a14-3283-4877-9bec-34600f149c4f/none_v3" "txb1d2ea9f92564cfb94ff4-0068e33aed" "object-server 93954" 0.0035 "-" 93621 0
Oct 05 23:43:41 np0005471485.novalocal object-server[93954]: ::1 - - [06/Oct/2025:03:43:41 +0000] "PUT /1/1015/AUTH_7aebe34b89554e87825206ce40aeb2f7/gnocchi.d3a76a14-3283-4877-9bec-34600f149c4f/none_v3" 201 - "PUT https://[::1]:8080/v1/AUTH_7aebe34b89554e87825206ce40aeb2f7/gnocchi.d3a76a14-3283-4877-9bec-34600f149c4f/none_v3" "txb1d2ea9f92564cfb94ff4-0068e33aed" "proxy-server 94957" 0.0213 "-" 93954 0
Oct 05 23:43:41 np0005471485.novalocal proxy-server[94957]: ::1 ::1 06/Oct/2025/03/43/41 PUT /v1/AUTH_7aebe34b89554e87825206ce40aeb2f7/gnocchi.d3a76a14-3283-4877-9bec-34600f149c4f/none_v3 HTTP/1.0 201 - python-swiftclient-4.8.0 gAAAAABo4zrG_lV4... 48 - - txb1d2ea9f92564cfb94ff4-0068e33aed - 0.0317 - - 1759722221.461904049 1759722221.493556261 0 7b03bd18aea8470cbeb747235c58da52
Oct 05 23:43:41 np0005471485.novalocal sudo[102014]: cinder : PWD=/ ; USER=root ; COMMAND=/usr/bin/cinder-rootwrap /etc/cinder/rootwrap.conf lvremove --config 'activation { retry_deactivation = 1} ' -f cinder-volumes/volume-fcfe7e9b-8a68-4f93-9af3-ae4fc6afbc23
Oct 05 23:43:41 np0005471485.novalocal object-server[93954]: ::1 - - [06/Oct/2025:03:43:41 +0000] "GET /3/257129/AUTH_7aebe34b89554e87825206ce40aeb2f7/gnocchi.a3ccf50e-cadd-4dfc-804b-c575f10a1bd7/none_v3" 200 30 "GET https://[::1]:8080/v1/AUTH_7aebe34b89554e87825206ce40aeb2f7/gnocchi.a3ccf50e-cadd-4dfc-804b-c575f10a1bd7/none_v3" "tx89ee55c7450842208cae7-0068e33aed" "proxy-server 94957" 0.0025 "-" 93954 0
Oct 05 23:43:41 np0005471485.novalocal proxy-server[94957]: ::1 ::1 06/Oct/2025/03/43/41 GET /v1/AUTH_7aebe34b89554e87825206ce40aeb2f7/gnocchi.a3ccf50e-cadd-4dfc-804b-c575f10a1bd7/none_v3 HTTP/1.0 200 - python-swiftclient-4.8.0 gAAAAABo4zrG_lV4... - 30 - tx89ee55c7450842208cae7-0068e33aed - 0.0136 - - 1759722221.522049189 1759722221.535633564 0 7b03bd18aea8470cbeb747235c58da52
Oct 05 23:43:41 np0005471485.novalocal container-server[93621]: ::1 - - [06/Oct/2025:03:43:41 +0000] "GET /3/196369/AUTH_7aebe34b89554e87825206ce40aeb2f7/gnocchi.a3ccf50e-cadd-4dfc-804b-c575f10a1bd7" 200 357 "GET https://[::1]:8080/v1/AUTH_7aebe34b89554e87825206ce40aeb2f7/gnocchi.a3ccf50e-cadd-4dfc-804b-c575f10a1bd7?format=json&states=listing" "tx8fd100a4715f4c28bfe35-0068e33aed" "proxy-server 94957" 0.0026 "-" 93621 0
Oct 05 23:43:41 np0005471485.novalocal proxy-server[94957]: ::1 ::1 06/Oct/2025/03/43/41 GET /v1/AUTH_7aebe34b89554e87825206ce40aeb2f7/gnocchi.a3ccf50e-cadd-4dfc-804b-c575f10a1bd7%3Fformat%3Djson%26states%3Dlisting HTTP/1.0 200 - python-swiftclient-4.8.0 gAAAAABo4zrG_lV4... - 357 - tx8fd100a4715f4c28bfe35-0068e33aed - 0.0096 - - 1759722221.540004253 1759722221.549604654 0 7b03bd18aea8470cbeb747235c58da52
Oct 05 23:43:41 np0005471485.novalocal systemd[1]: Started Session c141 of User root.
Oct 05 23:43:41 np0005471485.novalocal container-server[93622]: ::1 - - [06/Oct/2025:03:43:41 +0000] "GET /1/196369/AUTH_7aebe34b89554e87825206ce40aeb2f7/gnocchi.a3ccf50e-cadd-4dfc-804b-c575f10a1bd7" 200 2 "GET https://[::1]:8080/v1/AUTH_7aebe34b89554e87825206ce40aeb2f7/gnocchi.a3ccf50e-cadd-4dfc-804b-c575f10a1bd7?format=json&marker=none_v3&states=listing" "tx661087d81b344f62bcec5-0068e33aed" "proxy-server 94957" 0.0081 "-" 93622 0
Oct 05 23:43:41 np0005471485.novalocal sudo[102014]: pam_unix(sudo:session): session opened for user root(uid=0) by (uid=165)
Oct 05 23:43:41 np0005471485.novalocal proxy-server[94957]: ::1 ::1 06/Oct/2025/03/43/41 GET /v1/AUTH_7aebe34b89554e87825206ce40aeb2f7/gnocchi.a3ccf50e-cadd-4dfc-804b-c575f10a1bd7%3Fformat%3Djson%26marker%3Dnone_v3%26states%3Dlisting HTTP/1.0 200 - python-swiftclient-4.8.0 gAAAAABo4zrG_lV4... - 2 - tx661087d81b344f62bcec5-0068e33aed - 0.0196 - - 1759722221.552912474 1759722221.572514772 0 7b03bd18aea8470cbeb747235c58da52
Oct 05 23:43:41 np0005471485.novalocal object-replicator[94018]: Starting object replication pass.
Oct 05 23:43:41 np0005471485.novalocal object-server[93955]: ::1 - - [06/Oct/2025:03:43:41 +0000] "GET /1/73829/AUTH_7aebe34b89554e87825206ce40aeb2f7/gnocchi.a3ccf50e-cadd-4dfc-804b-c575f10a1bd7/1759320000.0_mean_300.0_v3" 200 16 "GET https://[::1]:8080/v1/AUTH_7aebe34b89554e87825206ce40aeb2f7/gnocchi.a3ccf50e-cadd-4dfc-804b-c575f10a1bd7/1759320000.0_mean_300.0_v3" "txf261a6d67385479a94e72-0068e33aed" "proxy-server 94957" 0.0012 "-" 93955 0
Oct 05 23:43:41 np0005471485.novalocal proxy-server[94957]: ::1 ::1 06/Oct/2025/03/43/41 GET /v1/AUTH_7aebe34b89554e87825206ce40aeb2f7/gnocchi.a3ccf50e-cadd-4dfc-804b-c575f10a1bd7/1759320000.0_mean_300.0_v3 HTTP/1.0 200 - python-swiftclient-4.8.0 gAAAAABo4zrG_lV4... - 16 - txf261a6d67385479a94e72-0068e33aed - 0.0107 - - 1759722221.577502966 1759722221.588156700 0 7b03bd18aea8470cbeb747235c58da52
Oct 05 23:43:41 np0005471485.novalocal container-server[93621]: ::1 - - [06/Oct/2025:03:43:41 +0000] "PUT /3/196369/AUTH_7aebe34b89554e87825206ce40aeb2f7/gnocchi.a3ccf50e-cadd-4dfc-804b-c575f10a1bd7/1759320000.0_mean_300.0_v3" 201 - "PUT http://[::1]:8080/3/73829/AUTH_7aebe34b89554e87825206ce40aeb2f7/gnocchi.a3ccf50e-cadd-4dfc-804b-c575f10a1bd7/1759320000.0_mean_300.0_v3" "tx133626c569ba4a6689e7f-0068e33aed" "object-server 93954" 0.0006 "-" 93621 0
Oct 05 23:43:41 np0005471485.novalocal container-server[93622]: ::1 - - [06/Oct/2025:03:43:41 +0000] "PUT /1/196369/AUTH_7aebe34b89554e87825206ce40aeb2f7/gnocchi.a3ccf50e-cadd-4dfc-804b-c575f10a1bd7/1759320000.0_mean_300.0_v3" 201 - "PUT http://[::1]:8080/2/73829/AUTH_7aebe34b89554e87825206ce40aeb2f7/gnocchi.a3ccf50e-cadd-4dfc-804b-c575f10a1bd7/1759320000.0_mean_300.0_v3" "tx133626c569ba4a6689e7f-0068e33aed" "object-server 93954" 0.0012 "-" 93622 0
Oct 05 23:43:41 np0005471485.novalocal object-server[93954]: ::1 - - [06/Oct/2025:03:43:41 +0000] "PUT /2/73829/AUTH_7aebe34b89554e87825206ce40aeb2f7/gnocchi.a3ccf50e-cadd-4dfc-804b-c575f10a1bd7/1759320000.0_mean_300.0_v3" 201 - "PUT https://[::1]:8080/v1/AUTH_7aebe34b89554e87825206ce40aeb2f7/gnocchi.a3ccf50e-cadd-4dfc-804b-c575f10a1bd7/1759320000.0_mean_300.0_v3" "tx133626c569ba4a6689e7f-0068e33aed" "proxy-server 94957" 0.0192 "-" 93954 0
Oct 05 23:43:41 np0005471485.novalocal object-server[93954]: ::1 - - [06/Oct/2025:03:43:41 +0000] "PUT /3/73829/AUTH_7aebe34b89554e87825206ce40aeb2f7/gnocchi.a3ccf50e-cadd-4dfc-804b-c575f10a1bd7/1759320000.0_mean_300.0_v3" 201 - "PUT https://[::1]:8080/v1/AUTH_7aebe34b89554e87825206ce40aeb2f7/gnocchi.a3ccf50e-cadd-4dfc-804b-c575f10a1bd7/1759320000.0_mean_300.0_v3" "tx133626c569ba4a6689e7f-0068e33aed" "proxy-server 94957" 0.0251 "-" 93954 0
Oct 05 23:43:41 np0005471485.novalocal container-server[93621]: ::1 - - [06/Oct/2025:03:43:41 +0000] "PUT /2/196369/AUTH_7aebe34b89554e87825206ce40aeb2f7/gnocchi.a3ccf50e-cadd-4dfc-804b-c575f10a1bd7/1759320000.0_mean_300.0_v3" 201 - "PUT http://[::1]:8080/1/73829/AUTH_7aebe34b89554e87825206ce40aeb2f7/gnocchi.a3ccf50e-cadd-4dfc-804b-c575f10a1bd7/1759320000.0_mean_300.0_v3" "tx133626c569ba4a6689e7f-0068e33aed" "object-server 93955" 0.0006 "-" 93621 0
Oct 05 23:43:41 np0005471485.novalocal object-server[93955]: ::1 - - [06/Oct/2025:03:43:41 +0000] "PUT /1/73829/AUTH_7aebe34b89554e87825206ce40aeb2f7/gnocchi.a3ccf50e-cadd-4dfc-804b-c575f10a1bd7/1759320000.0_mean_300.0_v3" 201 - "PUT https://[::1]:8080/v1/AUTH_7aebe34b89554e87825206ce40aeb2f7/gnocchi.a3ccf50e-cadd-4dfc-804b-c575f10a1bd7/1759320000.0_mean_300.0_v3" "tx133626c569ba4a6689e7f-0068e33aed" "proxy-server 94957" 0.0320 "-" 93955 0
Oct 05 23:43:41 np0005471485.novalocal proxy-server[94957]: ::1 ::1 06/Oct/2025/03/43/41 PUT /v1/AUTH_7aebe34b89554e87825206ce40aeb2f7/gnocchi.a3ccf50e-cadd-4dfc-804b-c575f10a1bd7/1759320000.0_mean_300.0_v3 HTTP/1.0 201 - python-swiftclient-4.8.0 gAAAAABo4zrG_lV4... 16 - - tx133626c569ba4a6689e7f-0068e33aed - 0.0419 - - 1759722221.592666626 1759722221.634570599 0 7b03bd18aea8470cbeb747235c58da52
Oct 05 23:43:41 np0005471485.novalocal container-server[93622]: ::1 - - [06/Oct/2025:03:43:41 +0000] "PUT /3/196369/AUTH_7aebe34b89554e87825206ce40aeb2f7/gnocchi.a3ccf50e-cadd-4dfc-804b-c575f10a1bd7/none_v3" 201 - "PUT http://[::1]:8080/2/257129/AUTH_7aebe34b89554e87825206ce40aeb2f7/gnocchi.a3ccf50e-cadd-4dfc-804b-c575f10a1bd7/none_v3" "tx57caafe0520f4e9ea3c73-0068e33aed" "object-server 93955" 0.0012 "-" 93622 0
Oct 05 23:43:41 np0005471485.novalocal object-server[93955]: ::1 - - [06/Oct/2025:03:43:41 +0000] "PUT /2/257129/AUTH_7aebe34b89554e87825206ce40aeb2f7/gnocchi.a3ccf50e-cadd-4dfc-804b-c575f10a1bd7/none_v3" 201 - "PUT https://[::1]:8080/v1/AUTH_7aebe34b89554e87825206ce40aeb2f7/gnocchi.a3ccf50e-cadd-4dfc-804b-c575f10a1bd7/none_v3" "tx57caafe0520f4e9ea3c73-0068e33aed" "proxy-server 94957" 0.0183 "-" 93955 0
Oct 05 23:43:41 np0005471485.novalocal container-server[93622]: ::1 - - [06/Oct/2025:03:43:41 +0000] "PUT /1/196369/AUTH_7aebe34b89554e87825206ce40aeb2f7/gnocchi.a3ccf50e-cadd-4dfc-804b-c575f10a1bd7/none_v3" 201 - "PUT http://[::1]:8080/3/257129/AUTH_7aebe34b89554e87825206ce40aeb2f7/gnocchi.a3ccf50e-cadd-4dfc-804b-c575f10a1bd7/none_v3" "tx57caafe0520f4e9ea3c73-0068e33aed" "object-server 93954" 0.0009 "-" 93622 0
Oct 05 23:43:41 np0005471485.novalocal container-server[93622]: ::1 - - [06/Oct/2025:03:43:41 +0000] "PUT /2/196369/AUTH_7aebe34b89554e87825206ce40aeb2f7/gnocchi.a3ccf50e-cadd-4dfc-804b-c575f10a1bd7/none_v3" 201 - "PUT http://[::1]:8080/1/257129/AUTH_7aebe34b89554e87825206ce40aeb2f7/gnocchi.a3ccf50e-cadd-4dfc-804b-c575f10a1bd7/none_v3" "tx57caafe0520f4e9ea3c73-0068e33aed" "object-server 93954" 0.0008 "-" 93622 0
Oct 05 23:43:41 np0005471485.novalocal object-server[93954]: ::1 - - [06/Oct/2025:03:43:41 +0000] "PUT /3/257129/AUTH_7aebe34b89554e87825206ce40aeb2f7/gnocchi.a3ccf50e-cadd-4dfc-804b-c575f10a1bd7/none_v3" 201 - "PUT https://[::1]:8080/v1/AUTH_7aebe34b89554e87825206ce40aeb2f7/gnocchi.a3ccf50e-cadd-4dfc-804b-c575f10a1bd7/none_v3" "tx57caafe0520f4e9ea3c73-0068e33aed" "proxy-server 94957" 0.0303 "-" 93954 0
Oct 05 23:43:41 np0005471485.novalocal object-server[93954]: ::1 - - [06/Oct/2025:03:43:41 +0000] "PUT /1/257129/AUTH_7aebe34b89554e87825206ce40aeb2f7/gnocchi.a3ccf50e-cadd-4dfc-804b-c575f10a1bd7/none_v3" 201 - "PUT https://[::1]:8080/v1/AUTH_7aebe34b89554e87825206ce40aeb2f7/gnocchi.a3ccf50e-cadd-4dfc-804b-c575f10a1bd7/none_v3" "tx57caafe0520f4e9ea3c73-0068e33aed" "proxy-server 94957" 0.0289 "-" 93954 0
Oct 05 23:43:41 np0005471485.novalocal proxy-server[94957]: ::1 ::1 06/Oct/2025/03/43/41 PUT /v1/AUTH_7aebe34b89554e87825206ce40aeb2f7/gnocchi.a3ccf50e-cadd-4dfc-804b-c575f10a1bd7/none_v3 HTTP/1.0 201 - python-swiftclient-4.8.0 gAAAAABo4zrG_lV4... 44 - - tx57caafe0520f4e9ea3c73-0068e33aed - 0.0430 - - 1759722221.638576031 1759722221.681600332 0 7b03bd18aea8470cbeb747235c58da52
Oct 05 23:43:41 np0005471485.novalocal object-server[93954]: ::1 - - [06/Oct/2025:03:43:41 +0000] "GET /2/40724/AUTH_7aebe34b89554e87825206ce40aeb2f7/gnocchi.e0665dff-a464-4e7b-979b-077ba64b2774/none_v3" 200 52 "GET https://[::1]:8080/v1/AUTH_7aebe34b89554e87825206ce40aeb2f7/gnocchi.e0665dff-a464-4e7b-979b-077ba64b2774/none_v3" "txd835733a66644dfba040c-0068e33aed" "proxy-server 94957" 0.0012 "-" 93954 0
Oct 05 23:43:41 np0005471485.novalocal proxy-server[94957]: ::1 ::1 06/Oct/2025/03/43/41 GET /v1/AUTH_7aebe34b89554e87825206ce40aeb2f7/gnocchi.e0665dff-a464-4e7b-979b-077ba64b2774/none_v3 HTTP/1.0 200 - python-swiftclient-4.8.0 gAAAAABo4zrG_lV4... - 52 - txd835733a66644dfba040c-0068e33aed - 0.0074 - - 1759722221.732386827 1759722221.739786148 0 7b03bd18aea8470cbeb747235c58da52
Oct 05 23:43:41 np0005471485.novalocal container-server[93621]: ::1 - - [06/Oct/2025:03:43:41 +0000] "GET /1/44452/AUTH_7aebe34b89554e87825206ce40aeb2f7/gnocchi.e0665dff-a464-4e7b-979b-077ba64b2774" 200 357 "GET https://[::1]:8080/v1/AUTH_7aebe34b89554e87825206ce40aeb2f7/gnocchi.e0665dff-a464-4e7b-979b-077ba64b2774?format=json&states=listing" "tx6ae92f2cff14481fb4f6e-0068e33aed" "proxy-server 94957" 0.0030 "-" 93621 0
Oct 05 23:43:41 np0005471485.novalocal proxy-server[94957]: ::1 ::1 06/Oct/2025/03/43/41 GET /v1/AUTH_7aebe34b89554e87825206ce40aeb2f7/gnocchi.e0665dff-a464-4e7b-979b-077ba64b2774%3Fformat%3Djson%26states%3Dlisting HTTP/1.0 200 - python-swiftclient-4.8.0 gAAAAABo4zrG_lV4... - 357 - tx6ae92f2cff14481fb4f6e-0068e33aed - 0.0092 - - 1759722221.744025230 1759722221.753271580 0 7b03bd18aea8470cbeb747235c58da52
Oct 05 23:43:41 np0005471485.novalocal container-server[93622]: ::1 - - [06/Oct/2025:03:43:41 +0000] "GET /2/44452/AUTH_7aebe34b89554e87825206ce40aeb2f7/gnocchi.e0665dff-a464-4e7b-979b-077ba64b2774" 200 2 "GET https://[::1]:8080/v1/AUTH_7aebe34b89554e87825206ce40aeb2f7/gnocchi.e0665dff-a464-4e7b-979b-077ba64b2774?format=json&marker=none_v3&states=listing" "tx0bf3cad49400417ead85c-0068e33aed" "proxy-server 94957" 0.0042 "-" 93622 0
Oct 05 23:43:41 np0005471485.novalocal proxy-server[94957]: ::1 ::1 06/Oct/2025/03/43/41 GET /v1/AUTH_7aebe34b89554e87825206ce40aeb2f7/gnocchi.e0665dff-a464-4e7b-979b-077ba64b2774%3Fformat%3Djson%26marker%3Dnone_v3%26states%3Dlisting HTTP/1.0 200 - python-swiftclient-4.8.0 gAAAAABo4zrG_lV4... - 2 - tx0bf3cad49400417ead85c-0068e33aed - 0.0125 - - 1759722221.755931377 1759722221.768436193 0 7b03bd18aea8470cbeb747235c58da52
Oct 05 23:43:41 np0005471485.novalocal object-server[93955]: ::1 - - [06/Oct/2025:03:43:41 +0000] "GET /3/73019/AUTH_7aebe34b89554e87825206ce40aeb2f7/gnocchi.e0665dff-a464-4e7b-979b-077ba64b2774/1759320000.0_mean_300.0_v3" 200 16 "GET https://[::1]:8080/v1/AUTH_7aebe34b89554e87825206ce40aeb2f7/gnocchi.e0665dff-a464-4e7b-979b-077ba64b2774/1759320000.0_mean_300.0_v3" "tx2a22a42ab6a14af58bfa8-0068e33aed" "proxy-server 94957" 0.0013 "-" 93955 0
Oct 05 23:43:41 np0005471485.novalocal proxy-server[94957]: ::1 ::1 06/Oct/2025/03/43/41 GET /v1/AUTH_7aebe34b89554e87825206ce40aeb2f7/gnocchi.e0665dff-a464-4e7b-979b-077ba64b2774/1759320000.0_mean_300.0_v3 HTTP/1.0 200 - python-swiftclient-4.8.0 gAAAAABo4zrG_lV4... - 16 - tx2a22a42ab6a14af58bfa8-0068e33aed - 0.0099 - - 1759722221.771634102 1759722221.781557560 0 7b03bd18aea8470cbeb747235c58da52
Oct 05 23:43:41 np0005471485.novalocal container-server[93622]: ::1 - - [06/Oct/2025:03:43:41 +0000] "PUT /2/44452/AUTH_7aebe34b89554e87825206ce40aeb2f7/gnocchi.e0665dff-a464-4e7b-979b-077ba64b2774/1759320000.0_mean_300.0_v3" 201 - "PUT http://[::1]:8080/3/73019/AUTH_7aebe34b89554e87825206ce40aeb2f7/gnocchi.e0665dff-a464-4e7b-979b-077ba64b2774/1759320000.0_mean_300.0_v3" "txbdb4822efc374819a109b-0068e33aed" "object-server 93955" 0.0009 "-" 93622 0
Oct 05 23:43:41 np0005471485.novalocal object-server[93955]: ::1 - - [06/Oct/2025:03:43:41 +0000] "PUT /3/73019/AUTH_7aebe34b89554e87825206ce40aeb2f7/gnocchi.e0665dff-a464-4e7b-979b-077ba64b2774/1759320000.0_mean_300.0_v3" 201 - "PUT https://[::1]:8080/v1/AUTH_7aebe34b89554e87825206ce40aeb2f7/gnocchi.e0665dff-a464-4e7b-979b-077ba64b2774/1759320000.0_mean_300.0_v3" "txbdb4822efc374819a109b-0068e33aed" "proxy-server 94957" 0.0198 "-" 93955 0
Oct 05 23:43:41 np0005471485.novalocal container-server[93621]: ::1 - - [06/Oct/2025:03:43:41 +0000] "PUT /3/44452/AUTH_7aebe34b89554e87825206ce40aeb2f7/gnocchi.e0665dff-a464-4e7b-979b-077ba64b2774/1759320000.0_mean_300.0_v3" 201 - "PUT http://[::1]:8080/2/73019/AUTH_7aebe34b89554e87825206ce40aeb2f7/gnocchi.e0665dff-a464-4e7b-979b-077ba64b2774/1759320000.0_mean_300.0_v3" "txbdb4822efc374819a109b-0068e33aed" "object-server 93955" 0.0004 "-" 93621 0
Oct 05 23:43:41 np0005471485.novalocal object-server[93955]: ::1 - - [06/Oct/2025:03:43:41 +0000] "PUT /2/73019/AUTH_7aebe34b89554e87825206ce40aeb2f7/gnocchi.e0665dff-a464-4e7b-979b-077ba64b2774/1759320000.0_mean_300.0_v3" 201 - "PUT https://[::1]:8080/v1/AUTH_7aebe34b89554e87825206ce40aeb2f7/gnocchi.e0665dff-a464-4e7b-979b-077ba64b2774/1759320000.0_mean_300.0_v3" "txbdb4822efc374819a109b-0068e33aed" "proxy-server 94957" 0.0209 "-" 93955 0
Oct 05 23:43:41 np0005471485.novalocal container-server[93622]: ::1 - - [06/Oct/2025:03:43:41 +0000] "PUT /1/44452/AUTH_7aebe34b89554e87825206ce40aeb2f7/gnocchi.e0665dff-a464-4e7b-979b-077ba64b2774/1759320000.0_mean_300.0_v3" 201 - "PUT http://[::1]:8080/1/73019/AUTH_7aebe34b89554e87825206ce40aeb2f7/gnocchi.e0665dff-a464-4e7b-979b-077ba64b2774/1759320000.0_mean_300.0_v3" "txbdb4822efc374819a109b-0068e33aed" "object-server 93955" 0.0013 "-" 93622 0
Oct 05 23:43:41 np0005471485.novalocal object-server[93955]: ::1 - - [06/Oct/2025:03:43:41 +0000] "PUT /1/73019/AUTH_7aebe34b89554e87825206ce40aeb2f7/gnocchi.e0665dff-a464-4e7b-979b-077ba64b2774/1759320000.0_mean_300.0_v3" 201 - "PUT https://[::1]:8080/v1/AUTH_7aebe34b89554e87825206ce40aeb2f7/gnocchi.e0665dff-a464-4e7b-979b-077ba64b2774/1759320000.0_mean_300.0_v3" "txbdb4822efc374819a109b-0068e33aed" "proxy-server 94957" 0.0288 "-" 93955 0
Oct 05 23:43:41 np0005471485.novalocal proxy-server[94957]: ::1 ::1 06/Oct/2025/03/43/41 PUT /v1/AUTH_7aebe34b89554e87825206ce40aeb2f7/gnocchi.e0665dff-a464-4e7b-979b-077ba64b2774/1759320000.0_mean_300.0_v3 HTTP/1.0 201 - python-swiftclient-4.8.0 gAAAAABo4zrG_lV4... 16 - - txbdb4822efc374819a109b-0068e33aed - 0.0399 - - 1759722221.784821987 1759722221.824758530 0 7b03bd18aea8470cbeb747235c58da52
Oct 05 23:43:41 np0005471485.novalocal container-server[93622]: ::1 - - [06/Oct/2025:03:43:41 +0000] "PUT /3/44452/AUTH_7aebe34b89554e87825206ce40aeb2f7/gnocchi.e0665dff-a464-4e7b-979b-077ba64b2774/none_v3" 201 - "PUT http://[::1]:8080/3/40724/AUTH_7aebe34b89554e87825206ce40aeb2f7/gnocchi.e0665dff-a464-4e7b-979b-077ba64b2774/none_v3" "txd8298a3c2ded474a91aec-0068e33aed" "object-server 93954" 0.0010 "-" 93622 0
Oct 05 23:43:41 np0005471485.novalocal object-server[93954]: ::1 - - [06/Oct/2025:03:43:41 +0000] "PUT /3/40724/AUTH_7aebe34b89554e87825206ce40aeb2f7/gnocchi.e0665dff-a464-4e7b-979b-077ba64b2774/none_v3" 201 - "PUT https://[::1]:8080/v1/AUTH_7aebe34b89554e87825206ce40aeb2f7/gnocchi.e0665dff-a464-4e7b-979b-077ba64b2774/none_v3" "txd8298a3c2ded474a91aec-0068e33aed" "proxy-server 94957" 0.0218 "-" 93954 0
Oct 05 23:43:41 np0005471485.novalocal container-server[93622]: ::1 - - [06/Oct/2025:03:43:41 +0000] "PUT /2/44452/AUTH_7aebe34b89554e87825206ce40aeb2f7/gnocchi.e0665dff-a464-4e7b-979b-077ba64b2774/none_v3" 201 - "PUT http://[::1]:8080/2/40724/AUTH_7aebe34b89554e87825206ce40aeb2f7/gnocchi.e0665dff-a464-4e7b-979b-077ba64b2774/none_v3" "txd8298a3c2ded474a91aec-0068e33aed" "object-server 93955" 0.0003 "-" 93622 0
Oct 05 23:43:41 np0005471485.novalocal container-server[93622]: ::1 - - [06/Oct/2025:03:43:41 +0000] "PUT /1/44452/AUTH_7aebe34b89554e87825206ce40aeb2f7/gnocchi.e0665dff-a464-4e7b-979b-077ba64b2774/none_v3" 201 - "PUT http://[::1]:8080/1/40724/AUTH_7aebe34b89554e87825206ce40aeb2f7/gnocchi.e0665dff-a464-4e7b-979b-077ba64b2774/none_v3" "txd8298a3c2ded474a91aec-0068e33aed" "object-server 93955" 0.0003 "-" 93622 0
Oct 05 23:43:41 np0005471485.novalocal object-server[93955]: ::1 - - [06/Oct/2025:03:43:41 +0000] "PUT /2/40724/AUTH_7aebe34b89554e87825206ce40aeb2f7/gnocchi.e0665dff-a464-4e7b-979b-077ba64b2774/none_v3" 201 - "PUT https://[::1]:8080/v1/AUTH_7aebe34b89554e87825206ce40aeb2f7/gnocchi.e0665dff-a464-4e7b-979b-077ba64b2774/none_v3" "txd8298a3c2ded474a91aec-0068e33aed" "proxy-server 94957" 0.0261 "-" 93955 0
Oct 05 23:43:41 np0005471485.novalocal object-server[93955]: ::1 - - [06/Oct/2025:03:43:41 +0000] "PUT /1/40724/AUTH_7aebe34b89554e87825206ce40aeb2f7/gnocchi.e0665dff-a464-4e7b-979b-077ba64b2774/none_v3" 201 - "PUT https://[::1]:8080/v1/AUTH_7aebe34b89554e87825206ce40aeb2f7/gnocchi.e0665dff-a464-4e7b-979b-077ba64b2774/none_v3" "txd8298a3c2ded474a91aec-0068e33aed" "proxy-server 94957" 0.0247 "-" 93955 0
Oct 05 23:43:41 np0005471485.novalocal proxy-server[94957]: ::1 ::1 06/Oct/2025/03/43/41 PUT /v1/AUTH_7aebe34b89554e87825206ce40aeb2f7/gnocchi.e0665dff-a464-4e7b-979b-077ba64b2774/none_v3 HTTP/1.0 201 - python-swiftclient-4.8.0 gAAAAABo4zrG_lV4... 60 - - txd8298a3c2ded474a91aec-0068e33aed - 0.0350 - - 1759722221.826983213 1759722221.861955404 0 7b03bd18aea8470cbeb747235c58da52
Oct 05 23:43:41 np0005471485.novalocal object-server[93955]: ::1 - - [06/Oct/2025:03:43:41 +0000] "GET /2/128474/AUTH_7aebe34b89554e87825206ce40aeb2f7/gnocchi.72fc4685-7c6d-41d8-9be0-ccdf89e76377/none_v3" 200 30 "GET https://[::1]:8080/v1/AUTH_7aebe34b89554e87825206ce40aeb2f7/gnocchi.72fc4685-7c6d-41d8-9be0-ccdf89e76377/none_v3" "txc1f0fa23cbca459e8e40c-0068e33aed" "proxy-server 94957" 0.0014 "-" 93955 0
Oct 05 23:43:41 np0005471485.novalocal proxy-server[94957]: ::1 ::1 06/Oct/2025/03/43/41 GET /v1/AUTH_7aebe34b89554e87825206ce40aeb2f7/gnocchi.72fc4685-7c6d-41d8-9be0-ccdf89e76377/none_v3 HTTP/1.0 200 - python-swiftclient-4.8.0 gAAAAABo4zrG_lV4... - 30 - txc1f0fa23cbca459e8e40c-0068e33aed - 0.0091 - - 1759722221.873032093 1759722221.882105827 0 7b03bd18aea8470cbeb747235c58da52
Oct 05 23:43:41 np0005471485.novalocal container-server[93622]: ::1 - - [06/Oct/2025:03:43:41 +0000] "GET /2/9129/AUTH_7aebe34b89554e87825206ce40aeb2f7/gnocchi.72fc4685-7c6d-41d8-9be0-ccdf89e76377" 200 357 "GET https://[::1]:8080/v1/AUTH_7aebe34b89554e87825206ce40aeb2f7/gnocchi.72fc4685-7c6d-41d8-9be0-ccdf89e76377?format=json&states=listing" "tx059cf9e16b5c4d6eb8fc7-0068e33aed" "proxy-server 94957" 0.0027 "-" 93622 0
Oct 05 23:43:41 np0005471485.novalocal proxy-server[94957]: ::1 ::1 06/Oct/2025/03/43/41 GET /v1/AUTH_7aebe34b89554e87825206ce40aeb2f7/gnocchi.72fc4685-7c6d-41d8-9be0-ccdf89e76377%3Fformat%3Djson%26states%3Dlisting HTTP/1.0 200 - python-swiftclient-4.8.0 gAAAAABo4zrG_lV4... - 357 - tx059cf9e16b5c4d6eb8fc7-0068e33aed - 0.0297 - - 1759722221.888090372 1759722221.917818308 0 7b03bd18aea8470cbeb747235c58da52
Oct 05 23:43:41 np0005471485.novalocal container-server[93621]: ::1 - - [06/Oct/2025:03:43:41 +0000] "GET /3/9129/AUTH_7aebe34b89554e87825206ce40aeb2f7/gnocchi.72fc4685-7c6d-41d8-9be0-ccdf89e76377" 200 2 "GET https://[::1]:8080/v1/AUTH_7aebe34b89554e87825206ce40aeb2f7/gnocchi.72fc4685-7c6d-41d8-9be0-ccdf89e76377?format=json&marker=none_v3&states=listing" "txe5cadf3c99a34e95832cd-0068e33aed" "proxy-server 94957" 0.0019 "-" 93621 0
Oct 05 23:43:41 np0005471485.novalocal proxy-server[94957]: ::1 ::1 06/Oct/2025/03/43/41 GET /v1/AUTH_7aebe34b89554e87825206ce40aeb2f7/gnocchi.72fc4685-7c6d-41d8-9be0-ccdf89e76377%3Fformat%3Djson%26marker%3Dnone_v3%26states%3Dlisting HTTP/1.0 200 - python-swiftclient-4.8.0 gAAAAABo4zrG_lV4... - 2 - txe5cadf3c99a34e95832cd-0068e33aed - 0.0148 - - 1759722221.921175957 1759722221.935983181 0 7b03bd18aea8470cbeb747235c58da52
Oct 05 23:43:41 np0005471485.novalocal object-server[93955]: ::1 - - [06/Oct/2025:03:43:41 +0000] "GET /2/75843/AUTH_7aebe34b89554e87825206ce40aeb2f7/gnocchi.72fc4685-7c6d-41d8-9be0-ccdf89e76377/1759320000.0_mean_300.0_v3" 200 16 "GET https://[::1]:8080/v1/AUTH_7aebe34b89554e87825206ce40aeb2f7/gnocchi.72fc4685-7c6d-41d8-9be0-ccdf89e76377/1759320000.0_mean_300.0_v3" "txaed91fa85f1d4442b8f3d-0068e33aed" "proxy-server 94957" 0.0009 "-" 93955 0
Oct 05 23:43:41 np0005471485.novalocal proxy-server[94957]: ::1 ::1 06/Oct/2025/03/43/41 GET /v1/AUTH_7aebe34b89554e87825206ce40aeb2f7/gnocchi.72fc4685-7c6d-41d8-9be0-ccdf89e76377/1759320000.0_mean_300.0_v3 HTTP/1.0 200 - python-swiftclient-4.8.0 gAAAAABo4zrG_lV4... - 16 - txaed91fa85f1d4442b8f3d-0068e33aed - 0.0146 - - 1759722221.939622164 1759722221.954241276 0 7b03bd18aea8470cbeb747235c58da52
Oct 05 23:43:41 np0005471485.novalocal lvm[102021]: PV /dev/loop2 online, VG cinder-volumes is complete.
Oct 05 23:43:41 np0005471485.novalocal lvm[102021]: VG cinder-volumes finished
Oct 05 23:43:41 np0005471485.novalocal container-server[93622]: ::1 - - [06/Oct/2025:03:43:41 +0000] "PUT /3/9129/AUTH_7aebe34b89554e87825206ce40aeb2f7/gnocchi.72fc4685-7c6d-41d8-9be0-ccdf89e76377/1759320000.0_mean_300.0_v3" 201 - "PUT http://[::1]:8080/1/75843/AUTH_7aebe34b89554e87825206ce40aeb2f7/gnocchi.72fc4685-7c6d-41d8-9be0-ccdf89e76377/1759320000.0_mean_300.0_v3" "tx5a06655c1e5b4803a70bd-0068e33aed" "object-server 93955" 0.0005 "-" 93622 0
Oct 05 23:43:41 np0005471485.novalocal container-server[93621]: ::1 - - [06/Oct/2025:03:43:41 +0000] "PUT /2/9129/AUTH_7aebe34b89554e87825206ce40aeb2f7/gnocchi.72fc4685-7c6d-41d8-9be0-ccdf89e76377/1759320000.0_mean_300.0_v3" 201 - "PUT http://[::1]:8080/2/75843/AUTH_7aebe34b89554e87825206ce40aeb2f7/gnocchi.72fc4685-7c6d-41d8-9be0-ccdf89e76377/1759320000.0_mean_300.0_v3" "tx5a06655c1e5b4803a70bd-0068e33aed" "object-server 93954" 0.0004 "-" 93621 0
Oct 05 23:43:41 np0005471485.novalocal container-server[93622]: ::1 - - [06/Oct/2025:03:43:41 +0000] "PUT /1/9129/AUTH_7aebe34b89554e87825206ce40aeb2f7/gnocchi.72fc4685-7c6d-41d8-9be0-ccdf89e76377/1759320000.0_mean_300.0_v3" 201 - "PUT http://[::1]:8080/3/75843/AUTH_7aebe34b89554e87825206ce40aeb2f7/gnocchi.72fc4685-7c6d-41d8-9be0-ccdf89e76377/1759320000.0_mean_300.0_v3" "tx5a06655c1e5b4803a70bd-0068e33aed" "object-server 93954" 0.0005 "-" 93622 0
Oct 05 23:43:41 np0005471485.novalocal object-server[93954]: ::1 - - [06/Oct/2025:03:43:41 +0000] "PUT /2/75843/AUTH_7aebe34b89554e87825206ce40aeb2f7/gnocchi.72fc4685-7c6d-41d8-9be0-ccdf89e76377/1759320000.0_mean_300.0_v3" 201 - "PUT https://[::1]:8080/v1/AUTH_7aebe34b89554e87825206ce40aeb2f7/gnocchi.72fc4685-7c6d-41d8-9be0-ccdf89e76377/1759320000.0_mean_300.0_v3" "tx5a06655c1e5b4803a70bd-0068e33aed" "proxy-server 94957" 0.0176 "-" 93954 0
Oct 05 23:43:41 np0005471485.novalocal object-server[93955]: ::1 - - [06/Oct/2025:03:43:41 +0000] "PUT /1/75843/AUTH_7aebe34b89554e87825206ce40aeb2f7/gnocchi.72fc4685-7c6d-41d8-9be0-ccdf89e76377/1759320000.0_mean_300.0_v3" 201 - "PUT https://[::1]:8080/v1/AUTH_7aebe34b89554e87825206ce40aeb2f7/gnocchi.72fc4685-7c6d-41d8-9be0-ccdf89e76377/1759320000.0_mean_300.0_v3" "tx5a06655c1e5b4803a70bd-0068e33aed" "proxy-server 94957" 0.0203 "-" 93955 0
Oct 05 23:43:41 np0005471485.novalocal object-server[93954]: ::1 - - [06/Oct/2025:03:43:41 +0000] "PUT /3/75843/AUTH_7aebe34b89554e87825206ce40aeb2f7/gnocchi.72fc4685-7c6d-41d8-9be0-ccdf89e76377/1759320000.0_mean_300.0_v3" 201 - "PUT https://[::1]:8080/v1/AUTH_7aebe34b89554e87825206ce40aeb2f7/gnocchi.72fc4685-7c6d-41d8-9be0-ccdf89e76377/1759320000.0_mean_300.0_v3" "tx5a06655c1e5b4803a70bd-0068e33aed" "proxy-server 94957" 0.0158 "-" 93954 0
Oct 05 23:43:41 np0005471485.novalocal proxy-server[94957]: ::1 ::1 06/Oct/2025/03/43/41 PUT /v1/AUTH_7aebe34b89554e87825206ce40aeb2f7/gnocchi.72fc4685-7c6d-41d8-9be0-ccdf89e76377/1759320000.0_mean_300.0_v3 HTTP/1.0 201 - python-swiftclient-4.8.0 gAAAAABo4zrG_lV4... 16 - - tx5a06655c1e5b4803a70bd-0068e33aed - 0.0309 - - 1759722221.957024574 1759722221.987904072 0 7b03bd18aea8470cbeb747235c58da52
Oct 05 23:43:42 np0005471485.novalocal sudo[102014]: pam_unix(sudo:session): session closed for user root
Oct 05 23:43:42 np0005471485.novalocal systemd[1]: session-c141.scope: Deactivated successfully.
Oct 05 23:43:42 np0005471485.novalocal container-server[93621]: ::1 - - [06/Oct/2025:03:43:42 +0000] "PUT /3/9129/AUTH_7aebe34b89554e87825206ce40aeb2f7/gnocchi.72fc4685-7c6d-41d8-9be0-ccdf89e76377/none_v3" 201 - "PUT http://[::1]:8080/1/128474/AUTH_7aebe34b89554e87825206ce40aeb2f7/gnocchi.72fc4685-7c6d-41d8-9be0-ccdf89e76377/none_v3" "tx0786533e9b9244c5a7a4a-0068e33aed" "object-server 93955" 0.0005 "-" 93621 0
Oct 05 23:43:42 np0005471485.novalocal object-server[93955]: ::1 - - [06/Oct/2025:03:43:42 +0000] "PUT /1/128474/AUTH_7aebe34b89554e87825206ce40aeb2f7/gnocchi.72fc4685-7c6d-41d8-9be0-ccdf89e76377/none_v3" 201 - "PUT https://[::1]:8080/v1/AUTH_7aebe34b89554e87825206ce40aeb2f7/gnocchi.72fc4685-7c6d-41d8-9be0-ccdf89e76377/none_v3" "tx0786533e9b9244c5a7a4a-0068e33aed" "proxy-server 94957" 0.0132 "-" 93955 0
Oct 05 23:43:42 np0005471485.novalocal container-server[93621]: ::1 - - [06/Oct/2025:03:43:42 +0000] "PUT /2/9129/AUTH_7aebe34b89554e87825206ce40aeb2f7/gnocchi.72fc4685-7c6d-41d8-9be0-ccdf89e76377/none_v3" 201 - "PUT http://[::1]:8080/2/128474/AUTH_7aebe34b89554e87825206ce40aeb2f7/gnocchi.72fc4685-7c6d-41d8-9be0-ccdf89e76377/none_v3" "tx0786533e9b9244c5a7a4a-0068e33aed" "object-server 93954" 0.0004 "-" 93621 0
Oct 05 23:43:42 np0005471485.novalocal object-server[93954]: ::1 - - [06/Oct/2025:03:43:42 +0000] "PUT /2/128474/AUTH_7aebe34b89554e87825206ce40aeb2f7/gnocchi.72fc4685-7c6d-41d8-9be0-ccdf89e76377/none_v3" 201 - "PUT https://[::1]:8080/v1/AUTH_7aebe34b89554e87825206ce40aeb2f7/gnocchi.72fc4685-7c6d-41d8-9be0-ccdf89e76377/none_v3" "tx0786533e9b9244c5a7a4a-0068e33aed" "proxy-server 94957" 0.0173 "-" 93954 0
Oct 05 23:43:42 np0005471485.novalocal container-server[93622]: ::1 - - [06/Oct/2025:03:43:42 +0000] "PUT /1/9129/AUTH_7aebe34b89554e87825206ce40aeb2f7/gnocchi.72fc4685-7c6d-41d8-9be0-ccdf89e76377/none_v3" 201 - "PUT http://[::1]:8080/3/128474/AUTH_7aebe34b89554e87825206ce40aeb2f7/gnocchi.72fc4685-7c6d-41d8-9be0-ccdf89e76377/none_v3" "tx0786533e9b9244c5a7a4a-0068e33aed" "object-server 93954" 0.0005 "-" 93622 0
Oct 05 23:43:42 np0005471485.novalocal object-server[93954]: ::1 - - [06/Oct/2025:03:43:42 +0000] "PUT /3/128474/AUTH_7aebe34b89554e87825206ce40aeb2f7/gnocchi.72fc4685-7c6d-41d8-9be0-ccdf89e76377/none_v3" 201 - "PUT https://[::1]:8080/v1/AUTH_7aebe34b89554e87825206ce40aeb2f7/gnocchi.72fc4685-7c6d-41d8-9be0-ccdf89e76377/none_v3" "tx0786533e9b9244c5a7a4a-0068e33aed" "proxy-server 94957" 0.0224 "-" 93954 0
Oct 05 23:43:42 np0005471485.novalocal proxy-server[94957]: ::1 ::1 06/Oct/2025/03/43/42 PUT /v1/AUTH_7aebe34b89554e87825206ce40aeb2f7/gnocchi.72fc4685-7c6d-41d8-9be0-ccdf89e76377/none_v3 HTTP/1.0 201 - python-swiftclient-4.8.0 gAAAAABo4zrG_lV4... 44 - - tx0786533e9b9244c5a7a4a-0068e33aed - 0.0378 - - 1759722221.997714520 1759722222.035518408 0 7b03bd18aea8470cbeb747235c58da52
Oct 05 23:43:42 np0005471485.novalocal haproxy-metadata-proxy-b5d8d036-57dd-4097-9b57-cd85306d5865[100545]: ::ffff:10.100.0.10:55082 [05/Oct/2025:23:43:41.090] listener listener/metadata 0/0/0/1028/1028 200 152 - - ---- 1/1/0/0/0 0/0 "GET /2009-04-04/meta-data/public-hostname HTTP/1.1"
Oct 05 23:43:42 np0005471485.novalocal sudo[102024]: cinder : PWD=/ ; USER=root ; COMMAND=/usr/bin/cinder-rootwrap /etc/cinder/rootwrap.conf env LC_ALL=C vgs --noheadings --unit=g -o name,size,free,lv_count,uuid --separator : --nosuffix cinder-volumes
Oct 05 23:43:42 np0005471485.novalocal systemd[1]: Started Session c142 of User root.
Oct 05 23:43:42 np0005471485.novalocal sudo[102024]: pam_unix(sudo:session): session opened for user root(uid=0) by (uid=165)
Oct 05 23:43:42 np0005471485.novalocal sudo[102024]: pam_unix(sudo:session): session closed for user root
Oct 05 23:43:42 np0005471485.novalocal systemd[1]: session-c142.scope: Deactivated successfully.
Oct 05 23:43:42 np0005471485.novalocal sudo[102028]: cinder : PWD=/ ; USER=root ; COMMAND=/usr/bin/cinder-rootwrap /etc/cinder/rootwrap.conf env LC_ALL=C lvs --noheadings --unit=g -o vg_name,name,size --nosuffix --readonly cinder-volumes
Oct 05 23:43:42 np0005471485.novalocal systemd[1]: Started Session c143 of User root.
Oct 05 23:43:42 np0005471485.novalocal sudo[102028]: pam_unix(sudo:session): session opened for user root(uid=0) by (uid=165)
Oct 05 23:43:42 np0005471485.novalocal object-replicator[94018]: 96/96 (100.00%) partitions replicated in 1.35s (70.85/sec, 0s remaining)
Oct 05 23:43:42 np0005471485.novalocal object-replicator[94018]: 192 successes, 0 failures
Oct 05 23:43:42 np0005471485.novalocal object-replicator[94018]: 96 suffixes checked - 20.83% hashed, 0.00% synced
Oct 05 23:43:42 np0005471485.novalocal object-replicator[94018]: Partition times: max 0.0431s, min 0.0039s, med 0.0069s
Oct 05 23:43:42 np0005471485.novalocal object-replicator[94018]: Object replication complete. (0.02 minutes)
Oct 05 23:43:43 np0005471485.novalocal object-server[93955]: ::1 - - [06/Oct/2025:03:43:43 +0000] "GET /2/129587/AUTH_7aebe34b89554e87825206ce40aeb2f7/gnocchi.79d07197-b1c9-4c32-9ab2-f7994e7278b3/none_v3" 200 38 "GET https://[::1]:8080/v1/AUTH_7aebe34b89554e87825206ce40aeb2f7/gnocchi.79d07197-b1c9-4c32-9ab2-f7994e7278b3/none_v3" "tx910125ac08ba4e5d984a0-0068e33aef" "proxy-server 94957" 0.0013 "-" 93955 0
Oct 05 23:43:43 np0005471485.novalocal proxy-server[94957]: ::1 ::1 06/Oct/2025/03/43/43 GET /v1/AUTH_7aebe34b89554e87825206ce40aeb2f7/gnocchi.79d07197-b1c9-4c32-9ab2-f7994e7278b3/none_v3 HTTP/1.0 200 - python-swiftclient-4.8.0 gAAAAABo4zrI4CaX... - 38 - tx910125ac08ba4e5d984a0-0068e33aef - 0.0091 - - 1759722223.079706669 1759722223.088811636 0 7b03bd18aea8470cbeb747235c58da52
Oct 05 23:43:43 np0005471485.novalocal sudo[102028]: pam_unix(sudo:session): session closed for user root
Oct 05 23:43:43 np0005471485.novalocal systemd[1]: session-c143.scope: Deactivated successfully.
Oct 05 23:43:43 np0005471485.novalocal container-server[93622]: ::1 - - [06/Oct/2025:03:43:43 +0000] "GET /1/161625/AUTH_7aebe34b89554e87825206ce40aeb2f7/gnocchi.79d07197-b1c9-4c32-9ab2-f7994e7278b3" 200 357 "GET https://[::1]:8080/v1/AUTH_7aebe34b89554e87825206ce40aeb2f7/gnocchi.79d07197-b1c9-4c32-9ab2-f7994e7278b3?format=json&states=listing" "tx7739951e90cc4271960d9-0068e33aef" "proxy-server 94957" 0.0481 "-" 93622 0
Oct 05 23:43:43 np0005471485.novalocal proxy-server[94957]: ::1 ::1 06/Oct/2025/03/43/43 GET /v1/AUTH_7aebe34b89554e87825206ce40aeb2f7/gnocchi.79d07197-b1c9-4c32-9ab2-f7994e7278b3%3Fformat%3Djson%26states%3Dlisting HTTP/1.0 200 - python-swiftclient-4.8.0 gAAAAABo4zrI4CaX... - 357 - tx7739951e90cc4271960d9-0068e33aef - 0.0555 - - 1759722223.092168808 1759722223.147634983 0 7b03bd18aea8470cbeb747235c58da52
Oct 05 23:43:43 np0005471485.novalocal sudo[102034]: cinder : PWD=/ ; USER=root ; COMMAND=/usr/bin/cinder-rootwrap /etc/cinder/rootwrap.conf env LC_ALL=C lvs --noheadings --unit=g -o size,data_percent --separator : --nosuffix /dev/cinder-volumes/cinder-volumes-pool
Oct 05 23:43:43 np0005471485.novalocal container-server[93621]: ::1 - - [06/Oct/2025:03:43:43 +0000] "GET /2/161625/AUTH_7aebe34b89554e87825206ce40aeb2f7/gnocchi.79d07197-b1c9-4c32-9ab2-f7994e7278b3" 200 2 "GET https://[::1]:8080/v1/AUTH_7aebe34b89554e87825206ce40aeb2f7/gnocchi.79d07197-b1c9-4c32-9ab2-f7994e7278b3?format=json&marker=none_v3&states=listing" "tx4a6ec3d704234458bcf10-0068e33aef" "proxy-server 94957" 0.0113 "-" 93621 0
Oct 05 23:43:43 np0005471485.novalocal proxy-server[94957]: ::1 ::1 06/Oct/2025/03/43/43 GET /v1/AUTH_7aebe34b89554e87825206ce40aeb2f7/gnocchi.79d07197-b1c9-4c32-9ab2-f7994e7278b3%3Fformat%3Djson%26marker%3Dnone_v3%26states%3Dlisting HTTP/1.0 200 - python-swiftclient-4.8.0 gAAAAABo4zrI4CaX... - 2 - tx4a6ec3d704234458bcf10-0068e33aef - 0.0189 - - 1759722223.150106430 1759722223.169029713 0 7b03bd18aea8470cbeb747235c58da52
Oct 05 23:43:43 np0005471485.novalocal object-server[93954]: ::1 - - [06/Oct/2025:03:43:43 +0000] "GET /2/174655/AUTH_7aebe34b89554e87825206ce40aeb2f7/gnocchi.79d07197-b1c9-4c32-9ab2-f7994e7278b3/1759320000.0_mean_300.0_v3" 200 16 "GET https://[::1]:8080/v1/AUTH_7aebe34b89554e87825206ce40aeb2f7/gnocchi.79d07197-b1c9-4c32-9ab2-f7994e7278b3/1759320000.0_mean_300.0_v3" "txfad5ee1ef130435a9c3ef-0068e33aef" "proxy-server 94957" 0.0010 "-" 93954 0
Oct 05 23:43:43 np0005471485.novalocal proxy-server[94957]: ::1 ::1 06/Oct/2025/03/43/43 GET /v1/AUTH_7aebe34b89554e87825206ce40aeb2f7/gnocchi.79d07197-b1c9-4c32-9ab2-f7994e7278b3/1759320000.0_mean_300.0_v3 HTTP/1.0 200 - python-swiftclient-4.8.0 gAAAAABo4zrI4CaX... - 16 - txfad5ee1ef130435a9c3ef-0068e33aef - 0.0086 - - 1759722223.171961546 1759722223.180602312 0 7b03bd18aea8470cbeb747235c58da52
Oct 05 23:43:43 np0005471485.novalocal systemd[1]: Started Session c144 of User root.
Oct 05 23:43:43 np0005471485.novalocal container-server[93621]: ::1 - - [06/Oct/2025:03:43:43 +0000] "PUT /2/161625/AUTH_7aebe34b89554e87825206ce40aeb2f7/gnocchi.79d07197-b1c9-4c32-9ab2-f7994e7278b3/1759320000.0_mean_300.0_v3" 201 - "PUT http://[::1]:8080/3/174655/AUTH_7aebe34b89554e87825206ce40aeb2f7/gnocchi.79d07197-b1c9-4c32-9ab2-f7994e7278b3/1759320000.0_mean_300.0_v3" "txe21f53d9d41441dd8e5ac-0068e33aef" "object-server 93954" 0.0008 "-" 93621 0
Oct 05 23:43:43 np0005471485.novalocal container-server[93622]: ::1 - - [06/Oct/2025:03:43:43 +0000] "PUT /3/161625/AUTH_7aebe34b89554e87825206ce40aeb2f7/gnocchi.79d07197-b1c9-4c32-9ab2-f7994e7278b3/1759320000.0_mean_300.0_v3" 201 - "PUT http://[::1]:8080/1/174655/AUTH_7aebe34b89554e87825206ce40aeb2f7/gnocchi.79d07197-b1c9-4c32-9ab2-f7994e7278b3/1759320000.0_mean_300.0_v3" "txe21f53d9d41441dd8e5ac-0068e33aef" "object-server 93955" 0.0012 "-" 93622 0
Oct 05 23:43:43 np0005471485.novalocal object-server[93955]: ::1 - - [06/Oct/2025:03:43:43 +0000] "PUT /1/174655/AUTH_7aebe34b89554e87825206ce40aeb2f7/gnocchi.79d07197-b1c9-4c32-9ab2-f7994e7278b3/1759320000.0_mean_300.0_v3" 201 - "PUT https://[::1]:8080/v1/AUTH_7aebe34b89554e87825206ce40aeb2f7/gnocchi.79d07197-b1c9-4c32-9ab2-f7994e7278b3/1759320000.0_mean_300.0_v3" "txe21f53d9d41441dd8e5ac-0068e33aef" "proxy-server 94957" 0.0133 "-" 93955 0
Oct 05 23:43:43 np0005471485.novalocal object-server[93954]: ::1 - - [06/Oct/2025:03:43:43 +0000] "PUT /3/174655/AUTH_7aebe34b89554e87825206ce40aeb2f7/gnocchi.79d07197-b1c9-4c32-9ab2-f7994e7278b3/1759320000.0_mean_300.0_v3" 201 - "PUT https://[::1]:8080/v1/AUTH_7aebe34b89554e87825206ce40aeb2f7/gnocchi.79d07197-b1c9-4c32-9ab2-f7994e7278b3/1759320000.0_mean_300.0_v3" "txe21f53d9d41441dd8e5ac-0068e33aef" "proxy-server 94957" 0.0152 "-" 93954 0
Oct 05 23:43:43 np0005471485.novalocal sudo[102034]: pam_unix(sudo:session): session opened for user root(uid=0) by (uid=165)
Oct 05 23:43:43 np0005471485.novalocal haproxy-metadata-proxy-b5d8d036-57dd-4097-9b57-cd85306d5865[100545]: ::ffff:10.100.0.10:55086 [05/Oct/2025:23:43:42.174] listener listener/metadata 0/0/0/1033/1033 200 90 - - ---- 1/1/0/0/0 0/0 "GET /2009-04-04/meta-data/placement/availability-zone HTTP/1.1"
Oct 05 23:43:43 np0005471485.novalocal container-server[93621]: ::1 - - [06/Oct/2025:03:43:43 +0000] "PUT /1/161625/AUTH_7aebe34b89554e87825206ce40aeb2f7/gnocchi.79d07197-b1c9-4c32-9ab2-f7994e7278b3/1759320000.0_mean_300.0_v3" 201 - "PUT http://[::1]:8080/2/174655/AUTH_7aebe34b89554e87825206ce40aeb2f7/gnocchi.79d07197-b1c9-4c32-9ab2-f7994e7278b3/1759320000.0_mean_300.0_v3" "txe21f53d9d41441dd8e5ac-0068e33aef" "object-server 93954" 0.0007 "-" 93621 0
Oct 05 23:43:43 np0005471485.novalocal object-server[93954]: ::1 - - [06/Oct/2025:03:43:43 +0000] "PUT /2/174655/AUTH_7aebe34b89554e87825206ce40aeb2f7/gnocchi.79d07197-b1c9-4c32-9ab2-f7994e7278b3/1759320000.0_mean_300.0_v3" 201 - "PUT https://[::1]:8080/v1/AUTH_7aebe34b89554e87825206ce40aeb2f7/gnocchi.79d07197-b1c9-4c32-9ab2-f7994e7278b3/1759320000.0_mean_300.0_v3" "txe21f53d9d41441dd8e5ac-0068e33aef" "proxy-server 94957" 0.0186 "-" 93954 0
Oct 05 23:43:43 np0005471485.novalocal proxy-server[94957]: ::1 ::1 06/Oct/2025/03/43/43 PUT /v1/AUTH_7aebe34b89554e87825206ce40aeb2f7/gnocchi.79d07197-b1c9-4c32-9ab2-f7994e7278b3/1759320000.0_mean_300.0_v3 HTTP/1.0 201 - python-swiftclient-4.8.0 gAAAAABo4zrI4CaX... 16 - - txe21f53d9d41441dd8e5ac-0068e33aef - 0.0287 - - 1759722223.183341265 1759722223.212063551 0 7b03bd18aea8470cbeb747235c58da52
Oct 05 23:43:43 np0005471485.novalocal container-server[93621]: ::1 - - [06/Oct/2025:03:43:43 +0000] "PUT /3/161625/AUTH_7aebe34b89554e87825206ce40aeb2f7/gnocchi.79d07197-b1c9-4c32-9ab2-f7994e7278b3/none_v3" 201 - "PUT http://[::1]:8080/1/129587/AUTH_7aebe34b89554e87825206ce40aeb2f7/gnocchi.79d07197-b1c9-4c32-9ab2-f7994e7278b3/none_v3" "tx7e9c64291f9249b2967d4-0068e33aef" "object-server 93954" 0.0008 "-" 93621 0
Oct 05 23:43:43 np0005471485.novalocal object-server[93954]: ::1 - - [06/Oct/2025:03:43:43 +0000] "PUT /1/129587/AUTH_7aebe34b89554e87825206ce40aeb2f7/gnocchi.79d07197-b1c9-4c32-9ab2-f7994e7278b3/none_v3" 201 - "PUT https://[::1]:8080/v1/AUTH_7aebe34b89554e87825206ce40aeb2f7/gnocchi.79d07197-b1c9-4c32-9ab2-f7994e7278b3/none_v3" "tx7e9c64291f9249b2967d4-0068e33aef" "proxy-server 94957" 0.0143 "-" 93954 0
Oct 05 23:43:43 np0005471485.novalocal container-server[93621]: ::1 - - [06/Oct/2025:03:43:43 +0000] "PUT /2/161625/AUTH_7aebe34b89554e87825206ce40aeb2f7/gnocchi.79d07197-b1c9-4c32-9ab2-f7994e7278b3/none_v3" 201 - "PUT http://[::1]:8080/2/129587/AUTH_7aebe34b89554e87825206ce40aeb2f7/gnocchi.79d07197-b1c9-4c32-9ab2-f7994e7278b3/none_v3" "tx7e9c64291f9249b2967d4-0068e33aef" "object-server 93954" 0.0007 "-" 93621 0
Oct 05 23:43:43 np0005471485.novalocal object-server[93954]: ::1 - - [06/Oct/2025:03:43:43 +0000] "PUT /2/129587/AUTH_7aebe34b89554e87825206ce40aeb2f7/gnocchi.79d07197-b1c9-4c32-9ab2-f7994e7278b3/none_v3" 201 - "PUT https://[::1]:8080/v1/AUTH_7aebe34b89554e87825206ce40aeb2f7/gnocchi.79d07197-b1c9-4c32-9ab2-f7994e7278b3/none_v3" "tx7e9c64291f9249b2967d4-0068e33aef" "proxy-server 94957" 0.0216 "-" 93954 0
Oct 05 23:43:43 np0005471485.novalocal container-server[93622]: ::1 - - [06/Oct/2025:03:43:43 +0000] "PUT /1/161625/AUTH_7aebe34b89554e87825206ce40aeb2f7/gnocchi.79d07197-b1c9-4c32-9ab2-f7994e7278b3/none_v3" 201 - "PUT http://[::1]:8080/3/129587/AUTH_7aebe34b89554e87825206ce40aeb2f7/gnocchi.79d07197-b1c9-4c32-9ab2-f7994e7278b3/none_v3" "tx7e9c64291f9249b2967d4-0068e33aef" "object-server 93955" 0.0010 "-" 93622 0
Oct 05 23:43:43 np0005471485.novalocal object-server[93955]: ::1 - - [06/Oct/2025:03:43:43 +0000] "PUT /3/129587/AUTH_7aebe34b89554e87825206ce40aeb2f7/gnocchi.79d07197-b1c9-4c32-9ab2-f7994e7278b3/none_v3" 201 - "PUT https://[::1]:8080/v1/AUTH_7aebe34b89554e87825206ce40aeb2f7/gnocchi.79d07197-b1c9-4c32-9ab2-f7994e7278b3/none_v3" "tx7e9c64291f9249b2967d4-0068e33aef" "proxy-server 94957" 0.0247 "-" 93955 0
Oct 05 23:43:43 np0005471485.novalocal proxy-server[94957]: ::1 ::1 06/Oct/2025/03/43/43 PUT /v1/AUTH_7aebe34b89554e87825206ce40aeb2f7/gnocchi.79d07197-b1c9-4c32-9ab2-f7994e7278b3/none_v3 HTTP/1.0 201 - python-swiftclient-4.8.0 gAAAAABo4zrI4CaX... 46 - - tx7e9c64291f9249b2967d4-0068e33aef - 0.0317 - - 1759722223.214599609 1759722223.246335030 0 7b03bd18aea8470cbeb747235c58da52
Oct 05 23:43:43 np0005471485.novalocal object-server[93955]: ::1 - - [06/Oct/2025:03:43:43 +0000] "GET /3/1015/AUTH_7aebe34b89554e87825206ce40aeb2f7/gnocchi.d3a76a14-3283-4877-9bec-34600f149c4f/none_v3" 200 48 "GET https://[::1]:8080/v1/AUTH_7aebe34b89554e87825206ce40aeb2f7/gnocchi.d3a76a14-3283-4877-9bec-34600f149c4f/none_v3" "tx8031eb3bd399495db4d01-0068e33aef" "proxy-server 94957" 0.0013 "-" 93955 0
Oct 05 23:43:43 np0005471485.novalocal proxy-server[94957]: ::1 ::1 06/Oct/2025/03/43/43 GET /v1/AUTH_7aebe34b89554e87825206ce40aeb2f7/gnocchi.d3a76a14-3283-4877-9bec-34600f149c4f/none_v3 HTTP/1.0 200 - python-swiftclient-4.8.0 gAAAAABo4zrI4CaX... - 48 - tx8031eb3bd399495db4d01-0068e33aef - 0.0089 - - 1759722223.301570892 1759722223.310473680 0 7b03bd18aea8470cbeb747235c58da52
Oct 05 23:43:43 np0005471485.novalocal container-server[93621]: ::1 - - [06/Oct/2025:03:43:43 +0000] "GET /3/242516/AUTH_7aebe34b89554e87825206ce40aeb2f7/gnocchi.d3a76a14-3283-4877-9bec-34600f149c4f" 200 357 "GET https://[::1]:8080/v1/AUTH_7aebe34b89554e87825206ce40aeb2f7/gnocchi.d3a76a14-3283-4877-9bec-34600f149c4f?format=json&states=listing" "tx8d02066c243843a0b1ba8-0068e33aef" "proxy-server 94957" 0.0131 "-" 93621 0
Oct 05 23:43:43 np0005471485.novalocal proxy-server[94957]: ::1 ::1 06/Oct/2025/03/43/43 GET /v1/AUTH_7aebe34b89554e87825206ce40aeb2f7/gnocchi.d3a76a14-3283-4877-9bec-34600f149c4f%3Fformat%3Djson%26states%3Dlisting HTTP/1.0 200 - python-swiftclient-4.8.0 gAAAAABo4zrI4CaX... - 357 - tx8d02066c243843a0b1ba8-0068e33aef - 0.0222 - - 1759722223.313988209 1759722223.336201429 0 7b03bd18aea8470cbeb747235c58da52
Oct 05 23:43:43 np0005471485.novalocal container-server[93621]: ::1 - - [06/Oct/2025:03:43:43 +0000] "GET /3/242516/AUTH_7aebe34b89554e87825206ce40aeb2f7/gnocchi.d3a76a14-3283-4877-9bec-34600f149c4f" 200 2 "GET https://[::1]:8080/v1/AUTH_7aebe34b89554e87825206ce40aeb2f7/gnocchi.d3a76a14-3283-4877-9bec-34600f149c4f?format=json&marker=none_v3&states=listing" "txbbdc0b5ff6984532ae2a1-0068e33aef" "proxy-server 94957" 0.0026 "-" 93621 0
Oct 05 23:43:43 np0005471485.novalocal proxy-server[94957]: ::1 ::1 06/Oct/2025/03/43/43 GET /v1/AUTH_7aebe34b89554e87825206ce40aeb2f7/gnocchi.d3a76a14-3283-4877-9bec-34600f149c4f%3Fformat%3Djson%26marker%3Dnone_v3%26states%3Dlisting HTTP/1.0 200 - python-swiftclient-4.8.0 gAAAAABo4zrI4CaX... - 2 - txbbdc0b5ff6984532ae2a1-0068e33aef - 0.0098 - - 1759722223.340357542 1759722223.350156069 0 7b03bd18aea8470cbeb747235c58da52
Oct 05 23:43:43 np0005471485.novalocal object-server[93955]: ::1 - - [06/Oct/2025:03:43:43 +0000] "GET /1/259890/AUTH_7aebe34b89554e87825206ce40aeb2f7/gnocchi.d3a76a14-3283-4877-9bec-34600f149c4f/1759320000.0_mean_300.0_v3" 200 16 "GET https://[::1]:8080/v1/AUTH_7aebe34b89554e87825206ce40aeb2f7/gnocchi.d3a76a14-3283-4877-9bec-34600f149c4f/1759320000.0_mean_300.0_v3" "tx3c83875a481f4020a496a-0068e33aef" "proxy-server 94957" 0.0007 "-" 93955 0
Oct 05 23:43:43 np0005471485.novalocal proxy-server[94957]: ::1 ::1 06/Oct/2025/03/43/43 GET /v1/AUTH_7aebe34b89554e87825206ce40aeb2f7/gnocchi.d3a76a14-3283-4877-9bec-34600f149c4f/1759320000.0_mean_300.0_v3 HTTP/1.0 200 - python-swiftclient-4.8.0 gAAAAABo4zrI4CaX... - 16 - tx3c83875a481f4020a496a-0068e33aef - 0.0072 - - 1759722223.353450775 1759722223.360659122 0 7b03bd18aea8470cbeb747235c58da52
Oct 05 23:43:43 np0005471485.novalocal container-server[93622]: ::1 - - [06/Oct/2025:03:43:43 +0000] "PUT /3/242516/AUTH_7aebe34b89554e87825206ce40aeb2f7/gnocchi.d3a76a14-3283-4877-9bec-34600f149c4f/1759320000.0_mean_300.0_v3" 201 - "PUT http://[::1]:8080/2/259890/AUTH_7aebe34b89554e87825206ce40aeb2f7/gnocchi.d3a76a14-3283-4877-9bec-34600f149c4f/1759320000.0_mean_300.0_v3" "txa1ede4c82ce74304b0e22-0068e33aef" "object-server 93954" 0.0005 "-" 93622 0
Oct 05 23:43:43 np0005471485.novalocal object-server[93954]: ::1 - - [06/Oct/2025:03:43:43 +0000] "PUT /2/259890/AUTH_7aebe34b89554e87825206ce40aeb2f7/gnocchi.d3a76a14-3283-4877-9bec-34600f149c4f/1759320000.0_mean_300.0_v3" 201 - "PUT https://[::1]:8080/v1/AUTH_7aebe34b89554e87825206ce40aeb2f7/gnocchi.d3a76a14-3283-4877-9bec-34600f149c4f/1759320000.0_mean_300.0_v3" "txa1ede4c82ce74304b0e22-0068e33aef" "proxy-server 94957" 0.0097 "-" 93954 0
Oct 05 23:43:43 np0005471485.novalocal container-server[93622]: ::1 - - [06/Oct/2025:03:43:43 +0000] "PUT /2/242516/AUTH_7aebe34b89554e87825206ce40aeb2f7/gnocchi.d3a76a14-3283-4877-9bec-34600f149c4f/1759320000.0_mean_300.0_v3" 201 - "PUT http://[::1]:8080/3/259890/AUTH_7aebe34b89554e87825206ce40aeb2f7/gnocchi.d3a76a14-3283-4877-9bec-34600f149c4f/1759320000.0_mean_300.0_v3" "txa1ede4c82ce74304b0e22-0068e33aef" "object-server 93955" 0.0006 "-" 93622 0
Oct 05 23:43:43 np0005471485.novalocal object-server[93955]: ::1 - - [06/Oct/2025:03:43:43 +0000] "PUT /3/259890/AUTH_7aebe34b89554e87825206ce40aeb2f7/gnocchi.d3a76a14-3283-4877-9bec-34600f149c4f/1759320000.0_mean_300.0_v3" 201 - "PUT https://[::1]:8080/v1/AUTH_7aebe34b89554e87825206ce40aeb2f7/gnocchi.d3a76a14-3283-4877-9bec-34600f149c4f/1759320000.0_mean_300.0_v3" "txa1ede4c82ce74304b0e22-0068e33aef" "proxy-server 94957" 0.0162 "-" 93955 0
Oct 05 23:43:43 np0005471485.novalocal container-server[93621]: ::1 - - [06/Oct/2025:03:43:43 +0000] "PUT /1/242516/AUTH_7aebe34b89554e87825206ce40aeb2f7/gnocchi.d3a76a14-3283-4877-9bec-34600f149c4f/1759320000.0_mean_300.0_v3" 201 - "PUT http://[::1]:8080/1/259890/AUTH_7aebe34b89554e87825206ce40aeb2f7/gnocchi.d3a76a14-3283-4877-9bec-34600f149c4f/1759320000.0_mean_300.0_v3" "txa1ede4c82ce74304b0e22-0068e33aef" "object-server 93954" 0.0005 "-" 93621 0
Oct 05 23:43:43 np0005471485.novalocal object-server[93954]: ::1 - - [06/Oct/2025:03:43:43 +0000] "PUT /1/259890/AUTH_7aebe34b89554e87825206ce40aeb2f7/gnocchi.d3a76a14-3283-4877-9bec-34600f149c4f/1759320000.0_mean_300.0_v3" 201 - "PUT https://[::1]:8080/v1/AUTH_7aebe34b89554e87825206ce40aeb2f7/gnocchi.d3a76a14-3283-4877-9bec-34600f149c4f/1759320000.0_mean_300.0_v3" "txa1ede4c82ce74304b0e22-0068e33aef" "proxy-server 94957" 0.0184 "-" 93954 0
Oct 05 23:43:43 np0005471485.novalocal proxy-server[94957]: ::1 ::1 06/Oct/2025/03/43/43 PUT /v1/AUTH_7aebe34b89554e87825206ce40aeb2f7/gnocchi.d3a76a14-3283-4877-9bec-34600f149c4f/1759320000.0_mean_300.0_v3 HTTP/1.0 201 - python-swiftclient-4.8.0 gAAAAABo4zrI4CaX... 16 - - txa1ede4c82ce74304b0e22-0068e33aef - 0.0285 - - 1759722223.363593102 1759722223.392115593 0 7b03bd18aea8470cbeb747235c58da52
Oct 05 23:43:43 np0005471485.novalocal container-server[93621]: ::1 - - [06/Oct/2025:03:43:43 +0000] "PUT /3/242516/AUTH_7aebe34b89554e87825206ce40aeb2f7/gnocchi.d3a76a14-3283-4877-9bec-34600f149c4f/none_v3" 201 - "PUT http://[::1]:8080/2/1015/AUTH_7aebe34b89554e87825206ce40aeb2f7/gnocchi.d3a76a14-3283-4877-9bec-34600f149c4f/none_v3" "tx5afaed714739418197f3f-0068e33aef" "object-server 93955" 0.0006 "-" 93621 0
