Oct 05 23:43:04 np0005471485.novalocal proxy-server[94957]: - - 06/Oct/2025/03/43/04 HEAD /v1/AUTH_7aebe34b89554e87825206ce40aeb2f7/gnocchi.5189e135-58c3-4242-922c-200678906b49 HTTP/1.0 404 - Swift - - - - tx1b99696ae4cc412aba0f1-0068e33ac8 - 0.0099 CS - 1759722184.921493769 1759722184.931368589 0 -
Oct 05 23:43:05 np0005471485.novalocal object-server[93954]: ::1 - - [06/Oct/2025:03:43:05 +0000] "GET /3/204614/AUTH_7aebe34b89554e87825206ce40aeb2f7/gnocchi.5189e135-58c3-4242-922c-200678906b49/none_v3" 404 70 "GET https://[::1]:8080/v1/AUTH_7aebe34b89554e87825206ce40aeb2f7/gnocchi.5189e135-58c3-4242-922c-200678906b49/none_v3" "tx1b99696ae4cc412aba0f1-0068e33ac8" "proxy-server 94957" 0.0003 "-" 93954 0
Oct 05 23:43:05 np0005471485.novalocal object-server[93955]: ::1 - - [06/Oct/2025:03:43:05 +0000] "GET /2/204614/AUTH_7aebe34b89554e87825206ce40aeb2f7/gnocchi.5189e135-58c3-4242-922c-200678906b49/none_v3" 404 70 "GET https://[::1]:8080/v1/AUTH_7aebe34b89554e87825206ce40aeb2f7/gnocchi.5189e135-58c3-4242-922c-200678906b49/none_v3" "tx1b99696ae4cc412aba0f1-0068e33ac8" "proxy-server 94957" 0.0004 "-" 93955 0
Oct 05 23:43:05 np0005471485.novalocal object-server[93955]: ::1 - - [06/Oct/2025:03:43:05 +0000] "GET /1/204614/AUTH_7aebe34b89554e87825206ce40aeb2f7/gnocchi.5189e135-58c3-4242-922c-200678906b49/none_v3" 404 70 "GET https://[::1]:8080/v1/AUTH_7aebe34b89554e87825206ce40aeb2f7/gnocchi.5189e135-58c3-4242-922c-200678906b49/none_v3" "tx1b99696ae4cc412aba0f1-0068e33ac8" "proxy-server 94957" 0.0004 "-" 93955 0
Oct 05 23:43:05 np0005471485.novalocal proxy-server[94957]: ::1 ::1 06/Oct/2025/03/43/05 GET /v1/AUTH_7aebe34b89554e87825206ce40aeb2f7/gnocchi.5189e135-58c3-4242-922c-200678906b49/none_v3 HTTP/1.0 404 - python-swiftclient-4.8.0 gAAAAABo4zrI4CaX... - 70 - tx1b99696ae4cc412aba0f1-0068e33ac8 - 0.1047 - - 1759722184.920943499 1759722185.025622129 0 7b03bd18aea8470cbeb747235c58da52
Oct 05 23:43:05 np0005471485.novalocal account-server[93328]: ::1 - - [06/Oct/2025:03:43:05 +0000] "PUT /3/145150/AUTH_7aebe34b89554e87825206ce40aeb2f7/gnocchi.5189e135-58c3-4242-922c-200678906b49" 201 - "PUT http://[::1]:6001/3/159941/AUTH_7aebe34b89554e87825206ce40aeb2f7/gnocchi.5189e135-58c3-4242-922c-200678906b49" "tx7e4f2d01f6474b6989fb6-0068e33ac9" "container-server 93622" 0.0035 "-" 93328 0
Oct 05 23:43:05 np0005471485.novalocal container-server[93622]: ::1 - - [06/Oct/2025:03:43:05 +0000] "PUT /3/159941/AUTH_7aebe34b89554e87825206ce40aeb2f7/gnocchi.5189e135-58c3-4242-922c-200678906b49" 201 - "PUT https://[::1]:8080/v1/AUTH_7aebe34b89554e87825206ce40aeb2f7/gnocchi.5189e135-58c3-4242-922c-200678906b49" "tx7e4f2d01f6474b6989fb6-0068e33ac9" "proxy-server 94957" 0.0170 "-" 93622 0
Oct 05 23:43:05 np0005471485.novalocal account-server[93328]: ::1 - - [06/Oct/2025:03:43:05 +0000] "PUT /2/145150/AUTH_7aebe34b89554e87825206ce40aeb2f7/gnocchi.5189e135-58c3-4242-922c-200678906b49" 201 - "PUT http://[::1]:6001/1/159941/AUTH_7aebe34b89554e87825206ce40aeb2f7/gnocchi.5189e135-58c3-4242-922c-200678906b49" "tx7e4f2d01f6474b6989fb6-0068e33ac9" "container-server 93621" 0.0036 "-" 93328 0
Oct 05 23:43:05 np0005471485.novalocal account-server[93329]: ::1 - - [06/Oct/2025:03:43:05 +0000] "PUT /1/145150/AUTH_7aebe34b89554e87825206ce40aeb2f7/gnocchi.5189e135-58c3-4242-922c-200678906b49" 201 - "PUT http://[::1]:6001/2/159941/AUTH_7aebe34b89554e87825206ce40aeb2f7/gnocchi.5189e135-58c3-4242-922c-200678906b49" "tx7e4f2d01f6474b6989fb6-0068e33ac9" "container-server 93621" 0.0053 "-" 93329 0
Oct 05 23:43:05 np0005471485.novalocal container-server[93621]: ::1 - - [06/Oct/2025:03:43:05 +0000] "PUT /1/159941/AUTH_7aebe34b89554e87825206ce40aeb2f7/gnocchi.5189e135-58c3-4242-922c-200678906b49" 201 - "PUT https://[::1]:8080/v1/AUTH_7aebe34b89554e87825206ce40aeb2f7/gnocchi.5189e135-58c3-4242-922c-200678906b49" "tx7e4f2d01f6474b6989fb6-0068e33ac9" "proxy-server 94957" 0.0220 "-" 93621 0
Oct 05 23:43:05 np0005471485.novalocal container-server[93621]: ::1 - - [06/Oct/2025:03:43:05 +0000] "PUT /2/159941/AUTH_7aebe34b89554e87825206ce40aeb2f7/gnocchi.5189e135-58c3-4242-922c-200678906b49" 201 - "PUT https://[::1]:8080/v1/AUTH_7aebe34b89554e87825206ce40aeb2f7/gnocchi.5189e135-58c3-4242-922c-200678906b49" "tx7e4f2d01f6474b6989fb6-0068e33ac9" "proxy-server 94957" 0.0154 "-" 93621 0
Oct 05 23:43:05 np0005471485.novalocal proxy-server[94957]: ::1 ::1 06/Oct/2025/03/43/05 PUT /v1/AUTH_7aebe34b89554e87825206ce40aeb2f7/gnocchi.5189e135-58c3-4242-922c-200678906b49 HTTP/1.0 201 - python-swiftclient-4.8.0 gAAAAABo4zrI4CaX... - - - tx7e4f2d01f6474b6989fb6-0068e33ac9 - 0.0328 - - 1759722185.066183090 1759722185.099010229 0 7b03bd18aea8470cbeb747235c58da52
Oct 05 23:43:05 np0005471485.novalocal container-server[93622]: ::1 - - [06/Oct/2025:03:43:05 +0000] "HEAD /1/159941/AUTH_7aebe34b89554e87825206ce40aeb2f7/gnocchi.5189e135-58c3-4242-922c-200678906b49" 204 - "HEAD http://[::1]:8080/v1/AUTH_7aebe34b89554e87825206ce40aeb2f7/gnocchi.5189e135-58c3-4242-922c-200678906b49" "tx4549e59151644b20828b7-0068e33ac9" "proxy-server 94957" 0.0015 "-" 93622 0
Oct 05 23:43:05 np0005471485.novalocal proxy-server[94957]: - - 06/Oct/2025/03/43/05 HEAD /v1/AUTH_7aebe34b89554e87825206ce40aeb2f7/gnocchi.5189e135-58c3-4242-922c-200678906b49 HTTP/1.0 204 - Swift - - - - tx4549e59151644b20828b7-0068e33ac9 - 0.0062 CS - 1759722185.124711752 1759722185.130867958 0 -
Oct 05 23:43:05 np0005471485.novalocal container-server[93622]: ::1 - - [06/Oct/2025:03:43:05 +0000] "GET /1/159941/AUTH_7aebe34b89554e87825206ce40aeb2f7/gnocchi.5189e135-58c3-4242-922c-200678906b49" 200 2 "GET https://[::1]:8080/v1/AUTH_7aebe34b89554e87825206ce40aeb2f7/gnocchi.5189e135-58c3-4242-922c-200678906b49?format=json&states=listing" "tx4549e59151644b20828b7-0068e33ac9" "proxy-server 94957" 0.0022 "-" 93622 0
Oct 05 23:43:05 np0005471485.novalocal proxy-server[94957]: ::1 ::1 06/Oct/2025/03/43/05 GET /v1/AUTH_7aebe34b89554e87825206ce40aeb2f7/gnocchi.5189e135-58c3-4242-922c-200678906b49%3Fformat%3Djson%26states%3Dlisting HTTP/1.0 200 - python-swiftclient-4.8.0 gAAAAABo4zrI4CaX... - 2 - tx4549e59151644b20828b7-0068e33ac9 - 0.0207 - - 1759722185.123627186 1759722185.144336700 0 7b03bd18aea8470cbeb747235c58da52
Oct 05 23:43:05 np0005471485.novalocal object-server[93955]: ::1 - - [06/Oct/2025:03:43:05 +0000] "GET /3/80232/AUTH_7aebe34b89554e87825206ce40aeb2f7/gnocchi.5189e135-58c3-4242-922c-200678906b49/1759320000.0_mean_300.0_v3" 404 70 "GET https://[::1]:8080/v1/AUTH_7aebe34b89554e87825206ce40aeb2f7/gnocchi.5189e135-58c3-4242-922c-200678906b49/1759320000.0_mean_300.0_v3" "txe043c80f74a44518aa7c3-0068e33ac9" "proxy-server 94957" 0.0003 "-" 93955 0
Oct 05 23:43:05 np0005471485.novalocal object-server[93955]: ::1 - - [06/Oct/2025:03:43:05 +0000] "GET /1/80232/AUTH_7aebe34b89554e87825206ce40aeb2f7/gnocchi.5189e135-58c3-4242-922c-200678906b49/1759320000.0_mean_300.0_v3" 404 70 "GET https://[::1]:8080/v1/AUTH_7aebe34b89554e87825206ce40aeb2f7/gnocchi.5189e135-58c3-4242-922c-200678906b49/1759320000.0_mean_300.0_v3" "txe043c80f74a44518aa7c3-0068e33ac9" "proxy-server 94957" 0.0002 "-" 93955 0
Oct 05 23:43:05 np0005471485.novalocal object-server[93955]: ::1 - - [06/Oct/2025:03:43:05 +0000] "GET /2/80232/AUTH_7aebe34b89554e87825206ce40aeb2f7/gnocchi.5189e135-58c3-4242-922c-200678906b49/1759320000.0_mean_300.0_v3" 404 70 "GET https://[::1]:8080/v1/AUTH_7aebe34b89554e87825206ce40aeb2f7/gnocchi.5189e135-58c3-4242-922c-200678906b49/1759320000.0_mean_300.0_v3" "txe043c80f74a44518aa7c3-0068e33ac9" "proxy-server 94957" 0.0002 "-" 93955 0
Oct 05 23:43:05 np0005471485.novalocal proxy-server[94957]: ::1 ::1 06/Oct/2025/03/43/05 GET /v1/AUTH_7aebe34b89554e87825206ce40aeb2f7/gnocchi.5189e135-58c3-4242-922c-200678906b49/1759320000.0_mean_300.0_v3 HTTP/1.0 404 - python-swiftclient-4.8.0 gAAAAABo4zrI4CaX... - 70 - txe043c80f74a44518aa7c3-0068e33ac9 - 0.0129 - - 1759722185.154077530 1759722185.167009592 0 7b03bd18aea8470cbeb747235c58da52
Oct 05 23:43:05 np0005471485.novalocal container-server[93621]: ::1 - - [06/Oct/2025:03:43:05 +0000] "PUT /1/159941/AUTH_7aebe34b89554e87825206ce40aeb2f7/gnocchi.5189e135-58c3-4242-922c-200678906b49/1759320000.0_mean_300.0_v3" 201 - "PUT http://[::1]:8080/3/80232/AUTH_7aebe34b89554e87825206ce40aeb2f7/gnocchi.5189e135-58c3-4242-922c-200678906b49/1759320000.0_mean_300.0_v3" "tx13ba1323f30f4da7bd21c-0068e33ac9" "object-server 93955" 0.0005 "-" 93621 0
Oct 05 23:43:05 np0005471485.novalocal object-server[93955]: ::1 - - [06/Oct/2025:03:43:05 +0000] "PUT /3/80232/AUTH_7aebe34b89554e87825206ce40aeb2f7/gnocchi.5189e135-58c3-4242-922c-200678906b49/1759320000.0_mean_300.0_v3" 201 - "PUT https://[::1]:8080/v1/AUTH_7aebe34b89554e87825206ce40aeb2f7/gnocchi.5189e135-58c3-4242-922c-200678906b49/1759320000.0_mean_300.0_v3" "tx13ba1323f30f4da7bd21c-0068e33ac9" "proxy-server 94957" 0.0130 "-" 93955 0
Oct 05 23:43:05 np0005471485.novalocal container-server[93621]: ::1 - - [06/Oct/2025:03:43:05 +0000] "PUT /3/159941/AUTH_7aebe34b89554e87825206ce40aeb2f7/gnocchi.5189e135-58c3-4242-922c-200678906b49/1759320000.0_mean_300.0_v3" 201 - "PUT http://[::1]:8080/1/80232/AUTH_7aebe34b89554e87825206ce40aeb2f7/gnocchi.5189e135-58c3-4242-922c-200678906b49/1759320000.0_mean_300.0_v3" "tx13ba1323f30f4da7bd21c-0068e33ac9" "object-server 93955" 0.0005 "-" 93621 0
Oct 05 23:43:05 np0005471485.novalocal object-server[93955]: ::1 - - [06/Oct/2025:03:43:05 +0000] "PUT /1/80232/AUTH_7aebe34b89554e87825206ce40aeb2f7/gnocchi.5189e135-58c3-4242-922c-200678906b49/1759320000.0_mean_300.0_v3" 201 - "PUT https://[::1]:8080/v1/AUTH_7aebe34b89554e87825206ce40aeb2f7/gnocchi.5189e135-58c3-4242-922c-200678906b49/1759320000.0_mean_300.0_v3" "tx13ba1323f30f4da7bd21c-0068e33ac9" "proxy-server 94957" 0.0180 "-" 93955 0
Oct 05 23:43:05 np0005471485.novalocal container-server[93621]: ::1 - - [06/Oct/2025:03:43:05 +0000] "PUT /2/159941/AUTH_7aebe34b89554e87825206ce40aeb2f7/gnocchi.5189e135-58c3-4242-922c-200678906b49/1759320000.0_mean_300.0_v3" 201 - "PUT http://[::1]:8080/2/80232/AUTH_7aebe34b89554e87825206ce40aeb2f7/gnocchi.5189e135-58c3-4242-922c-200678906b49/1759320000.0_mean_300.0_v3" "tx13ba1323f30f4da7bd21c-0068e33ac9" "object-server 93955" 0.0009 "-" 93621 0
Oct 05 23:43:05 np0005471485.novalocal object-server[93955]: ::1 - - [06/Oct/2025:03:43:05 +0000] "PUT /2/80232/AUTH_7aebe34b89554e87825206ce40aeb2f7/gnocchi.5189e135-58c3-4242-922c-200678906b49/1759320000.0_mean_300.0_v3" 201 - "PUT https://[::1]:8080/v1/AUTH_7aebe34b89554e87825206ce40aeb2f7/gnocchi.5189e135-58c3-4242-922c-200678906b49/1759320000.0_mean_300.0_v3" "tx13ba1323f30f4da7bd21c-0068e33ac9" "proxy-server 94957" 0.0179 "-" 93955 0
Oct 05 23:43:05 np0005471485.novalocal proxy-server[94957]: ::1 ::1 06/Oct/2025/03/43/05 PUT /v1/AUTH_7aebe34b89554e87825206ce40aeb2f7/gnocchi.5189e135-58c3-4242-922c-200678906b49/1759320000.0_mean_300.0_v3 HTTP/1.0 201 - python-swiftclient-4.8.0 gAAAAABo4zrI4CaX... 16 - - tx13ba1323f30f4da7bd21c-0068e33ac9 - 0.0316 - - 1759722185.171344280 1759722185.202981472 0 7b03bd18aea8470cbeb747235c58da52
Oct 05 23:43:05 np0005471485.novalocal container-server[93622]: ::1 - - [06/Oct/2025:03:43:05 +0000] "PUT /3/159941/AUTH_7aebe34b89554e87825206ce40aeb2f7/gnocchi.5189e135-58c3-4242-922c-200678906b49/none_v3" 201 - "PUT http://[::1]:8080/3/204614/AUTH_7aebe34b89554e87825206ce40aeb2f7/gnocchi.5189e135-58c3-4242-922c-200678906b49/none_v3" "txb633990ca3b740a9a3014-0068e33ac9" "object-server 93954" 0.0009 "-" 93622 0
Oct 05 23:43:05 np0005471485.novalocal object-server[93954]: ::1 - - [06/Oct/2025:03:43:05 +0000] "PUT /3/204614/AUTH_7aebe34b89554e87825206ce40aeb2f7/gnocchi.5189e135-58c3-4242-922c-200678906b49/none_v3" 201 - "PUT https://[::1]:8080/v1/AUTH_7aebe34b89554e87825206ce40aeb2f7/gnocchi.5189e135-58c3-4242-922c-200678906b49/none_v3" "txb633990ca3b740a9a3014-0068e33ac9" "proxy-server 94957" 0.0158 "-" 93954 0
Oct 05 23:43:05 np0005471485.novalocal container-server[93621]: ::1 - - [06/Oct/2025:03:43:05 +0000] "PUT /1/159941/AUTH_7aebe34b89554e87825206ce40aeb2f7/gnocchi.5189e135-58c3-4242-922c-200678906b49/none_v3" 201 - "PUT http://[::1]:8080/1/204614/AUTH_7aebe34b89554e87825206ce40aeb2f7/gnocchi.5189e135-58c3-4242-922c-200678906b49/none_v3" "txb633990ca3b740a9a3014-0068e33ac9" "object-server 93955" 0.0009 "-" 93621 0
Oct 05 23:43:05 np0005471485.novalocal object-server[93955]: ::1 - - [06/Oct/2025:03:43:05 +0000] "PUT /1/204614/AUTH_7aebe34b89554e87825206ce40aeb2f7/gnocchi.5189e135-58c3-4242-922c-200678906b49/none_v3" 201 - "PUT https://[::1]:8080/v1/AUTH_7aebe34b89554e87825206ce40aeb2f7/gnocchi.5189e135-58c3-4242-922c-200678906b49/none_v3" "txb633990ca3b740a9a3014-0068e33ac9" "proxy-server 94957" 0.0160 "-" 93955 0
Oct 05 23:43:05 np0005471485.novalocal container-server[93621]: ::1 - - [06/Oct/2025:03:43:05 +0000] "PUT /2/159941/AUTH_7aebe34b89554e87825206ce40aeb2f7/gnocchi.5189e135-58c3-4242-922c-200678906b49/none_v3" 201 - "PUT http://[::1]:8080/2/204614/AUTH_7aebe34b89554e87825206ce40aeb2f7/gnocchi.5189e135-58c3-4242-922c-200678906b49/none_v3" "txb633990ca3b740a9a3014-0068e33ac9" "object-server 93955" 0.0008 "-" 93621 0
Oct 05 23:43:05 np0005471485.novalocal object-server[93955]: ::1 - - [06/Oct/2025:03:43:05 +0000] "PUT /2/204614/AUTH_7aebe34b89554e87825206ce40aeb2f7/gnocchi.5189e135-58c3-4242-922c-200678906b49/none_v3" 201 - "PUT https://[::1]:8080/v1/AUTH_7aebe34b89554e87825206ce40aeb2f7/gnocchi.5189e135-58c3-4242-922c-200678906b49/none_v3" "txb633990ca3b740a9a3014-0068e33ac9" "proxy-server 94957" 0.0218 "-" 93955 0
Oct 05 23:43:05 np0005471485.novalocal proxy-server[94957]: ::1 ::1 06/Oct/2025/03/43/05 PUT /v1/AUTH_7aebe34b89554e87825206ce40aeb2f7/gnocchi.5189e135-58c3-4242-922c-200678906b49/none_v3 HTTP/1.0 201 - python-swiftclient-4.8.0 gAAAAABo4zrI4CaX... 22 - - txb633990ca3b740a9a3014-0068e33ac9 - 0.0330 - - 1759722185.207887411 1759722185.240886927 0 7b03bd18aea8470cbeb747235c58da52
Oct 05 23:43:05 np0005471485.novalocal sudo[101452]: cinder : PWD=/ ; USER=root ; COMMAND=/usr/bin/cinder-rootwrap /etc/cinder/rootwrap.conf env LC_ALL=C qemu-img info -f raw --output=json /var/lib/cinder/conversion/image_download_97398783-cc97-4c2a-a6cc-5cbf297b69d9_6e8_6g5b
Oct 05 23:43:05 np0005471485.novalocal systemd[1]: Started Session c117 of User root.
Oct 05 23:43:05 np0005471485.novalocal sudo[101452]: pam_unix(sudo:session): session opened for user root(uid=0) by (uid=165)
Oct 05 23:43:05 np0005471485.novalocal sudo[101452]: pam_unix(sudo:session): session closed for user root
Oct 05 23:43:05 np0005471485.novalocal systemd[1]: session-c117.scope: Deactivated successfully.
Oct 05 23:43:05 np0005471485.novalocal sudo[101457]: cinder : PWD=/ ; USER=root ; COMMAND=/usr/bin/cinder-rootwrap /etc/cinder/rootwrap.conf env LC_ALL=C qemu-img info -f luks --output=json /var/lib/cinder/conversion/image_download_97398783-cc97-4c2a-a6cc-5cbf297b69d9_6e8_6g5b
Oct 05 23:43:05 np0005471485.novalocal systemd[1]: Started Session c118 of User root.
Oct 05 23:43:05 np0005471485.novalocal sudo[101457]: pam_unix(sudo:session): session opened for user root(uid=0) by (uid=165)
Oct 05 23:43:06 np0005471485.novalocal sudo[101457]: pam_unix(sudo:session): session closed for user root
Oct 05 23:43:06 np0005471485.novalocal systemd[1]: session-c118.scope: Deactivated successfully.
Oct 05 23:43:06 np0005471485.novalocal sudo[101462]: cinder : PWD=/ ; USER=root ; COMMAND=/usr/bin/cinder-rootwrap /etc/cinder/rootwrap.conf env LC_ALL=C qemu-img info -f qcow2 --output=json /var/lib/cinder/conversion/image_fetch_97398783-cc97-4c2a-a6cc-5cbf297b69d9_yq3fa2n7np0005471485.novalocal@BACKEND_1
Oct 05 23:43:06 np0005471485.novalocal systemd[1]: Started Session c119 of User root.
Oct 05 23:43:06 np0005471485.novalocal sudo[101462]: pam_unix(sudo:session): session opened for user root(uid=0) by (uid=165)
Oct 05 23:43:06 np0005471485.novalocal sudo[101462]: pam_unix(sudo:session): session closed for user root
Oct 05 23:43:06 np0005471485.novalocal systemd[1]: session-c119.scope: Deactivated successfully.
Oct 05 23:43:06 np0005471485.novalocal sudo[101470]: cinder : PWD=/ ; USER=root ; COMMAND=/usr/bin/cinder-rootwrap /etc/cinder/rootwrap.conf dd count=0 if=/var/lib/cinder/conversion/image_fetch_97398783-cc97-4c2a-a6cc-5cbf297b69d9_yq3fa2n7np0005471485.novalocal@BACKEND_1 of=/dev/mapper/cinder--volumes-volume--fcfe7e9b--8a68--4f93--9af3--ae4fc6afbc23 oflag=direct
Oct 05 23:43:06 np0005471485.novalocal systemd[1]: Started Session c120 of User root.
Oct 05 23:43:06 np0005471485.novalocal sudo[101470]: pam_unix(sudo:session): session opened for user root(uid=0) by (uid=165)
Oct 05 23:43:06 np0005471485.novalocal sudo[101470]: pam_unix(sudo:session): session closed for user root
Oct 05 23:43:06 np0005471485.novalocal systemd[1]: session-c120.scope: Deactivated successfully.
Oct 05 23:43:07 np0005471485.novalocal sudo[101480]: cinder : PWD=/ ; USER=root ; COMMAND=/usr/bin/cinder-rootwrap /etc/cinder/rootwrap.conf qemu-img convert -O raw -t none -f qcow2 /var/lib/cinder/conversion/image_fetch_97398783-cc97-4c2a-a6cc-5cbf297b69d9_yq3fa2n7np0005471485.novalocal@BACKEND_1 /dev/mapper/cinder--volumes-volume--fcfe7e9b--8a68--4f93--9af3--ae4fc6afbc23
Oct 05 23:43:07 np0005471485.novalocal systemd[1]: Started Session c121 of User root.
Oct 05 23:43:07 np0005471485.novalocal sudo[101480]: pam_unix(sudo:session): session opened for user root(uid=0) by (uid=165)
Oct 05 23:43:07 np0005471485.novalocal container-sharder[92986]: Container sharder cycle starting, auto-sharding False
Oct 05 23:43:07 np0005471485.novalocal account-server[93328]: ::1 - - [06/Oct/2025:03:43:07 +0000] "HEAD /3/259413/.expiring_objects" 404 - "HEAD http://localhost/v1/.expiring_objects?format=json" "tx8acac0ef3c1e43428f5f0-0068e33acb" "Swift Object Expirer" 0.0007 "-" 93328 -
Oct 05 23:43:07 np0005471485.novalocal account-server[93328]: ::1 - - [06/Oct/2025:03:43:07 +0000] "HEAD /2/259413/.expiring_objects" 404 - "HEAD http://localhost/v1/.expiring_objects?format=json" "tx8acac0ef3c1e43428f5f0-0068e33acb" "Swift Object Expirer" 0.0004 "-" 93328 -
Oct 05 23:43:07 np0005471485.novalocal account-server[93329]: ::1 - - [06/Oct/2025:03:43:07 +0000] "HEAD /1/259413/.expiring_objects" 404 - "HEAD http://localhost/v1/.expiring_objects?format=json" "tx8acac0ef3c1e43428f5f0-0068e33acb" "Swift Object Expirer" 0.0004 "-" 93329 -
Oct 05 23:43:07 np0005471485.novalocal object-expirer-ic[89259]: - - 06/Oct/2025/03/43/07 HEAD /v1/.expiring_objects%3Fformat%3Djson HTTP/1.0 404 - Swift%20Object%20Expirer - - - - tx8acac0ef3c1e43428f5f0-0068e33acb - 0.0111 - - 1759722187.809601545 1759722187.820721149 - -
Oct 05 23:43:07 np0005471485.novalocal object-expirer[89259]: Pass completed in 0s; 0 objects expired
Oct 05 23:43:08 np0005471485.novalocal container-sharder[92986]: Since Mon Oct 6 03:43:07 2025 visited - attempted:0 success:0 failure:0 skipped:21 completed:0
Oct 05 23:43:08 np0005471485.novalocal container-sharder[92986]: Since Mon Oct 6 03:43:07 2025 scanned - attempted:0 success:0 failure:0 found:0 min_time:0 max_time:0
Oct 05 23:43:08 np0005471485.novalocal container-sharder[92986]: Since Mon Oct 6 03:43:07 2025 created - attempted:0 success:0 failure:0
Oct 05 23:43:08 np0005471485.novalocal container-sharder[92986]: Since Mon Oct 6 03:43:07 2025 cleaved - attempted:0 success:0 failure:0 min_time:0 max_time:0
Oct 05 23:43:08 np0005471485.novalocal container-sharder[92986]: Since Mon Oct 6 03:43:07 2025 misplaced - attempted:0 success:0 failure:0 found:0 placed:0 unplaced:0
Oct 05 23:43:08 np0005471485.novalocal container-sharder[92986]: Since Mon Oct 6 03:43:07 2025 audit_root - attempted:0 success:0 failure:0 has_overlap:0 num_overlap:0
Oct 05 23:43:08 np0005471485.novalocal container-sharder[92986]: Since Mon Oct 6 03:43:07 2025 audit_shard - attempted:0 success:0 failure:0
Oct 05 23:43:08 np0005471485.novalocal container-sharder[92986]: Container sharder cycle completed: 0.97s
Oct 05 23:43:08 np0005471485.novalocal sudo[101480]: pam_unix(sudo:session): session closed for user root
Oct 05 23:43:08 np0005471485.novalocal systemd[1]: session-c121.scope: Deactivated successfully.
Oct 05 23:43:10 np0005471485.novalocal dnsmasq-dhcp[100719]: DHCPDISCOVER(tapc1aa72b4-d1) fa:16:3e:ae:8a:17
Oct 05 23:43:10 np0005471485.novalocal dnsmasq-dhcp[100719]: DHCPOFFER(tapc1aa72b4-d1) 10.100.0.10 fa:16:3e:ae:8a:17
Oct 05 23:43:10 np0005471485.novalocal dnsmasq-dhcp[100719]: DHCPREQUEST(tapc1aa72b4-d1) 10.100.0.10 fa:16:3e:ae:8a:17
Oct 05 23:43:10 np0005471485.novalocal dnsmasq-dhcp[100719]: DHCPACK(tapc1aa72b4-d1) 10.100.0.10 fa:16:3e:ae:8a:17 host-10-100-0-10
Oct 05 23:43:10 np0005471485.novalocal object-replicator[94018]: Starting object replication pass.
Oct 05 23:43:11 np0005471485.novalocal object-replicator[94018]: 42/42 (100.00%) partitions replicated in 0.63s (66.40/sec, 0s remaining)
Oct 05 23:43:11 np0005471485.novalocal object-replicator[94018]: 84 successes, 0 failures
Oct 05 23:43:11 np0005471485.novalocal object-replicator[94018]: 42 suffixes checked - 28.57% hashed, 0.00% synced
Oct 05 23:43:11 np0005471485.novalocal object-replicator[94018]: Partition times: max 0.0641s, min 0.0048s, med 0.0084s
Oct 05 23:43:11 np0005471485.novalocal object-replicator[94018]: Object replication complete. (0.01 minutes)
Oct 05 23:43:15 np0005471485.novalocal dnsmasq[101221]: read /var/lib/neutron/dhcp/4ccab765-e0e1-4535-bd9d-aa2561010a10/addn_hosts - 2 addresses
Oct 05 23:43:15 np0005471485.novalocal dnsmasq-dhcp[101221]: read /var/lib/neutron/dhcp/4ccab765-e0e1-4535-bd9d-aa2561010a10/host
Oct 05 23:43:15 np0005471485.novalocal dnsmasq-dhcp[101221]: read /var/lib/neutron/dhcp/4ccab765-e0e1-4535-bd9d-aa2561010a10/opts
Oct 05 23:43:16 np0005471485.novalocal sudo[101535]: nova : PWD=/ ; USER=root ; COMMAND=/usr/bin/nova-rootwrap /etc/nova/rootwrap.conf privsep-helper --config-file /etc/nova/nova.conf --config-file /etc/nova/nova-compute.conf --privsep_context os_brick.privileged.default --privsep_sock_path /tmp/tmprp6eilrj/privsep.sock
Oct 05 23:43:16 np0005471485.novalocal systemd[1]: Started Session c122 of User root.
Oct 05 23:43:16 np0005471485.novalocal sudo[101535]: pam_unix(sudo:session): session opened for user root(uid=0) by (uid=162)
Oct 05 23:43:16 np0005471485.novalocal container-replicator[93685]: Beginning replication run
Oct 05 23:43:16 np0005471485.novalocal container-replicator[93685]: Replication run OVER
Oct 05 23:43:16 np0005471485.novalocal container-replicator[93685]: Attempted to replicate 21 dbs in 0.50318 seconds (41.73493/s)
Oct 05 23:43:16 np0005471485.novalocal container-replicator[93685]: Removed 0 dbs
Oct 05 23:43:16 np0005471485.novalocal container-replicator[93685]: 42 successes, 0 failures
Oct 05 23:43:16 np0005471485.novalocal container-replicator[93685]: diff:0 diff_capped:0 empty:0 hashmatch:0 no_change:42 remote_merge:0 rsync:0 ts_repl:0
Oct 05 23:43:17 np0005471485.novalocal sudo[101535]: pam_unix(sudo:session): session closed for user root
Oct 05 23:43:17 np0005471485.novalocal account-server[93329]: ::1 - - [06/Oct/2025:03:43:17 +0000] "HEAD /2/249817/.misplaced_objects" 404 - "HEAD http://localhost/v1/.misplaced_objects?format=json" "tx2e3bbf0cbbd94f16b5cf1-0068e33ad5" "Swift Container Reconciler" 0.0003 "-" 93329 -
Oct 05 23:43:17 np0005471485.novalocal account-server[93328]: ::1 - - [06/Oct/2025:03:43:17 +0000] "HEAD /1/249817/.misplaced_objects" 404 - "HEAD http://localhost/v1/.misplaced_objects?format=json" "tx2e3bbf0cbbd94f16b5cf1-0068e33ad5" "Swift Container Reconciler" 0.0008 "-" 93328 -
Oct 05 23:43:17 np0005471485.novalocal account-server[93328]: ::1 - - [06/Oct/2025:03:43:17 +0000] "HEAD /3/249817/.misplaced_objects" 404 - "HEAD http://localhost/v1/.misplaced_objects?format=json" "tx2e3bbf0cbbd94f16b5cf1-0068e33ad5" "Swift Container Reconciler" 0.0004 "-" 93328 -
Oct 05 23:43:17 np0005471485.novalocal container-reconciler-ic[89356]: - - 06/Oct/2025/03/43/17 HEAD /v1/.misplaced_objects%3Fformat%3Djson HTTP/1.0 404 - Swift - - - - tx2e3bbf0cbbd94f16b5cf1-0068e33ad5 - 0.0104 GET_ACCOUNT_INFO - 1759722197.222716093 1759722197.233084440 - -
Oct 05 23:43:17 np0005471485.novalocal container-server[93622]: ::1 - - [06/Oct/2025:03:43:17 +0000] "GET /3/61588/.misplaced_objects/1759719600" 404 - "GET http://localhost/v1/.misplaced_objects/1759719600?format=json&marker=&end_marker=&prefix=&states=listing" "tx2e3bbf0cbbd94f16b5cf1-0068e33ad5" "Swift Container Reconciler" 0.0004 "-" 93622 0
Oct 05 23:43:17 np0005471485.novalocal container-server[93621]: ::1 - - [06/Oct/2025:03:43:17 +0000] "GET /1/61588/.misplaced_objects/1759719600" 404 - "GET http://localhost/v1/.misplaced_objects/1759719600?format=json&marker=&end_marker=&prefix=&states=listing" "tx2e3bbf0cbbd94f16b5cf1-0068e33ad5" "Swift Container Reconciler" 0.0004 "-" 93621 0
Oct 05 23:43:17 np0005471485.novalocal container-server[93622]: ::1 - - [06/Oct/2025:03:43:17 +0000] "GET /2/61588/.misplaced_objects/1759719600" 404 - "GET http://localhost/v1/.misplaced_objects/1759719600?format=json&marker=&end_marker=&prefix=&states=listing" "tx2e3bbf0cbbd94f16b5cf1-0068e33ad5" "Swift Container Reconciler" 0.0003 "-" 93622 0
Oct 05 23:43:17 np0005471485.novalocal container-reconciler-ic[89356]: - - 06/Oct/2025/03/43/17 GET /v1/.misplaced_objects/1759719600%3Fformat%3Djson%26marker%3D%26end_marker%3D%26prefix%3D%26states%3Dlisting HTTP/1.0 404 - Swift%20Container%20Reconciler - - 70 - tx2e3bbf0cbbd94f16b5cf1-0068e33ad5 - 0.0191 - - 1759722197.222043037 1759722197.241096497 0 -
Oct 05 23:43:17 np0005471485.novalocal account-server[93329]: ::1 - - [06/Oct/2025:03:43:17 +0000] "GET /1/249817/.misplaced_objects" 404 - "GET http://localhost/v1/.misplaced_objects?format=json&marker=&end_marker=&prefix=" "txaf8b344c042249968ef3f-0068e33ad5" "Swift Container Reconciler" 0.0002 "-" 93329 -
Oct 05 23:43:17 np0005471485.novalocal account-server[93328]: ::1 - - [06/Oct/2025:03:43:17 +0000] "GET /2/249817/.misplaced_objects" 404 - "GET http://localhost/v1/.misplaced_objects?format=json&marker=&end_marker=&prefix=" "txaf8b344c042249968ef3f-0068e33ad5" "Swift Container Reconciler" 0.0004 "-" 93328 -
Oct 05 23:43:17 np0005471485.novalocal account-server[93329]: ::1 - - [06/Oct/2025:03:43:17 +0000] "GET /3/249817/.misplaced_objects" 404 - "GET http://localhost/v1/.misplaced_objects?format=json&marker=&end_marker=&prefix=" "txaf8b344c042249968ef3f-0068e33ad5" "Swift Container Reconciler" 0.0002 "-" 93329 -
Oct 05 23:43:17 np0005471485.novalocal container-reconciler-ic[89356]: - - 06/Oct/2025/03/43/17 GET /v1/.misplaced_objects%3Fformat%3Djson%26marker%3D%26end_marker%3D%26prefix%3D HTTP/1.0 404 - Swift%20Container%20Reconciler - - - - txaf8b344c042249968ef3f-0068e33ad5 - 0.0068 - - 1759722197.241705418 1759722197.248455763 - -
Oct 05 23:43:17 np0005471485.novalocal container-reconciler[89356]: Reconciler Stats: {}
Oct 05 23:43:17 np0005471485.novalocal container-reconciler[89356]: sleeping between intervals (30.0s)
Oct 05 23:43:17 np0005471485.novalocal sudo[101555]: cinder : PWD=/ ; USER=root ; COMMAND=/usr/bin/cinder-rootwrap /etc/cinder/rootwrap.conf lvchange -a y --yes -K cinder-volumes/volume-fcfe7e9b-8a68-4f93-9af3-ae4fc6afbc23
Oct 05 23:43:17 np0005471485.novalocal systemd[1]: Started Session c123 of User root.
Oct 05 23:43:17 np0005471485.novalocal sudo[101555]: pam_unix(sudo:session): session opened for user root(uid=0) by (uid=165)
Oct 05 23:43:17 np0005471485.novalocal sudo[101555]: pam_unix(sudo:session): session closed for user root
Oct 05 23:43:17 np0005471485.novalocal systemd[1]: session-c123.scope: Deactivated successfully.
Oct 05 23:43:17 np0005471485.novalocal sudo[101559]: cinder : PWD=/ ; USER=root ; COMMAND=/usr/bin/cinder-rootwrap /etc/cinder/rootwrap.conf cinder-rtstool create /dev/cinder-volumes/volume-fcfe7e9b-8a68-4f93-9af3-ae4fc6afbc23 iqn.2010-10.org.openstack:volume-fcfe7e9b-8a68-4f93-9af3-ae4fc6afbc23 LGiKtjZp6eDy8KvQF4hF MrBpvCEg8UcPrv8K False -p3260 -a::1
Oct 05 23:43:18 np0005471485.novalocal systemd[1]: Started Session c124 of User root.
Oct 05 23:43:18 np0005471485.novalocal sudo[101559]: pam_unix(sudo:session): session opened for user root(uid=0) by (uid=165)
Oct 05 23:43:18 np0005471485.novalocal object-server[93955]: ::1 - - [06/Oct/2025:03:43:18 +0000] "GET /3/40724/AUTH_7aebe34b89554e87825206ce40aeb2f7/gnocchi.e0665dff-a464-4e7b-979b-077ba64b2774/none_v3" 200 22 "GET https://[::1]:8080/v1/AUTH_7aebe34b89554e87825206ce40aeb2f7/gnocchi.e0665dff-a464-4e7b-979b-077ba64b2774/none_v3" "tx1fdeba018749441684bce-0068e33ad6" "proxy-server 94957" 0.0015 "-" 93955 0
Oct 05 23:43:18 np0005471485.novalocal proxy-server[94957]: ::1 ::1 06/Oct/2025/03/43/18 GET /v1/AUTH_7aebe34b89554e87825206ce40aeb2f7/gnocchi.e0665dff-a464-4e7b-979b-077ba64b2774/none_v3 HTTP/1.0 200 - python-swiftclient-4.8.0 gAAAAABo4zrI4CaX... - 22 - tx1fdeba018749441684bce-0068e33ad6 - 0.0137 - - 1759722198.168320656 1759722198.182016850 0 7b03bd18aea8470cbeb747235c58da52
Oct 05 23:43:18 np0005471485.novalocal container-server[93621]: ::1 - - [06/Oct/2025:03:43:18 +0000] "GET /3/44452/AUTH_7aebe34b89554e87825206ce40aeb2f7/gnocchi.e0665dff-a464-4e7b-979b-077ba64b2774" 200 357 "GET https://[::1]:8080/v1/AUTH_7aebe34b89554e87825206ce40aeb2f7/gnocchi.e0665dff-a464-4e7b-979b-077ba64b2774?format=json&states=listing" "tx9ca2ca2ed69840a3b2b5e-0068e33ad6" "proxy-server 94957" 0.0079 "-" 93621 0
Oct 05 23:43:18 np0005471485.novalocal proxy-server[94957]: ::1 ::1 06/Oct/2025/03/43/18 GET /v1/AUTH_7aebe34b89554e87825206ce40aeb2f7/gnocchi.e0665dff-a464-4e7b-979b-077ba64b2774%3Fformat%3Djson%26states%3Dlisting HTTP/1.0 200 - python-swiftclient-4.8.0 gAAAAABo4zrI4CaX... - 357 - tx9ca2ca2ed69840a3b2b5e-0068e33ad6 - 0.0187 - - 1759722198.187404871 1759722198.206132889 0 7b03bd18aea8470cbeb747235c58da52
Oct 05 23:43:18 np0005471485.novalocal container-server[93621]: ::1 - - [06/Oct/2025:03:43:18 +0000] "GET /3/44452/AUTH_7aebe34b89554e87825206ce40aeb2f7/gnocchi.e0665dff-a464-4e7b-979b-077ba64b2774" 200 2 "GET https://[::1]:8080/v1/AUTH_7aebe34b89554e87825206ce40aeb2f7/gnocchi.e0665dff-a464-4e7b-979b-077ba64b2774?format=json&marker=none_v3&states=listing" "txfa8fa0bde6b2444180e4b-0068e33ad6" "proxy-server 94957" 0.0036 "-" 93621 0
Oct 05 23:43:18 np0005471485.novalocal proxy-server[94957]: ::1 ::1 06/Oct/2025/03/43/18 GET /v1/AUTH_7aebe34b89554e87825206ce40aeb2f7/gnocchi.e0665dff-a464-4e7b-979b-077ba64b2774%3Fformat%3Djson%26marker%3Dnone_v3%26states%3Dlisting HTTP/1.0 200 - python-swiftclient-4.8.0 gAAAAABo4zrI4CaX... - 2 - txfa8fa0bde6b2444180e4b-0068e33ad6 - 0.0128 - - 1759722198.210013866 1759722198.222829342 0 7b03bd18aea8470cbeb747235c58da52
Oct 05 23:43:18 np0005471485.novalocal object-server[93954]: ::1 - - [06/Oct/2025:03:43:18 +0000] "GET /2/73019/AUTH_7aebe34b89554e87825206ce40aeb2f7/gnocchi.e0665dff-a464-4e7b-979b-077ba64b2774/1759320000.0_mean_300.0_v3" 200 16 "GET https://[::1]:8080/v1/AUTH_7aebe34b89554e87825206ce40aeb2f7/gnocchi.e0665dff-a464-4e7b-979b-077ba64b2774/1759320000.0_mean_300.0_v3" "tx95cf24cc851b4912bdd34-0068e33ad6" "proxy-server 94957" 0.0007 "-" 93954 0
Oct 05 23:43:18 np0005471485.novalocal proxy-server[94957]: ::1 ::1 06/Oct/2025/03/43/18 GET /v1/AUTH_7aebe34b89554e87825206ce40aeb2f7/gnocchi.e0665dff-a464-4e7b-979b-077ba64b2774/1759320000.0_mean_300.0_v3 HTTP/1.0 200 - python-swiftclient-4.8.0 gAAAAABo4zrI4CaX... - 16 - tx95cf24cc851b4912bdd34-0068e33ad6 - 0.0072 - - 1759722198.229972839 1759722198.237172365 0 7b03bd18aea8470cbeb747235c58da52
Oct 05 23:43:18 np0005471485.novalocal container-server[93622]: ::1 - - [06/Oct/2025:03:43:18 +0000] "PUT /1/44452/AUTH_7aebe34b89554e87825206ce40aeb2f7/gnocchi.e0665dff-a464-4e7b-979b-077ba64b2774/1759320000.0_mean_300.0_v3" 201 - "PUT http://[::1]:8080/2/73019/AUTH_7aebe34b89554e87825206ce40aeb2f7/gnocchi.e0665dff-a464-4e7b-979b-077ba64b2774/1759320000.0_mean_300.0_v3" "txdfc7c7f3e7b0490ab0216-0068e33ad6" "object-server 93954" 0.0008 "-" 93622 0
Oct 05 23:43:18 np0005471485.novalocal object-server[93954]: ::1 - - [06/Oct/2025:03:43:18 +0000] "PUT /2/73019/AUTH_7aebe34b89554e87825206ce40aeb2f7/gnocchi.e0665dff-a464-4e7b-979b-077ba64b2774/1759320000.0_mean_300.0_v3" 201 - "PUT https://[::1]:8080/v1/AUTH_7aebe34b89554e87825206ce40aeb2f7/gnocchi.e0665dff-a464-4e7b-979b-077ba64b2774/1759320000.0_mean_300.0_v3" "txdfc7c7f3e7b0490ab0216-0068e33ad6" "proxy-server 94957" 0.0168 "-" 93954 0
Oct 05 23:43:18 np0005471485.novalocal container-server[93622]: ::1 - - [06/Oct/2025:03:43:18 +0000] "PUT /3/44452/AUTH_7aebe34b89554e87825206ce40aeb2f7/gnocchi.e0665dff-a464-4e7b-979b-077ba64b2774/1759320000.0_mean_300.0_v3" 201 - "PUT http://[::1]:8080/1/73019/AUTH_7aebe34b89554e87825206ce40aeb2f7/gnocchi.e0665dff-a464-4e7b-979b-077ba64b2774/1759320000.0_mean_300.0_v3" "txdfc7c7f3e7b0490ab0216-0068e33ad6" "object-server 93955" 0.0004 "-" 93622 0
Oct 05 23:43:18 np0005471485.novalocal object-server[93955]: ::1 - - [06/Oct/2025:03:43:18 +0000] "PUT /1/73019/AUTH_7aebe34b89554e87825206ce40aeb2f7/gnocchi.e0665dff-a464-4e7b-979b-077ba64b2774/1759320000.0_mean_300.0_v3" 201 - "PUT https://[::1]:8080/v1/AUTH_7aebe34b89554e87825206ce40aeb2f7/gnocchi.e0665dff-a464-4e7b-979b-077ba64b2774/1759320000.0_mean_300.0_v3" "txdfc7c7f3e7b0490ab0216-0068e33ad6" "proxy-server 94957" 0.0152 "-" 93955 0
Oct 05 23:43:18 np0005471485.novalocal container-server[93622]: ::1 - - [06/Oct/2025:03:43:18 +0000] "PUT /2/44452/AUTH_7aebe34b89554e87825206ce40aeb2f7/gnocchi.e0665dff-a464-4e7b-979b-077ba64b2774/1759320000.0_mean_300.0_v3" 201 - "PUT http://[::1]:8080/3/73019/AUTH_7aebe34b89554e87825206ce40aeb2f7/gnocchi.e0665dff-a464-4e7b-979b-077ba64b2774/1759320000.0_mean_300.0_v3" "txdfc7c7f3e7b0490ab0216-0068e33ad6" "object-server 93955" 0.0004 "-" 93622 0
Oct 05 23:43:18 np0005471485.novalocal object-server[93955]: ::1 - - [06/Oct/2025:03:43:18 +0000] "PUT /3/73019/AUTH_7aebe34b89554e87825206ce40aeb2f7/gnocchi.e0665dff-a464-4e7b-979b-077ba64b2774/1759320000.0_mean_300.0_v3" 201 - "PUT https://[::1]:8080/v1/AUTH_7aebe34b89554e87825206ce40aeb2f7/gnocchi.e0665dff-a464-4e7b-979b-077ba64b2774/1759320000.0_mean_300.0_v3" "txdfc7c7f3e7b0490ab0216-0068e33ad6" "proxy-server 94957" 0.0191 "-" 93955 0
Oct 05 23:43:18 np0005471485.novalocal proxy-server[94957]: ::1 ::1 06/Oct/2025/03/43/18 PUT /v1/AUTH_7aebe34b89554e87825206ce40aeb2f7/gnocchi.e0665dff-a464-4e7b-979b-077ba64b2774/1759320000.0_mean_300.0_v3 HTTP/1.0 201 - python-swiftclient-4.8.0 gAAAAABo4zrI4CaX... 16 - - txdfc7c7f3e7b0490ab0216-0068e33ad6 - 0.0280 - - 1759722198.239807129 1759722198.267842293 0 7b03bd18aea8470cbeb747235c58da52
Oct 05 23:43:18 np0005471485.novalocal container-server[93621]: ::1 - - [06/Oct/2025:03:43:18 +0000] "PUT /3/44452/AUTH_7aebe34b89554e87825206ce40aeb2f7/gnocchi.e0665dff-a464-4e7b-979b-077ba64b2774/none_v3" 201 - "PUT http://[::1]:8080/1/40724/AUTH_7aebe34b89554e87825206ce40aeb2f7/gnocchi.e0665dff-a464-4e7b-979b-077ba64b2774/none_v3" "tx134bfe10f27e4434a4b83-0068e33ad6" "object-server 93954" 0.0007 "-" 93621 0
Oct 05 23:43:18 np0005471485.novalocal object-server[93954]: ::1 - - [06/Oct/2025:03:43:18 +0000] "PUT /1/40724/AUTH_7aebe34b89554e87825206ce40aeb2f7/gnocchi.e0665dff-a464-4e7b-979b-077ba64b2774/none_v3" 201 - "PUT https://[::1]:8080/v1/AUTH_7aebe34b89554e87825206ce40aeb2f7/gnocchi.e0665dff-a464-4e7b-979b-077ba64b2774/none_v3" "tx134bfe10f27e4434a4b83-0068e33ad6" "proxy-server 94957" 0.0148 "-" 93954 0
Oct 05 23:43:18 np0005471485.novalocal container-server[93621]: ::1 - - [06/Oct/2025:03:43:18 +0000] "PUT /2/44452/AUTH_7aebe34b89554e87825206ce40aeb2f7/gnocchi.e0665dff-a464-4e7b-979b-077ba64b2774/none_v3" 201 - "PUT http://[::1]:8080/2/40724/AUTH_7aebe34b89554e87825206ce40aeb2f7/gnocchi.e0665dff-a464-4e7b-979b-077ba64b2774/none_v3" "tx134bfe10f27e4434a4b83-0068e33ad6" "object-server 93955" 0.0004 "-" 93621 0
Oct 05 23:43:18 np0005471485.novalocal container-server[93622]: ::1 - - [06/Oct/2025:03:43:18 +0000] "PUT /1/44452/AUTH_7aebe34b89554e87825206ce40aeb2f7/gnocchi.e0665dff-a464-4e7b-979b-077ba64b2774/none_v3" 201 - "PUT http://[::1]:8080/3/40724/AUTH_7aebe34b89554e87825206ce40aeb2f7/gnocchi.e0665dff-a464-4e7b-979b-077ba64b2774/none_v3" "tx134bfe10f27e4434a4b83-0068e33ad6" "object-server 93955" 0.0005 "-" 93622 0
Oct 05 23:43:18 np0005471485.novalocal object-server[93955]: ::1 - - [06/Oct/2025:03:43:18 +0000] "PUT /2/40724/AUTH_7aebe34b89554e87825206ce40aeb2f7/gnocchi.e0665dff-a464-4e7b-979b-077ba64b2774/none_v3" 201 - "PUT https://[::1]:8080/v1/AUTH_7aebe34b89554e87825206ce40aeb2f7/gnocchi.e0665dff-a464-4e7b-979b-077ba64b2774/none_v3" "tx134bfe10f27e4434a4b83-0068e33ad6" "proxy-server 94957" 0.0199 "-" 93955 0
Oct 05 23:43:18 np0005471485.novalocal object-server[93955]: ::1 - - [06/Oct/2025:03:43:18 +0000] "PUT /3/40724/AUTH_7aebe34b89554e87825206ce40aeb2f7/gnocchi.e0665dff-a464-4e7b-979b-077ba64b2774/none_v3" 201 - "PUT https://[::1]:8080/v1/AUTH_7aebe34b89554e87825206ce40aeb2f7/gnocchi.e0665dff-a464-4e7b-979b-077ba64b2774/none_v3" "tx134bfe10f27e4434a4b83-0068e33ad6" "proxy-server 94957" 0.0234 "-" 93955 0
Oct 05 23:43:18 np0005471485.novalocal proxy-server[94957]: ::1 ::1 06/Oct/2025/03/43/18 PUT /v1/AUTH_7aebe34b89554e87825206ce40aeb2f7/gnocchi.e0665dff-a464-4e7b-979b-077ba64b2774/none_v3 HTTP/1.0 201 - python-swiftclient-4.8.0 gAAAAABo4zrI4CaX... 32 - - tx134bfe10f27e4434a4b83-0068e33ad6 - 0.0292 - - 1759722198.270509481 1759722198.299708366 0 7b03bd18aea8470cbeb747235c58da52
Oct 05 23:43:18 np0005471485.novalocal sudo[101559]: pam_unix(sudo:session): session closed for user root
Oct 05 23:43:18 np0005471485.novalocal systemd[1]: session-c124.scope: Deactivated successfully.
Oct 05 23:43:18 np0005471485.novalocal sudo[101575]: cinder : PWD=/ ; USER=root ; COMMAND=/usr/bin/cinder-rootwrap /etc/cinder/rootwrap.conf cinder-rtstool get-targets
Oct 05 23:43:18 np0005471485.novalocal systemd[1]: Started Session c125 of User root.
Oct 05 23:43:18 np0005471485.novalocal sudo[101575]: pam_unix(sudo:session): session opened for user root(uid=0) by (uid=165)
Oct 05 23:43:19 np0005471485.novalocal object-auditor[100873]: Begin object audit "forever" mode (ZBF)
Oct 05 23:43:19 np0005471485.novalocal object-auditor[100873]: Object audit (ZBF). Since Mon Oct 6 03:43:19 2025: Locally: 1 passed, 0 quarantined, 0 errors, files/sec: 52.70, bytes/sec: 0.00, Total time: 0.02, Auditing time: 0.00, Rate: 0.00
Oct 05 23:43:19 np0005471485.novalocal account-replicator[93392]: Beginning replication run
Oct 05 23:43:19 np0005471485.novalocal account-replicator[93392]: Replication run OVER
Oct 05 23:43:19 np0005471485.novalocal account-replicator[93392]: Attempted to replicate 3 dbs in 0.07327 seconds (40.94502/s)
Oct 05 23:43:19 np0005471485.novalocal account-replicator[93392]: Removed 0 dbs
Oct 05 23:43:19 np0005471485.novalocal account-replicator[93392]: 6 successes, 0 failures
Oct 05 23:43:19 np0005471485.novalocal account-replicator[93392]: diff:0 diff_capped:0 empty:0 hashmatch:0 no_change:6 remote_merge:0 rsync:0 ts_repl:0
Oct 05 23:43:19 np0005471485.novalocal sudo[101575]: pam_unix(sudo:session): session closed for user root
Oct 05 23:43:19 np0005471485.novalocal systemd[1]: session-c125.scope: Deactivated successfully.
Oct 05 23:43:19 np0005471485.novalocal sudo[101580]: cinder : PWD=/ ; USER=root ; COMMAND=/usr/bin/cinder-rootwrap /etc/cinder/rootwrap.conf cinder-rtstool save
Oct 05 23:43:19 np0005471485.novalocal systemd[1]: Started Session c126 of User root.
Oct 05 23:43:19 np0005471485.novalocal sudo[101580]: pam_unix(sudo:session): session opened for user root(uid=0) by (uid=165)
Oct 05 23:43:19 np0005471485.novalocal systemd[1]: Starting SETroubleshoot daemon for processing new SELinux denial logs...
Oct 05 23:43:19 np0005471485.novalocal sudo[101580]: pam_unix(sudo:session): session closed for user root
Oct 05 23:43:19 np0005471485.novalocal systemd[1]: session-c126.scope: Deactivated successfully.
Oct 05 23:43:19 np0005471485.novalocal sudo[101588]: cinder : PWD=/ ; USER=root ; COMMAND=/usr/bin/cinder-rootwrap /etc/cinder/rootwrap.conf cinder-rtstool add-initiator iqn.2010-10.org.openstack:volume-fcfe7e9b-8a68-4f93-9af3-ae4fc6afbc23 LGiKtjZp6eDy8KvQF4hF MrBpvCEg8UcPrv8K iqn.1994-05.com.redhat:601bd34a2b0
Oct 05 23:43:19 np0005471485.novalocal systemd[1]: Started Session c127 of User root.
Oct 05 23:43:19 np0005471485.novalocal object-auditor[100873]: Object audit (ZBF) "forever" mode completed: 0.84s. Total quarantined: 0, Total errors: 0, Total files/sec: 49.99, Total bytes/sec: 0.00, Auditing time: 0.82, Rate: 0.97
Oct 05 23:43:19 np0005471485.novalocal sudo[101588]: pam_unix(sudo:session): session opened for user root(uid=0) by (uid=165)
Oct 05 23:43:20 np0005471485.novalocal sudo[101588]: pam_unix(sudo:session): session closed for user root
Oct 05 23:43:20 np0005471485.novalocal systemd[1]: session-c127.scope: Deactivated successfully.
Oct 05 23:43:20 np0005471485.novalocal sudo[101593]: cinder : PWD=/ ; USER=root ; COMMAND=/usr/bin/cinder-rootwrap /etc/cinder/rootwrap.conf cinder-rtstool save
Oct 05 23:43:20 np0005471485.novalocal systemd[1]: Started Session c128 of User root.
Oct 05 23:43:20 np0005471485.novalocal sudo[101593]: pam_unix(sudo:session): session opened for user root(uid=0) by (uid=165)
Oct 05 23:43:20 np0005471485.novalocal systemd[1]: Started SETroubleshoot daemon for processing new SELinux denial logs.
Oct 05 23:43:20 np0005471485.novalocal sudo[101593]: pam_unix(sudo:session): session closed for user root
Oct 05 23:43:20 np0005471485.novalocal systemd[1]: session-c128.scope: Deactivated successfully.
Oct 05 23:43:20 np0005471485.novalocal systemd[1]: Started dbus-:1.1-org.fedoraproject.SetroubleshootPrivileged@9.service.
Oct 05 23:43:22 np0005471485.novalocal haproxy-metadata-proxy-b5d8d036-57dd-4097-9b57-cd85306d5865[100545]: ::ffff:10.100.0.10:37966 [05/Oct/2025:23:43:15.987] listener listener/metadata 0/0/0/6498/6498 200 97 - - ---- 1/1/0/0/0 0/0 "GET /2009-04-04/meta-data/instance-id HTTP/1.1"
Oct 05 23:43:22 np0005471485.novalocal setroubleshoot[101585]: SELinux is preventing /usr/sbin/httpd from read access on the file ffe77ace3baa9667c42b87a1b2b83c8e6db81be369c3548d8a8953a50b296aca. For complete SELinux messages run: sealert -l 668e7512-3713-46f4-9955-e2e38fb2bec5
Oct 05 23:43:22 np0005471485.novalocal setroubleshoot[101585]: SELinux is preventing /usr/sbin/httpd from read access on the file ffe77ace3baa9667c42b87a1b2b83c8e6db81be369c3548d8a8953a50b296aca. ***** Plugin catchall (100. confidence) suggests ************************** If you believe that httpd should be allowed read access on the ffe77ace3baa9667c42b87a1b2b83c8e6db81be369c3548d8a8953a50b296aca file by default. Then you should report this as a bug. You can generate a local policy module to allow this access. Do allow this access for now by executing: # ausearch -c 'httpd' --raw | audit2allow -M my-httpd # semodule -X 300 -i my-httpd.pp
Oct 05 23:43:22 np0005471485.novalocal setroubleshoot[101585]: failed to retrieve rpm info for path '/var/lib/nova/.cache/python-entrypoints/ffe77ace3baa9667c42b87a1b2b83c8e6db81be369c3548d8a8953a50b296aca':
Oct 05 23:43:22 np0005471485.novalocal setroubleshoot[101585]: SELinux is preventing /usr/sbin/httpd from 'read, open' accesses on the file /var/lib/nova/.cache/python-entrypoints/ffe77ace3baa9667c42b87a1b2b83c8e6db81be369c3548d8a8953a50b296aca. For complete SELinux messages run: sealert -l 351e4ca3-5f42-4fc0-b1cb-be888c8e2466
Oct 05 23:43:22 np0005471485.novalocal setroubleshoot[101585]: SELinux is preventing /usr/sbin/httpd from 'read, open' accesses on the file /var/lib/nova/.cache/python-entrypoints/ffe77ace3baa9667c42b87a1b2b83c8e6db81be369c3548d8a8953a50b296aca. ***** Plugin catchall (100. confidence) suggests ************************** If you believe that httpd should be allowed read open access on the ffe77ace3baa9667c42b87a1b2b83c8e6db81be369c3548d8a8953a50b296aca file by default. Then you should report this as a bug. You can generate a local policy module to allow this access. Do allow this access for now by executing: # ausearch -c 'httpd' --raw | audit2allow -M my-httpd # semodule -X 300 -i my-httpd.pp
Oct 05 23:43:22 np0005471485.novalocal setroubleshoot[101585]: SELinux is preventing /usr/sbin/httpd from getattr access on the file /var/lib/nova/.cache/python-entrypoints/ffe77ace3baa9667c42b87a1b2b83c8e6db81be369c3548d8a8953a50b296aca. For complete SELinux messages run: sealert -l 983eac4f-b120-4f8b-91e2-18e97d8b9af6
Oct 05 23:43:22 np0005471485.novalocal setroubleshoot[101585]: SELinux is preventing /usr/sbin/httpd from getattr access on the file /var/lib/nova/.cache/python-entrypoints/ffe77ace3baa9667c42b87a1b2b83c8e6db81be369c3548d8a8953a50b296aca. ***** Plugin catchall (100. confidence) suggests ************************** If you believe that httpd should be allowed getattr access on the ffe77ace3baa9667c42b87a1b2b83c8e6db81be369c3548d8a8953a50b296aca file by default. Then you should report this as a bug. You can generate a local policy module to allow this access. Do allow this access for now by executing: # ausearch -c 'httpd' --raw | audit2allow -M my-httpd # semodule -X 300 -i my-httpd.pp
Oct 05 23:43:22 np0005471485.novalocal setroubleshoot[101585]: SELinux is preventing /usr/sbin/httpd from ioctl access on the file /var/lib/nova/.cache/python-entrypoints/ffe77ace3baa9667c42b87a1b2b83c8e6db81be369c3548d8a8953a50b296aca. For complete SELinux messages run: sealert -l 7d3a3e45-f137-4d40-a6db-83406c490a7a
Oct 05 23:43:22 np0005471485.novalocal setroubleshoot[101585]: SELinux is preventing /usr/sbin/httpd from ioctl access on the file /var/lib/nova/.cache/python-entrypoints/ffe77ace3baa9667c42b87a1b2b83c8e6db81be369c3548d8a8953a50b296aca. ***** Plugin catchall (100. confidence) suggests ************************** If you believe that httpd should be allowed ioctl access on the ffe77ace3baa9667c42b87a1b2b83c8e6db81be369c3548d8a8953a50b296aca file by default. Then you should report this as a bug. You can generate a local policy module to allow this access. Do allow this access for now by executing: # ausearch -c 'httpd' --raw | audit2allow -M my-httpd # semodule -X 300 -i my-httpd.pp
Oct 05 23:43:23 np0005471485.novalocal object-server[93955]: ::1 - - [06/Oct/2025:03:43:23 +0000] "GET /1/40724/AUTH_7aebe34b89554e87825206ce40aeb2f7/gnocchi.e0665dff-a464-4e7b-979b-077ba64b2774/none_v3" 200 32 "GET https://[::1]:8080/v1/AUTH_7aebe34b89554e87825206ce40aeb2f7/gnocchi.e0665dff-a464-4e7b-979b-077ba64b2774/none_v3" "tx3d11395adaf145fb956b5-0068e33adb" "proxy-server 94957" 0.0013 "-" 93955 0
Oct 05 23:43:23 np0005471485.novalocal proxy-server[94957]: ::1 ::1 06/Oct/2025/03/43/23 GET /v1/AUTH_7aebe34b89554e87825206ce40aeb2f7/gnocchi.e0665dff-a464-4e7b-979b-077ba64b2774/none_v3 HTTP/1.0 200 - python-swiftclient-4.8.0 gAAAAABo4zrI4CaX... - 32 - tx3d11395adaf145fb956b5-0068e33adb - 0.0175 - - 1759722203.223910332 1759722203.241447449 0 7b03bd18aea8470cbeb747235c58da52
Oct 05 23:43:23 np0005471485.novalocal kernel: iscsi: registered transport (tcp)
Oct 05 23:43:23 np0005471485.novalocal kernel: scsi host2: iSCSI Initiator over TCP/IP
Oct 05 23:43:23 np0005471485.novalocal iscsid[75844]: iscsid: Connection1:0 to [target: iqn.2010-10.org.openstack:volume-fcfe7e9b-8a68-4f93-9af3-ae4fc6afbc23, portal: ::1,3260] through [iface: default] is operational now
Oct 05 23:43:23 np0005471485.novalocal container-server[93621]: ::1 - - [06/Oct/2025:03:43:23 +0000] "GET /1/44452/AUTH_7aebe34b89554e87825206ce40aeb2f7/gnocchi.e0665dff-a464-4e7b-979b-077ba64b2774" 200 357 "GET https://[::1]:8080/v1/AUTH_7aebe34b89554e87825206ce40aeb2f7/gnocchi.e0665dff-a464-4e7b-979b-077ba64b2774?format=json&states=listing" "tx31d53f7c0c7b4779bd0d6-0068e33adb" "proxy-server 94957" 0.0358 "-" 93621 0
Oct 05 23:43:23 np0005471485.novalocal proxy-server[94957]: ::1 ::1 06/Oct/2025/03/43/23 GET /v1/AUTH_7aebe34b89554e87825206ce40aeb2f7/gnocchi.e0665dff-a464-4e7b-979b-077ba64b2774%3Fformat%3Djson%26states%3Dlisting HTTP/1.0 200 - python-swiftclient-4.8.0 gAAAAABo4zrI4CaX... - 357 - tx31d53f7c0c7b4779bd0d6-0068e33adb - 0.0470 - - 1759722203.247220755 1759722203.294205904 0 7b03bd18aea8470cbeb747235c58da52
Oct 05 23:43:23 np0005471485.novalocal container-server[93621]: ::1 - - [06/Oct/2025:03:43:23 +0000] "GET /1/44452/AUTH_7aebe34b89554e87825206ce40aeb2f7/gnocchi.e0665dff-a464-4e7b-979b-077ba64b2774" 200 2 "GET https://[::1]:8080/v1/AUTH_7aebe34b89554e87825206ce40aeb2f7/gnocchi.e0665dff-a464-4e7b-979b-077ba64b2774?format=json&marker=none_v3&states=listing" "tx02afb139eeb14078b6371-0068e33adb" "proxy-server 94957" 0.0016 "-" 93621 0
Oct 05 23:43:23 np0005471485.novalocal proxy-server[94957]: ::1 ::1 06/Oct/2025/03/43/23 GET /v1/AUTH_7aebe34b89554e87825206ce40aeb2f7/gnocchi.e0665dff-a464-4e7b-979b-077ba64b2774%3Fformat%3Djson%26marker%3Dnone_v3%26states%3Dlisting HTTP/1.0 200 - python-swiftclient-4.8.0 gAAAAABo4zrI4CaX... - 2 - tx02afb139eeb14078b6371-0068e33adb - 0.0070 - - 1759722203.296823740 1759722203.303845167 0 7b03bd18aea8470cbeb747235c58da52
Oct 05 23:43:23 np0005471485.novalocal object-server[93955]: ::1 - - [06/Oct/2025:03:43:23 +0000] "GET /2/73019/AUTH_7aebe34b89554e87825206ce40aeb2f7/gnocchi.e0665dff-a464-4e7b-979b-077ba64b2774/1759320000.0_mean_300.0_v3" 200 16 "GET https://[::1]:8080/v1/AUTH_7aebe34b89554e87825206ce40aeb2f7/gnocchi.e0665dff-a464-4e7b-979b-077ba64b2774/1759320000.0_mean_300.0_v3" "tx27adab00f11841a6a369f-0068e33adb" "proxy-server 94957" 0.0012 "-" 93955 0
Oct 05 23:43:23 np0005471485.novalocal proxy-server[94957]: ::1 ::1 06/Oct/2025/03/43/23 GET /v1/AUTH_7aebe34b89554e87825206ce40aeb2f7/gnocchi.e0665dff-a464-4e7b-979b-077ba64b2774/1759320000.0_mean_300.0_v3 HTTP/1.0 200 - python-swiftclient-4.8.0 gAAAAABo4zrI4CaX... - 16 - tx27adab00f11841a6a369f-0068e33adb - 0.0080 - - 1759722203.306806087 1759722203.314797878 0 7b03bd18aea8470cbeb747235c58da52
Oct 05 23:43:23 np0005471485.novalocal kernel: scsi 2:0:0:0: Direct-Access LIO-ORG IBLOCK 4.0 PQ: 0 ANSI: 6
Oct 05 23:43:23 np0005471485.novalocal kernel: scsi 2:0:0:0: alua: supports implicit and explicit TPGS
