Oct 05 23:43:34 np0005471485.novalocal container-server[93621]: ::1 - - [06/Oct/2025:03:43:34 +0000] "PUT /2/9129/AUTH_7aebe34b89554e87825206ce40aeb2f7/gnocchi.72fc4685-7c6d-41d8-9be0-ccdf89e76377/1759320000.0_mean_300.0_v3" 201 - "PUT http://[::1]:8080/2/75843/AUTH_7aebe34b89554e87825206ce40aeb2f7/gnocchi.72fc4685-7c6d-41d8-9be0-ccdf89e76377/1759320000.0_mean_300.0_v3" "txc9a63342e6884144acf0b-0068e33ae6" "object-server 93955" 0.0008 "-" 93621 0
Oct 05 23:43:34 np0005471485.novalocal object-server[93955]: ::1 - - [06/Oct/2025:03:43:34 +0000] "PUT /2/75843/AUTH_7aebe34b89554e87825206ce40aeb2f7/gnocchi.72fc4685-7c6d-41d8-9be0-ccdf89e76377/1759320000.0_mean_300.0_v3" 201 - "PUT https://[::1]:8080/v1/AUTH_7aebe34b89554e87825206ce40aeb2f7/gnocchi.72fc4685-7c6d-41d8-9be0-ccdf89e76377/1759320000.0_mean_300.0_v3" "txc9a63342e6884144acf0b-0068e33ae6" "proxy-server 94957" 0.0147 "-" 93955 0
Oct 05 23:43:34 np0005471485.novalocal container-server[93622]: ::1 - - [06/Oct/2025:03:43:34 +0000] "PUT /3/9129/AUTH_7aebe34b89554e87825206ce40aeb2f7/gnocchi.72fc4685-7c6d-41d8-9be0-ccdf89e76377/1759320000.0_mean_300.0_v3" 201 - "PUT http://[::1]:8080/1/75843/AUTH_7aebe34b89554e87825206ce40aeb2f7/gnocchi.72fc4685-7c6d-41d8-9be0-ccdf89e76377/1759320000.0_mean_300.0_v3" "txc9a63342e6884144acf0b-0068e33ae6" "object-server 93955" 0.0005 "-" 93622 0
Oct 05 23:43:34 np0005471485.novalocal object-server[93955]: ::1 - - [06/Oct/2025:03:43:34 +0000] "PUT /1/75843/AUTH_7aebe34b89554e87825206ce40aeb2f7/gnocchi.72fc4685-7c6d-41d8-9be0-ccdf89e76377/1759320000.0_mean_300.0_v3" 201 - "PUT https://[::1]:8080/v1/AUTH_7aebe34b89554e87825206ce40aeb2f7/gnocchi.72fc4685-7c6d-41d8-9be0-ccdf89e76377/1759320000.0_mean_300.0_v3" "txc9a63342e6884144acf0b-0068e33ae6" "proxy-server 94957" 0.0189 "-" 93955 0
Oct 05 23:43:34 np0005471485.novalocal proxy-server[94957]: ::1 ::1 06/Oct/2025/03/43/34 PUT /v1/AUTH_7aebe34b89554e87825206ce40aeb2f7/gnocchi.72fc4685-7c6d-41d8-9be0-ccdf89e76377/1759320000.0_mean_300.0_v3 HTTP/1.0 201 - python-swiftclient-4.8.0 gAAAAABo4zrI4CaX... 16 - - txc9a63342e6884144acf0b-0068e33ae6 - 0.0338 - - 1759722214.282363653 1759722214.316177368 0 7b03bd18aea8470cbeb747235c58da52
Oct 05 23:43:34 np0005471485.novalocal container-server[93622]: ::1 - - [06/Oct/2025:03:43:34 +0000] "PUT /3/9129/AUTH_7aebe34b89554e87825206ce40aeb2f7/gnocchi.72fc4685-7c6d-41d8-9be0-ccdf89e76377/none_v3" 201 - "PUT http://[::1]:8080/3/128474/AUTH_7aebe34b89554e87825206ce40aeb2f7/gnocchi.72fc4685-7c6d-41d8-9be0-ccdf89e76377/none_v3" "tx7f714e9631fc45efb5726-0068e33ae6" "object-server 93955" 0.0007 "-" 93622 0
Oct 05 23:43:34 np0005471485.novalocal object-server[93955]: ::1 - - [06/Oct/2025:03:43:34 +0000] "PUT /3/128474/AUTH_7aebe34b89554e87825206ce40aeb2f7/gnocchi.72fc4685-7c6d-41d8-9be0-ccdf89e76377/none_v3" 201 - "PUT https://[::1]:8080/v1/AUTH_7aebe34b89554e87825206ce40aeb2f7/gnocchi.72fc4685-7c6d-41d8-9be0-ccdf89e76377/none_v3" "tx7f714e9631fc45efb5726-0068e33ae6" "proxy-server 94957" 0.0149 "-" 93955 0
Oct 05 23:43:34 np0005471485.novalocal container-server[93621]: ::1 - - [06/Oct/2025:03:43:34 +0000] "PUT /1/9129/AUTH_7aebe34b89554e87825206ce40aeb2f7/gnocchi.72fc4685-7c6d-41d8-9be0-ccdf89e76377/none_v3" 201 - "PUT http://[::1]:8080/2/128474/AUTH_7aebe34b89554e87825206ce40aeb2f7/gnocchi.72fc4685-7c6d-41d8-9be0-ccdf89e76377/none_v3" "tx7f714e9631fc45efb5726-0068e33ae6" "object-server 93954" 0.0009 "-" 93621 0
Oct 05 23:43:34 np0005471485.novalocal container-server[93622]: ::1 - - [06/Oct/2025:03:43:34 +0000] "PUT /2/9129/AUTH_7aebe34b89554e87825206ce40aeb2f7/gnocchi.72fc4685-7c6d-41d8-9be0-ccdf89e76377/none_v3" 201 - "PUT http://[::1]:8080/1/128474/AUTH_7aebe34b89554e87825206ce40aeb2f7/gnocchi.72fc4685-7c6d-41d8-9be0-ccdf89e76377/none_v3" "tx7f714e9631fc45efb5726-0068e33ae6" "object-server 93954" 0.0028 "-" 93622 0
Oct 05 23:43:34 np0005471485.novalocal object-server[93954]: ::1 - - [06/Oct/2025:03:43:34 +0000] "PUT /2/128474/AUTH_7aebe34b89554e87825206ce40aeb2f7/gnocchi.72fc4685-7c6d-41d8-9be0-ccdf89e76377/none_v3" 201 - "PUT https://[::1]:8080/v1/AUTH_7aebe34b89554e87825206ce40aeb2f7/gnocchi.72fc4685-7c6d-41d8-9be0-ccdf89e76377/none_v3" "tx7f714e9631fc45efb5726-0068e33ae6" "proxy-server 94957" 0.0182 "-" 93954 0
Oct 05 23:43:34 np0005471485.novalocal object-server[93954]: ::1 - - [06/Oct/2025:03:43:34 +0000] "PUT /1/128474/AUTH_7aebe34b89554e87825206ce40aeb2f7/gnocchi.72fc4685-7c6d-41d8-9be0-ccdf89e76377/none_v3" 201 - "PUT https://[::1]:8080/v1/AUTH_7aebe34b89554e87825206ce40aeb2f7/gnocchi.72fc4685-7c6d-41d8-9be0-ccdf89e76377/none_v3" "tx7f714e9631fc45efb5726-0068e33ae6" "proxy-server 94957" 0.0212 "-" 93954 0
Oct 05 23:43:34 np0005471485.novalocal proxy-server[94957]: ::1 ::1 06/Oct/2025/03/43/34 PUT /v1/AUTH_7aebe34b89554e87825206ce40aeb2f7/gnocchi.72fc4685-7c6d-41d8-9be0-ccdf89e76377/none_v3 HTTP/1.0 201 - python-swiftclient-4.8.0 gAAAAABo4zrI4CaX... 30 - - tx7f714e9631fc45efb5726-0068e33ae6 - 0.0303 - - 1759722214.318826199 1759722214.349170685 0 7b03bd18aea8470cbeb747235c58da52
Oct 05 23:43:34 np0005471485.novalocal haproxy-metadata-proxy-b5d8d036-57dd-4097-9b57-cd85306d5865[100545]: ::ffff:10.100.0.10:36722 [05/Oct/2025:23:43:33.509] listener listener/metadata 0/0/0/1026/1026 200 152 - - ---- 1/1/0/0/0 0/0 "GET /2009-04-04/meta-data/hostname HTTP/1.1"
Oct 05 23:43:35 np0005471485.novalocal dnsmasq[101221]: read /var/lib/neutron/dhcp/4ccab765-e0e1-4535-bd9d-aa2561010a10/addn_hosts - 1 addresses
Oct 05 23:43:35 np0005471485.novalocal dnsmasq-dhcp[101221]: read /var/lib/neutron/dhcp/4ccab765-e0e1-4535-bd9d-aa2561010a10/host
Oct 05 23:43:35 np0005471485.novalocal dnsmasq-dhcp[101221]: read /var/lib/neutron/dhcp/4ccab765-e0e1-4535-bd9d-aa2561010a10/opts
Oct 05 23:43:35 np0005471485.novalocal haproxy-metadata-proxy-b5d8d036-57dd-4097-9b57-cd85306d5865[100545]: ::ffff:10.100.0.10:36738 [05/Oct/2025:23:43:34.623] listener listener/metadata 0/0/0/1023/1023 200 152 - - ---- 1/1/0/0/0 0/0 "GET /2009-04-04/meta-data/local-hostname HTTP/1.1"
Oct 05 23:43:35 np0005471485.novalocal systemd[1]: dbus-:1.1-org.fedoraproject.SetroubleshootPrivileged@9.service: Deactivated successfully.
Oct 05 23:43:35 np0005471485.novalocal systemd[1]: dbus-:1.1-org.fedoraproject.SetroubleshootPrivileged@9.service: Consumed 1.490s CPU time.
Oct 05 23:43:35 np0005471485.novalocal systemd[1]: setroubleshootd.service: Deactivated successfully.
Oct 05 23:43:35 np0005471485.novalocal systemd[1]: setroubleshootd.service: Consumed 1.731s CPU time.
Oct 05 23:43:36 np0005471485.novalocal container-server[93622]: ::1 - - [06/Oct/2025:03:43:36 +0000] "HEAD /1/240253/AUTH_7aebe34b89554e87825206ce40aeb2f7/gnocchi.24678e97-0224-4cea-9109-621677280207" 404 - "HEAD http://[::1]:8080/v1/AUTH_7aebe34b89554e87825206ce40aeb2f7/gnocchi.24678e97-0224-4cea-9109-621677280207" "tx7b92f713f3dd4b16bba29-0068e33ae8" "proxy-server 94957" 0.0005 "-" 93622 0
Oct 05 23:43:36 np0005471485.novalocal container-server[93622]: ::1 - - [06/Oct/2025:03:43:36 +0000] "HEAD /2/240253/AUTH_7aebe34b89554e87825206ce40aeb2f7/gnocchi.24678e97-0224-4cea-9109-621677280207" 404 - "HEAD http://[::1]:8080/v1/AUTH_7aebe34b89554e87825206ce40aeb2f7/gnocchi.24678e97-0224-4cea-9109-621677280207" "tx7b92f713f3dd4b16bba29-0068e33ae8" "proxy-server 94957" 0.0003 "-" 93622 0
Oct 05 23:43:36 np0005471485.novalocal container-server[93621]: ::1 - - [06/Oct/2025:03:43:36 +0000] "HEAD /3/240253/AUTH_7aebe34b89554e87825206ce40aeb2f7/gnocchi.24678e97-0224-4cea-9109-621677280207" 404 - "HEAD http://[::1]:8080/v1/AUTH_7aebe34b89554e87825206ce40aeb2f7/gnocchi.24678e97-0224-4cea-9109-621677280207" "tx7b92f713f3dd4b16bba29-0068e33ae8" "proxy-server 94957" 0.0005 "-" 93621 0
Oct 05 23:43:36 np0005471485.novalocal proxy-server[94957]: - - 06/Oct/2025/03/43/36 HEAD /v1/AUTH_7aebe34b89554e87825206ce40aeb2f7/gnocchi.24678e97-0224-4cea-9109-621677280207 HTTP/1.0 404 - Swift - - - - tx7b92f713f3dd4b16bba29-0068e33ae8 - 0.0148 CS - 1759722216.088364363 1759722216.103127003 0 -
Oct 05 23:43:36 np0005471485.novalocal object-server[93954]: ::1 - - [06/Oct/2025:03:43:36 +0000] "GET /3/193437/AUTH_7aebe34b89554e87825206ce40aeb2f7/gnocchi.24678e97-0224-4cea-9109-621677280207/none_v3" 404 70 "GET https://[::1]:8080/v1/AUTH_7aebe34b89554e87825206ce40aeb2f7/gnocchi.24678e97-0224-4cea-9109-621677280207/none_v3" "tx7b92f713f3dd4b16bba29-0068e33ae8" "proxy-server 94957" 0.0003 "-" 93954 0
Oct 05 23:43:36 np0005471485.novalocal object-server[93955]: ::1 - - [06/Oct/2025:03:43:36 +0000] "GET /1/193437/AUTH_7aebe34b89554e87825206ce40aeb2f7/gnocchi.24678e97-0224-4cea-9109-621677280207/none_v3" 404 70 "GET https://[::1]:8080/v1/AUTH_7aebe34b89554e87825206ce40aeb2f7/gnocchi.24678e97-0224-4cea-9109-621677280207/none_v3" "tx7b92f713f3dd4b16bba29-0068e33ae8" "proxy-server 94957" 0.0005 "-" 93955 0
Oct 05 23:43:36 np0005471485.novalocal object-server[93954]: ::1 - - [06/Oct/2025:03:43:36 +0000] "GET /2/193437/AUTH_7aebe34b89554e87825206ce40aeb2f7/gnocchi.24678e97-0224-4cea-9109-621677280207/none_v3" 404 70 "GET https://[::1]:8080/v1/AUTH_7aebe34b89554e87825206ce40aeb2f7/gnocchi.24678e97-0224-4cea-9109-621677280207/none_v3" "tx7b92f713f3dd4b16bba29-0068e33ae8" "proxy-server 94957" 0.0002 "-" 93954 0
Oct 05 23:43:36 np0005471485.novalocal proxy-server[94957]: ::1 ::1 06/Oct/2025/03/43/36 GET /v1/AUTH_7aebe34b89554e87825206ce40aeb2f7/gnocchi.24678e97-0224-4cea-9109-621677280207/none_v3 HTTP/1.0 404 - python-swiftclient-4.8.0 gAAAAABo4zrG_lV4... - 70 - tx7b92f713f3dd4b16bba29-0068e33ae8 - 0.0352 - - 1759722216.087303638 1759722216.122549295 0 7b03bd18aea8470cbeb747235c58da52
Oct 05 23:43:36 np0005471485.novalocal account-server[93328]: ::1 - - [06/Oct/2025:03:43:36 +0000] "PUT /1/145150/AUTH_7aebe34b89554e87825206ce40aeb2f7/gnocchi.24678e97-0224-4cea-9109-621677280207" 201 - "PUT http://[::1]:6001/1/240253/AUTH_7aebe34b89554e87825206ce40aeb2f7/gnocchi.24678e97-0224-4cea-9109-621677280207" "tx9f3466cb18a042cf8fb6d-0068e33ae8" "container-server 93621" 0.0063 "-" 93328 0
Oct 05 23:43:36 np0005471485.novalocal container-server[93621]: ::1 - - [06/Oct/2025:03:43:36 +0000] "PUT /1/240253/AUTH_7aebe34b89554e87825206ce40aeb2f7/gnocchi.24678e97-0224-4cea-9109-621677280207" 201 - "PUT https://[::1]:8080/v1/AUTH_7aebe34b89554e87825206ce40aeb2f7/gnocchi.24678e97-0224-4cea-9109-621677280207" "tx9f3466cb18a042cf8fb6d-0068e33ae8" "proxy-server 94957" 0.0218 "-" 93621 0
Oct 05 23:43:36 np0005471485.novalocal account-server[93328]: ::1 - - [06/Oct/2025:03:43:36 +0000] "PUT /2/145150/AUTH_7aebe34b89554e87825206ce40aeb2f7/gnocchi.24678e97-0224-4cea-9109-621677280207" 201 - "PUT http://[::1]:6001/2/240253/AUTH_7aebe34b89554e87825206ce40aeb2f7/gnocchi.24678e97-0224-4cea-9109-621677280207" "tx9f3466cb18a042cf8fb6d-0068e33ae8" "container-server 93622" 0.0065 "-" 93328 0
Oct 05 23:43:36 np0005471485.novalocal container-server[93622]: ::1 - - [06/Oct/2025:03:43:36 +0000] "PUT /2/240253/AUTH_7aebe34b89554e87825206ce40aeb2f7/gnocchi.24678e97-0224-4cea-9109-621677280207" 201 - "PUT https://[::1]:8080/v1/AUTH_7aebe34b89554e87825206ce40aeb2f7/gnocchi.24678e97-0224-4cea-9109-621677280207" "tx9f3466cb18a042cf8fb6d-0068e33ae8" "proxy-server 94957" 0.0300 "-" 93622 0
Oct 05 23:43:36 np0005471485.novalocal account-server[93329]: ::1 - - [06/Oct/2025:03:43:36 +0000] "PUT /3/145150/AUTH_7aebe34b89554e87825206ce40aeb2f7/gnocchi.24678e97-0224-4cea-9109-621677280207" 201 - "PUT http://[::1]:6001/3/240253/AUTH_7aebe34b89554e87825206ce40aeb2f7/gnocchi.24678e97-0224-4cea-9109-621677280207" "tx9f3466cb18a042cf8fb6d-0068e33ae8" "container-server 93622" 0.0057 "-" 93329 0
Oct 05 23:43:36 np0005471485.novalocal container-server[93622]: ::1 - - [06/Oct/2025:03:43:36 +0000] "PUT /3/240253/AUTH_7aebe34b89554e87825206ce40aeb2f7/gnocchi.24678e97-0224-4cea-9109-621677280207" 201 - "PUT https://[::1]:8080/v1/AUTH_7aebe34b89554e87825206ce40aeb2f7/gnocchi.24678e97-0224-4cea-9109-621677280207" "tx9f3466cb18a042cf8fb6d-0068e33ae8" "proxy-server 94957" 0.0204 "-" 93622 0
Oct 05 23:43:36 np0005471485.novalocal proxy-server[94957]: ::1 ::1 06/Oct/2025/03/43/36 PUT /v1/AUTH_7aebe34b89554e87825206ce40aeb2f7/gnocchi.24678e97-0224-4cea-9109-621677280207 HTTP/1.0 201 - python-swiftclient-4.8.0 gAAAAABo4zrG_lV4... - - - tx9f3466cb18a042cf8fb6d-0068e33ae8 - 0.0485 - - 1759722216.126735926 1759722216.175206900 0 7b03bd18aea8470cbeb747235c58da52
Oct 05 23:43:36 np0005471485.novalocal container-server[93621]: ::1 - - [06/Oct/2025:03:43:36 +0000] "HEAD /1/240253/AUTH_7aebe34b89554e87825206ce40aeb2f7/gnocchi.24678e97-0224-4cea-9109-621677280207" 204 - "HEAD http://[::1]:8080/v1/AUTH_7aebe34b89554e87825206ce40aeb2f7/gnocchi.24678e97-0224-4cea-9109-621677280207" "tx18cce202a935424b9d08d-0068e33ae8" "proxy-server 94957" 0.0021 "-" 93621 0
Oct 05 23:43:36 np0005471485.novalocal proxy-server[94957]: - - 06/Oct/2025/03/43/36 HEAD /v1/AUTH_7aebe34b89554e87825206ce40aeb2f7/gnocchi.24678e97-0224-4cea-9109-621677280207 HTTP/1.0 204 - Swift - - - - tx18cce202a935424b9d08d-0068e33ae8 - 0.0077 CS - 1759722216.181118965 1759722216.188857794 0 -
Oct 05 23:43:36 np0005471485.novalocal container-server[93622]: ::1 - - [06/Oct/2025:03:43:36 +0000] "GET /2/240253/AUTH_7aebe34b89554e87825206ce40aeb2f7/gnocchi.24678e97-0224-4cea-9109-621677280207" 200 2 "GET https://[::1]:8080/v1/AUTH_7aebe34b89554e87825206ce40aeb2f7/gnocchi.24678e97-0224-4cea-9109-621677280207?format=json&states=listing" "tx18cce202a935424b9d08d-0068e33ae8" "proxy-server 94957" 0.0037 "-" 93622 0
Oct 05 23:43:36 np0005471485.novalocal proxy-server[94957]: ::1 ::1 06/Oct/2025/03/43/36 GET /v1/AUTH_7aebe34b89554e87825206ce40aeb2f7/gnocchi.24678e97-0224-4cea-9109-621677280207%3Fformat%3Djson%26states%3Dlisting HTTP/1.0 200 - python-swiftclient-4.8.0 gAAAAABo4zrG_lV4... - 2 - tx18cce202a935424b9d08d-0068e33ae8 - 0.0259 - - 1759722216.180086374 1759722216.205955982 0 7b03bd18aea8470cbeb747235c58da52
Oct 05 23:43:36 np0005471485.novalocal object-server[93955]: ::1 - - [06/Oct/2025:03:43:36 +0000] "GET /1/192976/AUTH_7aebe34b89554e87825206ce40aeb2f7/gnocchi.24678e97-0224-4cea-9109-621677280207/1759320000.0_mean_300.0_v3" 404 70 "GET https://[::1]:8080/v1/AUTH_7aebe34b89554e87825206ce40aeb2f7/gnocchi.24678e97-0224-4cea-9109-621677280207/1759320000.0_mean_300.0_v3" "tx7a6e2063b04f4d41aaab9-0068e33ae8" "proxy-server 94957" 0.0005 "-" 93955 0
Oct 05 23:43:36 np0005471485.novalocal object-server[93955]: ::1 - - [06/Oct/2025:03:43:36 +0000] "GET /2/192976/AUTH_7aebe34b89554e87825206ce40aeb2f7/gnocchi.24678e97-0224-4cea-9109-621677280207/1759320000.0_mean_300.0_v3" 404 70 "GET https://[::1]:8080/v1/AUTH_7aebe34b89554e87825206ce40aeb2f7/gnocchi.24678e97-0224-4cea-9109-621677280207/1759320000.0_mean_300.0_v3" "tx7a6e2063b04f4d41aaab9-0068e33ae8" "proxy-server 94957" 0.0003 "-" 93955 0
Oct 05 23:43:36 np0005471485.novalocal object-server[93955]: ::1 - - [06/Oct/2025:03:43:36 +0000] "GET /3/192976/AUTH_7aebe34b89554e87825206ce40aeb2f7/gnocchi.24678e97-0224-4cea-9109-621677280207/1759320000.0_mean_300.0_v3" 404 70 "GET https://[::1]:8080/v1/AUTH_7aebe34b89554e87825206ce40aeb2f7/gnocchi.24678e97-0224-4cea-9109-621677280207/1759320000.0_mean_300.0_v3" "tx7a6e2063b04f4d41aaab9-0068e33ae8" "proxy-server 94957" 0.0003 "-" 93955 0
Oct 05 23:43:36 np0005471485.novalocal proxy-server[94957]: ::1 ::1 06/Oct/2025/03/43/36 GET /v1/AUTH_7aebe34b89554e87825206ce40aeb2f7/gnocchi.24678e97-0224-4cea-9109-621677280207/1759320000.0_mean_300.0_v3 HTTP/1.0 404 - python-swiftclient-4.8.0 gAAAAABo4zrG_lV4... - 70 - tx7a6e2063b04f4d41aaab9-0068e33ae8 - 0.0196 - - 1759722216.211110353 1759722216.230727434 0 7b03bd18aea8470cbeb747235c58da52
Oct 05 23:43:36 np0005471485.novalocal container-server[93621]: ::1 - - [06/Oct/2025:03:43:36 +0000] "PUT /1/240253/AUTH_7aebe34b89554e87825206ce40aeb2f7/gnocchi.24678e97-0224-4cea-9109-621677280207/1759320000.0_mean_300.0_v3" 201 - "PUT http://[::1]:8080/3/192976/AUTH_7aebe34b89554e87825206ce40aeb2f7/gnocchi.24678e97-0224-4cea-9109-621677280207/1759320000.0_mean_300.0_v3" "tx757ecab107294e0cb0e97-0068e33ae8" "object-server 93955" 0.0013 "-" 93621 0
Oct 05 23:43:36 np0005471485.novalocal container-server[93622]: ::1 - - [06/Oct/2025:03:43:36 +0000] "PUT /2/240253/AUTH_7aebe34b89554e87825206ce40aeb2f7/gnocchi.24678e97-0224-4cea-9109-621677280207/1759320000.0_mean_300.0_v3" 201 - "PUT http://[::1]:8080/1/192976/AUTH_7aebe34b89554e87825206ce40aeb2f7/gnocchi.24678e97-0224-4cea-9109-621677280207/1759320000.0_mean_300.0_v3" "tx757ecab107294e0cb0e97-0068e33ae8" "object-server 93954" 0.0010 "-" 93622 0
Oct 05 23:43:36 np0005471485.novalocal object-server[93955]: ::1 - - [06/Oct/2025:03:43:36 +0000] "PUT /3/192976/AUTH_7aebe34b89554e87825206ce40aeb2f7/gnocchi.24678e97-0224-4cea-9109-621677280207/1759320000.0_mean_300.0_v3" 201 - "PUT https://[::1]:8080/v1/AUTH_7aebe34b89554e87825206ce40aeb2f7/gnocchi.24678e97-0224-4cea-9109-621677280207/1759320000.0_mean_300.0_v3" "tx757ecab107294e0cb0e97-0068e33ae8" "proxy-server 94957" 0.0184 "-" 93955 0
Oct 05 23:43:36 np0005471485.novalocal object-server[93954]: ::1 - - [06/Oct/2025:03:43:36 +0000] "PUT /1/192976/AUTH_7aebe34b89554e87825206ce40aeb2f7/gnocchi.24678e97-0224-4cea-9109-621677280207/1759320000.0_mean_300.0_v3" 201 - "PUT https://[::1]:8080/v1/AUTH_7aebe34b89554e87825206ce40aeb2f7/gnocchi.24678e97-0224-4cea-9109-621677280207/1759320000.0_mean_300.0_v3" "tx757ecab107294e0cb0e97-0068e33ae8" "proxy-server 94957" 0.0137 "-" 93954 0
Oct 05 23:43:36 np0005471485.novalocal container-server[93622]: ::1 - - [06/Oct/2025:03:43:36 +0000] "PUT /3/240253/AUTH_7aebe34b89554e87825206ce40aeb2f7/gnocchi.24678e97-0224-4cea-9109-621677280207/1759320000.0_mean_300.0_v3" 201 - "PUT http://[::1]:8080/2/192976/AUTH_7aebe34b89554e87825206ce40aeb2f7/gnocchi.24678e97-0224-4cea-9109-621677280207/1759320000.0_mean_300.0_v3" "tx757ecab107294e0cb0e97-0068e33ae8" "object-server 93955" 0.0007 "-" 93622 0
Oct 05 23:43:36 np0005471485.novalocal object-server[93955]: ::1 - - [06/Oct/2025:03:43:36 +0000] "PUT /2/192976/AUTH_7aebe34b89554e87825206ce40aeb2f7/gnocchi.24678e97-0224-4cea-9109-621677280207/1759320000.0_mean_300.0_v3" 201 - "PUT https://[::1]:8080/v1/AUTH_7aebe34b89554e87825206ce40aeb2f7/gnocchi.24678e97-0224-4cea-9109-621677280207/1759320000.0_mean_300.0_v3" "tx757ecab107294e0cb0e97-0068e33ae8" "proxy-server 94957" 0.0181 "-" 93955 0
Oct 05 23:43:36 np0005471485.novalocal proxy-server[94957]: ::1 ::1 06/Oct/2025/03/43/36 PUT /v1/AUTH_7aebe34b89554e87825206ce40aeb2f7/gnocchi.24678e97-0224-4cea-9109-621677280207/1759320000.0_mean_300.0_v3 HTTP/1.0 201 - python-swiftclient-4.8.0 gAAAAABo4zrG_lV4... 16 - - tx757ecab107294e0cb0e97-0068e33ae8 - 0.0318 - - 1759722216.235605955 1759722216.267364264 0 7b03bd18aea8470cbeb747235c58da52
Oct 05 23:43:36 np0005471485.novalocal container-server[93622]: ::1 - - [06/Oct/2025:03:43:36 +0000] "PUT /1/240253/AUTH_7aebe34b89554e87825206ce40aeb2f7/gnocchi.24678e97-0224-4cea-9109-621677280207/none_v3" 201 - "PUT http://[::1]:8080/2/193437/AUTH_7aebe34b89554e87825206ce40aeb2f7/gnocchi.24678e97-0224-4cea-9109-621677280207/none_v3" "txbe55a45377a74067a5f84-0068e33ae8" "object-server 93954" 0.0006 "-" 93622 0
Oct 05 23:43:36 np0005471485.novalocal container-server[93621]: ::1 - - [06/Oct/2025:03:43:36 +0000] "PUT /3/240253/AUTH_7aebe34b89554e87825206ce40aeb2f7/gnocchi.24678e97-0224-4cea-9109-621677280207/none_v3" 201 - "PUT http://[::1]:8080/1/193437/AUTH_7aebe34b89554e87825206ce40aeb2f7/gnocchi.24678e97-0224-4cea-9109-621677280207/none_v3" "txbe55a45377a74067a5f84-0068e33ae8" "object-server 93954" 0.0008 "-" 93621 0
Oct 05 23:43:36 np0005471485.novalocal object-server[93954]: ::1 - - [06/Oct/2025:03:43:36 +0000] "PUT /2/193437/AUTH_7aebe34b89554e87825206ce40aeb2f7/gnocchi.24678e97-0224-4cea-9109-621677280207/none_v3" 201 - "PUT https://[::1]:8080/v1/AUTH_7aebe34b89554e87825206ce40aeb2f7/gnocchi.24678e97-0224-4cea-9109-621677280207/none_v3" "txbe55a45377a74067a5f84-0068e33ae8" "proxy-server 94957" 0.0195 "-" 93954 0
Oct 05 23:43:36 np0005471485.novalocal container-server[93621]: ::1 - - [06/Oct/2025:03:43:36 +0000] "PUT /2/240253/AUTH_7aebe34b89554e87825206ce40aeb2f7/gnocchi.24678e97-0224-4cea-9109-621677280207/none_v3" 201 - "PUT http://[::1]:8080/3/193437/AUTH_7aebe34b89554e87825206ce40aeb2f7/gnocchi.24678e97-0224-4cea-9109-621677280207/none_v3" "txbe55a45377a74067a5f84-0068e33ae8" "object-server 93954" 0.0007 "-" 93621 0
Oct 05 23:43:36 np0005471485.novalocal object-server[93954]: ::1 - - [06/Oct/2025:03:43:36 +0000] "PUT /3/193437/AUTH_7aebe34b89554e87825206ce40aeb2f7/gnocchi.24678e97-0224-4cea-9109-621677280207/none_v3" 201 - "PUT https://[::1]:8080/v1/AUTH_7aebe34b89554e87825206ce40aeb2f7/gnocchi.24678e97-0224-4cea-9109-621677280207/none_v3" "txbe55a45377a74067a5f84-0068e33ae8" "proxy-server 94957" 0.0255 "-" 93954 0
Oct 05 23:43:36 np0005471485.novalocal object-server[93954]: ::1 - - [06/Oct/2025:03:43:36 +0000] "PUT /1/193437/AUTH_7aebe34b89554e87825206ce40aeb2f7/gnocchi.24678e97-0224-4cea-9109-621677280207/none_v3" 201 - "PUT https://[::1]:8080/v1/AUTH_7aebe34b89554e87825206ce40aeb2f7/gnocchi.24678e97-0224-4cea-9109-621677280207/none_v3" "txbe55a45377a74067a5f84-0068e33ae8" "proxy-server 94957" 0.0247 "-" 93954 0
Oct 05 23:43:36 np0005471485.novalocal proxy-server[94957]: ::1 ::1 06/Oct/2025/03/43/36 PUT /v1/AUTH_7aebe34b89554e87825206ce40aeb2f7/gnocchi.24678e97-0224-4cea-9109-621677280207/none_v3 HTTP/1.0 201 - python-swiftclient-4.8.0 gAAAAABo4zrG_lV4... 22 - - txbe55a45377a74067a5f84-0068e33ae8 - 0.0345 - - 1759722216.271760225 1759722216.306239605 0 7b03bd18aea8470cbeb747235c58da52
Oct 05 23:43:36 np0005471485.novalocal container-server[93621]: ::1 - - [06/Oct/2025:03:43:36 +0000] "HEAD /1/130722/AUTH_7aebe34b89554e87825206ce40aeb2f7/gnocchi.e9bf18da-02d2-4d76-891d-9dda6f16d513" 404 - "HEAD http://[::1]:8080/v1/AUTH_7aebe34b89554e87825206ce40aeb2f7/gnocchi.e9bf18da-02d2-4d76-891d-9dda6f16d513" "tx4040cae2c6a34724bbc3d-0068e33ae8" "proxy-server 94957" 0.0005 "-" 93621 0
Oct 05 23:43:36 np0005471485.novalocal container-server[93621]: ::1 - - [06/Oct/2025:03:43:36 +0000] "HEAD /3/130722/AUTH_7aebe34b89554e87825206ce40aeb2f7/gnocchi.e9bf18da-02d2-4d76-891d-9dda6f16d513" 404 - "HEAD http://[::1]:8080/v1/AUTH_7aebe34b89554e87825206ce40aeb2f7/gnocchi.e9bf18da-02d2-4d76-891d-9dda6f16d513" "tx4040cae2c6a34724bbc3d-0068e33ae8" "proxy-server 94957" 0.0003 "-" 93621 0
Oct 05 23:43:36 np0005471485.novalocal container-server[93622]: ::1 - - [06/Oct/2025:03:43:36 +0000] "HEAD /2/130722/AUTH_7aebe34b89554e87825206ce40aeb2f7/gnocchi.e9bf18da-02d2-4d76-891d-9dda6f16d513" 404 - "HEAD http://[::1]:8080/v1/AUTH_7aebe34b89554e87825206ce40aeb2f7/gnocchi.e9bf18da-02d2-4d76-891d-9dda6f16d513" "tx4040cae2c6a34724bbc3d-0068e33ae8" "proxy-server 94957" 0.0005 "-" 93622 0
Oct 05 23:43:36 np0005471485.novalocal proxy-server[94957]: - - 06/Oct/2025/03/43/36 HEAD /v1/AUTH_7aebe34b89554e87825206ce40aeb2f7/gnocchi.e9bf18da-02d2-4d76-891d-9dda6f16d513 HTTP/1.0 404 - Swift - - - - tx4040cae2c6a34724bbc3d-0068e33ae8 - 0.0116 CS - 1759722216.341565132 1759722216.353180885 0 -
Oct 05 23:43:36 np0005471485.novalocal object-server[93955]: ::1 - - [06/Oct/2025:03:43:36 +0000] "GET /1/30362/AUTH_7aebe34b89554e87825206ce40aeb2f7/gnocchi.e9bf18da-02d2-4d76-891d-9dda6f16d513/none_v3" 404 70 "GET https://[::1]:8080/v1/AUTH_7aebe34b89554e87825206ce40aeb2f7/gnocchi.e9bf18da-02d2-4d76-891d-9dda6f16d513/none_v3" "tx4040cae2c6a34724bbc3d-0068e33ae8" "proxy-server 94957" 0.0005 "-" 93955 0
Oct 05 23:43:36 np0005471485.novalocal object-server[93955]: ::1 - - [06/Oct/2025:03:43:36 +0000] "GET /2/30362/AUTH_7aebe34b89554e87825206ce40aeb2f7/gnocchi.e9bf18da-02d2-4d76-891d-9dda6f16d513/none_v3" 404 70 "GET https://[::1]:8080/v1/AUTH_7aebe34b89554e87825206ce40aeb2f7/gnocchi.e9bf18da-02d2-4d76-891d-9dda6f16d513/none_v3" "tx4040cae2c6a34724bbc3d-0068e33ae8" "proxy-server 94957" 0.0003 "-" 93955 0
Oct 05 23:43:36 np0005471485.novalocal object-server[93954]: ::1 - - [06/Oct/2025:03:43:36 +0000] "GET /3/30362/AUTH_7aebe34b89554e87825206ce40aeb2f7/gnocchi.e9bf18da-02d2-4d76-891d-9dda6f16d513/none_v3" 404 70 "GET https://[::1]:8080/v1/AUTH_7aebe34b89554e87825206ce40aeb2f7/gnocchi.e9bf18da-02d2-4d76-891d-9dda6f16d513/none_v3" "tx4040cae2c6a34724bbc3d-0068e33ae8" "proxy-server 94957" 0.0008 "-" 93954 0
Oct 05 23:43:36 np0005471485.novalocal proxy-server[94957]: ::1 ::1 06/Oct/2025/03/43/36 GET /v1/AUTH_7aebe34b89554e87825206ce40aeb2f7/gnocchi.e9bf18da-02d2-4d76-891d-9dda6f16d513/none_v3 HTTP/1.0 404 - python-swiftclient-4.8.0 gAAAAABo4zrG_lV4... - 70 - tx4040cae2c6a34724bbc3d-0068e33ae8 - 0.0288 - - 1759722216.340391397 1759722216.369232178 0 7b03bd18aea8470cbeb747235c58da52
Oct 05 23:43:36 np0005471485.novalocal account-server[93328]: ::1 - - [06/Oct/2025:03:43:36 +0000] "PUT /1/145150/AUTH_7aebe34b89554e87825206ce40aeb2f7/gnocchi.e9bf18da-02d2-4d76-891d-9dda6f16d513" 201 - "PUT http://[::1]:6001/3/130722/AUTH_7aebe34b89554e87825206ce40aeb2f7/gnocchi.e9bf18da-02d2-4d76-891d-9dda6f16d513" "tx2df4d151ff5c4f6eb3de4-0068e33ae8" "container-server 93622" 0.0068 "-" 93328 0
Oct 05 23:43:36 np0005471485.novalocal account-server[93329]: ::1 - - [06/Oct/2025:03:43:36 +0000] "PUT /2/145150/AUTH_7aebe34b89554e87825206ce40aeb2f7/gnocchi.e9bf18da-02d2-4d76-891d-9dda6f16d513" 201 - "PUT http://[::1]:6001/2/130722/AUTH_7aebe34b89554e87825206ce40aeb2f7/gnocchi.e9bf18da-02d2-4d76-891d-9dda6f16d513" "tx2df4d151ff5c4f6eb3de4-0068e33ae8" "container-server 93621" 0.0059 "-" 93329 0
Oct 05 23:43:36 np0005471485.novalocal container-server[93621]: ::1 - - [06/Oct/2025:03:43:36 +0000] "PUT /2/130722/AUTH_7aebe34b89554e87825206ce40aeb2f7/gnocchi.e9bf18da-02d2-4d76-891d-9dda6f16d513" 201 - "PUT https://[::1]:8080/v1/AUTH_7aebe34b89554e87825206ce40aeb2f7/gnocchi.e9bf18da-02d2-4d76-891d-9dda6f16d513" "tx2df4d151ff5c4f6eb3de4-0068e33ae8" "proxy-server 94957" 0.0236 "-" 93621 0
Oct 05 23:43:36 np0005471485.novalocal container-server[93622]: ::1 - - [06/Oct/2025:03:43:36 +0000] "PUT /3/130722/AUTH_7aebe34b89554e87825206ce40aeb2f7/gnocchi.e9bf18da-02d2-4d76-891d-9dda6f16d513" 201 - "PUT https://[::1]:8080/v1/AUTH_7aebe34b89554e87825206ce40aeb2f7/gnocchi.e9bf18da-02d2-4d76-891d-9dda6f16d513" "tx2df4d151ff5c4f6eb3de4-0068e33ae8" "proxy-server 94957" 0.0303 "-" 93622 0
Oct 05 23:43:36 np0005471485.novalocal account-server[93328]: ::1 - - [06/Oct/2025:03:43:36 +0000] "PUT /3/145150/AUTH_7aebe34b89554e87825206ce40aeb2f7/gnocchi.e9bf18da-02d2-4d76-891d-9dda6f16d513" 201 - "PUT http://[::1]:6001/1/130722/AUTH_7aebe34b89554e87825206ce40aeb2f7/gnocchi.e9bf18da-02d2-4d76-891d-9dda6f16d513" "tx2df4d151ff5c4f6eb3de4-0068e33ae8" "container-server 93622" 0.0066 "-" 93328 0
Oct 05 23:43:36 np0005471485.novalocal container-server[93622]: ::1 - - [06/Oct/2025:03:43:36 +0000] "PUT /1/130722/AUTH_7aebe34b89554e87825206ce40aeb2f7/gnocchi.e9bf18da-02d2-4d76-891d-9dda6f16d513" 201 - "PUT https://[::1]:8080/v1/AUTH_7aebe34b89554e87825206ce40aeb2f7/gnocchi.e9bf18da-02d2-4d76-891d-9dda6f16d513" "tx2df4d151ff5c4f6eb3de4-0068e33ae8" "proxy-server 94957" 0.0235 "-" 93622 0
Oct 05 23:43:36 np0005471485.novalocal proxy-server[94957]: ::1 ::1 06/Oct/2025/03/43/36 PUT /v1/AUTH_7aebe34b89554e87825206ce40aeb2f7/gnocchi.e9bf18da-02d2-4d76-891d-9dda6f16d513 HTTP/1.0 201 - python-swiftclient-4.8.0 gAAAAABo4zrG_lV4... - - - tx2df4d151ff5c4f6eb3de4-0068e33ae8 - 0.0532 - - 1759722216.374657393 1759722216.427875757 0 7b03bd18aea8470cbeb747235c58da52
Oct 05 23:43:36 np0005471485.novalocal container-server[93621]: ::1 - - [06/Oct/2025:03:43:36 +0000] "HEAD /2/130722/AUTH_7aebe34b89554e87825206ce40aeb2f7/gnocchi.e9bf18da-02d2-4d76-891d-9dda6f16d513" 204 - "HEAD http://[::1]:8080/v1/AUTH_7aebe34b89554e87825206ce40aeb2f7/gnocchi.e9bf18da-02d2-4d76-891d-9dda6f16d513" "txf9a5ec30dc3c4526bf4cc-0068e33ae8" "proxy-server 94957" 0.0023 "-" 93621 0
Oct 05 23:43:36 np0005471485.novalocal proxy-server[94957]: - - 06/Oct/2025/03/43/36 HEAD /v1/AUTH_7aebe34b89554e87825206ce40aeb2f7/gnocchi.e9bf18da-02d2-4d76-891d-9dda6f16d513 HTTP/1.0 204 - Swift - - - - txf9a5ec30dc3c4526bf4cc-0068e33ae8 - 0.0074 CS - 1759722216.433379889 1759722216.440788269 0 -
Oct 05 23:43:36 np0005471485.novalocal container-server[93621]: ::1 - - [06/Oct/2025:03:43:36 +0000] "GET /3/130722/AUTH_7aebe34b89554e87825206ce40aeb2f7/gnocchi.e9bf18da-02d2-4d76-891d-9dda6f16d513" 200 2 "GET https://[::1]:8080/v1/AUTH_7aebe34b89554e87825206ce40aeb2f7/gnocchi.e9bf18da-02d2-4d76-891d-9dda6f16d513?format=json&states=listing" "txf9a5ec30dc3c4526bf4cc-0068e33ae8" "proxy-server 94957" 0.0034 "-" 93621 0
Oct 05 23:43:36 np0005471485.novalocal proxy-server[94957]: ::1 ::1 06/Oct/2025/03/43/36 GET /v1/AUTH_7aebe34b89554e87825206ce40aeb2f7/gnocchi.e9bf18da-02d2-4d76-891d-9dda6f16d513%3Fformat%3Djson%26states%3Dlisting HTTP/1.0 200 - python-swiftclient-4.8.0 gAAAAABo4zrG_lV4... - 2 - txf9a5ec30dc3c4526bf4cc-0068e33ae8 - 0.0256 - - 1759722216.432452917 1759722216.458013773 0 7b03bd18aea8470cbeb747235c58da52
Oct 05 23:43:36 np0005471485.novalocal object-server[93955]: ::1 - - [06/Oct/2025:03:43:36 +0000] "GET /1/244467/AUTH_7aebe34b89554e87825206ce40aeb2f7/gnocchi.e9bf18da-02d2-4d76-891d-9dda6f16d513/1759320000.0_mean_300.0_v3" 404 70 "GET https://[::1]:8080/v1/AUTH_7aebe34b89554e87825206ce40aeb2f7/gnocchi.e9bf18da-02d2-4d76-891d-9dda6f16d513/1759320000.0_mean_300.0_v3" "txd0b378dcab9a4eb19e0e3-0068e33ae8" "proxy-server 94957" 0.0005 "-" 93955 0
Oct 05 23:43:36 np0005471485.novalocal object-server[93954]: ::1 - - [06/Oct/2025:03:43:36 +0000] "GET /3/244467/AUTH_7aebe34b89554e87825206ce40aeb2f7/gnocchi.e9bf18da-02d2-4d76-891d-9dda6f16d513/1759320000.0_mean_300.0_v3" 404 70 "GET https://[::1]:8080/v1/AUTH_7aebe34b89554e87825206ce40aeb2f7/gnocchi.e9bf18da-02d2-4d76-891d-9dda6f16d513/1759320000.0_mean_300.0_v3" "txd0b378dcab9a4eb19e0e3-0068e33ae8" "proxy-server 94957" 0.0005 "-" 93954 0
Oct 05 23:43:36 np0005471485.novalocal object-server[93954]: ::1 - - [06/Oct/2025:03:43:36 +0000] "GET /2/244467/AUTH_7aebe34b89554e87825206ce40aeb2f7/gnocchi.e9bf18da-02d2-4d76-891d-9dda6f16d513/1759320000.0_mean_300.0_v3" 404 70 "GET https://[::1]:8080/v1/AUTH_7aebe34b89554e87825206ce40aeb2f7/gnocchi.e9bf18da-02d2-4d76-891d-9dda6f16d513/1759320000.0_mean_300.0_v3" "txd0b378dcab9a4eb19e0e3-0068e33ae8" "proxy-server 94957" 0.0005 "-" 93954 0
Oct 05 23:43:36 np0005471485.novalocal proxy-server[94957]: ::1 ::1 06/Oct/2025/03/43/36 GET /v1/AUTH_7aebe34b89554e87825206ce40aeb2f7/gnocchi.e9bf18da-02d2-4d76-891d-9dda6f16d513/1759320000.0_mean_300.0_v3 HTTP/1.0 404 - python-swiftclient-4.8.0 gAAAAABo4zrG_lV4... - 70 - txd0b378dcab9a4eb19e0e3-0068e33ae8 - 0.0219 - - 1759722216.462625980 1759722216.484503031 0 7b03bd18aea8470cbeb747235c58da52
Oct 05 23:43:36 np0005471485.novalocal sudo[101931]: cinder : PWD=/ ; USER=root ; COMMAND=/usr/bin/cinder-rootwrap /etc/cinder/rootwrap.conf cinder-rtstool delete-initiator iqn.2010-10.org.openstack:volume-fcfe7e9b-8a68-4f93-9af3-ae4fc6afbc23 iqn.1994-05.com.redhat:601bd34a2b0
Oct 05 23:43:36 np0005471485.novalocal systemd[1]: Started Session c133 of User root.
Oct 05 23:43:36 np0005471485.novalocal container-server[93622]: ::1 - - [06/Oct/2025:03:43:36 +0000] "PUT /2/130722/AUTH_7aebe34b89554e87825206ce40aeb2f7/gnocchi.e9bf18da-02d2-4d76-891d-9dda6f16d513/1759320000.0_mean_300.0_v3" 201 - "PUT http://[::1]:8080/2/244467/AUTH_7aebe34b89554e87825206ce40aeb2f7/gnocchi.e9bf18da-02d2-4d76-891d-9dda6f16d513/1759320000.0_mean_300.0_v3" "tx15b9d18f1b7b41f98ded1-0068e33ae8" "object-server 93954" 0.0009 "-" 93622 0
Oct 05 23:43:36 np0005471485.novalocal object-server[93954]: ::1 - - [06/Oct/2025:03:43:36 +0000] "PUT /2/244467/AUTH_7aebe34b89554e87825206ce40aeb2f7/gnocchi.e9bf18da-02d2-4d76-891d-9dda6f16d513/1759320000.0_mean_300.0_v3" 201 - "PUT https://[::1]:8080/v1/AUTH_7aebe34b89554e87825206ce40aeb2f7/gnocchi.e9bf18da-02d2-4d76-891d-9dda6f16d513/1759320000.0_mean_300.0_v3" "tx15b9d18f1b7b41f98ded1-0068e33ae8" "proxy-server 94957" 0.0218 "-" 93954 0
Oct 05 23:43:36 np0005471485.novalocal container-server[93622]: ::1 - - [06/Oct/2025:03:43:36 +0000] "PUT /3/130722/AUTH_7aebe34b89554e87825206ce40aeb2f7/gnocchi.e9bf18da-02d2-4d76-891d-9dda6f16d513/1759320000.0_mean_300.0_v3" 201 - "PUT http://[::1]:8080/1/244467/AUTH_7aebe34b89554e87825206ce40aeb2f7/gnocchi.e9bf18da-02d2-4d76-891d-9dda6f16d513/1759320000.0_mean_300.0_v3" "tx15b9d18f1b7b41f98ded1-0068e33ae8" "object-server 93954" 0.0010 "-" 93622 0
Oct 05 23:43:36 np0005471485.novalocal object-server[93954]: ::1 - - [06/Oct/2025:03:43:36 +0000] "PUT /1/244467/AUTH_7aebe34b89554e87825206ce40aeb2f7/gnocchi.e9bf18da-02d2-4d76-891d-9dda6f16d513/1759320000.0_mean_300.0_v3" 201 - "PUT https://[::1]:8080/v1/AUTH_7aebe34b89554e87825206ce40aeb2f7/gnocchi.e9bf18da-02d2-4d76-891d-9dda6f16d513/1759320000.0_mean_300.0_v3" "tx15b9d18f1b7b41f98ded1-0068e33ae8" "proxy-server 94957" 0.0180 "-" 93954 0
Oct 05 23:43:36 np0005471485.novalocal container-server[93622]: ::1 - - [06/Oct/2025:03:43:36 +0000] "PUT /1/130722/AUTH_7aebe34b89554e87825206ce40aeb2f7/gnocchi.e9bf18da-02d2-4d76-891d-9dda6f16d513/1759320000.0_mean_300.0_v3" 201 - "PUT http://[::1]:8080/3/244467/AUTH_7aebe34b89554e87825206ce40aeb2f7/gnocchi.e9bf18da-02d2-4d76-891d-9dda6f16d513/1759320000.0_mean_300.0_v3" "tx15b9d18f1b7b41f98ded1-0068e33ae8" "object-server 93954" 0.0009 "-" 93622 0
Oct 05 23:43:36 np0005471485.novalocal object-server[93954]: ::1 - - [06/Oct/2025:03:43:36 +0000] "PUT /3/244467/AUTH_7aebe34b89554e87825206ce40aeb2f7/gnocchi.e9bf18da-02d2-4d76-891d-9dda6f16d513/1759320000.0_mean_300.0_v3" 201 - "PUT https://[::1]:8080/v1/AUTH_7aebe34b89554e87825206ce40aeb2f7/gnocchi.e9bf18da-02d2-4d76-891d-9dda6f16d513/1759320000.0_mean_300.0_v3" "tx15b9d18f1b7b41f98ded1-0068e33ae8" "proxy-server 94957" 0.0240 "-" 93954 0
Oct 05 23:43:36 np0005471485.novalocal proxy-server[94957]: ::1 ::1 06/Oct/2025/03/43/36 PUT /v1/AUTH_7aebe34b89554e87825206ce40aeb2f7/gnocchi.e9bf18da-02d2-4d76-891d-9dda6f16d513/1759320000.0_mean_300.0_v3 HTTP/1.0 201 - python-swiftclient-4.8.0 gAAAAABo4zrG_lV4... 16 - - tx15b9d18f1b7b41f98ded1-0068e33ae8 - 0.0428 - - 1759722216.489309788 1759722216.532081127 0 7b03bd18aea8470cbeb747235c58da52
Oct 05 23:43:36 np0005471485.novalocal sudo[101931]: pam_unix(sudo:session): session opened for user root(uid=0) by (uid=165)
Oct 05 23:43:36 np0005471485.novalocal container-server[93622]: ::1 - - [06/Oct/2025:03:43:36 +0000] "PUT /1/130722/AUTH_7aebe34b89554e87825206ce40aeb2f7/gnocchi.e9bf18da-02d2-4d76-891d-9dda6f16d513/none_v3" 201 - "PUT http://[::1]:8080/3/30362/AUTH_7aebe34b89554e87825206ce40aeb2f7/gnocchi.e9bf18da-02d2-4d76-891d-9dda6f16d513/none_v3" "txcc971cfad15746efb0589-0068e33ae8" "object-server 93955" 0.0008 "-" 93622 0
Oct 05 23:43:36 np0005471485.novalocal container-server[93621]: ::1 - - [06/Oct/2025:03:43:36 +0000] "PUT /3/130722/AUTH_7aebe34b89554e87825206ce40aeb2f7/gnocchi.e9bf18da-02d2-4d76-891d-9dda6f16d513/none_v3" 201 - "PUT http://[::1]:8080/2/30362/AUTH_7aebe34b89554e87825206ce40aeb2f7/gnocchi.e9bf18da-02d2-4d76-891d-9dda6f16d513/none_v3" "txcc971cfad15746efb0589-0068e33ae8" "object-server 93955" 0.0008 "-" 93621 0
Oct 05 23:43:36 np0005471485.novalocal container-server[93622]: ::1 - - [06/Oct/2025:03:43:36 +0000] "PUT /2/130722/AUTH_7aebe34b89554e87825206ce40aeb2f7/gnocchi.e9bf18da-02d2-4d76-891d-9dda6f16d513/none_v3" 201 - "PUT http://[::1]:8080/1/30362/AUTH_7aebe34b89554e87825206ce40aeb2f7/gnocchi.e9bf18da-02d2-4d76-891d-9dda6f16d513/none_v3" "txcc971cfad15746efb0589-0068e33ae8" "object-server 93954" 0.0007 "-" 93622 0
Oct 05 23:43:36 np0005471485.novalocal object-server[93955]: ::1 - - [06/Oct/2025:03:43:36 +0000] "PUT /3/30362/AUTH_7aebe34b89554e87825206ce40aeb2f7/gnocchi.e9bf18da-02d2-4d76-891d-9dda6f16d513/none_v3" 201 - "PUT https://[::1]:8080/v1/AUTH_7aebe34b89554e87825206ce40aeb2f7/gnocchi.e9bf18da-02d2-4d76-891d-9dda6f16d513/none_v3" "txcc971cfad15746efb0589-0068e33ae8" "proxy-server 94957" 0.0181 "-" 93955 0
Oct 05 23:43:36 np0005471485.novalocal object-server[93954]: ::1 - - [06/Oct/2025:03:43:36 +0000] "PUT /1/30362/AUTH_7aebe34b89554e87825206ce40aeb2f7/gnocchi.e9bf18da-02d2-4d76-891d-9dda6f16d513/none_v3" 201 - "PUT https://[::1]:8080/v1/AUTH_7aebe34b89554e87825206ce40aeb2f7/gnocchi.e9bf18da-02d2-4d76-891d-9dda6f16d513/none_v3" "txcc971cfad15746efb0589-0068e33ae8" "proxy-server 94957" 0.0191 "-" 93954 0
Oct 05 23:43:36 np0005471485.novalocal object-server[93955]: ::1 - - [06/Oct/2025:03:43:36 +0000] "PUT /2/30362/AUTH_7aebe34b89554e87825206ce40aeb2f7/gnocchi.e9bf18da-02d2-4d76-891d-9dda6f16d513/none_v3" 201 - "PUT https://[::1]:8080/v1/AUTH_7aebe34b89554e87825206ce40aeb2f7/gnocchi.e9bf18da-02d2-4d76-891d-9dda6f16d513/none_v3" "txcc971cfad15746efb0589-0068e33ae8" "proxy-server 94957" 0.0172 "-" 93955 0
Oct 05 23:43:36 np0005471485.novalocal proxy-server[94957]: ::1 ::1 06/Oct/2025/03/43/36 PUT /v1/AUTH_7aebe34b89554e87825206ce40aeb2f7/gnocchi.e9bf18da-02d2-4d76-891d-9dda6f16d513/none_v3 HTTP/1.0 201 - python-swiftclient-4.8.0 gAAAAABo4zrG_lV4... 22 - - txcc971cfad15746efb0589-0068e33ae8 - 0.0333 - - 1759722216.537610292 1759722216.570921659 0 7b03bd18aea8470cbeb747235c58da52
Oct 05 23:43:36 np0005471485.novalocal container-server[93622]: ::1 - - [06/Oct/2025:03:43:36 +0000] "HEAD /1/162539/AUTH_7aebe34b89554e87825206ce40aeb2f7/gnocchi.a58d423c-fe5a-4b38-a10f-68a325e6df32" 404 - "HEAD http://[::1]:8080/v1/AUTH_7aebe34b89554e87825206ce40aeb2f7/gnocchi.a58d423c-fe5a-4b38-a10f-68a325e6df32" "txbae4ea97913944ab91641-0068e33ae8" "proxy-server 94957" 0.0004 "-" 93622 0
Oct 05 23:43:36 np0005471485.novalocal container-server[93621]: ::1 - - [06/Oct/2025:03:43:36 +0000] "HEAD /2/162539/AUTH_7aebe34b89554e87825206ce40aeb2f7/gnocchi.a58d423c-fe5a-4b38-a10f-68a325e6df32" 404 - "HEAD http://[::1]:8080/v1/AUTH_7aebe34b89554e87825206ce40aeb2f7/gnocchi.a58d423c-fe5a-4b38-a10f-68a325e6df32" "txbae4ea97913944ab91641-0068e33ae8" "proxy-server 94957" 0.0004 "-" 93621 0
Oct 05 23:43:36 np0005471485.novalocal container-server[93622]: ::1 - - [06/Oct/2025:03:43:36 +0000] "HEAD /3/162539/AUTH_7aebe34b89554e87825206ce40aeb2f7/gnocchi.a58d423c-fe5a-4b38-a10f-68a325e6df32" 404 - "HEAD http://[::1]:8080/v1/AUTH_7aebe34b89554e87825206ce40aeb2f7/gnocchi.a58d423c-fe5a-4b38-a10f-68a325e6df32" "txbae4ea97913944ab91641-0068e33ae8" "proxy-server 94957" 0.0005 "-" 93622 0
Oct 05 23:43:36 np0005471485.novalocal proxy-server[94957]: - - 06/Oct/2025/03/43/36 HEAD /v1/AUTH_7aebe34b89554e87825206ce40aeb2f7/gnocchi.a58d423c-fe5a-4b38-a10f-68a325e6df32 HTTP/1.0 404 - Swift - - - - txbae4ea97913944ab91641-0068e33ae8 - 0.0200 CS - 1759722216.636049271 1759722216.656001091 0 -
Oct 05 23:43:36 np0005471485.novalocal object-server[93954]: ::1 - - [06/Oct/2025:03:43:36 +0000] "GET /3/137659/AUTH_7aebe34b89554e87825206ce40aeb2f7/gnocchi.a58d423c-fe5a-4b38-a10f-68a325e6df32/none_v3" 404 70 "GET https://[::1]:8080/v1/AUTH_7aebe34b89554e87825206ce40aeb2f7/gnocchi.a58d423c-fe5a-4b38-a10f-68a325e6df32/none_v3" "txbae4ea97913944ab91641-0068e33ae8" "proxy-server 94957" 0.0007 "-" 93954 0
Oct 05 23:43:36 np0005471485.novalocal object-server[93955]: ::1 - - [06/Oct/2025:03:43:36 +0000] "GET /2/137659/AUTH_7aebe34b89554e87825206ce40aeb2f7/gnocchi.a58d423c-fe5a-4b38-a10f-68a325e6df32/none_v3" 404 70 "GET https://[::1]:8080/v1/AUTH_7aebe34b89554e87825206ce40aeb2f7/gnocchi.a58d423c-fe5a-4b38-a10f-68a325e6df32/none_v3" "txbae4ea97913944ab91641-0068e33ae8" "proxy-server 94957" 0.0005 "-" 93955 0
Oct 05 23:43:36 np0005471485.novalocal object-server[93954]: ::1 - - [06/Oct/2025:03:43:36 +0000] "GET /1/137659/AUTH_7aebe34b89554e87825206ce40aeb2f7/gnocchi.a58d423c-fe5a-4b38-a10f-68a325e6df32/none_v3" 404 70 "GET https://[::1]:8080/v1/AUTH_7aebe34b89554e87825206ce40aeb2f7/gnocchi.a58d423c-fe5a-4b38-a10f-68a325e6df32/none_v3" "txbae4ea97913944ab91641-0068e33ae8" "proxy-server 94957" 0.0004 "-" 93954 0
Oct 05 23:43:36 np0005471485.novalocal proxy-server[94957]: ::1 ::1 06/Oct/2025/03/43/36 GET /v1/AUTH_7aebe34b89554e87825206ce40aeb2f7/gnocchi.a58d423c-fe5a-4b38-a10f-68a325e6df32/none_v3 HTTP/1.0 404 - python-swiftclient-4.8.0 gAAAAABo4zrG_lV4... - 70 - txbae4ea97913944ab91641-0068e33ae8 - 0.0398 - - 1759722216.634305477 1759722216.674133062 0 7b03bd18aea8470cbeb747235c58da52
Oct 05 23:43:36 np0005471485.novalocal account-server[93329]: ::1 - - [06/Oct/2025:03:43:36 +0000] "PUT /3/145150/AUTH_7aebe34b89554e87825206ce40aeb2f7/gnocchi.a58d423c-fe5a-4b38-a10f-68a325e6df32" 201 - "PUT http://[::1]:6001/2/162539/AUTH_7aebe34b89554e87825206ce40aeb2f7/gnocchi.a58d423c-fe5a-4b38-a10f-68a325e6df32" "txbd02a120fffd4778b639b-0068e33ae8" "container-server 93621" 0.0054 "-" 93329 0
Oct 05 23:43:36 np0005471485.novalocal container-server[93621]: ::1 - - [06/Oct/2025:03:43:36 +0000] "PUT /2/162539/AUTH_7aebe34b89554e87825206ce40aeb2f7/gnocchi.a58d423c-fe5a-4b38-a10f-68a325e6df32" 201 - "PUT https://[::1]:8080/v1/AUTH_7aebe34b89554e87825206ce40aeb2f7/gnocchi.a58d423c-fe5a-4b38-a10f-68a325e6df32" "txbd02a120fffd4778b639b-0068e33ae8" "proxy-server 94957" 0.0190 "-" 93621 0
Oct 05 23:43:36 np0005471485.novalocal account-server[93329]: ::1 - - [06/Oct/2025:03:43:36 +0000] "PUT /2/145150/AUTH_7aebe34b89554e87825206ce40aeb2f7/gnocchi.a58d423c-fe5a-4b38-a10f-68a325e6df32" 201 - "PUT http://[::1]:6001/3/162539/AUTH_7aebe34b89554e87825206ce40aeb2f7/gnocchi.a58d423c-fe5a-4b38-a10f-68a325e6df32" "txbd02a120fffd4778b639b-0068e33ae8" "container-server 93622" 0.0053 "-" 93329 0
Oct 05 23:43:36 np0005471485.novalocal container-server[93622]: ::1 - - [06/Oct/2025:03:43:36 +0000] "PUT /3/162539/AUTH_7aebe34b89554e87825206ce40aeb2f7/gnocchi.a58d423c-fe5a-4b38-a10f-68a325e6df32" 201 - "PUT https://[::1]:8080/v1/AUTH_7aebe34b89554e87825206ce40aeb2f7/gnocchi.a58d423c-fe5a-4b38-a10f-68a325e6df32" "txbd02a120fffd4778b639b-0068e33ae8" "proxy-server 94957" 0.0447 "-" 93622 0
Oct 05 23:43:36 np0005471485.novalocal haproxy-metadata-proxy-b5d8d036-57dd-4097-9b57-cd85306d5865[100545]: ::ffff:10.100.0.10:36750 [05/Oct/2025:23:43:35.702] listener listener/metadata 0/0/0/1031/1031 200 182 - - ---- 1/1/0/0/0 0/0 "GET /2009-04-04/user-data HTTP/1.1"
Oct 05 23:43:36 np0005471485.novalocal account-server[93329]: ::1 - - [06/Oct/2025:03:43:36 +0000] "PUT /1/145150/AUTH_7aebe34b89554e87825206ce40aeb2f7/gnocchi.a58d423c-fe5a-4b38-a10f-68a325e6df32" 201 - "PUT http://[::1]:6001/1/162539/AUTH_7aebe34b89554e87825206ce40aeb2f7/gnocchi.a58d423c-fe5a-4b38-a10f-68a325e6df32" "txbd02a120fffd4778b639b-0068e33ae8" "container-server 93622" 0.0059 "-" 93329 0
Oct 05 23:43:36 np0005471485.novalocal container-server[93622]: ::1 - - [06/Oct/2025:03:43:36 +0000] "PUT /1/162539/AUTH_7aebe34b89554e87825206ce40aeb2f7/gnocchi.a58d423c-fe5a-4b38-a10f-68a325e6df32" 201 - "PUT https://[::1]:8080/v1/AUTH_7aebe34b89554e87825206ce40aeb2f7/gnocchi.a58d423c-fe5a-4b38-a10f-68a325e6df32" "txbd02a120fffd4778b639b-0068e33ae8" "proxy-server 94957" 0.0289 "-" 93622 0
Oct 05 23:43:36 np0005471485.novalocal proxy-server[94957]: ::1 ::1 06/Oct/2025/03/43/36 PUT /v1/AUTH_7aebe34b89554e87825206ce40aeb2f7/gnocchi.a58d423c-fe5a-4b38-a10f-68a325e6df32 HTTP/1.0 201 - python-swiftclient-4.8.0 gAAAAABo4zrG_lV4... - - - txbd02a120fffd4778b639b-0068e33ae8 - 0.0614 - - 1759722216.677903175 1759722216.739315987 0 7b03bd18aea8470cbeb747235c58da52
Oct 05 23:43:36 np0005471485.novalocal container-server[93622]: ::1 - - [06/Oct/2025:03:43:36 +0000] "HEAD /1/162539/AUTH_7aebe34b89554e87825206ce40aeb2f7/gnocchi.a58d423c-fe5a-4b38-a10f-68a325e6df32" 204 - "HEAD http://[::1]:8080/v1/AUTH_7aebe34b89554e87825206ce40aeb2f7/gnocchi.a58d423c-fe5a-4b38-a10f-68a325e6df32" "txc025dc0ed3944d9184aa0-0068e33ae8" "proxy-server 94957" 0.0024 "-" 93622 0
Oct 05 23:43:36 np0005471485.novalocal proxy-server[94957]: - - 06/Oct/2025/03/43/36 HEAD /v1/AUTH_7aebe34b89554e87825206ce40aeb2f7/gnocchi.a58d423c-fe5a-4b38-a10f-68a325e6df32 HTTP/1.0 204 - Swift - - - - txc025dc0ed3944d9184aa0-0068e33ae8 - 0.0076 CS - 1759722216.745114088 1759722216.752761841 0 -
Oct 05 23:43:36 np0005471485.novalocal container-server[93621]: ::1 - - [06/Oct/2025:03:43:36 +0000] "GET /1/162539/AUTH_7aebe34b89554e87825206ce40aeb2f7/gnocchi.a58d423c-fe5a-4b38-a10f-68a325e6df32" 200 2 "GET https://[::1]:8080/v1/AUTH_7aebe34b89554e87825206ce40aeb2f7/gnocchi.a58d423c-fe5a-4b38-a10f-68a325e6df32?format=json&states=listing" "txc025dc0ed3944d9184aa0-0068e33ae8" "proxy-server 94957" 0.0026 "-" 93621 0
Oct 05 23:43:36 np0005471485.novalocal proxy-server[94957]: ::1 ::1 06/Oct/2025/03/43/36 GET /v1/AUTH_7aebe34b89554e87825206ce40aeb2f7/gnocchi.a58d423c-fe5a-4b38-a10f-68a325e6df32%3Fformat%3Djson%26states%3Dlisting HTTP/1.0 200 - python-swiftclient-4.8.0 gAAAAABo4zrG_lV4... - 2 - txc025dc0ed3944d9184aa0-0068e33ae8 - 0.0215 - - 1759722216.744126797 1759722216.765586853 0 7b03bd18aea8470cbeb747235c58da52
Oct 05 23:43:36 np0005471485.novalocal object-server[93954]: ::1 - - [06/Oct/2025:03:43:36 +0000] "GET /1/51970/AUTH_7aebe34b89554e87825206ce40aeb2f7/gnocchi.a58d423c-fe5a-4b38-a10f-68a325e6df32/1759320000.0_mean_300.0_v3" 404 70 "GET https://[::1]:8080/v1/AUTH_7aebe34b89554e87825206ce40aeb2f7/gnocchi.a58d423c-fe5a-4b38-a10f-68a325e6df32/1759320000.0_mean_300.0_v3" "tx1704a28c801f496b84e1a-0068e33ae8" "proxy-server 94957" 0.0003 "-" 93954 0
Oct 05 23:43:36 np0005471485.novalocal object-server[93955]: ::1 - - [06/Oct/2025:03:43:36 +0000] "GET /2/51970/AUTH_7aebe34b89554e87825206ce40aeb2f7/gnocchi.a58d423c-fe5a-4b38-a10f-68a325e6df32/1759320000.0_mean_300.0_v3" 404 70 "GET https://[::1]:8080/v1/AUTH_7aebe34b89554e87825206ce40aeb2f7/gnocchi.a58d423c-fe5a-4b38-a10f-68a325e6df32/1759320000.0_mean_300.0_v3" "tx1704a28c801f496b84e1a-0068e33ae8" "proxy-server 94957" 0.0005 "-" 93955 0
Oct 05 23:43:36 np0005471485.novalocal object-server[93954]: ::1 - - [06/Oct/2025:03:43:36 +0000] "GET /3/51970/AUTH_7aebe34b89554e87825206ce40aeb2f7/gnocchi.a58d423c-fe5a-4b38-a10f-68a325e6df32/1759320000.0_mean_300.0_v3" 404 70 "GET https://[::1]:8080/v1/AUTH_7aebe34b89554e87825206ce40aeb2f7/gnocchi.a58d423c-fe5a-4b38-a10f-68a325e6df32/1759320000.0_mean_300.0_v3" "tx1704a28c801f496b84e1a-0068e33ae8" "proxy-server 94957" 0.0002 "-" 93954 0
Oct 05 23:43:36 np0005471485.novalocal proxy-server[94957]: ::1 ::1 06/Oct/2025/03/43/36 GET /v1/AUTH_7aebe34b89554e87825206ce40aeb2f7/gnocchi.a58d423c-fe5a-4b38-a10f-68a325e6df32/1759320000.0_mean_300.0_v3 HTTP/1.0 404 - python-swiftclient-4.8.0 gAAAAABo4zrG_lV4... - 70 - tx1704a28c801f496b84e1a-0068e33ae8 - 0.0201 - - 1759722216.771583080 1759722216.791645765 0 7b03bd18aea8470cbeb747235c58da52
Oct 05 23:43:36 np0005471485.novalocal container-server[93622]: ::1 - - [06/Oct/2025:03:43:36 +0000] "PUT /3/162539/AUTH_7aebe34b89554e87825206ce40aeb2f7/gnocchi.a58d423c-fe5a-4b38-a10f-68a325e6df32/1759320000.0_mean_300.0_v3" 201 - "PUT http://[::1]:8080/3/51970/AUTH_7aebe34b89554e87825206ce40aeb2f7/gnocchi.a58d423c-fe5a-4b38-a10f-68a325e6df32/1759320000.0_mean_300.0_v3" "txd71045255e6c40d68c676-0068e33ae8" "object-server 93955" 0.0012 "-" 93622 0
Oct 05 23:43:36 np0005471485.novalocal object-server[93955]: ::1 - - [06/Oct/2025:03:43:36 +0000] "PUT /3/51970/AUTH_7aebe34b89554e87825206ce40aeb2f7/gnocchi.a58d423c-fe5a-4b38-a10f-68a325e6df32/1759320000.0_mean_300.0_v3" 201 - "PUT https://[::1]:8080/v1/AUTH_7aebe34b89554e87825206ce40aeb2f7/gnocchi.a58d423c-fe5a-4b38-a10f-68a325e6df32/1759320000.0_mean_300.0_v3" "txd71045255e6c40d68c676-0068e33ae8" "proxy-server 94957" 0.0195 "-" 93955 0
Oct 05 23:43:36 np0005471485.novalocal container-server[93621]: ::1 - - [06/Oct/2025:03:43:36 +0000] "PUT /1/162539/AUTH_7aebe34b89554e87825206ce40aeb2f7/gnocchi.a58d423c-fe5a-4b38-a10f-68a325e6df32/1759320000.0_mean_300.0_v3" 201 - "PUT http://[::1]:8080/1/51970/AUTH_7aebe34b89554e87825206ce40aeb2f7/gnocchi.a58d423c-fe5a-4b38-a10f-68a325e6df32/1759320000.0_mean_300.0_v3" "txd71045255e6c40d68c676-0068e33ae8" "object-server 93955" 0.0013 "-" 93621 0
Oct 05 23:43:36 np0005471485.novalocal object-server[93955]: ::1 - - [06/Oct/2025:03:43:36 +0000] "PUT /1/51970/AUTH_7aebe34b89554e87825206ce40aeb2f7/gnocchi.a58d423c-fe5a-4b38-a10f-68a325e6df32/1759320000.0_mean_300.0_v3" 201 - "PUT https://[::1]:8080/v1/AUTH_7aebe34b89554e87825206ce40aeb2f7/gnocchi.a58d423c-fe5a-4b38-a10f-68a325e6df32/1759320000.0_mean_300.0_v3" "txd71045255e6c40d68c676-0068e33ae8" "proxy-server 94957" 0.0173 "-" 93955 0
Oct 05 23:43:36 np0005471485.novalocal container-server[93621]: ::1 - - [06/Oct/2025:03:43:36 +0000] "PUT /2/162539/AUTH_7aebe34b89554e87825206ce40aeb2f7/gnocchi.a58d423c-fe5a-4b38-a10f-68a325e6df32/1759320000.0_mean_300.0_v3" 201 - "PUT http://[::1]:8080/2/51970/AUTH_7aebe34b89554e87825206ce40aeb2f7/gnocchi.a58d423c-fe5a-4b38-a10f-68a325e6df32/1759320000.0_mean_300.0_v3" "txd71045255e6c40d68c676-0068e33ae8" "object-server 93954" 0.0008 "-" 93621 0
Oct 05 23:43:36 np0005471485.novalocal object-server[93954]: ::1 - - [06/Oct/2025:03:43:36 +0000] "PUT /2/51970/AUTH_7aebe34b89554e87825206ce40aeb2f7/gnocchi.a58d423c-fe5a-4b38-a10f-68a325e6df32/1759320000.0_mean_300.0_v3" 201 - "PUT https://[::1]:8080/v1/AUTH_7aebe34b89554e87825206ce40aeb2f7/gnocchi.a58d423c-fe5a-4b38-a10f-68a325e6df32/1759320000.0_mean_300.0_v3" "txd71045255e6c40d68c676-0068e33ae8" "proxy-server 94957" 0.0212 "-" 93954 0
Oct 05 23:43:36 np0005471485.novalocal proxy-server[94957]: ::1 ::1 06/Oct/2025/03/43/36 PUT /v1/AUTH_7aebe34b89554e87825206ce40aeb2f7/gnocchi.a58d423c-fe5a-4b38-a10f-68a325e6df32/1759320000.0_mean_300.0_v3 HTTP/1.0 201 - python-swiftclient-4.8.0 gAAAAABo4zrG_lV4... 16 - - txd71045255e6c40d68c676-0068e33ae8 - 0.0372 - - 1759722216.796887875 1759722216.834066629 0 7b03bd18aea8470cbeb747235c58da52
Oct 05 23:43:36 np0005471485.novalocal container-server[93622]: ::1 - - [06/Oct/2025:03:43:36 +0000] "PUT /3/162539/AUTH_7aebe34b89554e87825206ce40aeb2f7/gnocchi.a58d423c-fe5a-4b38-a10f-68a325e6df32/none_v3" 201 - "PUT http://[::1]:8080/1/137659/AUTH_7aebe34b89554e87825206ce40aeb2f7/gnocchi.a58d423c-fe5a-4b38-a10f-68a325e6df32/none_v3" "txa67be38e867a418da08c5-0068e33ae8" "object-server 93955" 0.0010 "-" 93622 0
