Oct 05 23:43:57 np0005471485.novalocal proxy-server[94957]: ::1 ::1 06/Oct/2025/03/43/57 GET /v1/AUTH_7aebe34b89554e87825206ce40aeb2f7/gnocchi.2dcb0701-b8e9-463d-83b7-ab385e133cc4%3Fformat%3Djson%26states%3Dlisting HTTP/1.0 200 - python-swiftclient-4.8.0 gAAAAABo4zrG_lV4... - 2 - tx2cceac3b65cd4774a95e1-0068e33afd - 0.0158 - - 1759722237.336234570 1759722237.352074385 0 7b03bd18aea8470cbeb747235c58da52
Oct 05 23:43:57 np0005471485.novalocal object-server[93955]: ::1 - - [06/Oct/2025:03:43:57 +0000] "GET /3/94058/AUTH_7aebe34b89554e87825206ce40aeb2f7/gnocchi.2dcb0701-b8e9-463d-83b7-ab385e133cc4/1759320000.0_mean_300.0_v3" 404 70 "GET https://[::1]:8080/v1/AUTH_7aebe34b89554e87825206ce40aeb2f7/gnocchi.2dcb0701-b8e9-463d-83b7-ab385e133cc4/1759320000.0_mean_300.0_v3" "txd3cb0270fb584f079eb1a-0068e33afd" "proxy-server 94957" 0.0004 "-" 93955 0
Oct 05 23:43:57 np0005471485.novalocal object-server[93954]: ::1 - - [06/Oct/2025:03:43:57 +0000] "GET /2/94058/AUTH_7aebe34b89554e87825206ce40aeb2f7/gnocchi.2dcb0701-b8e9-463d-83b7-ab385e133cc4/1759320000.0_mean_300.0_v3" 404 70 "GET https://[::1]:8080/v1/AUTH_7aebe34b89554e87825206ce40aeb2f7/gnocchi.2dcb0701-b8e9-463d-83b7-ab385e133cc4/1759320000.0_mean_300.0_v3" "txd3cb0270fb584f079eb1a-0068e33afd" "proxy-server 94957" 0.0005 "-" 93954 0
Oct 05 23:43:57 np0005471485.novalocal object-server[93955]: ::1 - - [06/Oct/2025:03:43:57 +0000] "GET /1/94058/AUTH_7aebe34b89554e87825206ce40aeb2f7/gnocchi.2dcb0701-b8e9-463d-83b7-ab385e133cc4/1759320000.0_mean_300.0_v3" 404 70 "GET https://[::1]:8080/v1/AUTH_7aebe34b89554e87825206ce40aeb2f7/gnocchi.2dcb0701-b8e9-463d-83b7-ab385e133cc4/1759320000.0_mean_300.0_v3" "txd3cb0270fb584f079eb1a-0068e33afd" "proxy-server 94957" 0.0004 "-" 93955 0
Oct 05 23:43:57 np0005471485.novalocal proxy-server[94957]: ::1 ::1 06/Oct/2025/03/43/57 GET /v1/AUTH_7aebe34b89554e87825206ce40aeb2f7/gnocchi.2dcb0701-b8e9-463d-83b7-ab385e133cc4/1759320000.0_mean_300.0_v3 HTTP/1.0 404 - python-swiftclient-4.8.0 gAAAAABo4zrG_lV4... - 70 - txd3cb0270fb584f079eb1a-0068e33afd - 0.0200 - - 1759722237.356817722 1759722237.376828194 0 7b03bd18aea8470cbeb747235c58da52
Oct 05 23:43:57 np0005471485.novalocal container-server[93622]: ::1 - - [06/Oct/2025:03:43:57 +0000] "PUT /1/229513/AUTH_7aebe34b89554e87825206ce40aeb2f7/gnocchi.2dcb0701-b8e9-463d-83b7-ab385e133cc4/1759320000.0_mean_300.0_v3" 201 - "PUT http://[::1]:8080/3/94058/AUTH_7aebe34b89554e87825206ce40aeb2f7/gnocchi.2dcb0701-b8e9-463d-83b7-ab385e133cc4/1759320000.0_mean_300.0_v3" "txb314a065db674e66a1f75-0068e33afd" "object-server 93955" 0.0005 "-" 93622 0
Oct 05 23:43:57 np0005471485.novalocal container-server[93621]: ::1 - - [06/Oct/2025:03:43:57 +0000] "PUT /2/229513/AUTH_7aebe34b89554e87825206ce40aeb2f7/gnocchi.2dcb0701-b8e9-463d-83b7-ab385e133cc4/1759320000.0_mean_300.0_v3" 201 - "PUT http://[::1]:8080/1/94058/AUTH_7aebe34b89554e87825206ce40aeb2f7/gnocchi.2dcb0701-b8e9-463d-83b7-ab385e133cc4/1759320000.0_mean_300.0_v3" "txb314a065db674e66a1f75-0068e33afd" "object-server 93954" 0.0007 "-" 93621 0
Oct 05 23:43:57 np0005471485.novalocal object-server[93954]: ::1 - - [06/Oct/2025:03:43:57 +0000] "PUT /1/94058/AUTH_7aebe34b89554e87825206ce40aeb2f7/gnocchi.2dcb0701-b8e9-463d-83b7-ab385e133cc4/1759320000.0_mean_300.0_v3" 201 - "PUT https://[::1]:8080/v1/AUTH_7aebe34b89554e87825206ce40aeb2f7/gnocchi.2dcb0701-b8e9-463d-83b7-ab385e133cc4/1759320000.0_mean_300.0_v3" "txb314a065db674e66a1f75-0068e33afd" "proxy-server 94957" 0.0148 "-" 93954 0
Oct 05 23:43:57 np0005471485.novalocal container-server[93621]: ::1 - - [06/Oct/2025:03:43:57 +0000] "PUT /3/229513/AUTH_7aebe34b89554e87825206ce40aeb2f7/gnocchi.2dcb0701-b8e9-463d-83b7-ab385e133cc4/1759320000.0_mean_300.0_v3" 201 - "PUT http://[::1]:8080/2/94058/AUTH_7aebe34b89554e87825206ce40aeb2f7/gnocchi.2dcb0701-b8e9-463d-83b7-ab385e133cc4/1759320000.0_mean_300.0_v3" "txb314a065db674e66a1f75-0068e33afd" "object-server 93954" 0.0005 "-" 93621 0
Oct 05 23:43:57 np0005471485.novalocal object-server[93954]: ::1 - - [06/Oct/2025:03:43:57 +0000] "PUT /2/94058/AUTH_7aebe34b89554e87825206ce40aeb2f7/gnocchi.2dcb0701-b8e9-463d-83b7-ab385e133cc4/1759320000.0_mean_300.0_v3" 201 - "PUT https://[::1]:8080/v1/AUTH_7aebe34b89554e87825206ce40aeb2f7/gnocchi.2dcb0701-b8e9-463d-83b7-ab385e133cc4/1759320000.0_mean_300.0_v3" "txb314a065db674e66a1f75-0068e33afd" "proxy-server 94957" 0.0128 "-" 93954 0
Oct 05 23:43:57 np0005471485.novalocal object-server[93955]: ::1 - - [06/Oct/2025:03:43:57 +0000] "PUT /3/94058/AUTH_7aebe34b89554e87825206ce40aeb2f7/gnocchi.2dcb0701-b8e9-463d-83b7-ab385e133cc4/1759320000.0_mean_300.0_v3" 201 - "PUT https://[::1]:8080/v1/AUTH_7aebe34b89554e87825206ce40aeb2f7/gnocchi.2dcb0701-b8e9-463d-83b7-ab385e133cc4/1759320000.0_mean_300.0_v3" "txb314a065db674e66a1f75-0068e33afd" "proxy-server 94957" 0.0164 "-" 93955 0
Oct 05 23:43:57 np0005471485.novalocal proxy-server[94957]: ::1 ::1 06/Oct/2025/03/43/57 PUT /v1/AUTH_7aebe34b89554e87825206ce40aeb2f7/gnocchi.2dcb0701-b8e9-463d-83b7-ab385e133cc4/1759320000.0_mean_300.0_v3 HTTP/1.0 201 - python-swiftclient-4.8.0 gAAAAABo4zrG_lV4... 16 - - txb314a065db674e66a1f75-0068e33afd - 0.0255 - - 1759722237.381081104 1759722237.406544685 0 7b03bd18aea8470cbeb747235c58da52
Oct 05 23:43:57 np0005471485.novalocal container-server[93622]: ::1 - - [06/Oct/2025:03:43:57 +0000] "PUT /2/229513/AUTH_7aebe34b89554e87825206ce40aeb2f7/gnocchi.2dcb0701-b8e9-463d-83b7-ab385e133cc4/none_v3" 201 - "PUT http://[::1]:8080/1/231754/AUTH_7aebe34b89554e87825206ce40aeb2f7/gnocchi.2dcb0701-b8e9-463d-83b7-ab385e133cc4/none_v3" "tx8b1af08d85ba4ae1a8b68-0068e33afd" "object-server 93955" 0.0005 "-" 93622 0
Oct 05 23:43:57 np0005471485.novalocal container-server[93622]: ::1 - - [06/Oct/2025:03:43:57 +0000] "PUT /1/229513/AUTH_7aebe34b89554e87825206ce40aeb2f7/gnocchi.2dcb0701-b8e9-463d-83b7-ab385e133cc4/none_v3" 201 - "PUT http://[::1]:8080/2/231754/AUTH_7aebe34b89554e87825206ce40aeb2f7/gnocchi.2dcb0701-b8e9-463d-83b7-ab385e133cc4/none_v3" "tx8b1af08d85ba4ae1a8b68-0068e33afd" "object-server 93955" 0.0003 "-" 93622 0
Oct 05 23:43:57 np0005471485.novalocal object-server[93955]: ::1 - - [06/Oct/2025:03:43:57 +0000] "PUT /1/231754/AUTH_7aebe34b89554e87825206ce40aeb2f7/gnocchi.2dcb0701-b8e9-463d-83b7-ab385e133cc4/none_v3" 201 - "PUT https://[::1]:8080/v1/AUTH_7aebe34b89554e87825206ce40aeb2f7/gnocchi.2dcb0701-b8e9-463d-83b7-ab385e133cc4/none_v3" "tx8b1af08d85ba4ae1a8b68-0068e33afd" "proxy-server 94957" 0.0137 "-" 93955 0
Oct 05 23:43:57 np0005471485.novalocal object-server[93955]: ::1 - - [06/Oct/2025:03:43:57 +0000] "PUT /2/231754/AUTH_7aebe34b89554e87825206ce40aeb2f7/gnocchi.2dcb0701-b8e9-463d-83b7-ab385e133cc4/none_v3" 201 - "PUT https://[::1]:8080/v1/AUTH_7aebe34b89554e87825206ce40aeb2f7/gnocchi.2dcb0701-b8e9-463d-83b7-ab385e133cc4/none_v3" "tx8b1af08d85ba4ae1a8b68-0068e33afd" "proxy-server 94957" 0.0160 "-" 93955 0
Oct 05 23:43:57 np0005471485.novalocal container-server[93622]: ::1 - - [06/Oct/2025:03:43:57 +0000] "PUT /3/229513/AUTH_7aebe34b89554e87825206ce40aeb2f7/gnocchi.2dcb0701-b8e9-463d-83b7-ab385e133cc4/none_v3" 201 - "PUT http://[::1]:8080/3/231754/AUTH_7aebe34b89554e87825206ce40aeb2f7/gnocchi.2dcb0701-b8e9-463d-83b7-ab385e133cc4/none_v3" "tx8b1af08d85ba4ae1a8b68-0068e33afd" "object-server 93955" 0.0003 "-" 93622 0
Oct 05 23:43:57 np0005471485.novalocal object-server[93955]: ::1 - - [06/Oct/2025:03:43:57 +0000] "PUT /3/231754/AUTH_7aebe34b89554e87825206ce40aeb2f7/gnocchi.2dcb0701-b8e9-463d-83b7-ab385e133cc4/none_v3" 201 - "PUT https://[::1]:8080/v1/AUTH_7aebe34b89554e87825206ce40aeb2f7/gnocchi.2dcb0701-b8e9-463d-83b7-ab385e133cc4/none_v3" "tx8b1af08d85ba4ae1a8b68-0068e33afd" "proxy-server 94957" 0.0187 "-" 93955 0
Oct 05 23:43:57 np0005471485.novalocal proxy-server[94957]: ::1 ::1 06/Oct/2025/03/43/57 PUT /v1/AUTH_7aebe34b89554e87825206ce40aeb2f7/gnocchi.2dcb0701-b8e9-463d-83b7-ab385e133cc4/none_v3 HTTP/1.0 201 - python-swiftclient-4.8.0 gAAAAABo4zrG_lV4... 22 - - tx8b1af08d85ba4ae1a8b68-0068e33afd - 0.0259 - - 1759722237.410952091 1759722237.436891317 0 7b03bd18aea8470cbeb747235c58da52
Oct 05 23:43:57 np0005471485.novalocal account-server[93328]: ::1 - - [06/Oct/2025:03:43:57 +0000] "PUT /3/145150/AUTH_7aebe34b89554e87825206ce40aeb2f7/gnocchi.e0665dff-a464-4e7b-979b-077ba64b2774" 201 - "-" "-" "container-updater 92792" 0.0004 "-" 93328 0
Oct 05 23:43:57 np0005471485.novalocal account-server[93328]: ::1 - - [06/Oct/2025:03:43:57 +0000] "PUT /2/145150/AUTH_7aebe34b89554e87825206ce40aeb2f7/gnocchi.e0665dff-a464-4e7b-979b-077ba64b2774" 201 - "-" "-" "container-updater 92792" 0.0002 "-" 93328 0
Oct 05 23:43:57 np0005471485.novalocal account-server[93329]: ::1 - - [06/Oct/2025:03:43:57 +0000] "PUT /1/145150/AUTH_7aebe34b89554e87825206ce40aeb2f7/gnocchi.e0665dff-a464-4e7b-979b-077ba64b2774" 201 - "-" "-" "container-updater 92792" 0.0007 "-" 93329 0
Oct 05 23:43:57 np0005471485.novalocal container-server[93621]: ::1 - - [06/Oct/2025:03:43:57 +0000] "HEAD /2/184372/AUTH_7aebe34b89554e87825206ce40aeb2f7/gnocchi.d0966005-2490-4ff6-8f3d-5a0137051ceb" 404 - "HEAD http://[::1]:8080/v1/AUTH_7aebe34b89554e87825206ce40aeb2f7/gnocchi.d0966005-2490-4ff6-8f3d-5a0137051ceb" "tx2d57f991ce7447c0a51ee-0068e33afd" "proxy-server 94957" 0.0006 "-" 93621 0
Oct 05 23:43:57 np0005471485.novalocal container-server[93622]: ::1 - - [06/Oct/2025:03:43:57 +0000] "HEAD /1/184372/AUTH_7aebe34b89554e87825206ce40aeb2f7/gnocchi.d0966005-2490-4ff6-8f3d-5a0137051ceb" 404 - "HEAD http://[::1]:8080/v1/AUTH_7aebe34b89554e87825206ce40aeb2f7/gnocchi.d0966005-2490-4ff6-8f3d-5a0137051ceb" "tx2d57f991ce7447c0a51ee-0068e33afd" "proxy-server 94957" 0.0003 "-" 93622 0
Oct 05 23:43:57 np0005471485.novalocal container-server[93622]: ::1 - - [06/Oct/2025:03:43:57 +0000] "HEAD /3/184372/AUTH_7aebe34b89554e87825206ce40aeb2f7/gnocchi.d0966005-2490-4ff6-8f3d-5a0137051ceb" 404 - "HEAD http://[::1]:8080/v1/AUTH_7aebe34b89554e87825206ce40aeb2f7/gnocchi.d0966005-2490-4ff6-8f3d-5a0137051ceb" "tx2d57f991ce7447c0a51ee-0068e33afd" "proxy-server 94957" 0.0002 "-" 93622 0
Oct 05 23:43:57 np0005471485.novalocal proxy-server[94957]: - - 06/Oct/2025/03/43/57 HEAD /v1/AUTH_7aebe34b89554e87825206ce40aeb2f7/gnocchi.d0966005-2490-4ff6-8f3d-5a0137051ceb HTTP/1.0 404 - Swift - - - - tx2d57f991ce7447c0a51ee-0068e33afd - 0.0092 CS - 1759722237.495605469 1759722237.504815102 0 -
Oct 05 23:43:57 np0005471485.novalocal object-server[93954]: ::1 - - [06/Oct/2025:03:43:57 +0000] "GET /2/172198/AUTH_7aebe34b89554e87825206ce40aeb2f7/gnocchi.d0966005-2490-4ff6-8f3d-5a0137051ceb/none_v3" 404 70 "GET https://[::1]:8080/v1/AUTH_7aebe34b89554e87825206ce40aeb2f7/gnocchi.d0966005-2490-4ff6-8f3d-5a0137051ceb/none_v3" "tx2d57f991ce7447c0a51ee-0068e33afd" "proxy-server 94957" 0.0005 "-" 93954 0
Oct 05 23:43:57 np0005471485.novalocal object-server[93954]: ::1 - - [06/Oct/2025:03:43:57 +0000] "GET /1/172198/AUTH_7aebe34b89554e87825206ce40aeb2f7/gnocchi.d0966005-2490-4ff6-8f3d-5a0137051ceb/none_v3" 404 70 "GET https://[::1]:8080/v1/AUTH_7aebe34b89554e87825206ce40aeb2f7/gnocchi.d0966005-2490-4ff6-8f3d-5a0137051ceb/none_v3" "tx2d57f991ce7447c0a51ee-0068e33afd" "proxy-server 94957" 0.0005 "-" 93954 0
Oct 05 23:43:57 np0005471485.novalocal object-server[93954]: ::1 - - [06/Oct/2025:03:43:57 +0000] "GET /3/172198/AUTH_7aebe34b89554e87825206ce40aeb2f7/gnocchi.d0966005-2490-4ff6-8f3d-5a0137051ceb/none_v3" 404 70 "GET https://[::1]:8080/v1/AUTH_7aebe34b89554e87825206ce40aeb2f7/gnocchi.d0966005-2490-4ff6-8f3d-5a0137051ceb/none_v3" "tx2d57f991ce7447c0a51ee-0068e33afd" "proxy-server 94957" 0.0004 "-" 93954 0
Oct 05 23:43:57 np0005471485.novalocal proxy-server[94957]: ::1 ::1 06/Oct/2025/03/43/57 GET /v1/AUTH_7aebe34b89554e87825206ce40aeb2f7/gnocchi.d0966005-2490-4ff6-8f3d-5a0137051ceb/none_v3 HTTP/1.0 404 - python-swiftclient-4.8.0 gAAAAABo4zrG_lV4... - 70 - tx2d57f991ce7447c0a51ee-0068e33afd - 0.0221 - - 1759722237.494990110 1759722237.517110586 0 7b03bd18aea8470cbeb747235c58da52
Oct 05 23:43:57 np0005471485.novalocal account-server[93328]: ::1 - - [06/Oct/2025:03:43:57 +0000] "PUT /3/145150/AUTH_7aebe34b89554e87825206ce40aeb2f7/gnocchi.d0966005-2490-4ff6-8f3d-5a0137051ceb" 201 - "PUT http://[::1]:6001/2/184372/AUTH_7aebe34b89554e87825206ce40aeb2f7/gnocchi.d0966005-2490-4ff6-8f3d-5a0137051ceb" "tx1b4f3503aa934d56af7d9-0068e33afd" "container-server 93621" 0.0072 "-" 93328 0
Oct 05 23:43:57 np0005471485.novalocal account-server[93329]: ::1 - - [06/Oct/2025:03:43:57 +0000] "PUT /1/145150/AUTH_7aebe34b89554e87825206ce40aeb2f7/gnocchi.d0966005-2490-4ff6-8f3d-5a0137051ceb" 201 - "PUT http://[::1]:6001/1/184372/AUTH_7aebe34b89554e87825206ce40aeb2f7/gnocchi.d0966005-2490-4ff6-8f3d-5a0137051ceb" "tx1b4f3503aa934d56af7d9-0068e33afd" "container-server 93622" 0.0097 "-" 93329 0
Oct 05 23:43:57 np0005471485.novalocal container-server[93621]: ::1 - - [06/Oct/2025:03:43:57 +0000] "PUT /2/184372/AUTH_7aebe34b89554e87825206ce40aeb2f7/gnocchi.d0966005-2490-4ff6-8f3d-5a0137051ceb" 201 - "PUT https://[::1]:8080/v1/AUTH_7aebe34b89554e87825206ce40aeb2f7/gnocchi.d0966005-2490-4ff6-8f3d-5a0137051ceb" "tx1b4f3503aa934d56af7d9-0068e33afd" "proxy-server 94957" 0.0221 "-" 93621 0
Oct 05 23:43:57 np0005471485.novalocal account-server[93328]: ::1 - - [06/Oct/2025:03:43:57 +0000] "PUT /3/145150/AUTH_7aebe34b89554e87825206ce40aeb2f7/gnocchi.a58d423c-fe5a-4b38-a10f-68a325e6df32" 201 - "-" "-" "container-updater 92792" 0.0005 "-" 93328 0
Oct 05 23:43:57 np0005471485.novalocal container-server[93622]: ::1 - - [06/Oct/2025:03:43:57 +0000] "PUT /1/184372/AUTH_7aebe34b89554e87825206ce40aeb2f7/gnocchi.d0966005-2490-4ff6-8f3d-5a0137051ceb" 201 - "PUT https://[::1]:8080/v1/AUTH_7aebe34b89554e87825206ce40aeb2f7/gnocchi.d0966005-2490-4ff6-8f3d-5a0137051ceb" "tx1b4f3503aa934d56af7d9-0068e33afd" "proxy-server 94957" 0.0224 "-" 93622 0
Oct 05 23:43:57 np0005471485.novalocal account-server[93328]: ::1 - - [06/Oct/2025:03:43:57 +0000] "PUT /2/145150/AUTH_7aebe34b89554e87825206ce40aeb2f7/gnocchi.a58d423c-fe5a-4b38-a10f-68a325e6df32" 201 - "-" "-" "container-updater 92792" 0.0002 "-" 93328 0
Oct 05 23:43:57 np0005471485.novalocal account-server[93329]: ::1 - - [06/Oct/2025:03:43:57 +0000] "PUT /1/145150/AUTH_7aebe34b89554e87825206ce40aeb2f7/gnocchi.a58d423c-fe5a-4b38-a10f-68a325e6df32" 201 - "-" "-" "container-updater 92792" 0.0005 "-" 93329 0
Oct 05 23:43:57 np0005471485.novalocal account-server[93329]: ::1 - - [06/Oct/2025:03:43:57 +0000] "PUT /2/145150/AUTH_7aebe34b89554e87825206ce40aeb2f7/gnocchi.d0966005-2490-4ff6-8f3d-5a0137051ceb" 201 - "PUT http://[::1]:6001/3/184372/AUTH_7aebe34b89554e87825206ce40aeb2f7/gnocchi.d0966005-2490-4ff6-8f3d-5a0137051ceb" "tx1b4f3503aa934d56af7d9-0068e33afd" "container-server 93622" 0.0053 "-" 93329 0
Oct 05 23:43:57 np0005471485.novalocal container-server[93622]: ::1 - - [06/Oct/2025:03:43:57 +0000] "PUT /3/184372/AUTH_7aebe34b89554e87825206ce40aeb2f7/gnocchi.d0966005-2490-4ff6-8f3d-5a0137051ceb" 201 - "PUT https://[::1]:8080/v1/AUTH_7aebe34b89554e87825206ce40aeb2f7/gnocchi.d0966005-2490-4ff6-8f3d-5a0137051ceb" "tx1b4f3503aa934d56af7d9-0068e33afd" "proxy-server 94957" 0.0204 "-" 93622 0
Oct 05 23:43:57 np0005471485.novalocal proxy-server[94957]: ::1 ::1 06/Oct/2025/03/43/57 PUT /v1/AUTH_7aebe34b89554e87825206ce40aeb2f7/gnocchi.d0966005-2490-4ff6-8f3d-5a0137051ceb HTTP/1.0 201 - python-swiftclient-4.8.0 gAAAAABo4zrG_lV4... - - - tx1b4f3503aa934d56af7d9-0068e33afd - 0.0372 - - 1759722237.519988775 1759722237.557215452 0 7b03bd18aea8470cbeb747235c58da52
Oct 05 23:43:57 np0005471485.novalocal container-server[93621]: ::1 - - [06/Oct/2025:03:43:57 +0000] "HEAD /1/184372/AUTH_7aebe34b89554e87825206ce40aeb2f7/gnocchi.d0966005-2490-4ff6-8f3d-5a0137051ceb" 204 - "HEAD http://[::1]:8080/v1/AUTH_7aebe34b89554e87825206ce40aeb2f7/gnocchi.d0966005-2490-4ff6-8f3d-5a0137051ceb" "txe0f270fd74ad4f59bda91-0068e33afd" "proxy-server 94957" 0.0021 "-" 93621 0
Oct 05 23:43:57 np0005471485.novalocal proxy-server[94957]: - - 06/Oct/2025/03/43/57 HEAD /v1/AUTH_7aebe34b89554e87825206ce40aeb2f7/gnocchi.d0966005-2490-4ff6-8f3d-5a0137051ceb HTTP/1.0 204 - Swift - - - - txe0f270fd74ad4f59bda91-0068e33afd - 0.0052 CS - 1759722237.562259912 1759722237.567484617 0 -
Oct 05 23:43:57 np0005471485.novalocal container-server[93621]: ::1 - - [06/Oct/2025:03:43:57 +0000] "GET /2/184372/AUTH_7aebe34b89554e87825206ce40aeb2f7/gnocchi.d0966005-2490-4ff6-8f3d-5a0137051ceb" 200 2 "GET https://[::1]:8080/v1/AUTH_7aebe34b89554e87825206ce40aeb2f7/gnocchi.d0966005-2490-4ff6-8f3d-5a0137051ceb?format=json&states=listing" "txe0f270fd74ad4f59bda91-0068e33afd" "proxy-server 94957" 0.0035 "-" 93621 0
Oct 05 23:43:57 np0005471485.novalocal proxy-server[94957]: ::1 ::1 06/Oct/2025/03/43/57 GET /v1/AUTH_7aebe34b89554e87825206ce40aeb2f7/gnocchi.d0966005-2490-4ff6-8f3d-5a0137051ceb%3Fformat%3Djson%26states%3Dlisting HTTP/1.0 200 - python-swiftclient-4.8.0 gAAAAABo4zrG_lV4... - 2 - txe0f270fd74ad4f59bda91-0068e33afd - 0.0154 - - 1759722237.561728001 1759722237.577103376 0 7b03bd18aea8470cbeb747235c58da52
Oct 05 23:43:57 np0005471485.novalocal object-server[93955]: ::1 - - [06/Oct/2025:03:43:57 +0000] "GET /2/98641/AUTH_7aebe34b89554e87825206ce40aeb2f7/gnocchi.d0966005-2490-4ff6-8f3d-5a0137051ceb/1759320000.0_mean_300.0_v3" 404 70 "GET https://[::1]:8080/v1/AUTH_7aebe34b89554e87825206ce40aeb2f7/gnocchi.d0966005-2490-4ff6-8f3d-5a0137051ceb/1759320000.0_mean_300.0_v3" "tx3eb579c9f6574c23a3b7b-0068e33afd" "proxy-server 94957" 0.0005 "-" 93955 0
Oct 05 23:43:57 np0005471485.novalocal object-server[93955]: ::1 - - [06/Oct/2025:03:43:57 +0000] "GET /3/98641/AUTH_7aebe34b89554e87825206ce40aeb2f7/gnocchi.d0966005-2490-4ff6-8f3d-5a0137051ceb/1759320000.0_mean_300.0_v3" 404 70 "GET https://[::1]:8080/v1/AUTH_7aebe34b89554e87825206ce40aeb2f7/gnocchi.d0966005-2490-4ff6-8f3d-5a0137051ceb/1759320000.0_mean_300.0_v3" "tx3eb579c9f6574c23a3b7b-0068e33afd" "proxy-server 94957" 0.0004 "-" 93955 0
Oct 05 23:43:57 np0005471485.novalocal object-server[93954]: ::1 - - [06/Oct/2025:03:43:57 +0000] "GET /1/98641/AUTH_7aebe34b89554e87825206ce40aeb2f7/gnocchi.d0966005-2490-4ff6-8f3d-5a0137051ceb/1759320000.0_mean_300.0_v3" 404 70 "GET https://[::1]:8080/v1/AUTH_7aebe34b89554e87825206ce40aeb2f7/gnocchi.d0966005-2490-4ff6-8f3d-5a0137051ceb/1759320000.0_mean_300.0_v3" "tx3eb579c9f6574c23a3b7b-0068e33afd" "proxy-server 94957" 0.0005 "-" 93954 0
Oct 05 23:43:57 np0005471485.novalocal proxy-server[94957]: ::1 ::1 06/Oct/2025/03/43/57 GET /v1/AUTH_7aebe34b89554e87825206ce40aeb2f7/gnocchi.d0966005-2490-4ff6-8f3d-5a0137051ceb/1759320000.0_mean_300.0_v3 HTTP/1.0 404 - python-swiftclient-4.8.0 gAAAAABo4zrG_lV4... - 70 - tx3eb579c9f6574c23a3b7b-0068e33afd - 0.0119 - - 1759722237.580391169 1759722237.592243671 0 7b03bd18aea8470cbeb747235c58da52
Oct 05 23:43:57 np0005471485.novalocal container-server[93621]: ::1 - - [06/Oct/2025:03:43:57 +0000] "PUT /1/184372/AUTH_7aebe34b89554e87825206ce40aeb2f7/gnocchi.d0966005-2490-4ff6-8f3d-5a0137051ceb/1759320000.0_mean_300.0_v3" 201 - "PUT http://[::1]:8080/3/98641/AUTH_7aebe34b89554e87825206ce40aeb2f7/gnocchi.d0966005-2490-4ff6-8f3d-5a0137051ceb/1759320000.0_mean_300.0_v3" "txe24336e5ead4497c9b927-0068e33afd" "object-server 93955" 0.0009 "-" 93621 0
Oct 05 23:43:57 np0005471485.novalocal container-server[93622]: ::1 - - [06/Oct/2025:03:43:57 +0000] "PUT /3/184372/AUTH_7aebe34b89554e87825206ce40aeb2f7/gnocchi.d0966005-2490-4ff6-8f3d-5a0137051ceb/1759320000.0_mean_300.0_v3" 201 - "PUT http://[::1]:8080/2/98641/AUTH_7aebe34b89554e87825206ce40aeb2f7/gnocchi.d0966005-2490-4ff6-8f3d-5a0137051ceb/1759320000.0_mean_300.0_v3" "txe24336e5ead4497c9b927-0068e33afd" "object-server 93954" 0.0007 "-" 93622 0
Oct 05 23:43:57 np0005471485.novalocal object-server[93954]: ::1 - - [06/Oct/2025:03:43:57 +0000] "PUT /2/98641/AUTH_7aebe34b89554e87825206ce40aeb2f7/gnocchi.d0966005-2490-4ff6-8f3d-5a0137051ceb/1759320000.0_mean_300.0_v3" 201 - "PUT https://[::1]:8080/v1/AUTH_7aebe34b89554e87825206ce40aeb2f7/gnocchi.d0966005-2490-4ff6-8f3d-5a0137051ceb/1759320000.0_mean_300.0_v3" "txe24336e5ead4497c9b927-0068e33afd" "proxy-server 94957" 0.0186 "-" 93954 0
Oct 05 23:43:57 np0005471485.novalocal container-server[93622]: ::1 - - [06/Oct/2025:03:43:57 +0000] "PUT /2/184372/AUTH_7aebe34b89554e87825206ce40aeb2f7/gnocchi.d0966005-2490-4ff6-8f3d-5a0137051ceb/1759320000.0_mean_300.0_v3" 201 - "PUT http://[::1]:8080/1/98641/AUTH_7aebe34b89554e87825206ce40aeb2f7/gnocchi.d0966005-2490-4ff6-8f3d-5a0137051ceb/1759320000.0_mean_300.0_v3" "txe24336e5ead4497c9b927-0068e33afd" "object-server 93954" 0.0004 "-" 93622 0
Oct 05 23:43:57 np0005471485.novalocal object-server[93954]: ::1 - - [06/Oct/2025:03:43:57 +0000] "PUT /1/98641/AUTH_7aebe34b89554e87825206ce40aeb2f7/gnocchi.d0966005-2490-4ff6-8f3d-5a0137051ceb/1759320000.0_mean_300.0_v3" 201 - "PUT https://[::1]:8080/v1/AUTH_7aebe34b89554e87825206ce40aeb2f7/gnocchi.d0966005-2490-4ff6-8f3d-5a0137051ceb/1759320000.0_mean_300.0_v3" "txe24336e5ead4497c9b927-0068e33afd" "proxy-server 94957" 0.0158 "-" 93954 0
Oct 05 23:43:57 np0005471485.novalocal object-server[93955]: ::1 - - [06/Oct/2025:03:43:57 +0000] "PUT /3/98641/AUTH_7aebe34b89554e87825206ce40aeb2f7/gnocchi.d0966005-2490-4ff6-8f3d-5a0137051ceb/1759320000.0_mean_300.0_v3" 201 - "PUT https://[::1]:8080/v1/AUTH_7aebe34b89554e87825206ce40aeb2f7/gnocchi.d0966005-2490-4ff6-8f3d-5a0137051ceb/1759320000.0_mean_300.0_v3" "txe24336e5ead4497c9b927-0068e33afd" "proxy-server 94957" 0.0204 "-" 93955 0
Oct 05 23:43:57 np0005471485.novalocal proxy-server[94957]: ::1 ::1 06/Oct/2025/03/43/57 PUT /v1/AUTH_7aebe34b89554e87825206ce40aeb2f7/gnocchi.d0966005-2490-4ff6-8f3d-5a0137051ceb/1759320000.0_mean_300.0_v3 HTTP/1.0 201 - python-swiftclient-4.8.0 gAAAAABo4zrG_lV4... 16 - - txe24336e5ead4497c9b927-0068e33afd - 0.0293 - - 1759722237.594801903 1759722237.624053717 0 7b03bd18aea8470cbeb747235c58da52
Oct 05 23:43:57 np0005471485.novalocal container-server[93622]: ::1 - - [06/Oct/2025:03:43:57 +0000] "PUT /3/184372/AUTH_7aebe34b89554e87825206ce40aeb2f7/gnocchi.d0966005-2490-4ff6-8f3d-5a0137051ceb/none_v3" 201 - "PUT http://[::1]:8080/1/172198/AUTH_7aebe34b89554e87825206ce40aeb2f7/gnocchi.d0966005-2490-4ff6-8f3d-5a0137051ceb/none_v3" "tx1bdbfc88007849c49c748-0068e33afd" "object-server 93954" 0.0008 "-" 93622 0
Oct 05 23:43:57 np0005471485.novalocal object-server[93954]: ::1 - - [06/Oct/2025:03:43:57 +0000] "PUT /1/172198/AUTH_7aebe34b89554e87825206ce40aeb2f7/gnocchi.d0966005-2490-4ff6-8f3d-5a0137051ceb/none_v3" 201 - "PUT https://[::1]:8080/v1/AUTH_7aebe34b89554e87825206ce40aeb2f7/gnocchi.d0966005-2490-4ff6-8f3d-5a0137051ceb/none_v3" "tx1bdbfc88007849c49c748-0068e33afd" "proxy-server 94957" 0.0161 "-" 93954 0
Oct 05 23:43:57 np0005471485.novalocal container-server[93622]: ::1 - - [06/Oct/2025:03:43:57 +0000] "PUT /2/184372/AUTH_7aebe34b89554e87825206ce40aeb2f7/gnocchi.d0966005-2490-4ff6-8f3d-5a0137051ceb/none_v3" 201 - "PUT http://[::1]:8080/2/172198/AUTH_7aebe34b89554e87825206ce40aeb2f7/gnocchi.d0966005-2490-4ff6-8f3d-5a0137051ceb/none_v3" "tx1bdbfc88007849c49c748-0068e33afd" "object-server 93954" 0.0011 "-" 93622 0
Oct 05 23:43:57 np0005471485.novalocal object-server[93954]: ::1 - - [06/Oct/2025:03:43:57 +0000] "PUT /2/172198/AUTH_7aebe34b89554e87825206ce40aeb2f7/gnocchi.d0966005-2490-4ff6-8f3d-5a0137051ceb/none_v3" 201 - "PUT https://[::1]:8080/v1/AUTH_7aebe34b89554e87825206ce40aeb2f7/gnocchi.d0966005-2490-4ff6-8f3d-5a0137051ceb/none_v3" "tx1bdbfc88007849c49c748-0068e33afd" "proxy-server 94957" 0.0173 "-" 93954 0
Oct 05 23:43:57 np0005471485.novalocal container-server[93622]: ::1 - - [06/Oct/2025:03:43:57 +0000] "PUT /1/184372/AUTH_7aebe34b89554e87825206ce40aeb2f7/gnocchi.d0966005-2490-4ff6-8f3d-5a0137051ceb/none_v3" 201 - "PUT http://[::1]:8080/3/172198/AUTH_7aebe34b89554e87825206ce40aeb2f7/gnocchi.d0966005-2490-4ff6-8f3d-5a0137051ceb/none_v3" "tx1bdbfc88007849c49c748-0068e33afd" "object-server 93954" 0.0006 "-" 93622 0
Oct 05 23:43:57 np0005471485.novalocal object-server[93954]: ::1 - - [06/Oct/2025:03:43:57 +0000] "PUT /3/172198/AUTH_7aebe34b89554e87825206ce40aeb2f7/gnocchi.d0966005-2490-4ff6-8f3d-5a0137051ceb/none_v3" 201 - "PUT https://[::1]:8080/v1/AUTH_7aebe34b89554e87825206ce40aeb2f7/gnocchi.d0966005-2490-4ff6-8f3d-5a0137051ceb/none_v3" "tx1bdbfc88007849c49c748-0068e33afd" "proxy-server 94957" 0.0215 "-" 93954 0
Oct 05 23:43:57 np0005471485.novalocal proxy-server[94957]: ::1 ::1 06/Oct/2025/03/43/57 PUT /v1/AUTH_7aebe34b89554e87825206ce40aeb2f7/gnocchi.d0966005-2490-4ff6-8f3d-5a0137051ceb/none_v3 HTTP/1.0 201 - python-swiftclient-4.8.0 gAAAAABo4zrG_lV4... 22 - - tx1bdbfc88007849c49c748-0068e33afd - 0.0298 - - 1759722237.626836538 1759722237.656671286 0 7b03bd18aea8470cbeb747235c58da52
Oct 05 23:43:57 np0005471485.novalocal account-server[93328]: ::1 - - [06/Oct/2025:03:43:57 +0000] "PUT /3/145150/AUTH_7aebe34b89554e87825206ce40aeb2f7/gnocchi.5189e135-58c3-4242-922c-200678906b49" 201 - "-" "-" "container-updater 92792" 0.0004 "-" 93328 0
Oct 05 23:43:57 np0005471485.novalocal account-server[93329]: ::1 - - [06/Oct/2025:03:43:57 +0000] "PUT /1/145150/AUTH_7aebe34b89554e87825206ce40aeb2f7/gnocchi.5189e135-58c3-4242-922c-200678906b49" 201 - "-" "-" "container-updater 92792" 0.0006 "-" 93329 0
Oct 05 23:43:57 np0005471485.novalocal account-server[93329]: ::1 - - [06/Oct/2025:03:43:57 +0000] "PUT /2/145150/AUTH_7aebe34b89554e87825206ce40aeb2f7/gnocchi.5189e135-58c3-4242-922c-200678906b49" 201 - "-" "-" "container-updater 92792" 0.0005 "-" 93329 0
Oct 05 23:43:57 np0005471485.novalocal container-server[93621]: ::1 - - [06/Oct/2025:03:43:57 +0000] "HEAD /1/68045/AUTH_7aebe34b89554e87825206ce40aeb2f7/gnocchi.ec70b95b-d67a-4390-84e8-14d2633fa0ec" 404 - "HEAD http://[::1]:8080/v1/AUTH_7aebe34b89554e87825206ce40aeb2f7/gnocchi.ec70b95b-d67a-4390-84e8-14d2633fa0ec" "tx400451a50f3b473dbb3f4-0068e33afd" "proxy-server 94957" 0.0004 "-" 93621 0
Oct 05 23:43:57 np0005471485.novalocal container-server[93622]: ::1 - - [06/Oct/2025:03:43:57 +0000] "HEAD /2/68045/AUTH_7aebe34b89554e87825206ce40aeb2f7/gnocchi.ec70b95b-d67a-4390-84e8-14d2633fa0ec" 404 - "HEAD http://[::1]:8080/v1/AUTH_7aebe34b89554e87825206ce40aeb2f7/gnocchi.ec70b95b-d67a-4390-84e8-14d2633fa0ec" "tx400451a50f3b473dbb3f4-0068e33afd" "proxy-server 94957" 0.0005 "-" 93622 0
Oct 05 23:43:57 np0005471485.novalocal container-server[93621]: ::1 - - [06/Oct/2025:03:43:57 +0000] "HEAD /3/68045/AUTH_7aebe34b89554e87825206ce40aeb2f7/gnocchi.ec70b95b-d67a-4390-84e8-14d2633fa0ec" 404 - "HEAD http://[::1]:8080/v1/AUTH_7aebe34b89554e87825206ce40aeb2f7/gnocchi.ec70b95b-d67a-4390-84e8-14d2633fa0ec" "tx400451a50f3b473dbb3f4-0068e33afd" "proxy-server 94957" 0.0005 "-" 93621 0
Oct 05 23:43:57 np0005471485.novalocal proxy-server[94957]: - - 06/Oct/2025/03/43/57 HEAD /v1/AUTH_7aebe34b89554e87825206ce40aeb2f7/gnocchi.ec70b95b-d67a-4390-84e8-14d2633fa0ec HTTP/1.0 404 - Swift - - - - tx400451a50f3b473dbb3f4-0068e33afd - 0.0106 CS - 1759722237.667209625 1759722237.677799463 0 -
Oct 05 23:43:57 np0005471485.novalocal object-server[93955]: ::1 - - [06/Oct/2025:03:43:57 +0000] "GET /2/16295/AUTH_7aebe34b89554e87825206ce40aeb2f7/gnocchi.ec70b95b-d67a-4390-84e8-14d2633fa0ec/none_v3" 404 70 "GET https://[::1]:8080/v1/AUTH_7aebe34b89554e87825206ce40aeb2f7/gnocchi.ec70b95b-d67a-4390-84e8-14d2633fa0ec/none_v3" "tx400451a50f3b473dbb3f4-0068e33afd" "proxy-server 94957" 0.0005 "-" 93955 0
Oct 05 23:43:57 np0005471485.novalocal object-server[93955]: ::1 - - [06/Oct/2025:03:43:57 +0000] "GET /1/16295/AUTH_7aebe34b89554e87825206ce40aeb2f7/gnocchi.ec70b95b-d67a-4390-84e8-14d2633fa0ec/none_v3" 404 70 "GET https://[::1]:8080/v1/AUTH_7aebe34b89554e87825206ce40aeb2f7/gnocchi.ec70b95b-d67a-4390-84e8-14d2633fa0ec/none_v3" "tx400451a50f3b473dbb3f4-0068e33afd" "proxy-server 94957" 0.0004 "-" 93955 0
Oct 05 23:43:57 np0005471485.novalocal object-server[93955]: ::1 - - [06/Oct/2025:03:43:57 +0000] "GET /3/16295/AUTH_7aebe34b89554e87825206ce40aeb2f7/gnocchi.ec70b95b-d67a-4390-84e8-14d2633fa0ec/none_v3" 404 70 "GET https://[::1]:8080/v1/AUTH_7aebe34b89554e87825206ce40aeb2f7/gnocchi.ec70b95b-d67a-4390-84e8-14d2633fa0ec/none_v3" "tx400451a50f3b473dbb3f4-0068e33afd" "proxy-server 94957" 0.0004 "-" 93955 0
Oct 05 23:43:57 np0005471485.novalocal proxy-server[94957]: ::1 ::1 06/Oct/2025/03/43/57 GET /v1/AUTH_7aebe34b89554e87825206ce40aeb2f7/gnocchi.ec70b95b-d67a-4390-84e8-14d2633fa0ec/none_v3 HTTP/1.0 404 - python-swiftclient-4.8.0 gAAAAABo4zrG_lV4... - 70 - tx400451a50f3b473dbb3f4-0068e33afd - 0.0225 - - 1759722237.666521788 1759722237.688979149 0 7b03bd18aea8470cbeb747235c58da52
Oct 05 23:43:57 np0005471485.novalocal account-server[93328]: ::1 - - [06/Oct/2025:03:43:57 +0000] "PUT /1/145150/AUTH_7aebe34b89554e87825206ce40aeb2f7/gnocchi.ec70b95b-d67a-4390-84e8-14d2633fa0ec" 201 - "PUT http://[::1]:6001/3/68045/AUTH_7aebe34b89554e87825206ce40aeb2f7/gnocchi.ec70b95b-d67a-4390-84e8-14d2633fa0ec" "txd440c28a4f6d45a79d362-0068e33afd" "container-server 93621" 0.0043 "-" 93328 0
Oct 05 23:43:57 np0005471485.novalocal container-server[93621]: ::1 - - [06/Oct/2025:03:43:57 +0000] "PUT /3/68045/AUTH_7aebe34b89554e87825206ce40aeb2f7/gnocchi.ec70b95b-d67a-4390-84e8-14d2633fa0ec" 201 - "PUT https://[::1]:8080/v1/AUTH_7aebe34b89554e87825206ce40aeb2f7/gnocchi.ec70b95b-d67a-4390-84e8-14d2633fa0ec" "txd440c28a4f6d45a79d362-0068e33afd" "proxy-server 94957" 0.0186 "-" 93621 0
Oct 05 23:43:57 np0005471485.novalocal account-server[93328]: ::1 - - [06/Oct/2025:03:43:57 +0000] "PUT /2/145150/AUTH_7aebe34b89554e87825206ce40aeb2f7/gnocchi.ec70b95b-d67a-4390-84e8-14d2633fa0ec" 201 - "PUT http://[::1]:6001/2/68045/AUTH_7aebe34b89554e87825206ce40aeb2f7/gnocchi.ec70b95b-d67a-4390-84e8-14d2633fa0ec" "txd440c28a4f6d45a79d362-0068e33afd" "container-server 93622" 0.0039 "-" 93328 0
Oct 05 23:43:57 np0005471485.novalocal container-server[93622]: ::1 - - [06/Oct/2025:03:43:57 +0000] "PUT /2/68045/AUTH_7aebe34b89554e87825206ce40aeb2f7/gnocchi.ec70b95b-d67a-4390-84e8-14d2633fa0ec" 201 - "PUT https://[::1]:8080/v1/AUTH_7aebe34b89554e87825206ce40aeb2f7/gnocchi.ec70b95b-d67a-4390-84e8-14d2633fa0ec" "txd440c28a4f6d45a79d362-0068e33afd" "proxy-server 94957" 0.0233 "-" 93622 0
Oct 05 23:43:57 np0005471485.novalocal account-server[93329]: ::1 - - [06/Oct/2025:03:43:57 +0000] "PUT /3/145150/AUTH_7aebe34b89554e87825206ce40aeb2f7/gnocchi.ec70b95b-d67a-4390-84e8-14d2633fa0ec" 201 - "PUT http://[::1]:6001/1/68045/AUTH_7aebe34b89554e87825206ce40aeb2f7/gnocchi.ec70b95b-d67a-4390-84e8-14d2633fa0ec" "txd440c28a4f6d45a79d362-0068e33afd" "container-server 93622" 0.0054 "-" 93329 0
Oct 05 23:43:57 np0005471485.novalocal container-server[93622]: ::1 - - [06/Oct/2025:03:43:57 +0000] "PUT /1/68045/AUTH_7aebe34b89554e87825206ce40aeb2f7/gnocchi.ec70b95b-d67a-4390-84e8-14d2633fa0ec" 201 - "PUT https://[::1]:8080/v1/AUTH_7aebe34b89554e87825206ce40aeb2f7/gnocchi.ec70b95b-d67a-4390-84e8-14d2633fa0ec" "txd440c28a4f6d45a79d362-0068e33afd" "proxy-server 94957" 0.0410 "-" 93622 0
Oct 05 23:43:57 np0005471485.novalocal proxy-server[94957]: ::1 ::1 06/Oct/2025/03/43/57 PUT /v1/AUTH_7aebe34b89554e87825206ce40aeb2f7/gnocchi.ec70b95b-d67a-4390-84e8-14d2633fa0ec HTTP/1.0 201 - python-swiftclient-4.8.0 gAAAAABo4zrG_lV4... - - - txd440c28a4f6d45a79d362-0068e33afd - 0.0501 - - 1759722237.691926718 1759722237.741995096 0 7b03bd18aea8470cbeb747235c58da52
Oct 05 23:43:57 np0005471485.novalocal container-server[93621]: ::1 - - [06/Oct/2025:03:43:57 +0000] "HEAD /1/68045/AUTH_7aebe34b89554e87825206ce40aeb2f7/gnocchi.ec70b95b-d67a-4390-84e8-14d2633fa0ec" 204 - "HEAD http://[::1]:8080/v1/AUTH_7aebe34b89554e87825206ce40aeb2f7/gnocchi.ec70b95b-d67a-4390-84e8-14d2633fa0ec" "txb4e3ac8cbe7341f7bb96a-0068e33afd" "proxy-server 94957" 0.0020 "-" 93621 0
Oct 05 23:43:57 np0005471485.novalocal proxy-server[94957]: - - 06/Oct/2025/03/43/57 HEAD /v1/AUTH_7aebe34b89554e87825206ce40aeb2f7/gnocchi.ec70b95b-d67a-4390-84e8-14d2633fa0ec HTTP/1.0 204 - Swift - - - - txb4e3ac8cbe7341f7bb96a-0068e33afd - 0.0054 CS - 1759722237.745385885 1759722237.750759363 0 -
Oct 05 23:43:57 np0005471485.novalocal container-server[93622]: ::1 - - [06/Oct/2025:03:43:57 +0000] "GET /3/68045/AUTH_7aebe34b89554e87825206ce40aeb2f7/gnocchi.ec70b95b-d67a-4390-84e8-14d2633fa0ec" 200 2 "GET https://[::1]:8080/v1/AUTH_7aebe34b89554e87825206ce40aeb2f7/gnocchi.ec70b95b-d67a-4390-84e8-14d2633fa0ec?format=json&states=listing" "txb4e3ac8cbe7341f7bb96a-0068e33afd" "proxy-server 94957" 0.0025 "-" 93622 0
Oct 05 23:43:57 np0005471485.novalocal proxy-server[94957]: ::1 ::1 06/Oct/2025/03/43/57 GET /v1/AUTH_7aebe34b89554e87825206ce40aeb2f7/gnocchi.ec70b95b-d67a-4390-84e8-14d2633fa0ec%3Fformat%3Djson%26states%3Dlisting HTTP/1.0 200 - python-swiftclient-4.8.0 gAAAAABo4zrG_lV4... - 2 - txb4e3ac8cbe7341f7bb96a-0068e33afd - 0.0176 - - 1759722237.744794130 1759722237.762344599 0 7b03bd18aea8470cbeb747235c58da52
Oct 05 23:43:57 np0005471485.novalocal object-server[93954]: ::1 - - [06/Oct/2025:03:43:57 +0000] "GET /1/169249/AUTH_7aebe34b89554e87825206ce40aeb2f7/gnocchi.ec70b95b-d67a-4390-84e8-14d2633fa0ec/1759320000.0_mean_300.0_v3" 404 70 "GET https://[::1]:8080/v1/AUTH_7aebe34b89554e87825206ce40aeb2f7/gnocchi.ec70b95b-d67a-4390-84e8-14d2633fa0ec/1759320000.0_mean_300.0_v3" "txc83a53bfa2f2455d903e5-0068e33afd" "proxy-server 94957" 0.0005 "-" 93954 0
Oct 05 23:43:57 np0005471485.novalocal object-server[93955]: ::1 - - [06/Oct/2025:03:43:57 +0000] "GET /3/169249/AUTH_7aebe34b89554e87825206ce40aeb2f7/gnocchi.ec70b95b-d67a-4390-84e8-14d2633fa0ec/1759320000.0_mean_300.0_v3" 404 70 "GET https://[::1]:8080/v1/AUTH_7aebe34b89554e87825206ce40aeb2f7/gnocchi.ec70b95b-d67a-4390-84e8-14d2633fa0ec/1759320000.0_mean_300.0_v3" "txc83a53bfa2f2455d903e5-0068e33afd" "proxy-server 94957" 0.0005 "-" 93955 0
Oct 05 23:43:57 np0005471485.novalocal object-server[93954]: ::1 - - [06/Oct/2025:03:43:57 +0000] "GET /2/169249/AUTH_7aebe34b89554e87825206ce40aeb2f7/gnocchi.ec70b95b-d67a-4390-84e8-14d2633fa0ec/1759320000.0_mean_300.0_v3" 404 70 "GET https://[::1]:8080/v1/AUTH_7aebe34b89554e87825206ce40aeb2f7/gnocchi.ec70b95b-d67a-4390-84e8-14d2633fa0ec/1759320000.0_mean_300.0_v3" "txc83a53bfa2f2455d903e5-0068e33afd" "proxy-server 94957" 0.0004 "-" 93954 0
Oct 05 23:43:57 np0005471485.novalocal account-server[93328]: ::1 - - [06/Oct/2025:03:43:57 +0000] "PUT /3/145150/AUTH_7aebe34b89554e87825206ce40aeb2f7/gnocchi.9ff2446e-71cb-45d6-a675-9511dd1e0987" 201 - "-" "-" "container-updater 92792" 0.0004 "-" 93328 0
Oct 05 23:43:57 np0005471485.novalocal proxy-server[94957]: ::1 ::1 06/Oct/2025/03/43/57 GET /v1/AUTH_7aebe34b89554e87825206ce40aeb2f7/gnocchi.ec70b95b-d67a-4390-84e8-14d2633fa0ec/1759320000.0_mean_300.0_v3 HTTP/1.0 404 - python-swiftclient-4.8.0 gAAAAABo4zrG_lV4... - 70 - txc83a53bfa2f2455d903e5-0068e33afd - 0.0142 - - 1759722237.766437531 1759722237.780588150 0 7b03bd18aea8470cbeb747235c58da52
Oct 05 23:43:57 np0005471485.novalocal account-server[93328]: ::1 - - [06/Oct/2025:03:43:57 +0000] "PUT /2/145150/AUTH_7aebe34b89554e87825206ce40aeb2f7/gnocchi.9ff2446e-71cb-45d6-a675-9511dd1e0987" 201 - "-" "-" "container-updater 92792" 0.0003 "-" 93328 0
Oct 05 23:43:57 np0005471485.novalocal account-server[93329]: ::1 - - [06/Oct/2025:03:43:57 +0000] "PUT /1/145150/AUTH_7aebe34b89554e87825206ce40aeb2f7/gnocchi.9ff2446e-71cb-45d6-a675-9511dd1e0987" 201 - "-" "-" "container-updater 92792" 0.0006 "-" 93329 0
Oct 05 23:43:57 np0005471485.novalocal container-server[93621]: ::1 - - [06/Oct/2025:03:43:57 +0000] "PUT /3/68045/AUTH_7aebe34b89554e87825206ce40aeb2f7/gnocchi.ec70b95b-d67a-4390-84e8-14d2633fa0ec/1759320000.0_mean_300.0_v3" 201 - "PUT http://[::1]:8080/3/169249/AUTH_7aebe34b89554e87825206ce40aeb2f7/gnocchi.ec70b95b-d67a-4390-84e8-14d2633fa0ec/1759320000.0_mean_300.0_v3" "txeac303ee0e1e41dbb396d-0068e33afd" "object-server 93955" 0.0007 "-" 93621 0
Oct 05 23:43:57 np0005471485.novalocal container-server[93621]: ::1 - - [06/Oct/2025:03:43:57 +0000] "PUT /1/68045/AUTH_7aebe34b89554e87825206ce40aeb2f7/gnocchi.ec70b95b-d67a-4390-84e8-14d2633fa0ec/1759320000.0_mean_300.0_v3" 201 - "PUT http://[::1]:8080/1/169249/AUTH_7aebe34b89554e87825206ce40aeb2f7/gnocchi.ec70b95b-d67a-4390-84e8-14d2633fa0ec/1759320000.0_mean_300.0_v3" "txeac303ee0e1e41dbb396d-0068e33afd" "object-server 93954" 0.0005 "-" 93621 0
Oct 05 23:43:57 np0005471485.novalocal object-server[93954]: ::1 - - [06/Oct/2025:03:43:57 +0000] "PUT /1/169249/AUTH_7aebe34b89554e87825206ce40aeb2f7/gnocchi.ec70b95b-d67a-4390-84e8-14d2633fa0ec/1759320000.0_mean_300.0_v3" 201 - "PUT https://[::1]:8080/v1/AUTH_7aebe34b89554e87825206ce40aeb2f7/gnocchi.ec70b95b-d67a-4390-84e8-14d2633fa0ec/1759320000.0_mean_300.0_v3" "txeac303ee0e1e41dbb396d-0068e33afd" "proxy-server 94957" 0.0120 "-" 93954 0
Oct 05 23:43:57 np0005471485.novalocal container-server[93621]: ::1 - - [06/Oct/2025:03:43:57 +0000] "PUT /2/68045/AUTH_7aebe34b89554e87825206ce40aeb2f7/gnocchi.ec70b95b-d67a-4390-84e8-14d2633fa0ec/1759320000.0_mean_300.0_v3" 201 - "PUT http://[::1]:8080/2/169249/AUTH_7aebe34b89554e87825206ce40aeb2f7/gnocchi.ec70b95b-d67a-4390-84e8-14d2633fa0ec/1759320000.0_mean_300.0_v3" "txeac303ee0e1e41dbb396d-0068e33afd" "object-server 93954" 0.0005 "-" 93621 0
Oct 05 23:43:57 np0005471485.novalocal object-server[93954]: ::1 - - [06/Oct/2025:03:43:57 +0000] "PUT /2/169249/AUTH_7aebe34b89554e87825206ce40aeb2f7/gnocchi.ec70b95b-d67a-4390-84e8-14d2633fa0ec/1759320000.0_mean_300.0_v3" 201 - "PUT https://[::1]:8080/v1/AUTH_7aebe34b89554e87825206ce40aeb2f7/gnocchi.ec70b95b-d67a-4390-84e8-14d2633fa0ec/1759320000.0_mean_300.0_v3" "txeac303ee0e1e41dbb396d-0068e33afd" "proxy-server 94957" 0.0155 "-" 93954 0
Oct 05 23:43:57 np0005471485.novalocal object-server[93955]: ::1 - - [06/Oct/2025:03:43:57 +0000] "PUT /3/169249/AUTH_7aebe34b89554e87825206ce40aeb2f7/gnocchi.ec70b95b-d67a-4390-84e8-14d2633fa0ec/1759320000.0_mean_300.0_v3" 201 - "PUT https://[::1]:8080/v1/AUTH_7aebe34b89554e87825206ce40aeb2f7/gnocchi.ec70b95b-d67a-4390-84e8-14d2633fa0ec/1759320000.0_mean_300.0_v3" "txeac303ee0e1e41dbb396d-0068e33afd" "proxy-server 94957" 0.0154 "-" 93955 0
Oct 05 23:43:57 np0005471485.novalocal proxy-server[94957]: ::1 ::1 06/Oct/2025/03/43/57 PUT /v1/AUTH_7aebe34b89554e87825206ce40aeb2f7/gnocchi.ec70b95b-d67a-4390-84e8-14d2633fa0ec/1759320000.0_mean_300.0_v3 HTTP/1.0 201 - python-swiftclient-4.8.0 gAAAAABo4zrG_lV4... 16 - - txeac303ee0e1e41dbb396d-0068e33afd - 0.0249 - - 1759722237.783139467 1759722237.808045387 0 7b03bd18aea8470cbeb747235c58da52
Oct 05 23:43:57 np0005471485.novalocal container-server[93621]: ::1 - - [06/Oct/2025:03:43:57 +0000] "PUT /3/68045/AUTH_7aebe34b89554e87825206ce40aeb2f7/gnocchi.ec70b95b-d67a-4390-84e8-14d2633fa0ec/none_v3" 201 - "PUT http://[::1]:8080/1/16295/AUTH_7aebe34b89554e87825206ce40aeb2f7/gnocchi.ec70b95b-d67a-4390-84e8-14d2633fa0ec/none_v3" "txda50e05f240c4143b5ddb-0068e33afd" "object-server 93954" 0.0006 "-" 93621 0
Oct 05 23:43:57 np0005471485.novalocal object-server[93954]: ::1 - - [06/Oct/2025:03:43:57 +0000] "PUT /1/16295/AUTH_7aebe34b89554e87825206ce40aeb2f7/gnocchi.ec70b95b-d67a-4390-84e8-14d2633fa0ec/none_v3" 201 - "PUT https://[::1]:8080/v1/AUTH_7aebe34b89554e87825206ce40aeb2f7/gnocchi.ec70b95b-d67a-4390-84e8-14d2633fa0ec/none_v3" "txda50e05f240c4143b5ddb-0068e33afd" "proxy-server 94957" 0.0146 "-" 93954 0
Oct 05 23:43:57 np0005471485.novalocal container-server[93621]: ::1 - - [06/Oct/2025:03:43:57 +0000] "PUT /1/68045/AUTH_7aebe34b89554e87825206ce40aeb2f7/gnocchi.ec70b95b-d67a-4390-84e8-14d2633fa0ec/none_v3" 201 - "PUT http://[::1]:8080/3/16295/AUTH_7aebe34b89554e87825206ce40aeb2f7/gnocchi.ec70b95b-d67a-4390-84e8-14d2633fa0ec/none_v3" "txda50e05f240c4143b5ddb-0068e33afd" "object-server 93955" 0.0004 "-" 93621 0
Oct 05 23:43:57 np0005471485.novalocal object-server[93955]: ::1 - - [06/Oct/2025:03:43:57 +0000] "PUT /3/16295/AUTH_7aebe34b89554e87825206ce40aeb2f7/gnocchi.ec70b95b-d67a-4390-84e8-14d2633fa0ec/none_v3" 201 - "PUT https://[::1]:8080/v1/AUTH_7aebe34b89554e87825206ce40aeb2f7/gnocchi.ec70b95b-d67a-4390-84e8-14d2633fa0ec/none_v3" "txda50e05f240c4143b5ddb-0068e33afd" "proxy-server 94957" 0.0161 "-" 93955 0
Oct 05 23:43:57 np0005471485.novalocal container-server[93621]: ::1 - - [06/Oct/2025:03:43:57 +0000] "PUT /2/68045/AUTH_7aebe34b89554e87825206ce40aeb2f7/gnocchi.ec70b95b-d67a-4390-84e8-14d2633fa0ec/none_v3" 201 - "PUT http://[::1]:8080/2/16295/AUTH_7aebe34b89554e87825206ce40aeb2f7/gnocchi.ec70b95b-d67a-4390-84e8-14d2633fa0ec/none_v3" "txda50e05f240c4143b5ddb-0068e33afd" "object-server 93954" 0.0004 "-" 93621 0
Oct 05 23:43:57 np0005471485.novalocal object-server[93954]: ::1 - - [06/Oct/2025:03:43:57 +0000] "PUT /2/16295/AUTH_7aebe34b89554e87825206ce40aeb2f7/gnocchi.ec70b95b-d67a-4390-84e8-14d2633fa0ec/none_v3" 201 - "PUT https://[::1]:8080/v1/AUTH_7aebe34b89554e87825206ce40aeb2f7/gnocchi.ec70b95b-d67a-4390-84e8-14d2633fa0ec/none_v3" "txda50e05f240c4143b5ddb-0068e33afd" "proxy-server 94957" 0.0146 "-" 93954 0
Oct 05 23:43:57 np0005471485.novalocal proxy-server[94957]: ::1 ::1 06/Oct/2025/03/43/57 PUT /v1/AUTH_7aebe34b89554e87825206ce40aeb2f7/gnocchi.ec70b95b-d67a-4390-84e8-14d2633fa0ec/none_v3 HTTP/1.0 201 - python-swiftclient-4.8.0 gAAAAABo4zrG_lV4... 22 - - txda50e05f240c4143b5ddb-0068e33afd - 0.0256 - - 1759722237.810540438 1759722237.836166859 0 7b03bd18aea8470cbeb747235c58da52
Oct 05 23:43:57 np0005471485.novalocal container-server[93622]: ::1 - - [06/Oct/2025:03:43:57 +0000] "HEAD /1/56958/AUTH_7aebe34b89554e87825206ce40aeb2f7/gnocchi.72011735-1e15-4582-a236-d7784608be7a" 404 - "HEAD http://[::1]:8080/v1/AUTH_7aebe34b89554e87825206ce40aeb2f7/gnocchi.72011735-1e15-4582-a236-d7784608be7a" "tx22ea99881a714c729b322-0068e33afd" "proxy-server 94957" 0.0003 "-" 93622 0
Oct 05 23:43:57 np0005471485.novalocal container-server[93621]: ::1 - - [06/Oct/2025:03:43:57 +0000] "HEAD /3/56958/AUTH_7aebe34b89554e87825206ce40aeb2f7/gnocchi.72011735-1e15-4582-a236-d7784608be7a" 404 - "HEAD http://[::1]:8080/v1/AUTH_7aebe34b89554e87825206ce40aeb2f7/gnocchi.72011735-1e15-4582-a236-d7784608be7a" "tx22ea99881a714c729b322-0068e33afd" "proxy-server 94957" 0.0004 "-" 93621 0
Oct 05 23:43:57 np0005471485.novalocal container-server[93621]: ::1 - - [06/Oct/2025:03:43:57 +0000] "HEAD /2/56958/AUTH_7aebe34b89554e87825206ce40aeb2f7/gnocchi.72011735-1e15-4582-a236-d7784608be7a" 404 - "HEAD http://[::1]:8080/v1/AUTH_7aebe34b89554e87825206ce40aeb2f7/gnocchi.72011735-1e15-4582-a236-d7784608be7a" "tx22ea99881a714c729b322-0068e33afd" "proxy-server 94957" 0.0002 "-" 93621 0
Oct 05 23:43:57 np0005471485.novalocal proxy-server[94957]: - - 06/Oct/2025/03/43/57 HEAD /v1/AUTH_7aebe34b89554e87825206ce40aeb2f7/gnocchi.72011735-1e15-4582-a236-d7784608be7a HTTP/1.0 404 - Swift - - - - tx22ea99881a714c729b322-0068e33afd - 0.0111 CS - 1759722237.855113745 1759722237.866182327 0 -
Oct 05 23:43:57 np0005471485.novalocal object-server[93955]: ::1 - - [06/Oct/2025:03:43:57 +0000] "GET /3/200942/AUTH_7aebe34b89554e87825206ce40aeb2f7/gnocchi.72011735-1e15-4582-a236-d7784608be7a/none_v3" 404 70 "GET https://[::1]:8080/v1/AUTH_7aebe34b89554e87825206ce40aeb2f7/gnocchi.72011735-1e15-4582-a236-d7784608be7a/none_v3" "tx22ea99881a714c729b322-0068e33afd" "proxy-server 94957" 0.0004 "-" 93955 0
Oct 05 23:43:57 np0005471485.novalocal object-server[93954]: ::1 - - [06/Oct/2025:03:43:57 +0000] "GET /1/200942/AUTH_7aebe34b89554e87825206ce40aeb2f7/gnocchi.72011735-1e15-4582-a236-d7784608be7a/none_v3" 404 70 "GET https://[::1]:8080/v1/AUTH_7aebe34b89554e87825206ce40aeb2f7/gnocchi.72011735-1e15-4582-a236-d7784608be7a/none_v3" "tx22ea99881a714c729b322-0068e33afd" "proxy-server 94957" 0.0010 "-" 93954 0
Oct 05 23:43:57 np0005471485.novalocal account-server[93328]: ::1 - - [06/Oct/2025:03:43:57 +0000] "PUT /3/145150/AUTH_7aebe34b89554e87825206ce40aeb2f7/gnocchi.e0665dff-a464-4e7b-979b-077ba64b2774" 201 - "-" "-" "container-updater 92792" 0.0004 "-" 93328 0
Oct 05 23:43:57 np0005471485.novalocal account-server[93328]: ::1 - - [06/Oct/2025:03:43:57 +0000] "PUT /1/145150/AUTH_7aebe34b89554e87825206ce40aeb2f7/gnocchi.e0665dff-a464-4e7b-979b-077ba64b2774" 201 - "-" "-" "container-updater 92792" 0.0003 "-" 93328 0
Oct 05 23:43:57 np0005471485.novalocal account-server[93329]: ::1 - - [06/Oct/2025:03:43:57 +0000] "PUT /2/145150/AUTH_7aebe34b89554e87825206ce40aeb2f7/gnocchi.e0665dff-a464-4e7b-979b-077ba64b2774" 201 - "-" "-" "container-updater 92792" 0.0007 "-" 93329 0
Oct 05 23:43:57 np0005471485.novalocal object-server[93955]: ::1 - - [06/Oct/2025:03:43:57 +0000] "GET /2/200942/AUTH_7aebe34b89554e87825206ce40aeb2f7/gnocchi.72011735-1e15-4582-a236-d7784608be7a/none_v3" 404 70 "GET https://[::1]:8080/v1/AUTH_7aebe34b89554e87825206ce40aeb2f7/gnocchi.72011735-1e15-4582-a236-d7784608be7a/none_v3" "tx22ea99881a714c729b322-0068e33afd" "proxy-server 94957" 0.0003 "-" 93955 0
Oct 05 23:43:57 np0005471485.novalocal proxy-server[94957]: ::1 ::1 06/Oct/2025/03/43/57 GET /v1/AUTH_7aebe34b89554e87825206ce40aeb2f7/gnocchi.72011735-1e15-4582-a236-d7784608be7a/none_v3 HTTP/1.0 404 - python-swiftclient-4.8.0 gAAAAABo4zrG_lV4... - 70 - tx22ea99881a714c729b322-0068e33afd - 0.0275 - - 1759722237.854497433 1759722237.882030964 0 7b03bd18aea8470cbeb747235c58da52
Oct 05 23:43:57 np0005471485.novalocal account-server[93329]: ::1 - - [06/Oct/2025:03:43:57 +0000] "PUT /2/145150/AUTH_7aebe34b89554e87825206ce40aeb2f7/gnocchi.72011735-1e15-4582-a236-d7784608be7a" 201 - "PUT http://[::1]:6001/1/56958/AUTH_7aebe34b89554e87825206ce40aeb2f7/gnocchi.72011735-1e15-4582-a236-d7784608be7a" "tx1086df600e344eeea8970-0068e33afd" "container-server 93622" 0.0055 "-" 93329 0
Oct 05 23:43:57 np0005471485.novalocal container-server[93622]: ::1 - - [06/Oct/2025:03:43:57 +0000] "PUT /1/56958/AUTH_7aebe34b89554e87825206ce40aeb2f7/gnocchi.72011735-1e15-4582-a236-d7784608be7a" 201 - "PUT https://[::1]:8080/v1/AUTH_7aebe34b89554e87825206ce40aeb2f7/gnocchi.72011735-1e15-4582-a236-d7784608be7a" "tx1086df600e344eeea8970-0068e33afd" "proxy-server 94957" 0.0184 "-" 93622 0
Oct 05 23:43:57 np0005471485.novalocal account-server[93329]: ::1 - - [06/Oct/2025:03:43:57 +0000] "PUT /3/145150/AUTH_7aebe34b89554e87825206ce40aeb2f7/gnocchi.72011735-1e15-4582-a236-d7784608be7a" 201 - "PUT http://[::1]:6001/3/56958/AUTH_7aebe34b89554e87825206ce40aeb2f7/gnocchi.72011735-1e15-4582-a236-d7784608be7a" "tx1086df600e344eeea8970-0068e33afd" "container-server 93621" 0.0067 "-" 93329 0
Oct 05 23:43:57 np0005471485.novalocal container-server[93621]: ::1 - - [06/Oct/2025:03:43:57 +0000] "PUT /3/56958/AUTH_7aebe34b89554e87825206ce40aeb2f7/gnocchi.72011735-1e15-4582-a236-d7784608be7a" 201 - "PUT https://[::1]:8080/v1/AUTH_7aebe34b89554e87825206ce40aeb2f7/gnocchi.72011735-1e15-4582-a236-d7784608be7a" "tx1086df600e344eeea8970-0068e33afd" "proxy-server 94957" 0.0172 "-" 93621 0
Oct 05 23:43:57 np0005471485.novalocal account-server[93329]: ::1 - - [06/Oct/2025:03:43:57 +0000] "PUT /1/145150/AUTH_7aebe34b89554e87825206ce40aeb2f7/gnocchi.72011735-1e15-4582-a236-d7784608be7a" 201 - "PUT http://[::1]:6001/2/56958/AUTH_7aebe34b89554e87825206ce40aeb2f7/gnocchi.72011735-1e15-4582-a236-d7784608be7a" "tx1086df600e344eeea8970-0068e33afd" "container-server 93621" 0.0066 "-" 93329 0
Oct 05 23:43:57 np0005471485.novalocal container-server[93621]: ::1 - - [06/Oct/2025:03:43:57 +0000] "PUT /2/56958/AUTH_7aebe34b89554e87825206ce40aeb2f7/gnocchi.72011735-1e15-4582-a236-d7784608be7a" 201 - "PUT https://[::1]:8080/v1/AUTH_7aebe34b89554e87825206ce40aeb2f7/gnocchi.72011735-1e15-4582-a236-d7784608be7a" "tx1086df600e344eeea8970-0068e33afd" "proxy-server 94957" 0.0383 "-" 93621 0
Oct 05 23:43:57 np0005471485.novalocal proxy-server[94957]: ::1 ::1 06/Oct/2025/03/43/57 PUT /v1/AUTH_7aebe34b89554e87825206ce40aeb2f7/gnocchi.72011735-1e15-4582-a236-d7784608be7a HTTP/1.0 201 - python-swiftclient-4.8.0 gAAAAABo4zrG_lV4... - - - tx1086df600e344eeea8970-0068e33afd - 0.0470 - - 1759722237.885583162 1759722237.932559967 0 7b03bd18aea8470cbeb747235c58da52
Oct 05 23:43:57 np0005471485.novalocal container-server[93622]: ::1 - - [06/Oct/2025:03:43:57 +0000] "HEAD /1/56958/AUTH_7aebe34b89554e87825206ce40aeb2f7/gnocchi.72011735-1e15-4582-a236-d7784608be7a" 204 - "HEAD http://[::1]:8080/v1/AUTH_7aebe34b89554e87825206ce40aeb2f7/gnocchi.72011735-1e15-4582-a236-d7784608be7a" "tx4661e965487c452091f21-0068e33afd" "proxy-server 94957" 0.0012 "-" 93622 0
Oct 05 23:43:57 np0005471485.novalocal proxy-server[94957]: - - 06/Oct/2025/03/43/57 HEAD /v1/AUTH_7aebe34b89554e87825206ce40aeb2f7/gnocchi.72011735-1e15-4582-a236-d7784608be7a HTTP/1.0 204 - Swift - - - - tx4661e965487c452091f21-0068e33afd - 0.0043 CS - 1759722237.936316490 1759722237.940575123 0 -
Oct 05 23:43:57 np0005471485.novalocal container-server[93621]: ::1 - - [06/Oct/2025:03:43:57 +0000] "GET /1/56958/AUTH_7aebe34b89554e87825206ce40aeb2f7/gnocchi.72011735-1e15-4582-a236-d7784608be7a" 200 2 "GET https://[::1]:8080/v1/AUTH_7aebe34b89554e87825206ce40aeb2f7/gnocchi.72011735-1e15-4582-a236-d7784608be7a?format=json&states=listing" "tx4661e965487c452091f21-0068e33afd" "proxy-server 94957" 0.0026 "-" 93621 0
Oct 05 23:43:57 np0005471485.novalocal proxy-server[94957]: ::1 ::1 06/Oct/2025/03/43/57 GET /v1/AUTH_7aebe34b89554e87825206ce40aeb2f7/gnocchi.72011735-1e15-4582-a236-d7784608be7a%3Fformat%3Djson%26states%3Dlisting HTTP/1.0 200 - python-swiftclient-4.8.0 gAAAAABo4zrG_lV4... - 2 - tx4661e965487c452091f21-0068e33afd - 0.0144 - - 1759722237.935622215 1759722237.950024843 0 7b03bd18aea8470cbeb747235c58da52
Oct 05 23:43:57 np0005471485.novalocal object-server[93955]: ::1 - - [06/Oct/2025:03:43:57 +0000] "GET /1/101436/AUTH_7aebe34b89554e87825206ce40aeb2f7/gnocchi.72011735-1e15-4582-a236-d7784608be7a/1759320000.0_mean_300.0_v3" 404 70 "GET https://[::1]:8080/v1/AUTH_7aebe34b89554e87825206ce40aeb2f7/gnocchi.72011735-1e15-4582-a236-d7784608be7a/1759320000.0_mean_300.0_v3" "txa6086b131f62431ead26b-0068e33afd" "proxy-server 94957" 0.0004 "-" 93955 0
