Oct 05 23:44:18 np0005471485.novalocal proxy-server[94957]: ::1 ::1 06/Oct/2025/03/44/18 GET /v1/AUTH_7aebe34b89554e87825206ce40aeb2f7/gnocchi.9d08177d-f005-4077-93cb-0ab3f3ffc960/none_v3 HTTP/1.0 200 - python-swiftclient-4.8.0 gAAAAABo4zrI4CaX... - 60 - tx1defcb04f2064f249029c-0068e33b12 - 0.0129 - - 1759722258.535194159 1759722258.548089027 0 7b03bd18aea8470cbeb747235c58da52
Oct 05 23:44:18 np0005471485.novalocal container-server[93622]: ::1 - - [06/Oct/2025:03:44:18 +0000] "GET /1/254353/AUTH_7aebe34b89554e87825206ce40aeb2f7/gnocchi.9d08177d-f005-4077-93cb-0ab3f3ffc960" 200 357 "GET https://[::1]:8080/v1/AUTH_7aebe34b89554e87825206ce40aeb2f7/gnocchi.9d08177d-f005-4077-93cb-0ab3f3ffc960?format=json&states=listing" "txf8ec693266384893a511f-0068e33b12" "proxy-server 94957" 0.0036 "-" 93622 0
Oct 05 23:44:18 np0005471485.novalocal container-replicator[93685]: Replication run OVER
Oct 05 23:44:18 np0005471485.novalocal container-replicator[93685]: Attempted to replicate 93 dbs in 2.13112 seconds (43.63912/s)
Oct 05 23:44:18 np0005471485.novalocal container-replicator[93685]: Removed 0 dbs
Oct 05 23:44:18 np0005471485.novalocal container-replicator[93685]: 186 successes, 0 failures
Oct 05 23:44:18 np0005471485.novalocal container-replicator[93685]: diff:0 diff_capped:0 empty:0 hashmatch:0 no_change:186 remote_merge:0 rsync:0 ts_repl:0
Oct 05 23:44:18 np0005471485.novalocal proxy-server[94957]: ::1 ::1 06/Oct/2025/03/44/18 GET /v1/AUTH_7aebe34b89554e87825206ce40aeb2f7/gnocchi.9d08177d-f005-4077-93cb-0ab3f3ffc960%3Fformat%3Djson%26states%3Dlisting HTTP/1.0 200 - python-swiftclient-4.8.0 gAAAAABo4zrI4CaX... - 357 - txf8ec693266384893a511f-0068e33b12 - 0.0132 - - 1759722258.553187132 1759722258.566401243 0 7b03bd18aea8470cbeb747235c58da52
Oct 05 23:44:18 np0005471485.novalocal container-server[93622]: ::1 - - [06/Oct/2025:03:44:18 +0000] "GET /2/254353/AUTH_7aebe34b89554e87825206ce40aeb2f7/gnocchi.9d08177d-f005-4077-93cb-0ab3f3ffc960" 200 2 "GET https://[::1]:8080/v1/AUTH_7aebe34b89554e87825206ce40aeb2f7/gnocchi.9d08177d-f005-4077-93cb-0ab3f3ffc960?format=json&marker=none_v3&states=listing" "tx2bc2700466b04395bdcd4-0068e33b12" "proxy-server 94957" 0.0027 "-" 93622 0
Oct 05 23:44:18 np0005471485.novalocal proxy-server[94957]: ::1 ::1 06/Oct/2025/03/44/18 GET /v1/AUTH_7aebe34b89554e87825206ce40aeb2f7/gnocchi.9d08177d-f005-4077-93cb-0ab3f3ffc960%3Fformat%3Djson%26marker%3Dnone_v3%26states%3Dlisting HTTP/1.0 200 - python-swiftclient-4.8.0 gAAAAABo4zrI4CaX... - 2 - tx2bc2700466b04395bdcd4-0068e33b12 - 0.0112 - - 1759722258.570224047 1759722258.581425667 0 7b03bd18aea8470cbeb747235c58da52
Oct 05 23:44:18 np0005471485.novalocal object-server[93955]: ::1 - - [06/Oct/2025:03:44:18 +0000] "GET /2/161274/AUTH_7aebe34b89554e87825206ce40aeb2f7/gnocchi.9d08177d-f005-4077-93cb-0ab3f3ffc960/1759320000.0_mean_300.0_v3" 200 16 "GET https://[::1]:8080/v1/AUTH_7aebe34b89554e87825206ce40aeb2f7/gnocchi.9d08177d-f005-4077-93cb-0ab3f3ffc960/1759320000.0_mean_300.0_v3" "tx5373a147fee44e8b9d932-0068e33b12" "proxy-server 94957" 0.0011 "-" 93955 0
Oct 05 23:44:18 np0005471485.novalocal proxy-server[94957]: ::1 ::1 06/Oct/2025/03/44/18 GET /v1/AUTH_7aebe34b89554e87825206ce40aeb2f7/gnocchi.9d08177d-f005-4077-93cb-0ab3f3ffc960/1759320000.0_mean_300.0_v3 HTTP/1.0 200 - python-swiftclient-4.8.0 gAAAAABo4zrI4CaX... - 16 - tx5373a147fee44e8b9d932-0068e33b12 - 0.0096 - - 1759722258.586549997 1759722258.596168756 0 7b03bd18aea8470cbeb747235c58da52
Oct 05 23:44:18 np0005471485.novalocal container-server[93621]: ::1 - - [06/Oct/2025:03:44:18 +0000] "PUT /2/254353/AUTH_7aebe34b89554e87825206ce40aeb2f7/gnocchi.9d08177d-f005-4077-93cb-0ab3f3ffc960/1759320000.0_mean_300.0_v3" 201 - "PUT http://[::1]:8080/1/161274/AUTH_7aebe34b89554e87825206ce40aeb2f7/gnocchi.9d08177d-f005-4077-93cb-0ab3f3ffc960/1759320000.0_mean_300.0_v3" "tx046008ad1ad64baf9d058-0068e33b12" "object-server 93955" 0.0008 "-" 93621 0
Oct 05 23:44:18 np0005471485.novalocal object-server[93955]: ::1 - - [06/Oct/2025:03:44:18 +0000] "PUT /1/161274/AUTH_7aebe34b89554e87825206ce40aeb2f7/gnocchi.9d08177d-f005-4077-93cb-0ab3f3ffc960/1759320000.0_mean_300.0_v3" 201 - "PUT https://[::1]:8080/v1/AUTH_7aebe34b89554e87825206ce40aeb2f7/gnocchi.9d08177d-f005-4077-93cb-0ab3f3ffc960/1759320000.0_mean_300.0_v3" "tx046008ad1ad64baf9d058-0068e33b12" "proxy-server 94957" 0.0138 "-" 93955 0
Oct 05 23:44:18 np0005471485.novalocal container-server[93621]: ::1 - - [06/Oct/2025:03:44:18 +0000] "PUT /1/254353/AUTH_7aebe34b89554e87825206ce40aeb2f7/gnocchi.9d08177d-f005-4077-93cb-0ab3f3ffc960/1759320000.0_mean_300.0_v3" 201 - "PUT http://[::1]:8080/2/161274/AUTH_7aebe34b89554e87825206ce40aeb2f7/gnocchi.9d08177d-f005-4077-93cb-0ab3f3ffc960/1759320000.0_mean_300.0_v3" "tx046008ad1ad64baf9d058-0068e33b12" "object-server 93954" 0.0006 "-" 93621 0
Oct 05 23:44:18 np0005471485.novalocal container-server[93622]: ::1 - - [06/Oct/2025:03:44:18 +0000] "PUT /3/254353/AUTH_7aebe34b89554e87825206ce40aeb2f7/gnocchi.9d08177d-f005-4077-93cb-0ab3f3ffc960/1759320000.0_mean_300.0_v3" 201 - "PUT http://[::1]:8080/3/161274/AUTH_7aebe34b89554e87825206ce40aeb2f7/gnocchi.9d08177d-f005-4077-93cb-0ab3f3ffc960/1759320000.0_mean_300.0_v3" "tx046008ad1ad64baf9d058-0068e33b12" "object-server 93954" 0.0007 "-" 93622 0
Oct 05 23:44:18 np0005471485.novalocal object-server[93954]: ::1 - - [06/Oct/2025:03:44:18 +0000] "PUT /3/161274/AUTH_7aebe34b89554e87825206ce40aeb2f7/gnocchi.9d08177d-f005-4077-93cb-0ab3f3ffc960/1759320000.0_mean_300.0_v3" 201 - "PUT https://[::1]:8080/v1/AUTH_7aebe34b89554e87825206ce40aeb2f7/gnocchi.9d08177d-f005-4077-93cb-0ab3f3ffc960/1759320000.0_mean_300.0_v3" "tx046008ad1ad64baf9d058-0068e33b12" "proxy-server 94957" 0.0136 "-" 93954 0
Oct 05 23:44:18 np0005471485.novalocal object-server[93954]: ::1 - - [06/Oct/2025:03:44:18 +0000] "PUT /2/161274/AUTH_7aebe34b89554e87825206ce40aeb2f7/gnocchi.9d08177d-f005-4077-93cb-0ab3f3ffc960/1759320000.0_mean_300.0_v3" 201 - "PUT https://[::1]:8080/v1/AUTH_7aebe34b89554e87825206ce40aeb2f7/gnocchi.9d08177d-f005-4077-93cb-0ab3f3ffc960/1759320000.0_mean_300.0_v3" "tx046008ad1ad64baf9d058-0068e33b12" "proxy-server 94957" 0.0171 "-" 93954 0
Oct 05 23:44:18 np0005471485.novalocal proxy-server[94957]: ::1 ::1 06/Oct/2025/03/44/18 PUT /v1/AUTH_7aebe34b89554e87825206ce40aeb2f7/gnocchi.9d08177d-f005-4077-93cb-0ab3f3ffc960/1759320000.0_mean_300.0_v3 HTTP/1.0 201 - python-swiftclient-4.8.0 gAAAAABo4zrI4CaX... 16 - - tx046008ad1ad64baf9d058-0068e33b12 - 0.0260 - - 1759722258.600271463 1759722258.626233816 0 7b03bd18aea8470cbeb747235c58da52
Oct 05 23:44:18 np0005471485.novalocal container-server[93622]: ::1 - - [06/Oct/2025:03:44:18 +0000] "PUT /3/254353/AUTH_7aebe34b89554e87825206ce40aeb2f7/gnocchi.9d08177d-f005-4077-93cb-0ab3f3ffc960/none_v3" 201 - "PUT http://[::1]:8080/2/68040/AUTH_7aebe34b89554e87825206ce40aeb2f7/gnocchi.9d08177d-f005-4077-93cb-0ab3f3ffc960/none_v3" "tx4fbe3e7f7f34409398b2c-0068e33b12" "object-server 93955" 0.0007 "-" 93622 0
Oct 05 23:44:18 np0005471485.novalocal object-server[93955]: ::1 - - [06/Oct/2025:03:44:18 +0000] "PUT /2/68040/AUTH_7aebe34b89554e87825206ce40aeb2f7/gnocchi.9d08177d-f005-4077-93cb-0ab3f3ffc960/none_v3" 201 - "PUT https://[::1]:8080/v1/AUTH_7aebe34b89554e87825206ce40aeb2f7/gnocchi.9d08177d-f005-4077-93cb-0ab3f3ffc960/none_v3" "tx4fbe3e7f7f34409398b2c-0068e33b12" "proxy-server 94957" 0.0136 "-" 93955 0
Oct 05 23:44:18 np0005471485.novalocal container-server[93622]: ::1 - - [06/Oct/2025:03:44:18 +0000] "PUT /2/254353/AUTH_7aebe34b89554e87825206ce40aeb2f7/gnocchi.9d08177d-f005-4077-93cb-0ab3f3ffc960/none_v3" 201 - "PUT http://[::1]:8080/1/68040/AUTH_7aebe34b89554e87825206ce40aeb2f7/gnocchi.9d08177d-f005-4077-93cb-0ab3f3ffc960/none_v3" "tx4fbe3e7f7f34409398b2c-0068e33b12" "object-server 93954" 0.0007 "-" 93622 0
Oct 05 23:44:18 np0005471485.novalocal object-server[93954]: ::1 - - [06/Oct/2025:03:44:18 +0000] "PUT /1/68040/AUTH_7aebe34b89554e87825206ce40aeb2f7/gnocchi.9d08177d-f005-4077-93cb-0ab3f3ffc960/none_v3" 201 - "PUT https://[::1]:8080/v1/AUTH_7aebe34b89554e87825206ce40aeb2f7/gnocchi.9d08177d-f005-4077-93cb-0ab3f3ffc960/none_v3" "tx4fbe3e7f7f34409398b2c-0068e33b12" "proxy-server 94957" 0.0152 "-" 93954 0
Oct 05 23:44:18 np0005471485.novalocal container-server[93622]: ::1 - - [06/Oct/2025:03:44:18 +0000] "PUT /1/254353/AUTH_7aebe34b89554e87825206ce40aeb2f7/gnocchi.9d08177d-f005-4077-93cb-0ab3f3ffc960/none_v3" 201 - "PUT http://[::1]:8080/3/68040/AUTH_7aebe34b89554e87825206ce40aeb2f7/gnocchi.9d08177d-f005-4077-93cb-0ab3f3ffc960/none_v3" "tx4fbe3e7f7f34409398b2c-0068e33b12" "object-server 93955" 0.0004 "-" 93622 0
Oct 05 23:44:18 np0005471485.novalocal object-server[93955]: ::1 - - [06/Oct/2025:03:44:18 +0000] "PUT /3/68040/AUTH_7aebe34b89554e87825206ce40aeb2f7/gnocchi.9d08177d-f005-4077-93cb-0ab3f3ffc960/none_v3" 201 - "PUT https://[::1]:8080/v1/AUTH_7aebe34b89554e87825206ce40aeb2f7/gnocchi.9d08177d-f005-4077-93cb-0ab3f3ffc960/none_v3" "tx4fbe3e7f7f34409398b2c-0068e33b12" "proxy-server 94957" 0.0149 "-" 93955 0
Oct 05 23:44:18 np0005471485.novalocal proxy-server[94957]: ::1 ::1 06/Oct/2025/03/44/18 PUT /v1/AUTH_7aebe34b89554e87825206ce40aeb2f7/gnocchi.9d08177d-f005-4077-93cb-0ab3f3ffc960/none_v3 HTTP/1.0 201 - python-swiftclient-4.8.0 gAAAAABo4zrI4CaX... 68 - - tx4fbe3e7f7f34409398b2c-0068e33b12 - 0.0260 - - 1759722258.629979134 1759722258.656001329 0 7b03bd18aea8470cbeb747235c58da52
Oct 05 23:44:19 np0005471485.novalocal account-replicator[93392]: Beginning replication run
Oct 05 23:44:19 np0005471485.novalocal account-replicator[93392]: Replication run OVER
Oct 05 23:44:19 np0005471485.novalocal account-replicator[93392]: Attempted to replicate 3 dbs in 0.07577 seconds (39.59600/s)
Oct 05 23:44:19 np0005471485.novalocal account-replicator[93392]: Removed 0 dbs
Oct 05 23:44:19 np0005471485.novalocal account-replicator[93392]: 6 successes, 0 failures
Oct 05 23:44:19 np0005471485.novalocal account-replicator[93392]: diff:0 diff_capped:0 empty:0 hashmatch:0 no_change:6 remote_merge:0 rsync:0 ts_repl:0
Oct 05 23:44:22 np0005471485.novalocal dnsmasq-dhcp[100719]: DHCPRELEASE(tapc1aa72b4-d1) 10.100.0.1 fa:16:3e:7a:a7:a9
Oct 05 23:44:22 np0005471485.novalocal kernel: qbrd5c244a7-31: port 2(tapd5c244a7-31) entered disabled state
Oct 05 23:44:22 np0005471485.novalocal kernel: tapd5c244a7-31 (unregistering): left allmulticast mode
Oct 05 23:44:22 np0005471485.novalocal kernel: tapd5c244a7-31 (unregistering): left promiscuous mode
Oct 05 23:44:22 np0005471485.novalocal kernel: qbrd5c244a7-31: port 2(tapd5c244a7-31) entered disabled state
Oct 05 23:44:22 np0005471485.novalocal NetworkManager[862]: [1759722262.3012] device (tapd5c244a7-31): state change: activated -> unmanaged (reason 'unmanaged', managed-type: 'removed')
Oct 05 23:44:22 np0005471485.novalocal NetworkManager[862]: [1759722262.3017] device (tapd5c244a7-31): released from controller device qbrd5c244a7-31
Oct 05 23:44:22 np0005471485.novalocal systemd[1]: machine-qemu\x2d3\x2dinstance\x2d00000003.scope: Deactivated successfully.
Oct 05 23:44:22 np0005471485.novalocal systemd[1]: machine-qemu\x2d3\x2dinstance\x2d00000003.scope: Consumed 11.554s CPU time.
Oct 05 23:44:22 np0005471485.novalocal systemd-machined[90520]: Machine qemu-3-instance-00000003 terminated.
Oct 05 23:44:22 np0005471485.novalocal object-auditor[102120]: Begin object audit "forever" mode (ZBF)
Oct 05 23:44:22 np0005471485.novalocal object-auditor[102120]: Object audit (ZBF). Since Mon Oct 6 03:44:22 2025: Locally: 1 passed, 0 quarantined, 0 errors, files/sec: 302.40, bytes/sec: 0.00, Total time: 0.00, Auditing time: 0.00, Rate: 0.00
Oct 05 23:44:23 np0005471485.novalocal kernel: qr-af397a86-7a: left promiscuous mode
Oct 05 23:44:23 np0005471485.novalocal kernel: qvbd5c244a7-31: left allmulticast mode
Oct 05 23:44:23 np0005471485.novalocal kernel: qvbd5c244a7-31: left promiscuous mode
Oct 05 23:44:23 np0005471485.novalocal kernel: qbrd5c244a7-31: port 1(qvbd5c244a7-31) entered disabled state
Oct 05 23:44:23 np0005471485.novalocal object-server[93954]: ::1 - - [06/Oct/2025:03:44:23 +0000] "GET /2/95924/AUTH_7aebe34b89554e87825206ce40aeb2f7/gnocchi.b4052cef-64ea-4faa-b887-71d6a277e880/none_v3" 200 22 "GET https://[::1]:8080/v1/AUTH_7aebe34b89554e87825206ce40aeb2f7/gnocchi.b4052cef-64ea-4faa-b887-71d6a277e880/none_v3" "tx29fac8a549394e40b6e73-0068e33b17" "proxy-server 94957" 0.0006 "-" 93954 0
Oct 05 23:44:23 np0005471485.novalocal proxy-server[94957]: ::1 ::1 06/Oct/2025/03/44/23 GET /v1/AUTH_7aebe34b89554e87825206ce40aeb2f7/gnocchi.b4052cef-64ea-4faa-b887-71d6a277e880/none_v3 HTTP/1.0 200 - python-swiftclient-4.8.0 gAAAAABo4zrI4CaX... - 22 - tx29fac8a549394e40b6e73-0068e33b17 - 0.0063 - - 1759722263.028022051 1759722263.034352779 0 7b03bd18aea8470cbeb747235c58da52
Oct 05 23:44:23 np0005471485.novalocal NetworkManager[862]: [1759722263.0400] device (qbrd5c244a7-31): bridge port qvbd5c244a7-31 was detached
Oct 05 23:44:23 np0005471485.novalocal NetworkManager[862]: [1759722263.0409] device (qbrd5c244a7-31): state change: activated -> unmanaged (reason 'unmanaged', managed-type: 'removed')
Oct 05 23:44:23 np0005471485.novalocal container-server[93621]: ::1 - - [06/Oct/2025:03:44:23 +0000] "GET /2/98897/AUTH_7aebe34b89554e87825206ce40aeb2f7/gnocchi.b4052cef-64ea-4faa-b887-71d6a277e880" 200 357 "GET https://[::1]:8080/v1/AUTH_7aebe34b89554e87825206ce40aeb2f7/gnocchi.b4052cef-64ea-4faa-b887-71d6a277e880?format=json&states=listing" "tx6298b511e27d421a8abd5-0068e33b17" "proxy-server 94957" 0.0026 "-" 93621 0
Oct 05 23:44:23 np0005471485.novalocal kernel: qvod5c244a7-31: left promiscuous mode
Oct 05 23:44:23 np0005471485.novalocal proxy-server[94957]: ::1 ::1 06/Oct/2025/03/44/23 GET /v1/AUTH_7aebe34b89554e87825206ce40aeb2f7/gnocchi.b4052cef-64ea-4faa-b887-71d6a277e880%3Fformat%3Djson%26states%3Dlisting HTTP/1.0 200 - python-swiftclient-4.8.0 gAAAAABo4zrI4CaX... - 357 - tx6298b511e27d421a8abd5-0068e33b17 - 0.0089 - - 1759722263.048191071 1759722263.057057142 0 7b03bd18aea8470cbeb747235c58da52
Oct 05 23:44:23 np0005471485.novalocal container-server[93621]: ::1 - - [06/Oct/2025:03:44:23 +0000] "GET /1/98897/AUTH_7aebe34b89554e87825206ce40aeb2f7/gnocchi.b4052cef-64ea-4faa-b887-71d6a277e880" 200 2 "GET https://[::1]:8080/v1/AUTH_7aebe34b89554e87825206ce40aeb2f7/gnocchi.b4052cef-64ea-4faa-b887-71d6a277e880?format=json&marker=none_v3&states=listing" "txeee128084c65423ca72c7-0068e33b17" "proxy-server 94957" 0.0022 "-" 93621 0
Oct 05 23:44:23 np0005471485.novalocal proxy-server[94957]: ::1 ::1 06/Oct/2025/03/44/23 GET /v1/AUTH_7aebe34b89554e87825206ce40aeb2f7/gnocchi.b4052cef-64ea-4faa-b887-71d6a277e880%3Fformat%3Djson%26marker%3Dnone_v3%26states%3Dlisting HTTP/1.0 200 - python-swiftclient-4.8.0 gAAAAABo4zrI4CaX... - 2 - txeee128084c65423ca72c7-0068e33b17 - 0.0079 - - 1759722263.061055899 1759722263.068922520 0 7b03bd18aea8470cbeb747235c58da52
Oct 05 23:44:23 np0005471485.novalocal object-server[93955]: ::1 - - [06/Oct/2025:03:44:23 +0000] "GET /1/68333/AUTH_7aebe34b89554e87825206ce40aeb2f7/gnocchi.b4052cef-64ea-4faa-b887-71d6a277e880/1759320000.0_mean_300.0_v3" 200 16 "GET https://[::1]:8080/v1/AUTH_7aebe34b89554e87825206ce40aeb2f7/gnocchi.b4052cef-64ea-4faa-b887-71d6a277e880/1759320000.0_mean_300.0_v3" "txdf95fcc1f8ad4af8ba4de-0068e33b17" "proxy-server 94957" 0.0006 "-" 93955 0
Oct 05 23:44:23 np0005471485.novalocal dnsmasq[100719]: read /var/lib/neutron/dhcp/29cfdef7-cd41-461a-9c85-831fc9b6ce2f/addn_hosts - 0 addresses
Oct 05 23:44:23 np0005471485.novalocal dnsmasq-dhcp[100719]: read /var/lib/neutron/dhcp/29cfdef7-cd41-461a-9c85-831fc9b6ce2f/host
Oct 05 23:44:23 np0005471485.novalocal dnsmasq-dhcp[100719]: read /var/lib/neutron/dhcp/29cfdef7-cd41-461a-9c85-831fc9b6ce2f/opts
Oct 05 23:44:23 np0005471485.novalocal proxy-server[94957]: ::1 ::1 06/Oct/2025/03/44/23 GET /v1/AUTH_7aebe34b89554e87825206ce40aeb2f7/gnocchi.b4052cef-64ea-4faa-b887-71d6a277e880/1759320000.0_mean_300.0_v3 HTTP/1.0 200 - python-swiftclient-4.8.0 gAAAAABo4zrI4CaX... - 16 - txdf95fcc1f8ad4af8ba4de-0068e33b17 - 0.0063 - - 1759722263.074027777 1759722263.080280542 0 7b03bd18aea8470cbeb747235c58da52
Oct 05 23:44:23 np0005471485.novalocal container-server[93622]: ::1 - - [06/Oct/2025:03:44:23 +0000] "PUT /2/98897/AUTH_7aebe34b89554e87825206ce40aeb2f7/gnocchi.b4052cef-64ea-4faa-b887-71d6a277e880/1759320000.0_mean_300.0_v3" 201 - "PUT http://[::1]:8080/2/68333/AUTH_7aebe34b89554e87825206ce40aeb2f7/gnocchi.b4052cef-64ea-4faa-b887-71d6a277e880/1759320000.0_mean_300.0_v3" "tx80f03ce5bb32466e961d2-0068e33b17" "object-server 93954" 0.0005 "-" 93622 0
Oct 05 23:44:23 np0005471485.novalocal object-server[93954]: ::1 - - [06/Oct/2025:03:44:23 +0000] "PUT /2/68333/AUTH_7aebe34b89554e87825206ce40aeb2f7/gnocchi.b4052cef-64ea-4faa-b887-71d6a277e880/1759320000.0_mean_300.0_v3" 201 - "PUT https://[::1]:8080/v1/AUTH_7aebe34b89554e87825206ce40aeb2f7/gnocchi.b4052cef-64ea-4faa-b887-71d6a277e880/1759320000.0_mean_300.0_v3" "tx80f03ce5bb32466e961d2-0068e33b17" "proxy-server 94957" 0.0225 "-" 93954 0
Oct 05 23:44:23 np0005471485.novalocal container-server[93622]: ::1 - - [06/Oct/2025:03:44:23 +0000] "PUT /3/98897/AUTH_7aebe34b89554e87825206ce40aeb2f7/gnocchi.b4052cef-64ea-4faa-b887-71d6a277e880/1759320000.0_mean_300.0_v3" 201 - "PUT http://[::1]:8080/1/68333/AUTH_7aebe34b89554e87825206ce40aeb2f7/gnocchi.b4052cef-64ea-4faa-b887-71d6a277e880/1759320000.0_mean_300.0_v3" "tx80f03ce5bb32466e961d2-0068e33b17" "object-server 93954" 0.0003 "-" 93622 0
Oct 05 23:44:23 np0005471485.novalocal object-server[93954]: ::1 - - [06/Oct/2025:03:44:23 +0000] "PUT /1/68333/AUTH_7aebe34b89554e87825206ce40aeb2f7/gnocchi.b4052cef-64ea-4faa-b887-71d6a277e880/1759320000.0_mean_300.0_v3" 201 - "PUT https://[::1]:8080/v1/AUTH_7aebe34b89554e87825206ce40aeb2f7/gnocchi.b4052cef-64ea-4faa-b887-71d6a277e880/1759320000.0_mean_300.0_v3" "tx80f03ce5bb32466e961d2-0068e33b17" "proxy-server 94957" 0.0214 "-" 93954 0
Oct 05 23:44:23 np0005471485.novalocal container-server[93621]: ::1 - - [06/Oct/2025:03:44:23 +0000] "PUT /1/98897/AUTH_7aebe34b89554e87825206ce40aeb2f7/gnocchi.b4052cef-64ea-4faa-b887-71d6a277e880/1759320000.0_mean_300.0_v3" 201 - "PUT http://[::1]:8080/3/68333/AUTH_7aebe34b89554e87825206ce40aeb2f7/gnocchi.b4052cef-64ea-4faa-b887-71d6a277e880/1759320000.0_mean_300.0_v3" "tx80f03ce5bb32466e961d2-0068e33b17" "object-server 93954" 0.0006 "-" 93621 0
Oct 05 23:44:23 np0005471485.novalocal object-server[93954]: ::1 - - [06/Oct/2025:03:44:23 +0000] "PUT /3/68333/AUTH_7aebe34b89554e87825206ce40aeb2f7/gnocchi.b4052cef-64ea-4faa-b887-71d6a277e880/1759320000.0_mean_300.0_v3" 201 - "PUT https://[::1]:8080/v1/AUTH_7aebe34b89554e87825206ce40aeb2f7/gnocchi.b4052cef-64ea-4faa-b887-71d6a277e880/1759320000.0_mean_300.0_v3" "tx80f03ce5bb32466e961d2-0068e33b17" "proxy-server 94957" 0.0264 "-" 93954 0
Oct 05 23:44:23 np0005471485.novalocal proxy-server[94957]: ::1 ::1 06/Oct/2025/03/44/23 PUT /v1/AUTH_7aebe34b89554e87825206ce40aeb2f7/gnocchi.b4052cef-64ea-4faa-b887-71d6a277e880/1759320000.0_mean_300.0_v3 HTTP/1.0 201 - python-swiftclient-4.8.0 gAAAAABo4zrI4CaX... 16 - - tx80f03ce5bb32466e961d2-0068e33b17 - 0.0365 - - 1759722263.084791183 1759722263.121304512 0 7b03bd18aea8470cbeb747235c58da52
Oct 05 23:44:23 np0005471485.novalocal container-server[93621]: ::1 - - [06/Oct/2025:03:44:23 +0000] "PUT /2/98897/AUTH_7aebe34b89554e87825206ce40aeb2f7/gnocchi.b4052cef-64ea-4faa-b887-71d6a277e880/none_v3" 201 - "PUT http://[::1]:8080/3/95924/AUTH_7aebe34b89554e87825206ce40aeb2f7/gnocchi.b4052cef-64ea-4faa-b887-71d6a277e880/none_v3" "tx498b7e66478a436cadbf0-0068e33b17" "object-server 93955" 0.0005 "-" 93621 0
Oct 05 23:44:23 np0005471485.novalocal object-server[93955]: ::1 - - [06/Oct/2025:03:44:23 +0000] "PUT /3/95924/AUTH_7aebe34b89554e87825206ce40aeb2f7/gnocchi.b4052cef-64ea-4faa-b887-71d6a277e880/none_v3" 201 - "PUT https://[::1]:8080/v1/AUTH_7aebe34b89554e87825206ce40aeb2f7/gnocchi.b4052cef-64ea-4faa-b887-71d6a277e880/none_v3" "tx498b7e66478a436cadbf0-0068e33b17" "proxy-server 94957" 0.0084 "-" 93955 0
Oct 05 23:44:23 np0005471485.novalocal container-server[93622]: ::1 - - [06/Oct/2025:03:44:23 +0000] "PUT /1/98897/AUTH_7aebe34b89554e87825206ce40aeb2f7/gnocchi.b4052cef-64ea-4faa-b887-71d6a277e880/none_v3" 201 - "PUT http://[::1]:8080/1/95924/AUTH_7aebe34b89554e87825206ce40aeb2f7/gnocchi.b4052cef-64ea-4faa-b887-71d6a277e880/none_v3" "tx498b7e66478a436cadbf0-0068e33b17" "object-server 93954" 0.0005 "-" 93622 0
Oct 05 23:44:23 np0005471485.novalocal container-server[93621]: ::1 - - [06/Oct/2025:03:44:23 +0000] "PUT /3/98897/AUTH_7aebe34b89554e87825206ce40aeb2f7/gnocchi.b4052cef-64ea-4faa-b887-71d6a277e880/none_v3" 201 - "PUT http://[::1]:8080/2/95924/AUTH_7aebe34b89554e87825206ce40aeb2f7/gnocchi.b4052cef-64ea-4faa-b887-71d6a277e880/none_v3" "tx498b7e66478a436cadbf0-0068e33b17" "object-server 93955" 0.0004 "-" 93621 0
Oct 05 23:44:23 np0005471485.novalocal object-server[93954]: ::1 - - [06/Oct/2025:03:44:23 +0000] "PUT /1/95924/AUTH_7aebe34b89554e87825206ce40aeb2f7/gnocchi.b4052cef-64ea-4faa-b887-71d6a277e880/none_v3" 201 - "PUT https://[::1]:8080/v1/AUTH_7aebe34b89554e87825206ce40aeb2f7/gnocchi.b4052cef-64ea-4faa-b887-71d6a277e880/none_v3" "tx498b7e66478a436cadbf0-0068e33b17" "proxy-server 94957" 0.0117 "-" 93954 0
Oct 05 23:44:23 np0005471485.novalocal object-server[93955]: ::1 - - [06/Oct/2025:03:44:23 +0000] "PUT /2/95924/AUTH_7aebe34b89554e87825206ce40aeb2f7/gnocchi.b4052cef-64ea-4faa-b887-71d6a277e880/none_v3" 201 - "PUT https://[::1]:8080/v1/AUTH_7aebe34b89554e87825206ce40aeb2f7/gnocchi.b4052cef-64ea-4faa-b887-71d6a277e880/none_v3" "tx498b7e66478a436cadbf0-0068e33b17" "proxy-server 94957" 0.0126 "-" 93955 0
Oct 05 23:44:23 np0005471485.novalocal proxy-server[94957]: ::1 ::1 06/Oct/2025/03/44/23 PUT /v1/AUTH_7aebe34b89554e87825206ce40aeb2f7/gnocchi.b4052cef-64ea-4faa-b887-71d6a277e880/none_v3 HTTP/1.0 201 - python-swiftclient-4.8.0 gAAAAABo4zrI4CaX... 32 - - tx498b7e66478a436cadbf0-0068e33b17 - 0.0238 - - 1759722263.123670101 1759722263.147453070 0 7b03bd18aea8470cbeb747235c58da52
Oct 05 23:44:23 np0005471485.novalocal object-server[93955]: ::1 - - [06/Oct/2025:03:44:23 +0000] "GET /1/49510/AUTH_7aebe34b89554e87825206ce40aeb2f7/gnocchi.93e9f2d7-0a05-469a-8cd5-74524bd9c296/none_v3" 200 22 "GET https://[::1]:8080/v1/AUTH_7aebe34b89554e87825206ce40aeb2f7/gnocchi.93e9f2d7-0a05-469a-8cd5-74524bd9c296/none_v3" "tx0896ad0f0a504994833a4-0068e33b17" "proxy-server 94957" 0.0006 "-" 93955 0
Oct 05 23:44:23 np0005471485.novalocal proxy-server[94957]: ::1 ::1 06/Oct/2025/03/44/23 GET /v1/AUTH_7aebe34b89554e87825206ce40aeb2f7/gnocchi.93e9f2d7-0a05-469a-8cd5-74524bd9c296/none_v3 HTTP/1.0 200 - python-swiftclient-4.8.0 gAAAAABo4zrI4CaX... - 22 - tx0896ad0f0a504994833a4-0068e33b17 - 0.0063 - - 1759722263.174349546 1759722263.180624962 0 7b03bd18aea8470cbeb747235c58da52
Oct 05 23:44:23 np0005471485.novalocal container-server[93621]: ::1 - - [06/Oct/2025:03:44:23 +0000] "GET /2/247728/AUTH_7aebe34b89554e87825206ce40aeb2f7/gnocchi.93e9f2d7-0a05-469a-8cd5-74524bd9c296" 200 357 "GET https://[::1]:8080/v1/AUTH_7aebe34b89554e87825206ce40aeb2f7/gnocchi.93e9f2d7-0a05-469a-8cd5-74524bd9c296?format=json&states=listing" "txeaf464e73e764e2d95db1-0068e33b17" "proxy-server 94957" 0.0029 "-" 93621 0
Oct 05 23:44:23 np0005471485.novalocal proxy-server[94957]: ::1 ::1 06/Oct/2025/03/44/23 GET /v1/AUTH_7aebe34b89554e87825206ce40aeb2f7/gnocchi.93e9f2d7-0a05-469a-8cd5-74524bd9c296%3Fformat%3Djson%26states%3Dlisting HTTP/1.0 200 - python-swiftclient-4.8.0 gAAAAABo4zrI4CaX... - 357 - txeaf464e73e764e2d95db1-0068e33b17 - 0.0087 - - 1759722263.183469772 1759722263.192171574 0 7b03bd18aea8470cbeb747235c58da52
Oct 05 23:44:23 np0005471485.novalocal container-server[93622]: ::1 - - [06/Oct/2025:03:44:23 +0000] "GET /1/247728/AUTH_7aebe34b89554e87825206ce40aeb2f7/gnocchi.93e9f2d7-0a05-469a-8cd5-74524bd9c296" 200 2 "GET https://[::1]:8080/v1/AUTH_7aebe34b89554e87825206ce40aeb2f7/gnocchi.93e9f2d7-0a05-469a-8cd5-74524bd9c296?format=json&marker=none_v3&states=listing" "tx62c432b8401348b9b1154-0068e33b17" "proxy-server 94957" 0.0019 "-" 93622 0
Oct 05 23:44:23 np0005471485.novalocal proxy-server[94957]: ::1 ::1 06/Oct/2025/03/44/23 GET /v1/AUTH_7aebe34b89554e87825206ce40aeb2f7/gnocchi.93e9f2d7-0a05-469a-8cd5-74524bd9c296%3Fformat%3Djson%26marker%3Dnone_v3%26states%3Dlisting HTTP/1.0 200 - python-swiftclient-4.8.0 gAAAAABo4zrI4CaX... - 2 - tx62c432b8401348b9b1154-0068e33b17 - 0.0089 - - 1759722263.194321394 1759722263.203264475 0 7b03bd18aea8470cbeb747235c58da52
Oct 05 23:44:23 np0005471485.novalocal kernel: qg-a36420fd-93: left promiscuous mode
Oct 05 23:44:23 np0005471485.novalocal object-server[93954]: ::1 - - [06/Oct/2025:03:44:23 +0000] "GET /1/119704/AUTH_7aebe34b89554e87825206ce40aeb2f7/gnocchi.93e9f2d7-0a05-469a-8cd5-74524bd9c296/1759320000.0_mean_300.0_v3" 200 16 "GET https://[::1]:8080/v1/AUTH_7aebe34b89554e87825206ce40aeb2f7/gnocchi.93e9f2d7-0a05-469a-8cd5-74524bd9c296/1759320000.0_mean_300.0_v3" "tx644eaff5817043caa5855-0068e33b17" "proxy-server 94957" 0.0006 "-" 93954 0
Oct 05 23:44:23 np0005471485.novalocal proxy-server[94957]: ::1 ::1 06/Oct/2025/03/44/23 GET /v1/AUTH_7aebe34b89554e87825206ce40aeb2f7/gnocchi.93e9f2d7-0a05-469a-8cd5-74524bd9c296/1759320000.0_mean_300.0_v3 HTTP/1.0 200 - python-swiftclient-4.8.0 gAAAAABo4zrI4CaX... - 16 - tx644eaff5817043caa5855-0068e33b17 - 0.0058 - - 1759722263.207342148 1759722263.213145256 0 7b03bd18aea8470cbeb747235c58da52
Oct 05 23:44:23 np0005471485.novalocal container-server[93621]: ::1 - - [06/Oct/2025:03:44:23 +0000] "PUT /2/247728/AUTH_7aebe34b89554e87825206ce40aeb2f7/gnocchi.93e9f2d7-0a05-469a-8cd5-74524bd9c296/1759320000.0_mean_300.0_v3" 201 - "PUT http://[::1]:8080/3/119704/AUTH_7aebe34b89554e87825206ce40aeb2f7/gnocchi.93e9f2d7-0a05-469a-8cd5-74524bd9c296/1759320000.0_mean_300.0_v3" "txb224660fe12e4717b7482-0068e33b17" "object-server 93955" 0.0006 "-" 93621 0
Oct 05 23:44:23 np0005471485.novalocal object-server[93955]: ::1 - - [06/Oct/2025:03:44:23 +0000] "PUT /3/119704/AUTH_7aebe34b89554e87825206ce40aeb2f7/gnocchi.93e9f2d7-0a05-469a-8cd5-74524bd9c296/1759320000.0_mean_300.0_v3" 201 - "PUT https://[::1]:8080/v1/AUTH_7aebe34b89554e87825206ce40aeb2f7/gnocchi.93e9f2d7-0a05-469a-8cd5-74524bd9c296/1759320000.0_mean_300.0_v3" "txb224660fe12e4717b7482-0068e33b17" "proxy-server 94957" 0.0119 "-" 93955 0
Oct 05 23:44:23 np0005471485.novalocal container-server[93621]: ::1 - - [06/Oct/2025:03:44:23 +0000] "PUT /1/247728/AUTH_7aebe34b89554e87825206ce40aeb2f7/gnocchi.93e9f2d7-0a05-469a-8cd5-74524bd9c296/1759320000.0_mean_300.0_v3" 201 - "PUT http://[::1]:8080/2/119704/AUTH_7aebe34b89554e87825206ce40aeb2f7/gnocchi.93e9f2d7-0a05-469a-8cd5-74524bd9c296/1759320000.0_mean_300.0_v3" "txb224660fe12e4717b7482-0068e33b17" "object-server 93955" 0.0004 "-" 93621 0
Oct 05 23:44:23 np0005471485.novalocal object-server[93955]: ::1 - - [06/Oct/2025:03:44:23 +0000] "PUT /2/119704/AUTH_7aebe34b89554e87825206ce40aeb2f7/gnocchi.93e9f2d7-0a05-469a-8cd5-74524bd9c296/1759320000.0_mean_300.0_v3" 201 - "PUT https://[::1]:8080/v1/AUTH_7aebe34b89554e87825206ce40aeb2f7/gnocchi.93e9f2d7-0a05-469a-8cd5-74524bd9c296/1759320000.0_mean_300.0_v3" "txb224660fe12e4717b7482-0068e33b17" "proxy-server 94957" 0.0109 "-" 93955 0
Oct 05 23:44:23 np0005471485.novalocal container-server[93622]: ::1 - - [06/Oct/2025:03:44:23 +0000] "PUT /3/247728/AUTH_7aebe34b89554e87825206ce40aeb2f7/gnocchi.93e9f2d7-0a05-469a-8cd5-74524bd9c296/1759320000.0_mean_300.0_v3" 201 - "PUT http://[::1]:8080/1/119704/AUTH_7aebe34b89554e87825206ce40aeb2f7/gnocchi.93e9f2d7-0a05-469a-8cd5-74524bd9c296/1759320000.0_mean_300.0_v3" "txb224660fe12e4717b7482-0068e33b17" "object-server 93955" 0.0005 "-" 93622 0
Oct 05 23:44:23 np0005471485.novalocal object-server[93955]: ::1 - - [06/Oct/2025:03:44:23 +0000] "PUT /1/119704/AUTH_7aebe34b89554e87825206ce40aeb2f7/gnocchi.93e9f2d7-0a05-469a-8cd5-74524bd9c296/1759320000.0_mean_300.0_v3" 201 - "PUT https://[::1]:8080/v1/AUTH_7aebe34b89554e87825206ce40aeb2f7/gnocchi.93e9f2d7-0a05-469a-8cd5-74524bd9c296/1759320000.0_mean_300.0_v3" "txb224660fe12e4717b7482-0068e33b17" "proxy-server 94957" 0.0164 "-" 93955 0
Oct 05 23:44:23 np0005471485.novalocal proxy-server[94957]: ::1 ::1 06/Oct/2025/03/44/23 PUT /v1/AUTH_7aebe34b89554e87825206ce40aeb2f7/gnocchi.93e9f2d7-0a05-469a-8cd5-74524bd9c296/1759320000.0_mean_300.0_v3 HTTP/1.0 201 - python-swiftclient-4.8.0 gAAAAABo4zrI4CaX... 16 - - txb224660fe12e4717b7482-0068e33b17 - 0.0238 - - 1759722263.215385675 1759722263.239147186 0 7b03bd18aea8470cbeb747235c58da52
Oct 05 23:44:23 np0005471485.novalocal container-server[93621]: ::1 - - [06/Oct/2025:03:44:23 +0000] "PUT /3/247728/AUTH_7aebe34b89554e87825206ce40aeb2f7/gnocchi.93e9f2d7-0a05-469a-8cd5-74524bd9c296/none_v3" 201 - "PUT http://[::1]:8080/2/49510/AUTH_7aebe34b89554e87825206ce40aeb2f7/gnocchi.93e9f2d7-0a05-469a-8cd5-74524bd9c296/none_v3" "tx2a5725ed98bb4942b300e-0068e33b17" "object-server 93954" 0.0006 "-" 93621 0
Oct 05 23:44:23 np0005471485.novalocal container-server[93622]: ::1 - - [06/Oct/2025:03:44:23 +0000] "PUT /2/247728/AUTH_7aebe34b89554e87825206ce40aeb2f7/gnocchi.93e9f2d7-0a05-469a-8cd5-74524bd9c296/none_v3" 201 - "PUT http://[::1]:8080/1/49510/AUTH_7aebe34b89554e87825206ce40aeb2f7/gnocchi.93e9f2d7-0a05-469a-8cd5-74524bd9c296/none_v3" "tx2a5725ed98bb4942b300e-0068e33b17" "object-server 93954" 0.0005 "-" 93622 0
Oct 05 23:44:23 np0005471485.novalocal container-server[93621]: ::1 - - [06/Oct/2025:03:44:23 +0000] "PUT /1/247728/AUTH_7aebe34b89554e87825206ce40aeb2f7/gnocchi.93e9f2d7-0a05-469a-8cd5-74524bd9c296/none_v3" 201 - "PUT http://[::1]:8080/3/49510/AUTH_7aebe34b89554e87825206ce40aeb2f7/gnocchi.93e9f2d7-0a05-469a-8cd5-74524bd9c296/none_v3" "tx2a5725ed98bb4942b300e-0068e33b17" "object-server 93955" 0.0004 "-" 93621 0
Oct 05 23:44:23 np0005471485.novalocal object-server[93955]: ::1 - - [06/Oct/2025:03:44:23 +0000] "PUT /3/49510/AUTH_7aebe34b89554e87825206ce40aeb2f7/gnocchi.93e9f2d7-0a05-469a-8cd5-74524bd9c296/none_v3" 201 - "PUT https://[::1]:8080/v1/AUTH_7aebe34b89554e87825206ce40aeb2f7/gnocchi.93e9f2d7-0a05-469a-8cd5-74524bd9c296/none_v3" "tx2a5725ed98bb4942b300e-0068e33b17" "proxy-server 94957" 0.0100 "-" 93955 0
Oct 05 23:44:23 np0005471485.novalocal object-server[93954]: ::1 - - [06/Oct/2025:03:44:23 +0000] "PUT /1/49510/AUTH_7aebe34b89554e87825206ce40aeb2f7/gnocchi.93e9f2d7-0a05-469a-8cd5-74524bd9c296/none_v3" 201 - "PUT https://[::1]:8080/v1/AUTH_7aebe34b89554e87825206ce40aeb2f7/gnocchi.93e9f2d7-0a05-469a-8cd5-74524bd9c296/none_v3" "tx2a5725ed98bb4942b300e-0068e33b17" "proxy-server 94957" 0.0171 "-" 93954 0
Oct 05 23:44:23 np0005471485.novalocal object-server[93954]: ::1 - - [06/Oct/2025:03:44:23 +0000] "PUT /2/49510/AUTH_7aebe34b89554e87825206ce40aeb2f7/gnocchi.93e9f2d7-0a05-469a-8cd5-74524bd9c296/none_v3" 201 - "PUT https://[::1]:8080/v1/AUTH_7aebe34b89554e87825206ce40aeb2f7/gnocchi.93e9f2d7-0a05-469a-8cd5-74524bd9c296/none_v3" "tx2a5725ed98bb4942b300e-0068e33b17" "proxy-server 94957" 0.0164 "-" 93954 0
Oct 05 23:44:23 np0005471485.novalocal proxy-server[94957]: ::1 ::1 06/Oct/2025/03/44/23 PUT /v1/AUTH_7aebe34b89554e87825206ce40aeb2f7/gnocchi.93e9f2d7-0a05-469a-8cd5-74524bd9c296/none_v3 HTTP/1.0 201 - python-swiftclient-4.8.0 gAAAAABo4zrI4CaX... 32 - - tx2a5725ed98bb4942b300e-0068e33b17 - 0.0232 - - 1759722263.241630554 1759722263.264805794 0 7b03bd18aea8470cbeb747235c58da52
Oct 05 23:44:23 np0005471485.novalocal object-server[93955]: ::1 - - [06/Oct/2025:03:44:23 +0000] "GET /3/159544/AUTH_7aebe34b89554e87825206ce40aeb2f7/gnocchi.03aeb6d6-5215-42db-83df-6449c091d6a1/none_v3" 200 22 "GET https://[::1]:8080/v1/AUTH_7aebe34b89554e87825206ce40aeb2f7/gnocchi.03aeb6d6-5215-42db-83df-6449c091d6a1/none_v3" "txe756e260c7c349c286882-0068e33b17" "proxy-server 94957" 0.0006 "-" 93955 0
Oct 05 23:44:23 np0005471485.novalocal proxy-server[94957]: ::1 ::1 06/Oct/2025/03/44/23 GET /v1/AUTH_7aebe34b89554e87825206ce40aeb2f7/gnocchi.03aeb6d6-5215-42db-83df-6449c091d6a1/none_v3 HTTP/1.0 200 - python-swiftclient-4.8.0 gAAAAABo4zrI4CaX... - 22 - txe756e260c7c349c286882-0068e33b17 - 0.0063 - - 1759722263.285226822 1759722263.291566849 0 7b03bd18aea8470cbeb747235c58da52
Oct 05 23:44:23 np0005471485.novalocal container-server[93622]: ::1 - - [06/Oct/2025:03:44:23 +0000] "GET /2/82738/AUTH_7aebe34b89554e87825206ce40aeb2f7/gnocchi.03aeb6d6-5215-42db-83df-6449c091d6a1" 200 357 "GET https://[::1]:8080/v1/AUTH_7aebe34b89554e87825206ce40aeb2f7/gnocchi.03aeb6d6-5215-42db-83df-6449c091d6a1?format=json&states=listing" "tx835bfd14c13b41249bc42-0068e33b17" "proxy-server 94957" 0.0020 "-" 93622 0
Oct 05 23:44:23 np0005471485.novalocal proxy-server[94957]: ::1 ::1 06/Oct/2025/03/44/23 GET /v1/AUTH_7aebe34b89554e87825206ce40aeb2f7/gnocchi.03aeb6d6-5215-42db-83df-6449c091d6a1%3Fformat%3Djson%26states%3Dlisting HTTP/1.0 200 - python-swiftclient-4.8.0 gAAAAABo4zrI4CaX... - 357 - tx835bfd14c13b41249bc42-0068e33b17 - 0.0076 - - 1759722263.294792414 1759722263.302428961 0 7b03bd18aea8470cbeb747235c58da52
Oct 05 23:44:23 np0005471485.novalocal container-server[93622]: ::1 - - [06/Oct/2025:03:44:23 +0000] "GET /1/82738/AUTH_7aebe34b89554e87825206ce40aeb2f7/gnocchi.03aeb6d6-5215-42db-83df-6449c091d6a1" 200 2 "GET https://[::1]:8080/v1/AUTH_7aebe34b89554e87825206ce40aeb2f7/gnocchi.03aeb6d6-5215-42db-83df-6449c091d6a1?format=json&marker=none_v3&states=listing" "txec8f478af76c436fb65a0-0068e33b17" "proxy-server 94957" 0.0018 "-" 93622 0
Oct 05 23:44:23 np0005471485.novalocal proxy-server[94957]: ::1 ::1 06/Oct/2025/03/44/23 GET /v1/AUTH_7aebe34b89554e87825206ce40aeb2f7/gnocchi.03aeb6d6-5215-42db-83df-6449c091d6a1%3Fformat%3Djson%26marker%3Dnone_v3%26states%3Dlisting HTTP/1.0 200 - python-swiftclient-4.8.0 gAAAAABo4zrI4CaX... - 2 - txec8f478af76c436fb65a0-0068e33b17 - 0.0073 - - 1759722263.304459095 1759722263.311766386 0 7b03bd18aea8470cbeb747235c58da52
Oct 05 23:44:23 np0005471485.novalocal object-server[93954]: ::1 - - [06/Oct/2025:03:44:23 +0000] "GET /3/208747/AUTH_7aebe34b89554e87825206ce40aeb2f7/gnocchi.03aeb6d6-5215-42db-83df-6449c091d6a1/1759320000.0_mean_300.0_v3" 200 16 "GET https://[::1]:8080/v1/AUTH_7aebe34b89554e87825206ce40aeb2f7/gnocchi.03aeb6d6-5215-42db-83df-6449c091d6a1/1759320000.0_mean_300.0_v3" "tx9059384e0b0f44d8ac355-0068e33b17" "proxy-server 94957" 0.0006 "-" 93954 0
Oct 05 23:44:23 np0005471485.novalocal proxy-server[94957]: ::1 ::1 06/Oct/2025/03/44/23 GET /v1/AUTH_7aebe34b89554e87825206ce40aeb2f7/gnocchi.03aeb6d6-5215-42db-83df-6449c091d6a1/1759320000.0_mean_300.0_v3 HTTP/1.0 200 - python-swiftclient-4.8.0 gAAAAABo4zrI4CaX... - 16 - tx9059384e0b0f44d8ac355-0068e33b17 - 0.0056 - - 1759722263.314983845 1759722263.320606947 0 7b03bd18aea8470cbeb747235c58da52
Oct 05 23:44:23 np0005471485.novalocal container-server[93622]: ::1 - - [06/Oct/2025:03:44:23 +0000] "PUT /2/82738/AUTH_7aebe34b89554e87825206ce40aeb2f7/gnocchi.03aeb6d6-5215-42db-83df-6449c091d6a1/1759320000.0_mean_300.0_v3" 201 - "PUT http://[::1]:8080/1/208747/AUTH_7aebe34b89554e87825206ce40aeb2f7/gnocchi.03aeb6d6-5215-42db-83df-6449c091d6a1/1759320000.0_mean_300.0_v3" "tx60741eec68254fcdb8e73-0068e33b17" "object-server 93954" 0.0005 "-" 93622 0
Oct 05 23:44:23 np0005471485.novalocal container-server[93622]: ::1 - - [06/Oct/2025:03:44:23 +0000] "PUT /3/82738/AUTH_7aebe34b89554e87825206ce40aeb2f7/gnocchi.03aeb6d6-5215-42db-83df-6449c091d6a1/1759320000.0_mean_300.0_v3" 201 - "PUT http://[::1]:8080/2/208747/AUTH_7aebe34b89554e87825206ce40aeb2f7/gnocchi.03aeb6d6-5215-42db-83df-6449c091d6a1/1759320000.0_mean_300.0_v3" "tx60741eec68254fcdb8e73-0068e33b17" "object-server 93954" 0.0003 "-" 93622 0
Oct 05 23:44:23 np0005471485.novalocal object-server[93954]: ::1 - - [06/Oct/2025:03:44:23 +0000] "PUT /1/208747/AUTH_7aebe34b89554e87825206ce40aeb2f7/gnocchi.03aeb6d6-5215-42db-83df-6449c091d6a1/1759320000.0_mean_300.0_v3" 201 - "PUT https://[::1]:8080/v1/AUTH_7aebe34b89554e87825206ce40aeb2f7/gnocchi.03aeb6d6-5215-42db-83df-6449c091d6a1/1759320000.0_mean_300.0_v3" "tx60741eec68254fcdb8e73-0068e33b17" "proxy-server 94957" 0.0105 "-" 93954 0
Oct 05 23:44:23 np0005471485.novalocal container-server[93621]: ::1 - - [06/Oct/2025:03:44:23 +0000] "PUT /1/82738/AUTH_7aebe34b89554e87825206ce40aeb2f7/gnocchi.03aeb6d6-5215-42db-83df-6449c091d6a1/1759320000.0_mean_300.0_v3" 201 - "PUT http://[::1]:8080/3/208747/AUTH_7aebe34b89554e87825206ce40aeb2f7/gnocchi.03aeb6d6-5215-42db-83df-6449c091d6a1/1759320000.0_mean_300.0_v3" "tx60741eec68254fcdb8e73-0068e33b17" "object-server 93954" 0.0005 "-" 93621 0
Oct 05 23:44:23 np0005471485.novalocal object-server[93954]: ::1 - - [06/Oct/2025:03:44:23 +0000] "PUT /2/208747/AUTH_7aebe34b89554e87825206ce40aeb2f7/gnocchi.03aeb6d6-5215-42db-83df-6449c091d6a1/1759320000.0_mean_300.0_v3" 201 - "PUT https://[::1]:8080/v1/AUTH_7aebe34b89554e87825206ce40aeb2f7/gnocchi.03aeb6d6-5215-42db-83df-6449c091d6a1/1759320000.0_mean_300.0_v3" "tx60741eec68254fcdb8e73-0068e33b17" "proxy-server 94957" 0.0103 "-" 93954 0
Oct 05 23:44:23 np0005471485.novalocal object-server[93954]: ::1 - - [06/Oct/2025:03:44:23 +0000] "PUT /3/208747/AUTH_7aebe34b89554e87825206ce40aeb2f7/gnocchi.03aeb6d6-5215-42db-83df-6449c091d6a1/1759320000.0_mean_300.0_v3" 201 - "PUT https://[::1]:8080/v1/AUTH_7aebe34b89554e87825206ce40aeb2f7/gnocchi.03aeb6d6-5215-42db-83df-6449c091d6a1/1759320000.0_mean_300.0_v3" "tx60741eec68254fcdb8e73-0068e33b17" "proxy-server 94957" 0.0140 "-" 93954 0
Oct 05 23:44:23 np0005471485.novalocal proxy-server[94957]: ::1 ::1 06/Oct/2025/03/44/23 PUT /v1/AUTH_7aebe34b89554e87825206ce40aeb2f7/gnocchi.03aeb6d6-5215-42db-83df-6449c091d6a1/1759320000.0_mean_300.0_v3 HTTP/1.0 201 - python-swiftclient-4.8.0 gAAAAABo4zrI4CaX... 16 - - tx60741eec68254fcdb8e73-0068e33b17 - 0.0206 - - 1759722263.326386690 1759722263.346997976 0 7b03bd18aea8470cbeb747235c58da52
Oct 05 23:44:23 np0005471485.novalocal container-server[93622]: ::1 - - [06/Oct/2025:03:44:23 +0000] "PUT /1/82738/AUTH_7aebe34b89554e87825206ce40aeb2f7/gnocchi.03aeb6d6-5215-42db-83df-6449c091d6a1/none_v3" 201 - "PUT http://[::1]:8080/2/159544/AUTH_7aebe34b89554e87825206ce40aeb2f7/gnocchi.03aeb6d6-5215-42db-83df-6449c091d6a1/none_v3" "tx015cff7478e542c1af157-0068e33b17" "object-server 93955" 0.0006 "-" 93622 0
Oct 05 23:44:23 np0005471485.novalocal object-server[93955]: ::1 - - [06/Oct/2025:03:44:23 +0000] "PUT /2/159544/AUTH_7aebe34b89554e87825206ce40aeb2f7/gnocchi.03aeb6d6-5215-42db-83df-6449c091d6a1/none_v3" 201 - "PUT https://[::1]:8080/v1/AUTH_7aebe34b89554e87825206ce40aeb2f7/gnocchi.03aeb6d6-5215-42db-83df-6449c091d6a1/none_v3" "tx015cff7478e542c1af157-0068e33b17" "proxy-server 94957" 0.0099 "-" 93955 0
Oct 05 23:44:23 np0005471485.novalocal container-server[93621]: ::1 - - [06/Oct/2025:03:44:23 +0000] "PUT /2/82738/AUTH_7aebe34b89554e87825206ce40aeb2f7/gnocchi.03aeb6d6-5215-42db-83df-6449c091d6a1/none_v3" 201 - "PUT http://[::1]:8080/3/159544/AUTH_7aebe34b89554e87825206ce40aeb2f7/gnocchi.03aeb6d6-5215-42db-83df-6449c091d6a1/none_v3" "tx015cff7478e542c1af157-0068e33b17" "object-server 93954" 0.0005 "-" 93621 0
Oct 05 23:44:23 np0005471485.novalocal container-server[93621]: ::1 - - [06/Oct/2025:03:44:23 +0000] "PUT /3/82738/AUTH_7aebe34b89554e87825206ce40aeb2f7/gnocchi.03aeb6d6-5215-42db-83df-6449c091d6a1/none_v3" 201 - "PUT http://[::1]:8080/1/159544/AUTH_7aebe34b89554e87825206ce40aeb2f7/gnocchi.03aeb6d6-5215-42db-83df-6449c091d6a1/none_v3" "tx015cff7478e542c1af157-0068e33b17" "object-server 93954" 0.0004 "-" 93621 0
Oct 05 23:44:23 np0005471485.novalocal object-server[93954]: ::1 - - [06/Oct/2025:03:44:23 +0000] "PUT /3/159544/AUTH_7aebe34b89554e87825206ce40aeb2f7/gnocchi.03aeb6d6-5215-42db-83df-6449c091d6a1/none_v3" 201 - "PUT https://[::1]:8080/v1/AUTH_7aebe34b89554e87825206ce40aeb2f7/gnocchi.03aeb6d6-5215-42db-83df-6449c091d6a1/none_v3" "tx015cff7478e542c1af157-0068e33b17" "proxy-server 94957" 0.0107 "-" 93954 0
Oct 05 23:44:23 np0005471485.novalocal object-server[93954]: ::1 - - [06/Oct/2025:03:44:23 +0000] "PUT /1/159544/AUTH_7aebe34b89554e87825206ce40aeb2f7/gnocchi.03aeb6d6-5215-42db-83df-6449c091d6a1/none_v3" 201 - "PUT https://[::1]:8080/v1/AUTH_7aebe34b89554e87825206ce40aeb2f7/gnocchi.03aeb6d6-5215-42db-83df-6449c091d6a1/none_v3" "tx015cff7478e542c1af157-0068e33b17" "proxy-server 94957" 0.0134 "-" 93954 0
Oct 05 23:44:23 np0005471485.novalocal proxy-server[94957]: ::1 ::1 06/Oct/2025/03/44/23 PUT /v1/AUTH_7aebe34b89554e87825206ce40aeb2f7/gnocchi.03aeb6d6-5215-42db-83df-6449c091d6a1/none_v3 HTTP/1.0 201 - python-swiftclient-4.8.0 gAAAAABo4zrI4CaX... 27 - - tx015cff7478e542c1af157-0068e33b17 - 0.0206 - - 1759722263.349761248 1759722263.370312691 0 7b03bd18aea8470cbeb747235c58da52
Oct 05 23:44:23 np0005471485.novalocal object-server[93955]: ::1 - - [06/Oct/2025:03:44:23 +0000] "GET /3/222460/AUTH_7aebe34b89554e87825206ce40aeb2f7/gnocchi.8de7d202-caa1-4d38-a702-0aeabd8ea4f4/none_v3" 200 22 "GET https://[::1]:8080/v1/AUTH_7aebe34b89554e87825206ce40aeb2f7/gnocchi.8de7d202-caa1-4d38-a702-0aeabd8ea4f4/none_v3" "tx3bfebd8e1378438e9855c-0068e33b17" "proxy-server 94957" 0.0007 "-" 93955 0
Oct 05 23:44:23 np0005471485.novalocal proxy-server[94957]: ::1 ::1 06/Oct/2025/03/44/23 GET /v1/AUTH_7aebe34b89554e87825206ce40aeb2f7/gnocchi.8de7d202-caa1-4d38-a702-0aeabd8ea4f4/none_v3 HTTP/1.0 200 - python-swiftclient-4.8.0 gAAAAABo4zrI4CaX... - 22 - tx3bfebd8e1378438e9855c-0068e33b17 - 0.0129 - - 1759722263.486885309 1759722263.499814749 0 7b03bd18aea8470cbeb747235c58da52
Oct 05 23:44:23 np0005471485.novalocal container-server[93622]: ::1 - - [06/Oct/2025:03:44:23 +0000] "GET /2/41975/AUTH_7aebe34b89554e87825206ce40aeb2f7/gnocchi.8de7d202-caa1-4d38-a702-0aeabd8ea4f4" 200 357 "GET https://[::1]:8080/v1/AUTH_7aebe34b89554e87825206ce40aeb2f7/gnocchi.8de7d202-caa1-4d38-a702-0aeabd8ea4f4?format=json&states=listing" "tx854b771d6afa4854937f7-0068e33b17" "proxy-server 94957" 0.0029 "-" 93622 0
Oct 05 23:44:23 np0005471485.novalocal proxy-server[94957]: ::1 ::1 06/Oct/2025/03/44/23 GET /v1/AUTH_7aebe34b89554e87825206ce40aeb2f7/gnocchi.8de7d202-caa1-4d38-a702-0aeabd8ea4f4%3Fformat%3Djson%26states%3Dlisting HTTP/1.0 200 - python-swiftclient-4.8.0 gAAAAABo4zrI4CaX... - 357 - tx854b771d6afa4854937f7-0068e33b17 - 0.0129 - - 1759722263.503449917 1759722263.516352415 0 7b03bd18aea8470cbeb747235c58da52
Oct 05 23:44:23 np0005471485.novalocal container-server[93622]: ::1 - - [06/Oct/2025:03:44:23 +0000] "GET /1/41975/AUTH_7aebe34b89554e87825206ce40aeb2f7/gnocchi.8de7d202-caa1-4d38-a702-0aeabd8ea4f4" 200 2 "GET https://[::1]:8080/v1/AUTH_7aebe34b89554e87825206ce40aeb2f7/gnocchi.8de7d202-caa1-4d38-a702-0aeabd8ea4f4?format=json&marker=none_v3&states=listing" "tx8447e7b947ed442d977ad-0068e33b17" "proxy-server 94957" 0.0026 "-" 93622 0
Oct 05 23:44:23 np0005471485.novalocal proxy-server[94957]: ::1 ::1 06/Oct/2025/03/44/23 GET /v1/AUTH_7aebe34b89554e87825206ce40aeb2f7/gnocchi.8de7d202-caa1-4d38-a702-0aeabd8ea4f4%3Fformat%3Djson%26marker%3Dnone_v3%26states%3Dlisting HTTP/1.0 200 - python-swiftclient-4.8.0 gAAAAABo4zrI4CaX... - 2 - tx8447e7b947ed442d977ad-0068e33b17 - 0.0113 - - 1759722263.519096613 1759722263.530425310 0 7b03bd18aea8470cbeb747235c58da52
Oct 05 23:44:23 np0005471485.novalocal object-server[93955]: ::1 - - [06/Oct/2025:03:44:23 +0000] "GET /2/20711/AUTH_7aebe34b89554e87825206ce40aeb2f7/gnocchi.8de7d202-caa1-4d38-a702-0aeabd8ea4f4/1759320000.0_mean_300.0_v3" 200 16 "GET https://[::1]:8080/v1/AUTH_7aebe34b89554e87825206ce40aeb2f7/gnocchi.8de7d202-caa1-4d38-a702-0aeabd8ea4f4/1759320000.0_mean_300.0_v3" "tx25ec3002dc25492bb9721-0068e33b17" "proxy-server 94957" 0.0007 "-" 93955 0
Oct 05 23:44:23 np0005471485.novalocal proxy-server[94957]: ::1 ::1 06/Oct/2025/03/44/23 GET /v1/AUTH_7aebe34b89554e87825206ce40aeb2f7/gnocchi.8de7d202-caa1-4d38-a702-0aeabd8ea4f4/1759320000.0_mean_300.0_v3 HTTP/1.0 200 - python-swiftclient-4.8.0 gAAAAABo4zrI4CaX... - 16 - tx25ec3002dc25492bb9721-0068e33b17 - 0.0092 - - 1759722263.534363508 1759722263.543601513 0 7b03bd18aea8470cbeb747235c58da52
Oct 05 23:44:23 np0005471485.novalocal container-server[93621]: ::1 - - [06/Oct/2025:03:44:23 +0000] "PUT /3/41975/AUTH_7aebe34b89554e87825206ce40aeb2f7/gnocchi.8de7d202-caa1-4d38-a702-0aeabd8ea4f4/1759320000.0_mean_300.0_v3" 201 - "PUT http://[::1]:8080/3/20711/AUTH_7aebe34b89554e87825206ce40aeb2f7/gnocchi.8de7d202-caa1-4d38-a702-0aeabd8ea4f4/1759320000.0_mean_300.0_v3" "tx90461b3581a247809c6d5-0068e33b17" "object-server 93955" 0.0008 "-" 93621 0
Oct 05 23:44:23 np0005471485.novalocal systemd[1]: run-netns-qrouter\x2db5d8d036\x2d57dd\x2d4097\x2d9b57\x2dcd85306d5865.mount: Deactivated successfully.
Oct 05 23:44:23 np0005471485.novalocal object-server[93955]: ::1 - - [06/Oct/2025:03:44:23 +0000] "PUT /3/20711/AUTH_7aebe34b89554e87825206ce40aeb2f7/gnocchi.8de7d202-caa1-4d38-a702-0aeabd8ea4f4/1759320000.0_mean_300.0_v3" 201 - "PUT https://[::1]:8080/v1/AUTH_7aebe34b89554e87825206ce40aeb2f7/gnocchi.8de7d202-caa1-4d38-a702-0aeabd8ea4f4/1759320000.0_mean_300.0_v3" "tx90461b3581a247809c6d5-0068e33b17" "proxy-server 94957" 0.0148 "-" 93955 0
Oct 05 23:44:23 np0005471485.novalocal container-server[93622]: ::1 - - [06/Oct/2025:03:44:23 +0000] "PUT /2/41975/AUTH_7aebe34b89554e87825206ce40aeb2f7/gnocchi.8de7d202-caa1-4d38-a702-0aeabd8ea4f4/1759320000.0_mean_300.0_v3" 201 - "PUT http://[::1]:8080/1/20711/AUTH_7aebe34b89554e87825206ce40aeb2f7/gnocchi.8de7d202-caa1-4d38-a702-0aeabd8ea4f4/1759320000.0_mean_300.0_v3" "tx90461b3581a247809c6d5-0068e33b17" "object-server 93954" 0.0008 "-" 93622 0
Oct 05 23:44:23 np0005471485.novalocal object-server[93954]: ::1 - - [06/Oct/2025:03:44:23 +0000] "PUT /1/20711/AUTH_7aebe34b89554e87825206ce40aeb2f7/gnocchi.8de7d202-caa1-4d38-a702-0aeabd8ea4f4/1759320000.0_mean_300.0_v3" 201 - "PUT https://[::1]:8080/v1/AUTH_7aebe34b89554e87825206ce40aeb2f7/gnocchi.8de7d202-caa1-4d38-a702-0aeabd8ea4f4/1759320000.0_mean_300.0_v3" "tx90461b3581a247809c6d5-0068e33b17" "proxy-server 94957" 0.0181 "-" 93954 0
Oct 05 23:44:23 np0005471485.novalocal container-server[93621]: ::1 - - [06/Oct/2025:03:44:23 +0000] "PUT /1/41975/AUTH_7aebe34b89554e87825206ce40aeb2f7/gnocchi.8de7d202-caa1-4d38-a702-0aeabd8ea4f4/1759320000.0_mean_300.0_v3" 201 - "PUT http://[::1]:8080/2/20711/AUTH_7aebe34b89554e87825206ce40aeb2f7/gnocchi.8de7d202-caa1-4d38-a702-0aeabd8ea4f4/1759320000.0_mean_300.0_v3" "tx90461b3581a247809c6d5-0068e33b17" "object-server 93954" 0.0009 "-" 93621 0
Oct 05 23:44:23 np0005471485.novalocal object-server[93954]: ::1 - - [06/Oct/2025:03:44:23 +0000] "PUT /2/20711/AUTH_7aebe34b89554e87825206ce40aeb2f7/gnocchi.8de7d202-caa1-4d38-a702-0aeabd8ea4f4/1759320000.0_mean_300.0_v3" 201 - "PUT https://[::1]:8080/v1/AUTH_7aebe34b89554e87825206ce40aeb2f7/gnocchi.8de7d202-caa1-4d38-a702-0aeabd8ea4f4/1759320000.0_mean_300.0_v3" "tx90461b3581a247809c6d5-0068e33b17" "proxy-server 94957" 0.0231 "-" 93954 0
Oct 05 23:44:23 np0005471485.novalocal proxy-server[94957]: ::1 ::1 06/Oct/2025/03/44/23 PUT /v1/AUTH_7aebe34b89554e87825206ce40aeb2f7/gnocchi.8de7d202-caa1-4d38-a702-0aeabd8ea4f4/1759320000.0_mean_300.0_v3 HTTP/1.0 201 - python-swiftclient-4.8.0 gAAAAABo4zrI4CaX... 16 - - tx90461b3581a247809c6d5-0068e33b17 - 0.0344 - - 1759722263.546749115 1759722263.581158638 0 7b03bd18aea8470cbeb747235c58da52
Oct 05 23:44:23 np0005471485.novalocal container-server[93621]: ::1 - - [06/Oct/2025:03:44:23 +0000] "PUT /2/41975/AUTH_7aebe34b89554e87825206ce40aeb2f7/gnocchi.8de7d202-caa1-4d38-a702-0aeabd8ea4f4/none_v3" 201 - "PUT http://[::1]:8080/3/222460/AUTH_7aebe34b89554e87825206ce40aeb2f7/gnocchi.8de7d202-caa1-4d38-a702-0aeabd8ea4f4/none_v3" "tx4a74e30997ea48a091c3e-0068e33b17" "object-server 93955" 0.0013 "-" 93621 0
Oct 05 23:44:23 np0005471485.novalocal object-server[93955]: ::1 - - [06/Oct/2025:03:44:23 +0000] "PUT /3/222460/AUTH_7aebe34b89554e87825206ce40aeb2f7/gnocchi.8de7d202-caa1-4d38-a702-0aeabd8ea4f4/none_v3" 201 - "PUT https://[::1]:8080/v1/AUTH_7aebe34b89554e87825206ce40aeb2f7/gnocchi.8de7d202-caa1-4d38-a702-0aeabd8ea4f4/none_v3" "tx4a74e30997ea48a091c3e-0068e33b17" "proxy-server 94957" 0.0170 "-" 93955 0
Oct 05 23:44:23 np0005471485.novalocal container-server[93622]: ::1 - - [06/Oct/2025:03:44:23 +0000] "PUT /1/41975/AUTH_7aebe34b89554e87825206ce40aeb2f7/gnocchi.8de7d202-caa1-4d38-a702-0aeabd8ea4f4/none_v3" 201 - "PUT http://[::1]:8080/2/222460/AUTH_7aebe34b89554e87825206ce40aeb2f7/gnocchi.8de7d202-caa1-4d38-a702-0aeabd8ea4f4/none_v3" "tx4a74e30997ea48a091c3e-0068e33b17" "object-server 93955" 0.0025 "-" 93622 0
Oct 05 23:44:23 np0005471485.novalocal object-server[93955]: ::1 - - [06/Oct/2025:03:44:23 +0000] "PUT /2/222460/AUTH_7aebe34b89554e87825206ce40aeb2f7/gnocchi.8de7d202-caa1-4d38-a702-0aeabd8ea4f4/none_v3" 201 - "PUT https://[::1]:8080/v1/AUTH_7aebe34b89554e87825206ce40aeb2f7/gnocchi.8de7d202-caa1-4d38-a702-0aeabd8ea4f4/none_v3" "tx4a74e30997ea48a091c3e-0068e33b17" "proxy-server 94957" 0.0230 "-" 93955 0
Oct 05 23:44:23 np0005471485.novalocal container-server[93622]: ::1 - - [06/Oct/2025:03:44:23 +0000] "PUT /3/41975/AUTH_7aebe34b89554e87825206ce40aeb2f7/gnocchi.8de7d202-caa1-4d38-a702-0aeabd8ea4f4/none_v3" 201 - "PUT http://[::1]:8080/1/222460/AUTH_7aebe34b89554e87825206ce40aeb2f7/gnocchi.8de7d202-caa1-4d38-a702-0aeabd8ea4f4/none_v3" "tx4a74e30997ea48a091c3e-0068e33b17" "object-server 93955" 0.0009 "-" 93622 0
Oct 05 23:44:23 np0005471485.novalocal object-server[93955]: ::1 - - [06/Oct/2025:03:44:23 +0000] "PUT /1/222460/AUTH_7aebe34b89554e87825206ce40aeb2f7/gnocchi.8de7d202-caa1-4d38-a702-0aeabd8ea4f4/none_v3" 201 - "PUT https://[::1]:8080/v1/AUTH_7aebe34b89554e87825206ce40aeb2f7/gnocchi.8de7d202-caa1-4d38-a702-0aeabd8ea4f4/none_v3" "tx4a74e30997ea48a091c3e-0068e33b17" "proxy-server 94957" 0.0272 "-" 93955 0
