Oct 05 23:44:03 np0005471485.novalocal object-server[93954]: ::1 - - [06/Oct/2025:03:44:03 +0000] "PUT /1/85956/AUTH_7aebe34b89554e87825206ce40aeb2f7/gnocchi.9ff2446e-71cb-45d6-a675-9511dd1e0987/none_v3" 201 - "PUT https://[::1]:8080/v1/AUTH_7aebe34b89554e87825206ce40aeb2f7/gnocchi.9ff2446e-71cb-45d6-a675-9511dd1e0987/none_v3" "tx8057a24ea34f40adbee1a-0068e33b03" "proxy-server 94957" 0.0144 "-" 93954 0
Oct 05 23:44:03 np0005471485.novalocal proxy-server[94957]: ::1 ::1 06/Oct/2025/03/44/03 PUT /v1/AUTH_7aebe34b89554e87825206ce40aeb2f7/gnocchi.9ff2446e-71cb-45d6-a675-9511dd1e0987/none_v3 HTTP/1.0 201 - python-swiftclient-4.8.0 gAAAAABo4zrI4CaX... 37 - - tx8057a24ea34f40adbee1a-0068e33b03 - 0.0199 - - 1759722243.119701862 1759722243.139600992 0 7b03bd18aea8470cbeb747235c58da52
Oct 05 23:44:03 np0005471485.novalocal dnsmasq[100719]: read /var/lib/neutron/dhcp/29cfdef7-cd41-461a-9c85-831fc9b6ce2f/addn_hosts - 2 addresses
Oct 05 23:44:03 np0005471485.novalocal dnsmasq-dhcp[100719]: read /var/lib/neutron/dhcp/29cfdef7-cd41-461a-9c85-831fc9b6ce2f/host
Oct 05 23:44:03 np0005471485.novalocal dnsmasq-dhcp[100719]: read /var/lib/neutron/dhcp/29cfdef7-cd41-461a-9c85-831fc9b6ce2f/opts
Oct 05 23:44:03 np0005471485.novalocal object-auditor[102099]: Object audit (ALL) "forever" mode completed: 13.27s. Total quarantined: 0, Total errors: 0, Total files/sec: 8.74, Total bytes/sec: 9693181.35, Auditing time: 13.24, Rate: 1.00
Oct 05 23:44:04 np0005471485.novalocal dnsmasq[102572]: read /var/lib/neutron/dhcp/1cac5c80-4515-4e2b-8e07-ed10dc6918f2/addn_hosts - 1 addresses
Oct 05 23:44:04 np0005471485.novalocal dnsmasq-dhcp[102572]: read /var/lib/neutron/dhcp/1cac5c80-4515-4e2b-8e07-ed10dc6918f2/host
Oct 05 23:44:04 np0005471485.novalocal dnsmasq-dhcp[102572]: read /var/lib/neutron/dhcp/1cac5c80-4515-4e2b-8e07-ed10dc6918f2/opts
Oct 05 23:44:05 np0005471485.novalocal dnsmasq[102572]: read /var/lib/neutron/dhcp/1cac5c80-4515-4e2b-8e07-ed10dc6918f2/addn_hosts - 1 addresses
Oct 05 23:44:05 np0005471485.novalocal dnsmasq-dhcp[102572]: read /var/lib/neutron/dhcp/1cac5c80-4515-4e2b-8e07-ed10dc6918f2/host
Oct 05 23:44:05 np0005471485.novalocal dnsmasq-dhcp[102572]: read /var/lib/neutron/dhcp/1cac5c80-4515-4e2b-8e07-ed10dc6918f2/opts
Oct 05 23:44:05 np0005471485.novalocal container-auditor[93820]: Begin container audit pass.
Oct 05 23:44:06 np0005471485.novalocal container-auditor[93820]: Container audit pass completed: 0.69s
Oct 05 23:44:06 np0005471485.novalocal dnsmasq[102572]: read /var/lib/neutron/dhcp/1cac5c80-4515-4e2b-8e07-ed10dc6918f2/addn_hosts - 2 addresses
Oct 05 23:44:06 np0005471485.novalocal dnsmasq-dhcp[102572]: read /var/lib/neutron/dhcp/1cac5c80-4515-4e2b-8e07-ed10dc6918f2/host
Oct 05 23:44:06 np0005471485.novalocal dnsmasq-dhcp[102572]: read /var/lib/neutron/dhcp/1cac5c80-4515-4e2b-8e07-ed10dc6918f2/opts
Oct 05 23:44:07 np0005471485.novalocal container-sharder[92986]: Container sharder cycle starting, auto-sharding False
Oct 05 23:44:08 np0005471485.novalocal NetworkManager[862]: [1759722248.4953] manager: (qbrd5c244a7-31): new Bridge device (/org/freedesktop/NetworkManager/Devices/33)
Oct 05 23:44:08 np0005471485.novalocal NetworkManager[862]: [1759722248.5041] manager: (qvod5c244a7-31): new Veth device (/org/freedesktop/NetworkManager/Devices/34)
Oct 05 23:44:08 np0005471485.novalocal NetworkManager[862]: [1759722248.5058] manager: (qvbd5c244a7-31): new Veth device (/org/freedesktop/NetworkManager/Devices/35)
Oct 05 23:44:08 np0005471485.novalocal NetworkManager[862]: [1759722248.5112] device (qvod5c244a7-31): carrier: link connected
Oct 05 23:44:08 np0005471485.novalocal NetworkManager[862]: [1759722248.5117] device (qvbd5c244a7-31): carrier: link connected
Oct 05 23:44:08 np0005471485.novalocal kernel: qbrd5c244a7-31: port 1(qvbd5c244a7-31) entered blocking state
Oct 05 23:44:08 np0005471485.novalocal kernel: qbrd5c244a7-31: port 1(qvbd5c244a7-31) entered disabled state
Oct 05 23:44:08 np0005471485.novalocal kernel: qvbd5c244a7-31: entered allmulticast mode
Oct 05 23:44:08 np0005471485.novalocal kernel: qvbd5c244a7-31: entered promiscuous mode
Oct 05 23:44:08 np0005471485.novalocal kernel: qbrd5c244a7-31: port 1(qvbd5c244a7-31) entered blocking state
Oct 05 23:44:08 np0005471485.novalocal kernel: qbrd5c244a7-31: port 1(qvbd5c244a7-31) entered forwarding state
Oct 05 23:44:08 np0005471485.novalocal NetworkManager[862]: [1759722248.5218] device (qbrd5c244a7-31): carrier: link connected
Oct 05 23:44:08 np0005471485.novalocal kernel: qvod5c244a7-31: entered promiscuous mode
Oct 05 23:44:08 np0005471485.novalocal systemd-udevd[102744]: Network interface NamePolicy= disabled on kernel command line.
Oct 05 23:44:08 np0005471485.novalocal systemd-udevd[102746]: Network interface NamePolicy= disabled on kernel command line.
Oct 05 23:44:08 np0005471485.novalocal systemd-udevd[102748]: Network interface NamePolicy= disabled on kernel command line.
Oct 05 23:44:08 np0005471485.novalocal NetworkManager[862]: [1759722248.5699] device (qbrd5c244a7-31): state change: unmanaged -> unavailable (reason 'connection-assumed', managed-type: 'external')
Oct 05 23:44:08 np0005471485.novalocal NetworkManager[862]: [1759722248.5719] device (qbrd5c244a7-31): state change: unavailable -> disconnected (reason 'connection-assumed', managed-type: 'external')
Oct 05 23:44:08 np0005471485.novalocal NetworkManager[862]: [1759722248.5733] device (qbrd5c244a7-31): Activation: starting connection 'qbrd5c244a7-31' (93c6a3b8-d3b2-4634-aa94-a3d455482fe2)
Oct 05 23:44:08 np0005471485.novalocal NetworkManager[862]: [1759722248.5739] device (qbrd5c244a7-31): state change: disconnected -> prepare (reason 'none', managed-type: 'external')
Oct 05 23:44:08 np0005471485.novalocal NetworkManager[862]: [1759722248.5742] device (qbrd5c244a7-31): state change: prepare -> config (reason 'none', managed-type: 'external')
Oct 05 23:44:08 np0005471485.novalocal NetworkManager[862]: [1759722248.5749] device (qbrd5c244a7-31): state change: config -> ip-config (reason 'none', managed-type: 'external')
Oct 05 23:44:08 np0005471485.novalocal NetworkManager[862]: [1759722248.5760] device (qbrd5c244a7-31): state change: ip-config -> ip-check (reason 'none', managed-type: 'external')
Oct 05 23:44:08 np0005471485.novalocal systemd[1]: Starting Network Manager Script Dispatcher Service...
Oct 05 23:44:08 np0005471485.novalocal systemd[1]: Started Network Manager Script Dispatcher Service.
Oct 05 23:44:08 np0005471485.novalocal NetworkManager[862]: [1759722248.6168] device (qbrd5c244a7-31): state change: ip-check -> secondaries (reason 'none', managed-type: 'external')
Oct 05 23:44:08 np0005471485.novalocal NetworkManager[862]: [1759722248.6170] device (qbrd5c244a7-31): state change: secondaries -> activated (reason 'none', managed-type: 'external')
Oct 05 23:44:08 np0005471485.novalocal NetworkManager[862]: [1759722248.6180] device (qbrd5c244a7-31): Activation: successful, device activated.
Oct 05 23:44:08 np0005471485.novalocal systemd[1]: iscsi.service: Unit cannot be reloaded because it is inactive.
Oct 05 23:44:08 np0005471485.novalocal container-sharder[92986]: Since Mon Oct 6 03:44:07 2025 visited - attempted:0 success:0 failure:0 skipped:78 completed:0
Oct 05 23:44:08 np0005471485.novalocal container-sharder[92986]: Since Mon Oct 6 03:44:07 2025 scanned - attempted:0 success:0 failure:0 found:0 min_time:0 max_time:0
Oct 05 23:44:08 np0005471485.novalocal container-sharder[92986]: Since Mon Oct 6 03:44:07 2025 created - attempted:0 success:0 failure:0
Oct 05 23:44:08 np0005471485.novalocal container-sharder[92986]: Since Mon Oct 6 03:44:07 2025 cleaved - attempted:0 success:0 failure:0 min_time:0 max_time:0
Oct 05 23:44:08 np0005471485.novalocal container-sharder[92986]: Since Mon Oct 6 03:44:07 2025 misplaced - attempted:0 success:0 failure:0 found:0 placed:0 unplaced:0
Oct 05 23:44:08 np0005471485.novalocal container-sharder[92986]: Since Mon Oct 6 03:44:07 2025 audit_root - attempted:0 success:0 failure:0 has_overlap:0 num_overlap:0
Oct 05 23:44:08 np0005471485.novalocal container-sharder[92986]: Since Mon Oct 6 03:44:07 2025 audit_shard - attempted:0 success:0 failure:0
Oct 05 23:44:08 np0005471485.novalocal container-sharder[92986]: Container sharder cycle completed: 1.55s
Oct 05 23:44:09 np0005471485.novalocal object-updater[93084]: Begin object update sweep of all devices
Oct 05 23:44:09 np0005471485.novalocal object-updater[102781]: Object update sweep starting on /srv/node/1 (pid: 102781)
Oct 05 23:44:09 np0005471485.novalocal object-updater[102781]: Object update sweep completed on /srv/node/1 in 0.08s seconds:, 0 successes, 0 failures, 0 quarantines, 0 unlinks, 0 outdated_unlinks, 0 errors, 0 redirects, 0 skips, 0 deferrals, 0 drains (pid: 102781)
Oct 05 23:44:09 np0005471485.novalocal object-updater[102781]: Object update sweep of 1 completed: 0.08s, 0 successes, 0 failures, 0 quarantines, 0 unlinks, 0 outdated_unlinks, 0 errors, 0 redirects, 0 skips, 0 deferrals, 0 drains
Oct 05 23:44:10 np0005471485.novalocal kernel: qbrd5c244a7-31: port 2(tapd5c244a7-31) entered blocking state
Oct 05 23:44:10 np0005471485.novalocal kernel: qbrd5c244a7-31: port 2(tapd5c244a7-31) entered disabled state
Oct 05 23:44:10 np0005471485.novalocal kernel: tapd5c244a7-31: entered allmulticast mode
Oct 05 23:44:10 np0005471485.novalocal kernel: tapd5c244a7-31: entered promiscuous mode
Oct 05 23:44:10 np0005471485.novalocal kernel: qbrd5c244a7-31: port 2(tapd5c244a7-31) entered blocking state
Oct 05 23:44:10 np0005471485.novalocal kernel: qbrd5c244a7-31: port 2(tapd5c244a7-31) entered forwarding state
Oct 05 23:44:10 np0005471485.novalocal NetworkManager[862]: [1759722250.1768] manager: (tapd5c244a7-31): new Tun device (/org/freedesktop/NetworkManager/Devices/36)
Oct 05 23:44:10 np0005471485.novalocal systemd-udevd[102759]: Network interface NamePolicy= disabled on kernel command line.
Oct 05 23:44:10 np0005471485.novalocal virtqemud[96520]: Domain id=3 name='instance-00000003' uuid=ee6118b7-ba32-4d9f-ae8a-81a2341109e5 is tainted: deprecated-config (machine type 'pc-i440fx-rhel7.6.0')
Oct 05 23:44:10 np0005471485.novalocal virtqemud[96520]: Domain id=3 name='instance-00000003' uuid=ee6118b7-ba32-4d9f-ae8a-81a2341109e5 is tainted: deprecated-config (CPU model 'qemu64')
Oct 05 23:44:10 np0005471485.novalocal NetworkManager[862]: [1759722250.1987] device (tapd5c244a7-31): state change: unmanaged -> unavailable (reason 'connection-assumed', managed-type: 'external')
Oct 05 23:44:10 np0005471485.novalocal NetworkManager[862]: [1759722250.1997] device (tapd5c244a7-31): state change: unavailable -> disconnected (reason 'connection-assumed', managed-type: 'external')
Oct 05 23:44:10 np0005471485.novalocal NetworkManager[862]: [1759722250.2004] device (tapd5c244a7-31): Activation: starting connection 'tapd5c244a7-31' (e9925b7c-f98c-40eb-ad74-3a04500b4a27)
Oct 05 23:44:10 np0005471485.novalocal NetworkManager[862]: [1759722250.2006] device (tapd5c244a7-31): state change: disconnected -> prepare (reason 'none', managed-type: 'external')
Oct 05 23:44:10 np0005471485.novalocal NetworkManager[862]: [1759722250.2014] device (tapd5c244a7-31): state change: prepare -> config (reason 'none', managed-type: 'external')
Oct 05 23:44:10 np0005471485.novalocal NetworkManager[862]: [1759722250.2017] device (tapd5c244a7-31): state change: config -> ip-config (reason 'none', managed-type: 'external')
Oct 05 23:44:10 np0005471485.novalocal NetworkManager[862]: [1759722250.2019] device (qbrd5c244a7-31): bridge port tapd5c244a7-31 was attached
Oct 05 23:44:10 np0005471485.novalocal NetworkManager[862]: [1759722250.2020] device (tapd5c244a7-31): Activation: connection 'tapd5c244a7-31' attached as port, continuing activation
Oct 05 23:44:10 np0005471485.novalocal NetworkManager[862]: [1759722250.2022] device (tapd5c244a7-31): state change: ip-config -> ip-check (reason 'none', managed-type: 'external')
Oct 05 23:44:10 np0005471485.novalocal NetworkManager[862]: [1759722250.2043] device (tapd5c244a7-31): state change: ip-check -> secondaries (reason 'none', managed-type: 'external')
Oct 05 23:44:10 np0005471485.novalocal NetworkManager[862]: [1759722250.2047] device (tapd5c244a7-31): state change: secondaries -> activated (reason 'none', managed-type: 'external')
Oct 05 23:44:10 np0005471485.novalocal NetworkManager[862]: [1759722250.2061] device (tapd5c244a7-31): Activation: successful, device activated.
Oct 05 23:44:10 np0005471485.novalocal systemd-machined[90520]: New machine qemu-3-instance-00000003.
Oct 05 23:44:10 np0005471485.novalocal systemd[1]: Started Virtual Machine qemu-3-instance-00000003.
Oct 05 23:44:10 np0005471485.novalocal systemd[1]: iscsi.service: Unit cannot be reloaded because it is inactive.
Oct 05 23:44:10 np0005471485.novalocal object-updater[102819]: Object update sweep starting on /srv/node/2 (pid: 102819)
Oct 05 23:44:10 np0005471485.novalocal object-updater[102819]: Object update sweep completed on /srv/node/2 in 0.01s seconds:, 0 successes, 0 failures, 0 quarantines, 0 unlinks, 0 outdated_unlinks, 0 errors, 0 redirects, 0 skips, 0 deferrals, 0 drains (pid: 102819)
Oct 05 23:44:10 np0005471485.novalocal object-updater[102819]: Object update sweep of 2 completed: 0.01s, 0 successes, 0 failures, 0 quarantines, 0 unlinks, 0 outdated_unlinks, 0 errors, 0 redirects, 0 skips, 0 deferrals, 0 drains
Oct 05 23:44:10 np0005471485.novalocal object-updater[102820]: Object update sweep starting on /srv/node/3 (pid: 102820)
Oct 05 23:44:10 np0005471485.novalocal object-updater[102820]: Object update sweep completed on /srv/node/3 in 0.01s seconds:, 0 successes, 0 failures, 0 quarantines, 0 unlinks, 0 outdated_unlinks, 0 errors, 0 redirects, 0 skips, 0 deferrals, 0 drains (pid: 102820)
Oct 05 23:44:10 np0005471485.novalocal object-updater[102820]: Object update sweep of 3 completed: 0.01s, 0 successes, 0 failures, 0 quarantines, 0 unlinks, 0 outdated_unlinks, 0 errors, 0 redirects, 0 skips, 0 deferrals, 0 drains
Oct 05 23:44:10 np0005471485.novalocal object-updater[93084]: Object update sweep of all devices completed: 1.18s
Oct 05 23:44:11 np0005471485.novalocal kernel: Warning: Deprecated Driver is detected: ip_set will not be maintained in a future major release and may be disabled
Oct 05 23:44:11 np0005471485.novalocal kernel: Warning: Deprecated Driver is detected: ip_set_init will not be maintained in a future major release and may be disabled
Oct 05 23:44:11 np0005471485.novalocal kernel: qbra9eb16c7-f6: port 2(tapa9eb16c7-f6) entered disabled state
Oct 05 23:44:11 np0005471485.novalocal kernel: tapa9eb16c7-f6 (unregistering): left allmulticast mode
Oct 05 23:44:11 np0005471485.novalocal kernel: tapa9eb16c7-f6 (unregistering): left promiscuous mode
Oct 05 23:44:11 np0005471485.novalocal kernel: qbra9eb16c7-f6: port 2(tapa9eb16c7-f6) entered disabled state
Oct 05 23:44:11 np0005471485.novalocal NetworkManager[862]: [1759722251.8344] device (tapa9eb16c7-f6): state change: activated -> unmanaged (reason 'unmanaged', managed-type: 'removed')
Oct 05 23:44:11 np0005471485.novalocal NetworkManager[862]: [1759722251.8369] device (tapa9eb16c7-f6): released from controller device qbra9eb16c7-f6
Oct 05 23:44:11 np0005471485.novalocal systemd[1]: machine-qemu\x2d1\x2dinstance\x2d00000001.scope: Deactivated successfully.
Oct 05 23:44:11 np0005471485.novalocal systemd[1]: machine-qemu\x2d1\x2dinstance\x2d00000001.scope: Consumed 25.152s CPU time.
Oct 05 23:44:11 np0005471485.novalocal systemd-machined[90520]: Machine qemu-1-instance-00000001 terminated.
Oct 05 23:44:12 np0005471485.novalocal kernel: qvba9eb16c7-f6: left allmulticast mode
Oct 05 23:44:12 np0005471485.novalocal kernel: qvba9eb16c7-f6: left promiscuous mode
Oct 05 23:44:12 np0005471485.novalocal kernel: qbra9eb16c7-f6: port 1(qvba9eb16c7-f6) entered disabled state
Oct 05 23:44:12 np0005471485.novalocal NetworkManager[862]: [1759722252.5821] device (qbra9eb16c7-f6): bridge port qvba9eb16c7-f6 was detached
Oct 05 23:44:12 np0005471485.novalocal NetworkManager[862]: [1759722252.5850] device (qbra9eb16c7-f6): state change: activated -> unmanaged (reason 'unmanaged', managed-type: 'removed')
Oct 05 23:44:12 np0005471485.novalocal kernel: qvoa9eb16c7-f6: left promiscuous mode
Oct 05 23:44:12 np0005471485.novalocal object-replicator[94018]: Starting object replication pass.
Oct 05 23:44:13 np0005471485.novalocal object-server[93954]: ::1 - - [06/Oct/2025:03:44:13 +0000] "GET /1/85956/AUTH_7aebe34b89554e87825206ce40aeb2f7/gnocchi.9ff2446e-71cb-45d6-a675-9511dd1e0987/none_v3" 200 37 "GET https://[::1]:8080/v1/AUTH_7aebe34b89554e87825206ce40aeb2f7/gnocchi.9ff2446e-71cb-45d6-a675-9511dd1e0987/none_v3" "tx4ba5f540381a4c32a3f6d-0068e33b0d" "proxy-server 94957" 0.0012 "-" 93954 0
Oct 05 23:44:13 np0005471485.novalocal proxy-server[94957]: ::1 ::1 06/Oct/2025/03/44/13 GET /v1/AUTH_7aebe34b89554e87825206ce40aeb2f7/gnocchi.9ff2446e-71cb-45d6-a675-9511dd1e0987/none_v3 HTTP/1.0 200 - python-swiftclient-4.8.0 gAAAAABo4zrI4CaX... - 37 - tx4ba5f540381a4c32a3f6d-0068e33b0d - 0.0123 - - 1759722253.042561293 1759722253.054847956 0 7b03bd18aea8470cbeb747235c58da52
Oct 05 23:44:13 np0005471485.novalocal container-server[93622]: ::1 - - [06/Oct/2025:03:44:13 +0000] "GET /3/163741/AUTH_7aebe34b89554e87825206ce40aeb2f7/gnocchi.9ff2446e-71cb-45d6-a675-9511dd1e0987" 200 357 "GET https://[::1]:8080/v1/AUTH_7aebe34b89554e87825206ce40aeb2f7/gnocchi.9ff2446e-71cb-45d6-a675-9511dd1e0987?format=json&states=listing" "txb74ce017f03f44eaaf84a-0068e33b0d" "proxy-server 94957" 0.0020 "-" 93622 0
Oct 05 23:44:13 np0005471485.novalocal proxy-server[94957]: ::1 ::1 06/Oct/2025/03/44/13 GET /v1/AUTH_7aebe34b89554e87825206ce40aeb2f7/gnocchi.9ff2446e-71cb-45d6-a675-9511dd1e0987%3Fformat%3Djson%26states%3Dlisting HTTP/1.0 200 - python-swiftclient-4.8.0 gAAAAABo4zrI4CaX... - 357 - txb74ce017f03f44eaaf84a-0068e33b0d - 0.0131 - - 1759722253.069767714 1759722253.082894802 0 7b03bd18aea8470cbeb747235c58da52
Oct 05 23:44:13 np0005471485.novalocal container-server[93622]: ::1 - - [06/Oct/2025:03:44:13 +0000] "GET /1/163741/AUTH_7aebe34b89554e87825206ce40aeb2f7/gnocchi.9ff2446e-71cb-45d6-a675-9511dd1e0987" 200 2 "GET https://[::1]:8080/v1/AUTH_7aebe34b89554e87825206ce40aeb2f7/gnocchi.9ff2446e-71cb-45d6-a675-9511dd1e0987?format=json&marker=none_v3&states=listing" "tx7a13a13b907e4cdb8af2a-0068e33b0d" "proxy-server 94957" 0.0055 "-" 93622 0
Oct 05 23:44:13 np0005471485.novalocal proxy-server[94957]: ::1 ::1 06/Oct/2025/03/44/13 GET /v1/AUTH_7aebe34b89554e87825206ce40aeb2f7/gnocchi.9ff2446e-71cb-45d6-a675-9511dd1e0987%3Fformat%3Djson%26marker%3Dnone_v3%26states%3Dlisting HTTP/1.0 200 - python-swiftclient-4.8.0 gAAAAABo4zrI4CaX... - 2 - tx7a13a13b907e4cdb8af2a-0068e33b0d - 0.0197 - - 1759722253.090181589 1759722253.109928131 0 7b03bd18aea8470cbeb747235c58da52
Oct 05 23:44:13 np0005471485.novalocal object-server[93954]: ::1 - - [06/Oct/2025:03:44:13 +0000] "GET /3/89723/AUTH_7aebe34b89554e87825206ce40aeb2f7/gnocchi.9ff2446e-71cb-45d6-a675-9511dd1e0987/1759320000.0_mean_300.0_v3" 200 16 "GET https://[::1]:8080/v1/AUTH_7aebe34b89554e87825206ce40aeb2f7/gnocchi.9ff2446e-71cb-45d6-a675-9511dd1e0987/1759320000.0_mean_300.0_v3" "tx0ef1e18529c848f8aa820-0068e33b0d" "proxy-server 94957" 0.0009 "-" 93954 0
Oct 05 23:44:13 np0005471485.novalocal proxy-server[94957]: ::1 ::1 06/Oct/2025/03/44/13 GET /v1/AUTH_7aebe34b89554e87825206ce40aeb2f7/gnocchi.9ff2446e-71cb-45d6-a675-9511dd1e0987/1759320000.0_mean_300.0_v3 HTTP/1.0 200 - python-swiftclient-4.8.0 gAAAAABo4zrI4CaX... - 16 - tx0ef1e18529c848f8aa820-0068e33b0d - 0.0088 - - 1759722253.116709471 1759722253.125497818 0 7b03bd18aea8470cbeb747235c58da52
Oct 05 23:44:13 np0005471485.novalocal container-server[93622]: ::1 - - [06/Oct/2025:03:44:13 +0000] "PUT /1/163741/AUTH_7aebe34b89554e87825206ce40aeb2f7/gnocchi.9ff2446e-71cb-45d6-a675-9511dd1e0987/1759320000.0_mean_300.0_v3" 201 - "PUT http://[::1]:8080/1/89723/AUTH_7aebe34b89554e87825206ce40aeb2f7/gnocchi.9ff2446e-71cb-45d6-a675-9511dd1e0987/1759320000.0_mean_300.0_v3" "txf1ce6bfd5f7841999cd47-0068e33b0d" "object-server 93955" 0.0008 "-" 93622 0
Oct 05 23:44:13 np0005471485.novalocal container-server[93621]: ::1 - - [06/Oct/2025:03:44:13 +0000] "PUT /2/163741/AUTH_7aebe34b89554e87825206ce40aeb2f7/gnocchi.9ff2446e-71cb-45d6-a675-9511dd1e0987/1759320000.0_mean_300.0_v3" 201 - "PUT http://[::1]:8080/3/89723/AUTH_7aebe34b89554e87825206ce40aeb2f7/gnocchi.9ff2446e-71cb-45d6-a675-9511dd1e0987/1759320000.0_mean_300.0_v3" "txf1ce6bfd5f7841999cd47-0068e33b0d" "object-server 93954" 0.0008 "-" 93621 0
Oct 05 23:44:13 np0005471485.novalocal object-server[93954]: ::1 - - [06/Oct/2025:03:44:13 +0000] "PUT /3/89723/AUTH_7aebe34b89554e87825206ce40aeb2f7/gnocchi.9ff2446e-71cb-45d6-a675-9511dd1e0987/1759320000.0_mean_300.0_v3" 201 - "PUT https://[::1]:8080/v1/AUTH_7aebe34b89554e87825206ce40aeb2f7/gnocchi.9ff2446e-71cb-45d6-a675-9511dd1e0987/1759320000.0_mean_300.0_v3" "txf1ce6bfd5f7841999cd47-0068e33b0d" "proxy-server 94957" 0.0255 "-" 93954 0
Oct 05 23:44:13 np0005471485.novalocal container-server[93622]: ::1 - - [06/Oct/2025:03:44:13 +0000] "PUT /3/163741/AUTH_7aebe34b89554e87825206ce40aeb2f7/gnocchi.9ff2446e-71cb-45d6-a675-9511dd1e0987/1759320000.0_mean_300.0_v3" 201 - "PUT http://[::1]:8080/2/89723/AUTH_7aebe34b89554e87825206ce40aeb2f7/gnocchi.9ff2446e-71cb-45d6-a675-9511dd1e0987/1759320000.0_mean_300.0_v3" "txf1ce6bfd5f7841999cd47-0068e33b0d" "object-server 93954" 0.0006 "-" 93622 0
Oct 05 23:44:13 np0005471485.novalocal object-server[93955]: ::1 - - [06/Oct/2025:03:44:13 +0000] "PUT /1/89723/AUTH_7aebe34b89554e87825206ce40aeb2f7/gnocchi.9ff2446e-71cb-45d6-a675-9511dd1e0987/1759320000.0_mean_300.0_v3" 201 - "PUT https://[::1]:8080/v1/AUTH_7aebe34b89554e87825206ce40aeb2f7/gnocchi.9ff2446e-71cb-45d6-a675-9511dd1e0987/1759320000.0_mean_300.0_v3" "txf1ce6bfd5f7841999cd47-0068e33b0d" "proxy-server 94957" 0.0145 "-" 93955 0
Oct 05 23:44:13 np0005471485.novalocal object-server[93954]: ::1 - - [06/Oct/2025:03:44:13 +0000] "PUT /2/89723/AUTH_7aebe34b89554e87825206ce40aeb2f7/gnocchi.9ff2446e-71cb-45d6-a675-9511dd1e0987/1759320000.0_mean_300.0_v3" 201 - "PUT https://[::1]:8080/v1/AUTH_7aebe34b89554e87825206ce40aeb2f7/gnocchi.9ff2446e-71cb-45d6-a675-9511dd1e0987/1759320000.0_mean_300.0_v3" "txf1ce6bfd5f7841999cd47-0068e33b0d" "proxy-server 94957" 0.0289 "-" 93954 0
Oct 05 23:44:13 np0005471485.novalocal proxy-server[94957]: ::1 ::1 06/Oct/2025/03/44/13 PUT /v1/AUTH_7aebe34b89554e87825206ce40aeb2f7/gnocchi.9ff2446e-71cb-45d6-a675-9511dd1e0987/1759320000.0_mean_300.0_v3 HTTP/1.0 201 - python-swiftclient-4.8.0 gAAAAABo4zrI4CaX... 16 - - txf1ce6bfd5f7841999cd47-0068e33b0d - 0.0487 - - 1759722253.131787539 1759722253.180472136 0 7b03bd18aea8470cbeb747235c58da52
Oct 05 23:44:13 np0005471485.novalocal container-server[93622]: ::1 - - [06/Oct/2025:03:44:13 +0000] "PUT /2/163741/AUTH_7aebe34b89554e87825206ce40aeb2f7/gnocchi.9ff2446e-71cb-45d6-a675-9511dd1e0987/none_v3" 201 - "PUT http://[::1]:8080/1/85956/AUTH_7aebe34b89554e87825206ce40aeb2f7/gnocchi.9ff2446e-71cb-45d6-a675-9511dd1e0987/none_v3" "tx901cd7a914bb4179ab34b-0068e33b0d" "object-server 93954" 0.0005 "-" 93622 0
Oct 05 23:44:13 np0005471485.novalocal object-server[93954]: ::1 - - [06/Oct/2025:03:44:13 +0000] "PUT /1/85956/AUTH_7aebe34b89554e87825206ce40aeb2f7/gnocchi.9ff2446e-71cb-45d6-a675-9511dd1e0987/none_v3" 201 - "PUT https://[::1]:8080/v1/AUTH_7aebe34b89554e87825206ce40aeb2f7/gnocchi.9ff2446e-71cb-45d6-a675-9511dd1e0987/none_v3" "tx901cd7a914bb4179ab34b-0068e33b0d" "proxy-server 94957" 0.0152 "-" 93954 0
Oct 05 23:44:13 np0005471485.novalocal container-server[93621]: ::1 - - [06/Oct/2025:03:44:13 +0000] "PUT /1/163741/AUTH_7aebe34b89554e87825206ce40aeb2f7/gnocchi.9ff2446e-71cb-45d6-a675-9511dd1e0987/none_v3" 201 - "PUT http://[::1]:8080/3/85956/AUTH_7aebe34b89554e87825206ce40aeb2f7/gnocchi.9ff2446e-71cb-45d6-a675-9511dd1e0987/none_v3" "tx901cd7a914bb4179ab34b-0068e33b0d" "object-server 93955" 0.0007 "-" 93621 0
Oct 05 23:44:13 np0005471485.novalocal object-server[93955]: ::1 - - [06/Oct/2025:03:44:13 +0000] "PUT /3/85956/AUTH_7aebe34b89554e87825206ce40aeb2f7/gnocchi.9ff2446e-71cb-45d6-a675-9511dd1e0987/none_v3" 201 - "PUT https://[::1]:8080/v1/AUTH_7aebe34b89554e87825206ce40aeb2f7/gnocchi.9ff2446e-71cb-45d6-a675-9511dd1e0987/none_v3" "tx901cd7a914bb4179ab34b-0068e33b0d" "proxy-server 94957" 0.0164 "-" 93955 0
Oct 05 23:44:13 np0005471485.novalocal container-server[93622]: ::1 - - [06/Oct/2025:03:44:13 +0000] "PUT /3/163741/AUTH_7aebe34b89554e87825206ce40aeb2f7/gnocchi.9ff2446e-71cb-45d6-a675-9511dd1e0987/none_v3" 201 - "PUT http://[::1]:8080/2/85956/AUTH_7aebe34b89554e87825206ce40aeb2f7/gnocchi.9ff2446e-71cb-45d6-a675-9511dd1e0987/none_v3" "tx901cd7a914bb4179ab34b-0068e33b0d" "object-server 93955" 0.0013 "-" 93622 0
Oct 05 23:44:13 np0005471485.novalocal object-server[93955]: ::1 - - [06/Oct/2025:03:44:13 +0000] "PUT /2/85956/AUTH_7aebe34b89554e87825206ce40aeb2f7/gnocchi.9ff2446e-71cb-45d6-a675-9511dd1e0987/none_v3" 201 - "PUT https://[::1]:8080/v1/AUTH_7aebe34b89554e87825206ce40aeb2f7/gnocchi.9ff2446e-71cb-45d6-a675-9511dd1e0987/none_v3" "tx901cd7a914bb4179ab34b-0068e33b0d" "proxy-server 94957" 0.0226 "-" 93955 0
Oct 05 23:44:13 np0005471485.novalocal proxy-server[94957]: ::1 ::1 06/Oct/2025/03/44/13 PUT /v1/AUTH_7aebe34b89554e87825206ce40aeb2f7/gnocchi.9ff2446e-71cb-45d6-a675-9511dd1e0987/none_v3 HTTP/1.0 201 - python-swiftclient-4.8.0 gAAAAABo4zrI4CaX... 45 - - tx901cd7a914bb4179ab34b-0068e33b0d - 0.0369 - - 1759722253.183727503 1759722253.220593214 0 7b03bd18aea8470cbeb747235c58da52
Oct 05 23:44:13 np0005471485.novalocal container-server[93622]: ::1 - - [06/Oct/2025:03:44:13 +0000] "HEAD /3/247728/AUTH_7aebe34b89554e87825206ce40aeb2f7/gnocchi.93e9f2d7-0a05-469a-8cd5-74524bd9c296" 404 - "HEAD http://[::1]:8080/v1/AUTH_7aebe34b89554e87825206ce40aeb2f7/gnocchi.93e9f2d7-0a05-469a-8cd5-74524bd9c296" "tx0b3b1033f03e486e8edac-0068e33b0d" "proxy-server 94957" 0.0003 "-" 93622 0
Oct 05 23:44:13 np0005471485.novalocal container-server[93621]: ::1 - - [06/Oct/2025:03:44:13 +0000] "HEAD /1/247728/AUTH_7aebe34b89554e87825206ce40aeb2f7/gnocchi.93e9f2d7-0a05-469a-8cd5-74524bd9c296" 404 - "HEAD http://[::1]:8080/v1/AUTH_7aebe34b89554e87825206ce40aeb2f7/gnocchi.93e9f2d7-0a05-469a-8cd5-74524bd9c296" "tx0b3b1033f03e486e8edac-0068e33b0d" "proxy-server 94957" 0.0008 "-" 93621 0
Oct 05 23:44:13 np0005471485.novalocal container-server[93621]: ::1 - - [06/Oct/2025:03:44:13 +0000] "HEAD /2/247728/AUTH_7aebe34b89554e87825206ce40aeb2f7/gnocchi.93e9f2d7-0a05-469a-8cd5-74524bd9c296" 404 - "HEAD http://[::1]:8080/v1/AUTH_7aebe34b89554e87825206ce40aeb2f7/gnocchi.93e9f2d7-0a05-469a-8cd5-74524bd9c296" "tx0b3b1033f03e486e8edac-0068e33b0d" "proxy-server 94957" 0.0003 "-" 93621 0
Oct 05 23:44:13 np0005471485.novalocal proxy-server[94957]: - - 06/Oct/2025/03/44/13 HEAD /v1/AUTH_7aebe34b89554e87825206ce40aeb2f7/gnocchi.93e9f2d7-0a05-469a-8cd5-74524bd9c296 HTTP/1.0 404 - Swift - - - - tx0b3b1033f03e486e8edac-0068e33b0d - 0.0099 CS - 1759722253.257776976 1759722253.267709255 0 -
Oct 05 23:44:13 np0005471485.novalocal object-server[93955]: ::1 - - [06/Oct/2025:03:44:13 +0000] "GET /1/49510/AUTH_7aebe34b89554e87825206ce40aeb2f7/gnocchi.93e9f2d7-0a05-469a-8cd5-74524bd9c296/none_v3" 404 70 "GET https://[::1]:8080/v1/AUTH_7aebe34b89554e87825206ce40aeb2f7/gnocchi.93e9f2d7-0a05-469a-8cd5-74524bd9c296/none_v3" "tx0b3b1033f03e486e8edac-0068e33b0d" "proxy-server 94957" 0.0003 "-" 93955 0
Oct 05 23:44:13 np0005471485.novalocal object-server[93955]: ::1 - - [06/Oct/2025:03:44:13 +0000] "GET /3/49510/AUTH_7aebe34b89554e87825206ce40aeb2f7/gnocchi.93e9f2d7-0a05-469a-8cd5-74524bd9c296/none_v3" 404 70 "GET https://[::1]:8080/v1/AUTH_7aebe34b89554e87825206ce40aeb2f7/gnocchi.93e9f2d7-0a05-469a-8cd5-74524bd9c296/none_v3" "tx0b3b1033f03e486e8edac-0068e33b0d" "proxy-server 94957" 0.0002 "-" 93955 0
Oct 05 23:44:13 np0005471485.novalocal object-server[93955]: ::1 - - [06/Oct/2025:03:44:13 +0000] "GET /2/49510/AUTH_7aebe34b89554e87825206ce40aeb2f7/gnocchi.93e9f2d7-0a05-469a-8cd5-74524bd9c296/none_v3" 404 70 "GET https://[::1]:8080/v1/AUTH_7aebe34b89554e87825206ce40aeb2f7/gnocchi.93e9f2d7-0a05-469a-8cd5-74524bd9c296/none_v3" "tx0b3b1033f03e486e8edac-0068e33b0d" "proxy-server 94957" 0.0002 "-" 93955 0
Oct 05 23:44:13 np0005471485.novalocal proxy-server[94957]: ::1 ::1 06/Oct/2025/03/44/13 GET /v1/AUTH_7aebe34b89554e87825206ce40aeb2f7/gnocchi.93e9f2d7-0a05-469a-8cd5-74524bd9c296/none_v3 HTTP/1.0 404 - python-swiftclient-4.8.0 gAAAAABo4zrI4CaX... - 70 - tx0b3b1033f03e486e8edac-0068e33b0d - 0.0197 - - 1759722253.257122517 1759722253.276847363 0 7b03bd18aea8470cbeb747235c58da52
Oct 05 23:44:13 np0005471485.novalocal account-server[93328]: ::1 - - [06/Oct/2025:03:44:13 +0000] "PUT /3/145150/AUTH_7aebe34b89554e87825206ce40aeb2f7/gnocchi.93e9f2d7-0a05-469a-8cd5-74524bd9c296" 201 - "PUT http://[::1]:6001/2/247728/AUTH_7aebe34b89554e87825206ce40aeb2f7/gnocchi.93e9f2d7-0a05-469a-8cd5-74524bd9c296" "tx79e815bca4b44de38d267-0068e33b0d" "container-server 93621" 0.0048 "-" 93328 0
Oct 05 23:44:13 np0005471485.novalocal container-server[93621]: ::1 - - [06/Oct/2025:03:44:13 +0000] "PUT /2/247728/AUTH_7aebe34b89554e87825206ce40aeb2f7/gnocchi.93e9f2d7-0a05-469a-8cd5-74524bd9c296" 201 - "PUT https://[::1]:8080/v1/AUTH_7aebe34b89554e87825206ce40aeb2f7/gnocchi.93e9f2d7-0a05-469a-8cd5-74524bd9c296" "tx79e815bca4b44de38d267-0068e33b0d" "proxy-server 94957" 0.0174 "-" 93621 0
Oct 05 23:44:13 np0005471485.novalocal account-server[93328]: ::1 - - [06/Oct/2025:03:44:13 +0000] "PUT /2/145150/AUTH_7aebe34b89554e87825206ce40aeb2f7/gnocchi.93e9f2d7-0a05-469a-8cd5-74524bd9c296" 201 - "PUT http://[::1]:6001/1/247728/AUTH_7aebe34b89554e87825206ce40aeb2f7/gnocchi.93e9f2d7-0a05-469a-8cd5-74524bd9c296" "tx79e815bca4b44de38d267-0068e33b0d" "container-server 93622" 0.0041 "-" 93328 0
Oct 05 23:44:13 np0005471485.novalocal container-server[93622]: ::1 - - [06/Oct/2025:03:44:13 +0000] "PUT /1/247728/AUTH_7aebe34b89554e87825206ce40aeb2f7/gnocchi.93e9f2d7-0a05-469a-8cd5-74524bd9c296" 201 - "PUT https://[::1]:8080/v1/AUTH_7aebe34b89554e87825206ce40aeb2f7/gnocchi.93e9f2d7-0a05-469a-8cd5-74524bd9c296" "tx79e815bca4b44de38d267-0068e33b0d" "proxy-server 94957" 0.0258 "-" 93622 0
Oct 05 23:44:13 np0005471485.novalocal account-server[93328]: ::1 - - [06/Oct/2025:03:44:13 +0000] "PUT /1/145150/AUTH_7aebe34b89554e87825206ce40aeb2f7/gnocchi.93e9f2d7-0a05-469a-8cd5-74524bd9c296" 201 - "PUT http://[::1]:6001/3/247728/AUTH_7aebe34b89554e87825206ce40aeb2f7/gnocchi.93e9f2d7-0a05-469a-8cd5-74524bd9c296" "tx79e815bca4b44de38d267-0068e33b0d" "container-server 93622" 0.0043 "-" 93328 0
Oct 05 23:44:13 np0005471485.novalocal container-server[93622]: ::1 - - [06/Oct/2025:03:44:13 +0000] "PUT /3/247728/AUTH_7aebe34b89554e87825206ce40aeb2f7/gnocchi.93e9f2d7-0a05-469a-8cd5-74524bd9c296" 201 - "PUT https://[::1]:8080/v1/AUTH_7aebe34b89554e87825206ce40aeb2f7/gnocchi.93e9f2d7-0a05-469a-8cd5-74524bd9c296" "tx79e815bca4b44de38d267-0068e33b0d" "proxy-server 94957" 0.0194 "-" 93622 0
Oct 05 23:44:13 np0005471485.novalocal proxy-server[94957]: ::1 ::1 06/Oct/2025/03/44/13 PUT /v1/AUTH_7aebe34b89554e87825206ce40aeb2f7/gnocchi.93e9f2d7-0a05-469a-8cd5-74524bd9c296 HTTP/1.0 201 - python-swiftclient-4.8.0 gAAAAABo4zrI4CaX... - - - tx79e815bca4b44de38d267-0068e33b0d - 0.0356 - - 1759722253.279281616 1759722253.314922810 0 7b03bd18aea8470cbeb747235c58da52
Oct 05 23:44:13 np0005471485.novalocal container-server[93622]: ::1 - - [06/Oct/2025:03:44:13 +0000] "HEAD /2/247728/AUTH_7aebe34b89554e87825206ce40aeb2f7/gnocchi.93e9f2d7-0a05-469a-8cd5-74524bd9c296" 204 - "HEAD http://[::1]:8080/v1/AUTH_7aebe34b89554e87825206ce40aeb2f7/gnocchi.93e9f2d7-0a05-469a-8cd5-74524bd9c296" "txaf46d61362bc487a85fe5-0068e33b0d" "proxy-server 94957" 0.0016 "-" 93622 0
Oct 05 23:44:13 np0005471485.novalocal proxy-server[94957]: - - 06/Oct/2025/03/44/13 HEAD /v1/AUTH_7aebe34b89554e87825206ce40aeb2f7/gnocchi.93e9f2d7-0a05-469a-8cd5-74524bd9c296 HTTP/1.0 204 - Swift - - - - txaf46d61362bc487a85fe5-0068e33b0d - 0.0049 CS - 1759722253.318891287 1759722253.323781967 0 -
Oct 05 23:44:13 np0005471485.novalocal container-server[93622]: ::1 - - [06/Oct/2025:03:44:13 +0000] "GET /2/247728/AUTH_7aebe34b89554e87825206ce40aeb2f7/gnocchi.93e9f2d7-0a05-469a-8cd5-74524bd9c296" 200 2 "GET https://[::1]:8080/v1/AUTH_7aebe34b89554e87825206ce40aeb2f7/gnocchi.93e9f2d7-0a05-469a-8cd5-74524bd9c296?format=json&states=listing" "txaf46d61362bc487a85fe5-0068e33b0d" "proxy-server 94957" 0.0026 "-" 93622 0
Oct 05 23:44:13 np0005471485.novalocal proxy-server[94957]: ::1 ::1 06/Oct/2025/03/44/13 GET /v1/AUTH_7aebe34b89554e87825206ce40aeb2f7/gnocchi.93e9f2d7-0a05-469a-8cd5-74524bd9c296%3Fformat%3Djson%26states%3Dlisting HTTP/1.0 200 - python-swiftclient-4.8.0 gAAAAABo4zrI4CaX... - 2 - txaf46d61362bc487a85fe5-0068e33b0d - 0.0157 - - 1759722253.318193913 1759722253.333867788 0 7b03bd18aea8470cbeb747235c58da52
Oct 05 23:44:13 np0005471485.novalocal object-server[93954]: ::1 - - [06/Oct/2025:03:44:13 +0000] "GET /1/119704/AUTH_7aebe34b89554e87825206ce40aeb2f7/gnocchi.93e9f2d7-0a05-469a-8cd5-74524bd9c296/1759320000.0_mean_300.0_v3" 404 70 "GET https://[::1]:8080/v1/AUTH_7aebe34b89554e87825206ce40aeb2f7/gnocchi.93e9f2d7-0a05-469a-8cd5-74524bd9c296/1759320000.0_mean_300.0_v3" "txb18855e534df4be5ac5b0-0068e33b0d" "proxy-server 94957" 0.0003 "-" 93954 0
Oct 05 23:44:13 np0005471485.novalocal object-server[93954]: ::1 - - [06/Oct/2025:03:44:13 +0000] "GET /3/119704/AUTH_7aebe34b89554e87825206ce40aeb2f7/gnocchi.93e9f2d7-0a05-469a-8cd5-74524bd9c296/1759320000.0_mean_300.0_v3" 404 70 "GET https://[::1]:8080/v1/AUTH_7aebe34b89554e87825206ce40aeb2f7/gnocchi.93e9f2d7-0a05-469a-8cd5-74524bd9c296/1759320000.0_mean_300.0_v3" "txb18855e534df4be5ac5b0-0068e33b0d" "proxy-server 94957" 0.0002 "-" 93954 0
Oct 05 23:44:13 np0005471485.novalocal object-server[93954]: ::1 - - [06/Oct/2025:03:44:13 +0000] "GET /2/119704/AUTH_7aebe34b89554e87825206ce40aeb2f7/gnocchi.93e9f2d7-0a05-469a-8cd5-74524bd9c296/1759320000.0_mean_300.0_v3" 404 70 "GET https://[::1]:8080/v1/AUTH_7aebe34b89554e87825206ce40aeb2f7/gnocchi.93e9f2d7-0a05-469a-8cd5-74524bd9c296/1759320000.0_mean_300.0_v3" "txb18855e534df4be5ac5b0-0068e33b0d" "proxy-server 94957" 0.0002 "-" 93954 0
Oct 05 23:44:13 np0005471485.novalocal proxy-server[94957]: ::1 ::1 06/Oct/2025/03/44/13 GET /v1/AUTH_7aebe34b89554e87825206ce40aeb2f7/gnocchi.93e9f2d7-0a05-469a-8cd5-74524bd9c296/1759320000.0_mean_300.0_v3 HTTP/1.0 404 - python-swiftclient-4.8.0 gAAAAABo4zrI4CaX... - 70 - txb18855e534df4be5ac5b0-0068e33b0d - 0.0107 - - 1759722253.337427378 1759722253.348171234 0 7b03bd18aea8470cbeb747235c58da52
Oct 05 23:44:13 np0005471485.novalocal container-server[93622]: ::1 - - [06/Oct/2025:03:44:13 +0000] "PUT /2/247728/AUTH_7aebe34b89554e87825206ce40aeb2f7/gnocchi.93e9f2d7-0a05-469a-8cd5-74524bd9c296/1759320000.0_mean_300.0_v3" 201 - "PUT http://[::1]:8080/1/119704/AUTH_7aebe34b89554e87825206ce40aeb2f7/gnocchi.93e9f2d7-0a05-469a-8cd5-74524bd9c296/1759320000.0_mean_300.0_v3" "tx486485798c59438eae322-0068e33b0d" "object-server 93954" 0.0007 "-" 93622 0
Oct 05 23:44:13 np0005471485.novalocal container-server[93621]: ::1 - - [06/Oct/2025:03:44:13 +0000] "PUT /1/247728/AUTH_7aebe34b89554e87825206ce40aeb2f7/gnocchi.93e9f2d7-0a05-469a-8cd5-74524bd9c296/1759320000.0_mean_300.0_v3" 201 - "PUT http://[::1]:8080/2/119704/AUTH_7aebe34b89554e87825206ce40aeb2f7/gnocchi.93e9f2d7-0a05-469a-8cd5-74524bd9c296/1759320000.0_mean_300.0_v3" "tx486485798c59438eae322-0068e33b0d" "object-server 93954" 0.0007 "-" 93621 0
Oct 05 23:44:13 np0005471485.novalocal object-server[93954]: ::1 - - [06/Oct/2025:03:44:13 +0000] "PUT /1/119704/AUTH_7aebe34b89554e87825206ce40aeb2f7/gnocchi.93e9f2d7-0a05-469a-8cd5-74524bd9c296/1759320000.0_mean_300.0_v3" 201 - "PUT https://[::1]:8080/v1/AUTH_7aebe34b89554e87825206ce40aeb2f7/gnocchi.93e9f2d7-0a05-469a-8cd5-74524bd9c296/1759320000.0_mean_300.0_v3" "tx486485798c59438eae322-0068e33b0d" "proxy-server 94957" 0.0161 "-" 93954 0
Oct 05 23:44:13 np0005471485.novalocal object-server[93954]: ::1 - - [06/Oct/2025:03:44:13 +0000] "PUT /2/119704/AUTH_7aebe34b89554e87825206ce40aeb2f7/gnocchi.93e9f2d7-0a05-469a-8cd5-74524bd9c296/1759320000.0_mean_300.0_v3" 201 - "PUT https://[::1]:8080/v1/AUTH_7aebe34b89554e87825206ce40aeb2f7/gnocchi.93e9f2d7-0a05-469a-8cd5-74524bd9c296/1759320000.0_mean_300.0_v3" "tx486485798c59438eae322-0068e33b0d" "proxy-server 94957" 0.0240 "-" 93954 0
Oct 05 23:44:13 np0005471485.novalocal container-server[93622]: ::1 - - [06/Oct/2025:03:44:13 +0000] "PUT /3/247728/AUTH_7aebe34b89554e87825206ce40aeb2f7/gnocchi.93e9f2d7-0a05-469a-8cd5-74524bd9c296/1759320000.0_mean_300.0_v3" 201 - "PUT http://[::1]:8080/3/119704/AUTH_7aebe34b89554e87825206ce40aeb2f7/gnocchi.93e9f2d7-0a05-469a-8cd5-74524bd9c296/1759320000.0_mean_300.0_v3" "tx486485798c59438eae322-0068e33b0d" "object-server 93954" 0.0006 "-" 93622 0
Oct 05 23:44:13 np0005471485.novalocal object-server[93954]: ::1 - - [06/Oct/2025:03:44:13 +0000] "PUT /3/119704/AUTH_7aebe34b89554e87825206ce40aeb2f7/gnocchi.93e9f2d7-0a05-469a-8cd5-74524bd9c296/1759320000.0_mean_300.0_v3" 201 - "PUT https://[::1]:8080/v1/AUTH_7aebe34b89554e87825206ce40aeb2f7/gnocchi.93e9f2d7-0a05-469a-8cd5-74524bd9c296/1759320000.0_mean_300.0_v3" "tx486485798c59438eae322-0068e33b0d" "proxy-server 94957" 0.0236 "-" 93954 0
Oct 05 23:44:13 np0005471485.novalocal proxy-server[94957]: ::1 ::1 06/Oct/2025/03/44/13 PUT /v1/AUTH_7aebe34b89554e87825206ce40aeb2f7/gnocchi.93e9f2d7-0a05-469a-8cd5-74524bd9c296/1759320000.0_mean_300.0_v3 HTTP/1.0 201 - python-swiftclient-4.8.0 gAAAAABo4zrI4CaX... 16 - - tx486485798c59438eae322-0068e33b0d - 0.0338 - - 1759722253.352254391 1759722253.386048555 0 7b03bd18aea8470cbeb747235c58da52
Oct 05 23:44:13 np0005471485.novalocal container-server[93622]: ::1 - - [06/Oct/2025:03:44:13 +0000] "PUT /3/247728/AUTH_7aebe34b89554e87825206ce40aeb2f7/gnocchi.93e9f2d7-0a05-469a-8cd5-74524bd9c296/none_v3" 201 - "PUT http://[::1]:8080/1/49510/AUTH_7aebe34b89554e87825206ce40aeb2f7/gnocchi.93e9f2d7-0a05-469a-8cd5-74524bd9c296/none_v3" "txcb275ea4beef4ae5bc592-0068e33b0d" "object-server 93954" 0.0008 "-" 93622 0
Oct 05 23:44:13 np0005471485.novalocal object-server[93954]: ::1 - - [06/Oct/2025:03:44:13 +0000] "PUT /1/49510/AUTH_7aebe34b89554e87825206ce40aeb2f7/gnocchi.93e9f2d7-0a05-469a-8cd5-74524bd9c296/none_v3" 201 - "PUT https://[::1]:8080/v1/AUTH_7aebe34b89554e87825206ce40aeb2f7/gnocchi.93e9f2d7-0a05-469a-8cd5-74524bd9c296/none_v3" "txcb275ea4beef4ae5bc592-0068e33b0d" "proxy-server 94957" 0.0108 "-" 93954 0
Oct 05 23:44:13 np0005471485.novalocal container-server[93622]: ::1 - - [06/Oct/2025:03:44:13 +0000] "PUT /1/247728/AUTH_7aebe34b89554e87825206ce40aeb2f7/gnocchi.93e9f2d7-0a05-469a-8cd5-74524bd9c296/none_v3" 201 - "PUT http://[::1]:8080/2/49510/AUTH_7aebe34b89554e87825206ce40aeb2f7/gnocchi.93e9f2d7-0a05-469a-8cd5-74524bd9c296/none_v3" "txcb275ea4beef4ae5bc592-0068e33b0d" "object-server 93954" 0.0003 "-" 93622 0
Oct 05 23:44:13 np0005471485.novalocal object-server[93954]: ::1 - - [06/Oct/2025:03:44:13 +0000] "PUT /2/49510/AUTH_7aebe34b89554e87825206ce40aeb2f7/gnocchi.93e9f2d7-0a05-469a-8cd5-74524bd9c296/none_v3" 201 - "PUT https://[::1]:8080/v1/AUTH_7aebe34b89554e87825206ce40aeb2f7/gnocchi.93e9f2d7-0a05-469a-8cd5-74524bd9c296/none_v3" "txcb275ea4beef4ae5bc592-0068e33b0d" "proxy-server 94957" 0.0146 "-" 93954 0
Oct 05 23:44:13 np0005471485.novalocal container-server[93621]: ::1 - - [06/Oct/2025:03:44:13 +0000] "PUT /2/247728/AUTH_7aebe34b89554e87825206ce40aeb2f7/gnocchi.93e9f2d7-0a05-469a-8cd5-74524bd9c296/none_v3" 201 - "PUT http://[::1]:8080/3/49510/AUTH_7aebe34b89554e87825206ce40aeb2f7/gnocchi.93e9f2d7-0a05-469a-8cd5-74524bd9c296/none_v3" "txcb275ea4beef4ae5bc592-0068e33b0d" "object-server 93955" 0.0010 "-" 93621 0
Oct 05 23:44:13 np0005471485.novalocal object-server[93955]: ::1 - - [06/Oct/2025:03:44:13 +0000] "PUT /3/49510/AUTH_7aebe34b89554e87825206ce40aeb2f7/gnocchi.93e9f2d7-0a05-469a-8cd5-74524bd9c296/none_v3" 201 - "PUT https://[::1]:8080/v1/AUTH_7aebe34b89554e87825206ce40aeb2f7/gnocchi.93e9f2d7-0a05-469a-8cd5-74524bd9c296/none_v3" "txcb275ea4beef4ae5bc592-0068e33b0d" "proxy-server 94957" 0.0171 "-" 93955 0
Oct 05 23:44:13 np0005471485.novalocal proxy-server[94957]: ::1 ::1 06/Oct/2025/03/44/13 PUT /v1/AUTH_7aebe34b89554e87825206ce40aeb2f7/gnocchi.93e9f2d7-0a05-469a-8cd5-74524bd9c296/none_v3 HTTP/1.0 201 - python-swiftclient-4.8.0 gAAAAABo4zrI4CaX... 22 - - txcb275ea4beef4ae5bc592-0068e33b0d - 0.0286 - - 1759722253.389865875 1759722253.418463945 0 7b03bd18aea8470cbeb747235c58da52
Oct 05 23:44:13 np0005471485.novalocal container-server[93621]: ::1 - - [06/Oct/2025:03:44:13 +0000] "HEAD /3/82738/AUTH_7aebe34b89554e87825206ce40aeb2f7/gnocchi.03aeb6d6-5215-42db-83df-6449c091d6a1" 404 - "HEAD http://[::1]:8080/v1/AUTH_7aebe34b89554e87825206ce40aeb2f7/gnocchi.03aeb6d6-5215-42db-83df-6449c091d6a1" "txb399031578f64997a1a71-0068e33b0d" "proxy-server 94957" 0.0004 "-" 93621 0
Oct 05 23:44:13 np0005471485.novalocal container-server[93622]: ::1 - - [06/Oct/2025:03:44:13 +0000] "HEAD /2/82738/AUTH_7aebe34b89554e87825206ce40aeb2f7/gnocchi.03aeb6d6-5215-42db-83df-6449c091d6a1" 404 - "HEAD http://[::1]:8080/v1/AUTH_7aebe34b89554e87825206ce40aeb2f7/gnocchi.03aeb6d6-5215-42db-83df-6449c091d6a1" "txb399031578f64997a1a71-0068e33b0d" "proxy-server 94957" 0.0004 "-" 93622 0
Oct 05 23:44:13 np0005471485.novalocal container-server[93621]: ::1 - - [06/Oct/2025:03:44:13 +0000] "HEAD /1/82738/AUTH_7aebe34b89554e87825206ce40aeb2f7/gnocchi.03aeb6d6-5215-42db-83df-6449c091d6a1" 404 - "HEAD http://[::1]:8080/v1/AUTH_7aebe34b89554e87825206ce40aeb2f7/gnocchi.03aeb6d6-5215-42db-83df-6449c091d6a1" "txb399031578f64997a1a71-0068e33b0d" "proxy-server 94957" 0.0004 "-" 93621 0
Oct 05 23:44:13 np0005471485.novalocal proxy-server[94957]: - - 06/Oct/2025/03/44/13 HEAD /v1/AUTH_7aebe34b89554e87825206ce40aeb2f7/gnocchi.03aeb6d6-5215-42db-83df-6449c091d6a1 HTTP/1.0 404 - Swift - - - - txb399031578f64997a1a71-0068e33b0d - 0.0118 CS - 1759722253.436597347 1759722253.448389053 0 -
Oct 05 23:44:13 np0005471485.novalocal object-server[93954]: ::1 - - [06/Oct/2025:03:44:13 +0000] "GET /2/159544/AUTH_7aebe34b89554e87825206ce40aeb2f7/gnocchi.03aeb6d6-5215-42db-83df-6449c091d6a1/none_v3" 404 70 "GET https://[::1]:8080/v1/AUTH_7aebe34b89554e87825206ce40aeb2f7/gnocchi.03aeb6d6-5215-42db-83df-6449c091d6a1/none_v3" "txb399031578f64997a1a71-0068e33b0d" "proxy-server 94957" 0.0004 "-" 93954 0
Oct 05 23:44:13 np0005471485.novalocal object-server[93954]: ::1 - - [06/Oct/2025:03:44:13 +0000] "GET /1/159544/AUTH_7aebe34b89554e87825206ce40aeb2f7/gnocchi.03aeb6d6-5215-42db-83df-6449c091d6a1/none_v3" 404 70 "GET https://[::1]:8080/v1/AUTH_7aebe34b89554e87825206ce40aeb2f7/gnocchi.03aeb6d6-5215-42db-83df-6449c091d6a1/none_v3" "txb399031578f64997a1a71-0068e33b0d" "proxy-server 94957" 0.0002 "-" 93954 0
Oct 05 23:44:13 np0005471485.novalocal object-server[93955]: ::1 - - [06/Oct/2025:03:44:13 +0000] "GET /3/159544/AUTH_7aebe34b89554e87825206ce40aeb2f7/gnocchi.03aeb6d6-5215-42db-83df-6449c091d6a1/none_v3" 404 70 "GET https://[::1]:8080/v1/AUTH_7aebe34b89554e87825206ce40aeb2f7/gnocchi.03aeb6d6-5215-42db-83df-6449c091d6a1/none_v3" "txb399031578f64997a1a71-0068e33b0d" "proxy-server 94957" 0.0003 "-" 93955 0
Oct 05 23:44:13 np0005471485.novalocal proxy-server[94957]: ::1 ::1 06/Oct/2025/03/44/13 GET /v1/AUTH_7aebe34b89554e87825206ce40aeb2f7/gnocchi.03aeb6d6-5215-42db-83df-6449c091d6a1/none_v3 HTTP/1.0 404 - python-swiftclient-4.8.0 gAAAAABo4zrI4CaX... - 70 - txb399031578f64997a1a71-0068e33b0d - 0.0265 - - 1759722253.435712337 1759722253.462174416 0 7b03bd18aea8470cbeb747235c58da52
Oct 05 23:44:13 np0005471485.novalocal account-server[93328]: ::1 - - [06/Oct/2025:03:44:13 +0000] "PUT /2/145150/AUTH_7aebe34b89554e87825206ce40aeb2f7/gnocchi.03aeb6d6-5215-42db-83df-6449c091d6a1" 201 - "PUT http://[::1]:6001/3/82738/AUTH_7aebe34b89554e87825206ce40aeb2f7/gnocchi.03aeb6d6-5215-42db-83df-6449c091d6a1" "txcbd2110f300f424cb78d2-0068e33b0d" "container-server 93621" 0.0052 "-" 93328 0
Oct 05 23:44:13 np0005471485.novalocal container-server[93621]: ::1 - - [06/Oct/2025:03:44:13 +0000] "PUT /3/82738/AUTH_7aebe34b89554e87825206ce40aeb2f7/gnocchi.03aeb6d6-5215-42db-83df-6449c091d6a1" 201 - "PUT https://[::1]:8080/v1/AUTH_7aebe34b89554e87825206ce40aeb2f7/gnocchi.03aeb6d6-5215-42db-83df-6449c091d6a1" "txcbd2110f300f424cb78d2-0068e33b0d" "proxy-server 94957" 0.0128 "-" 93621 0
Oct 05 23:44:13 np0005471485.novalocal account-server[93329]: ::1 - - [06/Oct/2025:03:44:13 +0000] "PUT /1/145150/AUTH_7aebe34b89554e87825206ce40aeb2f7/gnocchi.03aeb6d6-5215-42db-83df-6449c091d6a1" 201 - "PUT http://[::1]:6001/2/82738/AUTH_7aebe34b89554e87825206ce40aeb2f7/gnocchi.03aeb6d6-5215-42db-83df-6449c091d6a1" "txcbd2110f300f424cb78d2-0068e33b0d" "container-server 93622" 0.0053 "-" 93329 0
Oct 05 23:44:13 np0005471485.novalocal container-server[93622]: ::1 - - [06/Oct/2025:03:44:13 +0000] "PUT /2/82738/AUTH_7aebe34b89554e87825206ce40aeb2f7/gnocchi.03aeb6d6-5215-42db-83df-6449c091d6a1" 201 - "PUT https://[::1]:8080/v1/AUTH_7aebe34b89554e87825206ce40aeb2f7/gnocchi.03aeb6d6-5215-42db-83df-6449c091d6a1" "txcbd2110f300f424cb78d2-0068e33b0d" "proxy-server 94957" 0.0202 "-" 93622 0
Oct 05 23:44:13 np0005471485.novalocal account-server[93328]: ::1 - - [06/Oct/2025:03:44:13 +0000] "PUT /3/145150/AUTH_7aebe34b89554e87825206ce40aeb2f7/gnocchi.03aeb6d6-5215-42db-83df-6449c091d6a1" 201 - "PUT http://[::1]:6001/1/82738/AUTH_7aebe34b89554e87825206ce40aeb2f7/gnocchi.03aeb6d6-5215-42db-83df-6449c091d6a1" "txcbd2110f300f424cb78d2-0068e33b0d" "container-server 93622" 0.0076 "-" 93328 0
Oct 05 23:44:13 np0005471485.novalocal container-server[93622]: ::1 - - [06/Oct/2025:03:44:13 +0000] "PUT /1/82738/AUTH_7aebe34b89554e87825206ce40aeb2f7/gnocchi.03aeb6d6-5215-42db-83df-6449c091d6a1" 201 - "PUT https://[::1]:8080/v1/AUTH_7aebe34b89554e87825206ce40aeb2f7/gnocchi.03aeb6d6-5215-42db-83df-6449c091d6a1" "txcbd2110f300f424cb78d2-0068e33b0d" "proxy-server 94957" 0.0191 "-" 93622 0
Oct 05 23:44:13 np0005471485.novalocal proxy-server[94957]: ::1 ::1 06/Oct/2025/03/44/13 PUT /v1/AUTH_7aebe34b89554e87825206ce40aeb2f7/gnocchi.03aeb6d6-5215-42db-83df-6449c091d6a1 HTTP/1.0 201 - python-swiftclient-4.8.0 gAAAAABo4zrI4CaX... - - - txcbd2110f300f424cb78d2-0068e33b0d - 0.0356 - - 1759722253.466805458 1759722253.502449751 0 7b03bd18aea8470cbeb747235c58da52
Oct 05 23:44:13 np0005471485.novalocal container-server[93622]: ::1 - - [06/Oct/2025:03:44:13 +0000] "HEAD /3/82738/AUTH_7aebe34b89554e87825206ce40aeb2f7/gnocchi.03aeb6d6-5215-42db-83df-6449c091d6a1" 204 - "HEAD http://[::1]:8080/v1/AUTH_7aebe34b89554e87825206ce40aeb2f7/gnocchi.03aeb6d6-5215-42db-83df-6449c091d6a1" "tx7f35ec39e3234dae9e05f-0068e33b0d" "proxy-server 94957" 0.0016 "-" 93622 0
Oct 05 23:44:13 np0005471485.novalocal proxy-server[94957]: - - 06/Oct/2025/03/44/13 HEAD /v1/AUTH_7aebe34b89554e87825206ce40aeb2f7/gnocchi.03aeb6d6-5215-42db-83df-6449c091d6a1 HTTP/1.0 204 - Swift - - - - tx7f35ec39e3234dae9e05f-0068e33b0d - 0.0056 CS - 1759722253.507773638 1759722253.513404369 0 -
Oct 05 23:44:13 np0005471485.novalocal container-server[93621]: ::1 - - [06/Oct/2025:03:44:13 +0000] "GET /1/82738/AUTH_7aebe34b89554e87825206ce40aeb2f7/gnocchi.03aeb6d6-5215-42db-83df-6449c091d6a1" 200 2 "GET https://[::1]:8080/v1/AUTH_7aebe34b89554e87825206ce40aeb2f7/gnocchi.03aeb6d6-5215-42db-83df-6449c091d6a1?format=json&states=listing" "tx7f35ec39e3234dae9e05f-0068e33b0d" "proxy-server 94957" 0.0035 "-" 93621 0
Oct 05 23:44:13 np0005471485.novalocal proxy-server[94957]: ::1 ::1 06/Oct/2025/03/44/13 GET /v1/AUTH_7aebe34b89554e87825206ce40aeb2f7/gnocchi.03aeb6d6-5215-42db-83df-6449c091d6a1%3Fformat%3Djson%26states%3Dlisting HTTP/1.0 200 - python-swiftclient-4.8.0 gAAAAABo4zrI4CaX... - 2 - tx7f35ec39e3234dae9e05f-0068e33b0d - 0.0200 - - 1759722253.507025957 1759722253.527060509 0 7b03bd18aea8470cbeb747235c58da52
Oct 05 23:44:13 np0005471485.novalocal object-server[93955]: ::1 - - [06/Oct/2025:03:44:13 +0000] "GET /2/208747/AUTH_7aebe34b89554e87825206ce40aeb2f7/gnocchi.03aeb6d6-5215-42db-83df-6449c091d6a1/1759320000.0_mean_300.0_v3" 404 70 "GET https://[::1]:8080/v1/AUTH_7aebe34b89554e87825206ce40aeb2f7/gnocchi.03aeb6d6-5215-42db-83df-6449c091d6a1/1759320000.0_mean_300.0_v3" "tx0906017ed51e4e2db921c-0068e33b0d" "proxy-server 94957" 0.0003 "-" 93955 0
Oct 05 23:44:13 np0005471485.novalocal object-server[93955]: ::1 - - [06/Oct/2025:03:44:13 +0000] "GET /3/208747/AUTH_7aebe34b89554e87825206ce40aeb2f7/gnocchi.03aeb6d6-5215-42db-83df-6449c091d6a1/1759320000.0_mean_300.0_v3" 404 70 "GET https://[::1]:8080/v1/AUTH_7aebe34b89554e87825206ce40aeb2f7/gnocchi.03aeb6d6-5215-42db-83df-6449c091d6a1/1759320000.0_mean_300.0_v3" "tx0906017ed51e4e2db921c-0068e33b0d" "proxy-server 94957" 0.0003 "-" 93955 0
Oct 05 23:44:13 np0005471485.novalocal object-server[93954]: ::1 - - [06/Oct/2025:03:44:13 +0000] "GET /1/208747/AUTH_7aebe34b89554e87825206ce40aeb2f7/gnocchi.03aeb6d6-5215-42db-83df-6449c091d6a1/1759320000.0_mean_300.0_v3" 404 70 "GET https://[::1]:8080/v1/AUTH_7aebe34b89554e87825206ce40aeb2f7/gnocchi.03aeb6d6-5215-42db-83df-6449c091d6a1/1759320000.0_mean_300.0_v3" "tx0906017ed51e4e2db921c-0068e33b0d" "proxy-server 94957" 0.0012 "-" 93954 0
Oct 05 23:44:13 np0005471485.novalocal proxy-server[94957]: ::1 ::1 06/Oct/2025/03/44/13 GET /v1/AUTH_7aebe34b89554e87825206ce40aeb2f7/gnocchi.03aeb6d6-5215-42db-83df-6449c091d6a1/1759320000.0_mean_300.0_v3 HTTP/1.0 404 - python-swiftclient-4.8.0 gAAAAABo4zrI4CaX... - 70 - tx0906017ed51e4e2db921c-0068e33b0d - 0.0131 - - 1759722253.530432463 1759722253.543533325 0 7b03bd18aea8470cbeb747235c58da52
