Oct 05 23:43:56 np0005471485.novalocal account-server[93328]: ::1 - - [06/Oct/2025:03:43:56 +0000] "PUT /2/145150/AUTH_7aebe34b89554e87825206ce40aeb2f7/gnocchi.24678e97-0224-4cea-9109-621677280207" 201 - "-" "-" "container-updater 92792" 0.0008 "-" 93328 0
Oct 05 23:43:56 np0005471485.novalocal container-server[93622]: ::1 - - [06/Oct/2025:03:43:56 +0000] "PUT /3/43365/AUTH_7aebe34b89554e87825206ce40aeb2f7/gnocchi.b178ae85-0ae5-47cb-86d6-199154bf77a0/1759320000.0_mean_300.0_v3" 201 - "PUT http://[::1]:8080/1/240785/AUTH_7aebe34b89554e87825206ce40aeb2f7/gnocchi.b178ae85-0ae5-47cb-86d6-199154bf77a0/1759320000.0_mean_300.0_v3" "txc462d9ba5e5e4217b5484-0068e33afc" "object-server 93954" 0.0006 "-" 93622 0
Oct 05 23:43:56 np0005471485.novalocal object-server[93954]: ::1 - - [06/Oct/2025:03:43:56 +0000] "PUT /1/240785/AUTH_7aebe34b89554e87825206ce40aeb2f7/gnocchi.b178ae85-0ae5-47cb-86d6-199154bf77a0/1759320000.0_mean_300.0_v3" 201 - "PUT https://[::1]:8080/v1/AUTH_7aebe34b89554e87825206ce40aeb2f7/gnocchi.b178ae85-0ae5-47cb-86d6-199154bf77a0/1759320000.0_mean_300.0_v3" "txc462d9ba5e5e4217b5484-0068e33afc" "proxy-server 94957" 0.0113 "-" 93954 0
Oct 05 23:43:56 np0005471485.novalocal container-server[93622]: ::1 - - [06/Oct/2025:03:43:56 +0000] "PUT /2/43365/AUTH_7aebe34b89554e87825206ce40aeb2f7/gnocchi.b178ae85-0ae5-47cb-86d6-199154bf77a0/1759320000.0_mean_300.0_v3" 201 - "PUT http://[::1]:8080/3/240785/AUTH_7aebe34b89554e87825206ce40aeb2f7/gnocchi.b178ae85-0ae5-47cb-86d6-199154bf77a0/1759320000.0_mean_300.0_v3" "txc462d9ba5e5e4217b5484-0068e33afc" "object-server 93955" 0.0006 "-" 93622 0
Oct 05 23:43:56 np0005471485.novalocal object-server[93955]: ::1 - - [06/Oct/2025:03:43:56 +0000] "PUT /3/240785/AUTH_7aebe34b89554e87825206ce40aeb2f7/gnocchi.b178ae85-0ae5-47cb-86d6-199154bf77a0/1759320000.0_mean_300.0_v3" 201 - "PUT https://[::1]:8080/v1/AUTH_7aebe34b89554e87825206ce40aeb2f7/gnocchi.b178ae85-0ae5-47cb-86d6-199154bf77a0/1759320000.0_mean_300.0_v3" "txc462d9ba5e5e4217b5484-0068e33afc" "proxy-server 94957" 0.0110 "-" 93955 0
Oct 05 23:43:56 np0005471485.novalocal container-server[93622]: ::1 - - [06/Oct/2025:03:43:56 +0000] "PUT /1/43365/AUTH_7aebe34b89554e87825206ce40aeb2f7/gnocchi.b178ae85-0ae5-47cb-86d6-199154bf77a0/1759320000.0_mean_300.0_v3" 201 - "PUT http://[::1]:8080/2/240785/AUTH_7aebe34b89554e87825206ce40aeb2f7/gnocchi.b178ae85-0ae5-47cb-86d6-199154bf77a0/1759320000.0_mean_300.0_v3" "txc462d9ba5e5e4217b5484-0068e33afc" "object-server 93955" 0.0009 "-" 93622 0
Oct 05 23:43:56 np0005471485.novalocal object-server[93955]: ::1 - - [06/Oct/2025:03:43:56 +0000] "PUT /2/240785/AUTH_7aebe34b89554e87825206ce40aeb2f7/gnocchi.b178ae85-0ae5-47cb-86d6-199154bf77a0/1759320000.0_mean_300.0_v3" 201 - "PUT https://[::1]:8080/v1/AUTH_7aebe34b89554e87825206ce40aeb2f7/gnocchi.b178ae85-0ae5-47cb-86d6-199154bf77a0/1759320000.0_mean_300.0_v3" "txc462d9ba5e5e4217b5484-0068e33afc" "proxy-server 94957" 0.0149 "-" 93955 0
Oct 05 23:43:56 np0005471485.novalocal proxy-server[94957]: ::1 ::1 06/Oct/2025/03/43/56 PUT /v1/AUTH_7aebe34b89554e87825206ce40aeb2f7/gnocchi.b178ae85-0ae5-47cb-86d6-199154bf77a0/1759320000.0_mean_300.0_v3 HTTP/1.0 201 - python-swiftclient-4.8.0 gAAAAABo4zrG_lV4... 16 - - txc462d9ba5e5e4217b5484-0068e33afc - 0.0264 - - 1759722236.755883455 1759722236.782244682 0 7b03bd18aea8470cbeb747235c58da52
Oct 05 23:43:56 np0005471485.novalocal container-server[93622]: ::1 - - [06/Oct/2025:03:43:56 +0000] "PUT /3/39505/AUTH_7aebe34b89554e87825206ce40aeb2f7/gnocchi.6ab14177-eba4-4ffe-9ce4-bb2fc1a846a0/none_v3" 201 - "PUT http://[::1]:8080/1/162159/AUTH_7aebe34b89554e87825206ce40aeb2f7/gnocchi.6ab14177-eba4-4ffe-9ce4-bb2fc1a846a0/none_v3" "tx88c208d725094d2b97e39-0068e33afc" "object-server 93954" 0.0005 "-" 93622 0
Oct 05 23:43:56 np0005471485.novalocal container-server[93621]: ::1 - - [06/Oct/2025:03:43:56 +0000] "PUT /1/39505/AUTH_7aebe34b89554e87825206ce40aeb2f7/gnocchi.6ab14177-eba4-4ffe-9ce4-bb2fc1a846a0/none_v3" 201 - "PUT http://[::1]:8080/2/162159/AUTH_7aebe34b89554e87825206ce40aeb2f7/gnocchi.6ab14177-eba4-4ffe-9ce4-bb2fc1a846a0/none_v3" "tx88c208d725094d2b97e39-0068e33afc" "object-server 93955" 0.0005 "-" 93621 0
Oct 05 23:43:56 np0005471485.novalocal object-server[93954]: ::1 - - [06/Oct/2025:03:43:56 +0000] "PUT /1/162159/AUTH_7aebe34b89554e87825206ce40aeb2f7/gnocchi.6ab14177-eba4-4ffe-9ce4-bb2fc1a846a0/none_v3" 201 - "PUT https://[::1]:8080/v1/AUTH_7aebe34b89554e87825206ce40aeb2f7/gnocchi.6ab14177-eba4-4ffe-9ce4-bb2fc1a846a0/none_v3" "tx88c208d725094d2b97e39-0068e33afc" "proxy-server 94957" 0.0132 "-" 93954 0
Oct 05 23:43:56 np0005471485.novalocal object-server[93955]: ::1 - - [06/Oct/2025:03:43:56 +0000] "PUT /2/162159/AUTH_7aebe34b89554e87825206ce40aeb2f7/gnocchi.6ab14177-eba4-4ffe-9ce4-bb2fc1a846a0/none_v3" 201 - "PUT https://[::1]:8080/v1/AUTH_7aebe34b89554e87825206ce40aeb2f7/gnocchi.6ab14177-eba4-4ffe-9ce4-bb2fc1a846a0/none_v3" "tx88c208d725094d2b97e39-0068e33afc" "proxy-server 94957" 0.0138 "-" 93955 0
Oct 05 23:43:56 np0005471485.novalocal container-server[93622]: ::1 - - [06/Oct/2025:03:43:56 +0000] "PUT /2/39505/AUTH_7aebe34b89554e87825206ce40aeb2f7/gnocchi.6ab14177-eba4-4ffe-9ce4-bb2fc1a846a0/none_v3" 201 - "PUT http://[::1]:8080/3/162159/AUTH_7aebe34b89554e87825206ce40aeb2f7/gnocchi.6ab14177-eba4-4ffe-9ce4-bb2fc1a846a0/none_v3" "tx88c208d725094d2b97e39-0068e33afc" "object-server 93955" 0.0005 "-" 93622 0
Oct 05 23:43:56 np0005471485.novalocal object-server[93955]: ::1 - - [06/Oct/2025:03:43:56 +0000] "PUT /3/162159/AUTH_7aebe34b89554e87825206ce40aeb2f7/gnocchi.6ab14177-eba4-4ffe-9ce4-bb2fc1a846a0/none_v3" 201 - "PUT https://[::1]:8080/v1/AUTH_7aebe34b89554e87825206ce40aeb2f7/gnocchi.6ab14177-eba4-4ffe-9ce4-bb2fc1a846a0/none_v3" "tx88c208d725094d2b97e39-0068e33afc" "proxy-server 94957" 0.0177 "-" 93955 0
Oct 05 23:43:56 np0005471485.novalocal proxy-server[94957]: ::1 ::1 06/Oct/2025/03/43/56 PUT /v1/AUTH_7aebe34b89554e87825206ce40aeb2f7/gnocchi.6ab14177-eba4-4ffe-9ce4-bb2fc1a846a0/none_v3 HTTP/1.0 201 - python-swiftclient-4.8.0 gAAAAABo4zrG_lV4... 22 - - tx88c208d725094d2b97e39-0068e33afc - 0.0304 - - 1759722236.787202597 1759722236.817622423 0 7b03bd18aea8470cbeb747235c58da52
Oct 05 23:43:56 np0005471485.novalocal container-server[93621]: ::1 - - [06/Oct/2025:03:43:56 +0000] "PUT /1/43365/AUTH_7aebe34b89554e87825206ce40aeb2f7/gnocchi.b178ae85-0ae5-47cb-86d6-199154bf77a0/none_v3" 201 - "PUT http://[::1]:8080/1/19268/AUTH_7aebe34b89554e87825206ce40aeb2f7/gnocchi.b178ae85-0ae5-47cb-86d6-199154bf77a0/none_v3" "txfb88d1960bd74cce860a5-0068e33afc" "object-server 93954" 0.0004 "-" 93621 0
Oct 05 23:43:56 np0005471485.novalocal container-server[93621]: ::1 - - [06/Oct/2025:03:43:56 +0000] "PUT /2/43365/AUTH_7aebe34b89554e87825206ce40aeb2f7/gnocchi.b178ae85-0ae5-47cb-86d6-199154bf77a0/none_v3" 201 - "PUT http://[::1]:8080/3/19268/AUTH_7aebe34b89554e87825206ce40aeb2f7/gnocchi.b178ae85-0ae5-47cb-86d6-199154bf77a0/none_v3" "txfb88d1960bd74cce860a5-0068e33afc" "object-server 93955" 0.0003 "-" 93621 0
Oct 05 23:43:56 np0005471485.novalocal object-server[93954]: ::1 - - [06/Oct/2025:03:43:56 +0000] "PUT /1/19268/AUTH_7aebe34b89554e87825206ce40aeb2f7/gnocchi.b178ae85-0ae5-47cb-86d6-199154bf77a0/none_v3" 201 - "PUT https://[::1]:8080/v1/AUTH_7aebe34b89554e87825206ce40aeb2f7/gnocchi.b178ae85-0ae5-47cb-86d6-199154bf77a0/none_v3" "txfb88d1960bd74cce860a5-0068e33afc" "proxy-server 94957" 0.0145 "-" 93954 0
Oct 05 23:43:56 np0005471485.novalocal container-server[93621]: ::1 - - [06/Oct/2025:03:43:56 +0000] "PUT /3/43365/AUTH_7aebe34b89554e87825206ce40aeb2f7/gnocchi.b178ae85-0ae5-47cb-86d6-199154bf77a0/none_v3" 201 - "PUT http://[::1]:8080/2/19268/AUTH_7aebe34b89554e87825206ce40aeb2f7/gnocchi.b178ae85-0ae5-47cb-86d6-199154bf77a0/none_v3" "txfb88d1960bd74cce860a5-0068e33afc" "object-server 93954" 0.0003 "-" 93621 0
Oct 05 23:43:56 np0005471485.novalocal object-server[93954]: ::1 - - [06/Oct/2025:03:43:56 +0000] "PUT /2/19268/AUTH_7aebe34b89554e87825206ce40aeb2f7/gnocchi.b178ae85-0ae5-47cb-86d6-199154bf77a0/none_v3" 201 - "PUT https://[::1]:8080/v1/AUTH_7aebe34b89554e87825206ce40aeb2f7/gnocchi.b178ae85-0ae5-47cb-86d6-199154bf77a0/none_v3" "txfb88d1960bd74cce860a5-0068e33afc" "proxy-server 94957" 0.0143 "-" 93954 0
Oct 05 23:43:56 np0005471485.novalocal account-server[93329]: ::1 - - [06/Oct/2025:03:43:56 +0000] "PUT /2/145150/AUTH_7aebe34b89554e87825206ce40aeb2f7/gnocchi.72fc4685-7c6d-41d8-9be0-ccdf89e76377" 201 - "-" "-" "container-updater 92792" 0.0004 "-" 93329 0
Oct 05 23:43:56 np0005471485.novalocal object-server[93955]: ::1 - - [06/Oct/2025:03:43:56 +0000] "PUT /3/19268/AUTH_7aebe34b89554e87825206ce40aeb2f7/gnocchi.b178ae85-0ae5-47cb-86d6-199154bf77a0/none_v3" 201 - "PUT https://[::1]:8080/v1/AUTH_7aebe34b89554e87825206ce40aeb2f7/gnocchi.b178ae85-0ae5-47cb-86d6-199154bf77a0/none_v3" "txfb88d1960bd74cce860a5-0068e33afc" "proxy-server 94957" 0.0179 "-" 93955 0
Oct 05 23:43:56 np0005471485.novalocal account-server[93328]: ::1 - - [06/Oct/2025:03:43:56 +0000] "PUT /3/145150/AUTH_7aebe34b89554e87825206ce40aeb2f7/gnocchi.72fc4685-7c6d-41d8-9be0-ccdf89e76377" 201 - "-" "-" "container-updater 92792" 0.0010 "-" 93328 0
Oct 05 23:43:56 np0005471485.novalocal proxy-server[94957]: ::1 ::1 06/Oct/2025/03/43/56 PUT /v1/AUTH_7aebe34b89554e87825206ce40aeb2f7/gnocchi.b178ae85-0ae5-47cb-86d6-199154bf77a0/none_v3 HTTP/1.0 201 - python-swiftclient-4.8.0 gAAAAABo4zrG_lV4... 22 - - txfb88d1960bd74cce860a5-0068e33afc - 0.0332 - - 1759722236.821092367 1759722236.854268789 0 7b03bd18aea8470cbeb747235c58da52
Oct 05 23:43:56 np0005471485.novalocal account-server[93328]: ::1 - - [06/Oct/2025:03:43:56 +0000] "PUT /1/145150/AUTH_7aebe34b89554e87825206ce40aeb2f7/gnocchi.72fc4685-7c6d-41d8-9be0-ccdf89e76377" 201 - "-" "-" "container-updater 92792" 0.0021 "-" 93328 0
Oct 05 23:43:56 np0005471485.novalocal container-server[93622]: ::1 - - [06/Oct/2025:03:43:56 +0000] "HEAD /3/140208/AUTH_7aebe34b89554e87825206ce40aeb2f7/gnocchi.46408299-7fc2-4fa5-9750-41c41ca243a1" 404 - "HEAD http://[::1]:8080/v1/AUTH_7aebe34b89554e87825206ce40aeb2f7/gnocchi.46408299-7fc2-4fa5-9750-41c41ca243a1" "tx9c053fac381e4504a6e15-0068e33afc" "proxy-server 94957" 0.0004 "-" 93622 0
Oct 05 23:43:56 np0005471485.novalocal container-server[93622]: ::1 - - [06/Oct/2025:03:43:56 +0000] "HEAD /2/140208/AUTH_7aebe34b89554e87825206ce40aeb2f7/gnocchi.46408299-7fc2-4fa5-9750-41c41ca243a1" 404 - "HEAD http://[::1]:8080/v1/AUTH_7aebe34b89554e87825206ce40aeb2f7/gnocchi.46408299-7fc2-4fa5-9750-41c41ca243a1" "tx9c053fac381e4504a6e15-0068e33afc" "proxy-server 94957" 0.0002 "-" 93622 0
Oct 05 23:43:56 np0005471485.novalocal container-server[93622]: ::1 - - [06/Oct/2025:03:43:56 +0000] "HEAD /1/140208/AUTH_7aebe34b89554e87825206ce40aeb2f7/gnocchi.46408299-7fc2-4fa5-9750-41c41ca243a1" 404 - "HEAD http://[::1]:8080/v1/AUTH_7aebe34b89554e87825206ce40aeb2f7/gnocchi.46408299-7fc2-4fa5-9750-41c41ca243a1" "tx9c053fac381e4504a6e15-0068e33afc" "proxy-server 94957" 0.0003 "-" 93622 0
Oct 05 23:43:56 np0005471485.novalocal proxy-server[94957]: - - 06/Oct/2025/03/43/56 HEAD /v1/AUTH_7aebe34b89554e87825206ce40aeb2f7/gnocchi.46408299-7fc2-4fa5-9750-41c41ca243a1 HTTP/1.0 404 - Swift - - - - tx9c053fac381e4504a6e15-0068e33afc - 0.0129 CS - 1759722236.869307280 1759722236.882247210 0 -
Oct 05 23:43:56 np0005471485.novalocal object-server[93954]: ::1 - - [06/Oct/2025:03:43:56 +0000] "GET /1/241588/AUTH_7aebe34b89554e87825206ce40aeb2f7/gnocchi.46408299-7fc2-4fa5-9750-41c41ca243a1/none_v3" 404 70 "GET https://[::1]:8080/v1/AUTH_7aebe34b89554e87825206ce40aeb2f7/gnocchi.46408299-7fc2-4fa5-9750-41c41ca243a1/none_v3" "tx9c053fac381e4504a6e15-0068e33afc" "proxy-server 94957" 0.0005 "-" 93954 0
Oct 05 23:43:56 np0005471485.novalocal object-server[93955]: ::1 - - [06/Oct/2025:03:43:56 +0000] "GET /2/241588/AUTH_7aebe34b89554e87825206ce40aeb2f7/gnocchi.46408299-7fc2-4fa5-9750-41c41ca243a1/none_v3" 404 70 "GET https://[::1]:8080/v1/AUTH_7aebe34b89554e87825206ce40aeb2f7/gnocchi.46408299-7fc2-4fa5-9750-41c41ca243a1/none_v3" "tx9c053fac381e4504a6e15-0068e33afc" "proxy-server 94957" 0.0005 "-" 93955 0
Oct 05 23:43:56 np0005471485.novalocal object-server[93955]: ::1 - - [06/Oct/2025:03:43:56 +0000] "GET /3/241588/AUTH_7aebe34b89554e87825206ce40aeb2f7/gnocchi.46408299-7fc2-4fa5-9750-41c41ca243a1/none_v3" 404 70 "GET https://[::1]:8080/v1/AUTH_7aebe34b89554e87825206ce40aeb2f7/gnocchi.46408299-7fc2-4fa5-9750-41c41ca243a1/none_v3" "tx9c053fac381e4504a6e15-0068e33afc" "proxy-server 94957" 0.0004 "-" 93955 0
Oct 05 23:43:56 np0005471485.novalocal proxy-server[94957]: ::1 ::1 06/Oct/2025/03/43/56 GET /v1/AUTH_7aebe34b89554e87825206ce40aeb2f7/gnocchi.46408299-7fc2-4fa5-9750-41c41ca243a1/none_v3 HTTP/1.0 404 - python-swiftclient-4.8.0 gAAAAABo4zrG_lV4... - 70 - tx9c053fac381e4504a6e15-0068e33afc - 0.0282 - - 1759722236.868380785 1759722236.896550655 0 7b03bd18aea8470cbeb747235c58da52
Oct 05 23:43:56 np0005471485.novalocal account-server[93329]: ::1 - - [06/Oct/2025:03:43:56 +0000] "PUT /1/145150/AUTH_7aebe34b89554e87825206ce40aeb2f7/gnocchi.46408299-7fc2-4fa5-9750-41c41ca243a1" 201 - "PUT http://[::1]:6001/3/140208/AUTH_7aebe34b89554e87825206ce40aeb2f7/gnocchi.46408299-7fc2-4fa5-9750-41c41ca243a1" "tx6695eb344b104b149e9cf-0068e33afc" "container-server 93621" 0.0113 "-" 93329 0
Oct 05 23:43:56 np0005471485.novalocal container-server[93621]: ::1 - - [06/Oct/2025:03:43:56 +0000] "PUT /3/140208/AUTH_7aebe34b89554e87825206ce40aeb2f7/gnocchi.46408299-7fc2-4fa5-9750-41c41ca243a1" 201 - "PUT https://[::1]:8080/v1/AUTH_7aebe34b89554e87825206ce40aeb2f7/gnocchi.46408299-7fc2-4fa5-9750-41c41ca243a1" "tx6695eb344b104b149e9cf-0068e33afc" "proxy-server 94957" 0.0221 "-" 93621 0
Oct 05 23:43:56 np0005471485.novalocal account-server[93328]: ::1 - - [06/Oct/2025:03:43:56 +0000] "PUT /3/145150/AUTH_7aebe34b89554e87825206ce40aeb2f7/gnocchi.46408299-7fc2-4fa5-9750-41c41ca243a1" 201 - "PUT http://[::1]:6001/1/140208/AUTH_7aebe34b89554e87825206ce40aeb2f7/gnocchi.46408299-7fc2-4fa5-9750-41c41ca243a1" "tx6695eb344b104b149e9cf-0068e33afc" "container-server 93622" 0.0103 "-" 93328 0
Oct 05 23:43:56 np0005471485.novalocal container-server[93622]: ::1 - - [06/Oct/2025:03:43:56 +0000] "PUT /1/140208/AUTH_7aebe34b89554e87825206ce40aeb2f7/gnocchi.46408299-7fc2-4fa5-9750-41c41ca243a1" 201 - "PUT https://[::1]:8080/v1/AUTH_7aebe34b89554e87825206ce40aeb2f7/gnocchi.46408299-7fc2-4fa5-9750-41c41ca243a1" "tx6695eb344b104b149e9cf-0068e33afc" "proxy-server 94957" 0.0252 "-" 93622 0
Oct 05 23:43:56 np0005471485.novalocal account-server[93328]: ::1 - - [06/Oct/2025:03:43:56 +0000] "PUT /2/145150/AUTH_7aebe34b89554e87825206ce40aeb2f7/gnocchi.46408299-7fc2-4fa5-9750-41c41ca243a1" 201 - "PUT http://[::1]:6001/2/140208/AUTH_7aebe34b89554e87825206ce40aeb2f7/gnocchi.46408299-7fc2-4fa5-9750-41c41ca243a1" "tx6695eb344b104b149e9cf-0068e33afc" "container-server 93621" 0.0045 "-" 93328 0
Oct 05 23:43:56 np0005471485.novalocal container-server[93621]: ::1 - - [06/Oct/2025:03:43:56 +0000] "PUT /2/140208/AUTH_7aebe34b89554e87825206ce40aeb2f7/gnocchi.46408299-7fc2-4fa5-9750-41c41ca243a1" 201 - "PUT https://[::1]:8080/v1/AUTH_7aebe34b89554e87825206ce40aeb2f7/gnocchi.46408299-7fc2-4fa5-9750-41c41ca243a1" "tx6695eb344b104b149e9cf-0068e33afc" "proxy-server 94957" 0.0218 "-" 93621 0
Oct 05 23:43:56 np0005471485.novalocal proxy-server[94957]: ::1 ::1 06/Oct/2025/03/43/56 PUT /v1/AUTH_7aebe34b89554e87825206ce40aeb2f7/gnocchi.46408299-7fc2-4fa5-9750-41c41ca243a1 HTTP/1.0 201 - python-swiftclient-4.8.0 gAAAAABo4zrG_lV4... - - - tx6695eb344b104b149e9cf-0068e33afc - 0.0365 - - 1759722236.899299860 1759722236.935841084 0 7b03bd18aea8470cbeb747235c58da52
Oct 05 23:43:56 np0005471485.novalocal container-server[93622]: ::1 - - [06/Oct/2025:03:43:56 +0000] "HEAD /2/140208/AUTH_7aebe34b89554e87825206ce40aeb2f7/gnocchi.46408299-7fc2-4fa5-9750-41c41ca243a1" 204 - "HEAD http://[::1]:8080/v1/AUTH_7aebe34b89554e87825206ce40aeb2f7/gnocchi.46408299-7fc2-4fa5-9750-41c41ca243a1" "txc78c45dab90b41c2ac831-0068e33afc" "proxy-server 94957" 0.0035 "-" 93622 0
Oct 05 23:43:56 np0005471485.novalocal proxy-server[94957]: - - 06/Oct/2025/03/43/56 HEAD /v1/AUTH_7aebe34b89554e87825206ce40aeb2f7/gnocchi.46408299-7fc2-4fa5-9750-41c41ca243a1 HTTP/1.0 204 - Swift - - - - txc78c45dab90b41c2ac831-0068e33afc - 0.0072 CS - 1759722236.939711332 1759722236.946952105 0 -
Oct 05 23:43:56 np0005471485.novalocal container-server[93622]: ::1 - - [06/Oct/2025:03:43:56 +0000] "GET /1/140208/AUTH_7aebe34b89554e87825206ce40aeb2f7/gnocchi.46408299-7fc2-4fa5-9750-41c41ca243a1" 200 2 "GET https://[::1]:8080/v1/AUTH_7aebe34b89554e87825206ce40aeb2f7/gnocchi.46408299-7fc2-4fa5-9750-41c41ca243a1?format=json&states=listing" "txc78c45dab90b41c2ac831-0068e33afc" "proxy-server 94957" 0.0040 "-" 93622 0
Oct 05 23:43:56 np0005471485.novalocal proxy-server[94957]: ::1 ::1 06/Oct/2025/03/43/56 GET /v1/AUTH_7aebe34b89554e87825206ce40aeb2f7/gnocchi.46408299-7fc2-4fa5-9750-41c41ca243a1%3Fformat%3Djson%26states%3Dlisting HTTP/1.0 200 - python-swiftclient-4.8.0 gAAAAABo4zrG_lV4... - 2 - txc78c45dab90b41c2ac831-0068e33afc - 0.0183 - - 1759722236.939165354 1759722236.957449436 0 7b03bd18aea8470cbeb747235c58da52
Oct 05 23:43:56 np0005471485.novalocal object-server[93955]: ::1 - - [06/Oct/2025:03:43:56 +0000] "GET /2/240626/AUTH_7aebe34b89554e87825206ce40aeb2f7/gnocchi.46408299-7fc2-4fa5-9750-41c41ca243a1/1759320000.0_mean_300.0_v3" 404 70 "GET https://[::1]:8080/v1/AUTH_7aebe34b89554e87825206ce40aeb2f7/gnocchi.46408299-7fc2-4fa5-9750-41c41ca243a1/1759320000.0_mean_300.0_v3" "tx6bc5bd3916ea493d90ce8-0068e33afc" "proxy-server 94957" 0.0005 "-" 93955 0
Oct 05 23:43:56 np0005471485.novalocal object-server[93954]: ::1 - - [06/Oct/2025:03:43:56 +0000] "GET /1/240626/AUTH_7aebe34b89554e87825206ce40aeb2f7/gnocchi.46408299-7fc2-4fa5-9750-41c41ca243a1/1759320000.0_mean_300.0_v3" 404 70 "GET https://[::1]:8080/v1/AUTH_7aebe34b89554e87825206ce40aeb2f7/gnocchi.46408299-7fc2-4fa5-9750-41c41ca243a1/1759320000.0_mean_300.0_v3" "tx6bc5bd3916ea493d90ce8-0068e33afc" "proxy-server 94957" 0.0003 "-" 93954 0
Oct 05 23:43:56 np0005471485.novalocal object-server[93954]: ::1 - - [06/Oct/2025:03:43:56 +0000] "GET /3/240626/AUTH_7aebe34b89554e87825206ce40aeb2f7/gnocchi.46408299-7fc2-4fa5-9750-41c41ca243a1/1759320000.0_mean_300.0_v3" 404 70 "GET https://[::1]:8080/v1/AUTH_7aebe34b89554e87825206ce40aeb2f7/gnocchi.46408299-7fc2-4fa5-9750-41c41ca243a1/1759320000.0_mean_300.0_v3" "tx6bc5bd3916ea493d90ce8-0068e33afc" "proxy-server 94957" 0.0002 "-" 93954 0
Oct 05 23:43:56 np0005471485.novalocal proxy-server[94957]: ::1 ::1 06/Oct/2025/03/43/56 GET /v1/AUTH_7aebe34b89554e87825206ce40aeb2f7/gnocchi.46408299-7fc2-4fa5-9750-41c41ca243a1/1759320000.0_mean_300.0_v3 HTTP/1.0 404 - python-swiftclient-4.8.0 gAAAAABo4zrG_lV4... - 70 - tx6bc5bd3916ea493d90ce8-0068e33afc - 0.0118 - - 1759722236.963734388 1759722236.975507259 0 7b03bd18aea8470cbeb747235c58da52
Oct 05 23:43:56 np0005471485.novalocal account-server[93329]: ::1 - - [06/Oct/2025:03:43:56 +0000] "PUT /3/145150/AUTH_7aebe34b89554e87825206ce40aeb2f7/gnocchi.5189e135-58c3-4242-922c-200678906b49" 201 - "-" "-" "container-updater 92792" 0.0007 "-" 93329 0
Oct 05 23:43:56 np0005471485.novalocal account-server[93328]: ::1 - - [06/Oct/2025:03:43:56 +0000] "PUT /1/145150/AUTH_7aebe34b89554e87825206ce40aeb2f7/gnocchi.5189e135-58c3-4242-922c-200678906b49" 201 - "-" "-" "container-updater 92792" 0.0007 "-" 93328 0
Oct 05 23:43:56 np0005471485.novalocal account-server[93329]: ::1 - - [06/Oct/2025:03:43:56 +0000] "PUT /2/145150/AUTH_7aebe34b89554e87825206ce40aeb2f7/gnocchi.5189e135-58c3-4242-922c-200678906b49" 201 - "-" "-" "container-updater 92792" 0.0010 "-" 93329 0
Oct 05 23:43:57 np0005471485.novalocal container-server[93622]: ::1 - - [06/Oct/2025:03:43:57 +0000] "PUT /3/140208/AUTH_7aebe34b89554e87825206ce40aeb2f7/gnocchi.46408299-7fc2-4fa5-9750-41c41ca243a1/1759320000.0_mean_300.0_v3" 201 - "PUT http://[::1]:8080/2/240626/AUTH_7aebe34b89554e87825206ce40aeb2f7/gnocchi.46408299-7fc2-4fa5-9750-41c41ca243a1/1759320000.0_mean_300.0_v3" "tx47aedbd466194d958a7b9-0068e33afc" "object-server 93955" 0.0008 "-" 93622 0
Oct 05 23:43:57 np0005471485.novalocal object-server[93955]: ::1 - - [06/Oct/2025:03:43:57 +0000] "PUT /2/240626/AUTH_7aebe34b89554e87825206ce40aeb2f7/gnocchi.46408299-7fc2-4fa5-9750-41c41ca243a1/1759320000.0_mean_300.0_v3" 201 - "PUT https://[::1]:8080/v1/AUTH_7aebe34b89554e87825206ce40aeb2f7/gnocchi.46408299-7fc2-4fa5-9750-41c41ca243a1/1759320000.0_mean_300.0_v3" "tx47aedbd466194d958a7b9-0068e33afc" "proxy-server 94957" 0.0126 "-" 93955 0
Oct 05 23:43:57 np0005471485.novalocal container-server[93622]: ::1 - - [06/Oct/2025:03:43:57 +0000] "PUT /1/140208/AUTH_7aebe34b89554e87825206ce40aeb2f7/gnocchi.46408299-7fc2-4fa5-9750-41c41ca243a1/1759320000.0_mean_300.0_v3" 201 - "PUT http://[::1]:8080/1/240626/AUTH_7aebe34b89554e87825206ce40aeb2f7/gnocchi.46408299-7fc2-4fa5-9750-41c41ca243a1/1759320000.0_mean_300.0_v3" "tx47aedbd466194d958a7b9-0068e33afc" "object-server 93954" 0.0006 "-" 93622 0
Oct 05 23:43:57 np0005471485.novalocal object-server[93954]: ::1 - - [06/Oct/2025:03:43:57 +0000] "PUT /1/240626/AUTH_7aebe34b89554e87825206ce40aeb2f7/gnocchi.46408299-7fc2-4fa5-9750-41c41ca243a1/1759320000.0_mean_300.0_v3" 201 - "PUT https://[::1]:8080/v1/AUTH_7aebe34b89554e87825206ce40aeb2f7/gnocchi.46408299-7fc2-4fa5-9750-41c41ca243a1/1759320000.0_mean_300.0_v3" "tx47aedbd466194d958a7b9-0068e33afc" "proxy-server 94957" 0.0126 "-" 93954 0
Oct 05 23:43:57 np0005471485.novalocal container-server[93622]: ::1 - - [06/Oct/2025:03:43:57 +0000] "PUT /2/140208/AUTH_7aebe34b89554e87825206ce40aeb2f7/gnocchi.46408299-7fc2-4fa5-9750-41c41ca243a1/1759320000.0_mean_300.0_v3" 201 - "PUT http://[::1]:8080/3/240626/AUTH_7aebe34b89554e87825206ce40aeb2f7/gnocchi.46408299-7fc2-4fa5-9750-41c41ca243a1/1759320000.0_mean_300.0_v3" "tx47aedbd466194d958a7b9-0068e33afc" "object-server 93955" 0.0006 "-" 93622 0
Oct 05 23:43:57 np0005471485.novalocal object-server[93955]: ::1 - - [06/Oct/2025:03:43:57 +0000] "PUT /3/240626/AUTH_7aebe34b89554e87825206ce40aeb2f7/gnocchi.46408299-7fc2-4fa5-9750-41c41ca243a1/1759320000.0_mean_300.0_v3" 201 - "PUT https://[::1]:8080/v1/AUTH_7aebe34b89554e87825206ce40aeb2f7/gnocchi.46408299-7fc2-4fa5-9750-41c41ca243a1/1759320000.0_mean_300.0_v3" "tx47aedbd466194d958a7b9-0068e33afc" "proxy-server 94957" 0.0142 "-" 93955 0
Oct 05 23:43:57 np0005471485.novalocal proxy-server[94957]: ::1 ::1 06/Oct/2025/03/43/57 PUT /v1/AUTH_7aebe34b89554e87825206ce40aeb2f7/gnocchi.46408299-7fc2-4fa5-9750-41c41ca243a1/1759320000.0_mean_300.0_v3 HTTP/1.0 201 - python-swiftclient-4.8.0 gAAAAABo4zrG_lV4... 16 - - tx47aedbd466194d958a7b9-0068e33afc - 0.0304 - - 1759722236.984306097 1759722237.014739037 0 7b03bd18aea8470cbeb747235c58da52
Oct 05 23:43:57 np0005471485.novalocal container-server[93622]: ::1 - - [06/Oct/2025:03:43:57 +0000] "PUT /3/140208/AUTH_7aebe34b89554e87825206ce40aeb2f7/gnocchi.46408299-7fc2-4fa5-9750-41c41ca243a1/none_v3" 201 - "PUT http://[::1]:8080/2/241588/AUTH_7aebe34b89554e87825206ce40aeb2f7/gnocchi.46408299-7fc2-4fa5-9750-41c41ca243a1/none_v3" "txa177f96ce635402c94667-0068e33afd" "object-server 93954" 0.0005 "-" 93622 0
Oct 05 23:43:57 np0005471485.novalocal container-server[93621]: ::1 - - [06/Oct/2025:03:43:57 +0000] "PUT /2/140208/AUTH_7aebe34b89554e87825206ce40aeb2f7/gnocchi.46408299-7fc2-4fa5-9750-41c41ca243a1/none_v3" 201 - "PUT http://[::1]:8080/3/241588/AUTH_7aebe34b89554e87825206ce40aeb2f7/gnocchi.46408299-7fc2-4fa5-9750-41c41ca243a1/none_v3" "txa177f96ce635402c94667-0068e33afd" "object-server 93954" 0.0005 "-" 93621 0
Oct 05 23:43:57 np0005471485.novalocal container-server[93621]: ::1 - - [06/Oct/2025:03:43:57 +0000] "PUT /1/140208/AUTH_7aebe34b89554e87825206ce40aeb2f7/gnocchi.46408299-7fc2-4fa5-9750-41c41ca243a1/none_v3" 201 - "PUT http://[::1]:8080/1/241588/AUTH_7aebe34b89554e87825206ce40aeb2f7/gnocchi.46408299-7fc2-4fa5-9750-41c41ca243a1/none_v3" "txa177f96ce635402c94667-0068e33afd" "object-server 93955" 0.0003 "-" 93621 0
Oct 05 23:43:57 np0005471485.novalocal object-server[93954]: ::1 - - [06/Oct/2025:03:43:57 +0000] "PUT /2/241588/AUTH_7aebe34b89554e87825206ce40aeb2f7/gnocchi.46408299-7fc2-4fa5-9750-41c41ca243a1/none_v3" 201 - "PUT https://[::1]:8080/v1/AUTH_7aebe34b89554e87825206ce40aeb2f7/gnocchi.46408299-7fc2-4fa5-9750-41c41ca243a1/none_v3" "txa177f96ce635402c94667-0068e33afd" "proxy-server 94957" 0.0118 "-" 93954 0
Oct 05 23:43:57 np0005471485.novalocal object-server[93955]: ::1 - - [06/Oct/2025:03:43:57 +0000] "PUT /1/241588/AUTH_7aebe34b89554e87825206ce40aeb2f7/gnocchi.46408299-7fc2-4fa5-9750-41c41ca243a1/none_v3" 201 - "PUT https://[::1]:8080/v1/AUTH_7aebe34b89554e87825206ce40aeb2f7/gnocchi.46408299-7fc2-4fa5-9750-41c41ca243a1/none_v3" "txa177f96ce635402c94667-0068e33afd" "proxy-server 94957" 0.0124 "-" 93955 0
Oct 05 23:43:57 np0005471485.novalocal object-server[93954]: ::1 - - [06/Oct/2025:03:43:57 +0000] "PUT /3/241588/AUTH_7aebe34b89554e87825206ce40aeb2f7/gnocchi.46408299-7fc2-4fa5-9750-41c41ca243a1/none_v3" 201 - "PUT https://[::1]:8080/v1/AUTH_7aebe34b89554e87825206ce40aeb2f7/gnocchi.46408299-7fc2-4fa5-9750-41c41ca243a1/none_v3" "txa177f96ce635402c94667-0068e33afd" "proxy-server 94957" 0.0111 "-" 93954 0
Oct 05 23:43:57 np0005471485.novalocal proxy-server[94957]: ::1 ::1 06/Oct/2025/03/43/57 PUT /v1/AUTH_7aebe34b89554e87825206ce40aeb2f7/gnocchi.46408299-7fc2-4fa5-9750-41c41ca243a1/none_v3 HTTP/1.0 201 - python-swiftclient-4.8.0 gAAAAABo4zrG_lV4... 22 - - txa177f96ce635402c94667-0068e33afd - 0.0215 - - 1759722237.017388105 1759722237.038849592 0 7b03bd18aea8470cbeb747235c58da52
Oct 05 23:43:57 np0005471485.novalocal container-server[93622]: ::1 - - [06/Oct/2025:03:43:57 +0000] "HEAD /3/114778/AUTH_7aebe34b89554e87825206ce40aeb2f7/gnocchi.14d8426f-7579-4727-8deb-55fe75495bc2" 404 - "HEAD http://[::1]:8080/v1/AUTH_7aebe34b89554e87825206ce40aeb2f7/gnocchi.14d8426f-7579-4727-8deb-55fe75495bc2" "txc019a24baa2b4bf1ad01b-0068e33afd" "proxy-server 94957" 0.0005 "-" 93622 0
Oct 05 23:43:57 np0005471485.novalocal container-server[93621]: ::1 - - [06/Oct/2025:03:43:57 +0000] "HEAD /2/114778/AUTH_7aebe34b89554e87825206ce40aeb2f7/gnocchi.14d8426f-7579-4727-8deb-55fe75495bc2" 404 - "HEAD http://[::1]:8080/v1/AUTH_7aebe34b89554e87825206ce40aeb2f7/gnocchi.14d8426f-7579-4727-8deb-55fe75495bc2" "txc019a24baa2b4bf1ad01b-0068e33afd" "proxy-server 94957" 0.0003 "-" 93621 0
Oct 05 23:43:57 np0005471485.novalocal container-server[93621]: ::1 - - [06/Oct/2025:03:43:57 +0000] "HEAD /1/114778/AUTH_7aebe34b89554e87825206ce40aeb2f7/gnocchi.14d8426f-7579-4727-8deb-55fe75495bc2" 404 - "HEAD http://[::1]:8080/v1/AUTH_7aebe34b89554e87825206ce40aeb2f7/gnocchi.14d8426f-7579-4727-8deb-55fe75495bc2" "txc019a24baa2b4bf1ad01b-0068e33afd" "proxy-server 94957" 0.0002 "-" 93621 0
Oct 05 23:43:57 np0005471485.novalocal proxy-server[94957]: - - 06/Oct/2025/03/43/57 HEAD /v1/AUTH_7aebe34b89554e87825206ce40aeb2f7/gnocchi.14d8426f-7579-4727-8deb-55fe75495bc2 HTTP/1.0 404 - Swift - - - - txc019a24baa2b4bf1ad01b-0068e33afd - 0.0079 CS - 1759722237.069602728 1759722237.077518702 0 -
Oct 05 23:43:57 np0005471485.novalocal object-server[93955]: ::1 - - [06/Oct/2025:03:43:57 +0000] "GET /1/125924/AUTH_7aebe34b89554e87825206ce40aeb2f7/gnocchi.14d8426f-7579-4727-8deb-55fe75495bc2/none_v3" 404 70 "GET https://[::1]:8080/v1/AUTH_7aebe34b89554e87825206ce40aeb2f7/gnocchi.14d8426f-7579-4727-8deb-55fe75495bc2/none_v3" "txc019a24baa2b4bf1ad01b-0068e33afd" "proxy-server 94957" 0.0005 "-" 93955 0
Oct 05 23:43:57 np0005471485.novalocal object-server[93955]: ::1 - - [06/Oct/2025:03:43:57 +0000] "GET /2/125924/AUTH_7aebe34b89554e87825206ce40aeb2f7/gnocchi.14d8426f-7579-4727-8deb-55fe75495bc2/none_v3" 404 70 "GET https://[::1]:8080/v1/AUTH_7aebe34b89554e87825206ce40aeb2f7/gnocchi.14d8426f-7579-4727-8deb-55fe75495bc2/none_v3" "txc019a24baa2b4bf1ad01b-0068e33afd" "proxy-server 94957" 0.0004 "-" 93955 0
Oct 05 23:43:57 np0005471485.novalocal object-server[93954]: ::1 - - [06/Oct/2025:03:43:57 +0000] "GET /3/125924/AUTH_7aebe34b89554e87825206ce40aeb2f7/gnocchi.14d8426f-7579-4727-8deb-55fe75495bc2/none_v3" 404 70 "GET https://[::1]:8080/v1/AUTH_7aebe34b89554e87825206ce40aeb2f7/gnocchi.14d8426f-7579-4727-8deb-55fe75495bc2/none_v3" "txc019a24baa2b4bf1ad01b-0068e33afd" "proxy-server 94957" 0.0005 "-" 93954 0
Oct 05 23:43:57 np0005471485.novalocal proxy-server[94957]: ::1 ::1 06/Oct/2025/03/43/57 GET /v1/AUTH_7aebe34b89554e87825206ce40aeb2f7/gnocchi.14d8426f-7579-4727-8deb-55fe75495bc2/none_v3 HTTP/1.0 404 - python-swiftclient-4.8.0 gAAAAABo4zrG_lV4... - 70 - txc019a24baa2b4bf1ad01b-0068e33afd - 0.0261 - - 1759722237.068962574 1759722237.095069647 0 7b03bd18aea8470cbeb747235c58da52
Oct 05 23:43:57 np0005471485.novalocal account-server[93328]: ::1 - - [06/Oct/2025:03:43:57 +0000] "PUT /3/145150/AUTH_7aebe34b89554e87825206ce40aeb2f7/gnocchi.9ff2446e-71cb-45d6-a675-9511dd1e0987" 201 - "-" "-" "container-updater 92792" 0.0004 "-" 93328 0
Oct 05 23:43:57 np0005471485.novalocal account-server[93329]: ::1 - - [06/Oct/2025:03:43:57 +0000] "PUT /1/145150/AUTH_7aebe34b89554e87825206ce40aeb2f7/gnocchi.9ff2446e-71cb-45d6-a675-9511dd1e0987" 201 - "-" "-" "container-updater 92792" 0.0008 "-" 93329 0
Oct 05 23:43:57 np0005471485.novalocal account-server[93328]: ::1 - - [06/Oct/2025:03:43:57 +0000] "PUT /2/145150/AUTH_7aebe34b89554e87825206ce40aeb2f7/gnocchi.9ff2446e-71cb-45d6-a675-9511dd1e0987" 201 - "-" "-" "container-updater 92792" 0.0003 "-" 93328 0
Oct 05 23:43:57 np0005471485.novalocal account-server[93328]: ::1 - - [06/Oct/2025:03:43:57 +0000] "PUT /1/145150/AUTH_7aebe34b89554e87825206ce40aeb2f7/gnocchi.14d8426f-7579-4727-8deb-55fe75495bc2" 201 - "PUT http://[::1]:6001/2/114778/AUTH_7aebe34b89554e87825206ce40aeb2f7/gnocchi.14d8426f-7579-4727-8deb-55fe75495bc2" "txd5da78a365b74510b4338-0068e33afd" "container-server 93621" 0.0066 "-" 93328 0
Oct 05 23:43:57 np0005471485.novalocal container-server[93621]: ::1 - - [06/Oct/2025:03:43:57 +0000] "PUT /2/114778/AUTH_7aebe34b89554e87825206ce40aeb2f7/gnocchi.14d8426f-7579-4727-8deb-55fe75495bc2" 201 - "PUT https://[::1]:8080/v1/AUTH_7aebe34b89554e87825206ce40aeb2f7/gnocchi.14d8426f-7579-4727-8deb-55fe75495bc2" "txd5da78a365b74510b4338-0068e33afd" "proxy-server 94957" 0.0201 "-" 93621 0
Oct 05 23:43:57 np0005471485.novalocal account-server[93329]: ::1 - - [06/Oct/2025:03:43:57 +0000] "PUT /2/145150/AUTH_7aebe34b89554e87825206ce40aeb2f7/gnocchi.14d8426f-7579-4727-8deb-55fe75495bc2" 201 - "PUT http://[::1]:6001/1/114778/AUTH_7aebe34b89554e87825206ce40aeb2f7/gnocchi.14d8426f-7579-4727-8deb-55fe75495bc2" "txd5da78a365b74510b4338-0068e33afd" "container-server 93622" 0.0139 "-" 93329 0
Oct 05 23:43:57 np0005471485.novalocal container-server[93622]: ::1 - - [06/Oct/2025:03:43:57 +0000] "PUT /1/114778/AUTH_7aebe34b89554e87825206ce40aeb2f7/gnocchi.14d8426f-7579-4727-8deb-55fe75495bc2" 201 - "PUT https://[::1]:8080/v1/AUTH_7aebe34b89554e87825206ce40aeb2f7/gnocchi.14d8426f-7579-4727-8deb-55fe75495bc2" "txd5da78a365b74510b4338-0068e33afd" "proxy-server 94957" 0.0306 "-" 93622 0
Oct 05 23:43:57 np0005471485.novalocal account-server[93328]: ::1 - - [06/Oct/2025:03:43:57 +0000] "PUT /3/145150/AUTH_7aebe34b89554e87825206ce40aeb2f7/gnocchi.14d8426f-7579-4727-8deb-55fe75495bc2" 201 - "PUT http://[::1]:6001/3/114778/AUTH_7aebe34b89554e87825206ce40aeb2f7/gnocchi.14d8426f-7579-4727-8deb-55fe75495bc2" "txd5da78a365b74510b4338-0068e33afd" "container-server 93622" 0.0069 "-" 93328 0
Oct 05 23:43:57 np0005471485.novalocal container-server[93622]: ::1 - - [06/Oct/2025:03:43:57 +0000] "PUT /3/114778/AUTH_7aebe34b89554e87825206ce40aeb2f7/gnocchi.14d8426f-7579-4727-8deb-55fe75495bc2" 201 - "PUT https://[::1]:8080/v1/AUTH_7aebe34b89554e87825206ce40aeb2f7/gnocchi.14d8426f-7579-4727-8deb-55fe75495bc2" "txd5da78a365b74510b4338-0068e33afd" "proxy-server 94957" 0.0254 "-" 93622 0
Oct 05 23:43:57 np0005471485.novalocal proxy-server[94957]: ::1 ::1 06/Oct/2025/03/43/57 PUT /v1/AUTH_7aebe34b89554e87825206ce40aeb2f7/gnocchi.14d8426f-7579-4727-8deb-55fe75495bc2 HTTP/1.0 201 - python-swiftclient-4.8.0 gAAAAABo4zrG_lV4... - - - txd5da78a365b74510b4338-0068e33afd - 0.0443 - - 1759722237.097928762 1759722237.142209053 0 7b03bd18aea8470cbeb747235c58da52
Oct 05 23:43:57 np0005471485.novalocal container-server[93622]: ::1 - - [06/Oct/2025:03:43:57 +0000] "HEAD /3/114778/AUTH_7aebe34b89554e87825206ce40aeb2f7/gnocchi.14d8426f-7579-4727-8deb-55fe75495bc2" 204 - "HEAD http://[::1]:8080/v1/AUTH_7aebe34b89554e87825206ce40aeb2f7/gnocchi.14d8426f-7579-4727-8deb-55fe75495bc2" "txaa2b815107e04c34af2b8-0068e33afd" "proxy-server 94957" 0.0029 "-" 93622 0
Oct 05 23:43:57 np0005471485.novalocal proxy-server[94957]: - - 06/Oct/2025/03/43/57 HEAD /v1/AUTH_7aebe34b89554e87825206ce40aeb2f7/gnocchi.14d8426f-7579-4727-8deb-55fe75495bc2 HTTP/1.0 204 - Swift - - - - txaa2b815107e04c34af2b8-0068e33afd - 0.0073 CS - 1759722237.146310568 1759722237.153648615 0 -
Oct 05 23:43:57 np0005471485.novalocal container-server[93622]: ::1 - - [06/Oct/2025:03:43:57 +0000] "GET /1/114778/AUTH_7aebe34b89554e87825206ce40aeb2f7/gnocchi.14d8426f-7579-4727-8deb-55fe75495bc2" 200 2 "GET https://[::1]:8080/v1/AUTH_7aebe34b89554e87825206ce40aeb2f7/gnocchi.14d8426f-7579-4727-8deb-55fe75495bc2?format=json&states=listing" "txaa2b815107e04c34af2b8-0068e33afd" "proxy-server 94957" 0.0052 "-" 93622 0
Oct 05 23:43:57 np0005471485.novalocal proxy-server[94957]: ::1 ::1 06/Oct/2025/03/43/57 GET /v1/AUTH_7aebe34b89554e87825206ce40aeb2f7/gnocchi.14d8426f-7579-4727-8deb-55fe75495bc2%3Fformat%3Djson%26states%3Dlisting HTTP/1.0 200 - python-swiftclient-4.8.0 gAAAAABo4zrG_lV4... - 2 - txaa2b815107e04c34af2b8-0068e33afd - 0.0210 - - 1759722237.145461321 1759722237.166440010 0 7b03bd18aea8470cbeb747235c58da52
Oct 05 23:43:57 np0005471485.novalocal object-server[93955]: ::1 - - [06/Oct/2025:03:43:57 +0000] "GET /1/214407/AUTH_7aebe34b89554e87825206ce40aeb2f7/gnocchi.14d8426f-7579-4727-8deb-55fe75495bc2/1759320000.0_mean_300.0_v3" 404 70 "GET https://[::1]:8080/v1/AUTH_7aebe34b89554e87825206ce40aeb2f7/gnocchi.14d8426f-7579-4727-8deb-55fe75495bc2/1759320000.0_mean_300.0_v3" "txe4c52d561199429cb4e4a-0068e33afd" "proxy-server 94957" 0.0005 "-" 93955 0
Oct 05 23:43:57 np0005471485.novalocal object-server[93954]: ::1 - - [06/Oct/2025:03:43:57 +0000] "GET /3/214407/AUTH_7aebe34b89554e87825206ce40aeb2f7/gnocchi.14d8426f-7579-4727-8deb-55fe75495bc2/1759320000.0_mean_300.0_v3" 404 70 "GET https://[::1]:8080/v1/AUTH_7aebe34b89554e87825206ce40aeb2f7/gnocchi.14d8426f-7579-4727-8deb-55fe75495bc2/1759320000.0_mean_300.0_v3" "txe4c52d561199429cb4e4a-0068e33afd" "proxy-server 94957" 0.0005 "-" 93954 0
Oct 05 23:43:57 np0005471485.novalocal object-server[93954]: ::1 - - [06/Oct/2025:03:43:57 +0000] "GET /2/214407/AUTH_7aebe34b89554e87825206ce40aeb2f7/gnocchi.14d8426f-7579-4727-8deb-55fe75495bc2/1759320000.0_mean_300.0_v3" 404 70 "GET https://[::1]:8080/v1/AUTH_7aebe34b89554e87825206ce40aeb2f7/gnocchi.14d8426f-7579-4727-8deb-55fe75495bc2/1759320000.0_mean_300.0_v3" "txe4c52d561199429cb4e4a-0068e33afd" "proxy-server 94957" 0.0004 "-" 93954 0
Oct 05 23:43:57 np0005471485.novalocal proxy-server[94957]: ::1 ::1 06/Oct/2025/03/43/57 GET /v1/AUTH_7aebe34b89554e87825206ce40aeb2f7/gnocchi.14d8426f-7579-4727-8deb-55fe75495bc2/1759320000.0_mean_300.0_v3 HTTP/1.0 404 - python-swiftclient-4.8.0 gAAAAABo4zrG_lV4... - 70 - txe4c52d561199429cb4e4a-0068e33afd - 0.0171 - - 1759722237.169869900 1759722237.186973095 0 7b03bd18aea8470cbeb747235c58da52
Oct 05 23:43:57 np0005471485.novalocal container-server[93622]: ::1 - - [06/Oct/2025:03:43:57 +0000] "PUT /2/114778/AUTH_7aebe34b89554e87825206ce40aeb2f7/gnocchi.14d8426f-7579-4727-8deb-55fe75495bc2/1759320000.0_mean_300.0_v3" 201 - "PUT http://[::1]:8080/3/214407/AUTH_7aebe34b89554e87825206ce40aeb2f7/gnocchi.14d8426f-7579-4727-8deb-55fe75495bc2/1759320000.0_mean_300.0_v3" "tx1aa74eb3dc974742a3b82-0068e33afd" "object-server 93954" 0.0009 "-" 93622 0
Oct 05 23:43:57 np0005471485.novalocal container-server[93621]: ::1 - - [06/Oct/2025:03:43:57 +0000] "PUT /1/114778/AUTH_7aebe34b89554e87825206ce40aeb2f7/gnocchi.14d8426f-7579-4727-8deb-55fe75495bc2/1759320000.0_mean_300.0_v3" 201 - "PUT http://[::1]:8080/2/214407/AUTH_7aebe34b89554e87825206ce40aeb2f7/gnocchi.14d8426f-7579-4727-8deb-55fe75495bc2/1759320000.0_mean_300.0_v3" "tx1aa74eb3dc974742a3b82-0068e33afd" "object-server 93955" 0.0006 "-" 93621 0
Oct 05 23:43:57 np0005471485.novalocal object-server[93955]: ::1 - - [06/Oct/2025:03:43:57 +0000] "PUT /2/214407/AUTH_7aebe34b89554e87825206ce40aeb2f7/gnocchi.14d8426f-7579-4727-8deb-55fe75495bc2/1759320000.0_mean_300.0_v3" 201 - "PUT https://[::1]:8080/v1/AUTH_7aebe34b89554e87825206ce40aeb2f7/gnocchi.14d8426f-7579-4727-8deb-55fe75495bc2/1759320000.0_mean_300.0_v3" "tx1aa74eb3dc974742a3b82-0068e33afd" "proxy-server 94957" 0.0146 "-" 93955 0
Oct 05 23:43:57 np0005471485.novalocal container-server[93622]: ::1 - - [06/Oct/2025:03:43:57 +0000] "PUT /3/114778/AUTH_7aebe34b89554e87825206ce40aeb2f7/gnocchi.14d8426f-7579-4727-8deb-55fe75495bc2/1759320000.0_mean_300.0_v3" 201 - "PUT http://[::1]:8080/1/214407/AUTH_7aebe34b89554e87825206ce40aeb2f7/gnocchi.14d8426f-7579-4727-8deb-55fe75495bc2/1759320000.0_mean_300.0_v3" "tx1aa74eb3dc974742a3b82-0068e33afd" "object-server 93955" 0.0007 "-" 93622 0
Oct 05 23:43:57 np0005471485.novalocal object-server[93955]: ::1 - - [06/Oct/2025:03:43:57 +0000] "PUT /1/214407/AUTH_7aebe34b89554e87825206ce40aeb2f7/gnocchi.14d8426f-7579-4727-8deb-55fe75495bc2/1759320000.0_mean_300.0_v3" 201 - "PUT https://[::1]:8080/v1/AUTH_7aebe34b89554e87825206ce40aeb2f7/gnocchi.14d8426f-7579-4727-8deb-55fe75495bc2/1759320000.0_mean_300.0_v3" "tx1aa74eb3dc974742a3b82-0068e33afd" "proxy-server 94957" 0.0183 "-" 93955 0
Oct 05 23:43:57 np0005471485.novalocal object-server[93954]: ::1 - - [06/Oct/2025:03:43:57 +0000] "PUT /3/214407/AUTH_7aebe34b89554e87825206ce40aeb2f7/gnocchi.14d8426f-7579-4727-8deb-55fe75495bc2/1759320000.0_mean_300.0_v3" 201 - "PUT https://[::1]:8080/v1/AUTH_7aebe34b89554e87825206ce40aeb2f7/gnocchi.14d8426f-7579-4727-8deb-55fe75495bc2/1759320000.0_mean_300.0_v3" "tx1aa74eb3dc974742a3b82-0068e33afd" "proxy-server 94957" 0.0189 "-" 93954 0
Oct 05 23:43:57 np0005471485.novalocal proxy-server[94957]: ::1 ::1 06/Oct/2025/03/43/57 PUT /v1/AUTH_7aebe34b89554e87825206ce40aeb2f7/gnocchi.14d8426f-7579-4727-8deb-55fe75495bc2/1759320000.0_mean_300.0_v3 HTTP/1.0 201 - python-swiftclient-4.8.0 gAAAAABo4zrG_lV4... 16 - - tx1aa74eb3dc974742a3b82-0068e33afd - 0.0280 - - 1759722237.190742970 1759722237.218759775 0 7b03bd18aea8470cbeb747235c58da52
Oct 05 23:43:57 np0005471485.novalocal container-server[93622]: ::1 - - [06/Oct/2025:03:43:57 +0000] "PUT /3/114778/AUTH_7aebe34b89554e87825206ce40aeb2f7/gnocchi.14d8426f-7579-4727-8deb-55fe75495bc2/none_v3" 201 - "PUT http://[::1]:8080/2/125924/AUTH_7aebe34b89554e87825206ce40aeb2f7/gnocchi.14d8426f-7579-4727-8deb-55fe75495bc2/none_v3" "tx02552aeb316b465ebc89e-0068e33afd" "object-server 93954" 0.0008 "-" 93622 0
Oct 05 23:43:57 np0005471485.novalocal container-server[93621]: ::1 - - [06/Oct/2025:03:43:57 +0000] "PUT /2/114778/AUTH_7aebe34b89554e87825206ce40aeb2f7/gnocchi.14d8426f-7579-4727-8deb-55fe75495bc2/none_v3" 201 - "PUT http://[::1]:8080/3/125924/AUTH_7aebe34b89554e87825206ce40aeb2f7/gnocchi.14d8426f-7579-4727-8deb-55fe75495bc2/none_v3" "tx02552aeb316b465ebc89e-0068e33afd" "object-server 93955" 0.0005 "-" 93621 0
Oct 05 23:43:57 np0005471485.novalocal object-server[93955]: ::1 - - [06/Oct/2025:03:43:57 +0000] "PUT /3/125924/AUTH_7aebe34b89554e87825206ce40aeb2f7/gnocchi.14d8426f-7579-4727-8deb-55fe75495bc2/none_v3" 201 - "PUT https://[::1]:8080/v1/AUTH_7aebe34b89554e87825206ce40aeb2f7/gnocchi.14d8426f-7579-4727-8deb-55fe75495bc2/none_v3" "tx02552aeb316b465ebc89e-0068e33afd" "proxy-server 94957" 0.0130 "-" 93955 0
Oct 05 23:43:57 np0005471485.novalocal container-server[93622]: ::1 - - [06/Oct/2025:03:43:57 +0000] "PUT /1/114778/AUTH_7aebe34b89554e87825206ce40aeb2f7/gnocchi.14d8426f-7579-4727-8deb-55fe75495bc2/none_v3" 201 - "PUT http://[::1]:8080/1/125924/AUTH_7aebe34b89554e87825206ce40aeb2f7/gnocchi.14d8426f-7579-4727-8deb-55fe75495bc2/none_v3" "tx02552aeb316b465ebc89e-0068e33afd" "object-server 93955" 0.0013 "-" 93622 0
Oct 05 23:43:57 np0005471485.novalocal account-server[93328]: ::1 - - [06/Oct/2025:03:43:57 +0000] "PUT /3/145150/AUTH_7aebe34b89554e87825206ce40aeb2f7/gnocchi.d3a76a14-3283-4877-9bec-34600f149c4f" 201 - "-" "-" "container-updater 92792" 0.0007 "-" 93328 0
Oct 05 23:43:57 np0005471485.novalocal account-server[93329]: ::1 - - [06/Oct/2025:03:43:57 +0000] "PUT /1/145150/AUTH_7aebe34b89554e87825206ce40aeb2f7/gnocchi.d3a76a14-3283-4877-9bec-34600f149c4f" 201 - "-" "-" "container-updater 92792" 0.0007 "-" 93329 0
Oct 05 23:43:57 np0005471485.novalocal object-server[93954]: ::1 - - [06/Oct/2025:03:43:57 +0000] "PUT /2/125924/AUTH_7aebe34b89554e87825206ce40aeb2f7/gnocchi.14d8426f-7579-4727-8deb-55fe75495bc2/none_v3" 201 - "PUT https://[::1]:8080/v1/AUTH_7aebe34b89554e87825206ce40aeb2f7/gnocchi.14d8426f-7579-4727-8deb-55fe75495bc2/none_v3" "tx02552aeb316b465ebc89e-0068e33afd" "proxy-server 94957" 0.0189 "-" 93954 0
Oct 05 23:43:57 np0005471485.novalocal account-server[93328]: ::1 - - [06/Oct/2025:03:43:57 +0000] "PUT /2/145150/AUTH_7aebe34b89554e87825206ce40aeb2f7/gnocchi.d3a76a14-3283-4877-9bec-34600f149c4f" 201 - "-" "-" "container-updater 92792" 0.0005 "-" 93328 0
Oct 05 23:43:57 np0005471485.novalocal object-server[93955]: ::1 - - [06/Oct/2025:03:43:57 +0000] "PUT /1/125924/AUTH_7aebe34b89554e87825206ce40aeb2f7/gnocchi.14d8426f-7579-4727-8deb-55fe75495bc2/none_v3" 201 - "PUT https://[::1]:8080/v1/AUTH_7aebe34b89554e87825206ce40aeb2f7/gnocchi.14d8426f-7579-4727-8deb-55fe75495bc2/none_v3" "tx02552aeb316b465ebc89e-0068e33afd" "proxy-server 94957" 0.0201 "-" 93955 0
Oct 05 23:43:57 np0005471485.novalocal proxy-server[94957]: ::1 ::1 06/Oct/2025/03/43/57 PUT /v1/AUTH_7aebe34b89554e87825206ce40aeb2f7/gnocchi.14d8426f-7579-4727-8deb-55fe75495bc2/none_v3 HTTP/1.0 201 - python-swiftclient-4.8.0 gAAAAABo4zrG_lV4... 22 - - tx02552aeb316b465ebc89e-0068e33afd - 0.0282 - - 1759722237.221537590 1759722237.249780655 0 7b03bd18aea8470cbeb747235c58da52
Oct 05 23:43:57 np0005471485.novalocal container-server[93622]: ::1 - - [06/Oct/2025:03:43:57 +0000] "HEAD /3/229513/AUTH_7aebe34b89554e87825206ce40aeb2f7/gnocchi.2dcb0701-b8e9-463d-83b7-ab385e133cc4" 404 - "HEAD http://[::1]:8080/v1/AUTH_7aebe34b89554e87825206ce40aeb2f7/gnocchi.2dcb0701-b8e9-463d-83b7-ab385e133cc4" "txc31f277bf6c44f8ea9c7a-0068e33afd" "proxy-server 94957" 0.0004 "-" 93622 0
Oct 05 23:43:57 np0005471485.novalocal container-server[93621]: ::1 - - [06/Oct/2025:03:43:57 +0000] "HEAD /2/229513/AUTH_7aebe34b89554e87825206ce40aeb2f7/gnocchi.2dcb0701-b8e9-463d-83b7-ab385e133cc4" 404 - "HEAD http://[::1]:8080/v1/AUTH_7aebe34b89554e87825206ce40aeb2f7/gnocchi.2dcb0701-b8e9-463d-83b7-ab385e133cc4" "txc31f277bf6c44f8ea9c7a-0068e33afd" "proxy-server 94957" 0.0003 "-" 93621 0
Oct 05 23:43:57 np0005471485.novalocal container-server[93621]: ::1 - - [06/Oct/2025:03:43:57 +0000] "HEAD /1/229513/AUTH_7aebe34b89554e87825206ce40aeb2f7/gnocchi.2dcb0701-b8e9-463d-83b7-ab385e133cc4" 404 - "HEAD http://[::1]:8080/v1/AUTH_7aebe34b89554e87825206ce40aeb2f7/gnocchi.2dcb0701-b8e9-463d-83b7-ab385e133cc4" "txc31f277bf6c44f8ea9c7a-0068e33afd" "proxy-server 94957" 0.0003 "-" 93621 0
Oct 05 23:43:57 np0005471485.novalocal proxy-server[94957]: - - 06/Oct/2025/03/43/57 HEAD /v1/AUTH_7aebe34b89554e87825206ce40aeb2f7/gnocchi.2dcb0701-b8e9-463d-83b7-ab385e133cc4 HTTP/1.0 404 - Swift - - - - txc31f277bf6c44f8ea9c7a-0068e33afd - 0.0106 CS - 1759722237.263093233 1759722237.273663044 0 -
Oct 05 23:43:57 np0005471485.novalocal object-server[93954]: ::1 - - [06/Oct/2025:03:43:57 +0000] "GET /2/231754/AUTH_7aebe34b89554e87825206ce40aeb2f7/gnocchi.2dcb0701-b8e9-463d-83b7-ab385e133cc4/none_v3" 404 70 "GET https://[::1]:8080/v1/AUTH_7aebe34b89554e87825206ce40aeb2f7/gnocchi.2dcb0701-b8e9-463d-83b7-ab385e133cc4/none_v3" "txc31f277bf6c44f8ea9c7a-0068e33afd" "proxy-server 94957" 0.0006 "-" 93954 0
Oct 05 23:43:57 np0005471485.novalocal object-server[93954]: ::1 - - [06/Oct/2025:03:43:57 +0000] "GET /3/231754/AUTH_7aebe34b89554e87825206ce40aeb2f7/gnocchi.2dcb0701-b8e9-463d-83b7-ab385e133cc4/none_v3" 404 70 "GET https://[::1]:8080/v1/AUTH_7aebe34b89554e87825206ce40aeb2f7/gnocchi.2dcb0701-b8e9-463d-83b7-ab385e133cc4/none_v3" "txc31f277bf6c44f8ea9c7a-0068e33afd" "proxy-server 94957" 0.0004 "-" 93954 0
Oct 05 23:43:57 np0005471485.novalocal object-server[93954]: ::1 - - [06/Oct/2025:03:43:57 +0000] "GET /1/231754/AUTH_7aebe34b89554e87825206ce40aeb2f7/gnocchi.2dcb0701-b8e9-463d-83b7-ab385e133cc4/none_v3" 404 70 "GET https://[::1]:8080/v1/AUTH_7aebe34b89554e87825206ce40aeb2f7/gnocchi.2dcb0701-b8e9-463d-83b7-ab385e133cc4/none_v3" "txc31f277bf6c44f8ea9c7a-0068e33afd" "proxy-server 94957" 0.0004 "-" 93954 0
Oct 05 23:43:57 np0005471485.novalocal proxy-server[94957]: ::1 ::1 06/Oct/2025/03/43/57 GET /v1/AUTH_7aebe34b89554e87825206ce40aeb2f7/gnocchi.2dcb0701-b8e9-463d-83b7-ab385e133cc4/none_v3 HTTP/1.0 404 - python-swiftclient-4.8.0 gAAAAABo4zrG_lV4... - 70 - txc31f277bf6c44f8ea9c7a-0068e33afd - 0.0239 - - 1759722237.262364149 1759722237.286238670 0 7b03bd18aea8470cbeb747235c58da52
Oct 05 23:43:57 np0005471485.novalocal account-server[93329]: ::1 - - [06/Oct/2025:03:43:57 +0000] "PUT /3/145150/AUTH_7aebe34b89554e87825206ce40aeb2f7/gnocchi.2dcb0701-b8e9-463d-83b7-ab385e133cc4" 201 - "PUT http://[::1]:6001/1/229513/AUTH_7aebe34b89554e87825206ce40aeb2f7/gnocchi.2dcb0701-b8e9-463d-83b7-ab385e133cc4" "txd4fb4f826fd74eeba3c25-0068e33afd" "container-server 93621" 0.0073 "-" 93329 0
Oct 05 23:43:57 np0005471485.novalocal container-server[93621]: ::1 - - [06/Oct/2025:03:43:57 +0000] "PUT /1/229513/AUTH_7aebe34b89554e87825206ce40aeb2f7/gnocchi.2dcb0701-b8e9-463d-83b7-ab385e133cc4" 201 - "PUT https://[::1]:8080/v1/AUTH_7aebe34b89554e87825206ce40aeb2f7/gnocchi.2dcb0701-b8e9-463d-83b7-ab385e133cc4" "txd4fb4f826fd74eeba3c25-0068e33afd" "proxy-server 94957" 0.0204 "-" 93621 0
Oct 05 23:43:57 np0005471485.novalocal account-server[93329]: ::1 - - [06/Oct/2025:03:43:57 +0000] "PUT /1/145150/AUTH_7aebe34b89554e87825206ce40aeb2f7/gnocchi.2dcb0701-b8e9-463d-83b7-ab385e133cc4" 201 - "PUT http://[::1]:6001/2/229513/AUTH_7aebe34b89554e87825206ce40aeb2f7/gnocchi.2dcb0701-b8e9-463d-83b7-ab385e133cc4" "txd4fb4f826fd74eeba3c25-0068e33afd" "container-server 93622" 0.0052 "-" 93329 0
Oct 05 23:43:57 np0005471485.novalocal container-server[93622]: ::1 - - [06/Oct/2025:03:43:57 +0000] "PUT /2/229513/AUTH_7aebe34b89554e87825206ce40aeb2f7/gnocchi.2dcb0701-b8e9-463d-83b7-ab385e133cc4" 201 - "PUT https://[::1]:8080/v1/AUTH_7aebe34b89554e87825206ce40aeb2f7/gnocchi.2dcb0701-b8e9-463d-83b7-ab385e133cc4" "txd4fb4f826fd74eeba3c25-0068e33afd" "proxy-server 94957" 0.0280 "-" 93622 0
Oct 05 23:43:57 np0005471485.novalocal account-server[93329]: ::1 - - [06/Oct/2025:03:43:57 +0000] "PUT /2/145150/AUTH_7aebe34b89554e87825206ce40aeb2f7/gnocchi.2dcb0701-b8e9-463d-83b7-ab385e133cc4" 201 - "PUT http://[::1]:6001/3/229513/AUTH_7aebe34b89554e87825206ce40aeb2f7/gnocchi.2dcb0701-b8e9-463d-83b7-ab385e133cc4" "txd4fb4f826fd74eeba3c25-0068e33afd" "container-server 93622" 0.0052 "-" 93329 0
Oct 05 23:43:57 np0005471485.novalocal container-server[93622]: ::1 - - [06/Oct/2025:03:43:57 +0000] "PUT /3/229513/AUTH_7aebe34b89554e87825206ce40aeb2f7/gnocchi.2dcb0701-b8e9-463d-83b7-ab385e133cc4" 201 - "PUT https://[::1]:8080/v1/AUTH_7aebe34b89554e87825206ce40aeb2f7/gnocchi.2dcb0701-b8e9-463d-83b7-ab385e133cc4" "txd4fb4f826fd74eeba3c25-0068e33afd" "proxy-server 94957" 0.0240 "-" 93622 0
Oct 05 23:43:57 np0005471485.novalocal proxy-server[94957]: ::1 ::1 06/Oct/2025/03/43/57 PUT /v1/AUTH_7aebe34b89554e87825206ce40aeb2f7/gnocchi.2dcb0701-b8e9-463d-83b7-ab385e133cc4 HTTP/1.0 201 - python-swiftclient-4.8.0 gAAAAABo4zrG_lV4... - - - txd4fb4f826fd74eeba3c25-0068e33afd - 0.0424 - - 1759722237.289474487 1759722237.331850767 0 7b03bd18aea8470cbeb747235c58da52
Oct 05 23:43:57 np0005471485.novalocal container-server[93622]: ::1 - - [06/Oct/2025:03:43:57 +0000] "HEAD /2/229513/AUTH_7aebe34b89554e87825206ce40aeb2f7/gnocchi.2dcb0701-b8e9-463d-83b7-ab385e133cc4" 204 - "HEAD http://[::1]:8080/v1/AUTH_7aebe34b89554e87825206ce40aeb2f7/gnocchi.2dcb0701-b8e9-463d-83b7-ab385e133cc4" "tx2cceac3b65cd4774a95e1-0068e33afd" "proxy-server 94957" 0.0016 "-" 93622 0
Oct 05 23:43:57 np0005471485.novalocal account-server[93328]: ::1 - - [06/Oct/2025:03:43:57 +0000] "PUT /1/145150/AUTH_7aebe34b89554e87825206ce40aeb2f7/gnocchi.bb9b7488-c733-4623-994b-03a1e587fe4b" 201 - "-" "-" "container-updater 92792" 0.0004 "-" 93328 0
Oct 05 23:43:57 np0005471485.novalocal account-server[93329]: ::1 - - [06/Oct/2025:03:43:57 +0000] "PUT /3/145150/AUTH_7aebe34b89554e87825206ce40aeb2f7/gnocchi.bb9b7488-c733-4623-994b-03a1e587fe4b" 201 - "-" "-" "container-updater 92792" 0.0007 "-" 93329 0
Oct 05 23:43:57 np0005471485.novalocal proxy-server[94957]: - - 06/Oct/2025/03/43/57 HEAD /v1/AUTH_7aebe34b89554e87825206ce40aeb2f7/gnocchi.2dcb0701-b8e9-463d-83b7-ab385e133cc4 HTTP/1.0 204 - Swift - - - - tx2cceac3b65cd4774a95e1-0068e33afd - 0.0054 CS - 1759722237.336895227 1759722237.342268705 0 -
Oct 05 23:43:57 np0005471485.novalocal account-server[93328]: ::1 - - [06/Oct/2025:03:43:57 +0000] "PUT /2/145150/AUTH_7aebe34b89554e87825206ce40aeb2f7/gnocchi.bb9b7488-c733-4623-994b-03a1e587fe4b" 201 - "-" "-" "container-updater 92792" 0.0002 "-" 93328 0
Oct 05 23:43:57 np0005471485.novalocal container-server[93622]: ::1 - - [06/Oct/2025:03:43:57 +0000] "GET /1/229513/AUTH_7aebe34b89554e87825206ce40aeb2f7/gnocchi.2dcb0701-b8e9-463d-83b7-ab385e133cc4" 200 2 "GET https://[::1]:8080/v1/AUTH_7aebe34b89554e87825206ce40aeb2f7/gnocchi.2dcb0701-b8e9-463d-83b7-ab385e133cc4?format=json&states=listing" "tx2cceac3b65cd4774a95e1-0068e33afd" "proxy-server 94957" 0.0026 "-" 93622 0
