Oct 05 23:43:57 np0005471485.novalocal object-server[93955]: ::1 - - [06/Oct/2025:03:43:57 +0000] "GET /2/101436/AUTH_7aebe34b89554e87825206ce40aeb2f7/gnocchi.72011735-1e15-4582-a236-d7784608be7a/1759320000.0_mean_300.0_v3" 404 70 "GET https://[::1]:8080/v1/AUTH_7aebe34b89554e87825206ce40aeb2f7/gnocchi.72011735-1e15-4582-a236-d7784608be7a/1759320000.0_mean_300.0_v3" "txa6086b131f62431ead26b-0068e33afd" "proxy-server 94957" 0.0004 "-" 93955 0
Oct 05 23:43:57 np0005471485.novalocal object-server[93955]: ::1 - - [06/Oct/2025:03:43:57 +0000] "GET /3/101436/AUTH_7aebe34b89554e87825206ce40aeb2f7/gnocchi.72011735-1e15-4582-a236-d7784608be7a/1759320000.0_mean_300.0_v3" 404 70 "GET https://[::1]:8080/v1/AUTH_7aebe34b89554e87825206ce40aeb2f7/gnocchi.72011735-1e15-4582-a236-d7784608be7a/1759320000.0_mean_300.0_v3" "txa6086b131f62431ead26b-0068e33afd" "proxy-server 94957" 0.0003 "-" 93955 0
Oct 05 23:43:57 np0005471485.novalocal proxy-server[94957]: ::1 ::1 06/Oct/2025/03/43/57 GET /v1/AUTH_7aebe34b89554e87825206ce40aeb2f7/gnocchi.72011735-1e15-4582-a236-d7784608be7a/1759320000.0_mean_300.0_v3 HTTP/1.0 404 - python-swiftclient-4.8.0 gAAAAABo4zrG_lV4... - 70 - txa6086b131f62431ead26b-0068e33afd - 0.0168 - - 1759722237.953314543 1759722237.970093727 0 7b03bd18aea8470cbeb747235c58da52
Oct 05 23:43:57 np0005471485.novalocal account-server[93329]: ::1 - - [06/Oct/2025:03:43:57 +0000] "PUT /3/145150/AUTH_7aebe34b89554e87825206ce40aeb2f7/gnocchi.bb9b7488-c733-4623-994b-03a1e587fe4b" 201 - "-" "-" "container-updater 92792" 0.0005 "-" 93329 0
Oct 05 23:43:57 np0005471485.novalocal account-server[93329]: ::1 - - [06/Oct/2025:03:43:57 +0000] "PUT /2/145150/AUTH_7aebe34b89554e87825206ce40aeb2f7/gnocchi.bb9b7488-c733-4623-994b-03a1e587fe4b" 201 - "-" "-" "container-updater 92792" 0.0003 "-" 93329 0
Oct 05 23:43:57 np0005471485.novalocal account-server[93329]: ::1 - - [06/Oct/2025:03:43:57 +0000] "PUT /1/145150/AUTH_7aebe34b89554e87825206ce40aeb2f7/gnocchi.bb9b7488-c733-4623-994b-03a1e587fe4b" 201 - "-" "-" "container-updater 92792" 0.0003 "-" 93329 0
Oct 05 23:43:57 np0005471485.novalocal container-server[93622]: ::1 - - [06/Oct/2025:03:43:57 +0000] "PUT /1/56958/AUTH_7aebe34b89554e87825206ce40aeb2f7/gnocchi.72011735-1e15-4582-a236-d7784608be7a/1759320000.0_mean_300.0_v3" 201 - "PUT http://[::1]:8080/1/101436/AUTH_7aebe34b89554e87825206ce40aeb2f7/gnocchi.72011735-1e15-4582-a236-d7784608be7a/1759320000.0_mean_300.0_v3" "txc2298bfede2746af9064d-0068e33afd" "object-server 93955" 0.0008 "-" 93622 0
Oct 05 23:43:57 np0005471485.novalocal container-server[93621]: ::1 - - [06/Oct/2025:03:43:57 +0000] "PUT /2/56958/AUTH_7aebe34b89554e87825206ce40aeb2f7/gnocchi.72011735-1e15-4582-a236-d7784608be7a/1759320000.0_mean_300.0_v3" 201 - "PUT http://[::1]:8080/3/101436/AUTH_7aebe34b89554e87825206ce40aeb2f7/gnocchi.72011735-1e15-4582-a236-d7784608be7a/1759320000.0_mean_300.0_v3" "txc2298bfede2746af9064d-0068e33afd" "object-server 93954" 0.0007 "-" 93621 0
Oct 05 23:43:57 np0005471485.novalocal object-server[93955]: ::1 - - [06/Oct/2025:03:43:57 +0000] "PUT /1/101436/AUTH_7aebe34b89554e87825206ce40aeb2f7/gnocchi.72011735-1e15-4582-a236-d7784608be7a/1759320000.0_mean_300.0_v3" 201 - "PUT https://[::1]:8080/v1/AUTH_7aebe34b89554e87825206ce40aeb2f7/gnocchi.72011735-1e15-4582-a236-d7784608be7a/1759320000.0_mean_300.0_v3" "txc2298bfede2746af9064d-0068e33afd" "proxy-server 94957" 0.0173 "-" 93955 0
Oct 05 23:43:58 np0005471485.novalocal object-server[93954]: ::1 - - [06/Oct/2025:03:43:57 +0000] "PUT /3/101436/AUTH_7aebe34b89554e87825206ce40aeb2f7/gnocchi.72011735-1e15-4582-a236-d7784608be7a/1759320000.0_mean_300.0_v3" 201 - "PUT https://[::1]:8080/v1/AUTH_7aebe34b89554e87825206ce40aeb2f7/gnocchi.72011735-1e15-4582-a236-d7784608be7a/1759320000.0_mean_300.0_v3" "txc2298bfede2746af9064d-0068e33afd" "proxy-server 94957" 0.0119 "-" 93954 0
Oct 05 23:43:58 np0005471485.novalocal container-server[93622]: ::1 - - [06/Oct/2025:03:43:58 +0000] "PUT /3/56958/AUTH_7aebe34b89554e87825206ce40aeb2f7/gnocchi.72011735-1e15-4582-a236-d7784608be7a/1759320000.0_mean_300.0_v3" 201 - "PUT http://[::1]:8080/2/101436/AUTH_7aebe34b89554e87825206ce40aeb2f7/gnocchi.72011735-1e15-4582-a236-d7784608be7a/1759320000.0_mean_300.0_v3" "txc2298bfede2746af9064d-0068e33afd" "object-server 93955" 0.0007 "-" 93622 0
Oct 05 23:43:58 np0005471485.novalocal object-server[93955]: ::1 - - [06/Oct/2025:03:43:58 +0000] "PUT /2/101436/AUTH_7aebe34b89554e87825206ce40aeb2f7/gnocchi.72011735-1e15-4582-a236-d7784608be7a/1759320000.0_mean_300.0_v3" 201 - "PUT https://[::1]:8080/v1/AUTH_7aebe34b89554e87825206ce40aeb2f7/gnocchi.72011735-1e15-4582-a236-d7784608be7a/1759320000.0_mean_300.0_v3" "txc2298bfede2746af9064d-0068e33afd" "proxy-server 94957" 0.0198 "-" 93955 0
Oct 05 23:43:58 np0005471485.novalocal proxy-server[94957]: ::1 ::1 06/Oct/2025/03/43/58 PUT /v1/AUTH_7aebe34b89554e87825206ce40aeb2f7/gnocchi.72011735-1e15-4582-a236-d7784608be7a/1759320000.0_mean_300.0_v3 HTTP/1.0 201 - python-swiftclient-4.8.0 gAAAAABo4zrG_lV4... 16 - - txc2298bfede2746af9064d-0068e33afd - 0.0323 - - 1759722237.973137379 1759722238.005401850 0 7b03bd18aea8470cbeb747235c58da52
Oct 05 23:43:58 np0005471485.novalocal container-server[93622]: ::1 - - [06/Oct/2025:03:43:58 +0000] "PUT /2/56958/AUTH_7aebe34b89554e87825206ce40aeb2f7/gnocchi.72011735-1e15-4582-a236-d7784608be7a/none_v3" 201 - "PUT http://[::1]:8080/1/200942/AUTH_7aebe34b89554e87825206ce40aeb2f7/gnocchi.72011735-1e15-4582-a236-d7784608be7a/none_v3" "tx373d949085ad499ea0865-0068e33afe" "object-server 93955" 0.0005 "-" 93622 0
Oct 05 23:43:58 np0005471485.novalocal container-server[93621]: ::1 - - [06/Oct/2025:03:43:58 +0000] "PUT /1/56958/AUTH_7aebe34b89554e87825206ce40aeb2f7/gnocchi.72011735-1e15-4582-a236-d7784608be7a/none_v3" 201 - "PUT http://[::1]:8080/3/200942/AUTH_7aebe34b89554e87825206ce40aeb2f7/gnocchi.72011735-1e15-4582-a236-d7784608be7a/none_v3" "tx373d949085ad499ea0865-0068e33afe" "object-server 93954" 0.0007 "-" 93621 0
Oct 05 23:43:58 np0005471485.novalocal object-server[93955]: ::1 - - [06/Oct/2025:03:43:58 +0000] "PUT /1/200942/AUTH_7aebe34b89554e87825206ce40aeb2f7/gnocchi.72011735-1e15-4582-a236-d7784608be7a/none_v3" 201 - "PUT https://[::1]:8080/v1/AUTH_7aebe34b89554e87825206ce40aeb2f7/gnocchi.72011735-1e15-4582-a236-d7784608be7a/none_v3" "tx373d949085ad499ea0865-0068e33afe" "proxy-server 94957" 0.0088 "-" 93955 0
Oct 05 23:43:58 np0005471485.novalocal object-server[93954]: ::1 - - [06/Oct/2025:03:43:58 +0000] "PUT /3/200942/AUTH_7aebe34b89554e87825206ce40aeb2f7/gnocchi.72011735-1e15-4582-a236-d7784608be7a/none_v3" 201 - "PUT https://[::1]:8080/v1/AUTH_7aebe34b89554e87825206ce40aeb2f7/gnocchi.72011735-1e15-4582-a236-d7784608be7a/none_v3" "tx373d949085ad499ea0865-0068e33afe" "proxy-server 94957" 0.0102 "-" 93954 0
Oct 05 23:43:58 np0005471485.novalocal container-server[93621]: ::1 - - [06/Oct/2025:03:43:58 +0000] "PUT /3/56958/AUTH_7aebe34b89554e87825206ce40aeb2f7/gnocchi.72011735-1e15-4582-a236-d7784608be7a/none_v3" 201 - "PUT http://[::1]:8080/2/200942/AUTH_7aebe34b89554e87825206ce40aeb2f7/gnocchi.72011735-1e15-4582-a236-d7784608be7a/none_v3" "tx373d949085ad499ea0865-0068e33afe" "object-server 93955" 0.0006 "-" 93621 0
Oct 05 23:43:58 np0005471485.novalocal object-server[93955]: ::1 - - [06/Oct/2025:03:43:58 +0000] "PUT /2/200942/AUTH_7aebe34b89554e87825206ce40aeb2f7/gnocchi.72011735-1e15-4582-a236-d7784608be7a/none_v3" 201 - "PUT https://[::1]:8080/v1/AUTH_7aebe34b89554e87825206ce40aeb2f7/gnocchi.72011735-1e15-4582-a236-d7784608be7a/none_v3" "tx373d949085ad499ea0865-0068e33afe" "proxy-server 94957" 0.0136 "-" 93955 0
Oct 05 23:43:58 np0005471485.novalocal proxy-server[94957]: ::1 ::1 06/Oct/2025/03/43/58 PUT /v1/AUTH_7aebe34b89554e87825206ce40aeb2f7/gnocchi.72011735-1e15-4582-a236-d7784608be7a/none_v3 HTTP/1.0 201 - python-swiftclient-4.8.0 gAAAAABo4zrG_lV4... 22 - - tx373d949085ad499ea0865-0068e33afe - 0.0214 - - 1759722238.008442163 1759722238.029883146 0 7b03bd18aea8470cbeb747235c58da52
Oct 05 23:43:58 np0005471485.novalocal account-server[93329]: ::1 - - [06/Oct/2025:03:43:58 +0000] "PUT /3/145150/AUTH_7aebe34b89554e87825206ce40aeb2f7/gnocchi.d3a76a14-3283-4877-9bec-34600f149c4f" 201 - "-" "-" "container-updater 92792" 0.0005 "-" 93329 0
Oct 05 23:43:58 np0005471485.novalocal account-server[93329]: ::1 - - [06/Oct/2025:03:43:58 +0000] "PUT /2/145150/AUTH_7aebe34b89554e87825206ce40aeb2f7/gnocchi.d3a76a14-3283-4877-9bec-34600f149c4f" 201 - "-" "-" "container-updater 92792" 0.0003 "-" 93329 0
Oct 05 23:43:58 np0005471485.novalocal account-server[93328]: ::1 - - [06/Oct/2025:03:43:58 +0000] "PUT /1/145150/AUTH_7aebe34b89554e87825206ce40aeb2f7/gnocchi.d3a76a14-3283-4877-9bec-34600f149c4f" 201 - "-" "-" "container-updater 92792" 0.0004 "-" 93328 0
Oct 05 23:43:58 np0005471485.novalocal account-server[93328]: ::1 - - [06/Oct/2025:03:43:58 +0000] "PUT /3/145150/AUTH_7aebe34b89554e87825206ce40aeb2f7/gnocchi.e0665dff-a464-4e7b-979b-077ba64b2774" 201 - "-" "-" "container-updater 92792" 0.0004 "-" 93328 0
Oct 05 23:43:58 np0005471485.novalocal account-server[93328]: ::1 - - [06/Oct/2025:03:43:58 +0000] "PUT /1/145150/AUTH_7aebe34b89554e87825206ce40aeb2f7/gnocchi.e0665dff-a464-4e7b-979b-077ba64b2774" 201 - "-" "-" "container-updater 92792" 0.0002 "-" 93328 0
Oct 05 23:43:58 np0005471485.novalocal account-server[93328]: ::1 - - [06/Oct/2025:03:43:58 +0000] "PUT /2/145150/AUTH_7aebe34b89554e87825206ce40aeb2f7/gnocchi.e0665dff-a464-4e7b-979b-077ba64b2774" 201 - "-" "-" "container-updater 92792" 0.0002 "-" 93328 0
Oct 05 23:43:58 np0005471485.novalocal account-server[93328]: ::1 - - [06/Oct/2025:03:43:58 +0000] "PUT /3/145150/AUTH_7aebe34b89554e87825206ce40aeb2f7/gnocchi.9be7ba4b-176a-48d6-be9a-57ad8f32bb65" 201 - "-" "-" "container-updater 92792" 0.0005 "-" 93328 0
Oct 05 23:43:58 np0005471485.novalocal account-server[93329]: ::1 - - [06/Oct/2025:03:43:58 +0000] "PUT /2/145150/AUTH_7aebe34b89554e87825206ce40aeb2f7/gnocchi.9be7ba4b-176a-48d6-be9a-57ad8f32bb65" 201 - "-" "-" "container-updater 92792" 0.0004 "-" 93329 0
Oct 05 23:43:58 np0005471485.novalocal account-server[93329]: ::1 - - [06/Oct/2025:03:43:58 +0000] "PUT /1/145150/AUTH_7aebe34b89554e87825206ce40aeb2f7/gnocchi.9be7ba4b-176a-48d6-be9a-57ad8f32bb65" 201 - "-" "-" "container-updater 92792" 0.0002 "-" 93329 0
Oct 05 23:43:58 np0005471485.novalocal container-updater[92792]: Container update sweep completed: 6.22s
Oct 05 23:43:58 np0005471485.novalocal kernel: tapc4243e39-e3: entered promiscuous mode
Oct 05 23:43:58 np0005471485.novalocal NetworkManager[862]: [1759722238.9567] manager: (tapc4243e39-e3): 'openvswitch' plugin not available; creating generic device
Oct 05 23:43:58 np0005471485.novalocal NetworkManager[862]: [1759722238.9580] manager: (tapc4243e39-e3): new Generic device (/org/freedesktop/NetworkManager/Devices/30)
Oct 05 23:43:59 np0005471485.novalocal kernel: qr-7e732aeb-5e: entered promiscuous mode
Oct 05 23:43:59 np0005471485.novalocal NetworkManager[862]: [1759722239.5660] manager: (qr-7e732aeb-5e): 'openvswitch' plugin not available; creating generic device
Oct 05 23:43:59 np0005471485.novalocal systemd-udevd[102494]: Network interface NamePolicy= disabled on kernel command line.
Oct 05 23:43:59 np0005471485.novalocal NetworkManager[862]: [1759722239.5677] manager: (qr-7e732aeb-5e): new Generic device (/org/freedesktop/NetworkManager/Devices/31)
Oct 05 23:44:00 np0005471485.novalocal kernel: qg-5e9e4a00-35: entered promiscuous mode
Oct 05 23:44:00 np0005471485.novalocal NetworkManager[862]: [1759722240.2012] manager: (qg-5e9e4a00-35): 'openvswitch' plugin not available; creating generic device
Oct 05 23:44:00 np0005471485.novalocal NetworkManager[862]: [1759722240.2029] manager: (qg-5e9e4a00-35): new Generic device (/org/freedesktop/NetworkManager/Devices/32)
Oct 05 23:44:00 np0005471485.novalocal systemd[1]: Starting system activity accounting tool...
Oct 05 23:44:00 np0005471485.novalocal dnsmasq[102572]: started, version 2.85 cachesize 150
Oct 05 23:44:00 np0005471485.novalocal dnsmasq[102572]: DNS service limited to local subnets
Oct 05 23:44:00 np0005471485.novalocal dnsmasq[102572]: compile time options: IPv6 GNU-getopt DBus no-UBus no-i18n IDN2 DHCP DHCPv6 no-Lua TFTP no-conntrack ipset auth cryptohash DNSSEC loop-detect inotify dumpfile
Oct 05 23:44:00 np0005471485.novalocal dnsmasq[102572]: warning: no upstream servers configured
Oct 05 23:44:00 np0005471485.novalocal dnsmasq-dhcp[102572]: DHCP, static leases only on 10.100.0.0, lease time 1d
Oct 05 23:44:00 np0005471485.novalocal dnsmasq[102572]: read /var/lib/neutron/dhcp/1cac5c80-4515-4e2b-8e07-ed10dc6918f2/addn_hosts - 0 addresses
Oct 05 23:44:00 np0005471485.novalocal dnsmasq-dhcp[102572]: read /var/lib/neutron/dhcp/1cac5c80-4515-4e2b-8e07-ed10dc6918f2/host
Oct 05 23:44:00 np0005471485.novalocal dnsmasq-dhcp[102572]: read /var/lib/neutron/dhcp/1cac5c80-4515-4e2b-8e07-ed10dc6918f2/opts
Oct 05 23:44:00 np0005471485.novalocal systemd[1]: sysstat-collect.service: Deactivated successfully.
Oct 05 23:44:00 np0005471485.novalocal systemd[1]: Finished system activity accounting tool.
Oct 05 23:44:01 np0005471485.novalocal object-server[93955]: ::1 - - [06/Oct/2025:03:44:01 +0000] "GET /1/204614/AUTH_7aebe34b89554e87825206ce40aeb2f7/gnocchi.5189e135-58c3-4242-922c-200678906b49/none_v3" 200 32 "GET https://[::1]:8080/v1/AUTH_7aebe34b89554e87825206ce40aeb2f7/gnocchi.5189e135-58c3-4242-922c-200678906b49/none_v3" "txada64f05b3ee48d683e48-0068e33b01" "proxy-server 94957" 0.0011 "-" 93955 0
Oct 05 23:44:01 np0005471485.novalocal proxy-server[94957]: ::1 ::1 06/Oct/2025/03/44/01 GET /v1/AUTH_7aebe34b89554e87825206ce40aeb2f7/gnocchi.5189e135-58c3-4242-922c-200678906b49/none_v3 HTTP/1.0 200 - python-swiftclient-4.8.0 gAAAAABo4zrG_lV4... - 32 - txada64f05b3ee48d683e48-0068e33b01 - 0.0109 - - 1759722241.154466391 1759722241.165382147 0 7b03bd18aea8470cbeb747235c58da52
Oct 05 23:44:01 np0005471485.novalocal container-server[93621]: ::1 - - [06/Oct/2025:03:44:01 +0000] "GET /3/159941/AUTH_7aebe34b89554e87825206ce40aeb2f7/gnocchi.5189e135-58c3-4242-922c-200678906b49" 200 357 "GET https://[::1]:8080/v1/AUTH_7aebe34b89554e87825206ce40aeb2f7/gnocchi.5189e135-58c3-4242-922c-200678906b49?format=json&states=listing" "txed2966ac44c442ce80509-0068e33b01" "proxy-server 94957" 0.0051 "-" 93621 0
Oct 05 23:44:01 np0005471485.novalocal proxy-server[94957]: ::1 ::1 06/Oct/2025/03/44/01 GET /v1/AUTH_7aebe34b89554e87825206ce40aeb2f7/gnocchi.5189e135-58c3-4242-922c-200678906b49%3Fformat%3Djson%26states%3Dlisting HTTP/1.0 200 - python-swiftclient-4.8.0 gAAAAABo4zrG_lV4... - 357 - txed2966ac44c442ce80509-0068e33b01 - 0.0203 - - 1759722241.174889326 1759722241.195236206 0 7b03bd18aea8470cbeb747235c58da52
Oct 05 23:44:01 np0005471485.novalocal container-server[93622]: ::1 - - [06/Oct/2025:03:44:01 +0000] "GET /3/159941/AUTH_7aebe34b89554e87825206ce40aeb2f7/gnocchi.5189e135-58c3-4242-922c-200678906b49" 200 2 "GET https://[::1]:8080/v1/AUTH_7aebe34b89554e87825206ce40aeb2f7/gnocchi.5189e135-58c3-4242-922c-200678906b49?format=json&marker=none_v3&states=listing" "tx5a58c90a561240adb25bd-0068e33b01" "proxy-server 94957" 0.0025 "-" 93622 0
Oct 05 23:44:01 np0005471485.novalocal proxy-server[94957]: ::1 ::1 06/Oct/2025/03/44/01 GET /v1/AUTH_7aebe34b89554e87825206ce40aeb2f7/gnocchi.5189e135-58c3-4242-922c-200678906b49%3Fformat%3Djson%26marker%3Dnone_v3%26states%3Dlisting HTTP/1.0 200 - python-swiftclient-4.8.0 gAAAAABo4zrG_lV4... - 2 - tx5a58c90a561240adb25bd-0068e33b01 - 0.0252 - - 1759722241.207384586 1759722241.232616663 0 7b03bd18aea8470cbeb747235c58da52
Oct 05 23:44:01 np0005471485.novalocal object-server[93954]: ::1 - - [06/Oct/2025:03:44:01 +0000] "GET /2/80232/AUTH_7aebe34b89554e87825206ce40aeb2f7/gnocchi.5189e135-58c3-4242-922c-200678906b49/1759320000.0_mean_300.0_v3" 200 16 "GET https://[::1]:8080/v1/AUTH_7aebe34b89554e87825206ce40aeb2f7/gnocchi.5189e135-58c3-4242-922c-200678906b49/1759320000.0_mean_300.0_v3" "txb9b4866182614a6da21c0-0068e33b01" "proxy-server 94957" 0.0007 "-" 93954 0
Oct 05 23:44:01 np0005471485.novalocal proxy-server[94957]: ::1 ::1 06/Oct/2025/03/44/01 GET /v1/AUTH_7aebe34b89554e87825206ce40aeb2f7/gnocchi.5189e135-58c3-4242-922c-200678906b49/1759320000.0_mean_300.0_v3 HTTP/1.0 200 - python-swiftclient-4.8.0 gAAAAABo4zrG_lV4... - 16 - txb9b4866182614a6da21c0-0068e33b01 - 0.0171 - - 1759722241.238160610 1759722241.255263567 0 7b03bd18aea8470cbeb747235c58da52
Oct 05 23:44:01 np0005471485.novalocal container-server[93621]: ::1 - - [06/Oct/2025:03:44:01 +0000] "PUT /3/159941/AUTH_7aebe34b89554e87825206ce40aeb2f7/gnocchi.5189e135-58c3-4242-922c-200678906b49/1759320000.0_mean_300.0_v3" 201 - "PUT http://[::1]:8080/1/80232/AUTH_7aebe34b89554e87825206ce40aeb2f7/gnocchi.5189e135-58c3-4242-922c-200678906b49/1759320000.0_mean_300.0_v3" "tx3c943200805b4fe1b11db-0068e33b01" "object-server 93954" 0.0009 "-" 93621 0
Oct 05 23:44:01 np0005471485.novalocal container-server[93621]: ::1 - - [06/Oct/2025:03:44:01 +0000] "PUT /1/159941/AUTH_7aebe34b89554e87825206ce40aeb2f7/gnocchi.5189e135-58c3-4242-922c-200678906b49/1759320000.0_mean_300.0_v3" 201 - "PUT http://[::1]:8080/3/80232/AUTH_7aebe34b89554e87825206ce40aeb2f7/gnocchi.5189e135-58c3-4242-922c-200678906b49/1759320000.0_mean_300.0_v3" "tx3c943200805b4fe1b11db-0068e33b01" "object-server 93955" 0.0009 "-" 93621 0
Oct 05 23:44:01 np0005471485.novalocal object-server[93954]: ::1 - - [06/Oct/2025:03:44:01 +0000] "PUT /1/80232/AUTH_7aebe34b89554e87825206ce40aeb2f7/gnocchi.5189e135-58c3-4242-922c-200678906b49/1759320000.0_mean_300.0_v3" 201 - "PUT https://[::1]:8080/v1/AUTH_7aebe34b89554e87825206ce40aeb2f7/gnocchi.5189e135-58c3-4242-922c-200678906b49/1759320000.0_mean_300.0_v3" "tx3c943200805b4fe1b11db-0068e33b01" "proxy-server 94957" 0.0264 "-" 93954 0
Oct 05 23:44:01 np0005471485.novalocal object-server[93955]: ::1 - - [06/Oct/2025:03:44:01 +0000] "PUT /3/80232/AUTH_7aebe34b89554e87825206ce40aeb2f7/gnocchi.5189e135-58c3-4242-922c-200678906b49/1759320000.0_mean_300.0_v3" 201 - "PUT https://[::1]:8080/v1/AUTH_7aebe34b89554e87825206ce40aeb2f7/gnocchi.5189e135-58c3-4242-922c-200678906b49/1759320000.0_mean_300.0_v3" "tx3c943200805b4fe1b11db-0068e33b01" "proxy-server 94957" 0.0202 "-" 93955 0
Oct 05 23:44:01 np0005471485.novalocal container-server[93621]: ::1 - - [06/Oct/2025:03:44:01 +0000] "PUT /2/159941/AUTH_7aebe34b89554e87825206ce40aeb2f7/gnocchi.5189e135-58c3-4242-922c-200678906b49/1759320000.0_mean_300.0_v3" 201 - "PUT http://[::1]:8080/2/80232/AUTH_7aebe34b89554e87825206ce40aeb2f7/gnocchi.5189e135-58c3-4242-922c-200678906b49/1759320000.0_mean_300.0_v3" "tx3c943200805b4fe1b11db-0068e33b01" "object-server 93954" 0.0007 "-" 93621 0
Oct 05 23:44:01 np0005471485.novalocal object-server[93954]: ::1 - - [06/Oct/2025:03:44:01 +0000] "PUT /2/80232/AUTH_7aebe34b89554e87825206ce40aeb2f7/gnocchi.5189e135-58c3-4242-922c-200678906b49/1759320000.0_mean_300.0_v3" 201 - "PUT https://[::1]:8080/v1/AUTH_7aebe34b89554e87825206ce40aeb2f7/gnocchi.5189e135-58c3-4242-922c-200678906b49/1759320000.0_mean_300.0_v3" "tx3c943200805b4fe1b11db-0068e33b01" "proxy-server 94957" 0.0231 "-" 93954 0
Oct 05 23:44:01 np0005471485.novalocal proxy-server[94957]: ::1 ::1 06/Oct/2025/03/44/01 PUT /v1/AUTH_7aebe34b89554e87825206ce40aeb2f7/gnocchi.5189e135-58c3-4242-922c-200678906b49/1759320000.0_mean_300.0_v3 HTTP/1.0 201 - python-swiftclient-4.8.0 gAAAAABo4zrG_lV4... 16 - - tx3c943200805b4fe1b11db-0068e33b01 - 0.0454 - - 1759722241.259254694 1759722241.304661512 0 7b03bd18aea8470cbeb747235c58da52
Oct 05 23:44:01 np0005471485.novalocal container-server[93621]: ::1 - - [06/Oct/2025:03:44:01 +0000] "PUT /2/159941/AUTH_7aebe34b89554e87825206ce40aeb2f7/gnocchi.5189e135-58c3-4242-922c-200678906b49/none_v3" 201 - "PUT http://[::1]:8080/2/204614/AUTH_7aebe34b89554e87825206ce40aeb2f7/gnocchi.5189e135-58c3-4242-922c-200678906b49/none_v3" "tx7d9a7ae7d7f7493d96782-0068e33b01" "object-server 93954" 0.0006 "-" 93621 0
Oct 05 23:44:01 np0005471485.novalocal object-server[93954]: ::1 - - [06/Oct/2025:03:44:01 +0000] "PUT /2/204614/AUTH_7aebe34b89554e87825206ce40aeb2f7/gnocchi.5189e135-58c3-4242-922c-200678906b49/none_v3" 201 - "PUT https://[::1]:8080/v1/AUTH_7aebe34b89554e87825206ce40aeb2f7/gnocchi.5189e135-58c3-4242-922c-200678906b49/none_v3" "tx7d9a7ae7d7f7493d96782-0068e33b01" "proxy-server 94957" 0.0125 "-" 93954 0
Oct 05 23:44:01 np0005471485.novalocal container-server[93622]: ::1 - - [06/Oct/2025:03:44:01 +0000] "PUT /1/159941/AUTH_7aebe34b89554e87825206ce40aeb2f7/gnocchi.5189e135-58c3-4242-922c-200678906b49/none_v3" 201 - "PUT http://[::1]:8080/3/204614/AUTH_7aebe34b89554e87825206ce40aeb2f7/gnocchi.5189e135-58c3-4242-922c-200678906b49/none_v3" "tx7d9a7ae7d7f7493d96782-0068e33b01" "object-server 93954" 0.0012 "-" 93622 0
Oct 05 23:44:01 np0005471485.novalocal container-server[93621]: ::1 - - [06/Oct/2025:03:44:01 +0000] "PUT /3/159941/AUTH_7aebe34b89554e87825206ce40aeb2f7/gnocchi.5189e135-58c3-4242-922c-200678906b49/none_v3" 201 - "PUT http://[::1]:8080/1/204614/AUTH_7aebe34b89554e87825206ce40aeb2f7/gnocchi.5189e135-58c3-4242-922c-200678906b49/none_v3" "tx7d9a7ae7d7f7493d96782-0068e33b01" "object-server 93954" 0.0005 "-" 93621 0
Oct 05 23:44:01 np0005471485.novalocal object-server[93954]: ::1 - - [06/Oct/2025:03:44:01 +0000] "PUT /1/204614/AUTH_7aebe34b89554e87825206ce40aeb2f7/gnocchi.5189e135-58c3-4242-922c-200678906b49/none_v3" 201 - "PUT https://[::1]:8080/v1/AUTH_7aebe34b89554e87825206ce40aeb2f7/gnocchi.5189e135-58c3-4242-922c-200678906b49/none_v3" "tx7d9a7ae7d7f7493d96782-0068e33b01" "proxy-server 94957" 0.0195 "-" 93954 0
Oct 05 23:44:01 np0005471485.novalocal object-server[93954]: ::1 - - [06/Oct/2025:03:44:01 +0000] "PUT /3/204614/AUTH_7aebe34b89554e87825206ce40aeb2f7/gnocchi.5189e135-58c3-4242-922c-200678906b49/none_v3" 201 - "PUT https://[::1]:8080/v1/AUTH_7aebe34b89554e87825206ce40aeb2f7/gnocchi.5189e135-58c3-4242-922c-200678906b49/none_v3" "tx7d9a7ae7d7f7493d96782-0068e33b01" "proxy-server 94957" 0.0233 "-" 93954 0
Oct 05 23:44:01 np0005471485.novalocal proxy-server[94957]: ::1 ::1 06/Oct/2025/03/44/01 PUT /v1/AUTH_7aebe34b89554e87825206ce40aeb2f7/gnocchi.5189e135-58c3-4242-922c-200678906b49/none_v3 HTTP/1.0 201 - python-swiftclient-4.8.0 gAAAAABo4zrG_lV4... 46 - - tx7d9a7ae7d7f7493d96782-0068e33b01 - 0.0430 - - 1759722241.308329582 1759722241.351325512 0 7b03bd18aea8470cbeb747235c58da52
Oct 05 23:44:01 np0005471485.novalocal object-server[93954]: ::1 - - [06/Oct/2025:03:44:01 +0000] "GET /1/47604/AUTH_7aebe34b89554e87825206ce40aeb2f7/gnocchi.bb9b7488-c733-4623-994b-03a1e587fe4b/none_v3" 200 31 "GET https://[::1]:8080/v1/AUTH_7aebe34b89554e87825206ce40aeb2f7/gnocchi.bb9b7488-c733-4623-994b-03a1e587fe4b/none_v3" "txb6355a820dbb45a281041-0068e33b01" "proxy-server 94957" 0.0008 "-" 93954 0
Oct 05 23:44:01 np0005471485.novalocal proxy-server[94957]: ::1 ::1 06/Oct/2025/03/44/01 GET /v1/AUTH_7aebe34b89554e87825206ce40aeb2f7/gnocchi.bb9b7488-c733-4623-994b-03a1e587fe4b/none_v3 HTTP/1.0 200 - python-swiftclient-4.8.0 gAAAAABo4zrG_lV4... - 31 - txb6355a820dbb45a281041-0068e33b01 - 0.0238 - - 1759722241.368848562 1759722241.392665386 0 7b03bd18aea8470cbeb747235c58da52
Oct 05 23:44:01 np0005471485.novalocal container-server[93621]: ::1 - - [06/Oct/2025:03:44:01 +0000] "GET /2/124958/AUTH_7aebe34b89554e87825206ce40aeb2f7/gnocchi.bb9b7488-c733-4623-994b-03a1e587fe4b" 200 357 "GET https://[::1]:8080/v1/AUTH_7aebe34b89554e87825206ce40aeb2f7/gnocchi.bb9b7488-c733-4623-994b-03a1e587fe4b?format=json&states=listing" "txeb7b70437e154cf286df6-0068e33b01" "proxy-server 94957" 0.0027 "-" 93621 0
Oct 05 23:44:01 np0005471485.novalocal proxy-server[94957]: ::1 ::1 06/Oct/2025/03/44/01 GET /v1/AUTH_7aebe34b89554e87825206ce40aeb2f7/gnocchi.bb9b7488-c733-4623-994b-03a1e587fe4b%3Fformat%3Djson%26states%3Dlisting HTTP/1.0 200 - python-swiftclient-4.8.0 gAAAAABo4zrG_lV4... - 357 - txeb7b70437e154cf286df6-0068e33b01 - 0.0101 - - 1759722241.398236275 1759722241.408312798 0 7b03bd18aea8470cbeb747235c58da52
Oct 05 23:44:01 np0005471485.novalocal container-server[93622]: ::1 - - [06/Oct/2025:03:44:01 +0000] "GET /2/124958/AUTH_7aebe34b89554e87825206ce40aeb2f7/gnocchi.bb9b7488-c733-4623-994b-03a1e587fe4b" 200 2 "GET https://[::1]:8080/v1/AUTH_7aebe34b89554e87825206ce40aeb2f7/gnocchi.bb9b7488-c733-4623-994b-03a1e587fe4b?format=json&marker=none_v3&states=listing" "tx60ec7dbe9716415085fb7-0068e33b01" "proxy-server 94957" 0.0046 "-" 93622 0
Oct 05 23:44:01 np0005471485.novalocal proxy-server[94957]: ::1 ::1 06/Oct/2025/03/44/01 GET /v1/AUTH_7aebe34b89554e87825206ce40aeb2f7/gnocchi.bb9b7488-c733-4623-994b-03a1e587fe4b%3Fformat%3Djson%26marker%3Dnone_v3%26states%3Dlisting HTTP/1.0 200 - python-swiftclient-4.8.0 gAAAAABo4zrG_lV4... - 2 - tx60ec7dbe9716415085fb7-0068e33b01 - 0.0134 - - 1759722241.412599564 1759722241.425995827 0 7b03bd18aea8470cbeb747235c58da52
Oct 05 23:44:01 np0005471485.novalocal object-server[93955]: ::1 - - [06/Oct/2025:03:44:01 +0000] "GET /3/27468/AUTH_7aebe34b89554e87825206ce40aeb2f7/gnocchi.bb9b7488-c733-4623-994b-03a1e587fe4b/1759320000.0_mean_300.0_v3" 200 16 "GET https://[::1]:8080/v1/AUTH_7aebe34b89554e87825206ce40aeb2f7/gnocchi.bb9b7488-c733-4623-994b-03a1e587fe4b/1759320000.0_mean_300.0_v3" "txdf10f54afedc4599884ac-0068e33b01" "proxy-server 94957" 0.0012 "-" 93955 0
Oct 05 23:44:01 np0005471485.novalocal proxy-server[94957]: ::1 ::1 06/Oct/2025/03/44/01 GET /v1/AUTH_7aebe34b89554e87825206ce40aeb2f7/gnocchi.bb9b7488-c733-4623-994b-03a1e587fe4b/1759320000.0_mean_300.0_v3 HTTP/1.0 200 - python-swiftclient-4.8.0 gAAAAABo4zrG_lV4... - 16 - txdf10f54afedc4599884ac-0068e33b01 - 0.0092 - - 1759722241.431213379 1759722241.440397263 0 7b03bd18aea8470cbeb747235c58da52
Oct 05 23:44:01 np0005471485.novalocal container-server[93621]: ::1 - - [06/Oct/2025:03:44:01 +0000] "PUT /3/124958/AUTH_7aebe34b89554e87825206ce40aeb2f7/gnocchi.bb9b7488-c733-4623-994b-03a1e587fe4b/1759320000.0_mean_300.0_v3" 201 - "PUT http://[::1]:8080/1/27468/AUTH_7aebe34b89554e87825206ce40aeb2f7/gnocchi.bb9b7488-c733-4623-994b-03a1e587fe4b/1759320000.0_mean_300.0_v3" "tx57bf2d3785034bd183070-0068e33b01" "object-server 93954" 0.0007 "-" 93621 0
Oct 05 23:44:01 np0005471485.novalocal object-server[93954]: ::1 - - [06/Oct/2025:03:44:01 +0000] "PUT /1/27468/AUTH_7aebe34b89554e87825206ce40aeb2f7/gnocchi.bb9b7488-c733-4623-994b-03a1e587fe4b/1759320000.0_mean_300.0_v3" 201 - "PUT https://[::1]:8080/v1/AUTH_7aebe34b89554e87825206ce40aeb2f7/gnocchi.bb9b7488-c733-4623-994b-03a1e587fe4b/1759320000.0_mean_300.0_v3" "tx57bf2d3785034bd183070-0068e33b01" "proxy-server 94957" 0.1906 "-" 93954 0
Oct 05 23:44:01 np0005471485.novalocal container-server[93622]: ::1 - - [06/Oct/2025:03:44:01 +0000] "PUT /2/124958/AUTH_7aebe34b89554e87825206ce40aeb2f7/gnocchi.bb9b7488-c733-4623-994b-03a1e587fe4b/1759320000.0_mean_300.0_v3" 201 - "PUT http://[::1]:8080/2/27468/AUTH_7aebe34b89554e87825206ce40aeb2f7/gnocchi.bb9b7488-c733-4623-994b-03a1e587fe4b/1759320000.0_mean_300.0_v3" "tx57bf2d3785034bd183070-0068e33b01" "object-server 93954" 0.0009 "-" 93622 0
Oct 05 23:44:01 np0005471485.novalocal object-server[93954]: ::1 - - [06/Oct/2025:03:44:01 +0000] "PUT /2/27468/AUTH_7aebe34b89554e87825206ce40aeb2f7/gnocchi.bb9b7488-c733-4623-994b-03a1e587fe4b/1759320000.0_mean_300.0_v3" 201 - "PUT https://[::1]:8080/v1/AUTH_7aebe34b89554e87825206ce40aeb2f7/gnocchi.bb9b7488-c733-4623-994b-03a1e587fe4b/1759320000.0_mean_300.0_v3" "tx57bf2d3785034bd183070-0068e33b01" "proxy-server 94957" 0.2157 "-" 93954 0
Oct 05 23:44:01 np0005471485.novalocal container-server[93622]: ::1 - - [06/Oct/2025:03:44:01 +0000] "PUT /1/124958/AUTH_7aebe34b89554e87825206ce40aeb2f7/gnocchi.bb9b7488-c733-4623-994b-03a1e587fe4b/1759320000.0_mean_300.0_v3" 201 - "PUT http://[::1]:8080/3/27468/AUTH_7aebe34b89554e87825206ce40aeb2f7/gnocchi.bb9b7488-c733-4623-994b-03a1e587fe4b/1759320000.0_mean_300.0_v3" "tx57bf2d3785034bd183070-0068e33b01" "object-server 93955" 0.0007 "-" 93622 0
Oct 05 23:44:01 np0005471485.novalocal object-server[93955]: ::1 - - [06/Oct/2025:03:44:01 +0000] "PUT /3/27468/AUTH_7aebe34b89554e87825206ce40aeb2f7/gnocchi.bb9b7488-c733-4623-994b-03a1e587fe4b/1759320000.0_mean_300.0_v3" 201 - "PUT https://[::1]:8080/v1/AUTH_7aebe34b89554e87825206ce40aeb2f7/gnocchi.bb9b7488-c733-4623-994b-03a1e587fe4b/1759320000.0_mean_300.0_v3" "tx57bf2d3785034bd183070-0068e33b01" "proxy-server 94957" 0.2131 "-" 93955 0
Oct 05 23:44:01 np0005471485.novalocal proxy-server[94957]: ::1 ::1 06/Oct/2025/03/44/01 PUT /v1/AUTH_7aebe34b89554e87825206ce40aeb2f7/gnocchi.bb9b7488-c733-4623-994b-03a1e587fe4b/1759320000.0_mean_300.0_v3 HTTP/1.0 201 - python-swiftclient-4.8.0 gAAAAABo4zrG_lV4... 16 - - tx57bf2d3785034bd183070-0068e33b01 - 0.2287 - - 1759722241.445253849 1759722241.673969984 0 7b03bd18aea8470cbeb747235c58da52
Oct 05 23:44:01 np0005471485.novalocal container-server[93621]: ::1 - - [06/Oct/2025:03:44:01 +0000] "PUT /3/124958/AUTH_7aebe34b89554e87825206ce40aeb2f7/gnocchi.bb9b7488-c733-4623-994b-03a1e587fe4b/none_v3" 201 - "PUT http://[::1]:8080/2/47604/AUTH_7aebe34b89554e87825206ce40aeb2f7/gnocchi.bb9b7488-c733-4623-994b-03a1e587fe4b/none_v3" "tx5b5446867b7a4e3fba9c3-0068e33b01" "object-server 93955" 0.0008 "-" 93621 0
Oct 05 23:44:01 np0005471485.novalocal container-server[93621]: ::1 - - [06/Oct/2025:03:44:01 +0000] "PUT /1/124958/AUTH_7aebe34b89554e87825206ce40aeb2f7/gnocchi.bb9b7488-c733-4623-994b-03a1e587fe4b/none_v3" 201 - "PUT http://[::1]:8080/1/47604/AUTH_7aebe34b89554e87825206ce40aeb2f7/gnocchi.bb9b7488-c733-4623-994b-03a1e587fe4b/none_v3" "tx5b5446867b7a4e3fba9c3-0068e33b01" "object-server 93955" 0.0006 "-" 93621 0
Oct 05 23:44:01 np0005471485.novalocal object-server[93955]: ::1 - - [06/Oct/2025:03:44:01 +0000] "PUT /2/47604/AUTH_7aebe34b89554e87825206ce40aeb2f7/gnocchi.bb9b7488-c733-4623-994b-03a1e587fe4b/none_v3" 201 - "PUT https://[::1]:8080/v1/AUTH_7aebe34b89554e87825206ce40aeb2f7/gnocchi.bb9b7488-c733-4623-994b-03a1e587fe4b/none_v3" "tx5b5446867b7a4e3fba9c3-0068e33b01" "proxy-server 94957" 0.0462 "-" 93955 0
Oct 05 23:44:01 np0005471485.novalocal object-server[93955]: ::1 - - [06/Oct/2025:03:44:01 +0000] "PUT /1/47604/AUTH_7aebe34b89554e87825206ce40aeb2f7/gnocchi.bb9b7488-c733-4623-994b-03a1e587fe4b/none_v3" 201 - "PUT https://[::1]:8080/v1/AUTH_7aebe34b89554e87825206ce40aeb2f7/gnocchi.bb9b7488-c733-4623-994b-03a1e587fe4b/none_v3" "tx5b5446867b7a4e3fba9c3-0068e33b01" "proxy-server 94957" 0.0447 "-" 93955 0
Oct 05 23:44:01 np0005471485.novalocal container-server[93622]: ::1 - - [06/Oct/2025:03:44:01 +0000] "PUT /2/124958/AUTH_7aebe34b89554e87825206ce40aeb2f7/gnocchi.bb9b7488-c733-4623-994b-03a1e587fe4b/none_v3" 201 - "PUT http://[::1]:8080/3/47604/AUTH_7aebe34b89554e87825206ce40aeb2f7/gnocchi.bb9b7488-c733-4623-994b-03a1e587fe4b/none_v3" "tx5b5446867b7a4e3fba9c3-0068e33b01" "object-server 93955" 0.0010 "-" 93622 0
Oct 05 23:44:01 np0005471485.novalocal object-server[93955]: ::1 - - [06/Oct/2025:03:44:01 +0000] "PUT /3/47604/AUTH_7aebe34b89554e87825206ce40aeb2f7/gnocchi.bb9b7488-c733-4623-994b-03a1e587fe4b/none_v3" 201 - "PUT https://[::1]:8080/v1/AUTH_7aebe34b89554e87825206ce40aeb2f7/gnocchi.bb9b7488-c733-4623-994b-03a1e587fe4b/none_v3" "tx5b5446867b7a4e3fba9c3-0068e33b01" "proxy-server 94957" 0.0466 "-" 93955 0
Oct 05 23:44:01 np0005471485.novalocal proxy-server[94957]: ::1 ::1 06/Oct/2025/03/44/01 PUT /v1/AUTH_7aebe34b89554e87825206ce40aeb2f7/gnocchi.bb9b7488-c733-4623-994b-03a1e587fe4b/none_v3 HTTP/1.0 201 - python-swiftclient-4.8.0 gAAAAABo4zrG_lV4... 44 - - tx5b5446867b7a4e3fba9c3-0068e33b01 - 0.0801 - - 1759722241.678266287 1759722241.758335829 0 7b03bd18aea8470cbeb747235c58da52
Oct 05 23:44:01 np0005471485.novalocal object-server[93954]: ::1 - - [06/Oct/2025:03:44:01 +0000] "GET /1/68040/AUTH_7aebe34b89554e87825206ce40aeb2f7/gnocchi.9d08177d-f005-4077-93cb-0ab3f3ffc960/none_v3" 200 32 "GET https://[::1]:8080/v1/AUTH_7aebe34b89554e87825206ce40aeb2f7/gnocchi.9d08177d-f005-4077-93cb-0ab3f3ffc960/none_v3" "txf14f768a8b1241ff86778-0068e33b01" "proxy-server 94957" 0.0007 "-" 93954 0
Oct 05 23:44:01 np0005471485.novalocal proxy-server[94957]: ::1 ::1 06/Oct/2025/03/44/01 GET /v1/AUTH_7aebe34b89554e87825206ce40aeb2f7/gnocchi.9d08177d-f005-4077-93cb-0ab3f3ffc960/none_v3 HTTP/1.0 200 - python-swiftclient-4.8.0 gAAAAABo4zrG_lV4... - 32 - txf14f768a8b1241ff86778-0068e33b01 - 0.0099 - - 1759722241.815735102 1759722241.825592041 0 7b03bd18aea8470cbeb747235c58da52
Oct 05 23:44:01 np0005471485.novalocal container-server[93621]: ::1 - - [06/Oct/2025:03:44:01 +0000] "GET /2/254353/AUTH_7aebe34b89554e87825206ce40aeb2f7/gnocchi.9d08177d-f005-4077-93cb-0ab3f3ffc960" 200 357 "GET https://[::1]:8080/v1/AUTH_7aebe34b89554e87825206ce40aeb2f7/gnocchi.9d08177d-f005-4077-93cb-0ab3f3ffc960?format=json&states=listing" "tx293121ca66fb484daafd6-0068e33b01" "proxy-server 94957" 0.0040 "-" 93621 0
Oct 05 23:44:01 np0005471485.novalocal proxy-server[94957]: ::1 ::1 06/Oct/2025/03/44/01 GET /v1/AUTH_7aebe34b89554e87825206ce40aeb2f7/gnocchi.9d08177d-f005-4077-93cb-0ab3f3ffc960%3Fformat%3Djson%26states%3Dlisting HTTP/1.0 200 - python-swiftclient-4.8.0 gAAAAABo4zrG_lV4... - 357 - tx293121ca66fb484daafd6-0068e33b01 - 0.0145 - - 1759722241.830779076 1759722241.845319986 0 7b03bd18aea8470cbeb747235c58da52
Oct 05 23:44:01 np0005471485.novalocal container-server[93621]: ::1 - - [06/Oct/2025:03:44:01 +0000] "GET /2/254353/AUTH_7aebe34b89554e87825206ce40aeb2f7/gnocchi.9d08177d-f005-4077-93cb-0ab3f3ffc960" 200 2 "GET https://[::1]:8080/v1/AUTH_7aebe34b89554e87825206ce40aeb2f7/gnocchi.9d08177d-f005-4077-93cb-0ab3f3ffc960?format=json&marker=none_v3&states=listing" "txea47f8b843ce45c1b5d9c-0068e33b01" "proxy-server 94957" 0.0038 "-" 93621 0
Oct 05 23:44:01 np0005471485.novalocal proxy-server[94957]: ::1 ::1 06/Oct/2025/03/44/01 GET /v1/AUTH_7aebe34b89554e87825206ce40aeb2f7/gnocchi.9d08177d-f005-4077-93cb-0ab3f3ffc960%3Fformat%3Djson%26marker%3Dnone_v3%26states%3Dlisting HTTP/1.0 200 - python-swiftclient-4.8.0 gAAAAABo4zrG_lV4... - 2 - txea47f8b843ce45c1b5d9c-0068e33b01 - 0.0142 - - 1759722241.848794460 1759722241.862981319 0 7b03bd18aea8470cbeb747235c58da52
Oct 05 23:44:01 np0005471485.novalocal object-server[93955]: ::1 - - [06/Oct/2025:03:44:01 +0000] "GET /2/161274/AUTH_7aebe34b89554e87825206ce40aeb2f7/gnocchi.9d08177d-f005-4077-93cb-0ab3f3ffc960/1759320000.0_mean_300.0_v3" 200 16 "GET https://[::1]:8080/v1/AUTH_7aebe34b89554e87825206ce40aeb2f7/gnocchi.9d08177d-f005-4077-93cb-0ab3f3ffc960/1759320000.0_mean_300.0_v3" "txb56075fc8d574daa8d58d-0068e33b01" "proxy-server 94957" 0.0012 "-" 93955 0
Oct 05 23:44:01 np0005471485.novalocal proxy-server[94957]: ::1 ::1 06/Oct/2025/03/44/01 GET /v1/AUTH_7aebe34b89554e87825206ce40aeb2f7/gnocchi.9d08177d-f005-4077-93cb-0ab3f3ffc960/1759320000.0_mean_300.0_v3 HTTP/1.0 200 - python-swiftclient-4.8.0 gAAAAABo4zrG_lV4... - 16 - txb56075fc8d574daa8d58d-0068e33b01 - 0.0116 - - 1759722241.868134975 1759722241.879723072 0 7b03bd18aea8470cbeb747235c58da52
Oct 05 23:44:01 np0005471485.novalocal container-server[93621]: ::1 - - [06/Oct/2025:03:44:01 +0000] "PUT /1/254353/AUTH_7aebe34b89554e87825206ce40aeb2f7/gnocchi.9d08177d-f005-4077-93cb-0ab3f3ffc960/1759320000.0_mean_300.0_v3" 201 - "PUT http://[::1]:8080/1/161274/AUTH_7aebe34b89554e87825206ce40aeb2f7/gnocchi.9d08177d-f005-4077-93cb-0ab3f3ffc960/1759320000.0_mean_300.0_v3" "txd8f57172c6bf4eceafb2a-0068e33b01" "object-server 93954" 0.0006 "-" 93621 0
Oct 05 23:44:01 np0005471485.novalocal object-server[93954]: ::1 - - [06/Oct/2025:03:44:01 +0000] "PUT /1/161274/AUTH_7aebe34b89554e87825206ce40aeb2f7/gnocchi.9d08177d-f005-4077-93cb-0ab3f3ffc960/1759320000.0_mean_300.0_v3" 201 - "PUT https://[::1]:8080/v1/AUTH_7aebe34b89554e87825206ce40aeb2f7/gnocchi.9d08177d-f005-4077-93cb-0ab3f3ffc960/1759320000.0_mean_300.0_v3" "txd8f57172c6bf4eceafb2a-0068e33b01" "proxy-server 94957" 0.0149 "-" 93954 0
Oct 05 23:44:01 np0005471485.novalocal container-server[93622]: ::1 - - [06/Oct/2025:03:44:01 +0000] "PUT /3/254353/AUTH_7aebe34b89554e87825206ce40aeb2f7/gnocchi.9d08177d-f005-4077-93cb-0ab3f3ffc960/1759320000.0_mean_300.0_v3" 201 - "PUT http://[::1]:8080/2/161274/AUTH_7aebe34b89554e87825206ce40aeb2f7/gnocchi.9d08177d-f005-4077-93cb-0ab3f3ffc960/1759320000.0_mean_300.0_v3" "txd8f57172c6bf4eceafb2a-0068e33b01" "object-server 93955" 0.0006 "-" 93622 0
Oct 05 23:44:01 np0005471485.novalocal container-server[93621]: ::1 - - [06/Oct/2025:03:44:01 +0000] "PUT /2/254353/AUTH_7aebe34b89554e87825206ce40aeb2f7/gnocchi.9d08177d-f005-4077-93cb-0ab3f3ffc960/1759320000.0_mean_300.0_v3" 201 - "PUT http://[::1]:8080/3/161274/AUTH_7aebe34b89554e87825206ce40aeb2f7/gnocchi.9d08177d-f005-4077-93cb-0ab3f3ffc960/1759320000.0_mean_300.0_v3" "txd8f57172c6bf4eceafb2a-0068e33b01" "object-server 93955" 0.0011 "-" 93621 0
Oct 05 23:44:01 np0005471485.novalocal object-server[93955]: ::1 - - [06/Oct/2025:03:44:01 +0000] "PUT /2/161274/AUTH_7aebe34b89554e87825206ce40aeb2f7/gnocchi.9d08177d-f005-4077-93cb-0ab3f3ffc960/1759320000.0_mean_300.0_v3" 201 - "PUT https://[::1]:8080/v1/AUTH_7aebe34b89554e87825206ce40aeb2f7/gnocchi.9d08177d-f005-4077-93cb-0ab3f3ffc960/1759320000.0_mean_300.0_v3" "txd8f57172c6bf4eceafb2a-0068e33b01" "proxy-server 94957" 0.0178 "-" 93955 0
Oct 05 23:44:01 np0005471485.novalocal object-server[93955]: ::1 - - [06/Oct/2025:03:44:01 +0000] "PUT /3/161274/AUTH_7aebe34b89554e87825206ce40aeb2f7/gnocchi.9d08177d-f005-4077-93cb-0ab3f3ffc960/1759320000.0_mean_300.0_v3" 201 - "PUT https://[::1]:8080/v1/AUTH_7aebe34b89554e87825206ce40aeb2f7/gnocchi.9d08177d-f005-4077-93cb-0ab3f3ffc960/1759320000.0_mean_300.0_v3" "txd8f57172c6bf4eceafb2a-0068e33b01" "proxy-server 94957" 0.0175 "-" 93955 0
Oct 05 23:44:01 np0005471485.novalocal proxy-server[94957]: ::1 ::1 06/Oct/2025/03/44/01 PUT /v1/AUTH_7aebe34b89554e87825206ce40aeb2f7/gnocchi.9d08177d-f005-4077-93cb-0ab3f3ffc960/1759320000.0_mean_300.0_v3 HTTP/1.0 201 - python-swiftclient-4.8.0 gAAAAABo4zrG_lV4... 16 - - txd8f57172c6bf4eceafb2a-0068e33b01 - 0.0290 - - 1759722241.883902550 1759722241.912943125 0 7b03bd18aea8470cbeb747235c58da52
Oct 05 23:44:01 np0005471485.novalocal container-server[93621]: ::1 - - [06/Oct/2025:03:44:01 +0000] "PUT /3/254353/AUTH_7aebe34b89554e87825206ce40aeb2f7/gnocchi.9d08177d-f005-4077-93cb-0ab3f3ffc960/none_v3" 201 - "PUT http://[::1]:8080/1/68040/AUTH_7aebe34b89554e87825206ce40aeb2f7/gnocchi.9d08177d-f005-4077-93cb-0ab3f3ffc960/none_v3" "tx45684916a88949a8891ed-0068e33b01" "object-server 93955" 0.0010 "-" 93621 0
Oct 05 23:44:01 np0005471485.novalocal object-server[93955]: ::1 - - [06/Oct/2025:03:44:01 +0000] "PUT /1/68040/AUTH_7aebe34b89554e87825206ce40aeb2f7/gnocchi.9d08177d-f005-4077-93cb-0ab3f3ffc960/none_v3" 201 - "PUT https://[::1]:8080/v1/AUTH_7aebe34b89554e87825206ce40aeb2f7/gnocchi.9d08177d-f005-4077-93cb-0ab3f3ffc960/none_v3" "tx45684916a88949a8891ed-0068e33b01" "proxy-server 94957" 0.0124 "-" 93955 0
Oct 05 23:44:01 np0005471485.novalocal container-server[93622]: ::1 - - [06/Oct/2025:03:44:01 +0000] "PUT /2/254353/AUTH_7aebe34b89554e87825206ce40aeb2f7/gnocchi.9d08177d-f005-4077-93cb-0ab3f3ffc960/none_v3" 201 - "PUT http://[::1]:8080/3/68040/AUTH_7aebe34b89554e87825206ce40aeb2f7/gnocchi.9d08177d-f005-4077-93cb-0ab3f3ffc960/none_v3" "tx45684916a88949a8891ed-0068e33b01" "object-server 93954" 0.0018 "-" 93622 0
Oct 05 23:44:01 np0005471485.novalocal object-server[93954]: ::1 - - [06/Oct/2025:03:44:01 +0000] "PUT /3/68040/AUTH_7aebe34b89554e87825206ce40aeb2f7/gnocchi.9d08177d-f005-4077-93cb-0ab3f3ffc960/none_v3" 201 - "PUT https://[::1]:8080/v1/AUTH_7aebe34b89554e87825206ce40aeb2f7/gnocchi.9d08177d-f005-4077-93cb-0ab3f3ffc960/none_v3" "tx45684916a88949a8891ed-0068e33b01" "proxy-server 94957" 0.0121 "-" 93954 0
Oct 05 23:44:01 np0005471485.novalocal container-server[93621]: ::1 - - [06/Oct/2025:03:44:01 +0000] "PUT /1/254353/AUTH_7aebe34b89554e87825206ce40aeb2f7/gnocchi.9d08177d-f005-4077-93cb-0ab3f3ffc960/none_v3" 201 - "PUT http://[::1]:8080/2/68040/AUTH_7aebe34b89554e87825206ce40aeb2f7/gnocchi.9d08177d-f005-4077-93cb-0ab3f3ffc960/none_v3" "tx45684916a88949a8891ed-0068e33b01" "object-server 93954" 0.0015 "-" 93621 0
Oct 05 23:44:01 np0005471485.novalocal object-server[93954]: ::1 - - [06/Oct/2025:03:44:01 +0000] "PUT /2/68040/AUTH_7aebe34b89554e87825206ce40aeb2f7/gnocchi.9d08177d-f005-4077-93cb-0ab3f3ffc960/none_v3" 201 - "PUT https://[::1]:8080/v1/AUTH_7aebe34b89554e87825206ce40aeb2f7/gnocchi.9d08177d-f005-4077-93cb-0ab3f3ffc960/none_v3" "tx45684916a88949a8891ed-0068e33b01" "proxy-server 94957" 0.0158 "-" 93954 0
Oct 05 23:44:01 np0005471485.novalocal proxy-server[94957]: ::1 ::1 06/Oct/2025/03/44/01 PUT /v1/AUTH_7aebe34b89554e87825206ce40aeb2f7/gnocchi.9d08177d-f005-4077-93cb-0ab3f3ffc960/none_v3 HTTP/1.0 201 - python-swiftclient-4.8.0 gAAAAABo4zrG_lV4... 46 - - tx45684916a88949a8891ed-0068e33b01 - 0.0226 - - 1759722241.915391445 1759722241.938009024 0 7b03bd18aea8470cbeb747235c58da52
Oct 05 23:44:02 np0005471485.novalocal dnsmasq[102572]: read /var/lib/neutron/dhcp/1cac5c80-4515-4e2b-8e07-ed10dc6918f2/addn_hosts - 1 addresses
Oct 05 23:44:02 np0005471485.novalocal dnsmasq-dhcp[102572]: read /var/lib/neutron/dhcp/1cac5c80-4515-4e2b-8e07-ed10dc6918f2/host
Oct 05 23:44:02 np0005471485.novalocal dnsmasq-dhcp[102572]: read /var/lib/neutron/dhcp/1cac5c80-4515-4e2b-8e07-ed10dc6918f2/opts
Oct 05 23:44:03 np0005471485.novalocal object-server[93955]: ::1 - - [06/Oct/2025:03:44:03 +0000] "GET /1/85956/AUTH_7aebe34b89554e87825206ce40aeb2f7/gnocchi.9ff2446e-71cb-45d6-a675-9511dd1e0987/none_v3" 200 27 "GET https://[::1]:8080/v1/AUTH_7aebe34b89554e87825206ce40aeb2f7/gnocchi.9ff2446e-71cb-45d6-a675-9511dd1e0987/none_v3" "txefc1bf06cf054df88eff0-0068e33b03" "proxy-server 94957" 0.0007 "-" 93955 0
Oct 05 23:44:03 np0005471485.novalocal proxy-server[94957]: ::1 ::1 06/Oct/2025/03/44/03 GET /v1/AUTH_7aebe34b89554e87825206ce40aeb2f7/gnocchi.9ff2446e-71cb-45d6-a675-9511dd1e0987/none_v3 HTTP/1.0 200 - python-swiftclient-4.8.0 gAAAAABo4zrI4CaX... - 27 - txefc1bf06cf054df88eff0-0068e33b03 - 0.0068 - - 1759722243.023320913 1759722243.030146360 0 7b03bd18aea8470cbeb747235c58da52
Oct 05 23:44:03 np0005471485.novalocal container-server[93622]: ::1 - - [06/Oct/2025:03:44:03 +0000] "GET /2/163741/AUTH_7aebe34b89554e87825206ce40aeb2f7/gnocchi.9ff2446e-71cb-45d6-a675-9511dd1e0987" 200 357 "GET https://[::1]:8080/v1/AUTH_7aebe34b89554e87825206ce40aeb2f7/gnocchi.9ff2446e-71cb-45d6-a675-9511dd1e0987?format=json&states=listing" "tx0207e5cc1f764c6aa39e6-0068e33b03" "proxy-server 94957" 0.0020 "-" 93622 0
Oct 05 23:44:03 np0005471485.novalocal proxy-server[94957]: ::1 ::1 06/Oct/2025/03/44/03 GET /v1/AUTH_7aebe34b89554e87825206ce40aeb2f7/gnocchi.9ff2446e-71cb-45d6-a675-9511dd1e0987%3Fformat%3Djson%26states%3Dlisting HTTP/1.0 200 - python-swiftclient-4.8.0 gAAAAABo4zrI4CaX... - 357 - tx0207e5cc1f764c6aa39e6-0068e33b03 - 0.0080 - - 1759722243.033513069 1759722243.041534662 0 7b03bd18aea8470cbeb747235c58da52
Oct 05 23:44:03 np0005471485.novalocal container-server[93622]: ::1 - - [06/Oct/2025:03:44:03 +0000] "GET /2/163741/AUTH_7aebe34b89554e87825206ce40aeb2f7/gnocchi.9ff2446e-71cb-45d6-a675-9511dd1e0987" 200 2 "GET https://[::1]:8080/v1/AUTH_7aebe34b89554e87825206ce40aeb2f7/gnocchi.9ff2446e-71cb-45d6-a675-9511dd1e0987?format=json&marker=none_v3&states=listing" "tx44c8d802805e46b6a9b6e-0068e33b03" "proxy-server 94957" 0.0019 "-" 93622 0
Oct 05 23:44:03 np0005471485.novalocal proxy-server[94957]: ::1 ::1 06/Oct/2025/03/44/03 GET /v1/AUTH_7aebe34b89554e87825206ce40aeb2f7/gnocchi.9ff2446e-71cb-45d6-a675-9511dd1e0987%3Fformat%3Djson%26marker%3Dnone_v3%26states%3Dlisting HTTP/1.0 200 - python-swiftclient-4.8.0 gAAAAABo4zrI4CaX... - 2 - tx44c8d802805e46b6a9b6e-0068e33b03 - 0.0097 - - 1759722243.043472052 1759722243.053141832 0 7b03bd18aea8470cbeb747235c58da52
Oct 05 23:44:03 np0005471485.novalocal object-server[93954]: ::1 - - [06/Oct/2025:03:44:03 +0000] "GET /3/89723/AUTH_7aebe34b89554e87825206ce40aeb2f7/gnocchi.9ff2446e-71cb-45d6-a675-9511dd1e0987/1759320000.0_mean_300.0_v3" 200 16 "GET https://[::1]:8080/v1/AUTH_7aebe34b89554e87825206ce40aeb2f7/gnocchi.9ff2446e-71cb-45d6-a675-9511dd1e0987/1759320000.0_mean_300.0_v3" "tx1a673d93a9d34f5db5801-0068e33b03" "proxy-server 94957" 0.0006 "-" 93954 0
Oct 05 23:44:03 np0005471485.novalocal proxy-server[94957]: ::1 ::1 06/Oct/2025/03/44/03 GET /v1/AUTH_7aebe34b89554e87825206ce40aeb2f7/gnocchi.9ff2446e-71cb-45d6-a675-9511dd1e0987/1759320000.0_mean_300.0_v3 HTTP/1.0 200 - python-swiftclient-4.8.0 gAAAAABo4zrI4CaX... - 16 - tx1a673d93a9d34f5db5801-0068e33b03 - 0.0070 - - 1759722243.061330318 1759722243.068284273 0 7b03bd18aea8470cbeb747235c58da52
Oct 05 23:44:03 np0005471485.novalocal container-server[93622]: ::1 - - [06/Oct/2025:03:44:03 +0000] "PUT /3/163741/AUTH_7aebe34b89554e87825206ce40aeb2f7/gnocchi.9ff2446e-71cb-45d6-a675-9511dd1e0987/1759320000.0_mean_300.0_v3" 201 - "PUT http://[::1]:8080/2/89723/AUTH_7aebe34b89554e87825206ce40aeb2f7/gnocchi.9ff2446e-71cb-45d6-a675-9511dd1e0987/1759320000.0_mean_300.0_v3" "tx459b0b6846cc4a60a68e9-0068e33b03" "object-server 93955" 0.0006 "-" 93622 0
Oct 05 23:44:03 np0005471485.novalocal container-server[93621]: ::1 - - [06/Oct/2025:03:44:03 +0000] "PUT /1/163741/AUTH_7aebe34b89554e87825206ce40aeb2f7/gnocchi.9ff2446e-71cb-45d6-a675-9511dd1e0987/1759320000.0_mean_300.0_v3" 201 - "PUT http://[::1]:8080/3/89723/AUTH_7aebe34b89554e87825206ce40aeb2f7/gnocchi.9ff2446e-71cb-45d6-a675-9511dd1e0987/1759320000.0_mean_300.0_v3" "tx459b0b6846cc4a60a68e9-0068e33b03" "object-server 93954" 0.0006 "-" 93621 0
Oct 05 23:44:03 np0005471485.novalocal object-server[93955]: ::1 - - [06/Oct/2025:03:44:03 +0000] "PUT /2/89723/AUTH_7aebe34b89554e87825206ce40aeb2f7/gnocchi.9ff2446e-71cb-45d6-a675-9511dd1e0987/1759320000.0_mean_300.0_v3" 201 - "PUT https://[::1]:8080/v1/AUTH_7aebe34b89554e87825206ce40aeb2f7/gnocchi.9ff2446e-71cb-45d6-a675-9511dd1e0987/1759320000.0_mean_300.0_v3" "tx459b0b6846cc4a60a68e9-0068e33b03" "proxy-server 94957" 0.0334 "-" 93955 0
Oct 05 23:44:03 np0005471485.novalocal container-server[93621]: ::1 - - [06/Oct/2025:03:44:03 +0000] "PUT /2/163741/AUTH_7aebe34b89554e87825206ce40aeb2f7/gnocchi.9ff2446e-71cb-45d6-a675-9511dd1e0987/1759320000.0_mean_300.0_v3" 201 - "PUT http://[::1]:8080/1/89723/AUTH_7aebe34b89554e87825206ce40aeb2f7/gnocchi.9ff2446e-71cb-45d6-a675-9511dd1e0987/1759320000.0_mean_300.0_v3" "tx459b0b6846cc4a60a68e9-0068e33b03" "object-server 93955" 0.0004 "-" 93621 0
Oct 05 23:44:03 np0005471485.novalocal object-server[93955]: ::1 - - [06/Oct/2025:03:44:03 +0000] "PUT /1/89723/AUTH_7aebe34b89554e87825206ce40aeb2f7/gnocchi.9ff2446e-71cb-45d6-a675-9511dd1e0987/1759320000.0_mean_300.0_v3" 201 - "PUT https://[::1]:8080/v1/AUTH_7aebe34b89554e87825206ce40aeb2f7/gnocchi.9ff2446e-71cb-45d6-a675-9511dd1e0987/1759320000.0_mean_300.0_v3" "tx459b0b6846cc4a60a68e9-0068e33b03" "proxy-server 94957" 0.0372 "-" 93955 0
Oct 05 23:44:03 np0005471485.novalocal object-server[93954]: ::1 - - [06/Oct/2025:03:44:03 +0000] "PUT /3/89723/AUTH_7aebe34b89554e87825206ce40aeb2f7/gnocchi.9ff2446e-71cb-45d6-a675-9511dd1e0987/1759320000.0_mean_300.0_v3" 201 - "PUT https://[::1]:8080/v1/AUTH_7aebe34b89554e87825206ce40aeb2f7/gnocchi.9ff2446e-71cb-45d6-a675-9511dd1e0987/1759320000.0_mean_300.0_v3" "tx459b0b6846cc4a60a68e9-0068e33b03" "proxy-server 94957" 0.0376 "-" 93954 0
Oct 05 23:44:03 np0005471485.novalocal proxy-server[94957]: ::1 ::1 06/Oct/2025/03/44/03 PUT /v1/AUTH_7aebe34b89554e87825206ce40aeb2f7/gnocchi.9ff2446e-71cb-45d6-a675-9511dd1e0987/1759320000.0_mean_300.0_v3 HTTP/1.0 201 - python-swiftclient-4.8.0 gAAAAABo4zrI4CaX... 16 - - tx459b0b6846cc4a60a68e9-0068e33b03 - 0.0440 - - 1759722243.073308945 1759722243.117282867 0 7b03bd18aea8470cbeb747235c58da52
Oct 05 23:44:03 np0005471485.novalocal container-server[93622]: ::1 - - [06/Oct/2025:03:44:03 +0000] "PUT /2/163741/AUTH_7aebe34b89554e87825206ce40aeb2f7/gnocchi.9ff2446e-71cb-45d6-a675-9511dd1e0987/none_v3" 201 - "PUT http://[::1]:8080/2/85956/AUTH_7aebe34b89554e87825206ce40aeb2f7/gnocchi.9ff2446e-71cb-45d6-a675-9511dd1e0987/none_v3" "tx8057a24ea34f40adbee1a-0068e33b03" "object-server 93955" 0.0006 "-" 93622 0
Oct 05 23:44:03 np0005471485.novalocal object-server[93955]: ::1 - - [06/Oct/2025:03:44:03 +0000] "PUT /2/85956/AUTH_7aebe34b89554e87825206ce40aeb2f7/gnocchi.9ff2446e-71cb-45d6-a675-9511dd1e0987/none_v3" 201 - "PUT https://[::1]:8080/v1/AUTH_7aebe34b89554e87825206ce40aeb2f7/gnocchi.9ff2446e-71cb-45d6-a675-9511dd1e0987/none_v3" "tx8057a24ea34f40adbee1a-0068e33b03" "proxy-server 94957" 0.0098 "-" 93955 0
Oct 05 23:44:03 np0005471485.novalocal container-server[93622]: ::1 - - [06/Oct/2025:03:44:03 +0000] "PUT /3/163741/AUTH_7aebe34b89554e87825206ce40aeb2f7/gnocchi.9ff2446e-71cb-45d6-a675-9511dd1e0987/none_v3" 201 - "PUT http://[::1]:8080/3/85956/AUTH_7aebe34b89554e87825206ce40aeb2f7/gnocchi.9ff2446e-71cb-45d6-a675-9511dd1e0987/none_v3" "tx8057a24ea34f40adbee1a-0068e33b03" "object-server 93955" 0.0005 "-" 93622 0
Oct 05 23:44:03 np0005471485.novalocal object-server[93955]: ::1 - - [06/Oct/2025:03:44:03 +0000] "PUT /3/85956/AUTH_7aebe34b89554e87825206ce40aeb2f7/gnocchi.9ff2446e-71cb-45d6-a675-9511dd1e0987/none_v3" 201 - "PUT https://[::1]:8080/v1/AUTH_7aebe34b89554e87825206ce40aeb2f7/gnocchi.9ff2446e-71cb-45d6-a675-9511dd1e0987/none_v3" "tx8057a24ea34f40adbee1a-0068e33b03" "proxy-server 94957" 0.0130 "-" 93955 0
Oct 05 23:44:03 np0005471485.novalocal container-server[93622]: ::1 - - [06/Oct/2025:03:44:03 +0000] "PUT /1/163741/AUTH_7aebe34b89554e87825206ce40aeb2f7/gnocchi.9ff2446e-71cb-45d6-a675-9511dd1e0987/none_v3" 201 - "PUT http://[::1]:8080/1/85956/AUTH_7aebe34b89554e87825206ce40aeb2f7/gnocchi.9ff2446e-71cb-45d6-a675-9511dd1e0987/none_v3" "tx8057a24ea34f40adbee1a-0068e33b03" "object-server 93954" 0.0005 "-" 93622 0
