Oct 05 23:43:51 np0005471485.novalocal container-server[93621]: ::1 - - [06/Oct/2025:03:43:51 +0000] "PUT /3/159941/AUTH_7aebe34b89554e87825206ce40aeb2f7/gnocchi.5189e135-58c3-4242-922c-200678906b49/none_v3" 201 - "PUT http://[::1]:8080/2/204614/AUTH_7aebe34b89554e87825206ce40aeb2f7/gnocchi.5189e135-58c3-4242-922c-200678906b49/none_v3" "txe4795eefcbf3471b9c701-0068e33af7" "object-server 93955" 0.0009 "-" 93621 0
Oct 05 23:43:51 np0005471485.novalocal object-server[93955]: ::1 - - [06/Oct/2025:03:43:51 +0000] "PUT /2/204614/AUTH_7aebe34b89554e87825206ce40aeb2f7/gnocchi.5189e135-58c3-4242-922c-200678906b49/none_v3" 201 - "PUT https://[::1]:8080/v1/AUTH_7aebe34b89554e87825206ce40aeb2f7/gnocchi.5189e135-58c3-4242-922c-200678906b49/none_v3" "txe4795eefcbf3471b9c701-0068e33af7" "proxy-server 94957" 0.0129 "-" 93955 0
Oct 05 23:43:51 np0005471485.novalocal container-server[93622]: ::1 - - [06/Oct/2025:03:43:51 +0000] "PUT /2/159941/AUTH_7aebe34b89554e87825206ce40aeb2f7/gnocchi.5189e135-58c3-4242-922c-200678906b49/none_v3" 201 - "PUT http://[::1]:8080/3/204614/AUTH_7aebe34b89554e87825206ce40aeb2f7/gnocchi.5189e135-58c3-4242-922c-200678906b49/none_v3" "txe4795eefcbf3471b9c701-0068e33af7" "object-server 93954" 0.0005 "-" 93622 0
Oct 05 23:43:51 np0005471485.novalocal container-server[93622]: ::1 - - [06/Oct/2025:03:43:51 +0000] "PUT /1/159941/AUTH_7aebe34b89554e87825206ce40aeb2f7/gnocchi.5189e135-58c3-4242-922c-200678906b49/none_v3" 201 - "PUT http://[::1]:8080/1/204614/AUTH_7aebe34b89554e87825206ce40aeb2f7/gnocchi.5189e135-58c3-4242-922c-200678906b49/none_v3" "txe4795eefcbf3471b9c701-0068e33af7" "object-server 93954" 0.0003 "-" 93622 0
Oct 05 23:43:51 np0005471485.novalocal object-server[93954]: ::1 - - [06/Oct/2025:03:43:51 +0000] "PUT /3/204614/AUTH_7aebe34b89554e87825206ce40aeb2f7/gnocchi.5189e135-58c3-4242-922c-200678906b49/none_v3" 201 - "PUT https://[::1]:8080/v1/AUTH_7aebe34b89554e87825206ce40aeb2f7/gnocchi.5189e135-58c3-4242-922c-200678906b49/none_v3" "txe4795eefcbf3471b9c701-0068e33af7" "proxy-server 94957" 0.0121 "-" 93954 0
Oct 05 23:43:51 np0005471485.novalocal object-server[93954]: ::1 - - [06/Oct/2025:03:43:51 +0000] "PUT /1/204614/AUTH_7aebe34b89554e87825206ce40aeb2f7/gnocchi.5189e135-58c3-4242-922c-200678906b49/none_v3" 201 - "PUT https://[::1]:8080/v1/AUTH_7aebe34b89554e87825206ce40aeb2f7/gnocchi.5189e135-58c3-4242-922c-200678906b49/none_v3" "txe4795eefcbf3471b9c701-0068e33af7" "proxy-server 94957" 0.0171 "-" 93954 0
Oct 05 23:43:51 np0005471485.novalocal proxy-server[94957]: ::1 ::1 06/Oct/2025/03/43/51 PUT /v1/AUTH_7aebe34b89554e87825206ce40aeb2f7/gnocchi.5189e135-58c3-4242-922c-200678906b49/none_v3 HTTP/1.0 201 - python-swiftclient-4.8.0 gAAAAABo4zrG_lV4... 32 - - txe4795eefcbf3471b9c701-0068e33af7 - 0.0281 - - 1759722231.348442316 1759722231.376539469 0 7b03bd18aea8470cbeb747235c58da52
Oct 05 23:43:51 np0005471485.novalocal object-server[93954]: ::1 - - [06/Oct/2025:03:43:51 +0000] "GET /3/47604/AUTH_7aebe34b89554e87825206ce40aeb2f7/gnocchi.bb9b7488-c733-4623-994b-03a1e587fe4b/none_v3" 200 22 "GET https://[::1]:8080/v1/AUTH_7aebe34b89554e87825206ce40aeb2f7/gnocchi.bb9b7488-c733-4623-994b-03a1e587fe4b/none_v3" "tx29a80c94ccb9410fa256d-0068e33af7" "proxy-server 94957" 0.0011 "-" 93954 0
Oct 05 23:43:51 np0005471485.novalocal proxy-server[94957]: ::1 ::1 06/Oct/2025/03/43/51 GET /v1/AUTH_7aebe34b89554e87825206ce40aeb2f7/gnocchi.bb9b7488-c733-4623-994b-03a1e587fe4b/none_v3 HTTP/1.0 200 - python-swiftclient-4.8.0 gAAAAABo4zrG_lV4... - 22 - tx29a80c94ccb9410fa256d-0068e33af7 - 0.0095 - - 1759722231.390558243 1759722231.400070190 0 7b03bd18aea8470cbeb747235c58da52
Oct 05 23:43:51 np0005471485.novalocal container-server[93621]: ::1 - - [06/Oct/2025:03:43:51 +0000] "GET /2/124958/AUTH_7aebe34b89554e87825206ce40aeb2f7/gnocchi.bb9b7488-c733-4623-994b-03a1e587fe4b" 200 357 "GET https://[::1]:8080/v1/AUTH_7aebe34b89554e87825206ce40aeb2f7/gnocchi.bb9b7488-c733-4623-994b-03a1e587fe4b?format=json&states=listing" "tx3442a407f5434303aa2ee-0068e33af7" "proxy-server 94957" 0.0038 "-" 93621 0
Oct 05 23:43:51 np0005471485.novalocal proxy-server[94957]: ::1 ::1 06/Oct/2025/03/43/51 GET /v1/AUTH_7aebe34b89554e87825206ce40aeb2f7/gnocchi.bb9b7488-c733-4623-994b-03a1e587fe4b%3Fformat%3Djson%26states%3Dlisting HTTP/1.0 200 - python-swiftclient-4.8.0 gAAAAABo4zrG_lV4... - 357 - tx3442a407f5434303aa2ee-0068e33af7 - 0.0129 - - 1759722231.405497551 1759722231.418376923 0 7b03bd18aea8470cbeb747235c58da52
Oct 05 23:43:51 np0005471485.novalocal container-server[93621]: ::1 - - [06/Oct/2025:03:43:51 +0000] "GET /2/124958/AUTH_7aebe34b89554e87825206ce40aeb2f7/gnocchi.bb9b7488-c733-4623-994b-03a1e587fe4b" 200 2 "GET https://[::1]:8080/v1/AUTH_7aebe34b89554e87825206ce40aeb2f7/gnocchi.bb9b7488-c733-4623-994b-03a1e587fe4b?format=json&marker=none_v3&states=listing" "txd3f5576a68f74e728748c-0068e33af7" "proxy-server 94957" 0.0034 "-" 93621 0
Oct 05 23:43:51 np0005471485.novalocal proxy-server[94957]: ::1 ::1 06/Oct/2025/03/43/51 GET /v1/AUTH_7aebe34b89554e87825206ce40aeb2f7/gnocchi.bb9b7488-c733-4623-994b-03a1e587fe4b%3Fformat%3Djson%26marker%3Dnone_v3%26states%3Dlisting HTTP/1.0 200 - python-swiftclient-4.8.0 gAAAAABo4zrG_lV4... - 2 - txd3f5576a68f74e728748c-0068e33af7 - 0.0094 - - 1759722231.421782255 1759722231.431207418 0 7b03bd18aea8470cbeb747235c58da52
Oct 05 23:43:51 np0005471485.novalocal object-server[93954]: ::1 - - [06/Oct/2025:03:43:51 +0000] "GET /3/27468/AUTH_7aebe34b89554e87825206ce40aeb2f7/gnocchi.bb9b7488-c733-4623-994b-03a1e587fe4b/1759320000.0_mean_300.0_v3" 200 16 "GET https://[::1]:8080/v1/AUTH_7aebe34b89554e87825206ce40aeb2f7/gnocchi.bb9b7488-c733-4623-994b-03a1e587fe4b/1759320000.0_mean_300.0_v3" "tx206b333b11d440868ac96-0068e33af7" "proxy-server 94957" 0.0007 "-" 93954 0
Oct 05 23:43:51 np0005471485.novalocal proxy-server[94957]: ::1 ::1 06/Oct/2025/03/43/51 GET /v1/AUTH_7aebe34b89554e87825206ce40aeb2f7/gnocchi.bb9b7488-c733-4623-994b-03a1e587fe4b/1759320000.0_mean_300.0_v3 HTTP/1.0 200 - python-swiftclient-4.8.0 gAAAAABo4zrG_lV4... - 16 - tx206b333b11d440868ac96-0068e33af7 - 0.0076 - - 1759722231.436175346 1759722231.443729162 0 7b03bd18aea8470cbeb747235c58da52
Oct 05 23:43:51 np0005471485.novalocal container-server[93621]: ::1 - - [06/Oct/2025:03:43:51 +0000] "PUT /1/124958/AUTH_7aebe34b89554e87825206ce40aeb2f7/gnocchi.bb9b7488-c733-4623-994b-03a1e587fe4b/1759320000.0_mean_300.0_v3" 201 - "PUT http://[::1]:8080/2/27468/AUTH_7aebe34b89554e87825206ce40aeb2f7/gnocchi.bb9b7488-c733-4623-994b-03a1e587fe4b/1759320000.0_mean_300.0_v3" "tx2b55e289346d46edb4452-0068e33af7" "object-server 93954" 0.0007 "-" 93621 0
Oct 05 23:43:51 np0005471485.novalocal object-server[93954]: ::1 - - [06/Oct/2025:03:43:51 +0000] "PUT /2/27468/AUTH_7aebe34b89554e87825206ce40aeb2f7/gnocchi.bb9b7488-c733-4623-994b-03a1e587fe4b/1759320000.0_mean_300.0_v3" 201 - "PUT https://[::1]:8080/v1/AUTH_7aebe34b89554e87825206ce40aeb2f7/gnocchi.bb9b7488-c733-4623-994b-03a1e587fe4b/1759320000.0_mean_300.0_v3" "tx2b55e289346d46edb4452-0068e33af7" "proxy-server 94957" 0.0174 "-" 93954 0
Oct 05 23:43:51 np0005471485.novalocal container-server[93621]: ::1 - - [06/Oct/2025:03:43:51 +0000] "PUT /3/124958/AUTH_7aebe34b89554e87825206ce40aeb2f7/gnocchi.bb9b7488-c733-4623-994b-03a1e587fe4b/1759320000.0_mean_300.0_v3" 201 - "PUT http://[::1]:8080/1/27468/AUTH_7aebe34b89554e87825206ce40aeb2f7/gnocchi.bb9b7488-c733-4623-994b-03a1e587fe4b/1759320000.0_mean_300.0_v3" "tx2b55e289346d46edb4452-0068e33af7" "object-server 93955" 0.0008 "-" 93621 0
Oct 05 23:43:51 np0005471485.novalocal object-server[93955]: ::1 - - [06/Oct/2025:03:43:51 +0000] "PUT /1/27468/AUTH_7aebe34b89554e87825206ce40aeb2f7/gnocchi.bb9b7488-c733-4623-994b-03a1e587fe4b/1759320000.0_mean_300.0_v3" 201 - "PUT https://[::1]:8080/v1/AUTH_7aebe34b89554e87825206ce40aeb2f7/gnocchi.bb9b7488-c733-4623-994b-03a1e587fe4b/1759320000.0_mean_300.0_v3" "tx2b55e289346d46edb4452-0068e33af7" "proxy-server 94957" 0.0195 "-" 93955 0
Oct 05 23:43:51 np0005471485.novalocal container-server[93621]: ::1 - - [06/Oct/2025:03:43:51 +0000] "PUT /2/124958/AUTH_7aebe34b89554e87825206ce40aeb2f7/gnocchi.bb9b7488-c733-4623-994b-03a1e587fe4b/1759320000.0_mean_300.0_v3" 201 - "PUT http://[::1]:8080/3/27468/AUTH_7aebe34b89554e87825206ce40aeb2f7/gnocchi.bb9b7488-c733-4623-994b-03a1e587fe4b/1759320000.0_mean_300.0_v3" "tx2b55e289346d46edb4452-0068e33af7" "object-server 93955" 0.0014 "-" 93621 0
Oct 05 23:43:51 np0005471485.novalocal object-server[93955]: ::1 - - [06/Oct/2025:03:43:51 +0000] "PUT /3/27468/AUTH_7aebe34b89554e87825206ce40aeb2f7/gnocchi.bb9b7488-c733-4623-994b-03a1e587fe4b/1759320000.0_mean_300.0_v3" 201 - "PUT https://[::1]:8080/v1/AUTH_7aebe34b89554e87825206ce40aeb2f7/gnocchi.bb9b7488-c733-4623-994b-03a1e587fe4b/1759320000.0_mean_300.0_v3" "tx2b55e289346d46edb4452-0068e33af7" "proxy-server 94957" 0.0200 "-" 93955 0
Oct 05 23:43:51 np0005471485.novalocal proxy-server[94957]: ::1 ::1 06/Oct/2025/03/43/51 PUT /v1/AUTH_7aebe34b89554e87825206ce40aeb2f7/gnocchi.bb9b7488-c733-4623-994b-03a1e587fe4b/1759320000.0_mean_300.0_v3 HTTP/1.0 201 - python-swiftclient-4.8.0 gAAAAABo4zrG_lV4... 16 - - tx2b55e289346d46edb4452-0068e33af7 - 0.0352 - - 1759722231.448302746 1759722231.483544588 0 7b03bd18aea8470cbeb747235c58da52
Oct 05 23:43:51 np0005471485.novalocal container-server[93622]: ::1 - - [06/Oct/2025:03:43:51 +0000] "PUT /2/124958/AUTH_7aebe34b89554e87825206ce40aeb2f7/gnocchi.bb9b7488-c733-4623-994b-03a1e587fe4b/none_v3" 201 - "PUT http://[::1]:8080/3/47604/AUTH_7aebe34b89554e87825206ce40aeb2f7/gnocchi.bb9b7488-c733-4623-994b-03a1e587fe4b/none_v3" "tx1515b566beab4ca1b61af-0068e33af7" "object-server 93954" 0.0010 "-" 93622 0
Oct 05 23:43:51 np0005471485.novalocal object-server[93954]: ::1 - - [06/Oct/2025:03:43:51 +0000] "PUT /3/47604/AUTH_7aebe34b89554e87825206ce40aeb2f7/gnocchi.bb9b7488-c733-4623-994b-03a1e587fe4b/none_v3" 201 - "PUT https://[::1]:8080/v1/AUTH_7aebe34b89554e87825206ce40aeb2f7/gnocchi.bb9b7488-c733-4623-994b-03a1e587fe4b/none_v3" "tx1515b566beab4ca1b61af-0068e33af7" "proxy-server 94957" 0.0173 "-" 93954 0
Oct 05 23:43:51 np0005471485.novalocal container-server[93622]: ::1 - - [06/Oct/2025:03:43:51 +0000] "PUT /3/124958/AUTH_7aebe34b89554e87825206ce40aeb2f7/gnocchi.bb9b7488-c733-4623-994b-03a1e587fe4b/none_v3" 201 - "PUT http://[::1]:8080/1/47604/AUTH_7aebe34b89554e87825206ce40aeb2f7/gnocchi.bb9b7488-c733-4623-994b-03a1e587fe4b/none_v3" "tx1515b566beab4ca1b61af-0068e33af7" "object-server 93955" 0.0006 "-" 93622 0
Oct 05 23:43:51 np0005471485.novalocal object-server[93955]: ::1 - - [06/Oct/2025:03:43:51 +0000] "PUT /1/47604/AUTH_7aebe34b89554e87825206ce40aeb2f7/gnocchi.bb9b7488-c733-4623-994b-03a1e587fe4b/none_v3" 201 - "PUT https://[::1]:8080/v1/AUTH_7aebe34b89554e87825206ce40aeb2f7/gnocchi.bb9b7488-c733-4623-994b-03a1e587fe4b/none_v3" "tx1515b566beab4ca1b61af-0068e33af7" "proxy-server 94957" 0.0191 "-" 93955 0
Oct 05 23:43:51 np0005471485.novalocal container-server[93622]: ::1 - - [06/Oct/2025:03:43:51 +0000] "PUT /1/124958/AUTH_7aebe34b89554e87825206ce40aeb2f7/gnocchi.bb9b7488-c733-4623-994b-03a1e587fe4b/none_v3" 201 - "PUT http://[::1]:8080/2/47604/AUTH_7aebe34b89554e87825206ce40aeb2f7/gnocchi.bb9b7488-c733-4623-994b-03a1e587fe4b/none_v3" "tx1515b566beab4ca1b61af-0068e33af7" "object-server 93954" 0.0006 "-" 93622 0
Oct 05 23:43:51 np0005471485.novalocal object-server[93954]: ::1 - - [06/Oct/2025:03:43:51 +0000] "PUT /2/47604/AUTH_7aebe34b89554e87825206ce40aeb2f7/gnocchi.bb9b7488-c733-4623-994b-03a1e587fe4b/none_v3" 201 - "PUT https://[::1]:8080/v1/AUTH_7aebe34b89554e87825206ce40aeb2f7/gnocchi.bb9b7488-c733-4623-994b-03a1e587fe4b/none_v3" "tx1515b566beab4ca1b61af-0068e33af7" "proxy-server 94957" 0.0232 "-" 93954 0
Oct 05 23:43:51 np0005471485.novalocal proxy-server[94957]: ::1 ::1 06/Oct/2025/03/43/51 PUT /v1/AUTH_7aebe34b89554e87825206ce40aeb2f7/gnocchi.bb9b7488-c733-4623-994b-03a1e587fe4b/none_v3 HTTP/1.0 201 - python-swiftclient-4.8.0 gAAAAABo4zrG_lV4... 31 - - tx1515b566beab4ca1b61af-0068e33af7 - 0.0360 - - 1759722231.488235950 1759722231.524220943 0 7b03bd18aea8470cbeb747235c58da52
Oct 05 23:43:51 np0005471485.novalocal dnsmasq[100719]: read /var/lib/neutron/dhcp/29cfdef7-cd41-461a-9c85-831fc9b6ce2f/addn_hosts - 3 addresses
Oct 05 23:43:51 np0005471485.novalocal dnsmasq-dhcp[100719]: read /var/lib/neutron/dhcp/29cfdef7-cd41-461a-9c85-831fc9b6ce2f/host
Oct 05 23:43:51 np0005471485.novalocal dnsmasq-dhcp[100719]: read /var/lib/neutron/dhcp/29cfdef7-cd41-461a-9c85-831fc9b6ce2f/opts
Oct 05 23:43:51 np0005471485.novalocal object-server[93955]: ::1 - - [06/Oct/2025:03:43:51 +0000] "GET /2/68040/AUTH_7aebe34b89554e87825206ce40aeb2f7/gnocchi.9d08177d-f005-4077-93cb-0ab3f3ffc960/none_v3" 200 22 "GET https://[::1]:8080/v1/AUTH_7aebe34b89554e87825206ce40aeb2f7/gnocchi.9d08177d-f005-4077-93cb-0ab3f3ffc960/none_v3" "tx617d70cf3fd74527a661e-0068e33af7" "proxy-server 94957" 0.0010 "-" 93955 0
Oct 05 23:43:51 np0005471485.novalocal proxy-server[94957]: ::1 ::1 06/Oct/2025/03/43/51 GET /v1/AUTH_7aebe34b89554e87825206ce40aeb2f7/gnocchi.9d08177d-f005-4077-93cb-0ab3f3ffc960/none_v3 HTTP/1.0 200 - python-swiftclient-4.8.0 gAAAAABo4zrG_lV4... - 22 - tx617d70cf3fd74527a661e-0068e33af7 - 0.0118 - - 1759722231.562856913 1759722231.574641228 0 7b03bd18aea8470cbeb747235c58da52
Oct 05 23:43:51 np0005471485.novalocal container-server[93621]: ::1 - - [06/Oct/2025:03:43:51 +0000] "GET /1/254353/AUTH_7aebe34b89554e87825206ce40aeb2f7/gnocchi.9d08177d-f005-4077-93cb-0ab3f3ffc960" 200 357 "GET https://[::1]:8080/v1/AUTH_7aebe34b89554e87825206ce40aeb2f7/gnocchi.9d08177d-f005-4077-93cb-0ab3f3ffc960?format=json&states=listing" "txd3a91895b55e4c26a605d-0068e33af7" "proxy-server 94957" 0.0048 "-" 93621 0
Oct 05 23:43:51 np0005471485.novalocal proxy-server[94957]: ::1 ::1 06/Oct/2025/03/43/51 GET /v1/AUTH_7aebe34b89554e87825206ce40aeb2f7/gnocchi.9d08177d-f005-4077-93cb-0ab3f3ffc960%3Fformat%3Djson%26states%3Dlisting HTTP/1.0 200 - python-swiftclient-4.8.0 gAAAAABo4zrG_lV4... - 357 - txd3a91895b55e4c26a605d-0068e33af7 - 0.0162 - - 1759722231.580249786 1759722231.596405029 0 7b03bd18aea8470cbeb747235c58da52
Oct 05 23:43:51 np0005471485.novalocal container-server[93621]: ::1 - - [06/Oct/2025:03:43:51 +0000] "GET /1/254353/AUTH_7aebe34b89554e87825206ce40aeb2f7/gnocchi.9d08177d-f005-4077-93cb-0ab3f3ffc960" 200 2 "GET https://[::1]:8080/v1/AUTH_7aebe34b89554e87825206ce40aeb2f7/gnocchi.9d08177d-f005-4077-93cb-0ab3f3ffc960?format=json&marker=none_v3&states=listing" "tx7cd582fe94cf4cb38b956-0068e33af7" "proxy-server 94957" 0.0043 "-" 93621 0
Oct 05 23:43:51 np0005471485.novalocal proxy-server[94957]: ::1 ::1 06/Oct/2025/03/43/51 GET /v1/AUTH_7aebe34b89554e87825206ce40aeb2f7/gnocchi.9d08177d-f005-4077-93cb-0ab3f3ffc960%3Fformat%3Djson%26marker%3Dnone_v3%26states%3Dlisting HTTP/1.0 200 - python-swiftclient-4.8.0 gAAAAABo4zrG_lV4... - 2 - tx7cd582fe94cf4cb38b956-0068e33af7 - 0.0172 - - 1759722231.599847794 1759722231.617033005 0 7b03bd18aea8470cbeb747235c58da52
Oct 05 23:43:51 np0005471485.novalocal object-server[93954]: ::1 - - [06/Oct/2025:03:43:51 +0000] "GET /2/161274/AUTH_7aebe34b89554e87825206ce40aeb2f7/gnocchi.9d08177d-f005-4077-93cb-0ab3f3ffc960/1759320000.0_mean_300.0_v3" 200 16 "GET https://[::1]:8080/v1/AUTH_7aebe34b89554e87825206ce40aeb2f7/gnocchi.9d08177d-f005-4077-93cb-0ab3f3ffc960/1759320000.0_mean_300.0_v3" "tx5d02364a4a2f49f997e4c-0068e33af7" "proxy-server 94957" 0.0011 "-" 93954 0
Oct 05 23:43:51 np0005471485.novalocal proxy-server[94957]: ::1 ::1 06/Oct/2025/03/43/51 GET /v1/AUTH_7aebe34b89554e87825206ce40aeb2f7/gnocchi.9d08177d-f005-4077-93cb-0ab3f3ffc960/1759320000.0_mean_300.0_v3 HTTP/1.0 200 - python-swiftclient-4.8.0 gAAAAABo4zrG_lV4... - 16 - tx5d02364a4a2f49f997e4c-0068e33af7 - 0.0338 - - 1759722231.622071028 1759722231.655879498 0 7b03bd18aea8470cbeb747235c58da52
Oct 05 23:43:51 np0005471485.novalocal container-server[93622]: ::1 - - [06/Oct/2025:03:43:51 +0000] "PUT /1/254353/AUTH_7aebe34b89554e87825206ce40aeb2f7/gnocchi.9d08177d-f005-4077-93cb-0ab3f3ffc960/1759320000.0_mean_300.0_v3" 201 - "PUT http://[::1]:8080/1/161274/AUTH_7aebe34b89554e87825206ce40aeb2f7/gnocchi.9d08177d-f005-4077-93cb-0ab3f3ffc960/1759320000.0_mean_300.0_v3" "tx84d8a885df514a638f702-0068e33af7" "object-server 93955" 0.0006 "-" 93622 0
Oct 05 23:43:51 np0005471485.novalocal object-server[93955]: ::1 - - [06/Oct/2025:03:43:51 +0000] "PUT /1/161274/AUTH_7aebe34b89554e87825206ce40aeb2f7/gnocchi.9d08177d-f005-4077-93cb-0ab3f3ffc960/1759320000.0_mean_300.0_v3" 201 - "PUT https://[::1]:8080/v1/AUTH_7aebe34b89554e87825206ce40aeb2f7/gnocchi.9d08177d-f005-4077-93cb-0ab3f3ffc960/1759320000.0_mean_300.0_v3" "tx84d8a885df514a638f702-0068e33af7" "proxy-server 94957" 0.0250 "-" 93955 0
Oct 05 23:43:51 np0005471485.novalocal container-server[93622]: ::1 - - [06/Oct/2025:03:43:51 +0000] "PUT /3/254353/AUTH_7aebe34b89554e87825206ce40aeb2f7/gnocchi.9d08177d-f005-4077-93cb-0ab3f3ffc960/1759320000.0_mean_300.0_v3" 201 - "PUT http://[::1]:8080/2/161274/AUTH_7aebe34b89554e87825206ce40aeb2f7/gnocchi.9d08177d-f005-4077-93cb-0ab3f3ffc960/1759320000.0_mean_300.0_v3" "tx84d8a885df514a638f702-0068e33af7" "object-server 93954" 0.0004 "-" 93622 0
Oct 05 23:43:51 np0005471485.novalocal object-server[93954]: ::1 - - [06/Oct/2025:03:43:51 +0000] "PUT /2/161274/AUTH_7aebe34b89554e87825206ce40aeb2f7/gnocchi.9d08177d-f005-4077-93cb-0ab3f3ffc960/1759320000.0_mean_300.0_v3" 201 - "PUT https://[::1]:8080/v1/AUTH_7aebe34b89554e87825206ce40aeb2f7/gnocchi.9d08177d-f005-4077-93cb-0ab3f3ffc960/1759320000.0_mean_300.0_v3" "tx84d8a885df514a638f702-0068e33af7" "proxy-server 94957" 0.0273 "-" 93954 0
Oct 05 23:43:51 np0005471485.novalocal container-server[93621]: ::1 - - [06/Oct/2025:03:43:51 +0000] "PUT /2/254353/AUTH_7aebe34b89554e87825206ce40aeb2f7/gnocchi.9d08177d-f005-4077-93cb-0ab3f3ffc960/1759320000.0_mean_300.0_v3" 201 - "PUT http://[::1]:8080/3/161274/AUTH_7aebe34b89554e87825206ce40aeb2f7/gnocchi.9d08177d-f005-4077-93cb-0ab3f3ffc960/1759320000.0_mean_300.0_v3" "tx84d8a885df514a638f702-0068e33af7" "object-server 93954" 0.0013 "-" 93621 0
Oct 05 23:43:51 np0005471485.novalocal object-server[93954]: ::1 - - [06/Oct/2025:03:43:51 +0000] "PUT /3/161274/AUTH_7aebe34b89554e87825206ce40aeb2f7/gnocchi.9d08177d-f005-4077-93cb-0ab3f3ffc960/1759320000.0_mean_300.0_v3" 201 - "PUT https://[::1]:8080/v1/AUTH_7aebe34b89554e87825206ce40aeb2f7/gnocchi.9d08177d-f005-4077-93cb-0ab3f3ffc960/1759320000.0_mean_300.0_v3" "tx84d8a885df514a638f702-0068e33af7" "proxy-server 94957" 0.0282 "-" 93954 0
Oct 05 23:43:51 np0005471485.novalocal proxy-server[94957]: ::1 ::1 06/Oct/2025/03/43/51 PUT /v1/AUTH_7aebe34b89554e87825206ce40aeb2f7/gnocchi.9d08177d-f005-4077-93cb-0ab3f3ffc960/1759320000.0_mean_300.0_v3 HTTP/1.0 201 - python-swiftclient-4.8.0 gAAAAABo4zrG_lV4... 16 - - tx84d8a885df514a638f702-0068e33af7 - 0.0455 - - 1759722231.662350893 1759722231.707828045 0 7b03bd18aea8470cbeb747235c58da52
Oct 05 23:43:51 np0005471485.novalocal container-server[93621]: ::1 - - [06/Oct/2025:03:43:51 +0000] "PUT /3/254353/AUTH_7aebe34b89554e87825206ce40aeb2f7/gnocchi.9d08177d-f005-4077-93cb-0ab3f3ffc960/none_v3" 201 - "PUT http://[::1]:8080/1/68040/AUTH_7aebe34b89554e87825206ce40aeb2f7/gnocchi.9d08177d-f005-4077-93cb-0ab3f3ffc960/none_v3" "txeb9dbaf857ce44798d402-0068e33af7" "object-server 93955" 0.0010 "-" 93621 0
Oct 05 23:43:51 np0005471485.novalocal container-server[93621]: ::1 - - [06/Oct/2025:03:43:51 +0000] "PUT /2/254353/AUTH_7aebe34b89554e87825206ce40aeb2f7/gnocchi.9d08177d-f005-4077-93cb-0ab3f3ffc960/none_v3" 201 - "PUT http://[::1]:8080/3/68040/AUTH_7aebe34b89554e87825206ce40aeb2f7/gnocchi.9d08177d-f005-4077-93cb-0ab3f3ffc960/none_v3" "txeb9dbaf857ce44798d402-0068e33af7" "object-server 93955" 0.0009 "-" 93621 0
Oct 05 23:43:51 np0005471485.novalocal container-server[93622]: ::1 - - [06/Oct/2025:03:43:51 +0000] "PUT /1/254353/AUTH_7aebe34b89554e87825206ce40aeb2f7/gnocchi.9d08177d-f005-4077-93cb-0ab3f3ffc960/none_v3" 201 - "PUT http://[::1]:8080/2/68040/AUTH_7aebe34b89554e87825206ce40aeb2f7/gnocchi.9d08177d-f005-4077-93cb-0ab3f3ffc960/none_v3" "txeb9dbaf857ce44798d402-0068e33af7" "object-server 93955" 0.0009 "-" 93622 0
Oct 05 23:43:51 np0005471485.novalocal object-server[93955]: ::1 - - [06/Oct/2025:03:43:51 +0000] "PUT /1/68040/AUTH_7aebe34b89554e87825206ce40aeb2f7/gnocchi.9d08177d-f005-4077-93cb-0ab3f3ffc960/none_v3" 201 - "PUT https://[::1]:8080/v1/AUTH_7aebe34b89554e87825206ce40aeb2f7/gnocchi.9d08177d-f005-4077-93cb-0ab3f3ffc960/none_v3" "txeb9dbaf857ce44798d402-0068e33af7" "proxy-server 94957" 0.0449 "-" 93955 0
Oct 05 23:43:51 np0005471485.novalocal object-server[93955]: ::1 - - [06/Oct/2025:03:43:51 +0000] "PUT /2/68040/AUTH_7aebe34b89554e87825206ce40aeb2f7/gnocchi.9d08177d-f005-4077-93cb-0ab3f3ffc960/none_v3" 201 - "PUT https://[::1]:8080/v1/AUTH_7aebe34b89554e87825206ce40aeb2f7/gnocchi.9d08177d-f005-4077-93cb-0ab3f3ffc960/none_v3" "txeb9dbaf857ce44798d402-0068e33af7" "proxy-server 94957" 0.0435 "-" 93955 0
Oct 05 23:43:51 np0005471485.novalocal object-server[93955]: ::1 - - [06/Oct/2025:03:43:51 +0000] "PUT /3/68040/AUTH_7aebe34b89554e87825206ce40aeb2f7/gnocchi.9d08177d-f005-4077-93cb-0ab3f3ffc960/none_v3" 201 - "PUT https://[::1]:8080/v1/AUTH_7aebe34b89554e87825206ce40aeb2f7/gnocchi.9d08177d-f005-4077-93cb-0ab3f3ffc960/none_v3" "txeb9dbaf857ce44798d402-0068e33af7" "proxy-server 94957" 0.0500 "-" 93955 0
Oct 05 23:43:51 np0005471485.novalocal proxy-server[94957]: ::1 ::1 06/Oct/2025/03/43/51 PUT /v1/AUTH_7aebe34b89554e87825206ce40aeb2f7/gnocchi.9d08177d-f005-4077-93cb-0ab3f3ffc960/none_v3 HTTP/1.0 201 - python-swiftclient-4.8.0 gAAAAABo4zrG_lV4... 32 - - txeb9dbaf857ce44798d402-0068e33af7 - 0.0630 - - 1759722231.710896492 1759722231.773924589 0 7b03bd18aea8470cbeb747235c58da52
Oct 05 23:43:52 np0005471485.novalocal container-updater[92792]: Begin container update sweep
Oct 05 23:43:52 np0005471485.novalocal account-server[93329]: ::1 - - [06/Oct/2025:03:43:52 +0000] "PUT /3/145150/AUTH_7aebe34b89554e87825206ce40aeb2f7/gnocchi.a3ccf50e-cadd-4dfc-804b-c575f10a1bd7" 201 - "-" "-" "container-updater 92792" 0.0007 "-" 93329 0
Oct 05 23:43:52 np0005471485.novalocal account-server[93329]: ::1 - - [06/Oct/2025:03:43:52 +0000] "PUT /2/145150/AUTH_7aebe34b89554e87825206ce40aeb2f7/gnocchi.a3ccf50e-cadd-4dfc-804b-c575f10a1bd7" 201 - "-" "-" "container-updater 92792" 0.0007 "-" 93329 0
Oct 05 23:43:52 np0005471485.novalocal account-server[93329]: ::1 - - [06/Oct/2025:03:43:52 +0000] "PUT /1/145150/AUTH_7aebe34b89554e87825206ce40aeb2f7/gnocchi.a3ccf50e-cadd-4dfc-804b-c575f10a1bd7" 201 - "-" "-" "container-updater 92792" 0.0005 "-" 93329 0
Oct 05 23:43:52 np0005471485.novalocal object-auditor[102098]: Object audit (ZBF) "forever" mode completed: 1.90s. Total quarantined: 0, Total errors: 0, Total files/sec: 50.46, Total bytes/sec: 0.00, Auditing time: 1.87, Rate: 0.98
Oct 05 23:43:52 np0005471485.novalocal object-auditor[102099]: Object audit (ALL). Since Mon Oct 6 03:43:50 2025: Locally: 1 passed, 0 quarantined, 0 errors, files/sec: 0.47, bytes/sec: 10000801.71, Total time: 2.14, Auditing time: 0.00, Rate: 0.00
Oct 05 23:43:53 np0005471485.novalocal account-server[93329]: ::1 - - [06/Oct/2025:03:43:53 +0000] "PUT /3/145150/AUTH_7aebe34b89554e87825206ce40aeb2f7/gnocchi.a58d423c-fe5a-4b38-a10f-68a325e6df32" 201 - "-" "-" "container-updater 92792" 0.0005 "-" 93329 0
Oct 05 23:43:53 np0005471485.novalocal account-server[93328]: ::1 - - [06/Oct/2025:03:43:53 +0000] "PUT /2/145150/AUTH_7aebe34b89554e87825206ce40aeb2f7/gnocchi.a58d423c-fe5a-4b38-a10f-68a325e6df32" 201 - "-" "-" "container-updater 92792" 0.0005 "-" 93328 0
Oct 05 23:43:53 np0005471485.novalocal account-server[93329]: ::1 - - [06/Oct/2025:03:43:53 +0000] "PUT /1/145150/AUTH_7aebe34b89554e87825206ce40aeb2f7/gnocchi.a58d423c-fe5a-4b38-a10f-68a325e6df32" 201 - "-" "-" "container-updater 92792" 0.0003 "-" 93329 0
Oct 05 23:43:53 np0005471485.novalocal sudo[102124]: neutron : PWD=/ ; USER=root ; COMMAND=/usr/bin/neutron-rootwrap /etc/neutron/rootwrap.conf privsep-helper --config-file /usr/share/neutron/neutron-dist.conf --config-file /etc/neutron/neutron.conf --config-file /etc/neutron/dhcp_agent.ini --config-dir /etc/neutron/conf.d/neutron-dhcp-agent --privsep_context neutron.privileged.dhcp_release_cmd --privsep_sock_path /tmp/tmptxq3xzjj/privsep.sock
Oct 05 23:43:53 np0005471485.novalocal systemd[1]: Started Session c146 of User root.
Oct 05 23:43:53 np0005471485.novalocal sudo[102124]: pam_unix(sudo:session): session opened for user root(uid=0) by (uid=981)
Oct 05 23:43:53 np0005471485.novalocal account-server[93329]: ::1 - - [06/Oct/2025:03:43:53 +0000] "PUT /3/145150/AUTH_7aebe34b89554e87825206ce40aeb2f7/gnocchi.79d07197-b1c9-4c32-9ab2-f7994e7278b3" 201 - "-" "-" "container-updater 92792" 0.0004 "-" 93329 0
Oct 05 23:43:53 np0005471485.novalocal account-server[93328]: ::1 - - [06/Oct/2025:03:43:53 +0000] "PUT /2/145150/AUTH_7aebe34b89554e87825206ce40aeb2f7/gnocchi.79d07197-b1c9-4c32-9ab2-f7994e7278b3" 201 - "-" "-" "container-updater 92792" 0.0007 "-" 93328 0
Oct 05 23:43:53 np0005471485.novalocal account-server[93328]: ::1 - - [06/Oct/2025:03:43:53 +0000] "PUT /1/145150/AUTH_7aebe34b89554e87825206ce40aeb2f7/gnocchi.79d07197-b1c9-4c32-9ab2-f7994e7278b3" 201 - "-" "-" "container-updater 92792" 0.0002 "-" 93328 0
Oct 05 23:43:53 np0005471485.novalocal account-server[93329]: ::1 - - [06/Oct/2025:03:43:53 +0000] "PUT /3/145150/AUTH_7aebe34b89554e87825206ce40aeb2f7/gnocchi.e9bf18da-02d2-4d76-891d-9dda6f16d513" 201 - "-" "-" "container-updater 92792" 0.0004 "-" 93329 0
Oct 05 23:43:53 np0005471485.novalocal account-server[93329]: ::1 - - [06/Oct/2025:03:43:53 +0000] "PUT /1/145150/AUTH_7aebe34b89554e87825206ce40aeb2f7/gnocchi.e9bf18da-02d2-4d76-891d-9dda6f16d513" 201 - "-" "-" "container-updater 92792" 0.0003 "-" 93329 0
Oct 05 23:43:53 np0005471485.novalocal account-server[93328]: ::1 - - [06/Oct/2025:03:43:53 +0000] "PUT /2/145150/AUTH_7aebe34b89554e87825206ce40aeb2f7/gnocchi.e9bf18da-02d2-4d76-891d-9dda6f16d513" 201 - "-" "-" "container-updater 92792" 0.0005 "-" 93328 0
Oct 05 23:43:53 np0005471485.novalocal account-server[93329]: ::1 - - [06/Oct/2025:03:43:53 +0000] "PUT /3/145150/AUTH_7aebe34b89554e87825206ce40aeb2f7/gnocchi.9be7ba4b-176a-48d6-be9a-57ad8f32bb65" 201 - "-" "-" "container-updater 92792" 0.0004 "-" 93329 0
Oct 05 23:43:53 np0005471485.novalocal account-server[93329]: ::1 - - [06/Oct/2025:03:43:53 +0000] "PUT /1/145150/AUTH_7aebe34b89554e87825206ce40aeb2f7/gnocchi.9be7ba4b-176a-48d6-be9a-57ad8f32bb65" 201 - "-" "-" "container-updater 92792" 0.0002 "-" 93329 0
Oct 05 23:43:53 np0005471485.novalocal account-server[93328]: ::1 - - [06/Oct/2025:03:43:53 +0000] "PUT /2/145150/AUTH_7aebe34b89554e87825206ce40aeb2f7/gnocchi.9be7ba4b-176a-48d6-be9a-57ad8f32bb65" 201 - "-" "-" "container-updater 92792" 0.0011 "-" 93328 0
Oct 05 23:43:53 np0005471485.novalocal account-server[93329]: ::1 - - [06/Oct/2025:03:43:53 +0000] "PUT /3/145150/AUTH_7aebe34b89554e87825206ce40aeb2f7/gnocchi.a3c99e9b-d9a9-4365-bdff-7d7de483e83f" 201 - "-" "-" "container-updater 92792" 0.0004 "-" 93329 0
Oct 05 23:43:53 np0005471485.novalocal account-server[93329]: ::1 - - [06/Oct/2025:03:43:53 +0000] "PUT /2/145150/AUTH_7aebe34b89554e87825206ce40aeb2f7/gnocchi.a3c99e9b-d9a9-4365-bdff-7d7de483e83f" 201 - "-" "-" "container-updater 92792" 0.0002 "-" 93329 0
Oct 05 23:43:53 np0005471485.novalocal account-server[93329]: ::1 - - [06/Oct/2025:03:43:53 +0000] "PUT /1/145150/AUTH_7aebe34b89554e87825206ce40aeb2f7/gnocchi.a3c99e9b-d9a9-4365-bdff-7d7de483e83f" 201 - "-" "-" "container-updater 92792" 0.0002 "-" 93329 0
Oct 05 23:43:53 np0005471485.novalocal account-server[93329]: ::1 - - [06/Oct/2025:03:43:53 +0000] "PUT /3/145150/AUTH_7aebe34b89554e87825206ce40aeb2f7/gnocchi.5189e135-58c3-4242-922c-200678906b49" 201 - "-" "-" "container-updater 92792" 0.0004 "-" 93329 0
Oct 05 23:43:53 np0005471485.novalocal account-server[93328]: ::1 - - [06/Oct/2025:03:43:53 +0000] "PUT /1/145150/AUTH_7aebe34b89554e87825206ce40aeb2f7/gnocchi.5189e135-58c3-4242-922c-200678906b49" 201 - "-" "-" "container-updater 92792" 0.0004 "-" 93328 0
Oct 05 23:43:53 np0005471485.novalocal account-server[93329]: ::1 - - [06/Oct/2025:03:43:53 +0000] "PUT /2/145150/AUTH_7aebe34b89554e87825206ce40aeb2f7/gnocchi.5189e135-58c3-4242-922c-200678906b49" 201 - "-" "-" "container-updater 92792" 0.0003 "-" 93329 0
Oct 05 23:43:53 np0005471485.novalocal account-server[93329]: ::1 - - [06/Oct/2025:03:43:53 +0000] "PUT /3/145150/AUTH_7aebe34b89554e87825206ce40aeb2f7/gnocchi.72fc4685-7c6d-41d8-9be0-ccdf89e76377" 201 - "-" "-" "container-updater 92792" 0.0004 "-" 93329 0
Oct 05 23:43:53 np0005471485.novalocal account-server[93328]: ::1 - - [06/Oct/2025:03:43:53 +0000] "PUT /2/145150/AUTH_7aebe34b89554e87825206ce40aeb2f7/gnocchi.72fc4685-7c6d-41d8-9be0-ccdf89e76377" 201 - "-" "-" "container-updater 92792" 0.0008 "-" 93328 0
Oct 05 23:43:53 np0005471485.novalocal account-server[93328]: ::1 - - [06/Oct/2025:03:43:53 +0000] "PUT /1/145150/AUTH_7aebe34b89554e87825206ce40aeb2f7/gnocchi.72fc4685-7c6d-41d8-9be0-ccdf89e76377" 201 - "-" "-" "container-updater 92792" 0.0005 "-" 93328 0
Oct 05 23:43:53 np0005471485.novalocal kernel: qr-1c062405-2a: left promiscuous mode
Oct 05 23:43:53 np0005471485.novalocal account-server[93329]: ::1 - - [06/Oct/2025:03:43:53 +0000] "PUT /3/145150/AUTH_7aebe34b89554e87825206ce40aeb2f7/gnocchi.e9bf18da-02d2-4d76-891d-9dda6f16d513" 201 - "-" "-" "container-updater 92792" 0.0005 "-" 93329 0
Oct 05 23:43:53 np0005471485.novalocal account-server[93328]: ::1 - - [06/Oct/2025:03:43:53 +0000] "PUT /1/145150/AUTH_7aebe34b89554e87825206ce40aeb2f7/gnocchi.e9bf18da-02d2-4d76-891d-9dda6f16d513" 201 - "-" "-" "container-updater 92792" 0.0005 "-" 93328 0
Oct 05 23:43:53 np0005471485.novalocal account-server[93329]: ::1 - - [06/Oct/2025:03:43:53 +0000] "PUT /2/145150/AUTH_7aebe34b89554e87825206ce40aeb2f7/gnocchi.e9bf18da-02d2-4d76-891d-9dda6f16d513" 201 - "-" "-" "container-updater 92792" 0.0002 "-" 93329 0
Oct 05 23:43:53 np0005471485.novalocal sudo[102124]: pam_unix(sudo:session): session closed for user root
Oct 05 23:43:54 np0005471485.novalocal kernel: qg-0f2645c7-6f: left promiscuous mode
Oct 05 23:43:54 np0005471485.novalocal account-server[93328]: ::1 - - [06/Oct/2025:03:43:54 +0000] "PUT /3/145150/AUTH_7aebe34b89554e87825206ce40aeb2f7/gnocchi.9d08177d-f005-4077-93cb-0ab3f3ffc960" 201 - "-" "-" "container-updater 92792" 0.0004 "-" 93328 0
Oct 05 23:43:54 np0005471485.novalocal account-server[93328]: ::1 - - [06/Oct/2025:03:43:54 +0000] "PUT /1/145150/AUTH_7aebe34b89554e87825206ce40aeb2f7/gnocchi.9d08177d-f005-4077-93cb-0ab3f3ffc960" 201 - "-" "-" "container-updater 92792" 0.0002 "-" 93328 0
Oct 05 23:43:54 np0005471485.novalocal account-server[93328]: ::1 - - [06/Oct/2025:03:43:54 +0000] "PUT /2/145150/AUTH_7aebe34b89554e87825206ce40aeb2f7/gnocchi.9d08177d-f005-4077-93cb-0ab3f3ffc960" 201 - "-" "-" "container-updater 92792" 0.0002 "-" 93328 0
Oct 05 23:43:54 np0005471485.novalocal account-server[93329]: ::1 - - [06/Oct/2025:03:43:54 +0000] "PUT /1/145150/AUTH_7aebe34b89554e87825206ce40aeb2f7/gnocchi.9d08177d-f005-4077-93cb-0ab3f3ffc960" 201 - "-" "-" "container-updater 92792" 0.0005 "-" 93329 0
Oct 05 23:43:54 np0005471485.novalocal account-server[93328]: ::1 - - [06/Oct/2025:03:43:54 +0000] "PUT /3/145150/AUTH_7aebe34b89554e87825206ce40aeb2f7/gnocchi.9d08177d-f005-4077-93cb-0ab3f3ffc960" 201 - "-" "-" "container-updater 92792" 0.0006 "-" 93328 0
Oct 05 23:43:54 np0005471485.novalocal account-server[93328]: ::1 - - [06/Oct/2025:03:43:54 +0000] "PUT /2/145150/AUTH_7aebe34b89554e87825206ce40aeb2f7/gnocchi.9d08177d-f005-4077-93cb-0ab3f3ffc960" 201 - "-" "-" "container-updater 92792" 0.0005 "-" 93328 0
Oct 05 23:43:54 np0005471485.novalocal object-reconstructor[93190]: Starting object reconstruction pass.
Oct 05 23:43:54 np0005471485.novalocal object-reconstructor[93190]: Nothing reconstructed for 0.0004248619079589844 seconds.
Oct 05 23:43:54 np0005471485.novalocal object-reconstructor[93190]: Object reconstruction complete. (0.00 minutes)
Oct 05 23:43:54 np0005471485.novalocal dnsmasq-dhcp[101221]: DHCPRELEASE(tapf3c1b84d-71) 10.100.0.1 fa:16:3e:03:fa:c4
Oct 05 23:43:54 np0005471485.novalocal systemd[1]: run-netns-qrouter\x2d3aa99224\x2db0c4\x2d4d5b\x2d9abb\x2d69f704174489.mount: Deactivated successfully.
Oct 05 23:43:54 np0005471485.novalocal account-server[93328]: ::1 - - [06/Oct/2025:03:43:54 +0000] "PUT /3/145150/AUTH_7aebe34b89554e87825206ce40aeb2f7/gnocchi.d3a76a14-3283-4877-9bec-34600f149c4f" 201 - "-" "-" "container-updater 92792" 0.0004 "-" 93328 0
Oct 05 23:43:54 np0005471485.novalocal account-server[93329]: ::1 - - [06/Oct/2025:03:43:54 +0000] "PUT /2/145150/AUTH_7aebe34b89554e87825206ce40aeb2f7/gnocchi.d3a76a14-3283-4877-9bec-34600f149c4f" 201 - "-" "-" "container-updater 92792" 0.0005 "-" 93329 0
Oct 05 23:43:54 np0005471485.novalocal account-server[93328]: ::1 - - [06/Oct/2025:03:43:54 +0000] "PUT /1/145150/AUTH_7aebe34b89554e87825206ce40aeb2f7/gnocchi.d3a76a14-3283-4877-9bec-34600f149c4f" 201 - "-" "-" "container-updater 92792" 0.0003 "-" 93328 0
Oct 05 23:43:54 np0005471485.novalocal account-server[93328]: ::1 - - [06/Oct/2025:03:43:54 +0000] "PUT /2/145150/AUTH_7aebe34b89554e87825206ce40aeb2f7/gnocchi.9ff2446e-71cb-45d6-a675-9511dd1e0987" 201 - "-" "-" "container-updater 92792" 0.0004 "-" 93328 0
Oct 05 23:43:54 np0005471485.novalocal account-server[93329]: ::1 - - [06/Oct/2025:03:43:54 +0000] "PUT /3/145150/AUTH_7aebe34b89554e87825206ce40aeb2f7/gnocchi.9ff2446e-71cb-45d6-a675-9511dd1e0987" 201 - "-" "-" "container-updater 92792" 0.0009 "-" 93329 0
Oct 05 23:43:54 np0005471485.novalocal account-server[93329]: ::1 - - [06/Oct/2025:03:43:54 +0000] "PUT /1/145150/AUTH_7aebe34b89554e87825206ce40aeb2f7/gnocchi.9ff2446e-71cb-45d6-a675-9511dd1e0987" 201 - "-" "-" "container-updater 92792" 0.0010 "-" 93329 0
Oct 05 23:43:54 np0005471485.novalocal account-server[93328]: ::1 - - [06/Oct/2025:03:43:54 +0000] "PUT /3/145150/AUTH_7aebe34b89554e87825206ce40aeb2f7/gnocchi.a3ccf50e-cadd-4dfc-804b-c575f10a1bd7" 201 - "-" "-" "container-updater 92792" 0.0004 "-" 93328 0
Oct 05 23:43:54 np0005471485.novalocal account-server[93328]: ::1 - - [06/Oct/2025:03:43:54 +0000] "PUT /1/145150/AUTH_7aebe34b89554e87825206ce40aeb2f7/gnocchi.a3ccf50e-cadd-4dfc-804b-c575f10a1bd7" 201 - "-" "-" "container-updater 92792" 0.0002 "-" 93328 0
Oct 05 23:43:54 np0005471485.novalocal account-server[93329]: ::1 - - [06/Oct/2025:03:43:54 +0000] "PUT /2/145150/AUTH_7aebe34b89554e87825206ce40aeb2f7/gnocchi.a3ccf50e-cadd-4dfc-804b-c575f10a1bd7" 201 - "-" "-" "container-updater 92792" 0.0010 "-" 93329 0
Oct 05 23:43:54 np0005471485.novalocal account-server[93328]: ::1 - - [06/Oct/2025:03:43:54 +0000] "PUT /3/145150/AUTH_7aebe34b89554e87825206ce40aeb2f7/gnocchi.a3c99e9b-d9a9-4365-bdff-7d7de483e83f" 201 - "-" "-" "container-updater 92792" 0.0005 "-" 93328 0
Oct 05 23:43:54 np0005471485.novalocal account-server[93329]: ::1 - - [06/Oct/2025:03:43:54 +0000] "PUT /2/145150/AUTH_7aebe34b89554e87825206ce40aeb2f7/gnocchi.a3c99e9b-d9a9-4365-bdff-7d7de483e83f" 201 - "-" "-" "container-updater 92792" 0.0011 "-" 93329 0
Oct 05 23:43:54 np0005471485.novalocal account-server[93328]: ::1 - - [06/Oct/2025:03:43:54 +0000] "PUT /1/145150/AUTH_7aebe34b89554e87825206ce40aeb2f7/gnocchi.a3c99e9b-d9a9-4365-bdff-7d7de483e83f" 201 - "-" "-" "container-updater 92792" 0.0005 "-" 93328 0
Oct 05 23:43:54 np0005471485.novalocal account-server[93328]: ::1 - - [06/Oct/2025:03:43:54 +0000] "PUT /3/145150/AUTH_7aebe34b89554e87825206ce40aeb2f7/gnocchi.a3c99e9b-d9a9-4365-bdff-7d7de483e83f" 201 - "-" "-" "container-updater 92792" 0.0007 "-" 93328 0
Oct 05 23:43:54 np0005471485.novalocal account-server[93329]: ::1 - - [06/Oct/2025:03:43:54 +0000] "PUT /1/145150/AUTH_7aebe34b89554e87825206ce40aeb2f7/gnocchi.a3c99e9b-d9a9-4365-bdff-7d7de483e83f" 201 - "-" "-" "container-updater 92792" 0.0011 "-" 93329 0
Oct 05 23:43:54 np0005471485.novalocal account-server[93328]: ::1 - - [06/Oct/2025:03:43:54 +0000] "PUT /2/145150/AUTH_7aebe34b89554e87825206ce40aeb2f7/gnocchi.a3c99e9b-d9a9-4365-bdff-7d7de483e83f" 201 - "-" "-" "container-updater 92792" 0.0005 "-" 93328 0
Oct 05 23:43:55 np0005471485.novalocal account-server[93328]: ::1 - - [06/Oct/2025:03:43:55 +0000] "PUT /2/145150/AUTH_7aebe34b89554e87825206ce40aeb2f7/gnocchi.24678e97-0224-4cea-9109-621677280207" 201 - "-" "-" "container-updater 92792" 0.0004 "-" 93328 0
Oct 05 23:43:55 np0005471485.novalocal account-server[93329]: ::1 - - [06/Oct/2025:03:43:55 +0000] "PUT /3/145150/AUTH_7aebe34b89554e87825206ce40aeb2f7/gnocchi.24678e97-0224-4cea-9109-621677280207" 201 - "-" "-" "container-updater 92792" 0.0008 "-" 93329 0
Oct 05 23:43:55 np0005471485.novalocal account-server[93329]: ::1 - - [06/Oct/2025:03:43:55 +0000] "PUT /1/145150/AUTH_7aebe34b89554e87825206ce40aeb2f7/gnocchi.24678e97-0224-4cea-9109-621677280207" 201 - "-" "-" "container-updater 92792" 0.0006 "-" 93329 0
Oct 05 23:43:55 np0005471485.novalocal account-server[93328]: ::1 - - [06/Oct/2025:03:43:55 +0000] "PUT /3/145150/AUTH_7aebe34b89554e87825206ce40aeb2f7/gnocchi.bb9b7488-c733-4623-994b-03a1e587fe4b" 201 - "-" "-" "container-updater 92792" 0.0006 "-" 93328 0
Oct 05 23:43:55 np0005471485.novalocal account-server[93329]: ::1 - - [06/Oct/2025:03:43:55 +0000] "PUT /1/145150/AUTH_7aebe34b89554e87825206ce40aeb2f7/gnocchi.bb9b7488-c733-4623-994b-03a1e587fe4b" 201 - "-" "-" "container-updater 92792" 0.0008 "-" 93329 0
Oct 05 23:43:55 np0005471485.novalocal account-server[93328]: ::1 - - [06/Oct/2025:03:43:55 +0000] "PUT /2/145150/AUTH_7aebe34b89554e87825206ce40aeb2f7/gnocchi.bb9b7488-c733-4623-994b-03a1e587fe4b" 201 - "-" "-" "container-updater 92792" 0.0005 "-" 93328 0
Oct 05 23:43:55 np0005471485.novalocal dnsmasq[101221]: read /var/lib/neutron/dhcp/4ccab765-e0e1-4535-bd9d-aa2561010a10/addn_hosts - 0 addresses
Oct 05 23:43:55 np0005471485.novalocal dnsmasq-dhcp[101221]: read /var/lib/neutron/dhcp/4ccab765-e0e1-4535-bd9d-aa2561010a10/host
Oct 05 23:43:55 np0005471485.novalocal dnsmasq-dhcp[101221]: read /var/lib/neutron/dhcp/4ccab765-e0e1-4535-bd9d-aa2561010a10/opts
Oct 05 23:43:55 np0005471485.novalocal account-server[93329]: ::1 - - [06/Oct/2025:03:43:55 +0000] "PUT /3/145150/AUTH_7aebe34b89554e87825206ce40aeb2f7/gnocchi.9d08177d-f005-4077-93cb-0ab3f3ffc960" 201 - "-" "-" "container-updater 92792" 0.0005 "-" 93329 0
Oct 05 23:43:55 np0005471485.novalocal account-server[93328]: ::1 - - [06/Oct/2025:03:43:55 +0000] "PUT /1/145150/AUTH_7aebe34b89554e87825206ce40aeb2f7/gnocchi.9d08177d-f005-4077-93cb-0ab3f3ffc960" 201 - "-" "-" "container-updater 92792" 0.0006 "-" 93328 0
Oct 05 23:43:55 np0005471485.novalocal account-server[93329]: ::1 - - [06/Oct/2025:03:43:55 +0000] "PUT /2/145150/AUTH_7aebe34b89554e87825206ce40aeb2f7/gnocchi.9d08177d-f005-4077-93cb-0ab3f3ffc960" 201 - "-" "-" "container-updater 92792" 0.0006 "-" 93329 0
Oct 05 23:43:55 np0005471485.novalocal dnsmasq[101221]: exiting on receipt of SIGTERM
Oct 05 23:43:55 np0005471485.novalocal kernel: tapf3c1b84d-71: left promiscuous mode
Oct 05 23:43:55 np0005471485.novalocal account-server[93328]: ::1 - - [06/Oct/2025:03:43:55 +0000] "PUT /3/145150/AUTH_7aebe34b89554e87825206ce40aeb2f7/gnocchi.a58d423c-fe5a-4b38-a10f-68a325e6df32" 201 - "-" "-" "container-updater 92792" 0.0004 "-" 93328 0
Oct 05 23:43:55 np0005471485.novalocal account-server[93329]: ::1 - - [06/Oct/2025:03:43:55 +0000] "PUT /2/145150/AUTH_7aebe34b89554e87825206ce40aeb2f7/gnocchi.a58d423c-fe5a-4b38-a10f-68a325e6df32" 201 - "-" "-" "container-updater 92792" 0.0013 "-" 93329 0
Oct 05 23:43:55 np0005471485.novalocal account-server[93329]: ::1 - - [06/Oct/2025:03:43:55 +0000] "PUT /1/145150/AUTH_7aebe34b89554e87825206ce40aeb2f7/gnocchi.a58d423c-fe5a-4b38-a10f-68a325e6df32" 201 - "-" "-" "container-updater 92792" 0.0004 "-" 93329 0
Oct 05 23:43:55 np0005471485.novalocal account-server[93328]: ::1 - - [06/Oct/2025:03:43:55 +0000] "PUT /3/145150/AUTH_7aebe34b89554e87825206ce40aeb2f7/gnocchi.a3ccf50e-cadd-4dfc-804b-c575f10a1bd7" 201 - "-" "-" "container-updater 92792" 0.0004 "-" 93328 0
Oct 05 23:43:55 np0005471485.novalocal account-server[93329]: ::1 - - [06/Oct/2025:03:43:55 +0000] "PUT /2/145150/AUTH_7aebe34b89554e87825206ce40aeb2f7/gnocchi.a3ccf50e-cadd-4dfc-804b-c575f10a1bd7" 201 - "-" "-" "container-updater 92792" 0.0005 "-" 93329 0
Oct 05 23:43:55 np0005471485.novalocal account-server[93329]: ::1 - - [06/Oct/2025:03:43:55 +0000] "PUT /1/145150/AUTH_7aebe34b89554e87825206ce40aeb2f7/gnocchi.a3ccf50e-cadd-4dfc-804b-c575f10a1bd7" 201 - "-" "-" "container-updater 92792" 0.0004 "-" 93329 0
Oct 05 23:43:55 np0005471485.novalocal account-server[93328]: ::1 - - [06/Oct/2025:03:43:55 +0000] "PUT /3/145150/AUTH_7aebe34b89554e87825206ce40aeb2f7/gnocchi.9be7ba4b-176a-48d6-be9a-57ad8f32bb65" 201 - "-" "-" "container-updater 92792" 0.0004 "-" 93328 0
Oct 05 23:43:55 np0005471485.novalocal account-server[93329]: ::1 - - [06/Oct/2025:03:43:55 +0000] "PUT /2/145150/AUTH_7aebe34b89554e87825206ce40aeb2f7/gnocchi.9be7ba4b-176a-48d6-be9a-57ad8f32bb65" 201 - "-" "-" "container-updater 92792" 0.0004 "-" 93329 0
Oct 05 23:43:55 np0005471485.novalocal account-server[93328]: ::1 - - [06/Oct/2025:03:43:55 +0000] "PUT /1/145150/AUTH_7aebe34b89554e87825206ce40aeb2f7/gnocchi.9be7ba4b-176a-48d6-be9a-57ad8f32bb65" 201 - "-" "-" "container-updater 92792" 0.0002 "-" 93328 0
Oct 05 23:43:55 np0005471485.novalocal account-server[93328]: ::1 - - [06/Oct/2025:03:43:55 +0000] "PUT /3/145150/AUTH_7aebe34b89554e87825206ce40aeb2f7/gnocchi.4f45c7ba-d1cf-439c-8b2e-6ffd5db24b6f" 201 - "-" "-" "container-updater 92792" 0.0004 "-" 93328 0
Oct 05 23:43:55 np0005471485.novalocal account-server[93328]: ::1 - - [06/Oct/2025:03:43:55 +0000] "PUT /2/145150/AUTH_7aebe34b89554e87825206ce40aeb2f7/gnocchi.4f45c7ba-d1cf-439c-8b2e-6ffd5db24b6f" 201 - "-" "-" "container-updater 92792" 0.0002 "-" 93328 0
Oct 05 23:43:55 np0005471485.novalocal account-server[93328]: ::1 - - [06/Oct/2025:03:43:55 +0000] "PUT /1/145150/AUTH_7aebe34b89554e87825206ce40aeb2f7/gnocchi.4f45c7ba-d1cf-439c-8b2e-6ffd5db24b6f" 201 - "-" "-" "container-updater 92792" 0.0002 "-" 93328 0
Oct 05 23:43:55 np0005471485.novalocal account-server[93329]: ::1 - - [06/Oct/2025:03:43:55 +0000] "PUT /2/145150/AUTH_7aebe34b89554e87825206ce40aeb2f7/gnocchi.4f45c7ba-d1cf-439c-8b2e-6ffd5db24b6f" 201 - "-" "-" "container-updater 92792" 0.0005 "-" 93329 0
Oct 05 23:43:55 np0005471485.novalocal account-server[93328]: ::1 - - [06/Oct/2025:03:43:55 +0000] "PUT /3/145150/AUTH_7aebe34b89554e87825206ce40aeb2f7/gnocchi.4f45c7ba-d1cf-439c-8b2e-6ffd5db24b6f" 201 - "-" "-" "container-updater 92792" 0.0007 "-" 93328 0
Oct 05 23:43:55 np0005471485.novalocal account-server[93329]: ::1 - - [06/Oct/2025:03:43:55 +0000] "PUT /1/145150/AUTH_7aebe34b89554e87825206ce40aeb2f7/gnocchi.4f45c7ba-d1cf-439c-8b2e-6ffd5db24b6f" 201 - "-" "-" "container-updater 92792" 0.0003 "-" 93329 0
Oct 05 23:43:55 np0005471485.novalocal systemd[1]: run-netns-qdhcp\x2d4ccab765\x2de0e1\x2d4535\x2dbd9d\x2daa2561010a10.mount: Deactivated successfully.
Oct 05 23:43:55 np0005471485.novalocal account-server[93329]: ::1 - - [06/Oct/2025:03:43:55 +0000] "PUT /2/145150/AUTH_7aebe34b89554e87825206ce40aeb2f7/gnocchi.79d07197-b1c9-4c32-9ab2-f7994e7278b3" 201 - "-" "-" "container-updater 92792" 0.0004 "-" 93329 0
Oct 05 23:43:55 np0005471485.novalocal account-server[93328]: ::1 - - [06/Oct/2025:03:43:55 +0000] "PUT /3/145150/AUTH_7aebe34b89554e87825206ce40aeb2f7/gnocchi.79d07197-b1c9-4c32-9ab2-f7994e7278b3" 201 - "-" "-" "container-updater 92792" 0.0007 "-" 93328 0
Oct 05 23:43:55 np0005471485.novalocal account-server[93329]: ::1 - - [06/Oct/2025:03:43:55 +0000] "PUT /1/145150/AUTH_7aebe34b89554e87825206ce40aeb2f7/gnocchi.79d07197-b1c9-4c32-9ab2-f7994e7278b3" 201 - "-" "-" "container-updater 92792" 0.0002 "-" 93329 0
Oct 05 23:43:56 np0005471485.novalocal container-server[93621]: ::1 - - [06/Oct/2025:03:43:56 +0000] "HEAD /2/226546/AUTH_7aebe34b89554e87825206ce40aeb2f7/gnocchi.3be9cf1d-1735-4511-a63c-9d29f916df98" 404 - "HEAD http://[::1]:8080/v1/AUTH_7aebe34b89554e87825206ce40aeb2f7/gnocchi.3be9cf1d-1735-4511-a63c-9d29f916df98" "txd84d378b3c864294bd5b3-0068e33afc" "proxy-server 94957" 0.0005 "-" 93621 0
Oct 05 23:43:56 np0005471485.novalocal container-server[93621]: ::1 - - [06/Oct/2025:03:43:56 +0000] "HEAD /1/226546/AUTH_7aebe34b89554e87825206ce40aeb2f7/gnocchi.3be9cf1d-1735-4511-a63c-9d29f916df98" 404 - "HEAD http://[::1]:8080/v1/AUTH_7aebe34b89554e87825206ce40aeb2f7/gnocchi.3be9cf1d-1735-4511-a63c-9d29f916df98" "txd84d378b3c864294bd5b3-0068e33afc" "proxy-server 94957" 0.0004 "-" 93621 0
Oct 05 23:43:56 np0005471485.novalocal container-server[93621]: ::1 - - [06/Oct/2025:03:43:56 +0000] "HEAD /3/226546/AUTH_7aebe34b89554e87825206ce40aeb2f7/gnocchi.3be9cf1d-1735-4511-a63c-9d29f916df98" 404 - "HEAD http://[::1]:8080/v1/AUTH_7aebe34b89554e87825206ce40aeb2f7/gnocchi.3be9cf1d-1735-4511-a63c-9d29f916df98" "txd84d378b3c864294bd5b3-0068e33afc" "proxy-server 94957" 0.0003 "-" 93621 0
Oct 05 23:43:56 np0005471485.novalocal proxy-server[94957]: - - 06/Oct/2025/03/43/56 HEAD /v1/AUTH_7aebe34b89554e87825206ce40aeb2f7/gnocchi.3be9cf1d-1735-4511-a63c-9d29f916df98 HTTP/1.0 404 - Swift - - - - txd84d378b3c864294bd5b3-0068e33afc - 0.0190 CS - 1759722236.085153818 1759722236.104159832 0 -
Oct 05 23:43:56 np0005471485.novalocal object-server[93955]: ::1 - - [06/Oct/2025:03:43:56 +0000] "GET /3/123088/AUTH_7aebe34b89554e87825206ce40aeb2f7/gnocchi.3be9cf1d-1735-4511-a63c-9d29f916df98/none_v3" 404 70 "GET https://[::1]:8080/v1/AUTH_7aebe34b89554e87825206ce40aeb2f7/gnocchi.3be9cf1d-1735-4511-a63c-9d29f916df98/none_v3" "txd84d378b3c864294bd5b3-0068e33afc" "proxy-server 94957" 0.0003 "-" 93955 0
Oct 05 23:43:56 np0005471485.novalocal object-server[93954]: ::1 - - [06/Oct/2025:03:43:56 +0000] "GET /2/123088/AUTH_7aebe34b89554e87825206ce40aeb2f7/gnocchi.3be9cf1d-1735-4511-a63c-9d29f916df98/none_v3" 404 70 "GET https://[::1]:8080/v1/AUTH_7aebe34b89554e87825206ce40aeb2f7/gnocchi.3be9cf1d-1735-4511-a63c-9d29f916df98/none_v3" "txd84d378b3c864294bd5b3-0068e33afc" "proxy-server 94957" 0.0004 "-" 93954 0
Oct 05 23:43:56 np0005471485.novalocal object-server[93954]: ::1 - - [06/Oct/2025:03:43:56 +0000] "GET /1/123088/AUTH_7aebe34b89554e87825206ce40aeb2f7/gnocchi.3be9cf1d-1735-4511-a63c-9d29f916df98/none_v3" 404 70 "GET https://[::1]:8080/v1/AUTH_7aebe34b89554e87825206ce40aeb2f7/gnocchi.3be9cf1d-1735-4511-a63c-9d29f916df98/none_v3" "txd84d378b3c864294bd5b3-0068e33afc" "proxy-server 94957" 0.0003 "-" 93954 0
Oct 05 23:43:56 np0005471485.novalocal proxy-server[94957]: ::1 ::1 06/Oct/2025/03/43/56 GET /v1/AUTH_7aebe34b89554e87825206ce40aeb2f7/gnocchi.3be9cf1d-1735-4511-a63c-9d29f916df98/none_v3 HTTP/1.0 404 - python-swiftclient-4.8.0 gAAAAABo4zrG_lV4... - 70 - txd84d378b3c864294bd5b3-0068e33afc - 0.0392 - - 1759722236.083016157 1759722236.122198105 0 7b03bd18aea8470cbeb747235c58da52
Oct 05 23:43:56 np0005471485.novalocal account-server[93328]: ::1 - - [06/Oct/2025:03:43:56 +0000] "PUT /1/145150/AUTH_7aebe34b89554e87825206ce40aeb2f7/gnocchi.24678e97-0224-4cea-9109-621677280207" 201 - "-" "-" "container-updater 92792" 0.0004 "-" 93328 0
Oct 05 23:43:56 np0005471485.novalocal account-server[93329]: ::1 - - [06/Oct/2025:03:43:56 +0000] "PUT /1/145150/AUTH_7aebe34b89554e87825206ce40aeb2f7/gnocchi.3be9cf1d-1735-4511-a63c-9d29f916df98" 201 - "PUT http://[::1]:6001/2/226546/AUTH_7aebe34b89554e87825206ce40aeb2f7/gnocchi.3be9cf1d-1735-4511-a63c-9d29f916df98" "tx41f92a97992440d297e3b-0068e33afc" "container-server 93622" 0.0162 "-" 93329 0
Oct 05 23:43:56 np0005471485.novalocal container-server[93622]: ::1 - - [06/Oct/2025:03:43:56 +0000] "PUT /2/226546/AUTH_7aebe34b89554e87825206ce40aeb2f7/gnocchi.3be9cf1d-1735-4511-a63c-9d29f916df98" 201 - "PUT https://[::1]:8080/v1/AUTH_7aebe34b89554e87825206ce40aeb2f7/gnocchi.3be9cf1d-1735-4511-a63c-9d29f916df98" "tx41f92a97992440d297e3b-0068e33afc" "proxy-server 94957" 0.0283 "-" 93622 0
Oct 05 23:43:56 np0005471485.novalocal account-server[93329]: ::1 - - [06/Oct/2025:03:43:56 +0000] "PUT /3/145150/AUTH_7aebe34b89554e87825206ce40aeb2f7/gnocchi.24678e97-0224-4cea-9109-621677280207" 201 - "-" "-" "container-updater 92792" 0.0006 "-" 93329 0
Oct 05 23:43:56 np0005471485.novalocal account-server[93328]: ::1 - - [06/Oct/2025:03:43:56 +0000] "PUT /2/145150/AUTH_7aebe34b89554e87825206ce40aeb2f7/gnocchi.3be9cf1d-1735-4511-a63c-9d29f916df98" 201 - "PUT http://[::1]:6001/1/226546/AUTH_7aebe34b89554e87825206ce40aeb2f7/gnocchi.3be9cf1d-1735-4511-a63c-9d29f916df98" "tx41f92a97992440d297e3b-0068e33afc" "container-server 93622" 0.0061 "-" 93328 0
Oct 05 23:43:56 np0005471485.novalocal container-server[93622]: ::1 - - [06/Oct/2025:03:43:56 +0000] "PUT /1/226546/AUTH_7aebe34b89554e87825206ce40aeb2f7/gnocchi.3be9cf1d-1735-4511-a63c-9d29f916df98" 201 - "PUT https://[::1]:8080/v1/AUTH_7aebe34b89554e87825206ce40aeb2f7/gnocchi.3be9cf1d-1735-4511-a63c-9d29f916df98" "tx41f92a97992440d297e3b-0068e33afc" "proxy-server 94957" 0.0244 "-" 93622 0
Oct 05 23:43:56 np0005471485.novalocal account-server[93329]: ::1 - - [06/Oct/2025:03:43:56 +0000] "PUT /3/145150/AUTH_7aebe34b89554e87825206ce40aeb2f7/gnocchi.3be9cf1d-1735-4511-a63c-9d29f916df98" 201 - "PUT http://[::1]:6001/3/226546/AUTH_7aebe34b89554e87825206ce40aeb2f7/gnocchi.3be9cf1d-1735-4511-a63c-9d29f916df98" "tx41f92a97992440d297e3b-0068e33afc" "container-server 93621" 0.0109 "-" 93329 0
Oct 05 23:43:56 np0005471485.novalocal account-server[93329]: ::1 - - [06/Oct/2025:03:43:56 +0000] "PUT /2/145150/AUTH_7aebe34b89554e87825206ce40aeb2f7/gnocchi.24678e97-0224-4cea-9109-621677280207" 201 - "-" "-" "container-updater 92792" 0.0136 "-" 93329 0
