Oct 05 23:43:33 np0005471485.novalocal container-server[93622]: ::1 - - [06/Oct/2025:03:43:33 +0000] "GET /3/242516/AUTH_7aebe34b89554e87825206ce40aeb2f7/gnocchi.d3a76a14-3283-4877-9bec-34600f149c4f" 200 2 "GET https://[::1]:8080/v1/AUTH_7aebe34b89554e87825206ce40aeb2f7/gnocchi.d3a76a14-3283-4877-9bec-34600f149c4f?format=json&states=listing" "txae651ee01dd740ad9e526-0068e33ae5" "proxy-server 94957" 0.0054 "-" 93622 0
Oct 05 23:43:33 np0005471485.novalocal proxy-server[94957]: ::1 ::1 06/Oct/2025/03/43/33 GET /v1/AUTH_7aebe34b89554e87825206ce40aeb2f7/gnocchi.d3a76a14-3283-4877-9bec-34600f149c4f%3Fformat%3Djson%26states%3Dlisting HTTP/1.0 200 - python-swiftclient-4.8.0 gAAAAABo4zrI4CaX... - 2 - txae651ee01dd740ad9e526-0068e33ae5 - 0.0374 - - 1759722213.479383230 1759722213.516781092 0 7b03bd18aea8470cbeb747235c58da52
Oct 05 23:43:33 np0005471485.novalocal object-server[93954]: ::1 - - [06/Oct/2025:03:43:33 +0000] "GET /2/259890/AUTH_7aebe34b89554e87825206ce40aeb2f7/gnocchi.d3a76a14-3283-4877-9bec-34600f149c4f/1759320000.0_mean_300.0_v3" 404 70 "GET https://[::1]:8080/v1/AUTH_7aebe34b89554e87825206ce40aeb2f7/gnocchi.d3a76a14-3283-4877-9bec-34600f149c4f/1759320000.0_mean_300.0_v3" "txacd83900d86746df915b2-0068e33ae5" "proxy-server 94957" 0.0003 "-" 93954 0
Oct 05 23:43:33 np0005471485.novalocal object-server[93954]: ::1 - - [06/Oct/2025:03:43:33 +0000] "GET /3/259890/AUTH_7aebe34b89554e87825206ce40aeb2f7/gnocchi.d3a76a14-3283-4877-9bec-34600f149c4f/1759320000.0_mean_300.0_v3" 404 70 "GET https://[::1]:8080/v1/AUTH_7aebe34b89554e87825206ce40aeb2f7/gnocchi.d3a76a14-3283-4877-9bec-34600f149c4f/1759320000.0_mean_300.0_v3" "txacd83900d86746df915b2-0068e33ae5" "proxy-server 94957" 0.0002 "-" 93954 0
Oct 05 23:43:33 np0005471485.novalocal sudo[101812]: pam_unix(sudo:session): session closed for user root
Oct 05 23:43:33 np0005471485.novalocal systemd[1]: session-c132.scope: Deactivated successfully.
Oct 05 23:43:33 np0005471485.novalocal object-server[93955]: ::1 - - [06/Oct/2025:03:43:33 +0000] "GET /1/259890/AUTH_7aebe34b89554e87825206ce40aeb2f7/gnocchi.d3a76a14-3283-4877-9bec-34600f149c4f/1759320000.0_mean_300.0_v3" 404 70 "GET https://[::1]:8080/v1/AUTH_7aebe34b89554e87825206ce40aeb2f7/gnocchi.d3a76a14-3283-4877-9bec-34600f149c4f/1759320000.0_mean_300.0_v3" "txacd83900d86746df915b2-0068e33ae5" "proxy-server 94957" 0.0005 "-" 93955 0
Oct 05 23:43:33 np0005471485.novalocal proxy-server[94957]: ::1 ::1 06/Oct/2025/03/43/33 GET /v1/AUTH_7aebe34b89554e87825206ce40aeb2f7/gnocchi.d3a76a14-3283-4877-9bec-34600f149c4f/1759320000.0_mean_300.0_v3 HTTP/1.0 404 - python-swiftclient-4.8.0 gAAAAABo4zrI4CaX... - 70 - txacd83900d86746df915b2-0068e33ae5 - 0.0145 - - 1759722213.520522833 1759722213.535064936 0 7b03bd18aea8470cbeb747235c58da52
Oct 05 23:43:33 np0005471485.novalocal container-server[93621]: ::1 - - [06/Oct/2025:03:43:33 +0000] "PUT /3/242516/AUTH_7aebe34b89554e87825206ce40aeb2f7/gnocchi.d3a76a14-3283-4877-9bec-34600f149c4f/1759320000.0_mean_300.0_v3" 201 - "PUT http://[::1]:8080/3/259890/AUTH_7aebe34b89554e87825206ce40aeb2f7/gnocchi.d3a76a14-3283-4877-9bec-34600f149c4f/1759320000.0_mean_300.0_v3" "tx55e828eb0a214f90890cf-0068e33ae5" "object-server 93955" 0.0009 "-" 93621 0
Oct 05 23:43:33 np0005471485.novalocal object-server[93955]: ::1 - - [06/Oct/2025:03:43:33 +0000] "PUT /3/259890/AUTH_7aebe34b89554e87825206ce40aeb2f7/gnocchi.d3a76a14-3283-4877-9bec-34600f149c4f/1759320000.0_mean_300.0_v3" 201 - "PUT https://[::1]:8080/v1/AUTH_7aebe34b89554e87825206ce40aeb2f7/gnocchi.d3a76a14-3283-4877-9bec-34600f149c4f/1759320000.0_mean_300.0_v3" "tx55e828eb0a214f90890cf-0068e33ae5" "proxy-server 94957" 0.0161 "-" 93955 0
Oct 05 23:43:33 np0005471485.novalocal container-server[93622]: ::1 - - [06/Oct/2025:03:43:33 +0000] "PUT /2/242516/AUTH_7aebe34b89554e87825206ce40aeb2f7/gnocchi.d3a76a14-3283-4877-9bec-34600f149c4f/1759320000.0_mean_300.0_v3" 201 - "PUT http://[::1]:8080/1/259890/AUTH_7aebe34b89554e87825206ce40aeb2f7/gnocchi.d3a76a14-3283-4877-9bec-34600f149c4f/1759320000.0_mean_300.0_v3" "tx55e828eb0a214f90890cf-0068e33ae5" "object-server 93954" 0.0008 "-" 93622 0
Oct 05 23:43:33 np0005471485.novalocal object-server[93954]: ::1 - - [06/Oct/2025:03:43:33 +0000] "PUT /1/259890/AUTH_7aebe34b89554e87825206ce40aeb2f7/gnocchi.d3a76a14-3283-4877-9bec-34600f149c4f/1759320000.0_mean_300.0_v3" 201 - "PUT https://[::1]:8080/v1/AUTH_7aebe34b89554e87825206ce40aeb2f7/gnocchi.d3a76a14-3283-4877-9bec-34600f149c4f/1759320000.0_mean_300.0_v3" "tx55e828eb0a214f90890cf-0068e33ae5" "proxy-server 94957" 0.0196 "-" 93954 0
Oct 05 23:43:33 np0005471485.novalocal container-server[93621]: ::1 - - [06/Oct/2025:03:43:33 +0000] "PUT /1/242516/AUTH_7aebe34b89554e87825206ce40aeb2f7/gnocchi.d3a76a14-3283-4877-9bec-34600f149c4f/1759320000.0_mean_300.0_v3" 201 - "PUT http://[::1]:8080/2/259890/AUTH_7aebe34b89554e87825206ce40aeb2f7/gnocchi.d3a76a14-3283-4877-9bec-34600f149c4f/1759320000.0_mean_300.0_v3" "tx55e828eb0a214f90890cf-0068e33ae5" "object-server 93954" 0.0008 "-" 93621 0
Oct 05 23:43:33 np0005471485.novalocal object-server[93954]: ::1 - - [06/Oct/2025:03:43:33 +0000] "PUT /2/259890/AUTH_7aebe34b89554e87825206ce40aeb2f7/gnocchi.d3a76a14-3283-4877-9bec-34600f149c4f/1759320000.0_mean_300.0_v3" 201 - "PUT https://[::1]:8080/v1/AUTH_7aebe34b89554e87825206ce40aeb2f7/gnocchi.d3a76a14-3283-4877-9bec-34600f149c4f/1759320000.0_mean_300.0_v3" "tx55e828eb0a214f90890cf-0068e33ae5" "proxy-server 94957" 0.0271 "-" 93954 0
Oct 05 23:43:33 np0005471485.novalocal proxy-server[94957]: ::1 ::1 06/Oct/2025/03/43/33 PUT /v1/AUTH_7aebe34b89554e87825206ce40aeb2f7/gnocchi.d3a76a14-3283-4877-9bec-34600f149c4f/1759320000.0_mean_300.0_v3 HTTP/1.0 201 - python-swiftclient-4.8.0 gAAAAABo4zrI4CaX... 16 - - tx55e828eb0a214f90890cf-0068e33ae5 - 0.0454 - - 1759722213.539150953 1759722213.584591627 0 7b03bd18aea8470cbeb747235c58da52
Oct 05 23:43:33 np0005471485.novalocal container-server[93622]: ::1 - - [06/Oct/2025:03:43:33 +0000] "PUT /1/242516/AUTH_7aebe34b89554e87825206ce40aeb2f7/gnocchi.d3a76a14-3283-4877-9bec-34600f149c4f/none_v3" 201 - "PUT http://[::1]:8080/1/1015/AUTH_7aebe34b89554e87825206ce40aeb2f7/gnocchi.d3a76a14-3283-4877-9bec-34600f149c4f/none_v3" "txea0e59d518974f9a98839-0068e33ae5" "object-server 93955" 0.0009 "-" 93622 0
Oct 05 23:43:33 np0005471485.novalocal object-server[93955]: ::1 - - [06/Oct/2025:03:43:33 +0000] "PUT /1/1015/AUTH_7aebe34b89554e87825206ce40aeb2f7/gnocchi.d3a76a14-3283-4877-9bec-34600f149c4f/none_v3" 201 - "PUT https://[::1]:8080/v1/AUTH_7aebe34b89554e87825206ce40aeb2f7/gnocchi.d3a76a14-3283-4877-9bec-34600f149c4f/none_v3" "txea0e59d518974f9a98839-0068e33ae5" "proxy-server 94957" 0.0246 "-" 93955 0
Oct 05 23:43:33 np0005471485.novalocal container-server[93621]: ::1 - - [06/Oct/2025:03:43:33 +0000] "PUT /3/242516/AUTH_7aebe34b89554e87825206ce40aeb2f7/gnocchi.d3a76a14-3283-4877-9bec-34600f149c4f/none_v3" 201 - "PUT http://[::1]:8080/3/1015/AUTH_7aebe34b89554e87825206ce40aeb2f7/gnocchi.d3a76a14-3283-4877-9bec-34600f149c4f/none_v3" "txea0e59d518974f9a98839-0068e33ae5" "object-server 93955" 0.0007 "-" 93621 0
Oct 05 23:43:33 np0005471485.novalocal object-server[93955]: ::1 - - [06/Oct/2025:03:43:33 +0000] "PUT /3/1015/AUTH_7aebe34b89554e87825206ce40aeb2f7/gnocchi.d3a76a14-3283-4877-9bec-34600f149c4f/none_v3" 201 - "PUT https://[::1]:8080/v1/AUTH_7aebe34b89554e87825206ce40aeb2f7/gnocchi.d3a76a14-3283-4877-9bec-34600f149c4f/none_v3" "txea0e59d518974f9a98839-0068e33ae5" "proxy-server 94957" 0.0193 "-" 93955 0
Oct 05 23:43:33 np0005471485.novalocal container-server[93622]: ::1 - - [06/Oct/2025:03:43:33 +0000] "PUT /2/242516/AUTH_7aebe34b89554e87825206ce40aeb2f7/gnocchi.d3a76a14-3283-4877-9bec-34600f149c4f/none_v3" 201 - "PUT http://[::1]:8080/2/1015/AUTH_7aebe34b89554e87825206ce40aeb2f7/gnocchi.d3a76a14-3283-4877-9bec-34600f149c4f/none_v3" "txea0e59d518974f9a98839-0068e33ae5" "object-server 93955" 0.0006 "-" 93622 0
Oct 05 23:43:33 np0005471485.novalocal object-server[93955]: ::1 - - [06/Oct/2025:03:43:33 +0000] "PUT /2/1015/AUTH_7aebe34b89554e87825206ce40aeb2f7/gnocchi.d3a76a14-3283-4877-9bec-34600f149c4f/none_v3" 201 - "PUT https://[::1]:8080/v1/AUTH_7aebe34b89554e87825206ce40aeb2f7/gnocchi.d3a76a14-3283-4877-9bec-34600f149c4f/none_v3" "txea0e59d518974f9a98839-0068e33ae5" "proxy-server 94957" 0.0254 "-" 93955 0
Oct 05 23:43:33 np0005471485.novalocal proxy-server[94957]: ::1 ::1 06/Oct/2025/03/43/33 PUT /v1/AUTH_7aebe34b89554e87825206ce40aeb2f7/gnocchi.d3a76a14-3283-4877-9bec-34600f149c4f/none_v3 HTTP/1.0 201 - python-swiftclient-4.8.0 gAAAAABo4zrI4CaX... 29 - - txea0e59d518974f9a98839-0068e33ae5 - 0.0367 - - 1759722213.587441444 1759722213.624098539 0 7b03bd18aea8470cbeb747235c58da52
Oct 05 23:43:33 np0005471485.novalocal container-server[93621]: ::1 - - [06/Oct/2025:03:43:33 +0000] "HEAD /1/196369/AUTH_7aebe34b89554e87825206ce40aeb2f7/gnocchi.a3ccf50e-cadd-4dfc-804b-c575f10a1bd7" 404 - "HEAD http://[::1]:8080/v1/AUTH_7aebe34b89554e87825206ce40aeb2f7/gnocchi.a3ccf50e-cadd-4dfc-804b-c575f10a1bd7" "tx92d5a71faa55446b9ba0c-0068e33ae5" "proxy-server 94957" 0.0005 "-" 93621 0
Oct 05 23:43:33 np0005471485.novalocal container-server[93622]: ::1 - - [06/Oct/2025:03:43:33 +0000] "HEAD /2/196369/AUTH_7aebe34b89554e87825206ce40aeb2f7/gnocchi.a3ccf50e-cadd-4dfc-804b-c575f10a1bd7" 404 - "HEAD http://[::1]:8080/v1/AUTH_7aebe34b89554e87825206ce40aeb2f7/gnocchi.a3ccf50e-cadd-4dfc-804b-c575f10a1bd7" "tx92d5a71faa55446b9ba0c-0068e33ae5" "proxy-server 94957" 0.0003 "-" 93622 0
Oct 05 23:43:33 np0005471485.novalocal container-server[93622]: ::1 - - [06/Oct/2025:03:43:33 +0000] "HEAD /3/196369/AUTH_7aebe34b89554e87825206ce40aeb2f7/gnocchi.a3ccf50e-cadd-4dfc-804b-c575f10a1bd7" 404 - "HEAD http://[::1]:8080/v1/AUTH_7aebe34b89554e87825206ce40aeb2f7/gnocchi.a3ccf50e-cadd-4dfc-804b-c575f10a1bd7" "tx92d5a71faa55446b9ba0c-0068e33ae5" "proxy-server 94957" 0.0004 "-" 93622 0
Oct 05 23:43:33 np0005471485.novalocal proxy-server[94957]: - - 06/Oct/2025/03/43/33 HEAD /v1/AUTH_7aebe34b89554e87825206ce40aeb2f7/gnocchi.a3ccf50e-cadd-4dfc-804b-c575f10a1bd7 HTTP/1.0 404 - Swift - - - - tx92d5a71faa55446b9ba0c-0068e33ae5 - 0.0132 CS - 1759722213.646016836 1759722213.659220695 0 -
Oct 05 23:43:33 np0005471485.novalocal object-server[93954]: ::1 - - [06/Oct/2025:03:43:33 +0000] "GET /2/257129/AUTH_7aebe34b89554e87825206ce40aeb2f7/gnocchi.a3ccf50e-cadd-4dfc-804b-c575f10a1bd7/none_v3" 404 70 "GET https://[::1]:8080/v1/AUTH_7aebe34b89554e87825206ce40aeb2f7/gnocchi.a3ccf50e-cadd-4dfc-804b-c575f10a1bd7/none_v3" "tx92d5a71faa55446b9ba0c-0068e33ae5" "proxy-server 94957" 0.0005 "-" 93954 0
Oct 05 23:43:33 np0005471485.novalocal object-server[93955]: ::1 - - [06/Oct/2025:03:43:33 +0000] "GET /3/257129/AUTH_7aebe34b89554e87825206ce40aeb2f7/gnocchi.a3ccf50e-cadd-4dfc-804b-c575f10a1bd7/none_v3" 404 70 "GET https://[::1]:8080/v1/AUTH_7aebe34b89554e87825206ce40aeb2f7/gnocchi.a3ccf50e-cadd-4dfc-804b-c575f10a1bd7/none_v3" "tx92d5a71faa55446b9ba0c-0068e33ae5" "proxy-server 94957" 0.0005 "-" 93955 0
Oct 05 23:43:33 np0005471485.novalocal object-server[93955]: ::1 - - [06/Oct/2025:03:43:33 +0000] "GET /1/257129/AUTH_7aebe34b89554e87825206ce40aeb2f7/gnocchi.a3ccf50e-cadd-4dfc-804b-c575f10a1bd7/none_v3" 404 70 "GET https://[::1]:8080/v1/AUTH_7aebe34b89554e87825206ce40aeb2f7/gnocchi.a3ccf50e-cadd-4dfc-804b-c575f10a1bd7/none_v3" "tx92d5a71faa55446b9ba0c-0068e33ae5" "proxy-server 94957" 0.0002 "-" 93955 0
Oct 05 23:43:33 np0005471485.novalocal proxy-server[94957]: ::1 ::1 06/Oct/2025/03/43/33 GET /v1/AUTH_7aebe34b89554e87825206ce40aeb2f7/gnocchi.a3ccf50e-cadd-4dfc-804b-c575f10a1bd7/none_v3 HTTP/1.0 404 - python-swiftclient-4.8.0 gAAAAABo4zrI4CaX... - 70 - tx92d5a71faa55446b9ba0c-0068e33ae5 - 0.0292 - - 1759722213.644295454 1759722213.673520565 0 7b03bd18aea8470cbeb747235c58da52
Oct 05 23:43:33 np0005471485.novalocal account-server[93329]: ::1 - - [06/Oct/2025:03:43:33 +0000] "PUT /1/145150/AUTH_7aebe34b89554e87825206ce40aeb2f7/gnocchi.a3ccf50e-cadd-4dfc-804b-c575f10a1bd7" 201 - "PUT http://[::1]:6001/1/196369/AUTH_7aebe34b89554e87825206ce40aeb2f7/gnocchi.a3ccf50e-cadd-4dfc-804b-c575f10a1bd7" "tx62a999fbfea4424d8dc4a-0068e33ae5" "container-server 93622" 0.0055 "-" 93329 0
Oct 05 23:43:33 np0005471485.novalocal container-server[93622]: ::1 - - [06/Oct/2025:03:43:33 +0000] "PUT /1/196369/AUTH_7aebe34b89554e87825206ce40aeb2f7/gnocchi.a3ccf50e-cadd-4dfc-804b-c575f10a1bd7" 201 - "PUT https://[::1]:8080/v1/AUTH_7aebe34b89554e87825206ce40aeb2f7/gnocchi.a3ccf50e-cadd-4dfc-804b-c575f10a1bd7" "tx62a999fbfea4424d8dc4a-0068e33ae5" "proxy-server 94957" 0.0204 "-" 93622 0
Oct 05 23:43:33 np0005471485.novalocal account-server[93329]: ::1 - - [06/Oct/2025:03:43:33 +0000] "PUT /3/145150/AUTH_7aebe34b89554e87825206ce40aeb2f7/gnocchi.a3ccf50e-cadd-4dfc-804b-c575f10a1bd7" 201 - "PUT http://[::1]:6001/2/196369/AUTH_7aebe34b89554e87825206ce40aeb2f7/gnocchi.a3ccf50e-cadd-4dfc-804b-c575f10a1bd7" "tx62a999fbfea4424d8dc4a-0068e33ae5" "container-server 93621" 0.0065 "-" 93329 0
Oct 05 23:43:33 np0005471485.novalocal container-server[93621]: ::1 - - [06/Oct/2025:03:43:33 +0000] "PUT /2/196369/AUTH_7aebe34b89554e87825206ce40aeb2f7/gnocchi.a3ccf50e-cadd-4dfc-804b-c575f10a1bd7" 201 - "PUT https://[::1]:8080/v1/AUTH_7aebe34b89554e87825206ce40aeb2f7/gnocchi.a3ccf50e-cadd-4dfc-804b-c575f10a1bd7" "tx62a999fbfea4424d8dc4a-0068e33ae5" "proxy-server 94957" 0.0286 "-" 93621 0
Oct 05 23:43:33 np0005471485.novalocal account-server[93329]: ::1 - - [06/Oct/2025:03:43:33 +0000] "PUT /2/145150/AUTH_7aebe34b89554e87825206ce40aeb2f7/gnocchi.a3ccf50e-cadd-4dfc-804b-c575f10a1bd7" 201 - "PUT http://[::1]:6001/3/196369/AUTH_7aebe34b89554e87825206ce40aeb2f7/gnocchi.a3ccf50e-cadd-4dfc-804b-c575f10a1bd7" "tx62a999fbfea4424d8dc4a-0068e33ae5" "container-server 93622" 0.0053 "-" 93329 0
Oct 05 23:43:33 np0005471485.novalocal container-server[93622]: ::1 - - [06/Oct/2025:03:43:33 +0000] "PUT /3/196369/AUTH_7aebe34b89554e87825206ce40aeb2f7/gnocchi.a3ccf50e-cadd-4dfc-804b-c575f10a1bd7" 201 - "PUT https://[::1]:8080/v1/AUTH_7aebe34b89554e87825206ce40aeb2f7/gnocchi.a3ccf50e-cadd-4dfc-804b-c575f10a1bd7" "tx62a999fbfea4424d8dc4a-0068e33ae5" "proxy-server 94957" 0.0236 "-" 93622 0
Oct 05 23:43:33 np0005471485.novalocal proxy-server[94957]: ::1 ::1 06/Oct/2025/03/43/33 PUT /v1/AUTH_7aebe34b89554e87825206ce40aeb2f7/gnocchi.a3ccf50e-cadd-4dfc-804b-c575f10a1bd7 HTTP/1.0 201 - python-swiftclient-4.8.0 gAAAAABo4zrI4CaX... - - - tx62a999fbfea4424d8dc4a-0068e33ae5 - 0.0434 - - 1759722213.676144123 1759722213.719590902 0 7b03bd18aea8470cbeb747235c58da52
Oct 05 23:43:33 np0005471485.novalocal kernel: qvb49c6e0ff-cc: left allmulticast mode
Oct 05 23:43:33 np0005471485.novalocal kernel: qvb49c6e0ff-cc: left promiscuous mode
Oct 05 23:43:33 np0005471485.novalocal kernel: qbr49c6e0ff-cc: port 1(qvb49c6e0ff-cc) entered disabled state
Oct 05 23:43:33 np0005471485.novalocal container-server[93621]: ::1 - - [06/Oct/2025:03:43:33 +0000] "HEAD /3/196369/AUTH_7aebe34b89554e87825206ce40aeb2f7/gnocchi.a3ccf50e-cadd-4dfc-804b-c575f10a1bd7" 204 - "HEAD http://[::1]:8080/v1/AUTH_7aebe34b89554e87825206ce40aeb2f7/gnocchi.a3ccf50e-cadd-4dfc-804b-c575f10a1bd7" "tx7323f1d1e0a34f008ef5c-0068e33ae5" "proxy-server 94957" 0.0015 "-" 93621 0
Oct 05 23:43:33 np0005471485.novalocal proxy-server[94957]: - - 06/Oct/2025/03/43/33 HEAD /v1/AUTH_7aebe34b89554e87825206ce40aeb2f7/gnocchi.a3ccf50e-cadd-4dfc-804b-c575f10a1bd7 HTTP/1.0 204 - Swift - - - - tx7323f1d1e0a34f008ef5c-0068e33ae5 - 0.0056 CS - 1759722213.725224972 1759722213.730846643 0 -
Oct 05 23:43:33 np0005471485.novalocal container-server[93621]: ::1 - - [06/Oct/2025:03:43:33 +0000] "GET /1/196369/AUTH_7aebe34b89554e87825206ce40aeb2f7/gnocchi.a3ccf50e-cadd-4dfc-804b-c575f10a1bd7" 200 2 "GET https://[::1]:8080/v1/AUTH_7aebe34b89554e87825206ce40aeb2f7/gnocchi.a3ccf50e-cadd-4dfc-804b-c575f10a1bd7?format=json&states=listing" "tx7323f1d1e0a34f008ef5c-0068e33ae5" "proxy-server 94957" 0.0021 "-" 93621 0
Oct 05 23:43:33 np0005471485.novalocal proxy-server[94957]: ::1 ::1 06/Oct/2025/03/43/33 GET /v1/AUTH_7aebe34b89554e87825206ce40aeb2f7/gnocchi.a3ccf50e-cadd-4dfc-804b-c575f10a1bd7%3Fformat%3Djson%26states%3Dlisting HTTP/1.0 200 - python-swiftclient-4.8.0 gAAAAABo4zrI4CaX... - 2 - tx7323f1d1e0a34f008ef5c-0068e33ae5 - 0.0153 - - 1759722213.724335194 1759722213.739608526 0 7b03bd18aea8470cbeb747235c58da52
Oct 05 23:43:33 np0005471485.novalocal NetworkManager[862]: [1759722213.7399] device (qbr49c6e0ff-cc): bridge port qvb49c6e0ff-cc was detached
Oct 05 23:43:33 np0005471485.novalocal NetworkManager[862]: [1759722213.7428] device (qbr49c6e0ff-cc): state change: activated -> unmanaged (reason 'unmanaged', managed-type: 'removed')
Oct 05 23:43:33 np0005471485.novalocal object-server[93955]: ::1 - - [06/Oct/2025:03:43:33 +0000] "GET /3/73829/AUTH_7aebe34b89554e87825206ce40aeb2f7/gnocchi.a3ccf50e-cadd-4dfc-804b-c575f10a1bd7/1759320000.0_mean_300.0_v3" 404 70 "GET https://[::1]:8080/v1/AUTH_7aebe34b89554e87825206ce40aeb2f7/gnocchi.a3ccf50e-cadd-4dfc-804b-c575f10a1bd7/1759320000.0_mean_300.0_v3" "txdf66521acca14e22b49ac-0068e33ae5" "proxy-server 94957" 0.0003 "-" 93955 0
Oct 05 23:43:33 np0005471485.novalocal kernel: qvo49c6e0ff-cc: left promiscuous mode
Oct 05 23:43:33 np0005471485.novalocal object-server[93955]: ::1 - - [06/Oct/2025:03:43:33 +0000] "GET /1/73829/AUTH_7aebe34b89554e87825206ce40aeb2f7/gnocchi.a3ccf50e-cadd-4dfc-804b-c575f10a1bd7/1759320000.0_mean_300.0_v3" 404 70 "GET https://[::1]:8080/v1/AUTH_7aebe34b89554e87825206ce40aeb2f7/gnocchi.a3ccf50e-cadd-4dfc-804b-c575f10a1bd7/1759320000.0_mean_300.0_v3" "txdf66521acca14e22b49ac-0068e33ae5" "proxy-server 94957" 0.0003 "-" 93955 0
Oct 05 23:43:33 np0005471485.novalocal object-server[93954]: ::1 - - [06/Oct/2025:03:43:33 +0000] "GET /2/73829/AUTH_7aebe34b89554e87825206ce40aeb2f7/gnocchi.a3ccf50e-cadd-4dfc-804b-c575f10a1bd7/1759320000.0_mean_300.0_v3" 404 70 "GET https://[::1]:8080/v1/AUTH_7aebe34b89554e87825206ce40aeb2f7/gnocchi.a3ccf50e-cadd-4dfc-804b-c575f10a1bd7/1759320000.0_mean_300.0_v3" "txdf66521acca14e22b49ac-0068e33ae5" "proxy-server 94957" 0.0006 "-" 93954 0
Oct 05 23:43:33 np0005471485.novalocal proxy-server[94957]: ::1 ::1 06/Oct/2025/03/43/33 GET /v1/AUTH_7aebe34b89554e87825206ce40aeb2f7/gnocchi.a3ccf50e-cadd-4dfc-804b-c575f10a1bd7/1759320000.0_mean_300.0_v3 HTTP/1.0 404 - python-swiftclient-4.8.0 gAAAAABo4zrI4CaX... - 70 - txdf66521acca14e22b49ac-0068e33ae5 - 0.0500 - - 1759722213.744096041 1759722213.794076204 0 7b03bd18aea8470cbeb747235c58da52
Oct 05 23:43:33 np0005471485.novalocal container-server[93621]: ::1 - - [06/Oct/2025:03:43:33 +0000] "PUT /3/196369/AUTH_7aebe34b89554e87825206ce40aeb2f7/gnocchi.a3ccf50e-cadd-4dfc-804b-c575f10a1bd7/1759320000.0_mean_300.0_v3" 201 - "PUT http://[::1]:8080/1/73829/AUTH_7aebe34b89554e87825206ce40aeb2f7/gnocchi.a3ccf50e-cadd-4dfc-804b-c575f10a1bd7/1759320000.0_mean_300.0_v3" "txa516aed017a845afba36e-0068e33ae5" "object-server 93955" 0.0009 "-" 93621 0
Oct 05 23:43:33 np0005471485.novalocal object-server[93955]: ::1 - - [06/Oct/2025:03:43:33 +0000] "PUT /1/73829/AUTH_7aebe34b89554e87825206ce40aeb2f7/gnocchi.a3ccf50e-cadd-4dfc-804b-c575f10a1bd7/1759320000.0_mean_300.0_v3" 201 - "PUT https://[::1]:8080/v1/AUTH_7aebe34b89554e87825206ce40aeb2f7/gnocchi.a3ccf50e-cadd-4dfc-804b-c575f10a1bd7/1759320000.0_mean_300.0_v3" "txa516aed017a845afba36e-0068e33ae5" "proxy-server 94957" 0.0170 "-" 93955 0
Oct 05 23:43:33 np0005471485.novalocal container-server[93622]: ::1 - - [06/Oct/2025:03:43:33 +0000] "PUT /1/196369/AUTH_7aebe34b89554e87825206ce40aeb2f7/gnocchi.a3ccf50e-cadd-4dfc-804b-c575f10a1bd7/1759320000.0_mean_300.0_v3" 201 - "PUT http://[::1]:8080/2/73829/AUTH_7aebe34b89554e87825206ce40aeb2f7/gnocchi.a3ccf50e-cadd-4dfc-804b-c575f10a1bd7/1759320000.0_mean_300.0_v3" "txa516aed017a845afba36e-0068e33ae5" "object-server 93954" 0.0006 "-" 93622 0
Oct 05 23:43:33 np0005471485.novalocal object-server[93954]: ::1 - - [06/Oct/2025:03:43:33 +0000] "PUT /2/73829/AUTH_7aebe34b89554e87825206ce40aeb2f7/gnocchi.a3ccf50e-cadd-4dfc-804b-c575f10a1bd7/1759320000.0_mean_300.0_v3" 201 - "PUT https://[::1]:8080/v1/AUTH_7aebe34b89554e87825206ce40aeb2f7/gnocchi.a3ccf50e-cadd-4dfc-804b-c575f10a1bd7/1759320000.0_mean_300.0_v3" "txa516aed017a845afba36e-0068e33ae5" "proxy-server 94957" 0.0166 "-" 93954 0
Oct 05 23:43:33 np0005471485.novalocal container-server[93621]: ::1 - - [06/Oct/2025:03:43:33 +0000] "PUT /2/196369/AUTH_7aebe34b89554e87825206ce40aeb2f7/gnocchi.a3ccf50e-cadd-4dfc-804b-c575f10a1bd7/1759320000.0_mean_300.0_v3" 201 - "PUT http://[::1]:8080/3/73829/AUTH_7aebe34b89554e87825206ce40aeb2f7/gnocchi.a3ccf50e-cadd-4dfc-804b-c575f10a1bd7/1759320000.0_mean_300.0_v3" "txa516aed017a845afba36e-0068e33ae5" "object-server 93955" 0.0016 "-" 93621 0
Oct 05 23:43:33 np0005471485.novalocal object-server[93955]: ::1 - - [06/Oct/2025:03:43:33 +0000] "PUT /3/73829/AUTH_7aebe34b89554e87825206ce40aeb2f7/gnocchi.a3ccf50e-cadd-4dfc-804b-c575f10a1bd7/1759320000.0_mean_300.0_v3" 201 - "PUT https://[::1]:8080/v1/AUTH_7aebe34b89554e87825206ce40aeb2f7/gnocchi.a3ccf50e-cadd-4dfc-804b-c575f10a1bd7/1759320000.0_mean_300.0_v3" "txa516aed017a845afba36e-0068e33ae5" "proxy-server 94957" 0.0201 "-" 93955 0
Oct 05 23:43:33 np0005471485.novalocal proxy-server[94957]: ::1 ::1 06/Oct/2025/03/43/33 PUT /v1/AUTH_7aebe34b89554e87825206ce40aeb2f7/gnocchi.a3ccf50e-cadd-4dfc-804b-c575f10a1bd7/1759320000.0_mean_300.0_v3 HTTP/1.0 201 - python-swiftclient-4.8.0 gAAAAABo4zrI4CaX... 16 - - txa516aed017a845afba36e-0068e33ae5 - 0.0312 - - 1759722213.798537493 1759722213.829718590 0 7b03bd18aea8470cbeb747235c58da52
Oct 05 23:43:33 np0005471485.novalocal container-server[93622]: ::1 - - [06/Oct/2025:03:43:33 +0000] "PUT /2/196369/AUTH_7aebe34b89554e87825206ce40aeb2f7/gnocchi.a3ccf50e-cadd-4dfc-804b-c575f10a1bd7/none_v3" 201 - "PUT http://[::1]:8080/2/257129/AUTH_7aebe34b89554e87825206ce40aeb2f7/gnocchi.a3ccf50e-cadd-4dfc-804b-c575f10a1bd7/none_v3" "tx4496927d52b44180b94db-0068e33ae5" "object-server 93954" 0.0006 "-" 93622 0
Oct 05 23:43:33 np0005471485.novalocal container-server[93622]: ::1 - - [06/Oct/2025:03:43:33 +0000] "PUT /3/196369/AUTH_7aebe34b89554e87825206ce40aeb2f7/gnocchi.a3ccf50e-cadd-4dfc-804b-c575f10a1bd7/none_v3" 201 - "PUT http://[::1]:8080/3/257129/AUTH_7aebe34b89554e87825206ce40aeb2f7/gnocchi.a3ccf50e-cadd-4dfc-804b-c575f10a1bd7/none_v3" "tx4496927d52b44180b94db-0068e33ae5" "object-server 93954" 0.0004 "-" 93622 0
Oct 05 23:43:33 np0005471485.novalocal object-server[93954]: ::1 - - [06/Oct/2025:03:43:33 +0000] "PUT /2/257129/AUTH_7aebe34b89554e87825206ce40aeb2f7/gnocchi.a3ccf50e-cadd-4dfc-804b-c575f10a1bd7/none_v3" 201 - "PUT https://[::1]:8080/v1/AUTH_7aebe34b89554e87825206ce40aeb2f7/gnocchi.a3ccf50e-cadd-4dfc-804b-c575f10a1bd7/none_v3" "tx4496927d52b44180b94db-0068e33ae5" "proxy-server 94957" 0.0180 "-" 93954 0
Oct 05 23:43:33 np0005471485.novalocal object-server[93954]: ::1 - - [06/Oct/2025:03:43:33 +0000] "PUT /3/257129/AUTH_7aebe34b89554e87825206ce40aeb2f7/gnocchi.a3ccf50e-cadd-4dfc-804b-c575f10a1bd7/none_v3" 201 - "PUT https://[::1]:8080/v1/AUTH_7aebe34b89554e87825206ce40aeb2f7/gnocchi.a3ccf50e-cadd-4dfc-804b-c575f10a1bd7/none_v3" "tx4496927d52b44180b94db-0068e33ae5" "proxy-server 94957" 0.0170 "-" 93954 0
Oct 05 23:43:33 np0005471485.novalocal container-server[93621]: ::1 - - [06/Oct/2025:03:43:33 +0000] "PUT /1/196369/AUTH_7aebe34b89554e87825206ce40aeb2f7/gnocchi.a3ccf50e-cadd-4dfc-804b-c575f10a1bd7/none_v3" 201 - "PUT http://[::1]:8080/1/257129/AUTH_7aebe34b89554e87825206ce40aeb2f7/gnocchi.a3ccf50e-cadd-4dfc-804b-c575f10a1bd7/none_v3" "tx4496927d52b44180b94db-0068e33ae5" "object-server 93954" 0.0007 "-" 93621 0
Oct 05 23:43:33 np0005471485.novalocal object-server[93954]: ::1 - - [06/Oct/2025:03:43:33 +0000] "PUT /1/257129/AUTH_7aebe34b89554e87825206ce40aeb2f7/gnocchi.a3ccf50e-cadd-4dfc-804b-c575f10a1bd7/none_v3" 201 - "PUT https://[::1]:8080/v1/AUTH_7aebe34b89554e87825206ce40aeb2f7/gnocchi.a3ccf50e-cadd-4dfc-804b-c575f10a1bd7/none_v3" "tx4496927d52b44180b94db-0068e33ae5" "proxy-server 94957" 0.0266 "-" 93954 0
Oct 05 23:43:33 np0005471485.novalocal proxy-server[94957]: ::1 ::1 06/Oct/2025/03/43/33 PUT /v1/AUTH_7aebe34b89554e87825206ce40aeb2f7/gnocchi.a3ccf50e-cadd-4dfc-804b-c575f10a1bd7/none_v3 HTTP/1.0 201 - python-swiftclient-4.8.0 gAAAAABo4zrI4CaX... 30 - - tx4496927d52b44180b94db-0068e33ae5 - 0.0377 - - 1759722213.833591461 1759722213.871272564 0 7b03bd18aea8470cbeb747235c58da52
Oct 05 23:43:33 np0005471485.novalocal container-server[93622]: ::1 - - [06/Oct/2025:03:43:33 +0000] "HEAD /1/35832/AUTH_7aebe34b89554e87825206ce40aeb2f7/gnocchi.9be7ba4b-176a-48d6-be9a-57ad8f32bb65" 404 - "HEAD http://[::1]:8080/v1/AUTH_7aebe34b89554e87825206ce40aeb2f7/gnocchi.9be7ba4b-176a-48d6-be9a-57ad8f32bb65" "tx6da4045c018b4613b0f95-0068e33ae5" "proxy-server 94957" 0.0003 "-" 93622 0
Oct 05 23:43:33 np0005471485.novalocal container-server[93622]: ::1 - - [06/Oct/2025:03:43:33 +0000] "HEAD /3/35832/AUTH_7aebe34b89554e87825206ce40aeb2f7/gnocchi.9be7ba4b-176a-48d6-be9a-57ad8f32bb65" 404 - "HEAD http://[::1]:8080/v1/AUTH_7aebe34b89554e87825206ce40aeb2f7/gnocchi.9be7ba4b-176a-48d6-be9a-57ad8f32bb65" "tx6da4045c018b4613b0f95-0068e33ae5" "proxy-server 94957" 0.0002 "-" 93622 0
Oct 05 23:43:33 np0005471485.novalocal container-server[93621]: ::1 - - [06/Oct/2025:03:43:33 +0000] "HEAD /2/35832/AUTH_7aebe34b89554e87825206ce40aeb2f7/gnocchi.9be7ba4b-176a-48d6-be9a-57ad8f32bb65" 404 - "HEAD http://[::1]:8080/v1/AUTH_7aebe34b89554e87825206ce40aeb2f7/gnocchi.9be7ba4b-176a-48d6-be9a-57ad8f32bb65" "tx6da4045c018b4613b0f95-0068e33ae5" "proxy-server 94957" 0.0005 "-" 93621 0
Oct 05 23:43:33 np0005471485.novalocal proxy-server[94957]: - - 06/Oct/2025/03/43/33 HEAD /v1/AUTH_7aebe34b89554e87825206ce40aeb2f7/gnocchi.9be7ba4b-176a-48d6-be9a-57ad8f32bb65 HTTP/1.0 404 - Swift - - - - tx6da4045c018b4613b0f95-0068e33ae5 - 0.0104 CS - 1759722213.905300140 1759722213.915697336 0 -
Oct 05 23:43:33 np0005471485.novalocal object-server[93955]: ::1 - - [06/Oct/2025:03:43:33 +0000] "GET /2/135242/AUTH_7aebe34b89554e87825206ce40aeb2f7/gnocchi.9be7ba4b-176a-48d6-be9a-57ad8f32bb65/none_v3" 404 70 "GET https://[::1]:8080/v1/AUTH_7aebe34b89554e87825206ce40aeb2f7/gnocchi.9be7ba4b-176a-48d6-be9a-57ad8f32bb65/none_v3" "tx6da4045c018b4613b0f95-0068e33ae5" "proxy-server 94957" 0.0004 "-" 93955 0
Oct 05 23:43:33 np0005471485.novalocal object-server[93954]: ::1 - - [06/Oct/2025:03:43:33 +0000] "GET /1/135242/AUTH_7aebe34b89554e87825206ce40aeb2f7/gnocchi.9be7ba4b-176a-48d6-be9a-57ad8f32bb65/none_v3" 404 70 "GET https://[::1]:8080/v1/AUTH_7aebe34b89554e87825206ce40aeb2f7/gnocchi.9be7ba4b-176a-48d6-be9a-57ad8f32bb65/none_v3" "tx6da4045c018b4613b0f95-0068e33ae5" "proxy-server 94957" 0.0005 "-" 93954 0
Oct 05 23:43:33 np0005471485.novalocal object-server[93955]: ::1 - - [06/Oct/2025:03:43:33 +0000] "GET /3/135242/AUTH_7aebe34b89554e87825206ce40aeb2f7/gnocchi.9be7ba4b-176a-48d6-be9a-57ad8f32bb65/none_v3" 404 70 "GET https://[::1]:8080/v1/AUTH_7aebe34b89554e87825206ce40aeb2f7/gnocchi.9be7ba4b-176a-48d6-be9a-57ad8f32bb65/none_v3" "tx6da4045c018b4613b0f95-0068e33ae5" "proxy-server 94957" 0.0003 "-" 93955 0
Oct 05 23:43:33 np0005471485.novalocal proxy-server[94957]: ::1 ::1 06/Oct/2025/03/43/33 GET /v1/AUTH_7aebe34b89554e87825206ce40aeb2f7/gnocchi.9be7ba4b-176a-48d6-be9a-57ad8f32bb65/none_v3 HTTP/1.0 404 - python-swiftclient-4.8.0 gAAAAABo4zrI4CaX... - 70 - tx6da4045c018b4613b0f95-0068e33ae5 - 0.0292 - - 1759722213.903165102 1759722213.932355642 0 7b03bd18aea8470cbeb747235c58da52
Oct 05 23:43:33 np0005471485.novalocal account-server[93328]: ::1 - - [06/Oct/2025:03:43:33 +0000] "PUT /2/145150/AUTH_7aebe34b89554e87825206ce40aeb2f7/gnocchi.9be7ba4b-176a-48d6-be9a-57ad8f32bb65" 201 - "PUT http://[::1]:6001/1/35832/AUTH_7aebe34b89554e87825206ce40aeb2f7/gnocchi.9be7ba4b-176a-48d6-be9a-57ad8f32bb65" "txf2eabafd480b4141a47b4-0068e33ae5" "container-server 93621" 0.0063 "-" 93328 0
Oct 05 23:43:33 np0005471485.novalocal container-server[93621]: ::1 - - [06/Oct/2025:03:43:33 +0000] "PUT /1/35832/AUTH_7aebe34b89554e87825206ce40aeb2f7/gnocchi.9be7ba4b-176a-48d6-be9a-57ad8f32bb65" 201 - "PUT https://[::1]:8080/v1/AUTH_7aebe34b89554e87825206ce40aeb2f7/gnocchi.9be7ba4b-176a-48d6-be9a-57ad8f32bb65" "txf2eabafd480b4141a47b4-0068e33ae5" "proxy-server 94957" 0.0188 "-" 93621 0
Oct 05 23:43:33 np0005471485.novalocal kernel: sd 2:0:0:0: [sda] Synchronizing SCSI cache
Oct 05 23:43:33 np0005471485.novalocal account-server[93329]: ::1 - - [06/Oct/2025:03:43:33 +0000] "PUT /1/145150/AUTH_7aebe34b89554e87825206ce40aeb2f7/gnocchi.9be7ba4b-176a-48d6-be9a-57ad8f32bb65" 201 - "PUT http://[::1]:6001/3/35832/AUTH_7aebe34b89554e87825206ce40aeb2f7/gnocchi.9be7ba4b-176a-48d6-be9a-57ad8f32bb65" "txf2eabafd480b4141a47b4-0068e33ae5" "container-server 93622" 0.0044 "-" 93329 0
Oct 05 23:43:33 np0005471485.novalocal container-server[93622]: ::1 - - [06/Oct/2025:03:43:33 +0000] "PUT /3/35832/AUTH_7aebe34b89554e87825206ce40aeb2f7/gnocchi.9be7ba4b-176a-48d6-be9a-57ad8f32bb65" 201 - "PUT https://[::1]:8080/v1/AUTH_7aebe34b89554e87825206ce40aeb2f7/gnocchi.9be7ba4b-176a-48d6-be9a-57ad8f32bb65" "txf2eabafd480b4141a47b4-0068e33ae5" "proxy-server 94957" 0.0229 "-" 93622 0
Oct 05 23:43:33 np0005471485.novalocal account-server[93329]: ::1 - - [06/Oct/2025:03:43:33 +0000] "PUT /3/145150/AUTH_7aebe34b89554e87825206ce40aeb2f7/gnocchi.9be7ba4b-176a-48d6-be9a-57ad8f32bb65" 201 - "PUT http://[::1]:6001/2/35832/AUTH_7aebe34b89554e87825206ce40aeb2f7/gnocchi.9be7ba4b-176a-48d6-be9a-57ad8f32bb65" "txf2eabafd480b4141a47b4-0068e33ae5" "container-server 93622" 0.0053 "-" 93329 0
Oct 05 23:43:33 np0005471485.novalocal container-server[93622]: ::1 - - [06/Oct/2025:03:43:33 +0000] "PUT /2/35832/AUTH_7aebe34b89554e87825206ce40aeb2f7/gnocchi.9be7ba4b-176a-48d6-be9a-57ad8f32bb65" 201 - "PUT https://[::1]:8080/v1/AUTH_7aebe34b89554e87825206ce40aeb2f7/gnocchi.9be7ba4b-176a-48d6-be9a-57ad8f32bb65" "txf2eabafd480b4141a47b4-0068e33ae5" "proxy-server 94957" 0.0200 "-" 93622 0
Oct 05 23:43:33 np0005471485.novalocal proxy-server[94957]: ::1 ::1 06/Oct/2025/03/43/33 PUT /v1/AUTH_7aebe34b89554e87825206ce40aeb2f7/gnocchi.9be7ba4b-176a-48d6-be9a-57ad8f32bb65 HTTP/1.0 201 - python-swiftclient-4.8.0 gAAAAABo4zrI4CaX... - - - txf2eabafd480b4141a47b4-0068e33ae5 - 0.0432 - - 1759722213.936848164 1759722213.980068445 0 7b03bd18aea8470cbeb747235c58da52
Oct 05 23:43:33 np0005471485.novalocal kernel: scsi 2:0:0:0: alua: Detached
Oct 05 23:43:33 np0005471485.novalocal container-server[93621]: ::1 - - [06/Oct/2025:03:43:33 +0000] "HEAD /2/35832/AUTH_7aebe34b89554e87825206ce40aeb2f7/gnocchi.9be7ba4b-176a-48d6-be9a-57ad8f32bb65" 204 - "HEAD http://[::1]:8080/v1/AUTH_7aebe34b89554e87825206ce40aeb2f7/gnocchi.9be7ba4b-176a-48d6-be9a-57ad8f32bb65" "tx89f5c2075a62437f854a1-0068e33ae5" "proxy-server 94957" 0.0019 "-" 93621 0
Oct 05 23:43:33 np0005471485.novalocal proxy-server[94957]: - - 06/Oct/2025/03/43/33 HEAD /v1/AUTH_7aebe34b89554e87825206ce40aeb2f7/gnocchi.9be7ba4b-176a-48d6-be9a-57ad8f32bb65 HTTP/1.0 204 - Swift - - - - tx89f5c2075a62437f854a1-0068e33ae5 - 0.0060 CS - 1759722213.987053156 1759722213.993025780 0 -
Oct 05 23:43:34 np0005471485.novalocal container-server[93622]: ::1 - - [06/Oct/2025:03:43:34 +0000] "GET /3/35832/AUTH_7aebe34b89554e87825206ce40aeb2f7/gnocchi.9be7ba4b-176a-48d6-be9a-57ad8f32bb65" 200 2 "GET https://[::1]:8080/v1/AUTH_7aebe34b89554e87825206ce40aeb2f7/gnocchi.9be7ba4b-176a-48d6-be9a-57ad8f32bb65?format=json&states=listing" "tx89f5c2075a62437f854a1-0068e33ae5" "proxy-server 94957" 0.0022 "-" 93622 0
Oct 05 23:43:34 np0005471485.novalocal proxy-server[94957]: ::1 ::1 06/Oct/2025/03/43/34 GET /v1/AUTH_7aebe34b89554e87825206ce40aeb2f7/gnocchi.9be7ba4b-176a-48d6-be9a-57ad8f32bb65%3Fformat%3Djson%26states%3Dlisting HTTP/1.0 200 - python-swiftclient-4.8.0 gAAAAABo4zrI4CaX... - 2 - tx89f5c2075a62437f854a1-0068e33ae5 - 0.0175 - - 1759722213.986208677 1759722214.003728390 0 7b03bd18aea8470cbeb747235c58da52
Oct 05 23:43:34 np0005471485.novalocal object-server[93955]: ::1 - - [06/Oct/2025:03:43:34 +0000] "GET /1/259062/AUTH_7aebe34b89554e87825206ce40aeb2f7/gnocchi.9be7ba4b-176a-48d6-be9a-57ad8f32bb65/1759320000.0_mean_300.0_v3" 404 70 "GET https://[::1]:8080/v1/AUTH_7aebe34b89554e87825206ce40aeb2f7/gnocchi.9be7ba4b-176a-48d6-be9a-57ad8f32bb65/1759320000.0_mean_300.0_v3" "txe16117592e8c4543b634d-0068e33ae6" "proxy-server 94957" 0.0004 "-" 93955 0
Oct 05 23:43:34 np0005471485.novalocal object-server[93954]: ::1 - - [06/Oct/2025:03:43:34 +0000] "GET /2/259062/AUTH_7aebe34b89554e87825206ce40aeb2f7/gnocchi.9be7ba4b-176a-48d6-be9a-57ad8f32bb65/1759320000.0_mean_300.0_v3" 404 70 "GET https://[::1]:8080/v1/AUTH_7aebe34b89554e87825206ce40aeb2f7/gnocchi.9be7ba4b-176a-48d6-be9a-57ad8f32bb65/1759320000.0_mean_300.0_v3" "txe16117592e8c4543b634d-0068e33ae6" "proxy-server 94957" 0.0005 "-" 93954 0
Oct 05 23:43:34 np0005471485.novalocal object-server[93954]: ::1 - - [06/Oct/2025:03:43:34 +0000] "GET /3/259062/AUTH_7aebe34b89554e87825206ce40aeb2f7/gnocchi.9be7ba4b-176a-48d6-be9a-57ad8f32bb65/1759320000.0_mean_300.0_v3" 404 70 "GET https://[::1]:8080/v1/AUTH_7aebe34b89554e87825206ce40aeb2f7/gnocchi.9be7ba4b-176a-48d6-be9a-57ad8f32bb65/1759320000.0_mean_300.0_v3" "txe16117592e8c4543b634d-0068e33ae6" "proxy-server 94957" 0.0004 "-" 93954 0
Oct 05 23:43:34 np0005471485.novalocal proxy-server[94957]: ::1 ::1 06/Oct/2025/03/43/34 GET /v1/AUTH_7aebe34b89554e87825206ce40aeb2f7/gnocchi.9be7ba4b-176a-48d6-be9a-57ad8f32bb65/1759320000.0_mean_300.0_v3 HTTP/1.0 404 - python-swiftclient-4.8.0 gAAAAABo4zrI4CaX... - 70 - txe16117592e8c4543b634d-0068e33ae6 - 0.0174 - - 1759722214.010162115 1759722214.027537584 0 7b03bd18aea8470cbeb747235c58da52
Oct 05 23:43:34 np0005471485.novalocal iscsid[75844]: iscsid: Connection1:0 to [target: iqn.2010-10.org.openstack:volume-fcfe7e9b-8a68-4f93-9af3-ae4fc6afbc23, portal: ::1,3260] through [iface: default] is shutdown.
Oct 05 23:43:34 np0005471485.novalocal container-server[93622]: ::1 - - [06/Oct/2025:03:43:34 +0000] "PUT /3/35832/AUTH_7aebe34b89554e87825206ce40aeb2f7/gnocchi.9be7ba4b-176a-48d6-be9a-57ad8f32bb65/1759320000.0_mean_300.0_v3" 201 - "PUT http://[::1]:8080/2/259062/AUTH_7aebe34b89554e87825206ce40aeb2f7/gnocchi.9be7ba4b-176a-48d6-be9a-57ad8f32bb65/1759320000.0_mean_300.0_v3" "tx641f958918db4704b314c-0068e33ae6" "object-server 93955" 0.0006 "-" 93622 0
Oct 05 23:43:34 np0005471485.novalocal object-server[93955]: ::1 - - [06/Oct/2025:03:43:34 +0000] "PUT /2/259062/AUTH_7aebe34b89554e87825206ce40aeb2f7/gnocchi.9be7ba4b-176a-48d6-be9a-57ad8f32bb65/1759320000.0_mean_300.0_v3" 201 - "PUT https://[::1]:8080/v1/AUTH_7aebe34b89554e87825206ce40aeb2f7/gnocchi.9be7ba4b-176a-48d6-be9a-57ad8f32bb65/1759320000.0_mean_300.0_v3" "tx641f958918db4704b314c-0068e33ae6" "proxy-server 94957" 0.0142 "-" 93955 0
Oct 05 23:43:34 np0005471485.novalocal container-server[93622]: ::1 - - [06/Oct/2025:03:43:34 +0000] "PUT /2/35832/AUTH_7aebe34b89554e87825206ce40aeb2f7/gnocchi.9be7ba4b-176a-48d6-be9a-57ad8f32bb65/1759320000.0_mean_300.0_v3" 201 - "PUT http://[::1]:8080/3/259062/AUTH_7aebe34b89554e87825206ce40aeb2f7/gnocchi.9be7ba4b-176a-48d6-be9a-57ad8f32bb65/1759320000.0_mean_300.0_v3" "tx641f958918db4704b314c-0068e33ae6" "object-server 93954" 0.0004 "-" 93622 0
Oct 05 23:43:34 np0005471485.novalocal object-server[93954]: ::1 - - [06/Oct/2025:03:43:34 +0000] "PUT /3/259062/AUTH_7aebe34b89554e87825206ce40aeb2f7/gnocchi.9be7ba4b-176a-48d6-be9a-57ad8f32bb65/1759320000.0_mean_300.0_v3" 201 - "PUT https://[::1]:8080/v1/AUTH_7aebe34b89554e87825206ce40aeb2f7/gnocchi.9be7ba4b-176a-48d6-be9a-57ad8f32bb65/1759320000.0_mean_300.0_v3" "tx641f958918db4704b314c-0068e33ae6" "proxy-server 94957" 0.0193 "-" 93954 0
Oct 05 23:43:34 np0005471485.novalocal container-server[93622]: ::1 - - [06/Oct/2025:03:43:34 +0000] "PUT /1/35832/AUTH_7aebe34b89554e87825206ce40aeb2f7/gnocchi.9be7ba4b-176a-48d6-be9a-57ad8f32bb65/1759320000.0_mean_300.0_v3" 201 - "PUT http://[::1]:8080/1/259062/AUTH_7aebe34b89554e87825206ce40aeb2f7/gnocchi.9be7ba4b-176a-48d6-be9a-57ad8f32bb65/1759320000.0_mean_300.0_v3" "tx641f958918db4704b314c-0068e33ae6" "object-server 93954" 0.0004 "-" 93622 0
Oct 05 23:43:34 np0005471485.novalocal object-server[93954]: ::1 - - [06/Oct/2025:03:43:34 +0000] "PUT /1/259062/AUTH_7aebe34b89554e87825206ce40aeb2f7/gnocchi.9be7ba4b-176a-48d6-be9a-57ad8f32bb65/1759320000.0_mean_300.0_v3" 201 - "PUT https://[::1]:8080/v1/AUTH_7aebe34b89554e87825206ce40aeb2f7/gnocchi.9be7ba4b-176a-48d6-be9a-57ad8f32bb65/1759320000.0_mean_300.0_v3" "tx641f958918db4704b314c-0068e33ae6" "proxy-server 94957" 0.0215 "-" 93954 0
Oct 05 23:43:34 np0005471485.novalocal proxy-server[94957]: ::1 ::1 06/Oct/2025/03/43/34 PUT /v1/AUTH_7aebe34b89554e87825206ce40aeb2f7/gnocchi.9be7ba4b-176a-48d6-be9a-57ad8f32bb65/1759320000.0_mean_300.0_v3 HTTP/1.0 201 - python-swiftclient-4.8.0 gAAAAABo4zrI4CaX... 16 - - tx641f958918db4704b314c-0068e33ae6 - 0.0376 - - 1759722214.031951666 1759722214.069513559 0 7b03bd18aea8470cbeb747235c58da52
Oct 05 23:43:34 np0005471485.novalocal container-server[93622]: ::1 - - [06/Oct/2025:03:43:34 +0000] "PUT /1/35832/AUTH_7aebe34b89554e87825206ce40aeb2f7/gnocchi.9be7ba4b-176a-48d6-be9a-57ad8f32bb65/none_v3" 201 - "PUT http://[::1]:8080/1/135242/AUTH_7aebe34b89554e87825206ce40aeb2f7/gnocchi.9be7ba4b-176a-48d6-be9a-57ad8f32bb65/none_v3" "txff4d213b16384d869443d-0068e33ae6" "object-server 93954" 0.0004 "-" 93622 0
Oct 05 23:43:34 np0005471485.novalocal object-server[93954]: ::1 - - [06/Oct/2025:03:43:34 +0000] "PUT /1/135242/AUTH_7aebe34b89554e87825206ce40aeb2f7/gnocchi.9be7ba4b-176a-48d6-be9a-57ad8f32bb65/none_v3" 201 - "PUT https://[::1]:8080/v1/AUTH_7aebe34b89554e87825206ce40aeb2f7/gnocchi.9be7ba4b-176a-48d6-be9a-57ad8f32bb65/none_v3" "txff4d213b16384d869443d-0068e33ae6" "proxy-server 94957" 0.0174 "-" 93954 0
Oct 05 23:43:34 np0005471485.novalocal container-server[93622]: ::1 - - [06/Oct/2025:03:43:34 +0000] "PUT /3/35832/AUTH_7aebe34b89554e87825206ce40aeb2f7/gnocchi.9be7ba4b-176a-48d6-be9a-57ad8f32bb65/none_v3" 201 - "PUT http://[::1]:8080/3/135242/AUTH_7aebe34b89554e87825206ce40aeb2f7/gnocchi.9be7ba4b-176a-48d6-be9a-57ad8f32bb65/none_v3" "txff4d213b16384d869443d-0068e33ae6" "object-server 93955" 0.0004 "-" 93622 0
Oct 05 23:43:34 np0005471485.novalocal container-server[93621]: ::1 - - [06/Oct/2025:03:43:34 +0000] "PUT /2/35832/AUTH_7aebe34b89554e87825206ce40aeb2f7/gnocchi.9be7ba4b-176a-48d6-be9a-57ad8f32bb65/none_v3" 201 - "PUT http://[::1]:8080/2/135242/AUTH_7aebe34b89554e87825206ce40aeb2f7/gnocchi.9be7ba4b-176a-48d6-be9a-57ad8f32bb65/none_v3" "txff4d213b16384d869443d-0068e33ae6" "object-server 93955" 0.0006 "-" 93621 0
Oct 05 23:43:34 np0005471485.novalocal object-server[93955]: ::1 - - [06/Oct/2025:03:43:34 +0000] "PUT /3/135242/AUTH_7aebe34b89554e87825206ce40aeb2f7/gnocchi.9be7ba4b-176a-48d6-be9a-57ad8f32bb65/none_v3" 201 - "PUT https://[::1]:8080/v1/AUTH_7aebe34b89554e87825206ce40aeb2f7/gnocchi.9be7ba4b-176a-48d6-be9a-57ad8f32bb65/none_v3" "txff4d213b16384d869443d-0068e33ae6" "proxy-server 94957" 0.0289 "-" 93955 0
Oct 05 23:43:34 np0005471485.novalocal object-server[93955]: ::1 - - [06/Oct/2025:03:43:34 +0000] "PUT /2/135242/AUTH_7aebe34b89554e87825206ce40aeb2f7/gnocchi.9be7ba4b-176a-48d6-be9a-57ad8f32bb65/none_v3" 201 - "PUT https://[::1]:8080/v1/AUTH_7aebe34b89554e87825206ce40aeb2f7/gnocchi.9be7ba4b-176a-48d6-be9a-57ad8f32bb65/none_v3" "txff4d213b16384d869443d-0068e33ae6" "proxy-server 94957" 0.0290 "-" 93955 0
Oct 05 23:43:34 np0005471485.novalocal proxy-server[94957]: ::1 ::1 06/Oct/2025/03/43/34 PUT /v1/AUTH_7aebe34b89554e87825206ce40aeb2f7/gnocchi.9be7ba4b-176a-48d6-be9a-57ad8f32bb65/none_v3 HTTP/1.0 201 - python-swiftclient-4.8.0 gAAAAABo4zrI4CaX... 22 - - txff4d213b16384d869443d-0068e33ae6 - 0.0374 - - 1759722214.072049856 1759722214.109448671 0 7b03bd18aea8470cbeb747235c58da52
Oct 05 23:43:34 np0005471485.novalocal container-server[93622]: ::1 - - [06/Oct/2025:03:43:34 +0000] "HEAD /3/9129/AUTH_7aebe34b89554e87825206ce40aeb2f7/gnocchi.72fc4685-7c6d-41d8-9be0-ccdf89e76377" 404 - "HEAD http://[::1]:8080/v1/AUTH_7aebe34b89554e87825206ce40aeb2f7/gnocchi.72fc4685-7c6d-41d8-9be0-ccdf89e76377" "tx6953c4514b42444da9034-0068e33ae6" "proxy-server 94957" 0.0003 "-" 93622 0
Oct 05 23:43:34 np0005471485.novalocal container-server[93622]: ::1 - - [06/Oct/2025:03:43:34 +0000] "HEAD /1/9129/AUTH_7aebe34b89554e87825206ce40aeb2f7/gnocchi.72fc4685-7c6d-41d8-9be0-ccdf89e76377" 404 - "HEAD http://[::1]:8080/v1/AUTH_7aebe34b89554e87825206ce40aeb2f7/gnocchi.72fc4685-7c6d-41d8-9be0-ccdf89e76377" "tx6953c4514b42444da9034-0068e33ae6" "proxy-server 94957" 0.0002 "-" 93622 0
Oct 05 23:43:34 np0005471485.novalocal container-server[93621]: ::1 - - [06/Oct/2025:03:43:34 +0000] "HEAD /2/9129/AUTH_7aebe34b89554e87825206ce40aeb2f7/gnocchi.72fc4685-7c6d-41d8-9be0-ccdf89e76377" 404 - "HEAD http://[::1]:8080/v1/AUTH_7aebe34b89554e87825206ce40aeb2f7/gnocchi.72fc4685-7c6d-41d8-9be0-ccdf89e76377" "tx6953c4514b42444da9034-0068e33ae6" "proxy-server 94957" 0.0005 "-" 93621 0
Oct 05 23:43:34 np0005471485.novalocal proxy-server[94957]: - - 06/Oct/2025/03/43/34 HEAD /v1/AUTH_7aebe34b89554e87825206ce40aeb2f7/gnocchi.72fc4685-7c6d-41d8-9be0-ccdf89e76377 HTTP/1.0 404 - Swift - - - - tx6953c4514b42444da9034-0068e33ae6 - 0.0166 CS - 1759722214.141121864 1759722214.157771349 0 -
Oct 05 23:43:34 np0005471485.novalocal object-server[93955]: ::1 - - [06/Oct/2025:03:43:34 +0000] "GET /1/128474/AUTH_7aebe34b89554e87825206ce40aeb2f7/gnocchi.72fc4685-7c6d-41d8-9be0-ccdf89e76377/none_v3" 404 70 "GET https://[::1]:8080/v1/AUTH_7aebe34b89554e87825206ce40aeb2f7/gnocchi.72fc4685-7c6d-41d8-9be0-ccdf89e76377/none_v3" "tx6953c4514b42444da9034-0068e33ae6" "proxy-server 94957" 0.0003 "-" 93955 0
Oct 05 23:43:34 np0005471485.novalocal object-server[93954]: ::1 - - [06/Oct/2025:03:43:34 +0000] "GET /2/128474/AUTH_7aebe34b89554e87825206ce40aeb2f7/gnocchi.72fc4685-7c6d-41d8-9be0-ccdf89e76377/none_v3" 404 70 "GET https://[::1]:8080/v1/AUTH_7aebe34b89554e87825206ce40aeb2f7/gnocchi.72fc4685-7c6d-41d8-9be0-ccdf89e76377/none_v3" "tx6953c4514b42444da9034-0068e33ae6" "proxy-server 94957" 0.0004 "-" 93954 0
Oct 05 23:43:34 np0005471485.novalocal object-server[93954]: ::1 - - [06/Oct/2025:03:43:34 +0000] "GET /3/128474/AUTH_7aebe34b89554e87825206ce40aeb2f7/gnocchi.72fc4685-7c6d-41d8-9be0-ccdf89e76377/none_v3" 404 70 "GET https://[::1]:8080/v1/AUTH_7aebe34b89554e87825206ce40aeb2f7/gnocchi.72fc4685-7c6d-41d8-9be0-ccdf89e76377/none_v3" "tx6953c4514b42444da9034-0068e33ae6" "proxy-server 94957" 0.0003 "-" 93954 0
Oct 05 23:43:34 np0005471485.novalocal proxy-server[94957]: ::1 ::1 06/Oct/2025/03/43/34 GET /v1/AUTH_7aebe34b89554e87825206ce40aeb2f7/gnocchi.72fc4685-7c6d-41d8-9be0-ccdf89e76377/none_v3 HTTP/1.0 404 - python-swiftclient-4.8.0 gAAAAABo4zrI4CaX... - 70 - tx6953c4514b42444da9034-0068e33ae6 - 0.0319 - - 1759722214.139943361 1759722214.171810627 0 7b03bd18aea8470cbeb747235c58da52
Oct 05 23:43:34 np0005471485.novalocal account-server[93329]: ::1 - - [06/Oct/2025:03:43:34 +0000] "PUT /1/145150/AUTH_7aebe34b89554e87825206ce40aeb2f7/gnocchi.72fc4685-7c6d-41d8-9be0-ccdf89e76377" 201 - "PUT http://[::1]:6001/1/9129/AUTH_7aebe34b89554e87825206ce40aeb2f7/gnocchi.72fc4685-7c6d-41d8-9be0-ccdf89e76377" "txe63c0b24df0d4e10b8d8b-0068e33ae6" "container-server 93622" 0.0047 "-" 93329 0
Oct 05 23:43:34 np0005471485.novalocal account-server[93328]: ::1 - - [06/Oct/2025:03:43:34 +0000] "PUT /2/145150/AUTH_7aebe34b89554e87825206ce40aeb2f7/gnocchi.72fc4685-7c6d-41d8-9be0-ccdf89e76377" 201 - "PUT http://[::1]:6001/2/9129/AUTH_7aebe34b89554e87825206ce40aeb2f7/gnocchi.72fc4685-7c6d-41d8-9be0-ccdf89e76377" "txe63c0b24df0d4e10b8d8b-0068e33ae6" "container-server 93622" 0.0037 "-" 93328 0
Oct 05 23:43:34 np0005471485.novalocal container-server[93622]: ::1 - - [06/Oct/2025:03:43:34 +0000] "PUT /1/9129/AUTH_7aebe34b89554e87825206ce40aeb2f7/gnocchi.72fc4685-7c6d-41d8-9be0-ccdf89e76377" 201 - "PUT https://[::1]:8080/v1/AUTH_7aebe34b89554e87825206ce40aeb2f7/gnocchi.72fc4685-7c6d-41d8-9be0-ccdf89e76377" "txe63c0b24df0d4e10b8d8b-0068e33ae6" "proxy-server 94957" 0.0153 "-" 93622 0
Oct 05 23:43:34 np0005471485.novalocal container-server[93622]: ::1 - - [06/Oct/2025:03:43:34 +0000] "PUT /2/9129/AUTH_7aebe34b89554e87825206ce40aeb2f7/gnocchi.72fc4685-7c6d-41d8-9be0-ccdf89e76377" 201 - "PUT https://[::1]:8080/v1/AUTH_7aebe34b89554e87825206ce40aeb2f7/gnocchi.72fc4685-7c6d-41d8-9be0-ccdf89e76377" "txe63c0b24df0d4e10b8d8b-0068e33ae6" "proxy-server 94957" 0.0275 "-" 93622 0
Oct 05 23:43:34 np0005471485.novalocal account-server[93328]: ::1 - - [06/Oct/2025:03:43:34 +0000] "PUT /3/145150/AUTH_7aebe34b89554e87825206ce40aeb2f7/gnocchi.72fc4685-7c6d-41d8-9be0-ccdf89e76377" 201 - "PUT http://[::1]:6001/3/9129/AUTH_7aebe34b89554e87825206ce40aeb2f7/gnocchi.72fc4685-7c6d-41d8-9be0-ccdf89e76377" "txe63c0b24df0d4e10b8d8b-0068e33ae6" "container-server 93622" 0.0037 "-" 93328 0
Oct 05 23:43:34 np0005471485.novalocal container-server[93622]: ::1 - - [06/Oct/2025:03:43:34 +0000] "PUT /3/9129/AUTH_7aebe34b89554e87825206ce40aeb2f7/gnocchi.72fc4685-7c6d-41d8-9be0-ccdf89e76377" 201 - "PUT https://[::1]:8080/v1/AUTH_7aebe34b89554e87825206ce40aeb2f7/gnocchi.72fc4685-7c6d-41d8-9be0-ccdf89e76377" "txe63c0b24df0d4e10b8d8b-0068e33ae6" "proxy-server 94957" 0.0400 "-" 93622 0
Oct 05 23:43:34 np0005471485.novalocal proxy-server[94957]: ::1 ::1 06/Oct/2025/03/43/34 PUT /v1/AUTH_7aebe34b89554e87825206ce40aeb2f7/gnocchi.72fc4685-7c6d-41d8-9be0-ccdf89e76377 HTTP/1.0 201 - python-swiftclient-4.8.0 gAAAAABo4zrI4CaX... - - - txe63c0b24df0d4e10b8d8b-0068e33ae6 - 0.0514 - - 1759722214.174982071 1759722214.226343632 0 7b03bd18aea8470cbeb747235c58da52
Oct 05 23:43:34 np0005471485.novalocal container-server[93621]: ::1 - - [06/Oct/2025:03:43:34 +0000] "HEAD /2/9129/AUTH_7aebe34b89554e87825206ce40aeb2f7/gnocchi.72fc4685-7c6d-41d8-9be0-ccdf89e76377" 204 - "HEAD http://[::1]:8080/v1/AUTH_7aebe34b89554e87825206ce40aeb2f7/gnocchi.72fc4685-7c6d-41d8-9be0-ccdf89e76377" "tx6e03056985f74a3cb833f-0068e33ae6" "proxy-server 94957" 0.0069 "-" 93621 0
Oct 05 23:43:34 np0005471485.novalocal proxy-server[94957]: - - 06/Oct/2025/03/43/34 HEAD /v1/AUTH_7aebe34b89554e87825206ce40aeb2f7/gnocchi.72fc4685-7c6d-41d8-9be0-ccdf89e76377 HTTP/1.0 204 - Swift - - - - tx6e03056985f74a3cb833f-0068e33ae6 - 0.0140 CS - 1759722214.230906487 1759722214.244895697 0 -
Oct 05 23:43:34 np0005471485.novalocal container-server[93621]: ::1 - - [06/Oct/2025:03:43:34 +0000] "GET /3/9129/AUTH_7aebe34b89554e87825206ce40aeb2f7/gnocchi.72fc4685-7c6d-41d8-9be0-ccdf89e76377" 200 2 "GET https://[::1]:8080/v1/AUTH_7aebe34b89554e87825206ce40aeb2f7/gnocchi.72fc4685-7c6d-41d8-9be0-ccdf89e76377?format=json&states=listing" "tx6e03056985f74a3cb833f-0068e33ae6" "proxy-server 94957" 0.0031 "-" 93621 0
Oct 05 23:43:34 np0005471485.novalocal proxy-server[94957]: ::1 ::1 06/Oct/2025/03/43/34 GET /v1/AUTH_7aebe34b89554e87825206ce40aeb2f7/gnocchi.72fc4685-7c6d-41d8-9be0-ccdf89e76377%3Fformat%3Djson%26states%3Dlisting HTTP/1.0 200 - python-swiftclient-4.8.0 gAAAAABo4zrI4CaX... - 2 - tx6e03056985f74a3cb833f-0068e33ae6 - 0.0288 - - 1759722214.229948044 1759722214.258788586 0 7b03bd18aea8470cbeb747235c58da52
Oct 05 23:43:34 np0005471485.novalocal object-server[93954]: ::1 - - [06/Oct/2025:03:43:34 +0000] "GET /3/75843/AUTH_7aebe34b89554e87825206ce40aeb2f7/gnocchi.72fc4685-7c6d-41d8-9be0-ccdf89e76377/1759320000.0_mean_300.0_v3" 404 70 "GET https://[::1]:8080/v1/AUTH_7aebe34b89554e87825206ce40aeb2f7/gnocchi.72fc4685-7c6d-41d8-9be0-ccdf89e76377/1759320000.0_mean_300.0_v3" "tx9a1853c4cd8449239a28d-0068e33ae6" "proxy-server 94957" 0.0004 "-" 93954 0
Oct 05 23:43:34 np0005471485.novalocal object-server[93955]: ::1 - - [06/Oct/2025:03:43:34 +0000] "GET /2/75843/AUTH_7aebe34b89554e87825206ce40aeb2f7/gnocchi.72fc4685-7c6d-41d8-9be0-ccdf89e76377/1759320000.0_mean_300.0_v3" 404 70 "GET https://[::1]:8080/v1/AUTH_7aebe34b89554e87825206ce40aeb2f7/gnocchi.72fc4685-7c6d-41d8-9be0-ccdf89e76377/1759320000.0_mean_300.0_v3" "tx9a1853c4cd8449239a28d-0068e33ae6" "proxy-server 94957" 0.0005 "-" 93955 0
Oct 05 23:43:34 np0005471485.novalocal object-server[93954]: ::1 - - [06/Oct/2025:03:43:34 +0000] "GET /1/75843/AUTH_7aebe34b89554e87825206ce40aeb2f7/gnocchi.72fc4685-7c6d-41d8-9be0-ccdf89e76377/1759320000.0_mean_300.0_v3" 404 70 "GET https://[::1]:8080/v1/AUTH_7aebe34b89554e87825206ce40aeb2f7/gnocchi.72fc4685-7c6d-41d8-9be0-ccdf89e76377/1759320000.0_mean_300.0_v3" "tx9a1853c4cd8449239a28d-0068e33ae6" "proxy-server 94957" 0.0006 "-" 93954 0
Oct 05 23:43:34 np0005471485.novalocal proxy-server[94957]: ::1 ::1 06/Oct/2025/03/43/34 GET /v1/AUTH_7aebe34b89554e87825206ce40aeb2f7/gnocchi.72fc4685-7c6d-41d8-9be0-ccdf89e76377/1759320000.0_mean_300.0_v3 HTTP/1.0 404 - python-swiftclient-4.8.0 gAAAAABo4zrI4CaX... - 70 - tx9a1853c4cd8449239a28d-0068e33ae6 - 0.0166 - - 1759722214.262760162 1759722214.279342890 0 7b03bd18aea8470cbeb747235c58da52
Oct 05 23:43:34 np0005471485.novalocal container-server[93622]: ::1 - - [06/Oct/2025:03:43:34 +0000] "PUT /1/9129/AUTH_7aebe34b89554e87825206ce40aeb2f7/gnocchi.72fc4685-7c6d-41d8-9be0-ccdf89e76377/1759320000.0_mean_300.0_v3" 201 - "PUT http://[::1]:8080/3/75843/AUTH_7aebe34b89554e87825206ce40aeb2f7/gnocchi.72fc4685-7c6d-41d8-9be0-ccdf89e76377/1759320000.0_mean_300.0_v3" "txc9a63342e6884144acf0b-0068e33ae6" "object-server 93954" 0.0008 "-" 93622 0
Oct 05 23:43:34 np0005471485.novalocal object-server[93954]: ::1 - - [06/Oct/2025:03:43:34 +0000] "PUT /3/75843/AUTH_7aebe34b89554e87825206ce40aeb2f7/gnocchi.72fc4685-7c6d-41d8-9be0-ccdf89e76377/1759320000.0_mean_300.0_v3" 201 - "PUT https://[::1]:8080/v1/AUTH_7aebe34b89554e87825206ce40aeb2f7/gnocchi.72fc4685-7c6d-41d8-9be0-ccdf89e76377/1759320000.0_mean_300.0_v3" "txc9a63342e6884144acf0b-0068e33ae6" "proxy-server 94957" 0.0134 "-" 93954 0
