Oct 05 23:44:14 np0005471485.novalocal container-server[93621]: ::1 - - [06/Oct/2025:03:44:14 +0000] "HEAD /1/41975/AUTH_7aebe34b89554e87825206ce40aeb2f7/gnocchi.8de7d202-caa1-4d38-a702-0aeabd8ea4f4" 404 - "HEAD http://[::1]:8080/v1/AUTH_7aebe34b89554e87825206ce40aeb2f7/gnocchi.8de7d202-caa1-4d38-a702-0aeabd8ea4f4" "tx63ed02649eff42d28a632-0068e33b0e" "proxy-server 94957" 0.0002 "-" 93621 0
Oct 05 23:44:14 np0005471485.novalocal proxy-server[94957]: - - 06/Oct/2025/03/44/14 HEAD /v1/AUTH_7aebe34b89554e87825206ce40aeb2f7/gnocchi.8de7d202-caa1-4d38-a702-0aeabd8ea4f4 HTTP/1.0 404 - Swift - - - - tx63ed02649eff42d28a632-0068e33b0e - 0.0107 CS - 1759722254.286006689 1759722254.296722174 0 -
Oct 05 23:44:14 np0005471485.novalocal object-server[93955]: ::1 - - [06/Oct/2025:03:44:14 +0000] "GET /2/222460/AUTH_7aebe34b89554e87825206ce40aeb2f7/gnocchi.8de7d202-caa1-4d38-a702-0aeabd8ea4f4/none_v3" 404 70 "GET https://[::1]:8080/v1/AUTH_7aebe34b89554e87825206ce40aeb2f7/gnocchi.8de7d202-caa1-4d38-a702-0aeabd8ea4f4/none_v3" "tx63ed02649eff42d28a632-0068e33b0e" "proxy-server 94957" 0.0003 "-" 93955 0
Oct 05 23:44:14 np0005471485.novalocal object-server[93955]: ::1 - - [06/Oct/2025:03:44:14 +0000] "GET /3/222460/AUTH_7aebe34b89554e87825206ce40aeb2f7/gnocchi.8de7d202-caa1-4d38-a702-0aeabd8ea4f4/none_v3" 404 70 "GET https://[::1]:8080/v1/AUTH_7aebe34b89554e87825206ce40aeb2f7/gnocchi.8de7d202-caa1-4d38-a702-0aeabd8ea4f4/none_v3" "tx63ed02649eff42d28a632-0068e33b0e" "proxy-server 94957" 0.0002 "-" 93955 0
Oct 05 23:44:14 np0005471485.novalocal object-server[93955]: ::1 - - [06/Oct/2025:03:44:14 +0000] "GET /1/222460/AUTH_7aebe34b89554e87825206ce40aeb2f7/gnocchi.8de7d202-caa1-4d38-a702-0aeabd8ea4f4/none_v3" 404 70 "GET https://[::1]:8080/v1/AUTH_7aebe34b89554e87825206ce40aeb2f7/gnocchi.8de7d202-caa1-4d38-a702-0aeabd8ea4f4/none_v3" "tx63ed02649eff42d28a632-0068e33b0e" "proxy-server 94957" 0.0002 "-" 93955 0
Oct 05 23:44:14 np0005471485.novalocal proxy-server[94957]: ::1 ::1 06/Oct/2025/03/44/14 GET /v1/AUTH_7aebe34b89554e87825206ce40aeb2f7/gnocchi.8de7d202-caa1-4d38-a702-0aeabd8ea4f4/none_v3 HTTP/1.0 404 - python-swiftclient-4.8.0 gAAAAABo4zrI4CaX... - 70 - tx63ed02649eff42d28a632-0068e33b0e - 0.0208 - - 1759722254.285328865 1759722254.306172132 0 7b03bd18aea8470cbeb747235c58da52
Oct 05 23:44:14 np0005471485.novalocal account-server[93329]: ::1 - - [06/Oct/2025:03:44:14 +0000] "PUT /2/145150/AUTH_7aebe34b89554e87825206ce40aeb2f7/gnocchi.8de7d202-caa1-4d38-a702-0aeabd8ea4f4" 201 - "PUT http://[::1]:6001/3/41975/AUTH_7aebe34b89554e87825206ce40aeb2f7/gnocchi.8de7d202-caa1-4d38-a702-0aeabd8ea4f4" "txaeff9dd9551c4067bec40-0068e33b0e" "container-server 93622" 0.0059 "-" 93329 0
Oct 05 23:44:14 np0005471485.novalocal container-server[93622]: ::1 - - [06/Oct/2025:03:44:14 +0000] "PUT /3/41975/AUTH_7aebe34b89554e87825206ce40aeb2f7/gnocchi.8de7d202-caa1-4d38-a702-0aeabd8ea4f4" 201 - "PUT https://[::1]:8080/v1/AUTH_7aebe34b89554e87825206ce40aeb2f7/gnocchi.8de7d202-caa1-4d38-a702-0aeabd8ea4f4" "txaeff9dd9551c4067bec40-0068e33b0e" "proxy-server 94957" 0.0160 "-" 93622 0
Oct 05 23:44:14 np0005471485.novalocal account-server[93329]: ::1 - - [06/Oct/2025:03:44:14 +0000] "PUT /3/145150/AUTH_7aebe34b89554e87825206ce40aeb2f7/gnocchi.8de7d202-caa1-4d38-a702-0aeabd8ea4f4" 201 - "PUT http://[::1]:6001/2/41975/AUTH_7aebe34b89554e87825206ce40aeb2f7/gnocchi.8de7d202-caa1-4d38-a702-0aeabd8ea4f4" "txaeff9dd9551c4067bec40-0068e33b0e" "container-server 93621" 0.0062 "-" 93329 0
Oct 05 23:44:14 np0005471485.novalocal account-server[93328]: ::1 - - [06/Oct/2025:03:44:14 +0000] "PUT /1/145150/AUTH_7aebe34b89554e87825206ce40aeb2f7/gnocchi.8de7d202-caa1-4d38-a702-0aeabd8ea4f4" 201 - "PUT http://[::1]:6001/1/41975/AUTH_7aebe34b89554e87825206ce40aeb2f7/gnocchi.8de7d202-caa1-4d38-a702-0aeabd8ea4f4" "txaeff9dd9551c4067bec40-0068e33b0e" "container-server 93621" 0.0079 "-" 93328 0
Oct 05 23:44:14 np0005471485.novalocal container-server[93621]: ::1 - - [06/Oct/2025:03:44:14 +0000] "PUT /2/41975/AUTH_7aebe34b89554e87825206ce40aeb2f7/gnocchi.8de7d202-caa1-4d38-a702-0aeabd8ea4f4" 201 - "PUT https://[::1]:8080/v1/AUTH_7aebe34b89554e87825206ce40aeb2f7/gnocchi.8de7d202-caa1-4d38-a702-0aeabd8ea4f4" "txaeff9dd9551c4067bec40-0068e33b0e" "proxy-server 94957" 0.0519 "-" 93621 0
Oct 05 23:44:14 np0005471485.novalocal container-server[93621]: ::1 - - [06/Oct/2025:03:44:14 +0000] "PUT /1/41975/AUTH_7aebe34b89554e87825206ce40aeb2f7/gnocchi.8de7d202-caa1-4d38-a702-0aeabd8ea4f4" 201 - "PUT https://[::1]:8080/v1/AUTH_7aebe34b89554e87825206ce40aeb2f7/gnocchi.8de7d202-caa1-4d38-a702-0aeabd8ea4f4" "txaeff9dd9551c4067bec40-0068e33b0e" "proxy-server 94957" 0.0264 "-" 93621 0
Oct 05 23:44:14 np0005471485.novalocal proxy-server[94957]: ::1 ::1 06/Oct/2025/03/44/14 PUT /v1/AUTH_7aebe34b89554e87825206ce40aeb2f7/gnocchi.8de7d202-caa1-4d38-a702-0aeabd8ea4f4 HTTP/1.0 201 - python-swiftclient-4.8.0 gAAAAABo4zrI4CaX... - - - txaeff9dd9551c4067bec40-0068e33b0e - 0.0723 - - 1759722254.309142113 1759722254.381466627 0 7b03bd18aea8470cbeb747235c58da52
Oct 05 23:44:14 np0005471485.novalocal container-server[93622]: ::1 - - [06/Oct/2025:03:44:14 +0000] "HEAD /1/41975/AUTH_7aebe34b89554e87825206ce40aeb2f7/gnocchi.8de7d202-caa1-4d38-a702-0aeabd8ea4f4" 204 - "HEAD http://[::1]:8080/v1/AUTH_7aebe34b89554e87825206ce40aeb2f7/gnocchi.8de7d202-caa1-4d38-a702-0aeabd8ea4f4" "tx015d0991946f4c64ab4f1-0068e33b0e" "proxy-server 94957" 0.0016 "-" 93622 0
Oct 05 23:44:14 np0005471485.novalocal proxy-server[94957]: - - 06/Oct/2025/03/44/14 HEAD /v1/AUTH_7aebe34b89554e87825206ce40aeb2f7/gnocchi.8de7d202-caa1-4d38-a702-0aeabd8ea4f4 HTTP/1.0 204 - Swift - - - - tx015d0991946f4c64ab4f1-0068e33b0e - 0.0082 CS - 1759722254.401188135 1759722254.409432888 0 -
Oct 05 23:44:14 np0005471485.novalocal container-server[93621]: ::1 - - [06/Oct/2025:03:44:14 +0000] "GET /2/41975/AUTH_7aebe34b89554e87825206ce40aeb2f7/gnocchi.8de7d202-caa1-4d38-a702-0aeabd8ea4f4" 200 2 "GET https://[::1]:8080/v1/AUTH_7aebe34b89554e87825206ce40aeb2f7/gnocchi.8de7d202-caa1-4d38-a702-0aeabd8ea4f4?format=json&states=listing" "tx015d0991946f4c64ab4f1-0068e33b0e" "proxy-server 94957" 0.0028 "-" 93621 0
Oct 05 23:44:14 np0005471485.novalocal proxy-server[94957]: ::1 ::1 06/Oct/2025/03/44/14 GET /v1/AUTH_7aebe34b89554e87825206ce40aeb2f7/gnocchi.8de7d202-caa1-4d38-a702-0aeabd8ea4f4%3Fformat%3Djson%26states%3Dlisting HTTP/1.0 200 - python-swiftclient-4.8.0 gAAAAABo4zrI4CaX... - 2 - tx015d0991946f4c64ab4f1-0068e33b0e - 0.0282 - - 1759722254.391706705 1759722254.419862986 0 7b03bd18aea8470cbeb747235c58da52
Oct 05 23:44:14 np0005471485.novalocal object-server[93955]: ::1 - - [06/Oct/2025:03:44:14 +0000] "GET /1/20711/AUTH_7aebe34b89554e87825206ce40aeb2f7/gnocchi.8de7d202-caa1-4d38-a702-0aeabd8ea4f4/1759320000.0_mean_300.0_v3" 404 70 "GET https://[::1]:8080/v1/AUTH_7aebe34b89554e87825206ce40aeb2f7/gnocchi.8de7d202-caa1-4d38-a702-0aeabd8ea4f4/1759320000.0_mean_300.0_v3" "tx1c851ee7901b4a6e9b106-0068e33b0e" "proxy-server 94957" 0.0004 "-" 93955 0
Oct 05 23:44:14 np0005471485.novalocal object-server[93955]: ::1 - - [06/Oct/2025:03:44:14 +0000] "GET /3/20711/AUTH_7aebe34b89554e87825206ce40aeb2f7/gnocchi.8de7d202-caa1-4d38-a702-0aeabd8ea4f4/1759320000.0_mean_300.0_v3" 404 70 "GET https://[::1]:8080/v1/AUTH_7aebe34b89554e87825206ce40aeb2f7/gnocchi.8de7d202-caa1-4d38-a702-0aeabd8ea4f4/1759320000.0_mean_300.0_v3" "tx1c851ee7901b4a6e9b106-0068e33b0e" "proxy-server 94957" 0.0003 "-" 93955 0
Oct 05 23:44:14 np0005471485.novalocal object-server[93954]: ::1 - - [06/Oct/2025:03:44:14 +0000] "GET /2/20711/AUTH_7aebe34b89554e87825206ce40aeb2f7/gnocchi.8de7d202-caa1-4d38-a702-0aeabd8ea4f4/1759320000.0_mean_300.0_v3" 404 70 "GET https://[::1]:8080/v1/AUTH_7aebe34b89554e87825206ce40aeb2f7/gnocchi.8de7d202-caa1-4d38-a702-0aeabd8ea4f4/1759320000.0_mean_300.0_v3" "tx1c851ee7901b4a6e9b106-0068e33b0e" "proxy-server 94957" 0.0006 "-" 93954 0
Oct 05 23:44:14 np0005471485.novalocal proxy-server[94957]: ::1 ::1 06/Oct/2025/03/44/14 GET /v1/AUTH_7aebe34b89554e87825206ce40aeb2f7/gnocchi.8de7d202-caa1-4d38-a702-0aeabd8ea4f4/1759320000.0_mean_300.0_v3 HTTP/1.0 404 - python-swiftclient-4.8.0 gAAAAABo4zrI4CaX... - 70 - tx1c851ee7901b4a6e9b106-0068e33b0e - 0.0254 - - 1759722254.424587250 1759722254.450003386 0 7b03bd18aea8470cbeb747235c58da52
Oct 05 23:44:14 np0005471485.novalocal dnsmasq[100719]: read /var/lib/neutron/dhcp/29cfdef7-cd41-461a-9c85-831fc9b6ce2f/addn_hosts - 1 addresses
Oct 05 23:44:14 np0005471485.novalocal dnsmasq-dhcp[100719]: read /var/lib/neutron/dhcp/29cfdef7-cd41-461a-9c85-831fc9b6ce2f/host
Oct 05 23:44:14 np0005471485.novalocal dnsmasq-dhcp[100719]: read /var/lib/neutron/dhcp/29cfdef7-cd41-461a-9c85-831fc9b6ce2f/opts
Oct 05 23:44:14 np0005471485.novalocal container-server[93621]: ::1 - - [06/Oct/2025:03:44:14 +0000] "PUT /1/41975/AUTH_7aebe34b89554e87825206ce40aeb2f7/gnocchi.8de7d202-caa1-4d38-a702-0aeabd8ea4f4/1759320000.0_mean_300.0_v3" 201 - "PUT http://[::1]:8080/3/20711/AUTH_7aebe34b89554e87825206ce40aeb2f7/gnocchi.8de7d202-caa1-4d38-a702-0aeabd8ea4f4/1759320000.0_mean_300.0_v3" "txac09457b78354c4fa8ed7-0068e33b0e" "object-server 93954" 0.0006 "-" 93621 0
Oct 05 23:44:14 np0005471485.novalocal object-server[93954]: ::1 - - [06/Oct/2025:03:44:14 +0000] "PUT /3/20711/AUTH_7aebe34b89554e87825206ce40aeb2f7/gnocchi.8de7d202-caa1-4d38-a702-0aeabd8ea4f4/1759320000.0_mean_300.0_v3" 201 - "PUT https://[::1]:8080/v1/AUTH_7aebe34b89554e87825206ce40aeb2f7/gnocchi.8de7d202-caa1-4d38-a702-0aeabd8ea4f4/1759320000.0_mean_300.0_v3" "txac09457b78354c4fa8ed7-0068e33b0e" "proxy-server 94957" 0.0095 "-" 93954 0
Oct 05 23:44:14 np0005471485.novalocal container-server[93621]: ::1 - - [06/Oct/2025:03:44:14 +0000] "PUT /2/41975/AUTH_7aebe34b89554e87825206ce40aeb2f7/gnocchi.8de7d202-caa1-4d38-a702-0aeabd8ea4f4/1759320000.0_mean_300.0_v3" 201 - "PUT http://[::1]:8080/1/20711/AUTH_7aebe34b89554e87825206ce40aeb2f7/gnocchi.8de7d202-caa1-4d38-a702-0aeabd8ea4f4/1759320000.0_mean_300.0_v3" "txac09457b78354c4fa8ed7-0068e33b0e" "object-server 93954" 0.0004 "-" 93621 0
Oct 05 23:44:14 np0005471485.novalocal object-server[93954]: ::1 - - [06/Oct/2025:03:44:14 +0000] "PUT /1/20711/AUTH_7aebe34b89554e87825206ce40aeb2f7/gnocchi.8de7d202-caa1-4d38-a702-0aeabd8ea4f4/1759320000.0_mean_300.0_v3" 201 - "PUT https://[::1]:8080/v1/AUTH_7aebe34b89554e87825206ce40aeb2f7/gnocchi.8de7d202-caa1-4d38-a702-0aeabd8ea4f4/1759320000.0_mean_300.0_v3" "txac09457b78354c4fa8ed7-0068e33b0e" "proxy-server 94957" 0.0133 "-" 93954 0
Oct 05 23:44:14 np0005471485.novalocal container-server[93622]: ::1 - - [06/Oct/2025:03:44:14 +0000] "PUT /3/41975/AUTH_7aebe34b89554e87825206ce40aeb2f7/gnocchi.8de7d202-caa1-4d38-a702-0aeabd8ea4f4/1759320000.0_mean_300.0_v3" 201 - "PUT http://[::1]:8080/2/20711/AUTH_7aebe34b89554e87825206ce40aeb2f7/gnocchi.8de7d202-caa1-4d38-a702-0aeabd8ea4f4/1759320000.0_mean_300.0_v3" "txac09457b78354c4fa8ed7-0068e33b0e" "object-server 93955" 0.0007 "-" 93622 0
Oct 05 23:44:14 np0005471485.novalocal object-server[93955]: ::1 - - [06/Oct/2025:03:44:14 +0000] "PUT /2/20711/AUTH_7aebe34b89554e87825206ce40aeb2f7/gnocchi.8de7d202-caa1-4d38-a702-0aeabd8ea4f4/1759320000.0_mean_300.0_v3" 201 - "PUT https://[::1]:8080/v1/AUTH_7aebe34b89554e87825206ce40aeb2f7/gnocchi.8de7d202-caa1-4d38-a702-0aeabd8ea4f4/1759320000.0_mean_300.0_v3" "txac09457b78354c4fa8ed7-0068e33b0e" "proxy-server 94957" 0.0256 "-" 93955 0
Oct 05 23:44:14 np0005471485.novalocal proxy-server[94957]: ::1 ::1 06/Oct/2025/03/44/14 PUT /v1/AUTH_7aebe34b89554e87825206ce40aeb2f7/gnocchi.8de7d202-caa1-4d38-a702-0aeabd8ea4f4/1759320000.0_mean_300.0_v3 HTTP/1.0 201 - python-swiftclient-4.8.0 gAAAAABo4zrI4CaX... 16 - - txac09457b78354c4fa8ed7-0068e33b0e - 0.0337 - - 1759722254.453896046 1759722254.487616539 0 7b03bd18aea8470cbeb747235c58da52
Oct 05 23:44:14 np0005471485.novalocal container-server[93622]: ::1 - - [06/Oct/2025:03:44:14 +0000] "PUT /3/41975/AUTH_7aebe34b89554e87825206ce40aeb2f7/gnocchi.8de7d202-caa1-4d38-a702-0aeabd8ea4f4/none_v3" 201 - "PUT http://[::1]:8080/1/222460/AUTH_7aebe34b89554e87825206ce40aeb2f7/gnocchi.8de7d202-caa1-4d38-a702-0aeabd8ea4f4/none_v3" "txf724e18770594c8bb620a-0068e33b0e" "object-server 93954" 0.0019 "-" 93622 0
Oct 05 23:44:14 np0005471485.novalocal container-server[93621]: ::1 - - [06/Oct/2025:03:44:14 +0000] "PUT /1/41975/AUTH_7aebe34b89554e87825206ce40aeb2f7/gnocchi.8de7d202-caa1-4d38-a702-0aeabd8ea4f4/none_v3" 201 - "PUT http://[::1]:8080/3/222460/AUTH_7aebe34b89554e87825206ce40aeb2f7/gnocchi.8de7d202-caa1-4d38-a702-0aeabd8ea4f4/none_v3" "txf724e18770594c8bb620a-0068e33b0e" "object-server 93954" 0.0014 "-" 93621 0
Oct 05 23:44:14 np0005471485.novalocal container-server[93622]: ::1 - - [06/Oct/2025:03:44:14 +0000] "PUT /2/41975/AUTH_7aebe34b89554e87825206ce40aeb2f7/gnocchi.8de7d202-caa1-4d38-a702-0aeabd8ea4f4/none_v3" 201 - "PUT http://[::1]:8080/2/222460/AUTH_7aebe34b89554e87825206ce40aeb2f7/gnocchi.8de7d202-caa1-4d38-a702-0aeabd8ea4f4/none_v3" "txf724e18770594c8bb620a-0068e33b0e" "object-server 93955" 0.0005 "-" 93622 0
Oct 05 23:44:14 np0005471485.novalocal object-server[93955]: ::1 - - [06/Oct/2025:03:44:14 +0000] "PUT /2/222460/AUTH_7aebe34b89554e87825206ce40aeb2f7/gnocchi.8de7d202-caa1-4d38-a702-0aeabd8ea4f4/none_v3" 201 - "PUT https://[::1]:8080/v1/AUTH_7aebe34b89554e87825206ce40aeb2f7/gnocchi.8de7d202-caa1-4d38-a702-0aeabd8ea4f4/none_v3" "txf724e18770594c8bb620a-0068e33b0e" "proxy-server 94957" 0.0128 "-" 93955 0
Oct 05 23:44:14 np0005471485.novalocal object-server[93954]: ::1 - - [06/Oct/2025:03:44:14 +0000] "PUT /3/222460/AUTH_7aebe34b89554e87825206ce40aeb2f7/gnocchi.8de7d202-caa1-4d38-a702-0aeabd8ea4f4/none_v3" 201 - "PUT https://[::1]:8080/v1/AUTH_7aebe34b89554e87825206ce40aeb2f7/gnocchi.8de7d202-caa1-4d38-a702-0aeabd8ea4f4/none_v3" "txf724e18770594c8bb620a-0068e33b0e" "proxy-server 94957" 0.0274 "-" 93954 0
Oct 05 23:44:14 np0005471485.novalocal object-server[93954]: ::1 - - [06/Oct/2025:03:44:14 +0000] "PUT /1/222460/AUTH_7aebe34b89554e87825206ce40aeb2f7/gnocchi.8de7d202-caa1-4d38-a702-0aeabd8ea4f4/none_v3" 201 - "PUT https://[::1]:8080/v1/AUTH_7aebe34b89554e87825206ce40aeb2f7/gnocchi.8de7d202-caa1-4d38-a702-0aeabd8ea4f4/none_v3" "txf724e18770594c8bb620a-0068e33b0e" "proxy-server 94957" 0.0269 "-" 93954 0
Oct 05 23:44:14 np0005471485.novalocal proxy-server[94957]: ::1 ::1 06/Oct/2025/03/44/14 PUT /v1/AUTH_7aebe34b89554e87825206ce40aeb2f7/gnocchi.8de7d202-caa1-4d38-a702-0aeabd8ea4f4/none_v3 HTTP/1.0 201 - python-swiftclient-4.8.0 gAAAAABo4zrI4CaX... 22 - - txf724e18770594c8bb620a-0068e33b0e - 0.0372 - - 1759722254.490349531 1759722254.527563810 0 7b03bd18aea8470cbeb747235c58da52
Oct 05 23:44:15 np0005471485.novalocal object-replicator[94018]: 156/156 (100.00%) partitions replicated in 2.25s (69.19/sec, 0s remaining)
Oct 05 23:44:15 np0005471485.novalocal object-replicator[94018]: 312 successes, 0 failures
Oct 05 23:44:15 np0005471485.novalocal object-replicator[94018]: 156 suffixes checked - 33.97% hashed, 0.00% synced
Oct 05 23:44:15 np0005471485.novalocal object-replicator[94018]: Partition times: max 0.0399s, min 0.0036s, med 0.0085s
Oct 05 23:44:15 np0005471485.novalocal object-replicator[94018]: Object replication complete. (0.04 minutes)
Oct 05 23:44:16 np0005471485.novalocal container-server[93621]: ::1 - - [06/Oct/2025:03:44:16 +0000] "HEAD /1/98897/AUTH_7aebe34b89554e87825206ce40aeb2f7/gnocchi.b4052cef-64ea-4faa-b887-71d6a277e880" 404 - "HEAD http://[::1]:8080/v1/AUTH_7aebe34b89554e87825206ce40aeb2f7/gnocchi.b4052cef-64ea-4faa-b887-71d6a277e880" "txef609e7c0d1f42f99bd6b-0068e33b10" "proxy-server 94957" 0.0004 "-" 93621 0
Oct 05 23:44:16 np0005471485.novalocal container-server[93622]: ::1 - - [06/Oct/2025:03:44:16 +0000] "HEAD /2/98897/AUTH_7aebe34b89554e87825206ce40aeb2f7/gnocchi.b4052cef-64ea-4faa-b887-71d6a277e880" 404 - "HEAD http://[::1]:8080/v1/AUTH_7aebe34b89554e87825206ce40aeb2f7/gnocchi.b4052cef-64ea-4faa-b887-71d6a277e880" "txef609e7c0d1f42f99bd6b-0068e33b10" "proxy-server 94957" 0.0003 "-" 93622 0
Oct 05 23:44:16 np0005471485.novalocal container-server[93622]: ::1 - - [06/Oct/2025:03:44:16 +0000] "HEAD /3/98897/AUTH_7aebe34b89554e87825206ce40aeb2f7/gnocchi.b4052cef-64ea-4faa-b887-71d6a277e880" 404 - "HEAD http://[::1]:8080/v1/AUTH_7aebe34b89554e87825206ce40aeb2f7/gnocchi.b4052cef-64ea-4faa-b887-71d6a277e880" "txef609e7c0d1f42f99bd6b-0068e33b10" "proxy-server 94957" 0.0003 "-" 93622 0
Oct 05 23:44:16 np0005471485.novalocal proxy-server[94957]: - - 06/Oct/2025/03/44/16 HEAD /v1/AUTH_7aebe34b89554e87825206ce40aeb2f7/gnocchi.b4052cef-64ea-4faa-b887-71d6a277e880 HTTP/1.0 404 - Swift - - - - txef609e7c0d1f42f99bd6b-0068e33b10 - 0.0116 CS - 1759722256.053519726 1759722256.065159321 0 -
Oct 05 23:44:16 np0005471485.novalocal object-server[93954]: ::1 - - [06/Oct/2025:03:44:16 +0000] "GET /2/95924/AUTH_7aebe34b89554e87825206ce40aeb2f7/gnocchi.b4052cef-64ea-4faa-b887-71d6a277e880/none_v3" 404 70 "GET https://[::1]:8080/v1/AUTH_7aebe34b89554e87825206ce40aeb2f7/gnocchi.b4052cef-64ea-4faa-b887-71d6a277e880/none_v3" "txef609e7c0d1f42f99bd6b-0068e33b10" "proxy-server 94957" 0.0004 "-" 93954 0
Oct 05 23:44:16 np0005471485.novalocal object-server[93954]: ::1 - - [06/Oct/2025:03:44:16 +0000] "GET /1/95924/AUTH_7aebe34b89554e87825206ce40aeb2f7/gnocchi.b4052cef-64ea-4faa-b887-71d6a277e880/none_v3" 404 70 "GET https://[::1]:8080/v1/AUTH_7aebe34b89554e87825206ce40aeb2f7/gnocchi.b4052cef-64ea-4faa-b887-71d6a277e880/none_v3" "txef609e7c0d1f42f99bd6b-0068e33b10" "proxy-server 94957" 0.0005 "-" 93954 0
Oct 05 23:44:16 np0005471485.novalocal object-server[93954]: ::1 - - [06/Oct/2025:03:44:16 +0000] "GET /3/95924/AUTH_7aebe34b89554e87825206ce40aeb2f7/gnocchi.b4052cef-64ea-4faa-b887-71d6a277e880/none_v3" 404 70 "GET https://[::1]:8080/v1/AUTH_7aebe34b89554e87825206ce40aeb2f7/gnocchi.b4052cef-64ea-4faa-b887-71d6a277e880/none_v3" "txef609e7c0d1f42f99bd6b-0068e33b10" "proxy-server 94957" 0.0003 "-" 93954 0
Oct 05 23:44:16 np0005471485.novalocal proxy-server[94957]: ::1 ::1 06/Oct/2025/03/44/16 GET /v1/AUTH_7aebe34b89554e87825206ce40aeb2f7/gnocchi.b4052cef-64ea-4faa-b887-71d6a277e880/none_v3 HTTP/1.0 404 - python-swiftclient-4.8.0 gAAAAABo4zrG_lV4... - 70 - txef609e7c0d1f42f99bd6b-0068e33b10 - 0.0310 - - 1759722256.052423954 1759722256.083435297 0 7b03bd18aea8470cbeb747235c58da52
Oct 05 23:44:16 np0005471485.novalocal account-server[93328]: ::1 - - [06/Oct/2025:03:44:16 +0000] "PUT /1/145150/AUTH_7aebe34b89554e87825206ce40aeb2f7/gnocchi.b4052cef-64ea-4faa-b887-71d6a277e880" 201 - "PUT http://[::1]:6001/2/98897/AUTH_7aebe34b89554e87825206ce40aeb2f7/gnocchi.b4052cef-64ea-4faa-b887-71d6a277e880" "tx924807ab14014d2db6ca2-0068e33b10" "container-server 93621" 0.0055 "-" 93328 0
Oct 05 23:44:16 np0005471485.novalocal container-server[93621]: ::1 - - [06/Oct/2025:03:44:16 +0000] "PUT /2/98897/AUTH_7aebe34b89554e87825206ce40aeb2f7/gnocchi.b4052cef-64ea-4faa-b887-71d6a277e880" 201 - "PUT https://[::1]:8080/v1/AUTH_7aebe34b89554e87825206ce40aeb2f7/gnocchi.b4052cef-64ea-4faa-b887-71d6a277e880" "tx924807ab14014d2db6ca2-0068e33b10" "proxy-server 94957" 0.0198 "-" 93621 0
Oct 05 23:44:16 np0005471485.novalocal account-server[93329]: ::1 - - [06/Oct/2025:03:44:16 +0000] "PUT /2/145150/AUTH_7aebe34b89554e87825206ce40aeb2f7/gnocchi.b4052cef-64ea-4faa-b887-71d6a277e880" 201 - "PUT http://[::1]:6001/3/98897/AUTH_7aebe34b89554e87825206ce40aeb2f7/gnocchi.b4052cef-64ea-4faa-b887-71d6a277e880" "tx924807ab14014d2db6ca2-0068e33b10" "container-server 93622" 0.0046 "-" 93329 0
Oct 05 23:44:16 np0005471485.novalocal container-server[93622]: ::1 - - [06/Oct/2025:03:44:16 +0000] "PUT /3/98897/AUTH_7aebe34b89554e87825206ce40aeb2f7/gnocchi.b4052cef-64ea-4faa-b887-71d6a277e880" 201 - "PUT https://[::1]:8080/v1/AUTH_7aebe34b89554e87825206ce40aeb2f7/gnocchi.b4052cef-64ea-4faa-b887-71d6a277e880" "tx924807ab14014d2db6ca2-0068e33b10" "proxy-server 94957" 0.0285 "-" 93622 0
Oct 05 23:44:16 np0005471485.novalocal account-server[93329]: ::1 - - [06/Oct/2025:03:44:16 +0000] "PUT /3/145150/AUTH_7aebe34b89554e87825206ce40aeb2f7/gnocchi.b4052cef-64ea-4faa-b887-71d6a277e880" 201 - "PUT http://[::1]:6001/1/98897/AUTH_7aebe34b89554e87825206ce40aeb2f7/gnocchi.b4052cef-64ea-4faa-b887-71d6a277e880" "tx924807ab14014d2db6ca2-0068e33b10" "container-server 93622" 0.0046 "-" 93329 0
Oct 05 23:44:16 np0005471485.novalocal container-server[93622]: ::1 - - [06/Oct/2025:03:44:16 +0000] "PUT /1/98897/AUTH_7aebe34b89554e87825206ce40aeb2f7/gnocchi.b4052cef-64ea-4faa-b887-71d6a277e880" 201 - "PUT https://[::1]:8080/v1/AUTH_7aebe34b89554e87825206ce40aeb2f7/gnocchi.b4052cef-64ea-4faa-b887-71d6a277e880" "tx924807ab14014d2db6ca2-0068e33b10" "proxy-server 94957" 0.0222 "-" 93622 0
Oct 05 23:44:16 np0005471485.novalocal proxy-server[94957]: ::1 ::1 06/Oct/2025/03/44/16 PUT /v1/AUTH_7aebe34b89554e87825206ce40aeb2f7/gnocchi.b4052cef-64ea-4faa-b887-71d6a277e880 HTTP/1.0 201 - python-swiftclient-4.8.0 gAAAAABo4zrG_lV4... - - - tx924807ab14014d2db6ca2-0068e33b10 - 0.0503 - - 1759722256.088786125 1759722256.139124155 0 7b03bd18aea8470cbeb747235c58da52
Oct 05 23:44:16 np0005471485.novalocal container-server[93621]: ::1 - - [06/Oct/2025:03:44:16 +0000] "HEAD /1/98897/AUTH_7aebe34b89554e87825206ce40aeb2f7/gnocchi.b4052cef-64ea-4faa-b887-71d6a277e880" 204 - "HEAD http://[::1]:8080/v1/AUTH_7aebe34b89554e87825206ce40aeb2f7/gnocchi.b4052cef-64ea-4faa-b887-71d6a277e880" "tx3ace04c1684e4c7d9522a-0068e33b10" "proxy-server 94957" 0.0017 "-" 93621 0
Oct 05 23:44:16 np0005471485.novalocal proxy-server[94957]: - - 06/Oct/2025/03/44/16 HEAD /v1/AUTH_7aebe34b89554e87825206ce40aeb2f7/gnocchi.b4052cef-64ea-4faa-b887-71d6a277e880 HTTP/1.0 204 - Swift - - - - tx3ace04c1684e4c7d9522a-0068e33b10 - 0.0058 CS - 1759722256.144627571 1759722256.150450468 0 -
Oct 05 23:44:16 np0005471485.novalocal container-server[93622]: ::1 - - [06/Oct/2025:03:44:16 +0000] "GET /1/98897/AUTH_7aebe34b89554e87825206ce40aeb2f7/gnocchi.b4052cef-64ea-4faa-b887-71d6a277e880" 200 2 "GET https://[::1]:8080/v1/AUTH_7aebe34b89554e87825206ce40aeb2f7/gnocchi.b4052cef-64ea-4faa-b887-71d6a277e880?format=json&states=listing" "tx3ace04c1684e4c7d9522a-0068e33b10" "proxy-server 94957" 0.0026 "-" 93622 0
Oct 05 23:44:16 np0005471485.novalocal proxy-server[94957]: ::1 ::1 06/Oct/2025/03/44/16 GET /v1/AUTH_7aebe34b89554e87825206ce40aeb2f7/gnocchi.b4052cef-64ea-4faa-b887-71d6a277e880%3Fformat%3Djson%26states%3Dlisting HTTP/1.0 200 - python-swiftclient-4.8.0 gAAAAABo4zrG_lV4... - 2 - tx3ace04c1684e4c7d9522a-0068e33b10 - 0.0174 - - 1759722256.143669844 1759722256.161113024 0 7b03bd18aea8470cbeb747235c58da52
Oct 05 23:44:16 np0005471485.novalocal object-server[93954]: ::1 - - [06/Oct/2025:03:44:16 +0000] "GET /3/68333/AUTH_7aebe34b89554e87825206ce40aeb2f7/gnocchi.b4052cef-64ea-4faa-b887-71d6a277e880/1759320000.0_mean_300.0_v3" 404 70 "GET https://[::1]:8080/v1/AUTH_7aebe34b89554e87825206ce40aeb2f7/gnocchi.b4052cef-64ea-4faa-b887-71d6a277e880/1759320000.0_mean_300.0_v3" "tx1b82f320ccda4f5aa71ae-0068e33b10" "proxy-server 94957" 0.0004 "-" 93954 0
Oct 05 23:44:16 np0005471485.novalocal object-server[93955]: ::1 - - [06/Oct/2025:03:44:16 +0000] "GET /1/68333/AUTH_7aebe34b89554e87825206ce40aeb2f7/gnocchi.b4052cef-64ea-4faa-b887-71d6a277e880/1759320000.0_mean_300.0_v3" 404 70 "GET https://[::1]:8080/v1/AUTH_7aebe34b89554e87825206ce40aeb2f7/gnocchi.b4052cef-64ea-4faa-b887-71d6a277e880/1759320000.0_mean_300.0_v3" "tx1b82f320ccda4f5aa71ae-0068e33b10" "proxy-server 94957" 0.0006 "-" 93955 0
Oct 05 23:44:16 np0005471485.novalocal object-server[93954]: ::1 - - [06/Oct/2025:03:44:16 +0000] "GET /2/68333/AUTH_7aebe34b89554e87825206ce40aeb2f7/gnocchi.b4052cef-64ea-4faa-b887-71d6a277e880/1759320000.0_mean_300.0_v3" 404 70 "GET https://[::1]:8080/v1/AUTH_7aebe34b89554e87825206ce40aeb2f7/gnocchi.b4052cef-64ea-4faa-b887-71d6a277e880/1759320000.0_mean_300.0_v3" "tx1b82f320ccda4f5aa71ae-0068e33b10" "proxy-server 94957" 0.0004 "-" 93954 0
Oct 05 23:44:16 np0005471485.novalocal proxy-server[94957]: ::1 ::1 06/Oct/2025/03/44/16 GET /v1/AUTH_7aebe34b89554e87825206ce40aeb2f7/gnocchi.b4052cef-64ea-4faa-b887-71d6a277e880/1759320000.0_mean_300.0_v3 HTTP/1.0 404 - python-swiftclient-4.8.0 gAAAAABo4zrG_lV4... - 70 - tx1b82f320ccda4f5aa71ae-0068e33b10 - 0.0155 - - 1759722256.166110039 1759722256.181659222 0 7b03bd18aea8470cbeb747235c58da52
Oct 05 23:44:16 np0005471485.novalocal container-server[93622]: ::1 - - [06/Oct/2025:03:44:16 +0000] "PUT /2/98897/AUTH_7aebe34b89554e87825206ce40aeb2f7/gnocchi.b4052cef-64ea-4faa-b887-71d6a277e880/1759320000.0_mean_300.0_v3" 201 - "PUT http://[::1]:8080/2/68333/AUTH_7aebe34b89554e87825206ce40aeb2f7/gnocchi.b4052cef-64ea-4faa-b887-71d6a277e880/1759320000.0_mean_300.0_v3" "txdaf46f1152d34f43a2f74-0068e33b10" "object-server 93954" 0.0009 "-" 93622 0
Oct 05 23:44:16 np0005471485.novalocal container-server[93621]: ::1 - - [06/Oct/2025:03:44:16 +0000] "PUT /1/98897/AUTH_7aebe34b89554e87825206ce40aeb2f7/gnocchi.b4052cef-64ea-4faa-b887-71d6a277e880/1759320000.0_mean_300.0_v3" 201 - "PUT http://[::1]:8080/1/68333/AUTH_7aebe34b89554e87825206ce40aeb2f7/gnocchi.b4052cef-64ea-4faa-b887-71d6a277e880/1759320000.0_mean_300.0_v3" "txdaf46f1152d34f43a2f74-0068e33b10" "object-server 93955" 0.0009 "-" 93621 0
Oct 05 23:44:16 np0005471485.novalocal object-server[93954]: ::1 - - [06/Oct/2025:03:44:16 +0000] "PUT /2/68333/AUTH_7aebe34b89554e87825206ce40aeb2f7/gnocchi.b4052cef-64ea-4faa-b887-71d6a277e880/1759320000.0_mean_300.0_v3" 201 - "PUT https://[::1]:8080/v1/AUTH_7aebe34b89554e87825206ce40aeb2f7/gnocchi.b4052cef-64ea-4faa-b887-71d6a277e880/1759320000.0_mean_300.0_v3" "txdaf46f1152d34f43a2f74-0068e33b10" "proxy-server 94957" 0.0219 "-" 93954 0
Oct 05 23:44:16 np0005471485.novalocal object-server[93955]: ::1 - - [06/Oct/2025:03:44:16 +0000] "PUT /1/68333/AUTH_7aebe34b89554e87825206ce40aeb2f7/gnocchi.b4052cef-64ea-4faa-b887-71d6a277e880/1759320000.0_mean_300.0_v3" 201 - "PUT https://[::1]:8080/v1/AUTH_7aebe34b89554e87825206ce40aeb2f7/gnocchi.b4052cef-64ea-4faa-b887-71d6a277e880/1759320000.0_mean_300.0_v3" "txdaf46f1152d34f43a2f74-0068e33b10" "proxy-server 94957" 0.0220 "-" 93955 0
Oct 05 23:44:16 np0005471485.novalocal container-server[93621]: ::1 - - [06/Oct/2025:03:44:16 +0000] "PUT /3/98897/AUTH_7aebe34b89554e87825206ce40aeb2f7/gnocchi.b4052cef-64ea-4faa-b887-71d6a277e880/1759320000.0_mean_300.0_v3" 201 - "PUT http://[::1]:8080/3/68333/AUTH_7aebe34b89554e87825206ce40aeb2f7/gnocchi.b4052cef-64ea-4faa-b887-71d6a277e880/1759320000.0_mean_300.0_v3" "txdaf46f1152d34f43a2f74-0068e33b10" "object-server 93954" 0.0007 "-" 93621 0
Oct 05 23:44:16 np0005471485.novalocal object-server[93954]: ::1 - - [06/Oct/2025:03:44:16 +0000] "PUT /3/68333/AUTH_7aebe34b89554e87825206ce40aeb2f7/gnocchi.b4052cef-64ea-4faa-b887-71d6a277e880/1759320000.0_mean_300.0_v3" 201 - "PUT https://[::1]:8080/v1/AUTH_7aebe34b89554e87825206ce40aeb2f7/gnocchi.b4052cef-64ea-4faa-b887-71d6a277e880/1759320000.0_mean_300.0_v3" "txdaf46f1152d34f43a2f74-0068e33b10" "proxy-server 94957" 0.0216 "-" 93954 0
Oct 05 23:44:16 np0005471485.novalocal proxy-server[94957]: ::1 ::1 06/Oct/2025/03/44/16 PUT /v1/AUTH_7aebe34b89554e87825206ce40aeb2f7/gnocchi.b4052cef-64ea-4faa-b887-71d6a277e880/1759320000.0_mean_300.0_v3 HTTP/1.0 201 - python-swiftclient-4.8.0 gAAAAABo4zrG_lV4... 16 - - txdaf46f1152d34f43a2f74-0068e33b10 - 0.0361 - - 1759722256.186467648 1759722256.222568750 0 7b03bd18aea8470cbeb747235c58da52
Oct 05 23:44:16 np0005471485.novalocal container-server[93621]: ::1 - - [06/Oct/2025:03:44:16 +0000] "PUT /3/98897/AUTH_7aebe34b89554e87825206ce40aeb2f7/gnocchi.b4052cef-64ea-4faa-b887-71d6a277e880/none_v3" 201 - "PUT http://[::1]:8080/3/95924/AUTH_7aebe34b89554e87825206ce40aeb2f7/gnocchi.b4052cef-64ea-4faa-b887-71d6a277e880/none_v3" "tx91f99f13690045e7ac915-0068e33b10" "object-server 93954" 0.0008 "-" 93621 0
Oct 05 23:44:16 np0005471485.novalocal object-server[93954]: ::1 - - [06/Oct/2025:03:44:16 +0000] "PUT /3/95924/AUTH_7aebe34b89554e87825206ce40aeb2f7/gnocchi.b4052cef-64ea-4faa-b887-71d6a277e880/none_v3" 201 - "PUT https://[::1]:8080/v1/AUTH_7aebe34b89554e87825206ce40aeb2f7/gnocchi.b4052cef-64ea-4faa-b887-71d6a277e880/none_v3" "tx91f99f13690045e7ac915-0068e33b10" "proxy-server 94957" 0.0131 "-" 93954 0
Oct 05 23:44:16 np0005471485.novalocal container-server[93622]: ::1 - - [06/Oct/2025:03:44:16 +0000] "PUT /2/98897/AUTH_7aebe34b89554e87825206ce40aeb2f7/gnocchi.b4052cef-64ea-4faa-b887-71d6a277e880/none_v3" 201 - "PUT http://[::1]:8080/2/95924/AUTH_7aebe34b89554e87825206ce40aeb2f7/gnocchi.b4052cef-64ea-4faa-b887-71d6a277e880/none_v3" "tx91f99f13690045e7ac915-0068e33b10" "object-server 93955" 0.0008 "-" 93622 0
Oct 05 23:44:16 np0005471485.novalocal object-server[93955]: ::1 - - [06/Oct/2025:03:44:16 +0000] "PUT /2/95924/AUTH_7aebe34b89554e87825206ce40aeb2f7/gnocchi.b4052cef-64ea-4faa-b887-71d6a277e880/none_v3" 201 - "PUT https://[::1]:8080/v1/AUTH_7aebe34b89554e87825206ce40aeb2f7/gnocchi.b4052cef-64ea-4faa-b887-71d6a277e880/none_v3" "tx91f99f13690045e7ac915-0068e33b10" "proxy-server 94957" 0.0147 "-" 93955 0
Oct 05 23:44:16 np0005471485.novalocal container-server[93622]: ::1 - - [06/Oct/2025:03:44:16 +0000] "PUT /1/98897/AUTH_7aebe34b89554e87825206ce40aeb2f7/gnocchi.b4052cef-64ea-4faa-b887-71d6a277e880/none_v3" 201 - "PUT http://[::1]:8080/1/95924/AUTH_7aebe34b89554e87825206ce40aeb2f7/gnocchi.b4052cef-64ea-4faa-b887-71d6a277e880/none_v3" "tx91f99f13690045e7ac915-0068e33b10" "object-server 93955" 0.0006 "-" 93622 0
Oct 05 23:44:16 np0005471485.novalocal object-server[93955]: ::1 - - [06/Oct/2025:03:44:16 +0000] "PUT /1/95924/AUTH_7aebe34b89554e87825206ce40aeb2f7/gnocchi.b4052cef-64ea-4faa-b887-71d6a277e880/none_v3" 201 - "PUT https://[::1]:8080/v1/AUTH_7aebe34b89554e87825206ce40aeb2f7/gnocchi.b4052cef-64ea-4faa-b887-71d6a277e880/none_v3" "tx91f99f13690045e7ac915-0068e33b10" "proxy-server 94957" 0.0185 "-" 93955 0
Oct 05 23:44:16 np0005471485.novalocal proxy-server[94957]: ::1 ::1 06/Oct/2025/03/44/16 PUT /v1/AUTH_7aebe34b89554e87825206ce40aeb2f7/gnocchi.b4052cef-64ea-4faa-b887-71d6a277e880/none_v3 HTTP/1.0 201 - python-swiftclient-4.8.0 gAAAAABo4zrG_lV4... 22 - - tx91f99f13690045e7ac915-0068e33b10 - 0.0277 - - 1759722256.226883888 1759722256.254549742 0 7b03bd18aea8470cbeb747235c58da52
Oct 05 23:44:16 np0005471485.novalocal object-server[93955]: ::1 - - [06/Oct/2025:03:44:16 +0000] "GET /2/85956/AUTH_7aebe34b89554e87825206ce40aeb2f7/gnocchi.9ff2446e-71cb-45d6-a675-9511dd1e0987/none_v3" 200 45 "GET https://[::1]:8080/v1/AUTH_7aebe34b89554e87825206ce40aeb2f7/gnocchi.9ff2446e-71cb-45d6-a675-9511dd1e0987/none_v3" "tx1de1a957c3bb468fa00d2-0068e33b10" "proxy-server 94957" 0.0010 "-" 93955 0
Oct 05 23:44:16 np0005471485.novalocal proxy-server[94957]: ::1 ::1 06/Oct/2025/03/44/16 GET /v1/AUTH_7aebe34b89554e87825206ce40aeb2f7/gnocchi.9ff2446e-71cb-45d6-a675-9511dd1e0987/none_v3 HTTP/1.0 200 - python-swiftclient-4.8.0 gAAAAABo4zrG_lV4... - 45 - tx1de1a957c3bb468fa00d2-0068e33b10 - 0.0091 - - 1759722256.274849653 1759722256.283952951 0 7b03bd18aea8470cbeb747235c58da52
Oct 05 23:44:16 np0005471485.novalocal container-server[93621]: ::1 - - [06/Oct/2025:03:44:16 +0000] "GET /2/163741/AUTH_7aebe34b89554e87825206ce40aeb2f7/gnocchi.9ff2446e-71cb-45d6-a675-9511dd1e0987" 200 357 "GET https://[::1]:8080/v1/AUTH_7aebe34b89554e87825206ce40aeb2f7/gnocchi.9ff2446e-71cb-45d6-a675-9511dd1e0987?format=json&states=listing" "tx629408b258cd44a38aecb-0068e33b10" "proxy-server 94957" 0.0098 "-" 93621 0
Oct 05 23:44:16 np0005471485.novalocal proxy-server[94957]: ::1 ::1 06/Oct/2025/03/44/16 GET /v1/AUTH_7aebe34b89554e87825206ce40aeb2f7/gnocchi.9ff2446e-71cb-45d6-a675-9511dd1e0987%3Fformat%3Djson%26states%3Dlisting HTTP/1.0 200 - python-swiftclient-4.8.0 gAAAAABo4zrG_lV4... - 357 - tx629408b258cd44a38aecb-0068e33b10 - 0.0170 - - 1759722256.288195848 1759722256.305200338 0 7b03bd18aea8470cbeb747235c58da52
Oct 05 23:44:16 np0005471485.novalocal container-server[93622]: ::1 - - [06/Oct/2025:03:44:16 +0000] "GET /3/163741/AUTH_7aebe34b89554e87825206ce40aeb2f7/gnocchi.9ff2446e-71cb-45d6-a675-9511dd1e0987" 200 2 "GET https://[::1]:8080/v1/AUTH_7aebe34b89554e87825206ce40aeb2f7/gnocchi.9ff2446e-71cb-45d6-a675-9511dd1e0987?format=json&marker=none_v3&states=listing" "txaf5fc6cf099d49d4a0090-0068e33b10" "proxy-server 94957" 0.0076 "-" 93622 0
Oct 05 23:44:16 np0005471485.novalocal proxy-server[94957]: ::1 ::1 06/Oct/2025/03/44/16 GET /v1/AUTH_7aebe34b89554e87825206ce40aeb2f7/gnocchi.9ff2446e-71cb-45d6-a675-9511dd1e0987%3Fformat%3Djson%26marker%3Dnone_v3%26states%3Dlisting HTTP/1.0 200 - python-swiftclient-4.8.0 gAAAAABo4zrG_lV4... - 2 - txaf5fc6cf099d49d4a0090-0068e33b10 - 0.0146 - - 1759722256.308733702 1759722256.323352337 0 7b03bd18aea8470cbeb747235c58da52
Oct 05 23:44:16 np0005471485.novalocal object-server[93955]: ::1 - - [06/Oct/2025:03:44:16 +0000] "GET /2/89723/AUTH_7aebe34b89554e87825206ce40aeb2f7/gnocchi.9ff2446e-71cb-45d6-a675-9511dd1e0987/1759320000.0_mean_300.0_v3" 200 16 "GET https://[::1]:8080/v1/AUTH_7aebe34b89554e87825206ce40aeb2f7/gnocchi.9ff2446e-71cb-45d6-a675-9511dd1e0987/1759320000.0_mean_300.0_v3" "tx7d2fa55e37e4493d84f4f-0068e33b10" "proxy-server 94957" 0.0015 "-" 93955 0
Oct 05 23:44:16 np0005471485.novalocal proxy-server[94957]: ::1 ::1 06/Oct/2025/03/44/16 GET /v1/AUTH_7aebe34b89554e87825206ce40aeb2f7/gnocchi.9ff2446e-71cb-45d6-a675-9511dd1e0987/1759320000.0_mean_300.0_v3 HTTP/1.0 200 - python-swiftclient-4.8.0 gAAAAABo4zrG_lV4... - 16 - tx7d2fa55e37e4493d84f4f-0068e33b10 - 0.0090 - - 1759722256.327925205 1759722256.336966515 0 7b03bd18aea8470cbeb747235c58da52
Oct 05 23:44:16 np0005471485.novalocal container-server[93622]: ::1 - - [06/Oct/2025:03:44:16 +0000] "PUT /3/163741/AUTH_7aebe34b89554e87825206ce40aeb2f7/gnocchi.9ff2446e-71cb-45d6-a675-9511dd1e0987/1759320000.0_mean_300.0_v3" 201 - "PUT http://[::1]:8080/1/89723/AUTH_7aebe34b89554e87825206ce40aeb2f7/gnocchi.9ff2446e-71cb-45d6-a675-9511dd1e0987/1759320000.0_mean_300.0_v3" "txa90c4065e6564e10aff5c-0068e33b10" "object-server 93954" 0.0044 "-" 93622 0
Oct 05 23:44:16 np0005471485.novalocal object-server[93954]: ::1 - - [06/Oct/2025:03:44:16 +0000] "PUT /1/89723/AUTH_7aebe34b89554e87825206ce40aeb2f7/gnocchi.9ff2446e-71cb-45d6-a675-9511dd1e0987/1759320000.0_mean_300.0_v3" 201 - "PUT https://[::1]:8080/v1/AUTH_7aebe34b89554e87825206ce40aeb2f7/gnocchi.9ff2446e-71cb-45d6-a675-9511dd1e0987/1759320000.0_mean_300.0_v3" "txa90c4065e6564e10aff5c-0068e33b10" "proxy-server 94957" 0.0241 "-" 93954 0
Oct 05 23:44:16 np0005471485.novalocal container-server[93622]: ::1 - - [06/Oct/2025:03:44:16 +0000] "PUT /2/163741/AUTH_7aebe34b89554e87825206ce40aeb2f7/gnocchi.9ff2446e-71cb-45d6-a675-9511dd1e0987/1759320000.0_mean_300.0_v3" 201 - "PUT http://[::1]:8080/2/89723/AUTH_7aebe34b89554e87825206ce40aeb2f7/gnocchi.9ff2446e-71cb-45d6-a675-9511dd1e0987/1759320000.0_mean_300.0_v3" "txa90c4065e6564e10aff5c-0068e33b10" "object-server 93954" 0.0005 "-" 93622 0
Oct 05 23:44:16 np0005471485.novalocal object-server[93954]: ::1 - - [06/Oct/2025:03:44:16 +0000] "PUT /2/89723/AUTH_7aebe34b89554e87825206ce40aeb2f7/gnocchi.9ff2446e-71cb-45d6-a675-9511dd1e0987/1759320000.0_mean_300.0_v3" 201 - "PUT https://[::1]:8080/v1/AUTH_7aebe34b89554e87825206ce40aeb2f7/gnocchi.9ff2446e-71cb-45d6-a675-9511dd1e0987/1759320000.0_mean_300.0_v3" "txa90c4065e6564e10aff5c-0068e33b10" "proxy-server 94957" 0.0239 "-" 93954 0
Oct 05 23:44:16 np0005471485.novalocal container-server[93622]: ::1 - - [06/Oct/2025:03:44:16 +0000] "PUT /1/163741/AUTH_7aebe34b89554e87825206ce40aeb2f7/gnocchi.9ff2446e-71cb-45d6-a675-9511dd1e0987/1759320000.0_mean_300.0_v3" 201 - "PUT http://[::1]:8080/3/89723/AUTH_7aebe34b89554e87825206ce40aeb2f7/gnocchi.9ff2446e-71cb-45d6-a675-9511dd1e0987/1759320000.0_mean_300.0_v3" "txa90c4065e6564e10aff5c-0068e33b10" "object-server 93955" 0.0004 "-" 93622 0
Oct 05 23:44:16 np0005471485.novalocal object-server[93955]: ::1 - - [06/Oct/2025:03:44:16 +0000] "PUT /3/89723/AUTH_7aebe34b89554e87825206ce40aeb2f7/gnocchi.9ff2446e-71cb-45d6-a675-9511dd1e0987/1759320000.0_mean_300.0_v3" 201 - "PUT https://[::1]:8080/v1/AUTH_7aebe34b89554e87825206ce40aeb2f7/gnocchi.9ff2446e-71cb-45d6-a675-9511dd1e0987/1759320000.0_mean_300.0_v3" "txa90c4065e6564e10aff5c-0068e33b10" "proxy-server 94957" 0.0212 "-" 93955 0
Oct 05 23:44:16 np0005471485.novalocal proxy-server[94957]: ::1 ::1 06/Oct/2025/03/44/16 PUT /v1/AUTH_7aebe34b89554e87825206ce40aeb2f7/gnocchi.9ff2446e-71cb-45d6-a675-9511dd1e0987/1759320000.0_mean_300.0_v3 HTTP/1.0 201 - python-swiftclient-4.8.0 gAAAAABo4zrG_lV4... 16 - - txa90c4065e6564e10aff5c-0068e33b10 - 0.0355 - - 1759722256.340626478 1759722256.376101971 0 7b03bd18aea8470cbeb747235c58da52
Oct 05 23:44:16 np0005471485.novalocal container-server[93621]: ::1 - - [06/Oct/2025:03:44:16 +0000] "PUT /2/163741/AUTH_7aebe34b89554e87825206ce40aeb2f7/gnocchi.9ff2446e-71cb-45d6-a675-9511dd1e0987/none_v3" 201 - "PUT http://[::1]:8080/1/85956/AUTH_7aebe34b89554e87825206ce40aeb2f7/gnocchi.9ff2446e-71cb-45d6-a675-9511dd1e0987/none_v3" "tx64090ca0bbfc441ca7e14-0068e33b10" "object-server 93955" 0.0008 "-" 93621 0
Oct 05 23:44:16 np0005471485.novalocal object-server[93955]: ::1 - - [06/Oct/2025:03:44:16 +0000] "PUT /1/85956/AUTH_7aebe34b89554e87825206ce40aeb2f7/gnocchi.9ff2446e-71cb-45d6-a675-9511dd1e0987/none_v3" 201 - "PUT https://[::1]:8080/v1/AUTH_7aebe34b89554e87825206ce40aeb2f7/gnocchi.9ff2446e-71cb-45d6-a675-9511dd1e0987/none_v3" "tx64090ca0bbfc441ca7e14-0068e33b10" "proxy-server 94957" 0.0176 "-" 93955 0
Oct 05 23:44:16 np0005471485.novalocal container-server[93621]: ::1 - - [06/Oct/2025:03:44:16 +0000] "PUT /1/163741/AUTH_7aebe34b89554e87825206ce40aeb2f7/gnocchi.9ff2446e-71cb-45d6-a675-9511dd1e0987/none_v3" 201 - "PUT http://[::1]:8080/3/85956/AUTH_7aebe34b89554e87825206ce40aeb2f7/gnocchi.9ff2446e-71cb-45d6-a675-9511dd1e0987/none_v3" "tx64090ca0bbfc441ca7e14-0068e33b10" "object-server 93955" 0.0006 "-" 93621 0
Oct 05 23:44:16 np0005471485.novalocal object-server[93955]: ::1 - - [06/Oct/2025:03:44:16 +0000] "PUT /3/85956/AUTH_7aebe34b89554e87825206ce40aeb2f7/gnocchi.9ff2446e-71cb-45d6-a675-9511dd1e0987/none_v3" 201 - "PUT https://[::1]:8080/v1/AUTH_7aebe34b89554e87825206ce40aeb2f7/gnocchi.9ff2446e-71cb-45d6-a675-9511dd1e0987/none_v3" "tx64090ca0bbfc441ca7e14-0068e33b10" "proxy-server 94957" 0.0145 "-" 93955 0
Oct 05 23:44:16 np0005471485.novalocal container-server[93621]: ::1 - - [06/Oct/2025:03:44:16 +0000] "PUT /3/163741/AUTH_7aebe34b89554e87825206ce40aeb2f7/gnocchi.9ff2446e-71cb-45d6-a675-9511dd1e0987/none_v3" 201 - "PUT http://[::1]:8080/2/85956/AUTH_7aebe34b89554e87825206ce40aeb2f7/gnocchi.9ff2446e-71cb-45d6-a675-9511dd1e0987/none_v3" "tx64090ca0bbfc441ca7e14-0068e33b10" "object-server 93955" 0.0005 "-" 93621 0
Oct 05 23:44:16 np0005471485.novalocal object-server[93955]: ::1 - - [06/Oct/2025:03:44:16 +0000] "PUT /2/85956/AUTH_7aebe34b89554e87825206ce40aeb2f7/gnocchi.9ff2446e-71cb-45d6-a675-9511dd1e0987/none_v3" 201 - "PUT https://[::1]:8080/v1/AUTH_7aebe34b89554e87825206ce40aeb2f7/gnocchi.9ff2446e-71cb-45d6-a675-9511dd1e0987/none_v3" "tx64090ca0bbfc441ca7e14-0068e33b10" "proxy-server 94957" 0.0188 "-" 93955 0
Oct 05 23:44:16 np0005471485.novalocal proxy-server[94957]: ::1 ::1 06/Oct/2025/03/44/16 PUT /v1/AUTH_7aebe34b89554e87825206ce40aeb2f7/gnocchi.9ff2446e-71cb-45d6-a675-9511dd1e0987/none_v3 HTTP/1.0 201 - python-swiftclient-4.8.0 gAAAAABo4zrG_lV4... 52 - - tx64090ca0bbfc441ca7e14-0068e33b10 - 0.0296 - - 1759722256.379979372 1759722256.409574986 0 7b03bd18aea8470cbeb747235c58da52
Oct 05 23:44:16 np0005471485.novalocal container-replicator[93685]: Beginning replication run
Oct 05 23:44:16 np0005471485.novalocal object-server[93954]: ::1 - - [06/Oct/2025:03:44:16 +0000] "GET /1/204614/AUTH_7aebe34b89554e87825206ce40aeb2f7/gnocchi.5189e135-58c3-4242-922c-200678906b49/none_v3" 200 52 "GET https://[::1]:8080/v1/AUTH_7aebe34b89554e87825206ce40aeb2f7/gnocchi.5189e135-58c3-4242-922c-200678906b49/none_v3" "tx27694b15451349efbe86c-0068e33b10" "proxy-server 94957" 0.0011 "-" 93954 0
Oct 05 23:44:16 np0005471485.novalocal proxy-server[94957]: ::1 ::1 06/Oct/2025/03/44/16 GET /v1/AUTH_7aebe34b89554e87825206ce40aeb2f7/gnocchi.5189e135-58c3-4242-922c-200678906b49/none_v3 HTTP/1.0 200 - python-swiftclient-4.8.0 gAAAAABo4zrG_lV4... - 52 - tx27694b15451349efbe86c-0068e33b10 - 0.0086 - - 1759722256.503021717 1759722256.511605501 0 7b03bd18aea8470cbeb747235c58da52
Oct 05 23:44:16 np0005471485.novalocal container-server[93622]: ::1 - - [06/Oct/2025:03:44:16 +0000] "GET /3/159941/AUTH_7aebe34b89554e87825206ce40aeb2f7/gnocchi.5189e135-58c3-4242-922c-200678906b49" 200 357 "GET https://[::1]:8080/v1/AUTH_7aebe34b89554e87825206ce40aeb2f7/gnocchi.5189e135-58c3-4242-922c-200678906b49?format=json&states=listing" "tx1e696fe46ba54b43b0996-0068e33b10" "proxy-server 94957" 0.0096 "-" 93622 0
Oct 05 23:44:16 np0005471485.novalocal proxy-server[94957]: ::1 ::1 06/Oct/2025/03/44/16 GET /v1/AUTH_7aebe34b89554e87825206ce40aeb2f7/gnocchi.5189e135-58c3-4242-922c-200678906b49%3Fformat%3Djson%26states%3Dlisting HTTP/1.0 200 - python-swiftclient-4.8.0 gAAAAABo4zrG_lV4... - 357 - tx1e696fe46ba54b43b0996-0068e33b10 - 0.0223 - - 1759722256.515196085 1759722256.537454844 0 7b03bd18aea8470cbeb747235c58da52
Oct 05 23:44:16 np0005471485.novalocal container-server[93622]: ::1 - - [06/Oct/2025:03:44:16 +0000] "GET /2/159941/AUTH_7aebe34b89554e87825206ce40aeb2f7/gnocchi.5189e135-58c3-4242-922c-200678906b49" 200 2 "GET https://[::1]:8080/v1/AUTH_7aebe34b89554e87825206ce40aeb2f7/gnocchi.5189e135-58c3-4242-922c-200678906b49?format=json&marker=none_v3&states=listing" "txbd9538d0a0894c529c924-0068e33b10" "proxy-server 94957" 0.0081 "-" 93622 0
Oct 05 23:44:16 np0005471485.novalocal proxy-server[94957]: ::1 ::1 06/Oct/2025/03/44/16 GET /v1/AUTH_7aebe34b89554e87825206ce40aeb2f7/gnocchi.5189e135-58c3-4242-922c-200678906b49%3Fformat%3Djson%26marker%3Dnone_v3%26states%3Dlisting HTTP/1.0 200 - python-swiftclient-4.8.0 gAAAAABo4zrG_lV4... - 2 - txbd9538d0a0894c529c924-0068e33b10 - 0.0151 - - 1759722256.540592670 1759722256.555721760 0 7b03bd18aea8470cbeb747235c58da52
Oct 05 23:44:16 np0005471485.novalocal object-server[93955]: ::1 - - [06/Oct/2025:03:44:16 +0000] "GET /1/80232/AUTH_7aebe34b89554e87825206ce40aeb2f7/gnocchi.5189e135-58c3-4242-922c-200678906b49/1759320000.0_mean_300.0_v3" 200 16 "GET https://[::1]:8080/v1/AUTH_7aebe34b89554e87825206ce40aeb2f7/gnocchi.5189e135-58c3-4242-922c-200678906b49/1759320000.0_mean_300.0_v3" "tx0cb683ba97d24f1ab4985-0068e33b10" "proxy-server 94957" 0.0007 "-" 93955 0
Oct 05 23:44:16 np0005471485.novalocal proxy-server[94957]: ::1 ::1 06/Oct/2025/03/44/16 GET /v1/AUTH_7aebe34b89554e87825206ce40aeb2f7/gnocchi.5189e135-58c3-4242-922c-200678906b49/1759320000.0_mean_300.0_v3 HTTP/1.0 200 - python-swiftclient-4.8.0 gAAAAABo4zrG_lV4... - 16 - tx0cb683ba97d24f1ab4985-0068e33b10 - 0.0072 - - 1759722256.559752941 1759722256.566997528 0 7b03bd18aea8470cbeb747235c58da52
Oct 05 23:44:16 np0005471485.novalocal container-server[93621]: ::1 - - [06/Oct/2025:03:44:16 +0000] "PUT /2/159941/AUTH_7aebe34b89554e87825206ce40aeb2f7/gnocchi.5189e135-58c3-4242-922c-200678906b49/1759320000.0_mean_300.0_v3" 201 - "PUT http://[::1]:8080/2/80232/AUTH_7aebe34b89554e87825206ce40aeb2f7/gnocchi.5189e135-58c3-4242-922c-200678906b49/1759320000.0_mean_300.0_v3" "txa6f6f536877e4f0dbe5b9-0068e33b10" "object-server 93955" 0.0008 "-" 93621 0
Oct 05 23:44:16 np0005471485.novalocal object-server[93955]: ::1 - - [06/Oct/2025:03:44:16 +0000] "PUT /2/80232/AUTH_7aebe34b89554e87825206ce40aeb2f7/gnocchi.5189e135-58c3-4242-922c-200678906b49/1759320000.0_mean_300.0_v3" 201 - "PUT https://[::1]:8080/v1/AUTH_7aebe34b89554e87825206ce40aeb2f7/gnocchi.5189e135-58c3-4242-922c-200678906b49/1759320000.0_mean_300.0_v3" "txa6f6f536877e4f0dbe5b9-0068e33b10" "proxy-server 94957" 0.0135 "-" 93955 0
Oct 05 23:44:16 np0005471485.novalocal container-server[93621]: ::1 - - [06/Oct/2025:03:44:16 +0000] "PUT /1/159941/AUTH_7aebe34b89554e87825206ce40aeb2f7/gnocchi.5189e135-58c3-4242-922c-200678906b49/1759320000.0_mean_300.0_v3" 201 - "PUT http://[::1]:8080/1/80232/AUTH_7aebe34b89554e87825206ce40aeb2f7/gnocchi.5189e135-58c3-4242-922c-200678906b49/1759320000.0_mean_300.0_v3" "txa6f6f536877e4f0dbe5b9-0068e33b10" "object-server 93954" 0.0006 "-" 93621 0
Oct 05 23:44:16 np0005471485.novalocal container-server[93622]: ::1 - - [06/Oct/2025:03:44:16 +0000] "PUT /3/159941/AUTH_7aebe34b89554e87825206ce40aeb2f7/gnocchi.5189e135-58c3-4242-922c-200678906b49/1759320000.0_mean_300.0_v3" 201 - "PUT http://[::1]:8080/3/80232/AUTH_7aebe34b89554e87825206ce40aeb2f7/gnocchi.5189e135-58c3-4242-922c-200678906b49/1759320000.0_mean_300.0_v3" "txa6f6f536877e4f0dbe5b9-0068e33b10" "object-server 93955" 0.0008 "-" 93622 0
Oct 05 23:44:16 np0005471485.novalocal object-server[93954]: ::1 - - [06/Oct/2025:03:44:16 +0000] "PUT /1/80232/AUTH_7aebe34b89554e87825206ce40aeb2f7/gnocchi.5189e135-58c3-4242-922c-200678906b49/1759320000.0_mean_300.0_v3" 201 - "PUT https://[::1]:8080/v1/AUTH_7aebe34b89554e87825206ce40aeb2f7/gnocchi.5189e135-58c3-4242-922c-200678906b49/1759320000.0_mean_300.0_v3" "txa6f6f536877e4f0dbe5b9-0068e33b10" "proxy-server 94957" 0.0153 "-" 93954 0
Oct 05 23:44:16 np0005471485.novalocal object-server[93955]: ::1 - - [06/Oct/2025:03:44:16 +0000] "PUT /3/80232/AUTH_7aebe34b89554e87825206ce40aeb2f7/gnocchi.5189e135-58c3-4242-922c-200678906b49/1759320000.0_mean_300.0_v3" 201 - "PUT https://[::1]:8080/v1/AUTH_7aebe34b89554e87825206ce40aeb2f7/gnocchi.5189e135-58c3-4242-922c-200678906b49/1759320000.0_mean_300.0_v3" "txa6f6f536877e4f0dbe5b9-0068e33b10" "proxy-server 94957" 0.0134 "-" 93955 0
Oct 05 23:44:16 np0005471485.novalocal proxy-server[94957]: ::1 ::1 06/Oct/2025/03/44/16 PUT /v1/AUTH_7aebe34b89554e87825206ce40aeb2f7/gnocchi.5189e135-58c3-4242-922c-200678906b49/1759320000.0_mean_300.0_v3 HTTP/1.0 201 - python-swiftclient-4.8.0 gAAAAABo4zrG_lV4... 16 - - txa6f6f536877e4f0dbe5b9-0068e33b10 - 0.0265 - - 1759722256.569975376 1759722256.596430540 0 7b03bd18aea8470cbeb747235c58da52
Oct 05 23:44:16 np0005471485.novalocal container-server[93621]: ::1 - - [06/Oct/2025:03:44:16 +0000] "PUT /3/159941/AUTH_7aebe34b89554e87825206ce40aeb2f7/gnocchi.5189e135-58c3-4242-922c-200678906b49/none_v3" 201 - "PUT http://[::1]:8080/1/204614/AUTH_7aebe34b89554e87825206ce40aeb2f7/gnocchi.5189e135-58c3-4242-922c-200678906b49/none_v3" "txe1732ea7722e4e668bc18-0068e33b10" "object-server 93954" 0.0007 "-" 93621 0
Oct 05 23:44:16 np0005471485.novalocal object-server[93954]: ::1 - - [06/Oct/2025:03:44:16 +0000] "PUT /1/204614/AUTH_7aebe34b89554e87825206ce40aeb2f7/gnocchi.5189e135-58c3-4242-922c-200678906b49/none_v3" 201 - "PUT https://[::1]:8080/v1/AUTH_7aebe34b89554e87825206ce40aeb2f7/gnocchi.5189e135-58c3-4242-922c-200678906b49/none_v3" "txe1732ea7722e4e668bc18-0068e33b10" "proxy-server 94957" 0.0129 "-" 93954 0
Oct 05 23:44:16 np0005471485.novalocal container-server[93621]: ::1 - - [06/Oct/2025:03:44:16 +0000] "PUT /1/159941/AUTH_7aebe34b89554e87825206ce40aeb2f7/gnocchi.5189e135-58c3-4242-922c-200678906b49/none_v3" 201 - "PUT http://[::1]:8080/3/204614/AUTH_7aebe34b89554e87825206ce40aeb2f7/gnocchi.5189e135-58c3-4242-922c-200678906b49/none_v3" "txe1732ea7722e4e668bc18-0068e33b10" "object-server 93955" 0.0006 "-" 93621 0
Oct 05 23:44:16 np0005471485.novalocal container-server[93622]: ::1 - - [06/Oct/2025:03:44:16 +0000] "PUT /2/159941/AUTH_7aebe34b89554e87825206ce40aeb2f7/gnocchi.5189e135-58c3-4242-922c-200678906b49/none_v3" 201 - "PUT http://[::1]:8080/2/204614/AUTH_7aebe34b89554e87825206ce40aeb2f7/gnocchi.5189e135-58c3-4242-922c-200678906b49/none_v3" "txe1732ea7722e4e668bc18-0068e33b10" "object-server 93955" 0.0009 "-" 93622 0
Oct 05 23:44:16 np0005471485.novalocal object-server[93955]: ::1 - - [06/Oct/2025:03:44:16 +0000] "PUT /3/204614/AUTH_7aebe34b89554e87825206ce40aeb2f7/gnocchi.5189e135-58c3-4242-922c-200678906b49/none_v3" 201 - "PUT https://[::1]:8080/v1/AUTH_7aebe34b89554e87825206ce40aeb2f7/gnocchi.5189e135-58c3-4242-922c-200678906b49/none_v3" "txe1732ea7722e4e668bc18-0068e33b10" "proxy-server 94957" 0.0154 "-" 93955 0
Oct 05 23:44:16 np0005471485.novalocal object-server[93955]: ::1 - - [06/Oct/2025:03:44:16 +0000] "PUT /2/204614/AUTH_7aebe34b89554e87825206ce40aeb2f7/gnocchi.5189e135-58c3-4242-922c-200678906b49/none_v3" 201 - "PUT https://[::1]:8080/v1/AUTH_7aebe34b89554e87825206ce40aeb2f7/gnocchi.5189e135-58c3-4242-922c-200678906b49/none_v3" "txe1732ea7722e4e668bc18-0068e33b10" "proxy-server 94957" 0.0145 "-" 93955 0
Oct 05 23:44:16 np0005471485.novalocal proxy-server[94957]: ::1 ::1 06/Oct/2025/03/44/16 PUT /v1/AUTH_7aebe34b89554e87825206ce40aeb2f7/gnocchi.5189e135-58c3-4242-922c-200678906b49/none_v3 HTTP/1.0 201 - python-swiftclient-4.8.0 gAAAAABo4zrG_lV4... 60 - - txe1732ea7722e4e668bc18-0068e33b10 - 0.0265 - - 1759722256.600310087 1759722256.626774311 0 7b03bd18aea8470cbeb747235c58da52
Oct 05 23:44:16 np0005471485.novalocal object-server[93954]: ::1 - - [06/Oct/2025:03:44:16 +0000] "GET /2/47604/AUTH_7aebe34b89554e87825206ce40aeb2f7/gnocchi.bb9b7488-c733-4623-994b-03a1e587fe4b/none_v3" 200 51 "GET https://[::1]:8080/v1/AUTH_7aebe34b89554e87825206ce40aeb2f7/gnocchi.bb9b7488-c733-4623-994b-03a1e587fe4b/none_v3" "tx043c44f9082e493d9c59b-0068e33b10" "proxy-server 94957" 0.0008 "-" 93954 0
Oct 05 23:44:16 np0005471485.novalocal proxy-server[94957]: ::1 ::1 06/Oct/2025/03/44/16 GET /v1/AUTH_7aebe34b89554e87825206ce40aeb2f7/gnocchi.bb9b7488-c733-4623-994b-03a1e587fe4b/none_v3 HTTP/1.0 200 - python-swiftclient-4.8.0 gAAAAABo4zrG_lV4... - 51 - tx043c44f9082e493d9c59b-0068e33b10 - 0.0085 - - 1759722256.639344692 1759722256.647886992 0 7b03bd18aea8470cbeb747235c58da52
