Oct 05 23:43:56 np0005471485.novalocal container-server[93621]: ::1 - - [06/Oct/2025:03:43:56 +0000] "PUT /3/226546/AUTH_7aebe34b89554e87825206ce40aeb2f7/gnocchi.3be9cf1d-1735-4511-a63c-9d29f916df98" 201 - "PUT https://[::1]:8080/v1/AUTH_7aebe34b89554e87825206ce40aeb2f7/gnocchi.3be9cf1d-1735-4511-a63c-9d29f916df98" "tx41f92a97992440d297e3b-0068e33afc" "proxy-server 94957" 0.0397 "-" 93621 0
Oct 05 23:43:56 np0005471485.novalocal proxy-server[94957]: ::1 ::1 06/Oct/2025/03/43/56 PUT /v1/AUTH_7aebe34b89554e87825206ce40aeb2f7/gnocchi.3be9cf1d-1735-4511-a63c-9d29f916df98 HTTP/1.0 201 - python-swiftclient-4.8.0 gAAAAABo4zrG_lV4... - - - tx41f92a97992440d297e3b-0068e33afc - 0.0531 - - 1759722236.125794411 1759722236.178912401 0 7b03bd18aea8470cbeb747235c58da52
Oct 05 23:43:56 np0005471485.novalocal container-server[93621]: ::1 - - [06/Oct/2025:03:43:56 +0000] "HEAD /3/223517/AUTH_7aebe34b89554e87825206ce40aeb2f7/gnocchi.eb2a3814-78f8-438d-9414-98081d9b4918" 404 - "HEAD http://[::1]:8080/v1/AUTH_7aebe34b89554e87825206ce40aeb2f7/gnocchi.eb2a3814-78f8-438d-9414-98081d9b4918" "tx5a92b8b9c2a44b5b83e4a-0068e33afc" "proxy-server 94957" 0.0005 "-" 93621 0
Oct 05 23:43:56 np0005471485.novalocal container-server[93621]: ::1 - - [06/Oct/2025:03:43:56 +0000] "HEAD /1/223517/AUTH_7aebe34b89554e87825206ce40aeb2f7/gnocchi.eb2a3814-78f8-438d-9414-98081d9b4918" 404 - "HEAD http://[::1]:8080/v1/AUTH_7aebe34b89554e87825206ce40aeb2f7/gnocchi.eb2a3814-78f8-438d-9414-98081d9b4918" "tx5a92b8b9c2a44b5b83e4a-0068e33afc" "proxy-server 94957" 0.0005 "-" 93621 0
Oct 05 23:43:56 np0005471485.novalocal container-server[93622]: ::1 - - [06/Oct/2025:03:43:56 +0000] "HEAD /2/223517/AUTH_7aebe34b89554e87825206ce40aeb2f7/gnocchi.eb2a3814-78f8-438d-9414-98081d9b4918" 404 - "HEAD http://[::1]:8080/v1/AUTH_7aebe34b89554e87825206ce40aeb2f7/gnocchi.eb2a3814-78f8-438d-9414-98081d9b4918" "tx5a92b8b9c2a44b5b83e4a-0068e33afc" "proxy-server 94957" 0.0004 "-" 93622 0
Oct 05 23:43:56 np0005471485.novalocal proxy-server[94957]: - - 06/Oct/2025/03/43/56 HEAD /v1/AUTH_7aebe34b89554e87825206ce40aeb2f7/gnocchi.eb2a3814-78f8-438d-9414-98081d9b4918 HTTP/1.0 404 - Swift - - - - tx5a92b8b9c2a44b5b83e4a-0068e33afc - 0.0135 CS - 1759722236.184763670 1759722236.198244572 0 -
Oct 05 23:43:56 np0005471485.novalocal object-server[93954]: ::1 - - [06/Oct/2025:03:43:56 +0000] "GET /1/225496/AUTH_7aebe34b89554e87825206ce40aeb2f7/gnocchi.eb2a3814-78f8-438d-9414-98081d9b4918/none_v3" 404 70 "GET https://[::1]:8080/v1/AUTH_7aebe34b89554e87825206ce40aeb2f7/gnocchi.eb2a3814-78f8-438d-9414-98081d9b4918/none_v3" "tx5a92b8b9c2a44b5b83e4a-0068e33afc" "proxy-server 94957" 0.0003 "-" 93954 0
Oct 05 23:43:56 np0005471485.novalocal object-server[93954]: ::1 - - [06/Oct/2025:03:43:56 +0000] "GET /2/225496/AUTH_7aebe34b89554e87825206ce40aeb2f7/gnocchi.eb2a3814-78f8-438d-9414-98081d9b4918/none_v3" 404 70 "GET https://[::1]:8080/v1/AUTH_7aebe34b89554e87825206ce40aeb2f7/gnocchi.eb2a3814-78f8-438d-9414-98081d9b4918/none_v3" "tx5a92b8b9c2a44b5b83e4a-0068e33afc" "proxy-server 94957" 0.0002 "-" 93954 0
Oct 05 23:43:56 np0005471485.novalocal object-server[93954]: ::1 - - [06/Oct/2025:03:43:56 +0000] "GET /3/225496/AUTH_7aebe34b89554e87825206ce40aeb2f7/gnocchi.eb2a3814-78f8-438d-9414-98081d9b4918/none_v3" 404 70 "GET https://[::1]:8080/v1/AUTH_7aebe34b89554e87825206ce40aeb2f7/gnocchi.eb2a3814-78f8-438d-9414-98081d9b4918/none_v3" "tx5a92b8b9c2a44b5b83e4a-0068e33afc" "proxy-server 94957" 0.0002 "-" 93954 0
Oct 05 23:43:56 np0005471485.novalocal proxy-server[94957]: ::1 ::1 06/Oct/2025/03/43/56 GET /v1/AUTH_7aebe34b89554e87825206ce40aeb2f7/gnocchi.eb2a3814-78f8-438d-9414-98081d9b4918/none_v3 HTTP/1.0 404 - python-swiftclient-4.8.0 gAAAAABo4zrG_lV4... - 70 - tx5a92b8b9c2a44b5b83e4a-0068e33afc - 0.0264 - - 1759722236.183974981 1759722236.210421085 0 7b03bd18aea8470cbeb747235c58da52
Oct 05 23:43:56 np0005471485.novalocal account-server[93328]: ::1 - - [06/Oct/2025:03:43:56 +0000] "PUT /3/145150/AUTH_7aebe34b89554e87825206ce40aeb2f7/gnocchi.eb2a3814-78f8-438d-9414-98081d9b4918" 201 - "PUT http://[::1]:6001/1/223517/AUTH_7aebe34b89554e87825206ce40aeb2f7/gnocchi.eb2a3814-78f8-438d-9414-98081d9b4918" "txa4a40a8ca5ca4dfba8dec-0068e33afc" "container-server 93621" 0.0060 "-" 93328 0
Oct 05 23:43:56 np0005471485.novalocal container-server[93621]: ::1 - - [06/Oct/2025:03:43:56 +0000] "PUT /1/223517/AUTH_7aebe34b89554e87825206ce40aeb2f7/gnocchi.eb2a3814-78f8-438d-9414-98081d9b4918" 201 - "PUT https://[::1]:8080/v1/AUTH_7aebe34b89554e87825206ce40aeb2f7/gnocchi.eb2a3814-78f8-438d-9414-98081d9b4918" "txa4a40a8ca5ca4dfba8dec-0068e33afc" "proxy-server 94957" 0.0280 "-" 93621 0
Oct 05 23:43:56 np0005471485.novalocal account-server[93329]: ::1 - - [06/Oct/2025:03:43:56 +0000] "PUT /1/145150/AUTH_7aebe34b89554e87825206ce40aeb2f7/gnocchi.eb2a3814-78f8-438d-9414-98081d9b4918" 201 - "PUT http://[::1]:6001/2/223517/AUTH_7aebe34b89554e87825206ce40aeb2f7/gnocchi.eb2a3814-78f8-438d-9414-98081d9b4918" "txa4a40a8ca5ca4dfba8dec-0068e33afc" "container-server 93622" 0.0057 "-" 93329 0
Oct 05 23:43:56 np0005471485.novalocal container-server[93622]: ::1 - - [06/Oct/2025:03:43:56 +0000] "PUT /2/223517/AUTH_7aebe34b89554e87825206ce40aeb2f7/gnocchi.eb2a3814-78f8-438d-9414-98081d9b4918" 201 - "PUT https://[::1]:8080/v1/AUTH_7aebe34b89554e87825206ce40aeb2f7/gnocchi.eb2a3814-78f8-438d-9414-98081d9b4918" "txa4a40a8ca5ca4dfba8dec-0068e33afc" "proxy-server 94957" 0.0392 "-" 93622 0
Oct 05 23:43:56 np0005471485.novalocal account-server[93328]: ::1 - - [06/Oct/2025:03:43:56 +0000] "PUT /3/145150/AUTH_7aebe34b89554e87825206ce40aeb2f7/gnocchi.72fc4685-7c6d-41d8-9be0-ccdf89e76377" 201 - "-" "-" "container-updater 92792" 0.0006 "-" 93328 0
Oct 05 23:43:56 np0005471485.novalocal account-server[93328]: ::1 - - [06/Oct/2025:03:43:56 +0000] "PUT /1/145150/AUTH_7aebe34b89554e87825206ce40aeb2f7/gnocchi.72fc4685-7c6d-41d8-9be0-ccdf89e76377" 201 - "-" "-" "container-updater 92792" 0.0002 "-" 93328 0
Oct 05 23:43:56 np0005471485.novalocal account-server[93329]: ::1 - - [06/Oct/2025:03:43:56 +0000] "PUT /2/145150/AUTH_7aebe34b89554e87825206ce40aeb2f7/gnocchi.eb2a3814-78f8-438d-9414-98081d9b4918" 201 - "PUT http://[::1]:6001/3/223517/AUTH_7aebe34b89554e87825206ce40aeb2f7/gnocchi.eb2a3814-78f8-438d-9414-98081d9b4918" "txa4a40a8ca5ca4dfba8dec-0068e33afc" "container-server 93622" 0.0047 "-" 93329 0
Oct 05 23:43:56 np0005471485.novalocal container-server[93622]: ::1 - - [06/Oct/2025:03:43:56 +0000] "PUT /3/223517/AUTH_7aebe34b89554e87825206ce40aeb2f7/gnocchi.eb2a3814-78f8-438d-9414-98081d9b4918" 201 - "PUT https://[::1]:8080/v1/AUTH_7aebe34b89554e87825206ce40aeb2f7/gnocchi.eb2a3814-78f8-438d-9414-98081d9b4918" "txa4a40a8ca5ca4dfba8dec-0068e33afc" "proxy-server 94957" 0.0342 "-" 93622 0
Oct 05 23:43:56 np0005471485.novalocal account-server[93329]: ::1 - - [06/Oct/2025:03:43:56 +0000] "PUT /2/145150/AUTH_7aebe34b89554e87825206ce40aeb2f7/gnocchi.72fc4685-7c6d-41d8-9be0-ccdf89e76377" 201 - "-" "-" "container-updater 92792" 0.0006 "-" 93329 0
Oct 05 23:43:56 np0005471485.novalocal proxy-server[94957]: ::1 ::1 06/Oct/2025/03/43/56 PUT /v1/AUTH_7aebe34b89554e87825206ce40aeb2f7/gnocchi.eb2a3814-78f8-438d-9414-98081d9b4918 HTTP/1.0 201 - python-swiftclient-4.8.0 gAAAAABo4zrG_lV4... - - - txa4a40a8ca5ca4dfba8dec-0068e33afc - 0.0651 - - 1759722236.214864492 1759722236.280004025 0 7b03bd18aea8470cbeb747235c58da52
Oct 05 23:43:56 np0005471485.novalocal container-server[93622]: ::1 - - [06/Oct/2025:03:43:56 +0000] "HEAD /1/226546/AUTH_7aebe34b89554e87825206ce40aeb2f7/gnocchi.3be9cf1d-1735-4511-a63c-9d29f916df98" 204 - "HEAD http://[::1]:8080/v1/AUTH_7aebe34b89554e87825206ce40aeb2f7/gnocchi.3be9cf1d-1735-4511-a63c-9d29f916df98" "tx8b31a21005d548968537d-0068e33afc" "proxy-server 94957" 0.0021 "-" 93622 0
Oct 05 23:43:56 np0005471485.novalocal proxy-server[94957]: - - 06/Oct/2025/03/43/56 HEAD /v1/AUTH_7aebe34b89554e87825206ce40aeb2f7/gnocchi.3be9cf1d-1735-4511-a63c-9d29f916df98 HTTP/1.0 204 - Swift - - - - tx8b31a21005d548968537d-0068e33afc - 0.0065 CS - 1759722236.285630465 1759722236.292094946 0 -
Oct 05 23:43:56 np0005471485.novalocal container-server[93622]: ::1 - - [06/Oct/2025:03:43:56 +0000] "GET /1/226546/AUTH_7aebe34b89554e87825206ce40aeb2f7/gnocchi.3be9cf1d-1735-4511-a63c-9d29f916df98" 200 2 "GET https://[::1]:8080/v1/AUTH_7aebe34b89554e87825206ce40aeb2f7/gnocchi.3be9cf1d-1735-4511-a63c-9d29f916df98?format=json&states=listing" "tx8b31a21005d548968537d-0068e33afc" "proxy-server 94957" 0.0027 "-" 93622 0
Oct 05 23:43:56 np0005471485.novalocal proxy-server[94957]: ::1 ::1 06/Oct/2025/03/43/56 GET /v1/AUTH_7aebe34b89554e87825206ce40aeb2f7/gnocchi.3be9cf1d-1735-4511-a63c-9d29f916df98%3Fformat%3Djson%26states%3Dlisting HTTP/1.0 200 - python-swiftclient-4.8.0 gAAAAABo4zrG_lV4... - 2 - tx8b31a21005d548968537d-0068e33afc - 0.0184 - - 1759722236.284846306 1759722236.303252697 0 7b03bd18aea8470cbeb747235c58da52
Oct 05 23:43:56 np0005471485.novalocal container-server[93622]: ::1 - - [06/Oct/2025:03:43:56 +0000] "HEAD /1/223517/AUTH_7aebe34b89554e87825206ce40aeb2f7/gnocchi.eb2a3814-78f8-438d-9414-98081d9b4918" 204 - "HEAD http://[::1]:8080/v1/AUTH_7aebe34b89554e87825206ce40aeb2f7/gnocchi.eb2a3814-78f8-438d-9414-98081d9b4918" "tx2990543d32054abc92220-0068e33afc" "proxy-server 94957" 0.0018 "-" 93622 0
Oct 05 23:43:56 np0005471485.novalocal proxy-server[94957]: - - 06/Oct/2025/03/43/56 HEAD /v1/AUTH_7aebe34b89554e87825206ce40aeb2f7/gnocchi.eb2a3814-78f8-438d-9414-98081d9b4918 HTTP/1.0 204 - Swift - - - - tx2990543d32054abc92220-0068e33afc - 0.0068 CS - 1759722236.309767246 1759722236.316586971 0 -
Oct 05 23:43:56 np0005471485.novalocal container-server[93621]: ::1 - - [06/Oct/2025:03:43:56 +0000] "GET /2/223517/AUTH_7aebe34b89554e87825206ce40aeb2f7/gnocchi.eb2a3814-78f8-438d-9414-98081d9b4918" 200 2 "GET https://[::1]:8080/v1/AUTH_7aebe34b89554e87825206ce40aeb2f7/gnocchi.eb2a3814-78f8-438d-9414-98081d9b4918?format=json&states=listing" "tx2990543d32054abc92220-0068e33afc" "proxy-server 94957" 0.0036 "-" 93621 0
Oct 05 23:43:56 np0005471485.novalocal proxy-server[94957]: ::1 ::1 06/Oct/2025/03/43/56 GET /v1/AUTH_7aebe34b89554e87825206ce40aeb2f7/gnocchi.eb2a3814-78f8-438d-9414-98081d9b4918%3Fformat%3Djson%26states%3Dlisting HTTP/1.0 200 - python-swiftclient-4.8.0 gAAAAABo4zrG_lV4... - 2 - tx2990543d32054abc92220-0068e33afc - 0.0200 - - 1759722236.308881998 1759722236.328854322 0 7b03bd18aea8470cbeb747235c58da52
Oct 05 23:43:56 np0005471485.novalocal object-server[93954]: ::1 - - [06/Oct/2025:03:43:56 +0000] "GET /2/201620/AUTH_7aebe34b89554e87825206ce40aeb2f7/gnocchi.3be9cf1d-1735-4511-a63c-9d29f916df98/1759320000.0_mean_300.0_v3" 404 70 "GET https://[::1]:8080/v1/AUTH_7aebe34b89554e87825206ce40aeb2f7/gnocchi.3be9cf1d-1735-4511-a63c-9d29f916df98/1759320000.0_mean_300.0_v3" "tx52b469b0d32a440ab6332-0068e33afc" "proxy-server 94957" 0.0014 "-" 93954 0
Oct 05 23:43:56 np0005471485.novalocal object-server[93954]: ::1 - - [06/Oct/2025:03:43:56 +0000] "GET /1/201620/AUTH_7aebe34b89554e87825206ce40aeb2f7/gnocchi.3be9cf1d-1735-4511-a63c-9d29f916df98/1759320000.0_mean_300.0_v3" 404 70 "GET https://[::1]:8080/v1/AUTH_7aebe34b89554e87825206ce40aeb2f7/gnocchi.3be9cf1d-1735-4511-a63c-9d29f916df98/1759320000.0_mean_300.0_v3" "tx52b469b0d32a440ab6332-0068e33afc" "proxy-server 94957" 0.0004 "-" 93954 0
Oct 05 23:43:56 np0005471485.novalocal object-server[93955]: ::1 - - [06/Oct/2025:03:43:56 +0000] "GET /3/201620/AUTH_7aebe34b89554e87825206ce40aeb2f7/gnocchi.3be9cf1d-1735-4511-a63c-9d29f916df98/1759320000.0_mean_300.0_v3" 404 70 "GET https://[::1]:8080/v1/AUTH_7aebe34b89554e87825206ce40aeb2f7/gnocchi.3be9cf1d-1735-4511-a63c-9d29f916df98/1759320000.0_mean_300.0_v3" "tx52b469b0d32a440ab6332-0068e33afc" "proxy-server 94957" 0.0004 "-" 93955 0
Oct 05 23:43:56 np0005471485.novalocal proxy-server[94957]: ::1 ::1 06/Oct/2025/03/43/56 GET /v1/AUTH_7aebe34b89554e87825206ce40aeb2f7/gnocchi.3be9cf1d-1735-4511-a63c-9d29f916df98/1759320000.0_mean_300.0_v3 HTTP/1.0 404 - python-swiftclient-4.8.0 gAAAAABo4zrG_lV4... - 70 - tx52b469b0d32a440ab6332-0068e33afc - 0.0194 - - 1759722236.332808256 1759722236.352170706 0 7b03bd18aea8470cbeb747235c58da52
Oct 05 23:43:56 np0005471485.novalocal object-server[93955]: ::1 - - [06/Oct/2025:03:43:56 +0000] "GET /1/24466/AUTH_7aebe34b89554e87825206ce40aeb2f7/gnocchi.eb2a3814-78f8-438d-9414-98081d9b4918/1759320000.0_mean_300.0_v3" 404 70 "GET https://[::1]:8080/v1/AUTH_7aebe34b89554e87825206ce40aeb2f7/gnocchi.eb2a3814-78f8-438d-9414-98081d9b4918/1759320000.0_mean_300.0_v3" "tx9f8cfa1a157f4c899b5d9-0068e33afc" "proxy-server 94957" 0.0004 "-" 93955 0
Oct 05 23:43:56 np0005471485.novalocal object-server[93954]: ::1 - - [06/Oct/2025:03:43:56 +0000] "GET /3/24466/AUTH_7aebe34b89554e87825206ce40aeb2f7/gnocchi.eb2a3814-78f8-438d-9414-98081d9b4918/1759320000.0_mean_300.0_v3" 404 70 "GET https://[::1]:8080/v1/AUTH_7aebe34b89554e87825206ce40aeb2f7/gnocchi.eb2a3814-78f8-438d-9414-98081d9b4918/1759320000.0_mean_300.0_v3" "tx9f8cfa1a157f4c899b5d9-0068e33afc" "proxy-server 94957" 0.0004 "-" 93954 0
Oct 05 23:43:56 np0005471485.novalocal object-server[93954]: ::1 - - [06/Oct/2025:03:43:56 +0000] "GET /2/24466/AUTH_7aebe34b89554e87825206ce40aeb2f7/gnocchi.eb2a3814-78f8-438d-9414-98081d9b4918/1759320000.0_mean_300.0_v3" 404 70 "GET https://[::1]:8080/v1/AUTH_7aebe34b89554e87825206ce40aeb2f7/gnocchi.eb2a3814-78f8-438d-9414-98081d9b4918/1759320000.0_mean_300.0_v3" "tx9f8cfa1a157f4c899b5d9-0068e33afc" "proxy-server 94957" 0.0003 "-" 93954 0
Oct 05 23:43:56 np0005471485.novalocal proxy-server[94957]: ::1 ::1 06/Oct/2025/03/43/56 GET /v1/AUTH_7aebe34b89554e87825206ce40aeb2f7/gnocchi.eb2a3814-78f8-438d-9414-98081d9b4918/1759320000.0_mean_300.0_v3 HTTP/1.0 404 - python-swiftclient-4.8.0 gAAAAABo4zrG_lV4... - 70 - tx9f8cfa1a157f4c899b5d9-0068e33afc - 0.0145 - - 1759722236.355323315 1759722236.369782209 0 7b03bd18aea8470cbeb747235c58da52
Oct 05 23:43:56 np0005471485.novalocal container-server[93621]: ::1 - - [06/Oct/2025:03:43:56 +0000] "PUT /3/226546/AUTH_7aebe34b89554e87825206ce40aeb2f7/gnocchi.3be9cf1d-1735-4511-a63c-9d29f916df98/1759320000.0_mean_300.0_v3" 201 - "PUT http://[::1]:8080/2/201620/AUTH_7aebe34b89554e87825206ce40aeb2f7/gnocchi.3be9cf1d-1735-4511-a63c-9d29f916df98/1759320000.0_mean_300.0_v3" "txefd00f96dc34497abc948-0068e33afc" "object-server 93954" 0.0007 "-" 93621 0
Oct 05 23:43:56 np0005471485.novalocal account-server[93329]: ::1 - - [06/Oct/2025:03:43:56 +0000] "PUT /3/145150/AUTH_7aebe34b89554e87825206ce40aeb2f7/gnocchi.79d07197-b1c9-4c32-9ab2-f7994e7278b3" 201 - "-" "-" "container-updater 92792" 0.0007 "-" 93329 0
Oct 05 23:43:56 np0005471485.novalocal container-server[93622]: ::1 - - [06/Oct/2025:03:43:56 +0000] "PUT /1/226546/AUTH_7aebe34b89554e87825206ce40aeb2f7/gnocchi.3be9cf1d-1735-4511-a63c-9d29f916df98/1759320000.0_mean_300.0_v3" 201 - "PUT http://[::1]:8080/3/201620/AUTH_7aebe34b89554e87825206ce40aeb2f7/gnocchi.3be9cf1d-1735-4511-a63c-9d29f916df98/1759320000.0_mean_300.0_v3" "txefd00f96dc34497abc948-0068e33afc" "object-server 93955" 0.0009 "-" 93622 0
Oct 05 23:43:56 np0005471485.novalocal object-server[93954]: ::1 - - [06/Oct/2025:03:43:56 +0000] "PUT /2/201620/AUTH_7aebe34b89554e87825206ce40aeb2f7/gnocchi.3be9cf1d-1735-4511-a63c-9d29f916df98/1759320000.0_mean_300.0_v3" 201 - "PUT https://[::1]:8080/v1/AUTH_7aebe34b89554e87825206ce40aeb2f7/gnocchi.3be9cf1d-1735-4511-a63c-9d29f916df98/1759320000.0_mean_300.0_v3" "txefd00f96dc34497abc948-0068e33afc" "proxy-server 94957" 0.0149 "-" 93954 0
Oct 05 23:43:56 np0005471485.novalocal object-server[93955]: ::1 - - [06/Oct/2025:03:43:56 +0000] "PUT /3/201620/AUTH_7aebe34b89554e87825206ce40aeb2f7/gnocchi.3be9cf1d-1735-4511-a63c-9d29f916df98/1759320000.0_mean_300.0_v3" 201 - "PUT https://[::1]:8080/v1/AUTH_7aebe34b89554e87825206ce40aeb2f7/gnocchi.3be9cf1d-1735-4511-a63c-9d29f916df98/1759320000.0_mean_300.0_v3" "txefd00f96dc34497abc948-0068e33afc" "proxy-server 94957" 0.0160 "-" 93955 0
Oct 05 23:43:56 np0005471485.novalocal container-server[93621]: ::1 - - [06/Oct/2025:03:43:56 +0000] "PUT /2/226546/AUTH_7aebe34b89554e87825206ce40aeb2f7/gnocchi.3be9cf1d-1735-4511-a63c-9d29f916df98/1759320000.0_mean_300.0_v3" 201 - "PUT http://[::1]:8080/1/201620/AUTH_7aebe34b89554e87825206ce40aeb2f7/gnocchi.3be9cf1d-1735-4511-a63c-9d29f916df98/1759320000.0_mean_300.0_v3" "txefd00f96dc34497abc948-0068e33afc" "object-server 93955" 0.0008 "-" 93621 0
Oct 05 23:43:56 np0005471485.novalocal object-server[93955]: ::1 - - [06/Oct/2025:03:43:56 +0000] "PUT /1/201620/AUTH_7aebe34b89554e87825206ce40aeb2f7/gnocchi.3be9cf1d-1735-4511-a63c-9d29f916df98/1759320000.0_mean_300.0_v3" 201 - "PUT https://[::1]:8080/v1/AUTH_7aebe34b89554e87825206ce40aeb2f7/gnocchi.3be9cf1d-1735-4511-a63c-9d29f916df98/1759320000.0_mean_300.0_v3" "txefd00f96dc34497abc948-0068e33afc" "proxy-server 94957" 0.0152 "-" 93955 0
Oct 05 23:43:56 np0005471485.novalocal proxy-server[94957]: ::1 ::1 06/Oct/2025/03/43/56 PUT /v1/AUTH_7aebe34b89554e87825206ce40aeb2f7/gnocchi.3be9cf1d-1735-4511-a63c-9d29f916df98/1759320000.0_mean_300.0_v3 HTTP/1.0 201 - python-swiftclient-4.8.0 gAAAAABo4zrG_lV4... 16 - - txefd00f96dc34497abc948-0068e33afc - 0.0267 - - 1759722236.373422861 1759722236.400100946 0 7b03bd18aea8470cbeb747235c58da52
Oct 05 23:43:56 np0005471485.novalocal account-server[93328]: ::1 - - [06/Oct/2025:03:43:56 +0000] "PUT /2/145150/AUTH_7aebe34b89554e87825206ce40aeb2f7/gnocchi.79d07197-b1c9-4c32-9ab2-f7994e7278b3" 201 - "-" "-" "container-updater 92792" 0.0005 "-" 93328 0
Oct 05 23:43:56 np0005471485.novalocal account-server[93329]: ::1 - - [06/Oct/2025:03:43:56 +0000] "PUT /1/145150/AUTH_7aebe34b89554e87825206ce40aeb2f7/gnocchi.79d07197-b1c9-4c32-9ab2-f7994e7278b3" 201 - "-" "-" "container-updater 92792" 0.0006 "-" 93329 0
Oct 05 23:43:56 np0005471485.novalocal container-server[93622]: ::1 - - [06/Oct/2025:03:43:56 +0000] "PUT /3/223517/AUTH_7aebe34b89554e87825206ce40aeb2f7/gnocchi.eb2a3814-78f8-438d-9414-98081d9b4918/1759320000.0_mean_300.0_v3" 201 - "PUT http://[::1]:8080/2/24466/AUTH_7aebe34b89554e87825206ce40aeb2f7/gnocchi.eb2a3814-78f8-438d-9414-98081d9b4918/1759320000.0_mean_300.0_v3" "txb74e929a060249e19a373-0068e33afc" "object-server 93954" 0.0006 "-" 93622 0
Oct 05 23:43:56 np0005471485.novalocal object-server[93954]: ::1 - - [06/Oct/2025:03:43:56 +0000] "PUT /2/24466/AUTH_7aebe34b89554e87825206ce40aeb2f7/gnocchi.eb2a3814-78f8-438d-9414-98081d9b4918/1759320000.0_mean_300.0_v3" 201 - "PUT https://[::1]:8080/v1/AUTH_7aebe34b89554e87825206ce40aeb2f7/gnocchi.eb2a3814-78f8-438d-9414-98081d9b4918/1759320000.0_mean_300.0_v3" "txb74e929a060249e19a373-0068e33afc" "proxy-server 94957" 0.0157 "-" 93954 0
Oct 05 23:43:56 np0005471485.novalocal container-server[93621]: ::1 - - [06/Oct/2025:03:43:56 +0000] "PUT /2/223517/AUTH_7aebe34b89554e87825206ce40aeb2f7/gnocchi.eb2a3814-78f8-438d-9414-98081d9b4918/1759320000.0_mean_300.0_v3" 201 - "PUT http://[::1]:8080/3/24466/AUTH_7aebe34b89554e87825206ce40aeb2f7/gnocchi.eb2a3814-78f8-438d-9414-98081d9b4918/1759320000.0_mean_300.0_v3" "txb74e929a060249e19a373-0068e33afc" "object-server 93954" 0.0011 "-" 93621 0
Oct 05 23:43:56 np0005471485.novalocal object-server[93954]: ::1 - - [06/Oct/2025:03:43:56 +0000] "PUT /3/24466/AUTH_7aebe34b89554e87825206ce40aeb2f7/gnocchi.eb2a3814-78f8-438d-9414-98081d9b4918/1759320000.0_mean_300.0_v3" 201 - "PUT https://[::1]:8080/v1/AUTH_7aebe34b89554e87825206ce40aeb2f7/gnocchi.eb2a3814-78f8-438d-9414-98081d9b4918/1759320000.0_mean_300.0_v3" "txb74e929a060249e19a373-0068e33afc" "proxy-server 94957" 0.0156 "-" 93954 0
Oct 05 23:43:56 np0005471485.novalocal container-server[93622]: ::1 - - [06/Oct/2025:03:43:56 +0000] "PUT /1/223517/AUTH_7aebe34b89554e87825206ce40aeb2f7/gnocchi.eb2a3814-78f8-438d-9414-98081d9b4918/1759320000.0_mean_300.0_v3" 201 - "PUT http://[::1]:8080/1/24466/AUTH_7aebe34b89554e87825206ce40aeb2f7/gnocchi.eb2a3814-78f8-438d-9414-98081d9b4918/1759320000.0_mean_300.0_v3" "txb74e929a060249e19a373-0068e33afc" "object-server 93954" 0.0007 "-" 93622 0
Oct 05 23:43:56 np0005471485.novalocal object-server[93954]: ::1 - - [06/Oct/2025:03:43:56 +0000] "PUT /1/24466/AUTH_7aebe34b89554e87825206ce40aeb2f7/gnocchi.eb2a3814-78f8-438d-9414-98081d9b4918/1759320000.0_mean_300.0_v3" 201 - "PUT https://[::1]:8080/v1/AUTH_7aebe34b89554e87825206ce40aeb2f7/gnocchi.eb2a3814-78f8-438d-9414-98081d9b4918/1759320000.0_mean_300.0_v3" "txb74e929a060249e19a373-0068e33afc" "proxy-server 94957" 0.0208 "-" 93954 0
Oct 05 23:43:56 np0005471485.novalocal proxy-server[94957]: ::1 ::1 06/Oct/2025/03/43/56 PUT /v1/AUTH_7aebe34b89554e87825206ce40aeb2f7/gnocchi.eb2a3814-78f8-438d-9414-98081d9b4918/1759320000.0_mean_300.0_v3 HTTP/1.0 201 - python-swiftclient-4.8.0 gAAAAABo4zrG_lV4... 16 - - txb74e929a060249e19a373-0068e33afc - 0.0313 - - 1759722236.403430223 1759722236.434728146 0 7b03bd18aea8470cbeb747235c58da52
Oct 05 23:43:56 np0005471485.novalocal container-server[93621]: ::1 - - [06/Oct/2025:03:43:56 +0000] "PUT /2/226546/AUTH_7aebe34b89554e87825206ce40aeb2f7/gnocchi.3be9cf1d-1735-4511-a63c-9d29f916df98/none_v3" 201 - "PUT http://[::1]:8080/2/123088/AUTH_7aebe34b89554e87825206ce40aeb2f7/gnocchi.3be9cf1d-1735-4511-a63c-9d29f916df98/none_v3" "txb6331450443c47fe95ccd-0068e33afc" "object-server 93954" 0.0007 "-" 93621 0
Oct 05 23:43:56 np0005471485.novalocal container-server[93622]: ::1 - - [06/Oct/2025:03:43:56 +0000] "PUT /3/226546/AUTH_7aebe34b89554e87825206ce40aeb2f7/gnocchi.3be9cf1d-1735-4511-a63c-9d29f916df98/none_v3" 201 - "PUT http://[::1]:8080/3/123088/AUTH_7aebe34b89554e87825206ce40aeb2f7/gnocchi.3be9cf1d-1735-4511-a63c-9d29f916df98/none_v3" "txb6331450443c47fe95ccd-0068e33afc" "object-server 93955" 0.0013 "-" 93622 0
Oct 05 23:43:56 np0005471485.novalocal object-server[93954]: ::1 - - [06/Oct/2025:03:43:56 +0000] "PUT /2/123088/AUTH_7aebe34b89554e87825206ce40aeb2f7/gnocchi.3be9cf1d-1735-4511-a63c-9d29f916df98/none_v3" 201 - "PUT https://[::1]:8080/v1/AUTH_7aebe34b89554e87825206ce40aeb2f7/gnocchi.3be9cf1d-1735-4511-a63c-9d29f916df98/none_v3" "txb6331450443c47fe95ccd-0068e33afc" "proxy-server 94957" 0.0116 "-" 93954 0
Oct 05 23:43:56 np0005471485.novalocal object-server[93955]: ::1 - - [06/Oct/2025:03:43:56 +0000] "PUT /3/123088/AUTH_7aebe34b89554e87825206ce40aeb2f7/gnocchi.3be9cf1d-1735-4511-a63c-9d29f916df98/none_v3" 201 - "PUT https://[::1]:8080/v1/AUTH_7aebe34b89554e87825206ce40aeb2f7/gnocchi.3be9cf1d-1735-4511-a63c-9d29f916df98/none_v3" "txb6331450443c47fe95ccd-0068e33afc" "proxy-server 94957" 0.0140 "-" 93955 0
Oct 05 23:43:56 np0005471485.novalocal container-server[93622]: ::1 - - [06/Oct/2025:03:43:56 +0000] "PUT /1/226546/AUTH_7aebe34b89554e87825206ce40aeb2f7/gnocchi.3be9cf1d-1735-4511-a63c-9d29f916df98/none_v3" 201 - "PUT http://[::1]:8080/1/123088/AUTH_7aebe34b89554e87825206ce40aeb2f7/gnocchi.3be9cf1d-1735-4511-a63c-9d29f916df98/none_v3" "txb6331450443c47fe95ccd-0068e33afc" "object-server 93954" 0.0006 "-" 93622 0
Oct 05 23:43:56 np0005471485.novalocal object-server[93954]: ::1 - - [06/Oct/2025:03:43:56 +0000] "PUT /1/123088/AUTH_7aebe34b89554e87825206ce40aeb2f7/gnocchi.3be9cf1d-1735-4511-a63c-9d29f916df98/none_v3" 201 - "PUT https://[::1]:8080/v1/AUTH_7aebe34b89554e87825206ce40aeb2f7/gnocchi.3be9cf1d-1735-4511-a63c-9d29f916df98/none_v3" "txb6331450443c47fe95ccd-0068e33afc" "proxy-server 94957" 0.0159 "-" 93954 0
Oct 05 23:43:56 np0005471485.novalocal proxy-server[94957]: ::1 ::1 06/Oct/2025/03/43/56 PUT /v1/AUTH_7aebe34b89554e87825206ce40aeb2f7/gnocchi.3be9cf1d-1735-4511-a63c-9d29f916df98/none_v3 HTTP/1.0 201 - python-swiftclient-4.8.0 gAAAAABo4zrG_lV4... 22 - - txb6331450443c47fe95ccd-0068e33afc - 0.0256 - - 1759722236.437801838 1759722236.463418722 0 7b03bd18aea8470cbeb747235c58da52
Oct 05 23:43:56 np0005471485.novalocal container-server[93621]: ::1 - - [06/Oct/2025:03:43:56 +0000] "PUT /1/223517/AUTH_7aebe34b89554e87825206ce40aeb2f7/gnocchi.eb2a3814-78f8-438d-9414-98081d9b4918/none_v3" 201 - "PUT http://[::1]:8080/2/225496/AUTH_7aebe34b89554e87825206ce40aeb2f7/gnocchi.eb2a3814-78f8-438d-9414-98081d9b4918/none_v3" "txb953858226c44c45aaf6e-0068e33afc" "object-server 93955" 0.0004 "-" 93621 0
Oct 05 23:43:56 np0005471485.novalocal container-server[93621]: ::1 - - [06/Oct/2025:03:43:56 +0000] "PUT /2/223517/AUTH_7aebe34b89554e87825206ce40aeb2f7/gnocchi.eb2a3814-78f8-438d-9414-98081d9b4918/none_v3" 201 - "PUT http://[::1]:8080/3/225496/AUTH_7aebe34b89554e87825206ce40aeb2f7/gnocchi.eb2a3814-78f8-438d-9414-98081d9b4918/none_v3" "txb953858226c44c45aaf6e-0068e33afc" "object-server 93955" 0.0003 "-" 93621 0
Oct 05 23:43:56 np0005471485.novalocal object-server[93955]: ::1 - - [06/Oct/2025:03:43:56 +0000] "PUT /2/225496/AUTH_7aebe34b89554e87825206ce40aeb2f7/gnocchi.eb2a3814-78f8-438d-9414-98081d9b4918/none_v3" 201 - "PUT https://[::1]:8080/v1/AUTH_7aebe34b89554e87825206ce40aeb2f7/gnocchi.eb2a3814-78f8-438d-9414-98081d9b4918/none_v3" "txb953858226c44c45aaf6e-0068e33afc" "proxy-server 94957" 0.0120 "-" 93955 0
Oct 05 23:43:56 np0005471485.novalocal object-server[93955]: ::1 - - [06/Oct/2025:03:43:56 +0000] "PUT /3/225496/AUTH_7aebe34b89554e87825206ce40aeb2f7/gnocchi.eb2a3814-78f8-438d-9414-98081d9b4918/none_v3" 201 - "PUT https://[::1]:8080/v1/AUTH_7aebe34b89554e87825206ce40aeb2f7/gnocchi.eb2a3814-78f8-438d-9414-98081d9b4918/none_v3" "txb953858226c44c45aaf6e-0068e33afc" "proxy-server 94957" 0.0141 "-" 93955 0
Oct 05 23:43:56 np0005471485.novalocal container-server[93621]: ::1 - - [06/Oct/2025:03:43:56 +0000] "PUT /3/223517/AUTH_7aebe34b89554e87825206ce40aeb2f7/gnocchi.eb2a3814-78f8-438d-9414-98081d9b4918/none_v3" 201 - "PUT http://[::1]:8080/1/225496/AUTH_7aebe34b89554e87825206ce40aeb2f7/gnocchi.eb2a3814-78f8-438d-9414-98081d9b4918/none_v3" "txb953858226c44c45aaf6e-0068e33afc" "object-server 93955" 0.0003 "-" 93621 0
Oct 05 23:43:56 np0005471485.novalocal object-server[93955]: ::1 - - [06/Oct/2025:03:43:56 +0000] "PUT /1/225496/AUTH_7aebe34b89554e87825206ce40aeb2f7/gnocchi.eb2a3814-78f8-438d-9414-98081d9b4918/none_v3" 201 - "PUT https://[::1]:8080/v1/AUTH_7aebe34b89554e87825206ce40aeb2f7/gnocchi.eb2a3814-78f8-438d-9414-98081d9b4918/none_v3" "txb953858226c44c45aaf6e-0068e33afc" "proxy-server 94957" 0.0162 "-" 93955 0
Oct 05 23:43:56 np0005471485.novalocal proxy-server[94957]: ::1 ::1 06/Oct/2025/03/43/56 PUT /v1/AUTH_7aebe34b89554e87825206ce40aeb2f7/gnocchi.eb2a3814-78f8-438d-9414-98081d9b4918/none_v3 HTTP/1.0 201 - python-swiftclient-4.8.0 gAAAAABo4zrG_lV4... 22 - - txb953858226c44c45aaf6e-0068e33afc - 0.0262 - - 1759722236.466475010 1759722236.492627144 0 7b03bd18aea8470cbeb747235c58da52
Oct 05 23:43:56 np0005471485.novalocal container-server[93622]: ::1 - - [06/Oct/2025:03:43:56 +0000] "HEAD /3/39505/AUTH_7aebe34b89554e87825206ce40aeb2f7/gnocchi.6ab14177-eba4-4ffe-9ce4-bb2fc1a846a0" 404 - "HEAD http://[::1]:8080/v1/AUTH_7aebe34b89554e87825206ce40aeb2f7/gnocchi.6ab14177-eba4-4ffe-9ce4-bb2fc1a846a0" "tx11c13b1b53aa4151b0935-0068e33afc" "proxy-server 94957" 0.0008 "-" 93622 0
Oct 05 23:43:56 np0005471485.novalocal container-server[93622]: ::1 - - [06/Oct/2025:03:43:56 +0000] "HEAD /1/39505/AUTH_7aebe34b89554e87825206ce40aeb2f7/gnocchi.6ab14177-eba4-4ffe-9ce4-bb2fc1a846a0" 404 - "HEAD http://[::1]:8080/v1/AUTH_7aebe34b89554e87825206ce40aeb2f7/gnocchi.6ab14177-eba4-4ffe-9ce4-bb2fc1a846a0" "tx11c13b1b53aa4151b0935-0068e33afc" "proxy-server 94957" 0.0005 "-" 93622 0
Oct 05 23:43:56 np0005471485.novalocal container-server[93622]: ::1 - - [06/Oct/2025:03:43:56 +0000] "HEAD /2/39505/AUTH_7aebe34b89554e87825206ce40aeb2f7/gnocchi.6ab14177-eba4-4ffe-9ce4-bb2fc1a846a0" 404 - "HEAD http://[::1]:8080/v1/AUTH_7aebe34b89554e87825206ce40aeb2f7/gnocchi.6ab14177-eba4-4ffe-9ce4-bb2fc1a846a0" "tx11c13b1b53aa4151b0935-0068e33afc" "proxy-server 94957" 0.0011 "-" 93622 0
Oct 05 23:43:56 np0005471485.novalocal account-server[93329]: ::1 - - [06/Oct/2025:03:43:56 +0000] "PUT /3/145150/AUTH_7aebe34b89554e87825206ce40aeb2f7/gnocchi.4f45c7ba-d1cf-439c-8b2e-6ffd5db24b6f" 201 - "-" "-" "container-updater 92792" 0.0005 "-" 93329 0
Oct 05 23:43:56 np0005471485.novalocal account-server[93328]: ::1 - - [06/Oct/2025:03:43:56 +0000] "PUT /1/145150/AUTH_7aebe34b89554e87825206ce40aeb2f7/gnocchi.4f45c7ba-d1cf-439c-8b2e-6ffd5db24b6f" 201 - "-" "-" "container-updater 92792" 0.0004 "-" 93328 0
Oct 05 23:43:56 np0005471485.novalocal proxy-server[94957]: - - 06/Oct/2025/03/43/56 HEAD /v1/AUTH_7aebe34b89554e87825206ce40aeb2f7/gnocchi.6ab14177-eba4-4ffe-9ce4-bb2fc1a846a0 HTTP/1.0 404 - Swift - - - - tx11c13b1b53aa4151b0935-0068e33afc - 0.0172 CS - 1759722236.510226488 1759722236.527426243 0 -
Oct 05 23:43:56 np0005471485.novalocal account-server[93329]: ::1 - - [06/Oct/2025:03:43:56 +0000] "PUT /2/145150/AUTH_7aebe34b89554e87825206ce40aeb2f7/gnocchi.4f45c7ba-d1cf-439c-8b2e-6ffd5db24b6f" 201 - "-" "-" "container-updater 92792" 0.0003 "-" 93329 0
Oct 05 23:43:56 np0005471485.novalocal object-server[93955]: ::1 - - [06/Oct/2025:03:43:56 +0000] "GET /2/162159/AUTH_7aebe34b89554e87825206ce40aeb2f7/gnocchi.6ab14177-eba4-4ffe-9ce4-bb2fc1a846a0/none_v3" 404 70 "GET https://[::1]:8080/v1/AUTH_7aebe34b89554e87825206ce40aeb2f7/gnocchi.6ab14177-eba4-4ffe-9ce4-bb2fc1a846a0/none_v3" "tx11c13b1b53aa4151b0935-0068e33afc" "proxy-server 94957" 0.0004 "-" 93955 0
Oct 05 23:43:56 np0005471485.novalocal object-server[93955]: ::1 - - [06/Oct/2025:03:43:56 +0000] "GET /1/162159/AUTH_7aebe34b89554e87825206ce40aeb2f7/gnocchi.6ab14177-eba4-4ffe-9ce4-bb2fc1a846a0/none_v3" 404 70 "GET https://[::1]:8080/v1/AUTH_7aebe34b89554e87825206ce40aeb2f7/gnocchi.6ab14177-eba4-4ffe-9ce4-bb2fc1a846a0/none_v3" "tx11c13b1b53aa4151b0935-0068e33afc" "proxy-server 94957" 0.0002 "-" 93955 0
Oct 05 23:43:56 np0005471485.novalocal object-server[93955]: ::1 - - [06/Oct/2025:03:43:56 +0000] "GET /3/162159/AUTH_7aebe34b89554e87825206ce40aeb2f7/gnocchi.6ab14177-eba4-4ffe-9ce4-bb2fc1a846a0/none_v3" 404 70 "GET https://[::1]:8080/v1/AUTH_7aebe34b89554e87825206ce40aeb2f7/gnocchi.6ab14177-eba4-4ffe-9ce4-bb2fc1a846a0/none_v3" "tx11c13b1b53aa4151b0935-0068e33afc" "proxy-server 94957" 0.0002 "-" 93955 0
Oct 05 23:43:56 np0005471485.novalocal proxy-server[94957]: ::1 ::1 06/Oct/2025/03/43/56 GET /v1/AUTH_7aebe34b89554e87825206ce40aeb2f7/gnocchi.6ab14177-eba4-4ffe-9ce4-bb2fc1a846a0/none_v3 HTTP/1.0 404 - python-swiftclient-4.8.0 gAAAAABo4zrG_lV4... - 70 - tx11c13b1b53aa4151b0935-0068e33afc - 0.0329 - - 1759722236.509018183 1759722236.541914701 0 7b03bd18aea8470cbeb747235c58da52
Oct 05 23:43:56 np0005471485.novalocal account-server[93329]: ::1 - - [06/Oct/2025:03:43:56 +0000] "PUT /1/145150/AUTH_7aebe34b89554e87825206ce40aeb2f7/gnocchi.6ab14177-eba4-4ffe-9ce4-bb2fc1a846a0" 201 - "PUT http://[::1]:6001/2/39505/AUTH_7aebe34b89554e87825206ce40aeb2f7/gnocchi.6ab14177-eba4-4ffe-9ce4-bb2fc1a846a0" "tx68a88c464df54356a9bb6-0068e33afc" "container-server 93622" 0.0057 "-" 93329 0
Oct 05 23:43:56 np0005471485.novalocal account-server[93328]: ::1 - - [06/Oct/2025:03:43:56 +0000] "PUT /3/145150/AUTH_7aebe34b89554e87825206ce40aeb2f7/gnocchi.6ab14177-eba4-4ffe-9ce4-bb2fc1a846a0" 201 - "PUT http://[::1]:6001/3/39505/AUTH_7aebe34b89554e87825206ce40aeb2f7/gnocchi.6ab14177-eba4-4ffe-9ce4-bb2fc1a846a0" "tx68a88c464df54356a9bb6-0068e33afc" "container-server 93621" 0.0040 "-" 93328 0
Oct 05 23:43:56 np0005471485.novalocal container-server[93621]: ::1 - - [06/Oct/2025:03:43:56 +0000] "PUT /3/39505/AUTH_7aebe34b89554e87825206ce40aeb2f7/gnocchi.6ab14177-eba4-4ffe-9ce4-bb2fc1a846a0" 201 - "PUT https://[::1]:8080/v1/AUTH_7aebe34b89554e87825206ce40aeb2f7/gnocchi.6ab14177-eba4-4ffe-9ce4-bb2fc1a846a0" "tx68a88c464df54356a9bb6-0068e33afc" "proxy-server 94957" 0.0130 "-" 93621 0
Oct 05 23:43:56 np0005471485.novalocal container-server[93622]: ::1 - - [06/Oct/2025:03:43:56 +0000] "PUT /2/39505/AUTH_7aebe34b89554e87825206ce40aeb2f7/gnocchi.6ab14177-eba4-4ffe-9ce4-bb2fc1a846a0" 201 - "PUT https://[::1]:8080/v1/AUTH_7aebe34b89554e87825206ce40aeb2f7/gnocchi.6ab14177-eba4-4ffe-9ce4-bb2fc1a846a0" "tx68a88c464df54356a9bb6-0068e33afc" "proxy-server 94957" 0.0233 "-" 93622 0
Oct 05 23:43:56 np0005471485.novalocal account-server[93328]: ::1 - - [06/Oct/2025:03:43:56 +0000] "PUT /2/145150/AUTH_7aebe34b89554e87825206ce40aeb2f7/gnocchi.6ab14177-eba4-4ffe-9ce4-bb2fc1a846a0" 201 - "PUT http://[::1]:6001/1/39505/AUTH_7aebe34b89554e87825206ce40aeb2f7/gnocchi.6ab14177-eba4-4ffe-9ce4-bb2fc1a846a0" "tx68a88c464df54356a9bb6-0068e33afc" "container-server 93621" 0.0040 "-" 93328 0
Oct 05 23:43:56 np0005471485.novalocal container-server[93621]: ::1 - - [06/Oct/2025:03:43:56 +0000] "PUT /1/39505/AUTH_7aebe34b89554e87825206ce40aeb2f7/gnocchi.6ab14177-eba4-4ffe-9ce4-bb2fc1a846a0" 201 - "PUT https://[::1]:8080/v1/AUTH_7aebe34b89554e87825206ce40aeb2f7/gnocchi.6ab14177-eba4-4ffe-9ce4-bb2fc1a846a0" "tx68a88c464df54356a9bb6-0068e33afc" "proxy-server 94957" 0.0283 "-" 93621 0
Oct 05 23:43:56 np0005471485.novalocal proxy-server[94957]: ::1 ::1 06/Oct/2025/03/43/56 PUT /v1/AUTH_7aebe34b89554e87825206ce40aeb2f7/gnocchi.6ab14177-eba4-4ffe-9ce4-bb2fc1a846a0 HTTP/1.0 201 - python-swiftclient-4.8.0 gAAAAABo4zrG_lV4... - - - tx68a88c464df54356a9bb6-0068e33afc - 0.0375 - - 1759722236.544868708 1759722236.582391262 0 7b03bd18aea8470cbeb747235c58da52
Oct 05 23:43:56 np0005471485.novalocal container-server[93621]: ::1 - - [06/Oct/2025:03:43:56 +0000] "HEAD /1/43365/AUTH_7aebe34b89554e87825206ce40aeb2f7/gnocchi.b178ae85-0ae5-47cb-86d6-199154bf77a0" 404 - "HEAD http://[::1]:8080/v1/AUTH_7aebe34b89554e87825206ce40aeb2f7/gnocchi.b178ae85-0ae5-47cb-86d6-199154bf77a0" "tx96d4c9e22d464ecab02eb-0068e33afc" "proxy-server 94957" 0.0003 "-" 93621 0
Oct 05 23:43:56 np0005471485.novalocal container-server[93622]: ::1 - - [06/Oct/2025:03:43:56 +0000] "HEAD /2/43365/AUTH_7aebe34b89554e87825206ce40aeb2f7/gnocchi.b178ae85-0ae5-47cb-86d6-199154bf77a0" 404 - "HEAD http://[::1]:8080/v1/AUTH_7aebe34b89554e87825206ce40aeb2f7/gnocchi.b178ae85-0ae5-47cb-86d6-199154bf77a0" "tx96d4c9e22d464ecab02eb-0068e33afc" "proxy-server 94957" 0.0004 "-" 93622 0
Oct 05 23:43:56 np0005471485.novalocal container-server[93622]: ::1 - - [06/Oct/2025:03:43:56 +0000] "HEAD /3/43365/AUTH_7aebe34b89554e87825206ce40aeb2f7/gnocchi.b178ae85-0ae5-47cb-86d6-199154bf77a0" 404 - "HEAD http://[::1]:8080/v1/AUTH_7aebe34b89554e87825206ce40aeb2f7/gnocchi.b178ae85-0ae5-47cb-86d6-199154bf77a0" "tx96d4c9e22d464ecab02eb-0068e33afc" "proxy-server 94957" 0.0002 "-" 93622 0
Oct 05 23:43:56 np0005471485.novalocal proxy-server[94957]: - - 06/Oct/2025/03/43/56 HEAD /v1/AUTH_7aebe34b89554e87825206ce40aeb2f7/gnocchi.b178ae85-0ae5-47cb-86d6-199154bf77a0 HTTP/1.0 404 - Swift - - - - tx96d4c9e22d464ecab02eb-0068e33afc - 0.0095 CS - 1759722236.586717606 1759722236.596170187 0 -
Oct 05 23:43:56 np0005471485.novalocal object-server[93955]: ::1 - - [06/Oct/2025:03:43:56 +0000] "GET /3/19268/AUTH_7aebe34b89554e87825206ce40aeb2f7/gnocchi.b178ae85-0ae5-47cb-86d6-199154bf77a0/none_v3" 404 70 "GET https://[::1]:8080/v1/AUTH_7aebe34b89554e87825206ce40aeb2f7/gnocchi.b178ae85-0ae5-47cb-86d6-199154bf77a0/none_v3" "tx96d4c9e22d464ecab02eb-0068e33afc" "proxy-server 94957" 0.0003 "-" 93955 0
Oct 05 23:43:56 np0005471485.novalocal object-server[93954]: ::1 - - [06/Oct/2025:03:43:56 +0000] "GET /2/19268/AUTH_7aebe34b89554e87825206ce40aeb2f7/gnocchi.b178ae85-0ae5-47cb-86d6-199154bf77a0/none_v3" 404 70 "GET https://[::1]:8080/v1/AUTH_7aebe34b89554e87825206ce40aeb2f7/gnocchi.b178ae85-0ae5-47cb-86d6-199154bf77a0/none_v3" "tx96d4c9e22d464ecab02eb-0068e33afc" "proxy-server 94957" 0.0003 "-" 93954 0
Oct 05 23:43:56 np0005471485.novalocal object-server[93954]: ::1 - - [06/Oct/2025:03:43:56 +0000] "GET /1/19268/AUTH_7aebe34b89554e87825206ce40aeb2f7/gnocchi.b178ae85-0ae5-47cb-86d6-199154bf77a0/none_v3" 404 70 "GET https://[::1]:8080/v1/AUTH_7aebe34b89554e87825206ce40aeb2f7/gnocchi.b178ae85-0ae5-47cb-86d6-199154bf77a0/none_v3" "tx96d4c9e22d464ecab02eb-0068e33afc" "proxy-server 94957" 0.0002 "-" 93954 0
Oct 05 23:43:56 np0005471485.novalocal proxy-server[94957]: ::1 ::1 06/Oct/2025/03/43/56 GET /v1/AUTH_7aebe34b89554e87825206ce40aeb2f7/gnocchi.b178ae85-0ae5-47cb-86d6-199154bf77a0/none_v3 HTTP/1.0 404 - python-swiftclient-4.8.0 gAAAAABo4zrG_lV4... - 70 - tx96d4c9e22d464ecab02eb-0068e33afc - 0.0254 - - 1759722236.585511923 1759722236.610950708 0 7b03bd18aea8470cbeb747235c58da52
Oct 05 23:43:56 np0005471485.novalocal account-server[93328]: ::1 - - [06/Oct/2025:03:43:56 +0000] "PUT /2/145150/AUTH_7aebe34b89554e87825206ce40aeb2f7/gnocchi.b178ae85-0ae5-47cb-86d6-199154bf77a0" 201 - "PUT http://[::1]:6001/2/43365/AUTH_7aebe34b89554e87825206ce40aeb2f7/gnocchi.b178ae85-0ae5-47cb-86d6-199154bf77a0" "tx00e3938201ae47e5a81f1-0068e33afc" "container-server 93621" 0.0036 "-" 93328 0
Oct 05 23:43:56 np0005471485.novalocal container-server[93621]: ::1 - - [06/Oct/2025:03:43:56 +0000] "PUT /2/43365/AUTH_7aebe34b89554e87825206ce40aeb2f7/gnocchi.b178ae85-0ae5-47cb-86d6-199154bf77a0" 201 - "PUT https://[::1]:8080/v1/AUTH_7aebe34b89554e87825206ce40aeb2f7/gnocchi.b178ae85-0ae5-47cb-86d6-199154bf77a0" "tx00e3938201ae47e5a81f1-0068e33afc" "proxy-server 94957" 0.0165 "-" 93621 0
Oct 05 23:43:56 np0005471485.novalocal account-server[93329]: ::1 - - [06/Oct/2025:03:43:56 +0000] "PUT /3/145150/AUTH_7aebe34b89554e87825206ce40aeb2f7/gnocchi.b178ae85-0ae5-47cb-86d6-199154bf77a0" 201 - "PUT http://[::1]:6001/3/43365/AUTH_7aebe34b89554e87825206ce40aeb2f7/gnocchi.b178ae85-0ae5-47cb-86d6-199154bf77a0" "tx00e3938201ae47e5a81f1-0068e33afc" "container-server 93622" 0.0064 "-" 93329 0
Oct 05 23:43:56 np0005471485.novalocal container-server[93622]: ::1 - - [06/Oct/2025:03:43:56 +0000] "PUT /3/43365/AUTH_7aebe34b89554e87825206ce40aeb2f7/gnocchi.b178ae85-0ae5-47cb-86d6-199154bf77a0" 201 - "PUT https://[::1]:8080/v1/AUTH_7aebe34b89554e87825206ce40aeb2f7/gnocchi.b178ae85-0ae5-47cb-86d6-199154bf77a0" "tx00e3938201ae47e5a81f1-0068e33afc" "proxy-server 94957" 0.0193 "-" 93622 0
Oct 05 23:43:56 np0005471485.novalocal account-server[93328]: ::1 - - [06/Oct/2025:03:43:56 +0000] "PUT /1/145150/AUTH_7aebe34b89554e87825206ce40aeb2f7/gnocchi.b178ae85-0ae5-47cb-86d6-199154bf77a0" 201 - "PUT http://[::1]:6001/1/43365/AUTH_7aebe34b89554e87825206ce40aeb2f7/gnocchi.b178ae85-0ae5-47cb-86d6-199154bf77a0" "tx00e3938201ae47e5a81f1-0068e33afc" "container-server 93621" 0.0034 "-" 93328 0
Oct 05 23:43:56 np0005471485.novalocal container-server[93621]: ::1 - - [06/Oct/2025:03:43:56 +0000] "PUT /1/43365/AUTH_7aebe34b89554e87825206ce40aeb2f7/gnocchi.b178ae85-0ae5-47cb-86d6-199154bf77a0" 201 - "PUT https://[::1]:8080/v1/AUTH_7aebe34b89554e87825206ce40aeb2f7/gnocchi.b178ae85-0ae5-47cb-86d6-199154bf77a0" "tx00e3938201ae47e5a81f1-0068e33afc" "proxy-server 94957" 0.0126 "-" 93621 0
Oct 05 23:43:56 np0005471485.novalocal proxy-server[94957]: ::1 ::1 06/Oct/2025/03/43/56 PUT /v1/AUTH_7aebe34b89554e87825206ce40aeb2f7/gnocchi.b178ae85-0ae5-47cb-86d6-199154bf77a0 HTTP/1.0 201 - python-swiftclient-4.8.0 gAAAAABo4zrG_lV4... - - - tx00e3938201ae47e5a81f1-0068e33afc - 0.0294 - - 1759722236.613954782 1759722236.643336773 0 7b03bd18aea8470cbeb747235c58da52
Oct 05 23:43:56 np0005471485.novalocal account-server[93328]: ::1 - - [06/Oct/2025:03:43:56 +0000] "PUT /3/145150/AUTH_7aebe34b89554e87825206ce40aeb2f7/gnocchi.e9bf18da-02d2-4d76-891d-9dda6f16d513" 201 - "-" "-" "container-updater 92792" 0.0003 "-" 93328 0
Oct 05 23:43:56 np0005471485.novalocal account-server[93328]: ::1 - - [06/Oct/2025:03:43:56 +0000] "PUT /2/145150/AUTH_7aebe34b89554e87825206ce40aeb2f7/gnocchi.e9bf18da-02d2-4d76-891d-9dda6f16d513" 201 - "-" "-" "container-updater 92792" 0.0002 "-" 93328 0
Oct 05 23:43:56 np0005471485.novalocal account-server[93329]: ::1 - - [06/Oct/2025:03:43:56 +0000] "PUT /1/145150/AUTH_7aebe34b89554e87825206ce40aeb2f7/gnocchi.e9bf18da-02d2-4d76-891d-9dda6f16d513" 201 - "-" "-" "container-updater 92792" 0.0006 "-" 93329 0
Oct 05 23:43:56 np0005471485.novalocal container-server[93622]: ::1 - - [06/Oct/2025:03:43:56 +0000] "HEAD /1/39505/AUTH_7aebe34b89554e87825206ce40aeb2f7/gnocchi.6ab14177-eba4-4ffe-9ce4-bb2fc1a846a0" 204 - "HEAD http://[::1]:8080/v1/AUTH_7aebe34b89554e87825206ce40aeb2f7/gnocchi.6ab14177-eba4-4ffe-9ce4-bb2fc1a846a0" "txbb4eae2a3641414ca4963-0068e33afc" "proxy-server 94957" 0.0024 "-" 93622 0
Oct 05 23:43:56 np0005471485.novalocal proxy-server[94957]: - - 06/Oct/2025/03/43/56 HEAD /v1/AUTH_7aebe34b89554e87825206ce40aeb2f7/gnocchi.6ab14177-eba4-4ffe-9ce4-bb2fc1a846a0 HTTP/1.0 204 - Swift - - - - txbb4eae2a3641414ca4963-0068e33afc - 0.0080 CS - 1759722236.647598505 1759722236.655579090 0 -
Oct 05 23:43:56 np0005471485.novalocal container-server[93622]: ::1 - - [06/Oct/2025:03:43:56 +0000] "GET /1/39505/AUTH_7aebe34b89554e87825206ce40aeb2f7/gnocchi.6ab14177-eba4-4ffe-9ce4-bb2fc1a846a0" 200 2 "GET https://[::1]:8080/v1/AUTH_7aebe34b89554e87825206ce40aeb2f7/gnocchi.6ab14177-eba4-4ffe-9ce4-bb2fc1a846a0?format=json&states=listing" "txbb4eae2a3641414ca4963-0068e33afc" "proxy-server 94957" 0.0026 "-" 93622 0
Oct 05 23:43:56 np0005471485.novalocal proxy-server[94957]: ::1 ::1 06/Oct/2025/03/43/56 GET /v1/AUTH_7aebe34b89554e87825206ce40aeb2f7/gnocchi.6ab14177-eba4-4ffe-9ce4-bb2fc1a846a0%3Fformat%3Djson%26states%3Dlisting HTTP/1.0 200 - python-swiftclient-4.8.0 gAAAAABo4zrG_lV4... - 2 - txbb4eae2a3641414ca4963-0068e33afc - 0.0200 - - 1759722236.646796703 1759722236.666836977 0 7b03bd18aea8470cbeb747235c58da52
Oct 05 23:43:56 np0005471485.novalocal container-server[93622]: ::1 - - [06/Oct/2025:03:43:56 +0000] "HEAD /1/43365/AUTH_7aebe34b89554e87825206ce40aeb2f7/gnocchi.b178ae85-0ae5-47cb-86d6-199154bf77a0" 204 - "HEAD http://[::1]:8080/v1/AUTH_7aebe34b89554e87825206ce40aeb2f7/gnocchi.b178ae85-0ae5-47cb-86d6-199154bf77a0" "tx7dba6e836f94408d9a25b-0068e33afc" "proxy-server 94957" 0.0018 "-" 93622 0
Oct 05 23:43:56 np0005471485.novalocal proxy-server[94957]: - - 06/Oct/2025/03/43/56 HEAD /v1/AUTH_7aebe34b89554e87825206ce40aeb2f7/gnocchi.b178ae85-0ae5-47cb-86d6-199154bf77a0 HTTP/1.0 204 - Swift - - - - tx7dba6e836f94408d9a25b-0068e33afc - 0.0063 CS - 1759722236.671509743 1759722236.677809477 0 -
Oct 05 23:43:56 np0005471485.novalocal container-server[93621]: ::1 - - [06/Oct/2025:03:43:56 +0000] "GET /1/43365/AUTH_7aebe34b89554e87825206ce40aeb2f7/gnocchi.b178ae85-0ae5-47cb-86d6-199154bf77a0" 200 2 "GET https://[::1]:8080/v1/AUTH_7aebe34b89554e87825206ce40aeb2f7/gnocchi.b178ae85-0ae5-47cb-86d6-199154bf77a0?format=json&states=listing" "tx7dba6e836f94408d9a25b-0068e33afc" "proxy-server 94957" 0.0018 "-" 93621 0
Oct 05 23:43:56 np0005471485.novalocal proxy-server[94957]: ::1 ::1 06/Oct/2025/03/43/56 GET /v1/AUTH_7aebe34b89554e87825206ce40aeb2f7/gnocchi.b178ae85-0ae5-47cb-86d6-199154bf77a0%3Fformat%3Djson%26states%3Dlisting HTTP/1.0 200 - python-swiftclient-4.8.0 gAAAAABo4zrG_lV4... - 2 - tx7dba6e836f94408d9a25b-0068e33afc - 0.0172 - - 1759722236.670717716 1759722236.687880039 0 7b03bd18aea8470cbeb747235c58da52
Oct 05 23:43:56 np0005471485.novalocal object-server[93955]: ::1 - - [06/Oct/2025:03:43:56 +0000] "GET /2/233924/AUTH_7aebe34b89554e87825206ce40aeb2f7/gnocchi.6ab14177-eba4-4ffe-9ce4-bb2fc1a846a0/1759320000.0_mean_300.0_v3" 404 70 "GET https://[::1]:8080/v1/AUTH_7aebe34b89554e87825206ce40aeb2f7/gnocchi.6ab14177-eba4-4ffe-9ce4-bb2fc1a846a0/1759320000.0_mean_300.0_v3" "tx3041ab53ef4440638c292-0068e33afc" "proxy-server 94957" 0.0003 "-" 93955 0
Oct 05 23:43:56 np0005471485.novalocal object-server[93954]: ::1 - - [06/Oct/2025:03:43:56 +0000] "GET /3/233924/AUTH_7aebe34b89554e87825206ce40aeb2f7/gnocchi.6ab14177-eba4-4ffe-9ce4-bb2fc1a846a0/1759320000.0_mean_300.0_v3" 404 70 "GET https://[::1]:8080/v1/AUTH_7aebe34b89554e87825206ce40aeb2f7/gnocchi.6ab14177-eba4-4ffe-9ce4-bb2fc1a846a0/1759320000.0_mean_300.0_v3" "tx3041ab53ef4440638c292-0068e33afc" "proxy-server 94957" 0.0008 "-" 93954 0
Oct 05 23:43:56 np0005471485.novalocal object-server[93954]: ::1 - - [06/Oct/2025:03:43:56 +0000] "GET /1/233924/AUTH_7aebe34b89554e87825206ce40aeb2f7/gnocchi.6ab14177-eba4-4ffe-9ce4-bb2fc1a846a0/1759320000.0_mean_300.0_v3" 404 70 "GET https://[::1]:8080/v1/AUTH_7aebe34b89554e87825206ce40aeb2f7/gnocchi.6ab14177-eba4-4ffe-9ce4-bb2fc1a846a0/1759320000.0_mean_300.0_v3" "tx3041ab53ef4440638c292-0068e33afc" "proxy-server 94957" 0.0005 "-" 93954 0
Oct 05 23:43:56 np0005471485.novalocal proxy-server[94957]: ::1 ::1 06/Oct/2025/03/43/56 GET /v1/AUTH_7aebe34b89554e87825206ce40aeb2f7/gnocchi.6ab14177-eba4-4ffe-9ce4-bb2fc1a846a0/1759320000.0_mean_300.0_v3 HTTP/1.0 404 - python-swiftclient-4.8.0 gAAAAABo4zrG_lV4... - 70 - tx3041ab53ef4440638c292-0068e33afc - 0.0150 - - 1759722236.691442966 1759722236.706485748 0 7b03bd18aea8470cbeb747235c58da52
Oct 05 23:43:56 np0005471485.novalocal object-server[93955]: ::1 - - [06/Oct/2025:03:43:56 +0000] "GET /3/240785/AUTH_7aebe34b89554e87825206ce40aeb2f7/gnocchi.b178ae85-0ae5-47cb-86d6-199154bf77a0/1759320000.0_mean_300.0_v3" 404 70 "GET https://[::1]:8080/v1/AUTH_7aebe34b89554e87825206ce40aeb2f7/gnocchi.b178ae85-0ae5-47cb-86d6-199154bf77a0/1759320000.0_mean_300.0_v3" "tx99e00d6156474194858d5-0068e33afc" "proxy-server 94957" 0.0003 "-" 93955 0
Oct 05 23:43:56 np0005471485.novalocal object-server[93955]: ::1 - - [06/Oct/2025:03:43:56 +0000] "GET /1/240785/AUTH_7aebe34b89554e87825206ce40aeb2f7/gnocchi.b178ae85-0ae5-47cb-86d6-199154bf77a0/1759320000.0_mean_300.0_v3" 404 70 "GET https://[::1]:8080/v1/AUTH_7aebe34b89554e87825206ce40aeb2f7/gnocchi.b178ae85-0ae5-47cb-86d6-199154bf77a0/1759320000.0_mean_300.0_v3" "tx99e00d6156474194858d5-0068e33afc" "proxy-server 94957" 0.0002 "-" 93955 0
Oct 05 23:43:56 np0005471485.novalocal object-server[93955]: ::1 - - [06/Oct/2025:03:43:56 +0000] "GET /2/240785/AUTH_7aebe34b89554e87825206ce40aeb2f7/gnocchi.b178ae85-0ae5-47cb-86d6-199154bf77a0/1759320000.0_mean_300.0_v3" 404 70 "GET https://[::1]:8080/v1/AUTH_7aebe34b89554e87825206ce40aeb2f7/gnocchi.b178ae85-0ae5-47cb-86d6-199154bf77a0/1759320000.0_mean_300.0_v3" "tx99e00d6156474194858d5-0068e33afc" "proxy-server 94957" 0.0002 "-" 93955 0
Oct 05 23:43:56 np0005471485.novalocal proxy-server[94957]: ::1 ::1 06/Oct/2025/03/43/56 GET /v1/AUTH_7aebe34b89554e87825206ce40aeb2f7/gnocchi.b178ae85-0ae5-47cb-86d6-199154bf77a0/1759320000.0_mean_300.0_v3 HTTP/1.0 404 - python-swiftclient-4.8.0 gAAAAABo4zrG_lV4... - 70 - tx99e00d6156474194858d5-0068e33afc - 0.0128 - - 1759722236.709386349 1759722236.722233295 0 7b03bd18aea8470cbeb747235c58da52
Oct 05 23:43:56 np0005471485.novalocal container-server[93621]: ::1 - - [06/Oct/2025:03:43:56 +0000] "PUT /3/39505/AUTH_7aebe34b89554e87825206ce40aeb2f7/gnocchi.6ab14177-eba4-4ffe-9ce4-bb2fc1a846a0/1759320000.0_mean_300.0_v3" 201 - "PUT http://[::1]:8080/1/233924/AUTH_7aebe34b89554e87825206ce40aeb2f7/gnocchi.6ab14177-eba4-4ffe-9ce4-bb2fc1a846a0/1759320000.0_mean_300.0_v3" "tx657ef66d31644ec19e992-0068e33afc" "object-server 93954" 0.0006 "-" 93621 0
Oct 05 23:43:56 np0005471485.novalocal container-server[93621]: ::1 - - [06/Oct/2025:03:43:56 +0000] "PUT /1/39505/AUTH_7aebe34b89554e87825206ce40aeb2f7/gnocchi.6ab14177-eba4-4ffe-9ce4-bb2fc1a846a0/1759320000.0_mean_300.0_v3" 201 - "PUT http://[::1]:8080/3/233924/AUTH_7aebe34b89554e87825206ce40aeb2f7/gnocchi.6ab14177-eba4-4ffe-9ce4-bb2fc1a846a0/1759320000.0_mean_300.0_v3" "tx657ef66d31644ec19e992-0068e33afc" "object-server 93954" 0.0003 "-" 93621 0
Oct 05 23:43:56 np0005471485.novalocal object-server[93954]: ::1 - - [06/Oct/2025:03:43:56 +0000] "PUT /1/233924/AUTH_7aebe34b89554e87825206ce40aeb2f7/gnocchi.6ab14177-eba4-4ffe-9ce4-bb2fc1a846a0/1759320000.0_mean_300.0_v3" 201 - "PUT https://[::1]:8080/v1/AUTH_7aebe34b89554e87825206ce40aeb2f7/gnocchi.6ab14177-eba4-4ffe-9ce4-bb2fc1a846a0/1759320000.0_mean_300.0_v3" "tx657ef66d31644ec19e992-0068e33afc" "proxy-server 94957" 0.0113 "-" 93954 0
Oct 05 23:43:56 np0005471485.novalocal container-server[93622]: ::1 - - [06/Oct/2025:03:43:56 +0000] "PUT /2/39505/AUTH_7aebe34b89554e87825206ce40aeb2f7/gnocchi.6ab14177-eba4-4ffe-9ce4-bb2fc1a846a0/1759320000.0_mean_300.0_v3" 201 - "PUT http://[::1]:8080/2/233924/AUTH_7aebe34b89554e87825206ce40aeb2f7/gnocchi.6ab14177-eba4-4ffe-9ce4-bb2fc1a846a0/1759320000.0_mean_300.0_v3" "tx657ef66d31644ec19e992-0068e33afc" "object-server 93954" 0.0018 "-" 93622 0
Oct 05 23:43:56 np0005471485.novalocal object-server[93954]: ::1 - - [06/Oct/2025:03:43:56 +0000] "PUT /3/233924/AUTH_7aebe34b89554e87825206ce40aeb2f7/gnocchi.6ab14177-eba4-4ffe-9ce4-bb2fc1a846a0/1759320000.0_mean_300.0_v3" 201 - "PUT https://[::1]:8080/v1/AUTH_7aebe34b89554e87825206ce40aeb2f7/gnocchi.6ab14177-eba4-4ffe-9ce4-bb2fc1a846a0/1759320000.0_mean_300.0_v3" "tx657ef66d31644ec19e992-0068e33afc" "proxy-server 94957" 0.0142 "-" 93954 0
Oct 05 23:43:56 np0005471485.novalocal object-server[93954]: ::1 - - [06/Oct/2025:03:43:56 +0000] "PUT /2/233924/AUTH_7aebe34b89554e87825206ce40aeb2f7/gnocchi.6ab14177-eba4-4ffe-9ce4-bb2fc1a846a0/1759320000.0_mean_300.0_v3" 201 - "PUT https://[::1]:8080/v1/AUTH_7aebe34b89554e87825206ce40aeb2f7/gnocchi.6ab14177-eba4-4ffe-9ce4-bb2fc1a846a0/1759320000.0_mean_300.0_v3" "tx657ef66d31644ec19e992-0068e33afc" "proxy-server 94957" 0.0140 "-" 93954 0
Oct 05 23:43:56 np0005471485.novalocal proxy-server[94957]: ::1 ::1 06/Oct/2025/03/43/56 PUT /v1/AUTH_7aebe34b89554e87825206ce40aeb2f7/gnocchi.6ab14177-eba4-4ffe-9ce4-bb2fc1a846a0/1759320000.0_mean_300.0_v3 HTTP/1.0 201 - python-swiftclient-4.8.0 gAAAAABo4zrG_lV4... 16 - - tx657ef66d31644ec19e992-0068e33afc - 0.0267 - - 1759722236.725412846 1759722236.752108335 0 7b03bd18aea8470cbeb747235c58da52
Oct 05 23:43:56 np0005471485.novalocal account-server[93329]: ::1 - - [06/Oct/2025:03:43:56 +0000] "PUT /3/145150/AUTH_7aebe34b89554e87825206ce40aeb2f7/gnocchi.24678e97-0224-4cea-9109-621677280207" 201 - "-" "-" "container-updater 92792" 0.0004 "-" 93329 0
Oct 05 23:43:56 np0005471485.novalocal account-server[93329]: ::1 - - [06/Oct/2025:03:43:56 +0000] "PUT /1/145150/AUTH_7aebe34b89554e87825206ce40aeb2f7/gnocchi.24678e97-0224-4cea-9109-621677280207" 201 - "-" "-" "container-updater 92792" 0.0002 "-" 93329 0
