Oct 05 23:44:13 np0005471485.novalocal container-server[93622]: ::1 - - [06/Oct/2025:03:44:13 +0000] "PUT /2/82738/AUTH_7aebe34b89554e87825206ce40aeb2f7/gnocchi.03aeb6d6-5215-42db-83df-6449c091d6a1/1759320000.0_mean_300.0_v3" 201 - "PUT http://[::1]:8080/3/208747/AUTH_7aebe34b89554e87825206ce40aeb2f7/gnocchi.03aeb6d6-5215-42db-83df-6449c091d6a1/1759320000.0_mean_300.0_v3" "tx72d1e9777e744ab992c5f-0068e33b0d" "object-server 93954" 0.0005 "-" 93622 0
Oct 05 23:44:13 np0005471485.novalocal container-server[93621]: ::1 - - [06/Oct/2025:03:44:13 +0000] "PUT /3/82738/AUTH_7aebe34b89554e87825206ce40aeb2f7/gnocchi.03aeb6d6-5215-42db-83df-6449c091d6a1/1759320000.0_mean_300.0_v3" 201 - "PUT http://[::1]:8080/1/208747/AUTH_7aebe34b89554e87825206ce40aeb2f7/gnocchi.03aeb6d6-5215-42db-83df-6449c091d6a1/1759320000.0_mean_300.0_v3" "tx72d1e9777e744ab992c5f-0068e33b0d" "object-server 93955" 0.0009 "-" 93621 0
Oct 05 23:44:13 np0005471485.novalocal container-server[93622]: ::1 - - [06/Oct/2025:03:44:13 +0000] "PUT /1/82738/AUTH_7aebe34b89554e87825206ce40aeb2f7/gnocchi.03aeb6d6-5215-42db-83df-6449c091d6a1/1759320000.0_mean_300.0_v3" 201 - "PUT http://[::1]:8080/2/208747/AUTH_7aebe34b89554e87825206ce40aeb2f7/gnocchi.03aeb6d6-5215-42db-83df-6449c091d6a1/1759320000.0_mean_300.0_v3" "tx72d1e9777e744ab992c5f-0068e33b0d" "object-server 93954" 0.0003 "-" 93622 0
Oct 05 23:44:13 np0005471485.novalocal object-server[93954]: ::1 - - [06/Oct/2025:03:44:13 +0000] "PUT /3/208747/AUTH_7aebe34b89554e87825206ce40aeb2f7/gnocchi.03aeb6d6-5215-42db-83df-6449c091d6a1/1759320000.0_mean_300.0_v3" 201 - "PUT https://[::1]:8080/v1/AUTH_7aebe34b89554e87825206ce40aeb2f7/gnocchi.03aeb6d6-5215-42db-83df-6449c091d6a1/1759320000.0_mean_300.0_v3" "tx72d1e9777e744ab992c5f-0068e33b0d" "proxy-server 94957" 0.0111 "-" 93954 0
Oct 05 23:44:13 np0005471485.novalocal object-server[93955]: ::1 - - [06/Oct/2025:03:44:13 +0000] "PUT /1/208747/AUTH_7aebe34b89554e87825206ce40aeb2f7/gnocchi.03aeb6d6-5215-42db-83df-6449c091d6a1/1759320000.0_mean_300.0_v3" 201 - "PUT https://[::1]:8080/v1/AUTH_7aebe34b89554e87825206ce40aeb2f7/gnocchi.03aeb6d6-5215-42db-83df-6449c091d6a1/1759320000.0_mean_300.0_v3" "tx72d1e9777e744ab992c5f-0068e33b0d" "proxy-server 94957" 0.0143 "-" 93955 0
Oct 05 23:44:13 np0005471485.novalocal object-server[93954]: ::1 - - [06/Oct/2025:03:44:13 +0000] "PUT /2/208747/AUTH_7aebe34b89554e87825206ce40aeb2f7/gnocchi.03aeb6d6-5215-42db-83df-6449c091d6a1/1759320000.0_mean_300.0_v3" 201 - "PUT https://[::1]:8080/v1/AUTH_7aebe34b89554e87825206ce40aeb2f7/gnocchi.03aeb6d6-5215-42db-83df-6449c091d6a1/1759320000.0_mean_300.0_v3" "tx72d1e9777e744ab992c5f-0068e33b0d" "proxy-server 94957" 0.0147 "-" 93954 0
Oct 05 23:44:13 np0005471485.novalocal proxy-server[94957]: ::1 ::1 06/Oct/2025/03/44/13 PUT /v1/AUTH_7aebe34b89554e87825206ce40aeb2f7/gnocchi.03aeb6d6-5215-42db-83df-6449c091d6a1/1759320000.0_mean_300.0_v3 HTTP/1.0 201 - python-swiftclient-4.8.0 gAAAAABo4zrI4CaX... 16 - - tx72d1e9777e744ab992c5f-0068e33b0d - 0.0233 - - 1759722253.546764374 1759722253.570054770 0 7b03bd18aea8470cbeb747235c58da52
Oct 05 23:44:13 np0005471485.novalocal container-server[93621]: ::1 - - [06/Oct/2025:03:44:13 +0000] "PUT /1/82738/AUTH_7aebe34b89554e87825206ce40aeb2f7/gnocchi.03aeb6d6-5215-42db-83df-6449c091d6a1/none_v3" 201 - "PUT http://[::1]:8080/3/159544/AUTH_7aebe34b89554e87825206ce40aeb2f7/gnocchi.03aeb6d6-5215-42db-83df-6449c091d6a1/none_v3" "tx0b7bc77782cf4c6584c2c-0068e33b0d" "object-server 93954" 0.0007 "-" 93621 0
Oct 05 23:44:13 np0005471485.novalocal object-server[93954]: ::1 - - [06/Oct/2025:03:44:13 +0000] "PUT /3/159544/AUTH_7aebe34b89554e87825206ce40aeb2f7/gnocchi.03aeb6d6-5215-42db-83df-6449c091d6a1/none_v3" 201 - "PUT https://[::1]:8080/v1/AUTH_7aebe34b89554e87825206ce40aeb2f7/gnocchi.03aeb6d6-5215-42db-83df-6449c091d6a1/none_v3" "tx0b7bc77782cf4c6584c2c-0068e33b0d" "proxy-server 94957" 0.0112 "-" 93954 0
Oct 05 23:44:13 np0005471485.novalocal container-server[93622]: ::1 - - [06/Oct/2025:03:44:13 +0000] "PUT /2/82738/AUTH_7aebe34b89554e87825206ce40aeb2f7/gnocchi.03aeb6d6-5215-42db-83df-6449c091d6a1/none_v3" 201 - "PUT http://[::1]:8080/1/159544/AUTH_7aebe34b89554e87825206ce40aeb2f7/gnocchi.03aeb6d6-5215-42db-83df-6449c091d6a1/none_v3" "tx0b7bc77782cf4c6584c2c-0068e33b0d" "object-server 93955" 0.0005 "-" 93622 0
Oct 05 23:44:13 np0005471485.novalocal object-server[93955]: ::1 - - [06/Oct/2025:03:44:13 +0000] "PUT /1/159544/AUTH_7aebe34b89554e87825206ce40aeb2f7/gnocchi.03aeb6d6-5215-42db-83df-6449c091d6a1/none_v3" 201 - "PUT https://[::1]:8080/v1/AUTH_7aebe34b89554e87825206ce40aeb2f7/gnocchi.03aeb6d6-5215-42db-83df-6449c091d6a1/none_v3" "tx0b7bc77782cf4c6584c2c-0068e33b0d" "proxy-server 94957" 0.0122 "-" 93955 0
Oct 05 23:44:13 np0005471485.novalocal container-server[93621]: ::1 - - [06/Oct/2025:03:44:13 +0000] "PUT /3/82738/AUTH_7aebe34b89554e87825206ce40aeb2f7/gnocchi.03aeb6d6-5215-42db-83df-6449c091d6a1/none_v3" 201 - "PUT http://[::1]:8080/2/159544/AUTH_7aebe34b89554e87825206ce40aeb2f7/gnocchi.03aeb6d6-5215-42db-83df-6449c091d6a1/none_v3" "tx0b7bc77782cf4c6584c2c-0068e33b0d" "object-server 93954" 0.0006 "-" 93621 0
Oct 05 23:44:13 np0005471485.novalocal object-server[93954]: ::1 - - [06/Oct/2025:03:44:13 +0000] "PUT /2/159544/AUTH_7aebe34b89554e87825206ce40aeb2f7/gnocchi.03aeb6d6-5215-42db-83df-6449c091d6a1/none_v3" 201 - "PUT https://[::1]:8080/v1/AUTH_7aebe34b89554e87825206ce40aeb2f7/gnocchi.03aeb6d6-5215-42db-83df-6449c091d6a1/none_v3" "tx0b7bc77782cf4c6584c2c-0068e33b0d" "proxy-server 94957" 0.0147 "-" 93954 0
Oct 05 23:44:13 np0005471485.novalocal proxy-server[94957]: ::1 ::1 06/Oct/2025/03/44/13 PUT /v1/AUTH_7aebe34b89554e87825206ce40aeb2f7/gnocchi.03aeb6d6-5215-42db-83df-6449c091d6a1/none_v3 HTTP/1.0 201 - python-swiftclient-4.8.0 gAAAAABo4zrI4CaX... 22 - - tx0b7bc77782cf4c6584c2c-0068e33b0d - 0.0225 - - 1759722253.572827816 1759722253.595326424 0 7b03bd18aea8470cbeb747235c58da52
Oct 05 23:44:13 np0005471485.novalocal dnsmasq-dhcp[100719]: DHCPRELEASE(tapc1aa72b4-d1) 10.100.0.10 fa:16:3e:ae:8a:17
Oct 05 23:44:13 np0005471485.novalocal container-server[93622]: ::1 - - [06/Oct/2025:03:44:13 +0000] "HEAD /3/254666/AUTH_7aebe34b89554e87825206ce40aeb2f7/gnocchi.f0214978-4b47-4eb1-a0c1-9ae50bd75ab2" 404 - "HEAD http://[::1]:8080/v1/AUTH_7aebe34b89554e87825206ce40aeb2f7/gnocchi.f0214978-4b47-4eb1-a0c1-9ae50bd75ab2" "txe521161fe35e4006a502b-0068e33b0d" "proxy-server 94957" 0.0003 "-" 93622 0
Oct 05 23:44:13 np0005471485.novalocal container-server[93622]: ::1 - - [06/Oct/2025:03:44:13 +0000] "HEAD /1/254666/AUTH_7aebe34b89554e87825206ce40aeb2f7/gnocchi.f0214978-4b47-4eb1-a0c1-9ae50bd75ab2" 404 - "HEAD http://[::1]:8080/v1/AUTH_7aebe34b89554e87825206ce40aeb2f7/gnocchi.f0214978-4b47-4eb1-a0c1-9ae50bd75ab2" "txe521161fe35e4006a502b-0068e33b0d" "proxy-server 94957" 0.0002 "-" 93622 0
Oct 05 23:44:13 np0005471485.novalocal container-server[93622]: ::1 - - [06/Oct/2025:03:44:13 +0000] "HEAD /2/254666/AUTH_7aebe34b89554e87825206ce40aeb2f7/gnocchi.f0214978-4b47-4eb1-a0c1-9ae50bd75ab2" 404 - "HEAD http://[::1]:8080/v1/AUTH_7aebe34b89554e87825206ce40aeb2f7/gnocchi.f0214978-4b47-4eb1-a0c1-9ae50bd75ab2" "txe521161fe35e4006a502b-0068e33b0d" "proxy-server 94957" 0.0002 "-" 93622 0
Oct 05 23:44:13 np0005471485.novalocal proxy-server[94957]: - - 06/Oct/2025/03/44/13 HEAD /v1/AUTH_7aebe34b89554e87825206ce40aeb2f7/gnocchi.f0214978-4b47-4eb1-a0c1-9ae50bd75ab2 HTTP/1.0 404 - Swift - - - - txe521161fe35e4006a502b-0068e33b0d - 0.0072 CS - 1759722253.620818615 1759722253.628013372 0 -
Oct 05 23:44:13 np0005471485.novalocal object-server[93954]: ::1 - - [06/Oct/2025:03:44:13 +0000] "GET /3/77661/AUTH_7aebe34b89554e87825206ce40aeb2f7/gnocchi.f0214978-4b47-4eb1-a0c1-9ae50bd75ab2/none_v3" 404 70 "GET https://[::1]:8080/v1/AUTH_7aebe34b89554e87825206ce40aeb2f7/gnocchi.f0214978-4b47-4eb1-a0c1-9ae50bd75ab2/none_v3" "txe521161fe35e4006a502b-0068e33b0d" "proxy-server 94957" 0.0003 "-" 93954 0
Oct 05 23:44:13 np0005471485.novalocal object-server[93954]: ::1 - - [06/Oct/2025:03:44:13 +0000] "GET /1/77661/AUTH_7aebe34b89554e87825206ce40aeb2f7/gnocchi.f0214978-4b47-4eb1-a0c1-9ae50bd75ab2/none_v3" 404 70 "GET https://[::1]:8080/v1/AUTH_7aebe34b89554e87825206ce40aeb2f7/gnocchi.f0214978-4b47-4eb1-a0c1-9ae50bd75ab2/none_v3" "txe521161fe35e4006a502b-0068e33b0d" "proxy-server 94957" 0.0002 "-" 93954 0
Oct 05 23:44:13 np0005471485.novalocal dnsmasq-dhcp[100719]: DHCPRELEASE(tapc1aa72b4-d1) 10.100.0.10 fa:16:3e:ae:8a:17 unknown lease
Oct 05 23:44:13 np0005471485.novalocal object-server[93954]: ::1 - - [06/Oct/2025:03:44:13 +0000] "GET /2/77661/AUTH_7aebe34b89554e87825206ce40aeb2f7/gnocchi.f0214978-4b47-4eb1-a0c1-9ae50bd75ab2/none_v3" 404 70 "GET https://[::1]:8080/v1/AUTH_7aebe34b89554e87825206ce40aeb2f7/gnocchi.f0214978-4b47-4eb1-a0c1-9ae50bd75ab2/none_v3" "txe521161fe35e4006a502b-0068e33b0d" "proxy-server 94957" 0.0002 "-" 93954 0
Oct 05 23:44:13 np0005471485.novalocal proxy-server[94957]: ::1 ::1 06/Oct/2025/03/44/13 GET /v1/AUTH_7aebe34b89554e87825206ce40aeb2f7/gnocchi.f0214978-4b47-4eb1-a0c1-9ae50bd75ab2/none_v3 HTTP/1.0 404 - python-swiftclient-4.8.0 gAAAAABo4zrI4CaX... - 70 - txe521161fe35e4006a502b-0068e33b0d - 0.0180 - - 1759722253.619101763 1759722253.637072563 0 7b03bd18aea8470cbeb747235c58da52
Oct 05 23:44:13 np0005471485.novalocal account-server[93329]: ::1 - - [06/Oct/2025:03:44:13 +0000] "PUT /2/145150/AUTH_7aebe34b89554e87825206ce40aeb2f7/gnocchi.f0214978-4b47-4eb1-a0c1-9ae50bd75ab2" 201 - "PUT http://[::1]:6001/2/254666/AUTH_7aebe34b89554e87825206ce40aeb2f7/gnocchi.f0214978-4b47-4eb1-a0c1-9ae50bd75ab2" "txdafdaccd3e5a417f992b2-0068e33b0d" "container-server 93621" 0.0050 "-" 93329 0
Oct 05 23:44:13 np0005471485.novalocal container-server[93621]: ::1 - - [06/Oct/2025:03:44:13 +0000] "PUT /2/254666/AUTH_7aebe34b89554e87825206ce40aeb2f7/gnocchi.f0214978-4b47-4eb1-a0c1-9ae50bd75ab2" 201 - "PUT https://[::1]:8080/v1/AUTH_7aebe34b89554e87825206ce40aeb2f7/gnocchi.f0214978-4b47-4eb1-a0c1-9ae50bd75ab2" "txdafdaccd3e5a417f992b2-0068e33b0d" "proxy-server 94957" 0.0165 "-" 93621 0
Oct 05 23:44:13 np0005471485.novalocal account-server[93328]: ::1 - - [06/Oct/2025:03:44:13 +0000] "PUT /1/145150/AUTH_7aebe34b89554e87825206ce40aeb2f7/gnocchi.f0214978-4b47-4eb1-a0c1-9ae50bd75ab2" 201 - "PUT http://[::1]:6001/3/254666/AUTH_7aebe34b89554e87825206ce40aeb2f7/gnocchi.f0214978-4b47-4eb1-a0c1-9ae50bd75ab2" "txdafdaccd3e5a417f992b2-0068e33b0d" "container-server 93622" 0.0035 "-" 93328 0
Oct 05 23:44:13 np0005471485.novalocal container-server[93622]: ::1 - - [06/Oct/2025:03:44:13 +0000] "PUT /3/254666/AUTH_7aebe34b89554e87825206ce40aeb2f7/gnocchi.f0214978-4b47-4eb1-a0c1-9ae50bd75ab2" 201 - "PUT https://[::1]:8080/v1/AUTH_7aebe34b89554e87825206ce40aeb2f7/gnocchi.f0214978-4b47-4eb1-a0c1-9ae50bd75ab2" "txdafdaccd3e5a417f992b2-0068e33b0d" "proxy-server 94957" 0.0123 "-" 93622 0
Oct 05 23:44:13 np0005471485.novalocal account-server[93328]: ::1 - - [06/Oct/2025:03:44:13 +0000] "PUT /3/145150/AUTH_7aebe34b89554e87825206ce40aeb2f7/gnocchi.f0214978-4b47-4eb1-a0c1-9ae50bd75ab2" 201 - "PUT http://[::1]:6001/1/254666/AUTH_7aebe34b89554e87825206ce40aeb2f7/gnocchi.f0214978-4b47-4eb1-a0c1-9ae50bd75ab2" "txdafdaccd3e5a417f992b2-0068e33b0d" "container-server 93622" 0.0039 "-" 93328 0
Oct 05 23:44:13 np0005471485.novalocal container-server[93622]: ::1 - - [06/Oct/2025:03:44:13 +0000] "PUT /1/254666/AUTH_7aebe34b89554e87825206ce40aeb2f7/gnocchi.f0214978-4b47-4eb1-a0c1-9ae50bd75ab2" 201 - "PUT https://[::1]:8080/v1/AUTH_7aebe34b89554e87825206ce40aeb2f7/gnocchi.f0214978-4b47-4eb1-a0c1-9ae50bd75ab2" "txdafdaccd3e5a417f992b2-0068e33b0d" "proxy-server 94957" 0.0255 "-" 93622 0
Oct 05 23:44:13 np0005471485.novalocal proxy-server[94957]: ::1 ::1 06/Oct/2025/03/44/13 PUT /v1/AUTH_7aebe34b89554e87825206ce40aeb2f7/gnocchi.f0214978-4b47-4eb1-a0c1-9ae50bd75ab2 HTTP/1.0 201 - python-swiftclient-4.8.0 gAAAAABo4zrI4CaX... - - - txdafdaccd3e5a417f992b2-0068e33b0d - 0.0314 - - 1759722253.639636993 1759722253.671015024 0 7b03bd18aea8470cbeb747235c58da52
Oct 05 23:44:13 np0005471485.novalocal container-server[93622]: ::1 - - [06/Oct/2025:03:44:13 +0000] "HEAD /2/254666/AUTH_7aebe34b89554e87825206ce40aeb2f7/gnocchi.f0214978-4b47-4eb1-a0c1-9ae50bd75ab2" 204 - "HEAD http://[::1]:8080/v1/AUTH_7aebe34b89554e87825206ce40aeb2f7/gnocchi.f0214978-4b47-4eb1-a0c1-9ae50bd75ab2" "tx60e0e1ff9f2f4c9a8c69d-0068e33b0d" "proxy-server 94957" 0.0011 "-" 93622 0
Oct 05 23:44:13 np0005471485.novalocal proxy-server[94957]: - - 06/Oct/2025/03/44/13 HEAD /v1/AUTH_7aebe34b89554e87825206ce40aeb2f7/gnocchi.f0214978-4b47-4eb1-a0c1-9ae50bd75ab2 HTTP/1.0 204 - Swift - - - - tx60e0e1ff9f2f4c9a8c69d-0068e33b0d - 0.0041 CS - 1759722253.674196243 1759722253.678328514 0 -
Oct 05 23:44:13 np0005471485.novalocal container-server[93621]: ::1 - - [06/Oct/2025:03:44:13 +0000] "GET /3/254666/AUTH_7aebe34b89554e87825206ce40aeb2f7/gnocchi.f0214978-4b47-4eb1-a0c1-9ae50bd75ab2" 200 2 "GET https://[::1]:8080/v1/AUTH_7aebe34b89554e87825206ce40aeb2f7/gnocchi.f0214978-4b47-4eb1-a0c1-9ae50bd75ab2?format=json&states=listing" "tx60e0e1ff9f2f4c9a8c69d-0068e33b0d" "proxy-server 94957" 0.0036 "-" 93621 0
Oct 05 23:44:13 np0005471485.novalocal proxy-server[94957]: ::1 ::1 06/Oct/2025/03/44/13 GET /v1/AUTH_7aebe34b89554e87825206ce40aeb2f7/gnocchi.f0214978-4b47-4eb1-a0c1-9ae50bd75ab2%3Fformat%3Djson%26states%3Dlisting HTTP/1.0 200 - python-swiftclient-4.8.0 gAAAAABo4zrI4CaX... - 2 - tx60e0e1ff9f2f4c9a8c69d-0068e33b0d - 0.0148 - - 1759722253.673587561 1759722253.688418627 0 7b03bd18aea8470cbeb747235c58da52
Oct 05 23:44:13 np0005471485.novalocal object-server[93955]: ::1 - - [06/Oct/2025:03:44:13 +0000] "GET /1/158637/AUTH_7aebe34b89554e87825206ce40aeb2f7/gnocchi.f0214978-4b47-4eb1-a0c1-9ae50bd75ab2/1759320000.0_mean_300.0_v3" 404 70 "GET https://[::1]:8080/v1/AUTH_7aebe34b89554e87825206ce40aeb2f7/gnocchi.f0214978-4b47-4eb1-a0c1-9ae50bd75ab2/1759320000.0_mean_300.0_v3" "tx4061ba4a3ec54e248a2ea-0068e33b0d" "proxy-server 94957" 0.0006 "-" 93955 0
Oct 05 23:44:13 np0005471485.novalocal object-server[93954]: ::1 - - [06/Oct/2025:03:44:13 +0000] "GET /3/158637/AUTH_7aebe34b89554e87825206ce40aeb2f7/gnocchi.f0214978-4b47-4eb1-a0c1-9ae50bd75ab2/1759320000.0_mean_300.0_v3" 404 70 "GET https://[::1]:8080/v1/AUTH_7aebe34b89554e87825206ce40aeb2f7/gnocchi.f0214978-4b47-4eb1-a0c1-9ae50bd75ab2/1759320000.0_mean_300.0_v3" "tx4061ba4a3ec54e248a2ea-0068e33b0d" "proxy-server 94957" 0.0003 "-" 93954 0
Oct 05 23:44:13 np0005471485.novalocal object-server[93955]: ::1 - - [06/Oct/2025:03:44:13 +0000] "GET /2/158637/AUTH_7aebe34b89554e87825206ce40aeb2f7/gnocchi.f0214978-4b47-4eb1-a0c1-9ae50bd75ab2/1759320000.0_mean_300.0_v3" 404 70 "GET https://[::1]:8080/v1/AUTH_7aebe34b89554e87825206ce40aeb2f7/gnocchi.f0214978-4b47-4eb1-a0c1-9ae50bd75ab2/1759320000.0_mean_300.0_v3" "tx4061ba4a3ec54e248a2ea-0068e33b0d" "proxy-server 94957" 0.0003 "-" 93955 0
Oct 05 23:44:13 np0005471485.novalocal proxy-server[94957]: ::1 ::1 06/Oct/2025/03/44/13 GET /v1/AUTH_7aebe34b89554e87825206ce40aeb2f7/gnocchi.f0214978-4b47-4eb1-a0c1-9ae50bd75ab2/1759320000.0_mean_300.0_v3 HTTP/1.0 404 - python-swiftclient-4.8.0 gAAAAABo4zrI4CaX... - 70 - tx4061ba4a3ec54e248a2ea-0068e33b0d - 0.0309 - - 1759722253.690891266 1759722253.721792221 0 7b03bd18aea8470cbeb747235c58da52
Oct 05 23:44:13 np0005471485.novalocal container-server[93621]: ::1 - - [06/Oct/2025:03:44:13 +0000] "PUT /3/254666/AUTH_7aebe34b89554e87825206ce40aeb2f7/gnocchi.f0214978-4b47-4eb1-a0c1-9ae50bd75ab2/1759320000.0_mean_300.0_v3" 201 - "PUT http://[::1]:8080/1/158637/AUTH_7aebe34b89554e87825206ce40aeb2f7/gnocchi.f0214978-4b47-4eb1-a0c1-9ae50bd75ab2/1759320000.0_mean_300.0_v3" "txbf28cfd423c140a8a2781-0068e33b0d" "object-server 93955" 0.0008 "-" 93621 0
Oct 05 23:44:13 np0005471485.novalocal object-server[93955]: ::1 - - [06/Oct/2025:03:44:13 +0000] "PUT /1/158637/AUTH_7aebe34b89554e87825206ce40aeb2f7/gnocchi.f0214978-4b47-4eb1-a0c1-9ae50bd75ab2/1759320000.0_mean_300.0_v3" 201 - "PUT https://[::1]:8080/v1/AUTH_7aebe34b89554e87825206ce40aeb2f7/gnocchi.f0214978-4b47-4eb1-a0c1-9ae50bd75ab2/1759320000.0_mean_300.0_v3" "txbf28cfd423c140a8a2781-0068e33b0d" "proxy-server 94957" 0.0263 "-" 93955 0
Oct 05 23:44:13 np0005471485.novalocal container-server[93621]: ::1 - - [06/Oct/2025:03:44:13 +0000] "PUT /1/254666/AUTH_7aebe34b89554e87825206ce40aeb2f7/gnocchi.f0214978-4b47-4eb1-a0c1-9ae50bd75ab2/1759320000.0_mean_300.0_v3" 201 - "PUT http://[::1]:8080/2/158637/AUTH_7aebe34b89554e87825206ce40aeb2f7/gnocchi.f0214978-4b47-4eb1-a0c1-9ae50bd75ab2/1759320000.0_mean_300.0_v3" "txbf28cfd423c140a8a2781-0068e33b0d" "object-server 93955" 0.0006 "-" 93621 0
Oct 05 23:44:13 np0005471485.novalocal container-server[93622]: ::1 - - [06/Oct/2025:03:44:13 +0000] "PUT /2/254666/AUTH_7aebe34b89554e87825206ce40aeb2f7/gnocchi.f0214978-4b47-4eb1-a0c1-9ae50bd75ab2/1759320000.0_mean_300.0_v3" 201 - "PUT http://[::1]:8080/3/158637/AUTH_7aebe34b89554e87825206ce40aeb2f7/gnocchi.f0214978-4b47-4eb1-a0c1-9ae50bd75ab2/1759320000.0_mean_300.0_v3" "txbf28cfd423c140a8a2781-0068e33b0d" "object-server 93954" 0.0011 "-" 93622 0
Oct 05 23:44:13 np0005471485.novalocal object-server[93954]: ::1 - - [06/Oct/2025:03:44:13 +0000] "PUT /3/158637/AUTH_7aebe34b89554e87825206ce40aeb2f7/gnocchi.f0214978-4b47-4eb1-a0c1-9ae50bd75ab2/1759320000.0_mean_300.0_v3" 201 - "PUT https://[::1]:8080/v1/AUTH_7aebe34b89554e87825206ce40aeb2f7/gnocchi.f0214978-4b47-4eb1-a0c1-9ae50bd75ab2/1759320000.0_mean_300.0_v3" "txbf28cfd423c140a8a2781-0068e33b0d" "proxy-server 94957" 0.0245 "-" 93954 0
Oct 05 23:44:13 np0005471485.novalocal object-server[93955]: ::1 - - [06/Oct/2025:03:44:13 +0000] "PUT /2/158637/AUTH_7aebe34b89554e87825206ce40aeb2f7/gnocchi.f0214978-4b47-4eb1-a0c1-9ae50bd75ab2/1759320000.0_mean_300.0_v3" 201 - "PUT https://[::1]:8080/v1/AUTH_7aebe34b89554e87825206ce40aeb2f7/gnocchi.f0214978-4b47-4eb1-a0c1-9ae50bd75ab2/1759320000.0_mean_300.0_v3" "txbf28cfd423c140a8a2781-0068e33b0d" "proxy-server 94957" 0.0259 "-" 93955 0
Oct 05 23:44:13 np0005471485.novalocal proxy-server[94957]: ::1 ::1 06/Oct/2025/03/44/13 PUT /v1/AUTH_7aebe34b89554e87825206ce40aeb2f7/gnocchi.f0214978-4b47-4eb1-a0c1-9ae50bd75ab2/1759320000.0_mean_300.0_v3 HTTP/1.0 201 - python-swiftclient-4.8.0 gAAAAABo4zrI4CaX... 16 - - txbf28cfd423c140a8a2781-0068e33b0d - 0.0364 - - 1759722253.724006891 1759722253.760443926 0 7b03bd18aea8470cbeb747235c58da52
Oct 05 23:44:13 np0005471485.novalocal container-server[93621]: ::1 - - [06/Oct/2025:03:44:13 +0000] "PUT /3/254666/AUTH_7aebe34b89554e87825206ce40aeb2f7/gnocchi.f0214978-4b47-4eb1-a0c1-9ae50bd75ab2/none_v3" 201 - "PUT http://[::1]:8080/3/77661/AUTH_7aebe34b89554e87825206ce40aeb2f7/gnocchi.f0214978-4b47-4eb1-a0c1-9ae50bd75ab2/none_v3" "txa9aa37df1c014433953cb-0068e33b0d" "object-server 93954" 0.0013 "-" 93621 0
Oct 05 23:44:13 np0005471485.novalocal object-server[93954]: ::1 - - [06/Oct/2025:03:44:13 +0000] "PUT /3/77661/AUTH_7aebe34b89554e87825206ce40aeb2f7/gnocchi.f0214978-4b47-4eb1-a0c1-9ae50bd75ab2/none_v3" 201 - "PUT https://[::1]:8080/v1/AUTH_7aebe34b89554e87825206ce40aeb2f7/gnocchi.f0214978-4b47-4eb1-a0c1-9ae50bd75ab2/none_v3" "txa9aa37df1c014433953cb-0068e33b0d" "proxy-server 94957" 0.0139 "-" 93954 0
Oct 05 23:44:13 np0005471485.novalocal container-server[93622]: ::1 - - [06/Oct/2025:03:44:13 +0000] "PUT /1/254666/AUTH_7aebe34b89554e87825206ce40aeb2f7/gnocchi.f0214978-4b47-4eb1-a0c1-9ae50bd75ab2/none_v3" 201 - "PUT http://[::1]:8080/1/77661/AUTH_7aebe34b89554e87825206ce40aeb2f7/gnocchi.f0214978-4b47-4eb1-a0c1-9ae50bd75ab2/none_v3" "txa9aa37df1c014433953cb-0068e33b0d" "object-server 93955" 0.0011 "-" 93622 0
Oct 05 23:44:13 np0005471485.novalocal container-server[93621]: ::1 - - [06/Oct/2025:03:44:13 +0000] "PUT /2/254666/AUTH_7aebe34b89554e87825206ce40aeb2f7/gnocchi.f0214978-4b47-4eb1-a0c1-9ae50bd75ab2/none_v3" 201 - "PUT http://[::1]:8080/2/77661/AUTH_7aebe34b89554e87825206ce40aeb2f7/gnocchi.f0214978-4b47-4eb1-a0c1-9ae50bd75ab2/none_v3" "txa9aa37df1c014433953cb-0068e33b0d" "object-server 93955" 0.0006 "-" 93621 0
Oct 05 23:44:13 np0005471485.novalocal object-server[93955]: ::1 - - [06/Oct/2025:03:44:13 +0000] "PUT /1/77661/AUTH_7aebe34b89554e87825206ce40aeb2f7/gnocchi.f0214978-4b47-4eb1-a0c1-9ae50bd75ab2/none_v3" 201 - "PUT https://[::1]:8080/v1/AUTH_7aebe34b89554e87825206ce40aeb2f7/gnocchi.f0214978-4b47-4eb1-a0c1-9ae50bd75ab2/none_v3" "txa9aa37df1c014433953cb-0068e33b0d" "proxy-server 94957" 0.0150 "-" 93955 0
Oct 05 23:44:13 np0005471485.novalocal object-server[93955]: ::1 - - [06/Oct/2025:03:44:13 +0000] "PUT /2/77661/AUTH_7aebe34b89554e87825206ce40aeb2f7/gnocchi.f0214978-4b47-4eb1-a0c1-9ae50bd75ab2/none_v3" 201 - "PUT https://[::1]:8080/v1/AUTH_7aebe34b89554e87825206ce40aeb2f7/gnocchi.f0214978-4b47-4eb1-a0c1-9ae50bd75ab2/none_v3" "txa9aa37df1c014433953cb-0068e33b0d" "proxy-server 94957" 0.0143 "-" 93955 0
Oct 05 23:44:13 np0005471485.novalocal proxy-server[94957]: ::1 ::1 06/Oct/2025/03/44/13 PUT /v1/AUTH_7aebe34b89554e87825206ce40aeb2f7/gnocchi.f0214978-4b47-4eb1-a0c1-9ae50bd75ab2/none_v3 HTTP/1.0 201 - python-swiftclient-4.8.0 gAAAAABo4zrI4CaX... 22 - - txa9aa37df1c014433953cb-0068e33b0d - 0.0268 - - 1759722253.764347792 1759722253.791110039 0 7b03bd18aea8470cbeb747235c58da52
Oct 05 23:44:13 np0005471485.novalocal object-server[93955]: ::1 - - [06/Oct/2025:03:44:13 +0000] "GET /3/204614/AUTH_7aebe34b89554e87825206ce40aeb2f7/gnocchi.5189e135-58c3-4242-922c-200678906b49/none_v3" 200 46 "GET https://[::1]:8080/v1/AUTH_7aebe34b89554e87825206ce40aeb2f7/gnocchi.5189e135-58c3-4242-922c-200678906b49/none_v3" "txe2ad266fda6b47bfb42ce-0068e33b0d" "proxy-server 94957" 0.0009 "-" 93955 0
Oct 05 23:44:13 np0005471485.novalocal proxy-server[94957]: ::1 ::1 06/Oct/2025/03/44/13 GET /v1/AUTH_7aebe34b89554e87825206ce40aeb2f7/gnocchi.5189e135-58c3-4242-922c-200678906b49/none_v3 HTTP/1.0 200 - python-swiftclient-4.8.0 gAAAAABo4zrI4CaX... - 46 - txe2ad266fda6b47bfb42ce-0068e33b0d - 0.0085 - - 1759722253.847285509 1759722253.855793238 0 7b03bd18aea8470cbeb747235c58da52
Oct 05 23:44:13 np0005471485.novalocal container-server[93621]: ::1 - - [06/Oct/2025:03:44:13 +0000] "GET /2/159941/AUTH_7aebe34b89554e87825206ce40aeb2f7/gnocchi.5189e135-58c3-4242-922c-200678906b49" 200 357 "GET https://[::1]:8080/v1/AUTH_7aebe34b89554e87825206ce40aeb2f7/gnocchi.5189e135-58c3-4242-922c-200678906b49?format=json&states=listing" "txf202bc33e9534e29aa7dc-0068e33b0d" "proxy-server 94957" 0.0036 "-" 93621 0
Oct 05 23:44:13 np0005471485.novalocal proxy-server[94957]: ::1 ::1 06/Oct/2025/03/44/13 GET /v1/AUTH_7aebe34b89554e87825206ce40aeb2f7/gnocchi.5189e135-58c3-4242-922c-200678906b49%3Fformat%3Djson%26states%3Dlisting HTTP/1.0 200 - python-swiftclient-4.8.0 gAAAAABo4zrI4CaX... - 357 - txf202bc33e9534e29aa7dc-0068e33b0d - 0.0125 - - 1759722253.861221552 1759722253.873701096 0 7b03bd18aea8470cbeb747235c58da52
Oct 05 23:44:13 np0005471485.novalocal container-server[93622]: ::1 - - [06/Oct/2025:03:44:13 +0000] "GET /2/159941/AUTH_7aebe34b89554e87825206ce40aeb2f7/gnocchi.5189e135-58c3-4242-922c-200678906b49" 200 2 "GET https://[::1]:8080/v1/AUTH_7aebe34b89554e87825206ce40aeb2f7/gnocchi.5189e135-58c3-4242-922c-200678906b49?format=json&marker=none_v3&states=listing" "tx9903e1f019174832ab31c-0068e33b0d" "proxy-server 94957" 0.0028 "-" 93622 0
Oct 05 23:44:13 np0005471485.novalocal proxy-server[94957]: ::1 ::1 06/Oct/2025/03/44/13 GET /v1/AUTH_7aebe34b89554e87825206ce40aeb2f7/gnocchi.5189e135-58c3-4242-922c-200678906b49%3Fformat%3Djson%26marker%3Dnone_v3%26states%3Dlisting HTTP/1.0 200 - python-swiftclient-4.8.0 gAAAAABo4zrI4CaX... - 2 - tx9903e1f019174832ab31c-0068e33b0d - 0.0089 - - 1759722253.877062798 1759722253.886003733 0 7b03bd18aea8470cbeb747235c58da52
Oct 05 23:44:13 np0005471485.novalocal object-server[93955]: ::1 - - [06/Oct/2025:03:44:13 +0000] "GET /1/80232/AUTH_7aebe34b89554e87825206ce40aeb2f7/gnocchi.5189e135-58c3-4242-922c-200678906b49/1759320000.0_mean_300.0_v3" 200 16 "GET https://[::1]:8080/v1/AUTH_7aebe34b89554e87825206ce40aeb2f7/gnocchi.5189e135-58c3-4242-922c-200678906b49/1759320000.0_mean_300.0_v3" "txc6a0ee2089484f18890a7-0068e33b0d" "proxy-server 94957" 0.0009 "-" 93955 0
Oct 05 23:44:13 np0005471485.novalocal proxy-server[94957]: ::1 ::1 06/Oct/2025/03/44/13 GET /v1/AUTH_7aebe34b89554e87825206ce40aeb2f7/gnocchi.5189e135-58c3-4242-922c-200678906b49/1759320000.0_mean_300.0_v3 HTTP/1.0 200 - python-swiftclient-4.8.0 gAAAAABo4zrI4CaX... - 16 - txc6a0ee2089484f18890a7-0068e33b0d - 0.0075 - - 1759722253.891699553 1759722253.899196148 0 7b03bd18aea8470cbeb747235c58da52
Oct 05 23:44:13 np0005471485.novalocal container-server[93622]: ::1 - - [06/Oct/2025:03:44:13 +0000] "PUT /2/159941/AUTH_7aebe34b89554e87825206ce40aeb2f7/gnocchi.5189e135-58c3-4242-922c-200678906b49/1759320000.0_mean_300.0_v3" 201 - "PUT http://[::1]:8080/1/80232/AUTH_7aebe34b89554e87825206ce40aeb2f7/gnocchi.5189e135-58c3-4242-922c-200678906b49/1759320000.0_mean_300.0_v3" "tx527fb3449d97424f8f82e-0068e33b0d" "object-server 93955" 0.0006 "-" 93622 0
Oct 05 23:44:13 np0005471485.novalocal object-server[93955]: ::1 - - [06/Oct/2025:03:44:13 +0000] "PUT /1/80232/AUTH_7aebe34b89554e87825206ce40aeb2f7/gnocchi.5189e135-58c3-4242-922c-200678906b49/1759320000.0_mean_300.0_v3" 201 - "PUT https://[::1]:8080/v1/AUTH_7aebe34b89554e87825206ce40aeb2f7/gnocchi.5189e135-58c3-4242-922c-200678906b49/1759320000.0_mean_300.0_v3" "tx527fb3449d97424f8f82e-0068e33b0d" "proxy-server 94957" 0.0091 "-" 93955 0
Oct 05 23:44:13 np0005471485.novalocal container-server[93621]: ::1 - - [06/Oct/2025:03:44:13 +0000] "PUT /1/159941/AUTH_7aebe34b89554e87825206ce40aeb2f7/gnocchi.5189e135-58c3-4242-922c-200678906b49/1759320000.0_mean_300.0_v3" 201 - "PUT http://[::1]:8080/2/80232/AUTH_7aebe34b89554e87825206ce40aeb2f7/gnocchi.5189e135-58c3-4242-922c-200678906b49/1759320000.0_mean_300.0_v3" "tx527fb3449d97424f8f82e-0068e33b0d" "object-server 93954" 0.0006 "-" 93621 0
Oct 05 23:44:13 np0005471485.novalocal object-server[93954]: ::1 - - [06/Oct/2025:03:44:13 +0000] "PUT /2/80232/AUTH_7aebe34b89554e87825206ce40aeb2f7/gnocchi.5189e135-58c3-4242-922c-200678906b49/1759320000.0_mean_300.0_v3" 201 - "PUT https://[::1]:8080/v1/AUTH_7aebe34b89554e87825206ce40aeb2f7/gnocchi.5189e135-58c3-4242-922c-200678906b49/1759320000.0_mean_300.0_v3" "tx527fb3449d97424f8f82e-0068e33b0d" "proxy-server 94957" 0.0116 "-" 93954 0
Oct 05 23:44:13 np0005471485.novalocal container-server[93622]: ::1 - - [06/Oct/2025:03:44:13 +0000] "PUT /3/159941/AUTH_7aebe34b89554e87825206ce40aeb2f7/gnocchi.5189e135-58c3-4242-922c-200678906b49/1759320000.0_mean_300.0_v3" 201 - "PUT http://[::1]:8080/3/80232/AUTH_7aebe34b89554e87825206ce40aeb2f7/gnocchi.5189e135-58c3-4242-922c-200678906b49/1759320000.0_mean_300.0_v3" "tx527fb3449d97424f8f82e-0068e33b0d" "object-server 93954" 0.0007 "-" 93622 0
Oct 05 23:44:13 np0005471485.novalocal object-server[93954]: ::1 - - [06/Oct/2025:03:44:13 +0000] "PUT /3/80232/AUTH_7aebe34b89554e87825206ce40aeb2f7/gnocchi.5189e135-58c3-4242-922c-200678906b49/1759320000.0_mean_300.0_v3" 201 - "PUT https://[::1]:8080/v1/AUTH_7aebe34b89554e87825206ce40aeb2f7/gnocchi.5189e135-58c3-4242-922c-200678906b49/1759320000.0_mean_300.0_v3" "tx527fb3449d97424f8f82e-0068e33b0d" "proxy-server 94957" 0.0121 "-" 93954 0
Oct 05 23:44:13 np0005471485.novalocal proxy-server[94957]: ::1 ::1 06/Oct/2025/03/44/13 PUT /v1/AUTH_7aebe34b89554e87825206ce40aeb2f7/gnocchi.5189e135-58c3-4242-922c-200678906b49/1759320000.0_mean_300.0_v3 HTTP/1.0 201 - python-swiftclient-4.8.0 gAAAAABo4zrI4CaX... 16 - - tx527fb3449d97424f8f82e-0068e33b0d - 0.0188 - - 1759722253.905041695 1759722253.923858404 0 7b03bd18aea8470cbeb747235c58da52
Oct 05 23:44:13 np0005471485.novalocal container-server[93622]: ::1 - - [06/Oct/2025:03:44:13 +0000] "PUT /3/159941/AUTH_7aebe34b89554e87825206ce40aeb2f7/gnocchi.5189e135-58c3-4242-922c-200678906b49/none_v3" 201 - "PUT http://[::1]:8080/3/204614/AUTH_7aebe34b89554e87825206ce40aeb2f7/gnocchi.5189e135-58c3-4242-922c-200678906b49/none_v3" "tx7488d19e8835473c89e64-0068e33b0d" "object-server 93954" 0.0005 "-" 93622 0
Oct 05 23:44:13 np0005471485.novalocal object-server[93954]: ::1 - - [06/Oct/2025:03:44:13 +0000] "PUT /3/204614/AUTH_7aebe34b89554e87825206ce40aeb2f7/gnocchi.5189e135-58c3-4242-922c-200678906b49/none_v3" 201 - "PUT https://[::1]:8080/v1/AUTH_7aebe34b89554e87825206ce40aeb2f7/gnocchi.5189e135-58c3-4242-922c-200678906b49/none_v3" "tx7488d19e8835473c89e64-0068e33b0d" "proxy-server 94957" 0.0075 "-" 93954 0
Oct 05 23:44:13 np0005471485.novalocal container-server[93621]: ::1 - - [06/Oct/2025:03:44:13 +0000] "PUT /2/159941/AUTH_7aebe34b89554e87825206ce40aeb2f7/gnocchi.5189e135-58c3-4242-922c-200678906b49/none_v3" 201 - "PUT http://[::1]:8080/2/204614/AUTH_7aebe34b89554e87825206ce40aeb2f7/gnocchi.5189e135-58c3-4242-922c-200678906b49/none_v3" "tx7488d19e8835473c89e64-0068e33b0d" "object-server 93954" 0.0005 "-" 93621 0
Oct 05 23:44:13 np0005471485.novalocal object-server[93954]: ::1 - - [06/Oct/2025:03:44:13 +0000] "PUT /2/204614/AUTH_7aebe34b89554e87825206ce40aeb2f7/gnocchi.5189e135-58c3-4242-922c-200678906b49/none_v3" 201 - "PUT https://[::1]:8080/v1/AUTH_7aebe34b89554e87825206ce40aeb2f7/gnocchi.5189e135-58c3-4242-922c-200678906b49/none_v3" "tx7488d19e8835473c89e64-0068e33b0d" "proxy-server 94957" 0.0109 "-" 93954 0
Oct 05 23:44:13 np0005471485.novalocal container-server[93621]: ::1 - - [06/Oct/2025:03:44:13 +0000] "PUT /1/159941/AUTH_7aebe34b89554e87825206ce40aeb2f7/gnocchi.5189e135-58c3-4242-922c-200678906b49/none_v3" 201 - "PUT http://[::1]:8080/1/204614/AUTH_7aebe34b89554e87825206ce40aeb2f7/gnocchi.5189e135-58c3-4242-922c-200678906b49/none_v3" "tx7488d19e8835473c89e64-0068e33b0d" "object-server 93955" 0.0004 "-" 93621 0
Oct 05 23:44:13 np0005471485.novalocal object-server[93955]: ::1 - - [06/Oct/2025:03:44:13 +0000] "PUT /1/204614/AUTH_7aebe34b89554e87825206ce40aeb2f7/gnocchi.5189e135-58c3-4242-922c-200678906b49/none_v3" 201 - "PUT https://[::1]:8080/v1/AUTH_7aebe34b89554e87825206ce40aeb2f7/gnocchi.5189e135-58c3-4242-922c-200678906b49/none_v3" "tx7488d19e8835473c89e64-0068e33b0d" "proxy-server 94957" 0.0115 "-" 93955 0
Oct 05 23:44:13 np0005471485.novalocal proxy-server[94957]: ::1 ::1 06/Oct/2025/03/44/13 PUT /v1/AUTH_7aebe34b89554e87825206ce40aeb2f7/gnocchi.5189e135-58c3-4242-922c-200678906b49/none_v3 HTTP/1.0 201 - python-swiftclient-4.8.0 gAAAAABo4zrI4CaX... 52 - - tx7488d19e8835473c89e64-0068e33b0d - 0.0189 - - 1759722253.927582502 1759722253.946475506 0 7b03bd18aea8470cbeb747235c58da52
Oct 05 23:44:13 np0005471485.novalocal object-server[93955]: ::1 - - [06/Oct/2025:03:44:13 +0000] "GET /2/47604/AUTH_7aebe34b89554e87825206ce40aeb2f7/gnocchi.bb9b7488-c733-4623-994b-03a1e587fe4b/none_v3" 200 44 "GET https://[::1]:8080/v1/AUTH_7aebe34b89554e87825206ce40aeb2f7/gnocchi.bb9b7488-c733-4623-994b-03a1e587fe4b/none_v3" "txc6267ccbf2a84c1bac836-0068e33b0d" "proxy-server 94957" 0.0008 "-" 93955 0
Oct 05 23:44:13 np0005471485.novalocal proxy-server[94957]: ::1 ::1 06/Oct/2025/03/44/13 GET /v1/AUTH_7aebe34b89554e87825206ce40aeb2f7/gnocchi.bb9b7488-c733-4623-994b-03a1e587fe4b/none_v3 HTTP/1.0 200 - python-swiftclient-4.8.0 gAAAAABo4zrI4CaX... - 44 - txc6267ccbf2a84c1bac836-0068e33b0d - 0.0062 - - 1759722253.963974476 1759722253.970192671 0 7b03bd18aea8470cbeb747235c58da52
Oct 05 23:44:13 np0005471485.novalocal container-server[93622]: ::1 - - [06/Oct/2025:03:44:13 +0000] "GET /1/124958/AUTH_7aebe34b89554e87825206ce40aeb2f7/gnocchi.bb9b7488-c733-4623-994b-03a1e587fe4b" 200 357 "GET https://[::1]:8080/v1/AUTH_7aebe34b89554e87825206ce40aeb2f7/gnocchi.bb9b7488-c733-4623-994b-03a1e587fe4b?format=json&states=listing" "txafaf3944b0f448af81bd8-0068e33b0d" "proxy-server 94957" 0.0048 "-" 93622 0
Oct 05 23:44:13 np0005471485.novalocal proxy-server[94957]: ::1 ::1 06/Oct/2025/03/44/13 GET /v1/AUTH_7aebe34b89554e87825206ce40aeb2f7/gnocchi.bb9b7488-c733-4623-994b-03a1e587fe4b%3Fformat%3Djson%26states%3Dlisting HTTP/1.0 200 - python-swiftclient-4.8.0 gAAAAABo4zrI4CaX... - 357 - txafaf3944b0f448af81bd8-0068e33b0d - 0.0109 - - 1759722253.975309610 1759722253.986215353 0 7b03bd18aea8470cbeb747235c58da52
Oct 05 23:44:13 np0005471485.novalocal container-server[93621]: ::1 - - [06/Oct/2025:03:44:13 +0000] "GET /3/124958/AUTH_7aebe34b89554e87825206ce40aeb2f7/gnocchi.bb9b7488-c733-4623-994b-03a1e587fe4b" 200 2 "GET https://[::1]:8080/v1/AUTH_7aebe34b89554e87825206ce40aeb2f7/gnocchi.bb9b7488-c733-4623-994b-03a1e587fe4b?format=json&marker=none_v3&states=listing" "tx0de204003988424d8e2e6-0068e33b0d" "proxy-server 94957" 0.0030 "-" 93621 0
Oct 05 23:44:13 np0005471485.novalocal proxy-server[94957]: ::1 ::1 06/Oct/2025/03/44/13 GET /v1/AUTH_7aebe34b89554e87825206ce40aeb2f7/gnocchi.bb9b7488-c733-4623-994b-03a1e587fe4b%3Fformat%3Djson%26marker%3Dnone_v3%26states%3Dlisting HTTP/1.0 200 - python-swiftclient-4.8.0 gAAAAABo4zrI4CaX... - 2 - tx0de204003988424d8e2e6-0068e33b0d - 0.0094 - - 1759722253.989562511 1759722253.999011517 0 7b03bd18aea8470cbeb747235c58da52
Oct 05 23:44:14 np0005471485.novalocal object-server[93955]: ::1 - - [06/Oct/2025:03:44:14 +0000] "GET /3/27468/AUTH_7aebe34b89554e87825206ce40aeb2f7/gnocchi.bb9b7488-c733-4623-994b-03a1e587fe4b/1759320000.0_mean_300.0_v3" 200 16 "GET https://[::1]:8080/v1/AUTH_7aebe34b89554e87825206ce40aeb2f7/gnocchi.bb9b7488-c733-4623-994b-03a1e587fe4b/1759320000.0_mean_300.0_v3" "tx2f815e9d407149b1b832f-0068e33b0e" "proxy-server 94957" 0.0013 "-" 93955 0
Oct 05 23:44:14 np0005471485.novalocal proxy-server[94957]: ::1 ::1 06/Oct/2025/03/44/14 GET /v1/AUTH_7aebe34b89554e87825206ce40aeb2f7/gnocchi.bb9b7488-c733-4623-994b-03a1e587fe4b/1759320000.0_mean_300.0_v3 HTTP/1.0 200 - python-swiftclient-4.8.0 gAAAAABo4zrI4CaX... - 16 - tx2f815e9d407149b1b832f-0068e33b0e - 0.0074 - - 1759722254.003008366 1759722254.010413647 0 7b03bd18aea8470cbeb747235c58da52
Oct 05 23:44:14 np0005471485.novalocal container-server[93622]: ::1 - - [06/Oct/2025:03:44:14 +0000] "PUT /2/124958/AUTH_7aebe34b89554e87825206ce40aeb2f7/gnocchi.bb9b7488-c733-4623-994b-03a1e587fe4b/1759320000.0_mean_300.0_v3" 201 - "PUT http://[::1]:8080/1/27468/AUTH_7aebe34b89554e87825206ce40aeb2f7/gnocchi.bb9b7488-c733-4623-994b-03a1e587fe4b/1759320000.0_mean_300.0_v3" "txd1a97c70ec1b4b8fa932f-0068e33b0e" "object-server 93954" 0.0007 "-" 93622 0
Oct 05 23:44:14 np0005471485.novalocal object-server[93954]: ::1 - - [06/Oct/2025:03:44:14 +0000] "PUT /1/27468/AUTH_7aebe34b89554e87825206ce40aeb2f7/gnocchi.bb9b7488-c733-4623-994b-03a1e587fe4b/1759320000.0_mean_300.0_v3" 201 - "PUT https://[::1]:8080/v1/AUTH_7aebe34b89554e87825206ce40aeb2f7/gnocchi.bb9b7488-c733-4623-994b-03a1e587fe4b/1759320000.0_mean_300.0_v3" "txd1a97c70ec1b4b8fa932f-0068e33b0e" "proxy-server 94957" 0.0102 "-" 93954 0
Oct 05 23:44:14 np0005471485.novalocal container-server[93621]: ::1 - - [06/Oct/2025:03:44:14 +0000] "PUT /1/124958/AUTH_7aebe34b89554e87825206ce40aeb2f7/gnocchi.bb9b7488-c733-4623-994b-03a1e587fe4b/1759320000.0_mean_300.0_v3" 201 - "PUT http://[::1]:8080/2/27468/AUTH_7aebe34b89554e87825206ce40aeb2f7/gnocchi.bb9b7488-c733-4623-994b-03a1e587fe4b/1759320000.0_mean_300.0_v3" "txd1a97c70ec1b4b8fa932f-0068e33b0e" "object-server 93955" 0.0007 "-" 93621 0
Oct 05 23:44:14 np0005471485.novalocal container-server[93622]: ::1 - - [06/Oct/2025:03:44:14 +0000] "PUT /3/124958/AUTH_7aebe34b89554e87825206ce40aeb2f7/gnocchi.bb9b7488-c733-4623-994b-03a1e587fe4b/1759320000.0_mean_300.0_v3" 201 - "PUT http://[::1]:8080/3/27468/AUTH_7aebe34b89554e87825206ce40aeb2f7/gnocchi.bb9b7488-c733-4623-994b-03a1e587fe4b/1759320000.0_mean_300.0_v3" "txd1a97c70ec1b4b8fa932f-0068e33b0e" "object-server 93955" 0.0006 "-" 93622 0
Oct 05 23:44:14 np0005471485.novalocal object-server[93955]: ::1 - - [06/Oct/2025:03:44:14 +0000] "PUT /2/27468/AUTH_7aebe34b89554e87825206ce40aeb2f7/gnocchi.bb9b7488-c733-4623-994b-03a1e587fe4b/1759320000.0_mean_300.0_v3" 201 - "PUT https://[::1]:8080/v1/AUTH_7aebe34b89554e87825206ce40aeb2f7/gnocchi.bb9b7488-c733-4623-994b-03a1e587fe4b/1759320000.0_mean_300.0_v3" "txd1a97c70ec1b4b8fa932f-0068e33b0e" "proxy-server 94957" 0.0128 "-" 93955 0
Oct 05 23:44:14 np0005471485.novalocal object-server[93955]: ::1 - - [06/Oct/2025:03:44:14 +0000] "PUT /3/27468/AUTH_7aebe34b89554e87825206ce40aeb2f7/gnocchi.bb9b7488-c733-4623-994b-03a1e587fe4b/1759320000.0_mean_300.0_v3" 201 - "PUT https://[::1]:8080/v1/AUTH_7aebe34b89554e87825206ce40aeb2f7/gnocchi.bb9b7488-c733-4623-994b-03a1e587fe4b/1759320000.0_mean_300.0_v3" "txd1a97c70ec1b4b8fa932f-0068e33b0e" "proxy-server 94957" 0.0121 "-" 93955 0
Oct 05 23:44:14 np0005471485.novalocal proxy-server[94957]: ::1 ::1 06/Oct/2025/03/44/14 PUT /v1/AUTH_7aebe34b89554e87825206ce40aeb2f7/gnocchi.bb9b7488-c733-4623-994b-03a1e587fe4b/1759320000.0_mean_300.0_v3 HTTP/1.0 201 - python-swiftclient-4.8.0 gAAAAABo4zrI4CaX... 16 - - txd1a97c70ec1b4b8fa932f-0068e33b0e - 0.0216 - - 1759722254.014209270 1759722254.035794735 0 7b03bd18aea8470cbeb747235c58da52
Oct 05 23:44:14 np0005471485.novalocal container-server[93622]: ::1 - - [06/Oct/2025:03:44:14 +0000] "PUT /3/124958/AUTH_7aebe34b89554e87825206ce40aeb2f7/gnocchi.bb9b7488-c733-4623-994b-03a1e587fe4b/none_v3" 201 - "PUT http://[::1]:8080/3/47604/AUTH_7aebe34b89554e87825206ce40aeb2f7/gnocchi.bb9b7488-c733-4623-994b-03a1e587fe4b/none_v3" "tx2614ac18b61e472b8cf11-0068e33b0e" "object-server 93954" 0.0008 "-" 93622 0
Oct 05 23:44:14 np0005471485.novalocal object-server[93954]: ::1 - - [06/Oct/2025:03:44:14 +0000] "PUT /3/47604/AUTH_7aebe34b89554e87825206ce40aeb2f7/gnocchi.bb9b7488-c733-4623-994b-03a1e587fe4b/none_v3" 201 - "PUT https://[::1]:8080/v1/AUTH_7aebe34b89554e87825206ce40aeb2f7/gnocchi.bb9b7488-c733-4623-994b-03a1e587fe4b/none_v3" "tx2614ac18b61e472b8cf11-0068e33b0e" "proxy-server 94957" 0.0342 "-" 93954 0
Oct 05 23:44:14 np0005471485.novalocal container-server[93622]: ::1 - - [06/Oct/2025:03:44:14 +0000] "PUT /1/124958/AUTH_7aebe34b89554e87825206ce40aeb2f7/gnocchi.bb9b7488-c733-4623-994b-03a1e587fe4b/none_v3" 201 - "PUT http://[::1]:8080/2/47604/AUTH_7aebe34b89554e87825206ce40aeb2f7/gnocchi.bb9b7488-c733-4623-994b-03a1e587fe4b/none_v3" "tx2614ac18b61e472b8cf11-0068e33b0e" "object-server 93955" 0.0006 "-" 93622 0
Oct 05 23:44:14 np0005471485.novalocal object-server[93955]: ::1 - - [06/Oct/2025:03:44:14 +0000] "PUT /2/47604/AUTH_7aebe34b89554e87825206ce40aeb2f7/gnocchi.bb9b7488-c733-4623-994b-03a1e587fe4b/none_v3" 201 - "PUT https://[::1]:8080/v1/AUTH_7aebe34b89554e87825206ce40aeb2f7/gnocchi.bb9b7488-c733-4623-994b-03a1e587fe4b/none_v3" "tx2614ac18b61e472b8cf11-0068e33b0e" "proxy-server 94957" 0.0173 "-" 93955 0
Oct 05 23:44:14 np0005471485.novalocal container-server[93621]: ::1 - - [06/Oct/2025:03:44:14 +0000] "PUT /2/124958/AUTH_7aebe34b89554e87825206ce40aeb2f7/gnocchi.bb9b7488-c733-4623-994b-03a1e587fe4b/none_v3" 201 - "PUT http://[::1]:8080/1/47604/AUTH_7aebe34b89554e87825206ce40aeb2f7/gnocchi.bb9b7488-c733-4623-994b-03a1e587fe4b/none_v3" "tx2614ac18b61e472b8cf11-0068e33b0e" "object-server 93955" 0.0008 "-" 93621 0
Oct 05 23:44:14 np0005471485.novalocal object-server[93955]: ::1 - - [06/Oct/2025:03:44:14 +0000] "PUT /1/47604/AUTH_7aebe34b89554e87825206ce40aeb2f7/gnocchi.bb9b7488-c733-4623-994b-03a1e587fe4b/none_v3" 201 - "PUT https://[::1]:8080/v1/AUTH_7aebe34b89554e87825206ce40aeb2f7/gnocchi.bb9b7488-c733-4623-994b-03a1e587fe4b/none_v3" "tx2614ac18b61e472b8cf11-0068e33b0e" "proxy-server 94957" 0.0280 "-" 93955 0
Oct 05 23:44:14 np0005471485.novalocal proxy-server[94957]: ::1 ::1 06/Oct/2025/03/44/14 PUT /v1/AUTH_7aebe34b89554e87825206ce40aeb2f7/gnocchi.bb9b7488-c733-4623-994b-03a1e587fe4b/none_v3 HTTP/1.0 201 - python-swiftclient-4.8.0 gAAAAABo4zrI4CaX... 51 - - tx2614ac18b61e472b8cf11-0068e33b0e - 0.0443 - - 1759722254.039211988 1759722254.083549500 0 7b03bd18aea8470cbeb747235c58da52
Oct 05 23:44:14 np0005471485.novalocal object-server[93954]: ::1 - - [06/Oct/2025:03:44:14 +0000] "GET /2/68040/AUTH_7aebe34b89554e87825206ce40aeb2f7/gnocchi.9d08177d-f005-4077-93cb-0ab3f3ffc960/none_v3" 200 46 "GET https://[::1]:8080/v1/AUTH_7aebe34b89554e87825206ce40aeb2f7/gnocchi.9d08177d-f005-4077-93cb-0ab3f3ffc960/none_v3" "tx3466ef80ec6f4499bf064-0068e33b0e" "proxy-server 94957" 0.0007 "-" 93954 0
Oct 05 23:44:14 np0005471485.novalocal proxy-server[94957]: ::1 ::1 06/Oct/2025/03/44/14 GET /v1/AUTH_7aebe34b89554e87825206ce40aeb2f7/gnocchi.9d08177d-f005-4077-93cb-0ab3f3ffc960/none_v3 HTTP/1.0 200 - python-swiftclient-4.8.0 gAAAAABo4zrI4CaX... - 46 - tx3466ef80ec6f4499bf064-0068e33b0e - 0.0077 - - 1759722254.115428209 1759722254.123147726 0 7b03bd18aea8470cbeb747235c58da52
Oct 05 23:44:14 np0005471485.novalocal container-server[93622]: ::1 - - [06/Oct/2025:03:44:14 +0000] "GET /3/254353/AUTH_7aebe34b89554e87825206ce40aeb2f7/gnocchi.9d08177d-f005-4077-93cb-0ab3f3ffc960" 200 357 "GET https://[::1]:8080/v1/AUTH_7aebe34b89554e87825206ce40aeb2f7/gnocchi.9d08177d-f005-4077-93cb-0ab3f3ffc960?format=json&states=listing" "txc6f04c899b9a4b4ebf885-0068e33b0e" "proxy-server 94957" 0.0053 "-" 93622 0
Oct 05 23:44:14 np0005471485.novalocal proxy-server[94957]: ::1 ::1 06/Oct/2025/03/44/14 GET /v1/AUTH_7aebe34b89554e87825206ce40aeb2f7/gnocchi.9d08177d-f005-4077-93cb-0ab3f3ffc960%3Fformat%3Djson%26states%3Dlisting HTTP/1.0 200 - python-swiftclient-4.8.0 gAAAAABo4zrI4CaX... - 357 - txc6f04c899b9a4b4ebf885-0068e33b0e - 0.0140 - - 1759722254.126704693 1759722254.140709162 0 7b03bd18aea8470cbeb747235c58da52
Oct 05 23:44:14 np0005471485.novalocal container-server[93621]: ::1 - - [06/Oct/2025:03:44:14 +0000] "GET /2/254353/AUTH_7aebe34b89554e87825206ce40aeb2f7/gnocchi.9d08177d-f005-4077-93cb-0ab3f3ffc960" 200 2 "GET https://[::1]:8080/v1/AUTH_7aebe34b89554e87825206ce40aeb2f7/gnocchi.9d08177d-f005-4077-93cb-0ab3f3ffc960?format=json&marker=none_v3&states=listing" "txe06b3a4c5e2349d399e25-0068e33b0e" "proxy-server 94957" 0.0030 "-" 93621 0
Oct 05 23:44:14 np0005471485.novalocal proxy-server[94957]: ::1 ::1 06/Oct/2025/03/44/14 GET /v1/AUTH_7aebe34b89554e87825206ce40aeb2f7/gnocchi.9d08177d-f005-4077-93cb-0ab3f3ffc960%3Fformat%3Djson%26marker%3Dnone_v3%26states%3Dlisting HTTP/1.0 200 - python-swiftclient-4.8.0 gAAAAABo4zrI4CaX... - 2 - txe06b3a4c5e2349d399e25-0068e33b0e - 0.0147 - - 1759722254.143977404 1759722254.158659220 0 7b03bd18aea8470cbeb747235c58da52
Oct 05 23:44:14 np0005471485.novalocal object-server[93954]: ::1 - - [06/Oct/2025:03:44:14 +0000] "GET /3/161274/AUTH_7aebe34b89554e87825206ce40aeb2f7/gnocchi.9d08177d-f005-4077-93cb-0ab3f3ffc960/1759320000.0_mean_300.0_v3" 200 16 "GET https://[::1]:8080/v1/AUTH_7aebe34b89554e87825206ce40aeb2f7/gnocchi.9d08177d-f005-4077-93cb-0ab3f3ffc960/1759320000.0_mean_300.0_v3" "tx49db5c5b23bc43ffb7439-0068e33b0e" "proxy-server 94957" 0.0006 "-" 93954 0
Oct 05 23:44:14 np0005471485.novalocal proxy-server[94957]: ::1 ::1 06/Oct/2025/03/44/14 GET /v1/AUTH_7aebe34b89554e87825206ce40aeb2f7/gnocchi.9d08177d-f005-4077-93cb-0ab3f3ffc960/1759320000.0_mean_300.0_v3 HTTP/1.0 200 - python-swiftclient-4.8.0 gAAAAABo4zrI4CaX... - 16 - tx49db5c5b23bc43ffb7439-0068e33b0e - 0.0072 - - 1759722254.162954092 1759722254.170174122 0 7b03bd18aea8470cbeb747235c58da52
Oct 05 23:44:14 np0005471485.novalocal container-server[93622]: ::1 - - [06/Oct/2025:03:44:14 +0000] "PUT /1/254353/AUTH_7aebe34b89554e87825206ce40aeb2f7/gnocchi.9d08177d-f005-4077-93cb-0ab3f3ffc960/1759320000.0_mean_300.0_v3" 201 - "PUT http://[::1]:8080/1/161274/AUTH_7aebe34b89554e87825206ce40aeb2f7/gnocchi.9d08177d-f005-4077-93cb-0ab3f3ffc960/1759320000.0_mean_300.0_v3" "tx0cda71ed71764a85abf57-0068e33b0e" "object-server 93954" 0.0006 "-" 93622 0
Oct 05 23:44:14 np0005471485.novalocal object-server[93954]: ::1 - - [06/Oct/2025:03:44:14 +0000] "PUT /1/161274/AUTH_7aebe34b89554e87825206ce40aeb2f7/gnocchi.9d08177d-f005-4077-93cb-0ab3f3ffc960/1759320000.0_mean_300.0_v3" 201 - "PUT https://[::1]:8080/v1/AUTH_7aebe34b89554e87825206ce40aeb2f7/gnocchi.9d08177d-f005-4077-93cb-0ab3f3ffc960/1759320000.0_mean_300.0_v3" "tx0cda71ed71764a85abf57-0068e33b0e" "proxy-server 94957" 0.0127 "-" 93954 0
Oct 05 23:44:14 np0005471485.novalocal container-server[93621]: ::1 - - [06/Oct/2025:03:44:14 +0000] "PUT /3/254353/AUTH_7aebe34b89554e87825206ce40aeb2f7/gnocchi.9d08177d-f005-4077-93cb-0ab3f3ffc960/1759320000.0_mean_300.0_v3" 201 - "PUT http://[::1]:8080/2/161274/AUTH_7aebe34b89554e87825206ce40aeb2f7/gnocchi.9d08177d-f005-4077-93cb-0ab3f3ffc960/1759320000.0_mean_300.0_v3" "tx0cda71ed71764a85abf57-0068e33b0e" "object-server 93955" 0.0006 "-" 93621 0
Oct 05 23:44:14 np0005471485.novalocal object-server[93955]: ::1 - - [06/Oct/2025:03:44:14 +0000] "PUT /2/161274/AUTH_7aebe34b89554e87825206ce40aeb2f7/gnocchi.9d08177d-f005-4077-93cb-0ab3f3ffc960/1759320000.0_mean_300.0_v3" 201 - "PUT https://[::1]:8080/v1/AUTH_7aebe34b89554e87825206ce40aeb2f7/gnocchi.9d08177d-f005-4077-93cb-0ab3f3ffc960/1759320000.0_mean_300.0_v3" "tx0cda71ed71764a85abf57-0068e33b0e" "proxy-server 94957" 0.0204 "-" 93955 0
Oct 05 23:44:14 np0005471485.novalocal container-server[93621]: ::1 - - [06/Oct/2025:03:44:14 +0000] "PUT /2/254353/AUTH_7aebe34b89554e87825206ce40aeb2f7/gnocchi.9d08177d-f005-4077-93cb-0ab3f3ffc960/1759320000.0_mean_300.0_v3" 201 - "PUT http://[::1]:8080/3/161274/AUTH_7aebe34b89554e87825206ce40aeb2f7/gnocchi.9d08177d-f005-4077-93cb-0ab3f3ffc960/1759320000.0_mean_300.0_v3" "tx0cda71ed71764a85abf57-0068e33b0e" "object-server 93955" 0.0084 "-" 93621 0
Oct 05 23:44:14 np0005471485.novalocal object-server[93955]: ::1 - - [06/Oct/2025:03:44:14 +0000] "PUT /3/161274/AUTH_7aebe34b89554e87825206ce40aeb2f7/gnocchi.9d08177d-f005-4077-93cb-0ab3f3ffc960/1759320000.0_mean_300.0_v3" 201 - "PUT https://[::1]:8080/v1/AUTH_7aebe34b89554e87825206ce40aeb2f7/gnocchi.9d08177d-f005-4077-93cb-0ab3f3ffc960/1759320000.0_mean_300.0_v3" "tx0cda71ed71764a85abf57-0068e33b0e" "proxy-server 94957" 0.0344 "-" 93955 0
Oct 05 23:44:14 np0005471485.novalocal proxy-server[94957]: ::1 ::1 06/Oct/2025/03/44/14 PUT /v1/AUTH_7aebe34b89554e87825206ce40aeb2f7/gnocchi.9d08177d-f005-4077-93cb-0ab3f3ffc960/1759320000.0_mean_300.0_v3 HTTP/1.0 201 - python-swiftclient-4.8.0 gAAAAABo4zrI4CaX... 16 - - tx0cda71ed71764a85abf57-0068e33b0e - 0.0429 - - 1759722254.173413277 1759722254.216331482 0 7b03bd18aea8470cbeb747235c58da52
Oct 05 23:44:14 np0005471485.novalocal container-server[93621]: ::1 - - [06/Oct/2025:03:44:14 +0000] "PUT /3/254353/AUTH_7aebe34b89554e87825206ce40aeb2f7/gnocchi.9d08177d-f005-4077-93cb-0ab3f3ffc960/none_v3" 201 - "PUT http://[::1]:8080/2/68040/AUTH_7aebe34b89554e87825206ce40aeb2f7/gnocchi.9d08177d-f005-4077-93cb-0ab3f3ffc960/none_v3" "tx76306be92e6c41d89a72a-0068e33b0e" "object-server 93955" 0.0006 "-" 93621 0
Oct 05 23:44:14 np0005471485.novalocal object-server[93955]: ::1 - - [06/Oct/2025:03:44:14 +0000] "PUT /2/68040/AUTH_7aebe34b89554e87825206ce40aeb2f7/gnocchi.9d08177d-f005-4077-93cb-0ab3f3ffc960/none_v3" 201 - "PUT https://[::1]:8080/v1/AUTH_7aebe34b89554e87825206ce40aeb2f7/gnocchi.9d08177d-f005-4077-93cb-0ab3f3ffc960/none_v3" "tx76306be92e6c41d89a72a-0068e33b0e" "proxy-server 94957" 0.0149 "-" 93955 0
Oct 05 23:44:14 np0005471485.novalocal container-server[93621]: ::1 - - [06/Oct/2025:03:44:14 +0000] "PUT /1/254353/AUTH_7aebe34b89554e87825206ce40aeb2f7/gnocchi.9d08177d-f005-4077-93cb-0ab3f3ffc960/none_v3" 201 - "PUT http://[::1]:8080/1/68040/AUTH_7aebe34b89554e87825206ce40aeb2f7/gnocchi.9d08177d-f005-4077-93cb-0ab3f3ffc960/none_v3" "tx76306be92e6c41d89a72a-0068e33b0e" "object-server 93955" 0.0004 "-" 93621 0
Oct 05 23:44:14 np0005471485.novalocal object-server[93955]: ::1 - - [06/Oct/2025:03:44:14 +0000] "PUT /1/68040/AUTH_7aebe34b89554e87825206ce40aeb2f7/gnocchi.9d08177d-f005-4077-93cb-0ab3f3ffc960/none_v3" 201 - "PUT https://[::1]:8080/v1/AUTH_7aebe34b89554e87825206ce40aeb2f7/gnocchi.9d08177d-f005-4077-93cb-0ab3f3ffc960/none_v3" "tx76306be92e6c41d89a72a-0068e33b0e" "proxy-server 94957" 0.0226 "-" 93955 0
Oct 05 23:44:14 np0005471485.novalocal container-server[93622]: ::1 - - [06/Oct/2025:03:44:14 +0000] "PUT /2/254353/AUTH_7aebe34b89554e87825206ce40aeb2f7/gnocchi.9d08177d-f005-4077-93cb-0ab3f3ffc960/none_v3" 201 - "PUT http://[::1]:8080/3/68040/AUTH_7aebe34b89554e87825206ce40aeb2f7/gnocchi.9d08177d-f005-4077-93cb-0ab3f3ffc960/none_v3" "tx76306be92e6c41d89a72a-0068e33b0e" "object-server 93955" 0.0005 "-" 93622 0
Oct 05 23:44:14 np0005471485.novalocal object-server[93955]: ::1 - - [06/Oct/2025:03:44:14 +0000] "PUT /3/68040/AUTH_7aebe34b89554e87825206ce40aeb2f7/gnocchi.9d08177d-f005-4077-93cb-0ab3f3ffc960/none_v3" 201 - "PUT https://[::1]:8080/v1/AUTH_7aebe34b89554e87825206ce40aeb2f7/gnocchi.9d08177d-f005-4077-93cb-0ab3f3ffc960/none_v3" "tx76306be92e6c41d89a72a-0068e33b0e" "proxy-server 94957" 0.0248 "-" 93955 0
Oct 05 23:44:14 np0005471485.novalocal proxy-server[94957]: ::1 ::1 06/Oct/2025/03/44/14 PUT /v1/AUTH_7aebe34b89554e87825206ce40aeb2f7/gnocchi.9d08177d-f005-4077-93cb-0ab3f3ffc960/none_v3 HTTP/1.0 201 - python-swiftclient-4.8.0 gAAAAABo4zrI4CaX... 52 - - tx76306be92e6c41d89a72a-0068e33b0e - 0.0369 - - 1759722254.218956947 1759722254.255904436 0 7b03bd18aea8470cbeb747235c58da52
Oct 05 23:44:14 np0005471485.novalocal container-server[93621]: ::1 - - [06/Oct/2025:03:44:14 +0000] "HEAD /3/41975/AUTH_7aebe34b89554e87825206ce40aeb2f7/gnocchi.8de7d202-caa1-4d38-a702-0aeabd8ea4f4" 404 - "HEAD http://[::1]:8080/v1/AUTH_7aebe34b89554e87825206ce40aeb2f7/gnocchi.8de7d202-caa1-4d38-a702-0aeabd8ea4f4" "tx63ed02649eff42d28a632-0068e33b0e" "proxy-server 94957" 0.0004 "-" 93621 0
Oct 05 23:44:14 np0005471485.novalocal container-server[93622]: ::1 - - [06/Oct/2025:03:44:14 +0000] "HEAD /2/41975/AUTH_7aebe34b89554e87825206ce40aeb2f7/gnocchi.8de7d202-caa1-4d38-a702-0aeabd8ea4f4" 404 - "HEAD http://[::1]:8080/v1/AUTH_7aebe34b89554e87825206ce40aeb2f7/gnocchi.8de7d202-caa1-4d38-a702-0aeabd8ea4f4" "tx63ed02649eff42d28a632-0068e33b0e" "proxy-server 94957" 0.0003 "-" 93622 0
