Nov 28 17:28:46 standalone object-server[126914]: 172.20.0.100 - - [28/Nov/2025:17:28:46 +0000] "PUT /d1/654/AUTH_5621d84cd665456094b55d2da6e3b3bb/gnocchi.3c0dcf1c-3d93-4c97-9457-bc3527f6fb29/1763640000.0_mean_300.0_v3" 201 - "PUT http://172.18.0.2:8080/v1/AUTH_5621d84cd665456094b55d2da6e3b3bb/gnocchi.3c0dcf1c-3d93-4c97-9457-bc3527f6fb29/1763640000.0_mean_300.0_v3" "tx2808485faa9c4db5be779-006929dbce" "proxy-server 20" 0.0084 "-" 25 0
Nov 28 17:28:46 standalone proxy-server[128662]: 172.18.0.2 172.18.0.100 28/Nov/2025/17/28/46 PUT /v1/AUTH_5621d84cd665456094b55d2da6e3b3bb/gnocchi.3c0dcf1c-3d93-4c97-9457-bc3527f6fb29/1763640000.0_mean_300.0_v3 HTTP/1.0 201 - python-swiftclient-3.11.1 gAAAAABpKduKnPZ6... 16 - - tx2808485faa9c4db5be779-006929dbce - 0.0145 - - 1764350926.251818419 1764350926.266360760 0
Nov 28 17:28:46 standalone container-server[126566]: 172.20.0.100 - - [28/Nov/2025:17:28:46 +0000] "PUT /d1/885/AUTH_5621d84cd665456094b55d2da6e3b3bb/gnocchi.3c0dcf1c-3d93-4c97-9457-bc3527f6fb29/none_v3" 201 - "PUT http://172.18.0.2:8080/d1/72/AUTH_5621d84cd665456094b55d2da6e3b3bb/gnocchi.3c0dcf1c-3d93-4c97-9457-bc3527f6fb29/none_v3" "txc92be55cd3d946d48f4bf-006929dbce" "object-server 23" 0.0005 "-" 21 0
Nov 28 17:28:46 standalone object-server[126904]: 172.20.0.100 - - [28/Nov/2025:17:28:46 +0000] "PUT /d1/72/AUTH_5621d84cd665456094b55d2da6e3b3bb/gnocchi.3c0dcf1c-3d93-4c97-9457-bc3527f6fb29/none_v3" 201 - "PUT http://172.18.0.2:8080/v1/AUTH_5621d84cd665456094b55d2da6e3b3bb/gnocchi.3c0dcf1c-3d93-4c97-9457-bc3527f6fb29/none_v3" "txc92be55cd3d946d48f4bf-006929dbce" "proxy-server 20" 0.0287 "-" 23 0
Nov 28 17:28:46 standalone proxy-server[128662]: 172.18.0.2 172.18.0.100 28/Nov/2025/17/28/46 PUT /v1/AUTH_5621d84cd665456094b55d2da6e3b3bb/gnocchi.3c0dcf1c-3d93-4c97-9457-bc3527f6fb29/none_v3 HTTP/1.0 201 - python-swiftclient-3.11.1 gAAAAABpKduKnPZ6... 22 - - txc92be55cd3d946d48f4bf-006929dbce - 0.0349 - - 1764350926.268984795 1764350926.303884983 0
Nov 28 17:28:46 standalone container-server[126535]: 172.20.0.100 - - [28/Nov/2025:17:28:46 +0000] "HEAD /d1/448/AUTH_5621d84cd665456094b55d2da6e3b3bb/gnocchi.dde077ad-0d38-4b45-86a7-890d98f601c0" 404 - "HEAD http://172.18.0.2:8080/v1/AUTH_5621d84cd665456094b55d2da6e3b3bb/gnocchi.dde077ad-0d38-4b45-86a7-890d98f601c0?format=json&states=listing" "tx662d692291674436b3e25-006929dbce" "proxy-server 20" 0.0005 "-" 19 0
Nov 28 17:28:46 standalone object-server[126900]: 172.20.0.100 - - [28/Nov/2025:17:28:46 +0000] "GET /d1/550/AUTH_5621d84cd665456094b55d2da6e3b3bb/gnocchi.dde077ad-0d38-4b45-86a7-890d98f601c0/none_v3" 404 70 "GET http://172.18.0.2:8080/v1/AUTH_5621d84cd665456094b55d2da6e3b3bb/gnocchi.dde077ad-0d38-4b45-86a7-890d98f601c0/none_v3" "tx662d692291674436b3e25-006929dbce" "proxy-server 20" 0.0027 "-" 22 0
Nov 28 17:28:46 standalone proxy-server[128662]: 172.18.0.2 172.18.0.100 28/Nov/2025/17/28/46 GET /v1/AUTH_5621d84cd665456094b55d2da6e3b3bb/gnocchi.dde077ad-0d38-4b45-86a7-890d98f601c0/none_v3 HTTP/1.0 404 - python-swiftclient-3.11.1 gAAAAABpKduKnPZ6... - 70 - tx662d692291674436b3e25-006929dbce - 0.0144 - - 1764350926.349610329 1764350926.364004612 0
Nov 28 17:28:46 standalone account-server[126702]: 172.20.0.100 - - [28/Nov/2025:17:28:46 +0000] "PUT /d1/596/AUTH_5621d84cd665456094b55d2da6e3b3bb/gnocchi.dde077ad-0d38-4b45-86a7-890d98f601c0" 201 - "PUT http://172.20.0.100:6001/d1/448/AUTH_5621d84cd665456094b55d2da6e3b3bb/gnocchi.dde077ad-0d38-4b45-86a7-890d98f601c0" "tx115a6ca2858f4680a878f-006929dbce" "container-server 21" 0.0064 "-" 22 0
Nov 28 17:28:46 standalone container-server[126566]: 172.20.0.100 - - [28/Nov/2025:17:28:46 +0000] "PUT /d1/448/AUTH_5621d84cd665456094b55d2da6e3b3bb/gnocchi.dde077ad-0d38-4b45-86a7-890d98f601c0" 201 - "PUT http://172.18.0.2:8080/v1/AUTH_5621d84cd665456094b55d2da6e3b3bb/gnocchi.dde077ad-0d38-4b45-86a7-890d98f601c0" "tx115a6ca2858f4680a878f-006929dbce" "proxy-server 20" 0.0183 "-" 21 0
Nov 28 17:28:46 standalone proxy-server[128662]: 172.18.0.2 172.18.0.100 28/Nov/2025/17/28/46 PUT /v1/AUTH_5621d84cd665456094b55d2da6e3b3bb/gnocchi.dde077ad-0d38-4b45-86a7-890d98f601c0 HTTP/1.0 201 - python-swiftclient-3.11.1 gAAAAABpKduKnPZ6... - - - tx115a6ca2858f4680a878f-006929dbce - 0.0249 - - 1764350926.367676735 1764350926.392602682 0
Nov 28 17:28:46 standalone container-server[126566]: 172.20.0.100 - - [28/Nov/2025:17:28:46 +0000] "HEAD /d1/448/AUTH_5621d84cd665456094b55d2da6e3b3bb/gnocchi.dde077ad-0d38-4b45-86a7-890d98f601c0" 204 - "HEAD http://172.18.0.2:8080/v1/AUTH_5621d84cd665456094b55d2da6e3b3bb/gnocchi.dde077ad-0d38-4b45-86a7-890d98f601c0?format=json&states=listing" "tx7b4eae6c60eb465ba92dc-006929dbce" "proxy-server 20" 0.0009 "-" 21 0
Nov 28 17:28:46 standalone proxy-server[128662]: - - 28/Nov/2025/17/28/46 HEAD /v1/AUTH_5621d84cd665456094b55d2da6e3b3bb/gnocchi.dde077ad-0d38-4b45-86a7-890d98f601c0%3Fformat%3Djson%26states%3Dlisting HTTP/1.0 204 - Swift - - - - tx7b4eae6c60eb465ba92dc-006929dbce - 0.0042 RL - 1764350926.397953510 1764350926.402115345 0
Nov 28 17:28:46 standalone container-server[126550]: 172.20.0.100 - - [28/Nov/2025:17:28:46 +0000] "GET /d1/448/AUTH_5621d84cd665456094b55d2da6e3b3bb/gnocchi.dde077ad-0d38-4b45-86a7-890d98f601c0" 200 2 "GET http://172.18.0.2:8080/v1/AUTH_5621d84cd665456094b55d2da6e3b3bb/gnocchi.dde077ad-0d38-4b45-86a7-890d98f601c0?format=json&states=listing" "tx7b4eae6c60eb465ba92dc-006929dbce" "proxy-server 20" 0.0025 "-" 20 0
Nov 28 17:28:46 standalone proxy-server[128662]: 172.18.0.2 172.18.0.100 28/Nov/2025/17/28/46 GET /v1/AUTH_5621d84cd665456094b55d2da6e3b3bb/gnocchi.dde077ad-0d38-4b45-86a7-890d98f601c0%3Fformat%3Djson%26states%3Dlisting HTTP/1.0 200 - python-swiftclient-3.11.1 gAAAAABpKduKnPZ6... - 2 - tx7b4eae6c60eb465ba92dc-006929dbce - 0.0164 - - 1764350926.396447897 1764350926.412853003 0
Nov 28 17:28:46 standalone object-server[126900]: 172.20.0.100 - - [28/Nov/2025:17:28:46 +0000] "GET /d1/323/AUTH_5621d84cd665456094b55d2da6e3b3bb/gnocchi.dde077ad-0d38-4b45-86a7-890d98f601c0/1763640000.0_mean_300.0_v3" 404 70 "GET http://172.18.0.2:8080/v1/AUTH_5621d84cd665456094b55d2da6e3b3bb/gnocchi.dde077ad-0d38-4b45-86a7-890d98f601c0/1763640000.0_mean_300.0_v3" "txfa621778d87845c0b0b93-006929dbce" "proxy-server 20" 0.0005 "-" 22 0
Nov 28 17:28:46 standalone proxy-server[128662]: 172.18.0.2 172.18.0.100 28/Nov/2025/17/28/46 GET /v1/AUTH_5621d84cd665456094b55d2da6e3b3bb/gnocchi.dde077ad-0d38-4b45-86a7-890d98f601c0/1763640000.0_mean_300.0_v3 HTTP/1.0 404 - python-swiftclient-3.11.1 gAAAAABpKduKnPZ6... - 70 - txfa621778d87845c0b0b93-006929dbce - 0.0073 - - 1764350926.417701960 1764350926.425019979 0
Nov 28 17:28:46 standalone container-server[126566]: 172.20.0.100 - - [28/Nov/2025:17:28:46 +0000] "PUT /d1/448/AUTH_5621d84cd665456094b55d2da6e3b3bb/gnocchi.dde077ad-0d38-4b45-86a7-890d98f601c0/1763640000.0_mean_300.0_v3" 201 - "PUT http://172.18.0.2:8080/d1/323/AUTH_5621d84cd665456094b55d2da6e3b3bb/gnocchi.dde077ad-0d38-4b45-86a7-890d98f601c0/1763640000.0_mean_300.0_v3" "tx811f3fa1b6244ba788364-006929dbce" "object-server 24" 0.0005 "-" 21 0
Nov 28 17:28:46 standalone object-server[126912]: 172.20.0.100 - - [28/Nov/2025:17:28:46 +0000] "PUT /d1/323/AUTH_5621d84cd665456094b55d2da6e3b3bb/gnocchi.dde077ad-0d38-4b45-86a7-890d98f601c0/1763640000.0_mean_300.0_v3" 201 - "PUT http://172.18.0.2:8080/v1/AUTH_5621d84cd665456094b55d2da6e3b3bb/gnocchi.dde077ad-0d38-4b45-86a7-890d98f601c0/1763640000.0_mean_300.0_v3" "tx811f3fa1b6244ba788364-006929dbce" "proxy-server 20" 0.0119 "-" 24 0
Nov 28 17:28:46 standalone proxy-server[128662]: 172.18.0.2 172.18.0.100 28/Nov/2025/17/28/46 PUT /v1/AUTH_5621d84cd665456094b55d2da6e3b3bb/gnocchi.dde077ad-0d38-4b45-86a7-890d98f601c0/1763640000.0_mean_300.0_v3 HTTP/1.0 201 - python-swiftclient-3.11.1 gAAAAABpKduKnPZ6... 16 - - tx811f3fa1b6244ba788364-006929dbce - 0.0210 - - 1764350926.428358555 1764350926.449400902 0
Nov 28 17:28:46 standalone container-server[126535]: 172.20.0.100 - - [28/Nov/2025:17:28:46 +0000] "PUT /d1/448/AUTH_5621d84cd665456094b55d2da6e3b3bb/gnocchi.dde077ad-0d38-4b45-86a7-890d98f601c0/none_v3" 201 - "PUT http://172.18.0.2:8080/d1/550/AUTH_5621d84cd665456094b55d2da6e3b3bb/gnocchi.dde077ad-0d38-4b45-86a7-890d98f601c0/none_v3" "tx253acfc5b7a3464dbbc6e-006929dbce" "object-server 24" 0.0008 "-" 19 0
Nov 28 17:28:46 standalone object-server[126912]: 172.20.0.100 - - [28/Nov/2025:17:28:46 +0000] "PUT /d1/550/AUTH_5621d84cd665456094b55d2da6e3b3bb/gnocchi.dde077ad-0d38-4b45-86a7-890d98f601c0/none_v3" 201 - "PUT http://172.18.0.2:8080/v1/AUTH_5621d84cd665456094b55d2da6e3b3bb/gnocchi.dde077ad-0d38-4b45-86a7-890d98f601c0/none_v3" "tx253acfc5b7a3464dbbc6e-006929dbce" "proxy-server 20" 0.0106 "-" 24 0
Nov 28 17:28:46 standalone proxy-server[128662]: 172.18.0.2 172.18.0.100 28/Nov/2025/17/28/46 PUT /v1/AUTH_5621d84cd665456094b55d2da6e3b3bb/gnocchi.dde077ad-0d38-4b45-86a7-890d98f601c0/none_v3 HTTP/1.0 201 - python-swiftclient-3.11.1 gAAAAABpKduKnPZ6... 22 - - tx253acfc5b7a3464dbbc6e-006929dbce - 0.0179 - - 1764350926.453856945 1764350926.471737862 0
Nov 28 17:28:46 standalone container-server[126535]: 172.20.0.100 - - [28/Nov/2025:17:28:46 +0000] "HEAD /d1/205/AUTH_5621d84cd665456094b55d2da6e3b3bb/gnocchi.cb8188ed-0b03-4e49-802e-f0492c9c305d" 404 - "HEAD http://172.18.0.2:8080/v1/AUTH_5621d84cd665456094b55d2da6e3b3bb/gnocchi.cb8188ed-0b03-4e49-802e-f0492c9c305d?format=json&states=listing" "tx4531aa4859b5483198d98-006929dbce" "proxy-server 20" 0.0005 "-" 19 0
Nov 28 17:28:46 standalone object-server[126914]: 172.20.0.100 - - [28/Nov/2025:17:28:46 +0000] "GET /d1/806/AUTH_5621d84cd665456094b55d2da6e3b3bb/gnocchi.cb8188ed-0b03-4e49-802e-f0492c9c305d/none_v3" 404 70 "GET http://172.18.0.2:8080/v1/AUTH_5621d84cd665456094b55d2da6e3b3bb/gnocchi.cb8188ed-0b03-4e49-802e-f0492c9c305d/none_v3" "tx4531aa4859b5483198d98-006929dbce" "proxy-server 20" 0.0005 "-" 25 0
Nov 28 17:28:46 standalone proxy-server[128662]: 172.18.0.2 172.18.0.100 28/Nov/2025/17/28/46 GET /v1/AUTH_5621d84cd665456094b55d2da6e3b3bb/gnocchi.cb8188ed-0b03-4e49-802e-f0492c9c305d/none_v3 HTTP/1.0 404 - python-swiftclient-3.11.1 gAAAAABpKduKnPZ6... - 70 - tx4531aa4859b5483198d98-006929dbce - 0.0164 - - 1764350926.521906853 1764350926.538309813 0
Nov 28 17:28:46 standalone account-server[126705]: 172.20.0.100 - - [28/Nov/2025:17:28:46 +0000] "PUT /d1/596/AUTH_5621d84cd665456094b55d2da6e3b3bb/gnocchi.cb8188ed-0b03-4e49-802e-f0492c9c305d" 201 - "PUT http://172.20.0.100:6001/d1/205/AUTH_5621d84cd665456094b55d2da6e3b3bb/gnocchi.cb8188ed-0b03-4e49-802e-f0492c9c305d" "tx99fc3c7c09fa4108aee4e-006929dbce" "container-server 23" 0.0049 "-" 23 0
Nov 28 17:28:46 standalone container-server[126587]: 172.20.0.100 - - [28/Nov/2025:17:28:46 +0000] "PUT /d1/205/AUTH_5621d84cd665456094b55d2da6e3b3bb/gnocchi.cb8188ed-0b03-4e49-802e-f0492c9c305d" 201 - "PUT http://172.18.0.2:8080/v1/AUTH_5621d84cd665456094b55d2da6e3b3bb/gnocchi.cb8188ed-0b03-4e49-802e-f0492c9c305d" "tx99fc3c7c09fa4108aee4e-006929dbce" "proxy-server 20" 0.0198 "-" 23 0
Nov 28 17:28:46 standalone proxy-server[128662]: 172.18.0.2 172.18.0.100 28/Nov/2025/17/28/46 PUT /v1/AUTH_5621d84cd665456094b55d2da6e3b3bb/gnocchi.cb8188ed-0b03-4e49-802e-f0492c9c305d HTTP/1.0 201 - python-swiftclient-3.11.1 gAAAAABpKduKnPZ6... - - - tx99fc3c7c09fa4108aee4e-006929dbce - 0.0282 - - 1764350926.543800592 1764350926.571964264 0
Nov 28 17:28:46 standalone container-server[126587]: 172.20.0.100 - - [28/Nov/2025:17:28:46 +0000] "HEAD /d1/205/AUTH_5621d84cd665456094b55d2da6e3b3bb/gnocchi.cb8188ed-0b03-4e49-802e-f0492c9c305d" 204 - "HEAD http://172.18.0.2:8080/v1/AUTH_5621d84cd665456094b55d2da6e3b3bb/gnocchi.cb8188ed-0b03-4e49-802e-f0492c9c305d?format=json&states=listing" "txd141d8b49320460089953-006929dbce" "proxy-server 20" 0.0019 "-" 23 0
Nov 28 17:28:46 standalone proxy-server[128662]: - - 28/Nov/2025/17/28/46 HEAD /v1/AUTH_5621d84cd665456094b55d2da6e3b3bb/gnocchi.cb8188ed-0b03-4e49-802e-f0492c9c305d%3Fformat%3Djson%26states%3Dlisting HTTP/1.0 204 - Swift - - - - txd141d8b49320460089953-006929dbce - 0.0087 RL - 1764350926.581640482 1764350926.590312243 0
Nov 28 17:28:46 standalone container-server[126535]: 172.20.0.100 - - [28/Nov/2025:17:28:46 +0000] "GET /d1/205/AUTH_5621d84cd665456094b55d2da6e3b3bb/gnocchi.cb8188ed-0b03-4e49-802e-f0492c9c305d" 200 2 "GET http://172.18.0.2:8080/v1/AUTH_5621d84cd665456094b55d2da6e3b3bb/gnocchi.cb8188ed-0b03-4e49-802e-f0492c9c305d?format=json&states=listing" "txd141d8b49320460089953-006929dbce" "proxy-server 20" 0.0044 "-" 19 0
Nov 28 17:28:46 standalone proxy-server[128662]: 172.18.0.2 172.18.0.100 28/Nov/2025/17/28/46 GET /v1/AUTH_5621d84cd665456094b55d2da6e3b3bb/gnocchi.cb8188ed-0b03-4e49-802e-f0492c9c305d%3Fformat%3Djson%26states%3Dlisting HTTP/1.0 200 - python-swiftclient-3.11.1 gAAAAABpKduKnPZ6... - 2 - txd141d8b49320460089953-006929dbce - 0.0309 - - 1764350926.579225302 1764350926.610081196 0
Nov 28 17:28:46 standalone object-server[126912]: 172.20.0.100 - - [28/Nov/2025:17:28:46 +0000] "GET /d1/775/AUTH_5621d84cd665456094b55d2da6e3b3bb/gnocchi.cb8188ed-0b03-4e49-802e-f0492c9c305d/1763640000.0_mean_300.0_v3" 404 70 "GET http://172.18.0.2:8080/v1/AUTH_5621d84cd665456094b55d2da6e3b3bb/gnocchi.cb8188ed-0b03-4e49-802e-f0492c9c305d/1763640000.0_mean_300.0_v3" "tx6815c7e508bd426bb936f-006929dbce" "proxy-server 20" 0.0004 "-" 24 0
Nov 28 17:28:46 standalone proxy-server[128662]: 172.18.0.2 172.18.0.100 28/Nov/2025/17/28/46 GET /v1/AUTH_5621d84cd665456094b55d2da6e3b3bb/gnocchi.cb8188ed-0b03-4e49-802e-f0492c9c305d/1763640000.0_mean_300.0_v3 HTTP/1.0 404 - python-swiftclient-3.11.1 gAAAAABpKduKnPZ6... - 70 - tx6815c7e508bd426bb936f-006929dbce - 0.0076 - - 1764350926.619844437 1764350926.627481461 0
Nov 28 17:28:46 standalone container-server[126587]: 172.20.0.100 - - [28/Nov/2025:17:28:46 +0000] "PUT /d1/205/AUTH_5621d84cd665456094b55d2da6e3b3bb/gnocchi.cb8188ed-0b03-4e49-802e-f0492c9c305d/1763640000.0_mean_300.0_v3" 201 - "PUT http://172.18.0.2:8080/d1/775/AUTH_5621d84cd665456094b55d2da6e3b3bb/gnocchi.cb8188ed-0b03-4e49-802e-f0492c9c305d/1763640000.0_mean_300.0_v3" "txfd38d429fa2e47c8b0b29-006929dbce" "object-server 23" 0.0008 "-" 23 0
Nov 28 17:28:46 standalone object-server[126904]: 172.20.0.100 - - [28/Nov/2025:17:28:46 +0000] "PUT /d1/775/AUTH_5621d84cd665456094b55d2da6e3b3bb/gnocchi.cb8188ed-0b03-4e49-802e-f0492c9c305d/1763640000.0_mean_300.0_v3" 201 - "PUT http://172.18.0.2:8080/v1/AUTH_5621d84cd665456094b55d2da6e3b3bb/gnocchi.cb8188ed-0b03-4e49-802e-f0492c9c305d/1763640000.0_mean_300.0_v3" "txfd38d429fa2e47c8b0b29-006929dbce" "proxy-server 20" 0.0164 "-" 23 0
Nov 28 17:28:46 standalone proxy-server[128662]: 172.18.0.2 172.18.0.100 28/Nov/2025/17/28/46 PUT /v1/AUTH_5621d84cd665456094b55d2da6e3b3bb/gnocchi.cb8188ed-0b03-4e49-802e-f0492c9c305d/1763640000.0_mean_300.0_v3 HTTP/1.0 201 - python-swiftclient-3.11.1 gAAAAABpKduKnPZ6... 16 - - txfd38d429fa2e47c8b0b29-006929dbce - 0.0243 - - 1764350926.632411957 1764350926.656757593 0
Nov 28 17:28:46 standalone container-server[126587]: 172.20.0.100 - - [28/Nov/2025:17:28:46 +0000] "PUT /d1/205/AUTH_5621d84cd665456094b55d2da6e3b3bb/gnocchi.cb8188ed-0b03-4e49-802e-f0492c9c305d/none_v3" 201 - "PUT http://172.18.0.2:8080/d1/806/AUTH_5621d84cd665456094b55d2da6e3b3bb/gnocchi.cb8188ed-0b03-4e49-802e-f0492c9c305d/none_v3" "tx858c2077820b4b19a8976-006929dbce" "object-server 24" 0.0007 "-" 23 0
Nov 28 17:28:46 standalone object-server[126912]: 172.20.0.100 - - [28/Nov/2025:17:28:46 +0000] "PUT /d1/806/AUTH_5621d84cd665456094b55d2da6e3b3bb/gnocchi.cb8188ed-0b03-4e49-802e-f0492c9c305d/none_v3" 201 - "PUT http://172.18.0.2:8080/v1/AUTH_5621d84cd665456094b55d2da6e3b3bb/gnocchi.cb8188ed-0b03-4e49-802e-f0492c9c305d/none_v3" "tx858c2077820b4b19a8976-006929dbce" "proxy-server 20" 0.0122 "-" 24 0
Nov 28 17:28:46 standalone proxy-server[128662]: 172.18.0.2 172.18.0.100 28/Nov/2025/17/28/46 PUT /v1/AUTH_5621d84cd665456094b55d2da6e3b3bb/gnocchi.cb8188ed-0b03-4e49-802e-f0492c9c305d/none_v3 HTTP/1.0 201 - python-swiftclient-3.11.1 gAAAAABpKduKnPZ6... 22 - - tx858c2077820b4b19a8976-006929dbce - 0.0212 - - 1764350926.661877871 1764350926.683051348 0
Nov 28 17:28:46 standalone container-server[126535]: 172.20.0.100 - - [28/Nov/2025:17:28:46 +0000] "HEAD /d1/91/AUTH_5621d84cd665456094b55d2da6e3b3bb/gnocchi.a1de23ef-02dd-488a-ba4f-1a7582846566" 404 - "HEAD http://172.18.0.2:8080/v1/AUTH_5621d84cd665456094b55d2da6e3b3bb/gnocchi.a1de23ef-02dd-488a-ba4f-1a7582846566?format=json&states=listing" "tx4c23c767e63c43669ef1c-006929dbce" "proxy-server 20" 0.0013 "-" 19 0
Nov 28 17:28:46 standalone object-server[126914]: 172.20.0.100 - - [28/Nov/2025:17:28:46 +0000] "GET /d1/560/AUTH_5621d84cd665456094b55d2da6e3b3bb/gnocchi.a1de23ef-02dd-488a-ba4f-1a7582846566/none_v3" 404 70 "GET http://172.18.0.2:8080/v1/AUTH_5621d84cd665456094b55d2da6e3b3bb/gnocchi.a1de23ef-02dd-488a-ba4f-1a7582846566/none_v3" "tx4c23c767e63c43669ef1c-006929dbce" "proxy-server 20" 0.0004 "-" 25 0
Nov 28 17:28:46 standalone proxy-server[128662]: 172.18.0.2 172.18.0.100 28/Nov/2025/17/28/46 GET /v1/AUTH_5621d84cd665456094b55d2da6e3b3bb/gnocchi.a1de23ef-02dd-488a-ba4f-1a7582846566/none_v3 HTTP/1.0 404 - python-swiftclient-3.11.1 gAAAAABpKduKnPZ6... - 70 - tx4c23c767e63c43669ef1c-006929dbce - 0.0160 - - 1764350926.719996929 1764350926.735984564 0
Nov 28 17:28:46 standalone account-server[126698]: 172.20.0.100 - - [28/Nov/2025:17:28:46 +0000] "PUT /d1/596/AUTH_5621d84cd665456094b55d2da6e3b3bb/gnocchi.a1de23ef-02dd-488a-ba4f-1a7582846566" 201 - "PUT http://172.20.0.100:6001/d1/91/AUTH_5621d84cd665456094b55d2da6e3b3bb/gnocchi.a1de23ef-02dd-488a-ba4f-1a7582846566" "tx2e74dc9d7b6b4aa8932d6-006929dbce" "container-server 21" 0.0070 "-" 21 0
Nov 28 17:28:46 standalone container-server[126566]: 172.20.0.100 - - [28/Nov/2025:17:28:46 +0000] "PUT /d1/91/AUTH_5621d84cd665456094b55d2da6e3b3bb/gnocchi.a1de23ef-02dd-488a-ba4f-1a7582846566" 201 - "PUT http://172.18.0.2:8080/v1/AUTH_5621d84cd665456094b55d2da6e3b3bb/gnocchi.a1de23ef-02dd-488a-ba4f-1a7582846566" "tx2e74dc9d7b6b4aa8932d6-006929dbce" "proxy-server 20" 0.0195 "-" 21 0
Nov 28 17:28:46 standalone proxy-server[128662]: 172.18.0.2 172.18.0.100 28/Nov/2025/17/28/46 PUT /v1/AUTH_5621d84cd665456094b55d2da6e3b3bb/gnocchi.a1de23ef-02dd-488a-ba4f-1a7582846566 HTTP/1.0 201 - python-swiftclient-3.11.1 gAAAAABpKduKnPZ6... - - - tx2e74dc9d7b6b4aa8932d6-006929dbce - 0.0260 - - 1764350926.742899656 1764350926.768866777 0
Nov 28 17:28:46 standalone container-server[126587]: 172.20.0.100 - - [28/Nov/2025:17:28:46 +0000] "HEAD /d1/91/AUTH_5621d84cd665456094b55d2da6e3b3bb/gnocchi.a1de23ef-02dd-488a-ba4f-1a7582846566" 204 - "HEAD http://172.18.0.2:8080/v1/AUTH_5621d84cd665456094b55d2da6e3b3bb/gnocchi.a1de23ef-02dd-488a-ba4f-1a7582846566?format=json&states=listing" "tx8c12a803df8d49e0a5774-006929dbce" "proxy-server 20" 0.0020 "-" 23 0
Nov 28 17:28:46 standalone proxy-server[128662]: - - 28/Nov/2025/17/28/46 HEAD /v1/AUTH_5621d84cd665456094b55d2da6e3b3bb/gnocchi.a1de23ef-02dd-488a-ba4f-1a7582846566%3Fformat%3Djson%26states%3Dlisting HTTP/1.0 204 - Swift - - - - tx8c12a803df8d49e0a5774-006929dbce - 0.0064 RL - 1764350926.783508778 1764350926.789956093 0
Nov 28 17:28:46 standalone container-server[126550]: 172.20.0.100 - - [28/Nov/2025:17:28:46 +0000] "GET /d1/91/AUTH_5621d84cd665456094b55d2da6e3b3bb/gnocchi.a1de23ef-02dd-488a-ba4f-1a7582846566" 200 2 "GET http://172.18.0.2:8080/v1/AUTH_5621d84cd665456094b55d2da6e3b3bb/gnocchi.a1de23ef-02dd-488a-ba4f-1a7582846566?format=json&states=listing" "tx8c12a803df8d49e0a5774-006929dbce" "proxy-server 20" 0.0063 "-" 20 0
Nov 28 17:28:46 standalone proxy-server[128662]: 172.18.0.2 172.18.0.100 28/Nov/2025/17/28/46 GET /v1/AUTH_5621d84cd665456094b55d2da6e3b3bb/gnocchi.a1de23ef-02dd-488a-ba4f-1a7582846566%3Fformat%3Djson%26states%3Dlisting HTTP/1.0 200 - python-swiftclient-3.11.1 gAAAAABpKduKnPZ6... - 2 - tx8c12a803df8d49e0a5774-006929dbce - 0.0301 - - 1764350926.776189327 1764350926.806295156 0
Nov 28 17:28:46 standalone object-server[126900]: 172.20.0.100 - - [28/Nov/2025:17:28:46 +0000] "GET /d1/878/AUTH_5621d84cd665456094b55d2da6e3b3bb/gnocchi.a1de23ef-02dd-488a-ba4f-1a7582846566/1763640000.0_mean_300.0_v3" 404 70 "GET http://172.18.0.2:8080/v1/AUTH_5621d84cd665456094b55d2da6e3b3bb/gnocchi.a1de23ef-02dd-488a-ba4f-1a7582846566/1763640000.0_mean_300.0_v3" "tx65c25e7bed3f4c94a4c89-006929dbce" "proxy-server 20" 0.0004 "-" 22 0
Nov 28 17:28:46 standalone proxy-server[128662]: 172.18.0.2 172.18.0.100 28/Nov/2025/17/28/46 GET /v1/AUTH_5621d84cd665456094b55d2da6e3b3bb/gnocchi.a1de23ef-02dd-488a-ba4f-1a7582846566/1763640000.0_mean_300.0_v3 HTTP/1.0 404 - python-swiftclient-3.11.1 gAAAAABpKduKnPZ6... - 70 - tx65c25e7bed3f4c94a4c89-006929dbce - 0.0110 - - 1764350926.814731121 1764350926.825754166 0
Nov 28 17:28:46 standalone container-server[126550]: 172.20.0.100 - - [28/Nov/2025:17:28:46 +0000] "PUT /d1/91/AUTH_5621d84cd665456094b55d2da6e3b3bb/gnocchi.a1de23ef-02dd-488a-ba4f-1a7582846566/1763640000.0_mean_300.0_v3" 201 - "PUT http://172.18.0.2:8080/d1/878/AUTH_5621d84cd665456094b55d2da6e3b3bb/gnocchi.a1de23ef-02dd-488a-ba4f-1a7582846566/1763640000.0_mean_300.0_v3" "tx32a1c76d66304d5f81c89-006929dbce" "object-server 23" 0.0017 "-" 20 0
Nov 28 17:28:46 standalone object-server[126904]: 172.20.0.100 - - [28/Nov/2025:17:28:46 +0000] "PUT /d1/878/AUTH_5621d84cd665456094b55d2da6e3b3bb/gnocchi.a1de23ef-02dd-488a-ba4f-1a7582846566/1763640000.0_mean_300.0_v3" 201 - "PUT http://172.18.0.2:8080/v1/AUTH_5621d84cd665456094b55d2da6e3b3bb/gnocchi.a1de23ef-02dd-488a-ba4f-1a7582846566/1763640000.0_mean_300.0_v3" "tx32a1c76d66304d5f81c89-006929dbce" "proxy-server 20" 0.0155 "-" 23 0
Nov 28 17:28:46 standalone proxy-server[128662]: 172.18.0.2 172.18.0.100 28/Nov/2025/17/28/46 PUT /v1/AUTH_5621d84cd665456094b55d2da6e3b3bb/gnocchi.a1de23ef-02dd-488a-ba4f-1a7582846566/1763640000.0_mean_300.0_v3 HTTP/1.0 201 - python-swiftclient-3.11.1 gAAAAABpKduKnPZ6... 16 - - tx32a1c76d66304d5f81c89-006929dbce - 0.0228 - - 1764350926.831591845 1764350926.854345322 0
Nov 28 17:28:46 standalone container-server[126550]: 172.20.0.100 - - [28/Nov/2025:17:28:46 +0000] "PUT /d1/91/AUTH_5621d84cd665456094b55d2da6e3b3bb/gnocchi.a1de23ef-02dd-488a-ba4f-1a7582846566/none_v3" 201 - "PUT http://172.18.0.2:8080/d1/560/AUTH_5621d84cd665456094b55d2da6e3b3bb/gnocchi.a1de23ef-02dd-488a-ba4f-1a7582846566/none_v3" "tx9cb3379f6e0249e18329b-006929dbce" "object-server 25" 0.0012 "-" 20 0
Nov 28 17:28:46 standalone object-server[126914]: 172.20.0.100 - - [28/Nov/2025:17:28:46 +0000] "PUT /d1/560/AUTH_5621d84cd665456094b55d2da6e3b3bb/gnocchi.a1de23ef-02dd-488a-ba4f-1a7582846566/none_v3" 201 - "PUT http://172.18.0.2:8080/v1/AUTH_5621d84cd665456094b55d2da6e3b3bb/gnocchi.a1de23ef-02dd-488a-ba4f-1a7582846566/none_v3" "tx9cb3379f6e0249e18329b-006929dbce" "proxy-server 20" 0.0125 "-" 25 0
Nov 28 17:28:46 standalone proxy-server[128662]: 172.18.0.2 172.18.0.100 28/Nov/2025/17/28/46 PUT /v1/AUTH_5621d84cd665456094b55d2da6e3b3bb/gnocchi.a1de23ef-02dd-488a-ba4f-1a7582846566/none_v3 HTTP/1.0 201 - python-swiftclient-3.11.1 gAAAAABpKduKnPZ6... 22 - - tx9cb3379f6e0249e18329b-006929dbce - 0.0194 - - 1764350926.858970642 1764350926.878417492 0
Nov 28 17:29:11 standalone container-server[126535]: 172.20.0.100 - - [28/Nov/2025:17:29:11 +0000] "HEAD /d1/364/AUTH_5621d84cd665456094b55d2da6e3b3bb/gnocchi.1420e657-24cb-49d3-b698-5be533c2b449" 404 - "HEAD http://172.18.0.2:8080/v1/AUTH_5621d84cd665456094b55d2da6e3b3bb/gnocchi.1420e657-24cb-49d3-b698-5be533c2b449?format=json&states=listing" "tx72db93f2637546538ff7b-006929dbe7" "proxy-server 20" 0.0008 "-" 19 0
Nov 28 17:29:11 standalone object-server[126914]: 172.20.0.100 - - [28/Nov/2025:17:29:11 +0000] "GET /d1/96/AUTH_5621d84cd665456094b55d2da6e3b3bb/gnocchi.1420e657-24cb-49d3-b698-5be533c2b449/none_v3" 404 70 "GET http://172.18.0.2:8080/v1/AUTH_5621d84cd665456094b55d2da6e3b3bb/gnocchi.1420e657-24cb-49d3-b698-5be533c2b449/none_v3" "tx72db93f2637546538ff7b-006929dbe7" "proxy-server 20" 0.0007 "-" 25 0
Nov 28 17:29:11 standalone proxy-server[128662]: 172.18.0.2 172.18.0.100 28/Nov/2025/17/29/11 GET /v1/AUTH_5621d84cd665456094b55d2da6e3b3bb/gnocchi.1420e657-24cb-49d3-b698-5be533c2b449/none_v3 HTTP/1.0 404 - python-swiftclient-3.11.1 gAAAAABpKduKnPZ6... - 70 - tx72db93f2637546538ff7b-006929dbe7 - 0.0134 - - 1764350951.421355724 1764350951.434723377 0
Nov 28 17:29:11 standalone account-server[126675]: 172.20.0.100 - - [28/Nov/2025:17:29:11 +0000] "PUT /d1/596/AUTH_5621d84cd665456094b55d2da6e3b3bb/gnocchi.1420e657-24cb-49d3-b698-5be533c2b449" 201 - "PUT http://172.20.0.100:6001/d1/364/AUTH_5621d84cd665456094b55d2da6e3b3bb/gnocchi.1420e657-24cb-49d3-b698-5be533c2b449" "txc51e47205d3546a6b3178-006929dbe7" "container-server 20" 0.0077 "-" 20 0
Nov 28 17:29:11 standalone container-server[126550]: 172.20.0.100 - - [28/Nov/2025:17:29:11 +0000] "PUT /d1/364/AUTH_5621d84cd665456094b55d2da6e3b3bb/gnocchi.1420e657-24cb-49d3-b698-5be533c2b449" 201 - "PUT http://172.18.0.2:8080/v1/AUTH_5621d84cd665456094b55d2da6e3b3bb/gnocchi.1420e657-24cb-49d3-b698-5be533c2b449" "txc51e47205d3546a6b3178-006929dbe7" "proxy-server 20" 0.0235 "-" 20 0
Nov 28 17:29:11 standalone proxy-server[128662]: 172.18.0.2 172.18.0.100 28/Nov/2025/17/29/11 PUT /v1/AUTH_5621d84cd665456094b55d2da6e3b3bb/gnocchi.1420e657-24cb-49d3-b698-5be533c2b449 HTTP/1.0 201 - python-swiftclient-3.11.1 gAAAAABpKduKnPZ6... - - - txc51e47205d3546a6b3178-006929dbe7 - 0.0299 - - 1764350951.438998938 1764350951.468881130 0
Nov 28 17:29:11 standalone container-server[126550]: 172.20.0.100 - - [28/Nov/2025:17:29:11 +0000] "HEAD /d1/364/AUTH_5621d84cd665456094b55d2da6e3b3bb/gnocchi.1420e657-24cb-49d3-b698-5be533c2b449" 204 - "HEAD http://172.18.0.2:8080/v1/AUTH_5621d84cd665456094b55d2da6e3b3bb/gnocchi.1420e657-24cb-49d3-b698-5be533c2b449?format=json&states=listing" "tx61d23ed425ca49e5acd26-006929dbe7" "proxy-server 20" 0.0020 "-" 20 0
Nov 28 17:29:11 standalone proxy-server[128662]: - - 28/Nov/2025/17/29/11 HEAD /v1/AUTH_5621d84cd665456094b55d2da6e3b3bb/gnocchi.1420e657-24cb-49d3-b698-5be533c2b449%3Fformat%3Djson%26states%3Dlisting HTTP/1.0 204 - Swift - - - - tx61d23ed425ca49e5acd26-006929dbe7 - 0.0064 RL - 1764350951.475312233 1764350951.481742382 0
Nov 28 17:29:11 standalone container-server[126587]: 172.20.0.100 - - [28/Nov/2025:17:29:11 +0000] "GET /d1/364/AUTH_5621d84cd665456094b55d2da6e3b3bb/gnocchi.1420e657-24cb-49d3-b698-5be533c2b449" 200 2 "GET http://172.18.0.2:8080/v1/AUTH_5621d84cd665456094b55d2da6e3b3bb/gnocchi.1420e657-24cb-49d3-b698-5be533c2b449?format=json&states=listing" "tx61d23ed425ca49e5acd26-006929dbe7" "proxy-server 20" 0.0018 "-" 23 0
Nov 28 17:29:11 standalone proxy-server[128662]: 172.18.0.2 172.18.0.100 28/Nov/2025/17/29/11 GET /v1/AUTH_5621d84cd665456094b55d2da6e3b3bb/gnocchi.1420e657-24cb-49d3-b698-5be533c2b449%3Fformat%3Djson%26states%3Dlisting HTTP/1.0 200 - python-swiftclient-3.11.1 gAAAAABpKduKnPZ6... - 2 - tx61d23ed425ca49e5acd26-006929dbe7 - 0.0181 - - 1764350951.473574638 1764350951.491707087 0
Nov 28 17:29:11 standalone object-server[126914]: 172.20.0.100 - - [28/Nov/2025:17:29:11 +0000] "GET /d1/853/AUTH_5621d84cd665456094b55d2da6e3b3bb/gnocchi.1420e657-24cb-49d3-b698-5be533c2b449/1763640000.0_mean_300.0_v3" 404 70 "GET http://172.18.0.2:8080/v1/AUTH_5621d84cd665456094b55d2da6e3b3bb/gnocchi.1420e657-24cb-49d3-b698-5be533c2b449/1763640000.0_mean_300.0_v3" "txb90deef10f4145aa81abf-006929dbe7" "proxy-server 20" 0.0007 "-" 25 0
Nov 28 17:29:11 standalone proxy-server[128662]: 172.18.0.2 172.18.0.100 28/Nov/2025/17/29/11 GET /v1/AUTH_5621d84cd665456094b55d2da6e3b3bb/gnocchi.1420e657-24cb-49d3-b698-5be533c2b449/1763640000.0_mean_300.0_v3 HTTP/1.0 404 - python-swiftclient-3.11.1 gAAAAABpKduKnPZ6... - 70 - txb90deef10f4145aa81abf-006929dbe7 - 0.0101 - - 1764350951.496803761 1764350951.506901503 0
Nov 28 17:29:11 standalone container-server[126566]: 172.20.0.100 - - [28/Nov/2025:17:29:11 +0000] "PUT /d1/364/AUTH_5621d84cd665456094b55d2da6e3b3bb/gnocchi.1420e657-24cb-49d3-b698-5be533c2b449/1763640000.0_mean_300.0_v3" 201 - "PUT http://172.18.0.2:8080/d1/853/AUTH_5621d84cd665456094b55d2da6e3b3bb/gnocchi.1420e657-24cb-49d3-b698-5be533c2b449/1763640000.0_mean_300.0_v3" "txd45e1a6ef83a45bda021a-006929dbe7" "object-server 22" 0.0005 "-" 21 0
Nov 28 17:29:11 standalone object-server[126900]: 172.20.0.100 - - [28/Nov/2025:17:29:11 +0000] "PUT /d1/853/AUTH_5621d84cd665456094b55d2da6e3b3bb/gnocchi.1420e657-24cb-49d3-b698-5be533c2b449/1763640000.0_mean_300.0_v3" 201 - "PUT http://172.18.0.2:8080/v1/AUTH_5621d84cd665456094b55d2da6e3b3bb/gnocchi.1420e657-24cb-49d3-b698-5be533c2b449/1763640000.0_mean_300.0_v3" "txd45e1a6ef83a45bda021a-006929dbe7" "proxy-server 20" 0.0089 "-" 22 0
Nov 28 17:29:11 standalone proxy-server[128662]: 172.18.0.2 172.18.0.100 28/Nov/2025/17/29/11 PUT /v1/AUTH_5621d84cd665456094b55d2da6e3b3bb/gnocchi.1420e657-24cb-49d3-b698-5be533c2b449/1763640000.0_mean_300.0_v3 HTTP/1.0 201 - python-swiftclient-3.11.1 gAAAAABpKduKnPZ6... 16 - - txd45e1a6ef83a45bda021a-006929dbe7 - 0.0189 - - 1764350951.521466255 1764350951.540321827 0
Nov 28 17:29:11 standalone container-server[126587]: 172.20.0.100 - - [28/Nov/2025:17:29:11 +0000] "PUT /d1/364/AUTH_5621d84cd665456094b55d2da6e3b3bb/gnocchi.1420e657-24cb-49d3-b698-5be533c2b449/none_v3" 201 - "PUT http://172.18.0.2:8080/d1/96/AUTH_5621d84cd665456094b55d2da6e3b3bb/gnocchi.1420e657-24cb-49d3-b698-5be533c2b449/none_v3" "txbc15e0243c074369b2a91-006929dbe7" "object-server 25" 0.0005 "-" 23 0
Nov 28 17:29:11 standalone object-server[126914]: 172.20.0.100 - - [28/Nov/2025:17:29:11 +0000] "PUT /d1/96/AUTH_5621d84cd665456094b55d2da6e3b3bb/gnocchi.1420e657-24cb-49d3-b698-5be533c2b449/none_v3" 201 - "PUT http://172.18.0.2:8080/v1/AUTH_5621d84cd665456094b55d2da6e3b3bb/gnocchi.1420e657-24cb-49d3-b698-5be533c2b449/none_v3" "txbc15e0243c074369b2a91-006929dbe7" "proxy-server 20" 0.0181 "-" 25 0
Nov 28 17:29:11 standalone proxy-server[128662]: 172.18.0.2 172.18.0.100 28/Nov/2025/17/29/11 PUT /v1/AUTH_5621d84cd665456094b55d2da6e3b3bb/gnocchi.1420e657-24cb-49d3-b698-5be533c2b449/none_v3 HTTP/1.0 201 - python-swiftclient-3.11.1 gAAAAABpKduKnPZ6... 22 - - txbc15e0243c074369b2a91-006929dbe7 - 0.0324 - - 1764350951.544609070 1764350951.576973677 0
Nov 28 17:29:11 standalone object-server[126904]: 172.20.0.100 - - [28/Nov/2025:17:29:11 +0000] "GET /d1/58/AUTH_5621d84cd665456094b55d2da6e3b3bb/gnocchi.afba0968-65d9-42d0-9215-75eeab7daa85/none_v3" 200 22 "GET http://172.18.0.2:8080/v1/AUTH_5621d84cd665456094b55d2da6e3b3bb/gnocchi.afba0968-65d9-42d0-9215-75eeab7daa85/none_v3" "txf5f3dec7895241dfadb3e-006929dbe7" "proxy-server 20" 0.0010 "-" 23 0
Nov 28 17:29:11 standalone proxy-server[128662]: 172.18.0.2 172.18.0.100 28/Nov/2025/17/29/11 GET /v1/AUTH_5621d84cd665456094b55d2da6e3b3bb/gnocchi.afba0968-65d9-42d0-9215-75eeab7daa85/none_v3 HTTP/1.0 200 - python-swiftclient-3.11.1 gAAAAABpKduKnPZ6... - 22 - txf5f3dec7895241dfadb3e-006929dbe7 - 0.0102 - - 1764350951.622213125 1764350951.632409811 0
Nov 28 17:29:11 standalone container-server[126587]: 172.20.0.100 - - [28/Nov/2025:17:29:11 +0000] "GET /d1/959/AUTH_5621d84cd665456094b55d2da6e3b3bb/gnocchi.afba0968-65d9-42d0-9215-75eeab7daa85" 200 357 "GET http://172.18.0.2:8080/v1/AUTH_5621d84cd665456094b55d2da6e3b3bb/gnocchi.afba0968-65d9-42d0-9215-75eeab7daa85?format=json&states=listing" "tx5ffd7c59fe7044f095662-006929dbe7" "proxy-server 20" 0.0250 "-" 23 0
Nov 28 17:29:11 standalone proxy-server[128662]: 172.18.0.2 172.18.0.100 28/Nov/2025/17/29/11 GET /v1/AUTH_5621d84cd665456094b55d2da6e3b3bb/gnocchi.afba0968-65d9-42d0-9215-75eeab7daa85%3Fformat%3Djson%26states%3Dlisting HTTP/1.0 200 - python-swiftclient-3.11.1 gAAAAABpKduKnPZ6... - 357 - tx5ffd7c59fe7044f095662-006929dbe7 - 0.0361 - - 1764350951.635869980 1764350951.671946287 0
Nov 28 17:29:11 standalone container-server[126550]: 172.20.0.100 - - [28/Nov/2025:17:29:11 +0000] "GET /d1/959/AUTH_5621d84cd665456094b55d2da6e3b3bb/gnocchi.afba0968-65d9-42d0-9215-75eeab7daa85" 200 2 "GET http://172.18.0.2:8080/v1/AUTH_5621d84cd665456094b55d2da6e3b3bb/gnocchi.afba0968-65d9-42d0-9215-75eeab7daa85?format=json&marker=none_v3&states=listing" "txcfcfe4e41fea48e484c6a-006929dbe7" "proxy-server 20" 0.0042 "-" 20 0
Nov 28 17:29:11 standalone proxy-server[128662]: 172.18.0.2 172.18.0.100 28/Nov/2025/17/29/11 GET /v1/AUTH_5621d84cd665456094b55d2da6e3b3bb/gnocchi.afba0968-65d9-42d0-9215-75eeab7daa85%3Fformat%3Djson%26marker%3Dnone_v3%26states%3Dlisting HTTP/1.0 200 - python-swiftclient-3.11.1 gAAAAABpKduKnPZ6... - 2 - txcfcfe4e41fea48e484c6a-006929dbe7 - 0.0140 - - 1764350951.675343513 1764350951.689339876 0
Nov 28 17:29:11 standalone object-server[126912]: 172.20.0.100 - - [28/Nov/2025:17:29:11 +0000] "GET /d1/889/AUTH_5621d84cd665456094b55d2da6e3b3bb/gnocchi.afba0968-65d9-42d0-9215-75eeab7daa85/1763640000.0_mean_300.0_v3" 200 16 "GET http://172.18.0.2:8080/v1/AUTH_5621d84cd665456094b55d2da6e3b3bb/gnocchi.afba0968-65d9-42d0-9215-75eeab7daa85/1763640000.0_mean_300.0_v3" "tx5b2195c7a2d647a7a2241-006929dbe7" "proxy-server 20" 0.0008 "-" 24 0
Nov 28 17:29:11 standalone proxy-server[128662]: 172.18.0.2 172.18.0.100 28/Nov/2025/17/29/11 GET /v1/AUTH_5621d84cd665456094b55d2da6e3b3bb/gnocchi.afba0968-65d9-42d0-9215-75eeab7daa85/1763640000.0_mean_300.0_v3 HTTP/1.0 200 - python-swiftclient-3.11.1 gAAAAABpKduKnPZ6... - 16 - tx5b2195c7a2d647a7a2241-006929dbe7 - 0.0110 - - 1764350951.694911003 1764350951.705863953 0
Nov 28 17:29:11 standalone container-server[126587]: 172.20.0.100 - - [28/Nov/2025:17:29:11 +0000] "PUT /d1/959/AUTH_5621d84cd665456094b55d2da6e3b3bb/gnocchi.afba0968-65d9-42d0-9215-75eeab7daa85/1763640000.0_mean_300.0_v3" 201 - "PUT http://172.18.0.2:8080/d1/889/AUTH_5621d84cd665456094b55d2da6e3b3bb/gnocchi.afba0968-65d9-42d0-9215-75eeab7daa85/1763640000.0_mean_300.0_v3" "tx37eb0b80cf764d73b60c5-006929dbe7" "object-server 22" 0.0006 "-" 23 0
Nov 28 17:29:11 standalone object-server[126900]: 172.20.0.100 - - [28/Nov/2025:17:29:11 +0000] "PUT /d1/889/AUTH_5621d84cd665456094b55d2da6e3b3bb/gnocchi.afba0968-65d9-42d0-9215-75eeab7daa85/1763640000.0_mean_300.0_v3" 201 - "PUT http://172.18.0.2:8080/v1/AUTH_5621d84cd665456094b55d2da6e3b3bb/gnocchi.afba0968-65d9-42d0-9215-75eeab7daa85/1763640000.0_mean_300.0_v3" "tx37eb0b80cf764d73b60c5-006929dbe7" "proxy-server 20" 0.0136 "-" 22 0
Nov 28 17:29:11 standalone proxy-server[128662]: 172.18.0.2 172.18.0.100 28/Nov/2025/17/29/11 PUT /v1/AUTH_5621d84cd665456094b55d2da6e3b3bb/gnocchi.afba0968-65d9-42d0-9215-75eeab7daa85/1763640000.0_mean_300.0_v3 HTTP/1.0 201 - python-swiftclient-3.11.1 gAAAAABpKduKnPZ6... 16 - - tx37eb0b80cf764d73b60c5-006929dbe7 - 0.0376 - - 1764350951.710112572 1764350951.747732401 0
Nov 28 17:29:11 standalone container-server[126550]: 172.20.0.100 - - [28/Nov/2025:17:29:11 +0000] "PUT /d1/959/AUTH_5621d84cd665456094b55d2da6e3b3bb/gnocchi.afba0968-65d9-42d0-9215-75eeab7daa85/none_v3" 201 - "PUT http://172.18.0.2:8080/d1/58/AUTH_5621d84cd665456094b55d2da6e3b3bb/gnocchi.afba0968-65d9-42d0-9215-75eeab7daa85/none_v3" "txaa44ba5b458c43a1bce59-006929dbe7" "object-server 22" 0.0007 "-" 20 0
Nov 28 17:29:11 standalone object-server[126900]: 172.20.0.100 - - [28/Nov/2025:17:29:11 +0000] "PUT /d1/58/AUTH_5621d84cd665456094b55d2da6e3b3bb/gnocchi.afba0968-65d9-42d0-9215-75eeab7daa85/none_v3" 201 - "PUT http://172.18.0.2:8080/v1/AUTH_5621d84cd665456094b55d2da6e3b3bb/gnocchi.afba0968-65d9-42d0-9215-75eeab7daa85/none_v3" "txaa44ba5b458c43a1bce59-006929dbe7" "proxy-server 20" 0.0089 "-" 22 0
Nov 28 17:29:11 standalone proxy-server[128662]: 172.18.0.2 172.18.0.100 28/Nov/2025/17/29/11 PUT /v1/AUTH_5621d84cd665456094b55d2da6e3b3bb/gnocchi.afba0968-65d9-42d0-9215-75eeab7daa85/none_v3 HTTP/1.0 201 - python-swiftclient-3.11.1 gAAAAABpKduKnPZ6... 33 - - txaa44ba5b458c43a1bce59-006929dbe7 - 0.0134 - - 1764350951.753386497 1764350951.766773939 0
Nov 28 17:29:11 standalone object-server[126900]: 172.20.0.100 - - [28/Nov/2025:17:29:11 +0000] "GET /d1/687/AUTH_5621d84cd665456094b55d2da6e3b3bb/gnocchi.56f3f8b9-da77-482d-bdab-5eed2aab016a/none_v3" 200 22 "GET http://172.18.0.2:8080/v1/AUTH_5621d84cd665456094b55d2da6e3b3bb/gnocchi.56f3f8b9-da77-482d-bdab-5eed2aab016a/none_v3" "tx62220e4e6ff042b69e9fd-006929dbe7" "proxy-server 20" 0.0006 "-" 22 0
Nov 28 17:29:11 standalone proxy-server[128662]: 172.18.0.2 172.18.0.100 28/Nov/2025/17/29/11 GET /v1/AUTH_5621d84cd665456094b55d2da6e3b3bb/gnocchi.56f3f8b9-da77-482d-bdab-5eed2aab016a/none_v3 HTTP/1.0 200 - python-swiftclient-3.11.1 gAAAAABpKduKnPZ6... - 22 - tx62220e4e6ff042b69e9fd-006929dbe7 - 0.0064 - - 1764350951.775771141 1764350951.782180548 0
Nov 28 17:29:11 standalone container-server[126535]: 172.20.0.100 - - [28/Nov/2025:17:29:11 +0000] "GET /d1/896/AUTH_5621d84cd665456094b55d2da6e3b3bb/gnocchi.56f3f8b9-da77-482d-bdab-5eed2aab016a" 200 357 "GET http://172.18.0.2:8080/v1/AUTH_5621d84cd665456094b55d2da6e3b3bb/gnocchi.56f3f8b9-da77-482d-bdab-5eed2aab016a?format=json&states=listing" "tx3e979be5c40043f1977d0-006929dbe7" "proxy-server 20" 0.0161 "-" 19 0
Nov 28 17:29:11 standalone proxy-server[128662]: 172.18.0.2 172.18.0.100 28/Nov/2025/17/29/11 GET /v1/AUTH_5621d84cd665456094b55d2da6e3b3bb/gnocchi.56f3f8b9-da77-482d-bdab-5eed2aab016a%3Fformat%3Djson%26states%3Dlisting HTTP/1.0 200 - python-swiftclient-3.11.1 gAAAAABpKduKnPZ6... - 357 - tx3e979be5c40043f1977d0-006929dbe7 - 0.0228 - - 1764350951.785728216 1764350951.808546543 0
Nov 28 17:29:11 standalone container-server[126566]: 172.20.0.100 - - [28/Nov/2025:17:29:11 +0000] "GET /d1/896/AUTH_5621d84cd665456094b55d2da6e3b3bb/gnocchi.56f3f8b9-da77-482d-bdab-5eed2aab016a" 200 2 "GET http://172.18.0.2:8080/v1/AUTH_5621d84cd665456094b55d2da6e3b3bb/gnocchi.56f3f8b9-da77-482d-bdab-5eed2aab016a?format=json&marker=none_v3&states=listing" "tx547ff0f932c14f93a5695-006929dbe7" "proxy-server 20" 0.0063 "-" 21 0
Nov 28 17:29:11 standalone proxy-server[128662]: 172.18.0.2 172.18.0.100 28/Nov/2025/17/29/11 GET /v1/AUTH_5621d84cd665456094b55d2da6e3b3bb/gnocchi.56f3f8b9-da77-482d-bdab-5eed2aab016a%3Fformat%3Djson%26marker%3Dnone_v3%26states%3Dlisting HTTP/1.0 200 - python-swiftclient-3.11.1 gAAAAABpKduKnPZ6... - 2 - tx547ff0f932c14f93a5695-006929dbe7 - 0.0170 - - 1764350951.811485529 1764350951.828505516 0
Nov 28 17:29:11 standalone object-server[126912]: 172.20.0.100 - - [28/Nov/2025:17:29:11 +0000] "GET /d1/616/AUTH_5621d84cd665456094b55d2da6e3b3bb/gnocchi.56f3f8b9-da77-482d-bdab-5eed2aab016a/1763640000.0_mean_300.0_v3" 200 16 "GET http://172.18.0.2:8080/v1/AUTH_5621d84cd665456094b55d2da6e3b3bb/gnocchi.56f3f8b9-da77-482d-bdab-5eed2aab016a/1763640000.0_mean_300.0_v3" "tx2ca87350da944910aac7f-006929dbe7" "proxy-server 20" 0.0005 "-" 24 0
Nov 28 17:29:11 standalone proxy-server[128662]: 172.18.0.2 172.18.0.100 28/Nov/2025/17/29/11 GET /v1/AUTH_5621d84cd665456094b55d2da6e3b3bb/gnocchi.56f3f8b9-da77-482d-bdab-5eed2aab016a/1763640000.0_mean_300.0_v3 HTTP/1.0 200 - python-swiftclient-3.11.1 gAAAAABpKduKnPZ6... - 16 - tx2ca87350da944910aac7f-006929dbe7 - 0.0077 - - 1764350951.832355738 1764350951.840082884 0
Nov 28 17:29:11 standalone container-server[126535]: 172.20.0.100 - - [28/Nov/2025:17:29:11 +0000] "PUT /d1/896/AUTH_5621d84cd665456094b55d2da6e3b3bb/gnocchi.56f3f8b9-da77-482d-bdab-5eed2aab016a/1763640000.0_mean_300.0_v3" 201 - "PUT http://172.18.0.2:8080/d1/616/AUTH_5621d84cd665456094b55d2da6e3b3bb/gnocchi.56f3f8b9-da77-482d-bdab-5eed2aab016a/1763640000.0_mean_300.0_v3" "tx8df634f646d64379972cb-006929dbe7" "object-server 24" 0.0008 "-" 19 0
Nov 28 17:29:11 standalone object-server[126912]: 172.20.0.100 - - [28/Nov/2025:17:29:11 +0000] "PUT /d1/616/AUTH_5621d84cd665456094b55d2da6e3b3bb/gnocchi.56f3f8b9-da77-482d-bdab-5eed2aab016a/1763640000.0_mean_300.0_v3" 201 - "PUT http://172.18.0.2:8080/v1/AUTH_5621d84cd665456094b55d2da6e3b3bb/gnocchi.56f3f8b9-da77-482d-bdab-5eed2aab016a/1763640000.0_mean_300.0_v3" "tx8df634f646d64379972cb-006929dbe7" "proxy-server 20" 0.0084 "-" 24 0
Nov 28 17:29:11 standalone proxy-server[128662]: 172.18.0.2 172.18.0.100 28/Nov/2025/17/29/11 PUT /v1/AUTH_5621d84cd665456094b55d2da6e3b3bb/gnocchi.56f3f8b9-da77-482d-bdab-5eed2aab016a/1763640000.0_mean_300.0_v3 HTTP/1.0 201 - python-swiftclient-3.11.1 gAAAAABpKduKnPZ6... 16 - - tx8df634f646d64379972cb-006929dbe7 - 0.0131 - - 1764350951.842929602 1764350951.856019497 0
Nov 28 17:29:11 standalone container-server[126566]: 172.20.0.100 - - [28/Nov/2025:17:29:11 +0000] "PUT /d1/896/AUTH_5621d84cd665456094b55d2da6e3b3bb/gnocchi.56f3f8b9-da77-482d-bdab-5eed2aab016a/none_v3" 201 - "PUT http://172.18.0.2:8080/d1/687/AUTH_5621d84cd665456094b55d2da6e3b3bb/gnocchi.56f3f8b9-da77-482d-bdab-5eed2aab016a/none_v3" "tx4ccd0dab99a84220a519c-006929dbe7" "object-server 23" 0.0005 "-" 21 0
Nov 28 17:29:11 standalone object-server[126904]: 172.20.0.100 - - [28/Nov/2025:17:29:11 +0000] "PUT /d1/687/AUTH_5621d84cd665456094b55d2da6e3b3bb/gnocchi.56f3f8b9-da77-482d-bdab-5eed2aab016a/none_v3" 201 - "PUT http://172.18.0.2:8080/v1/AUTH_5621d84cd665456094b55d2da6e3b3bb/gnocchi.56f3f8b9-da77-482d-bdab-5eed2aab016a/none_v3" "tx4ccd0dab99a84220a519c-006929dbe7" "proxy-server 20" 0.0079 "-" 23 0
Nov 28 17:29:11 standalone proxy-server[128662]: 172.18.0.2 172.18.0.100 28/Nov/2025/17/29/11 PUT /v1/AUTH_5621d84cd665456094b55d2da6e3b3bb/gnocchi.56f3f8b9-da77-482d-bdab-5eed2aab016a/none_v3 HTTP/1.0 201 - python-swiftclient-3.11.1 gAAAAABpKduKnPZ6... 33 - - tx4ccd0dab99a84220a519c-006929dbe7 - 0.0127 - - 1764350951.858832359 1764350951.871534586 0
Nov 28 17:29:16 standalone object-server[126900]: 172.20.0.100 - - [28/Nov/2025:17:29:16 +0000] "GET /d1/96/AUTH_5621d84cd665456094b55d2da6e3b3bb/gnocchi.1420e657-24cb-49d3-b698-5be533c2b449/none_v3" 200 22 "GET http://172.18.0.2:8080/v1/AUTH_5621d84cd665456094b55d2da6e3b3bb/gnocchi.1420e657-24cb-49d3-b698-5be533c2b449/none_v3" "tx111dc0aab5d7480d9762c-006929dbec" "proxy-server 20" 0.0022 "-" 22 0
Nov 28 17:29:16 standalone proxy-server[128662]: 172.18.0.2 172.18.0.100 28/Nov/2025/17/29/16 GET /v1/AUTH_5621d84cd665456094b55d2da6e3b3bb/gnocchi.1420e657-24cb-49d3-b698-5be533c2b449/none_v3 HTTP/1.0 200 - python-swiftclient-3.11.1 gAAAAABpKduKnPZ6... - 22 - tx111dc0aab5d7480d9762c-006929dbec - 0.0086 - - 1764350956.078984261 1764350956.087576628 0
Nov 28 17:29:16 standalone container-server[126550]: 172.20.0.100 - - [28/Nov/2025:17:29:16 +0000] "GET /d1/364/AUTH_5621d84cd665456094b55d2da6e3b3bb/gnocchi.1420e657-24cb-49d3-b698-5be533c2b449" 200 357 "GET http://172.18.0.2:8080/v1/AUTH_5621d84cd665456094b55d2da6e3b3bb/gnocchi.1420e657-24cb-49d3-b698-5be533c2b449?format=json&states=listing" "tx637afda067864cf2b6bb5-006929dbec" "proxy-server 20" 0.0264 "-" 20 0
Nov 28 17:29:16 standalone proxy-server[128662]: 172.18.0.2 172.18.0.100 28/Nov/2025/17/29/16 GET /v1/AUTH_5621d84cd665456094b55d2da6e3b3bb/gnocchi.1420e657-24cb-49d3-b698-5be533c2b449%3Fformat%3Djson%26states%3Dlisting HTTP/1.0 200 - python-swiftclient-3.11.1 gAAAAABpKduKnPZ6... - 357 - tx637afda067864cf2b6bb5-006929dbec - 0.0352 - - 1764350956.092640877 1764350956.127862215 0
Nov 28 17:29:16 standalone container-server[126550]: 172.20.0.100 - - [28/Nov/2025:17:29:16 +0000] "GET /d1/364/AUTH_5621d84cd665456094b55d2da6e3b3bb/gnocchi.1420e657-24cb-49d3-b698-5be533c2b449" 200 2 "GET http://172.18.0.2:8080/v1/AUTH_5621d84cd665456094b55d2da6e3b3bb/gnocchi.1420e657-24cb-49d3-b698-5be533c2b449?format=json&marker=none_v3&states=listing" "tx22a75b77921d46e5b902f-006929dbec" "proxy-server 20" 0.0021 "-" 20 0
Nov 28 17:29:16 standalone proxy-server[128662]: 172.18.0.2 172.18.0.100 28/Nov/2025/17/29/16 GET /v1/AUTH_5621d84cd665456094b55d2da6e3b3bb/gnocchi.1420e657-24cb-49d3-b698-5be533c2b449%3Fformat%3Djson%26marker%3Dnone_v3%26states%3Dlisting HTTP/1.0 200 - python-swiftclient-3.11.1 gAAAAABpKduKnPZ6... - 2 - tx22a75b77921d46e5b902f-006929dbec - 0.0085 - - 1764350956.132806063 1764350956.141310453 0
Nov 28 17:29:16 standalone object-server[126900]: 172.20.0.100 - - [28/Nov/2025:17:29:16 +0000] "GET /d1/853/AUTH_5621d84cd665456094b55d2da6e3b3bb/gnocchi.1420e657-24cb-49d3-b698-5be533c2b449/1763640000.0_mean_300.0_v3" 200 16 "GET http://172.18.0.2:8080/v1/AUTH_5621d84cd665456094b55d2da6e3b3bb/gnocchi.1420e657-24cb-49d3-b698-5be533c2b449/1763640000.0_mean_300.0_v3" "txfe3ca0e3c5ed4da1b82c5-006929dbec" "proxy-server 20" 0.0008 "-" 22 0
Nov 28 17:29:16 standalone proxy-server[128662]: 172.18.0.2 172.18.0.100 28/Nov/2025/17/29/16 GET /v1/AUTH_5621d84cd665456094b55d2da6e3b3bb/gnocchi.1420e657-24cb-49d3-b698-5be533c2b449/1763640000.0_mean_300.0_v3 HTTP/1.0 200 - python-swiftclient-3.11.1 gAAAAABpKduKnPZ6... - 16 - txfe3ca0e3c5ed4da1b82c5-006929dbec - 0.0082 - - 1764350956.147506237 1764350956.155738831 0
Nov 28 17:29:16 standalone container-server[126535]: 172.20.0.100 - - [28/Nov/2025:17:29:16 +0000] "PUT /d1/364/AUTH_5621d84cd665456094b55d2da6e3b3bb/gnocchi.1420e657-24cb-49d3-b698-5be533c2b449/1763640000.0_mean_300.0_v3" 201 - "PUT http://172.18.0.2:8080/d1/853/AUTH_5621d84cd665456094b55d2da6e3b3bb/gnocchi.1420e657-24cb-49d3-b698-5be533c2b449/1763640000.0_mean_300.0_v3" "tx5f044051bfe646489ecc0-006929dbec" "object-server 24" 0.0010 "-" 19 0
Nov 28 17:29:16 standalone object-server[126912]: 172.20.0.100 - - [28/Nov/2025:17:29:16 +0000] "PUT /d1/853/AUTH_5621d84cd665456094b55d2da6e3b3bb/gnocchi.1420e657-24cb-49d3-b698-5be533c2b449/1763640000.0_mean_300.0_v3" 201 - "PUT http://172.18.0.2:8080/v1/AUTH_5621d84cd665456094b55d2da6e3b3bb/gnocchi.1420e657-24cb-49d3-b698-5be533c2b449/1763640000.0_mean_300.0_v3" "tx5f044051bfe646489ecc0-006929dbec" "proxy-server 20" 0.0109 "-" 24 0
Nov 28 17:29:16 standalone proxy-server[128662]: 172.18.0.2 172.18.0.100 28/Nov/2025/17/29/16 PUT /v1/AUTH_5621d84cd665456094b55d2da6e3b3bb/gnocchi.1420e657-24cb-49d3-b698-5be533c2b449/1763640000.0_mean_300.0_v3 HTTP/1.0 201 - python-swiftclient-3.11.1 gAAAAABpKduKnPZ6... 16 - - tx5f044051bfe646489ecc0-006929dbec - 0.0182 - - 1764350956.159432173 1764350956.177674532 0
Nov 28 17:29:16 standalone container-server[126535]: 172.20.0.100 - - [28/Nov/2025:17:29:16 +0000] "PUT /d1/364/AUTH_5621d84cd665456094b55d2da6e3b3bb/gnocchi.1420e657-24cb-49d3-b698-5be533c2b449/none_v3" 201 - "PUT http://172.18.0.2:8080/d1/96/AUTH_5621d84cd665456094b55d2da6e3b3bb/gnocchi.1420e657-24cb-49d3-b698-5be533c2b449/none_v3" "tx16b2b6277c4246d2b7afe-006929dbec" "object-server 24" 0.0009 "-" 19 0
Nov 28 17:29:16 standalone object-server[126912]: 172.20.0.100 - - [28/Nov/2025:17:29:16 +0000] "PUT /d1/96/AUTH_5621d84cd665456094b55d2da6e3b3bb/gnocchi.1420e657-24cb-49d3-b698-5be533c2b449/none_v3" 201 - "PUT http://172.18.0.2:8080/v1/AUTH_5621d84cd665456094b55d2da6e3b3bb/gnocchi.1420e657-24cb-49d3-b698-5be533c2b449/none_v3" "tx16b2b6277c4246d2b7afe-006929dbec" "proxy-server 20" 0.0105 "-" 24 0
Nov 28 17:29:16 standalone proxy-server[128662]: 172.18.0.2 172.18.0.100 28/Nov/2025/17/29/16 PUT /v1/AUTH_5621d84cd665456094b55d2da6e3b3bb/gnocchi.1420e657-24cb-49d3-b698-5be533c2b449/none_v3 HTTP/1.0 201 - python-swiftclient-3.11.1 gAAAAABpKduKnPZ6... 32 - - tx16b2b6277c4246d2b7afe-006929dbec - 0.0149 - - 1764350956.181256771 1764350956.196144104 0
Nov 28 17:29:26 standalone container-server[126550]: 172.20.0.100 - - [28/Nov/2025:17:29:26 +0000] "HEAD /d1/235/AUTH_5621d84cd665456094b55d2da6e3b3bb/gnocchi.b0636c71-8d7e-4cd5-b0ea-bc6925c95da6" 404 - "HEAD http://172.18.0.2:8080/v1/AUTH_5621d84cd665456094b55d2da6e3b3bb/gnocchi.b0636c71-8d7e-4cd5-b0ea-bc6925c95da6?format=json&states=listing" "tx7c6cd08233e1445a8eae2-006929dbf6" "proxy-server 20" 0.0009 "-" 20 0
Nov 28 17:29:26 standalone object-server[126904]: 172.20.0.100 - - [28/Nov/2025:17:29:26 +0000] "GET /d1/61/AUTH_5621d84cd665456094b55d2da6e3b3bb/gnocchi.b0636c71-8d7e-4cd5-b0ea-bc6925c95da6/none_v3" 404 70 "GET http://172.18.0.2:8080/v1/AUTH_5621d84cd665456094b55d2da6e3b3bb/gnocchi.b0636c71-8d7e-4cd5-b0ea-bc6925c95da6/none_v3" "tx7c6cd08233e1445a8eae2-006929dbf6" "proxy-server 20" 0.0008 "-" 23 0
Nov 28 17:29:26 standalone proxy-server[128662]: 172.18.0.2 172.18.0.100 28/Nov/2025/17/29/26 GET /v1/AUTH_5621d84cd665456094b55d2da6e3b3bb/gnocchi.b0636c71-8d7e-4cd5-b0ea-bc6925c95da6/none_v3 HTTP/1.0 404 - python-swiftclient-3.11.1 gAAAAABpKduKnPZ6... - 70 - tx7c6cd08233e1445a8eae2-006929dbf6 - 0.0177 - - 1764350966.781636953 1764350966.799333572 0
Nov 28 17:29:26 standalone account-server[126675]: 172.20.0.100 - - [28/Nov/2025:17:29:26 +0000] "PUT /d1/596/AUTH_5621d84cd665456094b55d2da6e3b3bb/gnocchi.b0636c71-8d7e-4cd5-b0ea-bc6925c95da6" 201 - "PUT http://172.20.0.100:6001/d1/235/AUTH_5621d84cd665456094b55d2da6e3b3bb/gnocchi.b0636c71-8d7e-4cd5-b0ea-bc6925c95da6" "txc8031c2dab954f6c9c3b0-006929dbf6" "container-server 21" 0.0070 "-" 20 0
Nov 28 17:29:26 standalone container-server[126566]: 172.20.0.100 - - [28/Nov/2025:17:29:26 +0000] "PUT /d1/235/AUTH_5621d84cd665456094b55d2da6e3b3bb/gnocchi.b0636c71-8d7e-4cd5-b0ea-bc6925c95da6" 201 - "PUT http://172.18.0.2:8080/v1/AUTH_5621d84cd665456094b55d2da6e3b3bb/gnocchi.b0636c71-8d7e-4cd5-b0ea-bc6925c95da6" "txc8031c2dab954f6c9c3b0-006929dbf6" "proxy-server 20" 0.0187 "-" 21 0
Nov 28 17:29:26 standalone proxy-server[128662]: 172.18.0.2 172.18.0.100 28/Nov/2025/17/29/26 PUT /v1/AUTH_5621d84cd665456094b55d2da6e3b3bb/gnocchi.b0636c71-8d7e-4cd5-b0ea-bc6925c95da6 HTTP/1.0 201 - python-swiftclient-3.11.1 gAAAAABpKduKnPZ6... - - - txc8031c2dab954f6c9c3b0-006929dbf6 - 0.0300 - - 1764350966.804358244 1764350966.834366560 0
Nov 28 17:29:26 standalone container-server[126550]: 172.20.0.100 - - [28/Nov/2025:17:29:26 +0000] "HEAD /d1/235/AUTH_5621d84cd665456094b55d2da6e3b3bb/gnocchi.b0636c71-8d7e-4cd5-b0ea-bc6925c95da6" 204 - "HEAD http://172.18.0.2:8080/v1/AUTH_5621d84cd665456094b55d2da6e3b3bb/gnocchi.b0636c71-8d7e-4cd5-b0ea-bc6925c95da6?format=json&states=listing" "txef218e996fae4d14ba046-006929dbf6" "proxy-server 20" 0.0023 "-" 20 0
