Nov 28 17:30:23 standalone proxy-server[128662]: 172.18.0.2 172.18.0.100 28/Nov/2025/17/30/23 PUT /v1/AUTH_5621d84cd665456094b55d2da6e3b3bb/gnocchi.00ea2f63-a086-4b76-88aa-fc0dde69b8a7 HTTP/1.0 201 - python-swiftclient-3.11.1 gAAAAABpKduKnPZ6... - - - tx1408f6e66a684d0797c91-006929dc2f - 0.0258 - - 1764351023.696555376 1764351023.722378254 0
Nov 28 17:30:23 standalone container-server[126566]: 172.20.0.100 - - [28/Nov/2025:17:30:23 +0000] "HEAD /d1/90/AUTH_5621d84cd665456094b55d2da6e3b3bb/gnocchi.00ea2f63-a086-4b76-88aa-fc0dde69b8a7" 204 - "HEAD http://172.18.0.2:8080/v1/AUTH_5621d84cd665456094b55d2da6e3b3bb/gnocchi.00ea2f63-a086-4b76-88aa-fc0dde69b8a7?format=json&states=listing" "txa8ad9de6721a4780a94bf-006929dc2f" "proxy-server 20" 0.0016 "-" 21 0
Nov 28 17:30:23 standalone proxy-server[128662]: - - 28/Nov/2025/17/30/23 HEAD /v1/AUTH_5621d84cd665456094b55d2da6e3b3bb/gnocchi.00ea2f63-a086-4b76-88aa-fc0dde69b8a7%3Fformat%3Djson%26states%3Dlisting HTTP/1.0 204 - Swift - - - - txa8ad9de6721a4780a94bf-006929dc2f - 0.0062 RL - 1764351023.731171846 1764351023.737373352 0
Nov 28 17:30:23 standalone container-server[126587]: 172.20.0.100 - - [28/Nov/2025:17:30:23 +0000] "GET /d1/90/AUTH_5621d84cd665456094b55d2da6e3b3bb/gnocchi.00ea2f63-a086-4b76-88aa-fc0dde69b8a7" 200 2 "GET http://172.18.0.2:8080/v1/AUTH_5621d84cd665456094b55d2da6e3b3bb/gnocchi.00ea2f63-a086-4b76-88aa-fc0dde69b8a7?format=json&states=listing" "txa8ad9de6721a4780a94bf-006929dc2f" "proxy-server 20" 0.0021 "-" 23 0
Nov 28 17:30:23 standalone proxy-server[128662]: 172.18.0.2 172.18.0.100 28/Nov/2025/17/30/23 GET /v1/AUTH_5621d84cd665456094b55d2da6e3b3bb/gnocchi.00ea2f63-a086-4b76-88aa-fc0dde69b8a7%3Fformat%3Djson%26states%3Dlisting HTTP/1.0 200 - python-swiftclient-3.11.1 gAAAAABpKduKnPZ6... - 2 - txa8ad9de6721a4780a94bf-006929dc2f - 0.0191 - - 1764351023.728073120 1764351023.747151852 0
Nov 28 17:30:23 standalone object-server[126904]: 172.20.0.100 - - [28/Nov/2025:17:30:23 +0000] "GET /d1/949/AUTH_5621d84cd665456094b55d2da6e3b3bb/gnocchi.00ea2f63-a086-4b76-88aa-fc0dde69b8a7/1763640000.0_mean_300.0_v3" 404 70 "GET http://172.18.0.2:8080/v1/AUTH_5621d84cd665456094b55d2da6e3b3bb/gnocchi.00ea2f63-a086-4b76-88aa-fc0dde69b8a7/1763640000.0_mean_300.0_v3" "txb664375b9b2744ecaa915-006929dc2f" "proxy-server 20" 0.0005 "-" 23 0
Nov 28 17:30:23 standalone proxy-server[128662]: 172.18.0.2 172.18.0.100 28/Nov/2025/17/30/23 GET /v1/AUTH_5621d84cd665456094b55d2da6e3b3bb/gnocchi.00ea2f63-a086-4b76-88aa-fc0dde69b8a7/1763640000.0_mean_300.0_v3 HTTP/1.0 404 - python-swiftclient-3.11.1 gAAAAABpKduKnPZ6... - 70 - txb664375b9b2744ecaa915-006929dc2f - 0.0084 - - 1764351023.752286911 1764351023.760673761 0
Nov 28 17:30:23 standalone container-server[126550]: 172.20.0.100 - - [28/Nov/2025:17:30:23 +0000] "PUT /d1/90/AUTH_5621d84cd665456094b55d2da6e3b3bb/gnocchi.00ea2f63-a086-4b76-88aa-fc0dde69b8a7/1763640000.0_mean_300.0_v3" 201 - "PUT http://172.18.0.2:8080/d1/949/AUTH_5621d84cd665456094b55d2da6e3b3bb/gnocchi.00ea2f63-a086-4b76-88aa-fc0dde69b8a7/1763640000.0_mean_300.0_v3" "txd0f538a0a3194bf7ae912-006929dc2f" "object-server 22" 0.0008 "-" 20 0
Nov 28 17:30:23 standalone object-server[126900]: 172.20.0.100 - - [28/Nov/2025:17:30:23 +0000] "PUT /d1/949/AUTH_5621d84cd665456094b55d2da6e3b3bb/gnocchi.00ea2f63-a086-4b76-88aa-fc0dde69b8a7/1763640000.0_mean_300.0_v3" 201 - "PUT http://172.18.0.2:8080/v1/AUTH_5621d84cd665456094b55d2da6e3b3bb/gnocchi.00ea2f63-a086-4b76-88aa-fc0dde69b8a7/1763640000.0_mean_300.0_v3" "txd0f538a0a3194bf7ae912-006929dc2f" "proxy-server 20" 0.0125 "-" 22 0
Nov 28 17:30:23 standalone proxy-server[128662]: 172.18.0.2 172.18.0.100 28/Nov/2025/17/30/23 PUT /v1/AUTH_5621d84cd665456094b55d2da6e3b3bb/gnocchi.00ea2f63-a086-4b76-88aa-fc0dde69b8a7/1763640000.0_mean_300.0_v3 HTTP/1.0 201 - python-swiftclient-3.11.1 gAAAAABpKduKnPZ6... 16 - - txd0f538a0a3194bf7ae912-006929dc2f - 0.0205 - - 1764351023.764834642 1764351023.785336018 0
Nov 28 17:30:23 standalone container-server[126566]: 172.20.0.100 - - [28/Nov/2025:17:30:23 +0000] "PUT /d1/90/AUTH_5621d84cd665456094b55d2da6e3b3bb/gnocchi.00ea2f63-a086-4b76-88aa-fc0dde69b8a7/none_v3" 201 - "PUT http://172.18.0.2:8080/d1/302/AUTH_5621d84cd665456094b55d2da6e3b3bb/gnocchi.00ea2f63-a086-4b76-88aa-fc0dde69b8a7/none_v3" "tx981f08d7eb824dd284346-006929dc2f" "object-server 25" 0.0006 "-" 21 0
Nov 28 17:30:23 standalone object-server[126914]: 172.20.0.100 - - [28/Nov/2025:17:30:23 +0000] "PUT /d1/302/AUTH_5621d84cd665456094b55d2da6e3b3bb/gnocchi.00ea2f63-a086-4b76-88aa-fc0dde69b8a7/none_v3" 201 - "PUT http://172.18.0.2:8080/v1/AUTH_5621d84cd665456094b55d2da6e3b3bb/gnocchi.00ea2f63-a086-4b76-88aa-fc0dde69b8a7/none_v3" "tx981f08d7eb824dd284346-006929dc2f" "proxy-server 20" 0.0093 "-" 25 0
Nov 28 17:30:23 standalone proxy-server[128662]: 172.18.0.2 172.18.0.100 28/Nov/2025/17/30/23 PUT /v1/AUTH_5621d84cd665456094b55d2da6e3b3bb/gnocchi.00ea2f63-a086-4b76-88aa-fc0dde69b8a7/none_v3 HTTP/1.0 201 - python-swiftclient-3.11.1 gAAAAABpKduKnPZ6... 22 - - tx981f08d7eb824dd284346-006929dc2f - 0.0163 - - 1764351023.789421558 1764351023.805736780 0
Nov 28 17:30:23 standalone container-server[126550]: 172.20.0.100 - - [28/Nov/2025:17:30:23 +0000] "HEAD /d1/278/AUTH_5621d84cd665456094b55d2da6e3b3bb/gnocchi.8c304a6b-d4bd-4dbc-8dda-478cf1cb9ceb" 404 - "HEAD http://172.18.0.2:8080/v1/AUTH_5621d84cd665456094b55d2da6e3b3bb/gnocchi.8c304a6b-d4bd-4dbc-8dda-478cf1cb9ceb?format=json&states=listing" "tx7750d2b8afb64681b15c6-006929dc2f" "proxy-server 20" 0.0003 "-" 20 0
Nov 28 17:30:23 standalone object-server[126914]: 172.20.0.100 - - [28/Nov/2025:17:30:23 +0000] "GET /d1/1014/AUTH_5621d84cd665456094b55d2da6e3b3bb/gnocchi.8c304a6b-d4bd-4dbc-8dda-478cf1cb9ceb/none_v3" 404 70 "GET http://172.18.0.2:8080/v1/AUTH_5621d84cd665456094b55d2da6e3b3bb/gnocchi.8c304a6b-d4bd-4dbc-8dda-478cf1cb9ceb/none_v3" "tx7750d2b8afb64681b15c6-006929dc2f" "proxy-server 20" 0.0005 "-" 25 0
Nov 28 17:30:23 standalone proxy-server[128662]: 172.18.0.2 172.18.0.100 28/Nov/2025/17/30/23 GET /v1/AUTH_5621d84cd665456094b55d2da6e3b3bb/gnocchi.8c304a6b-d4bd-4dbc-8dda-478cf1cb9ceb/none_v3 HTTP/1.0 404 - python-swiftclient-3.11.1 gAAAAABpKduKnPZ6... - 70 - tx7750d2b8afb64681b15c6-006929dc2f - 0.0119 - - 1764351023.820410728 1764351023.832360268 0
Nov 28 17:30:23 standalone account-server[126705]: 172.20.0.100 - - [28/Nov/2025:17:30:23 +0000] "PUT /d1/596/AUTH_5621d84cd665456094b55d2da6e3b3bb/gnocchi.8c304a6b-d4bd-4dbc-8dda-478cf1cb9ceb" 201 - "PUT http://172.20.0.100:6001/d1/278/AUTH_5621d84cd665456094b55d2da6e3b3bb/gnocchi.8c304a6b-d4bd-4dbc-8dda-478cf1cb9ceb" "txf4112c8afc4c47f298575-006929dc2f" "container-server 19" 0.0054 "-" 23 0
Nov 28 17:30:23 standalone container-server[126535]: 172.20.0.100 - - [28/Nov/2025:17:30:23 +0000] "PUT /d1/278/AUTH_5621d84cd665456094b55d2da6e3b3bb/gnocchi.8c304a6b-d4bd-4dbc-8dda-478cf1cb9ceb" 201 - "PUT http://172.18.0.2:8080/v1/AUTH_5621d84cd665456094b55d2da6e3b3bb/gnocchi.8c304a6b-d4bd-4dbc-8dda-478cf1cb9ceb" "txf4112c8afc4c47f298575-006929dc2f" "proxy-server 20" 0.0261 "-" 19 0
Nov 28 17:30:23 standalone proxy-server[128662]: 172.18.0.2 172.18.0.100 28/Nov/2025/17/30/23 PUT /v1/AUTH_5621d84cd665456094b55d2da6e3b3bb/gnocchi.8c304a6b-d4bd-4dbc-8dda-478cf1cb9ceb HTTP/1.0 201 - python-swiftclient-3.11.1 gAAAAABpKduKnPZ6... - - - txf4112c8afc4c47f298575-006929dc2f - 0.0341 - - 1764351023.834704161 1764351023.868782520 0
Nov 28 17:30:23 standalone container-server[126535]: 172.20.0.100 - - [28/Nov/2025:17:30:23 +0000] "HEAD /d1/278/AUTH_5621d84cd665456094b55d2da6e3b3bb/gnocchi.8c304a6b-d4bd-4dbc-8dda-478cf1cb9ceb" 204 - "HEAD http://172.18.0.2:8080/v1/AUTH_5621d84cd665456094b55d2da6e3b3bb/gnocchi.8c304a6b-d4bd-4dbc-8dda-478cf1cb9ceb?format=json&states=listing" "txea73684aa56444da82bfe-006929dc2f" "proxy-server 20" 0.0029 "-" 19 0
Nov 28 17:30:23 standalone proxy-server[128662]: - - 28/Nov/2025/17/30/23 HEAD /v1/AUTH_5621d84cd665456094b55d2da6e3b3bb/gnocchi.8c304a6b-d4bd-4dbc-8dda-478cf1cb9ceb%3Fformat%3Djson%26states%3Dlisting HTTP/1.0 204 - Swift - - - - txea73684aa56444da82bfe-006929dc2f - 0.0074 RL - 1764351023.873121977 1764351023.880561829 0
Nov 28 17:30:23 standalone container-server[126566]: 172.20.0.100 - - [28/Nov/2025:17:30:23 +0000] "GET /d1/278/AUTH_5621d84cd665456094b55d2da6e3b3bb/gnocchi.8c304a6b-d4bd-4dbc-8dda-478cf1cb9ceb" 200 2 "GET http://172.18.0.2:8080/v1/AUTH_5621d84cd665456094b55d2da6e3b3bb/gnocchi.8c304a6b-d4bd-4dbc-8dda-478cf1cb9ceb?format=json&states=listing" "txea73684aa56444da82bfe-006929dc2f" "proxy-server 20" 0.0033 "-" 21 0
Nov 28 17:30:23 standalone proxy-server[128662]: 172.18.0.2 172.18.0.100 28/Nov/2025/17/30/23 GET /v1/AUTH_5621d84cd665456094b55d2da6e3b3bb/gnocchi.8c304a6b-d4bd-4dbc-8dda-478cf1cb9ceb%3Fformat%3Djson%26states%3Dlisting HTTP/1.0 200 - python-swiftclient-3.11.1 gAAAAABpKduKnPZ6... - 2 - txea73684aa56444da82bfe-006929dc2f - 0.0240 - - 1764351023.871696949 1764351023.895713806 0
Nov 28 17:30:23 standalone object-server[126912]: 172.20.0.100 - - [28/Nov/2025:17:30:23 +0000] "GET /d1/29/AUTH_5621d84cd665456094b55d2da6e3b3bb/gnocchi.8c304a6b-d4bd-4dbc-8dda-478cf1cb9ceb/1763640000.0_mean_300.0_v3" 404 70 "GET http://172.18.0.2:8080/v1/AUTH_5621d84cd665456094b55d2da6e3b3bb/gnocchi.8c304a6b-d4bd-4dbc-8dda-478cf1cb9ceb/1763640000.0_mean_300.0_v3" "txf04aa2643cc1492287440-006929dc2f" "proxy-server 20" 0.0005 "-" 24 0
Nov 28 17:30:23 standalone proxy-server[128662]: 172.18.0.2 172.18.0.100 28/Nov/2025/17/30/23 GET /v1/AUTH_5621d84cd665456094b55d2da6e3b3bb/gnocchi.8c304a6b-d4bd-4dbc-8dda-478cf1cb9ceb/1763640000.0_mean_300.0_v3 HTTP/1.0 404 - python-swiftclient-3.11.1 gAAAAABpKduKnPZ6... - 70 - txf04aa2643cc1492287440-006929dc2f - 0.0082 - - 1764351023.899234533 1764351023.907413721 0
Nov 28 17:30:23 standalone container-server[126535]: 172.20.0.100 - - [28/Nov/2025:17:30:23 +0000] "PUT /d1/278/AUTH_5621d84cd665456094b55d2da6e3b3bb/gnocchi.8c304a6b-d4bd-4dbc-8dda-478cf1cb9ceb/1763640000.0_mean_300.0_v3" 201 - "PUT http://172.18.0.2:8080/d1/29/AUTH_5621d84cd665456094b55d2da6e3b3bb/gnocchi.8c304a6b-d4bd-4dbc-8dda-478cf1cb9ceb/1763640000.0_mean_300.0_v3" "txee0f227b5cbc42b8b7b70-006929dc2f" "object-server 24" 0.0011 "-" 19 0
Nov 28 17:30:23 standalone object-server[126912]: 172.20.0.100 - - [28/Nov/2025:17:30:23 +0000] "PUT /d1/29/AUTH_5621d84cd665456094b55d2da6e3b3bb/gnocchi.8c304a6b-d4bd-4dbc-8dda-478cf1cb9ceb/1763640000.0_mean_300.0_v3" 201 - "PUT http://172.18.0.2:8080/v1/AUTH_5621d84cd665456094b55d2da6e3b3bb/gnocchi.8c304a6b-d4bd-4dbc-8dda-478cf1cb9ceb/1763640000.0_mean_300.0_v3" "txee0f227b5cbc42b8b7b70-006929dc2f" "proxy-server 20" 0.0116 "-" 24 0
Nov 28 17:30:23 standalone proxy-server[128662]: 172.18.0.2 172.18.0.100 28/Nov/2025/17/30/23 PUT /v1/AUTH_5621d84cd665456094b55d2da6e3b3bb/gnocchi.8c304a6b-d4bd-4dbc-8dda-478cf1cb9ceb/1763640000.0_mean_300.0_v3 HTTP/1.0 201 - python-swiftclient-3.11.1 gAAAAABpKduKnPZ6... 16 - - txee0f227b5cbc42b8b7b70-006929dc2f - 0.0188 - - 1764351023.911633015 1764351023.930426121 0
Nov 28 17:30:23 standalone container-server[126535]: 172.20.0.100 - - [28/Nov/2025:17:30:23 +0000] "PUT /d1/278/AUTH_5621d84cd665456094b55d2da6e3b3bb/gnocchi.8c304a6b-d4bd-4dbc-8dda-478cf1cb9ceb/none_v3" 201 - "PUT http://172.18.0.2:8080/d1/1014/AUTH_5621d84cd665456094b55d2da6e3b3bb/gnocchi.8c304a6b-d4bd-4dbc-8dda-478cf1cb9ceb/none_v3" "tx88c2f08575ce4dce86fd6-006929dc2f" "object-server 24" 0.0009 "-" 19 0
Nov 28 17:30:23 standalone object-server[126912]: 172.20.0.100 - - [28/Nov/2025:17:30:23 +0000] "PUT /d1/1014/AUTH_5621d84cd665456094b55d2da6e3b3bb/gnocchi.8c304a6b-d4bd-4dbc-8dda-478cf1cb9ceb/none_v3" 201 - "PUT http://172.18.0.2:8080/v1/AUTH_5621d84cd665456094b55d2da6e3b3bb/gnocchi.8c304a6b-d4bd-4dbc-8dda-478cf1cb9ceb/none_v3" "tx88c2f08575ce4dce86fd6-006929dc2f" "proxy-server 20" 0.0102 "-" 24 0
Nov 28 17:30:23 standalone proxy-server[128662]: 172.18.0.2 172.18.0.100 28/Nov/2025/17/30/23 PUT /v1/AUTH_5621d84cd665456094b55d2da6e3b3bb/gnocchi.8c304a6b-d4bd-4dbc-8dda-478cf1cb9ceb/none_v3 HTTP/1.0 201 - python-swiftclient-3.11.1 gAAAAABpKduKnPZ6... 22 - - tx88c2f08575ce4dce86fd6-006929dc2f - 0.0174 - - 1764351023.933928013 1764351023.951287031 0
Nov 28 17:30:23 standalone container-server[126550]: 172.20.0.100 - - [28/Nov/2025:17:30:23 +0000] "HEAD /d1/675/AUTH_5621d84cd665456094b55d2da6e3b3bb/gnocchi.d58cbafa-629e-4f05-a442-55f31a4a04f8" 404 - "HEAD http://172.18.0.2:8080/v1/AUTH_5621d84cd665456094b55d2da6e3b3bb/gnocchi.d58cbafa-629e-4f05-a442-55f31a4a04f8?format=json&states=listing" "tx62a8aa6be1e347aeb367f-006929dc2f" "proxy-server 20" 0.0006 "-" 20 0
Nov 28 17:30:23 standalone object-server[126912]: 172.20.0.100 - - [28/Nov/2025:17:30:23 +0000] "GET /d1/128/AUTH_5621d84cd665456094b55d2da6e3b3bb/gnocchi.d58cbafa-629e-4f05-a442-55f31a4a04f8/none_v3" 404 70 "GET http://172.18.0.2:8080/v1/AUTH_5621d84cd665456094b55d2da6e3b3bb/gnocchi.d58cbafa-629e-4f05-a442-55f31a4a04f8/none_v3" "tx62a8aa6be1e347aeb367f-006929dc2f" "proxy-server 20" 0.0003 "-" 24 0
Nov 28 17:30:23 standalone proxy-server[128662]: 172.18.0.2 172.18.0.100 28/Nov/2025/17/30/23 GET /v1/AUTH_5621d84cd665456094b55d2da6e3b3bb/gnocchi.d58cbafa-629e-4f05-a442-55f31a4a04f8/none_v3 HTTP/1.0 404 - python-swiftclient-3.11.1 gAAAAABpKduKnPZ6... - 70 - tx62a8aa6be1e347aeb367f-006929dc2f - 0.0120 - - 1764351023.964421272 1764351023.976409912 0
Nov 28 17:30:24 standalone account-server[126702]: 172.20.0.100 - - [28/Nov/2025:17:30:24 +0000] "PUT /d1/596/AUTH_5621d84cd665456094b55d2da6e3b3bb/gnocchi.d58cbafa-629e-4f05-a442-55f31a4a04f8" 201 - "PUT http://172.20.0.100:6001/d1/675/AUTH_5621d84cd665456094b55d2da6e3b3bb/gnocchi.d58cbafa-629e-4f05-a442-55f31a4a04f8" "tx6299017f9aa2446ba9ea8-006929dc2f" "container-server 21" 0.0047 "-" 22 0
Nov 28 17:30:24 standalone container-server[126566]: 172.20.0.100 - - [28/Nov/2025:17:30:24 +0000] "PUT /d1/675/AUTH_5621d84cd665456094b55d2da6e3b3bb/gnocchi.d58cbafa-629e-4f05-a442-55f31a4a04f8" 201 - "PUT http://172.18.0.2:8080/v1/AUTH_5621d84cd665456094b55d2da6e3b3bb/gnocchi.d58cbafa-629e-4f05-a442-55f31a4a04f8" "tx6299017f9aa2446ba9ea8-006929dc2f" "proxy-server 20" 0.0178 "-" 21 0
Nov 28 17:30:24 standalone proxy-server[128662]: 172.18.0.2 172.18.0.100 28/Nov/2025/17/30/24 PUT /v1/AUTH_5621d84cd665456094b55d2da6e3b3bb/gnocchi.d58cbafa-629e-4f05-a442-55f31a4a04f8 HTTP/1.0 201 - python-swiftclient-3.11.1 gAAAAABpKduKnPZ6... - - - tx6299017f9aa2446ba9ea8-006929dc2f - 0.0259 - - 1764351023.979697227 1764351024.005630732 0
Nov 28 17:30:24 standalone container-server[126550]: 172.20.0.100 - - [28/Nov/2025:17:30:24 +0000] "HEAD /d1/675/AUTH_5621d84cd665456094b55d2da6e3b3bb/gnocchi.d58cbafa-629e-4f05-a442-55f31a4a04f8" 204 - "HEAD http://172.18.0.2:8080/v1/AUTH_5621d84cd665456094b55d2da6e3b3bb/gnocchi.d58cbafa-629e-4f05-a442-55f31a4a04f8?format=json&states=listing" "tx0103731a0d684c0386149-006929dc30" "proxy-server 20" 0.0020 "-" 20 0
Nov 28 17:30:24 standalone proxy-server[128662]: - - 28/Nov/2025/17/30/24 HEAD /v1/AUTH_5621d84cd665456094b55d2da6e3b3bb/gnocchi.d58cbafa-629e-4f05-a442-55f31a4a04f8%3Fformat%3Djson%26states%3Dlisting HTTP/1.0 204 - Swift - - - - tx0103731a0d684c0386149-006929dc30 - 0.0063 RL - 1764351024.011374950 1764351024.017635107 0
Nov 28 17:30:24 standalone container-server[126535]: 172.20.0.100 - - [28/Nov/2025:17:30:24 +0000] "GET /d1/675/AUTH_5621d84cd665456094b55d2da6e3b3bb/gnocchi.d58cbafa-629e-4f05-a442-55f31a4a04f8" 200 2 "GET http://172.18.0.2:8080/v1/AUTH_5621d84cd665456094b55d2da6e3b3bb/gnocchi.d58cbafa-629e-4f05-a442-55f31a4a04f8?format=json&states=listing" "tx0103731a0d684c0386149-006929dc30" "proxy-server 20" 0.0040 "-" 19 0
Nov 28 17:30:24 standalone proxy-server[128662]: 172.18.0.2 172.18.0.100 28/Nov/2025/17/30/24 GET /v1/AUTH_5621d84cd665456094b55d2da6e3b3bb/gnocchi.d58cbafa-629e-4f05-a442-55f31a4a04f8%3Fformat%3Djson%26states%3Dlisting HTTP/1.0 200 - python-swiftclient-3.11.1 gAAAAABpKduKnPZ6... - 2 - tx0103731a0d684c0386149-006929dc30 - 0.0212 - - 1764351024.009987354 1764351024.031201124 0
Nov 28 17:30:24 standalone object-server[126914]: 172.20.0.100 - - [28/Nov/2025:17:30:24 +0000] "GET /d1/314/AUTH_5621d84cd665456094b55d2da6e3b3bb/gnocchi.d58cbafa-629e-4f05-a442-55f31a4a04f8/1763640000.0_mean_300.0_v3" 404 70 "GET http://172.18.0.2:8080/v1/AUTH_5621d84cd665456094b55d2da6e3b3bb/gnocchi.d58cbafa-629e-4f05-a442-55f31a4a04f8/1763640000.0_mean_300.0_v3" "tx8abb4ba3dc8f45c494ccf-006929dc30" "proxy-server 20" 0.0005 "-" 25 0
Nov 28 17:30:24 standalone proxy-server[128662]: 172.18.0.2 172.18.0.100 28/Nov/2025/17/30/24 GET /v1/AUTH_5621d84cd665456094b55d2da6e3b3bb/gnocchi.d58cbafa-629e-4f05-a442-55f31a4a04f8/1763640000.0_mean_300.0_v3 HTTP/1.0 404 - python-swiftclient-3.11.1 gAAAAABpKduKnPZ6... - 70 - tx8abb4ba3dc8f45c494ccf-006929dc30 - 0.0072 - - 1764351024.035754442 1764351024.042964935 0
Nov 28 17:30:24 standalone container-server[126566]: 172.20.0.100 - - [28/Nov/2025:17:30:24 +0000] "PUT /d1/675/AUTH_5621d84cd665456094b55d2da6e3b3bb/gnocchi.d58cbafa-629e-4f05-a442-55f31a4a04f8/1763640000.0_mean_300.0_v3" 201 - "PUT http://172.18.0.2:8080/d1/314/AUTH_5621d84cd665456094b55d2da6e3b3bb/gnocchi.d58cbafa-629e-4f05-a442-55f31a4a04f8/1763640000.0_mean_300.0_v3" "txdfd2905ba9ae478fa2077-006929dc30" "object-server 24" 0.0008 "-" 21 0
Nov 28 17:30:24 standalone object-server[126912]: 172.20.0.100 - - [28/Nov/2025:17:30:24 +0000] "PUT /d1/314/AUTH_5621d84cd665456094b55d2da6e3b3bb/gnocchi.d58cbafa-629e-4f05-a442-55f31a4a04f8/1763640000.0_mean_300.0_v3" 201 - "PUT http://172.18.0.2:8080/v1/AUTH_5621d84cd665456094b55d2da6e3b3bb/gnocchi.d58cbafa-629e-4f05-a442-55f31a4a04f8/1763640000.0_mean_300.0_v3" "txdfd2905ba9ae478fa2077-006929dc30" "proxy-server 20" 0.0105 "-" 24 0
Nov 28 17:30:24 standalone proxy-server[128662]: 172.18.0.2 172.18.0.100 28/Nov/2025/17/30/24 PUT /v1/AUTH_5621d84cd665456094b55d2da6e3b3bb/gnocchi.d58cbafa-629e-4f05-a442-55f31a4a04f8/1763640000.0_mean_300.0_v3 HTTP/1.0 201 - python-swiftclient-3.11.1 gAAAAABpKduKnPZ6... 16 - - txdfd2905ba9ae478fa2077-006929dc30 - 0.0182 - - 1764351024.046584606 1764351024.064792156 0
Nov 28 17:30:24 standalone container-server[126587]: 172.20.0.100 - - [28/Nov/2025:17:30:24 +0000] "PUT /d1/675/AUTH_5621d84cd665456094b55d2da6e3b3bb/gnocchi.d58cbafa-629e-4f05-a442-55f31a4a04f8/none_v3" 201 - "PUT http://172.18.0.2:8080/d1/128/AUTH_5621d84cd665456094b55d2da6e3b3bb/gnocchi.d58cbafa-629e-4f05-a442-55f31a4a04f8/none_v3" "txc200e45d32aa4a58b1e54-006929dc30" "object-server 25" 0.0008 "-" 23 0
Nov 28 17:30:24 standalone object-server[126914]: 172.20.0.100 - - [28/Nov/2025:17:30:24 +0000] "PUT /d1/128/AUTH_5621d84cd665456094b55d2da6e3b3bb/gnocchi.d58cbafa-629e-4f05-a442-55f31a4a04f8/none_v3" 201 - "PUT http://172.18.0.2:8080/v1/AUTH_5621d84cd665456094b55d2da6e3b3bb/gnocchi.d58cbafa-629e-4f05-a442-55f31a4a04f8/none_v3" "txc200e45d32aa4a58b1e54-006929dc30" "proxy-server 20" 0.0137 "-" 25 0
Nov 28 17:30:24 standalone proxy-server[128662]: 172.18.0.2 172.18.0.100 28/Nov/2025/17/30/24 PUT /v1/AUTH_5621d84cd665456094b55d2da6e3b3bb/gnocchi.d58cbafa-629e-4f05-a442-55f31a4a04f8/none_v3 HTTP/1.0 201 - python-swiftclient-3.11.1 gAAAAABpKduKnPZ6... 22 - - txc200e45d32aa4a58b1e54-006929dc30 - 0.0207 - - 1764351024.068876028 1764351024.089558363 0
Nov 28 17:30:24 standalone container-server[126550]: 172.20.0.100 - - [28/Nov/2025:17:30:24 +0000] "HEAD /d1/770/AUTH_5621d84cd665456094b55d2da6e3b3bb/gnocchi.847c9801-d994-44c9-8a2a-18cc592463d6" 404 - "HEAD http://172.18.0.2:8080/v1/AUTH_5621d84cd665456094b55d2da6e3b3bb/gnocchi.847c9801-d994-44c9-8a2a-18cc592463d6?format=json&states=listing" "txec0e56043abc49b0aa2b8-006929dc30" "proxy-server 20" 0.0005 "-" 20 0
Nov 28 17:30:24 standalone object-server[126912]: 172.20.0.100 - - [28/Nov/2025:17:30:24 +0000] "GET /d1/635/AUTH_5621d84cd665456094b55d2da6e3b3bb/gnocchi.847c9801-d994-44c9-8a2a-18cc592463d6/none_v3" 404 70 "GET http://172.18.0.2:8080/v1/AUTH_5621d84cd665456094b55d2da6e3b3bb/gnocchi.847c9801-d994-44c9-8a2a-18cc592463d6/none_v3" "txec0e56043abc49b0aa2b8-006929dc30" "proxy-server 20" 0.0004 "-" 24 0
Nov 28 17:30:24 standalone proxy-server[128662]: 172.18.0.2 172.18.0.100 28/Nov/2025/17/30/24 GET /v1/AUTH_5621d84cd665456094b55d2da6e3b3bb/gnocchi.847c9801-d994-44c9-8a2a-18cc592463d6/none_v3 HTTP/1.0 404 - python-swiftclient-3.11.1 gAAAAABpKduKnPZ6... - 70 - txec0e56043abc49b0aa2b8-006929dc30 - 0.0132 - - 1764351024.103059530 1764351024.116274834 0
Nov 28 17:30:24 standalone account-server[126675]: 172.20.0.100 - - [28/Nov/2025:17:30:24 +0000] "PUT /d1/596/AUTH_5621d84cd665456094b55d2da6e3b3bb/gnocchi.847c9801-d994-44c9-8a2a-18cc592463d6" 201 - "PUT http://172.20.0.100:6001/d1/770/AUTH_5621d84cd665456094b55d2da6e3b3bb/gnocchi.847c9801-d994-44c9-8a2a-18cc592463d6" "txcd8bffd4652c45a6beb9d-006929dc30" "container-server 19" 0.0058 "-" 20 0
Nov 28 17:30:24 standalone container-server[126535]: 172.20.0.100 - - [28/Nov/2025:17:30:24 +0000] "PUT /d1/770/AUTH_5621d84cd665456094b55d2da6e3b3bb/gnocchi.847c9801-d994-44c9-8a2a-18cc592463d6" 201 - "PUT http://172.18.0.2:8080/v1/AUTH_5621d84cd665456094b55d2da6e3b3bb/gnocchi.847c9801-d994-44c9-8a2a-18cc592463d6" "txcd8bffd4652c45a6beb9d-006929dc30" "proxy-server 20" 0.0223 "-" 19 0
Nov 28 17:30:24 standalone proxy-server[128662]: 172.18.0.2 172.18.0.100 28/Nov/2025/17/30/24 PUT /v1/AUTH_5621d84cd665456094b55d2da6e3b3bb/gnocchi.847c9801-d994-44c9-8a2a-18cc592463d6 HTTP/1.0 201 - python-swiftclient-3.11.1 gAAAAABpKduKnPZ6... - - - txcd8bffd4652c45a6beb9d-006929dc30 - 0.0285 - - 1764351024.119722605 1764351024.148219585 0
Nov 28 17:30:24 standalone container-server[126535]: 172.20.0.100 - - [28/Nov/2025:17:30:24 +0000] "HEAD /d1/770/AUTH_5621d84cd665456094b55d2da6e3b3bb/gnocchi.847c9801-d994-44c9-8a2a-18cc592463d6" 204 - "HEAD http://172.18.0.2:8080/v1/AUTH_5621d84cd665456094b55d2da6e3b3bb/gnocchi.847c9801-d994-44c9-8a2a-18cc592463d6?format=json&states=listing" "tx7670300aa38642ffa5e47-006929dc30" "proxy-server 20" 0.0020 "-" 19 0
Nov 28 17:30:24 standalone proxy-server[128662]: - - 28/Nov/2025/17/30/24 HEAD /v1/AUTH_5621d84cd665456094b55d2da6e3b3bb/gnocchi.847c9801-d994-44c9-8a2a-18cc592463d6%3Fformat%3Djson%26states%3Dlisting HTTP/1.0 204 - Swift - - - - tx7670300aa38642ffa5e47-006929dc30 - 0.0062 RL - 1764351024.153596163 1764351024.159798622 0
Nov 28 17:30:24 standalone container-server[126566]: 172.20.0.100 - - [28/Nov/2025:17:30:24 +0000] "GET /d1/770/AUTH_5621d84cd665456094b55d2da6e3b3bb/gnocchi.847c9801-d994-44c9-8a2a-18cc592463d6" 200 2 "GET http://172.18.0.2:8080/v1/AUTH_5621d84cd665456094b55d2da6e3b3bb/gnocchi.847c9801-d994-44c9-8a2a-18cc592463d6?format=json&states=listing" "tx7670300aa38642ffa5e47-006929dc30" "proxy-server 20" 0.0039 "-" 21 0
Nov 28 17:30:24 standalone proxy-server[128662]: 172.18.0.2 172.18.0.100 28/Nov/2025/17/30/24 GET /v1/AUTH_5621d84cd665456094b55d2da6e3b3bb/gnocchi.847c9801-d994-44c9-8a2a-18cc592463d6%3Fformat%3Djson%26states%3Dlisting HTTP/1.0 200 - python-swiftclient-3.11.1 gAAAAABpKduKnPZ6... - 2 - tx7670300aa38642ffa5e47-006929dc30 - 0.0194 - - 1764351024.152325392 1764351024.171678066 0
Nov 28 17:30:24 standalone object-server[126904]: 172.20.0.100 - - [28/Nov/2025:17:30:24 +0000] "GET /d1/130/AUTH_5621d84cd665456094b55d2da6e3b3bb/gnocchi.847c9801-d994-44c9-8a2a-18cc592463d6/1763640000.0_mean_300.0_v3" 404 70 "GET http://172.18.0.2:8080/v1/AUTH_5621d84cd665456094b55d2da6e3b3bb/gnocchi.847c9801-d994-44c9-8a2a-18cc592463d6/1763640000.0_mean_300.0_v3" "tx4d7946477a5c42458d450-006929dc30" "proxy-server 20" 0.0005 "-" 23 0
Nov 28 17:30:24 standalone proxy-server[128662]: 172.18.0.2 172.18.0.100 28/Nov/2025/17/30/24 GET /v1/AUTH_5621d84cd665456094b55d2da6e3b3bb/gnocchi.847c9801-d994-44c9-8a2a-18cc592463d6/1763640000.0_mean_300.0_v3 HTTP/1.0 404 - python-swiftclient-3.11.1 gAAAAABpKduKnPZ6... - 70 - tx4d7946477a5c42458d450-006929dc30 - 0.0074 - - 1764351024.175962925 1764351024.183410406 0
Nov 28 17:30:24 standalone container-server[126535]: 172.20.0.100 - - [28/Nov/2025:17:30:24 +0000] "PUT /d1/770/AUTH_5621d84cd665456094b55d2da6e3b3bb/gnocchi.847c9801-d994-44c9-8a2a-18cc592463d6/1763640000.0_mean_300.0_v3" 201 - "PUT http://172.18.0.2:8080/d1/130/AUTH_5621d84cd665456094b55d2da6e3b3bb/gnocchi.847c9801-d994-44c9-8a2a-18cc592463d6/1763640000.0_mean_300.0_v3" "txa27310709ee5419bb73fd-006929dc30" "object-server 25" 0.0010 "-" 19 0
Nov 28 17:30:24 standalone object-server[126914]: 172.20.0.100 - - [28/Nov/2025:17:30:24 +0000] "PUT /d1/130/AUTH_5621d84cd665456094b55d2da6e3b3bb/gnocchi.847c9801-d994-44c9-8a2a-18cc592463d6/1763640000.0_mean_300.0_v3" 201 - "PUT http://172.18.0.2:8080/v1/AUTH_5621d84cd665456094b55d2da6e3b3bb/gnocchi.847c9801-d994-44c9-8a2a-18cc592463d6/1763640000.0_mean_300.0_v3" "txa27310709ee5419bb73fd-006929dc30" "proxy-server 20" 0.0115 "-" 25 0
Nov 28 17:30:24 standalone proxy-server[128662]: 172.18.0.2 172.18.0.100 28/Nov/2025/17/30/24 PUT /v1/AUTH_5621d84cd665456094b55d2da6e3b3bb/gnocchi.847c9801-d994-44c9-8a2a-18cc592463d6/1763640000.0_mean_300.0_v3 HTTP/1.0 201 - python-swiftclient-3.11.1 gAAAAABpKduKnPZ6... 16 - - txa27310709ee5419bb73fd-006929dc30 - 0.0188 - - 1764351024.187100649 1764351024.205860138 0
Nov 28 17:30:24 standalone container-server[126566]: 172.20.0.100 - - [28/Nov/2025:17:30:24 +0000] "PUT /d1/770/AUTH_5621d84cd665456094b55d2da6e3b3bb/gnocchi.847c9801-d994-44c9-8a2a-18cc592463d6/none_v3" 201 - "PUT http://172.18.0.2:8080/d1/635/AUTH_5621d84cd665456094b55d2da6e3b3bb/gnocchi.847c9801-d994-44c9-8a2a-18cc592463d6/none_v3" "txa3974984b8ad46a580cd0-006929dc30" "object-server 24" 0.0007 "-" 21 0
Nov 28 17:30:24 standalone object-server[126912]: 172.20.0.100 - - [28/Nov/2025:17:30:24 +0000] "PUT /d1/635/AUTH_5621d84cd665456094b55d2da6e3b3bb/gnocchi.847c9801-d994-44c9-8a2a-18cc592463d6/none_v3" 201 - "PUT http://172.18.0.2:8080/v1/AUTH_5621d84cd665456094b55d2da6e3b3bb/gnocchi.847c9801-d994-44c9-8a2a-18cc592463d6/none_v3" "txa3974984b8ad46a580cd0-006929dc30" "proxy-server 20" 0.0100 "-" 24 0
Nov 28 17:30:24 standalone proxy-server[128662]: 172.18.0.2 172.18.0.100 28/Nov/2025/17/30/24 PUT /v1/AUTH_5621d84cd665456094b55d2da6e3b3bb/gnocchi.847c9801-d994-44c9-8a2a-18cc592463d6/none_v3 HTTP/1.0 201 - python-swiftclient-3.11.1 gAAAAABpKduKnPZ6... 22 - - txa3974984b8ad46a580cd0-006929dc30 - 0.0170 - - 1764351024.209173441 1764351024.226152420 0
Nov 28 17:30:24 standalone container-server[126550]: 172.20.0.100 - - [28/Nov/2025:17:30:24 +0000] "HEAD /d1/775/AUTH_5621d84cd665456094b55d2da6e3b3bb/gnocchi.0d1f7687-d49d-435c-9017-d795693cf253" 404 - "HEAD http://172.18.0.2:8080/v1/AUTH_5621d84cd665456094b55d2da6e3b3bb/gnocchi.0d1f7687-d49d-435c-9017-d795693cf253?format=json&states=listing" "txe9e896cd5cf148f2aaeb3-006929dc30" "proxy-server 20" 0.0006 "-" 20 0
Nov 28 17:30:24 standalone object-server[126904]: 172.20.0.100 - - [28/Nov/2025:17:30:24 +0000] "GET /d1/797/AUTH_5621d84cd665456094b55d2da6e3b3bb/gnocchi.0d1f7687-d49d-435c-9017-d795693cf253/none_v3" 404 70 "GET http://172.18.0.2:8080/v1/AUTH_5621d84cd665456094b55d2da6e3b3bb/gnocchi.0d1f7687-d49d-435c-9017-d795693cf253/none_v3" "txe9e896cd5cf148f2aaeb3-006929dc30" "proxy-server 20" 0.0004 "-" 23 0
Nov 28 17:30:24 standalone proxy-server[128662]: 172.18.0.2 172.18.0.100 28/Nov/2025/17/30/24 GET /v1/AUTH_5621d84cd665456094b55d2da6e3b3bb/gnocchi.0d1f7687-d49d-435c-9017-d795693cf253/none_v3 HTTP/1.0 404 - python-swiftclient-3.11.1 gAAAAABpKduKnPZ6... - 70 - txe9e896cd5cf148f2aaeb3-006929dc30 - 0.0091 - - 1764351024.240643501 1764351024.249709368 0
Nov 28 17:30:24 standalone account-server[126675]: 172.20.0.100 - - [28/Nov/2025:17:30:24 +0000] "PUT /d1/596/AUTH_5621d84cd665456094b55d2da6e3b3bb/gnocchi.0d1f7687-d49d-435c-9017-d795693cf253" 201 - "PUT http://172.20.0.100:6001/d1/775/AUTH_5621d84cd665456094b55d2da6e3b3bb/gnocchi.0d1f7687-d49d-435c-9017-d795693cf253" "txd958b2d28fb54c5497db6-006929dc30" "container-server 23" 0.0057 "-" 20 0
Nov 28 17:30:24 standalone container-server[126587]: 172.20.0.100 - - [28/Nov/2025:17:30:24 +0000] "PUT /d1/775/AUTH_5621d84cd665456094b55d2da6e3b3bb/gnocchi.0d1f7687-d49d-435c-9017-d795693cf253" 201 - "PUT http://172.18.0.2:8080/v1/AUTH_5621d84cd665456094b55d2da6e3b3bb/gnocchi.0d1f7687-d49d-435c-9017-d795693cf253" "txd958b2d28fb54c5497db6-006929dc30" "proxy-server 20" 0.0195 "-" 23 0
Nov 28 17:30:24 standalone proxy-server[128662]: 172.18.0.2 172.18.0.100 28/Nov/2025/17/30/24 PUT /v1/AUTH_5621d84cd665456094b55d2da6e3b3bb/gnocchi.0d1f7687-d49d-435c-9017-d795693cf253 HTTP/1.0 201 - python-swiftclient-3.11.1 gAAAAABpKduKnPZ6... - - - txd958b2d28fb54c5497db6-006929dc30 - 0.0239 - - 1764351024.252785921 1764351024.276711226 0
Nov 28 17:30:24 standalone container-server[126535]: 172.20.0.100 - - [28/Nov/2025:17:30:24 +0000] "HEAD /d1/227/AUTH_5621d84cd665456094b55d2da6e3b3bb/gnocchi.94ebc371-242d-46ae-9b79-e6db085cab53" 404 - "HEAD http://172.18.0.2:8080/v1/AUTH_5621d84cd665456094b55d2da6e3b3bb/gnocchi.94ebc371-242d-46ae-9b79-e6db085cab53?format=json&states=listing" "tx00f83e56559c4b47bd7f8-006929dc30" "proxy-server 20" 0.0006 "-" 19 0
Nov 28 17:30:24 standalone object-server[126900]: 172.20.0.100 - - [28/Nov/2025:17:30:24 +0000] "GET /d1/47/AUTH_5621d84cd665456094b55d2da6e3b3bb/gnocchi.94ebc371-242d-46ae-9b79-e6db085cab53/none_v3" 404 70 "GET http://172.18.0.2:8080/v1/AUTH_5621d84cd665456094b55d2da6e3b3bb/gnocchi.94ebc371-242d-46ae-9b79-e6db085cab53/none_v3" "tx00f83e56559c4b47bd7f8-006929dc30" "proxy-server 20" 0.0004 "-" 22 0
Nov 28 17:30:24 standalone proxy-server[128662]: 172.18.0.2 172.18.0.100 28/Nov/2025/17/30/24 GET /v1/AUTH_5621d84cd665456094b55d2da6e3b3bb/gnocchi.94ebc371-242d-46ae-9b79-e6db085cab53/none_v3 HTTP/1.0 404 - python-swiftclient-3.11.1 gAAAAABpKduKnPZ6... - 70 - tx00f83e56559c4b47bd7f8-006929dc30 - 0.0087 - - 1764351024.280148029 1764351024.288835764 0
Nov 28 17:30:24 standalone account-server[126702]: 172.20.0.100 - - [28/Nov/2025:17:30:24 +0000] "PUT /d1/596/AUTH_5621d84cd665456094b55d2da6e3b3bb/gnocchi.94ebc371-242d-46ae-9b79-e6db085cab53" 201 - "PUT http://172.20.0.100:6001/d1/227/AUTH_5621d84cd665456094b55d2da6e3b3bb/gnocchi.94ebc371-242d-46ae-9b79-e6db085cab53" "txb98db96cc79d4ed3a3057-006929dc30" "container-server 19" 0.0058 "-" 22 0
Nov 28 17:30:24 standalone container-server[126535]: 172.20.0.100 - - [28/Nov/2025:17:30:24 +0000] "PUT /d1/227/AUTH_5621d84cd665456094b55d2da6e3b3bb/gnocchi.94ebc371-242d-46ae-9b79-e6db085cab53" 201 - "PUT http://172.18.0.2:8080/v1/AUTH_5621d84cd665456094b55d2da6e3b3bb/gnocchi.94ebc371-242d-46ae-9b79-e6db085cab53" "txb98db96cc79d4ed3a3057-006929dc30" "proxy-server 20" 0.0221 "-" 19 0
Nov 28 17:30:24 standalone proxy-server[128662]: 172.18.0.2 172.18.0.100 28/Nov/2025/17/30/24 PUT /v1/AUTH_5621d84cd665456094b55d2da6e3b3bb/gnocchi.94ebc371-242d-46ae-9b79-e6db085cab53 HTTP/1.0 201 - python-swiftclient-3.11.1 gAAAAABpKduKnPZ6... - - - txb98db96cc79d4ed3a3057-006929dc30 - 0.0259 - - 1764351024.291504383 1764351024.317445517 0
Nov 28 17:30:24 standalone container-server[126539]: Begin container update sweep
Nov 28 17:30:24 standalone container-server[126587]: 172.20.0.100 - - [28/Nov/2025:17:30:24 +0000] "HEAD /d1/775/AUTH_5621d84cd665456094b55d2da6e3b3bb/gnocchi.0d1f7687-d49d-435c-9017-d795693cf253" 204 - "HEAD http://172.18.0.2:8080/v1/AUTH_5621d84cd665456094b55d2da6e3b3bb/gnocchi.0d1f7687-d49d-435c-9017-d795693cf253?format=json&states=listing" "tx3f99e18f6f6e43b78d5e8-006929dc30" "proxy-server 20" 0.0023 "-" 23 0
Nov 28 17:30:24 standalone proxy-server[128662]: - - 28/Nov/2025/17/30/24 HEAD /v1/AUTH_5621d84cd665456094b55d2da6e3b3bb/gnocchi.0d1f7687-d49d-435c-9017-d795693cf253%3Fformat%3Djson%26states%3Dlisting HTTP/1.0 204 - Swift - - - - tx3f99e18f6f6e43b78d5e8-006929dc30 - 0.0054 RL - 1764351024.323382854 1764351024.328819275 0
Nov 28 17:30:24 standalone container-server[126587]: 172.20.0.100 - - [28/Nov/2025:17:30:24 +0000] "GET /d1/775/AUTH_5621d84cd665456094b55d2da6e3b3bb/gnocchi.0d1f7687-d49d-435c-9017-d795693cf253" 200 2 "GET http://172.18.0.2:8080/v1/AUTH_5621d84cd665456094b55d2da6e3b3bb/gnocchi.0d1f7687-d49d-435c-9017-d795693cf253?format=json&states=listing" "tx3f99e18f6f6e43b78d5e8-006929dc30" "proxy-server 20" 0.0034 "-" 23 0
Nov 28 17:30:24 standalone proxy-server[128662]: 172.18.0.2 172.18.0.100 28/Nov/2025/17/30/24 GET /v1/AUTH_5621d84cd665456094b55d2da6e3b3bb/gnocchi.0d1f7687-d49d-435c-9017-d795693cf253%3Fformat%3Djson%26states%3Dlisting HTTP/1.0 200 - python-swiftclient-3.11.1 gAAAAABpKduKnPZ6... - 2 - tx3f99e18f6f6e43b78d5e8-006929dc30 - 0.0143 - - 1764351024.322589159 1764351024.336874962 0
Nov 28 17:30:24 standalone container-server[126566]: 172.20.0.100 - - [28/Nov/2025:17:30:24 +0000] "HEAD /d1/227/AUTH_5621d84cd665456094b55d2da6e3b3bb/gnocchi.94ebc371-242d-46ae-9b79-e6db085cab53" 204 - "HEAD http://172.18.0.2:8080/v1/AUTH_5621d84cd665456094b55d2da6e3b3bb/gnocchi.94ebc371-242d-46ae-9b79-e6db085cab53?format=json&states=listing" "tx7cdef41c6a354984a479b-006929dc30" "proxy-server 20" 0.0022 "-" 21 0
Nov 28 17:30:24 standalone proxy-server[128662]: - - 28/Nov/2025/17/30/24 HEAD /v1/AUTH_5621d84cd665456094b55d2da6e3b3bb/gnocchi.94ebc371-242d-46ae-9b79-e6db085cab53%3Fformat%3Djson%26states%3Dlisting HTTP/1.0 204 - Swift - - - - tx7cdef41c6a354984a479b-006929dc30 - 0.0055 RL - 1764351024.341146469 1764351024.346660137 0
Nov 28 17:30:24 standalone container-server[126550]: 172.20.0.100 - - [28/Nov/2025:17:30:24 +0000] "GET /d1/227/AUTH_5621d84cd665456094b55d2da6e3b3bb/gnocchi.94ebc371-242d-46ae-9b79-e6db085cab53" 200 2 "GET http://172.18.0.2:8080/v1/AUTH_5621d84cd665456094b55d2da6e3b3bb/gnocchi.94ebc371-242d-46ae-9b79-e6db085cab53?format=json&states=listing" "tx7cdef41c6a354984a479b-006929dc30" "proxy-server 20" 0.0034 "-" 20 0
Nov 28 17:30:24 standalone proxy-server[128662]: 172.18.0.2 172.18.0.100 28/Nov/2025/17/30/24 GET /v1/AUTH_5621d84cd665456094b55d2da6e3b3bb/gnocchi.94ebc371-242d-46ae-9b79-e6db085cab53%3Fformat%3Djson%26states%3Dlisting HTTP/1.0 200 - python-swiftclient-3.11.1 gAAAAABpKduKnPZ6... - 2 - tx7cdef41c6a354984a479b-006929dc30 - 0.0145 - - 1764351024.340386152 1764351024.354880095 0
Nov 28 17:30:24 standalone object-server[126904]: 172.20.0.100 - - [28/Nov/2025:17:30:24 +0000] "GET /d1/849/AUTH_5621d84cd665456094b55d2da6e3b3bb/gnocchi.0d1f7687-d49d-435c-9017-d795693cf253/1763640000.0_mean_300.0_v3" 404 70 "GET http://172.18.0.2:8080/v1/AUTH_5621d84cd665456094b55d2da6e3b3bb/gnocchi.0d1f7687-d49d-435c-9017-d795693cf253/1763640000.0_mean_300.0_v3" "tx1c93ab1561f74310b4586-006929dc30" "proxy-server 20" 0.0003 "-" 23 0
Nov 28 17:30:24 standalone proxy-server[128662]: 172.18.0.2 172.18.0.100 28/Nov/2025/17/30/24 GET /v1/AUTH_5621d84cd665456094b55d2da6e3b3bb/gnocchi.0d1f7687-d49d-435c-9017-d795693cf253/1763640000.0_mean_300.0_v3 HTTP/1.0 404 - python-swiftclient-3.11.1 gAAAAABpKduKnPZ6... - 70 - tx1c93ab1561f74310b4586-006929dc30 - 0.0042 - - 1764351024.358814716 1764351024.362986565 0
Nov 28 17:30:24 standalone account-server[126702]: 172.20.0.100 - - [28/Nov/2025:17:30:24 +0000] "PUT /d1/596/AUTH_5621d84cd665456094b55d2da6e3b3bb/gnocchi.78cf7664-e73b-4bb1-b10f-7341bbf5feea" 201 - "-" "-" "container-updater 2" 0.0010 "-" 22 0
Nov 28 17:30:24 standalone object-server[126900]: 172.20.0.100 - - [28/Nov/2025:17:30:24 +0000] "GET /d1/937/AUTH_5621d84cd665456094b55d2da6e3b3bb/gnocchi.94ebc371-242d-46ae-9b79-e6db085cab53/1763640000.0_mean_300.0_v3" 404 70 "GET http://172.18.0.2:8080/v1/AUTH_5621d84cd665456094b55d2da6e3b3bb/gnocchi.94ebc371-242d-46ae-9b79-e6db085cab53/1763640000.0_mean_300.0_v3" "tx33d9c118e0d645b09dfb1-006929dc30" "proxy-server 20" 0.0002 "-" 22 0
Nov 28 17:30:24 standalone proxy-server[128662]: 172.18.0.2 172.18.0.100 28/Nov/2025/17/30/24 GET /v1/AUTH_5621d84cd665456094b55d2da6e3b3bb/gnocchi.94ebc371-242d-46ae-9b79-e6db085cab53/1763640000.0_mean_300.0_v3 HTTP/1.0 404 - python-swiftclient-3.11.1 gAAAAABpKduKnPZ6... - 70 - tx33d9c118e0d645b09dfb1-006929dc30 - 0.0054 - - 1764351024.365911722 1764351024.371285200 0
Nov 28 17:30:24 standalone container-server[126535]: 172.20.0.100 - - [28/Nov/2025:17:30:24 +0000] "PUT /d1/775/AUTH_5621d84cd665456094b55d2da6e3b3bb/gnocchi.0d1f7687-d49d-435c-9017-d795693cf253/1763640000.0_mean_300.0_v3" 201 - "PUT http://172.18.0.2:8080/d1/849/AUTH_5621d84cd665456094b55d2da6e3b3bb/gnocchi.0d1f7687-d49d-435c-9017-d795693cf253/1763640000.0_mean_300.0_v3" "tx29ddae6b264349468c360-006929dc30" "object-server 23" 0.0009 "-" 19 0
Nov 28 17:30:24 standalone object-server[126904]: 172.20.0.100 - - [28/Nov/2025:17:30:24 +0000] "PUT /d1/849/AUTH_5621d84cd665456094b55d2da6e3b3bb/gnocchi.0d1f7687-d49d-435c-9017-d795693cf253/1763640000.0_mean_300.0_v3" 201 - "PUT http://172.18.0.2:8080/v1/AUTH_5621d84cd665456094b55d2da6e3b3bb/gnocchi.0d1f7687-d49d-435c-9017-d795693cf253/1763640000.0_mean_300.0_v3" "tx29ddae6b264349468c360-006929dc30" "proxy-server 20" 0.0107 "-" 23 0
Nov 28 17:30:24 standalone proxy-server[128662]: 172.18.0.2 172.18.0.100 28/Nov/2025/17/30/24 PUT /v1/AUTH_5621d84cd665456094b55d2da6e3b3bb/gnocchi.0d1f7687-d49d-435c-9017-d795693cf253/1763640000.0_mean_300.0_v3 HTTP/1.0 201 - python-swiftclient-3.11.1 gAAAAABpKduKnPZ6... 16 - - tx29ddae6b264349468c360-006929dc30 - 0.0143 - - 1764351024.375486612 1764351024.389787436 0
Nov 28 17:30:24 standalone container-server[126566]: 172.20.0.100 - - [28/Nov/2025:17:30:24 +0000] "PUT /d1/227/AUTH_5621d84cd665456094b55d2da6e3b3bb/gnocchi.94ebc371-242d-46ae-9b79-e6db085cab53/1763640000.0_mean_300.0_v3" 201 - "PUT http://172.18.0.2:8080/d1/937/AUTH_5621d84cd665456094b55d2da6e3b3bb/gnocchi.94ebc371-242d-46ae-9b79-e6db085cab53/1763640000.0_mean_300.0_v3" "tx52d3b1b787fb49a0950e1-006929dc30" "object-server 22" 0.0010 "-" 21 0
Nov 28 17:30:24 standalone object-server[126900]: 172.20.0.100 - - [28/Nov/2025:17:30:24 +0000] "PUT /d1/937/AUTH_5621d84cd665456094b55d2da6e3b3bb/gnocchi.94ebc371-242d-46ae-9b79-e6db085cab53/1763640000.0_mean_300.0_v3" 201 - "PUT http://172.18.0.2:8080/v1/AUTH_5621d84cd665456094b55d2da6e3b3bb/gnocchi.94ebc371-242d-46ae-9b79-e6db085cab53/1763640000.0_mean_300.0_v3" "tx52d3b1b787fb49a0950e1-006929dc30" "proxy-server 20" 0.0114 "-" 22 0
Nov 28 17:30:24 standalone proxy-server[128662]: 172.18.0.2 172.18.0.100 28/Nov/2025/17/30/24 PUT /v1/AUTH_5621d84cd665456094b55d2da6e3b3bb/gnocchi.94ebc371-242d-46ae-9b79-e6db085cab53/1763640000.0_mean_300.0_v3 HTTP/1.0 201 - python-swiftclient-3.11.1 gAAAAABpKduKnPZ6... 16 - - tx52d3b1b787fb49a0950e1-006929dc30 - 0.0154 - - 1764351024.393311024 1764351024.408699274 0
Nov 28 17:30:24 standalone container-server[126587]: 172.20.0.100 - - [28/Nov/2025:17:30:24 +0000] "PUT /d1/775/AUTH_5621d84cd665456094b55d2da6e3b3bb/gnocchi.0d1f7687-d49d-435c-9017-d795693cf253/none_v3" 201 - "PUT http://172.18.0.2:8080/d1/797/AUTH_5621d84cd665456094b55d2da6e3b3bb/gnocchi.0d1f7687-d49d-435c-9017-d795693cf253/none_v3" "tx2b7a05f662be4a1c9ad37-006929dc30" "object-server 24" 0.0006 "-" 23 0
Nov 28 17:30:24 standalone object-server[126912]: 172.20.0.100 - - [28/Nov/2025:17:30:24 +0000] "PUT /d1/797/AUTH_5621d84cd665456094b55d2da6e3b3bb/gnocchi.0d1f7687-d49d-435c-9017-d795693cf253/none_v3" 201 - "PUT http://172.18.0.2:8080/v1/AUTH_5621d84cd665456094b55d2da6e3b3bb/gnocchi.0d1f7687-d49d-435c-9017-d795693cf253/none_v3" "tx2b7a05f662be4a1c9ad37-006929dc30" "proxy-server 20" 0.0094 "-" 24 0
Nov 28 17:30:24 standalone proxy-server[128662]: 172.18.0.2 172.18.0.100 28/Nov/2025/17/30/24 PUT /v1/AUTH_5621d84cd665456094b55d2da6e3b3bb/gnocchi.0d1f7687-d49d-435c-9017-d795693cf253/none_v3 HTTP/1.0 201 - python-swiftclient-3.11.1 gAAAAABpKduKnPZ6... 22 - - tx2b7a05f662be4a1c9ad37-006929dc30 - 0.0213 - - 1764351024.411704779 1764351024.432960033 0
Nov 28 17:30:24 standalone container-server[126566]: 172.20.0.100 - - [28/Nov/2025:17:30:24 +0000] "PUT /d1/227/AUTH_5621d84cd665456094b55d2da6e3b3bb/gnocchi.94ebc371-242d-46ae-9b79-e6db085cab53/none_v3" 201 - "PUT http://172.18.0.2:8080/d1/47/AUTH_5621d84cd665456094b55d2da6e3b3bb/gnocchi.94ebc371-242d-46ae-9b79-e6db085cab53/none_v3" "txc72be959b0d443dca71c7-006929dc30" "object-server 25" 0.0008 "-" 21 0
Nov 28 17:30:24 standalone object-server[126914]: 172.20.0.100 - - [28/Nov/2025:17:30:24 +0000] "PUT /d1/47/AUTH_5621d84cd665456094b55d2da6e3b3bb/gnocchi.94ebc371-242d-46ae-9b79-e6db085cab53/none_v3" 201 - "PUT http://172.18.0.2:8080/v1/AUTH_5621d84cd665456094b55d2da6e3b3bb/gnocchi.94ebc371-242d-46ae-9b79-e6db085cab53/none_v3" "txc72be959b0d443dca71c7-006929dc30" "proxy-server 20" 0.0101 "-" 25 0
Nov 28 17:30:24 standalone proxy-server[128662]: 172.18.0.2 172.18.0.100 28/Nov/2025/17/30/24 PUT /v1/AUTH_5621d84cd665456094b55d2da6e3b3bb/gnocchi.94ebc371-242d-46ae-9b79-e6db085cab53/none_v3 HTTP/1.0 201 - python-swiftclient-3.11.1 gAAAAABpKduKnPZ6... 22 - - txc72be959b0d443dca71c7-006929dc30 - 0.0165 - - 1764351024.440184832 1764351024.456635952 0
Nov 28 17:30:24 standalone container-server[126566]: 172.20.0.100 - - [28/Nov/2025:17:30:24 +0000] "HEAD /d1/310/AUTH_5621d84cd665456094b55d2da6e3b3bb/gnocchi.1fef3fe8-bee6-4f27-871d-ed854fa2e51c" 404 - "HEAD http://172.18.0.2:8080/v1/AUTH_5621d84cd665456094b55d2da6e3b3bb/gnocchi.1fef3fe8-bee6-4f27-871d-ed854fa2e51c?format=json&states=listing" "tx17b184c01e744368b65b1-006929dc30" "proxy-server 20" 0.0005 "-" 21 0
Nov 28 17:30:24 standalone object-server[126900]: 172.20.0.100 - - [28/Nov/2025:17:30:24 +0000] "GET /d1/802/AUTH_5621d84cd665456094b55d2da6e3b3bb/gnocchi.1fef3fe8-bee6-4f27-871d-ed854fa2e51c/none_v3" 404 70 "GET http://172.18.0.2:8080/v1/AUTH_5621d84cd665456094b55d2da6e3b3bb/gnocchi.1fef3fe8-bee6-4f27-871d-ed854fa2e51c/none_v3" "tx17b184c01e744368b65b1-006929dc30" "proxy-server 20" 0.0003 "-" 22 0
Nov 28 17:30:24 standalone proxy-server[128662]: 172.18.0.2 172.18.0.100 28/Nov/2025/17/30/24 GET /v1/AUTH_5621d84cd665456094b55d2da6e3b3bb/gnocchi.1fef3fe8-bee6-4f27-871d-ed854fa2e51c/none_v3 HTTP/1.0 404 - python-swiftclient-3.11.1 gAAAAABpKduKnPZ6... - 70 - tx17b184c01e744368b65b1-006929dc30 - 0.0078 - - 1764351024.473606348 1764351024.481372356 0
Nov 28 17:30:24 standalone account-server[126698]: 172.20.0.100 - - [28/Nov/2025:17:30:24 +0000] "PUT /d1/596/AUTH_5621d84cd665456094b55d2da6e3b3bb/gnocchi.20f45eee-586a-4399-bcbe-5185300f2aa0" 201 - "-" "-" "container-updater 2" 0.0004 "-" 21 0
Nov 28 17:30:24 standalone account-server[126702]: 172.20.0.100 - - [28/Nov/2025:17:30:24 +0000] "PUT /d1/596/AUTH_5621d84cd665456094b55d2da6e3b3bb/gnocchi.1fef3fe8-bee6-4f27-871d-ed854fa2e51c" 201 - "PUT http://172.20.0.100:6001/d1/310/AUTH_5621d84cd665456094b55d2da6e3b3bb/gnocchi.1fef3fe8-bee6-4f27-871d-ed854fa2e51c" "tx3d3c468b7a4f482ba7ee6-006929dc30" "container-server 19" 0.0057 "-" 22 0
Nov 28 17:30:24 standalone container-server[126535]: 172.20.0.100 - - [28/Nov/2025:17:30:24 +0000] "PUT /d1/310/AUTH_5621d84cd665456094b55d2da6e3b3bb/gnocchi.1fef3fe8-bee6-4f27-871d-ed854fa2e51c" 201 - "PUT http://172.18.0.2:8080/v1/AUTH_5621d84cd665456094b55d2da6e3b3bb/gnocchi.1fef3fe8-bee6-4f27-871d-ed854fa2e51c" "tx3d3c468b7a4f482ba7ee6-006929dc30" "proxy-server 20" 0.0171 "-" 19 0
Nov 28 17:30:24 standalone proxy-server[128662]: 172.18.0.2 172.18.0.100 28/Nov/2025/17/30/24 PUT /v1/AUTH_5621d84cd665456094b55d2da6e3b3bb/gnocchi.1fef3fe8-bee6-4f27-871d-ed854fa2e51c HTTP/1.0 201 - python-swiftclient-3.11.1 gAAAAABpKduKnPZ6... - - - tx3d3c468b7a4f482ba7ee6-006929dc30 - 0.0209 - - 1764351024.485831499 1764351024.506756783 0
Nov 28 17:30:24 standalone container-server[126535]: 172.20.0.100 - - [28/Nov/2025:17:30:24 +0000] "HEAD /d1/310/AUTH_5621d84cd665456094b55d2da6e3b3bb/gnocchi.1fef3fe8-bee6-4f27-871d-ed854fa2e51c" 204 - "HEAD http://172.18.0.2:8080/v1/AUTH_5621d84cd665456094b55d2da6e3b3bb/gnocchi.1fef3fe8-bee6-4f27-871d-ed854fa2e51c?format=json&states=listing" "txe413767061294ca5a20a1-006929dc30" "proxy-server 20" 0.0018 "-" 19 0
Nov 28 17:30:24 standalone proxy-server[128662]: - - 28/Nov/2025/17/30/24 HEAD /v1/AUTH_5621d84cd665456094b55d2da6e3b3bb/gnocchi.1fef3fe8-bee6-4f27-871d-ed854fa2e51c%3Fformat%3Djson%26states%3Dlisting HTTP/1.0 204 - Swift - - - - txe413767061294ca5a20a1-006929dc30 - 0.0045 RL - 1764351024.512248516 1764351024.516733170 0
Nov 28 17:30:24 standalone container-server[126587]: 172.20.0.100 - - [28/Nov/2025:17:30:24 +0000] "GET /d1/310/AUTH_5621d84cd665456094b55d2da6e3b3bb/gnocchi.1fef3fe8-bee6-4f27-871d-ed854fa2e51c" 200 2 "GET http://172.18.0.2:8080/v1/AUTH_5621d84cd665456094b55d2da6e3b3bb/gnocchi.1fef3fe8-bee6-4f27-871d-ed854fa2e51c?format=json&states=listing" "txe413767061294ca5a20a1-006929dc30" "proxy-server 20" 0.0017 "-" 23 0
Nov 28 17:30:24 standalone proxy-server[128662]: 172.18.0.2 172.18.0.100 28/Nov/2025/17/30/24 GET /v1/AUTH_5621d84cd665456094b55d2da6e3b3bb/gnocchi.1fef3fe8-bee6-4f27-871d-ed854fa2e51c%3Fformat%3Djson%26states%3Dlisting HTTP/1.0 200 - python-swiftclient-3.11.1 gAAAAABpKduKnPZ6... - 2 - txe413767061294ca5a20a1-006929dc30 - 0.0122 - - 1764351024.510242462 1764351024.522466660 0
Nov 28 17:30:24 standalone object-server[126912]: 172.20.0.100 - - [28/Nov/2025:17:30:24 +0000] "GET /d1/278/AUTH_5621d84cd665456094b55d2da6e3b3bb/gnocchi.1fef3fe8-bee6-4f27-871d-ed854fa2e51c/1763640000.0_mean_300.0_v3" 404 70 "GET http://172.18.0.2:8080/v1/AUTH_5621d84cd665456094b55d2da6e3b3bb/gnocchi.1fef3fe8-bee6-4f27-871d-ed854fa2e51c/1763640000.0_mean_300.0_v3" "tx8197288c99b24fdf858d9-006929dc30" "proxy-server 20" 0.0003 "-" 24 0
Nov 28 17:30:24 standalone proxy-server[128662]: 172.18.0.2 172.18.0.100 28/Nov/2025/17/30/24 GET /v1/AUTH_5621d84cd665456094b55d2da6e3b3bb/gnocchi.1fef3fe8-bee6-4f27-871d-ed854fa2e51c/1763640000.0_mean_300.0_v3 HTTP/1.0 404 - python-swiftclient-3.11.1 gAAAAABpKduKnPZ6... - 70 - tx8197288c99b24fdf858d9-006929dc30 - 0.0038 - - 1764351024.526446581 1764351024.530289173 0
Nov 28 17:30:24 standalone container-server[126535]: 172.20.0.100 - - [28/Nov/2025:17:30:24 +0000] "PUT /d1/310/AUTH_5621d84cd665456094b55d2da6e3b3bb/gnocchi.1fef3fe8-bee6-4f27-871d-ed854fa2e51c/1763640000.0_mean_300.0_v3" 201 - "PUT http://172.18.0.2:8080/d1/278/AUTH_5621d84cd665456094b55d2da6e3b3bb/gnocchi.1fef3fe8-bee6-4f27-871d-ed854fa2e51c/1763640000.0_mean_300.0_v3" "tx4e8ef9e0b8d04dc883ac5-006929dc30" "object-server 22" 0.0007 "-" 19 0
Nov 28 17:30:24 standalone object-server[126900]: 172.20.0.100 - - [28/Nov/2025:17:30:24 +0000] "PUT /d1/278/AUTH_5621d84cd665456094b55d2da6e3b3bb/gnocchi.1fef3fe8-bee6-4f27-871d-ed854fa2e51c/1763640000.0_mean_300.0_v3" 201 - "PUT http://172.18.0.2:8080/v1/AUTH_5621d84cd665456094b55d2da6e3b3bb/gnocchi.1fef3fe8-bee6-4f27-871d-ed854fa2e51c/1763640000.0_mean_300.0_v3" "tx4e8ef9e0b8d04dc883ac5-006929dc30" "proxy-server 20" 0.0106 "-" 22 0
Nov 28 17:30:24 standalone proxy-server[128662]: 172.18.0.2 172.18.0.100 28/Nov/2025/17/30/24 PUT /v1/AUTH_5621d84cd665456094b55d2da6e3b3bb/gnocchi.1fef3fe8-bee6-4f27-871d-ed854fa2e51c/1763640000.0_mean_300.0_v3 HTTP/1.0 201 - python-swiftclient-3.11.1 gAAAAABpKduKnPZ6... 16 - - tx4e8ef9e0b8d04dc883ac5-006929dc30 - 0.0157 - - 1764351024.532565594 1764351024.548247337 0
Nov 28 17:30:24 standalone container-server[126550]: 172.20.0.100 - - [28/Nov/2025:17:30:24 +0000] "PUT /d1/310/AUTH_5621d84cd665456094b55d2da6e3b3bb/gnocchi.1fef3fe8-bee6-4f27-871d-ed854fa2e51c/none_v3" 201 - "PUT http://172.18.0.2:8080/d1/802/AUTH_5621d84cd665456094b55d2da6e3b3bb/gnocchi.1fef3fe8-bee6-4f27-871d-ed854fa2e51c/none_v3" "tx31dacbea35e2451e84acb-006929dc30" "object-server 22" 0.0008 "-" 20 0
Nov 28 17:30:24 standalone object-server[126900]: 172.20.0.100 - - [28/Nov/2025:17:30:24 +0000] "PUT /d1/802/AUTH_5621d84cd665456094b55d2da6e3b3bb/gnocchi.1fef3fe8-bee6-4f27-871d-ed854fa2e51c/none_v3" 201 - "PUT http://172.18.0.2:8080/v1/AUTH_5621d84cd665456094b55d2da6e3b3bb/gnocchi.1fef3fe8-bee6-4f27-871d-ed854fa2e51c/none_v3" "tx31dacbea35e2451e84acb-006929dc30" "proxy-server 20" 0.0088 "-" 22 0
Nov 28 17:30:24 standalone proxy-server[128662]: 172.18.0.2 172.18.0.100 28/Nov/2025/17/30/24 PUT /v1/AUTH_5621d84cd665456094b55d2da6e3b3bb/gnocchi.1fef3fe8-bee6-4f27-871d-ed854fa2e51c/none_v3 HTTP/1.0 201 - python-swiftclient-3.11.1 gAAAAABpKduKnPZ6... 22 - - tx31dacbea35e2451e84acb-006929dc30 - 0.0140 - - 1764351024.551551819 1764351024.565584898 0
Nov 28 17:30:24 standalone container-server[126587]: 172.20.0.100 - - [28/Nov/2025:17:30:24 +0000] "HEAD /d1/211/AUTH_5621d84cd665456094b55d2da6e3b3bb/gnocchi.3a927900-dd3c-40de-892b-5f33d1a9c688" 404 - "HEAD http://172.18.0.2:8080/v1/AUTH_5621d84cd665456094b55d2da6e3b3bb/gnocchi.3a927900-dd3c-40de-892b-5f33d1a9c688?format=json&states=listing" "tx86781040d02b46648243b-006929dc30" "proxy-server 20" 0.0004 "-" 23 0
Nov 28 17:30:24 standalone object-server[126904]: 172.20.0.100 - - [28/Nov/2025:17:30:24 +0000] "GET /d1/845/AUTH_5621d84cd665456094b55d2da6e3b3bb/gnocchi.3a927900-dd3c-40de-892b-5f33d1a9c688/none_v3" 404 70 "GET http://172.18.0.2:8080/v1/AUTH_5621d84cd665456094b55d2da6e3b3bb/gnocchi.3a927900-dd3c-40de-892b-5f33d1a9c688/none_v3" "tx86781040d02b46648243b-006929dc30" "proxy-server 20" 0.0003 "-" 23 0
Nov 28 17:30:24 standalone proxy-server[128662]: 172.18.0.2 172.18.0.100 28/Nov/2025/17/30/24 GET /v1/AUTH_5621d84cd665456094b55d2da6e3b3bb/gnocchi.3a927900-dd3c-40de-892b-5f33d1a9c688/none_v3 HTTP/1.0 404 - python-swiftclient-3.11.1 gAAAAABpKduKnPZ6... - 70 - tx86781040d02b46648243b-006929dc30 - 0.0095 - - 1764351024.578662872 1764351024.588171959 0
Nov 28 17:30:24 standalone account-server[126698]: 172.20.0.100 - - [28/Nov/2025:17:30:24 +0000] "PUT /d1/596/AUTH_5621d84cd665456094b55d2da6e3b3bb/gnocchi.3a927900-dd3c-40de-892b-5f33d1a9c688" 201 - "PUT http://172.20.0.100:6001/d1/211/AUTH_5621d84cd665456094b55d2da6e3b3bb/gnocchi.3a927900-dd3c-40de-892b-5f33d1a9c688" "txa9eda23212604c45ad721-006929dc30" "container-server 23" 0.0048 "-" 21 0
