Nov 28 17:15:24 standalone container-server[126345]: Option allow_versions is deprecated. Configure the versioned_writes middleware in the proxy-server instead. This option will be ignored in a future release.
Nov 28 17:15:24 standalone container-server[126535]: Option allow_versions is deprecated. Configure the versioned_writes middleware in the proxy-server instead. This option will be ignored in a future release.
Nov 28 17:15:24 standalone container-server[126345]: Started child 19 from parent 2
Nov 28 17:15:24 standalone container-server[126550]: Option allow_versions is deprecated. Configure the versioned_writes middleware in the proxy-server instead. This option will be ignored in a future release.
Nov 28 17:15:24 standalone container-server[126345]: Started child 20 from parent 2
Nov 28 17:15:24 standalone account-server[126316]: Starting 2
Nov 28 17:15:24 standalone container-server[126566]: Option allow_versions is deprecated. Configure the versioned_writes middleware in the proxy-server instead. This option will be ignored in a future release.
Nov 28 17:15:24 standalone container-server[126345]: Started child 21 from parent 2
Nov 28 17:15:24 standalone container-server[126587]: Option allow_versions is deprecated. Configure the versioned_writes middleware in the proxy-server instead. This option will be ignored in a future release.
Nov 28 17:15:24 standalone container-server[126345]: Started child 23 from parent 2
Nov 28 17:15:24 standalone account-server[126319]: Started child 20 from parent 2
Nov 28 17:15:24 standalone account-server[126319]: Started child 21 from parent 2
Nov 28 17:15:24 standalone account-server[126319]: Started child 22 from parent 2
Nov 28 17:15:24 standalone account-server[126319]: Started child 23 from parent 2
Nov 28 17:15:24 standalone container-server[126539]: Starting 2
Nov 28 17:15:25 standalone object-expirer[126673]: Starting 2
Nov 28 17:15:25 standalone object-expirer[126673]: Option auto_create_account_prefix is deprecated. Configure auto_create_account_prefix under the swift-constraints section of swift.conf. This option will be ignored in a future release.
Nov 28 17:15:25 standalone object-server[126775]: Starting 2
Nov 28 17:15:25 standalone object-server[126756]: Started child 22 from parent 2
Nov 28 17:15:25 standalone object-server[126756]: Started child 23 from parent 2
Nov 28 17:15:25 standalone object-server[126756]: Started child 24 from parent 2
Nov 28 17:15:25 standalone object-server[126756]: Started child 25 from parent 2
Nov 28 17:15:30 standalone proxy-server[128513]: Starting Keystone auth_token middleware
Nov 28 17:15:30 standalone proxy-server[128513]: AuthToken middleware is set with keystone_authtoken.service_token_roles_required set to False. This is backwards compatible but deprecated behaviour. Please set this to True.
Nov 28 17:15:31 standalone proxy-server[128662]: Starting Keystone auth_token middleware
Nov 28 17:15:31 standalone proxy-server[128662]: STDERR: The option "bind_port" is not known to keystonemiddleware
Nov 28 17:15:31 standalone proxy-server[128662]: STDERR: The option "workers" is not known to keystonemiddleware
Nov 28 17:15:31 standalone proxy-server[128662]: STDERR: The option "user" is not known to keystonemiddleware
Nov 28 17:15:31 standalone proxy-server[128662]: STDERR: The option "bind_ip" is not known to keystonemiddleware
Nov 28 17:15:31 standalone proxy-server[128662]: STDERR: The option "log_name" is not known to keystonemiddleware
Nov 28 17:15:31 standalone proxy-server[128662]: STDERR: The option "log_facility" is not known to keystonemiddleware
Nov 28 17:15:31 standalone proxy-server[128662]: STDERR: The option "log_level" is not known to keystonemiddleware
Nov 28 17:15:31 standalone proxy-server[128662]: STDERR: The option "log_headers" is not known to keystonemiddleware
Nov 28 17:15:31 standalone proxy-server[128662]: STDERR: The option "log_address" is not known to keystonemiddleware
Nov 28 17:15:31 standalone proxy-server[128662]: STDERR: The option "project_name" is not known to keystonemiddleware
Nov 28 17:15:31 standalone proxy-server[128662]: STDERR: The option "username" is not known to keystonemiddleware
Nov 28 17:15:31 standalone proxy-server[128662]: STDERR: The option "password" is not known to keystonemiddleware
Nov 28 17:15:31 standalone proxy-server[128662]: STDERR: The option "auth_url" is not known to keystonemiddleware
Nov 28 17:15:31 standalone proxy-server[128662]: STDERR: The option "signing_dir" is not known to keystonemiddleware
Nov 28 17:15:31 standalone proxy-server[128662]: STDERR: The option "project_domain_id" is not known to keystonemiddleware
Nov 28 17:15:31 standalone proxy-server[128662]: STDERR: The option "user_domain_id" is not known to keystonemiddleware
Nov 28 17:15:31 standalone proxy-server[128662]: STDERR: The option "__name__" is not known to keystonemiddleware
Nov 28 17:15:31 standalone proxy-server[128662]: AuthToken middleware is set with keystone_authtoken.service_token_roles_required set to False. This is backwards compatible but deprecated behaviour. Please set this to True.
Nov 28 17:15:31 standalone proxy-server[128513]: Started child 20 from parent 2
Nov 28 17:17:28 standalone account-server[126698]: 172.20.0.100 - - [28/Nov/2025:17:17:28 +0000] "HEAD /d1/519/.expiring_objects" 404 - "HEAD http://localhost/v1/.expiring_objects?format=json" "txf43a818358a6406185dc5-006929d928" "proxy-server 2" 0.0017 "-" 21 -
Nov 28 17:17:28 standalone object-expirer[126673]: Pass completed in 0s; 0 objects expired (txn: txf43a818358a6406185dc5-006929d928)
Nov 28 17:18:32 standalone object-server[126775]: Begin object update sweep
Nov 28 17:18:32 standalone object-server[149622]: Object update sweep starting on /srv/node/d1 (pid: 11)
Nov 28 17:18:32 standalone object-server[149622]: Object update sweep completed on /srv/node/d1 in 0.00s seconds:, 0 successes, 0 failures, 0 quarantines, 0 unlinks, 0 errors, 0 redirects (pid: 11)
Nov 28 17:18:32 standalone object-server[149622]: Object update sweep of d1 completed: 0.00s, 0 successes, 0 failures, 0 quarantines, 0 unlinks, 0 errors, 0 redirects
Nov 28 17:18:32 standalone object-server[126775]: Object update sweep completed: 0.08s
Nov 28 17:19:09 standalone account-server[126702]: 172.20.0.100 - - [28/Nov/2025:17:19:09 +0000] "HEAD /d1/519/.expiring_objects" 404 - "HEAD http://localhost/v1/.expiring_objects?format=json" "txab482883d56e44b5b89fa-006929d98d" "proxy-server 2" 0.0016 "-" 22 -
Nov 28 17:19:09 standalone object-expirer[126673]: Pass completed in 0s; 0 objects expired (txn: txab482883d56e44b5b89fa-006929d98d)
Nov 28 17:20:24 standalone container-server[126539]: Begin container update sweep
Nov 28 17:20:24 standalone container-server[126539]: Container update sweep completed: 0.00s
Nov 28 17:23:32 standalone object-server[126775]: Begin object update sweep
Nov 28 17:23:32 standalone object-server[189326]: Object update sweep starting on /srv/node/d1 (pid: 13)
Nov 28 17:23:32 standalone object-server[189326]: Object update sweep completed on /srv/node/d1 in 0.00s seconds:, 0 successes, 0 failures, 0 quarantines, 0 unlinks, 0 errors, 0 redirects (pid: 13)
Nov 28 17:23:32 standalone object-server[189326]: Object update sweep of d1 completed: 0.00s, 0 successes, 0 failures, 0 quarantines, 0 unlinks, 0 errors, 0 redirects
Nov 28 17:23:32 standalone object-server[126775]: Object update sweep completed: 0.07s
Nov 28 17:23:57 standalone account-server[126675]: 172.20.0.100 - - [28/Nov/2025:17:23:57 +0000] "HEAD /d1/519/.expiring_objects" 404 - "HEAD http://localhost/v1/.expiring_objects?format=json" "tx167aef7fc8eb43aea463e-006929daad" "proxy-server 2" 0.0008 "-" 20 -
Nov 28 17:23:57 standalone object-expirer[126673]: Pass completed in 0s; 0 objects expired (txn: tx167aef7fc8eb43aea463e-006929daad)
Nov 28 17:25:24 standalone container-server[126539]: Begin container update sweep
Nov 28 17:25:24 standalone container-server[126539]: Container update sweep completed: 0.00s
Nov 28 17:26:56 standalone account-server[126702]: 172.20.0.100 - - [28/Nov/2025:17:26:56 +0000] "HEAD /d1/519/.expiring_objects" 404 - "HEAD http://localhost/v1/.expiring_objects?format=json" "tx0cad749e87d541a1b9933-006929db60" "proxy-server 2" 0.0015 "-" 22 -
Nov 28 17:26:56 standalone object-expirer[126673]: Pass completed in 0s; 0 objects expired (txn: tx0cad749e87d541a1b9933-006929db60)
Nov 28 17:27:38 standalone account-server[126702]: 172.20.0.100 - - [28/Nov/2025:17:27:38 +0000] "HEAD /d1/596/AUTH_5621d84cd665456094b55d2da6e3b3bb" 404 - "HEAD http://172.18.0.2:8080/v1/AUTH_5621d84cd665456094b55d2da6e3b3bb?format=json" "txf8f81da2ed0e4bcc8579e-006929db8a" "proxy-server 20" 0.0006 "-" 22 -
Nov 28 17:27:38 standalone proxy-server[128662]: - - 28/Nov/2025/17/27/38 HEAD /v1/AUTH_5621d84cd665456094b55d2da6e3b3bb%3Fformat%3Djson HTTP/1.0 200 - Swift - - - - txf8f81da2ed0e4bcc8579e-006929db8a - 0.0051 RL - 1764350858.088066578 1764350858.093212843 -
Nov 28 17:27:38 standalone object-server[126914]: 172.20.0.100 - - [28/Nov/2025:17:27:38 +0000] "GET /d1/67/AUTH_5621d84cd665456094b55d2da6e3b3bb/gnocchi.0db18197-02ea-4eb4-843b-afa920b5d375/none_v3" 404 70 "GET http://172.18.0.2:8080/v1/AUTH_5621d84cd665456094b55d2da6e3b3bb/gnocchi.0db18197-02ea-4eb4-843b-afa920b5d375/none_v3" "txf8f81da2ed0e4bcc8579e-006929db8a" "proxy-server 20" 0.0013 "-" 25 0
Nov 28 17:27:38 standalone proxy-server[128662]: 172.18.0.2 172.18.0.100 28/Nov/2025/17/27/38 GET /v1/AUTH_5621d84cd665456094b55d2da6e3b3bb/gnocchi.0db18197-02ea-4eb4-843b-afa920b5d375/none_v3 HTTP/1.0 404 - python-swiftclient-3.11.1 gAAAAABpKduKnPZ6... - 70 - txf8f81da2ed0e4bcc8579e-006929db8a - 0.4125 - - 1764350858.083850145 1764350858.496367216 0
Nov 28 17:27:38 standalone account-server[126698]: 172.20.0.100 - - [28/Nov/2025:17:27:38 +0000] "PUT /d1/596/AUTH_5621d84cd665456094b55d2da6e3b3bb" 201 - "-" "tx4c4cdfcbcda24b4fae34e-006929db8a" "-" 0.0159 "-" 21 -
Nov 28 17:27:38 standalone proxy-server[128662]: autocreate account '/AUTH_5621d84cd665456094b55d2da6e3b3bb' (txn: tx4c4cdfcbcda24b4fae34e-006929db8a)
Nov 28 17:27:38 standalone account-server[126702]: 172.20.0.100 - - [28/Nov/2025:17:27:38 +0000] "HEAD /d1/596/AUTH_5621d84cd665456094b55d2da6e3b3bb" 204 - "HEAD http://172.18.0.2:8080/v1/AUTH_5621d84cd665456094b55d2da6e3b3bb?format=json" "tx4c4cdfcbcda24b4fae34e-006929db8a" "proxy-server 20" 0.0014 "-" 22 -
Nov 28 17:27:38 standalone account-server[126702]: 172.20.0.100 - - [28/Nov/2025:17:27:38 +0000] "PUT /d1/596/AUTH_5621d84cd665456094b55d2da6e3b3bb/gnocchi.0db18197-02ea-4eb4-843b-afa920b5d375" 201 - "PUT http://172.20.0.100:6001/d1/765/AUTH_5621d84cd665456094b55d2da6e3b3bb/gnocchi.0db18197-02ea-4eb4-843b-afa920b5d375" "tx4c4cdfcbcda24b4fae34e-006929db8a" "container-server 19" 0.0011 "-" 22 0
Nov 28 17:27:38 standalone container-server[126535]: 172.20.0.100 - - [28/Nov/2025:17:27:38 +0000] "PUT /d1/765/AUTH_5621d84cd665456094b55d2da6e3b3bb/gnocchi.0db18197-02ea-4eb4-843b-afa920b5d375" 201 - "PUT http://172.18.0.2:8080/v1/AUTH_5621d84cd665456094b55d2da6e3b3bb/gnocchi.0db18197-02ea-4eb4-843b-afa920b5d375" "tx4c4cdfcbcda24b4fae34e-006929db8a" "proxy-server 20" 0.0149 "-" 19 0
Nov 28 17:27:38 standalone proxy-server[128662]: 172.18.0.2 172.18.0.100 28/Nov/2025/17/27/38 PUT /v1/AUTH_5621d84cd665456094b55d2da6e3b3bb/gnocchi.0db18197-02ea-4eb4-843b-afa920b5d375 HTTP/1.0 201 - python-swiftclient-3.11.1 gAAAAABpKduKnPZ6... - - - tx4c4cdfcbcda24b4fae34e-006929db8a - 0.0474 - - 1764350858.500817299 1764350858.548252106 0
Nov 28 17:27:38 standalone container-server[126587]: 172.20.0.100 - - [28/Nov/2025:17:27:38 +0000] "HEAD /d1/765/AUTH_5621d84cd665456094b55d2da6e3b3bb/gnocchi.0db18197-02ea-4eb4-843b-afa920b5d375" 204 - "HEAD http://172.18.0.2:8080/v1/AUTH_5621d84cd665456094b55d2da6e3b3bb/gnocchi.0db18197-02ea-4eb4-843b-afa920b5d375?format=json&states=listing" "txde83f52c67ef4e8280f05-006929db8a" "proxy-server 20" 0.0041 "-" 23 0
Nov 28 17:27:38 standalone proxy-server[128662]: - - 28/Nov/2025/17/27/38 HEAD /v1/AUTH_5621d84cd665456094b55d2da6e3b3bb/gnocchi.0db18197-02ea-4eb4-843b-afa920b5d375%3Fformat%3Djson%26states%3Dlisting HTTP/1.0 204 - Swift - - - - txde83f52c67ef4e8280f05-006929db8a - 0.0093 RL - 1764350858.555667877 1764350858.564991474 0
Nov 28 17:27:38 standalone container-server[126566]: 172.20.0.100 - - [28/Nov/2025:17:27:38 +0000] "GET /d1/765/AUTH_5621d84cd665456094b55d2da6e3b3bb/gnocchi.0db18197-02ea-4eb4-843b-afa920b5d375" 200 2 "GET http://172.18.0.2:8080/v1/AUTH_5621d84cd665456094b55d2da6e3b3bb/gnocchi.0db18197-02ea-4eb4-843b-afa920b5d375?format=json&states=listing" "txde83f52c67ef4e8280f05-006929db8a" "proxy-server 20" 0.0061 "-" 21 0
Nov 28 17:27:38 standalone proxy-server[128662]: 172.18.0.2 172.18.0.100 28/Nov/2025/17/27/38 GET /v1/AUTH_5621d84cd665456094b55d2da6e3b3bb/gnocchi.0db18197-02ea-4eb4-843b-afa920b5d375%3Fformat%3Djson%26states%3Dlisting HTTP/1.0 200 - python-swiftclient-3.11.1 gAAAAABpKduKnPZ6... - 2 - txde83f52c67ef4e8280f05-006929db8a - 0.0263 - - 1764350858.554016590 1764350858.580301523 0
Nov 28 17:27:38 standalone object-server[126912]: 172.20.0.100 - - [28/Nov/2025:17:27:38 +0000] "GET /d1/130/AUTH_5621d84cd665456094b55d2da6e3b3bb/gnocchi.0db18197-02ea-4eb4-843b-afa920b5d375/1763640000.0_mean_300.0_v3" 404 70 "GET http://172.18.0.2:8080/v1/AUTH_5621d84cd665456094b55d2da6e3b3bb/gnocchi.0db18197-02ea-4eb4-843b-afa920b5d375/1763640000.0_mean_300.0_v3" "tx5db3306fd9b64f20a9cd0-006929db8a" "proxy-server 20" 0.0006 "-" 24 0
Nov 28 17:27:38 standalone proxy-server[128662]: 172.18.0.2 172.18.0.100 28/Nov/2025/17/27/38 GET /v1/AUTH_5621d84cd665456094b55d2da6e3b3bb/gnocchi.0db18197-02ea-4eb4-843b-afa920b5d375/1763640000.0_mean_300.0_v3 HTTP/1.0 404 - python-swiftclient-3.11.1 gAAAAABpKduKnPZ6... - 70 - tx5db3306fd9b64f20a9cd0-006929db8a - 0.0079 - - 1764350858.586604357 1764350858.594478130 0
Nov 28 17:27:38 standalone container-server[126566]: 172.20.0.100 - - [28/Nov/2025:17:27:38 +0000] "PUT /d1/765/AUTH_5621d84cd665456094b55d2da6e3b3bb/gnocchi.0db18197-02ea-4eb4-843b-afa920b5d375/1763640000.0_mean_300.0_v3" 201 - "PUT http://172.18.0.2:8080/d1/130/AUTH_5621d84cd665456094b55d2da6e3b3bb/gnocchi.0db18197-02ea-4eb4-843b-afa920b5d375/1763640000.0_mean_300.0_v3" "txe01cacb6f26843d39f468-006929db8a" "object-server 25" 0.0007 "-" 21 0
Nov 28 17:27:38 standalone object-server[126914]: 172.20.0.100 - - [28/Nov/2025:17:27:38 +0000] "PUT /d1/130/AUTH_5621d84cd665456094b55d2da6e3b3bb/gnocchi.0db18197-02ea-4eb4-843b-afa920b5d375/1763640000.0_mean_300.0_v3" 201 - "PUT http://172.18.0.2:8080/v1/AUTH_5621d84cd665456094b55d2da6e3b3bb/gnocchi.0db18197-02ea-4eb4-843b-afa920b5d375/1763640000.0_mean_300.0_v3" "txe01cacb6f26843d39f468-006929db8a" "proxy-server 20" 0.0312 "-" 25 0
Nov 28 17:27:38 standalone proxy-server[128662]: 172.18.0.2 172.18.0.100 28/Nov/2025/17/27/38 PUT /v1/AUTH_5621d84cd665456094b55d2da6e3b3bb/gnocchi.0db18197-02ea-4eb4-843b-afa920b5d375/1763640000.0_mean_300.0_v3 HTTP/1.0 201 - python-swiftclient-3.11.1 gAAAAABpKduKnPZ6... 16 - - txe01cacb6f26843d39f468-006929db8a - 0.0394 - - 1764350858.598901510 1764350858.638284206 0
Nov 28 17:27:38 standalone container-server[126587]: 172.20.0.100 - - [28/Nov/2025:17:27:38 +0000] "PUT /d1/765/AUTH_5621d84cd665456094b55d2da6e3b3bb/gnocchi.0db18197-02ea-4eb4-843b-afa920b5d375/none_v3" 201 - "PUT http://172.18.0.2:8080/d1/67/AUTH_5621d84cd665456094b55d2da6e3b3bb/gnocchi.0db18197-02ea-4eb4-843b-afa920b5d375/none_v3" "tx50a67f4771f442bdaae73-006929db8a" "object-server 25" 0.0010 "-" 23 0
Nov 28 17:27:38 standalone object-server[126914]: 172.20.0.100 - - [28/Nov/2025:17:27:38 +0000] "PUT /d1/67/AUTH_5621d84cd665456094b55d2da6e3b3bb/gnocchi.0db18197-02ea-4eb4-843b-afa920b5d375/none_v3" 201 - "PUT http://172.18.0.2:8080/v1/AUTH_5621d84cd665456094b55d2da6e3b3bb/gnocchi.0db18197-02ea-4eb4-843b-afa920b5d375/none_v3" "tx50a67f4771f442bdaae73-006929db8a" "proxy-server 20" 0.0122 "-" 25 0
Nov 28 17:27:38 standalone proxy-server[128662]: 172.18.0.2 172.18.0.100 28/Nov/2025/17/27/38 PUT /v1/AUTH_5621d84cd665456094b55d2da6e3b3bb/gnocchi.0db18197-02ea-4eb4-843b-afa920b5d375/none_v3 HTTP/1.0 201 - python-swiftclient-3.11.1 gAAAAABpKduKnPZ6... 22 - - tx50a67f4771f442bdaae73-006929db8a - 0.0207 - - 1764350858.642358541 1764350858.663097620 0
Nov 28 17:27:55 standalone account-server[126698]: 172.20.0.100 - - [28/Nov/2025:17:27:55 +0000] "HEAD /d1/519/.expiring_objects" 404 - "HEAD http://localhost/v1/.expiring_objects?format=json" "txf730d8df89c14bfbae910-006929db9b" "proxy-server 2" 0.0005 "-" 21 -
Nov 28 17:27:55 standalone object-expirer[126673]: Pass completed in 0s; 0 objects expired (txn: txf730d8df89c14bfbae910-006929db9b)
Nov 28 17:28:08 standalone object-server[126904]: 172.20.0.100 - - [28/Nov/2025:17:28:08 +0000] "GET /d1/67/AUTH_5621d84cd665456094b55d2da6e3b3bb/gnocchi.0db18197-02ea-4eb4-843b-afa920b5d375/none_v3" 200 22 "GET http://172.18.0.2:8080/v1/AUTH_5621d84cd665456094b55d2da6e3b3bb/gnocchi.0db18197-02ea-4eb4-843b-afa920b5d375/none_v3" "txde125c76e5254f9d92a2f-006929dba8" "proxy-server 20" 0.0013 "-" 23 0
Nov 28 17:28:08 standalone proxy-server[128662]: 172.18.0.2 172.18.0.100 28/Nov/2025/17/28/08 GET /v1/AUTH_5621d84cd665456094b55d2da6e3b3bb/gnocchi.0db18197-02ea-4eb4-843b-afa920b5d375/none_v3 HTTP/1.0 200 - python-swiftclient-3.11.1 gAAAAABpKduKnPZ6... - 22 - txde125c76e5254f9d92a2f-006929dba8 - 0.0156 - - 1764350888.004783154 1764350888.020338774 0
Nov 28 17:28:08 standalone container-server[126566]: 172.20.0.100 - - [28/Nov/2025:17:28:08 +0000] "GET /d1/765/AUTH_5621d84cd665456094b55d2da6e3b3bb/gnocchi.0db18197-02ea-4eb4-843b-afa920b5d375" 200 357 "GET http://172.18.0.2:8080/v1/AUTH_5621d84cd665456094b55d2da6e3b3bb/gnocchi.0db18197-02ea-4eb4-843b-afa920b5d375?format=json&states=listing" "tx4fb9b19fed724c5dbd974-006929dba8" "proxy-server 20" 0.0147 "-" 21 0
Nov 28 17:28:08 standalone proxy-server[128662]: 172.18.0.2 172.18.0.100 28/Nov/2025/17/28/08 GET /v1/AUTH_5621d84cd665456094b55d2da6e3b3bb/gnocchi.0db18197-02ea-4eb4-843b-afa920b5d375%3Fformat%3Djson%26states%3Dlisting HTTP/1.0 200 - python-swiftclient-3.11.1 gAAAAABpKduKnPZ6... - 357 - tx4fb9b19fed724c5dbd974-006929dba8 - 0.0298 - - 1764350888.034502029 1764350888.064277411 0
Nov 28 17:28:08 standalone container-server[126535]: 172.20.0.100 - - [28/Nov/2025:17:28:08 +0000] "GET /d1/765/AUTH_5621d84cd665456094b55d2da6e3b3bb/gnocchi.0db18197-02ea-4eb4-843b-afa920b5d375" 200 2 "GET http://172.18.0.2:8080/v1/AUTH_5621d84cd665456094b55d2da6e3b3bb/gnocchi.0db18197-02ea-4eb4-843b-afa920b5d375?format=json&marker=none_v3&states=listing" "txb5e12e25a71b443fb1fd2-006929dba8" "proxy-server 20" 0.0031 "-" 19 0
Nov 28 17:28:08 standalone proxy-server[128662]: 172.18.0.2 172.18.0.100 28/Nov/2025/17/28/08 GET /v1/AUTH_5621d84cd665456094b55d2da6e3b3bb/gnocchi.0db18197-02ea-4eb4-843b-afa920b5d375%3Fformat%3Djson%26marker%3Dnone_v3%26states%3Dlisting HTTP/1.0 200 - python-swiftclient-3.11.1 gAAAAABpKduKnPZ6... - 2 - txb5e12e25a71b443fb1fd2-006929dba8 - 0.0102 - - 1764350888.071527481 1764350888.081699133 0
Nov 28 17:28:08 standalone object-server[126900]: 172.20.0.100 - - [28/Nov/2025:17:28:08 +0000] "GET /d1/130/AUTH_5621d84cd665456094b55d2da6e3b3bb/gnocchi.0db18197-02ea-4eb4-843b-afa920b5d375/1763640000.0_mean_300.0_v3" 200 16 "GET http://172.18.0.2:8080/v1/AUTH_5621d84cd665456094b55d2da6e3b3bb/gnocchi.0db18197-02ea-4eb4-843b-afa920b5d375/1763640000.0_mean_300.0_v3" "tx3481a94a505f4899a4355-006929dba8" "proxy-server 20" 0.0015 "-" 22 0
Nov 28 17:28:08 standalone proxy-server[128662]: 172.18.0.2 172.18.0.100 28/Nov/2025/17/28/08 GET /v1/AUTH_5621d84cd665456094b55d2da6e3b3bb/gnocchi.0db18197-02ea-4eb4-843b-afa920b5d375/1763640000.0_mean_300.0_v3 HTTP/1.0 200 - python-swiftclient-3.11.1 gAAAAABpKduKnPZ6... - 16 - tx3481a94a505f4899a4355-006929dba8 - 0.0129 - - 1764350888.089507580 1764350888.102372646 0
Nov 28 17:28:08 standalone container-server[126587]: 172.20.0.100 - - [28/Nov/2025:17:28:08 +0000] "PUT /d1/765/AUTH_5621d84cd665456094b55d2da6e3b3bb/gnocchi.0db18197-02ea-4eb4-843b-afa920b5d375/1763640000.0_mean_300.0_v3" 201 - "PUT http://172.18.0.2:8080/d1/130/AUTH_5621d84cd665456094b55d2da6e3b3bb/gnocchi.0db18197-02ea-4eb4-843b-afa920b5d375/1763640000.0_mean_300.0_v3" "tx9d80e03ebfa346568b978-006929dba8" "object-server 22" 0.0005 "-" 23 0
Nov 28 17:28:08 standalone object-server[126900]: 172.20.0.100 - - [28/Nov/2025:17:28:08 +0000] "PUT /d1/130/AUTH_5621d84cd665456094b55d2da6e3b3bb/gnocchi.0db18197-02ea-4eb4-843b-afa920b5d375/1763640000.0_mean_300.0_v3" 201 - "PUT http://172.18.0.2:8080/v1/AUTH_5621d84cd665456094b55d2da6e3b3bb/gnocchi.0db18197-02ea-4eb4-843b-afa920b5d375/1763640000.0_mean_300.0_v3" "tx9d80e03ebfa346568b978-006929dba8" "proxy-server 20" 0.0212 "-" 22 0
Nov 28 17:28:08 standalone proxy-server[128662]: 172.18.0.2 172.18.0.100 28/Nov/2025/17/28/08 PUT /v1/AUTH_5621d84cd665456094b55d2da6e3b3bb/gnocchi.0db18197-02ea-4eb4-843b-afa920b5d375/1763640000.0_mean_300.0_v3 HTTP/1.0 201 - python-swiftclient-3.11.1 gAAAAABpKduKnPZ6... 16 - - tx9d80e03ebfa346568b978-006929dba8 - 0.0294 - - 1764350888.105852365 1764350888.135299444 0
Nov 28 17:28:08 standalone container-server[126566]: 172.20.0.100 - - [28/Nov/2025:17:28:08 +0000] "PUT /d1/765/AUTH_5621d84cd665456094b55d2da6e3b3bb/gnocchi.0db18197-02ea-4eb4-843b-afa920b5d375/none_v3" 201 - "PUT http://172.18.0.2:8080/d1/67/AUTH_5621d84cd665456094b55d2da6e3b3bb/gnocchi.0db18197-02ea-4eb4-843b-afa920b5d375/none_v3" "tx3862e3438aa54ecb9ba92-006929dba8" "object-server 24" 0.0007 "-" 21 0
Nov 28 17:28:08 standalone object-server[126912]: 172.20.0.100 - - [28/Nov/2025:17:28:08 +0000] "PUT /d1/67/AUTH_5621d84cd665456094b55d2da6e3b3bb/gnocchi.0db18197-02ea-4eb4-843b-afa920b5d375/none_v3" 201 - "PUT http://172.18.0.2:8080/v1/AUTH_5621d84cd665456094b55d2da6e3b3bb/gnocchi.0db18197-02ea-4eb4-843b-afa920b5d375/none_v3" "tx3862e3438aa54ecb9ba92-006929dba8" "proxy-server 20" 0.0316 "-" 24 0
Nov 28 17:28:08 standalone proxy-server[128662]: 172.18.0.2 172.18.0.100 28/Nov/2025/17/28/08 PUT /v1/AUTH_5621d84cd665456094b55d2da6e3b3bb/gnocchi.0db18197-02ea-4eb4-843b-afa920b5d375/none_v3 HTTP/1.0 201 - python-swiftclient-3.11.1 gAAAAABpKduKnPZ6... 32 - - tx3862e3438aa54ecb9ba92-006929dba8 - 0.0403 - - 1764350888.139286757 1764350888.179616690 0
Nov 28 17:28:32 standalone object-server[126775]: Begin object update sweep
Nov 28 17:28:32 standalone object-server[227313]: Object update sweep starting on /srv/node/d1 (pid: 14)
Nov 28 17:28:32 standalone object-server[227313]: Object update sweep completed on /srv/node/d1 in 0.00s seconds:, 0 successes, 0 failures, 0 quarantines, 0 unlinks, 0 errors, 0 redirects (pid: 14)
Nov 28 17:28:32 standalone object-server[227313]: Object update sweep of d1 completed: 0.00s, 0 successes, 0 failures, 0 quarantines, 0 unlinks, 0 errors, 0 redirects
Nov 28 17:28:32 standalone object-server[126775]: Object update sweep completed: 0.12s
Nov 28 17:28:37 standalone container-server[126550]: 172.20.0.100 - - [28/Nov/2025:17:28:37 +0000] "HEAD /d1/959/AUTH_5621d84cd665456094b55d2da6e3b3bb/gnocchi.afba0968-65d9-42d0-9215-75eeab7daa85" 404 - "HEAD http://172.18.0.2:8080/v1/AUTH_5621d84cd665456094b55d2da6e3b3bb/gnocchi.afba0968-65d9-42d0-9215-75eeab7daa85?format=json&states=listing" "tx19d70dce2b16447ca74d4-006929dbc5" "proxy-server 20" 0.0011 "-" 20 0
Nov 28 17:28:37 standalone object-server[126914]: 172.20.0.100 - - [28/Nov/2025:17:28:37 +0000] "GET /d1/58/AUTH_5621d84cd665456094b55d2da6e3b3bb/gnocchi.afba0968-65d9-42d0-9215-75eeab7daa85/none_v3" 404 70 "GET http://172.18.0.2:8080/v1/AUTH_5621d84cd665456094b55d2da6e3b3bb/gnocchi.afba0968-65d9-42d0-9215-75eeab7daa85/none_v3" "tx19d70dce2b16447ca74d4-006929dbc5" "proxy-server 20" 0.0011 "-" 25 0
Nov 28 17:28:37 standalone proxy-server[128662]: 172.18.0.2 172.18.0.100 28/Nov/2025/17/28/37 GET /v1/AUTH_5621d84cd665456094b55d2da6e3b3bb/gnocchi.afba0968-65d9-42d0-9215-75eeab7daa85/none_v3 HTTP/1.0 404 - python-swiftclient-3.11.1 gAAAAABpKduKnPZ6... - 70 - tx19d70dce2b16447ca74d4-006929dbc5 - 0.0194 - - 1764350917.530064821 1764350917.549415350 0
Nov 28 17:28:37 standalone account-server[126698]: 172.20.0.100 - - [28/Nov/2025:17:28:37 +0000] "PUT /d1/596/AUTH_5621d84cd665456094b55d2da6e3b3bb/gnocchi.afba0968-65d9-42d0-9215-75eeab7daa85" 201 - "PUT http://172.20.0.100:6001/d1/959/AUTH_5621d84cd665456094b55d2da6e3b3bb/gnocchi.afba0968-65d9-42d0-9215-75eeab7daa85" "tx48bca0f80e7748e5a5b6b-006929dbc5" "container-server 21" 0.0075 "-" 21 0
Nov 28 17:28:37 standalone container-server[126566]: 172.20.0.100 - - [28/Nov/2025:17:28:37 +0000] "PUT /d1/959/AUTH_5621d84cd665456094b55d2da6e3b3bb/gnocchi.afba0968-65d9-42d0-9215-75eeab7daa85" 201 - "PUT http://172.18.0.2:8080/v1/AUTH_5621d84cd665456094b55d2da6e3b3bb/gnocchi.afba0968-65d9-42d0-9215-75eeab7daa85" "tx48bca0f80e7748e5a5b6b-006929dbc5" "proxy-server 20" 0.0202 "-" 21 0
Nov 28 17:28:37 standalone proxy-server[128662]: 172.18.0.2 172.18.0.100 28/Nov/2025/17/28/37 PUT /v1/AUTH_5621d84cd665456094b55d2da6e3b3bb/gnocchi.afba0968-65d9-42d0-9215-75eeab7daa85 HTTP/1.0 201 - python-swiftclient-3.11.1 gAAAAABpKduKnPZ6... - - - tx48bca0f80e7748e5a5b6b-006929dbc5 - 0.0287 - - 1764350917.554323196 1764350917.583023310 0
Nov 28 17:28:37 standalone container-server[126550]: 172.20.0.100 - - [28/Nov/2025:17:28:37 +0000] "HEAD /d1/959/AUTH_5621d84cd665456094b55d2da6e3b3bb/gnocchi.afba0968-65d9-42d0-9215-75eeab7daa85" 204 - "HEAD http://172.18.0.2:8080/v1/AUTH_5621d84cd665456094b55d2da6e3b3bb/gnocchi.afba0968-65d9-42d0-9215-75eeab7daa85?format=json&states=listing" "tx60b384eecee843d69883b-006929dbc5" "proxy-server 20" 0.0022 "-" 20 0
Nov 28 17:28:37 standalone proxy-server[128662]: - - 28/Nov/2025/17/28/37 HEAD /v1/AUTH_5621d84cd665456094b55d2da6e3b3bb/gnocchi.afba0968-65d9-42d0-9215-75eeab7daa85%3Fformat%3Djson%26states%3Dlisting HTTP/1.0 204 - Swift - - - - tx60b384eecee843d69883b-006929dbc5 - 0.0082 RL - 1764350917.590173244 1764350917.598367929 0
Nov 28 17:28:37 standalone container-server[126550]: 172.20.0.100 - - [28/Nov/2025:17:28:37 +0000] "GET /d1/959/AUTH_5621d84cd665456094b55d2da6e3b3bb/gnocchi.afba0968-65d9-42d0-9215-75eeab7daa85" 200 2 "GET http://172.18.0.2:8080/v1/AUTH_5621d84cd665456094b55d2da6e3b3bb/gnocchi.afba0968-65d9-42d0-9215-75eeab7daa85?format=json&states=listing" "tx60b384eecee843d69883b-006929dbc5" "proxy-server 20" 0.0022 "-" 20 0
Nov 28 17:28:37 standalone proxy-server[128662]: 172.18.0.2 172.18.0.100 28/Nov/2025/17/28/37 GET /v1/AUTH_5621d84cd665456094b55d2da6e3b3bb/gnocchi.afba0968-65d9-42d0-9215-75eeab7daa85%3Fformat%3Djson%26states%3Dlisting HTTP/1.0 200 - python-swiftclient-3.11.1 gAAAAABpKduKnPZ6... - 2 - tx60b384eecee843d69883b-006929dbc5 - 0.0209 - - 1764350917.587684631 1764350917.608572960 0
Nov 28 17:28:37 standalone object-server[126904]: 172.20.0.100 - - [28/Nov/2025:17:28:37 +0000] "GET /d1/889/AUTH_5621d84cd665456094b55d2da6e3b3bb/gnocchi.afba0968-65d9-42d0-9215-75eeab7daa85/1763640000.0_mean_300.0_v3" 404 70 "GET http://172.18.0.2:8080/v1/AUTH_5621d84cd665456094b55d2da6e3b3bb/gnocchi.afba0968-65d9-42d0-9215-75eeab7daa85/1763640000.0_mean_300.0_v3" "tx0cf9a56742ab498593d95-006929dbc5" "proxy-server 20" 0.0007 "-" 23 0
Nov 28 17:28:37 standalone proxy-server[128662]: 172.18.0.2 172.18.0.100 28/Nov/2025/17/28/37 GET /v1/AUTH_5621d84cd665456094b55d2da6e3b3bb/gnocchi.afba0968-65d9-42d0-9215-75eeab7daa85/1763640000.0_mean_300.0_v3 HTTP/1.0 404 - python-swiftclient-3.11.1 gAAAAABpKduKnPZ6... - 70 - tx0cf9a56742ab498593d95-006929dbc5 - 0.0075 - - 1764350917.619681120 1764350917.627191544 0
Nov 28 17:28:37 standalone container-server[126550]: 172.20.0.100 - - [28/Nov/2025:17:28:37 +0000] "PUT /d1/959/AUTH_5621d84cd665456094b55d2da6e3b3bb/gnocchi.afba0968-65d9-42d0-9215-75eeab7daa85/1763640000.0_mean_300.0_v3" 201 - "PUT http://172.18.0.2:8080/d1/889/AUTH_5621d84cd665456094b55d2da6e3b3bb/gnocchi.afba0968-65d9-42d0-9215-75eeab7daa85/1763640000.0_mean_300.0_v3" "tx346b30f189d343d9bbcc5-006929dbc5" "object-server 24" 0.0007 "-" 20 0
Nov 28 17:28:37 standalone object-server[126912]: 172.20.0.100 - - [28/Nov/2025:17:28:37 +0000] "PUT /d1/889/AUTH_5621d84cd665456094b55d2da6e3b3bb/gnocchi.afba0968-65d9-42d0-9215-75eeab7daa85/1763640000.0_mean_300.0_v3" 201 - "PUT http://172.18.0.2:8080/v1/AUTH_5621d84cd665456094b55d2da6e3b3bb/gnocchi.afba0968-65d9-42d0-9215-75eeab7daa85/1763640000.0_mean_300.0_v3" "tx346b30f189d343d9bbcc5-006929dbc5" "proxy-server 20" 0.0097 "-" 24 0
Nov 28 17:28:37 standalone proxy-server[128662]: 172.18.0.2 172.18.0.100 28/Nov/2025/17/28/37 PUT /v1/AUTH_5621d84cd665456094b55d2da6e3b3bb/gnocchi.afba0968-65d9-42d0-9215-75eeab7daa85/1763640000.0_mean_300.0_v3 HTTP/1.0 201 - python-swiftclient-3.11.1 gAAAAABpKduKnPZ6... 16 - - tx346b30f189d343d9bbcc5-006929dbc5 - 0.0148 - - 1764350917.630230427 1764350917.645057201 0
Nov 28 17:28:37 standalone container-server[126566]: 172.20.0.100 - - [28/Nov/2025:17:28:37 +0000] "PUT /d1/959/AUTH_5621d84cd665456094b55d2da6e3b3bb/gnocchi.afba0968-65d9-42d0-9215-75eeab7daa85/none_v3" 201 - "PUT http://172.18.0.2:8080/d1/58/AUTH_5621d84cd665456094b55d2da6e3b3bb/gnocchi.afba0968-65d9-42d0-9215-75eeab7daa85/none_v3" "tx0965836136e54084bb156-006929dbc5" "object-server 24" 0.0005 "-" 21 0
Nov 28 17:28:37 standalone object-server[126912]: 172.20.0.100 - - [28/Nov/2025:17:28:37 +0000] "PUT /d1/58/AUTH_5621d84cd665456094b55d2da6e3b3bb/gnocchi.afba0968-65d9-42d0-9215-75eeab7daa85/none_v3" 201 - "PUT http://172.18.0.2:8080/v1/AUTH_5621d84cd665456094b55d2da6e3b3bb/gnocchi.afba0968-65d9-42d0-9215-75eeab7daa85/none_v3" "tx0965836136e54084bb156-006929dbc5" "proxy-server 20" 0.0079 "-" 24 0
Nov 28 17:28:37 standalone proxy-server[128662]: 172.18.0.2 172.18.0.100 28/Nov/2025/17/28/37 PUT /v1/AUTH_5621d84cd665456094b55d2da6e3b3bb/gnocchi.afba0968-65d9-42d0-9215-75eeab7daa85/none_v3 HTTP/1.0 201 - python-swiftclient-3.11.1 gAAAAABpKduKnPZ6... 22 - - tx0965836136e54084bb156-006929dbc5 - 0.0123 - - 1764350917.647254705 1764350917.659604549 0
Nov 28 17:28:37 standalone container-server[126566]: 172.20.0.100 - - [28/Nov/2025:17:28:37 +0000] "HEAD /d1/896/AUTH_5621d84cd665456094b55d2da6e3b3bb/gnocchi.56f3f8b9-da77-482d-bdab-5eed2aab016a" 404 - "HEAD http://172.18.0.2:8080/v1/AUTH_5621d84cd665456094b55d2da6e3b3bb/gnocchi.56f3f8b9-da77-482d-bdab-5eed2aab016a?format=json&states=listing" "tx7d3d10600ecf4199b1ff6-006929dbc5" "proxy-server 20" 0.0003 "-" 21 0
Nov 28 17:28:37 standalone object-server[126914]: 172.20.0.100 - - [28/Nov/2025:17:28:37 +0000] "GET /d1/687/AUTH_5621d84cd665456094b55d2da6e3b3bb/gnocchi.56f3f8b9-da77-482d-bdab-5eed2aab016a/none_v3" 404 70 "GET http://172.18.0.2:8080/v1/AUTH_5621d84cd665456094b55d2da6e3b3bb/gnocchi.56f3f8b9-da77-482d-bdab-5eed2aab016a/none_v3" "tx7d3d10600ecf4199b1ff6-006929dbc5" "proxy-server 20" 0.0003 "-" 25 0
Nov 28 17:28:37 standalone proxy-server[128662]: 172.18.0.2 172.18.0.100 28/Nov/2025/17/28/37 GET /v1/AUTH_5621d84cd665456094b55d2da6e3b3bb/gnocchi.56f3f8b9-da77-482d-bdab-5eed2aab016a/none_v3 HTTP/1.0 404 - python-swiftclient-3.11.1 gAAAAABpKduKnPZ6... - 70 - tx7d3d10600ecf4199b1ff6-006929dbc5 - 0.0074 - - 1764350917.668574572 1764350917.676006317 0
Nov 28 17:28:37 standalone account-server[126702]: 172.20.0.100 - - [28/Nov/2025:17:28:37 +0000] "PUT /d1/596/AUTH_5621d84cd665456094b55d2da6e3b3bb/gnocchi.56f3f8b9-da77-482d-bdab-5eed2aab016a" 201 - "PUT http://172.20.0.100:6001/d1/896/AUTH_5621d84cd665456094b55d2da6e3b3bb/gnocchi.56f3f8b9-da77-482d-bdab-5eed2aab016a" "tx648d58fe252b41ab8c6d9-006929dbc5" "container-server 23" 0.0116 "-" 22 0
Nov 28 17:28:37 standalone container-server[126587]: 172.20.0.100 - - [28/Nov/2025:17:28:37 +0000] "PUT /d1/896/AUTH_5621d84cd665456094b55d2da6e3b3bb/gnocchi.56f3f8b9-da77-482d-bdab-5eed2aab016a" 201 - "PUT http://172.18.0.2:8080/v1/AUTH_5621d84cd665456094b55d2da6e3b3bb/gnocchi.56f3f8b9-da77-482d-bdab-5eed2aab016a" "tx648d58fe252b41ab8c6d9-006929dbc5" "proxy-server 20" 0.0528 "-" 23 0
Nov 28 17:28:37 standalone proxy-server[128662]: 172.18.0.2 172.18.0.100 28/Nov/2025/17/28/37 PUT /v1/AUTH_5621d84cd665456094b55d2da6e3b3bb/gnocchi.56f3f8b9-da77-482d-bdab-5eed2aab016a HTTP/1.0 201 - python-swiftclient-3.11.1 gAAAAABpKduKnPZ6... - - - tx648d58fe252b41ab8c6d9-006929dbc5 - 0.0572 - - 1764350917.679130793 1764350917.736361265 0
Nov 28 17:28:37 standalone container-server[126587]: 172.20.0.100 - - [28/Nov/2025:17:28:37 +0000] "HEAD /d1/896/AUTH_5621d84cd665456094b55d2da6e3b3bb/gnocchi.56f3f8b9-da77-482d-bdab-5eed2aab016a" 204 - "HEAD http://172.18.0.2:8080/v1/AUTH_5621d84cd665456094b55d2da6e3b3bb/gnocchi.56f3f8b9-da77-482d-bdab-5eed2aab016a?format=json&states=listing" "txcedef8eaf6ad4ed39d08e-006929dbc5" "proxy-server 20" 0.0015 "-" 23 0
Nov 28 17:28:37 standalone proxy-server[128662]: - - 28/Nov/2025/17/28/37 HEAD /v1/AUTH_5621d84cd665456094b55d2da6e3b3bb/gnocchi.56f3f8b9-da77-482d-bdab-5eed2aab016a%3Fformat%3Djson%26states%3Dlisting HTTP/1.0 204 - Swift - - - - txcedef8eaf6ad4ed39d08e-006929dbc5 - 0.0045 RL - 1764350917.745260954 1764350917.749779940 0
Nov 28 17:28:37 standalone container-server[126535]: 172.20.0.100 - - [28/Nov/2025:17:28:37 +0000] "GET /d1/896/AUTH_5621d84cd665456094b55d2da6e3b3bb/gnocchi.56f3f8b9-da77-482d-bdab-5eed2aab016a" 200 2 "GET http://172.18.0.2:8080/v1/AUTH_5621d84cd665456094b55d2da6e3b3bb/gnocchi.56f3f8b9-da77-482d-bdab-5eed2aab016a?format=json&states=listing" "txcedef8eaf6ad4ed39d08e-006929dbc5" "proxy-server 20" 0.0023 "-" 19 0
Nov 28 17:28:37 standalone proxy-server[128662]: 172.18.0.2 172.18.0.100 28/Nov/2025/17/28/37 GET /v1/AUTH_5621d84cd665456094b55d2da6e3b3bb/gnocchi.56f3f8b9-da77-482d-bdab-5eed2aab016a%3Fformat%3Djson%26states%3Dlisting HTTP/1.0 200 - python-swiftclient-3.11.1 gAAAAABpKduKnPZ6... - 2 - txcedef8eaf6ad4ed39d08e-006929dbc5 - 0.0177 - - 1764350917.740799904 1764350917.758475542 0
Nov 28 17:28:37 standalone object-server[126912]: 172.20.0.100 - - [28/Nov/2025:17:28:37 +0000] "GET /d1/616/AUTH_5621d84cd665456094b55d2da6e3b3bb/gnocchi.56f3f8b9-da77-482d-bdab-5eed2aab016a/1763640000.0_mean_300.0_v3" 404 70 "GET http://172.18.0.2:8080/v1/AUTH_5621d84cd665456094b55d2da6e3b3bb/gnocchi.56f3f8b9-da77-482d-bdab-5eed2aab016a/1763640000.0_mean_300.0_v3" "txff8fed9fd89e4c27a64a1-006929dbc5" "proxy-server 20" 0.0006 "-" 24 0
Nov 28 17:28:37 standalone proxy-server[128662]: 172.18.0.2 172.18.0.100 28/Nov/2025/17/28/37 GET /v1/AUTH_5621d84cd665456094b55d2da6e3b3bb/gnocchi.56f3f8b9-da77-482d-bdab-5eed2aab016a/1763640000.0_mean_300.0_v3 HTTP/1.0 404 - python-swiftclient-3.11.1 gAAAAABpKduKnPZ6... - 70 - txff8fed9fd89e4c27a64a1-006929dbc5 - 0.0063 - - 1764350917.771174431 1764350917.777515411 0
Nov 28 17:28:37 standalone container-server[126550]: 172.20.0.100 - - [28/Nov/2025:17:28:37 +0000] "PUT /d1/896/AUTH_5621d84cd665456094b55d2da6e3b3bb/gnocchi.56f3f8b9-da77-482d-bdab-5eed2aab016a/1763640000.0_mean_300.0_v3" 201 - "PUT http://172.18.0.2:8080/d1/616/AUTH_5621d84cd665456094b55d2da6e3b3bb/gnocchi.56f3f8b9-da77-482d-bdab-5eed2aab016a/1763640000.0_mean_300.0_v3" "tx65fe47d684d94060ac641-006929dbc5" "object-server 22" 0.0007 "-" 20 0
Nov 28 17:28:37 standalone object-server[126900]: 172.20.0.100 - - [28/Nov/2025:17:28:37 +0000] "PUT /d1/616/AUTH_5621d84cd665456094b55d2da6e3b3bb/gnocchi.56f3f8b9-da77-482d-bdab-5eed2aab016a/1763640000.0_mean_300.0_v3" 201 - "PUT http://172.18.0.2:8080/v1/AUTH_5621d84cd665456094b55d2da6e3b3bb/gnocchi.56f3f8b9-da77-482d-bdab-5eed2aab016a/1763640000.0_mean_300.0_v3" "tx65fe47d684d94060ac641-006929dbc5" "proxy-server 20" 0.0339 "-" 22 0
Nov 28 17:28:37 standalone proxy-server[128662]: 172.18.0.2 172.18.0.100 28/Nov/2025/17/28/37 PUT /v1/AUTH_5621d84cd665456094b55d2da6e3b3bb/gnocchi.56f3f8b9-da77-482d-bdab-5eed2aab016a/1763640000.0_mean_300.0_v3 HTTP/1.0 201 - python-swiftclient-3.11.1 gAAAAABpKduKnPZ6... 16 - - tx65fe47d684d94060ac641-006929dbc5 - 0.0392 - - 1764350917.780810595 1764350917.819965839 0
Nov 28 17:28:37 standalone container-server[126566]: 172.20.0.100 - - [28/Nov/2025:17:28:37 +0000] "PUT /d1/896/AUTH_5621d84cd665456094b55d2da6e3b3bb/gnocchi.56f3f8b9-da77-482d-bdab-5eed2aab016a/none_v3" 201 - "PUT http://172.18.0.2:8080/d1/687/AUTH_5621d84cd665456094b55d2da6e3b3bb/gnocchi.56f3f8b9-da77-482d-bdab-5eed2aab016a/none_v3" "tx17dfdff06bed4802add90-006929dbc5" "object-server 24" 0.0005 "-" 21 0
Nov 28 17:28:37 standalone object-server[126912]: 172.20.0.100 - - [28/Nov/2025:17:28:37 +0000] "PUT /d1/687/AUTH_5621d84cd665456094b55d2da6e3b3bb/gnocchi.56f3f8b9-da77-482d-bdab-5eed2aab016a/none_v3" 201 - "PUT http://172.18.0.2:8080/v1/AUTH_5621d84cd665456094b55d2da6e3b3bb/gnocchi.56f3f8b9-da77-482d-bdab-5eed2aab016a/none_v3" "tx17dfdff06bed4802add90-006929dbc5" "proxy-server 20" 0.0221 "-" 24 0
Nov 28 17:28:37 standalone proxy-server[128662]: 172.18.0.2 172.18.0.100 28/Nov/2025/17/28/37 PUT /v1/AUTH_5621d84cd665456094b55d2da6e3b3bb/gnocchi.56f3f8b9-da77-482d-bdab-5eed2aab016a/none_v3 HTTP/1.0 201 - python-swiftclient-3.11.1 gAAAAABpKduKnPZ6... 22 - - tx17dfdff06bed4802add90-006929dbc5 - 0.0279 - - 1764350917.822543621 1764350917.850478649 0
Nov 28 17:28:45 standalone account-server[126698]: 172.20.0.100 - - [28/Nov/2025:17:28:45 +0000] "HEAD /d1/596/AUTH_5621d84cd665456094b55d2da6e3b3bb" 204 - "HEAD http://172.18.0.2:8080/v1/AUTH_5621d84cd665456094b55d2da6e3b3bb?format=json" "tx48215d60284a4800a6b77-006929dbcd" "proxy-server 20" 0.0114 "-" 21 -
Nov 28 17:28:45 standalone proxy-server[128662]: - - 28/Nov/2025/17/28/45 HEAD /v1/AUTH_5621d84cd665456094b55d2da6e3b3bb%3Fformat%3Djson HTTP/1.0 204 - Swift - - - - tx48215d60284a4800a6b77-006929dbcd - 0.0161 RL - 1764350925.930443048 1764350925.946556091 -
Nov 28 17:28:45 standalone container-server[126566]: 172.20.0.100 - - [28/Nov/2025:17:28:45 +0000] "HEAD /d1/144/AUTH_5621d84cd665456094b55d2da6e3b3bb/gnocchi.46a060ce-a6f5-41f9-844f-42c783207408" 404 - "HEAD http://172.18.0.2:8080/v1/AUTH_5621d84cd665456094b55d2da6e3b3bb/gnocchi.46a060ce-a6f5-41f9-844f-42c783207408?format=json&states=listing" "tx48215d60284a4800a6b77-006929dbcd" "proxy-server 20" 0.0006 "-" 21 0
Nov 28 17:28:45 standalone object-server[126914]: 172.20.0.100 - - [28/Nov/2025:17:28:45 +0000] "GET /d1/204/AUTH_5621d84cd665456094b55d2da6e3b3bb/gnocchi.46a060ce-a6f5-41f9-844f-42c783207408/none_v3" 404 70 "GET http://172.18.0.2:8080/v1/AUTH_5621d84cd665456094b55d2da6e3b3bb/gnocchi.46a060ce-a6f5-41f9-844f-42c783207408/none_v3" "tx48215d60284a4800a6b77-006929dbcd" "proxy-server 20" 0.0006 "-" 25 0
Nov 28 17:28:45 standalone proxy-server[128662]: 172.18.0.2 172.18.0.100 28/Nov/2025/17/28/45 GET /v1/AUTH_5621d84cd665456094b55d2da6e3b3bb/gnocchi.46a060ce-a6f5-41f9-844f-42c783207408/none_v3 HTTP/1.0 404 - python-swiftclient-3.11.1 gAAAAABpKduKnPZ6... - 70 - tx48215d60284a4800a6b77-006929dbcd - 0.0286 - - 1764350925.929558754 1764350925.958174944 0
Nov 28 17:28:45 standalone account-server[126705]: 172.20.0.100 - - [28/Nov/2025:17:28:45 +0000] "PUT /d1/596/AUTH_5621d84cd665456094b55d2da6e3b3bb/gnocchi.46a060ce-a6f5-41f9-844f-42c783207408" 201 - "PUT http://172.20.0.100:6001/d1/144/AUTH_5621d84cd665456094b55d2da6e3b3bb/gnocchi.46a060ce-a6f5-41f9-844f-42c783207408" "tx3c5a656ae13b4d38a866b-006929dbcd" "container-server 20" 0.0018 "-" 23 0
Nov 28 17:28:45 standalone container-server[126550]: 172.20.0.100 - - [28/Nov/2025:17:28:45 +0000] "PUT /d1/144/AUTH_5621d84cd665456094b55d2da6e3b3bb/gnocchi.46a060ce-a6f5-41f9-844f-42c783207408" 201 - "PUT http://172.18.0.2:8080/v1/AUTH_5621d84cd665456094b55d2da6e3b3bb/gnocchi.46a060ce-a6f5-41f9-844f-42c783207408" "tx3c5a656ae13b4d38a866b-006929dbcd" "proxy-server 20" 0.0140 "-" 20 0
Nov 28 17:28:45 standalone proxy-server[128662]: 172.18.0.2 172.18.0.100 28/Nov/2025/17/28/45 PUT /v1/AUTH_5621d84cd665456094b55d2da6e3b3bb/gnocchi.46a060ce-a6f5-41f9-844f-42c783207408 HTTP/1.0 201 - python-swiftclient-3.11.1 gAAAAABpKduKnPZ6... - - - tx3c5a656ae13b4d38a866b-006929dbcd - 0.0201 - - 1764350925.961543322 1764350925.981601477 0
Nov 28 17:28:45 standalone container-server[126566]: 172.20.0.100 - - [28/Nov/2025:17:28:45 +0000] "HEAD /d1/144/AUTH_5621d84cd665456094b55d2da6e3b3bb/gnocchi.46a060ce-a6f5-41f9-844f-42c783207408" 204 - "HEAD http://172.18.0.2:8080/v1/AUTH_5621d84cd665456094b55d2da6e3b3bb/gnocchi.46a060ce-a6f5-41f9-844f-42c783207408?format=json&states=listing" "txf39d146f1a1a4eb9b3d3a-006929dbcd" "proxy-server 20" 0.0011 "-" 21 0
Nov 28 17:28:45 standalone proxy-server[128662]: - - 28/Nov/2025/17/28/45 HEAD /v1/AUTH_5621d84cd665456094b55d2da6e3b3bb/gnocchi.46a060ce-a6f5-41f9-844f-42c783207408%3Fformat%3Djson%26states%3Dlisting HTTP/1.0 204 - Swift - - - - txf39d146f1a1a4eb9b3d3a-006929dbcd - 0.0052 RL - 1764350925.987211227 1764350925.992410660 0
Nov 28 17:28:46 standalone container-server[126587]: 172.20.0.100 - - [28/Nov/2025:17:28:46 +0000] "GET /d1/144/AUTH_5621d84cd665456094b55d2da6e3b3bb/gnocchi.46a060ce-a6f5-41f9-844f-42c783207408" 200 2 "GET http://172.18.0.2:8080/v1/AUTH_5621d84cd665456094b55d2da6e3b3bb/gnocchi.46a060ce-a6f5-41f9-844f-42c783207408?format=json&states=listing" "txf39d146f1a1a4eb9b3d3a-006929dbcd" "proxy-server 20" 0.0086 "-" 23 0
Nov 28 17:28:46 standalone proxy-server[128662]: 172.18.0.2 172.18.0.100 28/Nov/2025/17/28/46 GET /v1/AUTH_5621d84cd665456094b55d2da6e3b3bb/gnocchi.46a060ce-a6f5-41f9-844f-42c783207408%3Fformat%3Djson%26states%3Dlisting HTTP/1.0 200 - python-swiftclient-3.11.1 gAAAAABpKduKnPZ6... - 2 - txf39d146f1a1a4eb9b3d3a-006929dbcd - 0.0246 - - 1764350925.985509157 1764350926.010081053 0
Nov 28 17:28:46 standalone object-server[126914]: 172.20.0.100 - - [28/Nov/2025:17:28:46 +0000] "GET /d1/93/AUTH_5621d84cd665456094b55d2da6e3b3bb/gnocchi.46a060ce-a6f5-41f9-844f-42c783207408/1763640000.0_mean_300.0_v3" 404 70 "GET http://172.18.0.2:8080/v1/AUTH_5621d84cd665456094b55d2da6e3b3bb/gnocchi.46a060ce-a6f5-41f9-844f-42c783207408/1763640000.0_mean_300.0_v3" "tx7ea1b66a91f347b8b0d8d-006929dbce" "proxy-server 20" 0.0003 "-" 25 0
Nov 28 17:28:46 standalone proxy-server[128662]: 172.18.0.2 172.18.0.100 28/Nov/2025/17/28/46 GET /v1/AUTH_5621d84cd665456094b55d2da6e3b3bb/gnocchi.46a060ce-a6f5-41f9-844f-42c783207408/1763640000.0_mean_300.0_v3 HTTP/1.0 404 - python-swiftclient-3.11.1 gAAAAABpKduKnPZ6... - 70 - tx7ea1b66a91f347b8b0d8d-006929dbce - 0.0161 - - 1764350926.013345242 1764350926.029469013 0
Nov 28 17:28:46 standalone container-server[126587]: 172.20.0.100 - - [28/Nov/2025:17:28:46 +0000] "PUT /d1/144/AUTH_5621d84cd665456094b55d2da6e3b3bb/gnocchi.46a060ce-a6f5-41f9-844f-42c783207408/1763640000.0_mean_300.0_v3" 201 - "PUT http://172.18.0.2:8080/d1/93/AUTH_5621d84cd665456094b55d2da6e3b3bb/gnocchi.46a060ce-a6f5-41f9-844f-42c783207408/1763640000.0_mean_300.0_v3" "tx5a22b50cc8d54dd3b8911-006929dbce" "object-server 24" 0.0007 "-" 23 0
Nov 28 17:28:46 standalone object-server[126912]: 172.20.0.100 - - [28/Nov/2025:17:28:46 +0000] "PUT /d1/93/AUTH_5621d84cd665456094b55d2da6e3b3bb/gnocchi.46a060ce-a6f5-41f9-844f-42c783207408/1763640000.0_mean_300.0_v3" 201 - "PUT http://172.18.0.2:8080/v1/AUTH_5621d84cd665456094b55d2da6e3b3bb/gnocchi.46a060ce-a6f5-41f9-844f-42c783207408/1763640000.0_mean_300.0_v3" "tx5a22b50cc8d54dd3b8911-006929dbce" "proxy-server 20" 0.0121 "-" 24 0
Nov 28 17:28:46 standalone proxy-server[128662]: 172.18.0.2 172.18.0.100 28/Nov/2025/17/28/46 PUT /v1/AUTH_5621d84cd665456094b55d2da6e3b3bb/gnocchi.46a060ce-a6f5-41f9-844f-42c783207408/1763640000.0_mean_300.0_v3 HTTP/1.0 201 - python-swiftclient-3.11.1 gAAAAABpKduKnPZ6... 16 - - tx5a22b50cc8d54dd3b8911-006929dbce - 0.0191 - - 1764350926.034698963 1764350926.053775787 0
Nov 28 17:28:46 standalone container-server[126566]: 172.20.0.100 - - [28/Nov/2025:17:28:46 +0000] "PUT /d1/144/AUTH_5621d84cd665456094b55d2da6e3b3bb/gnocchi.46a060ce-a6f5-41f9-844f-42c783207408/none_v3" 201 - "PUT http://172.18.0.2:8080/d1/204/AUTH_5621d84cd665456094b55d2da6e3b3bb/gnocchi.46a060ce-a6f5-41f9-844f-42c783207408/none_v3" "tx8d60c67ee3044f1d862b7-006929dbce" "object-server 25" 0.0005 "-" 21 0
Nov 28 17:28:46 standalone object-server[126914]: 172.20.0.100 - - [28/Nov/2025:17:28:46 +0000] "PUT /d1/204/AUTH_5621d84cd665456094b55d2da6e3b3bb/gnocchi.46a060ce-a6f5-41f9-844f-42c783207408/none_v3" 201 - "PUT http://172.18.0.2:8080/v1/AUTH_5621d84cd665456094b55d2da6e3b3bb/gnocchi.46a060ce-a6f5-41f9-844f-42c783207408/none_v3" "tx8d60c67ee3044f1d862b7-006929dbce" "proxy-server 20" 0.0091 "-" 25 0
Nov 28 17:28:46 standalone proxy-server[128662]: 172.18.0.2 172.18.0.100 28/Nov/2025/17/28/46 PUT /v1/AUTH_5621d84cd665456094b55d2da6e3b3bb/gnocchi.46a060ce-a6f5-41f9-844f-42c783207408/none_v3 HTTP/1.0 201 - python-swiftclient-3.11.1 gAAAAABpKduKnPZ6... 22 - - tx8d60c67ee3044f1d862b7-006929dbce - 0.0160 - - 1764350926.056422949 1764350926.072460890 0
Nov 28 17:28:46 standalone container-server[126550]: 172.20.0.100 - - [28/Nov/2025:17:28:46 +0000] "HEAD /d1/885/AUTH_5621d84cd665456094b55d2da6e3b3bb/gnocchi.3c0dcf1c-3d93-4c97-9457-bc3527f6fb29" 404 - "HEAD http://172.18.0.2:8080/v1/AUTH_5621d84cd665456094b55d2da6e3b3bb/gnocchi.3c0dcf1c-3d93-4c97-9457-bc3527f6fb29?format=json&states=listing" "txc8f467e4fd094319b9081-006929dbce" "proxy-server 20" 0.0004 "-" 20 0
Nov 28 17:28:46 standalone object-server[126914]: 172.20.0.100 - - [28/Nov/2025:17:28:46 +0000] "GET /d1/72/AUTH_5621d84cd665456094b55d2da6e3b3bb/gnocchi.3c0dcf1c-3d93-4c97-9457-bc3527f6fb29/none_v3" 404 70 "GET http://172.18.0.2:8080/v1/AUTH_5621d84cd665456094b55d2da6e3b3bb/gnocchi.3c0dcf1c-3d93-4c97-9457-bc3527f6fb29/none_v3" "txc8f467e4fd094319b9081-006929dbce" "proxy-server 20" 0.0003 "-" 25 0
Nov 28 17:28:46 standalone proxy-server[128662]: 172.18.0.2 172.18.0.100 28/Nov/2025/17/28/46 GET /v1/AUTH_5621d84cd665456094b55d2da6e3b3bb/gnocchi.3c0dcf1c-3d93-4c97-9457-bc3527f6fb29/none_v3 HTTP/1.0 404 - python-swiftclient-3.11.1 gAAAAABpKduKnPZ6... - 70 - txc8f467e4fd094319b9081-006929dbce - 0.0091 - - 1764350926.113614798 1764350926.122719765 0
Nov 28 17:28:46 standalone account-server[126698]: 172.20.0.100 - - [28/Nov/2025:17:28:46 +0000] "PUT /d1/596/AUTH_5621d84cd665456094b55d2da6e3b3bb/gnocchi.3c0dcf1c-3d93-4c97-9457-bc3527f6fb29" 201 - "PUT http://172.20.0.100:6001/d1/885/AUTH_5621d84cd665456094b55d2da6e3b3bb/gnocchi.3c0dcf1c-3d93-4c97-9457-bc3527f6fb29" "tx64ed86fde91b4cada4025-006929dbce" "container-server 23" 0.0097 "-" 21 0
Nov 28 17:28:46 standalone container-server[126587]: 172.20.0.100 - - [28/Nov/2025:17:28:46 +0000] "PUT /d1/885/AUTH_5621d84cd665456094b55d2da6e3b3bb/gnocchi.3c0dcf1c-3d93-4c97-9457-bc3527f6fb29" 201 - "PUT http://172.18.0.2:8080/v1/AUTH_5621d84cd665456094b55d2da6e3b3bb/gnocchi.3c0dcf1c-3d93-4c97-9457-bc3527f6fb29" "tx64ed86fde91b4cada4025-006929dbce" "proxy-server 20" 0.0261 "-" 23 0
Nov 28 17:28:46 standalone proxy-server[128662]: 172.18.0.2 172.18.0.100 28/Nov/2025/17/28/46 PUT /v1/AUTH_5621d84cd665456094b55d2da6e3b3bb/gnocchi.3c0dcf1c-3d93-4c97-9457-bc3527f6fb29 HTTP/1.0 201 - python-swiftclient-3.11.1 gAAAAABpKduKnPZ6... - - - tx64ed86fde91b4cada4025-006929dbce - 0.0331 - - 1764350926.125136375 1764350926.158190250 0
Nov 28 17:28:46 standalone container-server[126550]: 172.20.0.100 - - [28/Nov/2025:17:28:46 +0000] "HEAD /d1/885/AUTH_5621d84cd665456094b55d2da6e3b3bb/gnocchi.3c0dcf1c-3d93-4c97-9457-bc3527f6fb29" 204 - "HEAD http://172.18.0.2:8080/v1/AUTH_5621d84cd665456094b55d2da6e3b3bb/gnocchi.3c0dcf1c-3d93-4c97-9457-bc3527f6fb29?format=json&states=listing" "txbf37a97694d44558bf016-006929dbce" "proxy-server 20" 0.0013 "-" 20 0
Nov 28 17:28:46 standalone proxy-server[128662]: - - 28/Nov/2025/17/28/46 HEAD /v1/AUTH_5621d84cd665456094b55d2da6e3b3bb/gnocchi.3c0dcf1c-3d93-4c97-9457-bc3527f6fb29%3Fformat%3Djson%26states%3Dlisting HTTP/1.0 204 - Swift - - - - txbf37a97694d44558bf016-006929dbce - 0.0108 RL - 1764350926.164090157 1764350926.174849987 0
Nov 28 17:28:46 standalone container-server[126566]: 172.20.0.100 - - [28/Nov/2025:17:28:46 +0000] "GET /d1/885/AUTH_5621d84cd665456094b55d2da6e3b3bb/gnocchi.3c0dcf1c-3d93-4c97-9457-bc3527f6fb29" 200 2 "GET http://172.18.0.2:8080/v1/AUTH_5621d84cd665456094b55d2da6e3b3bb/gnocchi.3c0dcf1c-3d93-4c97-9457-bc3527f6fb29?format=json&states=listing" "txbf37a97694d44558bf016-006929dbce" "proxy-server 20" 0.0019 "-" 21 0
Nov 28 17:28:46 standalone proxy-server[128662]: 172.18.0.2 172.18.0.100 28/Nov/2025/17/28/46 GET /v1/AUTH_5621d84cd665456094b55d2da6e3b3bb/gnocchi.3c0dcf1c-3d93-4c97-9457-bc3527f6fb29%3Fformat%3Djson%26states%3Dlisting HTTP/1.0 200 - python-swiftclient-3.11.1 gAAAAABpKduKnPZ6... - 2 - txbf37a97694d44558bf016-006929dbce - 0.0266 - - 1764350926.162451029 1764350926.189082146 0
Nov 28 17:28:46 standalone object-server[126904]: 172.20.0.100 - - [28/Nov/2025:17:28:46 +0000] "GET /d1/654/AUTH_5621d84cd665456094b55d2da6e3b3bb/gnocchi.3c0dcf1c-3d93-4c97-9457-bc3527f6fb29/1763640000.0_mean_300.0_v3" 404 70 "GET http://172.18.0.2:8080/v1/AUTH_5621d84cd665456094b55d2da6e3b3bb/gnocchi.3c0dcf1c-3d93-4c97-9457-bc3527f6fb29/1763640000.0_mean_300.0_v3" "tx1cea02d046f4495ba0ac5-006929dbce" "proxy-server 20" 0.0006 "-" 23 0
Nov 28 17:28:46 standalone proxy-server[128662]: 172.18.0.2 172.18.0.100 28/Nov/2025/17/28/46 GET /v1/AUTH_5621d84cd665456094b55d2da6e3b3bb/gnocchi.3c0dcf1c-3d93-4c97-9457-bc3527f6fb29/1763640000.0_mean_300.0_v3 HTTP/1.0 404 - python-swiftclient-3.11.1 gAAAAABpKduKnPZ6... - 70 - tx1cea02d046f4495ba0ac5-006929dbce - 0.0554 - - 1764350926.193146467 1764350926.248571157 0
Nov 28 17:28:46 standalone container-server[126587]: 172.20.0.100 - - [28/Nov/2025:17:28:46 +0000] "PUT /d1/885/AUTH_5621d84cd665456094b55d2da6e3b3bb/gnocchi.3c0dcf1c-3d93-4c97-9457-bc3527f6fb29/1763640000.0_mean_300.0_v3" 201 - "PUT http://172.18.0.2:8080/d1/654/AUTH_5621d84cd665456094b55d2da6e3b3bb/gnocchi.3c0dcf1c-3d93-4c97-9457-bc3527f6fb29/1763640000.0_mean_300.0_v3" "tx2808485faa9c4db5be779-006929dbce" "object-server 25" 0.0005 "-" 23 0
