Nov 28 17:29:40 standalone object-server[126914]: 172.20.0.100 - - [28/Nov/2025:17:29:40 +0000] "PUT /d1/354/AUTH_5621d84cd665456094b55d2da6e3b3bb/gnocchi.78cf7664-e73b-4bb1-b10f-7341bbf5feea/none_v3" 201 - "PUT http://172.18.0.2:8080/v1/AUTH_5621d84cd665456094b55d2da6e3b3bb/gnocchi.78cf7664-e73b-4bb1-b10f-7341bbf5feea/none_v3" "tx6a24407388be418494e88-006929dc04" "proxy-server 20" 0.0229 "-" 25 0
Nov 28 17:29:40 standalone proxy-server[128662]: 172.18.0.2 172.18.0.100 28/Nov/2025/17/29/40 PUT /v1/AUTH_5621d84cd665456094b55d2da6e3b3bb/gnocchi.78cf7664-e73b-4bb1-b10f-7341bbf5feea/none_v3 HTTP/1.0 201 - python-swiftclient-3.11.1 gAAAAABpKduKnPZ6... 22 - - tx6a24407388be418494e88-006929dc04 - 0.0367 - - 1764350980.893745184 1764350980.930453300 0
Nov 28 17:29:41 standalone object-server[126914]: 172.20.0.100 - - [28/Nov/2025:17:29:41 +0000] "GET /d1/58/AUTH_5621d84cd665456094b55d2da6e3b3bb/gnocchi.afba0968-65d9-42d0-9215-75eeab7daa85/none_v3" 200 33 "GET http://172.18.0.2:8080/v1/AUTH_5621d84cd665456094b55d2da6e3b3bb/gnocchi.afba0968-65d9-42d0-9215-75eeab7daa85/none_v3" "txfb72d7ad3ce94af6acfd1-006929dc05" "proxy-server 20" 0.0013 "-" 25 0
Nov 28 17:29:41 standalone proxy-server[128662]: 172.18.0.2 172.18.0.100 28/Nov/2025/17/29/41 GET /v1/AUTH_5621d84cd665456094b55d2da6e3b3bb/gnocchi.afba0968-65d9-42d0-9215-75eeab7daa85/none_v3 HTTP/1.0 200 - python-swiftclient-3.11.1 gAAAAABpKduKnPZ6... - 33 - txfb72d7ad3ce94af6acfd1-006929dc05 - 0.0137 - - 1764350981.054217577 1764350981.067888737 0
Nov 28 17:29:41 standalone container-server[126535]: 172.20.0.100 - - [28/Nov/2025:17:29:41 +0000] "GET /d1/959/AUTH_5621d84cd665456094b55d2da6e3b3bb/gnocchi.afba0968-65d9-42d0-9215-75eeab7daa85" 200 357 "GET http://172.18.0.2:8080/v1/AUTH_5621d84cd665456094b55d2da6e3b3bb/gnocchi.afba0968-65d9-42d0-9215-75eeab7daa85?format=json&states=listing" "txbc1077bea77f4e73ba8df-006929dc05" "proxy-server 20" 0.0106 "-" 19 0
Nov 28 17:29:41 standalone proxy-server[128662]: 172.18.0.2 172.18.0.100 28/Nov/2025/17/29/41 GET /v1/AUTH_5621d84cd665456094b55d2da6e3b3bb/gnocchi.afba0968-65d9-42d0-9215-75eeab7daa85%3Fformat%3Djson%26states%3Dlisting HTTP/1.0 200 - python-swiftclient-3.11.1 gAAAAABpKduKnPZ6... - 357 - txbc1077bea77f4e73ba8df-006929dc05 - 0.0233 - - 1764350981.073111534 1764350981.096446037 0
Nov 28 17:29:41 standalone container-server[126566]: 172.20.0.100 - - [28/Nov/2025:17:29:41 +0000] "GET /d1/959/AUTH_5621d84cd665456094b55d2da6e3b3bb/gnocchi.afba0968-65d9-42d0-9215-75eeab7daa85" 200 2 "GET http://172.18.0.2:8080/v1/AUTH_5621d84cd665456094b55d2da6e3b3bb/gnocchi.afba0968-65d9-42d0-9215-75eeab7daa85?format=json&marker=none_v3&states=listing" "tx5439c0de2fbf4c1ea2fb6-006929dc05" "proxy-server 20" 0.0038 "-" 21 0
Nov 28 17:29:41 standalone proxy-server[128662]: 172.18.0.2 172.18.0.100 28/Nov/2025/17/29/41 GET /v1/AUTH_5621d84cd665456094b55d2da6e3b3bb/gnocchi.afba0968-65d9-42d0-9215-75eeab7daa85%3Fformat%3Djson%26marker%3Dnone_v3%26states%3Dlisting HTTP/1.0 200 - python-swiftclient-3.11.1 gAAAAABpKduKnPZ6... - 2 - tx5439c0de2fbf4c1ea2fb6-006929dc05 - 0.0145 - - 1764350981.101012945 1764350981.115541458 0
Nov 28 17:29:41 standalone object-server[126900]: 172.20.0.100 - - [28/Nov/2025:17:29:41 +0000] "GET /d1/889/AUTH_5621d84cd665456094b55d2da6e3b3bb/gnocchi.afba0968-65d9-42d0-9215-75eeab7daa85/1763640000.0_mean_300.0_v3" 200 16 "GET http://172.18.0.2:8080/v1/AUTH_5621d84cd665456094b55d2da6e3b3bb/gnocchi.afba0968-65d9-42d0-9215-75eeab7daa85/1763640000.0_mean_300.0_v3" "txf88d76a53f894210a0941-006929dc05" "proxy-server 20" 0.0011 "-" 22 0
Nov 28 17:29:41 standalone proxy-server[128662]: 172.18.0.2 172.18.0.100 28/Nov/2025/17/29/41 GET /v1/AUTH_5621d84cd665456094b55d2da6e3b3bb/gnocchi.afba0968-65d9-42d0-9215-75eeab7daa85/1763640000.0_mean_300.0_v3 HTTP/1.0 200 - python-swiftclient-3.11.1 gAAAAABpKduKnPZ6... - 16 - txf88d76a53f894210a0941-006929dc05 - 0.0101 - - 1764350981.121296406 1764350981.131386518 0
Nov 28 17:29:41 standalone container-server[126535]: 172.20.0.100 - - [28/Nov/2025:17:29:41 +0000] "PUT /d1/959/AUTH_5621d84cd665456094b55d2da6e3b3bb/gnocchi.afba0968-65d9-42d0-9215-75eeab7daa85/1763640000.0_mean_300.0_v3" 201 - "PUT http://172.18.0.2:8080/d1/889/AUTH_5621d84cd665456094b55d2da6e3b3bb/gnocchi.afba0968-65d9-42d0-9215-75eeab7daa85/1763640000.0_mean_300.0_v3" "txb05ac1814d9c49619db21-006929dc05" "object-server 25" 0.0009 "-" 19 0
Nov 28 17:29:41 standalone object-server[126914]: 172.20.0.100 - - [28/Nov/2025:17:29:41 +0000] "PUT /d1/889/AUTH_5621d84cd665456094b55d2da6e3b3bb/gnocchi.afba0968-65d9-42d0-9215-75eeab7daa85/1763640000.0_mean_300.0_v3" 201 - "PUT http://172.18.0.2:8080/v1/AUTH_5621d84cd665456094b55d2da6e3b3bb/gnocchi.afba0968-65d9-42d0-9215-75eeab7daa85/1763640000.0_mean_300.0_v3" "txb05ac1814d9c49619db21-006929dc05" "proxy-server 20" 0.0121 "-" 25 0
Nov 28 17:29:41 standalone proxy-server[128662]: 172.18.0.2 172.18.0.100 28/Nov/2025/17/29/41 PUT /v1/AUTH_5621d84cd665456094b55d2da6e3b3bb/gnocchi.afba0968-65d9-42d0-9215-75eeab7daa85/1763640000.0_mean_300.0_v3 HTTP/1.0 201 - python-swiftclient-3.11.1 gAAAAABpKduKnPZ6... 16 - - txb05ac1814d9c49619db21-006929dc05 - 0.0201 - - 1764350981.136472464 1764350981.156565189 0
Nov 28 17:29:41 standalone container-server[126550]: 172.20.0.100 - - [28/Nov/2025:17:29:41 +0000] "PUT /d1/959/AUTH_5621d84cd665456094b55d2da6e3b3bb/gnocchi.afba0968-65d9-42d0-9215-75eeab7daa85/none_v3" 201 - "PUT http://172.18.0.2:8080/d1/58/AUTH_5621d84cd665456094b55d2da6e3b3bb/gnocchi.afba0968-65d9-42d0-9215-75eeab7daa85/none_v3" "tx7251ae18ad1646f9904da-006929dc05" "object-server 22" 0.0008 "-" 20 0
Nov 28 17:29:41 standalone object-server[126900]: 172.20.0.100 - - [28/Nov/2025:17:29:41 +0000] "PUT /d1/58/AUTH_5621d84cd665456094b55d2da6e3b3bb/gnocchi.afba0968-65d9-42d0-9215-75eeab7daa85/none_v3" 201 - "PUT http://172.18.0.2:8080/v1/AUTH_5621d84cd665456094b55d2da6e3b3bb/gnocchi.afba0968-65d9-42d0-9215-75eeab7daa85/none_v3" "tx7251ae18ad1646f9904da-006929dc05" "proxy-server 20" 0.0130 "-" 22 0
Nov 28 17:29:41 standalone proxy-server[128662]: 172.18.0.2 172.18.0.100 28/Nov/2025/17/29/41 PUT /v1/AUTH_5621d84cd665456094b55d2da6e3b3bb/gnocchi.afba0968-65d9-42d0-9215-75eeab7daa85/none_v3 HTTP/1.0 201 - python-swiftclient-3.11.1 gAAAAABpKduKnPZ6... 48 - - tx7251ae18ad1646f9904da-006929dc05 - 0.0193 - - 1764350981.159558058 1764350981.178830385 0
Nov 28 17:29:41 standalone object-server[126914]: 172.20.0.100 - - [28/Nov/2025:17:29:41 +0000] "GET /d1/687/AUTH_5621d84cd665456094b55d2da6e3b3bb/gnocchi.56f3f8b9-da77-482d-bdab-5eed2aab016a/none_v3" 200 33 "GET http://172.18.0.2:8080/v1/AUTH_5621d84cd665456094b55d2da6e3b3bb/gnocchi.56f3f8b9-da77-482d-bdab-5eed2aab016a/none_v3" "tx889931dadbd94b0684085-006929dc05" "proxy-server 20" 0.0012 "-" 25 0
Nov 28 17:29:41 standalone proxy-server[128662]: 172.18.0.2 172.18.0.100 28/Nov/2025/17/29/41 GET /v1/AUTH_5621d84cd665456094b55d2da6e3b3bb/gnocchi.56f3f8b9-da77-482d-bdab-5eed2aab016a/none_v3 HTTP/1.0 200 - python-swiftclient-3.11.1 gAAAAABpKduKnPZ6... - 33 - tx889931dadbd94b0684085-006929dc05 - 0.0088 - - 1764350981.190280914 1764350981.199125290 0
Nov 28 17:29:41 standalone container-server[126535]: 172.20.0.100 - - [28/Nov/2025:17:29:41 +0000] "GET /d1/896/AUTH_5621d84cd665456094b55d2da6e3b3bb/gnocchi.56f3f8b9-da77-482d-bdab-5eed2aab016a" 200 357 "GET http://172.18.0.2:8080/v1/AUTH_5621d84cd665456094b55d2da6e3b3bb/gnocchi.56f3f8b9-da77-482d-bdab-5eed2aab016a?format=json&states=listing" "txe200fa50921f491f931c8-006929dc05" "proxy-server 20" 0.0101 "-" 19 0
Nov 28 17:29:41 standalone proxy-server[128662]: 172.18.0.2 172.18.0.100 28/Nov/2025/17/29/41 GET /v1/AUTH_5621d84cd665456094b55d2da6e3b3bb/gnocchi.56f3f8b9-da77-482d-bdab-5eed2aab016a%3Fformat%3Djson%26states%3Dlisting HTTP/1.0 200 - python-swiftclient-3.11.1 gAAAAABpKduKnPZ6... - 357 - txe200fa50921f491f931c8-006929dc05 - 0.0184 - - 1764350981.202966213 1764350981.221407890 0
Nov 28 17:29:41 standalone container-server[126587]: 172.20.0.100 - - [28/Nov/2025:17:29:41 +0000] "GET /d1/896/AUTH_5621d84cd665456094b55d2da6e3b3bb/gnocchi.56f3f8b9-da77-482d-bdab-5eed2aab016a" 200 2 "GET http://172.18.0.2:8080/v1/AUTH_5621d84cd665456094b55d2da6e3b3bb/gnocchi.56f3f8b9-da77-482d-bdab-5eed2aab016a?format=json&marker=none_v3&states=listing" "txa3bc229f2406494396e62-006929dc05" "proxy-server 20" 0.0024 "-" 23 0
Nov 28 17:29:41 standalone proxy-server[128662]: 172.18.0.2 172.18.0.100 28/Nov/2025/17/29/41 GET /v1/AUTH_5621d84cd665456094b55d2da6e3b3bb/gnocchi.56f3f8b9-da77-482d-bdab-5eed2aab016a%3Fformat%3Djson%26marker%3Dnone_v3%26states%3Dlisting HTTP/1.0 200 - python-swiftclient-3.11.1 gAAAAABpKduKnPZ6... - 2 - txa3bc229f2406494396e62-006929dc05 - 0.0093 - - 1764350981.224433661 1764350981.233747482 0
Nov 28 17:29:41 standalone object-server[126904]: 172.20.0.100 - - [28/Nov/2025:17:29:41 +0000] "GET /d1/616/AUTH_5621d84cd665456094b55d2da6e3b3bb/gnocchi.56f3f8b9-da77-482d-bdab-5eed2aab016a/1763640000.0_mean_300.0_v3" 200 16 "GET http://172.18.0.2:8080/v1/AUTH_5621d84cd665456094b55d2da6e3b3bb/gnocchi.56f3f8b9-da77-482d-bdab-5eed2aab016a/1763640000.0_mean_300.0_v3" "tx25bb51704f94456d844ff-006929dc05" "proxy-server 20" 0.0014 "-" 23 0
Nov 28 17:29:41 standalone proxy-server[128662]: 172.18.0.2 172.18.0.100 28/Nov/2025/17/29/41 GET /v1/AUTH_5621d84cd665456094b55d2da6e3b3bb/gnocchi.56f3f8b9-da77-482d-bdab-5eed2aab016a/1763640000.0_mean_300.0_v3 HTTP/1.0 200 - python-swiftclient-3.11.1 gAAAAABpKduKnPZ6... - 16 - tx25bb51704f94456d844ff-006929dc05 - 0.0100 - - 1764350981.237486601 1764350981.247511148 0
Nov 28 17:29:41 standalone container-server[126566]: 172.20.0.100 - - [28/Nov/2025:17:29:41 +0000] "PUT /d1/896/AUTH_5621d84cd665456094b55d2da6e3b3bb/gnocchi.56f3f8b9-da77-482d-bdab-5eed2aab016a/1763640000.0_mean_300.0_v3" 201 - "PUT http://172.18.0.2:8080/d1/616/AUTH_5621d84cd665456094b55d2da6e3b3bb/gnocchi.56f3f8b9-da77-482d-bdab-5eed2aab016a/1763640000.0_mean_300.0_v3" "tx09edf5d0ca7c4c08b8504-006929dc05" "object-server 22" 0.0009 "-" 21 0
Nov 28 17:29:41 standalone object-server[126900]: 172.20.0.100 - - [28/Nov/2025:17:29:41 +0000] "PUT /d1/616/AUTH_5621d84cd665456094b55d2da6e3b3bb/gnocchi.56f3f8b9-da77-482d-bdab-5eed2aab016a/1763640000.0_mean_300.0_v3" 201 - "PUT http://172.18.0.2:8080/v1/AUTH_5621d84cd665456094b55d2da6e3b3bb/gnocchi.56f3f8b9-da77-482d-bdab-5eed2aab016a/1763640000.0_mean_300.0_v3" "tx09edf5d0ca7c4c08b8504-006929dc05" "proxy-server 20" 0.0121 "-" 22 0
Nov 28 17:29:41 standalone proxy-server[128662]: 172.18.0.2 172.18.0.100 28/Nov/2025/17/29/41 PUT /v1/AUTH_5621d84cd665456094b55d2da6e3b3bb/gnocchi.56f3f8b9-da77-482d-bdab-5eed2aab016a/1763640000.0_mean_300.0_v3 HTTP/1.0 201 - python-swiftclient-3.11.1 gAAAAABpKduKnPZ6... 16 - - tx09edf5d0ca7c4c08b8504-006929dc05 - 0.0188 - - 1764350981.250698090 1764350981.269515514 0
Nov 28 17:29:41 standalone container-server[126566]: 172.20.0.100 - - [28/Nov/2025:17:29:41 +0000] "PUT /d1/896/AUTH_5621d84cd665456094b55d2da6e3b3bb/gnocchi.56f3f8b9-da77-482d-bdab-5eed2aab016a/none_v3" 201 - "PUT http://172.18.0.2:8080/d1/687/AUTH_5621d84cd665456094b55d2da6e3b3bb/gnocchi.56f3f8b9-da77-482d-bdab-5eed2aab016a/none_v3" "tx8e892227b480419c8ae4c-006929dc05" "object-server 22" 0.0008 "-" 21 0
Nov 28 17:29:41 standalone object-server[126900]: 172.20.0.100 - - [28/Nov/2025:17:29:41 +0000] "PUT /d1/687/AUTH_5621d84cd665456094b55d2da6e3b3bb/gnocchi.56f3f8b9-da77-482d-bdab-5eed2aab016a/none_v3" 201 - "PUT http://172.18.0.2:8080/v1/AUTH_5621d84cd665456094b55d2da6e3b3bb/gnocchi.56f3f8b9-da77-482d-bdab-5eed2aab016a/none_v3" "tx8e892227b480419c8ae4c-006929dc05" "proxy-server 20" 0.0110 "-" 22 0
Nov 28 17:29:41 standalone proxy-server[128662]: 172.18.0.2 172.18.0.100 28/Nov/2025/17/29/41 PUT /v1/AUTH_5621d84cd665456094b55d2da6e3b3bb/gnocchi.56f3f8b9-da77-482d-bdab-5eed2aab016a/none_v3 HTTP/1.0 201 - python-swiftclient-3.11.1 gAAAAABpKduKnPZ6... 48 - - tx8e892227b480419c8ae4c-006929dc05 - 0.0172 - - 1764350981.272949934 1764350981.290159941 0
Nov 28 17:29:42 standalone object-server[126914]: 172.20.0.100 - - [28/Nov/2025:17:29:42 +0000] "GET /d1/354/AUTH_5621d84cd665456094b55d2da6e3b3bb/gnocchi.78cf7664-e73b-4bb1-b10f-7341bbf5feea/none_v3" 200 22 "GET http://172.18.0.2:8080/v1/AUTH_5621d84cd665456094b55d2da6e3b3bb/gnocchi.78cf7664-e73b-4bb1-b10f-7341bbf5feea/none_v3" "tx1cb304a3e6ea4f9fbb9ad-006929dc06" "proxy-server 20" 0.0013 "-" 25 0
Nov 28 17:29:42 standalone proxy-server[128662]: 172.18.0.2 172.18.0.100 28/Nov/2025/17/29/42 GET /v1/AUTH_5621d84cd665456094b55d2da6e3b3bb/gnocchi.78cf7664-e73b-4bb1-b10f-7341bbf5feea/none_v3 HTTP/1.0 200 - python-swiftclient-3.11.1 gAAAAABpKduKnPZ6... - 22 - tx1cb304a3e6ea4f9fbb9ad-006929dc06 - 0.0114 - - 1764350982.695593834 1764350982.706970453 0
Nov 28 17:29:42 standalone container-server[126566]: 172.20.0.100 - - [28/Nov/2025:17:29:42 +0000] "GET /d1/36/AUTH_5621d84cd665456094b55d2da6e3b3bb/gnocchi.78cf7664-e73b-4bb1-b10f-7341bbf5feea" 200 357 "GET http://172.18.0.2:8080/v1/AUTH_5621d84cd665456094b55d2da6e3b3bb/gnocchi.78cf7664-e73b-4bb1-b10f-7341bbf5feea?format=json&states=listing" "tx3fa6afaea98c4361bc99a-006929dc06" "proxy-server 20" 0.0105 "-" 21 0
Nov 28 17:29:42 standalone proxy-server[128662]: 172.18.0.2 172.18.0.100 28/Nov/2025/17/29/42 GET /v1/AUTH_5621d84cd665456094b55d2da6e3b3bb/gnocchi.78cf7664-e73b-4bb1-b10f-7341bbf5feea%3Fformat%3Djson%26states%3Dlisting HTTP/1.0 200 - python-swiftclient-3.11.1 gAAAAABpKduKnPZ6... - 357 - tx3fa6afaea98c4361bc99a-006929dc06 - 0.0282 - - 1764350982.712616444 1764350982.740828276 0
Nov 28 17:29:42 standalone container-server[126535]: 172.20.0.100 - - [28/Nov/2025:17:29:42 +0000] "GET /d1/36/AUTH_5621d84cd665456094b55d2da6e3b3bb/gnocchi.78cf7664-e73b-4bb1-b10f-7341bbf5feea" 200 2 "GET http://172.18.0.2:8080/v1/AUTH_5621d84cd665456094b55d2da6e3b3bb/gnocchi.78cf7664-e73b-4bb1-b10f-7341bbf5feea?format=json&marker=none_v3&states=listing" "tx85ec6d306ecf47dc9df14-006929dc06" "proxy-server 20" 0.0023 "-" 19 0
Nov 28 17:29:42 standalone proxy-server[128662]: 172.18.0.2 172.18.0.100 28/Nov/2025/17/29/42 GET /v1/AUTH_5621d84cd665456094b55d2da6e3b3bb/gnocchi.78cf7664-e73b-4bb1-b10f-7341bbf5feea%3Fformat%3Djson%26marker%3Dnone_v3%26states%3Dlisting HTTP/1.0 200 - python-swiftclient-3.11.1 gAAAAABpKduKnPZ6... - 2 - tx85ec6d306ecf47dc9df14-006929dc06 - 0.0106 - - 1764350982.744614601 1764350982.755183220 0
Nov 28 17:29:42 standalone object-server[126914]: 172.20.0.100 - - [28/Nov/2025:17:29:42 +0000] "GET /d1/267/AUTH_5621d84cd665456094b55d2da6e3b3bb/gnocchi.78cf7664-e73b-4bb1-b10f-7341bbf5feea/1763640000.0_mean_300.0_v3" 200 16 "GET http://172.18.0.2:8080/v1/AUTH_5621d84cd665456094b55d2da6e3b3bb/gnocchi.78cf7664-e73b-4bb1-b10f-7341bbf5feea/1763640000.0_mean_300.0_v3" "txb549f7cb940648c19876e-006929dc06" "proxy-server 20" 0.0015 "-" 25 0
Nov 28 17:29:42 standalone proxy-server[128662]: 172.18.0.2 172.18.0.100 28/Nov/2025/17/29/42 GET /v1/AUTH_5621d84cd665456094b55d2da6e3b3bb/gnocchi.78cf7664-e73b-4bb1-b10f-7341bbf5feea/1763640000.0_mean_300.0_v3 HTTP/1.0 200 - python-swiftclient-3.11.1 gAAAAABpKduKnPZ6... - 16 - txb549f7cb940648c19876e-006929dc06 - 0.0122 - - 1764350982.760370016 1764350982.772544146 0
Nov 28 17:29:42 standalone container-server[126566]: 172.20.0.100 - - [28/Nov/2025:17:29:42 +0000] "PUT /d1/36/AUTH_5621d84cd665456094b55d2da6e3b3bb/gnocchi.78cf7664-e73b-4bb1-b10f-7341bbf5feea/1763640000.0_mean_300.0_v3" 201 - "PUT http://172.18.0.2:8080/d1/267/AUTH_5621d84cd665456094b55d2da6e3b3bb/gnocchi.78cf7664-e73b-4bb1-b10f-7341bbf5feea/1763640000.0_mean_300.0_v3" "txdc2c408be0cc4a8387bb5-006929dc06" "object-server 22" 0.0005 "-" 21 0
Nov 28 17:29:42 standalone object-server[126900]: 172.20.0.100 - - [28/Nov/2025:17:29:42 +0000] "PUT /d1/267/AUTH_5621d84cd665456094b55d2da6e3b3bb/gnocchi.78cf7664-e73b-4bb1-b10f-7341bbf5feea/1763640000.0_mean_300.0_v3" 201 - "PUT http://172.18.0.2:8080/v1/AUTH_5621d84cd665456094b55d2da6e3b3bb/gnocchi.78cf7664-e73b-4bb1-b10f-7341bbf5feea/1763640000.0_mean_300.0_v3" "txdc2c408be0cc4a8387bb5-006929dc06" "proxy-server 20" 0.0120 "-" 22 0
Nov 28 17:29:42 standalone proxy-server[128662]: 172.18.0.2 172.18.0.100 28/Nov/2025/17/29/42 PUT /v1/AUTH_5621d84cd665456094b55d2da6e3b3bb/gnocchi.78cf7664-e73b-4bb1-b10f-7341bbf5feea/1763640000.0_mean_300.0_v3 HTTP/1.0 201 - python-swiftclient-3.11.1 gAAAAABpKduKnPZ6... 16 - - txdc2c408be0cc4a8387bb5-006929dc06 - 0.0206 - - 1764350982.779244184 1764350982.799863100 0
Nov 28 17:29:42 standalone container-server[126535]: 172.20.0.100 - - [28/Nov/2025:17:29:42 +0000] "PUT /d1/36/AUTH_5621d84cd665456094b55d2da6e3b3bb/gnocchi.78cf7664-e73b-4bb1-b10f-7341bbf5feea/none_v3" 201 - "PUT http://172.18.0.2:8080/d1/354/AUTH_5621d84cd665456094b55d2da6e3b3bb/gnocchi.78cf7664-e73b-4bb1-b10f-7341bbf5feea/none_v3" "tx72dfda44f1404ebcb4d8b-006929dc06" "object-server 23" 0.0005 "-" 19 0
Nov 28 17:29:42 standalone object-server[126904]: 172.20.0.100 - - [28/Nov/2025:17:29:42 +0000] "PUT /d1/354/AUTH_5621d84cd665456094b55d2da6e3b3bb/gnocchi.78cf7664-e73b-4bb1-b10f-7341bbf5feea/none_v3" 201 - "PUT http://172.18.0.2:8080/v1/AUTH_5621d84cd665456094b55d2da6e3b3bb/gnocchi.78cf7664-e73b-4bb1-b10f-7341bbf5feea/none_v3" "tx72dfda44f1404ebcb4d8b-006929dc06" "proxy-server 20" 0.0119 "-" 23 0
Nov 28 17:29:42 standalone proxy-server[128662]: 172.18.0.2 172.18.0.100 28/Nov/2025/17/29/42 PUT /v1/AUTH_5621d84cd665456094b55d2da6e3b3bb/gnocchi.78cf7664-e73b-4bb1-b10f-7341bbf5feea/none_v3 HTTP/1.0 201 - python-swiftclient-3.11.1 gAAAAABpKduKnPZ6... 31 - - tx72dfda44f1404ebcb4d8b-006929dc06 - 0.0186 - - 1764350982.804769754 1764350982.823416471 0
Nov 28 17:29:50 standalone account-server[126698]: 172.20.0.100 - - [28/Nov/2025:17:29:50 +0000] "HEAD /d1/596/AUTH_5621d84cd665456094b55d2da6e3b3bb" 204 - "HEAD http://172.18.0.2:8080/v1/AUTH_5621d84cd665456094b55d2da6e3b3bb?format=json" "tx22fd44aa9edf49e3b3b87-006929dc0e" "proxy-server 20" 0.0054 "-" 21 -
Nov 28 17:29:50 standalone proxy-server[128662]: - - 28/Nov/2025/17/29/50 HEAD /v1/AUTH_5621d84cd665456094b55d2da6e3b3bb%3Fformat%3Djson HTTP/1.0 204 - Swift - - - - tx22fd44aa9edf49e3b3b87-006929dc0e - 0.0133 RL - 1764350990.769669771 1764350990.782964706 -
Nov 28 17:29:50 standalone object-server[126900]: 172.20.0.100 - - [28/Nov/2025:17:29:50 +0000] "GET /d1/354/AUTH_5621d84cd665456094b55d2da6e3b3bb/gnocchi.78cf7664-e73b-4bb1-b10f-7341bbf5feea/none_v3" 200 31 "GET http://172.18.0.2:8080/v1/AUTH_5621d84cd665456094b55d2da6e3b3bb/gnocchi.78cf7664-e73b-4bb1-b10f-7341bbf5feea/none_v3" "tx22fd44aa9edf49e3b3b87-006929dc0e" "proxy-server 20" 0.0012 "-" 22 0
Nov 28 17:29:50 standalone proxy-server[128662]: 172.18.0.2 172.18.0.100 28/Nov/2025/17/29/50 GET /v1/AUTH_5621d84cd665456094b55d2da6e3b3bb/gnocchi.78cf7664-e73b-4bb1-b10f-7341bbf5feea/none_v3 HTTP/1.0 200 - python-swiftclient-3.11.1 gAAAAABpKduKnPZ6... - 31 - tx22fd44aa9edf49e3b3b87-006929dc0e - 0.0291 - - 1764350990.768943071 1764350990.797994137 0
Nov 28 17:29:50 standalone container-server[126535]: 172.20.0.100 - - [28/Nov/2025:17:29:50 +0000] "GET /d1/36/AUTH_5621d84cd665456094b55d2da6e3b3bb/gnocchi.78cf7664-e73b-4bb1-b10f-7341bbf5feea" 200 357 "GET http://172.18.0.2:8080/v1/AUTH_5621d84cd665456094b55d2da6e3b3bb/gnocchi.78cf7664-e73b-4bb1-b10f-7341bbf5feea?format=json&states=listing" "tx447601edea5643c5ae1f8-006929dc0e" "proxy-server 20" 0.0097 "-" 19 0
Nov 28 17:29:50 standalone proxy-server[128662]: 172.18.0.2 172.18.0.100 28/Nov/2025/17/29/50 GET /v1/AUTH_5621d84cd665456094b55d2da6e3b3bb/gnocchi.78cf7664-e73b-4bb1-b10f-7341bbf5feea%3Fformat%3Djson%26states%3Dlisting HTTP/1.0 200 - python-swiftclient-3.11.1 gAAAAABpKduKnPZ6... - 357 - tx447601edea5643c5ae1f8-006929dc0e - 0.0210 - - 1764350990.802977324 1764350990.824009180 0
Nov 28 17:29:50 standalone container-server[126535]: 172.20.0.100 - - [28/Nov/2025:17:29:50 +0000] "GET /d1/36/AUTH_5621d84cd665456094b55d2da6e3b3bb/gnocchi.78cf7664-e73b-4bb1-b10f-7341bbf5feea" 200 2 "GET http://172.18.0.2:8080/v1/AUTH_5621d84cd665456094b55d2da6e3b3bb/gnocchi.78cf7664-e73b-4bb1-b10f-7341bbf5feea?format=json&marker=none_v3&states=listing" "txdb83b1451f604d8dbc108-006929dc0e" "proxy-server 20" 0.0016 "-" 19 0
Nov 28 17:29:50 standalone proxy-server[128662]: 172.18.0.2 172.18.0.100 28/Nov/2025/17/29/50 GET /v1/AUTH_5621d84cd665456094b55d2da6e3b3bb/gnocchi.78cf7664-e73b-4bb1-b10f-7341bbf5feea%3Fformat%3Djson%26marker%3Dnone_v3%26states%3Dlisting HTTP/1.0 200 - python-swiftclient-3.11.1 gAAAAABpKduKnPZ6... - 2 - txdb83b1451f604d8dbc108-006929dc0e - 0.0079 - - 1764350990.826680422 1764350990.834571123 0
Nov 28 17:29:50 standalone object-server[126914]: 172.20.0.100 - - [28/Nov/2025:17:29:50 +0000] "GET /d1/267/AUTH_5621d84cd665456094b55d2da6e3b3bb/gnocchi.78cf7664-e73b-4bb1-b10f-7341bbf5feea/1763640000.0_mean_300.0_v3" 200 16 "GET http://172.18.0.2:8080/v1/AUTH_5621d84cd665456094b55d2da6e3b3bb/gnocchi.78cf7664-e73b-4bb1-b10f-7341bbf5feea/1763640000.0_mean_300.0_v3" "txf2b859af319f44d18af99-006929dc0e" "proxy-server 20" 0.0008 "-" 25 0
Nov 28 17:29:50 standalone proxy-server[128662]: 172.18.0.2 172.18.0.100 28/Nov/2025/17/29/50 GET /v1/AUTH_5621d84cd665456094b55d2da6e3b3bb/gnocchi.78cf7664-e73b-4bb1-b10f-7341bbf5feea/1763640000.0_mean_300.0_v3 HTTP/1.0 200 - python-swiftclient-3.11.1 gAAAAABpKduKnPZ6... - 16 - txf2b859af319f44d18af99-006929dc0e - 0.0056 - - 1764350990.837083101 1764350990.842643738 0
Nov 28 17:29:50 standalone container-server[126587]: 172.20.0.100 - - [28/Nov/2025:17:29:50 +0000] "PUT /d1/36/AUTH_5621d84cd665456094b55d2da6e3b3bb/gnocchi.78cf7664-e73b-4bb1-b10f-7341bbf5feea/1763640000.0_mean_300.0_v3" 201 - "PUT http://172.18.0.2:8080/d1/267/AUTH_5621d84cd665456094b55d2da6e3b3bb/gnocchi.78cf7664-e73b-4bb1-b10f-7341bbf5feea/1763640000.0_mean_300.0_v3" "txc326bea4eb07476e9e623-006929dc0e" "object-server 24" 0.0007 "-" 23 0
Nov 28 17:29:50 standalone object-server[126912]: 172.20.0.100 - - [28/Nov/2025:17:29:50 +0000] "PUT /d1/267/AUTH_5621d84cd665456094b55d2da6e3b3bb/gnocchi.78cf7664-e73b-4bb1-b10f-7341bbf5feea/1763640000.0_mean_300.0_v3" 201 - "PUT http://172.18.0.2:8080/v1/AUTH_5621d84cd665456094b55d2da6e3b3bb/gnocchi.78cf7664-e73b-4bb1-b10f-7341bbf5feea/1763640000.0_mean_300.0_v3" "txc326bea4eb07476e9e623-006929dc0e" "proxy-server 20" 0.0109 "-" 24 0
Nov 28 17:29:50 standalone proxy-server[128662]: 172.18.0.2 172.18.0.100 28/Nov/2025/17/29/50 PUT /v1/AUTH_5621d84cd665456094b55d2da6e3b3bb/gnocchi.78cf7664-e73b-4bb1-b10f-7341bbf5feea/1763640000.0_mean_300.0_v3 HTTP/1.0 201 - python-swiftclient-3.11.1 gAAAAABpKduKnPZ6... 16 - - txc326bea4eb07476e9e623-006929dc0e - 0.0160 - - 1764350990.844501257 1764350990.860515118 0
Nov 28 17:29:50 standalone container-server[126566]: 172.20.0.100 - - [28/Nov/2025:17:29:50 +0000] "PUT /d1/36/AUTH_5621d84cd665456094b55d2da6e3b3bb/gnocchi.78cf7664-e73b-4bb1-b10f-7341bbf5feea/none_v3" 201 - "PUT http://172.18.0.2:8080/d1/354/AUTH_5621d84cd665456094b55d2da6e3b3bb/gnocchi.78cf7664-e73b-4bb1-b10f-7341bbf5feea/none_v3" "txf3dac0d348f14211a3752-006929dc0e" "object-server 24" 0.0005 "-" 21 0
Nov 28 17:29:50 standalone object-server[126912]: 172.20.0.100 - - [28/Nov/2025:17:29:50 +0000] "PUT /d1/354/AUTH_5621d84cd665456094b55d2da6e3b3bb/gnocchi.78cf7664-e73b-4bb1-b10f-7341bbf5feea/none_v3" 201 - "PUT http://172.18.0.2:8080/v1/AUTH_5621d84cd665456094b55d2da6e3b3bb/gnocchi.78cf7664-e73b-4bb1-b10f-7341bbf5feea/none_v3" "txf3dac0d348f14211a3752-006929dc0e" "proxy-server 20" 0.0078 "-" 24 0
Nov 28 17:29:50 standalone proxy-server[128662]: 172.18.0.2 172.18.0.100 28/Nov/2025/17/29/50 PUT /v1/AUTH_5621d84cd665456094b55d2da6e3b3bb/gnocchi.78cf7664-e73b-4bb1-b10f-7341bbf5feea/none_v3 HTTP/1.0 201 - python-swiftclient-3.11.1 gAAAAABpKduKnPZ6... 46 - - txf3dac0d348f14211a3752-006929dc0e - 0.0273 - - 1764350990.865446091 1764350990.892729759 0
Nov 28 17:29:51 standalone object-server[126900]: 172.20.0.100 - - [28/Nov/2025:17:29:51 +0000] "GET /d1/354/AUTH_5621d84cd665456094b55d2da6e3b3bb/gnocchi.78cf7664-e73b-4bb1-b10f-7341bbf5feea/none_v3" 200 46 "GET http://172.18.0.2:8080/v1/AUTH_5621d84cd665456094b55d2da6e3b3bb/gnocchi.78cf7664-e73b-4bb1-b10f-7341bbf5feea/none_v3" "txa29c01fd3367421d83cae-006929dc0f" "proxy-server 20" 0.0010 "-" 22 0
Nov 28 17:29:51 standalone proxy-server[128662]: 172.18.0.2 172.18.0.100 28/Nov/2025/17/29/51 GET /v1/AUTH_5621d84cd665456094b55d2da6e3b3bb/gnocchi.78cf7664-e73b-4bb1-b10f-7341bbf5feea/none_v3 HTTP/1.0 200 - python-swiftclient-3.11.1 gAAAAABpKduKnPZ6... - 46 - txa29c01fd3367421d83cae-006929dc0f - 0.0074 - - 1764350991.419606924 1764350991.427051783 0
Nov 28 17:29:51 standalone container-server[126550]: 172.20.0.100 - - [28/Nov/2025:17:29:51 +0000] "GET /d1/36/AUTH_5621d84cd665456094b55d2da6e3b3bb/gnocchi.78cf7664-e73b-4bb1-b10f-7341bbf5feea" 200 357 "GET http://172.18.0.2:8080/v1/AUTH_5621d84cd665456094b55d2da6e3b3bb/gnocchi.78cf7664-e73b-4bb1-b10f-7341bbf5feea?format=json&states=listing" "txcab6728a53fc4bb590643-006929dc0f" "proxy-server 20" 0.0067 "-" 20 0
Nov 28 17:29:51 standalone proxy-server[128662]: 172.18.0.2 172.18.0.100 28/Nov/2025/17/29/51 GET /v1/AUTH_5621d84cd665456094b55d2da6e3b3bb/gnocchi.78cf7664-e73b-4bb1-b10f-7341bbf5feea%3Fformat%3Djson%26states%3Dlisting HTTP/1.0 200 - python-swiftclient-3.11.1 gAAAAABpKduKnPZ6... - 357 - txcab6728a53fc4bb590643-006929dc0f - 0.0179 - - 1764350991.429538250 1764350991.447464466 0
Nov 28 17:29:51 standalone container-server[126550]: 172.20.0.100 - - [28/Nov/2025:17:29:51 +0000] "GET /d1/36/AUTH_5621d84cd665456094b55d2da6e3b3bb/gnocchi.78cf7664-e73b-4bb1-b10f-7341bbf5feea" 200 2 "GET http://172.18.0.2:8080/v1/AUTH_5621d84cd665456094b55d2da6e3b3bb/gnocchi.78cf7664-e73b-4bb1-b10f-7341bbf5feea?format=json&marker=none_v3&states=listing" "tx93ff435220c1441897536-006929dc0f" "proxy-server 20" 0.0017 "-" 20 0
Nov 28 17:29:51 standalone proxy-server[128662]: 172.18.0.2 172.18.0.100 28/Nov/2025/17/29/51 GET /v1/AUTH_5621d84cd665456094b55d2da6e3b3bb/gnocchi.78cf7664-e73b-4bb1-b10f-7341bbf5feea%3Fformat%3Djson%26marker%3Dnone_v3%26states%3Dlisting HTTP/1.0 200 - python-swiftclient-3.11.1 gAAAAABpKduKnPZ6... - 2 - tx93ff435220c1441897536-006929dc0f - 0.0098 - - 1764350991.450301647 1764350991.460123301 0
Nov 28 17:29:51 standalone object-server[126912]: 172.20.0.100 - - [28/Nov/2025:17:29:51 +0000] "GET /d1/267/AUTH_5621d84cd665456094b55d2da6e3b3bb/gnocchi.78cf7664-e73b-4bb1-b10f-7341bbf5feea/1763640000.0_mean_300.0_v3" 200 16 "GET http://172.18.0.2:8080/v1/AUTH_5621d84cd665456094b55d2da6e3b3bb/gnocchi.78cf7664-e73b-4bb1-b10f-7341bbf5feea/1763640000.0_mean_300.0_v3" "tx40df75050d2a4dc89c38e-006929dc0f" "proxy-server 20" 0.0006 "-" 24 0
Nov 28 17:29:51 standalone proxy-server[128662]: 172.18.0.2 172.18.0.100 28/Nov/2025/17/29/51 GET /v1/AUTH_5621d84cd665456094b55d2da6e3b3bb/gnocchi.78cf7664-e73b-4bb1-b10f-7341bbf5feea/1763640000.0_mean_300.0_v3 HTTP/1.0 200 - python-swiftclient-3.11.1 gAAAAABpKduKnPZ6... - 16 - tx40df75050d2a4dc89c38e-006929dc0f - 0.0221 - - 1764350991.463099480 1764350991.485154152 0
Nov 28 17:29:51 standalone container-server[126566]: 172.20.0.100 - - [28/Nov/2025:17:29:51 +0000] "PUT /d1/36/AUTH_5621d84cd665456094b55d2da6e3b3bb/gnocchi.78cf7664-e73b-4bb1-b10f-7341bbf5feea/1763640000.0_mean_300.0_v3" 201 - "PUT http://172.18.0.2:8080/d1/267/AUTH_5621d84cd665456094b55d2da6e3b3bb/gnocchi.78cf7664-e73b-4bb1-b10f-7341bbf5feea/1763640000.0_mean_300.0_v3" "tx15d80e3f26a74675aef4d-006929dc0f" "object-server 25" 0.0005 "-" 21 0
Nov 28 17:29:51 standalone object-server[126914]: 172.20.0.100 - - [28/Nov/2025:17:29:51 +0000] "PUT /d1/267/AUTH_5621d84cd665456094b55d2da6e3b3bb/gnocchi.78cf7664-e73b-4bb1-b10f-7341bbf5feea/1763640000.0_mean_300.0_v3" 201 - "PUT http://172.18.0.2:8080/v1/AUTH_5621d84cd665456094b55d2da6e3b3bb/gnocchi.78cf7664-e73b-4bb1-b10f-7341bbf5feea/1763640000.0_mean_300.0_v3" "tx15d80e3f26a74675aef4d-006929dc0f" "proxy-server 20" 0.0089 "-" 25 0
Nov 28 17:29:51 standalone proxy-server[128662]: 172.18.0.2 172.18.0.100 28/Nov/2025/17/29/51 PUT /v1/AUTH_5621d84cd665456094b55d2da6e3b3bb/gnocchi.78cf7664-e73b-4bb1-b10f-7341bbf5feea/1763640000.0_mean_300.0_v3 HTTP/1.0 201 - python-swiftclient-3.11.1 gAAAAABpKduKnPZ6... 16 - - tx15d80e3f26a74675aef4d-006929dc0f - 0.0182 - - 1764350991.489240408 1764350991.507402658 0
Nov 28 17:29:51 standalone container-server[126566]: 172.20.0.100 - - [28/Nov/2025:17:29:51 +0000] "PUT /d1/36/AUTH_5621d84cd665456094b55d2da6e3b3bb/gnocchi.78cf7664-e73b-4bb1-b10f-7341bbf5feea/none_v3" 201 - "PUT http://172.18.0.2:8080/d1/354/AUTH_5621d84cd665456094b55d2da6e3b3bb/gnocchi.78cf7664-e73b-4bb1-b10f-7341bbf5feea/none_v3" "tx92e433a824bf4e0d8a6fc-006929dc0f" "object-server 22" 0.0004 "-" 21 0
Nov 28 17:29:51 standalone object-server[126900]: 172.20.0.100 - - [28/Nov/2025:17:29:51 +0000] "PUT /d1/354/AUTH_5621d84cd665456094b55d2da6e3b3bb/gnocchi.78cf7664-e73b-4bb1-b10f-7341bbf5feea/none_v3" 201 - "PUT http://172.18.0.2:8080/v1/AUTH_5621d84cd665456094b55d2da6e3b3bb/gnocchi.78cf7664-e73b-4bb1-b10f-7341bbf5feea/none_v3" "tx92e433a824bf4e0d8a6fc-006929dc0f" "proxy-server 20" 0.0082 "-" 22 0
Nov 28 17:29:51 standalone proxy-server[128662]: 172.18.0.2 172.18.0.100 28/Nov/2025/17/29/51 PUT /v1/AUTH_5621d84cd665456094b55d2da6e3b3bb/gnocchi.78cf7664-e73b-4bb1-b10f-7341bbf5feea/none_v3 HTTP/1.0 201 - python-swiftclient-3.11.1 gAAAAABpKduKnPZ6... 51 - - tx92e433a824bf4e0d8a6fc-006929dc0f - 0.0154 - - 1764350991.509964466 1764350991.525331259 0
Nov 28 17:29:54 standalone container-server[126587]: 172.20.0.100 - - [28/Nov/2025:17:29:54 +0000] "HEAD /d1/941/AUTH_5621d84cd665456094b55d2da6e3b3bb/gnocchi.7f258334-983c-42d3-9de6-d339b1452508" 404 - "HEAD http://172.18.0.2:8080/v1/AUTH_5621d84cd665456094b55d2da6e3b3bb/gnocchi.7f258334-983c-42d3-9de6-d339b1452508?format=json&states=listing" "tx5d4d3c747d374b03a42d6-006929dc12" "proxy-server 20" 0.0009 "-" 23 0
Nov 28 17:29:54 standalone object-server[126914]: 172.20.0.100 - - [28/Nov/2025:17:29:54 +0000] "GET /d1/429/AUTH_5621d84cd665456094b55d2da6e3b3bb/gnocchi.7f258334-983c-42d3-9de6-d339b1452508/none_v3" 404 70 "GET http://172.18.0.2:8080/v1/AUTH_5621d84cd665456094b55d2da6e3b3bb/gnocchi.7f258334-983c-42d3-9de6-d339b1452508/none_v3" "tx5d4d3c747d374b03a42d6-006929dc12" "proxy-server 20" 0.0009 "-" 25 0
Nov 28 17:29:54 standalone proxy-server[128662]: 172.18.0.2 172.18.0.100 28/Nov/2025/17/29/54 GET /v1/AUTH_5621d84cd665456094b55d2da6e3b3bb/gnocchi.7f258334-983c-42d3-9de6-d339b1452508/none_v3 HTTP/1.0 404 - python-swiftclient-3.11.1 gAAAAABpKduKnPZ6... - 70 - tx5d4d3c747d374b03a42d6-006929dc12 - 0.0157 - - 1764350994.203788996 1764350994.219523668 0
Nov 28 17:29:54 standalone account-server[126698]: 172.20.0.100 - - [28/Nov/2025:17:29:54 +0000] "PUT /d1/596/AUTH_5621d84cd665456094b55d2da6e3b3bb/gnocchi.7f258334-983c-42d3-9de6-d339b1452508" 201 - "PUT http://172.20.0.100:6001/d1/941/AUTH_5621d84cd665456094b55d2da6e3b3bb/gnocchi.7f258334-983c-42d3-9de6-d339b1452508" "txc7d95abe031b4e5cbaf73-006929dc12" "container-server 20" 0.0013 "-" 21 0
Nov 28 17:29:54 standalone container-server[126550]: 172.20.0.100 - - [28/Nov/2025:17:29:54 +0000] "PUT /d1/941/AUTH_5621d84cd665456094b55d2da6e3b3bb/gnocchi.7f258334-983c-42d3-9de6-d339b1452508" 201 - "PUT http://172.18.0.2:8080/v1/AUTH_5621d84cd665456094b55d2da6e3b3bb/gnocchi.7f258334-983c-42d3-9de6-d339b1452508" "txc7d95abe031b4e5cbaf73-006929dc12" "proxy-server 20" 0.0148 "-" 20 0
Nov 28 17:29:54 standalone proxy-server[128662]: 172.18.0.2 172.18.0.100 28/Nov/2025/17/29/54 PUT /v1/AUTH_5621d84cd665456094b55d2da6e3b3bb/gnocchi.7f258334-983c-42d3-9de6-d339b1452508 HTTP/1.0 201 - python-swiftclient-3.11.1 gAAAAABpKduKnPZ6... - - - txc7d95abe031b4e5cbaf73-006929dc12 - 0.0234 - - 1764350994.225270033 1764350994.248672247 0
Nov 28 17:29:54 standalone container-server[126587]: 172.20.0.100 - - [28/Nov/2025:17:29:54 +0000] "HEAD /d1/941/AUTH_5621d84cd665456094b55d2da6e3b3bb/gnocchi.7f258334-983c-42d3-9de6-d339b1452508" 204 - "HEAD http://172.18.0.2:8080/v1/AUTH_5621d84cd665456094b55d2da6e3b3bb/gnocchi.7f258334-983c-42d3-9de6-d339b1452508?format=json&states=listing" "tx5f6525262f054d9390ba3-006929dc12" "proxy-server 20" 0.0022 "-" 23 0
Nov 28 17:29:54 standalone proxy-server[128662]: - - 28/Nov/2025/17/29/54 HEAD /v1/AUTH_5621d84cd665456094b55d2da6e3b3bb/gnocchi.7f258334-983c-42d3-9de6-d339b1452508%3Fformat%3Djson%26states%3Dlisting HTTP/1.0 204 - Swift - - - - tx5f6525262f054d9390ba3-006929dc12 - 0.0068 RL - 1764350994.254964590 1764350994.261751413 0
Nov 28 17:29:54 standalone container-server[126535]: 172.20.0.100 - - [28/Nov/2025:17:29:54 +0000] "GET /d1/941/AUTH_5621d84cd665456094b55d2da6e3b3bb/gnocchi.7f258334-983c-42d3-9de6-d339b1452508" 200 2 "GET http://172.18.0.2:8080/v1/AUTH_5621d84cd665456094b55d2da6e3b3bb/gnocchi.7f258334-983c-42d3-9de6-d339b1452508?format=json&states=listing" "tx5f6525262f054d9390ba3-006929dc12" "proxy-server 20" 0.0018 "-" 19 0
Nov 28 17:29:54 standalone proxy-server[128662]: 172.18.0.2 172.18.0.100 28/Nov/2025/17/29/54 GET /v1/AUTH_5621d84cd665456094b55d2da6e3b3bb/gnocchi.7f258334-983c-42d3-9de6-d339b1452508%3Fformat%3Djson%26states%3Dlisting HTTP/1.0 200 - python-swiftclient-3.11.1 gAAAAABpKduKnPZ6... - 2 - tx5f6525262f054d9390ba3-006929dc12 - 0.0181 - - 1764350994.253687859 1764350994.271778822 0
Nov 28 17:29:54 standalone object-server[126914]: 172.20.0.100 - - [28/Nov/2025:17:29:54 +0000] "GET /d1/769/AUTH_5621d84cd665456094b55d2da6e3b3bb/gnocchi.7f258334-983c-42d3-9de6-d339b1452508/1763640000.0_mean_300.0_v3" 404 70 "GET http://172.18.0.2:8080/v1/AUTH_5621d84cd665456094b55d2da6e3b3bb/gnocchi.7f258334-983c-42d3-9de6-d339b1452508/1763640000.0_mean_300.0_v3" "tx13642cbbdf7049bdb5ceb-006929dc12" "proxy-server 20" 0.0005 "-" 25 0
Nov 28 17:29:54 standalone proxy-server[128662]: 172.18.0.2 172.18.0.100 28/Nov/2025/17/29/54 GET /v1/AUTH_5621d84cd665456094b55d2da6e3b3bb/gnocchi.7f258334-983c-42d3-9de6-d339b1452508/1763640000.0_mean_300.0_v3 HTTP/1.0 404 - python-swiftclient-3.11.1 gAAAAABpKduKnPZ6... - 70 - tx13642cbbdf7049bdb5ceb-006929dc12 - 0.0071 - - 1764350994.275830746 1764350994.282902718 0
Nov 28 17:29:54 standalone container-server[126587]: 172.20.0.100 - - [28/Nov/2025:17:29:54 +0000] "PUT /d1/941/AUTH_5621d84cd665456094b55d2da6e3b3bb/gnocchi.7f258334-983c-42d3-9de6-d339b1452508/1763640000.0_mean_300.0_v3" 201 - "PUT http://172.18.0.2:8080/d1/769/AUTH_5621d84cd665456094b55d2da6e3b3bb/gnocchi.7f258334-983c-42d3-9de6-d339b1452508/1763640000.0_mean_300.0_v3" "tx80ceed5f5aeb4627bc3a6-006929dc12" "object-server 25" 0.0009 "-" 23 0
Nov 28 17:29:54 standalone object-server[126914]: 172.20.0.100 - - [28/Nov/2025:17:29:54 +0000] "PUT /d1/769/AUTH_5621d84cd665456094b55d2da6e3b3bb/gnocchi.7f258334-983c-42d3-9de6-d339b1452508/1763640000.0_mean_300.0_v3" 201 - "PUT http://172.18.0.2:8080/v1/AUTH_5621d84cd665456094b55d2da6e3b3bb/gnocchi.7f258334-983c-42d3-9de6-d339b1452508/1763640000.0_mean_300.0_v3" "tx80ceed5f5aeb4627bc3a6-006929dc12" "proxy-server 20" 0.0123 "-" 25 0
Nov 28 17:29:54 standalone proxy-server[128662]: 172.18.0.2 172.18.0.100 28/Nov/2025/17/29/54 PUT /v1/AUTH_5621d84cd665456094b55d2da6e3b3bb/gnocchi.7f258334-983c-42d3-9de6-d339b1452508/1763640000.0_mean_300.0_v3 HTTP/1.0 201 - python-swiftclient-3.11.1 gAAAAABpKduKnPZ6... 16 - - tx80ceed5f5aeb4627bc3a6-006929dc12 - 0.0198 - - 1764350994.286065340 1764350994.305856228 0
Nov 28 17:29:54 standalone container-server[126566]: 172.20.0.100 - - [28/Nov/2025:17:29:54 +0000] "PUT /d1/941/AUTH_5621d84cd665456094b55d2da6e3b3bb/gnocchi.7f258334-983c-42d3-9de6-d339b1452508/none_v3" 201 - "PUT http://172.18.0.2:8080/d1/429/AUTH_5621d84cd665456094b55d2da6e3b3bb/gnocchi.7f258334-983c-42d3-9de6-d339b1452508/none_v3" "txc8ecdf66a689425ba07eb-006929dc12" "object-server 23" 0.0005 "-" 21 0
Nov 28 17:29:54 standalone object-server[126904]: 172.20.0.100 - - [28/Nov/2025:17:29:54 +0000] "PUT /d1/429/AUTH_5621d84cd665456094b55d2da6e3b3bb/gnocchi.7f258334-983c-42d3-9de6-d339b1452508/none_v3" 201 - "PUT http://172.18.0.2:8080/v1/AUTH_5621d84cd665456094b55d2da6e3b3bb/gnocchi.7f258334-983c-42d3-9de6-d339b1452508/none_v3" "txc8ecdf66a689425ba07eb-006929dc12" "proxy-server 20" 0.0099 "-" 23 0
Nov 28 17:29:54 standalone proxy-server[128662]: 172.18.0.2 172.18.0.100 28/Nov/2025/17/29/54 PUT /v1/AUTH_5621d84cd665456094b55d2da6e3b3bb/gnocchi.7f258334-983c-42d3-9de6-d339b1452508/none_v3 HTTP/1.0 201 - python-swiftclient-3.11.1 gAAAAABpKduKnPZ6... 22 - - txc8ecdf66a689425ba07eb-006929dc12 - 0.0176 - - 1764350994.310323954 1764350994.327968836 0
Nov 28 17:29:54 standalone container-server[126535]: 172.20.0.100 - - [28/Nov/2025:17:29:54 +0000] "HEAD /d1/269/AUTH_5621d84cd665456094b55d2da6e3b3bb/gnocchi.b0034230-4ae4-460d-922c-c4299d0fa483" 404 - "HEAD http://172.18.0.2:8080/v1/AUTH_5621d84cd665456094b55d2da6e3b3bb/gnocchi.b0034230-4ae4-460d-922c-c4299d0fa483?format=json&states=listing" "tx56c431f622fb433699f8c-006929dc12" "proxy-server 20" 0.0003 "-" 19 0
Nov 28 17:29:54 standalone object-server[126900]: 172.20.0.100 - - [28/Nov/2025:17:29:54 +0000] "GET /d1/999/AUTH_5621d84cd665456094b55d2da6e3b3bb/gnocchi.b0034230-4ae4-460d-922c-c4299d0fa483/none_v3" 404 70 "GET http://172.18.0.2:8080/v1/AUTH_5621d84cd665456094b55d2da6e3b3bb/gnocchi.b0034230-4ae4-460d-922c-c4299d0fa483/none_v3" "tx56c431f622fb433699f8c-006929dc12" "proxy-server 20" 0.0006 "-" 22 0
Nov 28 17:29:54 standalone proxy-server[128662]: 172.18.0.2 172.18.0.100 28/Nov/2025/17/29/54 GET /v1/AUTH_5621d84cd665456094b55d2da6e3b3bb/gnocchi.b0034230-4ae4-460d-922c-c4299d0fa483/none_v3 HTTP/1.0 404 - python-swiftclient-3.11.1 gAAAAABpKduKnPZ6... - 70 - tx56c431f622fb433699f8c-006929dc12 - 0.0119 - - 1764350994.345497608 1764350994.357387066 0
Nov 28 17:29:54 standalone account-server[126702]: 172.20.0.100 - - [28/Nov/2025:17:29:54 +0000] "PUT /d1/596/AUTH_5621d84cd665456094b55d2da6e3b3bb/gnocchi.b0034230-4ae4-460d-922c-c4299d0fa483" 201 - "PUT http://172.20.0.100:6001/d1/269/AUTH_5621d84cd665456094b55d2da6e3b3bb/gnocchi.b0034230-4ae4-460d-922c-c4299d0fa483" "txb46a359bbb114032b4c8e-006929dc12" "container-server 20" 0.0076 "-" 22 0
Nov 28 17:29:54 standalone container-server[126550]: 172.20.0.100 - - [28/Nov/2025:17:29:54 +0000] "PUT /d1/269/AUTH_5621d84cd665456094b55d2da6e3b3bb/gnocchi.b0034230-4ae4-460d-922c-c4299d0fa483" 201 - "PUT http://172.18.0.2:8080/v1/AUTH_5621d84cd665456094b55d2da6e3b3bb/gnocchi.b0034230-4ae4-460d-922c-c4299d0fa483" "txb46a359bbb114032b4c8e-006929dc12" "proxy-server 20" 0.0251 "-" 20 0
Nov 28 17:29:54 standalone proxy-server[128662]: 172.18.0.2 172.18.0.100 28/Nov/2025/17/29/54 PUT /v1/AUTH_5621d84cd665456094b55d2da6e3b3bb/gnocchi.b0034230-4ae4-460d-922c-c4299d0fa483 HTTP/1.0 201 - python-swiftclient-3.11.1 gAAAAABpKduKnPZ6... - - - txb46a359bbb114032b4c8e-006929dc12 - 0.0344 - - 1764350994.361397743 1764350994.395801783 0
Nov 28 17:29:54 standalone container-server[126535]: 172.20.0.100 - - [28/Nov/2025:17:29:54 +0000] "HEAD /d1/269/AUTH_5621d84cd665456094b55d2da6e3b3bb/gnocchi.b0034230-4ae4-460d-922c-c4299d0fa483" 204 - "HEAD http://172.18.0.2:8080/v1/AUTH_5621d84cd665456094b55d2da6e3b3bb/gnocchi.b0034230-4ae4-460d-922c-c4299d0fa483?format=json&states=listing" "txd56969777a6f4e84b70cf-006929dc12" "proxy-server 20" 0.0011 "-" 19 0
Nov 28 17:29:54 standalone proxy-server[128662]: - - 28/Nov/2025/17/29/54 HEAD /v1/AUTH_5621d84cd665456094b55d2da6e3b3bb/gnocchi.b0034230-4ae4-460d-922c-c4299d0fa483%3Fformat%3Djson%26states%3Dlisting HTTP/1.0 204 - Swift - - - - txd56969777a6f4e84b70cf-006929dc12 - 0.0046 RL - 1764350994.401713133 1764350994.406319141 0
Nov 28 17:29:54 standalone container-server[126535]: 172.20.0.100 - - [28/Nov/2025:17:29:54 +0000] "GET /d1/269/AUTH_5621d84cd665456094b55d2da6e3b3bb/gnocchi.b0034230-4ae4-460d-922c-c4299d0fa483" 200 2 "GET http://172.18.0.2:8080/v1/AUTH_5621d84cd665456094b55d2da6e3b3bb/gnocchi.b0034230-4ae4-460d-922c-c4299d0fa483?format=json&states=listing" "txd56969777a6f4e84b70cf-006929dc12" "proxy-server 20" 0.0035 "-" 19 0
Nov 28 17:29:54 standalone proxy-server[128662]: 172.18.0.2 172.18.0.100 28/Nov/2025/17/29/54 GET /v1/AUTH_5621d84cd665456094b55d2da6e3b3bb/gnocchi.b0034230-4ae4-460d-922c-c4299d0fa483%3Fformat%3Djson%26states%3Dlisting HTTP/1.0 200 - python-swiftclient-3.11.1 gAAAAABpKduKnPZ6... - 2 - txd56969777a6f4e84b70cf-006929dc12 - 0.0197 - - 1764350994.400309324 1764350994.420057774 0
Nov 28 17:29:54 standalone object-server[126900]: 172.20.0.100 - - [28/Nov/2025:17:29:54 +0000] "GET /d1/1010/AUTH_5621d84cd665456094b55d2da6e3b3bb/gnocchi.b0034230-4ae4-460d-922c-c4299d0fa483/1763640000.0_mean_300.0_v3" 404 70 "GET http://172.18.0.2:8080/v1/AUTH_5621d84cd665456094b55d2da6e3b3bb/gnocchi.b0034230-4ae4-460d-922c-c4299d0fa483/1763640000.0_mean_300.0_v3" "tx1b3f9f533a6f40b4b056c-006929dc12" "proxy-server 20" 0.0008 "-" 22 0
Nov 28 17:29:54 standalone proxy-server[128662]: 172.18.0.2 172.18.0.100 28/Nov/2025/17/29/54 GET /v1/AUTH_5621d84cd665456094b55d2da6e3b3bb/gnocchi.b0034230-4ae4-460d-922c-c4299d0fa483/1763640000.0_mean_300.0_v3 HTTP/1.0 404 - python-swiftclient-3.11.1 gAAAAABpKduKnPZ6... - 70 - tx1b3f9f533a6f40b4b056c-006929dc12 - 0.0111 - - 1764350994.426604509 1764350994.437741518 0
Nov 28 17:29:54 standalone container-server[126566]: 172.20.0.100 - - [28/Nov/2025:17:29:54 +0000] "PUT /d1/269/AUTH_5621d84cd665456094b55d2da6e3b3bb/gnocchi.b0034230-4ae4-460d-922c-c4299d0fa483/1763640000.0_mean_300.0_v3" 201 - "PUT http://172.18.0.2:8080/d1/1010/AUTH_5621d84cd665456094b55d2da6e3b3bb/gnocchi.b0034230-4ae4-460d-922c-c4299d0fa483/1763640000.0_mean_300.0_v3" "txf1597e3a7e1247acb24d4-006929dc12" "object-server 25" 0.0006 "-" 21 0
Nov 28 17:29:54 standalone object-server[126914]: 172.20.0.100 - - [28/Nov/2025:17:29:54 +0000] "PUT /d1/1010/AUTH_5621d84cd665456094b55d2da6e3b3bb/gnocchi.b0034230-4ae4-460d-922c-c4299d0fa483/1763640000.0_mean_300.0_v3" 201 - "PUT http://172.18.0.2:8080/v1/AUTH_5621d84cd665456094b55d2da6e3b3bb/gnocchi.b0034230-4ae4-460d-922c-c4299d0fa483/1763640000.0_mean_300.0_v3" "txf1597e3a7e1247acb24d4-006929dc12" "proxy-server 20" 0.0111 "-" 25 0
Nov 28 17:29:54 standalone proxy-server[128662]: 172.18.0.2 172.18.0.100 28/Nov/2025/17/29/54 PUT /v1/AUTH_5621d84cd665456094b55d2da6e3b3bb/gnocchi.b0034230-4ae4-460d-922c-c4299d0fa483/1763640000.0_mean_300.0_v3 HTTP/1.0 201 - python-swiftclient-3.11.1 gAAAAABpKduKnPZ6... 16 - - txf1597e3a7e1247acb24d4-006929dc12 - 0.0219 - - 1764350994.443410635 1764350994.465310574 0
Nov 28 17:29:54 standalone container-server[126535]: 172.20.0.100 - - [28/Nov/2025:17:29:54 +0000] "PUT /d1/269/AUTH_5621d84cd665456094b55d2da6e3b3bb/gnocchi.b0034230-4ae4-460d-922c-c4299d0fa483/none_v3" 201 - "PUT http://172.18.0.2:8080/d1/999/AUTH_5621d84cd665456094b55d2da6e3b3bb/gnocchi.b0034230-4ae4-460d-922c-c4299d0fa483/none_v3" "txff464909c891449382469-006929dc12" "object-server 23" 0.0008 "-" 19 0
Nov 28 17:29:54 standalone object-server[126904]: 172.20.0.100 - - [28/Nov/2025:17:29:54 +0000] "PUT /d1/999/AUTH_5621d84cd665456094b55d2da6e3b3bb/gnocchi.b0034230-4ae4-460d-922c-c4299d0fa483/none_v3" 201 - "PUT http://172.18.0.2:8080/v1/AUTH_5621d84cd665456094b55d2da6e3b3bb/gnocchi.b0034230-4ae4-460d-922c-c4299d0fa483/none_v3" "txff464909c891449382469-006929dc12" "proxy-server 20" 0.0151 "-" 23 0
Nov 28 17:29:54 standalone proxy-server[128662]: 172.18.0.2 172.18.0.100 28/Nov/2025/17/29/54 PUT /v1/AUTH_5621d84cd665456094b55d2da6e3b3bb/gnocchi.b0034230-4ae4-460d-922c-c4299d0fa483/none_v3 HTTP/1.0 201 - python-swiftclient-3.11.1 gAAAAABpKduKnPZ6... 22 - - txff464909c891449382469-006929dc12 - 0.0289 - - 1764350994.471499205 1764350994.500401974 0
Nov 28 17:29:54 standalone container-server[126587]: 172.20.0.100 - - [28/Nov/2025:17:29:54 +0000] "HEAD /d1/953/AUTH_5621d84cd665456094b55d2da6e3b3bb/gnocchi.88845a69-26b1-456d-aec6-0bcb8d477321" 404 - "HEAD http://172.18.0.2:8080/v1/AUTH_5621d84cd665456094b55d2da6e3b3bb/gnocchi.88845a69-26b1-456d-aec6-0bcb8d477321?format=json&states=listing" "txeabf3dea5c4449b580512-006929dc12" "proxy-server 20" 0.0006 "-" 23 0
Nov 28 17:29:54 standalone object-server[126900]: 172.20.0.100 - - [28/Nov/2025:17:29:54 +0000] "GET /d1/474/AUTH_5621d84cd665456094b55d2da6e3b3bb/gnocchi.88845a69-26b1-456d-aec6-0bcb8d477321/none_v3" 404 70 "GET http://172.18.0.2:8080/v1/AUTH_5621d84cd665456094b55d2da6e3b3bb/gnocchi.88845a69-26b1-456d-aec6-0bcb8d477321/none_v3" "txeabf3dea5c4449b580512-006929dc12" "proxy-server 20" 0.0005 "-" 22 0
Nov 28 17:29:54 standalone proxy-server[128662]: 172.18.0.2 172.18.0.100 28/Nov/2025/17/29/54 GET /v1/AUTH_5621d84cd665456094b55d2da6e3b3bb/gnocchi.88845a69-26b1-456d-aec6-0bcb8d477321/none_v3 HTTP/1.0 404 - python-swiftclient-3.11.1 gAAAAABpKduKnPZ6... - 70 - txeabf3dea5c4449b580512-006929dc12 - 0.0193 - - 1764350994.518467188 1764350994.537746191 0
Nov 28 17:29:54 standalone account-server[126698]: 172.20.0.100 - - [28/Nov/2025:17:29:54 +0000] "PUT /d1/596/AUTH_5621d84cd665456094b55d2da6e3b3bb/gnocchi.88845a69-26b1-456d-aec6-0bcb8d477321" 201 - "PUT http://172.20.0.100:6001/d1/953/AUTH_5621d84cd665456094b55d2da6e3b3bb/gnocchi.88845a69-26b1-456d-aec6-0bcb8d477321" "tx5414d2c8ef2f459cb62b0-006929dc12" "container-server 23" 0.0052 "-" 21 0
Nov 28 17:29:54 standalone container-server[126587]: 172.20.0.100 - - [28/Nov/2025:17:29:54 +0000] "PUT /d1/953/AUTH_5621d84cd665456094b55d2da6e3b3bb/gnocchi.88845a69-26b1-456d-aec6-0bcb8d477321" 201 - "PUT http://172.18.0.2:8080/v1/AUTH_5621d84cd665456094b55d2da6e3b3bb/gnocchi.88845a69-26b1-456d-aec6-0bcb8d477321" "tx5414d2c8ef2f459cb62b0-006929dc12" "proxy-server 20" 0.0204 "-" 23 0
Nov 28 17:29:54 standalone proxy-server[128662]: 172.18.0.2 172.18.0.100 28/Nov/2025/17/29/54 PUT /v1/AUTH_5621d84cd665456094b55d2da6e3b3bb/gnocchi.88845a69-26b1-456d-aec6-0bcb8d477321 HTTP/1.0 201 - python-swiftclient-3.11.1 gAAAAABpKduKnPZ6... - - - tx5414d2c8ef2f459cb62b0-006929dc12 - 0.0275 - - 1764350994.542324543 1764350994.569795370 0
Nov 28 17:29:54 standalone container-server[126550]: 172.20.0.100 - - [28/Nov/2025:17:29:54 +0000] "HEAD /d1/953/AUTH_5621d84cd665456094b55d2da6e3b3bb/gnocchi.88845a69-26b1-456d-aec6-0bcb8d477321" 204 - "HEAD http://172.18.0.2:8080/v1/AUTH_5621d84cd665456094b55d2da6e3b3bb/gnocchi.88845a69-26b1-456d-aec6-0bcb8d477321?format=json&states=listing" "txfb9dbbae9d394cf295a37-006929dc12" "proxy-server 20" 0.0021 "-" 20 0
Nov 28 17:29:54 standalone proxy-server[128662]: - - 28/Nov/2025/17/29/54 HEAD /v1/AUTH_5621d84cd665456094b55d2da6e3b3bb/gnocchi.88845a69-26b1-456d-aec6-0bcb8d477321%3Fformat%3Djson%26states%3Dlisting HTTP/1.0 204 - Swift - - - - txfb9dbbae9d394cf295a37-006929dc12 - 0.0055 RL - 1764350994.572959423 1764350994.578421593 0
Nov 28 17:29:54 standalone container-server[126535]: 172.20.0.100 - - [28/Nov/2025:17:29:54 +0000] "GET /d1/953/AUTH_5621d84cd665456094b55d2da6e3b3bb/gnocchi.88845a69-26b1-456d-aec6-0bcb8d477321" 200 2 "GET http://172.18.0.2:8080/v1/AUTH_5621d84cd665456094b55d2da6e3b3bb/gnocchi.88845a69-26b1-456d-aec6-0bcb8d477321?format=json&states=listing" "txfb9dbbae9d394cf295a37-006929dc12" "proxy-server 20" 0.0018 "-" 19 0
Nov 28 17:29:54 standalone proxy-server[128662]: 172.18.0.2 172.18.0.100 28/Nov/2025/17/29/54 GET /v1/AUTH_5621d84cd665456094b55d2da6e3b3bb/gnocchi.88845a69-26b1-456d-aec6-0bcb8d477321%3Fformat%3Djson%26states%3Dlisting HTTP/1.0 200 - python-swiftclient-3.11.1 gAAAAABpKduKnPZ6... - 2 - txfb9dbbae9d394cf295a37-006929dc12 - 0.0131 - - 1764350994.572015762 1764350994.585081816 0
Nov 28 17:29:54 standalone object-server[126912]: 172.20.0.100 - - [28/Nov/2025:17:29:54 +0000] "GET /d1/765/AUTH_5621d84cd665456094b55d2da6e3b3bb/gnocchi.88845a69-26b1-456d-aec6-0bcb8d477321/1763640000.0_mean_300.0_v3" 404 70 "GET http://172.18.0.2:8080/v1/AUTH_5621d84cd665456094b55d2da6e3b3bb/gnocchi.88845a69-26b1-456d-aec6-0bcb8d477321/1763640000.0_mean_300.0_v3" "tx715b6f11d9344d2aacc74-006929dc12" "proxy-server 20" 0.0004 "-" 24 0
Nov 28 17:29:54 standalone proxy-server[128662]: 172.18.0.2 172.18.0.100 28/Nov/2025/17/29/54 GET /v1/AUTH_5621d84cd665456094b55d2da6e3b3bb/gnocchi.88845a69-26b1-456d-aec6-0bcb8d477321/1763640000.0_mean_300.0_v3 HTTP/1.0 404 - python-swiftclient-3.11.1 gAAAAABpKduKnPZ6... - 70 - tx715b6f11d9344d2aacc74-006929dc12 - 0.0123 - - 1764350994.588972092 1764350994.601303577 0
Nov 28 17:29:54 standalone container-server[126566]: 172.20.0.100 - - [28/Nov/2025:17:29:54 +0000] "PUT /d1/953/AUTH_5621d84cd665456094b55d2da6e3b3bb/gnocchi.88845a69-26b1-456d-aec6-0bcb8d477321/1763640000.0_mean_300.0_v3" 201 - "PUT http://172.18.0.2:8080/d1/765/AUTH_5621d84cd665456094b55d2da6e3b3bb/gnocchi.88845a69-26b1-456d-aec6-0bcb8d477321/1763640000.0_mean_300.0_v3" "tx21028f2f7ad74d888eccd-006929dc12" "object-server 22" 0.0010 "-" 21 0
Nov 28 17:29:54 standalone object-server[126900]: 172.20.0.100 - - [28/Nov/2025:17:29:54 +0000] "PUT /d1/765/AUTH_5621d84cd665456094b55d2da6e3b3bb/gnocchi.88845a69-26b1-456d-aec6-0bcb8d477321/1763640000.0_mean_300.0_v3" 201 - "PUT http://172.18.0.2:8080/v1/AUTH_5621d84cd665456094b55d2da6e3b3bb/gnocchi.88845a69-26b1-456d-aec6-0bcb8d477321/1763640000.0_mean_300.0_v3" "tx21028f2f7ad74d888eccd-006929dc12" "proxy-server 20" 0.0154 "-" 22 0
Nov 28 17:29:54 standalone proxy-server[128662]: 172.18.0.2 172.18.0.100 28/Nov/2025/17/29/54 PUT /v1/AUTH_5621d84cd665456094b55d2da6e3b3bb/gnocchi.88845a69-26b1-456d-aec6-0bcb8d477321/1763640000.0_mean_300.0_v3 HTTP/1.0 201 - python-swiftclient-3.11.1 gAAAAABpKduKnPZ6... 16 - - tx21028f2f7ad74d888eccd-006929dc12 - 0.0236 - - 1764350994.604522467 1764350994.628077984 0
Nov 28 17:29:54 standalone container-server[126535]: 172.20.0.100 - - [28/Nov/2025:17:29:54 +0000] "PUT /d1/953/AUTH_5621d84cd665456094b55d2da6e3b3bb/gnocchi.88845a69-26b1-456d-aec6-0bcb8d477321/none_v3" 201 - "PUT http://172.18.0.2:8080/d1/474/AUTH_5621d84cd665456094b55d2da6e3b3bb/gnocchi.88845a69-26b1-456d-aec6-0bcb8d477321/none_v3" "txf6021ec1748a4b2c92dba-006929dc12" "object-server 25" 0.0010 "-" 19 0
