Nov 28 17:30:21 standalone account-server[126675]: 172.20.0.100 - - [28/Nov/2025:17:30:21 +0000] "PUT /d1/596/AUTH_5621d84cd665456094b55d2da6e3b3bb/gnocchi.70090b89-1abd-449e-b7a1-c9a7ada0967e" 201 - "PUT http://172.20.0.100:6001/d1/453/AUTH_5621d84cd665456094b55d2da6e3b3bb/gnocchi.70090b89-1abd-449e-b7a1-c9a7ada0967e" "txba6af21a6d64425b8d97f-006929dc2d" "container-server 20" 0.0076 "-" 20 0
Nov 28 17:30:21 standalone container-server[126550]: 172.20.0.100 - - [28/Nov/2025:17:30:21 +0000] "PUT /d1/453/AUTH_5621d84cd665456094b55d2da6e3b3bb/gnocchi.70090b89-1abd-449e-b7a1-c9a7ada0967e" 201 - "PUT http://172.18.0.2:8080/v1/AUTH_5621d84cd665456094b55d2da6e3b3bb/gnocchi.70090b89-1abd-449e-b7a1-c9a7ada0967e" "txba6af21a6d64425b8d97f-006929dc2d" "proxy-server 20" 0.0202 "-" 20 0
Nov 28 17:30:21 standalone proxy-server[128662]: 172.18.0.2 172.18.0.100 28/Nov/2025/17/30/21 PUT /v1/AUTH_5621d84cd665456094b55d2da6e3b3bb/gnocchi.70090b89-1abd-449e-b7a1-c9a7ada0967e HTTP/1.0 201 - python-swiftclient-3.11.1 gAAAAABpKduKnPZ6... - - - txba6af21a6d64425b8d97f-006929dc2d - 0.0257 - - 1764351021.826577425 1764351021.852240086 0
Nov 28 17:30:21 standalone container-server[126587]: 172.20.0.100 - - [28/Nov/2025:17:30:21 +0000] "HEAD /d1/453/AUTH_5621d84cd665456094b55d2da6e3b3bb/gnocchi.70090b89-1abd-449e-b7a1-c9a7ada0967e" 204 - "HEAD http://172.18.0.2:8080/v1/AUTH_5621d84cd665456094b55d2da6e3b3bb/gnocchi.70090b89-1abd-449e-b7a1-c9a7ada0967e?format=json&states=listing" "txe3c5f219302c44148e672-006929dc2d" "proxy-server 20" 0.0016 "-" 23 0
Nov 28 17:30:21 standalone proxy-server[128662]: - - 28/Nov/2025/17/30/21 HEAD /v1/AUTH_5621d84cd665456094b55d2da6e3b3bb/gnocchi.70090b89-1abd-449e-b7a1-c9a7ada0967e%3Fformat%3Djson%26states%3Dlisting HTTP/1.0 204 - Swift - - - - txe3c5f219302c44148e672-006929dc2d - 0.0048 RL - 1764351021.855772257 1764351021.860578775 0
Nov 28 17:30:21 standalone container-server[126587]: 172.20.0.100 - - [28/Nov/2025:17:30:21 +0000] "GET /d1/453/AUTH_5621d84cd665456094b55d2da6e3b3bb/gnocchi.70090b89-1abd-449e-b7a1-c9a7ada0967e" 200 2 "GET http://172.18.0.2:8080/v1/AUTH_5621d84cd665456094b55d2da6e3b3bb/gnocchi.70090b89-1abd-449e-b7a1-c9a7ada0967e?format=json&states=listing" "txe3c5f219302c44148e672-006929dc2d" "proxy-server 20" 0.0020 "-" 23 0
Nov 28 17:30:21 standalone proxy-server[128662]: 172.18.0.2 172.18.0.100 28/Nov/2025/17/30/21 GET /v1/AUTH_5621d84cd665456094b55d2da6e3b3bb/gnocchi.70090b89-1abd-449e-b7a1-c9a7ada0967e%3Fformat%3Djson%26states%3Dlisting HTTP/1.0 200 - python-swiftclient-3.11.1 gAAAAABpKduKnPZ6... - 2 - txe3c5f219302c44148e672-006929dc2d - 0.0130 - - 1764351021.854677916 1764351021.867724180 0
Nov 28 17:30:21 standalone object-server[126914]: 172.20.0.100 - - [28/Nov/2025:17:30:21 +0000] "GET /d1/501/AUTH_5621d84cd665456094b55d2da6e3b3bb/gnocchi.70090b89-1abd-449e-b7a1-c9a7ada0967e/1763640000.0_mean_300.0_v3" 404 70 "GET http://172.18.0.2:8080/v1/AUTH_5621d84cd665456094b55d2da6e3b3bb/gnocchi.70090b89-1abd-449e-b7a1-c9a7ada0967e/1763640000.0_mean_300.0_v3" "txba22cc28acae42eaa32f4-006929dc2d" "proxy-server 20" 0.0004 "-" 25 0
Nov 28 17:30:21 standalone proxy-server[128662]: 172.18.0.2 172.18.0.100 28/Nov/2025/17/30/21 GET /v1/AUTH_5621d84cd665456094b55d2da6e3b3bb/gnocchi.70090b89-1abd-449e-b7a1-c9a7ada0967e/1763640000.0_mean_300.0_v3 HTTP/1.0 404 - python-swiftclient-3.11.1 gAAAAABpKduKnPZ6... - 70 - txba22cc28acae42eaa32f4-006929dc2d - 0.0054 - - 1764351021.870012760 1764351021.875364542 0
Nov 28 17:30:21 standalone container-server[126566]: 172.20.0.100 - - [28/Nov/2025:17:30:21 +0000] "PUT /d1/453/AUTH_5621d84cd665456094b55d2da6e3b3bb/gnocchi.70090b89-1abd-449e-b7a1-c9a7ada0967e/1763640000.0_mean_300.0_v3" 201 - "PUT http://172.18.0.2:8080/d1/501/AUTH_5621d84cd665456094b55d2da6e3b3bb/gnocchi.70090b89-1abd-449e-b7a1-c9a7ada0967e/1763640000.0_mean_300.0_v3" "tx7f728ca433854989bffbd-006929dc2d" "object-server 23" 0.0004 "-" 21 0
Nov 28 17:30:21 standalone object-server[126904]: 172.20.0.100 - - [28/Nov/2025:17:30:21 +0000] "PUT /d1/501/AUTH_5621d84cd665456094b55d2da6e3b3bb/gnocchi.70090b89-1abd-449e-b7a1-c9a7ada0967e/1763640000.0_mean_300.0_v3" 201 - "PUT http://172.18.0.2:8080/v1/AUTH_5621d84cd665456094b55d2da6e3b3bb/gnocchi.70090b89-1abd-449e-b7a1-c9a7ada0967e/1763640000.0_mean_300.0_v3" "tx7f728ca433854989bffbd-006929dc2d" "proxy-server 20" 0.0098 "-" 23 0
Nov 28 17:30:21 standalone proxy-server[128662]: 172.18.0.2 172.18.0.100 28/Nov/2025/17/30/21 PUT /v1/AUTH_5621d84cd665456094b55d2da6e3b3bb/gnocchi.70090b89-1abd-449e-b7a1-c9a7ada0967e/1763640000.0_mean_300.0_v3 HTTP/1.0 201 - python-swiftclient-3.11.1 gAAAAABpKduKnPZ6... 16 - - tx7f728ca433854989bffbd-006929dc2d - 0.0152 - - 1764351021.877379179 1764351021.892546654 0
Nov 28 17:30:21 standalone container-server[126587]: 172.20.0.100 - - [28/Nov/2025:17:30:21 +0000] "PUT /d1/453/AUTH_5621d84cd665456094b55d2da6e3b3bb/gnocchi.70090b89-1abd-449e-b7a1-c9a7ada0967e/none_v3" 201 - "PUT http://172.18.0.2:8080/d1/93/AUTH_5621d84cd665456094b55d2da6e3b3bb/gnocchi.70090b89-1abd-449e-b7a1-c9a7ada0967e/none_v3" "tx3abc1f06b28241c6aa16d-006929dc2d" "object-server 24" 0.0006 "-" 23 0
Nov 28 17:30:21 standalone object-server[126912]: 172.20.0.100 - - [28/Nov/2025:17:30:21 +0000] "PUT /d1/93/AUTH_5621d84cd665456094b55d2da6e3b3bb/gnocchi.70090b89-1abd-449e-b7a1-c9a7ada0967e/none_v3" 201 - "PUT http://172.18.0.2:8080/v1/AUTH_5621d84cd665456094b55d2da6e3b3bb/gnocchi.70090b89-1abd-449e-b7a1-c9a7ada0967e/none_v3" "tx3abc1f06b28241c6aa16d-006929dc2d" "proxy-server 20" 0.0078 "-" 24 0
Nov 28 17:30:21 standalone proxy-server[128662]: 172.18.0.2 172.18.0.100 28/Nov/2025/17/30/21 PUT /v1/AUTH_5621d84cd665456094b55d2da6e3b3bb/gnocchi.70090b89-1abd-449e-b7a1-c9a7ada0967e/none_v3 HTTP/1.0 201 - python-swiftclient-3.11.1 gAAAAABpKduKnPZ6... 22 - - tx3abc1f06b28241c6aa16d-006929dc2d - 0.0121 - - 1764351021.894324541 1764351021.906469584 0
Nov 28 17:30:21 standalone container-server[126587]: 172.20.0.100 - - [28/Nov/2025:17:30:21 +0000] "HEAD /d1/369/AUTH_5621d84cd665456094b55d2da6e3b3bb/gnocchi.00cb64eb-6bfa-4586-a144-face3be987fb" 404 - "HEAD http://172.18.0.2:8080/v1/AUTH_5621d84cd665456094b55d2da6e3b3bb/gnocchi.00cb64eb-6bfa-4586-a144-face3be987fb?format=json&states=listing" "tx7c26dc5cb0f045a6a3da9-006929dc2d" "proxy-server 20" 0.0004 "-" 23 0
Nov 28 17:30:21 standalone object-server[126900]: 172.20.0.100 - - [28/Nov/2025:17:30:21 +0000] "GET /d1/1011/AUTH_5621d84cd665456094b55d2da6e3b3bb/gnocchi.00cb64eb-6bfa-4586-a144-face3be987fb/none_v3" 404 70 "GET http://172.18.0.2:8080/v1/AUTH_5621d84cd665456094b55d2da6e3b3bb/gnocchi.00cb64eb-6bfa-4586-a144-face3be987fb/none_v3" "tx7c26dc5cb0f045a6a3da9-006929dc2d" "proxy-server 20" 0.0004 "-" 22 0
Nov 28 17:30:21 standalone proxy-server[128662]: 172.18.0.2 172.18.0.100 28/Nov/2025/17/30/21 GET /v1/AUTH_5621d84cd665456094b55d2da6e3b3bb/gnocchi.00cb64eb-6bfa-4586-a144-face3be987fb/none_v3 HTTP/1.0 404 - python-swiftclient-3.11.1 gAAAAABpKduKnPZ6... - 70 - tx7c26dc5cb0f045a6a3da9-006929dc2d - 0.0087 - - 1764351021.913452387 1764351021.922180414 0
Nov 28 17:30:21 standalone account-server[126675]: 172.20.0.100 - - [28/Nov/2025:17:30:21 +0000] "PUT /d1/596/AUTH_5621d84cd665456094b55d2da6e3b3bb/gnocchi.00cb64eb-6bfa-4586-a144-face3be987fb" 201 - "PUT http://172.20.0.100:6001/d1/369/AUTH_5621d84cd665456094b55d2da6e3b3bb/gnocchi.00cb64eb-6bfa-4586-a144-face3be987fb" "txd417031b60834214a41a8-006929dc2d" "container-server 21" 0.0045 "-" 20 0
Nov 28 17:30:21 standalone container-server[126566]: 172.20.0.100 - - [28/Nov/2025:17:30:21 +0000] "PUT /d1/369/AUTH_5621d84cd665456094b55d2da6e3b3bb/gnocchi.00cb64eb-6bfa-4586-a144-face3be987fb" 201 - "PUT http://172.18.0.2:8080/v1/AUTH_5621d84cd665456094b55d2da6e3b3bb/gnocchi.00cb64eb-6bfa-4586-a144-face3be987fb" "txd417031b60834214a41a8-006929dc2d" "proxy-server 20" 0.0123 "-" 21 0
Nov 28 17:30:21 standalone proxy-server[128662]: 172.18.0.2 172.18.0.100 28/Nov/2025/17/30/21 PUT /v1/AUTH_5621d84cd665456094b55d2da6e3b3bb/gnocchi.00cb64eb-6bfa-4586-a144-face3be987fb HTTP/1.0 201 - python-swiftclient-3.11.1 gAAAAABpKduKnPZ6... - - - txd417031b60834214a41a8-006929dc2d - 0.0162 - - 1764351021.923962593 1764351021.940144777 0
Nov 28 17:30:21 standalone container-server[126550]: 172.20.0.100 - - [28/Nov/2025:17:30:21 +0000] "HEAD /d1/369/AUTH_5621d84cd665456094b55d2da6e3b3bb/gnocchi.00cb64eb-6bfa-4586-a144-face3be987fb" 204 - "HEAD http://172.18.0.2:8080/v1/AUTH_5621d84cd665456094b55d2da6e3b3bb/gnocchi.00cb64eb-6bfa-4586-a144-face3be987fb?format=json&states=listing" "tx22cd6e0aec7c43fa963ed-006929dc2d" "proxy-server 20" 0.0019 "-" 20 0
Nov 28 17:30:21 standalone proxy-server[128662]: - - 28/Nov/2025/17/30/21 HEAD /v1/AUTH_5621d84cd665456094b55d2da6e3b3bb/gnocchi.00cb64eb-6bfa-4586-a144-face3be987fb%3Fformat%3Djson%26states%3Dlisting HTTP/1.0 204 - Swift - - - - tx22cd6e0aec7c43fa963ed-006929dc2d - 0.0053 RL - 1764351021.943753004 1764351021.949074507 0
Nov 28 17:30:21 standalone container-server[126566]: 172.20.0.100 - - [28/Nov/2025:17:30:21 +0000] "GET /d1/369/AUTH_5621d84cd665456094b55d2da6e3b3bb/gnocchi.00cb64eb-6bfa-4586-a144-face3be987fb" 200 2 "GET http://172.18.0.2:8080/v1/AUTH_5621d84cd665456094b55d2da6e3b3bb/gnocchi.00cb64eb-6bfa-4586-a144-face3be987fb?format=json&states=listing" "tx22cd6e0aec7c43fa963ed-006929dc2d" "proxy-server 20" 0.0014 "-" 21 0
Nov 28 17:30:21 standalone proxy-server[128662]: 172.18.0.2 172.18.0.100 28/Nov/2025/17/30/21 GET /v1/AUTH_5621d84cd665456094b55d2da6e3b3bb/gnocchi.00cb64eb-6bfa-4586-a144-face3be987fb%3Fformat%3Djson%26states%3Dlisting HTTP/1.0 200 - python-swiftclient-3.11.1 gAAAAABpKduKnPZ6... - 2 - tx22cd6e0aec7c43fa963ed-006929dc2d - 0.0127 - - 1764351021.942777395 1764351021.955486298 0
Nov 28 17:30:21 standalone object-server[126912]: 172.20.0.100 - - [28/Nov/2025:17:30:21 +0000] "GET /d1/733/AUTH_5621d84cd665456094b55d2da6e3b3bb/gnocchi.00cb64eb-6bfa-4586-a144-face3be987fb/1763640000.0_mean_300.0_v3" 404 70 "GET http://172.18.0.2:8080/v1/AUTH_5621d84cd665456094b55d2da6e3b3bb/gnocchi.00cb64eb-6bfa-4586-a144-face3be987fb/1763640000.0_mean_300.0_v3" "txab54c9720f82453ca5842-006929dc2d" "proxy-server 20" 0.0002 "-" 24 0
Nov 28 17:30:21 standalone proxy-server[128662]: 172.18.0.2 172.18.0.100 28/Nov/2025/17/30/21 GET /v1/AUTH_5621d84cd665456094b55d2da6e3b3bb/gnocchi.00cb64eb-6bfa-4586-a144-face3be987fb/1763640000.0_mean_300.0_v3 HTTP/1.0 404 - python-swiftclient-3.11.1 gAAAAABpKduKnPZ6... - 70 - txab54c9720f82453ca5842-006929dc2d - 0.0046 - - 1764351021.957837105 1764351021.962451696 0
Nov 28 17:30:21 standalone container-server[126587]: 172.20.0.100 - - [28/Nov/2025:17:30:21 +0000] "PUT /d1/369/AUTH_5621d84cd665456094b55d2da6e3b3bb/gnocchi.00cb64eb-6bfa-4586-a144-face3be987fb/1763640000.0_mean_300.0_v3" 201 - "PUT http://172.18.0.2:8080/d1/733/AUTH_5621d84cd665456094b55d2da6e3b3bb/gnocchi.00cb64eb-6bfa-4586-a144-face3be987fb/1763640000.0_mean_300.0_v3" "tx76d585b9501c46289d100-006929dc2d" "object-server 22" 0.0009 "-" 23 0
Nov 28 17:30:21 standalone object-server[126900]: 172.20.0.100 - - [28/Nov/2025:17:30:21 +0000] "PUT /d1/733/AUTH_5621d84cd665456094b55d2da6e3b3bb/gnocchi.00cb64eb-6bfa-4586-a144-face3be987fb/1763640000.0_mean_300.0_v3" 201 - "PUT http://172.18.0.2:8080/v1/AUTH_5621d84cd665456094b55d2da6e3b3bb/gnocchi.00cb64eb-6bfa-4586-a144-face3be987fb/1763640000.0_mean_300.0_v3" "tx76d585b9501c46289d100-006929dc2d" "proxy-server 20" 0.0107 "-" 22 0
Nov 28 17:30:21 standalone proxy-server[128662]: 172.18.0.2 172.18.0.100 28/Nov/2025/17/30/21 PUT /v1/AUTH_5621d84cd665456094b55d2da6e3b3bb/gnocchi.00cb64eb-6bfa-4586-a144-face3be987fb/1763640000.0_mean_300.0_v3 HTTP/1.0 201 - python-swiftclient-3.11.1 gAAAAABpKduKnPZ6... 16 - - tx76d585b9501c46289d100-006929dc2d - 0.0160 - - 1764351021.964558363 1764351021.980565548 0
Nov 28 17:30:21 standalone container-server[126535]: 172.20.0.100 - - [28/Nov/2025:17:30:21 +0000] "PUT /d1/369/AUTH_5621d84cd665456094b55d2da6e3b3bb/gnocchi.00cb64eb-6bfa-4586-a144-face3be987fb/none_v3" 201 - "PUT http://172.18.0.2:8080/d1/1011/AUTH_5621d84cd665456094b55d2da6e3b3bb/gnocchi.00cb64eb-6bfa-4586-a144-face3be987fb/none_v3" "tx10b4e19ffb7f44708737f-006929dc2d" "object-server 23" 0.0005 "-" 19 0
Nov 28 17:30:21 standalone object-server[126904]: 172.20.0.100 - - [28/Nov/2025:17:30:21 +0000] "PUT /d1/1011/AUTH_5621d84cd665456094b55d2da6e3b3bb/gnocchi.00cb64eb-6bfa-4586-a144-face3be987fb/none_v3" 201 - "PUT http://172.18.0.2:8080/v1/AUTH_5621d84cd665456094b55d2da6e3b3bb/gnocchi.00cb64eb-6bfa-4586-a144-face3be987fb/none_v3" "tx10b4e19ffb7f44708737f-006929dc2d" "proxy-server 20" 0.0101 "-" 23 0
Nov 28 17:30:21 standalone proxy-server[128662]: 172.18.0.2 172.18.0.100 28/Nov/2025/17/30/21 PUT /v1/AUTH_5621d84cd665456094b55d2da6e3b3bb/gnocchi.00cb64eb-6bfa-4586-a144-face3be987fb/none_v3 HTTP/1.0 201 - python-swiftclient-3.11.1 gAAAAABpKduKnPZ6... 22 - - tx10b4e19ffb7f44708737f-006929dc2d - 0.0154 - - 1764351021.982489824 1764351021.997896910 0
Nov 28 17:30:22 standalone container-server[126550]: 172.20.0.100 - - [28/Nov/2025:17:30:22 +0000] "HEAD /d1/30/AUTH_5621d84cd665456094b55d2da6e3b3bb/gnocchi.8677e93e-3bff-4ca0-9edf-f0d63dcb9fc1" 404 - "HEAD http://172.18.0.2:8080/v1/AUTH_5621d84cd665456094b55d2da6e3b3bb/gnocchi.8677e93e-3bff-4ca0-9edf-f0d63dcb9fc1?format=json&states=listing" "tx2e72c3a915a844ac8870a-006929dc2e" "proxy-server 20" 0.0004 "-" 20 0
Nov 28 17:30:22 standalone object-server[126912]: 172.20.0.100 - - [28/Nov/2025:17:30:22 +0000] "GET /d1/39/AUTH_5621d84cd665456094b55d2da6e3b3bb/gnocchi.8677e93e-3bff-4ca0-9edf-f0d63dcb9fc1/none_v3" 404 70 "GET http://172.18.0.2:8080/v1/AUTH_5621d84cd665456094b55d2da6e3b3bb/gnocchi.8677e93e-3bff-4ca0-9edf-f0d63dcb9fc1/none_v3" "tx2e72c3a915a844ac8870a-006929dc2e" "proxy-server 20" 0.0004 "-" 24 0
Nov 28 17:30:22 standalone proxy-server[128662]: 172.18.0.2 172.18.0.100 28/Nov/2025/17/30/22 GET /v1/AUTH_5621d84cd665456094b55d2da6e3b3bb/gnocchi.8677e93e-3bff-4ca0-9edf-f0d63dcb9fc1/none_v3 HTTP/1.0 404 - python-swiftclient-3.11.1 gAAAAABpKduKnPZ6... - 70 - tx2e72c3a915a844ac8870a-006929dc2e - 0.0081 - - 1764351022.004413128 1764351022.012554169 0
Nov 28 17:30:22 standalone account-server[126702]: 172.20.0.100 - - [28/Nov/2025:17:30:22 +0000] "PUT /d1/596/AUTH_5621d84cd665456094b55d2da6e3b3bb/gnocchi.8677e93e-3bff-4ca0-9edf-f0d63dcb9fc1" 201 - "PUT http://172.20.0.100:6001/d1/30/AUTH_5621d84cd665456094b55d2da6e3b3bb/gnocchi.8677e93e-3bff-4ca0-9edf-f0d63dcb9fc1" "txeb6f70022ad24beebb08f-006929dc2e" "container-server 19" 0.0041 "-" 22 0
Nov 28 17:30:22 standalone container-server[126535]: 172.20.0.100 - - [28/Nov/2025:17:30:22 +0000] "PUT /d1/30/AUTH_5621d84cd665456094b55d2da6e3b3bb/gnocchi.8677e93e-3bff-4ca0-9edf-f0d63dcb9fc1" 201 - "PUT http://172.18.0.2:8080/v1/AUTH_5621d84cd665456094b55d2da6e3b3bb/gnocchi.8677e93e-3bff-4ca0-9edf-f0d63dcb9fc1" "txeb6f70022ad24beebb08f-006929dc2e" "proxy-server 20" 0.0129 "-" 19 0
Nov 28 17:30:22 standalone proxy-server[128662]: 172.18.0.2 172.18.0.100 28/Nov/2025/17/30/22 PUT /v1/AUTH_5621d84cd665456094b55d2da6e3b3bb/gnocchi.8677e93e-3bff-4ca0-9edf-f0d63dcb9fc1 HTTP/1.0 201 - python-swiftclient-3.11.1 gAAAAABpKduKnPZ6... - - - txeb6f70022ad24beebb08f-006929dc2e - 0.0170 - - 1764351022.014403343 1764351022.031364679 0
Nov 28 17:30:22 standalone container-server[126535]: 172.20.0.100 - - [28/Nov/2025:17:30:22 +0000] "HEAD /d1/30/AUTH_5621d84cd665456094b55d2da6e3b3bb/gnocchi.8677e93e-3bff-4ca0-9edf-f0d63dcb9fc1" 204 - "HEAD http://172.18.0.2:8080/v1/AUTH_5621d84cd665456094b55d2da6e3b3bb/gnocchi.8677e93e-3bff-4ca0-9edf-f0d63dcb9fc1?format=json&states=listing" "tx8a48304f3e2c4de983192-006929dc2e" "proxy-server 20" 0.0012 "-" 19 0
Nov 28 17:30:22 standalone proxy-server[128662]: - - 28/Nov/2025/17/30/22 HEAD /v1/AUTH_5621d84cd665456094b55d2da6e3b3bb/gnocchi.8677e93e-3bff-4ca0-9edf-f0d63dcb9fc1%3Fformat%3Djson%26states%3Dlisting HTTP/1.0 204 - Swift - - - - tx8a48304f3e2c4de983192-006929dc2e - 0.0041 RL - 1764351022.035996914 1764351022.040073395 0
Nov 28 17:30:22 standalone container-server[126535]: 172.20.0.100 - - [28/Nov/2025:17:30:22 +0000] "GET /d1/30/AUTH_5621d84cd665456094b55d2da6e3b3bb/gnocchi.8677e93e-3bff-4ca0-9edf-f0d63dcb9fc1" 200 2 "GET http://172.18.0.2:8080/v1/AUTH_5621d84cd665456094b55d2da6e3b3bb/gnocchi.8677e93e-3bff-4ca0-9edf-f0d63dcb9fc1?format=json&states=listing" "tx8a48304f3e2c4de983192-006929dc2e" "proxy-server 20" 0.0019 "-" 19 0
Nov 28 17:30:22 standalone proxy-server[128662]: 172.18.0.2 172.18.0.100 28/Nov/2025/17/30/22 GET /v1/AUTH_5621d84cd665456094b55d2da6e3b3bb/gnocchi.8677e93e-3bff-4ca0-9edf-f0d63dcb9fc1%3Fformat%3Djson%26states%3Dlisting HTTP/1.0 200 - python-swiftclient-3.11.1 gAAAAABpKduKnPZ6... - 2 - tx8a48304f3e2c4de983192-006929dc2e - 0.0123 - - 1764351022.034973621 1764351022.047224998 0
Nov 28 17:30:22 standalone object-server[126900]: 172.20.0.100 - - [28/Nov/2025:17:30:22 +0000] "GET /d1/356/AUTH_5621d84cd665456094b55d2da6e3b3bb/gnocchi.8677e93e-3bff-4ca0-9edf-f0d63dcb9fc1/1763640000.0_mean_300.0_v3" 404 70 "GET http://172.18.0.2:8080/v1/AUTH_5621d84cd665456094b55d2da6e3b3bb/gnocchi.8677e93e-3bff-4ca0-9edf-f0d63dcb9fc1/1763640000.0_mean_300.0_v3" "txf2afb5a7006042dbb7937-006929dc2e" "proxy-server 20" 0.0004 "-" 22 0
Nov 28 17:30:22 standalone proxy-server[128662]: 172.18.0.2 172.18.0.100 28/Nov/2025/17/30/22 GET /v1/AUTH_5621d84cd665456094b55d2da6e3b3bb/gnocchi.8677e93e-3bff-4ca0-9edf-f0d63dcb9fc1/1763640000.0_mean_300.0_v3 HTTP/1.0 404 - python-swiftclient-3.11.1 gAAAAABpKduKnPZ6... - 70 - txf2afb5a7006042dbb7937-006929dc2e - 0.0088 - - 1764351022.051364660 1764351022.060163021 0
Nov 28 17:30:22 standalone container-server[126535]: 172.20.0.100 - - [28/Nov/2025:17:30:22 +0000] "PUT /d1/30/AUTH_5621d84cd665456094b55d2da6e3b3bb/gnocchi.8677e93e-3bff-4ca0-9edf-f0d63dcb9fc1/1763640000.0_mean_300.0_v3" 201 - "PUT http://172.18.0.2:8080/d1/356/AUTH_5621d84cd665456094b55d2da6e3b3bb/gnocchi.8677e93e-3bff-4ca0-9edf-f0d63dcb9fc1/1763640000.0_mean_300.0_v3" "tx40b4278bc7974b1db7513-006929dc2e" "object-server 24" 0.0004 "-" 19 0
Nov 28 17:30:22 standalone object-server[126912]: 172.20.0.100 - - [28/Nov/2025:17:30:22 +0000] "PUT /d1/356/AUTH_5621d84cd665456094b55d2da6e3b3bb/gnocchi.8677e93e-3bff-4ca0-9edf-f0d63dcb9fc1/1763640000.0_mean_300.0_v3" 201 - "PUT http://172.18.0.2:8080/v1/AUTH_5621d84cd665456094b55d2da6e3b3bb/gnocchi.8677e93e-3bff-4ca0-9edf-f0d63dcb9fc1/1763640000.0_mean_300.0_v3" "tx40b4278bc7974b1db7513-006929dc2e" "proxy-server 20" 0.0092 "-" 24 0
Nov 28 17:30:22 standalone proxy-server[128662]: 172.18.0.2 172.18.0.100 28/Nov/2025/17/30/22 PUT /v1/AUTH_5621d84cd665456094b55d2da6e3b3bb/gnocchi.8677e93e-3bff-4ca0-9edf-f0d63dcb9fc1/1763640000.0_mean_300.0_v3 HTTP/1.0 201 - python-swiftclient-3.11.1 gAAAAABpKduKnPZ6... 16 - - tx40b4278bc7974b1db7513-006929dc2e - 0.0178 - - 1764351022.064384699 1764351022.082214832 0
Nov 28 17:30:22 standalone container-server[126566]: 172.20.0.100 - - [28/Nov/2025:17:30:22 +0000] "PUT /d1/30/AUTH_5621d84cd665456094b55d2da6e3b3bb/gnocchi.8677e93e-3bff-4ca0-9edf-f0d63dcb9fc1/none_v3" 201 - "PUT http://172.18.0.2:8080/d1/39/AUTH_5621d84cd665456094b55d2da6e3b3bb/gnocchi.8677e93e-3bff-4ca0-9edf-f0d63dcb9fc1/none_v3" "tx8bca842d7b9b4252af34d-006929dc2e" "object-server 25" 0.0008 "-" 21 0
Nov 28 17:30:22 standalone object-server[126914]: 172.20.0.100 - - [28/Nov/2025:17:30:22 +0000] "PUT /d1/39/AUTH_5621d84cd665456094b55d2da6e3b3bb/gnocchi.8677e93e-3bff-4ca0-9edf-f0d63dcb9fc1/none_v3" 201 - "PUT http://172.18.0.2:8080/v1/AUTH_5621d84cd665456094b55d2da6e3b3bb/gnocchi.8677e93e-3bff-4ca0-9edf-f0d63dcb9fc1/none_v3" "tx8bca842d7b9b4252af34d-006929dc2e" "proxy-server 20" 0.0104 "-" 25 0
Nov 28 17:30:22 standalone proxy-server[128662]: 172.18.0.2 172.18.0.100 28/Nov/2025/17/30/22 PUT /v1/AUTH_5621d84cd665456094b55d2da6e3b3bb/gnocchi.8677e93e-3bff-4ca0-9edf-f0d63dcb9fc1/none_v3 HTTP/1.0 201 - python-swiftclient-3.11.1 gAAAAABpKduKnPZ6... 22 - - tx8bca842d7b9b4252af34d-006929dc2e - 0.0164 - - 1764351022.085455179 1764351022.101806879 0
Nov 28 17:30:22 standalone container-server[126550]: 172.20.0.100 - - [28/Nov/2025:17:30:22 +0000] "HEAD /d1/520/AUTH_5621d84cd665456094b55d2da6e3b3bb/gnocchi.20f45eee-586a-4399-bcbe-5185300f2aa0" 404 - "HEAD http://172.18.0.2:8080/v1/AUTH_5621d84cd665456094b55d2da6e3b3bb/gnocchi.20f45eee-586a-4399-bcbe-5185300f2aa0?format=json&states=listing" "tx4ae3fdc93dec45b3929d6-006929dc2e" "proxy-server 20" 0.0006 "-" 20 0
Nov 28 17:30:22 standalone object-server[126904]: 172.20.0.100 - - [28/Nov/2025:17:30:22 +0000] "GET /d1/378/AUTH_5621d84cd665456094b55d2da6e3b3bb/gnocchi.20f45eee-586a-4399-bcbe-5185300f2aa0/none_v3" 404 70 "GET http://172.18.0.2:8080/v1/AUTH_5621d84cd665456094b55d2da6e3b3bb/gnocchi.20f45eee-586a-4399-bcbe-5185300f2aa0/none_v3" "tx4ae3fdc93dec45b3929d6-006929dc2e" "proxy-server 20" 0.0008 "-" 23 0
Nov 28 17:30:22 standalone proxy-server[128662]: 172.18.0.2 172.18.0.100 28/Nov/2025/17/30/22 GET /v1/AUTH_5621d84cd665456094b55d2da6e3b3bb/gnocchi.20f45eee-586a-4399-bcbe-5185300f2aa0/none_v3 HTTP/1.0 404 - python-swiftclient-3.11.1 gAAAAABpKduKnPZ6... - 70 - tx4ae3fdc93dec45b3929d6-006929dc2e - 0.0094 - - 1764351022.113047123 1764351022.122441053 0
Nov 28 17:30:22 standalone account-server[126698]: 172.20.0.100 - - [28/Nov/2025:17:30:22 +0000] "PUT /d1/596/AUTH_5621d84cd665456094b55d2da6e3b3bb/gnocchi.20f45eee-586a-4399-bcbe-5185300f2aa0" 201 - "PUT http://172.20.0.100:6001/d1/520/AUTH_5621d84cd665456094b55d2da6e3b3bb/gnocchi.20f45eee-586a-4399-bcbe-5185300f2aa0" "tx049d4fe594de4c1f8aadf-006929dc2e" "container-server 20" 0.0051 "-" 21 0
Nov 28 17:30:22 standalone container-server[126550]: 172.20.0.100 - - [28/Nov/2025:17:30:22 +0000] "PUT /d1/520/AUTH_5621d84cd665456094b55d2da6e3b3bb/gnocchi.20f45eee-586a-4399-bcbe-5185300f2aa0" 201 - "PUT http://172.18.0.2:8080/v1/AUTH_5621d84cd665456094b55d2da6e3b3bb/gnocchi.20f45eee-586a-4399-bcbe-5185300f2aa0" "tx049d4fe594de4c1f8aadf-006929dc2e" "proxy-server 20" 0.0172 "-" 20 0
Nov 28 17:30:22 standalone proxy-server[128662]: 172.18.0.2 172.18.0.100 28/Nov/2025/17/30/22 PUT /v1/AUTH_5621d84cd665456094b55d2da6e3b3bb/gnocchi.20f45eee-586a-4399-bcbe-5185300f2aa0 HTTP/1.0 201 - python-swiftclient-3.11.1 gAAAAABpKduKnPZ6... - - - tx049d4fe594de4c1f8aadf-006929dc2e - 0.0214 - - 1764351022.125438213 1764351022.146823168 0
Nov 28 17:30:22 standalone container-server[126566]: 172.20.0.100 - - [28/Nov/2025:17:30:22 +0000] "HEAD /d1/520/AUTH_5621d84cd665456094b55d2da6e3b3bb/gnocchi.20f45eee-586a-4399-bcbe-5185300f2aa0" 204 - "HEAD http://172.18.0.2:8080/v1/AUTH_5621d84cd665456094b55d2da6e3b3bb/gnocchi.20f45eee-586a-4399-bcbe-5185300f2aa0?format=json&states=listing" "tx6eae773a0ce9435da798e-006929dc2e" "proxy-server 20" 0.0022 "-" 21 0
Nov 28 17:30:22 standalone proxy-server[128662]: - - 28/Nov/2025/17/30/22 HEAD /v1/AUTH_5621d84cd665456094b55d2da6e3b3bb/gnocchi.20f45eee-586a-4399-bcbe-5185300f2aa0%3Fformat%3Djson%26states%3Dlisting HTTP/1.0 204 - Swift - - - - tx6eae773a0ce9435da798e-006929dc2e - 0.0056 RL - 1764351022.151602030 1764351022.157175541 0
Nov 28 17:30:22 standalone container-server[126566]: 172.20.0.100 - - [28/Nov/2025:17:30:22 +0000] "GET /d1/520/AUTH_5621d84cd665456094b55d2da6e3b3bb/gnocchi.20f45eee-586a-4399-bcbe-5185300f2aa0" 200 2 "GET http://172.18.0.2:8080/v1/AUTH_5621d84cd665456094b55d2da6e3b3bb/gnocchi.20f45eee-586a-4399-bcbe-5185300f2aa0?format=json&states=listing" "tx6eae773a0ce9435da798e-006929dc2e" "proxy-server 20" 0.0031 "-" 21 0
Nov 28 17:30:22 standalone proxy-server[128662]: 172.18.0.2 172.18.0.100 28/Nov/2025/17/30/22 GET /v1/AUTH_5621d84cd665456094b55d2da6e3b3bb/gnocchi.20f45eee-586a-4399-bcbe-5185300f2aa0%3Fformat%3Djson%26states%3Dlisting HTTP/1.0 200 - python-swiftclient-3.11.1 gAAAAABpKduKnPZ6... - 2 - tx6eae773a0ce9435da798e-006929dc2e - 0.0158 - - 1764351022.150592089 1764351022.166413307 0
Nov 28 17:30:22 standalone object-server[126904]: 172.20.0.100 - - [28/Nov/2025:17:30:22 +0000] "GET /d1/114/AUTH_5621d84cd665456094b55d2da6e3b3bb/gnocchi.20f45eee-586a-4399-bcbe-5185300f2aa0/1763640000.0_mean_300.0_v3" 404 70 "GET http://172.18.0.2:8080/v1/AUTH_5621d84cd665456094b55d2da6e3b3bb/gnocchi.20f45eee-586a-4399-bcbe-5185300f2aa0/1763640000.0_mean_300.0_v3" "tx36ae8deefa75432a94ef6-006929dc2e" "proxy-server 20" 0.0006 "-" 23 0
Nov 28 17:30:22 standalone proxy-server[128662]: 172.18.0.2 172.18.0.100 28/Nov/2025/17/30/22 GET /v1/AUTH_5621d84cd665456094b55d2da6e3b3bb/gnocchi.20f45eee-586a-4399-bcbe-5185300f2aa0/1763640000.0_mean_300.0_v3 HTTP/1.0 404 - python-swiftclient-3.11.1 gAAAAABpKduKnPZ6... - 70 - tx36ae8deefa75432a94ef6-006929dc2e - 0.0054 - - 1764351022.170282841 1764351022.175654173 0
Nov 28 17:30:22 standalone container-server[126550]: 172.20.0.100 - - [28/Nov/2025:17:30:22 +0000] "PUT /d1/520/AUTH_5621d84cd665456094b55d2da6e3b3bb/gnocchi.20f45eee-586a-4399-bcbe-5185300f2aa0/1763640000.0_mean_300.0_v3" 201 - "PUT http://172.18.0.2:8080/d1/114/AUTH_5621d84cd665456094b55d2da6e3b3bb/gnocchi.20f45eee-586a-4399-bcbe-5185300f2aa0/1763640000.0_mean_300.0_v3" "tx5f9ecd2c00e74cebb62cb-006929dc2e" "object-server 25" 0.0006 "-" 20 0
Nov 28 17:30:22 standalone object-server[126914]: 172.20.0.100 - - [28/Nov/2025:17:30:22 +0000] "PUT /d1/114/AUTH_5621d84cd665456094b55d2da6e3b3bb/gnocchi.20f45eee-586a-4399-bcbe-5185300f2aa0/1763640000.0_mean_300.0_v3" 201 - "PUT http://172.18.0.2:8080/v1/AUTH_5621d84cd665456094b55d2da6e3b3bb/gnocchi.20f45eee-586a-4399-bcbe-5185300f2aa0/1763640000.0_mean_300.0_v3" "tx5f9ecd2c00e74cebb62cb-006929dc2e" "proxy-server 20" 0.0096 "-" 25 0
Nov 28 17:30:22 standalone proxy-server[128662]: 172.18.0.2 172.18.0.100 28/Nov/2025/17/30/22 PUT /v1/AUTH_5621d84cd665456094b55d2da6e3b3bb/gnocchi.20f45eee-586a-4399-bcbe-5185300f2aa0/1763640000.0_mean_300.0_v3 HTTP/1.0 201 - python-swiftclient-3.11.1 gAAAAABpKduKnPZ6... 16 - - tx5f9ecd2c00e74cebb62cb-006929dc2e - 0.0143 - - 1764351022.179060459 1764351022.193359137 0
Nov 28 17:30:22 standalone container-server[126587]: 172.20.0.100 - - [28/Nov/2025:17:30:22 +0000] "PUT /d1/520/AUTH_5621d84cd665456094b55d2da6e3b3bb/gnocchi.20f45eee-586a-4399-bcbe-5185300f2aa0/none_v3" 201 - "PUT http://172.18.0.2:8080/d1/378/AUTH_5621d84cd665456094b55d2da6e3b3bb/gnocchi.20f45eee-586a-4399-bcbe-5185300f2aa0/none_v3" "tx0d9e698d525d443aad68c-006929dc2e" "object-server 22" 0.0008 "-" 23 0
Nov 28 17:30:22 standalone object-server[126900]: 172.20.0.100 - - [28/Nov/2025:17:30:22 +0000] "PUT /d1/378/AUTH_5621d84cd665456094b55d2da6e3b3bb/gnocchi.20f45eee-586a-4399-bcbe-5185300f2aa0/none_v3" 201 - "PUT http://172.18.0.2:8080/v1/AUTH_5621d84cd665456094b55d2da6e3b3bb/gnocchi.20f45eee-586a-4399-bcbe-5185300f2aa0/none_v3" "tx0d9e698d525d443aad68c-006929dc2e" "proxy-server 20" 0.0107 "-" 22 0
Nov 28 17:30:22 standalone proxy-server[128662]: 172.18.0.2 172.18.0.100 28/Nov/2025/17/30/22 PUT /v1/AUTH_5621d84cd665456094b55d2da6e3b3bb/gnocchi.20f45eee-586a-4399-bcbe-5185300f2aa0/none_v3 HTTP/1.0 201 - python-swiftclient-3.11.1 gAAAAABpKduKnPZ6... 22 - - tx0d9e698d525d443aad68c-006929dc2e - 0.0149 - - 1764351022.196189165 1764351022.211123705 0
Nov 28 17:30:22 standalone container-server[126566]: 172.20.0.100 - - [28/Nov/2025:17:30:22 +0000] "HEAD /d1/39/AUTH_5621d84cd665456094b55d2da6e3b3bb/gnocchi.1567dc0e-7e0f-4251-8b08-f0b7c0a3cf94" 404 - "HEAD http://172.18.0.2:8080/v1/AUTH_5621d84cd665456094b55d2da6e3b3bb/gnocchi.1567dc0e-7e0f-4251-8b08-f0b7c0a3cf94?format=json&states=listing" "txef9ba7f43c2745d182a92-006929dc2e" "proxy-server 20" 0.0004 "-" 21 0
Nov 28 17:30:22 standalone object-server[126900]: 172.20.0.100 - - [28/Nov/2025:17:30:22 +0000] "GET /d1/911/AUTH_5621d84cd665456094b55d2da6e3b3bb/gnocchi.1567dc0e-7e0f-4251-8b08-f0b7c0a3cf94/none_v3" 404 70 "GET http://172.18.0.2:8080/v1/AUTH_5621d84cd665456094b55d2da6e3b3bb/gnocchi.1567dc0e-7e0f-4251-8b08-f0b7c0a3cf94/none_v3" "txef9ba7f43c2745d182a92-006929dc2e" "proxy-server 20" 0.0003 "-" 22 0
Nov 28 17:30:22 standalone proxy-server[128662]: 172.18.0.2 172.18.0.100 28/Nov/2025/17/30/22 GET /v1/AUTH_5621d84cd665456094b55d2da6e3b3bb/gnocchi.1567dc0e-7e0f-4251-8b08-f0b7c0a3cf94/none_v3 HTTP/1.0 404 - python-swiftclient-3.11.1 gAAAAABpKduKnPZ6... - 70 - txef9ba7f43c2745d182a92-006929dc2e - 0.0070 - - 1764351022.219970465 1764351022.226982355 0
Nov 28 17:30:22 standalone account-server[126705]: 172.20.0.100 - - [28/Nov/2025:17:30:22 +0000] "PUT /d1/596/AUTH_5621d84cd665456094b55d2da6e3b3bb/gnocchi.1567dc0e-7e0f-4251-8b08-f0b7c0a3cf94" 201 - "PUT http://172.20.0.100:6001/d1/39/AUTH_5621d84cd665456094b55d2da6e3b3bb/gnocchi.1567dc0e-7e0f-4251-8b08-f0b7c0a3cf94" "tx3d1c24d44749449197406-006929dc2e" "container-server 20" 0.0061 "-" 23 0
Nov 28 17:30:22 standalone container-server[126550]: 172.20.0.100 - - [28/Nov/2025:17:30:22 +0000] "PUT /d1/39/AUTH_5621d84cd665456094b55d2da6e3b3bb/gnocchi.1567dc0e-7e0f-4251-8b08-f0b7c0a3cf94" 201 - "PUT http://172.18.0.2:8080/v1/AUTH_5621d84cd665456094b55d2da6e3b3bb/gnocchi.1567dc0e-7e0f-4251-8b08-f0b7c0a3cf94" "tx3d1c24d44749449197406-006929dc2e" "proxy-server 20" 0.0184 "-" 20 0
Nov 28 17:30:22 standalone proxy-server[128662]: 172.18.0.2 172.18.0.100 28/Nov/2025/17/30/22 PUT /v1/AUTH_5621d84cd665456094b55d2da6e3b3bb/gnocchi.1567dc0e-7e0f-4251-8b08-f0b7c0a3cf94 HTTP/1.0 201 - python-swiftclient-3.11.1 gAAAAABpKduKnPZ6... - - - tx3d1c24d44749449197406-006929dc2e - 0.0245 - - 1764351022.229439735 1764351022.253988266 0
Nov 28 17:30:22 standalone container-server[126535]: 172.20.0.100 - - [28/Nov/2025:17:30:22 +0000] "HEAD /d1/39/AUTH_5621d84cd665456094b55d2da6e3b3bb/gnocchi.1567dc0e-7e0f-4251-8b08-f0b7c0a3cf94" 204 - "HEAD http://172.18.0.2:8080/v1/AUTH_5621d84cd665456094b55d2da6e3b3bb/gnocchi.1567dc0e-7e0f-4251-8b08-f0b7c0a3cf94?format=json&states=listing" "txbd004275b259492cb3f09-006929dc2e" "proxy-server 20" 0.0024 "-" 19 0
Nov 28 17:30:22 standalone proxy-server[128662]: - - 28/Nov/2025/17/30/22 HEAD /v1/AUTH_5621d84cd665456094b55d2da6e3b3bb/gnocchi.1567dc0e-7e0f-4251-8b08-f0b7c0a3cf94%3Fformat%3Djson%26states%3Dlisting HTTP/1.0 204 - Swift - - - - txbd004275b259492cb3f09-006929dc2e - 0.0096 RL - 1764351022.258971691 1764351022.268577576 0
Nov 28 17:30:22 standalone container-server[126587]: 172.20.0.100 - - [28/Nov/2025:17:30:22 +0000] "GET /d1/39/AUTH_5621d84cd665456094b55d2da6e3b3bb/gnocchi.1567dc0e-7e0f-4251-8b08-f0b7c0a3cf94" 200 2 "GET http://172.18.0.2:8080/v1/AUTH_5621d84cd665456094b55d2da6e3b3bb/gnocchi.1567dc0e-7e0f-4251-8b08-f0b7c0a3cf94?format=json&states=listing" "txbd004275b259492cb3f09-006929dc2e" "proxy-server 20" 0.0034 "-" 23 0
Nov 28 17:30:22 standalone proxy-server[128662]: 172.18.0.2 172.18.0.100 28/Nov/2025/17/30/22 GET /v1/AUTH_5621d84cd665456094b55d2da6e3b3bb/gnocchi.1567dc0e-7e0f-4251-8b08-f0b7c0a3cf94%3Fformat%3Djson%26states%3Dlisting HTTP/1.0 200 - python-swiftclient-3.11.1 gAAAAABpKduKnPZ6... - 2 - txbd004275b259492cb3f09-006929dc2e - 0.0233 - - 1764351022.257464647 1764351022.280760765 0
Nov 28 17:30:22 standalone object-server[126904]: 172.20.0.100 - - [28/Nov/2025:17:30:22 +0000] "GET /d1/750/AUTH_5621d84cd665456094b55d2da6e3b3bb/gnocchi.1567dc0e-7e0f-4251-8b08-f0b7c0a3cf94/1763640000.0_mean_300.0_v3" 404 70 "GET http://172.18.0.2:8080/v1/AUTH_5621d84cd665456094b55d2da6e3b3bb/gnocchi.1567dc0e-7e0f-4251-8b08-f0b7c0a3cf94/1763640000.0_mean_300.0_v3" "tx00469b7d643a40d493419-006929dc2e" "proxy-server 20" 0.0005 "-" 23 0
Nov 28 17:30:22 standalone proxy-server[128662]: 172.18.0.2 172.18.0.100 28/Nov/2025/17/30/22 GET /v1/AUTH_5621d84cd665456094b55d2da6e3b3bb/gnocchi.1567dc0e-7e0f-4251-8b08-f0b7c0a3cf94/1763640000.0_mean_300.0_v3 HTTP/1.0 404 - python-swiftclient-3.11.1 gAAAAABpKduKnPZ6... - 70 - tx00469b7d643a40d493419-006929dc2e - 0.0080 - - 1764351022.283977747 1764351022.292003870 0
Nov 28 17:30:22 standalone container-server[126535]: 172.20.0.100 - - [28/Nov/2025:17:30:22 +0000] "PUT /d1/39/AUTH_5621d84cd665456094b55d2da6e3b3bb/gnocchi.1567dc0e-7e0f-4251-8b08-f0b7c0a3cf94/1763640000.0_mean_300.0_v3" 201 - "PUT http://172.18.0.2:8080/d1/750/AUTH_5621d84cd665456094b55d2da6e3b3bb/gnocchi.1567dc0e-7e0f-4251-8b08-f0b7c0a3cf94/1763640000.0_mean_300.0_v3" "tx5d033f07c61847308524b-006929dc2e" "object-server 23" 0.0007 "-" 19 0
Nov 28 17:30:22 standalone object-server[126904]: 172.20.0.100 - - [28/Nov/2025:17:30:22 +0000] "PUT /d1/750/AUTH_5621d84cd665456094b55d2da6e3b3bb/gnocchi.1567dc0e-7e0f-4251-8b08-f0b7c0a3cf94/1763640000.0_mean_300.0_v3" 201 - "PUT http://172.18.0.2:8080/v1/AUTH_5621d84cd665456094b55d2da6e3b3bb/gnocchi.1567dc0e-7e0f-4251-8b08-f0b7c0a3cf94/1763640000.0_mean_300.0_v3" "tx5d033f07c61847308524b-006929dc2e" "proxy-server 20" 0.0145 "-" 23 0
Nov 28 17:30:22 standalone proxy-server[128662]: 172.18.0.2 172.18.0.100 28/Nov/2025/17/30/22 PUT /v1/AUTH_5621d84cd665456094b55d2da6e3b3bb/gnocchi.1567dc0e-7e0f-4251-8b08-f0b7c0a3cf94/1763640000.0_mean_300.0_v3 HTTP/1.0 201 - python-swiftclient-3.11.1 gAAAAABpKduKnPZ6... 16 - - tx5d033f07c61847308524b-006929dc2e - 0.0225 - - 1764351022.294935703 1764351022.317408800 0
Nov 28 17:30:22 standalone container-server[126535]: 172.20.0.100 - - [28/Nov/2025:17:30:22 +0000] "PUT /d1/39/AUTH_5621d84cd665456094b55d2da6e3b3bb/gnocchi.1567dc0e-7e0f-4251-8b08-f0b7c0a3cf94/none_v3" 201 - "PUT http://172.18.0.2:8080/d1/911/AUTH_5621d84cd665456094b55d2da6e3b3bb/gnocchi.1567dc0e-7e0f-4251-8b08-f0b7c0a3cf94/none_v3" "tx97f2675ac3904b1695613-006929dc2e" "object-server 23" 0.0005 "-" 19 0
Nov 28 17:30:22 standalone object-server[126904]: 172.20.0.100 - - [28/Nov/2025:17:30:22 +0000] "PUT /d1/911/AUTH_5621d84cd665456094b55d2da6e3b3bb/gnocchi.1567dc0e-7e0f-4251-8b08-f0b7c0a3cf94/none_v3" 201 - "PUT http://172.18.0.2:8080/v1/AUTH_5621d84cd665456094b55d2da6e3b3bb/gnocchi.1567dc0e-7e0f-4251-8b08-f0b7c0a3cf94/none_v3" "tx97f2675ac3904b1695613-006929dc2e" "proxy-server 20" 0.0087 "-" 23 0
Nov 28 17:30:22 standalone proxy-server[128662]: 172.18.0.2 172.18.0.100 28/Nov/2025/17/30/22 PUT /v1/AUTH_5621d84cd665456094b55d2da6e3b3bb/gnocchi.1567dc0e-7e0f-4251-8b08-f0b7c0a3cf94/none_v3 HTTP/1.0 201 - python-swiftclient-3.11.1 gAAAAABpKduKnPZ6... 22 - - tx97f2675ac3904b1695613-006929dc2e - 0.0151 - - 1764351022.323783875 1764351022.338912487 0
Nov 28 17:30:22 standalone container-server[126550]: 172.20.0.100 - - [28/Nov/2025:17:30:22 +0000] "HEAD /d1/828/AUTH_5621d84cd665456094b55d2da6e3b3bb/gnocchi.375729d1-07d0-44b9-9011-9c84835d8b60" 404 - "HEAD http://172.18.0.2:8080/v1/AUTH_5621d84cd665456094b55d2da6e3b3bb/gnocchi.375729d1-07d0-44b9-9011-9c84835d8b60?format=json&states=listing" "txa1ca9b1a46d94db2b203b-006929dc2e" "proxy-server 20" 0.0008 "-" 20 0
Nov 28 17:30:22 standalone object-server[126900]: 172.20.0.100 - - [28/Nov/2025:17:30:22 +0000] "GET /d1/753/AUTH_5621d84cd665456094b55d2da6e3b3bb/gnocchi.375729d1-07d0-44b9-9011-9c84835d8b60/none_v3" 404 70 "GET http://172.18.0.2:8080/v1/AUTH_5621d84cd665456094b55d2da6e3b3bb/gnocchi.375729d1-07d0-44b9-9011-9c84835d8b60/none_v3" "txa1ca9b1a46d94db2b203b-006929dc2e" "proxy-server 20" 0.0004 "-" 22 0
Nov 28 17:30:22 standalone proxy-server[128662]: 172.18.0.2 172.18.0.100 28/Nov/2025/17/30/22 GET /v1/AUTH_5621d84cd665456094b55d2da6e3b3bb/gnocchi.375729d1-07d0-44b9-9011-9c84835d8b60/none_v3 HTTP/1.0 404 - python-swiftclient-3.11.1 gAAAAABpKduKnPZ6... - 70 - txa1ca9b1a46d94db2b203b-006929dc2e - 0.0128 - - 1764351022.353471279 1764351022.366223812 0
Nov 28 17:30:22 standalone account-server[126675]: 172.20.0.100 - - [28/Nov/2025:17:30:22 +0000] "PUT /d1/596/AUTH_5621d84cd665456094b55d2da6e3b3bb/gnocchi.375729d1-07d0-44b9-9011-9c84835d8b60" 201 - "PUT http://172.20.0.100:6001/d1/828/AUTH_5621d84cd665456094b55d2da6e3b3bb/gnocchi.375729d1-07d0-44b9-9011-9c84835d8b60" "txaf6db2b15e0847f5ab76a-006929dc2e" "container-server 19" 0.0061 "-" 20 0
Nov 28 17:30:22 standalone container-server[126535]: 172.20.0.100 - - [28/Nov/2025:17:30:22 +0000] "PUT /d1/828/AUTH_5621d84cd665456094b55d2da6e3b3bb/gnocchi.375729d1-07d0-44b9-9011-9c84835d8b60" 201 - "PUT http://172.18.0.2:8080/v1/AUTH_5621d84cd665456094b55d2da6e3b3bb/gnocchi.375729d1-07d0-44b9-9011-9c84835d8b60" "txaf6db2b15e0847f5ab76a-006929dc2e" "proxy-server 20" 0.0156 "-" 19 0
Nov 28 17:30:22 standalone proxy-server[128662]: 172.18.0.2 172.18.0.100 28/Nov/2025/17/30/22 PUT /v1/AUTH_5621d84cd665456094b55d2da6e3b3bb/gnocchi.375729d1-07d0-44b9-9011-9c84835d8b60 HTTP/1.0 201 - python-swiftclient-3.11.1 gAAAAABpKduKnPZ6... - - - txaf6db2b15e0847f5ab76a-006929dc2e - 0.0214 - - 1764351022.369816303 1764351022.391190290 0
Nov 28 17:30:22 standalone container-server[126587]: 172.20.0.100 - - [28/Nov/2025:17:30:22 +0000] "HEAD /d1/828/AUTH_5621d84cd665456094b55d2da6e3b3bb/gnocchi.375729d1-07d0-44b9-9011-9c84835d8b60" 204 - "HEAD http://172.18.0.2:8080/v1/AUTH_5621d84cd665456094b55d2da6e3b3bb/gnocchi.375729d1-07d0-44b9-9011-9c84835d8b60?format=json&states=listing" "tx80a77c2f5d6c4257a911c-006929dc2e" "proxy-server 20" 0.0030 "-" 23 0
Nov 28 17:30:22 standalone proxy-server[128662]: - - 28/Nov/2025/17/30/22 HEAD /v1/AUTH_5621d84cd665456094b55d2da6e3b3bb/gnocchi.375729d1-07d0-44b9-9011-9c84835d8b60%3Fformat%3Djson%26states%3Dlisting HTTP/1.0 204 - Swift - - - - tx80a77c2f5d6c4257a911c-006929dc2e - 0.0082 RL - 1764351022.397084951 1764351022.405312300 0
Nov 28 17:30:22 standalone container-server[126566]: 172.20.0.100 - - [28/Nov/2025:17:30:22 +0000] "GET /d1/828/AUTH_5621d84cd665456094b55d2da6e3b3bb/gnocchi.375729d1-07d0-44b9-9011-9c84835d8b60" 200 2 "GET http://172.18.0.2:8080/v1/AUTH_5621d84cd665456094b55d2da6e3b3bb/gnocchi.375729d1-07d0-44b9-9011-9c84835d8b60?format=json&states=listing" "tx80a77c2f5d6c4257a911c-006929dc2e" "proxy-server 20" 0.0039 "-" 21 0
Nov 28 17:30:22 standalone proxy-server[128662]: 172.18.0.2 172.18.0.100 28/Nov/2025/17/30/22 GET /v1/AUTH_5621d84cd665456094b55d2da6e3b3bb/gnocchi.375729d1-07d0-44b9-9011-9c84835d8b60%3Fformat%3Djson%26states%3Dlisting HTTP/1.0 200 - python-swiftclient-3.11.1 gAAAAABpKduKnPZ6... - 2 - tx80a77c2f5d6c4257a911c-006929dc2e - 0.0221 - - 1764351022.395668745 1764351022.417816877 0
Nov 28 17:30:22 standalone object-server[126912]: 172.20.0.100 - - [28/Nov/2025:17:30:22 +0000] "GET /d1/82/AUTH_5621d84cd665456094b55d2da6e3b3bb/gnocchi.375729d1-07d0-44b9-9011-9c84835d8b60/1763640000.0_mean_300.0_v3" 404 70 "GET http://172.18.0.2:8080/v1/AUTH_5621d84cd665456094b55d2da6e3b3bb/gnocchi.375729d1-07d0-44b9-9011-9c84835d8b60/1763640000.0_mean_300.0_v3" "tx2bb4e97649fc47cfa5b66-006929dc2e" "proxy-server 20" 0.0005 "-" 24 0
Nov 28 17:30:22 standalone proxy-server[128662]: 172.18.0.2 172.18.0.100 28/Nov/2025/17/30/22 GET /v1/AUTH_5621d84cd665456094b55d2da6e3b3bb/gnocchi.375729d1-07d0-44b9-9011-9c84835d8b60/1763640000.0_mean_300.0_v3 HTTP/1.0 404 - python-swiftclient-3.11.1 gAAAAABpKduKnPZ6... - 70 - tx2bb4e97649fc47cfa5b66-006929dc2e - 0.0075 - - 1764351022.422813416 1764351022.430349827 0
Nov 28 17:30:22 standalone container-server[126535]: 172.20.0.100 - - [28/Nov/2025:17:30:22 +0000] "PUT /d1/828/AUTH_5621d84cd665456094b55d2da6e3b3bb/gnocchi.375729d1-07d0-44b9-9011-9c84835d8b60/1763640000.0_mean_300.0_v3" 201 - "PUT http://172.18.0.2:8080/d1/82/AUTH_5621d84cd665456094b55d2da6e3b3bb/gnocchi.375729d1-07d0-44b9-9011-9c84835d8b60/1763640000.0_mean_300.0_v3" "txb7ab7f0825c4484883288-006929dc2e" "object-server 24" 0.0008 "-" 19 0
Nov 28 17:30:22 standalone object-server[126912]: 172.20.0.100 - - [28/Nov/2025:17:30:22 +0000] "PUT /d1/82/AUTH_5621d84cd665456094b55d2da6e3b3bb/gnocchi.375729d1-07d0-44b9-9011-9c84835d8b60/1763640000.0_mean_300.0_v3" 201 - "PUT http://172.18.0.2:8080/v1/AUTH_5621d84cd665456094b55d2da6e3b3bb/gnocchi.375729d1-07d0-44b9-9011-9c84835d8b60/1763640000.0_mean_300.0_v3" "txb7ab7f0825c4484883288-006929dc2e" "proxy-server 20" 0.0115 "-" 24 0
Nov 28 17:30:22 standalone proxy-server[128662]: 172.18.0.2 172.18.0.100 28/Nov/2025/17/30/22 PUT /v1/AUTH_5621d84cd665456094b55d2da6e3b3bb/gnocchi.375729d1-07d0-44b9-9011-9c84835d8b60/1763640000.0_mean_300.0_v3 HTTP/1.0 201 - python-swiftclient-3.11.1 gAAAAABpKduKnPZ6... 16 - - txb7ab7f0825c4484883288-006929dc2e - 0.0185 - - 1764351022.434113503 1764351022.452578545 0
Nov 28 17:30:22 standalone container-server[126587]: 172.20.0.100 - - [28/Nov/2025:17:30:22 +0000] "PUT /d1/828/AUTH_5621d84cd665456094b55d2da6e3b3bb/gnocchi.375729d1-07d0-44b9-9011-9c84835d8b60/none_v3" 201 - "PUT http://172.18.0.2:8080/d1/753/AUTH_5621d84cd665456094b55d2da6e3b3bb/gnocchi.375729d1-07d0-44b9-9011-9c84835d8b60/none_v3" "tx376d517daf3b48d9ba419-006929dc2e" "object-server 25" 0.0008 "-" 23 0
Nov 28 17:30:22 standalone object-server[126914]: 172.20.0.100 - - [28/Nov/2025:17:30:22 +0000] "PUT /d1/753/AUTH_5621d84cd665456094b55d2da6e3b3bb/gnocchi.375729d1-07d0-44b9-9011-9c84835d8b60/none_v3" 201 - "PUT http://172.18.0.2:8080/v1/AUTH_5621d84cd665456094b55d2da6e3b3bb/gnocchi.375729d1-07d0-44b9-9011-9c84835d8b60/none_v3" "tx376d517daf3b48d9ba419-006929dc2e" "proxy-server 20" 0.0115 "-" 25 0
Nov 28 17:30:22 standalone proxy-server[128662]: 172.18.0.2 172.18.0.100 28/Nov/2025/17/30/22 PUT /v1/AUTH_5621d84cd665456094b55d2da6e3b3bb/gnocchi.375729d1-07d0-44b9-9011-9c84835d8b60/none_v3 HTTP/1.0 201 - python-swiftclient-3.11.1 gAAAAABpKduKnPZ6... 22 - - tx376d517daf3b48d9ba419-006929dc2e - 0.0186 - - 1764351022.455980778 1764351022.474553108 0
Nov 28 17:30:22 standalone container-server[126535]: 172.20.0.100 - - [28/Nov/2025:17:30:22 +0000] "HEAD /d1/398/AUTH_5621d84cd665456094b55d2da6e3b3bb/gnocchi.6391eee0-4969-4877-b3e3-433e3eae6649" 404 - "HEAD http://172.18.0.2:8080/v1/AUTH_5621d84cd665456094b55d2da6e3b3bb/gnocchi.6391eee0-4969-4877-b3e3-433e3eae6649?format=json&states=listing" "tx0dec6fb96cd144d9a0d8d-006929dc2e" "proxy-server 20" 0.0007 "-" 19 0
Nov 28 17:30:22 standalone object-server[126914]: 172.20.0.100 - - [28/Nov/2025:17:30:22 +0000] "GET /d1/189/AUTH_5621d84cd665456094b55d2da6e3b3bb/gnocchi.6391eee0-4969-4877-b3e3-433e3eae6649/none_v3" 404 70 "GET http://172.18.0.2:8080/v1/AUTH_5621d84cd665456094b55d2da6e3b3bb/gnocchi.6391eee0-4969-4877-b3e3-433e3eae6649/none_v3" "tx0dec6fb96cd144d9a0d8d-006929dc2e" "proxy-server 20" 0.0003 "-" 25 0
Nov 28 17:30:22 standalone proxy-server[128662]: 172.18.0.2 172.18.0.100 28/Nov/2025/17/30/22 GET /v1/AUTH_5621d84cd665456094b55d2da6e3b3bb/gnocchi.6391eee0-4969-4877-b3e3-433e3eae6649/none_v3 HTTP/1.0 404 - python-swiftclient-3.11.1 gAAAAABpKduKnPZ6... - 70 - tx0dec6fb96cd144d9a0d8d-006929dc2e - 0.0132 - - 1764351022.490619659 1764351022.503865242 0
Nov 28 17:30:22 standalone account-server[126705]: 172.20.0.100 - - [28/Nov/2025:17:30:22 +0000] "PUT /d1/596/AUTH_5621d84cd665456094b55d2da6e3b3bb/gnocchi.6391eee0-4969-4877-b3e3-433e3eae6649" 201 - "PUT http://172.20.0.100:6001/d1/398/AUTH_5621d84cd665456094b55d2da6e3b3bb/gnocchi.6391eee0-4969-4877-b3e3-433e3eae6649" "tx950faa78442f461bbd77f-006929dc2e" "container-server 20" 0.0061 "-" 23 0
Nov 28 17:30:22 standalone container-server[126550]: 172.20.0.100 - - [28/Nov/2025:17:30:22 +0000] "PUT /d1/398/AUTH_5621d84cd665456094b55d2da6e3b3bb/gnocchi.6391eee0-4969-4877-b3e3-433e3eae6649" 201 - "PUT http://172.18.0.2:8080/v1/AUTH_5621d84cd665456094b55d2da6e3b3bb/gnocchi.6391eee0-4969-4877-b3e3-433e3eae6649" "tx950faa78442f461bbd77f-006929dc2e" "proxy-server 20" 0.0222 "-" 20 0
Nov 28 17:30:22 standalone proxy-server[128662]: 172.18.0.2 172.18.0.100 28/Nov/2025/17/30/22 PUT /v1/AUTH_5621d84cd665456094b55d2da6e3b3bb/gnocchi.6391eee0-4969-4877-b3e3-433e3eae6649 HTTP/1.0 201 - python-swiftclient-3.11.1 gAAAAABpKduKnPZ6... - - - tx950faa78442f461bbd77f-006929dc2e - 0.0297 - - 1764351022.508781195 1764351022.538529396 0
Nov 28 17:30:22 standalone container-server[126550]: 172.20.0.100 - - [28/Nov/2025:17:30:22 +0000] "HEAD /d1/398/AUTH_5621d84cd665456094b55d2da6e3b3bb/gnocchi.6391eee0-4969-4877-b3e3-433e3eae6649" 204 - "HEAD http://172.18.0.2:8080/v1/AUTH_5621d84cd665456094b55d2da6e3b3bb/gnocchi.6391eee0-4969-4877-b3e3-433e3eae6649?format=json&states=listing" "tx94298f48085c4281bc3a8-006929dc2e" "proxy-server 20" 0.0022 "-" 20 0
Nov 28 17:30:22 standalone proxy-server[128662]: - - 28/Nov/2025/17/30/22 HEAD /v1/AUTH_5621d84cd665456094b55d2da6e3b3bb/gnocchi.6391eee0-4969-4877-b3e3-433e3eae6649%3Fformat%3Djson%26states%3Dlisting HTTP/1.0 204 - Swift - - - - tx94298f48085c4281bc3a8-006929dc2e - 0.0152 RL - 1764351022.546095133 1764351022.561336279 0
Nov 28 17:30:22 standalone container-server[126535]: 172.20.0.100 - - [28/Nov/2025:17:30:22 +0000] "GET /d1/398/AUTH_5621d84cd665456094b55d2da6e3b3bb/gnocchi.6391eee0-4969-4877-b3e3-433e3eae6649" 200 2 "GET http://172.18.0.2:8080/v1/AUTH_5621d84cd665456094b55d2da6e3b3bb/gnocchi.6391eee0-4969-4877-b3e3-433e3eae6649?format=json&states=listing" "tx94298f48085c4281bc3a8-006929dc2e" "proxy-server 20" 0.0040 "-" 19 0
Nov 28 17:30:22 standalone proxy-server[128662]: 172.18.0.2 172.18.0.100 28/Nov/2025/17/30/22 GET /v1/AUTH_5621d84cd665456094b55d2da6e3b3bb/gnocchi.6391eee0-4969-4877-b3e3-433e3eae6649%3Fformat%3Djson%26states%3Dlisting HTTP/1.0 200 - python-swiftclient-3.11.1 gAAAAABpKduKnPZ6... - 2 - tx94298f48085c4281bc3a8-006929dc2e - 0.0299 - - 1764351022.545045137 1764351022.574937105 0
Nov 28 17:30:22 standalone object-server[126904]: 172.20.0.100 - - [28/Nov/2025:17:30:22 +0000] "GET /d1/354/AUTH_5621d84cd665456094b55d2da6e3b3bb/gnocchi.6391eee0-4969-4877-b3e3-433e3eae6649/1763640000.0_mean_300.0_v3" 404 70 "GET http://172.18.0.2:8080/v1/AUTH_5621d84cd665456094b55d2da6e3b3bb/gnocchi.6391eee0-4969-4877-b3e3-433e3eae6649/1763640000.0_mean_300.0_v3" "tx5ffec7d1551c46eb8f5f0-006929dc2e" "proxy-server 20" 0.0003 "-" 23 0
Nov 28 17:30:22 standalone proxy-server[128662]: 172.18.0.2 172.18.0.100 28/Nov/2025/17/30/22 GET /v1/AUTH_5621d84cd665456094b55d2da6e3b3bb/gnocchi.6391eee0-4969-4877-b3e3-433e3eae6649/1763640000.0_mean_300.0_v3 HTTP/1.0 404 - python-swiftclient-3.11.1 gAAAAABpKduKnPZ6... - 70 - tx5ffec7d1551c46eb8f5f0-006929dc2e - 0.0054 - - 1764351022.581390619 1764351022.586804152 0
Nov 28 17:30:22 standalone container-server[126535]: 172.20.0.100 - - [28/Nov/2025:17:30:22 +0000] "PUT /d1/398/AUTH_5621d84cd665456094b55d2da6e3b3bb/gnocchi.6391eee0-4969-4877-b3e3-433e3eae6649/1763640000.0_mean_300.0_v3" 201 - "PUT http://172.18.0.2:8080/d1/354/AUTH_5621d84cd665456094b55d2da6e3b3bb/gnocchi.6391eee0-4969-4877-b3e3-433e3eae6649/1763640000.0_mean_300.0_v3" "txfdc2829b55b64e39b9c69-006929dc2e" "object-server 22" 0.0006 "-" 19 0
Nov 28 17:30:22 standalone object-server[126900]: 172.20.0.100 - - [28/Nov/2025:17:30:22 +0000] "PUT /d1/354/AUTH_5621d84cd665456094b55d2da6e3b3bb/gnocchi.6391eee0-4969-4877-b3e3-433e3eae6649/1763640000.0_mean_300.0_v3" 201 - "PUT http://172.18.0.2:8080/v1/AUTH_5621d84cd665456094b55d2da6e3b3bb/gnocchi.6391eee0-4969-4877-b3e3-433e3eae6649/1763640000.0_mean_300.0_v3" "txfdc2829b55b64e39b9c69-006929dc2e" "proxy-server 20" 0.0111 "-" 22 0
Nov 28 17:30:22 standalone proxy-server[128662]: 172.18.0.2 172.18.0.100 28/Nov/2025/17/30/22 PUT /v1/AUTH_5621d84cd665456094b55d2da6e3b3bb/gnocchi.6391eee0-4969-4877-b3e3-433e3eae6649/1763640000.0_mean_300.0_v3 HTTP/1.0 201 - python-swiftclient-3.11.1 gAAAAABpKduKnPZ6... 16 - - txfdc2829b55b64e39b9c69-006929dc2e - 0.0169 - - 1764351022.590925932 1764351022.607846260 0
Nov 28 17:30:22 standalone container-server[126587]: 172.20.0.100 - - [28/Nov/2025:17:30:22 +0000] "PUT /d1/398/AUTH_5621d84cd665456094b55d2da6e3b3bb/gnocchi.6391eee0-4969-4877-b3e3-433e3eae6649/none_v3" 201 - "PUT http://172.18.0.2:8080/d1/189/AUTH_5621d84cd665456094b55d2da6e3b3bb/gnocchi.6391eee0-4969-4877-b3e3-433e3eae6649/none_v3" "tx3f5c352317a34d1ba4179-006929dc2e" "object-server 23" 0.0010 "-" 23 0
Nov 28 17:30:22 standalone object-server[126904]: 172.20.0.100 - - [28/Nov/2025:17:30:22 +0000] "PUT /d1/189/AUTH_5621d84cd665456094b55d2da6e3b3bb/gnocchi.6391eee0-4969-4877-b3e3-433e3eae6649/none_v3" 201 - "PUT http://172.18.0.2:8080/v1/AUTH_5621d84cd665456094b55d2da6e3b3bb/gnocchi.6391eee0-4969-4877-b3e3-433e3eae6649/none_v3" "tx3f5c352317a34d1ba4179-006929dc2e" "proxy-server 20" 0.0107 "-" 23 0
Nov 28 17:30:22 standalone proxy-server[128662]: 172.18.0.2 172.18.0.100 28/Nov/2025/17/30/22 PUT /v1/AUTH_5621d84cd665456094b55d2da6e3b3bb/gnocchi.6391eee0-4969-4877-b3e3-433e3eae6649/none_v3 HTTP/1.0 201 - python-swiftclient-3.11.1 gAAAAABpKduKnPZ6... 22 - - tx3f5c352317a34d1ba4179-006929dc2e - 0.0176 - - 1764351022.611541033 1764351022.629160166 0
Nov 28 17:30:22 standalone container-server[126566]: 172.20.0.100 - - [28/Nov/2025:17:30:22 +0000] "HEAD /d1/721/AUTH_5621d84cd665456094b55d2da6e3b3bb/gnocchi.da6deff7-26a4-4e2c-9f71-221e1b464182" 404 - "HEAD http://172.18.0.2:8080/v1/AUTH_5621d84cd665456094b55d2da6e3b3bb/gnocchi.da6deff7-26a4-4e2c-9f71-221e1b464182?format=json&states=listing" "txc0dded66a5ad43e8b48b7-006929dc2e" "proxy-server 20" 0.0008 "-" 21 0
Nov 28 17:30:22 standalone object-server[126912]: 172.20.0.100 - - [28/Nov/2025:17:30:22 +0000] "GET /d1/244/AUTH_5621d84cd665456094b55d2da6e3b3bb/gnocchi.da6deff7-26a4-4e2c-9f71-221e1b464182/none_v3" 404 70 "GET http://172.18.0.2:8080/v1/AUTH_5621d84cd665456094b55d2da6e3b3bb/gnocchi.da6deff7-26a4-4e2c-9f71-221e1b464182/none_v3" "txc0dded66a5ad43e8b48b7-006929dc2e" "proxy-server 20" 0.0005 "-" 24 0
Nov 28 17:30:22 standalone proxy-server[128662]: 172.18.0.2 172.18.0.100 28/Nov/2025/17/30/22 GET /v1/AUTH_5621d84cd665456094b55d2da6e3b3bb/gnocchi.da6deff7-26a4-4e2c-9f71-221e1b464182/none_v3 HTTP/1.0 404 - python-swiftclient-3.11.1 gAAAAABpKduKnPZ6... - 70 - txc0dded66a5ad43e8b48b7-006929dc2e - 0.0115 - - 1764351022.638898134 1764351022.650408745 0
Nov 28 17:30:22 standalone account-server[126698]: 172.20.0.100 - - [28/Nov/2025:17:30:22 +0000] "PUT /d1/596/AUTH_5621d84cd665456094b55d2da6e3b3bb/gnocchi.da6deff7-26a4-4e2c-9f71-221e1b464182" 201 - "PUT http://172.20.0.100:6001/d1/721/AUTH_5621d84cd665456094b55d2da6e3b3bb/gnocchi.da6deff7-26a4-4e2c-9f71-221e1b464182" "tx4363490c64664c02ac3c5-006929dc2e" "container-server 23" 0.0596 "-" 21 0
