Nov 28 17:30:24 standalone container-server[126587]: 172.20.0.100 - - [28/Nov/2025:17:30:24 +0000] "PUT /d1/211/AUTH_5621d84cd665456094b55d2da6e3b3bb/gnocchi.3a927900-dd3c-40de-892b-5f33d1a9c688" 201 - "PUT http://172.18.0.2:8080/v1/AUTH_5621d84cd665456094b55d2da6e3b3bb/gnocchi.3a927900-dd3c-40de-892b-5f33d1a9c688" "txa9eda23212604c45ad721-006929dc30" "proxy-server 20" 0.0166 "-" 23 0
Nov 28 17:30:24 standalone proxy-server[128662]: 172.18.0.2 172.18.0.100 28/Nov/2025/17/30/24 PUT /v1/AUTH_5621d84cd665456094b55d2da6e3b3bb/gnocchi.3a927900-dd3c-40de-892b-5f33d1a9c688 HTTP/1.0 201 - python-swiftclient-3.11.1 gAAAAABpKduKnPZ6... - - - txa9eda23212604c45ad721-006929dc30 - 0.0208 - - 1764351024.590573311 1764351024.611410141 0
Nov 28 17:30:24 standalone account-server[126675]: 172.20.0.100 - - [28/Nov/2025:17:30:24 +0000] "PUT /d1/596/AUTH_5621d84cd665456094b55d2da6e3b3bb/gnocchi.d9c8e01b-b94c-4362-bf16-e3e57f6be3d4" 201 - "-" "-" "container-updater 2" 0.0104 "-" 20 0
Nov 28 17:30:24 standalone container-server[126587]: 172.20.0.100 - - [28/Nov/2025:17:30:24 +0000] "HEAD /d1/211/AUTH_5621d84cd665456094b55d2da6e3b3bb/gnocchi.3a927900-dd3c-40de-892b-5f33d1a9c688" 204 - "HEAD http://172.18.0.2:8080/v1/AUTH_5621d84cd665456094b55d2da6e3b3bb/gnocchi.3a927900-dd3c-40de-892b-5f33d1a9c688?format=json&states=listing" "txad87a35b251b4772813d2-006929dc30" "proxy-server 20" 0.0009 "-" 23 0
Nov 28 17:30:24 standalone proxy-server[128662]: - - 28/Nov/2025/17/30/24 HEAD /v1/AUTH_5621d84cd665456094b55d2da6e3b3bb/gnocchi.3a927900-dd3c-40de-892b-5f33d1a9c688%3Fformat%3Djson%26states%3Dlisting HTTP/1.0 204 - Swift - - - - txad87a35b251b4772813d2-006929dc30 - 0.0040 RL - 1764351024.615436792 1764351024.619411707 0
Nov 28 17:30:24 standalone container-server[126535]: 172.20.0.100 - - [28/Nov/2025:17:30:24 +0000] "GET /d1/211/AUTH_5621d84cd665456094b55d2da6e3b3bb/gnocchi.3a927900-dd3c-40de-892b-5f33d1a9c688" 200 2 "GET http://172.18.0.2:8080/v1/AUTH_5621d84cd665456094b55d2da6e3b3bb/gnocchi.3a927900-dd3c-40de-892b-5f33d1a9c688?format=json&states=listing" "txad87a35b251b4772813d2-006929dc30" "proxy-server 20" 0.0026 "-" 19 0
Nov 28 17:30:24 standalone proxy-server[128662]: 172.18.0.2 172.18.0.100 28/Nov/2025/17/30/24 GET /v1/AUTH_5621d84cd665456094b55d2da6e3b3bb/gnocchi.3a927900-dd3c-40de-892b-5f33d1a9c688%3Fformat%3Djson%26states%3Dlisting HTTP/1.0 200 - python-swiftclient-3.11.1 gAAAAABpKduKnPZ6... - 2 - txad87a35b251b4772813d2-006929dc30 - 0.0135 - - 1764351024.614261389 1764351024.627742290 0
Nov 28 17:30:24 standalone object-server[126904]: 172.20.0.100 - - [28/Nov/2025:17:30:24 +0000] "GET /d1/884/AUTH_5621d84cd665456094b55d2da6e3b3bb/gnocchi.3a927900-dd3c-40de-892b-5f33d1a9c688/1763640000.0_mean_300.0_v3" 404 70 "GET http://172.18.0.2:8080/v1/AUTH_5621d84cd665456094b55d2da6e3b3bb/gnocchi.3a927900-dd3c-40de-892b-5f33d1a9c688/1763640000.0_mean_300.0_v3" "tx1f86ebbaea584c638b1aa-006929dc30" "proxy-server 20" 0.0003 "-" 23 0
Nov 28 17:30:24 standalone proxy-server[128662]: 172.18.0.2 172.18.0.100 28/Nov/2025/17/30/24 GET /v1/AUTH_5621d84cd665456094b55d2da6e3b3bb/gnocchi.3a927900-dd3c-40de-892b-5f33d1a9c688/1763640000.0_mean_300.0_v3 HTTP/1.0 404 - python-swiftclient-3.11.1 gAAAAABpKduKnPZ6... - 70 - tx1f86ebbaea584c638b1aa-006929dc30 - 0.0053 - - 1764351024.630620003 1764351024.635937214 0
Nov 28 17:30:24 standalone container-server[126566]: 172.20.0.100 - - [28/Nov/2025:17:30:24 +0000] "PUT /d1/211/AUTH_5621d84cd665456094b55d2da6e3b3bb/gnocchi.3a927900-dd3c-40de-892b-5f33d1a9c688/1763640000.0_mean_300.0_v3" 201 - "PUT http://172.18.0.2:8080/d1/884/AUTH_5621d84cd665456094b55d2da6e3b3bb/gnocchi.3a927900-dd3c-40de-892b-5f33d1a9c688/1763640000.0_mean_300.0_v3" "tx66d11e2101124828aaad3-006929dc30" "object-server 25" 0.0009 "-" 21 0
Nov 28 17:30:24 standalone object-server[126914]: 172.20.0.100 - - [28/Nov/2025:17:30:24 +0000] "PUT /d1/884/AUTH_5621d84cd665456094b55d2da6e3b3bb/gnocchi.3a927900-dd3c-40de-892b-5f33d1a9c688/1763640000.0_mean_300.0_v3" 201 - "PUT http://172.18.0.2:8080/v1/AUTH_5621d84cd665456094b55d2da6e3b3bb/gnocchi.3a927900-dd3c-40de-892b-5f33d1a9c688/1763640000.0_mean_300.0_v3" "tx66d11e2101124828aaad3-006929dc30" "proxy-server 20" 0.0105 "-" 25 0
Nov 28 17:30:24 standalone proxy-server[128662]: 172.18.0.2 172.18.0.100 28/Nov/2025/17/30/24 PUT /v1/AUTH_5621d84cd665456094b55d2da6e3b3bb/gnocchi.3a927900-dd3c-40de-892b-5f33d1a9c688/1763640000.0_mean_300.0_v3 HTTP/1.0 201 - python-swiftclient-3.11.1 gAAAAABpKduKnPZ6... 16 - - tx66d11e2101124828aaad3-006929dc30 - 0.0168 - - 1764351024.641692162 1764351024.658533573 0
Nov 28 17:30:24 standalone container-server[126550]: 172.20.0.100 - - [28/Nov/2025:17:30:24 +0000] "PUT /d1/211/AUTH_5621d84cd665456094b55d2da6e3b3bb/gnocchi.3a927900-dd3c-40de-892b-5f33d1a9c688/none_v3" 201 - "PUT http://172.18.0.2:8080/d1/845/AUTH_5621d84cd665456094b55d2da6e3b3bb/gnocchi.3a927900-dd3c-40de-892b-5f33d1a9c688/none_v3" "txc14ca7a6ac0746a9be615-006929dc30" "object-server 24" 0.0006 "-" 20 0
Nov 28 17:30:24 standalone object-server[126912]: 172.20.0.100 - - [28/Nov/2025:17:30:24 +0000] "PUT /d1/845/AUTH_5621d84cd665456094b55d2da6e3b3bb/gnocchi.3a927900-dd3c-40de-892b-5f33d1a9c688/none_v3" 201 - "PUT http://172.18.0.2:8080/v1/AUTH_5621d84cd665456094b55d2da6e3b3bb/gnocchi.3a927900-dd3c-40de-892b-5f33d1a9c688/none_v3" "txc14ca7a6ac0746a9be615-006929dc30" "proxy-server 20" 0.0079 "-" 24 0
Nov 28 17:30:24 standalone proxy-server[128662]: 172.18.0.2 172.18.0.100 28/Nov/2025/17/30/24 PUT /v1/AUTH_5621d84cd665456094b55d2da6e3b3bb/gnocchi.3a927900-dd3c-40de-892b-5f33d1a9c688/none_v3 HTTP/1.0 201 - python-swiftclient-3.11.1 gAAAAABpKduKnPZ6... 22 - - txc14ca7a6ac0746a9be615-006929dc30 - 0.0132 - - 1764351024.660840034 1764351024.673991442 0
Nov 28 17:30:24 standalone container-server[126550]: 172.20.0.100 - - [28/Nov/2025:17:30:24 +0000] "HEAD /d1/401/AUTH_5621d84cd665456094b55d2da6e3b3bb/gnocchi.6925fee9-fdde-444d-aab5-a044267c59ce" 404 - "HEAD http://172.18.0.2:8080/v1/AUTH_5621d84cd665456094b55d2da6e3b3bb/gnocchi.6925fee9-fdde-444d-aab5-a044267c59ce?format=json&states=listing" "tx2c5f1040aa9e4f879d136-006929dc30" "proxy-server 20" 0.0004 "-" 20 0
Nov 28 17:30:24 standalone object-server[126904]: 172.20.0.100 - - [28/Nov/2025:17:30:24 +0000] "GET /d1/112/AUTH_5621d84cd665456094b55d2da6e3b3bb/gnocchi.6925fee9-fdde-444d-aab5-a044267c59ce/none_v3" 404 70 "GET http://172.18.0.2:8080/v1/AUTH_5621d84cd665456094b55d2da6e3b3bb/gnocchi.6925fee9-fdde-444d-aab5-a044267c59ce/none_v3" "tx2c5f1040aa9e4f879d136-006929dc30" "proxy-server 20" 0.0003 "-" 23 0
Nov 28 17:30:24 standalone proxy-server[128662]: 172.18.0.2 172.18.0.100 28/Nov/2025/17/30/24 GET /v1/AUTH_5621d84cd665456094b55d2da6e3b3bb/gnocchi.6925fee9-fdde-444d-aab5-a044267c59ce/none_v3 HTTP/1.0 404 - python-swiftclient-3.11.1 gAAAAABpKduKnPZ6... - 70 - tx2c5f1040aa9e4f879d136-006929dc30 - 0.0198 - - 1764351024.685336351 1764351024.705161810 0
Nov 28 17:30:24 standalone account-server[126705]: 172.20.0.100 - - [28/Nov/2025:17:30:24 +0000] "PUT /d1/596/AUTH_5621d84cd665456094b55d2da6e3b3bb/gnocchi.a1de23ef-02dd-488a-ba4f-1a7582846566" 201 - "-" "-" "container-updater 2" 0.0004 "-" 23 0
Nov 28 17:30:24 standalone account-server[126698]: 172.20.0.100 - - [28/Nov/2025:17:30:24 +0000] "PUT /d1/596/AUTH_5621d84cd665456094b55d2da6e3b3bb/gnocchi.6925fee9-fdde-444d-aab5-a044267c59ce" 201 - "PUT http://172.20.0.100:6001/d1/401/AUTH_5621d84cd665456094b55d2da6e3b3bb/gnocchi.6925fee9-fdde-444d-aab5-a044267c59ce" "txae20b1350b034eeeb7338-006929dc30" "container-server 20" 0.0042 "-" 21 0
Nov 28 17:30:24 standalone container-server[126550]: 172.20.0.100 - - [28/Nov/2025:17:30:24 +0000] "PUT /d1/401/AUTH_5621d84cd665456094b55d2da6e3b3bb/gnocchi.6925fee9-fdde-444d-aab5-a044267c59ce" 201 - "PUT http://172.18.0.2:8080/v1/AUTH_5621d84cd665456094b55d2da6e3b3bb/gnocchi.6925fee9-fdde-444d-aab5-a044267c59ce" "txae20b1350b034eeeb7338-006929dc30" "proxy-server 20" 0.0146 "-" 20 0
Nov 28 17:30:24 standalone proxy-server[128662]: 172.18.0.2 172.18.0.100 28/Nov/2025/17/30/24 PUT /v1/AUTH_5621d84cd665456094b55d2da6e3b3bb/gnocchi.6925fee9-fdde-444d-aab5-a044267c59ce HTTP/1.0 201 - python-swiftclient-3.11.1 gAAAAABpKduKnPZ6... - - - txae20b1350b034eeeb7338-006929dc30 - 0.0209 - - 1764351024.708930492 1764351024.729823351 0
Nov 28 17:30:24 standalone container-server[126587]: 172.20.0.100 - - [28/Nov/2025:17:30:24 +0000] "HEAD /d1/401/AUTH_5621d84cd665456094b55d2da6e3b3bb/gnocchi.6925fee9-fdde-444d-aab5-a044267c59ce" 204 - "HEAD http://172.18.0.2:8080/v1/AUTH_5621d84cd665456094b55d2da6e3b3bb/gnocchi.6925fee9-fdde-444d-aab5-a044267c59ce?format=json&states=listing" "tx0444f2ee3a324daca8c31-006929dc30" "proxy-server 20" 0.0021 "-" 23 0
Nov 28 17:30:24 standalone proxy-server[128662]: - - 28/Nov/2025/17/30/24 HEAD /v1/AUTH_5621d84cd665456094b55d2da6e3b3bb/gnocchi.6925fee9-fdde-444d-aab5-a044267c59ce%3Fformat%3Djson%26states%3Dlisting HTTP/1.0 204 - Swift - - - - tx0444f2ee3a324daca8c31-006929dc30 - 0.0071 RL - 1764351024.736171484 1764351024.743290901 0
Nov 28 17:30:24 standalone container-server[126550]: 172.20.0.100 - - [28/Nov/2025:17:30:24 +0000] "GET /d1/401/AUTH_5621d84cd665456094b55d2da6e3b3bb/gnocchi.6925fee9-fdde-444d-aab5-a044267c59ce" 200 2 "GET http://172.18.0.2:8080/v1/AUTH_5621d84cd665456094b55d2da6e3b3bb/gnocchi.6925fee9-fdde-444d-aab5-a044267c59ce?format=json&states=listing" "tx0444f2ee3a324daca8c31-006929dc30" "proxy-server 20" 0.0022 "-" 20 0
Nov 28 17:30:24 standalone proxy-server[128662]: 172.18.0.2 172.18.0.100 28/Nov/2025/17/30/24 GET /v1/AUTH_5621d84cd665456094b55d2da6e3b3bb/gnocchi.6925fee9-fdde-444d-aab5-a044267c59ce%3Fformat%3Djson%26states%3Dlisting HTTP/1.0 200 - python-swiftclient-3.11.1 gAAAAABpKduKnPZ6... - 2 - tx0444f2ee3a324daca8c31-006929dc30 - 0.0171 - - 1764351024.734677792 1764351024.751771450 0
Nov 28 17:30:24 standalone object-server[126912]: 172.20.0.100 - - [28/Nov/2025:17:30:24 +0000] "GET /d1/827/AUTH_5621d84cd665456094b55d2da6e3b3bb/gnocchi.6925fee9-fdde-444d-aab5-a044267c59ce/1763640000.0_mean_300.0_v3" 404 70 "GET http://172.18.0.2:8080/v1/AUTH_5621d84cd665456094b55d2da6e3b3bb/gnocchi.6925fee9-fdde-444d-aab5-a044267c59ce/1763640000.0_mean_300.0_v3" "tx00670431ee614d12af969-006929dc30" "proxy-server 20" 0.0003 "-" 24 0
Nov 28 17:30:24 standalone proxy-server[128662]: 172.18.0.2 172.18.0.100 28/Nov/2025/17/30/24 GET /v1/AUTH_5621d84cd665456094b55d2da6e3b3bb/gnocchi.6925fee9-fdde-444d-aab5-a044267c59ce/1763640000.0_mean_300.0_v3 HTTP/1.0 404 - python-swiftclient-3.11.1 gAAAAABpKduKnPZ6... - 70 - tx00670431ee614d12af969-006929dc30 - 0.0053 - - 1764351024.756923437 1764351024.762259722 0
Nov 28 17:30:24 standalone container-server[126566]: 172.20.0.100 - - [28/Nov/2025:17:30:24 +0000] "PUT /d1/401/AUTH_5621d84cd665456094b55d2da6e3b3bb/gnocchi.6925fee9-fdde-444d-aab5-a044267c59ce/1763640000.0_mean_300.0_v3" 201 - "PUT http://172.18.0.2:8080/d1/827/AUTH_5621d84cd665456094b55d2da6e3b3bb/gnocchi.6925fee9-fdde-444d-aab5-a044267c59ce/1763640000.0_mean_300.0_v3" "txa577e05e64a649fe95de4-006929dc30" "object-server 24" 0.0007 "-" 21 0
Nov 28 17:30:24 standalone object-server[126912]: 172.20.0.100 - - [28/Nov/2025:17:30:24 +0000] "PUT /d1/827/AUTH_5621d84cd665456094b55d2da6e3b3bb/gnocchi.6925fee9-fdde-444d-aab5-a044267c59ce/1763640000.0_mean_300.0_v3" 201 - "PUT http://172.18.0.2:8080/v1/AUTH_5621d84cd665456094b55d2da6e3b3bb/gnocchi.6925fee9-fdde-444d-aab5-a044267c59ce/1763640000.0_mean_300.0_v3" "txa577e05e64a649fe95de4-006929dc30" "proxy-server 20" 0.0103 "-" 24 0
Nov 28 17:30:24 standalone proxy-server[128662]: 172.18.0.2 172.18.0.100 28/Nov/2025/17/30/24 PUT /v1/AUTH_5621d84cd665456094b55d2da6e3b3bb/gnocchi.6925fee9-fdde-444d-aab5-a044267c59ce/1763640000.0_mean_300.0_v3 HTTP/1.0 201 - python-swiftclient-3.11.1 gAAAAABpKduKnPZ6... 16 - - txa577e05e64a649fe95de4-006929dc30 - 0.0164 - - 1764351024.766048670 1764351024.782407999 0
Nov 28 17:30:24 standalone account-server[126702]: 172.20.0.100 - - [28/Nov/2025:17:30:24 +0000] "PUT /d1/596/AUTH_5621d84cd665456094b55d2da6e3b3bb/gnocchi.d58cbafa-629e-4f05-a442-55f31a4a04f8" 201 - "-" "-" "container-updater 2" 0.0007 "-" 22 0
Nov 28 17:30:24 standalone container-server[126550]: 172.20.0.100 - - [28/Nov/2025:17:30:24 +0000] "PUT /d1/401/AUTH_5621d84cd665456094b55d2da6e3b3bb/gnocchi.6925fee9-fdde-444d-aab5-a044267c59ce/none_v3" 201 - "PUT http://172.18.0.2:8080/d1/112/AUTH_5621d84cd665456094b55d2da6e3b3bb/gnocchi.6925fee9-fdde-444d-aab5-a044267c59ce/none_v3" "tx5c5e4ebd617d457bb840f-006929dc30" "object-server 24" 0.0004 "-" 20 0
Nov 28 17:30:24 standalone object-server[126912]: 172.20.0.100 - - [28/Nov/2025:17:30:24 +0000] "PUT /d1/112/AUTH_5621d84cd665456094b55d2da6e3b3bb/gnocchi.6925fee9-fdde-444d-aab5-a044267c59ce/none_v3" 201 - "PUT http://172.18.0.2:8080/v1/AUTH_5621d84cd665456094b55d2da6e3b3bb/gnocchi.6925fee9-fdde-444d-aab5-a044267c59ce/none_v3" "tx5c5e4ebd617d457bb840f-006929dc30" "proxy-server 20" 0.0100 "-" 24 0
Nov 28 17:30:24 standalone proxy-server[128662]: 172.18.0.2 172.18.0.100 28/Nov/2025/17/30/24 PUT /v1/AUTH_5621d84cd665456094b55d2da6e3b3bb/gnocchi.6925fee9-fdde-444d-aab5-a044267c59ce/none_v3 HTTP/1.0 201 - python-swiftclient-3.11.1 gAAAAABpKduKnPZ6... 22 - - tx5c5e4ebd617d457bb840f-006929dc30 - 0.0186 - - 1764351024.787688017 1764351024.806258440 0
Nov 28 17:30:24 standalone container-server[126550]: 172.20.0.100 - - [28/Nov/2025:17:30:24 +0000] "HEAD /d1/752/AUTH_5621d84cd665456094b55d2da6e3b3bb/gnocchi.0ae9835d-7768-4355-8d56-154714f5430b" 404 - "HEAD http://172.18.0.2:8080/v1/AUTH_5621d84cd665456094b55d2da6e3b3bb/gnocchi.0ae9835d-7768-4355-8d56-154714f5430b?format=json&states=listing" "tx2c13127b57eb48e69fa05-006929dc30" "proxy-server 20" 0.0003 "-" 20 0
Nov 28 17:30:24 standalone object-server[126904]: 172.20.0.100 - - [28/Nov/2025:17:30:24 +0000] "GET /d1/260/AUTH_5621d84cd665456094b55d2da6e3b3bb/gnocchi.0ae9835d-7768-4355-8d56-154714f5430b/none_v3" 404 70 "GET http://172.18.0.2:8080/v1/AUTH_5621d84cd665456094b55d2da6e3b3bb/gnocchi.0ae9835d-7768-4355-8d56-154714f5430b/none_v3" "tx2c13127b57eb48e69fa05-006929dc30" "proxy-server 20" 0.0003 "-" 23 0
Nov 28 17:30:24 standalone proxy-server[128662]: 172.18.0.2 172.18.0.100 28/Nov/2025/17/30/24 GET /v1/AUTH_5621d84cd665456094b55d2da6e3b3bb/gnocchi.0ae9835d-7768-4355-8d56-154714f5430b/none_v3 HTTP/1.0 404 - python-swiftclient-3.11.1 gAAAAABpKduKnPZ6... - 70 - tx2c13127b57eb48e69fa05-006929dc30 - 0.0135 - - 1764351024.820930243 1764351024.834470510 0
Nov 28 17:30:24 standalone account-server[126705]: 172.20.0.100 - - [28/Nov/2025:17:30:24 +0000] "PUT /d1/596/AUTH_5621d84cd665456094b55d2da6e3b3bb/gnocchi.0ae9835d-7768-4355-8d56-154714f5430b" 201 - "PUT http://172.20.0.100:6001/d1/752/AUTH_5621d84cd665456094b55d2da6e3b3bb/gnocchi.0ae9835d-7768-4355-8d56-154714f5430b" "tx37595ad781c74697b5cc4-006929dc30" "container-server 21" 0.0035 "-" 23 0
Nov 28 17:30:24 standalone container-server[126566]: 172.20.0.100 - - [28/Nov/2025:17:30:24 +0000] "PUT /d1/752/AUTH_5621d84cd665456094b55d2da6e3b3bb/gnocchi.0ae9835d-7768-4355-8d56-154714f5430b" 201 - "PUT http://172.18.0.2:8080/v1/AUTH_5621d84cd665456094b55d2da6e3b3bb/gnocchi.0ae9835d-7768-4355-8d56-154714f5430b" "tx37595ad781c74697b5cc4-006929dc30" "proxy-server 20" 0.0158 "-" 21 0
Nov 28 17:30:24 standalone proxy-server[128662]: 172.18.0.2 172.18.0.100 28/Nov/2025/17/30/24 PUT /v1/AUTH_5621d84cd665456094b55d2da6e3b3bb/gnocchi.0ae9835d-7768-4355-8d56-154714f5430b HTTP/1.0 201 - python-swiftclient-3.11.1 gAAAAABpKduKnPZ6... - - - tx37595ad781c74697b5cc4-006929dc30 - 0.0228 - - 1764351024.838675261 1764351024.861521006 0
Nov 28 17:30:24 standalone container-server[126535]: 172.20.0.100 - - [28/Nov/2025:17:30:24 +0000] "HEAD /d1/752/AUTH_5621d84cd665456094b55d2da6e3b3bb/gnocchi.0ae9835d-7768-4355-8d56-154714f5430b" 204 - "HEAD http://172.18.0.2:8080/v1/AUTH_5621d84cd665456094b55d2da6e3b3bb/gnocchi.0ae9835d-7768-4355-8d56-154714f5430b?format=json&states=listing" "txa5d3f26384f24bc0b6426-006929dc30" "proxy-server 20" 0.0023 "-" 19 0
Nov 28 17:30:24 standalone account-server[126698]: 172.20.0.100 - - [28/Nov/2025:17:30:24 +0000] "PUT /d1/596/AUTH_5621d84cd665456094b55d2da6e3b3bb/gnocchi.6391eee0-4969-4877-b3e3-433e3eae6649" 201 - "-" "-" "container-updater 2" 0.0003 "-" 21 0
Nov 28 17:30:24 standalone proxy-server[128662]: - - 28/Nov/2025/17/30/24 HEAD /v1/AUTH_5621d84cd665456094b55d2da6e3b3bb/gnocchi.0ae9835d-7768-4355-8d56-154714f5430b%3Fformat%3Djson%26states%3Dlisting HTTP/1.0 204 - Swift - - - - txa5d3f26384f24bc0b6426-006929dc30 - 0.0071 RL - 1764351024.868673086 1764351024.875782967 0
Nov 28 17:30:24 standalone container-server[126566]: 172.20.0.100 - - [28/Nov/2025:17:30:24 +0000] "GET /d1/752/AUTH_5621d84cd665456094b55d2da6e3b3bb/gnocchi.0ae9835d-7768-4355-8d56-154714f5430b" 200 2 "GET http://172.18.0.2:8080/v1/AUTH_5621d84cd665456094b55d2da6e3b3bb/gnocchi.0ae9835d-7768-4355-8d56-154714f5430b?format=json&states=listing" "txa5d3f26384f24bc0b6426-006929dc30" "proxy-server 20" 0.0027 "-" 21 0
Nov 28 17:30:24 standalone proxy-server[128662]: 172.18.0.2 172.18.0.100 28/Nov/2025/17/30/24 GET /v1/AUTH_5621d84cd665456094b55d2da6e3b3bb/gnocchi.0ae9835d-7768-4355-8d56-154714f5430b%3Fformat%3Djson%26states%3Dlisting HTTP/1.0 200 - python-swiftclient-3.11.1 gAAAAABpKduKnPZ6... - 2 - txa5d3f26384f24bc0b6426-006929dc30 - 0.0175 - - 1764351024.867075443 1764351024.884588242 0
Nov 28 17:30:24 standalone object-server[126900]: 172.20.0.100 - - [28/Nov/2025:17:30:24 +0000] "GET /d1/499/AUTH_5621d84cd665456094b55d2da6e3b3bb/gnocchi.0ae9835d-7768-4355-8d56-154714f5430b/1763640000.0_mean_300.0_v3" 404 70 "GET http://172.18.0.2:8080/v1/AUTH_5621d84cd665456094b55d2da6e3b3bb/gnocchi.0ae9835d-7768-4355-8d56-154714f5430b/1763640000.0_mean_300.0_v3" "txb646c2cea2c54a1791ab8-006929dc30" "proxy-server 20" 0.0004 "-" 22 0
Nov 28 17:30:24 standalone proxy-server[128662]: 172.18.0.2 172.18.0.100 28/Nov/2025/17/30/24 GET /v1/AUTH_5621d84cd665456094b55d2da6e3b3bb/gnocchi.0ae9835d-7768-4355-8d56-154714f5430b/1763640000.0_mean_300.0_v3 HTTP/1.0 404 - python-swiftclient-3.11.1 gAAAAABpKduKnPZ6... - 70 - txb646c2cea2c54a1791ab8-006929dc30 - 0.0065 - - 1764351024.889673710 1764351024.896130085 0
Nov 28 17:30:24 standalone container-server[126550]: 172.20.0.100 - - [28/Nov/2025:17:30:24 +0000] "PUT /d1/752/AUTH_5621d84cd665456094b55d2da6e3b3bb/gnocchi.0ae9835d-7768-4355-8d56-154714f5430b/1763640000.0_mean_300.0_v3" 201 - "PUT http://172.18.0.2:8080/d1/499/AUTH_5621d84cd665456094b55d2da6e3b3bb/gnocchi.0ae9835d-7768-4355-8d56-154714f5430b/1763640000.0_mean_300.0_v3" "tx30b9dadb6522474fb1830-006929dc30" "object-server 25" 0.0005 "-" 20 0
Nov 28 17:30:24 standalone object-server[126914]: 172.20.0.100 - - [28/Nov/2025:17:30:24 +0000] "PUT /d1/499/AUTH_5621d84cd665456094b55d2da6e3b3bb/gnocchi.0ae9835d-7768-4355-8d56-154714f5430b/1763640000.0_mean_300.0_v3" 201 - "PUT http://172.18.0.2:8080/v1/AUTH_5621d84cd665456094b55d2da6e3b3bb/gnocchi.0ae9835d-7768-4355-8d56-154714f5430b/1763640000.0_mean_300.0_v3" "tx30b9dadb6522474fb1830-006929dc30" "proxy-server 20" 0.0117 "-" 25 0
Nov 28 17:30:24 standalone proxy-server[128662]: 172.18.0.2 172.18.0.100 28/Nov/2025/17/30/24 PUT /v1/AUTH_5621d84cd665456094b55d2da6e3b3bb/gnocchi.0ae9835d-7768-4355-8d56-154714f5430b/1763640000.0_mean_300.0_v3 HTTP/1.0 201 - python-swiftclient-3.11.1 gAAAAABpKduKnPZ6... 16 - - tx30b9dadb6522474fb1830-006929dc30 - 0.0176 - - 1764351024.900586128 1764351024.918166876 0
Nov 28 17:30:24 standalone container-server[126550]: 172.20.0.100 - - [28/Nov/2025:17:30:24 +0000] "PUT /d1/752/AUTH_5621d84cd665456094b55d2da6e3b3bb/gnocchi.0ae9835d-7768-4355-8d56-154714f5430b/none_v3" 201 - "PUT http://172.18.0.2:8080/d1/260/AUTH_5621d84cd665456094b55d2da6e3b3bb/gnocchi.0ae9835d-7768-4355-8d56-154714f5430b/none_v3" "txee22328e0b8f4f3c97382-006929dc30" "object-server 25" 0.0004 "-" 20 0
Nov 28 17:30:24 standalone object-server[126914]: 172.20.0.100 - - [28/Nov/2025:17:30:24 +0000] "PUT /d1/260/AUTH_5621d84cd665456094b55d2da6e3b3bb/gnocchi.0ae9835d-7768-4355-8d56-154714f5430b/none_v3" 201 - "PUT http://172.18.0.2:8080/v1/AUTH_5621d84cd665456094b55d2da6e3b3bb/gnocchi.0ae9835d-7768-4355-8d56-154714f5430b/none_v3" "txee22328e0b8f4f3c97382-006929dc30" "proxy-server 20" 0.0077 "-" 25 0
Nov 28 17:30:24 standalone proxy-server[128662]: 172.18.0.2 172.18.0.100 28/Nov/2025/17/30/24 PUT /v1/AUTH_5621d84cd665456094b55d2da6e3b3bb/gnocchi.0ae9835d-7768-4355-8d56-154714f5430b/none_v3 HTTP/1.0 201 - python-swiftclient-3.11.1 gAAAAABpKduKnPZ6... 22 - - txee22328e0b8f4f3c97382-006929dc30 - 0.0129 - - 1764351024.921502829 1764351024.934441805 0
Nov 28 17:30:24 standalone container-server[126535]: 172.20.0.100 - - [28/Nov/2025:17:30:24 +0000] "HEAD /d1/694/AUTH_5621d84cd665456094b55d2da6e3b3bb/gnocchi.f294f808-c1f2-4c7b-b0d6-789e116a4d03" 404 - "HEAD http://172.18.0.2:8080/v1/AUTH_5621d84cd665456094b55d2da6e3b3bb/gnocchi.f294f808-c1f2-4c7b-b0d6-789e116a4d03?format=json&states=listing" "txc769931e169e4cf487376-006929dc30" "proxy-server 20" 0.0006 "-" 19 0
Nov 28 17:30:24 standalone object-server[126914]: 172.20.0.100 - - [28/Nov/2025:17:30:24 +0000] "GET /d1/721/AUTH_5621d84cd665456094b55d2da6e3b3bb/gnocchi.f294f808-c1f2-4c7b-b0d6-789e116a4d03/none_v3" 404 70 "GET http://172.18.0.2:8080/v1/AUTH_5621d84cd665456094b55d2da6e3b3bb/gnocchi.f294f808-c1f2-4c7b-b0d6-789e116a4d03/none_v3" "txc769931e169e4cf487376-006929dc30" "proxy-server 20" 0.0002 "-" 25 0
Nov 28 17:30:24 standalone proxy-server[128662]: 172.18.0.2 172.18.0.100 28/Nov/2025/17/30/24 GET /v1/AUTH_5621d84cd665456094b55d2da6e3b3bb/gnocchi.f294f808-c1f2-4c7b-b0d6-789e116a4d03/none_v3 HTTP/1.0 404 - python-swiftclient-3.11.1 gAAAAABpKduKnPZ6... - 70 - txc769931e169e4cf487376-006929dc30 - 0.0098 - - 1764351024.946743011 1764351024.956574202 0
Nov 28 17:30:24 standalone account-server[126698]: 172.20.0.100 - - [28/Nov/2025:17:30:24 +0000] "PUT /d1/596/AUTH_5621d84cd665456094b55d2da6e3b3bb/gnocchi.f294f808-c1f2-4c7b-b0d6-789e116a4d03" 201 - "PUT http://172.20.0.100:6001/d1/694/AUTH_5621d84cd665456094b55d2da6e3b3bb/gnocchi.f294f808-c1f2-4c7b-b0d6-789e116a4d03" "tx51d39bf34b99441881b66-006929dc30" "container-server 20" 0.0042 "-" 21 0
Nov 28 17:30:24 standalone container-server[126550]: 172.20.0.100 - - [28/Nov/2025:17:30:24 +0000] "PUT /d1/694/AUTH_5621d84cd665456094b55d2da6e3b3bb/gnocchi.f294f808-c1f2-4c7b-b0d6-789e116a4d03" 201 - "PUT http://172.18.0.2:8080/v1/AUTH_5621d84cd665456094b55d2da6e3b3bb/gnocchi.f294f808-c1f2-4c7b-b0d6-789e116a4d03" "tx51d39bf34b99441881b66-006929dc30" "proxy-server 20" 0.0132 "-" 20 0
Nov 28 17:30:24 standalone proxy-server[128662]: 172.18.0.2 172.18.0.100 28/Nov/2025/17/30/24 PUT /v1/AUTH_5621d84cd665456094b55d2da6e3b3bb/gnocchi.f294f808-c1f2-4c7b-b0d6-789e116a4d03 HTTP/1.0 201 - python-swiftclient-3.11.1 gAAAAABpKduKnPZ6... - - - tx51d39bf34b99441881b66-006929dc30 - 0.0176 - - 1764351024.960842848 1764351024.978408337 0
Nov 28 17:30:24 standalone account-server[126698]: 172.20.0.100 - - [28/Nov/2025:17:30:24 +0000] "PUT /d1/596/AUTH_5621d84cd665456094b55d2da6e3b3bb/gnocchi.ab1a3c5d-9aee-4081-b26d-f5ff4aa956bc" 201 - "-" "-" "container-updater 2" 0.0003 "-" 21 0
Nov 28 17:30:24 standalone container-server[126535]: 172.20.0.100 - - [28/Nov/2025:17:30:24 +0000] "HEAD /d1/694/AUTH_5621d84cd665456094b55d2da6e3b3bb/gnocchi.f294f808-c1f2-4c7b-b0d6-789e116a4d03" 204 - "HEAD http://172.18.0.2:8080/v1/AUTH_5621d84cd665456094b55d2da6e3b3bb/gnocchi.f294f808-c1f2-4c7b-b0d6-789e116a4d03?format=json&states=listing" "tx67ecbd9153b74af4bfcea-006929dc30" "proxy-server 20" 0.0024 "-" 19 0
Nov 28 17:30:24 standalone proxy-server[128662]: - - 28/Nov/2025/17/30/24 HEAD /v1/AUTH_5621d84cd665456094b55d2da6e3b3bb/gnocchi.f294f808-c1f2-4c7b-b0d6-789e116a4d03%3Fformat%3Djson%26states%3Dlisting HTTP/1.0 204 - Swift - - - - tx67ecbd9153b74af4bfcea-006929dc30 - 0.0061 RL - 1764351024.983670712 1764351024.989805222 0
Nov 28 17:30:24 standalone container-server[126550]: 172.20.0.100 - - [28/Nov/2025:17:30:24 +0000] "GET /d1/694/AUTH_5621d84cd665456094b55d2da6e3b3bb/gnocchi.f294f808-c1f2-4c7b-b0d6-789e116a4d03" 200 2 "GET http://172.18.0.2:8080/v1/AUTH_5621d84cd665456094b55d2da6e3b3bb/gnocchi.f294f808-c1f2-4c7b-b0d6-789e116a4d03?format=json&states=listing" "tx67ecbd9153b74af4bfcea-006929dc30" "proxy-server 20" 0.0020 "-" 20 0
Nov 28 17:30:24 standalone proxy-server[128662]: 172.18.0.2 172.18.0.100 28/Nov/2025/17/30/24 GET /v1/AUTH_5621d84cd665456094b55d2da6e3b3bb/gnocchi.f294f808-c1f2-4c7b-b0d6-789e116a4d03%3Fformat%3Djson%26states%3Dlisting HTTP/1.0 200 - python-swiftclient-3.11.1 gAAAAABpKduKnPZ6... - 2 - tx67ecbd9153b74af4bfcea-006929dc30 - 0.0145 - - 1764351024.982602358 1764351024.997142553 0
Nov 28 17:30:25 standalone object-server[126914]: 172.20.0.100 - - [28/Nov/2025:17:30:25 +0000] "GET /d1/857/AUTH_5621d84cd665456094b55d2da6e3b3bb/gnocchi.f294f808-c1f2-4c7b-b0d6-789e116a4d03/1763640000.0_mean_300.0_v3" 404 70 "GET http://172.18.0.2:8080/v1/AUTH_5621d84cd665456094b55d2da6e3b3bb/gnocchi.f294f808-c1f2-4c7b-b0d6-789e116a4d03/1763640000.0_mean_300.0_v3" "txfd04448ba33849018ed18-006929dc31" "proxy-server 20" 0.0005 "-" 25 0
Nov 28 17:30:25 standalone proxy-server[128662]: 172.18.0.2 172.18.0.100 28/Nov/2025/17/30/25 GET /v1/AUTH_5621d84cd665456094b55d2da6e3b3bb/gnocchi.f294f808-c1f2-4c7b-b0d6-789e116a4d03/1763640000.0_mean_300.0_v3 HTTP/1.0 404 - python-swiftclient-3.11.1 gAAAAABpKduKnPZ6... - 70 - txfd04448ba33849018ed18-006929dc31 - 0.0058 - - 1764351025.002069235 1764351025.007911205 0
Nov 28 17:30:25 standalone container-server[126566]: 172.20.0.100 - - [28/Nov/2025:17:30:25 +0000] "PUT /d1/694/AUTH_5621d84cd665456094b55d2da6e3b3bb/gnocchi.f294f808-c1f2-4c7b-b0d6-789e116a4d03/1763640000.0_mean_300.0_v3" 201 - "PUT http://172.18.0.2:8080/d1/857/AUTH_5621d84cd665456094b55d2da6e3b3bb/gnocchi.f294f808-c1f2-4c7b-b0d6-789e116a4d03/1763640000.0_mean_300.0_v3" "txa5694dd6f69a4da983045-006929dc31" "object-server 24" 0.0010 "-" 21 0
Nov 28 17:30:25 standalone object-server[126912]: 172.20.0.100 - - [28/Nov/2025:17:30:25 +0000] "PUT /d1/857/AUTH_5621d84cd665456094b55d2da6e3b3bb/gnocchi.f294f808-c1f2-4c7b-b0d6-789e116a4d03/1763640000.0_mean_300.0_v3" 201 - "PUT http://172.18.0.2:8080/v1/AUTH_5621d84cd665456094b55d2da6e3b3bb/gnocchi.f294f808-c1f2-4c7b-b0d6-789e116a4d03/1763640000.0_mean_300.0_v3" "txa5694dd6f69a4da983045-006929dc31" "proxy-server 20" 0.0097 "-" 24 0
Nov 28 17:30:25 standalone proxy-server[128662]: 172.18.0.2 172.18.0.100 28/Nov/2025/17/30/25 PUT /v1/AUTH_5621d84cd665456094b55d2da6e3b3bb/gnocchi.f294f808-c1f2-4c7b-b0d6-789e116a4d03/1763640000.0_mean_300.0_v3 HTTP/1.0 201 - python-swiftclient-3.11.1 gAAAAABpKduKnPZ6... 16 - - txa5694dd6f69a4da983045-006929dc31 - 0.0145 - - 1764351025.011120081 1764351025.025665760 0
Nov 28 17:30:25 standalone container-server[126587]: 172.20.0.100 - - [28/Nov/2025:17:30:25 +0000] "PUT /d1/694/AUTH_5621d84cd665456094b55d2da6e3b3bb/gnocchi.f294f808-c1f2-4c7b-b0d6-789e116a4d03/none_v3" 201 - "PUT http://172.18.0.2:8080/d1/721/AUTH_5621d84cd665456094b55d2da6e3b3bb/gnocchi.f294f808-c1f2-4c7b-b0d6-789e116a4d03/none_v3" "txec662a1ef8b94f1ab9e4c-006929dc31" "object-server 24" 0.0008 "-" 23 0
Nov 28 17:30:25 standalone object-server[126912]: 172.20.0.100 - - [28/Nov/2025:17:30:25 +0000] "PUT /d1/721/AUTH_5621d84cd665456094b55d2da6e3b3bb/gnocchi.f294f808-c1f2-4c7b-b0d6-789e116a4d03/none_v3" 201 - "PUT http://172.18.0.2:8080/v1/AUTH_5621d84cd665456094b55d2da6e3b3bb/gnocchi.f294f808-c1f2-4c7b-b0d6-789e116a4d03/none_v3" "txec662a1ef8b94f1ab9e4c-006929dc31" "proxy-server 20" 0.0090 "-" 24 0
Nov 28 17:30:25 standalone proxy-server[128662]: 172.18.0.2 172.18.0.100 28/Nov/2025/17/30/25 PUT /v1/AUTH_5621d84cd665456094b55d2da6e3b3bb/gnocchi.f294f808-c1f2-4c7b-b0d6-789e116a4d03/none_v3 HTTP/1.0 201 - python-swiftclient-3.11.1 gAAAAABpKduKnPZ6... 22 - - txec662a1ef8b94f1ab9e4c-006929dc31 - 0.0133 - - 1764351025.028646946 1764351025.041994095 0
Nov 28 17:30:25 standalone container-server[126587]: 172.20.0.100 - - [28/Nov/2025:17:30:25 +0000] "HEAD /d1/871/AUTH_5621d84cd665456094b55d2da6e3b3bb/gnocchi.48edbe74-f9f9-4372-8a63-c5fdb05b409e" 404 - "HEAD http://172.18.0.2:8080/v1/AUTH_5621d84cd665456094b55d2da6e3b3bb/gnocchi.48edbe74-f9f9-4372-8a63-c5fdb05b409e?format=json&states=listing" "tx7e962c12a09a46f6978e4-006929dc31" "proxy-server 20" 0.0005 "-" 23 0
Nov 28 17:30:25 standalone object-server[126900]: 172.20.0.100 - - [28/Nov/2025:17:30:25 +0000] "GET /d1/468/AUTH_5621d84cd665456094b55d2da6e3b3bb/gnocchi.48edbe74-f9f9-4372-8a63-c5fdb05b409e/none_v3" 404 70 "GET http://172.18.0.2:8080/v1/AUTH_5621d84cd665456094b55d2da6e3b3bb/gnocchi.48edbe74-f9f9-4372-8a63-c5fdb05b409e/none_v3" "tx7e962c12a09a46f6978e4-006929dc31" "proxy-server 20" 0.0004 "-" 22 0
Nov 28 17:30:25 standalone proxy-server[128662]: 172.18.0.2 172.18.0.100 28/Nov/2025/17/30/25 GET /v1/AUTH_5621d84cd665456094b55d2da6e3b3bb/gnocchi.48edbe74-f9f9-4372-8a63-c5fdb05b409e/none_v3 HTTP/1.0 404 - python-swiftclient-3.11.1 gAAAAABpKduKnPZ6... - 70 - tx7e962c12a09a46f6978e4-006929dc31 - 0.0085 - - 1764351025.053914547 1764351025.062374592 0
Nov 28 17:30:25 standalone account-server[126698]: 172.20.0.100 - - [28/Nov/2025:17:30:25 +0000] "PUT /d1/596/AUTH_5621d84cd665456094b55d2da6e3b3bb/gnocchi.34bf7ed5-9609-48bd-8258-d6601995599f" 201 - "-" "-" "container-updater 2" 0.0004 "-" 21 0
Nov 28 17:30:25 standalone account-server[126675]: 172.20.0.100 - - [28/Nov/2025:17:30:25 +0000] "PUT /d1/596/AUTH_5621d84cd665456094b55d2da6e3b3bb/gnocchi.48edbe74-f9f9-4372-8a63-c5fdb05b409e" 201 - "PUT http://172.20.0.100:6001/d1/871/AUTH_5621d84cd665456094b55d2da6e3b3bb/gnocchi.48edbe74-f9f9-4372-8a63-c5fdb05b409e" "txaead88824c3446a39e584-006929dc31" "container-server 21" 0.0060 "-" 20 0
Nov 28 17:30:25 standalone container-server[126566]: 172.20.0.100 - - [28/Nov/2025:17:30:25 +0000] "PUT /d1/871/AUTH_5621d84cd665456094b55d2da6e3b3bb/gnocchi.48edbe74-f9f9-4372-8a63-c5fdb05b409e" 201 - "PUT http://172.18.0.2:8080/v1/AUTH_5621d84cd665456094b55d2da6e3b3bb/gnocchi.48edbe74-f9f9-4372-8a63-c5fdb05b409e" "txaead88824c3446a39e584-006929dc31" "proxy-server 20" 0.0186 "-" 21 0
Nov 28 17:30:25 standalone proxy-server[128662]: 172.18.0.2 172.18.0.100 28/Nov/2025/17/30/25 PUT /v1/AUTH_5621d84cd665456094b55d2da6e3b3bb/gnocchi.48edbe74-f9f9-4372-8a63-c5fdb05b409e HTTP/1.0 201 - python-swiftclient-3.11.1 gAAAAABpKduKnPZ6... - - - txaead88824c3446a39e584-006929dc31 - 0.0263 - - 1764351025.065541744 1764351025.091881514 0
Nov 28 17:30:25 standalone container-server[126587]: 172.20.0.100 - - [28/Nov/2025:17:30:25 +0000] "HEAD /d1/871/AUTH_5621d84cd665456094b55d2da6e3b3bb/gnocchi.48edbe74-f9f9-4372-8a63-c5fdb05b409e" 204 - "HEAD http://172.18.0.2:8080/v1/AUTH_5621d84cd665456094b55d2da6e3b3bb/gnocchi.48edbe74-f9f9-4372-8a63-c5fdb05b409e?format=json&states=listing" "tx8f79f331534345b483b1f-006929dc31" "proxy-server 20" 0.0022 "-" 23 0
Nov 28 17:30:25 standalone proxy-server[128662]: - - 28/Nov/2025/17/30/25 HEAD /v1/AUTH_5621d84cd665456094b55d2da6e3b3bb/gnocchi.48edbe74-f9f9-4372-8a63-c5fdb05b409e%3Fformat%3Djson%26states%3Dlisting HTTP/1.0 204 - Swift - - - - tx8f79f331534345b483b1f-006929dc31 - 0.0059 RL - 1764351025.096860886 1764351025.102787733 0
Nov 28 17:30:25 standalone container-server[126566]: 172.20.0.100 - - [28/Nov/2025:17:30:25 +0000] "GET /d1/871/AUTH_5621d84cd665456094b55d2da6e3b3bb/gnocchi.48edbe74-f9f9-4372-8a63-c5fdb05b409e" 200 2 "GET http://172.18.0.2:8080/v1/AUTH_5621d84cd665456094b55d2da6e3b3bb/gnocchi.48edbe74-f9f9-4372-8a63-c5fdb05b409e?format=json&states=listing" "tx8f79f331534345b483b1f-006929dc31" "proxy-server 20" 0.0038 "-" 21 0
Nov 28 17:30:25 standalone proxy-server[128662]: 172.18.0.2 172.18.0.100 28/Nov/2025/17/30/25 GET /v1/AUTH_5621d84cd665456094b55d2da6e3b3bb/gnocchi.48edbe74-f9f9-4372-8a63-c5fdb05b409e%3Fformat%3Djson%26states%3Dlisting HTTP/1.0 200 - python-swiftclient-3.11.1 gAAAAABpKduKnPZ6... - 2 - tx8f79f331534345b483b1f-006929dc31 - 0.0165 - - 1764351025.095909119 1764351025.112436533 0
Nov 28 17:30:25 standalone object-server[126904]: 172.20.0.100 - - [28/Nov/2025:17:30:25 +0000] "GET /d1/562/AUTH_5621d84cd665456094b55d2da6e3b3bb/gnocchi.48edbe74-f9f9-4372-8a63-c5fdb05b409e/1763640000.0_mean_300.0_v3" 404 70 "GET http://172.18.0.2:8080/v1/AUTH_5621d84cd665456094b55d2da6e3b3bb/gnocchi.48edbe74-f9f9-4372-8a63-c5fdb05b409e/1763640000.0_mean_300.0_v3" "tx585206b516d34e4c9e066-006929dc31" "proxy-server 20" 0.0004 "-" 23 0
Nov 28 17:30:25 standalone proxy-server[128662]: 172.18.0.2 172.18.0.100 28/Nov/2025/17/30/25 GET /v1/AUTH_5621d84cd665456094b55d2da6e3b3bb/gnocchi.48edbe74-f9f9-4372-8a63-c5fdb05b409e/1763640000.0_mean_300.0_v3 HTTP/1.0 404 - python-swiftclient-3.11.1 gAAAAABpKduKnPZ6... - 70 - tx585206b516d34e4c9e066-006929dc31 - 0.0055 - - 1764351025.116776228 1764351025.122322083 0
Nov 28 17:30:25 standalone account-server[126702]: 172.20.0.100 - - [28/Nov/2025:17:30:25 +0000] "PUT /d1/596/AUTH_5621d84cd665456094b55d2da6e3b3bb/gnocchi.afba0968-65d9-42d0-9215-75eeab7daa85" 201 - "-" "-" "container-updater 2" 0.0004 "-" 22 0
Nov 28 17:30:25 standalone container-server[126535]: 172.20.0.100 - - [28/Nov/2025:17:30:25 +0000] "PUT /d1/871/AUTH_5621d84cd665456094b55d2da6e3b3bb/gnocchi.48edbe74-f9f9-4372-8a63-c5fdb05b409e/1763640000.0_mean_300.0_v3" 201 - "PUT http://172.18.0.2:8080/d1/562/AUTH_5621d84cd665456094b55d2da6e3b3bb/gnocchi.48edbe74-f9f9-4372-8a63-c5fdb05b409e/1763640000.0_mean_300.0_v3" "tx0cd6d6f3f7bf42eeb0460-006929dc31" "object-server 23" 0.0009 "-" 19 0
Nov 28 17:30:25 standalone object-server[126904]: 172.20.0.100 - - [28/Nov/2025:17:30:25 +0000] "PUT /d1/562/AUTH_5621d84cd665456094b55d2da6e3b3bb/gnocchi.48edbe74-f9f9-4372-8a63-c5fdb05b409e/1763640000.0_mean_300.0_v3" 201 - "PUT http://172.18.0.2:8080/v1/AUTH_5621d84cd665456094b55d2da6e3b3bb/gnocchi.48edbe74-f9f9-4372-8a63-c5fdb05b409e/1763640000.0_mean_300.0_v3" "tx0cd6d6f3f7bf42eeb0460-006929dc31" "proxy-server 20" 0.0122 "-" 23 0
Nov 28 17:30:25 standalone proxy-server[128662]: 172.18.0.2 172.18.0.100 28/Nov/2025/17/30/25 PUT /v1/AUTH_5621d84cd665456094b55d2da6e3b3bb/gnocchi.48edbe74-f9f9-4372-8a63-c5fdb05b409e/1763640000.0_mean_300.0_v3 HTTP/1.0 201 - python-swiftclient-3.11.1 gAAAAABpKduKnPZ6... 16 - - tx0cd6d6f3f7bf42eeb0460-006929dc31 - 0.0171 - - 1764351025.126584530 1764351025.143711805 0
Nov 28 17:30:25 standalone container-server[126587]: 172.20.0.100 - - [28/Nov/2025:17:30:25 +0000] "PUT /d1/871/AUTH_5621d84cd665456094b55d2da6e3b3bb/gnocchi.48edbe74-f9f9-4372-8a63-c5fdb05b409e/none_v3" 201 - "PUT http://172.18.0.2:8080/d1/468/AUTH_5621d84cd665456094b55d2da6e3b3bb/gnocchi.48edbe74-f9f9-4372-8a63-c5fdb05b409e/none_v3" "txd969cceb039a44db93407-006929dc31" "object-server 24" 0.0008 "-" 23 0
Nov 28 17:30:25 standalone object-server[126912]: 172.20.0.100 - - [28/Nov/2025:17:30:25 +0000] "PUT /d1/468/AUTH_5621d84cd665456094b55d2da6e3b3bb/gnocchi.48edbe74-f9f9-4372-8a63-c5fdb05b409e/none_v3" 201 - "PUT http://172.18.0.2:8080/v1/AUTH_5621d84cd665456094b55d2da6e3b3bb/gnocchi.48edbe74-f9f9-4372-8a63-c5fdb05b409e/none_v3" "txd969cceb039a44db93407-006929dc31" "proxy-server 20" 0.0080 "-" 24 0
Nov 28 17:30:25 standalone proxy-server[128662]: 172.18.0.2 172.18.0.100 28/Nov/2025/17/30/25 PUT /v1/AUTH_5621d84cd665456094b55d2da6e3b3bb/gnocchi.48edbe74-f9f9-4372-8a63-c5fdb05b409e/none_v3 HTTP/1.0 201 - python-swiftclient-3.11.1 gAAAAABpKduKnPZ6... 22 - - txd969cceb039a44db93407-006929dc31 - 0.0129 - - 1764351025.147728205 1764351025.160628557 0
Nov 28 17:30:25 standalone container-server[126566]: 172.20.0.100 - - [28/Nov/2025:17:30:25 +0000] "HEAD /d1/566/AUTH_5621d84cd665456094b55d2da6e3b3bb/gnocchi.dbea5eeb-f4c2-48df-8d02-dda0db96fbda" 404 - "HEAD http://172.18.0.2:8080/v1/AUTH_5621d84cd665456094b55d2da6e3b3bb/gnocchi.dbea5eeb-f4c2-48df-8d02-dda0db96fbda?format=json&states=listing" "tx12d38022cd84465aad786-006929dc31" "proxy-server 20" 0.0006 "-" 21 0
Nov 28 17:30:25 standalone object-server[126912]: 172.20.0.100 - - [28/Nov/2025:17:30:25 +0000] "GET /d1/780/AUTH_5621d84cd665456094b55d2da6e3b3bb/gnocchi.dbea5eeb-f4c2-48df-8d02-dda0db96fbda/none_v3" 404 70 "GET http://172.18.0.2:8080/v1/AUTH_5621d84cd665456094b55d2da6e3b3bb/gnocchi.dbea5eeb-f4c2-48df-8d02-dda0db96fbda/none_v3" "tx12d38022cd84465aad786-006929dc31" "proxy-server 20" 0.0002 "-" 24 0
Nov 28 17:30:25 standalone proxy-server[128662]: 172.18.0.2 172.18.0.100 28/Nov/2025/17/30/25 GET /v1/AUTH_5621d84cd665456094b55d2da6e3b3bb/gnocchi.dbea5eeb-f4c2-48df-8d02-dda0db96fbda/none_v3 HTTP/1.0 404 - python-swiftclient-3.11.1 gAAAAABpKduKnPZ6... - 70 - tx12d38022cd84465aad786-006929dc31 - 0.0084 - - 1764351025.173134089 1764351025.181544304 0
Nov 28 17:30:25 standalone account-server[126698]: 172.20.0.100 - - [28/Nov/2025:17:30:25 +0000] "PUT /d1/596/AUTH_5621d84cd665456094b55d2da6e3b3bb/gnocchi.dbea5eeb-f4c2-48df-8d02-dda0db96fbda" 201 - "PUT http://172.20.0.100:6001/d1/566/AUTH_5621d84cd665456094b55d2da6e3b3bb/gnocchi.dbea5eeb-f4c2-48df-8d02-dda0db96fbda" "tx05ac3c9a2dfd4c49b35d2-006929dc31" "container-server 20" 0.0050 "-" 21 0
Nov 28 17:30:25 standalone container-server[126550]: 172.20.0.100 - - [28/Nov/2025:17:30:25 +0000] "PUT /d1/566/AUTH_5621d84cd665456094b55d2da6e3b3bb/gnocchi.dbea5eeb-f4c2-48df-8d02-dda0db96fbda" 201 - "PUT http://172.18.0.2:8080/v1/AUTH_5621d84cd665456094b55d2da6e3b3bb/gnocchi.dbea5eeb-f4c2-48df-8d02-dda0db96fbda" "tx05ac3c9a2dfd4c49b35d2-006929dc31" "proxy-server 20" 0.0150 "-" 20 0
Nov 28 17:30:25 standalone proxy-server[128662]: 172.18.0.2 172.18.0.100 28/Nov/2025/17/30/25 PUT /v1/AUTH_5621d84cd665456094b55d2da6e3b3bb/gnocchi.dbea5eeb-f4c2-48df-8d02-dda0db96fbda HTTP/1.0 201 - python-swiftclient-3.11.1 gAAAAABpKduKnPZ6... - - - tx05ac3c9a2dfd4c49b35d2-006929dc31 - 0.0195 - - 1764351025.184856176 1764351025.204389811 0
Nov 28 17:30:25 standalone account-server[126702]: 172.20.0.100 - - [28/Nov/2025:17:30:25 +0000] "PUT /d1/596/AUTH_5621d84cd665456094b55d2da6e3b3bb/gnocchi.202d44e5-9fa5-4cba-b809-74780b6a4fc0" 201 - "-" "-" "container-updater 2" 0.0004 "-" 22 0
Nov 28 17:30:25 standalone container-server[126587]: 172.20.0.100 - - [28/Nov/2025:17:30:25 +0000] "HEAD /d1/566/AUTH_5621d84cd665456094b55d2da6e3b3bb/gnocchi.dbea5eeb-f4c2-48df-8d02-dda0db96fbda" 204 - "HEAD http://172.18.0.2:8080/v1/AUTH_5621d84cd665456094b55d2da6e3b3bb/gnocchi.dbea5eeb-f4c2-48df-8d02-dda0db96fbda?format=json&states=listing" "tx647eb40fc58f499382906-006929dc31" "proxy-server 20" 0.0023 "-" 23 0
Nov 28 17:30:25 standalone proxy-server[128662]: - - 28/Nov/2025/17/30/25 HEAD /v1/AUTH_5621d84cd665456094b55d2da6e3b3bb/gnocchi.dbea5eeb-f4c2-48df-8d02-dda0db96fbda%3Fformat%3Djson%26states%3Dlisting HTTP/1.0 204 - Swift - - - - tx647eb40fc58f499382906-006929dc31 - 0.0058 RL - 1764351025.209534407 1764351025.215376854 0
Nov 28 17:30:25 standalone container-server[126535]: 172.20.0.100 - - [28/Nov/2025:17:30:25 +0000] "GET /d1/566/AUTH_5621d84cd665456094b55d2da6e3b3bb/gnocchi.dbea5eeb-f4c2-48df-8d02-dda0db96fbda" 200 2 "GET http://172.18.0.2:8080/v1/AUTH_5621d84cd665456094b55d2da6e3b3bb/gnocchi.dbea5eeb-f4c2-48df-8d02-dda0db96fbda?format=json&states=listing" "tx647eb40fc58f499382906-006929dc31" "proxy-server 20" 0.0036 "-" 19 0
Nov 28 17:30:25 standalone proxy-server[128662]: 172.18.0.2 172.18.0.100 28/Nov/2025/17/30/25 GET /v1/AUTH_5621d84cd665456094b55d2da6e3b3bb/gnocchi.dbea5eeb-f4c2-48df-8d02-dda0db96fbda%3Fformat%3Djson%26states%3Dlisting HTTP/1.0 200 - python-swiftclient-3.11.1 gAAAAABpKduKnPZ6... - 2 - tx647eb40fc58f499382906-006929dc31 - 0.0173 - - 1764351025.208608150 1764351025.225947618 0
Nov 28 17:30:25 standalone object-server[126900]: 172.20.0.100 - - [28/Nov/2025:17:30:25 +0000] "GET /d1/821/AUTH_5621d84cd665456094b55d2da6e3b3bb/gnocchi.dbea5eeb-f4c2-48df-8d02-dda0db96fbda/1763640000.0_mean_300.0_v3" 404 70 "GET http://172.18.0.2:8080/v1/AUTH_5621d84cd665456094b55d2da6e3b3bb/gnocchi.dbea5eeb-f4c2-48df-8d02-dda0db96fbda/1763640000.0_mean_300.0_v3" "tx2f3f23b44a564de18070e-006929dc31" "proxy-server 20" 0.0005 "-" 22 0
Nov 28 17:30:25 standalone proxy-server[128662]: 172.18.0.2 172.18.0.100 28/Nov/2025/17/30/25 GET /v1/AUTH_5621d84cd665456094b55d2da6e3b3bb/gnocchi.dbea5eeb-f4c2-48df-8d02-dda0db96fbda/1763640000.0_mean_300.0_v3 HTTP/1.0 404 - python-swiftclient-3.11.1 gAAAAABpKduKnPZ6... - 70 - tx2f3f23b44a564de18070e-006929dc31 - 0.0060 - - 1764351025.230928659 1764351025.236927748 0
Nov 28 17:30:25 standalone container-server[126550]: 172.20.0.100 - - [28/Nov/2025:17:30:25 +0000] "PUT /d1/566/AUTH_5621d84cd665456094b55d2da6e3b3bb/gnocchi.dbea5eeb-f4c2-48df-8d02-dda0db96fbda/1763640000.0_mean_300.0_v3" 201 - "PUT http://172.18.0.2:8080/d1/821/AUTH_5621d84cd665456094b55d2da6e3b3bb/gnocchi.dbea5eeb-f4c2-48df-8d02-dda0db96fbda/1763640000.0_mean_300.0_v3" "tx0e166d5b61a34508949b4-006929dc31" "object-server 22" 0.0005 "-" 20 0
Nov 28 17:30:25 standalone object-server[126900]: 172.20.0.100 - - [28/Nov/2025:17:30:25 +0000] "PUT /d1/821/AUTH_5621d84cd665456094b55d2da6e3b3bb/gnocchi.dbea5eeb-f4c2-48df-8d02-dda0db96fbda/1763640000.0_mean_300.0_v3" 201 - "PUT http://172.18.0.2:8080/v1/AUTH_5621d84cd665456094b55d2da6e3b3bb/gnocchi.dbea5eeb-f4c2-48df-8d02-dda0db96fbda/1763640000.0_mean_300.0_v3" "tx0e166d5b61a34508949b4-006929dc31" "proxy-server 20" 0.0088 "-" 22 0
Nov 28 17:30:25 standalone proxy-server[128662]: 172.18.0.2 172.18.0.100 28/Nov/2025/17/30/25 PUT /v1/AUTH_5621d84cd665456094b55d2da6e3b3bb/gnocchi.dbea5eeb-f4c2-48df-8d02-dda0db96fbda/1763640000.0_mean_300.0_v3 HTTP/1.0 201 - python-swiftclient-3.11.1 gAAAAABpKduKnPZ6... 16 - - tx0e166d5b61a34508949b4-006929dc31 - 0.0143 - - 1764351025.240604401 1764351025.254927635 0
Nov 28 17:30:25 standalone container-server[126587]: 172.20.0.100 - - [28/Nov/2025:17:30:25 +0000] "PUT /d1/566/AUTH_5621d84cd665456094b55d2da6e3b3bb/gnocchi.dbea5eeb-f4c2-48df-8d02-dda0db96fbda/none_v3" 201 - "PUT http://172.18.0.2:8080/d1/780/AUTH_5621d84cd665456094b55d2da6e3b3bb/gnocchi.dbea5eeb-f4c2-48df-8d02-dda0db96fbda/none_v3" "tx0f657e1f980c455fab206-006929dc31" "object-server 25" 0.0007 "-" 23 0
Nov 28 17:30:25 standalone object-server[126914]: 172.20.0.100 - - [28/Nov/2025:17:30:25 +0000] "PUT /d1/780/AUTH_5621d84cd665456094b55d2da6e3b3bb/gnocchi.dbea5eeb-f4c2-48df-8d02-dda0db96fbda/none_v3" 201 - "PUT http://172.18.0.2:8080/v1/AUTH_5621d84cd665456094b55d2da6e3b3bb/gnocchi.dbea5eeb-f4c2-48df-8d02-dda0db96fbda/none_v3" "tx0f657e1f980c455fab206-006929dc31" "proxy-server 20" 0.0093 "-" 25 0
Nov 28 17:30:25 standalone proxy-server[128662]: 172.18.0.2 172.18.0.100 28/Nov/2025/17/30/25 PUT /v1/AUTH_5621d84cd665456094b55d2da6e3b3bb/gnocchi.dbea5eeb-f4c2-48df-8d02-dda0db96fbda/none_v3 HTTP/1.0 201 - python-swiftclient-3.11.1 gAAAAABpKduKnPZ6... 22 - - tx0f657e1f980c455fab206-006929dc31 - 0.0149 - - 1764351025.258864164 1764351025.273754597 0
Nov 28 17:30:25 standalone container-server[126535]: 172.20.0.100 - - [28/Nov/2025:17:30:25 +0000] "HEAD /d1/248/AUTH_5621d84cd665456094b55d2da6e3b3bb/gnocchi.3ed26add-1afc-4582-a34e-4d2d3bf83f98" 404 - "HEAD http://172.18.0.2:8080/v1/AUTH_5621d84cd665456094b55d2da6e3b3bb/gnocchi.3ed26add-1afc-4582-a34e-4d2d3bf83f98?format=json&states=listing" "txe733f4a02cc24db7b15d2-006929dc31" "proxy-server 20" 0.0006 "-" 19 0
Nov 28 17:30:25 standalone object-server[126912]: 172.20.0.100 - - [28/Nov/2025:17:30:25 +0000] "GET /d1/484/AUTH_5621d84cd665456094b55d2da6e3b3bb/gnocchi.3ed26add-1afc-4582-a34e-4d2d3bf83f98/none_v3" 404 70 "GET http://172.18.0.2:8080/v1/AUTH_5621d84cd665456094b55d2da6e3b3bb/gnocchi.3ed26add-1afc-4582-a34e-4d2d3bf83f98/none_v3" "txe733f4a02cc24db7b15d2-006929dc31" "proxy-server 20" 0.0003 "-" 24 0
Nov 28 17:30:25 standalone proxy-server[128662]: 172.18.0.2 172.18.0.100 28/Nov/2025/17/30/25 GET /v1/AUTH_5621d84cd665456094b55d2da6e3b3bb/gnocchi.3ed26add-1afc-4582-a34e-4d2d3bf83f98/none_v3 HTTP/1.0 404 - python-swiftclient-3.11.1 gAAAAABpKduKnPZ6... - 70 - txe733f4a02cc24db7b15d2-006929dc31 - 0.0087 - - 1764351025.286526203 1764351025.295194864 0
Nov 28 17:30:25 standalone account-server[126702]: 172.20.0.100 - - [28/Nov/2025:17:30:25 +0000] "PUT /d1/596/AUTH_5621d84cd665456094b55d2da6e3b3bb/gnocchi.3c0dcf1c-3d93-4c97-9457-bc3527f6fb29" 201 - "-" "-" "container-updater 2" 0.0004 "-" 22 0
Nov 28 17:30:25 standalone account-server[126675]: 172.20.0.100 - - [28/Nov/2025:17:30:25 +0000] "PUT /d1/596/AUTH_5621d84cd665456094b55d2da6e3b3bb/gnocchi.3ed26add-1afc-4582-a34e-4d2d3bf83f98" 201 - "PUT http://172.20.0.100:6001/d1/248/AUTH_5621d84cd665456094b55d2da6e3b3bb/gnocchi.3ed26add-1afc-4582-a34e-4d2d3bf83f98" "txc68d1f6e375a454eb24f0-006929dc31" "container-server 19" 0.0057 "-" 20 0
Nov 28 17:30:25 standalone container-server[126535]: 172.20.0.100 - - [28/Nov/2025:17:30:25 +0000] "PUT /d1/248/AUTH_5621d84cd665456094b55d2da6e3b3bb/gnocchi.3ed26add-1afc-4582-a34e-4d2d3bf83f98" 201 - "PUT http://172.18.0.2:8080/v1/AUTH_5621d84cd665456094b55d2da6e3b3bb/gnocchi.3ed26add-1afc-4582-a34e-4d2d3bf83f98" "txc68d1f6e375a454eb24f0-006929dc31" "proxy-server 20" 0.0199 "-" 19 0
Nov 28 17:30:25 standalone proxy-server[128662]: 172.18.0.2 172.18.0.100 28/Nov/2025/17/30/25 PUT /v1/AUTH_5621d84cd665456094b55d2da6e3b3bb/gnocchi.3ed26add-1afc-4582-a34e-4d2d3bf83f98 HTTP/1.0 201 - python-swiftclient-3.11.1 gAAAAABpKduKnPZ6... - - - txc68d1f6e375a454eb24f0-006929dc31 - 0.0244 - - 1764351025.298263311 1764351025.322706461 0
Nov 28 17:30:25 standalone account-server[126705]: 172.20.0.100 - - [28/Nov/2025:17:30:25 +0000] "PUT /d1/596/AUTH_5621d84cd665456094b55d2da6e3b3bb/gnocchi.2c0f9d72-5742-4fd7-92a0-e8381e84bbed" 201 - "-" "-" "container-updater 2" 0.0107 "-" 23 0
Nov 28 17:30:25 standalone container-server[126566]: 172.20.0.100 - - [28/Nov/2025:17:30:25 +0000] "HEAD /d1/956/AUTH_5621d84cd665456094b55d2da6e3b3bb/gnocchi.8f9d54db-720e-44dc-aee8-685cfb9be818" 404 - "HEAD http://172.18.0.2:8080/v1/AUTH_5621d84cd665456094b55d2da6e3b3bb/gnocchi.8f9d54db-720e-44dc-aee8-685cfb9be818?format=json&states=listing" "tx31c006aeccad4fb48654c-006929dc31" "proxy-server 20" 0.0006 "-" 21 0
Nov 28 17:30:25 standalone object-server[126900]: 172.20.0.100 - - [28/Nov/2025:17:30:25 +0000] "GET /d1/863/AUTH_5621d84cd665456094b55d2da6e3b3bb/gnocchi.8f9d54db-720e-44dc-aee8-685cfb9be818/none_v3" 404 70 "GET http://172.18.0.2:8080/v1/AUTH_5621d84cd665456094b55d2da6e3b3bb/gnocchi.8f9d54db-720e-44dc-aee8-685cfb9be818/none_v3" "tx31c006aeccad4fb48654c-006929dc31" "proxy-server 20" 0.0004 "-" 22 0
Nov 28 17:30:25 standalone proxy-server[128662]: 172.18.0.2 172.18.0.100 28/Nov/2025/17/30/25 GET /v1/AUTH_5621d84cd665456094b55d2da6e3b3bb/gnocchi.8f9d54db-720e-44dc-aee8-685cfb9be818/none_v3 HTTP/1.0 404 - python-swiftclient-3.11.1 gAAAAABpKduKnPZ6... - 70 - tx31c006aeccad4fb48654c-006929dc31 - 0.0100 - - 1764351025.326566458 1764351025.336572409 0
Nov 28 17:30:25 standalone account-server[126702]: 172.20.0.100 - - [28/Nov/2025:17:30:25 +0000] "PUT /d1/596/AUTH_5621d84cd665456094b55d2da6e3b3bb/gnocchi.8f9d54db-720e-44dc-aee8-685cfb9be818" 201 - "PUT http://172.20.0.100:6001/d1/956/AUTH_5621d84cd665456094b55d2da6e3b3bb/gnocchi.8f9d54db-720e-44dc-aee8-685cfb9be818" "txdebaad0acb8844a4beb21-006929dc31" "container-server 19" 0.0035 "-" 22 0
Nov 28 17:30:25 standalone container-server[126535]: 172.20.0.100 - - [28/Nov/2025:17:30:25 +0000] "PUT /d1/956/AUTH_5621d84cd665456094b55d2da6e3b3bb/gnocchi.8f9d54db-720e-44dc-aee8-685cfb9be818" 201 - "PUT http://172.18.0.2:8080/v1/AUTH_5621d84cd665456094b55d2da6e3b3bb/gnocchi.8f9d54db-720e-44dc-aee8-685cfb9be818" "txdebaad0acb8844a4beb21-006929dc31" "proxy-server 20" 0.0136 "-" 19 0
Nov 28 17:30:25 standalone proxy-server[128662]: 172.18.0.2 172.18.0.100 28/Nov/2025/17/30/25 PUT /v1/AUTH_5621d84cd665456094b55d2da6e3b3bb/gnocchi.8f9d54db-720e-44dc-aee8-685cfb9be818 HTTP/1.0 201 - python-swiftclient-3.11.1 gAAAAABpKduKnPZ6... - - - txdebaad0acb8844a4beb21-006929dc31 - 0.0190 - - 1764351025.340176582 1764351025.359162569 0
Nov 28 17:30:25 standalone container-server[126566]: 172.20.0.100 - - [28/Nov/2025:17:30:25 +0000] "HEAD /d1/248/AUTH_5621d84cd665456094b55d2da6e3b3bb/gnocchi.3ed26add-1afc-4582-a34e-4d2d3bf83f98" 204 - "HEAD http://172.18.0.2:8080/v1/AUTH_5621d84cd665456094b55d2da6e3b3bb/gnocchi.3ed26add-1afc-4582-a34e-4d2d3bf83f98?format=json&states=listing" "txcdd3220cb92e460988fc1-006929dc31" "proxy-server 20" 0.0021 "-" 21 0
Nov 28 17:30:25 standalone proxy-server[128662]: - - 28/Nov/2025/17/30/25 HEAD /v1/AUTH_5621d84cd665456094b55d2da6e3b3bb/gnocchi.3ed26add-1afc-4582-a34e-4d2d3bf83f98%3Fformat%3Djson%26states%3Dlisting HTTP/1.0 204 - Swift - - - - txcdd3220cb92e460988fc1-006929dc31 - 0.0056 RL - 1764351025.364589930 1764351025.370208025 0
Nov 28 17:30:25 standalone container-server[126550]: 172.20.0.100 - - [28/Nov/2025:17:30:25 +0000] "GET /d1/248/AUTH_5621d84cd665456094b55d2da6e3b3bb/gnocchi.3ed26add-1afc-4582-a34e-4d2d3bf83f98" 200 2 "GET http://172.18.0.2:8080/v1/AUTH_5621d84cd665456094b55d2da6e3b3bb/gnocchi.3ed26add-1afc-4582-a34e-4d2d3bf83f98?format=json&states=listing" "txcdd3220cb92e460988fc1-006929dc31" "proxy-server 20" 0.0021 "-" 20 0
Nov 28 17:30:25 standalone proxy-server[128662]: 172.18.0.2 172.18.0.100 28/Nov/2025/17/30/25 GET /v1/AUTH_5621d84cd665456094b55d2da6e3b3bb/gnocchi.3ed26add-1afc-4582-a34e-4d2d3bf83f98%3Fformat%3Djson%26states%3Dlisting HTTP/1.0 200 - python-swiftclient-3.11.1 gAAAAABpKduKnPZ6... - 2 - txcdd3220cb92e460988fc1-006929dc31 - 0.0146 - - 1764351025.363540888 1764351025.378160477 0
Nov 28 17:30:25 standalone container-server[126587]: 172.20.0.100 - - [28/Nov/2025:17:30:25 +0000] "HEAD /d1/956/AUTH_5621d84cd665456094b55d2da6e3b3bb/gnocchi.8f9d54db-720e-44dc-aee8-685cfb9be818" 204 - "HEAD http://172.18.0.2:8080/v1/AUTH_5621d84cd665456094b55d2da6e3b3bb/gnocchi.8f9d54db-720e-44dc-aee8-685cfb9be818?format=json&states=listing" "txc331877338194e5f8db8c-006929dc31" "proxy-server 20" 0.0021 "-" 23 0
