Mar 18 19:24:36 standalone container-server[124176]: 172.20.0.100 - - [18/Mar/2026:19:24:36 +0000] "HEAD /d1/906/AUTH_b879e59ffdc345af9dfb871ffff9f6bc/gnocchi.9ae315cb-499d-4330-8215-26f3274dea8a" 204 - "HEAD http://localhost:8080/v1/AUTH_b879e59ffdc345af9dfb871ffff9f6bc/gnocchi.9ae315cb-499d-4330-8215-26f3274dea8a?format=json&states=listing" "tx83030d2391314a0c9e222-0069bafbf4" "proxy-server 21" 0.0013 "-" 21 0
Mar 18 19:24:36 standalone proxy-server[126157]: - - 18/Mar/2026/19/24/36 HEAD /v1/AUTH_b879e59ffdc345af9dfb871ffff9f6bc/gnocchi.9ae315cb-499d-4330-8215-26f3274dea8a%3Fformat%3Djson%26states%3Dlisting HTTP/1.0 204 - Swift - - - - tx83030d2391314a0c9e222-0069bafbf4 - 0.0064 RL - 1773861876.720377922 1773861876.726807356 0
Mar 18 19:24:36 standalone container-server[124177]: 172.20.0.100 - - [18/Mar/2026:19:24:36 +0000] "GET /d1/906/AUTH_b879e59ffdc345af9dfb871ffff9f6bc/gnocchi.9ae315cb-499d-4330-8215-26f3274dea8a" 200 2 "GET http://localhost:8080/v1/AUTH_b879e59ffdc345af9dfb871ffff9f6bc/gnocchi.9ae315cb-499d-4330-8215-26f3274dea8a?format=json&states=listing" "tx83030d2391314a0c9e222-0069bafbf4" "proxy-server 21" 0.0031 "-" 22 0
Mar 18 19:24:36 standalone proxy-server[126157]: 172.18.0.2 ::1 18/Mar/2026/19/24/36 GET /v1/AUTH_b879e59ffdc345af9dfb871ffff9f6bc/gnocchi.9ae315cb-499d-4330-8215-26f3274dea8a%3Fformat%3Djson%26states%3Dlisting HTTP/1.0 200 - python-swiftclient-3.11.1 gAAAAABpuvuvxDwE... - 2 - tx83030d2391314a0c9e222-0069bafbf4 - 0.0218 - - 1773861876.718570948 1773861876.740365982 0
Mar 18 19:24:36 standalone object-server[124328]: 172.20.0.100 - - [18/Mar/2026:19:24:36 +0000] "GET /d1/677/AUTH_b879e59ffdc345af9dfb871ffff9f6bc/gnocchi.9ae315cb-499d-4330-8215-26f3274dea8a/1773360000.0_mean_300.0_v3" 404 70 "GET http://localhost:8080/v1/AUTH_b879e59ffdc345af9dfb871ffff9f6bc/gnocchi.9ae315cb-499d-4330-8215-26f3274dea8a/1773360000.0_mean_300.0_v3" "tx00f01ad1c3c0484f95048-0069bafbf4" "proxy-server 21" 0.0006 "-" 25 0
Mar 18 19:24:36 standalone proxy-server[126157]: 172.18.0.2 ::1 18/Mar/2026/19/24/36 GET /v1/AUTH_b879e59ffdc345af9dfb871ffff9f6bc/gnocchi.9ae315cb-499d-4330-8215-26f3274dea8a/1773360000.0_mean_300.0_v3 HTTP/1.0 404 - python-swiftclient-3.11.1 gAAAAABpuvuvxDwE... - 70 - tx00f01ad1c3c0484f95048-0069bafbf4 - 0.0083 - - 1773861876.747345448 1773861876.755659342 0
Mar 18 19:24:36 standalone container-server[124177]: 172.20.0.100 - - [18/Mar/2026:19:24:36 +0000] "PUT /d1/906/AUTH_b879e59ffdc345af9dfb871ffff9f6bc/gnocchi.9ae315cb-499d-4330-8215-26f3274dea8a/1773360000.0_mean_300.0_v3" 201 - "PUT http://localhost:8080/d1/677/AUTH_b879e59ffdc345af9dfb871ffff9f6bc/gnocchi.9ae315cb-499d-4330-8215-26f3274dea8a/1773360000.0_mean_300.0_v3" "txa3546a19dbcf417a89c28-0069bafbf4" "object-server 25" 0.0009 "-" 22 0
Mar 18 19:24:36 standalone object-server[124328]: 172.20.0.100 - - [18/Mar/2026:19:24:36 +0000] "PUT /d1/677/AUTH_b879e59ffdc345af9dfb871ffff9f6bc/gnocchi.9ae315cb-499d-4330-8215-26f3274dea8a/1773360000.0_mean_300.0_v3" 201 - "PUT http://localhost:8080/v1/AUTH_b879e59ffdc345af9dfb871ffff9f6bc/gnocchi.9ae315cb-499d-4330-8215-26f3274dea8a/1773360000.0_mean_300.0_v3" "txa3546a19dbcf417a89c28-0069bafbf4" "proxy-server 21" 0.0301 "-" 25 0
Mar 18 19:24:36 standalone proxy-server[126157]: 172.18.0.2 ::1 18/Mar/2026/19/24/36 PUT /v1/AUTH_b879e59ffdc345af9dfb871ffff9f6bc/gnocchi.9ae315cb-499d-4330-8215-26f3274dea8a/1773360000.0_mean_300.0_v3 HTTP/1.0 201 - python-swiftclient-3.11.1 gAAAAABpuvuvxDwE... 16 - - txa3546a19dbcf417a89c28-0069bafbf4 - 0.0373 - - 1773861876.761190414 1773861876.798480988 0
Mar 18 19:24:36 standalone container-server[124182]: 172.20.0.100 - - [18/Mar/2026:19:24:36 +0000] "PUT /d1/906/AUTH_b879e59ffdc345af9dfb871ffff9f6bc/gnocchi.9ae315cb-499d-4330-8215-26f3274dea8a/none_v3" 201 - "PUT http://localhost:8080/d1/195/AUTH_b879e59ffdc345af9dfb871ffff9f6bc/gnocchi.9ae315cb-499d-4330-8215-26f3274dea8a/none_v3" "tx29e0269d31eb471e885e2-0069bafbf4" "object-server 24" 0.0006 "-" 23 0
Mar 18 19:24:36 standalone object-server[124326]: 172.20.0.100 - - [18/Mar/2026:19:24:36 +0000] "PUT /d1/195/AUTH_b879e59ffdc345af9dfb871ffff9f6bc/gnocchi.9ae315cb-499d-4330-8215-26f3274dea8a/none_v3" 201 - "PUT http://localhost:8080/v1/AUTH_b879e59ffdc345af9dfb871ffff9f6bc/gnocchi.9ae315cb-499d-4330-8215-26f3274dea8a/none_v3" "tx29e0269d31eb471e885e2-0069bafbf4" "proxy-server 21" 0.0148 "-" 24 0
Mar 18 19:24:36 standalone proxy-server[126157]: 172.18.0.2 ::1 18/Mar/2026/19/24/36 PUT /v1/AUTH_b879e59ffdc345af9dfb871ffff9f6bc/gnocchi.9ae315cb-499d-4330-8215-26f3274dea8a/none_v3 HTTP/1.0 201 - python-swiftclient-3.11.1 gAAAAABpuvuvxDwE... 22 - - tx29e0269d31eb471e885e2-0069bafbf4 - 0.0247 - - 1773861876.802581072 1773861876.827275991 0
Mar 18 19:24:36 standalone container-server[124182]: 172.20.0.100 - - [18/Mar/2026:19:24:36 +0000] "HEAD /d1/894/AUTH_b879e59ffdc345af9dfb871ffff9f6bc/gnocchi.55c6821a-3792-4923-aaee-351aafc594ce" 404 - "HEAD http://localhost:8080/v1/AUTH_b879e59ffdc345af9dfb871ffff9f6bc/gnocchi.55c6821a-3792-4923-aaee-351aafc594ce?format=json&states=listing" "tx8fa0cc2040b74723a3824-0069bafbf4" "proxy-server 21" 0.0003 "-" 23 0
Mar 18 19:24:36 standalone object-server[124328]: 172.20.0.100 - - [18/Mar/2026:19:24:36 +0000] "GET /d1/520/AUTH_b879e59ffdc345af9dfb871ffff9f6bc/gnocchi.55c6821a-3792-4923-aaee-351aafc594ce/none_v3" 404 70 "GET http://localhost:8080/v1/AUTH_b879e59ffdc345af9dfb871ffff9f6bc/gnocchi.55c6821a-3792-4923-aaee-351aafc594ce/none_v3" "tx8fa0cc2040b74723a3824-0069bafbf4" "proxy-server 21" 0.0006 "-" 25 0
Mar 18 19:24:36 standalone proxy-server[126157]: 172.18.0.2 ::1 18/Mar/2026/19/24/36 GET /v1/AUTH_b879e59ffdc345af9dfb871ffff9f6bc/gnocchi.55c6821a-3792-4923-aaee-351aafc594ce/none_v3 HTTP/1.0 404 - python-swiftclient-3.11.1 gAAAAABpuvuvxDwE... - 70 - tx8fa0cc2040b74723a3824-0069bafbf4 - 0.0116 - - 1773861876.842497587 1773861876.854146242 0
Mar 18 19:24:36 standalone account-server[124124]: 172.20.0.100 - - [18/Mar/2026:19:24:36 +0000] "PUT /d1/894/AUTH_b879e59ffdc345af9dfb871ffff9f6bc/gnocchi.55c6821a-3792-4923-aaee-351aafc594ce" 201 - "PUT http://172.20.0.100:6001/d1/894/AUTH_b879e59ffdc345af9dfb871ffff9f6bc/gnocchi.55c6821a-3792-4923-aaee-351aafc594ce" "txa5c82ac45b744436bec90-0069bafbf4" "container-server 20" 0.0075 "-" 22 0
Mar 18 19:24:36 standalone container-server[124167]: 172.20.0.100 - - [18/Mar/2026:19:24:36 +0000] "PUT /d1/894/AUTH_b879e59ffdc345af9dfb871ffff9f6bc/gnocchi.55c6821a-3792-4923-aaee-351aafc594ce" 201 - "PUT http://localhost:8080/v1/AUTH_b879e59ffdc345af9dfb871ffff9f6bc/gnocchi.55c6821a-3792-4923-aaee-351aafc594ce" "txa5c82ac45b744436bec90-0069bafbf4" "proxy-server 21" 0.0234 "-" 20 0
Mar 18 19:24:36 standalone proxy-server[126157]: 172.18.0.2 ::1 18/Mar/2026/19/24/36 PUT /v1/AUTH_b879e59ffdc345af9dfb871ffff9f6bc/gnocchi.55c6821a-3792-4923-aaee-351aafc594ce HTTP/1.0 201 - python-swiftclient-3.11.1 gAAAAABpuvuvxDwE... - - - txa5c82ac45b744436bec90-0069bafbf4 - 0.0308 - - 1773861876.857635021 1773861876.888387918 0
Mar 18 19:24:36 standalone container-server[124177]: 172.20.0.100 - - [18/Mar/2026:19:24:36 +0000] "HEAD /d1/894/AUTH_b879e59ffdc345af9dfb871ffff9f6bc/gnocchi.55c6821a-3792-4923-aaee-351aafc594ce" 204 - "HEAD http://localhost:8080/v1/AUTH_b879e59ffdc345af9dfb871ffff9f6bc/gnocchi.55c6821a-3792-4923-aaee-351aafc594ce?format=json&states=listing" "tx8e432c5d90914d65ab7e6-0069bafbf4" "proxy-server 21" 0.0023 "-" 22 0
Mar 18 19:24:36 standalone proxy-server[126157]: - - 18/Mar/2026/19/24/36 HEAD /v1/AUTH_b879e59ffdc345af9dfb871ffff9f6bc/gnocchi.55c6821a-3792-4923-aaee-351aafc594ce%3Fformat%3Djson%26states%3Dlisting HTTP/1.0 204 - Swift - - - - tx8e432c5d90914d65ab7e6-0069bafbf4 - 0.0088 RL - 1773861876.899224520 1773861876.907999516 0
Mar 18 19:24:36 standalone container-server[124182]: 172.20.0.100 - - [18/Mar/2026:19:24:36 +0000] "GET /d1/894/AUTH_b879e59ffdc345af9dfb871ffff9f6bc/gnocchi.55c6821a-3792-4923-aaee-351aafc594ce" 200 2 "GET http://localhost:8080/v1/AUTH_b879e59ffdc345af9dfb871ffff9f6bc/gnocchi.55c6821a-3792-4923-aaee-351aafc594ce?format=json&states=listing" "tx8e432c5d90914d65ab7e6-0069bafbf4" "proxy-server 21" 0.0029 "-" 23 0
Mar 18 19:24:36 standalone proxy-server[126157]: 172.18.0.2 ::1 18/Mar/2026/19/24/36 GET /v1/AUTH_b879e59ffdc345af9dfb871ffff9f6bc/gnocchi.55c6821a-3792-4923-aaee-351aafc594ce%3Fformat%3Djson%26states%3Dlisting HTTP/1.0 200 - python-swiftclient-3.11.1 gAAAAABpuvuvxDwE... - 2 - tx8e432c5d90914d65ab7e6-0069bafbf4 - 0.0217 - - 1773861876.897878170 1773861876.919559717 0
Mar 18 19:24:36 standalone object-server[124323]: 172.20.0.100 - - [18/Mar/2026:19:24:36 +0000] "GET /d1/69/AUTH_b879e59ffdc345af9dfb871ffff9f6bc/gnocchi.55c6821a-3792-4923-aaee-351aafc594ce/1773360000.0_mean_300.0_v3" 404 70 "GET http://localhost:8080/v1/AUTH_b879e59ffdc345af9dfb871ffff9f6bc/gnocchi.55c6821a-3792-4923-aaee-351aafc594ce/1773360000.0_mean_300.0_v3" "tx95c67dba83f34e56954ab-0069bafbf4" "proxy-server 21" 0.0007 "-" 22 0
Mar 18 19:24:36 standalone proxy-server[126157]: 172.18.0.2 ::1 18/Mar/2026/19/24/36 GET /v1/AUTH_b879e59ffdc345af9dfb871ffff9f6bc/gnocchi.55c6821a-3792-4923-aaee-351aafc594ce/1773360000.0_mean_300.0_v3 HTTP/1.0 404 - python-swiftclient-3.11.1 gAAAAABpuvuvxDwE... - 70 - tx95c67dba83f34e56954ab-0069bafbf4 - 0.0085 - - 1773861876.926794291 1773861876.935268164 0
Mar 18 19:24:36 standalone container-server[124167]: 172.20.0.100 - - [18/Mar/2026:19:24:36 +0000] "PUT /d1/894/AUTH_b879e59ffdc345af9dfb871ffff9f6bc/gnocchi.55c6821a-3792-4923-aaee-351aafc594ce/1773360000.0_mean_300.0_v3" 201 - "PUT http://localhost:8080/d1/69/AUTH_b879e59ffdc345af9dfb871ffff9f6bc/gnocchi.55c6821a-3792-4923-aaee-351aafc594ce/1773360000.0_mean_300.0_v3" "tx08e29fbf27a3408fb6477-0069bafbf4" "object-server 22" 0.0009 "-" 20 0
Mar 18 19:24:36 standalone object-server[124323]: 172.20.0.100 - - [18/Mar/2026:19:24:36 +0000] "PUT /d1/69/AUTH_b879e59ffdc345af9dfb871ffff9f6bc/gnocchi.55c6821a-3792-4923-aaee-351aafc594ce/1773360000.0_mean_300.0_v3" 201 - "PUT http://localhost:8080/v1/AUTH_b879e59ffdc345af9dfb871ffff9f6bc/gnocchi.55c6821a-3792-4923-aaee-351aafc594ce/1773360000.0_mean_300.0_v3" "tx08e29fbf27a3408fb6477-0069bafbf4" "proxy-server 21" 0.0136 "-" 22 0
Mar 18 19:24:36 standalone proxy-server[126157]: 172.18.0.2 ::1 18/Mar/2026/19/24/36 PUT /v1/AUTH_b879e59ffdc345af9dfb871ffff9f6bc/gnocchi.55c6821a-3792-4923-aaee-351aafc594ce/1773360000.0_mean_300.0_v3 HTTP/1.0 201 - python-swiftclient-3.11.1 gAAAAABpuvuvxDwE... 16 - - tx08e29fbf27a3408fb6477-0069bafbf4 - 0.0216 - - 1773861876.940592527 1773861876.962193727 0
Mar 18 19:24:36 standalone container-server[124182]: 172.20.0.100 - - [18/Mar/2026:19:24:36 +0000] "PUT /d1/894/AUTH_b879e59ffdc345af9dfb871ffff9f6bc/gnocchi.55c6821a-3792-4923-aaee-351aafc594ce/none_v3" 201 - "PUT http://localhost:8080/d1/520/AUTH_b879e59ffdc345af9dfb871ffff9f6bc/gnocchi.55c6821a-3792-4923-aaee-351aafc594ce/none_v3" "txd2bf19cbaa9e4cad9965c-0069bafbf4" "object-server 23" 0.0009 "-" 23 0
Mar 18 19:24:36 standalone object-server[124325]: 172.20.0.100 - - [18/Mar/2026:19:24:36 +0000] "PUT /d1/520/AUTH_b879e59ffdc345af9dfb871ffff9f6bc/gnocchi.55c6821a-3792-4923-aaee-351aafc594ce/none_v3" 201 - "PUT http://localhost:8080/v1/AUTH_b879e59ffdc345af9dfb871ffff9f6bc/gnocchi.55c6821a-3792-4923-aaee-351aafc594ce/none_v3" "txd2bf19cbaa9e4cad9965c-0069bafbf4" "proxy-server 21" 0.0170 "-" 23 0
Mar 18 19:24:36 standalone proxy-server[126157]: 172.18.0.2 ::1 18/Mar/2026/19/24/36 PUT /v1/AUTH_b879e59ffdc345af9dfb871ffff9f6bc/gnocchi.55c6821a-3792-4923-aaee-351aafc594ce/none_v3 HTTP/1.0 201 - python-swiftclient-3.11.1 gAAAAABpuvuvxDwE... 22 - - txd2bf19cbaa9e4cad9965c-0069bafbf4 - 0.0272 - - 1773861876.967900991 1773861876.995128155 0
Mar 18 19:24:37 standalone container-server[124176]: 172.20.0.100 - - [18/Mar/2026:19:24:37 +0000] "HEAD /d1/454/AUTH_b879e59ffdc345af9dfb871ffff9f6bc/gnocchi.0cdb2373-dfb7-411e-8ed4-3d3c73d378c4" 404 - "HEAD http://localhost:8080/v1/AUTH_b879e59ffdc345af9dfb871ffff9f6bc/gnocchi.0cdb2373-dfb7-411e-8ed4-3d3c73d378c4?format=json&states=listing" "txffe8f4a4139143d99107b-0069bafbf5" "proxy-server 21" 0.0006 "-" 21 0
Mar 18 19:24:37 standalone object-server[124326]: 172.20.0.100 - - [18/Mar/2026:19:24:37 +0000] "GET /d1/518/AUTH_b879e59ffdc345af9dfb871ffff9f6bc/gnocchi.0cdb2373-dfb7-411e-8ed4-3d3c73d378c4/none_v3" 404 70 "GET http://localhost:8080/v1/AUTH_b879e59ffdc345af9dfb871ffff9f6bc/gnocchi.0cdb2373-dfb7-411e-8ed4-3d3c73d378c4/none_v3" "txffe8f4a4139143d99107b-0069bafbf5" "proxy-server 21" 0.0008 "-" 24 0
Mar 18 19:24:37 standalone proxy-server[126157]: 172.18.0.2 ::1 18/Mar/2026/19/24/37 GET /v1/AUTH_b879e59ffdc345af9dfb871ffff9f6bc/gnocchi.0cdb2373-dfb7-411e-8ed4-3d3c73d378c4/none_v3 HTTP/1.0 404 - python-swiftclient-3.11.1 gAAAAABpuvuvxDwE... - 70 - txffe8f4a4139143d99107b-0069bafbf5 - 0.0128 - - 1773861877.012479067 1773861877.025265455 0
Mar 18 19:24:37 standalone account-server[124111]: 172.20.0.100 - - [18/Mar/2026:19:24:37 +0000] "PUT /d1/894/AUTH_b879e59ffdc345af9dfb871ffff9f6bc/gnocchi.0cdb2373-dfb7-411e-8ed4-3d3c73d378c4" 201 - "PUT http://172.20.0.100:6001/d1/454/AUTH_b879e59ffdc345af9dfb871ffff9f6bc/gnocchi.0cdb2373-dfb7-411e-8ed4-3d3c73d378c4" "txe7a6f7af60af4e79b18cb-0069bafbf5" "container-server 23" 0.0061 "-" 20 0
Mar 18 19:24:37 standalone container-server[124182]: 172.20.0.100 - - [18/Mar/2026:19:24:37 +0000] "PUT /d1/454/AUTH_b879e59ffdc345af9dfb871ffff9f6bc/gnocchi.0cdb2373-dfb7-411e-8ed4-3d3c73d378c4" 201 - "PUT http://localhost:8080/v1/AUTH_b879e59ffdc345af9dfb871ffff9f6bc/gnocchi.0cdb2373-dfb7-411e-8ed4-3d3c73d378c4" "txe7a6f7af60af4e79b18cb-0069bafbf5" "proxy-server 21" 0.0217 "-" 23 0
Mar 18 19:24:37 standalone proxy-server[126157]: 172.18.0.2 ::1 18/Mar/2026/19/24/37 PUT /v1/AUTH_b879e59ffdc345af9dfb871ffff9f6bc/gnocchi.0cdb2373-dfb7-411e-8ed4-3d3c73d378c4 HTTP/1.0 201 - python-swiftclient-3.11.1 gAAAAABpuvuvxDwE... - - - txe7a6f7af60af4e79b18cb-0069bafbf5 - 0.0281 - - 1773861877.029418230 1773861877.057521343 0
Mar 18 19:24:37 standalone container-server[124167]: 172.20.0.100 - - [18/Mar/2026:19:24:37 +0000] "HEAD /d1/454/AUTH_b879e59ffdc345af9dfb871ffff9f6bc/gnocchi.0cdb2373-dfb7-411e-8ed4-3d3c73d378c4" 204 - "HEAD http://localhost:8080/v1/AUTH_b879e59ffdc345af9dfb871ffff9f6bc/gnocchi.0cdb2373-dfb7-411e-8ed4-3d3c73d378c4?format=json&states=listing" "tx3ea4c6a14ce2457f867a0-0069bafbf5" "proxy-server 21" 0.0014 "-" 20 0
Mar 18 19:24:37 standalone proxy-server[126157]: - - 18/Mar/2026/19/24/37 HEAD /v1/AUTH_b879e59ffdc345af9dfb871ffff9f6bc/gnocchi.0cdb2373-dfb7-411e-8ed4-3d3c73d378c4%3Fformat%3Djson%26states%3Dlisting HTTP/1.0 204 - Swift - - - - tx3ea4c6a14ce2457f867a0-0069bafbf5 - 0.0051 RL - 1773861877.062505960 1773861877.067651987 0
Mar 18 19:24:37 standalone container-server[124176]: 172.20.0.100 - - [18/Mar/2026:19:24:37 +0000] "GET /d1/454/AUTH_b879e59ffdc345af9dfb871ffff9f6bc/gnocchi.0cdb2373-dfb7-411e-8ed4-3d3c73d378c4" 200 2 "GET http://localhost:8080/v1/AUTH_b879e59ffdc345af9dfb871ffff9f6bc/gnocchi.0cdb2373-dfb7-411e-8ed4-3d3c73d378c4?format=json&states=listing" "tx3ea4c6a14ce2457f867a0-0069bafbf5" "proxy-server 21" 0.0028 "-" 21 0
Mar 18 19:24:37 standalone proxy-server[126157]: 172.18.0.2 ::1 18/Mar/2026/19/24/37 GET /v1/AUTH_b879e59ffdc345af9dfb871ffff9f6bc/gnocchi.0cdb2373-dfb7-411e-8ed4-3d3c73d378c4%3Fformat%3Djson%26states%3Dlisting HTTP/1.0 200 - python-swiftclient-3.11.1 gAAAAABpuvuvxDwE... - 2 - tx3ea4c6a14ce2457f867a0-0069bafbf5 - 0.0164 - - 1773861877.061392069 1773861877.077764034 0
Mar 18 19:24:37 standalone object-server[124323]: 172.20.0.100 - - [18/Mar/2026:19:24:37 +0000] "GET /d1/232/AUTH_b879e59ffdc345af9dfb871ffff9f6bc/gnocchi.0cdb2373-dfb7-411e-8ed4-3d3c73d378c4/1773360000.0_mean_300.0_v3" 404 70 "GET http://localhost:8080/v1/AUTH_b879e59ffdc345af9dfb871ffff9f6bc/gnocchi.0cdb2373-dfb7-411e-8ed4-3d3c73d378c4/1773360000.0_mean_300.0_v3" "tx274f9a7ee3c9403299461-0069bafbf5" "proxy-server 21" 0.0004 "-" 22 0
Mar 18 19:24:37 standalone proxy-server[126157]: 172.18.0.2 ::1 18/Mar/2026/19/24/37 GET /v1/AUTH_b879e59ffdc345af9dfb871ffff9f6bc/gnocchi.0cdb2373-dfb7-411e-8ed4-3d3c73d378c4/1773360000.0_mean_300.0_v3 HTTP/1.0 404 - python-swiftclient-3.11.1 gAAAAABpuvuvxDwE... - 70 - tx274f9a7ee3c9403299461-0069bafbf5 - 0.0066 - - 1773861877.082286596 1773861877.088903904 0
Mar 18 19:24:37 standalone container-server[124177]: 172.20.0.100 - - [18/Mar/2026:19:24:37 +0000] "PUT /d1/454/AUTH_b879e59ffdc345af9dfb871ffff9f6bc/gnocchi.0cdb2373-dfb7-411e-8ed4-3d3c73d378c4/1773360000.0_mean_300.0_v3" 201 - "PUT http://localhost:8080/d1/232/AUTH_b879e59ffdc345af9dfb871ffff9f6bc/gnocchi.0cdb2373-dfb7-411e-8ed4-3d3c73d378c4/1773360000.0_mean_300.0_v3" "tx4f6930b7559a4f81931df-0069bafbf5" "object-server 25" 0.0011 "-" 22 0
Mar 18 19:24:37 standalone object-server[124328]: 172.20.0.100 - - [18/Mar/2026:19:24:37 +0000] "PUT /d1/232/AUTH_b879e59ffdc345af9dfb871ffff9f6bc/gnocchi.0cdb2373-dfb7-411e-8ed4-3d3c73d378c4/1773360000.0_mean_300.0_v3" 201 - "PUT http://localhost:8080/v1/AUTH_b879e59ffdc345af9dfb871ffff9f6bc/gnocchi.0cdb2373-dfb7-411e-8ed4-3d3c73d378c4/1773360000.0_mean_300.0_v3" "tx4f6930b7559a4f81931df-0069bafbf5" "proxy-server 21" 0.0274 "-" 25 0
Mar 18 19:24:37 standalone proxy-server[126157]: 172.18.0.2 ::1 18/Mar/2026/19/24/37 PUT /v1/AUTH_b879e59ffdc345af9dfb871ffff9f6bc/gnocchi.0cdb2373-dfb7-411e-8ed4-3d3c73d378c4/1773360000.0_mean_300.0_v3 HTTP/1.0 201 - python-swiftclient-3.11.1 gAAAAABpuvuvxDwE... 16 - - tx4f6930b7559a4f81931df-0069bafbf5 - 0.0347 - - 1773861877.092818499 1773861877.127552509 0
Mar 18 19:24:37 standalone container-server[124182]: 172.20.0.100 - - [18/Mar/2026:19:24:37 +0000] "PUT /d1/454/AUTH_b879e59ffdc345af9dfb871ffff9f6bc/gnocchi.0cdb2373-dfb7-411e-8ed4-3d3c73d378c4/none_v3" 201 - "PUT http://localhost:8080/d1/518/AUTH_b879e59ffdc345af9dfb871ffff9f6bc/gnocchi.0cdb2373-dfb7-411e-8ed4-3d3c73d378c4/none_v3" "tx6908d768ba6a4b74bd307-0069bafbf5" "object-server 25" 0.0009 "-" 23 0
Mar 18 19:24:37 standalone object-server[124328]: 172.20.0.100 - - [18/Mar/2026:19:24:37 +0000] "PUT /d1/518/AUTH_b879e59ffdc345af9dfb871ffff9f6bc/gnocchi.0cdb2373-dfb7-411e-8ed4-3d3c73d378c4/none_v3" 201 - "PUT http://localhost:8080/v1/AUTH_b879e59ffdc345af9dfb871ffff9f6bc/gnocchi.0cdb2373-dfb7-411e-8ed4-3d3c73d378c4/none_v3" "tx6908d768ba6a4b74bd307-0069bafbf5" "proxy-server 21" 0.0143 "-" 25 0
Mar 18 19:24:37 standalone proxy-server[126157]: 172.18.0.2 ::1 18/Mar/2026/19/24/37 PUT /v1/AUTH_b879e59ffdc345af9dfb871ffff9f6bc/gnocchi.0cdb2373-dfb7-411e-8ed4-3d3c73d378c4/none_v3 HTTP/1.0 201 - python-swiftclient-3.11.1 gAAAAABpuvuvxDwE... 22 - - tx6908d768ba6a4b74bd307-0069bafbf5 - 0.0220 - - 1773861877.133605719 1773861877.155602932 0
Mar 18 19:24:37 standalone container-server[124176]: 172.20.0.100 - - [18/Mar/2026:19:24:37 +0000] "HEAD /d1/937/AUTH_b879e59ffdc345af9dfb871ffff9f6bc/gnocchi.06d3d3fb-0a5a-4e2b-adbc-cddc82baa847" 404 - "HEAD http://localhost:8080/v1/AUTH_b879e59ffdc345af9dfb871ffff9f6bc/gnocchi.06d3d3fb-0a5a-4e2b-adbc-cddc82baa847?format=json&states=listing" "txb5e38b4a1ba541639de7d-0069bafbf5" "proxy-server 21" 0.0008 "-" 21 0
Mar 18 19:24:37 standalone object-server[124328]: 172.20.0.100 - - [18/Mar/2026:19:24:37 +0000] "GET /d1/944/AUTH_b879e59ffdc345af9dfb871ffff9f6bc/gnocchi.06d3d3fb-0a5a-4e2b-adbc-cddc82baa847/none_v3" 404 70 "GET http://localhost:8080/v1/AUTH_b879e59ffdc345af9dfb871ffff9f6bc/gnocchi.06d3d3fb-0a5a-4e2b-adbc-cddc82baa847/none_v3" "txb5e38b4a1ba541639de7d-0069bafbf5" "proxy-server 21" 0.0013 "-" 25 0
Mar 18 19:24:37 standalone proxy-server[126157]: 172.18.0.2 ::1 18/Mar/2026/19/24/37 GET /v1/AUTH_b879e59ffdc345af9dfb871ffff9f6bc/gnocchi.06d3d3fb-0a5a-4e2b-adbc-cddc82baa847/none_v3 HTTP/1.0 404 - python-swiftclient-3.11.1 gAAAAABpuvuvxDwE... - 70 - txb5e38b4a1ba541639de7d-0069bafbf5 - 0.0144 - - 1773861877.176435947 1773861877.190869093 0
Mar 18 19:24:37 standalone account-server[124124]: 172.20.0.100 - - [18/Mar/2026:19:24:37 +0000] "PUT /d1/894/AUTH_b879e59ffdc345af9dfb871ffff9f6bc/gnocchi.06d3d3fb-0a5a-4e2b-adbc-cddc82baa847" 201 - "PUT http://172.20.0.100:6001/d1/937/AUTH_b879e59ffdc345af9dfb871ffff9f6bc/gnocchi.06d3d3fb-0a5a-4e2b-adbc-cddc82baa847" "tx3447c562c4c943678a52d-0069bafbf5" "container-server 20" 0.0125 "-" 22 0
Mar 18 19:24:37 standalone container-server[124167]: 172.20.0.100 - - [18/Mar/2026:19:24:37 +0000] "PUT /d1/937/AUTH_b879e59ffdc345af9dfb871ffff9f6bc/gnocchi.06d3d3fb-0a5a-4e2b-adbc-cddc82baa847" 201 - "PUT http://localhost:8080/v1/AUTH_b879e59ffdc345af9dfb871ffff9f6bc/gnocchi.06d3d3fb-0a5a-4e2b-adbc-cddc82baa847" "tx3447c562c4c943678a52d-0069bafbf5" "proxy-server 21" 0.0258 "-" 20 0
Mar 18 19:24:37 standalone proxy-server[126157]: 172.18.0.2 ::1 18/Mar/2026/19/24/37 PUT /v1/AUTH_b879e59ffdc345af9dfb871ffff9f6bc/gnocchi.06d3d3fb-0a5a-4e2b-adbc-cddc82baa847 HTTP/1.0 201 - python-swiftclient-3.11.1 gAAAAABpuvuvxDwE... - - - tx3447c562c4c943678a52d-0069bafbf5 - 0.0333 - - 1773861877.196053743 1773861877.229362965 0
Mar 18 19:24:37 standalone container-server[124176]: 172.20.0.100 - - [18/Mar/2026:19:24:37 +0000] "HEAD /d1/937/AUTH_b879e59ffdc345af9dfb871ffff9f6bc/gnocchi.06d3d3fb-0a5a-4e2b-adbc-cddc82baa847" 204 - "HEAD http://localhost:8080/v1/AUTH_b879e59ffdc345af9dfb871ffff9f6bc/gnocchi.06d3d3fb-0a5a-4e2b-adbc-cddc82baa847?format=json&states=listing" "txa6fe3a6406f64035b9754-0069bafbf5" "proxy-server 21" 0.0020 "-" 21 0
Mar 18 19:24:37 standalone proxy-server[126157]: - - 18/Mar/2026/19/24/37 HEAD /v1/AUTH_b879e59ffdc345af9dfb871ffff9f6bc/gnocchi.06d3d3fb-0a5a-4e2b-adbc-cddc82baa847%3Fformat%3Djson%26states%3Dlisting HTTP/1.0 204 - Swift - - - - txa6fe3a6406f64035b9754-0069bafbf5 - 0.0069 RL - 1773861877.236435175 1773861877.243349075 0
Mar 18 19:24:37 standalone container-server[124176]: 172.20.0.100 - - [18/Mar/2026:19:24:37 +0000] "GET /d1/937/AUTH_b879e59ffdc345af9dfb871ffff9f6bc/gnocchi.06d3d3fb-0a5a-4e2b-adbc-cddc82baa847" 200 2 "GET http://localhost:8080/v1/AUTH_b879e59ffdc345af9dfb871ffff9f6bc/gnocchi.06d3d3fb-0a5a-4e2b-adbc-cddc82baa847?format=json&states=listing" "txa6fe3a6406f64035b9754-0069bafbf5" "proxy-server 21" 0.0027 "-" 21 0
Mar 18 19:24:37 standalone proxy-server[126157]: 172.18.0.2 ::1 18/Mar/2026/19/24/37 GET /v1/AUTH_b879e59ffdc345af9dfb871ffff9f6bc/gnocchi.06d3d3fb-0a5a-4e2b-adbc-cddc82baa847%3Fformat%3Djson%26states%3Dlisting HTTP/1.0 200 - python-swiftclient-3.11.1 gAAAAABpuvuvxDwE... - 2 - txa6fe3a6406f64035b9754-0069bafbf5 - 0.0192 - - 1773861877.234966755 1773861877.254146338 0
Mar 18 19:24:37 standalone object-server[124325]: 172.20.0.100 - - [18/Mar/2026:19:24:37 +0000] "GET /d1/292/AUTH_b879e59ffdc345af9dfb871ffff9f6bc/gnocchi.06d3d3fb-0a5a-4e2b-adbc-cddc82baa847/1773360000.0_mean_300.0_v3" 404 70 "GET http://localhost:8080/v1/AUTH_b879e59ffdc345af9dfb871ffff9f6bc/gnocchi.06d3d3fb-0a5a-4e2b-adbc-cddc82baa847/1773360000.0_mean_300.0_v3" "tx1cc81a2dcf964d249231b-0069bafbf5" "proxy-server 21" 0.0004 "-" 23 0
Mar 18 19:24:37 standalone proxy-server[126157]: 172.18.0.2 ::1 18/Mar/2026/19/24/37 GET /v1/AUTH_b879e59ffdc345af9dfb871ffff9f6bc/gnocchi.06d3d3fb-0a5a-4e2b-adbc-cddc82baa847/1773360000.0_mean_300.0_v3 HTTP/1.0 404 - python-swiftclient-3.11.1 gAAAAABpuvuvxDwE... - 70 - tx1cc81a2dcf964d249231b-0069bafbf5 - 0.0067 - - 1773861877.259443760 1773861877.266148090 0
Mar 18 19:24:37 standalone container-server[124176]: 172.20.0.100 - - [18/Mar/2026:19:24:37 +0000] "PUT /d1/937/AUTH_b879e59ffdc345af9dfb871ffff9f6bc/gnocchi.06d3d3fb-0a5a-4e2b-adbc-cddc82baa847/1773360000.0_mean_300.0_v3" 201 - "PUT http://localhost:8080/d1/292/AUTH_b879e59ffdc345af9dfb871ffff9f6bc/gnocchi.06d3d3fb-0a5a-4e2b-adbc-cddc82baa847/1773360000.0_mean_300.0_v3" "txc6eebcb921c5413c9c8f8-0069bafbf5" "object-server 22" 0.0006 "-" 21 0
Mar 18 19:24:37 standalone object-server[124323]: 172.20.0.100 - - [18/Mar/2026:19:24:37 +0000] "PUT /d1/292/AUTH_b879e59ffdc345af9dfb871ffff9f6bc/gnocchi.06d3d3fb-0a5a-4e2b-adbc-cddc82baa847/1773360000.0_mean_300.0_v3" 201 - "PUT http://localhost:8080/v1/AUTH_b879e59ffdc345af9dfb871ffff9f6bc/gnocchi.06d3d3fb-0a5a-4e2b-adbc-cddc82baa847/1773360000.0_mean_300.0_v3" "txc6eebcb921c5413c9c8f8-0069bafbf5" "proxy-server 21" 0.0176 "-" 22 0
Mar 18 19:24:37 standalone proxy-server[126157]: 172.18.0.2 ::1 18/Mar/2026/19/24/37 PUT /v1/AUTH_b879e59ffdc345af9dfb871ffff9f6bc/gnocchi.06d3d3fb-0a5a-4e2b-adbc-cddc82baa847/1773360000.0_mean_300.0_v3 HTTP/1.0 201 - python-swiftclient-3.11.1 gAAAAABpuvuvxDwE... 16 - - txc6eebcb921c5413c9c8f8-0069bafbf5 - 0.0253 - - 1773861877.270341158 1773861877.295687914 0
Mar 18 19:24:37 standalone container-server[124167]: 172.20.0.100 - - [18/Mar/2026:19:24:37 +0000] "PUT /d1/937/AUTH_b879e59ffdc345af9dfb871ffff9f6bc/gnocchi.06d3d3fb-0a5a-4e2b-adbc-cddc82baa847/none_v3" 201 - "PUT http://localhost:8080/d1/944/AUTH_b879e59ffdc345af9dfb871ffff9f6bc/gnocchi.06d3d3fb-0a5a-4e2b-adbc-cddc82baa847/none_v3" "txda58c357edc14cbdaa099-0069bafbf5" "object-server 23" 0.0008 "-" 20 0
Mar 18 19:24:37 standalone object-server[124325]: 172.20.0.100 - - [18/Mar/2026:19:24:37 +0000] "PUT /d1/944/AUTH_b879e59ffdc345af9dfb871ffff9f6bc/gnocchi.06d3d3fb-0a5a-4e2b-adbc-cddc82baa847/none_v3" 201 - "PUT http://localhost:8080/v1/AUTH_b879e59ffdc345af9dfb871ffff9f6bc/gnocchi.06d3d3fb-0a5a-4e2b-adbc-cddc82baa847/none_v3" "txda58c357edc14cbdaa099-0069bafbf5" "proxy-server 21" 0.0187 "-" 23 0
Mar 18 19:24:37 standalone proxy-server[126157]: 172.18.0.2 ::1 18/Mar/2026/19/24/37 PUT /v1/AUTH_b879e59ffdc345af9dfb871ffff9f6bc/gnocchi.06d3d3fb-0a5a-4e2b-adbc-cddc82baa847/none_v3 HTTP/1.0 201 - python-swiftclient-3.11.1 gAAAAABpuvuvxDwE... 22 - - txda58c357edc14cbdaa099-0069bafbf5 - 0.0270 - - 1773861877.301882029 1773861877.328843355 0
Mar 18 19:24:37 standalone container-server[124177]: 172.20.0.100 - - [18/Mar/2026:19:24:37 +0000] "HEAD /d1/955/AUTH_b879e59ffdc345af9dfb871ffff9f6bc/gnocchi.36803cfb-df27-4bd2-8e20-0ff552cdf0db" 404 - "HEAD http://localhost:8080/v1/AUTH_b879e59ffdc345af9dfb871ffff9f6bc/gnocchi.36803cfb-df27-4bd2-8e20-0ff552cdf0db?format=json&states=listing" "txc70c4495473e4a1090782-0069bafbf5" "proxy-server 21" 0.0006 "-" 22 0
Mar 18 19:24:37 standalone object-server[124326]: 172.20.0.100 - - [18/Mar/2026:19:24:37 +0000] "GET /d1/758/AUTH_b879e59ffdc345af9dfb871ffff9f6bc/gnocchi.36803cfb-df27-4bd2-8e20-0ff552cdf0db/none_v3" 404 70 "GET http://localhost:8080/v1/AUTH_b879e59ffdc345af9dfb871ffff9f6bc/gnocchi.36803cfb-df27-4bd2-8e20-0ff552cdf0db/none_v3" "txc70c4495473e4a1090782-0069bafbf5" "proxy-server 21" 0.0009 "-" 24 0
Mar 18 19:24:37 standalone proxy-server[126157]: 172.18.0.2 ::1 18/Mar/2026/19/24/37 GET /v1/AUTH_b879e59ffdc345af9dfb871ffff9f6bc/gnocchi.36803cfb-df27-4bd2-8e20-0ff552cdf0db/none_v3 HTTP/1.0 404 - python-swiftclient-3.11.1 gAAAAABpuvuvxDwE... - 70 - txc70c4495473e4a1090782-0069bafbf5 - 0.0161 - - 1773861877.346708536 1773861877.362761021 0
Mar 18 19:24:37 standalone account-server[124118]: 172.20.0.100 - - [18/Mar/2026:19:24:37 +0000] "PUT /d1/894/AUTH_b879e59ffdc345af9dfb871ffff9f6bc/gnocchi.36803cfb-df27-4bd2-8e20-0ff552cdf0db" 201 - "PUT http://172.20.0.100:6001/d1/955/AUTH_b879e59ffdc345af9dfb871ffff9f6bc/gnocchi.36803cfb-df27-4bd2-8e20-0ff552cdf0db" "txb1bcb68c13174da69fc78-0069bafbf5" "container-server 22" 0.0060 "-" 21 0
Mar 18 19:24:37 standalone container-server[124177]: 172.20.0.100 - - [18/Mar/2026:19:24:37 +0000] "PUT /d1/955/AUTH_b879e59ffdc345af9dfb871ffff9f6bc/gnocchi.36803cfb-df27-4bd2-8e20-0ff552cdf0db" 201 - "PUT http://localhost:8080/v1/AUTH_b879e59ffdc345af9dfb871ffff9f6bc/gnocchi.36803cfb-df27-4bd2-8e20-0ff552cdf0db" "txb1bcb68c13174da69fc78-0069bafbf5" "proxy-server 21" 0.0185 "-" 22 0
Mar 18 19:24:37 standalone proxy-server[126157]: 172.18.0.2 ::1 18/Mar/2026/19/24/37 PUT /v1/AUTH_b879e59ffdc345af9dfb871ffff9f6bc/gnocchi.36803cfb-df27-4bd2-8e20-0ff552cdf0db HTTP/1.0 201 - python-swiftclient-3.11.1 gAAAAABpuvuvxDwE... - - - txb1bcb68c13174da69fc78-0069bafbf5 - 0.0247 - - 1773861877.367182255 1773861877.391852379 0
Mar 18 19:24:37 standalone container-server[124167]: 172.20.0.100 - - [18/Mar/2026:19:24:37 +0000] "HEAD /d1/955/AUTH_b879e59ffdc345af9dfb871ffff9f6bc/gnocchi.36803cfb-df27-4bd2-8e20-0ff552cdf0db" 204 - "HEAD http://localhost:8080/v1/AUTH_b879e59ffdc345af9dfb871ffff9f6bc/gnocchi.36803cfb-df27-4bd2-8e20-0ff552cdf0db?format=json&states=listing" "tx8435b6c796e4424682278-0069bafbf5" "proxy-server 21" 0.0021 "-" 20 0
Mar 18 19:24:37 standalone proxy-server[126157]: - - 18/Mar/2026/19/24/37 HEAD /v1/AUTH_b879e59ffdc345af9dfb871ffff9f6bc/gnocchi.36803cfb-df27-4bd2-8e20-0ff552cdf0db%3Fformat%3Djson%26states%3Dlisting HTTP/1.0 204 - Swift - - - - tx8435b6c796e4424682278-0069bafbf5 - 0.0067 RL - 1773861877.398517132 1773861877.405216217 0
Mar 18 19:24:37 standalone container-server[124167]: 172.20.0.100 - - [18/Mar/2026:19:24:37 +0000] "GET /d1/955/AUTH_b879e59ffdc345af9dfb871ffff9f6bc/gnocchi.36803cfb-df27-4bd2-8e20-0ff552cdf0db" 200 2 "GET http://localhost:8080/v1/AUTH_b879e59ffdc345af9dfb871ffff9f6bc/gnocchi.36803cfb-df27-4bd2-8e20-0ff552cdf0db?format=json&states=listing" "tx8435b6c796e4424682278-0069bafbf5" "proxy-server 21" 0.0031 "-" 20 0
Mar 18 19:24:37 standalone proxy-server[126157]: 172.18.0.2 ::1 18/Mar/2026/19/24/37 GET /v1/AUTH_b879e59ffdc345af9dfb871ffff9f6bc/gnocchi.36803cfb-df27-4bd2-8e20-0ff552cdf0db%3Fformat%3Djson%26states%3Dlisting HTTP/1.0 200 - python-swiftclient-3.11.1 gAAAAABpuvuvxDwE... - 2 - tx8435b6c796e4424682278-0069bafbf5 - 0.0257 - - 1773861877.397011518 1773861877.422736883 0
Mar 18 19:24:37 standalone object-server[124326]: 172.20.0.100 - - [18/Mar/2026:19:24:37 +0000] "GET /d1/319/AUTH_b879e59ffdc345af9dfb871ffff9f6bc/gnocchi.36803cfb-df27-4bd2-8e20-0ff552cdf0db/1773360000.0_mean_300.0_v3" 404 70 "GET http://localhost:8080/v1/AUTH_b879e59ffdc345af9dfb871ffff9f6bc/gnocchi.36803cfb-df27-4bd2-8e20-0ff552cdf0db/1773360000.0_mean_300.0_v3" "tx766cb3c4e8b1486a8b566-0069bafbf5" "proxy-server 21" 0.0008 "-" 24 0
Mar 18 19:24:37 standalone proxy-server[126157]: 172.18.0.2 ::1 18/Mar/2026/19/24/37 GET /v1/AUTH_b879e59ffdc345af9dfb871ffff9f6bc/gnocchi.36803cfb-df27-4bd2-8e20-0ff552cdf0db/1773360000.0_mean_300.0_v3 HTTP/1.0 404 - python-swiftclient-3.11.1 gAAAAABpuvuvxDwE... - 70 - tx766cb3c4e8b1486a8b566-0069bafbf5 - 0.0155 - - 1773861877.431392193 1773861877.446871519 0
Mar 18 19:24:37 standalone container-server[124167]: 172.20.0.100 - - [18/Mar/2026:19:24:37 +0000] "PUT /d1/955/AUTH_b879e59ffdc345af9dfb871ffff9f6bc/gnocchi.36803cfb-df27-4bd2-8e20-0ff552cdf0db/1773360000.0_mean_300.0_v3" 201 - "PUT http://localhost:8080/d1/319/AUTH_b879e59ffdc345af9dfb871ffff9f6bc/gnocchi.36803cfb-df27-4bd2-8e20-0ff552cdf0db/1773360000.0_mean_300.0_v3" "tx97c07f3dc6c94cc8a9067-0069bafbf5" "object-server 23" 0.0008 "-" 20 0
Mar 18 19:24:37 standalone object-server[124325]: 172.20.0.100 - - [18/Mar/2026:19:24:37 +0000] "PUT /d1/319/AUTH_b879e59ffdc345af9dfb871ffff9f6bc/gnocchi.36803cfb-df27-4bd2-8e20-0ff552cdf0db/1773360000.0_mean_300.0_v3" 201 - "PUT http://localhost:8080/v1/AUTH_b879e59ffdc345af9dfb871ffff9f6bc/gnocchi.36803cfb-df27-4bd2-8e20-0ff552cdf0db/1773360000.0_mean_300.0_v3" "tx97c07f3dc6c94cc8a9067-0069bafbf5" "proxy-server 21" 0.0192 "-" 23 0
Mar 18 19:24:37 standalone proxy-server[126157]: 172.18.0.2 ::1 18/Mar/2026/19/24/37 PUT /v1/AUTH_b879e59ffdc345af9dfb871ffff9f6bc/gnocchi.36803cfb-df27-4bd2-8e20-0ff552cdf0db/1773360000.0_mean_300.0_v3 HTTP/1.0 201 - python-swiftclient-3.11.1 gAAAAABpuvuvxDwE... 16 - - tx97c07f3dc6c94cc8a9067-0069bafbf5 - 0.0277 - - 1773861877.451618910 1773861877.479335070 0
Mar 18 19:24:37 standalone container-server[124176]: 172.20.0.100 - - [18/Mar/2026:19:24:37 +0000] "PUT /d1/955/AUTH_b879e59ffdc345af9dfb871ffff9f6bc/gnocchi.36803cfb-df27-4bd2-8e20-0ff552cdf0db/none_v3" 201 - "PUT http://localhost:8080/d1/758/AUTH_b879e59ffdc345af9dfb871ffff9f6bc/gnocchi.36803cfb-df27-4bd2-8e20-0ff552cdf0db/none_v3" "tx3cf12424f82e4ab9b3154-0069bafbf5" "object-server 24" 0.0010 "-" 21 0
Mar 18 19:24:37 standalone object-server[124326]: 172.20.0.100 - - [18/Mar/2026:19:24:37 +0000] "PUT /d1/758/AUTH_b879e59ffdc345af9dfb871ffff9f6bc/gnocchi.36803cfb-df27-4bd2-8e20-0ff552cdf0db/none_v3" 201 - "PUT http://localhost:8080/v1/AUTH_b879e59ffdc345af9dfb871ffff9f6bc/gnocchi.36803cfb-df27-4bd2-8e20-0ff552cdf0db/none_v3" "tx3cf12424f82e4ab9b3154-0069bafbf5" "proxy-server 21" 0.0152 "-" 24 0
Mar 18 19:24:37 standalone proxy-server[126157]: 172.18.0.2 ::1 18/Mar/2026/19/24/37 PUT /v1/AUTH_b879e59ffdc345af9dfb871ffff9f6bc/gnocchi.36803cfb-df27-4bd2-8e20-0ff552cdf0db/none_v3 HTTP/1.0 201 - python-swiftclient-3.11.1 gAAAAABpuvuvxDwE... 22 - - tx3cf12424f82e4ab9b3154-0069bafbf5 - 0.0230 - - 1773861877.485582113 1773861877.508550406 0
Mar 18 19:26:28 standalone account-server[124111]: 172.20.0.100 - - [18/Mar/2026:19:26:28 +0000] "HEAD /d1/894/AUTH_b879e59ffdc345af9dfb871ffff9f6bc" 204 - "HEAD http://localhost:8080/v1/AUTH_b879e59ffdc345af9dfb871ffff9f6bc?format=json" "txde98f7fb53f04404b5c68-0069bafc64" "proxy-server 21" 0.0054 "-" 20 -
Mar 18 19:26:28 standalone proxy-server[126157]: - - 18/Mar/2026/19/26/28 HEAD /v1/AUTH_b879e59ffdc345af9dfb871ffff9f6bc%3Fformat%3Djson HTTP/1.0 204 - Swift - - - - txde98f7fb53f04404b5c68-0069bafc64 - 0.0096 RL - 1773861988.614588737 1773861988.624186516 -
Mar 18 19:26:28 standalone container-server[124177]: 172.20.0.100 - - [18/Mar/2026:19:26:28 +0000] "HEAD /d1/917/AUTH_b879e59ffdc345af9dfb871ffff9f6bc/gnocchi.bce2d572-832d-4cf1-ace5-682d838988c4" 404 - "HEAD http://localhost:8080/v1/AUTH_b879e59ffdc345af9dfb871ffff9f6bc/gnocchi.bce2d572-832d-4cf1-ace5-682d838988c4?format=json&states=listing" "txde98f7fb53f04404b5c68-0069bafc64" "proxy-server 21" 0.0006 "-" 22 0
Mar 18 19:26:28 standalone object-server[124326]: 172.20.0.100 - - [18/Mar/2026:19:26:28 +0000] "GET /d1/857/AUTH_b879e59ffdc345af9dfb871ffff9f6bc/gnocchi.bce2d572-832d-4cf1-ace5-682d838988c4/none_v3" 404 70 "GET http://localhost:8080/v1/AUTH_b879e59ffdc345af9dfb871ffff9f6bc/gnocchi.bce2d572-832d-4cf1-ace5-682d838988c4/none_v3" "txde98f7fb53f04404b5c68-0069bafc64" "proxy-server 21" 0.0005 "-" 24 0
Mar 18 19:26:28 standalone proxy-server[126157]: 172.18.0.2 ::1 18/Mar/2026/19/26/28 GET /v1/AUTH_b879e59ffdc345af9dfb871ffff9f6bc/gnocchi.bce2d572-832d-4cf1-ace5-682d838988c4/none_v3 HTTP/1.0 404 - python-swiftclient-3.11.1 gAAAAABpuvuvxDwE... - 70 - txde98f7fb53f04404b5c68-0069bafc64 - 0.0187 - - 1773861988.613735437 1773861988.632434130 0
Mar 18 19:26:28 standalone account-server[124111]: 172.20.0.100 - - [18/Mar/2026:19:26:28 +0000] "PUT /d1/894/AUTH_b879e59ffdc345af9dfb871ffff9f6bc/gnocchi.bce2d572-832d-4cf1-ace5-682d838988c4" 201 - "PUT http://172.20.0.100:6001/d1/917/AUTH_b879e59ffdc345af9dfb871ffff9f6bc/gnocchi.bce2d572-832d-4cf1-ace5-682d838988c4" "txee9696a9edd942b79b98f-0069bafc64" "container-server 23" 0.0008 "-" 20 0
Mar 18 19:26:28 standalone container-server[124182]: 172.20.0.100 - - [18/Mar/2026:19:26:28 +0000] "PUT /d1/917/AUTH_b879e59ffdc345af9dfb871ffff9f6bc/gnocchi.bce2d572-832d-4cf1-ace5-682d838988c4" 201 - "PUT http://localhost:8080/v1/AUTH_b879e59ffdc345af9dfb871ffff9f6bc/gnocchi.bce2d572-832d-4cf1-ace5-682d838988c4" "txee9696a9edd942b79b98f-0069bafc64" "proxy-server 21" 0.0088 "-" 23 0
Mar 18 19:26:28 standalone proxy-server[126157]: 172.18.0.2 ::1 18/Mar/2026/19/26/28 PUT /v1/AUTH_b879e59ffdc345af9dfb871ffff9f6bc/gnocchi.bce2d572-832d-4cf1-ace5-682d838988c4 HTTP/1.0 201 - python-swiftclient-3.11.1 gAAAAABpuvuvxDwE... - - - txee9696a9edd942b79b98f-0069bafc64 - 0.0275 - - 1773861988.635234356 1773861988.662703276 0
Mar 18 19:26:28 standalone container-server[124167]: 172.20.0.100 - - [18/Mar/2026:19:26:28 +0000] "HEAD /d1/917/AUTH_b879e59ffdc345af9dfb871ffff9f6bc/gnocchi.bce2d572-832d-4cf1-ace5-682d838988c4" 204 - "HEAD http://localhost:8080/v1/AUTH_b879e59ffdc345af9dfb871ffff9f6bc/gnocchi.bce2d572-832d-4cf1-ace5-682d838988c4?format=json&states=listing" "tx6ad74edfac2f4dfe809c3-0069bafc64" "proxy-server 21" 0.0013 "-" 20 0
Mar 18 19:26:28 standalone proxy-server[126157]: - - 18/Mar/2026/19/26/28 HEAD /v1/AUTH_b879e59ffdc345af9dfb871ffff9f6bc/gnocchi.bce2d572-832d-4cf1-ace5-682d838988c4%3Fformat%3Djson%26states%3Dlisting HTTP/1.0 204 - Swift - - - - tx6ad74edfac2f4dfe809c3-0069bafc64 - 0.0037 RL - 1773861988.666139364 1773861988.669868946 0
Mar 18 19:26:28 standalone container-server[124167]: 172.20.0.100 - - [18/Mar/2026:19:26:28 +0000] "GET /d1/917/AUTH_b879e59ffdc345af9dfb871ffff9f6bc/gnocchi.bce2d572-832d-4cf1-ace5-682d838988c4" 200 2 "GET http://localhost:8080/v1/AUTH_b879e59ffdc345af9dfb871ffff9f6bc/gnocchi.bce2d572-832d-4cf1-ace5-682d838988c4?format=json&states=listing" "tx6ad74edfac2f4dfe809c3-0069bafc64" "proxy-server 21" 0.0013 "-" 20 0
Mar 18 19:26:28 standalone proxy-server[126157]: 172.18.0.2 ::1 18/Mar/2026/19/26/28 GET /v1/AUTH_b879e59ffdc345af9dfb871ffff9f6bc/gnocchi.bce2d572-832d-4cf1-ace5-682d838988c4%3Fformat%3Djson%26states%3Dlisting HTTP/1.0 200 - python-swiftclient-3.11.1 gAAAAABpuvuvxDwE... - 2 - tx6ad74edfac2f4dfe809c3-0069bafc64 - 0.0098 - - 1773861988.665349960 1773861988.675107956 0
Mar 18 19:26:28 standalone object-server[124323]: 172.20.0.100 - - [18/Mar/2026:19:26:28 +0000] "GET /d1/927/AUTH_b879e59ffdc345af9dfb871ffff9f6bc/gnocchi.bce2d572-832d-4cf1-ace5-682d838988c4/1773360000.0_mean_300.0_v3" 404 70 "GET http://localhost:8080/v1/AUTH_b879e59ffdc345af9dfb871ffff9f6bc/gnocchi.bce2d572-832d-4cf1-ace5-682d838988c4/1773360000.0_mean_300.0_v3" "txabb41ce327ea43f1b668b-0069bafc64" "proxy-server 21" 0.0003 "-" 22 0
Mar 18 19:26:28 standalone proxy-server[126157]: 172.18.0.2 ::1 18/Mar/2026/19/26/28 GET /v1/AUTH_b879e59ffdc345af9dfb871ffff9f6bc/gnocchi.bce2d572-832d-4cf1-ace5-682d838988c4/1773360000.0_mean_300.0_v3 HTTP/1.0 404 - python-swiftclient-3.11.1 gAAAAABpuvuvxDwE... - 70 - txabb41ce327ea43f1b668b-0069bafc64 - 0.0055 - - 1773861988.677755594 1773861988.683259726 0
Mar 18 19:26:28 standalone container-server[124167]: 172.20.0.100 - - [18/Mar/2026:19:26:28 +0000] "PUT /d1/917/AUTH_b879e59ffdc345af9dfb871ffff9f6bc/gnocchi.bce2d572-832d-4cf1-ace5-682d838988c4/1773360000.0_mean_300.0_v3" 201 - "PUT http://localhost:8080/d1/927/AUTH_b879e59ffdc345af9dfb871ffff9f6bc/gnocchi.bce2d572-832d-4cf1-ace5-682d838988c4/1773360000.0_mean_300.0_v3" "tx7dc55e76ac66463c97c3d-0069bafc64" "object-server 25" 0.0004 "-" 20 0
Mar 18 19:26:28 standalone object-server[124328]: 172.20.0.100 - - [18/Mar/2026:19:26:28 +0000] "PUT /d1/927/AUTH_b879e59ffdc345af9dfb871ffff9f6bc/gnocchi.bce2d572-832d-4cf1-ace5-682d838988c4/1773360000.0_mean_300.0_v3" 201 - "PUT http://localhost:8080/v1/AUTH_b879e59ffdc345af9dfb871ffff9f6bc/gnocchi.bce2d572-832d-4cf1-ace5-682d838988c4/1773360000.0_mean_300.0_v3" "tx7dc55e76ac66463c97c3d-0069bafc64" "proxy-server 21" 0.0083 "-" 25 0
Mar 18 19:26:28 standalone proxy-server[126157]: 172.18.0.2 ::1 18/Mar/2026/19/26/28 PUT /v1/AUTH_b879e59ffdc345af9dfb871ffff9f6bc/gnocchi.bce2d572-832d-4cf1-ace5-682d838988c4/1773360000.0_mean_300.0_v3 HTTP/1.0 201 - python-swiftclient-3.11.1 gAAAAABpuvuvxDwE... 16 - - tx7dc55e76ac66463c97c3d-0069bafc64 - 0.0132 - - 1773861988.686071634 1773861988.699244976 0
Mar 18 19:26:28 standalone container-server[124182]: 172.20.0.100 - - [18/Mar/2026:19:26:28 +0000] "PUT /d1/917/AUTH_b879e59ffdc345af9dfb871ffff9f6bc/gnocchi.bce2d572-832d-4cf1-ace5-682d838988c4/none_v3" 201 - "PUT http://localhost:8080/d1/857/AUTH_b879e59ffdc345af9dfb871ffff9f6bc/gnocchi.bce2d572-832d-4cf1-ace5-682d838988c4/none_v3" "tx40050e7f206b4b26a159a-0069bafc64" "object-server 22" 0.0005 "-" 23 0
Mar 18 19:26:28 standalone object-server[124323]: 172.20.0.100 - - [18/Mar/2026:19:26:28 +0000] "PUT /d1/857/AUTH_b879e59ffdc345af9dfb871ffff9f6bc/gnocchi.bce2d572-832d-4cf1-ace5-682d838988c4/none_v3" 201 - "PUT http://localhost:8080/v1/AUTH_b879e59ffdc345af9dfb871ffff9f6bc/gnocchi.bce2d572-832d-4cf1-ace5-682d838988c4/none_v3" "tx40050e7f206b4b26a159a-0069bafc64" "proxy-server 21" 0.0081 "-" 22 0
Mar 18 19:26:28 standalone proxy-server[126157]: 172.18.0.2 ::1 18/Mar/2026/19/26/28 PUT /v1/AUTH_b879e59ffdc345af9dfb871ffff9f6bc/gnocchi.bce2d572-832d-4cf1-ace5-682d838988c4/none_v3 HTTP/1.0 201 - python-swiftclient-3.11.1 gAAAAABpuvuvxDwE... 22 - - tx40050e7f206b4b26a159a-0069bafc64 - 0.0116 - - 1773861988.701404572 1773861988.713031530 0
Mar 18 19:26:28 standalone container-server[124182]: 172.20.0.100 - - [18/Mar/2026:19:26:28 +0000] "HEAD /d1/535/AUTH_b879e59ffdc345af9dfb871ffff9f6bc/gnocchi.cd04230d-150f-4693-be3e-5f148c95b801" 404 - "HEAD http://localhost:8080/v1/AUTH_b879e59ffdc345af9dfb871ffff9f6bc/gnocchi.cd04230d-150f-4693-be3e-5f148c95b801?format=json&states=listing" "tx4a38d99fe5784050b7d31-0069bafc64" "proxy-server 21" 0.0003 "-" 23 0
Mar 18 19:26:28 standalone object-server[124326]: 172.20.0.100 - - [18/Mar/2026:19:26:28 +0000] "GET /d1/765/AUTH_b879e59ffdc345af9dfb871ffff9f6bc/gnocchi.cd04230d-150f-4693-be3e-5f148c95b801/none_v3" 404 70 "GET http://localhost:8080/v1/AUTH_b879e59ffdc345af9dfb871ffff9f6bc/gnocchi.cd04230d-150f-4693-be3e-5f148c95b801/none_v3" "tx4a38d99fe5784050b7d31-0069bafc64" "proxy-server 21" 0.0006 "-" 24 0
Mar 18 19:26:28 standalone proxy-server[126157]: 172.18.0.2 ::1 18/Mar/2026/19/26/28 GET /v1/AUTH_b879e59ffdc345af9dfb871ffff9f6bc/gnocchi.cd04230d-150f-4693-be3e-5f148c95b801/none_v3 HTTP/1.0 404 - python-swiftclient-3.11.1 gAAAAABpuvuvxDwE... - 70 - tx4a38d99fe5784050b7d31-0069bafc64 - 0.0069 - - 1773861988.756933212 1773861988.763830185 0
Mar 18 19:26:28 standalone account-server[124106]: 172.20.0.100 - - [18/Mar/2026:19:26:28 +0000] "PUT /d1/894/AUTH_b879e59ffdc345af9dfb871ffff9f6bc/gnocchi.cd04230d-150f-4693-be3e-5f148c95b801" 201 - "PUT http://172.20.0.100:6001/d1/535/AUTH_b879e59ffdc345af9dfb871ffff9f6bc/gnocchi.cd04230d-150f-4693-be3e-5f148c95b801" "txfe82d34159a44e1e9f45b-0069bafc64" "container-server 22" 0.0043 "-" 19 0
Mar 18 19:26:28 standalone container-server[124177]: 172.20.0.100 - - [18/Mar/2026:19:26:28 +0000] "PUT /d1/535/AUTH_b879e59ffdc345af9dfb871ffff9f6bc/gnocchi.cd04230d-150f-4693-be3e-5f148c95b801" 201 - "PUT http://localhost:8080/v1/AUTH_b879e59ffdc345af9dfb871ffff9f6bc/gnocchi.cd04230d-150f-4693-be3e-5f148c95b801" "txfe82d34159a44e1e9f45b-0069bafc64" "proxy-server 21" 0.0136 "-" 22 0
Mar 18 19:26:28 standalone proxy-server[126157]: 172.18.0.2 ::1 18/Mar/2026/19/26/28 PUT /v1/AUTH_b879e59ffdc345af9dfb871ffff9f6bc/gnocchi.cd04230d-150f-4693-be3e-5f148c95b801 HTTP/1.0 201 - python-swiftclient-3.11.1 gAAAAABpuvuvxDwE... - - - txfe82d34159a44e1e9f45b-0069bafc64 - 0.0201 - - 1773861988.766001701 1773861988.786075115 0
Mar 18 19:26:28 standalone container-server[124182]: 172.20.0.100 - - [18/Mar/2026:19:26:28 +0000] "HEAD /d1/535/AUTH_b879e59ffdc345af9dfb871ffff9f6bc/gnocchi.cd04230d-150f-4693-be3e-5f148c95b801" 204 - "HEAD http://localhost:8080/v1/AUTH_b879e59ffdc345af9dfb871ffff9f6bc/gnocchi.cd04230d-150f-4693-be3e-5f148c95b801?format=json&states=listing" "tx666681c6d4c946e397cb9-0069bafc64" "proxy-server 21" 0.0011 "-" 23 0
Mar 18 19:26:28 standalone proxy-server[126157]: - - 18/Mar/2026/19/26/28 HEAD /v1/AUTH_b879e59ffdc345af9dfb871ffff9f6bc/gnocchi.cd04230d-150f-4693-be3e-5f148c95b801%3Fformat%3Djson%26states%3Dlisting HTTP/1.0 204 - Swift - - - - tx666681c6d4c946e397cb9-0069bafc64 - 0.0035 RL - 1773861988.789986372 1773861988.793459892 0
Mar 18 19:26:28 standalone container-server[124176]: 172.20.0.100 - - [18/Mar/2026:19:26:28 +0000] "GET /d1/535/AUTH_b879e59ffdc345af9dfb871ffff9f6bc/gnocchi.cd04230d-150f-4693-be3e-5f148c95b801" 200 2 "GET http://localhost:8080/v1/AUTH_b879e59ffdc345af9dfb871ffff9f6bc/gnocchi.cd04230d-150f-4693-be3e-5f148c95b801?format=json&states=listing" "tx666681c6d4c946e397cb9-0069bafc64" "proxy-server 21" 0.0017 "-" 21 0
Mar 18 19:26:28 standalone proxy-server[126157]: 172.18.0.2 ::1 18/Mar/2026/19/26/28 GET /v1/AUTH_b879e59ffdc345af9dfb871ffff9f6bc/gnocchi.cd04230d-150f-4693-be3e-5f148c95b801%3Fformat%3Djson%26states%3Dlisting HTTP/1.0 200 - python-swiftclient-3.11.1 gAAAAABpuvuvxDwE... - 2 - tx666681c6d4c946e397cb9-0069bafc64 - 0.0133 - - 1773861988.789203405 1773861988.802468061 0
Mar 18 19:26:28 standalone object-server[124328]: 172.20.0.100 - - [18/Mar/2026:19:26:28 +0000] "GET /d1/312/AUTH_b879e59ffdc345af9dfb871ffff9f6bc/gnocchi.cd04230d-150f-4693-be3e-5f148c95b801/1773360000.0_mean_300.0_v3" 404 70 "GET http://localhost:8080/v1/AUTH_b879e59ffdc345af9dfb871ffff9f6bc/gnocchi.cd04230d-150f-4693-be3e-5f148c95b801/1773360000.0_mean_300.0_v3" "txde364898b06e4782813e8-0069bafc64" "proxy-server 21" 0.0003 "-" 25 0
Mar 18 19:26:28 standalone proxy-server[126157]: 172.18.0.2 ::1 18/Mar/2026/19/26/28 GET /v1/AUTH_b879e59ffdc345af9dfb871ffff9f6bc/gnocchi.cd04230d-150f-4693-be3e-5f148c95b801/1773360000.0_mean_300.0_v3 HTTP/1.0 404 - python-swiftclient-3.11.1 gAAAAABpuvuvxDwE... - 70 - txde364898b06e4782813e8-0069bafc64 - 0.0040 - - 1773861988.805703163 1773861988.809717178 0
Mar 18 19:26:28 standalone container-server[124167]: 172.20.0.100 - - [18/Mar/2026:19:26:28 +0000] "PUT /d1/535/AUTH_b879e59ffdc345af9dfb871ffff9f6bc/gnocchi.cd04230d-150f-4693-be3e-5f148c95b801/1773360000.0_mean_300.0_v3" 201 - "PUT http://localhost:8080/d1/312/AUTH_b879e59ffdc345af9dfb871ffff9f6bc/gnocchi.cd04230d-150f-4693-be3e-5f148c95b801/1773360000.0_mean_300.0_v3" "txb13463e0d69f43458211c-0069bafc64" "object-server 23" 0.0005 "-" 20 0
Mar 18 19:26:28 standalone object-server[124325]: 172.20.0.100 - - [18/Mar/2026:19:26:28 +0000] "PUT /d1/312/AUTH_b879e59ffdc345af9dfb871ffff9f6bc/gnocchi.cd04230d-150f-4693-be3e-5f148c95b801/1773360000.0_mean_300.0_v3" 201 - "PUT http://localhost:8080/v1/AUTH_b879e59ffdc345af9dfb871ffff9f6bc/gnocchi.cd04230d-150f-4693-be3e-5f148c95b801/1773360000.0_mean_300.0_v3" "txb13463e0d69f43458211c-0069bafc64" "proxy-server 21" 0.0074 "-" 23 0
Mar 18 19:26:28 standalone proxy-server[126157]: 172.18.0.2 ::1 18/Mar/2026/19/26/28 PUT /v1/AUTH_b879e59ffdc345af9dfb871ffff9f6bc/gnocchi.cd04230d-150f-4693-be3e-5f148c95b801/1773360000.0_mean_300.0_v3 HTTP/1.0 201 - python-swiftclient-3.11.1 gAAAAABpuvuvxDwE... 16 - - txb13463e0d69f43458211c-0069bafc64 - 0.0119 - - 1773861988.812365055 1773861988.824310064 0
Mar 18 19:26:28 standalone container-server[124182]: 172.20.0.100 - - [18/Mar/2026:19:26:28 +0000] "PUT /d1/535/AUTH_b879e59ffdc345af9dfb871ffff9f6bc/gnocchi.cd04230d-150f-4693-be3e-5f148c95b801/none_v3" 201 - "PUT http://localhost:8080/d1/765/AUTH_b879e59ffdc345af9dfb871ffff9f6bc/gnocchi.cd04230d-150f-4693-be3e-5f148c95b801/none_v3" "txe3e878607e9d4bcca1b67-0069bafc64" "object-server 24" 0.0005 "-" 23 0
Mar 18 19:26:28 standalone object-server[124326]: 172.20.0.100 - - [18/Mar/2026:19:26:28 +0000] "PUT /d1/765/AUTH_b879e59ffdc345af9dfb871ffff9f6bc/gnocchi.cd04230d-150f-4693-be3e-5f148c95b801/none_v3" 201 - "PUT http://localhost:8080/v1/AUTH_b879e59ffdc345af9dfb871ffff9f6bc/gnocchi.cd04230d-150f-4693-be3e-5f148c95b801/none_v3" "txe3e878607e9d4bcca1b67-0069bafc64" "proxy-server 21" 0.0091 "-" 24 0
Mar 18 19:26:28 standalone proxy-server[126157]: 172.18.0.2 ::1 18/Mar/2026/19/26/28 PUT /v1/AUTH_b879e59ffdc345af9dfb871ffff9f6bc/gnocchi.cd04230d-150f-4693-be3e-5f148c95b801/none_v3 HTTP/1.0 201 - python-swiftclient-3.11.1 gAAAAABpuvuvxDwE... 22 - - txe3e878607e9d4bcca1b67-0069bafc64 - 0.0140 - - 1773861988.827067137 1773861988.841030121 0
Mar 18 19:26:28 standalone container-server[124182]: 172.20.0.100 - - [18/Mar/2026:19:26:28 +0000] "HEAD /d1/646/AUTH_b879e59ffdc345af9dfb871ffff9f6bc/gnocchi.eb68f15d-3634-43ef-848d-1eef8b5a4d2f" 404 - "HEAD http://localhost:8080/v1/AUTH_b879e59ffdc345af9dfb871ffff9f6bc/gnocchi.eb68f15d-3634-43ef-848d-1eef8b5a4d2f?format=json&states=listing" "txf3f82b0343a4440bb1acb-0069bafc64" "proxy-server 21" 0.0003 "-" 23 0
Mar 18 19:26:28 standalone object-server[124326]: 172.20.0.100 - - [18/Mar/2026:19:26:28 +0000] "GET /d1/527/AUTH_b879e59ffdc345af9dfb871ffff9f6bc/gnocchi.eb68f15d-3634-43ef-848d-1eef8b5a4d2f/none_v3" 404 70 "GET http://localhost:8080/v1/AUTH_b879e59ffdc345af9dfb871ffff9f6bc/gnocchi.eb68f15d-3634-43ef-848d-1eef8b5a4d2f/none_v3" "txf3f82b0343a4440bb1acb-0069bafc64" "proxy-server 21" 0.0003 "-" 24 0
Mar 18 19:26:28 standalone proxy-server[126157]: 172.18.0.2 ::1 18/Mar/2026/19/26/28 GET /v1/AUTH_b879e59ffdc345af9dfb871ffff9f6bc/gnocchi.eb68f15d-3634-43ef-848d-1eef8b5a4d2f/none_v3 HTTP/1.0 404 - python-swiftclient-3.11.1 gAAAAABpuvuvxDwE... - 70 - txf3f82b0343a4440bb1acb-0069bafc64 - 0.0087 - - 1773861988.882490158 1773861988.891145468 0
Mar 18 19:26:28 standalone account-server[124124]: 172.20.0.100 - - [18/Mar/2026:19:26:28 +0000] "PUT /d1/894/AUTH_b879e59ffdc345af9dfb871ffff9f6bc/gnocchi.eb68f15d-3634-43ef-848d-1eef8b5a4d2f" 201 - "PUT http://172.20.0.100:6001/d1/646/AUTH_b879e59ffdc345af9dfb871ffff9f6bc/gnocchi.eb68f15d-3634-43ef-848d-1eef8b5a4d2f" "tx5b3e702a84294b3899cce-0069bafc64" "container-server 22" 0.0040 "-" 22 0
Mar 18 19:26:28 standalone container-server[124177]: 172.20.0.100 - - [18/Mar/2026:19:26:28 +0000] "PUT /d1/646/AUTH_b879e59ffdc345af9dfb871ffff9f6bc/gnocchi.eb68f15d-3634-43ef-848d-1eef8b5a4d2f" 201 - "PUT http://localhost:8080/v1/AUTH_b879e59ffdc345af9dfb871ffff9f6bc/gnocchi.eb68f15d-3634-43ef-848d-1eef8b5a4d2f" "tx5b3e702a84294b3899cce-0069bafc64" "proxy-server 21" 0.0129 "-" 22 0
Mar 18 19:26:28 standalone proxy-server[126157]: 172.18.0.2 ::1 18/Mar/2026/19/26/28 PUT /v1/AUTH_b879e59ffdc345af9dfb871ffff9f6bc/gnocchi.eb68f15d-3634-43ef-848d-1eef8b5a4d2f HTTP/1.0 201 - python-swiftclient-3.11.1 gAAAAABpuvuvxDwE... - - - tx5b3e702a84294b3899cce-0069bafc64 - 0.0164 - - 1773861988.893572807 1773861988.909928560 0
