Mar 18 19:11:30 standalone account-server[123710]: Starting 2
Mar 18 19:11:31 standalone account-server[123893]: Started child 19 from parent 2
Mar 18 19:11:31 standalone account-server[123893]: Started child 20 from parent 2
Mar 18 19:11:31 standalone account-server[123893]: Started child 21 from parent 2
Mar 18 19:11:31 standalone account-server[123893]: Started child 22 from parent 2
Mar 18 19:11:31 standalone container-server[123890]: Option allow_versions is deprecated. Configure the versioned_writes middleware in the proxy-server instead. This option will be ignored in a future release.
Mar 18 19:11:31 standalone container-server[124167]: Option allow_versions is deprecated. Configure the versioned_writes middleware in the proxy-server instead. This option will be ignored in a future release.
Mar 18 19:11:31 standalone container-server[123890]: Started child 20 from parent 2
Mar 18 19:11:31 standalone container-server[124176]: Option allow_versions is deprecated. Configure the versioned_writes middleware in the proxy-server instead. This option will be ignored in a future release.
Mar 18 19:11:31 standalone container-server[123890]: Started child 21 from parent 2
Mar 18 19:11:31 standalone container-server[124177]: Option allow_versions is deprecated. Configure the versioned_writes middleware in the proxy-server instead. This option will be ignored in a future release.
Mar 18 19:11:31 standalone container-server[123890]: Started child 22 from parent 2
Mar 18 19:11:31 standalone container-server[124037]: Starting 2
Mar 18 19:11:31 standalone container-server[124182]: Option allow_versions is deprecated. Configure the versioned_writes middleware in the proxy-server instead. This option will be ignored in a future release.
Mar 18 19:11:31 standalone container-server[123890]: Started child 23 from parent 2
Mar 18 19:11:31 standalone object-expirer[124080]: Starting 2
Mar 18 19:11:31 standalone object-expirer[124080]: Option auto_create_account_prefix is deprecated. Configure auto_create_account_prefix under the swift-constraints section of swift.conf. This option will be ignored in a future release.
Mar 18 19:11:32 standalone object-server[124228]: Started child 22 from parent 2
Mar 18 19:11:32 standalone object-server[124228]: Started child 23 from parent 2
Mar 18 19:11:32 standalone object-server[124228]: Started child 24 from parent 2
Mar 18 19:11:32 standalone object-server[124228]: Started child 25 from parent 2
Mar 18 19:11:32 standalone object-server[124267]: Starting 2
Mar 18 19:11:37 standalone container-server[124037]: Begin container update sweep
Mar 18 19:11:37 standalone container-server[124037]: Container update sweep completed: 0.00s
Mar 18 19:11:38 standalone proxy-server[125968]: Starting Keystone auth_token middleware
Mar 18 19:11:38 standalone proxy-server[125968]: AuthToken middleware is set with keystone_authtoken.service_token_roles_required set to False. This is backwards compatible but deprecated behaviour. Please set this to True.
Mar 18 19:11:38 standalone proxy-server[126157]: Starting Keystone auth_token middleware
Mar 18 19:11:38 standalone proxy-server[126157]: STDERR: The option "bind_port" is not known to keystonemiddleware
Mar 18 19:11:38 standalone proxy-server[126157]: STDERR: The option "workers" is not known to keystonemiddleware
Mar 18 19:11:38 standalone proxy-server[126157]: STDERR: The option "user" is not known to keystonemiddleware
Mar 18 19:11:38 standalone proxy-server[126157]: STDERR: The option "bind_ip" is not known to keystonemiddleware
Mar 18 19:11:38 standalone proxy-server[126157]: STDERR: The option "log_name" is not known to keystonemiddleware
Mar 18 19:11:38 standalone proxy-server[126157]: STDERR: The option "log_facility" is not known to keystonemiddleware
Mar 18 19:11:38 standalone proxy-server[126157]: STDERR: The option "log_level" is not known to keystonemiddleware
Mar 18 19:11:38 standalone proxy-server[126157]: STDERR: The option "log_headers" is not known to keystonemiddleware
Mar 18 19:11:38 standalone proxy-server[126157]: STDERR: The option "log_address" is not known to keystonemiddleware
Mar 18 19:11:38 standalone proxy-server[126157]: STDERR: The option "project_name" is not known to keystonemiddleware
Mar 18 19:11:38 standalone proxy-server[126157]: STDERR: The option "username" is not known to keystonemiddleware
Mar 18 19:11:38 standalone proxy-server[126157]: STDERR: The option "password" is not known to keystonemiddleware
Mar 18 19:11:38 standalone proxy-server[126157]: STDERR: The option "auth_url" is not known to keystonemiddleware
Mar 18 19:11:38 standalone proxy-server[126157]: STDERR: The option "signing_dir" is not known to keystonemiddleware
Mar 18 19:11:38 standalone proxy-server[126157]: STDERR: The option "project_domain_id" is not known to keystonemiddleware
Mar 18 19:11:38 standalone proxy-server[126157]: STDERR: The option "user_domain_id" is not known to keystonemiddleware
Mar 18 19:11:38 standalone proxy-server[126157]: STDERR: The option "__name__" is not known to keystonemiddleware
Mar 18 19:11:38 standalone proxy-server[126157]: AuthToken middleware is set with keystone_authtoken.service_token_roles_required set to False. This is backwards compatible but deprecated behaviour. Please set this to True.
Mar 18 19:11:38 standalone proxy-server[125968]: Started child 21 from parent 2
Mar 18 19:11:52 standalone account-server[124111]: 172.20.0.100 - - [18/Mar/2026:19:11:52 +0000] "HEAD /d1/105/.expiring_objects" 404 - "HEAD http://localhost/v1/.expiring_objects?format=json" "txb707bd9684184704a9966-0069baf8f8" "proxy-server 2" 0.0021 "-" 20 -
Mar 18 19:11:52 standalone object-expirer[124080]: Pass completed in 0s; 0 objects expired (txn: txb707bd9684184704a9966-0069baf8f8)
Mar 18 19:12:36 standalone object-server[124267]: Begin object update sweep
Mar 18 19:12:36 standalone object-server[132258]: Object update sweep starting on /srv/node/d1 (pid: 11)
Mar 18 19:12:36 standalone object-server[132258]: Object update sweep completed on /srv/node/d1 in 0.00s seconds:, 0 successes, 0 failures, 0 quarantines, 0 unlinks, 0 errors, 0 redirects (pid: 11)
Mar 18 19:12:36 standalone object-server[132258]: Object update sweep of d1 completed: 0.00s, 0 successes, 0 failures, 0 quarantines, 0 unlinks, 0 errors, 0 redirects
Mar 18 19:12:36 standalone object-server[124267]: Object update sweep completed: 0.08s
Mar 18 19:15:55 standalone account-server[124124]: 172.20.0.100 - - [18/Mar/2026:19:15:55 +0000] "HEAD /d1/105/.expiring_objects" 404 - "HEAD http://localhost/v1/.expiring_objects?format=json" "tx16ed51115e2d445d98062-0069baf9eb" "proxy-server 2" 0.0018 "-" 22 -
Mar 18 19:15:55 standalone object-expirer[124080]: Pass completed in 0s; 0 objects expired (txn: tx16ed51115e2d445d98062-0069baf9eb)
Mar 18 19:16:38 standalone container-server[124037]: Begin container update sweep
Mar 18 19:16:38 standalone container-server[124037]: Container update sweep completed: 0.00s
Mar 18 19:17:36 standalone object-server[124267]: Begin object update sweep
Mar 18 19:17:36 standalone object-server[167201]: Object update sweep starting on /srv/node/d1 (pid: 13)
Mar 18 19:17:36 standalone object-server[167201]: Object update sweep completed on /srv/node/d1 in 0.00s seconds:, 0 successes, 0 failures, 0 quarantines, 0 unlinks, 0 errors, 0 redirects (pid: 13)
Mar 18 19:17:36 standalone object-server[167201]: Object update sweep of d1 completed: 0.00s, 0 successes, 0 failures, 0 quarantines, 0 unlinks, 0 errors, 0 redirects
Mar 18 19:17:36 standalone object-server[124267]: Object update sweep completed: 0.07s
Mar 18 19:18:07 standalone account-server[124106]: 172.20.0.100 - - [18/Mar/2026:19:18:07 +0000] "HEAD /d1/105/.expiring_objects" 404 - "HEAD http://localhost/v1/.expiring_objects?format=json" "tx8a9b6bf1b775423ea8244-0069bafa6f" "proxy-server 2" 0.0029 "-" 19 -
Mar 18 19:18:07 standalone object-expirer[124080]: Pass completed in 0s; 0 objects expired (txn: tx8a9b6bf1b775423ea8244-0069bafa6f)
Mar 18 19:18:12 standalone account-server[124118]: 172.20.0.100 - - [18/Mar/2026:19:18:12 +0000] "HEAD /d1/894/AUTH_b879e59ffdc345af9dfb871ffff9f6bc" 404 - "HEAD http://localhost:8080/v1/AUTH_b879e59ffdc345af9dfb871ffff9f6bc?format=json" "tx20db48379c7648c2a51c9-0069bafa74" "proxy-server 21" 0.0011 "-" 21 -
Mar 18 19:18:12 standalone proxy-server[126157]: - - 18/Mar/2026/19/18/12 HEAD /v1/AUTH_b879e59ffdc345af9dfb871ffff9f6bc%3Fformat%3Djson HTTP/1.0 200 - Swift - - - - tx20db48379c7648c2a51c9-0069bafa74 - 0.0063 RL - 1773861492.268942356 1773861492.275253534 -
Mar 18 19:18:12 standalone proxy-server[126157]: 172.18.0.2 ::1 18/Mar/2026/19/18/12 HEAD /v1/AUTH_b879e59ffdc345af9dfb871ffff9f6bc/glance%3Fformat%3Djson HTTP/1.0 404 - python-swiftclient-3.11.1 gAAAAABpuvp0yGNJ... - - - tx20db48379c7648c2a51c9-0069bafa74 - 0.4809 - - 1773861492.262724638 1773861492.743615150 -
Mar 18 19:18:12 standalone account-server[124118]: 172.20.0.100 - - [18/Mar/2026:19:18:12 +0000] "PUT /d1/894/AUTH_b879e59ffdc345af9dfb871ffff9f6bc" 201 - "-" "txb14d3d52c7be4e5bb0fc1-0069bafa74" "-" 0.0184 "-" 21 -
Mar 18 19:18:12 standalone proxy-server[126157]: autocreate account '/AUTH_b879e59ffdc345af9dfb871ffff9f6bc' (txn: txb14d3d52c7be4e5bb0fc1-0069bafa74)
Mar 18 19:18:12 standalone account-server[124124]: 172.20.0.100 - - [18/Mar/2026:19:18:12 +0000] "HEAD /d1/894/AUTH_b879e59ffdc345af9dfb871ffff9f6bc" 204 - "HEAD http://localhost:8080/v1/AUTH_b879e59ffdc345af9dfb871ffff9f6bc?format=json" "txb14d3d52c7be4e5bb0fc1-0069bafa74" "proxy-server 21" 0.0028 "-" 22 -
Mar 18 19:18:12 standalone account-server[124118]: 172.20.0.100 - - [18/Mar/2026:19:18:12 +0000] "PUT /d1/894/AUTH_b879e59ffdc345af9dfb871ffff9f6bc/glance" 201 - "PUT http://172.20.0.100:6001/d1/629/AUTH_b879e59ffdc345af9dfb871ffff9f6bc/glance" "txb14d3d52c7be4e5bb0fc1-0069bafa74" "container-server 23" 0.0021 "-" 21 0
Mar 18 19:18:12 standalone container-server[124182]: 172.20.0.100 - - [18/Mar/2026:19:18:12 +0000] "PUT /d1/629/AUTH_b879e59ffdc345af9dfb871ffff9f6bc/glance" 201 - "PUT http://localhost:8080/v1/AUTH_b879e59ffdc345af9dfb871ffff9f6bc/glance" "txb14d3d52c7be4e5bb0fc1-0069bafa74" "proxy-server 21" 0.0143 "-" 23 0
Mar 18 19:18:12 standalone proxy-server[126157]: 172.18.0.2 ::1 18/Mar/2026/19/18/12 PUT /v1/AUTH_b879e59ffdc345af9dfb871ffff9f6bc/glance HTTP/1.0 201 - python-swiftclient-3.11.1 gAAAAABpuvp0yGNJ... - - - txb14d3d52c7be4e5bb0fc1-0069bafa74 - 0.0561 - - 1773861492.750570536 1773861492.806712151 0
Mar 18 19:18:12 standalone container-server[124176]: 172.20.0.100 - - [18/Mar/2026:19:18:12 +0000] "HEAD /d1/629/AUTH_b879e59ffdc345af9dfb871ffff9f6bc/glance" 204 - "HEAD http://localhost:8080/v1/AUTH_b879e59ffdc345af9dfb871ffff9f6bc/glance?format=json&states=listing" "tx626ba5bbb96a43e49cb27-0069bafa74" "proxy-server 21" 0.0032 "-" 21 0
Mar 18 19:18:12 standalone proxy-server[126157]: - - 18/Mar/2026/19/18/12 HEAD /v1/AUTH_b879e59ffdc345af9dfb871ffff9f6bc/glance%3Fformat%3Djson%26states%3Dlisting HTTP/1.0 204 - Swift - - - - tx626ba5bbb96a43e49cb27-0069bafa74 - 0.0119 RL - 1773861492.825759888 1773861492.837706566 0
Mar 18 19:18:30 standalone container-server[124177]: 172.20.0.100 - - [18/Mar/2026:19:18:30 +0000] "PUT /d1/629/AUTH_b879e59ffdc345af9dfb871ffff9f6bc/glance/00320576-36d4-4346-bf36-4887817f4673" 201 - "PUT http://localhost:8080/d1/832/AUTH_b879e59ffdc345af9dfb871ffff9f6bc/glance/00320576-36d4-4346-bf36-4887817f4673" "tx626ba5bbb96a43e49cb27-0069bafa74" "object-server 23" 0.0022 "-" 22 0
Mar 18 19:18:30 standalone object-server[124325]: 172.20.0.100 - - [18/Mar/2026:19:18:30 +0000] "PUT /d1/832/AUTH_b879e59ffdc345af9dfb871ffff9f6bc/glance/00320576-36d4-4346-bf36-4887817f4673" 201 - "PUT http://localhost:8080/v1/AUTH_b879e59ffdc345af9dfb871ffff9f6bc/glance/00320576-36d4-4346-bf36-4887817f4673" "tx626ba5bbb96a43e49cb27-0069bafa74" "proxy-server 21" 17.3675 "-" 23 0
Mar 18 19:18:30 standalone proxy-server[126157]: 172.18.0.2 ::1 18/Mar/2026/19/18/30 PUT /v1/AUTH_b879e59ffdc345af9dfb871ffff9f6bc/glance/00320576-36d4-4346-bf36-4887817f4673 HTTP/1.0 201 - python-swiftclient-3.11.1 gAAAAABpuvp0yGNJ... 1481900032 - - tx626ba5bbb96a43e49cb27-0069bafa74 - 17.4047 - - 1773861492.818364859 1773861510.223112106 0
Mar 18 19:21:38 standalone container-server[124037]: Begin container update sweep
Mar 18 19:21:38 standalone account-server[124118]: 172.20.0.100 - - [18/Mar/2026:19:21:38 +0000] "PUT /d1/894/AUTH_b879e59ffdc345af9dfb871ffff9f6bc/glance" 201 - "-" "-" "container-updater 2" 0.0012 "-" 21 0
Mar 18 19:21:38 standalone container-server[124037]: Container update sweep completed: 0.11s
Mar 18 19:21:58 standalone account-server[124106]: 172.20.0.100 - - [18/Mar/2026:19:21:58 +0000] "HEAD /d1/105/.expiring_objects" 404 - "HEAD http://localhost/v1/.expiring_objects?format=json" "tx06fd9d5a7b85400c9d30f-0069bafb56" "proxy-server 2" 0.0008 "-" 19 -
Mar 18 19:21:58 standalone object-expirer[124080]: Pass completed in 0s; 0 objects expired (txn: tx06fd9d5a7b85400c9d30f-0069bafb56)
Mar 18 19:22:08 standalone account-server[124106]: 172.20.0.100 - - [18/Mar/2026:19:22:08 +0000] "HEAD /d1/105/.expiring_objects" 404 - "HEAD http://localhost/v1/.expiring_objects?format=json" "txcb5a8418b1f14af4b9b95-0069bafb60" "proxy-server 2" 0.0007 "-" 19 -
Mar 18 19:22:08 standalone object-expirer[124080]: Pass completed in 0s; 0 objects expired (txn: txcb5a8418b1f14af4b9b95-0069bafb60)
Mar 18 19:22:36 standalone object-server[124267]: Begin object update sweep
Mar 18 19:22:36 standalone object-server[204530]: Object update sweep starting on /srv/node/d1 (pid: 14)
Mar 18 19:22:36 standalone object-server[204530]: Object update sweep completed on /srv/node/d1 in 0.00s seconds:, 0 successes, 0 failures, 0 quarantines, 0 unlinks, 0 errors, 0 redirects (pid: 14)
Mar 18 19:22:36 standalone object-server[204530]: Object update sweep of d1 completed: 0.00s, 0 successes, 0 failures, 0 quarantines, 0 unlinks, 0 errors, 0 redirects
Mar 18 19:22:36 standalone object-server[124267]: Object update sweep completed: 0.10s
Mar 18 19:23:24 standalone account-server[124124]: 172.20.0.100 - - [18/Mar/2026:19:23:24 +0000] "HEAD /d1/894/AUTH_b879e59ffdc345af9dfb871ffff9f6bc" 204 - "HEAD http://localhost:8080/v1/AUTH_b879e59ffdc345af9dfb871ffff9f6bc?format=json" "tx3efc1ade7de3479780847-0069bafbac" "proxy-server 21" 0.0072 "-" 22 -
Mar 18 19:23:24 standalone proxy-server[126157]: - - 18/Mar/2026/19/23/24 HEAD /v1/AUTH_b879e59ffdc345af9dfb871ffff9f6bc%3Fformat%3Djson HTTP/1.0 204 - Swift - - - - tx3efc1ade7de3479780847-0069bafbac - 0.0113 RL - 1773861804.430981398 1773861804.442300558 -
Mar 18 19:23:24 standalone container-server[124176]: 172.20.0.100 - - [18/Mar/2026:19:23:24 +0000] "HEAD /d1/629/AUTH_b879e59ffdc345af9dfb871ffff9f6bc/glance" 204 - "HEAD http://localhost:8080/v1/AUTH_b879e59ffdc345af9dfb871ffff9f6bc/glance?format=json&states=listing" "tx3efc1ade7de3479780847-0069bafbac" "proxy-server 21" 0.0019 "-" 21 0
Mar 18 19:23:24 standalone proxy-server[126157]: 172.18.0.2 ::1 18/Mar/2026/19/23/24 HEAD /v1/AUTH_b879e59ffdc345af9dfb871ffff9f6bc/glance%3Fformat%3Djson%26states%3Dlisting HTTP/1.0 204 - python-swiftclient-3.11.1 gAAAAABpuvusdfXV... - - - tx3efc1ade7de3479780847-0069bafbac - 0.0826 - - 1773861804.430100679 1773861804.512682676 0
Mar 18 19:23:27 standalone container-server[124167]: 172.20.0.100 - - [18/Mar/2026:19:23:27 +0000] "PUT /d1/629/AUTH_b879e59ffdc345af9dfb871ffff9f6bc/glance/3723ef85-69e6-4ace-a8e3-d960d5e87fcc-00001" 201 - "PUT http://localhost:8080/d1/945/AUTH_b879e59ffdc345af9dfb871ffff9f6bc/glance/3723ef85-69e6-4ace-a8e3-d960d5e87fcc-00001" "tx58013bed017144289bf8c-0069bafbac" "object-server 24" 0.0013 "-" 20 0
Mar 18 19:23:27 standalone object-server[124326]: 172.20.0.100 - - [18/Mar/2026:19:23:27 +0000] "PUT /d1/945/AUTH_b879e59ffdc345af9dfb871ffff9f6bc/glance/3723ef85-69e6-4ace-a8e3-d960d5e87fcc-00001" 201 - "PUT http://localhost:8080/v1/AUTH_b879e59ffdc345af9dfb871ffff9f6bc/glance/3723ef85-69e6-4ace-a8e3-d960d5e87fcc-00001" "tx58013bed017144289bf8c-0069bafbac" "proxy-server 21" 2.6932 "-" 24 0
Mar 18 19:23:27 standalone proxy-server[126157]: 172.18.0.2 ::1 18/Mar/2026/19/23/27 PUT /v1/AUTH_b879e59ffdc345af9dfb871ffff9f6bc/glance/3723ef85-69e6-4ace-a8e3-d960d5e87fcc-00001 HTTP/1.0 201 - python-swiftclient-3.11.1 gAAAAABpuvusdfXV... 21692416 - - tx58013bed017144289bf8c-0069bafbac - 2.7031 - - 1773861804.529087067 1773861807.232197285 0
Mar 18 19:23:27 standalone container-server[124177]: 172.20.0.100 - - [18/Mar/2026:19:23:27 +0000] "PUT /d1/629/AUTH_b879e59ffdc345af9dfb871ffff9f6bc/glance/3723ef85-69e6-4ace-a8e3-d960d5e87fcc" 201 - "PUT http://localhost:8080/d1/544/AUTH_b879e59ffdc345af9dfb871ffff9f6bc/glance/3723ef85-69e6-4ace-a8e3-d960d5e87fcc" "txf58c23c4e3a34ac8a8781-0069bafbaf" "object-server 23" 0.0016 "-" 22 0
Mar 18 19:23:27 standalone object-server[124325]: 172.20.0.100 - - [18/Mar/2026:19:23:27 +0000] "PUT /d1/544/AUTH_b879e59ffdc345af9dfb871ffff9f6bc/glance/3723ef85-69e6-4ace-a8e3-d960d5e87fcc" 201 - "PUT http://localhost:8080/v1/AUTH_b879e59ffdc345af9dfb871ffff9f6bc/glance/3723ef85-69e6-4ace-a8e3-d960d5e87fcc" "txf58c23c4e3a34ac8a8781-0069bafbaf" "proxy-server 21" 0.0103 "-" 23 0
Mar 18 19:23:27 standalone proxy-server[126157]: 172.18.0.2 ::1 18/Mar/2026/19/23/27 PUT /v1/AUTH_b879e59ffdc345af9dfb871ffff9f6bc/glance/3723ef85-69e6-4ace-a8e3-d960d5e87fcc HTTP/1.0 201 - python-swiftclient-3.11.1 gAAAAABpuvusdfXV... - - - txf58c23c4e3a34ac8a8781-0069bafbaf - 0.0181 - - 1773861807.238455772 1773861807.256515265 0
Mar 18 19:23:27 standalone container-server[124167]: 172.20.0.100 - - [18/Mar/2026:19:23:27 +0000] "HEAD /d1/445/AUTH_b879e59ffdc345af9dfb871ffff9f6bc/gnocchi.107c680e-cc9c-4c33-b0bc-183b1300a1e9" 404 - "HEAD http://localhost:8080/v1/AUTH_b879e59ffdc345af9dfb871ffff9f6bc/gnocchi.107c680e-cc9c-4c33-b0bc-183b1300a1e9?format=json&states=listing" "tx99c10b07b00542b6bd4db-0069bafbaf" "proxy-server 21" 0.0012 "-" 20 0
Mar 18 19:23:28 standalone object-server[124323]: 172.20.0.100 - - [18/Mar/2026:19:23:28 +0000] "GET /d1/349/AUTH_b879e59ffdc345af9dfb871ffff9f6bc/gnocchi.107c680e-cc9c-4c33-b0bc-183b1300a1e9/none_v3" 404 70 "GET http://localhost:8080/v1/AUTH_b879e59ffdc345af9dfb871ffff9f6bc/gnocchi.107c680e-cc9c-4c33-b0bc-183b1300a1e9/none_v3" "tx99c10b07b00542b6bd4db-0069bafbaf" "proxy-server 21" 0.0012 "-" 22 0
Mar 18 19:23:28 standalone proxy-server[126157]: 172.18.0.2 ::1 18/Mar/2026/19/23/28 GET /v1/AUTH_b879e59ffdc345af9dfb871ffff9f6bc/gnocchi.107c680e-cc9c-4c33-b0bc-183b1300a1e9/none_v3 HTTP/1.0 404 - python-swiftclient-3.11.1 gAAAAABpuvuvxDwE... - 70 - tx99c10b07b00542b6bd4db-0069bafbaf - 0.0411 - - 1773861807.963427544 1773861808.004513025 0
Mar 18 19:23:28 standalone account-server[124111]: 172.20.0.100 - - [18/Mar/2026:19:23:28 +0000] "PUT /d1/894/AUTH_b879e59ffdc345af9dfb871ffff9f6bc/gnocchi.107c680e-cc9c-4c33-b0bc-183b1300a1e9" 201 - "PUT http://172.20.0.100:6001/d1/445/AUTH_b879e59ffdc345af9dfb871ffff9f6bc/gnocchi.107c680e-cc9c-4c33-b0bc-183b1300a1e9" "tx8ef6531cd1804505a5f8e-0069bafbb0" "container-server 22" 0.0023 "-" 20 0
Mar 18 19:23:28 standalone container-server[124177]: 172.20.0.100 - - [18/Mar/2026:19:23:28 +0000] "PUT /d1/445/AUTH_b879e59ffdc345af9dfb871ffff9f6bc/gnocchi.107c680e-cc9c-4c33-b0bc-183b1300a1e9" 201 - "PUT http://localhost:8080/v1/AUTH_b879e59ffdc345af9dfb871ffff9f6bc/gnocchi.107c680e-cc9c-4c33-b0bc-183b1300a1e9" "tx8ef6531cd1804505a5f8e-0069bafbb0" "proxy-server 21" 0.0195 "-" 22 0
Mar 18 19:23:28 standalone proxy-server[126157]: 172.18.0.2 ::1 18/Mar/2026/19/23/28 PUT /v1/AUTH_b879e59ffdc345af9dfb871ffff9f6bc/gnocchi.107c680e-cc9c-4c33-b0bc-183b1300a1e9 HTTP/1.0 201 - python-swiftclient-3.11.1 gAAAAABpuvuvxDwE... - - - tx8ef6531cd1804505a5f8e-0069bafbb0 - 0.0251 - - 1773861808.009313583 1773861808.034392595 0
Mar 18 19:23:28 standalone container-server[124182]: 172.20.0.100 - - [18/Mar/2026:19:23:28 +0000] "HEAD /d1/445/AUTH_b879e59ffdc345af9dfb871ffff9f6bc/gnocchi.107c680e-cc9c-4c33-b0bc-183b1300a1e9" 204 - "HEAD http://localhost:8080/v1/AUTH_b879e59ffdc345af9dfb871ffff9f6bc/gnocchi.107c680e-cc9c-4c33-b0bc-183b1300a1e9?format=json&states=listing" "tx06317835633441afb36e3-0069bafbb0" "proxy-server 21" 0.0029 "-" 23 0
Mar 18 19:23:28 standalone proxy-server[126157]: - - 18/Mar/2026/19/23/28 HEAD /v1/AUTH_b879e59ffdc345af9dfb871ffff9f6bc/gnocchi.107c680e-cc9c-4c33-b0bc-183b1300a1e9%3Fformat%3Djson%26states%3Dlisting HTTP/1.0 204 - Swift - - - - tx06317835633441afb36e3-0069bafbb0 - 0.0070 RL - 1773861808.046286106 1773861808.053237915 0
Mar 18 19:23:28 standalone container-server[124177]: 172.20.0.100 - - [18/Mar/2026:19:23:28 +0000] "GET /d1/445/AUTH_b879e59ffdc345af9dfb871ffff9f6bc/gnocchi.107c680e-cc9c-4c33-b0bc-183b1300a1e9" 200 2 "GET http://localhost:8080/v1/AUTH_b879e59ffdc345af9dfb871ffff9f6bc/gnocchi.107c680e-cc9c-4c33-b0bc-183b1300a1e9?format=json&states=listing" "tx06317835633441afb36e3-0069bafbb0" "proxy-server 21" 0.0044 "-" 22 0
Mar 18 19:23:28 standalone proxy-server[126157]: 172.18.0.2 ::1 18/Mar/2026/19/23/28 GET /v1/AUTH_b879e59ffdc345af9dfb871ffff9f6bc/gnocchi.107c680e-cc9c-4c33-b0bc-183b1300a1e9%3Fformat%3Djson%26states%3Dlisting HTTP/1.0 200 - python-swiftclient-3.11.1 gAAAAABpuvuvxDwE... - 2 - tx06317835633441afb36e3-0069bafbb0 - 0.0193 - - 1773861808.045003891 1773861808.064286232 0
Mar 18 19:23:28 standalone object-server[124328]: 172.20.0.100 - - [18/Mar/2026:19:23:28 +0000] "GET /d1/431/AUTH_b879e59ffdc345af9dfb871ffff9f6bc/gnocchi.107c680e-cc9c-4c33-b0bc-183b1300a1e9/1773360000.0_mean_300.0_v3" 404 70 "GET http://localhost:8080/v1/AUTH_b879e59ffdc345af9dfb871ffff9f6bc/gnocchi.107c680e-cc9c-4c33-b0bc-183b1300a1e9/1773360000.0_mean_300.0_v3" "tx35087c9a75df4b60ad7a4-0069bafbb0" "proxy-server 21" 0.0011 "-" 25 0
Mar 18 19:23:28 standalone proxy-server[126157]: 172.18.0.2 ::1 18/Mar/2026/19/23/28 GET /v1/AUTH_b879e59ffdc345af9dfb871ffff9f6bc/gnocchi.107c680e-cc9c-4c33-b0bc-183b1300a1e9/1773360000.0_mean_300.0_v3 HTTP/1.0 404 - python-swiftclient-3.11.1 gAAAAABpuvuvxDwE... - 70 - tx35087c9a75df4b60ad7a4-0069bafbb0 - 0.0062 - - 1773861808.069841146 1773861808.076043844 0
Mar 18 19:23:28 standalone container-server[124176]: 172.20.0.100 - - [18/Mar/2026:19:23:28 +0000] "PUT /d1/445/AUTH_b879e59ffdc345af9dfb871ffff9f6bc/gnocchi.107c680e-cc9c-4c33-b0bc-183b1300a1e9/1773360000.0_mean_300.0_v3" 201 - "PUT http://localhost:8080/d1/431/AUTH_b879e59ffdc345af9dfb871ffff9f6bc/gnocchi.107c680e-cc9c-4c33-b0bc-183b1300a1e9/1773360000.0_mean_300.0_v3" "txf01edd21141e4459b0b0d-0069bafbb0" "object-server 23" 0.0011 "-" 21 0
Mar 18 19:23:28 standalone object-server[124325]: 172.20.0.100 - - [18/Mar/2026:19:23:28 +0000] "PUT /d1/431/AUTH_b879e59ffdc345af9dfb871ffff9f6bc/gnocchi.107c680e-cc9c-4c33-b0bc-183b1300a1e9/1773360000.0_mean_300.0_v3" 201 - "PUT http://localhost:8080/v1/AUTH_b879e59ffdc345af9dfb871ffff9f6bc/gnocchi.107c680e-cc9c-4c33-b0bc-183b1300a1e9/1773360000.0_mean_300.0_v3" "txf01edd21141e4459b0b0d-0069bafbb0" "proxy-server 21" 0.0132 "-" 23 0
Mar 18 19:23:28 standalone proxy-server[126157]: 172.18.0.2 ::1 18/Mar/2026/19/23/28 PUT /v1/AUTH_b879e59ffdc345af9dfb871ffff9f6bc/gnocchi.107c680e-cc9c-4c33-b0bc-183b1300a1e9/1773360000.0_mean_300.0_v3 HTTP/1.0 201 - python-swiftclient-3.11.1 gAAAAABpuvuvxDwE... 16 - - txf01edd21141e4459b0b0d-0069bafbb0 - 0.0185 - - 1773861808.080349684 1773861808.098859310 0
Mar 18 19:23:28 standalone container-server[124182]: 172.20.0.100 - - [18/Mar/2026:19:23:28 +0000] "PUT /d1/445/AUTH_b879e59ffdc345af9dfb871ffff9f6bc/gnocchi.107c680e-cc9c-4c33-b0bc-183b1300a1e9/none_v3" 201 - "PUT http://localhost:8080/d1/349/AUTH_b879e59ffdc345af9dfb871ffff9f6bc/gnocchi.107c680e-cc9c-4c33-b0bc-183b1300a1e9/none_v3" "tx12e0564c2a134061bb525-0069bafbb0" "object-server 24" 0.0008 "-" 23 0
Mar 18 19:23:28 standalone object-server[124326]: 172.20.0.100 - - [18/Mar/2026:19:23:28 +0000] "PUT /d1/349/AUTH_b879e59ffdc345af9dfb871ffff9f6bc/gnocchi.107c680e-cc9c-4c33-b0bc-183b1300a1e9/none_v3" 201 - "PUT http://localhost:8080/v1/AUTH_b879e59ffdc345af9dfb871ffff9f6bc/gnocchi.107c680e-cc9c-4c33-b0bc-183b1300a1e9/none_v3" "tx12e0564c2a134061bb525-0069bafbb0" "proxy-server 21" 0.0191 "-" 24 0
Mar 18 19:23:28 standalone proxy-server[126157]: 172.18.0.2 ::1 18/Mar/2026/19/23/28 PUT /v1/AUTH_b879e59ffdc345af9dfb871ffff9f6bc/gnocchi.107c680e-cc9c-4c33-b0bc-183b1300a1e9/none_v3 HTTP/1.0 201 - python-swiftclient-3.11.1 gAAAAABpuvuvxDwE... 22 - - tx12e0564c2a134061bb525-0069bafbb0 - 0.0249 - - 1773861808.102671385 1773861808.127591610 0
Mar 18 19:23:32 standalone account-server[124106]: 172.20.0.100 - - [18/Mar/2026:19:23:32 +0000] "HEAD /d1/105/.expiring_objects" 404 - "HEAD http://localhost/v1/.expiring_objects?format=json" "txbf021e4ba13a41d59c89c-0069bafbb4" "proxy-server 2" 0.0005 "-" 19 -
Mar 18 19:23:32 standalone object-expirer[124080]: Pass completed in 0s; 0 objects expired (txn: txbf021e4ba13a41d59c89c-0069bafbb4)
Mar 18 19:23:57 standalone object-server[124328]: 172.20.0.100 - - [18/Mar/2026:19:23:57 +0000] "GET /d1/349/AUTH_b879e59ffdc345af9dfb871ffff9f6bc/gnocchi.107c680e-cc9c-4c33-b0bc-183b1300a1e9/none_v3" 200 22 "GET http://localhost:8080/v1/AUTH_b879e59ffdc345af9dfb871ffff9f6bc/gnocchi.107c680e-cc9c-4c33-b0bc-183b1300a1e9/none_v3" "tx07ce07f260164cf199750-0069bafbcd" "proxy-server 21" 0.0010 "-" 25 0
Mar 18 19:23:57 standalone proxy-server[126157]: 172.18.0.2 ::1 18/Mar/2026/19/23/57 GET /v1/AUTH_b879e59ffdc345af9dfb871ffff9f6bc/gnocchi.107c680e-cc9c-4c33-b0bc-183b1300a1e9/none_v3 HTTP/1.0 200 - python-swiftclient-3.11.1 gAAAAABpuvuvxDwE... - 22 - tx07ce07f260164cf199750-0069bafbcd - 0.0138 - - 1773861837.896198511 1773861837.909975290 0
Mar 18 19:23:57 standalone container-server[124176]: 172.20.0.100 - - [18/Mar/2026:19:23:57 +0000] "GET /d1/445/AUTH_b879e59ffdc345af9dfb871ffff9f6bc/gnocchi.107c680e-cc9c-4c33-b0bc-183b1300a1e9" 200 357 "GET http://localhost:8080/v1/AUTH_b879e59ffdc345af9dfb871ffff9f6bc/gnocchi.107c680e-cc9c-4c33-b0bc-183b1300a1e9?format=json&states=listing" "tx7b21faf26e744917bba3a-0069bafbcd" "proxy-server 21" 0.0295 "-" 21 0
Mar 18 19:23:57 standalone proxy-server[126157]: 172.18.0.2 ::1 18/Mar/2026/19/23/57 GET /v1/AUTH_b879e59ffdc345af9dfb871ffff9f6bc/gnocchi.107c680e-cc9c-4c33-b0bc-183b1300a1e9%3Fformat%3Djson%26states%3Dlisting HTTP/1.0 200 - python-swiftclient-3.11.1 gAAAAABpuvuvxDwE... - 357 - tx7b21faf26e744917bba3a-0069bafbcd - 0.0378 - - 1773861837.919015646 1773861837.956854343 0
Mar 18 19:23:57 standalone container-server[124176]: 172.20.0.100 - - [18/Mar/2026:19:23:57 +0000] "GET /d1/445/AUTH_b879e59ffdc345af9dfb871ffff9f6bc/gnocchi.107c680e-cc9c-4c33-b0bc-183b1300a1e9" 200 2 "GET http://localhost:8080/v1/AUTH_b879e59ffdc345af9dfb871ffff9f6bc/gnocchi.107c680e-cc9c-4c33-b0bc-183b1300a1e9?format=json&marker=none_v3&states=listing" "txdabd02a3bce04789b8f78-0069bafbcd" "proxy-server 21" 0.0039 "-" 21 0
Mar 18 19:23:57 standalone proxy-server[126157]: 172.18.0.2 ::1 18/Mar/2026/19/23/57 GET /v1/AUTH_b879e59ffdc345af9dfb871ffff9f6bc/gnocchi.107c680e-cc9c-4c33-b0bc-183b1300a1e9%3Fformat%3Djson%26marker%3Dnone_v3%26states%3Dlisting HTTP/1.0 200 - python-swiftclient-3.11.1 gAAAAABpuvuvxDwE... - 2 - txdabd02a3bce04789b8f78-0069bafbcd - 0.0146 - - 1773861837.961138487 1773861837.975783110 0
Mar 18 19:23:57 standalone object-server[124323]: 172.20.0.100 - - [18/Mar/2026:19:23:57 +0000] "GET /d1/431/AUTH_b879e59ffdc345af9dfb871ffff9f6bc/gnocchi.107c680e-cc9c-4c33-b0bc-183b1300a1e9/1773360000.0_mean_300.0_v3" 200 16 "GET http://localhost:8080/v1/AUTH_b879e59ffdc345af9dfb871ffff9f6bc/gnocchi.107c680e-cc9c-4c33-b0bc-183b1300a1e9/1773360000.0_mean_300.0_v3" "txea8eee527e644e699929b-0069bafbcd" "proxy-server 21" 0.0013 "-" 22 0
Mar 18 19:23:57 standalone proxy-server[126157]: 172.18.0.2 ::1 18/Mar/2026/19/23/57 GET /v1/AUTH_b879e59ffdc345af9dfb871ffff9f6bc/gnocchi.107c680e-cc9c-4c33-b0bc-183b1300a1e9/1773360000.0_mean_300.0_v3 HTTP/1.0 200 - python-swiftclient-3.11.1 gAAAAABpuvuvxDwE... - 16 - txea8eee527e644e699929b-0069bafbcd - 0.0132 - - 1773861837.980143785 1773861837.993315220 0
Mar 18 19:23:58 standalone container-server[124182]: 172.20.0.100 - - [18/Mar/2026:19:23:58 +0000] "PUT /d1/445/AUTH_b879e59ffdc345af9dfb871ffff9f6bc/gnocchi.107c680e-cc9c-4c33-b0bc-183b1300a1e9/1773360000.0_mean_300.0_v3" 201 - "PUT http://localhost:8080/d1/431/AUTH_b879e59ffdc345af9dfb871ffff9f6bc/gnocchi.107c680e-cc9c-4c33-b0bc-183b1300a1e9/1773360000.0_mean_300.0_v3" "txad5a9f8253a5447ab779b-0069bafbcd" "object-server 22" 0.0008 "-" 23 0
Mar 18 19:23:58 standalone object-server[124323]: 172.20.0.100 - - [18/Mar/2026:19:23:58 +0000] "PUT /d1/431/AUTH_b879e59ffdc345af9dfb871ffff9f6bc/gnocchi.107c680e-cc9c-4c33-b0bc-183b1300a1e9/1773360000.0_mean_300.0_v3" 201 - "PUT http://localhost:8080/v1/AUTH_b879e59ffdc345af9dfb871ffff9f6bc/gnocchi.107c680e-cc9c-4c33-b0bc-183b1300a1e9/1773360000.0_mean_300.0_v3" "txad5a9f8253a5447ab779b-0069bafbcd" "proxy-server 21" 0.0254 "-" 22 0
Mar 18 19:23:58 standalone proxy-server[126157]: 172.18.0.2 ::1 18/Mar/2026/19/23/58 PUT /v1/AUTH_b879e59ffdc345af9dfb871ffff9f6bc/gnocchi.107c680e-cc9c-4c33-b0bc-183b1300a1e9/1773360000.0_mean_300.0_v3 HTTP/1.0 201 - python-swiftclient-3.11.1 gAAAAABpuvuvxDwE... 16 - - txad5a9f8253a5447ab779b-0069bafbcd - 0.0312 - - 1773861837.999294758 1773861838.030484676 0
Mar 18 19:23:58 standalone container-server[124167]: 172.20.0.100 - - [18/Mar/2026:19:23:58 +0000] "PUT /d1/445/AUTH_b879e59ffdc345af9dfb871ffff9f6bc/gnocchi.107c680e-cc9c-4c33-b0bc-183b1300a1e9/none_v3" 201 - "PUT http://localhost:8080/d1/349/AUTH_b879e59ffdc345af9dfb871ffff9f6bc/gnocchi.107c680e-cc9c-4c33-b0bc-183b1300a1e9/none_v3" "tx70da71af75284ed7b210f-0069bafbce" "object-server 22" 0.0005 "-" 20 0
Mar 18 19:23:58 standalone object-server[124323]: 172.20.0.100 - - [18/Mar/2026:19:23:58 +0000] "PUT /d1/349/AUTH_b879e59ffdc345af9dfb871ffff9f6bc/gnocchi.107c680e-cc9c-4c33-b0bc-183b1300a1e9/none_v3" 201 - "PUT http://localhost:8080/v1/AUTH_b879e59ffdc345af9dfb871ffff9f6bc/gnocchi.107c680e-cc9c-4c33-b0bc-183b1300a1e9/none_v3" "tx70da71af75284ed7b210f-0069bafbce" "proxy-server 21" 0.0140 "-" 22 0
Mar 18 19:23:58 standalone proxy-server[126157]: 172.18.0.2 ::1 18/Mar/2026/19/23/58 PUT /v1/AUTH_b879e59ffdc345af9dfb871ffff9f6bc/gnocchi.107c680e-cc9c-4c33-b0bc-183b1300a1e9/none_v3 HTTP/1.0 201 - python-swiftclient-3.11.1 gAAAAABpuvuvxDwE... 32 - - tx70da71af75284ed7b210f-0069bafbce - 0.0204 - - 1773861838.034945250 1773861838.055311918 0
Mar 18 19:24:30 standalone account-server[124124]: 172.20.0.100 - - [18/Mar/2026:19:24:30 +0000] "HEAD /d1/894/AUTH_b879e59ffdc345af9dfb871ffff9f6bc" 204 - "HEAD http://localhost:8080/v1/AUTH_b879e59ffdc345af9dfb871ffff9f6bc?format=json" "tx5a0057b81e5a4fbdaba6e-0069bafbee" "proxy-server 21" 0.0080 "-" 22 -
Mar 18 19:24:30 standalone proxy-server[126157]: - - 18/Mar/2026/19/24/30 HEAD /v1/AUTH_b879e59ffdc345af9dfb871ffff9f6bc%3Fformat%3Djson HTTP/1.0 204 - Swift - - - - tx5a0057b81e5a4fbdaba6e-0069bafbee - 0.0146 RL - 1773861870.716278076 1773861870.730849266 -
Mar 18 19:24:30 standalone container-server[124182]: 172.20.0.100 - - [18/Mar/2026:19:24:30 +0000] "HEAD /d1/629/AUTH_b879e59ffdc345af9dfb871ffff9f6bc/glance" 204 - "HEAD http://localhost:8080/v1/AUTH_b879e59ffdc345af9dfb871ffff9f6bc/glance?format=json&states=listing" "tx5a0057b81e5a4fbdaba6e-0069bafbee" "proxy-server 21" 0.0170 "-" 23 0
Mar 18 19:24:30 standalone object-server[124328]: 172.20.0.100 - - [18/Mar/2026:19:24:30 +0000] "GET /d1/544/AUTH_b879e59ffdc345af9dfb871ffff9f6bc/glance/3723ef85-69e6-4ace-a8e3-d960d5e87fcc" 200 - "GET http://localhost:8080/v1/AUTH_b879e59ffdc345af9dfb871ffff9f6bc/glance/3723ef85-69e6-4ace-a8e3-d960d5e87fcc" "tx5a0057b81e5a4fbdaba6e-0069bafbee" "proxy-server 21" 0.0022 "-" 25 0
Mar 18 19:24:30 standalone container-server[124182]: 172.20.0.100 - - [18/Mar/2026:19:24:30 +0000] "GET /d1/629/AUTH_b879e59ffdc345af9dfb871ffff9f6bc/glance" 200 210 "GET http://localhost:8080/v1/AUTH_b879e59ffdc345af9dfb871ffff9f6bc/glance?prefix=3723ef85-69e6-4ace-a8e3-d960d5e87fcc-&format=json&states=listing" "tx5a0057b81e5a4fbdaba6e-0069bafbee" "proxy-server 21" 0.0039 "-" 23 0
Mar 18 19:24:30 standalone proxy-server[126157]: - - 18/Mar/2026/19/24/30 GET /v1/AUTH_b879e59ffdc345af9dfb871ffff9f6bc/glance%3Fprefix%3D3723ef85-69e6-4ace-a8e3-d960d5e87fcc-%26format%3Djson%26states%3Dlisting HTTP/1.0 200 - python-swiftclient-3.11.1%20DLO%20MultipartGET gAAAAABpuvvuNU_r... - 210 - tx5a0057b81e5a4fbdaba6e-0069bafbee - 0.0106 DLO - 1773861870.871329069 1773861870.881904125 0
Mar 18 19:24:30 standalone object-server[124328]: 172.20.0.100 - - [18/Mar/2026:19:24:30 +0000] "GET /d1/945/AUTH_b879e59ffdc345af9dfb871ffff9f6bc/glance/3723ef85-69e6-4ace-a8e3-d960d5e87fcc-00001" 200 21692416 "GET http://localhost:8080/v1/AUTH_b879e59ffdc345af9dfb871ffff9f6bc/glance/3723ef85-69e6-4ace-a8e3-d960d5e87fcc-00001?multipart-manifest=get" "tx5a0057b81e5a4fbdaba6e-0069bafbee" "proxy-server 21" 0.0006 "-" 25 0
Mar 18 19:24:31 standalone proxy-server[126157]: - - 18/Mar/2026/19/24/31 GET /v1/AUTH_b879e59ffdc345af9dfb871ffff9f6bc/glance/3723ef85-69e6-4ace-a8e3-d960d5e87fcc-00001%3Fmultipart-manifest%3Dget HTTP/1.0 200 - python-swiftclient-3.11.1%20%20DLO%20MultipartGET gAAAAABpuvvuNU_r... - 21692416 - tx5a0057b81e5a4fbdaba6e-0069bafbee - 0.1616 DLO - 1773861870.882959843 1773861871.044527054 0
Mar 18 19:24:31 standalone proxy-server[126157]: 172.18.0.2 ::1 18/Mar/2026/19/24/31 GET /v1/AUTH_b879e59ffdc345af9dfb871ffff9f6bc/glance/3723ef85-69e6-4ace-a8e3-d960d5e87fcc HTTP/1.0 200 - python-swiftclient-3.11.1 gAAAAABpuvvuNU_r... - 21692416 - tx5a0057b81e5a4fbdaba6e-0069bafbee - 0.3303 - - 1773861870.714946270 1773861871.045202017 0
Mar 18 19:24:31 standalone container-server[124182]: 172.20.0.100 - - [18/Mar/2026:19:24:31 +0000] "HEAD /d1/461/AUTH_b879e59ffdc345af9dfb871ffff9f6bc/gnocchi.9f5893f8-f3bb-4ad6-bfb1-3d9ca4c33b79" 404 - "HEAD http://localhost:8080/v1/AUTH_b879e59ffdc345af9dfb871ffff9f6bc/gnocchi.9f5893f8-f3bb-4ad6-bfb1-3d9ca4c33b79?format=json&states=listing" "tx88e07d7bb9f9433a9a40f-0069bafbef" "proxy-server 21" 0.0006 "-" 23 0
Mar 18 19:24:31 standalone object-server[124325]: 172.20.0.100 - - [18/Mar/2026:19:24:31 +0000] "GET /d1/703/AUTH_b879e59ffdc345af9dfb871ffff9f6bc/gnocchi.9f5893f8-f3bb-4ad6-bfb1-3d9ca4c33b79/none_v3" 404 70 "GET http://localhost:8080/v1/AUTH_b879e59ffdc345af9dfb871ffff9f6bc/gnocchi.9f5893f8-f3bb-4ad6-bfb1-3d9ca4c33b79/none_v3" "tx88e07d7bb9f9433a9a40f-0069bafbef" "proxy-server 21" 0.0009 "-" 23 0
Mar 18 19:24:31 standalone proxy-server[126157]: 172.18.0.2 ::1 18/Mar/2026/19/24/31 GET /v1/AUTH_b879e59ffdc345af9dfb871ffff9f6bc/gnocchi.9f5893f8-f3bb-4ad6-bfb1-3d9ca4c33b79/none_v3 HTTP/1.0 404 - python-swiftclient-3.11.1 gAAAAABpuvuvxDwE... - 70 - tx88e07d7bb9f9433a9a40f-0069bafbef - 0.0122 - - 1773861871.919583082 1773861871.931771040 0
Mar 18 19:24:31 standalone account-server[124106]: 172.20.0.100 - - [18/Mar/2026:19:24:31 +0000] "PUT /d1/894/AUTH_b879e59ffdc345af9dfb871ffff9f6bc/gnocchi.9f5893f8-f3bb-4ad6-bfb1-3d9ca4c33b79" 201 - "PUT http://172.20.0.100:6001/d1/461/AUTH_b879e59ffdc345af9dfb871ffff9f6bc/gnocchi.9f5893f8-f3bb-4ad6-bfb1-3d9ca4c33b79" "tx31ef9e530c124b47ab2c9-0069bafbef" "container-server 22" 0.0032 "-" 19 0
Mar 18 19:24:31 standalone container-server[124177]: 172.20.0.100 - - [18/Mar/2026:19:24:31 +0000] "PUT /d1/461/AUTH_b879e59ffdc345af9dfb871ffff9f6bc/gnocchi.9f5893f8-f3bb-4ad6-bfb1-3d9ca4c33b79" 201 - "PUT http://localhost:8080/v1/AUTH_b879e59ffdc345af9dfb871ffff9f6bc/gnocchi.9f5893f8-f3bb-4ad6-bfb1-3d9ca4c33b79" "tx31ef9e530c124b47ab2c9-0069bafbef" "proxy-server 21" 0.0177 "-" 22 0
Mar 18 19:24:31 standalone proxy-server[126157]: 172.18.0.2 ::1 18/Mar/2026/19/24/31 PUT /v1/AUTH_b879e59ffdc345af9dfb871ffff9f6bc/gnocchi.9f5893f8-f3bb-4ad6-bfb1-3d9ca4c33b79 HTTP/1.0 201 - python-swiftclient-3.11.1 gAAAAABpuvuvxDwE... - - - tx31ef9e530c124b47ab2c9-0069bafbef - 0.0227 - - 1773861871.935941696 1773861871.958684206 0
Mar 18 19:24:31 standalone container-server[124176]: 172.20.0.100 - - [18/Mar/2026:19:24:31 +0000] "HEAD /d1/461/AUTH_b879e59ffdc345af9dfb871ffff9f6bc/gnocchi.9f5893f8-f3bb-4ad6-bfb1-3d9ca4c33b79" 204 - "HEAD http://localhost:8080/v1/AUTH_b879e59ffdc345af9dfb871ffff9f6bc/gnocchi.9f5893f8-f3bb-4ad6-bfb1-3d9ca4c33b79?format=json&states=listing" "tx500ad1a067094d37a870d-0069bafbef" "proxy-server 21" 0.0013 "-" 21 0
Mar 18 19:24:31 standalone proxy-server[126157]: - - 18/Mar/2026/19/24/31 HEAD /v1/AUTH_b879e59ffdc345af9dfb871ffff9f6bc/gnocchi.9f5893f8-f3bb-4ad6-bfb1-3d9ca4c33b79%3Fformat%3Djson%26states%3Dlisting HTTP/1.0 204 - Swift - - - - tx500ad1a067094d37a870d-0069bafbef - 0.0058 RL - 1773861871.965579510 1773861871.971427679 0
Mar 18 19:24:31 standalone container-server[124176]: 172.20.0.100 - - [18/Mar/2026:19:24:31 +0000] "GET /d1/461/AUTH_b879e59ffdc345af9dfb871ffff9f6bc/gnocchi.9f5893f8-f3bb-4ad6-bfb1-3d9ca4c33b79" 200 2 "GET http://localhost:8080/v1/AUTH_b879e59ffdc345af9dfb871ffff9f6bc/gnocchi.9f5893f8-f3bb-4ad6-bfb1-3d9ca4c33b79?format=json&states=listing" "tx500ad1a067094d37a870d-0069bafbef" "proxy-server 21" 0.0015 "-" 21 0
Mar 18 19:24:31 standalone proxy-server[126157]: 172.18.0.2 ::1 18/Mar/2026/19/24/31 GET /v1/AUTH_b879e59ffdc345af9dfb871ffff9f6bc/gnocchi.9f5893f8-f3bb-4ad6-bfb1-3d9ca4c33b79%3Fformat%3Djson%26states%3Dlisting HTTP/1.0 200 - python-swiftclient-3.11.1 gAAAAABpuvuvxDwE... - 2 - tx500ad1a067094d37a870d-0069bafbef - 0.0167 - - 1773861871.964024782 1773861871.980679989 0
Mar 18 19:24:31 standalone object-server[124325]: 172.20.0.100 - - [18/Mar/2026:19:24:31 +0000] "GET /d1/653/AUTH_b879e59ffdc345af9dfb871ffff9f6bc/gnocchi.9f5893f8-f3bb-4ad6-bfb1-3d9ca4c33b79/1773360000.0_mean_300.0_v3" 404 70 "GET http://localhost:8080/v1/AUTH_b879e59ffdc345af9dfb871ffff9f6bc/gnocchi.9f5893f8-f3bb-4ad6-bfb1-3d9ca4c33b79/1773360000.0_mean_300.0_v3" "tx29b5dd63ef2d415a9120a-0069bafbef" "proxy-server 21" 0.0004 "-" 23 0
Mar 18 19:24:31 standalone proxy-server[126157]: 172.18.0.2 ::1 18/Mar/2026/19/24/31 GET /v1/AUTH_b879e59ffdc345af9dfb871ffff9f6bc/gnocchi.9f5893f8-f3bb-4ad6-bfb1-3d9ca4c33b79/1773360000.0_mean_300.0_v3 HTTP/1.0 404 - python-swiftclient-3.11.1 gAAAAABpuvuvxDwE... - 70 - tx29b5dd63ef2d415a9120a-0069bafbef - 0.0078 - - 1773861871.986771822 1773861871.994551182 0
Mar 18 19:24:32 standalone container-server[124182]: 172.20.0.100 - - [18/Mar/2026:19:24:32 +0000] "PUT /d1/461/AUTH_b879e59ffdc345af9dfb871ffff9f6bc/gnocchi.9f5893f8-f3bb-4ad6-bfb1-3d9ca4c33b79/1773360000.0_mean_300.0_v3" 201 - "PUT http://localhost:8080/d1/653/AUTH_b879e59ffdc345af9dfb871ffff9f6bc/gnocchi.9f5893f8-f3bb-4ad6-bfb1-3d9ca4c33b79/1773360000.0_mean_300.0_v3" "txab08abcd8c8f4b159720d-0069bafbef" "object-server 23" 0.0006 "-" 23 0
Mar 18 19:24:32 standalone object-server[124325]: 172.20.0.100 - - [18/Mar/2026:19:24:32 +0000] "PUT /d1/653/AUTH_b879e59ffdc345af9dfb871ffff9f6bc/gnocchi.9f5893f8-f3bb-4ad6-bfb1-3d9ca4c33b79/1773360000.0_mean_300.0_v3" 201 - "PUT http://localhost:8080/v1/AUTH_b879e59ffdc345af9dfb871ffff9f6bc/gnocchi.9f5893f8-f3bb-4ad6-bfb1-3d9ca4c33b79/1773360000.0_mean_300.0_v3" "txab08abcd8c8f4b159720d-0069bafbef" "proxy-server 21" 0.0122 "-" 23 0
Mar 18 19:24:32 standalone proxy-server[126157]: 172.18.0.2 ::1 18/Mar/2026/19/24/32 PUT /v1/AUTH_b879e59ffdc345af9dfb871ffff9f6bc/gnocchi.9f5893f8-f3bb-4ad6-bfb1-3d9ca4c33b79/1773360000.0_mean_300.0_v3 HTTP/1.0 201 - python-swiftclient-3.11.1 gAAAAABpuvuvxDwE... 16 - - txab08abcd8c8f4b159720d-0069bafbef - 0.0202 - - 1773861871.999782085 1773861872.019979954 0
Mar 18 19:24:32 standalone container-server[124176]: 172.20.0.100 - - [18/Mar/2026:19:24:32 +0000] "PUT /d1/461/AUTH_b879e59ffdc345af9dfb871ffff9f6bc/gnocchi.9f5893f8-f3bb-4ad6-bfb1-3d9ca4c33b79/none_v3" 201 - "PUT http://localhost:8080/d1/703/AUTH_b879e59ffdc345af9dfb871ffff9f6bc/gnocchi.9f5893f8-f3bb-4ad6-bfb1-3d9ca4c33b79/none_v3" "tx2187d60d1a4249f1af039-0069bafbf0" "object-server 23" 0.0005 "-" 21 0
Mar 18 19:24:32 standalone object-server[124325]: 172.20.0.100 - - [18/Mar/2026:19:24:32 +0000] "PUT /d1/703/AUTH_b879e59ffdc345af9dfb871ffff9f6bc/gnocchi.9f5893f8-f3bb-4ad6-bfb1-3d9ca4c33b79/none_v3" 201 - "PUT http://localhost:8080/v1/AUTH_b879e59ffdc345af9dfb871ffff9f6bc/gnocchi.9f5893f8-f3bb-4ad6-bfb1-3d9ca4c33b79/none_v3" "tx2187d60d1a4249f1af039-0069bafbf0" "proxy-server 21" 0.0109 "-" 23 0
Mar 18 19:24:32 standalone proxy-server[126157]: 172.18.0.2 ::1 18/Mar/2026/19/24/32 PUT /v1/AUTH_b879e59ffdc345af9dfb871ffff9f6bc/gnocchi.9f5893f8-f3bb-4ad6-bfb1-3d9ca4c33b79/none_v3 HTTP/1.0 201 - python-swiftclient-3.11.1 gAAAAABpuvuvxDwE... 22 - - tx2187d60d1a4249f1af039-0069bafbf0 - 0.0184 - - 1773861872.024803638 1773861872.043231726 0
Mar 18 19:24:32 standalone container-server[124182]: 172.20.0.100 - - [18/Mar/2026:19:24:32 +0000] "HEAD /d1/629/AUTH_b879e59ffdc345af9dfb871ffff9f6bc/gnocchi.522e725a-6238-40c9-b742-85ab505d6629" 404 - "HEAD http://localhost:8080/v1/AUTH_b879e59ffdc345af9dfb871ffff9f6bc/gnocchi.522e725a-6238-40c9-b742-85ab505d6629?format=json&states=listing" "txf7021ab203a741ba9b929-0069bafbf0" "proxy-server 21" 0.0005 "-" 23 0
Mar 18 19:24:32 standalone object-server[124328]: 172.20.0.100 - - [18/Mar/2026:19:24:32 +0000] "GET /d1/397/AUTH_b879e59ffdc345af9dfb871ffff9f6bc/gnocchi.522e725a-6238-40c9-b742-85ab505d6629/none_v3" 404 70 "GET http://localhost:8080/v1/AUTH_b879e59ffdc345af9dfb871ffff9f6bc/gnocchi.522e725a-6238-40c9-b742-85ab505d6629/none_v3" "txf7021ab203a741ba9b929-0069bafbf0" "proxy-server 21" 0.0004 "-" 25 0
Mar 18 19:24:32 standalone proxy-server[126157]: 172.18.0.2 ::1 18/Mar/2026/19/24/32 GET /v1/AUTH_b879e59ffdc345af9dfb871ffff9f6bc/gnocchi.522e725a-6238-40c9-b742-85ab505d6629/none_v3 HTTP/1.0 404 - python-swiftclient-3.11.1 gAAAAABpuvuvxDwE... - 70 - txf7021ab203a741ba9b929-0069bafbf0 - 0.0123 - - 1773861872.058146238 1773861872.070429325 0
Mar 18 19:24:32 standalone account-server[124106]: 172.20.0.100 - - [18/Mar/2026:19:24:32 +0000] "PUT /d1/894/AUTH_b879e59ffdc345af9dfb871ffff9f6bc/gnocchi.522e725a-6238-40c9-b742-85ab505d6629" 201 - "PUT http://172.20.0.100:6001/d1/629/AUTH_b879e59ffdc345af9dfb871ffff9f6bc/gnocchi.522e725a-6238-40c9-b742-85ab505d6629" "txd858b2cf3a364ddfb603d-0069bafbf0" "container-server 22" 0.0066 "-" 19 0
Mar 18 19:24:32 standalone container-server[124177]: 172.20.0.100 - - [18/Mar/2026:19:24:32 +0000] "PUT /d1/629/AUTH_b879e59ffdc345af9dfb871ffff9f6bc/gnocchi.522e725a-6238-40c9-b742-85ab505d6629" 201 - "PUT http://localhost:8080/v1/AUTH_b879e59ffdc345af9dfb871ffff9f6bc/gnocchi.522e725a-6238-40c9-b742-85ab505d6629" "txd858b2cf3a364ddfb603d-0069bafbf0" "proxy-server 21" 0.0168 "-" 22 0
Mar 18 19:24:32 standalone proxy-server[126157]: 172.18.0.2 ::1 18/Mar/2026/19/24/32 PUT /v1/AUTH_b879e59ffdc345af9dfb871ffff9f6bc/gnocchi.522e725a-6238-40c9-b742-85ab505d6629 HTTP/1.0 201 - python-swiftclient-3.11.1 gAAAAABpuvuvxDwE... - - - txd858b2cf3a364ddfb603d-0069bafbf0 - 0.0235 - - 1773861872.075098991 1773861872.098628759 0
Mar 18 19:24:32 standalone container-server[124167]: 172.20.0.100 - - [18/Mar/2026:19:24:32 +0000] "HEAD /d1/629/AUTH_b879e59ffdc345af9dfb871ffff9f6bc/gnocchi.522e725a-6238-40c9-b742-85ab505d6629" 204 - "HEAD http://localhost:8080/v1/AUTH_b879e59ffdc345af9dfb871ffff9f6bc/gnocchi.522e725a-6238-40c9-b742-85ab505d6629?format=json&states=listing" "tx44a8d5d992ac466e99e85-0069bafbf0" "proxy-server 21" 0.0020 "-" 20 0
Mar 18 19:24:32 standalone proxy-server[126157]: - - 18/Mar/2026/19/24/32 HEAD /v1/AUTH_b879e59ffdc345af9dfb871ffff9f6bc/gnocchi.522e725a-6238-40c9-b742-85ab505d6629%3Fformat%3Djson%26states%3Dlisting HTTP/1.0 204 - Swift - - - - tx44a8d5d992ac466e99e85-0069bafbf0 - 0.0062 RL - 1773861872.110639095 1773861872.116805077 0
Mar 18 19:24:32 standalone container-server[124176]: 172.20.0.100 - - [18/Mar/2026:19:24:32 +0000] "GET /d1/629/AUTH_b879e59ffdc345af9dfb871ffff9f6bc/gnocchi.522e725a-6238-40c9-b742-85ab505d6629" 200 2 "GET http://localhost:8080/v1/AUTH_b879e59ffdc345af9dfb871ffff9f6bc/gnocchi.522e725a-6238-40c9-b742-85ab505d6629?format=json&states=listing" "tx44a8d5d992ac466e99e85-0069bafbf0" "proxy-server 21" 0.0037 "-" 21 0
Mar 18 19:24:32 standalone proxy-server[126157]: 172.18.0.2 ::1 18/Mar/2026/19/24/32 GET /v1/AUTH_b879e59ffdc345af9dfb871ffff9f6bc/gnocchi.522e725a-6238-40c9-b742-85ab505d6629%3Fformat%3Djson%26states%3Dlisting HTTP/1.0 200 - python-swiftclient-3.11.1 gAAAAABpuvuvxDwE... - 2 - tx44a8d5d992ac466e99e85-0069bafbf0 - 0.0207 - - 1773861872.109138966 1773861872.129852772 0
Mar 18 19:24:32 standalone object-server[124325]: 172.20.0.100 - - [18/Mar/2026:19:24:32 +0000] "GET /d1/275/AUTH_b879e59ffdc345af9dfb871ffff9f6bc/gnocchi.522e725a-6238-40c9-b742-85ab505d6629/1773360000.0_mean_300.0_v3" 404 70 "GET http://localhost:8080/v1/AUTH_b879e59ffdc345af9dfb871ffff9f6bc/gnocchi.522e725a-6238-40c9-b742-85ab505d6629/1773360000.0_mean_300.0_v3" "txc441b7b5e45b4c62ad9ba-0069bafbf0" "proxy-server 21" 0.0004 "-" 23 0
Mar 18 19:24:32 standalone proxy-server[126157]: 172.18.0.2 ::1 18/Mar/2026/19/24/32 GET /v1/AUTH_b879e59ffdc345af9dfb871ffff9f6bc/gnocchi.522e725a-6238-40c9-b742-85ab505d6629/1773360000.0_mean_300.0_v3 HTTP/1.0 404 - python-swiftclient-3.11.1 gAAAAABpuvuvxDwE... - 70 - txc441b7b5e45b4c62ad9ba-0069bafbf0 - 0.0080 - - 1773861872.137999058 1773861872.145989895 0
Mar 18 19:24:32 standalone container-server[124182]: 172.20.0.100 - - [18/Mar/2026:19:24:32 +0000] "PUT /d1/629/AUTH_b879e59ffdc345af9dfb871ffff9f6bc/gnocchi.522e725a-6238-40c9-b742-85ab505d6629/1773360000.0_mean_300.0_v3" 201 - "PUT http://localhost:8080/d1/275/AUTH_b879e59ffdc345af9dfb871ffff9f6bc/gnocchi.522e725a-6238-40c9-b742-85ab505d6629/1773360000.0_mean_300.0_v3" "tx98ca4b0c9dc448359ac5e-0069bafbf0" "object-server 24" 0.0010 "-" 23 0
Mar 18 19:24:32 standalone object-server[124326]: 172.20.0.100 - - [18/Mar/2026:19:24:32 +0000] "PUT /d1/275/AUTH_b879e59ffdc345af9dfb871ffff9f6bc/gnocchi.522e725a-6238-40c9-b742-85ab505d6629/1773360000.0_mean_300.0_v3" 201 - "PUT http://localhost:8080/v1/AUTH_b879e59ffdc345af9dfb871ffff9f6bc/gnocchi.522e725a-6238-40c9-b742-85ab505d6629/1773360000.0_mean_300.0_v3" "tx98ca4b0c9dc448359ac5e-0069bafbf0" "proxy-server 21" 0.0149 "-" 24 0
Mar 18 19:24:32 standalone proxy-server[126157]: 172.18.0.2 ::1 18/Mar/2026/19/24/32 PUT /v1/AUTH_b879e59ffdc345af9dfb871ffff9f6bc/gnocchi.522e725a-6238-40c9-b742-85ab505d6629/1773360000.0_mean_300.0_v3 HTTP/1.0 201 - python-swiftclient-3.11.1 gAAAAABpuvuvxDwE... 16 - - tx98ca4b0c9dc448359ac5e-0069bafbf0 - 0.0242 - - 1773861872.151599169 1773861872.175754309 0
Mar 18 19:24:32 standalone container-server[124176]: 172.20.0.100 - - [18/Mar/2026:19:24:32 +0000] "PUT /d1/629/AUTH_b879e59ffdc345af9dfb871ffff9f6bc/gnocchi.522e725a-6238-40c9-b742-85ab505d6629/none_v3" 201 - "PUT http://localhost:8080/d1/397/AUTH_b879e59ffdc345af9dfb871ffff9f6bc/gnocchi.522e725a-6238-40c9-b742-85ab505d6629/none_v3" "txd1f0622a53884fa481d9f-0069bafbf0" "object-server 22" 0.0008 "-" 21 0
Mar 18 19:24:32 standalone object-server[124323]: 172.20.0.100 - - [18/Mar/2026:19:24:32 +0000] "PUT /d1/397/AUTH_b879e59ffdc345af9dfb871ffff9f6bc/gnocchi.522e725a-6238-40c9-b742-85ab505d6629/none_v3" 201 - "PUT http://localhost:8080/v1/AUTH_b879e59ffdc345af9dfb871ffff9f6bc/gnocchi.522e725a-6238-40c9-b742-85ab505d6629/none_v3" "txd1f0622a53884fa481d9f-0069bafbf0" "proxy-server 21" 0.0144 "-" 22 0
Mar 18 19:24:32 standalone proxy-server[126157]: 172.18.0.2 ::1 18/Mar/2026/19/24/32 PUT /v1/AUTH_b879e59ffdc345af9dfb871ffff9f6bc/gnocchi.522e725a-6238-40c9-b742-85ab505d6629/none_v3 HTTP/1.0 201 - python-swiftclient-3.11.1 gAAAAABpuvuvxDwE... 22 - - txd1f0622a53884fa481d9f-0069bafbf0 - 0.0216 - - 1773861872.180494308 1773861872.202103376 0
Mar 18 19:24:36 standalone container-server[124177]: 172.20.0.100 - - [18/Mar/2026:19:24:36 +0000] "HEAD /d1/906/AUTH_b879e59ffdc345af9dfb871ffff9f6bc/gnocchi.9ae315cb-499d-4330-8215-26f3274dea8a" 404 - "HEAD http://localhost:8080/v1/AUTH_b879e59ffdc345af9dfb871ffff9f6bc/gnocchi.9ae315cb-499d-4330-8215-26f3274dea8a?format=json&states=listing" "tx4f7f87d0ed6749a998431-0069bafbf4" "proxy-server 21" 0.0007 "-" 22 0
Mar 18 19:24:36 standalone object-server[124325]: 172.20.0.100 - - [18/Mar/2026:19:24:36 +0000] "GET /d1/195/AUTH_b879e59ffdc345af9dfb871ffff9f6bc/gnocchi.9ae315cb-499d-4330-8215-26f3274dea8a/none_v3" 404 70 "GET http://localhost:8080/v1/AUTH_b879e59ffdc345af9dfb871ffff9f6bc/gnocchi.9ae315cb-499d-4330-8215-26f3274dea8a/none_v3" "tx4f7f87d0ed6749a998431-0069bafbf4" "proxy-server 21" 0.0006 "-" 23 0
Mar 18 19:24:36 standalone proxy-server[126157]: 172.18.0.2 ::1 18/Mar/2026/19/24/36 GET /v1/AUTH_b879e59ffdc345af9dfb871ffff9f6bc/gnocchi.9ae315cb-499d-4330-8215-26f3274dea8a/none_v3 HTTP/1.0 404 - python-swiftclient-3.11.1 gAAAAABpuvuvxDwE... - 70 - tx4f7f87d0ed6749a998431-0069bafbf4 - 0.0196 - - 1773861876.666905165 1773861876.686474800 0
Mar 18 19:24:36 standalone account-server[124111]: 172.20.0.100 - - [18/Mar/2026:19:24:36 +0000] "PUT /d1/894/AUTH_b879e59ffdc345af9dfb871ffff9f6bc/gnocchi.9ae315cb-499d-4330-8215-26f3274dea8a" 201 - "PUT http://172.20.0.100:6001/d1/906/AUTH_b879e59ffdc345af9dfb871ffff9f6bc/gnocchi.9ae315cb-499d-4330-8215-26f3274dea8a" "tx27fa5f6fb5ce4325a6716-0069bafbf4" "container-server 23" 0.0051 "-" 20 0
Mar 18 19:24:36 standalone container-server[124182]: 172.20.0.100 - - [18/Mar/2026:19:24:36 +0000] "PUT /d1/906/AUTH_b879e59ffdc345af9dfb871ffff9f6bc/gnocchi.9ae315cb-499d-4330-8215-26f3274dea8a" 201 - "PUT http://localhost:8080/v1/AUTH_b879e59ffdc345af9dfb871ffff9f6bc/gnocchi.9ae315cb-499d-4330-8215-26f3274dea8a" "tx27fa5f6fb5ce4325a6716-0069bafbf4" "proxy-server 21" 0.0157 "-" 23 0
Mar 18 19:24:36 standalone proxy-server[126157]: 172.18.0.2 ::1 18/Mar/2026/19/24/36 PUT /v1/AUTH_b879e59ffdc345af9dfb871ffff9f6bc/gnocchi.9ae315cb-499d-4330-8215-26f3274dea8a HTTP/1.0 201 - python-swiftclient-3.11.1 gAAAAABpuvuvxDwE... - - - tx27fa5f6fb5ce4325a6716-0069bafbf4 - 0.0218 - - 1773861876.691417933 1773861876.713262796 0
