Mar 18 19:26:28 standalone container-server[124182]: 172.20.0.100 - - [18/Mar/2026:19:26:28 +0000] "HEAD /d1/646/AUTH_b879e59ffdc345af9dfb871ffff9f6bc/gnocchi.eb68f15d-3634-43ef-848d-1eef8b5a4d2f" 204 - "HEAD http://localhost:8080/v1/AUTH_b879e59ffdc345af9dfb871ffff9f6bc/gnocchi.eb68f15d-3634-43ef-848d-1eef8b5a4d2f?format=json&states=listing" "tx39d4b336d5be427c8c474-0069bafc64" "proxy-server 21" 0.0013 "-" 23 0
Mar 18 19:26:28 standalone proxy-server[126157]: - - 18/Mar/2026/19/26/28 HEAD /v1/AUTH_b879e59ffdc345af9dfb871ffff9f6bc/gnocchi.eb68f15d-3634-43ef-848d-1eef8b5a4d2f%3Fformat%3Djson%26states%3Dlisting HTTP/1.0 204 - Swift - - - - tx39d4b336d5be427c8c474-0069bafc64 - 0.0036 RL - 1773861988.913818598 1773861988.917459726 0
Mar 18 19:26:28 standalone container-server[124176]: 172.20.0.100 - - [18/Mar/2026:19:26:28 +0000] "GET /d1/646/AUTH_b879e59ffdc345af9dfb871ffff9f6bc/gnocchi.eb68f15d-3634-43ef-848d-1eef8b5a4d2f" 200 2 "GET http://localhost:8080/v1/AUTH_b879e59ffdc345af9dfb871ffff9f6bc/gnocchi.eb68f15d-3634-43ef-848d-1eef8b5a4d2f?format=json&states=listing" "tx39d4b336d5be427c8c474-0069bafc64" "proxy-server 21" 0.0019 "-" 21 0
Mar 18 19:26:28 standalone proxy-server[126157]: 172.18.0.2 ::1 18/Mar/2026/19/26/28 GET /v1/AUTH_b879e59ffdc345af9dfb871ffff9f6bc/gnocchi.eb68f15d-3634-43ef-848d-1eef8b5a4d2f%3Fformat%3Djson%26states%3Dlisting HTTP/1.0 200 - python-swiftclient-3.11.1 gAAAAABpuvuvxDwE... - 2 - tx39d4b336d5be427c8c474-0069bafc64 - 0.0112 - - 1773861988.912992954 1773861988.924163580 0
Mar 18 19:26:28 standalone object-server[124325]: 172.20.0.100 - - [18/Mar/2026:19:26:28 +0000] "GET /d1/739/AUTH_b879e59ffdc345af9dfb871ffff9f6bc/gnocchi.eb68f15d-3634-43ef-848d-1eef8b5a4d2f/1773360000.0_mean_300.0_v3" 404 70 "GET http://localhost:8080/v1/AUTH_b879e59ffdc345af9dfb871ffff9f6bc/gnocchi.eb68f15d-3634-43ef-848d-1eef8b5a4d2f/1773360000.0_mean_300.0_v3" "tx97a11e0bd8ae4494b3f92-0069bafc64" "proxy-server 21" 0.0003 "-" 23 0
Mar 18 19:26:28 standalone proxy-server[126157]: 172.18.0.2 ::1 18/Mar/2026/19/26/28 GET /v1/AUTH_b879e59ffdc345af9dfb871ffff9f6bc/gnocchi.eb68f15d-3634-43ef-848d-1eef8b5a4d2f/1773360000.0_mean_300.0_v3 HTTP/1.0 404 - python-swiftclient-3.11.1 gAAAAABpuvuvxDwE... - 70 - tx97a11e0bd8ae4494b3f92-0069bafc64 - 0.0039 - - 1773861988.926938534 1773861988.930877447 0
Mar 18 19:26:28 standalone container-server[124167]: 172.20.0.100 - - [18/Mar/2026:19:26:28 +0000] "PUT /d1/646/AUTH_b879e59ffdc345af9dfb871ffff9f6bc/gnocchi.eb68f15d-3634-43ef-848d-1eef8b5a4d2f/1773360000.0_mean_300.0_v3" 201 - "PUT http://localhost:8080/d1/739/AUTH_b879e59ffdc345af9dfb871ffff9f6bc/gnocchi.eb68f15d-3634-43ef-848d-1eef8b5a4d2f/1773360000.0_mean_300.0_v3" "tx3d5c70bc55494dac8adc4-0069bafc64" "object-server 24" 0.0009 "-" 20 0
Mar 18 19:26:28 standalone object-server[124326]: 172.20.0.100 - - [18/Mar/2026:19:26:28 +0000] "PUT /d1/739/AUTH_b879e59ffdc345af9dfb871ffff9f6bc/gnocchi.eb68f15d-3634-43ef-848d-1eef8b5a4d2f/1773360000.0_mean_300.0_v3" 201 - "PUT http://localhost:8080/v1/AUTH_b879e59ffdc345af9dfb871ffff9f6bc/gnocchi.eb68f15d-3634-43ef-848d-1eef8b5a4d2f/1773360000.0_mean_300.0_v3" "tx3d5c70bc55494dac8adc4-0069bafc64" "proxy-server 21" 0.0076 "-" 24 0
Mar 18 19:26:28 standalone proxy-server[126157]: 172.18.0.2 ::1 18/Mar/2026/19/26/28 PUT /v1/AUTH_b879e59ffdc345af9dfb871ffff9f6bc/gnocchi.eb68f15d-3634-43ef-848d-1eef8b5a4d2f/1773360000.0_mean_300.0_v3 HTTP/1.0 201 - python-swiftclient-3.11.1 gAAAAABpuvuvxDwE... 16 - - tx3d5c70bc55494dac8adc4-0069bafc64 - 0.0115 - - 1773861988.933003426 1773861988.944548368 0
Mar 18 19:26:28 standalone container-server[124176]: 172.20.0.100 - - [18/Mar/2026:19:26:28 +0000] "PUT /d1/646/AUTH_b879e59ffdc345af9dfb871ffff9f6bc/gnocchi.eb68f15d-3634-43ef-848d-1eef8b5a4d2f/none_v3" 201 - "PUT http://localhost:8080/d1/527/AUTH_b879e59ffdc345af9dfb871ffff9f6bc/gnocchi.eb68f15d-3634-43ef-848d-1eef8b5a4d2f/none_v3" "txb8f5f766688c4d82929aa-0069bafc64" "object-server 23" 0.0004 "-" 21 0
Mar 18 19:26:28 standalone object-server[124325]: 172.20.0.100 - - [18/Mar/2026:19:26:28 +0000] "PUT /d1/527/AUTH_b879e59ffdc345af9dfb871ffff9f6bc/gnocchi.eb68f15d-3634-43ef-848d-1eef8b5a4d2f/none_v3" 201 - "PUT http://localhost:8080/v1/AUTH_b879e59ffdc345af9dfb871ffff9f6bc/gnocchi.eb68f15d-3634-43ef-848d-1eef8b5a4d2f/none_v3" "txb8f5f766688c4d82929aa-0069bafc64" "proxy-server 21" 0.0066 "-" 23 0
Mar 18 19:26:28 standalone proxy-server[126157]: 172.18.0.2 ::1 18/Mar/2026/19/26/28 PUT /v1/AUTH_b879e59ffdc345af9dfb871ffff9f6bc/gnocchi.eb68f15d-3634-43ef-848d-1eef8b5a4d2f/none_v3 HTTP/1.0 201 - python-swiftclient-3.11.1 gAAAAABpuvuvxDwE... 22 - - txb8f5f766688c4d82929aa-0069bafc64 - 0.0122 - - 1773861988.947083473 1773861988.959246874 0
Mar 18 19:26:28 standalone container-server[124176]: 172.20.0.100 - - [18/Mar/2026:19:26:28 +0000] "HEAD /d1/157/AUTH_b879e59ffdc345af9dfb871ffff9f6bc/gnocchi.03c2096a-59ce-4b4b-8ce4-c83a27f21551" 404 - "HEAD http://localhost:8080/v1/AUTH_b879e59ffdc345af9dfb871ffff9f6bc/gnocchi.03c2096a-59ce-4b4b-8ce4-c83a27f21551?format=json&states=listing" "tx0af7cc17e338408ca66d5-0069bafc64" "proxy-server 21" 0.0006 "-" 21 0
Mar 18 19:26:28 standalone object-server[124326]: 172.20.0.100 - - [18/Mar/2026:19:26:28 +0000] "GET /d1/172/AUTH_b879e59ffdc345af9dfb871ffff9f6bc/gnocchi.03c2096a-59ce-4b4b-8ce4-c83a27f21551/none_v3" 404 70 "GET http://localhost:8080/v1/AUTH_b879e59ffdc345af9dfb871ffff9f6bc/gnocchi.03c2096a-59ce-4b4b-8ce4-c83a27f21551/none_v3" "tx0af7cc17e338408ca66d5-0069bafc64" "proxy-server 21" 0.0003 "-" 24 0
Mar 18 19:26:28 standalone proxy-server[126157]: 172.18.0.2 ::1 18/Mar/2026/19/26/28 GET /v1/AUTH_b879e59ffdc345af9dfb871ffff9f6bc/gnocchi.03c2096a-59ce-4b4b-8ce4-c83a27f21551/none_v3 HTTP/1.0 404 - python-swiftclient-3.11.1 gAAAAABpuvuvxDwE... - 70 - tx0af7cc17e338408ca66d5-0069bafc64 - 0.0150 - - 1773861988.974326372 1773861988.989290953 0
Mar 18 19:26:29 standalone account-server[124124]: 172.20.0.100 - - [18/Mar/2026:19:26:29 +0000] "PUT /d1/894/AUTH_b879e59ffdc345af9dfb871ffff9f6bc/gnocchi.03c2096a-59ce-4b4b-8ce4-c83a27f21551" 201 - "PUT http://172.20.0.100:6001/d1/157/AUTH_b879e59ffdc345af9dfb871ffff9f6bc/gnocchi.03c2096a-59ce-4b4b-8ce4-c83a27f21551" "txb3dda64ba8dd466493a37-0069bafc64" "container-server 23" 0.0056 "-" 22 0
Mar 18 19:26:29 standalone container-server[124182]: 172.20.0.100 - - [18/Mar/2026:19:26:29 +0000] "PUT /d1/157/AUTH_b879e59ffdc345af9dfb871ffff9f6bc/gnocchi.03c2096a-59ce-4b4b-8ce4-c83a27f21551" 201 - "PUT http://localhost:8080/v1/AUTH_b879e59ffdc345af9dfb871ffff9f6bc/gnocchi.03c2096a-59ce-4b4b-8ce4-c83a27f21551" "txb3dda64ba8dd466493a37-0069bafc64" "proxy-server 21" 0.0141 "-" 23 0
Mar 18 19:26:29 standalone proxy-server[126157]: 172.18.0.2 ::1 18/Mar/2026/19/26/29 PUT /v1/AUTH_b879e59ffdc345af9dfb871ffff9f6bc/gnocchi.03c2096a-59ce-4b4b-8ce4-c83a27f21551 HTTP/1.0 201 - python-swiftclient-3.11.1 gAAAAABpuvuvxDwE... - - - txb3dda64ba8dd466493a37-0069bafc64 - 0.0199 - - 1773861988.993089676 1773861989.013031721 0
Mar 18 19:26:29 standalone container-server[124177]: 172.20.0.100 - - [18/Mar/2026:19:26:29 +0000] "HEAD /d1/599/AUTH_b879e59ffdc345af9dfb871ffff9f6bc/gnocchi.d1624ac7-de78-4b9f-9814-0a0912d426d1" 404 - "HEAD http://localhost:8080/v1/AUTH_b879e59ffdc345af9dfb871ffff9f6bc/gnocchi.d1624ac7-de78-4b9f-9814-0a0912d426d1?format=json&states=listing" "tx4c8ab198127147dcacaa6-0069bafc65" "proxy-server 21" 0.0003 "-" 22 0
Mar 18 19:26:29 standalone object-server[124326]: 172.20.0.100 - - [18/Mar/2026:19:26:29 +0000] "GET /d1/597/AUTH_b879e59ffdc345af9dfb871ffff9f6bc/gnocchi.d1624ac7-de78-4b9f-9814-0a0912d426d1/none_v3" 404 70 "GET http://localhost:8080/v1/AUTH_b879e59ffdc345af9dfb871ffff9f6bc/gnocchi.d1624ac7-de78-4b9f-9814-0a0912d426d1/none_v3" "tx4c8ab198127147dcacaa6-0069bafc65" "proxy-server 21" 0.0007 "-" 24 0
Mar 18 19:26:29 standalone proxy-server[126157]: 172.18.0.2 ::1 18/Mar/2026/19/26/29 GET /v1/AUTH_b879e59ffdc345af9dfb871ffff9f6bc/gnocchi.d1624ac7-de78-4b9f-9814-0a0912d426d1/none_v3 HTTP/1.0 404 - python-swiftclient-3.11.1 gAAAAABpuvuvxDwE... - 70 - tx4c8ab198127147dcacaa6-0069bafc65 - 0.0125 - - 1773861989.015836716 1773861989.028383255 0
Mar 18 19:26:29 standalone account-server[124111]: 172.20.0.100 - - [18/Mar/2026:19:26:29 +0000] "PUT /d1/894/AUTH_b879e59ffdc345af9dfb871ffff9f6bc/gnocchi.d1624ac7-de78-4b9f-9814-0a0912d426d1" 201 - "PUT http://172.20.0.100:6001/d1/599/AUTH_b879e59ffdc345af9dfb871ffff9f6bc/gnocchi.d1624ac7-de78-4b9f-9814-0a0912d426d1" "txf971bce63c6141198bff3-0069bafc65" "container-server 23" 0.0056 "-" 20 0
Mar 18 19:26:29 standalone container-server[124182]: 172.20.0.100 - - [18/Mar/2026:19:26:29 +0000] "PUT /d1/599/AUTH_b879e59ffdc345af9dfb871ffff9f6bc/gnocchi.d1624ac7-de78-4b9f-9814-0a0912d426d1" 201 - "PUT http://localhost:8080/v1/AUTH_b879e59ffdc345af9dfb871ffff9f6bc/gnocchi.d1624ac7-de78-4b9f-9814-0a0912d426d1" "txf971bce63c6141198bff3-0069bafc65" "proxy-server 21" 0.0158 "-" 23 0
Mar 18 19:26:29 standalone proxy-server[126157]: 172.18.0.2 ::1 18/Mar/2026/19/26/29 PUT /v1/AUTH_b879e59ffdc345af9dfb871ffff9f6bc/gnocchi.d1624ac7-de78-4b9f-9814-0a0912d426d1 HTTP/1.0 201 - python-swiftclient-3.11.1 gAAAAABpuvuvxDwE... - - - txf971bce63c6141198bff3-0069bafc65 - 0.0221 - - 1773861989.031331062 1773861989.053425312 0
Mar 18 19:26:29 standalone container-server[124177]: 172.20.0.100 - - [18/Mar/2026:19:26:29 +0000] "HEAD /d1/157/AUTH_b879e59ffdc345af9dfb871ffff9f6bc/gnocchi.03c2096a-59ce-4b4b-8ce4-c83a27f21551" 204 - "HEAD http://localhost:8080/v1/AUTH_b879e59ffdc345af9dfb871ffff9f6bc/gnocchi.03c2096a-59ce-4b4b-8ce4-c83a27f21551?format=json&states=listing" "tx3933dbb3e9ab465fb0b1c-0069bafc65" "proxy-server 21" 0.0011 "-" 22 0
Mar 18 19:26:29 standalone proxy-server[126157]: - - 18/Mar/2026/19/26/29 HEAD /v1/AUTH_b879e59ffdc345af9dfb871ffff9f6bc/gnocchi.03c2096a-59ce-4b4b-8ce4-c83a27f21551%3Fformat%3Djson%26states%3Dlisting HTTP/1.0 204 - Swift - - - - tx3933dbb3e9ab465fb0b1c-0069bafc65 - 0.0045 RL - 1773861989.060426235 1773861989.064921618 0
Mar 18 19:26:29 standalone container-server[124182]: 172.20.0.100 - - [18/Mar/2026:19:26:29 +0000] "GET /d1/157/AUTH_b879e59ffdc345af9dfb871ffff9f6bc/gnocchi.03c2096a-59ce-4b4b-8ce4-c83a27f21551" 200 2 "GET http://localhost:8080/v1/AUTH_b879e59ffdc345af9dfb871ffff9f6bc/gnocchi.03c2096a-59ce-4b4b-8ce4-c83a27f21551?format=json&states=listing" "tx3933dbb3e9ab465fb0b1c-0069bafc65" "proxy-server 21" 0.0037 "-" 23 0
Mar 18 19:26:29 standalone proxy-server[126157]: 172.18.0.2 ::1 18/Mar/2026/19/26/29 GET /v1/AUTH_b879e59ffdc345af9dfb871ffff9f6bc/gnocchi.03c2096a-59ce-4b4b-8ce4-c83a27f21551%3Fformat%3Djson%26states%3Dlisting HTTP/1.0 200 - python-swiftclient-3.11.1 gAAAAABpuvuvxDwE... - 2 - tx3933dbb3e9ab465fb0b1c-0069bafc65 - 0.0180 - - 1773861989.058826923 1773861989.076847792 0
Mar 18 19:26:29 standalone container-server[124167]: 172.20.0.100 - - [18/Mar/2026:19:26:29 +0000] "HEAD /d1/599/AUTH_b879e59ffdc345af9dfb871ffff9f6bc/gnocchi.d1624ac7-de78-4b9f-9814-0a0912d426d1" 204 - "HEAD http://localhost:8080/v1/AUTH_b879e59ffdc345af9dfb871ffff9f6bc/gnocchi.d1624ac7-de78-4b9f-9814-0a0912d426d1?format=json&states=listing" "txf7301a43b3744746a7c05-0069bafc65" "proxy-server 21" 0.0010 "-" 20 0
Mar 18 19:26:29 standalone proxy-server[126157]: - - 18/Mar/2026/19/26/29 HEAD /v1/AUTH_b879e59ffdc345af9dfb871ffff9f6bc/gnocchi.d1624ac7-de78-4b9f-9814-0a0912d426d1%3Fformat%3Djson%26states%3Dlisting HTTP/1.0 204 - Swift - - - - txf7301a43b3744746a7c05-0069bafc65 - 0.0048 RL - 1773861989.082604647 1773861989.087413073 0
Mar 18 19:26:29 standalone container-server[124177]: 172.20.0.100 - - [18/Mar/2026:19:26:29 +0000] "GET /d1/599/AUTH_b879e59ffdc345af9dfb871ffff9f6bc/gnocchi.d1624ac7-de78-4b9f-9814-0a0912d426d1" 200 2 "GET http://localhost:8080/v1/AUTH_b879e59ffdc345af9dfb871ffff9f6bc/gnocchi.d1624ac7-de78-4b9f-9814-0a0912d426d1?format=json&states=listing" "txf7301a43b3744746a7c05-0069bafc65" "proxy-server 21" 0.0014 "-" 22 0
Mar 18 19:26:29 standalone proxy-server[126157]: 172.18.0.2 ::1 18/Mar/2026/19/26/29 GET /v1/AUTH_b879e59ffdc345af9dfb871ffff9f6bc/gnocchi.d1624ac7-de78-4b9f-9814-0a0912d426d1%3Fformat%3Djson%26states%3Dlisting HTTP/1.0 200 - python-swiftclient-3.11.1 gAAAAABpuvuvxDwE... - 2 - txf7301a43b3744746a7c05-0069bafc65 - 0.0147 - - 1773861989.081143618 1773861989.095813036 0
Mar 18 19:26:29 standalone object-server[124325]: 172.20.0.100 - - [18/Mar/2026:19:26:29 +0000] "GET /d1/92/AUTH_b879e59ffdc345af9dfb871ffff9f6bc/gnocchi.03c2096a-59ce-4b4b-8ce4-c83a27f21551/1773360000.0_mean_300.0_v3" 404 70 "GET http://localhost:8080/v1/AUTH_b879e59ffdc345af9dfb871ffff9f6bc/gnocchi.03c2096a-59ce-4b4b-8ce4-c83a27f21551/1773360000.0_mean_300.0_v3" "tx7dc362a24a354cd4871e5-0069bafc65" "proxy-server 21" 0.0006 "-" 23 0
Mar 18 19:26:29 standalone proxy-server[126157]: 172.18.0.2 ::1 18/Mar/2026/19/26/29 GET /v1/AUTH_b879e59ffdc345af9dfb871ffff9f6bc/gnocchi.03c2096a-59ce-4b4b-8ce4-c83a27f21551/1773360000.0_mean_300.0_v3 HTTP/1.0 404 - python-swiftclient-3.11.1 gAAAAABpuvuvxDwE... - 70 - tx7dc362a24a354cd4871e5-0069bafc65 - 0.0082 - - 1773861989.099273443 1773861989.107425213 0
Mar 18 19:26:29 standalone object-server[124326]: 172.20.0.100 - - [18/Mar/2026:19:26:29 +0000] "GET /d1/790/AUTH_b879e59ffdc345af9dfb871ffff9f6bc/gnocchi.d1624ac7-de78-4b9f-9814-0a0912d426d1/1773360000.0_mean_300.0_v3" 404 70 "GET http://localhost:8080/v1/AUTH_b879e59ffdc345af9dfb871ffff9f6bc/gnocchi.d1624ac7-de78-4b9f-9814-0a0912d426d1/1773360000.0_mean_300.0_v3" "tx0da53787e7114d1e9c93d-0069bafc65" "proxy-server 21" 0.0004 "-" 24 0
Mar 18 19:26:29 standalone proxy-server[126157]: 172.18.0.2 ::1 18/Mar/2026/19/26/29 GET /v1/AUTH_b879e59ffdc345af9dfb871ffff9f6bc/gnocchi.d1624ac7-de78-4b9f-9814-0a0912d426d1/1773360000.0_mean_300.0_v3 HTTP/1.0 404 - python-swiftclient-3.11.1 gAAAAABpuvuvxDwE... - 70 - tx0da53787e7114d1e9c93d-0069bafc65 - 0.0070 - - 1773861989.110667706 1773861989.117683411 0
Mar 18 19:26:29 standalone container-server[124177]: 172.20.0.100 - - [18/Mar/2026:19:26:29 +0000] "PUT /d1/157/AUTH_b879e59ffdc345af9dfb871ffff9f6bc/gnocchi.03c2096a-59ce-4b4b-8ce4-c83a27f21551/1773360000.0_mean_300.0_v3" 201 - "PUT http://localhost:8080/d1/92/AUTH_b879e59ffdc345af9dfb871ffff9f6bc/gnocchi.03c2096a-59ce-4b4b-8ce4-c83a27f21551/1773360000.0_mean_300.0_v3" "tx6da2db77a4b74a8586831-0069bafc65" "object-server 23" 0.0008 "-" 22 0
Mar 18 19:26:29 standalone object-server[124325]: 172.20.0.100 - - [18/Mar/2026:19:26:29 +0000] "PUT /d1/92/AUTH_b879e59ffdc345af9dfb871ffff9f6bc/gnocchi.03c2096a-59ce-4b4b-8ce4-c83a27f21551/1773360000.0_mean_300.0_v3" 201 - "PUT http://localhost:8080/v1/AUTH_b879e59ffdc345af9dfb871ffff9f6bc/gnocchi.03c2096a-59ce-4b4b-8ce4-c83a27f21551/1773360000.0_mean_300.0_v3" "tx6da2db77a4b74a8586831-0069bafc65" "proxy-server 21" 0.0125 "-" 23 0
Mar 18 19:26:29 standalone proxy-server[126157]: 172.18.0.2 ::1 18/Mar/2026/19/26/29 PUT /v1/AUTH_b879e59ffdc345af9dfb871ffff9f6bc/gnocchi.03c2096a-59ce-4b4b-8ce4-c83a27f21551/1773360000.0_mean_300.0_v3 HTTP/1.0 201 - python-swiftclient-3.11.1 gAAAAABpuvuvxDwE... 16 - - tx6da2db77a4b74a8586831-0069bafc65 - 0.0199 - - 1773861989.120804310 1773861989.140752077 0
Mar 18 19:26:29 standalone container-server[124182]: 172.20.0.100 - - [18/Mar/2026:19:26:29 +0000] "PUT /d1/599/AUTH_b879e59ffdc345af9dfb871ffff9f6bc/gnocchi.d1624ac7-de78-4b9f-9814-0a0912d426d1/1773360000.0_mean_300.0_v3" 201 - "PUT http://localhost:8080/d1/790/AUTH_b879e59ffdc345af9dfb871ffff9f6bc/gnocchi.d1624ac7-de78-4b9f-9814-0a0912d426d1/1773360000.0_mean_300.0_v3" "tx68a8016274944e32a3050-0069bafc65" "object-server 23" 0.0008 "-" 23 0
Mar 18 19:26:29 standalone object-server[124325]: 172.20.0.100 - - [18/Mar/2026:19:26:29 +0000] "PUT /d1/790/AUTH_b879e59ffdc345af9dfb871ffff9f6bc/gnocchi.d1624ac7-de78-4b9f-9814-0a0912d426d1/1773360000.0_mean_300.0_v3" 201 - "PUT http://localhost:8080/v1/AUTH_b879e59ffdc345af9dfb871ffff9f6bc/gnocchi.d1624ac7-de78-4b9f-9814-0a0912d426d1/1773360000.0_mean_300.0_v3" "tx68a8016274944e32a3050-0069bafc65" "proxy-server 21" 0.0107 "-" 23 0
Mar 18 19:26:29 standalone proxy-server[126157]: 172.18.0.2 ::1 18/Mar/2026/19/26/29 PUT /v1/AUTH_b879e59ffdc345af9dfb871ffff9f6bc/gnocchi.d1624ac7-de78-4b9f-9814-0a0912d426d1/1773360000.0_mean_300.0_v3 HTTP/1.0 201 - python-swiftclient-3.11.1 gAAAAABpuvuvxDwE... 16 - - tx68a8016274944e32a3050-0069bafc65 - 0.0183 - - 1773861989.145370007 1773861989.163712978 0
Mar 18 19:26:29 standalone container-server[124182]: 172.20.0.100 - - [18/Mar/2026:19:26:29 +0000] "PUT /d1/157/AUTH_b879e59ffdc345af9dfb871ffff9f6bc/gnocchi.03c2096a-59ce-4b4b-8ce4-c83a27f21551/none_v3" 201 - "PUT http://localhost:8080/d1/172/AUTH_b879e59ffdc345af9dfb871ffff9f6bc/gnocchi.03c2096a-59ce-4b4b-8ce4-c83a27f21551/none_v3" "txaea725a071fe4b20a9938-0069bafc65" "object-server 23" 0.0006 "-" 23 0
Mar 18 19:26:29 standalone object-server[124325]: 172.20.0.100 - - [18/Mar/2026:19:26:29 +0000] "PUT /d1/172/AUTH_b879e59ffdc345af9dfb871ffff9f6bc/gnocchi.03c2096a-59ce-4b4b-8ce4-c83a27f21551/none_v3" 201 - "PUT http://localhost:8080/v1/AUTH_b879e59ffdc345af9dfb871ffff9f6bc/gnocchi.03c2096a-59ce-4b4b-8ce4-c83a27f21551/none_v3" "txaea725a071fe4b20a9938-0069bafc65" "proxy-server 21" 0.0113 "-" 23 0
Mar 18 19:26:29 standalone proxy-server[126157]: 172.18.0.2 ::1 18/Mar/2026/19/26/29 PUT /v1/AUTH_b879e59ffdc345af9dfb871ffff9f6bc/gnocchi.03c2096a-59ce-4b4b-8ce4-c83a27f21551/none_v3 HTTP/1.0 201 - python-swiftclient-3.11.1 gAAAAABpuvuvxDwE... 22 - - txaea725a071fe4b20a9938-0069bafc65 - 0.0162 - - 1773861989.168027639 1773861989.184272051 0
Mar 18 19:26:29 standalone container-server[124177]: 172.20.0.100 - - [18/Mar/2026:19:26:29 +0000] "PUT /d1/599/AUTH_b879e59ffdc345af9dfb871ffff9f6bc/gnocchi.d1624ac7-de78-4b9f-9814-0a0912d426d1/none_v3" 201 - "PUT http://localhost:8080/d1/597/AUTH_b879e59ffdc345af9dfb871ffff9f6bc/gnocchi.d1624ac7-de78-4b9f-9814-0a0912d426d1/none_v3" "tx6fcaafde39d6405fb3e43-0069bafc65" "object-server 25" 0.0012 "-" 22 0
Mar 18 19:26:29 standalone object-server[124328]: 172.20.0.100 - - [18/Mar/2026:19:26:29 +0000] "PUT /d1/597/AUTH_b879e59ffdc345af9dfb871ffff9f6bc/gnocchi.d1624ac7-de78-4b9f-9814-0a0912d426d1/none_v3" 201 - "PUT http://localhost:8080/v1/AUTH_b879e59ffdc345af9dfb871ffff9f6bc/gnocchi.d1624ac7-de78-4b9f-9814-0a0912d426d1/none_v3" "tx6fcaafde39d6405fb3e43-0069bafc65" "proxy-server 21" 0.0125 "-" 25 0
Mar 18 19:26:29 standalone proxy-server[126157]: 172.18.0.2 ::1 18/Mar/2026/19/26/29 PUT /v1/AUTH_b879e59ffdc345af9dfb871ffff9f6bc/gnocchi.d1624ac7-de78-4b9f-9814-0a0912d426d1/none_v3 HTTP/1.0 201 - python-swiftclient-3.11.1 gAAAAABpuvuvxDwE... 22 - - tx6fcaafde39d6405fb3e43-0069bafc65 - 0.0217 - - 1773861989.189317942 1773861989.211019516 0
Mar 18 19:26:29 standalone container-server[124167]: 172.20.0.100 - - [18/Mar/2026:19:26:29 +0000] "HEAD /d1/865/AUTH_b879e59ffdc345af9dfb871ffff9f6bc/gnocchi.3d6153cb-339b-46d8-ac56-416ecd840469" 404 - "HEAD http://localhost:8080/v1/AUTH_b879e59ffdc345af9dfb871ffff9f6bc/gnocchi.3d6153cb-339b-46d8-ac56-416ecd840469?format=json&states=listing" "txe9ef5a4b346d4dde9024a-0069bafc65" "proxy-server 21" 0.0006 "-" 20 0
Mar 18 19:26:29 standalone object-server[124323]: 172.20.0.100 - - [18/Mar/2026:19:26:29 +0000] "GET /d1/391/AUTH_b879e59ffdc345af9dfb871ffff9f6bc/gnocchi.3d6153cb-339b-46d8-ac56-416ecd840469/none_v3" 404 70 "GET http://localhost:8080/v1/AUTH_b879e59ffdc345af9dfb871ffff9f6bc/gnocchi.3d6153cb-339b-46d8-ac56-416ecd840469/none_v3" "txe9ef5a4b346d4dde9024a-0069bafc65" "proxy-server 21" 0.0007 "-" 22 0
Mar 18 19:26:29 standalone proxy-server[126157]: 172.18.0.2 ::1 18/Mar/2026/19/26/29 GET /v1/AUTH_b879e59ffdc345af9dfb871ffff9f6bc/gnocchi.3d6153cb-339b-46d8-ac56-416ecd840469/none_v3 HTTP/1.0 404 - python-swiftclient-3.11.1 gAAAAABpuvuvxDwE... - 70 - txe9ef5a4b346d4dde9024a-0069bafc65 - 0.0155 - - 1773861989.227901697 1773861989.243359089 0
Mar 18 19:26:29 standalone account-server[124106]: 172.20.0.100 - - [18/Mar/2026:19:26:29 +0000] "PUT /d1/894/AUTH_b879e59ffdc345af9dfb871ffff9f6bc/gnocchi.3d6153cb-339b-46d8-ac56-416ecd840469" 201 - "PUT http://172.20.0.100:6001/d1/865/AUTH_b879e59ffdc345af9dfb871ffff9f6bc/gnocchi.3d6153cb-339b-46d8-ac56-416ecd840469" "txcdf59eb939d34c69847e8-0069bafc65" "container-server 20" 0.0058 "-" 19 0
Mar 18 19:26:29 standalone container-server[124167]: 172.20.0.100 - - [18/Mar/2026:19:26:29 +0000] "PUT /d1/865/AUTH_b879e59ffdc345af9dfb871ffff9f6bc/gnocchi.3d6153cb-339b-46d8-ac56-416ecd840469" 201 - "PUT http://localhost:8080/v1/AUTH_b879e59ffdc345af9dfb871ffff9f6bc/gnocchi.3d6153cb-339b-46d8-ac56-416ecd840469" "txcdf59eb939d34c69847e8-0069bafc65" "proxy-server 21" 0.0181 "-" 20 0
Mar 18 19:26:29 standalone proxy-server[126157]: 172.18.0.2 ::1 18/Mar/2026/19/26/29 PUT /v1/AUTH_b879e59ffdc345af9dfb871ffff9f6bc/gnocchi.3d6153cb-339b-46d8-ac56-416ecd840469 HTTP/1.0 201 - python-swiftclient-3.11.1 gAAAAABpuvuvxDwE... - - - txcdf59eb939d34c69847e8-0069bafc65 - 0.0244 - - 1773861989.247187853 1773861989.271615505 0
Mar 18 19:26:29 standalone container-server[124167]: 172.20.0.100 - - [18/Mar/2026:19:26:29 +0000] "HEAD /d1/865/AUTH_b879e59ffdc345af9dfb871ffff9f6bc/gnocchi.3d6153cb-339b-46d8-ac56-416ecd840469" 204 - "HEAD http://localhost:8080/v1/AUTH_b879e59ffdc345af9dfb871ffff9f6bc/gnocchi.3d6153cb-339b-46d8-ac56-416ecd840469?format=json&states=listing" "txe18c4430059045b9a772b-0069bafc65" "proxy-server 21" 0.0024 "-" 20 0
Mar 18 19:26:29 standalone proxy-server[126157]: - - 18/Mar/2026/19/26/29 HEAD /v1/AUTH_b879e59ffdc345af9dfb871ffff9f6bc/gnocchi.3d6153cb-339b-46d8-ac56-416ecd840469%3Fformat%3Djson%26states%3Dlisting HTTP/1.0 204 - Swift - - - - txe18c4430059045b9a772b-0069bafc65 - 0.0079 RL - 1773861989.280108452 1773861989.288056850 0
Mar 18 19:26:29 standalone container-server[124182]: 172.20.0.100 - - [18/Mar/2026:19:26:29 +0000] "GET /d1/865/AUTH_b879e59ffdc345af9dfb871ffff9f6bc/gnocchi.3d6153cb-339b-46d8-ac56-416ecd840469" 200 2 "GET http://localhost:8080/v1/AUTH_b879e59ffdc345af9dfb871ffff9f6bc/gnocchi.3d6153cb-339b-46d8-ac56-416ecd840469?format=json&states=listing" "txe18c4430059045b9a772b-0069bafc65" "proxy-server 21" 0.0023 "-" 23 0
Mar 18 19:26:29 standalone proxy-server[126157]: 172.18.0.2 ::1 18/Mar/2026/19/26/29 GET /v1/AUTH_b879e59ffdc345af9dfb871ffff9f6bc/gnocchi.3d6153cb-339b-46d8-ac56-416ecd840469%3Fformat%3Djson%26states%3Dlisting HTTP/1.0 200 - python-swiftclient-3.11.1 gAAAAABpuvuvxDwE... - 2 - txe18c4430059045b9a772b-0069bafc65 - 0.0211 - - 1773861989.277988911 1773861989.299137115 0
Mar 18 19:26:29 standalone object-server[124323]: 172.20.0.100 - - [18/Mar/2026:19:26:29 +0000] "GET /d1/1013/AUTH_b879e59ffdc345af9dfb871ffff9f6bc/gnocchi.3d6153cb-339b-46d8-ac56-416ecd840469/1773360000.0_mean_300.0_v3" 404 70 "GET http://localhost:8080/v1/AUTH_b879e59ffdc345af9dfb871ffff9f6bc/gnocchi.3d6153cb-339b-46d8-ac56-416ecd840469/1773360000.0_mean_300.0_v3" "tx0a860bb29eac41e5a6e9c-0069bafc65" "proxy-server 21" 0.0006 "-" 22 0
Mar 18 19:26:29 standalone proxy-server[126157]: 172.18.0.2 ::1 18/Mar/2026/19/26/29 GET /v1/AUTH_b879e59ffdc345af9dfb871ffff9f6bc/gnocchi.3d6153cb-339b-46d8-ac56-416ecd840469/1773360000.0_mean_300.0_v3 HTTP/1.0 404 - python-swiftclient-3.11.1 gAAAAABpuvuvxDwE... - 70 - tx0a860bb29eac41e5a6e9c-0069bafc65 - 0.0083 - - 1773861989.308411837 1773861989.316665173 0
Mar 18 19:26:29 standalone container-server[124182]: 172.20.0.100 - - [18/Mar/2026:19:26:29 +0000] "PUT /d1/865/AUTH_b879e59ffdc345af9dfb871ffff9f6bc/gnocchi.3d6153cb-339b-46d8-ac56-416ecd840469/1773360000.0_mean_300.0_v3" 201 - "PUT http://localhost:8080/d1/1013/AUTH_b879e59ffdc345af9dfb871ffff9f6bc/gnocchi.3d6153cb-339b-46d8-ac56-416ecd840469/1773360000.0_mean_300.0_v3" "tx558563e516164cb98037f-0069bafc65" "object-server 22" 0.0007 "-" 23 0
Mar 18 19:26:29 standalone object-server[124323]: 172.20.0.100 - - [18/Mar/2026:19:26:29 +0000] "PUT /d1/1013/AUTH_b879e59ffdc345af9dfb871ffff9f6bc/gnocchi.3d6153cb-339b-46d8-ac56-416ecd840469/1773360000.0_mean_300.0_v3" 201 - "PUT http://localhost:8080/v1/AUTH_b879e59ffdc345af9dfb871ffff9f6bc/gnocchi.3d6153cb-339b-46d8-ac56-416ecd840469/1773360000.0_mean_300.0_v3" "tx558563e516164cb98037f-0069bafc65" "proxy-server 21" 0.0105 "-" 22 0
Mar 18 19:26:29 standalone proxy-server[126157]: 172.18.0.2 ::1 18/Mar/2026/19/26/29 PUT /v1/AUTH_b879e59ffdc345af9dfb871ffff9f6bc/gnocchi.3d6153cb-339b-46d8-ac56-416ecd840469/1773360000.0_mean_300.0_v3 HTTP/1.0 201 - python-swiftclient-3.11.1 gAAAAABpuvuvxDwE... 16 - - tx558563e516164cb98037f-0069bafc65 - 0.0180 - - 1773861989.320383549 1773861989.338383675 0
Mar 18 19:26:29 standalone container-server[124167]: 172.20.0.100 - - [18/Mar/2026:19:26:29 +0000] "PUT /d1/865/AUTH_b879e59ffdc345af9dfb871ffff9f6bc/gnocchi.3d6153cb-339b-46d8-ac56-416ecd840469/none_v3" 201 - "PUT http://localhost:8080/d1/391/AUTH_b879e59ffdc345af9dfb871ffff9f6bc/gnocchi.3d6153cb-339b-46d8-ac56-416ecd840469/none_v3" "tx73dc47cefad54d5c984ef-0069bafc65" "object-server 22" 0.0005 "-" 20 0
Mar 18 19:26:29 standalone object-server[124323]: 172.20.0.100 - - [18/Mar/2026:19:26:29 +0000] "PUT /d1/391/AUTH_b879e59ffdc345af9dfb871ffff9f6bc/gnocchi.3d6153cb-339b-46d8-ac56-416ecd840469/none_v3" 201 - "PUT http://localhost:8080/v1/AUTH_b879e59ffdc345af9dfb871ffff9f6bc/gnocchi.3d6153cb-339b-46d8-ac56-416ecd840469/none_v3" "tx73dc47cefad54d5c984ef-0069bafc65" "proxy-server 21" 0.0109 "-" 22 0
Mar 18 19:26:29 standalone proxy-server[126157]: 172.18.0.2 ::1 18/Mar/2026/19/26/29 PUT /v1/AUTH_b879e59ffdc345af9dfb871ffff9f6bc/gnocchi.3d6153cb-339b-46d8-ac56-416ecd840469/none_v3 HTTP/1.0 201 - python-swiftclient-3.11.1 gAAAAABpuvuvxDwE... 22 - - tx73dc47cefad54d5c984ef-0069bafc65 - 0.0188 - - 1773861989.345077753 1773861989.363915920 0
Mar 18 19:26:29 standalone container-server[124176]: 172.20.0.100 - - [18/Mar/2026:19:26:29 +0000] "HEAD /d1/87/AUTH_b879e59ffdc345af9dfb871ffff9f6bc/gnocchi.64b95e00-6c04-4fb3-8467-214ee63fa9ae" 404 - "HEAD http://localhost:8080/v1/AUTH_b879e59ffdc345af9dfb871ffff9f6bc/gnocchi.64b95e00-6c04-4fb3-8467-214ee63fa9ae?format=json&states=listing" "tx35e83c5df4a844a9b5b05-0069bafc65" "proxy-server 21" 0.0006 "-" 21 0
Mar 18 19:26:29 standalone object-server[124323]: 172.20.0.100 - - [18/Mar/2026:19:26:29 +0000] "GET /d1/421/AUTH_b879e59ffdc345af9dfb871ffff9f6bc/gnocchi.64b95e00-6c04-4fb3-8467-214ee63fa9ae/none_v3" 404 70 "GET http://localhost:8080/v1/AUTH_b879e59ffdc345af9dfb871ffff9f6bc/gnocchi.64b95e00-6c04-4fb3-8467-214ee63fa9ae/none_v3" "tx35e83c5df4a844a9b5b05-0069bafc65" "proxy-server 21" 0.0004 "-" 22 0
Mar 18 19:26:29 standalone proxy-server[126157]: 172.18.0.2 ::1 18/Mar/2026/19/26/29 GET /v1/AUTH_b879e59ffdc345af9dfb871ffff9f6bc/gnocchi.64b95e00-6c04-4fb3-8467-214ee63fa9ae/none_v3 HTTP/1.0 404 - python-swiftclient-3.11.1 gAAAAABpuvuvxDwE... - 70 - tx35e83c5df4a844a9b5b05-0069bafc65 - 0.0134 - - 1773861989.376046658 1773861989.389408827 0
Mar 18 19:26:29 standalone account-server[124118]: 172.20.0.100 - - [18/Mar/2026:19:26:29 +0000] "PUT /d1/894/AUTH_b879e59ffdc345af9dfb871ffff9f6bc/gnocchi.64b95e00-6c04-4fb3-8467-214ee63fa9ae" 201 - "PUT http://172.20.0.100:6001/d1/87/AUTH_b879e59ffdc345af9dfb871ffff9f6bc/gnocchi.64b95e00-6c04-4fb3-8467-214ee63fa9ae" "tx02ce4270643b418ba5a69-0069bafc65" "container-server 23" 0.0059 "-" 21 0
Mar 18 19:26:29 standalone container-server[124182]: 172.20.0.100 - - [18/Mar/2026:19:26:29 +0000] "PUT /d1/87/AUTH_b879e59ffdc345af9dfb871ffff9f6bc/gnocchi.64b95e00-6c04-4fb3-8467-214ee63fa9ae" 201 - "PUT http://localhost:8080/v1/AUTH_b879e59ffdc345af9dfb871ffff9f6bc/gnocchi.64b95e00-6c04-4fb3-8467-214ee63fa9ae" "tx02ce4270643b418ba5a69-0069bafc65" "proxy-server 21" 0.0186 "-" 23 0
Mar 18 19:26:29 standalone proxy-server[126157]: 172.18.0.2 ::1 18/Mar/2026/19/26/29 PUT /v1/AUTH_b879e59ffdc345af9dfb871ffff9f6bc/gnocchi.64b95e00-6c04-4fb3-8467-214ee63fa9ae HTTP/1.0 201 - python-swiftclient-3.11.1 gAAAAABpuvuvxDwE... - - - tx02ce4270643b418ba5a69-0069bafc65 - 0.0256 - - 1773861989.393062830 1773861989.418616772 0
Mar 18 19:26:29 standalone container-server[124182]: 172.20.0.100 - - [18/Mar/2026:19:26:29 +0000] "HEAD /d1/446/AUTH_b879e59ffdc345af9dfb871ffff9f6bc/gnocchi.9c46d5d5-6697-41c6-9d5b-a22b6df8d4ae" 404 - "HEAD http://localhost:8080/v1/AUTH_b879e59ffdc345af9dfb871ffff9f6bc/gnocchi.9c46d5d5-6697-41c6-9d5b-a22b6df8d4ae?format=json&states=listing" "tx5bd976e52d764b7eb1670-0069bafc65" "proxy-server 21" 0.0005 "-" 23 0
Mar 18 19:26:29 standalone object-server[124328]: 172.20.0.100 - - [18/Mar/2026:19:26:29 +0000] "GET /d1/612/AUTH_b879e59ffdc345af9dfb871ffff9f6bc/gnocchi.9c46d5d5-6697-41c6-9d5b-a22b6df8d4ae/none_v3" 404 70 "GET http://localhost:8080/v1/AUTH_b879e59ffdc345af9dfb871ffff9f6bc/gnocchi.9c46d5d5-6697-41c6-9d5b-a22b6df8d4ae/none_v3" "tx5bd976e52d764b7eb1670-0069bafc65" "proxy-server 21" 0.0006 "-" 25 0
Mar 18 19:26:29 standalone proxy-server[126157]: 172.18.0.2 ::1 18/Mar/2026/19/26/29 GET /v1/AUTH_b879e59ffdc345af9dfb871ffff9f6bc/gnocchi.9c46d5d5-6697-41c6-9d5b-a22b6df8d4ae/none_v3 HTTP/1.0 404 - python-swiftclient-3.11.1 gAAAAABpuvuvxDwE... - 70 - tx5bd976e52d764b7eb1670-0069bafc65 - 0.0134 - - 1773861989.423467875 1773861989.436839581 0
Mar 18 19:26:29 standalone account-server[124118]: 172.20.0.100 - - [18/Mar/2026:19:26:29 +0000] "PUT /d1/894/AUTH_b879e59ffdc345af9dfb871ffff9f6bc/gnocchi.9c46d5d5-6697-41c6-9d5b-a22b6df8d4ae" 201 - "PUT http://172.20.0.100:6001/d1/446/AUTH_b879e59ffdc345af9dfb871ffff9f6bc/gnocchi.9c46d5d5-6697-41c6-9d5b-a22b6df8d4ae" "txfc7d5d89852d4636b40e6-0069bafc65" "container-server 20" 0.0057 "-" 21 0
Mar 18 19:26:29 standalone container-server[124167]: 172.20.0.100 - - [18/Mar/2026:19:26:29 +0000] "PUT /d1/446/AUTH_b879e59ffdc345af9dfb871ffff9f6bc/gnocchi.9c46d5d5-6697-41c6-9d5b-a22b6df8d4ae" 201 - "PUT http://localhost:8080/v1/AUTH_b879e59ffdc345af9dfb871ffff9f6bc/gnocchi.9c46d5d5-6697-41c6-9d5b-a22b6df8d4ae" "txfc7d5d89852d4636b40e6-0069bafc65" "proxy-server 21" 0.0186 "-" 20 0
Mar 18 19:26:29 standalone proxy-server[126157]: 172.18.0.2 ::1 18/Mar/2026/19/26/29 PUT /v1/AUTH_b879e59ffdc345af9dfb871ffff9f6bc/gnocchi.9c46d5d5-6697-41c6-9d5b-a22b6df8d4ae HTTP/1.0 201 - python-swiftclient-3.11.1 gAAAAABpuvuvxDwE... - - - txfc7d5d89852d4636b40e6-0069bafc65 - 0.0262 - - 1773861989.441534519 1773861989.467772484 0
Mar 18 19:26:29 standalone container-server[124182]: 172.20.0.100 - - [18/Mar/2026:19:26:29 +0000] "HEAD /d1/87/AUTH_b879e59ffdc345af9dfb871ffff9f6bc/gnocchi.64b95e00-6c04-4fb3-8467-214ee63fa9ae" 204 - "HEAD http://localhost:8080/v1/AUTH_b879e59ffdc345af9dfb871ffff9f6bc/gnocchi.64b95e00-6c04-4fb3-8467-214ee63fa9ae?format=json&states=listing" "tx1f1dc8e91a9b43efa717a-0069bafc65" "proxy-server 21" 0.0021 "-" 23 0
Mar 18 19:26:29 standalone proxy-server[126157]: - - 18/Mar/2026/19/26/29 HEAD /v1/AUTH_b879e59ffdc345af9dfb871ffff9f6bc/gnocchi.64b95e00-6c04-4fb3-8467-214ee63fa9ae%3Fformat%3Djson%26states%3Dlisting HTTP/1.0 204 - Swift - - - - tx1f1dc8e91a9b43efa717a-0069bafc65 - 0.0069 RL - 1773861989.475466251 1773861989.482345581 0
Mar 18 19:26:29 standalone container-server[124182]: 172.20.0.100 - - [18/Mar/2026:19:26:29 +0000] "GET /d1/87/AUTH_b879e59ffdc345af9dfb871ffff9f6bc/gnocchi.64b95e00-6c04-4fb3-8467-214ee63fa9ae" 200 2 "GET http://localhost:8080/v1/AUTH_b879e59ffdc345af9dfb871ffff9f6bc/gnocchi.64b95e00-6c04-4fb3-8467-214ee63fa9ae?format=json&states=listing" "tx1f1dc8e91a9b43efa717a-0069bafc65" "proxy-server 21" 0.0033 "-" 23 0
Mar 18 19:26:29 standalone proxy-server[126157]: 172.18.0.2 ::1 18/Mar/2026/19/26/29 GET /v1/AUTH_b879e59ffdc345af9dfb871ffff9f6bc/gnocchi.64b95e00-6c04-4fb3-8467-214ee63fa9ae%3Fformat%3Djson%26states%3Dlisting HTTP/1.0 200 - python-swiftclient-3.11.1 gAAAAABpuvuvxDwE... - 2 - tx1f1dc8e91a9b43efa717a-0069bafc65 - 0.0203 - - 1773861989.473775148 1773861989.494038343 0
Mar 18 19:26:29 standalone container-server[124176]: 172.20.0.100 - - [18/Mar/2026:19:26:29 +0000] "HEAD /d1/446/AUTH_b879e59ffdc345af9dfb871ffff9f6bc/gnocchi.9c46d5d5-6697-41c6-9d5b-a22b6df8d4ae" 204 - "HEAD http://localhost:8080/v1/AUTH_b879e59ffdc345af9dfb871ffff9f6bc/gnocchi.9c46d5d5-6697-41c6-9d5b-a22b6df8d4ae?format=json&states=listing" "tx8bd0294a55134d2fba05d-0069bafc65" "proxy-server 21" 0.0022 "-" 21 0
Mar 18 19:26:29 standalone proxy-server[126157]: - - 18/Mar/2026/19/26/29 HEAD /v1/AUTH_b879e59ffdc345af9dfb871ffff9f6bc/gnocchi.9c46d5d5-6697-41c6-9d5b-a22b6df8d4ae%3Fformat%3Djson%26states%3Dlisting HTTP/1.0 204 - Swift - - - - tx8bd0294a55134d2fba05d-0069bafc65 - 0.0072 RL - 1773861989.501980782 1773861989.509132624 0
Mar 18 19:26:29 standalone container-server[124177]: 172.20.0.100 - - [18/Mar/2026:19:26:29 +0000] "GET /d1/446/AUTH_b879e59ffdc345af9dfb871ffff9f6bc/gnocchi.9c46d5d5-6697-41c6-9d5b-a22b6df8d4ae" 200 2 "GET http://localhost:8080/v1/AUTH_b879e59ffdc345af9dfb871ffff9f6bc/gnocchi.9c46d5d5-6697-41c6-9d5b-a22b6df8d4ae?format=json&states=listing" "tx8bd0294a55134d2fba05d-0069bafc65" "proxy-server 21" 0.0037 "-" 22 0
Mar 18 19:26:29 standalone proxy-server[126157]: 172.18.0.2 ::1 18/Mar/2026/19/26/29 GET /v1/AUTH_b879e59ffdc345af9dfb871ffff9f6bc/gnocchi.9c46d5d5-6697-41c6-9d5b-a22b6df8d4ae%3Fformat%3Djson%26states%3Dlisting HTTP/1.0 200 - python-swiftclient-3.11.1 gAAAAABpuvuvxDwE... - 2 - tx8bd0294a55134d2fba05d-0069bafc65 - 0.0226 - - 1773861989.500414371 1773861989.523027420 0
Mar 18 19:26:29 standalone object-server[124328]: 172.20.0.100 - - [18/Mar/2026:19:26:29 +0000] "GET /d1/699/AUTH_b879e59ffdc345af9dfb871ffff9f6bc/gnocchi.64b95e00-6c04-4fb3-8467-214ee63fa9ae/1773360000.0_mean_300.0_v3" 404 70 "GET http://localhost:8080/v1/AUTH_b879e59ffdc345af9dfb871ffff9f6bc/gnocchi.64b95e00-6c04-4fb3-8467-214ee63fa9ae/1773360000.0_mean_300.0_v3" "tx963544a89643416093a9f-0069bafc65" "proxy-server 21" 0.0007 "-" 25 0
Mar 18 19:26:29 standalone proxy-server[126157]: 172.18.0.2 ::1 18/Mar/2026/19/26/29 GET /v1/AUTH_b879e59ffdc345af9dfb871ffff9f6bc/gnocchi.64b95e00-6c04-4fb3-8467-214ee63fa9ae/1773360000.0_mean_300.0_v3 HTTP/1.0 404 - python-swiftclient-3.11.1 gAAAAABpuvuvxDwE... - 70 - tx963544a89643416093a9f-0069bafc65 - 0.0091 - - 1773861989.528809071 1773861989.537953377 0
Mar 18 19:26:29 standalone object-server[124326]: 172.20.0.100 - - [18/Mar/2026:19:26:29 +0000] "GET /d1/885/AUTH_b879e59ffdc345af9dfb871ffff9f6bc/gnocchi.9c46d5d5-6697-41c6-9d5b-a22b6df8d4ae/1773360000.0_mean_300.0_v3" 404 70 "GET http://localhost:8080/v1/AUTH_b879e59ffdc345af9dfb871ffff9f6bc/gnocchi.9c46d5d5-6697-41c6-9d5b-a22b6df8d4ae/1773360000.0_mean_300.0_v3" "tx399b16bfc269419c8fb5a-0069bafc65" "proxy-server 21" 0.0005 "-" 24 0
Mar 18 19:26:29 standalone proxy-server[126157]: 172.18.0.2 ::1 18/Mar/2026/19/26/29 GET /v1/AUTH_b879e59ffdc345af9dfb871ffff9f6bc/gnocchi.9c46d5d5-6697-41c6-9d5b-a22b6df8d4ae/1773360000.0_mean_300.0_v3 HTTP/1.0 404 - python-swiftclient-3.11.1 gAAAAABpuvuvxDwE... - 70 - tx399b16bfc269419c8fb5a-0069bafc65 - 0.0082 - - 1773861989.542356491 1773861989.550527811 0
Mar 18 19:26:29 standalone container-server[124177]: 172.20.0.100 - - [18/Mar/2026:19:26:29 +0000] "PUT /d1/87/AUTH_b879e59ffdc345af9dfb871ffff9f6bc/gnocchi.64b95e00-6c04-4fb3-8467-214ee63fa9ae/1773360000.0_mean_300.0_v3" 201 - "PUT http://localhost:8080/d1/699/AUTH_b879e59ffdc345af9dfb871ffff9f6bc/gnocchi.64b95e00-6c04-4fb3-8467-214ee63fa9ae/1773360000.0_mean_300.0_v3" "tx836718e98601430c863af-0069bafc65" "object-server 23" 0.0007 "-" 22 0
Mar 18 19:26:29 standalone object-server[124325]: 172.20.0.100 - - [18/Mar/2026:19:26:29 +0000] "PUT /d1/699/AUTH_b879e59ffdc345af9dfb871ffff9f6bc/gnocchi.64b95e00-6c04-4fb3-8467-214ee63fa9ae/1773360000.0_mean_300.0_v3" 201 - "PUT http://localhost:8080/v1/AUTH_b879e59ffdc345af9dfb871ffff9f6bc/gnocchi.64b95e00-6c04-4fb3-8467-214ee63fa9ae/1773360000.0_mean_300.0_v3" "tx836718e98601430c863af-0069bafc65" "proxy-server 21" 0.0129 "-" 23 0
Mar 18 19:26:29 standalone proxy-server[126157]: 172.18.0.2 ::1 18/Mar/2026/19/26/29 PUT /v1/AUTH_b879e59ffdc345af9dfb871ffff9f6bc/gnocchi.64b95e00-6c04-4fb3-8467-214ee63fa9ae/1773360000.0_mean_300.0_v3 HTTP/1.0 201 - python-swiftclient-3.11.1 gAAAAABpuvuvxDwE... 16 - - tx836718e98601430c863af-0069bafc65 - 0.0210 - - 1773861989.560992241 1773861989.581977606 0
Mar 18 19:26:29 standalone container-server[124182]: 172.20.0.100 - - [18/Mar/2026:19:26:29 +0000] "PUT /d1/446/AUTH_b879e59ffdc345af9dfb871ffff9f6bc/gnocchi.9c46d5d5-6697-41c6-9d5b-a22b6df8d4ae/1773360000.0_mean_300.0_v3" 201 - "PUT http://localhost:8080/d1/885/AUTH_b879e59ffdc345af9dfb871ffff9f6bc/gnocchi.9c46d5d5-6697-41c6-9d5b-a22b6df8d4ae/1773360000.0_mean_300.0_v3" "tx755aa82cd51e4b8f9c51b-0069bafc65" "object-server 24" 0.0012 "-" 23 0
Mar 18 19:26:29 standalone object-server[124326]: 172.20.0.100 - - [18/Mar/2026:19:26:29 +0000] "PUT /d1/885/AUTH_b879e59ffdc345af9dfb871ffff9f6bc/gnocchi.9c46d5d5-6697-41c6-9d5b-a22b6df8d4ae/1773360000.0_mean_300.0_v3" 201 - "PUT http://localhost:8080/v1/AUTH_b879e59ffdc345af9dfb871ffff9f6bc/gnocchi.9c46d5d5-6697-41c6-9d5b-a22b6df8d4ae/1773360000.0_mean_300.0_v3" "tx755aa82cd51e4b8f9c51b-0069bafc65" "proxy-server 21" 0.0118 "-" 24 0
Mar 18 19:26:29 standalone proxy-server[126157]: 172.18.0.2 ::1 18/Mar/2026/19/26/29 PUT /v1/AUTH_b879e59ffdc345af9dfb871ffff9f6bc/gnocchi.9c46d5d5-6697-41c6-9d5b-a22b6df8d4ae/1773360000.0_mean_300.0_v3 HTTP/1.0 201 - python-swiftclient-3.11.1 gAAAAABpuvuvxDwE... 16 - - tx755aa82cd51e4b8f9c51b-0069bafc65 - 0.0195 - - 1773861989.586677551 1773861989.606132030 0
Mar 18 19:26:29 standalone container-server[124167]: 172.20.0.100 - - [18/Mar/2026:19:26:29 +0000] "PUT /d1/87/AUTH_b879e59ffdc345af9dfb871ffff9f6bc/gnocchi.64b95e00-6c04-4fb3-8467-214ee63fa9ae/none_v3" 201 - "PUT http://localhost:8080/d1/421/AUTH_b879e59ffdc345af9dfb871ffff9f6bc/gnocchi.64b95e00-6c04-4fb3-8467-214ee63fa9ae/none_v3" "tx91394b159de54e92aa94b-0069bafc65" "object-server 23" 0.0007 "-" 20 0
Mar 18 19:26:29 standalone object-server[124325]: 172.20.0.100 - - [18/Mar/2026:19:26:29 +0000] "PUT /d1/421/AUTH_b879e59ffdc345af9dfb871ffff9f6bc/gnocchi.64b95e00-6c04-4fb3-8467-214ee63fa9ae/none_v3" 201 - "PUT http://localhost:8080/v1/AUTH_b879e59ffdc345af9dfb871ffff9f6bc/gnocchi.64b95e00-6c04-4fb3-8467-214ee63fa9ae/none_v3" "tx91394b159de54e92aa94b-0069bafc65" "proxy-server 21" 0.0112 "-" 23 0
Mar 18 19:26:29 standalone proxy-server[126157]: 172.18.0.2 ::1 18/Mar/2026/19/26/29 PUT /v1/AUTH_b879e59ffdc345af9dfb871ffff9f6bc/gnocchi.64b95e00-6c04-4fb3-8467-214ee63fa9ae/none_v3 HTTP/1.0 201 - python-swiftclient-3.11.1 gAAAAABpuvuvxDwE... 22 - - tx91394b159de54e92aa94b-0069bafc65 - 0.0185 - - 1773861989.610525846 1773861989.629000425 0
Mar 18 19:26:29 standalone container-server[124182]: 172.20.0.100 - - [18/Mar/2026:19:26:29 +0000] "PUT /d1/446/AUTH_b879e59ffdc345af9dfb871ffff9f6bc/gnocchi.9c46d5d5-6697-41c6-9d5b-a22b6df8d4ae/none_v3" 201 - "PUT http://localhost:8080/d1/612/AUTH_b879e59ffdc345af9dfb871ffff9f6bc/gnocchi.9c46d5d5-6697-41c6-9d5b-a22b6df8d4ae/none_v3" "txab0d558e0fc84df2a3b65-0069bafc65" "object-server 23" 0.0007 "-" 23 0
Mar 18 19:26:29 standalone object-server[124325]: 172.20.0.100 - - [18/Mar/2026:19:26:29 +0000] "PUT /d1/612/AUTH_b879e59ffdc345af9dfb871ffff9f6bc/gnocchi.9c46d5d5-6697-41c6-9d5b-a22b6df8d4ae/none_v3" 201 - "PUT http://localhost:8080/v1/AUTH_b879e59ffdc345af9dfb871ffff9f6bc/gnocchi.9c46d5d5-6697-41c6-9d5b-a22b6df8d4ae/none_v3" "txab0d558e0fc84df2a3b65-0069bafc65" "proxy-server 21" 0.0108 "-" 23 0
Mar 18 19:26:29 standalone proxy-server[126157]: 172.18.0.2 ::1 18/Mar/2026/19/26/29 PUT /v1/AUTH_b879e59ffdc345af9dfb871ffff9f6bc/gnocchi.9c46d5d5-6697-41c6-9d5b-a22b6df8d4ae/none_v3 HTTP/1.0 201 - python-swiftclient-3.11.1 gAAAAABpuvuvxDwE... 22 - - txab0d558e0fc84df2a3b65-0069bafc65 - 0.0188 - - 1773861989.635721445 1773861989.654482126 0
Mar 18 19:26:29 standalone container-server[124176]: 172.20.0.100 - - [18/Mar/2026:19:26:29 +0000] "HEAD /d1/484/AUTH_b879e59ffdc345af9dfb871ffff9f6bc/gnocchi.c98a1d42-db95-4708-814c-0228cdbb2ebe" 404 - "HEAD http://localhost:8080/v1/AUTH_b879e59ffdc345af9dfb871ffff9f6bc/gnocchi.c98a1d42-db95-4708-814c-0228cdbb2ebe?format=json&states=listing" "txc1a96cda51314dfdbaee2-0069bafc65" "proxy-server 21" 0.0006 "-" 21 0
Mar 18 19:26:29 standalone object-server[124325]: 172.20.0.100 - - [18/Mar/2026:19:26:29 +0000] "GET /d1/329/AUTH_b879e59ffdc345af9dfb871ffff9f6bc/gnocchi.c98a1d42-db95-4708-814c-0228cdbb2ebe/none_v3" 404 70 "GET http://localhost:8080/v1/AUTH_b879e59ffdc345af9dfb871ffff9f6bc/gnocchi.c98a1d42-db95-4708-814c-0228cdbb2ebe/none_v3" "txc1a96cda51314dfdbaee2-0069bafc65" "proxy-server 21" 0.0005 "-" 23 0
Mar 18 19:26:29 standalone proxy-server[126157]: 172.18.0.2 ::1 18/Mar/2026/19/26/29 GET /v1/AUTH_b879e59ffdc345af9dfb871ffff9f6bc/gnocchi.c98a1d42-db95-4708-814c-0228cdbb2ebe/none_v3 HTTP/1.0 404 - python-swiftclient-3.11.1 gAAAAABpuvuvxDwE... - 70 - txc1a96cda51314dfdbaee2-0069bafc65 - 0.0146 - - 1773861989.673501253 1773861989.688083410 0
Mar 18 19:26:29 standalone account-server[124118]: 172.20.0.100 - - [18/Mar/2026:19:26:29 +0000] "PUT /d1/894/AUTH_b879e59ffdc345af9dfb871ffff9f6bc/gnocchi.c98a1d42-db95-4708-814c-0228cdbb2ebe" 201 - "PUT http://172.20.0.100:6001/d1/484/AUTH_b879e59ffdc345af9dfb871ffff9f6bc/gnocchi.c98a1d42-db95-4708-814c-0228cdbb2ebe" "tx904a5c961ae044c5821bd-0069bafc65" "container-server 22" 0.0063 "-" 21 0
Mar 18 19:26:29 standalone container-server[124177]: 172.20.0.100 - - [18/Mar/2026:19:26:29 +0000] "PUT /d1/484/AUTH_b879e59ffdc345af9dfb871ffff9f6bc/gnocchi.c98a1d42-db95-4708-814c-0228cdbb2ebe" 201 - "PUT http://localhost:8080/v1/AUTH_b879e59ffdc345af9dfb871ffff9f6bc/gnocchi.c98a1d42-db95-4708-814c-0228cdbb2ebe" "tx904a5c961ae044c5821bd-0069bafc65" "proxy-server 21" 0.0209 "-" 22 0
Mar 18 19:26:29 standalone proxy-server[126157]: 172.18.0.2 ::1 18/Mar/2026/19/26/29 PUT /v1/AUTH_b879e59ffdc345af9dfb871ffff9f6bc/gnocchi.c98a1d42-db95-4708-814c-0228cdbb2ebe HTTP/1.0 201 - python-swiftclient-3.11.1 gAAAAABpuvuvxDwE... - - - tx904a5c961ae044c5821bd-0069bafc65 - 0.0283 - - 1773861989.693140030 1773861989.721402645 0
Mar 18 19:26:29 standalone container-server[124177]: 172.20.0.100 - - [18/Mar/2026:19:26:29 +0000] "HEAD /d1/484/AUTH_b879e59ffdc345af9dfb871ffff9f6bc/gnocchi.c98a1d42-db95-4708-814c-0228cdbb2ebe" 204 - "HEAD http://localhost:8080/v1/AUTH_b879e59ffdc345af9dfb871ffff9f6bc/gnocchi.c98a1d42-db95-4708-814c-0228cdbb2ebe?format=json&states=listing" "tx1198cc97cf13454b96b05-0069bafc65" "proxy-server 21" 0.0019 "-" 22 0
Mar 18 19:26:29 standalone proxy-server[126157]: - - 18/Mar/2026/19/26/29 HEAD /v1/AUTH_b879e59ffdc345af9dfb871ffff9f6bc/gnocchi.c98a1d42-db95-4708-814c-0228cdbb2ebe%3Fformat%3Djson%26states%3Dlisting HTTP/1.0 204 - Swift - - - - tx1198cc97cf13454b96b05-0069bafc65 - 0.0080 RL - 1773861989.728259802 1773861989.736250401 0
Mar 18 19:26:29 standalone container-server[124176]: 172.20.0.100 - - [18/Mar/2026:19:26:29 +0000] "GET /d1/484/AUTH_b879e59ffdc345af9dfb871ffff9f6bc/gnocchi.c98a1d42-db95-4708-814c-0228cdbb2ebe" 200 2 "GET http://localhost:8080/v1/AUTH_b879e59ffdc345af9dfb871ffff9f6bc/gnocchi.c98a1d42-db95-4708-814c-0228cdbb2ebe?format=json&states=listing" "tx1198cc97cf13454b96b05-0069bafc65" "proxy-server 21" 0.0036 "-" 21 0
Mar 18 19:26:29 standalone proxy-server[126157]: 172.18.0.2 ::1 18/Mar/2026/19/26/29 GET /v1/AUTH_b879e59ffdc345af9dfb871ffff9f6bc/gnocchi.c98a1d42-db95-4708-814c-0228cdbb2ebe%3Fformat%3Djson%26states%3Dlisting HTTP/1.0 200 - python-swiftclient-3.11.1 gAAAAABpuvuvxDwE... - 2 - tx1198cc97cf13454b96b05-0069bafc65 - 0.0299 - - 1773861989.726437569 1773861989.756339312 0
Mar 18 19:26:29 standalone object-server[124323]: 172.20.0.100 - - [18/Mar/2026:19:26:29 +0000] "GET /d1/222/AUTH_b879e59ffdc345af9dfb871ffff9f6bc/gnocchi.c98a1d42-db95-4708-814c-0228cdbb2ebe/1773360000.0_mean_300.0_v3" 404 70 "GET http://localhost:8080/v1/AUTH_b879e59ffdc345af9dfb871ffff9f6bc/gnocchi.c98a1d42-db95-4708-814c-0228cdbb2ebe/1773360000.0_mean_300.0_v3" "tx37989a6fecac412aa891e-0069bafc65" "proxy-server 21" 0.0005 "-" 22 0
Mar 18 19:26:29 standalone proxy-server[126157]: 172.18.0.2 ::1 18/Mar/2026/19/26/29 GET /v1/AUTH_b879e59ffdc345af9dfb871ffff9f6bc/gnocchi.c98a1d42-db95-4708-814c-0228cdbb2ebe/1773360000.0_mean_300.0_v3 HTTP/1.0 404 - python-swiftclient-3.11.1 gAAAAABpuvuvxDwE... - 70 - tx37989a6fecac412aa891e-0069bafc65 - 0.0081 - - 1773861989.761773109 1773861989.769904375 0
Mar 18 19:26:29 standalone container-server[124176]: 172.20.0.100 - - [18/Mar/2026:19:26:29 +0000] "PUT /d1/484/AUTH_b879e59ffdc345af9dfb871ffff9f6bc/gnocchi.c98a1d42-db95-4708-814c-0228cdbb2ebe/1773360000.0_mean_300.0_v3" 201 - "PUT http://localhost:8080/d1/222/AUTH_b879e59ffdc345af9dfb871ffff9f6bc/gnocchi.c98a1d42-db95-4708-814c-0228cdbb2ebe/1773360000.0_mean_300.0_v3" "tx1112885d9f154e5687e67-0069bafc65" "object-server 22" 0.0008 "-" 21 0
Mar 18 19:26:29 standalone object-server[124323]: 172.20.0.100 - - [18/Mar/2026:19:26:29 +0000] "PUT /d1/222/AUTH_b879e59ffdc345af9dfb871ffff9f6bc/gnocchi.c98a1d42-db95-4708-814c-0228cdbb2ebe/1773360000.0_mean_300.0_v3" 201 - "PUT http://localhost:8080/v1/AUTH_b879e59ffdc345af9dfb871ffff9f6bc/gnocchi.c98a1d42-db95-4708-814c-0228cdbb2ebe/1773360000.0_mean_300.0_v3" "tx1112885d9f154e5687e67-0069bafc65" "proxy-server 21" 0.0657 "-" 22 0
Mar 18 19:26:29 standalone proxy-server[126157]: 172.18.0.2 ::1 18/Mar/2026/19/26/29 PUT /v1/AUTH_b879e59ffdc345af9dfb871ffff9f6bc/gnocchi.c98a1d42-db95-4708-814c-0228cdbb2ebe/1773360000.0_mean_300.0_v3 HTTP/1.0 201 - python-swiftclient-3.11.1 gAAAAABpuvuvxDwE... 16 - - tx1112885d9f154e5687e67-0069bafc65 - 0.0733 - - 1773861989.774440765 1773861989.847754955 0
Mar 18 19:26:29 standalone container-server[124182]: 172.20.0.100 - - [18/Mar/2026:19:26:29 +0000] "PUT /d1/484/AUTH_b879e59ffdc345af9dfb871ffff9f6bc/gnocchi.c98a1d42-db95-4708-814c-0228cdbb2ebe/none_v3" 201 - "PUT http://localhost:8080/d1/329/AUTH_b879e59ffdc345af9dfb871ffff9f6bc/gnocchi.c98a1d42-db95-4708-814c-0228cdbb2ebe/none_v3" "tx4e760ea8f0da4dfaa4738-0069bafc65" "object-server 22" 0.0006 "-" 23 0
Mar 18 19:26:29 standalone object-server[124323]: 172.20.0.100 - - [18/Mar/2026:19:26:29 +0000] "PUT /d1/329/AUTH_b879e59ffdc345af9dfb871ffff9f6bc/gnocchi.c98a1d42-db95-4708-814c-0228cdbb2ebe/none_v3" 201 - "PUT http://localhost:8080/v1/AUTH_b879e59ffdc345af9dfb871ffff9f6bc/gnocchi.c98a1d42-db95-4708-814c-0228cdbb2ebe/none_v3" "tx4e760ea8f0da4dfaa4738-0069bafc65" "proxy-server 21" 0.0085 "-" 22 0
Mar 18 19:26:29 standalone proxy-server[126157]: 172.18.0.2 ::1 18/Mar/2026/19/26/29 PUT /v1/AUTH_b879e59ffdc345af9dfb871ffff9f6bc/gnocchi.c98a1d42-db95-4708-814c-0228cdbb2ebe/none_v3 HTTP/1.0 201 - python-swiftclient-3.11.1 gAAAAABpuvuvxDwE... 22 - - tx4e760ea8f0da4dfaa4738-0069bafc65 - 0.0135 - - 1773861989.851508141 1773861989.864984035 0
Mar 18 19:26:29 standalone container-server[124176]: 172.20.0.100 - - [18/Mar/2026:19:26:29 +0000] "HEAD /d1/499/AUTH_b879e59ffdc345af9dfb871ffff9f6bc/gnocchi.9084357e-ba92-4eef-b883-7566047255d2" 404 - "HEAD http://localhost:8080/v1/AUTH_b879e59ffdc345af9dfb871ffff9f6bc/gnocchi.9084357e-ba92-4eef-b883-7566047255d2?format=json&states=listing" "tx542aea721a4749d48c5d4-0069bafc65" "proxy-server 21" 0.0004 "-" 21 0
Mar 18 19:26:29 standalone object-server[124326]: 172.20.0.100 - - [18/Mar/2026:19:26:29 +0000] "GET /d1/850/AUTH_b879e59ffdc345af9dfb871ffff9f6bc/gnocchi.9084357e-ba92-4eef-b883-7566047255d2/none_v3" 404 70 "GET http://localhost:8080/v1/AUTH_b879e59ffdc345af9dfb871ffff9f6bc/gnocchi.9084357e-ba92-4eef-b883-7566047255d2/none_v3" "tx542aea721a4749d48c5d4-0069bafc65" "proxy-server 21" 0.0011 "-" 24 0
Mar 18 19:26:29 standalone proxy-server[126157]: 172.18.0.2 ::1 18/Mar/2026/19/26/29 GET /v1/AUTH_b879e59ffdc345af9dfb871ffff9f6bc/gnocchi.9084357e-ba92-4eef-b883-7566047255d2/none_v3 HTTP/1.0 404 - python-swiftclient-3.11.1 gAAAAABpuvuvxDwE... - 70 - tx542aea721a4749d48c5d4-0069bafc65 - 0.0132 - - 1773861989.876539230 1773861989.889722586 0
Mar 18 19:26:29 standalone account-server[124111]: 172.20.0.100 - - [18/Mar/2026:19:26:29 +0000] "PUT /d1/894/AUTH_b879e59ffdc345af9dfb871ffff9f6bc/gnocchi.9084357e-ba92-4eef-b883-7566047255d2" 201 - "PUT http://172.20.0.100:6001/d1/499/AUTH_b879e59ffdc345af9dfb871ffff9f6bc/gnocchi.9084357e-ba92-4eef-b883-7566047255d2" "txc4168daf1a0d47a28d6ec-0069bafc65" "container-server 22" 0.0051 "-" 20 0
Mar 18 19:26:29 standalone container-server[124177]: 172.20.0.100 - - [18/Mar/2026:19:26:29 +0000] "PUT /d1/499/AUTH_b879e59ffdc345af9dfb871ffff9f6bc/gnocchi.9084357e-ba92-4eef-b883-7566047255d2" 201 - "PUT http://localhost:8080/v1/AUTH_b879e59ffdc345af9dfb871ffff9f6bc/gnocchi.9084357e-ba92-4eef-b883-7566047255d2" "txc4168daf1a0d47a28d6ec-0069bafc65" "proxy-server 21" 0.0193 "-" 22 0
Mar 18 19:26:29 standalone proxy-server[126157]: 172.18.0.2 ::1 18/Mar/2026/19/26/29 PUT /v1/AUTH_b879e59ffdc345af9dfb871ffff9f6bc/gnocchi.9084357e-ba92-4eef-b883-7566047255d2 HTTP/1.0 201 - python-swiftclient-3.11.1 gAAAAABpuvuvxDwE... - - - txc4168daf1a0d47a28d6ec-0069bafc65 - 0.0260 - - 1773861989.893044949 1773861989.919072866 0
Mar 18 19:26:29 standalone container-server[124176]: 172.20.0.100 - - [18/Mar/2026:19:26:29 +0000] "HEAD /d1/499/AUTH_b879e59ffdc345af9dfb871ffff9f6bc/gnocchi.9084357e-ba92-4eef-b883-7566047255d2" 204 - "HEAD http://localhost:8080/v1/AUTH_b879e59ffdc345af9dfb871ffff9f6bc/gnocchi.9084357e-ba92-4eef-b883-7566047255d2?format=json&states=listing" "tx04914889ccc8491b9db0c-0069bafc65" "proxy-server 21" 0.0015 "-" 21 0
Mar 18 19:26:29 standalone proxy-server[126157]: - - 18/Mar/2026/19/26/29 HEAD /v1/AUTH_b879e59ffdc345af9dfb871ffff9f6bc/gnocchi.9084357e-ba92-4eef-b883-7566047255d2%3Fformat%3Djson%26states%3Dlisting HTTP/1.0 204 - Swift - - - - tx04914889ccc8491b9db0c-0069bafc65 - 0.0059 RL - 1773861989.924956322 1773861989.930850029 0
