Mar 18 19:26:29 standalone container-server[124177]: 172.20.0.100 - - [18/Mar/2026:19:26:29 +0000] "GET /d1/499/AUTH_b879e59ffdc345af9dfb871ffff9f6bc/gnocchi.9084357e-ba92-4eef-b883-7566047255d2" 200 2 "GET http://localhost:8080/v1/AUTH_b879e59ffdc345af9dfb871ffff9f6bc/gnocchi.9084357e-ba92-4eef-b883-7566047255d2?format=json&states=listing" "tx04914889ccc8491b9db0c-0069bafc65" "proxy-server 21" 0.0040 "-" 22 0
Mar 18 19:26:29 standalone proxy-server[126157]: 172.18.0.2 ::1 18/Mar/2026/19/26/29 GET /v1/AUTH_b879e59ffdc345af9dfb871ffff9f6bc/gnocchi.9084357e-ba92-4eef-b883-7566047255d2%3Fformat%3Djson%26states%3Dlisting HTTP/1.0 200 - python-swiftclient-3.11.1 gAAAAABpuvuvxDwE... - 2 - tx04914889ccc8491b9db0c-0069bafc65 - 0.0219 - - 1773861989.923277378 1773861989.945149183 0
Mar 18 19:26:29 standalone object-server[124323]: 172.20.0.100 - - [18/Mar/2026:19:26:29 +0000] "GET /d1/703/AUTH_b879e59ffdc345af9dfb871ffff9f6bc/gnocchi.9084357e-ba92-4eef-b883-7566047255d2/1773360000.0_mean_300.0_v3" 404 70 "GET http://localhost:8080/v1/AUTH_b879e59ffdc345af9dfb871ffff9f6bc/gnocchi.9084357e-ba92-4eef-b883-7566047255d2/1773360000.0_mean_300.0_v3" "tx1c1e4dca6b2a4080be885-0069bafc65" "proxy-server 21" 0.0004 "-" 22 0
Mar 18 19:26:29 standalone proxy-server[126157]: 172.18.0.2 ::1 18/Mar/2026/19/26/29 GET /v1/AUTH_b879e59ffdc345af9dfb871ffff9f6bc/gnocchi.9084357e-ba92-4eef-b883-7566047255d2/1773360000.0_mean_300.0_v3 HTTP/1.0 404 - python-swiftclient-3.11.1 gAAAAABpuvuvxDwE... - 70 - tx1c1e4dca6b2a4080be885-0069bafc65 - 0.0073 - - 1773861989.949441195 1773861989.956743717 0
Mar 18 19:26:29 standalone container-server[124182]: 172.20.0.100 - - [18/Mar/2026:19:26:29 +0000] "PUT /d1/499/AUTH_b879e59ffdc345af9dfb871ffff9f6bc/gnocchi.9084357e-ba92-4eef-b883-7566047255d2/1773360000.0_mean_300.0_v3" 201 - "PUT http://localhost:8080/d1/703/AUTH_b879e59ffdc345af9dfb871ffff9f6bc/gnocchi.9084357e-ba92-4eef-b883-7566047255d2/1773360000.0_mean_300.0_v3" "txa3d8d09ea0034266b52a1-0069bafc65" "object-server 22" 0.0009 "-" 23 0
Mar 18 19:26:29 standalone object-server[124323]: 172.20.0.100 - - [18/Mar/2026:19:26:29 +0000] "PUT /d1/703/AUTH_b879e59ffdc345af9dfb871ffff9f6bc/gnocchi.9084357e-ba92-4eef-b883-7566047255d2/1773360000.0_mean_300.0_v3" 201 - "PUT http://localhost:8080/v1/AUTH_b879e59ffdc345af9dfb871ffff9f6bc/gnocchi.9084357e-ba92-4eef-b883-7566047255d2/1773360000.0_mean_300.0_v3" "txa3d8d09ea0034266b52a1-0069bafc65" "proxy-server 21" 0.0102 "-" 22 0
Mar 18 19:26:29 standalone proxy-server[126157]: 172.18.0.2 ::1 18/Mar/2026/19/26/29 PUT /v1/AUTH_b879e59ffdc345af9dfb871ffff9f6bc/gnocchi.9084357e-ba92-4eef-b883-7566047255d2/1773360000.0_mean_300.0_v3 HTTP/1.0 201 - python-swiftclient-3.11.1 gAAAAABpuvuvxDwE... 16 - - txa3d8d09ea0034266b52a1-0069bafc65 - 0.0170 - - 1773861989.960277557 1773861989.977298975 0
Mar 18 19:26:29 standalone container-server[124182]: 172.20.0.100 - - [18/Mar/2026:19:26:29 +0000] "PUT /d1/499/AUTH_b879e59ffdc345af9dfb871ffff9f6bc/gnocchi.9084357e-ba92-4eef-b883-7566047255d2/none_v3" 201 - "PUT http://localhost:8080/d1/850/AUTH_b879e59ffdc345af9dfb871ffff9f6bc/gnocchi.9084357e-ba92-4eef-b883-7566047255d2/none_v3" "tx89989101b5a041da8d521-0069bafc65" "object-server 24" 0.0006 "-" 23 0
Mar 18 19:26:29 standalone object-server[124326]: 172.20.0.100 - - [18/Mar/2026:19:26:29 +0000] "PUT /d1/850/AUTH_b879e59ffdc345af9dfb871ffff9f6bc/gnocchi.9084357e-ba92-4eef-b883-7566047255d2/none_v3" 201 - "PUT http://localhost:8080/v1/AUTH_b879e59ffdc345af9dfb871ffff9f6bc/gnocchi.9084357e-ba92-4eef-b883-7566047255d2/none_v3" "tx89989101b5a041da8d521-0069bafc65" "proxy-server 21" 0.0108 "-" 24 0
Mar 18 19:26:30 standalone proxy-server[126157]: 172.18.0.2 ::1 18/Mar/2026/19/26/30 PUT /v1/AUTH_b879e59ffdc345af9dfb871ffff9f6bc/gnocchi.9084357e-ba92-4eef-b883-7566047255d2/none_v3 HTTP/1.0 201 - python-swiftclient-3.11.1 gAAAAABpuvuvxDwE... 22 - - tx89989101b5a041da8d521-0069bafc65 - 0.0202 - - 1773861989.980634451 1773861990.000869274 0
Mar 18 19:26:30 standalone container-server[124177]: 172.20.0.100 - - [18/Mar/2026:19:26:30 +0000] "HEAD /d1/329/AUTH_b879e59ffdc345af9dfb871ffff9f6bc/gnocchi.24f069b6-68bc-4dc6-98f8-5ea73f0697ce" 404 - "HEAD http://localhost:8080/v1/AUTH_b879e59ffdc345af9dfb871ffff9f6bc/gnocchi.24f069b6-68bc-4dc6-98f8-5ea73f0697ce?format=json&states=listing" "tx5e638299b079428e831ea-0069bafc66" "proxy-server 21" 0.0006 "-" 22 0
Mar 18 19:26:30 standalone object-server[124328]: 172.20.0.100 - - [18/Mar/2026:19:26:30 +0000] "GET /d1/964/AUTH_b879e59ffdc345af9dfb871ffff9f6bc/gnocchi.24f069b6-68bc-4dc6-98f8-5ea73f0697ce/none_v3" 404 70 "GET http://localhost:8080/v1/AUTH_b879e59ffdc345af9dfb871ffff9f6bc/gnocchi.24f069b6-68bc-4dc6-98f8-5ea73f0697ce/none_v3" "tx5e638299b079428e831ea-0069bafc66" "proxy-server 21" 0.0003 "-" 25 0
Mar 18 19:26:30 standalone proxy-server[126157]: 172.18.0.2 ::1 18/Mar/2026/19/26/30 GET /v1/AUTH_b879e59ffdc345af9dfb871ffff9f6bc/gnocchi.24f069b6-68bc-4dc6-98f8-5ea73f0697ce/none_v3 HTTP/1.0 404 - python-swiftclient-3.11.1 gAAAAABpuvuvxDwE... - 70 - tx5e638299b079428e831ea-0069bafc66 - 0.0129 - - 1773861990.014263153 1773861990.027115583 0
Mar 18 19:26:30 standalone account-server[124111]: 172.20.0.100 - - [18/Mar/2026:19:26:30 +0000] "PUT /d1/894/AUTH_b879e59ffdc345af9dfb871ffff9f6bc/gnocchi.24f069b6-68bc-4dc6-98f8-5ea73f0697ce" 201 - "PUT http://172.20.0.100:6001/d1/329/AUTH_b879e59ffdc345af9dfb871ffff9f6bc/gnocchi.24f069b6-68bc-4dc6-98f8-5ea73f0697ce" "tx3408ad22f4894c17beea9-0069bafc66" "container-server 21" 0.0047 "-" 20 0
Mar 18 19:26:30 standalone container-server[124176]: 172.20.0.100 - - [18/Mar/2026:19:26:30 +0000] "PUT /d1/329/AUTH_b879e59ffdc345af9dfb871ffff9f6bc/gnocchi.24f069b6-68bc-4dc6-98f8-5ea73f0697ce" 201 - "PUT http://localhost:8080/v1/AUTH_b879e59ffdc345af9dfb871ffff9f6bc/gnocchi.24f069b6-68bc-4dc6-98f8-5ea73f0697ce" "tx3408ad22f4894c17beea9-0069bafc66" "proxy-server 21" 0.0158 "-" 21 0
Mar 18 19:26:30 standalone proxy-server[126157]: 172.18.0.2 ::1 18/Mar/2026/19/26/30 PUT /v1/AUTH_b879e59ffdc345af9dfb871ffff9f6bc/gnocchi.24f069b6-68bc-4dc6-98f8-5ea73f0697ce HTTP/1.0 201 - python-swiftclient-3.11.1 gAAAAABpuvuvxDwE... - - - tx3408ad22f4894c17beea9-0069bafc66 - 0.0220 - - 1773861990.030443668 1773861990.052406073 0
Mar 18 19:26:30 standalone container-server[124176]: 172.20.0.100 - - [18/Mar/2026:19:26:30 +0000] "HEAD /d1/329/AUTH_b879e59ffdc345af9dfb871ffff9f6bc/gnocchi.24f069b6-68bc-4dc6-98f8-5ea73f0697ce" 204 - "HEAD http://localhost:8080/v1/AUTH_b879e59ffdc345af9dfb871ffff9f6bc/gnocchi.24f069b6-68bc-4dc6-98f8-5ea73f0697ce?format=json&states=listing" "txca250123b9b842c6b1823-0069bafc66" "proxy-server 21" 0.0013 "-" 21 0
Mar 18 19:26:30 standalone proxy-server[126157]: - - 18/Mar/2026/19/26/30 HEAD /v1/AUTH_b879e59ffdc345af9dfb871ffff9f6bc/gnocchi.24f069b6-68bc-4dc6-98f8-5ea73f0697ce%3Fformat%3Djson%26states%3Dlisting HTTP/1.0 204 - Swift - - - - txca250123b9b842c6b1823-0069bafc66 - 0.0051 RL - 1773861990.058391809 1773861990.063511133 0
Mar 18 19:26:30 standalone container-server[124167]: 172.20.0.100 - - [18/Mar/2026:19:26:30 +0000] "GET /d1/329/AUTH_b879e59ffdc345af9dfb871ffff9f6bc/gnocchi.24f069b6-68bc-4dc6-98f8-5ea73f0697ce" 200 2 "GET http://localhost:8080/v1/AUTH_b879e59ffdc345af9dfb871ffff9f6bc/gnocchi.24f069b6-68bc-4dc6-98f8-5ea73f0697ce?format=json&states=listing" "txca250123b9b842c6b1823-0069bafc66" "proxy-server 21" 0.0036 "-" 20 0
Mar 18 19:26:30 standalone proxy-server[126157]: 172.18.0.2 ::1 18/Mar/2026/19/26/30 GET /v1/AUTH_b879e59ffdc345af9dfb871ffff9f6bc/gnocchi.24f069b6-68bc-4dc6-98f8-5ea73f0697ce%3Fformat%3Djson%26states%3Dlisting HTTP/1.0 200 - python-swiftclient-3.11.1 gAAAAABpuvuvxDwE... - 2 - txca250123b9b842c6b1823-0069bafc66 - 0.0195 - - 1773861990.056282520 1773861990.075789928 0
Mar 18 19:26:30 standalone object-server[124328]: 172.20.0.100 - - [18/Mar/2026:19:26:30 +0000] "GET /d1/188/AUTH_b879e59ffdc345af9dfb871ffff9f6bc/gnocchi.24f069b6-68bc-4dc6-98f8-5ea73f0697ce/1773360000.0_mean_300.0_v3" 404 70 "GET http://localhost:8080/v1/AUTH_b879e59ffdc345af9dfb871ffff9f6bc/gnocchi.24f069b6-68bc-4dc6-98f8-5ea73f0697ce/1773360000.0_mean_300.0_v3" "txed2cd7fd82a74f1e90434-0069bafc66" "proxy-server 21" 0.0003 "-" 25 0
Mar 18 19:26:30 standalone proxy-server[126157]: 172.18.0.2 ::1 18/Mar/2026/19/26/30 GET /v1/AUTH_b879e59ffdc345af9dfb871ffff9f6bc/gnocchi.24f069b6-68bc-4dc6-98f8-5ea73f0697ce/1773360000.0_mean_300.0_v3 HTTP/1.0 404 - python-swiftclient-3.11.1 gAAAAABpuvuvxDwE... - 70 - txed2cd7fd82a74f1e90434-0069bafc66 - 0.0068 - - 1773861990.079820395 1773861990.086661100 0
Mar 18 19:26:30 standalone container-server[124167]: 172.20.0.100 - - [18/Mar/2026:19:26:30 +0000] "PUT /d1/329/AUTH_b879e59ffdc345af9dfb871ffff9f6bc/gnocchi.24f069b6-68bc-4dc6-98f8-5ea73f0697ce/1773360000.0_mean_300.0_v3" 201 - "PUT http://localhost:8080/d1/188/AUTH_b879e59ffdc345af9dfb871ffff9f6bc/gnocchi.24f069b6-68bc-4dc6-98f8-5ea73f0697ce/1773360000.0_mean_300.0_v3" "tx3cb6f5fb5e14435f9589f-0069bafc66" "object-server 24" 0.0007 "-" 20 0
Mar 18 19:26:30 standalone object-server[124326]: 172.20.0.100 - - [18/Mar/2026:19:26:30 +0000] "PUT /d1/188/AUTH_b879e59ffdc345af9dfb871ffff9f6bc/gnocchi.24f069b6-68bc-4dc6-98f8-5ea73f0697ce/1773360000.0_mean_300.0_v3" 201 - "PUT http://localhost:8080/v1/AUTH_b879e59ffdc345af9dfb871ffff9f6bc/gnocchi.24f069b6-68bc-4dc6-98f8-5ea73f0697ce/1773360000.0_mean_300.0_v3" "tx3cb6f5fb5e14435f9589f-0069bafc66" "proxy-server 21" 0.0138 "-" 24 0
Mar 18 19:26:30 standalone proxy-server[126157]: 172.18.0.2 ::1 18/Mar/2026/19/26/30 PUT /v1/AUTH_b879e59ffdc345af9dfb871ffff9f6bc/gnocchi.24f069b6-68bc-4dc6-98f8-5ea73f0697ce/1773360000.0_mean_300.0_v3 HTTP/1.0 201 - python-swiftclient-3.11.1 gAAAAABpuvuvxDwE... 16 - - tx3cb6f5fb5e14435f9589f-0069bafc66 - 0.0210 - - 1773861990.090535641 1773861990.111573935 0
Mar 18 19:26:30 standalone container-server[124167]: 172.20.0.100 - - [18/Mar/2026:19:26:30 +0000] "PUT /d1/329/AUTH_b879e59ffdc345af9dfb871ffff9f6bc/gnocchi.24f069b6-68bc-4dc6-98f8-5ea73f0697ce/none_v3" 201 - "PUT http://localhost:8080/d1/964/AUTH_b879e59ffdc345af9dfb871ffff9f6bc/gnocchi.24f069b6-68bc-4dc6-98f8-5ea73f0697ce/none_v3" "txe6b7d2191f37404c946b7-0069bafc66" "object-server 25" 0.0009 "-" 20 0
Mar 18 19:26:30 standalone object-server[124328]: 172.20.0.100 - - [18/Mar/2026:19:26:30 +0000] "PUT /d1/964/AUTH_b879e59ffdc345af9dfb871ffff9f6bc/gnocchi.24f069b6-68bc-4dc6-98f8-5ea73f0697ce/none_v3" 201 - "PUT http://localhost:8080/v1/AUTH_b879e59ffdc345af9dfb871ffff9f6bc/gnocchi.24f069b6-68bc-4dc6-98f8-5ea73f0697ce/none_v3" "txe6b7d2191f37404c946b7-0069bafc66" "proxy-server 21" 0.0102 "-" 25 0
Mar 18 19:26:30 standalone proxy-server[126157]: 172.18.0.2 ::1 18/Mar/2026/19/26/30 PUT /v1/AUTH_b879e59ffdc345af9dfb871ffff9f6bc/gnocchi.24f069b6-68bc-4dc6-98f8-5ea73f0697ce/none_v3 HTTP/1.0 201 - python-swiftclient-3.11.1 gAAAAABpuvuvxDwE... 22 - - txe6b7d2191f37404c946b7-0069bafc66 - 0.0167 - - 1773861990.114729166 1773861990.131408691 0
Mar 18 19:26:30 standalone container-server[124176]: 172.20.0.100 - - [18/Mar/2026:19:26:30 +0000] "HEAD /d1/962/AUTH_b879e59ffdc345af9dfb871ffff9f6bc/gnocchi.d32ce37f-480c-4cbd-8564-b99a7bde1798" 404 - "HEAD http://localhost:8080/v1/AUTH_b879e59ffdc345af9dfb871ffff9f6bc/gnocchi.d32ce37f-480c-4cbd-8564-b99a7bde1798?format=json&states=listing" "txab5d6d30a2b9420bb2879-0069bafc66" "proxy-server 21" 0.0006 "-" 21 0
Mar 18 19:26:30 standalone object-server[124328]: 172.20.0.100 - - [18/Mar/2026:19:26:30 +0000] "GET /d1/797/AUTH_b879e59ffdc345af9dfb871ffff9f6bc/gnocchi.d32ce37f-480c-4cbd-8564-b99a7bde1798/none_v3" 404 70 "GET http://localhost:8080/v1/AUTH_b879e59ffdc345af9dfb871ffff9f6bc/gnocchi.d32ce37f-480c-4cbd-8564-b99a7bde1798/none_v3" "txab5d6d30a2b9420bb2879-0069bafc66" "proxy-server 21" 0.0004 "-" 25 0
Mar 18 19:26:30 standalone proxy-server[126157]: 172.18.0.2 ::1 18/Mar/2026/19/26/30 GET /v1/AUTH_b879e59ffdc345af9dfb871ffff9f6bc/gnocchi.d32ce37f-480c-4cbd-8564-b99a7bde1798/none_v3 HTTP/1.0 404 - python-swiftclient-3.11.1 gAAAAABpuvuvxDwE... - 70 - txab5d6d30a2b9420bb2879-0069bafc66 - 0.0454 - - 1773861990.143393278 1773861990.188761950 0
Mar 18 19:26:30 standalone account-server[124111]: 172.20.0.100 - - [18/Mar/2026:19:26:30 +0000] "PUT /d1/894/AUTH_b879e59ffdc345af9dfb871ffff9f6bc/gnocchi.d32ce37f-480c-4cbd-8564-b99a7bde1798" 201 - "PUT http://172.20.0.100:6001/d1/962/AUTH_b879e59ffdc345af9dfb871ffff9f6bc/gnocchi.d32ce37f-480c-4cbd-8564-b99a7bde1798" "tx454da53a23f34f5fac13f-0069bafc66" "container-server 23" 0.0063 "-" 20 0
Mar 18 19:26:30 standalone container-server[124182]: 172.20.0.100 - - [18/Mar/2026:19:26:30 +0000] "PUT /d1/962/AUTH_b879e59ffdc345af9dfb871ffff9f6bc/gnocchi.d32ce37f-480c-4cbd-8564-b99a7bde1798" 201 - "PUT http://localhost:8080/v1/AUTH_b879e59ffdc345af9dfb871ffff9f6bc/gnocchi.d32ce37f-480c-4cbd-8564-b99a7bde1798" "tx454da53a23f34f5fac13f-0069bafc66" "proxy-server 21" 0.0193 "-" 23 0
Mar 18 19:26:30 standalone proxy-server[126157]: 172.18.0.2 ::1 18/Mar/2026/19/26/30 PUT /v1/AUTH_b879e59ffdc345af9dfb871ffff9f6bc/gnocchi.d32ce37f-480c-4cbd-8564-b99a7bde1798 HTTP/1.0 201 - python-swiftclient-3.11.1 gAAAAABpuvuvxDwE... - - - tx454da53a23f34f5fac13f-0069bafc66 - 0.0251 - - 1773861990.192756176 1773861990.217829704 0
Mar 18 19:26:30 standalone container-server[124182]: 172.20.0.100 - - [18/Mar/2026:19:26:30 +0000] "HEAD /d1/962/AUTH_b879e59ffdc345af9dfb871ffff9f6bc/gnocchi.d32ce37f-480c-4cbd-8564-b99a7bde1798" 204 - "HEAD http://localhost:8080/v1/AUTH_b879e59ffdc345af9dfb871ffff9f6bc/gnocchi.d32ce37f-480c-4cbd-8564-b99a7bde1798?format=json&states=listing" "txcf0f43710b3e4b51a05dc-0069bafc66" "proxy-server 21" 0.0019 "-" 23 0
Mar 18 19:26:30 standalone proxy-server[126157]: - - 18/Mar/2026/19/26/30 HEAD /v1/AUTH_b879e59ffdc345af9dfb871ffff9f6bc/gnocchi.d32ce37f-480c-4cbd-8564-b99a7bde1798%3Fformat%3Djson%26states%3Dlisting HTTP/1.0 204 - Swift - - - - txcf0f43710b3e4b51a05dc-0069bafc66 - 0.0054 RL - 1773861990.224581957 1773861990.230022430 0
Mar 18 19:26:30 standalone container-server[124177]: 172.20.0.100 - - [18/Mar/2026:19:26:30 +0000] "GET /d1/962/AUTH_b879e59ffdc345af9dfb871ffff9f6bc/gnocchi.d32ce37f-480c-4cbd-8564-b99a7bde1798" 200 2 "GET http://localhost:8080/v1/AUTH_b879e59ffdc345af9dfb871ffff9f6bc/gnocchi.d32ce37f-480c-4cbd-8564-b99a7bde1798?format=json&states=listing" "txcf0f43710b3e4b51a05dc-0069bafc66" "proxy-server 21" 0.0033 "-" 22 0
Mar 18 19:26:30 standalone proxy-server[126157]: 172.18.0.2 ::1 18/Mar/2026/19/26/30 GET /v1/AUTH_b879e59ffdc345af9dfb871ffff9f6bc/gnocchi.d32ce37f-480c-4cbd-8564-b99a7bde1798%3Fformat%3Djson%26states%3Dlisting HTTP/1.0 200 - python-swiftclient-3.11.1 gAAAAABpuvuvxDwE... - 2 - txcf0f43710b3e4b51a05dc-0069bafc66 - 0.0164 - - 1773861990.223283052 1773861990.239720345 0
Mar 18 19:26:30 standalone object-server[124328]: 172.20.0.100 - - [18/Mar/2026:19:26:30 +0000] "GET /d1/245/AUTH_b879e59ffdc345af9dfb871ffff9f6bc/gnocchi.d32ce37f-480c-4cbd-8564-b99a7bde1798/1773360000.0_mean_300.0_v3" 404 70 "GET http://localhost:8080/v1/AUTH_b879e59ffdc345af9dfb871ffff9f6bc/gnocchi.d32ce37f-480c-4cbd-8564-b99a7bde1798/1773360000.0_mean_300.0_v3" "tx05f0653910864d96af622-0069bafc66" "proxy-server 21" 0.0004 "-" 25 0
Mar 18 19:26:30 standalone proxy-server[126157]: 172.18.0.2 ::1 18/Mar/2026/19/26/30 GET /v1/AUTH_b879e59ffdc345af9dfb871ffff9f6bc/gnocchi.d32ce37f-480c-4cbd-8564-b99a7bde1798/1773360000.0_mean_300.0_v3 HTTP/1.0 404 - python-swiftclient-3.11.1 gAAAAABpuvuvxDwE... - 70 - tx05f0653910864d96af622-0069bafc66 - 0.0066 - - 1773861990.244939566 1773861990.251520157 0
Mar 18 19:26:30 standalone container-server[124182]: 172.20.0.100 - - [18/Mar/2026:19:26:30 +0000] "PUT /d1/962/AUTH_b879e59ffdc345af9dfb871ffff9f6bc/gnocchi.d32ce37f-480c-4cbd-8564-b99a7bde1798/1773360000.0_mean_300.0_v3" 201 - "PUT http://localhost:8080/d1/245/AUTH_b879e59ffdc345af9dfb871ffff9f6bc/gnocchi.d32ce37f-480c-4cbd-8564-b99a7bde1798/1773360000.0_mean_300.0_v3" "tx1bc11d7286f64ee6bf449-0069bafc66" "object-server 23" 0.0024 "-" 23 0
Mar 18 19:26:30 standalone object-server[124325]: 172.20.0.100 - - [18/Mar/2026:19:26:30 +0000] "PUT /d1/245/AUTH_b879e59ffdc345af9dfb871ffff9f6bc/gnocchi.d32ce37f-480c-4cbd-8564-b99a7bde1798/1773360000.0_mean_300.0_v3" 201 - "PUT http://localhost:8080/v1/AUTH_b879e59ffdc345af9dfb871ffff9f6bc/gnocchi.d32ce37f-480c-4cbd-8564-b99a7bde1798/1773360000.0_mean_300.0_v3" "tx1bc11d7286f64ee6bf449-0069bafc66" "proxy-server 21" 0.0152 "-" 23 0
Mar 18 19:26:30 standalone proxy-server[126157]: 172.18.0.2 ::1 18/Mar/2026/19/26/30 PUT /v1/AUTH_b879e59ffdc345af9dfb871ffff9f6bc/gnocchi.d32ce37f-480c-4cbd-8564-b99a7bde1798/1773360000.0_mean_300.0_v3 HTTP/1.0 201 - python-swiftclient-3.11.1 gAAAAABpuvuvxDwE... 16 - - tx1bc11d7286f64ee6bf449-0069bafc66 - 0.0233 - - 1773861990.256307364 1773861990.279589415 0
Mar 18 19:26:30 standalone container-server[124176]: 172.20.0.100 - - [18/Mar/2026:19:26:30 +0000] "PUT /d1/962/AUTH_b879e59ffdc345af9dfb871ffff9f6bc/gnocchi.d32ce37f-480c-4cbd-8564-b99a7bde1798/none_v3" 201 - "PUT http://localhost:8080/d1/797/AUTH_b879e59ffdc345af9dfb871ffff9f6bc/gnocchi.d32ce37f-480c-4cbd-8564-b99a7bde1798/none_v3" "tx91688291b03b467a85bd7-0069bafc66" "object-server 24" 0.0008 "-" 21 0
Mar 18 19:26:30 standalone object-server[124326]: 172.20.0.100 - - [18/Mar/2026:19:26:30 +0000] "PUT /d1/797/AUTH_b879e59ffdc345af9dfb871ffff9f6bc/gnocchi.d32ce37f-480c-4cbd-8564-b99a7bde1798/none_v3" 201 - "PUT http://localhost:8080/v1/AUTH_b879e59ffdc345af9dfb871ffff9f6bc/gnocchi.d32ce37f-480c-4cbd-8564-b99a7bde1798/none_v3" "tx91688291b03b467a85bd7-0069bafc66" "proxy-server 21" 0.0123 "-" 24 0
Mar 18 19:26:30 standalone proxy-server[126157]: 172.18.0.2 ::1 18/Mar/2026/19/26/30 PUT /v1/AUTH_b879e59ffdc345af9dfb871ffff9f6bc/gnocchi.d32ce37f-480c-4cbd-8564-b99a7bde1798/none_v3 HTTP/1.0 201 - python-swiftclient-3.11.1 gAAAAABpuvuvxDwE... 22 - - tx91688291b03b467a85bd7-0069bafc66 - 0.0194 - - 1773861990.283947468 1773861990.303382158 0
Mar 18 19:26:30 standalone container-server[124182]: 172.20.0.100 - - [18/Mar/2026:19:26:30 +0000] "HEAD /d1/589/AUTH_b879e59ffdc345af9dfb871ffff9f6bc/gnocchi.88d0325c-cc77-49a1-8cc8-fd37a7f39ecf" 404 - "HEAD http://localhost:8080/v1/AUTH_b879e59ffdc345af9dfb871ffff9f6bc/gnocchi.88d0325c-cc77-49a1-8cc8-fd37a7f39ecf?format=json&states=listing" "txfa101866a4114fadb5aec-0069bafc66" "proxy-server 21" 0.0006 "-" 23 0
Mar 18 19:26:30 standalone object-server[124325]: 172.20.0.100 - - [18/Mar/2026:19:26:30 +0000] "GET /d1/717/AUTH_b879e59ffdc345af9dfb871ffff9f6bc/gnocchi.88d0325c-cc77-49a1-8cc8-fd37a7f39ecf/none_v3" 404 70 "GET http://localhost:8080/v1/AUTH_b879e59ffdc345af9dfb871ffff9f6bc/gnocchi.88d0325c-cc77-49a1-8cc8-fd37a7f39ecf/none_v3" "txfa101866a4114fadb5aec-0069bafc66" "proxy-server 21" 0.0005 "-" 23 0
Mar 18 19:26:30 standalone proxy-server[126157]: 172.18.0.2 ::1 18/Mar/2026/19/26/30 GET /v1/AUTH_b879e59ffdc345af9dfb871ffff9f6bc/gnocchi.88d0325c-cc77-49a1-8cc8-fd37a7f39ecf/none_v3 HTTP/1.0 404 - python-swiftclient-3.11.1 gAAAAABpuvuvxDwE... - 70 - txfa101866a4114fadb5aec-0069bafc66 - 0.0119 - - 1773861990.318778992 1773861990.330660343 0
Mar 18 19:26:30 standalone account-server[124111]: 172.20.0.100 - - [18/Mar/2026:19:26:30 +0000] "PUT /d1/894/AUTH_b879e59ffdc345af9dfb871ffff9f6bc/gnocchi.88d0325c-cc77-49a1-8cc8-fd37a7f39ecf" 201 - "PUT http://172.20.0.100:6001/d1/589/AUTH_b879e59ffdc345af9dfb871ffff9f6bc/gnocchi.88d0325c-cc77-49a1-8cc8-fd37a7f39ecf" "txfbf6e6f885074dffa518b-0069bafc66" "container-server 22" 0.0059 "-" 20 0
Mar 18 19:26:30 standalone container-server[124177]: 172.20.0.100 - - [18/Mar/2026:19:26:30 +0000] "PUT /d1/589/AUTH_b879e59ffdc345af9dfb871ffff9f6bc/gnocchi.88d0325c-cc77-49a1-8cc8-fd37a7f39ecf" 201 - "PUT http://localhost:8080/v1/AUTH_b879e59ffdc345af9dfb871ffff9f6bc/gnocchi.88d0325c-cc77-49a1-8cc8-fd37a7f39ecf" "txfbf6e6f885074dffa518b-0069bafc66" "proxy-server 21" 0.0240 "-" 22 0
Mar 18 19:26:30 standalone proxy-server[126157]: 172.18.0.2 ::1 18/Mar/2026/19/26/30 PUT /v1/AUTH_b879e59ffdc345af9dfb871ffff9f6bc/gnocchi.88d0325c-cc77-49a1-8cc8-fd37a7f39ecf HTTP/1.0 201 - python-swiftclient-3.11.1 gAAAAABpuvuvxDwE... - - - txfbf6e6f885074dffa518b-0069bafc66 - 0.0296 - - 1773861990.334528685 1773861990.364090681 0
Mar 18 19:26:30 standalone container-server[124167]: 172.20.0.100 - - [18/Mar/2026:19:26:30 +0000] "HEAD /d1/589/AUTH_b879e59ffdc345af9dfb871ffff9f6bc/gnocchi.88d0325c-cc77-49a1-8cc8-fd37a7f39ecf" 204 - "HEAD http://localhost:8080/v1/AUTH_b879e59ffdc345af9dfb871ffff9f6bc/gnocchi.88d0325c-cc77-49a1-8cc8-fd37a7f39ecf?format=json&states=listing" "txbd7eb850d9ae4900af978-0069bafc66" "proxy-server 21" 0.0021 "-" 20 0
Mar 18 19:26:30 standalone proxy-server[126157]: - - 18/Mar/2026/19/26/30 HEAD /v1/AUTH_b879e59ffdc345af9dfb871ffff9f6bc/gnocchi.88d0325c-cc77-49a1-8cc8-fd37a7f39ecf%3Fformat%3Djson%26states%3Dlisting HTTP/1.0 204 - Swift - - - - txbd7eb850d9ae4900af978-0069bafc66 - 0.0060 RL - 1773861990.370613337 1773861990.376604080 0
Mar 18 19:26:30 standalone container-server[124176]: 172.20.0.100 - - [18/Mar/2026:19:26:30 +0000] "GET /d1/589/AUTH_b879e59ffdc345af9dfb871ffff9f6bc/gnocchi.88d0325c-cc77-49a1-8cc8-fd37a7f39ecf" 200 2 "GET http://localhost:8080/v1/AUTH_b879e59ffdc345af9dfb871ffff9f6bc/gnocchi.88d0325c-cc77-49a1-8cc8-fd37a7f39ecf?format=json&states=listing" "txbd7eb850d9ae4900af978-0069bafc66" "proxy-server 21" 0.0031 "-" 21 0
Mar 18 19:26:30 standalone proxy-server[126157]: 172.18.0.2 ::1 18/Mar/2026/19/26/30 GET /v1/AUTH_b879e59ffdc345af9dfb871ffff9f6bc/gnocchi.88d0325c-cc77-49a1-8cc8-fd37a7f39ecf%3Fformat%3Djson%26states%3Dlisting HTTP/1.0 200 - python-swiftclient-3.11.1 gAAAAABpuvuvxDwE... - 2 - txbd7eb850d9ae4900af978-0069bafc66 - 0.0165 - - 1773861990.369288445 1773861990.385827065 0
Mar 18 19:26:30 standalone object-server[124325]: 172.20.0.100 - - [18/Mar/2026:19:26:30 +0000] "GET /d1/70/AUTH_b879e59ffdc345af9dfb871ffff9f6bc/gnocchi.88d0325c-cc77-49a1-8cc8-fd37a7f39ecf/1773360000.0_mean_300.0_v3" 404 70 "GET http://localhost:8080/v1/AUTH_b879e59ffdc345af9dfb871ffff9f6bc/gnocchi.88d0325c-cc77-49a1-8cc8-fd37a7f39ecf/1773360000.0_mean_300.0_v3" "tx7f709c4e6760453a96e35-0069bafc66" "proxy-server 21" 0.0005 "-" 23 0
Mar 18 19:26:30 standalone proxy-server[126157]: 172.18.0.2 ::1 18/Mar/2026/19/26/30 GET /v1/AUTH_b879e59ffdc345af9dfb871ffff9f6bc/gnocchi.88d0325c-cc77-49a1-8cc8-fd37a7f39ecf/1773360000.0_mean_300.0_v3 HTTP/1.0 404 - python-swiftclient-3.11.1 gAAAAABpuvuvxDwE... - 70 - tx7f709c4e6760453a96e35-0069bafc66 - 0.0063 - - 1773861990.390913725 1773861990.397230387 0
Mar 18 19:26:30 standalone container-server[124167]: 172.20.0.100 - - [18/Mar/2026:19:26:30 +0000] "PUT /d1/589/AUTH_b879e59ffdc345af9dfb871ffff9f6bc/gnocchi.88d0325c-cc77-49a1-8cc8-fd37a7f39ecf/1773360000.0_mean_300.0_v3" 201 - "PUT http://localhost:8080/d1/70/AUTH_b879e59ffdc345af9dfb871ffff9f6bc/gnocchi.88d0325c-cc77-49a1-8cc8-fd37a7f39ecf/1773360000.0_mean_300.0_v3" "txa23ff78a488b44e089f47-0069bafc66" "object-server 25" 0.0009 "-" 20 0
Mar 18 19:26:30 standalone object-server[124328]: 172.20.0.100 - - [18/Mar/2026:19:26:30 +0000] "PUT /d1/70/AUTH_b879e59ffdc345af9dfb871ffff9f6bc/gnocchi.88d0325c-cc77-49a1-8cc8-fd37a7f39ecf/1773360000.0_mean_300.0_v3" 201 - "PUT http://localhost:8080/v1/AUTH_b879e59ffdc345af9dfb871ffff9f6bc/gnocchi.88d0325c-cc77-49a1-8cc8-fd37a7f39ecf/1773360000.0_mean_300.0_v3" "txa23ff78a488b44e089f47-0069bafc66" "proxy-server 21" 0.0118 "-" 25 0
Mar 18 19:26:30 standalone proxy-server[126157]: 172.18.0.2 ::1 18/Mar/2026/19/26/30 PUT /v1/AUTH_b879e59ffdc345af9dfb871ffff9f6bc/gnocchi.88d0325c-cc77-49a1-8cc8-fd37a7f39ecf/1773360000.0_mean_300.0_v3 HTTP/1.0 201 - python-swiftclient-3.11.1 gAAAAABpuvuvxDwE... 16 - - txa23ff78a488b44e089f47-0069bafc66 - 0.0180 - - 1773861990.401648283 1773861990.419638157 0
Mar 18 19:26:30 standalone container-server[124176]: 172.20.0.100 - - [18/Mar/2026:19:26:30 +0000] "PUT /d1/589/AUTH_b879e59ffdc345af9dfb871ffff9f6bc/gnocchi.88d0325c-cc77-49a1-8cc8-fd37a7f39ecf/none_v3" 201 - "PUT http://localhost:8080/d1/717/AUTH_b879e59ffdc345af9dfb871ffff9f6bc/gnocchi.88d0325c-cc77-49a1-8cc8-fd37a7f39ecf/none_v3" "tx049a6e39e28c4c7ab3f5e-0069bafc66" "object-server 22" 0.0007 "-" 21 0
Mar 18 19:26:30 standalone object-server[124323]: 172.20.0.100 - - [18/Mar/2026:19:26:30 +0000] "PUT /d1/717/AUTH_b879e59ffdc345af9dfb871ffff9f6bc/gnocchi.88d0325c-cc77-49a1-8cc8-fd37a7f39ecf/none_v3" 201 - "PUT http://localhost:8080/v1/AUTH_b879e59ffdc345af9dfb871ffff9f6bc/gnocchi.88d0325c-cc77-49a1-8cc8-fd37a7f39ecf/none_v3" "tx049a6e39e28c4c7ab3f5e-0069bafc66" "proxy-server 21" 0.0111 "-" 22 0
Mar 18 19:26:30 standalone proxy-server[126157]: 172.18.0.2 ::1 18/Mar/2026/19/26/30 PUT /v1/AUTH_b879e59ffdc345af9dfb871ffff9f6bc/gnocchi.88d0325c-cc77-49a1-8cc8-fd37a7f39ecf/none_v3 HTTP/1.0 201 - python-swiftclient-3.11.1 gAAAAABpuvuvxDwE... 22 - - tx049a6e39e28c4c7ab3f5e-0069bafc66 - 0.0174 - - 1773861990.423523903 1773861990.440930128 0
Mar 18 19:26:30 standalone container-server[124182]: 172.20.0.100 - - [18/Mar/2026:19:26:30 +0000] "HEAD /d1/636/AUTH_b879e59ffdc345af9dfb871ffff9f6bc/gnocchi.0487745e-8e5d-48bf-9a0a-c77ba0c9bbe6" 404 - "HEAD http://localhost:8080/v1/AUTH_b879e59ffdc345af9dfb871ffff9f6bc/gnocchi.0487745e-8e5d-48bf-9a0a-c77ba0c9bbe6?format=json&states=listing" "txbfbaa14fa749491ba8eb7-0069bafc66" "proxy-server 21" 0.0007 "-" 23 0
Mar 18 19:26:30 standalone object-server[124325]: 172.20.0.100 - - [18/Mar/2026:19:26:30 +0000] "GET /d1/516/AUTH_b879e59ffdc345af9dfb871ffff9f6bc/gnocchi.0487745e-8e5d-48bf-9a0a-c77ba0c9bbe6/none_v3" 404 70 "GET http://localhost:8080/v1/AUTH_b879e59ffdc345af9dfb871ffff9f6bc/gnocchi.0487745e-8e5d-48bf-9a0a-c77ba0c9bbe6/none_v3" "txbfbaa14fa749491ba8eb7-0069bafc66" "proxy-server 21" 0.0004 "-" 23 0
Mar 18 19:26:30 standalone proxy-server[126157]: 172.18.0.2 ::1 18/Mar/2026/19/26/30 GET /v1/AUTH_b879e59ffdc345af9dfb871ffff9f6bc/gnocchi.0487745e-8e5d-48bf-9a0a-c77ba0c9bbe6/none_v3 HTTP/1.0 404 - python-swiftclient-3.11.1 gAAAAABpuvuvxDwE... - 70 - txbfbaa14fa749491ba8eb7-0069bafc66 - 0.0103 - - 1773861990.456093073 1773861990.466382742 0
Mar 18 19:26:30 standalone account-server[124106]: 172.20.0.100 - - [18/Mar/2026:19:26:30 +0000] "PUT /d1/894/AUTH_b879e59ffdc345af9dfb871ffff9f6bc/gnocchi.0487745e-8e5d-48bf-9a0a-c77ba0c9bbe6" 201 - "PUT http://172.20.0.100:6001/d1/636/AUTH_b879e59ffdc345af9dfb871ffff9f6bc/gnocchi.0487745e-8e5d-48bf-9a0a-c77ba0c9bbe6" "tx8284b12146c640c8abd70-0069bafc66" "container-server 21" 0.0071 "-" 19 0
Mar 18 19:26:30 standalone container-server[124176]: 172.20.0.100 - - [18/Mar/2026:19:26:30 +0000] "PUT /d1/636/AUTH_b879e59ffdc345af9dfb871ffff9f6bc/gnocchi.0487745e-8e5d-48bf-9a0a-c77ba0c9bbe6" 201 - "PUT http://localhost:8080/v1/AUTH_b879e59ffdc345af9dfb871ffff9f6bc/gnocchi.0487745e-8e5d-48bf-9a0a-c77ba0c9bbe6" "tx8284b12146c640c8abd70-0069bafc66" "proxy-server 21" 0.0207 "-" 21 0
Mar 18 19:26:30 standalone proxy-server[126157]: 172.18.0.2 ::1 18/Mar/2026/19/26/30 PUT /v1/AUTH_b879e59ffdc345af9dfb871ffff9f6bc/gnocchi.0487745e-8e5d-48bf-9a0a-c77ba0c9bbe6 HTTP/1.0 201 - python-swiftclient-3.11.1 gAAAAABpuvuvxDwE... - - - tx8284b12146c640c8abd70-0069bafc66 - 0.0262 - - 1773861990.470241785 1773861990.496432781 0
Mar 18 19:26:30 standalone container-server[124182]: 172.20.0.100 - - [18/Mar/2026:19:26:30 +0000] "HEAD /d1/636/AUTH_b879e59ffdc345af9dfb871ffff9f6bc/gnocchi.0487745e-8e5d-48bf-9a0a-c77ba0c9bbe6" 204 - "HEAD http://localhost:8080/v1/AUTH_b879e59ffdc345af9dfb871ffff9f6bc/gnocchi.0487745e-8e5d-48bf-9a0a-c77ba0c9bbe6?format=json&states=listing" "txce44141b6cfb4f9abefa0-0069bafc66" "proxy-server 21" 0.0023 "-" 23 0
Mar 18 19:26:30 standalone proxy-server[126157]: - - 18/Mar/2026/19/26/30 HEAD /v1/AUTH_b879e59ffdc345af9dfb871ffff9f6bc/gnocchi.0487745e-8e5d-48bf-9a0a-c77ba0c9bbe6%3Fformat%3Djson%26states%3Dlisting HTTP/1.0 204 - Swift - - - - txce44141b6cfb4f9abefa0-0069bafc66 - 0.0061 RL - 1773861990.502661467 1773861990.508783817 0
Mar 18 19:26:30 standalone container-server[124177]: 172.20.0.100 - - [18/Mar/2026:19:26:30 +0000] "GET /d1/636/AUTH_b879e59ffdc345af9dfb871ffff9f6bc/gnocchi.0487745e-8e5d-48bf-9a0a-c77ba0c9bbe6" 200 2 "GET http://localhost:8080/v1/AUTH_b879e59ffdc345af9dfb871ffff9f6bc/gnocchi.0487745e-8e5d-48bf-9a0a-c77ba0c9bbe6?format=json&states=listing" "txce44141b6cfb4f9abefa0-0069bafc66" "proxy-server 21" 0.0038 "-" 22 0
Mar 18 19:26:30 standalone proxy-server[126157]: 172.18.0.2 ::1 18/Mar/2026/19/26/30 GET /v1/AUTH_b879e59ffdc345af9dfb871ffff9f6bc/gnocchi.0487745e-8e5d-48bf-9a0a-c77ba0c9bbe6%3Fformat%3Djson%26states%3Dlisting HTTP/1.0 200 - python-swiftclient-3.11.1 gAAAAABpuvuvxDwE... - 2 - txce44141b6cfb4f9abefa0-0069bafc66 - 0.0484 - - 1773861990.501252413 1773861990.549648046 0
Mar 18 19:26:30 standalone object-server[124325]: 172.20.0.100 - - [18/Mar/2026:19:26:30 +0000] "GET /d1/861/AUTH_b879e59ffdc345af9dfb871ffff9f6bc/gnocchi.0487745e-8e5d-48bf-9a0a-c77ba0c9bbe6/1773360000.0_mean_300.0_v3" 404 70 "GET http://localhost:8080/v1/AUTH_b879e59ffdc345af9dfb871ffff9f6bc/gnocchi.0487745e-8e5d-48bf-9a0a-c77ba0c9bbe6/1773360000.0_mean_300.0_v3" "tx474243071b384321bb0c0-0069bafc66" "proxy-server 21" 0.0005 "-" 23 0
Mar 18 19:26:30 standalone proxy-server[126157]: 172.18.0.2 ::1 18/Mar/2026/19/26/30 GET /v1/AUTH_b879e59ffdc345af9dfb871ffff9f6bc/gnocchi.0487745e-8e5d-48bf-9a0a-c77ba0c9bbe6/1773360000.0_mean_300.0_v3 HTTP/1.0 404 - python-swiftclient-3.11.1 gAAAAABpuvuvxDwE... - 70 - tx474243071b384321bb0c0-0069bafc66 - 0.0068 - - 1773861990.555711269 1773861990.562506676 0
Mar 18 19:26:30 standalone container-server[124177]: 172.20.0.100 - - [18/Mar/2026:19:26:30 +0000] "PUT /d1/636/AUTH_b879e59ffdc345af9dfb871ffff9f6bc/gnocchi.0487745e-8e5d-48bf-9a0a-c77ba0c9bbe6/1773360000.0_mean_300.0_v3" 201 - "PUT http://localhost:8080/d1/861/AUTH_b879e59ffdc345af9dfb871ffff9f6bc/gnocchi.0487745e-8e5d-48bf-9a0a-c77ba0c9bbe6/1773360000.0_mean_300.0_v3" "tx2db73352e56f43cfa9e21-0069bafc66" "object-server 25" 0.0009 "-" 22 0
Mar 18 19:26:30 standalone object-server[124328]: 172.20.0.100 - - [18/Mar/2026:19:26:30 +0000] "PUT /d1/861/AUTH_b879e59ffdc345af9dfb871ffff9f6bc/gnocchi.0487745e-8e5d-48bf-9a0a-c77ba0c9bbe6/1773360000.0_mean_300.0_v3" 201 - "PUT http://localhost:8080/v1/AUTH_b879e59ffdc345af9dfb871ffff9f6bc/gnocchi.0487745e-8e5d-48bf-9a0a-c77ba0c9bbe6/1773360000.0_mean_300.0_v3" "tx2db73352e56f43cfa9e21-0069bafc66" "proxy-server 21" 0.0127 "-" 25 0
Mar 18 19:26:30 standalone proxy-server[126157]: 172.18.0.2 ::1 18/Mar/2026/19/26/30 PUT /v1/AUTH_b879e59ffdc345af9dfb871ffff9f6bc/gnocchi.0487745e-8e5d-48bf-9a0a-c77ba0c9bbe6/1773360000.0_mean_300.0_v3 HTTP/1.0 201 - python-swiftclient-3.11.1 gAAAAABpuvuvxDwE... 16 - - tx2db73352e56f43cfa9e21-0069bafc66 - 0.0192 - - 1773861990.566723108 1773861990.585891485 0
Mar 18 19:26:30 standalone container-server[124167]: 172.20.0.100 - - [18/Mar/2026:19:26:30 +0000] "PUT /d1/636/AUTH_b879e59ffdc345af9dfb871ffff9f6bc/gnocchi.0487745e-8e5d-48bf-9a0a-c77ba0c9bbe6/none_v3" 201 - "PUT http://localhost:8080/d1/516/AUTH_b879e59ffdc345af9dfb871ffff9f6bc/gnocchi.0487745e-8e5d-48bf-9a0a-c77ba0c9bbe6/none_v3" "tx2de3534d144f4c3dbac00-0069bafc66" "object-server 22" 0.0007 "-" 20 0
Mar 18 19:26:30 standalone object-server[124323]: 172.20.0.100 - - [18/Mar/2026:19:26:30 +0000] "PUT /d1/516/AUTH_b879e59ffdc345af9dfb871ffff9f6bc/gnocchi.0487745e-8e5d-48bf-9a0a-c77ba0c9bbe6/none_v3" 201 - "PUT http://localhost:8080/v1/AUTH_b879e59ffdc345af9dfb871ffff9f6bc/gnocchi.0487745e-8e5d-48bf-9a0a-c77ba0c9bbe6/none_v3" "tx2de3534d144f4c3dbac00-0069bafc66" "proxy-server 21" 0.0123 "-" 22 0
Mar 18 19:26:30 standalone proxy-server[126157]: 172.18.0.2 ::1 18/Mar/2026/19/26/30 PUT /v1/AUTH_b879e59ffdc345af9dfb871ffff9f6bc/gnocchi.0487745e-8e5d-48bf-9a0a-c77ba0c9bbe6/none_v3 HTTP/1.0 201 - python-swiftclient-3.11.1 gAAAAABpuvuvxDwE... 22 - - tx2de3534d144f4c3dbac00-0069bafc66 - 0.0191 - - 1773861990.589883327 1773861990.608965874 0
Mar 18 19:26:38 standalone container-server[124037]: Begin container update sweep
Mar 18 19:26:38 standalone account-server[124106]: 172.20.0.100 - - [18/Mar/2026:19:26:38 +0000] "PUT /d1/894/AUTH_b879e59ffdc345af9dfb871ffff9f6bc/gnocchi.cd04230d-150f-4693-be3e-5f148c95b801" 201 - "-" "-" "container-updater 2" 0.0006 "-" 19 0
Mar 18 19:26:38 standalone account-server[124106]: 172.20.0.100 - - [18/Mar/2026:19:26:38 +0000] "PUT /d1/894/AUTH_b879e59ffdc345af9dfb871ffff9f6bc/gnocchi.c98a1d42-db95-4708-814c-0228cdbb2ebe" 201 - "-" "-" "container-updater 2" 0.0005 "-" 19 0
Mar 18 19:26:38 standalone account-server[124118]: 172.20.0.100 - - [18/Mar/2026:19:26:38 +0000] "PUT /d1/894/AUTH_b879e59ffdc345af9dfb871ffff9f6bc/gnocchi.9f5893f8-f3bb-4ad6-bfb1-3d9ca4c33b79" 201 - "-" "-" "container-updater 2" 0.0007 "-" 21 0
Mar 18 19:26:38 standalone account-server[124106]: 172.20.0.100 - - [18/Mar/2026:19:26:38 +0000] "PUT /d1/894/AUTH_b879e59ffdc345af9dfb871ffff9f6bc/gnocchi.9084357e-ba92-4eef-b883-7566047255d2" 201 - "-" "-" "container-updater 2" 0.0007 "-" 19 0
Mar 18 19:26:38 standalone account-server[124106]: 172.20.0.100 - - [18/Mar/2026:19:26:38 +0000] "PUT /d1/894/AUTH_b879e59ffdc345af9dfb871ffff9f6bc/gnocchi.88d0325c-cc77-49a1-8cc8-fd37a7f39ecf" 201 - "-" "-" "container-updater 2" 0.0006 "-" 19 0
Mar 18 19:26:38 standalone account-server[124124]: 172.20.0.100 - - [18/Mar/2026:19:26:38 +0000] "PUT /d1/894/AUTH_b879e59ffdc345af9dfb871ffff9f6bc/gnocchi.d1624ac7-de78-4b9f-9814-0a0912d426d1" 201 - "-" "-" "container-updater 2" 0.0007 "-" 22 0
Mar 18 19:26:38 standalone account-server[124118]: 172.20.0.100 - - [18/Mar/2026:19:26:38 +0000] "PUT /d1/894/AUTH_b879e59ffdc345af9dfb871ffff9f6bc/gnocchi.36803cfb-df27-4bd2-8e20-0ff552cdf0db" 201 - "-" "-" "container-updater 2" 0.0008 "-" 21 0
Mar 18 19:26:39 standalone account-server[124106]: 172.20.0.100 - - [18/Mar/2026:19:26:39 +0000] "PUT /d1/894/AUTH_b879e59ffdc345af9dfb871ffff9f6bc/gnocchi.64b95e00-6c04-4fb3-8467-214ee63fa9ae" 201 - "-" "-" "container-updater 2" 0.0006 "-" 19 0
Mar 18 19:26:39 standalone account-server[124118]: 172.20.0.100 - - [18/Mar/2026:19:26:39 +0000] "PUT /d1/894/AUTH_b879e59ffdc345af9dfb871ffff9f6bc/gnocchi.9c46d5d5-6697-41c6-9d5b-a22b6df8d4ae" 201 - "-" "-" "container-updater 2" 0.0007 "-" 21 0
Mar 18 19:26:39 standalone account-server[124111]: 172.20.0.100 - - [18/Mar/2026:19:26:39 +0000] "PUT /d1/894/AUTH_b879e59ffdc345af9dfb871ffff9f6bc/gnocchi.3d6153cb-339b-46d8-ac56-416ecd840469" 201 - "-" "-" "container-updater 2" 0.0004 "-" 20 0
Mar 18 19:26:39 standalone account-server[124111]: 172.20.0.100 - - [18/Mar/2026:19:26:39 +0000] "PUT /d1/894/AUTH_b879e59ffdc345af9dfb871ffff9f6bc/gnocchi.eb68f15d-3634-43ef-848d-1eef8b5a4d2f" 201 - "-" "-" "container-updater 2" 0.0005 "-" 20 0
Mar 18 19:26:39 standalone account-server[124106]: 172.20.0.100 - - [18/Mar/2026:19:26:39 +0000] "PUT /d1/894/AUTH_b879e59ffdc345af9dfb871ffff9f6bc/gnocchi.55c6821a-3792-4923-aaee-351aafc594ce" 201 - "-" "-" "container-updater 2" 0.0005 "-" 19 0
Mar 18 19:26:39 standalone account-server[124106]: 172.20.0.100 - - [18/Mar/2026:19:26:39 +0000] "PUT /d1/894/AUTH_b879e59ffdc345af9dfb871ffff9f6bc/gnocchi.bce2d572-832d-4cf1-ace5-682d838988c4" 201 - "-" "-" "container-updater 2" 0.0006 "-" 19 0
Mar 18 19:26:39 standalone account-server[124111]: 172.20.0.100 - - [18/Mar/2026:19:26:39 +0000] "PUT /d1/894/AUTH_b879e59ffdc345af9dfb871ffff9f6bc/gnocchi.d32ce37f-480c-4cbd-8564-b99a7bde1798" 201 - "-" "-" "container-updater 2" 0.0007 "-" 20 0
Mar 18 19:26:39 standalone account-server[124118]: 172.20.0.100 - - [18/Mar/2026:19:26:39 +0000] "PUT /d1/894/AUTH_b879e59ffdc345af9dfb871ffff9f6bc/gnocchi.0cdb2373-dfb7-411e-8ed4-3d3c73d378c4" 201 - "-" "-" "container-updater 2" 0.0008 "-" 21 0
Mar 18 19:26:39 standalone account-server[124124]: 172.20.0.100 - - [18/Mar/2026:19:26:39 +0000] "PUT /d1/894/AUTH_b879e59ffdc345af9dfb871ffff9f6bc/glance" 201 - "-" "-" "container-updater 2" 0.0005 "-" 22 0
Mar 18 19:26:39 standalone account-server[124124]: 172.20.0.100 - - [18/Mar/2026:19:26:39 +0000] "PUT /d1/894/AUTH_b879e59ffdc345af9dfb871ffff9f6bc/gnocchi.522e725a-6238-40c9-b742-85ab505d6629" 201 - "-" "-" "container-updater 2" 0.0003 "-" 22 0
Mar 18 19:26:39 standalone account-server[124118]: 172.20.0.100 - - [18/Mar/2026:19:26:39 +0000] "PUT /d1/894/AUTH_b879e59ffdc345af9dfb871ffff9f6bc/gnocchi.03c2096a-59ce-4b4b-8ce4-c83a27f21551" 201 - "-" "-" "container-updater 2" 0.0007 "-" 21 0
Mar 18 19:26:39 standalone account-server[124111]: 172.20.0.100 - - [18/Mar/2026:19:26:39 +0000] "PUT /d1/894/AUTH_b879e59ffdc345af9dfb871ffff9f6bc/gnocchi.24f069b6-68bc-4dc6-98f8-5ea73f0697ce" 201 - "-" "-" "container-updater 2" 0.0010 "-" 20 0
Mar 18 19:26:40 standalone account-server[124106]: 172.20.0.100 - - [18/Mar/2026:19:26:40 +0000] "PUT /d1/894/AUTH_b879e59ffdc345af9dfb871ffff9f6bc/gnocchi.107c680e-cc9c-4c33-b0bc-183b1300a1e9" 201 - "-" "-" "container-updater 2" 0.0005 "-" 19 0
Mar 18 19:26:40 standalone account-server[124111]: 172.20.0.100 - - [18/Mar/2026:19:26:40 +0000] "PUT /d1/894/AUTH_b879e59ffdc345af9dfb871ffff9f6bc/gnocchi.06d3d3fb-0a5a-4e2b-adbc-cddc82baa847" 201 - "-" "-" "container-updater 2" 0.0005 "-" 20 0
Mar 18 19:26:40 standalone account-server[124118]: 172.20.0.100 - - [18/Mar/2026:19:26:40 +0000] "PUT /d1/894/AUTH_b879e59ffdc345af9dfb871ffff9f6bc/gnocchi.0487745e-8e5d-48bf-9a0a-c77ba0c9bbe6" 201 - "-" "-" "container-updater 2" 0.0004 "-" 21 0
Mar 18 19:26:40 standalone account-server[124111]: 172.20.0.100 - - [18/Mar/2026:19:26:40 +0000] "PUT /d1/894/AUTH_b879e59ffdc345af9dfb871ffff9f6bc/gnocchi.9ae315cb-499d-4330-8215-26f3274dea8a" 201 - "-" "-" "container-updater 2" 0.0006 "-" 20 0
Mar 18 19:26:40 standalone container-server[124037]: Container update sweep completed: 2.14s
Mar 18 19:27:36 standalone object-server[124267]: Begin object update sweep
Mar 18 19:27:36 standalone object-server[235480]: Object update sweep starting on /srv/node/d1 (pid: 15)
Mar 18 19:27:36 standalone object-server[235480]: Object update sweep completed on /srv/node/d1 in 0.00s seconds:, 0 successes, 0 failures, 0 quarantines, 0 unlinks, 0 errors, 0 redirects (pid: 15)
Mar 18 19:27:36 standalone object-server[235480]: Object update sweep of d1 completed: 0.00s, 0 successes, 0 failures, 0 quarantines, 0 unlinks, 0 errors, 0 redirects
Mar 18 19:27:36 standalone object-server[124267]: Object update sweep completed: 0.08s
Mar 18 19:27:47 standalone account-server[124118]: 172.20.0.100 - - [18/Mar/2026:19:27:47 +0000] "HEAD /d1/105/.expiring_objects" 404 - "HEAD http://localhost/v1/.expiring_objects?format=json" "tx03bb13dd771f483da85a4-0069bafcb3" "proxy-server 2" 0.0006 "-" 21 -
Mar 18 19:27:47 standalone object-expirer[124080]: Pass completed in 0s; 0 objects expired (txn: tx03bb13dd771f483da85a4-0069bafcb3)
Mar 18 19:29:42 standalone account-server[124124]: 172.20.0.100 - - [18/Mar/2026:19:29:42 +0000] "HEAD /d1/105/.expiring_objects" 404 - "HEAD http://localhost/v1/.expiring_objects?format=json" "txfcd929ae4d9746e7b918a-0069bafd26" "proxy-server 2" 0.0008 "-" 22 -
Mar 18 19:29:42 standalone object-expirer[124080]: Pass completed in 0s; 0 objects expired (txn: txfcd929ae4d9746e7b918a-0069bafd26)
Mar 18 19:30:48 standalone account-server[124118]: 172.20.0.100 - - [18/Mar/2026:19:30:48 +0000] "HEAD /d1/105/.expiring_objects" 404 - "HEAD http://localhost/v1/.expiring_objects?format=json" "tx41247246df054d84a1321-0069bafd68" "proxy-server 2" 0.0008 "-" 21 -
Mar 18 19:30:48 standalone object-expirer[124080]: Pass completed in 0s; 0 objects expired (txn: tx41247246df054d84a1321-0069bafd68)
Mar 18 19:31:38 standalone container-server[124037]: Begin container update sweep
Mar 18 19:31:40 standalone container-server[124037]: Container update sweep completed: 2.01s
Mar 18 19:32:36 standalone object-server[124267]: Begin object update sweep
Mar 18 19:32:36 standalone object-server[264950]: Object update sweep starting on /srv/node/d1 (pid: 16)
Mar 18 19:32:36 standalone object-server[264950]: Object update sweep completed on /srv/node/d1 in 0.00s seconds:, 0 successes, 0 failures, 0 quarantines, 0 unlinks, 0 errors, 0 redirects (pid: 16)
Mar 18 19:32:36 standalone object-server[264950]: Object update sweep of d1 completed: 0.00s, 0 successes, 0 failures, 0 quarantines, 0 unlinks, 0 errors, 0 redirects
Mar 18 19:32:36 standalone object-server[124267]: Object update sweep completed: 0.08s