2025-12-03 22:29:08.588 10 DEBUG nova.api.openstack.wsgi [None req-7d0a55b8-12b1-47ef-944d-6118a870859f - - - - - -] Calling method '>' _process_stack /usr/lib/python3.9/site-packages/nova/api/openstack/wsgi.py:513
2025-12-03 22:29:08.589 10 INFO nova.api.openstack.requestlog [None req-7d0a55b8-12b1-47ef-944d-6118a870859f - - - - - -] 10.128.0.2 "GET /" status: 200 len: 373 microversion: - time: 0.001084
2025-12-03 22:29:08.595 11 DEBUG nova.api.openstack.wsgi [None req-f281628e-d7b5-4b74-b0bc-ac4450353171 - - - - - -] Calling method '>' _process_stack /usr/lib/python3.9/site-packages/nova/api/openstack/wsgi.py:513
2025-12-03 22:29:08.596 11 INFO nova.api.openstack.requestlog [None req-f281628e-d7b5-4b74-b0bc-ac4450353171 - - - - - -] 10.128.0.2 "GET /" status: 200 len: 373 microversion: - time: 0.024331
2025-12-03 22:29:09.112 10 DEBUG nova.api.openstack.wsgi [None req-7d0a55b8-12b1-47ef-944d-6118a870859f - - - - - -] Calling method '>' _process_stack /usr/lib/python3.9/site-packages/nova/api/openstack/wsgi.py:513
2025-12-03 22:29:09.113 10 INFO nova.api.openstack.requestlog [None req-7d0a55b8-12b1-47ef-944d-6118a870859f - - - - - -] 10.128.0.2 "GET /" status: 200 len: 373 microversion: - time: 0.003510
2025-12-03 22:29:18.563 11 DEBUG nova.api.openstack.wsgi [None req-f281628e-d7b5-4b74-b0bc-ac4450353171 - - - - - -] Calling method '>' _process_stack /usr/lib/python3.9/site-packages/nova/api/openstack/wsgi.py:513
2025-12-03 22:29:18.564 10 DEBUG nova.api.openstack.wsgi [None req-7d0a55b8-12b1-47ef-944d-6118a870859f - - - - - -] Calling method '>' _process_stack /usr/lib/python3.9/site-packages/nova/api/openstack/wsgi.py:513
2025-12-03 22:29:18.565 11 INFO nova.api.openstack.requestlog [None req-f281628e-d7b5-4b74-b0bc-ac4450353171 - - - - - -] 10.128.0.2 "GET /" status: 200 len: 373 microversion: - time: 0.001584
2025-12-03 22:29:18.565 10 INFO nova.api.openstack.requestlog [None req-7d0a55b8-12b1-47ef-944d-6118a870859f - - - - - -] 10.128.0.2 "GET /" status: 200 len: 373 microversion: - time: 0.001288
2025-12-03 22:29:18.568 10 DEBUG nova.api.openstack.wsgi [None req-7d0a55b8-12b1-47ef-944d-6118a870859f - - - - - -] Calling method '>' _process_stack /usr/lib/python3.9/site-packages/nova/api/openstack/wsgi.py:513
2025-12-03 22:29:18.568 10 INFO nova.api.openstack.requestlog [None req-7d0a55b8-12b1-47ef-944d-6118a870859f - - - - - -] 10.128.0.2 "GET /" status: 200 len: 373 microversion: - time: 0.002424
2025-12-03 22:29:18.568 11 DEBUG nova.api.openstack.wsgi [None req-f281628e-d7b5-4b74-b0bc-ac4450353171 - - - - - -] Calling method '>' _process_stack /usr/lib/python3.9/site-packages/nova/api/openstack/wsgi.py:513
2025-12-03 22:29:18.569 11 INFO nova.api.openstack.requestlog [None req-f281628e-d7b5-4b74-b0bc-ac4450353171 - - - - - -] 10.128.0.2 "GET /" status: 200 len: 373 microversion: - time: 0.003669
2025-12-03 22:29:29.023 10 DEBUG nova.api.openstack.wsgi [None req-12fa88fb-b565-4008-80bf-7feaa36a7f6e f02d735f9c704b2e8bde78ca5e15c788 ebdbc6bd6ac94fca9ac245c271bc304b - - default default] Calling method '.version_select at 0x7fd6f068d5e0>' _process_stack /usr/lib/python3.9/site-packages/nova/api/openstack/wsgi.py:513
2025-12-03 22:29:29.100 10 INFO nova.api.openstack.requestlog [None req-12fa88fb-b565-4008-80bf-7feaa36a7f6e f02d735f9c704b2e8bde78ca5e15c788 ebdbc6bd6ac94fca9ac245c271bc304b - - default default] 10.128.0.163 "GET /v2.1/os-quota-sets/287bb4deac5947ca983293ae47928819" status: 200 len: 283 microversion: 2.55 time: 0.743363
2025-12-03 22:29:29.781 11 DEBUG nova.api.openstack.wsgi [None req-c8e8f606-c9e3-41dc-a503-784f97045632 f02d735f9c704b2e8bde78ca5e15c788 ebdbc6bd6ac94fca9ac245c271bc304b - - default default] Action: 'update', calling method: .version_select at 0x7fd6f068b5e0>, body: {"quota_set":{"cores":-1,"instances":-1,"ram":-1,"server_group_members":-1,"server_groups":-1}} _process_stack /usr/lib/python3.9/site-packages/nova/api/openstack/wsgi.py:511
2025-12-03 22:29:29.864 11 DEBUG oslo_concurrency.lockutils [None req-c8e8f606-c9e3-41dc-a503-784f97045632 f02d735f9c704b2e8bde78ca5e15c788 ebdbc6bd6ac94fca9ac245c271bc304b - - default default] Acquiring lock "00000000-0000-0000-0000-000000000000" by "nova.context.set_target_cell..get_or_set_cached_cell_and_set_connections" inner /usr/lib/python3.9/site-packages/oslo_concurrency/lockutils.py:404
2025-12-03 22:29:29.865 11 DEBUG oslo_concurrency.lockutils [None req-c8e8f606-c9e3-41dc-a503-784f97045632 f02d735f9c704b2e8bde78ca5e15c788 ebdbc6bd6ac94fca9ac245c271bc304b - - default default] Lock "00000000-0000-0000-0000-000000000000" acquired by "nova.context.set_target_cell..get_or_set_cached_cell_and_set_connections" :: waited 0.001s inner /usr/lib/python3.9/site-packages/oslo_concurrency/lockutils.py:409
2025-12-03 22:29:29.865 11 DEBUG oslo_concurrency.lockutils [None req-c8e8f606-c9e3-41dc-a503-784f97045632 f02d735f9c704b2e8bde78ca5e15c788 ebdbc6bd6ac94fca9ac245c271bc304b - - default default] Lock "00000000-0000-0000-0000-000000000000" "released" by "nova.context.set_target_cell..get_or_set_cached_cell_and_set_connections" :: held 0.000s inner /usr/lib/python3.9/site-packages/oslo_concurrency/lockutils.py:423
2025-12-03 22:29:29.865 11 DEBUG oslo_concurrency.lockutils [None req-c8e8f606-c9e3-41dc-a503-784f97045632 f02d735f9c704b2e8bde78ca5e15c788 ebdbc6bd6ac94fca9ac245c271bc304b - - default default] Acquiring lock "7a35e3e2-c319-4356-8ca1-0e661c2d5024" by "nova.context.set_target_cell..get_or_set_cached_cell_and_set_connections" inner /usr/lib/python3.9/site-packages/oslo_concurrency/lockutils.py:404
2025-12-03 22:29:29.867 11 DEBUG oslo_concurrency.lockutils [None req-c8e8f606-c9e3-41dc-a503-784f97045632 f02d735f9c704b2e8bde78ca5e15c788 ebdbc6bd6ac94fca9ac245c271bc304b - - default default] Lock "7a35e3e2-c319-4356-8ca1-0e661c2d5024" acquired by "nova.context.set_target_cell..get_or_set_cached_cell_and_set_connections" :: waited 0.001s inner /usr/lib/python3.9/site-packages/oslo_concurrency/lockutils.py:409
2025-12-03 22:29:29.867 11 DEBUG oslo_concurrency.lockutils [None req-c8e8f606-c9e3-41dc-a503-784f97045632 f02d735f9c704b2e8bde78ca5e15c788 ebdbc6bd6ac94fca9ac245c271bc304b - - default default] Lock "7a35e3e2-c319-4356-8ca1-0e661c2d5024" "released" by "nova.context.set_target_cell..get_or_set_cached_cell_and_set_connections" :: held 0.000s inner /usr/lib/python3.9/site-packages/oslo_concurrency/lockutils.py:423
2025-12-03 22:29:29.979 11 INFO nova.api.openstack.requestlog [None req-c8e8f606-c9e3-41dc-a503-784f97045632 f02d735f9c704b2e8bde78ca5e15c788 ebdbc6bd6ac94fca9ac245c271bc304b - - default default] 10.128.0.163 "PUT /v2.1/os-quota-sets/287bb4deac5947ca983293ae47928819" status: 200 len: 238 microversion: 2.55 time: 0.873044
2025-12-03 22:29:31.604 10 DEBUG nova.api.openstack.wsgi [None req-36fbc021-d1c8-4b6e-a2e6-79fdcf34a788 f02d735f9c704b2e8bde78ca5e15c788 ebdbc6bd6ac94fca9ac245c271bc304b - - default default] Calling method '.version_select at 0x7fd6f00afd30>' _process_stack /usr/lib/python3.9/site-packages/nova/api/openstack/wsgi.py:513
2025-12-03 22:29:31.711 10 INFO nova.api.openstack.requestlog [None req-36fbc021-d1c8-4b6e-a2e6-79fdcf34a788 f02d735f9c704b2e8bde78ca5e15c788 ebdbc6bd6ac94fca9ac245c271bc304b - - default default] 10.128.0.163 "GET /v2.1/os-quota-sets/287bb4deac5947ca983293ae47928819" status: 200 len: 280 microversion: 2.55 time: 0.204576
2025-12-03 22:29:32.555 11 DEBUG nova.api.openstack.wsgi [None req-f1883fe1-f9c6-4d03-b70d-4d5b77af0ee6 f02d735f9c704b2e8bde78ca5e15c788 ebdbc6bd6ac94fca9ac245c271bc304b - - default default] Calling method '.version_select at 0x7fd6f0057670>' _process_stack /usr/lib/python3.9/site-packages/nova/api/openstack/wsgi.py:513
2025-12-03 22:29:32.627 11 INFO nova.api.openstack.requestlog [None req-f1883fe1-f9c6-4d03-b70d-4d5b77af0ee6 f02d735f9c704b2e8bde78ca5e15c788 ebdbc6bd6ac94fca9ac245c271bc304b - - default default] 10.128.0.163 "GET /v2.1/os-quota-sets/287bb4deac5947ca983293ae47928819" status: 200 len: 280 microversion: 2.55 time: 0.148055
2025-12-03 22:29:33.361 10 DEBUG nova.api.openstack.wsgi [None req-3be60a56-ab68-46a4-a6ba-840a95d3070d f02d735f9c704b2e8bde78ca5e15c788 ebdbc6bd6ac94fca9ac245c271bc304b - - default default] Calling method '.version_select at 0x7fd6f01469d0>' _process_stack /usr/lib/python3.9/site-packages/nova/api/openstack/wsgi.py:513
2025-12-03 22:29:33.439 10 INFO nova.api.openstack.requestlog [None req-3be60a56-ab68-46a4-a6ba-840a95d3070d f02d735f9c704b2e8bde78ca5e15c788 ebdbc6bd6ac94fca9ac245c271bc304b - - default default] 10.128.0.163 "GET /v2.1/os-quota-sets/287bb4deac5947ca983293ae47928819" status: 200 len: 280 microversion: 2.55 time: 0.175193
2025-12-03 22:29:36.207 11 DEBUG nova.api.openstack.wsgi [None req-a0363974-7c35-4d71-9c59-5cb6b845d1b5 f02d735f9c704b2e8bde78ca5e15c788 ebdbc6bd6ac94fca9ac245c271bc304b - - default default] Calling method '.version_select at 0x7fd6f010c5e0>' _process_stack /usr/lib/python3.9/site-packages/nova/api/openstack/wsgi.py:513
2025-12-03 22:29:36.335 11 INFO nova.api.openstack.requestlog [None req-a0363974-7c35-4d71-9c59-5cb6b845d1b5 f02d735f9c704b2e8bde78ca5e15c788 ebdbc6bd6ac94fca9ac245c271bc304b - - default default] 10.128.0.163 "GET /v2.1/os-quota-sets/287bb4deac5947ca983293ae47928819" status: 200 len: 280 microversion: 2.55 time: 0.198044
2025-12-03 22:29:37.423 10 DEBUG nova.api.openstack.wsgi [None req-4f808328-911d-4fbe-a26c-4a67a2c14fb5 f02d735f9c704b2e8bde78ca5e15c788 ebdbc6bd6ac94fca9ac245c271bc304b - - default default] Calling method '.version_select at 0x7fd6f00be790>' _process_stack /usr/lib/python3.9/site-packages/nova/api/openstack/wsgi.py:513
2025-12-03 22:29:37.490 10 INFO nova.api.openstack.requestlog [None req-4f808328-911d-4fbe-a26c-4a67a2c14fb5 f02d735f9c704b2e8bde78ca5e15c788 ebdbc6bd6ac94fca9ac245c271bc304b - - default default] 10.128.0.163 "GET /v2.1/os-quota-sets/287bb4deac5947ca983293ae47928819" status: 200 len: 280 microversion: 2.55 time: 0.122278
2025-12-03 22:29:38.448 11 DEBUG nova.api.openstack.wsgi [None req-910ee855-2742-4e90-a375-960b0234f1ed f02d735f9c704b2e8bde78ca5e15c788 ebdbc6bd6ac94fca9ac245c271bc304b - - default default] Calling method '.version_select at 0x7fd6f0057f70>' _process_stack /usr/lib/python3.9/site-packages/nova/api/openstack/wsgi.py:513
2025-12-03 22:29:38.530 11 INFO nova.api.openstack.requestlog [None req-910ee855-2742-4e90-a375-960b0234f1ed f02d735f9c704b2e8bde78ca5e15c788 ebdbc6bd6ac94fca9ac245c271bc304b - - default default] 10.128.0.163 "GET /v2.1/os-quota-sets/287bb4deac5947ca983293ae47928819" status: 200 len: 280 microversion: 2.55 time: 0.132108
2025-12-03 22:29:39.506 10 DEBUG nova.api.openstack.wsgi [None req-2c0f9b2f-d3e3-47fa-bbff-97d91a84bec1 f02d735f9c704b2e8bde78ca5e15c788 ebdbc6bd6ac94fca9ac245c271bc304b - - default default] Calling method '.version_select at 0x7fd6f00beca0>' _process_stack /usr/lib/python3.9/site-packages/nova/api/openstack/wsgi.py:513
2025-12-03 22:29:39.805 10 INFO nova.api.openstack.requestlog [None req-2c0f9b2f-d3e3-47fa-bbff-97d91a84bec1 f02d735f9c704b2e8bde78ca5e15c788 ebdbc6bd6ac94fca9ac245c271bc304b - - default default] 10.128.0.163 "GET /v2.1/os-quota-sets/287bb4deac5947ca983293ae47928819" status: 200 len: 280 microversion: 2.55 time: 0.343710
2025-12-03 22:29:40.516 11 DEBUG nova.api.openstack.wsgi [None req-64d816f4-7671-4324-b9fd-2f044ce0a57b f02d735f9c704b2e8bde78ca5e15c788 ebdbc6bd6ac94fca9ac245c271bc304b - - default default] Calling method '.version_select at 0x7fd6f010c820>' _process_stack /usr/lib/python3.9/site-packages/nova/api/openstack/wsgi.py:513
2025-12-03 22:29:40.604 11 INFO nova.api.openstack.requestlog [None req-64d816f4-7671-4324-b9fd-2f044ce0a57b f02d735f9c704b2e8bde78ca5e15c788 ebdbc6bd6ac94fca9ac245c271bc304b - - default default] 10.128.0.163 "GET /v2.1/os-quota-sets/287bb4deac5947ca983293ae47928819" status: 200 len: 280 microversion: 2.55 time: 0.174650
2025-12-03 22:29:42.709 10 DEBUG nova.api.openstack.wsgi [None req-05b73881-59e4-4276-ad83-c04c5196bf41 f02d735f9c704b2e8bde78ca5e15c788 ebdbc6bd6ac94fca9ac245c271bc304b - - default default] Calling method '.version_select at 0x7fd6f0146ca0>' _process_stack /usr/lib/python3.9/site-packages/nova/api/openstack/wsgi.py:513
2025-12-03 22:29:42.790 10 INFO nova.api.openstack.requestlog [None req-05b73881-59e4-4276-ad83-c04c5196bf41 f02d735f9c704b2e8bde78ca5e15c788 ebdbc6bd6ac94fca9ac245c271bc304b - - default default] 10.128.0.163 "GET /v2.1/os-quota-sets/287bb4deac5947ca983293ae47928819" status: 200 len: 280 microversion: 2.55 time: 0.140436
2025-12-03 22:29:48.399 11 DEBUG nova.api.openstack.wsgi [None req-542cf586-370c-41c1-8a1d-7952a8fc9add f02d735f9c704b2e8bde78ca5e15c788 ebdbc6bd6ac94fca9ac245c271bc304b - - default default] Calling method '.version_select at 0x7fd6f010c040>' _process_stack /usr/lib/python3.9/site-packages/nova/api/openstack/wsgi.py:513
2025-12-03 22:29:48.465 11 INFO nova.api.openstack.requestlog [None req-542cf586-370c-41c1-8a1d-7952a8fc9add f02d735f9c704b2e8bde78ca5e15c788 ebdbc6bd6ac94fca9ac245c271bc304b - - default default] 10.128.0.163 "GET /v2.1/os-quota-sets/287bb4deac5947ca983293ae47928819" status: 200 len: 280 microversion: 2.55 time: 0.124811
2025-12-03 22:29:48.565 11 DEBUG nova.api.openstack.wsgi [None req-542cf586-370c-41c1-8a1d-7952a8fc9add f02d735f9c704b2e8bde78ca5e15c788 ebdbc6bd6ac94fca9ac245c271bc304b - - default default] Calling method '>' _process_stack /usr/lib/python3.9/site-packages/nova/api/openstack/wsgi.py:513
2025-12-03 22:29:48.566 10 DEBUG nova.api.openstack.wsgi [None req-05b73881-59e4-4276-ad83-c04c5196bf41 f02d735f9c704b2e8bde78ca5e15c788 ebdbc6bd6ac94fca9ac245c271bc304b - - default default] Calling method '>' _process_stack /usr/lib/python3.9/site-packages/nova/api/openstack/wsgi.py:513
2025-12-03 22:29:48.566 11 INFO nova.api.openstack.requestlog [None req-542cf586-370c-41c1-8a1d-7952a8fc9add f02d735f9c704b2e8bde78ca5e15c788 ebdbc6bd6ac94fca9ac245c271bc304b - - default default] 10.128.0.2 "GET /" status: 200 len: 373 microversion: - time: 0.001375
2025-12-03 22:29:48.567 10 INFO nova.api.openstack.requestlog [None req-05b73881-59e4-4276-ad83-c04c5196bf41 f02d735f9c704b2e8bde78ca5e15c788 ebdbc6bd6ac94fca9ac245c271bc304b - - default default] 10.128.0.2 "GET /" status: 200 len: 373 microversion: - time: 0.001347
2025-12-03 22:29:48.567 11 DEBUG nova.api.openstack.wsgi [None req-542cf586-370c-41c1-8a1d-7952a8fc9add f02d735f9c704b2e8bde78ca5e15c788 ebdbc6bd6ac94fca9ac245c271bc304b - - default default] Calling method '>' _process_stack /usr/lib/python3.9/site-packages/nova/api/openstack/wsgi.py:513
2025-12-03 22:29:48.568 11 INFO nova.api.openstack.requestlog [None req-542cf586-370c-41c1-8a1d-7952a8fc9add f02d735f9c704b2e8bde78ca5e15c788 ebdbc6bd6ac94fca9ac245c271bc304b - - default default] 10.128.0.2 "GET /" status: 200 len: 373 microversion: - time: 0.000588
2025-12-03 22:29:48.568 10 DEBUG nova.api.openstack.wsgi [None req-05b73881-59e4-4276-ad83-c04c5196bf41 f02d735f9c704b2e8bde78ca5e15c788 ebdbc6bd6ac94fca9ac245c271bc304b - - default default] Calling method '>' _process_stack /usr/lib/python3.9/site-packages/nova/api/openstack/wsgi.py:513
2025-12-03 22:29:48.568 10 INFO nova.api.openstack.requestlog [None req-05b73881-59e4-4276-ad83-c04c5196bf41 f02d735f9c704b2e8bde78ca5e15c788 ebdbc6bd6ac94fca9ac245c271bc304b - - default default] 10.128.0.2 "GET /" status: 200 len: 373 microversion: - time: 0.000693
2025-12-03 22:29:48.977 11 DEBUG nova.api.openstack.wsgi [None req-1b1b8665-b9f6-49d4-a609-53ffc119f085 f02d735f9c704b2e8bde78ca5e15c788 ebdbc6bd6ac94fca9ac245c271bc304b - - default default] Calling method '.version_select at 0x7fd6f0057670>' _process_stack /usr/lib/python3.9/site-packages/nova/api/openstack/wsgi.py:513
2025-12-03 22:29:49.030 11 INFO nova.api.openstack.requestlog [None req-1b1b8665-b9f6-49d4-a609-53ffc119f085 f02d735f9c704b2e8bde78ca5e15c788 ebdbc6bd6ac94fca9ac245c271bc304b - - default default] 10.128.0.163 "GET /v2.1/os-quota-sets/287bb4deac5947ca983293ae47928819" status: 200 len: 280 microversion: 2.55 time: 0.105560
2025-12-03 22:29:49.653 10 DEBUG nova.api.openstack.wsgi [None req-9023d1f4-6ef7-4189-94fd-a549d20cf45b f02d735f9c704b2e8bde78ca5e15c788 ebdbc6bd6ac94fca9ac245c271bc304b - - default default] Calling method '.version_select at 0x7fd6f0146820>' _process_stack /usr/lib/python3.9/site-packages/nova/api/openstack/wsgi.py:513
2025-12-03 22:29:49.707 10 INFO nova.api.openstack.requestlog [None req-9023d1f4-6ef7-4189-94fd-a549d20cf45b f02d735f9c704b2e8bde78ca5e15c788 ebdbc6bd6ac94fca9ac245c271bc304b - - default default] 10.128.0.163 "GET /v2.1/os-quota-sets/287bb4deac5947ca983293ae47928819" status: 200 len: 280 microversion: 2.55 time: 0.102159
2025-12-03 22:30:18.565 11 DEBUG nova.api.openstack.wsgi [None req-1b1b8665-b9f6-49d4-a609-53ffc119f085 f02d735f9c704b2e8bde78ca5e15c788 ebdbc6bd6ac94fca9ac245c271bc304b - - default default] Calling method '>' _process_stack /usr/lib/python3.9/site-packages/nova/api/openstack/wsgi.py:513
2025-12-03 22:30:18.565 10 DEBUG nova.api.openstack.wsgi [None req-9023d1f4-6ef7-4189-94fd-a549d20cf45b f02d735f9c704b2e8bde78ca5e15c788 ebdbc6bd6ac94fca9ac245c271bc304b - - default default] Calling method '>' _process_stack /usr/lib/python3.9/site-packages/nova/api/openstack/wsgi.py:513
2025-12-03 22:30:18.566 11 INFO nova.api.openstack.requestlog [None req-1b1b8665-b9f6-49d4-a609-53ffc119f085 f02d735f9c704b2e8bde78ca5e15c788 ebdbc6bd6ac94fca9ac245c271bc304b - - default default] 10.128.0.2 "GET /" status: 200 len: 373 microversion: - time: 0.001633
2025-12-03 22:30:18.566 10 INFO nova.api.openstack.requestlog [None req-9023d1f4-6ef7-4189-94fd-a549d20cf45b f02d735f9c704b2e8bde78ca5e15c788 ebdbc6bd6ac94fca9ac245c271bc304b - - default default] 10.128.0.2 "GET /" status: 200 len: 373 microversion: - time: 0.001426
2025-12-03 22:30:18.567 11 DEBUG nova.api.openstack.wsgi [None req-1b1b8665-b9f6-49d4-a609-53ffc119f085 f02d735f9c704b2e8bde78ca5e15c788 ebdbc6bd6ac94fca9ac245c271bc304b - - default default] Calling method '>' _process_stack /usr/lib/python3.9/site-packages/nova/api/openstack/wsgi.py:513
2025-12-03 22:30:18.568 11 INFO nova.api.openstack.requestlog [None req-1b1b8665-b9f6-49d4-a609-53ffc119f085 f02d735f9c704b2e8bde78ca5e15c788 ebdbc6bd6ac94fca9ac245c271bc304b - - default default] 10.128.0.2 "GET /" status: 200 len: 373 microversion: - time: 0.000652
2025-12-03 22:30:18.569 10 DEBUG nova.api.openstack.wsgi [None req-9023d1f4-6ef7-4189-94fd-a549d20cf45b f02d735f9c704b2e8bde78ca5e15c788 ebdbc6bd6ac94fca9ac245c271bc304b - - default default] Calling method '>' _process_stack /usr/lib/python3.9/site-packages/nova/api/openstack/wsgi.py:513
2025-12-03 22:30:18.570 10 INFO nova.api.openstack.requestlog [None req-9023d1f4-6ef7-4189-94fd-a549d20cf45b f02d735f9c704b2e8bde78ca5e15c788 ebdbc6bd6ac94fca9ac245c271bc304b - - default default] 10.128.0.2 "GET /" status: 200 len: 373 microversion: - time: 0.001553
2025-12-03 22:30:26.156 11 DEBUG nova.api.openstack.wsgi [None req-1015aff5-0ae9-4856-b029-b2a61ac55981 f02d735f9c704b2e8bde78ca5e15c788 ebdbc6bd6ac94fca9ac245c271bc304b - - default default] Calling method '>' _process_stack /usr/lib/python3.9/site-packages/nova/api/openstack/wsgi.py:513
2025-12-03 22:30:26.173 11 INFO nova.api.openstack.requestlog [None req-1015aff5-0ae9-4856-b029-b2a61ac55981 f02d735f9c704b2e8bde78ca5e15c788 ebdbc6bd6ac94fca9ac245c271bc304b - - default default] 10.128.0.163 "GET /v2.1/flavors/detail?is_public=None" status: 200 len: 15 microversion: 2.55 time: 0.244895
2025-12-03 22:30:26.179 10 DEBUG nova.api.openstack.wsgi [None req-2b18d0a7-1319-4f6c-95fb-9b6423301b8f f02d735f9c704b2e8bde78ca5e15c788 ebdbc6bd6ac94fca9ac245c271bc304b - - default default] Calling method '.version_select at 0x7fd6f00beee0>' _process_stack /usr/lib/python3.9/site-packages/nova/api/openstack/wsgi.py:513
2025-12-03 22:30:26.189 10 INFO nova.api.openstack.wsgi [None req-2b18d0a7-1319-4f6c-95fb-9b6423301b8f f02d735f9c704b2e8bde78ca5e15c788 ebdbc6bd6ac94fca9ac245c271bc304b - - default default] HTTP exception thrown: Keypair octavia-ssh-keypair not found for user 8c3aef96126f47b49d7cf9954a203662
2025-12-03 22:30:26.190 10 DEBUG nova.api.openstack.wsgi [None req-2b18d0a7-1319-4f6c-95fb-9b6423301b8f f02d735f9c704b2e8bde78ca5e15c788 ebdbc6bd6ac94fca9ac245c271bc304b - - default default] Returning 404 to user: Keypair octavia-ssh-keypair not found for user 8c3aef96126f47b49d7cf9954a203662 __call__ /usr/lib/python3.9/site-packages/nova/api/openstack/wsgi.py:936
2025-12-03 22:30:26.191 10 INFO nova.api.openstack.requestlog [None req-2b18d0a7-1319-4f6c-95fb-9b6423301b8f f02d735f9c704b2e8bde78ca5e15c788 ebdbc6bd6ac94fca9ac245c271bc304b - - default default] 10.128.0.163 "GET /v2.1/os-keypairs/octavia-ssh-keypair?user_id=8c3aef96126f47b49d7cf9954a203662" status: 404 len: 125 microversion: 2.55 time: 0.231819
2025-12-03 22:30:26.264 10 DEBUG nova.api.openstack.wsgi [None req-1b1f5129-bdcc-4506-93aa-c4753097cf06 f02d735f9c704b2e8bde78ca5e15c788 ebdbc6bd6ac94fca9ac245c271bc304b - - default default] Action: 'create', calling method: .version_select at 0x7fd6f0146a60>, body: {"keypair":{"name":"octavia-ssh-keypair","public_key":"ecdsa-sha2-nistp521 AAAAE2VjZHNhLXNoYTItbmlzdHA1MjEAAAAIbmlzdHA1MjEAAACFBAAVilcO13d+X6Z/Bg6g25Bwiuub6fyIOUr95Tt4UnJ95TO1+GF7NhWJyNbIFWR0smFs6xP/sPrP62y0X6cmbThT+ADckSGCUf7CXF44ZajhMEdv1ug4TM+1SHFVB7mCXcKuixtzpyoF5Xu6UY/OYP0nBO6xDv+RSIK4yOQaFdfmqAvq1w==\n","type":"ssh","user_id":"8c3aef96126f47b49d7cf9954a203662"}} _process_stack /usr/lib/python3.9/site-packages/nova/api/openstack/wsgi.py:511
2025-12-03 22:30:26.266 11 DEBUG nova.api.openstack.wsgi [None req-231674b4-0d41-4439-8614-2ad049067110 f02d735f9c704b2e8bde78ca5e15c788 ebdbc6bd6ac94fca9ac245c271bc304b - - default default] Action: 'create', calling method: >, body: {"flavor":{"description":"Flavor for Octavia amphora instances (1 vCPU, 1 GB RAM, 3 GB disk, default flavor)","disk":3,"name":"octavia-amphora","os-flavor-access:is_public":false,"ram":1024,"rxtx_factor":1,"vcpus":1}} _process_stack /usr/lib/python3.9/site-packages/nova/api/openstack/wsgi.py:511
2025-12-03 22:30:26.289 10 DEBUG nova.quota [None req-1b1f5129-bdcc-4506-93aa-c4753097cf06 f02d735f9c704b2e8bde78ca5e15c788 ebdbc6bd6ac94fca9ac245c271bc304b - - default default] Getting quotas for project ebdbc6bd6ac94fca9ac245c271bc304b. Resources: {'key_pairs'} _get_quotas /usr/lib/python3.9/site-packages/nova/quota.py:393
2025-12-03 22:30:26.291 10 DEBUG nova.quota [None req-1b1f5129-bdcc-4506-93aa-c4753097cf06 f02d735f9c704b2e8bde78ca5e15c788 ebdbc6bd6ac94fca9ac245c271bc304b - - default default] Getting quotas for user f02d735f9c704b2e8bde78ca5e15c788 and project ebdbc6bd6ac94fca9ac245c271bc304b. Resources: {'key_pairs'} _get_quotas /usr/lib/python3.9/site-packages/nova/quota.py:383
2025-12-03 22:30:26.314 10 INFO nova.api.openstack.requestlog [None req-1b1f5129-bdcc-4506-93aa-c4753097cf06 f02d735f9c704b2e8bde78ca5e15c788 ebdbc6bd6ac94fca9ac245c271bc304b - - default default] 10.128.0.163 "POST /v2.1/os-keypairs" status: 201 len: 444 microversion: 2.55 time: 0.115877
2025-12-03 22:30:26.314 11 INFO nova.api.openstack.requestlog [None req-231674b4-0d41-4439-8614-2ad049067110 f02d735f9c704b2e8bde78ca5e15c788 ebdbc6bd6ac94fca9ac245c271bc304b - - default default] 10.128.0.163 "POST /v2.1/flavors" status: 200 len: 606 microversion: 2.55 time: 0.138174
2025-12-03 22:30:26.541 10 DEBUG nova.api.openstack.wsgi [None req-eb818225-3498-443d-85a2-83551d74a798 f02d735f9c704b2e8bde78ca5e15c788 ebdbc6bd6ac94fca9ac245c271bc304b - - default default] Action: 'create', calling method: >, body: {"flavor":{"description":"Flavor for Octavia amphora instances (4 vCPUs, 4 GB RAM, 3 GB disk)","disk":3,"name":"octavia-amphora-4vcpus","os-flavor-access:is_public":false,"ram":4096,"rxtx_factor":1,"vcpus":4}} _process_stack /usr/lib/python3.9/site-packages/nova/api/openstack/wsgi.py:511
2025-12-03 22:30:26.588 10 INFO nova.api.openstack.requestlog [None req-eb818225-3498-443d-85a2-83551d74a798 f02d735f9c704b2e8bde78ca5e15c788 ebdbc6bd6ac94fca9ac245c271bc304b - - default default] 10.128.0.163 "POST /v2.1/flavors" status: 200 len: 598 microversion: 2.55 time: 0.268776
2025-12-03 22:30:27.043 11 DEBUG nova.api.openstack.wsgi [None req-d17e7c57-abc8-4fd3-8314-bd9f7d3d0d94 f02d735f9c704b2e8bde78ca5e15c788 ebdbc6bd6ac94fca9ac245c271bc304b - - default default] Calling method '.version_select at 0x7fd6ebf99670>' _process_stack /usr/lib/python3.9/site-packages/nova/api/openstack/wsgi.py:513
2025-12-03 22:30:27.161 11 INFO nova.api.openstack.requestlog [None req-d17e7c57-abc8-4fd3-8314-bd9f7d3d0d94 f02d735f9c704b2e8bde78ca5e15c788 ebdbc6bd6ac94fca9ac245c271bc304b - - default default] 10.128.0.163 "GET /v2.1/os-quota-sets/287bb4deac5947ca983293ae47928819" status: 200 len: 280 microversion: 2.55 time: 0.209822
2025-12-03 22:30:29.069 10 DEBUG nova.api.openstack.wsgi [None req-67988f2c-b7f2-4545-a77f-b99dcabda8a7 f02d735f9c704b2e8bde78ca5e15c788 ebdbc6bd6ac94fca9ac245c271bc304b - - default default] Calling method '>' _process_stack /usr/lib/python3.9/site-packages/nova/api/openstack/wsgi.py:513
2025-12-03 22:30:29.097 10 INFO nova.api.openstack.requestlog [None req-67988f2c-b7f2-4545-a77f-b99dcabda8a7 f02d735f9c704b2e8bde78ca5e15c788 ebdbc6bd6ac94fca9ac245c271bc304b - - default default] 10.128.0.163 "GET /v2.1/flavors/detail?is_public=None" status: 200 len: 1197 microversion: 2.55 time: 0.133263
2025-12-03 22:30:38.309 11 DEBUG nova.api.openstack.wsgi [None req-2edcdeff-2d0c-4e20-a43a-c5e051b14aa6 f02d735f9c704b2e8bde78ca5e15c788 ebdbc6bd6ac94fca9ac245c271bc304b - - default default] Calling method '.version_select at 0x7fd6ebf999d0>' _process_stack /usr/lib/python3.9/site-packages/nova/api/openstack/wsgi.py:513
2025-12-03 22:30:38.318 11 INFO nova.api.openstack.requestlog [None req-2edcdeff-2d0c-4e20-a43a-c5e051b14aa6 f02d735f9c704b2e8bde78ca5e15c788 ebdbc6bd6ac94fca9ac245c271bc304b - - default default] 10.128.0.163 "GET /v2.1/os-keypairs/octavia-ssh-keypair?user_id=8c3aef96126f47b49d7cf9954a203662" status: 200 len: 555 microversion: 2.55 time: 0.079269
2025-12-03 22:30:38.804 10 DEBUG nova.api.openstack.wsgi [None req-ca0be222-28a5-4378-a632-b64ffc1c7ab7 f02d735f9c704b2e8bde78ca5e15c788 ebdbc6bd6ac94fca9ac245c271bc304b - - default default] Calling method '.version_select at 0x7fd6ebfae310>' _process_stack /usr/lib/python3.9/site-packages/nova/api/openstack/wsgi.py:513
2025-12-03 22:30:38.868 10 INFO nova.api.openstack.requestlog [None req-ca0be222-28a5-4378-a632-b64ffc1c7ab7 f02d735f9c704b2e8bde78ca5e15c788 ebdbc6bd6ac94fca9ac245c271bc304b - - default default] 10.128.0.163 "GET /v2.1/os-quota-sets/287bb4deac5947ca983293ae47928819" status: 200 len: 280 microversion: 2.55 time: 0.129814
2025-12-03 22:30:41.477 11 DEBUG nova.api.openstack.wsgi [None req-a9c49914-399a-45b7-b098-69ee04d2c2ba f02d735f9c704b2e8bde78ca5e15c788 ebdbc6bd6ac94fca9ac245c271bc304b - - default default] Calling method '.version_select at 0x7fd6ebf99b80>' _process_stack /usr/lib/python3.9/site-packages/nova/api/openstack/wsgi.py:513
2025-12-03 22:30:41.600 11 INFO nova.api.openstack.requestlog [None req-a9c49914-399a-45b7-b098-69ee04d2c2ba f02d735f9c704b2e8bde78ca5e15c788 ebdbc6bd6ac94fca9ac245c271bc304b - - default default] 10.128.0.163 "GET /v2.1/os-quota-sets/287bb4deac5947ca983293ae47928819" status: 200 len: 280 microversion: 2.55 time: 0.226874
2025-12-03 22:30:42.697 10 DEBUG nova.api.openstack.wsgi [None req-64a21adc-7040-45ab-85d6-c3dc75ed83ce f02d735f9c704b2e8bde78ca5e15c788 ebdbc6bd6ac94fca9ac245c271bc304b - - default default] Calling method '.version_select at 0x7fd6ebf5b160>' _process_stack /usr/lib/python3.9/site-packages/nova/api/openstack/wsgi.py:513
2025-12-03 22:30:42.799 10 INFO nova.api.openstack.requestlog [None req-64a21adc-7040-45ab-85d6-c3dc75ed83ce f02d735f9c704b2e8bde78ca5e15c788 ebdbc6bd6ac94fca9ac245c271bc304b - - default default] 10.128.0.163 "GET /v2.1/os-quota-sets/287bb4deac5947ca983293ae47928819" status: 200 len: 280 microversion: 2.55 time: 0.194459
2025-12-03 22:30:43.900 11 DEBUG nova.api.openstack.wsgi [None req-cef75446-e50f-4466-97d9-07c4ccb73ab7 f02d735f9c704b2e8bde78ca5e15c788 ebdbc6bd6ac94fca9ac245c271bc304b - - default default] Calling method '.version_select at 0x7fd6f010c940>' _process_stack /usr/lib/python3.9/site-packages/nova/api/openstack/wsgi.py:513
2025-12-03 22:30:44.095 11 INFO nova.api.openstack.requestlog [None req-cef75446-e50f-4466-97d9-07c4ccb73ab7 f02d735f9c704b2e8bde78ca5e15c788 ebdbc6bd6ac94fca9ac245c271bc304b - - default default] 10.128.0.163 "GET /v2.1/os-quota-sets/287bb4deac5947ca983293ae47928819" status: 200 len: 280 microversion: 2.55 time: 0.325501
2025-12-03 22:30:46.455 10 DEBUG nova.api.openstack.wsgi [None req-ed45c776-931f-4e1f-bf8d-3f235e29f2a6 f02d735f9c704b2e8bde78ca5e15c788 ebdbc6bd6ac94fca9ac245c271bc304b - - default default] Calling method '.version_select at 0x7fd6ebfae0d0>' _process_stack /usr/lib/python3.9/site-packages/nova/api/openstack/wsgi.py:513
2025-12-03 22:30:46.650 10 INFO nova.api.openstack.requestlog [None req-ed45c776-931f-4e1f-bf8d-3f235e29f2a6 f02d735f9c704b2e8bde78ca5e15c788 ebdbc6bd6ac94fca9ac245c271bc304b - - default default] 10.128.0.163 "GET /v2.1/os-quota-sets/287bb4deac5947ca983293ae47928819" status: 200 len: 280 microversion: 2.55 time: 0.324142
2025-12-03 22:30:47.429 11 DEBUG nova.api.openstack.wsgi [None req-bd374765-7769-4e30-a5af-22eb88f08e45 f02d735f9c704b2e8bde78ca5e15c788 ebdbc6bd6ac94fca9ac245c271bc304b - - default default] Calling method '.version_select at 0x7fd6f010c820>' _process_stack /usr/lib/python3.9/site-packages/nova/api/openstack/wsgi.py:513
2025-12-03 22:30:47.509 11 INFO nova.api.openstack.requestlog [None req-bd374765-7769-4e30-a5af-22eb88f08e45 f02d735f9c704b2e8bde78ca5e15c788 ebdbc6bd6ac94fca9ac245c271bc304b - - default default] 10.128.0.163 "GET /v2.1/os-quota-sets/287bb4deac5947ca983293ae47928819" status: 200 len: 280 microversion: 2.55 time: 0.205010
2025-12-03 22:30:48.569 10 DEBUG nova.api.openstack.wsgi [None req-ed45c776-931f-4e1f-bf8d-3f235e29f2a6 f02d735f9c704b2e8bde78ca5e15c788 ebdbc6bd6ac94fca9ac245c271bc304b - - default default] Calling method '>' _process_stack /usr/lib/python3.9/site-packages/nova/api/openstack/wsgi.py:513
2025-12-03 22:30:48.569 11 DEBUG nova.api.openstack.wsgi [None req-bd374765-7769-4e30-a5af-22eb88f08e45 f02d735f9c704b2e8bde78ca5e15c788 ebdbc6bd6ac94fca9ac245c271bc304b - - default default] Calling method '>' _process_stack /usr/lib/python3.9/site-packages/nova/api/openstack/wsgi.py:513
2025-12-03 22:30:48.570 10 INFO nova.api.openstack.requestlog [None req-ed45c776-931f-4e1f-bf8d-3f235e29f2a6 f02d735f9c704b2e8bde78ca5e15c788 ebdbc6bd6ac94fca9ac245c271bc304b - - default default] 10.128.0.2 "GET /" status: 200 len: 373 microversion: - time: 0.001358
2025-12-03 22:30:48.570 11 INFO nova.api.openstack.requestlog [None req-bd374765-7769-4e30-a5af-22eb88f08e45 f02d735f9c704b2e8bde78ca5e15c788 ebdbc6bd6ac94fca9ac245c271bc304b - - default default] 10.128.0.2 "GET /" status: 200 len: 373 microversion: - time: 0.001767
2025-12-03 22:30:48.571 11 DEBUG nova.api.openstack.wsgi [None req-bd374765-7769-4e30-a5af-22eb88f08e45 f02d735f9c704b2e8bde78ca5e15c788 ebdbc6bd6ac94fca9ac245c271bc304b - - default default] Calling method '>' _process_stack /usr/lib/python3.9/site-packages/nova/api/openstack/wsgi.py:513
2025-12-03 22:30:48.571 10 DEBUG nova.api.openstack.wsgi [None req-ed45c776-931f-4e1f-bf8d-3f235e29f2a6 f02d735f9c704b2e8bde78ca5e15c788 ebdbc6bd6ac94fca9ac245c271bc304b - - default default] Calling method '>' _process_stack /usr/lib/python3.9/site-packages/nova/api/openstack/wsgi.py:513
2025-12-03 22:30:48.572 11 INFO nova.api.openstack.requestlog [None req-bd374765-7769-4e30-a5af-22eb88f08e45 f02d735f9c704b2e8bde78ca5e15c788 ebdbc6bd6ac94fca9ac245c271bc304b - - default default] 10.128.0.2 "GET /" status: 200 len: 373 microversion: - time: 0.000530
2025-12-03 22:30:48.572 10 INFO nova.api.openstack.requestlog [None req-ed45c776-931f-4e1f-bf8d-3f235e29f2a6 f02d735f9c704b2e8bde78ca5e15c788 ebdbc6bd6ac94fca9ac245c271bc304b - - default default] 10.128.0.2 "GET /" status: 200 len: 373 microversion: - time: 0.000670
2025-12-03 22:30:49.824 11 DEBUG nova.api.openstack.wsgi [None req-41fb9d49-bd42-4fd3-b25f-7cbeb6b64b21 f02d735f9c704b2e8bde78ca5e15c788 ebdbc6bd6ac94fca9ac245c271bc304b - - default default] Calling method '.version_select at 0x7fd6ebfe7040>' _process_stack /usr/lib/python3.9/site-packages/nova/api/openstack/wsgi.py:513
2025-12-03 22:30:49.913 11 INFO nova.api.openstack.requestlog [None req-41fb9d49-bd42-4fd3-b25f-7cbeb6b64b21 f02d735f9c704b2e8bde78ca5e15c788 ebdbc6bd6ac94fca9ac245c271bc304b - - default default] 10.128.0.163 "GET /v2.1/os-quota-sets/287bb4deac5947ca983293ae47928819" status: 200 len: 280 microversion: 2.55 time: 0.168802
2025-12-03 22:30:50.741 10 DEBUG nova.api.openstack.wsgi [None req-d019aff0-d8dd-43c5-b3cc-c303f9e823f7 f02d735f9c704b2e8bde78ca5e15c788 ebdbc6bd6ac94fca9ac245c271bc304b - - default default] Calling method '.version_select at 0x7fd6ebf5bb80>' _process_stack /usr/lib/python3.9/site-packages/nova/api/openstack/wsgi.py:513
2025-12-03 22:30:50.810 10 INFO nova.api.openstack.requestlog [None req-d019aff0-d8dd-43c5-b3cc-c303f9e823f7 f02d735f9c704b2e8bde78ca5e15c788 ebdbc6bd6ac94fca9ac245c271bc304b - - default default] 10.128.0.163 "GET /v2.1/os-quota-sets/287bb4deac5947ca983293ae47928819" status: 200 len: 280 microversion: 2.55 time: 0.185019
2025-12-03 22:30:52.250 11 DEBUG nova.api.openstack.wsgi [None req-4dd6e789-4f4e-4160-ab5c-1bf1a1c4d97f f02d735f9c704b2e8bde78ca5e15c788 ebdbc6bd6ac94fca9ac245c271bc304b - - default default] Calling method '.version_select at 0x7fd6f097fdc0>' _process_stack /usr/lib/python3.9/site-packages/nova/api/openstack/wsgi.py:513
2025-12-03 22:30:52.317 11 INFO nova.api.openstack.requestlog [None req-4dd6e789-4f4e-4160-ab5c-1bf1a1c4d97f f02d735f9c704b2e8bde78ca5e15c788 ebdbc6bd6ac94fca9ac245c271bc304b - - default default] 10.128.0.163 "GET /v2.1/os-quota-sets/287bb4deac5947ca983293ae47928819" status: 200 len: 280 microversion: 2.55 time: 0.151832
2025-12-03 22:30:58.093 10 DEBUG nova.api.openstack.wsgi [None req-0079f795-3f1c-4766-a6fd-d6d5513e99f6 f02d735f9c704b2e8bde78ca5e15c788 ebdbc6bd6ac94fca9ac245c271bc304b - - default default] Calling method '.version_select at 0x7fd6ebfae9d0>' _process_stack /usr/lib/python3.9/site-packages/nova/api/openstack/wsgi.py:513
2025-12-03 22:30:58.166 10 INFO nova.api.openstack.requestlog [None req-0079f795-3f1c-4766-a6fd-d6d5513e99f6 f02d735f9c704b2e8bde78ca5e15c788 ebdbc6bd6ac94fca9ac245c271bc304b - - default default] 10.128.0.163 "GET /v2.1/os-quota-sets/287bb4deac5947ca983293ae47928819" status: 200 len: 280 microversion: 2.55 time: 0.166388
2025-12-03 22:30:59.031 11 DEBUG nova.api.openstack.wsgi [None req-7c867bb8-10a4-4a38-a2a5-83e6ee18b2fa f02d735f9c704b2e8bde78ca5e15c788 ebdbc6bd6ac94fca9ac245c271bc304b - - default default] Calling method '.version_select at 0x7fd6f010cf70>' _process_stack /usr/lib/python3.9/site-packages/nova/api/openstack/wsgi.py:513
2025-12-03 22:30:59.091 11 INFO nova.api.openstack.requestlog [None req-7c867bb8-10a4-4a38-a2a5-83e6ee18b2fa f02d735f9c704b2e8bde78ca5e15c788 ebdbc6bd6ac94fca9ac245c271bc304b - - default default] 10.128.0.163 "GET /v2.1/os-quota-sets/287bb4deac5947ca983293ae47928819" status: 200 len: 280 microversion: 2.55 time: 0.118935
2025-12-03 22:31:05.217 10 DEBUG nova.api.openstack.wsgi [None req-86f74325-66ad-4ace-8e77-79c98398c80c f02d735f9c704b2e8bde78ca5e15c788 ebdbc6bd6ac94fca9ac245c271bc304b - - default default] Calling method '.version_select at 0x7fd6f0146e50>' _process_stack /usr/lib/python3.9/site-packages/nova/api/openstack/wsgi.py:513
2025-12-03 22:31:05.223 10 INFO nova.api.openstack.requestlog [None req-86f74325-66ad-4ace-8e77-79c98398c80c f02d735f9c704b2e8bde78ca5e15c788 ebdbc6bd6ac94fca9ac245c271bc304b - - default default] 10.128.0.163 "GET /v2.1/os-keypairs/octavia-ssh-keypair?user_id=8c3aef96126f47b49d7cf9954a203662" status: 200 len: 555 microversion: 2.55 time: 0.063921
2025-12-03 22:31:07.140 11 DEBUG nova.api.openstack.wsgi [None req-2afd9b04-26b4-42d9-98fc-a8798923bbcd f02d735f9c704b2e8bde78ca5e15c788 ebdbc6bd6ac94fca9ac245c271bc304b - - default default] Calling method '.version_select at 0x7fd6ebf99f70>' _process_stack /usr/lib/python3.9/site-packages/nova/api/openstack/wsgi.py:513
2025-12-03 22:31:07.245 11 INFO nova.api.openstack.requestlog [None req-2afd9b04-26b4-42d9-98fc-a8798923bbcd f02d735f9c704b2e8bde78ca5e15c788 ebdbc6bd6ac94fca9ac245c271bc304b - - default default] 10.128.0.163 "GET /v2.1/os-quota-sets/287bb4deac5947ca983293ae47928819" status: 200 len: 280 microversion: 2.55 time: 0.200691
2025-12-03 22:31:16.908 10 DEBUG nova.api.openstack.wsgi [None req-8524b636-56fc-4d45-b5d5-5bfcc21a128c f02d735f9c704b2e8bde78ca5e15c788 ebdbc6bd6ac94fca9ac245c271bc304b - - default default] Calling method '.version_select at 0x7fd6f01461f0>' _process_stack /usr/lib/python3.9/site-packages/nova/api/openstack/wsgi.py:513
2025-12-03 22:31:16.914 10 INFO nova.api.openstack.requestlog [None req-8524b636-56fc-4d45-b5d5-5bfcc21a128c f02d735f9c704b2e8bde78ca5e15c788 ebdbc6bd6ac94fca9ac245c271bc304b - - default default] 10.128.0.163 "GET /v2.1/os-keypairs/octavia-ssh-keypair?user_id=8c3aef96126f47b49d7cf9954a203662" status: 200 len: 555 microversion: 2.55 time: 0.080504
2025-12-03 22:31:18.100 11 DEBUG nova.api.openstack.wsgi [None req-5499afe3-c4d7-4020-a2b3-1469fb734593 f02d735f9c704b2e8bde78ca5e15c788 ebdbc6bd6ac94fca9ac245c271bc304b - - default default] Calling method '.version_select at 0x7fd6f0057d30>' _process_stack /usr/lib/python3.9/site-packages/nova/api/openstack/wsgi.py:513
2025-12-03 22:31:18.170 11 INFO nova.api.openstack.requestlog [None req-5499afe3-c4d7-4020-a2b3-1469fb734593 f02d735f9c704b2e8bde78ca5e15c788 ebdbc6bd6ac94fca9ac245c271bc304b - - default default] 10.128.0.163 "GET /v2.1/os-quota-sets/287bb4deac5947ca983293ae47928819" status: 200 len: 280 microversion: 2.55 time: 0.150696
2025-12-03 22:31:18.565 10 DEBUG nova.api.openstack.wsgi [None req-8524b636-56fc-4d45-b5d5-5bfcc21a128c f02d735f9c704b2e8bde78ca5e15c788 ebdbc6bd6ac94fca9ac245c271bc304b - - default default] Calling method '>' _process_stack /usr/lib/python3.9/site-packages/nova/api/openstack/wsgi.py:513
2025-12-03 22:31:18.574 10 INFO nova.api.openstack.requestlog [None req-8524b636-56fc-4d45-b5d5-5bfcc21a128c f02d735f9c704b2e8bde78ca5e15c788 ebdbc6bd6ac94fca9ac245c271bc304b - - default default] 10.128.0.2 "GET /" status: 200 len: 373 microversion: - time: 0.009002
2025-12-03 22:31:18.575 10 DEBUG nova.api.openstack.wsgi [None req-8524b636-56fc-4d45-b5d5-5bfcc21a128c f02d735f9c704b2e8bde78ca5e15c788 ebdbc6bd6ac94fca9ac245c271bc304b - - default default] Calling method '>' _process_stack /usr/lib/python3.9/site-packages/nova/api/openstack/wsgi.py:513
2025-12-03 22:31:18.576 10 INFO nova.api.openstack.requestlog [None req-8524b636-56fc-4d45-b5d5-5bfcc21a128c f02d735f9c704b2e8bde78ca5e15c788 ebdbc6bd6ac94fca9ac245c271bc304b - - default default] 10.128.0.2 "GET /" status: 200 len: 373 microversion: - time: 0.000603
2025-12-03 22:31:18.577 10 DEBUG nova.api.openstack.wsgi [None req-8524b636-56fc-4d45-b5d5-5bfcc21a128c f02d735f9c704b2e8bde78ca5e15c788 ebdbc6bd6ac94fca9ac245c271bc304b - - default default] Calling method '>' _process_stack /usr/lib/python3.9/site-packages/nova/api/openstack/wsgi.py:513
2025-12-03 22:31:18.577 10 INFO nova.api.openstack.requestlog [None req-8524b636-56fc-4d45-b5d5-5bfcc21a128c f02d735f9c704b2e8bde78ca5e15c788 ebdbc6bd6ac94fca9ac245c271bc304b - - default default] 10.128.0.2 "GET /" status: 200 len: 373 microversion: - time: 0.000739
2025-12-03 22:31:18.567 11 DEBUG nova.api.openstack.wsgi [None req-5499afe3-c4d7-4020-a2b3-1469fb734593 f02d735f9c704b2e8bde78ca5e15c788 ebdbc6bd6ac94fca9ac245c271bc304b - - default default] Calling method '>' _process_stack /usr/lib/python3.9/site-packages/nova/api/openstack/wsgi.py:513
2025-12-03 22:31:18.581 11 INFO nova.api.openstack.requestlog [None req-5499afe3-c4d7-4020-a2b3-1469fb734593 f02d735f9c704b2e8bde78ca5e15c788 ebdbc6bd6ac94fca9ac245c271bc304b - - default default] 10.128.0.2 "GET /" status: 200 len: 373 microversion: - time: 0.014791
2025-12-03 22:31:25.087 10 DEBUG nova.api.openstack.wsgi [None req-ff8e7c5f-a588-4e7a-b4de-5a0f307cfbe2 f02d735f9c704b2e8bde78ca5e15c788 ebdbc6bd6ac94fca9ac245c271bc304b - - default default] Calling method '.version_select at 0x7fd6ebfae9d0>' _process_stack /usr/lib/python3.9/site-packages/nova/api/openstack/wsgi.py:513
2025-12-03 22:31:25.093 10 INFO nova.api.openstack.requestlog [None req-ff8e7c5f-a588-4e7a-b4de-5a0f307cfbe2 f02d735f9c704b2e8bde78ca5e15c788 ebdbc6bd6ac94fca9ac245c271bc304b - - default default] 10.128.0.163 "GET /v2.1/os-keypairs/octavia-ssh-keypair?user_id=8c3aef96126f47b49d7cf9954a203662" status: 200 len: 555 microversion: 2.55 time: 0.064500
2025-12-03 22:31:25.718 11 DEBUG nova.api.openstack.wsgi [None req-0fc66ac0-e1c8-4f35-8f70-549b5e7268df f02d735f9c704b2e8bde78ca5e15c788 ebdbc6bd6ac94fca9ac245c271bc304b - - default default] Calling method '.version_select at 0x7fd6ebf99d30>' _process_stack /usr/lib/python3.9/site-packages/nova/api/openstack/wsgi.py:513
2025-12-03 22:31:25.825 11 INFO nova.api.openstack.requestlog [None req-0fc66ac0-e1c8-4f35-8f70-549b5e7268df f02d735f9c704b2e8bde78ca5e15c788 ebdbc6bd6ac94fca9ac245c271bc304b - - default default] 10.128.0.163 "GET /v2.1/os-quota-sets/287bb4deac5947ca983293ae47928819" status: 200 len: 280 microversion: 2.55 time: 0.197214
2025-12-03 22:31:27.762 10 DEBUG nova.api.openstack.wsgi [None req-1bb5d4f1-af62-4ff4-a8db-df8cecd411b5 f02d735f9c704b2e8bde78ca5e15c788 ebdbc6bd6ac94fca9ac245c271bc304b - - default default] Calling method '>' _process_stack /usr/lib/python3.9/site-packages/nova/api/openstack/wsgi.py:513
2025-12-03 22:31:27.774 10 INFO nova.api.openstack.requestlog [None req-1bb5d4f1-af62-4ff4-a8db-df8cecd411b5 f02d735f9c704b2e8bde78ca5e15c788 ebdbc6bd6ac94fca9ac245c271bc304b - - default default] 10.128.0.163 "GET /v2.1/flavors/detail?is_public=None" status: 200 len: 1197 microversion: 2.55 time: 0.070701
2025-12-03 22:31:29.806 11 DEBUG nova.api.openstack.wsgi [None req-cef57057-60c6-4cd9-89ac-e22ab54238e7 8c3aef96126f47b49d7cf9954a203662 287bb4deac5947ca983293ae47928819 - - default default] Calling method '>' _process_stack /usr/lib/python3.9/site-packages/nova/api/openstack/wsgi.py:513
2025-12-03 22:31:29.819 11 INFO nova.api.openstack.requestlog [None req-cef57057-60c6-4cd9-89ac-e22ab54238e7 8c3aef96126f47b49d7cf9954a203662 287bb4deac5947ca983293ae47928819 - - default default] 10.128.1.64 "GET /v2.1/flavors/fabc4358-1167-499e-af2e-ed57e2e77a2e" status: 200 len: 505 microversion: 2.15 time: 0.053923
2025-12-03 22:31:30.433 10 DEBUG nova.api.openstack.wsgi [None req-82ff0035-aa70-4326-b68b-0f98dbb7baa6 8c3aef96126f47b49d7cf9954a203662 287bb4deac5947ca983293ae47928819 - - default default] Calling method '>' _process_stack /usr/lib/python3.9/site-packages/nova/api/openstack/wsgi.py:513
2025-12-03 22:31:30.445 10 INFO nova.api.openstack.requestlog [None req-82ff0035-aa70-4326-b68b-0f98dbb7baa6 8c3aef96126f47b49d7cf9954a203662 287bb4deac5947ca983293ae47928819 - - default default] 10.128.1.64 "GET /v2.1/flavors/edb16378-3352-4f68-9a7d-c826f5083550" status: 200 len: 512 microversion: 2.15 time: 0.063545
2025-12-03 22:31:31.346 11 DEBUG nova.api.openstack.wsgi [None req-aa2eed16-73e4-4c71-9e44-492d8229f8b5 f02d735f9c704b2e8bde78ca5e15c788 ebdbc6bd6ac94fca9ac245c271bc304b - - default default] Calling method '>' _process_stack /usr/lib/python3.9/site-packages/nova/api/openstack/wsgi.py:513
2025-12-03 22:31:31.359 11 INFO nova.api.openstack.requestlog [None req-aa2eed16-73e4-4c71-9e44-492d8229f8b5 f02d735f9c704b2e8bde78ca5e15c788 ebdbc6bd6ac94fca9ac245c271bc304b - - default default] 10.128.0.163 "GET /v2.1/flavors/detail?is_public=None" status: 200 len: 1197 microversion: 2.55 time: 0.068190
2025-12-03 22:31:32.533 10 DEBUG nova.api.openstack.wsgi [None req-f241ce50-e2ef-4ed6-b420-c0ff3c7f5724 8c3aef96126f47b49d7cf9954a203662 287bb4deac5947ca983293ae47928819 - - default default] Calling method '>' _process_stack /usr/lib/python3.9/site-packages/nova/api/openstack/wsgi.py:513
2025-12-03 22:31:32.543 10 INFO nova.api.openstack.requestlog [None req-f241ce50-e2ef-4ed6-b420-c0ff3c7f5724 8c3aef96126f47b49d7cf9954a203662 287bb4deac5947ca983293ae47928819 - - default default] 10.128.1.64 "GET /v2.1/flavors/edb16378-3352-4f68-9a7d-c826f5083550" status: 200 len: 512 microversion: 2.15 time: 0.062756
2025-12-03 22:31:33.587 11 DEBUG nova.api.openstack.wsgi [None req-55b919ef-4dd2-4c4f-a7e9-68b88252f3bb f02d735f9c704b2e8bde78ca5e15c788 ebdbc6bd6ac94fca9ac245c271bc304b - - default default] Calling method '>' _process_stack /usr/lib/python3.9/site-packages/nova/api/openstack/wsgi.py:513
2025-12-03 22:31:33.598 11 INFO nova.api.openstack.requestlog [None req-55b919ef-4dd2-4c4f-a7e9-68b88252f3bb f02d735f9c704b2e8bde78ca5e15c788 ebdbc6bd6ac94fca9ac245c271bc304b - - default default] 10.128.0.163 "GET /v2.1/flavors/detail?is_public=None" status: 200 len: 1197 microversion: 2.55 time: 0.116098
2025-12-03 22:31:33.696 10 DEBUG nova.api.openstack.wsgi [None req-8707647f-65ae-4659-8b4d-648c7c0fba80 f02d735f9c704b2e8bde78ca5e15c788 ebdbc6bd6ac94fca9ac245c271bc304b - - default default] Calling method '.version_select at 0x7fd6ebfae5e0>' _process_stack /usr/lib/python3.9/site-packages/nova/api/openstack/wsgi.py:513
2025-12-03 22:31:33.708 10 INFO nova.api.openstack.requestlog [None req-8707647f-65ae-4659-8b4d-648c7c0fba80 f02d735f9c704b2e8bde78ca5e15c788 ebdbc6bd6ac94fca9ac245c271bc304b - - default default] 10.128.0.163 "GET /v2.1/os-keypairs/octavia-ssh-keypair?user_id=8c3aef96126f47b49d7cf9954a203662" status: 200 len: 555 microversion: 2.55 time: 0.129491
2025-12-03 22:31:34.272 11 DEBUG nova.api.openstack.wsgi [None req-313327f8-96ab-456e-a761-1399cdc9c0cd f02d735f9c704b2e8bde78ca5e15c788 ebdbc6bd6ac94fca9ac245c271bc304b - - default default] Calling method '.version_select at 0x7fd6ebf47160>' _process_stack /usr/lib/python3.9/site-packages/nova/api/openstack/wsgi.py:513
2025-12-03 22:31:34.397 11 INFO nova.api.openstack.requestlog [None req-313327f8-96ab-456e-a761-1399cdc9c0cd f02d735f9c704b2e8bde78ca5e15c788 ebdbc6bd6ac94fca9ac245c271bc304b - - default default] 10.128.0.163 "GET /v2.1/os-quota-sets/287bb4deac5947ca983293ae47928819" status: 200 len: 280 microversion: 2.55 time: 0.216588
2025-12-03 22:31:34.487 10 DEBUG nova.api.openstack.wsgi [None req-8753c53c-6b36-40da-a0bc-135b51b5d8f0 8c3aef96126f47b49d7cf9954a203662 287bb4deac5947ca983293ae47928819 - - default default] Calling method '>' _process_stack /usr/lib/python3.9/site-packages/nova/api/openstack/wsgi.py:513
2025-12-03 22:31:34.499 10 INFO nova.api.openstack.requestlog [None req-8753c53c-6b36-40da-a0bc-135b51b5d8f0 8c3aef96126f47b49d7cf9954a203662 287bb4deac5947ca983293ae47928819 - - default default] 10.128.1.64 "GET /v2.1/flavors/edb16378-3352-4f68-9a7d-c826f5083550" status: 200 len: 512 microversion: 2.15 time: 0.120707
2025-12-03 22:31:35.223 11 DEBUG nova.api.openstack.wsgi [None req-e0742b89-387a-4d3a-bc1b-c7f1c83b4883 f02d735f9c704b2e8bde78ca5e15c788 ebdbc6bd6ac94fca9ac245c271bc304b - - default default] Calling method '>' _process_stack /usr/lib/python3.9/site-packages/nova/api/openstack/wsgi.py:513
2025-12-03 22:31:35.232 11 INFO nova.api.openstack.requestlog [None req-e0742b89-387a-4d3a-bc1b-c7f1c83b4883 f02d735f9c704b2e8bde78ca5e15c788 ebdbc6bd6ac94fca9ac245c271bc304b - - default default] 10.128.0.163 "GET /v2.1/flavors/detail?is_public=None" status: 200 len: 1197 microversion: 2.55 time: 0.099896
2025-12-03 22:31:36.719 10 DEBUG nova.api.openstack.wsgi [None req-33d863ff-69f0-4506-9f21-c18d8b26d5e0 8c3aef96126f47b49d7cf9954a203662 287bb4deac5947ca983293ae47928819 - - default default] Calling method '>' _process_stack /usr/lib/python3.9/site-packages/nova/api/openstack/wsgi.py:513
2025-12-03 22:31:36.731 10 INFO nova.api.openstack.requestlog [None req-33d863ff-69f0-4506-9f21-c18d8b26d5e0 8c3aef96126f47b49d7cf9954a203662 287bb4deac5947ca983293ae47928819 - - default default] 10.128.1.64 "GET /v2.1/flavors/edb16378-3352-4f68-9a7d-c826f5083550" status: 200 len: 512 microversion: 2.15 time: 0.198641
2025-12-03 22:31:38.866 11 DEBUG nova.api.openstack.wsgi [None req-3adb072a-2989-4f70-bd01-64ccc207755d f02d735f9c704b2e8bde78ca5e15c788 ebdbc6bd6ac94fca9ac245c271bc304b - - default default] Calling method '>' _process_stack /usr/lib/python3.9/site-packages/nova/api/openstack/wsgi.py:513
2025-12-03 22:31:38.875 11 INFO nova.api.openstack.requestlog [None req-3adb072a-2989-4f70-bd01-64ccc207755d f02d735f9c704b2e8bde78ca5e15c788 ebdbc6bd6ac94fca9ac245c271bc304b - - default default] 10.128.0.163 "GET /v2.1/flavors/detail?is_public=None" status: 200 len: 1197 microversion: 2.55 time: 0.081551
2025-12-03 22:31:39.780 10 DEBUG nova.api.openstack.wsgi [None req-c8741667-c1c5-4985-9054-787e110b5706 8c3aef96126f47b49d7cf9954a203662 287bb4deac5947ca983293ae47928819 - - default default] Calling method '>' _process_stack /usr/lib/python3.9/site-packages/nova/api/openstack/wsgi.py:513
2025-12-03 22:31:39.786 10 INFO nova.api.openstack.requestlog [None req-c8741667-c1c5-4985-9054-787e110b5706 8c3aef96126f47b49d7cf9954a203662 287bb4deac5947ca983293ae47928819 - - default default] 10.128.1.64 "GET /v2.1/flavors/edb16378-3352-4f68-9a7d-c826f5083550" status: 200 len: 512 microversion: 2.15 time: 0.118749
2025-12-03 22:31:40.740 11 DEBUG nova.api.openstack.wsgi [None req-e51102b6-1c48-47f3-9e09-19594178e020 f02d735f9c704b2e8bde78ca5e15c788 ebdbc6bd6ac94fca9ac245c271bc304b - - default default] Calling method '>' _process_stack /usr/lib/python3.9/site-packages/nova/api/openstack/wsgi.py:513
