100.64.0.2 - - [03/Dec/2025:23:18:32 +0000] "GET /v2.0/networks?id=136095fc-f845-400f-9cc7-b025dc66ef24 HTTP/1.1" 200 752 "-" "python-neutronclient"
100.64.0.2 - - [03/Dec/2025:23:18:32 +0000] "GET /v2.0/security-groups?fields=id&fields=name&tenant_id=392542f6ffae4fd4801c87a6dbbba04a HTTP/1.1" 200 181 "-" "python-neutronclient"
10.128.0.2 - - [03/Dec/2025:23:18:28 +0000] "PUT /v2.0/routers/a8009812-186f-4c6d-aaaa-3090616965a4/add_router_interface HTTP/1.1" 200 309 "-" "python-urllib3/1.26.5"
100.64.0.2 - - [03/Dec/2025:23:18:32 +0000] "POST /v2.0/ports HTTP/1.1" 201 1491 "-" "python-neutronclient"
10.128.1.49 - - [03/Dec/2025:23:18:33 +0000] "GET /v2.0/ports?device_id=c7a2097d-21d6-4fc8-8e4c-975f4c619494 HTTP/1.1" 200 1494 "-" "python-neutronclient"
10.128.1.49 - - [03/Dec/2025:23:18:33 +0000] "GET /v2.0/security-groups?id=c5815f88-2c4f-4f45-b339-3b71f9799d59&fields=id&fields=name HTTP/1.1" 200 114 "-" "python-neutronclient"
100.64.0.2 - - [03/Dec/2025:23:18:33 +0000] "PUT /v2.0/ports/cdf91fbb-7d88-4199-a877-f46543dfdf12 HTTP/1.1" 200 1876 "-" "python-neutronclient"
100.64.0.2 - - [03/Dec/2025:23:18:34 +0000] "GET /v2.0/ports?tenant_id=392542f6ffae4fd4801c87a6dbbba04a&device_id=c7a2097d-21d6-4fc8-8e4c-975f4c619494 HTTP/1.1" 200 1907 "-" "python-neutronclient"
100.64.0.2 - - [03/Dec/2025:23:18:34 +0000] "GET /v2.0/floatingips?fixed_ip_address=10.100.0.11&port_id=cdf91fbb-7d88-4199-a877-f46543dfdf12 HTTP/1.1" 200 19 "-" "python-neutronclient"
100.64.0.2 - - [03/Dec/2025:23:18:34 +0000] "GET /v2.0/floatingips?fixed_ip_address=2001%3Adb8%3A0%3A1%3Af816%3A3eff%3Afebc%3A23b4&port_id=cdf91fbb-7d88-4199-a877-f46543dfdf12 HTTP/1.1" 200 19 "-" "python-neutronclient"
100.64.0.2 - - [03/Dec/2025:23:18:35 +0000] "GET /v2.0/floatingips?fixed_ip_address=2001%3Adb8%3A%3Af816%3A3eff%3Afebc%3A23b4&port_id=cdf91fbb-7d88-4199-a877-f46543dfdf12 HTTP/1.1" 200 19 "-" "python-neutronclient"
10.128.1.49 - - [03/Dec/2025:23:18:35 +0000] "GET /v2.0/ports?device_id=c7a2097d-21d6-4fc8-8e4c-975f4c619494 HTTP/1.1" 200 1640 "-" "python-neutronclient"
100.64.0.2 - - [03/Dec/2025:23:18:35 +0000] "GET /v2.0/subnets?id=72c3cb1b-1f27-4958-8214-fb758e8394fb&id=f3d2947b-feac-4748-915c-6a7c1ea1e667&id=45751cba-bd4c-4793-bfbc-23b2cbf15a82 HTTP/1.1" 200 1977 "-" "python-neutronclient"
100.64.0.2 - - [03/Dec/2025:23:18:35 +0000] "GET /v2.0/ports?network_id=136095fc-f845-400f-9cc7-b025dc66ef24&device_owner=network%3Adhcp HTTP/1.1" 200 12 "-" "python-neutronclient"
10.128.1.49 - - [03/Dec/2025:23:18:35 +0000] "GET /v2.0/security-groups?id=c5815f88-2c4f-4f45-b339-3b71f9799d59&fields=id&fields=name HTTP/1.1" 200 114 "-" "python-neutronclient"
100.64.0.2 - - [03/Dec/2025:23:18:35 +0000] "GET /v2.0/ports?network_id=136095fc-f845-400f-9cc7-b025dc66ef24&device_owner=network%3Adhcp HTTP/1.1" 200 12 "-" "python-neutronclient"
100.64.0.2 - - [03/Dec/2025:23:18:36 +0000] "GET /v2.0/ports?network_id=136095fc-f845-400f-9cc7-b025dc66ef24&device_owner=network%3Adhcp HTTP/1.1" 200 12 "-" "python-neutronclient"
10.128.0.2 - - [03/Dec/2025:23:18:34 +0000] "POST /v2.0/networks HTTP/1.1" 201 767 "-" "python-urllib3/1.26.5"
100.64.0.2 - - [03/Dec/2025:23:18:36 +0000] "GET /v2.0/networks/136095fc-f845-400f-9cc7-b025dc66ef24?fields=segments HTTP/1.1" 200 14 "-" "python-neutronclient"
100.64.0.2 - - [03/Dec/2025:23:18:36 +0000] "GET /v2.0/networks/136095fc-f845-400f-9cc7-b025dc66ef24?fields=provider%3Aphysical_network&fields=provider%3Anetwork_type HTTP/1.1" 200 79 "-" "python-neutronclient"
10.128.1.49 - - [03/Dec/2025:23:18:37 +0000] "GET /v2.0/ports?device_id=c7a2097d-21d6-4fc8-8e4c-975f4c619494 HTTP/1.1" 200 1640 "-" "python-neutronclient"
100.64.0.2 - - [03/Dec/2025:23:18:37 +0000] "GET /v2.0/ports?device_id=c7a2097d-21d6-4fc8-8e4c-975f4c619494 HTTP/1.1" 200 1907 "-" "python-neutronclient"
100.64.0.2 - - [03/Dec/2025:23:18:37 +0000] "GET /v2.0/ports?tenant_id=392542f6ffae4fd4801c87a6dbbba04a&device_id=c7a2097d-21d6-4fc8-8e4c-975f4c619494 HTTP/1.1" 200 1907 "-" "python-neutronclient"
10.128.1.49 - - [03/Dec/2025:23:18:37 +0000] "GET /v2.0/security-groups?id=c5815f88-2c4f-4f45-b339-3b71f9799d59&fields=id&fields=name HTTP/1.1" 200 114 "-" "python-neutronclient"
100.64.0.2 - - [03/Dec/2025:23:18:37 +0000] "GET /v2.0/security-groups?id=c5815f88-2c4f-4f45-b339-3b71f9799d59&fields=id&fields=name HTTP/1.1" 200 114 "-" "python-neutronclient"
100.64.0.2 - - [03/Dec/2025:23:18:37 +0000] "GET /v2.0/networks?id=136095fc-f845-400f-9cc7-b025dc66ef24 HTTP/1.1" 200 851 "-" "python-neutronclient"
10.128.0.2 - - [03/Dec/2025:23:18:36 +0000] "POST /v2.0/subnets HTTP/1.1" 201 668 "-" "python-urllib3/1.26.5"
100.64.0.2 - - [03/Dec/2025:23:18:38 +0000] "GET /v2.0/floatingips?fixed_ip_address=10.100.0.11&port_id=cdf91fbb-7d88-4199-a877-f46543dfdf12 HTTP/1.1" 200 19 "-" "python-neutronclient"
100.64.0.2 - - [03/Dec/2025:23:18:38 +0000] "GET /v2.0/floatingips?fixed_ip_address=2001%3Adb8%3A0%3A1%3Af816%3A3eff%3Afebc%3A23b4&port_id=cdf91fbb-7d88-4199-a877-f46543dfdf12 HTTP/1.1" 200 19 "-" "python-neutronclient"
100.64.0.2 - - [03/Dec/2025:23:18:38 +0000] "GET /v2.0/floatingips?fixed_ip_address=2001%3Adb8%3A%3Af816%3A3eff%3Afebc%3A23b4&port_id=cdf91fbb-7d88-4199-a877-f46543dfdf12 HTTP/1.1" 200 19 "-" "python-neutronclient"
100.64.0.2 - - [03/Dec/2025:23:18:38 +0000] "GET /v2.0/subnets?id=72c3cb1b-1f27-4958-8214-fb758e8394fb&id=f3d2947b-feac-4748-915c-6a7c1ea1e667&id=45751cba-bd4c-4793-bfbc-23b2cbf15a82 HTTP/1.1" 200 1977 "-" "python-neutronclient"
100.64.0.2 - - [03/Dec/2025:23:18:38 +0000] "GET /v2.0/ports?network_id=136095fc-f845-400f-9cc7-b025dc66ef24&device_owner=network%3Adhcp HTTP/1.1" 200 12 "-" "python-neutronclient"
100.64.0.2 - - [03/Dec/2025:23:18:38 +0000] "GET /v2.0/ports?network_id=136095fc-f845-400f-9cc7-b025dc66ef24&device_owner=network%3Adhcp HTTP/1.1" 200 12 "-" "python-neutronclient"
10.128.1.49 - - [03/Dec/2025:23:18:39 +0000] "GET /v2.0/ports?device_id=c7a2097d-21d6-4fc8-8e4c-975f4c619494 HTTP/1.1" 200 1642 "-" "python-neutronclient"
100.64.0.2 - - [03/Dec/2025:23:18:39 +0000] "GET /v2.0/ports?network_id=136095fc-f845-400f-9cc7-b025dc66ef24&device_owner=network%3Adhcp HTTP/1.1" 200 12 "-" "python-neutronclient"
10.128.1.49 - - [03/Dec/2025:23:18:39 +0000] "GET /v2.0/security-groups?id=c5815f88-2c4f-4f45-b339-3b71f9799d59&fields=id&fields=name HTTP/1.1" 200 114 "-" "python-neutronclient"
100.64.0.2 - - [03/Dec/2025:23:18:39 +0000] "GET /v2.0/networks/136095fc-f845-400f-9cc7-b025dc66ef24?fields=segments HTTP/1.1" 200 14 "-" "python-neutronclient"
100.64.0.2 - - [03/Dec/2025:23:18:39 +0000] "GET /v2.0/networks/136095fc-f845-400f-9cc7-b025dc66ef24?fields=provider%3Aphysical_network&fields=provider%3Anetwork_type HTTP/1.1" 200 79 "-" "python-neutronclient"
10.128.0.2 - - [03/Dec/2025:23:18:38 +0000] "POST /v2.0/routers HTTP/1.1" 201 675 "-" "python-urllib3/1.26.5"
10.128.1.49 - - [03/Dec/2025:23:18:40 +0000] "GET /v2.0/ports?device_id=c7a2097d-21d6-4fc8-8e4c-975f4c619494 HTTP/1.1" 200 1642 "-" "python-neutronclient"
10.128.1.49 - - [03/Dec/2025:23:18:40 +0000] "GET /v2.0/security-groups?id=c5815f88-2c4f-4f45-b339-3b71f9799d59&fields=id&fields=name HTTP/1.1" 200 114 "-" "python-neutronclient"
10.128.1.49 - - [03/Dec/2025:23:18:41 +0000] "GET /v2.0/ports?device_id=c7a2097d-21d6-4fc8-8e4c-975f4c619494 HTTP/1.1" 200 1642 "-" "python-neutronclient"
10.128.1.49 - - [03/Dec/2025:23:18:41 +0000] "GET /v2.0/security-groups?id=c5815f88-2c4f-4f45-b339-3b71f9799d59&fields=id&fields=name HTTP/1.1" 200 114 "-" "python-neutronclient"
10.128.0.2 - - [03/Dec/2025:23:18:41 +0000] "GET /v2.0/ports?device_id=c7a2097d-21d6-4fc8-8e4c-975f4c619494 HTTP/1.1" 200 1909 "-" "python-urllib3/1.26.5"
100.64.0.2 - - [03/Dec/2025:23:18:44 +0000] "GET /v2.0/ports?device_id=c7a2097d-21d6-4fc8-8e4c-975f4c619494&fields=binding%3Ahost_id&fields=binding%3Avif_type HTTP/1.1" 200 96 "-" "python-neutronclient"
10.128.0.2 - - [03/Dec/2025:23:18:41 +0000] "POST /v2.0/floatingips HTTP/1.1" 201 882 "-" "python-urllib3/1.26.5"
100.64.0.2 - - [03/Dec/2025:23:18:44 +0000] "GET /v2.0/ports?tenant_id=392542f6ffae4fd4801c87a6dbbba04a&device_id=c7a2097d-21d6-4fc8-8e4c-975f4c619494 HTTP/1.1" 200 1909 "-" "python-neutronclient"
10.128.0.2 - - [03/Dec/2025:23:18:40 +0000] "PUT /v2.0/routers/4449a1e7-d2cc-4c82-a419-f4ae531bb4b4/add_router_interface HTTP/1.1" 200 309 "-" "python-urllib3/1.26.5"
100.64.0.2 - - [03/Dec/2025:23:18:44 +0000] "GET /v2.0/networks?id=136095fc-f845-400f-9cc7-b025dc66ef24 HTTP/1.1" 200 851 "-" "python-neutronclient"
100.64.0.2 - - [03/Dec/2025:23:18:45 +0000] "GET /v2.0/floatingips?fixed_ip_address=10.100.0.11&port_id=cdf91fbb-7d88-4199-a877-f46543dfdf12 HTTP/1.1" 200 887 "-" "python-neutronclient"
100.64.0.2 - - [03/Dec/2025:23:18:45 +0000] "GET /v2.0/floatingips?fixed_ip_address=2001%3Adb8%3A0%3A1%3Af816%3A3eff%3Afebc%3A23b4&port_id=cdf91fbb-7d88-4199-a877-f46543dfdf12 HTTP/1.1" 200 19 "-" "python-neutronclient"
100.64.0.2 - - [03/Dec/2025:23:18:45 +0000] "GET /v2.0/floatingips?fixed_ip_address=2001%3Adb8%3A%3Af816%3A3eff%3Afebc%3A23b4&port_id=cdf91fbb-7d88-4199-a877-f46543dfdf12 HTTP/1.1" 200 19 "-" "python-neutronclient"
100.64.0.2 - - [03/Dec/2025:23:18:45 +0000] "GET /v2.0/subnets?id=72c3cb1b-1f27-4958-8214-fb758e8394fb&id=f3d2947b-feac-4748-915c-6a7c1ea1e667&id=45751cba-bd4c-4793-bfbc-23b2cbf15a82 HTTP/1.1" 200 1977 "-" "python-neutronclient"
100.64.0.2 - - [03/Dec/2025:23:18:45 +0000] "GET /v2.0/ports?network_id=136095fc-f845-400f-9cc7-b025dc66ef24&device_owner=network%3Adhcp HTTP/1.1" 200 12 "-" "python-neutronclient"
100.64.0.2 - - [03/Dec/2025:23:18:46 +0000] "GET /v2.0/ports?network_id=136095fc-f845-400f-9cc7-b025dc66ef24&device_owner=network%3Adhcp HTTP/1.1" 200 12 "-" "python-neutronclient"
100.64.0.2 - - [03/Dec/2025:23:18:47 +0000] "GET /v2.0/ports?network_id=136095fc-f845-400f-9cc7-b025dc66ef24&device_owner=network%3Adhcp HTTP/1.1" 200 12 "-" "python-neutronclient"
100.64.0.2 - - [03/Dec/2025:23:18:47 +0000] "GET /v2.0/networks/136095fc-f845-400f-9cc7-b025dc66ef24?fields=segments HTTP/1.1" 200 14 "-" "python-neutronclient"
100.64.0.2 - - [03/Dec/2025:23:18:47 +0000] "GET /v2.0/networks/136095fc-f845-400f-9cc7-b025dc66ef24?fields=provider%3Aphysical_network&fields=provider%3Anetwork_type HTTP/1.1" 200 79 "-" "python-neutronclient"
100.64.0.2 - - [03/Dec/2025:23:18:47 +0000] "GET /v2.0/ports?tenant_id=392542f6ffae4fd4801c87a6dbbba04a&device_id=c7a2097d-21d6-4fc8-8e4c-975f4c619494 HTTP/1.1" 200 1909 "-" "python-neutronclient"
100.64.0.2 - - [03/Dec/2025:23:18:48 +0000] "GET /v2.0/networks?id=136095fc-f845-400f-9cc7-b025dc66ef24 HTTP/1.1" 200 851 "-" "python-neutronclient"
100.64.0.2 - - [03/Dec/2025:23:18:48 +0000] "GET /v2.0/floatingips?fixed_ip_address=10.100.0.11&port_id=cdf91fbb-7d88-4199-a877-f46543dfdf12 HTTP/1.1" 200 887 "-" "python-neutronclient"
100.64.0.2 - - [03/Dec/2025:23:18:48 +0000] "GET /v2.0/floatingips?fixed_ip_address=2001%3Adb8%3A0%3A1%3Af816%3A3eff%3Afebc%3A23b4&port_id=cdf91fbb-7d88-4199-a877-f46543dfdf12 HTTP/1.1" 200 19 "-" "python-neutronclient"
100.64.0.2 - - [03/Dec/2025:23:18:49 +0000] "GET /v2.0/floatingips?fixed_ip_address=2001%3Adb8%3A%3Af816%3A3eff%3Afebc%3A23b4&port_id=cdf91fbb-7d88-4199-a877-f46543dfdf12 HTTP/1.1" 200 19 "-" "python-neutronclient"
100.64.0.2 - - [03/Dec/2025:23:18:49 +0000] "GET /v2.0/subnets?id=72c3cb1b-1f27-4958-8214-fb758e8394fb&id=f3d2947b-feac-4748-915c-6a7c1ea1e667&id=45751cba-bd4c-4793-bfbc-23b2cbf15a82 HTTP/1.1" 200 1977 "-" "python-neutronclient"
100.64.0.2 - - [03/Dec/2025:23:18:49 +0000] "GET /v2.0/ports?network_id=136095fc-f845-400f-9cc7-b025dc66ef24&device_owner=network%3Adhcp HTTP/1.1" 200 12 "-" "python-neutronclient"
100.64.0.2 - - [03/Dec/2025:23:18:50 +0000] "GET /v2.0/ports?network_id=136095fc-f845-400f-9cc7-b025dc66ef24&device_owner=network%3Adhcp HTTP/1.1" 200 12 "-" "python-neutronclient"
100.64.0.2 - - [03/Dec/2025:23:18:50 +0000] "GET /v2.0/ports?network_id=136095fc-f845-400f-9cc7-b025dc66ef24&device_owner=network%3Adhcp HTTP/1.1" 200 12 "-" "python-neutronclient"
100.64.0.2 - - [03/Dec/2025:23:18:50 +0000] "GET /v2.0/networks/136095fc-f845-400f-9cc7-b025dc66ef24?fields=segments HTTP/1.1" 200 14 "-" "python-neutronclient"
100.64.0.2 - - [03/Dec/2025:23:18:50 +0000] "GET /v2.0/networks/136095fc-f845-400f-9cc7-b025dc66ef24?fields=provider%3Aphysical_network&fields=provider%3Anetwork_type HTTP/1.1" 200 79 "-" "python-neutronclient"
10.128.0.2 - - [03/Dec/2025:23:18:53 +0000] "GET / HTTP/1.1" 200 122 "-" "kube-probe/1.31"
10.128.0.2 - - [03/Dec/2025:23:18:53 +0000] "GET / HTTP/1.1" 200 122 "-" "kube-probe/1.31"
10.128.0.2 - - [03/Dec/2025:23:18:53 +0000] "GET / HTTP/1.1" 200 122 "-" "kube-probe/1.31"
10.128.1.49 - - [03/Dec/2025:23:19:01 +0000] "GET /v2.0/security-groups?name=tempest-secgroup-smoke-1648543533&fields=id&tenant_id=392542f6ffae4fd4801c87a6dbbba04a HTTP/1.1" 200 69 "-" "python-neutronclient"
10.128.1.49 - - [03/Dec/2025:23:19:01 +0000] "GET /v2.0/networks?id=136095fc-f845-400f-9cc7-b025dc66ef24 HTTP/1.1" 200 752 "-" "python-neutronclient"
10.128.1.49 - - [03/Dec/2025:23:19:02 +0000] "GET /v2.0/quotas/392542f6ffae4fd4801c87a6dbbba04a HTTP/1.1" 200 187 "-" "python-neutronclient"
10.128.1.49 - - [03/Dec/2025:23:19:02 +0000] "GET /v2.0/ports?tenant_id=392542f6ffae4fd4801c87a6dbbba04a&fields=id HTTP/1.1" 200 195 "-" "python-neutronclient"
10.128.1.49 - - [03/Dec/2025:23:19:03 +0000] "GET /v2.0/networks/136095fc-f845-400f-9cc7-b025dc66ef24?fields=segments HTTP/1.1" 200 14 "-" "python-neutronclient"
10.128.1.49 - - [03/Dec/2025:23:19:03 +0000] "GET /v2.0/networks/136095fc-f845-400f-9cc7-b025dc66ef24?fields=provider%3Aphysical_network&fields=provider%3Anetwork_type HTTP/1.1" 200 79 "-" "python-neutronclient"
10.128.1.51 - - [03/Dec/2025:23:19:03 +0000] "GET /v2.0/extensions HTTP/1.1" 200 17369 "-" "python-neutronclient"
10.128.1.49 - - [03/Dec/2025:23:19:03 +0000] "GET /v2.0/ports?device_id=e0b1fc55-e6a1-4df7-a49f-0ea09c3ffb60 HTTP/1.1" 200 12 "-" "python-neutronclient"
10.128.1.51 - - [03/Dec/2025:23:19:04 +0000] "GET /v2.0/subnets?network_id=136095fc-f845-400f-9cc7-b025dc66ef24&fields=segment_id HTTP/1.1" 200 73 "-" "python-neutronclient"
100.64.0.2 - - [03/Dec/2025:23:19:05 +0000] "GET /v2.0/networks?id=136095fc-f845-400f-9cc7-b025dc66ef24 HTTP/1.1" 200 752 "-" "python-neutronclient"
10.128.1.49 - - [03/Dec/2025:23:19:05 +0000] "GET /v2.0/ports?device_id=e0b1fc55-e6a1-4df7-a49f-0ea09c3ffb60 HTTP/1.1" 200 12 "-" "python-neutronclient"
100.64.0.2 - - [03/Dec/2025:23:19:05 +0000] "GET /v2.0/security-groups?fields=id&fields=name&tenant_id=392542f6ffae4fd4801c87a6dbbba04a HTTP/1.1" 200 181 "-" "python-neutronclient"
10.128.1.49 - - [03/Dec/2025:23:19:06 +0000] "GET /v2.0/ports?device_id=e0b1fc55-e6a1-4df7-a49f-0ea09c3ffb60 HTTP/1.1" 200 1490 "-" "python-neutronclient"
10.128.1.49 - - [03/Dec/2025:23:19:06 +0000] "GET /v2.0/security-groups?id=c5815f88-2c4f-4f45-b339-3b71f9799d59&fields=id&fields=name HTTP/1.1" 200 114 "-" "python-neutronclient"
100.64.0.2 - - [03/Dec/2025:23:19:05 +0000] "POST /v2.0/ports HTTP/1.1" 201 1487 "-" "python-neutronclient"
10.128.1.49 - - [03/Dec/2025:23:19:08 +0000] "GET /v2.0/ports?device_id=e0b1fc55-e6a1-4df7-a49f-0ea09c3ffb60 HTTP/1.1" 200 1638 "-" "python-neutronclient"
10.128.1.49 - - [03/Dec/2025:23:19:08 +0000] "GET /v2.0/security-groups?id=c5815f88-2c4f-4f45-b339-3b71f9799d59&fields=id&fields=name HTTP/1.1" 200 114 "-" "python-neutronclient"
100.64.0.2 - - [03/Dec/2025:23:19:07 +0000] "PUT /v2.0/ports/7811c949-69fe-4756-b0df-c3bc9ee9ede5 HTTP/1.1" 200 1874 "-" "python-neutronclient"
100.64.0.2 - - [03/Dec/2025:23:19:08 +0000] "GET /v2.0/ports?tenant_id=392542f6ffae4fd4801c87a6dbbba04a&device_id=e0b1fc55-e6a1-4df7-a49f-0ea09c3ffb60 HTTP/1.1" 200 1905 "-" "python-neutronclient"
100.64.0.2 - - [03/Dec/2025:23:19:09 +0000] "GET /v2.0/floatingips?fixed_ip_address=10.100.0.6&port_id=7811c949-69fe-4756-b0df-c3bc9ee9ede5 HTTP/1.1" 200 19 "-" "python-neutronclient"
100.64.0.2 - - [03/Dec/2025:23:19:10 +0000] "GET /v2.0/floatingips?fixed_ip_address=2001%3Adb8%3A0%3A1%3Af816%3A3eff%3Afe0e%3A108e&port_id=7811c949-69fe-4756-b0df-c3bc9ee9ede5 HTTP/1.1" 200 19 "-" "python-neutronclient"
10.128.1.49 - - [03/Dec/2025:23:19:10 +0000] "GET /v2.0/ports?device_id=e0b1fc55-e6a1-4df7-a49f-0ea09c3ffb60 HTTP/1.1" 200 1638 "-" "python-neutronclient"
100.64.0.2 - - [03/Dec/2025:23:19:10 +0000] "GET /v2.0/floatingips?fixed_ip_address=2001%3Adb8%3A%3Af816%3A3eff%3Afe0e%3A108e&port_id=7811c949-69fe-4756-b0df-c3bc9ee9ede5 HTTP/1.1" 200 19 "-" "python-neutronclient"
10.128.1.49 - - [03/Dec/2025:23:19:11 +0000] "GET /v2.0/security-groups?id=c5815f88-2c4f-4f45-b339-3b71f9799d59&fields=id&fields=name HTTP/1.1" 200 114 "-" "python-neutronclient"
100.64.0.2 - - [03/Dec/2025:23:19:11 +0000] "GET /v2.0/subnets?id=72c3cb1b-1f27-4958-8214-fb758e8394fb&id=f3d2947b-feac-4748-915c-6a7c1ea1e667&id=45751cba-bd4c-4793-bfbc-23b2cbf15a82 HTTP/1.1" 200 1977 "-" "python-neutronclient"
100.64.0.2 - - [03/Dec/2025:23:19:12 +0000] "GET /v2.0/ports?network_id=136095fc-f845-400f-9cc7-b025dc66ef24&device_owner=network%3Adhcp HTTP/1.1" 200 12 "-" "python-neutronclient"
100.64.0.2 - - [03/Dec/2025:23:19:12 +0000] "GET /v2.0/ports?network_id=136095fc-f845-400f-9cc7-b025dc66ef24&device_owner=network%3Adhcp HTTP/1.1" 200 12 "-" "python-neutronclient"
100.64.0.2 - - [03/Dec/2025:23:19:12 +0000] "GET /v2.0/ports?network_id=136095fc-f845-400f-9cc7-b025dc66ef24&device_owner=network%3Adhcp HTTP/1.1" 200 12 "-" "python-neutronclient"
100.64.0.2 - - [03/Dec/2025:23:19:12 +0000] "GET /v2.0/networks/136095fc-f845-400f-9cc7-b025dc66ef24?fields=segments HTTP/1.1" 200 14 "-" "python-neutronclient"
10.128.1.49 - - [03/Dec/2025:23:19:13 +0000] "GET /v2.0/ports?device_id=e0b1fc55-e6a1-4df7-a49f-0ea09c3ffb60 HTTP/1.1" 200 1638 "-" "python-neutronclient"
10.128.1.49 - - [03/Dec/2025:23:19:13 +0000] "GET /v2.0/security-groups?id=c5815f88-2c4f-4f45-b339-3b71f9799d59&fields=id&fields=name HTTP/1.1" 200 114 "-" "python-neutronclient"
100.64.0.2 - - [03/Dec/2025:23:19:13 +0000] "GET /v2.0/networks/136095fc-f845-400f-9cc7-b025dc66ef24?fields=provider%3Aphysical_network&fields=provider%3Anetwork_type HTTP/1.1" 200 79 "-" "python-neutronclient"
100.64.0.2 - - [03/Dec/2025:23:19:13 +0000] "GET /v2.0/ports?tenant_id=392542f6ffae4fd4801c87a6dbbba04a&device_id=e0b1fc55-e6a1-4df7-a49f-0ea09c3ffb60 HTTP/1.1" 200 1905 "-" "python-neutronclient"
100.64.0.2 - - [03/Dec/2025:23:19:13 +0000] "GET /v2.0/ports?device_id=e0b1fc55-e6a1-4df7-a49f-0ea09c3ffb60 HTTP/1.1" 200 1905 "-" "python-neutronclient"
10.128.0.2 - - [03/Dec/2025:23:19:10 +0000] "PUT /v2.0/routers/a8009812-186f-4c6d-aaaa-3090616965a4/remove_router_interface HTTP/1.1" 200 309 "-" "python-urllib3/1.26.5"
100.64.0.2 - - [03/Dec/2025:23:19:13 +0000] "GET /v2.0/security-groups?id=c5815f88-2c4f-4f45-b339-3b71f9799d59&fields=id&fields=name HTTP/1.1" 200 114 "-" "python-neutronclient"
100.64.0.2 - - [03/Dec/2025:23:19:13 +0000] "GET /v2.0/networks?id=136095fc-f845-400f-9cc7-b025dc66ef24 HTTP/1.1" 200 851 "-" "python-neutronclient"
100.64.0.2 - - [03/Dec/2025:23:19:14 +0000] "GET /v2.0/floatingips?fixed_ip_address=10.100.0.6&port_id=7811c949-69fe-4756-b0df-c3bc9ee9ede5 HTTP/1.1" 200 19 "-" "python-neutronclient"
100.64.0.2 - - [03/Dec/2025:23:19:14 +0000] "GET /v2.0/floatingips?fixed_ip_address=2001%3Adb8%3A0%3A1%3Af816%3A3eff%3Afe0e%3A108e&port_id=7811c949-69fe-4756-b0df-c3bc9ee9ede5 HTTP/1.1" 200 19 "-" "python-neutronclient"
100.64.0.2 - - [03/Dec/2025:23:19:14 +0000] "GET /v2.0/floatingips?fixed_ip_address=2001%3Adb8%3A%3Af816%3A3eff%3Afe0e%3A108e&port_id=7811c949-69fe-4756-b0df-c3bc9ee9ede5 HTTP/1.1" 200 19 "-" "python-neutronclient"
10.128.1.49 - - [03/Dec/2025:23:19:14 +0000] "GET /v2.0/ports?device_id=e0b1fc55-e6a1-4df7-a49f-0ea09c3ffb60 HTTP/1.1" 200 1638 "-" "python-neutronclient"
100.64.0.2 - - [03/Dec/2025:23:19:14 +0000] "GET /v2.0/subnets?id=72c3cb1b-1f27-4958-8214-fb758e8394fb&id=f3d2947b-feac-4748-915c-6a7c1ea1e667&id=45751cba-bd4c-4793-bfbc-23b2cbf15a82 HTTP/1.1" 200 1977 "-" "python-neutronclient"
10.128.1.49 - - [03/Dec/2025:23:19:14 +0000] "GET /v2.0/security-groups?id=c5815f88-2c4f-4f45-b339-3b71f9799d59&fields=id&fields=name HTTP/1.1" 200 114 "-" "python-neutronclient"
10.128.0.2 - - [03/Dec/2025:23:19:14 +0000] "DELETE /v2.0/routers/a8009812-186f-4c6d-aaaa-3090616965a4 HTTP/1.1" 204 - "-" "python-urllib3/1.26.5"
100.64.0.2 - - [03/Dec/2025:23:19:15 +0000] "GET /v2.0/ports?network_id=136095fc-f845-400f-9cc7-b025dc66ef24&device_owner=network%3Adhcp HTTP/1.1" 200 12 "-" "python-neutronclient"
100.64.0.2 - - [03/Dec/2025:23:19:15 +0000] "GET /v2.0/ports?network_id=136095fc-f845-400f-9cc7-b025dc66ef24&device_owner=network%3Adhcp HTTP/1.1" 200 12 "-" "python-neutronclient"
100.64.0.2 - - [03/Dec/2025:23:19:15 +0000] "GET /v2.0/ports?network_id=136095fc-f845-400f-9cc7-b025dc66ef24&device_owner=network%3Adhcp HTTP/1.1" 200 12 "-" "python-neutronclient"
10.128.0.2 - - [03/Dec/2025:23:19:15 +0000] "DELETE /v2.0/subnets/b438341c-3a4a-4982-ab63-11d559dad353 HTTP/1.1" 204 - "-" "python-urllib3/1.26.5"
100.64.0.2 - - [03/Dec/2025:23:19:15 +0000] "GET /v2.0/networks/136095fc-f845-400f-9cc7-b025dc66ef24?fields=segments HTTP/1.1" 200 14 "-" "python-neutronclient"
100.64.0.2 - - [03/Dec/2025:23:19:15 +0000] "GET /v2.0/networks/136095fc-f845-400f-9cc7-b025dc66ef24?fields=provider%3Aphysical_network&fields=provider%3Anetwork_type HTTP/1.1" 200 79 "-" "python-neutronclient"
10.128.0.2 - - [03/Dec/2025:23:19:15 +0000] "DELETE /v2.0/networks/9c7e8aba-148c-467f-803a-a6b08dfcce20 HTTP/1.1" 204 - "-" "python-urllib3/1.26.5"
10.128.1.49 - - [03/Dec/2025:23:19:16 +0000] "GET /v2.0/ports?device_id=e0b1fc55-e6a1-4df7-a49f-0ea09c3ffb60 HTTP/1.1" 200 1640 "-" "python-neutronclient"
10.128.1.49 - - [03/Dec/2025:23:19:16 +0000] "GET /v2.0/security-groups?id=c5815f88-2c4f-4f45-b339-3b71f9799d59&fields=id&fields=name HTTP/1.1" 200 114 "-" "python-neutronclient"
10.128.1.49 - - [03/Dec/2025:23:19:16 +0000] "GET /v2.0/ports?device_id=e0b1fc55-e6a1-4df7-a49f-0ea09c3ffb60 HTTP/1.1" 200 1640 "-" "python-neutronclient"
10.128.1.49 - - [03/Dec/2025:23:19:18 +0000] "GET /v2.0/security-groups?id=c5815f88-2c4f-4f45-b339-3b71f9799d59&fields=id&fields=name HTTP/1.1" 200 114 "-" "python-neutronclient"
10.128.0.2 - - [03/Dec/2025:23:19:18 +0000] "GET /v2.0/ports?device_id=e0b1fc55-e6a1-4df7-a49f-0ea09c3ffb60 HTTP/1.1" 200 1907 "-" "python-urllib3/1.26.5"
10.128.0.2 - - [03/Dec/2025:23:19:16 +0000] "PUT /v2.0/routers/4449a1e7-d2cc-4c82-a419-f4ae531bb4b4/remove_router_interface HTTP/1.1" 200 309 "-" "python-urllib3/1.26.5"
10.128.0.2 - - [03/Dec/2025:23:19:19 +0000] "POST /v2.0/floatingips HTTP/1.1" 201 881 "-" "python-urllib3/1.26.5"
10.128.0.2 - - [03/Dec/2025:23:19:20 +0000] "DELETE /v2.0/routers/4449a1e7-d2cc-4c82-a419-f4ae531bb4b4 HTTP/1.1" 204 - "-" "python-urllib3/1.26.5"
100.64.0.2 - - [03/Dec/2025:23:19:21 +0000] "GET /v2.0/ports?tenant_id=392542f6ffae4fd4801c87a6dbbba04a&device_id=e0b1fc55-e6a1-4df7-a49f-0ea09c3ffb60 HTTP/1.1" 200 1907 "-" "python-neutronclient"
100.64.0.2 - - [03/Dec/2025:23:19:21 +0000] "GET /v2.0/networks?id=136095fc-f845-400f-9cc7-b025dc66ef24 HTTP/1.1" 200 851 "-" "python-neutronclient"
10.128.0.2 - - [03/Dec/2025:23:19:21 +0000] "DELETE /v2.0/subnets/30e4071d-554b-4cd3-8e24-7171ce6f6b0e HTTP/1.1" 204 - "-" "python-urllib3/1.26.5"
100.64.0.2 - - [03/Dec/2025:23:19:21 +0000] "GET /v2.0/floatingips?fixed_ip_address=10.100.0.6&port_id=7811c949-69fe-4756-b0df-c3bc9ee9ede5 HTTP/1.1" 200 886 "-" "python-neutronclient"
100.64.0.2 - - [03/Dec/2025:23:19:22 +0000] "GET /v2.0/floatingips?fixed_ip_address=2001%3Adb8%3A0%3A1%3Af816%3A3eff%3Afe0e%3A108e&port_id=7811c949-69fe-4756-b0df-c3bc9ee9ede5 HTTP/1.1" 200 19 "-" "python-neutronclient"
100.64.0.2 - - [03/Dec/2025:23:19:22 +0000] "GET /v2.0/floatingips?fixed_ip_address=2001%3Adb8%3A%3Af816%3A3eff%3Afe0e%3A108e&port_id=7811c949-69fe-4756-b0df-c3bc9ee9ede5 HTTP/1.1" 200 19 "-" "python-neutronclient"
10.128.0.2 - - [03/Dec/2025:23:19:21 +0000] "DELETE /v2.0/networks/2eaca312-367a-4d0a-9020-147e1c26bb8c HTTP/1.1" 204 - "-" "python-urllib3/1.26.5"
100.64.0.2 - - [03/Dec/2025:23:19:22 +0000] "GET /v2.0/subnets?id=72c3cb1b-1f27-4958-8214-fb758e8394fb&id=f3d2947b-feac-4748-915c-6a7c1ea1e667&id=45751cba-bd4c-4793-bfbc-23b2cbf15a82 HTTP/1.1" 200 1977 "-" "python-neutronclient"
10.128.0.2 - - [03/Dec/2025:23:19:23 +0000] "GET / HTTP/1.1" 200 122 "-" "kube-probe/1.31"
10.128.0.2 - - [03/Dec/2025:23:19:23 +0000] "GET / HTTP/1.1" 200 122 "-" "kube-probe/1.31"
10.128.0.2 - - [03/Dec/2025:23:19:23 +0000] "GET / HTTP/1.1" 200 122 "-" "kube-probe/1.31"
100.64.0.2 - - [03/Dec/2025:23:19:23 +0000] "GET /v2.0/ports?network_id=136095fc-f845-400f-9cc7-b025dc66ef24&device_owner=network%3Adhcp HTTP/1.1" 200 12 "-" "python-neutronclient"
10.128.0.2 - - [03/Dec/2025:23:19:23 +0000] "GET /v2.0/security-groups?tenant_id=e014ab433f1c45e4bdfa23184aca2555&name=default HTTP/1.1" 200 2805 "-" "python-urllib3/1.26.5"
100.64.0.2 - - [03/Dec/2025:23:19:23 +0000] "GET /v2.0/ports?network_id=136095fc-f845-400f-9cc7-b025dc66ef24&device_owner=network%3Adhcp HTTP/1.1" 200 12 "-" "python-neutronclient"
100.64.0.2 - - [03/Dec/2025:23:19:23 +0000] "GET /v2.0/ports?network_id=136095fc-f845-400f-9cc7-b025dc66ef24&device_owner=network%3Adhcp HTTP/1.1" 200 12 "-" "python-neutronclient"
10.128.0.2 - - [03/Dec/2025:23:19:23 +0000] "DELETE /v2.0/security-groups/4da285f4-1f03-4729-8c4c-6afced7bb29c HTTP/1.1" 204 - "-" "python-urllib3/1.26.5"
100.64.0.2 - - [03/Dec/2025:23:19:23 +0000] "GET /v2.0/networks/136095fc-f845-400f-9cc7-b025dc66ef24?fields=segments HTTP/1.1" 200 14 "-" "python-neutronclient"
10.128.0.2 - - [03/Dec/2025:23:19:24 +0000] "GET /v2.0/security-groups?tenant_id=7ecf0b1cff1c4aa4b3be33769da7f6d1&name=default HTTP/1.1" 200 2805 "-" "python-urllib3/1.26.5"
100.64.0.2 - - [03/Dec/2025:23:19:23 +0000] "GET /v2.0/networks/136095fc-f845-400f-9cc7-b025dc66ef24?fields=provider%3Aphysical_network&fields=provider%3Anetwork_type HTTP/1.1" 200 79 "-" "python-neutronclient"
10.128.0.2 - - [03/Dec/2025:23:19:24 +0000] "DELETE /v2.0/security-groups/4b9418ad-9e13-4782-927c-58541dd1396d HTTP/1.1" 204 - "-" "python-urllib3/1.26.5"
10.128.0.2 - - [03/Dec/2025:23:19:38 +0000] "DELETE /v2.0/floatingips/1b224cde-ae34-4f1c-b86c-330601abcb1b HTTP/1.1" 204 - "-" "python-urllib3/1.26.5"
100.64.0.2 - - [03/Dec/2025:23:19:39 +0000] "GET /v2.0/ports?tenant_id=392542f6ffae4fd4801c87a6dbbba04a&device_id=e0b1fc55-e6a1-4df7-a49f-0ea09c3ffb60 HTTP/1.1" 200 1907 "-" "python-neutronclient"
10.128.1.49 - - [03/Dec/2025:23:19:39 +0000] "GET /v2.0/ports?device_id=e0b1fc55-e6a1-4df7-a49f-0ea09c3ffb60 HTTP/1.1" 200 1640 "-" "python-neutronclient"
100.64.0.2 - - [03/Dec/2025:23:19:39 +0000] "GET /v2.0/networks?id=136095fc-f845-400f-9cc7-b025dc66ef24 HTTP/1.1" 200 851 "-" "python-neutronclient"
10.128.1.49 - - [03/Dec/2025:23:19:40 +0000] "GET /v2.0/security-groups?id=c5815f88-2c4f-4f45-b339-3b71f9799d59&fields=id&fields=name HTTP/1.1" 200 114 "-" "python-neutronclient"
100.64.0.2 - - [03/Dec/2025:23:19:40 +0000] "GET /v2.0/floatingips?fixed_ip_address=10.100.0.6&port_id=7811c949-69fe-4756-b0df-c3bc9ee9ede5 HTTP/1.1" 200 19 "-" "python-neutronclient"
100.64.0.2 - - [03/Dec/2025:23:19:40 +0000] "GET /v2.0/ports?device_id=e0b1fc55-e6a1-4df7-a49f-0ea09c3ffb60 HTTP/1.1" 200 1638 "-" "python-neutronclient"
100.64.0.2 - - [03/Dec/2025:23:19:40 +0000] "GET /v2.0/floatingips?fixed_ip_address=2001%3Adb8%3A0%3A1%3Af816%3A3eff%3Afe0e%3A108e&port_id=7811c949-69fe-4756-b0df-c3bc9ee9ede5 HTTP/1.1" 200 19 "-" "python-neutronclient"
100.64.0.2 - - [03/Dec/2025:23:19:40 +0000] "GET /v2.0/floatingips?fixed_ip_address=2001%3Adb8%3A%3Af816%3A3eff%3Afe0e%3A108e&port_id=7811c949-69fe-4756-b0df-c3bc9ee9ede5 HTTP/1.1" 200 19 "-" "python-neutronclient"
100.64.0.2 - - [03/Dec/2025:23:19:40 +0000] "GET /v2.0/subnets?id=72c3cb1b-1f27-4958-8214-fb758e8394fb&id=f3d2947b-feac-4748-915c-6a7c1ea1e667&id=45751cba-bd4c-4793-bfbc-23b2cbf15a82 HTTP/1.1" 200 1977 "-" "python-neutronclient"
100.64.0.2 - - [03/Dec/2025:23:19:40 +0000] "GET /v2.0/ports?network_id=136095fc-f845-400f-9cc7-b025dc66ef24&device_owner=network%3Adhcp HTTP/1.1" 200 12 "-" "python-neutronclient"
10.128.1.49 - - [03/Dec/2025:23:19:41 +0000] "GET /v2.0/ports?device_id=e0b1fc55-e6a1-4df7-a49f-0ea09c3ffb60 HTTP/1.1" 200 12 "-" "python-neutronclient"
100.64.0.2 - - [03/Dec/2025:23:19:40 +0000] "DELETE /v2.0/ports/7811c949-69fe-4756-b0df-c3bc9ee9ede5 HTTP/1.1" 204 - "-" "python-neutronclient"
100.64.0.2 - - [03/Dec/2025:23:19:41 +0000] "GET /v2.0/ports?network_id=136095fc-f845-400f-9cc7-b025dc66ef24&device_owner=network%3Adhcp HTTP/1.1" 200 12 "-" "python-neutronclient"
100.64.0.2 - - [03/Dec/2025:23:19:42 +0000] "GET /v2.0/ports?network_id=136095fc-f845-400f-9cc7-b025dc66ef24&device_owner=network%3Adhcp HTTP/1.1" 200 12 "-" "python-neutronclient"
100.64.0.2 - - [03/Dec/2025:23:19:42 +0000] "GET /v2.0/networks/136095fc-f845-400f-9cc7-b025dc66ef24?fields=segments HTTP/1.1" 200 14 "-" "python-neutronclient"
100.64.0.2 - - [03/Dec/2025:23:19:42 +0000] "GET /v2.0/networks/136095fc-f845-400f-9cc7-b025dc66ef24?fields=provider%3Aphysical_network&fields=provider%3Anetwork_type HTTP/1.1" 200 79 "-" "python-neutronclient"
10.128.0.2 - - [03/Dec/2025:23:19:43 +0000] "DELETE /v2.0/floatingips/e4a912ee-468b-499e-91f4-3a67dc109d22 HTTP/1.1" 204 - "-" "python-urllib3/1.26.5"
10.128.1.49 - - [03/Dec/2025:23:19:44 +0000] "GET /v2.0/ports?device_id=c7a2097d-21d6-4fc8-8e4c-975f4c619494 HTTP/1.1" 200 1640 "-" "python-neutronclient"
10.128.1.49 - - [03/Dec/2025:23:19:44 +0000] "GET /v2.0/security-groups?id=c5815f88-2c4f-4f45-b339-3b71f9799d59&fields=id&fields=name HTTP/1.1" 200 114 "-" "python-neutronclient"
100.64.0.2 - - [03/Dec/2025:23:19:44 +0000] "GET /v2.0/ports?device_id=c7a2097d-21d6-4fc8-8e4c-975f4c619494 HTTP/1.1" 200 1640 "-" "python-neutronclient"
100.64.0.2 - - [03/Dec/2025:23:19:44 +0000] "DELETE /v2.0/ports/cdf91fbb-7d88-4199-a877-f46543dfdf12 HTTP/1.1" 204 - "-" "python-neutronclient"
100.64.0.2 - - [03/Dec/2025:23:19:46 +0000] "GET /v2.0/ports?tenant_id=392542f6ffae4fd4801c87a6dbbba04a&device_id=c7a2097d-21d6-4fc8-8e4c-975f4c619494 HTTP/1.1" 200 12 "-" "python-neutronclient"
100.64.0.2 - - [03/Dec/2025:23:19:46 +0000] "GET /v2.0/networks?tenant_id=392542f6ffae4fd4801c87a6dbbba04a&shared=False HTTP/1.1" 200 851 "-" "python-neutronclient"
100.64.0.2 - - [03/Dec/2025:23:19:47 +0000] "GET /v2.0/networks?shared=True HTTP/1.1" 200 745 "-" "python-neutronclient"
10.128.0.2 - - [03/Dec/2025:23:19:45 +0000] "PUT /v2.0/routers/e1c7f6ac-10dd-4179-99b7-d4381eb66d46/remove_router_interface HTTP/1.1" 200 309 "-" "python-urllib3/1.26.5"
10.128.0.2 - - [03/Dec/2025:23:19:53 +0000] "GET / HTTP/1.1" 200 122 "-" "kube-probe/1.31"
10.128.0.2 - - [03/Dec/2025:23:19:53 +0000] "GET / HTTP/1.1" 200 122 "-" "kube-probe/1.31"
10.128.0.2 - - [03/Dec/2025:23:19:53 +0000] "GET / HTTP/1.1" 200 122 "-" "kube-probe/1.31"
10.128.0.2 - - [03/Dec/2025:23:19:53 +0000] "DELETE /v2.0/subnets/72c3cb1b-1f27-4958-8214-fb758e8394fb HTTP/1.1" 204 - "-" "python-urllib3/1.26.5"
10.128.0.2 - - [03/Dec/2025:23:19:53 +0000] "PUT /v2.0/routers/e1c7f6ac-10dd-4179-99b7-d4381eb66d46/remove_router_interface HTTP/1.1" 200 309 "-" "python-urllib3/1.26.5"
10.128.0.2 - - [03/Dec/2025:23:19:55 +0000] "DELETE /v2.0/subnets/45751cba-bd4c-4793-bfbc-23b2cbf15a82 HTTP/1.1" 204 - "-" "python-urllib3/1.26.5"
10.128.0.2 - - [03/Dec/2025:23:19:56 +0000] "PUT /v2.0/routers/e1c7f6ac-10dd-4179-99b7-d4381eb66d46/remove_router_interface HTTP/1.1" 200 309 "-" "python-urllib3/1.26.5"
10.128.0.2 - - [03/Dec/2025:23:19:58 +0000] "DELETE /v2.0/routers/e1c7f6ac-10dd-4179-99b7-d4381eb66d46 HTTP/1.1" 204 - "-" "python-urllib3/1.26.5"
10.128.0.2 - - [03/Dec/2025:23:19:58 +0000] "DELETE /v2.0/subnets/f3d2947b-feac-4748-915c-6a7c1ea1e667 HTTP/1.1" 204 - "-" "python-urllib3/1.26.5"
10.128.0.2 - - [03/Dec/2025:23:19:59 +0000] "DELETE /v2.0/networks/136095fc-f845-400f-9cc7-b025dc66ef24 HTTP/1.1" 204 - "-" "python-urllib3/1.26.5"
10.128.0.2 - - [03/Dec/2025:23:19:59 +0000] "DELETE /v2.0/security-groups/c5815f88-2c4f-4f45-b339-3b71f9799d59 HTTP/1.1" 204 - "-" "python-urllib3/1.26.5"
10.128.0.2 - - [03/Dec/2025:23:20:00 +0000] "POST /v2.0/security-groups HTTP/1.1" 201 1613 "-" "python-urllib3/1.26.5"
10.128.0.2 - - [03/Dec/2025:23:20:00 +0000] "POST /v2.0/security-group-rules HTTP/1.1" 201 565 "-" "python-urllib3/1.26.5"
10.128.0.2 - - [03/Dec/2025:23:20:01 +0000] "POST /v2.0/security-group-rules HTTP/1.1" 201 564 "-" "python-urllib3/1.26.5"
10.128.0.2 - - [03/Dec/2025:23:20:01 +0000] "POST /v2.0/security-group-rules HTTP/1.1" 201 570 "-" "python-urllib3/1.26.5"
10.128.0.2 - - [03/Dec/2025:23:20:01 +0000] "POST /v2.0/security-group-rules HTTP/1.1" 201 569 "-" "python-urllib3/1.26.5"
10.128.0.2 - - [03/Dec/2025:23:20:02 +0000] "POST /v2.0/security-group-rules HTTP/1.1" 201 575 "-" "python-urllib3/1.26.5"
10.128.0.2 - - [03/Dec/2025:23:20:02 +0000] "POST /v2.0/security-group-rules HTTP/1.1" 201 574 "-" "python-urllib3/1.26.5"
10.128.0.2 - - [03/Dec/2025:23:20:03 +0000] "POST /v2.0/networks HTTP/1.1" 201 651 "-" "python-urllib3/1.26.5"
10.128.0.2 - - [03/Dec/2025:23:20:03 +0000] "GET /v2.0/subnets?project_id=392542f6ffae4fd4801c87a6dbbba04a&cidr=10.100.0.0%2F28 HTTP/1.1" 200 14 "-" "python-urllib3/1.26.5"
10.128.0.2 - - [03/Dec/2025:23:20:04 +0000] "GET /v2.0/networks?router%3Aexternal=True HTTP/1.1" 200 1567 "-" "python-urllib3/1.26.5"
10.128.0.2 - - [03/Dec/2025:23:20:04 +0000] "GET /v2.0/subnets?network_id=028583f1-6fe0-4d55-b869-739d10dff786&cidr=10.100.0.0%2F28 HTTP/1.1" 200 14 "-" "python-urllib3/1.26.5"
10.128.0.2 - - [03/Dec/2025:23:20:04 +0000] "GET /v2.0/subnets?network_id=27d6c5e6-f9ae-4cab-9ef3-af7441386ba8&cidr=10.100.0.0%2F28 HTTP/1.1" 200 14 "-" "python-urllib3/1.26.5"
10.128.0.2 - - [03/Dec/2025:23:20:04 +0000] "POST /v2.0/subnets HTTP/1.1" 201 624 "-" "python-urllib3/1.26.5"
10.128.0.2 - - [03/Dec/2025:23:20:05 +0000] "POST /v2.0/routers HTTP/1.1" 201 671 "-" "python-urllib3/1.26.5"
10.128.0.2 - - [03/Dec/2025:23:20:07 +0000] "PUT /v2.0/routers/55237a8c-22cc-4bed-acf0-9d8c1edc5a35/add_router_interface HTTP/1.1" 200 309 "-" "python-urllib3/1.26.5"
10.128.0.2 - - [03/Dec/2025:23:20:09 +0000] "GET /v2.0/subnets?project_id=392542f6ffae4fd4801c87a6dbbba04a&cidr=2001%3Adb8%3A%3A%2F64 HTTP/1.1" 200 14 "-" "python-urllib3/1.26.5"
10.128.0.2 - - [03/Dec/2025:23:20:09 +0000] "GET /v2.0/networks?router%3Aexternal=True HTTP/1.1" 200 1567 "-" "python-urllib3/1.26.5"
10.128.0.2 - - [03/Dec/2025:23:20:10 +0000] "GET /v2.0/subnets?network_id=028583f1-6fe0-4d55-b869-739d10dff786&cidr=2001%3Adb8%3A%3A%2F64 HTTP/1.1" 200 14 "-" "python-urllib3/1.26.5"
10.128.0.2 - - [03/Dec/2025:23:20:10 +0000] "GET /v2.0/subnets?network_id=27d6c5e6-f9ae-4cab-9ef3-af7441386ba8&cidr=2001%3Adb8%3A%3A%2F64 HTTP/1.1" 200 14 "-" "python-urllib3/1.26.5"
10.128.0.2 - - [03/Dec/2025:23:20:10 +0000] "POST /v2.0/subnets HTTP/1.1" 201 649 "-" "python-urllib3/1.26.5"
10.128.0.2 - - [03/Dec/2025:23:20:11 +0000] "PUT /v2.0/routers/55237a8c-22cc-4bed-acf0-9d8c1edc5a35/add_router_interface HTTP/1.1" 200 309 "-" "python-urllib3/1.26.5"
10.128.0.2 - - [03/Dec/2025:23:20:12 +0000] "GET /v2.0/subnets?project_id=392542f6ffae4fd4801c87a6dbbba04a&cidr=2001%3Adb8%3A%3A%2F64 HTTP/1.1" 200 670 "-" "python-urllib3/1.26.5"
10.128.0.2 - - [03/Dec/2025:23:20:12 +0000] "GET /v2.0/networks?router%3Aexternal=True HTTP/1.1" 200 1567 "-" "python-urllib3/1.26.5"
10.128.0.2 - - [03/Dec/2025:23:20:12 +0000] "GET /v2.0/subnets?network_id=028583f1-6fe0-4d55-b869-739d10dff786&cidr=2001%3Adb8%3A%3A%2F64 HTTP/1.1" 200 14 "-" "python-urllib3/1.26.5"
10.128.0.2 - - [03/Dec/2025:23:20:13 +0000] "GET /v2.0/subnets?network_id=27d6c5e6-f9ae-4cab-9ef3-af7441386ba8&cidr=2001%3Adb8%3A%3A%2F64 HTTP/1.1" 200 14 "-" "python-urllib3/1.26.5"
10.128.0.2 - - [03/Dec/2025:23:20:13 +0000] "GET /v2.0/subnets?project_id=392542f6ffae4fd4801c87a6dbbba04a&cidr=2001%3Adb8%3A0%3A1%3A%3A%2F64 HTTP/1.1" 200 14 "-" "python-urllib3/1.26.5"
10.128.0.2 - - [03/Dec/2025:23:20:13 +0000] "GET /v2.0/networks?router%3Aexternal=True HTTP/1.1" 200 1567 "-" "python-urllib3/1.26.5"
10.128.0.2 - - [03/Dec/2025:23:20:13 +0000] "GET /v2.0/subnets?network_id=028583f1-6fe0-4d55-b869-739d10dff786&cidr=2001%3Adb8%3A0%3A1%3A%3A%2F64 HTTP/1.1" 200 14 "-" "python-urllib3/1.26.5"
10.128.0.2 - - [03/Dec/2025:23:20:13 +0000] "GET /v2.0/subnets?network_id=27d6c5e6-f9ae-4cab-9ef3-af7441386ba8&cidr=2001%3Adb8%3A0%3A1%3A%3A%2F64 HTTP/1.1" 200 14 "-" "python-urllib3/1.26.5"
10.128.0.2 - - [03/Dec/2025:23:20:13 +0000] "POST /v2.0/subnets HTTP/1.1" 201 664 "-" "python-urllib3/1.26.5"
10.128.0.2 - - [03/Dec/2025:23:20:15 +0000] "PUT /v2.0/routers/55237a8c-22cc-4bed-acf0-9d8c1edc5a35/add_router_interface HTTP/1.1" 200 309 "-" "python-urllib3/1.26.5"
10.128.1.49 - - [03/Dec/2025:23:20:17 +0000] "GET /v2.0/security-groups?name=tempest-secgroup-smoke-1128413252&fields=id&tenant_id=392542f6ffae4fd4801c87a6dbbba04a HTTP/1.1" 200 69 "-" "python-neutronclient"
10.128.1.49 - - [03/Dec/2025:23:20:18 +0000] "GET /v2.0/networks?id=2c99614c-920a-43d5-a712-8aa35f18759f HTTP/1.1" 200 751 "-" "python-neutronclient"
10.128.1.49 - - [03/Dec/2025:23:20:18 +0000] "GET /v2.0/quotas/392542f6ffae4fd4801c87a6dbbba04a HTTP/1.1" 200 187 "-" "python-neutronclient"
10.128.1.49 - - [03/Dec/2025:23:20:18 +0000] "GET /v2.0/ports?tenant_id=392542f6ffae4fd4801c87a6dbbba04a&fields=id HTTP/1.1" 200 149 "-" "python-neutronclient"
10.128.1.49 - - [03/Dec/2025:23:20:18 +0000] "GET /v2.0/networks/2c99614c-920a-43d5-a712-8aa35f18759f?fields=segments HTTP/1.1" 200 14 "-" "python-neutronclient"
10.128.1.49 - - [03/Dec/2025:23:20:19 +0000] "GET /v2.0/networks/2c99614c-920a-43d5-a712-8aa35f18759f?fields=provider%3Aphysical_network&fields=provider%3Anetwork_type HTTP/1.1" 200 79 "-" "python-neutronclient"
10.128.1.51 - - [03/Dec/2025:23:20:19 +0000] "GET /v2.0/extensions HTTP/1.1" 200 17369 "-" "python-neutronclient"
10.128.1.49 - - [03/Dec/2025:23:20:19 +0000] "GET /v2.0/ports?device_id=c863f340-a2e8-4f9e-86a8-efdf0b1401e4 HTTP/1.1" 200 12 "-" "python-neutronclient"
10.128.1.51 - - [03/Dec/2025:23:20:19 +0000] "GET /v2.0/subnets?network_id=2c99614c-920a-43d5-a712-8aa35f18759f&fields=segment_id HTTP/1.1" 200 73 "-" "python-neutronclient"
100.64.0.2 - - [03/Dec/2025:23:20:20 +0000] "GET /v2.0/networks?id=2c99614c-920a-43d5-a712-8aa35f18759f HTTP/1.1" 200 751 "-" "python-neutronclient"
100.64.0.2 - - [03/Dec/2025:23:20:21 +0000] "GET /v2.0/security-groups?fields=id&fields=name&tenant_id=392542f6ffae4fd4801c87a6dbbba04a HTTP/1.1" 200 181 "-" "python-neutronclient"
10.128.1.49 - - [03/Dec/2025:23:20:21 +0000] "GET /v2.0/ports?device_id=c863f340-a2e8-4f9e-86a8-efdf0b1401e4 HTTP/1.1" 200 12 "-" "python-neutronclient"
100.64.0.2 - - [03/Dec/2025:23:20:21 +0000] "POST /v2.0/ports HTTP/1.1" 201 1487 "-" "python-neutronclient"
10.128.0.2 - - [03/Dec/2025:23:20:23 +0000] "GET / HTTP/1.1" 200 122 "-" "kube-probe/1.31"
10.128.0.2 - - [03/Dec/2025:23:20:23 +0000] "GET / HTTP/1.1" 200 122 "-" "kube-probe/1.31"
10.128.0.2 - - [03/Dec/2025:23:20:23 +0000] "GET / HTTP/1.1" 200 122 "-" "kube-probe/1.31"
10.128.1.49 - - [03/Dec/2025:23:20:22 +0000] "GET /v2.0/ports?device_id=c863f340-a2e8-4f9e-86a8-efdf0b1401e4 HTTP/1.1" 200 1490 "-" "python-neutronclient"
10.128.1.49 - - [03/Dec/2025:23:20:23 +0000] "GET /v2.0/security-groups?id=f70b34a4-0803-4208-b066-2b631c60cd3d&fields=id&fields=name HTTP/1.1" 200 114 "-" "python-neutronclient"
100.64.0.2 - - [03/Dec/2025:23:20:21 +0000] "PUT /v2.0/ports/4d28ca7b-5ce8-4af5-8ca7-c64c104dffba HTTP/1.1" 200 1874 "-" "python-neutronclient"
10.128.1.49 - - [03/Dec/2025:23:20:24 +0000] "GET /v2.0/ports?device_id=c863f340-a2e8-4f9e-86a8-efdf0b1401e4 HTTP/1.1" 200 1638 "-" "python-neutronclient"
100.64.0.2 - - [03/Dec/2025:23:20:23 +0000] "GET /v2.0/ports?tenant_id=392542f6ffae4fd4801c87a6dbbba04a&device_id=c863f340-a2e8-4f9e-86a8-efdf0b1401e4 HTTP/1.1" 200 1905 "-" "python-neutronclient"
100.64.0.2 - - [03/Dec/2025:23:20:25 +0000] "GET /v2.0/floatingips?fixed_ip_address=10.100.0.8&port_id=4d28ca7b-5ce8-4af5-8ca7-c64c104dffba HTTP/1.1" 200 19 "-" "python-neutronclient"
10.128.1.49 - - [03/Dec/2025:23:20:24 +0000] "GET /v2.0/security-groups?id=f70b34a4-0803-4208-b066-2b631c60cd3d&fields=id&fields=name HTTP/1.1" 200 114 "-" "python-neutronclient"
100.64.0.2 - - [03/Dec/2025:23:20:25 +0000] "GET /v2.0/floatingips?fixed_ip_address=2001%3Adb8%3A0%3A1%3Af816%3A3eff%3Afe97%3A827d&port_id=4d28ca7b-5ce8-4af5-8ca7-c64c104dffba HTTP/1.1" 200 19 "-" "python-neutronclient"
100.64.0.2 - - [03/Dec/2025:23:20:26 +0000] "GET /v2.0/floatingips?fixed_ip_address=2001%3Adb8%3A%3Af816%3A3eff%3Afe97%3A827d&port_id=4d28ca7b-5ce8-4af5-8ca7-c64c104dffba HTTP/1.1" 200 19 "-" "python-neutronclient"
100.64.0.2 - - [03/Dec/2025:23:20:26 +0000] "GET /v2.0/subnets?id=29bf5206-e945-42ec-a810-78bafbb89c5a&id=865ac300-336b-4828-949f-c26f1129efa7&id=ff4cca6a-c080-4685-b7f2-f8fb33370cde HTTP/1.1" 200 1974 "-" "python-neutronclient"
100.64.0.2 - - [03/Dec/2025:23:20:27 +0000] "GET /v2.0/ports?network_id=2c99614c-920a-43d5-a712-8aa35f18759f&device_owner=network%3Adhcp HTTP/1.1" 200 12 "-" "python-neutronclient"
10.128.1.49 - - [03/Dec/2025:23:20:27 +0000] "GET /v2.0/ports?device_id=c863f340-a2e8-4f9e-86a8-efdf0b1401e4 HTTP/1.1" 200 1638 "-" "python-neutronclient"
100.64.0.2 - - [03/Dec/2025:23:20:27 +0000] "GET /v2.0/ports?network_id=2c99614c-920a-43d5-a712-8aa35f18759f&device_owner=network%3Adhcp HTTP/1.1" 200 12 "-" "python-neutronclient"
10.128.1.49 - - [03/Dec/2025:23:20:28 +0000] "GET /v2.0/security-groups?id=f70b34a4-0803-4208-b066-2b631c60cd3d&fields=id&fields=name HTTP/1.1" 200 114 "-" "python-neutronclient"
100.64.0.2 - - [03/Dec/2025:23:20:28 +0000] "GET /v2.0/ports?network_id=2c99614c-920a-43d5-a712-8aa35f18759f&device_owner=network%3Adhcp HTTP/1.1" 200 12 "-" "python-neutronclient"
100.64.0.2 - - [03/Dec/2025:23:20:28 +0000] "GET /v2.0/networks/2c99614c-920a-43d5-a712-8aa35f18759f?fields=segments HTTP/1.1" 200 14 "-" "python-neutronclient"
100.64.0.2 - - [03/Dec/2025:23:20:28 +0000] "GET /v2.0/networks/2c99614c-920a-43d5-a712-8aa35f18759f?fields=provider%3Aphysical_network&fields=provider%3Anetwork_type HTTP/1.1" 200 79 "-" "python-neutronclient"
100.64.0.2 - - [03/Dec/2025:23:20:28 +0000] "GET /v2.0/ports?tenant_id=392542f6ffae4fd4801c87a6dbbba04a&device_id=c863f340-a2e8-4f9e-86a8-efdf0b1401e4 HTTP/1.1" 200 1905 "-" "python-neutronclient"
100.64.0.2 - - [03/Dec/2025:23:20:29 +0000] "GET /v2.0/ports?device_id=c863f340-a2e8-4f9e-86a8-efdf0b1401e4 HTTP/1.1" 200 1905 "-" "python-neutronclient"
100.64.0.2 - - [03/Dec/2025:23:20:29 +0000] "GET /v2.0/networks?id=2c99614c-920a-43d5-a712-8aa35f18759f HTTP/1.1" 200 850 "-" "python-neutronclient"
100.64.0.2 - - [03/Dec/2025:23:20:29 +0000] "GET /v2.0/floatingips?fixed_ip_address=10.100.0.8&port_id=4d28ca7b-5ce8-4af5-8ca7-c64c104dffba HTTP/1.1" 200 19 "-" "python-neutronclient"
100.64.0.2 - - [03/Dec/2025:23:20:29 +0000] "GET /v2.0/security-groups?id=f70b34a4-0803-4208-b066-2b631c60cd3d&fields=id&fields=name HTTP/1.1" 200 114 "-" "python-neutronclient"
10.128.1.49 - - [03/Dec/2025:23:20:29 +0000] "GET /v2.0/ports?device_id=c863f340-a2e8-4f9e-86a8-efdf0b1401e4 HTTP/1.1" 200 1638 "-" "python-neutronclient"
100.64.0.2 - - [03/Dec/2025:23:20:29 +0000] "GET /v2.0/floatingips?fixed_ip_address=2001%3Adb8%3A0%3A1%3Af816%3A3eff%3Afe97%3A827d&port_id=4d28ca7b-5ce8-4af5-8ca7-c64c104dffba HTTP/1.1" 200 19 "-" "python-neutronclient"
10.128.1.49 - - [03/Dec/2025:23:20:30 +0000] "GET /v2.0/security-groups?id=f70b34a4-0803-4208-b066-2b631c60cd3d&fields=id&fields=name HTTP/1.1" 200 114 "-" "python-neutronclient"
100.64.0.2 - - [03/Dec/2025:23:20:30 +0000] "GET /v2.0/floatingips?fixed_ip_address=2001%3Adb8%3A%3Af816%3A3eff%3Afe97%3A827d&port_id=4d28ca7b-5ce8-4af5-8ca7-c64c104dffba HTTP/1.1" 200 19 "-" "python-neutronclient"
100.64.0.2 - - [03/Dec/2025:23:20:30 +0000] "GET /v2.0/subnets?id=29bf5206-e945-42ec-a810-78bafbb89c5a&id=865ac300-336b-4828-949f-c26f1129efa7&id=ff4cca6a-c080-4685-b7f2-f8fb33370cde HTTP/1.1" 200 1974 "-" "python-neutronclient"
100.64.0.2 - - [03/Dec/2025:23:20:30 +0000] "GET /v2.0/ports?network_id=2c99614c-920a-43d5-a712-8aa35f18759f&device_owner=network%3Adhcp HTTP/1.1" 200 12 "-" "python-neutronclient"
100.64.0.2 - - [03/Dec/2025:23:20:30 +0000] "GET /v2.0/ports?network_id=2c99614c-920a-43d5-a712-8aa35f18759f&device_owner=network%3Adhcp HTTP/1.1" 200 12 "-" "python-neutronclient"
100.64.0.2 - - [03/Dec/2025:23:20:31 +0000] "GET /v2.0/ports?network_id=2c99614c-920a-43d5-a712-8aa35f18759f&device_owner=network%3Adhcp HTTP/1.1" 200 12 "-" "python-neutronclient"
100.64.0.2 - - [03/Dec/2025:23:20:31 +0000] "GET /v2.0/networks/2c99614c-920a-43d5-a712-8aa35f18759f?fields=segments HTTP/1.1" 200 14 "-" "python-neutronclient"
10.128.1.49 - - [03/Dec/2025:23:20:31 +0000] "GET /v2.0/ports?device_id=c863f340-a2e8-4f9e-86a8-efdf0b1401e4 HTTP/1.1" 200 1640 "-" "python-neutronclient"
100.64.0.2 - - [03/Dec/2025:23:20:31 +0000] "GET /v2.0/networks/2c99614c-920a-43d5-a712-8aa35f18759f?fields=provider%3Aphysical_network&fields=provider%3Anetwork_type HTTP/1.1" 200 79 "-" "python-neutronclient"
10.128.1.49 - - [03/Dec/2025:23:20:31 +0000] "GET /v2.0/security-groups?id=f70b34a4-0803-4208-b066-2b631c60cd3d&fields=id&fields=name HTTP/1.1" 200 114 "-" "python-neutronclient"
10.128.1.49 - - [03/Dec/2025:23:20:33 +0000] "GET /v2.0/ports?device_id=c863f340-a2e8-4f9e-86a8-efdf0b1401e4 HTTP/1.1" 200 1640 "-" "python-neutronclient"
10.128.1.49 - - [03/Dec/2025:23:20:33 +0000] "GET /v2.0/security-groups?id=f70b34a4-0803-4208-b066-2b631c60cd3d&fields=id&fields=name HTTP/1.1" 200 114 "-" "python-neutronclient"
10.128.1.49 - - [03/Dec/2025:23:20:33 +0000] "GET /v2.0/ports?device_id=c863f340-a2e8-4f9e-86a8-efdf0b1401e4 HTTP/1.1" 200 1640 "-" "python-neutronclient"
10.128.1.49 - - [03/Dec/2025:23:20:33 +0000] "GET /v2.0/security-groups?id=f70b34a4-0803-4208-b066-2b631c60cd3d&fields=id&fields=name HTTP/1.1" 200 114 "-" "python-neutronclient"
10.128.0.2 - - [03/Dec/2025:23:20:33 +0000] "GET /v2.0/ports?device_id=c863f340-a2e8-4f9e-86a8-efdf0b1401e4 HTTP/1.1" 200 1907 "-" "python-urllib3/1.26.5"
10.128.0.2 - - [03/Dec/2025:23:20:34 +0000] "POST /v2.0/floatingips HTTP/1.1" 201 881 "-" "python-urllib3/1.26.5"
100.64.0.2 - - [03/Dec/2025:23:20:38 +0000] "GET /v2.0/ports?tenant_id=392542f6ffae4fd4801c87a6dbbba04a&device_id=c863f340-a2e8-4f9e-86a8-efdf0b1401e4 HTTP/1.1" 200 1907 "-" "python-neutronclient"
100.64.0.2 - - [03/Dec/2025:23:20:38 +0000] "GET /v2.0/networks?id=2c99614c-920a-43d5-a712-8aa35f18759f HTTP/1.1" 200 850 "-" "python-neutronclient"
100.64.0.2 - - [03/Dec/2025:23:20:39 +0000] "GET /v2.0/floatingips?fixed_ip_address=10.100.0.8&port_id=4d28ca7b-5ce8-4af5-8ca7-c64c104dffba HTTP/1.1" 200 886 "-" "python-neutronclient"
100.64.0.2 - - [03/Dec/2025:23:20:39 +0000] "GET /v2.0/floatingips?fixed_ip_address=2001%3Adb8%3A0%3A1%3Af816%3A3eff%3Afe97%3A827d&port_id=4d28ca7b-5ce8-4af5-8ca7-c64c104dffba HTTP/1.1" 200 19 "-" "python-neutronclient"
100.64.0.2 - - [03/Dec/2025:23:20:39 +0000] "GET /v2.0/floatingips?fixed_ip_address=2001%3Adb8%3A%3Af816%3A3eff%3Afe97%3A827d&port_id=4d28ca7b-5ce8-4af5-8ca7-c64c104dffba HTTP/1.1" 200 19 "-" "python-neutronclient"
100.64.0.2 - - [03/Dec/2025:23:20:39 +0000] "GET /v2.0/subnets?id=29bf5206-e945-42ec-a810-78bafbb89c5a&id=865ac300-336b-4828-949f-c26f1129efa7&id=ff4cca6a-c080-4685-b7f2-f8fb33370cde HTTP/1.1" 200 1974 "-" "python-neutronclient"
100.64.0.2 - - [03/Dec/2025:23:20:39 +0000] "GET /v2.0/ports?network_id=2c99614c-920a-43d5-a712-8aa35f18759f&device_owner=network%3Adhcp HTTP/1.1" 200 12 "-" "python-neutronclient"
100.64.0.2 - - [03/Dec/2025:23:20:39 +0000] "GET /v2.0/ports?network_id=2c99614c-920a-43d5-a712-8aa35f18759f&device_owner=network%3Adhcp HTTP/1.1" 200 12 "-" "python-neutronclient"
100.64.0.2 - - [03/Dec/2025:23:20:40 +0000] "GET /v2.0/ports?network_id=2c99614c-920a-43d5-a712-8aa35f18759f&device_owner=network%3Adhcp HTTP/1.1" 200 12 "-" "python-neutronclient"
100.64.0.2 - - [03/Dec/2025:23:20:40 +0000] "GET /v2.0/networks/2c99614c-920a-43d5-a712-8aa35f18759f?fields=segments HTTP/1.1" 200 14 "-" "python-neutronclient"
100.64.0.2 - - [03/Dec/2025:23:20:40 +0000] "GET /v2.0/networks/2c99614c-920a-43d5-a712-8aa35f18759f?fields=provider%3Aphysical_network&fields=provider%3Anetwork_type HTTP/1.1" 200 79 "-" "python-neutronclient"
10.128.1.65 - - [03/Dec/2025:23:20:44 +0000] "GET /v2.0/floatingips HTTP/1.1" 200 886 "-" "python-neutronclient"
100.64.0.2 - - [03/Dec/2025:23:20:47 +0000] "GET /v2.0/ports?device_id=c863f340-a2e8-4f9e-86a8-efdf0b1401e4&fields=binding%3Ahost_id&fields=binding%3Avif_type HTTP/1.1" 200 96 "-" "python-neutronclient"
100.64.0.2 - - [03/Dec/2025:23:20:48 +0000] "GET /v2.0/ports?tenant_id=392542f6ffae4fd4801c87a6dbbba04a&device_id=c863f340-a2e8-4f9e-86a8-efdf0b1401e4 HTTP/1.1" 200 1907 "-" "python-neutronclient"
100.64.0.2 - - [03/Dec/2025:23:20:48 +0000] "GET /v2.0/networks?id=2c99614c-920a-43d5-a712-8aa35f18759f HTTP/1.1" 200 850 "-" "python-neutronclient"
100.64.0.2 - - [03/Dec/2025:23:20:48 +0000] "GET /v2.0/floatingips?fixed_ip_address=10.100.0.8&port_id=4d28ca7b-5ce8-4af5-8ca7-c64c104dffba HTTP/1.1" 200 886 "-" "python-neutronclient"
100.64.0.2 - - [03/Dec/2025:23:20:48 +0000] "GET /v2.0/floatingips?fixed_ip_address=2001%3Adb8%3A0%3A1%3Af816%3A3eff%3Afe97%3A827d&port_id=4d28ca7b-5ce8-4af5-8ca7-c64c104dffba HTTP/1.1" 200 19 "-" "python-neutronclient"
100.64.0.2 - - [03/Dec/2025:23:20:48 +0000] "GET /v2.0/floatingips?fixed_ip_address=2001%3Adb8%3A%3Af816%3A3eff%3Afe97%3A827d&port_id=4d28ca7b-5ce8-4af5-8ca7-c64c104dffba HTTP/1.1" 200 19 "-" "python-neutronclient"
100.64.0.2 - - [03/Dec/2025:23:20:48 +0000] "GET /v2.0/subnets?id=29bf5206-e945-42ec-a810-78bafbb89c5a&id=865ac300-336b-4828-949f-c26f1129efa7&id=ff4cca6a-c080-4685-b7f2-f8fb33370cde HTTP/1.1" 200 1974 "-" "python-neutronclient"
