100.64.0.2 - - [03/Dec/2025:22:52:39 +0000] "GET /v2.0/ports?device_id=f2567b69-178d-4b15-ad1c-5cee17217770&device_owner=compute%3Anova&fixed_ips=ip_address%3D10.100.0.8 HTTP/1.1" 200 1368 "-" "python-neutronclient"
10.128.0.2 - - [03/Dec/2025:22:52:41 +0000] "GET /v2.0/ports?device_id=a2275902-4471-4c48-a816-eb555311fa4f HTTP/1.1" 200 12 "-" "python-urllib3/1.26.5"
10.128.0.2 - - [03/Dec/2025:22:52:41 +0000] "DELETE /v2.0/routers/a2275902-4471-4c48-a816-eb555311fa4f HTTP/1.1" 404 135 "-" "python-urllib3/1.26.5"
10.128.0.2 - - [03/Dec/2025:22:52:39 +0000] "POST /v2.0/subnets HTTP/1.1" 201 602 "-" "python-urllib3/1.26.5"
10.128.0.2 - - [03/Dec/2025:22:52:40 +0000] "DELETE /v2.0/security-groups/88ce8686-b86d-4682-9073-4c7497fac924 HTTP/1.1" 204 - "-" "python-urllib3/1.26.5"
10.128.0.2 - - [03/Dec/2025:22:52:41 +0000] "GET /v2.0/ports?device_id=0d2eb9f5-2c76-432f-bab7-3d3ae0918868 HTTP/1.1" 200 12 "-" "python-urllib3/1.26.5"
10.128.1.49 - - [03/Dec/2025:22:52:41 +0000] "GET /v2.0/security-groups?name=tempest-securitygroup--1325064356&fields=id&tenant_id=301200c274804774ab9b73b272642d78 HTTP/1.1" 200 69 "-" "python-neutronclient"
10.128.0.2 - - [03/Dec/2025:22:52:41 +0000] "DELETE /v2.0/security-groups/08f80ddf-0ae4-412a-a2da-670e820bfa10 HTTP/1.1" 204 - "-" "python-urllib3/1.26.5"
10.128.1.49 - - [03/Dec/2025:22:52:41 +0000] "GET /v2.0/ports?tenant_id=17740b1ad7584f87b4eeaf23296856e6&fields=id HTTP/1.1" 200 103 "-" "python-neutronclient"
10.128.0.2 - - [03/Dec/2025:22:52:42 +0000] "DELETE /v2.0/routers/0d2eb9f5-2c76-432f-bab7-3d3ae0918868 HTTP/1.1" 404 135 "-" "python-urllib3/1.26.5"
10.128.0.2 - - [03/Dec/2025:22:52:41 +0000] "GET /v2.0/security-groups?tenant_id=e5ea0788a3334ff2b5022751fcca82dd&name=default HTTP/1.1" 200 2801 "-" "python-urllib3/1.26.5"
10.128.0.2 - - [03/Dec/2025:22:52:42 +0000] "DELETE /v2.0/subnets/384efd99-ae43-4db5-83da-257f44c6a286 HTTP/1.1" 404 136 "-" "python-urllib3/1.26.5"
10.128.1.49 - - [03/Dec/2025:22:52:42 +0000] "GET /v2.0/networks?id=558b0ff2-e36a-4113-9563-5689281631d4 HTTP/1.1" 200 693 "-" "python-neutronclient"
10.128.0.2 - - [03/Dec/2025:22:52:40 +0000] "DELETE /v2.0/networks/30d52215-5eee-4ab3-a685-ba92028b4556 HTTP/1.1" 204 - "-" "python-urllib3/1.26.5"
10.128.0.2 - - [03/Dec/2025:22:52:37 +0000] "POST /v2.0/routers HTTP/1.1" 201 665 "-" "python-urllib3/1.26.5"
10.128.0.2 - - [03/Dec/2025:22:52:42 +0000] "GET /v2.0/ports?device_id=2384a634-32c5-4fcb-95a7-0185332dab0a HTTP/1.1" 200 12 "-" "python-urllib3/1.26.5"
10.128.0.2 - - [03/Dec/2025:22:52:42 +0000] "DELETE /v2.0/routers/2384a634-32c5-4fcb-95a7-0185332dab0a HTTP/1.1" 404 135 "-" "python-urllib3/1.26.5"
10.128.1.49 - - [03/Dec/2025:22:52:42 +0000] "GET /v2.0/quotas/301200c274804774ab9b73b272642d78 HTTP/1.1" 200 187 "-" "python-neutronclient"
10.128.1.49 - - [03/Dec/2025:22:52:42 +0000] "GET /v2.0/networks/681f4a6e-e786-4b61-b34c-86e17ad7d35a?fields=segments HTTP/1.1" 200 14 "-" "python-neutronclient"
10.128.0.2 - - [03/Dec/2025:22:52:43 +0000] "DELETE /v2.0/subnets/8a313618-85f7-47e5-8f77-284fd2f2429a HTTP/1.1" 404 136 "-" "python-urllib3/1.26.5"
10.128.1.49 - - [03/Dec/2025:22:52:43 +0000] "GET /v2.0/ports?tenant_id=301200c274804774ab9b73b272642d78&fields=id HTTP/1.1" 200 103 "-" "python-neutronclient"
10.128.0.2 - - [03/Dec/2025:22:52:42 +0000] "GET /v2.0/routers/98fd3e75-885d-412a-9e2f-019a267d0f86 HTTP/1.1" 200 665 "-" "python-urllib3/1.26.5"
10.128.0.2 - - [03/Dec/2025:22:52:43 +0000] "GET /v2.0/ports?device_id=0baa50f1-e3db-4a46-b2b0-a5d2c90f2747 HTTP/1.1" 200 12 "-" "python-urllib3/1.26.5"
100.64.0.2 - - [03/Dec/2025:22:52:41 +0000] "PUT /v2.0/ports/16b6214b-683e-4430-8107-a426cecc83e0 HTTP/1.1" 200 1105 "-" "python-neutronclient"
10.128.0.2 - - [03/Dec/2025:22:52:42 +0000] "DELETE /v2.0/security-groups/ca790e02-bec2-4332-8481-da5f905e1e24 HTTP/1.1" 204 - "-" "python-urllib3/1.26.5"
10.128.0.2 - - [03/Dec/2025:22:52:44 +0000] "DELETE /v2.0/routers/0baa50f1-e3db-4a46-b2b0-a5d2c90f2747 HTTP/1.1" 404 135 "-" "python-urllib3/1.26.5"
10.128.0.2 - - [03/Dec/2025:22:52:43 +0000] "GET /v2.0/routers HTTP/1.1" 200 668 "-" "python-urllib3/1.26.5"
10.128.1.49 - - [03/Dec/2025:22:52:43 +0000] "GET /v2.0/networks/558b0ff2-e36a-4113-9563-5689281631d4?fields=segments HTTP/1.1" 200 14 "-" "python-neutronclient"
10.128.1.49 - - [03/Dec/2025:22:52:43 +0000] "GET /v2.0/networks/681f4a6e-e786-4b61-b34c-86e17ad7d35a?fields=provider%3Aphysical_network&fields=provider%3Anetwork_type HTTP/1.1" 200 79 "-" "python-neutronclient"
10.128.0.2 - - [03/Dec/2025:22:52:41 +0000] "POST /v2.0/networks HTTP/1.1" 201 650 "-" "python-urllib3/1.26.5"
10.128.0.2 - - [03/Dec/2025:22:52:42 +0000] "POST /v2.0/ports HTTP/1.1" 201 775 "-" "python-urllib3/1.26.5"
10.128.0.2 - - [03/Dec/2025:22:52:44 +0000] "DELETE /v2.0/subnets/45d321da-8b85-41ae-aa21-a9d1c55f41e1 HTTP/1.1" 404 136 "-" "python-urllib3/1.26.5"
10.128.1.51 - - [03/Dec/2025:22:52:44 +0000] "GET /v2.0/extensions HTTP/1.1" 200 17369 "-" "python-neutronclient"
100.64.0.2 - - [03/Dec/2025:22:52:44 +0000] "GET /v2.0/ports?tenant_id=31279a5177e9407e889316d45724f66e&device_id=f2567b69-178d-4b15-ad1c-5cee17217770 HTTP/1.1" 200 1375 "-" "python-neutronclient"
10.128.0.2 - - [03/Dec/2025:22:52:45 +0000] "DELETE /v2.0/subnets/b580fb04-b73f-4569-a9a3-677d20672841 HTTP/1.1" 404 136 "-" "python-urllib3/1.26.5"
10.128.1.49 - - [03/Dec/2025:22:52:44 +0000] "GET /v2.0/networks/558b0ff2-e36a-4113-9563-5689281631d4?fields=provider%3Aphysical_network&fields=provider%3Anetwork_type HTTP/1.1" 200 79 "-" "python-neutronclient"
10.128.0.2 - - [03/Dec/2025:22:52:44 +0000] "POST /v2.0/qos/policies HTTP/1.1" 201 359 "-" "python-urllib3/1.26.5"
10.128.1.49 - - [03/Dec/2025:22:52:45 +0000] "GET /v2.0/ports?device_id=999f64d3-7a1d-419e-aebc-aceb64ee58e5 HTTP/1.1" 200 1116 "-" "python-neutronclient"
10.128.0.2 - - [03/Dec/2025:22:52:45 +0000] "POST /v2.0/qos/policies HTTP/1.1" 201 359 "-" "python-urllib3/1.26.5"
10.128.0.2 - - [03/Dec/2025:22:52:45 +0000] "POST /v2.0/qos/policies HTTP/1.1" 201 359 "-" "python-urllib3/1.26.5"
10.128.1.51 - - [03/Dec/2025:22:52:45 +0000] "GET /v2.0/subnets?network_id=681f4a6e-e786-4b61-b34c-86e17ad7d35a&fields=segment_id HTTP/1.1" 200 33 "-" "python-neutronclient"
10.128.1.49 - - [03/Dec/2025:22:52:45 +0000] "GET /v2.0/security-groups?id=b6a7be1e-2bed-4b52-9c62-acd7f4bd9ba4&id=420f0a56-5858-4c6d-a538-cc592d477ebb&fields=id&fields=name HTTP/1.1" 200 204 "-" "python-neutronclient"
10.128.0.2 - - [03/Dec/2025:22:52:44 +0000] "GET /v2.0/security-groups?tenant_id=2471e4eb22de475081e38f2eab8dc116&name=default HTTP/1.1" 200 2801 "-" "python-urllib3/1.26.5"
100.64.0.2 - - [03/Dec/2025:22:52:45 +0000] "GET /v2.0/networks?id=c899c1b0-0d25-41b2-96f1-44bb3fb30f0c HTTP/1.1" 200 796 "-" "python-neutronclient"
10.128.0.2 - - [03/Dec/2025:22:52:45 +0000] "GET /v2.0/security-groups?tenant_id=ddb6c9b423dd48b4b4c460aff8309d3e&name=default HTTP/1.1" 200 2801 "-" "python-urllib3/1.26.5"
10.128.0.2 - - [03/Dec/2025:22:52:46 +0000] "POST /v2.0/qos/policies HTTP/1.1" 201 359 "-" "python-urllib3/1.26.5"
10.128.0.2 - - [03/Dec/2025:22:52:44 +0000] "PUT /v2.0/ports/59305eac-cf90-46c3-ab19-a76d4dadf8b8 HTTP/1.1" 200 752 "-" "python-urllib3/1.26.5"
10.128.0.2 - - [03/Dec/2025:22:52:46 +0000] "DELETE /v2.0/security-groups/67a9f952-23a4-428f-8bd2-907a6303672e HTTP/1.1" 204 - "-" "python-urllib3/1.26.5"
10.128.0.2 - - [03/Dec/2025:22:52:46 +0000] "DELETE /v2.0/ports/59305eac-cf90-46c3-ab19-a76d4dadf8b8 HTTP/1.1" 204 - "-" "python-urllib3/1.26.5"
10.128.0.2 - - [03/Dec/2025:22:52:47 +0000] "GET /v2.0/ports HTTP/1.1" 200 1533 "-" "python-urllib3/1.26.5"
10.128.0.2 - - [03/Dec/2025:22:52:47 +0000] "GET /v2.0/ports/59305eac-cf90-46c3-ab19-a76d4dadf8b8 HTTP/1.1" 404 132 "-" "python-urllib3/1.26.5"
10.128.1.51 - - [03/Dec/2025:22:52:46 +0000] "GET /v2.0/extensions HTTP/1.1" 200 17369 "-" "python-neutronclient"
10.128.0.2 - - [03/Dec/2025:22:52:47 +0000] "GET /v2.0/ports HTTP/1.1" 200 1533 "-" "python-urllib3/1.26.5"
10.128.0.2 - - [03/Dec/2025:22:52:46 +0000] "POST /v2.0/qos/policies HTTP/1.1" 201 359 "-" "python-urllib3/1.26.5"
10.128.0.2 - - [03/Dec/2025:22:52:47 +0000] "GET /v2.0/ports/4aedf33f-0fcd-4770-b551-102546934816 HTTP/1.1" 200 774 "-" "python-urllib3/1.26.5"
100.64.0.2 - - [03/Dec/2025:22:52:46 +0000] "GET /v2.0/floatingips?fixed_ip_address=10.100.0.7&port_id=16b6214b-683e-4430-8107-a426cecc83e0 HTTP/1.1" 200 886 "-" "python-neutronclient"
10.128.1.49 - - [03/Dec/2025:22:52:46 +0000] "GET /v2.0/ports?device_id=ebe8ef45-d1b0-4c70-9cee-bf6fe0c5527a HTTP/1.1" 200 12 "-" "python-neutronclient"
10.128.1.49 - - [03/Dec/2025:22:52:46 +0000] "GET /v2.0/ports?device_id=d8ea9f23-e691-45c6-bb48-6ae2a5586109 HTTP/1.1" 200 12 "-" "python-neutronclient"
10.128.0.2 - - [03/Dec/2025:22:52:47 +0000] "DELETE /v2.0/ports/91d572a0-2c89-415b-b605-74cdd1761461 HTTP/1.1" 404 132 "-" "python-urllib3/1.26.5"
10.128.0.2 - - [03/Dec/2025:22:52:47 +0000] "DELETE /v2.0/subnets/3cd8d33c-a43d-476a-aebe-2c45982b6e51 HTTP/1.1" 404 136 "-" "python-urllib3/1.26.5"
10.128.0.2 - - [03/Dec/2025:22:52:44 +0000] "PUT /v2.0/routers/98fd3e75-885d-412a-9e2f-019a267d0f86 HTTP/1.1" 200 672 "-" "python-urllib3/1.26.5"
10.128.0.2 - - [03/Dec/2025:22:52:48 +0000] "DELETE /v2.0/subnets/421bb3df-abac-49ae-8c73-597cda8468d2 HTTP/1.1" 404 136 "-" "python-urllib3/1.26.5"
100.64.0.2 - - [03/Dec/2025:22:52:47 +0000] "GET /v2.0/networks?id=681f4a6e-e786-4b61-b34c-86e17ad7d35a HTTP/1.1" 200 689 "-" "python-neutronclient"
10.128.1.51 - - [03/Dec/2025:22:52:47 +0000] "GET /v2.0/subnets?network_id=558b0ff2-e36a-4113-9563-5689281631d4&fields=segment_id HTTP/1.1" 200 33 "-" "python-neutronclient"
100.64.0.2 - - [03/Dec/2025:22:52:47 +0000] "GET /v2.0/subnets?id=12eb8912-d7ad-4e5d-8947-081ff92d1f04 HTTP/1.1" 200 678 "-" "python-neutronclient"
10.128.0.2 - - [03/Dec/2025:22:52:48 +0000] "PUT /v2.0/policies/5805d448-cbc3-4fab-bdc2-8beb70bb0dd6/tags HTTP/1.1" 200 17 "-" "python-urllib3/1.26.5"
10.128.0.2 - - [03/Dec/2025:22:52:46 +0000] "DELETE /v2.0/security-groups/add42f3c-7442-499f-ac91-107903e644bf HTTP/1.1" 204 - "-" "python-urllib3/1.26.5"
100.64.0.2 - - [03/Dec/2025:22:52:48 +0000] "GET /v2.0/security-groups?fields=id&fields=name&tenant_id=17740b1ad7584f87b4eeaf23296856e6 HTTP/1.1" 200 181 "-" "python-neutronclient"
10.128.1.49 - - [03/Dec/2025:22:52:48 +0000] "GET /v2.0/ports?device_id=999f64d3-7a1d-419e-aebc-aceb64ee58e5 HTTP/1.1" 200 1116 "-" "python-neutronclient"
10.128.0.2 - - [03/Dec/2025:22:52:48 +0000] "PUT /v2.0/policies/4e4b64e9-db3f-42c0-8c0e-4f49ef8a4610/tags HTTP/1.1" 200 25 "-" "python-urllib3/1.26.5"
10.128.0.2 - - [03/Dec/2025:22:52:44 +0000] "POST /v2.0/networks HTTP/1.1" 201 762 "-" "python-urllib3/1.26.5"
10.128.0.2 - - [03/Dec/2025:22:52:48 +0000] "GET /v2.0/routers/98fd3e75-885d-412a-9e2f-019a267d0f86 HTTP/1.1" 200 672 "-" "python-urllib3/1.26.5"
100.64.0.2 - - [03/Dec/2025:22:52:48 +0000] "GET /v2.0/ports?network_id=c899c1b0-0d25-41b2-96f1-44bb3fb30f0c&device_owner=network%3Adhcp HTTP/1.1" 200 12 "-" "python-neutronclient"
10.128.0.2 - - [03/Dec/2025:22:52:44 +0000] "POST /v2.0/subnets HTTP/1.1" 201 605 "-" "python-urllib3/1.26.5"
10.128.0.2 - - [03/Dec/2025:22:52:48 +0000] "DELETE /v2.0/ports/4aedf33f-0fcd-4770-b551-102546934816 HTTP/1.1" 204 - "-" "python-urllib3/1.26.5"
10.128.0.2 - - [03/Dec/2025:22:52:48 +0000] "PUT /v2.0/policies/ec45b906-3a1f-4702-b711-a6d7eb314c09/tags HTTP/1.1" 200 34 "-" "python-urllib3/1.26.5"
10.128.0.2 - - [03/Dec/2025:22:52:49 +0000] "GET /v2.0/ports?device_id=98fd3e75-885d-412a-9e2f-019a267d0f86 HTTP/1.1" 200 12 "-" "python-urllib3/1.26.5"
10.128.0.2 - - [03/Dec/2025:22:52:49 +0000] "PUT /v2.0/policies/94a7f450-56b4-49ed-8321-b920eb751d09/tags HTTP/1.1" 200 19 "-" "python-urllib3/1.26.5"
10.128.1.49 - - [03/Dec/2025:22:52:49 +0000] "GET /v2.0/ports?device_id=d8ea9f23-e691-45c6-bb48-6ae2a5586109 HTTP/1.1" 200 12 "-" "python-neutronclient"
100.64.0.2 - - [03/Dec/2025:22:52:49 +0000] "GET /v2.0/networks?id=558b0ff2-e36a-4113-9563-5689281631d4 HTTP/1.1" 200 693 "-" "python-neutronclient"
10.128.1.49 - - [03/Dec/2025:22:52:48 +0000] "GET /v2.0/security-groups?id=b6a7be1e-2bed-4b52-9c62-acd7f4bd9ba4&id=420f0a56-5858-4c6d-a538-cc592d477ebb&fields=id&fields=name HTTP/1.1" 200 204 "-" "python-neutronclient"
100.64.0.2 - - [03/Dec/2025:22:52:49 +0000] "GET /v2.0/networks/c899c1b0-0d25-41b2-96f1-44bb3fb30f0c?fields=segments HTTP/1.1" 200 14 "-" "python-neutronclient"
10.128.0.2 - - [03/Dec/2025:22:52:49 +0000] "POST /v2.0/networks HTTP/1.1" 201 651 "-" "python-urllib3/1.26.5"
100.64.0.2 - - [03/Dec/2025:22:52:50 +0000] "GET /v2.0/security-groups?fields=id&fields=name&tenant_id=301200c274804774ab9b73b272642d78 HTTP/1.1" 200 181 "-" "python-neutronclient"
10.128.1.49 - - [03/Dec/2025:22:52:50 +0000] "GET /v2.0/ports?device_id=999f64d3-7a1d-419e-aebc-aceb64ee58e5 HTTP/1.1" 200 1116 "-" "python-neutronclient"
100.64.0.2 - - [03/Dec/2025:22:52:50 +0000] "GET /v2.0/networks/c899c1b0-0d25-41b2-96f1-44bb3fb30f0c?fields=provider%3Aphysical_network&fields=provider%3Anetwork_type HTTP/1.1" 200 79 "-" "python-neutronclient"
10.128.1.49 - - [03/Dec/2025:22:52:50 +0000] "GET /v2.0/ports?device_id=ebe8ef45-d1b0-4c70-9cee-bf6fe0c5527a HTTP/1.1" 200 12 "-" "python-neutronclient"
10.128.0.2 - - [03/Dec/2025:22:52:49 +0000] "GET /v2.0/qos/policies?tags=red HTTP/1.1" 200 1101 "-" "python-urllib3/1.26.5"
10.128.0.2 - - [03/Dec/2025:22:52:49 +0000] "GET /v2.0/security-groups?tenant_id=4ae36d3410e048c2a90651633ac5b971&name=default HTTP/1.1" 200 2801 "-" "python-urllib3/1.26.5"
100.64.0.2 - - [03/Dec/2025:22:52:50 +0000] "POST /v2.0/ports HTTP/1.1" 201 963 "-" "python-neutronclient"
100.64.0.2 - - [03/Dec/2025:22:52:51 +0000] "GET /v2.0/ports?tenant_id=31279a5177e9407e889316d45724f66e&device_id=f2567b69-178d-4b15-ad1c-5cee17217770 HTTP/1.1" 200 1375 "-" "python-neutronclient"
10.128.1.49 - - [03/Dec/2025:22:52:51 +0000] "GET /v2.0/ports?device_id=d8ea9f23-e691-45c6-bb48-6ae2a5586109 HTTP/1.1" 200 966 "-" "python-neutronclient"
10.128.0.2 - - [03/Dec/2025:22:52:50 +0000] "POST /v2.0/subnets HTTP/1.1" 201 605 "-" "python-urllib3/1.26.5"
10.128.1.49 - - [03/Dec/2025:22:52:52 +0000] "GET /v2.0/security-groups?id=c206e108-282e-4c2a-8863-59566d82f7d8&fields=id&fields=name HTTP/1.1" 200 114 "-" "python-neutronclient"
10.128.1.49 - - [03/Dec/2025:22:52:52 +0000] "GET /v2.0/ports?device_id=ebe8ef45-d1b0-4c70-9cee-bf6fe0c5527a HTTP/1.1" 200 962 "-" "python-neutronclient"
100.64.0.2 - - [03/Dec/2025:22:52:52 +0000] "GET /v2.0/ports?device_id=f2567b69-178d-4b15-ad1c-5cee17217770 HTTP/1.1" 200 1108 "-" "python-neutronclient"
10.128.0.2 - - [03/Dec/2025:22:52:53 +0000] "GET / HTTP/1.1" 200 122 "-" "kube-probe/1.31"
10.128.0.2 - - [03/Dec/2025:22:52:53 +0000] "GET / HTTP/1.1" 200 122 "-" "kube-probe/1.31"
10.128.0.2 - - [03/Dec/2025:22:52:53 +0000] "GET / HTTP/1.1" 200 122 "-" "kube-probe/1.31"
10.128.0.2 - - [03/Dec/2025:22:52:51 +0000] "GET /v2.0/qos/policies?tags=red%2Cblue HTTP/1.1" 200 747 "-" "python-urllib3/1.26.5"
100.64.0.2 - - [03/Dec/2025:22:52:51 +0000] "GET /v2.0/networks?id=c899c1b0-0d25-41b2-96f1-44bb3fb30f0c HTTP/1.1" 200 796 "-" "python-neutronclient"
10.128.0.2 - - [03/Dec/2025:22:52:49 +0000] "DELETE /v2.0/networks/eda2b3a4-3450-4844-9d48-81edee5dcaa4 HTTP/1.1" 204 - "-" "python-urllib3/1.26.5"
10.128.1.49 - - [03/Dec/2025:22:52:53 +0000] "GET /v2.0/security-groups?id=9ae8e19e-2ba4-4f8b-890c-6a27b31cd1c5&fields=id&fields=name HTTP/1.1" 200 114 "-" "python-neutronclient"
10.128.0.2 - - [03/Dec/2025:22:52:52 +0000] "POST /v2.0/networks HTTP/1.1" 201 650 "-" "python-urllib3/1.26.5"
10.128.0.2 - - [03/Dec/2025:22:52:53 +0000] "GET /v2.0/qos/policies?tags-any=blue HTTP/1.1" 200 747 "-" "python-urllib3/1.26.5"
10.128.1.49 - - [03/Dec/2025:22:52:52 +0000] "GET /v2.0/ports?device_id=f2567b69-178d-4b15-ad1c-5cee17217770 HTTP/1.1" 200 1108 "-" "python-neutronclient"
100.64.0.2 - - [03/Dec/2025:22:52:48 +0000] "POST /v2.0/ports HTTP/1.1" 201 959 "-" "python-neutronclient"
100.64.0.2 - - [03/Dec/2025:22:52:53 +0000] "GET /v2.0/floatingips?fixed_ip_address=10.100.0.7&port_id=16b6214b-683e-4430-8107-a426cecc83e0 HTTP/1.1" 200 884 "-" "python-neutronclient"
100.64.0.2 - - [03/Dec/2025:22:52:51 +0000] "PUT /v2.0/ports/dbf1c2fa-9927-438c-9d90-32fa6289d7a5 HTTP/1.1" 200 1329 "-" "python-neutronclient"
10.128.1.49 - - [03/Dec/2025:22:52:54 +0000] "GET /v2.0/ports?device_id=d8ea9f23-e691-45c6-bb48-6ae2a5586109 HTTP/1.1" 200 1093 "-" "python-neutronclient"
100.64.0.2 - - [03/Dec/2025:22:52:53 +0000] "DELETE /v2.0/ports/16b6214b-683e-4430-8107-a426cecc83e0 HTTP/1.1" 204 - "-" "python-neutronclient"
100.64.0.2 - - [03/Dec/2025:22:52:55 +0000] "GET /v2.0/ports?tenant_id=301200c274804774ab9b73b272642d78&device_id=d8ea9f23-e691-45c6-bb48-6ae2a5586109 HTTP/1.1" 200 1360 "-" "python-neutronclient"
10.128.1.49 - - [03/Dec/2025:22:52:53 +0000] "GET /v2.0/security-groups?id=d1185e45-f1f9-4194-b4ef-e4297b6a5f2e&fields=id&fields=name HTTP/1.1" 200 113 "-" "python-neutronclient"
10.128.1.49 - - [03/Dec/2025:22:52:55 +0000] "GET /v2.0/security-groups?id=c206e108-282e-4c2a-8863-59566d82f7d8&fields=id&fields=name HTTP/1.1" 200 114 "-" "python-neutronclient"
10.128.0.2 - - [03/Dec/2025:22:52:54 +0000] "GET /v2.0/security-groups?tenant_id=fc87fb9d2e854521ac7a3b6f2f3f2957&name=default HTTP/1.1" 200 2801 "-" "python-urllib3/1.26.5"
100.64.0.2 - - [03/Dec/2025:22:52:55 +0000] "GET /v2.0/floatingips?fixed_ip_address=10.100.0.11&port_id=dbf1c2fa-9927-438c-9d90-32fa6289d7a5 HTTP/1.1" 200 19 "-" "python-neutronclient"
10.128.0.2 - - [03/Dec/2025:22:52:51 +0000] "DELETE /v2.0/security-groups/76441c96-307b-482a-b4b9-a1a0ad7c477e HTTP/1.1" 204 - "-" "python-urllib3/1.26.5"
100.64.0.2 - - [03/Dec/2025:22:52:55 +0000] "GET /v2.0/subnets?id=12eb8912-d7ad-4e5d-8947-081ff92d1f04 HTTP/1.1" 200 678 "-" "python-neutronclient"
10.128.0.2 - - [03/Dec/2025:22:52:53 +0000] "GET /v2.0/qos/policies?tags-any=red%2Cblue HTTP/1.1" 200 1101 "-" "python-urllib3/1.26.5"
100.64.0.2 - - [03/Dec/2025:22:52:56 +0000] "GET /v2.0/subnets?id=9dac1279-2146-4744-8515-98c341086635 HTTP/1.1" 200 674 "-" "python-neutronclient"
10.128.0.2 - - [03/Dec/2025:22:52:56 +0000] "DELETE /v2.0/security-groups/d6c4751c-9e1d-48d1-a5cd-3b84817a19ec HTTP/1.1" 204 - "-" "python-urllib3/1.26.5"
10.128.0.2 - - [03/Dec/2025:22:52:56 +0000] "GET /v2.0/qos/policies?not-tags=red HTTP/1.1" 200 719 "-" "python-urllib3/1.26.5"
10.128.0.2 - - [03/Dec/2025:22:52:48 +0000] "POST /v2.0/subnets HTTP/1.1" 201 663 "-" "python-urllib3/1.26.5"
10.128.0.2 - - [03/Dec/2025:22:52:51 +0000] "PUT /v2.0/floatingips/1141496c-a34e-49d3-81ea-311a57b5848d HTTP/1.1" 200 882 "-" "python-urllib3/1.26.5"
10.128.0.2 - - [03/Dec/2025:22:52:49 +0000] "DELETE /v2.0/routers/98fd3e75-885d-412a-9e2f-019a267d0f86 HTTP/1.1" 204 - "-" "python-urllib3/1.26.5"
100.64.0.2 - - [03/Dec/2025:22:52:56 +0000] "GET /v2.0/ports?network_id=558b0ff2-e36a-4113-9563-5689281631d4&device_owner=network%3Adhcp HTTP/1.1" 200 12 "-" "python-neutronclient"
10.128.0.2 - - [03/Dec/2025:22:52:54 +0000] "GET /v2.0/security-groups?tenant_id=dda3dcd919224d45b869584c36cd68dc&name=default HTTP/1.1" 200 2801 "-" "python-urllib3/1.26.5"
10.128.0.2 - - [03/Dec/2025:22:52:57 +0000] "GET /v2.0/ports?device_id=98fd3e75-885d-412a-9e2f-019a267d0f86 HTTP/1.1" 200 12 "-" "python-urllib3/1.26.5"
10.128.0.2 - - [03/Dec/2025:22:52:56 +0000] "GET /v2.0/qos/policies?not-tags=red%2Cblue HTTP/1.1" 200 1073 "-" "python-urllib3/1.26.5"
100.64.0.2 - - [03/Dec/2025:22:52:56 +0000] "GET /v2.0/ports?network_id=c899c1b0-0d25-41b2-96f1-44bb3fb30f0c&device_owner=network%3Adhcp HTTP/1.1" 200 12 "-" "python-neutronclient"
100.64.0.2 - - [03/Dec/2025:22:52:57 +0000] "GET /v2.0/networks/558b0ff2-e36a-4113-9563-5689281631d4?fields=segments HTTP/1.1" 200 14 "-" "python-neutronclient"
10.128.0.2 - - [03/Dec/2025:22:52:57 +0000] "GET /v2.0/qos/policies?not-tags-any=blue HTTP/1.1" 200 1073 "-" "python-urllib3/1.26.5"
10.128.1.49 - - [03/Dec/2025:22:52:56 +0000] "GET /v2.0/ports?device_id=ebe8ef45-d1b0-4c70-9cee-bf6fe0c5527a HTTP/1.1" 200 962 "-" "python-neutronclient"
10.128.0.2 - - [03/Dec/2025:22:52:57 +0000] "DELETE /v2.0/routers/98fd3e75-885d-412a-9e2f-019a267d0f86 HTTP/1.1" 404 135 "-" "python-urllib3/1.26.5"
10.128.0.2 - - [03/Dec/2025:22:52:57 +0000] "GET /v2.0/qos/policies?not-tags-any=red%2Cblue HTTP/1.1" 200 719 "-" "python-urllib3/1.26.5"
100.64.0.2 - - [03/Dec/2025:22:52:57 +0000] "GET /v2.0/networks/558b0ff2-e36a-4113-9563-5689281631d4?fields=provider%3Aphysical_network&fields=provider%3Anetwork_type HTTP/1.1" 200 79 "-" "python-neutronclient"
10.128.0.2 - - [03/Dec/2025:22:52:58 +0000] "GET /v2.0/ports?device_id=cdffe23f-e642-47b9-87f5-61ba537eb3b4 HTTP/1.1" 200 12 "-" "python-urllib3/1.26.5"
10.128.0.2 - - [03/Dec/2025:22:52:58 +0000] "DELETE /v2.0/routers/cdffe23f-e642-47b9-87f5-61ba537eb3b4 HTTP/1.1" 404 135 "-" "python-urllib3/1.26.5"
100.64.0.2 - - [03/Dec/2025:22:52:58 +0000] "GET /v2.0/ports?tenant_id=301200c274804774ab9b73b272642d78&device_id=d8ea9f23-e691-45c6-bb48-6ae2a5586109 HTTP/1.1" 200 1360 "-" "python-neutronclient"
10.128.0.2 - - [03/Dec/2025:22:52:58 +0000] "DELETE /v2.0/subnets/d0ac54a8-345c-4162-ab8f-66f3065eda9e HTTP/1.1" 404 136 "-" "python-urllib3/1.26.5"
10.128.0.2 - - [03/Dec/2025:22:52:58 +0000] "GET /v2.0/ports?device_id=27c28cef-07b3-458f-a73a-ec1cf0a6e8a5 HTTP/1.1" 200 12 "-" "python-urllib3/1.26.5"
10.128.0.2 - - [03/Dec/2025:22:52:58 +0000] "DELETE /v2.0/routers/27c28cef-07b3-458f-a73a-ec1cf0a6e8a5 HTTP/1.1" 404 135 "-" "python-urllib3/1.26.5"
100.64.0.2 - - [03/Dec/2025:22:52:57 +0000] "GET /v2.0/networks/c899c1b0-0d25-41b2-96f1-44bb3fb30f0c?fields=segments HTTP/1.1" 200 14 "-" "python-neutronclient"
100.64.0.2 - - [03/Dec/2025:22:52:58 +0000] "GET /v2.0/networks?id=558b0ff2-e36a-4113-9563-5689281631d4 HTTP/1.1" 200 792 "-" "python-neutronclient"
10.128.0.2 - - [03/Dec/2025:22:52:59 +0000] "DELETE /v2.0/subnets/c8c44af9-5c88-4f88-b386-e8ea377bdaaa HTTP/1.1" 404 136 "-" "python-urllib3/1.26.5"
10.128.1.49 - - [03/Dec/2025:22:52:58 +0000] "GET /v2.0/security-groups?id=9ae8e19e-2ba4-4f8b-890c-6a27b31cd1c5&fields=id&fields=name HTTP/1.1" 200 114 "-" "python-neutronclient"
10.128.1.49 - - [03/Dec/2025:22:52:57 +0000] "GET /v2.0/ports?device_id=d8ea9f23-e691-45c6-bb48-6ae2a5586109 HTTP/1.1" 200 1093 "-" "python-neutronclient"
10.128.0.2 - - [03/Dec/2025:22:52:58 +0000] "DELETE /v2.0/qos/policies/5805d448-cbc3-4fab-bdc2-8beb70bb0dd6 HTTP/1.1" 204 - "-" "python-urllib3/1.26.5"
100.64.0.2 - - [03/Dec/2025:22:52:59 +0000] "GET /v2.0/networks/c899c1b0-0d25-41b2-96f1-44bb3fb30f0c?fields=provider%3Aphysical_network&fields=provider%3Anetwork_type HTTP/1.1" 200 79 "-" "python-neutronclient"
10.128.0.2 - - [03/Dec/2025:22:52:59 +0000] "GET /v2.0/ports?device_id=8fbd3b5c-0986-4970-8175-6033d3d59851 HTTP/1.1" 200 12 "-" "python-urllib3/1.26.5"
100.64.0.2 - - [03/Dec/2025:22:52:59 +0000] "GET /v2.0/floatingips?fixed_ip_address=10.100.0.11&port_id=dbf1c2fa-9927-438c-9d90-32fa6289d7a5 HTTP/1.1" 200 19 "-" "python-neutronclient"
10.128.0.2 - - [03/Dec/2025:22:52:59 +0000] "DELETE /v2.0/routers/8fbd3b5c-0986-4970-8175-6033d3d59851 HTTP/1.1" 404 135 "-" "python-urllib3/1.26.5"
100.64.0.2 - - [03/Dec/2025:22:53:00 +0000] "GET /v2.0/ports?tenant_id=d3ff56c71f1d42848827b88e690b6147&device_id=999f64d3-7a1d-419e-aebc-aceb64ee58e5 HTTP/1.1" 200 1383 "-" "python-neutronclient"
10.128.0.2 - - [03/Dec/2025:22:53:00 +0000] "DELETE /v2.0/subnets/02a70f99-034a-472f-8856-02c954c0d640 HTTP/1.1" 404 136 "-" "python-urllib3/1.26.5"
10.128.0.2 - - [03/Dec/2025:22:52:59 +0000] "GET /v2.0/security-groups?tenant_id=839817f089914b35a0a9bbc0314a900a&name=default HTTP/1.1" 200 2801 "-" "python-urllib3/1.26.5"
10.128.0.2 - - [03/Dec/2025:22:52:57 +0000] "GET /v2.0/security-groups?tenant_id=e74ea7b8a674449db8848a81a3350002&name=default HTTP/1.1" 200 2801 "-" "python-urllib3/1.26.5"
10.128.1.49 - - [03/Dec/2025:22:52:59 +0000] "GET /v2.0/security-groups?id=c206e108-282e-4c2a-8863-59566d82f7d8&fields=id&fields=name HTTP/1.1" 200 114 "-" "python-neutronclient"
100.64.0.2 - - [03/Dec/2025:22:52:59 +0000] "GET /v2.0/subnets?id=9dac1279-2146-4744-8515-98c341086635 HTTP/1.1" 200 674 "-" "python-neutronclient"
10.128.0.2 - - [03/Dec/2025:22:53:00 +0000] "DELETE /v2.0/subnets/f598be67-3b1f-476e-8176-bdf14f346844 HTTP/1.1" 404 136 "-" "python-urllib3/1.26.5"
10.128.0.2 - - [03/Dec/2025:22:52:59 +0000] "DELETE /v2.0/qos/policies/4e4b64e9-db3f-42c0-8c0e-4f49ef8a4610 HTTP/1.1" 204 - "-" "python-urllib3/1.26.5"
100.64.0.2 - - [03/Dec/2025:22:53:00 +0000] "GET /v2.0/networks?id=4af383e5-7bc4-47ce-b535-261eb791592c HTTP/1.1" 200 785 "-" "python-neutronclient"
10.128.0.2 - - [03/Dec/2025:22:52:57 +0000] "DELETE /v2.0/security-groups/aff3adcc-aa6e-4a00-9e93-780b1bdd192a HTTP/1.1" 204 - "-" "python-urllib3/1.26.5"
10.128.0.2 - - [03/Dec/2025:22:53:00 +0000] "DELETE /v2.0/qos/policies/ec45b906-3a1f-4702-b711-a6d7eb314c09 HTTP/1.1" 204 - "-" "python-urllib3/1.26.5"
100.64.0.2 - - [03/Dec/2025:22:52:54 +0000] "PUT /v2.0/ports/40701158-5f34-4ba8-b0b8-098ed34493e0 HTTP/1.1" 200 1321 "-" "python-neutronclient"
10.128.0.2 - - [03/Dec/2025:22:53:00 +0000] "DELETE /v2.0/security-groups/ea4494f5-3a70-4411-adf3-df1f5a93b890 HTTP/1.1" 204 - "-" "python-urllib3/1.26.5"
10.128.0.2 - - [03/Dec/2025:22:52:59 +0000] "DELETE /v2.0/security-groups/d1185e45-f1f9-4194-b4ef-e4297b6a5f2e HTTP/1.1" 204 - "-" "python-urllib3/1.26.5"
10.128.0.2 - - [03/Dec/2025:22:52:53 +0000] "POST /v2.0/subnets HTTP/1.1" 201 605 "-" "python-urllib3/1.26.5"
10.128.0.2 - - [03/Dec/2025:22:53:00 +0000] "DELETE /v2.0/qos/policies/94a7f450-56b4-49ed-8321-b920eb751d09 HTTP/1.1" 204 - "-" "python-urllib3/1.26.5"
100.64.0.2 - - [03/Dec/2025:22:53:00 +0000] "GET /v2.0/floatingips?fixed_ip_address=10.100.0.10&port_id=6af81eca-2b35-43a5-bc25-90badeffdf11 HTTP/1.1" 200 887 "-" "python-neutronclient"
100.64.0.2 - - [03/Dec/2025:22:53:00 +0000] "GET /v2.0/ports?network_id=558b0ff2-e36a-4113-9563-5689281631d4&device_owner=network%3Adhcp HTTP/1.1" 200 12 "-" "python-neutronclient"
10.128.0.2 - - [03/Dec/2025:22:53:00 +0000] "DELETE /v2.0/security-groups/e89c2512-829b-41cb-a4cf-8fcacf006020 HTTP/1.1" 204 - "-" "python-urllib3/1.26.5"
10.128.1.49 - - [03/Dec/2025:22:53:00 +0000] "GET /v2.0/ports?device_id=ebe8ef45-d1b0-4c70-9cee-bf6fe0c5527a HTTP/1.1" 200 1085 "-" "python-neutronclient"
10.128.0.2 - - [03/Dec/2025:22:53:01 +0000] "GET /v2.0/security-groups/d1185e45-f1f9-4194-b4ef-e4297b6a5f2e HTTP/1.1" 404 146 "-" "python-urllib3/1.26.5"
10.128.0.2 - - [03/Dec/2025:22:53:01 +0000] "DELETE /v2.0/qos/policies/80bca14e-bd49-4197-b594-46778123a8d3 HTTP/1.1" 204 - "-" "python-urllib3/1.26.5"
100.64.0.2 - - [03/Dec/2025:22:53:01 +0000] "GET /v2.0/ports?tenant_id=17740b1ad7584f87b4eeaf23296856e6&device_id=ebe8ef45-d1b0-4c70-9cee-bf6fe0c5527a HTTP/1.1" 200 1352 "-" "python-neutronclient"
10.128.0.2 - - [03/Dec/2025:22:53:01 +0000] "GET /v2.0/security-groups?tenant_id=c19438a71e444d29b102c6bb27b31216&name=default HTTP/1.1" 200 2801 "-" "python-urllib3/1.26.5"
100.64.0.2 - - [03/Dec/2025:22:53:01 +0000] "GET /v2.0/subnets?id=19ce4958-24cc-4651-a739-581ceba5a3f7 HTTP/1.1" 200 667 "-" "python-neutronclient"
10.128.1.49 - - [03/Dec/2025:22:53:01 +0000] "GET /v2.0/security-groups?id=9ae8e19e-2ba4-4f8b-890c-6a27b31cd1c5&fields=id&fields=name HTTP/1.1" 200 114 "-" "python-neutronclient"
100.64.0.2 - - [03/Dec/2025:22:53:01 +0000] "GET /v2.0/ports?device_id=d8ea9f23-e691-45c6-bb48-6ae2a5586109 HTTP/1.1" 200 1360 "-" "python-neutronclient"
10.128.0.2 - - [03/Dec/2025:22:53:01 +0000] "POST /v2.0/networks HTTP/1.1" 201 651 "-" "python-urllib3/1.26.5"
100.64.0.2 - - [03/Dec/2025:22:53:02 +0000] "GET /v2.0/ports?network_id=4af383e5-7bc4-47ce-b535-261eb791592c&device_owner=network%3Adhcp HTTP/1.1" 200 12 "-" "python-neutronclient"
100.64.0.2 - - [03/Dec/2025:22:53:01 +0000] "GET /v2.0/networks/558b0ff2-e36a-4113-9563-5689281631d4?fields=segments HTTP/1.1" 200 14 "-" "python-neutronclient"
10.128.1.49 - - [03/Dec/2025:22:53:01 +0000] "GET /v2.0/ports?device_id=d8ea9f23-e691-45c6-bb48-6ae2a5586109 HTTP/1.1" 200 1093 "-" "python-neutronclient"
100.64.0.2 - - [03/Dec/2025:22:53:01 +0000] "GET /v2.0/floatingips?fixed_ip_address=10.100.0.4&port_id=40701158-5f34-4ba8-b0b8-098ed34493e0 HTTP/1.1" 200 19 "-" "python-neutronclient"
100.64.0.2 - - [03/Dec/2025:22:53:02 +0000] "GET /v2.0/security-groups?id=c206e108-282e-4c2a-8863-59566d82f7d8&fields=id&fields=name HTTP/1.1" 200 114 "-" "python-neutronclient"
100.64.0.2 - - [03/Dec/2025:22:53:02 +0000] "GET /v2.0/networks/4af383e5-7bc4-47ce-b535-261eb791592c?fields=segments HTTP/1.1" 200 14 "-" "python-neutronclient"
100.64.0.2 - - [03/Dec/2025:22:53:02 +0000] "GET /v2.0/networks/558b0ff2-e36a-4113-9563-5689281631d4?fields=provider%3Aphysical_network&fields=provider%3Anetwork_type HTTP/1.1" 200 79 "-" "python-neutronclient"
10.128.0.2 - - [03/Dec/2025:22:53:01 +0000] "GET /v2.0/security-groups?tenant_id=9f5ae97d4aec4edd8fe6601dc8edca08&name=default HTTP/1.1" 200 2801 "-" "python-urllib3/1.26.5"
10.128.1.49 - - [03/Dec/2025:22:53:03 +0000] "GET /v2.0/security-groups?id=c206e108-282e-4c2a-8863-59566d82f7d8&fields=id&fields=name HTTP/1.1" 200 114 "-" "python-neutronclient"
100.64.0.2 - - [03/Dec/2025:22:53:03 +0000] "GET /v2.0/subnets?id=3e9c915f-1013-498a-bab1-757e08d6eaa6 HTTP/1.1" 200 670 "-" "python-neutronclient"
10.128.0.2 - - [03/Dec/2025:22:53:01 +0000] "DELETE /v2.0/security-groups/b6a38062-d524-49d1-9e18-bcfb0bdf780d HTTP/1.1" 204 - "-" "python-urllib3/1.26.5"
10.128.0.2 - - [03/Dec/2025:22:53:01 +0000] "DELETE /v2.0/floatingips/5c1fd9f5-6cca-4996-939d-096e3625b2ff HTTP/1.1" 204 - "-" "python-urllib3/1.26.5"
10.128.1.49 - - [03/Dec/2025:22:53:03 +0000] "GET /v2.0/ports?device_id=ebe8ef45-d1b0-4c70-9cee-bf6fe0c5527a HTTP/1.1" 200 1085 "-" "python-neutronclient"
100.64.0.2 - - [03/Dec/2025:22:53:03 +0000] "GET /v2.0/networks/4af383e5-7bc4-47ce-b535-261eb791592c?fields=provider%3Aphysical_network&fields=provider%3Anetwork_type HTTP/1.1" 200 79 "-" "python-neutronclient"
10.128.0.2 - - [03/Dec/2025:22:52:57 +0000] "POST /v2.0/routers HTTP/1.1" 201 670 "-" "python-urllib3/1.26.5"
10.128.0.2 - - [03/Dec/2025:22:53:02 +0000] "POST /v2.0/subnets HTTP/1.1" 201 605 "-" "python-urllib3/1.26.5"
10.128.0.2 - - [03/Dec/2025:22:53:03 +0000] "GET /v2.0/security-groups?tenant_id=7f4636e2f5f24a6cb517c37ab6de6d9b&name=default HTTP/1.1" 200 2801 "-" "python-urllib3/1.26.5"
10.128.0.2 - - [03/Dec/2025:22:53:03 +0000] "DELETE /v2.0/security-groups/1308f24c-e5b3-4652-9d5e-999d02ba7a88 HTTP/1.1" 204 - "-" "python-urllib3/1.26.5"
100.64.0.2 - - [03/Dec/2025:22:53:03 +0000] "GET /v2.0/ports?network_id=681f4a6e-e786-4b61-b34c-86e17ad7d35a&device_owner=network%3Adhcp HTTP/1.1" 200 12 "-" "python-neutronclient"
10.128.0.2 - - [03/Dec/2025:22:53:04 +0000] "PUT /v2.0/subnets/5482d92f-6dab-4680-b8d0-f95df73be69c/tags HTTP/1.1" 200 17 "-" "python-urllib3/1.26.5"
10.128.1.49 - - [03/Dec/2025:22:53:04 +0000] "GET /v2.0/security-groups?id=9ae8e19e-2ba4-4f8b-890c-6a27b31cd1c5&fields=id&fields=name HTTP/1.1" 200 114 "-" "python-neutronclient"
10.128.0.2 - - [03/Dec/2025:22:53:04 +0000] "DELETE /v2.0/security-groups/74950216-de9c-4775-9e41-4e943645602b HTTP/1.1" 204 - "-" "python-urllib3/1.26.5"
100.64.0.2 - - [03/Dec/2025:22:53:04 +0000] "GET /v2.0/networks/681f4a6e-e786-4b61-b34c-86e17ad7d35a?fields=segments HTTP/1.1" 200 14 "-" "python-neutronclient"
10.128.0.2 - - [03/Dec/2025:22:53:05 +0000] "PUT /v2.0/subnets/7931835c-de3e-4e70-bbe6-e5169a5ea170/tags HTTP/1.1" 200 25 "-" "python-urllib3/1.26.5"
10.128.0.2 - - [03/Dec/2025:22:53:05 +0000] "GET /v2.0/security-groups?tenant_id=6402e5785ee74c12862ed773ab5db6c9&name=default HTTP/1.1" 200 2801 "-" "python-urllib3/1.26.5"
10.128.1.49 - - [03/Dec/2025:22:53:05 +0000] "GET /v2.0/ports?device_id=999f64d3-7a1d-419e-aebc-aceb64ee58e5 HTTP/1.1" 200 1116 "-" "python-neutronclient"
10.128.1.49 - - [03/Dec/2025:22:53:05 +0000] "GET /v2.0/ports?device_id=d8ea9f23-e691-45c6-bb48-6ae2a5586109 HTTP/1.1" 200 1095 "-" "python-neutronclient"
10.128.0.2 - - [03/Dec/2025:22:53:05 +0000] "GET /v2.0/security-groups?tenant_id=3e7bc7be4d034372941f60edf773bdef&name=default HTTP/1.1" 200 2801 "-" "python-urllib3/1.26.5"
10.128.0.2 - - [03/Dec/2025:22:53:06 +0000] "DELETE /v2.0/security-groups/4b48ce70-d5cf-4e02-93a5-fbeefef26275 HTTP/1.1" 204 - "-" "python-urllib3/1.26.5"
10.128.0.2 - - [03/Dec/2025:22:53:05 +0000] "PUT /v2.0/subnets/39708037-d666-4f02-bf53-9bdcc1df1a8f/tags HTTP/1.1" 200 34 "-" "python-urllib3/1.26.5"
10.128.1.49 - - [03/Dec/2025:22:53:06 +0000] "GET /v2.0/security-groups?id=c206e108-282e-4c2a-8863-59566d82f7d8&fields=id&fields=name HTTP/1.1" 200 114 "-" "python-neutronclient"
100.64.0.2 - - [03/Dec/2025:22:53:05 +0000] "GET /v2.0/networks/681f4a6e-e786-4b61-b34c-86e17ad7d35a?fields=provider%3Aphysical_network&fields=provider%3Anetwork_type HTTP/1.1" 200 79 "-" "python-neutronclient"
10.128.0.2 - - [03/Dec/2025:22:53:04 +0000] "POST /v2.0/networks HTTP/1.1" 201 769 "-" "python-urllib3/1.26.5"
10.128.1.49 - - [03/Dec/2025:22:53:06 +0000] "GET /v2.0/security-groups?id=420f0a56-5858-4c6d-a538-cc592d477ebb&id=b6a7be1e-2bed-4b52-9c62-acd7f4bd9ba4&fields=id&fields=name HTTP/1.1" 200 204 "-" "python-neutronclient"
10.128.0.2 - - [03/Dec/2025:22:53:07 +0000] "PUT /v2.0/subnets/7c644e0a-a2c3-4848-993c-d48465f9d98a/tags HTTP/1.1" 200 19 "-" "python-urllib3/1.26.5"
10.128.0.2 - - [03/Dec/2025:22:53:07 +0000] "GET /v2.0/ports?device_id=999f64d3-7a1d-419e-aebc-aceb64ee58e5 HTTP/1.1" 200 1383 "-" "python-urllib3/1.26.5"
100.64.0.2 - - [03/Dec/2025:22:53:07 +0000] "GET /v2.0/ports?device_id=ebe8ef45-d1b0-4c70-9cee-bf6fe0c5527a HTTP/1.1" 200 1352 "-" "python-neutronclient"
10.128.0.2 - - [03/Dec/2025:22:53:08 +0000] "GET /v2.0/floatingips?floating_network_id=028583f1-6fe0-4d55-b869-739d10dff786&port_id=6af81eca-2b35-43a5-bc25-90badeffdf11 HTTP/1.1" 200 887 "-" "python-urllib3/1.26.5"
100.64.0.2 - - [03/Dec/2025:22:53:08 +0000] "GET /v2.0/security-groups?id=9ae8e19e-2ba4-4f8b-890c-6a27b31cd1c5&fields=id&fields=name HTTP/1.1" 200 114 "-" "python-neutronclient"
100.64.0.2 - - [03/Dec/2025:22:53:07 +0000] "GET /v2.0/ports?tenant_id=17740b1ad7584f87b4eeaf23296856e6&device_id=ebe8ef45-d1b0-4c70-9cee-bf6fe0c5527a HTTP/1.1" 200 1352 "-" "python-neutronclient"
10.128.1.49 - - [03/Dec/2025:22:53:08 +0000] "GET /v2.0/ports?device_id=d8ea9f23-e691-45c6-bb48-6ae2a5586109 HTTP/1.1" 200 1095 "-" "python-neutronclient"
10.128.0.2 - - [03/Dec/2025:22:53:07 +0000] "GET /v2.0/subnets?tags=red HTTP/1.1" 200 1832 "-" "python-urllib3/1.26.5"
10.128.0.2 - - [03/Dec/2025:22:53:08 +0000] "GET /v2.0/extensions HTTP/1.1" 200 17369 "-" "python-urllib3/1.26.5"
10.128.0.2 - - [03/Dec/2025:22:53:08 +0000] "GET /v2.0/extensions/address-group HTTP/1.1" 200 159 "-" "python-urllib3/1.26.5"
10.128.0.2 - - [03/Dec/2025:22:53:08 +0000] "GET /v2.0/subnets?tags=red%2Cblue HTTP/1.1" 200 1235 "-" "python-urllib3/1.26.5"
10.128.0.2 - - [03/Dec/2025:22:53:09 +0000] "GET /v2.0/extensions/address-scope HTTP/1.1" 200 163 "-" "python-urllib3/1.26.5"
10.128.1.49 - - [03/Dec/2025:22:53:08 +0000] "GET /v2.0/ports?device_id=ebe8ef45-d1b0-4c70-9cee-bf6fe0c5527a HTTP/1.1" 200 1085 "-" "python-neutronclient"
10.128.0.2 - - [03/Dec/2025:22:53:09 +0000] "GET /v2.0/extensions/agent HTTP/1.1" 200 153 "-" "python-urllib3/1.26.5"
10.128.0.2 - - [03/Dec/2025:22:53:09 +0000] "GET /v2.0/subnets?tags-any=blue HTTP/1.1" 200 1235 "-" "python-urllib3/1.26.5"
10.128.0.2 - - [03/Dec/2025:22:53:09 +0000] "GET /v2.0/extensions/allowed-address-pairs HTTP/1.1" 200 184 "-" "python-urllib3/1.26.5"
100.64.0.2 - - [03/Dec/2025:22:53:08 +0000] "GET /v2.0/networks?id=681f4a6e-e786-4b61-b34c-86e17ad7d35a HTTP/1.1" 200 788 "-" "python-neutronclient"
10.128.0.2 - - [03/Dec/2025:22:53:09 +0000] "GET /v2.0/extensions/auto-allocated-topology HTTP/1.1" 200 200 "-" "python-urllib3/1.26.5"
10.128.1.50 - - [03/Dec/2025:22:53:09 +0000] "GET /v2.0/ports?device_id=999f64d3-7a1d-419e-aebc-aceb64ee58e5 HTTP/1.1" 200 1383 "-" "python-neutronclient"
10.128.0.2 - - [03/Dec/2025:22:53:09 +0000] "GET /v2.0/extensions/availability_zone HTTP/1.1" 200 178 "-" "python-urllib3/1.26.5"
10.128.0.2 - - [03/Dec/2025:22:53:09 +0000] "GET /v2.0/subnets?tags-any=red%2Cblue HTTP/1.1" 200 1832 "-" "python-urllib3/1.26.5"
10.128.0.2 - - [03/Dec/2025:22:53:09 +0000] "GET /v2.0/extensions/default-subnetpools HTTP/1.1" 200 211 "-" "python-urllib3/1.26.5"
10.128.0.2 - - [03/Dec/2025:22:53:09 +0000] "GET /v2.0/extensions/dhcp_agent_scheduler HTTP/1.1" 200 187 "-" "python-urllib3/1.26.5"
10.128.0.2 - - [03/Dec/2025:22:53:10 +0000] "GET /v2.0/extensions/dns-integration HTTP/1.1" 200 172 "-" "python-urllib3/1.26.5"
10.128.0.2 - - [03/Dec/2025:22:53:09 +0000] "GET /v2.0/subnets?not-tags=red HTTP/1.1" 200 1810 "-" "python-urllib3/1.26.5"
10.128.1.50 - - [03/Dec/2025:22:53:09 +0000] "GET /v2.0/security-groups?id=b6a7be1e-2bed-4b52-9c62-acd7f4bd9ba4&id=420f0a56-5858-4c6d-a538-cc592d477ebb&fields=id&fields=name HTTP/1.1" 200 204 "-" "python-neutronclient"
10.128.0.2 - - [03/Dec/2025:22:53:10 +0000] "GET /v2.0/extensions/dns-domain-ports HTTP/1.1" 200 205 "-" "python-urllib3/1.26.5"
100.64.0.2 - - [03/Dec/2025:22:53:09 +0000] "GET /v2.0/floatingips?fixed_ip_address=10.100.0.4&port_id=40701158-5f34-4ba8-b0b8-098ed34493e0 HTTP/1.1" 200 19 "-" "python-neutronclient"
10.128.1.49 - - [03/Dec/2025:22:53:09 +0000] "GET /v2.0/security-groups?id=9ae8e19e-2ba4-4f8b-890c-6a27b31cd1c5&fields=id&fields=name HTTP/1.1" 200 114 "-" "python-neutronclient"
10.128.0.2 - - [03/Dec/2025:22:53:07 +0000] "GET /v2.0/security-groups?tenant_id=e25422242e3f4e64bd4a390aef883be4&name=default HTTP/1.1" 200 2801 "-" "python-urllib3/1.26.5"
10.128.0.2 - - [03/Dec/2025:22:53:06 +0000] "DELETE /v2.0/security-groups/711b5a8c-023b-4f9d-947b-c22bfdf675b2 HTTP/1.1" 204 - "-" "python-urllib3/1.26.5"
100.64.0.2 - - [03/Dec/2025:22:53:10 +0000] "GET /v2.0/subnets?id=3e9c915f-1013-498a-bab1-757e08d6eaa6 HTTP/1.1" 200 670 "-" "python-neutronclient"
10.128.0.2 - - [03/Dec/2025:22:53:10 +0000] "GET /v2.0/subnets?not-tags=red%2Cblue HTTP/1.1" 200 2407 "-" "python-urllib3/1.26.5"
10.128.0.2 - - [03/Dec/2025:22:53:08 +0000] "PUT /v2.0/floatingips/b4fdba8f-38ff-4739-b299-1b565d9fe78f HTTP/1.1" 200 882 "-" "python-urllib3/1.26.5"
10.128.0.2 - - [03/Dec/2025:22:53:10 +0000] "GET /v2.0/extensions/dns-integration-domain-keywords HTTP/1.1" 200 283 "-" "python-urllib3/1.26.5"
10.128.0.2 - - [03/Dec/2025:22:53:11 +0000] "GET /v2.0/extensions/expose-port-forwarding-in-fip HTTP/1.1" 200 229 "-" "python-urllib3/1.26.5"
10.128.0.2 - - [03/Dec/2025:22:53:11 +0000] "GET /v2.0/extensions/external-net HTTP/1.1" 200 200 "-" "python-urllib3/1.26.5"
100.64.0.2 - - [03/Dec/2025:22:53:10 +0000] "GET /v2.0/ports?network_id=681f4a6e-e786-4b61-b34c-86e17ad7d35a&device_owner=network%3Adhcp HTTP/1.1" 200 12 "-" "python-neutronclient"
10.128.0.2 - - [03/Dec/2025:22:53:11 +0000] "GET /v2.0/subnets?not-tags-any=blue HTTP/1.1" 200 2407 "-" "python-urllib3/1.26.5"
10.128.0.2 - - [03/Dec/2025:22:53:11 +0000] "GET /v2.0/extensions/extra_dhcp_opt HTTP/1.1" 200 304 "-" "python-urllib3/1.26.5"
10.128.0.2 - - [03/Dec/2025:22:53:07 +0000] "POST /v2.0/security-groups HTTP/1.1" 201 1560 "-" "python-urllib3/1.26.5"
10.128.0.2 - - [03/Dec/2025:22:53:11 +0000] "GET /v2.0/extensions/extraroute HTTP/1.1" 200 181 "-" "python-urllib3/1.26.5"
10.128.0.2 - - [03/Dec/2025:22:53:11 +0000] "GET /v2.0/extensions/filter-validation HTTP/1.1" 200 198 "-" "python-urllib3/1.26.5"
10.128.0.2 - - [03/Dec/2025:22:53:11 +0000] "GET /v2.0/subnets?not-tags-any=red%2Cblue HTTP/1.1" 200 1810 "-" "python-urllib3/1.26.5"
10.128.0.2 - - [03/Dec/2025:22:53:11 +0000] "GET /v2.0/extensions/floating-ip-port-forwarding-description HTTP/1.1" 200 252 "-" "python-urllib3/1.26.5"
10.128.0.2 - - [03/Dec/2025:22:53:11 +0000] "GET /v2.0/extensions/floating-ip-port-forwarding-detail HTTP/1.1" 200 271 "-" "python-urllib3/1.26.5"
10.128.0.2 - - [03/Dec/2025:22:53:11 +0000] "GET /v2.0/security-groups HTTP/1.1" 200 4343 "-" "python-urllib3/1.26.5"
10.128.1.49 - - [03/Dec/2025:22:53:11 +0000] "GET /v2.0/ports?device_id=d8ea9f23-e691-45c6-bb48-6ae2a5586109 HTTP/1.1" 200 1095 "-" "python-neutronclient"
100.64.0.2 - - [03/Dec/2025:22:53:11 +0000] "GET /v2.0/networks/681f4a6e-e786-4b61-b34c-86e17ad7d35a?fields=segments HTTP/1.1" 200 14 "-" "python-neutronclient"
10.128.0.2 - - [03/Dec/2025:22:53:11 +0000] "GET /v2.0/extensions/floating-ip-port-forwarding-port-ranges HTTP/1.1" 200 223 "-" "python-urllib3/1.26.5"
10.128.0.2 - - [03/Dec/2025:22:53:12 +0000] "GET /v2.0/extensions/fip-port-details HTTP/1.1" 200 212 "-" "python-urllib3/1.26.5"
10.128.1.49 - - [03/Dec/2025:22:53:11 +0000] "GET /v2.0/ports?device_id=ebe8ef45-d1b0-4c70-9cee-bf6fe0c5527a HTTP/1.1" 200 1087 "-" "python-neutronclient"
10.128.0.2 - - [03/Dec/2025:22:53:12 +0000] "GET /v2.0/extensions/flavors HTTP/1.1" 200 193 "-" "python-urllib3/1.26.5"
10.128.0.2 - - [03/Dec/2025:22:53:10 +0000] "DELETE /v2.0/security-groups/19e4cd7e-6d64-47bf-a415-9a22359c6cef HTTP/1.1" 204 - "-" "python-urllib3/1.26.5"
10.128.0.2 - - [03/Dec/2025:22:53:12 +0000] "GET /v2.0/extensions/floating-ip-port-forwarding HTTP/1.1" 200 229 "-" "python-urllib3/1.26.5"
10.128.0.2 - - [03/Dec/2025:22:53:12 +0000] "GET /v2.0/extensions/floatingip-pools HTTP/1.1" 200 188 "-" "python-urllib3/1.26.5"
10.128.1.49 - - [03/Dec/2025:22:53:12 +0000] "GET /v2.0/security-groups?id=9ae8e19e-2ba4-4f8b-890c-6a27b31cd1c5&fields=id&fields=name HTTP/1.1" 200 114 "-" "python-neutronclient"
10.128.1.49 - - [03/Dec/2025:22:53:11 +0000] "GET /v2.0/security-groups?id=c206e108-282e-4c2a-8863-59566d82f7d8&fields=id&fields=name HTTP/1.1" 200 114 "-" "python-neutronclient"
10.128.0.2 - - [03/Dec/2025:22:53:11 +0000] "DELETE /v2.0/subnets/5482d92f-6dab-4680-b8d0-f95df73be69c HTTP/1.1" 204 - "-" "python-urllib3/1.26.5"
10.128.0.2 - - [03/Dec/2025:22:53:09 +0000] "POST /v2.0/networks HTTP/1.1" 201 650 "-" "python-urllib3/1.26.5"
100.64.0.2 - - [03/Dec/2025:22:53:12 +0000] "GET /v2.0/networks/681f4a6e-e786-4b61-b34c-86e17ad7d35a?fields=provider%3Aphysical_network&fields=provider%3Anetwork_type HTTP/1.1" 200 79 "-" "python-neutronclient"
100.64.0.2 - - [03/Dec/2025:22:53:12 +0000] "GET /v2.0/ports?tenant_id=301200c274804774ab9b73b272642d78&device_id=d8ea9f23-e691-45c6-bb48-6ae2a5586109 HTTP/1.1" 200 1362 "-" "python-neutronclient"
10.128.0.2 - - [03/Dec/2025:22:53:12 +0000] "GET /v2.0/extensions/ip_allocation HTTP/1.1" 200 162 "-" "python-urllib3/1.26.5"
10.128.0.2 - - [03/Dec/2025:22:53:11 +0000] "PUT /v2.0/security-groups/cf6a0cea-f7eb-42a9-a4ea-62a0497e24d0 HTTP/1.1" 200 1599 "-" "python-urllib3/1.26.5"
10.128.0.2 - - [03/Dec/2025:22:53:10 +0000] "GET /v2.0/security-groups?tenant_id=8aa54fd96eef422fab3d86995f70518a&name=default HTTP/1.1" 200 2801 "-" "python-urllib3/1.26.5"
10.128.0.2 - - [03/Dec/2025:22:53:13 +0000] "GET /v2.0/extensions/l2_adjacency HTTP/1.1" 200 178 "-" "python-urllib3/1.26.5"
10.128.0.2 - - [03/Dec/2025:22:53:13 +0000] "GET /v2.0/security-groups/cf6a0cea-f7eb-42a9-a4ea-62a0497e24d0 HTTP/1.1" 200 1599 "-" "python-urllib3/1.26.5"
10.128.1.49 - - [03/Dec/2025:22:53:12 +0000] "GET /v2.0/ports?device_id=ebe8ef45-d1b0-4c70-9cee-bf6fe0c5527a HTTP/1.1" 200 1087 "-" "python-neutronclient"
100.64.0.2 - - [03/Dec/2025:22:53:13 +0000] "GET /v2.0/networks?id=558b0ff2-e36a-4113-9563-5689281631d4 HTTP/1.1" 200 792 "-" "python-neutronclient"
10.128.0.2 - - [03/Dec/2025:22:53:13 +0000] "GET /v2.0/extensions/router HTTP/1.1" 200 256 "-" "python-urllib3/1.26.5"
10.128.0.2 - - [03/Dec/2025:22:53:12 +0000] "DELETE /v2.0/subnets/7931835c-de3e-4e70-bbe6-e5169a5ea170 HTTP/1.1" 204 - "-" "python-urllib3/1.26.5"
10.128.0.2 - - [03/Dec/2025:22:53:07 +0000] "POST /v2.0/subnets HTTP/1.1" 201 670 "-" "python-urllib3/1.26.5"
10.128.0.2 - - [03/Dec/2025:22:53:13 +0000] "GET /v2.0/extensions/ext-gw-mode HTTP/1.1" 200 268 "-" "python-urllib3/1.26.5"
100.64.0.2 - - [03/Dec/2025:22:53:13 +0000] "GET /v2.0/ports?device_id=999f64d3-7a1d-419e-aebc-aceb64ee58e5 HTTP/1.1" 200 1114 "-" "python-neutronclient"
10.128.1.49 - - [03/Dec/2025:22:53:13 +0000] "GET /v2.0/ports?device_id=999f64d3-7a1d-419e-aebc-aceb64ee58e5 HTTP/1.1" 200 1114 "-" "python-neutronclient"
10.128.0.2 - - [03/Dec/2025:22:53:14 +0000] "GET /v2.0/extensions/logging HTTP/1.1" 200 213 "-" "python-urllib3/1.26.5"
100.64.0.2 - - [03/Dec/2025:22:53:13 +0000] "GET /v2.0/floatingips?fixed_ip_address=10.100.0.11&port_id=dbf1c2fa-9927-438c-9d90-32fa6289d7a5 HTTP/1.1" 200 887 "-" "python-neutronclient"
10.128.0.2 - - [03/Dec/2025:22:53:12 +0000] "POST /v2.0/ports HTTP/1.1" 201 743 "-" "python-urllib3/1.26.5"
10.128.0.2 - - [03/Dec/2025:22:53:14 +0000] "GET /v2.0/extensions/multi-provider HTTP/1.1" 200 212 "-" "python-urllib3/1.26.5"
10.128.0.2 - - [03/Dec/2025:22:53:14 +0000] "GET /v2.0/extensions/net-mtu HTTP/1.1" 200 176 "-" "python-urllib3/1.26.5"
100.64.0.2 - - [03/Dec/2025:22:53:14 +0000] "GET /v2.0/subnets?id=9dac1279-2146-4744-8515-98c341086635 HTTP/1.1" 200 674 "-" "python-neutronclient"
10.128.0.2 - - [03/Dec/2025:22:53:13 +0000] "DELETE /v2.0/security-groups/cf6a0cea-f7eb-42a9-a4ea-62a0497e24d0 HTTP/1.1" 204 - "-" "python-urllib3/1.26.5"
10.128.1.49 - - [03/Dec/2025:22:53:14 +0000] "GET /v2.0/security-groups?id=b6a7be1e-2bed-4b52-9c62-acd7f4bd9ba4&id=420f0a56-5858-4c6d-a538-cc592d477ebb&fields=id&fields=name HTTP/1.1" 200 204 "-" "python-neutronclient"
10.128.0.2 - - [03/Dec/2025:22:53:14 +0000] "GET /v2.0/extensions/net-mtu-writable HTTP/1.1" 200 207 "-" "python-urllib3/1.26.5"
100.64.0.2 - - [03/Dec/2025:22:53:15 +0000] "GET /v2.0/ports?device_id=d8ea9f23-e691-45c6-bb48-6ae2a5586109 HTTP/1.1" 200 1095 "-" "python-neutronclient"
10.128.0.2 - - [03/Dec/2025:22:53:15 +0000] "GET /v2.0/extensions/network_availability_zone HTTP/1.1" 200 200 "-" "python-urllib3/1.26.5"
10.128.1.49 - - [03/Dec/2025:22:53:14 +0000] "GET /v2.0/ports?device_id=d8ea9f23-e691-45c6-bb48-6ae2a5586109 HTTP/1.1" 200 1095 "-" "python-neutronclient"
100.64.0.2 - - [03/Dec/2025:22:53:14 +0000] "GET /v2.0/ports?network_id=558b0ff2-e36a-4113-9563-5689281631d4&device_owner=network%3Adhcp HTTP/1.1" 200 12 "-" "python-neutronclient"
10.128.0.2 - - [03/Dec/2025:22:53:13 +0000] "DELETE /v2.0/security-groups/581bf1bc-3a5c-4675-b622-7e24a740f8ea HTTP/1.1" 204 - "-" "python-urllib3/1.26.5"
10.128.0.2 - - [03/Dec/2025:22:53:15 +0000] "GET /v2.0/extensions/network-ip-availability HTTP/1.1" 200 216 "-" "python-urllib3/1.26.5"
10.128.0.2 - - [03/Dec/2025:22:53:14 +0000] "GET /v2.0/security-groups HTTP/1.1" 200 2801 "-" "python-urllib3/1.26.5"
10.128.0.2 - - [03/Dec/2025:22:53:13 +0000] "DELETE /v2.0/subnets/39708037-d666-4f02-bf53-9bdcc1df1a8f HTTP/1.1" 204 - "-" "python-urllib3/1.26.5"
10.128.0.2 - - [03/Dec/2025:22:53:15 +0000] "GET /v2.0/extensions/pagination HTTP/1.1" 200 192 "-" "python-urllib3/1.26.5"
10.128.1.49 - - [03/Dec/2025:22:53:15 +0000] "GET /v2.0/security-groups?id=c206e108-282e-4c2a-8863-59566d82f7d8&fields=id&fields=name HTTP/1.1" 200 114 "-" "python-neutronclient"
100.64.0.2 - - [03/Dec/2025:22:53:15 +0000] "GET /v2.0/networks/558b0ff2-e36a-4113-9563-5689281631d4?fields=segments HTTP/1.1" 200 14 "-" "python-neutronclient"
10.128.0.2 - - [03/Dec/2025:22:53:15 +0000] "DELETE /v2.0/security-groups/cf6a0cea-f7eb-42a9-a4ea-62a0497e24d0 HTTP/1.1" 404 146 "-" "python-urllib3/1.26.5"
10.128.0.2 - - [03/Dec/2025:22:53:16 +0000] "GET /v2.0/extensions/port-device-profile HTTP/1.1" 200 189 "-" "python-urllib3/1.26.5"
10.128.0.2 - - [03/Dec/2025:22:53:16 +0000] "GET /v2.0/extensions/port-mac-address-regenerate HTTP/1.1" 200 209 "-" "python-urllib3/1.26.5"
10.128.0.2 - - [03/Dec/2025:22:53:16 +0000] "GET /v2.0/extensions/port-numa-affinity-policy HTTP/1.1" 200 198 "-" "python-urllib3/1.26.5"
10.128.1.49 - - [03/Dec/2025:22:53:16 +0000] "GET /v2.0/ports?device_id=999f64d3-7a1d-419e-aebc-aceb64ee58e5 HTTP/1.1" 200 1116 "-" "python-neutronclient"
100.64.0.2 - - [03/Dec/2025:22:53:16 +0000] "GET /v2.0/networks/558b0ff2-e36a-4113-9563-5689281631d4?fields=provider%3Aphysical_network&fields=provider%3Anetwork_type HTTP/1.1" 200 79 "-" "python-neutronclient"
10.128.0.2 - - [03/Dec/2025:22:53:14 +0000] "POST /v2.0/trunks HTTP/1.1" 201 409 "-" "python-urllib3/1.26.5"
10.128.0.2 - - [03/Dec/2025:22:53:16 +0000] "GET /v2.0/extensions/port-resource-request HTTP/1.1" 200 185 "-" "python-urllib3/1.26.5"
10.128.0.2 - - [03/Dec/2025:22:53:17 +0000] "GET /v2.0/extensions/port-resource-request-groups HTTP/1.1" 200 271 "-" "python-urllib3/1.26.5"
10.128.0.2 - - [03/Dec/2025:22:53:15 +0000] "DELETE /v2.0/subnets/7c644e0a-a2c3-4848-993c-d48465f9d98a HTTP/1.1" 204 - "-" "python-urllib3/1.26.5"
10.128.1.49 - - [03/Dec/2025:22:53:16 +0000] "GET /v2.0/security-groups?id=b6a7be1e-2bed-4b52-9c62-acd7f4bd9ba4&id=420f0a56-5858-4c6d-a538-cc592d477ebb&fields=id&fields=name HTTP/1.1" 200 204 "-" "python-neutronclient"
10.128.0.2 - - [03/Dec/2025:22:53:17 +0000] "GET /v2.0/extensions/binding HTTP/1.1" 200 193 "-" "python-urllib3/1.26.5"
10.128.0.2 - - [03/Dec/2025:22:53:16 +0000] "POST /v2.0/security-groups HTTP/1.1" 201 1561 "-" "python-urllib3/1.26.5"
10.128.0.2 - - [03/Dec/2025:22:53:17 +0000] "GET /v2.0/extensions/binding-extended HTTP/1.1" 200 212 "-" "python-urllib3/1.26.5"
10.128.0.2 - - [03/Dec/2025:22:53:17 +0000] "GET /v2.0/extensions/port-security HTTP/1.1" 200 160 "-" "python-urllib3/1.26.5"
10.128.0.2 - - [03/Dec/2025:22:53:17 +0000] "GET /v2.0/extensions/project-id HTTP/1.1" 200 204 "-" "python-urllib3/1.26.5"
10.128.0.2 - - [03/Dec/2025:22:53:13 +0000] "PUT /v2.0/floatingips/d6dbbde9-49b3-472b-ab47-b321eebb7b37 HTTP/1.1" 200 881 "-" "python-urllib3/1.26.5"
10.128.0.2 - - [03/Dec/2025:22:53:18 +0000] "GET /v2.0/extensions/provider HTTP/1.1" 200 191 "-" "python-urllib3/1.26.5"
10.128.0.2 - - [03/Dec/2025:22:53:17 +0000] "DELETE /v2.0/subnets/dc261111-1faa-4e4a-8a17-52bbec655af3 HTTP/1.1" 204 - "-" "python-urllib3/1.26.5"
10.128.0.2 - - [03/Dec/2025:22:53:18 +0000] "GET /v2.0/extensions/qos HTTP/1.1" 200 166 "-" "python-urllib3/1.26.5"
