10.128.0.2 - - [03/Dec/2025:22:54:10 +0000] "GET /v2.0/security-groups?tenant_id=9e39f529b7be4d20a35fb40e772872cb&name=default HTTP/1.1" 200 2801 "-" "python-urllib3/1.26.5"
10.128.0.2 - - [03/Dec/2025:22:54:10 +0000] "DELETE /v2.0/security-groups/6c29cb2c-ad09-4611-99f5-75d207464ec4 HTTP/1.1" 204 - "-" "python-urllib3/1.26.5"
10.128.0.2 - - [03/Dec/2025:22:54:08 +0000] "DELETE /v2.0/security-groups/33f05871-6a11-4947-8524-e097a4298fec HTTP/1.1" 204 - "-" "python-urllib3/1.26.5"
10.128.0.2 - - [03/Dec/2025:22:54:10 +0000] "DELETE /v2.0/security-groups/8a8da767-8ddb-4f65-92b2-87b68b9fc879 HTTP/1.1" 204 - "-" "python-urllib3/1.26.5"
10.128.0.2 - - [03/Dec/2025:22:54:11 +0000] "GET /v2.0/security-groups?tenant_id=664b62fdebe0449cb155355357829f76&name=default HTTP/1.1" 200 2801 "-" "python-urllib3/1.26.5"
10.128.0.2 - - [03/Dec/2025:22:54:00 +0000] "PUT /v2.0/routers/952055cd-3cb9-432c-8df7-50b116e37775/add_router_interface HTTP/1.1" 200 309 "-" "python-urllib3/1.26.5"
10.128.0.2 - - [03/Dec/2025:22:54:07 +0000] "POST /v2.0/subnets HTTP/1.1" 201 623 "-" "python-urllib3/1.26.5"
10.128.0.2 - - [03/Dec/2025:22:54:12 +0000] "POST /v2.0/rbac-policies HTTP/1.1" 400 547 "-" "python-urllib3/1.26.5"
10.128.0.2 - - [03/Dec/2025:22:54:11 +0000] "POST /v2.0/networks HTTP/1.1" 201 764 "-" "python-urllib3/1.26.5"
10.128.0.2 - - [03/Dec/2025:22:54:11 +0000] "DELETE /v2.0/security-groups/c5e7961c-be78-4013-a0d4-e80365aaf989 HTTP/1.1" 204 - "-" "python-urllib3/1.26.5"
10.128.0.2 - - [03/Dec/2025:22:54:12 +0000] "POST /v2.0/subnets HTTP/1.1" 201 665 "-" "python-urllib3/1.26.5"
10.128.0.2 - - [03/Dec/2025:22:54:03 +0000] "PUT /v2.0/routers/73cb3762-916c-4649-8c59-b598b32f9136/add_router_interface HTTP/1.1" 200 309 "-" "python-urllib3/1.26.5"
10.128.0.2 - - [03/Dec/2025:22:54:12 +0000] "DELETE /v2.0/networks/ed5b7199-5701-4b05-942b-9679d5294c7a HTTP/1.1" 204 - "-" "python-urllib3/1.26.5"
10.128.1.49 - - [03/Dec/2025:22:54:14 +0000] "GET /v2.0/networks?id=7a6eac16-a0e0-4de2-919d-9c5a3bd2a5fa HTTP/1.1" 200 690 "-" "python-neutronclient"
10.128.0.2 - - [03/Dec/2025:22:54:14 +0000] "POST /v2.0/networks HTTP/1.1" 201 748 "-" "python-urllib3/1.26.5"
10.128.1.49 - - [03/Dec/2025:22:54:14 +0000] "GET /v2.0/quotas/f547c1443c8f4b8da2819942b61ea044 HTTP/1.1" 200 187 "-" "python-neutronclient"
10.128.1.49 - - [03/Dec/2025:22:54:15 +0000] "GET /v2.0/ports?tenant_id=f547c1443c8f4b8da2819942b61ea044&fields=id HTTP/1.1" 200 103 "-" "python-neutronclient"
10.128.0.2 - - [03/Dec/2025:22:54:13 +0000] "POST /v2.0/networks HTTP/1.1" 201 769 "-" "python-urllib3/1.26.5"
10.128.1.49 - - [03/Dec/2025:22:54:16 +0000] "GET /v2.0/networks?id=6ae5f7d9-52c9-4659-a4cd-19b68c572270 HTTP/1.1" 200 692 "-" "python-neutronclient"
10.128.1.49 - - [03/Dec/2025:22:54:16 +0000] "GET /v2.0/networks/7a6eac16-a0e0-4de2-919d-9c5a3bd2a5fa?fields=segments HTTP/1.1" 200 14 "-" "python-neutronclient"
10.128.0.2 - - [03/Dec/2025:22:54:15 +0000] "POST /v2.0/networks HTTP/1.1" 201 760 "-" "python-urllib3/1.26.5"
10.128.1.49 - - [03/Dec/2025:22:54:16 +0000] "GET /v2.0/quotas/81805fcc94854ba6997bebb34be6a5db HTTP/1.1" 200 187 "-" "python-neutronclient"
10.128.1.49 - - [03/Dec/2025:22:54:17 +0000] "GET /v2.0/networks/7a6eac16-a0e0-4de2-919d-9c5a3bd2a5fa?fields=provider%3Aphysical_network&fields=provider%3Anetwork_type HTTP/1.1" 200 79 "-" "python-neutronclient"
10.128.1.49 - - [03/Dec/2025:22:54:17 +0000] "GET /v2.0/ports?tenant_id=81805fcc94854ba6997bebb34be6a5db&fields=id HTTP/1.1" 200 103 "-" "python-neutronclient"
10.128.1.51 - - [03/Dec/2025:22:54:17 +0000] "GET /v2.0/extensions HTTP/1.1" 200 17369 "-" "python-neutronclient"
10.128.1.49 - - [03/Dec/2025:22:54:17 +0000] "GET /v2.0/ports?device_id=ebe8ef45-d1b0-4c70-9cee-bf6fe0c5527a HTTP/1.1" 200 1087 "-" "python-neutronclient"
10.128.1.51 - - [03/Dec/2025:22:54:18 +0000] "GET /v2.0/subnets?network_id=7a6eac16-a0e0-4de2-919d-9c5a3bd2a5fa&fields=segment_id HTTP/1.1" 200 33 "-" "python-neutronclient"
10.128.1.49 - - [03/Dec/2025:22:54:18 +0000] "GET /v2.0/networks/6ae5f7d9-52c9-4659-a4cd-19b68c572270?fields=segments HTTP/1.1" 200 14 "-" "python-neutronclient"
10.128.0.2 - - [03/Dec/2025:22:54:16 +0000] "POST /v2.0/subnets HTTP/1.1" 201 670 "-" "python-urllib3/1.26.5"
10.128.1.49 - - [03/Dec/2025:22:54:18 +0000] "GET /v2.0/security-groups?id=9ae8e19e-2ba4-4f8b-890c-6a27b31cd1c5&fields=id&fields=name HTTP/1.1" 200 114 "-" "python-neutronclient"
10.128.0.2 - - [03/Dec/2025:22:54:13 +0000] "POST /v2.0/routers HTTP/1.1" 201 672 "-" "python-urllib3/1.26.5"
10.128.1.49 - - [03/Dec/2025:22:54:18 +0000] "GET /v2.0/networks/6ae5f7d9-52c9-4659-a4cd-19b68c572270?fields=provider%3Aphysical_network&fields=provider%3Anetwork_type HTTP/1.1" 200 79 "-" "python-neutronclient"
10.128.0.2 - - [03/Dec/2025:22:54:17 +0000] "POST /v2.0/subnets HTTP/1.1" 201 661 "-" "python-urllib3/1.26.5"
10.128.0.2 - - [03/Dec/2025:22:54:16 +0000] "POST /v2.0/floatingips HTTP/1.1" 201 578 "-" "python-urllib3/1.26.5"
10.128.1.49 - - [03/Dec/2025:22:54:19 +0000] "GET /v2.0/ports?device_id=51eb7c94-780d-4c08-a090-17363baa24be HTTP/1.1" 200 12 "-" "python-neutronclient"
10.128.1.51 - - [03/Dec/2025:22:54:19 +0000] "GET /v2.0/extensions HTTP/1.1" 200 17369 "-" "python-neutronclient"
10.128.0.2 - - [03/Dec/2025:22:54:15 +0000] "POST /v2.0/subnets HTTP/1.1" 201 623 "-" "python-urllib3/1.26.5"
10.128.0.2 - - [03/Dec/2025:22:54:19 +0000] "PUT /v2.0/floatingips/5c4929ad-dbbb-44c9-b000-6530eb6cf461/tags HTTP/1.1" 200 25 "-" "python-urllib3/1.26.5"
10.128.1.49 - - [03/Dec/2025:22:54:19 +0000] "GET /v2.0/ports?device_id=f826f3f3-8485-454e-9d45-8793ae078014 HTTP/1.1" 200 12 "-" "python-neutronclient"
10.128.1.51 - - [03/Dec/2025:22:54:19 +0000] "GET /v2.0/subnets?network_id=6ae5f7d9-52c9-4659-a4cd-19b68c572270&fields=segment_id HTTP/1.1" 200 33 "-" "python-neutronclient"
10.128.0.2 - - [03/Dec/2025:22:54:19 +0000] "GET /v2.0/floatingips/5c4929ad-dbbb-44c9-b000-6530eb6cf461/tags HTTP/1.1" 200 25 "-" "python-urllib3/1.26.5"
10.128.1.49 - - [03/Dec/2025:22:54:19 +0000] "GET /v2.0/ports?device_id=ebe8ef45-d1b0-4c70-9cee-bf6fe0c5527a HTTP/1.1" 200 1087 "-" "python-neutronclient"
10.128.0.2 - - [03/Dec/2025:22:54:20 +0000] "PUT /v2.0/floatingips/5c4929ad-dbbb-44c9-b000-6530eb6cf461/tags/green HTTP/1.1" 201 4 "-" "python-urllib3/1.26.5"
100.64.0.2 - - [03/Dec/2025:22:54:20 +0000] "GET /v2.0/networks?id=7a6eac16-a0e0-4de2-919d-9c5a3bd2a5fa HTTP/1.1" 200 690 "-" "python-neutronclient"
10.128.1.49 - - [03/Dec/2025:22:54:20 +0000] "GET /v2.0/security-groups?id=9ae8e19e-2ba4-4f8b-890c-6a27b31cd1c5&fields=id&fields=name HTTP/1.1" 200 114 "-" "python-neutronclient"
10.128.0.2 - - [03/Dec/2025:22:54:20 +0000] "GET /v2.0/floatingips/5c4929ad-dbbb-44c9-b000-6530eb6cf461/tags HTTP/1.1" 200 34 "-" "python-urllib3/1.26.5"
100.64.0.2 - - [03/Dec/2025:22:54:20 +0000] "GET /v2.0/ports?device_id=ebe8ef45-d1b0-4c70-9cee-bf6fe0c5527a HTTP/1.1" 200 1087 "-" "python-neutronclient"
10.128.0.2 - - [03/Dec/2025:22:54:20 +0000] "PUT /v2.0/floatingips/5c4929ad-dbbb-44c9-b000-6530eb6cf461/tags/red HTTP/1.1" 201 4 "-" "python-urllib3/1.26.5"
10.128.1.49 - - [03/Dec/2025:22:54:20 +0000] "GET /v2.0/ports?device_id=51eb7c94-780d-4c08-a090-17363baa24be HTTP/1.1" 200 12 "-" "python-neutronclient"
10.128.0.2 - - [03/Dec/2025:22:54:21 +0000] "GET /v2.0/floatingips/5c4929ad-dbbb-44c9-b000-6530eb6cf461/tags HTTP/1.1" 200 34 "-" "python-urllib3/1.26.5"
100.64.0.2 - - [03/Dec/2025:22:54:20 +0000] "GET /v2.0/networks?id=6ae5f7d9-52c9-4659-a4cd-19b68c572270 HTTP/1.1" 200 692 "-" "python-neutronclient"
10.128.1.49 - - [03/Dec/2025:22:54:21 +0000] "GET /v2.0/ports?device_id=f826f3f3-8485-454e-9d45-8793ae078014 HTTP/1.1" 200 12 "-" "python-neutronclient"
10.128.0.2 - - [03/Dec/2025:22:54:21 +0000] "PUT /v2.0/floatingips/5c4929ad-dbbb-44c9-b000-6530eb6cf461/tags/black.or.white HTTP/1.1" 201 4 "-" "python-urllib3/1.26.5"
10.128.0.2 - - [03/Dec/2025:22:54:19 +0000] "POST /v2.0/rbac-policies HTTP/1.1" 201 324 "-" "python-urllib3/1.26.5"
10.128.0.2 - - [03/Dec/2025:22:54:21 +0000] "GET /v2.0/floatingips/5c4929ad-dbbb-44c9-b000-6530eb6cf461/tags HTTP/1.1" 200 52 "-" "python-urllib3/1.26.5"
10.128.0.2 - - [03/Dec/2025:22:54:21 +0000] "PUT /v2.0/floatingips/5c4929ad-dbbb-44c9-b000-6530eb6cf461/tags HTTP/1.1" 200 37 "-" "python-urllib3/1.26.5"
10.128.0.2 - - [03/Dec/2025:22:54:22 +0000] "GET /v2.0/networks/85720324-195e-40f7-ab58-4a9494f52b3b HTTP/1.1" 200 667 "-" "python-urllib3/1.26.5"
10.128.1.49 - - [03/Dec/2025:22:54:22 +0000] "GET /v2.0/ports?device_id=ebe8ef45-d1b0-4c70-9cee-bf6fe0c5527a HTTP/1.1" 200 12 "-" "python-neutronclient"
10.128.0.2 - - [03/Dec/2025:22:54:22 +0000] "GET /v2.0/floatingips/5c4929ad-dbbb-44c9-b000-6530eb6cf461/tags HTTP/1.1" 200 37 "-" "python-urllib3/1.26.5"
100.64.0.2 - - [03/Dec/2025:22:54:20 +0000] "DELETE /v2.0/ports/40701158-5f34-4ba8-b0b8-098ed34493e0 HTTP/1.1" 204 - "-" "python-neutronclient"
10.128.0.2 - - [03/Dec/2025:22:54:22 +0000] "GET /v2.0/floatingips/5c4929ad-dbbb-44c9-b000-6530eb6cf461/tags/red HTTP/1.1" 204 - "-" "python-urllib3/1.26.5"
10.128.0.2 - - [03/Dec/2025:22:54:23 +0000] "GET / HTTP/1.1" 200 122 "-" "kube-probe/1.31"
10.128.0.2 - - [03/Dec/2025:22:54:23 +0000] "GET / HTTP/1.1" 200 122 "-" "kube-probe/1.31"
10.128.0.2 - - [03/Dec/2025:22:54:23 +0000] "GET / HTTP/1.1" 200 122 "-" "kube-probe/1.31"
10.128.1.49 - - [03/Dec/2025:22:54:22 +0000] "GET /v2.0/ports?device_id=51eb7c94-780d-4c08-a090-17363baa24be HTTP/1.1" 200 962 "-" "python-neutronclient"
10.128.0.2 - - [03/Dec/2025:22:54:23 +0000] "GET /v2.0/networks/85720324-195e-40f7-ab58-4a9494f52b3b HTTP/1.1" 404 138 "-" "python-urllib3/1.26.5"
10.128.1.49 - - [03/Dec/2025:22:54:23 +0000] "GET /v2.0/ports?device_id=f826f3f3-8485-454e-9d45-8793ae078014 HTTP/1.1" 200 12 "-" "python-neutronclient"
10.128.0.2 - - [03/Dec/2025:22:54:23 +0000] "GET /v2.0/floatingips/5c4929ad-dbbb-44c9-b000-6530eb6cf461/tags/green HTTP/1.1" 404 99 "-" "python-urllib3/1.26.5"
100.64.0.2 - - [03/Dec/2025:22:54:20 +0000] "POST /v2.0/ports HTTP/1.1" 201 959 "-" "python-neutronclient"
100.64.0.2 - - [03/Dec/2025:22:54:23 +0000] "GET /v2.0/ports?device_id=ebe8ef45-d1b0-4c70-9cee-bf6fe0c5527a&fields=binding%3Ahost_id&fields=binding%3Avif_type HTTP/1.1" 200 12 "-" "python-neutronclient"
10.128.1.49 - - [03/Dec/2025:22:54:23 +0000] "GET /v2.0/security-groups?id=2cff60b5-ec5a-42b8-9b0e-2f54507d0933&fields=id&fields=name HTTP/1.1" 200 88 "-" "python-neutronclient"
10.128.0.2 - - [03/Dec/2025:22:54:23 +0000] "DELETE /v2.0/floatingips/5c4929ad-dbbb-44c9-b000-6530eb6cf461/tags/red HTTP/1.1" 204 - "-" "python-urllib3/1.26.5"
10.128.0.2 - - [03/Dec/2025:22:54:24 +0000] "GET /v2.0/floatingips/5c4929ad-dbbb-44c9-b000-6530eb6cf461/tags HTTP/1.1" 200 30 "-" "python-urllib3/1.26.5"
100.64.0.2 - - [03/Dec/2025:22:54:24 +0000] "GET /v2.0/ports?tenant_id=17740b1ad7584f87b4eeaf23296856e6&device_id=ebe8ef45-d1b0-4c70-9cee-bf6fe0c5527a HTTP/1.1" 200 12 "-" "python-neutronclient"
10.128.0.2 - - [03/Dec/2025:22:54:24 +0000] "DELETE /v2.0/floatingips/5c4929ad-dbbb-44c9-b000-6530eb6cf461/tags/green HTTP/1.1" 404 99 "-" "python-urllib3/1.26.5"
100.64.0.2 - - [03/Dec/2025:22:54:21 +0000] "POST /v2.0/ports HTTP/1.1" 201 959 "-" "python-neutronclient"
10.128.0.2 - - [03/Dec/2025:22:54:24 +0000] "DELETE /v2.0/floatingips/5c4929ad-dbbb-44c9-b000-6530eb6cf461/tags HTTP/1.1" 204 - "-" "python-urllib3/1.26.5"
100.64.0.2 - - [03/Dec/2025:22:54:24 +0000] "GET /v2.0/networks?tenant_id=17740b1ad7584f87b4eeaf23296856e6&shared=False HTTP/1.1" 200 788 "-" "python-neutronclient"
10.128.1.49 - - [03/Dec/2025:22:54:24 +0000] "GET /v2.0/ports?device_id=f826f3f3-8485-454e-9d45-8793ae078014 HTTP/1.1" 200 962 "-" "python-neutronclient"
10.128.0.2 - - [03/Dec/2025:22:54:25 +0000] "GET /v2.0/floatingips/5c4929ad-dbbb-44c9-b000-6530eb6cf461/tags HTTP/1.1" 200 12 "-" "python-urllib3/1.26.5"
10.128.0.2 - - [03/Dec/2025:22:54:24 +0000] "DELETE /v2.0/security-groups/9ae8e19e-2ba4-4f8b-890c-6a27b31cd1c5 HTTP/1.1" 204 - "-" "python-urllib3/1.26.5"
10.128.0.2 - - [03/Dec/2025:22:54:25 +0000] "GET /v2.0/security-groups/9ae8e19e-2ba4-4f8b-890c-6a27b31cd1c5 HTTP/1.1" 404 146 "-" "python-urllib3/1.26.5"
100.64.0.2 - - [03/Dec/2025:22:54:25 +0000] "GET /v2.0/networks?shared=True HTTP/1.1" 200 745 "-" "python-neutronclient"
10.128.1.49 - - [03/Dec/2025:22:54:25 +0000] "GET /v2.0/security-groups?id=b1b4b5f0-5e1c-4ce4-b5f1-c3784c0ca17f&fields=id&fields=name HTTP/1.1" 200 88 "-" "python-neutronclient"
10.128.0.2 - - [03/Dec/2025:22:54:19 +0000] "POST /v2.0/routers HTTP/1.1" 201 677 "-" "python-urllib3/1.26.5"
10.128.1.49 - - [03/Dec/2025:22:54:25 +0000] "GET /v2.0/ports?device_id=51eb7c94-780d-4c08-a090-17363baa24be HTTP/1.1" 200 962 "-" "python-neutronclient"
10.128.1.49 - - [03/Dec/2025:22:54:26 +0000] "GET /v2.0/security-groups?id=2cff60b5-ec5a-42b8-9b0e-2f54507d0933&fields=id&fields=name HTTP/1.1" 200 88 "-" "python-neutronclient"
10.128.0.2 - - [03/Dec/2025:22:54:25 +0000] "DELETE /v2.0/floatingips/5c4929ad-dbbb-44c9-b000-6530eb6cf461 HTTP/1.1" 204 - "-" "python-urllib3/1.26.5"
10.128.0.2 - - [03/Dec/2025:22:54:23 +0000] "DELETE /v2.0/networks/85720324-195e-40f7-ab58-4a9494f52b3b HTTP/1.1" 204 - "-" "python-urllib3/1.26.5"
10.128.0.2 - - [03/Dec/2025:22:54:19 +0000] "POST /v2.0/routers HTTP/1.1" 201 668 "-" "python-urllib3/1.26.5"
10.128.1.49 - - [03/Dec/2025:22:54:27 +0000] "GET /v2.0/ports?device_id=f826f3f3-8485-454e-9d45-8793ae078014 HTTP/1.1" 200 995 "-" "python-neutronclient"
10.128.0.2 - - [03/Dec/2025:22:54:27 +0000] "DELETE /v2.0/subnets/07d7ad9c-d100-49e0-8e8e-f5852446687c HTTP/1.1" 404 136 "-" "python-urllib3/1.26.5"
100.64.0.2 - - [03/Dec/2025:22:54:24 +0000] "PUT /v2.0/ports/9a8e532d-5fcd-4320-b6c0-22c313cebc62 HTTP/1.1" 200 1327 "-" "python-neutronclient"
10.128.0.2 - - [03/Dec/2025:22:54:27 +0000] "DELETE /v2.0/subnets/09189ade-c80e-4006-9262-121b69df7621 HTTP/1.1" 404 136 "-" "python-urllib3/1.26.5"
10.128.0.2 - - [03/Dec/2025:22:54:26 +0000] "DELETE /v2.0/floatingips/d6dbbde9-49b3-472b-ab47-b321eebb7b37 HTTP/1.1" 204 - "-" "python-urllib3/1.26.5"
100.64.0.2 - - [03/Dec/2025:22:54:24 +0000] "PUT /v2.0/ports/fd8b6a1f-ae0c-47c6-81fb-a27db9c03e78 HTTP/1.1" 200 1231 "-" "python-neutronclient"
10.128.0.2 - - [03/Dec/2025:22:54:28 +0000] "DELETE /v2.0/subnets/2293b397-587b-427c-9ece-a4b3bbcab080 HTTP/1.1" 404 136 "-" "python-urllib3/1.26.5"
100.64.0.2 - - [03/Dec/2025:22:54:28 +0000] "GET /v2.0/ports?tenant_id=81805fcc94854ba6997bebb34be6a5db&device_id=f826f3f3-8485-454e-9d45-8793ae078014 HTTP/1.1" 200 1262 "-" "python-neutronclient"
10.128.1.49 - - [03/Dec/2025:22:54:27 +0000] "GET /v2.0/security-groups?id=b1b4b5f0-5e1c-4ce4-b5f1-c3784c0ca17f&fields=id&fields=name HTTP/1.1" 200 88 "-" "python-neutronclient"
100.64.0.2 - - [03/Dec/2025:22:54:27 +0000] "GET /v2.0/ports?tenant_id=f547c1443c8f4b8da2819942b61ea044&device_id=51eb7c94-780d-4c08-a090-17363baa24be HTTP/1.1" 200 1358 "-" "python-neutronclient"
10.128.0.2 - - [03/Dec/2025:22:54:27 +0000] "GET /v2.0/security-groups?tenant_id=b1b5eb1923ed44c1b9921fc98b1af21b&name=default HTTP/1.1" 200 2801 "-" "python-urllib3/1.26.5"
10.128.1.49 - - [03/Dec/2025:22:54:28 +0000] "GET /v2.0/ports?device_id=51eb7c94-780d-4c08-a090-17363baa24be HTTP/1.1" 200 1091 "-" "python-neutronclient"
100.64.0.2 - - [03/Dec/2025:22:54:28 +0000] "GET /v2.0/floatingips?fixed_ip_address=10.100.0.9&port_id=fd8b6a1f-ae0c-47c6-81fb-a27db9c03e78 HTTP/1.1" 200 19 "-" "python-neutronclient"
100.64.0.2 - - [03/Dec/2025:22:54:28 +0000] "GET /v2.0/floatingips?fixed_ip_address=10.100.0.4&port_id=9a8e532d-5fcd-4320-b6c0-22c313cebc62 HTTP/1.1" 200 19 "-" "python-neutronclient"
10.128.1.49 - - [03/Dec/2025:22:54:29 +0000] "GET /v2.0/security-groups?id=2cff60b5-ec5a-42b8-9b0e-2f54507d0933&fields=id&fields=name HTTP/1.1" 200 88 "-" "python-neutronclient"
100.64.0.2 - - [03/Dec/2025:22:54:29 +0000] "GET /v2.0/subnets?id=142e2a8c-f591-4418-98d1-221fa98908c0 HTTP/1.1" 200 673 "-" "python-neutronclient"
100.64.0.2 - - [03/Dec/2025:22:54:29 +0000] "GET /v2.0/subnets?id=2063d272-586f-4e1b-be64-6d9e333e54bf HTTP/1.1" 200 671 "-" "python-neutronclient"
100.64.0.2 - - [03/Dec/2025:22:54:29 +0000] "GET /v2.0/ports?network_id=6ae5f7d9-52c9-4659-a4cd-19b68c572270&device_owner=network%3Adhcp HTTP/1.1" 200 12 "-" "python-neutronclient"
100.64.0.2 - - [03/Dec/2025:22:54:29 +0000] "GET /v2.0/ports?network_id=7a6eac16-a0e0-4de2-919d-9c5a3bd2a5fa&device_owner=network%3Adhcp HTTP/1.1" 200 12 "-" "python-neutronclient"
100.64.0.2 - - [03/Dec/2025:22:54:29 +0000] "GET /v2.0/networks/6ae5f7d9-52c9-4659-a4cd-19b68c572270?fields=segments HTTP/1.1" 200 14 "-" "python-neutronclient"
10.128.0.2 - - [03/Dec/2025:22:54:29 +0000] "DELETE /v2.0/security-groups/8fb53259-fe64-4a28-b5c4-dcf3c15b4b16 HTTP/1.1" 204 - "-" "python-urllib3/1.26.5"
100.64.0.2 - - [03/Dec/2025:22:54:30 +0000] "GET /v2.0/networks/7a6eac16-a0e0-4de2-919d-9c5a3bd2a5fa?fields=segments HTTP/1.1" 200 14 "-" "python-neutronclient"
100.64.0.2 - - [03/Dec/2025:22:54:30 +0000] "GET /v2.0/networks/6ae5f7d9-52c9-4659-a4cd-19b68c572270?fields=provider%3Aphysical_network&fields=provider%3Anetwork_type HTTP/1.1" 200 79 "-" "python-neutronclient"
10.128.1.49 - - [03/Dec/2025:22:54:30 +0000] "GET /v2.0/ports?device_id=f826f3f3-8485-454e-9d45-8793ae078014 HTTP/1.1" 200 995 "-" "python-neutronclient"
100.64.0.2 - - [03/Dec/2025:22:54:30 +0000] "GET /v2.0/networks/7a6eac16-a0e0-4de2-919d-9c5a3bd2a5fa?fields=provider%3Aphysical_network&fields=provider%3Anetwork_type HTTP/1.1" 200 79 "-" "python-neutronclient"
10.128.0.2 - - [03/Dec/2025:22:54:29 +0000] "GET /v2.0/security-groups?tenant_id=2a26e6396bda451a942830c00022f922&name=default HTTP/1.1" 200 2801 "-" "python-urllib3/1.26.5"
100.64.0.2 - - [03/Dec/2025:22:54:31 +0000] "GET /v2.0/ports?tenant_id=81805fcc94854ba6997bebb34be6a5db&device_id=f826f3f3-8485-454e-9d45-8793ae078014 HTTP/1.1" 200 1262 "-" "python-neutronclient"
10.128.1.49 - - [03/Dec/2025:22:54:30 +0000] "GET /v2.0/ports?device_id=51eb7c94-780d-4c08-a090-17363baa24be HTTP/1.1" 200 1091 "-" "python-neutronclient"
10.128.1.49 - - [03/Dec/2025:22:54:31 +0000] "GET /v2.0/security-groups?id=b1b4b5f0-5e1c-4ce4-b5f1-c3784c0ca17f&fields=id&fields=name HTTP/1.1" 200 88 "-" "python-neutronclient"
100.64.0.2 - - [03/Dec/2025:22:54:31 +0000] "GET /v2.0/ports?device_id=f826f3f3-8485-454e-9d45-8793ae078014 HTTP/1.1" 200 1262 "-" "python-neutronclient"
100.64.0.2 - - [03/Dec/2025:22:54:31 +0000] "GET /v2.0/ports?tenant_id=f547c1443c8f4b8da2819942b61ea044&device_id=51eb7c94-780d-4c08-a090-17363baa24be HTTP/1.1" 200 1358 "-" "python-neutronclient"
100.64.0.2 - - [03/Dec/2025:22:54:31 +0000] "GET /v2.0/ports?device_id=51eb7c94-780d-4c08-a090-17363baa24be HTTP/1.1" 200 1358 "-" "python-neutronclient"
100.64.0.2 - - [03/Dec/2025:22:54:31 +0000] "GET /v2.0/networks?id=6ae5f7d9-52c9-4659-a4cd-19b68c572270 HTTP/1.1" 200 791 "-" "python-neutronclient"
10.128.1.49 - - [03/Dec/2025:22:54:31 +0000] "GET /v2.0/security-groups?id=2cff60b5-ec5a-42b8-9b0e-2f54507d0933&fields=id&fields=name HTTP/1.1" 200 88 "-" "python-neutronclient"
100.64.0.2 - - [03/Dec/2025:22:54:31 +0000] "GET /v2.0/security-groups?id=b1b4b5f0-5e1c-4ce4-b5f1-c3784c0ca17f&fields=id&fields=name HTTP/1.1" 200 88 "-" "python-neutronclient"
100.64.0.2 - - [03/Dec/2025:22:54:31 +0000] "GET /v2.0/floatingips?fixed_ip_address=10.100.0.9&port_id=fd8b6a1f-ae0c-47c6-81fb-a27db9c03e78 HTTP/1.1" 200 19 "-" "python-neutronclient"
100.64.0.2 - - [03/Dec/2025:22:54:31 +0000] "GET /v2.0/networks?id=7a6eac16-a0e0-4de2-919d-9c5a3bd2a5fa HTTP/1.1" 200 789 "-" "python-neutronclient"
10.128.0.2 - - [03/Dec/2025:22:54:30 +0000] "GET /v2.0/security-groups?tenant_id=029c171c4dfc4b30ae3b8d1b8e2f2e9d&name=default HTTP/1.1" 200 2801 "-" "python-urllib3/1.26.5"
100.64.0.2 - - [03/Dec/2025:22:54:31 +0000] "GET /v2.0/security-groups?id=2cff60b5-ec5a-42b8-9b0e-2f54507d0933&fields=id&fields=name HTTP/1.1" 200 88 "-" "python-neutronclient"
100.64.0.2 - - [03/Dec/2025:22:54:32 +0000] "GET /v2.0/floatingips?fixed_ip_address=10.100.0.4&port_id=9a8e532d-5fcd-4320-b6c0-22c313cebc62 HTTP/1.1" 200 19 "-" "python-neutronclient"
100.64.0.2 - - [03/Dec/2025:22:54:32 +0000] "GET /v2.0/subnets?id=142e2a8c-f591-4418-98d1-221fa98908c0 HTTP/1.1" 200 673 "-" "python-neutronclient"
10.128.0.2 - - [03/Dec/2025:22:54:31 +0000] "DELETE /v2.0/security-groups/5c4ef8e5-218f-40b0-bc01-fad6f70f0418 HTTP/1.1" 204 - "-" "python-urllib3/1.26.5"
100.64.0.2 - - [03/Dec/2025:22:54:32 +0000] "GET /v2.0/ports?network_id=6ae5f7d9-52c9-4659-a4cd-19b68c572270&device_owner=network%3Adhcp HTTP/1.1" 200 12 "-" "python-neutronclient"
100.64.0.2 - - [03/Dec/2025:22:54:32 +0000] "GET /v2.0/subnets?id=2063d272-586f-4e1b-be64-6d9e333e54bf HTTP/1.1" 200 671 "-" "python-neutronclient"
10.128.1.49 - - [03/Dec/2025:22:54:32 +0000] "GET /v2.0/ports?device_id=f826f3f3-8485-454e-9d45-8793ae078014 HTTP/1.1" 200 997 "-" "python-neutronclient"
100.64.0.2 - - [03/Dec/2025:22:54:32 +0000] "GET /v2.0/ports?network_id=7a6eac16-a0e0-4de2-919d-9c5a3bd2a5fa&device_owner=network%3Adhcp HTTP/1.1" 200 12 "-" "python-neutronclient"
10.128.0.2 - - [03/Dec/2025:22:54:19 +0000] "PUT /v2.0/routers/083f85fd-dfea-4b1f-800f-026de6ad7def/add_router_interface HTTP/1.1" 200 309 "-" "python-urllib3/1.26.5"
100.64.0.2 - - [03/Dec/2025:22:54:32 +0000] "GET /v2.0/networks/6ae5f7d9-52c9-4659-a4cd-19b68c572270?fields=segments HTTP/1.1" 200 14 "-" "python-neutronclient"
10.128.1.49 - - [03/Dec/2025:22:54:33 +0000] "GET /v2.0/ports?device_id=51eb7c94-780d-4c08-a090-17363baa24be HTTP/1.1" 200 1091 "-" "python-neutronclient"
10.128.1.49 - - [03/Dec/2025:22:54:33 +0000] "GET /v2.0/security-groups?id=b1b4b5f0-5e1c-4ce4-b5f1-c3784c0ca17f&fields=id&fields=name HTTP/1.1" 200 88 "-" "python-neutronclient"
100.64.0.2 - - [03/Dec/2025:22:54:33 +0000] "GET /v2.0/networks/7a6eac16-a0e0-4de2-919d-9c5a3bd2a5fa?fields=segments HTTP/1.1" 200 14 "-" "python-neutronclient"
100.64.0.2 - - [03/Dec/2025:22:54:33 +0000] "GET /v2.0/networks/6ae5f7d9-52c9-4659-a4cd-19b68c572270?fields=provider%3Aphysical_network&fields=provider%3Anetwork_type HTTP/1.1" 200 79 "-" "python-neutronclient"
10.128.0.2 - - [03/Dec/2025:22:54:32 +0000] "DELETE /v2.0/security-groups/81febbde-3602-49bf-8132-3d970f0220dc HTTP/1.1" 204 - "-" "python-urllib3/1.26.5"
10.128.1.49 - - [03/Dec/2025:22:54:34 +0000] "GET /v2.0/security-groups?id=2cff60b5-ec5a-42b8-9b0e-2f54507d0933&fields=id&fields=name HTTP/1.1" 200 88 "-" "python-neutronclient"
100.64.0.2 - - [03/Dec/2025:22:54:34 +0000] "GET /v2.0/networks/7a6eac16-a0e0-4de2-919d-9c5a3bd2a5fa?fields=provider%3Aphysical_network&fields=provider%3Anetwork_type HTTP/1.1" 200 79 "-" "python-neutronclient"
10.128.0.2 - - [03/Dec/2025:22:54:32 +0000] "GET /v2.0/security-groups?tenant_id=dc36edd7971f480d86db17ee4e6268fa&name=default HTTP/1.1" 200 2801 "-" "python-urllib3/1.26.5"
10.128.0.2 - - [03/Dec/2025:22:54:28 +0000] "PUT /v2.0/routers/6691f83d-5188-4ba6-922d-1042cfe8e187/remove_router_interface HTTP/1.1" 200 309 "-" "python-urllib3/1.26.5"
10.128.1.49 - - [03/Dec/2025:22:54:35 +0000] "GET /v2.0/ports?device_id=f826f3f3-8485-454e-9d45-8793ae078014 HTTP/1.1" 200 997 "-" "python-neutronclient"
10.128.1.49 - - [03/Dec/2025:22:54:35 +0000] "GET /v2.0/security-groups?id=b1b4b5f0-5e1c-4ce4-b5f1-c3784c0ca17f&fields=id&fields=name HTTP/1.1" 200 88 "-" "python-neutronclient"
10.128.1.49 - - [03/Dec/2025:22:54:35 +0000] "GET /v2.0/ports?device_id=51eb7c94-780d-4c08-a090-17363baa24be HTTP/1.1" 200 1091 "-" "python-neutronclient"
10.128.0.2 - - [03/Dec/2025:22:54:34 +0000] "DELETE /v2.0/security-groups/3467846d-7b44-4f6a-bedf-5196d1524d1c HTTP/1.1" 204 - "-" "python-urllib3/1.26.5"
10.128.1.49 - - [03/Dec/2025:22:54:37 +0000] "GET /v2.0/security-groups?id=2cff60b5-ec5a-42b8-9b0e-2f54507d0933&fields=id&fields=name HTTP/1.1" 200 88 "-" "python-neutronclient"
10.128.0.2 - - [03/Dec/2025:22:54:35 +0000] "POST /v2.0/networks HTTP/1.1" 201 765 "-" "python-urllib3/1.26.5"
10.128.1.49 - - [03/Dec/2025:22:54:36 +0000] "GET /v2.0/ports?device_id=f826f3f3-8485-454e-9d45-8793ae078014 HTTP/1.1" 200 997 "-" "python-neutronclient"
10.128.0.2 - - [03/Dec/2025:22:54:37 +0000] "GET /v2.0/security-groups?tenant_id=8d428363e3244dfe8fc41c91b8e5bb4c&name=default HTTP/1.1" 200 2801 "-" "python-urllib3/1.26.5"
10.128.1.49 - - [03/Dec/2025:22:54:37 +0000] "GET /v2.0/security-groups?id=b1b4b5f0-5e1c-4ce4-b5f1-c3784c0ca17f&fields=id&fields=name HTTP/1.1" 200 88 "-" "python-neutronclient"
10.128.0.2 - - [03/Dec/2025:22:54:37 +0000] "DELETE /v2.0/security-groups/7e3bdc00-e357-412c-86bf-ecfd56f8a6f7 HTTP/1.1" 204 - "-" "python-urllib3/1.26.5"
10.128.1.49 - - [03/Dec/2025:22:54:38 +0000] "GET /v2.0/ports?device_id=f826f3f3-8485-454e-9d45-8793ae078014 HTTP/1.1" 200 997 "-" "python-neutronclient"
10.128.0.2 - - [03/Dec/2025:22:54:38 +0000] "POST /v2.0/subnetpools HTTP/1.1" 201 516 "-" "python-urllib3/1.26.5"
10.128.1.49 - - [03/Dec/2025:22:54:38 +0000] "GET /v2.0/ports?device_id=51eb7c94-780d-4c08-a090-17363baa24be HTTP/1.1" 200 1091 "-" "python-neutronclient"
100.64.0.2 - - [03/Dec/2025:22:54:38 +0000] "GET /v2.0/ports?device_id=f826f3f3-8485-454e-9d45-8793ae078014 HTTP/1.1" 200 997 "-" "python-neutronclient"
10.128.0.2 - - [03/Dec/2025:22:54:39 +0000] "PUT /v2.0/subnetpools/ee357c22-eef3-4678-835f-25745f280e2a/tags HTTP/1.1" 200 25 "-" "python-urllib3/1.26.5"
10.128.1.49 - - [03/Dec/2025:22:54:39 +0000] "GET /v2.0/security-groups?id=b1b4b5f0-5e1c-4ce4-b5f1-c3784c0ca17f&fields=id&fields=name HTTP/1.1" 200 88 "-" "python-neutronclient"
10.128.0.2 - - [03/Dec/2025:22:54:26 +0000] "PUT /v2.0/routers/280438a5-1972-4f21-b37b-f30f924c9ebb/add_router_interface HTTP/1.1" 200 309 "-" "python-urllib3/1.26.5"
10.128.0.2 - - [03/Dec/2025:22:54:35 +0000] "DELETE /v2.0/routers/6691f83d-5188-4ba6-922d-1042cfe8e187 HTTP/1.1" 204 - "-" "python-urllib3/1.26.5"
10.128.0.2 - - [03/Dec/2025:22:54:39 +0000] "GET /v2.0/subnetpools/ee357c22-eef3-4678-835f-25745f280e2a/tags HTTP/1.1" 200 25 "-" "python-urllib3/1.26.5"
10.128.1.49 - - [03/Dec/2025:22:54:39 +0000] "GET /v2.0/security-groups?id=2cff60b5-ec5a-42b8-9b0e-2f54507d0933&fields=id&fields=name HTTP/1.1" 200 88 "-" "python-neutronclient"
10.128.0.2 - - [03/Dec/2025:22:54:39 +0000] "PUT /v2.0/subnetpools/ee357c22-eef3-4678-835f-25745f280e2a/tags/green HTTP/1.1" 201 4 "-" "python-urllib3/1.26.5"
10.128.0.2 - - [03/Dec/2025:22:54:39 +0000] "DELETE /v2.0/subnets/3e9c915f-1013-498a-bab1-757e08d6eaa6 HTTP/1.1" 204 - "-" "python-urllib3/1.26.5"
10.128.0.2 - - [03/Dec/2025:22:54:39 +0000] "GET /v2.0/subnetpools/ee357c22-eef3-4678-835f-25745f280e2a/tags HTTP/1.1" 200 34 "-" "python-urllib3/1.26.5"
100.64.0.2 - - [03/Dec/2025:22:54:39 +0000] "DELETE /v2.0/ports/fd8b6a1f-ae0c-47c6-81fb-a27db9c03e78 HTTP/1.1" 204 - "-" "python-neutronclient"
10.128.0.2 - - [03/Dec/2025:22:54:37 +0000] "POST /v2.0/subnets HTTP/1.1" 201 666 "-" "python-urllib3/1.26.5"
10.128.0.2 - - [03/Dec/2025:22:54:40 +0000] "PUT /v2.0/subnetpools/ee357c22-eef3-4678-835f-25745f280e2a/tags/red HTTP/1.1" 201 4 "-" "python-urllib3/1.26.5"
10.128.0.2 - - [03/Dec/2025:22:54:27 +0000] "PUT /v2.0/routers/9eff8d54-5d07-43c9-a000-fba92c761839/add_router_interface HTTP/1.1" 200 309 "-" "python-urllib3/1.26.5"
10.128.0.2 - - [03/Dec/2025:22:54:40 +0000] "GET /v2.0/subnetpools/ee357c22-eef3-4678-835f-25745f280e2a/tags HTTP/1.1" 200 34 "-" "python-urllib3/1.26.5"
10.128.0.2 - - [03/Dec/2025:22:54:41 +0000] "PUT /v2.0/subnetpools/ee357c22-eef3-4678-835f-25745f280e2a/tags/black.or.white HTTP/1.1" 201 4 "-" "python-urllib3/1.26.5"
10.128.0.2 - - [03/Dec/2025:22:54:40 +0000] "DELETE /v2.0/networks/681f4a6e-e786-4b61-b34c-86e17ad7d35a HTTP/1.1" 204 - "-" "python-urllib3/1.26.5"
10.128.0.2 - - [03/Dec/2025:22:54:41 +0000] "GET /v2.0/subnetpools/ee357c22-eef3-4678-835f-25745f280e2a/tags HTTP/1.1" 200 52 "-" "python-urllib3/1.26.5"
10.128.1.49 - - [03/Dec/2025:22:54:40 +0000] "GET /v2.0/ports?device_id=51eb7c94-780d-4c08-a090-17363baa24be HTTP/1.1" 200 1091 "-" "python-neutronclient"
10.128.0.2 - - [03/Dec/2025:22:54:41 +0000] "PUT /v2.0/subnetpools/ee357c22-eef3-4678-835f-25745f280e2a/tags HTTP/1.1" 200 37 "-" "python-urllib3/1.26.5"
10.128.0.2 - - [03/Dec/2025:22:54:41 +0000] "GET /v2.0/security-groups?tenant_id=17740b1ad7584f87b4eeaf23296856e6&name=default HTTP/1.1" 200 2801 "-" "python-urllib3/1.26.5"
10.128.1.49 - - [03/Dec/2025:22:54:41 +0000] "GET /v2.0/security-groups?id=2cff60b5-ec5a-42b8-9b0e-2f54507d0933&fields=id&fields=name HTTP/1.1" 200 88 "-" "python-neutronclient"
10.128.0.2 - - [03/Dec/2025:22:54:42 +0000] "GET /v2.0/subnetpools/ee357c22-eef3-4678-835f-25745f280e2a/tags HTTP/1.1" 200 37 "-" "python-urllib3/1.26.5"
10.128.0.2 - - [03/Dec/2025:22:54:42 +0000] "GET /v2.0/subnetpools/ee357c22-eef3-4678-835f-25745f280e2a/tags/red HTTP/1.1" 204 - "-" "python-urllib3/1.26.5"
10.128.0.2 - - [03/Dec/2025:22:54:42 +0000] "GET /v2.0/subnetpools/ee357c22-eef3-4678-835f-25745f280e2a/tags/green HTTP/1.1" 404 99 "-" "python-urllib3/1.26.5"
10.128.0.2 - - [03/Dec/2025:22:54:42 +0000] "DELETE /v2.0/subnetpools/ee357c22-eef3-4678-835f-25745f280e2a/tags/red HTTP/1.1" 204 - "-" "python-urllib3/1.26.5"
10.128.0.2 - - [03/Dec/2025:22:54:42 +0000] "GET /v2.0/subnetpools/ee357c22-eef3-4678-835f-25745f280e2a/tags HTTP/1.1" 200 30 "-" "python-urllib3/1.26.5"
10.128.0.2 - - [03/Dec/2025:22:54:42 +0000] "DELETE /v2.0/subnetpools/ee357c22-eef3-4678-835f-25745f280e2a/tags/green HTTP/1.1" 404 99 "-" "python-urllib3/1.26.5"
10.128.0.2 - - [03/Dec/2025:22:54:43 +0000] "DELETE /v2.0/subnetpools/ee357c22-eef3-4678-835f-25745f280e2a/tags HTTP/1.1" 204 - "-" "python-urllib3/1.26.5"
10.128.0.2 - - [03/Dec/2025:22:54:43 +0000] "GET /v2.0/subnetpools/ee357c22-eef3-4678-835f-25745f280e2a/tags HTTP/1.1" 200 12 "-" "python-urllib3/1.26.5"
10.128.0.2 - - [03/Dec/2025:22:54:43 +0000] "DELETE /v2.0/subnetpools/ee357c22-eef3-4678-835f-25745f280e2a HTTP/1.1" 204 - "-" "python-urllib3/1.26.5"
10.128.1.49 - - [03/Dec/2025:22:54:43 +0000] "GET /v2.0/ports?device_id=51eb7c94-780d-4c08-a090-17363baa24be HTTP/1.1" 200 1091 "-" "python-neutronclient"
10.128.0.2 - - [03/Dec/2025:22:54:42 +0000] "DELETE /v2.0/security-groups/855a7e2c-7102-4d03-aed0-749ec9dce6df HTTP/1.1" 204 - "-" "python-urllib3/1.26.5"
10.128.0.2 - - [03/Dec/2025:22:54:41 +0000] "POST /v2.0/networks HTTP/1.1" 201 768 "-" "python-urllib3/1.26.5"
10.128.0.2 - - [03/Dec/2025:22:54:40 +0000] "POST /v2.0/routers HTTP/1.1" 201 673 "-" "python-urllib3/1.26.5"
10.128.1.49 - - [03/Dec/2025:22:54:43 +0000] "GET /v2.0/security-groups?id=2cff60b5-ec5a-42b8-9b0e-2f54507d0933&fields=id&fields=name HTTP/1.1" 200 88 "-" "python-neutronclient"
10.128.0.2 - - [03/Dec/2025:22:54:45 +0000] "GET /v2.0/security-groups?tenant_id=09d72257e76f41d4946930fbdedf3314&name=default HTTP/1.1" 200 2801 "-" "python-urllib3/1.26.5"
10.128.0.2 - - [03/Dec/2025:22:54:45 +0000] "DELETE /v2.0/security-groups/f9bea6e4-a381-4e64-bd99-bd61071d1f3d HTTP/1.1" 204 - "-" "python-urllib3/1.26.5"
10.128.1.49 - - [03/Dec/2025:22:54:46 +0000] "GET /v2.0/ports?device_id=51eb7c94-780d-4c08-a090-17363baa24be HTTP/1.1" 200 1091 "-" "python-neutronclient"
10.128.1.49 - - [03/Dec/2025:22:54:46 +0000] "GET /v2.0/networks?id=4cda3874-ad50-4eb0-8b6d-45e1650d00ff HTTP/1.1" 200 684 "-" "python-neutronclient"
10.128.0.2 - - [03/Dec/2025:22:54:44 +0000] "POST /v2.0/subnets HTTP/1.1" 201 670 "-" "python-urllib3/1.26.5"
10.128.1.49 - - [03/Dec/2025:22:54:46 +0000] "GET /v2.0/security-groups?id=2cff60b5-ec5a-42b8-9b0e-2f54507d0933&fields=id&fields=name HTTP/1.1" 200 88 "-" "python-neutronclient"
10.128.0.2 - - [03/Dec/2025:22:54:46 +0000] "GET /v2.0/security-groups?tenant_id=ce1f9a21bf4b4c00b17fdf996b423c2d&name=default HTTP/1.1" 200 2801 "-" "python-urllib3/1.26.5"
10.128.0.2 - - [03/Dec/2025:22:54:44 +0000] "POST /v2.0/floatingips HTTP/1.1" 201 578 "-" "python-urllib3/1.26.5"
10.128.0.2 - - [03/Dec/2025:22:54:47 +0000] "DELETE /v2.0/security-groups/54aa9256-990a-4359-b2bf-80fc322ec53c HTTP/1.1" 204 - "-" "python-urllib3/1.26.5"
10.128.1.49 - - [03/Dec/2025:22:54:46 +0000] "GET /v2.0/quotas/cf9cba8c32de4120b657757dd4d6cccf HTTP/1.1" 200 187 "-" "python-neutronclient"
10.128.1.49 - - [03/Dec/2025:22:54:47 +0000] "GET /v2.0/networks?id=6ae5f7d9-52c9-4659-a4cd-19b68c572270 HTTP/1.1" 200 692 "-" "python-neutronclient"
10.128.1.49 - - [03/Dec/2025:22:54:47 +0000] "GET /v2.0/ports?tenant_id=cf9cba8c32de4120b657757dd4d6cccf&fields=id HTTP/1.1" 200 103 "-" "python-neutronclient"
10.128.1.49 - - [03/Dec/2025:22:54:48 +0000] "GET /v2.0/quotas/81805fcc94854ba6997bebb34be6a5db HTTP/1.1" 200 187 "-" "python-neutronclient"
10.128.1.49 - - [03/Dec/2025:22:54:48 +0000] "GET /v2.0/networks/4cda3874-ad50-4eb0-8b6d-45e1650d00ff?fields=segments HTTP/1.1" 200 14 "-" "python-neutronclient"
10.128.0.2 - - [03/Dec/2025:22:54:47 +0000] "POST /v2.0/routers HTTP/1.1" 201 677 "-" "python-urllib3/1.26.5"
10.128.1.49 - - [03/Dec/2025:22:54:49 +0000] "GET /v2.0/networks/4cda3874-ad50-4eb0-8b6d-45e1650d00ff?fields=provider%3Aphysical_network&fields=provider%3Anetwork_type HTTP/1.1" 200 79 "-" "python-neutronclient"
10.128.1.49 - - [03/Dec/2025:22:54:48 +0000] "GET /v2.0/ports?tenant_id=81805fcc94854ba6997bebb34be6a5db&fields=id HTTP/1.1" 200 103 "-" "python-neutronclient"
10.128.0.2 - - [03/Dec/2025:22:54:47 +0000] "POST /v2.0/floatingips HTTP/1.1" 201 578 "-" "python-urllib3/1.26.5"
10.128.1.51 - - [03/Dec/2025:22:54:50 +0000] "GET /v2.0/extensions HTTP/1.1" 200 17369 "-" "python-neutronclient"
10.128.1.49 - - [03/Dec/2025:22:54:49 +0000] "GET /v2.0/networks/6ae5f7d9-52c9-4659-a4cd-19b68c572270?fields=segments HTTP/1.1" 200 14 "-" "python-neutronclient"
10.128.1.49 - - [03/Dec/2025:22:54:50 +0000] "GET /v2.0/ports?device_id=51eb7c94-780d-4c08-a090-17363baa24be HTTP/1.1" 200 1093 "-" "python-neutronclient"
10.128.1.51 - - [03/Dec/2025:22:54:50 +0000] "GET /v2.0/subnets?network_id=4cda3874-ad50-4eb0-8b6d-45e1650d00ff&fields=segment_id HTTP/1.1" 200 33 "-" "python-neutronclient"
10.128.1.49 - - [03/Dec/2025:22:54:50 +0000] "GET /v2.0/networks/6ae5f7d9-52c9-4659-a4cd-19b68c572270?fields=provider%3Aphysical_network&fields=provider%3Anetwork_type HTTP/1.1" 200 79 "-" "python-neutronclient"
10.128.1.49 - - [03/Dec/2025:22:54:50 +0000] "GET /v2.0/security-groups?id=2cff60b5-ec5a-42b8-9b0e-2f54507d0933&fields=id&fields=name HTTP/1.1" 200 88 "-" "python-neutronclient"
10.128.1.51 - - [03/Dec/2025:22:54:51 +0000] "GET /v2.0/extensions HTTP/1.1" 200 17369 "-" "python-neutronclient"
10.128.1.49 - - [03/Dec/2025:22:54:51 +0000] "GET /v2.0/ports?device_id=a4bbea4c-42ca-4e1d-a68a-136958c89c9f HTTP/1.1" 200 12 "-" "python-neutronclient"
10.128.0.2 - - [03/Dec/2025:22:54:49 +0000] "POST /v2.0/floatingips HTTP/1.1" 201 578 "-" "python-urllib3/1.26.5"
10.128.1.49 - - [03/Dec/2025:22:54:51 +0000] "GET /v2.0/ports?device_id=f281aa96-5057-45e3-a052-a6c61e268eb0 HTTP/1.1" 200 12 "-" "python-neutronclient"
10.128.1.51 - - [03/Dec/2025:22:54:51 +0000] "GET /v2.0/subnets?network_id=6ae5f7d9-52c9-4659-a4cd-19b68c572270&fields=segment_id HTTP/1.1" 200 33 "-" "python-neutronclient"
10.128.0.2 - - [03/Dec/2025:22:54:44 +0000] "PUT /v2.0/routers/ad790ad7-946b-4c06-95df-8b592561788b/add_router_interface HTTP/1.1" 200 309 "-" "python-urllib3/1.26.5"
10.128.1.49 - - [03/Dec/2025:22:54:52 +0000] "GET /v2.0/ports?device_id=51eb7c94-780d-4c08-a090-17363baa24be HTTP/1.1" 200 1093 "-" "python-neutronclient"
100.64.0.2 - - [03/Dec/2025:22:54:51 +0000] "GET /v2.0/networks?id=4cda3874-ad50-4eb0-8b6d-45e1650d00ff HTTP/1.1" 200 684 "-" "python-neutronclient"
10.128.1.49 - - [03/Dec/2025:22:54:52 +0000] "GET /v2.0/security-groups?id=2cff60b5-ec5a-42b8-9b0e-2f54507d0933&fields=id&fields=name HTTP/1.1" 200 88 "-" "python-neutronclient"
10.128.0.2 - - [03/Dec/2025:22:54:53 +0000] "GET / HTTP/1.1" 200 122 "-" "kube-probe/1.31"
10.128.0.2 - - [03/Dec/2025:22:54:53 +0000] "GET / HTTP/1.1" 200 122 "-" "kube-probe/1.31"
10.128.0.2 - - [03/Dec/2025:22:54:53 +0000] "GET / HTTP/1.1" 200 122 "-" "kube-probe/1.31"
10.128.1.49 - - [03/Dec/2025:22:54:53 +0000] "GET /v2.0/ports?device_id=a4bbea4c-42ca-4e1d-a68a-136958c89c9f HTTP/1.1" 200 12 "-" "python-neutronclient"
10.128.1.49 - - [03/Dec/2025:22:54:53 +0000] "GET /v2.0/ports?device_id=f281aa96-5057-45e3-a052-a6c61e268eb0 HTTP/1.1" 200 12 "-" "python-neutronclient"
10.128.0.2 - - [03/Dec/2025:22:54:52 +0000] "POST /v2.0/networks HTTP/1.1" 201 650 "-" "python-urllib3/1.26.5"
100.64.0.2 - - [03/Dec/2025:22:54:53 +0000] "GET /v2.0/networks?id=6ae5f7d9-52c9-4659-a4cd-19b68c572270 HTTP/1.1" 200 692 "-" "python-neutronclient"
100.64.0.2 - - [03/Dec/2025:22:54:54 +0000] "GET /v2.0/ports?device_id=51eb7c94-780d-4c08-a090-17363baa24be HTTP/1.1" 200 1093 "-" "python-neutronclient"
10.128.1.49 - - [03/Dec/2025:22:54:54 +0000] "GET /v2.0/ports?device_id=51eb7c94-780d-4c08-a090-17363baa24be HTTP/1.1" 200 1093 "-" "python-neutronclient"
10.128.0.2 - - [03/Dec/2025:22:54:52 +0000] "GET /v2.0/security-groups?tenant_id=6b5d12f97df643d89e59ee96c8e14baf&name=default HTTP/1.1" 200 2801 "-" "python-urllib3/1.26.5"
10.128.1.49 - - [03/Dec/2025:22:54:54 +0000] "GET /v2.0/security-groups?id=2cff60b5-ec5a-42b8-9b0e-2f54507d0933&fields=id&fields=name HTTP/1.1" 200 88 "-" "python-neutronclient"
10.128.1.49 - - [03/Dec/2025:22:54:54 +0000] "GET /v2.0/ports?device_id=a4bbea4c-42ca-4e1d-a68a-136958c89c9f HTTP/1.1" 200 966 "-" "python-neutronclient"
10.128.1.49 - - [03/Dec/2025:22:54:55 +0000] "GET /v2.0/security-groups?id=835591af-f381-463a-9d09-2814e79d006c&fields=id&fields=name HTTP/1.1" 200 88 "-" "python-neutronclient"
10.128.1.49 - - [03/Dec/2025:22:54:55 +0000] "GET /v2.0/ports?device_id=f281aa96-5057-45e3-a052-a6c61e268eb0 HTTP/1.1" 200 12 "-" "python-neutronclient"
10.128.0.2 - - [03/Dec/2025:22:54:53 +0000] "POST /v2.0/subnets HTTP/1.1" 201 602 "-" "python-urllib3/1.26.5"
10.128.0.2 - - [03/Dec/2025:22:54:55 +0000] "POST /v2.0/security-groups HTTP/1.1" 201 1613 "-" "python-urllib3/1.26.5"
10.128.0.2 - - [03/Dec/2025:22:54:56 +0000] "PUT /v2.0/subnets/3d84888c-86bf-464d-a3db-dcea5fec4e39/tags HTTP/1.1" 200 25 "-" "python-urllib3/1.26.5"
10.128.0.2 - - [03/Dec/2025:22:54:56 +0000] "POST /v2.0/security-group-rules HTTP/1.1" 201 565 "-" "python-urllib3/1.26.5"
10.128.0.2 - - [03/Dec/2025:22:54:56 +0000] "GET /v2.0/subnets/3d84888c-86bf-464d-a3db-dcea5fec4e39/tags HTTP/1.1" 200 25 "-" "python-urllib3/1.26.5"
10.128.1.49 - - [03/Dec/2025:22:54:56 +0000] "GET /v2.0/ports?device_id=51eb7c94-780d-4c08-a090-17363baa24be HTTP/1.1" 200 1093 "-" "python-neutronclient"
10.128.0.2 - - [03/Dec/2025:22:54:56 +0000] "PUT /v2.0/subnets/3d84888c-86bf-464d-a3db-dcea5fec4e39/tags/green HTTP/1.1" 201 4 "-" "python-urllib3/1.26.5"
10.128.0.2 - - [03/Dec/2025:22:54:51 +0000] "POST /v2.0/floatingips HTTP/1.1" 201 578 "-" "python-urllib3/1.26.5"
10.128.1.49 - - [03/Dec/2025:22:54:56 +0000] "GET /v2.0/security-groups?id=2cff60b5-ec5a-42b8-9b0e-2f54507d0933&fields=id&fields=name HTTP/1.1" 200 88 "-" "python-neutronclient"
100.64.0.2 - - [03/Dec/2025:22:54:53 +0000] "POST /v2.0/ports HTTP/1.1" 201 963 "-" "python-neutronclient"
10.128.0.2 - - [03/Dec/2025:22:54:56 +0000] "GET /v2.0/subnets/3d84888c-86bf-464d-a3db-dcea5fec4e39/tags HTTP/1.1" 200 34 "-" "python-urllib3/1.26.5"
10.128.1.49 - - [03/Dec/2025:22:54:56 +0000] "GET /v2.0/ports?device_id=a4bbea4c-42ca-4e1d-a68a-136958c89c9f HTTP/1.1" 200 966 "-" "python-neutronclient"
10.128.1.49 - - [03/Dec/2025:22:54:57 +0000] "GET /v2.0/security-groups?id=835591af-f381-463a-9d09-2814e79d006c&fields=id&fields=name HTTP/1.1" 200 88 "-" "python-neutronclient"
10.128.0.2 - - [03/Dec/2025:22:54:57 +0000] "PUT /v2.0/subnets/3d84888c-86bf-464d-a3db-dcea5fec4e39/tags/red HTTP/1.1" 201 4 "-" "python-urllib3/1.26.5"
100.64.0.2 - - [03/Dec/2025:22:54:54 +0000] "DELETE /v2.0/ports/9a8e532d-5fcd-4320-b6c0-22c313cebc62 HTTP/1.1" 204 - "-" "python-neutronclient"
10.128.1.49 - - [03/Dec/2025:22:54:56 +0000] "GET /v2.0/ports?device_id=f281aa96-5057-45e3-a052-a6c61e268eb0 HTTP/1.1" 200 966 "-" "python-neutronclient"
10.128.0.2 - - [03/Dec/2025:22:54:57 +0000] "GET /v2.0/subnets/3d84888c-86bf-464d-a3db-dcea5fec4e39/tags HTTP/1.1" 200 34 "-" "python-urllib3/1.26.5"
10.128.0.2 - - [03/Dec/2025:22:54:54 +0000] "DELETE /v2.0/security-groups/c731afa9-c509-48bc-9de0-2375f6925b8a HTTP/1.1" 204 - "-" "python-urllib3/1.26.5"
10.128.0.2 - - [03/Dec/2025:22:54:56 +0000] "POST /v2.0/security-group-rules HTTP/1.1" 201 564 "-" "python-urllib3/1.26.5"
10.128.1.49 - - [03/Dec/2025:22:54:57 +0000] "GET /v2.0/security-groups?id=b1b4b5f0-5e1c-4ce4-b5f1-c3784c0ca17f&fields=id&fields=name HTTP/1.1" 200 88 "-" "python-neutronclient"
10.128.0.2 - - [03/Dec/2025:22:54:57 +0000] "PUT /v2.0/subnets/3d84888c-86bf-464d-a3db-dcea5fec4e39/tags/black.or.white HTTP/1.1" 201 4 "-" "python-urllib3/1.26.5"
100.64.0.2 - - [03/Dec/2025:22:54:54 +0000] "POST /v2.0/ports HTTP/1.1" 201 963 "-" "python-neutronclient"
10.128.0.2 - - [03/Dec/2025:22:54:57 +0000] "GET /v2.0/subnets/3d84888c-86bf-464d-a3db-dcea5fec4e39/tags HTTP/1.1" 200 52 "-" "python-urllib3/1.26.5"
10.128.0.2 - - [03/Dec/2025:22:54:58 +0000] "PUT /v2.0/subnets/3d84888c-86bf-464d-a3db-dcea5fec4e39/tags HTTP/1.1" 200 37 "-" "python-urllib3/1.26.5"
10.128.0.2 - - [03/Dec/2025:22:54:56 +0000] "POST /v2.0/floatingips HTTP/1.1" 201 578 "-" "python-urllib3/1.26.5"
10.128.0.2 - - [03/Dec/2025:22:54:58 +0000] "GET /v2.0/subnets/3d84888c-86bf-464d-a3db-dcea5fec4e39/tags HTTP/1.1" 200 37 "-" "python-urllib3/1.26.5"
10.128.0.2 - - [03/Dec/2025:22:54:57 +0000] "POST /v2.0/security-group-rules HTTP/1.1" 201 570 "-" "python-urllib3/1.26.5"
10.128.0.2 - - [03/Dec/2025:22:54:58 +0000] "PUT /v2.0/floatingips/83874114-74b8-4f8a-8ea6-b2ea0ec443d0/tags HTTP/1.1" 200 17 "-" "python-urllib3/1.26.5"
10.128.0.2 - - [03/Dec/2025:22:54:57 +0000] "GET /v2.0/security-groups?tenant_id=549c58cba1ee48f082c8b0b8d5a95a52&name=default HTTP/1.1" 200 2805 "-" "python-urllib3/1.26.5"
10.128.0.2 - - [03/Dec/2025:22:54:58 +0000] "GET /v2.0/subnets/3d84888c-86bf-464d-a3db-dcea5fec4e39/tags/red HTTP/1.1" 204 - "-" "python-urllib3/1.26.5"
10.128.0.2 - - [03/Dec/2025:22:54:58 +0000] "PUT /v2.0/floatingips/28a616dd-2e14-40f1-9ecc-8c3c07117111/tags HTTP/1.1" 200 25 "-" "python-urllib3/1.26.5"
10.128.0.2 - - [03/Dec/2025:22:54:58 +0000] "GET /v2.0/subnets/3d84888c-86bf-464d-a3db-dcea5fec4e39/tags/green HTTP/1.1" 404 99 "-" "python-urllib3/1.26.5"
10.128.0.2 - - [03/Dec/2025:22:54:58 +0000] "POST /v2.0/security-group-rules HTTP/1.1" 201 569 "-" "python-urllib3/1.26.5"
10.128.0.2 - - [03/Dec/2025:22:54:58 +0000] "DELETE /v2.0/subnets/3d84888c-86bf-464d-a3db-dcea5fec4e39/tags/red HTTP/1.1" 204 - "-" "python-urllib3/1.26.5"
10.128.0.2 - - [03/Dec/2025:22:54:58 +0000] "GET /v2.0/subnets/3d84888c-86bf-464d-a3db-dcea5fec4e39/tags HTTP/1.1" 200 30 "-" "python-urllib3/1.26.5"
10.128.0.2 - - [03/Dec/2025:22:54:58 +0000] "PUT /v2.0/floatingips/1d15196a-f1a5-4949-95d2-4e7d7eb5ea58/tags HTTP/1.1" 200 34 "-" "python-urllib3/1.26.5"
10.128.1.49 - - [03/Dec/2025:22:54:58 +0000] "GET /v2.0/ports?device_id=a4bbea4c-42ca-4e1d-a68a-136958c89c9f HTTP/1.1" 200 966 "-" "python-neutronclient"
10.128.0.2 - - [03/Dec/2025:22:54:59 +0000] "DELETE /v2.0/subnets/3d84888c-86bf-464d-a3db-dcea5fec4e39/tags/green HTTP/1.1" 404 99 "-" "python-urllib3/1.26.5"
10.128.1.49 - - [03/Dec/2025:22:54:59 +0000] "GET /v2.0/ports?device_id=f281aa96-5057-45e3-a052-a6c61e268eb0 HTTP/1.1" 200 966 "-" "python-neutronclient"
10.128.0.2 - - [03/Dec/2025:22:54:59 +0000] "PUT /v2.0/floatingips/f0655668-5f5c-4e24-9d96-00c717f7fbbf/tags HTTP/1.1" 200 19 "-" "python-urllib3/1.26.5"
10.128.0.2 - - [03/Dec/2025:22:54:59 +0000] "DELETE /v2.0/subnets/3d84888c-86bf-464d-a3db-dcea5fec4e39/tags HTTP/1.1" 204 - "-" "python-urllib3/1.26.5"
10.128.0.2 - - [03/Dec/2025:22:54:59 +0000] "GET /v2.0/floatingips?tags=red HTTP/1.1" 200 1749 "-" "python-urllib3/1.26.5"
10.128.0.2 - - [03/Dec/2025:22:54:58 +0000] "POST /v2.0/security-group-rules HTTP/1.1" 201 575 "-" "python-urllib3/1.26.5"
10.128.1.49 - - [03/Dec/2025:22:54:59 +0000] "GET /v2.0/security-groups?id=b1b4b5f0-5e1c-4ce4-b5f1-c3784c0ca17f&fields=id&fields=name HTTP/1.1" 200 88 "-" "python-neutronclient"
10.128.0.2 - - [03/Dec/2025:22:54:59 +0000] "GET /v2.0/subnets/3d84888c-86bf-464d-a3db-dcea5fec4e39/tags HTTP/1.1" 200 12 "-" "python-urllib3/1.26.5"
10.128.1.49 - - [03/Dec/2025:22:54:59 +0000] "GET /v2.0/security-groups?id=835591af-f381-463a-9d09-2814e79d006c&fields=id&fields=name HTTP/1.1" 200 88 "-" "python-neutronclient"
10.128.0.2 - - [03/Dec/2025:22:54:59 +0000] "GET /v2.0/floatingips?tags=red%2Cblue HTTP/1.1" 200 1180 "-" "python-urllib3/1.26.5"
10.128.0.2 - - [03/Dec/2025:22:54:59 +0000] "DELETE /v2.0/subnets/3d84888c-86bf-464d-a3db-dcea5fec4e39 HTTP/1.1" 204 - "-" "python-urllib3/1.26.5"
10.128.0.2 - - [03/Dec/2025:22:54:59 +0000] "DELETE /v2.0/networks/1ee0a983-1859-494f-9927-46e1192fe6eb HTTP/1.1" 204 - "-" "python-urllib3/1.26.5"
10.128.0.2 - - [03/Dec/2025:22:54:59 +0000] "GET /v2.0/floatingips?tags-any=blue HTTP/1.1" 200 1180 "-" "python-urllib3/1.26.5"
10.128.0.2 - - [03/Dec/2025:22:55:00 +0000] "GET /v2.0/floatingips?tags-any=red%2Cblue HTTP/1.1" 200 1749 "-" "python-urllib3/1.26.5"
10.128.1.49 - - [03/Dec/2025:22:55:00 +0000] "GET /v2.0/ports?device_id=a4bbea4c-42ca-4e1d-a68a-136958c89c9f HTTP/1.1" 200 997 "-" "python-neutronclient"
10.128.0.2 - - [03/Dec/2025:22:55:00 +0000] "GET /v2.0/floatingips?not-tags=red HTTP/1.1" 200 1152 "-" "python-urllib3/1.26.5"
10.128.0.2 - - [03/Dec/2025:22:54:58 +0000] "DELETE /v2.0/security-groups/0526d99c-2d69-400d-a580-d12011be227e HTTP/1.1" 204 - "-" "python-urllib3/1.26.5"
10.128.1.49 - - [03/Dec/2025:22:55:01 +0000] "GET /v2.0/ports?device_id=f281aa96-5057-45e3-a052-a6c61e268eb0 HTTP/1.1" 200 994 "-" "python-neutronclient"
10.128.0.2 - - [03/Dec/2025:22:54:59 +0000] "POST /v2.0/security-group-rules HTTP/1.1" 201 574 "-" "python-urllib3/1.26.5"
10.128.0.2 - - [03/Dec/2025:22:55:01 +0000] "GET /v2.0/floatingips?not-tags=red%2Cblue HTTP/1.1" 200 1721 "-" "python-urllib3/1.26.5"
10.128.0.2 - - [03/Dec/2025:22:55:01 +0000] "GET /v2.0/security-groups?tenant_id=a0f27dbc7f4149fc8c87b34fdec75ee9&name=default HTTP/1.1" 200 2801 "-" "python-urllib3/1.26.5"
10.128.1.49 - - [03/Dec/2025:22:55:01 +0000] "GET /v2.0/security-groups?id=835591af-f381-463a-9d09-2814e79d006c&fields=id&fields=name HTTP/1.1" 200 88 "-" "python-neutronclient"
100.64.0.2 - - [03/Dec/2025:22:54:56 +0000] "PUT /v2.0/ports/86b4d3ef-f607-4f7c-84f8-0633278e167d HTTP/1.1" 200 1233 "-" "python-neutronclient"
10.128.0.2 - - [03/Dec/2025:22:55:01 +0000] "GET /v2.0/floatingips?not-tags-any=blue HTTP/1.1" 200 1721 "-" "python-urllib3/1.26.5"
10.128.1.49 - - [03/Dec/2025:22:55:01 +0000] "GET /v2.0/security-groups?id=b1b4b5f0-5e1c-4ce4-b5f1-c3784c0ca17f&fields=id&fields=name HTTP/1.1" 200 88 "-" "python-neutronclient"
10.128.0.2 - - [03/Dec/2025:22:55:01 +0000] "DELETE /v2.0/security-groups/1a4c94fa-e893-4544-a497-e1d736a53dab HTTP/1.1" 204 - "-" "python-urllib3/1.26.5"
10.128.0.2 - - [03/Dec/2025:22:55:01 +0000] "GET /v2.0/floatingips?not-tags-any=red%2Cblue HTTP/1.1" 200 1152 "-" "python-urllib3/1.26.5"
100.64.0.2 - - [03/Dec/2025:22:55:01 +0000] "GET /v2.0/ports?tenant_id=cf9cba8c32de4120b657757dd4d6cccf&device_id=a4bbea4c-42ca-4e1d-a68a-136958c89c9f HTTP/1.1" 200 1264 "-" "python-neutronclient"
100.64.0.2 - - [03/Dec/2025:22:54:57 +0000] "PUT /v2.0/ports/21349986-d92a-4886-ae02-60fdecca8c28 HTTP/1.1" 200 1230 "-" "python-neutronclient"
10.128.0.2 - - [03/Dec/2025:22:55:02 +0000] "GET /v2.0/security-groups?tenant_id=e837123e0f3f4651abcea5506739ca73&name=default HTTP/1.1" 200 2805 "-" "python-urllib3/1.26.5"
100.64.0.2 - - [03/Dec/2025:22:55:02 +0000] "GET /v2.0/floatingips?fixed_ip_address=10.100.0.10&port_id=86b4d3ef-f607-4f7c-84f8-0633278e167d HTTP/1.1" 200 19 "-" "python-neutronclient"
10.128.0.2 - - [03/Dec/2025:22:55:02 +0000] "DELETE /v2.0/security-groups/ad008d6e-202b-45a1-9974-ff8c6d21a412 HTTP/1.1" 204 - "-" "python-urllib3/1.26.5"
100.64.0.2 - - [03/Dec/2025:22:55:02 +0000] "GET /v2.0/ports?tenant_id=81805fcc94854ba6997bebb34be6a5db&device_id=f281aa96-5057-45e3-a052-a6c61e268eb0 HTTP/1.1" 200 1261 "-" "python-neutronclient"
10.128.1.49 - - [03/Dec/2025:22:55:02 +0000] "GET /v2.0/ports?device_id=a4bbea4c-42ca-4e1d-a68a-136958c89c9f HTTP/1.1" 200 997 "-" "python-neutronclient"
10.128.1.49 - - [03/Dec/2025:22:55:02 +0000] "GET /v2.0/security-groups?name=tempest-secgroup-smoke-1555991404&fields=id&tenant_id=dbb2710d867347c5b4a3eeb47ef0e6a0 HTTP/1.1" 200 69 "-" "python-neutronclient"
100.64.0.2 - - [03/Dec/2025:22:55:03 +0000] "GET /v2.0/subnets?id=a643f4a7-47fb-44c2-958a-8fd9107499aa HTTP/1.1" 200 665 "-" "python-neutronclient"
100.64.0.2 - - [03/Dec/2025:22:55:03 +0000] "GET /v2.0/floatingips?fixed_ip_address=10.100.0.13&port_id=21349986-d92a-4886-ae02-60fdecca8c28 HTTP/1.1" 200 19 "-" "python-neutronclient"
10.128.1.49 - - [03/Dec/2025:22:55:03 +0000] "GET /v2.0/security-groups?id=835591af-f381-463a-9d09-2814e79d006c&fields=id&fields=name HTTP/1.1" 200 88 "-" "python-neutronclient"
100.64.0.2 - - [03/Dec/2025:22:55:03 +0000] "GET /v2.0/ports?network_id=4cda3874-ad50-4eb0-8b6d-45e1650d00ff&device_owner=network%3Adhcp HTTP/1.1" 200 12 "-" "python-neutronclient"
10.128.0.2 - - [03/Dec/2025:22:54:49 +0000] "PUT /v2.0/routers/1578dd72-4176-4989-b85a-4b5dedabc303/add_router_interface HTTP/1.1" 200 309 "-" "python-urllib3/1.26.5"
100.64.0.2 - - [03/Dec/2025:22:55:03 +0000] "GET /v2.0/subnets?id=142e2a8c-f591-4418-98d1-221fa98908c0 HTTP/1.1" 200 673 "-" "python-neutronclient"
10.128.1.49 - - [03/Dec/2025:22:55:03 +0000] "GET /v2.0/networks?id=71db7a20-5d00-45f5-8719-ed0568b4e2b7 HTTP/1.1" 200 687 "-" "python-neutronclient"
100.64.0.2 - - [03/Dec/2025:22:55:04 +0000] "GET /v2.0/ports?network_id=6ae5f7d9-52c9-4659-a4cd-19b68c572270&device_owner=network%3Adhcp HTTP/1.1" 200 12 "-" "python-neutronclient"
10.128.0.2 - - [03/Dec/2025:22:55:02 +0000] "DELETE /v2.0/floatingips/83874114-74b8-4f8a-8ea6-b2ea0ec443d0 HTTP/1.1" 204 - "-" "python-urllib3/1.26.5"
