100.64.0.2 - - [03/Dec/2025:23:08:57 +0000] "GET /v2.0/ports?tenant_id=5f45986fc95543d5a0014e214c498f28&device_id=971cc311-3453-4d29-8363-7f5e338ed218 HTTP/1.1" 200 1381 "-" "python-neutronclient"
100.64.0.2 - - [03/Dec/2025:23:08:57 +0000] "GET /v2.0/floatingips?fixed_ip_address=10.100.0.8&port_id=5ed7bced-b6a6-4ad9-a247-c194d59b66c2 HTTP/1.1" 200 19 "-" "python-neutronclient"
100.64.0.2 - - [03/Dec/2025:23:08:57 +0000] "GET /v2.0/subnets?id=8dd5fbe2-1d1e-4be2-98cf-6cf5ab2d7756 HTTP/1.1" 200 653 "-" "python-neutronclient"
100.64.0.2 - - [03/Dec/2025:23:08:57 +0000] "GET /v2.0/ports?network_id=04d0b534-93b9-4fa9-a326-6adc0b807780&device_owner=network%3Adhcp HTTP/1.1" 200 12 "-" "python-neutronclient"
100.64.0.2 - - [03/Dec/2025:23:08:57 +0000] "GET /v2.0/networks/04d0b534-93b9-4fa9-a326-6adc0b807780?fields=segments HTTP/1.1" 200 14 "-" "python-neutronclient"
100.64.0.2 - - [03/Dec/2025:23:08:57 +0000] "GET /v2.0/networks/04d0b534-93b9-4fa9-a326-6adc0b807780?fields=provider%3Aphysical_network&fields=provider%3Anetwork_type HTTP/1.1" 200 79 "-" "python-neutronclient"
100.64.0.2 - - [03/Dec/2025:23:08:57 +0000] "GET /v2.0/ports?tenant_id=5f45986fc95543d5a0014e214c498f28&device_id=971cc311-3453-4d29-8363-7f5e338ed218 HTTP/1.1" 200 1381 "-" "python-neutronclient"
100.64.0.2 - - [03/Dec/2025:23:08:58 +0000] "GET /v2.0/ports?device_id=971cc311-3453-4d29-8363-7f5e338ed218 HTTP/1.1" 200 1381 "-" "python-neutronclient"
100.64.0.2 - - [03/Dec/2025:23:08:58 +0000] "GET /v2.0/networks?id=04d0b534-93b9-4fa9-a326-6adc0b807780 HTTP/1.1" 200 771 "-" "python-neutronclient"
10.128.1.49 - - [03/Dec/2025:23:08:58 +0000] "GET /v2.0/ports?device_id=971cc311-3453-4d29-8363-7f5e338ed218 HTTP/1.1" 200 1114 "-" "python-neutronclient"
100.64.0.2 - - [03/Dec/2025:23:08:58 +0000] "GET /v2.0/security-groups?id=2633695c-266c-4029-a7b3-029cc97cc9b7&fields=id&fields=name HTTP/1.1" 200 88 "-" "python-neutronclient"
100.64.0.2 - - [03/Dec/2025:23:08:58 +0000] "GET /v2.0/floatingips?fixed_ip_address=10.100.0.8&port_id=5ed7bced-b6a6-4ad9-a247-c194d59b66c2 HTTP/1.1" 200 19 "-" "python-neutronclient"
10.128.1.49 - - [03/Dec/2025:23:08:58 +0000] "GET /v2.0/security-groups?id=2633695c-266c-4029-a7b3-029cc97cc9b7&fields=id&fields=name HTTP/1.1" 200 88 "-" "python-neutronclient"
100.64.0.2 - - [03/Dec/2025:23:08:58 +0000] "GET /v2.0/subnets?id=8dd5fbe2-1d1e-4be2-98cf-6cf5ab2d7756 HTTP/1.1" 200 653 "-" "python-neutronclient"
100.64.0.2 - - [03/Dec/2025:23:08:58 +0000] "GET /v2.0/ports?network_id=04d0b534-93b9-4fa9-a326-6adc0b807780&device_owner=network%3Adhcp HTTP/1.1" 200 12 "-" "python-neutronclient"
100.64.0.2 - - [03/Dec/2025:23:08:58 +0000] "GET /v2.0/networks/04d0b534-93b9-4fa9-a326-6adc0b807780?fields=segments HTTP/1.1" 200 14 "-" "python-neutronclient"
100.64.0.2 - - [03/Dec/2025:23:08:58 +0000] "GET /v2.0/networks/04d0b534-93b9-4fa9-a326-6adc0b807780?fields=provider%3Aphysical_network&fields=provider%3Anetwork_type HTTP/1.1" 200 79 "-" "python-neutronclient"
10.128.1.49 - - [03/Dec/2025:23:08:59 +0000] "GET /v2.0/security-groups?name=tempest-secgroup-smoke-1413922917&fields=id&tenant_id=392542f6ffae4fd4801c87a6dbbba04a HTTP/1.1" 200 69 "-" "python-neutronclient"
10.128.1.49 - - [03/Dec/2025:23:08:59 +0000] "GET /v2.0/networks?id=513133cf-40c0-4dbf-b5e5-4462e5d4c199 HTTP/1.1" 200 713 "-" "python-neutronclient"
10.128.1.49 - - [03/Dec/2025:23:08:59 +0000] "GET /v2.0/quotas/392542f6ffae4fd4801c87a6dbbba04a HTTP/1.1" 200 187 "-" "python-neutronclient"
10.128.1.49 - - [03/Dec/2025:23:08:59 +0000] "GET /v2.0/ports?device_id=971cc311-3453-4d29-8363-7f5e338ed218 HTTP/1.1" 200 1116 "-" "python-neutronclient"
10.128.1.49 - - [03/Dec/2025:23:09:00 +0000] "GET /v2.0/security-groups?id=2633695c-266c-4029-a7b3-029cc97cc9b7&fields=id&fields=name HTTP/1.1" 200 88 "-" "python-neutronclient"
10.128.1.49 - - [03/Dec/2025:23:09:00 +0000] "GET /v2.0/ports?tenant_id=392542f6ffae4fd4801c87a6dbbba04a&fields=id HTTP/1.1" 200 195 "-" "python-neutronclient"
10.128.1.49 - - [03/Dec/2025:23:09:01 +0000] "GET /v2.0/networks/513133cf-40c0-4dbf-b5e5-4462e5d4c199?fields=segments HTTP/1.1" 200 14 "-" "python-neutronclient"
10.128.1.49 - - [03/Dec/2025:23:09:01 +0000] "GET /v2.0/networks/513133cf-40c0-4dbf-b5e5-4462e5d4c199?fields=provider%3Aphysical_network&fields=provider%3Anetwork_type HTTP/1.1" 200 79 "-" "python-neutronclient"
10.128.1.51 - - [03/Dec/2025:23:09:01 +0000] "GET /v2.0/extensions HTTP/1.1" 200 17369 "-" "python-neutronclient"
10.128.1.49 - - [03/Dec/2025:23:09:01 +0000] "GET /v2.0/ports?device_id=92874d81-af64-48bc-90d0-35625013f924 HTTP/1.1" 200 12 "-" "python-neutronclient"
10.128.1.51 - - [03/Dec/2025:23:09:01 +0000] "GET /v2.0/subnets?network_id=513133cf-40c0-4dbf-b5e5-4462e5d4c199&fields=segment_id HTTP/1.1" 200 53 "-" "python-neutronclient"
10.128.1.49 - - [03/Dec/2025:23:09:02 +0000] "GET /v2.0/ports?device_id=971cc311-3453-4d29-8363-7f5e338ed218 HTTP/1.1" 200 1116 "-" "python-neutronclient"
100.64.0.2 - - [03/Dec/2025:23:09:02 +0000] "GET /v2.0/networks?id=513133cf-40c0-4dbf-b5e5-4462e5d4c199 HTTP/1.1" 200 713 "-" "python-neutronclient"
10.128.1.49 - - [03/Dec/2025:23:09:02 +0000] "GET /v2.0/security-groups?id=2633695c-266c-4029-a7b3-029cc97cc9b7&fields=id&fields=name HTTP/1.1" 200 88 "-" "python-neutronclient"
100.64.0.2 - - [03/Dec/2025:23:09:02 +0000] "GET /v2.0/security-groups?fields=id&fields=name&tenant_id=392542f6ffae4fd4801c87a6dbbba04a HTTP/1.1" 200 181 "-" "python-neutronclient"
10.128.1.49 - - [03/Dec/2025:23:09:02 +0000] "GET /v2.0/ports?device_id=92874d81-af64-48bc-90d0-35625013f924 HTTP/1.1" 200 12 "-" "python-neutronclient"
10.128.1.49 - - [03/Dec/2025:23:09:02 +0000] "GET /v2.0/ports?device_id=971cc311-3453-4d29-8363-7f5e338ed218 HTTP/1.1" 200 1116 "-" "python-neutronclient"
10.128.1.49 - - [03/Dec/2025:23:09:03 +0000] "GET /v2.0/security-groups?id=2633695c-266c-4029-a7b3-029cc97cc9b7&fields=id&fields=name HTTP/1.1" 200 88 "-" "python-neutronclient"
10.128.0.2 - - [03/Dec/2025:23:09:03 +0000] "GET /v2.0/ports?device_id=971cc311-3453-4d29-8363-7f5e338ed218 HTTP/1.1" 200 1383 "-" "python-urllib3/1.26.5"
100.64.0.2 - - [03/Dec/2025:23:09:02 +0000] "POST /v2.0/ports HTTP/1.1" 201 1221 "-" "python-neutronclient"
10.128.1.49 - - [03/Dec/2025:23:09:04 +0000] "GET /v2.0/ports?device_id=92874d81-af64-48bc-90d0-35625013f924 HTTP/1.1" 200 1224 "-" "python-neutronclient"
10.128.1.49 - - [03/Dec/2025:23:09:04 +0000] "GET /v2.0/security-groups?id=532d4f39-74f9-4e5e-8190-dd55991e0135&fields=id&fields=name HTTP/1.1" 200 114 "-" "python-neutronclient"
10.128.1.49 - - [03/Dec/2025:23:09:05 +0000] "GET /v2.0/ports?device_id=92874d81-af64-48bc-90d0-35625013f924 HTTP/1.1" 200 1356 "-" "python-neutronclient"
100.64.0.2 - - [03/Dec/2025:23:09:03 +0000] "PUT /v2.0/ports/ec8d7c93-d605-49f7-911c-96f0550573b3 HTTP/1.1" 200 1592 "-" "python-neutronclient"
100.64.0.2 - - [03/Dec/2025:23:09:06 +0000] "GET /v2.0/ports?tenant_id=392542f6ffae4fd4801c87a6dbbba04a&device_id=92874d81-af64-48bc-90d0-35625013f924 HTTP/1.1" 200 1623 "-" "python-neutronclient"
10.128.1.49 - - [03/Dec/2025:23:09:06 +0000] "GET /v2.0/security-groups?id=532d4f39-74f9-4e5e-8190-dd55991e0135&fields=id&fields=name HTTP/1.1" 200 114 "-" "python-neutronclient"
10.128.0.2 - - [03/Dec/2025:23:09:03 +0000] "POST /v2.0/floatingips HTTP/1.1" 201 919 "-" "python-urllib3/1.26.5"
100.64.0.2 - - [03/Dec/2025:23:09:06 +0000] "GET /v2.0/floatingips?fixed_ip_address=10.100.0.13&port_id=ec8d7c93-d605-49f7-911c-96f0550573b3 HTTP/1.1" 200 19 "-" "python-neutronclient"
10.128.0.2 - - [03/Dec/2025:23:09:06 +0000] "GET /v2.0/ports?device_id=971cc311-3453-4d29-8363-7f5e338ed218&network_id=04d0b534-93b9-4fa9-a326-6adc0b807780 HTTP/1.1" 200 1383 "-" "python-urllib3/1.26.5"
100.64.0.2 - - [03/Dec/2025:23:09:06 +0000] "GET /v2.0/floatingips?fixed_ip_address=2001%3Adb8%3A%3Af816%3A3eff%3Afe93%3A10f1&port_id=ec8d7c93-d605-49f7-911c-96f0550573b3 HTTP/1.1" 200 19 "-" "python-neutronclient"
100.64.0.2 - - [03/Dec/2025:23:09:07 +0000] "GET /v2.0/subnets?id=bf8f627e-5b47-4d44-9559-ab60c2136024&id=c5478882-386d-4c5b-9fb1-e7d51113a201 HTTP/1.1" 200 1304 "-" "python-neutronclient"
100.64.0.2 - - [03/Dec/2025:23:09:07 +0000] "GET /v2.0/ports?network_id=513133cf-40c0-4dbf-b5e5-4462e5d4c199&device_owner=network%3Adhcp HTTP/1.1" 200 12 "-" "python-neutronclient"
10.128.1.49 - - [03/Dec/2025:23:09:07 +0000] "GET /v2.0/ports?device_id=971cc311-3453-4d29-8363-7f5e338ed218 HTTP/1.1" 200 1116 "-" "python-neutronclient"
100.64.0.2 - - [03/Dec/2025:23:09:07 +0000] "GET /v2.0/ports?device_id=971cc311-3453-4d29-8363-7f5e338ed218 HTTP/1.1" 200 1114 "-" "python-neutronclient"
100.64.0.2 - - [03/Dec/2025:23:09:07 +0000] "GET /v2.0/ports?network_id=513133cf-40c0-4dbf-b5e5-4462e5d4c199&device_owner=network%3Adhcp HTTP/1.1" 200 12 "-" "python-neutronclient"
10.128.1.49 - - [03/Dec/2025:23:09:07 +0000] "GET /v2.0/security-groups?id=2633695c-266c-4029-a7b3-029cc97cc9b7&fields=id&fields=name HTTP/1.1" 200 88 "-" "python-neutronclient"
100.64.0.2 - - [03/Dec/2025:23:09:07 +0000] "GET /v2.0/ports/5ed7bced-b6a6-4ad9-a247-c194d59b66c2?fields=binding%3Aprofile&fields=network_id HTTP/1.1" 200 62 "-" "python-neutronclient"
10.128.1.49 - - [03/Dec/2025:23:09:07 +0000] "GET /v2.0/ports?device_id=92874d81-af64-48bc-90d0-35625013f924 HTTP/1.1" 200 1356 "-" "python-neutronclient"
100.64.0.2 - - [03/Dec/2025:23:09:07 +0000] "GET /v2.0/networks/513133cf-40c0-4dbf-b5e5-4462e5d4c199?fields=segments HTTP/1.1" 200 14 "-" "python-neutronclient"
100.64.0.2 - - [03/Dec/2025:23:09:07 +0000] "GET /v2.0/networks/04d0b534-93b9-4fa9-a326-6adc0b807780?fields=dns_domain HTTP/1.1" 200 29 "-" "python-neutronclient"
10.128.1.49 - - [03/Dec/2025:23:09:08 +0000] "GET /v2.0/security-groups?id=532d4f39-74f9-4e5e-8190-dd55991e0135&fields=id&fields=name HTTP/1.1" 200 114 "-" "python-neutronclient"
100.64.0.2 - - [03/Dec/2025:23:09:08 +0000] "GET /v2.0/networks/513133cf-40c0-4dbf-b5e5-4462e5d4c199?fields=provider%3Aphysical_network&fields=provider%3Anetwork_type HTTP/1.1" 200 79 "-" "python-neutronclient"
100.64.0.2 - - [03/Dec/2025:23:09:08 +0000] "GET /v2.0/ports?device_id=92874d81-af64-48bc-90d0-35625013f924 HTTP/1.1" 200 1623 "-" "python-neutronclient"
100.64.0.2 - - [03/Dec/2025:23:09:08 +0000] "GET /v2.0/ports?tenant_id=5f45986fc95543d5a0014e214c498f28&device_id=971cc311-3453-4d29-8363-7f5e338ed218 HTTP/1.1" 200 1381 "-" "python-neutronclient"
100.64.0.2 - - [03/Dec/2025:23:09:08 +0000] "GET /v2.0/security-groups?id=532d4f39-74f9-4e5e-8190-dd55991e0135&fields=id&fields=name HTTP/1.1" 200 114 "-" "python-neutronclient"
100.64.0.2 - - [03/Dec/2025:23:09:08 +0000] "GET /v2.0/networks?id=04d0b534-93b9-4fa9-a326-6adc0b807780 HTTP/1.1" 200 771 "-" "python-neutronclient"
100.64.0.2 - - [03/Dec/2025:23:09:08 +0000] "GET /v2.0/ports?tenant_id=392542f6ffae4fd4801c87a6dbbba04a&device_id=92874d81-af64-48bc-90d0-35625013f924 HTTP/1.1" 200 1623 "-" "python-neutronclient"
100.64.0.2 - - [03/Dec/2025:23:09:08 +0000] "GET /v2.0/floatingips?fixed_ip_address=10.100.0.8&port_id=5ed7bced-b6a6-4ad9-a247-c194d59b66c2 HTTP/1.1" 200 922 "-" "python-neutronclient"
100.64.0.2 - - [03/Dec/2025:23:09:08 +0000] "GET /v2.0/networks?id=513133cf-40c0-4dbf-b5e5-4462e5d4c199 HTTP/1.1" 200 812 "-" "python-neutronclient"
10.128.1.49 - - [03/Dec/2025:23:09:09 +0000] "GET /v2.0/ports?device_id=971cc311-3453-4d29-8363-7f5e338ed218 HTTP/1.1" 200 1114 "-" "python-neutronclient"
100.64.0.2 - - [03/Dec/2025:23:09:09 +0000] "GET /v2.0/subnets?id=8dd5fbe2-1d1e-4be2-98cf-6cf5ab2d7756 HTTP/1.1" 200 653 "-" "python-neutronclient"
100.64.0.2 - - [03/Dec/2025:23:09:09 +0000] "GET /v2.0/ports?network_id=04d0b534-93b9-4fa9-a326-6adc0b807780&device_owner=network%3Adhcp HTTP/1.1" 200 12 "-" "python-neutronclient"
100.64.0.2 - - [03/Dec/2025:23:09:09 +0000] "GET /v2.0/floatingips?fixed_ip_address=10.100.0.13&port_id=ec8d7c93-d605-49f7-911c-96f0550573b3 HTTP/1.1" 200 19 "-" "python-neutronclient"
10.128.1.49 - - [03/Dec/2025:23:09:09 +0000] "GET /v2.0/security-groups?id=2633695c-266c-4029-a7b3-029cc97cc9b7&fields=id&fields=name HTTP/1.1" 200 88 "-" "python-neutronclient"
10.128.1.49 - - [03/Dec/2025:23:09:09 +0000] "GET /v2.0/ports?device_id=92874d81-af64-48bc-90d0-35625013f924 HTTP/1.1" 200 1358 "-" "python-neutronclient"
100.64.0.2 - - [03/Dec/2025:23:09:09 +0000] "GET /v2.0/floatingips?fixed_ip_address=2001%3Adb8%3A%3Af816%3A3eff%3Afe93%3A10f1&port_id=ec8d7c93-d605-49f7-911c-96f0550573b3 HTTP/1.1" 200 19 "-" "python-neutronclient"
100.64.0.2 - - [03/Dec/2025:23:09:09 +0000] "GET /v2.0/networks/04d0b534-93b9-4fa9-a326-6adc0b807780?fields=segments HTTP/1.1" 200 14 "-" "python-neutronclient"
100.64.0.2 - - [03/Dec/2025:23:09:08 +0000] "PUT /v2.0/ports/5ed7bced-b6a6-4ad9-a247-c194d59b66c2 HTTP/1.1" 200 1081 "-" "python-neutronclient"
10.128.1.49 - - [03/Dec/2025:23:09:09 +0000] "GET /v2.0/security-groups?id=532d4f39-74f9-4e5e-8190-dd55991e0135&fields=id&fields=name HTTP/1.1" 200 114 "-" "python-neutronclient"
100.64.0.2 - - [03/Dec/2025:23:09:09 +0000] "GET /v2.0/subnets?id=bf8f627e-5b47-4d44-9559-ab60c2136024&id=c5478882-386d-4c5b-9fb1-e7d51113a201 HTTP/1.1" 200 1304 "-" "python-neutronclient"
100.64.0.2 - - [03/Dec/2025:23:09:09 +0000] "GET /v2.0/networks/04d0b534-93b9-4fa9-a326-6adc0b807780?fields=provider%3Aphysical_network&fields=provider%3Anetwork_type HTTP/1.1" 200 79 "-" "python-neutronclient"
100.64.0.2 - - [03/Dec/2025:23:09:10 +0000] "GET /v2.0/ports?network_id=513133cf-40c0-4dbf-b5e5-4462e5d4c199&device_owner=network%3Adhcp HTTP/1.1" 200 12 "-" "python-neutronclient"
100.64.0.2 - - [03/Dec/2025:23:09:10 +0000] "GET /v2.0/ports?network_id=513133cf-40c0-4dbf-b5e5-4462e5d4c199&device_owner=network%3Adhcp HTTP/1.1" 200 12 "-" "python-neutronclient"
100.64.0.2 - - [03/Dec/2025:23:09:10 +0000] "GET /v2.0/networks/513133cf-40c0-4dbf-b5e5-4462e5d4c199?fields=segments HTTP/1.1" 200 14 "-" "python-neutronclient"
10.128.0.2 - - [03/Dec/2025:23:09:10 +0000] "GET /v2.0/ports/5ed7bced-b6a6-4ad9-a247-c194d59b66c2 HTTP/1.1" 200 961 "-" "python-urllib3/1.26.5"
100.64.0.2 - - [03/Dec/2025:23:09:10 +0000] "GET /v2.0/networks/513133cf-40c0-4dbf-b5e5-4462e5d4c199?fields=provider%3Aphysical_network&fields=provider%3Anetwork_type HTTP/1.1" 200 79 "-" "python-neutronclient"
10.128.0.2 - - [03/Dec/2025:23:09:10 +0000] "POST /v2.0/security-groups HTTP/1.1" 201 1611 "-" "python-urllib3/1.26.5"
10.128.0.2 - - [03/Dec/2025:23:09:11 +0000] "POST /v2.0/security-group-rules HTTP/1.1" 201 565 "-" "python-urllib3/1.26.5"
10.128.1.49 - - [03/Dec/2025:23:09:11 +0000] "GET /v2.0/ports?device_id=92874d81-af64-48bc-90d0-35625013f924 HTTP/1.1" 200 1358 "-" "python-neutronclient"
10.128.1.49 - - [03/Dec/2025:23:09:11 +0000] "GET /v2.0/security-groups?id=532d4f39-74f9-4e5e-8190-dd55991e0135&fields=id&fields=name HTTP/1.1" 200 114 "-" "python-neutronclient"
10.128.0.2 - - [03/Dec/2025:23:09:11 +0000] "POST /v2.0/security-group-rules HTTP/1.1" 201 564 "-" "python-urllib3/1.26.5"
10.128.1.49 - - [03/Dec/2025:23:09:11 +0000] "GET /v2.0/ports?device_id=92874d81-af64-48bc-90d0-35625013f924 HTTP/1.1" 200 1358 "-" "python-neutronclient"
10.128.0.2 - - [03/Dec/2025:23:09:11 +0000] "POST /v2.0/security-group-rules HTTP/1.1" 201 570 "-" "python-urllib3/1.26.5"
10.128.1.49 - - [03/Dec/2025:23:09:11 +0000] "GET /v2.0/security-groups?id=532d4f39-74f9-4e5e-8190-dd55991e0135&fields=id&fields=name HTTP/1.1" 200 114 "-" "python-neutronclient"
10.128.0.2 - - [03/Dec/2025:23:09:12 +0000] "GET /v2.0/ports?device_id=92874d81-af64-48bc-90d0-35625013f924 HTTP/1.1" 200 1625 "-" "python-urllib3/1.26.5"
10.128.0.2 - - [03/Dec/2025:23:09:12 +0000] "POST /v2.0/security-group-rules HTTP/1.1" 201 569 "-" "python-urllib3/1.26.5"
10.128.0.2 - - [03/Dec/2025:23:09:12 +0000] "POST /v2.0/security-group-rules HTTP/1.1" 201 575 "-" "python-urllib3/1.26.5"
10.128.0.2 - - [03/Dec/2025:23:09:12 +0000] "POST /v2.0/security-group-rules HTTP/1.1" 201 574 "-" "python-urllib3/1.26.5"
10.128.0.2 - - [03/Dec/2025:23:09:12 +0000] "POST /v2.0/floatingips HTTP/1.1" 201 882 "-" "python-urllib3/1.26.5"
100.64.0.2 - - [03/Dec/2025:23:09:13 +0000] "GET /v2.0/ports?tenant_id=392542f6ffae4fd4801c87a6dbbba04a&device_id=92874d81-af64-48bc-90d0-35625013f924 HTTP/1.1" 200 1625 "-" "python-neutronclient"
10.128.1.49 - - [03/Dec/2025:23:09:13 +0000] "GET /v2.0/security-groups?name=tempest-secgroup-smoke-415814244&fields=id&tenant_id=5f45986fc95543d5a0014e214c498f28 HTTP/1.1" 200 69 "-" "python-neutronclient"
100.64.0.2 - - [03/Dec/2025:23:09:13 +0000] "GET /v2.0/networks?id=513133cf-40c0-4dbf-b5e5-4462e5d4c199 HTTP/1.1" 200 812 "-" "python-neutronclient"
10.128.1.49 - - [03/Dec/2025:23:09:14 +0000] "GET /v2.0/ports/5ed7bced-b6a6-4ad9-a247-c194d59b66c2 HTTP/1.1" 200 961 "-" "python-neutronclient"
100.64.0.2 - - [03/Dec/2025:23:09:14 +0000] "GET /v2.0/floatingips?fixed_ip_address=10.100.0.13&port_id=ec8d7c93-d605-49f7-911c-96f0550573b3 HTTP/1.1" 200 887 "-" "python-neutronclient"
10.128.1.49 - - [03/Dec/2025:23:09:14 +0000] "GET /v2.0/ports/5ed7bced-b6a6-4ad9-a247-c194d59b66c2?fields=binding%3Avnic_type&fields=binding%3Aprofile&fields=network_id&fields=resource_request&fields=numa_affinity_policy&fields=device_profile HTTP/1.1" 200 136 "-" "python-neutronclient"
100.64.0.2 - - [03/Dec/2025:23:09:14 +0000] "GET /v2.0/floatingips?fixed_ip_address=2001%3Adb8%3A%3Af816%3A3eff%3Afe93%3A10f1&port_id=ec8d7c93-d605-49f7-911c-96f0550573b3 HTTP/1.1" 200 19 "-" "python-neutronclient"
10.128.1.49 - - [03/Dec/2025:23:09:14 +0000] "GET /v2.0/networks/04d0b534-93b9-4fa9-a326-6adc0b807780?fields=segments HTTP/1.1" 200 14 "-" "python-neutronclient"
100.64.0.2 - - [03/Dec/2025:23:09:14 +0000] "GET /v2.0/subnets?id=bf8f627e-5b47-4d44-9559-ab60c2136024&id=c5478882-386d-4c5b-9fb1-e7d51113a201 HTTP/1.1" 200 1304 "-" "python-neutronclient"
10.128.1.49 - - [03/Dec/2025:23:09:14 +0000] "GET /v2.0/networks/04d0b534-93b9-4fa9-a326-6adc0b807780?fields=provider%3Aphysical_network&fields=provider%3Anetwork_type HTTP/1.1" 200 79 "-" "python-neutronclient"
100.64.0.2 - - [03/Dec/2025:23:09:14 +0000] "GET /v2.0/ports?network_id=513133cf-40c0-4dbf-b5e5-4462e5d4c199&device_owner=network%3Adhcp HTTP/1.1" 200 12 "-" "python-neutronclient"
10.128.1.49 - - [03/Dec/2025:23:09:14 +0000] "GET /v2.0/ports/5ed7bced-b6a6-4ad9-a247-c194d59b66c2 HTTP/1.1" 200 961 "-" "python-neutronclient"
100.64.0.2 - - [03/Dec/2025:23:09:14 +0000] "GET /v2.0/ports?network_id=513133cf-40c0-4dbf-b5e5-4462e5d4c199&device_owner=network%3Adhcp HTTP/1.1" 200 12 "-" "python-neutronclient"
100.64.0.2 - - [03/Dec/2025:23:09:14 +0000] "GET /v2.0/networks/513133cf-40c0-4dbf-b5e5-4462e5d4c199?fields=segments HTTP/1.1" 200 14 "-" "python-neutronclient"
10.128.1.51 - - [03/Dec/2025:23:09:15 +0000] "GET /v2.0/ports/5ed7bced-b6a6-4ad9-a247-c194d59b66c2 HTTP/1.1" 200 961 "-" "python-neutronclient"
10.128.1.49 - - [03/Dec/2025:23:09:15 +0000] "GET /v2.0/ports?device_id=fc984331-1afd-4f21-9f5d-f73f66d6d6b2 HTTP/1.1" 200 12 "-" "python-neutronclient"
100.64.0.2 - - [03/Dec/2025:23:09:15 +0000] "GET /v2.0/networks/513133cf-40c0-4dbf-b5e5-4462e5d4c199?fields=provider%3Aphysical_network&fields=provider%3Anetwork_type HTTP/1.1" 200 79 "-" "python-neutronclient"
10.128.1.51 - - [03/Dec/2025:23:09:15 +0000] "GET /v2.0/extensions HTTP/1.1" 200 17369 "-" "python-neutronclient"
10.128.1.51 - - [03/Dec/2025:23:09:15 +0000] "GET /v2.0/subnets/8dd5fbe2-1d1e-4be2-98cf-6cf5ab2d7756 HTTP/1.1" 200 650 "-" "python-neutronclient"
10.128.1.51 - - [03/Dec/2025:23:09:15 +0000] "GET /v2.0/ports/5ed7bced-b6a6-4ad9-a247-c194d59b66c2 HTTP/1.1" 200 961 "-" "python-neutronclient"
10.128.1.49 - - [03/Dec/2025:23:09:16 +0000] "GET /v2.0/ports?device_id=fc984331-1afd-4f21-9f5d-f73f66d6d6b2 HTTP/1.1" 200 12 "-" "python-neutronclient"
100.64.0.2 - - [03/Dec/2025:23:09:16 +0000] "GET /v2.0/ports/5ed7bced-b6a6-4ad9-a247-c194d59b66c2 HTTP/1.1" 200 1081 "-" "python-neutronclient"
100.64.0.2 - - [03/Dec/2025:23:09:16 +0000] "GET /v2.0/networks?id=04d0b534-93b9-4fa9-a326-6adc0b807780 HTTP/1.1" 200 674 "-" "python-neutronclient"
10.128.1.49 - - [03/Dec/2025:23:09:17 +0000] "GET /v2.0/ports?device_id=fc984331-1afd-4f21-9f5d-f73f66d6d6b2 HTTP/1.1" 200 12 "-" "python-neutronclient"
100.64.0.2 - - [03/Dec/2025:23:09:17 +0000] "GET /v2.0/security-groups?fields=id&fields=name&tenant_id=5f45986fc95543d5a0014e214c498f28 HTTP/1.1" 200 273 "-" "python-neutronclient"
10.128.1.49 - - [03/Dec/2025:23:09:18 +0000] "GET /v2.0/ports?device_id=fc984331-1afd-4f21-9f5d-f73f66d6d6b2 HTTP/1.1" 200 1117 "-" "python-neutronclient"
10.128.1.49 - - [03/Dec/2025:23:09:19 +0000] "GET /v2.0/security-groups?id=2633695c-266c-4029-a7b3-029cc97cc9b7&fields=id&fields=name HTTP/1.1" 200 88 "-" "python-neutronclient"
100.64.0.2 - - [03/Dec/2025:23:09:18 +0000] "PUT /v2.0/ports/5ed7bced-b6a6-4ad9-a247-c194d59b66c2 HTTP/1.1" 200 1353 "-" "python-neutronclient"
100.64.0.2 - - [03/Dec/2025:23:09:19 +0000] "GET /v2.0/ports?tenant_id=5f45986fc95543d5a0014e214c498f28&device_id=fc984331-1afd-4f21-9f5d-f73f66d6d6b2 HTTP/1.1" 200 1384 "-" "python-neutronclient"
100.64.0.2 - - [03/Dec/2025:23:09:19 +0000] "GET /v2.0/floatingips?fixed_ip_address=10.100.0.8&port_id=5ed7bced-b6a6-4ad9-a247-c194d59b66c2 HTTP/1.1" 200 922 "-" "python-neutronclient"
100.64.0.2 - - [03/Dec/2025:23:09:19 +0000] "GET /v2.0/subnets?id=8dd5fbe2-1d1e-4be2-98cf-6cf5ab2d7756 HTTP/1.1" 200 653 "-" "python-neutronclient"
100.64.0.2 - - [03/Dec/2025:23:09:19 +0000] "GET /v2.0/ports?network_id=04d0b534-93b9-4fa9-a326-6adc0b807780&device_owner=network%3Adhcp HTTP/1.1" 200 12 "-" "python-neutronclient"
100.64.0.2 - - [03/Dec/2025:23:09:19 +0000] "GET /v2.0/networks/04d0b534-93b9-4fa9-a326-6adc0b807780?fields=segments HTTP/1.1" 200 14 "-" "python-neutronclient"
10.128.1.49 - - [03/Dec/2025:23:09:20 +0000] "GET /v2.0/ports?device_id=fc984331-1afd-4f21-9f5d-f73f66d6d6b2 HTTP/1.1" 200 1117 "-" "python-neutronclient"
100.64.0.2 - - [03/Dec/2025:23:09:20 +0000] "GET /v2.0/networks/04d0b534-93b9-4fa9-a326-6adc0b807780?fields=provider%3Aphysical_network&fields=provider%3Anetwork_type HTTP/1.1" 200 79 "-" "python-neutronclient"
10.128.1.49 - - [03/Dec/2025:23:09:20 +0000] "GET /v2.0/security-groups?id=2633695c-266c-4029-a7b3-029cc97cc9b7&fields=id&fields=name HTTP/1.1" 200 88 "-" "python-neutronclient"
100.64.0.2 - - [03/Dec/2025:23:09:20 +0000] "GET /v2.0/ports?tenant_id=5f45986fc95543d5a0014e214c498f28&device_id=fc984331-1afd-4f21-9f5d-f73f66d6d6b2 HTTP/1.1" 200 1384 "-" "python-neutronclient"
100.64.0.2 - - [03/Dec/2025:23:09:21 +0000] "GET /v2.0/ports?device_id=fc984331-1afd-4f21-9f5d-f73f66d6d6b2 HTTP/1.1" 200 1384 "-" "python-neutronclient"
100.64.0.2 - - [03/Dec/2025:23:09:21 +0000] "GET /v2.0/security-groups?id=2633695c-266c-4029-a7b3-029cc97cc9b7&fields=id&fields=name HTTP/1.1" 200 88 "-" "python-neutronclient"
100.64.0.2 - - [03/Dec/2025:23:09:21 +0000] "GET /v2.0/networks?id=04d0b534-93b9-4fa9-a326-6adc0b807780 HTTP/1.1" 200 771 "-" "python-neutronclient"
100.64.0.2 - - [03/Dec/2025:23:09:22 +0000] "GET /v2.0/floatingips?fixed_ip_address=10.100.0.8&port_id=5ed7bced-b6a6-4ad9-a247-c194d59b66c2 HTTP/1.1" 200 922 "-" "python-neutronclient"
10.128.1.49 - - [03/Dec/2025:23:09:22 +0000] "GET /v2.0/ports?device_id=fc984331-1afd-4f21-9f5d-f73f66d6d6b2 HTTP/1.1" 200 1117 "-" "python-neutronclient"
100.64.0.2 - - [03/Dec/2025:23:09:22 +0000] "GET /v2.0/subnets?id=8dd5fbe2-1d1e-4be2-98cf-6cf5ab2d7756 HTTP/1.1" 200 653 "-" "python-neutronclient"
10.128.1.49 - - [03/Dec/2025:23:09:22 +0000] "GET /v2.0/security-groups?id=2633695c-266c-4029-a7b3-029cc97cc9b7&fields=id&fields=name HTTP/1.1" 200 88 "-" "python-neutronclient"
100.64.0.2 - - [03/Dec/2025:23:09:22 +0000] "GET /v2.0/ports?network_id=04d0b534-93b9-4fa9-a326-6adc0b807780&device_owner=network%3Adhcp HTTP/1.1" 200 12 "-" "python-neutronclient"
100.64.0.2 - - [03/Dec/2025:23:09:23 +0000] "GET /v2.0/networks/04d0b534-93b9-4fa9-a326-6adc0b807780?fields=segments HTTP/1.1" 200 14 "-" "python-neutronclient"
10.128.0.2 - - [03/Dec/2025:23:09:23 +0000] "GET / HTTP/1.1" 200 122 "-" "kube-probe/1.31"
10.128.0.2 - - [03/Dec/2025:23:09:23 +0000] "GET / HTTP/1.1" 200 122 "-" "kube-probe/1.31"
10.128.0.2 - - [03/Dec/2025:23:09:23 +0000] "GET / HTTP/1.1" 200 122 "-" "kube-probe/1.31"
100.64.0.2 - - [03/Dec/2025:23:09:23 +0000] "GET /v2.0/networks/04d0b534-93b9-4fa9-a326-6adc0b807780?fields=provider%3Aphysical_network&fields=provider%3Anetwork_type HTTP/1.1" 200 79 "-" "python-neutronclient"
10.128.1.49 - - [03/Dec/2025:23:09:24 +0000] "GET /v2.0/ports?device_id=fc984331-1afd-4f21-9f5d-f73f66d6d6b2 HTTP/1.1" 200 1119 "-" "python-neutronclient"
10.128.1.49 - - [03/Dec/2025:23:09:24 +0000] "GET /v2.0/security-groups?id=2633695c-266c-4029-a7b3-029cc97cc9b7&fields=id&fields=name HTTP/1.1" 200 88 "-" "python-neutronclient"
10.128.1.49 - - [03/Dec/2025:23:09:24 +0000] "GET /v2.0/ports?device_id=fc984331-1afd-4f21-9f5d-f73f66d6d6b2 HTTP/1.1" 200 1119 "-" "python-neutronclient"
10.128.1.49 - - [03/Dec/2025:23:09:25 +0000] "GET /v2.0/security-groups?id=2633695c-266c-4029-a7b3-029cc97cc9b7&fields=id&fields=name HTTP/1.1" 200 88 "-" "python-neutronclient"
10.128.0.2 - - [03/Dec/2025:23:09:25 +0000] "GET /v2.0/ports?device_id=fc984331-1afd-4f21-9f5d-f73f66d6d6b2&network_id=04d0b534-93b9-4fa9-a326-6adc0b807780 HTTP/1.1" 200 1386 "-" "python-urllib3/1.26.5"
10.128.1.49 - - [03/Dec/2025:23:09:25 +0000] "GET /v2.0/ports?device_id=fc984331-1afd-4f21-9f5d-f73f66d6d6b2 HTTP/1.1" 200 1118 "-" "python-neutronclient"
100.64.0.2 - - [03/Dec/2025:23:09:26 +0000] "GET /v2.0/ports?device_id=fc984331-1afd-4f21-9f5d-f73f66d6d6b2 HTTP/1.1" 200 1118 "-" "python-neutronclient"
10.128.1.49 - - [03/Dec/2025:23:09:26 +0000] "GET /v2.0/security-groups?id=2633695c-266c-4029-a7b3-029cc97cc9b7&fields=id&fields=name HTTP/1.1" 200 88 "-" "python-neutronclient"
100.64.0.2 - - [03/Dec/2025:23:09:26 +0000] "GET /v2.0/ports/5ed7bced-b6a6-4ad9-a247-c194d59b66c2?fields=binding%3Aprofile&fields=network_id HTTP/1.1" 200 62 "-" "python-neutronclient"
100.64.0.2 - - [03/Dec/2025:23:09:26 +0000] "GET /v2.0/networks/04d0b534-93b9-4fa9-a326-6adc0b807780?fields=dns_domain HTTP/1.1" 200 29 "-" "python-neutronclient"
10.128.1.49 - - [03/Dec/2025:23:09:27 +0000] "GET /v2.0/ports?device_id=fc984331-1afd-4f21-9f5d-f73f66d6d6b2 HTTP/1.1" 200 12 "-" "python-neutronclient"
100.64.0.2 - - [03/Dec/2025:23:09:26 +0000] "PUT /v2.0/ports/5ed7bced-b6a6-4ad9-a247-c194d59b66c2 HTTP/1.1" 200 1082 "-" "python-neutronclient"
10.128.0.2 - - [03/Dec/2025:23:09:29 +0000] "DELETE /v2.0/security-groups/8527f922-094c-4663-842a-b5d0c89dd59f HTTP/1.1" 204 - "-" "python-urllib3/1.26.5"
10.128.0.2 - - [03/Dec/2025:23:09:29 +0000] "DELETE /v2.0/floatingips/19b214da-a70c-4ea6-bcee-9d03574e2134 HTTP/1.1" 204 - "-" "python-urllib3/1.26.5"
10.128.0.2 - - [03/Dec/2025:23:09:31 +0000] "DELETE /v2.0/security-groups/31556ca2-ef4a-45b1-935f-663e8664a7e4 HTTP/1.1" 204 - "-" "python-urllib3/1.26.5"
10.128.0.2 - - [03/Dec/2025:23:09:30 +0000] "DELETE /v2.0/floatingips/8dece177-68bf-4b2f-97fe-b5410ef24ba1 HTTP/1.1" 204 - "-" "python-urllib3/1.26.5"
100.64.0.2 - - [03/Dec/2025:23:09:31 +0000] "GET /v2.0/ports?tenant_id=392542f6ffae4fd4801c87a6dbbba04a&device_id=92874d81-af64-48bc-90d0-35625013f924 HTTP/1.1" 200 1625 "-" "python-neutronclient"
10.128.0.2 - - [03/Dec/2025:23:09:31 +0000] "DELETE /v2.0/ports/5ed7bced-b6a6-4ad9-a247-c194d59b66c2 HTTP/1.1" 204 - "-" "python-urllib3/1.26.5"
100.64.0.2 - - [03/Dec/2025:23:09:32 +0000] "GET /v2.0/networks?id=513133cf-40c0-4dbf-b5e5-4462e5d4c199 HTTP/1.1" 200 812 "-" "python-neutronclient"
10.128.1.49 - - [03/Dec/2025:23:09:32 +0000] "GET /v2.0/ports?device_id=92874d81-af64-48bc-90d0-35625013f924 HTTP/1.1" 200 1358 "-" "python-neutronclient"
100.64.0.2 - - [03/Dec/2025:23:09:32 +0000] "GET /v2.0/ports?device_id=92874d81-af64-48bc-90d0-35625013f924 HTTP/1.1" 200 1356 "-" "python-neutronclient"
100.64.0.2 - - [03/Dec/2025:23:09:32 +0000] "GET /v2.0/floatingips?fixed_ip_address=10.100.0.13&port_id=ec8d7c93-d605-49f7-911c-96f0550573b3 HTTP/1.1" 200 19 "-" "python-neutronclient"
10.128.1.49 - - [03/Dec/2025:23:09:32 +0000] "GET /v2.0/security-groups?id=532d4f39-74f9-4e5e-8190-dd55991e0135&fields=id&fields=name HTTP/1.1" 200 114 "-" "python-neutronclient"
100.64.0.2 - - [03/Dec/2025:23:09:32 +0000] "GET /v2.0/floatingips?fixed_ip_address=2001%3Adb8%3A%3Af816%3A3eff%3Afe93%3A10f1&port_id=ec8d7c93-d605-49f7-911c-96f0550573b3 HTTP/1.1" 200 19 "-" "python-neutronclient"
100.64.0.2 - - [03/Dec/2025:23:09:33 +0000] "GET /v2.0/subnets?id=bf8f627e-5b47-4d44-9559-ab60c2136024&id=c5478882-386d-4c5b-9fb1-e7d51113a201 HTTP/1.1" 200 1304 "-" "python-neutronclient"
100.64.0.2 - - [03/Dec/2025:23:09:32 +0000] "DELETE /v2.0/ports/ec8d7c93-d605-49f7-911c-96f0550573b3 HTTP/1.1" 204 - "-" "python-neutronclient"
100.64.0.2 - - [03/Dec/2025:23:09:33 +0000] "GET /v2.0/ports?network_id=513133cf-40c0-4dbf-b5e5-4462e5d4c199&device_owner=network%3Adhcp HTTP/1.1" 200 12 "-" "python-neutronclient"
100.64.0.2 - - [03/Dec/2025:23:09:33 +0000] "GET /v2.0/ports?network_id=513133cf-40c0-4dbf-b5e5-4462e5d4c199&device_owner=network%3Adhcp HTTP/1.1" 200 12 "-" "python-neutronclient"
10.128.0.2 - - [03/Dec/2025:23:09:32 +0000] "PUT /v2.0/routers/a7f2ec81-7438-414c-a8eb-936c5b622189/remove_router_interface HTTP/1.1" 200 309 "-" "python-urllib3/1.26.5"
100.64.0.2 - - [03/Dec/2025:23:09:33 +0000] "GET /v2.0/networks/513133cf-40c0-4dbf-b5e5-4462e5d4c199?fields=segments HTTP/1.1" 200 14 "-" "python-neutronclient"
100.64.0.2 - - [03/Dec/2025:23:09:33 +0000] "GET /v2.0/networks/513133cf-40c0-4dbf-b5e5-4462e5d4c199?fields=provider%3Aphysical_network&fields=provider%3Anetwork_type HTTP/1.1" 200 79 "-" "python-neutronclient"
10.128.0.2 - - [03/Dec/2025:23:09:33 +0000] "DELETE /v2.0/subnets/8dd5fbe2-1d1e-4be2-98cf-6cf5ab2d7756 HTTP/1.1" 204 - "-" "python-urllib3/1.26.5"
10.128.0.2 - - [03/Dec/2025:23:09:34 +0000] "DELETE /v2.0/floatingips/08e0fff8-6b09-43b3-82a1-fb7dc5a700a0 HTTP/1.1" 204 - "-" "python-urllib3/1.26.5"
10.128.0.2 - - [03/Dec/2025:23:09:34 +0000] "DELETE /v2.0/routers/a7f2ec81-7438-414c-a8eb-936c5b622189 HTTP/1.1" 204 - "-" "python-urllib3/1.26.5"
100.64.0.2 - - [03/Dec/2025:23:09:36 +0000] "GET /v2.0/ports?tenant_id=392542f6ffae4fd4801c87a6dbbba04a&device_id=7b48153c-3fed-4bee-b64f-e23d8ac0a43b HTTP/1.1" 200 1620 "-" "python-neutronclient"
10.128.1.49 - - [03/Dec/2025:23:09:36 +0000] "GET /v2.0/ports?device_id=7b48153c-3fed-4bee-b64f-e23d8ac0a43b HTTP/1.1" 200 1353 "-" "python-neutronclient"
100.64.0.2 - - [03/Dec/2025:23:09:36 +0000] "GET /v2.0/networks?id=513133cf-40c0-4dbf-b5e5-4462e5d4c199 HTTP/1.1" 200 812 "-" "python-neutronclient"
100.64.0.2 - - [03/Dec/2025:23:09:36 +0000] "GET /v2.0/floatingips?fixed_ip_address=10.100.0.10&port_id=2ec2e633-af31-478f-b73a-3364a0890de0 HTTP/1.1" 200 19 "-" "python-neutronclient"
100.64.0.2 - - [03/Dec/2025:23:09:36 +0000] "GET /v2.0/ports?device_id=7b48153c-3fed-4bee-b64f-e23d8ac0a43b HTTP/1.1" 200 1351 "-" "python-neutronclient"
10.128.1.49 - - [03/Dec/2025:23:09:36 +0000] "GET /v2.0/security-groups?id=532d4f39-74f9-4e5e-8190-dd55991e0135&fields=id&fields=name HTTP/1.1" 200 114 "-" "python-neutronclient"
100.64.0.2 - - [03/Dec/2025:23:09:37 +0000] "GET /v2.0/floatingips?fixed_ip_address=2001%3Adb8%3A%3Af816%3A3eff%3Afe40%3Afe12&port_id=2ec2e633-af31-478f-b73a-3364a0890de0 HTTP/1.1" 200 19 "-" "python-neutronclient"
100.64.0.2 - - [03/Dec/2025:23:09:37 +0000] "GET /v2.0/subnets?id=bf8f627e-5b47-4d44-9559-ab60c2136024&id=c5478882-386d-4c5b-9fb1-e7d51113a201 HTTP/1.1" 200 1304 "-" "python-neutronclient"
100.64.0.2 - - [03/Dec/2025:23:09:38 +0000] "GET /v2.0/ports?network_id=513133cf-40c0-4dbf-b5e5-4462e5d4c199&device_owner=network%3Adhcp HTTP/1.1" 200 12 "-" "python-neutronclient"
10.128.0.2 - - [03/Dec/2025:23:09:36 +0000] "DELETE /v2.0/networks/04d0b534-93b9-4fa9-a326-6adc0b807780 HTTP/1.1" 204 - "-" "python-urllib3/1.26.5"
100.64.0.2 - - [03/Dec/2025:23:09:38 +0000] "GET /v2.0/ports?network_id=513133cf-40c0-4dbf-b5e5-4462e5d4c199&device_owner=network%3Adhcp HTTP/1.1" 200 12 "-" "python-neutronclient"
100.64.0.2 - - [03/Dec/2025:23:09:37 +0000] "DELETE /v2.0/ports/2ec2e633-af31-478f-b73a-3364a0890de0 HTTP/1.1" 204 - "-" "python-neutronclient"
100.64.0.2 - - [03/Dec/2025:23:09:38 +0000] "GET /v2.0/networks/513133cf-40c0-4dbf-b5e5-4462e5d4c199?fields=segments HTTP/1.1" 200 14 "-" "python-neutronclient"
100.64.0.2 - - [03/Dec/2025:23:09:38 +0000] "GET /v2.0/networks/513133cf-40c0-4dbf-b5e5-4462e5d4c199?fields=provider%3Aphysical_network&fields=provider%3Anetwork_type HTTP/1.1" 200 79 "-" "python-neutronclient"
10.128.0.2 - - [03/Dec/2025:23:09:38 +0000] "POST /v2.0/networks HTTP/1.1" 201 652 "-" "python-urllib3/1.26.5"
10.128.0.2 - - [03/Dec/2025:23:09:38 +0000] "PUT /v2.0/routers/d301157f-5f7c-41f8-bdcf-501414a17eab/remove_router_interface HTTP/1.1" 200 309 "-" "python-urllib3/1.26.5"
10.128.0.2 - - [03/Dec/2025:23:09:39 +0000] "DELETE /v2.0/subnets/c5478882-386d-4c5b-9fb1-e7d51113a201 HTTP/1.1" 204 - "-" "python-urllib3/1.26.5"
10.128.0.2 - - [03/Dec/2025:23:09:39 +0000] "POST /v2.0/routers HTTP/1.1" 201 672 "-" "python-urllib3/1.26.5"
10.128.0.2 - - [03/Dec/2025:23:09:41 +0000] "GET /v2.0/subnets?project_id=5f45986fc95543d5a0014e214c498f28&cidr=10.100.0.0%2F28 HTTP/1.1" 200 14 "-" "python-urllib3/1.26.5"
10.128.0.2 - - [03/Dec/2025:23:09:40 +0000] "PUT /v2.0/routers/d301157f-5f7c-41f8-bdcf-501414a17eab/remove_router_interface HTTP/1.1" 200 309 "-" "python-urllib3/1.26.5"
10.128.0.2 - - [03/Dec/2025:23:09:41 +0000] "GET /v2.0/networks?router%3Aexternal=True HTTP/1.1" 200 1567 "-" "python-urllib3/1.26.5"
10.128.0.2 - - [03/Dec/2025:23:09:42 +0000] "GET /v2.0/subnets?network_id=028583f1-6fe0-4d55-b869-739d10dff786&cidr=10.100.0.0%2F28 HTTP/1.1" 200 14 "-" "python-urllib3/1.26.5"
10.128.0.2 - - [03/Dec/2025:23:09:42 +0000] "GET /v2.0/subnets?network_id=27d6c5e6-f9ae-4cab-9ef3-af7441386ba8&cidr=10.100.0.0%2F28 HTTP/1.1" 200 14 "-" "python-urllib3/1.26.5"
10.128.0.2 - - [03/Dec/2025:23:09:42 +0000] "DELETE /v2.0/routers/d301157f-5f7c-41f8-bdcf-501414a17eab HTTP/1.1" 204 - "-" "python-urllib3/1.26.5"
10.128.0.2 - - [03/Dec/2025:23:09:43 +0000] "DELETE /v2.0/subnets/bf8f627e-5b47-4d44-9559-ab60c2136024 HTTP/1.1" 204 - "-" "python-urllib3/1.26.5"
10.128.0.2 - - [03/Dec/2025:23:09:43 +0000] "DELETE /v2.0/networks/513133cf-40c0-4dbf-b5e5-4462e5d4c199 HTTP/1.1" 204 - "-" "python-urllib3/1.26.5"
10.128.0.2 - - [03/Dec/2025:23:09:42 +0000] "POST /v2.0/subnets HTTP/1.1" 201 642 "-" "python-urllib3/1.26.5"
10.128.0.2 - - [03/Dec/2025:23:09:45 +0000] "DELETE /v2.0/security-groups/532d4f39-74f9-4e5e-8190-dd55991e0135 HTTP/1.1" 204 - "-" "python-urllib3/1.26.5"
10.128.0.2 - - [03/Dec/2025:23:09:46 +0000] "POST /v2.0/security-groups HTTP/1.1" 201 1611 "-" "python-urllib3/1.26.5"
10.128.0.2 - - [03/Dec/2025:23:09:46 +0000] "POST /v2.0/security-group-rules HTTP/1.1" 201 565 "-" "python-urllib3/1.26.5"
10.128.0.2 - - [03/Dec/2025:23:09:46 +0000] "POST /v2.0/security-group-rules HTTP/1.1" 201 564 "-" "python-urllib3/1.26.5"
10.128.0.2 - - [03/Dec/2025:23:09:46 +0000] "POST /v2.0/security-group-rules HTTP/1.1" 201 570 "-" "python-urllib3/1.26.5"
10.128.0.2 - - [03/Dec/2025:23:09:47 +0000] "POST /v2.0/security-group-rules HTTP/1.1" 201 569 "-" "python-urllib3/1.26.5"
10.128.0.2 - - [03/Dec/2025:23:09:48 +0000] "POST /v2.0/security-group-rules HTTP/1.1" 201 575 "-" "python-urllib3/1.26.5"
10.128.0.2 - - [03/Dec/2025:23:09:45 +0000] "PUT /v2.0/routers/f2731a47-7c99-40d8-9a7c-34655bcf906a/add_router_interface HTTP/1.1" 200 309 "-" "python-urllib3/1.26.5"
10.128.0.2 - - [03/Dec/2025:23:09:49 +0000] "POST /v2.0/security-group-rules HTTP/1.1" 201 574 "-" "python-urllib3/1.26.5"
10.128.0.2 - - [03/Dec/2025:23:09:49 +0000] "GET /v2.0/networks HTTP/1.1" 200 4567 "-" "python-urllib3/1.26.5"
10.128.0.2 - - [03/Dec/2025:23:09:50 +0000] "GET /v2.0/subnets HTTP/1.1" 200 3921 "-" "python-urllib3/1.26.5"
10.128.0.2 - - [03/Dec/2025:23:09:50 +0000] "GET /v2.0/routers HTTP/1.1" 200 1309 "-" "python-urllib3/1.26.5"
10.128.0.2 - - [03/Dec/2025:23:09:49 +0000] "POST /v2.0/networks HTTP/1.1" 201 652 "-" "python-urllib3/1.26.5"
10.128.0.2 - - [03/Dec/2025:23:09:50 +0000] "POST /v2.0/security-groups HTTP/1.1" 201 1613 "-" "python-urllib3/1.26.5"
10.128.0.2 - - [03/Dec/2025:23:09:51 +0000] "POST /v2.0/security-group-rules HTTP/1.1" 201 565 "-" "python-urllib3/1.26.5"
10.128.0.2 - - [03/Dec/2025:23:09:50 +0000] "POST /v2.0/networks HTTP/1.1" 201 651 "-" "python-urllib3/1.26.5"
10.128.0.2 - - [03/Dec/2025:23:09:51 +0000] "GET /v2.0/subnets?project_id=392542f6ffae4fd4801c87a6dbbba04a&cidr=10.100.0.0%2F28 HTTP/1.1" 200 14 "-" "python-urllib3/1.26.5"
10.128.0.2 - - [03/Dec/2025:23:09:51 +0000] "POST /v2.0/security-group-rules HTTP/1.1" 201 564 "-" "python-urllib3/1.26.5"
10.128.0.2 - - [03/Dec/2025:23:09:51 +0000] "GET /v2.0/networks?router%3Aexternal=True HTTP/1.1" 200 1567 "-" "python-urllib3/1.26.5"
10.128.0.2 - - [03/Dec/2025:23:09:51 +0000] "GET /v2.0/subnets?network_id=028583f1-6fe0-4d55-b869-739d10dff786&cidr=10.100.0.0%2F28 HTTP/1.1" 200 14 "-" "python-urllib3/1.26.5"
10.128.0.2 - - [03/Dec/2025:23:09:52 +0000] "GET /v2.0/subnets?network_id=27d6c5e6-f9ae-4cab-9ef3-af7441386ba8&cidr=10.100.0.0%2F28 HTTP/1.1" 200 14 "-" "python-urllib3/1.26.5"
10.128.0.2 - - [03/Dec/2025:23:09:51 +0000] "POST /v2.0/security-group-rules HTTP/1.1" 201 570 "-" "python-urllib3/1.26.5"
10.128.0.2 - - [03/Dec/2025:23:09:52 +0000] "POST /v2.0/security-group-rules HTTP/1.1" 201 569 "-" "python-urllib3/1.26.5"
10.128.0.2 - - [03/Dec/2025:23:09:53 +0000] "GET / HTTP/1.1" 200 122 "-" "kube-probe/1.31"
10.128.0.2 - - [03/Dec/2025:23:09:53 +0000] "GET / HTTP/1.1" 200 122 "-" "kube-probe/1.31"
10.128.0.2 - - [03/Dec/2025:23:09:53 +0000] "GET / HTTP/1.1" 200 122 "-" "kube-probe/1.31"
10.128.0.2 - - [03/Dec/2025:23:09:53 +0000] "POST /v2.0/security-group-rules HTTP/1.1" 201 575 "-" "python-urllib3/1.26.5"
10.128.0.2 - - [03/Dec/2025:23:09:53 +0000] "POST /v2.0/security-group-rules HTTP/1.1" 201 574 "-" "python-urllib3/1.26.5"
10.128.0.2 - - [03/Dec/2025:23:09:52 +0000] "POST /v2.0/subnets HTTP/1.1" 201 625 "-" "python-urllib3/1.26.5"
10.128.1.49 - - [03/Dec/2025:23:09:54 +0000] "GET /v2.0/security-groups?name=tempest-secgroup-smoke-1215746083&fields=id&tenant_id=5f45986fc95543d5a0014e214c498f28 HTTP/1.1" 200 69 "-" "python-neutronclient"
10.128.1.49 - - [03/Dec/2025:23:09:54 +0000] "GET /v2.0/networks?id=ae225d44-ea98-4844-a8e7-7ccc55d3ab30 HTTP/1.1" 200 674 "-" "python-neutronclient"
10.128.1.49 - - [03/Dec/2025:23:09:54 +0000] "GET /v2.0/quotas/5f45986fc95543d5a0014e214c498f28 HTTP/1.1" 200 187 "-" "python-neutronclient"
10.128.1.49 - - [03/Dec/2025:23:09:54 +0000] "GET /v2.0/ports?tenant_id=5f45986fc95543d5a0014e214c498f28&fields=id HTTP/1.1" 200 103 "-" "python-neutronclient"
10.128.1.49 - - [03/Dec/2025:23:09:55 +0000] "GET /v2.0/networks/ae225d44-ea98-4844-a8e7-7ccc55d3ab30?fields=segments HTTP/1.1" 200 14 "-" "python-neutronclient"
10.128.1.49 - - [03/Dec/2025:23:09:55 +0000] "GET /v2.0/networks/ae225d44-ea98-4844-a8e7-7ccc55d3ab30?fields=provider%3Aphysical_network&fields=provider%3Anetwork_type HTTP/1.1" 200 79 "-" "python-neutronclient"
10.128.0.2 - - [03/Dec/2025:23:09:53 +0000] "POST /v2.0/routers HTTP/1.1" 201 670 "-" "python-urllib3/1.26.5"
10.128.1.51 - - [03/Dec/2025:23:09:56 +0000] "GET /v2.0/extensions HTTP/1.1" 200 17369 "-" "python-neutronclient"
10.128.1.49 - - [03/Dec/2025:23:09:56 +0000] "GET /v2.0/ports?device_id=464393c4-6c91-447f-a313-d2c1ddcdb2d6 HTTP/1.1" 200 12 "-" "python-neutronclient"
10.128.1.51 - - [03/Dec/2025:23:09:56 +0000] "GET /v2.0/subnets?network_id=ae225d44-ea98-4844-a8e7-7ccc55d3ab30&fields=segment_id HTTP/1.1" 200 33 "-" "python-neutronclient"
100.64.0.2 - - [03/Dec/2025:23:09:57 +0000] "GET /v2.0/networks?id=ae225d44-ea98-4844-a8e7-7ccc55d3ab30 HTTP/1.1" 200 674 "-" "python-neutronclient"
10.128.1.49 - - [03/Dec/2025:23:09:57 +0000] "GET /v2.0/ports?device_id=464393c4-6c91-447f-a313-d2c1ddcdb2d6 HTTP/1.1" 200 12 "-" "python-neutronclient"
100.64.0.2 - - [03/Dec/2025:23:09:57 +0000] "GET /v2.0/security-groups?fields=id&fields=name&tenant_id=5f45986fc95543d5a0014e214c498f28 HTTP/1.1" 200 181 "-" "python-neutronclient"
100.64.0.2 - - [03/Dec/2025:23:09:57 +0000] "POST /v2.0/ports HTTP/1.1" 201 963 "-" "python-neutronclient"
10.128.1.49 - - [03/Dec/2025:23:09:59 +0000] "GET /v2.0/ports?device_id=464393c4-6c91-447f-a313-d2c1ddcdb2d6 HTTP/1.1" 200 966 "-" "python-neutronclient"
10.128.1.49 - - [03/Dec/2025:23:09:59 +0000] "GET /v2.0/security-groups?id=c549d173-affc-42eb-93d1-7a91bacd9d0b&fields=id&fields=name HTTP/1.1" 200 114 "-" "python-neutronclient"
10.128.0.2 - - [03/Dec/2025:23:09:56 +0000] "PUT /v2.0/routers/f34170de-e233-4c1c-945b-2b44ecc464ce/add_router_interface HTTP/1.1" 200 309 "-" "python-urllib3/1.26.5"
10.128.0.2 - - [03/Dec/2025:23:09:59 +0000] "GET /v2.0/subnets?project_id=392542f6ffae4fd4801c87a6dbbba04a&cidr=2001%3Adb8%3A%3A%2F64 HTTP/1.1" 200 14 "-" "python-urllib3/1.26.5"
100.64.0.2 - - [03/Dec/2025:23:09:59 +0000] "PUT /v2.0/ports/096b56ce-ad0c-48dc-9c72-197a1b8addbe HTTP/1.1" 200 1317 "-" "python-neutronclient"
10.128.0.2 - - [03/Dec/2025:23:09:59 +0000] "GET /v2.0/networks?router%3Aexternal=True HTTP/1.1" 200 1567 "-" "python-urllib3/1.26.5"
10.128.0.2 - - [03/Dec/2025:23:10:00 +0000] "GET /v2.0/subnets?network_id=028583f1-6fe0-4d55-b869-739d10dff786&cidr=2001%3Adb8%3A%3A%2F64 HTTP/1.1" 200 14 "-" "python-urllib3/1.26.5"
100.64.0.2 - - [03/Dec/2025:23:10:00 +0000] "GET /v2.0/ports?tenant_id=5f45986fc95543d5a0014e214c498f28&device_id=464393c4-6c91-447f-a313-d2c1ddcdb2d6 HTTP/1.1" 200 1348 "-" "python-neutronclient"
10.128.0.2 - - [03/Dec/2025:23:10:00 +0000] "GET /v2.0/subnets?network_id=27d6c5e6-f9ae-4cab-9ef3-af7441386ba8&cidr=2001%3Adb8%3A%3A%2F64 HTTP/1.1" 200 14 "-" "python-urllib3/1.26.5"
100.64.0.2 - - [03/Dec/2025:23:10:00 +0000] "GET /v2.0/floatingips?fixed_ip_address=10.100.0.11&port_id=096b56ce-ad0c-48dc-9c72-197a1b8addbe HTTP/1.1" 200 19 "-" "python-neutronclient"
100.64.0.2 - - [03/Dec/2025:23:10:00 +0000] "GET /v2.0/subnets?id=51ff0618-cbce-4b59-b2c9-b5b964d9ea44 HTTP/1.1" 200 663 "-" "python-neutronclient"
10.128.1.49 - - [03/Dec/2025:23:10:00 +0000] "GET /v2.0/ports?device_id=464393c4-6c91-447f-a313-d2c1ddcdb2d6 HTTP/1.1" 200 1081 "-" "python-neutronclient"
100.64.0.2 - - [03/Dec/2025:23:10:00 +0000] "GET /v2.0/ports?network_id=ae225d44-ea98-4844-a8e7-7ccc55d3ab30&device_owner=network%3Adhcp HTTP/1.1" 200 12 "-" "python-neutronclient"
10.128.1.49 - - [03/Dec/2025:23:10:00 +0000] "GET /v2.0/security-groups?id=c549d173-affc-42eb-93d1-7a91bacd9d0b&fields=id&fields=name HTTP/1.1" 200 114 "-" "python-neutronclient"
100.64.0.2 - - [03/Dec/2025:23:10:01 +0000] "GET /v2.0/networks/ae225d44-ea98-4844-a8e7-7ccc55d3ab30?fields=segments HTTP/1.1" 200 14 "-" "python-neutronclient"
100.64.0.2 - - [03/Dec/2025:23:10:01 +0000] "GET /v2.0/networks/ae225d44-ea98-4844-a8e7-7ccc55d3ab30?fields=provider%3Aphysical_network&fields=provider%3Anetwork_type HTTP/1.1" 200 79 "-" "python-neutronclient"
100.64.0.2 - - [03/Dec/2025:23:10:01 +0000] "GET /v2.0/ports?tenant_id=5f45986fc95543d5a0014e214c498f28&device_id=464393c4-6c91-447f-a313-d2c1ddcdb2d6 HTTP/1.1" 200 1348 "-" "python-neutronclient"
100.64.0.2 - - [03/Dec/2025:23:10:01 +0000] "GET /v2.0/ports?device_id=464393c4-6c91-447f-a313-d2c1ddcdb2d6 HTTP/1.1" 200 1348 "-" "python-neutronclient"
100.64.0.2 - - [03/Dec/2025:23:10:01 +0000] "GET /v2.0/networks?id=ae225d44-ea98-4844-a8e7-7ccc55d3ab30 HTTP/1.1" 200 772 "-" "python-neutronclient"
100.64.0.2 - - [03/Dec/2025:23:10:01 +0000] "GET /v2.0/security-groups?id=c549d173-affc-42eb-93d1-7a91bacd9d0b&fields=id&fields=name HTTP/1.1" 200 114 "-" "python-neutronclient"
100.64.0.2 - - [03/Dec/2025:23:10:01 +0000] "GET /v2.0/floatingips?fixed_ip_address=10.100.0.11&port_id=096b56ce-ad0c-48dc-9c72-197a1b8addbe HTTP/1.1" 200 19 "-" "python-neutronclient"
10.128.0.2 - - [03/Dec/2025:23:10:00 +0000] "POST /v2.0/subnets HTTP/1.1" 201 650 "-" "python-urllib3/1.26.5"
100.64.0.2 - - [03/Dec/2025:23:10:01 +0000] "GET /v2.0/subnets?id=51ff0618-cbce-4b59-b2c9-b5b964d9ea44 HTTP/1.1" 200 663 "-" "python-neutronclient"
10.128.1.49 - - [03/Dec/2025:23:10:02 +0000] "GET /v2.0/ports?device_id=464393c4-6c91-447f-a313-d2c1ddcdb2d6 HTTP/1.1" 200 1081 "-" "python-neutronclient"
100.64.0.2 - - [03/Dec/2025:23:10:02 +0000] "GET /v2.0/ports?network_id=ae225d44-ea98-4844-a8e7-7ccc55d3ab30&device_owner=network%3Adhcp HTTP/1.1" 200 12 "-" "python-neutronclient"
10.128.1.49 - - [03/Dec/2025:23:10:02 +0000] "GET /v2.0/security-groups?id=c549d173-affc-42eb-93d1-7a91bacd9d0b&fields=id&fields=name HTTP/1.1" 200 114 "-" "python-neutronclient"
100.64.0.2 - - [03/Dec/2025:23:10:02 +0000] "GET /v2.0/networks/ae225d44-ea98-4844-a8e7-7ccc55d3ab30?fields=segments HTTP/1.1" 200 14 "-" "python-neutronclient"
100.64.0.2 - - [03/Dec/2025:23:10:02 +0000] "GET /v2.0/networks/ae225d44-ea98-4844-a8e7-7ccc55d3ab30?fields=provider%3Aphysical_network&fields=provider%3Anetwork_type HTTP/1.1" 200 79 "-" "python-neutronclient"
10.128.1.49 - - [03/Dec/2025:23:10:03 +0000] "GET /v2.0/ports?device_id=464393c4-6c91-447f-a313-d2c1ddcdb2d6 HTTP/1.1" 200 1081 "-" "python-neutronclient"
10.128.1.49 - - [03/Dec/2025:23:10:03 +0000] "GET /v2.0/security-groups?id=c549d173-affc-42eb-93d1-7a91bacd9d0b&fields=id&fields=name HTTP/1.1" 200 114 "-" "python-neutronclient"
10.128.0.2 - - [03/Dec/2025:23:10:02 +0000] "PUT /v2.0/routers/f34170de-e233-4c1c-945b-2b44ecc464ce/add_router_interface HTTP/1.1" 200 309 "-" "python-urllib3/1.26.5"
10.128.1.49 - - [03/Dec/2025:23:10:05 +0000] "GET /v2.0/ports?device_id=464393c4-6c91-447f-a313-d2c1ddcdb2d6 HTTP/1.1" 200 1081 "-" "python-neutronclient"
10.128.1.49 - - [03/Dec/2025:23:10:05 +0000] "GET /v2.0/security-groups?id=c549d173-affc-42eb-93d1-7a91bacd9d0b&fields=id&fields=name HTTP/1.1" 200 114 "-" "python-neutronclient"
10.128.1.49 - - [03/Dec/2025:23:10:05 +0000] "GET /v2.0/security-groups?name=tempest-secgroup-smoke-939700467&fields=id&tenant_id=392542f6ffae4fd4801c87a6dbbba04a HTTP/1.1" 200 69 "-" "python-neutronclient"
10.128.1.49 - - [03/Dec/2025:23:10:05 +0000] "GET /v2.0/networks?id=4902d41d-e0eb-48a3-aa37-6b2ae8b1e513&id=ec4c4e01-a16f-4280-a7ea-c2bad7e485bb HTTP/1.1" 200 1333 "-" "python-neutronclient"
10.128.1.49 - - [03/Dec/2025:23:10:07 +0000] "GET /v2.0/quotas/392542f6ffae4fd4801c87a6dbbba04a HTTP/1.1" 200 187 "-" "python-neutronclient"
10.128.1.49 - - [03/Dec/2025:23:10:06 +0000] "GET /v2.0/ports?device_id=464393c4-6c91-447f-a313-d2c1ddcdb2d6 HTTP/1.1" 200 1083 "-" "python-neutronclient"
10.128.1.49 - - [03/Dec/2025:23:10:08 +0000] "GET /v2.0/security-groups?id=c549d173-affc-42eb-93d1-7a91bacd9d0b&fields=id&fields=name HTTP/1.1" 200 114 "-" "python-neutronclient"
10.128.1.49 - - [03/Dec/2025:23:10:08 +0000] "GET /v2.0/ports?tenant_id=392542f6ffae4fd4801c87a6dbbba04a&fields=id HTTP/1.1" 200 195 "-" "python-neutronclient"
10.128.1.49 - - [03/Dec/2025:23:10:09 +0000] "GET /v2.0/networks/4902d41d-e0eb-48a3-aa37-6b2ae8b1e513?fields=segments HTTP/1.1" 200 14 "-" "python-neutronclient"
10.128.1.49 - - [03/Dec/2025:23:10:09 +0000] "GET /v2.0/networks/4902d41d-e0eb-48a3-aa37-6b2ae8b1e513?fields=provider%3Aphysical_network&fields=provider%3Anetwork_type HTTP/1.1" 200 79 "-" "python-neutronclient"
10.128.1.49 - - [03/Dec/2025:23:10:09 +0000] "GET /v2.0/ports?device_id=464393c4-6c91-447f-a313-d2c1ddcdb2d6 HTTP/1.1" 200 1083 "-" "python-neutronclient"
10.128.1.49 - - [03/Dec/2025:23:10:09 +0000] "GET /v2.0/security-groups?id=c549d173-affc-42eb-93d1-7a91bacd9d0b&fields=id&fields=name HTTP/1.1" 200 114 "-" "python-neutronclient"
10.128.1.49 - - [03/Dec/2025:23:10:09 +0000] "GET /v2.0/networks/ec4c4e01-a16f-4280-a7ea-c2bad7e485bb?fields=segments HTTP/1.1" 200 14 "-" "python-neutronclient"
10.128.0.2 - - [03/Dec/2025:23:10:09 +0000] "GET /v2.0/ports?device_id=464393c4-6c91-447f-a313-d2c1ddcdb2d6 HTTP/1.1" 200 1350 "-" "python-urllib3/1.26.5"
10.128.1.49 - - [03/Dec/2025:23:10:09 +0000] "GET /v2.0/networks/ec4c4e01-a16f-4280-a7ea-c2bad7e485bb?fields=provider%3Aphysical_network&fields=provider%3Anetwork_type HTTP/1.1" 200 79 "-" "python-neutronclient"
10.128.1.51 - - [03/Dec/2025:23:10:10 +0000] "GET /v2.0/extensions HTTP/1.1" 200 17369 "-" "python-neutronclient"
10.128.1.49 - - [03/Dec/2025:23:10:10 +0000] "GET /v2.0/ports?device_id=3221810f-4c50-4788-bb79-d4d296ea7fab HTTP/1.1" 200 12 "-" "python-neutronclient"
10.128.1.51 - - [03/Dec/2025:23:10:11 +0000] "GET /v2.0/subnets?network_id=4902d41d-e0eb-48a3-aa37-6b2ae8b1e513&fields=segment_id HTTP/1.1" 200 33 "-" "python-neutronclient"
10.128.1.51 - - [03/Dec/2025:23:10:11 +0000] "GET /v2.0/subnets?network_id=ec4c4e01-a16f-4280-a7ea-c2bad7e485bb&fields=segment_id HTTP/1.1" 200 33 "-" "python-neutronclient"
10.128.1.49 - - [03/Dec/2025:23:10:12 +0000] "GET /v2.0/ports?device_id=3221810f-4c50-4788-bb79-d4d296ea7fab HTTP/1.1" 200 12 "-" "python-neutronclient"
100.64.0.2 - - [03/Dec/2025:23:10:12 +0000] "GET /v2.0/networks?id=4902d41d-e0eb-48a3-aa37-6b2ae8b1e513&id=ec4c4e01-a16f-4280-a7ea-c2bad7e485bb HTTP/1.1" 200 1333 "-" "python-neutronclient"
100.64.0.2 - - [03/Dec/2025:23:10:12 +0000] "GET /v2.0/security-groups?fields=id&fields=name&tenant_id=392542f6ffae4fd4801c87a6dbbba04a HTTP/1.1" 200 180 "-" "python-neutronclient"
10.128.0.2 - - [03/Dec/2025:23:10:10 +0000] "POST /v2.0/floatingips HTTP/1.1" 201 882 "-" "python-urllib3/1.26.5"
10.128.0.2 - - [03/Dec/2025:23:10:13 +0000] "GET /v2.0/floatingips/e2eafa9f-106c-48e4-8922-9e8458e94234 HTTP/1.1" 200 884 "-" "python-urllib3/1.26.5"
100.64.0.2 - - [03/Dec/2025:23:10:13 +0000] "GET /v2.0/ports?tenant_id=5f45986fc95543d5a0014e214c498f28&device_id=464393c4-6c91-447f-a313-d2c1ddcdb2d6 HTTP/1.1" 200 1350 "-" "python-neutronclient"
100.64.0.2 - - [03/Dec/2025:23:10:13 +0000] "POST /v2.0/ports HTTP/1.1" 201 959 "-" "python-neutronclient"
10.128.1.49 - - [03/Dec/2025:23:10:13 +0000] "GET /v2.0/ports?device_id=3221810f-4c50-4788-bb79-d4d296ea7fab HTTP/1.1" 200 962 "-" "python-neutronclient"
