10.128.0.2 - - [03/Dec/2025:22:50:52 +0000] "POST /v2.0/floatingips HTTP/1.1" 201 578 "-" "python-urllib3/1.26.5"
10.128.0.2 - - [03/Dec/2025:22:50:53 +0000] "POST /v2.0/subnets HTTP/1.1" 201 1275 "-" "python-urllib3/1.26.5"
10.128.0.2 - - [03/Dec/2025:22:50:56 +0000] "DELETE /v2.0/security-groups/acc820e6-3b14-4030-ad86-4dd250f0a108 HTTP/1.1" 204 - "-" "python-urllib3/1.26.5"
10.128.0.2 - - [03/Dec/2025:22:50:57 +0000] "GET /v2.0/subnets HTTP/1.1" 200 1875 "-" "python-urllib3/1.26.5"
10.128.1.49 - - [03/Dec/2025:22:50:56 +0000] "GET /v2.0/ports?tenant_id=82e872fe50a84e02b3cb45cf1bf487e1&fields=id HTTP/1.1" 200 103 "-" "python-neutronclient"
10.128.1.49 - - [03/Dec/2025:22:50:58 +0000] "GET /v2.0/extensions HTTP/1.1" 200 17369 "-" "python-neutronclient"
10.128.1.49 - - [03/Dec/2025:22:50:56 +0000] "POST /v2.0/security-group-rules HTTP/1.1" 201 587 "-" "python-neutronclient"
10.128.0.2 - - [03/Dec/2025:22:50:54 +0000] "PUT /v2.0/routers/8fbd3b5c-0986-4970-8175-6033d3d59851/add_router_interface HTTP/1.1" 200 309 "-" "python-urllib3/1.26.5"
10.128.0.2 - - [03/Dec/2025:22:50:57 +0000] "DELETE /v2.0/subnets/23506535-5fe3-4419-a247-2dd1bf16fde3 HTTP/1.1" 204 - "-" "python-urllib3/1.26.5"
10.128.1.49 - - [03/Dec/2025:22:50:58 +0000] "GET /v2.0/networks/fdd3e8f4-8725-4c02-909e-104182ed0624?fields=segments HTTP/1.1" 200 14 "-" "python-neutronclient"
10.128.0.2 - - [03/Dec/2025:22:50:54 +0000] "POST /v2.0/networks HTTP/1.1" 201 763 "-" "python-urllib3/1.26.5"
10.128.1.49 - - [03/Dec/2025:22:50:58 +0000] "GET /v2.0/security-groups/45225070-db1c-4ef4-948f-d2c63ebf81c5 HTTP/1.1" 200 1617 "-" "python-neutronclient"
10.128.0.2 - - [03/Dec/2025:22:50:59 +0000] "DELETE /v2.0/subnets/fc6b1a84-b08d-42b9-af81-3caaf64e8b7f HTTP/1.1" 204 - "-" "python-urllib3/1.26.5"
10.128.0.2 - - [03/Dec/2025:22:50:59 +0000] "GET /v2.0/ports/11e94d49-d038-4901-8ccd-937ffe0c1036 HTTP/1.1" 200 948 "-" "python-urllib3/1.26.5"
10.128.1.49 - - [03/Dec/2025:22:50:59 +0000] "GET /v2.0/networks/fdd3e8f4-8725-4c02-909e-104182ed0624?fields=provider%3Aphysical_network&fields=provider%3Anetwork_type HTTP/1.1" 200 79 "-" "python-neutronclient"
10.128.0.2 - - [03/Dec/2025:22:50:59 +0000] "GET /v2.0/subnets HTTP/1.1" 200 613 "-" "python-urllib3/1.26.5"
10.128.0.2 - - [03/Dec/2025:22:50:59 +0000] "POST /v2.0/subnets HTTP/1.1" 201 664 "-" "python-urllib3/1.26.5"
10.128.0.2 - - [03/Dec/2025:22:50:53 +0000] "PUT /v2.0/routers/0baa50f1-e3db-4a46-b2b0-a5d2c90f2747/add_router_interface HTTP/1.1" 200 309 "-" "python-urllib3/1.26.5"
10.128.0.2 - - [03/Dec/2025:22:50:52 +0000] "POST /v2.0/routers HTTP/1.1" 201 672 "-" "python-urllib3/1.26.5"
10.128.1.49 - - [03/Dec/2025:22:50:59 +0000] "DELETE /v2.0/security-groups/45225070-db1c-4ef4-948f-d2c63ebf81c5 HTTP/1.1" 204 - "-" "python-neutronclient"
10.128.0.2 - - [03/Dec/2025:22:51:00 +0000] "DELETE /v2.0/networks/97602b29-a7ed-47a2-b7ab-05000ed7782c HTTP/1.1" 204 - "-" "python-urllib3/1.26.5"
10.128.0.2 - - [03/Dec/2025:22:51:01 +0000] "GET /v2.0/ports/039804f0-e99d-44c6-b72d-15442f1267cc HTTP/1.1" 200 950 "-" "python-urllib3/1.26.5"
10.128.1.51 - - [03/Dec/2025:22:51:01 +0000] "GET /v2.0/extensions HTTP/1.1" 200 17369 "-" "python-neutronclient"
10.128.1.49 - - [03/Dec/2025:22:51:01 +0000] "GET /v2.0/security-groups?name=tempest-securitygroup--310247942&fields=id&tenant_id=6189962f722744cb85a5bfb3f959d630 HTTP/1.1" 200 69 "-" "python-neutronclient"
10.128.1.51 - - [03/Dec/2025:22:51:01 +0000] "GET /v2.0/subnets?network_id=fdd3e8f4-8725-4c02-909e-104182ed0624&fields=segment_id HTTP/1.1" 200 33 "-" "python-neutronclient"
10.128.1.49 - - [03/Dec/2025:22:51:01 +0000] "GET /v2.0/networks?id=b61926e1-2767-4f8d-959e-1164131f2700 HTTP/1.1" 200 689 "-" "python-neutronclient"
10.128.1.49 - - [03/Dec/2025:22:51:02 +0000] "GET /v2.0/security-groups?name=tempest-securitygroup--609430097&fields=id&tenant_id=31279a5177e9407e889316d45724f66e HTTP/1.1" 200 69 "-" "python-neutronclient"
10.128.0.2 - - [03/Dec/2025:22:51:01 +0000] "DELETE /v2.0/networks/61ee34ad-a0a3-4048-824a-50806be1123c HTTP/1.1" 204 - "-" "python-urllib3/1.26.5"
10.128.1.49 - - [03/Dec/2025:22:51:02 +0000] "GET /v2.0/quotas/6189962f722744cb85a5bfb3f959d630 HTTP/1.1" 200 187 "-" "python-neutronclient"
10.128.1.49 - - [03/Dec/2025:22:51:02 +0000] "GET /v2.0/networks?id=c899c1b0-0d25-41b2-96f1-44bb3fb30f0c HTTP/1.1" 200 697 "-" "python-neutronclient"
10.128.1.49 - - [03/Dec/2025:22:51:03 +0000] "GET /v2.0/ports?tenant_id=6189962f722744cb85a5bfb3f959d630&fields=id HTTP/1.1" 200 103 "-" "python-neutronclient"
10.128.1.49 - - [03/Dec/2025:22:51:03 +0000] "GET /v2.0/quotas/31279a5177e9407e889316d45724f66e HTTP/1.1" 200 187 "-" "python-neutronclient"
10.128.0.2 - - [03/Dec/2025:22:50:54 +0000] "POST /v2.0/subnets HTTP/1.1" 201 1225 "-" "python-urllib3/1.26.5"
10.128.1.49 - - [03/Dec/2025:22:51:03 +0000] "GET /v2.0/networks/b61926e1-2767-4f8d-959e-1164131f2700?fields=segments HTTP/1.1" 200 14 "-" "python-neutronclient"
10.128.0.2 - - [03/Dec/2025:22:51:04 +0000] "GET /v2.0/subnets HTTP/1.1" 200 1825 "-" "python-urllib3/1.26.5"
10.128.1.49 - - [03/Dec/2025:22:51:03 +0000] "GET /v2.0/ports?tenant_id=31279a5177e9407e889316d45724f66e&fields=id HTTP/1.1" 200 103 "-" "python-neutronclient"
10.128.1.49 - - [03/Dec/2025:22:51:04 +0000] "GET /v2.0/networks/b61926e1-2767-4f8d-959e-1164131f2700?fields=provider%3Aphysical_network&fields=provider%3Anetwork_type HTTP/1.1" 200 79 "-" "python-neutronclient"
100.64.0.2 - - [03/Dec/2025:22:51:04 +0000] "GET /v2.0/networks?id=fdd3e8f4-8725-4c02-909e-104182ed0624 HTTP/1.1" 200 682 "-" "python-neutronclient"
10.128.1.51 - - [03/Dec/2025:22:51:04 +0000] "GET /v2.0/extensions HTTP/1.1" 200 17369 "-" "python-neutronclient"
10.128.1.49 - - [03/Dec/2025:22:51:04 +0000] "GET /v2.0/extensions HTTP/1.1" 200 17369 "-" "python-neutronclient"
10.128.0.2 - - [03/Dec/2025:22:51:02 +0000] "DELETE /v2.0/networks/02f5a6ee-738e-4baf-9ade-a0ae4b58a20b HTTP/1.1" 204 - "-" "python-urllib3/1.26.5"
100.64.0.2 - - [03/Dec/2025:22:51:04 +0000] "GET /v2.0/security-groups?fields=id&fields=name&tenant_id=82e872fe50a84e02b3cb45cf1bf487e1 HTTP/1.1" 200 181 "-" "python-neutronclient"
10.128.1.49 - - [03/Dec/2025:22:51:04 +0000] "GET /v2.0/security-groups/34ffa16d-b81e-423f-aa14-b4bc9602e360 HTTP/1.1" 200 2810 "-" "python-neutronclient"
10.128.0.2 - - [03/Dec/2025:22:51:04 +0000] "DELETE /v2.0/subnets/04452eed-dbc1-4a7d-92d6-58f84d03fd01 HTTP/1.1" 204 - "-" "python-urllib3/1.26.5"
10.128.1.51 - - [03/Dec/2025:22:51:04 +0000] "GET /v2.0/subnets?network_id=b61926e1-2767-4f8d-959e-1164131f2700&fields=segment_id HTTP/1.1" 200 33 "-" "python-neutronclient"
10.128.1.49 - - [03/Dec/2025:22:51:05 +0000] "GET /v2.0/networks/c899c1b0-0d25-41b2-96f1-44bb3fb30f0c?fields=segments HTTP/1.1" 200 14 "-" "python-neutronclient"
10.128.0.2 - - [03/Dec/2025:22:51:01 +0000] "POST /v2.0/routers HTTP/1.1" 201 671 "-" "python-urllib3/1.26.5"
10.128.1.49 - - [03/Dec/2025:22:51:06 +0000] "GET /v2.0/networks/c899c1b0-0d25-41b2-96f1-44bb3fb30f0c?fields=provider%3Aphysical_network&fields=provider%3Anetwork_type HTTP/1.1" 200 79 "-" "python-neutronclient"
10.128.1.49 - - [03/Dec/2025:22:51:06 +0000] "GET /v2.0/ports?device_id=137ac8b1-4c65-4d79-83de-05381c78c147 HTTP/1.1" 200 12 "-" "python-neutronclient"
10.128.0.2 - - [03/Dec/2025:22:51:03 +0000] "POST /v2.0/networks HTTP/1.1" 201 650 "-" "python-urllib3/1.26.5"
10.128.1.51 - - [03/Dec/2025:22:51:06 +0000] "GET /v2.0/extensions HTTP/1.1" 200 17369 "-" "python-neutronclient"
10.128.1.49 - - [03/Dec/2025:22:51:06 +0000] "GET /v2.0/security-groups/45225070-db1c-4ef4-948f-d2c63ebf81c5 HTTP/1.1" 404 146 "-" "python-neutronclient"
10.128.0.2 - - [03/Dec/2025:22:50:59 +0000] "PUT /v2.0/routers/8fbd3b5c-0986-4970-8175-6033d3d59851/add_router_interface HTTP/1.1" 200 309 "-" "python-urllib3/1.26.5"
10.128.1.49 - - [03/Dec/2025:22:51:06 +0000] "GET /v2.0/ports?device_id=1ea8a783-20e2-42bb-a54e-ae3c48deeae9 HTTP/1.1" 200 12 "-" "python-neutronclient"
10.128.1.51 - - [03/Dec/2025:22:51:06 +0000] "GET /v2.0/subnets?network_id=c899c1b0-0d25-41b2-96f1-44bb3fb30f0c&fields=segment_id HTTP/1.1" 200 33 "-" "python-neutronclient"
10.128.0.2 - - [03/Dec/2025:22:51:06 +0000] "DELETE /v2.0/subnets/c4b1f498-2574-4fb1-97ae-aa1ccf9a4b50 HTTP/1.1" 204 - "-" "python-urllib3/1.26.5"
10.128.1.49 - - [03/Dec/2025:22:51:07 +0000] "GET /v2.0/ports?device_id=f2567b69-178d-4b15-ad1c-5cee17217770 HTTP/1.1" 200 12 "-" "python-neutronclient"
100.64.0.2 - - [03/Dec/2025:22:51:05 +0000] "POST /v2.0/ports HTTP/1.1" 201 963 "-" "python-neutronclient"
10.128.1.49 - - [03/Dec/2025:22:51:07 +0000] "GET /v2.0/security-group-rules/7d316731-91aa-44ff-97a1-0b7badc0f44d HTTP/1.1" 200 584 "-" "python-neutronclient"
10.128.1.49 - - [03/Dec/2025:22:51:08 +0000] "GET /v2.0/security-groups/e3897476-00fa-46e9-bdc6-534ff277d366 HTTP/1.1" 200 1616 "-" "python-neutronclient"
100.64.0.2 - - [03/Dec/2025:22:51:08 +0000] "GET /v2.0/extensions HTTP/1.1" 200 17369 "-" "python-neutronclient"
10.128.0.2 - - [03/Dec/2025:22:51:08 +0000] "GET /v2.0/subnets HTTP/1.1" 200 613 "-" "python-urllib3/1.26.5"
10.128.0.2 - - [03/Dec/2025:22:51:07 +0000] "GET /v2.0/ports/02b9c9c8-ce90-4c75-a155-c5313d90f3fa HTTP/1.1" 200 946 "-" "python-urllib3/1.26.5"
10.128.0.2 - - [03/Dec/2025:22:51:01 +0000] "PUT /v2.0/routers/6fe06a1a-8b5f-4694-914c-f339318b9cd7/add_router_interface HTTP/1.1" 200 309 "-" "python-urllib3/1.26.5"
10.128.1.49 - - [03/Dec/2025:22:51:08 +0000] "GET /v2.0/security-groups/34ffa16d-b81e-423f-aa14-b4bc9602e360 HTTP/1.1" 200 2810 "-" "python-neutronclient"
100.64.0.2 - - [03/Dec/2025:22:51:07 +0000] "GET /v2.0/networks?id=b61926e1-2767-4f8d-959e-1164131f2700 HTTP/1.1" 200 689 "-" "python-neutronclient"
100.64.0.2 - - [03/Dec/2025:22:51:08 +0000] "GET /v2.0/networks?id=c899c1b0-0d25-41b2-96f1-44bb3fb30f0c HTTP/1.1" 200 697 "-" "python-neutronclient"
10.128.1.49 - - [03/Dec/2025:22:51:08 +0000] "DELETE /v2.0/security-groups/e3897476-00fa-46e9-bdc6-534ff277d366 HTTP/1.1" 204 - "-" "python-neutronclient"
100.64.0.2 - - [03/Dec/2025:22:51:08 +0000] "GET /v2.0/security-groups?fields=id&fields=name&tenant_id=31279a5177e9407e889316d45724f66e HTTP/1.1" 200 180 "-" "python-neutronclient"
10.128.0.2 - - [03/Dec/2025:22:51:01 +0000] "PUT /v2.0/routers/0baa50f1-e3db-4a46-b2b0-a5d2c90f2747/add_router_interface HTTP/1.1" 200 309 "-" "python-urllib3/1.26.5"
10.128.1.49 - - [03/Dec/2025:22:51:09 +0000] "GET /v2.0/ports?device_id=137ac8b1-4c65-4d79-83de-05381c78c147 HTTP/1.1" 200 966 "-" "python-neutronclient"
10.128.1.49 - - [03/Dec/2025:22:51:09 +0000] "GET /v2.0/security-groups?id=96754d76-790f-4e7f-a8a3-d1ea50fee867&fields=id&fields=name HTTP/1.1" 200 114 "-" "python-neutronclient"
100.64.0.2 - - [03/Dec/2025:22:51:08 +0000] "GET /v2.0/security-groups?fields=id&fields=name&tenant_id=6189962f722744cb85a5bfb3f959d630 HTTP/1.1" 200 180 "-" "python-neutronclient"
10.128.0.2 - - [03/Dec/2025:22:51:05 +0000] "DELETE /v2.0/networks/5aa753da-8446-484d-83c8-2401f3c5c2c2 HTTP/1.1" 204 - "-" "python-urllib3/1.26.5"
10.128.1.49 - - [03/Dec/2025:22:51:09 +0000] "GET /v2.0/ports?device_id=1ea8a783-20e2-42bb-a54e-ae3c48deeae9 HTTP/1.1" 200 12 "-" "python-neutronclient"
10.128.0.2 - - [03/Dec/2025:22:51:08 +0000] "POST /v2.0/ports HTTP/1.1" 201 963 "-" "python-urllib3/1.26.5"
10.128.0.2 - - [03/Dec/2025:22:51:09 +0000] "GET /v2.0/ports/8a98f69c-8e53-4a09-9cad-0bbe3d1a55a3 HTTP/1.1" 200 958 "-" "python-urllib3/1.26.5"
10.128.0.2 - - [03/Dec/2025:22:51:06 +0000] "POST /v2.0/ports HTTP/1.1" 201 743 "-" "python-urllib3/1.26.5"
10.128.1.49 - - [03/Dec/2025:22:51:10 +0000] "GET /v2.0/security-groups/e3897476-00fa-46e9-bdc6-534ff277d366 HTTP/1.1" 404 146 "-" "python-neutronclient"
100.64.0.2 - - [03/Dec/2025:22:51:09 +0000] "POST /v2.0/ports HTTP/1.1" 201 959 "-" "python-neutronclient"
10.128.1.49 - - [03/Dec/2025:22:51:08 +0000] "DELETE /v2.0/security-group-rules/7d316731-91aa-44ff-97a1-0b7badc0f44d HTTP/1.1" 204 - "-" "python-neutronclient"
10.128.0.2 - - [03/Dec/2025:22:51:10 +0000] "GET /v2.0/security-groups?tenant_id=29021e365a014f149392b11a9c50beaa&name=default HTTP/1.1" 200 2797 "-" "python-urllib3/1.26.5"
10.128.0.2 - - [03/Dec/2025:22:51:10 +0000] "POST /v2.0/ports HTTP/1.1" 201 964 "-" "python-urllib3/1.26.5"
10.128.0.2 - - [03/Dec/2025:22:51:11 +0000] "DELETE /v2.0/security-groups/425f2b5d-b552-4279-a71c-6bb8afe8a183 HTTP/1.1" 204 - "-" "python-urllib3/1.26.5"
10.128.0.2 - - [03/Dec/2025:22:51:08 +0000] "DELETE /v2.0/networks/f352d026-5773-49df-bbc6-882e69f38a9d HTTP/1.1" 204 - "-" "python-urllib3/1.26.5"
10.128.1.49 - - [03/Dec/2025:22:51:11 +0000] "GET /v2.0/ports?device_id=f2567b69-178d-4b15-ad1c-5cee17217770 HTTP/1.1" 200 962 "-" "python-neutronclient"
10.128.1.49 - - [03/Dec/2025:22:51:11 +0000] "GET /v2.0/ports?device_id=137ac8b1-4c65-4d79-83de-05381c78c147 HTTP/1.1" 200 1066 "-" "python-neutronclient"
100.64.0.2 - - [03/Dec/2025:22:51:11 +0000] "PUT /v2.0/ports/16b6214b-683e-4430-8107-a426cecc83e0 HTTP/1.1" 200 1342 "-" "python-neutronclient"
10.128.1.49 - - [03/Dec/2025:22:51:12 +0000] "GET /v2.0/security-groups?id=d1185e45-f1f9-4194-b4ef-e4297b6a5f2e&fields=id&fields=name HTTP/1.1" 200 113 "-" "python-neutronclient"
10.128.1.49 - - [03/Dec/2025:22:51:12 +0000] "GET /v2.0/security-groups?id=96754d76-790f-4e7f-a8a3-d1ea50fee867&fields=id&fields=name HTTP/1.1" 200 114 "-" "python-neutronclient"
100.64.0.2 - - [03/Dec/2025:22:51:13 +0000] "GET /v2.0/ports?tenant_id=31279a5177e9407e889316d45724f66e&device_id=f2567b69-178d-4b15-ad1c-5cee17217770 HTTP/1.1" 200 1373 "-" "python-neutronclient"
100.64.0.2 - - [03/Dec/2025:22:51:14 +0000] "GET /v2.0/floatingips?fixed_ip_address=10.100.0.7&port_id=16b6214b-683e-4430-8107-a426cecc83e0 HTTP/1.1" 200 19 "-" "python-neutronclient"
10.128.0.2 - - [03/Dec/2025:22:51:06 +0000] "PUT /v2.0/routers/28f06e92-dd69-46e8-96b8-c8197ca28492/add_router_interface HTTP/1.1" 200 309 "-" "python-urllib3/1.26.5"
10.128.1.49 - - [03/Dec/2025:22:51:13 +0000] "GET /v2.0/security-groups?tenant_id=f80ffd4aa9d54d968dc59b79b40dd107 HTTP/1.1" 200 2800 "-" "python-neutronclient"
100.64.0.2 - - [03/Dec/2025:22:51:10 +0000] "POST /v2.0/ports HTTP/1.1" 201 963 "-" "python-neutronclient"
10.128.1.49 - - [03/Dec/2025:22:51:13 +0000] "GET /v2.0/security-groups/34ffa16d-b81e-423f-aa14-b4bc9602e360 HTTP/1.1" 200 2212 "-" "python-neutronclient"
100.64.0.2 - - [03/Dec/2025:22:51:08 +0000] "PUT /v2.0/ports/0ce9be7b-67d6-4125-8d2a-f1d1e2684148 HTTP/1.1" 200 1302 "-" "python-neutronclient"
100.64.0.2 - - [03/Dec/2025:22:51:14 +0000] "GET /v2.0/subnets?id=12eb8912-d7ad-4e5d-8947-081ff92d1f04 HTTP/1.1" 200 678 "-" "python-neutronclient"
10.128.0.2 - - [03/Dec/2025:22:51:10 +0000] "POST /v2.0/networks HTTP/1.1" 201 651 "-" "python-urllib3/1.26.5"
10.128.0.2 - - [03/Dec/2025:22:51:08 +0000] "PUT /v2.0/routers/8fbd3b5c-0986-4970-8175-6033d3d59851/remove_router_interface HTTP/1.1" 200 309 "-" "python-urllib3/1.26.5"
10.128.1.49 - - [03/Dec/2025:22:51:14 +0000] "GET /v2.0/security-groups/3dd6d4c4-5d06-49d7-b710-468286858731 HTTP/1.1" 200 2797 "-" "python-neutronclient"
100.64.0.2 - - [03/Dec/2025:22:51:14 +0000] "GET /v2.0/ports?network_id=c899c1b0-0d25-41b2-96f1-44bb3fb30f0c&device_owner=network%3Adhcp HTTP/1.1" 200 12 "-" "python-neutronclient"
100.64.0.2 - - [03/Dec/2025:22:51:14 +0000] "GET /v2.0/ports?tenant_id=82e872fe50a84e02b3cb45cf1bf487e1&device_id=137ac8b1-4c65-4d79-83de-05381c78c147 HTTP/1.1" 200 1333 "-" "python-neutronclient"
10.128.0.2 - - [03/Dec/2025:22:51:12 +0000] "POST /v2.0/floatingips HTTP/1.1" 201 869 "-" "python-urllib3/1.26.5"
100.64.0.2 - - [03/Dec/2025:22:51:15 +0000] "GET /v2.0/networks/c899c1b0-0d25-41b2-96f1-44bb3fb30f0c?fields=segments HTTP/1.1" 200 14 "-" "python-neutronclient"
10.128.0.2 - - [03/Dec/2025:22:51:15 +0000] "POST /v2.0/ports HTTP/1.1" 201 743 "-" "python-urllib3/1.26.5"
100.64.0.2 - - [03/Dec/2025:22:51:15 +0000] "GET /v2.0/networks/c899c1b0-0d25-41b2-96f1-44bb3fb30f0c?fields=provider%3Aphysical_network&fields=provider%3Anetwork_type HTTP/1.1" 200 79 "-" "python-neutronclient"
10.128.1.49 - - [03/Dec/2025:22:51:15 +0000] "GET /v2.0/security-groups/3dd6d4c4-5d06-49d7-b710-468286858731 HTTP/1.1" 200 2797 "-" "python-neutronclient"
100.64.0.2 - - [03/Dec/2025:22:51:15 +0000] "GET /v2.0/floatingips?fixed_ip_address=10.100.0.10&port_id=0ce9be7b-67d6-4125-8d2a-f1d1e2684148 HTTP/1.1" 200 19 "-" "python-neutronclient"
10.128.0.2 - - [03/Dec/2025:22:51:15 +0000] "PUT /v2.0/floatingips/a5226591-7ceb-4101-8849-ed9fe99c48e0 HTTP/1.1" 200 580 "-" "python-urllib3/1.26.5"
10.128.0.2 - - [03/Dec/2025:22:51:10 +0000] "PUT /v2.0/routers/0baa50f1-e3db-4a46-b2b0-a5d2c90f2747/remove_router_interface HTTP/1.1" 200 309 "-" "python-urllib3/1.26.5"
10.128.0.2 - - [03/Dec/2025:22:51:14 +0000] "POST /v2.0/networks HTTP/1.1" 201 666 "-" "python-urllib3/1.26.5"
10.128.0.2 - - [03/Dec/2025:22:51:12 +0000] "DELETE /v2.0/networks/99e0b3f4-5d56-4b9b-af5d-c2264838ac6d HTTP/1.1" 204 - "-" "python-urllib3/1.26.5"
10.128.1.49 - - [03/Dec/2025:22:51:16 +0000] "GET /v2.0/ports?device_id=1ea8a783-20e2-42bb-a54e-ae3c48deeae9 HTTP/1.1" 200 966 "-" "python-neutronclient"
10.128.1.49 - - [03/Dec/2025:22:51:14 +0000] "DELETE /v2.0/security-groups/34ffa16d-b81e-423f-aa14-b4bc9602e360 HTTP/1.1" 204 - "-" "python-neutronclient"
100.64.0.2 - - [03/Dec/2025:22:51:16 +0000] "GET /v2.0/subnets?id=ce9cb18a-cf8b-47b3-9a6f-59cf8d21cfdc HTTP/1.1" 200 663 "-" "python-neutronclient"
10.128.1.49 - - [03/Dec/2025:22:51:16 +0000] "GET /v2.0/security-groups?id=751198d7-cf04-419b-9253-170b12ba58fb&fields=id&fields=name HTTP/1.1" 200 113 "-" "python-neutronclient"
100.64.0.2 - - [03/Dec/2025:22:51:17 +0000] "GET /v2.0/ports?tenant_id=31279a5177e9407e889316d45724f66e&device_id=f2567b69-178d-4b15-ad1c-5cee17217770 HTTP/1.1" 200 1373 "-" "python-neutronclient"
100.64.0.2 - - [03/Dec/2025:22:51:17 +0000] "GET /v2.0/ports?network_id=fdd3e8f4-8725-4c02-909e-104182ed0624&device_owner=network%3Adhcp HTTP/1.1" 200 12 "-" "python-neutronclient"
100.64.0.2 - - [03/Dec/2025:22:51:17 +0000] "GET /v2.0/networks?id=c899c1b0-0d25-41b2-96f1-44bb3fb30f0c HTTP/1.1" 200 796 "-" "python-neutronclient"
10.128.1.49 - - [03/Dec/2025:22:51:17 +0000] "GET /v2.0/ports?device_id=137ac8b1-4c65-4d79-83de-05381c78c147 HTTP/1.1" 200 1066 "-" "python-neutronclient"
10.128.0.2 - - [03/Dec/2025:22:51:16 +0000] "POST /v2.0/networks HTTP/1.1" 201 763 "-" "python-urllib3/1.26.5"
100.64.0.2 - - [03/Dec/2025:22:51:17 +0000] "GET /v2.0/floatingips?fixed_ip_address=10.100.0.7&port_id=16b6214b-683e-4430-8107-a426cecc83e0 HTTP/1.1" 200 19 "-" "python-neutronclient"
100.64.0.2 - - [03/Dec/2025:22:51:17 +0000] "GET /v2.0/ports?device_id=f2567b69-178d-4b15-ad1c-5cee17217770 HTTP/1.1" 200 1373 "-" "python-neutronclient"
10.128.1.49 - - [03/Dec/2025:22:51:17 +0000] "GET /v2.0/security-groups?id=96754d76-790f-4e7f-a8a3-d1ea50fee867&fields=id&fields=name HTTP/1.1" 200 114 "-" "python-neutronclient"
100.64.0.2 - - [03/Dec/2025:22:51:17 +0000] "GET /v2.0/subnets?id=12eb8912-d7ad-4e5d-8947-081ff92d1f04 HTTP/1.1" 200 678 "-" "python-neutronclient"
100.64.0.2 - - [03/Dec/2025:22:51:17 +0000] "GET /v2.0/networks/fdd3e8f4-8725-4c02-909e-104182ed0624?fields=segments HTTP/1.1" 200 14 "-" "python-neutronclient"
10.128.1.49 - - [03/Dec/2025:22:51:17 +0000] "GET /v2.0/ports?device_id=f2567b69-178d-4b15-ad1c-5cee17217770 HTTP/1.1" 200 1106 "-" "python-neutronclient"
100.64.0.2 - - [03/Dec/2025:22:51:17 +0000] "GET /v2.0/security-groups?id=d1185e45-f1f9-4194-b4ef-e4297b6a5f2e&fields=id&fields=name HTTP/1.1" 200 113 "-" "python-neutronclient"
100.64.0.2 - - [03/Dec/2025:22:51:18 +0000] "GET /v2.0/ports?network_id=c899c1b0-0d25-41b2-96f1-44bb3fb30f0c&device_owner=network%3Adhcp HTTP/1.1" 200 12 "-" "python-neutronclient"
10.128.1.49 - - [03/Dec/2025:22:51:18 +0000] "GET /v2.0/security-groups/e3897476-00fa-46e9-bdc6-534ff277d366 HTTP/1.1" 404 146 "-" "python-neutronclient"
10.128.1.49 - - [03/Dec/2025:22:51:18 +0000] "GET /v2.0/security-groups?id=d1185e45-f1f9-4194-b4ef-e4297b6a5f2e&fields=id&fields=name HTTP/1.1" 200 113 "-" "python-neutronclient"
100.64.0.2 - - [03/Dec/2025:22:51:18 +0000] "GET /v2.0/networks/fdd3e8f4-8725-4c02-909e-104182ed0624?fields=provider%3Aphysical_network&fields=provider%3Anetwork_type HTTP/1.1" 200 79 "-" "python-neutronclient"
100.64.0.2 - - [03/Dec/2025:22:51:18 +0000] "GET /v2.0/networks/c899c1b0-0d25-41b2-96f1-44bb3fb30f0c?fields=segments HTTP/1.1" 200 14 "-" "python-neutronclient"
10.128.1.49 - - [03/Dec/2025:22:51:18 +0000] "GET /v2.0/security-groups/10df4bf8-0258-44ec-a93f-889597a44678 HTTP/1.1" 200 2215 "-" "python-neutronclient"
10.128.0.2 - - [03/Dec/2025:22:51:18 +0000] "POST /v2.0/subnets HTTP/1.1" 201 649 "-" "python-urllib3/1.26.5"
100.64.0.2 - - [03/Dec/2025:22:51:19 +0000] "GET /v2.0/networks/c899c1b0-0d25-41b2-96f1-44bb3fb30f0c?fields=provider%3Aphysical_network&fields=provider%3Anetwork_type HTTP/1.1" 200 79 "-" "python-neutronclient"
100.64.0.2 - - [03/Dec/2025:22:51:19 +0000] "GET /v2.0/ports?device_id=137ac8b1-4c65-4d79-83de-05381c78c147 HTTP/1.1" 200 1333 "-" "python-neutronclient"
100.64.0.2 - - [03/Dec/2025:22:51:19 +0000] "GET /v2.0/security-groups?id=96754d76-790f-4e7f-a8a3-d1ea50fee867&fields=id&fields=name HTTP/1.1" 200 114 "-" "python-neutronclient"
100.64.0.2 - - [03/Dec/2025:22:51:19 +0000] "GET /v2.0/ports?tenant_id=82e872fe50a84e02b3cb45cf1bf487e1&device_id=137ac8b1-4c65-4d79-83de-05381c78c147 HTTP/1.1" 200 1333 "-" "python-neutronclient"
10.128.1.49 - - [03/Dec/2025:22:51:19 +0000] "DELETE /v2.0/security-groups/10df4bf8-0258-44ec-a93f-889597a44678 HTTP/1.1" 204 - "-" "python-neutronclient"
10.128.0.2 - - [03/Dec/2025:22:51:16 +0000] "DELETE /v2.0/floatingips/a5226591-7ceb-4101-8849-ed9fe99c48e0 HTTP/1.1" 204 - "-" "python-urllib3/1.26.5"
10.128.1.49 - - [03/Dec/2025:22:51:19 +0000] "GET /v2.0/ports?device_id=1ea8a783-20e2-42bb-a54e-ae3c48deeae9 HTTP/1.1" 200 1084 "-" "python-neutronclient"
10.128.1.49 - - [03/Dec/2025:22:51:20 +0000] "GET /v2.0/security-groups/45225070-db1c-4ef4-948f-d2c63ebf81c5 HTTP/1.1" 404 146 "-" "python-neutronclient"
10.128.0.2 - - [03/Dec/2025:22:51:16 +0000] "DELETE /v2.0/networks/7847a98e-0883-472c-8928-2c2c5ac65e32 HTTP/1.1" 204 - "-" "python-urllib3/1.26.5"
100.64.0.2 - - [03/Dec/2025:22:51:20 +0000] "GET /v2.0/networks?id=fdd3e8f4-8725-4c02-909e-104182ed0624 HTTP/1.1" 200 780 "-" "python-neutronclient"
10.128.0.2 - - [03/Dec/2025:22:51:16 +0000] "POST /v2.0/networks HTTP/1.1" 201 651 "-" "python-urllib3/1.26.5"
10.128.1.49 - - [03/Dec/2025:22:51:20 +0000] "GET /v2.0/security-groups?id=751198d7-cf04-419b-9253-170b12ba58fb&fields=id&fields=name HTTP/1.1" 200 113 "-" "python-neutronclient"
10.128.1.49 - - [03/Dec/2025:22:51:20 +0000] "GET /v2.0/ports?device_id=137ac8b1-4c65-4d79-83de-05381c78c147 HTTP/1.1" 200 1066 "-" "python-neutronclient"
100.64.0.2 - - [03/Dec/2025:22:51:20 +0000] "GET /v2.0/floatingips?fixed_ip_address=10.100.0.10&port_id=0ce9be7b-67d6-4125-8d2a-f1d1e2684148 HTTP/1.1" 200 19 "-" "python-neutronclient"
10.128.0.2 - - [03/Dec/2025:22:51:17 +0000] "POST /v2.0/subnets HTTP/1.1" 201 664 "-" "python-urllib3/1.26.5"
10.128.1.49 - - [03/Dec/2025:22:51:20 +0000] "GET /v2.0/security-groups?id=96754d76-790f-4e7f-a8a3-d1ea50fee867&fields=id&fields=name HTTP/1.1" 200 114 "-" "python-neutronclient"
10.128.1.49 - - [03/Dec/2025:22:51:21 +0000] "GET /v2.0/ports?device_id=f2567b69-178d-4b15-ad1c-5cee17217770 HTTP/1.1" 200 1106 "-" "python-neutronclient"
100.64.0.2 - - [03/Dec/2025:22:51:21 +0000] "GET /v2.0/subnets?id=ce9cb18a-cf8b-47b3-9a6f-59cf8d21cfdc HTTP/1.1" 200 663 "-" "python-neutronclient"
10.128.0.2 - - [03/Dec/2025:22:51:15 +0000] "PUT /v2.0/routers/8fbd3b5c-0986-4970-8175-6033d3d59851/remove_router_interface HTTP/1.1" 200 309 "-" "python-urllib3/1.26.5"
10.128.0.2 - - [03/Dec/2025:22:51:21 +0000] "GET /v2.0/ports?device_id=8fbd3b5c-0986-4970-8175-6033d3d59851 HTTP/1.1" 200 12 "-" "python-urllib3/1.26.5"
10.128.0.2 - - [03/Dec/2025:22:51:19 +0000] "POST /v2.0/networks HTTP/1.1" 201 666 "-" "python-urllib3/1.26.5"
10.128.1.49 - - [03/Dec/2025:22:51:21 +0000] "GET /v2.0/security-groups/10062c69-e03b-45ea-a103-14a92dd63b37 HTTP/1.1" 404 146 "-" "python-neutronclient"
100.64.0.2 - - [03/Dec/2025:22:51:21 +0000] "GET /v2.0/ports?network_id=fdd3e8f4-8725-4c02-909e-104182ed0624&device_owner=network%3Adhcp HTTP/1.1" 200 12 "-" "python-neutronclient"
10.128.0.2 - - [03/Dec/2025:22:51:16 +0000] "PUT /v2.0/routers/0baa50f1-e3db-4a46-b2b0-a5d2c90f2747/remove_router_interface HTTP/1.1" 200 309 "-" "python-urllib3/1.26.5"
10.128.1.49 - - [03/Dec/2025:22:51:21 +0000] "GET /v2.0/security-groups?id=d1185e45-f1f9-4194-b4ef-e4297b6a5f2e&fields=id&fields=name HTTP/1.1" 200 113 "-" "python-neutronclient"
100.64.0.2 - - [03/Dec/2025:22:51:14 +0000] "PUT /v2.0/ports/51b3b4c5-e396-4c09-b142-efeebd5f9e15 HTTP/1.1" 200 1320 "-" "python-neutronclient"
10.128.0.2 - - [03/Dec/2025:22:51:22 +0000] "GET /v2.0/ports?device_id=0baa50f1-e3db-4a46-b2b0-a5d2c90f2747 HTTP/1.1" 200 12 "-" "python-urllib3/1.26.5"
10.128.1.49 - - [03/Dec/2025:22:51:22 +0000] "GET /v2.0/ports?device_id=1ea8a783-20e2-42bb-a54e-ae3c48deeae9 HTTP/1.1" 200 1084 "-" "python-neutronclient"
10.128.0.2 - - [03/Dec/2025:22:51:22 +0000] "PUT /v2.0/networks/8e3fd1c0-7567-4d18-b6ea-682629c52c00 HTTP/1.1" 200 611 "-" "python-urllib3/1.26.5"
100.64.0.2 - - [03/Dec/2025:22:51:22 +0000] "GET /v2.0/networks/fdd3e8f4-8725-4c02-909e-104182ed0624?fields=segments HTTP/1.1" 200 14 "-" "python-neutronclient"
100.64.0.2 - - [03/Dec/2025:22:51:22 +0000] "GET /v2.0/ports?tenant_id=6189962f722744cb85a5bfb3f959d630&device_id=1ea8a783-20e2-42bb-a54e-ae3c48deeae9 HTTP/1.1" 200 1351 "-" "python-neutronclient"
10.128.0.2 - - [03/Dec/2025:22:51:23 +0000] "GET / HTTP/1.1" 200 122 "-" "kube-probe/1.31"
10.128.0.2 - - [03/Dec/2025:22:51:23 +0000] "GET / HTTP/1.1" 200 122 "-" "kube-probe/1.31"
10.128.0.2 - - [03/Dec/2025:22:51:23 +0000] "GET / HTTP/1.1" 200 122 "-" "kube-probe/1.31"
100.64.0.2 - - [03/Dec/2025:22:51:23 +0000] "GET /v2.0/floatingips?fixed_ip_address=10.100.0.13&port_id=51b3b4c5-e396-4c09-b142-efeebd5f9e15 HTTP/1.1" 200 19 "-" "python-neutronclient"
10.128.1.49 - - [03/Dec/2025:22:51:22 +0000] "GET /v2.0/security-groups?id=751198d7-cf04-419b-9253-170b12ba58fb&fields=id&fields=name HTTP/1.1" 200 113 "-" "python-neutronclient"
10.128.0.2 - - [03/Dec/2025:22:51:22 +0000] "DELETE /v2.0/routers/8fbd3b5c-0986-4970-8175-6033d3d59851 HTTP/1.1" 204 - "-" "python-urllib3/1.26.5"
10.128.1.49 - - [03/Dec/2025:22:51:22 +0000] "GET /v2.0/ports?device_id=137ac8b1-4c65-4d79-83de-05381c78c147 HTTP/1.1" 200 1068 "-" "python-neutronclient"
10.128.0.2 - - [03/Dec/2025:22:51:20 +0000] "POST /v2.0/ports HTTP/1.1" 201 743 "-" "python-urllib3/1.26.5"
100.64.0.2 - - [03/Dec/2025:22:51:23 +0000] "GET /v2.0/networks/fdd3e8f4-8725-4c02-909e-104182ed0624?fields=provider%3Aphysical_network&fields=provider%3Anetwork_type HTTP/1.1" 200 79 "-" "python-neutronclient"
100.64.0.2 - - [03/Dec/2025:22:51:23 +0000] "GET /v2.0/subnets?id=de283819-71fb-44f3-ae49-4b8485c62a87 HTTP/1.1" 200 670 "-" "python-neutronclient"
10.128.0.2 - - [03/Dec/2025:22:51:22 +0000] "POST /v2.0/subnets HTTP/1.1" 201 622 "-" "python-urllib3/1.26.5"
10.128.0.2 - - [03/Dec/2025:22:51:22 +0000] "DELETE /v2.0/routers/0baa50f1-e3db-4a46-b2b0-a5d2c90f2747 HTTP/1.1" 204 - "-" "python-urllib3/1.26.5"
10.128.1.49 - - [03/Dec/2025:22:51:24 +0000] "GET /v2.0/security-groups?id=96754d76-790f-4e7f-a8a3-d1ea50fee867&fields=id&fields=name HTTP/1.1" 200 114 "-" "python-neutronclient"
100.64.0.2 - - [03/Dec/2025:22:51:24 +0000] "GET /v2.0/ports?network_id=b61926e1-2767-4f8d-959e-1164131f2700&device_owner=network%3Adhcp HTTP/1.1" 200 12 "-" "python-neutronclient"
10.128.0.2 - - [03/Dec/2025:22:51:20 +0000] "DELETE /v2.0/networks/4518529f-e1b5-4d69-a693-945644c67a3c HTTP/1.1" 204 - "-" "python-urllib3/1.26.5"
10.128.1.49 - - [03/Dec/2025:22:51:24 +0000] "GET /v2.0/ports?device_id=f2567b69-178d-4b15-ad1c-5cee17217770 HTTP/1.1" 200 1106 "-" "python-neutronclient"
10.128.0.2 - - [03/Dec/2025:22:51:24 +0000] "DELETE /v2.0/subnets/02a70f99-034a-472f-8856-02c954c0d640 HTTP/1.1" 204 - "-" "python-urllib3/1.26.5"
10.128.1.49 - - [03/Dec/2025:22:51:24 +0000] "GET /v2.0/ports?device_id=137ac8b1-4c65-4d79-83de-05381c78c147 HTTP/1.1" 200 1068 "-" "python-neutronclient"
100.64.0.2 - - [03/Dec/2025:22:51:24 +0000] "GET /v2.0/networks/b61926e1-2767-4f8d-959e-1164131f2700?fields=segments HTTP/1.1" 200 14 "-" "python-neutronclient"
10.128.1.49 - - [03/Dec/2025:22:51:24 +0000] "GET /v2.0/security-groups?id=d1185e45-f1f9-4194-b4ef-e4297b6a5f2e&fields=id&fields=name HTTP/1.1" 200 113 "-" "python-neutronclient"
10.128.0.2 - - [03/Dec/2025:22:51:24 +0000] "DELETE /v2.0/subnets/45d321da-8b85-41ae-aa21-a9d1c55f41e1 HTTP/1.1" 204 - "-" "python-urllib3/1.26.5"
10.128.0.2 - - [03/Dec/2025:22:51:25 +0000] "GET /v2.0/security-groups?tenant_id=2ef26536e2ad4fda90109f84582e0911&name=default HTTP/1.1" 200 2797 "-" "python-urllib3/1.26.5"
100.64.0.2 - - [03/Dec/2025:22:51:25 +0000] "GET /v2.0/networks/b61926e1-2767-4f8d-959e-1164131f2700?fields=provider%3Aphysical_network&fields=provider%3Anetwork_type HTTP/1.1" 200 79 "-" "python-neutronclient"
10.128.0.2 - - [03/Dec/2025:22:51:20 +0000] "POST /v2.0/floatingips HTTP/1.1" 201 868 "-" "python-urllib3/1.26.5"
10.128.1.49 - - [03/Dec/2025:22:51:25 +0000] "GET /v2.0/ports?device_id=1ea8a783-20e2-42bb-a54e-ae3c48deeae9 HTTP/1.1" 200 1084 "-" "python-neutronclient"
10.128.0.2 - - [03/Dec/2025:22:51:25 +0000] "DELETE /v2.0/subnets/f598be67-3b1f-476e-8176-bdf14f346844 HTTP/1.1" 204 - "-" "python-urllib3/1.26.5"
100.64.0.2 - - [03/Dec/2025:22:51:26 +0000] "GET /v2.0/ports?tenant_id=6189962f722744cb85a5bfb3f959d630&device_id=1ea8a783-20e2-42bb-a54e-ae3c48deeae9 HTTP/1.1" 200 1351 "-" "python-neutronclient"
100.64.0.2 - - [03/Dec/2025:22:51:26 +0000] "GET /v2.0/ports?device_id=1ea8a783-20e2-42bb-a54e-ae3c48deeae9 HTTP/1.1" 200 1351 "-" "python-neutronclient"
10.128.1.49 - - [03/Dec/2025:22:51:26 +0000] "GET /v2.0/ports?device_id=f2567b69-178d-4b15-ad1c-5cee17217770 HTTP/1.1" 200 1106 "-" "python-neutronclient"
10.128.0.2 - - [03/Dec/2025:22:51:26 +0000] "GET /v2.0/floatingips/aa2938c7-9695-422d-809b-a35da51be156 HTTP/1.1" 200 870 "-" "python-urllib3/1.26.5"
10.128.1.49 - - [03/Dec/2025:22:51:26 +0000] "GET /v2.0/security-groups?id=751198d7-cf04-419b-9253-170b12ba58fb&fields=id&fields=name HTTP/1.1" 200 113 "-" "python-neutronclient"
10.128.1.49 - - [03/Dec/2025:22:51:27 +0000] "GET /v2.0/security-groups?id=d1185e45-f1f9-4194-b4ef-e4297b6a5f2e&fields=id&fields=name HTTP/1.1" 200 113 "-" "python-neutronclient"
10.128.0.2 - - [03/Dec/2025:22:51:25 +0000] "DELETE /v2.0/security-groups/92e565cc-a8ae-4550-b00e-d4e06e55caef HTTP/1.1" 204 - "-" "python-urllib3/1.26.5"
10.128.0.2 - - [03/Dec/2025:22:51:27 +0000] "GET /v2.0/floatingips HTTP/1.1" 200 873 "-" "python-urllib3/1.26.5"
100.64.0.2 - - [03/Dec/2025:22:51:26 +0000] "GET /v2.0/networks?id=b61926e1-2767-4f8d-959e-1164131f2700 HTTP/1.1" 200 788 "-" "python-neutronclient"
10.128.0.2 - - [03/Dec/2025:22:51:25 +0000] "DELETE /v2.0/subnets/b580fb04-b73f-4569-a9a3-677d20672841 HTTP/1.1" 204 - "-" "python-urllib3/1.26.5"
10.128.0.2 - - [03/Dec/2025:22:51:24 +0000] "POST /v2.0/networks HTTP/1.1" 201 651 "-" "python-urllib3/1.26.5"
100.64.0.2 - - [03/Dec/2025:22:51:27 +0000] "GET /v2.0/security-groups?id=751198d7-cf04-419b-9253-170b12ba58fb&fields=id&fields=name HTTP/1.1" 200 113 "-" "python-neutronclient"
10.128.0.2 - - [03/Dec/2025:22:51:21 +0000] "POST /v2.0/routers HTTP/1.1" 201 671 "-" "python-urllib3/1.26.5"
10.128.0.2 - - [03/Dec/2025:22:51:24 +0000] "PUT /v2.0/subnets/e7e40218-7c4b-41a5-9670-0ac89cf16774 HTTP/1.1" 200 632 "-" "python-urllib3/1.26.5"
100.64.0.2 - - [03/Dec/2025:22:51:27 +0000] "GET /v2.0/floatingips?fixed_ip_address=10.100.0.13&port_id=51b3b4c5-e396-4c09-b142-efeebd5f9e15 HTTP/1.1" 200 19 "-" "python-neutronclient"
10.128.0.2 - - [03/Dec/2025:22:51:20 +0000] "PUT /v2.0/routers/69adb15d-202f-4c4a-a171-9302e3e8ee37/remove_router_interface HTTP/1.1" 200 309 "-" "python-urllib3/1.26.5"
10.128.1.49 - - [03/Dec/2025:22:51:28 +0000] "GET /v2.0/ports?device_id=f2567b69-178d-4b15-ad1c-5cee17217770 HTTP/1.1" 200 1106 "-" "python-neutronclient"
10.128.1.49 - - [03/Dec/2025:22:51:28 +0000] "GET /v2.0/ports?device_id=1ea8a783-20e2-42bb-a54e-ae3c48deeae9 HTTP/1.1" 200 1084 "-" "python-neutronclient"
100.64.0.2 - - [03/Dec/2025:22:51:28 +0000] "GET /v2.0/subnets?id=de283819-71fb-44f3-ae49-4b8485c62a87 HTTP/1.1" 200 670 "-" "python-neutronclient"
10.128.1.49 - - [03/Dec/2025:22:51:28 +0000] "GET /v2.0/security-groups?id=d1185e45-f1f9-4194-b4ef-e4297b6a5f2e&fields=id&fields=name HTTP/1.1" 200 113 "-" "python-neutronclient"
100.64.0.2 - - [03/Dec/2025:22:51:29 +0000] "GET /v2.0/ports?network_id=b61926e1-2767-4f8d-959e-1164131f2700&device_owner=network%3Adhcp HTTP/1.1" 200 12 "-" "python-neutronclient"
10.128.0.2 - - [03/Dec/2025:22:51:28 +0000] "DELETE /v2.0/routers/69adb15d-202f-4c4a-a171-9302e3e8ee37 HTTP/1.1" 204 - "-" "python-urllib3/1.26.5"
10.128.1.49 - - [03/Dec/2025:22:51:28 +0000] "GET /v2.0/security-groups?id=751198d7-cf04-419b-9253-170b12ba58fb&fields=id&fields=name HTTP/1.1" 200 113 "-" "python-neutronclient"
10.128.1.49 - - [03/Dec/2025:22:51:30 +0000] "GET /v2.0/ports?device_id=f2567b69-178d-4b15-ad1c-5cee17217770 HTTP/1.1" 200 1106 "-" "python-neutronclient"
10.128.0.2 - - [03/Dec/2025:22:51:30 +0000] "DELETE /v2.0/subnets/bbb24f85-b55e-4343-b215-e8507b0f629b HTTP/1.1" 204 - "-" "python-urllib3/1.26.5"
10.128.1.49 - - [03/Dec/2025:22:51:30 +0000] "GET /v2.0/security-groups?id=d1185e45-f1f9-4194-b4ef-e4297b6a5f2e&fields=id&fields=name HTTP/1.1" 200 113 "-" "python-neutronclient"
100.64.0.2 - - [03/Dec/2025:22:51:29 +0000] "GET /v2.0/networks/b61926e1-2767-4f8d-959e-1164131f2700?fields=segments HTTP/1.1" 200 14 "-" "python-neutronclient"
10.128.0.2 - - [03/Dec/2025:22:51:26 +0000] "DELETE /v2.0/networks/4186b181-bd24-4067-8821-d40f25c44b58 HTTP/1.1" 204 - "-" "python-urllib3/1.26.5"
10.128.0.2 - - [03/Dec/2025:22:51:25 +0000] "PUT /v2.0/floatingips/7389224e-5002-4f03-8151-bdb484fd2b21 HTTP/1.1" 200 882 "-" "python-urllib3/1.26.5"
10.128.0.2 - - [03/Dec/2025:22:51:29 +0000] "POST /v2.0/networks HTTP/1.1" 201 667 "-" "python-urllib3/1.26.5"
100.64.0.2 - - [03/Dec/2025:22:51:31 +0000] "GET /v2.0/networks/b61926e1-2767-4f8d-959e-1164131f2700?fields=provider%3Aphysical_network&fields=provider%3Anetwork_type HTTP/1.1" 200 79 "-" "python-neutronclient"
10.128.0.2 - - [03/Dec/2025:22:51:27 +0000] "POST /v2.0/ports HTTP/1.1" 201 743 "-" "python-urllib3/1.26.5"
100.64.0.2 - - [03/Dec/2025:22:51:31 +0000] "GET /v2.0/ports?tenant_id=82e872fe50a84e02b3cb45cf1bf487e1&device_id=137ac8b1-4c65-4d79-83de-05381c78c147 HTTP/1.1" 200 1335 "-" "python-neutronclient"
10.128.0.2 - - [03/Dec/2025:22:51:31 +0000] "DELETE /v2.0/networks/d7c6b249-464e-486d-bb9a-c82ce7d72939 HTTP/1.1" 204 - "-" "python-urllib3/1.26.5"
10.128.0.2 - - [03/Dec/2025:22:51:31 +0000] "POST /v2.0/ports HTTP/1.1" 201 779 "-" "python-urllib3/1.26.5"
10.128.1.49 - - [03/Dec/2025:22:51:31 +0000] "GET /v2.0/ports?device_id=137ac8b1-4c65-4d79-83de-05381c78c147 HTTP/1.1" 200 1068 "-" "python-neutronclient"
10.128.1.49 - - [03/Dec/2025:22:51:31 +0000] "GET /v2.0/ports?device_id=1ea8a783-20e2-42bb-a54e-ae3c48deeae9 HTTP/1.1" 200 1084 "-" "python-neutronclient"
10.128.0.2 - - [03/Dec/2025:22:51:27 +0000] "DELETE /v2.0/networks/39f7f5a2-0f38-4106-8d56-88d5f1829b2c HTTP/1.1" 204 - "-" "python-urllib3/1.26.5"
100.64.0.2 - - [03/Dec/2025:22:51:32 +0000] "GET /v2.0/networks?id=fdd3e8f4-8725-4c02-909e-104182ed0624 HTTP/1.1" 200 780 "-" "python-neutronclient"
10.128.1.49 - - [03/Dec/2025:22:51:33 +0000] "GET /v2.0/security-groups?id=96754d76-790f-4e7f-a8a3-d1ea50fee867&fields=id&fields=name HTTP/1.1" 200 114 "-" "python-neutronclient"
10.128.1.49 - - [03/Dec/2025:22:51:33 +0000] "GET /v2.0/security-groups?id=751198d7-cf04-419b-9253-170b12ba58fb&fields=id&fields=name HTTP/1.1" 200 113 "-" "python-neutronclient"
100.64.0.2 - - [03/Dec/2025:22:51:33 +0000] "GET /v2.0/floatingips?fixed_ip_address=10.100.0.10&port_id=0ce9be7b-67d6-4125-8d2a-f1d1e2684148 HTTP/1.1" 200 887 "-" "python-neutronclient"
10.128.0.2 - - [03/Dec/2025:22:51:32 +0000] "POST /v2.0/networks HTTP/1.1" 201 649 "-" "python-urllib3/1.26.5"
10.128.0.2 - - [03/Dec/2025:22:51:32 +0000] "POST /v2.0/networks HTTP/1.1" 201 654 "-" "python-urllib3/1.26.5"
100.64.0.2 - - [03/Dec/2025:22:51:34 +0000] "GET /v2.0/subnets?id=ce9cb18a-cf8b-47b3-9a6f-59cf8d21cfdc HTTP/1.1" 200 663 "-" "python-neutronclient"
10.128.1.49 - - [03/Dec/2025:22:51:34 +0000] "GET /v2.0/ports?device_id=137ac8b1-4c65-4d79-83de-05381c78c147 HTTP/1.1" 200 1068 "-" "python-neutronclient"
10.128.0.2 - - [03/Dec/2025:22:51:28 +0000] "DELETE /v2.0/networks/8e3fd1c0-7567-4d18-b6ea-682629c52c00 HTTP/1.1" 204 - "-" "python-urllib3/1.26.5"
100.64.0.2 - - [03/Dec/2025:22:51:34 +0000] "GET /v2.0/ports?device_id=137ac8b1-4c65-4d79-83de-05381c78c147 HTTP/1.1" 200 1068 "-" "python-neutronclient"
10.128.1.49 - - [03/Dec/2025:22:51:33 +0000] "GET /v2.0/ports?device_id=f2567b69-178d-4b15-ad1c-5cee17217770 HTTP/1.1" 200 1106 "-" "python-neutronclient"
100.64.0.2 - - [03/Dec/2025:22:51:35 +0000] "GET /v2.0/ports?network_id=fdd3e8f4-8725-4c02-909e-104182ed0624&device_owner=network%3Adhcp HTTP/1.1" 200 12 "-" "python-neutronclient"
10.128.0.2 - - [03/Dec/2025:22:51:27 +0000] "PUT /v2.0/floatingips/aa2938c7-9695-422d-809b-a35da51be156 HTTP/1.1" 200 871 "-" "python-urllib3/1.26.5"
10.128.0.2 - - [03/Dec/2025:22:51:35 +0000] "DELETE /v2.0/networks/8e3fd1c0-7567-4d18-b6ea-682629c52c00 HTTP/1.1" 404 138 "-" "python-urllib3/1.26.5"
10.128.0.2 - - [03/Dec/2025:22:51:28 +0000] "PUT /v2.0/routers/c52b6f4b-467d-49b4-9904-05285cf8f7fe/add_router_interface HTTP/1.1" 200 309 "-" "python-urllib3/1.26.5"
10.128.0.2 - - [03/Dec/2025:22:51:34 +0000] "POST /v2.0/subnets HTTP/1.1" 201 622 "-" "python-urllib3/1.26.5"
10.128.1.49 - - [03/Dec/2025:22:51:35 +0000] "GET /v2.0/security-groups?id=96754d76-790f-4e7f-a8a3-d1ea50fee867&fields=id&fields=name HTTP/1.1" 200 114 "-" "python-neutronclient"
10.128.0.2 - - [03/Dec/2025:22:51:30 +0000] "DELETE /v2.0/networks/25840f8b-33d2-4c8c-a41e-330f5d95c0ac HTTP/1.1" 204 - "-" "python-urllib3/1.26.5"
10.128.1.49 - - [03/Dec/2025:22:51:35 +0000] "GET /v2.0/security-groups?id=d1185e45-f1f9-4194-b4ef-e4297b6a5f2e&fields=id&fields=name HTTP/1.1" 200 113 "-" "python-neutronclient"
10.128.0.2 - - [03/Dec/2025:22:51:35 +0000] "GET /v2.0/networks?router%3Aexternal=True HTTP/1.1" 200 664 "-" "python-urllib3/1.26.5"
100.64.0.2 - - [03/Dec/2025:22:51:35 +0000] "GET /v2.0/networks/fdd3e8f4-8725-4c02-909e-104182ed0624?fields=segments HTTP/1.1" 200 14 "-" "python-neutronclient"
10.128.0.2 - - [03/Dec/2025:22:51:36 +0000] "GET /v2.0/security-groups?tenant_id=3c37aa255415426b94a467e99a821924&name=default HTTP/1.1" 200 2799 "-" "python-urllib3/1.26.5"
10.128.0.2 - - [03/Dec/2025:22:51:35 +0000] "PUT /v2.0/floatingips/aa2938c7-9695-422d-809b-a35da51be156 HTTP/1.1" 200 580 "-" "python-urllib3/1.26.5"
10.128.0.2 - - [03/Dec/2025:22:51:36 +0000] "GET /v2.0/subnets?network_id=028583f1-6fe0-4d55-b869-739d10dff786 HTTP/1.1" 200 14 "-" "python-urllib3/1.26.5"
10.128.1.49 - - [03/Dec/2025:22:51:36 +0000] "GET /v2.0/ports?device_id=1ea8a783-20e2-42bb-a54e-ae3c48deeae9 HTTP/1.1" 200 1084 "-" "python-neutronclient"
10.128.0.2 - - [03/Dec/2025:22:51:37 +0000] "GET /v2.0/extensions HTTP/1.1" 200 17369 "-" "python-urllib3/1.26.5"
10.128.0.2 - - [03/Dec/2025:22:51:32 +0000] "POST /v2.0/networks HTTP/1.1" 201 651 "-" "python-urllib3/1.26.5"
10.128.0.2 - - [03/Dec/2025:22:51:36 +0000] "POST /v2.0/security-groups HTTP/1.1" 201 1609 "-" "python-urllib3/1.26.5"
10.128.1.49 - - [03/Dec/2025:22:51:37 +0000] "GET /v2.0/ports?device_id=137ac8b1-4c65-4d79-83de-05381c78c147 HTTP/1.1" 200 12 "-" "python-neutronclient"
100.64.0.2 - - [03/Dec/2025:22:51:36 +0000] "GET /v2.0/networks/fdd3e8f4-8725-4c02-909e-104182ed0624?fields=provider%3Aphysical_network&fields=provider%3Anetwork_type HTTP/1.1" 200 79 "-" "python-neutronclient"
100.64.0.2 - - [03/Dec/2025:22:51:35 +0000] "DELETE /v2.0/ports/0ce9be7b-67d6-4125-8d2a-f1d1e2684148 HTTP/1.1" 204 - "-" "python-neutronclient"
10.128.0.2 - - [03/Dec/2025:22:51:34 +0000] "POST /v2.0/subnets HTTP/1.1" 201 602 "-" "python-urllib3/1.26.5"
10.128.1.49 - - [03/Dec/2025:22:51:37 +0000] "GET /v2.0/security-groups?id=751198d7-cf04-419b-9253-170b12ba58fb&fields=id&fields=name HTTP/1.1" 200 113 "-" "python-neutronclient"
10.128.0.2 - - [03/Dec/2025:22:51:36 +0000] "DELETE /v2.0/security-groups/261671e9-80fb-45bf-8514-7949e99f6089 HTTP/1.1" 204 - "-" "python-urllib3/1.26.5"
10.128.0.2 - - [03/Dec/2025:22:51:37 +0000] "POST /v2.0/security-group-rules HTTP/1.1" 201 565 "-" "python-urllib3/1.26.5"
10.128.0.2 - - [03/Dec/2025:22:51:33 +0000] "DELETE /v2.0/networks/4ae5d433-3f09-4b24-9600-11b19bf2c661 HTTP/1.1" 204 - "-" "python-urllib3/1.26.5"
10.128.0.2 - - [03/Dec/2025:22:51:37 +0000] "GET /v2.0/networks HTTP/1.1" 200 1971 "-" "python-urllib3/1.26.5"
10.128.1.49 - - [03/Dec/2025:22:51:37 +0000] "GET /v2.0/ports?device_id=f2567b69-178d-4b15-ad1c-5cee17217770 HTTP/1.1" 200 1106 "-" "python-neutronclient"
10.128.0.2 - - [03/Dec/2025:22:51:38 +0000] "GET /v2.0/subnets HTTP/1.1" 200 1252 "-" "python-urllib3/1.26.5"
10.128.0.2 - - [03/Dec/2025:22:51:38 +0000] "GET /v2.0/networks/1132f05d-a1b7-4f2e-8623-973d84b742bf HTTP/1.1" 200 685 "-" "python-urllib3/1.26.5"
10.128.1.49 - - [03/Dec/2025:22:51:38 +0000] "GET /v2.0/security-groups?id=d1185e45-f1f9-4194-b4ef-e4297b6a5f2e&fields=id&fields=name HTTP/1.1" 200 113 "-" "python-neutronclient"
10.128.1.49 - - [03/Dec/2025:22:51:39 +0000] "GET /v2.0/ports?device_id=1ea8a783-20e2-42bb-a54e-ae3c48deeae9 HTTP/1.1" 200 1084 "-" "python-neutronclient"
10.128.1.49 - - [03/Dec/2025:22:51:39 +0000] "GET /v2.0/security-groups?id=751198d7-cf04-419b-9253-170b12ba58fb&fields=id&fields=name HTTP/1.1" 200 113 "-" "python-neutronclient"
10.128.0.2 - - [03/Dec/2025:22:51:22 +0000] "PUT /v2.0/routers/e3d715cc-e22e-43dc-ae0d-f3d33e24fa15/remove_router_interface HTTP/1.1" 200 309 "-" "python-urllib3/1.26.5"
10.128.0.2 - - [03/Dec/2025:22:51:38 +0000] "GET /v2.0/subnets/db1d3cbf-cd04-4ab1-9647-3573ecb6deb5 HTTP/1.1" 200 649 "-" "python-urllib3/1.26.5"
10.128.0.2 - - [03/Dec/2025:22:51:37 +0000] "POST /v2.0/routers HTTP/1.1" 201 482 "-" "python-urllib3/1.26.5"
10.128.0.2 - - [03/Dec/2025:22:51:35 +0000] "POST /v2.0/ports HTTP/1.1" 201 966 "-" "python-urllib3/1.26.5"
10.128.0.2 - - [03/Dec/2025:22:51:39 +0000] "DELETE /v2.0/subnets/e7e40218-7c4b-41a5-9670-0ac89cf16774 HTTP/1.1" 404 136 "-" "python-urllib3/1.26.5"
10.128.0.2 - - [03/Dec/2025:22:51:37 +0000] "POST /v2.0/security-group-rules HTTP/1.1" 201 564 "-" "python-urllib3/1.26.5"
10.128.0.2 - - [03/Dec/2025:22:51:40 +0000] "DELETE /v2.0/networks/8e3fd1c0-7567-4d18-b6ea-682629c52c00 HTTP/1.1" 404 138 "-" "python-urllib3/1.26.5"
10.128.0.2 - - [03/Dec/2025:22:51:37 +0000] "POST /v2.0/ports HTTP/1.1" 201 743 "-" "python-urllib3/1.26.5"
10.128.0.2 - - [03/Dec/2025:22:51:37 +0000] "DELETE /v2.0/floatingips/aa2938c7-9695-422d-809b-a35da51be156 HTTP/1.1" 204 - "-" "python-urllib3/1.26.5"
10.128.0.2 - - [03/Dec/2025:22:51:40 +0000] "DELETE /v2.0/subnets/db1d3cbf-cd04-4ab1-9647-3573ecb6deb5 HTTP/1.1" 204 - "-" "python-urllib3/1.26.5"
10.128.0.2 - - [03/Dec/2025:22:51:40 +0000] "DELETE /v2.0/floatingips/aa2938c7-9695-422d-809b-a35da51be156 HTTP/1.1" 404 144 "-" "python-urllib3/1.26.5"
10.128.0.2 - - [03/Dec/2025:22:51:40 +0000] "POST /v2.0/networks HTTP/1.1" 201 770 "-" "python-urllib3/1.26.5"
10.128.0.2 - - [03/Dec/2025:22:51:38 +0000] "DELETE /v2.0/security-groups/96754d76-790f-4e7f-a8a3-d1ea50fee867 HTTP/1.1" 204 - "-" "python-urllib3/1.26.5"
10.128.0.2 - - [03/Dec/2025:22:51:40 +0000] "PUT /v2.0/ports/ef9699d6-94f3-40c1-9c2b-f7076fc04153/tags HTTP/1.1" 200 17 "-" "python-urllib3/1.26.5"
10.128.0.2 - - [03/Dec/2025:22:51:41 +0000] "PUT /v2.0/ports/b4a6bbed-d1f6-4f8f-aa0e-b81e1d570057/tags HTTP/1.1" 200 25 "-" "python-urllib3/1.26.5"
10.128.0.2 - - [03/Dec/2025:22:51:41 +0000] "GET /v2.0/security-groups/96754d76-790f-4e7f-a8a3-d1ea50fee867 HTTP/1.1" 404 146 "-" "python-urllib3/1.26.5"
10.128.0.2 - - [03/Dec/2025:22:51:41 +0000] "DELETE /v2.0/ports/10e6dc32-447d-46d3-9702-2cbe20e6cc82 HTTP/1.1" 204 - "-" "python-urllib3/1.26.5"
10.128.0.2 - - [03/Dec/2025:22:51:41 +0000] "DELETE /v2.0/networks/1132f05d-a1b7-4f2e-8623-973d84b742bf HTTP/1.1" 204 - "-" "python-urllib3/1.26.5"
10.128.1.49 - - [03/Dec/2025:22:51:40 +0000] "GET /v2.0/ports?device_id=f2567b69-178d-4b15-ad1c-5cee17217770 HTTP/1.1" 200 1106 "-" "python-neutronclient"
10.128.0.2 - - [03/Dec/2025:22:51:41 +0000] "DELETE /v2.0/floatingips/7389224e-5002-4f03-8151-bdb484fd2b21 HTTP/1.1" 204 - "-" "python-urllib3/1.26.5"
10.128.0.2 - - [03/Dec/2025:22:51:42 +0000] "DELETE /v2.0/ports/617f69ff-cd25-4deb-9f6f-f934e32a5b74 HTTP/1.1" 204 - "-" "python-urllib3/1.26.5"
10.128.0.2 - - [03/Dec/2025:22:51:40 +0000] "DELETE /v2.0/ports/dd86545d-1fa8-4d6e-a7cd-b4a40bf32de9 HTTP/1.1" 204 - "-" "python-urllib3/1.26.5"
10.128.0.2 - - [03/Dec/2025:22:51:42 +0000] "DELETE /v2.0/ports/dd86545d-1fa8-4d6e-a7cd-b4a40bf32de9 HTTP/1.1" 404 132 "-" "python-urllib3/1.26.5"
10.128.0.2 - - [03/Dec/2025:22:51:41 +0000] "PUT /v2.0/ports/d4146b18-8007-4235-931a-f2b5a7ddf8ee/tags HTTP/1.1" 200 34 "-" "python-urllib3/1.26.5"
10.128.1.49 - - [03/Dec/2025:22:51:40 +0000] "GET /v2.0/ports?device_id=1ea8a783-20e2-42bb-a54e-ae3c48deeae9 HTTP/1.1" 200 1084 "-" "python-neutronclient"
10.128.0.2 - - [03/Dec/2025:22:51:42 +0000] "GET /v2.0/ports/dd86545d-1fa8-4d6e-a7cd-b4a40bf32de9 HTTP/1.1" 404 132 "-" "python-urllib3/1.26.5"
10.128.0.2 - - [03/Dec/2025:22:51:42 +0000] "GET /v2.0/security-groups?tenant_id=299ee2f66db64e96b81a849a523d8680&name=default HTTP/1.1" 200 2801 "-" "python-urllib3/1.26.5"
10.128.0.2 - - [03/Dec/2025:22:51:43 +0000] "DELETE /v2.0/subnets/c9fddb4c-c1e6-4850-8336-c93ac4f9f43b HTTP/1.1" 204 - "-" "python-urllib3/1.26.5"
10.128.1.49 - - [03/Dec/2025:22:51:42 +0000] "GET /v2.0/security-groups?id=d1185e45-f1f9-4194-b4ef-e4297b6a5f2e&fields=id&fields=name HTTP/1.1" 200 113 "-" "python-neutronclient"
10.128.0.2 - - [03/Dec/2025:22:51:42 +0000] "PUT /v2.0/ports/e7881e46-65c1-46d0-8719-e01c881d0576/tags HTTP/1.1" 200 19 "-" "python-urllib3/1.26.5"
10.128.0.2 - - [03/Dec/2025:22:51:42 +0000] "GET /v2.0/ports?device_id=6fe06a1a-8b5f-4694-914c-f339318b9cd7 HTTP/1.1" 200 951 "-" "python-urllib3/1.26.5"
10.128.1.49 - - [03/Dec/2025:22:51:42 +0000] "GET /v2.0/security-groups?id=751198d7-cf04-419b-9253-170b12ba58fb&fields=id&fields=name HTTP/1.1" 200 113 "-" "python-neutronclient"
10.128.0.2 - - [03/Dec/2025:22:51:40 +0000] "POST /v2.0/security-group-rules HTTP/1.1" 201 570 "-" "python-urllib3/1.26.5"
10.128.0.2 - - [03/Dec/2025:22:51:43 +0000] "GET /v2.0/ports?tags=red HTTP/1.1" 200 2253 "-" "python-urllib3/1.26.5"
10.128.0.2 - - [03/Dec/2025:22:51:43 +0000] "GET /v2.0/ports?tags=red%2Cblue HTTP/1.1" 200 1513 "-" "python-urllib3/1.26.5"
10.128.0.2 - - [03/Dec/2025:22:51:38 +0000] "POST /v2.0/networks HTTP/1.1" 201 653 "-" "python-urllib3/1.26.5"
10.128.0.2 - - [03/Dec/2025:22:51:44 +0000] "GET /v2.0/ports?tags-any=blue HTTP/1.1" 200 1513 "-" "python-urllib3/1.26.5"
10.128.0.2 - - [03/Dec/2025:22:51:44 +0000] "GET /v2.0/ports?tags-any=red%2Cblue HTTP/1.1" 200 2253 "-" "python-urllib3/1.26.5"
10.128.0.2 - - [03/Dec/2025:22:51:44 +0000] "GET /v2.0/ports?not-tags=red HTTP/1.1" 200 5268 "-" "python-urllib3/1.26.5"
10.128.1.49 - - [03/Dec/2025:22:51:44 +0000] "GET /v2.0/ports?device_id=f2567b69-178d-4b15-ad1c-5cee17217770 HTTP/1.1" 200 1108 "-" "python-neutronclient"
10.128.1.49 - - [03/Dec/2025:22:51:44 +0000] "GET /v2.0/ports?device_id=1ea8a783-20e2-42bb-a54e-ae3c48deeae9 HTTP/1.1" 200 1084 "-" "python-neutronclient"
10.128.0.2 - - [03/Dec/2025:22:51:45 +0000] "GET /v2.0/ports?not-tags=red%2Cblue HTTP/1.1" 200 6008 "-" "python-urllib3/1.26.5"
10.128.0.2 - - [03/Dec/2025:22:51:44 +0000] "POST /v2.0/subnets HTTP/1.1" 201 622 "-" "python-urllib3/1.26.5"
10.128.0.2 - - [03/Dec/2025:22:51:45 +0000] "GET /v2.0/ports?not-tags-any=blue HTTP/1.1" 200 6008 "-" "python-urllib3/1.26.5"
10.128.0.2 - - [03/Dec/2025:22:51:39 +0000] "POST /v2.0/ports HTTP/1.1" 201 952 "-" "python-urllib3/1.26.5"
10.128.0.2 - - [03/Dec/2025:22:51:45 +0000] "POST /v2.0/routers HTTP/1.1" 201 486 "-" "python-urllib3/1.26.5"
10.128.1.49 - - [03/Dec/2025:22:51:45 +0000] "GET /v2.0/security-groups?id=d1185e45-f1f9-4194-b4ef-e4297b6a5f2e&fields=id&fields=name HTTP/1.1" 200 113 "-" "python-neutronclient"
10.128.1.49 - - [03/Dec/2025:22:51:45 +0000] "GET /v2.0/security-groups?id=751198d7-cf04-419b-9253-170b12ba58fb&fields=id&fields=name HTTP/1.1" 200 113 "-" "python-neutronclient"
10.128.0.2 - - [03/Dec/2025:22:51:43 +0000] "POST /v2.0/security-group-rules HTTP/1.1" 201 569 "-" "python-urllib3/1.26.5"
10.128.0.2 - - [03/Dec/2025:22:51:42 +0000] "PUT /v2.0/routers/26adb676-07c6-4513-8342-bc9273b2f891/remove_router_interface HTTP/1.1" 200 309 "-" "python-urllib3/1.26.5"
10.128.0.2 - - [03/Dec/2025:22:51:46 +0000] "POST /v2.0/ports HTTP/1.1" 201 964 "-" "python-urllib3/1.26.5"
10.128.1.49 - - [03/Dec/2025:22:51:46 +0000] "GET /v2.0/ports?device_id=f2567b69-178d-4b15-ad1c-5cee17217770 HTTP/1.1" 200 1108 "-" "python-neutronclient"
10.128.0.2 - - [03/Dec/2025:22:51:43 +0000] "DELETE /v2.0/security-groups/62b91942-99a5-4752-9dfc-d2d117c1667a HTTP/1.1" 204 - "-" "python-urllib3/1.26.5"
10.128.0.2 - - [03/Dec/2025:22:51:39 +0000] "DELETE /v2.0/routers/e3d715cc-e22e-43dc-ae0d-f3d33e24fa15 HTTP/1.1" 204 - "-" "python-urllib3/1.26.5"
10.128.0.2 - - [03/Dec/2025:22:51:45 +0000] "GET /v2.0/ports?not-tags-any=red%2Cblue HTTP/1.1" 200 5268 "-" "python-urllib3/1.26.5"
10.128.0.2 - - [03/Dec/2025:22:51:43 +0000] "DELETE /v2.0/networks/a945b67d-f4cc-4018-adfe-0bea9939c239 HTTP/1.1" 204 - "-" "python-urllib3/1.26.5"
10.128.1.49 - - [03/Dec/2025:22:51:47 +0000] "GET /v2.0/ports?device_id=1ea8a783-20e2-42bb-a54e-ae3c48deeae9 HTTP/1.1" 200 1086 "-" "python-neutronclient"
