100.64.0.2 - - [03/Dec/2025:23:07:27 +0000] "GET /v2.0/networks?id=df6b7696-18f9-4c0c-8b3a-a936cad9d650 HTTP/1.1" 200 772 "-" "python-neutronclient"
100.64.0.2 - - [03/Dec/2025:23:07:27 +0000] "GET /v2.0/ports?device_id=767144dc-3754-40d8-905e-2679435c6b85 HTTP/1.1" 200 1372 "-" "python-neutronclient"
10.128.1.49 - - [03/Dec/2025:23:07:27 +0000] "GET /v2.0/ports?device_id=767144dc-3754-40d8-905e-2679435c6b85 HTTP/1.1" 200 1105 "-" "python-neutronclient"
100.64.0.2 - - [03/Dec/2025:23:07:28 +0000] "GET /v2.0/floatingips?fixed_ip_address=10.100.0.10&port_id=2a64b4aa-a67d-41e6-aa57-0548d48d1080 HTTP/1.1" 200 19 "-" "python-neutronclient"
10.128.1.49 - - [03/Dec/2025:23:07:28 +0000] "GET /v2.0/security-groups?id=7349684d-6855-423a-a37e-d2851b958dee&fields=id&fields=name HTTP/1.1" 200 114 "-" "python-neutronclient"
100.64.0.2 - - [03/Dec/2025:23:07:28 +0000] "GET /v2.0/security-groups?id=7349684d-6855-423a-a37e-d2851b958dee&fields=id&fields=name HTTP/1.1" 200 114 "-" "python-neutronclient"
100.64.0.2 - - [03/Dec/2025:23:07:28 +0000] "GET /v2.0/subnets?id=fcb9363a-590b-4c61-90bb-d473d9c1709c HTTP/1.1" 200 654 "-" "python-neutronclient"
100.64.0.2 - - [03/Dec/2025:23:07:28 +0000] "GET /v2.0/ports?network_id=df6b7696-18f9-4c0c-8b3a-a936cad9d650&device_owner=network%3Adhcp HTTP/1.1" 200 12 "-" "python-neutronclient"
100.64.0.2 - - [03/Dec/2025:23:07:28 +0000] "GET /v2.0/networks/df6b7696-18f9-4c0c-8b3a-a936cad9d650?fields=segments HTTP/1.1" 200 14 "-" "python-neutronclient"
100.64.0.2 - - [03/Dec/2025:23:07:28 +0000] "GET /v2.0/networks/df6b7696-18f9-4c0c-8b3a-a936cad9d650?fields=provider%3Aphysical_network&fields=provider%3Anetwork_type HTTP/1.1" 200 79 "-" "python-neutronclient"
10.128.1.49 - - [03/Dec/2025:23:07:29 +0000] "GET /v2.0/ports?device_id=767144dc-3754-40d8-905e-2679435c6b85 HTTP/1.1" 200 1107 "-" "python-neutronclient"
10.128.1.49 - - [03/Dec/2025:23:07:30 +0000] "GET /v2.0/security-groups?id=7349684d-6855-423a-a37e-d2851b958dee&fields=id&fields=name HTTP/1.1" 200 114 "-" "python-neutronclient"
10.128.1.49 - - [03/Dec/2025:23:07:32 +0000] "GET /v2.0/ports?device_id=767144dc-3754-40d8-905e-2679435c6b85 HTTP/1.1" 200 1107 "-" "python-neutronclient"
10.128.1.49 - - [03/Dec/2025:23:07:32 +0000] "GET /v2.0/security-groups?id=7349684d-6855-423a-a37e-d2851b958dee&fields=id&fields=name HTTP/1.1" 200 114 "-" "python-neutronclient"
10.128.1.49 - - [03/Dec/2025:23:07:32 +0000] "GET /v2.0/ports?device_id=767144dc-3754-40d8-905e-2679435c6b85 HTTP/1.1" 200 1107 "-" "python-neutronclient"
10.128.1.49 - - [03/Dec/2025:23:07:32 +0000] "GET /v2.0/security-groups?id=7349684d-6855-423a-a37e-d2851b958dee&fields=id&fields=name HTTP/1.1" 200 114 "-" "python-neutronclient"
10.128.0.2 - - [03/Dec/2025:23:07:33 +0000] "GET /v2.0/ports?device_id=767144dc-3754-40d8-905e-2679435c6b85 HTTP/1.1" 200 1374 "-" "python-urllib3/1.26.5"
10.128.0.2 - - [03/Dec/2025:23:07:33 +0000] "POST /v2.0/networks HTTP/1.1" 201 652 "-" "python-urllib3/1.26.5"
10.128.0.2 - - [03/Dec/2025:23:07:34 +0000] "GET /v2.0/subnets?project_id=5f45986fc95543d5a0014e214c498f28&cidr=10.100.0.0%2F28 HTTP/1.1" 200 652 "-" "python-urllib3/1.26.5"
10.128.0.2 - - [03/Dec/2025:23:07:34 +0000] "GET /v2.0/networks?router%3Aexternal=True HTTP/1.1" 200 1567 "-" "python-urllib3/1.26.5"
10.128.0.2 - - [03/Dec/2025:23:07:34 +0000] "GET /v2.0/subnets?network_id=028583f1-6fe0-4d55-b869-739d10dff786&cidr=10.100.0.0%2F28 HTTP/1.1" 200 14 "-" "python-urllib3/1.26.5"
10.128.0.2 - - [03/Dec/2025:23:07:34 +0000] "GET /v2.0/subnets?network_id=27d6c5e6-f9ae-4cab-9ef3-af7441386ba8&cidr=10.100.0.0%2F28 HTTP/1.1" 200 14 "-" "python-urllib3/1.26.5"
10.128.0.2 - - [03/Dec/2025:23:07:34 +0000] "GET /v2.0/subnets?project_id=5f45986fc95543d5a0014e214c498f28&cidr=10.100.0.16%2F28 HTTP/1.1" 200 14 "-" "python-urllib3/1.26.5"
10.128.0.2 - - [03/Dec/2025:23:07:34 +0000] "GET /v2.0/networks?router%3Aexternal=True HTTP/1.1" 200 1567 "-" "python-urllib3/1.26.5"
10.128.0.2 - - [03/Dec/2025:23:07:35 +0000] "GET /v2.0/subnets?network_id=028583f1-6fe0-4d55-b869-739d10dff786&cidr=10.100.0.16%2F28 HTTP/1.1" 200 14 "-" "python-urllib3/1.26.5"
10.128.0.2 - - [03/Dec/2025:23:07:35 +0000] "GET /v2.0/subnets?network_id=27d6c5e6-f9ae-4cab-9ef3-af7441386ba8&cidr=10.100.0.16%2F28 HTTP/1.1" 200 14 "-" "python-urllib3/1.26.5"
10.128.0.2 - - [03/Dec/2025:23:07:33 +0000] "POST /v2.0/floatingips HTTP/1.1" 201 882 "-" "python-urllib3/1.26.5"
100.64.0.2 - - [03/Dec/2025:23:07:35 +0000] "GET /v2.0/ports?tenant_id=3989de3c2cf844418cdd96de2dc55a66&device_id=767144dc-3754-40d8-905e-2679435c6b85 HTTP/1.1" 200 1374 "-" "python-neutronclient"
10.128.1.49 - - [03/Dec/2025:23:07:35 +0000] "GET /v2.0/ports?device_id=767144dc-3754-40d8-905e-2679435c6b85 HTTP/1.1" 200 1107 "-" "python-neutronclient"
100.64.0.2 - - [03/Dec/2025:23:07:35 +0000] "GET /v2.0/networks?id=df6b7696-18f9-4c0c-8b3a-a936cad9d650 HTTP/1.1" 200 772 "-" "python-neutronclient"
100.64.0.2 - - [03/Dec/2025:23:07:35 +0000] "GET /v2.0/floatingips?fixed_ip_address=10.100.0.10&port_id=2a64b4aa-a67d-41e6-aa57-0548d48d1080 HTTP/1.1" 200 887 "-" "python-neutronclient"
10.128.1.49 - - [03/Dec/2025:23:07:35 +0000] "GET /v2.0/security-groups?id=7349684d-6855-423a-a37e-d2851b958dee&fields=id&fields=name HTTP/1.1" 200 114 "-" "python-neutronclient"
10.128.0.2 - - [03/Dec/2025:23:07:36 +0000] "GET /v2.0/floatingips/c5b593cb-3b12-435c-b50a-b4595704add6 HTTP/1.1" 200 884 "-" "python-urllib3/1.26.5"
100.64.0.2 - - [03/Dec/2025:23:07:36 +0000] "GET /v2.0/subnets?id=fcb9363a-590b-4c61-90bb-d473d9c1709c HTTP/1.1" 200 654 "-" "python-neutronclient"
100.64.0.2 - - [03/Dec/2025:23:07:36 +0000] "GET /v2.0/ports?network_id=df6b7696-18f9-4c0c-8b3a-a936cad9d650&device_owner=network%3Adhcp HTTP/1.1" 200 12 "-" "python-neutronclient"
100.64.0.2 - - [03/Dec/2025:23:07:36 +0000] "GET /v2.0/networks/df6b7696-18f9-4c0c-8b3a-a936cad9d650?fields=segments HTTP/1.1" 200 14 "-" "python-neutronclient"
10.128.0.2 - - [03/Dec/2025:23:07:35 +0000] "POST /v2.0/subnets HTTP/1.1" 201 627 "-" "python-urllib3/1.26.5"
100.64.0.2 - - [03/Dec/2025:23:07:36 +0000] "GET /v2.0/networks/df6b7696-18f9-4c0c-8b3a-a936cad9d650?fields=provider%3Aphysical_network&fields=provider%3Anetwork_type HTTP/1.1" 200 79 "-" "python-neutronclient"
10.128.0.2 - - [03/Dec/2025:23:07:37 +0000] "GET /v2.0/ports?device_id=b8da0a43-40d3-4d13-8c10-d5ccb04b6872 HTTP/1.1" 200 1350 "-" "python-urllib3/1.26.5"
100.64.0.2 - - [03/Dec/2025:23:07:37 +0000] "GET /v2.0/networks/f8435606-cbe1-42cb-b559-eacbd288a3db?fields=segments HTTP/1.1" 200 14 "-" "python-neutronclient"
100.64.0.2 - - [03/Dec/2025:23:07:37 +0000] "GET /v2.0/networks/f8435606-cbe1-42cb-b559-eacbd288a3db?fields=provider%3Aphysical_network&fields=provider%3Anetwork_type HTTP/1.1" 200 79 "-" "python-neutronclient"
100.64.0.2 - - [03/Dec/2025:23:07:37 +0000] "GET /v2.0/networks?id=f8435606-cbe1-42cb-b559-eacbd288a3db HTTP/1.1" 200 674 "-" "python-neutronclient"
100.64.0.2 - - [03/Dec/2025:23:07:37 +0000] "POST /v2.0/ports HTTP/1.1" 201 963 "-" "python-neutronclient"
100.64.0.2 - - [03/Dec/2025:23:07:38 +0000] "PUT /v2.0/ports/ec5b4e68-4a9f-4a1c-89ff-5bf251b8ddda HTTP/1.1" 200 1317 "-" "python-neutronclient"
100.64.0.2 - - [03/Dec/2025:23:07:39 +0000] "GET /v2.0/ports?tenant_id=5f45986fc95543d5a0014e214c498f28&device_id=b8da0a43-40d3-4d13-8c10-d5ccb04b6872 HTTP/1.1" 200 2687 "-" "python-neutronclient"
100.64.0.2 - - [03/Dec/2025:23:07:39 +0000] "GET /v2.0/floatingips?fixed_ip_address=10.100.0.12&port_id=3c77ce8b-91f8-466f-be53-7a25d999c60f HTTP/1.1" 200 887 "-" "python-neutronclient"
100.64.0.2 - - [03/Dec/2025:23:07:39 +0000] "GET /v2.0/subnets?id=b51e91c9-3f97-4f36-88f4-549f5a259ef1 HTTP/1.1" 200 652 "-" "python-neutronclient"
100.64.0.2 - - [03/Dec/2025:23:07:39 +0000] "GET /v2.0/ports?network_id=51bf5d8c-c1bc-4548-be0d-9da29c1c369f&device_owner=network%3Adhcp HTTP/1.1" 200 12 "-" "python-neutronclient"
100.64.0.2 - - [03/Dec/2025:23:07:39 +0000] "GET /v2.0/networks/51bf5d8c-c1bc-4548-be0d-9da29c1c369f?fields=segments HTTP/1.1" 200 14 "-" "python-neutronclient"
100.64.0.2 - - [03/Dec/2025:23:07:39 +0000] "GET /v2.0/networks/51bf5d8c-c1bc-4548-be0d-9da29c1c369f?fields=provider%3Aphysical_network&fields=provider%3Anetwork_type HTTP/1.1" 200 79 "-" "python-neutronclient"
100.64.0.2 - - [03/Dec/2025:23:07:40 +0000] "GET /v2.0/floatingips?fixed_ip_address=10.100.0.30&port_id=ec5b4e68-4a9f-4a1c-89ff-5bf251b8ddda HTTP/1.1" 200 19 "-" "python-neutronclient"
100.64.0.2 - - [03/Dec/2025:23:07:40 +0000] "GET /v2.0/subnets?id=6381eed5-716e-4cfb-9988-1c0f38fa3b67 HTTP/1.1" 200 648 "-" "python-neutronclient"
100.64.0.2 - - [03/Dec/2025:23:07:40 +0000] "GET /v2.0/ports?network_id=f8435606-cbe1-42cb-b559-eacbd288a3db&device_owner=network%3Adhcp HTTP/1.1" 200 12 "-" "python-neutronclient"
100.64.0.2 - - [03/Dec/2025:23:07:40 +0000] "GET /v2.0/networks/f8435606-cbe1-42cb-b559-eacbd288a3db?fields=segments HTTP/1.1" 200 14 "-" "python-neutronclient"
100.64.0.2 - - [03/Dec/2025:23:07:40 +0000] "GET /v2.0/networks/f8435606-cbe1-42cb-b559-eacbd288a3db?fields=provider%3Aphysical_network&fields=provider%3Anetwork_type HTTP/1.1" 200 79 "-" "python-neutronclient"
100.64.0.2 - - [03/Dec/2025:23:07:41 +0000] "GET /v2.0/ports?tenant_id=5f45986fc95543d5a0014e214c498f28&device_id=b8da0a43-40d3-4d13-8c10-d5ccb04b6872 HTTP/1.1" 200 2687 "-" "python-neutronclient"
100.64.0.2 - - [03/Dec/2025:23:07:41 +0000] "GET /v2.0/networks?id=f8435606-cbe1-42cb-b559-eacbd288a3db HTTP/1.1" 200 773 "-" "python-neutronclient"
100.64.0.2 - - [03/Dec/2025:23:07:41 +0000] "GET /v2.0/floatingips?fixed_ip_address=10.100.0.30&port_id=ec5b4e68-4a9f-4a1c-89ff-5bf251b8ddda HTTP/1.1" 200 19 "-" "python-neutronclient"
100.64.0.2 - - [03/Dec/2025:23:07:41 +0000] "GET /v2.0/subnets?id=6381eed5-716e-4cfb-9988-1c0f38fa3b67 HTTP/1.1" 200 648 "-" "python-neutronclient"
100.64.0.2 - - [03/Dec/2025:23:07:41 +0000] "GET /v2.0/ports?network_id=f8435606-cbe1-42cb-b559-eacbd288a3db&device_owner=network%3Adhcp HTTP/1.1" 200 12 "-" "python-neutronclient"
10.128.1.49 - - [03/Dec/2025:23:07:41 +0000] "GET /v2.0/ports/ec5b4e68-4a9f-4a1c-89ff-5bf251b8ddda HTTP/1.1" 200 1080 "-" "python-neutronclient"
10.128.0.2 - - [03/Dec/2025:23:07:42 +0000] "GET /v2.0/ports?device_id=b8da0a43-40d3-4d13-8c10-d5ccb04b6872 HTTP/1.1" 200 2689 "-" "python-urllib3/1.26.5"
100.64.0.2 - - [03/Dec/2025:23:07:41 +0000] "GET /v2.0/networks/f8435606-cbe1-42cb-b559-eacbd288a3db?fields=segments HTTP/1.1" 200 14 "-" "python-neutronclient"
100.64.0.2 - - [03/Dec/2025:23:07:42 +0000] "GET /v2.0/networks/f8435606-cbe1-42cb-b559-eacbd288a3db?fields=provider%3Aphysical_network&fields=provider%3Anetwork_type HTTP/1.1" 200 79 "-" "python-neutronclient"
10.128.0.2 - - [03/Dec/2025:23:07:43 +0000] "GET /v2.0/ports?device_id=b8da0a43-40d3-4d13-8c10-d5ccb04b6872&network_id=f8435606-cbe1-42cb-b559-eacbd288a3db HTTP/1.1" 200 1350 "-" "python-urllib3/1.26.5"
10.128.0.2 - - [03/Dec/2025:23:07:43 +0000] "POST /v2.0/security-groups HTTP/1.1" 201 1611 "-" "python-urllib3/1.26.5"
10.128.0.2 - - [03/Dec/2025:23:07:43 +0000] "POST /v2.0/security-group-rules HTTP/1.1" 201 565 "-" "python-urllib3/1.26.5"
10.128.0.2 - - [03/Dec/2025:23:07:44 +0000] "POST /v2.0/security-group-rules HTTP/1.1" 201 564 "-" "python-urllib3/1.26.5"
10.128.0.2 - - [03/Dec/2025:23:07:44 +0000] "POST /v2.0/security-group-rules HTTP/1.1" 201 570 "-" "python-urllib3/1.26.5"
10.128.0.2 - - [03/Dec/2025:23:07:45 +0000] "POST /v2.0/security-group-rules HTTP/1.1" 201 569 "-" "python-urllib3/1.26.5"
10.128.0.2 - - [03/Dec/2025:23:07:47 +0000] "POST /v2.0/security-group-rules HTTP/1.1" 201 575 "-" "python-urllib3/1.26.5"
10.128.0.2 - - [03/Dec/2025:23:07:48 +0000] "POST /v2.0/security-group-rules HTTP/1.1" 201 574 "-" "python-urllib3/1.26.5"
10.128.1.49 - - [03/Dec/2025:23:07:48 +0000] "GET /v2.0/ports?device_id=767144dc-3754-40d8-905e-2679435c6b85 HTTP/1.1" 200 1107 "-" "python-neutronclient"
10.128.1.49 - - [03/Dec/2025:23:07:49 +0000] "GET /v2.0/security-groups?id=7349684d-6855-423a-a37e-d2851b958dee&fields=id&fields=name HTTP/1.1" 200 114 "-" "python-neutronclient"
10.128.1.49 - - [03/Dec/2025:23:07:50 +0000] "GET /v2.0/ports?device_id=767144dc-3754-40d8-905e-2679435c6b85 HTTP/1.1" 200 1107 "-" "python-neutronclient"
10.128.1.49 - - [03/Dec/2025:23:07:49 +0000] "GET /v2.0/security-groups?name=tempest-secgroup-smoke-165776964&fields=id&tenant_id=5f45986fc95543d5a0014e214c498f28 HTTP/1.1" 200 69 "-" "python-neutronclient"
10.128.1.49 - - [03/Dec/2025:23:07:50 +0000] "GET /v2.0/security-groups?id=7349684d-6855-423a-a37e-d2851b958dee&fields=id&fields=name HTTP/1.1" 200 114 "-" "python-neutronclient"
10.128.1.49 - - [03/Dec/2025:23:07:50 +0000] "GET /v2.0/networks?id=f8435606-cbe1-42cb-b559-eacbd288a3db HTTP/1.1" 200 674 "-" "python-neutronclient"
10.128.0.2 - - [03/Dec/2025:23:07:50 +0000] "GET /v2.0/floatingips/c5b593cb-3b12-435c-b50a-b4595704add6 HTTP/1.1" 200 882 "-" "python-urllib3/1.26.5"
10.128.1.49 - - [03/Dec/2025:23:07:50 +0000] "GET /v2.0/quotas/5f45986fc95543d5a0014e214c498f28 HTTP/1.1" 200 187 "-" "python-neutronclient"
10.128.1.49 - - [03/Dec/2025:23:07:51 +0000] "GET /v2.0/ports?tenant_id=5f45986fc95543d5a0014e214c498f28&fields=id HTTP/1.1" 200 241 "-" "python-neutronclient"
10.128.1.49 - - [03/Dec/2025:23:07:51 +0000] "GET /v2.0/networks/f8435606-cbe1-42cb-b559-eacbd288a3db?fields=segments HTTP/1.1" 200 14 "-" "python-neutronclient"
10.128.1.49 - - [03/Dec/2025:23:07:51 +0000] "GET /v2.0/networks/f8435606-cbe1-42cb-b559-eacbd288a3db?fields=provider%3Aphysical_network&fields=provider%3Anetwork_type HTTP/1.1" 200 79 "-" "python-neutronclient"
10.128.1.51 - - [03/Dec/2025:23:07:51 +0000] "GET /v2.0/extensions HTTP/1.1" 200 17369 "-" "python-neutronclient"
100.64.0.2 - - [03/Dec/2025:23:07:52 +0000] "GET /v2.0/ports?tenant_id=3989de3c2cf844418cdd96de2dc55a66&device_id=767144dc-3754-40d8-905e-2679435c6b85 HTTP/1.1" 200 1372 "-" "python-neutronclient"
10.128.1.49 - - [03/Dec/2025:23:07:51 +0000] "GET /v2.0/ports?device_id=8091e8e7-d48f-4309-9a83-e139e882635c HTTP/1.1" 200 12 "-" "python-neutronclient"
10.128.1.49 - - [03/Dec/2025:23:07:52 +0000] "GET /v2.0/ports?device_id=767144dc-3754-40d8-905e-2679435c6b85 HTTP/1.1" 200 1105 "-" "python-neutronclient"
10.128.1.51 - - [03/Dec/2025:23:07:51 +0000] "GET /v2.0/subnets?network_id=f8435606-cbe1-42cb-b559-eacbd288a3db&fields=segment_id HTTP/1.1" 200 33 "-" "python-neutronclient"
100.64.0.2 - - [03/Dec/2025:23:07:52 +0000] "GET /v2.0/networks?id=df6b7696-18f9-4c0c-8b3a-a936cad9d650 HTTP/1.1" 200 772 "-" "python-neutronclient"
10.128.1.49 - - [03/Dec/2025:23:07:52 +0000] "GET /v2.0/security-groups?id=7349684d-6855-423a-a37e-d2851b958dee&fields=id&fields=name HTTP/1.1" 200 114 "-" "python-neutronclient"
100.64.0.2 - - [03/Dec/2025:23:07:52 +0000] "GET /v2.0/floatingips?fixed_ip_address=10.100.0.10&port_id=2a64b4aa-a67d-41e6-aa57-0548d48d1080 HTTP/1.1" 200 885 "-" "python-neutronclient"
100.64.0.2 - - [03/Dec/2025:23:07:52 +0000] "GET /v2.0/subnets?id=fcb9363a-590b-4c61-90bb-d473d9c1709c HTTP/1.1" 200 654 "-" "python-neutronclient"
10.128.0.2 - - [03/Dec/2025:23:07:53 +0000] "GET / HTTP/1.1" 200 122 "-" "kube-probe/1.31"
10.128.0.2 - - [03/Dec/2025:23:07:53 +0000] "GET / HTTP/1.1" 200 122 "-" "kube-probe/1.31"
10.128.0.2 - - [03/Dec/2025:23:07:53 +0000] "GET / HTTP/1.1" 200 122 "-" "kube-probe/1.31"
100.64.0.2 - - [03/Dec/2025:23:07:53 +0000] "GET /v2.0/ports?network_id=df6b7696-18f9-4c0c-8b3a-a936cad9d650&device_owner=network%3Adhcp HTTP/1.1" 200 12 "-" "python-neutronclient"
100.64.0.2 - - [03/Dec/2025:23:07:53 +0000] "GET /v2.0/networks?id=f8435606-cbe1-42cb-b559-eacbd288a3db HTTP/1.1" 200 674 "-" "python-neutronclient"
100.64.0.2 - - [03/Dec/2025:23:07:53 +0000] "GET /v2.0/networks/df6b7696-18f9-4c0c-8b3a-a936cad9d650?fields=segments HTTP/1.1" 200 14 "-" "python-neutronclient"
100.64.0.2 - - [03/Dec/2025:23:07:53 +0000] "GET /v2.0/security-groups?fields=id&fields=name&tenant_id=5f45986fc95543d5a0014e214c498f28 HTTP/1.1" 200 273 "-" "python-neutronclient"
10.128.1.49 - - [03/Dec/2025:23:07:53 +0000] "GET /v2.0/ports?device_id=8091e8e7-d48f-4309-9a83-e139e882635c HTTP/1.1" 200 12 "-" "python-neutronclient"
100.64.0.2 - - [03/Dec/2025:23:07:53 +0000] "GET /v2.0/networks/df6b7696-18f9-4c0c-8b3a-a936cad9d650?fields=provider%3Aphysical_network&fields=provider%3Anetwork_type HTTP/1.1" 200 79 "-" "python-neutronclient"
10.128.1.49 - - [03/Dec/2025:23:07:53 +0000] "GET /v2.0/ports?device_id=767144dc-3754-40d8-905e-2679435c6b85 HTTP/1.1" 200 1105 "-" "python-neutronclient"
10.128.1.49 - - [03/Dec/2025:23:07:54 +0000] "GET /v2.0/security-groups?id=7349684d-6855-423a-a37e-d2851b958dee&fields=id&fields=name HTTP/1.1" 200 114 "-" "python-neutronclient"
10.128.1.49 - - [03/Dec/2025:23:07:54 +0000] "GET /v2.0/ports?device_id=8091e8e7-d48f-4309-9a83-e139e882635c HTTP/1.1" 200 966 "-" "python-neutronclient"
10.128.1.49 - - [03/Dec/2025:23:07:55 +0000] "GET /v2.0/security-groups?id=fd9e1dda-c4b4-4c41-8464-960d771db177&fields=id&fields=name HTTP/1.1" 200 113 "-" "python-neutronclient"
100.64.0.2 - - [03/Dec/2025:23:07:53 +0000] "POST /v2.0/ports HTTP/1.1" 201 963 "-" "python-neutronclient"
10.128.1.49 - - [03/Dec/2025:23:07:55 +0000] "GET /v2.0/ports?device_id=767144dc-3754-40d8-905e-2679435c6b85 HTTP/1.1" 200 1107 "-" "python-neutronclient"
10.128.1.49 - - [03/Dec/2025:23:07:56 +0000] "GET /v2.0/security-groups?id=7349684d-6855-423a-a37e-d2851b958dee&fields=id&fields=name HTTP/1.1" 200 114 "-" "python-neutronclient"
10.128.0.2 - - [03/Dec/2025:23:07:56 +0000] "GET /v2.0/floatingips/c5b593cb-3b12-435c-b50a-b4595704add6 HTTP/1.1" 200 884 "-" "python-urllib3/1.26.5"
100.64.0.2 - - [03/Dec/2025:23:07:55 +0000] "PUT /v2.0/ports/e8daf515-ffb9-417d-8fe6-0c474ed363c5 HTTP/1.1" 200 1317 "-" "python-neutronclient"
10.128.1.49 - - [03/Dec/2025:23:07:56 +0000] "GET /v2.0/ports?device_id=8091e8e7-d48f-4309-9a83-e139e882635c HTTP/1.1" 200 1081 "-" "python-neutronclient"
100.64.0.2 - - [03/Dec/2025:23:07:56 +0000] "GET /v2.0/ports?tenant_id=5f45986fc95543d5a0014e214c498f28&device_id=8091e8e7-d48f-4309-9a83-e139e882635c HTTP/1.1" 200 1348 "-" "python-neutronclient"
10.128.1.49 - - [03/Dec/2025:23:07:56 +0000] "GET /v2.0/security-groups?id=fd9e1dda-c4b4-4c41-8464-960d771db177&fields=id&fields=name HTTP/1.1" 200 113 "-" "python-neutronclient"
100.64.0.2 - - [03/Dec/2025:23:07:57 +0000] "GET /v2.0/floatingips?fixed_ip_address=10.100.0.26&port_id=e8daf515-ffb9-417d-8fe6-0c474ed363c5 HTTP/1.1" 200 19 "-" "python-neutronclient"
100.64.0.2 - - [03/Dec/2025:23:07:57 +0000] "GET /v2.0/subnets?id=6381eed5-716e-4cfb-9988-1c0f38fa3b67 HTTP/1.1" 200 648 "-" "python-neutronclient"
100.64.0.2 - - [03/Dec/2025:23:07:57 +0000] "GET /v2.0/ports?network_id=f8435606-cbe1-42cb-b559-eacbd288a3db&device_owner=network%3Adhcp HTTP/1.1" 200 12 "-" "python-neutronclient"
100.64.0.2 - - [03/Dec/2025:23:07:57 +0000] "GET /v2.0/networks/f8435606-cbe1-42cb-b559-eacbd288a3db?fields=segments HTTP/1.1" 200 14 "-" "python-neutronclient"
10.128.0.2 - - [03/Dec/2025:23:07:57 +0000] "DELETE /v2.0/floatingips/c5b593cb-3b12-435c-b50a-b4595704add6 HTTP/1.1" 204 - "-" "python-urllib3/1.26.5"
100.64.0.2 - - [03/Dec/2025:23:07:58 +0000] "GET /v2.0/networks/f8435606-cbe1-42cb-b559-eacbd288a3db?fields=provider%3Aphysical_network&fields=provider%3Anetwork_type HTTP/1.1" 200 79 "-" "python-neutronclient"
100.64.0.2 - - [03/Dec/2025:23:07:58 +0000] "GET /v2.0/ports?tenant_id=5f45986fc95543d5a0014e214c498f28&device_id=8091e8e7-d48f-4309-9a83-e139e882635c HTTP/1.1" 200 1348 "-" "python-neutronclient"
10.128.1.49 - - [03/Dec/2025:23:07:58 +0000] "GET /v2.0/ports?device_id=8091e8e7-d48f-4309-9a83-e139e882635c HTTP/1.1" 200 1081 "-" "python-neutronclient"
100.64.0.2 - - [03/Dec/2025:23:07:58 +0000] "GET /v2.0/ports?device_id=8091e8e7-d48f-4309-9a83-e139e882635c HTTP/1.1" 200 1348 "-" "python-neutronclient"
10.128.1.49 - - [03/Dec/2025:23:07:58 +0000] "GET /v2.0/ports?device_id=767144dc-3754-40d8-905e-2679435c6b85 HTTP/1.1" 200 1105 "-" "python-neutronclient"
100.64.0.2 - - [03/Dec/2025:23:07:58 +0000] "GET /v2.0/security-groups?id=fd9e1dda-c4b4-4c41-8464-960d771db177&fields=id&fields=name HTTP/1.1" 200 113 "-" "python-neutronclient"
100.64.0.2 - - [03/Dec/2025:23:07:58 +0000] "GET /v2.0/ports?device_id=767144dc-3754-40d8-905e-2679435c6b85 HTTP/1.1" 200 1105 "-" "python-neutronclient"
100.64.0.2 - - [03/Dec/2025:23:07:58 +0000] "GET /v2.0/networks?id=f8435606-cbe1-42cb-b559-eacbd288a3db HTTP/1.1" 200 773 "-" "python-neutronclient"
100.64.0.2 - - [03/Dec/2025:23:07:59 +0000] "GET /v2.0/floatingips?fixed_ip_address=10.100.0.26&port_id=e8daf515-ffb9-417d-8fe6-0c474ed363c5 HTTP/1.1" 200 19 "-" "python-neutronclient"
100.64.0.2 - - [03/Dec/2025:23:07:59 +0000] "DELETE /v2.0/ports/2a64b4aa-a67d-41e6-aa57-0548d48d1080 HTTP/1.1" 204 - "-" "python-neutronclient"
10.128.1.49 - - [03/Dec/2025:23:07:58 +0000] "GET /v2.0/security-groups?id=fd9e1dda-c4b4-4c41-8464-960d771db177&fields=id&fields=name HTTP/1.1" 200 113 "-" "python-neutronclient"
10.128.1.49 - - [03/Dec/2025:23:07:58 +0000] "GET /v2.0/security-groups?id=7349684d-6855-423a-a37e-d2851b958dee&fields=id&fields=name HTTP/1.1" 200 114 "-" "python-neutronclient"
100.64.0.2 - - [03/Dec/2025:23:07:59 +0000] "GET /v2.0/subnets?id=6381eed5-716e-4cfb-9988-1c0f38fa3b67 HTTP/1.1" 200 648 "-" "python-neutronclient"
100.64.0.2 - - [03/Dec/2025:23:07:59 +0000] "GET /v2.0/ports?tenant_id=3989de3c2cf844418cdd96de2dc55a66&device_id=767144dc-3754-40d8-905e-2679435c6b85 HTTP/1.1" 200 12 "-" "python-neutronclient"
100.64.0.2 - - [03/Dec/2025:23:07:59 +0000] "GET /v2.0/ports?network_id=f8435606-cbe1-42cb-b559-eacbd288a3db&device_owner=network%3Adhcp HTTP/1.1" 200 12 "-" "python-neutronclient"
100.64.0.2 - - [03/Dec/2025:23:07:59 +0000] "GET /v2.0/networks?tenant_id=3989de3c2cf844418cdd96de2dc55a66&shared=False HTTP/1.1" 200 772 "-" "python-neutronclient"
100.64.0.2 - - [03/Dec/2025:23:08:00 +0000] "GET /v2.0/networks/f8435606-cbe1-42cb-b559-eacbd288a3db?fields=segments HTTP/1.1" 200 14 "-" "python-neutronclient"
100.64.0.2 - - [03/Dec/2025:23:08:00 +0000] "GET /v2.0/networks/f8435606-cbe1-42cb-b559-eacbd288a3db?fields=provider%3Aphysical_network&fields=provider%3Anetwork_type HTTP/1.1" 200 79 "-" "python-neutronclient"
100.64.0.2 - - [03/Dec/2025:23:08:00 +0000] "GET /v2.0/networks?shared=True HTTP/1.1" 200 745 "-" "python-neutronclient"
10.128.1.49 - - [03/Dec/2025:23:08:00 +0000] "GET /v2.0/ports?device_id=8091e8e7-d48f-4309-9a83-e139e882635c HTTP/1.1" 200 1083 "-" "python-neutronclient"
10.128.1.49 - - [03/Dec/2025:23:08:00 +0000] "GET /v2.0/security-groups?id=fd9e1dda-c4b4-4c41-8464-960d771db177&fields=id&fields=name HTTP/1.1" 200 113 "-" "python-neutronclient"
10.128.0.2 - - [03/Dec/2025:23:08:00 +0000] "PUT /v2.0/routers/e316035f-2b06-4746-833c-3012c4835df3/remove_router_interface HTTP/1.1" 200 309 "-" "python-urllib3/1.26.5"
10.128.1.49 - - [03/Dec/2025:23:08:02 +0000] "GET /v2.0/ports?device_id=8091e8e7-d48f-4309-9a83-e139e882635c HTTP/1.1" 200 1083 "-" "python-neutronclient"
10.128.0.2 - - [03/Dec/2025:23:08:01 +0000] "DELETE /v2.0/subnets/fcb9363a-590b-4c61-90bb-d473d9c1709c HTTP/1.1" 204 - "-" "python-urllib3/1.26.5"
10.128.1.49 - - [03/Dec/2025:23:08:02 +0000] "GET /v2.0/security-groups?id=fd9e1dda-c4b4-4c41-8464-960d771db177&fields=id&fields=name HTTP/1.1" 200 113 "-" "python-neutronclient"
10.128.1.49 - - [03/Dec/2025:23:08:03 +0000] "GET /v2.0/ports?device_id=8091e8e7-d48f-4309-9a83-e139e882635c HTTP/1.1" 200 1083 "-" "python-neutronclient"
10.128.0.2 - - [03/Dec/2025:23:08:02 +0000] "DELETE /v2.0/routers/e316035f-2b06-4746-833c-3012c4835df3 HTTP/1.1" 204 - "-" "python-urllib3/1.26.5"
10.128.1.49 - - [03/Dec/2025:23:08:04 +0000] "GET /v2.0/security-groups?id=fd9e1dda-c4b4-4c41-8464-960d771db177&fields=id&fields=name HTTP/1.1" 200 113 "-" "python-neutronclient"
10.128.1.49 - - [03/Dec/2025:23:08:04 +0000] "GET /v2.0/ports?device_id=8091e8e7-d48f-4309-9a83-e139e882635c HTTP/1.1" 200 1083 "-" "python-neutronclient"
10.128.0.2 - - [03/Dec/2025:23:08:04 +0000] "DELETE /v2.0/networks/df6b7696-18f9-4c0c-8b3a-a936cad9d650 HTTP/1.1" 204 - "-" "python-urllib3/1.26.5"
10.128.1.49 - - [03/Dec/2025:23:08:04 +0000] "GET /v2.0/security-groups?id=fd9e1dda-c4b4-4c41-8464-960d771db177&fields=id&fields=name HTTP/1.1" 200 113 "-" "python-neutronclient"
10.128.0.2 - - [03/Dec/2025:23:08:04 +0000] "DELETE /v2.0/security-groups/7349684d-6855-423a-a37e-d2851b958dee HTTP/1.1" 204 - "-" "python-urllib3/1.26.5"
10.128.0.2 - - [03/Dec/2025:23:08:05 +0000] "GET /v2.0/security-groups?tenant_id=fa8b510e27fa41689c0a609860cbc171&name=default HTTP/1.1" 200 2805 "-" "python-urllib3/1.26.5"
10.128.0.2 - - [03/Dec/2025:23:08:06 +0000] "DELETE /v2.0/security-groups/980b6123-f2bd-404a-8b43-2c4748ea7fc7 HTTP/1.1" 204 - "-" "python-urllib3/1.26.5"
10.128.0.2 - - [03/Dec/2025:23:08:07 +0000] "GET /v2.0/security-groups?tenant_id=3989de3c2cf844418cdd96de2dc55a66&name=default HTTP/1.1" 200 2805 "-" "python-urllib3/1.26.5"
10.128.0.2 - - [03/Dec/2025:23:08:08 +0000] "DELETE /v2.0/security-groups/e54111a5-4d7a-4e7b-807a-5bd4c7c60c0b HTTP/1.1" 204 - "-" "python-urllib3/1.26.5"
10.128.0.2 - - [03/Dec/2025:23:08:12 +0000] "POST /v2.0/security-groups HTTP/1.1" 201 1613 "-" "python-urllib3/1.26.5"
10.128.0.2 - - [03/Dec/2025:23:08:12 +0000] "POST /v2.0/security-group-rules HTTP/1.1" 201 565 "-" "python-urllib3/1.26.5"
10.128.0.2 - - [03/Dec/2025:23:08:13 +0000] "POST /v2.0/security-group-rules HTTP/1.1" 201 564 "-" "python-urllib3/1.26.5"
10.128.0.2 - - [03/Dec/2025:23:08:13 +0000] "POST /v2.0/security-group-rules HTTP/1.1" 201 570 "-" "python-urllib3/1.26.5"
10.128.0.2 - - [03/Dec/2025:23:08:13 +0000] "POST /v2.0/security-group-rules HTTP/1.1" 201 569 "-" "python-urllib3/1.26.5"
10.128.0.2 - - [03/Dec/2025:23:08:14 +0000] "POST /v2.0/security-group-rules HTTP/1.1" 201 575 "-" "python-urllib3/1.26.5"
10.128.0.2 - - [03/Dec/2025:23:08:14 +0000] "POST /v2.0/security-group-rules HTTP/1.1" 201 574 "-" "python-urllib3/1.26.5"
10.128.0.2 - - [03/Dec/2025:23:08:14 +0000] "POST /v2.0/networks HTTP/1.1" 201 652 "-" "python-urllib3/1.26.5"
10.128.0.2 - - [03/Dec/2025:23:08:15 +0000] "GET /v2.0/subnets?project_id=392542f6ffae4fd4801c87a6dbbba04a&cidr=10.100.0.0%2F28 HTTP/1.1" 200 14 "-" "python-urllib3/1.26.5"
10.128.0.2 - - [03/Dec/2025:23:08:15 +0000] "GET /v2.0/networks?router%3Aexternal=True HTTP/1.1" 200 1567 "-" "python-urllib3/1.26.5"
10.128.0.2 - - [03/Dec/2025:23:08:16 +0000] "GET /v2.0/subnets?network_id=028583f1-6fe0-4d55-b869-739d10dff786&cidr=10.100.0.0%2F28 HTTP/1.1" 200 14 "-" "python-urllib3/1.26.5"
10.128.0.2 - - [03/Dec/2025:23:08:16 +0000] "GET /v2.0/subnets?network_id=27d6c5e6-f9ae-4cab-9ef3-af7441386ba8&cidr=10.100.0.0%2F28 HTTP/1.1" 200 14 "-" "python-urllib3/1.26.5"
10.128.0.2 - - [03/Dec/2025:23:08:16 +0000] "POST /v2.0/subnets HTTP/1.1" 201 625 "-" "python-urllib3/1.26.5"
10.128.0.2 - - [03/Dec/2025:23:08:18 +0000] "POST /v2.0/routers HTTP/1.1" 201 671 "-" "python-urllib3/1.26.5"
10.128.0.2 - - [03/Dec/2025:23:08:20 +0000] "PUT /v2.0/ports/ec5b4e68-4a9f-4a1c-89ff-5bf251b8ddda HTTP/1.1" 200 1043 "-" "python-urllib3/1.26.5"
100.64.0.2 - - [03/Dec/2025:23:08:22 +0000] "GET /v2.0/ports?tenant_id=5f45986fc95543d5a0014e214c498f28&device_id=b8da0a43-40d3-4d13-8c10-d5ccb04b6872 HTTP/1.1" 200 2652 "-" "python-neutronclient"
100.64.0.2 - - [03/Dec/2025:23:08:22 +0000] "GET /v2.0/networks?id=f8435606-cbe1-42cb-b559-eacbd288a3db HTTP/1.1" 200 773 "-" "python-neutronclient"
100.64.0.2 - - [03/Dec/2025:23:08:23 +0000] "GET /v2.0/floatingips?fixed_ip_address=10.100.0.30&port_id=ec5b4e68-4a9f-4a1c-89ff-5bf251b8ddda HTTP/1.1" 200 19 "-" "python-neutronclient"
10.128.0.2 - - [03/Dec/2025:23:08:23 +0000] "GET / HTTP/1.1" 200 122 "-" "kube-probe/1.31"
10.128.0.2 - - [03/Dec/2025:23:08:23 +0000] "GET / HTTP/1.1" 200 122 "-" "kube-probe/1.31"
10.128.0.2 - - [03/Dec/2025:23:08:23 +0000] "GET / HTTP/1.1" 200 122 "-" "kube-probe/1.31"
100.64.0.2 - - [03/Dec/2025:23:08:23 +0000] "GET /v2.0/subnets?id=6381eed5-716e-4cfb-9988-1c0f38fa3b67 HTTP/1.1" 200 648 "-" "python-neutronclient"
100.64.0.2 - - [03/Dec/2025:23:08:23 +0000] "GET /v2.0/ports?network_id=f8435606-cbe1-42cb-b559-eacbd288a3db&device_owner=network%3Adhcp HTTP/1.1" 200 12 "-" "python-neutronclient"
10.128.0.2 - - [03/Dec/2025:23:08:21 +0000] "PUT /v2.0/routers/d301157f-5f7c-41f8-bdcf-501414a17eab/add_router_interface HTTP/1.1" 200 309 "-" "python-urllib3/1.26.5"
100.64.0.2 - - [03/Dec/2025:23:08:23 +0000] "GET /v2.0/networks/f8435606-cbe1-42cb-b559-eacbd288a3db?fields=segments HTTP/1.1" 200 14 "-" "python-neutronclient"
10.128.0.2 - - [03/Dec/2025:23:08:23 +0000] "GET /v2.0/subnets?project_id=392542f6ffae4fd4801c87a6dbbba04a&cidr=2001%3Adb8%3A%3A%2F64 HTTP/1.1" 200 14 "-" "python-urllib3/1.26.5"
100.64.0.2 - - [03/Dec/2025:23:08:23 +0000] "GET /v2.0/networks/f8435606-cbe1-42cb-b559-eacbd288a3db?fields=provider%3Aphysical_network&fields=provider%3Anetwork_type HTTP/1.1" 200 79 "-" "python-neutronclient"
10.128.0.2 - - [03/Dec/2025:23:08:23 +0000] "GET /v2.0/networks?router%3Aexternal=True HTTP/1.1" 200 1567 "-" "python-urllib3/1.26.5"
10.128.0.2 - - [03/Dec/2025:23:08:24 +0000] "GET /v2.0/subnets?network_id=028583f1-6fe0-4d55-b869-739d10dff786&cidr=2001%3Adb8%3A%3A%2F64 HTTP/1.1" 200 14 "-" "python-urllib3/1.26.5"
10.128.0.2 - - [03/Dec/2025:23:08:24 +0000] "GET /v2.0/subnets?network_id=27d6c5e6-f9ae-4cab-9ef3-af7441386ba8&cidr=2001%3Adb8%3A%3A%2F64 HTTP/1.1" 200 14 "-" "python-urllib3/1.26.5"
10.128.0.2 - - [03/Dec/2025:23:08:24 +0000] "POST /v2.0/subnets HTTP/1.1" 201 650 "-" "python-urllib3/1.26.5"
10.128.1.49 - - [03/Dec/2025:23:08:26 +0000] "GET /v2.0/ports?device_id=8091e8e7-d48f-4309-9a83-e139e882635c HTTP/1.1" 200 1083 "-" "python-neutronclient"
100.64.0.2 - - [03/Dec/2025:23:08:27 +0000] "GET /v2.0/ports?device_id=8091e8e7-d48f-4309-9a83-e139e882635c HTTP/1.1" 200 1083 "-" "python-neutronclient"
10.128.1.49 - - [03/Dec/2025:23:08:27 +0000] "GET /v2.0/security-groups?id=fd9e1dda-c4b4-4c41-8464-960d771db177&fields=id&fields=name HTTP/1.1" 200 113 "-" "python-neutronclient"
100.64.0.2 - - [03/Dec/2025:23:08:27 +0000] "DELETE /v2.0/ports/e8daf515-ffb9-417d-8fe6-0c474ed363c5 HTTP/1.1" 204 - "-" "python-neutronclient"
10.128.0.2 - - [03/Dec/2025:23:08:25 +0000] "PUT /v2.0/routers/d301157f-5f7c-41f8-bdcf-501414a17eab/add_router_interface HTTP/1.1" 200 309 "-" "python-urllib3/1.26.5"
10.128.0.2 - - [03/Dec/2025:23:08:28 +0000] "DELETE /v2.0/security-groups/fd9e1dda-c4b4-4c41-8464-960d771db177 HTTP/1.1" 204 - "-" "python-urllib3/1.26.5"
10.128.1.49 - - [03/Dec/2025:23:08:29 +0000] "GET /v2.0/security-groups?name=tempest-secgroup-smoke-1413922917&fields=id&tenant_id=392542f6ffae4fd4801c87a6dbbba04a HTTP/1.1" 200 69 "-" "python-neutronclient"
10.128.0.2 - - [03/Dec/2025:23:08:29 +0000] "GET /v2.0/ports/ec5b4e68-4a9f-4a1c-89ff-5bf251b8ddda HTTP/1.1" 200 1043 "-" "python-urllib3/1.26.5"
10.128.1.49 - - [03/Dec/2025:23:08:29 +0000] "GET /v2.0/networks?id=513133cf-40c0-4dbf-b5e5-4462e5d4c199 HTTP/1.1" 200 713 "-" "python-neutronclient"
100.64.0.2 - - [03/Dec/2025:23:08:29 +0000] "GET /v2.0/ports/ec5b4e68-4a9f-4a1c-89ff-5bf251b8ddda HTTP/1.1" 200 1308 "-" "python-neutronclient"
10.128.1.49 - - [03/Dec/2025:23:08:29 +0000] "GET /v2.0/quotas/392542f6ffae4fd4801c87a6dbbba04a HTTP/1.1" 200 187 "-" "python-neutronclient"
10.128.1.49 - - [03/Dec/2025:23:08:29 +0000] "GET /v2.0/ports?tenant_id=392542f6ffae4fd4801c87a6dbbba04a&fields=id HTTP/1.1" 200 149 "-" "python-neutronclient"
10.128.1.49 - - [03/Dec/2025:23:08:30 +0000] "GET /v2.0/networks/513133cf-40c0-4dbf-b5e5-4462e5d4c199?fields=segments HTTP/1.1" 200 14 "-" "python-neutronclient"
100.64.0.2 - - [03/Dec/2025:23:08:29 +0000] "DELETE /v2.0/ports/ec5b4e68-4a9f-4a1c-89ff-5bf251b8ddda HTTP/1.1" 204 - "-" "python-neutronclient"
10.128.1.49 - - [03/Dec/2025:23:08:30 +0000] "GET /v2.0/networks/513133cf-40c0-4dbf-b5e5-4462e5d4c199?fields=provider%3Aphysical_network&fields=provider%3Anetwork_type HTTP/1.1" 200 79 "-" "python-neutronclient"
100.64.0.2 - - [03/Dec/2025:23:08:30 +0000] "GET /v2.0/ports?tenant_id=5f45986fc95543d5a0014e214c498f28&device_id=b8da0a43-40d3-4d13-8c10-d5ccb04b6872 HTTP/1.1" 200 1350 "-" "python-neutronclient"
10.128.0.2 - - [03/Dec/2025:23:08:30 +0000] "GET /v2.0/ports/ec5b4e68-4a9f-4a1c-89ff-5bf251b8ddda HTTP/1.1" 404 132 "-" "python-urllib3/1.26.5"
100.64.0.2 - - [03/Dec/2025:23:08:30 +0000] "GET /v2.0/networks?id=51bf5d8c-c1bc-4548-be0d-9da29c1c369f&id=f8435606-cbe1-42cb-b559-eacbd288a3db HTTP/1.1" 200 1531 "-" "python-neutronclient"
10.128.1.51 - - [03/Dec/2025:23:08:30 +0000] "GET /v2.0/extensions HTTP/1.1" 200 17369 "-" "python-neutronclient"
10.128.1.49 - - [03/Dec/2025:23:08:30 +0000] "GET /v2.0/ports?device_id=7b48153c-3fed-4bee-b64f-e23d8ac0a43b HTTP/1.1" 200 12 "-" "python-neutronclient"
100.64.0.2 - - [03/Dec/2025:23:08:30 +0000] "GET /v2.0/floatingips?fixed_ip_address=10.100.0.12&port_id=3c77ce8b-91f8-466f-be53-7a25d999c60f HTTP/1.1" 200 887 "-" "python-neutronclient"
10.128.1.51 - - [03/Dec/2025:23:08:30 +0000] "GET /v2.0/subnets?network_id=513133cf-40c0-4dbf-b5e5-4462e5d4c199&fields=segment_id HTTP/1.1" 200 53 "-" "python-neutronclient"
10.128.0.2 - - [03/Dec/2025:23:08:30 +0000] "DELETE /v2.0/subnets/6381eed5-716e-4cfb-9988-1c0f38fa3b67 HTTP/1.1" 204 - "-" "python-urllib3/1.26.5"
100.64.0.2 - - [03/Dec/2025:23:08:30 +0000] "GET /v2.0/subnets?id=b51e91c9-3f97-4f36-88f4-549f5a259ef1 HTTP/1.1" 200 652 "-" "python-neutronclient"
100.64.0.2 - - [03/Dec/2025:23:08:31 +0000] "GET /v2.0/ports?network_id=51bf5d8c-c1bc-4548-be0d-9da29c1c369f&device_owner=network%3Adhcp HTTP/1.1" 200 12 "-" "python-neutronclient"
100.64.0.2 - - [03/Dec/2025:23:08:31 +0000] "GET /v2.0/networks/51bf5d8c-c1bc-4548-be0d-9da29c1c369f?fields=segments HTTP/1.1" 200 14 "-" "python-neutronclient"
10.128.0.2 - - [03/Dec/2025:23:08:30 +0000] "DELETE /v2.0/networks/f8435606-cbe1-42cb-b559-eacbd288a3db HTTP/1.1" 204 - "-" "python-urllib3/1.26.5"
100.64.0.2 - - [03/Dec/2025:23:08:31 +0000] "GET /v2.0/networks/51bf5d8c-c1bc-4548-be0d-9da29c1c369f?fields=provider%3Aphysical_network&fields=provider%3Anetwork_type HTTP/1.1" 200 79 "-" "python-neutronclient"
100.64.0.2 - - [03/Dec/2025:23:08:31 +0000] "GET /v2.0/networks?id=513133cf-40c0-4dbf-b5e5-4462e5d4c199 HTTP/1.1" 200 713 "-" "python-neutronclient"
10.128.0.2 - - [03/Dec/2025:23:08:31 +0000] "DELETE /v2.0/floatingips/358c4181-7be6-45d4-b469-278bed09bd7f HTTP/1.1" 204 - "-" "python-urllib3/1.26.5"
10.128.1.49 - - [03/Dec/2025:23:08:31 +0000] "GET /v2.0/ports?device_id=7b48153c-3fed-4bee-b64f-e23d8ac0a43b HTTP/1.1" 200 12 "-" "python-neutronclient"
100.64.0.2 - - [03/Dec/2025:23:08:31 +0000] "GET /v2.0/security-groups?fields=id&fields=name&tenant_id=392542f6ffae4fd4801c87a6dbbba04a HTTP/1.1" 200 181 "-" "python-neutronclient"
10.128.1.49 - - [03/Dec/2025:23:08:32 +0000] "GET /v2.0/ports?device_id=b8da0a43-40d3-4d13-8c10-d5ccb04b6872 HTTP/1.1" 200 1083 "-" "python-neutronclient"
100.64.0.2 - - [03/Dec/2025:23:08:32 +0000] "GET /v2.0/ports?device_id=b8da0a43-40d3-4d13-8c10-d5ccb04b6872 HTTP/1.1" 200 1083 "-" "python-neutronclient"
10.128.1.49 - - [03/Dec/2025:23:08:32 +0000] "GET /v2.0/security-groups?id=c9bcf740-c92f-4cae-a92a-573676d1b0f5&fields=id&fields=name HTTP/1.1" 200 114 "-" "python-neutronclient"
100.64.0.2 - - [03/Dec/2025:23:08:32 +0000] "POST /v2.0/ports HTTP/1.1" 201 1221 "-" "python-neutronclient"
100.64.0.2 - - [03/Dec/2025:23:08:32 +0000] "DELETE /v2.0/ports/3c77ce8b-91f8-466f-be53-7a25d999c60f HTTP/1.1" 204 - "-" "python-neutronclient"
10.128.1.49 - - [03/Dec/2025:23:08:33 +0000] "GET /v2.0/ports?device_id=7b48153c-3fed-4bee-b64f-e23d8ac0a43b HTTP/1.1" 200 1224 "-" "python-neutronclient"
10.128.1.49 - - [03/Dec/2025:23:08:33 +0000] "GET /v2.0/security-groups?id=532d4f39-74f9-4e5e-8190-dd55991e0135&fields=id&fields=name HTTP/1.1" 200 114 "-" "python-neutronclient"
10.128.0.2 - - [03/Dec/2025:23:08:34 +0000] "DELETE /v2.0/security-groups/c9bcf740-c92f-4cae-a92a-573676d1b0f5 HTTP/1.1" 204 - "-" "python-urllib3/1.26.5"
100.64.0.2 - - [03/Dec/2025:23:08:34 +0000] "GET /v2.0/ports?tenant_id=5f45986fc95543d5a0014e214c498f28&device_id=b8da0a43-40d3-4d13-8c10-d5ccb04b6872 HTTP/1.1" 200 12 "-" "python-neutronclient"
100.64.0.2 - - [03/Dec/2025:23:08:33 +0000] "PUT /v2.0/ports/2ec2e633-af31-478f-b73a-3364a0890de0 HTTP/1.1" 200 1587 "-" "python-neutronclient"
100.64.0.2 - - [03/Dec/2025:23:08:34 +0000] "GET /v2.0/networks?tenant_id=5f45986fc95543d5a0014e214c498f28&shared=False HTTP/1.1" 200 772 "-" "python-neutronclient"
100.64.0.2 - - [03/Dec/2025:23:08:34 +0000] "GET /v2.0/ports?tenant_id=392542f6ffae4fd4801c87a6dbbba04a&device_id=7b48153c-3fed-4bee-b64f-e23d8ac0a43b HTTP/1.1" 200 1618 "-" "python-neutronclient"
100.64.0.2 - - [03/Dec/2025:23:08:34 +0000] "GET /v2.0/networks?shared=True HTTP/1.1" 200 745 "-" "python-neutronclient"
100.64.0.2 - - [03/Dec/2025:23:08:34 +0000] "GET /v2.0/floatingips?fixed_ip_address=10.100.0.10&port_id=2ec2e633-af31-478f-b73a-3364a0890de0 HTTP/1.1" 200 19 "-" "python-neutronclient"
10.128.1.49 - - [03/Dec/2025:23:08:35 +0000] "GET /v2.0/ports?device_id=7b48153c-3fed-4bee-b64f-e23d8ac0a43b HTTP/1.1" 200 1351 "-" "python-neutronclient"
100.64.0.2 - - [03/Dec/2025:23:08:35 +0000] "GET /v2.0/floatingips?fixed_ip_address=2001%3Adb8%3A%3Af816%3A3eff%3Afe40%3Afe12&port_id=2ec2e633-af31-478f-b73a-3364a0890de0 HTTP/1.1" 200 19 "-" "python-neutronclient"
100.64.0.2 - - [03/Dec/2025:23:08:35 +0000] "GET /v2.0/subnets?id=bf8f627e-5b47-4d44-9559-ab60c2136024&id=c5478882-386d-4c5b-9fb1-e7d51113a201 HTTP/1.1" 200 1304 "-" "python-neutronclient"
10.128.1.49 - - [03/Dec/2025:23:08:35 +0000] "GET /v2.0/security-groups?id=532d4f39-74f9-4e5e-8190-dd55991e0135&fields=id&fields=name HTTP/1.1" 200 114 "-" "python-neutronclient"
100.64.0.2 - - [03/Dec/2025:23:08:36 +0000] "GET /v2.0/ports?network_id=513133cf-40c0-4dbf-b5e5-4462e5d4c199&device_owner=network%3Adhcp HTTP/1.1" 200 12 "-" "python-neutronclient"
100.64.0.2 - - [03/Dec/2025:23:08:36 +0000] "GET /v2.0/ports?network_id=513133cf-40c0-4dbf-b5e5-4462e5d4c199&device_owner=network%3Adhcp HTTP/1.1" 200 12 "-" "python-neutronclient"
10.128.0.2 - - [03/Dec/2025:23:08:34 +0000] "PUT /v2.0/routers/69e5ead4-a73e-4f15-993c-f1bfca522979/remove_router_interface HTTP/1.1" 200 309 "-" "python-urllib3/1.26.5"
100.64.0.2 - - [03/Dec/2025:23:08:36 +0000] "GET /v2.0/networks/513133cf-40c0-4dbf-b5e5-4462e5d4c199?fields=segments HTTP/1.1" 200 14 "-" "python-neutronclient"
10.128.0.2 - - [03/Dec/2025:23:08:36 +0000] "DELETE /v2.0/subnets/b51e91c9-3f97-4f36-88f4-549f5a259ef1 HTTP/1.1" 204 - "-" "python-urllib3/1.26.5"
100.64.0.2 - - [03/Dec/2025:23:08:36 +0000] "GET /v2.0/networks/513133cf-40c0-4dbf-b5e5-4462e5d4c199?fields=provider%3Aphysical_network&fields=provider%3Anetwork_type HTTP/1.1" 200 79 "-" "python-neutronclient"
100.64.0.2 - - [03/Dec/2025:23:08:37 +0000] "GET /v2.0/ports?tenant_id=392542f6ffae4fd4801c87a6dbbba04a&device_id=7b48153c-3fed-4bee-b64f-e23d8ac0a43b HTTP/1.1" 200 1618 "-" "python-neutronclient"
100.64.0.2 - - [03/Dec/2025:23:08:37 +0000] "GET /v2.0/ports?device_id=7b48153c-3fed-4bee-b64f-e23d8ac0a43b HTTP/1.1" 200 1618 "-" "python-neutronclient"
100.64.0.2 - - [03/Dec/2025:23:08:37 +0000] "GET /v2.0/networks?id=513133cf-40c0-4dbf-b5e5-4462e5d4c199 HTTP/1.1" 200 812 "-" "python-neutronclient"
100.64.0.2 - - [03/Dec/2025:23:08:37 +0000] "GET /v2.0/floatingips?fixed_ip_address=10.100.0.10&port_id=2ec2e633-af31-478f-b73a-3364a0890de0 HTTP/1.1" 200 19 "-" "python-neutronclient"
100.64.0.2 - - [03/Dec/2025:23:08:37 +0000] "GET /v2.0/security-groups?id=532d4f39-74f9-4e5e-8190-dd55991e0135&fields=id&fields=name HTTP/1.1" 200 114 "-" "python-neutronclient"
100.64.0.2 - - [03/Dec/2025:23:08:37 +0000] "GET /v2.0/floatingips?fixed_ip_address=2001%3Adb8%3A%3Af816%3A3eff%3Afe40%3Afe12&port_id=2ec2e633-af31-478f-b73a-3364a0890de0 HTTP/1.1" 200 19 "-" "python-neutronclient"
10.128.1.49 - - [03/Dec/2025:23:08:37 +0000] "GET /v2.0/ports?device_id=7b48153c-3fed-4bee-b64f-e23d8ac0a43b HTTP/1.1" 200 1351 "-" "python-neutronclient"
10.128.0.2 - - [03/Dec/2025:23:08:37 +0000] "DELETE /v2.0/routers/69e5ead4-a73e-4f15-993c-f1bfca522979 HTTP/1.1" 204 - "-" "python-urllib3/1.26.5"
100.64.0.2 - - [03/Dec/2025:23:08:37 +0000] "GET /v2.0/subnets?id=bf8f627e-5b47-4d44-9559-ab60c2136024&id=c5478882-386d-4c5b-9fb1-e7d51113a201 HTTP/1.1" 200 1304 "-" "python-neutronclient"
10.128.1.49 - - [03/Dec/2025:23:08:37 +0000] "GET /v2.0/security-groups?id=532d4f39-74f9-4e5e-8190-dd55991e0135&fields=id&fields=name HTTP/1.1" 200 114 "-" "python-neutronclient"
100.64.0.2 - - [03/Dec/2025:23:08:37 +0000] "GET /v2.0/ports?network_id=513133cf-40c0-4dbf-b5e5-4462e5d4c199&device_owner=network%3Adhcp HTTP/1.1" 200 12 "-" "python-neutronclient"
100.64.0.2 - - [03/Dec/2025:23:08:38 +0000] "GET /v2.0/ports?network_id=513133cf-40c0-4dbf-b5e5-4462e5d4c199&device_owner=network%3Adhcp HTTP/1.1" 200 12 "-" "python-neutronclient"
100.64.0.2 - - [03/Dec/2025:23:08:38 +0000] "GET /v2.0/networks/513133cf-40c0-4dbf-b5e5-4462e5d4c199?fields=segments HTTP/1.1" 200 14 "-" "python-neutronclient"
10.128.0.2 - - [03/Dec/2025:23:08:37 +0000] "DELETE /v2.0/networks/51bf5d8c-c1bc-4548-be0d-9da29c1c369f HTTP/1.1" 204 - "-" "python-urllib3/1.26.5"
100.64.0.2 - - [03/Dec/2025:23:08:38 +0000] "GET /v2.0/networks/513133cf-40c0-4dbf-b5e5-4462e5d4c199?fields=provider%3Aphysical_network&fields=provider%3Anetwork_type HTTP/1.1" 200 79 "-" "python-neutronclient"
10.128.1.49 - - [03/Dec/2025:23:08:39 +0000] "GET /v2.0/ports?device_id=7b48153c-3fed-4bee-b64f-e23d8ac0a43b HTTP/1.1" 200 1353 "-" "python-neutronclient"
10.128.1.49 - - [03/Dec/2025:23:08:39 +0000] "GET /v2.0/security-groups?id=532d4f39-74f9-4e5e-8190-dd55991e0135&fields=id&fields=name HTTP/1.1" 200 114 "-" "python-neutronclient"
10.128.0.2 - - [03/Dec/2025:23:08:38 +0000] "POST /v2.0/networks HTTP/1.1" 201 652 "-" "python-urllib3/1.26.5"
10.128.1.49 - - [03/Dec/2025:23:08:39 +0000] "GET /v2.0/ports?device_id=7b48153c-3fed-4bee-b64f-e23d8ac0a43b HTTP/1.1" 200 1353 "-" "python-neutronclient"
10.128.1.49 - - [03/Dec/2025:23:08:39 +0000] "GET /v2.0/security-groups?id=532d4f39-74f9-4e5e-8190-dd55991e0135&fields=id&fields=name HTTP/1.1" 200 114 "-" "python-neutronclient"
10.128.0.2 - - [03/Dec/2025:23:08:39 +0000] "GET /v2.0/ports?device_id=7b48153c-3fed-4bee-b64f-e23d8ac0a43b HTTP/1.1" 200 1620 "-" "python-urllib3/1.26.5"
10.128.0.2 - - [03/Dec/2025:23:08:39 +0000] "POST /v2.0/routers HTTP/1.1" 201 672 "-" "python-urllib3/1.26.5"
10.128.0.2 - - [03/Dec/2025:23:08:42 +0000] "GET /v2.0/subnets?project_id=5f45986fc95543d5a0014e214c498f28&cidr=10.100.0.0%2F28 HTTP/1.1" 200 14 "-" "python-urllib3/1.26.5"
10.128.0.2 - - [03/Dec/2025:23:08:42 +0000] "GET /v2.0/networks?router%3Aexternal=True HTTP/1.1" 200 1567 "-" "python-urllib3/1.26.5"
10.128.0.2 - - [03/Dec/2025:23:08:42 +0000] "GET /v2.0/subnets?network_id=028583f1-6fe0-4d55-b869-739d10dff786&cidr=10.100.0.0%2F28 HTTP/1.1" 200 14 "-" "python-urllib3/1.26.5"
10.128.0.2 - - [03/Dec/2025:23:08:42 +0000] "GET /v2.0/subnets?network_id=27d6c5e6-f9ae-4cab-9ef3-af7441386ba8&cidr=10.100.0.0%2F28 HTTP/1.1" 200 14 "-" "python-urllib3/1.26.5"
10.128.0.2 - - [03/Dec/2025:23:08:40 +0000] "POST /v2.0/floatingips HTTP/1.1" 201 882 "-" "python-urllib3/1.26.5"
100.64.0.2 - - [03/Dec/2025:23:08:43 +0000] "GET /v2.0/ports?tenant_id=392542f6ffae4fd4801c87a6dbbba04a&device_id=7b48153c-3fed-4bee-b64f-e23d8ac0a43b HTTP/1.1" 200 1620 "-" "python-neutronclient"
100.64.0.2 - - [03/Dec/2025:23:08:43 +0000] "GET /v2.0/networks?id=513133cf-40c0-4dbf-b5e5-4462e5d4c199 HTTP/1.1" 200 812 "-" "python-neutronclient"
100.64.0.2 - - [03/Dec/2025:23:08:44 +0000] "GET /v2.0/floatingips?fixed_ip_address=10.100.0.10&port_id=2ec2e633-af31-478f-b73a-3364a0890de0 HTTP/1.1" 200 887 "-" "python-neutronclient"
100.64.0.2 - - [03/Dec/2025:23:08:44 +0000] "GET /v2.0/floatingips?fixed_ip_address=2001%3Adb8%3A%3Af816%3A3eff%3Afe40%3Afe12&port_id=2ec2e633-af31-478f-b73a-3364a0890de0 HTTP/1.1" 200 19 "-" "python-neutronclient"
10.128.0.2 - - [03/Dec/2025:23:08:42 +0000] "POST /v2.0/subnets HTTP/1.1" 201 632 "-" "python-urllib3/1.26.5"
100.64.0.2 - - [03/Dec/2025:23:08:44 +0000] "GET /v2.0/subnets?id=bf8f627e-5b47-4d44-9559-ab60c2136024&id=c5478882-386d-4c5b-9fb1-e7d51113a201 HTTP/1.1" 200 1304 "-" "python-neutronclient"
100.64.0.2 - - [03/Dec/2025:23:08:44 +0000] "GET /v2.0/ports?network_id=513133cf-40c0-4dbf-b5e5-4462e5d4c199&device_owner=network%3Adhcp HTTP/1.1" 200 12 "-" "python-neutronclient"
100.64.0.2 - - [03/Dec/2025:23:08:45 +0000] "GET /v2.0/ports?network_id=513133cf-40c0-4dbf-b5e5-4462e5d4c199&device_owner=network%3Adhcp HTTP/1.1" 200 12 "-" "python-neutronclient"
100.64.0.2 - - [03/Dec/2025:23:08:45 +0000] "GET /v2.0/networks/513133cf-40c0-4dbf-b5e5-4462e5d4c199?fields=segments HTTP/1.1" 200 14 "-" "python-neutronclient"
100.64.0.2 - - [03/Dec/2025:23:08:45 +0000] "GET /v2.0/networks/513133cf-40c0-4dbf-b5e5-4462e5d4c199?fields=provider%3Aphysical_network&fields=provider%3Anetwork_type HTTP/1.1" 200 79 "-" "python-neutronclient"
10.128.0.2 - - [03/Dec/2025:23:08:44 +0000] "PUT /v2.0/routers/a7f2ec81-7438-414c-a8eb-936c5b622189/add_router_interface HTTP/1.1" 200 309 "-" "python-urllib3/1.26.5"
10.128.0.2 - - [03/Dec/2025:23:08:48 +0000] "GET /v2.0/networks HTTP/1.1" 200 5364 "-" "python-urllib3/1.26.5"
10.128.0.2 - - [03/Dec/2025:23:08:48 +0000] "GET /v2.0/subnets HTTP/1.1" 200 5202 "-" "python-urllib3/1.26.5"
10.128.0.2 - - [03/Dec/2025:23:08:48 +0000] "GET /v2.0/routers HTTP/1.1" 200 1970 "-" "python-urllib3/1.26.5"
10.128.0.2 - - [03/Dec/2025:23:08:48 +0000] "POST /v2.0/ports HTTP/1.1" 201 961 "-" "python-urllib3/1.26.5"
10.128.0.2 - - [03/Dec/2025:23:08:49 +0000] "GET /v2.0/ports/5ed7bced-b6a6-4ad9-a247-c194d59b66c2 HTTP/1.1" 200 961 "-" "python-urllib3/1.26.5"
10.128.0.2 - - [03/Dec/2025:23:08:49 +0000] "POST /v2.0/security-groups HTTP/1.1" 201 1613 "-" "python-urllib3/1.26.5"
10.128.0.2 - - [03/Dec/2025:23:08:49 +0000] "POST /v2.0/security-group-rules HTTP/1.1" 201 565 "-" "python-urllib3/1.26.5"
10.128.0.2 - - [03/Dec/2025:23:08:50 +0000] "POST /v2.0/security-group-rules HTTP/1.1" 201 564 "-" "python-urllib3/1.26.5"
10.128.0.2 - - [03/Dec/2025:23:08:50 +0000] "POST /v2.0/security-group-rules HTTP/1.1" 201 570 "-" "python-urllib3/1.26.5"
10.128.0.2 - - [03/Dec/2025:23:08:50 +0000] "POST /v2.0/security-group-rules HTTP/1.1" 201 569 "-" "python-urllib3/1.26.5"
10.128.0.2 - - [03/Dec/2025:23:08:50 +0000] "POST /v2.0/security-group-rules HTTP/1.1" 201 575 "-" "python-urllib3/1.26.5"
10.128.0.2 - - [03/Dec/2025:23:08:51 +0000] "POST /v2.0/security-group-rules HTTP/1.1" 201 574 "-" "python-urllib3/1.26.5"
10.128.1.49 - - [03/Dec/2025:23:08:51 +0000] "GET /v2.0/security-groups?name=tempest-secgroup-smoke-1260014005&fields=id&tenant_id=5f45986fc95543d5a0014e214c498f28 HTTP/1.1" 200 69 "-" "python-neutronclient"
10.128.1.49 - - [03/Dec/2025:23:08:52 +0000] "GET /v2.0/ports/5ed7bced-b6a6-4ad9-a247-c194d59b66c2 HTTP/1.1" 200 961 "-" "python-neutronclient"
10.128.1.49 - - [03/Dec/2025:23:08:52 +0000] "GET /v2.0/ports/5ed7bced-b6a6-4ad9-a247-c194d59b66c2?fields=binding%3Avnic_type&fields=binding%3Aprofile&fields=network_id&fields=resource_request&fields=numa_affinity_policy&fields=device_profile HTTP/1.1" 200 136 "-" "python-neutronclient"
10.128.1.49 - - [03/Dec/2025:23:08:52 +0000] "GET /v2.0/networks/04d0b534-93b9-4fa9-a326-6adc0b807780?fields=segments HTTP/1.1" 200 14 "-" "python-neutronclient"
10.128.0.2 - - [03/Dec/2025:23:08:53 +0000] "GET / HTTP/1.1" 200 122 "-" "kube-probe/1.31"
10.128.0.2 - - [03/Dec/2025:23:08:53 +0000] "GET / HTTP/1.1" 200 122 "-" "kube-probe/1.31"
10.128.0.2 - - [03/Dec/2025:23:08:53 +0000] "GET / HTTP/1.1" 200 122 "-" "kube-probe/1.31"
10.128.1.49 - - [03/Dec/2025:23:08:53 +0000] "GET /v2.0/networks/04d0b534-93b9-4fa9-a326-6adc0b807780?fields=provider%3Aphysical_network&fields=provider%3Anetwork_type HTTP/1.1" 200 79 "-" "python-neutronclient"
10.128.1.49 - - [03/Dec/2025:23:08:53 +0000] "GET /v2.0/ports/5ed7bced-b6a6-4ad9-a247-c194d59b66c2 HTTP/1.1" 200 961 "-" "python-neutronclient"
10.128.1.51 - - [03/Dec/2025:23:08:53 +0000] "GET /v2.0/ports/5ed7bced-b6a6-4ad9-a247-c194d59b66c2 HTTP/1.1" 200 961 "-" "python-neutronclient"
10.128.1.49 - - [03/Dec/2025:23:08:53 +0000] "GET /v2.0/ports?device_id=971cc311-3453-4d29-8363-7f5e338ed218 HTTP/1.1" 200 12 "-" "python-neutronclient"
10.128.1.51 - - [03/Dec/2025:23:08:54 +0000] "GET /v2.0/extensions HTTP/1.1" 200 17369 "-" "python-neutronclient"
10.128.1.51 - - [03/Dec/2025:23:08:54 +0000] "GET /v2.0/subnets/8dd5fbe2-1d1e-4be2-98cf-6cf5ab2d7756 HTTP/1.1" 200 650 "-" "python-neutronclient"
10.128.1.51 - - [03/Dec/2025:23:08:54 +0000] "GET /v2.0/ports/5ed7bced-b6a6-4ad9-a247-c194d59b66c2 HTTP/1.1" 200 961 "-" "python-neutronclient"
10.128.1.49 - - [03/Dec/2025:23:08:55 +0000] "GET /v2.0/ports?device_id=971cc311-3453-4d29-8363-7f5e338ed218 HTTP/1.1" 200 12 "-" "python-neutronclient"
100.64.0.2 - - [03/Dec/2025:23:08:55 +0000] "GET /v2.0/ports/5ed7bced-b6a6-4ad9-a247-c194d59b66c2 HTTP/1.1" 200 1081 "-" "python-neutronclient"
100.64.0.2 - - [03/Dec/2025:23:08:55 +0000] "GET /v2.0/networks?id=04d0b534-93b9-4fa9-a326-6adc0b807780 HTTP/1.1" 200 674 "-" "python-neutronclient"
100.64.0.2 - - [03/Dec/2025:23:08:55 +0000] "GET /v2.0/security-groups?fields=id&fields=name&tenant_id=5f45986fc95543d5a0014e214c498f28 HTTP/1.1" 200 181 "-" "python-neutronclient"
10.128.1.49 - - [03/Dec/2025:23:08:56 +0000] "GET /v2.0/ports?device_id=971cc311-3453-4d29-8363-7f5e338ed218 HTTP/1.1" 200 1114 "-" "python-neutronclient"
100.64.0.2 - - [03/Dec/2025:23:08:56 +0000] "PUT /v2.0/ports/5ed7bced-b6a6-4ad9-a247-c194d59b66c2 HTTP/1.1" 200 1350 "-" "python-neutronclient"
10.128.1.49 - - [03/Dec/2025:23:08:56 +0000] "GET /v2.0/security-groups?id=2633695c-266c-4029-a7b3-029cc97cc9b7&fields=id&fields=name HTTP/1.1" 200 88 "-" "python-neutronclient"
