10.128.0.2 - - [03/Dec/2025:23:14:34 +0000] "POST /v2.0/floatingips HTTP/1.1" 201 881 "-" "python-urllib3/1.26.5"
100.64.0.2 - - [03/Dec/2025:23:14:36 +0000] "GET /v2.0/ports?tenant_id=392542f6ffae4fd4801c87a6dbbba04a&device_id=8363515f-01e3-43ff-a4be-a276a51c729e HTTP/1.1" 200 3001 "-" "python-neutronclient"
100.64.0.2 - - [03/Dec/2025:23:14:36 +0000] "GET /v2.0/networks?id=6ca3c1d3-9107-40b7-af27-d93b703ed778 HTTP/1.1" 200 772 "-" "python-neutronclient"
100.64.0.2 - - [03/Dec/2025:23:14:37 +0000] "GET /v2.0/floatingips?fixed_ip_address=10.100.0.6&port_id=4eca630a-2081-4814-8735-a6946192bb57 HTTP/1.1" 200 886 "-" "python-neutronclient"
100.64.0.2 - - [03/Dec/2025:23:14:37 +0000] "GET /v2.0/subnets?id=fb3228d3-91d5-4b11-ab94-f124845b14f0 HTTP/1.1" 200 646 "-" "python-neutronclient"
100.64.0.2 - - [03/Dec/2025:23:14:37 +0000] "GET /v2.0/ports?network_id=6ca3c1d3-9107-40b7-af27-d93b703ed778&device_owner=network%3Adhcp HTTP/1.1" 200 12 "-" "python-neutronclient"
100.64.0.2 - - [03/Dec/2025:23:14:37 +0000] "GET /v2.0/networks/6ca3c1d3-9107-40b7-af27-d93b703ed778?fields=segments HTTP/1.1" 200 14 "-" "python-neutronclient"
100.64.0.2 - - [03/Dec/2025:23:14:37 +0000] "GET /v2.0/networks/6ca3c1d3-9107-40b7-af27-d93b703ed778?fields=provider%3Aphysical_network&fields=provider%3Anetwork_type HTTP/1.1" 200 79 "-" "python-neutronclient"
100.64.0.2 - - [03/Dec/2025:23:14:40 +0000] "GET /v2.0/ports?device_id=3de114c9-3f5c-46ec-9894-66b9234d1ca1&fields=binding%3Ahost_id&fields=binding%3Avif_type HTTP/1.1" 200 96 "-" "python-neutronclient"
100.64.0.2 - - [03/Dec/2025:23:14:40 +0000] "GET /v2.0/ports?tenant_id=5c73b76d928d4467989a8e2e395bb892&device_id=3de114c9-3f5c-46ec-9894-66b9234d1ca1 HTTP/1.1" 200 1348 "-" "python-neutronclient"
100.64.0.2 - - [03/Dec/2025:23:14:41 +0000] "GET /v2.0/networks?id=a54eab01-07cd-40c7-99ce-d7db6a11a9ba HTTP/1.1" 200 785 "-" "python-neutronclient"
100.64.0.2 - - [03/Dec/2025:23:14:41 +0000] "GET /v2.0/floatingips?fixed_ip_address=10.100.0.5&port_id=0f3c21a7-81aa-4c59-b025-89b6e9e5fa7e HTTP/1.1" 200 886 "-" "python-neutronclient"
100.64.0.2 - - [03/Dec/2025:23:14:41 +0000] "GET /v2.0/subnets?id=8fc014b1-69f3-4412-bc6a-fa8276936895 HTTP/1.1" 200 667 "-" "python-neutronclient"
100.64.0.2 - - [03/Dec/2025:23:14:41 +0000] "GET /v2.0/ports?network_id=a54eab01-07cd-40c7-99ce-d7db6a11a9ba&device_owner=network%3Adhcp HTTP/1.1" 200 12 "-" "python-neutronclient"
100.64.0.2 - - [03/Dec/2025:23:14:41 +0000] "GET /v2.0/networks/a54eab01-07cd-40c7-99ce-d7db6a11a9ba?fields=segments HTTP/1.1" 200 14 "-" "python-neutronclient"
100.64.0.2 - - [03/Dec/2025:23:14:41 +0000] "GET /v2.0/networks/a54eab01-07cd-40c7-99ce-d7db6a11a9ba?fields=provider%3Aphysical_network&fields=provider%3Anetwork_type HTTP/1.1" 200 79 "-" "python-neutronclient"
10.128.1.49 - - [03/Dec/2025:23:14:52 +0000] "GET /v2.0/security-groups?name=tempest-secgroup-smoke-596553878&fields=id&tenant_id=392542f6ffae4fd4801c87a6dbbba04a HTTP/1.1" 200 69 "-" "python-neutronclient"
10.128.0.2 - - [03/Dec/2025:23:14:53 +0000] "GET / HTTP/1.1" 200 122 "-" "kube-probe/1.31"
10.128.0.2 - - [03/Dec/2025:23:14:53 +0000] "GET / HTTP/1.1" 200 122 "-" "kube-probe/1.31"
10.128.0.2 - - [03/Dec/2025:23:14:53 +0000] "GET / HTTP/1.1" 200 122 "-" "kube-probe/1.31"
10.128.1.49 - - [03/Dec/2025:23:14:52 +0000] "GET /v2.0/networks?id=6ca3c1d3-9107-40b7-af27-d93b703ed778&id=1b5bdd59-481b-4ea9-a089-07037266ac4e HTTP/1.1" 200 1372 "-" "python-neutronclient"
10.128.1.49 - - [03/Dec/2025:23:14:53 +0000] "GET /v2.0/quotas/392542f6ffae4fd4801c87a6dbbba04a HTTP/1.1" 200 187 "-" "python-neutronclient"
10.128.1.49 - - [03/Dec/2025:23:14:53 +0000] "GET /v2.0/ports?tenant_id=392542f6ffae4fd4801c87a6dbbba04a&fields=id HTTP/1.1" 200 287 "-" "python-neutronclient"
10.128.1.49 - - [03/Dec/2025:23:14:53 +0000] "GET /v2.0/extensions HTTP/1.1" 200 17369 "-" "python-neutronclient"
10.128.1.49 - - [03/Dec/2025:23:14:53 +0000] "GET /v2.0/networks/6ca3c1d3-9107-40b7-af27-d93b703ed778?fields=segments HTTP/1.1" 200 14 "-" "python-neutronclient"
10.128.1.49 - - [03/Dec/2025:23:14:54 +0000] "GET /v2.0/networks/6ca3c1d3-9107-40b7-af27-d93b703ed778?fields=provider%3Aphysical_network&fields=provider%3Anetwork_type HTTP/1.1" 200 79 "-" "python-neutronclient"
10.128.1.49 - - [03/Dec/2025:23:14:55 +0000] "GET /v2.0/networks/1b5bdd59-481b-4ea9-a089-07037266ac4e?fields=segments HTTP/1.1" 200 14 "-" "python-neutronclient"
10.128.1.49 - - [03/Dec/2025:23:14:55 +0000] "GET /v2.0/networks/1b5bdd59-481b-4ea9-a089-07037266ac4e?fields=provider%3Aphysical_network&fields=provider%3Anetwork_type HTTP/1.1" 200 79 "-" "python-neutronclient"
10.128.1.51 - - [03/Dec/2025:23:14:55 +0000] "GET /v2.0/extensions HTTP/1.1" 200 17369 "-" "python-neutronclient"
10.128.1.49 - - [03/Dec/2025:23:14:55 +0000] "GET /v2.0/ports?device_id=bb2f8308-eb8a-4fcc-a5e1-88dff5c48abe HTTP/1.1" 200 12 "-" "python-neutronclient"
10.128.1.51 - - [03/Dec/2025:23:14:56 +0000] "GET /v2.0/subnets?network_id=6ca3c1d3-9107-40b7-af27-d93b703ed778&fields=segment_id HTTP/1.1" 200 33 "-" "python-neutronclient"
10.128.1.51 - - [03/Dec/2025:23:14:56 +0000] "GET /v2.0/subnets?network_id=1b5bdd59-481b-4ea9-a089-07037266ac4e&fields=segment_id HTTP/1.1" 200 53 "-" "python-neutronclient"
100.64.0.2 - - [03/Dec/2025:23:14:57 +0000] "GET /v2.0/networks?id=6ca3c1d3-9107-40b7-af27-d93b703ed778&id=1b5bdd59-481b-4ea9-a089-07037266ac4e HTTP/1.1" 200 1372 "-" "python-neutronclient"
10.128.1.49 - - [03/Dec/2025:23:14:58 +0000] "GET /v2.0/ports?device_id=bb2f8308-eb8a-4fcc-a5e1-88dff5c48abe HTTP/1.1" 200 12 "-" "python-neutronclient"
100.64.0.2 - - [03/Dec/2025:23:14:58 +0000] "GET /v2.0/security-groups?fields=id&fields=name&tenant_id=392542f6ffae4fd4801c87a6dbbba04a HTTP/1.1" 200 180 "-" "python-neutronclient"
10.128.0.2 - - [03/Dec/2025:23:14:58 +0000] "DELETE /v2.0/floatingips/4c0b34f2-9936-4c33-8318-ff69485517f2 HTTP/1.1" 204 - "-" "python-urllib3/1.26.5"
100.64.0.2 - - [03/Dec/2025:23:14:58 +0000] "POST /v2.0/ports HTTP/1.1" 201 963 "-" "python-neutronclient"
100.64.0.2 - - [03/Dec/2025:23:14:59 +0000] "GET /v2.0/ports?tenant_id=5c73b76d928d4467989a8e2e395bb892&device_id=13470d33-f1a6-4c46-9cb3-b2001975f77f HTTP/1.1" 200 1348 "-" "python-neutronclient"
10.128.1.49 - - [03/Dec/2025:23:14:59 +0000] "GET /v2.0/ports?device_id=bb2f8308-eb8a-4fcc-a5e1-88dff5c48abe HTTP/1.1" 200 966 "-" "python-neutronclient"
10.128.1.49 - - [03/Dec/2025:23:14:59 +0000] "GET /v2.0/ports?device_id=13470d33-f1a6-4c46-9cb3-b2001975f77f HTTP/1.1" 200 1081 "-" "python-neutronclient"
100.64.0.2 - - [03/Dec/2025:23:14:59 +0000] "GET /v2.0/ports?device_id=13470d33-f1a6-4c46-9cb3-b2001975f77f HTTP/1.1" 200 1081 "-" "python-neutronclient"
100.64.0.2 - - [03/Dec/2025:23:14:59 +0000] "GET /v2.0/networks?id=a54eab01-07cd-40c7-99ce-d7db6a11a9ba HTTP/1.1" 200 785 "-" "python-neutronclient"
100.64.0.2 - - [03/Dec/2025:23:15:00 +0000] "GET /v2.0/floatingips?fixed_ip_address=10.100.0.8&port_id=d7b9ff5e-ea69-415d-8946-3954f940fac5 HTTP/1.1" 200 19 "-" "python-neutronclient"
10.128.1.49 - - [03/Dec/2025:23:15:00 +0000] "GET /v2.0/security-groups?id=60044594-f8c5-4c2c-a886-97222e4d3827&fields=id&fields=name HTTP/1.1" 200 113 "-" "python-neutronclient"
10.128.1.49 - - [03/Dec/2025:23:15:00 +0000] "GET /v2.0/security-groups?id=563ac5a2-dace-4ac5-aa81-48b048b53672&fields=id&fields=name HTTP/1.1" 200 114 "-" "python-neutronclient"
100.64.0.2 - - [03/Dec/2025:23:15:00 +0000] "GET /v2.0/subnets?id=8fc014b1-69f3-4412-bc6a-fa8276936895 HTTP/1.1" 200 667 "-" "python-neutronclient"
100.64.0.2 - - [03/Dec/2025:23:14:59 +0000] "POST /v2.0/ports HTTP/1.1" 201 1305 "-" "python-neutronclient"
100.64.0.2 - - [03/Dec/2025:23:15:00 +0000] "GET /v2.0/ports?network_id=a54eab01-07cd-40c7-99ce-d7db6a11a9ba&device_owner=network%3Adhcp HTTP/1.1" 200 12 "-" "python-neutronclient"
100.64.0.2 - - [03/Dec/2025:23:15:00 +0000] "DELETE /v2.0/ports/d7b9ff5e-ea69-415d-8946-3954f940fac5 HTTP/1.1" 204 - "-" "python-neutronclient"
100.64.0.2 - - [03/Dec/2025:23:15:01 +0000] "GET /v2.0/networks/a54eab01-07cd-40c7-99ce-d7db6a11a9ba?fields=segments HTTP/1.1" 200 14 "-" "python-neutronclient"
100.64.0.2 - - [03/Dec/2025:23:15:01 +0000] "GET /v2.0/networks/a54eab01-07cd-40c7-99ce-d7db6a11a9ba?fields=provider%3Aphysical_network&fields=provider%3Anetwork_type HTTP/1.1" 200 79 "-" "python-neutronclient"
100.64.0.2 - - [03/Dec/2025:23:15:00 +0000] "PUT /v2.0/ports/6ca5cc59-8951-42cc-9112-0e296a4d26cf HTTP/1.1" 200 1314 "-" "python-neutronclient"
10.128.1.49 - - [03/Dec/2025:23:15:01 +0000] "GET /v2.0/ports?device_id=bb2f8308-eb8a-4fcc-a5e1-88dff5c48abe HTTP/1.1" 200 2375 "-" "python-neutronclient"
10.128.1.49 - - [03/Dec/2025:23:15:02 +0000] "GET /v2.0/security-groups?id=60044594-f8c5-4c2c-a886-97222e4d3827&fields=id&fields=name HTTP/1.1" 200 113 "-" "python-neutronclient"
100.64.0.2 - - [03/Dec/2025:23:15:02 +0000] "PUT /v2.0/ports/c6461918-e23f-41d2-9807-b91c0a0bd83a HTTP/1.1" 200 1634 "-" "python-neutronclient"
100.64.0.2 - - [03/Dec/2025:23:15:02 +0000] "GET /v2.0/ports?tenant_id=392542f6ffae4fd4801c87a6dbbba04a&device_id=bb2f8308-eb8a-4fcc-a5e1-88dff5c48abe HTTP/1.1" 200 2999 "-" "python-neutronclient"
100.64.0.2 - - [03/Dec/2025:23:15:03 +0000] "GET /v2.0/floatingips?fixed_ip_address=10.100.0.11&port_id=6ca5cc59-8951-42cc-9112-0e296a4d26cf HTTP/1.1" 200 19 "-" "python-neutronclient"
10.128.0.2 - - [03/Dec/2025:23:15:02 +0000] "DELETE /v2.0/floatingips/0bbea839-1eac-4a3e-8c6a-27d1c1074776 HTTP/1.1" 204 - "-" "python-urllib3/1.26.5"
100.64.0.2 - - [03/Dec/2025:23:15:03 +0000] "GET /v2.0/subnets?id=fb3228d3-91d5-4b11-ab94-f124845b14f0 HTTP/1.1" 200 646 "-" "python-neutronclient"
100.64.0.2 - - [03/Dec/2025:23:15:03 +0000] "GET /v2.0/ports?network_id=6ca3c1d3-9107-40b7-af27-d93b703ed778&device_owner=network%3Adhcp HTTP/1.1" 200 12 "-" "python-neutronclient"
100.64.0.2 - - [03/Dec/2025:23:15:03 +0000] "GET /v2.0/ports?tenant_id=5c73b76d928d4467989a8e2e395bb892&device_id=3de114c9-3f5c-46ec-9894-66b9234d1ca1 HTTP/1.1" 200 1348 "-" "python-neutronclient"
10.128.1.49 - - [03/Dec/2025:23:15:03 +0000] "GET /v2.0/ports?device_id=bb2f8308-eb8a-4fcc-a5e1-88dff5c48abe HTTP/1.1" 200 2465 "-" "python-neutronclient"
10.128.1.49 - - [03/Dec/2025:23:15:03 +0000] "GET /v2.0/ports?device_id=3de114c9-3f5c-46ec-9894-66b9234d1ca1 HTTP/1.1" 200 1081 "-" "python-neutronclient"
100.64.0.2 - - [03/Dec/2025:23:15:03 +0000] "GET /v2.0/ports?device_id=3de114c9-3f5c-46ec-9894-66b9234d1ca1 HTTP/1.1" 200 1081 "-" "python-neutronclient"
100.64.0.2 - - [03/Dec/2025:23:15:03 +0000] "GET /v2.0/networks/6ca3c1d3-9107-40b7-af27-d93b703ed778?fields=segments HTTP/1.1" 200 14 "-" "python-neutronclient"
10.128.1.49 - - [03/Dec/2025:23:15:04 +0000] "GET /v2.0/security-groups?id=563ac5a2-dace-4ac5-aa81-48b048b53672&fields=id&fields=name HTTP/1.1" 200 114 "-" "python-neutronclient"
10.128.1.49 - - [03/Dec/2025:23:15:03 +0000] "GET /v2.0/security-groups?id=60044594-f8c5-4c2c-a886-97222e4d3827&fields=id&fields=name HTTP/1.1" 200 113 "-" "python-neutronclient"
100.64.0.2 - - [03/Dec/2025:23:15:03 +0000] "GET /v2.0/networks?id=a54eab01-07cd-40c7-99ce-d7db6a11a9ba HTTP/1.1" 200 785 "-" "python-neutronclient"
100.64.0.2 - - [03/Dec/2025:23:15:04 +0000] "GET /v2.0/networks/6ca3c1d3-9107-40b7-af27-d93b703ed778?fields=provider%3Aphysical_network&fields=provider%3Anetwork_type HTTP/1.1" 200 79 "-" "python-neutronclient"
100.64.0.2 - - [03/Dec/2025:23:15:05 +0000] "GET /v2.0/floatingips?fixed_ip_address=10.100.0.5&port_id=0f3c21a7-81aa-4c59-b025-89b6e9e5fa7e HTTP/1.1" 200 19 "-" "python-neutronclient"
100.64.0.2 - - [03/Dec/2025:23:15:05 +0000] "GET /v2.0/floatingips?fixed_ip_address=2001%3Adb8%3A0%3A1%3Af816%3A3eff%3Afe22%3Aa050&port_id=c6461918-e23f-41d2-9807-b91c0a0bd83a HTTP/1.1" 200 19 "-" "python-neutronclient"
100.64.0.2 - - [03/Dec/2025:23:15:05 +0000] "GET /v2.0/subnets?id=8fc014b1-69f3-4412-bc6a-fa8276936895 HTTP/1.1" 200 667 "-" "python-neutronclient"
100.64.0.2 - - [03/Dec/2025:23:15:05 +0000] "GET /v2.0/floatingips?fixed_ip_address=2001%3Adb8%3A%3Af816%3A3eff%3Afe22%3Aa050&port_id=c6461918-e23f-41d2-9807-b91c0a0bd83a HTTP/1.1" 200 19 "-" "python-neutronclient"
100.64.0.2 - - [03/Dec/2025:23:15:05 +0000] "GET /v2.0/ports?network_id=a54eab01-07cd-40c7-99ce-d7db6a11a9ba&device_owner=network%3Adhcp HTTP/1.1" 200 12 "-" "python-neutronclient"
100.64.0.2 - - [03/Dec/2025:23:15:04 +0000] "DELETE /v2.0/ports/0f3c21a7-81aa-4c59-b025-89b6e9e5fa7e HTTP/1.1" 204 - "-" "python-neutronclient"
100.64.0.2 - - [03/Dec/2025:23:15:05 +0000] "GET /v2.0/subnets?id=27be68e6-6802-4173-9c77-6665b4b23b8b&id=bbd8e8f0-eb7e-433f-9970-b1e3cf45b216 HTTP/1.1" 200 1343 "-" "python-neutronclient"
100.64.0.2 - - [03/Dec/2025:23:15:05 +0000] "GET /v2.0/networks/a54eab01-07cd-40c7-99ce-d7db6a11a9ba?fields=segments HTTP/1.1" 200 14 "-" "python-neutronclient"
100.64.0.2 - - [03/Dec/2025:23:15:05 +0000] "GET /v2.0/ports?network_id=1b5bdd59-481b-4ea9-a089-07037266ac4e&device_owner=network%3Adhcp HTTP/1.1" 200 12 "-" "python-neutronclient"
100.64.0.2 - - [03/Dec/2025:23:15:06 +0000] "GET /v2.0/ports?network_id=1b5bdd59-481b-4ea9-a089-07037266ac4e&device_owner=network%3Adhcp HTTP/1.1" 200 12 "-" "python-neutronclient"
100.64.0.2 - - [03/Dec/2025:23:15:06 +0000] "GET /v2.0/networks/a54eab01-07cd-40c7-99ce-d7db6a11a9ba?fields=provider%3Aphysical_network&fields=provider%3Anetwork_type HTTP/1.1" 200 79 "-" "python-neutronclient"
10.128.1.49 - - [03/Dec/2025:23:15:06 +0000] "GET /v2.0/ports?device_id=3de114c9-3f5c-46ec-9894-66b9234d1ca1 HTTP/1.1" 200 12 "-" "python-neutronclient"
10.128.1.49 - - [03/Dec/2025:23:15:06 +0000] "GET /v2.0/ports?device_id=bb2f8308-eb8a-4fcc-a5e1-88dff5c48abe HTTP/1.1" 200 2465 "-" "python-neutronclient"
100.64.0.2 - - [03/Dec/2025:23:15:06 +0000] "GET /v2.0/networks/1b5bdd59-481b-4ea9-a089-07037266ac4e?fields=segments HTTP/1.1" 200 14 "-" "python-neutronclient"
10.128.1.49 - - [03/Dec/2025:23:15:06 +0000] "GET /v2.0/security-groups?id=60044594-f8c5-4c2c-a886-97222e4d3827&fields=id&fields=name HTTP/1.1" 200 113 "-" "python-neutronclient"
100.64.0.2 - - [03/Dec/2025:23:15:06 +0000] "GET /v2.0/networks/1b5bdd59-481b-4ea9-a089-07037266ac4e?fields=provider%3Aphysical_network&fields=provider%3Anetwork_type HTTP/1.1" 200 79 "-" "python-neutronclient"
100.64.0.2 - - [03/Dec/2025:23:15:06 +0000] "GET /v2.0/ports?tenant_id=392542f6ffae4fd4801c87a6dbbba04a&device_id=bb2f8308-eb8a-4fcc-a5e1-88dff5c48abe HTTP/1.1" 200 2999 "-" "python-neutronclient"
100.64.0.2 - - [03/Dec/2025:23:15:07 +0000] "GET /v2.0/ports?device_id=bb2f8308-eb8a-4fcc-a5e1-88dff5c48abe HTTP/1.1" 200 2999 "-" "python-neutronclient"
100.64.0.2 - - [03/Dec/2025:23:15:07 +0000] "GET /v2.0/networks?id=6ca3c1d3-9107-40b7-af27-d93b703ed778 HTTP/1.1" 200 772 "-" "python-neutronclient"
100.64.0.2 - - [03/Dec/2025:23:15:07 +0000] "GET /v2.0/floatingips?fixed_ip_address=10.100.0.11&port_id=6ca5cc59-8951-42cc-9112-0e296a4d26cf HTTP/1.1" 200 19 "-" "python-neutronclient"
100.64.0.2 - - [03/Dec/2025:23:15:07 +0000] "GET /v2.0/security-groups?id=60044594-f8c5-4c2c-a886-97222e4d3827&fields=id&fields=name HTTP/1.1" 200 113 "-" "python-neutronclient"
100.64.0.2 - - [03/Dec/2025:23:15:07 +0000] "GET /v2.0/subnets?id=fb3228d3-91d5-4b11-ab94-f124845b14f0 HTTP/1.1" 200 646 "-" "python-neutronclient"
100.64.0.2 - - [03/Dec/2025:23:15:07 +0000] "GET /v2.0/ports?network_id=6ca3c1d3-9107-40b7-af27-d93b703ed778&device_owner=network%3Adhcp HTTP/1.1" 200 12 "-" "python-neutronclient"
10.128.0.2 - - [03/Dec/2025:23:15:07 +0000] "DELETE /v2.0/security-groups/563ac5a2-dace-4ac5-aa81-48b048b53672 HTTP/1.1" 204 - "-" "python-urllib3/1.26.5"
10.128.1.49 - - [03/Dec/2025:23:15:08 +0000] "GET /v2.0/ports?device_id=bb2f8308-eb8a-4fcc-a5e1-88dff5c48abe HTTP/1.1" 200 2467 "-" "python-neutronclient"
100.64.0.2 - - [03/Dec/2025:23:15:08 +0000] "GET /v2.0/networks/6ca3c1d3-9107-40b7-af27-d93b703ed778?fields=segments HTTP/1.1" 200 14 "-" "python-neutronclient"
10.128.1.49 - - [03/Dec/2025:23:15:08 +0000] "GET /v2.0/security-groups?id=60044594-f8c5-4c2c-a886-97222e4d3827&fields=id&fields=name HTTP/1.1" 200 113 "-" "python-neutronclient"
100.64.0.2 - - [03/Dec/2025:23:15:08 +0000] "GET /v2.0/networks/6ca3c1d3-9107-40b7-af27-d93b703ed778?fields=provider%3Aphysical_network&fields=provider%3Anetwork_type HTTP/1.1" 200 79 "-" "python-neutronclient"
100.64.0.2 - - [03/Dec/2025:23:15:08 +0000] "GET /v2.0/ports?tenant_id=392542f6ffae4fd4801c87a6dbbba04a&device_id=bb2f8308-eb8a-4fcc-a5e1-88dff5c48abe HTTP/1.1" 200 3003 "-" "python-neutronclient"
100.64.0.2 - - [03/Dec/2025:23:15:09 +0000] "GET /v2.0/networks?id=1b5bdd59-481b-4ea9-a089-07037266ac4e HTTP/1.1" 200 812 "-" "python-neutronclient"
100.64.0.2 - - [03/Dec/2025:23:15:09 +0000] "GET /v2.0/floatingips?fixed_ip_address=2001%3Adb8%3A0%3A1%3Af816%3A3eff%3Afe22%3Aa050&port_id=c6461918-e23f-41d2-9807-b91c0a0bd83a HTTP/1.1" 200 19 "-" "python-neutronclient"
100.64.0.2 - - [03/Dec/2025:23:15:09 +0000] "GET /v2.0/floatingips?fixed_ip_address=2001%3Adb8%3A%3Af816%3A3eff%3Afe22%3Aa050&port_id=c6461918-e23f-41d2-9807-b91c0a0bd83a HTTP/1.1" 200 19 "-" "python-neutronclient"
100.64.0.2 - - [03/Dec/2025:23:15:09 +0000] "GET /v2.0/subnets?id=27be68e6-6802-4173-9c77-6665b4b23b8b&id=bbd8e8f0-eb7e-433f-9970-b1e3cf45b216 HTTP/1.1" 200 1343 "-" "python-neutronclient"
100.64.0.2 - - [03/Dec/2025:23:15:09 +0000] "GET /v2.0/ports?network_id=1b5bdd59-481b-4ea9-a089-07037266ac4e&device_owner=network%3Adhcp HTTP/1.1" 200 12 "-" "python-neutronclient"
100.64.0.2 - - [03/Dec/2025:23:15:09 +0000] "GET /v2.0/ports?network_id=1b5bdd59-481b-4ea9-a089-07037266ac4e&device_owner=network%3Adhcp HTTP/1.1" 200 12 "-" "python-neutronclient"
10.128.1.49 - - [03/Dec/2025:23:15:10 +0000] "GET /v2.0/ports?device_id=bb2f8308-eb8a-4fcc-a5e1-88dff5c48abe HTTP/1.1" 200 2469 "-" "python-neutronclient"
100.64.0.2 - - [03/Dec/2025:23:15:10 +0000] "GET /v2.0/networks/1b5bdd59-481b-4ea9-a089-07037266ac4e?fields=segments HTTP/1.1" 200 14 "-" "python-neutronclient"
10.128.1.49 - - [03/Dec/2025:23:15:10 +0000] "GET /v2.0/security-groups?id=60044594-f8c5-4c2c-a886-97222e4d3827&fields=id&fields=name HTTP/1.1" 200 113 "-" "python-neutronclient"
100.64.0.2 - - [03/Dec/2025:23:15:10 +0000] "GET /v2.0/networks/1b5bdd59-481b-4ea9-a089-07037266ac4e?fields=provider%3Aphysical_network&fields=provider%3Anetwork_type HTTP/1.1" 200 79 "-" "python-neutronclient"
10.128.0.2 - - [03/Dec/2025:23:15:08 +0000] "PUT /v2.0/routers/d1c927b5-c2b3-4b89-979c-ea7c6e4f70a3/remove_router_interface HTTP/1.1" 200 309 "-" "python-urllib3/1.26.5"
10.128.0.2 - - [03/Dec/2025:23:15:11 +0000] "DELETE /v2.0/routers/d1c927b5-c2b3-4b89-979c-ea7c6e4f70a3 HTTP/1.1" 204 - "-" "python-urllib3/1.26.5"
10.128.1.49 - - [03/Dec/2025:23:15:11 +0000] "GET /v2.0/ports?device_id=bb2f8308-eb8a-4fcc-a5e1-88dff5c48abe HTTP/1.1" 200 2469 "-" "python-neutronclient"
10.128.1.49 - - [03/Dec/2025:23:15:11 +0000] "GET /v2.0/security-groups?id=60044594-f8c5-4c2c-a886-97222e4d3827&fields=id&fields=name HTTP/1.1" 200 113 "-" "python-neutronclient"
10.128.0.2 - - [03/Dec/2025:23:15:11 +0000] "DELETE /v2.0/subnets/8fc014b1-69f3-4412-bc6a-fa8276936895 HTTP/1.1" 204 - "-" "python-urllib3/1.26.5"
10.128.1.49 - - [03/Dec/2025:23:15:12 +0000] "GET /v2.0/ports?device_id=bb2f8308-eb8a-4fcc-a5e1-88dff5c48abe HTTP/1.1" 200 2469 "-" "python-neutronclient"
10.128.1.49 - - [03/Dec/2025:23:15:12 +0000] "GET /v2.0/security-groups?id=60044594-f8c5-4c2c-a886-97222e4d3827&fields=id&fields=name HTTP/1.1" 200 113 "-" "python-neutronclient"
10.128.0.2 - - [03/Dec/2025:23:15:12 +0000] "DELETE /v2.0/networks/a54eab01-07cd-40c7-99ce-d7db6a11a9ba HTTP/1.1" 204 - "-" "python-urllib3/1.26.5"
10.128.0.2 - - [03/Dec/2025:23:15:12 +0000] "GET /v2.0/ports?device_id=bb2f8308-eb8a-4fcc-a5e1-88dff5c48abe HTTP/1.1" 200 3003 "-" "python-urllib3/1.26.5"
10.128.0.2 - - [03/Dec/2025:23:15:12 +0000] "POST /v2.0/floatingips HTTP/1.1" 201 882 "-" "python-urllib3/1.26.5"
10.128.0.2 - - [03/Dec/2025:23:15:12 +0000] "PUT /v2.0/routers/3c34fab6-7b69-4b8d-b7f4-9af211496228/remove_router_interface HTTP/1.1" 200 309 "-" "python-urllib3/1.26.5"
100.64.0.2 - - [03/Dec/2025:23:15:16 +0000] "GET /v2.0/ports?tenant_id=392542f6ffae4fd4801c87a6dbbba04a&device_id=bb2f8308-eb8a-4fcc-a5e1-88dff5c48abe HTTP/1.1" 200 3003 "-" "python-neutronclient"
100.64.0.2 - - [03/Dec/2025:23:15:16 +0000] "GET /v2.0/networks?id=6ca3c1d3-9107-40b7-af27-d93b703ed778 HTTP/1.1" 200 772 "-" "python-neutronclient"
100.64.0.2 - - [03/Dec/2025:23:15:16 +0000] "GET /v2.0/floatingips?fixed_ip_address=10.100.0.11&port_id=6ca5cc59-8951-42cc-9112-0e296a4d26cf HTTP/1.1" 200 887 "-" "python-neutronclient"
100.64.0.2 - - [03/Dec/2025:23:15:17 +0000] "GET /v2.0/subnets?id=fb3228d3-91d5-4b11-ab94-f124845b14f0 HTTP/1.1" 200 646 "-" "python-neutronclient"
10.128.0.2 - - [03/Dec/2025:23:15:16 +0000] "DELETE /v2.0/routers/3c34fab6-7b69-4b8d-b7f4-9af211496228 HTTP/1.1" 204 - "-" "python-urllib3/1.26.5"
100.64.0.2 - - [03/Dec/2025:23:15:18 +0000] "GET /v2.0/ports?network_id=6ca3c1d3-9107-40b7-af27-d93b703ed778&device_owner=network%3Adhcp HTTP/1.1" 200 12 "-" "python-neutronclient"
100.64.0.2 - - [03/Dec/2025:23:15:18 +0000] "GET /v2.0/networks/6ca3c1d3-9107-40b7-af27-d93b703ed778?fields=segments HTTP/1.1" 200 14 "-" "python-neutronclient"
10.128.0.2 - - [03/Dec/2025:23:15:18 +0000] "DELETE /v2.0/subnets/9c09c7f2-1ea4-42b7-ac3b-1a0739543ba3 HTTP/1.1" 204 - "-" "python-urllib3/1.26.5"
100.64.0.2 - - [03/Dec/2025:23:15:18 +0000] "GET /v2.0/networks/6ca3c1d3-9107-40b7-af27-d93b703ed778?fields=provider%3Aphysical_network&fields=provider%3Anetwork_type HTTP/1.1" 200 79 "-" "python-neutronclient"
10.128.0.2 - - [03/Dec/2025:23:15:19 +0000] "DELETE /v2.0/networks/a604e071-3986-490e-852f-19abbfe2a2d2 HTTP/1.1" 204 - "-" "python-urllib3/1.26.5"
10.128.0.2 - - [03/Dec/2025:23:15:20 +0000] "GET /v2.0/security-groups?tenant_id=4d6220adca01441899d635b708f8ab85&name=default HTTP/1.1" 200 2805 "-" "python-urllib3/1.26.5"
10.128.0.2 - - [03/Dec/2025:23:15:20 +0000] "DELETE /v2.0/security-groups/ea6a8272-2f4a-470f-8b75-c76d4903c159 HTTP/1.1" 204 - "-" "python-urllib3/1.26.5"
10.128.0.2 - - [03/Dec/2025:23:15:21 +0000] "GET /v2.0/security-groups?tenant_id=5c73b76d928d4467989a8e2e395bb892&name=default HTTP/1.1" 200 2805 "-" "python-urllib3/1.26.5"
10.128.0.2 - - [03/Dec/2025:23:15:21 +0000] "DELETE /v2.0/security-groups/ac0c0159-e5b7-4931-a7a4-f6fccf2079d2 HTTP/1.1" 204 - "-" "python-urllib3/1.26.5"
10.128.0.2 - - [03/Dec/2025:23:15:23 +0000] "GET / HTTP/1.1" 200 122 "-" "kube-probe/1.31"
10.128.0.2 - - [03/Dec/2025:23:15:23 +0000] "GET / HTTP/1.1" 200 122 "-" "kube-probe/1.31"
10.128.0.2 - - [03/Dec/2025:23:15:23 +0000] "GET / HTTP/1.1" 200 122 "-" "kube-probe/1.31"
10.128.0.2 - - [03/Dec/2025:23:15:24 +0000] "POST /v2.0/networks HTTP/1.1" 201 760 "-" "python-urllib3/1.26.5"
10.128.0.2 - - [03/Dec/2025:23:15:25 +0000] "POST /v2.0/subnets HTTP/1.1" 201 661 "-" "python-urllib3/1.26.5"
10.128.0.2 - - [03/Dec/2025:23:15:27 +0000] "POST /v2.0/routers HTTP/1.1" 201 668 "-" "python-urllib3/1.26.5"
10.128.0.2 - - [03/Dec/2025:23:15:28 +0000] "PUT /v2.0/routers/169f644e-3382-4489-838d-c9973d67df83/add_router_interface HTTP/1.1" 200 309 "-" "python-urllib3/1.26.5"
10.128.0.2 - - [03/Dec/2025:23:15:31 +0000] "GET /v2.0/ports?device_id=8363515f-01e3-43ff-a4be-a276a51c729e&network_id=1b5bdd59-481b-4ea9-a089-07037266ac4e HTTP/1.1" 200 1667 "-" "python-urllib3/1.26.5"
10.128.0.2 - - [03/Dec/2025:23:15:31 +0000] "GET /v2.0/ports?device_id=bb2f8308-eb8a-4fcc-a5e1-88dff5c48abe&network_id=1b5bdd59-481b-4ea9-a089-07037266ac4e HTTP/1.1" 200 1667 "-" "python-urllib3/1.26.5"
10.128.0.2 - - [03/Dec/2025:23:15:32 +0000] "POST /v2.0/networks HTTP/1.1" 201 761 "-" "python-urllib3/1.26.5"
10.128.0.2 - - [03/Dec/2025:23:15:33 +0000] "POST /v2.0/subnets HTTP/1.1" 201 662 "-" "python-urllib3/1.26.5"
10.128.0.2 - - [03/Dec/2025:23:15:34 +0000] "DELETE /v2.0/floatingips/f6eb8242-0923-4108-bb09-76df1c6f8aa6 HTTP/1.1" 204 - "-" "python-urllib3/1.26.5"
100.64.0.2 - - [03/Dec/2025:23:15:36 +0000] "GET /v2.0/ports?tenant_id=392542f6ffae4fd4801c87a6dbbba04a&device_id=bb2f8308-eb8a-4fcc-a5e1-88dff5c48abe HTTP/1.1" 200 3003 "-" "python-neutronclient"
10.128.1.49 - - [03/Dec/2025:23:15:36 +0000] "GET /v2.0/ports?device_id=bb2f8308-eb8a-4fcc-a5e1-88dff5c48abe HTTP/1.1" 200 2467 "-" "python-neutronclient"
100.64.0.2 - - [03/Dec/2025:23:15:36 +0000] "GET /v2.0/networks?id=6ca3c1d3-9107-40b7-af27-d93b703ed778 HTTP/1.1" 200 772 "-" "python-neutronclient"
100.64.0.2 - - [03/Dec/2025:23:15:37 +0000] "GET /v2.0/floatingips?fixed_ip_address=10.100.0.11&port_id=6ca5cc59-8951-42cc-9112-0e296a4d26cf HTTP/1.1" 200 19 "-" "python-neutronclient"
100.64.0.2 - - [03/Dec/2025:23:15:37 +0000] "GET /v2.0/ports?device_id=bb2f8308-eb8a-4fcc-a5e1-88dff5c48abe HTTP/1.1" 200 2467 "-" "python-neutronclient"
10.128.1.49 - - [03/Dec/2025:23:15:37 +0000] "GET /v2.0/security-groups?id=60044594-f8c5-4c2c-a886-97222e4d3827&fields=id&fields=name HTTP/1.1" 200 113 "-" "python-neutronclient"
100.64.0.2 - - [03/Dec/2025:23:15:37 +0000] "GET /v2.0/subnets?id=fb3228d3-91d5-4b11-ab94-f124845b14f0 HTTP/1.1" 200 646 "-" "python-neutronclient"
100.64.0.2 - - [03/Dec/2025:23:15:38 +0000] "GET /v2.0/ports?network_id=6ca3c1d3-9107-40b7-af27-d93b703ed778&device_owner=network%3Adhcp HTTP/1.1" 200 12 "-" "python-neutronclient"
100.64.0.2 - - [03/Dec/2025:23:15:37 +0000] "DELETE /v2.0/ports/c6461918-e23f-41d2-9807-b91c0a0bd83a HTTP/1.1" 204 - "-" "python-neutronclient"
10.128.0.2 - - [03/Dec/2025:23:15:33 +0000] "POST /v2.0/routers HTTP/1.1" 201 669 "-" "python-urllib3/1.26.5"
100.64.0.2 - - [03/Dec/2025:23:15:38 +0000] "GET /v2.0/networks/6ca3c1d3-9107-40b7-af27-d93b703ed778?fields=segments HTTP/1.1" 200 14 "-" "python-neutronclient"
100.64.0.2 - - [03/Dec/2025:23:15:38 +0000] "DELETE /v2.0/ports/6ca5cc59-8951-42cc-9112-0e296a4d26cf HTTP/1.1" 204 - "-" "python-neutronclient"
100.64.0.2 - - [03/Dec/2025:23:15:38 +0000] "GET /v2.0/networks/6ca3c1d3-9107-40b7-af27-d93b703ed778?fields=provider%3Aphysical_network&fields=provider%3Anetwork_type HTTP/1.1" 200 79 "-" "python-neutronclient"
10.128.1.49 - - [03/Dec/2025:23:15:39 +0000] "GET /v2.0/ports?device_id=bb2f8308-eb8a-4fcc-a5e1-88dff5c48abe HTTP/1.1" 200 12 "-" "python-neutronclient"
100.64.0.2 - - [03/Dec/2025:23:15:40 +0000] "GET /v2.0/ports?device_id=8363515f-01e3-43ff-a4be-a276a51c729e&fields=binding%3Ahost_id&fields=binding%3Avif_type HTTP/1.1" 200 181 "-" "python-neutronclient"
100.64.0.2 - - [03/Dec/2025:23:15:40 +0000] "GET /v2.0/ports?tenant_id=392542f6ffae4fd4801c87a6dbbba04a&device_id=8363515f-01e3-43ff-a4be-a276a51c729e HTTP/1.1" 200 3001 "-" "python-neutronclient"
10.128.0.2 - - [03/Dec/2025:23:15:40 +0000] "DELETE /v2.0/floatingips/9b1df000-87d9-44c8-90dc-4d37e34fec54 HTTP/1.1" 204 - "-" "python-urllib3/1.26.5"
100.64.0.2 - - [03/Dec/2025:23:15:41 +0000] "GET /v2.0/networks?id=6ca3c1d3-9107-40b7-af27-d93b703ed778&id=1b5bdd59-481b-4ea9-a089-07037266ac4e HTTP/1.1" 200 1570 "-" "python-neutronclient"
100.64.0.2 - - [03/Dec/2025:23:15:42 +0000] "GET /v2.0/floatingips?fixed_ip_address=10.100.0.6&port_id=4eca630a-2081-4814-8735-a6946192bb57 HTTP/1.1" 200 19 "-" "python-neutronclient"
100.64.0.2 - - [03/Dec/2025:23:15:42 +0000] "GET /v2.0/ports?device_id=8363515f-01e3-43ff-a4be-a276a51c729e HTTP/1.1" 200 2467 "-" "python-neutronclient"
100.64.0.2 - - [03/Dec/2025:23:15:42 +0000] "GET /v2.0/subnets?id=fb3228d3-91d5-4b11-ab94-f124845b14f0 HTTP/1.1" 200 646 "-" "python-neutronclient"
10.128.1.49 - - [03/Dec/2025:23:15:42 +0000] "GET /v2.0/ports?device_id=8363515f-01e3-43ff-a4be-a276a51c729e HTTP/1.1" 200 2467 "-" "python-neutronclient"
100.64.0.2 - - [03/Dec/2025:23:15:43 +0000] "GET /v2.0/ports?network_id=6ca3c1d3-9107-40b7-af27-d93b703ed778&device_owner=network%3Adhcp HTTP/1.1" 200 12 "-" "python-neutronclient"
10.128.1.49 - - [03/Dec/2025:23:15:43 +0000] "GET /v2.0/security-groups?id=60044594-f8c5-4c2c-a886-97222e4d3827&fields=id&fields=name HTTP/1.1" 200 113 "-" "python-neutronclient"
100.64.0.2 - - [03/Dec/2025:23:15:43 +0000] "DELETE /v2.0/ports/4eca630a-2081-4814-8735-a6946192bb57 HTTP/1.1" 204 - "-" "python-neutronclient"
100.64.0.2 - - [03/Dec/2025:23:15:43 +0000] "GET /v2.0/networks/6ca3c1d3-9107-40b7-af27-d93b703ed778?fields=segments HTTP/1.1" 200 14 "-" "python-neutronclient"
10.128.1.65 - - [03/Dec/2025:23:15:44 +0000] "GET /v2.0/floatingips HTTP/1.1" 200 19 "-" "python-neutronclient"
100.64.0.2 - - [03/Dec/2025:23:15:44 +0000] "GET /v2.0/networks/6ca3c1d3-9107-40b7-af27-d93b703ed778?fields=provider%3Aphysical_network&fields=provider%3Anetwork_type HTTP/1.1" 200 79 "-" "python-neutronclient"
100.64.0.2 - - [03/Dec/2025:23:15:44 +0000] "DELETE /v2.0/ports/9d33808f-adca-4164-813d-d2301ceee0a7 HTTP/1.1" 204 - "-" "python-neutronclient"
100.64.0.2 - - [03/Dec/2025:23:15:44 +0000] "GET /v2.0/floatingips?fixed_ip_address=2001%3Adb8%3A0%3A1%3Af816%3A3eff%3Afea5%3A2e3c&port_id=9d33808f-adca-4164-813d-d2301ceee0a7 HTTP/1.1" 200 19 "-" "python-neutronclient"
10.128.1.49 - - [03/Dec/2025:23:15:45 +0000] "GET /v2.0/ports?device_id=8363515f-01e3-43ff-a4be-a276a51c729e HTTP/1.1" 200 12 "-" "python-neutronclient"
100.64.0.2 - - [03/Dec/2025:23:15:45 +0000] "GET /v2.0/floatingips?fixed_ip_address=2001%3Adb8%3A%3Af816%3A3eff%3Afea5%3A2e3c&port_id=9d33808f-adca-4164-813d-d2301ceee0a7 HTTP/1.1" 200 19 "-" "python-neutronclient"
100.64.0.2 - - [03/Dec/2025:23:15:46 +0000] "GET /v2.0/subnets?id=27be68e6-6802-4173-9c77-6665b4b23b8b&id=bbd8e8f0-eb7e-433f-9970-b1e3cf45b216 HTTP/1.1" 200 1343 "-" "python-neutronclient"
10.128.0.2 - - [03/Dec/2025:23:15:38 +0000] "PUT /v2.0/routers/d5c044a5-4587-4517-8415-27e9a6417973/add_router_interface HTTP/1.1" 200 309 "-" "python-urllib3/1.26.5"
100.64.0.2 - - [03/Dec/2025:23:15:46 +0000] "GET /v2.0/ports?network_id=1b5bdd59-481b-4ea9-a089-07037266ac4e&device_owner=network%3Adhcp HTTP/1.1" 200 12 "-" "python-neutronclient"
100.64.0.2 - - [03/Dec/2025:23:15:46 +0000] "GET /v2.0/ports?network_id=1b5bdd59-481b-4ea9-a089-07037266ac4e&device_owner=network%3Adhcp HTTP/1.1" 200 12 "-" "python-neutronclient"
100.64.0.2 - - [03/Dec/2025:23:15:46 +0000] "GET /v2.0/networks/1b5bdd59-481b-4ea9-a089-07037266ac4e?fields=segments HTTP/1.1" 200 14 "-" "python-neutronclient"
100.64.0.2 - - [03/Dec/2025:23:15:46 +0000] "GET /v2.0/networks/1b5bdd59-481b-4ea9-a089-07037266ac4e?fields=provider%3Aphysical_network&fields=provider%3Anetwork_type HTTP/1.1" 200 79 "-" "python-neutronclient"
100.64.0.2 - - [03/Dec/2025:23:15:47 +0000] "GET /v2.0/ports?tenant_id=392542f6ffae4fd4801c87a6dbbba04a&device_id=8363515f-01e3-43ff-a4be-a276a51c729e HTTP/1.1" 200 12 "-" "python-neutronclient"
10.128.0.2 - - [03/Dec/2025:23:15:47 +0000] "POST /v2.0/security-groups HTTP/1.1" 201 1613 "-" "python-urllib3/1.26.5"
10.128.0.2 - - [03/Dec/2025:23:15:47 +0000] "POST /v2.0/security-group-rules HTTP/1.1" 201 565 "-" "python-urllib3/1.26.5"
10.128.0.2 - - [03/Dec/2025:23:15:48 +0000] "POST /v2.0/security-group-rules HTTP/1.1" 201 564 "-" "python-urllib3/1.26.5"
10.128.0.2 - - [03/Dec/2025:23:15:48 +0000] "POST /v2.0/security-group-rules HTTP/1.1" 201 570 "-" "python-urllib3/1.26.5"
10.128.0.2 - - [03/Dec/2025:23:15:49 +0000] "POST /v2.0/security-group-rules HTTP/1.1" 201 569 "-" "python-urllib3/1.26.5"
10.128.0.2 - - [03/Dec/2025:23:15:47 +0000] "PUT /v2.0/routers/2604ee52-e7cd-4b19-8ff5-be1fd5173a27/remove_router_interface HTTP/1.1" 200 309 "-" "python-urllib3/1.26.5"
10.128.0.2 - - [03/Dec/2025:23:15:49 +0000] "POST /v2.0/security-group-rules HTTP/1.1" 201 575 "-" "python-urllib3/1.26.5"
10.128.0.2 - - [03/Dec/2025:23:15:49 +0000] "DELETE /v2.0/subnets/27be68e6-6802-4173-9c77-6665b4b23b8b HTTP/1.1" 204 - "-" "python-urllib3/1.26.5"
10.128.0.2 - - [03/Dec/2025:23:15:49 +0000] "POST /v2.0/security-group-rules HTTP/1.1" 201 574 "-" "python-urllib3/1.26.5"
10.128.1.49 - - [03/Dec/2025:23:15:51 +0000] "GET /v2.0/security-groups?name=tempest-secgroup-smoke-1955737896&fields=id&tenant_id=0ebc213514c247388f90f7a4b0b39e1e HTTP/1.1" 200 69 "-" "python-neutronclient"
10.128.1.49 - - [03/Dec/2025:23:15:51 +0000] "GET /v2.0/networks?id=5ef98a90-7431-4f09-b936-92c4666be3c7 HTTP/1.1" 200 683 "-" "python-neutronclient"
10.128.1.49 - - [03/Dec/2025:23:15:52 +0000] "GET /v2.0/quotas/0ebc213514c247388f90f7a4b0b39e1e HTTP/1.1" 200 187 "-" "python-neutronclient"
10.128.0.2 - - [03/Dec/2025:23:15:49 +0000] "PUT /v2.0/routers/2604ee52-e7cd-4b19-8ff5-be1fd5173a27/remove_router_interface HTTP/1.1" 200 309 "-" "python-urllib3/1.26.5"
10.128.1.49 - - [03/Dec/2025:23:15:52 +0000] "GET /v2.0/ports?tenant_id=0ebc213514c247388f90f7a4b0b39e1e&fields=id HTTP/1.1" 200 103 "-" "python-neutronclient"
10.128.0.2 - - [03/Dec/2025:23:15:52 +0000] "DELETE /v2.0/subnets/bbd8e8f0-eb7e-433f-9970-b1e3cf45b216 HTTP/1.1" 204 - "-" "python-urllib3/1.26.5"
10.128.1.49 - - [03/Dec/2025:23:15:52 +0000] "GET /v2.0/networks/5ef98a90-7431-4f09-b936-92c4666be3c7?fields=segments HTTP/1.1" 200 14 "-" "python-neutronclient"
10.128.1.49 - - [03/Dec/2025:23:15:52 +0000] "GET /v2.0/networks/5ef98a90-7431-4f09-b936-92c4666be3c7?fields=provider%3Aphysical_network&fields=provider%3Anetwork_type HTTP/1.1" 200 79 "-" "python-neutronclient"
10.128.1.51 - - [03/Dec/2025:23:15:53 +0000] "GET /v2.0/extensions HTTP/1.1" 200 17369 "-" "python-neutronclient"
10.128.0.2 - - [03/Dec/2025:23:15:53 +0000] "GET / HTTP/1.1" 200 122 "-" "kube-probe/1.31"
10.128.0.2 - - [03/Dec/2025:23:15:53 +0000] "GET / HTTP/1.1" 200 122 "-" "kube-probe/1.31"
10.128.0.2 - - [03/Dec/2025:23:15:53 +0000] "GET / HTTP/1.1" 200 122 "-" "kube-probe/1.31"
10.128.1.49 - - [03/Dec/2025:23:15:53 +0000] "GET /v2.0/ports?device_id=4c946f71-cae9-432c-8fdf-94c38c282bb6 HTTP/1.1" 200 12 "-" "python-neutronclient"
10.128.1.51 - - [03/Dec/2025:23:15:53 +0000] "GET /v2.0/subnets?network_id=5ef98a90-7431-4f09-b936-92c4666be3c7&fields=segment_id HTTP/1.1" 200 33 "-" "python-neutronclient"
10.128.0.2 - - [03/Dec/2025:23:15:52 +0000] "PUT /v2.0/routers/2604ee52-e7cd-4b19-8ff5-be1fd5173a27/remove_router_interface HTTP/1.1" 200 309 "-" "python-urllib3/1.26.5"
10.128.1.49 - - [03/Dec/2025:23:15:54 +0000] "GET /v2.0/ports?device_id=4c946f71-cae9-432c-8fdf-94c38c282bb6 HTTP/1.1" 200 12 "-" "python-neutronclient"
100.64.0.2 - - [03/Dec/2025:23:15:54 +0000] "GET /v2.0/networks?id=5ef98a90-7431-4f09-b936-92c4666be3c7 HTTP/1.1" 200 683 "-" "python-neutronclient"
10.128.0.2 - - [03/Dec/2025:23:15:53 +0000] "DELETE /v2.0/routers/2604ee52-e7cd-4b19-8ff5-be1fd5173a27 HTTP/1.1" 204 - "-" "python-urllib3/1.26.5"
100.64.0.2 - - [03/Dec/2025:23:15:54 +0000] "GET /v2.0/security-groups?fields=id&fields=name&tenant_id=0ebc213514c247388f90f7a4b0b39e1e HTTP/1.1" 200 181 "-" "python-neutronclient"
10.128.0.2 - - [03/Dec/2025:23:15:54 +0000] "DELETE /v2.0/subnets/fb3228d3-91d5-4b11-ab94-f124845b14f0 HTTP/1.1" 204 - "-" "python-urllib3/1.26.5"
100.64.0.2 - - [03/Dec/2025:23:15:55 +0000] "POST /v2.0/ports HTTP/1.1" 201 959 "-" "python-neutronclient"
10.128.0.2 - - [03/Dec/2025:23:15:55 +0000] "DELETE /v2.0/networks/1b5bdd59-481b-4ea9-a089-07037266ac4e HTTP/1.1" 204 - "-" "python-urllib3/1.26.5"
10.128.1.49 - - [03/Dec/2025:23:15:56 +0000] "GET /v2.0/ports?device_id=4c946f71-cae9-432c-8fdf-94c38c282bb6 HTTP/1.1" 200 962 "-" "python-neutronclient"
10.128.1.49 - - [03/Dec/2025:23:15:56 +0000] "GET /v2.0/security-groups?id=db412648-b873-4bcc-8966-96f03d5568b6&fields=id&fields=name HTTP/1.1" 200 114 "-" "python-neutronclient"
10.128.0.2 - - [03/Dec/2025:23:15:55 +0000] "DELETE /v2.0/networks/6ca3c1d3-9107-40b7-af27-d93b703ed778 HTTP/1.1" 204 - "-" "python-urllib3/1.26.5"
100.64.0.2 - - [03/Dec/2025:23:15:55 +0000] "PUT /v2.0/ports/28a36965-0391-481e-a4eb-cd074ea289ea HTTP/1.1" 200 1306 "-" "python-neutronclient"
10.128.0.2 - - [03/Dec/2025:23:15:56 +0000] "DELETE /v2.0/security-groups/60044594-f8c5-4c2c-a886-97222e4d3827 HTTP/1.1" 204 - "-" "python-urllib3/1.26.5"
100.64.0.2 - - [03/Dec/2025:23:15:56 +0000] "GET /v2.0/ports?tenant_id=0ebc213514c247388f90f7a4b0b39e1e&device_id=4c946f71-cae9-432c-8fdf-94c38c282bb6 HTTP/1.1" 200 1337 "-" "python-neutronclient"
100.64.0.2 - - [03/Dec/2025:23:15:57 +0000] "GET /v2.0/floatingips?fixed_ip_address=10.100.0.6&port_id=28a36965-0391-481e-a4eb-cd074ea289ea HTTP/1.1" 200 19 "-" "python-neutronclient"
100.64.0.2 - - [03/Dec/2025:23:15:57 +0000] "GET /v2.0/subnets?id=8f644ac4-bc4c-4c7c-85b8-76a3c2fd353a HTTP/1.1" 200 664 "-" "python-neutronclient"
100.64.0.2 - - [03/Dec/2025:23:15:57 +0000] "GET /v2.0/ports?network_id=5ef98a90-7431-4f09-b936-92c4666be3c7&device_owner=network%3Adhcp HTTP/1.1" 200 12 "-" "python-neutronclient"
10.128.0.2 - - [03/Dec/2025:23:15:57 +0000] "POST /v2.0/security-groups HTTP/1.1" 201 1611 "-" "python-urllib3/1.26.5"
10.128.1.49 - - [03/Dec/2025:23:15:57 +0000] "GET /v2.0/ports?device_id=4c946f71-cae9-432c-8fdf-94c38c282bb6 HTTP/1.1" 200 1070 "-" "python-neutronclient"
100.64.0.2 - - [03/Dec/2025:23:15:57 +0000] "GET /v2.0/networks/5ef98a90-7431-4f09-b936-92c4666be3c7?fields=segments HTTP/1.1" 200 14 "-" "python-neutronclient"
10.128.1.49 - - [03/Dec/2025:23:15:57 +0000] "GET /v2.0/security-groups?id=db412648-b873-4bcc-8966-96f03d5568b6&fields=id&fields=name HTTP/1.1" 200 114 "-" "python-neutronclient"
10.128.0.2 - - [03/Dec/2025:23:15:57 +0000] "POST /v2.0/security-group-rules HTTP/1.1" 201 565 "-" "python-urllib3/1.26.5"
100.64.0.2 - - [03/Dec/2025:23:15:58 +0000] "GET /v2.0/networks/5ef98a90-7431-4f09-b936-92c4666be3c7?fields=provider%3Aphysical_network&fields=provider%3Anetwork_type HTTP/1.1" 200 79 "-" "python-neutronclient"
100.64.0.2 - - [03/Dec/2025:23:15:58 +0000] "GET /v2.0/ports?tenant_id=0ebc213514c247388f90f7a4b0b39e1e&device_id=4c946f71-cae9-432c-8fdf-94c38c282bb6 HTTP/1.1" 200 1337 "-" "python-neutronclient"
100.64.0.2 - - [03/Dec/2025:23:15:58 +0000] "GET /v2.0/ports?device_id=4c946f71-cae9-432c-8fdf-94c38c282bb6 HTTP/1.1" 200 1337 "-" "python-neutronclient"
10.128.0.2 - - [03/Dec/2025:23:15:58 +0000] "POST /v2.0/security-group-rules HTTP/1.1" 201 564 "-" "python-urllib3/1.26.5"
100.64.0.2 - - [03/Dec/2025:23:15:58 +0000] "GET /v2.0/security-groups?id=db412648-b873-4bcc-8966-96f03d5568b6&fields=id&fields=name HTTP/1.1" 200 114 "-" "python-neutronclient"
100.64.0.2 - - [03/Dec/2025:23:15:58 +0000] "GET /v2.0/networks?id=5ef98a90-7431-4f09-b936-92c4666be3c7 HTTP/1.1" 200 782 "-" "python-neutronclient"
10.128.0.2 - - [03/Dec/2025:23:15:58 +0000] "POST /v2.0/security-group-rules HTTP/1.1" 201 570 "-" "python-urllib3/1.26.5"
100.64.0.2 - - [03/Dec/2025:23:15:58 +0000] "GET /v2.0/floatingips?fixed_ip_address=10.100.0.6&port_id=28a36965-0391-481e-a4eb-cd074ea289ea HTTP/1.1" 200 19 "-" "python-neutronclient"
100.64.0.2 - - [03/Dec/2025:23:15:58 +0000] "GET /v2.0/subnets?id=8f644ac4-bc4c-4c7c-85b8-76a3c2fd353a HTTP/1.1" 200 664 "-" "python-neutronclient"
10.128.0.2 - - [03/Dec/2025:23:15:58 +0000] "POST /v2.0/security-group-rules HTTP/1.1" 201 569 "-" "python-urllib3/1.26.5"
100.64.0.2 - - [03/Dec/2025:23:15:59 +0000] "GET /v2.0/ports?network_id=5ef98a90-7431-4f09-b936-92c4666be3c7&device_owner=network%3Adhcp HTTP/1.1" 200 12 "-" "python-neutronclient"
10.128.1.49 - - [03/Dec/2025:23:15:59 +0000] "GET /v2.0/ports?device_id=4c946f71-cae9-432c-8fdf-94c38c282bb6 HTTP/1.1" 200 1072 "-" "python-neutronclient"
100.64.0.2 - - [03/Dec/2025:23:15:59 +0000] "GET /v2.0/networks/5ef98a90-7431-4f09-b936-92c4666be3c7?fields=segments HTTP/1.1" 200 14 "-" "python-neutronclient"
10.128.0.2 - - [03/Dec/2025:23:15:59 +0000] "POST /v2.0/security-group-rules HTTP/1.1" 201 575 "-" "python-urllib3/1.26.5"
10.128.1.49 - - [03/Dec/2025:23:15:59 +0000] "GET /v2.0/security-groups?id=db412648-b873-4bcc-8966-96f03d5568b6&fields=id&fields=name HTTP/1.1" 200 114 "-" "python-neutronclient"
100.64.0.2 - - [03/Dec/2025:23:15:59 +0000] "GET /v2.0/networks/5ef98a90-7431-4f09-b936-92c4666be3c7?fields=provider%3Aphysical_network&fields=provider%3Anetwork_type HTTP/1.1" 200 79 "-" "python-neutronclient"
10.128.0.2 - - [03/Dec/2025:23:16:00 +0000] "POST /v2.0/security-group-rules HTTP/1.1" 201 574 "-" "python-urllib3/1.26.5"
10.128.0.2 - - [03/Dec/2025:23:16:00 +0000] "POST /v2.0/networks HTTP/1.1" 201 652 "-" "python-urllib3/1.26.5"
10.128.1.49 - - [03/Dec/2025:23:16:01 +0000] "GET /v2.0/ports?device_id=4c946f71-cae9-432c-8fdf-94c38c282bb6 HTTP/1.1" 200 1072 "-" "python-neutronclient"
10.128.1.49 - - [03/Dec/2025:23:16:01 +0000] "GET /v2.0/security-groups?id=db412648-b873-4bcc-8966-96f03d5568b6&fields=id&fields=name HTTP/1.1" 200 114 "-" "python-neutronclient"
10.128.1.49 - - [03/Dec/2025:23:16:02 +0000] "GET /v2.0/ports?device_id=4c946f71-cae9-432c-8fdf-94c38c282bb6 HTTP/1.1" 200 1072 "-" "python-neutronclient"
10.128.0.2 - - [03/Dec/2025:23:16:01 +0000] "POST /v2.0/networks HTTP/1.1" 201 651 "-" "python-urllib3/1.26.5"
10.128.1.49 - - [03/Dec/2025:23:16:02 +0000] "GET /v2.0/security-groups?id=db412648-b873-4bcc-8966-96f03d5568b6&fields=id&fields=name HTTP/1.1" 200 114 "-" "python-neutronclient"
10.128.0.2 - - [03/Dec/2025:23:16:02 +0000] "GET /v2.0/subnets?project_id=392542f6ffae4fd4801c87a6dbbba04a&cidr=10.100.0.0%2F28 HTTP/1.1" 200 14 "-" "python-urllib3/1.26.5"
10.128.0.2 - - [03/Dec/2025:23:16:02 +0000] "GET /v2.0/ports?device_id=4c946f71-cae9-432c-8fdf-94c38c282bb6 HTTP/1.1" 200 1339 "-" "python-urllib3/1.26.5"
10.128.0.2 - - [03/Dec/2025:23:16:02 +0000] "GET /v2.0/floatingips?floating_network_id=028583f1-6fe0-4d55-b869-739d10dff786&port_id=28a36965-0391-481e-a4eb-cd074ea289ea HTTP/1.1" 200 19 "-" "python-urllib3/1.26.5"
10.128.0.2 - - [03/Dec/2025:23:16:02 +0000] "GET /v2.0/networks?router%3Aexternal=True HTTP/1.1" 200 1567 "-" "python-urllib3/1.26.5"
10.128.0.2 - - [03/Dec/2025:23:16:02 +0000] "GET /v2.0/subnets?network_id=028583f1-6fe0-4d55-b869-739d10dff786&cidr=10.100.0.0%2F28 HTTP/1.1" 200 14 "-" "python-urllib3/1.26.5"
10.128.0.2 - - [03/Dec/2025:23:16:02 +0000] "GET /v2.0/ports?device_id=4c946f71-cae9-432c-8fdf-94c38c282bb6 HTTP/1.1" 200 1339 "-" "python-urllib3/1.26.5"
10.128.0.2 - - [03/Dec/2025:23:16:03 +0000] "GET /v2.0/subnets?network_id=27d6c5e6-f9ae-4cab-9ef3-af7441386ba8&cidr=10.100.0.0%2F28 HTTP/1.1" 200 14 "-" "python-urllib3/1.26.5"
10.128.0.2 - - [03/Dec/2025:23:16:03 +0000] "POST /v2.0/floatingips HTTP/1.1" 201 881 "-" "python-urllib3/1.26.5"
100.64.0.2 - - [03/Dec/2025:23:16:04 +0000] "GET /v2.0/ports?tenant_id=0ebc213514c247388f90f7a4b0b39e1e&device_id=4c946f71-cae9-432c-8fdf-94c38c282bb6 HTTP/1.1" 200 1339 "-" "python-neutronclient"
100.64.0.2 - - [03/Dec/2025:23:16:04 +0000] "GET /v2.0/networks?id=5ef98a90-7431-4f09-b936-92c4666be3c7 HTTP/1.1" 200 782 "-" "python-neutronclient"
10.128.0.2 - - [03/Dec/2025:23:16:03 +0000] "POST /v2.0/subnets HTTP/1.1" 201 624 "-" "python-urllib3/1.26.5"
100.64.0.2 - - [03/Dec/2025:23:16:04 +0000] "GET /v2.0/floatingips?fixed_ip_address=10.100.0.6&port_id=28a36965-0391-481e-a4eb-cd074ea289ea HTTP/1.1" 200 886 "-" "python-neutronclient"
100.64.0.2 - - [03/Dec/2025:23:16:05 +0000] "GET /v2.0/subnets?id=8f644ac4-bc4c-4c7c-85b8-76a3c2fd353a HTTP/1.1" 200 664 "-" "python-neutronclient"
100.64.0.2 - - [03/Dec/2025:23:16:05 +0000] "GET /v2.0/ports?network_id=5ef98a90-7431-4f09-b936-92c4666be3c7&device_owner=network%3Adhcp HTTP/1.1" 200 12 "-" "python-neutronclient"
100.64.0.2 - - [03/Dec/2025:23:16:05 +0000] "GET /v2.0/networks/5ef98a90-7431-4f09-b936-92c4666be3c7?fields=segments HTTP/1.1" 200 14 "-" "python-neutronclient"
100.64.0.2 - - [03/Dec/2025:23:16:06 +0000] "GET /v2.0/networks/5ef98a90-7431-4f09-b936-92c4666be3c7?fields=provider%3Aphysical_network&fields=provider%3Anetwork_type HTTP/1.1" 200 79 "-" "python-neutronclient"
10.128.0.2 - - [03/Dec/2025:23:16:05 +0000] "POST /v2.0/routers HTTP/1.1" 201 671 "-" "python-urllib3/1.26.5"
10.128.0.2 - - [03/Dec/2025:23:16:07 +0000] "PUT /v2.0/routers/e67a3e07-749a-4281-bd12-bed2e0909c4d/add_router_interface HTTP/1.1" 200 309 "-" "python-urllib3/1.26.5"
10.128.0.2 - - [03/Dec/2025:23:16:10 +0000] "GET /v2.0/subnets?project_id=392542f6ffae4fd4801c87a6dbbba04a&cidr=2001%3Adb8%3A%3A%2F64 HTTP/1.1" 200 14 "-" "python-urllib3/1.26.5"
10.128.0.2 - - [03/Dec/2025:23:16:10 +0000] "GET /v2.0/networks?router%3Aexternal=True HTTP/1.1" 200 1567 "-" "python-urllib3/1.26.5"
10.128.0.2 - - [03/Dec/2025:23:16:10 +0000] "GET /v2.0/subnets?network_id=028583f1-6fe0-4d55-b869-739d10dff786&cidr=2001%3Adb8%3A%3A%2F64 HTTP/1.1" 200 14 "-" "python-urllib3/1.26.5"
10.128.0.2 - - [03/Dec/2025:23:16:10 +0000] "GET /v2.0/subnets?network_id=27d6c5e6-f9ae-4cab-9ef3-af7441386ba8&cidr=2001%3Adb8%3A%3A%2F64 HTTP/1.1" 200 14 "-" "python-urllib3/1.26.5"
10.128.0.2 - - [03/Dec/2025:23:16:10 +0000] "POST /v2.0/subnets HTTP/1.1" 201 649 "-" "python-urllib3/1.26.5"
10.128.0.2 - - [03/Dec/2025:23:16:11 +0000] "PUT /v2.0/routers/e67a3e07-749a-4281-bd12-bed2e0909c4d/add_router_interface HTTP/1.1" 200 309 "-" "python-urllib3/1.26.5"
10.128.1.49 - - [03/Dec/2025:23:16:14 +0000] "GET /v2.0/security-groups?name=tempest-secgroup-smoke-636277720&fields=id&tenant_id=392542f6ffae4fd4801c87a6dbbba04a HTTP/1.1" 200 69 "-" "python-neutronclient"
10.128.1.49 - - [03/Dec/2025:23:16:14 +0000] "GET /v2.0/networks?id=0872b3f8-49c5-4654-a118-73b93573bed0&id=16f7d658-1593-40df-9bfa-cef1b1517286 HTTP/1.1" 200 1333 "-" "python-neutronclient"
10.128.1.49 - - [03/Dec/2025:23:16:14 +0000] "GET /v2.0/quotas/392542f6ffae4fd4801c87a6dbbba04a HTTP/1.1" 200 187 "-" "python-neutronclient"
10.128.1.49 - - [03/Dec/2025:23:16:14 +0000] "GET /v2.0/ports?tenant_id=392542f6ffae4fd4801c87a6dbbba04a&fields=id HTTP/1.1" 200 195 "-" "python-neutronclient"
10.128.1.49 - - [03/Dec/2025:23:16:15 +0000] "GET /v2.0/networks/0872b3f8-49c5-4654-a118-73b93573bed0?fields=segments HTTP/1.1" 200 14 "-" "python-neutronclient"
10.128.1.49 - - [03/Dec/2025:23:16:15 +0000] "GET /v2.0/networks/0872b3f8-49c5-4654-a118-73b93573bed0?fields=provider%3Aphysical_network&fields=provider%3Anetwork_type HTTP/1.1" 200 79 "-" "python-neutronclient"
10.128.1.49 - - [03/Dec/2025:23:16:15 +0000] "GET /v2.0/networks/16f7d658-1593-40df-9bfa-cef1b1517286?fields=segments HTTP/1.1" 200 14 "-" "python-neutronclient"
10.128.1.49 - - [03/Dec/2025:23:16:15 +0000] "GET /v2.0/networks/16f7d658-1593-40df-9bfa-cef1b1517286?fields=provider%3Aphysical_network&fields=provider%3Anetwork_type HTTP/1.1" 200 79 "-" "python-neutronclient"
10.128.1.51 - - [03/Dec/2025:23:16:15 +0000] "GET /v2.0/extensions HTTP/1.1" 200 17369 "-" "python-neutronclient"
10.128.1.49 - - [03/Dec/2025:23:16:15 +0000] "GET /v2.0/ports?device_id=d6b7bb44-089c-4c99-b3ef-7513ac756c71 HTTP/1.1" 200 12 "-" "python-neutronclient"
10.128.1.51 - - [03/Dec/2025:23:16:15 +0000] "GET /v2.0/subnets?network_id=0872b3f8-49c5-4654-a118-73b93573bed0&fields=segment_id HTTP/1.1" 200 33 "-" "python-neutronclient"
10.128.1.51 - - [03/Dec/2025:23:16:15 +0000] "GET /v2.0/subnets?network_id=16f7d658-1593-40df-9bfa-cef1b1517286&fields=segment_id HTTP/1.1" 200 33 "-" "python-neutronclient"
10.128.1.49 - - [03/Dec/2025:23:16:16 +0000] "GET /v2.0/ports?device_id=d6b7bb44-089c-4c99-b3ef-7513ac756c71 HTTP/1.1" 200 12 "-" "python-neutronclient"
100.64.0.2 - - [03/Dec/2025:23:16:16 +0000] "GET /v2.0/networks?id=0872b3f8-49c5-4654-a118-73b93573bed0&id=16f7d658-1593-40df-9bfa-cef1b1517286 HTTP/1.1" 200 1333 "-" "python-neutronclient"
100.64.0.2 - - [03/Dec/2025:23:16:17 +0000] "GET /v2.0/security-groups?fields=id&fields=name&tenant_id=392542f6ffae4fd4801c87a6dbbba04a HTTP/1.1" 200 180 "-" "python-neutronclient"
100.64.0.2 - - [03/Dec/2025:23:16:18 +0000] "POST /v2.0/ports HTTP/1.1" 201 959 "-" "python-neutronclient"
10.128.1.49 - - [03/Dec/2025:23:16:18 +0000] "GET /v2.0/ports?device_id=d6b7bb44-089c-4c99-b3ef-7513ac756c71 HTTP/1.1" 200 962 "-" "python-neutronclient"
10.128.1.49 - - [03/Dec/2025:23:16:19 +0000] "GET /v2.0/security-groups?id=0fb0d7ba-d609-40ad-a1b9-03104feff674&fields=id&fields=name HTTP/1.1" 200 113 "-" "python-neutronclient"
100.64.0.2 - - [03/Dec/2025:23:16:19 +0000] "POST /v2.0/ports HTTP/1.1" 201 1035 "-" "python-neutronclient"
10.128.1.49 - - [03/Dec/2025:23:16:20 +0000] "GET /v2.0/ports?device_id=d6b7bb44-089c-4c99-b3ef-7513ac756c71 HTTP/1.1" 200 2103 "-" "python-neutronclient"
100.64.0.2 - - [03/Dec/2025:23:16:19 +0000] "PUT /v2.0/ports/5c32a9ec-d990-43df-94bc-e91f38c4af96 HTTP/1.1" 200 1312 "-" "python-neutronclient"
10.128.1.49 - - [03/Dec/2025:23:16:20 +0000] "GET /v2.0/security-groups?id=0fb0d7ba-d609-40ad-a1b9-03104feff674&fields=id&fields=name HTTP/1.1" 200 113 "-" "python-neutronclient"
100.64.0.2 - - [03/Dec/2025:23:16:20 +0000] "GET /v2.0/ports?tenant_id=392542f6ffae4fd4801c87a6dbbba04a&device_id=d6b7bb44-089c-4c99-b3ef-7513ac756c71 HTTP/1.1" 200 2490 "-" "python-neutronclient"
100.64.0.2 - - [03/Dec/2025:23:16:21 +0000] "GET /v2.0/networks?tenant_id=392542f6ffae4fd4801c87a6dbbba04a&shared=False HTTP/1.1" 200 1531 "-" "python-neutronclient"
100.64.0.2 - - [03/Dec/2025:23:16:21 +0000] "GET /v2.0/networks?shared=True HTTP/1.1" 200 745 "-" "python-neutronclient"
100.64.0.2 - - [03/Dec/2025:23:16:20 +0000] "PUT /v2.0/ports/00b9384e-2956-4cfb-b162-325dfa535ced HTTP/1.1" 200 1350 "-" "python-neutronclient"
100.64.0.2 - - [03/Dec/2025:23:16:21 +0000] "GET /v2.0/ports?tenant_id=392542f6ffae4fd4801c87a6dbbba04a&device_id=d6b7bb44-089c-4c99-b3ef-7513ac756c71 HTTP/1.1" 200 2713 "-" "python-neutronclient"
100.64.0.2 - - [03/Dec/2025:23:16:21 +0000] "GET /v2.0/floatingips?fixed_ip_address=10.100.0.4&port_id=5c32a9ec-d990-43df-94bc-e91f38c4af96 HTTP/1.1" 200 19 "-" "python-neutronclient"
10.128.1.49 - - [03/Dec/2025:23:16:21 +0000] "GET /v2.0/ports?device_id=d6b7bb44-089c-4c99-b3ef-7513ac756c71 HTTP/1.1" 200 2179 "-" "python-neutronclient"
100.64.0.2 - - [03/Dec/2025:23:16:21 +0000] "GET /v2.0/subnets?id=5fbf619e-d346-45ba-94d2-ec42e0c1ac09 HTTP/1.1" 200 645 "-" "python-neutronclient"
10.128.1.49 - - [03/Dec/2025:23:16:22 +0000] "GET /v2.0/security-groups?id=0fb0d7ba-d609-40ad-a1b9-03104feff674&fields=id&fields=name HTTP/1.1" 200 113 "-" "python-neutronclient"
