10.128.0.2 - - [03/Dec/2025:22:57:25 +0000] "PUT /v2.0/routers/ee5095f6-3a90-466d-80ab-ef554a8abf9e HTTP/1.1" 200 449 "-" "python-urllib3/1.26.5"
10.128.0.2 - - [03/Dec/2025:22:57:26 +0000] "GET /v2.0/ports?device_id=ee5095f6-3a90-466d-80ab-ef554a8abf9e HTTP/1.1" 200 12 "-" "python-urllib3/1.26.5"
10.128.0.2 - - [03/Dec/2025:22:57:26 +0000] "DELETE /v2.0/routers/ee5095f6-3a90-466d-80ab-ef554a8abf9e HTTP/1.1" 204 - "-" "python-urllib3/1.26.5"
10.128.0.2 - - [03/Dec/2025:22:57:28 +0000] "GET /v2.0/security-groups?tenant_id=e9ddfa98f88a4aac949fc924e21d615a&name=default HTTP/1.1" 200 2805 "-" "python-urllib3/1.26.5"
10.128.0.2 - - [03/Dec/2025:22:57:29 +0000] "DELETE /v2.0/security-groups/0da4e4b1-2afa-4625-9b64-18f250c63503 HTTP/1.1" 204 - "-" "python-urllib3/1.26.5"
10.128.0.2 - - [03/Dec/2025:22:57:29 +0000] "GET /v2.0/security-groups?tenant_id=cda0dc998c7f45a386f172f03b24708e&name=default HTTP/1.1" 200 2805 "-" "python-urllib3/1.26.5"
10.128.0.2 - - [03/Dec/2025:22:57:30 +0000] "DELETE /v2.0/security-groups/30a81021-3de1-4f53-abd1-469a4fe75c2b HTTP/1.1" 204 - "-" "python-urllib3/1.26.5"
10.128.0.2 - - [03/Dec/2025:22:57:31 +0000] "GET /v2.0/security-groups?tenant_id=52f6c8d2e22847d7866150f41c54ced1&name=default HTTP/1.1" 200 2805 "-" "python-urllib3/1.26.5"
10.128.0.2 - - [03/Dec/2025:22:57:31 +0000] "DELETE /v2.0/security-groups/a784930c-007e-4d78-8e98-56e34991c368 HTTP/1.1" 204 - "-" "python-urllib3/1.26.5"
10.128.0.2 - - [03/Dec/2025:22:57:43 +0000] "GET /v2.0/extensions.json HTTP/1.1" 200 17369 "-" "python-urllib3/1.26.5"
10.128.0.2 - - [03/Dec/2025:22:57:43 +0000] "GET / HTTP/1.1" 200 152 "-" "python-urllib3/1.26.5"
10.128.0.2 - - [03/Dec/2025:22:57:44 +0000] "GET /v2.0/networks HTTP/1.1" 200 3809 "-" "python-urllib3/1.26.5"
10.128.0.2 - - [03/Dec/2025:22:57:46 +0000] "GET /v2.0/networks HTTP/1.1" 200 3809 "-" "python-urllib3/1.26.5"
10.128.0.2 - - [03/Dec/2025:22:57:53 +0000] "GET / HTTP/1.1" 200 122 "-" "kube-probe/1.31"
10.128.0.2 - - [03/Dec/2025:22:57:53 +0000] "GET / HTTP/1.1" 200 122 "-" "kube-probe/1.31"
10.128.0.2 - - [03/Dec/2025:22:57:53 +0000] "GET / HTTP/1.1" 200 122 "-" "kube-probe/1.31"
10.128.0.2 - - [03/Dec/2025:22:58:07 +0000] "POST /v2.0/networks HTTP/1.1" 201 770 "-" "python-urllib3/1.26.5"
10.128.0.2 - - [03/Dec/2025:22:58:07 +0000] "POST /v2.0/networks HTTP/1.1" 201 769 "-" "python-urllib3/1.26.5"
10.128.0.2 - - [03/Dec/2025:22:58:08 +0000] "POST /v2.0/subnets HTTP/1.1" 201 671 "-" "python-urllib3/1.26.5"
10.128.0.2 - - [03/Dec/2025:22:58:08 +0000] "POST /v2.0/subnets HTTP/1.1" 201 670 "-" "python-urllib3/1.26.5"
10.128.0.2 - - [03/Dec/2025:22:58:09 +0000] "POST /v2.0/routers HTTP/1.1" 201 678 "-" "python-urllib3/1.26.5"
10.128.0.2 - - [03/Dec/2025:22:58:10 +0000] "POST /v2.0/routers HTTP/1.1" 201 677 "-" "python-urllib3/1.26.5"
10.128.0.2 - - [03/Dec/2025:22:58:11 +0000] "PUT /v2.0/routers/9756cd1e-f56c-4ca1-baa4-f7883afc1a86/add_router_interface HTTP/1.1" 200 309 "-" "python-urllib3/1.26.5"
10.128.0.2 - - [03/Dec/2025:22:58:13 +0000] "PUT /v2.0/routers/aa4e772d-3a5f-4f0b-abb1-27d5975ff151/add_router_interface HTTP/1.1" 200 309 "-" "python-urllib3/1.26.5"
10.128.0.2 - - [03/Dec/2025:22:58:21 +0000] "POST /v2.0/networks HTTP/1.1" 201 771 "-" "python-urllib3/1.26.5"
10.128.0.2 - - [03/Dec/2025:22:58:23 +0000] "GET / HTTP/1.1" 200 122 "-" "kube-probe/1.31"
10.128.0.2 - - [03/Dec/2025:22:58:23 +0000] "GET / HTTP/1.1" 200 122 "-" "kube-probe/1.31"
10.128.0.2 - - [03/Dec/2025:22:58:23 +0000] "GET / HTTP/1.1" 200 122 "-" "kube-probe/1.31"
10.128.0.2 - - [03/Dec/2025:22:58:22 +0000] "POST /v2.0/networks HTTP/1.1" 201 768 "-" "python-urllib3/1.26.5"
10.128.0.2 - - [03/Dec/2025:22:58:22 +0000] "POST /v2.0/subnets HTTP/1.1" 201 672 "-" "python-urllib3/1.26.5"
10.128.0.2 - - [03/Dec/2025:22:58:24 +0000] "POST /v2.0/subnets HTTP/1.1" 201 669 "-" "python-urllib3/1.26.5"
10.128.0.2 - - [03/Dec/2025:22:58:24 +0000] "POST /v2.0/routers HTTP/1.1" 201 679 "-" "python-urllib3/1.26.5"
10.128.0.2 - - [03/Dec/2025:22:58:25 +0000] "POST /v2.0/routers HTTP/1.1" 201 676 "-" "python-urllib3/1.26.5"
10.128.0.2 - - [03/Dec/2025:22:58:27 +0000] "PUT /v2.0/routers/7d6a8365-d777-4fc0-9418-e5b70ef57c63/add_router_interface HTTP/1.1" 200 309 "-" "python-urllib3/1.26.5"
10.128.0.2 - - [03/Dec/2025:22:58:32 +0000] "POST /v2.0/security-groups HTTP/1.1" 201 1597 "-" "python-urllib3/1.26.5"
10.128.0.2 - - [03/Dec/2025:22:58:29 +0000] "PUT /v2.0/routers/a7926d82-3098-46c9-9e48-7b09e36cb49b/add_router_interface HTTP/1.1" 200 309 "-" "python-urllib3/1.26.5"
10.128.0.2 - - [03/Dec/2025:22:58:33 +0000] "POST /v2.0/security-group-rules HTTP/1.1" 201 565 "-" "python-urllib3/1.26.5"
10.128.0.2 - - [03/Dec/2025:22:58:36 +0000] "POST /v2.0/security-group-rules HTTP/1.1" 201 570 "-" "python-urllib3/1.26.5"
10.128.1.49 - - [03/Dec/2025:22:58:37 +0000] "GET /v2.0/networks?id=dfdb2cf3-b6ac-4340-9c6e-6290f337d5fb HTTP/1.1" 200 692 "-" "python-neutronclient"
10.128.1.49 - - [03/Dec/2025:22:58:38 +0000] "GET /v2.0/quotas/26d36ac1678744fabdbe8d702fccfb9d HTTP/1.1" 200 187 "-" "python-neutronclient"
10.128.1.49 - - [03/Dec/2025:22:58:38 +0000] "GET /v2.0/ports?tenant_id=26d36ac1678744fabdbe8d702fccfb9d&fields=id HTTP/1.1" 200 103 "-" "python-neutronclient"
10.128.0.2 - - [03/Dec/2025:22:58:37 +0000] "POST /v2.0/floatingips HTTP/1.1" 201 578 "-" "python-urllib3/1.26.5"
10.128.1.49 - - [03/Dec/2025:22:58:38 +0000] "GET /v2.0/networks/dfdb2cf3-b6ac-4340-9c6e-6290f337d5fb?fields=segments HTTP/1.1" 200 14 "-" "python-neutronclient"
10.128.1.49 - - [03/Dec/2025:22:58:39 +0000] "GET /v2.0/networks/dfdb2cf3-b6ac-4340-9c6e-6290f337d5fb?fields=provider%3Aphysical_network&fields=provider%3Anetwork_type HTTP/1.1" 200 79 "-" "python-neutronclient"
10.128.1.49 - - [03/Dec/2025:22:58:39 +0000] "GET /v2.0/security-groups?name=tempest-securitygroup--805296924&fields=id&tenant_id=9bf6771e795f41a4b232098116b975b1 HTTP/1.1" 200 69 "-" "python-neutronclient"
10.128.1.51 - - [03/Dec/2025:22:58:39 +0000] "GET /v2.0/extensions HTTP/1.1" 200 17369 "-" "python-neutronclient"
10.128.1.49 - - [03/Dec/2025:22:58:39 +0000] "GET /v2.0/ports?device_id=f7c16a79-7209-439b-9d74-60b637cc03cf HTTP/1.1" 200 12 "-" "python-neutronclient"
10.128.1.51 - - [03/Dec/2025:22:58:39 +0000] "GET /v2.0/subnets?network_id=dfdb2cf3-b6ac-4340-9c6e-6290f337d5fb&fields=segment_id HTTP/1.1" 200 33 "-" "python-neutronclient"
10.128.1.49 - - [03/Dec/2025:22:58:39 +0000] "GET /v2.0/networks?id=e72b6a91-e639-40ba-9f16-cb43156fca84 HTTP/1.1" 200 693 "-" "python-neutronclient"
10.128.1.49 - - [03/Dec/2025:22:58:40 +0000] "GET /v2.0/quotas/9bf6771e795f41a4b232098116b975b1 HTTP/1.1" 200 187 "-" "python-neutronclient"
10.128.1.49 - - [03/Dec/2025:22:58:40 +0000] "GET /v2.0/ports?tenant_id=9bf6771e795f41a4b232098116b975b1&fields=id HTTP/1.1" 200 103 "-" "python-neutronclient"
10.128.1.49 - - [03/Dec/2025:22:58:40 +0000] "GET /v2.0/networks/e72b6a91-e639-40ba-9f16-cb43156fca84?fields=segments HTTP/1.1" 200 14 "-" "python-neutronclient"
10.128.1.49 - - [03/Dec/2025:22:58:41 +0000] "GET /v2.0/networks/e72b6a91-e639-40ba-9f16-cb43156fca84?fields=provider%3Aphysical_network&fields=provider%3Anetwork_type HTTP/1.1" 200 79 "-" "python-neutronclient"
10.128.1.51 - - [03/Dec/2025:22:58:41 +0000] "GET /v2.0/extensions HTTP/1.1" 200 17369 "-" "python-neutronclient"
10.128.1.49 - - [03/Dec/2025:22:58:41 +0000] "GET /v2.0/ports?device_id=4e42e763-4f36-4179-9318-0f113223058a HTTP/1.1" 200 12 "-" "python-neutronclient"
100.64.0.2 - - [03/Dec/2025:22:58:41 +0000] "GET /v2.0/networks?id=dfdb2cf3-b6ac-4340-9c6e-6290f337d5fb HTTP/1.1" 200 692 "-" "python-neutronclient"
10.128.1.51 - - [03/Dec/2025:22:58:41 +0000] "GET /v2.0/subnets?network_id=e72b6a91-e639-40ba-9f16-cb43156fca84&fields=segment_id HTTP/1.1" 200 33 "-" "python-neutronclient"
10.128.1.49 - - [03/Dec/2025:22:58:41 +0000] "GET /v2.0/ports?device_id=f7c16a79-7209-439b-9d74-60b637cc03cf HTTP/1.1" 200 12 "-" "python-neutronclient"
100.64.0.2 - - [03/Dec/2025:22:58:41 +0000] "POST /v2.0/ports HTTP/1.1" 201 959 "-" "python-neutronclient"
10.128.1.49 - - [03/Dec/2025:22:58:42 +0000] "GET /v2.0/ports?device_id=4e42e763-4f36-4179-9318-0f113223058a HTTP/1.1" 200 12 "-" "python-neutronclient"
10.128.1.49 - - [03/Dec/2025:22:58:42 +0000] "GET /v2.0/ports?device_id=f7c16a79-7209-439b-9d74-60b637cc03cf HTTP/1.1" 200 962 "-" "python-neutronclient"
100.64.0.2 - - [03/Dec/2025:22:58:42 +0000] "GET /v2.0/networks?id=e72b6a91-e639-40ba-9f16-cb43156fca84 HTTP/1.1" 200 693 "-" "python-neutronclient"
10.128.1.49 - - [03/Dec/2025:22:58:43 +0000] "GET /v2.0/security-groups?id=f56f40db-7d5d-4e09-8feb-b620b60436b2&fields=id&fields=name HTTP/1.1" 200 88 "-" "python-neutronclient"
100.64.0.2 - - [03/Dec/2025:22:58:43 +0000] "GET /v2.0/security-groups?fields=id&fields=name&tenant_id=9bf6771e795f41a4b232098116b975b1 HTTP/1.1" 200 180 "-" "python-neutronclient"
10.128.1.49 - - [03/Dec/2025:22:58:44 +0000] "GET /v2.0/ports?device_id=4e42e763-4f36-4179-9318-0f113223058a HTTP/1.1" 200 962 "-" "python-neutronclient"
100.64.0.2 - - [03/Dec/2025:22:58:43 +0000] "POST /v2.0/ports HTTP/1.1" 201 959 "-" "python-neutronclient"
100.64.0.2 - - [03/Dec/2025:22:58:42 +0000] "PUT /v2.0/ports/cf6b2760-638d-480c-910f-95737a829249 HTTP/1.1" 200 1327 "-" "python-neutronclient"
10.128.1.49 - - [03/Dec/2025:22:58:44 +0000] "GET /v2.0/security-groups?id=0f7ab008-dd40-49ad-ada5-4b2978c510b9&fields=id&fields=name HTTP/1.1" 200 113 "-" "python-neutronclient"
10.128.1.49 - - [03/Dec/2025:22:58:44 +0000] "GET /v2.0/ports?device_id=f7c16a79-7209-439b-9d74-60b637cc03cf HTTP/1.1" 200 1091 "-" "python-neutronclient"
100.64.0.2 - - [03/Dec/2025:22:58:44 +0000] "GET /v2.0/ports?tenant_id=26d36ac1678744fabdbe8d702fccfb9d&device_id=f7c16a79-7209-439b-9d74-60b637cc03cf HTTP/1.1" 200 1358 "-" "python-neutronclient"
100.64.0.2 - - [03/Dec/2025:22:58:44 +0000] "GET /v2.0/floatingips?fixed_ip_address=10.100.0.3&port_id=cf6b2760-638d-480c-910f-95737a829249 HTTP/1.1" 200 19 "-" "python-neutronclient"
10.128.1.49 - - [03/Dec/2025:22:58:44 +0000] "GET /v2.0/security-groups?id=f56f40db-7d5d-4e09-8feb-b620b60436b2&fields=id&fields=name HTTP/1.1" 200 88 "-" "python-neutronclient"
100.64.0.2 - - [03/Dec/2025:22:58:44 +0000] "GET /v2.0/subnets?id=e299e75c-66c9-481d-ac9d-ad4a4d758be1 HTTP/1.1" 200 673 "-" "python-neutronclient"
100.64.0.2 - - [03/Dec/2025:22:58:45 +0000] "GET /v2.0/ports?network_id=dfdb2cf3-b6ac-4340-9c6e-6290f337d5fb&device_owner=network%3Adhcp HTTP/1.1" 200 12 "-" "python-neutronclient"
100.64.0.2 - - [03/Dec/2025:22:58:44 +0000] "PUT /v2.0/ports/d855ba2f-615b-4219-8050-9543cb8b97a3 HTTP/1.1" 200 1336 "-" "python-neutronclient"
100.64.0.2 - - [03/Dec/2025:22:58:45 +0000] "GET /v2.0/networks/dfdb2cf3-b6ac-4340-9c6e-6290f337d5fb?fields=segments HTTP/1.1" 200 14 "-" "python-neutronclient"
100.64.0.2 - - [03/Dec/2025:22:58:45 +0000] "GET /v2.0/ports?tenant_id=9bf6771e795f41a4b232098116b975b1&device_id=4e42e763-4f36-4179-9318-0f113223058a HTTP/1.1" 200 1367 "-" "python-neutronclient"
100.64.0.2 - - [03/Dec/2025:22:58:45 +0000] "GET /v2.0/networks/dfdb2cf3-b6ac-4340-9c6e-6290f337d5fb?fields=provider%3Aphysical_network&fields=provider%3Anetwork_type HTTP/1.1" 200 79 "-" "python-neutronclient"
100.64.0.2 - - [03/Dec/2025:22:58:45 +0000] "GET /v2.0/floatingips?fixed_ip_address=10.100.0.6&port_id=d855ba2f-615b-4219-8050-9543cb8b97a3 HTTP/1.1" 200 19 "-" "python-neutronclient"
10.128.1.49 - - [03/Dec/2025:22:58:46 +0000] "GET /v2.0/ports?device_id=f7c16a79-7209-439b-9d74-60b637cc03cf HTTP/1.1" 200 1091 "-" "python-neutronclient"
100.64.0.2 - - [03/Dec/2025:22:58:45 +0000] "GET /v2.0/subnets?id=f8eee2b1-6c9a-4004-af36-f04771a0d497 HTTP/1.1" 200 674 "-" "python-neutronclient"
100.64.0.2 - - [03/Dec/2025:22:58:45 +0000] "GET /v2.0/ports?device_id=f7c16a79-7209-439b-9d74-60b637cc03cf HTTP/1.1" 200 1358 "-" "python-neutronclient"
100.64.0.2 - - [03/Dec/2025:22:58:45 +0000] "GET /v2.0/ports?tenant_id=26d36ac1678744fabdbe8d702fccfb9d&device_id=f7c16a79-7209-439b-9d74-60b637cc03cf HTTP/1.1" 200 1358 "-" "python-neutronclient"
10.128.1.49 - - [03/Dec/2025:22:58:45 +0000] "GET /v2.0/ports?device_id=4e42e763-4f36-4179-9318-0f113223058a HTTP/1.1" 200 1100 "-" "python-neutronclient"
10.128.1.49 - - [03/Dec/2025:22:58:46 +0000] "GET /v2.0/security-groups?id=f56f40db-7d5d-4e09-8feb-b620b60436b2&fields=id&fields=name HTTP/1.1" 200 88 "-" "python-neutronclient"
100.64.0.2 - - [03/Dec/2025:22:58:46 +0000] "GET /v2.0/ports?network_id=e72b6a91-e639-40ba-9f16-cb43156fca84&device_owner=network%3Adhcp HTTP/1.1" 200 12 "-" "python-neutronclient"
100.64.0.2 - - [03/Dec/2025:22:58:46 +0000] "GET /v2.0/networks?id=dfdb2cf3-b6ac-4340-9c6e-6290f337d5fb HTTP/1.1" 200 791 "-" "python-neutronclient"
10.128.1.49 - - [03/Dec/2025:22:58:46 +0000] "GET /v2.0/security-groups?id=0f7ab008-dd40-49ad-ada5-4b2978c510b9&fields=id&fields=name HTTP/1.1" 200 113 "-" "python-neutronclient"
100.64.0.2 - - [03/Dec/2025:22:58:46 +0000] "GET /v2.0/security-groups?id=f56f40db-7d5d-4e09-8feb-b620b60436b2&fields=id&fields=name HTTP/1.1" 200 88 "-" "python-neutronclient"
100.64.0.2 - - [03/Dec/2025:22:58:46 +0000] "GET /v2.0/floatingips?fixed_ip_address=10.100.0.3&port_id=cf6b2760-638d-480c-910f-95737a829249 HTTP/1.1" 200 19 "-" "python-neutronclient"
100.64.0.2 - - [03/Dec/2025:22:58:46 +0000] "GET /v2.0/networks/e72b6a91-e639-40ba-9f16-cb43156fca84?fields=segments HTTP/1.1" 200 14 "-" "python-neutronclient"
100.64.0.2 - - [03/Dec/2025:22:58:46 +0000] "GET /v2.0/subnets?id=e299e75c-66c9-481d-ac9d-ad4a4d758be1 HTTP/1.1" 200 673 "-" "python-neutronclient"
100.64.0.2 - - [03/Dec/2025:22:58:46 +0000] "GET /v2.0/networks/e72b6a91-e639-40ba-9f16-cb43156fca84?fields=provider%3Aphysical_network&fields=provider%3Anetwork_type HTTP/1.1" 200 79 "-" "python-neutronclient"
100.64.0.2 - - [03/Dec/2025:22:58:47 +0000] "GET /v2.0/ports?network_id=dfdb2cf3-b6ac-4340-9c6e-6290f337d5fb&device_owner=network%3Adhcp HTTP/1.1" 200 12 "-" "python-neutronclient"
100.64.0.2 - - [03/Dec/2025:22:58:47 +0000] "GET /v2.0/ports?tenant_id=9bf6771e795f41a4b232098116b975b1&device_id=4e42e763-4f36-4179-9318-0f113223058a HTTP/1.1" 200 1367 "-" "python-neutronclient"
100.64.0.2 - - [03/Dec/2025:22:58:47 +0000] "GET /v2.0/networks/dfdb2cf3-b6ac-4340-9c6e-6290f337d5fb?fields=segments HTTP/1.1" 200 14 "-" "python-neutronclient"
100.64.0.2 - - [03/Dec/2025:22:58:47 +0000] "GET /v2.0/networks/dfdb2cf3-b6ac-4340-9c6e-6290f337d5fb?fields=provider%3Aphysical_network&fields=provider%3Anetwork_type HTTP/1.1" 200 79 "-" "python-neutronclient"
100.64.0.2 - - [03/Dec/2025:22:58:47 +0000] "GET /v2.0/ports?device_id=4e42e763-4f36-4179-9318-0f113223058a HTTP/1.1" 200 1367 "-" "python-neutronclient"
100.64.0.2 - - [03/Dec/2025:22:58:47 +0000] "GET /v2.0/networks?id=e72b6a91-e639-40ba-9f16-cb43156fca84 HTTP/1.1" 200 792 "-" "python-neutronclient"
10.128.1.49 - - [03/Dec/2025:22:58:47 +0000] "GET /v2.0/ports?device_id=4e42e763-4f36-4179-9318-0f113223058a HTTP/1.1" 200 1100 "-" "python-neutronclient"
10.128.1.49 - - [03/Dec/2025:22:58:47 +0000] "GET /v2.0/ports?device_id=f7c16a79-7209-439b-9d74-60b637cc03cf HTTP/1.1" 200 1093 "-" "python-neutronclient"
100.64.0.2 - - [03/Dec/2025:22:58:48 +0000] "GET /v2.0/floatingips?fixed_ip_address=10.100.0.6&port_id=d855ba2f-615b-4219-8050-9543cb8b97a3 HTTP/1.1" 200 19 "-" "python-neutronclient"
100.64.0.2 - - [03/Dec/2025:22:58:48 +0000] "GET /v2.0/security-groups?id=0f7ab008-dd40-49ad-ada5-4b2978c510b9&fields=id&fields=name HTTP/1.1" 200 113 "-" "python-neutronclient"
10.128.1.49 - - [03/Dec/2025:22:58:48 +0000] "GET /v2.0/security-groups?id=0f7ab008-dd40-49ad-ada5-4b2978c510b9&fields=id&fields=name HTTP/1.1" 200 113 "-" "python-neutronclient"
10.128.1.49 - - [03/Dec/2025:22:58:48 +0000] "GET /v2.0/security-groups?id=f56f40db-7d5d-4e09-8feb-b620b60436b2&fields=id&fields=name HTTP/1.1" 200 88 "-" "python-neutronclient"
100.64.0.2 - - [03/Dec/2025:22:58:48 +0000] "GET /v2.0/subnets?id=f8eee2b1-6c9a-4004-af36-f04771a0d497 HTTP/1.1" 200 674 "-" "python-neutronclient"
100.64.0.2 - - [03/Dec/2025:22:58:48 +0000] "GET /v2.0/ports?network_id=e72b6a91-e639-40ba-9f16-cb43156fca84&device_owner=network%3Adhcp HTTP/1.1" 200 12 "-" "python-neutronclient"
100.64.0.2 - - [03/Dec/2025:22:58:48 +0000] "GET /v2.0/networks/e72b6a91-e639-40ba-9f16-cb43156fca84?fields=segments HTTP/1.1" 200 14 "-" "python-neutronclient"
100.64.0.2 - - [03/Dec/2025:22:58:48 +0000] "GET /v2.0/networks/e72b6a91-e639-40ba-9f16-cb43156fca84?fields=provider%3Aphysical_network&fields=provider%3Anetwork_type HTTP/1.1" 200 79 "-" "python-neutronclient"
10.128.1.49 - - [03/Dec/2025:22:58:49 +0000] "GET /v2.0/ports?device_id=4e42e763-4f36-4179-9318-0f113223058a HTTP/1.1" 200 1102 "-" "python-neutronclient"
10.128.1.49 - - [03/Dec/2025:22:58:49 +0000] "GET /v2.0/ports?device_id=f7c16a79-7209-439b-9d74-60b637cc03cf HTTP/1.1" 200 1093 "-" "python-neutronclient"
10.128.1.49 - - [03/Dec/2025:22:58:49 +0000] "GET /v2.0/security-groups?id=0f7ab008-dd40-49ad-ada5-4b2978c510b9&fields=id&fields=name HTTP/1.1" 200 113 "-" "python-neutronclient"
10.128.1.49 - - [03/Dec/2025:22:58:49 +0000] "GET /v2.0/security-groups?id=f56f40db-7d5d-4e09-8feb-b620b60436b2&fields=id&fields=name HTTP/1.1" 200 88 "-" "python-neutronclient"
10.128.1.49 - - [03/Dec/2025:22:58:50 +0000] "GET /v2.0/ports?device_id=f7c16a79-7209-439b-9d74-60b637cc03cf HTTP/1.1" 200 1093 "-" "python-neutronclient"
10.128.1.49 - - [03/Dec/2025:22:58:50 +0000] "GET /v2.0/security-groups?id=f56f40db-7d5d-4e09-8feb-b620b60436b2&fields=id&fields=name HTTP/1.1" 200 88 "-" "python-neutronclient"
10.128.1.49 - - [03/Dec/2025:22:58:50 +0000] "GET /v2.0/ports?device_id=f7c16a79-7209-439b-9d74-60b637cc03cf HTTP/1.1" 200 1093 "-" "python-neutronclient"
10.128.1.49 - - [03/Dec/2025:22:58:50 +0000] "GET /v2.0/security-groups?id=f56f40db-7d5d-4e09-8feb-b620b60436b2&fields=id&fields=name HTTP/1.1" 200 88 "-" "python-neutronclient"
10.128.1.49 - - [03/Dec/2025:22:58:51 +0000] "GET /v2.0/ports?device_id=4e42e763-4f36-4179-9318-0f113223058a HTTP/1.1" 200 1102 "-" "python-neutronclient"
10.128.1.49 - - [03/Dec/2025:22:58:51 +0000] "GET /v2.0/security-groups?id=0f7ab008-dd40-49ad-ada5-4b2978c510b9&fields=id&fields=name HTTP/1.1" 200 113 "-" "python-neutronclient"
10.128.1.49 - - [03/Dec/2025:22:58:52 +0000] "GET /v2.0/ports?device_id=4e42e763-4f36-4179-9318-0f113223058a HTTP/1.1" 200 1102 "-" "python-neutronclient"
10.128.1.49 - - [03/Dec/2025:22:58:53 +0000] "GET /v2.0/security-groups?id=0f7ab008-dd40-49ad-ada5-4b2978c510b9&fields=id&fields=name HTTP/1.1" 200 113 "-" "python-neutronclient"
10.128.0.2 - - [03/Dec/2025:22:58:53 +0000] "GET / HTTP/1.1" 200 122 "-" "kube-probe/1.31"
10.128.0.2 - - [03/Dec/2025:22:58:53 +0000] "GET / HTTP/1.1" 200 122 "-" "kube-probe/1.31"
10.128.0.2 - - [03/Dec/2025:22:58:53 +0000] "GET / HTTP/1.1" 200 122 "-" "kube-probe/1.31"
10.128.1.49 - - [03/Dec/2025:22:58:53 +0000] "GET /v2.0/ports?device_id=4e42e763-4f36-4179-9318-0f113223058a HTTP/1.1" 200 1102 "-" "python-neutronclient"
10.128.0.2 - - [03/Dec/2025:22:58:53 +0000] "PUT /v2.0/floatingips/a17af89b-568e-4f33-9851-7323ecff32b1 HTTP/1.1" 200 881 "-" "python-urllib3/1.26.5"
100.64.0.2 - - [03/Dec/2025:22:58:55 +0000] "GET /v2.0/ports?tenant_id=9bf6771e795f41a4b232098116b975b1&device_id=4e42e763-4f36-4179-9318-0f113223058a HTTP/1.1" 200 1369 "-" "python-neutronclient"
100.64.0.2 - - [03/Dec/2025:22:58:55 +0000] "GET /v2.0/networks?id=e72b6a91-e639-40ba-9f16-cb43156fca84 HTTP/1.1" 200 792 "-" "python-neutronclient"
100.64.0.2 - - [03/Dec/2025:22:58:56 +0000] "GET /v2.0/floatingips?fixed_ip_address=10.100.0.6&port_id=d855ba2f-615b-4219-8050-9543cb8b97a3 HTTP/1.1" 200 886 "-" "python-neutronclient"
100.64.0.2 - - [03/Dec/2025:22:58:56 +0000] "GET /v2.0/subnets?id=f8eee2b1-6c9a-4004-af36-f04771a0d497 HTTP/1.1" 200 674 "-" "python-neutronclient"
100.64.0.2 - - [03/Dec/2025:22:58:56 +0000] "GET /v2.0/ports?network_id=e72b6a91-e639-40ba-9f16-cb43156fca84&device_owner=network%3Adhcp HTTP/1.1" 200 12 "-" "python-neutronclient"
100.64.0.2 - - [03/Dec/2025:22:58:56 +0000] "GET /v2.0/networks/e72b6a91-e639-40ba-9f16-cb43156fca84?fields=segments HTTP/1.1" 200 14 "-" "python-neutronclient"
100.64.0.2 - - [03/Dec/2025:22:58:56 +0000] "GET /v2.0/networks/e72b6a91-e639-40ba-9f16-cb43156fca84?fields=provider%3Aphysical_network&fields=provider%3Anetwork_type HTTP/1.1" 200 79 "-" "python-neutronclient"
10.128.1.49 - - [03/Dec/2025:22:59:02 +0000] "GET /v2.0/ports?device_id=f7c16a79-7209-439b-9d74-60b637cc03cf HTTP/1.1" 200 1093 "-" "python-neutronclient"
10.128.1.49 - - [03/Dec/2025:22:59:03 +0000] "GET /v2.0/security-groups?id=f56f40db-7d5d-4e09-8feb-b620b60436b2&fields=id&fields=name HTTP/1.1" 200 88 "-" "python-neutronclient"
10.128.0.2 - - [03/Dec/2025:22:59:03 +0000] "GET /v2.0/ports?device_id=f7c16a79-7209-439b-9d74-60b637cc03cf HTTP/1.1" 200 1360 "-" "python-urllib3/1.26.5"
10.128.0.2 - - [03/Dec/2025:22:59:03 +0000] "POST /v2.0/floatingips HTTP/1.1" 201 881 "-" "python-urllib3/1.26.5"
10.128.0.2 - - [03/Dec/2025:22:59:05 +0000] "GET /v2.0/ports?device_id=f7c16a79-7209-439b-9d74-60b637cc03cf HTTP/1.1" 200 1360 "-" "python-urllib3/1.26.5"
100.64.0.2 - - [03/Dec/2025:22:59:05 +0000] "GET /v2.0/ports?tenant_id=26d36ac1678744fabdbe8d702fccfb9d&device_id=f7c16a79-7209-439b-9d74-60b637cc03cf HTTP/1.1" 200 1360 "-" "python-neutronclient"
100.64.0.2 - - [03/Dec/2025:22:59:06 +0000] "GET /v2.0/networks?id=dfdb2cf3-b6ac-4340-9c6e-6290f337d5fb HTTP/1.1" 200 791 "-" "python-neutronclient"
10.128.0.2 - - [03/Dec/2025:22:59:05 +0000] "PUT /v2.0/floatingips/644292fe-d6d8-44e9-80f7-44d14ae95b0f HTTP/1.1" 200 883 "-" "python-urllib3/1.26.5"
100.64.0.2 - - [03/Dec/2025:22:59:06 +0000] "GET /v2.0/floatingips?fixed_ip_address=10.100.0.3&port_id=cf6b2760-638d-480c-910f-95737a829249 HTTP/1.1" 200 886 "-" "python-neutronclient"
100.64.0.2 - - [03/Dec/2025:22:59:06 +0000] "GET /v2.0/subnets?id=e299e75c-66c9-481d-ac9d-ad4a4d758be1 HTTP/1.1" 200 673 "-" "python-neutronclient"
10.128.1.49 - - [03/Dec/2025:22:59:06 +0000] "GET /v2.0/ports?device_id=f7c16a79-7209-439b-9d74-60b637cc03cf HTTP/1.1" 200 1093 "-" "python-neutronclient"
100.64.0.2 - - [03/Dec/2025:22:59:07 +0000] "GET /v2.0/ports?network_id=dfdb2cf3-b6ac-4340-9c6e-6290f337d5fb&device_owner=network%3Adhcp HTTP/1.1" 200 12 "-" "python-neutronclient"
10.128.1.49 - - [03/Dec/2025:22:59:07 +0000] "GET /v2.0/security-groups?id=f56f40db-7d5d-4e09-8feb-b620b60436b2&fields=id&fields=name HTTP/1.1" 200 88 "-" "python-neutronclient"
100.64.0.2 - - [03/Dec/2025:22:59:07 +0000] "GET /v2.0/networks/dfdb2cf3-b6ac-4340-9c6e-6290f337d5fb?fields=segments HTTP/1.1" 200 14 "-" "python-neutronclient"
100.64.0.2 - - [03/Dec/2025:22:59:07 +0000] "GET /v2.0/networks/dfdb2cf3-b6ac-4340-9c6e-6290f337d5fb?fields=provider%3Aphysical_network&fields=provider%3Anetwork_type HTTP/1.1" 200 79 "-" "python-neutronclient"
100.64.0.2 - - [03/Dec/2025:22:59:07 +0000] "GET /v2.0/ports?tenant_id=26d36ac1678744fabdbe8d702fccfb9d&device_id=f7c16a79-7209-439b-9d74-60b637cc03cf HTTP/1.1" 200 1360 "-" "python-neutronclient"
100.64.0.2 - - [03/Dec/2025:22:59:07 +0000] "GET /v2.0/networks?id=dfdb2cf3-b6ac-4340-9c6e-6290f337d5fb HTTP/1.1" 200 791 "-" "python-neutronclient"
100.64.0.2 - - [03/Dec/2025:22:59:07 +0000] "GET /v2.0/floatingips?fixed_ip_address=10.100.0.3&port_id=cf6b2760-638d-480c-910f-95737a829249 HTTP/1.1" 200 886 "-" "python-neutronclient"
100.64.0.2 - - [03/Dec/2025:22:59:08 +0000] "GET /v2.0/subnets?id=e299e75c-66c9-481d-ac9d-ad4a4d758be1 HTTP/1.1" 200 673 "-" "python-neutronclient"
100.64.0.2 - - [03/Dec/2025:22:59:08 +0000] "GET /v2.0/ports?network_id=dfdb2cf3-b6ac-4340-9c6e-6290f337d5fb&device_owner=network%3Adhcp HTTP/1.1" 200 12 "-" "python-neutronclient"
10.128.1.49 - - [03/Dec/2025:22:59:08 +0000] "GET /v2.0/ports?device_id=f7c16a79-7209-439b-9d74-60b637cc03cf HTTP/1.1" 200 1093 "-" "python-neutronclient"
100.64.0.2 - - [03/Dec/2025:22:59:08 +0000] "GET /v2.0/networks/dfdb2cf3-b6ac-4340-9c6e-6290f337d5fb?fields=segments HTTP/1.1" 200 14 "-" "python-neutronclient"
10.128.1.49 - - [03/Dec/2025:22:59:08 +0000] "GET /v2.0/security-groups?id=f56f40db-7d5d-4e09-8feb-b620b60436b2&fields=id&fields=name HTTP/1.1" 200 88 "-" "python-neutronclient"
100.64.0.2 - - [03/Dec/2025:22:59:08 +0000] "GET /v2.0/networks/dfdb2cf3-b6ac-4340-9c6e-6290f337d5fb?fields=provider%3Aphysical_network&fields=provider%3Anetwork_type HTTP/1.1" 200 79 "-" "python-neutronclient"
10.128.0.2 - - [03/Dec/2025:22:59:08 +0000] "POST /v2.0/security-groups HTTP/1.1" 201 1613 "-" "python-urllib3/1.26.5"
10.128.0.2 - - [03/Dec/2025:22:59:08 +0000] "POST /v2.0/security-group-rules HTTP/1.1" 201 565 "-" "python-urllib3/1.26.5"
100.64.0.2 - - [03/Dec/2025:22:59:09 +0000] "GET /v2.0/ports?tenant_id=26d36ac1678744fabdbe8d702fccfb9d&device_id=f7c16a79-7209-439b-9d74-60b637cc03cf HTTP/1.1" 200 1360 "-" "python-neutronclient"
100.64.0.2 - - [03/Dec/2025:22:59:09 +0000] "GET /v2.0/networks?id=dfdb2cf3-b6ac-4340-9c6e-6290f337d5fb HTTP/1.1" 200 791 "-" "python-neutronclient"
10.128.0.2 - - [03/Dec/2025:22:59:09 +0000] "POST /v2.0/security-group-rules HTTP/1.1" 201 564 "-" "python-urllib3/1.26.5"
100.64.0.2 - - [03/Dec/2025:22:59:09 +0000] "GET /v2.0/floatingips?fixed_ip_address=10.100.0.3&port_id=cf6b2760-638d-480c-910f-95737a829249 HTTP/1.1" 200 886 "-" "python-neutronclient"
100.64.0.2 - - [03/Dec/2025:22:59:10 +0000] "GET /v2.0/subnets?id=e299e75c-66c9-481d-ac9d-ad4a4d758be1 HTTP/1.1" 200 673 "-" "python-neutronclient"
10.128.0.2 - - [03/Dec/2025:22:59:10 +0000] "POST /v2.0/security-group-rules HTTP/1.1" 201 570 "-" "python-urllib3/1.26.5"
100.64.0.2 - - [03/Dec/2025:22:59:10 +0000] "GET /v2.0/ports?network_id=dfdb2cf3-b6ac-4340-9c6e-6290f337d5fb&device_owner=network%3Adhcp HTTP/1.1" 200 12 "-" "python-neutronclient"
10.128.0.2 - - [03/Dec/2025:22:59:11 +0000] "POST /v2.0/security-group-rules HTTP/1.1" 201 569 "-" "python-urllib3/1.26.5"
100.64.0.2 - - [03/Dec/2025:22:59:11 +0000] "GET /v2.0/networks/dfdb2cf3-b6ac-4340-9c6e-6290f337d5fb?fields=segments HTTP/1.1" 200 14 "-" "python-neutronclient"
100.64.0.2 - - [03/Dec/2025:22:59:11 +0000] "GET /v2.0/networks/dfdb2cf3-b6ac-4340-9c6e-6290f337d5fb?fields=provider%3Aphysical_network&fields=provider%3Anetwork_type HTTP/1.1" 200 79 "-" "python-neutronclient"
10.128.0.2 - - [03/Dec/2025:22:59:11 +0000] "POST /v2.0/security-group-rules HTTP/1.1" 201 575 "-" "python-urllib3/1.26.5"
10.128.0.2 - - [03/Dec/2025:22:59:13 +0000] "POST /v2.0/security-group-rules HTTP/1.1" 201 574 "-" "python-urllib3/1.26.5"
10.128.1.49 - - [03/Dec/2025:22:59:13 +0000] "GET /v2.0/security-groups?name=tempest-secgroup-smoke-1341440726&fields=id&tenant_id=26d36ac1678744fabdbe8d702fccfb9d HTTP/1.1" 200 69 "-" "python-neutronclient"
10.128.1.49 - - [03/Dec/2025:22:59:14 +0000] "GET /v2.0/ports?device_id=f7c16a79-7209-439b-9d74-60b637cc03cf HTTP/1.1" 200 1093 "-" "python-neutronclient"
10.128.1.49 - - [03/Dec/2025:22:59:14 +0000] "PUT /v2.0/ports/cf6b2760-638d-480c-910f-95737a829249 HTTP/1.1" 200 1129 "-" "python-neutronclient"
100.64.0.2 - - [03/Dec/2025:22:59:15 +0000] "GET /v2.0/ports?tenant_id=26d36ac1678744fabdbe8d702fccfb9d&device_id=f7c16a79-7209-439b-9d74-60b637cc03cf HTTP/1.1" 200 1399 "-" "python-neutronclient"
10.128.1.49 - - [03/Dec/2025:22:59:15 +0000] "GET /v2.0/ports?device_id=f7c16a79-7209-439b-9d74-60b637cc03cf HTTP/1.1" 200 1132 "-" "python-neutronclient"
10.128.1.49 - - [03/Dec/2025:22:59:15 +0000] "GET /v2.0/security-groups?id=16647ef0-8098-47b4-a8f9-9cb6dabb6df3&id=f56f40db-7d5d-4e09-8feb-b620b60436b2&fields=id&fields=name HTTP/1.1" 200 181 "-" "python-neutronclient"
100.64.0.2 - - [03/Dec/2025:22:59:15 +0000] "GET /v2.0/networks?id=dfdb2cf3-b6ac-4340-9c6e-6290f337d5fb HTTP/1.1" 200 791 "-" "python-neutronclient"
100.64.0.2 - - [03/Dec/2025:22:59:15 +0000] "GET /v2.0/floatingips?fixed_ip_address=10.100.0.3&port_id=cf6b2760-638d-480c-910f-95737a829249 HTTP/1.1" 200 886 "-" "python-neutronclient"
100.64.0.2 - - [03/Dec/2025:22:59:16 +0000] "GET /v2.0/subnets?id=e299e75c-66c9-481d-ac9d-ad4a4d758be1 HTTP/1.1" 200 673 "-" "python-neutronclient"
100.64.0.2 - - [03/Dec/2025:22:59:16 +0000] "GET /v2.0/ports?network_id=dfdb2cf3-b6ac-4340-9c6e-6290f337d5fb&device_owner=network%3Adhcp HTTP/1.1" 200 12 "-" "python-neutronclient"
100.64.0.2 - - [03/Dec/2025:22:59:16 +0000] "GET /v2.0/networks/dfdb2cf3-b6ac-4340-9c6e-6290f337d5fb?fields=segments HTTP/1.1" 200 14 "-" "python-neutronclient"
100.64.0.2 - - [03/Dec/2025:22:59:16 +0000] "GET /v2.0/networks/dfdb2cf3-b6ac-4340-9c6e-6290f337d5fb?fields=provider%3Aphysical_network&fields=provider%3Anetwork_type HTTP/1.1" 200 79 "-" "python-neutronclient"
10.128.1.49 - - [03/Dec/2025:22:59:17 +0000] "GET /v2.0/ports?device_id=f7c16a79-7209-439b-9d74-60b637cc03cf HTTP/1.1" 200 1132 "-" "python-neutronclient"
100.64.0.2 - - [03/Dec/2025:22:59:17 +0000] "GET /v2.0/ports?tenant_id=26d36ac1678744fabdbe8d702fccfb9d&device_id=f7c16a79-7209-439b-9d74-60b637cc03cf HTTP/1.1" 200 1399 "-" "python-neutronclient"
10.128.1.49 - - [03/Dec/2025:22:59:18 +0000] "GET /v2.0/security-groups?id=16647ef0-8098-47b4-a8f9-9cb6dabb6df3&id=f56f40db-7d5d-4e09-8feb-b620b60436b2&fields=id&fields=name HTTP/1.1" 200 181 "-" "python-neutronclient"
100.64.0.2 - - [03/Dec/2025:22:59:18 +0000] "GET /v2.0/networks?id=dfdb2cf3-b6ac-4340-9c6e-6290f337d5fb HTTP/1.1" 200 791 "-" "python-neutronclient"
100.64.0.2 - - [03/Dec/2025:22:59:18 +0000] "GET /v2.0/floatingips?fixed_ip_address=10.100.0.3&port_id=cf6b2760-638d-480c-910f-95737a829249 HTTP/1.1" 200 886 "-" "python-neutronclient"
100.64.0.2 - - [03/Dec/2025:22:59:18 +0000] "GET /v2.0/subnets?id=e299e75c-66c9-481d-ac9d-ad4a4d758be1 HTTP/1.1" 200 673 "-" "python-neutronclient"
100.64.0.2 - - [03/Dec/2025:22:59:18 +0000] "GET /v2.0/ports?network_id=dfdb2cf3-b6ac-4340-9c6e-6290f337d5fb&device_owner=network%3Adhcp HTTP/1.1" 200 12 "-" "python-neutronclient"
100.64.0.2 - - [03/Dec/2025:22:59:19 +0000] "GET /v2.0/networks/dfdb2cf3-b6ac-4340-9c6e-6290f337d5fb?fields=segments HTTP/1.1" 200 14 "-" "python-neutronclient"
100.64.0.2 - - [03/Dec/2025:22:59:19 +0000] "GET /v2.0/networks/dfdb2cf3-b6ac-4340-9c6e-6290f337d5fb?fields=provider%3Aphysical_network&fields=provider%3Anetwork_type HTTP/1.1" 200 79 "-" "python-neutronclient"
10.128.1.49 - - [03/Dec/2025:22:59:19 +0000] "GET /v2.0/ports?device_id=f7c16a79-7209-439b-9d74-60b637cc03cf HTTP/1.1" 200 1132 "-" "python-neutronclient"
10.128.1.49 - - [03/Dec/2025:22:59:19 +0000] "GET /v2.0/security-groups?id=16647ef0-8098-47b4-a8f9-9cb6dabb6df3&id=f56f40db-7d5d-4e09-8feb-b620b60436b2&fields=id&fields=name HTTP/1.1" 200 181 "-" "python-neutronclient"
10.128.1.49 - - [03/Dec/2025:22:59:21 +0000] "GET /v2.0/ports?device_id=f7c16a79-7209-439b-9d74-60b637cc03cf HTTP/1.1" 200 1132 "-" "python-neutronclient"
10.128.1.49 - - [03/Dec/2025:22:59:21 +0000] "GET /v2.0/security-groups?id=16647ef0-8098-47b4-a8f9-9cb6dabb6df3&id=f56f40db-7d5d-4e09-8feb-b620b60436b2&fields=id&fields=name HTTP/1.1" 200 181 "-" "python-neutronclient"
10.128.1.49 - - [03/Dec/2025:22:59:22 +0000] "GET /v2.0/ports?device_id=f7c16a79-7209-439b-9d74-60b637cc03cf HTTP/1.1" 200 1130 "-" "python-neutronclient"
10.128.1.49 - - [03/Dec/2025:22:59:23 +0000] "GET /v2.0/security-groups?id=16647ef0-8098-47b4-a8f9-9cb6dabb6df3&id=f56f40db-7d5d-4e09-8feb-b620b60436b2&fields=id&fields=name HTTP/1.1" 200 181 "-" "python-neutronclient"
10.128.0.2 - - [03/Dec/2025:22:59:23 +0000] "GET / HTTP/1.1" 200 122 "-" "kube-probe/1.31"
10.128.0.2 - - [03/Dec/2025:22:59:23 +0000] "GET / HTTP/1.1" 200 122 "-" "kube-probe/1.31"
10.128.0.2 - - [03/Dec/2025:22:59:23 +0000] "GET / HTTP/1.1" 200 122 "-" "kube-probe/1.31"
10.128.1.49 - - [03/Dec/2025:22:59:24 +0000] "GET /v2.0/ports?device_id=f7c16a79-7209-439b-9d74-60b637cc03cf HTTP/1.1" 200 1132 "-" "python-neutronclient"
10.128.1.49 - - [03/Dec/2025:22:59:24 +0000] "GET /v2.0/security-groups?id=16647ef0-8098-47b4-a8f9-9cb6dabb6df3&id=f56f40db-7d5d-4e09-8feb-b620b60436b2&fields=id&fields=name HTTP/1.1" 200 181 "-" "python-neutronclient"
10.128.1.49 - - [03/Dec/2025:22:59:27 +0000] "GET /v2.0/ports?device_id=4e42e763-4f36-4179-9318-0f113223058a HTTP/1.1" 200 1102 "-" "python-neutronclient"
10.128.1.49 - - [03/Dec/2025:22:59:28 +0000] "GET /v2.0/security-groups?id=0f7ab008-dd40-49ad-ada5-4b2978c510b9&fields=id&fields=name HTTP/1.1" 200 113 "-" "python-neutronclient"
100.64.0.2 - - [03/Dec/2025:22:59:31 +0000] "GET /v2.0/ports?device_id=f7c16a79-7209-439b-9d74-60b637cc03cf&fields=binding%3Ahost_id&fields=binding%3Avif_type HTTP/1.1" 200 96 "-" "python-neutronclient"
100.64.0.2 - - [03/Dec/2025:22:59:32 +0000] "GET /v2.0/ports?tenant_id=26d36ac1678744fabdbe8d702fccfb9d&device_id=f7c16a79-7209-439b-9d74-60b637cc03cf HTTP/1.1" 200 1399 "-" "python-neutronclient"
100.64.0.2 - - [03/Dec/2025:22:59:32 +0000] "GET /v2.0/networks?id=dfdb2cf3-b6ac-4340-9c6e-6290f337d5fb HTTP/1.1" 200 791 "-" "python-neutronclient"
100.64.0.2 - - [03/Dec/2025:22:59:32 +0000] "GET /v2.0/floatingips?fixed_ip_address=10.100.0.3&port_id=cf6b2760-638d-480c-910f-95737a829249 HTTP/1.1" 200 886 "-" "python-neutronclient"
100.64.0.2 - - [03/Dec/2025:22:59:33 +0000] "GET /v2.0/subnets?id=e299e75c-66c9-481d-ac9d-ad4a4d758be1 HTTP/1.1" 200 673 "-" "python-neutronclient"
100.64.0.2 - - [03/Dec/2025:22:59:33 +0000] "GET /v2.0/ports?network_id=dfdb2cf3-b6ac-4340-9c6e-6290f337d5fb&device_owner=network%3Adhcp HTTP/1.1" 200 12 "-" "python-neutronclient"
100.64.0.2 - - [03/Dec/2025:22:59:33 +0000] "GET /v2.0/networks/dfdb2cf3-b6ac-4340-9c6e-6290f337d5fb?fields=segments HTTP/1.1" 200 14 "-" "python-neutronclient"
100.64.0.2 - - [03/Dec/2025:22:59:33 +0000] "GET /v2.0/networks/dfdb2cf3-b6ac-4340-9c6e-6290f337d5fb?fields=provider%3Aphysical_network&fields=provider%3Anetwork_type HTTP/1.1" 200 79 "-" "python-neutronclient"
10.128.1.49 - - [03/Dec/2025:22:59:43 +0000] "GET /v2.0/ports?device_id=4e42e763-4f36-4179-9318-0f113223058a HTTP/1.1" 200 1100 "-" "python-neutronclient"
10.128.1.49 - - [03/Dec/2025:22:59:43 +0000] "GET /v2.0/security-groups?id=0f7ab008-dd40-49ad-ada5-4b2978c510b9&fields=id&fields=name HTTP/1.1" 200 113 "-" "python-neutronclient"
100.64.0.2 - - [03/Dec/2025:22:59:43 +0000] "GET /v2.0/ports?device_id=4e42e763-4f36-4179-9318-0f113223058a HTTP/1.1" 200 1100 "-" "python-neutronclient"
100.64.0.2 - - [03/Dec/2025:22:59:43 +0000] "DELETE /v2.0/ports/d855ba2f-615b-4219-8050-9543cb8b97a3 HTTP/1.1" 204 - "-" "python-neutronclient"
10.128.1.49 - - [03/Dec/2025:22:59:44 +0000] "GET /v2.0/ports?device_id=4e42e763-4f36-4179-9318-0f113223058a HTTP/1.1" 200 12 "-" "python-neutronclient"
10.128.0.2 - - [03/Dec/2025:22:59:46 +0000] "DELETE /v2.0/security-groups/0f7ab008-dd40-49ad-ada5-4b2978c510b9 HTTP/1.1" 204 - "-" "python-urllib3/1.26.5"
10.128.0.2 - - [03/Dec/2025:22:59:46 +0000] "GET /v2.0/security-groups/0f7ab008-dd40-49ad-ada5-4b2978c510b9 HTTP/1.1" 404 146 "-" "python-urllib3/1.26.5"
10.128.0.2 - - [03/Dec/2025:22:59:46 +0000] "DELETE /v2.0/floatingips/a17af89b-568e-4f33-9851-7323ecff32b1 HTTP/1.1" 204 - "-" "python-urllib3/1.26.5"
10.128.0.2 - - [03/Dec/2025:22:59:51 +0000] "POST /v2.0/security-groups HTTP/1.1" 201 1597 "-" "python-urllib3/1.26.5"
10.128.0.2 - - [03/Dec/2025:22:59:52 +0000] "POST /v2.0/security-group-rules HTTP/1.1" 201 565 "-" "python-urllib3/1.26.5"
10.128.0.2 - - [03/Dec/2025:22:59:52 +0000] "POST /v2.0/security-group-rules HTTP/1.1" 201 570 "-" "python-urllib3/1.26.5"
10.128.0.2 - - [03/Dec/2025:22:59:53 +0000] "GET / HTTP/1.1" 200 122 "-" "kube-probe/1.31"
10.128.0.2 - - [03/Dec/2025:22:59:53 +0000] "GET / HTTP/1.1" 200 122 "-" "kube-probe/1.31"
10.128.0.2 - - [03/Dec/2025:22:59:53 +0000] "GET / HTTP/1.1" 200 122 "-" "kube-probe/1.31"
10.128.0.2 - - [03/Dec/2025:22:59:52 +0000] "POST /v2.0/floatingips HTTP/1.1" 201 578 "-" "python-urllib3/1.26.5"
10.128.1.49 - - [03/Dec/2025:22:59:54 +0000] "GET /v2.0/security-groups?name=tempest-securitygroup--292509588&fields=id&tenant_id=9bf6771e795f41a4b232098116b975b1 HTTP/1.1" 200 69 "-" "python-neutronclient"
10.128.1.49 - - [03/Dec/2025:22:59:55 +0000] "GET /v2.0/networks?id=e72b6a91-e639-40ba-9f16-cb43156fca84 HTTP/1.1" 200 693 "-" "python-neutronclient"
10.128.1.49 - - [03/Dec/2025:22:59:55 +0000] "GET /v2.0/quotas/9bf6771e795f41a4b232098116b975b1 HTTP/1.1" 200 187 "-" "python-neutronclient"
10.128.1.49 - - [03/Dec/2025:22:59:55 +0000] "GET /v2.0/ports?tenant_id=9bf6771e795f41a4b232098116b975b1&fields=id HTTP/1.1" 200 103 "-" "python-neutronclient"
10.128.1.49 - - [03/Dec/2025:22:59:55 +0000] "GET /v2.0/networks/e72b6a91-e639-40ba-9f16-cb43156fca84?fields=segments HTTP/1.1" 200 14 "-" "python-neutronclient"
10.128.1.49 - - [03/Dec/2025:22:59:55 +0000] "GET /v2.0/networks/e72b6a91-e639-40ba-9f16-cb43156fca84?fields=provider%3Aphysical_network&fields=provider%3Anetwork_type HTTP/1.1" 200 79 "-" "python-neutronclient"
10.128.1.51 - - [03/Dec/2025:22:59:56 +0000] "GET /v2.0/extensions HTTP/1.1" 200 17369 "-" "python-neutronclient"
10.128.1.49 - - [03/Dec/2025:22:59:56 +0000] "GET /v2.0/ports?device_id=434628a1-4d62-44e6-9f0c-17529d707234 HTTP/1.1" 200 12 "-" "python-neutronclient"
10.128.1.51 - - [03/Dec/2025:22:59:56 +0000] "GET /v2.0/subnets?network_id=e72b6a91-e639-40ba-9f16-cb43156fca84&fields=segment_id HTTP/1.1" 200 33 "-" "python-neutronclient"
100.64.0.2 - - [03/Dec/2025:22:59:57 +0000] "GET /v2.0/networks?id=e72b6a91-e639-40ba-9f16-cb43156fca84 HTTP/1.1" 200 693 "-" "python-neutronclient"
100.64.0.2 - - [03/Dec/2025:22:59:57 +0000] "GET /v2.0/security-groups?fields=id&fields=name&tenant_id=9bf6771e795f41a4b232098116b975b1 HTTP/1.1" 200 180 "-" "python-neutronclient"
10.128.1.49 - - [03/Dec/2025:22:59:57 +0000] "GET /v2.0/ports?device_id=434628a1-4d62-44e6-9f0c-17529d707234 HTTP/1.1" 200 12 "-" "python-neutronclient"
10.128.0.2 - - [03/Dec/2025:22:59:57 +0000] "PUT /v2.0/floatingips/644292fe-d6d8-44e9-80f7-44d14ae95b0f HTTP/1.1" 200 580 "-" "python-urllib3/1.26.5"
100.64.0.2 - - [03/Dec/2025:22:59:57 +0000] "GET /v2.0/ports?tenant_id=26d36ac1678744fabdbe8d702fccfb9d&device_id=f7c16a79-7209-439b-9d74-60b637cc03cf HTTP/1.1" 200 1399 "-" "python-neutronclient"
10.128.1.49 - - [03/Dec/2025:22:59:57 +0000] "GET /v2.0/ports?device_id=f7c16a79-7209-439b-9d74-60b637cc03cf HTTP/1.1" 200 1132 "-" "python-neutronclient"
10.128.1.49 - - [03/Dec/2025:22:59:58 +0000] "GET /v2.0/security-groups?id=16647ef0-8098-47b4-a8f9-9cb6dabb6df3&id=f56f40db-7d5d-4e09-8feb-b620b60436b2&fields=id&fields=name HTTP/1.1" 200 181 "-" "python-neutronclient"
100.64.0.2 - - [03/Dec/2025:22:59:58 +0000] "GET /v2.0/networks?id=dfdb2cf3-b6ac-4340-9c6e-6290f337d5fb HTTP/1.1" 200 791 "-" "python-neutronclient"
100.64.0.2 - - [03/Dec/2025:22:59:58 +0000] "GET /v2.0/floatingips?fixed_ip_address=10.100.0.3&port_id=cf6b2760-638d-480c-910f-95737a829249 HTTP/1.1" 200 19 "-" "python-neutronclient"
100.64.0.2 - - [03/Dec/2025:22:59:57 +0000] "POST /v2.0/ports HTTP/1.1" 201 963 "-" "python-neutronclient"
100.64.0.2 - - [03/Dec/2025:22:59:58 +0000] "GET /v2.0/subnets?id=e299e75c-66c9-481d-ac9d-ad4a4d758be1 HTTP/1.1" 200 673 "-" "python-neutronclient"
100.64.0.2 - - [03/Dec/2025:22:59:58 +0000] "GET /v2.0/ports?network_id=dfdb2cf3-b6ac-4340-9c6e-6290f337d5fb&device_owner=network%3Adhcp HTTP/1.1" 200 12 "-" "python-neutronclient"
100.64.0.2 - - [03/Dec/2025:22:59:58 +0000] "GET /v2.0/networks/dfdb2cf3-b6ac-4340-9c6e-6290f337d5fb?fields=segments HTTP/1.1" 200 14 "-" "python-neutronclient"
10.128.1.49 - - [03/Dec/2025:22:59:58 +0000] "GET /v2.0/ports?device_id=434628a1-4d62-44e6-9f0c-17529d707234 HTTP/1.1" 200 966 "-" "python-neutronclient"
100.64.0.2 - - [03/Dec/2025:22:59:58 +0000] "GET /v2.0/networks/dfdb2cf3-b6ac-4340-9c6e-6290f337d5fb?fields=provider%3Aphysical_network&fields=provider%3Anetwork_type HTTP/1.1" 200 79 "-" "python-neutronclient"
10.128.1.49 - - [03/Dec/2025:22:59:59 +0000] "GET /v2.0/security-groups?id=0f3e915b-5ec3-4f0a-bc0e-c874518919b0&fields=id&fields=name HTTP/1.1" 200 113 "-" "python-neutronclient"
100.64.0.2 - - [03/Dec/2025:22:59:58 +0000] "PUT /v2.0/ports/62282998-9bde-4462-8b37-1ba1f0168f55 HTTP/1.1" 200 1335 "-" "python-neutronclient"
100.64.0.2 - - [03/Dec/2025:22:59:59 +0000] "GET /v2.0/ports?tenant_id=9bf6771e795f41a4b232098116b975b1&device_id=434628a1-4d62-44e6-9f0c-17529d707234 HTTP/1.1" 200 1366 "-" "python-neutronclient"
10.128.1.49 - - [03/Dec/2025:22:59:59 +0000] "GET /v2.0/ports?device_id=f7c16a79-7209-439b-9d74-60b637cc03cf HTTP/1.1" 200 1132 "-" "python-neutronclient"
100.64.0.2 - - [03/Dec/2025:23:00:00 +0000] "GET /v2.0/floatingips?fixed_ip_address=10.100.0.14&port_id=62282998-9bde-4462-8b37-1ba1f0168f55 HTTP/1.1" 200 19 "-" "python-neutronclient"
10.128.1.49 - - [03/Dec/2025:23:00:00 +0000] "GET /v2.0/ports?device_id=434628a1-4d62-44e6-9f0c-17529d707234 HTTP/1.1" 200 1099 "-" "python-neutronclient"
10.128.1.49 - - [03/Dec/2025:23:00:00 +0000] "GET /v2.0/security-groups?id=16647ef0-8098-47b4-a8f9-9cb6dabb6df3&id=f56f40db-7d5d-4e09-8feb-b620b60436b2&fields=id&fields=name HTTP/1.1" 200 181 "-" "python-neutronclient"
100.64.0.2 - - [03/Dec/2025:23:00:00 +0000] "GET /v2.0/subnets?id=f8eee2b1-6c9a-4004-af36-f04771a0d497 HTTP/1.1" 200 674 "-" "python-neutronclient"
10.128.1.49 - - [03/Dec/2025:23:00:00 +0000] "GET /v2.0/security-groups?id=0f3e915b-5ec3-4f0a-bc0e-c874518919b0&fields=id&fields=name HTTP/1.1" 200 113 "-" "python-neutronclient"
10.128.1.49 - - [03/Dec/2025:23:00:00 +0000] "GET /v2.0/security-groups?name=tempest-secgroup-smoke-1341440726&fields=id&tenant_id=26d36ac1678744fabdbe8d702fccfb9d HTTP/1.1" 200 69 "-" "python-neutronclient"
100.64.0.2 - - [03/Dec/2025:23:00:01 +0000] "GET /v2.0/ports?network_id=e72b6a91-e639-40ba-9f16-cb43156fca84&device_owner=network%3Adhcp HTTP/1.1" 200 12 "-" "python-neutronclient"
10.128.1.49 - - [03/Dec/2025:23:00:01 +0000] "GET /v2.0/ports?device_id=f7c16a79-7209-439b-9d74-60b637cc03cf HTTP/1.1" 200 1132 "-" "python-neutronclient"
100.64.0.2 - - [03/Dec/2025:23:00:01 +0000] "GET /v2.0/networks/e72b6a91-e639-40ba-9f16-cb43156fca84?fields=segments HTTP/1.1" 200 14 "-" "python-neutronclient"
100.64.0.2 - - [03/Dec/2025:23:00:01 +0000] "GET /v2.0/networks/e72b6a91-e639-40ba-9f16-cb43156fca84?fields=provider%3Aphysical_network&fields=provider%3Anetwork_type HTTP/1.1" 200 79 "-" "python-neutronclient"
100.64.0.2 - - [03/Dec/2025:23:00:01 +0000] "GET /v2.0/ports?tenant_id=9bf6771e795f41a4b232098116b975b1&device_id=434628a1-4d62-44e6-9f0c-17529d707234 HTTP/1.1" 200 1366 "-" "python-neutronclient"
10.128.1.49 - - [03/Dec/2025:23:00:02 +0000] "GET /v2.0/ports?device_id=434628a1-4d62-44e6-9f0c-17529d707234 HTTP/1.1" 200 1099 "-" "python-neutronclient"
100.64.0.2 - - [03/Dec/2025:23:00:01 +0000] "GET /v2.0/ports?device_id=434628a1-4d62-44e6-9f0c-17529d707234 HTTP/1.1" 200 1366 "-" "python-neutronclient"
100.64.0.2 - - [03/Dec/2025:23:00:02 +0000] "GET /v2.0/networks?id=e72b6a91-e639-40ba-9f16-cb43156fca84 HTTP/1.1" 200 792 "-" "python-neutronclient"
100.64.0.2 - - [03/Dec/2025:23:00:02 +0000] "GET /v2.0/floatingips?fixed_ip_address=10.100.0.14&port_id=62282998-9bde-4462-8b37-1ba1f0168f55 HTTP/1.1" 200 19 "-" "python-neutronclient"
100.64.0.2 - - [03/Dec/2025:23:00:02 +0000] "GET /v2.0/security-groups?id=0f3e915b-5ec3-4f0a-bc0e-c874518919b0&fields=id&fields=name HTTP/1.1" 200 113 "-" "python-neutronclient"
10.128.1.49 - - [03/Dec/2025:23:00:02 +0000] "GET /v2.0/security-groups?id=0f3e915b-5ec3-4f0a-bc0e-c874518919b0&fields=id&fields=name HTTP/1.1" 200 113 "-" "python-neutronclient"
10.128.1.49 - - [03/Dec/2025:23:00:01 +0000] "PUT /v2.0/ports/cf6b2760-638d-480c-910f-95737a829249 HTTP/1.1" 200 1091 "-" "python-neutronclient"
100.64.0.2 - - [03/Dec/2025:23:00:03 +0000] "GET /v2.0/subnets?id=f8eee2b1-6c9a-4004-af36-f04771a0d497 HTTP/1.1" 200 674 "-" "python-neutronclient"
100.64.0.2 - - [03/Dec/2025:23:00:03 +0000] "GET /v2.0/ports?network_id=e72b6a91-e639-40ba-9f16-cb43156fca84&device_owner=network%3Adhcp HTTP/1.1" 200 12 "-" "python-neutronclient"
10.128.0.2 - - [03/Dec/2025:23:00:03 +0000] "DELETE /v2.0/security-groups/16647ef0-8098-47b4-a8f9-9cb6dabb6df3 HTTP/1.1" 204 - "-" "python-urllib3/1.26.5"
100.64.0.2 - - [03/Dec/2025:23:00:03 +0000] "GET /v2.0/networks/e72b6a91-e639-40ba-9f16-cb43156fca84?fields=segments HTTP/1.1" 200 14 "-" "python-neutronclient"
100.64.0.2 - - [03/Dec/2025:23:00:03 +0000] "GET /v2.0/ports?tenant_id=26d36ac1678744fabdbe8d702fccfb9d&device_id=f7c16a79-7209-439b-9d74-60b637cc03cf HTTP/1.1" 200 1361 "-" "python-neutronclient"
100.64.0.2 - - [03/Dec/2025:23:00:03 +0000] "GET /v2.0/networks/e72b6a91-e639-40ba-9f16-cb43156fca84?fields=provider%3Aphysical_network&fields=provider%3Anetwork_type HTTP/1.1" 200 79 "-" "python-neutronclient"
100.64.0.2 - - [03/Dec/2025:23:00:03 +0000] "GET /v2.0/networks?id=dfdb2cf3-b6ac-4340-9c6e-6290f337d5fb HTTP/1.1" 200 791 "-" "python-neutronclient"
10.128.1.49 - - [03/Dec/2025:23:00:04 +0000] "GET /v2.0/ports?device_id=434628a1-4d62-44e6-9f0c-17529d707234 HTTP/1.1" 200 1101 "-" "python-neutronclient"
100.64.0.2 - - [03/Dec/2025:23:00:04 +0000] "GET /v2.0/floatingips?fixed_ip_address=10.100.0.3&port_id=cf6b2760-638d-480c-910f-95737a829249 HTTP/1.1" 200 19 "-" "python-neutronclient"
10.128.1.49 - - [03/Dec/2025:23:00:04 +0000] "GET /v2.0/security-groups?id=0f3e915b-5ec3-4f0a-bc0e-c874518919b0&fields=id&fields=name HTTP/1.1" 200 113 "-" "python-neutronclient"
100.64.0.2 - - [03/Dec/2025:23:00:04 +0000] "GET /v2.0/subnets?id=e299e75c-66c9-481d-ac9d-ad4a4d758be1 HTTP/1.1" 200 673 "-" "python-neutronclient"
10.128.0.2 - - [03/Dec/2025:23:00:03 +0000] "DELETE /v2.0/floatingips/644292fe-d6d8-44e9-80f7-44d14ae95b0f HTTP/1.1" 204 - "-" "python-urllib3/1.26.5"
100.64.0.2 - - [03/Dec/2025:23:00:05 +0000] "GET /v2.0/ports?network_id=dfdb2cf3-b6ac-4340-9c6e-6290f337d5fb&device_owner=network%3Adhcp HTTP/1.1" 200 12 "-" "python-neutronclient"
100.64.0.2 - - [03/Dec/2025:23:00:05 +0000] "GET /v2.0/networks/dfdb2cf3-b6ac-4340-9c6e-6290f337d5fb?fields=segments HTTP/1.1" 200 14 "-" "python-neutronclient"
100.64.0.2 - - [03/Dec/2025:23:00:05 +0000] "GET /v2.0/networks/dfdb2cf3-b6ac-4340-9c6e-6290f337d5fb?fields=provider%3Aphysical_network&fields=provider%3Anetwork_type HTTP/1.1" 200 79 "-" "python-neutronclient"
10.128.1.49 - - [03/Dec/2025:23:00:06 +0000] "GET /v2.0/ports?device_id=434628a1-4d62-44e6-9f0c-17529d707234 HTTP/1.1" 200 1101 "-" "python-neutronclient"
10.128.1.49 - - [03/Dec/2025:23:00:06 +0000] "GET /v2.0/security-groups?id=0f3e915b-5ec3-4f0a-bc0e-c874518919b0&fields=id&fields=name HTTP/1.1" 200 113 "-" "python-neutronclient"
10.128.1.49 - - [03/Dec/2025:23:00:06 +0000] "GET /v2.0/ports?device_id=434628a1-4d62-44e6-9f0c-17529d707234 HTTP/1.1" 200 1101 "-" "python-neutronclient"
10.128.0.2 - - [03/Dec/2025:23:00:07 +0000] "PUT /v2.0/floatingips/921478e6-5479-44ea-b1ff-343d91749ede HTTP/1.1" 200 882 "-" "python-urllib3/1.26.5"
100.64.0.2 - - [03/Dec/2025:23:00:09 +0000] "GET /v2.0/ports?tenant_id=9bf6771e795f41a4b232098116b975b1&device_id=434628a1-4d62-44e6-9f0c-17529d707234 HTTP/1.1" 200 1368 "-" "python-neutronclient"
100.64.0.2 - - [03/Dec/2025:23:00:09 +0000] "GET /v2.0/networks?id=e72b6a91-e639-40ba-9f16-cb43156fca84 HTTP/1.1" 200 792 "-" "python-neutronclient"
100.64.0.2 - - [03/Dec/2025:23:00:09 +0000] "GET /v2.0/floatingips?fixed_ip_address=10.100.0.14&port_id=62282998-9bde-4462-8b37-1ba1f0168f55 HTTP/1.1" 200 887 "-" "python-neutronclient"
100.64.0.2 - - [03/Dec/2025:23:00:10 +0000] "GET /v2.0/subnets?id=f8eee2b1-6c9a-4004-af36-f04771a0d497 HTTP/1.1" 200 674 "-" "python-neutronclient"
100.64.0.2 - - [03/Dec/2025:23:00:10 +0000] "GET /v2.0/ports?network_id=e72b6a91-e639-40ba-9f16-cb43156fca84&device_owner=network%3Adhcp HTTP/1.1" 200 12 "-" "python-neutronclient"
100.64.0.2 - - [03/Dec/2025:23:00:11 +0000] "GET /v2.0/networks/e72b6a91-e639-40ba-9f16-cb43156fca84?fields=segments HTTP/1.1" 200 14 "-" "python-neutronclient"
100.64.0.2 - - [03/Dec/2025:23:00:11 +0000] "GET /v2.0/networks/e72b6a91-e639-40ba-9f16-cb43156fca84?fields=provider%3Aphysical_network&fields=provider%3Anetwork_type HTTP/1.1" 200 79 "-" "python-neutronclient"
10.128.1.49 - - [03/Dec/2025:23:00:14 +0000] "GET /v2.0/ports?device_id=f7c16a79-7209-439b-9d74-60b637cc03cf HTTP/1.1" 200 1094 "-" "python-neutronclient"
100.64.0.2 - - [03/Dec/2025:23:00:14 +0000] "GET /v2.0/ports?device_id=f7c16a79-7209-439b-9d74-60b637cc03cf HTTP/1.1" 200 1094 "-" "python-neutronclient"
10.128.1.49 - - [03/Dec/2025:23:00:15 +0000] "GET /v2.0/security-groups?id=f56f40db-7d5d-4e09-8feb-b620b60436b2&fields=id&fields=name HTTP/1.1" 200 88 "-" "python-neutronclient"
100.64.0.2 - - [03/Dec/2025:23:00:15 +0000] "DELETE /v2.0/ports/cf6b2760-638d-480c-910f-95737a829249 HTTP/1.1" 204 - "-" "python-neutronclient"
10.128.1.49 - - [03/Dec/2025:23:00:19 +0000] "GET /v2.0/networks?id=dfdb2cf3-b6ac-4340-9c6e-6290f337d5fb HTTP/1.1" 200 692 "-" "python-neutronclient"
10.128.1.49 - - [03/Dec/2025:23:00:19 +0000] "GET /v2.0/quotas/26d36ac1678744fabdbe8d702fccfb9d HTTP/1.1" 200 187 "-" "python-neutronclient"
10.128.1.49 - - [03/Dec/2025:23:00:19 +0000] "GET /v2.0/ports?tenant_id=26d36ac1678744fabdbe8d702fccfb9d&fields=id HTTP/1.1" 200 103 "-" "python-neutronclient"
10.128.1.49 - - [03/Dec/2025:23:00:19 +0000] "GET /v2.0/networks/dfdb2cf3-b6ac-4340-9c6e-6290f337d5fb?fields=segments HTTP/1.1" 200 14 "-" "python-neutronclient"
10.128.1.49 - - [03/Dec/2025:23:00:19 +0000] "GET /v2.0/networks/dfdb2cf3-b6ac-4340-9c6e-6290f337d5fb?fields=provider%3Aphysical_network&fields=provider%3Anetwork_type HTTP/1.1" 200 79 "-" "python-neutronclient"
10.128.1.51 - - [03/Dec/2025:23:00:20 +0000] "GET /v2.0/extensions HTTP/1.1" 200 17369 "-" "python-neutronclient"
10.128.1.49 - - [03/Dec/2025:23:00:20 +0000] "GET /v2.0/ports?device_id=47b01995-50da-49cb-81ec-0830ae424fb6 HTTP/1.1" 200 12 "-" "python-neutronclient"
10.128.1.51 - - [03/Dec/2025:23:00:20 +0000] "GET /v2.0/subnets?network_id=dfdb2cf3-b6ac-4340-9c6e-6290f337d5fb&fields=segment_id HTTP/1.1" 200 33 "-" "python-neutronclient"
