100.64.0.2 - - [03/Dec/2025:23:16:22 +0000] "GET /v2.0/ports?network_id=0872b3f8-49c5-4654-a118-73b93573bed0&device_owner=network%3Adhcp HTTP/1.1" 200 12 "-" "python-neutronclient"
100.64.0.2 - - [03/Dec/2025:23:16:22 +0000] "GET /v2.0/networks/0872b3f8-49c5-4654-a118-73b93573bed0?fields=segments HTTP/1.1" 200 14 "-" "python-neutronclient"
100.64.0.2 - - [03/Dec/2025:23:16:22 +0000] "GET /v2.0/networks/0872b3f8-49c5-4654-a118-73b93573bed0?fields=provider%3Aphysical_network&fields=provider%3Anetwork_type HTTP/1.1" 200 79 "-" "python-neutronclient"
10.128.0.2 - - [03/Dec/2025:23:16:23 +0000] "GET / HTTP/1.1" 200 122 "-" "kube-probe/1.31"
10.128.0.2 - - [03/Dec/2025:23:16:23 +0000] "GET / HTTP/1.1" 200 122 "-" "kube-probe/1.31"
10.128.0.2 - - [03/Dec/2025:23:16:23 +0000] "GET / HTTP/1.1" 200 122 "-" "kube-probe/1.31"
100.64.0.2 - - [03/Dec/2025:23:16:23 +0000] "GET /v2.0/floatingips?fixed_ip_address=2001%3Adb8%3A%3Af816%3A3eff%3Afe01%3Aa160&port_id=00b9384e-2956-4cfb-b162-325dfa535ced HTTP/1.1" 200 19 "-" "python-neutronclient"
10.128.1.49 - - [03/Dec/2025:23:16:23 +0000] "GET /v2.0/ports?device_id=d6b7bb44-089c-4c99-b3ef-7513ac756c71 HTTP/1.1" 200 2179 "-" "python-neutronclient"
100.64.0.2 - - [03/Dec/2025:23:16:23 +0000] "GET /v2.0/subnets?id=4f9713a8-f27d-4c83-9687-c3437e230517 HTTP/1.1" 200 670 "-" "python-neutronclient"
10.128.1.49 - - [03/Dec/2025:23:16:23 +0000] "GET /v2.0/security-groups?id=0fb0d7ba-d609-40ad-a1b9-03104feff674&fields=id&fields=name HTTP/1.1" 200 113 "-" "python-neutronclient"
100.64.0.2 - - [03/Dec/2025:23:16:23 +0000] "GET /v2.0/ports?network_id=16f7d658-1593-40df-9bfa-cef1b1517286&device_owner=network%3Adhcp HTTP/1.1" 200 12 "-" "python-neutronclient"
100.64.0.2 - - [03/Dec/2025:23:16:23 +0000] "GET /v2.0/networks/16f7d658-1593-40df-9bfa-cef1b1517286?fields=segments HTTP/1.1" 200 14 "-" "python-neutronclient"
100.64.0.2 - - [03/Dec/2025:23:16:24 +0000] "GET /v2.0/networks/16f7d658-1593-40df-9bfa-cef1b1517286?fields=provider%3Aphysical_network&fields=provider%3Anetwork_type HTTP/1.1" 200 79 "-" "python-neutronclient"
100.64.0.2 - - [03/Dec/2025:23:16:24 +0000] "GET /v2.0/ports?tenant_id=392542f6ffae4fd4801c87a6dbbba04a&device_id=d6b7bb44-089c-4c99-b3ef-7513ac756c71 HTTP/1.1" 200 2713 "-" "python-neutronclient"
100.64.0.2 - - [03/Dec/2025:23:16:24 +0000] "GET /v2.0/ports?device_id=d6b7bb44-089c-4c99-b3ef-7513ac756c71 HTTP/1.1" 200 2713 "-" "python-neutronclient"
100.64.0.2 - - [03/Dec/2025:23:16:24 +0000] "GET /v2.0/networks?id=16f7d658-1593-40df-9bfa-cef1b1517286 HTTP/1.1" 200 772 "-" "python-neutronclient"
100.64.0.2 - - [03/Dec/2025:23:16:24 +0000] "GET /v2.0/floatingips?fixed_ip_address=2001%3Adb8%3A%3Af816%3A3eff%3Afe01%3Aa160&port_id=00b9384e-2956-4cfb-b162-325dfa535ced HTTP/1.1" 200 19 "-" "python-neutronclient"
100.64.0.2 - - [03/Dec/2025:23:16:24 +0000] "GET /v2.0/security-groups?id=0fb0d7ba-d609-40ad-a1b9-03104feff674&fields=id&fields=name HTTP/1.1" 200 113 "-" "python-neutronclient"
100.64.0.2 - - [03/Dec/2025:23:16:24 +0000] "GET /v2.0/subnets?id=4f9713a8-f27d-4c83-9687-c3437e230517 HTTP/1.1" 200 670 "-" "python-neutronclient"
100.64.0.2 - - [03/Dec/2025:23:16:25 +0000] "GET /v2.0/ports?network_id=16f7d658-1593-40df-9bfa-cef1b1517286&device_owner=network%3Adhcp HTTP/1.1" 200 12 "-" "python-neutronclient"
100.64.0.2 - - [03/Dec/2025:23:16:25 +0000] "GET /v2.0/networks/16f7d658-1593-40df-9bfa-cef1b1517286?fields=segments HTTP/1.1" 200 14 "-" "python-neutronclient"
10.128.1.49 - - [03/Dec/2025:23:16:25 +0000] "GET /v2.0/ports?device_id=d6b7bb44-089c-4c99-b3ef-7513ac756c71 HTTP/1.1" 200 2179 "-" "python-neutronclient"
10.128.1.49 - - [03/Dec/2025:23:16:25 +0000] "GET /v2.0/security-groups?id=0fb0d7ba-d609-40ad-a1b9-03104feff674&fields=id&fields=name HTTP/1.1" 200 113 "-" "python-neutronclient"
100.64.0.2 - - [03/Dec/2025:23:16:25 +0000] "GET /v2.0/networks/16f7d658-1593-40df-9bfa-cef1b1517286?fields=provider%3Aphysical_network&fields=provider%3Anetwork_type HTTP/1.1" 200 79 "-" "python-neutronclient"
10.128.1.49 - - [03/Dec/2025:23:16:26 +0000] "GET /v2.0/ports?device_id=d6b7bb44-089c-4c99-b3ef-7513ac756c71 HTTP/1.1" 200 2183 "-" "python-neutronclient"
10.128.1.49 - - [03/Dec/2025:23:16:27 +0000] "GET /v2.0/security-groups?id=0fb0d7ba-d609-40ad-a1b9-03104feff674&fields=id&fields=name HTTP/1.1" 200 113 "-" "python-neutronclient"
10.128.1.49 - - [03/Dec/2025:23:16:29 +0000] "GET /v2.0/ports?device_id=d6b7bb44-089c-4c99-b3ef-7513ac756c71 HTTP/1.1" 200 2183 "-" "python-neutronclient"
10.128.1.49 - - [03/Dec/2025:23:16:29 +0000] "GET /v2.0/security-groups?id=0fb0d7ba-d609-40ad-a1b9-03104feff674&fields=id&fields=name HTTP/1.1" 200 113 "-" "python-neutronclient"
10.128.1.49 - - [03/Dec/2025:23:16:30 +0000] "GET /v2.0/ports?device_id=d6b7bb44-089c-4c99-b3ef-7513ac756c71 HTTP/1.1" 200 2183 "-" "python-neutronclient"
10.128.1.49 - - [03/Dec/2025:23:16:30 +0000] "GET /v2.0/security-groups?id=0fb0d7ba-d609-40ad-a1b9-03104feff674&fields=id&fields=name HTTP/1.1" 200 113 "-" "python-neutronclient"
10.128.0.2 - - [03/Dec/2025:23:16:30 +0000] "GET /v2.0/ports?device_id=d6b7bb44-089c-4c99-b3ef-7513ac756c71 HTTP/1.1" 200 2717 "-" "python-urllib3/1.26.5"
10.128.0.2 - - [03/Dec/2025:23:16:30 +0000] "POST /v2.0/floatingips HTTP/1.1" 201 881 "-" "python-urllib3/1.26.5"
100.64.0.2 - - [03/Dec/2025:23:16:33 +0000] "GET /v2.0/ports?tenant_id=392542f6ffae4fd4801c87a6dbbba04a&device_id=d6b7bb44-089c-4c99-b3ef-7513ac756c71 HTTP/1.1" 200 2717 "-" "python-neutronclient"
100.64.0.2 - - [03/Dec/2025:23:16:33 +0000] "GET /v2.0/networks?id=0872b3f8-49c5-4654-a118-73b93573bed0 HTTP/1.1" 200 773 "-" "python-neutronclient"
100.64.0.2 - - [03/Dec/2025:23:16:34 +0000] "GET /v2.0/floatingips?fixed_ip_address=10.100.0.4&port_id=5c32a9ec-d990-43df-94bc-e91f38c4af96 HTTP/1.1" 200 886 "-" "python-neutronclient"
100.64.0.2 - - [03/Dec/2025:23:16:35 +0000] "GET /v2.0/subnets?id=5fbf619e-d346-45ba-94d2-ec42e0c1ac09 HTTP/1.1" 200 645 "-" "python-neutronclient"
100.64.0.2 - - [03/Dec/2025:23:16:35 +0000] "GET /v2.0/ports?network_id=0872b3f8-49c5-4654-a118-73b93573bed0&device_owner=network%3Adhcp HTTP/1.1" 200 12 "-" "python-neutronclient"
100.64.0.2 - - [03/Dec/2025:23:16:36 +0000] "GET /v2.0/networks/0872b3f8-49c5-4654-a118-73b93573bed0?fields=segments HTTP/1.1" 200 14 "-" "python-neutronclient"
100.64.0.2 - - [03/Dec/2025:23:16:36 +0000] "GET /v2.0/networks/0872b3f8-49c5-4654-a118-73b93573bed0?fields=provider%3Aphysical_network&fields=provider%3Anetwork_type HTTP/1.1" 200 79 "-" "python-neutronclient"
100.64.0.2 - - [03/Dec/2025:23:16:40 +0000] "GET /v2.0/ports?tenant_id=0ebc213514c247388f90f7a4b0b39e1e&device_id=4c946f71-cae9-432c-8fdf-94c38c282bb6 HTTP/1.1" 200 1339 "-" "python-neutronclient"
100.64.0.2 - - [03/Dec/2025:23:16:41 +0000] "GET /v2.0/networks?id=5ef98a90-7431-4f09-b936-92c4666be3c7 HTTP/1.1" 200 782 "-" "python-neutronclient"
100.64.0.2 - - [03/Dec/2025:23:16:41 +0000] "GET /v2.0/floatingips?fixed_ip_address=10.100.0.6&port_id=28a36965-0391-481e-a4eb-cd074ea289ea HTTP/1.1" 200 886 "-" "python-neutronclient"
100.64.0.2 - - [03/Dec/2025:23:16:42 +0000] "GET /v2.0/subnets?id=8f644ac4-bc4c-4c7c-85b8-76a3c2fd353a HTTP/1.1" 200 664 "-" "python-neutronclient"
100.64.0.2 - - [03/Dec/2025:23:16:42 +0000] "GET /v2.0/ports?network_id=5ef98a90-7431-4f09-b936-92c4666be3c7&device_owner=network%3Adhcp HTTP/1.1" 200 12 "-" "python-neutronclient"
100.64.0.2 - - [03/Dec/2025:23:16:42 +0000] "GET /v2.0/networks/5ef98a90-7431-4f09-b936-92c4666be3c7?fields=segments HTTP/1.1" 200 14 "-" "python-neutronclient"
100.64.0.2 - - [03/Dec/2025:23:16:42 +0000] "GET /v2.0/networks/5ef98a90-7431-4f09-b936-92c4666be3c7?fields=provider%3Aphysical_network&fields=provider%3Anetwork_type HTTP/1.1" 200 79 "-" "python-neutronclient"
10.128.1.49 - - [03/Dec/2025:23:16:42 +0000] "GET /v2.0/security-groups?name=tempest-secgroup-smoke-1955737896&fields=id&tenant_id=0ebc213514c247388f90f7a4b0b39e1e HTTP/1.1" 200 69 "-" "python-neutronclient"
10.128.1.49 - - [03/Dec/2025:23:16:43 +0000] "GET /v2.0/networks?id=5ef98a90-7431-4f09-b936-92c4666be3c7 HTTP/1.1" 200 683 "-" "python-neutronclient"
10.128.1.49 - - [03/Dec/2025:23:16:43 +0000] "GET /v2.0/quotas/0ebc213514c247388f90f7a4b0b39e1e HTTP/1.1" 200 187 "-" "python-neutronclient"
10.128.1.49 - - [03/Dec/2025:23:16:43 +0000] "GET /v2.0/ports?tenant_id=0ebc213514c247388f90f7a4b0b39e1e&fields=id HTTP/1.1" 200 149 "-" "python-neutronclient"
10.128.1.49 - - [03/Dec/2025:23:16:43 +0000] "GET /v2.0/networks/5ef98a90-7431-4f09-b936-92c4666be3c7?fields=segments HTTP/1.1" 200 14 "-" "python-neutronclient"
10.128.1.49 - - [03/Dec/2025:23:16:44 +0000] "GET /v2.0/networks/5ef98a90-7431-4f09-b936-92c4666be3c7?fields=provider%3Aphysical_network&fields=provider%3Anetwork_type HTTP/1.1" 200 79 "-" "python-neutronclient"
10.128.1.51 - - [03/Dec/2025:23:16:44 +0000] "GET /v2.0/extensions HTTP/1.1" 200 17369 "-" "python-neutronclient"
10.128.1.49 - - [03/Dec/2025:23:16:44 +0000] "GET /v2.0/ports?device_id=97ce2dbc-01c4-4e30-b170-426717055869 HTTP/1.1" 200 12 "-" "python-neutronclient"
10.128.1.51 - - [03/Dec/2025:23:16:44 +0000] "GET /v2.0/subnets?network_id=5ef98a90-7431-4f09-b936-92c4666be3c7&fields=segment_id HTTP/1.1" 200 33 "-" "python-neutronclient"
10.128.1.49 - - [03/Dec/2025:23:16:45 +0000] "GET /v2.0/ports?device_id=97ce2dbc-01c4-4e30-b170-426717055869 HTTP/1.1" 200 12 "-" "python-neutronclient"
100.64.0.2 - - [03/Dec/2025:23:16:46 +0000] "GET /v2.0/networks?id=5ef98a90-7431-4f09-b936-92c4666be3c7 HTTP/1.1" 200 683 "-" "python-neutronclient"
100.64.0.2 - - [03/Dec/2025:23:16:46 +0000] "GET /v2.0/security-groups?fields=id&fields=name&tenant_id=0ebc213514c247388f90f7a4b0b39e1e HTTP/1.1" 200 181 "-" "python-neutronclient"
10.128.1.49 - - [03/Dec/2025:23:16:47 +0000] "GET /v2.0/ports?device_id=97ce2dbc-01c4-4e30-b170-426717055869 HTTP/1.1" 200 12 "-" "python-neutronclient"
100.64.0.2 - - [03/Dec/2025:23:16:47 +0000] "POST /v2.0/ports HTTP/1.1" 201 963 "-" "python-neutronclient"
10.128.1.49 - - [03/Dec/2025:23:16:48 +0000] "GET /v2.0/ports?device_id=97ce2dbc-01c4-4e30-b170-426717055869 HTTP/1.1" 200 966 "-" "python-neutronclient"
10.128.1.49 - - [03/Dec/2025:23:16:49 +0000] "GET /v2.0/security-groups?name=tempest-secgroup-smoke-636277720&fields=id&tenant_id=392542f6ffae4fd4801c87a6dbbba04a HTTP/1.1" 200 69 "-" "python-neutronclient"
10.128.1.49 - - [03/Dec/2025:23:16:49 +0000] "GET /v2.0/security-groups?id=db412648-b873-4bcc-8966-96f03d5568b6&fields=id&fields=name HTTP/1.1" 200 114 "-" "python-neutronclient"
10.128.1.49 - - [03/Dec/2025:23:16:49 +0000] "GET /v2.0/networks?id=0872b3f8-49c5-4654-a118-73b93573bed0&id=16f7d658-1593-40df-9bfa-cef1b1517286 HTTP/1.1" 200 1333 "-" "python-neutronclient"
100.64.0.2 - - [03/Dec/2025:23:16:48 +0000] "PUT /v2.0/ports/51dce205-13bd-4787-9668-4cf0b1e13e2f HTTP/1.1" 200 1305 "-" "python-neutronclient"
10.128.1.49 - - [03/Dec/2025:23:16:50 +0000] "GET /v2.0/quotas/392542f6ffae4fd4801c87a6dbbba04a HTTP/1.1" 200 187 "-" "python-neutronclient"
100.64.0.2 - - [03/Dec/2025:23:16:50 +0000] "GET /v2.0/ports?tenant_id=0ebc213514c247388f90f7a4b0b39e1e&device_id=97ce2dbc-01c4-4e30-b170-426717055869 HTTP/1.1" 200 1336 "-" "python-neutronclient"
100.64.0.2 - - [03/Dec/2025:23:16:50 +0000] "GET /v2.0/floatingips?fixed_ip_address=10.100.0.11&port_id=51dce205-13bd-4787-9668-4cf0b1e13e2f HTTP/1.1" 200 19 "-" "python-neutronclient"
100.64.0.2 - - [03/Dec/2025:23:16:51 +0000] "GET /v2.0/subnets?id=8f644ac4-bc4c-4c7c-85b8-76a3c2fd353a HTTP/1.1" 200 664 "-" "python-neutronclient"
100.64.0.2 - - [03/Dec/2025:23:16:51 +0000] "GET /v2.0/ports?network_id=5ef98a90-7431-4f09-b936-92c4666be3c7&device_owner=network%3Adhcp HTTP/1.1" 200 12 "-" "python-neutronclient"
10.128.1.49 - - [03/Dec/2025:23:16:51 +0000] "GET /v2.0/ports?device_id=97ce2dbc-01c4-4e30-b170-426717055869 HTTP/1.1" 200 1069 "-" "python-neutronclient"
10.128.1.49 - - [03/Dec/2025:23:16:50 +0000] "GET /v2.0/ports?tenant_id=392542f6ffae4fd4801c87a6dbbba04a&fields=id HTTP/1.1" 200 287 "-" "python-neutronclient"
100.64.0.2 - - [03/Dec/2025:23:16:51 +0000] "GET /v2.0/networks/5ef98a90-7431-4f09-b936-92c4666be3c7?fields=segments HTTP/1.1" 200 14 "-" "python-neutronclient"
10.128.1.49 - - [03/Dec/2025:23:16:51 +0000] "GET /v2.0/security-groups?id=db412648-b873-4bcc-8966-96f03d5568b6&fields=id&fields=name HTTP/1.1" 200 114 "-" "python-neutronclient"
10.128.1.49 - - [03/Dec/2025:23:16:51 +0000] "GET /v2.0/networks/0872b3f8-49c5-4654-a118-73b93573bed0?fields=segments HTTP/1.1" 200 14 "-" "python-neutronclient"
100.64.0.2 - - [03/Dec/2025:23:16:52 +0000] "GET /v2.0/networks/5ef98a90-7431-4f09-b936-92c4666be3c7?fields=provider%3Aphysical_network&fields=provider%3Anetwork_type HTTP/1.1" 200 79 "-" "python-neutronclient"
100.64.0.2 - - [03/Dec/2025:23:16:52 +0000] "GET /v2.0/ports?device_id=97ce2dbc-01c4-4e30-b170-426717055869 HTTP/1.1" 200 1336 "-" "python-neutronclient"
100.64.0.2 - - [03/Dec/2025:23:16:52 +0000] "GET /v2.0/ports?tenant_id=0ebc213514c247388f90f7a4b0b39e1e&device_id=97ce2dbc-01c4-4e30-b170-426717055869 HTTP/1.1" 200 1336 "-" "python-neutronclient"
10.128.1.49 - - [03/Dec/2025:23:16:52 +0000] "GET /v2.0/networks/0872b3f8-49c5-4654-a118-73b93573bed0?fields=provider%3Aphysical_network&fields=provider%3Anetwork_type HTTP/1.1" 200 79 "-" "python-neutronclient"
100.64.0.2 - - [03/Dec/2025:23:16:52 +0000] "GET /v2.0/networks?id=5ef98a90-7431-4f09-b936-92c4666be3c7 HTTP/1.1" 200 782 "-" "python-neutronclient"
100.64.0.2 - - [03/Dec/2025:23:16:52 +0000] "GET /v2.0/security-groups?id=db412648-b873-4bcc-8966-96f03d5568b6&fields=id&fields=name HTTP/1.1" 200 114 "-" "python-neutronclient"
10.128.1.49 - - [03/Dec/2025:23:16:52 +0000] "GET /v2.0/networks/16f7d658-1593-40df-9bfa-cef1b1517286?fields=segments HTTP/1.1" 200 14 "-" "python-neutronclient"
100.64.0.2 - - [03/Dec/2025:23:16:53 +0000] "GET /v2.0/floatingips?fixed_ip_address=10.100.0.11&port_id=51dce205-13bd-4787-9668-4cf0b1e13e2f HTTP/1.1" 200 19 "-" "python-neutronclient"
10.128.0.2 - - [03/Dec/2025:23:16:53 +0000] "GET / HTTP/1.1" 200 122 "-" "kube-probe/1.31"
10.128.0.2 - - [03/Dec/2025:23:16:53 +0000] "GET / HTTP/1.1" 200 122 "-" "kube-probe/1.31"
10.128.0.2 - - [03/Dec/2025:23:16:53 +0000] "GET / HTTP/1.1" 200 122 "-" "kube-probe/1.31"
10.128.1.49 - - [03/Dec/2025:23:16:53 +0000] "GET /v2.0/networks/16f7d658-1593-40df-9bfa-cef1b1517286?fields=provider%3Aphysical_network&fields=provider%3Anetwork_type HTTP/1.1" 200 79 "-" "python-neutronclient"
100.64.0.2 - - [03/Dec/2025:23:16:53 +0000] "GET /v2.0/subnets?id=8f644ac4-bc4c-4c7c-85b8-76a3c2fd353a HTTP/1.1" 200 664 "-" "python-neutronclient"
10.128.1.51 - - [03/Dec/2025:23:16:53 +0000] "GET /v2.0/extensions HTTP/1.1" 200 17369 "-" "python-neutronclient"
100.64.0.2 - - [03/Dec/2025:23:16:53 +0000] "GET /v2.0/ports?network_id=5ef98a90-7431-4f09-b936-92c4666be3c7&device_owner=network%3Adhcp HTTP/1.1" 200 12 "-" "python-neutronclient"
10.128.1.49 - - [03/Dec/2025:23:16:53 +0000] "GET /v2.0/ports?device_id=79faab10-96a9-4c81-b66e-c4eee50d6eec HTTP/1.1" 200 12 "-" "python-neutronclient"
10.128.1.49 - - [03/Dec/2025:23:16:53 +0000] "GET /v2.0/ports?device_id=97ce2dbc-01c4-4e30-b170-426717055869 HTTP/1.1" 200 1069 "-" "python-neutronclient"
10.128.1.51 - - [03/Dec/2025:23:16:53 +0000] "GET /v2.0/subnets?network_id=0872b3f8-49c5-4654-a118-73b93573bed0&fields=segment_id HTTP/1.1" 200 33 "-" "python-neutronclient"
100.64.0.2 - - [03/Dec/2025:23:16:53 +0000] "GET /v2.0/networks/5ef98a90-7431-4f09-b936-92c4666be3c7?fields=segments HTTP/1.1" 200 14 "-" "python-neutronclient"
100.64.0.2 - - [03/Dec/2025:23:16:53 +0000] "GET /v2.0/networks/5ef98a90-7431-4f09-b936-92c4666be3c7?fields=provider%3Aphysical_network&fields=provider%3Anetwork_type HTTP/1.1" 200 79 "-" "python-neutronclient"
10.128.1.51 - - [03/Dec/2025:23:16:53 +0000] "GET /v2.0/subnets?network_id=16f7d658-1593-40df-9bfa-cef1b1517286&fields=segment_id HTTP/1.1" 200 33 "-" "python-neutronclient"
10.128.1.49 - - [03/Dec/2025:23:16:53 +0000] "GET /v2.0/security-groups?id=db412648-b873-4bcc-8966-96f03d5568b6&fields=id&fields=name HTTP/1.1" 200 114 "-" "python-neutronclient"
10.128.1.49 - - [03/Dec/2025:23:16:54 +0000] "GET /v2.0/ports?device_id=79faab10-96a9-4c81-b66e-c4eee50d6eec HTTP/1.1" 200 12 "-" "python-neutronclient"
100.64.0.2 - - [03/Dec/2025:23:16:54 +0000] "GET /v2.0/networks?id=0872b3f8-49c5-4654-a118-73b93573bed0&id=16f7d658-1593-40df-9bfa-cef1b1517286 HTTP/1.1" 200 1333 "-" "python-neutronclient"
10.128.1.49 - - [03/Dec/2025:23:16:55 +0000] "GET /v2.0/ports?device_id=97ce2dbc-01c4-4e30-b170-426717055869 HTTP/1.1" 200 1071 "-" "python-neutronclient"
10.128.1.49 - - [03/Dec/2025:23:16:55 +0000] "GET /v2.0/security-groups?id=db412648-b873-4bcc-8966-96f03d5568b6&fields=id&fields=name HTTP/1.1" 200 114 "-" "python-neutronclient"
100.64.0.2 - - [03/Dec/2025:23:16:55 +0000] "GET /v2.0/security-groups?fields=id&fields=name&tenant_id=392542f6ffae4fd4801c87a6dbbba04a HTTP/1.1" 200 180 "-" "python-neutronclient"
10.128.1.49 - - [03/Dec/2025:23:16:56 +0000] "GET /v2.0/ports?device_id=79faab10-96a9-4c81-b66e-c4eee50d6eec HTTP/1.1" 200 12 "-" "python-neutronclient"
10.128.1.49 - - [03/Dec/2025:23:16:56 +0000] "GET /v2.0/ports?device_id=97ce2dbc-01c4-4e30-b170-426717055869 HTTP/1.1" 200 1071 "-" "python-neutronclient"
10.128.1.49 - - [03/Dec/2025:23:16:57 +0000] "GET /v2.0/security-groups?id=db412648-b873-4bcc-8966-96f03d5568b6&fields=id&fields=name HTTP/1.1" 200 114 "-" "python-neutronclient"
10.128.0.2 - - [03/Dec/2025:23:16:58 +0000] "GET /v2.0/ports?device_id=97ce2dbc-01c4-4e30-b170-426717055869 HTTP/1.1" 200 1338 "-" "python-urllib3/1.26.5"
10.128.0.2 - - [03/Dec/2025:23:16:58 +0000] "GET /v2.0/floatingips?floating_network_id=028583f1-6fe0-4d55-b869-739d10dff786&port_id=51dce205-13bd-4787-9668-4cf0b1e13e2f HTTP/1.1" 200 19 "-" "python-urllib3/1.26.5"
100.64.0.2 - - [03/Dec/2025:23:16:56 +0000] "POST /v2.0/ports HTTP/1.1" 201 959 "-" "python-neutronclient"
10.128.0.2 - - [03/Dec/2025:23:16:58 +0000] "GET /v2.0/ports?device_id=97ce2dbc-01c4-4e30-b170-426717055869 HTTP/1.1" 200 1338 "-" "python-urllib3/1.26.5"
10.128.1.49 - - [03/Dec/2025:23:16:58 +0000] "GET /v2.0/ports?device_id=79faab10-96a9-4c81-b66e-c4eee50d6eec HTTP/1.1" 200 962 "-" "python-neutronclient"
10.128.1.49 - - [03/Dec/2025:23:16:59 +0000] "GET /v2.0/security-groups?id=0fb0d7ba-d609-40ad-a1b9-03104feff674&fields=id&fields=name HTTP/1.1" 200 113 "-" "python-neutronclient"
100.64.0.2 - - [03/Dec/2025:23:16:58 +0000] "POST /v2.0/ports HTTP/1.1" 201 1035 "-" "python-neutronclient"
10.128.1.49 - - [03/Dec/2025:23:17:00 +0000] "GET /v2.0/ports?device_id=79faab10-96a9-4c81-b66e-c4eee50d6eec HTTP/1.1" 200 2103 "-" "python-neutronclient"
10.128.1.49 - - [03/Dec/2025:23:17:00 +0000] "GET /v2.0/security-groups?id=0fb0d7ba-d609-40ad-a1b9-03104feff674&fields=id&fields=name HTTP/1.1" 200 113 "-" "python-neutronclient"
100.64.0.2 - - [03/Dec/2025:23:16:59 +0000] "PUT /v2.0/ports/7b4dcd44-d278-461b-8ea1-a508b0cbb762 HTTP/1.1" 200 1312 "-" "python-neutronclient"
10.128.0.2 - - [03/Dec/2025:23:16:58 +0000] "POST /v2.0/floatingips HTTP/1.1" 201 882 "-" "python-urllib3/1.26.5"
100.64.0.2 - - [03/Dec/2025:23:17:01 +0000] "GET /v2.0/ports?tenant_id=392542f6ffae4fd4801c87a6dbbba04a&device_id=79faab10-96a9-4c81-b66e-c4eee50d6eec HTTP/1.1" 200 2490 "-" "python-neutronclient"
100.64.0.2 - - [03/Dec/2025:23:17:01 +0000] "GET /v2.0/networks?tenant_id=392542f6ffae4fd4801c87a6dbbba04a&shared=False HTTP/1.1" 200 1531 "-" "python-neutronclient"
100.64.0.2 - - [03/Dec/2025:23:17:01 +0000] "PUT /v2.0/ports/cd257b71-719c-46f8-96fd-749445979563 HTTP/1.1" 200 1350 "-" "python-neutronclient"
10.128.1.49 - - [03/Dec/2025:23:17:01 +0000] "GET /v2.0/ports?device_id=79faab10-96a9-4c81-b66e-c4eee50d6eec HTTP/1.1" 200 2179 "-" "python-neutronclient"
100.64.0.2 - - [03/Dec/2025:23:17:01 +0000] "GET /v2.0/networks?shared=True HTTP/1.1" 200 745 "-" "python-neutronclient"
10.128.1.49 - - [03/Dec/2025:23:17:02 +0000] "GET /v2.0/security-groups?id=0fb0d7ba-d609-40ad-a1b9-03104feff674&fields=id&fields=name HTTP/1.1" 200 113 "-" "python-neutronclient"
100.64.0.2 - - [03/Dec/2025:23:17:02 +0000] "GET /v2.0/ports?tenant_id=392542f6ffae4fd4801c87a6dbbba04a&device_id=79faab10-96a9-4c81-b66e-c4eee50d6eec HTTP/1.1" 200 2713 "-" "python-neutronclient"
100.64.0.2 - - [03/Dec/2025:23:17:02 +0000] "GET /v2.0/floatingips?fixed_ip_address=10.100.0.9&port_id=7b4dcd44-d278-461b-8ea1-a508b0cbb762 HTTP/1.1" 200 19 "-" "python-neutronclient"
100.64.0.2 - - [03/Dec/2025:23:17:02 +0000] "GET /v2.0/subnets?id=5fbf619e-d346-45ba-94d2-ec42e0c1ac09 HTTP/1.1" 200 645 "-" "python-neutronclient"
100.64.0.2 - - [03/Dec/2025:23:17:02 +0000] "GET /v2.0/ports?network_id=0872b3f8-49c5-4654-a118-73b93573bed0&device_owner=network%3Adhcp HTTP/1.1" 200 12 "-" "python-neutronclient"
100.64.0.2 - - [03/Dec/2025:23:17:03 +0000] "GET /v2.0/networks/0872b3f8-49c5-4654-a118-73b93573bed0?fields=segments HTTP/1.1" 200 14 "-" "python-neutronclient"
100.64.0.2 - - [03/Dec/2025:23:17:03 +0000] "GET /v2.0/ports?tenant_id=0ebc213514c247388f90f7a4b0b39e1e&device_id=97ce2dbc-01c4-4e30-b170-426717055869 HTTP/1.1" 200 1338 "-" "python-neutronclient"
100.64.0.2 - - [03/Dec/2025:23:17:03 +0000] "GET /v2.0/networks/0872b3f8-49c5-4654-a118-73b93573bed0?fields=provider%3Aphysical_network&fields=provider%3Anetwork_type HTTP/1.1" 200 79 "-" "python-neutronclient"
100.64.0.2 - - [03/Dec/2025:23:17:03 +0000] "GET /v2.0/floatingips?fixed_ip_address=2001%3Adb8%3A%3Af816%3A3eff%3Afe1c%3A338e&port_id=cd257b71-719c-46f8-96fd-749445979563 HTTP/1.1" 200 19 "-" "python-neutronclient"
10.128.1.49 - - [03/Dec/2025:23:17:03 +0000] "GET /v2.0/ports?device_id=79faab10-96a9-4c81-b66e-c4eee50d6eec HTTP/1.1" 200 2179 "-" "python-neutronclient"
100.64.0.2 - - [03/Dec/2025:23:17:03 +0000] "GET /v2.0/networks?id=5ef98a90-7431-4f09-b936-92c4666be3c7 HTTP/1.1" 200 782 "-" "python-neutronclient"
100.64.0.2 - - [03/Dec/2025:23:17:03 +0000] "GET /v2.0/subnets?id=4f9713a8-f27d-4c83-9687-c3437e230517 HTTP/1.1" 200 670 "-" "python-neutronclient"
10.128.1.49 - - [03/Dec/2025:23:17:03 +0000] "GET /v2.0/security-groups?id=0fb0d7ba-d609-40ad-a1b9-03104feff674&fields=id&fields=name HTTP/1.1" 200 113 "-" "python-neutronclient"
100.64.0.2 - - [03/Dec/2025:23:17:03 +0000] "GET /v2.0/floatingips?fixed_ip_address=10.100.0.11&port_id=51dce205-13bd-4787-9668-4cf0b1e13e2f HTTP/1.1" 200 887 "-" "python-neutronclient"
100.64.0.2 - - [03/Dec/2025:23:17:03 +0000] "GET /v2.0/ports?network_id=16f7d658-1593-40df-9bfa-cef1b1517286&device_owner=network%3Adhcp HTTP/1.1" 200 12 "-" "python-neutronclient"
100.64.0.2 - - [03/Dec/2025:23:17:04 +0000] "GET /v2.0/subnets?id=8f644ac4-bc4c-4c7c-85b8-76a3c2fd353a HTTP/1.1" 200 664 "-" "python-neutronclient"
100.64.0.2 - - [03/Dec/2025:23:17:04 +0000] "GET /v2.0/networks/16f7d658-1593-40df-9bfa-cef1b1517286?fields=segments HTTP/1.1" 200 14 "-" "python-neutronclient"
100.64.0.2 - - [03/Dec/2025:23:17:04 +0000] "GET /v2.0/ports?network_id=5ef98a90-7431-4f09-b936-92c4666be3c7&device_owner=network%3Adhcp HTTP/1.1" 200 12 "-" "python-neutronclient"
100.64.0.2 - - [03/Dec/2025:23:17:04 +0000] "GET /v2.0/networks/5ef98a90-7431-4f09-b936-92c4666be3c7?fields=segments HTTP/1.1" 200 14 "-" "python-neutronclient"
100.64.0.2 - - [03/Dec/2025:23:17:04 +0000] "GET /v2.0/networks/16f7d658-1593-40df-9bfa-cef1b1517286?fields=provider%3Aphysical_network&fields=provider%3Anetwork_type HTTP/1.1" 200 79 "-" "python-neutronclient"
100.64.0.2 - - [03/Dec/2025:23:17:04 +0000] "GET /v2.0/ports?device_id=79faab10-96a9-4c81-b66e-c4eee50d6eec HTTP/1.1" 200 2713 "-" "python-neutronclient"
100.64.0.2 - - [03/Dec/2025:23:17:04 +0000] "GET /v2.0/networks/5ef98a90-7431-4f09-b936-92c4666be3c7?fields=provider%3Aphysical_network&fields=provider%3Anetwork_type HTTP/1.1" 200 79 "-" "python-neutronclient"
100.64.0.2 - - [03/Dec/2025:23:17:04 +0000] "GET /v2.0/security-groups?id=0fb0d7ba-d609-40ad-a1b9-03104feff674&fields=id&fields=name HTTP/1.1" 200 113 "-" "python-neutronclient"
100.64.0.2 - - [03/Dec/2025:23:17:04 +0000] "GET /v2.0/ports?tenant_id=392542f6ffae4fd4801c87a6dbbba04a&device_id=79faab10-96a9-4c81-b66e-c4eee50d6eec HTTP/1.1" 200 2713 "-" "python-neutronclient"
100.64.0.2 - - [03/Dec/2025:23:17:05 +0000] "GET /v2.0/networks?id=16f7d658-1593-40df-9bfa-cef1b1517286 HTTP/1.1" 200 772 "-" "python-neutronclient"
10.128.1.49 - - [03/Dec/2025:23:17:05 +0000] "GET /v2.0/ports?device_id=79faab10-96a9-4c81-b66e-c4eee50d6eec HTTP/1.1" 200 2179 "-" "python-neutronclient"
100.64.0.2 - - [03/Dec/2025:23:17:05 +0000] "GET /v2.0/floatingips?fixed_ip_address=2001%3Adb8%3A%3Af816%3A3eff%3Afe1c%3A338e&port_id=cd257b71-719c-46f8-96fd-749445979563 HTTP/1.1" 200 19 "-" "python-neutronclient"
10.128.1.49 - - [03/Dec/2025:23:17:05 +0000] "GET /v2.0/security-groups?id=0fb0d7ba-d609-40ad-a1b9-03104feff674&fields=id&fields=name HTTP/1.1" 200 113 "-" "python-neutronclient"
100.64.0.2 - - [03/Dec/2025:23:17:05 +0000] "GET /v2.0/subnets?id=4f9713a8-f27d-4c83-9687-c3437e230517 HTTP/1.1" 200 670 "-" "python-neutronclient"
100.64.0.2 - - [03/Dec/2025:23:17:05 +0000] "GET /v2.0/ports?network_id=16f7d658-1593-40df-9bfa-cef1b1517286&device_owner=network%3Adhcp HTTP/1.1" 200 12 "-" "python-neutronclient"
100.64.0.2 - - [03/Dec/2025:23:17:05 +0000] "GET /v2.0/networks/16f7d658-1593-40df-9bfa-cef1b1517286?fields=segments HTTP/1.1" 200 14 "-" "python-neutronclient"
100.64.0.2 - - [03/Dec/2025:23:17:06 +0000] "GET /v2.0/networks/16f7d658-1593-40df-9bfa-cef1b1517286?fields=provider%3Aphysical_network&fields=provider%3Anetwork_type HTTP/1.1" 200 79 "-" "python-neutronclient"
10.128.1.49 - - [03/Dec/2025:23:17:06 +0000] "GET /v2.0/ports?device_id=79faab10-96a9-4c81-b66e-c4eee50d6eec HTTP/1.1" 200 2183 "-" "python-neutronclient"
10.128.1.49 - - [03/Dec/2025:23:17:06 +0000] "GET /v2.0/security-groups?id=0fb0d7ba-d609-40ad-a1b9-03104feff674&fields=id&fields=name HTTP/1.1" 200 113 "-" "python-neutronclient"
10.128.1.49 - - [03/Dec/2025:23:17:07 +0000] "GET /v2.0/ports?device_id=79faab10-96a9-4c81-b66e-c4eee50d6eec HTTP/1.1" 200 2183 "-" "python-neutronclient"
10.128.1.49 - - [03/Dec/2025:23:17:07 +0000] "GET /v2.0/security-groups?id=0fb0d7ba-d609-40ad-a1b9-03104feff674&fields=id&fields=name HTTP/1.1" 200 113 "-" "python-neutronclient"
10.128.0.2 - - [03/Dec/2025:23:17:07 +0000] "GET /v2.0/ports?device_id=79faab10-96a9-4c81-b66e-c4eee50d6eec HTTP/1.1" 200 2717 "-" "python-urllib3/1.26.5"
10.128.0.2 - - [03/Dec/2025:23:17:07 +0000] "POST /v2.0/floatingips HTTP/1.1" 201 881 "-" "python-urllib3/1.26.5"
100.64.0.2 - - [03/Dec/2025:23:17:09 +0000] "GET /v2.0/ports?tenant_id=392542f6ffae4fd4801c87a6dbbba04a&device_id=79faab10-96a9-4c81-b66e-c4eee50d6eec HTTP/1.1" 200 2717 "-" "python-neutronclient"
100.64.0.2 - - [03/Dec/2025:23:17:10 +0000] "GET /v2.0/networks?id=0872b3f8-49c5-4654-a118-73b93573bed0 HTTP/1.1" 200 773 "-" "python-neutronclient"
100.64.0.2 - - [03/Dec/2025:23:17:11 +0000] "GET /v2.0/floatingips?fixed_ip_address=10.100.0.9&port_id=7b4dcd44-d278-461b-8ea1-a508b0cbb762 HTTP/1.1" 200 886 "-" "python-neutronclient"
100.64.0.2 - - [03/Dec/2025:23:17:11 +0000] "GET /v2.0/subnets?id=5fbf619e-d346-45ba-94d2-ec42e0c1ac09 HTTP/1.1" 200 645 "-" "python-neutronclient"
100.64.0.2 - - [03/Dec/2025:23:17:12 +0000] "GET /v2.0/ports?network_id=0872b3f8-49c5-4654-a118-73b93573bed0&device_owner=network%3Adhcp HTTP/1.1" 200 12 "-" "python-neutronclient"
100.64.0.2 - - [03/Dec/2025:23:17:12 +0000] "GET /v2.0/networks/0872b3f8-49c5-4654-a118-73b93573bed0?fields=segments HTTP/1.1" 200 14 "-" "python-neutronclient"
100.64.0.2 - - [03/Dec/2025:23:17:13 +0000] "GET /v2.0/networks/0872b3f8-49c5-4654-a118-73b93573bed0?fields=provider%3Aphysical_network&fields=provider%3Anetwork_type HTTP/1.1" 200 79 "-" "python-neutronclient"
10.128.0.2 - - [03/Dec/2025:23:17:23 +0000] "GET / HTTP/1.1" 200 122 "-" "kube-probe/1.31"
10.128.0.2 - - [03/Dec/2025:23:17:23 +0000] "GET / HTTP/1.1" 200 122 "-" "kube-probe/1.31"
10.128.0.2 - - [03/Dec/2025:23:17:23 +0000] "GET / HTTP/1.1" 200 122 "-" "kube-probe/1.31"
10.128.0.2 - - [03/Dec/2025:23:17:40 +0000] "GET /v2.0/ports?device_id=d6b7bb44-089c-4c99-b3ef-7513ac756c71&network_id=16f7d658-1593-40df-9bfa-cef1b1517286 HTTP/1.1" 200 1383 "-" "python-urllib3/1.26.5"
10.128.0.2 - - [03/Dec/2025:23:17:41 +0000] "GET /v2.0/ports?device_id=79faab10-96a9-4c81-b66e-c4eee50d6eec&network_id=16f7d658-1593-40df-9bfa-cef1b1517286 HTTP/1.1" 200 1383 "-" "python-urllib3/1.26.5"
100.64.0.2 - - [03/Dec/2025:23:17:42 +0000] "GET /v2.0/ports?device_id=d6b7bb44-089c-4c99-b3ef-7513ac756c71&fields=binding%3Ahost_id&fields=binding%3Avif_type HTTP/1.1" 200 181 "-" "python-neutronclient"
100.64.0.2 - - [03/Dec/2025:23:17:42 +0000] "GET /v2.0/ports?tenant_id=392542f6ffae4fd4801c87a6dbbba04a&device_id=d6b7bb44-089c-4c99-b3ef-7513ac756c71 HTTP/1.1" 200 2717 "-" "python-neutronclient"
100.64.0.2 - - [03/Dec/2025:23:17:43 +0000] "GET /v2.0/networks?id=0872b3f8-49c5-4654-a118-73b93573bed0&id=16f7d658-1593-40df-9bfa-cef1b1517286 HTTP/1.1" 200 1531 "-" "python-neutronclient"
100.64.0.2 - - [03/Dec/2025:23:17:43 +0000] "GET /v2.0/floatingips?fixed_ip_address=10.100.0.4&port_id=5c32a9ec-d990-43df-94bc-e91f38c4af96 HTTP/1.1" 200 886 "-" "python-neutronclient"
10.128.0.2 - - [03/Dec/2025:23:17:42 +0000] "DELETE /v2.0/floatingips/ad481575-6561-47c0-a22b-10d2b4276881 HTTP/1.1" 204 - "-" "python-urllib3/1.26.5"
100.64.0.2 - - [03/Dec/2025:23:17:43 +0000] "GET /v2.0/subnets?id=5fbf619e-d346-45ba-94d2-ec42e0c1ac09 HTTP/1.1" 200 645 "-" "python-neutronclient"
100.64.0.2 - - [03/Dec/2025:23:17:43 +0000] "GET /v2.0/ports?tenant_id=392542f6ffae4fd4801c87a6dbbba04a&device_id=79faab10-96a9-4c81-b66e-c4eee50d6eec HTTP/1.1" 200 2717 "-" "python-neutronclient"
100.64.0.2 - - [03/Dec/2025:23:17:44 +0000] "GET /v2.0/ports?network_id=0872b3f8-49c5-4654-a118-73b93573bed0&device_owner=network%3Adhcp HTTP/1.1" 200 12 "-" "python-neutronclient"
100.64.0.2 - - [03/Dec/2025:23:17:44 +0000] "GET /v2.0/networks?id=0872b3f8-49c5-4654-a118-73b93573bed0 HTTP/1.1" 200 773 "-" "python-neutronclient"
100.64.0.2 - - [03/Dec/2025:23:17:44 +0000] "GET /v2.0/floatingips?fixed_ip_address=10.100.0.9&port_id=7b4dcd44-d278-461b-8ea1-a508b0cbb762 HTTP/1.1" 200 19 "-" "python-neutronclient"
100.64.0.2 - - [03/Dec/2025:23:17:44 +0000] "GET /v2.0/subnets?id=5fbf619e-d346-45ba-94d2-ec42e0c1ac09 HTTP/1.1" 200 645 "-" "python-neutronclient"
100.64.0.2 - - [03/Dec/2025:23:17:44 +0000] "GET /v2.0/ports?device_id=79faab10-96a9-4c81-b66e-c4eee50d6eec HTTP/1.1" 200 2179 "-" "python-neutronclient"
100.64.0.2 - - [03/Dec/2025:23:17:44 +0000] "GET /v2.0/networks/0872b3f8-49c5-4654-a118-73b93573bed0?fields=segments HTTP/1.1" 200 14 "-" "python-neutronclient"
10.128.1.49 - - [03/Dec/2025:23:17:44 +0000] "GET /v2.0/ports?device_id=79faab10-96a9-4c81-b66e-c4eee50d6eec HTTP/1.1" 200 2181 "-" "python-neutronclient"
100.64.0.2 - - [03/Dec/2025:23:17:44 +0000] "GET /v2.0/ports?network_id=0872b3f8-49c5-4654-a118-73b93573bed0&device_owner=network%3Adhcp HTTP/1.1" 200 12 "-" "python-neutronclient"
10.128.1.49 - - [03/Dec/2025:23:17:45 +0000] "GET /v2.0/security-groups?id=0fb0d7ba-d609-40ad-a1b9-03104feff674&fields=id&fields=name HTTP/1.1" 200 113 "-" "python-neutronclient"
100.64.0.2 - - [03/Dec/2025:23:17:45 +0000] "GET /v2.0/networks/0872b3f8-49c5-4654-a118-73b93573bed0?fields=provider%3Aphysical_network&fields=provider%3Anetwork_type HTTP/1.1" 200 79 "-" "python-neutronclient"
100.64.0.2 - - [03/Dec/2025:23:17:45 +0000] "GET /v2.0/networks/0872b3f8-49c5-4654-a118-73b93573bed0?fields=segments HTTP/1.1" 200 14 "-" "python-neutronclient"
100.64.0.2 - - [03/Dec/2025:23:17:45 +0000] "GET /v2.0/floatingips?fixed_ip_address=2001%3Adb8%3A%3Af816%3A3eff%3Afe01%3Aa160&port_id=00b9384e-2956-4cfb-b162-325dfa535ced HTTP/1.1" 200 19 "-" "python-neutronclient"
100.64.0.2 - - [03/Dec/2025:23:17:44 +0000] "DELETE /v2.0/ports/cd257b71-719c-46f8-96fd-749445979563 HTTP/1.1" 204 - "-" "python-neutronclient"
100.64.0.2 - - [03/Dec/2025:23:17:46 +0000] "GET /v2.0/networks/0872b3f8-49c5-4654-a118-73b93573bed0?fields=provider%3Aphysical_network&fields=provider%3Anetwork_type HTTP/1.1" 200 79 "-" "python-neutronclient"
100.64.0.2 - - [03/Dec/2025:23:17:46 +0000] "GET /v2.0/subnets?id=4f9713a8-f27d-4c83-9687-c3437e230517 HTTP/1.1" 200 670 "-" "python-neutronclient"
100.64.0.2 - - [03/Dec/2025:23:17:46 +0000] "GET /v2.0/ports?network_id=16f7d658-1593-40df-9bfa-cef1b1517286&device_owner=network%3Adhcp HTTP/1.1" 200 12 "-" "python-neutronclient"
100.64.0.2 - - [03/Dec/2025:23:17:46 +0000] "GET /v2.0/networks/16f7d658-1593-40df-9bfa-cef1b1517286?fields=segments HTTP/1.1" 200 14 "-" "python-neutronclient"
100.64.0.2 - - [03/Dec/2025:23:17:46 +0000] "DELETE /v2.0/ports/7b4dcd44-d278-461b-8ea1-a508b0cbb762 HTTP/1.1" 204 - "-" "python-neutronclient"
100.64.0.2 - - [03/Dec/2025:23:17:46 +0000] "GET /v2.0/networks/16f7d658-1593-40df-9bfa-cef1b1517286?fields=provider%3Aphysical_network&fields=provider%3Anetwork_type HTTP/1.1" 200 79 "-" "python-neutronclient"
10.128.1.49 - - [03/Dec/2025:23:17:47 +0000] "GET /v2.0/ports?device_id=79faab10-96a9-4c81-b66e-c4eee50d6eec HTTP/1.1" 200 12 "-" "python-neutronclient"
10.128.0.2 - - [03/Dec/2025:23:17:47 +0000] "DELETE /v2.0/floatingips/0e2f6142-1df8-4e5b-a959-055b5542ef4b HTTP/1.1" 204 - "-" "python-urllib3/1.26.5"
100.64.0.2 - - [03/Dec/2025:23:17:48 +0000] "GET /v2.0/ports?tenant_id=0ebc213514c247388f90f7a4b0b39e1e&device_id=97ce2dbc-01c4-4e30-b170-426717055869 HTTP/1.1" 200 1338 "-" "python-neutronclient"
100.64.0.2 - - [03/Dec/2025:23:17:48 +0000] "GET /v2.0/ports?device_id=97ce2dbc-01c4-4e30-b170-426717055869 HTTP/1.1" 200 1071 "-" "python-neutronclient"
10.128.1.49 - - [03/Dec/2025:23:17:48 +0000] "GET /v2.0/ports?device_id=97ce2dbc-01c4-4e30-b170-426717055869 HTTP/1.1" 200 1071 "-" "python-neutronclient"
100.64.0.2 - - [03/Dec/2025:23:17:48 +0000] "GET /v2.0/networks?id=5ef98a90-7431-4f09-b936-92c4666be3c7 HTTP/1.1" 200 782 "-" "python-neutronclient"
10.128.1.49 - - [03/Dec/2025:23:17:48 +0000] "GET /v2.0/security-groups?id=db412648-b873-4bcc-8966-96f03d5568b6&fields=id&fields=name HTTP/1.1" 200 114 "-" "python-neutronclient"
100.64.0.2 - - [03/Dec/2025:23:17:48 +0000] "GET /v2.0/floatingips?fixed_ip_address=10.100.0.11&port_id=51dce205-13bd-4787-9668-4cf0b1e13e2f HTTP/1.1" 200 19 "-" "python-neutronclient"
100.64.0.2 - - [03/Dec/2025:23:17:49 +0000] "GET /v2.0/subnets?id=8f644ac4-bc4c-4c7c-85b8-76a3c2fd353a HTTP/1.1" 200 664 "-" "python-neutronclient"
10.128.0.2 - - [03/Dec/2025:23:17:48 +0000] "DELETE /v2.0/floatingips/7dcc6832-e56b-4bb4-88c6-051f07423810 HTTP/1.1" 204 - "-" "python-urllib3/1.26.5"
100.64.0.2 - - [03/Dec/2025:23:17:48 +0000] "DELETE /v2.0/ports/51dce205-13bd-4787-9668-4cf0b1e13e2f HTTP/1.1" 204 - "-" "python-neutronclient"
100.64.0.2 - - [03/Dec/2025:23:17:49 +0000] "GET /v2.0/ports?network_id=5ef98a90-7431-4f09-b936-92c4666be3c7&device_owner=network%3Adhcp HTTP/1.1" 200 12 "-" "python-neutronclient"
100.64.0.2 - - [03/Dec/2025:23:17:49 +0000] "GET /v2.0/networks/5ef98a90-7431-4f09-b936-92c4666be3c7?fields=segments HTTP/1.1" 200 14 "-" "python-neutronclient"
100.64.0.2 - - [03/Dec/2025:23:17:49 +0000] "GET /v2.0/networks/5ef98a90-7431-4f09-b936-92c4666be3c7?fields=provider%3Aphysical_network&fields=provider%3Anetwork_type HTTP/1.1" 200 79 "-" "python-neutronclient"
10.128.1.49 - - [03/Dec/2025:23:17:49 +0000] "GET /v2.0/ports?device_id=d6b7bb44-089c-4c99-b3ef-7513ac756c71 HTTP/1.1" 200 2183 "-" "python-neutronclient"
10.128.1.49 - - [03/Dec/2025:23:17:49 +0000] "GET /v2.0/security-groups?id=0fb0d7ba-d609-40ad-a1b9-03104feff674&fields=id&fields=name HTTP/1.1" 200 113 "-" "python-neutronclient"
10.128.1.49 - - [03/Dec/2025:23:17:50 +0000] "GET /v2.0/ports?device_id=97ce2dbc-01c4-4e30-b170-426717055869 HTTP/1.1" 200 12 "-" "python-neutronclient"
100.64.0.2 - - [03/Dec/2025:23:17:50 +0000] "GET /v2.0/ports?device_id=d6b7bb44-089c-4c99-b3ef-7513ac756c71 HTTP/1.1" 200 2181 "-" "python-neutronclient"
100.64.0.2 - - [03/Dec/2025:23:17:50 +0000] "DELETE /v2.0/ports/00b9384e-2956-4cfb-b162-325dfa535ced HTTP/1.1" 204 - "-" "python-neutronclient"
100.64.0.2 - - [03/Dec/2025:23:17:50 +0000] "GET /v2.0/ports?tenant_id=392542f6ffae4fd4801c87a6dbbba04a&device_id=d6b7bb44-089c-4c99-b3ef-7513ac756c71 HTTP/1.1" 200 1345 "-" "python-neutronclient"
100.64.0.2 - - [03/Dec/2025:23:17:50 +0000] "DELETE /v2.0/ports/5c32a9ec-d990-43df-94bc-e91f38c4af96 HTTP/1.1" 204 - "-" "python-neutronclient"
100.64.0.2 - - [03/Dec/2025:23:17:51 +0000] "GET /v2.0/networks?id=0872b3f8-49c5-4654-a118-73b93573bed0 HTTP/1.1" 200 773 "-" "python-neutronclient"
100.64.0.2 - - [03/Dec/2025:23:17:51 +0000] "GET /v2.0/floatingips?fixed_ip_address=10.100.0.4&port_id=5c32a9ec-d990-43df-94bc-e91f38c4af96 HTTP/1.1" 200 19 "-" "python-neutronclient"
10.128.1.49 - - [03/Dec/2025:23:17:51 +0000] "GET /v2.0/ports?device_id=d6b7bb44-089c-4c99-b3ef-7513ac756c71 HTTP/1.1" 200 12 "-" "python-neutronclient"
100.64.0.2 - - [03/Dec/2025:23:17:51 +0000] "GET /v2.0/subnets?id=5fbf619e-d346-45ba-94d2-ec42e0c1ac09 HTTP/1.1" 200 645 "-" "python-neutronclient"
100.64.0.2 - - [03/Dec/2025:23:17:51 +0000] "GET /v2.0/ports?network_id=0872b3f8-49c5-4654-a118-73b93573bed0&device_owner=network%3Adhcp HTTP/1.1" 200 12 "-" "python-neutronclient"
100.64.0.2 - - [03/Dec/2025:23:17:51 +0000] "GET /v2.0/networks/0872b3f8-49c5-4654-a118-73b93573bed0?fields=segments HTTP/1.1" 200 14 "-" "python-neutronclient"
100.64.0.2 - - [03/Dec/2025:23:17:51 +0000] "GET /v2.0/networks/0872b3f8-49c5-4654-a118-73b93573bed0?fields=provider%3Aphysical_network&fields=provider%3Anetwork_type HTTP/1.1" 200 79 "-" "python-neutronclient"
10.128.0.2 - - [03/Dec/2025:23:17:53 +0000] "GET / HTTP/1.1" 200 122 "-" "kube-probe/1.31"
10.128.0.2 - - [03/Dec/2025:23:17:53 +0000] "GET / HTTP/1.1" 200 122 "-" "kube-probe/1.31"
10.128.0.2 - - [03/Dec/2025:23:17:53 +0000] "GET / HTTP/1.1" 200 122 "-" "kube-probe/1.31"
10.128.0.2 - - [03/Dec/2025:23:17:52 +0000] "PUT /v2.0/routers/e67a3e07-749a-4281-bd12-bed2e0909c4d/remove_router_interface HTTP/1.1" 200 309 "-" "python-urllib3/1.26.5"
10.128.0.2 - - [03/Dec/2025:23:17:53 +0000] "DELETE /v2.0/subnets/4f9713a8-f27d-4c83-9687-c3437e230517 HTTP/1.1" 204 - "-" "python-urllib3/1.26.5"
10.128.0.2 - - [03/Dec/2025:23:17:53 +0000] "PUT /v2.0/routers/e67a3e07-749a-4281-bd12-bed2e0909c4d/remove_router_interface HTTP/1.1" 200 309 "-" "python-urllib3/1.26.5"
10.128.0.2 - - [03/Dec/2025:23:17:55 +0000] "DELETE /v2.0/routers/e67a3e07-749a-4281-bd12-bed2e0909c4d HTTP/1.1" 204 - "-" "python-urllib3/1.26.5"
10.128.0.2 - - [03/Dec/2025:23:17:57 +0000] "DELETE /v2.0/subnets/5fbf619e-d346-45ba-94d2-ec42e0c1ac09 HTTP/1.1" 204 - "-" "python-urllib3/1.26.5"
10.128.0.2 - - [03/Dec/2025:23:17:57 +0000] "DELETE /v2.0/floatingips/e42873c8-f8df-434f-808f-862ecd0185bb HTTP/1.1" 204 - "-" "python-urllib3/1.26.5"
10.128.0.2 - - [03/Dec/2025:23:17:59 +0000] "DELETE /v2.0/networks/16f7d658-1593-40df-9bfa-cef1b1517286 HTTP/1.1" 204 - "-" "python-urllib3/1.26.5"
100.64.0.2 - - [03/Dec/2025:23:17:59 +0000] "GET /v2.0/ports?device_id=4c946f71-cae9-432c-8fdf-94c38c282bb6 HTTP/1.1" 200 1070 "-" "python-neutronclient"
100.64.0.2 - - [03/Dec/2025:23:17:59 +0000] "GET /v2.0/ports?tenant_id=0ebc213514c247388f90f7a4b0b39e1e&device_id=4c946f71-cae9-432c-8fdf-94c38c282bb6 HTTP/1.1" 200 1337 "-" "python-neutronclient"
10.128.1.49 - - [03/Dec/2025:23:17:59 +0000] "GET /v2.0/ports?device_id=4c946f71-cae9-432c-8fdf-94c38c282bb6 HTTP/1.1" 200 1070 "-" "python-neutronclient"
100.64.0.2 - - [03/Dec/2025:23:18:00 +0000] "GET /v2.0/networks?id=5ef98a90-7431-4f09-b936-92c4666be3c7 HTTP/1.1" 200 782 "-" "python-neutronclient"
100.64.0.2 - - [03/Dec/2025:23:18:00 +0000] "DELETE /v2.0/ports/28a36965-0391-481e-a4eb-cd074ea289ea HTTP/1.1" 204 - "-" "python-neutronclient"
10.128.1.49 - - [03/Dec/2025:23:18:01 +0000] "GET /v2.0/security-groups?id=db412648-b873-4bcc-8966-96f03d5568b6&fields=id&fields=name HTTP/1.1" 200 114 "-" "python-neutronclient"
100.64.0.2 - - [03/Dec/2025:23:18:01 +0000] "GET /v2.0/floatingips?fixed_ip_address=10.100.0.6&port_id=28a36965-0391-481e-a4eb-cd074ea289ea HTTP/1.1" 200 19 "-" "python-neutronclient"
100.64.0.2 - - [03/Dec/2025:23:18:01 +0000] "GET /v2.0/subnets?id=8f644ac4-bc4c-4c7c-85b8-76a3c2fd353a HTTP/1.1" 200 664 "-" "python-neutronclient"
10.128.0.2 - - [03/Dec/2025:23:17:59 +0000] "DELETE /v2.0/networks/0872b3f8-49c5-4654-a118-73b93573bed0 HTTP/1.1" 204 - "-" "python-urllib3/1.26.5"
100.64.0.2 - - [03/Dec/2025:23:18:01 +0000] "GET /v2.0/ports?network_id=5ef98a90-7431-4f09-b936-92c4666be3c7&device_owner=network%3Adhcp HTTP/1.1" 200 12 "-" "python-neutronclient"
100.64.0.2 - - [03/Dec/2025:23:18:01 +0000] "GET /v2.0/networks/5ef98a90-7431-4f09-b936-92c4666be3c7?fields=segments HTTP/1.1" 200 14 "-" "python-neutronclient"
10.128.0.2 - - [03/Dec/2025:23:18:01 +0000] "DELETE /v2.0/security-groups/0fb0d7ba-d609-40ad-a1b9-03104feff674 HTTP/1.1" 204 - "-" "python-urllib3/1.26.5"
100.64.0.2 - - [03/Dec/2025:23:18:02 +0000] "GET /v2.0/networks/5ef98a90-7431-4f09-b936-92c4666be3c7?fields=provider%3Aphysical_network&fields=provider%3Anetwork_type HTTP/1.1" 200 79 "-" "python-neutronclient"
10.128.0.2 - - [03/Dec/2025:23:18:03 +0000] "POST /v2.0/security-groups HTTP/1.1" 201 1613 "-" "python-urllib3/1.26.5"
10.128.0.2 - - [03/Dec/2025:23:18:03 +0000] "POST /v2.0/security-group-rules HTTP/1.1" 201 565 "-" "python-urllib3/1.26.5"
10.128.0.2 - - [03/Dec/2025:23:18:03 +0000] "POST /v2.0/security-group-rules HTTP/1.1" 201 564 "-" "python-urllib3/1.26.5"
10.128.0.2 - - [03/Dec/2025:23:18:03 +0000] "POST /v2.0/security-group-rules HTTP/1.1" 201 570 "-" "python-urllib3/1.26.5"
10.128.0.2 - - [03/Dec/2025:23:18:04 +0000] "POST /v2.0/security-group-rules HTTP/1.1" 201 569 "-" "python-urllib3/1.26.5"
10.128.0.2 - - [03/Dec/2025:23:18:04 +0000] "POST /v2.0/security-group-rules HTTP/1.1" 201 575 "-" "python-urllib3/1.26.5"
10.128.0.2 - - [03/Dec/2025:23:18:04 +0000] "DELETE /v2.0/security-groups/db412648-b873-4bcc-8966-96f03d5568b6 HTTP/1.1" 204 - "-" "python-urllib3/1.26.5"
10.128.0.2 - - [03/Dec/2025:23:18:05 +0000] "POST /v2.0/security-group-rules HTTP/1.1" 201 574 "-" "python-urllib3/1.26.5"
10.128.0.2 - - [03/Dec/2025:23:18:06 +0000] "POST /v2.0/networks HTTP/1.1" 201 652 "-" "python-urllib3/1.26.5"
10.128.0.2 - - [03/Dec/2025:23:18:07 +0000] "GET /v2.0/subnets?project_id=392542f6ffae4fd4801c87a6dbbba04a&cidr=10.100.0.0%2F28 HTTP/1.1" 200 14 "-" "python-urllib3/1.26.5"
10.128.0.2 - - [03/Dec/2025:23:18:07 +0000] "GET /v2.0/networks?router%3Aexternal=True HTTP/1.1" 200 1567 "-" "python-urllib3/1.26.5"
10.128.0.2 - - [03/Dec/2025:23:18:07 +0000] "GET /v2.0/subnets?network_id=028583f1-6fe0-4d55-b869-739d10dff786&cidr=10.100.0.0%2F28 HTTP/1.1" 200 14 "-" "python-urllib3/1.26.5"
10.128.0.2 - - [03/Dec/2025:23:18:07 +0000] "GET /v2.0/subnets?network_id=27d6c5e6-f9ae-4cab-9ef3-af7441386ba8&cidr=10.100.0.0%2F28 HTTP/1.1" 200 14 "-" "python-urllib3/1.26.5"
10.128.0.2 - - [03/Dec/2025:23:18:05 +0000] "PUT /v2.0/routers/169f644e-3382-4489-838d-c9973d67df83/remove_router_interface HTTP/1.1" 200 309 "-" "python-urllib3/1.26.5"
10.128.0.2 - - [03/Dec/2025:23:18:07 +0000] "POST /v2.0/subnets HTTP/1.1" 201 625 "-" "python-urllib3/1.26.5"
10.128.0.2 - - [03/Dec/2025:23:18:08 +0000] "DELETE /v2.0/routers/169f644e-3382-4489-838d-c9973d67df83 HTTP/1.1" 204 - "-" "python-urllib3/1.26.5"
10.128.0.2 - - [03/Dec/2025:23:18:09 +0000] "DELETE /v2.0/subnets/8f644ac4-bc4c-4c7c-85b8-76a3c2fd353a HTTP/1.1" 204 - "-" "python-urllib3/1.26.5"
10.128.0.2 - - [03/Dec/2025:23:18:10 +0000] "DELETE /v2.0/networks/5ef98a90-7431-4f09-b936-92c4666be3c7 HTTP/1.1" 204 - "-" "python-urllib3/1.26.5"
10.128.0.2 - - [03/Dec/2025:23:18:08 +0000] "POST /v2.0/routers HTTP/1.1" 201 670 "-" "python-urllib3/1.26.5"
10.128.0.2 - - [03/Dec/2025:23:18:10 +0000] "PUT /v2.0/routers/d5c044a5-4587-4517-8415-27e9a6417973/remove_router_interface HTTP/1.1" 200 309 "-" "python-urllib3/1.26.5"
10.128.0.2 - - [03/Dec/2025:23:18:13 +0000] "DELETE /v2.0/routers/d5c044a5-4587-4517-8415-27e9a6417973 HTTP/1.1" 204 - "-" "python-urllib3/1.26.5"
10.128.0.2 - - [03/Dec/2025:23:18:11 +0000] "PUT /v2.0/routers/e1c7f6ac-10dd-4179-99b7-d4381eb66d46/add_router_interface HTTP/1.1" 200 309 "-" "python-urllib3/1.26.5"
10.128.0.2 - - [03/Dec/2025:23:18:14 +0000] "DELETE /v2.0/subnets/f7279f2f-89df-4c1b-a9fd-d0f0cfa01b2b HTTP/1.1" 204 - "-" "python-urllib3/1.26.5"
10.128.0.2 - - [03/Dec/2025:23:18:15 +0000] "GET /v2.0/subnets?project_id=392542f6ffae4fd4801c87a6dbbba04a&cidr=2001%3Adb8%3A%3A%2F64 HTTP/1.1" 200 14 "-" "python-urllib3/1.26.5"
10.128.0.2 - - [03/Dec/2025:23:18:15 +0000] "GET /v2.0/networks?router%3Aexternal=True HTTP/1.1" 200 1567 "-" "python-urllib3/1.26.5"
10.128.0.2 - - [03/Dec/2025:23:18:15 +0000] "GET /v2.0/subnets?network_id=028583f1-6fe0-4d55-b869-739d10dff786&cidr=2001%3Adb8%3A%3A%2F64 HTTP/1.1" 200 14 "-" "python-urllib3/1.26.5"
10.128.0.2 - - [03/Dec/2025:23:18:15 +0000] "GET /v2.0/subnets?network_id=27d6c5e6-f9ae-4cab-9ef3-af7441386ba8&cidr=2001%3Adb8%3A%3A%2F64 HTTP/1.1" 200 14 "-" "python-urllib3/1.26.5"
10.128.0.2 - - [03/Dec/2025:23:18:15 +0000] "DELETE /v2.0/networks/fa8d40f8-0259-47ea-b2ee-4728680f59bb HTTP/1.1" 204 - "-" "python-urllib3/1.26.5"
10.128.0.2 - - [03/Dec/2025:23:18:16 +0000] "GET /v2.0/security-groups?tenant_id=0ebc213514c247388f90f7a4b0b39e1e&name=default HTTP/1.1" 200 2805 "-" "python-urllib3/1.26.5"
10.128.0.2 - - [03/Dec/2025:23:18:16 +0000] "DELETE /v2.0/security-groups/de1704e7-c446-4c68-926b-fded71a813ef HTTP/1.1" 204 - "-" "python-urllib3/1.26.5"
10.128.0.2 - - [03/Dec/2025:23:18:15 +0000] "POST /v2.0/subnets HTTP/1.1" 201 650 "-" "python-urllib3/1.26.5"
10.128.0.2 - - [03/Dec/2025:23:18:17 +0000] "GET /v2.0/security-groups?tenant_id=36d068bfb4984dcb89b830d0aa30be15&name=default HTTP/1.1" 200 2805 "-" "python-urllib3/1.26.5"
10.128.0.2 - - [03/Dec/2025:23:18:17 +0000] "DELETE /v2.0/security-groups/8b4f51fe-853c-4954-a24c-d2b86d225fbc HTTP/1.1" 204 - "-" "python-urllib3/1.26.5"
10.128.0.2 - - [03/Dec/2025:23:18:17 +0000] "PUT /v2.0/routers/e1c7f6ac-10dd-4179-99b7-d4381eb66d46/add_router_interface HTTP/1.1" 200 309 "-" "python-urllib3/1.26.5"
10.128.0.2 - - [03/Dec/2025:23:18:19 +0000] "GET /v2.0/subnets?project_id=392542f6ffae4fd4801c87a6dbbba04a&cidr=2001%3Adb8%3A%3A%2F64 HTTP/1.1" 200 671 "-" "python-urllib3/1.26.5"
10.128.0.2 - - [03/Dec/2025:23:18:20 +0000] "GET /v2.0/networks?router%3Aexternal=True HTTP/1.1" 200 1567 "-" "python-urllib3/1.26.5"
10.128.0.2 - - [03/Dec/2025:23:18:20 +0000] "GET /v2.0/subnets?network_id=028583f1-6fe0-4d55-b869-739d10dff786&cidr=2001%3Adb8%3A%3A%2F64 HTTP/1.1" 200 14 "-" "python-urllib3/1.26.5"
10.128.0.2 - - [03/Dec/2025:23:18:20 +0000] "GET /v2.0/subnets?network_id=27d6c5e6-f9ae-4cab-9ef3-af7441386ba8&cidr=2001%3Adb8%3A%3A%2F64 HTTP/1.1" 200 14 "-" "python-urllib3/1.26.5"
10.128.0.2 - - [03/Dec/2025:23:18:20 +0000] "GET /v2.0/subnets?project_id=392542f6ffae4fd4801c87a6dbbba04a&cidr=2001%3Adb8%3A0%3A1%3A%3A%2F64 HTTP/1.1" 200 14 "-" "python-urllib3/1.26.5"
10.128.0.2 - - [03/Dec/2025:23:18:20 +0000] "GET /v2.0/networks?router%3Aexternal=True HTTP/1.1" 200 1567 "-" "python-urllib3/1.26.5"
10.128.0.2 - - [03/Dec/2025:23:18:21 +0000] "GET /v2.0/subnets?network_id=028583f1-6fe0-4d55-b869-739d10dff786&cidr=2001%3Adb8%3A0%3A1%3A%3A%2F64 HTTP/1.1" 200 14 "-" "python-urllib3/1.26.5"
10.128.0.2 - - [03/Dec/2025:23:18:21 +0000] "GET /v2.0/subnets?network_id=27d6c5e6-f9ae-4cab-9ef3-af7441386ba8&cidr=2001%3Adb8%3A0%3A1%3A%3A%2F64 HTTP/1.1" 200 14 "-" "python-urllib3/1.26.5"
10.128.0.2 - - [03/Dec/2025:23:18:20 +0000] "POST /v2.0/networks HTTP/1.1" 201 768 "-" "python-urllib3/1.26.5"
10.128.0.2 - - [03/Dec/2025:23:18:23 +0000] "GET / HTTP/1.1" 200 122 "-" "kube-probe/1.31"
10.128.0.2 - - [03/Dec/2025:23:18:23 +0000] "GET / HTTP/1.1" 200 122 "-" "kube-probe/1.31"
10.128.0.2 - - [03/Dec/2025:23:18:23 +0000] "GET / HTTP/1.1" 200 122 "-" "kube-probe/1.31"
10.128.0.2 - - [03/Dec/2025:23:18:21 +0000] "POST /v2.0/subnets HTTP/1.1" 201 665 "-" "python-urllib3/1.26.5"
10.128.0.2 - - [03/Dec/2025:23:18:22 +0000] "POST /v2.0/subnets HTTP/1.1" 201 669 "-" "python-urllib3/1.26.5"
10.128.0.2 - - [03/Dec/2025:23:18:23 +0000] "PUT /v2.0/routers/e1c7f6ac-10dd-4179-99b7-d4381eb66d46/add_router_interface HTTP/1.1" 200 309 "-" "python-urllib3/1.26.5"
10.128.0.2 - - [03/Dec/2025:23:18:24 +0000] "POST /v2.0/routers HTTP/1.1" 201 676 "-" "python-urllib3/1.26.5"
10.128.1.49 - - [03/Dec/2025:23:18:28 +0000] "GET /v2.0/security-groups?name=tempest-secgroup-smoke-1648543533&fields=id&tenant_id=392542f6ffae4fd4801c87a6dbbba04a HTTP/1.1" 200 69 "-" "python-neutronclient"
10.128.1.49 - - [03/Dec/2025:23:18:29 +0000] "GET /v2.0/networks?id=136095fc-f845-400f-9cc7-b025dc66ef24 HTTP/1.1" 200 752 "-" "python-neutronclient"
10.128.1.49 - - [03/Dec/2025:23:18:29 +0000] "GET /v2.0/quotas/392542f6ffae4fd4801c87a6dbbba04a HTTP/1.1" 200 187 "-" "python-neutronclient"
10.128.1.49 - - [03/Dec/2025:23:18:30 +0000] "GET /v2.0/ports?tenant_id=392542f6ffae4fd4801c87a6dbbba04a&fields=id HTTP/1.1" 200 149 "-" "python-neutronclient"
10.128.1.49 - - [03/Dec/2025:23:18:30 +0000] "GET /v2.0/networks/136095fc-f845-400f-9cc7-b025dc66ef24?fields=segments HTTP/1.1" 200 14 "-" "python-neutronclient"
10.128.1.49 - - [03/Dec/2025:23:18:30 +0000] "GET /v2.0/networks/136095fc-f845-400f-9cc7-b025dc66ef24?fields=provider%3Aphysical_network&fields=provider%3Anetwork_type HTTP/1.1" 200 79 "-" "python-neutronclient"
10.128.1.49 - - [03/Dec/2025:23:18:30 +0000] "GET /v2.0/ports?device_id=c7a2097d-21d6-4fc8-8e4c-975f4c619494 HTTP/1.1" 200 12 "-" "python-neutronclient"
10.128.1.51 - - [03/Dec/2025:23:18:30 +0000] "GET /v2.0/extensions HTTP/1.1" 200 17369 "-" "python-neutronclient"
10.128.1.51 - - [03/Dec/2025:23:18:30 +0000] "GET /v2.0/subnets?network_id=136095fc-f845-400f-9cc7-b025dc66ef24&fields=segment_id HTTP/1.1" 200 73 "-" "python-neutronclient"
10.128.1.49 - - [03/Dec/2025:23:18:32 +0000] "GET /v2.0/ports?device_id=c7a2097d-21d6-4fc8-8e4c-975f4c619494 HTTP/1.1" 200 12 "-" "python-neutronclient"
