100.64.0.2 - - [03/Dec/2025:23:00:21 +0000] "GET /v2.0/networks?id=dfdb2cf3-b6ac-4340-9c6e-6290f337d5fb HTTP/1.1" 200 692 "-" "python-neutronclient"
10.128.1.49 - - [03/Dec/2025:23:00:21 +0000] "GET /v2.0/ports?device_id=47b01995-50da-49cb-81ec-0830ae424fb6 HTTP/1.1" 200 12 "-" "python-neutronclient"
10.128.0.2 - - [03/Dec/2025:23:00:23 +0000] "GET / HTTP/1.1" 200 122 "-" "kube-probe/1.31"
10.128.0.2 - - [03/Dec/2025:23:00:23 +0000] "GET / HTTP/1.1" 200 122 "-" "kube-probe/1.31"
10.128.0.2 - - [03/Dec/2025:23:00:23 +0000] "GET / HTTP/1.1" 200 122 "-" "kube-probe/1.31"
100.64.0.2 - - [03/Dec/2025:23:00:21 +0000] "POST /v2.0/ports HTTP/1.1" 201 959 "-" "python-neutronclient"
10.128.1.49 - - [03/Dec/2025:23:00:23 +0000] "GET /v2.0/ports?device_id=47b01995-50da-49cb-81ec-0830ae424fb6 HTTP/1.1" 200 962 "-" "python-neutronclient"
10.128.1.49 - - [03/Dec/2025:23:00:24 +0000] "GET /v2.0/security-groups?id=f56f40db-7d5d-4e09-8feb-b620b60436b2&fields=id&fields=name HTTP/1.1" 200 88 "-" "python-neutronclient"
10.128.1.49 - - [03/Dec/2025:23:00:26 +0000] "GET /v2.0/ports?device_id=47b01995-50da-49cb-81ec-0830ae424fb6 HTTP/1.1" 200 1091 "-" "python-neutronclient"
100.64.0.2 - - [03/Dec/2025:23:00:23 +0000] "PUT /v2.0/ports/4f524eed-15c1-471c-8c1e-e12a123b34c3 HTTP/1.1" 200 1327 "-" "python-neutronclient"
10.128.1.49 - - [03/Dec/2025:23:00:27 +0000] "GET /v2.0/security-groups?id=f56f40db-7d5d-4e09-8feb-b620b60436b2&fields=id&fields=name HTTP/1.1" 200 88 "-" "python-neutronclient"
100.64.0.2 - - [03/Dec/2025:23:00:27 +0000] "GET /v2.0/ports?tenant_id=26d36ac1678744fabdbe8d702fccfb9d&device_id=47b01995-50da-49cb-81ec-0830ae424fb6 HTTP/1.1" 200 1358 "-" "python-neutronclient"
100.64.0.2 - - [03/Dec/2025:23:00:28 +0000] "GET /v2.0/floatingips?fixed_ip_address=10.100.0.8&port_id=4f524eed-15c1-471c-8c1e-e12a123b34c3 HTTP/1.1" 200 19 "-" "python-neutronclient"
100.64.0.2 - - [03/Dec/2025:23:00:28 +0000] "GET /v2.0/subnets?id=e299e75c-66c9-481d-ac9d-ad4a4d758be1 HTTP/1.1" 200 673 "-" "python-neutronclient"
100.64.0.2 - - [03/Dec/2025:23:00:28 +0000] "GET /v2.0/ports?network_id=dfdb2cf3-b6ac-4340-9c6e-6290f337d5fb&device_owner=network%3Adhcp HTTP/1.1" 200 12 "-" "python-neutronclient"
100.64.0.2 - - [03/Dec/2025:23:00:28 +0000] "GET /v2.0/networks/dfdb2cf3-b6ac-4340-9c6e-6290f337d5fb?fields=segments HTTP/1.1" 200 14 "-" "python-neutronclient"
10.128.1.49 - - [03/Dec/2025:23:00:28 +0000] "GET /v2.0/ports?device_id=47b01995-50da-49cb-81ec-0830ae424fb6 HTTP/1.1" 200 1091 "-" "python-neutronclient"
10.128.1.49 - - [03/Dec/2025:23:00:28 +0000] "GET /v2.0/security-groups?id=f56f40db-7d5d-4e09-8feb-b620b60436b2&fields=id&fields=name HTTP/1.1" 200 88 "-" "python-neutronclient"
100.64.0.2 - - [03/Dec/2025:23:00:28 +0000] "GET /v2.0/networks/dfdb2cf3-b6ac-4340-9c6e-6290f337d5fb?fields=provider%3Aphysical_network&fields=provider%3Anetwork_type HTTP/1.1" 200 79 "-" "python-neutronclient"
100.64.0.2 - - [03/Dec/2025:23:00:29 +0000] "GET /v2.0/ports?tenant_id=26d36ac1678744fabdbe8d702fccfb9d&device_id=47b01995-50da-49cb-81ec-0830ae424fb6 HTTP/1.1" 200 1358 "-" "python-neutronclient"
100.64.0.2 - - [03/Dec/2025:23:00:29 +0000] "GET /v2.0/ports?device_id=47b01995-50da-49cb-81ec-0830ae424fb6 HTTP/1.1" 200 1358 "-" "python-neutronclient"
100.64.0.2 - - [03/Dec/2025:23:00:29 +0000] "GET /v2.0/networks?id=dfdb2cf3-b6ac-4340-9c6e-6290f337d5fb HTTP/1.1" 200 791 "-" "python-neutronclient"
100.64.0.2 - - [03/Dec/2025:23:00:29 +0000] "GET /v2.0/security-groups?id=f56f40db-7d5d-4e09-8feb-b620b60436b2&fields=id&fields=name HTTP/1.1" 200 88 "-" "python-neutronclient"
100.64.0.2 - - [03/Dec/2025:23:00:29 +0000] "GET /v2.0/floatingips?fixed_ip_address=10.100.0.8&port_id=4f524eed-15c1-471c-8c1e-e12a123b34c3 HTTP/1.1" 200 19 "-" "python-neutronclient"
100.64.0.2 - - [03/Dec/2025:23:00:29 +0000] "GET /v2.0/subnets?id=e299e75c-66c9-481d-ac9d-ad4a4d758be1 HTTP/1.1" 200 673 "-" "python-neutronclient"
100.64.0.2 - - [03/Dec/2025:23:00:29 +0000] "GET /v2.0/ports?network_id=dfdb2cf3-b6ac-4340-9c6e-6290f337d5fb&device_owner=network%3Adhcp HTTP/1.1" 200 12 "-" "python-neutronclient"
10.128.1.49 - - [03/Dec/2025:23:00:30 +0000] "GET /v2.0/ports?device_id=47b01995-50da-49cb-81ec-0830ae424fb6 HTTP/1.1" 200 1091 "-" "python-neutronclient"
100.64.0.2 - - [03/Dec/2025:23:00:30 +0000] "GET /v2.0/networks/dfdb2cf3-b6ac-4340-9c6e-6290f337d5fb?fields=segments HTTP/1.1" 200 14 "-" "python-neutronclient"
10.128.1.49 - - [03/Dec/2025:23:00:30 +0000] "GET /v2.0/security-groups?id=f56f40db-7d5d-4e09-8feb-b620b60436b2&fields=id&fields=name HTTP/1.1" 200 88 "-" "python-neutronclient"
100.64.0.2 - - [03/Dec/2025:23:00:30 +0000] "GET /v2.0/networks/dfdb2cf3-b6ac-4340-9c6e-6290f337d5fb?fields=provider%3Aphysical_network&fields=provider%3Anetwork_type HTTP/1.1" 200 79 "-" "python-neutronclient"
10.128.1.49 - - [03/Dec/2025:23:00:31 +0000] "GET /v2.0/ports?device_id=47b01995-50da-49cb-81ec-0830ae424fb6 HTTP/1.1" 200 1093 "-" "python-neutronclient"
10.128.1.49 - - [03/Dec/2025:23:00:32 +0000] "GET /v2.0/security-groups?id=f56f40db-7d5d-4e09-8feb-b620b60436b2&fields=id&fields=name HTTP/1.1" 200 88 "-" "python-neutronclient"
10.128.1.49 - - [03/Dec/2025:23:00:32 +0000] "GET /v2.0/ports?device_id=47b01995-50da-49cb-81ec-0830ae424fb6 HTTP/1.1" 200 1093 "-" "python-neutronclient"
10.128.1.49 - - [03/Dec/2025:23:00:32 +0000] "GET /v2.0/security-groups?id=f56f40db-7d5d-4e09-8feb-b620b60436b2&fields=id&fields=name HTTP/1.1" 200 88 "-" "python-neutronclient"
10.128.1.49 - - [03/Dec/2025:23:00:33 +0000] "GET /v2.0/ports?device_id=47b01995-50da-49cb-81ec-0830ae424fb6 HTTP/1.1" 200 1093 "-" "python-neutronclient"
10.128.1.49 - - [03/Dec/2025:23:00:33 +0000] "GET /v2.0/security-groups?id=f56f40db-7d5d-4e09-8feb-b620b60436b2&fields=id&fields=name HTTP/1.1" 200 88 "-" "python-neutronclient"
10.128.1.49 - - [03/Dec/2025:23:00:41 +0000] "GET /v2.0/ports?device_id=434628a1-4d62-44e6-9f0c-17529d707234 HTTP/1.1" 200 1101 "-" "python-neutronclient"
10.128.1.49 - - [03/Dec/2025:23:00:42 +0000] "GET /v2.0/security-groups?id=0f3e915b-5ec3-4f0a-bc0e-c874518919b0&fields=id&fields=name HTTP/1.1" 200 113 "-" "python-neutronclient"
10.128.1.49 - - [03/Dec/2025:23:00:44 +0000] "GET /v2.0/ports?device_id=47b01995-50da-49cb-81ec-0830ae424fb6 HTTP/1.1" 200 1093 "-" "python-neutronclient"
10.128.1.49 - - [03/Dec/2025:23:00:45 +0000] "GET /v2.0/security-groups?id=f56f40db-7d5d-4e09-8feb-b620b60436b2&fields=id&fields=name HTTP/1.1" 200 88 "-" "python-neutronclient"
10.128.0.2 - - [03/Dec/2025:23:00:45 +0000] "GET /v2.0/ports?device_id=47b01995-50da-49cb-81ec-0830ae424fb6 HTTP/1.1" 200 1360 "-" "python-urllib3/1.26.5"
10.128.1.65 - - [03/Dec/2025:23:00:46 +0000] "GET /v2.0/floatingips HTTP/1.1" 200 1754 "-" "python-neutronclient"
10.128.0.2 - - [03/Dec/2025:23:00:45 +0000] "POST /v2.0/floatingips HTTP/1.1" 201 881 "-" "python-urllib3/1.26.5"
10.128.0.2 - - [03/Dec/2025:23:00:47 +0000] "GET /v2.0/ports?device_id=47b01995-50da-49cb-81ec-0830ae424fb6 HTTP/1.1" 200 1360 "-" "python-urllib3/1.26.5"
100.64.0.2 - - [03/Dec/2025:23:00:48 +0000] "GET /v2.0/ports?tenant_id=26d36ac1678744fabdbe8d702fccfb9d&device_id=47b01995-50da-49cb-81ec-0830ae424fb6 HTTP/1.1" 200 1360 "-" "python-neutronclient"
100.64.0.2 - - [03/Dec/2025:23:00:48 +0000] "GET /v2.0/networks?id=dfdb2cf3-b6ac-4340-9c6e-6290f337d5fb HTTP/1.1" 200 791 "-" "python-neutronclient"
100.64.0.2 - - [03/Dec/2025:23:00:48 +0000] "GET /v2.0/floatingips?fixed_ip_address=10.100.0.8&port_id=4f524eed-15c1-471c-8c1e-e12a123b34c3 HTTP/1.1" 200 886 "-" "python-neutronclient"
10.128.0.2 - - [03/Dec/2025:23:00:48 +0000] "PUT /v2.0/floatingips/25db365f-eab6-484e-9fe4-851930b81c5e HTTP/1.1" 200 883 "-" "python-urllib3/1.26.5"
100.64.0.2 - - [03/Dec/2025:23:00:49 +0000] "GET /v2.0/subnets?id=e299e75c-66c9-481d-ac9d-ad4a4d758be1 HTTP/1.1" 200 673 "-" "python-neutronclient"
100.64.0.2 - - [03/Dec/2025:23:00:49 +0000] "GET /v2.0/ports?network_id=dfdb2cf3-b6ac-4340-9c6e-6290f337d5fb&device_owner=network%3Adhcp HTTP/1.1" 200 12 "-" "python-neutronclient"
10.128.1.49 - - [03/Dec/2025:23:00:49 +0000] "GET /v2.0/ports?device_id=47b01995-50da-49cb-81ec-0830ae424fb6 HTTP/1.1" 200 1093 "-" "python-neutronclient"
10.128.1.49 - - [03/Dec/2025:23:00:50 +0000] "GET /v2.0/security-groups?id=f56f40db-7d5d-4e09-8feb-b620b60436b2&fields=id&fields=name HTTP/1.1" 200 88 "-" "python-neutronclient"
100.64.0.2 - - [03/Dec/2025:23:00:50 +0000] "GET /v2.0/networks/dfdb2cf3-b6ac-4340-9c6e-6290f337d5fb?fields=segments HTTP/1.1" 200 14 "-" "python-neutronclient"
100.64.0.2 - - [03/Dec/2025:23:00:50 +0000] "GET /v2.0/networks/dfdb2cf3-b6ac-4340-9c6e-6290f337d5fb?fields=provider%3Aphysical_network&fields=provider%3Anetwork_type HTTP/1.1" 200 79 "-" "python-neutronclient"
100.64.0.2 - - [03/Dec/2025:23:00:51 +0000] "GET /v2.0/ports?tenant_id=26d36ac1678744fabdbe8d702fccfb9d&device_id=47b01995-50da-49cb-81ec-0830ae424fb6 HTTP/1.1" 200 1360 "-" "python-neutronclient"
100.64.0.2 - - [03/Dec/2025:23:00:51 +0000] "GET /v2.0/networks?id=dfdb2cf3-b6ac-4340-9c6e-6290f337d5fb HTTP/1.1" 200 791 "-" "python-neutronclient"
100.64.0.2 - - [03/Dec/2025:23:00:51 +0000] "GET /v2.0/floatingips?fixed_ip_address=10.100.0.8&port_id=4f524eed-15c1-471c-8c1e-e12a123b34c3 HTTP/1.1" 200 886 "-" "python-neutronclient"
100.64.0.2 - - [03/Dec/2025:23:00:51 +0000] "GET /v2.0/subnets?id=e299e75c-66c9-481d-ac9d-ad4a4d758be1 HTTP/1.1" 200 673 "-" "python-neutronclient"
100.64.0.2 - - [03/Dec/2025:23:00:51 +0000] "GET /v2.0/ports?network_id=dfdb2cf3-b6ac-4340-9c6e-6290f337d5fb&device_owner=network%3Adhcp HTTP/1.1" 200 12 "-" "python-neutronclient"
10.128.1.49 - - [03/Dec/2025:23:00:51 +0000] "GET /v2.0/ports?device_id=47b01995-50da-49cb-81ec-0830ae424fb6 HTTP/1.1" 200 1093 "-" "python-neutronclient"
100.64.0.2 - - [03/Dec/2025:23:00:52 +0000] "GET /v2.0/networks/dfdb2cf3-b6ac-4340-9c6e-6290f337d5fb?fields=segments HTTP/1.1" 200 14 "-" "python-neutronclient"
10.128.1.49 - - [03/Dec/2025:23:00:52 +0000] "GET /v2.0/security-groups?id=f56f40db-7d5d-4e09-8feb-b620b60436b2&fields=id&fields=name HTTP/1.1" 200 88 "-" "python-neutronclient"
100.64.0.2 - - [03/Dec/2025:23:00:52 +0000] "GET /v2.0/networks/dfdb2cf3-b6ac-4340-9c6e-6290f337d5fb?fields=provider%3Aphysical_network&fields=provider%3Anetwork_type HTTP/1.1" 200 79 "-" "python-neutronclient"
10.128.0.2 - - [03/Dec/2025:23:00:52 +0000] "POST /v2.0/security-groups HTTP/1.1" 201 1613 "-" "python-urllib3/1.26.5"
10.128.0.2 - - [03/Dec/2025:23:00:53 +0000] "GET / HTTP/1.1" 200 122 "-" "kube-probe/1.31"
10.128.0.2 - - [03/Dec/2025:23:00:53 +0000] "GET / HTTP/1.1" 200 122 "-" "kube-probe/1.31"
10.128.0.2 - - [03/Dec/2025:23:00:53 +0000] "GET / HTTP/1.1" 200 122 "-" "kube-probe/1.31"
100.64.0.2 - - [03/Dec/2025:23:00:53 +0000] "GET /v2.0/ports?tenant_id=26d36ac1678744fabdbe8d702fccfb9d&device_id=47b01995-50da-49cb-81ec-0830ae424fb6 HTTP/1.1" 200 1360 "-" "python-neutronclient"
10.128.0.2 - - [03/Dec/2025:23:00:53 +0000] "POST /v2.0/security-group-rules HTTP/1.1" 201 565 "-" "python-urllib3/1.26.5"
100.64.0.2 - - [03/Dec/2025:23:00:53 +0000] "GET /v2.0/networks?id=dfdb2cf3-b6ac-4340-9c6e-6290f337d5fb HTTP/1.1" 200 791 "-" "python-neutronclient"
10.128.0.2 - - [03/Dec/2025:23:00:53 +0000] "POST /v2.0/security-group-rules HTTP/1.1" 201 564 "-" "python-urllib3/1.26.5"
100.64.0.2 - - [03/Dec/2025:23:00:53 +0000] "GET /v2.0/floatingips?fixed_ip_address=10.100.0.8&port_id=4f524eed-15c1-471c-8c1e-e12a123b34c3 HTTP/1.1" 200 886 "-" "python-neutronclient"
100.64.0.2 - - [03/Dec/2025:23:00:53 +0000] "GET /v2.0/subnets?id=e299e75c-66c9-481d-ac9d-ad4a4d758be1 HTTP/1.1" 200 673 "-" "python-neutronclient"
100.64.0.2 - - [03/Dec/2025:23:00:54 +0000] "GET /v2.0/ports?network_id=dfdb2cf3-b6ac-4340-9c6e-6290f337d5fb&device_owner=network%3Adhcp HTTP/1.1" 200 12 "-" "python-neutronclient"
10.128.0.2 - - [03/Dec/2025:23:00:53 +0000] "POST /v2.0/security-group-rules HTTP/1.1" 201 570 "-" "python-urllib3/1.26.5"
100.64.0.2 - - [03/Dec/2025:23:00:54 +0000] "GET /v2.0/networks/dfdb2cf3-b6ac-4340-9c6e-6290f337d5fb?fields=segments HTTP/1.1" 200 14 "-" "python-neutronclient"
10.128.0.2 - - [03/Dec/2025:23:00:54 +0000] "POST /v2.0/security-group-rules HTTP/1.1" 201 569 "-" "python-urllib3/1.26.5"
100.64.0.2 - - [03/Dec/2025:23:00:54 +0000] "GET /v2.0/networks/dfdb2cf3-b6ac-4340-9c6e-6290f337d5fb?fields=provider%3Aphysical_network&fields=provider%3Anetwork_type HTTP/1.1" 200 79 "-" "python-neutronclient"
10.128.0.2 - - [03/Dec/2025:23:00:55 +0000] "POST /v2.0/security-group-rules HTTP/1.1" 201 575 "-" "python-urllib3/1.26.5"
10.128.0.2 - - [03/Dec/2025:23:00:55 +0000] "POST /v2.0/security-group-rules HTTP/1.1" 201 574 "-" "python-urllib3/1.26.5"
10.128.1.49 - - [03/Dec/2025:23:00:56 +0000] "GET /v2.0/security-groups?name=tempest-secgroup-smoke-1160035867&fields=id&tenant_id=26d36ac1678744fabdbe8d702fccfb9d HTTP/1.1" 200 69 "-" "python-neutronclient"
10.128.1.49 - - [03/Dec/2025:23:00:57 +0000] "GET /v2.0/ports?device_id=47b01995-50da-49cb-81ec-0830ae424fb6 HTTP/1.1" 200 1093 "-" "python-neutronclient"
10.128.1.49 - - [03/Dec/2025:23:00:57 +0000] "PUT /v2.0/ports/4f524eed-15c1-471c-8c1e-e12a123b34c3 HTTP/1.1" 200 1129 "-" "python-neutronclient"
10.128.1.49 - - [03/Dec/2025:23:00:58 +0000] "GET /v2.0/ports?device_id=47b01995-50da-49cb-81ec-0830ae424fb6 HTTP/1.1" 200 1132 "-" "python-neutronclient"
10.128.1.49 - - [03/Dec/2025:23:00:58 +0000] "GET /v2.0/security-groups?id=f56f40db-7d5d-4e09-8feb-b620b60436b2&id=44439631-3c92-4d8c-ab81-00298381c3fb&fields=id&fields=name HTTP/1.1" 200 181 "-" "python-neutronclient"
100.64.0.2 - - [03/Dec/2025:23:00:58 +0000] "GET /v2.0/ports?tenant_id=26d36ac1678744fabdbe8d702fccfb9d&device_id=47b01995-50da-49cb-81ec-0830ae424fb6 HTTP/1.1" 200 1399 "-" "python-neutronclient"
10.128.1.49 - - [03/Dec/2025:23:00:59 +0000] "GET /v2.0/ports?device_id=47b01995-50da-49cb-81ec-0830ae424fb6 HTTP/1.1" 200 1132 "-" "python-neutronclient"
100.64.0.2 - - [03/Dec/2025:23:00:59 +0000] "GET /v2.0/networks?id=dfdb2cf3-b6ac-4340-9c6e-6290f337d5fb HTTP/1.1" 200 791 "-" "python-neutronclient"
10.128.1.49 - - [03/Dec/2025:23:00:59 +0000] "GET /v2.0/security-groups?id=44439631-3c92-4d8c-ab81-00298381c3fb&id=f56f40db-7d5d-4e09-8feb-b620b60436b2&fields=id&fields=name HTTP/1.1" 200 181 "-" "python-neutronclient"
100.64.0.2 - - [03/Dec/2025:23:00:59 +0000] "GET /v2.0/floatingips?fixed_ip_address=10.100.0.8&port_id=4f524eed-15c1-471c-8c1e-e12a123b34c3 HTTP/1.1" 200 886 "-" "python-neutronclient"
100.64.0.2 - - [03/Dec/2025:23:00:59 +0000] "GET /v2.0/subnets?id=e299e75c-66c9-481d-ac9d-ad4a4d758be1 HTTP/1.1" 200 673 "-" "python-neutronclient"
100.64.0.2 - - [03/Dec/2025:23:00:59 +0000] "GET /v2.0/ports?network_id=dfdb2cf3-b6ac-4340-9c6e-6290f337d5fb&device_owner=network%3Adhcp HTTP/1.1" 200 12 "-" "python-neutronclient"
100.64.0.2 - - [03/Dec/2025:23:00:59 +0000] "GET /v2.0/networks/dfdb2cf3-b6ac-4340-9c6e-6290f337d5fb?fields=segments HTTP/1.1" 200 14 "-" "python-neutronclient"
100.64.0.2 - - [03/Dec/2025:23:01:00 +0000] "GET /v2.0/networks/dfdb2cf3-b6ac-4340-9c6e-6290f337d5fb?fields=provider%3Aphysical_network&fields=provider%3Anetwork_type HTTP/1.1" 200 79 "-" "python-neutronclient"
100.64.0.2 - - [03/Dec/2025:23:01:00 +0000] "GET /v2.0/ports?tenant_id=26d36ac1678744fabdbe8d702fccfb9d&device_id=47b01995-50da-49cb-81ec-0830ae424fb6 HTTP/1.1" 200 1399 "-" "python-neutronclient"
100.64.0.2 - - [03/Dec/2025:23:01:00 +0000] "GET /v2.0/networks?id=dfdb2cf3-b6ac-4340-9c6e-6290f337d5fb HTTP/1.1" 200 791 "-" "python-neutronclient"
10.128.1.49 - - [03/Dec/2025:23:01:00 +0000] "GET /v2.0/ports?device_id=47b01995-50da-49cb-81ec-0830ae424fb6 HTTP/1.1" 200 1132 "-" "python-neutronclient"
100.64.0.2 - - [03/Dec/2025:23:01:00 +0000] "GET /v2.0/floatingips?fixed_ip_address=10.100.0.8&port_id=4f524eed-15c1-471c-8c1e-e12a123b34c3 HTTP/1.1" 200 886 "-" "python-neutronclient"
10.128.1.49 - - [03/Dec/2025:23:01:00 +0000] "GET /v2.0/security-groups?id=44439631-3c92-4d8c-ab81-00298381c3fb&id=f56f40db-7d5d-4e09-8feb-b620b60436b2&fields=id&fields=name HTTP/1.1" 200 181 "-" "python-neutronclient"
100.64.0.2 - - [03/Dec/2025:23:01:01 +0000] "GET /v2.0/subnets?id=e299e75c-66c9-481d-ac9d-ad4a4d758be1 HTTP/1.1" 200 673 "-" "python-neutronclient"
100.64.0.2 - - [03/Dec/2025:23:01:01 +0000] "GET /v2.0/ports?network_id=dfdb2cf3-b6ac-4340-9c6e-6290f337d5fb&device_owner=network%3Adhcp HTTP/1.1" 200 12 "-" "python-neutronclient"
100.64.0.2 - - [03/Dec/2025:23:01:01 +0000] "GET /v2.0/networks/dfdb2cf3-b6ac-4340-9c6e-6290f337d5fb?fields=segments HTTP/1.1" 200 14 "-" "python-neutronclient"
100.64.0.2 - - [03/Dec/2025:23:01:01 +0000] "GET /v2.0/networks/dfdb2cf3-b6ac-4340-9c6e-6290f337d5fb?fields=provider%3Aphysical_network&fields=provider%3Anetwork_type HTTP/1.1" 200 79 "-" "python-neutronclient"
10.128.1.49 - - [03/Dec/2025:23:01:02 +0000] "GET /v2.0/ports?device_id=47b01995-50da-49cb-81ec-0830ae424fb6 HTTP/1.1" 200 1132 "-" "python-neutronclient"
10.128.1.49 - - [03/Dec/2025:23:01:02 +0000] "GET /v2.0/security-groups?id=44439631-3c92-4d8c-ab81-00298381c3fb&id=f56f40db-7d5d-4e09-8feb-b620b60436b2&fields=id&fields=name HTTP/1.1" 200 181 "-" "python-neutronclient"
10.128.1.49 - - [03/Dec/2025:23:01:03 +0000] "GET /v2.0/ports?device_id=434628a1-4d62-44e6-9f0c-17529d707234 HTTP/1.1" 200 1099 "-" "python-neutronclient"
10.128.1.49 - - [03/Dec/2025:23:01:03 +0000] "GET /v2.0/security-groups?id=0f3e915b-5ec3-4f0a-bc0e-c874518919b0&fields=id&fields=name HTTP/1.1" 200 113 "-" "python-neutronclient"
100.64.0.2 - - [03/Dec/2025:23:01:03 +0000] "GET /v2.0/ports?device_id=434628a1-4d62-44e6-9f0c-17529d707234 HTTP/1.1" 200 1099 "-" "python-neutronclient"
10.128.1.49 - - [03/Dec/2025:23:01:04 +0000] "GET /v2.0/ports?device_id=47b01995-50da-49cb-81ec-0830ae424fb6 HTTP/1.1" 200 1132 "-" "python-neutronclient"
10.128.1.49 - - [03/Dec/2025:23:01:04 +0000] "GET /v2.0/security-groups?id=44439631-3c92-4d8c-ab81-00298381c3fb&id=f56f40db-7d5d-4e09-8feb-b620b60436b2&fields=id&fields=name HTTP/1.1" 200 181 "-" "python-neutronclient"
10.128.1.49 - - [03/Dec/2025:23:01:04 +0000] "GET /v2.0/ports?device_id=434628a1-4d62-44e6-9f0c-17529d707234 HTTP/1.1" 200 12 "-" "python-neutronclient"
100.64.0.2 - - [03/Dec/2025:23:01:03 +0000] "DELETE /v2.0/ports/62282998-9bde-4462-8b37-1ba1f0168f55 HTTP/1.1" 204 - "-" "python-neutronclient"
10.128.1.49 - - [03/Dec/2025:23:01:05 +0000] "GET /v2.0/ports?device_id=47b01995-50da-49cb-81ec-0830ae424fb6 HTTP/1.1" 200 1132 "-" "python-neutronclient"
10.128.1.49 - - [03/Dec/2025:23:01:06 +0000] "GET /v2.0/security-groups?id=f56f40db-7d5d-4e09-8feb-b620b60436b2&id=44439631-3c92-4d8c-ab81-00298381c3fb&fields=id&fields=name HTTP/1.1" 200 181 "-" "python-neutronclient"
10.128.0.2 - - [03/Dec/2025:23:01:06 +0000] "DELETE /v2.0/security-groups/0f3e915b-5ec3-4f0a-bc0e-c874518919b0 HTTP/1.1" 204 - "-" "python-urllib3/1.26.5"
10.128.0.2 - - [03/Dec/2025:23:01:07 +0000] "GET /v2.0/security-groups/0f3e915b-5ec3-4f0a-bc0e-c874518919b0 HTTP/1.1" 404 146 "-" "python-urllib3/1.26.5"
10.128.0.2 - - [03/Dec/2025:23:01:07 +0000] "DELETE /v2.0/floatingips/921478e6-5479-44ea-b1ff-343d91749ede HTTP/1.1" 204 - "-" "python-urllib3/1.26.5"
10.128.0.2 - - [03/Dec/2025:23:01:13 +0000] "POST /v2.0/security-groups HTTP/1.1" 201 1597 "-" "python-urllib3/1.26.5"
10.128.0.2 - - [03/Dec/2025:23:01:14 +0000] "POST /v2.0/security-group-rules HTTP/1.1" 201 565 "-" "python-urllib3/1.26.5"
10.128.0.2 - - [03/Dec/2025:23:01:14 +0000] "POST /v2.0/security-group-rules HTTP/1.1" 201 570 "-" "python-urllib3/1.26.5"
10.128.0.2 - - [03/Dec/2025:23:01:14 +0000] "POST /v2.0/floatingips HTTP/1.1" 201 578 "-" "python-urllib3/1.26.5"
10.128.1.49 - - [03/Dec/2025:23:01:17 +0000] "GET /v2.0/security-groups?name=tempest-securitygroup--37496751&fields=id&tenant_id=9bf6771e795f41a4b232098116b975b1 HTTP/1.1" 200 69 "-" "python-neutronclient"
10.128.1.49 - - [03/Dec/2025:23:01:17 +0000] "GET /v2.0/networks?id=e72b6a91-e639-40ba-9f16-cb43156fca84 HTTP/1.1" 200 693 "-" "python-neutronclient"
10.128.1.49 - - [03/Dec/2025:23:01:17 +0000] "GET /v2.0/quotas/9bf6771e795f41a4b232098116b975b1 HTTP/1.1" 200 187 "-" "python-neutronclient"
10.128.1.49 - - [03/Dec/2025:23:01:17 +0000] "GET /v2.0/ports?tenant_id=9bf6771e795f41a4b232098116b975b1&fields=id HTTP/1.1" 200 103 "-" "python-neutronclient"
10.128.1.49 - - [03/Dec/2025:23:01:18 +0000] "GET /v2.0/extensions HTTP/1.1" 200 17369 "-" "python-neutronclient"
10.128.1.49 - - [03/Dec/2025:23:01:18 +0000] "GET /v2.0/networks/e72b6a91-e639-40ba-9f16-cb43156fca84?fields=segments HTTP/1.1" 200 14 "-" "python-neutronclient"
10.128.1.49 - - [03/Dec/2025:23:01:18 +0000] "GET /v2.0/networks/e72b6a91-e639-40ba-9f16-cb43156fca84?fields=provider%3Aphysical_network&fields=provider%3Anetwork_type HTTP/1.1" 200 79 "-" "python-neutronclient"
10.128.1.51 - - [03/Dec/2025:23:01:18 +0000] "GET /v2.0/extensions HTTP/1.1" 200 17369 "-" "python-neutronclient"
10.128.1.49 - - [03/Dec/2025:23:01:18 +0000] "GET /v2.0/ports?device_id=869e6614-1bf3-4a4e-920a-59cd0c6891ba HTTP/1.1" 200 12 "-" "python-neutronclient"
10.128.1.51 - - [03/Dec/2025:23:01:18 +0000] "GET /v2.0/subnets?network_id=e72b6a91-e639-40ba-9f16-cb43156fca84&fields=segment_id HTTP/1.1" 200 33 "-" "python-neutronclient"
10.128.1.49 - - [03/Dec/2025:23:01:20 +0000] "GET /v2.0/ports?device_id=869e6614-1bf3-4a4e-920a-59cd0c6891ba HTTP/1.1" 200 12 "-" "python-neutronclient"
100.64.0.2 - - [03/Dec/2025:23:01:20 +0000] "GET /v2.0/networks?id=e72b6a91-e639-40ba-9f16-cb43156fca84 HTTP/1.1" 200 693 "-" "python-neutronclient"
100.64.0.2 - - [03/Dec/2025:23:01:20 +0000] "GET /v2.0/security-groups?fields=id&fields=name&tenant_id=9bf6771e795f41a4b232098116b975b1 HTTP/1.1" 200 179 "-" "python-neutronclient"
100.64.0.2 - - [03/Dec/2025:23:01:20 +0000] "POST /v2.0/ports HTTP/1.1" 201 959 "-" "python-neutronclient"
100.64.0.2 - - [03/Dec/2025:23:01:21 +0000] "GET /v2.0/extensions HTTP/1.1" 200 17369 "-" "python-neutronclient"
10.128.1.49 - - [03/Dec/2025:23:01:21 +0000] "GET /v2.0/ports?device_id=869e6614-1bf3-4a4e-920a-59cd0c6891ba HTTP/1.1" 200 962 "-" "python-neutronclient"
10.128.1.49 - - [03/Dec/2025:23:01:21 +0000] "GET /v2.0/security-groups?id=6954f675-5df4-4ac6-8c77-524133654b63&fields=id&fields=name HTTP/1.1" 200 112 "-" "python-neutronclient"
100.64.0.2 - - [03/Dec/2025:23:01:21 +0000] "PUT /v2.0/ports/dcbd30d4-15c9-4eef-8eb7-b50418458280 HTTP/1.1" 200 1336 "-" "python-neutronclient"
100.64.0.2 - - [03/Dec/2025:23:01:22 +0000] "GET /v2.0/ports?tenant_id=9bf6771e795f41a4b232098116b975b1&device_id=869e6614-1bf3-4a4e-920a-59cd0c6891ba HTTP/1.1" 200 1367 "-" "python-neutronclient"
100.64.0.2 - - [03/Dec/2025:23:01:22 +0000] "GET /v2.0/floatingips?fixed_ip_address=10.100.0.3&port_id=dcbd30d4-15c9-4eef-8eb7-b50418458280 HTTP/1.1" 200 19 "-" "python-neutronclient"
100.64.0.2 - - [03/Dec/2025:23:01:22 +0000] "GET /v2.0/subnets?id=f8eee2b1-6c9a-4004-af36-f04771a0d497 HTTP/1.1" 200 674 "-" "python-neutronclient"
100.64.0.2 - - [03/Dec/2025:23:01:22 +0000] "GET /v2.0/ports?network_id=e72b6a91-e639-40ba-9f16-cb43156fca84&device_owner=network%3Adhcp HTTP/1.1" 200 12 "-" "python-neutronclient"
10.128.0.2 - - [03/Dec/2025:23:01:23 +0000] "GET / HTTP/1.1" 200 122 "-" "kube-probe/1.31"
10.128.0.2 - - [03/Dec/2025:23:01:23 +0000] "GET / HTTP/1.1" 200 122 "-" "kube-probe/1.31"
10.128.0.2 - - [03/Dec/2025:23:01:23 +0000] "GET / HTTP/1.1" 200 122 "-" "kube-probe/1.31"
100.64.0.2 - - [03/Dec/2025:23:01:23 +0000] "GET /v2.0/networks/e72b6a91-e639-40ba-9f16-cb43156fca84?fields=segments HTTP/1.1" 200 14 "-" "python-neutronclient"
10.128.1.49 - - [03/Dec/2025:23:01:23 +0000] "GET /v2.0/ports?device_id=869e6614-1bf3-4a4e-920a-59cd0c6891ba HTTP/1.1" 200 1100 "-" "python-neutronclient"
10.128.1.49 - - [03/Dec/2025:23:01:23 +0000] "GET /v2.0/security-groups?id=6954f675-5df4-4ac6-8c77-524133654b63&fields=id&fields=name HTTP/1.1" 200 112 "-" "python-neutronclient"
100.64.0.2 - - [03/Dec/2025:23:01:23 +0000] "GET /v2.0/networks/e72b6a91-e639-40ba-9f16-cb43156fca84?fields=provider%3Aphysical_network&fields=provider%3Anetwork_type HTTP/1.1" 200 79 "-" "python-neutronclient"
10.128.0.2 - - [03/Dec/2025:23:01:23 +0000] "PUT /v2.0/floatingips/25db365f-eab6-484e-9fe4-851930b81c5e HTTP/1.1" 200 580 "-" "python-urllib3/1.26.5"
100.64.0.2 - - [03/Dec/2025:23:01:23 +0000] "GET /v2.0/ports?tenant_id=9bf6771e795f41a4b232098116b975b1&device_id=869e6614-1bf3-4a4e-920a-59cd0c6891ba HTTP/1.1" 200 1367 "-" "python-neutronclient"
100.64.0.2 - - [03/Dec/2025:23:01:24 +0000] "GET /v2.0/ports?device_id=869e6614-1bf3-4a4e-920a-59cd0c6891ba HTTP/1.1" 200 1367 "-" "python-neutronclient"
10.128.1.49 - - [03/Dec/2025:23:01:24 +0000] "GET /v2.0/ports?device_id=47b01995-50da-49cb-81ec-0830ae424fb6 HTTP/1.1" 200 1132 "-" "python-neutronclient"
100.64.0.2 - - [03/Dec/2025:23:01:24 +0000] "GET /v2.0/networks?id=e72b6a91-e639-40ba-9f16-cb43156fca84 HTTP/1.1" 200 792 "-" "python-neutronclient"
100.64.0.2 - - [03/Dec/2025:23:01:24 +0000] "GET /v2.0/security-groups?id=6954f675-5df4-4ac6-8c77-524133654b63&fields=id&fields=name HTTP/1.1" 200 112 "-" "python-neutronclient"
100.64.0.2 - - [03/Dec/2025:23:01:24 +0000] "GET /v2.0/floatingips?fixed_ip_address=10.100.0.3&port_id=dcbd30d4-15c9-4eef-8eb7-b50418458280 HTTP/1.1" 200 19 "-" "python-neutronclient"
10.128.1.49 - - [03/Dec/2025:23:01:24 +0000] "GET /v2.0/security-groups?id=44439631-3c92-4d8c-ab81-00298381c3fb&id=f56f40db-7d5d-4e09-8feb-b620b60436b2&fields=id&fields=name HTTP/1.1" 200 181 "-" "python-neutronclient"
100.64.0.2 - - [03/Dec/2025:23:01:24 +0000] "GET /v2.0/ports?tenant_id=26d36ac1678744fabdbe8d702fccfb9d&device_id=47b01995-50da-49cb-81ec-0830ae424fb6 HTTP/1.1" 200 1399 "-" "python-neutronclient"
100.64.0.2 - - [03/Dec/2025:23:01:24 +0000] "GET /v2.0/subnets?id=f8eee2b1-6c9a-4004-af36-f04771a0d497 HTTP/1.1" 200 674 "-" "python-neutronclient"
100.64.0.2 - - [03/Dec/2025:23:01:24 +0000] "GET /v2.0/ports?network_id=e72b6a91-e639-40ba-9f16-cb43156fca84&device_owner=network%3Adhcp HTTP/1.1" 200 12 "-" "python-neutronclient"
100.64.0.2 - - [03/Dec/2025:23:01:24 +0000] "GET /v2.0/networks?id=dfdb2cf3-b6ac-4340-9c6e-6290f337d5fb HTTP/1.1" 200 791 "-" "python-neutronclient"
10.128.1.49 - - [03/Dec/2025:23:01:25 +0000] "GET /v2.0/ports?device_id=869e6614-1bf3-4a4e-920a-59cd0c6891ba HTTP/1.1" 200 1102 "-" "python-neutronclient"
100.64.0.2 - - [03/Dec/2025:23:01:25 +0000] "GET /v2.0/networks/e72b6a91-e639-40ba-9f16-cb43156fca84?fields=segments HTTP/1.1" 200 14 "-" "python-neutronclient"
100.64.0.2 - - [03/Dec/2025:23:01:25 +0000] "GET /v2.0/floatingips?fixed_ip_address=10.100.0.8&port_id=4f524eed-15c1-471c-8c1e-e12a123b34c3 HTTP/1.1" 200 19 "-" "python-neutronclient"
10.128.1.49 - - [03/Dec/2025:23:01:25 +0000] "GET /v2.0/security-groups?id=6954f675-5df4-4ac6-8c77-524133654b63&fields=id&fields=name HTTP/1.1" 200 112 "-" "python-neutronclient"
100.64.0.2 - - [03/Dec/2025:23:01:25 +0000] "GET /v2.0/networks/e72b6a91-e639-40ba-9f16-cb43156fca84?fields=provider%3Aphysical_network&fields=provider%3Anetwork_type HTTP/1.1" 200 79 "-" "python-neutronclient"
100.64.0.2 - - [03/Dec/2025:23:01:25 +0000] "GET /v2.0/subnets?id=e299e75c-66c9-481d-ac9d-ad4a4d758be1 HTTP/1.1" 200 673 "-" "python-neutronclient"
100.64.0.2 - - [03/Dec/2025:23:01:25 +0000] "GET /v2.0/ports?network_id=dfdb2cf3-b6ac-4340-9c6e-6290f337d5fb&device_owner=network%3Adhcp HTTP/1.1" 200 12 "-" "python-neutronclient"
100.64.0.2 - - [03/Dec/2025:23:01:25 +0000] "GET /v2.0/networks/dfdb2cf3-b6ac-4340-9c6e-6290f337d5fb?fields=segments HTTP/1.1" 200 14 "-" "python-neutronclient"
10.128.1.49 - - [03/Dec/2025:23:01:25 +0000] "GET /v2.0/ports?device_id=47b01995-50da-49cb-81ec-0830ae424fb6 HTTP/1.1" 200 1132 "-" "python-neutronclient"
100.64.0.2 - - [03/Dec/2025:23:01:25 +0000] "GET /v2.0/networks/dfdb2cf3-b6ac-4340-9c6e-6290f337d5fb?fields=provider%3Aphysical_network&fields=provider%3Anetwork_type HTTP/1.1" 200 79 "-" "python-neutronclient"
10.128.1.49 - - [03/Dec/2025:23:01:26 +0000] "GET /v2.0/security-groups?id=44439631-3c92-4d8c-ab81-00298381c3fb&id=f56f40db-7d5d-4e09-8feb-b620b60436b2&fields=id&fields=name HTTP/1.1" 200 181 "-" "python-neutronclient"
10.128.1.49 - - [03/Dec/2025:23:01:27 +0000] "GET /v2.0/ports?device_id=47b01995-50da-49cb-81ec-0830ae424fb6 HTTP/1.1" 200 1132 "-" "python-neutronclient"
10.128.1.49 - - [03/Dec/2025:23:01:26 +0000] "GET /v2.0/ports?device_id=869e6614-1bf3-4a4e-920a-59cd0c6891ba HTTP/1.1" 200 1102 "-" "python-neutronclient"
10.128.1.49 - - [03/Dec/2025:23:01:27 +0000] "GET /v2.0/security-groups?id=6954f675-5df4-4ac6-8c77-524133654b63&fields=id&fields=name HTTP/1.1" 200 112 "-" "python-neutronclient"
10.128.1.49 - - [03/Dec/2025:23:01:27 +0000] "GET /v2.0/security-groups?id=44439631-3c92-4d8c-ab81-00298381c3fb&id=f56f40db-7d5d-4e09-8feb-b620b60436b2&fields=id&fields=name HTTP/1.1" 200 181 "-" "python-neutronclient"
10.128.1.49 - - [03/Dec/2025:23:01:27 +0000] "GET /v2.0/ports?device_id=869e6614-1bf3-4a4e-920a-59cd0c6891ba HTTP/1.1" 200 1102 "-" "python-neutronclient"
10.128.1.49 - - [03/Dec/2025:23:01:27 +0000] "GET /v2.0/security-groups?name=tempest-secgroup-smoke-1160035867&fields=id&tenant_id=26d36ac1678744fabdbe8d702fccfb9d HTTP/1.1" 200 69 "-" "python-neutronclient"
10.128.1.49 - - [03/Dec/2025:23:01:28 +0000] "GET /v2.0/ports?device_id=47b01995-50da-49cb-81ec-0830ae424fb6 HTTP/1.1" 200 1132 "-" "python-neutronclient"
100.64.0.2 - - [03/Dec/2025:23:01:30 +0000] "GET /v2.0/ports?device_id=47b01995-50da-49cb-81ec-0830ae424fb6&fields=binding%3Ahost_id&fields=binding%3Avif_type HTTP/1.1" 200 96 "-" "python-neutronclient"
10.128.1.49 - - [03/Dec/2025:23:01:28 +0000] "PUT /v2.0/ports/4f524eed-15c1-471c-8c1e-e12a123b34c3 HTTP/1.1" 200 1091 "-" "python-neutronclient"
10.128.0.2 - - [03/Dec/2025:23:01:28 +0000] "PUT /v2.0/floatingips/af60de12-e5c1-4075-a8c1-0429efcd895f HTTP/1.1" 200 881 "-" "python-urllib3/1.26.5"
100.64.0.2 - - [03/Dec/2025:23:01:30 +0000] "GET /v2.0/ports?tenant_id=26d36ac1678744fabdbe8d702fccfb9d&device_id=47b01995-50da-49cb-81ec-0830ae424fb6 HTTP/1.1" 200 1361 "-" "python-neutronclient"
100.64.0.2 - - [03/Dec/2025:23:01:30 +0000] "GET /v2.0/networks?id=dfdb2cf3-b6ac-4340-9c6e-6290f337d5fb HTTP/1.1" 200 791 "-" "python-neutronclient"
10.128.0.2 - - [03/Dec/2025:23:01:30 +0000] "DELETE /v2.0/security-groups/44439631-3c92-4d8c-ab81-00298381c3fb HTTP/1.1" 204 - "-" "python-urllib3/1.26.5"
100.64.0.2 - - [03/Dec/2025:23:01:31 +0000] "GET /v2.0/floatingips?fixed_ip_address=10.100.0.8&port_id=4f524eed-15c1-471c-8c1e-e12a123b34c3 HTTP/1.1" 200 19 "-" "python-neutronclient"
100.64.0.2 - - [03/Dec/2025:23:01:31 +0000] "GET /v2.0/subnets?id=e299e75c-66c9-481d-ac9d-ad4a4d758be1 HTTP/1.1" 200 673 "-" "python-neutronclient"
100.64.0.2 - - [03/Dec/2025:23:01:31 +0000] "GET /v2.0/ports?network_id=dfdb2cf3-b6ac-4340-9c6e-6290f337d5fb&device_owner=network%3Adhcp HTTP/1.1" 200 12 "-" "python-neutronclient"
100.64.0.2 - - [03/Dec/2025:23:01:31 +0000] "GET /v2.0/networks/dfdb2cf3-b6ac-4340-9c6e-6290f337d5fb?fields=segments HTTP/1.1" 200 14 "-" "python-neutronclient"
10.128.0.2 - - [03/Dec/2025:23:01:31 +0000] "DELETE /v2.0/floatingips/25db365f-eab6-484e-9fe4-851930b81c5e HTTP/1.1" 204 - "-" "python-urllib3/1.26.5"
100.64.0.2 - - [03/Dec/2025:23:01:32 +0000] "GET /v2.0/networks/dfdb2cf3-b6ac-4340-9c6e-6290f337d5fb?fields=provider%3Aphysical_network&fields=provider%3Anetwork_type HTTP/1.1" 200 79 "-" "python-neutronclient"
100.64.0.2 - - [03/Dec/2025:23:01:32 +0000] "GET /v2.0/ports?tenant_id=26d36ac1678744fabdbe8d702fccfb9d&device_id=47b01995-50da-49cb-81ec-0830ae424fb6 HTTP/1.1" 200 1361 "-" "python-neutronclient"
100.64.0.2 - - [03/Dec/2025:23:01:32 +0000] "GET /v2.0/networks?id=dfdb2cf3-b6ac-4340-9c6e-6290f337d5fb HTTP/1.1" 200 791 "-" "python-neutronclient"
100.64.0.2 - - [03/Dec/2025:23:01:32 +0000] "GET /v2.0/ports?tenant_id=9bf6771e795f41a4b232098116b975b1&device_id=869e6614-1bf3-4a4e-920a-59cd0c6891ba HTTP/1.1" 200 1369 "-" "python-neutronclient"
100.64.0.2 - - [03/Dec/2025:23:01:33 +0000] "GET /v2.0/floatingips?fixed_ip_address=10.100.0.8&port_id=4f524eed-15c1-471c-8c1e-e12a123b34c3 HTTP/1.1" 200 19 "-" "python-neutronclient"
100.64.0.2 - - [03/Dec/2025:23:01:33 +0000] "GET /v2.0/networks?id=e72b6a91-e639-40ba-9f16-cb43156fca84 HTTP/1.1" 200 792 "-" "python-neutronclient"
100.64.0.2 - - [03/Dec/2025:23:01:33 +0000] "GET /v2.0/subnets?id=e299e75c-66c9-481d-ac9d-ad4a4d758be1 HTTP/1.1" 200 673 "-" "python-neutronclient"
100.64.0.2 - - [03/Dec/2025:23:01:33 +0000] "GET /v2.0/floatingips?fixed_ip_address=10.100.0.3&port_id=dcbd30d4-15c9-4eef-8eb7-b50418458280 HTTP/1.1" 200 886 "-" "python-neutronclient"
100.64.0.2 - - [03/Dec/2025:23:01:33 +0000] "GET /v2.0/ports?network_id=dfdb2cf3-b6ac-4340-9c6e-6290f337d5fb&device_owner=network%3Adhcp HTTP/1.1" 200 12 "-" "python-neutronclient"
100.64.0.2 - - [03/Dec/2025:23:01:33 +0000] "GET /v2.0/subnets?id=f8eee2b1-6c9a-4004-af36-f04771a0d497 HTTP/1.1" 200 674 "-" "python-neutronclient"
100.64.0.2 - - [03/Dec/2025:23:01:33 +0000] "GET /v2.0/networks/dfdb2cf3-b6ac-4340-9c6e-6290f337d5fb?fields=segments HTTP/1.1" 200 14 "-" "python-neutronclient"
100.64.0.2 - - [03/Dec/2025:23:01:33 +0000] "GET /v2.0/ports?network_id=e72b6a91-e639-40ba-9f16-cb43156fca84&device_owner=network%3Adhcp HTTP/1.1" 200 12 "-" "python-neutronclient"
100.64.0.2 - - [03/Dec/2025:23:01:33 +0000] "GET /v2.0/networks/dfdb2cf3-b6ac-4340-9c6e-6290f337d5fb?fields=provider%3Aphysical_network&fields=provider%3Anetwork_type HTTP/1.1" 200 79 "-" "python-neutronclient"
100.64.0.2 - - [03/Dec/2025:23:01:33 +0000] "GET /v2.0/networks/e72b6a91-e639-40ba-9f16-cb43156fca84?fields=segments HTTP/1.1" 200 14 "-" "python-neutronclient"
100.64.0.2 - - [03/Dec/2025:23:01:33 +0000] "GET /v2.0/networks/e72b6a91-e639-40ba-9f16-cb43156fca84?fields=provider%3Aphysical_network&fields=provider%3Anetwork_type HTTP/1.1" 200 79 "-" "python-neutronclient"
10.128.1.49 - - [03/Dec/2025:23:01:40 +0000] "GET /v2.0/ports?device_id=47b01995-50da-49cb-81ec-0830ae424fb6 HTTP/1.1" 200 1094 "-" "python-neutronclient"
100.64.0.2 - - [03/Dec/2025:23:01:41 +0000] "GET /v2.0/ports?device_id=47b01995-50da-49cb-81ec-0830ae424fb6 HTTP/1.1" 200 1094 "-" "python-neutronclient"
10.128.1.49 - - [03/Dec/2025:23:01:41 +0000] "GET /v2.0/security-groups?id=f56f40db-7d5d-4e09-8feb-b620b60436b2&fields=id&fields=name HTTP/1.1" 200 88 "-" "python-neutronclient"
100.64.0.2 - - [03/Dec/2025:23:01:41 +0000] "DELETE /v2.0/ports/4f524eed-15c1-471c-8c1e-e12a123b34c3 HTTP/1.1" 204 - "-" "python-neutronclient"
10.128.1.49 - - [03/Dec/2025:23:01:42 +0000] "GET /v2.0/ports?device_id=47b01995-50da-49cb-81ec-0830ae424fb6 HTTP/1.1" 200 12 "-" "python-neutronclient"
10.128.1.49 - - [03/Dec/2025:23:01:46 +0000] "GET /v2.0/ports?device_id=869e6614-1bf3-4a4e-920a-59cd0c6891ba HTTP/1.1" 200 1102 "-" "python-neutronclient"
10.128.1.49 - - [03/Dec/2025:23:01:46 +0000] "GET /v2.0/security-groups?id=6954f675-5df4-4ac6-8c77-524133654b63&fields=id&fields=name HTTP/1.1" 200 112 "-" "python-neutronclient"
10.128.0.2 - - [03/Dec/2025:23:01:44 +0000] "PUT /v2.0/routers/aa4e772d-3a5f-4f0b-abb1-27d5975ff151/remove_router_interface HTTP/1.1" 200 309 "-" "python-urllib3/1.26.5"
10.128.0.2 - - [03/Dec/2025:23:01:48 +0000] "DELETE /v2.0/routers/aa4e772d-3a5f-4f0b-abb1-27d5975ff151 HTTP/1.1" 204 - "-" "python-urllib3/1.26.5"
10.128.0.2 - - [03/Dec/2025:23:01:49 +0000] "DELETE /v2.0/subnets/e299e75c-66c9-481d-ac9d-ad4a4d758be1 HTTP/1.1" 204 - "-" "python-urllib3/1.26.5"
10.128.0.2 - - [03/Dec/2025:23:01:50 +0000] "DELETE /v2.0/networks/dfdb2cf3-b6ac-4340-9c6e-6290f337d5fb HTTP/1.1" 204 - "-" "python-urllib3/1.26.5"
10.128.0.2 - - [03/Dec/2025:23:01:53 +0000] "GET / HTTP/1.1" 200 122 "-" "kube-probe/1.31"
10.128.0.2 - - [03/Dec/2025:23:01:53 +0000] "GET / HTTP/1.1" 200 122 "-" "kube-probe/1.31"
10.128.0.2 - - [03/Dec/2025:23:01:53 +0000] "GET / HTTP/1.1" 200 122 "-" "kube-probe/1.31"
10.128.0.2 - - [03/Dec/2025:23:01:51 +0000] "PUT /v2.0/routers/a7926d82-3098-46c9-9e48-7b09e36cb49b/remove_router_interface HTTP/1.1" 200 309 "-" "python-urllib3/1.26.5"
10.128.0.2 - - [03/Dec/2025:23:01:53 +0000] "DELETE /v2.0/routers/a7926d82-3098-46c9-9e48-7b09e36cb49b HTTP/1.1" 204 - "-" "python-urllib3/1.26.5"
10.128.0.2 - - [03/Dec/2025:23:01:54 +0000] "DELETE /v2.0/subnets/56680a45-3464-4611-9d5d-5a75bc1c64aa HTTP/1.1" 204 - "-" "python-urllib3/1.26.5"
10.128.0.2 - - [03/Dec/2025:23:01:55 +0000] "DELETE /v2.0/networks/2b0ae9b8-d822-4562-9f89-818fdcfe42cc HTTP/1.1" 204 - "-" "python-urllib3/1.26.5"
10.128.0.2 - - [03/Dec/2025:23:01:56 +0000] "GET /v2.0/security-groups?tenant_id=22c057c39a054d8697ee9de37f5e2c32&name=default HTTP/1.1" 200 2805 "-" "python-urllib3/1.26.5"
10.128.0.2 - - [03/Dec/2025:23:01:56 +0000] "DELETE /v2.0/security-groups/d838abdc-9d8b-4ffd-b754-3c0e32c2507a HTTP/1.1" 204 - "-" "python-urllib3/1.26.5"
10.128.0.2 - - [03/Dec/2025:23:01:56 +0000] "GET /v2.0/security-groups?tenant_id=26d36ac1678744fabdbe8d702fccfb9d&name=default HTTP/1.1" 200 2805 "-" "python-urllib3/1.26.5"
10.128.0.2 - - [03/Dec/2025:23:01:57 +0000] "DELETE /v2.0/security-groups/f56f40db-7d5d-4e09-8feb-b620b60436b2 HTTP/1.1" 204 - "-" "python-urllib3/1.26.5"
10.128.0.2 - - [03/Dec/2025:23:02:00 +0000] "POST /v2.0/security-groups HTTP/1.1" 201 1613 "-" "python-urllib3/1.26.5"
10.128.0.2 - - [03/Dec/2025:23:02:01 +0000] "POST /v2.0/security-group-rules HTTP/1.1" 201 565 "-" "python-urllib3/1.26.5"
10.128.0.2 - - [03/Dec/2025:23:02:02 +0000] "POST /v2.0/security-group-rules HTTP/1.1" 201 564 "-" "python-urllib3/1.26.5"
10.128.0.2 - - [03/Dec/2025:23:02:02 +0000] "POST /v2.0/security-group-rules HTTP/1.1" 201 570 "-" "python-urllib3/1.26.5"
10.128.0.2 - - [03/Dec/2025:23:02:02 +0000] "POST /v2.0/security-group-rules HTTP/1.1" 201 569 "-" "python-urllib3/1.26.5"
10.128.0.2 - - [03/Dec/2025:23:02:03 +0000] "POST /v2.0/security-group-rules HTTP/1.1" 201 575 "-" "python-urllib3/1.26.5"
10.128.0.2 - - [03/Dec/2025:23:02:03 +0000] "POST /v2.0/security-group-rules HTTP/1.1" 201 574 "-" "python-urllib3/1.26.5"
10.128.0.2 - - [03/Dec/2025:23:02:03 +0000] "POST /v2.0/networks HTTP/1.1" 201 652 "-" "python-urllib3/1.26.5"
10.128.0.2 - - [03/Dec/2025:23:02:04 +0000] "POST /v2.0/routers HTTP/1.1" 201 681 "-" "python-urllib3/1.26.5"
10.128.0.2 - - [03/Dec/2025:23:02:06 +0000] "GET /v2.0/subnets?project_id=3989de3c2cf844418cdd96de2dc55a66&cidr=10.100.0.0%2F28 HTTP/1.1" 200 14 "-" "python-urllib3/1.26.5"
10.128.0.2 - - [03/Dec/2025:23:02:07 +0000] "GET /v2.0/networks?router%3Aexternal=True HTTP/1.1" 200 1567 "-" "python-urllib3/1.26.5"
10.128.0.2 - - [03/Dec/2025:23:02:07 +0000] "GET /v2.0/subnets?network_id=028583f1-6fe0-4d55-b869-739d10dff786&cidr=10.100.0.0%2F28 HTTP/1.1" 200 14 "-" "python-urllib3/1.26.5"
10.128.0.2 - - [03/Dec/2025:23:02:07 +0000] "GET /v2.0/subnets?network_id=27d6c5e6-f9ae-4cab-9ef3-af7441386ba8&cidr=10.100.0.0%2F28 HTTP/1.1" 200 14 "-" "python-urllib3/1.26.5"
10.128.0.2 - - [03/Dec/2025:23:02:08 +0000] "POST /v2.0/subnets HTTP/1.1" 201 633 "-" "python-urllib3/1.26.5"
10.128.0.2 - - [03/Dec/2025:23:02:10 +0000] "PUT /v2.0/routers/4cf33425-9588-4bf7-9394-351daac1fd74/add_router_interface HTTP/1.1" 200 309 "-" "python-urllib3/1.26.5"
10.128.1.49 - - [03/Dec/2025:23:02:14 +0000] "GET /v2.0/security-groups?name=tempest-secgroup-smoke-1139639431&fields=id&tenant_id=3989de3c2cf844418cdd96de2dc55a66 HTTP/1.1" 200 69 "-" "python-neutronclient"
10.128.1.49 - - [03/Dec/2025:23:02:14 +0000] "GET /v2.0/networks?id=3b7463d0-3125-4e1c-bfad-7a1c590a53c9 HTTP/1.1" 200 674 "-" "python-neutronclient"
10.128.1.49 - - [03/Dec/2025:23:02:14 +0000] "GET /v2.0/quotas/3989de3c2cf844418cdd96de2dc55a66 HTTP/1.1" 200 187 "-" "python-neutronclient"
10.128.1.49 - - [03/Dec/2025:23:02:14 +0000] "GET /v2.0/ports?tenant_id=3989de3c2cf844418cdd96de2dc55a66&fields=id HTTP/1.1" 200 103 "-" "python-neutronclient"
10.128.1.49 - - [03/Dec/2025:23:02:14 +0000] "GET /v2.0/networks/3b7463d0-3125-4e1c-bfad-7a1c590a53c9?fields=segments HTTP/1.1" 200 14 "-" "python-neutronclient"
10.128.1.49 - - [03/Dec/2025:23:02:15 +0000] "GET /v2.0/networks/3b7463d0-3125-4e1c-bfad-7a1c590a53c9?fields=provider%3Aphysical_network&fields=provider%3Anetwork_type HTTP/1.1" 200 79 "-" "python-neutronclient"
10.128.1.51 - - [03/Dec/2025:23:02:15 +0000] "GET /v2.0/extensions HTTP/1.1" 200 17369 "-" "python-neutronclient"
10.128.1.49 - - [03/Dec/2025:23:02:15 +0000] "GET /v2.0/ports?device_id=46c41225-a440-494b-b8e5-fb1644446873 HTTP/1.1" 200 12 "-" "python-neutronclient"
10.128.1.51 - - [03/Dec/2025:23:02:15 +0000] "GET /v2.0/subnets?network_id=3b7463d0-3125-4e1c-bfad-7a1c590a53c9&fields=segment_id HTTP/1.1" 200 33 "-" "python-neutronclient"
10.128.1.49 - - [03/Dec/2025:23:02:16 +0000] "GET /v2.0/ports?device_id=46c41225-a440-494b-b8e5-fb1644446873 HTTP/1.1" 200 12 "-" "python-neutronclient"
10.128.1.49 - - [03/Dec/2025:23:02:16 +0000] "GET /v2.0/ports?device_id=869e6614-1bf3-4a4e-920a-59cd0c6891ba HTTP/1.1" 200 1102 "-" "python-neutronclient"
100.64.0.2 - - [03/Dec/2025:23:02:16 +0000] "GET /v2.0/networks?id=3b7463d0-3125-4e1c-bfad-7a1c590a53c9 HTTP/1.1" 200 674 "-" "python-neutronclient"
100.64.0.2 - - [03/Dec/2025:23:02:17 +0000] "GET /v2.0/ports?device_id=869e6614-1bf3-4a4e-920a-59cd0c6891ba HTTP/1.1" 200 1102 "-" "python-neutronclient"
10.128.1.49 - - [03/Dec/2025:23:02:17 +0000] "GET /v2.0/security-groups?id=6954f675-5df4-4ac6-8c77-524133654b63&fields=id&fields=name HTTP/1.1" 200 112 "-" "python-neutronclient"
100.64.0.2 - - [03/Dec/2025:23:02:17 +0000] "GET /v2.0/security-groups?fields=id&fields=name&tenant_id=3989de3c2cf844418cdd96de2dc55a66 HTTP/1.1" 200 181 "-" "python-neutronclient"
10.128.1.49 - - [03/Dec/2025:23:02:18 +0000] "GET /v2.0/ports?device_id=46c41225-a440-494b-b8e5-fb1644446873 HTTP/1.1" 200 12 "-" "python-neutronclient"
10.128.1.49 - - [03/Dec/2025:23:02:18 +0000] "GET /v2.0/ports?device_id=869e6614-1bf3-4a4e-920a-59cd0c6891ba HTTP/1.1" 200 1100 "-" "python-neutronclient"
10.128.1.49 - - [03/Dec/2025:23:02:19 +0000] "GET /v2.0/security-groups?id=6954f675-5df4-4ac6-8c77-524133654b63&fields=id&fields=name HTTP/1.1" 200 112 "-" "python-neutronclient"
100.64.0.2 - - [03/Dec/2025:23:02:17 +0000] "DELETE /v2.0/ports/dcbd30d4-15c9-4eef-8eb7-b50418458280 HTTP/1.1" 204 - "-" "python-neutronclient"
100.64.0.2 - - [03/Dec/2025:23:02:17 +0000] "POST /v2.0/ports HTTP/1.1" 201 959 "-" "python-neutronclient"
10.128.1.49 - - [03/Dec/2025:23:02:19 +0000] "GET /v2.0/ports?device_id=46c41225-a440-494b-b8e5-fb1644446873 HTTP/1.1" 200 962 "-" "python-neutronclient"
10.128.1.49 - - [03/Dec/2025:23:02:20 +0000] "GET /v2.0/security-groups?id=71cd469c-2957-489c-91b6-17d409ca46ab&fields=id&fields=name HTTP/1.1" 200 114 "-" "python-neutronclient"
10.128.1.49 - - [03/Dec/2025:23:02:21 +0000] "GET /v2.0/ports?device_id=46c41225-a440-494b-b8e5-fb1644446873 HTTP/1.1" 200 1103 "-" "python-neutronclient"
100.64.0.2 - - [03/Dec/2025:23:02:19 +0000] "PUT /v2.0/ports/07e70699-9b67-4eb8-90f7-7a487b7dab88 HTTP/1.1" 200 1339 "-" "python-neutronclient"
10.128.0.2 - - [03/Dec/2025:23:02:20 +0000] "DELETE /v2.0/security-groups/6954f675-5df4-4ac6-8c77-524133654b63 HTTP/1.1" 204 - "-" "python-urllib3/1.26.5"
10.128.1.49 - - [03/Dec/2025:23:02:21 +0000] "GET /v2.0/security-groups?id=71cd469c-2957-489c-91b6-17d409ca46ab&fields=id&fields=name HTTP/1.1" 200 114 "-" "python-neutronclient"
10.128.0.2 - - [03/Dec/2025:23:02:21 +0000] "GET /v2.0/security-groups/6954f675-5df4-4ac6-8c77-524133654b63 HTTP/1.1" 404 146 "-" "python-urllib3/1.26.5"
100.64.0.2 - - [03/Dec/2025:23:02:21 +0000] "GET /v2.0/ports?tenant_id=3989de3c2cf844418cdd96de2dc55a66&device_id=46c41225-a440-494b-b8e5-fb1644446873 HTTP/1.1" 200 1370 "-" "python-neutronclient"
100.64.0.2 - - [03/Dec/2025:23:02:21 +0000] "GET /v2.0/floatingips?fixed_ip_address=10.100.0.5&port_id=07e70699-9b67-4eb8-90f7-7a487b7dab88 HTTP/1.1" 200 19 "-" "python-neutronclient"
100.64.0.2 - - [03/Dec/2025:23:02:21 +0000] "GET /v2.0/subnets?id=11901e1e-32ea-4330-bf82-0616336829dc HTTP/1.1" 200 654 "-" "python-neutronclient"
100.64.0.2 - - [03/Dec/2025:23:02:21 +0000] "GET /v2.0/ports?network_id=3b7463d0-3125-4e1c-bfad-7a1c590a53c9&device_owner=network%3Adhcp HTTP/1.1" 200 12 "-" "python-neutronclient"
10.128.0.2 - - [03/Dec/2025:23:02:21 +0000] "DELETE /v2.0/floatingips/af60de12-e5c1-4075-a8c1-0429efcd895f HTTP/1.1" 204 - "-" "python-urllib3/1.26.5"
100.64.0.2 - - [03/Dec/2025:23:02:22 +0000] "GET /v2.0/networks/3b7463d0-3125-4e1c-bfad-7a1c590a53c9?fields=segments HTTP/1.1" 200 14 "-" "python-neutronclient"
100.64.0.2 - - [03/Dec/2025:23:02:22 +0000] "GET /v2.0/networks/3b7463d0-3125-4e1c-bfad-7a1c590a53c9?fields=provider%3Aphysical_network&fields=provider%3Anetwork_type HTTP/1.1" 200 79 "-" "python-neutronclient"
10.128.1.49 - - [03/Dec/2025:23:02:22 +0000] "GET /v2.0/ports?device_id=46c41225-a440-494b-b8e5-fb1644446873 HTTP/1.1" 200 1103 "-" "python-neutronclient"
10.128.0.2 - - [03/Dec/2025:23:02:23 +0000] "GET / HTTP/1.1" 200 122 "-" "kube-probe/1.31"
10.128.0.2 - - [03/Dec/2025:23:02:23 +0000] "GET / HTTP/1.1" 200 122 "-" "kube-probe/1.31"
10.128.0.2 - - [03/Dec/2025:23:02:23 +0000] "GET / HTTP/1.1" 200 122 "-" "kube-probe/1.31"
100.64.0.2 - - [03/Dec/2025:23:02:23 +0000] "GET /v2.0/ports?tenant_id=3989de3c2cf844418cdd96de2dc55a66&device_id=46c41225-a440-494b-b8e5-fb1644446873 HTTP/1.1" 200 1370 "-" "python-neutronclient"
100.64.0.2 - - [03/Dec/2025:23:02:23 +0000] "GET /v2.0/ports?device_id=46c41225-a440-494b-b8e5-fb1644446873 HTTP/1.1" 200 1370 "-" "python-neutronclient"
10.128.1.49 - - [03/Dec/2025:23:02:23 +0000] "GET /v2.0/security-groups?id=71cd469c-2957-489c-91b6-17d409ca46ab&fields=id&fields=name HTTP/1.1" 200 114 "-" "python-neutronclient"
100.64.0.2 - - [03/Dec/2025:23:02:23 +0000] "GET /v2.0/security-groups?id=71cd469c-2957-489c-91b6-17d409ca46ab&fields=id&fields=name HTTP/1.1" 200 114 "-" "python-neutronclient"
100.64.0.2 - - [03/Dec/2025:23:02:23 +0000] "GET /v2.0/networks?id=3b7463d0-3125-4e1c-bfad-7a1c590a53c9 HTTP/1.1" 200 773 "-" "python-neutronclient"
100.64.0.2 - - [03/Dec/2025:23:02:23 +0000] "GET /v2.0/floatingips?fixed_ip_address=10.100.0.5&port_id=07e70699-9b67-4eb8-90f7-7a487b7dab88 HTTP/1.1" 200 19 "-" "python-neutronclient"
100.64.0.2 - - [03/Dec/2025:23:02:23 +0000] "GET /v2.0/subnets?id=11901e1e-32ea-4330-bf82-0616336829dc HTTP/1.1" 200 654 "-" "python-neutronclient"
100.64.0.2 - - [03/Dec/2025:23:02:24 +0000] "GET /v2.0/ports?network_id=3b7463d0-3125-4e1c-bfad-7a1c590a53c9&device_owner=network%3Adhcp HTTP/1.1" 200 12 "-" "python-neutronclient"
100.64.0.2 - - [03/Dec/2025:23:02:24 +0000] "GET /v2.0/networks/3b7463d0-3125-4e1c-bfad-7a1c590a53c9?fields=segments HTTP/1.1" 200 14 "-" "python-neutronclient"
10.128.1.49 - - [03/Dec/2025:23:02:24 +0000] "GET /v2.0/ports?device_id=46c41225-a440-494b-b8e5-fb1644446873 HTTP/1.1" 200 1105 "-" "python-neutronclient"
100.64.0.2 - - [03/Dec/2025:23:02:24 +0000] "GET /v2.0/networks/3b7463d0-3125-4e1c-bfad-7a1c590a53c9?fields=provider%3Aphysical_network&fields=provider%3Anetwork_type HTTP/1.1" 200 79 "-" "python-neutronclient"
10.128.1.49 - - [03/Dec/2025:23:02:24 +0000] "GET /v2.0/security-groups?id=71cd469c-2957-489c-91b6-17d409ca46ab&fields=id&fields=name HTTP/1.1" 200 114 "-" "python-neutronclient"
10.128.1.49 - - [03/Dec/2025:23:02:26 +0000] "GET /v2.0/ports?device_id=46c41225-a440-494b-b8e5-fb1644446873 HTTP/1.1" 200 1105 "-" "python-neutronclient"
10.128.1.49 - - [03/Dec/2025:23:02:26 +0000] "GET /v2.0/security-groups?id=71cd469c-2957-489c-91b6-17d409ca46ab&fields=id&fields=name HTTP/1.1" 200 114 "-" "python-neutronclient"
10.128.1.49 - - [03/Dec/2025:23:02:26 +0000] "GET /v2.0/ports?device_id=46c41225-a440-494b-b8e5-fb1644446873 HTTP/1.1" 200 1105 "-" "python-neutronclient"
10.128.0.2 - - [03/Dec/2025:23:02:25 +0000] "PUT /v2.0/routers/9756cd1e-f56c-4ca1-baa4-f7883afc1a86/remove_router_interface HTTP/1.1" 200 309 "-" "python-urllib3/1.26.5"
10.128.1.49 - - [03/Dec/2025:23:02:27 +0000] "GET /v2.0/security-groups?id=71cd469c-2957-489c-91b6-17d409ca46ab&fields=id&fields=name HTTP/1.1" 200 114 "-" "python-neutronclient"
10.128.0.2 - - [03/Dec/2025:23:02:27 +0000] "GET /v2.0/ports?device_id=46c41225-a440-494b-b8e5-fb1644446873 HTTP/1.1" 200 1372 "-" "python-urllib3/1.26.5"
10.128.0.2 - - [03/Dec/2025:23:02:27 +0000] "DELETE /v2.0/routers/9756cd1e-f56c-4ca1-baa4-f7883afc1a86 HTTP/1.1" 204 - "-" "python-urllib3/1.26.5"
10.128.0.2 - - [03/Dec/2025:23:02:29 +0000] "DELETE /v2.0/subnets/f8eee2b1-6c9a-4004-af36-f04771a0d497 HTTP/1.1" 204 - "-" "python-urllib3/1.26.5"
10.128.0.2 - - [03/Dec/2025:23:02:29 +0000] "DELETE /v2.0/networks/e72b6a91-e639-40ba-9f16-cb43156fca84 HTTP/1.1" 204 - "-" "python-urllib3/1.26.5"
10.128.0.2 - - [03/Dec/2025:23:02:27 +0000] "POST /v2.0/floatingips HTTP/1.1" 201 881 "-" "python-urllib3/1.26.5"
100.64.0.2 - - [03/Dec/2025:23:02:30 +0000] "GET /v2.0/ports?tenant_id=3989de3c2cf844418cdd96de2dc55a66&device_id=46c41225-a440-494b-b8e5-fb1644446873 HTTP/1.1" 200 1372 "-" "python-neutronclient"
10.128.1.49 - - [03/Dec/2025:23:02:30 +0000] "GET /v2.0/ports?device_id=46c41225-a440-494b-b8e5-fb1644446873 HTTP/1.1" 200 1105 "-" "python-neutronclient"
100.64.0.2 - - [03/Dec/2025:23:02:30 +0000] "GET /v2.0/networks?id=3b7463d0-3125-4e1c-bfad-7a1c590a53c9 HTTP/1.1" 200 773 "-" "python-neutronclient"
10.128.1.49 - - [03/Dec/2025:23:02:30 +0000] "GET /v2.0/security-groups?id=71cd469c-2957-489c-91b6-17d409ca46ab&fields=id&fields=name HTTP/1.1" 200 114 "-" "python-neutronclient"
100.64.0.2 - - [03/Dec/2025:23:02:31 +0000] "GET /v2.0/floatingips?fixed_ip_address=10.100.0.5&port_id=07e70699-9b67-4eb8-90f7-7a487b7dab88 HTTP/1.1" 200 886 "-" "python-neutronclient"
10.128.0.2 - - [03/Dec/2025:23:02:31 +0000] "GET /v2.0/floatingips/8dbbeae6-ef18-4467-8d97-a5251707d0eb HTTP/1.1" 200 883 "-" "python-urllib3/1.26.5"
100.64.0.2 - - [03/Dec/2025:23:02:31 +0000] "GET /v2.0/subnets?id=11901e1e-32ea-4330-bf82-0616336829dc HTTP/1.1" 200 654 "-" "python-neutronclient"
