10.128.0.2 - - [03/Dec/2025:23:04:20 +0000] "POST /v2.0/security-groups HTTP/1.1" 201 1611 "-" "python-urllib3/1.26.5"
10.128.0.2 - - [03/Dec/2025:23:04:21 +0000] "POST /v2.0/security-group-rules HTTP/1.1" 201 565 "-" "python-urllib3/1.26.5"
10.128.0.2 - - [03/Dec/2025:23:04:21 +0000] "POST /v2.0/security-group-rules HTTP/1.1" 201 564 "-" "python-urllib3/1.26.5"
10.128.0.2 - - [03/Dec/2025:23:04:22 +0000] "POST /v2.0/security-group-rules HTTP/1.1" 201 570 "-" "python-urllib3/1.26.5"
10.128.0.2 - - [03/Dec/2025:23:04:20 +0000] "PUT /v2.0/routers/4c2662fe-196d-4c04-8d07-98aa14dfe2f5/add_router_interface HTTP/1.1" 200 309 "-" "python-urllib3/1.26.5"
10.128.0.2 - - [03/Dec/2025:23:04:23 +0000] "GET / HTTP/1.1" 200 122 "-" "kube-probe/1.31"
10.128.0.2 - - [03/Dec/2025:23:04:23 +0000] "GET / HTTP/1.1" 200 122 "-" "kube-probe/1.31"
10.128.0.2 - - [03/Dec/2025:23:04:23 +0000] "GET / HTTP/1.1" 200 122 "-" "kube-probe/1.31"
10.128.0.2 - - [03/Dec/2025:23:04:22 +0000] "POST /v2.0/security-group-rules HTTP/1.1" 201 569 "-" "python-urllib3/1.26.5"
10.128.0.2 - - [03/Dec/2025:23:04:23 +0000] "GET /v2.0/networks HTTP/1.1" 200 4567 "-" "python-urllib3/1.26.5"
10.128.0.2 - - [03/Dec/2025:23:04:23 +0000] "GET /v2.0/subnets HTTP/1.1" 200 3911 "-" "python-urllib3/1.26.5"
10.128.0.2 - - [03/Dec/2025:23:04:23 +0000] "POST /v2.0/security-group-rules HTTP/1.1" 201 575 "-" "python-urllib3/1.26.5"
10.128.0.2 - - [03/Dec/2025:23:04:23 +0000] "GET /v2.0/routers HTTP/1.1" 200 1309 "-" "python-urllib3/1.26.5"
10.128.0.2 - - [03/Dec/2025:23:04:23 +0000] "POST /v2.0/security-group-rules HTTP/1.1" 201 574 "-" "python-urllib3/1.26.5"
10.128.0.2 - - [03/Dec/2025:23:04:23 +0000] "POST /v2.0/security-groups HTTP/1.1" 201 1613 "-" "python-urllib3/1.26.5"
10.128.0.2 - - [03/Dec/2025:23:04:24 +0000] "POST /v2.0/security-group-rules HTTP/1.1" 201 565 "-" "python-urllib3/1.26.5"
10.128.0.2 - - [03/Dec/2025:23:04:23 +0000] "POST /v2.0/networks HTTP/1.1" 201 651 "-" "python-urllib3/1.26.5"
10.128.0.2 - - [03/Dec/2025:23:04:24 +0000] "POST /v2.0/security-group-rules HTTP/1.1" 201 564 "-" "python-urllib3/1.26.5"
10.128.0.2 - - [03/Dec/2025:23:04:25 +0000] "POST /v2.0/security-group-rules HTTP/1.1" 201 570 "-" "python-urllib3/1.26.5"
10.128.0.2 - - [03/Dec/2025:23:04:25 +0000] "POST /v2.0/security-group-rules HTTP/1.1" 201 569 "-" "python-urllib3/1.26.5"
10.128.0.2 - - [03/Dec/2025:23:04:25 +0000] "POST /v2.0/security-group-rules HTTP/1.1" 201 575 "-" "python-urllib3/1.26.5"
10.128.0.2 - - [03/Dec/2025:23:04:26 +0000] "POST /v2.0/security-group-rules HTTP/1.1" 201 574 "-" "python-urllib3/1.26.5"
10.128.0.2 - - [03/Dec/2025:23:04:25 +0000] "POST /v2.0/routers HTTP/1.1" 201 681 "-" "python-urllib3/1.26.5"
10.128.0.2 - - [03/Dec/2025:23:04:28 +0000] "GET /v2.0/subnets?project_id=3989de3c2cf844418cdd96de2dc55a66&cidr=10.100.0.0%2F28 HTTP/1.1" 200 14 "-" "python-urllib3/1.26.5"
10.128.0.2 - - [03/Dec/2025:23:04:28 +0000] "GET /v2.0/networks?router%3Aexternal=True HTTP/1.1" 200 1567 "-" "python-urllib3/1.26.5"
10.128.0.2 - - [03/Dec/2025:23:04:28 +0000] "GET /v2.0/subnets?network_id=028583f1-6fe0-4d55-b869-739d10dff786&cidr=10.100.0.0%2F28 HTTP/1.1" 200 14 "-" "python-urllib3/1.26.5"
10.128.1.49 - - [03/Dec/2025:23:04:28 +0000] "GET /v2.0/security-groups?name=tempest-secgroup-smoke-1584775660&fields=id&tenant_id=5f45986fc95543d5a0014e214c498f28 HTTP/1.1" 200 69 "-" "python-neutronclient"
10.128.0.2 - - [03/Dec/2025:23:04:28 +0000] "GET /v2.0/subnets?network_id=27d6c5e6-f9ae-4cab-9ef3-af7441386ba8&cidr=10.100.0.0%2F28 HTTP/1.1" 200 14 "-" "python-urllib3/1.26.5"
10.128.1.49 - - [03/Dec/2025:23:04:28 +0000] "GET /v2.0/networks?id=9e3efea1-e674-49a1-97dc-63de5ed60b9f HTTP/1.1" 200 674 "-" "python-neutronclient"
10.128.1.49 - - [03/Dec/2025:23:04:28 +0000] "GET /v2.0/quotas/5f45986fc95543d5a0014e214c498f28 HTTP/1.1" 200 187 "-" "python-neutronclient"
10.128.1.49 - - [03/Dec/2025:23:04:28 +0000] "GET /v2.0/ports?tenant_id=5f45986fc95543d5a0014e214c498f28&fields=id HTTP/1.1" 200 103 "-" "python-neutronclient"
10.128.1.49 - - [03/Dec/2025:23:04:29 +0000] "GET /v2.0/networks/9e3efea1-e674-49a1-97dc-63de5ed60b9f?fields=segments HTTP/1.1" 200 14 "-" "python-neutronclient"
10.128.0.2 - - [03/Dec/2025:23:04:28 +0000] "POST /v2.0/subnets HTTP/1.1" 201 632 "-" "python-urllib3/1.26.5"
10.128.1.49 - - [03/Dec/2025:23:04:29 +0000] "GET /v2.0/networks/9e3efea1-e674-49a1-97dc-63de5ed60b9f?fields=provider%3Aphysical_network&fields=provider%3Anetwork_type HTTP/1.1" 200 79 "-" "python-neutronclient"
10.128.1.51 - - [03/Dec/2025:23:04:29 +0000] "GET /v2.0/extensions HTTP/1.1" 200 17369 "-" "python-neutronclient"
10.128.1.49 - - [03/Dec/2025:23:04:29 +0000] "GET /v2.0/ports?device_id=013c053b-369f-435d-9928-933602c5130a HTTP/1.1" 200 12 "-" "python-neutronclient"
10.128.1.51 - - [03/Dec/2025:23:04:29 +0000] "GET /v2.0/subnets?network_id=9e3efea1-e674-49a1-97dc-63de5ed60b9f&fields=segment_id HTTP/1.1" 200 33 "-" "python-neutronclient"
10.128.1.49 - - [03/Dec/2025:23:04:31 +0000] "GET /v2.0/ports?device_id=013c053b-369f-435d-9928-933602c5130a HTTP/1.1" 200 12 "-" "python-neutronclient"
100.64.0.2 - - [03/Dec/2025:23:04:31 +0000] "GET /v2.0/networks?id=9e3efea1-e674-49a1-97dc-63de5ed60b9f HTTP/1.1" 200 674 "-" "python-neutronclient"
100.64.0.2 - - [03/Dec/2025:23:04:31 +0000] "GET /v2.0/security-groups?fields=id&fields=name&tenant_id=5f45986fc95543d5a0014e214c498f28 HTTP/1.1" 200 181 "-" "python-neutronclient"
10.128.1.49 - - [03/Dec/2025:23:04:32 +0000] "GET /v2.0/ports?device_id=013c053b-369f-435d-9928-933602c5130a HTTP/1.1" 200 12 "-" "python-neutronclient"
100.64.0.2 - - [03/Dec/2025:23:04:32 +0000] "POST /v2.0/ports HTTP/1.1" 201 963 "-" "python-neutronclient"
10.128.0.2 - - [03/Dec/2025:23:04:29 +0000] "PUT /v2.0/routers/18598958-5a34-4d4b-b396-921afed694fc/add_router_interface HTTP/1.1" 200 309 "-" "python-urllib3/1.26.5"
10.128.1.49 - - [03/Dec/2025:23:04:34 +0000] "GET /v2.0/ports?device_id=013c053b-369f-435d-9928-933602c5130a HTTP/1.1" 200 966 "-" "python-neutronclient"
10.128.1.49 - - [03/Dec/2025:23:04:34 +0000] "GET /v2.0/security-groups?id=e71e42fa-66ef-49cf-a629-d0b198a66734&fields=id&fields=name HTTP/1.1" 200 114 "-" "python-neutronclient"
10.128.1.49 - - [03/Dec/2025:23:04:35 +0000] "GET /v2.0/security-groups?name=tempest-secgroup-smoke-771061298&fields=id&tenant_id=3989de3c2cf844418cdd96de2dc55a66 HTTP/1.1" 200 69 "-" "python-neutronclient"
100.64.0.2 - - [03/Dec/2025:23:04:34 +0000] "PUT /v2.0/ports/67bef7a6-5c2a-4d8d-8c68-75e792658c75 HTTP/1.1" 200 1317 "-" "python-neutronclient"
10.128.1.49 - - [03/Dec/2025:23:04:35 +0000] "GET /v2.0/networks?id=1252b403-ddfb-438d-b09e-9279f568b5bd HTTP/1.1" 200 673 "-" "python-neutronclient"
100.64.0.2 - - [03/Dec/2025:23:04:35 +0000] "GET /v2.0/ports?tenant_id=5f45986fc95543d5a0014e214c498f28&device_id=013c053b-369f-435d-9928-933602c5130a HTTP/1.1" 200 1348 "-" "python-neutronclient"
10.128.1.49 - - [03/Dec/2025:23:04:35 +0000] "GET /v2.0/quotas/3989de3c2cf844418cdd96de2dc55a66 HTTP/1.1" 200 187 "-" "python-neutronclient"
100.64.0.2 - - [03/Dec/2025:23:04:35 +0000] "GET /v2.0/floatingips?fixed_ip_address=10.100.0.10&port_id=67bef7a6-5c2a-4d8d-8c68-75e792658c75 HTTP/1.1" 200 19 "-" "python-neutronclient"
10.128.1.49 - - [03/Dec/2025:23:04:35 +0000] "GET /v2.0/ports?device_id=013c053b-369f-435d-9928-933602c5130a HTTP/1.1" 200 1081 "-" "python-neutronclient"
10.128.1.49 - - [03/Dec/2025:23:04:35 +0000] "GET /v2.0/ports?tenant_id=3989de3c2cf844418cdd96de2dc55a66&fields=id HTTP/1.1" 200 103 "-" "python-neutronclient"
100.64.0.2 - - [03/Dec/2025:23:04:36 +0000] "GET /v2.0/subnets?id=12d88d87-d0de-4078-a9d1-61908d6f46e3 HTTP/1.1" 200 653 "-" "python-neutronclient"
10.128.1.49 - - [03/Dec/2025:23:04:36 +0000] "GET /v2.0/security-groups?id=e71e42fa-66ef-49cf-a629-d0b198a66734&fields=id&fields=name HTTP/1.1" 200 114 "-" "python-neutronclient"
100.64.0.2 - - [03/Dec/2025:23:04:36 +0000] "GET /v2.0/ports?network_id=9e3efea1-e674-49a1-97dc-63de5ed60b9f&device_owner=network%3Adhcp HTTP/1.1" 200 12 "-" "python-neutronclient"
10.128.1.49 - - [03/Dec/2025:23:04:36 +0000] "GET /v2.0/networks/1252b403-ddfb-438d-b09e-9279f568b5bd?fields=segments HTTP/1.1" 200 14 "-" "python-neutronclient"
10.128.1.49 - - [03/Dec/2025:23:04:36 +0000] "GET /v2.0/networks/1252b403-ddfb-438d-b09e-9279f568b5bd?fields=provider%3Aphysical_network&fields=provider%3Anetwork_type HTTP/1.1" 200 79 "-" "python-neutronclient"
100.64.0.2 - - [03/Dec/2025:23:04:36 +0000] "GET /v2.0/networks/9e3efea1-e674-49a1-97dc-63de5ed60b9f?fields=segments HTTP/1.1" 200 14 "-" "python-neutronclient"
100.64.0.2 - - [03/Dec/2025:23:04:37 +0000] "GET /v2.0/networks/9e3efea1-e674-49a1-97dc-63de5ed60b9f?fields=provider%3Aphysical_network&fields=provider%3Anetwork_type HTTP/1.1" 200 79 "-" "python-neutronclient"
10.128.1.51 - - [03/Dec/2025:23:04:37 +0000] "GET /v2.0/extensions HTTP/1.1" 200 17369 "-" "python-neutronclient"
10.128.1.49 - - [03/Dec/2025:23:04:37 +0000] "GET /v2.0/ports?device_id=b904f7bb-df60-4951-9345-8bc26bc98904 HTTP/1.1" 200 12 "-" "python-neutronclient"
100.64.0.2 - - [03/Dec/2025:23:04:37 +0000] "GET /v2.0/ports?tenant_id=5f45986fc95543d5a0014e214c498f28&device_id=013c053b-369f-435d-9928-933602c5130a HTTP/1.1" 200 1348 "-" "python-neutronclient"
10.128.1.51 - - [03/Dec/2025:23:04:37 +0000] "GET /v2.0/subnets?network_id=1252b403-ddfb-438d-b09e-9279f568b5bd&fields=segment_id HTTP/1.1" 200 33 "-" "python-neutronclient"
100.64.0.2 - - [03/Dec/2025:23:04:38 +0000] "GET /v2.0/ports?device_id=013c053b-369f-435d-9928-933602c5130a HTTP/1.1" 200 1348 "-" "python-neutronclient"
10.128.1.49 - - [03/Dec/2025:23:04:37 +0000] "GET /v2.0/ports?device_id=013c053b-369f-435d-9928-933602c5130a HTTP/1.1" 200 1081 "-" "python-neutronclient"
100.64.0.2 - - [03/Dec/2025:23:04:38 +0000] "GET /v2.0/networks?id=9e3efea1-e674-49a1-97dc-63de5ed60b9f HTTP/1.1" 200 772 "-" "python-neutronclient"
100.64.0.2 - - [03/Dec/2025:23:04:38 +0000] "GET /v2.0/security-groups?id=e71e42fa-66ef-49cf-a629-d0b198a66734&fields=id&fields=name HTTP/1.1" 200 114 "-" "python-neutronclient"
100.64.0.2 - - [03/Dec/2025:23:04:38 +0000] "GET /v2.0/floatingips?fixed_ip_address=10.100.0.10&port_id=67bef7a6-5c2a-4d8d-8c68-75e792658c75 HTTP/1.1" 200 19 "-" "python-neutronclient"
10.128.1.49 - - [03/Dec/2025:23:04:38 +0000] "GET /v2.0/security-groups?id=e71e42fa-66ef-49cf-a629-d0b198a66734&fields=id&fields=name HTTP/1.1" 200 114 "-" "python-neutronclient"
100.64.0.2 - - [03/Dec/2025:23:04:38 +0000] "GET /v2.0/subnets?id=12d88d87-d0de-4078-a9d1-61908d6f46e3 HTTP/1.1" 200 653 "-" "python-neutronclient"
100.64.0.2 - - [03/Dec/2025:23:04:38 +0000] "GET /v2.0/ports?network_id=9e3efea1-e674-49a1-97dc-63de5ed60b9f&device_owner=network%3Adhcp HTTP/1.1" 200 12 "-" "python-neutronclient"
100.64.0.2 - - [03/Dec/2025:23:04:38 +0000] "GET /v2.0/networks/9e3efea1-e674-49a1-97dc-63de5ed60b9f?fields=segments HTTP/1.1" 200 14 "-" "python-neutronclient"
100.64.0.2 - - [03/Dec/2025:23:04:38 +0000] "GET /v2.0/networks?id=1252b403-ddfb-438d-b09e-9279f568b5bd HTTP/1.1" 200 673 "-" "python-neutronclient"
100.64.0.2 - - [03/Dec/2025:23:04:38 +0000] "GET /v2.0/networks/9e3efea1-e674-49a1-97dc-63de5ed60b9f?fields=provider%3Aphysical_network&fields=provider%3Anetwork_type HTTP/1.1" 200 79 "-" "python-neutronclient"
10.128.1.49 - - [03/Dec/2025:23:04:39 +0000] "GET /v2.0/ports?device_id=b904f7bb-df60-4951-9345-8bc26bc98904 HTTP/1.1" 200 12 "-" "python-neutronclient"
100.64.0.2 - - [03/Dec/2025:23:04:39 +0000] "GET /v2.0/security-groups?fields=id&fields=name&tenant_id=3989de3c2cf844418cdd96de2dc55a66 HTTP/1.1" 200 180 "-" "python-neutronclient"
10.128.1.49 - - [03/Dec/2025:23:04:39 +0000] "GET /v2.0/ports?device_id=013c053b-369f-435d-9928-933602c5130a HTTP/1.1" 200 1081 "-" "python-neutronclient"
10.128.1.49 - - [03/Dec/2025:23:04:39 +0000] "GET /v2.0/security-groups?id=e71e42fa-66ef-49cf-a629-d0b198a66734&fields=id&fields=name HTTP/1.1" 200 114 "-" "python-neutronclient"
100.64.0.2 - - [03/Dec/2025:23:04:39 +0000] "POST /v2.0/ports HTTP/1.1" 201 963 "-" "python-neutronclient"
10.128.1.49 - - [03/Dec/2025:23:04:40 +0000] "GET /v2.0/ports?device_id=b904f7bb-df60-4951-9345-8bc26bc98904 HTTP/1.1" 200 966 "-" "python-neutronclient"
10.128.1.49 - - [03/Dec/2025:23:04:40 +0000] "GET /v2.0/security-groups?id=a57c0918-099b-4c94-9180-31f23e01f758&fields=id&fields=name HTTP/1.1" 200 113 "-" "python-neutronclient"
10.128.1.49 - - [03/Dec/2025:23:04:41 +0000] "GET /v2.0/ports?device_id=013c053b-369f-435d-9928-933602c5130a HTTP/1.1" 200 1083 "-" "python-neutronclient"
100.64.0.2 - - [03/Dec/2025:23:04:40 +0000] "PUT /v2.0/ports/2ddd2e67-0936-4912-882f-2fb95a873814 HTTP/1.1" 200 1341 "-" "python-neutronclient"
10.128.1.49 - - [03/Dec/2025:23:04:41 +0000] "GET /v2.0/security-groups?id=e71e42fa-66ef-49cf-a629-d0b198a66734&fields=id&fields=name HTTP/1.1" 200 114 "-" "python-neutronclient"
100.64.0.2 - - [03/Dec/2025:23:04:41 +0000] "GET /v2.0/ports?tenant_id=3989de3c2cf844418cdd96de2dc55a66&device_id=b904f7bb-df60-4951-9345-8bc26bc98904 HTTP/1.1" 200 1372 "-" "python-neutronclient"
100.64.0.2 - - [03/Dec/2025:23:04:41 +0000] "GET /v2.0/floatingips?fixed_ip_address=10.100.0.13&port_id=2ddd2e67-0936-4912-882f-2fb95a873814 HTTP/1.1" 200 19 "-" "python-neutronclient"
10.128.1.49 - - [03/Dec/2025:23:04:41 +0000] "GET /v2.0/ports?device_id=013c053b-369f-435d-9928-933602c5130a HTTP/1.1" 200 1083 "-" "python-neutronclient"
100.64.0.2 - - [03/Dec/2025:23:04:41 +0000] "GET /v2.0/subnets?id=181b3d4b-fc36-4fc1-a048-3b2498835999 HTTP/1.1" 200 653 "-" "python-neutronclient"
10.128.1.49 - - [03/Dec/2025:23:04:42 +0000] "GET /v2.0/security-groups?id=e71e42fa-66ef-49cf-a629-d0b198a66734&fields=id&fields=name HTTP/1.1" 200 114 "-" "python-neutronclient"
100.64.0.2 - - [03/Dec/2025:23:04:42 +0000] "GET /v2.0/ports?network_id=1252b403-ddfb-438d-b09e-9279f568b5bd&device_owner=network%3Adhcp HTTP/1.1" 200 12 "-" "python-neutronclient"
10.128.0.2 - - [03/Dec/2025:23:04:42 +0000] "GET /v2.0/ports?device_id=013c053b-369f-435d-9928-933602c5130a HTTP/1.1" 200 1350 "-" "python-urllib3/1.26.5"
100.64.0.2 - - [03/Dec/2025:23:04:42 +0000] "GET /v2.0/networks/1252b403-ddfb-438d-b09e-9279f568b5bd?fields=segments HTTP/1.1" 200 14 "-" "python-neutronclient"
100.64.0.2 - - [03/Dec/2025:23:04:42 +0000] "GET /v2.0/networks/1252b403-ddfb-438d-b09e-9279f568b5bd?fields=provider%3Aphysical_network&fields=provider%3Anetwork_type HTTP/1.1" 200 79 "-" "python-neutronclient"
10.128.1.49 - - [03/Dec/2025:23:04:42 +0000] "GET /v2.0/ports?device_id=b904f7bb-df60-4951-9345-8bc26bc98904 HTTP/1.1" 200 1105 "-" "python-neutronclient"
100.64.0.2 - - [03/Dec/2025:23:04:42 +0000] "GET /v2.0/ports?tenant_id=3989de3c2cf844418cdd96de2dc55a66&device_id=b904f7bb-df60-4951-9345-8bc26bc98904 HTTP/1.1" 200 1372 "-" "python-neutronclient"
10.128.1.49 - - [03/Dec/2025:23:04:42 +0000] "GET /v2.0/security-groups?id=a57c0918-099b-4c94-9180-31f23e01f758&fields=id&fields=name HTTP/1.1" 200 113 "-" "python-neutronclient"
100.64.0.2 - - [03/Dec/2025:23:04:43 +0000] "GET /v2.0/ports?device_id=b904f7bb-df60-4951-9345-8bc26bc98904 HTTP/1.1" 200 1372 "-" "python-neutronclient"
100.64.0.2 - - [03/Dec/2025:23:04:43 +0000] "GET /v2.0/networks?id=1252b403-ddfb-438d-b09e-9279f568b5bd HTTP/1.1" 200 771 "-" "python-neutronclient"
100.64.0.2 - - [03/Dec/2025:23:04:43 +0000] "GET /v2.0/floatingips?fixed_ip_address=10.100.0.13&port_id=2ddd2e67-0936-4912-882f-2fb95a873814 HTTP/1.1" 200 19 "-" "python-neutronclient"
100.64.0.2 - - [03/Dec/2025:23:04:43 +0000] "GET /v2.0/security-groups?id=a57c0918-099b-4c94-9180-31f23e01f758&fields=id&fields=name HTTP/1.1" 200 113 "-" "python-neutronclient"
100.64.0.2 - - [03/Dec/2025:23:04:43 +0000] "GET /v2.0/subnets?id=181b3d4b-fc36-4fc1-a048-3b2498835999 HTTP/1.1" 200 653 "-" "python-neutronclient"
100.64.0.2 - - [03/Dec/2025:23:04:43 +0000] "GET /v2.0/ports?network_id=1252b403-ddfb-438d-b09e-9279f568b5bd&device_owner=network%3Adhcp HTTP/1.1" 200 12 "-" "python-neutronclient"
100.64.0.2 - - [03/Dec/2025:23:04:43 +0000] "GET /v2.0/networks/1252b403-ddfb-438d-b09e-9279f568b5bd?fields=segments HTTP/1.1" 200 14 "-" "python-neutronclient"
100.64.0.2 - - [03/Dec/2025:23:04:44 +0000] "GET /v2.0/networks/1252b403-ddfb-438d-b09e-9279f568b5bd?fields=provider%3Aphysical_network&fields=provider%3Anetwork_type HTTP/1.1" 200 79 "-" "python-neutronclient"
10.128.1.49 - - [03/Dec/2025:23:04:44 +0000] "GET /v2.0/ports?device_id=b904f7bb-df60-4951-9345-8bc26bc98904 HTTP/1.1" 200 1107 "-" "python-neutronclient"
10.128.1.49 - - [03/Dec/2025:23:04:44 +0000] "GET /v2.0/security-groups?id=a57c0918-099b-4c94-9180-31f23e01f758&fields=id&fields=name HTTP/1.1" 200 113 "-" "python-neutronclient"
10.128.0.2 - - [03/Dec/2025:23:04:42 +0000] "POST /v2.0/floatingips HTTP/1.1" 201 882 "-" "python-urllib3/1.26.5"
10.128.0.2 - - [03/Dec/2025:23:04:45 +0000] "GET /v2.0/floatingips/52363b63-8250-46b5-ac07-c5aa2d4c71b1 HTTP/1.1" 200 884 "-" "python-urllib3/1.26.5"
10.128.1.49 - - [03/Dec/2025:23:04:46 +0000] "GET /v2.0/ports?device_id=b904f7bb-df60-4951-9345-8bc26bc98904 HTTP/1.1" 200 1107 "-" "python-neutronclient"
10.128.1.49 - - [03/Dec/2025:23:04:46 +0000] "GET /v2.0/security-groups?id=a57c0918-099b-4c94-9180-31f23e01f758&fields=id&fields=name HTTP/1.1" 200 113 "-" "python-neutronclient"
100.64.0.2 - - [03/Dec/2025:23:04:46 +0000] "GET /v2.0/ports?tenant_id=5f45986fc95543d5a0014e214c498f28&device_id=013c053b-369f-435d-9928-933602c5130a HTTP/1.1" 200 1350 "-" "python-neutronclient"
10.128.1.49 - - [03/Dec/2025:23:04:46 +0000] "GET /v2.0/ports?device_id=b904f7bb-df60-4951-9345-8bc26bc98904 HTTP/1.1" 200 1107 "-" "python-neutronclient"
10.128.1.49 - - [03/Dec/2025:23:04:47 +0000] "GET /v2.0/security-groups?id=a57c0918-099b-4c94-9180-31f23e01f758&fields=id&fields=name HTTP/1.1" 200 113 "-" "python-neutronclient"
100.64.0.2 - - [03/Dec/2025:23:04:47 +0000] "GET /v2.0/networks?id=9e3efea1-e674-49a1-97dc-63de5ed60b9f HTTP/1.1" 200 772 "-" "python-neutronclient"
10.128.0.2 - - [03/Dec/2025:23:04:48 +0000] "GET /v2.0/ports?device_id=b904f7bb-df60-4951-9345-8bc26bc98904 HTTP/1.1" 200 1374 "-" "python-urllib3/1.26.5"
100.64.0.2 - - [03/Dec/2025:23:04:48 +0000] "GET /v2.0/floatingips?fixed_ip_address=10.100.0.10&port_id=67bef7a6-5c2a-4d8d-8c68-75e792658c75 HTTP/1.1" 200 887 "-" "python-neutronclient"
100.64.0.2 - - [03/Dec/2025:23:04:48 +0000] "GET /v2.0/subnets?id=12d88d87-d0de-4078-a9d1-61908d6f46e3 HTTP/1.1" 200 653 "-" "python-neutronclient"
100.64.0.2 - - [03/Dec/2025:23:04:48 +0000] "GET /v2.0/ports?network_id=9e3efea1-e674-49a1-97dc-63de5ed60b9f&device_owner=network%3Adhcp HTTP/1.1" 200 12 "-" "python-neutronclient"
100.64.0.2 - - [03/Dec/2025:23:04:49 +0000] "GET /v2.0/networks/9e3efea1-e674-49a1-97dc-63de5ed60b9f?fields=segments HTTP/1.1" 200 14 "-" "python-neutronclient"
100.64.0.2 - - [03/Dec/2025:23:04:49 +0000] "GET /v2.0/networks/9e3efea1-e674-49a1-97dc-63de5ed60b9f?fields=provider%3Aphysical_network&fields=provider%3Anetwork_type HTTP/1.1" 200 79 "-" "python-neutronclient"
10.128.0.2 - - [03/Dec/2025:23:04:48 +0000] "POST /v2.0/floatingips HTTP/1.1" 201 882 "-" "python-urllib3/1.26.5"
100.64.0.2 - - [03/Dec/2025:23:04:50 +0000] "GET /v2.0/ports?tenant_id=3989de3c2cf844418cdd96de2dc55a66&device_id=b904f7bb-df60-4951-9345-8bc26bc98904 HTTP/1.1" 200 1374 "-" "python-neutronclient"
10.128.1.49 - - [03/Dec/2025:23:04:50 +0000] "GET /v2.0/ports?device_id=b904f7bb-df60-4951-9345-8bc26bc98904 HTTP/1.1" 200 1107 "-" "python-neutronclient"
100.64.0.2 - - [03/Dec/2025:23:04:50 +0000] "GET /v2.0/networks?id=1252b403-ddfb-438d-b09e-9279f568b5bd HTTP/1.1" 200 771 "-" "python-neutronclient"
10.128.1.49 - - [03/Dec/2025:23:04:50 +0000] "GET /v2.0/security-groups?id=a57c0918-099b-4c94-9180-31f23e01f758&fields=id&fields=name HTTP/1.1" 200 113 "-" "python-neutronclient"
100.64.0.2 - - [03/Dec/2025:23:04:50 +0000] "GET /v2.0/floatingips?fixed_ip_address=10.100.0.13&port_id=2ddd2e67-0936-4912-882f-2fb95a873814 HTTP/1.1" 200 887 "-" "python-neutronclient"
10.128.0.2 - - [03/Dec/2025:23:04:50 +0000] "GET /v2.0/floatingips/29f3e2df-106f-437c-b488-a44e0c06c3ba HTTP/1.1" 200 884 "-" "python-urllib3/1.26.5"
100.64.0.2 - - [03/Dec/2025:23:04:50 +0000] "GET /v2.0/subnets?id=181b3d4b-fc36-4fc1-a048-3b2498835999 HTTP/1.1" 200 653 "-" "python-neutronclient"
100.64.0.2 - - [03/Dec/2025:23:04:51 +0000] "GET /v2.0/ports?network_id=1252b403-ddfb-438d-b09e-9279f568b5bd&device_owner=network%3Adhcp HTTP/1.1" 200 12 "-" "python-neutronclient"
100.64.0.2 - - [03/Dec/2025:23:04:51 +0000] "GET /v2.0/networks/1252b403-ddfb-438d-b09e-9279f568b5bd?fields=segments HTTP/1.1" 200 14 "-" "python-neutronclient"
100.64.0.2 - - [03/Dec/2025:23:04:51 +0000] "GET /v2.0/networks/1252b403-ddfb-438d-b09e-9279f568b5bd?fields=provider%3Aphysical_network&fields=provider%3Anetwork_type HTTP/1.1" 200 79 "-" "python-neutronclient"
10.128.0.2 - - [03/Dec/2025:23:04:53 +0000] "GET / HTTP/1.1" 200 122 "-" "kube-probe/1.31"
10.128.0.2 - - [03/Dec/2025:23:04:53 +0000] "GET / HTTP/1.1" 200 122 "-" "kube-probe/1.31"
10.128.0.2 - - [03/Dec/2025:23:04:53 +0000] "GET / HTTP/1.1" 200 122 "-" "kube-probe/1.31"
10.128.0.2 - - [03/Dec/2025:23:04:59 +0000] "POST /v2.0/networks HTTP/1.1" 201 651 "-" "python-urllib3/1.26.5"
10.128.0.2 - - [03/Dec/2025:23:05:01 +0000] "GET /v2.0/subnets?project_id=5f45986fc95543d5a0014e214c498f28&cidr=10.100.0.0%2F28 HTTP/1.1" 200 653 "-" "python-urllib3/1.26.5"
10.128.0.2 - - [03/Dec/2025:23:05:01 +0000] "GET /v2.0/networks?router%3Aexternal=True HTTP/1.1" 200 1567 "-" "python-urllib3/1.26.5"
10.128.0.2 - - [03/Dec/2025:23:05:02 +0000] "GET /v2.0/subnets?network_id=028583f1-6fe0-4d55-b869-739d10dff786&cidr=10.100.0.0%2F28 HTTP/1.1" 200 14 "-" "python-urllib3/1.26.5"
10.128.0.2 - - [03/Dec/2025:23:05:02 +0000] "GET /v2.0/subnets?network_id=27d6c5e6-f9ae-4cab-9ef3-af7441386ba8&cidr=10.100.0.0%2F28 HTTP/1.1" 200 14 "-" "python-urllib3/1.26.5"
10.128.0.2 - - [03/Dec/2025:23:05:02 +0000] "GET /v2.0/subnets?project_id=5f45986fc95543d5a0014e214c498f28&cidr=10.100.0.16%2F28 HTTP/1.1" 200 14 "-" "python-urllib3/1.26.5"
10.128.0.2 - - [03/Dec/2025:23:05:02 +0000] "GET /v2.0/networks?router%3Aexternal=True HTTP/1.1" 200 1567 "-" "python-urllib3/1.26.5"
10.128.0.2 - - [03/Dec/2025:23:05:03 +0000] "GET /v2.0/subnets?network_id=028583f1-6fe0-4d55-b869-739d10dff786&cidr=10.100.0.16%2F28 HTTP/1.1" 200 14 "-" "python-urllib3/1.26.5"
10.128.0.2 - - [03/Dec/2025:23:05:03 +0000] "GET /v2.0/subnets?network_id=27d6c5e6-f9ae-4cab-9ef3-af7441386ba8&cidr=10.100.0.16%2F28 HTTP/1.1" 200 14 "-" "python-urllib3/1.26.5"
10.128.0.2 - - [03/Dec/2025:23:05:03 +0000] "POST /v2.0/subnets HTTP/1.1" 201 627 "-" "python-urllib3/1.26.5"
10.128.1.49 - - [03/Dec/2025:23:05:04 +0000] "GET /v2.0/ports?device_id=b904f7bb-df60-4951-9345-8bc26bc98904 HTTP/1.1" 200 1107 "-" "python-neutronclient"
10.128.1.49 - - [03/Dec/2025:23:05:04 +0000] "GET /v2.0/security-groups?id=a57c0918-099b-4c94-9180-31f23e01f758&fields=id&fields=name HTTP/1.1" 200 113 "-" "python-neutronclient"
10.128.0.2 - - [03/Dec/2025:23:05:04 +0000] "GET /v2.0/ports?device_id=013c053b-369f-435d-9928-933602c5130a HTTP/1.1" 200 1350 "-" "python-urllib3/1.26.5"
100.64.0.2 - - [03/Dec/2025:23:05:04 +0000] "GET /v2.0/networks/dfb92cbd-db78-412e-9eec-c81ead195b4f?fields=segments HTTP/1.1" 200 14 "-" "python-neutronclient"
100.64.0.2 - - [03/Dec/2025:23:05:04 +0000] "GET /v2.0/networks/dfb92cbd-db78-412e-9eec-c81ead195b4f?fields=provider%3Aphysical_network&fields=provider%3Anetwork_type HTTP/1.1" 200 79 "-" "python-neutronclient"
100.64.0.2 - - [03/Dec/2025:23:05:05 +0000] "GET /v2.0/networks?id=dfb92cbd-db78-412e-9eec-c81ead195b4f HTTP/1.1" 200 673 "-" "python-neutronclient"
10.128.1.49 - - [03/Dec/2025:23:05:05 +0000] "GET /v2.0/ports?device_id=b904f7bb-df60-4951-9345-8bc26bc98904 HTTP/1.1" 200 1107 "-" "python-neutronclient"
10.128.1.49 - - [03/Dec/2025:23:05:05 +0000] "GET /v2.0/security-groups?id=a57c0918-099b-4c94-9180-31f23e01f758&fields=id&fields=name HTTP/1.1" 200 113 "-" "python-neutronclient"
100.64.0.2 - - [03/Dec/2025:23:05:05 +0000] "POST /v2.0/ports HTTP/1.1" 201 963 "-" "python-neutronclient"
10.128.1.49 - - [03/Dec/2025:23:05:07 +0000] "GET /v2.0/ports?device_id=b904f7bb-df60-4951-9345-8bc26bc98904 HTTP/1.1" 200 1107 "-" "python-neutronclient"
10.128.1.49 - - [03/Dec/2025:23:05:07 +0000] "GET /v2.0/security-groups?id=a57c0918-099b-4c94-9180-31f23e01f758&fields=id&fields=name HTTP/1.1" 200 113 "-" "python-neutronclient"
100.64.0.2 - - [03/Dec/2025:23:05:06 +0000] "PUT /v2.0/ports/916aadf3-81ab-4ac8-88bd-2d3ef0a86841 HTTP/1.1" 200 1317 "-" "python-neutronclient"
100.64.0.2 - - [03/Dec/2025:23:05:08 +0000] "GET /v2.0/ports?tenant_id=5f45986fc95543d5a0014e214c498f28&device_id=013c053b-369f-435d-9928-933602c5130a HTTP/1.1" 200 2687 "-" "python-neutronclient"
100.64.0.2 - - [03/Dec/2025:23:05:08 +0000] "GET /v2.0/floatingips?fixed_ip_address=10.100.0.10&port_id=67bef7a6-5c2a-4d8d-8c68-75e792658c75 HTTP/1.1" 200 887 "-" "python-neutronclient"
100.64.0.2 - - [03/Dec/2025:23:05:08 +0000] "GET /v2.0/subnets?id=12d88d87-d0de-4078-a9d1-61908d6f46e3 HTTP/1.1" 200 653 "-" "python-neutronclient"
10.128.1.49 - - [03/Dec/2025:23:05:08 +0000] "GET /v2.0/ports?device_id=b904f7bb-df60-4951-9345-8bc26bc98904 HTTP/1.1" 200 1105 "-" "python-neutronclient"
100.64.0.2 - - [03/Dec/2025:23:05:08 +0000] "GET /v2.0/ports?network_id=9e3efea1-e674-49a1-97dc-63de5ed60b9f&device_owner=network%3Adhcp HTTP/1.1" 200 12 "-" "python-neutronclient"
10.128.1.49 - - [03/Dec/2025:23:05:09 +0000] "GET /v2.0/security-groups?id=a57c0918-099b-4c94-9180-31f23e01f758&fields=id&fields=name HTTP/1.1" 200 113 "-" "python-neutronclient"
100.64.0.2 - - [03/Dec/2025:23:05:09 +0000] "GET /v2.0/networks/9e3efea1-e674-49a1-97dc-63de5ed60b9f?fields=segments HTTP/1.1" 200 14 "-" "python-neutronclient"
100.64.0.2 - - [03/Dec/2025:23:05:09 +0000] "GET /v2.0/networks/9e3efea1-e674-49a1-97dc-63de5ed60b9f?fields=provider%3Aphysical_network&fields=provider%3Anetwork_type HTTP/1.1" 200 79 "-" "python-neutronclient"
100.64.0.2 - - [03/Dec/2025:23:05:09 +0000] "GET /v2.0/floatingips?fixed_ip_address=10.100.0.30&port_id=916aadf3-81ab-4ac8-88bd-2d3ef0a86841 HTTP/1.1" 200 19 "-" "python-neutronclient"
100.64.0.2 - - [03/Dec/2025:23:05:10 +0000] "GET /v2.0/ports?device_id=b904f7bb-df60-4951-9345-8bc26bc98904 HTTP/1.1" 200 1372 "-" "python-neutronclient"
100.64.0.2 - - [03/Dec/2025:23:05:10 +0000] "GET /v2.0/subnets?id=e1b8433b-19d0-43d9-b0d9-c4b8abc1ed91 HTTP/1.1" 200 648 "-" "python-neutronclient"
100.64.0.2 - - [03/Dec/2025:23:05:10 +0000] "GET /v2.0/ports?network_id=dfb92cbd-db78-412e-9eec-c81ead195b4f&device_owner=network%3Adhcp HTTP/1.1" 200 12 "-" "python-neutronclient"
100.64.0.2 - - [03/Dec/2025:23:05:10 +0000] "GET /v2.0/security-groups?id=a57c0918-099b-4c94-9180-31f23e01f758&fields=id&fields=name HTTP/1.1" 200 113 "-" "python-neutronclient"
10.128.1.49 - - [03/Dec/2025:23:05:10 +0000] "GET /v2.0/ports?device_id=b904f7bb-df60-4951-9345-8bc26bc98904 HTTP/1.1" 200 1105 "-" "python-neutronclient"
10.128.1.49 - - [03/Dec/2025:23:05:10 +0000] "GET /v2.0/security-groups?id=a57c0918-099b-4c94-9180-31f23e01f758&fields=id&fields=name HTTP/1.1" 200 113 "-" "python-neutronclient"
100.64.0.2 - - [03/Dec/2025:23:05:10 +0000] "GET /v2.0/networks/dfb92cbd-db78-412e-9eec-c81ead195b4f?fields=segments HTTP/1.1" 200 14 "-" "python-neutronclient"
100.64.0.2 - - [03/Dec/2025:23:05:11 +0000] "GET /v2.0/networks/dfb92cbd-db78-412e-9eec-c81ead195b4f?fields=provider%3Aphysical_network&fields=provider%3Anetwork_type HTTP/1.1" 200 79 "-" "python-neutronclient"
100.64.0.2 - - [03/Dec/2025:23:05:11 +0000] "GET /v2.0/ports?tenant_id=5f45986fc95543d5a0014e214c498f28&device_id=013c053b-369f-435d-9928-933602c5130a HTTP/1.1" 200 2687 "-" "python-neutronclient"
100.64.0.2 - - [03/Dec/2025:23:05:11 +0000] "GET /v2.0/networks?id=dfb92cbd-db78-412e-9eec-c81ead195b4f HTTP/1.1" 200 772 "-" "python-neutronclient"
100.64.0.2 - - [03/Dec/2025:23:05:12 +0000] "GET /v2.0/floatingips?fixed_ip_address=10.100.0.30&port_id=916aadf3-81ab-4ac8-88bd-2d3ef0a86841 HTTP/1.1" 200 19 "-" "python-neutronclient"
10.128.1.49 - - [03/Dec/2025:23:05:12 +0000] "GET /v2.0/ports?device_id=b904f7bb-df60-4951-9345-8bc26bc98904 HTTP/1.1" 200 1107 "-" "python-neutronclient"
10.128.1.49 - - [03/Dec/2025:23:05:12 +0000] "GET /v2.0/ports/916aadf3-81ab-4ac8-88bd-2d3ef0a86841 HTTP/1.1" 200 1080 "-" "python-neutronclient"
100.64.0.2 - - [03/Dec/2025:23:05:12 +0000] "GET /v2.0/subnets?id=e1b8433b-19d0-43d9-b0d9-c4b8abc1ed91 HTTP/1.1" 200 648 "-" "python-neutronclient"
10.128.1.49 - - [03/Dec/2025:23:05:12 +0000] "GET /v2.0/security-groups?id=a57c0918-099b-4c94-9180-31f23e01f758&fields=id&fields=name HTTP/1.1" 200 113 "-" "python-neutronclient"
10.128.0.2 - - [03/Dec/2025:23:05:12 +0000] "GET /v2.0/ports?device_id=013c053b-369f-435d-9928-933602c5130a HTTP/1.1" 200 2689 "-" "python-urllib3/1.26.5"
100.64.0.2 - - [03/Dec/2025:23:05:12 +0000] "GET /v2.0/ports?network_id=dfb92cbd-db78-412e-9eec-c81ead195b4f&device_owner=network%3Adhcp HTTP/1.1" 200 12 "-" "python-neutronclient"
10.128.0.2 - - [03/Dec/2025:23:05:12 +0000] "GET /v2.0/floatingips/29f3e2df-106f-437c-b488-a44e0c06c3ba HTTP/1.1" 200 884 "-" "python-urllib3/1.26.5"
100.64.0.2 - - [03/Dec/2025:23:05:12 +0000] "GET /v2.0/networks/dfb92cbd-db78-412e-9eec-c81ead195b4f?fields=segments HTTP/1.1" 200 14 "-" "python-neutronclient"
100.64.0.2 - - [03/Dec/2025:23:05:13 +0000] "GET /v2.0/networks/dfb92cbd-db78-412e-9eec-c81ead195b4f?fields=provider%3Aphysical_network&fields=provider%3Anetwork_type HTTP/1.1" 200 79 "-" "python-neutronclient"
10.128.0.2 - - [03/Dec/2025:23:05:13 +0000] "GET /v2.0/ports?project_id=5f45986fc95543d5a0014e214c498f28&network_id=dfb92cbd-db78-412e-9eec-c81ead195b4f HTTP/1.1" 200 2410 "-" "python-urllib3/1.26.5"
10.128.0.2 - - [03/Dec/2025:23:05:13 +0000] "GET /v2.0/ports/916aadf3-81ab-4ac8-88bd-2d3ef0a86841 HTTP/1.1" 200 1080 "-" "python-urllib3/1.26.5"
100.64.0.2 - - [03/Dec/2025:23:05:14 +0000] "GET /v2.0/ports/916aadf3-81ab-4ac8-88bd-2d3ef0a86841 HTTP/1.1" 200 1345 "-" "python-neutronclient"
100.64.0.2 - - [03/Dec/2025:23:05:14 +0000] "DELETE /v2.0/ports/916aadf3-81ab-4ac8-88bd-2d3ef0a86841 HTTP/1.1" 204 - "-" "python-neutronclient"
10.128.0.2 - - [03/Dec/2025:23:05:15 +0000] "GET /v2.0/ports/916aadf3-81ab-4ac8-88bd-2d3ef0a86841 HTTP/1.1" 404 132 "-" "python-urllib3/1.26.5"
100.64.0.2 - - [03/Dec/2025:23:05:15 +0000] "GET /v2.0/ports?tenant_id=5f45986fc95543d5a0014e214c498f28&device_id=013c053b-369f-435d-9928-933602c5130a HTTP/1.1" 200 1350 "-" "python-neutronclient"
10.128.0.2 - - [03/Dec/2025:23:05:15 +0000] "DELETE /v2.0/subnets/e1b8433b-19d0-43d9-b0d9-c4b8abc1ed91 HTTP/1.1" 204 - "-" "python-urllib3/1.26.5"
100.64.0.2 - - [03/Dec/2025:23:05:15 +0000] "GET /v2.0/networks?id=9e3efea1-e674-49a1-97dc-63de5ed60b9f&id=dfb92cbd-db78-412e-9eec-c81ead195b4f HTTP/1.1" 200 1492 "-" "python-neutronclient"
100.64.0.2 - - [03/Dec/2025:23:05:15 +0000] "GET /v2.0/floatingips?fixed_ip_address=10.100.0.10&port_id=67bef7a6-5c2a-4d8d-8c68-75e792658c75 HTTP/1.1" 200 887 "-" "python-neutronclient"
100.64.0.2 - - [03/Dec/2025:23:05:15 +0000] "GET /v2.0/subnets?id=12d88d87-d0de-4078-a9d1-61908d6f46e3 HTTP/1.1" 200 653 "-" "python-neutronclient"
100.64.0.2 - - [03/Dec/2025:23:05:15 +0000] "GET /v2.0/ports?network_id=9e3efea1-e674-49a1-97dc-63de5ed60b9f&device_owner=network%3Adhcp HTTP/1.1" 200 12 "-" "python-neutronclient"
10.128.0.2 - - [03/Dec/2025:23:05:15 +0000] "DELETE /v2.0/networks/dfb92cbd-db78-412e-9eec-c81ead195b4f HTTP/1.1" 204 - "-" "python-urllib3/1.26.5"
100.64.0.2 - - [03/Dec/2025:23:05:15 +0000] "GET /v2.0/networks/9e3efea1-e674-49a1-97dc-63de5ed60b9f?fields=segments HTTP/1.1" 200 14 "-" "python-neutronclient"
100.64.0.2 - - [03/Dec/2025:23:05:16 +0000] "GET /v2.0/networks/9e3efea1-e674-49a1-97dc-63de5ed60b9f?fields=provider%3Aphysical_network&fields=provider%3Anetwork_type HTTP/1.1" 200 79 "-" "python-neutronclient"
10.128.0.2 - - [03/Dec/2025:23:05:15 +0000] "DELETE /v2.0/floatingips/52363b63-8250-46b5-ac07-c5aa2d4c71b1 HTTP/1.1" 204 - "-" "python-urllib3/1.26.5"
100.64.0.2 - - [03/Dec/2025:23:05:16 +0000] "GET /v2.0/ports?tenant_id=5f45986fc95543d5a0014e214c498f28&device_id=013c053b-369f-435d-9928-933602c5130a HTTP/1.1" 200 1350 "-" "python-neutronclient"
100.64.0.2 - - [03/Dec/2025:23:05:16 +0000] "GET /v2.0/networks?id=9e3efea1-e674-49a1-97dc-63de5ed60b9f HTTP/1.1" 200 772 "-" "python-neutronclient"
100.64.0.2 - - [03/Dec/2025:23:05:17 +0000] "GET /v2.0/floatingips?fixed_ip_address=10.100.0.10&port_id=67bef7a6-5c2a-4d8d-8c68-75e792658c75 HTTP/1.1" 200 19 "-" "python-neutronclient"
10.128.1.49 - - [03/Dec/2025:23:05:16 +0000] "GET /v2.0/ports?device_id=013c053b-369f-435d-9928-933602c5130a HTTP/1.1" 200 1083 "-" "python-neutronclient"
100.64.0.2 - - [03/Dec/2025:23:05:17 +0000] "GET /v2.0/subnets?id=12d88d87-d0de-4078-a9d1-61908d6f46e3 HTTP/1.1" 200 653 "-" "python-neutronclient"
100.64.0.2 - - [03/Dec/2025:23:05:17 +0000] "GET /v2.0/ports?device_id=013c053b-369f-435d-9928-933602c5130a HTTP/1.1" 200 1081 "-" "python-neutronclient"
10.128.1.49 - - [03/Dec/2025:23:05:17 +0000] "GET /v2.0/security-groups?id=e71e42fa-66ef-49cf-a629-d0b198a66734&fields=id&fields=name HTTP/1.1" 200 114 "-" "python-neutronclient"
100.64.0.2 - - [03/Dec/2025:23:05:17 +0000] "GET /v2.0/ports?network_id=9e3efea1-e674-49a1-97dc-63de5ed60b9f&device_owner=network%3Adhcp HTTP/1.1" 200 12 "-" "python-neutronclient"
100.64.0.2 - - [03/Dec/2025:23:05:17 +0000] "GET /v2.0/networks/9e3efea1-e674-49a1-97dc-63de5ed60b9f?fields=segments HTTP/1.1" 200 14 "-" "python-neutronclient"
100.64.0.2 - - [03/Dec/2025:23:05:17 +0000] "GET /v2.0/networks/9e3efea1-e674-49a1-97dc-63de5ed60b9f?fields=provider%3Aphysical_network&fields=provider%3Anetwork_type HTTP/1.1" 200 79 "-" "python-neutronclient"
100.64.0.2 - - [03/Dec/2025:23:05:17 +0000] "DELETE /v2.0/ports/67bef7a6-5c2a-4d8d-8c68-75e792658c75 HTTP/1.1" 204 - "-" "python-neutronclient"
10.128.0.2 - - [03/Dec/2025:23:05:18 +0000] "DELETE /v2.0/security-groups/e71e42fa-66ef-49cf-a629-d0b198a66734 HTTP/1.1" 204 - "-" "python-urllib3/1.26.5"
10.128.0.2 - - [03/Dec/2025:23:05:19 +0000] "PUT /v2.0/routers/4c2662fe-196d-4c04-8d07-98aa14dfe2f5/remove_router_interface HTTP/1.1" 200 309 "-" "python-urllib3/1.26.5"
10.128.0.2 - - [03/Dec/2025:23:05:20 +0000] "DELETE /v2.0/subnets/12d88d87-d0de-4078-a9d1-61908d6f46e3 HTTP/1.1" 204 - "-" "python-urllib3/1.26.5"
10.128.0.2 - - [03/Dec/2025:23:05:21 +0000] "DELETE /v2.0/routers/4c2662fe-196d-4c04-8d07-98aa14dfe2f5 HTTP/1.1" 204 - "-" "python-urllib3/1.26.5"
10.128.0.2 - - [03/Dec/2025:23:05:22 +0000] "DELETE /v2.0/networks/9e3efea1-e674-49a1-97dc-63de5ed60b9f HTTP/1.1" 204 - "-" "python-urllib3/1.26.5"
10.128.0.2 - - [03/Dec/2025:23:05:23 +0000] "GET / HTTP/1.1" 200 122 "-" "kube-probe/1.31"
10.128.0.2 - - [03/Dec/2025:23:05:23 +0000] "GET / HTTP/1.1" 200 122 "-" "kube-probe/1.31"
10.128.0.2 - - [03/Dec/2025:23:05:23 +0000] "GET / HTTP/1.1" 200 122 "-" "kube-probe/1.31"
10.128.0.2 - - [03/Dec/2025:23:05:22 +0000] "POST /v2.0/networks HTTP/1.1" 201 652 "-" "python-urllib3/1.26.5"
10.128.0.2 - - [03/Dec/2025:23:05:23 +0000] "POST /v2.0/routers HTTP/1.1" 201 672 "-" "python-urllib3/1.26.5"
10.128.0.2 - - [03/Dec/2025:23:05:24 +0000] "GET /v2.0/subnets?project_id=5f45986fc95543d5a0014e214c498f28&cidr=10.100.0.0%2F28 HTTP/1.1" 200 14 "-" "python-urllib3/1.26.5"
10.128.0.2 - - [03/Dec/2025:23:05:24 +0000] "GET /v2.0/networks?router%3Aexternal=True HTTP/1.1" 200 1567 "-" "python-urllib3/1.26.5"
10.128.0.2 - - [03/Dec/2025:23:05:25 +0000] "GET /v2.0/subnets?network_id=028583f1-6fe0-4d55-b869-739d10dff786&cidr=10.100.0.0%2F28 HTTP/1.1" 200 14 "-" "python-urllib3/1.26.5"
10.128.0.2 - - [03/Dec/2025:23:05:25 +0000] "GET /v2.0/subnets?network_id=27d6c5e6-f9ae-4cab-9ef3-af7441386ba8&cidr=10.100.0.0%2F28 HTTP/1.1" 200 14 "-" "python-urllib3/1.26.5"
10.128.0.2 - - [03/Dec/2025:23:05:25 +0000] "POST /v2.0/subnets HTTP/1.1" 201 632 "-" "python-urllib3/1.26.5"
10.128.0.2 - - [03/Dec/2025:23:05:26 +0000] "PUT /v2.0/routers/ec874f33-fa90-43f8-bf7c-2f04af0a9bd3/add_router_interface HTTP/1.1" 200 309 "-" "python-urllib3/1.26.5"
10.128.0.2 - - [03/Dec/2025:23:05:28 +0000] "GET /v2.0/networks HTTP/1.1" 200 5325 "-" "python-urllib3/1.26.5"
10.128.0.2 - - [03/Dec/2025:23:05:28 +0000] "GET /v2.0/subnets HTTP/1.1" 200 4551 "-" "python-urllib3/1.26.5"
10.128.0.2 - - [03/Dec/2025:23:05:28 +0000] "GET /v2.0/routers HTTP/1.1" 200 1980 "-" "python-urllib3/1.26.5"
10.128.0.2 - - [03/Dec/2025:23:05:29 +0000] "POST /v2.0/security-groups HTTP/1.1" 201 1613 "-" "python-urllib3/1.26.5"
10.128.0.2 - - [03/Dec/2025:23:05:29 +0000] "POST /v2.0/security-group-rules HTTP/1.1" 201 565 "-" "python-urllib3/1.26.5"
10.128.0.2 - - [03/Dec/2025:23:05:29 +0000] "POST /v2.0/security-group-rules HTTP/1.1" 201 564 "-" "python-urllib3/1.26.5"
10.128.0.2 - - [03/Dec/2025:23:05:30 +0000] "POST /v2.0/security-group-rules HTTP/1.1" 201 570 "-" "python-urllib3/1.26.5"
10.128.0.2 - - [03/Dec/2025:23:05:30 +0000] "POST /v2.0/security-group-rules HTTP/1.1" 201 569 "-" "python-urllib3/1.26.5"
10.128.0.2 - - [03/Dec/2025:23:05:31 +0000] "POST /v2.0/security-group-rules HTTP/1.1" 201 575 "-" "python-urllib3/1.26.5"
10.128.0.2 - - [03/Dec/2025:23:05:31 +0000] "POST /v2.0/security-group-rules HTTP/1.1" 201 574 "-" "python-urllib3/1.26.5"
100.64.0.2 - - [03/Dec/2025:23:05:32 +0000] "GET /v2.0/ports?device_id=b904f7bb-df60-4951-9345-8bc26bc98904&fields=binding%3Ahost_id&fields=binding%3Avif_type HTTP/1.1" 200 96 "-" "python-neutronclient"
10.128.1.49 - - [03/Dec/2025:23:05:32 +0000] "GET /v2.0/security-groups?name=tempest-secgroup-smoke-1704611256&fields=id&tenant_id=5f45986fc95543d5a0014e214c498f28 HTTP/1.1" 200 69 "-" "python-neutronclient"
10.128.0.2 - - [03/Dec/2025:23:05:31 +0000] "DELETE /v2.0/floatingips/29f3e2df-106f-437c-b488-a44e0c06c3ba HTTP/1.1" 204 - "-" "python-urllib3/1.26.5"
10.128.1.49 - - [03/Dec/2025:23:05:32 +0000] "GET /v2.0/networks?id=c56823b3-fd04-4b12-a660-2a03ed376b56 HTTP/1.1" 200 674 "-" "python-neutronclient"
100.64.0.2 - - [03/Dec/2025:23:05:32 +0000] "GET /v2.0/ports?tenant_id=3989de3c2cf844418cdd96de2dc55a66&device_id=b904f7bb-df60-4951-9345-8bc26bc98904 HTTP/1.1" 200 1374 "-" "python-neutronclient"
10.128.1.49 - - [03/Dec/2025:23:05:32 +0000] "GET /v2.0/quotas/5f45986fc95543d5a0014e214c498f28 HTTP/1.1" 200 187 "-" "python-neutronclient"
100.64.0.2 - - [03/Dec/2025:23:05:32 +0000] "GET /v2.0/networks?id=1252b403-ddfb-438d-b09e-9279f568b5bd HTTP/1.1" 200 771 "-" "python-neutronclient"
10.128.1.49 - - [03/Dec/2025:23:05:33 +0000] "GET /v2.0/ports?device_id=b904f7bb-df60-4951-9345-8bc26bc98904 HTTP/1.1" 200 1107 "-" "python-neutronclient"
100.64.0.2 - - [03/Dec/2025:23:05:33 +0000] "GET /v2.0/ports?device_id=b904f7bb-df60-4951-9345-8bc26bc98904 HTTP/1.1" 200 1105 "-" "python-neutronclient"
10.128.1.49 - - [03/Dec/2025:23:05:33 +0000] "GET /v2.0/security-groups?id=a57c0918-099b-4c94-9180-31f23e01f758&fields=id&fields=name HTTP/1.1" 200 113 "-" "python-neutronclient"
100.64.0.2 - - [03/Dec/2025:23:05:33 +0000] "GET /v2.0/floatingips?fixed_ip_address=10.100.0.13&port_id=2ddd2e67-0936-4912-882f-2fb95a873814 HTTP/1.1" 200 19 "-" "python-neutronclient"
10.128.1.49 - - [03/Dec/2025:23:05:33 +0000] "GET /v2.0/ports?tenant_id=5f45986fc95543d5a0014e214c498f28&fields=id HTTP/1.1" 200 103 "-" "python-neutronclient"
100.64.0.2 - - [03/Dec/2025:23:05:33 +0000] "GET /v2.0/subnets?id=181b3d4b-fc36-4fc1-a048-3b2498835999 HTTP/1.1" 200 653 "-" "python-neutronclient"
10.128.1.49 - - [03/Dec/2025:23:05:33 +0000] "GET /v2.0/networks/c56823b3-fd04-4b12-a660-2a03ed376b56?fields=segments HTTP/1.1" 200 14 "-" "python-neutronclient"
100.64.0.2 - - [03/Dec/2025:23:05:33 +0000] "GET /v2.0/ports?network_id=1252b403-ddfb-438d-b09e-9279f568b5bd&device_owner=network%3Adhcp HTTP/1.1" 200 12 "-" "python-neutronclient"
100.64.0.2 - - [03/Dec/2025:23:05:33 +0000] "DELETE /v2.0/ports/2ddd2e67-0936-4912-882f-2fb95a873814 HTTP/1.1" 204 - "-" "python-neutronclient"
10.128.1.49 - - [03/Dec/2025:23:05:33 +0000] "GET /v2.0/networks/c56823b3-fd04-4b12-a660-2a03ed376b56?fields=provider%3Aphysical_network&fields=provider%3Anetwork_type HTTP/1.1" 200 79 "-" "python-neutronclient"
100.64.0.2 - - [03/Dec/2025:23:05:33 +0000] "GET /v2.0/networks/1252b403-ddfb-438d-b09e-9279f568b5bd?fields=segments HTTP/1.1" 200 14 "-" "python-neutronclient"
10.128.1.51 - - [03/Dec/2025:23:05:34 +0000] "GET /v2.0/extensions HTTP/1.1" 200 17369 "-" "python-neutronclient"
100.64.0.2 - - [03/Dec/2025:23:05:34 +0000] "GET /v2.0/networks/1252b403-ddfb-438d-b09e-9279f568b5bd?fields=provider%3Aphysical_network&fields=provider%3Anetwork_type HTTP/1.1" 200 79 "-" "python-neutronclient"
10.128.1.49 - - [03/Dec/2025:23:05:34 +0000] "GET /v2.0/ports?device_id=a3feed2d-06c9-45b4-b6fc-f44347ce5c91 HTTP/1.1" 200 12 "-" "python-neutronclient"
10.128.1.51 - - [03/Dec/2025:23:05:34 +0000] "GET /v2.0/subnets?network_id=c56823b3-fd04-4b12-a660-2a03ed376b56&fields=segment_id HTTP/1.1" 200 33 "-" "python-neutronclient"
100.64.0.2 - - [03/Dec/2025:23:05:34 +0000] "GET /v2.0/ports?tenant_id=3989de3c2cf844418cdd96de2dc55a66&device_id=b904f7bb-df60-4951-9345-8bc26bc98904 HTTP/1.1" 200 12 "-" "python-neutronclient"
10.128.1.49 - - [03/Dec/2025:23:05:35 +0000] "GET /v2.0/ports?device_id=a3feed2d-06c9-45b4-b6fc-f44347ce5c91 HTTP/1.1" 200 12 "-" "python-neutronclient"
100.64.0.2 - - [03/Dec/2025:23:05:35 +0000] "GET /v2.0/networks?id=c56823b3-fd04-4b12-a660-2a03ed376b56 HTTP/1.1" 200 674 "-" "python-neutronclient"
100.64.0.2 - - [03/Dec/2025:23:05:36 +0000] "GET /v2.0/security-groups?fields=id&fields=name&tenant_id=5f45986fc95543d5a0014e214c498f28 HTTP/1.1" 200 181 "-" "python-neutronclient"
10.128.1.49 - - [03/Dec/2025:23:05:37 +0000] "GET /v2.0/ports?device_id=a3feed2d-06c9-45b4-b6fc-f44347ce5c91 HTTP/1.1" 200 12 "-" "python-neutronclient"
10.128.0.2 - - [03/Dec/2025:23:05:34 +0000] "PUT /v2.0/routers/18598958-5a34-4d4b-b396-921afed694fc/remove_router_interface HTTP/1.1" 200 309 "-" "python-urllib3/1.26.5"
10.128.0.2 - - [03/Dec/2025:23:05:37 +0000] "DELETE /v2.0/subnets/181b3d4b-fc36-4fc1-a048-3b2498835999 HTTP/1.1" 204 - "-" "python-urllib3/1.26.5"
100.64.0.2 - - [03/Dec/2025:23:05:36 +0000] "POST /v2.0/ports HTTP/1.1" 201 959 "-" "python-neutronclient"
100.64.0.2 - - [03/Dec/2025:23:05:38 +0000] "PUT /v2.0/ports/42465614-3b0c-4eab-8df8-2e2a54cd5c12 HTTP/1.1" 200 1315 "-" "python-neutronclient"
100.64.0.2 - - [03/Dec/2025:23:05:39 +0000] "GET /v2.0/ports?tenant_id=5f45986fc95543d5a0014e214c498f28&device_id=a3feed2d-06c9-45b4-b6fc-f44347ce5c91 HTTP/1.1" 200 1346 "-" "python-neutronclient"
10.128.0.2 - - [03/Dec/2025:23:05:38 +0000] "DELETE /v2.0/routers/18598958-5a34-4d4b-b396-921afed694fc HTTP/1.1" 204 - "-" "python-urllib3/1.26.5"
10.128.1.49 - - [03/Dec/2025:23:05:38 +0000] "GET /v2.0/ports?device_id=a3feed2d-06c9-45b4-b6fc-f44347ce5c91 HTTP/1.1" 200 1079 "-" "python-neutronclient"
100.64.0.2 - - [03/Dec/2025:23:05:39 +0000] "GET /v2.0/floatingips?fixed_ip_address=10.100.0.6&port_id=42465614-3b0c-4eab-8df8-2e2a54cd5c12 HTTP/1.1" 200 19 "-" "python-neutronclient"
10.128.1.49 - - [03/Dec/2025:23:05:39 +0000] "GET /v2.0/security-groups?id=13781950-8885-45c6-8207-0e83e12b0a2c&fields=id&fields=name HTTP/1.1" 200 114 "-" "python-neutronclient"
100.64.0.2 - - [03/Dec/2025:23:05:39 +0000] "GET /v2.0/subnets?id=19f6e343-3220-421e-b64b-99ce57f382a6 HTTP/1.1" 200 653 "-" "python-neutronclient"
100.64.0.2 - - [03/Dec/2025:23:05:39 +0000] "GET /v2.0/ports?network_id=c56823b3-fd04-4b12-a660-2a03ed376b56&device_owner=network%3Adhcp HTTP/1.1" 200 12 "-" "python-neutronclient"
10.128.0.2 - - [03/Dec/2025:23:05:39 +0000] "DELETE /v2.0/networks/1252b403-ddfb-438d-b09e-9279f568b5bd HTTP/1.1" 204 - "-" "python-urllib3/1.26.5"
100.64.0.2 - - [03/Dec/2025:23:05:40 +0000] "GET /v2.0/networks/c56823b3-fd04-4b12-a660-2a03ed376b56?fields=segments HTTP/1.1" 200 14 "-" "python-neutronclient"
100.64.0.2 - - [03/Dec/2025:23:05:40 +0000] "GET /v2.0/networks/c56823b3-fd04-4b12-a660-2a03ed376b56?fields=provider%3Aphysical_network&fields=provider%3Anetwork_type HTTP/1.1" 200 79 "-" "python-neutronclient"
10.128.0.2 - - [03/Dec/2025:23:05:40 +0000] "DELETE /v2.0/security-groups/a57c0918-099b-4c94-9180-31f23e01f758 HTTP/1.1" 204 - "-" "python-urllib3/1.26.5"
100.64.0.2 - - [03/Dec/2025:23:05:40 +0000] "GET /v2.0/ports?tenant_id=5f45986fc95543d5a0014e214c498f28&device_id=a3feed2d-06c9-45b4-b6fc-f44347ce5c91 HTTP/1.1" 200 1346 "-" "python-neutronclient"
10.128.1.49 - - [03/Dec/2025:23:05:40 +0000] "GET /v2.0/ports?device_id=a3feed2d-06c9-45b4-b6fc-f44347ce5c91 HTTP/1.1" 200 1079 "-" "python-neutronclient"
100.64.0.2 - - [03/Dec/2025:23:05:41 +0000] "GET /v2.0/ports?device_id=a3feed2d-06c9-45b4-b6fc-f44347ce5c91 HTTP/1.1" 200 1346 "-" "python-neutronclient"
100.64.0.2 - - [03/Dec/2025:23:05:41 +0000] "GET /v2.0/networks?id=c56823b3-fd04-4b12-a660-2a03ed376b56 HTTP/1.1" 200 773 "-" "python-neutronclient"
100.64.0.2 - - [03/Dec/2025:23:05:41 +0000] "GET /v2.0/floatingips?fixed_ip_address=10.100.0.6&port_id=42465614-3b0c-4eab-8df8-2e2a54cd5c12 HTTP/1.1" 200 19 "-" "python-neutronclient"
100.64.0.2 - - [03/Dec/2025:23:05:41 +0000] "GET /v2.0/security-groups?id=13781950-8885-45c6-8207-0e83e12b0a2c&fields=id&fields=name HTTP/1.1" 200 114 "-" "python-neutronclient"
10.128.1.49 - - [03/Dec/2025:23:05:41 +0000] "GET /v2.0/security-groups?id=13781950-8885-45c6-8207-0e83e12b0a2c&fields=id&fields=name HTTP/1.1" 200 114 "-" "python-neutronclient"
10.128.0.2 - - [03/Dec/2025:23:05:41 +0000] "POST /v2.0/security-groups HTTP/1.1" 201 1613 "-" "python-urllib3/1.26.5"
100.64.0.2 - - [03/Dec/2025:23:05:41 +0000] "GET /v2.0/subnets?id=19f6e343-3220-421e-b64b-99ce57f382a6 HTTP/1.1" 200 653 "-" "python-neutronclient"
100.64.0.2 - - [03/Dec/2025:23:05:41 +0000] "GET /v2.0/ports?network_id=c56823b3-fd04-4b12-a660-2a03ed376b56&device_owner=network%3Adhcp HTTP/1.1" 200 12 "-" "python-neutronclient"
10.128.0.2 - - [03/Dec/2025:23:05:41 +0000] "POST /v2.0/security-group-rules HTTP/1.1" 201 565 "-" "python-urllib3/1.26.5"
100.64.0.2 - - [03/Dec/2025:23:05:41 +0000] "GET /v2.0/networks/c56823b3-fd04-4b12-a660-2a03ed376b56?fields=segments HTTP/1.1" 200 14 "-" "python-neutronclient"
100.64.0.2 - - [03/Dec/2025:23:05:42 +0000] "GET /v2.0/networks/c56823b3-fd04-4b12-a660-2a03ed376b56?fields=provider%3Aphysical_network&fields=provider%3Anetwork_type HTTP/1.1" 200 79 "-" "python-neutronclient"
10.128.0.2 - - [03/Dec/2025:23:05:41 +0000] "POST /v2.0/security-group-rules HTTP/1.1" 201 564 "-" "python-urllib3/1.26.5"
10.128.0.2 - - [03/Dec/2025:23:05:42 +0000] "POST /v2.0/security-group-rules HTTP/1.1" 201 570 "-" "python-urllib3/1.26.5"
10.128.1.49 - - [03/Dec/2025:23:05:42 +0000] "GET /v2.0/ports?device_id=a3feed2d-06c9-45b4-b6fc-f44347ce5c91 HTTP/1.1" 200 1081 "-" "python-neutronclient"
10.128.0.2 - - [03/Dec/2025:23:05:42 +0000] "POST /v2.0/security-group-rules HTTP/1.1" 201 569 "-" "python-urllib3/1.26.5"
10.128.1.49 - - [03/Dec/2025:23:05:42 +0000] "GET /v2.0/security-groups?id=13781950-8885-45c6-8207-0e83e12b0a2c&fields=id&fields=name HTTP/1.1" 200 114 "-" "python-neutronclient"
10.128.0.2 - - [03/Dec/2025:23:05:42 +0000] "POST /v2.0/security-group-rules HTTP/1.1" 201 575 "-" "python-urllib3/1.26.5"
10.128.0.2 - - [03/Dec/2025:23:05:43 +0000] "POST /v2.0/security-group-rules HTTP/1.1" 201 574 "-" "python-urllib3/1.26.5"
10.128.1.49 - - [03/Dec/2025:23:05:44 +0000] "GET /v2.0/ports?device_id=a3feed2d-06c9-45b4-b6fc-f44347ce5c91 HTTP/1.1" 200 1081 "-" "python-neutronclient"
10.128.0.2 - - [03/Dec/2025:23:05:43 +0000] "POST /v2.0/networks HTTP/1.1" 201 651 "-" "python-urllib3/1.26.5"
10.128.1.49 - - [03/Dec/2025:23:05:44 +0000] "GET /v2.0/security-groups?id=13781950-8885-45c6-8207-0e83e12b0a2c&fields=id&fields=name HTTP/1.1" 200 114 "-" "python-neutronclient"
10.128.1.49 - - [03/Dec/2025:23:05:44 +0000] "GET /v2.0/ports?device_id=a3feed2d-06c9-45b4-b6fc-f44347ce5c91 HTTP/1.1" 200 1081 "-" "python-neutronclient"
10.128.1.49 - - [03/Dec/2025:23:05:44 +0000] "GET /v2.0/security-groups?id=13781950-8885-45c6-8207-0e83e12b0a2c&fields=id&fields=name HTTP/1.1" 200 114 "-" "python-neutronclient"
10.128.0.2 - - [03/Dec/2025:23:05:45 +0000] "GET /v2.0/ports?device_id=a3feed2d-06c9-45b4-b6fc-f44347ce5c91 HTTP/1.1" 200 1348 "-" "python-urllib3/1.26.5"
10.128.1.65 - - [03/Dec/2025:23:05:46 +0000] "GET /v2.0/floatingips HTTP/1.1" 200 884 "-" "python-neutronclient"
10.128.0.2 - - [03/Dec/2025:23:05:44 +0000] "POST /v2.0/routers HTTP/1.1" 201 680 "-" "python-urllib3/1.26.5"
10.128.0.2 - - [03/Dec/2025:23:05:46 +0000] "GET /v2.0/subnets?project_id=3989de3c2cf844418cdd96de2dc55a66&cidr=10.100.0.0%2F28 HTTP/1.1" 200 14 "-" "python-urllib3/1.26.5"
10.128.0.2 - - [03/Dec/2025:23:05:46 +0000] "GET /v2.0/networks?router%3Aexternal=True HTTP/1.1" 200 1567 "-" "python-urllib3/1.26.5"
10.128.0.2 - - [03/Dec/2025:23:05:46 +0000] "GET /v2.0/subnets?network_id=028583f1-6fe0-4d55-b869-739d10dff786&cidr=10.100.0.0%2F28 HTTP/1.1" 200 14 "-" "python-urllib3/1.26.5"
10.128.0.2 - - [03/Dec/2025:23:05:47 +0000] "GET /v2.0/subnets?network_id=27d6c5e6-f9ae-4cab-9ef3-af7441386ba8&cidr=10.100.0.0%2F28 HTTP/1.1" 200 14 "-" "python-urllib3/1.26.5"
10.128.0.2 - - [03/Dec/2025:23:05:45 +0000] "POST /v2.0/floatingips HTTP/1.1" 201 881 "-" "python-urllib3/1.26.5"
10.128.0.2 - - [03/Dec/2025:23:05:47 +0000] "GET /v2.0/floatingips/03d2e391-4eb3-4bd5-a6db-079e210c9906 HTTP/1.1" 200 883 "-" "python-urllib3/1.26.5"
100.64.0.2 - - [03/Dec/2025:23:05:48 +0000] "GET /v2.0/ports?tenant_id=5f45986fc95543d5a0014e214c498f28&device_id=a3feed2d-06c9-45b4-b6fc-f44347ce5c91 HTTP/1.1" 200 1348 "-" "python-neutronclient"
100.64.0.2 - - [03/Dec/2025:23:05:48 +0000] "GET /v2.0/networks?id=c56823b3-fd04-4b12-a660-2a03ed376b56 HTTP/1.1" 200 773 "-" "python-neutronclient"
100.64.0.2 - - [03/Dec/2025:23:05:48 +0000] "GET /v2.0/floatingips?fixed_ip_address=10.100.0.6&port_id=42465614-3b0c-4eab-8df8-2e2a54cd5c12 HTTP/1.1" 200 886 "-" "python-neutronclient"
