100.64.0.2 - - [03/Dec/2025:23:05:48 +0000] "GET /v2.0/subnets?id=19f6e343-3220-421e-b64b-99ce57f382a6 HTTP/1.1" 200 653 "-" "python-neutronclient"
100.64.0.2 - - [03/Dec/2025:23:05:48 +0000] "GET /v2.0/ports?network_id=c56823b3-fd04-4b12-a660-2a03ed376b56&device_owner=network%3Adhcp HTTP/1.1" 200 12 "-" "python-neutronclient"
100.64.0.2 - - [03/Dec/2025:23:05:48 +0000] "GET /v2.0/networks/c56823b3-fd04-4b12-a660-2a03ed376b56?fields=segments HTTP/1.1" 200 14 "-" "python-neutronclient"
100.64.0.2 - - [03/Dec/2025:23:05:49 +0000] "GET /v2.0/networks/c56823b3-fd04-4b12-a660-2a03ed376b56?fields=provider%3Aphysical_network&fields=provider%3Anetwork_type HTTP/1.1" 200 79 "-" "python-neutronclient"
10.128.0.2 - - [03/Dec/2025:23:05:47 +0000] "POST /v2.0/subnets HTTP/1.1" 201 633 "-" "python-urllib3/1.26.5"
10.128.0.2 - - [03/Dec/2025:23:05:49 +0000] "PUT /v2.0/routers/514ef57a-8e66-4d8d-8797-9bc1feca7e5a/add_router_interface HTTP/1.1" 200 309 "-" "python-urllib3/1.26.5"
10.128.0.2 - - [03/Dec/2025:23:05:53 +0000] "GET / HTTP/1.1" 200 122 "-" "kube-probe/1.31"
10.128.0.2 - - [03/Dec/2025:23:05:53 +0000] "GET / HTTP/1.1" 200 122 "-" "kube-probe/1.31"
10.128.0.2 - - [03/Dec/2025:23:05:53 +0000] "GET / HTTP/1.1" 200 122 "-" "kube-probe/1.31"
10.128.1.49 - - [03/Dec/2025:23:05:53 +0000] "GET /v2.0/security-groups?name=tempest-secgroup-smoke-1962308228&fields=id&tenant_id=3989de3c2cf844418cdd96de2dc55a66 HTTP/1.1" 200 69 "-" "python-neutronclient"
10.128.1.49 - - [03/Dec/2025:23:05:53 +0000] "GET /v2.0/networks?id=eda685e9-cbc0-4932-8f0d-82169d159c04 HTTP/1.1" 200 673 "-" "python-neutronclient"
10.128.1.49 - - [03/Dec/2025:23:05:53 +0000] "GET /v2.0/quotas/3989de3c2cf844418cdd96de2dc55a66 HTTP/1.1" 200 187 "-" "python-neutronclient"
10.128.1.49 - - [03/Dec/2025:23:05:54 +0000] "GET /v2.0/ports?tenant_id=3989de3c2cf844418cdd96de2dc55a66&fields=id HTTP/1.1" 200 103 "-" "python-neutronclient"
10.128.1.49 - - [03/Dec/2025:23:05:55 +0000] "GET /v2.0/networks/eda685e9-cbc0-4932-8f0d-82169d159c04?fields=segments HTTP/1.1" 200 14 "-" "python-neutronclient"
10.128.1.49 - - [03/Dec/2025:23:05:56 +0000] "GET /v2.0/networks/eda685e9-cbc0-4932-8f0d-82169d159c04?fields=provider%3Aphysical_network&fields=provider%3Anetwork_type HTTP/1.1" 200 79 "-" "python-neutronclient"
10.128.1.51 - - [03/Dec/2025:23:05:56 +0000] "GET /v2.0/extensions HTTP/1.1" 200 17369 "-" "python-neutronclient"
10.128.1.49 - - [03/Dec/2025:23:05:56 +0000] "GET /v2.0/ports?device_id=1da705f2-7565-4b36-885f-ef0b7a5db2a1 HTTP/1.1" 200 12 "-" "python-neutronclient"
10.128.1.51 - - [03/Dec/2025:23:05:57 +0000] "GET /v2.0/subnets?network_id=eda685e9-cbc0-4932-8f0d-82169d159c04&fields=segment_id HTTP/1.1" 200 33 "-" "python-neutronclient"
100.64.0.2 - - [03/Dec/2025:23:05:58 +0000] "GET /v2.0/networks?id=eda685e9-cbc0-4932-8f0d-82169d159c04 HTTP/1.1" 200 673 "-" "python-neutronclient"
100.64.0.2 - - [03/Dec/2025:23:05:58 +0000] "GET /v2.0/security-groups?fields=id&fields=name&tenant_id=3989de3c2cf844418cdd96de2dc55a66 HTTP/1.1" 200 181 "-" "python-neutronclient"
10.128.1.49 - - [03/Dec/2025:23:05:58 +0000] "GET /v2.0/ports?device_id=1da705f2-7565-4b36-885f-ef0b7a5db2a1 HTTP/1.1" 200 12 "-" "python-neutronclient"
100.64.0.2 - - [03/Dec/2025:23:05:58 +0000] "POST /v2.0/ports HTTP/1.1" 201 963 "-" "python-neutronclient"
10.128.1.49 - - [03/Dec/2025:23:05:59 +0000] "GET /v2.0/ports?device_id=1da705f2-7565-4b36-885f-ef0b7a5db2a1 HTTP/1.1" 200 1105 "-" "python-neutronclient"
100.64.0.2 - - [03/Dec/2025:23:05:59 +0000] "PUT /v2.0/ports/f3434f50-3089-4167-9385-4c444fce7e3e HTTP/1.1" 200 1341 "-" "python-neutronclient"
10.128.1.49 - - [03/Dec/2025:23:06:00 +0000] "GET /v2.0/security-groups?id=59dced2e-b03f-40b6-944d-f29121197d4c&fields=id&fields=name HTTP/1.1" 200 114 "-" "python-neutronclient"
100.64.0.2 - - [03/Dec/2025:23:06:00 +0000] "GET /v2.0/ports?tenant_id=3989de3c2cf844418cdd96de2dc55a66&device_id=1da705f2-7565-4b36-885f-ef0b7a5db2a1 HTTP/1.1" 200 1372 "-" "python-neutronclient"
100.64.0.2 - - [03/Dec/2025:23:06:00 +0000] "GET /v2.0/floatingips?fixed_ip_address=10.100.0.11&port_id=f3434f50-3089-4167-9385-4c444fce7e3e HTTP/1.1" 200 19 "-" "python-neutronclient"
100.64.0.2 - - [03/Dec/2025:23:06:00 +0000] "GET /v2.0/subnets?id=cf3e7800-d5f8-4556-9256-850271088f5d HTTP/1.1" 200 654 "-" "python-neutronclient"
100.64.0.2 - - [03/Dec/2025:23:06:00 +0000] "GET /v2.0/ports?network_id=eda685e9-cbc0-4932-8f0d-82169d159c04&device_owner=network%3Adhcp HTTP/1.1" 200 12 "-" "python-neutronclient"
100.64.0.2 - - [03/Dec/2025:23:06:00 +0000] "GET /v2.0/networks/eda685e9-cbc0-4932-8f0d-82169d159c04?fields=segments HTTP/1.1" 200 14 "-" "python-neutronclient"
10.128.0.2 - - [03/Dec/2025:23:06:00 +0000] "GET /v2.0/ports?project_id=5f45986fc95543d5a0014e214c498f28&network_id=c56823b3-fd04-4b12-a660-2a03ed376b56 HTTP/1.1" 200 3464 "-" "python-urllib3/1.26.5"
100.64.0.2 - - [03/Dec/2025:23:06:00 +0000] "GET /v2.0/networks/eda685e9-cbc0-4932-8f0d-82169d159c04?fields=provider%3Aphysical_network&fields=provider%3Anetwork_type HTTP/1.1" 200 79 "-" "python-neutronclient"
100.64.0.2 - - [03/Dec/2025:23:06:01 +0000] "GET /v2.0/ports?tenant_id=3989de3c2cf844418cdd96de2dc55a66&device_id=1da705f2-7565-4b36-885f-ef0b7a5db2a1 HTTP/1.1" 200 1372 "-" "python-neutronclient"
10.128.0.2 - - [03/Dec/2025:23:06:01 +0000] "GET /v2.0/subnets?network_id=028583f1-6fe0-4d55-b869-739d10dff786 HTTP/1.1" 200 651 "-" "python-urllib3/1.26.5"
100.64.0.2 - - [03/Dec/2025:23:06:01 +0000] "GET /v2.0/ports?device_id=1da705f2-7565-4b36-885f-ef0b7a5db2a1 HTTP/1.1" 200 1372 "-" "python-neutronclient"
100.64.0.2 - - [03/Dec/2025:23:06:01 +0000] "GET /v2.0/networks?id=eda685e9-cbc0-4932-8f0d-82169d159c04 HTTP/1.1" 200 772 "-" "python-neutronclient"
100.64.0.2 - - [03/Dec/2025:23:06:01 +0000] "GET /v2.0/floatingips?fixed_ip_address=10.100.0.11&port_id=f3434f50-3089-4167-9385-4c444fce7e3e HTTP/1.1" 200 19 "-" "python-neutronclient"
100.64.0.2 - - [03/Dec/2025:23:06:01 +0000] "GET /v2.0/security-groups?id=59dced2e-b03f-40b6-944d-f29121197d4c&fields=id&fields=name HTTP/1.1" 200 114 "-" "python-neutronclient"
10.128.1.49 - - [03/Dec/2025:23:06:01 +0000] "GET /v2.0/ports?device_id=1da705f2-7565-4b36-885f-ef0b7a5db2a1 HTTP/1.1" 200 1105 "-" "python-neutronclient"
10.128.1.49 - - [03/Dec/2025:23:06:01 +0000] "GET /v2.0/security-groups?id=59dced2e-b03f-40b6-944d-f29121197d4c&fields=id&fields=name HTTP/1.1" 200 114 "-" "python-neutronclient"
100.64.0.2 - - [03/Dec/2025:23:06:01 +0000] "GET /v2.0/subnets?id=cf3e7800-d5f8-4556-9256-850271088f5d HTTP/1.1" 200 654 "-" "python-neutronclient"
100.64.0.2 - - [03/Dec/2025:23:06:01 +0000] "GET /v2.0/ports?network_id=eda685e9-cbc0-4932-8f0d-82169d159c04&device_owner=network%3Adhcp HTTP/1.1" 200 12 "-" "python-neutronclient"
10.128.0.2 - - [03/Dec/2025:23:06:01 +0000] "PUT /v2.0/floatingips/03d2e391-4eb3-4bd5-a6db-079e210c9906 HTTP/1.1" 200 580 "-" "python-urllib3/1.26.5"
10.128.0.2 - - [03/Dec/2025:23:06:02 +0000] "GET /v2.0/floatingips/03d2e391-4eb3-4bd5-a6db-079e210c9906 HTTP/1.1" 200 578 "-" "python-urllib3/1.26.5"
100.64.0.2 - - [03/Dec/2025:23:06:02 +0000] "GET /v2.0/networks/eda685e9-cbc0-4932-8f0d-82169d159c04?fields=segments HTTP/1.1" 200 14 "-" "python-neutronclient"
100.64.0.2 - - [03/Dec/2025:23:06:02 +0000] "GET /v2.0/ports?tenant_id=5f45986fc95543d5a0014e214c498f28&device_id=a3feed2d-06c9-45b4-b6fc-f44347ce5c91 HTTP/1.1" 200 1348 "-" "python-neutronclient"
100.64.0.2 - - [03/Dec/2025:23:06:02 +0000] "GET /v2.0/networks/eda685e9-cbc0-4932-8f0d-82169d159c04?fields=provider%3Aphysical_network&fields=provider%3Anetwork_type HTTP/1.1" 200 79 "-" "python-neutronclient"
100.64.0.2 - - [03/Dec/2025:23:06:02 +0000] "GET /v2.0/networks?id=c56823b3-fd04-4b12-a660-2a03ed376b56 HTTP/1.1" 200 773 "-" "python-neutronclient"
100.64.0.2 - - [03/Dec/2025:23:06:02 +0000] "GET /v2.0/floatingips?fixed_ip_address=10.100.0.6&port_id=42465614-3b0c-4eab-8df8-2e2a54cd5c12 HTTP/1.1" 200 19 "-" "python-neutronclient"
100.64.0.2 - - [03/Dec/2025:23:06:02 +0000] "GET /v2.0/subnets?id=19f6e343-3220-421e-b64b-99ce57f382a6 HTTP/1.1" 200 653 "-" "python-neutronclient"
100.64.0.2 - - [03/Dec/2025:23:06:02 +0000] "GET /v2.0/ports?network_id=c56823b3-fd04-4b12-a660-2a03ed376b56&device_owner=network%3Adhcp HTTP/1.1" 200 12 "-" "python-neutronclient"
10.128.1.49 - - [03/Dec/2025:23:06:02 +0000] "GET /v2.0/ports?device_id=1da705f2-7565-4b36-885f-ef0b7a5db2a1 HTTP/1.1" 200 1107 "-" "python-neutronclient"
100.64.0.2 - - [03/Dec/2025:23:06:03 +0000] "GET /v2.0/networks/c56823b3-fd04-4b12-a660-2a03ed376b56?fields=segments HTTP/1.1" 200 14 "-" "python-neutronclient"
10.128.1.49 - - [03/Dec/2025:23:06:03 +0000] "GET /v2.0/security-groups?id=59dced2e-b03f-40b6-944d-f29121197d4c&fields=id&fields=name HTTP/1.1" 200 114 "-" "python-neutronclient"
100.64.0.2 - - [03/Dec/2025:23:06:03 +0000] "GET /v2.0/networks/c56823b3-fd04-4b12-a660-2a03ed376b56?fields=provider%3Aphysical_network&fields=provider%3Anetwork_type HTTP/1.1" 200 79 "-" "python-neutronclient"
10.128.0.2 - - [03/Dec/2025:23:06:03 +0000] "POST /v2.0/security-groups HTTP/1.1" 201 1613 "-" "python-urllib3/1.26.5"
10.128.0.2 - - [03/Dec/2025:23:06:03 +0000] "POST /v2.0/security-group-rules HTTP/1.1" 201 565 "-" "python-urllib3/1.26.5"
10.128.1.49 - - [03/Dec/2025:23:06:04 +0000] "GET /v2.0/ports?device_id=1da705f2-7565-4b36-885f-ef0b7a5db2a1 HTTP/1.1" 200 1107 "-" "python-neutronclient"
10.128.1.49 - - [03/Dec/2025:23:06:04 +0000] "GET /v2.0/security-groups?id=59dced2e-b03f-40b6-944d-f29121197d4c&fields=id&fields=name HTTP/1.1" 200 114 "-" "python-neutronclient"
10.128.0.2 - - [03/Dec/2025:23:06:03 +0000] "POST /v2.0/security-group-rules HTTP/1.1" 201 564 "-" "python-urllib3/1.26.5"
10.128.0.2 - - [03/Dec/2025:23:06:05 +0000] "POST /v2.0/security-group-rules HTTP/1.1" 201 570 "-" "python-urllib3/1.26.5"
10.128.1.49 - - [03/Dec/2025:23:06:05 +0000] "GET /v2.0/ports?device_id=1da705f2-7565-4b36-885f-ef0b7a5db2a1 HTTP/1.1" 200 1107 "-" "python-neutronclient"
10.128.1.49 - - [03/Dec/2025:23:06:05 +0000] "GET /v2.0/security-groups?id=59dced2e-b03f-40b6-944d-f29121197d4c&fields=id&fields=name HTTP/1.1" 200 114 "-" "python-neutronclient"
10.128.0.2 - - [03/Dec/2025:23:06:05 +0000] "POST /v2.0/security-group-rules HTTP/1.1" 201 569 "-" "python-urllib3/1.26.5"
10.128.0.2 - - [03/Dec/2025:23:06:06 +0000] "GET /v2.0/ports?device_id=1da705f2-7565-4b36-885f-ef0b7a5db2a1 HTTP/1.1" 200 1374 "-" "python-urllib3/1.26.5"
10.128.0.2 - - [03/Dec/2025:23:06:06 +0000] "POST /v2.0/security-group-rules HTTP/1.1" 201 575 "-" "python-urllib3/1.26.5"
10.128.0.2 - - [03/Dec/2025:23:06:06 +0000] "POST /v2.0/security-group-rules HTTP/1.1" 201 574 "-" "python-urllib3/1.26.5"
10.128.1.49 - - [03/Dec/2025:23:06:07 +0000] "GET /v2.0/security-groups?name=tempest-secgroup-smoke-2128507553&fields=id&tenant_id=5f45986fc95543d5a0014e214c498f28 HTTP/1.1" 200 69 "-" "python-neutronclient"
10.128.1.49 - - [03/Dec/2025:23:06:08 +0000] "GET /v2.0/networks?id=c56823b3-fd04-4b12-a660-2a03ed376b56 HTTP/1.1" 200 674 "-" "python-neutronclient"
10.128.1.49 - - [03/Dec/2025:23:06:08 +0000] "GET /v2.0/quotas/5f45986fc95543d5a0014e214c498f28 HTTP/1.1" 200 187 "-" "python-neutronclient"
10.128.0.2 - - [03/Dec/2025:23:06:06 +0000] "POST /v2.0/floatingips HTTP/1.1" 201 882 "-" "python-urllib3/1.26.5"
10.128.1.49 - - [03/Dec/2025:23:06:08 +0000] "GET /v2.0/ports?tenant_id=5f45986fc95543d5a0014e214c498f28&fields=id HTTP/1.1" 200 149 "-" "python-neutronclient"
10.128.1.49 - - [03/Dec/2025:23:06:08 +0000] "GET /v2.0/networks/c56823b3-fd04-4b12-a660-2a03ed376b56?fields=segments HTTP/1.1" 200 14 "-" "python-neutronclient"
10.128.1.49 - - [03/Dec/2025:23:06:09 +0000] "GET /v2.0/ports?device_id=1da705f2-7565-4b36-885f-ef0b7a5db2a1 HTTP/1.1" 200 1107 "-" "python-neutronclient"
10.128.1.49 - - [03/Dec/2025:23:06:09 +0000] "GET /v2.0/networks/c56823b3-fd04-4b12-a660-2a03ed376b56?fields=provider%3Aphysical_network&fields=provider%3Anetwork_type HTTP/1.1" 200 79 "-" "python-neutronclient"
10.128.1.49 - - [03/Dec/2025:23:06:09 +0000] "GET /v2.0/security-groups?id=59dced2e-b03f-40b6-944d-f29121197d4c&fields=id&fields=name HTTP/1.1" 200 114 "-" "python-neutronclient"
10.128.0.2 - - [03/Dec/2025:23:06:09 +0000] "GET /v2.0/floatingips/cba542e1-e385-4538-af4f-73c3a47b6f0a HTTP/1.1" 200 884 "-" "python-urllib3/1.26.5"
10.128.1.51 - - [03/Dec/2025:23:06:09 +0000] "GET /v2.0/extensions HTTP/1.1" 200 17369 "-" "python-neutronclient"
10.128.1.49 - - [03/Dec/2025:23:06:09 +0000] "GET /v2.0/ports?device_id=575ca851-8387-4bbc-8093-7e356058aa20 HTTP/1.1" 200 12 "-" "python-neutronclient"
10.128.1.51 - - [03/Dec/2025:23:06:09 +0000] "GET /v2.0/subnets?network_id=c56823b3-fd04-4b12-a660-2a03ed376b56&fields=segment_id HTTP/1.1" 200 33 "-" "python-neutronclient"
100.64.0.2 - - [03/Dec/2025:23:06:09 +0000] "GET /v2.0/ports?tenant_id=3989de3c2cf844418cdd96de2dc55a66&device_id=1da705f2-7565-4b36-885f-ef0b7a5db2a1 HTTP/1.1" 200 1374 "-" "python-neutronclient"
100.64.0.2 - - [03/Dec/2025:23:06:10 +0000] "GET /v2.0/networks?id=eda685e9-cbc0-4932-8f0d-82169d159c04 HTTP/1.1" 200 772 "-" "python-neutronclient"
10.128.1.49 - - [03/Dec/2025:23:06:10 +0000] "GET /v2.0/ports?device_id=575ca851-8387-4bbc-8093-7e356058aa20 HTTP/1.1" 200 12 "-" "python-neutronclient"
100.64.0.2 - - [03/Dec/2025:23:06:10 +0000] "GET /v2.0/floatingips?fixed_ip_address=10.100.0.11&port_id=f3434f50-3089-4167-9385-4c444fce7e3e HTTP/1.1" 200 887 "-" "python-neutronclient"
100.64.0.2 - - [03/Dec/2025:23:06:10 +0000] "GET /v2.0/subnets?id=cf3e7800-d5f8-4556-9256-850271088f5d HTTP/1.1" 200 654 "-" "python-neutronclient"
100.64.0.2 - - [03/Dec/2025:23:06:11 +0000] "GET /v2.0/ports?network_id=eda685e9-cbc0-4932-8f0d-82169d159c04&device_owner=network%3Adhcp HTTP/1.1" 200 12 "-" "python-neutronclient"
100.64.0.2 - - [03/Dec/2025:23:06:11 +0000] "GET /v2.0/networks/eda685e9-cbc0-4932-8f0d-82169d159c04?fields=segments HTTP/1.1" 200 14 "-" "python-neutronclient"
100.64.0.2 - - [03/Dec/2025:23:06:11 +0000] "GET /v2.0/networks/eda685e9-cbc0-4932-8f0d-82169d159c04?fields=provider%3Aphysical_network&fields=provider%3Anetwork_type HTTP/1.1" 200 79 "-" "python-neutronclient"
100.64.0.2 - - [03/Dec/2025:23:06:11 +0000] "GET /v2.0/networks?id=c56823b3-fd04-4b12-a660-2a03ed376b56 HTTP/1.1" 200 674 "-" "python-neutronclient"
100.64.0.2 - - [03/Dec/2025:23:06:11 +0000] "GET /v2.0/security-groups?fields=id&fields=name&tenant_id=5f45986fc95543d5a0014e214c498f28 HTTP/1.1" 200 274 "-" "python-neutronclient"
10.128.1.49 - - [03/Dec/2025:23:06:11 +0000] "GET /v2.0/ports?device_id=575ca851-8387-4bbc-8093-7e356058aa20 HTTP/1.1" 200 12 "-" "python-neutronclient"
100.64.0.2 - - [03/Dec/2025:23:06:11 +0000] "POST /v2.0/ports HTTP/1.1" 201 963 "-" "python-neutronclient"
10.128.1.49 - - [03/Dec/2025:23:06:13 +0000] "GET /v2.0/ports?device_id=575ca851-8387-4bbc-8093-7e356058aa20 HTTP/1.1" 200 1081 "-" "python-neutronclient"
10.128.1.49 - - [03/Dec/2025:23:06:13 +0000] "GET /v2.0/security-groups?id=a391c7db-1d11-4838-9a2f-f9c7d4417cb3&fields=id&fields=name HTTP/1.1" 200 114 "-" "python-neutronclient"
100.64.0.2 - - [03/Dec/2025:23:06:13 +0000] "PUT /v2.0/ports/23a1c928-4175-4b16-a18a-8b58f055070a HTTP/1.1" 200 1317 "-" "python-neutronclient"
100.64.0.2 - - [03/Dec/2025:23:06:14 +0000] "GET /v2.0/ports?tenant_id=5f45986fc95543d5a0014e214c498f28&device_id=575ca851-8387-4bbc-8093-7e356058aa20 HTTP/1.1" 200 1348 "-" "python-neutronclient"
100.64.0.2 - - [03/Dec/2025:23:06:15 +0000] "GET /v2.0/floatingips?fixed_ip_address=10.100.0.12&port_id=23a1c928-4175-4b16-a18a-8b58f055070a HTTP/1.1" 200 19 "-" "python-neutronclient"
100.64.0.2 - - [03/Dec/2025:23:06:15 +0000] "GET /v2.0/subnets?id=19f6e343-3220-421e-b64b-99ce57f382a6 HTTP/1.1" 200 653 "-" "python-neutronclient"
10.128.1.49 - - [03/Dec/2025:23:06:15 +0000] "GET /v2.0/ports?device_id=575ca851-8387-4bbc-8093-7e356058aa20 HTTP/1.1" 200 1081 "-" "python-neutronclient"
100.64.0.2 - - [03/Dec/2025:23:06:15 +0000] "GET /v2.0/ports?network_id=c56823b3-fd04-4b12-a660-2a03ed376b56&device_owner=network%3Adhcp HTTP/1.1" 200 12 "-" "python-neutronclient"
10.128.1.49 - - [03/Dec/2025:23:06:15 +0000] "GET /v2.0/security-groups?id=a391c7db-1d11-4838-9a2f-f9c7d4417cb3&fields=id&fields=name HTTP/1.1" 200 114 "-" "python-neutronclient"
100.64.0.2 - - [03/Dec/2025:23:06:16 +0000] "GET /v2.0/networks/c56823b3-fd04-4b12-a660-2a03ed376b56?fields=segments HTTP/1.1" 200 14 "-" "python-neutronclient"
100.64.0.2 - - [03/Dec/2025:23:06:16 +0000] "GET /v2.0/networks/c56823b3-fd04-4b12-a660-2a03ed376b56?fields=provider%3Aphysical_network&fields=provider%3Anetwork_type HTTP/1.1" 200 79 "-" "python-neutronclient"
100.64.0.2 - - [03/Dec/2025:23:06:16 +0000] "GET /v2.0/ports?tenant_id=5f45986fc95543d5a0014e214c498f28&device_id=575ca851-8387-4bbc-8093-7e356058aa20 HTTP/1.1" 200 1348 "-" "python-neutronclient"
100.64.0.2 - - [03/Dec/2025:23:06:17 +0000] "GET /v2.0/ports?device_id=575ca851-8387-4bbc-8093-7e356058aa20 HTTP/1.1" 200 1348 "-" "python-neutronclient"
100.64.0.2 - - [03/Dec/2025:23:06:17 +0000] "GET /v2.0/security-groups?id=a391c7db-1d11-4838-9a2f-f9c7d4417cb3&fields=id&fields=name HTTP/1.1" 200 114 "-" "python-neutronclient"
100.64.0.2 - - [03/Dec/2025:23:06:17 +0000] "GET /v2.0/networks?id=c56823b3-fd04-4b12-a660-2a03ed376b56 HTTP/1.1" 200 773 "-" "python-neutronclient"
10.128.1.49 - - [03/Dec/2025:23:06:17 +0000] "GET /v2.0/ports?device_id=575ca851-8387-4bbc-8093-7e356058aa20 HTTP/1.1" 200 1081 "-" "python-neutronclient"
100.64.0.2 - - [03/Dec/2025:23:06:17 +0000] "GET /v2.0/floatingips?fixed_ip_address=10.100.0.12&port_id=23a1c928-4175-4b16-a18a-8b58f055070a HTTP/1.1" 200 19 "-" "python-neutronclient"
10.128.1.49 - - [03/Dec/2025:23:06:17 +0000] "GET /v2.0/security-groups?id=a391c7db-1d11-4838-9a2f-f9c7d4417cb3&fields=id&fields=name HTTP/1.1" 200 114 "-" "python-neutronclient"
100.64.0.2 - - [03/Dec/2025:23:06:17 +0000] "GET /v2.0/subnets?id=19f6e343-3220-421e-b64b-99ce57f382a6 HTTP/1.1" 200 653 "-" "python-neutronclient"
100.64.0.2 - - [03/Dec/2025:23:06:18 +0000] "GET /v2.0/ports?network_id=c56823b3-fd04-4b12-a660-2a03ed376b56&device_owner=network%3Adhcp HTTP/1.1" 200 12 "-" "python-neutronclient"
100.64.0.2 - - [03/Dec/2025:23:06:18 +0000] "GET /v2.0/networks/c56823b3-fd04-4b12-a660-2a03ed376b56?fields=segments HTTP/1.1" 200 14 "-" "python-neutronclient"
100.64.0.2 - - [03/Dec/2025:23:06:18 +0000] "GET /v2.0/networks/c56823b3-fd04-4b12-a660-2a03ed376b56?fields=provider%3Aphysical_network&fields=provider%3Anetwork_type HTTP/1.1" 200 79 "-" "python-neutronclient"
10.128.1.49 - - [03/Dec/2025:23:06:19 +0000] "GET /v2.0/ports?device_id=575ca851-8387-4bbc-8093-7e356058aa20 HTTP/1.1" 200 1083 "-" "python-neutronclient"
10.128.1.49 - - [03/Dec/2025:23:06:19 +0000] "GET /v2.0/security-groups?id=a391c7db-1d11-4838-9a2f-f9c7d4417cb3&fields=id&fields=name HTTP/1.1" 200 114 "-" "python-neutronclient"
10.128.1.49 - - [03/Dec/2025:23:06:19 +0000] "GET /v2.0/ports?device_id=575ca851-8387-4bbc-8093-7e356058aa20 HTTP/1.1" 200 1083 "-" "python-neutronclient"
10.128.1.49 - - [03/Dec/2025:23:06:19 +0000] "GET /v2.0/security-groups?id=a391c7db-1d11-4838-9a2f-f9c7d4417cb3&fields=id&fields=name HTTP/1.1" 200 114 "-" "python-neutronclient"
10.128.0.2 - - [03/Dec/2025:23:06:20 +0000] "GET /v2.0/ports?device_id=575ca851-8387-4bbc-8093-7e356058aa20 HTTP/1.1" 200 1350 "-" "python-urllib3/1.26.5"
10.128.0.2 - - [03/Dec/2025:23:06:20 +0000] "PUT /v2.0/floatingips/03d2e391-4eb3-4bd5-a6db-079e210c9906 HTTP/1.1" 200 882 "-" "python-urllib3/1.26.5"
10.128.0.2 - - [03/Dec/2025:23:06:21 +0000] "GET /v2.0/floatingips/03d2e391-4eb3-4bd5-a6db-079e210c9906 HTTP/1.1" 200 884 "-" "python-urllib3/1.26.5"
100.64.0.2 - - [03/Dec/2025:23:06:22 +0000] "GET /v2.0/ports?tenant_id=5f45986fc95543d5a0014e214c498f28&device_id=575ca851-8387-4bbc-8093-7e356058aa20 HTTP/1.1" 200 1350 "-" "python-neutronclient"
10.128.0.2 - - [03/Dec/2025:23:06:23 +0000] "GET / HTTP/1.1" 200 122 "-" "kube-probe/1.31"
10.128.0.2 - - [03/Dec/2025:23:06:23 +0000] "GET / HTTP/1.1" 200 122 "-" "kube-probe/1.31"
10.128.0.2 - - [03/Dec/2025:23:06:23 +0000] "GET / HTTP/1.1" 200 122 "-" "kube-probe/1.31"
100.64.0.2 - - [03/Dec/2025:23:06:23 +0000] "GET /v2.0/networks?id=c56823b3-fd04-4b12-a660-2a03ed376b56 HTTP/1.1" 200 773 "-" "python-neutronclient"
100.64.0.2 - - [03/Dec/2025:23:06:23 +0000] "GET /v2.0/floatingips?fixed_ip_address=10.100.0.12&port_id=23a1c928-4175-4b16-a18a-8b58f055070a HTTP/1.1" 200 887 "-" "python-neutronclient"
100.64.0.2 - - [03/Dec/2025:23:06:23 +0000] "GET /v2.0/subnets?id=19f6e343-3220-421e-b64b-99ce57f382a6 HTTP/1.1" 200 653 "-" "python-neutronclient"
100.64.0.2 - - [03/Dec/2025:23:06:23 +0000] "GET /v2.0/ports?network_id=c56823b3-fd04-4b12-a660-2a03ed376b56&device_owner=network%3Adhcp HTTP/1.1" 200 12 "-" "python-neutronclient"
100.64.0.2 - - [03/Dec/2025:23:06:23 +0000] "GET /v2.0/networks/c56823b3-fd04-4b12-a660-2a03ed376b56?fields=segments HTTP/1.1" 200 14 "-" "python-neutronclient"
100.64.0.2 - - [03/Dec/2025:23:06:23 +0000] "GET /v2.0/networks/c56823b3-fd04-4b12-a660-2a03ed376b56?fields=provider%3Aphysical_network&fields=provider%3Anetwork_type HTTP/1.1" 200 79 "-" "python-neutronclient"
10.128.1.49 - - [03/Dec/2025:23:06:24 +0000] "GET /v2.0/ports?device_id=1da705f2-7565-4b36-885f-ef0b7a5db2a1 HTTP/1.1" 200 1107 "-" "python-neutronclient"
10.128.1.49 - - [03/Dec/2025:23:06:24 +0000] "GET /v2.0/security-groups?id=59dced2e-b03f-40b6-944d-f29121197d4c&fields=id&fields=name HTTP/1.1" 200 114 "-" "python-neutronclient"
10.128.1.49 - - [03/Dec/2025:23:06:25 +0000] "GET /v2.0/ports?device_id=1da705f2-7565-4b36-885f-ef0b7a5db2a1 HTTP/1.1" 200 1107 "-" "python-neutronclient"
10.128.1.49 - - [03/Dec/2025:23:06:26 +0000] "GET /v2.0/security-groups?id=59dced2e-b03f-40b6-944d-f29121197d4c&fields=id&fields=name HTTP/1.1" 200 114 "-" "python-neutronclient"
10.128.1.49 - - [03/Dec/2025:23:06:27 +0000] "GET /v2.0/ports?device_id=1da705f2-7565-4b36-885f-ef0b7a5db2a1 HTTP/1.1" 200 1105 "-" "python-neutronclient"
10.128.1.49 - - [03/Dec/2025:23:06:28 +0000] "GET /v2.0/security-groups?id=59dced2e-b03f-40b6-944d-f29121197d4c&fields=id&fields=name HTTP/1.1" 200 114 "-" "python-neutronclient"
10.128.0.2 - - [03/Dec/2025:23:06:28 +0000] "GET /v2.0/floatingips/cba542e1-e385-4538-af4f-73c3a47b6f0a HTTP/1.1" 200 882 "-" "python-urllib3/1.26.5"
100.64.0.2 - - [03/Dec/2025:23:06:30 +0000] "GET /v2.0/ports?tenant_id=3989de3c2cf844418cdd96de2dc55a66&device_id=1da705f2-7565-4b36-885f-ef0b7a5db2a1 HTTP/1.1" 200 1372 "-" "python-neutronclient"
10.128.1.49 - - [03/Dec/2025:23:06:30 +0000] "GET /v2.0/ports?device_id=1da705f2-7565-4b36-885f-ef0b7a5db2a1 HTTP/1.1" 200 1105 "-" "python-neutronclient"
100.64.0.2 - - [03/Dec/2025:23:06:30 +0000] "GET /v2.0/networks?id=eda685e9-cbc0-4932-8f0d-82169d159c04 HTTP/1.1" 200 772 "-" "python-neutronclient"
10.128.1.49 - - [03/Dec/2025:23:06:30 +0000] "GET /v2.0/security-groups?id=59dced2e-b03f-40b6-944d-f29121197d4c&fields=id&fields=name HTTP/1.1" 200 114 "-" "python-neutronclient"
100.64.0.2 - - [03/Dec/2025:23:06:30 +0000] "GET /v2.0/floatingips?fixed_ip_address=10.100.0.11&port_id=f3434f50-3089-4167-9385-4c444fce7e3e HTTP/1.1" 200 885 "-" "python-neutronclient"
100.64.0.2 - - [03/Dec/2025:23:06:30 +0000] "GET /v2.0/subnets?id=cf3e7800-d5f8-4556-9256-850271088f5d HTTP/1.1" 200 654 "-" "python-neutronclient"
100.64.0.2 - - [03/Dec/2025:23:06:31 +0000] "GET /v2.0/ports?network_id=eda685e9-cbc0-4932-8f0d-82169d159c04&device_owner=network%3Adhcp HTTP/1.1" 200 12 "-" "python-neutronclient"
100.64.0.2 - - [03/Dec/2025:23:06:31 +0000] "GET /v2.0/networks/eda685e9-cbc0-4932-8f0d-82169d159c04?fields=segments HTTP/1.1" 200 14 "-" "python-neutronclient"
100.64.0.2 - - [03/Dec/2025:23:06:31 +0000] "GET /v2.0/networks/eda685e9-cbc0-4932-8f0d-82169d159c04?fields=provider%3Aphysical_network&fields=provider%3Anetwork_type HTTP/1.1" 200 79 "-" "python-neutronclient"
10.128.1.49 - - [03/Dec/2025:23:06:31 +0000] "GET /v2.0/ports?device_id=1da705f2-7565-4b36-885f-ef0b7a5db2a1 HTTP/1.1" 200 1105 "-" "python-neutronclient"
10.128.1.49 - - [03/Dec/2025:23:06:32 +0000] "GET /v2.0/security-groups?id=59dced2e-b03f-40b6-944d-f29121197d4c&fields=id&fields=name HTTP/1.1" 200 114 "-" "python-neutronclient"
10.128.1.49 - - [03/Dec/2025:23:06:33 +0000] "GET /v2.0/ports?device_id=1da705f2-7565-4b36-885f-ef0b7a5db2a1 HTTP/1.1" 200 1107 "-" "python-neutronclient"
100.64.0.2 - - [03/Dec/2025:23:06:34 +0000] "GET /v2.0/ports?device_id=a3feed2d-06c9-45b4-b6fc-f44347ce5c91&fields=binding%3Ahost_id&fields=binding%3Avif_type HTTP/1.1" 200 96 "-" "python-neutronclient"
10.128.1.49 - - [03/Dec/2025:23:06:33 +0000] "GET /v2.0/security-groups?id=59dced2e-b03f-40b6-944d-f29121197d4c&fields=id&fields=name HTTP/1.1" 200 114 "-" "python-neutronclient"
100.64.0.2 - - [03/Dec/2025:23:06:34 +0000] "GET /v2.0/ports?tenant_id=5f45986fc95543d5a0014e214c498f28&device_id=a3feed2d-06c9-45b4-b6fc-f44347ce5c91 HTTP/1.1" 200 1348 "-" "python-neutronclient"
100.64.0.2 - - [03/Dec/2025:23:06:34 +0000] "GET /v2.0/networks?id=c56823b3-fd04-4b12-a660-2a03ed376b56 HTTP/1.1" 200 773 "-" "python-neutronclient"
100.64.0.2 - - [03/Dec/2025:23:06:35 +0000] "GET /v2.0/floatingips?fixed_ip_address=10.100.0.6&port_id=42465614-3b0c-4eab-8df8-2e2a54cd5c12 HTTP/1.1" 200 19 "-" "python-neutronclient"
100.64.0.2 - - [03/Dec/2025:23:06:35 +0000] "GET /v2.0/subnets?id=19f6e343-3220-421e-b64b-99ce57f382a6 HTTP/1.1" 200 653 "-" "python-neutronclient"
10.128.1.49 - - [03/Dec/2025:23:06:35 +0000] "GET /v2.0/ports?device_id=1da705f2-7565-4b36-885f-ef0b7a5db2a1 HTTP/1.1" 200 1107 "-" "python-neutronclient"
100.64.0.2 - - [03/Dec/2025:23:06:36 +0000] "GET /v2.0/ports?network_id=c56823b3-fd04-4b12-a660-2a03ed376b56&device_owner=network%3Adhcp HTTP/1.1" 200 12 "-" "python-neutronclient"
10.128.1.49 - - [03/Dec/2025:23:06:36 +0000] "GET /v2.0/security-groups?id=59dced2e-b03f-40b6-944d-f29121197d4c&fields=id&fields=name HTTP/1.1" 200 114 "-" "python-neutronclient"
10.128.0.2 - - [03/Dec/2025:23:06:36 +0000] "GET /v2.0/floatingips/cba542e1-e385-4538-af4f-73c3a47b6f0a HTTP/1.1" 200 884 "-" "python-urllib3/1.26.5"
100.64.0.2 - - [03/Dec/2025:23:06:36 +0000] "GET /v2.0/networks/c56823b3-fd04-4b12-a660-2a03ed376b56?fields=segments HTTP/1.1" 200 14 "-" "python-neutronclient"
100.64.0.2 - - [03/Dec/2025:23:06:36 +0000] "GET /v2.0/networks/c56823b3-fd04-4b12-a660-2a03ed376b56?fields=provider%3Aphysical_network&fields=provider%3Anetwork_type HTTP/1.1" 200 79 "-" "python-neutronclient"
10.128.1.49 - - [03/Dec/2025:23:06:38 +0000] "GET /v2.0/ports?device_id=575ca851-8387-4bbc-8093-7e356058aa20 HTTP/1.1" 200 1083 "-" "python-neutronclient"
10.128.1.49 - - [03/Dec/2025:23:06:38 +0000] "GET /v2.0/security-groups?id=a391c7db-1d11-4838-9a2f-f9c7d4417cb3&fields=id&fields=name HTTP/1.1" 200 114 "-" "python-neutronclient"
100.64.0.2 - - [03/Dec/2025:23:06:38 +0000] "GET /v2.0/ports?device_id=575ca851-8387-4bbc-8093-7e356058aa20 HTTP/1.1" 200 1081 "-" "python-neutronclient"
100.64.0.2 - - [03/Dec/2025:23:06:38 +0000] "DELETE /v2.0/ports/23a1c928-4175-4b16-a18a-8b58f055070a HTTP/1.1" 204 - "-" "python-neutronclient"
10.128.1.49 - - [03/Dec/2025:23:06:39 +0000] "GET /v2.0/ports?device_id=575ca851-8387-4bbc-8093-7e356058aa20 HTTP/1.1" 200 12 "-" "python-neutronclient"
10.128.0.2 - - [03/Dec/2025:23:06:41 +0000] "DELETE /v2.0/security-groups/a391c7db-1d11-4838-9a2f-f9c7d4417cb3 HTTP/1.1" 204 - "-" "python-urllib3/1.26.5"
10.128.0.2 - - [03/Dec/2025:23:06:41 +0000] "DELETE /v2.0/floatingips/03d2e391-4eb3-4bd5-a6db-079e210c9906 HTTP/1.1" 204 - "-" "python-urllib3/1.26.5"
10.128.1.49 - - [03/Dec/2025:23:06:42 +0000] "GET /v2.0/ports?device_id=a3feed2d-06c9-45b4-b6fc-f44347ce5c91 HTTP/1.1" 200 1081 "-" "python-neutronclient"
10.128.1.49 - - [03/Dec/2025:23:06:42 +0000] "GET /v2.0/security-groups?id=13781950-8885-45c6-8207-0e83e12b0a2c&fields=id&fields=name HTTP/1.1" 200 114 "-" "python-neutronclient"
100.64.0.2 - - [03/Dec/2025:23:06:42 +0000] "GET /v2.0/ports?device_id=a3feed2d-06c9-45b4-b6fc-f44347ce5c91 HTTP/1.1" 200 1079 "-" "python-neutronclient"
100.64.0.2 - - [03/Dec/2025:23:06:42 +0000] "DELETE /v2.0/ports/42465614-3b0c-4eab-8df8-2e2a54cd5c12 HTTP/1.1" 204 - "-" "python-neutronclient"
10.128.0.2 - - [03/Dec/2025:23:06:43 +0000] "DELETE /v2.0/security-groups/13781950-8885-45c6-8207-0e83e12b0a2c HTTP/1.1" 204 - "-" "python-urllib3/1.26.5"
10.128.0.2 - - [03/Dec/2025:23:06:44 +0000] "PUT /v2.0/routers/ec874f33-fa90-43f8-bf7c-2f04af0a9bd3/remove_router_interface HTTP/1.1" 200 309 "-" "python-urllib3/1.26.5"
10.128.0.2 - - [03/Dec/2025:23:06:46 +0000] "DELETE /v2.0/subnets/19f6e343-3220-421e-b64b-99ce57f382a6 HTTP/1.1" 204 - "-" "python-urllib3/1.26.5"
10.128.0.2 - - [03/Dec/2025:23:06:47 +0000] "DELETE /v2.0/routers/ec874f33-fa90-43f8-bf7c-2f04af0a9bd3 HTTP/1.1" 204 - "-" "python-urllib3/1.26.5"
10.128.0.2 - - [03/Dec/2025:23:06:48 +0000] "DELETE /v2.0/networks/c56823b3-fd04-4b12-a660-2a03ed376b56 HTTP/1.1" 204 - "-" "python-urllib3/1.26.5"
10.128.0.2 - - [03/Dec/2025:23:06:48 +0000] "POST /v2.0/networks HTTP/1.1" 201 651 "-" "python-urllib3/1.26.5"
10.128.0.2 - - [03/Dec/2025:23:06:53 +0000] "GET / HTTP/1.1" 200 122 "-" "kube-probe/1.31"
10.128.0.2 - - [03/Dec/2025:23:06:53 +0000] "GET / HTTP/1.1" 200 122 "-" "kube-probe/1.31"
10.128.0.2 - - [03/Dec/2025:23:06:53 +0000] "GET / HTTP/1.1" 200 122 "-" "kube-probe/1.31"
10.128.0.2 - - [03/Dec/2025:23:06:49 +0000] "POST /v2.0/routers HTTP/1.1" 201 672 "-" "python-urllib3/1.26.5"
10.128.0.2 - - [03/Dec/2025:23:06:53 +0000] "GET /v2.0/subnets?project_id=5f45986fc95543d5a0014e214c498f28&cidr=10.100.0.0%2F28 HTTP/1.1" 200 14 "-" "python-urllib3/1.26.5"
10.128.0.2 - - [03/Dec/2025:23:06:53 +0000] "GET /v2.0/networks?router%3Aexternal=True HTTP/1.1" 200 1567 "-" "python-urllib3/1.26.5"
10.128.0.2 - - [03/Dec/2025:23:06:53 +0000] "GET /v2.0/subnets?network_id=028583f1-6fe0-4d55-b869-739d10dff786&cidr=10.100.0.0%2F28 HTTP/1.1" 200 14 "-" "python-urllib3/1.26.5"
10.128.0.2 - - [03/Dec/2025:23:06:53 +0000] "GET /v2.0/subnets?network_id=27d6c5e6-f9ae-4cab-9ef3-af7441386ba8&cidr=10.100.0.0%2F28 HTTP/1.1" 200 14 "-" "python-urllib3/1.26.5"
10.128.0.2 - - [03/Dec/2025:23:06:53 +0000] "DELETE /v2.0/floatingips/cba542e1-e385-4538-af4f-73c3a47b6f0a HTTP/1.1" 204 - "-" "python-urllib3/1.26.5"
100.64.0.2 - - [03/Dec/2025:23:06:54 +0000] "GET /v2.0/ports?tenant_id=3989de3c2cf844418cdd96de2dc55a66&device_id=1da705f2-7565-4b36-885f-ef0b7a5db2a1 HTTP/1.1" 200 1374 "-" "python-neutronclient"
100.64.0.2 - - [03/Dec/2025:23:06:54 +0000] "GET /v2.0/networks?id=eda685e9-cbc0-4932-8f0d-82169d159c04 HTTP/1.1" 200 772 "-" "python-neutronclient"
10.128.1.49 - - [03/Dec/2025:23:06:54 +0000] "GET /v2.0/ports?device_id=1da705f2-7565-4b36-885f-ef0b7a5db2a1 HTTP/1.1" 200 1107 "-" "python-neutronclient"
100.64.0.2 - - [03/Dec/2025:23:06:54 +0000] "GET /v2.0/floatingips?fixed_ip_address=10.100.0.11&port_id=f3434f50-3089-4167-9385-4c444fce7e3e HTTP/1.1" 200 19 "-" "python-neutronclient"
10.128.1.49 - - [03/Dec/2025:23:06:54 +0000] "GET /v2.0/security-groups?id=59dced2e-b03f-40b6-944d-f29121197d4c&fields=id&fields=name HTTP/1.1" 200 114 "-" "python-neutronclient"
100.64.0.2 - - [03/Dec/2025:23:06:54 +0000] "GET /v2.0/ports?device_id=1da705f2-7565-4b36-885f-ef0b7a5db2a1 HTTP/1.1" 200 1105 "-" "python-neutronclient"
100.64.0.2 - - [03/Dec/2025:23:06:54 +0000] "GET /v2.0/subnets?id=cf3e7800-d5f8-4556-9256-850271088f5d HTTP/1.1" 200 654 "-" "python-neutronclient"
100.64.0.2 - - [03/Dec/2025:23:06:54 +0000] "GET /v2.0/ports?network_id=eda685e9-cbc0-4932-8f0d-82169d159c04&device_owner=network%3Adhcp HTTP/1.1" 200 12 "-" "python-neutronclient"
100.64.0.2 - - [03/Dec/2025:23:06:54 +0000] "GET /v2.0/networks/eda685e9-cbc0-4932-8f0d-82169d159c04?fields=segments HTTP/1.1" 200 14 "-" "python-neutronclient"
100.64.0.2 - - [03/Dec/2025:23:06:54 +0000] "DELETE /v2.0/ports/f3434f50-3089-4167-9385-4c444fce7e3e HTTP/1.1" 204 - "-" "python-neutronclient"
100.64.0.2 - - [03/Dec/2025:23:06:55 +0000] "GET /v2.0/networks/eda685e9-cbc0-4932-8f0d-82169d159c04?fields=provider%3Aphysical_network&fields=provider%3Anetwork_type HTTP/1.1" 200 79 "-" "python-neutronclient"
10.128.0.2 - - [03/Dec/2025:23:06:53 +0000] "POST /v2.0/subnets HTTP/1.1" 201 631 "-" "python-urllib3/1.26.5"
10.128.0.2 - - [03/Dec/2025:23:06:55 +0000] "PUT /v2.0/routers/514ef57a-8e66-4d8d-8797-9bc1feca7e5a/remove_router_interface HTTP/1.1" 200 309 "-" "python-urllib3/1.26.5"
10.128.0.2 - - [03/Dec/2025:23:06:55 +0000] "PUT /v2.0/routers/69e5ead4-a73e-4f15-993c-f1bfca522979/add_router_interface HTTP/1.1" 200 309 "-" "python-urllib3/1.26.5"
10.128.0.2 - - [03/Dec/2025:23:06:58 +0000] "DELETE /v2.0/subnets/cf3e7800-d5f8-4556-9256-850271088f5d HTTP/1.1" 204 - "-" "python-urllib3/1.26.5"
10.128.0.2 - - [03/Dec/2025:23:06:58 +0000] "GET /v2.0/networks HTTP/1.1" 200 5287 "-" "python-urllib3/1.26.5"
10.128.0.2 - - [03/Dec/2025:23:06:58 +0000] "GET /v2.0/subnets HTTP/1.1" 200 3910 "-" "python-urllib3/1.26.5"
10.128.0.2 - - [03/Dec/2025:23:06:58 +0000] "GET /v2.0/routers HTTP/1.1" 200 1796 "-" "python-urllib3/1.26.5"
10.128.0.2 - - [03/Dec/2025:23:06:58 +0000] "POST /v2.0/security-groups HTTP/1.1" 201 1613 "-" "python-urllib3/1.26.5"
10.128.0.2 - - [03/Dec/2025:23:06:58 +0000] "DELETE /v2.0/routers/514ef57a-8e66-4d8d-8797-9bc1feca7e5a HTTP/1.1" 204 - "-" "python-urllib3/1.26.5"
10.128.0.2 - - [03/Dec/2025:23:06:59 +0000] "POST /v2.0/security-group-rules HTTP/1.1" 201 565 "-" "python-urllib3/1.26.5"
10.128.0.2 - - [03/Dec/2025:23:06:59 +0000] "DELETE /v2.0/networks/eda685e9-cbc0-4932-8f0d-82169d159c04 HTTP/1.1" 204 - "-" "python-urllib3/1.26.5"
10.128.0.2 - - [03/Dec/2025:23:06:59 +0000] "POST /v2.0/security-group-rules HTTP/1.1" 201 564 "-" "python-urllib3/1.26.5"
10.128.0.2 - - [03/Dec/2025:23:07:00 +0000] "DELETE /v2.0/security-groups/59dced2e-b03f-40b6-944d-f29121197d4c HTTP/1.1" 204 - "-" "python-urllib3/1.26.5"
10.128.0.2 - - [03/Dec/2025:23:07:00 +0000] "POST /v2.0/security-group-rules HTTP/1.1" 201 570 "-" "python-urllib3/1.26.5"
10.128.0.2 - - [03/Dec/2025:23:07:01 +0000] "POST /v2.0/security-group-rules HTTP/1.1" 201 569 "-" "python-urllib3/1.26.5"
10.128.0.2 - - [03/Dec/2025:23:07:01 +0000] "POST /v2.0/security-groups HTTP/1.1" 201 1613 "-" "python-urllib3/1.26.5"
10.128.0.2 - - [03/Dec/2025:23:07:01 +0000] "POST /v2.0/security-group-rules HTTP/1.1" 201 575 "-" "python-urllib3/1.26.5"
10.128.0.2 - - [03/Dec/2025:23:07:01 +0000] "POST /v2.0/security-group-rules HTTP/1.1" 201 565 "-" "python-urllib3/1.26.5"
10.128.0.2 - - [03/Dec/2025:23:07:01 +0000] "POST /v2.0/security-group-rules HTTP/1.1" 201 574 "-" "python-urllib3/1.26.5"
10.128.0.2 - - [03/Dec/2025:23:07:01 +0000] "POST /v2.0/security-group-rules HTTP/1.1" 201 564 "-" "python-urllib3/1.26.5"
10.128.0.2 - - [03/Dec/2025:23:07:02 +0000] "POST /v2.0/security-group-rules HTTP/1.1" 201 570 "-" "python-urllib3/1.26.5"
10.128.0.2 - - [03/Dec/2025:23:07:03 +0000] "POST /v2.0/security-group-rules HTTP/1.1" 201 569 "-" "python-urllib3/1.26.5"
10.128.1.49 - - [03/Dec/2025:23:07:03 +0000] "GET /v2.0/security-groups?name=tempest-secgroup-smoke-1374438614&fields=id&tenant_id=5f45986fc95543d5a0014e214c498f28 HTTP/1.1" 200 69 "-" "python-neutronclient"
10.128.0.2 - - [03/Dec/2025:23:07:03 +0000] "POST /v2.0/security-group-rules HTTP/1.1" 201 575 "-" "python-urllib3/1.26.5"
10.128.1.49 - - [03/Dec/2025:23:07:03 +0000] "GET /v2.0/networks?id=51bf5d8c-c1bc-4548-be0d-9da29c1c369f HTTP/1.1" 200 673 "-" "python-neutronclient"
10.128.1.49 - - [03/Dec/2025:23:07:03 +0000] "GET /v2.0/quotas/5f45986fc95543d5a0014e214c498f28 HTTP/1.1" 200 187 "-" "python-neutronclient"
10.128.0.2 - - [03/Dec/2025:23:07:03 +0000] "POST /v2.0/security-group-rules HTTP/1.1" 201 574 "-" "python-urllib3/1.26.5"
10.128.1.49 - - [03/Dec/2025:23:07:03 +0000] "GET /v2.0/ports?tenant_id=5f45986fc95543d5a0014e214c498f28&fields=id HTTP/1.1" 200 103 "-" "python-neutronclient"
10.128.1.49 - - [03/Dec/2025:23:07:04 +0000] "GET /v2.0/networks/51bf5d8c-c1bc-4548-be0d-9da29c1c369f?fields=segments HTTP/1.1" 200 14 "-" "python-neutronclient"
10.128.1.49 - - [03/Dec/2025:23:07:04 +0000] "GET /v2.0/networks/51bf5d8c-c1bc-4548-be0d-9da29c1c369f?fields=provider%3Aphysical_network&fields=provider%3Anetwork_type HTTP/1.1" 200 79 "-" "python-neutronclient"
10.128.1.51 - - [03/Dec/2025:23:07:05 +0000] "GET /v2.0/extensions HTTP/1.1" 200 17369 "-" "python-neutronclient"
10.128.0.2 - - [03/Dec/2025:23:07:03 +0000] "POST /v2.0/networks HTTP/1.1" 201 651 "-" "python-urllib3/1.26.5"
10.128.1.49 - - [03/Dec/2025:23:07:05 +0000] "GET /v2.0/ports?device_id=b8da0a43-40d3-4d13-8c10-d5ccb04b6872 HTTP/1.1" 200 12 "-" "python-neutronclient"
10.128.1.51 - - [03/Dec/2025:23:07:05 +0000] "GET /v2.0/subnets?network_id=51bf5d8c-c1bc-4548-be0d-9da29c1c369f&fields=segment_id HTTP/1.1" 200 33 "-" "python-neutronclient"
100.64.0.2 - - [03/Dec/2025:23:07:06 +0000] "GET /v2.0/networks?id=51bf5d8c-c1bc-4548-be0d-9da29c1c369f HTTP/1.1" 200 673 "-" "python-neutronclient"
10.128.1.49 - - [03/Dec/2025:23:07:06 +0000] "GET /v2.0/ports?device_id=b8da0a43-40d3-4d13-8c10-d5ccb04b6872 HTTP/1.1" 200 12 "-" "python-neutronclient"
10.128.0.2 - - [03/Dec/2025:23:07:05 +0000] "POST /v2.0/routers HTTP/1.1" 201 680 "-" "python-urllib3/1.26.5"
10.128.0.2 - - [03/Dec/2025:23:07:07 +0000] "GET /v2.0/subnets?project_id=3989de3c2cf844418cdd96de2dc55a66&cidr=10.100.0.0%2F28 HTTP/1.1" 200 14 "-" "python-urllib3/1.26.5"
100.64.0.2 - - [03/Dec/2025:23:07:06 +0000] "GET /v2.0/security-groups?fields=id&fields=name&tenant_id=5f45986fc95543d5a0014e214c498f28 HTTP/1.1" 200 181 "-" "python-neutronclient"
10.128.0.2 - - [03/Dec/2025:23:07:07 +0000] "GET /v2.0/networks?router%3Aexternal=True HTTP/1.1" 200 1567 "-" "python-urllib3/1.26.5"
10.128.0.2 - - [03/Dec/2025:23:07:07 +0000] "GET /v2.0/subnets?network_id=028583f1-6fe0-4d55-b869-739d10dff786&cidr=10.100.0.0%2F28 HTTP/1.1" 200 14 "-" "python-urllib3/1.26.5"
10.128.0.2 - - [03/Dec/2025:23:07:07 +0000] "GET /v2.0/subnets?network_id=27d6c5e6-f9ae-4cab-9ef3-af7441386ba8&cidr=10.100.0.0%2F28 HTTP/1.1" 200 14 "-" "python-urllib3/1.26.5"
10.128.1.49 - - [03/Dec/2025:23:07:08 +0000] "GET /v2.0/ports?device_id=b8da0a43-40d3-4d13-8c10-d5ccb04b6872 HTTP/1.1" 200 966 "-" "python-neutronclient"
10.128.1.49 - - [03/Dec/2025:23:07:08 +0000] "GET /v2.0/security-groups?id=c9bcf740-c92f-4cae-a92a-573676d1b0f5&fields=id&fields=name HTTP/1.1" 200 114 "-" "python-neutronclient"
100.64.0.2 - - [03/Dec/2025:23:07:07 +0000] "POST /v2.0/ports HTTP/1.1" 201 963 "-" "python-neutronclient"
10.128.1.49 - - [03/Dec/2025:23:07:09 +0000] "GET /v2.0/ports?device_id=b8da0a43-40d3-4d13-8c10-d5ccb04b6872 HTTP/1.1" 200 966 "-" "python-neutronclient"
10.128.1.49 - - [03/Dec/2025:23:07:09 +0000] "GET /v2.0/security-groups?id=c9bcf740-c92f-4cae-a92a-573676d1b0f5&fields=id&fields=name HTTP/1.1" 200 114 "-" "python-neutronclient"
10.128.0.2 - - [03/Dec/2025:23:07:07 +0000] "POST /v2.0/subnets HTTP/1.1" 201 633 "-" "python-urllib3/1.26.5"
100.64.0.2 - - [03/Dec/2025:23:07:09 +0000] "PUT /v2.0/ports/3c77ce8b-91f8-466f-be53-7a25d999c60f HTTP/1.1" 200 1317 "-" "python-neutronclient"
10.128.1.49 - - [03/Dec/2025:23:07:11 +0000] "GET /v2.0/ports?device_id=b8da0a43-40d3-4d13-8c10-d5ccb04b6872 HTTP/1.1" 200 1081 "-" "python-neutronclient"
100.64.0.2 - - [03/Dec/2025:23:07:11 +0000] "GET /v2.0/ports?tenant_id=5f45986fc95543d5a0014e214c498f28&device_id=b8da0a43-40d3-4d13-8c10-d5ccb04b6872 HTTP/1.1" 200 1348 "-" "python-neutronclient"
10.128.1.49 - - [03/Dec/2025:23:07:11 +0000] "GET /v2.0/security-groups?id=c9bcf740-c92f-4cae-a92a-573676d1b0f5&fields=id&fields=name HTTP/1.1" 200 114 "-" "python-neutronclient"
100.64.0.2 - - [03/Dec/2025:23:07:11 +0000] "GET /v2.0/floatingips?fixed_ip_address=10.100.0.12&port_id=3c77ce8b-91f8-466f-be53-7a25d999c60f HTTP/1.1" 200 19 "-" "python-neutronclient"
100.64.0.2 - - [03/Dec/2025:23:07:12 +0000] "GET /v2.0/subnets?id=b51e91c9-3f97-4f36-88f4-549f5a259ef1 HTTP/1.1" 200 652 "-" "python-neutronclient"
100.64.0.2 - - [03/Dec/2025:23:07:12 +0000] "GET /v2.0/ports?network_id=51bf5d8c-c1bc-4548-be0d-9da29c1c369f&device_owner=network%3Adhcp HTTP/1.1" 200 12 "-" "python-neutronclient"
100.64.0.2 - - [03/Dec/2025:23:07:12 +0000] "GET /v2.0/networks/51bf5d8c-c1bc-4548-be0d-9da29c1c369f?fields=segments HTTP/1.1" 200 14 "-" "python-neutronclient"
100.64.0.2 - - [03/Dec/2025:23:07:12 +0000] "GET /v2.0/networks/51bf5d8c-c1bc-4548-be0d-9da29c1c369f?fields=provider%3Aphysical_network&fields=provider%3Anetwork_type HTTP/1.1" 200 79 "-" "python-neutronclient"
10.128.1.49 - - [03/Dec/2025:23:07:13 +0000] "GET /v2.0/ports?device_id=b8da0a43-40d3-4d13-8c10-d5ccb04b6872 HTTP/1.1" 200 1081 "-" "python-neutronclient"
100.64.0.2 - - [03/Dec/2025:23:07:13 +0000] "GET /v2.0/ports?tenant_id=5f45986fc95543d5a0014e214c498f28&device_id=b8da0a43-40d3-4d13-8c10-d5ccb04b6872 HTTP/1.1" 200 1348 "-" "python-neutronclient"
100.64.0.2 - - [03/Dec/2025:23:07:13 +0000] "GET /v2.0/ports?device_id=b8da0a43-40d3-4d13-8c10-d5ccb04b6872 HTTP/1.1" 200 1348 "-" "python-neutronclient"
10.128.1.49 - - [03/Dec/2025:23:07:13 +0000] "GET /v2.0/security-groups?id=c9bcf740-c92f-4cae-a92a-573676d1b0f5&fields=id&fields=name HTTP/1.1" 200 114 "-" "python-neutronclient"
100.64.0.2 - - [03/Dec/2025:23:07:14 +0000] "GET /v2.0/networks?id=51bf5d8c-c1bc-4548-be0d-9da29c1c369f HTTP/1.1" 200 772 "-" "python-neutronclient"
100.64.0.2 - - [03/Dec/2025:23:07:14 +0000] "GET /v2.0/security-groups?id=c9bcf740-c92f-4cae-a92a-573676d1b0f5&fields=id&fields=name HTTP/1.1" 200 114 "-" "python-neutronclient"
100.64.0.2 - - [03/Dec/2025:23:07:14 +0000] "GET /v2.0/floatingips?fixed_ip_address=10.100.0.12&port_id=3c77ce8b-91f8-466f-be53-7a25d999c60f HTTP/1.1" 200 19 "-" "python-neutronclient"
100.64.0.2 - - [03/Dec/2025:23:07:14 +0000] "GET /v2.0/subnets?id=b51e91c9-3f97-4f36-88f4-549f5a259ef1 HTTP/1.1" 200 652 "-" "python-neutronclient"
100.64.0.2 - - [03/Dec/2025:23:07:14 +0000] "GET /v2.0/ports?network_id=51bf5d8c-c1bc-4548-be0d-9da29c1c369f&device_owner=network%3Adhcp HTTP/1.1" 200 12 "-" "python-neutronclient"
100.64.0.2 - - [03/Dec/2025:23:07:14 +0000] "GET /v2.0/networks/51bf5d8c-c1bc-4548-be0d-9da29c1c369f?fields=segments HTTP/1.1" 200 14 "-" "python-neutronclient"
10.128.1.49 - - [03/Dec/2025:23:07:15 +0000] "GET /v2.0/ports?device_id=b8da0a43-40d3-4d13-8c10-d5ccb04b6872 HTTP/1.1" 200 1083 "-" "python-neutronclient"
10.128.0.2 - - [03/Dec/2025:23:07:10 +0000] "PUT /v2.0/routers/e316035f-2b06-4746-833c-3012c4835df3/add_router_interface HTTP/1.1" 200 309 "-" "python-urllib3/1.26.5"
100.64.0.2 - - [03/Dec/2025:23:07:15 +0000] "GET /v2.0/networks/51bf5d8c-c1bc-4548-be0d-9da29c1c369f?fields=provider%3Aphysical_network&fields=provider%3Anetwork_type HTTP/1.1" 200 79 "-" "python-neutronclient"
10.128.1.49 - - [03/Dec/2025:23:07:15 +0000] "GET /v2.0/security-groups?id=c9bcf740-c92f-4cae-a92a-573676d1b0f5&fields=id&fields=name HTTP/1.1" 200 114 "-" "python-neutronclient"
10.128.1.49 - - [03/Dec/2025:23:07:16 +0000] "GET /v2.0/security-groups?name=tempest-secgroup-smoke-1339113655&fields=id&tenant_id=3989de3c2cf844418cdd96de2dc55a66 HTTP/1.1" 200 69 "-" "python-neutronclient"
10.128.1.49 - - [03/Dec/2025:23:07:16 +0000] "GET /v2.0/ports?device_id=b8da0a43-40d3-4d13-8c10-d5ccb04b6872 HTTP/1.1" 200 1083 "-" "python-neutronclient"
10.128.1.49 - - [03/Dec/2025:23:07:17 +0000] "GET /v2.0/security-groups?id=c9bcf740-c92f-4cae-a92a-573676d1b0f5&fields=id&fields=name HTTP/1.1" 200 114 "-" "python-neutronclient"
10.128.1.49 - - [03/Dec/2025:23:07:17 +0000] "GET /v2.0/networks?id=df6b7696-18f9-4c0c-8b3a-a936cad9d650 HTTP/1.1" 200 673 "-" "python-neutronclient"
10.128.1.49 - - [03/Dec/2025:23:07:18 +0000] "GET /v2.0/quotas/3989de3c2cf844418cdd96de2dc55a66 HTTP/1.1" 200 187 "-" "python-neutronclient"
10.128.1.49 - - [03/Dec/2025:23:07:18 +0000] "GET /v2.0/ports?device_id=b8da0a43-40d3-4d13-8c10-d5ccb04b6872 HTTP/1.1" 200 1083 "-" "python-neutronclient"
10.128.1.49 - - [03/Dec/2025:23:07:18 +0000] "GET /v2.0/ports?tenant_id=3989de3c2cf844418cdd96de2dc55a66&fields=id HTTP/1.1" 200 103 "-" "python-neutronclient"
10.128.1.49 - - [03/Dec/2025:23:07:18 +0000] "GET /v2.0/security-groups?id=c9bcf740-c92f-4cae-a92a-573676d1b0f5&fields=id&fields=name HTTP/1.1" 200 114 "-" "python-neutronclient"
10.128.1.49 - - [03/Dec/2025:23:07:18 +0000] "GET /v2.0/networks/df6b7696-18f9-4c0c-8b3a-a936cad9d650?fields=segments HTTP/1.1" 200 14 "-" "python-neutronclient"
10.128.0.2 - - [03/Dec/2025:23:07:19 +0000] "GET /v2.0/ports?device_id=b8da0a43-40d3-4d13-8c10-d5ccb04b6872 HTTP/1.1" 200 1350 "-" "python-urllib3/1.26.5"
10.128.1.49 - - [03/Dec/2025:23:07:19 +0000] "GET /v2.0/networks/df6b7696-18f9-4c0c-8b3a-a936cad9d650?fields=provider%3Aphysical_network&fields=provider%3Anetwork_type HTTP/1.1" 200 79 "-" "python-neutronclient"
10.128.1.51 - - [03/Dec/2025:23:07:19 +0000] "GET /v2.0/extensions HTTP/1.1" 200 17369 "-" "python-neutronclient"
10.128.1.49 - - [03/Dec/2025:23:07:19 +0000] "GET /v2.0/ports?device_id=767144dc-3754-40d8-905e-2679435c6b85 HTTP/1.1" 200 12 "-" "python-neutronclient"
10.128.1.51 - - [03/Dec/2025:23:07:19 +0000] "GET /v2.0/subnets?network_id=df6b7696-18f9-4c0c-8b3a-a936cad9d650&fields=segment_id HTTP/1.1" 200 33 "-" "python-neutronclient"
10.128.0.2 - - [03/Dec/2025:23:07:19 +0000] "POST /v2.0/floatingips HTTP/1.1" 201 882 "-" "python-urllib3/1.26.5"
100.64.0.2 - - [03/Dec/2025:23:07:20 +0000] "GET /v2.0/networks?id=df6b7696-18f9-4c0c-8b3a-a936cad9d650 HTTP/1.1" 200 673 "-" "python-neutronclient"
10.128.1.49 - - [03/Dec/2025:23:07:20 +0000] "GET /v2.0/ports?device_id=767144dc-3754-40d8-905e-2679435c6b85 HTTP/1.1" 200 12 "-" "python-neutronclient"
10.128.0.2 - - [03/Dec/2025:23:07:20 +0000] "GET /v2.0/floatingips/358c4181-7be6-45d4-b469-278bed09bd7f HTTP/1.1" 200 884 "-" "python-urllib3/1.26.5"
100.64.0.2 - - [03/Dec/2025:23:07:20 +0000] "GET /v2.0/security-groups?fields=id&fields=name&tenant_id=3989de3c2cf844418cdd96de2dc55a66 HTTP/1.1" 200 181 "-" "python-neutronclient"
100.64.0.2 - - [03/Dec/2025:23:07:20 +0000] "GET /v2.0/ports?tenant_id=5f45986fc95543d5a0014e214c498f28&device_id=b8da0a43-40d3-4d13-8c10-d5ccb04b6872 HTTP/1.1" 200 1350 "-" "python-neutronclient"
100.64.0.2 - - [03/Dec/2025:23:07:21 +0000] "GET /v2.0/networks?id=51bf5d8c-c1bc-4548-be0d-9da29c1c369f HTTP/1.1" 200 772 "-" "python-neutronclient"
100.64.0.2 - - [03/Dec/2025:23:07:21 +0000] "GET /v2.0/floatingips?fixed_ip_address=10.100.0.12&port_id=3c77ce8b-91f8-466f-be53-7a25d999c60f HTTP/1.1" 200 887 "-" "python-neutronclient"
100.64.0.2 - - [03/Dec/2025:23:07:21 +0000] "GET /v2.0/subnets?id=b51e91c9-3f97-4f36-88f4-549f5a259ef1 HTTP/1.1" 200 652 "-" "python-neutronclient"
100.64.0.2 - - [03/Dec/2025:23:07:21 +0000] "GET /v2.0/ports?network_id=51bf5d8c-c1bc-4548-be0d-9da29c1c369f&device_owner=network%3Adhcp HTTP/1.1" 200 12 "-" "python-neutronclient"
10.128.1.49 - - [03/Dec/2025:23:07:22 +0000] "GET /v2.0/ports?device_id=767144dc-3754-40d8-905e-2679435c6b85 HTTP/1.1" 200 966 "-" "python-neutronclient"
100.64.0.2 - - [03/Dec/2025:23:07:21 +0000] "POST /v2.0/ports HTTP/1.1" 201 963 "-" "python-neutronclient"
100.64.0.2 - - [03/Dec/2025:23:07:22 +0000] "GET /v2.0/networks/51bf5d8c-c1bc-4548-be0d-9da29c1c369f?fields=segments HTTP/1.1" 200 14 "-" "python-neutronclient"
10.128.1.49 - - [03/Dec/2025:23:07:22 +0000] "GET /v2.0/security-groups?id=7349684d-6855-423a-a37e-d2851b958dee&fields=id&fields=name HTTP/1.1" 200 114 "-" "python-neutronclient"
10.128.0.2 - - [03/Dec/2025:23:07:23 +0000] "GET / HTTP/1.1" 200 122 "-" "kube-probe/1.31"
10.128.0.2 - - [03/Dec/2025:23:07:23 +0000] "GET / HTTP/1.1" 200 122 "-" "kube-probe/1.31"
10.128.0.2 - - [03/Dec/2025:23:07:23 +0000] "GET / HTTP/1.1" 200 122 "-" "kube-probe/1.31"
100.64.0.2 - - [03/Dec/2025:23:07:22 +0000] "GET /v2.0/networks/51bf5d8c-c1bc-4548-be0d-9da29c1c369f?fields=provider%3Aphysical_network&fields=provider%3Anetwork_type HTTP/1.1" 200 79 "-" "python-neutronclient"
10.128.1.49 - - [03/Dec/2025:23:07:24 +0000] "GET /v2.0/ports?device_id=767144dc-3754-40d8-905e-2679435c6b85 HTTP/1.1" 200 1105 "-" "python-neutronclient"
10.128.1.49 - - [03/Dec/2025:23:07:24 +0000] "GET /v2.0/security-groups?id=7349684d-6855-423a-a37e-d2851b958dee&fields=id&fields=name HTTP/1.1" 200 114 "-" "python-neutronclient"
100.64.0.2 - - [03/Dec/2025:23:07:22 +0000] "PUT /v2.0/ports/2a64b4aa-a67d-41e6-aa57-0548d48d1080 HTTP/1.1" 200 1341 "-" "python-neutronclient"
100.64.0.2 - - [03/Dec/2025:23:07:25 +0000] "GET /v2.0/ports?tenant_id=3989de3c2cf844418cdd96de2dc55a66&device_id=767144dc-3754-40d8-905e-2679435c6b85 HTTP/1.1" 200 1372 "-" "python-neutronclient"
100.64.0.2 - - [03/Dec/2025:23:07:25 +0000] "GET /v2.0/floatingips?fixed_ip_address=10.100.0.10&port_id=2a64b4aa-a67d-41e6-aa57-0548d48d1080 HTTP/1.1" 200 19 "-" "python-neutronclient"
100.64.0.2 - - [03/Dec/2025:23:07:25 +0000] "GET /v2.0/subnets?id=fcb9363a-590b-4c61-90bb-d473d9c1709c HTTP/1.1" 200 654 "-" "python-neutronclient"
10.128.1.49 - - [03/Dec/2025:23:07:26 +0000] "GET /v2.0/ports?device_id=767144dc-3754-40d8-905e-2679435c6b85 HTTP/1.1" 200 1105 "-" "python-neutronclient"
100.64.0.2 - - [03/Dec/2025:23:07:26 +0000] "GET /v2.0/ports?network_id=df6b7696-18f9-4c0c-8b3a-a936cad9d650&device_owner=network%3Adhcp HTTP/1.1" 200 12 "-" "python-neutronclient"
10.128.1.49 - - [03/Dec/2025:23:07:26 +0000] "GET /v2.0/security-groups?id=7349684d-6855-423a-a37e-d2851b958dee&fields=id&fields=name HTTP/1.1" 200 114 "-" "python-neutronclient"
100.64.0.2 - - [03/Dec/2025:23:07:26 +0000] "GET /v2.0/networks/df6b7696-18f9-4c0c-8b3a-a936cad9d650?fields=segments HTTP/1.1" 200 14 "-" "python-neutronclient"
100.64.0.2 - - [03/Dec/2025:23:07:26 +0000] "GET /v2.0/networks/df6b7696-18f9-4c0c-8b3a-a936cad9d650?fields=provider%3Aphysical_network&fields=provider%3Anetwork_type HTTP/1.1" 200 79 "-" "python-neutronclient"
100.64.0.2 - - [03/Dec/2025:23:07:27 +0000] "GET /v2.0/ports?tenant_id=3989de3c2cf844418cdd96de2dc55a66&device_id=767144dc-3754-40d8-905e-2679435c6b85 HTTP/1.1" 200 1372 "-" "python-neutronclient"
