10.128.0.2 - - [03/Dec/2025:22:53:04 +0000] "PUT /v2.0/routers/903d8962-3376-440d-8c14-8cb3ba2a95e0/add_router_interface HTTP/1.1" 200 309 "-" "python-urllib3/1.26.5"
10.128.0.2 - - [03/Dec/2025:22:53:18 +0000] "GET /v2.0/extensions/qos-bw-limit-direction HTTP/1.1" 200 258 "-" "python-urllib3/1.26.5"
10.128.1.49 - - [03/Dec/2025:22:53:17 +0000] "GET /v2.0/ports?device_id=d8ea9f23-e691-45c6-bb48-6ae2a5586109 HTTP/1.1" 200 1095 "-" "python-neutronclient"
10.128.0.2 - - [03/Dec/2025:22:53:16 +0000] "POST /v2.0/networks HTTP/1.1" 201 650 "-" "python-urllib3/1.26.5"
100.64.0.2 - - [03/Dec/2025:22:53:14 +0000] "DELETE /v2.0/ports/6af81eca-2b35-43a5-bc25-90badeffdf11 HTTP/1.1" 204 - "-" "python-neutronclient"
10.128.0.2 - - [03/Dec/2025:22:53:19 +0000] "GET /v2.0/extensions/qos-bw-minimum-ingress HTTP/1.1" 200 251 "-" "python-urllib3/1.26.5"
10.128.1.49 - - [03/Dec/2025:22:53:18 +0000] "GET /v2.0/ports?device_id=999f64d3-7a1d-419e-aebc-aceb64ee58e5 HTTP/1.1" 200 12 "-" "python-neutronclient"
10.128.0.2 - - [03/Dec/2025:22:53:17 +0000] "POST /v2.0/security-group-rules HTTP/1.1" 201 569 "-" "python-urllib3/1.26.5"
10.128.0.2 - - [03/Dec/2025:22:53:19 +0000] "GET /v2.0/extensions/qos-default HTTP/1.1" 200 183 "-" "python-urllib3/1.26.5"
10.128.0.2 - - [03/Dec/2025:22:53:19 +0000] "GET /v2.0/security-group-rules/1312d340-eb8a-47db-92e6-2d0765426706 HTTP/1.1" 200 569 "-" "python-urllib3/1.26.5"
10.128.0.2 - - [03/Dec/2025:22:53:19 +0000] "GET /v2.0/extensions/qos-fip HTTP/1.1" 200 178 "-" "python-urllib3/1.26.5"
10.128.1.49 - - [03/Dec/2025:22:53:19 +0000] "GET /v2.0/security-groups?id=c206e108-282e-4c2a-8863-59566d82f7d8&fields=id&fields=name HTTP/1.1" 200 114 "-" "python-neutronclient"
10.128.0.2 - - [03/Dec/2025:22:53:19 +0000] "GET /v2.0/extensions/qos-gateway-ip HTTP/1.1" 200 197 "-" "python-urllib3/1.26.5"
100.64.0.2 - - [03/Dec/2025:22:53:15 +0000] "DELETE /v2.0/ports/dbf1c2fa-9927-438c-9d90-32fa6289d7a5 HTTP/1.1" 204 - "-" "python-neutronclient"
10.128.0.2 - - [03/Dec/2025:22:53:19 +0000] "GET /v2.0/extensions/qos-port-network-policy HTTP/1.1" 200 209 "-" "python-urllib3/1.26.5"
100.64.0.2 - - [03/Dec/2025:22:53:19 +0000] "GET /v2.0/ports?tenant_id=17740b1ad7584f87b4eeaf23296856e6&device_id=ebe8ef45-d1b0-4c70-9cee-bf6fe0c5527a HTTP/1.1" 200 1354 "-" "python-neutronclient"
10.128.0.2 - - [03/Dec/2025:22:53:19 +0000] "GET /v2.0/security-group-rules HTTP/1.1" 200 3918 "-" "python-urllib3/1.26.5"
10.128.0.2 - - [03/Dec/2025:22:53:20 +0000] "GET /v2.0/extensions/qos-pps-minimum HTTP/1.1" 200 203 "-" "python-urllib3/1.26.5"
10.128.0.2 - - [03/Dec/2025:22:53:20 +0000] "GET /v2.0/extensions/qos-pps-minimum-rule-alias HTTP/1.1" 200 277 "-" "python-urllib3/1.26.5"
10.128.0.2 - - [03/Dec/2025:22:53:07 +0000] "PUT /v2.0/routers/c0445a76-e760-4868-a6af-2a8a5f2dfd0e/remove_router_interface HTTP/1.1" 200 309 "-" "python-urllib3/1.26.5"
100.64.0.2 - - [03/Dec/2025:22:53:20 +0000] "GET /v2.0/networks?id=681f4a6e-e786-4b61-b34c-86e17ad7d35a HTTP/1.1" 200 788 "-" "python-neutronclient"
10.128.0.2 - - [03/Dec/2025:22:53:19 +0000] "GET /v2.0/security-groups?tenant_id=08a0acb189054a389ef82e612bfb6d6b&name=default HTTP/1.1" 200 2801 "-" "python-urllib3/1.26.5"
10.128.0.2 - - [03/Dec/2025:22:53:20 +0000] "GET /v2.0/extensions/qos-pps HTTP/1.1" 200 195 "-" "python-urllib3/1.26.5"
10.128.0.2 - - [03/Dec/2025:22:53:20 +0000] "POST /v2.0/qos/policies HTTP/1.1" 201 359 "-" "python-urllib3/1.26.5"
10.128.0.2 - - [03/Dec/2025:22:53:13 +0000] "POST /v2.0/routers HTTP/1.1" 201 677 "-" "python-urllib3/1.26.5"
10.128.0.2 - - [03/Dec/2025:22:53:19 +0000] "POST /v2.0/ports HTTP/1.1" 201 743 "-" "python-urllib3/1.26.5"
10.128.1.49 - - [03/Dec/2025:22:53:21 +0000] "GET /v2.0/ports?device_id=d8ea9f23-e691-45c6-bb48-6ae2a5586109 HTTP/1.1" 200 12 "-" "python-neutronclient"
10.128.0.2 - - [03/Dec/2025:22:53:18 +0000] "DELETE /v2.0/networks/5893b6c2-9f27-411e-aa81-c89872dc7106 HTTP/1.1" 204 - "-" "python-urllib3/1.26.5"
10.128.0.2 - - [03/Dec/2025:22:53:21 +0000] "PUT /v2.0/policies/f098c8fc-d87d-46af-8db0-1675d69b6c18/tags HTTP/1.1" 200 25 "-" "python-urllib3/1.26.5"
10.128.0.2 - - [03/Dec/2025:22:53:20 +0000] "GET /v2.0/extensions/qos-rule-type-details HTTP/1.1" 200 229 "-" "python-urllib3/1.26.5"
10.128.0.2 - - [03/Dec/2025:22:53:21 +0000] "GET /v2.0/policies/f098c8fc-d87d-46af-8db0-1675d69b6c18/tags HTTP/1.1" 200 25 "-" "python-urllib3/1.26.5"
100.64.0.2 - - [03/Dec/2025:22:53:20 +0000] "GET /v2.0/floatingips?fixed_ip_address=10.100.0.4&port_id=40701158-5f34-4ba8-b0b8-098ed34493e0 HTTP/1.1" 200 886 "-" "python-neutronclient"
10.128.0.2 - - [03/Dec/2025:22:53:20 +0000] "DELETE /v2.0/security-group-rules/1312d340-eb8a-47db-92e6-2d0765426706 HTTP/1.1" 204 - "-" "python-urllib3/1.26.5"
10.128.0.2 - - [03/Dec/2025:22:53:21 +0000] "GET /v2.0/extensions/qos-rule-type-filter HTTP/1.1" 200 373 "-" "python-urllib3/1.26.5"
10.128.0.2 - - [03/Dec/2025:22:53:20 +0000] "DELETE /v2.0/security-groups/e54166d5-208c-4b5f-b2ba-7eb42055b67d HTTP/1.1" 204 - "-" "python-urllib3/1.26.5"
10.128.0.2 - - [03/Dec/2025:22:53:21 +0000] "GET /v2.0/security-group-rules HTTP/1.1" 200 3372 "-" "python-urllib3/1.26.5"
100.64.0.2 - - [03/Dec/2025:22:53:21 +0000] "GET /v2.0/ports?device_id=ebe8ef45-d1b0-4c70-9cee-bf6fe0c5527a&fields=binding%3Ahost_id&fields=binding%3Avif_type HTTP/1.1" 200 96 "-" "python-neutronclient"
10.128.0.2 - - [03/Dec/2025:22:53:21 +0000] "GET /v2.0/extensions/qos-rules-alias HTTP/1.1" 200 254 "-" "python-urllib3/1.26.5"
10.128.0.2 - - [03/Dec/2025:22:53:21 +0000] "PUT /v2.0/policies/f098c8fc-d87d-46af-8db0-1675d69b6c18/tags/green HTTP/1.1" 201 4 "-" "python-urllib3/1.26.5"
10.128.0.2 - - [03/Dec/2025:22:53:21 +0000] "POST /v2.0/trunks HTTP/1.1" 201 409 "-" "python-urllib3/1.26.5"
100.64.0.2 - - [03/Dec/2025:22:53:21 +0000] "GET /v2.0/subnets?id=3e9c915f-1013-498a-bab1-757e08d6eaa6 HTTP/1.1" 200 670 "-" "python-neutronclient"
10.128.0.2 - - [03/Dec/2025:22:53:22 +0000] "GET /v2.0/extensions/quota-check-limit HTTP/1.1" 200 226 "-" "python-urllib3/1.26.5"
10.128.0.2 - - [03/Dec/2025:22:53:22 +0000] "GET /v2.0/policies/f098c8fc-d87d-46af-8db0-1675d69b6c18/tags HTTP/1.1" 200 34 "-" "python-urllib3/1.26.5"
10.128.0.2 - - [03/Dec/2025:22:53:22 +0000] "GET /v2.0/extensions/quotas HTTP/1.1" 200 192 "-" "python-urllib3/1.26.5"
10.128.0.2 - - [03/Dec/2025:22:53:22 +0000] "GET /v2.0/extensions/quota_details HTTP/1.1" 200 213 "-" "python-urllib3/1.26.5"
10.128.0.2 - - [03/Dec/2025:22:53:22 +0000] "PUT /v2.0/policies/f098c8fc-d87d-46af-8db0-1675d69b6c18/tags/red HTTP/1.1" 201 4 "-" "python-urllib3/1.26.5"
100.64.0.2 - - [03/Dec/2025:22:53:22 +0000] "GET /v2.0/ports?network_id=681f4a6e-e786-4b61-b34c-86e17ad7d35a&device_owner=network%3Adhcp HTTP/1.1" 200 12 "-" "python-neutronclient"
10.128.0.2 - - [03/Dec/2025:22:53:22 +0000] "GET /v2.0/extensions/rbac-policies HTTP/1.1" 200 223 "-" "python-urllib3/1.26.5"
10.128.0.2 - - [03/Dec/2025:22:53:22 +0000] "GET /v2.0/policies/f098c8fc-d87d-46af-8db0-1675d69b6c18/tags HTTP/1.1" 200 34 "-" "python-urllib3/1.26.5"
10.128.1.49 - - [03/Dec/2025:22:53:22 +0000] "GET /v2.0/ports?device_id=d8ea9f23-e691-45c6-bb48-6ae2a5586109 HTTP/1.1" 200 12 "-" "python-neutronclient"
10.128.0.2 - - [03/Dec/2025:22:53:20 +0000] "DELETE /v2.0/security-groups/420f0a56-5858-4c6d-a538-cc592d477ebb HTTP/1.1" 204 - "-" "python-urllib3/1.26.5"
10.128.0.2 - - [03/Dec/2025:22:53:21 +0000] "DELETE /v2.0/networks/a9879c5e-cd51-4426-8100-2b794492d17d HTTP/1.1" 204 - "-" "python-urllib3/1.26.5"
10.128.1.49 - - [03/Dec/2025:22:53:22 +0000] "GET /v2.0/networks?id=5b76196f-100f-4705-b0d9-ee3070b9be74 HTTP/1.1" 200 685 "-" "python-neutronclient"
10.128.0.2 - - [03/Dec/2025:22:53:22 +0000] "GET /v2.0/extensions/rbac-address-scope HTTP/1.1" 200 190 "-" "python-urllib3/1.26.5"
10.128.0.2 - - [03/Dec/2025:22:53:22 +0000] "POST /v2.0/security-group-rules HTTP/1.1" 201 569 "-" "python-urllib3/1.26.5"
10.128.0.2 - - [03/Dec/2025:22:53:22 +0000] "GET /v2.0/extensions/rbac-security-groups HTTP/1.1" 200 210 "-" "python-urllib3/1.26.5"
10.128.0.2 - - [03/Dec/2025:22:53:22 +0000] "GET /v2.0/security-group-rules/00f07ae3-a149-4f33-bc1c-dd3b3d8d6205 HTTP/1.1" 200 569 "-" "python-urllib3/1.26.5"
10.128.1.49 - - [03/Dec/2025:22:53:22 +0000] "GET /v2.0/quotas/9e39f529b7be4d20a35fb40e772872cb HTTP/1.1" 200 187 "-" "python-neutronclient"
10.128.0.2 - - [03/Dec/2025:22:53:22 +0000] "GET /v2.0/security-groups/420f0a56-5858-4c6d-a538-cc592d477ebb HTTP/1.1" 404 146 "-" "python-urllib3/1.26.5"
10.128.0.2 - - [03/Dec/2025:22:53:22 +0000] "PUT /v2.0/policies/f098c8fc-d87d-46af-8db0-1675d69b6c18/tags/black.or.white HTTP/1.1" 201 4 "-" "python-urllib3/1.26.5"
10.128.0.2 - - [03/Dec/2025:22:53:22 +0000] "GET /v2.0/extensions/revision-if-match HTTP/1.1" 200 247 "-" "python-urllib3/1.26.5"
10.128.0.2 - - [03/Dec/2025:22:53:23 +0000] "GET / HTTP/1.1" 200 122 "-" "kube-probe/1.31"
10.128.0.2 - - [03/Dec/2025:22:53:23 +0000] "GET / HTTP/1.1" 200 122 "-" "kube-probe/1.31"
10.128.0.2 - - [03/Dec/2025:22:53:23 +0000] "GET / HTTP/1.1" 200 122 "-" "kube-probe/1.31"
100.64.0.2 - - [03/Dec/2025:22:53:22 +0000] "GET /v2.0/networks/681f4a6e-e786-4b61-b34c-86e17ad7d35a?fields=segments HTTP/1.1" 200 14 "-" "python-neutronclient"
10.128.0.2 - - [03/Dec/2025:22:53:23 +0000] "GET /v2.0/extensions/standard-attr-revisions HTTP/1.1" 200 229 "-" "python-urllib3/1.26.5"
10.128.0.2 - - [03/Dec/2025:22:53:23 +0000] "GET /v2.0/policies/f098c8fc-d87d-46af-8db0-1675d69b6c18/tags HTTP/1.1" 200 52 "-" "python-urllib3/1.26.5"
10.128.0.2 - - [03/Dec/2025:22:53:23 +0000] "GET /v2.0/extensions/router_availability_zone HTTP/1.1" 200 197 "-" "python-urllib3/1.26.5"
10.128.0.2 - - [03/Dec/2025:22:53:23 +0000] "GET /v2.0/security-group-rules HTTP/1.1" 200 3918 "-" "python-urllib3/1.26.5"
10.128.0.2 - - [03/Dec/2025:22:53:23 +0000] "GET /v2.0/extensions/security-groups-normalized-cidr HTTP/1.1" 200 251 "-" "python-urllib3/1.26.5"
10.128.0.2 - - [03/Dec/2025:22:53:23 +0000] "PUT /v2.0/policies/f098c8fc-d87d-46af-8db0-1675d69b6c18/tags HTTP/1.1" 200 37 "-" "python-urllib3/1.26.5"
10.128.1.49 - - [03/Dec/2025:22:53:23 +0000] "GET /v2.0/ports?tenant_id=9e39f529b7be4d20a35fb40e772872cb&fields=id HTTP/1.1" 200 103 "-" "python-neutronclient"
10.128.0.2 - - [03/Dec/2025:22:53:23 +0000] "GET /v2.0/extensions/security-groups-remote-address-group HTTP/1.1" 200 254 "-" "python-urllib3/1.26.5"
100.64.0.2 - - [03/Dec/2025:22:53:23 +0000] "GET /v2.0/networks/681f4a6e-e786-4b61-b34c-86e17ad7d35a?fields=provider%3Aphysical_network&fields=provider%3Anetwork_type HTTP/1.1" 200 79 "-" "python-neutronclient"
10.128.0.2 - - [03/Dec/2025:22:53:23 +0000] "GET /v2.0/policies/f098c8fc-d87d-46af-8db0-1675d69b6c18/tags HTTP/1.1" 200 37 "-" "python-urllib3/1.26.5"
10.128.0.2 - - [03/Dec/2025:22:53:23 +0000] "GET /v2.0/extensions/security-groups-shared-filtering HTTP/1.1" 200 241 "-" "python-urllib3/1.26.5"
10.128.0.2 - - [03/Dec/2025:22:53:22 +0000] "GET /v2.0/security-groups?tenant_id=9eef047e06a043a8ba5677630ae7e2a6&name=default HTTP/1.1" 200 2801 "-" "python-urllib3/1.26.5"
10.128.0.2 - - [03/Dec/2025:22:53:23 +0000] "GET /v2.0/extensions/security-group HTTP/1.1" 200 170 "-" "python-urllib3/1.26.5"
10.128.0.2 - - [03/Dec/2025:22:53:23 +0000] "GET /v2.0/policies/f098c8fc-d87d-46af-8db0-1675d69b6c18/tags/red HTTP/1.1" 204 - "-" "python-urllib3/1.26.5"
10.128.1.49 - - [03/Dec/2025:22:53:23 +0000] "GET /v2.0/ports?device_id=d8ea9f23-e691-45c6-bb48-6ae2a5586109 HTTP/1.1" 200 12 "-" "python-neutronclient"
10.128.0.2 - - [03/Dec/2025:22:53:24 +0000] "GET /v2.0/policies/f098c8fc-d87d-46af-8db0-1675d69b6c18/tags/green HTTP/1.1" 404 99 "-" "python-urllib3/1.26.5"
10.128.0.2 - - [03/Dec/2025:22:53:24 +0000] "GET /v2.0/extensions/segment HTTP/1.1" 200 145 "-" "python-urllib3/1.26.5"
100.64.0.2 - - [03/Dec/2025:22:53:23 +0000] "GET /v2.0/ports?tenant_id=17740b1ad7584f87b4eeaf23296856e6&device_id=ebe8ef45-d1b0-4c70-9cee-bf6fe0c5527a HTTP/1.1" 200 1354 "-" "python-neutronclient"
10.128.0.2 - - [03/Dec/2025:22:53:24 +0000] "GET /v2.0/extensions/segments-peer-subnet-host-routes HTTP/1.1" 200 233 "-" "python-urllib3/1.26.5"
10.128.1.49 - - [03/Dec/2025:22:53:23 +0000] "GET /v2.0/networks/5b76196f-100f-4705-b0d9-ee3070b9be74?fields=segments HTTP/1.1" 200 14 "-" "python-neutronclient"
10.128.0.2 - - [03/Dec/2025:22:53:22 +0000] "POST /v2.0/networks HTTP/1.1" 201 651 "-" "python-urllib3/1.26.5"
10.128.0.2 - - [03/Dec/2025:22:53:23 +0000] "DELETE /v2.0/security-group-rules/00f07ae3-a149-4f33-bc1c-dd3b3d8d6205 HTTP/1.1" 204 - "-" "python-urllib3/1.26.5"
10.128.1.49 - - [03/Dec/2025:22:53:24 +0000] "GET /v2.0/networks/5b76196f-100f-4705-b0d9-ee3070b9be74?fields=provider%3Aphysical_network&fields=provider%3Anetwork_type HTTP/1.1" 200 79 "-" "python-neutronclient"
10.128.0.2 - - [03/Dec/2025:22:53:24 +0000] "GET /v2.0/security-group-rules HTTP/1.1" 200 3372 "-" "python-urllib3/1.26.5"
10.128.0.2 - - [03/Dec/2025:22:53:23 +0000] "DELETE /v2.0/floatingips/1141496c-a34e-49d3-81ea-311a57b5848d HTTP/1.1" 204 - "-" "python-urllib3/1.26.5"
10.128.0.2 - - [03/Dec/2025:22:53:22 +0000] "DELETE /v2.0/networks/f867b507-b395-421b-9024-15f6a23deb69 HTTP/1.1" 204 - "-" "python-urllib3/1.26.5"
10.128.0.2 - - [03/Dec/2025:22:53:24 +0000] "GET /v2.0/extensions/service-type HTTP/1.1" 200 221 "-" "python-urllib3/1.26.5"
10.128.0.2 - - [03/Dec/2025:22:53:24 +0000] "DELETE /v2.0/policies/f098c8fc-d87d-46af-8db0-1675d69b6c18/tags/red HTTP/1.1" 204 - "-" "python-urllib3/1.26.5"
10.128.0.2 - - [03/Dec/2025:22:53:25 +0000] "GET /v2.0/extensions/sorting HTTP/1.1" 200 183 "-" "python-urllib3/1.26.5"
10.128.1.49 - - [03/Dec/2025:22:53:25 +0000] "GET /v2.0/ports?device_id=a81ca786-60f7-437c-bc12-768d8f6bf8ad HTTP/1.1" 200 12 "-" "python-neutronclient"
10.128.0.2 - - [03/Dec/2025:22:53:20 +0000] "DELETE /v2.0/routers/c0445a76-e760-4868-a6af-2a8a5f2dfd0e HTTP/1.1" 204 - "-" "python-urllib3/1.26.5"
10.128.1.51 - - [03/Dec/2025:22:53:25 +0000] "GET /v2.0/extensions HTTP/1.1" 200 17369 "-" "python-neutronclient"
10.128.0.2 - - [03/Dec/2025:22:53:25 +0000] "GET /v2.0/extensions/standard-attr-segment HTTP/1.1" 200 212 "-" "python-urllib3/1.26.5"
10.128.0.2 - - [03/Dec/2025:22:53:25 +0000] "GET /v2.0/policies/f098c8fc-d87d-46af-8db0-1675d69b6c18/tags HTTP/1.1" 200 30 "-" "python-urllib3/1.26.5"
10.128.0.2 - - [03/Dec/2025:22:53:25 +0000] "GET /v2.0/extensions/standard-attr-description HTTP/1.1" 200 214 "-" "python-urllib3/1.26.5"
10.128.0.2 - - [03/Dec/2025:22:53:25 +0000] "POST /v2.0/security-group-rules HTTP/1.1" 201 575 "-" "python-urllib3/1.26.5"
10.128.0.2 - - [03/Dec/2025:22:53:24 +0000] "POST /v2.0/ports HTTP/1.1" 201 743 "-" "python-urllib3/1.26.5"
100.64.0.2 - - [03/Dec/2025:22:53:24 +0000] "GET /v2.0/networks?id=681f4a6e-e786-4b61-b34c-86e17ad7d35a HTTP/1.1" 200 788 "-" "python-neutronclient"
10.128.0.2 - - [03/Dec/2025:22:53:25 +0000] "GET /v2.0/extensions/stateful-security-group HTTP/1.1" 200 208 "-" "python-urllib3/1.26.5"
10.128.0.2 - - [03/Dec/2025:22:53:25 +0000] "DELETE /v2.0/policies/f098c8fc-d87d-46af-8db0-1675d69b6c18/tags/green HTTP/1.1" 404 99 "-" "python-urllib3/1.26.5"
10.128.0.2 - - [03/Dec/2025:22:53:26 +0000] "GET /v2.0/extensions/subnet-dns-publish-fixed-ip HTTP/1.1" 200 227 "-" "python-urllib3/1.26.5"
10.128.0.2 - - [03/Dec/2025:22:53:26 +0000] "GET /v2.0/extensions/subnet-segmentid-writable HTTP/1.1" 200 227 "-" "python-urllib3/1.26.5"
10.128.1.51 - - [03/Dec/2025:22:53:25 +0000] "GET /v2.0/subnets?network_id=5b76196f-100f-4705-b0d9-ee3070b9be74&fields=segment_id HTTP/1.1" 200 33 "-" "python-neutronclient"
10.128.0.2 - - [03/Dec/2025:22:53:26 +0000] "GET /v2.0/extensions/subnet-service-types HTTP/1.1" 200 206 "-" "python-urllib3/1.26.5"
10.128.0.2 - - [03/Dec/2025:22:53:25 +0000] "DELETE /v2.0/security-groups/c206e108-282e-4c2a-8863-59566d82f7d8 HTTP/1.1" 204 - "-" "python-urllib3/1.26.5"
10.128.0.2 - - [03/Dec/2025:22:53:25 +0000] "GET /v2.0/security-group-rules/2413f109-7cd5-4254-aab2-98b31cc33b94 HTTP/1.1" 200 575 "-" "python-urllib3/1.26.5"
10.128.0.2 - - [03/Dec/2025:22:53:25 +0000] "DELETE /v2.0/networks/ff9cbd52-b962-4014-af9a-18b4a7b7110a HTTP/1.1" 204 - "-" "python-urllib3/1.26.5"
10.128.0.2 - - [03/Dec/2025:22:53:26 +0000] "GET /v2.0/extensions/subnet_allocation HTTP/1.1" 200 194 "-" "python-urllib3/1.26.5"
10.128.0.2 - - [03/Dec/2025:22:53:26 +0000] "GET /v2.0/security-groups/c206e108-282e-4c2a-8863-59566d82f7d8 HTTP/1.1" 404 146 "-" "python-urllib3/1.26.5"
100.64.0.2 - - [03/Dec/2025:22:53:25 +0000] "GET /v2.0/floatingips?fixed_ip_address=10.100.0.4&port_id=40701158-5f34-4ba8-b0b8-098ed34493e0 HTTP/1.1" 200 886 "-" "python-neutronclient"
10.128.0.2 - - [03/Dec/2025:22:53:26 +0000] "GET /v2.0/extensions/subnetpool-prefix-ops HTTP/1.1" 200 224 "-" "python-urllib3/1.26.5"
10.128.0.2 - - [03/Dec/2025:22:53:26 +0000] "DELETE /v2.0/policies/f098c8fc-d87d-46af-8db0-1675d69b6c18/tags HTTP/1.1" 204 - "-" "python-urllib3/1.26.5"
10.128.0.2 - - [03/Dec/2025:22:53:26 +0000] "GET /v2.0/extensions/standard-attr-tag HTTP/1.1" 200 343 "-" "python-urllib3/1.26.5"
10.128.0.2 - - [03/Dec/2025:22:53:26 +0000] "GET /v2.0/security-group-rules HTTP/1.1" 200 3924 "-" "python-urllib3/1.26.5"
10.128.0.2 - - [03/Dec/2025:22:53:26 +0000] "GET /v2.0/extensions/standard-attr-timestamp HTTP/1.1" 200 255 "-" "python-urllib3/1.26.5"
10.128.0.2 - - [03/Dec/2025:22:53:25 +0000] "POST /v2.0/trunks HTTP/1.1" 201 409 "-" "python-urllib3/1.26.5"
10.128.0.2 - - [03/Dec/2025:22:53:26 +0000] "GET /v2.0/extensions/trunk HTTP/1.1" 200 164 "-" "python-urllib3/1.26.5"
10.128.0.2 - - [03/Dec/2025:22:53:25 +0000] "DELETE /v2.0/security-groups/b6a7be1e-2bed-4b52-9c62-acd7f4bd9ba4 HTTP/1.1" 204 - "-" "python-urllib3/1.26.5"
10.128.1.49 - - [03/Dec/2025:22:53:26 +0000] "GET /v2.0/ports?device_id=a81ca786-60f7-437c-bc12-768d8f6bf8ad HTTP/1.1" 200 12 "-" "python-neutronclient"
10.128.0.2 - - [03/Dec/2025:22:53:26 +0000] "GET /v2.0/extensions/trunk-details HTTP/1.1" 200 168 "-" "python-urllib3/1.26.5"
100.64.0.2 - - [03/Dec/2025:22:53:26 +0000] "GET /v2.0/subnets?id=3e9c915f-1013-498a-bab1-757e08d6eaa6 HTTP/1.1" 200 670 "-" "python-neutronclient"
10.128.0.2 - - [03/Dec/2025:22:53:26 +0000] "GET /v2.0/policies/f098c8fc-d87d-46af-8db0-1675d69b6c18/tags HTTP/1.1" 200 12 "-" "python-urllib3/1.26.5"
10.128.0.2 - - [03/Dec/2025:22:53:26 +0000] "DELETE /v2.0/security-group-rules/2413f109-7cd5-4254-aab2-98b31cc33b94 HTTP/1.1" 204 - "-" "python-urllib3/1.26.5"
10.128.0.2 - - [03/Dec/2025:22:53:27 +0000] "GET /v2.0/extensions/vlan-transparent HTTP/1.1" 200 177 "-" "python-urllib3/1.26.5"
10.128.0.2 - - [03/Dec/2025:22:53:26 +0000] "DELETE /v2.0/networks/6b534fe8-d143-4e59-bd68-e14a1f3653f5 HTTP/1.1" 204 - "-" "python-urllib3/1.26.5"
10.128.0.2 - - [03/Dec/2025:22:53:27 +0000] "GET /v2.0/security-group-rules HTTP/1.1" 200 3372 "-" "python-urllib3/1.26.5"
10.128.0.2 - - [03/Dec/2025:22:53:25 +0000] "DELETE /v2.0/subnets/12eb8912-d7ad-4e5d-8947-081ff92d1f04 HTTP/1.1" 204 - "-" "python-urllib3/1.26.5"
10.128.0.2 - - [03/Dec/2025:22:53:27 +0000] "DELETE /v2.0/qos/policies/f098c8fc-d87d-46af-8db0-1675d69b6c18 HTTP/1.1" 204 - "-" "python-urllib3/1.26.5"
100.64.0.2 - - [03/Dec/2025:22:53:27 +0000] "GET /v2.0/ports?network_id=681f4a6e-e786-4b61-b34c-86e17ad7d35a&device_owner=network%3Adhcp HTTP/1.1" 200 12 "-" "python-neutronclient"
10.128.0.2 - - [03/Dec/2025:22:53:24 +0000] "DELETE /v2.0/security-groups/e4ea6def-1a91-4359-adae-e0e67031b762 HTTP/1.1" 204 - "-" "python-urllib3/1.26.5"
10.128.0.2 - - [03/Dec/2025:22:53:27 +0000] "DELETE /v2.0/security-groups/011625b0-9ff6-48e6-97fd-5e97bce6c188 HTTP/1.1" 204 - "-" "python-urllib3/1.26.5"
10.128.0.2 - - [03/Dec/2025:22:53:27 +0000] "GET /v2.0/security-groups?tenant_id=aafc2e856ab640178a99edbe27cbea1e&name=default HTTP/1.1" 200 2801 "-" "python-urllib3/1.26.5"
100.64.0.2 - - [03/Dec/2025:22:53:27 +0000] "GET /v2.0/networks?id=5b76196f-100f-4705-b0d9-ee3070b9be74 HTTP/1.1" 200 685 "-" "python-neutronclient"
10.128.1.49 - - [03/Dec/2025:22:53:28 +0000] "GET /v2.0/ports?device_id=a81ca786-60f7-437c-bc12-768d8f6bf8ad HTTP/1.1" 200 12 "-" "python-neutronclient"
10.128.0.2 - - [03/Dec/2025:22:53:28 +0000] "GET /v2.0/security-groups?tenant_id=ded63259c62042edb9bd375e23c6b0ec&name=default HTTP/1.1" 200 2801 "-" "python-urllib3/1.26.5"
10.128.0.2 - - [03/Dec/2025:22:53:28 +0000] "DELETE /v2.0/security-groups/cd4c44cb-0c87-4895-adca-e9d3085ad074 HTTP/1.1" 204 - "-" "python-urllib3/1.26.5"
10.128.0.2 - - [03/Dec/2025:22:53:27 +0000] "GET /v2.0/security-groups HTTP/1.1" 200 2801 "-" "python-urllib3/1.26.5"
10.128.0.2 - - [03/Dec/2025:22:53:28 +0000] "GET /v2.0/security-groups HTTP/1.1" 200 2801 "-" "python-urllib3/1.26.5"
100.64.0.2 - - [03/Dec/2025:22:53:27 +0000] "GET /v2.0/networks/681f4a6e-e786-4b61-b34c-86e17ad7d35a?fields=segments HTTP/1.1" 200 14 "-" "python-neutronclient"
10.128.0.2 - - [03/Dec/2025:22:53:29 +0000] "GET /v2.0/security-groups?tenant_id=5cb275dcfb3b4cbd81fb9b583d81f247&name=default HTTP/1.1" 200 2801 "-" "python-urllib3/1.26.5"
10.128.1.49 - - [03/Dec/2025:22:53:29 +0000] "GET /v2.0/ports?device_id=a81ca786-60f7-437c-bc12-768d8f6bf8ad HTTP/1.1" 200 12 "-" "python-neutronclient"
10.128.0.2 - - [03/Dec/2025:22:53:29 +0000] "GET /v2.0/security-groups?tenant_id=f5cc4f2f610e455bb01ee0baf48dd46b&name=default HTTP/1.1" 200 2801 "-" "python-urllib3/1.26.5"
10.128.0.2 - - [03/Dec/2025:22:53:29 +0000] "DELETE /v2.0/security-groups/fd9a3574-71a3-4fae-ace9-371941655bcd HTTP/1.1" 204 - "-" "python-urllib3/1.26.5"
100.64.0.2 - - [03/Dec/2025:22:53:29 +0000] "GET /v2.0/networks/681f4a6e-e786-4b61-b34c-86e17ad7d35a?fields=provider%3Aphysical_network&fields=provider%3Anetwork_type HTTP/1.1" 200 79 "-" "python-neutronclient"
10.128.0.2 - - [03/Dec/2025:22:53:26 +0000] "DELETE /v2.0/floatingips/b4fdba8f-38ff-4739-b299-1b565d9fe78f HTTP/1.1" 204 - "-" "python-urllib3/1.26.5"
10.128.1.49 - - [03/Dec/2025:22:53:31 +0000] "GET /v2.0/ports?device_id=a81ca786-60f7-437c-bc12-768d8f6bf8ad HTTP/1.1" 200 12 "-" "python-neutronclient"
10.128.0.2 - - [03/Dec/2025:22:53:28 +0000] "GET /v2.0/security-groups?tenant_id=47d82f9c45174b9791a9c300cddc2345&name=default HTTP/1.1" 200 2801 "-" "python-urllib3/1.26.5"
10.128.0.2 - - [03/Dec/2025:22:53:26 +0000] "POST /v2.0/networks HTTP/1.1" 201 651 "-" "python-urllib3/1.26.5"
10.128.0.2 - - [03/Dec/2025:22:53:28 +0000] "DELETE /v2.0/security-groups/a7751988-4250-4a12-a38c-f4ddd1ecb6a9 HTTP/1.1" 204 - "-" "python-urllib3/1.26.5"
10.128.0.2 - - [03/Dec/2025:22:53:27 +0000] "DELETE /v2.0/networks/c899c1b0-0d25-41b2-96f1-44bb3fb30f0c HTTP/1.1" 204 - "-" "python-urllib3/1.26.5"
10.128.0.2 - - [03/Dec/2025:22:53:29 +0000] "DELETE /v2.0/security-groups/88ec0905-e562-42b8-b340-9ed00c5d125c HTTP/1.1" 204 - "-" "python-urllib3/1.26.5"
10.128.0.2 - - [03/Dec/2025:22:53:32 +0000] "GET /v2.0/security-groups?tenant_id=31279a5177e9407e889316d45724f66e&name=default HTTP/1.1" 200 2801 "-" "python-urllib3/1.26.5"
100.64.0.2 - - [03/Dec/2025:22:53:28 +0000] "POST /v2.0/ports HTTP/1.1" 201 963 "-" "python-neutronclient"
10.128.1.49 - - [03/Dec/2025:22:53:32 +0000] "GET /v2.0/ports?device_id=a81ca786-60f7-437c-bc12-768d8f6bf8ad HTTP/1.1" 200 966 "-" "python-neutronclient"
10.128.0.2 - - [03/Dec/2025:22:53:31 +0000] "POST /v2.0/ports HTTP/1.1" 201 743 "-" "python-urllib3/1.26.5"
10.128.0.2 - - [03/Dec/2025:22:53:31 +0000] "PUT /v2.0/routers/9932566b-4b61-4df7-b21e-8892e2685593/remove_router_interface HTTP/1.1" 200 309 "-" "python-urllib3/1.26.5"
10.128.0.2 - - [03/Dec/2025:22:53:31 +0000] "DELETE /v2.0/security-groups/8134a5f2-5f3d-411a-b1f5-7d7079016d70 HTTP/1.1" 204 - "-" "python-urllib3/1.26.5"
10.128.1.49 - - [03/Dec/2025:22:53:33 +0000] "GET /v2.0/security-groups?id=8a8da767-8ddb-4f65-92b2-87b68b9fc879&fields=id&fields=name HTTP/1.1" 200 88 "-" "python-neutronclient"
10.128.1.49 - - [03/Dec/2025:22:53:34 +0000] "GET /v2.0/ports?device_id=ebe8ef45-d1b0-4c70-9cee-bf6fe0c5527a HTTP/1.1" 200 1087 "-" "python-neutronclient"
10.128.0.2 - - [03/Dec/2025:22:53:34 +0000] "GET /v2.0/security-groups?tenant_id=c66ef6ac1eb947988bc61f6e80c44809&name=default HTTP/1.1" 200 2801 "-" "python-urllib3/1.26.5"
10.128.1.49 - - [03/Dec/2025:22:53:34 +0000] "GET /v2.0/security-groups?id=9ae8e19e-2ba4-4f8b-890c-6a27b31cd1c5&fields=id&fields=name HTTP/1.1" 200 114 "-" "python-neutronclient"
10.128.1.49 - - [03/Dec/2025:22:53:35 +0000] "GET /v2.0/ports?device_id=ebe8ef45-d1b0-4c70-9cee-bf6fe0c5527a HTTP/1.1" 200 1087 "-" "python-neutronclient"
10.128.0.2 - - [03/Dec/2025:22:53:32 +0000] "DELETE /v2.0/security-groups/e893f33d-bdb5-44b9-bb04-a583cbed030d HTTP/1.1" 204 - "-" "python-urllib3/1.26.5"
10.128.1.49 - - [03/Dec/2025:22:53:35 +0000] "GET /v2.0/security-groups?id=9ae8e19e-2ba4-4f8b-890c-6a27b31cd1c5&fields=id&fields=name HTTP/1.1" 200 114 "-" "python-neutronclient"
10.128.1.49 - - [03/Dec/2025:22:53:35 +0000] "GET /v2.0/ports?device_id=a81ca786-60f7-437c-bc12-768d8f6bf8ad HTTP/1.1" 200 1084 "-" "python-neutronclient"
10.128.1.49 - - [03/Dec/2025:22:53:35 +0000] "GET /v2.0/ports?device_id=ebe8ef45-d1b0-4c70-9cee-bf6fe0c5527a HTTP/1.1" 200 1087 "-" "python-neutronclient"
10.128.1.49 - - [03/Dec/2025:22:53:35 +0000] "GET /v2.0/security-groups?id=9ae8e19e-2ba4-4f8b-890c-6a27b31cd1c5&fields=id&fields=name HTTP/1.1" 200 114 "-" "python-neutronclient"
10.128.0.2 - - [03/Dec/2025:22:53:33 +0000] "POST /v2.0/trunks HTTP/1.1" 201 409 "-" "python-urllib3/1.26.5"
10.128.1.49 - - [03/Dec/2025:22:53:36 +0000] "GET /v2.0/ports?device_id=ebe8ef45-d1b0-4c70-9cee-bf6fe0c5527a HTTP/1.1" 200 1087 "-" "python-neutronclient"
10.128.1.49 - - [03/Dec/2025:22:53:36 +0000] "GET /v2.0/security-groups?id=9ae8e19e-2ba4-4f8b-890c-6a27b31cd1c5&fields=id&fields=name HTTP/1.1" 200 114 "-" "python-neutronclient"
10.128.1.49 - - [03/Dec/2025:22:53:35 +0000] "GET /v2.0/security-groups?id=8a8da767-8ddb-4f65-92b2-87b68b9fc879&fields=id&fields=name HTTP/1.1" 200 88 "-" "python-neutronclient"
10.128.0.2 - - [03/Dec/2025:22:53:36 +0000] "POST /v2.0/networks HTTP/1.1" 201 650 "-" "python-urllib3/1.26.5"
10.128.0.2 - - [03/Dec/2025:22:53:34 +0000] "DELETE /v2.0/security-groups/172c69c8-6264-414b-93d2-37423c58d357 HTTP/1.1" 204 - "-" "python-urllib3/1.26.5"
10.128.0.2 - - [03/Dec/2025:22:53:37 +0000] "POST /v2.0/ports HTTP/1.1" 201 743 "-" "python-urllib3/1.26.5"
10.128.1.49 - - [03/Dec/2025:22:53:37 +0000] "GET /v2.0/ports?device_id=ebe8ef45-d1b0-4c70-9cee-bf6fe0c5527a HTTP/1.1" 200 1087 "-" "python-neutronclient"
10.128.1.49 - - [03/Dec/2025:22:53:37 +0000] "GET /v2.0/security-groups?id=9ae8e19e-2ba4-4f8b-890c-6a27b31cd1c5&fields=id&fields=name HTTP/1.1" 200 114 "-" "python-neutronclient"
10.128.1.49 - - [03/Dec/2025:22:53:38 +0000] "GET /v2.0/ports?device_id=a81ca786-60f7-437c-bc12-768d8f6bf8ad HTTP/1.1" 200 1084 "-" "python-neutronclient"
100.64.0.2 - - [03/Dec/2025:22:53:37 +0000] "GET /v2.0/ports?tenant_id=17740b1ad7584f87b4eeaf23296856e6&device_id=ebe8ef45-d1b0-4c70-9cee-bf6fe0c5527a HTTP/1.1" 200 1354 "-" "python-neutronclient"
100.64.0.2 - - [03/Dec/2025:22:53:32 +0000] "PUT /v2.0/ports/20bb118f-cb03-4321-b0bb-2ff8eca87d9b HTTP/1.1" 200 1320 "-" "python-neutronclient"
10.128.1.49 - - [03/Dec/2025:22:53:38 +0000] "GET /v2.0/security-groups?id=8a8da767-8ddb-4f65-92b2-87b68b9fc879&fields=id&fields=name HTTP/1.1" 200 88 "-" "python-neutronclient"
100.64.0.2 - - [03/Dec/2025:22:53:38 +0000] "GET /v2.0/ports?tenant_id=9e39f529b7be4d20a35fb40e772872cb&device_id=a81ca786-60f7-437c-bc12-768d8f6bf8ad HTTP/1.1" 200 1351 "-" "python-neutronclient"
100.64.0.2 - - [03/Dec/2025:22:53:38 +0000] "GET /v2.0/floatingips?fixed_ip_address=10.100.0.13&port_id=20bb118f-cb03-4321-b0bb-2ff8eca87d9b HTTP/1.1" 200 19 "-" "python-neutronclient"
100.64.0.2 - - [03/Dec/2025:22:53:38 +0000] "GET /v2.0/subnets?id=7a5110f8-94f5-404f-abe3-39fe9a35b82a HTTP/1.1" 200 666 "-" "python-neutronclient"
100.64.0.2 - - [03/Dec/2025:22:53:38 +0000] "GET /v2.0/networks?id=681f4a6e-e786-4b61-b34c-86e17ad7d35a HTTP/1.1" 200 788 "-" "python-neutronclient"
100.64.0.2 - - [03/Dec/2025:22:53:38 +0000] "GET /v2.0/ports?network_id=5b76196f-100f-4705-b0d9-ee3070b9be74&device_owner=network%3Adhcp HTTP/1.1" 200 12 "-" "python-neutronclient"
10.128.0.2 - - [03/Dec/2025:22:53:33 +0000] "DELETE /v2.0/routers/9932566b-4b61-4df7-b21e-8892e2685593 HTTP/1.1" 204 - "-" "python-urllib3/1.26.5"
100.64.0.2 - - [03/Dec/2025:22:53:39 +0000] "GET /v2.0/networks/5b76196f-100f-4705-b0d9-ee3070b9be74?fields=segments HTTP/1.1" 200 14 "-" "python-neutronclient"
10.128.0.2 - - [03/Dec/2025:22:53:37 +0000] "GET /v2.0/security-groups?tenant_id=303bd5b34d754cebb2513f340e3b2706&name=default HTTP/1.1" 200 2801 "-" "python-urllib3/1.26.5"
100.64.0.2 - - [03/Dec/2025:22:53:39 +0000] "GET /v2.0/networks/5b76196f-100f-4705-b0d9-ee3070b9be74?fields=provider%3Aphysical_network&fields=provider%3Anetwork_type HTTP/1.1" 200 79 "-" "python-neutronclient"
100.64.0.2 - - [03/Dec/2025:22:53:39 +0000] "GET /v2.0/floatingips?fixed_ip_address=10.100.0.4&port_id=40701158-5f34-4ba8-b0b8-098ed34493e0 HTTP/1.1" 200 886 "-" "python-neutronclient"
10.128.1.49 - - [03/Dec/2025:22:53:39 +0000] "GET /v2.0/ports?device_id=a81ca786-60f7-437c-bc12-768d8f6bf8ad HTTP/1.1" 200 1084 "-" "python-neutronclient"
10.128.0.2 - - [03/Dec/2025:22:53:37 +0000] "POST /v2.0/trunks HTTP/1.1" 201 409 "-" "python-urllib3/1.26.5"
10.128.0.2 - - [03/Dec/2025:22:53:37 +0000] "GET /v2.0/security-groups?tenant_id=447980ae13e34c23a32566d3f54e775e&name=default HTTP/1.1" 200 2801 "-" "python-urllib3/1.26.5"
100.64.0.2 - - [03/Dec/2025:22:53:39 +0000] "GET /v2.0/subnets?id=3e9c915f-1013-498a-bab1-757e08d6eaa6 HTTP/1.1" 200 670 "-" "python-neutronclient"
100.64.0.2 - - [03/Dec/2025:22:53:40 +0000] "GET /v2.0/ports?tenant_id=9e39f529b7be4d20a35fb40e772872cb&device_id=a81ca786-60f7-437c-bc12-768d8f6bf8ad HTTP/1.1" 200 1351 "-" "python-neutronclient"
10.128.1.49 - - [03/Dec/2025:22:53:40 +0000] "GET /v2.0/security-groups?id=8a8da767-8ddb-4f65-92b2-87b68b9fc879&fields=id&fields=name HTTP/1.1" 200 88 "-" "python-neutronclient"
10.128.0.2 - - [03/Dec/2025:22:53:21 +0000] "PUT /v2.0/routers/eff21f61-e26b-401a-a798-f62ce45eabb4/add_router_interface HTTP/1.1" 200 309 "-" "python-urllib3/1.26.5"
100.64.0.2 - - [03/Dec/2025:22:53:40 +0000] "GET /v2.0/ports?network_id=681f4a6e-e786-4b61-b34c-86e17ad7d35a&device_owner=network%3Adhcp HTTP/1.1" 200 12 "-" "python-neutronclient"
100.64.0.2 - - [03/Dec/2025:22:53:40 +0000] "GET /v2.0/networks/681f4a6e-e786-4b61-b34c-86e17ad7d35a?fields=segments HTTP/1.1" 200 14 "-" "python-neutronclient"
100.64.0.2 - - [03/Dec/2025:22:53:41 +0000] "GET /v2.0/networks/681f4a6e-e786-4b61-b34c-86e17ad7d35a?fields=provider%3Aphysical_network&fields=provider%3Anetwork_type HTTP/1.1" 200 79 "-" "python-neutronclient"
10.128.0.2 - - [03/Dec/2025:22:53:40 +0000] "PUT /v2.0/trunks/9a5ca375-0549-4b72-aa4e-828f52a6711c/tags HTTP/1.1" 200 17 "-" "python-urllib3/1.26.5"
10.128.1.49 - - [03/Dec/2025:22:53:39 +0000] "GET /v2.0/ports?device_id=ebe8ef45-d1b0-4c70-9cee-bf6fe0c5527a HTTP/1.1" 200 1087 "-" "python-neutronclient"
10.128.0.2 - - [03/Dec/2025:22:53:38 +0000] "GET /v2.0/security-groups?tenant_id=33377f922a8e464a9660e08035d1dc6d&name=default HTTP/1.1" 200 2801 "-" "python-urllib3/1.26.5"
10.128.0.2 - - [03/Dec/2025:22:53:27 +0000] "PUT /v2.0/routers/28f06e92-dd69-46e8-96b8-c8197ca28492/remove_router_interface HTTP/1.1" 200 309 "-" "python-urllib3/1.26.5"
100.64.0.2 - - [03/Dec/2025:22:53:40 +0000] "GET /v2.0/ports?device_id=a81ca786-60f7-437c-bc12-768d8f6bf8ad HTTP/1.1" 200 1351 "-" "python-neutronclient"
100.64.0.2 - - [03/Dec/2025:22:53:40 +0000] "GET /v2.0/networks?id=5b76196f-100f-4705-b0d9-ee3070b9be74 HTTP/1.1" 200 784 "-" "python-neutronclient"
10.128.0.2 - - [03/Dec/2025:22:53:41 +0000] "PUT /v2.0/trunks/6def4ab6-e10c-42d5-ac82-33c04fd6b1e4/tags HTTP/1.1" 200 25 "-" "python-urllib3/1.26.5"
10.128.0.2 - - [03/Dec/2025:22:53:39 +0000] "DELETE /v2.0/subnets/9dac1279-2146-4744-8515-98c341086635 HTTP/1.1" 204 - "-" "python-urllib3/1.26.5"
10.128.1.49 - - [03/Dec/2025:22:53:41 +0000] "GET /v2.0/security-groups?id=9ae8e19e-2ba4-4f8b-890c-6a27b31cd1c5&fields=id&fields=name HTTP/1.1" 200 114 "-" "python-neutronclient"
100.64.0.2 - - [03/Dec/2025:22:53:41 +0000] "GET /v2.0/security-groups?id=8a8da767-8ddb-4f65-92b2-87b68b9fc879&fields=id&fields=name HTTP/1.1" 200 88 "-" "python-neutronclient"
10.128.0.2 - - [03/Dec/2025:22:53:41 +0000] "PUT /v2.0/trunks/2c5009fa-6d61-4a50-81ca-6d196ac5202d/tags HTTP/1.1" 200 34 "-" "python-urllib3/1.26.5"
100.64.0.2 - - [03/Dec/2025:22:53:41 +0000] "GET /v2.0/floatingips?fixed_ip_address=10.100.0.13&port_id=20bb118f-cb03-4321-b0bb-2ff8eca87d9b HTTP/1.1" 200 19 "-" "python-neutronclient"
10.128.1.49 - - [03/Dec/2025:22:53:42 +0000] "GET /v2.0/ports?device_id=a81ca786-60f7-437c-bc12-768d8f6bf8ad HTTP/1.1" 200 1084 "-" "python-neutronclient"
10.128.0.2 - - [03/Dec/2025:22:53:42 +0000] "PUT /v2.0/trunks/b70aef8b-74ef-4e57-8b2c-c71db9b6a1f1/tags HTTP/1.1" 200 19 "-" "python-urllib3/1.26.5"
10.128.0.2 - - [03/Dec/2025:22:53:39 +0000] "DELETE /v2.0/security-groups/7374af46-38d4-4659-a64e-c877ae703c92 HTTP/1.1" 204 - "-" "python-urllib3/1.26.5"
100.64.0.2 - - [03/Dec/2025:22:53:42 +0000] "GET /v2.0/subnets?id=7a5110f8-94f5-404f-abe3-39fe9a35b82a HTTP/1.1" 200 666 "-" "python-neutronclient"
10.128.1.49 - - [03/Dec/2025:22:53:42 +0000] "GET /v2.0/security-groups?id=8a8da767-8ddb-4f65-92b2-87b68b9fc879&fields=id&fields=name HTTP/1.1" 200 88 "-" "python-neutronclient"
10.128.0.2 - - [03/Dec/2025:22:53:42 +0000] "GET /v2.0/trunks?tags=red HTTP/1.1" 200 1252 "-" "python-urllib3/1.26.5"
10.128.0.2 - - [03/Dec/2025:22:53:40 +0000] "DELETE /v2.0/security-groups/9b9a25f3-6fe7-4efd-be15-f5e60b1265be HTTP/1.1" 204 - "-" "python-urllib3/1.26.5"
10.128.0.2 - - [03/Dec/2025:22:53:41 +0000] "DELETE /v2.0/security-groups/993bee18-d514-454c-aef7-be712efca650 HTTP/1.1" 204 - "-" "python-urllib3/1.26.5"
10.128.0.2 - - [03/Dec/2025:22:53:42 +0000] "GET /v2.0/trunks?tags=red%2Cblue HTTP/1.1" 200 847 "-" "python-urllib3/1.26.5"
100.64.0.2 - - [03/Dec/2025:22:53:42 +0000] "GET /v2.0/ports?network_id=5b76196f-100f-4705-b0d9-ee3070b9be74&device_owner=network%3Adhcp HTTP/1.1" 200 12 "-" "python-neutronclient"
10.128.0.2 - - [03/Dec/2025:22:53:43 +0000] "GET /v2.0/trunks?tags-any=blue HTTP/1.1" 200 847 "-" "python-urllib3/1.26.5"
10.128.0.2 - - [03/Dec/2025:22:53:42 +0000] "DELETE /v2.0/networks/558b0ff2-e36a-4113-9563-5689281631d4 HTTP/1.1" 204 - "-" "python-urllib3/1.26.5"
10.128.0.2 - - [03/Dec/2025:22:53:43 +0000] "GET /v2.0/trunks?tags-any=red%2Cblue HTTP/1.1" 200 1252 "-" "python-urllib3/1.26.5"
10.128.0.2 - - [03/Dec/2025:22:53:41 +0000] "DELETE /v2.0/routers/28f06e92-dd69-46e8-96b8-c8197ca28492 HTTP/1.1" 204 - "-" "python-urllib3/1.26.5"
100.64.0.2 - - [03/Dec/2025:22:53:43 +0000] "GET /v2.0/networks/5b76196f-100f-4705-b0d9-ee3070b9be74?fields=segments HTTP/1.1" 200 14 "-" "python-neutronclient"
10.128.0.2 - - [03/Dec/2025:22:53:42 +0000] "POST /v2.0/networks HTTP/1.1" 201 769 "-" "python-urllib3/1.26.5"
10.128.0.2 - - [03/Dec/2025:22:53:44 +0000] "GET /v2.0/trunks?not-tags=red HTTP/1.1" 200 819 "-" "python-urllib3/1.26.5"
10.128.1.49 - - [03/Dec/2025:22:53:43 +0000] "GET /v2.0/ports?device_id=ebe8ef45-d1b0-4c70-9cee-bf6fe0c5527a HTTP/1.1" 200 1087 "-" "python-neutronclient"
10.128.0.2 - - [03/Dec/2025:22:53:44 +0000] "GET /v2.0/security-groups?tenant_id=301200c274804774ab9b73b272642d78&name=default HTTP/1.1" 200 2801 "-" "python-urllib3/1.26.5"
10.128.0.2 - - [03/Dec/2025:22:53:44 +0000] "DELETE /v2.0/subnets/19ce4958-24cc-4651-a739-581ceba5a3f7 HTTP/1.1" 204 - "-" "python-urllib3/1.26.5"
10.128.0.2 - - [03/Dec/2025:22:53:44 +0000] "GET /v2.0/trunks?not-tags=red%2Cblue HTTP/1.1" 200 1224 "-" "python-urllib3/1.26.5"
10.128.1.49 - - [03/Dec/2025:22:53:44 +0000] "GET /v2.0/security-groups?id=9ae8e19e-2ba4-4f8b-890c-6a27b31cd1c5&fields=id&fields=name HTTP/1.1" 200 114 "-" "python-neutronclient"
10.128.0.2 - - [03/Dec/2025:22:53:44 +0000] "GET /v2.0/trunks?not-tags-any=blue HTTP/1.1" 200 1224 "-" "python-urllib3/1.26.5"
100.64.0.2 - - [03/Dec/2025:22:53:44 +0000] "GET /v2.0/networks/5b76196f-100f-4705-b0d9-ee3070b9be74?fields=provider%3Aphysical_network&fields=provider%3Anetwork_type HTTP/1.1" 200 79 "-" "python-neutronclient"
10.128.1.49 - - [03/Dec/2025:22:53:44 +0000] "GET /v2.0/ports?device_id=a81ca786-60f7-437c-bc12-768d8f6bf8ad HTTP/1.1" 200 1086 "-" "python-neutronclient"
10.128.0.2 - - [03/Dec/2025:22:53:45 +0000] "GET /v2.0/trunks?not-tags-any=red%2Cblue HTTP/1.1" 200 819 "-" "python-urllib3/1.26.5"
10.128.1.49 - - [03/Dec/2025:22:53:45 +0000] "GET /v2.0/security-groups?id=8a8da767-8ddb-4f65-92b2-87b68b9fc879&fields=id&fields=name HTTP/1.1" 200 88 "-" "python-neutronclient"
10.128.0.2 - - [03/Dec/2025:22:53:45 +0000] "GET /v2.0/trunks/9a5ca375-0549-4b72-aa4e-828f52a6711c HTTP/1.1" 200 414 "-" "python-urllib3/1.26.5"
10.128.0.2 - - [03/Dec/2025:22:53:44 +0000] "DELETE /v2.0/security-groups/efd60f26-ce93-4440-8506-1638e05051a5 HTTP/1.1" 204 - "-" "python-urllib3/1.26.5"
10.128.0.2 - - [03/Dec/2025:22:53:46 +0000] "GET /v2.0/ports/e67e212b-1820-4bec-b742-704e646ea8e9 HTTP/1.1" 200 826 "-" "python-urllib3/1.26.5"
10.128.0.2 - - [03/Dec/2025:22:53:44 +0000] "DELETE /v2.0/networks/4af383e5-7bc4-47ce-b535-261eb791592c HTTP/1.1" 204 - "-" "python-urllib3/1.26.5"
10.128.0.2 - - [03/Dec/2025:22:53:46 +0000] "DELETE /v2.0/trunks/9a5ca375-0549-4b72-aa4e-828f52a6711c HTTP/1.1" 204 - "-" "python-urllib3/1.26.5"
10.128.0.2 - - [03/Dec/2025:22:53:47 +0000] "GET /v2.0/trunks/6def4ab6-e10c-42d5-ac82-33c04fd6b1e4 HTTP/1.1" 200 422 "-" "python-urllib3/1.26.5"
10.128.0.2 - - [03/Dec/2025:22:53:44 +0000] "POST /v2.0/subnets HTTP/1.1" 201 671 "-" "python-urllib3/1.26.5"
10.128.1.49 - - [03/Dec/2025:22:53:47 +0000] "GET /v2.0/ports?device_id=a81ca786-60f7-437c-bc12-768d8f6bf8ad HTTP/1.1" 200 1086 "-" "python-neutronclient"
10.128.0.2 - - [03/Dec/2025:22:53:45 +0000] "POST /v2.0/networks HTTP/1.1" 201 761 "-" "python-urllib3/1.26.5"
10.128.0.2 - - [03/Dec/2025:22:53:47 +0000] "GET /v2.0/ports/05622a4d-6182-4d1f-adc0-576b8c52fad6 HTTP/1.1" 200 826 "-" "python-urllib3/1.26.5"
10.128.0.2 - - [03/Dec/2025:22:53:48 +0000] "DELETE /v2.0/trunks/6def4ab6-e10c-42d5-ac82-33c04fd6b1e4 HTTP/1.1" 204 - "-" "python-urllib3/1.26.5"
10.128.1.49 - - [03/Dec/2025:22:53:48 +0000] "GET /v2.0/security-groups?id=8a8da767-8ddb-4f65-92b2-87b68b9fc879&fields=id&fields=name HTTP/1.1" 200 88 "-" "python-neutronclient"
10.128.0.2 - - [03/Dec/2025:22:53:49 +0000] "GET /v2.0/trunks/2c5009fa-6d61-4a50-81ca-6d196ac5202d HTTP/1.1" 200 431 "-" "python-urllib3/1.26.5"
10.128.0.2 - - [03/Dec/2025:22:53:49 +0000] "GET /v2.0/ports/dbd7e60d-a26f-449e-8e9a-a5e0f0c435cf HTTP/1.1" 200 826 "-" "python-urllib3/1.26.5"
10.128.0.2 - - [03/Dec/2025:22:53:50 +0000] "DELETE /v2.0/trunks/2c5009fa-6d61-4a50-81ca-6d196ac5202d HTTP/1.1" 204 - "-" "python-urllib3/1.26.5"
10.128.0.2 - - [03/Dec/2025:22:53:50 +0000] "GET /v2.0/trunks/b70aef8b-74ef-4e57-8b2c-c71db9b6a1f1 HTTP/1.1" 200 416 "-" "python-urllib3/1.26.5"
10.128.1.49 - - [03/Dec/2025:22:53:50 +0000] "GET /v2.0/ports?device_id=a81ca786-60f7-437c-bc12-768d8f6bf8ad HTTP/1.1" 200 1084 "-" "python-neutronclient"
10.128.0.2 - - [03/Dec/2025:22:53:48 +0000] "POST /v2.0/security-groups HTTP/1.1" 201 1537 "-" "python-urllib3/1.26.5"
100.64.0.2 - - [03/Dec/2025:22:53:50 +0000] "GET /v2.0/ports?device_id=a81ca786-60f7-437c-bc12-768d8f6bf8ad HTTP/1.1" 200 1084 "-" "python-neutronclient"
10.128.0.2 - - [03/Dec/2025:22:53:51 +0000] "GET /v2.0/ports/4deeabe0-c0c5-4444-b281-0e0ab93f3ea8 HTTP/1.1" 200 826 "-" "python-urllib3/1.26.5"
10.128.0.2 - - [03/Dec/2025:22:53:52 +0000] "PUT /v2.0/security-groups/cedbfcb0-5026-4bf1-984f-af6d7b1040f8/tags HTTP/1.1" 200 25 "-" "python-urllib3/1.26.5"
10.128.1.49 - - [03/Dec/2025:22:53:51 +0000] "GET /v2.0/security-groups?id=8a8da767-8ddb-4f65-92b2-87b68b9fc879&fields=id&fields=name HTTP/1.1" 200 88 "-" "python-neutronclient"
10.128.0.2 - - [03/Dec/2025:22:53:52 +0000] "GET /v2.0/security-groups/cedbfcb0-5026-4bf1-984f-af6d7b1040f8/tags HTTP/1.1" 200 25 "-" "python-urllib3/1.26.5"
10.128.0.2 - - [03/Dec/2025:22:53:52 +0000] "DELETE /v2.0/trunks/b70aef8b-74ef-4e57-8b2c-c71db9b6a1f1 HTTP/1.1" 204 - "-" "python-urllib3/1.26.5"
10.128.0.2 - - [03/Dec/2025:22:53:52 +0000] "GET /v2.0/trunks/5b9a2ab8-1f59-43ed-bcab-0d9f2a810eaa HTTP/1.1" 200 409 "-" "python-urllib3/1.26.5"
10.128.0.2 - - [03/Dec/2025:22:53:52 +0000] "GET /v2.0/ports/20bb50c3-efbc-4dd1-a798-d1ffe010b5a1 HTTP/1.1" 200 826 "-" "python-urllib3/1.26.5"
10.128.0.2 - - [03/Dec/2025:22:53:52 +0000] "PUT /v2.0/security-groups/cedbfcb0-5026-4bf1-984f-af6d7b1040f8/tags/green HTTP/1.1" 201 4 "-" "python-urllib3/1.26.5"
10.128.0.2 - - [03/Dec/2025:22:53:52 +0000] "DELETE /v2.0/trunks/5b9a2ab8-1f59-43ed-bcab-0d9f2a810eaa HTTP/1.1" 204 - "-" "python-urllib3/1.26.5"
10.128.0.2 - - [03/Dec/2025:22:53:53 +0000] "GET / HTTP/1.1" 200 122 "-" "kube-probe/1.31"
10.128.0.2 - - [03/Dec/2025:22:53:53 +0000] "GET / HTTP/1.1" 200 122 "-" "kube-probe/1.31"
10.128.0.2 - - [03/Dec/2025:22:53:53 +0000] "DELETE /v2.0/ports/e67e212b-1820-4bec-b742-704e646ea8e9 HTTP/1.1" 204 - "-" "python-urllib3/1.26.5"
10.128.0.2 - - [03/Dec/2025:22:53:53 +0000] "GET / HTTP/1.1" 200 122 "-" "kube-probe/1.31"
10.128.0.2 - - [03/Dec/2025:22:53:52 +0000] "GET /v2.0/security-groups/cedbfcb0-5026-4bf1-984f-af6d7b1040f8/tags HTTP/1.1" 200 34 "-" "python-urllib3/1.26.5"
10.128.0.2 - - [03/Dec/2025:22:53:53 +0000] "DELETE /v2.0/ports/05622a4d-6182-4d1f-adc0-576b8c52fad6 HTTP/1.1" 204 - "-" "python-urllib3/1.26.5"
10.128.0.2 - - [03/Dec/2025:22:53:53 +0000] "PUT /v2.0/security-groups/cedbfcb0-5026-4bf1-984f-af6d7b1040f8/tags/red HTTP/1.1" 201 4 "-" "python-urllib3/1.26.5"
10.128.0.2 - - [03/Dec/2025:22:53:48 +0000] "POST /v2.0/subnets HTTP/1.1" 201 662 "-" "python-urllib3/1.26.5"
10.128.0.2 - - [03/Dec/2025:22:53:54 +0000] "GET /v2.0/security-groups/cedbfcb0-5026-4bf1-984f-af6d7b1040f8/tags HTTP/1.1" 200 34 "-" "python-urllib3/1.26.5"
10.128.1.49 - - [03/Dec/2025:22:53:53 +0000] "GET /v2.0/ports?device_id=a81ca786-60f7-437c-bc12-768d8f6bf8ad HTTP/1.1" 200 1084 "-" "python-neutronclient"
10.128.0.2 - - [03/Dec/2025:22:53:54 +0000] "DELETE /v2.0/ports/dbd7e60d-a26f-449e-8e9a-a5e0f0c435cf HTTP/1.1" 204 - "-" "python-urllib3/1.26.5"
10.128.0.2 - - [03/Dec/2025:22:53:54 +0000] "PUT /v2.0/security-groups/cedbfcb0-5026-4bf1-984f-af6d7b1040f8/tags/black.or.white HTTP/1.1" 201 4 "-" "python-urllib3/1.26.5"
10.128.0.2 - - [03/Dec/2025:22:53:54 +0000] "GET /v2.0/security-groups/cedbfcb0-5026-4bf1-984f-af6d7b1040f8/tags HTTP/1.1" 200 52 "-" "python-urllib3/1.26.5"
10.128.0.2 - - [03/Dec/2025:22:53:54 +0000] "DELETE /v2.0/ports/4deeabe0-c0c5-4444-b281-0e0ab93f3ea8 HTTP/1.1" 204 - "-" "python-urllib3/1.26.5"
10.128.1.49 - - [03/Dec/2025:22:53:54 +0000] "GET /v2.0/security-groups?id=8a8da767-8ddb-4f65-92b2-87b68b9fc879&fields=id&fields=name HTTP/1.1" 200 88 "-" "python-neutronclient"
10.128.0.2 - - [03/Dec/2025:22:53:54 +0000] "PUT /v2.0/security-groups/cedbfcb0-5026-4bf1-984f-af6d7b1040f8/tags HTTP/1.1" 200 37 "-" "python-urllib3/1.26.5"
100.64.0.2 - - [03/Dec/2025:22:53:52 +0000] "DELETE /v2.0/ports/20bb118f-cb03-4321-b0bb-2ff8eca87d9b HTTP/1.1" 204 - "-" "python-neutronclient"
10.128.0.2 - - [03/Dec/2025:22:53:54 +0000] "GET /v2.0/security-groups/cedbfcb0-5026-4bf1-984f-af6d7b1040f8/tags HTTP/1.1" 200 37 "-" "python-urllib3/1.26.5"
10.128.0.2 - - [03/Dec/2025:22:53:54 +0000] "DELETE /v2.0/ports/20bb50c3-efbc-4dd1-a798-d1ffe010b5a1 HTTP/1.1" 204 - "-" "python-urllib3/1.26.5"
10.128.0.2 - - [03/Dec/2025:22:53:55 +0000] "GET /v2.0/security-groups/cedbfcb0-5026-4bf1-984f-af6d7b1040f8/tags/red HTTP/1.1" 204 - "-" "python-urllib3/1.26.5"
10.128.0.2 - - [03/Dec/2025:22:53:49 +0000] "POST /v2.0/networks HTTP/1.1" 201 767 "-" "python-urllib3/1.26.5"
10.128.0.2 - - [03/Dec/2025:22:53:55 +0000] "GET /v2.0/security-groups/cedbfcb0-5026-4bf1-984f-af6d7b1040f8/tags/green HTTP/1.1" 404 99 "-" "python-urllib3/1.26.5"
10.128.0.2 - - [03/Dec/2025:22:53:49 +0000] "POST /v2.0/networks HTTP/1.1" 201 749 "-" "python-urllib3/1.26.5"
10.128.0.2 - - [03/Dec/2025:22:53:55 +0000] "DELETE /v2.0/networks/5a5fb8f9-bc32-42a8-af3f-04035551b295 HTTP/1.1" 204 - "-" "python-urllib3/1.26.5"
10.128.0.2 - - [03/Dec/2025:22:53:56 +0000] "DELETE /v2.0/security-groups/cedbfcb0-5026-4bf1-984f-af6d7b1040f8/tags/red HTTP/1.1" 204 - "-" "python-urllib3/1.26.5"
10.128.0.2 - - [03/Dec/2025:22:53:47 +0000] "POST /v2.0/routers HTTP/1.1" 201 678 "-" "python-urllib3/1.26.5"
10.128.0.2 - - [03/Dec/2025:22:53:56 +0000] "GET /v2.0/security-groups/cedbfcb0-5026-4bf1-984f-af6d7b1040f8/tags HTTP/1.1" 200 30 "-" "python-urllib3/1.26.5"
10.128.0.2 - - [03/Dec/2025:22:53:55 +0000] "POST /v2.0/subnets HTTP/1.1" 201 668 "-" "python-urllib3/1.26.5"
10.128.0.2 - - [03/Dec/2025:22:53:56 +0000] "DELETE /v2.0/security-groups/cedbfcb0-5026-4bf1-984f-af6d7b1040f8/tags/green HTTP/1.1" 404 99 "-" "python-urllib3/1.26.5"
10.128.0.2 - - [03/Dec/2025:22:53:57 +0000] "DELETE /v2.0/security-groups/cedbfcb0-5026-4bf1-984f-af6d7b1040f8/tags HTTP/1.1" 204 - "-" "python-urllib3/1.26.5"
10.128.0.2 - - [03/Dec/2025:22:53:47 +0000] "PUT /v2.0/routers/c52b6f4b-467d-49b4-9904-05285cf8f7fe/remove_router_interface HTTP/1.1" 200 309 "-" "python-urllib3/1.26.5"
10.128.0.2 - - [03/Dec/2025:22:53:58 +0000] "GET /v2.0/security-groups/cedbfcb0-5026-4bf1-984f-af6d7b1040f8/tags HTTP/1.1" 200 12 "-" "python-urllib3/1.26.5"
10.128.0.2 - - [03/Dec/2025:22:53:58 +0000] "DELETE /v2.0/security-groups/cedbfcb0-5026-4bf1-984f-af6d7b1040f8 HTTP/1.1" 204 - "-" "python-urllib3/1.26.5"
10.128.0.2 - - [03/Dec/2025:22:53:56 +0000] "DELETE /v2.0/networks/46b18ce3-4a53-4259-ad39-665a723e009e HTTP/1.1" 204 - "-" "python-urllib3/1.26.5"
10.128.0.2 - - [03/Dec/2025:22:53:57 +0000] "POST /v2.0/routers HTTP/1.1" 201 675 "-" "python-urllib3/1.26.5"
10.128.0.2 - - [03/Dec/2025:22:53:56 +0000] "POST /v2.0/subnets HTTP/1.1" 201 620 "-" "python-urllib3/1.26.5"
10.128.0.2 - - [03/Dec/2025:22:54:01 +0000] "POST /v2.0/rbac-policies HTTP/1.1" 400 143 "-" "python-urllib3/1.26.5"
10.128.0.2 - - [03/Dec/2025:22:54:00 +0000] "GET /v2.0/security-groups?tenant_id=bc386e6a04654a30b254338a19a1f048&name=default HTTP/1.1" 200 2801 "-" "python-urllib3/1.26.5"
10.128.0.2 - - [03/Dec/2025:22:53:58 +0000] "DELETE /v2.0/routers/c52b6f4b-467d-49b4-9904-05285cf8f7fe HTTP/1.1" 204 - "-" "python-urllib3/1.26.5"
10.128.0.2 - - [03/Dec/2025:22:53:59 +0000] "DELETE /v2.0/networks/48692559-f6b4-4a4a-ba35-071c1c249923 HTTP/1.1" 204 - "-" "python-urllib3/1.26.5"
10.128.0.2 - - [03/Dec/2025:22:53:54 +0000] "POST /v2.0/routers HTTP/1.1" 201 669 "-" "python-urllib3/1.26.5"
10.128.0.2 - - [03/Dec/2025:22:54:03 +0000] "DELETE /v2.0/subnets/cd4e77f6-95d4-4433-9ce1-b83f2019328f HTTP/1.1" 204 - "-" "python-urllib3/1.26.5"
10.128.0.2 - - [03/Dec/2025:22:54:02 +0000] "DELETE /v2.0/security-groups/a72f85a2-bc0b-4b4e-91d6-93a69149b2df HTTP/1.1" 204 - "-" "python-urllib3/1.26.5"
10.128.0.2 - - [03/Dec/2025:22:54:04 +0000] "GET /v2.0/security-groups?tenant_id=a7f6e8062a80435399522a8e8e6b496f&name=default HTTP/1.1" 200 2801 "-" "python-urllib3/1.26.5"
10.128.0.2 - - [03/Dec/2025:22:53:59 +0000] "PUT /v2.0/routers/903d8962-3376-440d-8c14-8cb3ba2a95e0/remove_router_interface HTTP/1.1" 200 309 "-" "python-urllib3/1.26.5"
10.128.0.2 - - [03/Dec/2025:22:54:03 +0000] "DELETE /v2.0/networks/f2ca8776-cfb3-43e9-9acb-e9c2f47b4da6 HTTP/1.1" 204 - "-" "python-urllib3/1.26.5"
10.128.0.2 - - [03/Dec/2025:22:54:01 +0000] "DELETE /v2.0/networks/e50f3fa5-828f-4d5e-96e5-04bdd65212dc HTTP/1.1" 204 - "-" "python-urllib3/1.26.5"
10.128.0.2 - - [03/Dec/2025:22:54:04 +0000] "DELETE /v2.0/networks/d9e94dee-ef8a-4abd-ab26-e3a124d2f0e5 HTTP/1.1" 204 - "-" "python-urllib3/1.26.5"
10.128.0.2 - - [03/Dec/2025:22:54:04 +0000] "DELETE /v2.0/security-groups/5064d26f-d4aa-4362-9415-8dbe94b7cfc2 HTTP/1.1" 204 - "-" "python-urllib3/1.26.5"
10.128.0.2 - - [03/Dec/2025:22:54:06 +0000] "GET /v2.0/security-groups?tenant_id=729ac17434274f4897bd3279dd5806a8&name=default HTTP/1.1" 200 2801 "-" "python-urllib3/1.26.5"
10.128.0.2 - - [03/Dec/2025:22:54:05 +0000] "DELETE /v2.0/networks/3124f916-1c32-44b4-9ca1-911adf045210 HTTP/1.1" 204 - "-" "python-urllib3/1.26.5"
10.128.0.2 - - [03/Dec/2025:22:54:05 +0000] "POST /v2.0/networks HTTP/1.1" 201 749 "-" "python-urllib3/1.26.5"
10.128.0.2 - - [03/Dec/2025:22:54:07 +0000] "GET /v2.0/security-groups?tenant_id=5609e6f02f014669b58967ff0e930abd&name=default HTTP/1.1" 200 2801 "-" "python-urllib3/1.26.5"
10.128.0.2 - - [03/Dec/2025:22:54:07 +0000] "DELETE /v2.0/security-groups/9ea9cd28-8f5d-4079-a21d-8c7007309f07 HTTP/1.1" 204 - "-" "python-urllib3/1.26.5"
10.128.0.2 - - [03/Dec/2025:22:53:56 +0000] "PUT /v2.0/routers/e33a51d4-4f83-474a-90b9-c896e06a59be/add_router_interface HTTP/1.1" 200 309 "-" "python-urllib3/1.26.5"
10.128.0.2 - - [03/Dec/2025:22:54:08 +0000] "DELETE /v2.0/security-groups/a21eb9c3-fc5c-46aa-9652-623e9753f542 HTTP/1.1" 204 - "-" "python-urllib3/1.26.5"
10.128.0.2 - - [03/Dec/2025:22:54:04 +0000] "DELETE /v2.0/routers/903d8962-3376-440d-8c14-8cb3ba2a95e0 HTTP/1.1" 204 - "-" "python-urllib3/1.26.5"
10.128.0.2 - - [03/Dec/2025:22:54:08 +0000] "GET /v2.0/security-groups?tenant_id=d3ff56c71f1d42848827b88e690b6147&name=default HTTP/1.1" 200 2801 "-" "python-urllib3/1.26.5"
10.128.0.2 - - [03/Dec/2025:22:54:08 +0000] "GET /v2.0/security-groups?tenant_id=895acd3403154be09e5a330133831f60&name=default HTTP/1.1" 200 2801 "-" "python-urllib3/1.26.5"
10.128.0.2 - - [03/Dec/2025:22:54:08 +0000] "DELETE /v2.0/subnets/7a5110f8-94f5-404f-abe3-39fe9a35b82a HTTP/1.1" 204 - "-" "python-urllib3/1.26.5"
10.128.0.2 - - [03/Dec/2025:22:54:09 +0000] "DELETE /v2.0/security-groups/8b56f372-33ca-4f50-ba30-2c6ded2b031d HTTP/1.1" 204 - "-" "python-urllib3/1.26.5"
10.128.0.2 - - [03/Dec/2025:22:54:09 +0000] "DELETE /v2.0/networks/5b76196f-100f-4705-b0d9-ee3070b9be74 HTTP/1.1" 204 - "-" "python-urllib3/1.26.5"
10.128.0.2 - - [03/Dec/2025:22:54:10 +0000] "GET /v2.0/security-groups?tenant_id=5fb1836d783440eeb2c6050a2c2dce5e&name=default HTTP/1.1" 200 2801 "-" "python-urllib3/1.26.5"
