100.64.0.2 - - [03/Dec/2025:22:55:43 +0000] "GET /v2.0/ports?tenant_id=81805fcc94854ba6997bebb34be6a5db&device_id=41ef4251-66ae-4da1-adaa-db77d87cb4af HTTP/1.1" 200 1264 "-" "python-neutronclient"
10.128.1.49 - - [03/Dec/2025:22:55:43 +0000] "GET /v2.0/security-groups?id=b1b4b5f0-5e1c-4ce4-b5f1-c3784c0ca17f&fields=id&fields=name HTTP/1.1" 200 88 "-" "python-neutronclient"
100.64.0.2 - - [03/Dec/2025:22:55:43 +0000] "GET /v2.0/ports?device_id=41ef4251-66ae-4da1-adaa-db77d87cb4af HTTP/1.1" 200 1264 "-" "python-neutronclient"
10.128.0.2 - - [03/Dec/2025:22:55:43 +0000] "PUT /v2.0/subnetpools/00ad917d-7613-4932-bf5d-2ac4736f897d/tags HTTP/1.1" 200 34 "-" "python-urllib3/1.26.5"
100.64.0.2 - - [03/Dec/2025:22:55:43 +0000] "GET /v2.0/security-groups?id=b1b4b5f0-5e1c-4ce4-b5f1-c3784c0ca17f&fields=id&fields=name HTTP/1.1" 200 88 "-" "python-neutronclient"
10.128.0.2 - - [03/Dec/2025:22:55:43 +0000] "PUT /v2.0/subnetpools/66f68db6-c772-4b9e-b226-ded7ca6d986b/tags HTTP/1.1" 200 19 "-" "python-urllib3/1.26.5"
100.64.0.2 - - [03/Dec/2025:22:55:43 +0000] "GET /v2.0/ports?tenant_id=dbb2710d867347c5b4a3eeb47ef0e6a0&device_id=9d461f5b-b98c-4720-a727-796854f9ef01 HTTP/1.1" 200 1264 "-" "python-neutronclient"
100.64.0.2 - - [03/Dec/2025:22:55:43 +0000] "GET /v2.0/networks?id=6ae5f7d9-52c9-4659-a4cd-19b68c572270 HTTP/1.1" 200 791 "-" "python-neutronclient"
10.128.1.65 - - [03/Dec/2025:22:55:44 +0000] "GET /v2.0/floatingips HTTP/1.1" 200 19 "-" "python-neutronclient"
10.128.0.2 - - [03/Dec/2025:22:55:44 +0000] "GET /v2.0/subnetpools?tags=red HTTP/1.1" 200 1563 "-" "python-urllib3/1.26.5"
10.128.0.2 - - [03/Dec/2025:22:55:44 +0000] "GET /v2.0/subnetpools?tags=red%2Cblue HTTP/1.1" 200 1056 "-" "python-urllib3/1.26.5"
100.64.0.2 - - [03/Dec/2025:22:55:44 +0000] "GET /v2.0/floatingips?fixed_ip_address=10.100.0.13&port_id=33507072-ec7a-4281-aea7-b6f93f257f0c HTTP/1.1" 200 19 "-" "python-neutronclient"
100.64.0.2 - - [03/Dec/2025:22:55:44 +0000] "GET /v2.0/networks?id=71db7a20-5d00-45f5-8719-ed0568b4e2b7 HTTP/1.1" 200 786 "-" "python-neutronclient"
100.64.0.2 - - [03/Dec/2025:22:55:44 +0000] "GET /v2.0/floatingips?fixed_ip_address=10.100.0.3&port_id=703ddbd7-9fcd-4bd5-bcf2-7c79c0c70de9 HTTP/1.1" 200 19 "-" "python-neutronclient"
10.128.1.49 - - [03/Dec/2025:22:55:44 +0000] "GET /v2.0/ports?device_id=41ef4251-66ae-4da1-adaa-db77d87cb4af HTTP/1.1" 200 997 "-" "python-neutronclient"
10.128.0.2 - - [03/Dec/2025:22:55:44 +0000] "GET /v2.0/subnetpools?tags-any=blue HTTP/1.1" 200 1056 "-" "python-urllib3/1.26.5"
100.64.0.2 - - [03/Dec/2025:22:55:44 +0000] "GET /v2.0/subnets?id=142e2a8c-f591-4418-98d1-221fa98908c0 HTTP/1.1" 200 673 "-" "python-neutronclient"
10.128.0.2 - - [03/Dec/2025:22:55:45 +0000] "GET /v2.0/subnetpools?tags-any=red%2Cblue HTTP/1.1" 200 1563 "-" "python-urllib3/1.26.5"
100.64.0.2 - - [03/Dec/2025:22:55:45 +0000] "GET /v2.0/subnets?id=f7395dda-ccd4-4cd4-9348-657fd4161845 HTTP/1.1" 200 668 "-" "python-neutronclient"
100.64.0.2 - - [03/Dec/2025:22:55:45 +0000] "GET /v2.0/ports?network_id=6ae5f7d9-52c9-4659-a4cd-19b68c572270&device_owner=network%3Adhcp HTTP/1.1" 200 12 "-" "python-neutronclient"
10.128.1.49 - - [03/Dec/2025:22:55:45 +0000] "GET /v2.0/security-groups?id=b1b4b5f0-5e1c-4ce4-b5f1-c3784c0ca17f&fields=id&fields=name HTTP/1.1" 200 88 "-" "python-neutronclient"
10.128.0.2 - - [03/Dec/2025:22:55:45 +0000] "GET /v2.0/subnetpools?not-tags=red HTTP/1.1" 200 1028 "-" "python-urllib3/1.26.5"
100.64.0.2 - - [03/Dec/2025:22:55:45 +0000] "GET /v2.0/ports?network_id=71db7a20-5d00-45f5-8719-ed0568b4e2b7&device_owner=network%3Adhcp HTTP/1.1" 200 12 "-" "python-neutronclient"
10.128.0.2 - - [03/Dec/2025:22:55:46 +0000] "GET /v2.0/subnetpools?not-tags=red%2Cblue HTTP/1.1" 200 1535 "-" "python-urllib3/1.26.5"
100.64.0.2 - - [03/Dec/2025:22:55:45 +0000] "GET /v2.0/networks/6ae5f7d9-52c9-4659-a4cd-19b68c572270?fields=segments HTTP/1.1" 200 14 "-" "python-neutronclient"
10.128.0.2 - - [03/Dec/2025:22:55:46 +0000] "GET /v2.0/subnetpools?not-tags-any=blue HTTP/1.1" 200 1535 "-" "python-urllib3/1.26.5"
100.64.0.2 - - [03/Dec/2025:22:55:46 +0000] "GET /v2.0/networks/71db7a20-5d00-45f5-8719-ed0568b4e2b7?fields=segments HTTP/1.1" 200 14 "-" "python-neutronclient"
10.128.0.2 - - [03/Dec/2025:22:55:46 +0000] "GET /v2.0/subnetpools?not-tags-any=red%2Cblue HTTP/1.1" 200 1028 "-" "python-urllib3/1.26.5"
10.128.0.2 - - [03/Dec/2025:22:55:41 +0000] "PUT /v2.0/routers/280438a5-1972-4f21-b37b-f30f924c9ebb/remove_router_interface HTTP/1.1" 200 309 "-" "python-urllib3/1.26.5"
100.64.0.2 - - [03/Dec/2025:22:55:46 +0000] "GET /v2.0/networks/6ae5f7d9-52c9-4659-a4cd-19b68c572270?fields=provider%3Aphysical_network&fields=provider%3Anetwork_type HTTP/1.1" 200 79 "-" "python-neutronclient"
10.128.0.2 - - [03/Dec/2025:22:55:46 +0000] "DELETE /v2.0/subnetpools/5ed4eee1-1d1e-4965-b9b4-032ec1829660 HTTP/1.1" 204 - "-" "python-urllib3/1.26.5"
100.64.0.2 - - [03/Dec/2025:22:55:46 +0000] "GET /v2.0/networks/71db7a20-5d00-45f5-8719-ed0568b4e2b7?fields=provider%3Aphysical_network&fields=provider%3Anetwork_type HTTP/1.1" 200 79 "-" "python-neutronclient"
10.128.0.2 - - [03/Dec/2025:22:55:47 +0000] "DELETE /v2.0/subnetpools/fea3c9d4-9d16-4e9f-8c8f-6557980e4ba1 HTTP/1.1" 204 - "-" "python-urllib3/1.26.5"
10.128.0.2 - - [03/Dec/2025:22:55:47 +0000] "DELETE /v2.0/subnetpools/00ad917d-7613-4932-bf5d-2ac4736f897d HTTP/1.1" 204 - "-" "python-urllib3/1.26.5"
10.128.0.2 - - [03/Dec/2025:22:55:47 +0000] "DELETE /v2.0/subnetpools/66f68db6-c772-4b9e-b226-ded7ca6d986b HTTP/1.1" 204 - "-" "python-urllib3/1.26.5"
10.128.0.2 - - [03/Dec/2025:22:55:47 +0000] "DELETE /v2.0/subnetpools/ffb138e2-c916-45c6-b887-e56e51b1617b HTTP/1.1" 204 - "-" "python-urllib3/1.26.5"
10.128.1.49 - - [03/Dec/2025:22:55:47 +0000] "GET /v2.0/ports?device_id=41ef4251-66ae-4da1-adaa-db77d87cb4af HTTP/1.1" 200 999 "-" "python-neutronclient"
10.128.0.2 - - [03/Dec/2025:22:55:46 +0000] "DELETE /v2.0/routers/280438a5-1972-4f21-b37b-f30f924c9ebb HTTP/1.1" 204 - "-" "python-urllib3/1.26.5"
10.128.1.49 - - [03/Dec/2025:22:55:47 +0000] "GET /v2.0/security-groups?id=b1b4b5f0-5e1c-4ce4-b5f1-c3784c0ca17f&fields=id&fields=name HTTP/1.1" 200 88 "-" "python-neutronclient"
10.128.0.2 - - [03/Dec/2025:22:55:47 +0000] "DELETE /v2.0/subnets/6a6166d9-a7d0-4dcc-b3b5-edcc74111ef9 HTTP/1.1" 204 - "-" "python-urllib3/1.26.5"
10.128.1.49 - - [03/Dec/2025:22:55:48 +0000] "GET /v2.0/ports?device_id=41ef4251-66ae-4da1-adaa-db77d87cb4af HTTP/1.1" 200 999 "-" "python-neutronclient"
10.128.1.49 - - [03/Dec/2025:22:55:48 +0000] "GET /v2.0/security-groups?id=b1b4b5f0-5e1c-4ce4-b5f1-c3784c0ca17f&fields=id&fields=name HTTP/1.1" 200 88 "-" "python-neutronclient"
10.128.0.2 - - [03/Dec/2025:22:55:48 +0000] "GET /v2.0/security-groups?tenant_id=078cd8a3d54d477488ee69e316da9417&name=default HTTP/1.1" 200 2805 "-" "python-urllib3/1.26.5"
10.128.0.2 - - [03/Dec/2025:22:55:48 +0000] "DELETE /v2.0/networks/43116197-5245-4370-a508-844bd19fae9d HTTP/1.1" 204 - "-" "python-urllib3/1.26.5"
10.128.0.2 - - [03/Dec/2025:22:55:48 +0000] "DELETE /v2.0/security-groups/b920cc55-df4a-4100-b9b1-02e78f5c6bdf HTTP/1.1" 204 - "-" "python-urllib3/1.26.5"
10.128.0.2 - - [03/Dec/2025:22:55:49 +0000] "GET /v2.0/security-groups?tenant_id=663b3e36c0344a0b93e3eb7bbbd43522&name=default HTTP/1.1" 200 2805 "-" "python-urllib3/1.26.5"
10.128.0.2 - - [03/Dec/2025:22:55:50 +0000] "DELETE /v2.0/security-groups/17447445-61c8-43c6-a8ac-c2f765d46939 HTTP/1.1" 204 - "-" "python-urllib3/1.26.5"
10.128.0.2 - - [03/Dec/2025:22:55:51 +0000] "GET /v2.0/security-groups?tenant_id=1fae4fbf6b314e20b42b9cf6ad7a6cce&name=default HTTP/1.1" 200 2805 "-" "python-urllib3/1.26.5"
10.128.0.2 - - [03/Dec/2025:22:55:49 +0000] "PUT /v2.0/routers/1578dd72-4176-4989-b85a-4b5dedabc303/remove_router_interface HTTP/1.1" 200 309 "-" "python-urllib3/1.26.5"
10.128.0.2 - - [03/Dec/2025:22:55:51 +0000] "DELETE /v2.0/security-groups/0a6a95a9-bd76-4218-a3b7-8257778e0465 HTTP/1.1" 204 - "-" "python-urllib3/1.26.5"
10.128.1.49 - - [03/Dec/2025:22:55:52 +0000] "GET /v2.0/ports?device_id=41ef4251-66ae-4da1-adaa-db77d87cb4af HTTP/1.1" 200 999 "-" "python-neutronclient"
10.128.1.49 - - [03/Dec/2025:22:55:52 +0000] "GET /v2.0/security-groups?id=b1b4b5f0-5e1c-4ce4-b5f1-c3784c0ca17f&fields=id&fields=name HTTP/1.1" 200 88 "-" "python-neutronclient"
10.128.0.2 - - [03/Dec/2025:22:55:53 +0000] "GET / HTTP/1.1" 200 122 "-" "kube-probe/1.31"
10.128.1.49 - - [03/Dec/2025:22:55:52 +0000] "GET /v2.0/ports?device_id=9d461f5b-b98c-4720-a727-796854f9ef01 HTTP/1.1" 200 995 "-" "python-neutronclient"
10.128.0.2 - - [03/Dec/2025:22:55:53 +0000] "GET / HTTP/1.1" 200 122 "-" "kube-probe/1.31"
10.128.0.2 - - [03/Dec/2025:22:55:53 +0000] "GET / HTTP/1.1" 200 122 "-" "kube-probe/1.31"
10.128.1.49 - - [03/Dec/2025:22:55:53 +0000] "GET /v2.0/security-groups?id=a38e7f08-a3fc-4a75-9b80-74370f8a926a&fields=id&fields=name HTTP/1.1" 200 114 "-" "python-neutronclient"
100.64.0.2 - - [03/Dec/2025:22:55:53 +0000] "GET /v2.0/ports?device_id=9d461f5b-b98c-4720-a727-796854f9ef01 HTTP/1.1" 200 995 "-" "python-neutronclient"
10.128.0.2 - - [03/Dec/2025:22:55:52 +0000] "DELETE /v2.0/routers/1578dd72-4176-4989-b85a-4b5dedabc303 HTTP/1.1" 204 - "-" "python-urllib3/1.26.5"
100.64.0.2 - - [03/Dec/2025:22:55:53 +0000] "DELETE /v2.0/ports/703ddbd7-9fcd-4bd5-bcf2-7c79c0c70de9 HTTP/1.1" 204 - "-" "python-neutronclient"
10.128.0.2 - - [03/Dec/2025:22:55:53 +0000] "DELETE /v2.0/subnets/65fed2f8-5005-4eac-a1d9-77689e255db0 HTTP/1.1" 204 - "-" "python-urllib3/1.26.5"
10.128.1.49 - - [03/Dec/2025:22:55:54 +0000] "GET /v2.0/ports?device_id=41ef4251-66ae-4da1-adaa-db77d87cb4af HTTP/1.1" 200 999 "-" "python-neutronclient"
10.128.1.49 - - [03/Dec/2025:22:55:54 +0000] "GET /v2.0/ports?device_id=9d461f5b-b98c-4720-a727-796854f9ef01 HTTP/1.1" 200 12 "-" "python-neutronclient"
10.128.1.49 - - [03/Dec/2025:22:55:54 +0000] "GET /v2.0/security-groups?id=b1b4b5f0-5e1c-4ce4-b5f1-c3784c0ca17f&fields=id&fields=name HTTP/1.1" 200 88 "-" "python-neutronclient"
10.128.0.2 - - [03/Dec/2025:22:55:54 +0000] "DELETE /v2.0/networks/33e18fa6-ac02-43b8-8456-645d8d2557d1 HTTP/1.1" 204 - "-" "python-urllib3/1.26.5"
10.128.0.2 - - [03/Dec/2025:22:55:55 +0000] "GET /v2.0/security-groups?tenant_id=50c6b4aa393644a6a1f79dc8daa3a531&name=default HTTP/1.1" 200 2801 "-" "python-urllib3/1.26.5"
10.128.0.2 - - [03/Dec/2025:22:55:56 +0000] "DELETE /v2.0/security-groups/a38e7f08-a3fc-4a75-9b80-74370f8a926a HTTP/1.1" 204 - "-" "python-urllib3/1.26.5"
10.128.1.49 - - [03/Dec/2025:22:55:56 +0000] "GET /v2.0/ports?device_id=41ef4251-66ae-4da1-adaa-db77d87cb4af HTTP/1.1" 200 999 "-" "python-neutronclient"
10.128.1.49 - - [03/Dec/2025:22:55:56 +0000] "GET /v2.0/security-groups?id=b1b4b5f0-5e1c-4ce4-b5f1-c3784c0ca17f&fields=id&fields=name HTTP/1.1" 200 88 "-" "python-neutronclient"
10.128.0.2 - - [03/Dec/2025:22:55:56 +0000] "DELETE /v2.0/security-groups/6673f250-a61e-47e8-a151-7e43b61a215a HTTP/1.1" 204 - "-" "python-urllib3/1.26.5"
10.128.0.2 - - [03/Dec/2025:22:55:56 +0000] "GET /v2.0/security-groups?tenant_id=6f42f97838fa4c508671d01963b773e6&name=default HTTP/1.1" 200 2801 "-" "python-urllib3/1.26.5"
10.128.0.2 - - [03/Dec/2025:22:55:57 +0000] "DELETE /v2.0/security-groups/ad6c92fa-54b7-4a33-988a-07b23d18737a HTTP/1.1" 204 - "-" "python-urllib3/1.26.5"
10.128.0.2 - - [03/Dec/2025:22:55:56 +0000] "POST /v2.0/networks HTTP/1.1" 201 651 "-" "python-urllib3/1.26.5"
10.128.0.2 - - [03/Dec/2025:22:55:57 +0000] "PUT /v2.0/networks/dc5872c4-2fce-43bf-8022-2ba493ad7dd0/tags HTTP/1.1" 200 25 "-" "python-urllib3/1.26.5"
10.128.0.2 - - [03/Dec/2025:22:55:57 +0000] "GET /v2.0/networks/dc5872c4-2fce-43bf-8022-2ba493ad7dd0/tags HTTP/1.1" 200 25 "-" "python-urllib3/1.26.5"
10.128.0.2 - - [03/Dec/2025:22:55:57 +0000] "PUT /v2.0/networks/dc5872c4-2fce-43bf-8022-2ba493ad7dd0/tags/green HTTP/1.1" 201 4 "-" "python-urllib3/1.26.5"
10.128.1.49 - - [03/Dec/2025:22:55:57 +0000] "GET /v2.0/ports?device_id=41ef4251-66ae-4da1-adaa-db77d87cb4af HTTP/1.1" 200 999 "-" "python-neutronclient"
10.128.0.2 - - [03/Dec/2025:22:55:58 +0000] "GET /v2.0/networks/dc5872c4-2fce-43bf-8022-2ba493ad7dd0/tags HTTP/1.1" 200 34 "-" "python-urllib3/1.26.5"
10.128.1.49 - - [03/Dec/2025:22:55:58 +0000] "GET /v2.0/security-groups?id=b1b4b5f0-5e1c-4ce4-b5f1-c3784c0ca17f&fields=id&fields=name HTTP/1.1" 200 88 "-" "python-neutronclient"
10.128.0.2 - - [03/Dec/2025:22:55:58 +0000] "PUT /v2.0/networks/dc5872c4-2fce-43bf-8022-2ba493ad7dd0/tags/red HTTP/1.1" 201 4 "-" "python-urllib3/1.26.5"
10.128.0.2 - - [03/Dec/2025:22:55:58 +0000] "GET /v2.0/networks/dc5872c4-2fce-43bf-8022-2ba493ad7dd0/tags HTTP/1.1" 200 34 "-" "python-urllib3/1.26.5"
10.128.0.2 - - [03/Dec/2025:22:55:58 +0000] "PUT /v2.0/networks/dc5872c4-2fce-43bf-8022-2ba493ad7dd0/tags/black.or.white HTTP/1.1" 201 4 "-" "python-urllib3/1.26.5"
10.128.0.2 - - [03/Dec/2025:22:55:58 +0000] "GET /v2.0/networks/dc5872c4-2fce-43bf-8022-2ba493ad7dd0/tags HTTP/1.1" 200 52 "-" "python-urllib3/1.26.5"
10.128.0.2 - - [03/Dec/2025:22:55:58 +0000] "PUT /v2.0/networks/dc5872c4-2fce-43bf-8022-2ba493ad7dd0/tags HTTP/1.1" 200 37 "-" "python-urllib3/1.26.5"
10.128.0.2 - - [03/Dec/2025:22:55:58 +0000] "GET /v2.0/networks/dc5872c4-2fce-43bf-8022-2ba493ad7dd0/tags HTTP/1.1" 200 37 "-" "python-urllib3/1.26.5"
10.128.0.2 - - [03/Dec/2025:22:55:59 +0000] "GET /v2.0/networks/dc5872c4-2fce-43bf-8022-2ba493ad7dd0/tags/red HTTP/1.1" 204 - "-" "python-urllib3/1.26.5"
10.128.0.2 - - [03/Dec/2025:22:55:59 +0000] "GET /v2.0/networks/dc5872c4-2fce-43bf-8022-2ba493ad7dd0/tags/green HTTP/1.1" 404 99 "-" "python-urllib3/1.26.5"
10.128.0.2 - - [03/Dec/2025:22:55:59 +0000] "DELETE /v2.0/networks/dc5872c4-2fce-43bf-8022-2ba493ad7dd0/tags/red HTTP/1.1" 204 - "-" "python-urllib3/1.26.5"
10.128.0.2 - - [03/Dec/2025:22:55:59 +0000] "GET /v2.0/networks/dc5872c4-2fce-43bf-8022-2ba493ad7dd0/tags HTTP/1.1" 200 30 "-" "python-urllib3/1.26.5"
10.128.1.49 - - [03/Dec/2025:22:55:59 +0000] "GET /v2.0/ports?device_id=41ef4251-66ae-4da1-adaa-db77d87cb4af HTTP/1.1" 200 999 "-" "python-neutronclient"
10.128.0.2 - - [03/Dec/2025:22:55:59 +0000] "DELETE /v2.0/networks/dc5872c4-2fce-43bf-8022-2ba493ad7dd0/tags/green HTTP/1.1" 404 99 "-" "python-urllib3/1.26.5"
10.128.0.2 - - [03/Dec/2025:22:56:00 +0000] "DELETE /v2.0/networks/dc5872c4-2fce-43bf-8022-2ba493ad7dd0/tags HTTP/1.1" 204 - "-" "python-urllib3/1.26.5"
10.128.1.49 - - [03/Dec/2025:22:55:59 +0000] "GET /v2.0/security-groups?id=b1b4b5f0-5e1c-4ce4-b5f1-c3784c0ca17f&fields=id&fields=name HTTP/1.1" 200 88 "-" "python-neutronclient"
10.128.0.2 - - [03/Dec/2025:22:56:00 +0000] "POST /v2.0/security-groups HTTP/1.1" 201 1611 "-" "python-urllib3/1.26.5"
10.128.0.2 - - [03/Dec/2025:22:56:00 +0000] "GET /v2.0/networks/dc5872c4-2fce-43bf-8022-2ba493ad7dd0/tags HTTP/1.1" 200 12 "-" "python-urllib3/1.26.5"
10.128.0.2 - - [03/Dec/2025:22:56:00 +0000] "POST /v2.0/security-group-rules HTTP/1.1" 201 565 "-" "python-urllib3/1.26.5"
10.128.0.2 - - [03/Dec/2025:22:56:00 +0000] "POST /v2.0/security-group-rules HTTP/1.1" 201 564 "-" "python-urllib3/1.26.5"
10.128.0.2 - - [03/Dec/2025:22:56:00 +0000] "DELETE /v2.0/networks/dc5872c4-2fce-43bf-8022-2ba493ad7dd0 HTTP/1.1" 204 - "-" "python-urllib3/1.26.5"
10.128.0.2 - - [03/Dec/2025:22:56:01 +0000] "POST /v2.0/security-group-rules HTTP/1.1" 201 570 "-" "python-urllib3/1.26.5"
10.128.0.2 - - [03/Dec/2025:22:56:01 +0000] "POST /v2.0/routers HTTP/1.1" 201 449 "-" "python-urllib3/1.26.5"
10.128.0.2 - - [03/Dec/2025:22:56:01 +0000] "POST /v2.0/security-group-rules HTTP/1.1" 201 569 "-" "python-urllib3/1.26.5"
10.128.0.2 - - [03/Dec/2025:22:56:01 +0000] "PUT /v2.0/routers/3de25265-d23f-4cc1-bff4-6c116e3ee019/tags HTTP/1.1" 200 25 "-" "python-urllib3/1.26.5"
10.128.0.2 - - [03/Dec/2025:22:56:01 +0000] "GET /v2.0/routers/3de25265-d23f-4cc1-bff4-6c116e3ee019/tags HTTP/1.1" 200 25 "-" "python-urllib3/1.26.5"
10.128.1.49 - - [03/Dec/2025:22:56:01 +0000] "GET /v2.0/ports?device_id=41ef4251-66ae-4da1-adaa-db77d87cb4af HTTP/1.1" 200 999 "-" "python-neutronclient"
10.128.0.2 - - [03/Dec/2025:22:56:01 +0000] "GET /v2.0/security-groups?tenant_id=ee2d67240bc84eec820a32af1cc0dcdd&name=default HTTP/1.1" 200 2805 "-" "python-urllib3/1.26.5"
10.128.0.2 - - [03/Dec/2025:22:56:01 +0000] "PUT /v2.0/routers/3de25265-d23f-4cc1-bff4-6c116e3ee019/tags/green HTTP/1.1" 201 4 "-" "python-urllib3/1.26.5"
10.128.0.2 - - [03/Dec/2025:22:56:01 +0000] "POST /v2.0/security-group-rules HTTP/1.1" 201 575 "-" "python-urllib3/1.26.5"
10.128.1.49 - - [03/Dec/2025:22:56:02 +0000] "GET /v2.0/security-groups?id=b1b4b5f0-5e1c-4ce4-b5f1-c3784c0ca17f&fields=id&fields=name HTTP/1.1" 200 88 "-" "python-neutronclient"
10.128.0.2 - - [03/Dec/2025:22:56:02 +0000] "GET /v2.0/routers/3de25265-d23f-4cc1-bff4-6c116e3ee019/tags HTTP/1.1" 200 34 "-" "python-urllib3/1.26.5"
10.128.0.2 - - [03/Dec/2025:22:56:02 +0000] "POST /v2.0/security-group-rules HTTP/1.1" 201 574 "-" "python-urllib3/1.26.5"
10.128.0.2 - - [03/Dec/2025:22:56:02 +0000] "PUT /v2.0/routers/3de25265-d23f-4cc1-bff4-6c116e3ee019/tags/red HTTP/1.1" 201 4 "-" "python-urllib3/1.26.5"
10.128.0.2 - - [03/Dec/2025:22:56:02 +0000] "GET /v2.0/routers/3de25265-d23f-4cc1-bff4-6c116e3ee019/tags HTTP/1.1" 200 34 "-" "python-urllib3/1.26.5"
10.128.0.2 - - [03/Dec/2025:22:56:02 +0000] "DELETE /v2.0/security-groups/0a95ab73-3ecd-4b9c-94aa-539db3fc683c HTTP/1.1" 204 - "-" "python-urllib3/1.26.5"
10.128.0.2 - - [03/Dec/2025:22:56:02 +0000] "PUT /v2.0/routers/3de25265-d23f-4cc1-bff4-6c116e3ee019/tags/black.or.white HTTP/1.1" 201 4 "-" "python-urllib3/1.26.5"
10.128.0.2 - - [03/Dec/2025:22:56:02 +0000] "GET /v2.0/security-groups?tenant_id=c0427ab7191f43f1babfd46123f63e71&name=default HTTP/1.1" 200 2805 "-" "python-urllib3/1.26.5"
10.128.0.2 - - [03/Dec/2025:22:56:02 +0000] "GET /v2.0/routers/3de25265-d23f-4cc1-bff4-6c116e3ee019/tags HTTP/1.1" 200 52 "-" "python-urllib3/1.26.5"
10.128.0.2 - - [03/Dec/2025:22:56:03 +0000] "PUT /v2.0/routers/3de25265-d23f-4cc1-bff4-6c116e3ee019/tags HTTP/1.1" 200 37 "-" "python-urllib3/1.26.5"
10.128.0.2 - - [03/Dec/2025:22:56:03 +0000] "GET /v2.0/routers/3de25265-d23f-4cc1-bff4-6c116e3ee019/tags HTTP/1.1" 200 37 "-" "python-urllib3/1.26.5"
10.128.1.49 - - [03/Dec/2025:22:56:03 +0000] "GET /v2.0/security-groups?name=tempest-secgroup-smoke-782271235&fields=id&tenant_id=dbb2710d867347c5b4a3eeb47ef0e6a0 HTTP/1.1" 200 69 "-" "python-neutronclient"
10.128.0.2 - - [03/Dec/2025:22:56:03 +0000] "DELETE /v2.0/security-groups/c6e9e555-ad53-4bc0-b638-46c524922578 HTTP/1.1" 204 - "-" "python-urllib3/1.26.5"
10.128.0.2 - - [03/Dec/2025:22:56:03 +0000] "GET /v2.0/routers/3de25265-d23f-4cc1-bff4-6c116e3ee019/tags/red HTTP/1.1" 204 - "-" "python-urllib3/1.26.5"
10.128.1.49 - - [03/Dec/2025:22:56:03 +0000] "GET /v2.0/ports?device_id=41ef4251-66ae-4da1-adaa-db77d87cb4af HTTP/1.1" 200 999 "-" "python-neutronclient"
10.128.0.2 - - [03/Dec/2025:22:56:03 +0000] "GET /v2.0/routers/3de25265-d23f-4cc1-bff4-6c116e3ee019/tags/green HTTP/1.1" 404 99 "-" "python-urllib3/1.26.5"
10.128.1.49 - - [03/Dec/2025:22:56:03 +0000] "GET /v2.0/networks?id=71db7a20-5d00-45f5-8719-ed0568b4e2b7 HTTP/1.1" 200 687 "-" "python-neutronclient"
10.128.0.2 - - [03/Dec/2025:22:56:04 +0000] "DELETE /v2.0/routers/3de25265-d23f-4cc1-bff4-6c116e3ee019/tags/red HTTP/1.1" 204 - "-" "python-urllib3/1.26.5"
10.128.1.49 - - [03/Dec/2025:22:56:04 +0000] "GET /v2.0/quotas/dbb2710d867347c5b4a3eeb47ef0e6a0 HTTP/1.1" 200 187 "-" "python-neutronclient"
10.128.1.49 - - [03/Dec/2025:22:56:03 +0000] "GET /v2.0/security-groups?id=b1b4b5f0-5e1c-4ce4-b5f1-c3784c0ca17f&fields=id&fields=name HTTP/1.1" 200 88 "-" "python-neutronclient"
10.128.0.2 - - [03/Dec/2025:22:56:04 +0000] "GET /v2.0/routers/3de25265-d23f-4cc1-bff4-6c116e3ee019/tags HTTP/1.1" 200 30 "-" "python-urllib3/1.26.5"
10.128.0.2 - - [03/Dec/2025:22:56:05 +0000] "DELETE /v2.0/routers/3de25265-d23f-4cc1-bff4-6c116e3ee019/tags/green HTTP/1.1" 404 99 "-" "python-urllib3/1.26.5"
10.128.1.49 - - [03/Dec/2025:22:56:05 +0000] "GET /v2.0/ports?tenant_id=dbb2710d867347c5b4a3eeb47ef0e6a0&fields=id HTTP/1.1" 200 103 "-" "python-neutronclient"
10.128.0.2 - - [03/Dec/2025:22:56:05 +0000] "DELETE /v2.0/routers/3de25265-d23f-4cc1-bff4-6c116e3ee019/tags HTTP/1.1" 204 - "-" "python-urllib3/1.26.5"
10.128.0.2 - - [03/Dec/2025:22:56:05 +0000] "GET /v2.0/routers/3de25265-d23f-4cc1-bff4-6c116e3ee019/tags HTTP/1.1" 200 12 "-" "python-urllib3/1.26.5"
10.128.1.49 - - [03/Dec/2025:22:56:05 +0000] "GET /v2.0/networks/71db7a20-5d00-45f5-8719-ed0568b4e2b7?fields=segments HTTP/1.1" 200 14 "-" "python-neutronclient"
10.128.0.2 - - [03/Dec/2025:22:56:06 +0000] "GET /v2.0/routers/3de25265-d23f-4cc1-bff4-6c116e3ee019 HTTP/1.1" 200 449 "-" "python-urllib3/1.26.5"
10.128.1.49 - - [03/Dec/2025:22:56:06 +0000] "GET /v2.0/networks/71db7a20-5d00-45f5-8719-ed0568b4e2b7?fields=provider%3Aphysical_network&fields=provider%3Anetwork_type HTTP/1.1" 200 79 "-" "python-neutronclient"
10.128.1.49 - - [03/Dec/2025:22:56:06 +0000] "GET /v2.0/ports?device_id=41ef4251-66ae-4da1-adaa-db77d87cb4af HTTP/1.1" 200 997 "-" "python-neutronclient"
10.128.1.49 - - [03/Dec/2025:22:56:06 +0000] "GET /v2.0/security-groups?id=b1b4b5f0-5e1c-4ce4-b5f1-c3784c0ca17f&fields=id&fields=name HTTP/1.1" 200 88 "-" "python-neutronclient"
10.128.1.51 - - [03/Dec/2025:22:56:06 +0000] "GET /v2.0/extensions HTTP/1.1" 200 17369 "-" "python-neutronclient"
10.128.1.49 - - [03/Dec/2025:22:56:07 +0000] "GET /v2.0/ports?device_id=ea00fb1f-7adf-40f1-a9ef-0e19c66615d6 HTTP/1.1" 200 12 "-" "python-neutronclient"
10.128.1.51 - - [03/Dec/2025:22:56:07 +0000] "GET /v2.0/subnets?network_id=71db7a20-5d00-45f5-8719-ed0568b4e2b7&fields=segment_id HTTP/1.1" 200 33 "-" "python-neutronclient"
10.128.0.2 - - [03/Dec/2025:22:56:06 +0000] "PUT /v2.0/routers/3de25265-d23f-4cc1-bff4-6c116e3ee019 HTTP/1.1" 200 449 "-" "python-urllib3/1.26.5"
10.128.0.2 - - [03/Dec/2025:22:56:08 +0000] "GET /v2.0/ports?device_id=3de25265-d23f-4cc1-bff4-6c116e3ee019 HTTP/1.1" 200 12 "-" "python-urllib3/1.26.5"
10.128.0.2 - - [03/Dec/2025:22:56:08 +0000] "DELETE /v2.0/routers/3de25265-d23f-4cc1-bff4-6c116e3ee019 HTTP/1.1" 204 - "-" "python-urllib3/1.26.5"
10.128.1.49 - - [03/Dec/2025:22:56:08 +0000] "GET /v2.0/ports?device_id=41ef4251-66ae-4da1-adaa-db77d87cb4af HTTP/1.1" 200 997 "-" "python-neutronclient"
10.128.1.49 - - [03/Dec/2025:22:56:08 +0000] "GET /v2.0/ports?device_id=ea00fb1f-7adf-40f1-a9ef-0e19c66615d6 HTTP/1.1" 200 12 "-" "python-neutronclient"
10.128.1.49 - - [03/Dec/2025:22:56:08 +0000] "GET /v2.0/security-groups?id=b1b4b5f0-5e1c-4ce4-b5f1-c3784c0ca17f&fields=id&fields=name HTTP/1.1" 200 88 "-" "python-neutronclient"
100.64.0.2 - - [03/Dec/2025:22:56:09 +0000] "GET /v2.0/networks?id=71db7a20-5d00-45f5-8719-ed0568b4e2b7 HTTP/1.1" 200 687 "-" "python-neutronclient"
10.128.0.2 - - [03/Dec/2025:22:56:09 +0000] "GET /v2.0/security-groups?tenant_id=164233494b204651a995cda5380f8b48&name=default HTTP/1.1" 200 2805 "-" "python-urllib3/1.26.5"
100.64.0.2 - - [03/Dec/2025:22:56:09 +0000] "GET /v2.0/security-groups?fields=id&fields=name&tenant_id=dbb2710d867347c5b4a3eeb47ef0e6a0 HTTP/1.1" 200 180 "-" "python-neutronclient"
10.128.1.49 - - [03/Dec/2025:22:56:09 +0000] "GET /v2.0/ports?device_id=ea00fb1f-7adf-40f1-a9ef-0e19c66615d6 HTTP/1.1" 200 12 "-" "python-neutronclient"
10.128.0.2 - - [03/Dec/2025:22:56:09 +0000] "DELETE /v2.0/security-groups/e1d13d1c-0679-40b7-a3ea-be8353d9091e HTTP/1.1" 204 - "-" "python-urllib3/1.26.5"
10.128.1.49 - - [03/Dec/2025:22:56:09 +0000] "GET /v2.0/ports?device_id=41ef4251-66ae-4da1-adaa-db77d87cb4af HTTP/1.1" 200 997 "-" "python-neutronclient"
10.128.1.49 - - [03/Dec/2025:22:56:10 +0000] "GET /v2.0/security-groups?id=b1b4b5f0-5e1c-4ce4-b5f1-c3784c0ca17f&fields=id&fields=name HTTP/1.1" 200 88 "-" "python-neutronclient"
100.64.0.2 - - [03/Dec/2025:22:56:09 +0000] "POST /v2.0/ports HTTP/1.1" 201 959 "-" "python-neutronclient"
10.128.0.2 - - [03/Dec/2025:22:56:10 +0000] "GET /v2.0/security-groups?tenant_id=a37adb7059df4b0aa67905c005131c16&name=default HTTP/1.1" 200 2805 "-" "python-urllib3/1.26.5"
10.128.0.2 - - [03/Dec/2025:22:56:10 +0000] "DELETE /v2.0/security-groups/93415a2d-3e8f-4465-a53f-0beda9cbc312 HTTP/1.1" 204 - "-" "python-urllib3/1.26.5"
10.128.1.49 - - [03/Dec/2025:22:56:11 +0000] "GET /v2.0/ports?device_id=ea00fb1f-7adf-40f1-a9ef-0e19c66615d6 HTTP/1.1" 200 962 "-" "python-neutronclient"
10.128.1.49 - - [03/Dec/2025:22:56:11 +0000] "GET /v2.0/security-groups?id=461fd852-b9fb-4d00-842c-ca6657bab044&fields=id&fields=name HTTP/1.1" 200 113 "-" "python-neutronclient"
10.128.1.49 - - [03/Dec/2025:22:56:11 +0000] "GET /v2.0/ports?device_id=41ef4251-66ae-4da1-adaa-db77d87cb4af HTTP/1.1" 200 997 "-" "python-neutronclient"
10.128.1.49 - - [03/Dec/2025:22:56:11 +0000] "GET /v2.0/security-groups?id=b1b4b5f0-5e1c-4ce4-b5f1-c3784c0ca17f&fields=id&fields=name HTTP/1.1" 200 88 "-" "python-neutronclient"
100.64.0.2 - - [03/Dec/2025:22:56:11 +0000] "GET /v2.0/ports?device_id=41ef4251-66ae-4da1-adaa-db77d87cb4af HTTP/1.1" 200 1264 "-" "python-neutronclient"
100.64.0.2 - - [03/Dec/2025:22:56:10 +0000] "PUT /v2.0/ports/de2080f0-dff3-41d1-95c7-daffa348b788 HTTP/1.1" 200 1231 "-" "python-neutronclient"
100.64.0.2 - - [03/Dec/2025:22:56:11 +0000] "GET /v2.0/security-groups?id=b1b4b5f0-5e1c-4ce4-b5f1-c3784c0ca17f&fields=id&fields=name HTTP/1.1" 200 88 "-" "python-neutronclient"
100.64.0.2 - - [03/Dec/2025:22:56:12 +0000] "GET /v2.0/ports?tenant_id=dbb2710d867347c5b4a3eeb47ef0e6a0&device_id=ea00fb1f-7adf-40f1-a9ef-0e19c66615d6 HTTP/1.1" 200 1262 "-" "python-neutronclient"
100.64.0.2 - - [03/Dec/2025:22:56:12 +0000] "GET /v2.0/floatingips?fixed_ip_address=10.100.0.8&port_id=de2080f0-dff3-41d1-95c7-daffa348b788 HTTP/1.1" 200 19 "-" "python-neutronclient"
100.64.0.2 - - [03/Dec/2025:22:56:12 +0000] "GET /v2.0/subnets?id=f7395dda-ccd4-4cd4-9348-657fd4161845 HTTP/1.1" 200 668 "-" "python-neutronclient"
10.128.1.49 - - [03/Dec/2025:22:56:12 +0000] "GET /v2.0/ports?device_id=ea00fb1f-7adf-40f1-a9ef-0e19c66615d6 HTTP/1.1" 200 995 "-" "python-neutronclient"
100.64.0.2 - - [03/Dec/2025:22:56:12 +0000] "GET /v2.0/ports?network_id=71db7a20-5d00-45f5-8719-ed0568b4e2b7&device_owner=network%3Adhcp HTTP/1.1" 200 12 "-" "python-neutronclient"
10.128.1.49 - - [03/Dec/2025:22:56:13 +0000] "GET /v2.0/security-groups?id=461fd852-b9fb-4d00-842c-ca6657bab044&fields=id&fields=name HTTP/1.1" 200 113 "-" "python-neutronclient"
10.128.1.49 - - [03/Dec/2025:22:56:13 +0000] "GET /v2.0/ports?device_id=41ef4251-66ae-4da1-adaa-db77d87cb4af HTTP/1.1" 200 999 "-" "python-neutronclient"
100.64.0.2 - - [03/Dec/2025:22:56:13 +0000] "GET /v2.0/networks/71db7a20-5d00-45f5-8719-ed0568b4e2b7?fields=segments HTTP/1.1" 200 14 "-" "python-neutronclient"
10.128.1.49 - - [03/Dec/2025:22:56:13 +0000] "GET /v2.0/security-groups?id=b1b4b5f0-5e1c-4ce4-b5f1-c3784c0ca17f&fields=id&fields=name HTTP/1.1" 200 88 "-" "python-neutronclient"
100.64.0.2 - - [03/Dec/2025:22:56:13 +0000] "GET /v2.0/networks/71db7a20-5d00-45f5-8719-ed0568b4e2b7?fields=provider%3Aphysical_network&fields=provider%3Anetwork_type HTTP/1.1" 200 79 "-" "python-neutronclient"
100.64.0.2 - - [03/Dec/2025:22:56:14 +0000] "GET /v2.0/ports?tenant_id=dbb2710d867347c5b4a3eeb47ef0e6a0&device_id=ea00fb1f-7adf-40f1-a9ef-0e19c66615d6 HTTP/1.1" 200 1262 "-" "python-neutronclient"
10.128.1.49 - - [03/Dec/2025:22:56:14 +0000] "GET /v2.0/ports?device_id=ea00fb1f-7adf-40f1-a9ef-0e19c66615d6 HTTP/1.1" 200 995 "-" "python-neutronclient"
100.64.0.2 - - [03/Dec/2025:22:56:14 +0000] "GET /v2.0/ports?device_id=ea00fb1f-7adf-40f1-a9ef-0e19c66615d6 HTTP/1.1" 200 1262 "-" "python-neutronclient"
100.64.0.2 - - [03/Dec/2025:22:56:15 +0000] "GET /v2.0/security-groups?id=461fd852-b9fb-4d00-842c-ca6657bab044&fields=id&fields=name HTTP/1.1" 200 113 "-" "python-neutronclient"
100.64.0.2 - - [03/Dec/2025:22:56:15 +0000] "GET /v2.0/networks?id=71db7a20-5d00-45f5-8719-ed0568b4e2b7 HTTP/1.1" 200 786 "-" "python-neutronclient"
100.64.0.2 - - [03/Dec/2025:22:56:15 +0000] "GET /v2.0/floatingips?fixed_ip_address=10.100.0.8&port_id=de2080f0-dff3-41d1-95c7-daffa348b788 HTTP/1.1" 200 19 "-" "python-neutronclient"
10.128.1.49 - - [03/Dec/2025:22:56:15 +0000] "GET /v2.0/security-groups?id=461fd852-b9fb-4d00-842c-ca6657bab044&fields=id&fields=name HTTP/1.1" 200 113 "-" "python-neutronclient"
10.128.1.49 - - [03/Dec/2025:22:56:15 +0000] "GET /v2.0/ports?device_id=41ef4251-66ae-4da1-adaa-db77d87cb4af HTTP/1.1" 200 999 "-" "python-neutronclient"
100.64.0.2 - - [03/Dec/2025:22:56:16 +0000] "GET /v2.0/subnets?id=f7395dda-ccd4-4cd4-9348-657fd4161845 HTTP/1.1" 200 668 "-" "python-neutronclient"
100.64.0.2 - - [03/Dec/2025:22:56:16 +0000] "GET /v2.0/ports?network_id=71db7a20-5d00-45f5-8719-ed0568b4e2b7&device_owner=network%3Adhcp HTTP/1.1" 200 12 "-" "python-neutronclient"
10.128.1.49 - - [03/Dec/2025:22:56:16 +0000] "GET /v2.0/security-groups?id=b1b4b5f0-5e1c-4ce4-b5f1-c3784c0ca17f&fields=id&fields=name HTTP/1.1" 200 88 "-" "python-neutronclient"
100.64.0.2 - - [03/Dec/2025:22:56:17 +0000] "GET /v2.0/networks/71db7a20-5d00-45f5-8719-ed0568b4e2b7?fields=segments HTTP/1.1" 200 14 "-" "python-neutronclient"
100.64.0.2 - - [03/Dec/2025:22:56:18 +0000] "GET /v2.0/ports?device_id=41ef4251-66ae-4da1-adaa-db77d87cb4af HTTP/1.1" 200 999 "-" "python-neutronclient"
100.64.0.2 - - [03/Dec/2025:22:56:17 +0000] "GET /v2.0/networks/71db7a20-5d00-45f5-8719-ed0568b4e2b7?fields=provider%3Aphysical_network&fields=provider%3Anetwork_type HTTP/1.1" 200 79 "-" "python-neutronclient"
10.128.1.49 - - [03/Dec/2025:22:56:17 +0000] "GET /v2.0/ports?device_id=ea00fb1f-7adf-40f1-a9ef-0e19c66615d6 HTTP/1.1" 200 997 "-" "python-neutronclient"
10.128.1.49 - - [03/Dec/2025:22:56:18 +0000] "GET /v2.0/security-groups?id=461fd852-b9fb-4d00-842c-ca6657bab044&fields=id&fields=name HTTP/1.1" 200 113 "-" "python-neutronclient"
10.128.1.49 - - [03/Dec/2025:22:56:18 +0000] "GET /v2.0/ports?device_id=41ef4251-66ae-4da1-adaa-db77d87cb4af HTTP/1.1" 200 997 "-" "python-neutronclient"
100.64.0.2 - - [03/Dec/2025:22:56:18 +0000] "DELETE /v2.0/ports/33507072-ec7a-4281-aea7-b6f93f257f0c HTTP/1.1" 204 - "-" "python-neutronclient"
10.128.1.49 - - [03/Dec/2025:22:56:18 +0000] "GET /v2.0/security-groups?id=b1b4b5f0-5e1c-4ce4-b5f1-c3784c0ca17f&fields=id&fields=name HTTP/1.1" 200 88 "-" "python-neutronclient"
10.128.1.49 - - [03/Dec/2025:22:56:19 +0000] "GET /v2.0/ports?device_id=ea00fb1f-7adf-40f1-a9ef-0e19c66615d6 HTTP/1.1" 200 997 "-" "python-neutronclient"
10.128.1.49 - - [03/Dec/2025:22:56:19 +0000] "GET /v2.0/security-groups?id=461fd852-b9fb-4d00-842c-ca6657bab044&fields=id&fields=name HTTP/1.1" 200 113 "-" "python-neutronclient"
10.128.0.2 - - [03/Dec/2025:22:56:23 +0000] "GET / HTTP/1.1" 200 122 "-" "kube-probe/1.31"
10.128.0.2 - - [03/Dec/2025:22:56:23 +0000] "GET / HTTP/1.1" 200 122 "-" "kube-probe/1.31"
10.128.0.2 - - [03/Dec/2025:22:56:23 +0000] "GET / HTTP/1.1" 200 122 "-" "kube-probe/1.31"
10.128.0.2 - - [03/Dec/2025:22:56:20 +0000] "PUT /v2.0/routers/eff21f61-e26b-401a-a798-f62ce45eabb4/remove_router_interface HTTP/1.1" 200 309 "-" "python-urllib3/1.26.5"
10.128.0.2 - - [03/Dec/2025:22:56:23 +0000] "DELETE /v2.0/routers/eff21f61-e26b-401a-a798-f62ce45eabb4 HTTP/1.1" 204 - "-" "python-urllib3/1.26.5"
10.128.0.2 - - [03/Dec/2025:22:56:24 +0000] "DELETE /v2.0/subnets/142e2a8c-f591-4418-98d1-221fa98908c0 HTTP/1.1" 204 - "-" "python-urllib3/1.26.5"
10.128.0.2 - - [03/Dec/2025:22:56:24 +0000] "DELETE /v2.0/networks/6ae5f7d9-52c9-4659-a4cd-19b68c572270 HTTP/1.1" 204 - "-" "python-urllib3/1.26.5"
10.128.0.2 - - [03/Dec/2025:22:56:25 +0000] "PUT /v2.0/routers/e33a51d4-4f83-474a-90b9-c896e06a59be/remove_router_interface HTTP/1.1" 200 309 "-" "python-urllib3/1.26.5"
10.128.0.2 - - [03/Dec/2025:22:56:27 +0000] "DELETE /v2.0/routers/e33a51d4-4f83-474a-90b9-c896e06a59be HTTP/1.1" 204 - "-" "python-urllib3/1.26.5"
10.128.0.2 - - [03/Dec/2025:22:56:28 +0000] "DELETE /v2.0/subnets/2652cb58-f32e-431e-a3ac-54f844209d39 HTTP/1.1" 204 - "-" "python-urllib3/1.26.5"
10.128.0.2 - - [03/Dec/2025:22:56:28 +0000] "DELETE /v2.0/networks/6f259a8a-74f7-4394-a8da-ed180034bdbf HTTP/1.1" 204 - "-" "python-urllib3/1.26.5"
10.128.0.2 - - [03/Dec/2025:22:56:30 +0000] "GET /v2.0/security-groups?tenant_id=81805fcc94854ba6997bebb34be6a5db&name=default HTTP/1.1" 200 2801 "-" "python-urllib3/1.26.5"
10.128.0.2 - - [03/Dec/2025:22:56:31 +0000] "DELETE /v2.0/security-groups/b1b4b5f0-5e1c-4ce4-b5f1-c3784c0ca17f HTTP/1.1" 204 - "-" "python-urllib3/1.26.5"
10.128.0.2 - - [03/Dec/2025:22:56:31 +0000] "GET /v2.0/security-groups?tenant_id=e8cc745fa6b343e78b026b8673ab3f3b&name=default HTTP/1.1" 200 2801 "-" "python-urllib3/1.26.5"
10.128.0.2 - - [03/Dec/2025:22:56:32 +0000] "DELETE /v2.0/security-groups/a79cd0ac-e2c2-483b-8fb7-5266f0d22218 HTTP/1.1" 204 - "-" "python-urllib3/1.26.5"
10.128.0.2 - - [03/Dec/2025:22:56:38 +0000] "GET /v2.0/ports?device_id=ea00fb1f-7adf-40f1-a9ef-0e19c66615d6 HTTP/1.1" 200 1264 "-" "python-urllib3/1.26.5"
10.128.0.2 - - [03/Dec/2025:22:56:38 +0000] "GET /v2.0/floatingips?floating_network_id=028583f1-6fe0-4d55-b869-739d10dff786&port_id=de2080f0-dff3-41d1-95c7-daffa348b788 HTTP/1.1" 200 19 "-" "python-urllib3/1.26.5"
10.128.0.2 - - [03/Dec/2025:22:56:38 +0000] "GET /v2.0/ports?device_id=ea00fb1f-7adf-40f1-a9ef-0e19c66615d6 HTTP/1.1" 200 1264 "-" "python-urllib3/1.26.5"
10.128.0.2 - - [03/Dec/2025:22:56:37 +0000] "POST /v2.0/networks HTTP/1.1" 201 650 "-" "python-urllib3/1.26.5"
10.128.0.2 - - [03/Dec/2025:22:56:40 +0000] "POST /v2.0/networks HTTP/1.1" 201 651 "-" "python-urllib3/1.26.5"
10.128.0.2 - - [03/Dec/2025:22:56:39 +0000] "POST /v2.0/floatingips HTTP/1.1" 201 881 "-" "python-urllib3/1.26.5"
100.64.0.2 - - [03/Dec/2025:22:56:42 +0000] "GET /v2.0/ports?tenant_id=dbb2710d867347c5b4a3eeb47ef0e6a0&device_id=ea00fb1f-7adf-40f1-a9ef-0e19c66615d6 HTTP/1.1" 200 1264 "-" "python-neutronclient"
10.128.0.2 - - [03/Dec/2025:22:56:41 +0000] "POST /v2.0/networks HTTP/1.1" 201 651 "-" "python-urllib3/1.26.5"
100.64.0.2 - - [03/Dec/2025:22:56:42 +0000] "GET /v2.0/networks?id=71db7a20-5d00-45f5-8719-ed0568b4e2b7 HTTP/1.1" 200 786 "-" "python-neutronclient"
100.64.0.2 - - [03/Dec/2025:22:56:42 +0000] "GET /v2.0/floatingips?fixed_ip_address=10.100.0.8&port_id=de2080f0-dff3-41d1-95c7-daffa348b788 HTTP/1.1" 200 886 "-" "python-neutronclient"
100.64.0.2 - - [03/Dec/2025:22:56:42 +0000] "GET /v2.0/subnets?id=f7395dda-ccd4-4cd4-9348-657fd4161845 HTTP/1.1" 200 668 "-" "python-neutronclient"
100.64.0.2 - - [03/Dec/2025:22:56:42 +0000] "GET /v2.0/ports?network_id=71db7a20-5d00-45f5-8719-ed0568b4e2b7&device_owner=network%3Adhcp HTTP/1.1" 200 12 "-" "python-neutronclient"
10.128.0.2 - - [03/Dec/2025:22:56:42 +0000] "POST /v2.0/networks HTTP/1.1" 201 650 "-" "python-urllib3/1.26.5"
100.64.0.2 - - [03/Dec/2025:22:56:43 +0000] "GET /v2.0/networks/71db7a20-5d00-45f5-8719-ed0568b4e2b7?fields=segments HTTP/1.1" 200 14 "-" "python-neutronclient"
100.64.0.2 - - [03/Dec/2025:22:56:43 +0000] "GET /v2.0/networks/71db7a20-5d00-45f5-8719-ed0568b4e2b7?fields=provider%3Aphysical_network&fields=provider%3Anetwork_type HTTP/1.1" 200 79 "-" "python-neutronclient"
10.128.0.2 - - [03/Dec/2025:22:56:43 +0000] "DELETE /v2.0/floatingips/df6049f5-f1a1-4a8f-a488-6fb76c98cd3e HTTP/1.1" 204 - "-" "python-urllib3/1.26.5"
10.128.0.2 - - [03/Dec/2025:22:56:43 +0000] "POST /v2.0/networks HTTP/1.1" 201 650 "-" "python-urllib3/1.26.5"
100.64.0.2 - - [03/Dec/2025:22:56:44 +0000] "GET /v2.0/ports?tenant_id=dbb2710d867347c5b4a3eeb47ef0e6a0&device_id=ea00fb1f-7adf-40f1-a9ef-0e19c66615d6 HTTP/1.1" 200 1264 "-" "python-neutronclient"
100.64.0.2 - - [03/Dec/2025:22:56:44 +0000] "GET /v2.0/networks?id=71db7a20-5d00-45f5-8719-ed0568b4e2b7 HTTP/1.1" 200 786 "-" "python-neutronclient"
10.128.0.2 - - [03/Dec/2025:22:56:43 +0000] "PUT /v2.0/networks/0a960636-4935-4a04-bef2-cfda0885ac3b/tags HTTP/1.1" 200 17 "-" "python-urllib3/1.26.5"
100.64.0.2 - - [03/Dec/2025:22:56:44 +0000] "GET /v2.0/floatingips?fixed_ip_address=10.100.0.8&port_id=de2080f0-dff3-41d1-95c7-daffa348b788 HTTP/1.1" 200 19 "-" "python-neutronclient"
10.128.0.2 - - [03/Dec/2025:22:56:44 +0000] "PUT /v2.0/networks/a06f9679-91fc-4be3-a622-5dd60cee9b67/tags HTTP/1.1" 200 25 "-" "python-urllib3/1.26.5"
100.64.0.2 - - [03/Dec/2025:22:56:45 +0000] "GET /v2.0/subnets?id=f7395dda-ccd4-4cd4-9348-657fd4161845 HTTP/1.1" 200 668 "-" "python-neutronclient"
10.128.0.2 - - [03/Dec/2025:22:56:45 +0000] "PUT /v2.0/networks/187cf595-842c-496f-9e6f-87967bb029a1/tags HTTP/1.1" 200 34 "-" "python-urllib3/1.26.5"
100.64.0.2 - - [03/Dec/2025:22:56:45 +0000] "GET /v2.0/ports?network_id=71db7a20-5d00-45f5-8719-ed0568b4e2b7&device_owner=network%3Adhcp HTTP/1.1" 200 12 "-" "python-neutronclient"
10.128.0.2 - - [03/Dec/2025:22:56:45 +0000] "PUT /v2.0/networks/2452058a-fc3b-40a8-bf1f-06f2c5e472c6/tags HTTP/1.1" 200 19 "-" "python-urllib3/1.26.5"
100.64.0.2 - - [03/Dec/2025:22:56:45 +0000] "GET /v2.0/networks/71db7a20-5d00-45f5-8719-ed0568b4e2b7?fields=segments HTTP/1.1" 200 14 "-" "python-neutronclient"
10.128.0.2 - - [03/Dec/2025:22:56:45 +0000] "GET /v2.0/networks?tags=red HTTP/1.1" 200 1913 "-" "python-urllib3/1.26.5"
100.64.0.2 - - [03/Dec/2025:22:56:46 +0000] "GET /v2.0/networks/71db7a20-5d00-45f5-8719-ed0568b4e2b7?fields=provider%3Aphysical_network&fields=provider%3Anetwork_type HTTP/1.1" 200 79 "-" "python-neutronclient"
10.128.0.2 - - [03/Dec/2025:22:56:46 +0000] "GET /v2.0/networks?tags=red%2Cblue HTTP/1.1" 200 1288 "-" "python-urllib3/1.26.5"
10.128.0.2 - - [03/Dec/2025:22:56:46 +0000] "GET /v2.0/networks?tags-any=blue HTTP/1.1" 200 1288 "-" "python-urllib3/1.26.5"
10.128.0.2 - - [03/Dec/2025:22:56:46 +0000] "GET /v2.0/networks?tags-any=red%2Cblue HTTP/1.1" 200 1913 "-" "python-urllib3/1.26.5"
10.128.0.2 - - [03/Dec/2025:22:56:47 +0000] "GET /v2.0/networks?not-tags=red HTTP/1.1" 200 2544 "-" "python-urllib3/1.26.5"
10.128.0.2 - - [03/Dec/2025:22:56:47 +0000] "GET /v2.0/networks?not-tags=red%2Cblue HTTP/1.1" 200 3169 "-" "python-urllib3/1.26.5"
10.128.0.2 - - [03/Dec/2025:22:56:47 +0000] "GET /v2.0/networks?not-tags-any=blue HTTP/1.1" 200 3169 "-" "python-urllib3/1.26.5"
10.128.0.2 - - [03/Dec/2025:22:56:48 +0000] "GET /v2.0/networks?not-tags-any=red%2Cblue HTTP/1.1" 200 2544 "-" "python-urllib3/1.26.5"
10.128.0.2 - - [03/Dec/2025:22:56:48 +0000] "DELETE /v2.0/networks/0a960636-4935-4a04-bef2-cfda0885ac3b HTTP/1.1" 204 - "-" "python-urllib3/1.26.5"
10.128.0.2 - - [03/Dec/2025:22:56:49 +0000] "DELETE /v2.0/networks/a06f9679-91fc-4be3-a622-5dd60cee9b67 HTTP/1.1" 204 - "-" "python-urllib3/1.26.5"
10.128.0.2 - - [03/Dec/2025:22:56:49 +0000] "DELETE /v2.0/networks/187cf595-842c-496f-9e6f-87967bb029a1 HTTP/1.1" 204 - "-" "python-urllib3/1.26.5"
10.128.0.2 - - [03/Dec/2025:22:56:50 +0000] "DELETE /v2.0/networks/2452058a-fc3b-40a8-bf1f-06f2c5e472c6 HTTP/1.1" 204 - "-" "python-urllib3/1.26.5"
10.128.1.49 - - [03/Dec/2025:22:56:52 +0000] "GET /v2.0/ports?device_id=ea00fb1f-7adf-40f1-a9ef-0e19c66615d6 HTTP/1.1" 200 997 "-" "python-neutronclient"
100.64.0.2 - - [03/Dec/2025:22:56:52 +0000] "GET /v2.0/ports?device_id=ea00fb1f-7adf-40f1-a9ef-0e19c66615d6 HTTP/1.1" 200 995 "-" "python-neutronclient"
10.128.1.49 - - [03/Dec/2025:22:56:52 +0000] "GET /v2.0/security-groups?id=461fd852-b9fb-4d00-842c-ca6657bab044&fields=id&fields=name HTTP/1.1" 200 113 "-" "python-neutronclient"
10.128.0.2 - - [03/Dec/2025:22:56:51 +0000] "DELETE /v2.0/networks/f23ed5bb-e464-4a49-9633-046af3cd028a HTTP/1.1" 204 - "-" "python-urllib3/1.26.5"
10.128.0.2 - - [03/Dec/2025:22:56:53 +0000] "GET / HTTP/1.1" 200 122 "-" "kube-probe/1.31"
10.128.0.2 - - [03/Dec/2025:22:56:53 +0000] "GET / HTTP/1.1" 200 122 "-" "kube-probe/1.31"
10.128.0.2 - - [03/Dec/2025:22:56:53 +0000] "GET / HTTP/1.1" 200 122 "-" "kube-probe/1.31"
100.64.0.2 - - [03/Dec/2025:22:56:52 +0000] "DELETE /v2.0/ports/de2080f0-dff3-41d1-95c7-daffa348b788 HTTP/1.1" 204 - "-" "python-neutronclient"
10.128.0.2 - - [03/Dec/2025:22:56:53 +0000] "GET /v2.0/security-groups?tenant_id=6abf3bcf0046445a804c54d668ccdbc6&name=default HTTP/1.1" 200 2805 "-" "python-urllib3/1.26.5"
10.128.0.2 - - [03/Dec/2025:22:56:54 +0000] "DELETE /v2.0/security-groups/461fd852-b9fb-4d00-842c-ca6657bab044 HTTP/1.1" 204 - "-" "python-urllib3/1.26.5"
10.128.0.2 - - [03/Dec/2025:22:56:54 +0000] "DELETE /v2.0/security-groups/a078a9df-c941-4904-9400-f4e2cfe02674 HTTP/1.1" 204 - "-" "python-urllib3/1.26.5"
10.128.0.2 - - [03/Dec/2025:22:56:54 +0000] "GET /v2.0/security-groups?tenant_id=e4205a329b2c4a51b34c38688dd2ac01&name=default HTTP/1.1" 200 2805 "-" "python-urllib3/1.26.5"
10.128.0.2 - - [03/Dec/2025:22:56:55 +0000] "DELETE /v2.0/security-groups/7a9b927b-3fd7-4932-86ba-63984438a24c HTTP/1.1" 204 - "-" "python-urllib3/1.26.5"
10.128.0.2 - - [03/Dec/2025:22:56:55 +0000] "GET /v2.0/security-groups?tenant_id=c510a8e8115743f3a8995e5ab990f86d&name=default HTTP/1.1" 200 2805 "-" "python-urllib3/1.26.5"
10.128.0.2 - - [03/Dec/2025:22:56:56 +0000] "DELETE /v2.0/security-groups/eb766bde-d797-4089-aafd-46d3b74f410a HTTP/1.1" 204 - "-" "python-urllib3/1.26.5"
10.128.0.2 - - [03/Dec/2025:22:56:55 +0000] "PUT /v2.0/routers/083f85fd-dfea-4b1f-800f-026de6ad7def/remove_router_interface HTTP/1.1" 200 309 "-" "python-urllib3/1.26.5"
10.128.0.2 - - [03/Dec/2025:22:56:57 +0000] "DELETE /v2.0/routers/083f85fd-dfea-4b1f-800f-026de6ad7def HTTP/1.1" 204 - "-" "python-urllib3/1.26.5"
10.128.0.2 - - [03/Dec/2025:22:56:58 +0000] "DELETE /v2.0/subnets/f7395dda-ccd4-4cd4-9348-657fd4161845 HTTP/1.1" 204 - "-" "python-urllib3/1.26.5"
10.128.0.2 - - [03/Dec/2025:22:56:59 +0000] "DELETE /v2.0/networks/71db7a20-5d00-45f5-8719-ed0568b4e2b7 HTTP/1.1" 204 - "-" "python-urllib3/1.26.5"
10.128.0.2 - - [03/Dec/2025:22:56:59 +0000] "PUT /v2.0/routers/ad790ad7-946b-4c06-95df-8b592561788b/remove_router_interface HTTP/1.1" 200 309 "-" "python-urllib3/1.26.5"
10.128.0.2 - - [03/Dec/2025:22:57:00 +0000] "POST /v2.0/networks HTTP/1.1" 201 651 "-" "python-urllib3/1.26.5"
10.128.0.2 - - [03/Dec/2025:22:57:01 +0000] "POST /v2.0/networks HTTP/1.1" 201 651 "-" "python-urllib3/1.26.5"
10.128.0.2 - - [03/Dec/2025:22:57:02 +0000] "PUT /v2.0/networks/1d886fef-25b3-4462-9b84-d614644ab24c/tags HTTP/1.1" 200 25 "-" "python-urllib3/1.26.5"
10.128.0.2 - - [03/Dec/2025:22:57:03 +0000] "GET /v2.0/networks/1d886fef-25b3-4462-9b84-d614644ab24c/tags HTTP/1.1" 200 25 "-" "python-urllib3/1.26.5"
10.128.0.2 - - [03/Dec/2025:22:57:01 +0000] "DELETE /v2.0/routers/ad790ad7-946b-4c06-95df-8b592561788b HTTP/1.1" 204 - "-" "python-urllib3/1.26.5"
10.128.0.2 - - [03/Dec/2025:22:57:03 +0000] "PUT /v2.0/networks/292cfcb5-2895-49bb-89fc-5102a95ac072/tags HTTP/1.1" 200 17 "-" "python-urllib3/1.26.5"
10.128.0.2 - - [03/Dec/2025:22:57:03 +0000] "GET /v2.0/networks/292cfcb5-2895-49bb-89fc-5102a95ac072/tags HTTP/1.1" 200 17 "-" "python-urllib3/1.26.5"
10.128.0.2 - - [03/Dec/2025:22:57:03 +0000] "DELETE /v2.0/subnets/cb928f31-e9c2-4679-9d01-4c21039ca647 HTTP/1.1" 204 - "-" "python-urllib3/1.26.5"
10.128.0.2 - - [03/Dec/2025:22:57:03 +0000] "PUT /v2.0/networks/292cfcb5-2895-49bb-89fc-5102a95ac072/tags HTTP/1.1" 200 12 "-" "python-urllib3/1.26.5"
10.128.0.2 - - [03/Dec/2025:22:57:04 +0000] "GET /v2.0/networks/292cfcb5-2895-49bb-89fc-5102a95ac072/tags HTTP/1.1" 200 12 "-" "python-urllib3/1.26.5"
10.128.0.2 - - [03/Dec/2025:22:57:04 +0000] "GET /v2.0/networks/1d886fef-25b3-4462-9b84-d614644ab24c/tags HTTP/1.1" 200 25 "-" "python-urllib3/1.26.5"
10.128.0.2 - - [03/Dec/2025:22:57:04 +0000] "DELETE /v2.0/networks/600ecad0-266c-4c85-b8eb-c2bfe17acecd HTTP/1.1" 204 - "-" "python-urllib3/1.26.5"
10.128.0.2 - - [03/Dec/2025:22:57:05 +0000] "DELETE /v2.0/networks/1d886fef-25b3-4462-9b84-d614644ab24c HTTP/1.1" 204 - "-" "python-urllib3/1.26.5"
10.128.0.2 - - [03/Dec/2025:22:57:06 +0000] "GET /v2.0/security-groups?tenant_id=dbb2710d867347c5b4a3eeb47ef0e6a0&name=default HTTP/1.1" 200 2801 "-" "python-urllib3/1.26.5"
10.128.0.2 - - [03/Dec/2025:22:57:06 +0000] "DELETE /v2.0/networks/292cfcb5-2895-49bb-89fc-5102a95ac072 HTTP/1.1" 204 - "-" "python-urllib3/1.26.5"
10.128.0.2 - - [03/Dec/2025:22:57:06 +0000] "DELETE /v2.0/security-groups/b90ae944-a32e-41b9-bc24-3cbcfa5c8ac5 HTTP/1.1" 204 - "-" "python-urllib3/1.26.5"
10.128.0.2 - - [03/Dec/2025:22:57:07 +0000] "GET /v2.0/security-groups?tenant_id=17caf3595e89451baa10bb7e15e8a036&name=default HTTP/1.1" 200 2801 "-" "python-urllib3/1.26.5"
10.128.0.2 - - [03/Dec/2025:22:57:07 +0000] "DELETE /v2.0/security-groups/61081a29-8fa3-4bf6-938f-4be36a9fe579 HTTP/1.1" 204 - "-" "python-urllib3/1.26.5"
10.128.0.2 - - [03/Dec/2025:22:57:07 +0000] "GET /v2.0/security-groups?tenant_id=ae1ebf853bc3410fa146f01289e8a0ca&name=default HTTP/1.1" 200 2805 "-" "python-urllib3/1.26.5"
10.128.0.2 - - [03/Dec/2025:22:57:08 +0000] "DELETE /v2.0/security-groups/483cbb15-e4e3-48cc-88f3-bb0b01f20bf8 HTTP/1.1" 204 - "-" "python-urllib3/1.26.5"
10.128.0.2 - - [03/Dec/2025:22:57:09 +0000] "GET /v2.0/security-groups?tenant_id=abb84de7ce31470ab8213e9aa033fcbe&name=default HTTP/1.1" 200 2805 "-" "python-urllib3/1.26.5"
10.128.0.2 - - [03/Dec/2025:22:57:09 +0000] "DELETE /v2.0/security-groups/ccb22109-16e1-4b30-bf0a-2ea9cbf93429 HTTP/1.1" 204 - "-" "python-urllib3/1.26.5"
10.128.0.2 - - [03/Dec/2025:22:57:12 +0000] "POST /v2.0/routers HTTP/1.1" 201 449 "-" "python-urllib3/1.26.5"
10.128.0.2 - - [03/Dec/2025:22:57:13 +0000] "POST /v2.0/routers HTTP/1.1" 201 449 "-" "python-urllib3/1.26.5"
10.128.0.2 - - [03/Dec/2025:22:57:14 +0000] "POST /v2.0/routers HTTP/1.1" 201 449 "-" "python-urllib3/1.26.5"
10.128.0.2 - - [03/Dec/2025:22:57:14 +0000] "POST /v2.0/routers HTTP/1.1" 201 449 "-" "python-urllib3/1.26.5"
10.128.0.2 - - [03/Dec/2025:22:57:14 +0000] "POST /v2.0/routers HTTP/1.1" 201 449 "-" "python-urllib3/1.26.5"
10.128.0.2 - - [03/Dec/2025:22:57:15 +0000] "PUT /v2.0/routers/5497860b-1a0d-4880-9b5f-955b8b87e66b/tags HTTP/1.1" 200 17 "-" "python-urllib3/1.26.5"
10.128.0.2 - - [03/Dec/2025:22:57:15 +0000] "PUT /v2.0/routers/04408573-41eb-4a60-80e0-3e2538b18380/tags HTTP/1.1" 200 25 "-" "python-urllib3/1.26.5"
10.128.0.2 - - [03/Dec/2025:22:57:15 +0000] "PUT /v2.0/routers/04e1121b-7841-4011-8e1b-b0bfeb2cb95f/tags HTTP/1.1" 200 34 "-" "python-urllib3/1.26.5"
10.128.0.2 - - [03/Dec/2025:22:57:15 +0000] "PUT /v2.0/routers/e53ba6e2-03cb-4075-b07c-5cbf21ee74da/tags HTTP/1.1" 200 19 "-" "python-urllib3/1.26.5"
10.128.0.2 - - [03/Dec/2025:22:57:15 +0000] "GET /v2.0/routers?tags=red HTTP/1.1" 200 1370 "-" "python-urllib3/1.26.5"
10.128.0.2 - - [03/Dec/2025:22:57:16 +0000] "GET /v2.0/routers?tags=red%2Cblue HTTP/1.1" 200 926 "-" "python-urllib3/1.26.5"
10.128.0.2 - - [03/Dec/2025:22:57:16 +0000] "GET /v2.0/routers?tags-any=blue HTTP/1.1" 200 926 "-" "python-urllib3/1.26.5"
10.128.0.2 - - [03/Dec/2025:22:57:16 +0000] "GET /v2.0/routers?tags-any=red%2Cblue HTTP/1.1" 200 1370 "-" "python-urllib3/1.26.5"
10.128.0.2 - - [03/Dec/2025:22:57:16 +0000] "GET /v2.0/routers?not-tags=red HTTP/1.1" 200 898 "-" "python-urllib3/1.26.5"
10.128.0.2 - - [03/Dec/2025:22:57:16 +0000] "GET /v2.0/routers?not-tags=red%2Cblue HTTP/1.1" 200 1342 "-" "python-urllib3/1.26.5"
10.128.0.2 - - [03/Dec/2025:22:57:16 +0000] "GET /v2.0/routers?not-tags-any=blue HTTP/1.1" 200 1342 "-" "python-urllib3/1.26.5"
10.128.0.2 - - [03/Dec/2025:22:57:16 +0000] "GET /v2.0/routers?not-tags-any=red%2Cblue HTTP/1.1" 200 898 "-" "python-urllib3/1.26.5"
10.128.0.2 - - [03/Dec/2025:22:57:17 +0000] "GET /v2.0/routers/5497860b-1a0d-4880-9b5f-955b8b87e66b HTTP/1.1" 200 454 "-" "python-urllib3/1.26.5"
10.128.0.2 - - [03/Dec/2025:22:57:17 +0000] "PUT /v2.0/routers/5497860b-1a0d-4880-9b5f-955b8b87e66b HTTP/1.1" 200 454 "-" "python-urllib3/1.26.5"
10.128.0.2 - - [03/Dec/2025:22:57:19 +0000] "GET /v2.0/ports?device_id=5497860b-1a0d-4880-9b5f-955b8b87e66b HTTP/1.1" 200 12 "-" "python-urllib3/1.26.5"
10.128.0.2 - - [03/Dec/2025:22:57:19 +0000] "DELETE /v2.0/routers/5497860b-1a0d-4880-9b5f-955b8b87e66b HTTP/1.1" 204 - "-" "python-urllib3/1.26.5"
10.128.0.2 - - [03/Dec/2025:22:57:20 +0000] "GET /v2.0/routers/04408573-41eb-4a60-80e0-3e2538b18380 HTTP/1.1" 200 462 "-" "python-urllib3/1.26.5"
10.128.0.2 - - [03/Dec/2025:22:57:20 +0000] "PUT /v2.0/routers/04408573-41eb-4a60-80e0-3e2538b18380 HTTP/1.1" 200 462 "-" "python-urllib3/1.26.5"
10.128.0.2 - - [03/Dec/2025:22:57:21 +0000] "GET /v2.0/ports?device_id=04408573-41eb-4a60-80e0-3e2538b18380 HTTP/1.1" 200 12 "-" "python-urllib3/1.26.5"
10.128.0.2 - - [03/Dec/2025:22:57:22 +0000] "DELETE /v2.0/routers/04408573-41eb-4a60-80e0-3e2538b18380 HTTP/1.1" 204 - "-" "python-urllib3/1.26.5"
10.128.0.2 - - [03/Dec/2025:22:57:22 +0000] "GET /v2.0/routers/04e1121b-7841-4011-8e1b-b0bfeb2cb95f HTTP/1.1" 200 471 "-" "python-urllib3/1.26.5"
10.128.0.2 - - [03/Dec/2025:22:57:23 +0000] "GET / HTTP/1.1" 200 122 "-" "kube-probe/1.31"
10.128.0.2 - - [03/Dec/2025:22:57:23 +0000] "GET / HTTP/1.1" 200 122 "-" "kube-probe/1.31"
10.128.0.2 - - [03/Dec/2025:22:57:23 +0000] "GET / HTTP/1.1" 200 122 "-" "kube-probe/1.31"
10.128.0.2 - - [03/Dec/2025:22:57:22 +0000] "PUT /v2.0/routers/04e1121b-7841-4011-8e1b-b0bfeb2cb95f HTTP/1.1" 200 471 "-" "python-urllib3/1.26.5"
10.128.0.2 - - [03/Dec/2025:22:57:23 +0000] "GET /v2.0/ports?device_id=04e1121b-7841-4011-8e1b-b0bfeb2cb95f HTTP/1.1" 200 12 "-" "python-urllib3/1.26.5"
10.128.0.2 - - [03/Dec/2025:22:57:23 +0000] "DELETE /v2.0/routers/04e1121b-7841-4011-8e1b-b0bfeb2cb95f HTTP/1.1" 204 - "-" "python-urllib3/1.26.5"
10.128.0.2 - - [03/Dec/2025:22:57:23 +0000] "GET /v2.0/routers/e53ba6e2-03cb-4075-b07c-5cbf21ee74da HTTP/1.1" 200 456 "-" "python-urllib3/1.26.5"
10.128.0.2 - - [03/Dec/2025:22:57:24 +0000] "PUT /v2.0/routers/e53ba6e2-03cb-4075-b07c-5cbf21ee74da HTTP/1.1" 200 456 "-" "python-urllib3/1.26.5"
10.128.0.2 - - [03/Dec/2025:22:57:24 +0000] "GET /v2.0/ports?device_id=e53ba6e2-03cb-4075-b07c-5cbf21ee74da HTTP/1.1" 200 12 "-" "python-urllib3/1.26.5"
10.128.0.2 - - [03/Dec/2025:22:57:24 +0000] "DELETE /v2.0/routers/e53ba6e2-03cb-4075-b07c-5cbf21ee74da HTTP/1.1" 204 - "-" "python-urllib3/1.26.5"
10.128.0.2 - - [03/Dec/2025:22:57:25 +0000] "GET /v2.0/routers/ee5095f6-3a90-466d-80ab-ef554a8abf9e HTTP/1.1" 200 449 "-" "python-urllib3/1.26.5"
