100.64.0.2 - - [03/Dec/2025:23:13:02 +0000] "GET /v2.0/floatingips?fixed_ip_address=2001%3Adb8%3A0%3A1%3Af816%3A3eff%3Afedd%3Af292&port_id=df491c66-f724-4a23-98d8-f93696b765b5 HTTP/1.1" 200 19 "-" "python-neutronclient"
100.64.0.2 - - [03/Dec/2025:23:13:02 +0000] "GET /v2.0/floatingips?fixed_ip_address=2001%3Adb8%3A%3Af816%3A3eff%3Afedd%3Af292&port_id=df491c66-f724-4a23-98d8-f93696b765b5 HTTP/1.1" 200 19 "-" "python-neutronclient"
100.64.0.2 - - [03/Dec/2025:23:13:02 +0000] "GET /v2.0/subnets?id=8579b167-89d2-432e-ba3c-ebb91658b918&id=deba519d-60d9-4973-a677-c9464740a373 HTTP/1.1" 200 1341 "-" "python-neutronclient"
100.64.0.2 - - [03/Dec/2025:23:13:02 +0000] "GET /v2.0/ports?network_id=e497d340-1e98-42ab-981e-bb02118675a7&device_owner=network%3Adhcp HTTP/1.1" 200 12 "-" "python-neutronclient"
100.64.0.2 - - [03/Dec/2025:23:13:02 +0000] "GET /v2.0/ports?network_id=e497d340-1e98-42ab-981e-bb02118675a7&device_owner=network%3Adhcp HTTP/1.1" 200 12 "-" "python-neutronclient"
10.128.1.49 - - [03/Dec/2025:23:13:02 +0000] "GET /v2.0/ports?device_id=b712bb44-fda8-43ee-bec7-1f5258faa64f HTTP/1.1" 200 2465 "-" "python-neutronclient"
10.128.1.49 - - [03/Dec/2025:23:13:03 +0000] "GET /v2.0/security-groups?id=79c41a23-4964-4068-8088-51a451b031ec&fields=id&fields=name HTTP/1.1" 200 114 "-" "python-neutronclient"
100.64.0.2 - - [03/Dec/2025:23:13:03 +0000] "GET /v2.0/networks/e497d340-1e98-42ab-981e-bb02118675a7?fields=segments HTTP/1.1" 200 14 "-" "python-neutronclient"
10.128.0.2 - - [03/Dec/2025:23:13:01 +0000] "POST /v2.0/routers HTTP/1.1" 201 671 "-" "python-urllib3/1.26.5"
100.64.0.2 - - [03/Dec/2025:23:13:04 +0000] "GET /v2.0/networks/e497d340-1e98-42ab-981e-bb02118675a7?fields=provider%3Aphysical_network&fields=provider%3Anetwork_type HTTP/1.1" 200 79 "-" "python-neutronclient"
100.64.0.2 - - [03/Dec/2025:23:13:04 +0000] "GET /v2.0/ports?device_id=b712bb44-fda8-43ee-bec7-1f5258faa64f HTTP/1.1" 200 2999 "-" "python-neutronclient"
100.64.0.2 - - [03/Dec/2025:23:13:04 +0000] "GET /v2.0/ports?tenant_id=392542f6ffae4fd4801c87a6dbbba04a&device_id=b712bb44-fda8-43ee-bec7-1f5258faa64f HTTP/1.1" 200 2999 "-" "python-neutronclient"
100.64.0.2 - - [03/Dec/2025:23:13:04 +0000] "GET /v2.0/security-groups?id=79c41a23-4964-4068-8088-51a451b031ec&fields=id&fields=name HTTP/1.1" 200 114 "-" "python-neutronclient"
100.64.0.2 - - [03/Dec/2025:23:13:04 +0000] "GET /v2.0/networks?id=e497d340-1e98-42ab-981e-bb02118675a7 HTTP/1.1" 200 811 "-" "python-neutronclient"
100.64.0.2 - - [03/Dec/2025:23:13:05 +0000] "GET /v2.0/floatingips?fixed_ip_address=2001%3Adb8%3A0%3A1%3Af816%3A3eff%3Afedd%3Af292&port_id=df491c66-f724-4a23-98d8-f93696b765b5 HTTP/1.1" 200 19 "-" "python-neutronclient"
100.64.0.2 - - [03/Dec/2025:23:13:05 +0000] "GET /v2.0/floatingips?fixed_ip_address=2001%3Adb8%3A%3Af816%3A3eff%3Afedd%3Af292&port_id=df491c66-f724-4a23-98d8-f93696b765b5 HTTP/1.1" 200 19 "-" "python-neutronclient"
10.128.1.49 - - [03/Dec/2025:23:13:05 +0000] "GET /v2.0/ports?device_id=b712bb44-fda8-43ee-bec7-1f5258faa64f HTTP/1.1" 200 2465 "-" "python-neutronclient"
100.64.0.2 - - [03/Dec/2025:23:13:05 +0000] "GET /v2.0/subnets?id=8579b167-89d2-432e-ba3c-ebb91658b918&id=deba519d-60d9-4973-a677-c9464740a373 HTTP/1.1" 200 1341 "-" "python-neutronclient"
10.128.1.49 - - [03/Dec/2025:23:13:05 +0000] "GET /v2.0/security-groups?id=79c41a23-4964-4068-8088-51a451b031ec&fields=id&fields=name HTTP/1.1" 200 114 "-" "python-neutronclient"
100.64.0.2 - - [03/Dec/2025:23:13:06 +0000] "GET /v2.0/ports?network_id=e497d340-1e98-42ab-981e-bb02118675a7&device_owner=network%3Adhcp HTTP/1.1" 200 12 "-" "python-neutronclient"
100.64.0.2 - - [03/Dec/2025:23:13:06 +0000] "GET /v2.0/ports?network_id=e497d340-1e98-42ab-981e-bb02118675a7&device_owner=network%3Adhcp HTTP/1.1" 200 12 "-" "python-neutronclient"
10.128.1.49 - - [03/Dec/2025:23:13:07 +0000] "GET /v2.0/ports?device_id=b712bb44-fda8-43ee-bec7-1f5258faa64f HTTP/1.1" 200 2469 "-" "python-neutronclient"
100.64.0.2 - - [03/Dec/2025:23:13:07 +0000] "GET /v2.0/networks/e497d340-1e98-42ab-981e-bb02118675a7?fields=segments HTTP/1.1" 200 14 "-" "python-neutronclient"
10.128.1.49 - - [03/Dec/2025:23:13:07 +0000] "GET /v2.0/security-groups?id=79c41a23-4964-4068-8088-51a451b031ec&fields=id&fields=name HTTP/1.1" 200 114 "-" "python-neutronclient"
100.64.0.2 - - [03/Dec/2025:23:13:07 +0000] "GET /v2.0/networks/e497d340-1e98-42ab-981e-bb02118675a7?fields=provider%3Aphysical_network&fields=provider%3Anetwork_type HTTP/1.1" 200 79 "-" "python-neutronclient"
10.128.1.49 - - [03/Dec/2025:23:13:08 +0000] "GET /v2.0/ports?device_id=b712bb44-fda8-43ee-bec7-1f5258faa64f HTTP/1.1" 200 2469 "-" "python-neutronclient"
10.128.1.49 - - [03/Dec/2025:23:13:08 +0000] "GET /v2.0/security-groups?id=79c41a23-4964-4068-8088-51a451b031ec&fields=id&fields=name HTTP/1.1" 200 114 "-" "python-neutronclient"
10.128.0.2 - - [03/Dec/2025:23:13:08 +0000] "GET /v2.0/ports?device_id=b712bb44-fda8-43ee-bec7-1f5258faa64f HTTP/1.1" 200 3003 "-" "python-urllib3/1.26.5"
10.128.0.2 - - [03/Dec/2025:23:13:08 +0000] "POST /v2.0/floatingips HTTP/1.1" 201 882 "-" "python-urllib3/1.26.5"
100.64.0.2 - - [03/Dec/2025:23:13:10 +0000] "GET /v2.0/ports?tenant_id=392542f6ffae4fd4801c87a6dbbba04a&device_id=b712bb44-fda8-43ee-bec7-1f5258faa64f HTTP/1.1" 200 3003 "-" "python-neutronclient"
100.64.0.2 - - [03/Dec/2025:23:13:10 +0000] "GET /v2.0/networks?id=379abd6b-e223-46c2-9f00-8f71e7e6b1ad HTTP/1.1" 200 773 "-" "python-neutronclient"
100.64.0.2 - - [03/Dec/2025:23:13:10 +0000] "GET /v2.0/floatingips?fixed_ip_address=10.100.0.10&port_id=dc0470f0-34ff-43bd-9096-ebcab7d47252 HTTP/1.1" 200 887 "-" "python-neutronclient"
100.64.0.2 - - [03/Dec/2025:23:13:11 +0000] "GET /v2.0/subnets?id=c7b49095-69a6-4e5f-8aaa-fd648f2ca27e HTTP/1.1" 200 644 "-" "python-neutronclient"
10.128.0.2 - - [03/Dec/2025:23:13:04 +0000] "PUT /v2.0/routers/d1c927b5-c2b3-4b89-979c-ea7c6e4f70a3/add_router_interface HTTP/1.1" 200 309 "-" "python-urllib3/1.26.5"
100.64.0.2 - - [03/Dec/2025:23:13:11 +0000] "GET /v2.0/ports?network_id=379abd6b-e223-46c2-9f00-8f71e7e6b1ad&device_owner=network%3Adhcp HTTP/1.1" 200 12 "-" "python-neutronclient"
100.64.0.2 - - [03/Dec/2025:23:13:11 +0000] "GET /v2.0/networks/379abd6b-e223-46c2-9f00-8f71e7e6b1ad?fields=segments HTTP/1.1" 200 14 "-" "python-neutronclient"
100.64.0.2 - - [03/Dec/2025:23:13:11 +0000] "GET /v2.0/networks/379abd6b-e223-46c2-9f00-8f71e7e6b1ad?fields=provider%3Aphysical_network&fields=provider%3Anetwork_type HTTP/1.1" 200 79 "-" "python-neutronclient"
10.128.0.2 - - [03/Dec/2025:23:13:12 +0000] "POST /v2.0/networks HTTP/1.1" 201 762 "-" "python-urllib3/1.26.5"
10.128.0.2 - - [03/Dec/2025:23:13:16 +0000] "POST /v2.0/subnets HTTP/1.1" 201 663 "-" "python-urllib3/1.26.5"
10.128.0.2 - - [03/Dec/2025:23:13:17 +0000] "POST /v2.0/routers HTTP/1.1" 201 670 "-" "python-urllib3/1.26.5"
10.128.0.2 - - [03/Dec/2025:23:13:23 +0000] "GET / HTTP/1.1" 200 122 "-" "kube-probe/1.31"
10.128.0.2 - - [03/Dec/2025:23:13:23 +0000] "GET / HTTP/1.1" 200 122 "-" "kube-probe/1.31"
10.128.0.2 - - [03/Dec/2025:23:13:23 +0000] "GET / HTTP/1.1" 200 122 "-" "kube-probe/1.31"
10.128.0.2 - - [03/Dec/2025:23:13:19 +0000] "PUT /v2.0/routers/3c34fab6-7b69-4b8d-b7f4-9af211496228/add_router_interface HTTP/1.1" 200 309 "-" "python-urllib3/1.26.5"
10.128.0.2 - - [03/Dec/2025:23:13:25 +0000] "POST /v2.0/security-groups HTTP/1.1" 201 1613 "-" "python-urllib3/1.26.5"
10.128.0.2 - - [03/Dec/2025:23:13:25 +0000] "POST /v2.0/security-group-rules HTTP/1.1" 201 565 "-" "python-urllib3/1.26.5"
10.128.0.2 - - [03/Dec/2025:23:13:25 +0000] "GET /v2.0/ports?device_id=b1276a19-1482-4a2f-9ad8-ff8ae926c9eb&network_id=e497d340-1e98-42ab-981e-bb02118675a7 HTTP/1.1" 200 1667 "-" "python-urllib3/1.26.5"
10.128.0.2 - - [03/Dec/2025:23:13:26 +0000] "POST /v2.0/security-group-rules HTTP/1.1" 201 564 "-" "python-urllib3/1.26.5"
10.128.0.2 - - [03/Dec/2025:23:13:26 +0000] "POST /v2.0/security-group-rules HTTP/1.1" 201 570 "-" "python-urllib3/1.26.5"
10.128.0.2 - - [03/Dec/2025:23:13:26 +0000] "GET /v2.0/ports?device_id=b712bb44-fda8-43ee-bec7-1f5258faa64f&network_id=e497d340-1e98-42ab-981e-bb02118675a7 HTTP/1.1" 200 1667 "-" "python-urllib3/1.26.5"
10.128.0.2 - - [03/Dec/2025:23:13:26 +0000] "POST /v2.0/security-group-rules HTTP/1.1" 201 569 "-" "python-urllib3/1.26.5"
10.128.0.2 - - [03/Dec/2025:23:13:26 +0000] "POST /v2.0/security-group-rules HTTP/1.1" 201 575 "-" "python-urllib3/1.26.5"
10.128.0.2 - - [03/Dec/2025:23:13:27 +0000] "POST /v2.0/security-group-rules HTTP/1.1" 201 574 "-" "python-urllib3/1.26.5"
10.128.1.49 - - [03/Dec/2025:23:13:27 +0000] "GET /v2.0/security-groups?name=tempest-secgroup-smoke-1043200420&fields=id&tenant_id=5c73b76d928d4467989a8e2e395bb892 HTTP/1.1" 200 69 "-" "python-neutronclient"
10.128.1.49 - - [03/Dec/2025:23:13:28 +0000] "GET /v2.0/networks?id=a54eab01-07cd-40c7-99ce-d7db6a11a9ba HTTP/1.1" 200 686 "-" "python-neutronclient"
10.128.1.49 - - [03/Dec/2025:23:13:28 +0000] "GET /v2.0/quotas/5c73b76d928d4467989a8e2e395bb892 HTTP/1.1" 200 187 "-" "python-neutronclient"
10.128.1.49 - - [03/Dec/2025:23:13:28 +0000] "GET /v2.0/ports?tenant_id=5c73b76d928d4467989a8e2e395bb892&fields=id HTTP/1.1" 200 103 "-" "python-neutronclient"
10.128.1.49 - - [03/Dec/2025:23:13:28 +0000] "GET /v2.0/networks/a54eab01-07cd-40c7-99ce-d7db6a11a9ba?fields=segments HTTP/1.1" 200 14 "-" "python-neutronclient"
10.128.1.49 - - [03/Dec/2025:23:13:29 +0000] "GET /v2.0/networks/a54eab01-07cd-40c7-99ce-d7db6a11a9ba?fields=provider%3Aphysical_network&fields=provider%3Anetwork_type HTTP/1.1" 200 79 "-" "python-neutronclient"
10.128.1.51 - - [03/Dec/2025:23:13:30 +0000] "GET /v2.0/extensions HTTP/1.1" 200 17369 "-" "python-neutronclient"
10.128.1.49 - - [03/Dec/2025:23:13:30 +0000] "GET /v2.0/ports?device_id=3de114c9-3f5c-46ec-9894-66b9234d1ca1 HTTP/1.1" 200 12 "-" "python-neutronclient"
10.128.1.51 - - [03/Dec/2025:23:13:30 +0000] "GET /v2.0/subnets?network_id=a54eab01-07cd-40c7-99ce-d7db6a11a9ba&fields=segment_id HTTP/1.1" 200 33 "-" "python-neutronclient"
10.128.0.2 - - [03/Dec/2025:23:13:28 +0000] "DELETE /v2.0/floatingips/36797362-67a3-4266-a216-bcf0fa05efbf HTTP/1.1" 204 - "-" "python-urllib3/1.26.5"
100.64.0.2 - - [03/Dec/2025:23:13:30 +0000] "GET /v2.0/ports?tenant_id=392542f6ffae4fd4801c87a6dbbba04a&device_id=b712bb44-fda8-43ee-bec7-1f5258faa64f HTTP/1.1" 200 3003 "-" "python-neutronclient"
100.64.0.2 - - [03/Dec/2025:23:13:31 +0000] "GET /v2.0/networks?id=379abd6b-e223-46c2-9f00-8f71e7e6b1ad HTTP/1.1" 200 773 "-" "python-neutronclient"
10.128.1.49 - - [03/Dec/2025:23:13:31 +0000] "GET /v2.0/ports?device_id=3de114c9-3f5c-46ec-9894-66b9234d1ca1 HTTP/1.1" 200 12 "-" "python-neutronclient"
100.64.0.2 - - [03/Dec/2025:23:13:31 +0000] "GET /v2.0/floatingips?fixed_ip_address=10.100.0.10&port_id=dc0470f0-34ff-43bd-9096-ebcab7d47252 HTTP/1.1" 200 19 "-" "python-neutronclient"
100.64.0.2 - - [03/Dec/2025:23:13:31 +0000] "GET /v2.0/networks?id=a54eab01-07cd-40c7-99ce-d7db6a11a9ba HTTP/1.1" 200 686 "-" "python-neutronclient"
10.128.1.49 - - [03/Dec/2025:23:13:31 +0000] "GET /v2.0/ports?device_id=b712bb44-fda8-43ee-bec7-1f5258faa64f HTTP/1.1" 200 2467 "-" "python-neutronclient"
100.64.0.2 - - [03/Dec/2025:23:13:31 +0000] "GET /v2.0/ports?device_id=b712bb44-fda8-43ee-bec7-1f5258faa64f HTTP/1.1" 200 2465 "-" "python-neutronclient"
100.64.0.2 - - [03/Dec/2025:23:13:31 +0000] "GET /v2.0/security-groups?fields=id&fields=name&tenant_id=5c73b76d928d4467989a8e2e395bb892 HTTP/1.1" 200 181 "-" "python-neutronclient"
100.64.0.2 - - [03/Dec/2025:23:13:31 +0000] "GET /v2.0/subnets?id=c7b49095-69a6-4e5f-8aaa-fd648f2ca27e HTTP/1.1" 200 644 "-" "python-neutronclient"
100.64.0.2 - - [03/Dec/2025:23:13:31 +0000] "GET /v2.0/ports?network_id=379abd6b-e223-46c2-9f00-8f71e7e6b1ad&device_owner=network%3Adhcp HTTP/1.1" 200 12 "-" "python-neutronclient"
10.128.1.49 - - [03/Dec/2025:23:13:31 +0000] "GET /v2.0/security-groups?id=79c41a23-4964-4068-8088-51a451b031ec&fields=id&fields=name HTTP/1.1" 200 114 "-" "python-neutronclient"
100.64.0.2 - - [03/Dec/2025:23:13:32 +0000] "GET /v2.0/networks/379abd6b-e223-46c2-9f00-8f71e7e6b1ad?fields=segments HTTP/1.1" 200 14 "-" "python-neutronclient"
100.64.0.2 - - [03/Dec/2025:23:13:32 +0000] "GET /v2.0/networks/379abd6b-e223-46c2-9f00-8f71e7e6b1ad?fields=provider%3Aphysical_network&fields=provider%3Anetwork_type HTTP/1.1" 200 79 "-" "python-neutronclient"
100.64.0.2 - - [03/Dec/2025:23:13:31 +0000] "DELETE /v2.0/ports/dc0470f0-34ff-43bd-9096-ebcab7d47252 HTTP/1.1" 204 - "-" "python-neutronclient"
100.64.0.2 - - [03/Dec/2025:23:13:31 +0000] "POST /v2.0/ports HTTP/1.1" 201 959 "-" "python-neutronclient"
10.128.1.49 - - [03/Dec/2025:23:13:32 +0000] "GET /v2.0/ports?device_id=3de114c9-3f5c-46ec-9894-66b9234d1ca1 HTTP/1.1" 200 962 "-" "python-neutronclient"
10.128.1.49 - - [03/Dec/2025:23:13:33 +0000] "GET /v2.0/security-groups?id=563ac5a2-dace-4ac5-aa81-48b048b53672&fields=id&fields=name HTTP/1.1" 200 114 "-" "python-neutronclient"
100.64.0.2 - - [03/Dec/2025:23:13:32 +0000] "DELETE /v2.0/ports/df491c66-f724-4a23-98d8-f93696b765b5 HTTP/1.1" 204 - "-" "python-neutronclient"
10.128.1.49 - - [03/Dec/2025:23:13:33 +0000] "GET /v2.0/ports?device_id=b712bb44-fda8-43ee-bec7-1f5258faa64f HTTP/1.1" 200 12 "-" "python-neutronclient"
100.64.0.2 - - [03/Dec/2025:23:13:32 +0000] "PUT /v2.0/ports/0f3c21a7-81aa-4c59-b025-89b6e9e5fa7e HTTP/1.1" 200 1315 "-" "python-neutronclient"
100.64.0.2 - - [03/Dec/2025:23:13:33 +0000] "GET /v2.0/ports?tenant_id=5c73b76d928d4467989a8e2e395bb892&device_id=3de114c9-3f5c-46ec-9894-66b9234d1ca1 HTTP/1.1" 200 1346 "-" "python-neutronclient"
100.64.0.2 - - [03/Dec/2025:23:13:33 +0000] "GET /v2.0/floatingips?fixed_ip_address=10.100.0.5&port_id=0f3c21a7-81aa-4c59-b025-89b6e9e5fa7e HTTP/1.1" 200 19 "-" "python-neutronclient"
100.64.0.2 - - [03/Dec/2025:23:13:34 +0000] "GET /v2.0/subnets?id=8fc014b1-69f3-4412-bc6a-fa8276936895 HTTP/1.1" 200 667 "-" "python-neutronclient"
100.64.0.2 - - [03/Dec/2025:23:13:34 +0000] "GET /v2.0/ports?network_id=a54eab01-07cd-40c7-99ce-d7db6a11a9ba&device_owner=network%3Adhcp HTTP/1.1" 200 12 "-" "python-neutronclient"
100.64.0.2 - - [03/Dec/2025:23:13:34 +0000] "GET /v2.0/networks/a54eab01-07cd-40c7-99ce-d7db6a11a9ba?fields=segments HTTP/1.1" 200 14 "-" "python-neutronclient"
10.128.1.49 - - [03/Dec/2025:23:13:34 +0000] "GET /v2.0/ports?device_id=3de114c9-3f5c-46ec-9894-66b9234d1ca1 HTTP/1.1" 200 1079 "-" "python-neutronclient"
10.128.1.49 - - [03/Dec/2025:23:13:34 +0000] "GET /v2.0/security-groups?id=563ac5a2-dace-4ac5-aa81-48b048b53672&fields=id&fields=name HTTP/1.1" 200 114 "-" "python-neutronclient"
100.64.0.2 - - [03/Dec/2025:23:13:34 +0000] "GET /v2.0/networks/a54eab01-07cd-40c7-99ce-d7db6a11a9ba?fields=provider%3Aphysical_network&fields=provider%3Anetwork_type HTTP/1.1" 200 79 "-" "python-neutronclient"
100.64.0.2 - - [03/Dec/2025:23:13:34 +0000] "GET /v2.0/ports?tenant_id=5c73b76d928d4467989a8e2e395bb892&device_id=3de114c9-3f5c-46ec-9894-66b9234d1ca1 HTTP/1.1" 200 1346 "-" "python-neutronclient"
10.128.0.2 - - [03/Dec/2025:23:13:34 +0000] "DELETE /v2.0/floatingips/c9086e93-b5d4-499d-aea3-d02965dd2357 HTTP/1.1" 204 - "-" "python-urllib3/1.26.5"
100.64.0.2 - - [03/Dec/2025:23:13:35 +0000] "GET /v2.0/ports?device_id=3de114c9-3f5c-46ec-9894-66b9234d1ca1 HTTP/1.1" 200 1346 "-" "python-neutronclient"
100.64.0.2 - - [03/Dec/2025:23:13:35 +0000] "GET /v2.0/networks?id=a54eab01-07cd-40c7-99ce-d7db6a11a9ba HTTP/1.1" 200 785 "-" "python-neutronclient"
100.64.0.2 - - [03/Dec/2025:23:13:35 +0000] "GET /v2.0/security-groups?id=563ac5a2-dace-4ac5-aa81-48b048b53672&fields=id&fields=name HTTP/1.1" 200 114 "-" "python-neutronclient"
100.64.0.2 - - [03/Dec/2025:23:13:35 +0000] "GET /v2.0/floatingips?fixed_ip_address=10.100.0.5&port_id=0f3c21a7-81aa-4c59-b025-89b6e9e5fa7e HTTP/1.1" 200 19 "-" "python-neutronclient"
10.128.1.49 - - [03/Dec/2025:23:13:35 +0000] "GET /v2.0/ports?device_id=b1276a19-1482-4a2f-9ad8-ff8ae926c9eb HTTP/1.1" 200 2469 "-" "python-neutronclient"
100.64.0.2 - - [03/Dec/2025:23:13:35 +0000] "GET /v2.0/ports?tenant_id=392542f6ffae4fd4801c87a6dbbba04a&device_id=b1276a19-1482-4a2f-9ad8-ff8ae926c9eb HTTP/1.1" 200 3001 "-" "python-neutronclient"
10.128.1.49 - - [03/Dec/2025:23:13:35 +0000] "GET /v2.0/security-groups?id=79c41a23-4964-4068-8088-51a451b031ec&fields=id&fields=name HTTP/1.1" 200 114 "-" "python-neutronclient"
100.64.0.2 - - [03/Dec/2025:23:13:35 +0000] "GET /v2.0/subnets?id=8fc014b1-69f3-4412-bc6a-fa8276936895 HTTP/1.1" 200 667 "-" "python-neutronclient"
100.64.0.2 - - [03/Dec/2025:23:13:35 +0000] "GET /v2.0/ports?device_id=b1276a19-1482-4a2f-9ad8-ff8ae926c9eb HTTP/1.1" 200 2465 "-" "python-neutronclient"
100.64.0.2 - - [03/Dec/2025:23:13:35 +0000] "GET /v2.0/networks?id=379abd6b-e223-46c2-9f00-8f71e7e6b1ad HTTP/1.1" 200 773 "-" "python-neutronclient"
10.128.1.49 - - [03/Dec/2025:23:13:36 +0000] "GET /v2.0/ports?device_id=3de114c9-3f5c-46ec-9894-66b9234d1ca1 HTTP/1.1" 200 1079 "-" "python-neutronclient"
100.64.0.2 - - [03/Dec/2025:23:13:36 +0000] "GET /v2.0/ports?network_id=a54eab01-07cd-40c7-99ce-d7db6a11a9ba&device_owner=network%3Adhcp HTTP/1.1" 200 12 "-" "python-neutronclient"
100.64.0.2 - - [03/Dec/2025:23:13:36 +0000] "GET /v2.0/floatingips?fixed_ip_address=10.100.0.13&port_id=a16d8d29-622c-4a99-89ad-dbfa5359cae3 HTTP/1.1" 200 19 "-" "python-neutronclient"
100.64.0.2 - - [03/Dec/2025:23:13:36 +0000] "GET /v2.0/networks/a54eab01-07cd-40c7-99ce-d7db6a11a9ba?fields=segments HTTP/1.1" 200 14 "-" "python-neutronclient"
100.64.0.2 - - [03/Dec/2025:23:13:36 +0000] "DELETE /v2.0/ports/5af54be1-4dfa-4441-9dd2-2c4cb343f83b HTTP/1.1" 204 - "-" "python-neutronclient"
100.64.0.2 - - [03/Dec/2025:23:13:36 +0000] "DELETE /v2.0/ports/a16d8d29-622c-4a99-89ad-dbfa5359cae3 HTTP/1.1" 204 - "-" "python-neutronclient"
100.64.0.2 - - [03/Dec/2025:23:13:36 +0000] "GET /v2.0/subnets?id=c7b49095-69a6-4e5f-8aaa-fd648f2ca27e HTTP/1.1" 200 644 "-" "python-neutronclient"
10.128.1.49 - - [03/Dec/2025:23:13:37 +0000] "GET /v2.0/ports?device_id=b1276a19-1482-4a2f-9ad8-ff8ae926c9eb HTTP/1.1" 200 12 "-" "python-neutronclient"
10.128.1.49 - - [03/Dec/2025:23:13:36 +0000] "GET /v2.0/security-groups?id=563ac5a2-dace-4ac5-aa81-48b048b53672&fields=id&fields=name HTTP/1.1" 200 114 "-" "python-neutronclient"
100.64.0.2 - - [03/Dec/2025:23:13:36 +0000] "GET /v2.0/networks/a54eab01-07cd-40c7-99ce-d7db6a11a9ba?fields=provider%3Aphysical_network&fields=provider%3Anetwork_type HTTP/1.1" 200 79 "-" "python-neutronclient"
100.64.0.2 - - [03/Dec/2025:23:13:37 +0000] "GET /v2.0/ports?network_id=379abd6b-e223-46c2-9f00-8f71e7e6b1ad&device_owner=network%3Adhcp HTTP/1.1" 200 12 "-" "python-neutronclient"
100.64.0.2 - - [03/Dec/2025:23:13:37 +0000] "GET /v2.0/networks/379abd6b-e223-46c2-9f00-8f71e7e6b1ad?fields=segments HTTP/1.1" 200 14 "-" "python-neutronclient"
100.64.0.2 - - [03/Dec/2025:23:13:37 +0000] "GET /v2.0/networks/379abd6b-e223-46c2-9f00-8f71e7e6b1ad?fields=provider%3Aphysical_network&fields=provider%3Anetwork_type HTTP/1.1" 200 79 "-" "python-neutronclient"
10.128.1.49 - - [03/Dec/2025:23:13:38 +0000] "GET /v2.0/ports?device_id=3de114c9-3f5c-46ec-9894-66b9234d1ca1 HTTP/1.1" 200 1081 "-" "python-neutronclient"
10.128.1.49 - - [03/Dec/2025:23:13:38 +0000] "GET /v2.0/security-groups?id=563ac5a2-dace-4ac5-aa81-48b048b53672&fields=id&fields=name HTTP/1.1" 200 114 "-" "python-neutronclient"
10.128.0.2 - - [03/Dec/2025:23:13:38 +0000] "PUT /v2.0/routers/e59c3c75-d81e-4d15-a9aa-6f6423dcaceb/remove_router_interface HTTP/1.1" 200 309 "-" "python-urllib3/1.26.5"
10.128.1.49 - - [03/Dec/2025:23:13:40 +0000] "GET /v2.0/ports?device_id=3de114c9-3f5c-46ec-9894-66b9234d1ca1 HTTP/1.1" 200 1081 "-" "python-neutronclient"
10.128.1.49 - - [03/Dec/2025:23:13:40 +0000] "GET /v2.0/security-groups?id=563ac5a2-dace-4ac5-aa81-48b048b53672&fields=id&fields=name HTTP/1.1" 200 114 "-" "python-neutronclient"
10.128.0.2 - - [03/Dec/2025:23:13:40 +0000] "DELETE /v2.0/subnets/8579b167-89d2-432e-ba3c-ebb91658b918 HTTP/1.1" 204 - "-" "python-urllib3/1.26.5"
100.64.0.2 - - [03/Dec/2025:23:13:40 +0000] "GET /v2.0/ports?device_id=3de114c9-3f5c-46ec-9894-66b9234d1ca1&fields=binding%3Ahost_id&fields=binding%3Avif_type HTTP/1.1" 200 96 "-" "python-neutronclient"
10.128.1.49 - - [03/Dec/2025:23:13:40 +0000] "GET /v2.0/ports?device_id=3de114c9-3f5c-46ec-9894-66b9234d1ca1 HTTP/1.1" 200 1081 "-" "python-neutronclient"
10.128.1.49 - - [03/Dec/2025:23:13:40 +0000] "GET /v2.0/security-groups?id=563ac5a2-dace-4ac5-aa81-48b048b53672&fields=id&fields=name HTTP/1.1" 200 114 "-" "python-neutronclient"
100.64.0.2 - - [03/Dec/2025:23:13:41 +0000] "GET /v2.0/ports?tenant_id=5c73b76d928d4467989a8e2e395bb892&device_id=3de114c9-3f5c-46ec-9894-66b9234d1ca1 HTTP/1.1" 200 1348 "-" "python-neutronclient"
10.128.0.2 - - [03/Dec/2025:23:13:40 +0000] "GET /v2.0/ports?device_id=3de114c9-3f5c-46ec-9894-66b9234d1ca1 HTTP/1.1" 200 1348 "-" "python-urllib3/1.26.5"
10.128.0.2 - - [03/Dec/2025:23:13:41 +0000] "GET /v2.0/floatingips?floating_network_id=028583f1-6fe0-4d55-b869-739d10dff786&port_id=0f3c21a7-81aa-4c59-b025-89b6e9e5fa7e HTTP/1.1" 200 19 "-" "python-urllib3/1.26.5"
100.64.0.2 - - [03/Dec/2025:23:13:41 +0000] "GET /v2.0/networks?id=a54eab01-07cd-40c7-99ce-d7db6a11a9ba HTTP/1.1" 200 785 "-" "python-neutronclient"
10.128.0.2 - - [03/Dec/2025:23:13:41 +0000] "GET /v2.0/ports?device_id=3de114c9-3f5c-46ec-9894-66b9234d1ca1 HTTP/1.1" 200 1348 "-" "python-urllib3/1.26.5"
100.64.0.2 - - [03/Dec/2025:23:13:41 +0000] "GET /v2.0/floatingips?fixed_ip_address=10.100.0.5&port_id=0f3c21a7-81aa-4c59-b025-89b6e9e5fa7e HTTP/1.1" 200 19 "-" "python-neutronclient"
100.64.0.2 - - [03/Dec/2025:23:13:41 +0000] "GET /v2.0/subnets?id=8fc014b1-69f3-4412-bc6a-fa8276936895 HTTP/1.1" 200 667 "-" "python-neutronclient"
10.128.0.2 - - [03/Dec/2025:23:13:40 +0000] "PUT /v2.0/routers/e59c3c75-d81e-4d15-a9aa-6f6423dcaceb/remove_router_interface HTTP/1.1" 200 309 "-" "python-urllib3/1.26.5"
100.64.0.2 - - [03/Dec/2025:23:13:42 +0000] "GET /v2.0/ports?network_id=a54eab01-07cd-40c7-99ce-d7db6a11a9ba&device_owner=network%3Adhcp HTTP/1.1" 200 12 "-" "python-neutronclient"
10.128.0.2 - - [03/Dec/2025:23:13:42 +0000] "DELETE /v2.0/subnets/deba519d-60d9-4973-a677-c9464740a373 HTTP/1.1" 204 - "-" "python-urllib3/1.26.5"
100.64.0.2 - - [03/Dec/2025:23:13:42 +0000] "GET /v2.0/networks/a54eab01-07cd-40c7-99ce-d7db6a11a9ba?fields=segments HTTP/1.1" 200 14 "-" "python-neutronclient"
100.64.0.2 - - [03/Dec/2025:23:13:42 +0000] "GET /v2.0/networks/a54eab01-07cd-40c7-99ce-d7db6a11a9ba?fields=provider%3Aphysical_network&fields=provider%3Anetwork_type HTTP/1.1" 200 79 "-" "python-neutronclient"
10.128.0.2 - - [03/Dec/2025:23:13:41 +0000] "POST /v2.0/floatingips HTTP/1.1" 201 881 "-" "python-urllib3/1.26.5"
10.128.0.2 - - [03/Dec/2025:23:13:42 +0000] "PUT /v2.0/routers/e59c3c75-d81e-4d15-a9aa-6f6423dcaceb/remove_router_interface HTTP/1.1" 200 309 "-" "python-urllib3/1.26.5"
100.64.0.2 - - [03/Dec/2025:23:13:45 +0000] "GET /v2.0/ports?tenant_id=5c73b76d928d4467989a8e2e395bb892&device_id=3de114c9-3f5c-46ec-9894-66b9234d1ca1 HTTP/1.1" 200 1348 "-" "python-neutronclient"
100.64.0.2 - - [03/Dec/2025:23:13:45 +0000] "GET /v2.0/networks?id=a54eab01-07cd-40c7-99ce-d7db6a11a9ba HTTP/1.1" 200 785 "-" "python-neutronclient"
100.64.0.2 - - [03/Dec/2025:23:13:46 +0000] "GET /v2.0/floatingips?fixed_ip_address=10.100.0.5&port_id=0f3c21a7-81aa-4c59-b025-89b6e9e5fa7e HTTP/1.1" 200 886 "-" "python-neutronclient"
100.64.0.2 - - [03/Dec/2025:23:13:46 +0000] "GET /v2.0/subnets?id=8fc014b1-69f3-4412-bc6a-fa8276936895 HTTP/1.1" 200 667 "-" "python-neutronclient"
10.128.0.2 - - [03/Dec/2025:23:13:45 +0000] "DELETE /v2.0/routers/e59c3c75-d81e-4d15-a9aa-6f6423dcaceb HTTP/1.1" 204 - "-" "python-urllib3/1.26.5"
100.64.0.2 - - [03/Dec/2025:23:13:46 +0000] "GET /v2.0/ports?network_id=a54eab01-07cd-40c7-99ce-d7db6a11a9ba&device_owner=network%3Adhcp HTTP/1.1" 200 12 "-" "python-neutronclient"
10.128.0.2 - - [03/Dec/2025:23:13:46 +0000] "DELETE /v2.0/subnets/c7b49095-69a6-4e5f-8aaa-fd648f2ca27e HTTP/1.1" 204 - "-" "python-urllib3/1.26.5"
100.64.0.2 - - [03/Dec/2025:23:13:46 +0000] "GET /v2.0/networks/a54eab01-07cd-40c7-99ce-d7db6a11a9ba?fields=segments HTTP/1.1" 200 14 "-" "python-neutronclient"
100.64.0.2 - - [03/Dec/2025:23:13:47 +0000] "GET /v2.0/networks/a54eab01-07cd-40c7-99ce-d7db6a11a9ba?fields=provider%3Aphysical_network&fields=provider%3Anetwork_type HTTP/1.1" 200 79 "-" "python-neutronclient"
10.128.0.2 - - [03/Dec/2025:23:13:47 +0000] "DELETE /v2.0/networks/e497d340-1e98-42ab-981e-bb02118675a7 HTTP/1.1" 204 - "-" "python-urllib3/1.26.5"
10.128.0.2 - - [03/Dec/2025:23:13:47 +0000] "DELETE /v2.0/networks/379abd6b-e223-46c2-9f00-8f71e7e6b1ad HTTP/1.1" 204 - "-" "python-urllib3/1.26.5"
10.128.0.2 - - [03/Dec/2025:23:13:48 +0000] "DELETE /v2.0/security-groups/79c41a23-4964-4068-8088-51a451b031ec HTTP/1.1" 204 - "-" "python-urllib3/1.26.5"
10.128.0.2 - - [03/Dec/2025:23:13:48 +0000] "POST /v2.0/security-groups HTTP/1.1" 201 1611 "-" "python-urllib3/1.26.5"
10.128.0.2 - - [03/Dec/2025:23:13:49 +0000] "POST /v2.0/security-group-rules HTTP/1.1" 201 565 "-" "python-urllib3/1.26.5"
10.128.0.2 - - [03/Dec/2025:23:13:49 +0000] "POST /v2.0/security-group-rules HTTP/1.1" 201 564 "-" "python-urllib3/1.26.5"
10.128.0.2 - - [03/Dec/2025:23:13:49 +0000] "POST /v2.0/security-group-rules HTTP/1.1" 201 570 "-" "python-urllib3/1.26.5"
10.128.0.2 - - [03/Dec/2025:23:13:49 +0000] "POST /v2.0/security-group-rules HTTP/1.1" 201 569 "-" "python-urllib3/1.26.5"
10.128.0.2 - - [03/Dec/2025:23:13:50 +0000] "POST /v2.0/security-group-rules HTTP/1.1" 201 575 "-" "python-urllib3/1.26.5"
10.128.0.2 - - [03/Dec/2025:23:13:50 +0000] "POST /v2.0/security-group-rules HTTP/1.1" 201 574 "-" "python-urllib3/1.26.5"
10.128.0.2 - - [03/Dec/2025:23:13:50 +0000] "POST /v2.0/networks HTTP/1.1" 201 651 "-" "python-urllib3/1.26.5"
10.128.0.2 - - [03/Dec/2025:23:13:51 +0000] "POST /v2.0/networks HTTP/1.1" 201 652 "-" "python-urllib3/1.26.5"
10.128.0.2 - - [03/Dec/2025:23:13:52 +0000] "GET /v2.0/subnets?project_id=392542f6ffae4fd4801c87a6dbbba04a&cidr=10.100.0.0%2F28 HTTP/1.1" 200 14 "-" "python-urllib3/1.26.5"
10.128.0.2 - - [03/Dec/2025:23:13:52 +0000] "GET /v2.0/networks?router%3Aexternal=True HTTP/1.1" 200 1567 "-" "python-urllib3/1.26.5"
10.128.0.2 - - [03/Dec/2025:23:13:52 +0000] "GET /v2.0/subnets?network_id=028583f1-6fe0-4d55-b869-739d10dff786&cidr=10.100.0.0%2F28 HTTP/1.1" 200 14 "-" "python-urllib3/1.26.5"
10.128.0.2 - - [03/Dec/2025:23:13:52 +0000] "GET /v2.0/subnets?network_id=27d6c5e6-f9ae-4cab-9ef3-af7441386ba8&cidr=10.100.0.0%2F28 HTTP/1.1" 200 14 "-" "python-urllib3/1.26.5"
10.128.0.2 - - [03/Dec/2025:23:13:53 +0000] "GET / HTTP/1.1" 200 122 "-" "kube-probe/1.31"
10.128.0.2 - - [03/Dec/2025:23:13:53 +0000] "GET / HTTP/1.1" 200 122 "-" "kube-probe/1.31"
10.128.0.2 - - [03/Dec/2025:23:13:53 +0000] "GET / HTTP/1.1" 200 122 "-" "kube-probe/1.31"
10.128.0.2 - - [03/Dec/2025:23:13:52 +0000] "POST /v2.0/subnets HTTP/1.1" 201 625 "-" "python-urllib3/1.26.5"
10.128.0.2 - - [03/Dec/2025:23:13:58 +0000] "POST /v2.0/routers HTTP/1.1" 201 671 "-" "python-urllib3/1.26.5"
10.128.0.2 - - [03/Dec/2025:23:14:01 +0000] "PUT /v2.0/routers/2604ee52-e7cd-4b19-8ff5-be1fd5173a27/add_router_interface HTTP/1.1" 200 309 "-" "python-urllib3/1.26.5"
10.128.0.2 - - [03/Dec/2025:23:14:04 +0000] "GET /v2.0/subnets?project_id=392542f6ffae4fd4801c87a6dbbba04a&cidr=2001%3Adb8%3A%3A%2F64 HTTP/1.1" 200 14 "-" "python-urllib3/1.26.5"
10.128.0.2 - - [03/Dec/2025:23:14:04 +0000] "GET /v2.0/networks?router%3Aexternal=True HTTP/1.1" 200 1567 "-" "python-urllib3/1.26.5"
10.128.0.2 - - [03/Dec/2025:23:14:05 +0000] "GET /v2.0/subnets?network_id=028583f1-6fe0-4d55-b869-739d10dff786&cidr=2001%3Adb8%3A%3A%2F64 HTTP/1.1" 200 14 "-" "python-urllib3/1.26.5"
10.128.0.2 - - [03/Dec/2025:23:14:05 +0000] "GET /v2.0/subnets?network_id=27d6c5e6-f9ae-4cab-9ef3-af7441386ba8&cidr=2001%3Adb8%3A%3A%2F64 HTTP/1.1" 200 14 "-" "python-urllib3/1.26.5"
10.128.0.2 - - [03/Dec/2025:23:14:05 +0000] "POST /v2.0/subnets HTTP/1.1" 201 649 "-" "python-urllib3/1.26.5"
10.128.1.49 - - [03/Dec/2025:23:14:06 +0000] "GET /v2.0/security-groups?name=tempest-secgroup-smoke-1043200420&fields=id&tenant_id=5c73b76d928d4467989a8e2e395bb892 HTTP/1.1" 200 69 "-" "python-neutronclient"
10.128.1.49 - - [03/Dec/2025:23:14:06 +0000] "GET /v2.0/networks?id=a54eab01-07cd-40c7-99ce-d7db6a11a9ba HTTP/1.1" 200 686 "-" "python-neutronclient"
10.128.1.49 - - [03/Dec/2025:23:14:06 +0000] "GET /v2.0/quotas/5c73b76d928d4467989a8e2e395bb892 HTTP/1.1" 200 187 "-" "python-neutronclient"
10.128.1.49 - - [03/Dec/2025:23:14:07 +0000] "GET /v2.0/ports?tenant_id=5c73b76d928d4467989a8e2e395bb892&fields=id HTTP/1.1" 200 149 "-" "python-neutronclient"
10.128.1.49 - - [03/Dec/2025:23:14:07 +0000] "GET /v2.0/networks/a54eab01-07cd-40c7-99ce-d7db6a11a9ba?fields=segments HTTP/1.1" 200 14 "-" "python-neutronclient"
10.128.1.49 - - [03/Dec/2025:23:14:07 +0000] "GET /v2.0/networks/a54eab01-07cd-40c7-99ce-d7db6a11a9ba?fields=provider%3Aphysical_network&fields=provider%3Anetwork_type HTTP/1.1" 200 79 "-" "python-neutronclient"
10.128.0.2 - - [03/Dec/2025:23:14:06 +0000] "PUT /v2.0/routers/2604ee52-e7cd-4b19-8ff5-be1fd5173a27/add_router_interface HTTP/1.1" 200 309 "-" "python-urllib3/1.26.5"
10.128.1.51 - - [03/Dec/2025:23:14:07 +0000] "GET /v2.0/extensions HTTP/1.1" 200 17369 "-" "python-neutronclient"
10.128.1.49 - - [03/Dec/2025:23:14:07 +0000] "GET /v2.0/ports?device_id=13470d33-f1a6-4c46-9cb3-b2001975f77f HTTP/1.1" 200 12 "-" "python-neutronclient"
10.128.0.2 - - [03/Dec/2025:23:14:07 +0000] "GET /v2.0/subnets?project_id=392542f6ffae4fd4801c87a6dbbba04a&cidr=2001%3Adb8%3A%3A%2F64 HTTP/1.1" 200 670 "-" "python-urllib3/1.26.5"
10.128.1.51 - - [03/Dec/2025:23:14:07 +0000] "GET /v2.0/subnets?network_id=a54eab01-07cd-40c7-99ce-d7db6a11a9ba&fields=segment_id HTTP/1.1" 200 33 "-" "python-neutronclient"
10.128.0.2 - - [03/Dec/2025:23:14:07 +0000] "GET /v2.0/networks?router%3Aexternal=True HTTP/1.1" 200 1567 "-" "python-urllib3/1.26.5"
10.128.0.2 - - [03/Dec/2025:23:14:08 +0000] "GET /v2.0/subnets?network_id=028583f1-6fe0-4d55-b869-739d10dff786&cidr=2001%3Adb8%3A%3A%2F64 HTTP/1.1" 200 14 "-" "python-urllib3/1.26.5"
10.128.0.2 - - [03/Dec/2025:23:14:08 +0000] "GET /v2.0/subnets?network_id=27d6c5e6-f9ae-4cab-9ef3-af7441386ba8&cidr=2001%3Adb8%3A%3A%2F64 HTTP/1.1" 200 14 "-" "python-urllib3/1.26.5"
10.128.0.2 - - [03/Dec/2025:23:14:08 +0000] "GET /v2.0/subnets?project_id=392542f6ffae4fd4801c87a6dbbba04a&cidr=2001%3Adb8%3A0%3A1%3A%3A%2F64 HTTP/1.1" 200 14 "-" "python-urllib3/1.26.5"
10.128.0.2 - - [03/Dec/2025:23:14:08 +0000] "GET /v2.0/networks?router%3Aexternal=True HTTP/1.1" 200 1567 "-" "python-urllib3/1.26.5"
10.128.0.2 - - [03/Dec/2025:23:14:08 +0000] "GET /v2.0/subnets?network_id=028583f1-6fe0-4d55-b869-739d10dff786&cidr=2001%3Adb8%3A0%3A1%3A%3A%2F64 HTTP/1.1" 200 14 "-" "python-urllib3/1.26.5"
10.128.0.2 - - [03/Dec/2025:23:14:08 +0000] "GET /v2.0/subnets?network_id=27d6c5e6-f9ae-4cab-9ef3-af7441386ba8&cidr=2001%3Adb8%3A0%3A1%3A%3A%2F64 HTTP/1.1" 200 14 "-" "python-urllib3/1.26.5"
100.64.0.2 - - [03/Dec/2025:23:14:08 +0000] "GET /v2.0/networks?id=a54eab01-07cd-40c7-99ce-d7db6a11a9ba HTTP/1.1" 200 686 "-" "python-neutronclient"
10.128.1.49 - - [03/Dec/2025:23:14:09 +0000] "GET /v2.0/ports?device_id=13470d33-f1a6-4c46-9cb3-b2001975f77f HTTP/1.1" 200 12 "-" "python-neutronclient"
100.64.0.2 - - [03/Dec/2025:23:14:09 +0000] "GET /v2.0/security-groups?fields=id&fields=name&tenant_id=5c73b76d928d4467989a8e2e395bb892 HTTP/1.1" 200 181 "-" "python-neutronclient"
10.128.1.49 - - [03/Dec/2025:23:14:10 +0000] "GET /v2.0/ports?device_id=13470d33-f1a6-4c46-9cb3-b2001975f77f HTTP/1.1" 200 12 "-" "python-neutronclient"
10.128.0.2 - - [03/Dec/2025:23:14:08 +0000] "POST /v2.0/subnets HTTP/1.1" 201 665 "-" "python-urllib3/1.26.5"
100.64.0.2 - - [03/Dec/2025:23:14:09 +0000] "POST /v2.0/ports HTTP/1.1" 201 959 "-" "python-neutronclient"
10.128.1.49 - - [03/Dec/2025:23:14:11 +0000] "GET /v2.0/ports?device_id=13470d33-f1a6-4c46-9cb3-b2001975f77f HTTP/1.1" 200 962 "-" "python-neutronclient"
10.128.1.49 - - [03/Dec/2025:23:14:12 +0000] "GET /v2.0/security-groups?id=563ac5a2-dace-4ac5-aa81-48b048b53672&fields=id&fields=name HTTP/1.1" 200 114 "-" "python-neutronclient"
100.64.0.2 - - [03/Dec/2025:23:14:11 +0000] "PUT /v2.0/ports/d7b9ff5e-ea69-415d-8946-3954f940fac5 HTTP/1.1" 200 1315 "-" "python-neutronclient"
100.64.0.2 - - [03/Dec/2025:23:14:13 +0000] "GET /v2.0/ports?tenant_id=5c73b76d928d4467989a8e2e395bb892&device_id=13470d33-f1a6-4c46-9cb3-b2001975f77f HTTP/1.1" 200 1346 "-" "python-neutronclient"
10.128.1.49 - - [03/Dec/2025:23:14:13 +0000] "GET /v2.0/ports?device_id=13470d33-f1a6-4c46-9cb3-b2001975f77f HTTP/1.1" 200 1079 "-" "python-neutronclient"
10.128.1.49 - - [03/Dec/2025:23:14:13 +0000] "GET /v2.0/security-groups?id=563ac5a2-dace-4ac5-aa81-48b048b53672&fields=id&fields=name HTTP/1.1" 200 114 "-" "python-neutronclient"
100.64.0.2 - - [03/Dec/2025:23:14:13 +0000] "GET /v2.0/floatingips?fixed_ip_address=10.100.0.8&port_id=d7b9ff5e-ea69-415d-8946-3954f940fac5 HTTP/1.1" 200 19 "-" "python-neutronclient"
100.64.0.2 - - [03/Dec/2025:23:14:13 +0000] "GET /v2.0/subnets?id=8fc014b1-69f3-4412-bc6a-fa8276936895 HTTP/1.1" 200 667 "-" "python-neutronclient"
10.128.0.2 - - [03/Dec/2025:23:14:11 +0000] "PUT /v2.0/routers/2604ee52-e7cd-4b19-8ff5-be1fd5173a27/add_router_interface HTTP/1.1" 200 309 "-" "python-urllib3/1.26.5"
100.64.0.2 - - [03/Dec/2025:23:14:13 +0000] "GET /v2.0/ports?network_id=a54eab01-07cd-40c7-99ce-d7db6a11a9ba&device_owner=network%3Adhcp HTTP/1.1" 200 12 "-" "python-neutronclient"
100.64.0.2 - - [03/Dec/2025:23:14:13 +0000] "GET /v2.0/networks/a54eab01-07cd-40c7-99ce-d7db6a11a9ba?fields=segments HTTP/1.1" 200 14 "-" "python-neutronclient"
100.64.0.2 - - [03/Dec/2025:23:14:14 +0000] "GET /v2.0/networks/a54eab01-07cd-40c7-99ce-d7db6a11a9ba?fields=provider%3Aphysical_network&fields=provider%3Anetwork_type HTTP/1.1" 200 79 "-" "python-neutronclient"
100.64.0.2 - - [03/Dec/2025:23:14:14 +0000] "GET /v2.0/ports?tenant_id=5c73b76d928d4467989a8e2e395bb892&device_id=13470d33-f1a6-4c46-9cb3-b2001975f77f HTTP/1.1" 200 1346 "-" "python-neutronclient"
100.64.0.2 - - [03/Dec/2025:23:14:14 +0000] "GET /v2.0/networks?id=a54eab01-07cd-40c7-99ce-d7db6a11a9ba HTTP/1.1" 200 785 "-" "python-neutronclient"
10.128.1.49 - - [03/Dec/2025:23:14:14 +0000] "GET /v2.0/security-groups?name=tempest-secgroup-smoke-596553878&fields=id&tenant_id=392542f6ffae4fd4801c87a6dbbba04a HTTP/1.1" 200 69 "-" "python-neutronclient"
100.64.0.2 - - [03/Dec/2025:23:14:14 +0000] "GET /v2.0/ports?device_id=13470d33-f1a6-4c46-9cb3-b2001975f77f HTTP/1.1" 200 1346 "-" "python-neutronclient"
100.64.0.2 - - [03/Dec/2025:23:14:14 +0000] "GET /v2.0/floatingips?fixed_ip_address=10.100.0.8&port_id=d7b9ff5e-ea69-415d-8946-3954f940fac5 HTTP/1.1" 200 19 "-" "python-neutronclient"
10.128.1.49 - - [03/Dec/2025:23:14:14 +0000] "GET /v2.0/networks?id=6ca3c1d3-9107-40b7-af27-d93b703ed778&id=1b5bdd59-481b-4ea9-a089-07037266ac4e HTTP/1.1" 200 1372 "-" "python-neutronclient"
10.128.1.49 - - [03/Dec/2025:23:14:14 +0000] "GET /v2.0/quotas/392542f6ffae4fd4801c87a6dbbba04a HTTP/1.1" 200 187 "-" "python-neutronclient"
10.128.1.49 - - [03/Dec/2025:23:14:15 +0000] "GET /v2.0/ports?tenant_id=392542f6ffae4fd4801c87a6dbbba04a&fields=id HTTP/1.1" 200 195 "-" "python-neutronclient"
100.64.0.2 - - [03/Dec/2025:23:14:14 +0000] "GET /v2.0/security-groups?id=563ac5a2-dace-4ac5-aa81-48b048b53672&fields=id&fields=name HTTP/1.1" 200 114 "-" "python-neutronclient"
10.128.1.49 - - [03/Dec/2025:23:14:15 +0000] "GET /v2.0/networks/6ca3c1d3-9107-40b7-af27-d93b703ed778?fields=segments HTTP/1.1" 200 14 "-" "python-neutronclient"
100.64.0.2 - - [03/Dec/2025:23:14:14 +0000] "GET /v2.0/subnets?id=8fc014b1-69f3-4412-bc6a-fa8276936895 HTTP/1.1" 200 667 "-" "python-neutronclient"
10.128.1.49 - - [03/Dec/2025:23:14:14 +0000] "GET /v2.0/ports?device_id=13470d33-f1a6-4c46-9cb3-b2001975f77f HTTP/1.1" 200 1079 "-" "python-neutronclient"
10.128.1.49 - - [03/Dec/2025:23:14:15 +0000] "GET /v2.0/security-groups?id=563ac5a2-dace-4ac5-aa81-48b048b53672&fields=id&fields=name HTTP/1.1" 200 114 "-" "python-neutronclient"
10.128.1.49 - - [03/Dec/2025:23:14:15 +0000] "GET /v2.0/networks/6ca3c1d3-9107-40b7-af27-d93b703ed778?fields=provider%3Aphysical_network&fields=provider%3Anetwork_type HTTP/1.1" 200 79 "-" "python-neutronclient"
100.64.0.2 - - [03/Dec/2025:23:14:15 +0000] "GET /v2.0/ports?network_id=a54eab01-07cd-40c7-99ce-d7db6a11a9ba&device_owner=network%3Adhcp HTTP/1.1" 200 12 "-" "python-neutronclient"
100.64.0.2 - - [03/Dec/2025:23:14:15 +0000] "GET /v2.0/networks/a54eab01-07cd-40c7-99ce-d7db6a11a9ba?fields=segments HTTP/1.1" 200 14 "-" "python-neutronclient"
10.128.1.49 - - [03/Dec/2025:23:14:15 +0000] "GET /v2.0/networks/1b5bdd59-481b-4ea9-a089-07037266ac4e?fields=segments HTTP/1.1" 200 14 "-" "python-neutronclient"
100.64.0.2 - - [03/Dec/2025:23:14:15 +0000] "GET /v2.0/networks/a54eab01-07cd-40c7-99ce-d7db6a11a9ba?fields=provider%3Aphysical_network&fields=provider%3Anetwork_type HTTP/1.1" 200 79 "-" "python-neutronclient"
10.128.1.49 - - [03/Dec/2025:23:14:15 +0000] "GET /v2.0/networks/1b5bdd59-481b-4ea9-a089-07037266ac4e?fields=provider%3Aphysical_network&fields=provider%3Anetwork_type HTTP/1.1" 200 79 "-" "python-neutronclient"
10.128.1.51 - - [03/Dec/2025:23:14:16 +0000] "GET /v2.0/extensions HTTP/1.1" 200 17369 "-" "python-neutronclient"
10.128.1.49 - - [03/Dec/2025:23:14:16 +0000] "GET /v2.0/ports?device_id=8363515f-01e3-43ff-a4be-a276a51c729e HTTP/1.1" 200 12 "-" "python-neutronclient"
10.128.1.51 - - [03/Dec/2025:23:14:16 +0000] "GET /v2.0/subnets?network_id=6ca3c1d3-9107-40b7-af27-d93b703ed778&fields=segment_id HTTP/1.1" 200 33 "-" "python-neutronclient"
10.128.1.51 - - [03/Dec/2025:23:14:16 +0000] "GET /v2.0/subnets?network_id=1b5bdd59-481b-4ea9-a089-07037266ac4e&fields=segment_id HTTP/1.1" 200 53 "-" "python-neutronclient"
10.128.1.49 - - [03/Dec/2025:23:14:16 +0000] "GET /v2.0/ports?device_id=13470d33-f1a6-4c46-9cb3-b2001975f77f HTTP/1.1" 200 1081 "-" "python-neutronclient"
10.128.1.49 - - [03/Dec/2025:23:14:17 +0000] "GET /v2.0/security-groups?id=563ac5a2-dace-4ac5-aa81-48b048b53672&fields=id&fields=name HTTP/1.1" 200 114 "-" "python-neutronclient"
10.128.1.49 - - [03/Dec/2025:23:14:17 +0000] "GET /v2.0/ports?device_id=13470d33-f1a6-4c46-9cb3-b2001975f77f HTTP/1.1" 200 1081 "-" "python-neutronclient"
10.128.1.49 - - [03/Dec/2025:23:14:17 +0000] "GET /v2.0/security-groups?id=563ac5a2-dace-4ac5-aa81-48b048b53672&fields=id&fields=name HTTP/1.1" 200 114 "-" "python-neutronclient"
10.128.0.2 - - [03/Dec/2025:23:14:17 +0000] "GET /v2.0/ports?device_id=13470d33-f1a6-4c46-9cb3-b2001975f77f HTTP/1.1" 200 1348 "-" "python-urllib3/1.26.5"
10.128.1.49 - - [03/Dec/2025:23:14:17 +0000] "GET /v2.0/ports?device_id=8363515f-01e3-43ff-a4be-a276a51c729e HTTP/1.1" 200 12 "-" "python-neutronclient"
10.128.0.2 - - [03/Dec/2025:23:14:17 +0000] "GET /v2.0/floatingips?floating_network_id=028583f1-6fe0-4d55-b869-739d10dff786&port_id=d7b9ff5e-ea69-415d-8946-3954f940fac5 HTTP/1.1" 200 19 "-" "python-urllib3/1.26.5"
100.64.0.2 - - [03/Dec/2025:23:14:17 +0000] "GET /v2.0/networks?id=6ca3c1d3-9107-40b7-af27-d93b703ed778&id=1b5bdd59-481b-4ea9-a089-07037266ac4e HTTP/1.1" 200 1372 "-" "python-neutronclient"
10.128.0.2 - - [03/Dec/2025:23:14:18 +0000] "GET /v2.0/ports?device_id=13470d33-f1a6-4c46-9cb3-b2001975f77f HTTP/1.1" 200 1348 "-" "python-urllib3/1.26.5"
100.64.0.2 - - [03/Dec/2025:23:14:18 +0000] "GET /v2.0/security-groups?fields=id&fields=name&tenant_id=392542f6ffae4fd4801c87a6dbbba04a HTTP/1.1" 200 180 "-" "python-neutronclient"
100.64.0.2 - - [03/Dec/2025:23:14:18 +0000] "POST /v2.0/ports HTTP/1.1" 201 959 "-" "python-neutronclient"
10.128.1.49 - - [03/Dec/2025:23:14:19 +0000] "GET /v2.0/ports?device_id=8363515f-01e3-43ff-a4be-a276a51c729e HTTP/1.1" 200 962 "-" "python-neutronclient"
10.128.1.49 - - [03/Dec/2025:23:14:19 +0000] "GET /v2.0/security-groups?id=60044594-f8c5-4c2c-a886-97222e4d3827&fields=id&fields=name HTTP/1.1" 200 113 "-" "python-neutronclient"
100.64.0.2 - - [03/Dec/2025:23:14:19 +0000] "POST /v2.0/ports HTTP/1.1" 201 1305 "-" "python-neutronclient"
10.128.0.2 - - [03/Dec/2025:23:14:18 +0000] "POST /v2.0/floatingips HTTP/1.1" 201 881 "-" "python-urllib3/1.26.5"
100.64.0.2 - - [03/Dec/2025:23:14:20 +0000] "GET /v2.0/ports?tenant_id=5c73b76d928d4467989a8e2e395bb892&device_id=13470d33-f1a6-4c46-9cb3-b2001975f77f HTTP/1.1" 200 1348 "-" "python-neutronclient"
100.64.0.2 - - [03/Dec/2025:23:14:20 +0000] "GET /v2.0/networks?id=a54eab01-07cd-40c7-99ce-d7db6a11a9ba HTTP/1.1" 200 785 "-" "python-neutronclient"
100.64.0.2 - - [03/Dec/2025:23:14:20 +0000] "GET /v2.0/floatingips?fixed_ip_address=10.100.0.8&port_id=d7b9ff5e-ea69-415d-8946-3954f940fac5 HTTP/1.1" 200 886 "-" "python-neutronclient"
100.64.0.2 - - [03/Dec/2025:23:14:21 +0000] "GET /v2.0/subnets?id=8fc014b1-69f3-4412-bc6a-fa8276936895 HTTP/1.1" 200 667 "-" "python-neutronclient"
100.64.0.2 - - [03/Dec/2025:23:14:21 +0000] "GET /v2.0/ports?network_id=a54eab01-07cd-40c7-99ce-d7db6a11a9ba&device_owner=network%3Adhcp HTTP/1.1" 200 12 "-" "python-neutronclient"
100.64.0.2 - - [03/Dec/2025:23:14:20 +0000] "PUT /v2.0/ports/4eca630a-2081-4814-8735-a6946192bb57 HTTP/1.1" 200 1312 "-" "python-neutronclient"
100.64.0.2 - - [03/Dec/2025:23:14:21 +0000] "GET /v2.0/networks/a54eab01-07cd-40c7-99ce-d7db6a11a9ba?fields=segments HTTP/1.1" 200 14 "-" "python-neutronclient"
10.128.1.49 - - [03/Dec/2025:23:14:21 +0000] "GET /v2.0/ports?device_id=8363515f-01e3-43ff-a4be-a276a51c729e HTTP/1.1" 200 2373 "-" "python-neutronclient"
10.128.1.49 - - [03/Dec/2025:23:14:21 +0000] "GET /v2.0/security-groups?id=60044594-f8c5-4c2c-a886-97222e4d3827&fields=id&fields=name HTTP/1.1" 200 113 "-" "python-neutronclient"
100.64.0.2 - - [03/Dec/2025:23:14:21 +0000] "GET /v2.0/ports?tenant_id=392542f6ffae4fd4801c87a6dbbba04a&device_id=8363515f-01e3-43ff-a4be-a276a51c729e HTTP/1.1" 200 2887 "-" "python-neutronclient"
100.64.0.2 - - [03/Dec/2025:23:14:21 +0000] "GET /v2.0/networks/a54eab01-07cd-40c7-99ce-d7db6a11a9ba?fields=provider%3Aphysical_network&fields=provider%3Anetwork_type HTTP/1.1" 200 79 "-" "python-neutronclient"
100.64.0.2 - - [03/Dec/2025:23:14:22 +0000] "GET /v2.0/networks?tenant_id=392542f6ffae4fd4801c87a6dbbba04a&shared=False HTTP/1.1" 200 1570 "-" "python-neutronclient"
100.64.0.2 - - [03/Dec/2025:23:14:21 +0000] "PUT /v2.0/ports/9d33808f-adca-4164-813d-d2301ceee0a7 HTTP/1.1" 200 1634 "-" "python-neutronclient"
100.64.0.2 - - [03/Dec/2025:23:14:22 +0000] "GET /v2.0/networks?shared=True HTTP/1.1" 200 745 "-" "python-neutronclient"
10.128.0.2 - - [03/Dec/2025:23:14:23 +0000] "GET / HTTP/1.1" 200 122 "-" "kube-probe/1.31"
10.128.0.2 - - [03/Dec/2025:23:14:23 +0000] "GET / HTTP/1.1" 200 122 "-" "kube-probe/1.31"
10.128.0.2 - - [03/Dec/2025:23:14:23 +0000] "GET / HTTP/1.1" 200 122 "-" "kube-probe/1.31"
100.64.0.2 - - [03/Dec/2025:23:14:22 +0000] "GET /v2.0/ports?tenant_id=392542f6ffae4fd4801c87a6dbbba04a&device_id=8363515f-01e3-43ff-a4be-a276a51c729e HTTP/1.1" 200 2997 "-" "python-neutronclient"
100.64.0.2 - - [03/Dec/2025:23:14:23 +0000] "GET /v2.0/floatingips?fixed_ip_address=10.100.0.6&port_id=4eca630a-2081-4814-8735-a6946192bb57 HTTP/1.1" 200 19 "-" "python-neutronclient"
10.128.1.49 - - [03/Dec/2025:23:14:23 +0000] "GET /v2.0/ports?device_id=8363515f-01e3-43ff-a4be-a276a51c729e HTTP/1.1" 200 2463 "-" "python-neutronclient"
100.64.0.2 - - [03/Dec/2025:23:14:23 +0000] "GET /v2.0/subnets?id=fb3228d3-91d5-4b11-ab94-f124845b14f0 HTTP/1.1" 200 646 "-" "python-neutronclient"
10.128.1.49 - - [03/Dec/2025:23:14:23 +0000] "GET /v2.0/security-groups?id=60044594-f8c5-4c2c-a886-97222e4d3827&fields=id&fields=name HTTP/1.1" 200 113 "-" "python-neutronclient"
100.64.0.2 - - [03/Dec/2025:23:14:23 +0000] "GET /v2.0/ports?network_id=6ca3c1d3-9107-40b7-af27-d93b703ed778&device_owner=network%3Adhcp HTTP/1.1" 200 12 "-" "python-neutronclient"
100.64.0.2 - - [03/Dec/2025:23:14:23 +0000] "GET /v2.0/networks/6ca3c1d3-9107-40b7-af27-d93b703ed778?fields=segments HTTP/1.1" 200 14 "-" "python-neutronclient"
100.64.0.2 - - [03/Dec/2025:23:14:23 +0000] "GET /v2.0/networks/6ca3c1d3-9107-40b7-af27-d93b703ed778?fields=provider%3Aphysical_network&fields=provider%3Anetwork_type HTTP/1.1" 200 79 "-" "python-neutronclient"
100.64.0.2 - - [03/Dec/2025:23:14:23 +0000] "GET /v2.0/floatingips?fixed_ip_address=2001%3Adb8%3A0%3A1%3Af816%3A3eff%3Afea5%3A2e3c&port_id=9d33808f-adca-4164-813d-d2301ceee0a7 HTTP/1.1" 200 19 "-" "python-neutronclient"
10.128.1.49 - - [03/Dec/2025:23:14:24 +0000] "GET /v2.0/ports?device_id=8363515f-01e3-43ff-a4be-a276a51c729e HTTP/1.1" 200 2463 "-" "python-neutronclient"
100.64.0.2 - - [03/Dec/2025:23:14:24 +0000] "GET /v2.0/floatingips?fixed_ip_address=2001%3Adb8%3A%3Af816%3A3eff%3Afea5%3A2e3c&port_id=9d33808f-adca-4164-813d-d2301ceee0a7 HTTP/1.1" 200 19 "-" "python-neutronclient"
10.128.1.49 - - [03/Dec/2025:23:14:24 +0000] "GET /v2.0/security-groups?id=60044594-f8c5-4c2c-a886-97222e4d3827&fields=id&fields=name HTTP/1.1" 200 113 "-" "python-neutronclient"
100.64.0.2 - - [03/Dec/2025:23:14:24 +0000] "GET /v2.0/subnets?id=27be68e6-6802-4173-9c77-6665b4b23b8b&id=bbd8e8f0-eb7e-433f-9970-b1e3cf45b216 HTTP/1.1" 200 1343 "-" "python-neutronclient"
100.64.0.2 - - [03/Dec/2025:23:14:25 +0000] "GET /v2.0/ports?network_id=1b5bdd59-481b-4ea9-a089-07037266ac4e&device_owner=network%3Adhcp HTTP/1.1" 200 12 "-" "python-neutronclient"
100.64.0.2 - - [03/Dec/2025:23:14:25 +0000] "GET /v2.0/ports?network_id=1b5bdd59-481b-4ea9-a089-07037266ac4e&device_owner=network%3Adhcp HTTP/1.1" 200 12 "-" "python-neutronclient"
100.64.0.2 - - [03/Dec/2025:23:14:25 +0000] "GET /v2.0/networks/1b5bdd59-481b-4ea9-a089-07037266ac4e?fields=segments HTTP/1.1" 200 14 "-" "python-neutronclient"
100.64.0.2 - - [03/Dec/2025:23:14:26 +0000] "GET /v2.0/networks/1b5bdd59-481b-4ea9-a089-07037266ac4e?fields=provider%3Aphysical_network&fields=provider%3Anetwork_type HTTP/1.1" 200 79 "-" "python-neutronclient"
10.128.1.49 - - [03/Dec/2025:23:14:26 +0000] "GET /v2.0/ports?device_id=8363515f-01e3-43ff-a4be-a276a51c729e HTTP/1.1" 200 2463 "-" "python-neutronclient"
10.128.1.49 - - [03/Dec/2025:23:14:26 +0000] "GET /v2.0/security-groups?id=60044594-f8c5-4c2c-a886-97222e4d3827&fields=id&fields=name HTTP/1.1" 200 113 "-" "python-neutronclient"
100.64.0.2 - - [03/Dec/2025:23:14:26 +0000] "GET /v2.0/ports?tenant_id=392542f6ffae4fd4801c87a6dbbba04a&device_id=8363515f-01e3-43ff-a4be-a276a51c729e HTTP/1.1" 200 2997 "-" "python-neutronclient"
100.64.0.2 - - [03/Dec/2025:23:14:27 +0000] "GET /v2.0/networks?id=1b5bdd59-481b-4ea9-a089-07037266ac4e HTTP/1.1" 200 812 "-" "python-neutronclient"
100.64.0.2 - - [03/Dec/2025:23:14:27 +0000] "GET /v2.0/floatingips?fixed_ip_address=2001%3Adb8%3A0%3A1%3Af816%3A3eff%3Afea5%3A2e3c&port_id=9d33808f-adca-4164-813d-d2301ceee0a7 HTTP/1.1" 200 19 "-" "python-neutronclient"
100.64.0.2 - - [03/Dec/2025:23:14:27 +0000] "GET /v2.0/ports?device_id=8363515f-01e3-43ff-a4be-a276a51c729e HTTP/1.1" 200 2997 "-" "python-neutronclient"
100.64.0.2 - - [03/Dec/2025:23:14:27 +0000] "GET /v2.0/floatingips?fixed_ip_address=2001%3Adb8%3A%3Af816%3A3eff%3Afea5%3A2e3c&port_id=9d33808f-adca-4164-813d-d2301ceee0a7 HTTP/1.1" 200 19 "-" "python-neutronclient"
100.64.0.2 - - [03/Dec/2025:23:14:27 +0000] "GET /v2.0/security-groups?id=60044594-f8c5-4c2c-a886-97222e4d3827&fields=id&fields=name HTTP/1.1" 200 113 "-" "python-neutronclient"
100.64.0.2 - - [03/Dec/2025:23:14:27 +0000] "GET /v2.0/subnets?id=27be68e6-6802-4173-9c77-6665b4b23b8b&id=bbd8e8f0-eb7e-433f-9970-b1e3cf45b216 HTTP/1.1" 200 1343 "-" "python-neutronclient"
100.64.0.2 - - [03/Dec/2025:23:14:28 +0000] "GET /v2.0/ports?network_id=1b5bdd59-481b-4ea9-a089-07037266ac4e&device_owner=network%3Adhcp HTTP/1.1" 200 12 "-" "python-neutronclient"
10.128.1.49 - - [03/Dec/2025:23:14:28 +0000] "GET /v2.0/ports?device_id=8363515f-01e3-43ff-a4be-a276a51c729e HTTP/1.1" 200 2463 "-" "python-neutronclient"
100.64.0.2 - - [03/Dec/2025:23:14:28 +0000] "GET /v2.0/ports?network_id=1b5bdd59-481b-4ea9-a089-07037266ac4e&device_owner=network%3Adhcp HTTP/1.1" 200 12 "-" "python-neutronclient"
10.128.1.49 - - [03/Dec/2025:23:14:28 +0000] "GET /v2.0/security-groups?id=60044594-f8c5-4c2c-a886-97222e4d3827&fields=id&fields=name HTTP/1.1" 200 113 "-" "python-neutronclient"
100.64.0.2 - - [03/Dec/2025:23:14:28 +0000] "GET /v2.0/networks/1b5bdd59-481b-4ea9-a089-07037266ac4e?fields=segments HTTP/1.1" 200 14 "-" "python-neutronclient"
100.64.0.2 - - [03/Dec/2025:23:14:28 +0000] "GET /v2.0/networks/1b5bdd59-481b-4ea9-a089-07037266ac4e?fields=provider%3Aphysical_network&fields=provider%3Anetwork_type HTTP/1.1" 200 79 "-" "python-neutronclient"
10.128.1.49 - - [03/Dec/2025:23:14:30 +0000] "GET /v2.0/ports?device_id=8363515f-01e3-43ff-a4be-a276a51c729e HTTP/1.1" 200 2467 "-" "python-neutronclient"
10.128.1.49 - - [03/Dec/2025:23:14:30 +0000] "GET /v2.0/security-groups?id=60044594-f8c5-4c2c-a886-97222e4d3827&fields=id&fields=name HTTP/1.1" 200 113 "-" "python-neutronclient"
10.128.1.49 - - [03/Dec/2025:23:14:32 +0000] "GET /v2.0/ports?device_id=8363515f-01e3-43ff-a4be-a276a51c729e HTTP/1.1" 200 2467 "-" "python-neutronclient"
10.128.1.49 - - [03/Dec/2025:23:14:33 +0000] "GET /v2.0/security-groups?id=60044594-f8c5-4c2c-a886-97222e4d3827&fields=id&fields=name HTTP/1.1" 200 113 "-" "python-neutronclient"
10.128.1.49 - - [03/Dec/2025:23:14:34 +0000] "GET /v2.0/ports?device_id=8363515f-01e3-43ff-a4be-a276a51c729e HTTP/1.1" 200 2467 "-" "python-neutronclient"
10.128.1.49 - - [03/Dec/2025:23:14:34 +0000] "GET /v2.0/security-groups?id=60044594-f8c5-4c2c-a886-97222e4d3827&fields=id&fields=name HTTP/1.1" 200 113 "-" "python-neutronclient"
10.128.0.2 - - [03/Dec/2025:23:14:34 +0000] "GET /v2.0/ports?device_id=8363515f-01e3-43ff-a4be-a276a51c729e HTTP/1.1" 200 3001 "-" "python-urllib3/1.26.5"
