10.128.0.2 - - [03/Dec/2025:22:51:46 +0000] "POST /v2.0/security-group-rules HTTP/1.1" 201 575 "-" "python-urllib3/1.26.5"
10.128.1.49 - - [03/Dec/2025:22:51:48 +0000] "GET /v2.0/security-groups?id=751198d7-cf04-419b-9253-170b12ba58fb&fields=id&fields=name HTTP/1.1" 200 113 "-" "python-neutronclient"
10.128.0.2 - - [03/Dec/2025:22:51:41 +0000] "POST /v2.0/subnets HTTP/1.1" 201 671 "-" "python-urllib3/1.26.5"
10.128.0.2 - - [03/Dec/2025:22:51:47 +0000] "DELETE /v2.0/subnets/1ea5b18a-8e06-4a36-b767-3250e625a26b HTTP/1.1" 204 - "-" "python-urllib3/1.26.5"
10.128.0.2 - - [03/Dec/2025:22:51:46 +0000] "DELETE /v2.0/routers/26adb676-07c6-4513-8342-bc9273b2f891 HTTP/1.1" 204 - "-" "python-urllib3/1.26.5"
10.128.0.2 - - [03/Dec/2025:22:51:47 +0000] "PUT /v2.0/floatingips/5c1fd9f5-6cca-4996-939d-096e3625b2ff HTTP/1.1" 200 881 "-" "python-urllib3/1.26.5"
10.128.1.49 - - [03/Dec/2025:22:51:50 +0000] "GET /v2.0/ports?device_id=1ea8a783-20e2-42bb-a54e-ae3c48deeae9 HTTP/1.1" 200 1086 "-" "python-neutronclient"
10.128.0.2 - - [03/Dec/2025:22:51:48 +0000] "DELETE /v2.0/ports/ef9699d6-94f3-40c1-9c2b-f7076fc04153 HTTP/1.1" 204 - "-" "python-urllib3/1.26.5"
10.128.0.2 - - [03/Dec/2025:22:51:48 +0000] "POST /v2.0/security-group-rules HTTP/1.1" 201 574 "-" "python-urllib3/1.26.5"
10.128.1.49 - - [03/Dec/2025:22:51:49 +0000] "GET /v2.0/ports?device_id=f2567b69-178d-4b15-ad1c-5cee17217770 HTTP/1.1" 200 1108 "-" "python-neutronclient"
10.128.1.49 - - [03/Dec/2025:22:51:50 +0000] "GET /v2.0/security-groups?id=751198d7-cf04-419b-9253-170b12ba58fb&fields=id&fields=name HTTP/1.1" 200 113 "-" "python-neutronclient"
10.128.1.49 - - [03/Dec/2025:22:51:51 +0000] "GET /v2.0/security-groups?id=d1185e45-f1f9-4194-b4ef-e4297b6a5f2e&fields=id&fields=name HTTP/1.1" 200 113 "-" "python-neutronclient"
10.128.0.2 - - [03/Dec/2025:22:51:49 +0000] "DELETE /v2.0/subnets/ce9cb18a-cf8b-47b3-9a6f-59cf8d21cfdc HTTP/1.1" 204 - "-" "python-urllib3/1.26.5"
100.64.0.2 - - [03/Dec/2025:22:51:51 +0000] "GET /v2.0/ports?tenant_id=31279a5177e9407e889316d45724f66e&device_id=f2567b69-178d-4b15-ad1c-5cee17217770 HTTP/1.1" 200 1375 "-" "python-neutronclient"
10.128.0.2 - - [03/Dec/2025:22:51:43 +0000] "PUT /v2.0/routers/6fe06a1a-8b5f-4694-914c-f339318b9cd7/remove_router_interface HTTP/1.1" 200 309 "-" "python-urllib3/1.26.5"
10.128.0.2 - - [03/Dec/2025:22:51:48 +0000] "POST /v2.0/networks HTTP/1.1" 201 654 "-" "python-urllib3/1.26.5"
10.128.1.49 - - [03/Dec/2025:22:51:51 +0000] "GET /v2.0/ports?device_id=1ea8a783-20e2-42bb-a54e-ae3c48deeae9 HTTP/1.1" 200 1086 "-" "python-neutronclient"
10.128.0.2 - - [03/Dec/2025:22:51:50 +0000] "DELETE /v2.0/ports/b4a6bbed-d1f6-4f8f-aa0e-b81e1d570057 HTTP/1.1" 204 - "-" "python-urllib3/1.26.5"
100.64.0.2 - - [03/Dec/2025:22:51:52 +0000] "GET /v2.0/networks?id=c899c1b0-0d25-41b2-96f1-44bb3fb30f0c HTTP/1.1" 200 796 "-" "python-neutronclient"
10.128.0.2 - - [03/Dec/2025:22:51:53 +0000] "GET / HTTP/1.1" 200 122 "-" "kube-probe/1.31"
10.128.0.2 - - [03/Dec/2025:22:51:53 +0000] "GET / HTTP/1.1" 200 122 "-" "kube-probe/1.31"
10.128.0.2 - - [03/Dec/2025:22:51:53 +0000] "GET / HTTP/1.1" 200 122 "-" "kube-probe/1.31"
10.128.0.2 - - [03/Dec/2025:22:51:51 +0000] "DELETE /v2.0/networks/fdd3e8f4-8725-4c02-909e-104182ed0624 HTTP/1.1" 204 - "-" "python-urllib3/1.26.5"
10.128.0.2 - - [03/Dec/2025:22:51:49 +0000] "POST /v2.0/networks HTTP/1.1" 201 662 "-" "python-urllib3/1.26.5"
100.64.0.2 - - [03/Dec/2025:22:51:52 +0000] "GET /v2.0/floatingips?fixed_ip_address=10.100.0.7&port_id=16b6214b-683e-4430-8107-a426cecc83e0 HTTP/1.1" 200 886 "-" "python-neutronclient"
10.128.0.2 - - [03/Dec/2025:22:51:51 +0000] "POST /v2.0/security-groups HTTP/1.1" 201 1594 "-" "python-urllib3/1.26.5"
10.128.0.2 - - [03/Dec/2025:22:51:49 +0000] "DELETE /v2.0/networks/e7c97fb1-4ee6-48f5-ac1f-9f270bae1923 HTTP/1.1" 204 - "-" "python-urllib3/1.26.5"
10.128.0.2 - - [03/Dec/2025:22:51:47 +0000] "PUT /v2.0/routers/2384a634-32c5-4fcb-95a7-0185332dab0a/add_router_interface HTTP/1.1" 200 309 "-" "python-urllib3/1.26.5"
10.128.0.2 - - [03/Dec/2025:22:51:54 +0000] "GET /v2.0/security-groups?tenant_id=82e872fe50a84e02b3cb45cf1bf487e1&name=default HTTP/1.1" 200 2797 "-" "python-urllib3/1.26.5"
100.64.0.2 - - [03/Dec/2025:22:51:53 +0000] "GET /v2.0/subnets?id=12eb8912-d7ad-4e5d-8947-081ff92d1f04 HTTP/1.1" 200 678 "-" "python-neutronclient"
10.128.0.2 - - [03/Dec/2025:22:51:52 +0000] "PUT /v2.0/floatingips/ac564ff4-6095-49b9-929f-3f521150564b HTTP/1.1" 200 882 "-" "python-urllib3/1.26.5"
100.64.0.2 - - [03/Dec/2025:22:51:54 +0000] "GET /v2.0/ports?network_id=c899c1b0-0d25-41b2-96f1-44bb3fb30f0c&device_owner=network%3Adhcp HTTP/1.1" 200 12 "-" "python-neutronclient"
100.64.0.2 - - [03/Dec/2025:22:51:54 +0000] "GET /v2.0/ports?tenant_id=6189962f722744cb85a5bfb3f959d630&device_id=1ea8a783-20e2-42bb-a54e-ae3c48deeae9 HTTP/1.1" 200 1353 "-" "python-neutronclient"
10.128.1.49 - - [03/Dec/2025:22:51:54 +0000] "GET /v2.0/ports?device_id=1ea8a783-20e2-42bb-a54e-ae3c48deeae9 HTTP/1.1" 200 1086 "-" "python-neutronclient"
10.128.0.2 - - [03/Dec/2025:22:51:52 +0000] "DELETE /v2.0/ports/d4146b18-8007-4235-931a-f2b5a7ddf8ee HTTP/1.1" 204 - "-" "python-urllib3/1.26.5"
10.128.0.2 - - [03/Dec/2025:22:51:54 +0000] "GET /v2.0/security-groups?tenant_id=f80ffd4aa9d54d968dc59b79b40dd107&name=default HTTP/1.1" 200 2800 "-" "python-urllib3/1.26.5"
10.128.0.2 - - [03/Dec/2025:22:51:54 +0000] "GET /v2.0/ports/8ae86987-ad1f-4f58-9e6b-ad7a4045cea6 HTTP/1.1" 200 1026 "-" "python-urllib3/1.26.5"
10.128.1.49 - - [03/Dec/2025:22:51:55 +0000] "GET /v2.0/security-groups?id=751198d7-cf04-419b-9253-170b12ba58fb&fields=id&fields=name HTTP/1.1" 200 113 "-" "python-neutronclient"
100.64.0.2 - - [03/Dec/2025:22:51:55 +0000] "GET /v2.0/networks?id=b61926e1-2767-4f8d-959e-1164131f2700 HTTP/1.1" 200 788 "-" "python-neutronclient"
100.64.0.2 - - [03/Dec/2025:22:51:55 +0000] "GET /v2.0/floatingips?fixed_ip_address=10.100.0.13&port_id=51b3b4c5-e396-4c09-b142-efeebd5f9e15 HTTP/1.1" 200 887 "-" "python-neutronclient"
100.64.0.2 - - [03/Dec/2025:22:51:55 +0000] "GET /v2.0/subnets?id=de283819-71fb-44f3-ae49-4b8485c62a87 HTTP/1.1" 200 670 "-" "python-neutronclient"
10.128.0.2 - - [03/Dec/2025:22:51:55 +0000] "DELETE /v2.0/security-groups/3dd6d4c4-5d06-49d7-b710-468286858731 HTTP/1.1" 204 - "-" "python-urllib3/1.26.5"
10.128.1.49 - - [03/Dec/2025:22:51:56 +0000] "GET /v2.0/ports?device_id=1ea8a783-20e2-42bb-a54e-ae3c48deeae9 HTTP/1.1" 200 1086 "-" "python-neutronclient"
100.64.0.2 - - [03/Dec/2025:22:51:56 +0000] "GET /v2.0/ports?network_id=b61926e1-2767-4f8d-959e-1164131f2700&device_owner=network%3Adhcp HTTP/1.1" 200 12 "-" "python-neutronclient"
10.128.0.2 - - [03/Dec/2025:22:51:52 +0000] "POST /v2.0/subnets HTTP/1.1" 201 622 "-" "python-urllib3/1.26.5"
100.64.0.2 - - [03/Dec/2025:22:51:55 +0000] "GET /v2.0/networks/c899c1b0-0d25-41b2-96f1-44bb3fb30f0c?fields=segments HTTP/1.1" 200 14 "-" "python-neutronclient"
10.128.0.2 - - [03/Dec/2025:22:51:54 +0000] "POST /v2.0/security-group-rules HTTP/1.1" 201 565 "-" "python-urllib3/1.26.5"
10.128.1.49 - - [03/Dec/2025:22:51:56 +0000] "GET /v2.0/security-groups?id=751198d7-cf04-419b-9253-170b12ba58fb&fields=id&fields=name HTTP/1.1" 200 113 "-" "python-neutronclient"
100.64.0.2 - - [03/Dec/2025:22:51:56 +0000] "GET /v2.0/networks/c899c1b0-0d25-41b2-96f1-44bb3fb30f0c?fields=provider%3Aphysical_network&fields=provider%3Anetwork_type HTTP/1.1" 200 79 "-" "python-neutronclient"
100.64.0.2 - - [03/Dec/2025:22:51:56 +0000] "GET /v2.0/networks/b61926e1-2767-4f8d-959e-1164131f2700?fields=segments HTTP/1.1" 200 14 "-" "python-neutronclient"
10.128.0.2 - - [03/Dec/2025:22:51:55 +0000] "PUT /v2.0/routers/2384a634-32c5-4fcb-95a7-0185332dab0a/remove_router_interface HTTP/1.1" 200 309 "-" "python-urllib3/1.26.5"
100.64.0.2 - - [03/Dec/2025:22:51:56 +0000] "GET /v2.0/ports?device_id=1ea8a783-20e2-42bb-a54e-ae3c48deeae9 HTTP/1.1" 200 1086 "-" "python-neutronclient"
10.128.0.2 - - [03/Dec/2025:22:51:57 +0000] "PUT /v2.0/routers/2384a634-32c5-4fcb-95a7-0185332dab0a/remove_router_interface HTTP/1.1" 404 197 "-" "python-urllib3/1.26.5"
100.64.0.2 - - [03/Dec/2025:22:51:57 +0000] "GET /v2.0/networks/b61926e1-2767-4f8d-959e-1164131f2700?fields=provider%3Aphysical_network&fields=provider%3Anetwork_type HTTP/1.1" 200 79 "-" "python-neutronclient"
10.128.0.2 - - [03/Dec/2025:22:51:57 +0000] "GET /v2.0/ports?device_id=2384a634-32c5-4fcb-95a7-0185332dab0a HTTP/1.1" 200 12 "-" "python-urllib3/1.26.5"
10.128.0.2 - - [03/Dec/2025:22:51:56 +0000] "POST /v2.0/ports HTTP/1.1" 201 932 "-" "python-urllib3/1.26.5"
10.128.0.2 - - [03/Dec/2025:22:51:54 +0000] "DELETE /v2.0/security-groups/d56ee73e-96c3-44ba-9cf5-fef628b579b7 HTTP/1.1" 204 - "-" "python-urllib3/1.26.5"
10.128.0.2 - - [03/Dec/2025:22:51:57 +0000] "DELETE /v2.0/routers/2384a634-32c5-4fcb-95a7-0185332dab0a HTTP/1.1" 204 - "-" "python-urllib3/1.26.5"
10.128.0.2 - - [03/Dec/2025:22:51:55 +0000] "DELETE /v2.0/ports/e7881e46-65c1-46d0-8719-e01c881d0576 HTTP/1.1" 204 - "-" "python-urllib3/1.26.5"
10.128.0.2 - - [03/Dec/2025:22:51:56 +0000] "POST /v2.0/security-group-rules HTTP/1.1" 201 570 "-" "python-urllib3/1.26.5"
10.128.0.2 - - [03/Dec/2025:22:51:58 +0000] "DELETE /v2.0/subnets/8a313618-85f7-47e5-8f77-284fd2f2429a HTTP/1.1" 204 - "-" "python-urllib3/1.26.5"
10.128.0.2 - - [03/Dec/2025:22:51:58 +0000] "DELETE /v2.0/ports/51cb5b50-8f82-4348-9df5-3d05995929c7 HTTP/1.1" 204 - "-" "python-urllib3/1.26.5"
10.128.1.49 - - [03/Dec/2025:22:51:58 +0000] "GET /v2.0/ports?device_id=1ea8a783-20e2-42bb-a54e-ae3c48deeae9 HTTP/1.1" 200 1084 "-" "python-neutronclient"
10.128.0.2 - - [03/Dec/2025:22:51:59 +0000] "GET /v2.0/ports/51cb5b50-8f82-4348-9df5-3d05995929c7 HTTP/1.1" 404 132 "-" "python-urllib3/1.26.5"
10.128.0.2 - - [03/Dec/2025:22:51:52 +0000] "DELETE /v2.0/routers/6fe06a1a-8b5f-4694-914c-f339318b9cd7 HTTP/1.1" 204 - "-" "python-urllib3/1.26.5"
10.128.0.2 - - [03/Dec/2025:22:51:59 +0000] "DELETE /v2.0/subnets/7ed0811c-8f3c-47b0-8f91-16de5719aca2 HTTP/1.1" 204 - "-" "python-urllib3/1.26.5"
10.128.0.2 - - [03/Dec/2025:22:51:58 +0000] "POST /v2.0/networks HTTP/1.1" 201 766 "-" "python-urllib3/1.26.5"
10.128.1.49 - - [03/Dec/2025:22:51:59 +0000] "GET /v2.0/security-groups?id=751198d7-cf04-419b-9253-170b12ba58fb&fields=id&fields=name HTTP/1.1" 200 113 "-" "python-neutronclient"
10.128.0.2 - - [03/Dec/2025:22:51:59 +0000] "DELETE /v2.0/networks/0212978f-fd61-46d9-85c6-d40df9ee0a58 HTTP/1.1" 204 - "-" "python-urllib3/1.26.5"
10.128.0.2 - - [03/Dec/2025:22:52:00 +0000] "POST /v2.0/ports HTTP/1.1" 201 779 "-" "python-urllib3/1.26.5"
10.128.0.2 - - [03/Dec/2025:22:51:46 +0000] "PUT /v2.0/routers/27c28cef-07b3-458f-a73a-ec1cf0a6e8a5/add_router_interface HTTP/1.1" 200 309 "-" "python-urllib3/1.26.5"
10.128.0.2 - - [03/Dec/2025:22:52:00 +0000] "GET /v2.0/ports/9544884f-3ed1-4c12-9ec3-328da8585847 HTTP/1.1" 200 1014 "-" "python-urllib3/1.26.5"
10.128.0.2 - - [03/Dec/2025:22:51:58 +0000] "DELETE /v2.0/ports/76c834ba-3796-438b-9bb0-8e81efef5879 HTTP/1.1" 204 - "-" "python-urllib3/1.26.5"
10.128.0.2 - - [03/Dec/2025:22:51:59 +0000] "DELETE /v2.0/subnets/67bb4725-56cb-413a-ac50-1fed407591ca HTTP/1.1" 204 - "-" "python-urllib3/1.26.5"
10.128.0.2 - - [03/Dec/2025:22:52:00 +0000] "PUT /v2.0/ports/46b9ea60-b409-40a8-a157-5fa40f9c4102 HTTP/1.1" 200 752 "-" "python-urllib3/1.26.5"
10.128.0.2 - - [03/Dec/2025:22:51:49 +0000] "POST /v2.0/routers HTTP/1.1" 201 678 "-" "python-urllib3/1.26.5"
10.128.0.2 - - [03/Dec/2025:22:51:53 +0000] "POST /v2.0/subnets HTTP/1.1" 201 617 "-" "python-urllib3/1.26.5"
10.128.1.49 - - [03/Dec/2025:22:52:01 +0000] "GET /v2.0/ports?device_id=1ea8a783-20e2-42bb-a54e-ae3c48deeae9 HTTP/1.1" 200 12 "-" "python-neutronclient"
100.64.0.2 - - [03/Dec/2025:22:51:57 +0000] "DELETE /v2.0/ports/51b3b4c5-e396-4c09-b142-efeebd5f9e15 HTTP/1.1" 204 - "-" "python-neutronclient"
10.128.0.2 - - [03/Dec/2025:22:51:58 +0000] "DELETE /v2.0/networks/82d818df-26b5-4e58-8817-8346184be932 HTTP/1.1" 204 - "-" "python-urllib3/1.26.5"
10.128.0.2 - - [03/Dec/2025:22:52:02 +0000] "DELETE /v2.0/ports/46b9ea60-b409-40a8-a157-5fa40f9c4102 HTTP/1.1" 204 - "-" "python-urllib3/1.26.5"
10.128.0.2 - - [03/Dec/2025:22:52:01 +0000] "DELETE /v2.0/networks/42bbceb3-7f5e-44b3-a598-268b15d1e174 HTTP/1.1" 204 - "-" "python-urllib3/1.26.5"
10.128.0.2 - - [03/Dec/2025:22:51:58 +0000] "POST /v2.0/floatingips HTTP/1.1" 201 578 "-" "python-urllib3/1.26.5"
10.128.0.2 - - [03/Dec/2025:22:52:01 +0000] "DELETE /v2.0/networks/c6a50659-941d-4478-81f0-425c177bf7ea HTTP/1.1" 204 - "-" "python-urllib3/1.26.5"
10.128.0.2 - - [03/Dec/2025:22:52:03 +0000] "GET /v2.0/ports HTTP/1.1" 200 1538 "-" "python-urllib3/1.26.5"
10.128.0.2 - - [03/Dec/2025:22:52:02 +0000] "POST /v2.0/networks HTTP/1.1" 201 663 "-" "python-urllib3/1.26.5"
10.128.0.2 - - [03/Dec/2025:22:52:03 +0000] "DELETE /v2.0/security-groups/751198d7-cf04-419b-9253-170b12ba58fb HTTP/1.1" 204 - "-" "python-urllib3/1.26.5"
10.128.0.2 - - [03/Dec/2025:22:52:04 +0000] "GET /v2.0/ports/46b9ea60-b409-40a8-a157-5fa40f9c4102 HTTP/1.1" 404 132 "-" "python-urllib3/1.26.5"
10.128.0.2 - - [03/Dec/2025:22:51:59 +0000] "POST /v2.0/subnets HTTP/1.1" 201 667 "-" "python-urllib3/1.26.5"
10.128.0.2 - - [03/Dec/2025:22:52:04 +0000] "GET /v2.0/security-groups/751198d7-cf04-419b-9253-170b12ba58fb HTTP/1.1" 404 146 "-" "python-urllib3/1.26.5"
10.128.0.2 - - [03/Dec/2025:22:52:04 +0000] "GET /v2.0/ports HTTP/1.1" 200 1538 "-" "python-urllib3/1.26.5"
10.128.0.2 - - [03/Dec/2025:22:52:01 +0000] "PUT /v2.0/routers/27c28cef-07b3-458f-a73a-ec1cf0a6e8a5/remove_router_interface HTTP/1.1" 200 309 "-" "python-urllib3/1.26.5"
10.128.0.2 - - [03/Dec/2025:22:52:05 +0000] "GET /v2.0/security-groups?tenant_id=f59030bedd6c413a8d472d66c224e2b4&name=default HTTP/1.1" 200 2801 "-" "python-urllib3/1.26.5"
10.128.0.2 - - [03/Dec/2025:22:52:05 +0000] "GET /v2.0/ports/f171ee5d-5e7a-4d8e-b970-b9d8e9e375ff HTTP/1.1" 200 779 "-" "python-urllib3/1.26.5"
10.128.0.2 - - [03/Dec/2025:22:52:03 +0000] "POST /v2.0/networks HTTP/1.1" 201 653 "-" "python-urllib3/1.26.5"
10.128.0.2 - - [03/Dec/2025:22:52:05 +0000] "DELETE /v2.0/ports/51cb5b50-8f82-4348-9df5-3d05995929c7 HTTP/1.1" 404 132 "-" "python-urllib3/1.26.5"
10.128.0.2 - - [03/Dec/2025:22:52:05 +0000] "PUT /v2.0/routers/27c28cef-07b3-458f-a73a-ec1cf0a6e8a5/remove_router_interface HTTP/1.1" 404 197 "-" "python-urllib3/1.26.5"
10.128.0.2 - - [03/Dec/2025:22:52:06 +0000] "DELETE /v2.0/subnets/7ed0811c-8f3c-47b0-8f91-16de5719aca2 HTTP/1.1" 404 136 "-" "python-urllib3/1.26.5"
10.128.1.49 - - [03/Dec/2025:22:52:05 +0000] "GET /v2.0/security-groups?name=tempest-secgroup-smoke-762090745&fields=id&tenant_id=d3ff56c71f1d42848827b88e690b6147 HTTP/1.1" 200 69 "-" "python-neutronclient"
10.128.0.2 - - [03/Dec/2025:22:52:06 +0000] "GET /v2.0/ports?device_id=27c28cef-07b3-458f-a73a-ec1cf0a6e8a5 HTTP/1.1" 200 12 "-" "python-urllib3/1.26.5"
10.128.0.2 - - [03/Dec/2025:22:52:04 +0000] "PUT /v2.0/networks/497094fc-fbfe-4024-be8f-be8bf9d9a911 HTTP/1.1" 200 611 "-" "python-urllib3/1.26.5"
10.128.0.2 - - [03/Dec/2025:22:52:03 +0000] "DELETE /v2.0/networks/b5ccca6a-500c-40d1-92d0-96f48b3d0fbc HTTP/1.1" 204 - "-" "python-urllib3/1.26.5"
10.128.0.2 - - [03/Dec/2025:22:52:06 +0000] "DELETE /v2.0/subnets/c9fddb4c-c1e6-4850-8336-c93ac4f9f43b HTTP/1.1" 404 136 "-" "python-urllib3/1.26.5"
10.128.1.49 - - [03/Dec/2025:22:52:06 +0000] "GET /v2.0/security-groups?name=tempest-securitygroup--96463498&fields=id&tenant_id=d3ff56c71f1d42848827b88e690b6147 HTTP/1.1" 200 69 "-" "python-neutronclient"
10.128.0.2 - - [03/Dec/2025:22:52:05 +0000] "DELETE /v2.0/floatingips/ac564ff4-6095-49b9-929f-3f521150564b HTTP/1.1" 204 - "-" "python-urllib3/1.26.5"
10.128.0.2 - - [03/Dec/2025:22:52:05 +0000] "GET /v2.0/security-groups?tenant_id=f30d07c8bd5d47f3bb513e5e5fa7f4f8&name=default HTTP/1.1" 200 2801 "-" "python-urllib3/1.26.5"
10.128.0.2 - - [03/Dec/2025:22:52:06 +0000] "DELETE /v2.0/routers/27c28cef-07b3-458f-a73a-ec1cf0a6e8a5 HTTP/1.1" 204 - "-" "python-urllib3/1.26.5"
10.128.1.49 - - [03/Dec/2025:22:52:06 +0000] "GET /v2.0/networks?id=4af383e5-7bc4-47ce-b535-261eb791592c HTTP/1.1" 200 686 "-" "python-neutronclient"
10.128.0.2 - - [03/Dec/2025:22:52:06 +0000] "POST /v2.0/subnets HTTP/1.1" 201 622 "-" "python-urllib3/1.26.5"
10.128.1.49 - - [03/Dec/2025:22:52:07 +0000] "GET /v2.0/quotas/d3ff56c71f1d42848827b88e690b6147 HTTP/1.1" 200 187 "-" "python-neutronclient"
10.128.0.2 - - [03/Dec/2025:22:52:05 +0000] "DELETE /v2.0/security-groups/03ecbc8f-499c-47e8-b841-bba245ff49e4 HTTP/1.1" 204 - "-" "python-urllib3/1.26.5"
10.128.0.2 - - [03/Dec/2025:22:52:06 +0000] "DELETE /v2.0/ports/f171ee5d-5e7a-4d8e-b970-b9d8e9e375ff HTTP/1.1" 204 - "-" "python-urllib3/1.26.5"
10.128.1.49 - - [03/Dec/2025:22:52:07 +0000] "GET /v2.0/ports?device_id=f2567b69-178d-4b15-ad1c-5cee17217770 HTTP/1.1" 200 1108 "-" "python-neutronclient"
10.128.1.49 - - [03/Dec/2025:22:52:08 +0000] "GET /v2.0/ports?tenant_id=d3ff56c71f1d42848827b88e690b6147&fields=id HTTP/1.1" 200 103 "-" "python-neutronclient"
10.128.0.2 - - [03/Dec/2025:22:52:07 +0000] "DELETE /v2.0/subnets/c8c44af9-5c88-4f88-b386-e8ea377bdaaa HTTP/1.1" 204 - "-" "python-urllib3/1.26.5"
10.128.0.2 - - [03/Dec/2025:22:52:06 +0000] "DELETE /v2.0/networks/f97c8ae1-2404-4ab1-84a6-3b46470bc49d HTTP/1.1" 204 - "-" "python-urllib3/1.26.5"
10.128.1.49 - - [03/Dec/2025:22:52:08 +0000] "GET /v2.0/networks/4af383e5-7bc4-47ce-b535-261eb791592c?fields=segments HTTP/1.1" 200 14 "-" "python-neutronclient"
10.128.1.49 - - [03/Dec/2025:22:52:08 +0000] "GET /v2.0/ports/16b6214b-683e-4430-8107-a426cecc83e0 HTTP/1.1" 200 1105 "-" "python-neutronclient"
10.128.0.2 - - [03/Dec/2025:22:52:07 +0000] "POST /v2.0/routers HTTP/1.1" 201 485 "-" "python-urllib3/1.26.5"
10.128.1.49 - - [03/Dec/2025:22:52:09 +0000] "GET /v2.0/networks/4af383e5-7bc4-47ce-b535-261eb791592c?fields=provider%3Aphysical_network&fields=provider%3Anetwork_type HTTP/1.1" 200 79 "-" "python-neutronclient"
10.128.0.2 - - [03/Dec/2025:22:52:07 +0000] "DELETE /v2.0/security-groups/f3e5586f-1756-4f4b-aac9-08944e822f30 HTTP/1.1" 204 - "-" "python-urllib3/1.26.5"
10.128.1.51 - - [03/Dec/2025:22:52:10 +0000] "GET /v2.0/extensions HTTP/1.1" 200 17369 "-" "python-neutronclient"
10.128.0.2 - - [03/Dec/2025:22:52:08 +0000] "DELETE /v2.0/networks/d346d163-eb72-4aee-a5db-bafa47053ce9 HTTP/1.1" 204 - "-" "python-urllib3/1.26.5"
100.64.0.2 - - [03/Dec/2025:22:52:10 +0000] "GET /v2.0/subnets?network_id=c899c1b0-0d25-41b2-96f1-44bb3fb30f0c HTTP/1.1" 200 660 "-" "python-neutronclient"
10.128.1.49 - - [03/Dec/2025:22:52:10 +0000] "GET /v2.0/ports?device_id=999f64d3-7a1d-419e-aebc-aceb64ee58e5 HTTP/1.1" 200 12 "-" "python-neutronclient"
10.128.1.51 - - [03/Dec/2025:22:52:10 +0000] "GET /v2.0/subnets?network_id=4af383e5-7bc4-47ce-b535-261eb791592c&fields=segment_id HTTP/1.1" 200 33 "-" "python-neutronclient"
10.128.0.2 - - [03/Dec/2025:22:52:11 +0000] "GET /v2.0/security-groups?tenant_id=39001f7aaba146b7a3a74e326e6a2137&name=default HTTP/1.1" 200 2801 "-" "python-urllib3/1.26.5"
10.128.0.2 - - [03/Dec/2025:22:52:08 +0000] "DELETE /v2.0/networks/c3f5c32d-94b7-4fc0-bca0-d0d08225f424 HTTP/1.1" 204 - "-" "python-urllib3/1.26.5"
100.64.0.2 - - [03/Dec/2025:22:52:10 +0000] "GET /v2.0/ports?device_id=f2567b69-178d-4b15-ad1c-5cee17217770&device_owner=compute%3Anova&network_id=c899c1b0-0d25-41b2-96f1-44bb3fb30f0c HTTP/1.1" 200 1108 "-" "python-neutronclient"
10.128.0.2 - - [03/Dec/2025:22:52:10 +0000] "GET /v2.0/security-groups?tenant_id=a3517b49aeab42658ca71c0a20bc55af&name=default HTTP/1.1" 200 2801 "-" "python-urllib3/1.26.5"
10.128.1.49 - - [03/Dec/2025:22:52:12 +0000] "GET /v2.0/ports?device_id=999f64d3-7a1d-419e-aebc-aceb64ee58e5 HTTP/1.1" 200 12 "-" "python-neutronclient"
10.128.0.2 - - [03/Dec/2025:22:52:08 +0000] "DELETE /v2.0/networks/5053e6ef-3979-422d-8e9f-e4d39ca60ebe HTTP/1.1" 204 - "-" "python-urllib3/1.26.5"
100.64.0.2 - - [03/Dec/2025:22:52:11 +0000] "GET /v2.0/networks?id=4af383e5-7bc4-47ce-b535-261eb791592c HTTP/1.1" 200 686 "-" "python-neutronclient"
10.128.0.2 - - [03/Dec/2025:22:52:04 +0000] "POST /v2.0/routers HTTP/1.1" 201 674 "-" "python-urllib3/1.26.5"
10.128.0.2 - - [03/Dec/2025:22:52:06 +0000] "POST /v2.0/subnets HTTP/1.1" 201 602 "-" "python-urllib3/1.26.5"
100.64.0.2 - - [03/Dec/2025:22:52:12 +0000] "GET /v2.0/security-groups?fields=id&fields=name&tenant_id=d3ff56c71f1d42848827b88e690b6147 HTTP/1.1" 200 271 "-" "python-neutronclient"
10.128.1.49 - - [03/Dec/2025:22:52:13 +0000] "GET /v2.0/ports?device_id=999f64d3-7a1d-419e-aebc-aceb64ee58e5 HTTP/1.1" 200 12 "-" "python-neutronclient"
10.128.0.2 - - [03/Dec/2025:22:52:11 +0000] "DELETE /v2.0/networks/f128a90e-2928-4eda-9cca-de0ff4f0e5c0 HTTP/1.1" 204 - "-" "python-urllib3/1.26.5"
10.128.0.2 - - [03/Dec/2025:22:52:11 +0000] "DELETE /v2.0/security-groups/a2124a70-26ab-4506-8510-a45c2c83db3e HTTP/1.1" 204 - "-" "python-urllib3/1.26.5"
10.128.0.2 - - [03/Dec/2025:22:52:10 +0000] "POST /v2.0/networks HTTP/1.1" 201 664 "-" "python-urllib3/1.26.5"
10.128.0.2 - - [03/Dec/2025:22:52:02 +0000] "PUT /v2.0/routers/9932566b-4b61-4df7-b21e-8892e2685593/add_router_interface HTTP/1.1" 200 309 "-" "python-urllib3/1.26.5"
10.128.0.2 - - [03/Dec/2025:22:52:09 +0000] "PUT /v2.0/routers/0d2eb9f5-2c76-432f-bab7-3d3ae0918868/add_router_interface HTTP/1.1" 200 309 "-" "python-urllib3/1.26.5"
10.128.1.49 - - [03/Dec/2025:22:52:15 +0000] "GET /v2.0/ports?device_id=999f64d3-7a1d-419e-aebc-aceb64ee58e5 HTTP/1.1" 200 12 "-" "python-neutronclient"
10.128.0.2 - - [03/Dec/2025:22:52:15 +0000] "GET /v2.0/ports/bf612337-f7ef-4e04-b4e7-ded4d1ad891a HTTP/1.1" 200 950 "-" "python-urllib3/1.26.5"
10.128.0.2 - - [03/Dec/2025:22:52:12 +0000] "DELETE /v2.0/security-groups/c590d4a5-8ba6-4ba6-b817-2cef1652b6ec HTTP/1.1" 204 - "-" "python-urllib3/1.26.5"
10.128.0.2 - - [03/Dec/2025:22:52:12 +0000] "PUT /v2.0/subnets/04d0d7bf-4e8f-435d-9f24-47aabb9728c6 HTTP/1.1" 200 612 "-" "python-urllib3/1.26.5"
10.128.0.2 - - [03/Dec/2025:22:52:16 +0000] "POST /v2.0/security-groups HTTP/1.1" 201 1596 "-" "python-urllib3/1.26.5"
100.64.0.2 - - [03/Dec/2025:22:52:12 +0000] "PUT /v2.0/ports/16b6214b-683e-4430-8107-a426cecc83e0 HTTP/1.1" 200 1365 "-" "python-neutronclient"
10.128.0.2 - - [03/Dec/2025:22:52:15 +0000] "PUT /v2.0/routers/0d2eb9f5-2c76-432f-bab7-3d3ae0918868/remove_router_interface HTTP/1.1" 200 309 "-" "python-urllib3/1.26.5"
10.128.0.2 - - [03/Dec/2025:22:52:17 +0000] "GET /v2.0/ports?device_id=0d2eb9f5-2c76-432f-bab7-3d3ae0918868 HTTP/1.1" 200 12 "-" "python-urllib3/1.26.5"
10.128.0.2 - - [03/Dec/2025:22:52:16 +0000] "POST /v2.0/security-group-rules HTTP/1.1" 201 565 "-" "python-urllib3/1.26.5"
10.128.0.2 - - [03/Dec/2025:22:52:12 +0000] "POST /v2.0/networks HTTP/1.1" 201 647 "-" "python-urllib3/1.26.5"
100.64.0.2 - - [03/Dec/2025:22:52:16 +0000] "GET /v2.0/ports?tenant_id=31279a5177e9407e889316d45724f66e&device_id=f2567b69-178d-4b15-ad1c-5cee17217770 HTTP/1.1" 200 1635 "-" "python-neutronclient"
10.128.0.2 - - [03/Dec/2025:22:52:15 +0000] "GET /v2.0/security-groups?tenant_id=7f7ed8a90f7a4cf195f665030cfef3ed&name=default HTTP/1.1" 200 2801 "-" "python-urllib3/1.26.5"
10.128.0.2 - - [03/Dec/2025:22:52:16 +0000] "DELETE /v2.0/networks/497094fc-fbfe-4024-be8f-be8bf9d9a911 HTTP/1.1" 204 - "-" "python-urllib3/1.26.5"
10.128.0.2 - - [03/Dec/2025:22:52:17 +0000] "DELETE /v2.0/routers/0d2eb9f5-2c76-432f-bab7-3d3ae0918868 HTTP/1.1" 204 - "-" "python-urllib3/1.26.5"
10.128.0.2 - - [03/Dec/2025:22:52:15 +0000] "POST /v2.0/ports HTTP/1.1" 201 774 "-" "python-urllib3/1.26.5"
10.128.1.49 - - [03/Dec/2025:22:52:16 +0000] "GET /v2.0/ports?device_id=999f64d3-7a1d-419e-aebc-aceb64ee58e5 HTTP/1.1" 200 1005 "-" "python-neutronclient"
10.128.0.2 - - [03/Dec/2025:22:52:17 +0000] "POST /v2.0/security-group-rules HTTP/1.1" 201 570 "-" "python-urllib3/1.26.5"
10.128.0.2 - - [03/Dec/2025:22:52:18 +0000] "DELETE /v2.0/networks/497094fc-fbfe-4024-be8f-be8bf9d9a911 HTTP/1.1" 404 138 "-" "python-urllib3/1.26.5"
10.128.0.2 - - [03/Dec/2025:22:52:17 +0000] "POST /v2.0/security-groups HTTP/1.1" 201 1561 "-" "python-urllib3/1.26.5"
100.64.0.2 - - [03/Dec/2025:22:52:13 +0000] "POST /v2.0/ports HTTP/1.1" 201 1002 "-" "python-neutronclient"
100.64.0.2 - - [03/Dec/2025:22:52:17 +0000] "GET /v2.0/networks?id=c899c1b0-0d25-41b2-96f1-44bb3fb30f0c HTTP/1.1" 200 796 "-" "python-neutronclient"
10.128.0.2 - - [03/Dec/2025:22:52:18 +0000] "GET /v2.0/security-groups HTTP/1.1" 200 4344 "-" "python-urllib3/1.26.5"
10.128.0.2 - - [03/Dec/2025:22:52:18 +0000] "DELETE /v2.0/subnets/384efd99-ae43-4db5-83da-257f44c6a286 HTTP/1.1" 204 - "-" "python-urllib3/1.26.5"
10.128.0.2 - - [03/Dec/2025:22:52:18 +0000] "POST /v2.0/networks HTTP/1.1" 201 650 "-" "python-urllib3/1.26.5"
10.128.1.49 - - [03/Dec/2025:22:52:18 +0000] "GET /v2.0/security-groups?id=b6a7be1e-2bed-4b52-9c62-acd7f4bd9ba4&id=420f0a56-5858-4c6d-a538-cc592d477ebb&fields=id&fields=name HTTP/1.1" 200 204 "-" "python-neutronclient"
10.128.0.2 - - [03/Dec/2025:22:52:07 +0000] "PUT /v2.0/routers/8f2e3f38-c362-4712-8744-3d8f1ef124b7/remove_router_interface HTTP/1.1" 200 309 "-" "python-urllib3/1.26.5"
10.128.0.2 - - [03/Dec/2025:22:52:18 +0000] "GET /v2.0/networks?router%3Aexternal=True HTTP/1.1" 200 664 "-" "python-urllib3/1.26.5"
100.64.0.2 - - [03/Dec/2025:22:52:19 +0000] "GET /v2.0/floatingips?fixed_ip_address=10.100.0.7&port_id=16b6214b-683e-4430-8107-a426cecc83e0 HTTP/1.1" 200 886 "-" "python-neutronclient"
10.128.0.2 - - [03/Dec/2025:22:52:20 +0000] "GET /v2.0/subnets?network_id=028583f1-6fe0-4d55-b869-739d10dff786 HTTP/1.1" 200 14 "-" "python-urllib3/1.26.5"
10.128.0.2 - - [03/Dec/2025:22:52:18 +0000] "POST /v2.0/floatingips HTTP/1.1" 201 578 "-" "python-urllib3/1.26.5"
100.64.0.2 - - [03/Dec/2025:22:52:20 +0000] "GET /v2.0/ports?device_id=f2567b69-178d-4b15-ad1c-5cee17217770&fields=binding%3Ahost_id&fields=binding%3Avif_type HTTP/1.1" 200 96 "-" "python-neutronclient"
100.64.0.2 - - [03/Dec/2025:22:52:20 +0000] "GET /v2.0/floatingips?fixed_ip_address=10.100.0.8&port_id=16b6214b-683e-4430-8107-a426cecc83e0 HTTP/1.1" 200 19 "-" "python-neutronclient"
10.128.0.2 - - [03/Dec/2025:22:52:19 +0000] "PUT /v2.0/security-groups/6f90ffb3-33cb-48eb-a033-39e9f4f3c103 HTTP/1.1" 200 1599 "-" "python-urllib3/1.26.5"
10.128.0.2 - - [03/Dec/2025:22:52:20 +0000] "GET /v2.0/extensions HTTP/1.1" 200 17369 "-" "python-urllib3/1.26.5"
10.128.0.2 - - [03/Dec/2025:22:52:20 +0000] "GET /v2.0/networks HTTP/1.1" 200 1967 "-" "python-urllib3/1.26.5"
10.128.1.49 - - [03/Dec/2025:22:52:21 +0000] "GET /v2.0/ports?device_id=999f64d3-7a1d-419e-aebc-aceb64ee58e5 HTTP/1.1" 200 1005 "-" "python-neutronclient"
10.128.0.2 - - [03/Dec/2025:22:52:19 +0000] "POST /v2.0/subnets HTTP/1.1" 201 602 "-" "python-urllib3/1.26.5"
10.128.0.2 - - [03/Dec/2025:22:52:20 +0000] "GET /v2.0/security-groups/6f90ffb3-33cb-48eb-a033-39e9f4f3c103 HTTP/1.1" 200 1599 "-" "python-urllib3/1.26.5"
100.64.0.2 - - [03/Dec/2025:22:52:20 +0000] "GET /v2.0/subnets?id=12eb8912-d7ad-4e5d-8947-081ff92d1f04 HTTP/1.1" 200 678 "-" "python-neutronclient"
10.128.1.49 - - [03/Dec/2025:22:52:21 +0000] "GET /v2.0/security-groups?id=b6a7be1e-2bed-4b52-9c62-acd7f4bd9ba4&id=420f0a56-5858-4c6d-a538-cc592d477ebb&fields=id&fields=name HTTP/1.1" 200 204 "-" "python-neutronclient"
10.128.0.2 - - [03/Dec/2025:22:52:21 +0000] "GET /v2.0/subnets HTTP/1.1" 200 1220 "-" "python-urllib3/1.26.5"
10.128.0.2 - - [03/Dec/2025:22:52:18 +0000] "DELETE /v2.0/security-groups/96ca97ef-6b05-4ace-a3c5-be2671022640 HTTP/1.1" 204 - "-" "python-urllib3/1.26.5"
100.64.0.2 - - [03/Dec/2025:22:52:21 +0000] "GET /v2.0/ports?network_id=c899c1b0-0d25-41b2-96f1-44bb3fb30f0c&device_owner=network%3Adhcp HTTP/1.1" 200 12 "-" "python-neutronclient"
10.128.0.2 - - [03/Dec/2025:22:52:21 +0000] "DELETE /v2.0/security-groups/6f90ffb3-33cb-48eb-a033-39e9f4f3c103 HTTP/1.1" 204 - "-" "python-urllib3/1.26.5"
10.128.0.2 - - [03/Dec/2025:22:52:21 +0000] "GET /v2.0/networks/9dbef069-70c9-4a18-983c-0e99d559431e HTTP/1.1" 200 681 "-" "python-urllib3/1.26.5"
10.128.0.2 - - [03/Dec/2025:22:52:22 +0000] "GET /v2.0/security-groups HTTP/1.1" 200 2801 "-" "python-urllib3/1.26.5"
10.128.0.2 - - [03/Dec/2025:22:52:22 +0000] "GET /v2.0/subnets/a745f36c-5225-42af-b64a-9caa1056b6b4 HTTP/1.1" 200 617 "-" "python-urllib3/1.26.5"
10.128.0.2 - - [03/Dec/2025:22:52:21 +0000] "POST /v2.0/ports HTTP/1.1" 201 959 "-" "python-urllib3/1.26.5"
10.128.0.2 - - [03/Dec/2025:22:52:22 +0000] "GET /v2.0/security-groups?tenant_id=de604749b6734287ac08fb4abda9e9f8&name=default HTTP/1.1" 200 2801 "-" "python-urllib3/1.26.5"
10.128.0.2 - - [03/Dec/2025:22:52:22 +0000] "DELETE /v2.0/security-groups/6f90ffb3-33cb-48eb-a033-39e9f4f3c103 HTTP/1.1" 404 146 "-" "python-urllib3/1.26.5"
10.128.0.2 - - [03/Dec/2025:22:52:19 +0000] "DELETE /v2.0/networks/78a2b440-8997-475a-acaa-78a96e16d671 HTTP/1.1" 204 - "-" "python-urllib3/1.26.5"
10.128.0.2 - - [03/Dec/2025:22:52:23 +0000] "GET / HTTP/1.1" 200 122 "-" "kube-probe/1.31"
10.128.0.2 - - [03/Dec/2025:22:52:23 +0000] "GET / HTTP/1.1" 200 122 "-" "kube-probe/1.31"
10.128.0.2 - - [03/Dec/2025:22:52:23 +0000] "GET / HTTP/1.1" 200 122 "-" "kube-probe/1.31"
10.128.0.2 - - [03/Dec/2025:22:52:22 +0000] "DELETE /v2.0/subnets/04d0d7bf-4e8f-435d-9f24-47aabb9728c6 HTTP/1.1" 404 136 "-" "python-urllib3/1.26.5"
100.64.0.2 - - [03/Dec/2025:22:52:22 +0000] "GET /v2.0/networks/c899c1b0-0d25-41b2-96f1-44bb3fb30f0c?fields=segments HTTP/1.1" 200 14 "-" "python-neutronclient"
10.128.0.2 - - [03/Dec/2025:22:52:22 +0000] "DELETE /v2.0/ports/5b85cc69-d47c-410d-aef5-eeb2ddfd083a HTTP/1.1" 204 - "-" "python-urllib3/1.26.5"
10.128.0.2 - - [03/Dec/2025:22:52:22 +0000] "DELETE /v2.0/security-groups/6d68ab52-4ada-4dee-ae43-42d8539232f4 HTTP/1.1" 204 - "-" "python-urllib3/1.26.5"
10.128.1.49 - - [03/Dec/2025:22:52:23 +0000] "GET /v2.0/ports?device_id=999f64d3-7a1d-419e-aebc-aceb64ee58e5 HTTP/1.1" 200 1114 "-" "python-neutronclient"
10.128.0.2 - - [03/Dec/2025:22:52:23 +0000] "DELETE /v2.0/networks/497094fc-fbfe-4024-be8f-be8bf9d9a911 HTTP/1.1" 404 138 "-" "python-urllib3/1.26.5"
10.128.1.49 - - [03/Dec/2025:22:52:23 +0000] "GET /v2.0/security-groups?id=b6a7be1e-2bed-4b52-9c62-acd7f4bd9ba4&id=420f0a56-5858-4c6d-a538-cc592d477ebb&fields=id&fields=name HTTP/1.1" 200 204 "-" "python-neutronclient"
10.128.0.2 - - [03/Dec/2025:22:52:23 +0000] "DELETE /v2.0/ports/5b85cc69-d47c-410d-aef5-eeb2ddfd083a HTTP/1.1" 404 132 "-" "python-urllib3/1.26.5"
10.128.0.2 - - [03/Dec/2025:22:52:23 +0000] "GET /v2.0/security-groups?tenant_id=d606603b860540b69b8bbfb589f9e842&name=default HTTP/1.1" 200 2801 "-" "python-urllib3/1.26.5"
10.128.0.2 - - [03/Dec/2025:22:52:23 +0000] "DELETE /v2.0/subnets/a745f36c-5225-42af-b64a-9caa1056b6b4 HTTP/1.1" 204 - "-" "python-urllib3/1.26.5"
10.128.0.2 - - [03/Dec/2025:22:52:24 +0000] "GET /v2.0/ports/5b85cc69-d47c-410d-aef5-eeb2ddfd083a HTTP/1.1" 404 132 "-" "python-urllib3/1.26.5"
100.64.0.2 - - [03/Dec/2025:22:52:23 +0000] "GET /v2.0/networks/c899c1b0-0d25-41b2-96f1-44bb3fb30f0c?fields=provider%3Aphysical_network&fields=provider%3Anetwork_type HTTP/1.1" 200 79 "-" "python-neutronclient"
10.128.0.2 - - [03/Dec/2025:22:52:17 +0000] "POST /v2.0/subnets HTTP/1.1" 201 602 "-" "python-urllib3/1.26.5"
10.128.0.2 - - [03/Dec/2025:22:52:20 +0000] "DELETE /v2.0/routers/8f2e3f38-c362-4712-8744-3d8f1ef124b7 HTTP/1.1" 204 - "-" "python-urllib3/1.26.5"
10.128.0.2 - - [03/Dec/2025:22:52:22 +0000] "POST /v2.0/security-groups HTTP/1.1" 201 1560 "-" "python-urllib3/1.26.5"
100.64.0.2 - - [03/Dec/2025:22:52:25 +0000] "GET /v2.0/ports?tenant_id=31279a5177e9407e889316d45724f66e&device_id=f2567b69-178d-4b15-ad1c-5cee17217770 HTTP/1.1" 200 1635 "-" "python-neutronclient"
100.64.0.2 - - [03/Dec/2025:22:52:19 +0000] "PUT /v2.0/ports/6af81eca-2b35-43a5-bc25-90badeffdf11 HTTP/1.1" 200 1350 "-" "python-neutronclient"
10.128.1.49 - - [03/Dec/2025:22:52:25 +0000] "GET /v2.0/ports?device_id=999f64d3-7a1d-419e-aebc-aceb64ee58e5 HTTP/1.1" 200 1114 "-" "python-neutronclient"
10.128.0.2 - - [03/Dec/2025:22:52:25 +0000] "POST /v2.0/routers HTTP/1.1" 201 481 "-" "python-urllib3/1.26.5"
10.128.0.2 - - [03/Dec/2025:22:52:24 +0000] "DELETE /v2.0/networks/9dbef069-70c9-4a18-983c-0e99d559431e HTTP/1.1" 204 - "-" "python-urllib3/1.26.5"
10.128.0.2 - - [03/Dec/2025:22:52:25 +0000] "DELETE /v2.0/subnets/de283819-71fb-44f3-ae49-4b8485c62a87 HTTP/1.1" 204 - "-" "python-urllib3/1.26.5"
10.128.1.49 - - [03/Dec/2025:22:52:26 +0000] "GET /v2.0/security-groups?id=b6a7be1e-2bed-4b52-9c62-acd7f4bd9ba4&id=420f0a56-5858-4c6d-a538-cc592d477ebb&fields=id&fields=name HTTP/1.1" 200 204 "-" "python-neutronclient"
100.64.0.2 - - [03/Dec/2025:22:52:26 +0000] "GET /v2.0/ports?tenant_id=d3ff56c71f1d42848827b88e690b6147&device_id=999f64d3-7a1d-419e-aebc-aceb64ee58e5 HTTP/1.1" 200 1381 "-" "python-neutronclient"
100.64.0.2 - - [03/Dec/2025:22:52:26 +0000] "GET /v2.0/networks?id=c899c1b0-0d25-41b2-96f1-44bb3fb30f0c HTTP/1.1" 200 796 "-" "python-neutronclient"
10.128.0.2 - - [03/Dec/2025:22:52:24 +0000] "DELETE /v2.0/subnets/421bb3df-abac-49ae-8c73-597cda8468d2 HTTP/1.1" 204 - "-" "python-urllib3/1.26.5"
100.64.0.2 - - [03/Dec/2025:22:52:26 +0000] "GET /v2.0/floatingips?fixed_ip_address=10.100.0.10&port_id=6af81eca-2b35-43a5-bc25-90badeffdf11 HTTP/1.1" 200 19 "-" "python-neutronclient"
10.128.0.2 - - [03/Dec/2025:22:52:27 +0000] "GET /v2.0/security-groups?tenant_id=3edf9c26c4034e4bbec25f8f11c34043&name=default HTTP/1.1" 200 2801 "-" "python-urllib3/1.26.5"
100.64.0.2 - - [03/Dec/2025:22:52:26 +0000] "GET /v2.0/floatingips?fixed_ip_address=10.100.0.7&port_id=16b6214b-683e-4430-8107-a426cecc83e0 HTTP/1.1" 200 886 "-" "python-neutronclient"
10.128.1.49 - - [03/Dec/2025:22:52:26 +0000] "GET /v2.0/ports?device_id=f2567b69-178d-4b15-ad1c-5cee17217770 HTTP/1.1" 200 1368 "-" "python-neutronclient"
100.64.0.2 - - [03/Dec/2025:22:52:27 +0000] "GET /v2.0/subnets?id=19ce4958-24cc-4651-a739-581ceba5a3f7 HTTP/1.1" 200 667 "-" "python-neutronclient"
10.128.0.2 - - [03/Dec/2025:22:52:26 +0000] "DELETE /v2.0/networks/b61926e1-2767-4f8d-959e-1164131f2700 HTTP/1.1" 204 - "-" "python-urllib3/1.26.5"
10.128.0.2 - - [03/Dec/2025:22:52:26 +0000] "POST /v2.0/security-group-rules HTTP/1.1" 201 569 "-" "python-urllib3/1.26.5"
10.128.0.2 - - [03/Dec/2025:22:52:25 +0000] "GET /v2.0/security-groups?tenant_id=0db3365295534d039fa7d7f057e47464&name=default HTTP/1.1" 200 2801 "-" "python-urllib3/1.26.5"
10.128.0.2 - - [03/Dec/2025:22:52:24 +0000] "DELETE /v2.0/security-groups/dd1fa280-66ad-466c-bfaf-863c67a2aa8b HTTP/1.1" 204 - "-" "python-urllib3/1.26.5"
100.64.0.2 - - [03/Dec/2025:22:52:27 +0000] "GET /v2.0/floatingips?fixed_ip_address=10.100.0.8&port_id=16b6214b-683e-4430-8107-a426cecc83e0 HTTP/1.1" 200 19 "-" "python-neutronclient"
10.128.0.2 - - [03/Dec/2025:22:52:27 +0000] "GET /v2.0/security-groups?tenant_id=6189962f722744cb85a5bfb3f959d630&name=default HTTP/1.1" 200 2801 "-" "python-urllib3/1.26.5"
10.128.0.2 - - [03/Dec/2025:22:52:27 +0000] "DELETE /v2.0/networks/28a6413f-ace2-4141-9332-e537e290a9ec HTTP/1.1" 204 - "-" "python-urllib3/1.26.5"
10.128.0.2 - - [03/Dec/2025:22:52:27 +0000] "GET /v2.0/security-group-rules/3e45b2b7-7fe2-495c-8426-cf56613f12a0 HTTP/1.1" 200 569 "-" "python-urllib3/1.26.5"
10.128.1.49 - - [03/Dec/2025:22:52:27 +0000] "GET /v2.0/security-groups?id=d1185e45-f1f9-4194-b4ef-e4297b6a5f2e&fields=id&fields=name HTTP/1.1" 200 113 "-" "python-neutronclient"
100.64.0.2 - - [03/Dec/2025:22:52:27 +0000] "GET /v2.0/ports?network_id=4af383e5-7bc4-47ce-b535-261eb791592c&device_owner=network%3Adhcp HTTP/1.1" 200 12 "-" "python-neutronclient"
10.128.1.49 - - [03/Dec/2025:22:52:27 +0000] "GET /v2.0/ports?device_id=999f64d3-7a1d-419e-aebc-aceb64ee58e5 HTTP/1.1" 200 1114 "-" "python-neutronclient"
100.64.0.2 - - [03/Dec/2025:22:52:28 +0000] "GET /v2.0/subnets?id=12eb8912-d7ad-4e5d-8947-081ff92d1f04 HTTP/1.1" 200 678 "-" "python-neutronclient"
10.128.0.2 - - [03/Dec/2025:22:52:28 +0000] "DELETE /v2.0/security-groups/c4114f8a-c3de-446c-8164-9972bbb3c066 HTTP/1.1" 204 - "-" "python-urllib3/1.26.5"
10.128.0.2 - - [03/Dec/2025:22:52:28 +0000] "GET /v2.0/security-group-rules HTTP/1.1" 200 3918 "-" "python-urllib3/1.26.5"
10.128.1.49 - - [03/Dec/2025:22:52:28 +0000] "GET /v2.0/security-groups?id=b6a7be1e-2bed-4b52-9c62-acd7f4bd9ba4&id=420f0a56-5858-4c6d-a538-cc592d477ebb&fields=id&fields=name HTTP/1.1" 200 204 "-" "python-neutronclient"
100.64.0.2 - - [03/Dec/2025:22:52:28 +0000] "GET /v2.0/networks/4af383e5-7bc4-47ce-b535-261eb791592c?fields=segments HTTP/1.1" 200 14 "-" "python-neutronclient"
100.64.0.2 - - [03/Dec/2025:22:52:29 +0000] "GET /v2.0/ports?network_id=c899c1b0-0d25-41b2-96f1-44bb3fb30f0c&device_owner=network%3Adhcp HTTP/1.1" 200 12 "-" "python-neutronclient"
10.128.0.2 - - [03/Dec/2025:22:52:27 +0000] "DELETE /v2.0/security-groups/c27087d6-c8da-46b9-9641-0ecd85a612e6 HTTP/1.1" 204 - "-" "python-urllib3/1.26.5"
10.128.0.2 - - [03/Dec/2025:22:52:26 +0000] "PUT /v2.0/routers/cdffe23f-e642-47b9-87f5-61ba537eb3b4/add_router_interface HTTP/1.1" 200 309 "-" "python-urllib3/1.26.5"
100.64.0.2 - - [03/Dec/2025:22:52:29 +0000] "GET /v2.0/networks/4af383e5-7bc4-47ce-b535-261eb791592c?fields=provider%3Aphysical_network&fields=provider%3Anetwork_type HTTP/1.1" 200 79 "-" "python-neutronclient"
10.128.0.2 - - [03/Dec/2025:22:52:29 +0000] "GET /v2.0/ports/93be7258-295f-4cd6-9ed6-8062d2cedfb3 HTTP/1.1" 200 948 "-" "python-urllib3/1.26.5"
10.128.0.2 - - [03/Dec/2025:22:52:29 +0000] "GET /v2.0/security-groups?tenant_id=3d295958a08b4f3eb35efc327c812b5a&name=default HTTP/1.1" 200 2801 "-" "python-urllib3/1.26.5"
10.128.0.2 - - [03/Dec/2025:22:52:29 +0000] "DELETE /v2.0/security-group-rules/3e45b2b7-7fe2-495c-8426-cf56613f12a0 HTTP/1.1" 204 - "-" "python-urllib3/1.26.5"
100.64.0.2 - - [03/Dec/2025:22:52:29 +0000] "GET /v2.0/networks/c899c1b0-0d25-41b2-96f1-44bb3fb30f0c?fields=segments HTTP/1.1" 200 14 "-" "python-neutronclient"
10.128.0.2 - - [03/Dec/2025:22:52:30 +0000] "DELETE /v2.0/security-groups/78b31cc5-a2fe-44c9-9803-c52384db693a HTTP/1.1" 204 - "-" "python-urllib3/1.26.5"
10.128.1.49 - - [03/Dec/2025:22:52:30 +0000] "GET /v2.0/ports?device_id=999f64d3-7a1d-419e-aebc-aceb64ee58e5 HTTP/1.1" 200 1114 "-" "python-neutronclient"
10.128.0.2 - - [03/Dec/2025:22:52:28 +0000] "DELETE /v2.0/security-groups/67512a18-9878-4441-b19d-274949d171bf HTTP/1.1" 204 - "-" "python-urllib3/1.26.5"
100.64.0.2 - - [03/Dec/2025:22:52:30 +0000] "GET /v2.0/ports?tenant_id=d3ff56c71f1d42848827b88e690b6147&device_id=999f64d3-7a1d-419e-aebc-aceb64ee58e5 HTTP/1.1" 200 1381 "-" "python-neutronclient"
10.128.0.2 - - [03/Dec/2025:22:52:30 +0000] "GET /v2.0/security-group-rules HTTP/1.1" 200 3372 "-" "python-urllib3/1.26.5"
10.128.0.2 - - [03/Dec/2025:22:52:30 +0000] "PUT /v2.0/routers/cdffe23f-e642-47b9-87f5-61ba537eb3b4/remove_router_interface HTTP/1.1" 200 309 "-" "python-urllib3/1.26.5"
10.128.0.2 - - [03/Dec/2025:22:52:12 +0000] "PUT /v2.0/routers/6691f83d-5188-4ba6-922d-1042cfe8e187/add_router_interface HTTP/1.1" 200 309 "-" "python-urllib3/1.26.5"
10.128.0.2 - - [03/Dec/2025:22:52:28 +0000] "POST /v2.0/networks HTTP/1.1" 201 651 "-" "python-urllib3/1.26.5"
100.64.0.2 - - [03/Dec/2025:22:52:30 +0000] "GET /v2.0/ports?device_id=999f64d3-7a1d-419e-aebc-aceb64ee58e5 HTTP/1.1" 200 1381 "-" "python-neutronclient"
10.128.1.49 - - [03/Dec/2025:22:52:30 +0000] "GET /v2.0/security-groups?id=b6a7be1e-2bed-4b52-9c62-acd7f4bd9ba4&id=420f0a56-5858-4c6d-a538-cc592d477ebb&fields=id&fields=name HTTP/1.1" 200 204 "-" "python-neutronclient"
100.64.0.2 - - [03/Dec/2025:22:52:30 +0000] "GET /v2.0/networks/c899c1b0-0d25-41b2-96f1-44bb3fb30f0c?fields=provider%3Aphysical_network&fields=provider%3Anetwork_type HTTP/1.1" 200 79 "-" "python-neutronclient"
10.128.0.2 - - [03/Dec/2025:22:52:31 +0000] "GET /v2.0/ports?device_id=cdffe23f-e642-47b9-87f5-61ba537eb3b4 HTTP/1.1" 200 12 "-" "python-urllib3/1.26.5"
10.128.0.2 - - [03/Dec/2025:22:52:23 +0000] "POST /v2.0/routers HTTP/1.1" 201 669 "-" "python-urllib3/1.26.5"
10.128.0.2 - - [03/Dec/2025:22:52:31 +0000] "POST /v2.0/security-group-rules HTTP/1.1" 201 569 "-" "python-urllib3/1.26.5"
100.64.0.2 - - [03/Dec/2025:22:52:31 +0000] "GET /v2.0/networks?id=4af383e5-7bc4-47ce-b535-261eb791592c HTTP/1.1" 200 785 "-" "python-neutronclient"
10.128.0.2 - - [03/Dec/2025:22:52:32 +0000] "GET /v2.0/security-group-rules/a13da958-6060-49c8-92c3-b8822eb9d74d HTTP/1.1" 200 569 "-" "python-urllib3/1.26.5"
100.64.0.2 - - [03/Dec/2025:22:52:31 +0000] "GET /v2.0/security-groups?id=420f0a56-5858-4c6d-a538-cc592d477ebb&id=b6a7be1e-2bed-4b52-9c62-acd7f4bd9ba4&fields=id&fields=name HTTP/1.1" 200 204 "-" "python-neutronclient"
10.128.0.2 - - [03/Dec/2025:22:52:31 +0000] "DELETE /v2.0/routers/cdffe23f-e642-47b9-87f5-61ba537eb3b4 HTTP/1.1" 204 - "-" "python-urllib3/1.26.5"
10.128.0.2 - - [03/Dec/2025:22:52:31 +0000] "GET /v2.0/routers/a2275902-4471-4c48-a816-eb555311fa4f HTTP/1.1" 200 669 "-" "python-urllib3/1.26.5"
100.64.0.2 - - [03/Dec/2025:22:52:31 +0000] "GET /v2.0/ports?tenant_id=31279a5177e9407e889316d45724f66e&device_id=f2567b69-178d-4b15-ad1c-5cee17217770 HTTP/1.1" 200 1635 "-" "python-neutronclient"
100.64.0.2 - - [03/Dec/2025:22:52:32 +0000] "GET /v2.0/floatingips?fixed_ip_address=10.100.0.10&port_id=6af81eca-2b35-43a5-bc25-90badeffdf11 HTTP/1.1" 200 19 "-" "python-neutronclient"
10.128.0.2 - - [03/Dec/2025:22:52:32 +0000] "GET /v2.0/security-group-rules HTTP/1.1" 200 3918 "-" "python-urllib3/1.26.5"
10.128.0.2 - - [03/Dec/2025:22:52:32 +0000] "DELETE /v2.0/subnets/d0ac54a8-345c-4162-ab8f-66f3065eda9e HTTP/1.1" 204 - "-" "python-urllib3/1.26.5"
10.128.0.2 - - [03/Dec/2025:22:52:32 +0000] "GET /v2.0/routers HTTP/1.1" 200 672 "-" "python-urllib3/1.26.5"
10.128.0.2 - - [03/Dec/2025:22:52:31 +0000] "POST /v2.0/subnets HTTP/1.1" 201 602 "-" "python-urllib3/1.26.5"
10.128.0.2 - - [03/Dec/2025:22:52:33 +0000] "GET / HTTP/1.1" 200 152 "-" "python-urllib3/1.26.5"
10.128.0.2 - - [03/Dec/2025:22:52:32 +0000] "POST /v2.0/security-groups HTTP/1.1" 201 1597 "-" "python-urllib3/1.26.5"
10.128.0.2 - - [03/Dec/2025:22:52:33 +0000] "DELETE /v2.0/security-group-rules/a13da958-6060-49c8-92c3-b8822eb9d74d HTTP/1.1" 204 - "-" "python-urllib3/1.26.5"
100.64.0.2 - - [03/Dec/2025:22:52:33 +0000] "GET /v2.0/subnets?id=19ce4958-24cc-4651-a739-581ceba5a3f7 HTTP/1.1" 200 667 "-" "python-neutronclient"
100.64.0.2 - - [03/Dec/2025:22:52:32 +0000] "GET /v2.0/networks?id=c899c1b0-0d25-41b2-96f1-44bb3fb30f0c HTTP/1.1" 200 796 "-" "python-neutronclient"
10.128.0.2 - - [03/Dec/2025:22:52:33 +0000] "GET /v2.0/ HTTP/1.1" 200 636 "-" "python-urllib3/1.26.5"
10.128.0.2 - - [03/Dec/2025:22:52:34 +0000] "GET /v2.0/security-group-rules HTTP/1.1" 200 3372 "-" "python-urllib3/1.26.5"
10.128.0.2 - - [03/Dec/2025:22:52:33 +0000] "POST /v2.0/security-group-rules HTTP/1.1" 201 565 "-" "python-urllib3/1.26.5"
10.128.0.2 - - [03/Dec/2025:22:52:34 +0000] "POST /v2.0/security-group-rules HTTP/1.1" 201 570 "-" "python-urllib3/1.26.5"
10.128.0.2 - - [03/Dec/2025:22:52:34 +0000] "POST /v2.0/security-group-rules HTTP/1.1" 201 570 "-" "python-urllib3/1.26.5"
100.64.0.2 - - [03/Dec/2025:22:52:34 +0000] "GET /v2.0/floatingips?fixed_ip_address=10.100.0.7&port_id=16b6214b-683e-4430-8107-a426cecc83e0 HTTP/1.1" 200 886 "-" "python-neutronclient"
100.64.0.2 - - [03/Dec/2025:22:52:34 +0000] "GET /v2.0/ports?network_id=4af383e5-7bc4-47ce-b535-261eb791592c&device_owner=network%3Adhcp HTTP/1.1" 200 12 "-" "python-neutronclient"
10.128.1.49 - - [03/Dec/2025:22:52:33 +0000] "GET /v2.0/ports?device_id=999f64d3-7a1d-419e-aebc-aceb64ee58e5 HTTP/1.1" 200 1114 "-" "python-neutronclient"
10.128.0.2 - - [03/Dec/2025:22:52:35 +0000] "GET /v2.0/security-group-rules/42909c57-1fcb-4610-96ec-cb9bd0ea9730 HTTP/1.1" 200 570 "-" "python-urllib3/1.26.5"
100.64.0.2 - - [03/Dec/2025:22:52:35 +0000] "GET /v2.0/floatingips?fixed_ip_address=10.100.0.8&port_id=16b6214b-683e-4430-8107-a426cecc83e0 HTTP/1.1" 200 19 "-" "python-neutronclient"
10.128.0.2 - - [03/Dec/2025:22:52:35 +0000] "POST /v2.0/subnetpools HTTP/1.1" 201 548 "-" "python-urllib3/1.26.5"
10.128.0.2 - - [03/Dec/2025:22:52:35 +0000] "GET /v2.0/security-group-rules HTTP/1.1" 200 3919 "-" "python-urllib3/1.26.5"
10.128.0.2 - - [03/Dec/2025:22:52:35 +0000] "GET /v2.0/security-groups?tenant_id=ffa4cac4aa4f4d4c9954e1427a2d71b1&name=default HTTP/1.1" 200 2801 "-" "python-urllib3/1.26.5"
10.128.0.2 - - [03/Dec/2025:22:52:36 +0000] "GET /v2.0/subnetpools/f8c57246-fc64-46e6-b74e-3ca0198f763d HTTP/1.1" 200 548 "-" "python-urllib3/1.26.5"
100.64.0.2 - - [03/Dec/2025:22:52:35 +0000] "GET /v2.0/networks/4af383e5-7bc4-47ce-b535-261eb791592c?fields=segments HTTP/1.1" 200 14 "-" "python-neutronclient"
10.128.1.49 - - [03/Dec/2025:22:52:35 +0000] "GET /v2.0/security-groups?id=420f0a56-5858-4c6d-a538-cc592d477ebb&id=b6a7be1e-2bed-4b52-9c62-acd7f4bd9ba4&fields=id&fields=name HTTP/1.1" 200 204 "-" "python-neutronclient"
10.128.0.2 - - [03/Dec/2025:22:52:35 +0000] "POST /v2.0/floatingips HTTP/1.1" 201 578 "-" "python-urllib3/1.26.5"
10.128.0.2 - - [03/Dec/2025:22:52:36 +0000] "PUT /v2.0/subnetpools/f8c57246-fc64-46e6-b74e-3ca0198f763d HTTP/1.1" 200 501 "-" "python-urllib3/1.26.5"
10.128.0.2 - - [03/Dec/2025:22:52:36 +0000] "DELETE /v2.0/security-group-rules/42909c57-1fcb-4610-96ec-cb9bd0ea9730 HTTP/1.1" 204 - "-" "python-urllib3/1.26.5"
100.64.0.2 - - [03/Dec/2025:22:52:36 +0000] "GET /v2.0/subnets?id=12eb8912-d7ad-4e5d-8947-081ff92d1f04 HTTP/1.1" 200 678 "-" "python-neutronclient"
10.128.0.2 - - [03/Dec/2025:22:52:33 +0000] "DELETE /v2.0/networks/35132a27-f362-41c0-8a24-e14018b8f9fa HTTP/1.1" 204 - "-" "python-urllib3/1.26.5"
10.128.0.2 - - [03/Dec/2025:22:52:33 +0000] "POST /v2.0/ports HTTP/1.1" 201 919 "-" "python-urllib3/1.26.5"
10.128.0.2 - - [03/Dec/2025:22:52:33 +0000] "PUT /v2.0/routers/a2275902-4471-4c48-a816-eb555311fa4f HTTP/1.1" 200 676 "-" "python-urllib3/1.26.5"
100.64.0.2 - - [03/Dec/2025:22:52:36 +0000] "GET /v2.0/networks/4af383e5-7bc4-47ce-b535-261eb791592c?fields=provider%3Aphysical_network&fields=provider%3Anetwork_type HTTP/1.1" 200 79 "-" "python-neutronclient"
10.128.0.2 - - [03/Dec/2025:22:52:37 +0000] "DELETE /v2.0/subnetpools/f8c57246-fc64-46e6-b74e-3ca0198f763d HTTP/1.1" 204 - "-" "python-urllib3/1.26.5"
10.128.0.2 - - [03/Dec/2025:22:52:37 +0000] "GET /v2.0/security-group-rules HTTP/1.1" 200 3372 "-" "python-urllib3/1.26.5"
10.128.0.2 - - [03/Dec/2025:22:52:36 +0000] "DELETE /v2.0/security-groups/45be5fbe-f495-4f0a-9632-692555c2d4fb HTTP/1.1" 204 - "-" "python-urllib3/1.26.5"
100.64.0.2 - - [03/Dec/2025:22:52:37 +0000] "GET /v2.0/ports?network_id=c899c1b0-0d25-41b2-96f1-44bb3fb30f0c&device_owner=network%3Adhcp HTTP/1.1" 200 12 "-" "python-neutronclient"
10.128.0.2 - - [03/Dec/2025:22:52:37 +0000] "GET /v2.0/routers/a2275902-4471-4c48-a816-eb555311fa4f HTTP/1.1" 200 676 "-" "python-urllib3/1.26.5"
10.128.0.2 - - [03/Dec/2025:22:52:37 +0000] "GET /v2.0/subnetpools/f8c57246-fc64-46e6-b74e-3ca0198f763d HTTP/1.1" 404 145 "-" "python-urllib3/1.26.5"
10.128.0.2 - - [03/Dec/2025:22:52:37 +0000] "DELETE /v2.0/ports/91d572a0-2c89-415b-b605-74cdd1761461 HTTP/1.1" 204 - "-" "python-urllib3/1.26.5"
10.128.0.2 - - [03/Dec/2025:22:52:37 +0000] "DELETE /v2.0/subnetpools/f8c57246-fc64-46e6-b74e-3ca0198f763d HTTP/1.1" 404 145 "-" "python-urllib3/1.26.5"
10.128.0.2 - - [03/Dec/2025:22:52:37 +0000] "GET /v2.0/ports?device_id=a2275902-4471-4c48-a816-eb555311fa4f HTTP/1.1" 200 12 "-" "python-urllib3/1.26.5"
10.128.0.2 - - [03/Dec/2025:22:52:37 +0000] "DELETE /v2.0/security-groups/00849960-6ca8-4f0d-b7cb-2b7f1c7b12f2 HTTP/1.1" 204 - "-" "python-urllib3/1.26.5"
10.128.0.2 - - [03/Dec/2025:22:52:38 +0000] "GET /v2.0/ports/91d572a0-2c89-415b-b605-74cdd1761461 HTTP/1.1" 404 132 "-" "python-urllib3/1.26.5"
100.64.0.2 - - [03/Dec/2025:22:52:37 +0000] "GET /v2.0/networks/c899c1b0-0d25-41b2-96f1-44bb3fb30f0c?fields=segments HTTP/1.1" 200 14 "-" "python-neutronclient"
10.128.0.2 - - [03/Dec/2025:22:52:37 +0000] "POST /v2.0/networks HTTP/1.1" 201 650 "-" "python-urllib3/1.26.5"
10.128.0.2 - - [03/Dec/2025:22:52:38 +0000] "GET /v2.0/security-groups HTTP/1.1" 200 2801 "-" "python-urllib3/1.26.5"
10.128.1.49 - - [03/Dec/2025:22:52:38 +0000] "GET /v2.0/ports?device_id=999f64d3-7a1d-419e-aebc-aceb64ee58e5 HTTP/1.1" 200 1114 "-" "python-neutronclient"
100.64.0.2 - - [03/Dec/2025:22:52:38 +0000] "GET /v2.0/networks/c899c1b0-0d25-41b2-96f1-44bb3fb30f0c?fields=provider%3Aphysical_network&fields=provider%3Anetwork_type HTTP/1.1" 200 79 "-" "python-neutronclient"
10.128.1.49 - - [03/Dec/2025:22:52:39 +0000] "GET /v2.0/security-groups?name=tempest-securitygroup--2065270397&fields=id&tenant_id=17740b1ad7584f87b4eeaf23296856e6 HTTP/1.1" 200 69 "-" "python-neutronclient"
10.128.0.2 - - [03/Dec/2025:22:52:38 +0000] "DELETE /v2.0/subnets/3cd8d33c-a43d-476a-aebe-2c45982b6e51 HTTP/1.1" 204 - "-" "python-urllib3/1.26.5"
10.128.0.2 - - [03/Dec/2025:22:52:39 +0000] "GET /v2.0/security-groups HTTP/1.1" 200 2801 "-" "python-urllib3/1.26.5"
10.128.1.49 - - [03/Dec/2025:22:52:39 +0000] "GET /v2.0/security-groups?id=420f0a56-5858-4c6d-a538-cc592d477ebb&id=b6a7be1e-2bed-4b52-9c62-acd7f4bd9ba4&fields=id&fields=name HTTP/1.1" 200 204 "-" "python-neutronclient"
10.128.0.2 - - [03/Dec/2025:22:52:39 +0000] "GET /v2.0/security-groups?tenant_id=b06a9958363945768d782fd561e86e56&name=default HTTP/1.1" 200 2801 "-" "python-urllib3/1.26.5"
10.128.1.49 - - [03/Dec/2025:22:52:40 +0000] "GET /v2.0/networks?id=681f4a6e-e786-4b61-b34c-86e17ad7d35a HTTP/1.1" 200 689 "-" "python-neutronclient"
10.128.0.2 - - [03/Dec/2025:22:52:38 +0000] "DELETE /v2.0/routers/a2275902-4471-4c48-a816-eb555311fa4f HTTP/1.1" 204 - "-" "python-urllib3/1.26.5"
10.128.1.49 - - [03/Dec/2025:22:52:41 +0000] "GET /v2.0/quotas/17740b1ad7584f87b4eeaf23296856e6 HTTP/1.1" 200 187 "-" "python-neutronclient"
10.128.0.2 - - [03/Dec/2025:22:52:41 +0000] "GET /v2.0/security-groups?tenant_id=ecd440be7f264336ada53d09bd04a132&name=default HTTP/1.1" 200 2801 "-" "python-urllib3/1.26.5"
