10.128.1.49 - - [03/Dec/2025:23:29:35 +0000] "GET /v2.0/ports?device_id=b280e29e-ed0a-4900-8633-1ea976ac7c40 HTTP/1.1" 200 1174 "-" "python-neutronclient"
100.64.0.2 - - [03/Dec/2025:23:29:34 +0000] "PUT /v2.0/ports/0c5bc550-7343-4799-a8e8-ea808ae4b2ca HTTP/1.1" 200 1410 "-" "python-neutronclient"
10.128.1.49 - - [03/Dec/2025:23:29:35 +0000] "GET /v2.0/security-groups?id=7698d039-5112-43d5-8b22-0845bcf17291&id=84c5d100-dbe9-4ce9-8527-0bc529e2b982&fields=id&fields=name HTTP/1.1" 200 210 "-" "python-neutronclient"
100.64.0.2 - - [03/Dec/2025:23:29:35 +0000] "GET /v2.0/ports?tenant_id=2acbb37228214c408b218b31d6d0f830&device_id=b280e29e-ed0a-4900-8633-1ea976ac7c40 HTTP/1.1" 200 1441 "-" "python-neutronclient"
100.64.0.2 - - [03/Dec/2025:23:29:35 +0000] "GET /v2.0/floatingips?fixed_ip_address=10.100.0.11&port_id=0c5bc550-7343-4799-a8e8-ea808ae4b2ca HTTP/1.1" 200 19 "-" "python-neutronclient"
100.64.0.2 - - [03/Dec/2025:23:29:35 +0000] "GET /v2.0/subnets?id=6510d9cc-3948-43c0-bcd7-9297d6261ba0 HTTP/1.1" 200 654 "-" "python-neutronclient"
10.128.1.49 - - [03/Dec/2025:23:29:36 +0000] "GET /v2.0/ports?device_id=b280e29e-ed0a-4900-8633-1ea976ac7c40 HTTP/1.1" 200 1174 "-" "python-neutronclient"
100.64.0.2 - - [03/Dec/2025:23:29:36 +0000] "GET /v2.0/ports?network_id=ccc4850a-555b-46b1-b985-8ae37a8e0729&device_owner=network%3Adhcp HTTP/1.1" 200 12 "-" "python-neutronclient"
10.128.1.49 - - [03/Dec/2025:23:29:36 +0000] "GET /v2.0/security-groups?id=7698d039-5112-43d5-8b22-0845bcf17291&id=84c5d100-dbe9-4ce9-8527-0bc529e2b982&fields=id&fields=name HTTP/1.1" 200 210 "-" "python-neutronclient"
100.64.0.2 - - [03/Dec/2025:23:29:37 +0000] "GET /v2.0/networks/ccc4850a-555b-46b1-b985-8ae37a8e0729?fields=segments HTTP/1.1" 200 14 "-" "python-neutronclient"
100.64.0.2 - - [03/Dec/2025:23:29:37 +0000] "GET /v2.0/networks/ccc4850a-555b-46b1-b985-8ae37a8e0729?fields=provider%3Aphysical_network&fields=provider%3Anetwork_type HTTP/1.1" 200 79 "-" "python-neutronclient"
10.128.1.49 - - [03/Dec/2025:23:29:38 +0000] "GET /v2.0/ports?device_id=b280e29e-ed0a-4900-8633-1ea976ac7c40 HTTP/1.1" 200 1174 "-" "python-neutronclient"
100.64.0.2 - - [03/Dec/2025:23:29:38 +0000] "GET /v2.0/ports?tenant_id=2acbb37228214c408b218b31d6d0f830&device_id=b280e29e-ed0a-4900-8633-1ea976ac7c40 HTTP/1.1" 200 1441 "-" "python-neutronclient"
10.128.1.49 - - [03/Dec/2025:23:29:39 +0000] "GET /v2.0/security-groups?id=84c5d100-dbe9-4ce9-8527-0bc529e2b982&id=7698d039-5112-43d5-8b22-0845bcf17291&fields=id&fields=name HTTP/1.1" 200 210 "-" "python-neutronclient"
100.64.0.2 - - [03/Dec/2025:23:29:38 +0000] "GET /v2.0/ports?device_id=b280e29e-ed0a-4900-8633-1ea976ac7c40 HTTP/1.1" 200 1441 "-" "python-neutronclient"
100.64.0.2 - - [03/Dec/2025:23:29:39 +0000] "GET /v2.0/networks?id=ccc4850a-555b-46b1-b985-8ae37a8e0729 HTTP/1.1" 200 772 "-" "python-neutronclient"
100.64.0.2 - - [03/Dec/2025:23:29:39 +0000] "GET /v2.0/security-groups?id=84c5d100-dbe9-4ce9-8527-0bc529e2b982&id=7698d039-5112-43d5-8b22-0845bcf17291&fields=id&fields=name HTTP/1.1" 200 210 "-" "python-neutronclient"
100.64.0.2 - - [03/Dec/2025:23:29:39 +0000] "GET /v2.0/floatingips?fixed_ip_address=10.100.0.11&port_id=0c5bc550-7343-4799-a8e8-ea808ae4b2ca HTTP/1.1" 200 19 "-" "python-neutronclient"
100.64.0.2 - - [03/Dec/2025:23:29:40 +0000] "GET /v2.0/subnets?id=6510d9cc-3948-43c0-bcd7-9297d6261ba0 HTTP/1.1" 200 654 "-" "python-neutronclient"
100.64.0.2 - - [03/Dec/2025:23:29:40 +0000] "GET /v2.0/ports?network_id=ccc4850a-555b-46b1-b985-8ae37a8e0729&device_owner=network%3Adhcp HTTP/1.1" 200 12 "-" "python-neutronclient"
10.128.1.49 - - [03/Dec/2025:23:29:40 +0000] "GET /v2.0/ports?device_id=b280e29e-ed0a-4900-8633-1ea976ac7c40 HTTP/1.1" 200 1176 "-" "python-neutronclient"
100.64.0.2 - - [03/Dec/2025:23:29:41 +0000] "GET /v2.0/networks/ccc4850a-555b-46b1-b985-8ae37a8e0729?fields=segments HTTP/1.1" 200 14 "-" "python-neutronclient"
10.128.1.49 - - [03/Dec/2025:23:29:41 +0000] "GET /v2.0/security-groups?id=7698d039-5112-43d5-8b22-0845bcf17291&id=84c5d100-dbe9-4ce9-8527-0bc529e2b982&fields=id&fields=name HTTP/1.1" 200 210 "-" "python-neutronclient"
100.64.0.2 - - [03/Dec/2025:23:29:41 +0000] "GET /v2.0/networks/ccc4850a-555b-46b1-b985-8ae37a8e0729?fields=provider%3Aphysical_network&fields=provider%3Anetwork_type HTTP/1.1" 200 79 "-" "python-neutronclient"
10.128.1.49 - - [03/Dec/2025:23:29:42 +0000] "GET /v2.0/ports?device_id=b280e29e-ed0a-4900-8633-1ea976ac7c40 HTTP/1.1" 200 1176 "-" "python-neutronclient"
10.128.1.49 - - [03/Dec/2025:23:29:43 +0000] "GET /v2.0/security-groups?id=84c5d100-dbe9-4ce9-8527-0bc529e2b982&id=7698d039-5112-43d5-8b22-0845bcf17291&fields=id&fields=name HTTP/1.1" 200 210 "-" "python-neutronclient"
10.128.1.49 - - [03/Dec/2025:23:29:43 +0000] "GET /v2.0/ports?device_id=b280e29e-ed0a-4900-8633-1ea976ac7c40 HTTP/1.1" 200 1176 "-" "python-neutronclient"
10.128.1.49 - - [03/Dec/2025:23:29:43 +0000] "GET /v2.0/security-groups?id=7698d039-5112-43d5-8b22-0845bcf17291&id=84c5d100-dbe9-4ce9-8527-0bc529e2b982&fields=id&fields=name HTTP/1.1" 200 210 "-" "python-neutronclient"
10.128.0.2 - - [03/Dec/2025:23:29:44 +0000] "GET /v2.0/ports?device_id=b280e29e-ed0a-4900-8633-1ea976ac7c40 HTTP/1.1" 200 1443 "-" "python-urllib3/1.26.5"
10.128.0.2 - - [03/Dec/2025:23:29:44 +0000] "POST /v2.0/floatingips HTTP/1.1" 201 882 "-" "python-urllib3/1.26.5"
10.128.0.2 - - [03/Dec/2025:23:29:47 +0000] "GET /v2.0/networks HTTP/1.1" 200 4567 "-" "python-urllib3/1.26.5"
10.128.0.2 - - [03/Dec/2025:23:29:48 +0000] "GET /v2.0/subnets HTTP/1.1" 200 3912 "-" "python-urllib3/1.26.5"
10.128.0.2 - - [03/Dec/2025:23:29:48 +0000] "GET /v2.0/routers HTTP/1.1" 200 1315 "-" "python-urllib3/1.26.5"
10.128.0.2 - - [03/Dec/2025:23:29:48 +0000] "GET /v2.0/ports?device_id=147ebcaa-9523-406c-9056-cf2ad113161b HTTP/1.1" 200 2203 "-" "python-urllib3/1.26.5"
100.64.0.2 - - [03/Dec/2025:23:29:48 +0000] "GET /v2.0/ports?tenant_id=2acbb37228214c408b218b31d6d0f830&device_id=b280e29e-ed0a-4900-8633-1ea976ac7c40 HTTP/1.1" 200 1443 "-" "python-neutronclient"
100.64.0.2 - - [03/Dec/2025:23:29:48 +0000] "GET /v2.0/networks?id=ccc4850a-555b-46b1-b985-8ae37a8e0729 HTTP/1.1" 200 772 "-" "python-neutronclient"
100.64.0.2 - - [03/Dec/2025:23:29:48 +0000] "GET /v2.0/floatingips?fixed_ip_address=10.100.0.11&port_id=0c5bc550-7343-4799-a8e8-ea808ae4b2ca HTTP/1.1" 200 887 "-" "python-neutronclient"
100.64.0.2 - - [03/Dec/2025:23:29:49 +0000] "GET /v2.0/subnets?id=6510d9cc-3948-43c0-bcd7-9297d6261ba0 HTTP/1.1" 200 654 "-" "python-neutronclient"
100.64.0.2 - - [03/Dec/2025:23:29:49 +0000] "GET /v2.0/ports?network_id=ccc4850a-555b-46b1-b985-8ae37a8e0729&device_owner=network%3Adhcp HTTP/1.1" 200 12 "-" "python-neutronclient"
100.64.0.2 - - [03/Dec/2025:23:29:49 +0000] "GET /v2.0/networks/ccc4850a-555b-46b1-b985-8ae37a8e0729?fields=segments HTTP/1.1" 200 14 "-" "python-neutronclient"
100.64.0.2 - - [03/Dec/2025:23:29:50 +0000] "GET /v2.0/networks/ccc4850a-555b-46b1-b985-8ae37a8e0729?fields=provider%3Aphysical_network&fields=provider%3Anetwork_type HTTP/1.1" 200 79 "-" "python-neutronclient"
10.128.0.2 - - [03/Dec/2025:23:29:53 +0000] "GET / HTTP/1.1" 200 122 "-" "kube-probe/1.31"
10.128.0.2 - - [03/Dec/2025:23:29:53 +0000] "GET / HTTP/1.1" 200 122 "-" "kube-probe/1.31"
10.128.0.2 - - [03/Dec/2025:23:29:53 +0000] "GET / HTTP/1.1" 200 122 "-" "kube-probe/1.31"
100.64.0.2 - - [03/Dec/2025:23:29:56 +0000] "GET /v2.0/ports?device_id=b280e29e-ed0a-4900-8633-1ea976ac7c40&fields=binding%3Ahost_id&fields=binding%3Avif_type HTTP/1.1" 200 96 "-" "python-neutronclient"
100.64.0.2 - - [03/Dec/2025:23:29:56 +0000] "GET /v2.0/ports?tenant_id=2acbb37228214c408b218b31d6d0f830&device_id=b280e29e-ed0a-4900-8633-1ea976ac7c40 HTTP/1.1" 200 1443 "-" "python-neutronclient"
100.64.0.2 - - [03/Dec/2025:23:29:57 +0000] "GET /v2.0/networks?id=ccc4850a-555b-46b1-b985-8ae37a8e0729 HTTP/1.1" 200 772 "-" "python-neutronclient"
100.64.0.2 - - [03/Dec/2025:23:29:57 +0000] "GET /v2.0/floatingips?fixed_ip_address=10.100.0.11&port_id=0c5bc550-7343-4799-a8e8-ea808ae4b2ca HTTP/1.1" 200 887 "-" "python-neutronclient"
100.64.0.2 - - [03/Dec/2025:23:29:57 +0000] "GET /v2.0/subnets?id=6510d9cc-3948-43c0-bcd7-9297d6261ba0 HTTP/1.1" 200 654 "-" "python-neutronclient"
100.64.0.2 - - [03/Dec/2025:23:29:57 +0000] "GET /v2.0/ports?network_id=ccc4850a-555b-46b1-b985-8ae37a8e0729&device_owner=network%3Adhcp HTTP/1.1" 200 12 "-" "python-neutronclient"
100.64.0.2 - - [03/Dec/2025:23:29:57 +0000] "GET /v2.0/networks/ccc4850a-555b-46b1-b985-8ae37a8e0729?fields=segments HTTP/1.1" 200 14 "-" "python-neutronclient"
100.64.0.2 - - [03/Dec/2025:23:29:58 +0000] "GET /v2.0/networks/ccc4850a-555b-46b1-b985-8ae37a8e0729?fields=provider%3Aphysical_network&fields=provider%3Anetwork_type HTTP/1.1" 200 79 "-" "python-neutronclient"
10.128.0.2 - - [03/Dec/2025:23:30:04 +0000] "GET /v2.0/ports?fields=fixed_ips&fields=mac_address HTTP/1.1" 200 1582 "-" "python-urllib3/1.26.5"
10.128.1.49 - - [03/Dec/2025:23:30:05 +0000] "GET /v2.0/security-groups?name=tempest-secgroup_general--43255888&fields=id&tenant_id=2acbb37228214c408b218b31d6d0f830 HTTP/1.1" 200 69 "-" "python-neutronclient"
10.128.1.49 - - [03/Dec/2025:23:30:05 +0000] "GET /v2.0/networks?id=ccc4850a-555b-46b1-b985-8ae37a8e0729 HTTP/1.1" 200 673 "-" "python-neutronclient"
10.128.1.49 - - [03/Dec/2025:23:30:06 +0000] "GET /v2.0/quotas/2acbb37228214c408b218b31d6d0f830 HTTP/1.1" 200 187 "-" "python-neutronclient"
10.128.1.49 - - [03/Dec/2025:23:30:06 +0000] "GET /v2.0/ports?tenant_id=2acbb37228214c408b218b31d6d0f830&fields=id HTTP/1.1" 200 149 "-" "python-neutronclient"
10.128.1.49 - - [03/Dec/2025:23:30:06 +0000] "GET /v2.0/networks/ccc4850a-555b-46b1-b985-8ae37a8e0729?fields=segments HTTP/1.1" 200 14 "-" "python-neutronclient"
10.128.1.49 - - [03/Dec/2025:23:30:06 +0000] "GET /v2.0/networks/ccc4850a-555b-46b1-b985-8ae37a8e0729?fields=provider%3Aphysical_network&fields=provider%3Anetwork_type HTTP/1.1" 200 79 "-" "python-neutronclient"
10.128.1.51 - - [03/Dec/2025:23:30:06 +0000] "GET /v2.0/extensions HTTP/1.1" 200 17369 "-" "python-neutronclient"
10.128.1.49 - - [03/Dec/2025:23:30:06 +0000] "GET /v2.0/ports?device_id=909f02f8-17c1-48a2-bf64-7c53626c278d HTTP/1.1" 200 12 "-" "python-neutronclient"
10.128.1.51 - - [03/Dec/2025:23:30:06 +0000] "GET /v2.0/subnets?network_id=ccc4850a-555b-46b1-b985-8ae37a8e0729&fields=segment_id HTTP/1.1" 200 33 "-" "python-neutronclient"
100.64.0.2 - - [03/Dec/2025:23:30:08 +0000] "GET /v2.0/networks?id=ccc4850a-555b-46b1-b985-8ae37a8e0729 HTTP/1.1" 200 673 "-" "python-neutronclient"
10.128.1.49 - - [03/Dec/2025:23:30:08 +0000] "GET /v2.0/ports?device_id=909f02f8-17c1-48a2-bf64-7c53626c278d HTTP/1.1" 200 12 "-" "python-neutronclient"
100.64.0.2 - - [03/Dec/2025:23:30:09 +0000] "GET /v2.0/security-groups?fields=id&fields=name&tenant_id=2acbb37228214c408b218b31d6d0f830 HTTP/1.1" 200 277 "-" "python-neutronclient"
100.64.0.2 - - [03/Dec/2025:23:30:09 +0000] "POST /v2.0/ports HTTP/1.1" 201 959 "-" "python-neutronclient"
10.128.1.49 - - [03/Dec/2025:23:30:10 +0000] "GET /v2.0/ports?device_id=909f02f8-17c1-48a2-bf64-7c53626c278d HTTP/1.1" 200 1133 "-" "python-neutronclient"
10.128.1.49 - - [03/Dec/2025:23:30:10 +0000] "GET /v2.0/security-groups?id=7698d039-5112-43d5-8b22-0845bcf17291&fields=id&fields=name HTTP/1.1" 200 115 "-" "python-neutronclient"
100.64.0.2 - - [03/Dec/2025:23:30:10 +0000] "PUT /v2.0/ports/0b8a0af3-29c5-44ce-8f5e-f841a9bed324 HTTP/1.1" 200 1369 "-" "python-neutronclient"
100.64.0.2 - - [03/Dec/2025:23:30:11 +0000] "GET /v2.0/ports?tenant_id=2acbb37228214c408b218b31d6d0f830&device_id=909f02f8-17c1-48a2-bf64-7c53626c278d HTTP/1.1" 200 1400 "-" "python-neutronclient"
100.64.0.2 - - [03/Dec/2025:23:30:11 +0000] "GET /v2.0/floatingips?fixed_ip_address=10.100.0.4&port_id=0b8a0af3-29c5-44ce-8f5e-f841a9bed324 HTTP/1.1" 200 19 "-" "python-neutronclient"
100.64.0.2 - - [03/Dec/2025:23:30:11 +0000] "GET /v2.0/subnets?id=6510d9cc-3948-43c0-bcd7-9297d6261ba0 HTTP/1.1" 200 654 "-" "python-neutronclient"
100.64.0.2 - - [03/Dec/2025:23:30:11 +0000] "GET /v2.0/ports?network_id=ccc4850a-555b-46b1-b985-8ae37a8e0729&device_owner=network%3Adhcp HTTP/1.1" 200 12 "-" "python-neutronclient"
100.64.0.2 - - [03/Dec/2025:23:30:11 +0000] "GET /v2.0/networks/ccc4850a-555b-46b1-b985-8ae37a8e0729?fields=segments HTTP/1.1" 200 14 "-" "python-neutronclient"
100.64.0.2 - - [03/Dec/2025:23:30:11 +0000] "GET /v2.0/networks/ccc4850a-555b-46b1-b985-8ae37a8e0729?fields=provider%3Aphysical_network&fields=provider%3Anetwork_type HTTP/1.1" 200 79 "-" "python-neutronclient"
100.64.0.2 - - [03/Dec/2025:23:30:12 +0000] "GET /v2.0/ports?tenant_id=2acbb37228214c408b218b31d6d0f830&device_id=909f02f8-17c1-48a2-bf64-7c53626c278d HTTP/1.1" 200 1400 "-" "python-neutronclient"
10.128.1.49 - - [03/Dec/2025:23:30:12 +0000] "GET /v2.0/ports?device_id=909f02f8-17c1-48a2-bf64-7c53626c278d HTTP/1.1" 200 1133 "-" "python-neutronclient"
100.64.0.2 - - [03/Dec/2025:23:30:12 +0000] "GET /v2.0/networks?id=ccc4850a-555b-46b1-b985-8ae37a8e0729 HTTP/1.1" 200 772 "-" "python-neutronclient"
100.64.0.2 - - [03/Dec/2025:23:30:12 +0000] "GET /v2.0/ports?device_id=909f02f8-17c1-48a2-bf64-7c53626c278d HTTP/1.1" 200 1400 "-" "python-neutronclient"
10.128.1.49 - - [03/Dec/2025:23:30:12 +0000] "GET /v2.0/security-groups?id=7698d039-5112-43d5-8b22-0845bcf17291&fields=id&fields=name HTTP/1.1" 200 115 "-" "python-neutronclient"
100.64.0.2 - - [03/Dec/2025:23:30:12 +0000] "GET /v2.0/floatingips?fixed_ip_address=10.100.0.4&port_id=0b8a0af3-29c5-44ce-8f5e-f841a9bed324 HTTP/1.1" 200 19 "-" "python-neutronclient"
100.64.0.2 - - [03/Dec/2025:23:30:12 +0000] "GET /v2.0/security-groups?id=7698d039-5112-43d5-8b22-0845bcf17291&fields=id&fields=name HTTP/1.1" 200 115 "-" "python-neutronclient"
100.64.0.2 - - [03/Dec/2025:23:30:12 +0000] "GET /v2.0/subnets?id=6510d9cc-3948-43c0-bcd7-9297d6261ba0 HTTP/1.1" 200 654 "-" "python-neutronclient"
100.64.0.2 - - [03/Dec/2025:23:30:12 +0000] "GET /v2.0/ports?network_id=ccc4850a-555b-46b1-b985-8ae37a8e0729&device_owner=network%3Adhcp HTTP/1.1" 200 12 "-" "python-neutronclient"
100.64.0.2 - - [03/Dec/2025:23:30:12 +0000] "GET /v2.0/networks/ccc4850a-555b-46b1-b985-8ae37a8e0729?fields=segments HTTP/1.1" 200 14 "-" "python-neutronclient"
100.64.0.2 - - [03/Dec/2025:23:30:13 +0000] "GET /v2.0/networks/ccc4850a-555b-46b1-b985-8ae37a8e0729?fields=provider%3Aphysical_network&fields=provider%3Anetwork_type HTTP/1.1" 200 79 "-" "python-neutronclient"
10.128.1.49 - - [03/Dec/2025:23:30:13 +0000] "GET /v2.0/ports?device_id=909f02f8-17c1-48a2-bf64-7c53626c278d HTTP/1.1" 200 1135 "-" "python-neutronclient"
10.128.1.49 - - [03/Dec/2025:23:30:13 +0000] "GET /v2.0/security-groups?id=7698d039-5112-43d5-8b22-0845bcf17291&fields=id&fields=name HTTP/1.1" 200 115 "-" "python-neutronclient"
10.128.1.49 - - [03/Dec/2025:23:30:15 +0000] "GET /v2.0/ports?device_id=909f02f8-17c1-48a2-bf64-7c53626c278d HTTP/1.1" 200 1135 "-" "python-neutronclient"
10.128.1.49 - - [03/Dec/2025:23:30:15 +0000] "GET /v2.0/security-groups?id=7698d039-5112-43d5-8b22-0845bcf17291&fields=id&fields=name HTTP/1.1" 200 115 "-" "python-neutronclient"
10.128.1.49 - - [03/Dec/2025:23:30:16 +0000] "GET /v2.0/ports?device_id=909f02f8-17c1-48a2-bf64-7c53626c278d HTTP/1.1" 200 1135 "-" "python-neutronclient"
10.128.1.49 - - [03/Dec/2025:23:30:16 +0000] "GET /v2.0/security-groups?id=7698d039-5112-43d5-8b22-0845bcf17291&fields=id&fields=name HTTP/1.1" 200 115 "-" "python-neutronclient"
10.128.0.2 - - [03/Dec/2025:23:30:17 +0000] "GET /v2.0/ports?device_id=909f02f8-17c1-48a2-bf64-7c53626c278d HTTP/1.1" 200 1402 "-" "python-urllib3/1.26.5"
10.128.0.2 - - [03/Dec/2025:23:30:17 +0000] "PUT /v2.0/ports/0b8a0af3-29c5-44ce-8f5e-f841a9bed324 HTTP/1.1" 200 1094 "-" "python-urllib3/1.26.5"
100.64.0.2 - - [03/Dec/2025:23:30:18 +0000] "GET /v2.0/ports?tenant_id=2acbb37228214c408b218b31d6d0f830&device_id=909f02f8-17c1-48a2-bf64-7c53626c278d HTTP/1.1" 200 1364 "-" "python-neutronclient"
100.64.0.2 - - [03/Dec/2025:23:30:18 +0000] "GET /v2.0/networks?id=ccc4850a-555b-46b1-b985-8ae37a8e0729 HTTP/1.1" 200 772 "-" "python-neutronclient"
100.64.0.2 - - [03/Dec/2025:23:30:18 +0000] "GET /v2.0/floatingips?fixed_ip_address=10.100.0.4&port_id=0b8a0af3-29c5-44ce-8f5e-f841a9bed324 HTTP/1.1" 200 19 "-" "python-neutronclient"
100.64.0.2 - - [03/Dec/2025:23:30:18 +0000] "GET /v2.0/subnets?id=6510d9cc-3948-43c0-bcd7-9297d6261ba0 HTTP/1.1" 200 654 "-" "python-neutronclient"
100.64.0.2 - - [03/Dec/2025:23:30:19 +0000] "GET /v2.0/ports?network_id=ccc4850a-555b-46b1-b985-8ae37a8e0729&device_owner=network%3Adhcp HTTP/1.1" 200 12 "-" "python-neutronclient"
100.64.0.2 - - [03/Dec/2025:23:30:19 +0000] "GET /v2.0/networks/ccc4850a-555b-46b1-b985-8ae37a8e0729?fields=segments HTTP/1.1" 200 14 "-" "python-neutronclient"
100.64.0.2 - - [03/Dec/2025:23:30:19 +0000] "GET /v2.0/networks/ccc4850a-555b-46b1-b985-8ae37a8e0729?fields=provider%3Aphysical_network&fields=provider%3Anetwork_type HTTP/1.1" 200 79 "-" "python-neutronclient"
10.128.0.2 - - [03/Dec/2025:23:30:19 +0000] "PUT /v2.0/ports/0b8a0af3-29c5-44ce-8f5e-f841a9bed324 HTTP/1.1" 200 1095 "-" "python-urllib3/1.26.5"
100.64.0.2 - - [03/Dec/2025:23:30:20 +0000] "GET /v2.0/ports?tenant_id=2acbb37228214c408b218b31d6d0f830&device_id=909f02f8-17c1-48a2-bf64-7c53626c278d HTTP/1.1" 200 1365 "-" "python-neutronclient"
100.64.0.2 - - [03/Dec/2025:23:30:20 +0000] "GET /v2.0/networks?id=ccc4850a-555b-46b1-b985-8ae37a8e0729 HTTP/1.1" 200 772 "-" "python-neutronclient"
100.64.0.2 - - [03/Dec/2025:23:30:21 +0000] "GET /v2.0/floatingips?fixed_ip_address=10.100.0.4&port_id=0b8a0af3-29c5-44ce-8f5e-f841a9bed324 HTTP/1.1" 200 19 "-" "python-neutronclient"
100.64.0.2 - - [03/Dec/2025:23:30:21 +0000] "GET /v2.0/subnets?id=6510d9cc-3948-43c0-bcd7-9297d6261ba0 HTTP/1.1" 200 654 "-" "python-neutronclient"
100.64.0.2 - - [03/Dec/2025:23:30:21 +0000] "GET /v2.0/ports?network_id=ccc4850a-555b-46b1-b985-8ae37a8e0729&device_owner=network%3Adhcp HTTP/1.1" 200 12 "-" "python-neutronclient"
100.64.0.2 - - [03/Dec/2025:23:30:21 +0000] "GET /v2.0/networks/ccc4850a-555b-46b1-b985-8ae37a8e0729?fields=segments HTTP/1.1" 200 14 "-" "python-neutronclient"
100.64.0.2 - - [03/Dec/2025:23:30:21 +0000] "GET /v2.0/networks/ccc4850a-555b-46b1-b985-8ae37a8e0729?fields=provider%3Aphysical_network&fields=provider%3Anetwork_type HTTP/1.1" 200 79 "-" "python-neutronclient"
10.128.0.2 - - [03/Dec/2025:23:30:23 +0000] "GET / HTTP/1.1" 200 122 "-" "kube-probe/1.31"
10.128.0.2 - - [03/Dec/2025:23:30:23 +0000] "GET / HTTP/1.1" 200 122 "-" "kube-probe/1.31"
10.128.0.2 - - [03/Dec/2025:23:30:23 +0000] "GET / HTTP/1.1" 200 122 "-" "kube-probe/1.31"
10.128.1.49 - - [03/Dec/2025:23:30:31 +0000] "GET /v2.0/ports?device_id=909f02f8-17c1-48a2-bf64-7c53626c278d HTTP/1.1" 200 1098 "-" "python-neutronclient"
100.64.0.2 - - [03/Dec/2025:23:30:31 +0000] "GET /v2.0/ports?device_id=909f02f8-17c1-48a2-bf64-7c53626c278d HTTP/1.1" 200 1098 "-" "python-neutronclient"
100.64.0.2 - - [03/Dec/2025:23:30:31 +0000] "DELETE /v2.0/ports/0b8a0af3-29c5-44ce-8f5e-f841a9bed324 HTTP/1.1" 204 - "-" "python-neutronclient"
10.128.0.2 - - [03/Dec/2025:23:30:33 +0000] "DELETE /v2.0/floatingips/339b13c0-5141-4dde-b6d4-4f6cf46adb2e HTTP/1.1" 204 - "-" "python-urllib3/1.26.5"
100.64.0.2 - - [03/Dec/2025:23:30:34 +0000] "GET /v2.0/ports?tenant_id=2acbb37228214c408b218b31d6d0f830&device_id=b280e29e-ed0a-4900-8633-1ea976ac7c40 HTTP/1.1" 200 1443 "-" "python-neutronclient"
10.128.1.49 - - [03/Dec/2025:23:30:34 +0000] "GET /v2.0/ports?device_id=b280e29e-ed0a-4900-8633-1ea976ac7c40 HTTP/1.1" 200 1176 "-" "python-neutronclient"
100.64.0.2 - - [03/Dec/2025:23:30:34 +0000] "GET /v2.0/ports?device_id=b280e29e-ed0a-4900-8633-1ea976ac7c40 HTTP/1.1" 200 1176 "-" "python-neutronclient"
100.64.0.2 - - [03/Dec/2025:23:30:34 +0000] "GET /v2.0/networks?id=ccc4850a-555b-46b1-b985-8ae37a8e0729 HTTP/1.1" 200 772 "-" "python-neutronclient"
10.128.1.49 - - [03/Dec/2025:23:30:34 +0000] "GET /v2.0/security-groups?id=84c5d100-dbe9-4ce9-8527-0bc529e2b982&id=7698d039-5112-43d5-8b22-0845bcf17291&fields=id&fields=name HTTP/1.1" 200 210 "-" "python-neutronclient"
100.64.0.2 - - [03/Dec/2025:23:30:34 +0000] "GET /v2.0/floatingips?fixed_ip_address=10.100.0.11&port_id=0c5bc550-7343-4799-a8e8-ea808ae4b2ca HTTP/1.1" 200 19 "-" "python-neutronclient"
100.64.0.2 - - [03/Dec/2025:23:30:34 +0000] "DELETE /v2.0/ports/0c5bc550-7343-4799-a8e8-ea808ae4b2ca HTTP/1.1" 204 - "-" "python-neutronclient"
100.64.0.2 - - [03/Dec/2025:23:30:35 +0000] "GET /v2.0/subnets?id=6510d9cc-3948-43c0-bcd7-9297d6261ba0 HTTP/1.1" 200 654 "-" "python-neutronclient"
100.64.0.2 - - [03/Dec/2025:23:30:35 +0000] "GET /v2.0/ports?network_id=ccc4850a-555b-46b1-b985-8ae37a8e0729&device_owner=network%3Adhcp HTTP/1.1" 200 12 "-" "python-neutronclient"
100.64.0.2 - - [03/Dec/2025:23:30:35 +0000] "GET /v2.0/networks/ccc4850a-555b-46b1-b985-8ae37a8e0729?fields=segments HTTP/1.1" 200 14 "-" "python-neutronclient"
100.64.0.2 - - [03/Dec/2025:23:30:35 +0000] "GET /v2.0/networks/ccc4850a-555b-46b1-b985-8ae37a8e0729?fields=provider%3Aphysical_network&fields=provider%3Anetwork_type HTTP/1.1" 200 79 "-" "python-neutronclient"
10.128.0.2 - - [03/Dec/2025:23:30:36 +0000] "DELETE /v2.0/security-groups/7698d039-5112-43d5-8b22-0845bcf17291 HTTP/1.1" 204 - "-" "python-urllib3/1.26.5"
10.128.0.2 - - [03/Dec/2025:23:30:36 +0000] "DELETE /v2.0/security-groups/84c5d100-dbe9-4ce9-8527-0bc529e2b982 HTTP/1.1" 204 - "-" "python-urllib3/1.26.5"
10.128.0.2 - - [03/Dec/2025:23:30:37 +0000] "PUT /v2.0/routers/147ebcaa-9523-406c-9056-cf2ad113161b/remove_router_interface HTTP/1.1" 200 309 "-" "python-urllib3/1.26.5"
10.128.0.2 - - [03/Dec/2025:23:30:38 +0000] "DELETE /v2.0/subnets/6510d9cc-3948-43c0-bcd7-9297d6261ba0 HTTP/1.1" 204 - "-" "python-urllib3/1.26.5"
10.128.0.2 - - [03/Dec/2025:23:30:38 +0000] "DELETE /v2.0/routers/147ebcaa-9523-406c-9056-cf2ad113161b HTTP/1.1" 204 - "-" "python-urllib3/1.26.5"
10.128.0.2 - - [03/Dec/2025:23:30:39 +0000] "DELETE /v2.0/networks/ccc4850a-555b-46b1-b985-8ae37a8e0729 HTTP/1.1" 204 - "-" "python-urllib3/1.26.5"
10.128.0.2 - - [03/Dec/2025:23:30:41 +0000] "POST /v2.0/networks HTTP/1.1" 201 651 "-" "python-urllib3/1.26.5"
10.128.0.2 - - [03/Dec/2025:23:30:43 +0000] "POST /v2.0/routers HTTP/1.1" 201 679 "-" "python-urllib3/1.26.5"
10.128.0.2 - - [03/Dec/2025:23:30:47 +0000] "GET /v2.0/subnets?project_id=2acbb37228214c408b218b31d6d0f830&cidr=10.100.0.0%2F28 HTTP/1.1" 200 14 "-" "python-urllib3/1.26.5"
10.128.0.2 - - [03/Dec/2025:23:30:47 +0000] "GET /v2.0/networks?router%3Aexternal=True HTTP/1.1" 200 1567 "-" "python-urllib3/1.26.5"
10.128.0.2 - - [03/Dec/2025:23:30:47 +0000] "GET /v2.0/subnets?network_id=028583f1-6fe0-4d55-b869-739d10dff786&cidr=10.100.0.0%2F28 HTTP/1.1" 200 14 "-" "python-urllib3/1.26.5"
10.128.0.2 - - [03/Dec/2025:23:30:47 +0000] "GET /v2.0/subnets?network_id=27d6c5e6-f9ae-4cab-9ef3-af7441386ba8&cidr=10.100.0.0%2F28 HTTP/1.1" 200 14 "-" "python-urllib3/1.26.5"
10.128.1.65 - - [03/Dec/2025:23:30:48 +0000] "GET /v2.0/floatingips HTTP/1.1" 200 19 "-" "python-neutronclient"
10.128.0.2 - - [03/Dec/2025:23:30:47 +0000] "POST /v2.0/subnets HTTP/1.1" 201 633 "-" "python-urllib3/1.26.5"
10.128.0.2 - - [03/Dec/2025:23:30:49 +0000] "PUT /v2.0/routers/541ce069-53af-46b3-b120-520dcca53db1/add_router_interface HTTP/1.1" 200 309 "-" "python-urllib3/1.26.5"
10.128.0.2 - - [03/Dec/2025:23:30:52 +0000] "POST /v2.0/security-groups HTTP/1.1" 201 1615 "-" "python-urllib3/1.26.5"
10.128.0.2 - - [03/Dec/2025:23:30:52 +0000] "POST /v2.0/security-groups HTTP/1.1" 201 1617 "-" "python-urllib3/1.26.5"
10.128.0.2 - - [03/Dec/2025:23:30:53 +0000] "GET / HTTP/1.1" 200 122 "-" "kube-probe/1.31"
10.128.0.2 - - [03/Dec/2025:23:30:53 +0000] "GET / HTTP/1.1" 200 122 "-" "kube-probe/1.31"
10.128.0.2 - - [03/Dec/2025:23:30:53 +0000] "GET / HTTP/1.1" 200 122 "-" "kube-probe/1.31"
10.128.0.2 - - [03/Dec/2025:23:30:53 +0000] "POST /v2.0/security-group-rules HTTP/1.1" 201 565 "-" "python-urllib3/1.26.5"
10.128.1.49 - - [03/Dec/2025:23:30:54 +0000] "GET /v2.0/security-groups?name=tempest-secgroup_general--514829147&fields=id&tenant_id=2acbb37228214c408b218b31d6d0f830 HTTP/1.1" 200 69 "-" "python-neutronclient"
10.128.1.49 - - [03/Dec/2025:23:30:54 +0000] "GET /v2.0/security-groups?name=tempest-secgroup_access--373080727&fields=id&tenant_id=2acbb37228214c408b218b31d6d0f830 HTTP/1.1" 200 69 "-" "python-neutronclient"
10.128.1.49 - - [03/Dec/2025:23:30:54 +0000] "GET /v2.0/networks?id=56befae1-bcdc-422a-9c81-d1acd0b39b8b HTTP/1.1" 200 673 "-" "python-neutronclient"
10.128.1.49 - - [03/Dec/2025:23:30:55 +0000] "GET /v2.0/quotas/2acbb37228214c408b218b31d6d0f830 HTTP/1.1" 200 187 "-" "python-neutronclient"
10.128.1.49 - - [03/Dec/2025:23:30:55 +0000] "GET /v2.0/ports?tenant_id=2acbb37228214c408b218b31d6d0f830&fields=id HTTP/1.1" 200 103 "-" "python-neutronclient"
10.128.1.49 - - [03/Dec/2025:23:30:55 +0000] "GET /v2.0/networks/56befae1-bcdc-422a-9c81-d1acd0b39b8b?fields=segments HTTP/1.1" 200 14 "-" "python-neutronclient"
10.128.1.49 - - [03/Dec/2025:23:30:55 +0000] "GET /v2.0/networks/56befae1-bcdc-422a-9c81-d1acd0b39b8b?fields=provider%3Aphysical_network&fields=provider%3Anetwork_type HTTP/1.1" 200 79 "-" "python-neutronclient"
10.128.1.51 - - [03/Dec/2025:23:30:56 +0000] "GET /v2.0/extensions HTTP/1.1" 200 17369 "-" "python-neutronclient"
10.128.1.49 - - [03/Dec/2025:23:30:56 +0000] "GET /v2.0/ports?device_id=1cb35ee5-e5e3-477e-8284-2ffa46a3ebf8 HTTP/1.1" 200 12 "-" "python-neutronclient"
10.128.1.51 - - [03/Dec/2025:23:30:56 +0000] "GET /v2.0/subnets?network_id=56befae1-bcdc-422a-9c81-d1acd0b39b8b&fields=segment_id HTTP/1.1" 200 33 "-" "python-neutronclient"
10.128.1.49 - - [03/Dec/2025:23:30:57 +0000] "GET /v2.0/ports?device_id=1cb35ee5-e5e3-477e-8284-2ffa46a3ebf8 HTTP/1.1" 200 12 "-" "python-neutronclient"
100.64.0.2 - - [03/Dec/2025:23:30:57 +0000] "GET /v2.0/networks?id=56befae1-bcdc-422a-9c81-d1acd0b39b8b HTTP/1.1" 200 673 "-" "python-neutronclient"
100.64.0.2 - - [03/Dec/2025:23:30:57 +0000] "GET /v2.0/security-groups?fields=id&fields=name&tenant_id=2acbb37228214c408b218b31d6d0f830 HTTP/1.1" 200 277 "-" "python-neutronclient"
100.64.0.2 - - [03/Dec/2025:23:30:58 +0000] "POST /v2.0/ports HTTP/1.1" 201 998 "-" "python-neutronclient"
10.128.1.49 - - [03/Dec/2025:23:30:59 +0000] "GET /v2.0/ports?device_id=1cb35ee5-e5e3-477e-8284-2ffa46a3ebf8 HTTP/1.1" 200 1172 "-" "python-neutronclient"
10.128.1.49 - - [03/Dec/2025:23:30:59 +0000] "GET /v2.0/security-groups?id=b870c134-c7d1-4ebc-b50a-e3d880f64d5d&id=71462c13-4dc0-49c9-9cde-4b92e308a468&fields=id&fields=name HTTP/1.1" 200 210 "-" "python-neutronclient"
100.64.0.2 - - [03/Dec/2025:23:30:58 +0000] "PUT /v2.0/ports/cab46e46-ab6a-4ba2-a189-0ec0fc64300e HTTP/1.1" 200 1408 "-" "python-neutronclient"
100.64.0.2 - - [03/Dec/2025:23:30:59 +0000] "GET /v2.0/ports?tenant_id=2acbb37228214c408b218b31d6d0f830&device_id=1cb35ee5-e5e3-477e-8284-2ffa46a3ebf8 HTTP/1.1" 200 1439 "-" "python-neutronclient"
100.64.0.2 - - [03/Dec/2025:23:30:59 +0000] "GET /v2.0/floatingips?fixed_ip_address=10.100.0.7&port_id=cab46e46-ab6a-4ba2-a189-0ec0fc64300e HTTP/1.1" 200 19 "-" "python-neutronclient"
100.64.0.2 - - [03/Dec/2025:23:30:59 +0000] "GET /v2.0/subnets?id=f35d82e6-6ee6-44c3-9b01-4dc52c37d4db HTTP/1.1" 200 654 "-" "python-neutronclient"
100.64.0.2 - - [03/Dec/2025:23:30:59 +0000] "GET /v2.0/ports?network_id=56befae1-bcdc-422a-9c81-d1acd0b39b8b&device_owner=network%3Adhcp HTTP/1.1" 200 12 "-" "python-neutronclient"
10.128.1.49 - - [03/Dec/2025:23:31:00 +0000] "GET /v2.0/ports?device_id=1cb35ee5-e5e3-477e-8284-2ffa46a3ebf8 HTTP/1.1" 200 1172 "-" "python-neutronclient"
100.64.0.2 - - [03/Dec/2025:23:31:00 +0000] "GET /v2.0/networks/56befae1-bcdc-422a-9c81-d1acd0b39b8b?fields=segments HTTP/1.1" 200 14 "-" "python-neutronclient"
10.128.1.49 - - [03/Dec/2025:23:31:00 +0000] "GET /v2.0/security-groups?id=b870c134-c7d1-4ebc-b50a-e3d880f64d5d&id=71462c13-4dc0-49c9-9cde-4b92e308a468&fields=id&fields=name HTTP/1.1" 200 210 "-" "python-neutronclient"
100.64.0.2 - - [03/Dec/2025:23:31:01 +0000] "GET /v2.0/networks/56befae1-bcdc-422a-9c81-d1acd0b39b8b?fields=provider%3Aphysical_network&fields=provider%3Anetwork_type HTTP/1.1" 200 79 "-" "python-neutronclient"
100.64.0.2 - - [03/Dec/2025:23:31:01 +0000] "GET /v2.0/ports?tenant_id=2acbb37228214c408b218b31d6d0f830&device_id=1cb35ee5-e5e3-477e-8284-2ffa46a3ebf8 HTTP/1.1" 200 1439 "-" "python-neutronclient"
100.64.0.2 - - [03/Dec/2025:23:31:02 +0000] "GET /v2.0/ports?device_id=1cb35ee5-e5e3-477e-8284-2ffa46a3ebf8 HTTP/1.1" 200 1439 "-" "python-neutronclient"
100.64.0.2 - - [03/Dec/2025:23:31:02 +0000] "GET /v2.0/networks?id=56befae1-bcdc-422a-9c81-d1acd0b39b8b HTTP/1.1" 200 772 "-" "python-neutronclient"
10.128.1.49 - - [03/Dec/2025:23:31:02 +0000] "GET /v2.0/ports?device_id=1cb35ee5-e5e3-477e-8284-2ffa46a3ebf8 HTTP/1.1" 200 1172 "-" "python-neutronclient"
100.64.0.2 - - [03/Dec/2025:23:31:02 +0000] "GET /v2.0/floatingips?fixed_ip_address=10.100.0.7&port_id=cab46e46-ab6a-4ba2-a189-0ec0fc64300e HTTP/1.1" 200 19 "-" "python-neutronclient"
100.64.0.2 - - [03/Dec/2025:23:31:02 +0000] "GET /v2.0/security-groups?id=b870c134-c7d1-4ebc-b50a-e3d880f64d5d&id=71462c13-4dc0-49c9-9cde-4b92e308a468&fields=id&fields=name HTTP/1.1" 200 210 "-" "python-neutronclient"
10.128.1.49 - - [03/Dec/2025:23:31:02 +0000] "GET /v2.0/security-groups?id=b870c134-c7d1-4ebc-b50a-e3d880f64d5d&id=71462c13-4dc0-49c9-9cde-4b92e308a468&fields=id&fields=name HTTP/1.1" 200 210 "-" "python-neutronclient"
100.64.0.2 - - [03/Dec/2025:23:31:03 +0000] "GET /v2.0/subnets?id=f35d82e6-6ee6-44c3-9b01-4dc52c37d4db HTTP/1.1" 200 654 "-" "python-neutronclient"
100.64.0.2 - - [03/Dec/2025:23:31:03 +0000] "GET /v2.0/ports?network_id=56befae1-bcdc-422a-9c81-d1acd0b39b8b&device_owner=network%3Adhcp HTTP/1.1" 200 12 "-" "python-neutronclient"
100.64.0.2 - - [03/Dec/2025:23:31:03 +0000] "GET /v2.0/networks/56befae1-bcdc-422a-9c81-d1acd0b39b8b?fields=segments HTTP/1.1" 200 14 "-" "python-neutronclient"
100.64.0.2 - - [03/Dec/2025:23:31:03 +0000] "GET /v2.0/networks/56befae1-bcdc-422a-9c81-d1acd0b39b8b?fields=provider%3Aphysical_network&fields=provider%3Anetwork_type HTTP/1.1" 200 79 "-" "python-neutronclient"
10.128.1.49 - - [03/Dec/2025:23:31:04 +0000] "GET /v2.0/ports?device_id=1cb35ee5-e5e3-477e-8284-2ffa46a3ebf8 HTTP/1.1" 200 1174 "-" "python-neutronclient"
10.128.1.49 - - [03/Dec/2025:23:31:04 +0000] "GET /v2.0/security-groups?id=b870c134-c7d1-4ebc-b50a-e3d880f64d5d&id=71462c13-4dc0-49c9-9cde-4b92e308a468&fields=id&fields=name HTTP/1.1" 200 210 "-" "python-neutronclient"
10.128.1.49 - - [03/Dec/2025:23:31:06 +0000] "GET /v2.0/ports?device_id=1cb35ee5-e5e3-477e-8284-2ffa46a3ebf8 HTTP/1.1" 200 1174 "-" "python-neutronclient"
10.128.1.49 - - [03/Dec/2025:23:31:06 +0000] "GET /v2.0/security-groups?id=b870c134-c7d1-4ebc-b50a-e3d880f64d5d&id=71462c13-4dc0-49c9-9cde-4b92e308a468&fields=id&fields=name HTTP/1.1" 200 210 "-" "python-neutronclient"
10.128.1.49 - - [03/Dec/2025:23:31:07 +0000] "GET /v2.0/ports?device_id=1cb35ee5-e5e3-477e-8284-2ffa46a3ebf8 HTTP/1.1" 200 1174 "-" "python-neutronclient"
10.128.1.49 - - [03/Dec/2025:23:31:07 +0000] "GET /v2.0/security-groups?id=b870c134-c7d1-4ebc-b50a-e3d880f64d5d&id=71462c13-4dc0-49c9-9cde-4b92e308a468&fields=id&fields=name HTTP/1.1" 200 210 "-" "python-neutronclient"
10.128.0.2 - - [03/Dec/2025:23:31:07 +0000] "GET /v2.0/ports?device_id=1cb35ee5-e5e3-477e-8284-2ffa46a3ebf8 HTTP/1.1" 200 1441 "-" "python-urllib3/1.26.5"
10.128.0.2 - - [03/Dec/2025:23:31:08 +0000] "POST /v2.0/floatingips HTTP/1.1" 201 881 "-" "python-urllib3/1.26.5"
10.128.0.2 - - [03/Dec/2025:23:31:09 +0000] "GET /v2.0/networks HTTP/1.1" 200 4567 "-" "python-urllib3/1.26.5"
10.128.0.2 - - [03/Dec/2025:23:31:09 +0000] "GET /v2.0/subnets HTTP/1.1" 200 3912 "-" "python-urllib3/1.26.5"
100.64.0.2 - - [03/Dec/2025:23:31:09 +0000] "GET /v2.0/ports?tenant_id=2acbb37228214c408b218b31d6d0f830&device_id=1cb35ee5-e5e3-477e-8284-2ffa46a3ebf8 HTTP/1.1" 200 1441 "-" "python-neutronclient"
10.128.0.2 - - [03/Dec/2025:23:31:10 +0000] "GET /v2.0/routers HTTP/1.1" 200 1316 "-" "python-urllib3/1.26.5"
10.128.0.2 - - [03/Dec/2025:23:31:10 +0000] "GET /v2.0/ports?device_id=541ce069-53af-46b3-b120-520dcca53db1 HTTP/1.1" 200 2203 "-" "python-urllib3/1.26.5"
100.64.0.2 - - [03/Dec/2025:23:31:10 +0000] "GET /v2.0/networks?id=56befae1-bcdc-422a-9c81-d1acd0b39b8b HTTP/1.1" 200 772 "-" "python-neutronclient"
100.64.0.2 - - [03/Dec/2025:23:31:10 +0000] "GET /v2.0/floatingips?fixed_ip_address=10.100.0.7&port_id=cab46e46-ab6a-4ba2-a189-0ec0fc64300e HTTP/1.1" 200 886 "-" "python-neutronclient"
100.64.0.2 - - [03/Dec/2025:23:31:10 +0000] "GET /v2.0/subnets?id=f35d82e6-6ee6-44c3-9b01-4dc52c37d4db HTTP/1.1" 200 654 "-" "python-neutronclient"
100.64.0.2 - - [03/Dec/2025:23:31:11 +0000] "GET /v2.0/ports?network_id=56befae1-bcdc-422a-9c81-d1acd0b39b8b&device_owner=network%3Adhcp HTTP/1.1" 200 12 "-" "python-neutronclient"
100.64.0.2 - - [03/Dec/2025:23:31:11 +0000] "GET /v2.0/networks/56befae1-bcdc-422a-9c81-d1acd0b39b8b?fields=segments HTTP/1.1" 200 14 "-" "python-neutronclient"
100.64.0.2 - - [03/Dec/2025:23:31:11 +0000] "GET /v2.0/networks/56befae1-bcdc-422a-9c81-d1acd0b39b8b?fields=provider%3Aphysical_network&fields=provider%3Anetwork_type HTTP/1.1" 200 79 "-" "python-neutronclient"
10.128.0.2 - - [03/Dec/2025:23:31:23 +0000] "GET / HTTP/1.1" 200 122 "-" "kube-probe/1.31"
10.128.0.2 - - [03/Dec/2025:23:31:23 +0000] "GET / HTTP/1.1" 200 122 "-" "kube-probe/1.31"
10.128.0.2 - - [03/Dec/2025:23:31:23 +0000] "GET / HTTP/1.1" 200 122 "-" "kube-probe/1.31"
10.128.0.2 - - [03/Dec/2025:23:31:25 +0000] "GET /v2.0/ports?fields=fixed_ips&fields=mac_address HTTP/1.1" 200 1581 "-" "python-urllib3/1.26.5"
10.128.0.2 - - [03/Dec/2025:23:31:26 +0000] "POST /v2.0/security-groups HTTP/1.1" 201 1609 "-" "python-urllib3/1.26.5"
10.128.0.2 - - [03/Dec/2025:23:31:28 +0000] "POST /v2.0/security-group-rules HTTP/1.1" 201 570 "-" "python-urllib3/1.26.5"
10.128.1.49 - - [03/Dec/2025:23:31:29 +0000] "GET /v2.0/security-groups?name=tempest-secgroup_general--514829147&fields=id&tenant_id=2acbb37228214c408b218b31d6d0f830 HTTP/1.1" 200 69 "-" "python-neutronclient"
10.128.1.49 - - [03/Dec/2025:23:31:29 +0000] "GET /v2.0/networks?id=56befae1-bcdc-422a-9c81-d1acd0b39b8b HTTP/1.1" 200 673 "-" "python-neutronclient"
10.128.1.49 - - [03/Dec/2025:23:31:30 +0000] "GET /v2.0/quotas/2acbb37228214c408b218b31d6d0f830 HTTP/1.1" 200 187 "-" "python-neutronclient"
10.128.1.49 - - [03/Dec/2025:23:31:30 +0000] "GET /v2.0/ports?tenant_id=2acbb37228214c408b218b31d6d0f830&fields=id HTTP/1.1" 200 149 "-" "python-neutronclient"
10.128.1.49 - - [03/Dec/2025:23:31:30 +0000] "GET /v2.0/networks/56befae1-bcdc-422a-9c81-d1acd0b39b8b?fields=segments HTTP/1.1" 200 14 "-" "python-neutronclient"
10.128.1.49 - - [03/Dec/2025:23:31:31 +0000] "GET /v2.0/networks/56befae1-bcdc-422a-9c81-d1acd0b39b8b?fields=provider%3Aphysical_network&fields=provider%3Anetwork_type HTTP/1.1" 200 79 "-" "python-neutronclient"
10.128.1.51 - - [03/Dec/2025:23:31:31 +0000] "GET /v2.0/extensions HTTP/1.1" 200 17369 "-" "python-neutronclient"
10.128.1.49 - - [03/Dec/2025:23:31:31 +0000] "GET /v2.0/ports?device_id=064fbeb7-2f74-4539-b407-eaad4f48dd28 HTTP/1.1" 200 12 "-" "python-neutronclient"
10.128.1.51 - - [03/Dec/2025:23:31:31 +0000] "GET /v2.0/subnets?network_id=56befae1-bcdc-422a-9c81-d1acd0b39b8b&fields=segment_id HTTP/1.1" 200 33 "-" "python-neutronclient"
100.64.0.2 - - [03/Dec/2025:23:31:32 +0000] "GET /v2.0/networks?id=56befae1-bcdc-422a-9c81-d1acd0b39b8b HTTP/1.1" 200 673 "-" "python-neutronclient"
100.64.0.2 - - [03/Dec/2025:23:31:32 +0000] "GET /v2.0/security-groups?fields=id&fields=name&tenant_id=2acbb37228214c408b218b31d6d0f830 HTTP/1.1" 200 368 "-" "python-neutronclient"
10.128.1.49 - - [03/Dec/2025:23:31:33 +0000] "GET /v2.0/ports?device_id=064fbeb7-2f74-4539-b407-eaad4f48dd28 HTTP/1.1" 200 12 "-" "python-neutronclient"
100.64.0.2 - - [03/Dec/2025:23:31:33 +0000] "POST /v2.0/ports HTTP/1.1" 201 963 "-" "python-neutronclient"
10.128.1.49 - - [03/Dec/2025:23:31:34 +0000] "GET /v2.0/ports?device_id=064fbeb7-2f74-4539-b407-eaad4f48dd28 HTTP/1.1" 200 1135 "-" "python-neutronclient"
10.128.1.49 - - [03/Dec/2025:23:31:34 +0000] "GET /v2.0/security-groups?id=b870c134-c7d1-4ebc-b50a-e3d880f64d5d&fields=id&fields=name HTTP/1.1" 200 116 "-" "python-neutronclient"
100.64.0.2 - - [03/Dec/2025:23:31:33 +0000] "PUT /v2.0/ports/1d1fbe5f-4729-4b19-902f-f4d37f0b081f HTTP/1.1" 200 1371 "-" "python-neutronclient"
100.64.0.2 - - [03/Dec/2025:23:31:34 +0000] "GET /v2.0/ports?tenant_id=2acbb37228214c408b218b31d6d0f830&device_id=064fbeb7-2f74-4539-b407-eaad4f48dd28 HTTP/1.1" 200 1402 "-" "python-neutronclient"
10.128.1.49 - - [03/Dec/2025:23:31:35 +0000] "GET /v2.0/ports?device_id=064fbeb7-2f74-4539-b407-eaad4f48dd28 HTTP/1.1" 200 1135 "-" "python-neutronclient"
100.64.0.2 - - [03/Dec/2025:23:31:35 +0000] "GET /v2.0/floatingips?fixed_ip_address=10.100.0.10&port_id=1d1fbe5f-4729-4b19-902f-f4d37f0b081f HTTP/1.1" 200 19 "-" "python-neutronclient"
10.128.1.49 - - [03/Dec/2025:23:31:35 +0000] "GET /v2.0/security-groups?id=b870c134-c7d1-4ebc-b50a-e3d880f64d5d&fields=id&fields=name HTTP/1.1" 200 116 "-" "python-neutronclient"
100.64.0.2 - - [03/Dec/2025:23:31:36 +0000] "GET /v2.0/subnets?id=f35d82e6-6ee6-44c3-9b01-4dc52c37d4db HTTP/1.1" 200 654 "-" "python-neutronclient"
100.64.0.2 - - [03/Dec/2025:23:31:37 +0000] "GET /v2.0/ports?network_id=56befae1-bcdc-422a-9c81-d1acd0b39b8b&device_owner=network%3Adhcp HTTP/1.1" 200 12 "-" "python-neutronclient"
100.64.0.2 - - [03/Dec/2025:23:31:38 +0000] "GET /v2.0/extensions HTTP/1.1" 200 17369 "-" "python-neutronclient"
10.128.1.49 - - [03/Dec/2025:23:31:38 +0000] "GET /v2.0/ports?device_id=064fbeb7-2f74-4539-b407-eaad4f48dd28 HTTP/1.1" 200 1135 "-" "python-neutronclient"
100.64.0.2 - - [03/Dec/2025:23:31:38 +0000] "GET /v2.0/networks/56befae1-bcdc-422a-9c81-d1acd0b39b8b?fields=segments HTTP/1.1" 200 14 "-" "python-neutronclient"
10.128.1.49 - - [03/Dec/2025:23:31:38 +0000] "GET /v2.0/security-groups?id=b870c134-c7d1-4ebc-b50a-e3d880f64d5d&fields=id&fields=name HTTP/1.1" 200 116 "-" "python-neutronclient"
100.64.0.2 - - [03/Dec/2025:23:31:38 +0000] "GET /v2.0/networks/56befae1-bcdc-422a-9c81-d1acd0b39b8b?fields=provider%3Aphysical_network&fields=provider%3Anetwork_type HTTP/1.1" 200 79 "-" "python-neutronclient"
100.64.0.2 - - [03/Dec/2025:23:31:39 +0000] "GET /v2.0/ports?tenant_id=2acbb37228214c408b218b31d6d0f830&device_id=064fbeb7-2f74-4539-b407-eaad4f48dd28 HTTP/1.1" 200 1402 "-" "python-neutronclient"
100.64.0.2 - - [03/Dec/2025:23:31:39 +0000] "GET /v2.0/ports?device_id=064fbeb7-2f74-4539-b407-eaad4f48dd28 HTTP/1.1" 200 1402 "-" "python-neutronclient"
100.64.0.2 - - [03/Dec/2025:23:31:39 +0000] "GET /v2.0/security-groups?id=b870c134-c7d1-4ebc-b50a-e3d880f64d5d&fields=id&fields=name HTTP/1.1" 200 116 "-" "python-neutronclient"
100.64.0.2 - - [03/Dec/2025:23:31:39 +0000] "GET /v2.0/networks?id=56befae1-bcdc-422a-9c81-d1acd0b39b8b HTTP/1.1" 200 772 "-" "python-neutronclient"
10.128.1.49 - - [03/Dec/2025:23:31:40 +0000] "GET /v2.0/ports?device_id=064fbeb7-2f74-4539-b407-eaad4f48dd28 HTTP/1.1" 200 1135 "-" "python-neutronclient"
100.64.0.2 - - [03/Dec/2025:23:31:40 +0000] "GET /v2.0/floatingips?fixed_ip_address=10.100.0.10&port_id=1d1fbe5f-4729-4b19-902f-f4d37f0b081f HTTP/1.1" 200 19 "-" "python-neutronclient"
10.128.1.49 - - [03/Dec/2025:23:31:40 +0000] "GET /v2.0/security-groups?id=b870c134-c7d1-4ebc-b50a-e3d880f64d5d&fields=id&fields=name HTTP/1.1" 200 116 "-" "python-neutronclient"
100.64.0.2 - - [03/Dec/2025:23:31:40 +0000] "GET /v2.0/subnets?id=f35d82e6-6ee6-44c3-9b01-4dc52c37d4db HTTP/1.1" 200 654 "-" "python-neutronclient"
100.64.0.2 - - [03/Dec/2025:23:31:41 +0000] "GET /v2.0/ports?network_id=56befae1-bcdc-422a-9c81-d1acd0b39b8b&device_owner=network%3Adhcp HTTP/1.1" 200 12 "-" "python-neutronclient"
100.64.0.2 - - [03/Dec/2025:23:31:41 +0000] "GET /v2.0/networks/56befae1-bcdc-422a-9c81-d1acd0b39b8b?fields=segments HTTP/1.1" 200 14 "-" "python-neutronclient"
100.64.0.2 - - [03/Dec/2025:23:31:42 +0000] "GET /v2.0/networks/56befae1-bcdc-422a-9c81-d1acd0b39b8b?fields=provider%3Aphysical_network&fields=provider%3Anetwork_type HTTP/1.1" 200 79 "-" "python-neutronclient"
10.128.1.49 - - [03/Dec/2025:23:31:42 +0000] "GET /v2.0/ports?device_id=064fbeb7-2f74-4539-b407-eaad4f48dd28 HTTP/1.1" 200 1137 "-" "python-neutronclient"
10.128.1.49 - - [03/Dec/2025:23:31:42 +0000] "GET /v2.0/security-groups?id=b870c134-c7d1-4ebc-b50a-e3d880f64d5d&fields=id&fields=name HTTP/1.1" 200 116 "-" "python-neutronclient"
10.128.1.49 - - [03/Dec/2025:23:31:43 +0000] "GET /v2.0/ports?device_id=064fbeb7-2f74-4539-b407-eaad4f48dd28 HTTP/1.1" 200 1137 "-" "python-neutronclient"
10.128.1.49 - - [03/Dec/2025:23:31:43 +0000] "GET /v2.0/security-groups?id=b870c134-c7d1-4ebc-b50a-e3d880f64d5d&fields=id&fields=name HTTP/1.1" 200 116 "-" "python-neutronclient"
10.128.0.2 - - [03/Dec/2025:23:31:44 +0000] "GET /v2.0/ports?device_id=064fbeb7-2f74-4539-b407-eaad4f48dd28 HTTP/1.1" 200 1404 "-" "python-urllib3/1.26.5"
10.128.0.2 - - [03/Dec/2025:23:31:45 +0000] "PUT /v2.0/ports/1d1fbe5f-4729-4b19-902f-f4d37f0b081f HTTP/1.1" 200 1134 "-" "python-urllib3/1.26.5"
100.64.0.2 - - [03/Dec/2025:23:31:48 +0000] "GET /v2.0/ports?tenant_id=2acbb37228214c408b218b31d6d0f830&device_id=064fbeb7-2f74-4539-b407-eaad4f48dd28 HTTP/1.1" 200 1404 "-" "python-neutronclient"
100.64.0.2 - - [03/Dec/2025:23:31:48 +0000] "GET /v2.0/networks?id=56befae1-bcdc-422a-9c81-d1acd0b39b8b HTTP/1.1" 200 772 "-" "python-neutronclient"
100.64.0.2 - - [03/Dec/2025:23:31:48 +0000] "GET /v2.0/floatingips?fixed_ip_address=10.100.0.10&port_id=1d1fbe5f-4729-4b19-902f-f4d37f0b081f HTTP/1.1" 200 19 "-" "python-neutronclient"
100.64.0.2 - - [03/Dec/2025:23:31:48 +0000] "GET /v2.0/subnets?id=f35d82e6-6ee6-44c3-9b01-4dc52c37d4db HTTP/1.1" 200 654 "-" "python-neutronclient"
100.64.0.2 - - [03/Dec/2025:23:31:49 +0000] "GET /v2.0/ports?network_id=56befae1-bcdc-422a-9c81-d1acd0b39b8b&device_owner=network%3Adhcp HTTP/1.1" 200 12 "-" "python-neutronclient"
100.64.0.2 - - [03/Dec/2025:23:31:49 +0000] "GET /v2.0/networks/56befae1-bcdc-422a-9c81-d1acd0b39b8b?fields=segments HTTP/1.1" 200 14 "-" "python-neutronclient"
100.64.0.2 - - [03/Dec/2025:23:31:50 +0000] "GET /v2.0/networks/56befae1-bcdc-422a-9c81-d1acd0b39b8b?fields=provider%3Aphysical_network&fields=provider%3Anetwork_type HTTP/1.1" 200 79 "-" "python-neutronclient"
10.128.0.2 - - [03/Dec/2025:23:31:53 +0000] "GET / HTTP/1.1" 200 122 "-" "kube-probe/1.31"
10.128.0.2 - - [03/Dec/2025:23:31:53 +0000] "GET / HTTP/1.1" 200 122 "-" "kube-probe/1.31"
10.128.0.2 - - [03/Dec/2025:23:31:53 +0000] "GET / HTTP/1.1" 200 122 "-" "kube-probe/1.31"
100.64.0.2 - - [03/Dec/2025:23:32:00 +0000] "GET /v2.0/ports?device_id=1cb35ee5-e5e3-477e-8284-2ffa46a3ebf8&fields=binding%3Ahost_id&fields=binding%3Avif_type HTTP/1.1" 200 96 "-" "python-neutronclient"
100.64.0.2 - - [03/Dec/2025:23:32:00 +0000] "GET /v2.0/ports?tenant_id=2acbb37228214c408b218b31d6d0f830&device_id=1cb35ee5-e5e3-477e-8284-2ffa46a3ebf8 HTTP/1.1" 200 1441 "-" "python-neutronclient"
10.128.1.49 - - [03/Dec/2025:23:32:01 +0000] "GET /v2.0/ports?device_id=064fbeb7-2f74-4539-b407-eaad4f48dd28 HTTP/1.1" 200 1137 "-" "python-neutronclient"
100.64.0.2 - - [03/Dec/2025:23:32:01 +0000] "GET /v2.0/networks?id=56befae1-bcdc-422a-9c81-d1acd0b39b8b HTTP/1.1" 200 772 "-" "python-neutronclient"
10.128.1.49 - - [03/Dec/2025:23:32:01 +0000] "GET /v2.0/security-groups?id=47b4e0c8-4ea8-4ed6-9fbe-ae573ee81ad0&fields=id&fields=name HTTP/1.1" 200 112 "-" "python-neutronclient"
100.64.0.2 - - [03/Dec/2025:23:32:01 +0000] "GET /v2.0/ports?device_id=064fbeb7-2f74-4539-b407-eaad4f48dd28 HTTP/1.1" 200 1135 "-" "python-neutronclient"
100.64.0.2 - - [03/Dec/2025:23:32:01 +0000] "GET /v2.0/floatingips?fixed_ip_address=10.100.0.7&port_id=cab46e46-ab6a-4ba2-a189-0ec0fc64300e HTTP/1.1" 200 886 "-" "python-neutronclient"
100.64.0.2 - - [03/Dec/2025:23:32:01 +0000] "GET /v2.0/subnets?id=f35d82e6-6ee6-44c3-9b01-4dc52c37d4db HTTP/1.1" 200 654 "-" "python-neutronclient"
100.64.0.2 - - [03/Dec/2025:23:32:01 +0000] "GET /v2.0/ports?network_id=56befae1-bcdc-422a-9c81-d1acd0b39b8b&device_owner=network%3Adhcp HTTP/1.1" 200 12 "-" "python-neutronclient"
100.64.0.2 - - [03/Dec/2025:23:32:01 +0000] "DELETE /v2.0/ports/1d1fbe5f-4729-4b19-902f-f4d37f0b081f HTTP/1.1" 204 - "-" "python-neutronclient"
100.64.0.2 - - [03/Dec/2025:23:32:02 +0000] "GET /v2.0/networks/56befae1-bcdc-422a-9c81-d1acd0b39b8b?fields=segments HTTP/1.1" 200 14 "-" "python-neutronclient"
100.64.0.2 - - [03/Dec/2025:23:32:02 +0000] "GET /v2.0/networks/56befae1-bcdc-422a-9c81-d1acd0b39b8b?fields=provider%3Aphysical_network&fields=provider%3Anetwork_type HTTP/1.1" 200 79 "-" "python-neutronclient"
10.128.1.49 - - [03/Dec/2025:23:32:02 +0000] "GET /v2.0/ports?device_id=064fbeb7-2f74-4539-b407-eaad4f48dd28 HTTP/1.1" 200 12 "-" "python-neutronclient"
10.128.0.2 - - [03/Dec/2025:23:32:03 +0000] "DELETE /v2.0/security-groups/47b4e0c8-4ea8-4ed6-9fbe-ae573ee81ad0 HTTP/1.1" 204 - "-" "python-urllib3/1.26.5"
10.128.0.2 - - [03/Dec/2025:23:32:04 +0000] "DELETE /v2.0/floatingips/ced71285-919f-4079-a915-88f5de4db5eb HTTP/1.1" 204 - "-" "python-urllib3/1.26.5"
100.64.0.2 - - [03/Dec/2025:23:32:07 +0000] "GET /v2.0/ports?tenant_id=2acbb37228214c408b218b31d6d0f830&device_id=1cb35ee5-e5e3-477e-8284-2ffa46a3ebf8 HTTP/1.1" 200 1441 "-" "python-neutronclient"
100.64.0.2 - - [03/Dec/2025:23:32:07 +0000] "GET /v2.0/networks?id=56befae1-bcdc-422a-9c81-d1acd0b39b8b HTTP/1.1" 200 772 "-" "python-neutronclient"
100.64.0.2 - - [03/Dec/2025:23:32:07 +0000] "GET /v2.0/floatingips?fixed_ip_address=10.100.0.7&port_id=cab46e46-ab6a-4ba2-a189-0ec0fc64300e HTTP/1.1" 200 19 "-" "python-neutronclient"
10.128.1.49 - - [03/Dec/2025:23:32:07 +0000] "GET /v2.0/ports?device_id=1cb35ee5-e5e3-477e-8284-2ffa46a3ebf8 HTTP/1.1" 200 1174 "-" "python-neutronclient"
100.64.0.2 - - [03/Dec/2025:23:32:07 +0000] "GET /v2.0/subnets?id=f35d82e6-6ee6-44c3-9b01-4dc52c37d4db HTTP/1.1" 200 654 "-" "python-neutronclient"
100.64.0.2 - - [03/Dec/2025:23:32:07 +0000] "GET /v2.0/ports?network_id=56befae1-bcdc-422a-9c81-d1acd0b39b8b&device_owner=network%3Adhcp HTTP/1.1" 200 12 "-" "python-neutronclient"
100.64.0.2 - - [03/Dec/2025:23:32:07 +0000] "GET /v2.0/ports?device_id=1cb35ee5-e5e3-477e-8284-2ffa46a3ebf8 HTTP/1.1" 200 1172 "-" "python-neutronclient"
10.128.1.49 - - [03/Dec/2025:23:32:07 +0000] "GET /v2.0/security-groups?id=b870c134-c7d1-4ebc-b50a-e3d880f64d5d&id=71462c13-4dc0-49c9-9cde-4b92e308a468&fields=id&fields=name HTTP/1.1" 200 210 "-" "python-neutronclient"
100.64.0.2 - - [03/Dec/2025:23:32:07 +0000] "GET /v2.0/networks/56befae1-bcdc-422a-9c81-d1acd0b39b8b?fields=segments HTTP/1.1" 200 14 "-" "python-neutronclient"
100.64.0.2 - - [03/Dec/2025:23:32:07 +0000] "GET /v2.0/networks/56befae1-bcdc-422a-9c81-d1acd0b39b8b?fields=provider%3Aphysical_network&fields=provider%3Anetwork_type HTTP/1.1" 200 79 "-" "python-neutronclient"
100.64.0.2 - - [03/Dec/2025:23:32:07 +0000] "DELETE /v2.0/ports/cab46e46-ab6a-4ba2-a189-0ec0fc64300e HTTP/1.1" 204 - "-" "python-neutronclient"
10.128.1.49 - - [03/Dec/2025:23:32:09 +0000] "GET /v2.0/ports?device_id=1cb35ee5-e5e3-477e-8284-2ffa46a3ebf8 HTTP/1.1" 200 12 "-" "python-neutronclient"
10.128.0.2 - - [03/Dec/2025:23:32:10 +0000] "DELETE /v2.0/security-groups/b870c134-c7d1-4ebc-b50a-e3d880f64d5d HTTP/1.1" 204 - "-" "python-urllib3/1.26.5"
10.128.0.2 - - [03/Dec/2025:23:32:10 +0000] "DELETE /v2.0/security-groups/71462c13-4dc0-49c9-9cde-4b92e308a468 HTTP/1.1" 204 - "-" "python-urllib3/1.26.5"
10.128.0.2 - - [03/Dec/2025:23:32:11 +0000] "PUT /v2.0/routers/541ce069-53af-46b3-b120-520dcca53db1/remove_router_interface HTTP/1.1" 200 309 "-" "python-urllib3/1.26.5"
10.128.0.2 - - [03/Dec/2025:23:32:13 +0000] "DELETE /v2.0/subnets/f35d82e6-6ee6-44c3-9b01-4dc52c37d4db HTTP/1.1" 204 - "-" "python-urllib3/1.26.5"
10.128.0.2 - - [03/Dec/2025:23:32:13 +0000] "DELETE /v2.0/routers/541ce069-53af-46b3-b120-520dcca53db1 HTTP/1.1" 204 - "-" "python-urllib3/1.26.5"
10.128.0.2 - - [03/Dec/2025:23:32:14 +0000] "DELETE /v2.0/networks/56befae1-bcdc-422a-9c81-d1acd0b39b8b HTTP/1.1" 204 - "-" "python-urllib3/1.26.5"
10.128.0.2 - - [03/Dec/2025:23:32:16 +0000] "GET /v2.0/security-groups?tenant_id=2acbb37228214c408b218b31d6d0f830&name=default HTTP/1.1" 200 2805 "-" "python-urllib3/1.26.5"
10.128.0.2 - - [03/Dec/2025:23:32:16 +0000] "DELETE /v2.0/security-groups/905b5bfa-440b-4a13-ae67-d7d884cafc04 HTTP/1.1" 204 - "-" "python-urllib3/1.26.5"
10.128.0.2 - - [03/Dec/2025:23:32:17 +0000] "GET /v2.0/security-groups?tenant_id=187a1cbe79574a0bb8074b8a7d039dc7&name=default HTTP/1.1" 200 2805 "-" "python-urllib3/1.26.5"
10.128.0.2 - - [03/Dec/2025:23:32:17 +0000] "DELETE /v2.0/security-groups/e414cc26-c092-463b-8a33-33750047cc92 HTTP/1.1" 204 - "-" "python-urllib3/1.26.5"
10.128.0.2 - - [03/Dec/2025:23:32:18 +0000] "GET /v2.0/security-groups?tenant_id=5912f137b1b64b9589d4ffa9287bb984&name=default HTTP/1.1" 200 2805 "-" "python-urllib3/1.26.5"
10.128.0.2 - - [03/Dec/2025:23:32:18 +0000] "DELETE /v2.0/security-groups/391d8a5d-d153-4233-93d8-d54d811bf330 HTTP/1.1" 204 - "-" "python-urllib3/1.26.5"
10.128.0.2 - - [03/Dec/2025:23:32:21 +0000] "POST /v2.0/networks HTTP/1.1" 201 766 "-" "python-urllib3/1.26.5"
10.128.0.2 - - [03/Dec/2025:23:32:23 +0000] "GET / HTTP/1.1" 200 122 "-" "kube-probe/1.31"
10.128.0.2 - - [03/Dec/2025:23:32:23 +0000] "GET / HTTP/1.1" 200 122 "-" "kube-probe/1.31"
10.128.0.2 - - [03/Dec/2025:23:32:23 +0000] "GET / HTTP/1.1" 200 122 "-" "kube-probe/1.31"
10.128.0.2 - - [03/Dec/2025:23:32:22 +0000] "POST /v2.0/subnets HTTP/1.1" 201 667 "-" "python-urllib3/1.26.5"
10.128.0.2 - - [03/Dec/2025:23:32:23 +0000] "POST /v2.0/routers HTTP/1.1" 201 674 "-" "python-urllib3/1.26.5"
10.128.0.2 - - [03/Dec/2025:23:32:25 +0000] "PUT /v2.0/routers/f6241046-c845-43cf-abb3-e9e67a5a265b/add_router_interface HTTP/1.1" 200 309 "-" "python-urllib3/1.26.5"
