100.64.0.2 - - [03/Dec/2025:23:23:25 +0000] "GET /v2.0/networks/3e923573-8051-4079-b11a-69767f82a64d?fields=provider%3Aphysical_network&fields=provider%3Anetwork_type HTTP/1.1" 200 79 "-" "python-neutronclient"
10.128.0.2 - - [03/Dec/2025:23:23:24 +0000] "PUT /v2.0/routers/ba37c0a3-7602-4485-a496-f5332835839d/remove_router_interface HTTP/1.1" 200 309 "-" "python-urllib3/1.26.5"
10.128.0.2 - - [03/Dec/2025:23:23:26 +0000] "DELETE /v2.0/subnets/8c79d02e-c765-448a-b1f5-4a5341432b20 HTTP/1.1" 204 - "-" "python-urllib3/1.26.5"
10.128.0.2 - - [03/Dec/2025:23:23:27 +0000] "PUT /v2.0/routers/ba37c0a3-7602-4485-a496-f5332835839d/remove_router_interface HTTP/1.1" 200 309 "-" "python-urllib3/1.26.5"
10.128.0.2 - - [03/Dec/2025:23:23:28 +0000] "DELETE /v2.0/routers/ba37c0a3-7602-4485-a496-f5332835839d HTTP/1.1" 204 - "-" "python-urllib3/1.26.5"
10.128.0.2 - - [03/Dec/2025:23:23:29 +0000] "DELETE /v2.0/subnets/9fb55be9-8ac1-45fc-8efc-24fe2debb77c HTTP/1.1" 204 - "-" "python-urllib3/1.26.5"
10.128.0.2 - - [03/Dec/2025:23:23:30 +0000] "DELETE /v2.0/networks/3e923573-8051-4079-b11a-69767f82a64d HTTP/1.1" 204 - "-" "python-urllib3/1.26.5"
10.128.0.2 - - [03/Dec/2025:23:23:31 +0000] "DELETE /v2.0/security-groups/610b6b47-5543-4536-9a01-d426b051288c HTTP/1.1" 204 - "-" "python-urllib3/1.26.5"
10.128.0.2 - - [03/Dec/2025:23:23:32 +0000] "GET /v2.0/security-groups?tenant_id=392542f6ffae4fd4801c87a6dbbba04a&name=default HTTP/1.1" 200 2805 "-" "python-urllib3/1.26.5"
10.128.0.2 - - [03/Dec/2025:23:23:33 +0000] "DELETE /v2.0/security-groups/565149b4-705f-4984-b2b6-45287669d325 HTTP/1.1" 204 - "-" "python-urllib3/1.26.5"
10.128.0.2 - - [03/Dec/2025:23:23:33 +0000] "GET /v2.0/security-groups?tenant_id=8edcb9e8bd074a6db5931da8d1e0eeb5&name=default HTTP/1.1" 200 2805 "-" "python-urllib3/1.26.5"
10.128.0.2 - - [03/Dec/2025:23:23:35 +0000] "DELETE /v2.0/security-groups/71608585-7250-4d67-952c-c92d82801e39 HTTP/1.1" 204 - "-" "python-urllib3/1.26.5"
10.128.0.2 - - [03/Dec/2025:23:23:40 +0000] "GET /v2.0/security-groups?tenant_id=da54137f2da143fca9b22841ffc645b4&name=default HTTP/1.1" 200 2805 "-" "python-urllib3/1.26.5"
10.128.0.2 - - [03/Dec/2025:23:23:41 +0000] "DELETE /v2.0/security-groups/d4ad4e2c-a8aa-4c42-b6e4-07228e26463e HTTP/1.1" 204 - "-" "python-urllib3/1.26.5"
10.128.0.2 - - [03/Dec/2025:23:23:41 +0000] "GET /v2.0/security-groups?tenant_id=f083ad12be4e4097aa571b8633c25960&name=default HTTP/1.1" 200 2805 "-" "python-urllib3/1.26.5"
10.128.0.2 - - [03/Dec/2025:23:23:42 +0000] "DELETE /v2.0/security-groups/0eeb68c1-ede6-4702-9f11-812e0e67df39 HTTP/1.1" 204 - "-" "python-urllib3/1.26.5"
10.128.0.2 - - [03/Dec/2025:23:23:47 +0000] "POST /v2.0/networks HTTP/1.1" 201 651 "-" "python-urllib3/1.26.5"
10.128.0.2 - - [03/Dec/2025:23:23:53 +0000] "GET / HTTP/1.1" 200 122 "-" "kube-probe/1.31"
10.128.0.2 - - [03/Dec/2025:23:23:53 +0000] "GET / HTTP/1.1" 200 122 "-" "kube-probe/1.31"
10.128.0.2 - - [03/Dec/2025:23:23:53 +0000] "GET / HTTP/1.1" 200 122 "-" "kube-probe/1.31"
10.128.0.2 - - [03/Dec/2025:23:23:49 +0000] "POST /v2.0/routers HTTP/1.1" 201 679 "-" "python-urllib3/1.26.5"
10.128.0.2 - - [03/Dec/2025:23:23:54 +0000] "GET /v2.0/subnets?project_id=2acbb37228214c408b218b31d6d0f830&cidr=10.100.0.0%2F28 HTTP/1.1" 200 14 "-" "python-urllib3/1.26.5"
10.128.0.2 - - [03/Dec/2025:23:23:54 +0000] "GET /v2.0/networks?router%3Aexternal=True HTTP/1.1" 200 1567 "-" "python-urllib3/1.26.5"
10.128.0.2 - - [03/Dec/2025:23:23:54 +0000] "GET /v2.0/subnets?network_id=028583f1-6fe0-4d55-b869-739d10dff786&cidr=10.100.0.0%2F28 HTTP/1.1" 200 14 "-" "python-urllib3/1.26.5"
10.128.0.2 - - [03/Dec/2025:23:23:55 +0000] "GET /v2.0/subnets?network_id=27d6c5e6-f9ae-4cab-9ef3-af7441386ba8&cidr=10.100.0.0%2F28 HTTP/1.1" 200 14 "-" "python-urllib3/1.26.5"
10.128.0.2 - - [03/Dec/2025:23:23:55 +0000] "POST /v2.0/subnets HTTP/1.1" 201 633 "-" "python-urllib3/1.26.5"
10.128.0.2 - - [03/Dec/2025:23:23:57 +0000] "PUT /v2.0/routers/f15280cb-ce29-4870-bc6a-bd1b3eb8530c/add_router_interface HTTP/1.1" 200 309 "-" "python-urllib3/1.26.5"
10.128.0.2 - - [03/Dec/2025:23:24:00 +0000] "POST /v2.0/security-groups HTTP/1.1" 201 1617 "-" "python-urllib3/1.26.5"
10.128.0.2 - - [03/Dec/2025:23:24:01 +0000] "POST /v2.0/security-groups HTTP/1.1" 201 1617 "-" "python-urllib3/1.26.5"
10.128.0.2 - - [03/Dec/2025:23:24:01 +0000] "POST /v2.0/security-group-rules HTTP/1.1" 201 565 "-" "python-urllib3/1.26.5"
10.128.1.49 - - [03/Dec/2025:23:24:02 +0000] "GET /v2.0/security-groups?name=tempest-secgroup_access--1504954673&fields=id&tenant_id=2acbb37228214c408b218b31d6d0f830 HTTP/1.1" 200 69 "-" "python-neutronclient"
10.128.1.49 - - [03/Dec/2025:23:24:03 +0000] "GET /v2.0/security-groups?name=tempest-secgroup_general--285829561&fields=id&tenant_id=2acbb37228214c408b218b31d6d0f830 HTTP/1.1" 200 69 "-" "python-neutronclient"
10.128.1.49 - - [03/Dec/2025:23:24:03 +0000] "GET /v2.0/networks?id=99dd1a77-01a0-42e2-a8ca-50dd0ccf798a HTTP/1.1" 200 673 "-" "python-neutronclient"
10.128.1.49 - - [03/Dec/2025:23:24:03 +0000] "GET /v2.0/quotas/2acbb37228214c408b218b31d6d0f830 HTTP/1.1" 200 187 "-" "python-neutronclient"
10.128.1.49 - - [03/Dec/2025:23:24:03 +0000] "GET /v2.0/ports?tenant_id=2acbb37228214c408b218b31d6d0f830&fields=id HTTP/1.1" 200 103 "-" "python-neutronclient"
10.128.1.49 - - [03/Dec/2025:23:24:03 +0000] "GET /v2.0/extensions HTTP/1.1" 200 17369 "-" "python-neutronclient"
10.128.1.49 - - [03/Dec/2025:23:24:03 +0000] "GET /v2.0/networks/99dd1a77-01a0-42e2-a8ca-50dd0ccf798a?fields=segments HTTP/1.1" 200 14 "-" "python-neutronclient"
10.128.1.49 - - [03/Dec/2025:23:24:04 +0000] "GET /v2.0/networks/99dd1a77-01a0-42e2-a8ca-50dd0ccf798a?fields=provider%3Aphysical_network&fields=provider%3Anetwork_type HTTP/1.1" 200 79 "-" "python-neutronclient"
10.128.1.51 - - [03/Dec/2025:23:24:04 +0000] "GET /v2.0/extensions HTTP/1.1" 200 17369 "-" "python-neutronclient"
10.128.1.49 - - [03/Dec/2025:23:24:04 +0000] "GET /v2.0/ports?device_id=a4e84135-13a0-46e6-b527-7478b86fe63a HTTP/1.1" 200 12 "-" "python-neutronclient"
10.128.1.51 - - [03/Dec/2025:23:24:04 +0000] "GET /v2.0/subnets?network_id=99dd1a77-01a0-42e2-a8ca-50dd0ccf798a&fields=segment_id HTTP/1.1" 200 33 "-" "python-neutronclient"
10.128.1.49 - - [03/Dec/2025:23:24:06 +0000] "GET /v2.0/ports?device_id=a4e84135-13a0-46e6-b527-7478b86fe63a HTTP/1.1" 200 12 "-" "python-neutronclient"
100.64.0.2 - - [03/Dec/2025:23:24:07 +0000] "GET /v2.0/networks?id=99dd1a77-01a0-42e2-a8ca-50dd0ccf798a HTTP/1.1" 200 673 "-" "python-neutronclient"
10.128.1.49 - - [03/Dec/2025:23:24:07 +0000] "GET /v2.0/ports?device_id=a4e84135-13a0-46e6-b527-7478b86fe63a HTTP/1.1" 200 12 "-" "python-neutronclient"
100.64.0.2 - - [03/Dec/2025:23:24:07 +0000] "GET /v2.0/security-groups?fields=id&fields=name&tenant_id=2acbb37228214c408b218b31d6d0f830 HTTP/1.1" 200 278 "-" "python-neutronclient"
100.64.0.2 - - [03/Dec/2025:23:24:08 +0000] "POST /v2.0/ports HTTP/1.1" 201 998 "-" "python-neutronclient"
10.128.1.49 - - [03/Dec/2025:23:24:09 +0000] "GET /v2.0/ports?device_id=a4e84135-13a0-46e6-b527-7478b86fe63a HTTP/1.1" 200 1001 "-" "python-neutronclient"
10.128.1.49 - - [03/Dec/2025:23:24:09 +0000] "GET /v2.0/security-groups?id=7511f788-fd82-44d4-bf54-98a76eb23ea3&id=bb64510c-b750-4cb1-92b0-a9e054f4c726&fields=id&fields=name HTTP/1.1" 200 211 "-" "python-neutronclient"
100.64.0.2 - - [03/Dec/2025:23:24:09 +0000] "PUT /v2.0/ports/a74461cd-a514-4a73-b53f-22c8b24fbc72 HTTP/1.1" 200 1408 "-" "python-neutronclient"
100.64.0.2 - - [03/Dec/2025:23:24:10 +0000] "GET /v2.0/ports?tenant_id=2acbb37228214c408b218b31d6d0f830&device_id=a4e84135-13a0-46e6-b527-7478b86fe63a HTTP/1.1" 200 1439 "-" "python-neutronclient"
100.64.0.2 - - [03/Dec/2025:23:24:10 +0000] "GET /v2.0/floatingips?fixed_ip_address=10.100.0.4&port_id=a74461cd-a514-4a73-b53f-22c8b24fbc72 HTTP/1.1" 200 19 "-" "python-neutronclient"
100.64.0.2 - - [03/Dec/2025:23:24:10 +0000] "GET /v2.0/subnets?id=8b62b875-0745-420b-ac33-3ab1ba327ae9 HTTP/1.1" 200 654 "-" "python-neutronclient"
100.64.0.2 - - [03/Dec/2025:23:24:10 +0000] "GET /v2.0/ports?network_id=99dd1a77-01a0-42e2-a8ca-50dd0ccf798a&device_owner=network%3Adhcp HTTP/1.1" 200 12 "-" "python-neutronclient"
10.128.1.49 - - [03/Dec/2025:23:24:10 +0000] "GET /v2.0/ports?device_id=a4e84135-13a0-46e6-b527-7478b86fe63a HTTP/1.1" 200 1172 "-" "python-neutronclient"
100.64.0.2 - - [03/Dec/2025:23:24:11 +0000] "GET /v2.0/networks/99dd1a77-01a0-42e2-a8ca-50dd0ccf798a?fields=segments HTTP/1.1" 200 14 "-" "python-neutronclient"
10.128.1.49 - - [03/Dec/2025:23:24:11 +0000] "GET /v2.0/security-groups?id=7511f788-fd82-44d4-bf54-98a76eb23ea3&id=bb64510c-b750-4cb1-92b0-a9e054f4c726&fields=id&fields=name HTTP/1.1" 200 211 "-" "python-neutronclient"
100.64.0.2 - - [03/Dec/2025:23:24:11 +0000] "GET /v2.0/networks/99dd1a77-01a0-42e2-a8ca-50dd0ccf798a?fields=provider%3Aphysical_network&fields=provider%3Anetwork_type HTTP/1.1" 200 79 "-" "python-neutronclient"
100.64.0.2 - - [03/Dec/2025:23:24:11 +0000] "GET /v2.0/ports?tenant_id=2acbb37228214c408b218b31d6d0f830&device_id=a4e84135-13a0-46e6-b527-7478b86fe63a HTTP/1.1" 200 1439 "-" "python-neutronclient"
100.64.0.2 - - [03/Dec/2025:23:24:11 +0000] "GET /v2.0/networks?id=99dd1a77-01a0-42e2-a8ca-50dd0ccf798a HTTP/1.1" 200 772 "-" "python-neutronclient"
100.64.0.2 - - [03/Dec/2025:23:24:11 +0000] "GET /v2.0/ports?device_id=a4e84135-13a0-46e6-b527-7478b86fe63a HTTP/1.1" 200 1439 "-" "python-neutronclient"
100.64.0.2 - - [03/Dec/2025:23:24:11 +0000] "GET /v2.0/floatingips?fixed_ip_address=10.100.0.4&port_id=a74461cd-a514-4a73-b53f-22c8b24fbc72 HTTP/1.1" 200 19 "-" "python-neutronclient"
100.64.0.2 - - [03/Dec/2025:23:24:11 +0000] "GET /v2.0/security-groups?id=7511f788-fd82-44d4-bf54-98a76eb23ea3&id=bb64510c-b750-4cb1-92b0-a9e054f4c726&fields=id&fields=name HTTP/1.1" 200 211 "-" "python-neutronclient"
100.64.0.2 - - [03/Dec/2025:23:24:12 +0000] "GET /v2.0/subnets?id=8b62b875-0745-420b-ac33-3ab1ba327ae9 HTTP/1.1" 200 654 "-" "python-neutronclient"
100.64.0.2 - - [03/Dec/2025:23:24:12 +0000] "GET /v2.0/ports?network_id=99dd1a77-01a0-42e2-a8ca-50dd0ccf798a&device_owner=network%3Adhcp HTTP/1.1" 200 12 "-" "python-neutronclient"
10.128.1.49 - - [03/Dec/2025:23:24:12 +0000] "GET /v2.0/ports?device_id=a4e84135-13a0-46e6-b527-7478b86fe63a HTTP/1.1" 200 1172 "-" "python-neutronclient"
100.64.0.2 - - [03/Dec/2025:23:24:12 +0000] "GET /v2.0/networks/99dd1a77-01a0-42e2-a8ca-50dd0ccf798a?fields=segments HTTP/1.1" 200 14 "-" "python-neutronclient"
10.128.1.49 - - [03/Dec/2025:23:24:12 +0000] "GET /v2.0/security-groups?id=bb64510c-b750-4cb1-92b0-a9e054f4c726&id=7511f788-fd82-44d4-bf54-98a76eb23ea3&fields=id&fields=name HTTP/1.1" 200 211 "-" "python-neutronclient"
100.64.0.2 - - [03/Dec/2025:23:24:12 +0000] "GET /v2.0/networks/99dd1a77-01a0-42e2-a8ca-50dd0ccf798a?fields=provider%3Aphysical_network&fields=provider%3Anetwork_type HTTP/1.1" 200 79 "-" "python-neutronclient"
10.128.1.49 - - [03/Dec/2025:23:24:13 +0000] "GET /v2.0/ports?device_id=a4e84135-13a0-46e6-b527-7478b86fe63a HTTP/1.1" 200 1174 "-" "python-neutronclient"
10.128.1.49 - - [03/Dec/2025:23:24:14 +0000] "GET /v2.0/security-groups?id=7511f788-fd82-44d4-bf54-98a76eb23ea3&id=bb64510c-b750-4cb1-92b0-a9e054f4c726&fields=id&fields=name HTTP/1.1" 200 211 "-" "python-neutronclient"
10.128.1.49 - - [03/Dec/2025:23:24:14 +0000] "GET /v2.0/ports?device_id=a4e84135-13a0-46e6-b527-7478b86fe63a HTTP/1.1" 200 1174 "-" "python-neutronclient"
10.128.1.49 - - [03/Dec/2025:23:24:14 +0000] "GET /v2.0/security-groups?id=bb64510c-b750-4cb1-92b0-a9e054f4c726&id=7511f788-fd82-44d4-bf54-98a76eb23ea3&fields=id&fields=name HTTP/1.1" 200 211 "-" "python-neutronclient"
10.128.0.2 - - [03/Dec/2025:23:24:14 +0000] "GET /v2.0/ports?device_id=a4e84135-13a0-46e6-b527-7478b86fe63a HTTP/1.1" 200 1441 "-" "python-urllib3/1.26.5"
10.128.0.2 - - [03/Dec/2025:23:24:14 +0000] "POST /v2.0/floatingips HTTP/1.1" 201 881 "-" "python-urllib3/1.26.5"
10.128.0.2 - - [03/Dec/2025:23:24:15 +0000] "GET /v2.0/networks HTTP/1.1" 200 4567 "-" "python-urllib3/1.26.5"
10.128.0.2 - - [03/Dec/2025:23:24:16 +0000] "GET /v2.0/subnets HTTP/1.1" 200 3912 "-" "python-urllib3/1.26.5"
100.64.0.2 - - [03/Dec/2025:23:24:16 +0000] "GET /v2.0/ports?tenant_id=2acbb37228214c408b218b31d6d0f830&device_id=a4e84135-13a0-46e6-b527-7478b86fe63a HTTP/1.1" 200 1441 "-" "python-neutronclient"
10.128.0.2 - - [03/Dec/2025:23:24:16 +0000] "GET /v2.0/routers HTTP/1.1" 200 1316 "-" "python-urllib3/1.26.5"
100.64.0.2 - - [03/Dec/2025:23:24:16 +0000] "GET /v2.0/networks?id=99dd1a77-01a0-42e2-a8ca-50dd0ccf798a HTTP/1.1" 200 772 "-" "python-neutronclient"
10.128.0.2 - - [03/Dec/2025:23:24:16 +0000] "GET /v2.0/ports?device_id=f15280cb-ce29-4870-bc6a-bd1b3eb8530c HTTP/1.1" 200 2203 "-" "python-urllib3/1.26.5"
100.64.0.2 - - [03/Dec/2025:23:24:16 +0000] "GET /v2.0/floatingips?fixed_ip_address=10.100.0.4&port_id=a74461cd-a514-4a73-b53f-22c8b24fbc72 HTTP/1.1" 200 886 "-" "python-neutronclient"
100.64.0.2 - - [03/Dec/2025:23:24:16 +0000] "GET /v2.0/subnets?id=8b62b875-0745-420b-ac33-3ab1ba327ae9 HTTP/1.1" 200 654 "-" "python-neutronclient"
100.64.0.2 - - [03/Dec/2025:23:24:16 +0000] "GET /v2.0/ports?network_id=99dd1a77-01a0-42e2-a8ca-50dd0ccf798a&device_owner=network%3Adhcp HTTP/1.1" 200 12 "-" "python-neutronclient"
100.64.0.2 - - [03/Dec/2025:23:24:17 +0000] "GET /v2.0/networks/99dd1a77-01a0-42e2-a8ca-50dd0ccf798a?fields=segments HTTP/1.1" 200 14 "-" "python-neutronclient"
100.64.0.2 - - [03/Dec/2025:23:24:17 +0000] "GET /v2.0/networks/99dd1a77-01a0-42e2-a8ca-50dd0ccf798a?fields=provider%3Aphysical_network&fields=provider%3Anetwork_type HTTP/1.1" 200 79 "-" "python-neutronclient"
10.128.0.2 - - [03/Dec/2025:23:24:23 +0000] "GET / HTTP/1.1" 200 122 "-" "kube-probe/1.31"
10.128.0.2 - - [03/Dec/2025:23:24:23 +0000] "GET / HTTP/1.1" 200 122 "-" "kube-probe/1.31"
10.128.0.2 - - [03/Dec/2025:23:24:23 +0000] "GET / HTTP/1.1" 200 122 "-" "kube-probe/1.31"
10.128.0.2 - - [03/Dec/2025:23:24:32 +0000] "GET /v2.0/ports?fields=fixed_ips&fields=mac_address HTTP/1.1" 200 1581 "-" "python-urllib3/1.26.5"
10.128.0.2 - - [03/Dec/2025:23:24:32 +0000] "POST /v2.0/networks HTTP/1.1" 201 652 "-" "python-urllib3/1.26.5"
10.128.0.2 - - [03/Dec/2025:23:24:32 +0000] "POST /v2.0/routers HTTP/1.1" 201 679 "-" "python-urllib3/1.26.5"
10.128.0.2 - - [03/Dec/2025:23:24:34 +0000] "GET /v2.0/subnets?project_id=2acbb37228214c408b218b31d6d0f830&cidr=10.100.0.0%2F28 HTTP/1.1" 200 654 "-" "python-urllib3/1.26.5"
10.128.0.2 - - [03/Dec/2025:23:24:35 +0000] "GET /v2.0/networks?router%3Aexternal=True HTTP/1.1" 200 1567 "-" "python-urllib3/1.26.5"
10.128.0.2 - - [03/Dec/2025:23:24:35 +0000] "GET /v2.0/subnets?network_id=028583f1-6fe0-4d55-b869-739d10dff786&cidr=10.100.0.0%2F28 HTTP/1.1" 200 14 "-" "python-urllib3/1.26.5"
10.128.0.2 - - [03/Dec/2025:23:24:35 +0000] "GET /v2.0/subnets?network_id=27d6c5e6-f9ae-4cab-9ef3-af7441386ba8&cidr=10.100.0.0%2F28 HTTP/1.1" 200 14 "-" "python-urllib3/1.26.5"
10.128.0.2 - - [03/Dec/2025:23:24:35 +0000] "GET /v2.0/subnets?project_id=2acbb37228214c408b218b31d6d0f830&cidr=10.100.0.16%2F28 HTTP/1.1" 200 14 "-" "python-urllib3/1.26.5"
10.128.0.2 - - [03/Dec/2025:23:24:35 +0000] "GET /v2.0/networks?router%3Aexternal=True HTTP/1.1" 200 1567 "-" "python-urllib3/1.26.5"
10.128.0.2 - - [03/Dec/2025:23:24:35 +0000] "GET /v2.0/subnets?network_id=028583f1-6fe0-4d55-b869-739d10dff786&cidr=10.100.0.16%2F28 HTTP/1.1" 200 14 "-" "python-urllib3/1.26.5"
10.128.0.2 - - [03/Dec/2025:23:24:35 +0000] "GET /v2.0/subnets?network_id=27d6c5e6-f9ae-4cab-9ef3-af7441386ba8&cidr=10.100.0.16%2F28 HTTP/1.1" 200 14 "-" "python-urllib3/1.26.5"
10.128.0.2 - - [03/Dec/2025:23:24:35 +0000] "POST /v2.0/subnets HTTP/1.1" 201 635 "-" "python-urllib3/1.26.5"
10.128.0.2 - - [03/Dec/2025:23:24:37 +0000] "PUT /v2.0/routers/1d06bf36-68d9-49a7-aa24-61122cbbd514/add_router_interface HTTP/1.1" 200 309 "-" "python-urllib3/1.26.5"
10.128.1.49 - - [03/Dec/2025:23:24:40 +0000] "GET /v2.0/networks?id=5681d837-2927-4079-a231-90072691c33c HTTP/1.1" 200 674 "-" "python-neutronclient"
10.128.1.49 - - [03/Dec/2025:23:24:41 +0000] "GET /v2.0/quotas/2acbb37228214c408b218b31d6d0f830 HTTP/1.1" 200 187 "-" "python-neutronclient"
10.128.1.49 - - [03/Dec/2025:23:24:41 +0000] "GET /v2.0/ports?tenant_id=2acbb37228214c408b218b31d6d0f830&fields=id HTTP/1.1" 200 241 "-" "python-neutronclient"
10.128.1.49 - - [03/Dec/2025:23:24:41 +0000] "GET /v2.0/networks/5681d837-2927-4079-a231-90072691c33c?fields=segments HTTP/1.1" 200 14 "-" "python-neutronclient"
10.128.1.49 - - [03/Dec/2025:23:24:42 +0000] "GET /v2.0/networks/5681d837-2927-4079-a231-90072691c33c?fields=provider%3Aphysical_network&fields=provider%3Anetwork_type HTTP/1.1" 200 79 "-" "python-neutronclient"
10.128.1.51 - - [03/Dec/2025:23:24:42 +0000] "GET /v2.0/extensions HTTP/1.1" 200 17369 "-" "python-neutronclient"
10.128.1.49 - - [03/Dec/2025:23:24:42 +0000] "GET /v2.0/ports?device_id=ee3369c4-ca03-465d-896a-0a570721b863 HTTP/1.1" 200 12 "-" "python-neutronclient"
10.128.1.51 - - [03/Dec/2025:23:24:42 +0000] "GET /v2.0/subnets?network_id=5681d837-2927-4079-a231-90072691c33c&fields=segment_id HTTP/1.1" 200 33 "-" "python-neutronclient"
100.64.0.2 - - [03/Dec/2025:23:24:43 +0000] "GET /v2.0/networks?id=5681d837-2927-4079-a231-90072691c33c HTTP/1.1" 200 674 "-" "python-neutronclient"
10.128.1.49 - - [03/Dec/2025:23:24:44 +0000] "GET /v2.0/ports?device_id=ee3369c4-ca03-465d-896a-0a570721b863 HTTP/1.1" 200 12 "-" "python-neutronclient"
100.64.0.2 - - [03/Dec/2025:23:24:44 +0000] "POST /v2.0/ports HTTP/1.1" 201 926 "-" "python-neutronclient"
10.128.1.49 - - [03/Dec/2025:23:24:45 +0000] "GET /v2.0/ports?device_id=ee3369c4-ca03-465d-896a-0a570721b863 HTTP/1.1" 200 999 "-" "python-neutronclient"
100.64.0.2 - - [03/Dec/2025:23:24:44 +0000] "PUT /v2.0/ports/a34fa7ff-2afc-4b58-a07b-2422199840f8 HTTP/1.1" 200 1235 "-" "python-neutronclient"
10.128.1.49 - - [03/Dec/2025:23:24:47 +0000] "GET /v2.0/ports?device_id=ee3369c4-ca03-465d-896a-0a570721b863 HTTP/1.1" 200 999 "-" "python-neutronclient"
100.64.0.2 - - [03/Dec/2025:23:24:48 +0000] "GET /v2.0/ports?tenant_id=2acbb37228214c408b218b31d6d0f830&device_id=ee3369c4-ca03-465d-896a-0a570721b863 HTTP/1.1" 200 1266 "-" "python-neutronclient"
100.64.0.2 - - [03/Dec/2025:23:24:48 +0000] "GET /v2.0/floatingips?fixed_ip_address=10.100.0.26&port_id=a34fa7ff-2afc-4b58-a07b-2422199840f8 HTTP/1.1" 200 19 "-" "python-neutronclient"
100.64.0.2 - - [03/Dec/2025:23:24:48 +0000] "GET /v2.0/subnets?id=30f66c8f-a322-4b45-8d65-e3f41ba86fd3 HTTP/1.1" 200 656 "-" "python-neutronclient"
100.64.0.2 - - [03/Dec/2025:23:24:48 +0000] "GET /v2.0/ports?network_id=5681d837-2927-4079-a231-90072691c33c&device_owner=network%3Adhcp HTTP/1.1" 200 12 "-" "python-neutronclient"
100.64.0.2 - - [03/Dec/2025:23:24:49 +0000] "GET /v2.0/networks/5681d837-2927-4079-a231-90072691c33c?fields=segments HTTP/1.1" 200 14 "-" "python-neutronclient"
100.64.0.2 - - [03/Dec/2025:23:24:49 +0000] "GET /v2.0/networks/5681d837-2927-4079-a231-90072691c33c?fields=provider%3Aphysical_network&fields=provider%3Anetwork_type HTTP/1.1" 200 79 "-" "python-neutronclient"
10.128.1.49 - - [03/Dec/2025:23:24:49 +0000] "GET /v2.0/ports?device_id=ee3369c4-ca03-465d-896a-0a570721b863 HTTP/1.1" 200 999 "-" "python-neutronclient"
100.64.0.2 - - [03/Dec/2025:23:24:49 +0000] "GET /v2.0/ports?tenant_id=2acbb37228214c408b218b31d6d0f830&device_id=ee3369c4-ca03-465d-896a-0a570721b863 HTTP/1.1" 200 1266 "-" "python-neutronclient"
100.64.0.2 - - [03/Dec/2025:23:24:49 +0000] "GET /v2.0/ports?device_id=ee3369c4-ca03-465d-896a-0a570721b863 HTTP/1.1" 200 1266 "-" "python-neutronclient"
100.64.0.2 - - [03/Dec/2025:23:24:50 +0000] "GET /v2.0/networks?id=5681d837-2927-4079-a231-90072691c33c HTTP/1.1" 200 772 "-" "python-neutronclient"
100.64.0.2 - - [03/Dec/2025:23:24:50 +0000] "GET /v2.0/floatingips?fixed_ip_address=10.100.0.26&port_id=a34fa7ff-2afc-4b58-a07b-2422199840f8 HTTP/1.1" 200 19 "-" "python-neutronclient"
100.64.0.2 - - [03/Dec/2025:23:24:50 +0000] "GET /v2.0/subnets?id=30f66c8f-a322-4b45-8d65-e3f41ba86fd3 HTTP/1.1" 200 656 "-" "python-neutronclient"
100.64.0.2 - - [03/Dec/2025:23:24:51 +0000] "GET /v2.0/ports?network_id=5681d837-2927-4079-a231-90072691c33c&device_owner=network%3Adhcp HTTP/1.1" 200 12 "-" "python-neutronclient"
100.64.0.2 - - [03/Dec/2025:23:24:51 +0000] "GET /v2.0/networks/5681d837-2927-4079-a231-90072691c33c?fields=segments HTTP/1.1" 200 14 "-" "python-neutronclient"
10.128.1.49 - - [03/Dec/2025:23:24:51 +0000] "GET /v2.0/ports?device_id=ee3369c4-ca03-465d-896a-0a570721b863 HTTP/1.1" 200 1001 "-" "python-neutronclient"
100.64.0.2 - - [03/Dec/2025:23:24:51 +0000] "GET /v2.0/networks/5681d837-2927-4079-a231-90072691c33c?fields=provider%3Aphysical_network&fields=provider%3Anetwork_type HTTP/1.1" 200 79 "-" "python-neutronclient"
100.64.0.2 - - [03/Dec/2025:23:24:52 +0000] "GET /v2.0/ports?device_id=a4e84135-13a0-46e6-b527-7478b86fe63a&fields=binding%3Ahost_id&fields=binding%3Avif_type HTTP/1.1" 200 96 "-" "python-neutronclient"
10.128.1.49 - - [03/Dec/2025:23:24:52 +0000] "GET /v2.0/ports?device_id=ee3369c4-ca03-465d-896a-0a570721b863 HTTP/1.1" 200 1001 "-" "python-neutronclient"
10.128.0.2 - - [03/Dec/2025:23:24:53 +0000] "GET / HTTP/1.1" 200 122 "-" "kube-probe/1.31"
10.128.0.2 - - [03/Dec/2025:23:24:53 +0000] "GET / HTTP/1.1" 200 122 "-" "kube-probe/1.31"
10.128.0.2 - - [03/Dec/2025:23:24:53 +0000] "GET / HTTP/1.1" 200 122 "-" "kube-probe/1.31"
100.64.0.2 - - [03/Dec/2025:23:24:53 +0000] "GET /v2.0/ports?tenant_id=2acbb37228214c408b218b31d6d0f830&device_id=a4e84135-13a0-46e6-b527-7478b86fe63a HTTP/1.1" 200 1441 "-" "python-neutronclient"
10.128.1.49 - - [03/Dec/2025:23:24:53 +0000] "GET /v2.0/ports?device_id=ee3369c4-ca03-465d-896a-0a570721b863 HTTP/1.1" 200 1001 "-" "python-neutronclient"
100.64.0.2 - - [03/Dec/2025:23:24:53 +0000] "GET /v2.0/networks?id=99dd1a77-01a0-42e2-a8ca-50dd0ccf798a HTTP/1.1" 200 772 "-" "python-neutronclient"
10.128.0.2 - - [03/Dec/2025:23:24:53 +0000] "GET /v2.0/ports?device_id=ee3369c4-ca03-465d-896a-0a570721b863 HTTP/1.1" 200 1268 "-" "python-urllib3/1.26.5"
100.64.0.2 - - [03/Dec/2025:23:24:53 +0000] "GET /v2.0/floatingips?fixed_ip_address=10.100.0.4&port_id=a74461cd-a514-4a73-b53f-22c8b24fbc72 HTTP/1.1" 200 886 "-" "python-neutronclient"
100.64.0.2 - - [03/Dec/2025:23:24:54 +0000] "GET /v2.0/subnets?id=8b62b875-0745-420b-ac33-3ab1ba327ae9 HTTP/1.1" 200 654 "-" "python-neutronclient"
100.64.0.2 - - [03/Dec/2025:23:24:54 +0000] "GET /v2.0/ports?network_id=99dd1a77-01a0-42e2-a8ca-50dd0ccf798a&device_owner=network%3Adhcp HTTP/1.1" 200 12 "-" "python-neutronclient"
10.128.1.49 - - [03/Dec/2025:23:24:54 +0000] "GET /v2.0/ports?device_id=ee3369c4-ca03-465d-896a-0a570721b863 HTTP/1.1" 200 1001 "-" "python-neutronclient"
100.64.0.2 - - [03/Dec/2025:23:24:54 +0000] "GET /v2.0/ports?device_id=ee3369c4-ca03-465d-896a-0a570721b863 HTTP/1.1" 200 1001 "-" "python-neutronclient"
100.64.0.2 - - [03/Dec/2025:23:24:54 +0000] "GET /v2.0/networks/99dd1a77-01a0-42e2-a8ca-50dd0ccf798a?fields=segments HTTP/1.1" 200 14 "-" "python-neutronclient"
100.64.0.2 - - [03/Dec/2025:23:24:55 +0000] "GET /v2.0/networks/99dd1a77-01a0-42e2-a8ca-50dd0ccf798a?fields=provider%3Aphysical_network&fields=provider%3Anetwork_type HTTP/1.1" 200 79 "-" "python-neutronclient"
10.128.1.49 - - [03/Dec/2025:23:24:56 +0000] "GET /v2.0/ports?device_id=ee3369c4-ca03-465d-896a-0a570721b863 HTTP/1.1" 200 12 "-" "python-neutronclient"
100.64.0.2 - - [03/Dec/2025:23:24:55 +0000] "DELETE /v2.0/ports/a34fa7ff-2afc-4b58-a07b-2422199840f8 HTTP/1.1" 204 - "-" "python-neutronclient"
10.128.0.2 - - [03/Dec/2025:23:24:57 +0000] "PUT /v2.0/routers/1d06bf36-68d9-49a7-aa24-61122cbbd514/remove_router_interface HTTP/1.1" 200 309 "-" "python-urllib3/1.26.5"
10.128.0.2 - - [03/Dec/2025:23:24:59 +0000] "DELETE /v2.0/subnets/30f66c8f-a322-4b45-8d65-e3f41ba86fd3 HTTP/1.1" 204 - "-" "python-urllib3/1.26.5"
10.128.0.2 - - [03/Dec/2025:23:24:59 +0000] "DELETE /v2.0/routers/1d06bf36-68d9-49a7-aa24-61122cbbd514 HTTP/1.1" 204 - "-" "python-urllib3/1.26.5"
10.128.0.2 - - [03/Dec/2025:23:25:02 +0000] "DELETE /v2.0/networks/5681d837-2927-4079-a231-90072691c33c HTTP/1.1" 204 - "-" "python-urllib3/1.26.5"
10.128.0.2 - - [03/Dec/2025:23:25:03 +0000] "DELETE /v2.0/floatingips/977907e2-e518-493d-b415-4c68c6b2eff1 HTTP/1.1" 204 - "-" "python-urllib3/1.26.5"
100.64.0.2 - - [03/Dec/2025:23:25:04 +0000] "GET /v2.0/ports?tenant_id=2acbb37228214c408b218b31d6d0f830&device_id=a4e84135-13a0-46e6-b527-7478b86fe63a HTTP/1.1" 200 1441 "-" "python-neutronclient"
10.128.1.49 - - [03/Dec/2025:23:25:04 +0000] "GET /v2.0/ports?device_id=a4e84135-13a0-46e6-b527-7478b86fe63a HTTP/1.1" 200 1172 "-" "python-neutronclient"
100.64.0.2 - - [03/Dec/2025:23:25:04 +0000] "GET /v2.0/networks?id=99dd1a77-01a0-42e2-a8ca-50dd0ccf798a HTTP/1.1" 200 772 "-" "python-neutronclient"
100.64.0.2 - - [03/Dec/2025:23:25:04 +0000] "GET /v2.0/floatingips?fixed_ip_address=10.100.0.4&port_id=a74461cd-a514-4a73-b53f-22c8b24fbc72 HTTP/1.1" 200 19 "-" "python-neutronclient"
100.64.0.2 - - [03/Dec/2025:23:25:04 +0000] "GET /v2.0/ports?device_id=a4e84135-13a0-46e6-b527-7478b86fe63a HTTP/1.1" 200 1172 "-" "python-neutronclient"
10.128.1.49 - - [03/Dec/2025:23:25:04 +0000] "GET /v2.0/security-groups?id=bb64510c-b750-4cb1-92b0-a9e054f4c726&id=7511f788-fd82-44d4-bf54-98a76eb23ea3&fields=id&fields=name HTTP/1.1" 200 211 "-" "python-neutronclient"
100.64.0.2 - - [03/Dec/2025:23:25:05 +0000] "GET /v2.0/subnets?id=8b62b875-0745-420b-ac33-3ab1ba327ae9 HTTP/1.1" 200 654 "-" "python-neutronclient"
100.64.0.2 - - [03/Dec/2025:23:25:05 +0000] "GET /v2.0/ports?network_id=99dd1a77-01a0-42e2-a8ca-50dd0ccf798a&device_owner=network%3Adhcp HTTP/1.1" 200 12 "-" "python-neutronclient"
100.64.0.2 - - [03/Dec/2025:23:25:05 +0000] "GET /v2.0/networks/99dd1a77-01a0-42e2-a8ca-50dd0ccf798a?fields=segments HTTP/1.1" 200 14 "-" "python-neutronclient"
100.64.0.2 - - [03/Dec/2025:23:25:05 +0000] "DELETE /v2.0/ports/a74461cd-a514-4a73-b53f-22c8b24fbc72 HTTP/1.1" 204 - "-" "python-neutronclient"
100.64.0.2 - - [03/Dec/2025:23:25:05 +0000] "GET /v2.0/networks/99dd1a77-01a0-42e2-a8ca-50dd0ccf798a?fields=provider%3Aphysical_network&fields=provider%3Anetwork_type HTTP/1.1" 200 79 "-" "python-neutronclient"
10.128.0.2 - - [03/Dec/2025:23:25:06 +0000] "DELETE /v2.0/security-groups/7511f788-fd82-44d4-bf54-98a76eb23ea3 HTTP/1.1" 204 - "-" "python-urllib3/1.26.5"
10.128.0.2 - - [03/Dec/2025:23:25:06 +0000] "DELETE /v2.0/security-groups/bb64510c-b750-4cb1-92b0-a9e054f4c726 HTTP/1.1" 204 - "-" "python-urllib3/1.26.5"
10.128.0.2 - - [03/Dec/2025:23:25:07 +0000] "PUT /v2.0/routers/f15280cb-ce29-4870-bc6a-bd1b3eb8530c/remove_router_interface HTTP/1.1" 200 309 "-" "python-urllib3/1.26.5"
10.128.0.2 - - [03/Dec/2025:23:25:08 +0000] "DELETE /v2.0/subnets/8b62b875-0745-420b-ac33-3ab1ba327ae9 HTTP/1.1" 204 - "-" "python-urllib3/1.26.5"
10.128.0.2 - - [03/Dec/2025:23:25:09 +0000] "DELETE /v2.0/routers/f15280cb-ce29-4870-bc6a-bd1b3eb8530c HTTP/1.1" 204 - "-" "python-urllib3/1.26.5"
10.128.0.2 - - [03/Dec/2025:23:25:09 +0000] "DELETE /v2.0/networks/99dd1a77-01a0-42e2-a8ca-50dd0ccf798a HTTP/1.1" 204 - "-" "python-urllib3/1.26.5"
10.128.0.2 - - [03/Dec/2025:23:25:10 +0000] "POST /v2.0/networks HTTP/1.1" 201 652 "-" "python-urllib3/1.26.5"
10.128.0.2 - - [03/Dec/2025:23:25:11 +0000] "POST /v2.0/routers HTTP/1.1" 201 679 "-" "python-urllib3/1.26.5"
10.128.0.2 - - [03/Dec/2025:23:25:13 +0000] "GET /v2.0/subnets?project_id=2acbb37228214c408b218b31d6d0f830&cidr=10.100.0.0%2F28 HTTP/1.1" 200 14 "-" "python-urllib3/1.26.5"
10.128.0.2 - - [03/Dec/2025:23:25:13 +0000] "GET /v2.0/networks?router%3Aexternal=True HTTP/1.1" 200 1567 "-" "python-urllib3/1.26.5"
10.128.0.2 - - [03/Dec/2025:23:25:13 +0000] "GET /v2.0/subnets?network_id=028583f1-6fe0-4d55-b869-739d10dff786&cidr=10.100.0.0%2F28 HTTP/1.1" 200 14 "-" "python-urllib3/1.26.5"
10.128.0.2 - - [03/Dec/2025:23:25:13 +0000] "GET /v2.0/subnets?network_id=27d6c5e6-f9ae-4cab-9ef3-af7441386ba8&cidr=10.100.0.0%2F28 HTTP/1.1" 200 14 "-" "python-urllib3/1.26.5"
10.128.0.2 - - [03/Dec/2025:23:25:13 +0000] "POST /v2.0/subnets HTTP/1.1" 201 632 "-" "python-urllib3/1.26.5"
10.128.0.2 - - [03/Dec/2025:23:25:14 +0000] "PUT /v2.0/routers/6cdf22a4-100e-46c0-ad3e-72f39c06489b/add_router_interface HTTP/1.1" 200 309 "-" "python-urllib3/1.26.5"
10.128.0.2 - - [03/Dec/2025:23:25:16 +0000] "POST /v2.0/security-groups HTTP/1.1" 201 1615 "-" "python-urllib3/1.26.5"
10.128.0.2 - - [03/Dec/2025:23:25:16 +0000] "POST /v2.0/security-groups HTTP/1.1" 201 1619 "-" "python-urllib3/1.26.5"
10.128.0.2 - - [03/Dec/2025:23:25:17 +0000] "POST /v2.0/security-group-rules HTTP/1.1" 201 565 "-" "python-urllib3/1.26.5"
10.128.1.49 - - [03/Dec/2025:23:25:17 +0000] "GET /v2.0/security-groups?name=tempest-secgroup_access--472906164&fields=id&tenant_id=2acbb37228214c408b218b31d6d0f830 HTTP/1.1" 200 69 "-" "python-neutronclient"
10.128.1.49 - - [03/Dec/2025:23:25:18 +0000] "GET /v2.0/security-groups?name=tempest-secgroup_general--1209155800&fields=id&tenant_id=2acbb37228214c408b218b31d6d0f830 HTTP/1.1" 200 69 "-" "python-neutronclient"
10.128.1.49 - - [03/Dec/2025:23:25:18 +0000] "GET /v2.0/networks?id=6057781c-6b3f-4c1b-abca-ae8ef120e847 HTTP/1.1" 200 674 "-" "python-neutronclient"
10.128.1.49 - - [03/Dec/2025:23:25:18 +0000] "GET /v2.0/quotas/2acbb37228214c408b218b31d6d0f830 HTTP/1.1" 200 187 "-" "python-neutronclient"
10.128.1.49 - - [03/Dec/2025:23:25:19 +0000] "GET /v2.0/ports?tenant_id=2acbb37228214c408b218b31d6d0f830&fields=id HTTP/1.1" 200 103 "-" "python-neutronclient"
10.128.1.49 - - [03/Dec/2025:23:25:20 +0000] "GET /v2.0/extensions HTTP/1.1" 200 17369 "-" "python-neutronclient"
10.128.1.49 - - [03/Dec/2025:23:25:20 +0000] "GET /v2.0/networks/6057781c-6b3f-4c1b-abca-ae8ef120e847?fields=segments HTTP/1.1" 200 14 "-" "python-neutronclient"
10.128.1.49 - - [03/Dec/2025:23:25:21 +0000] "GET /v2.0/networks/6057781c-6b3f-4c1b-abca-ae8ef120e847?fields=provider%3Aphysical_network&fields=provider%3Anetwork_type HTTP/1.1" 200 79 "-" "python-neutronclient"
10.128.1.51 - - [03/Dec/2025:23:25:21 +0000] "GET /v2.0/extensions HTTP/1.1" 200 17369 "-" "python-neutronclient"
10.128.1.49 - - [03/Dec/2025:23:25:21 +0000] "GET /v2.0/ports?device_id=592d9fea-38eb-4baa-a470-98570d0e822c HTTP/1.1" 200 12 "-" "python-neutronclient"
10.128.1.51 - - [03/Dec/2025:23:25:21 +0000] "GET /v2.0/subnets?network_id=6057781c-6b3f-4c1b-abca-ae8ef120e847&fields=segment_id HTTP/1.1" 200 33 "-" "python-neutronclient"
10.128.0.2 - - [03/Dec/2025:23:25:23 +0000] "GET / HTTP/1.1" 200 122 "-" "kube-probe/1.31"
10.128.0.2 - - [03/Dec/2025:23:25:23 +0000] "GET / HTTP/1.1" 200 122 "-" "kube-probe/1.31"
10.128.0.2 - - [03/Dec/2025:23:25:23 +0000] "GET / HTTP/1.1" 200 122 "-" "kube-probe/1.31"
100.64.0.2 - - [03/Dec/2025:23:25:22 +0000] "GET /v2.0/networks?id=6057781c-6b3f-4c1b-abca-ae8ef120e847 HTTP/1.1" 200 674 "-" "python-neutronclient"
100.64.0.2 - - [03/Dec/2025:23:25:23 +0000] "GET /v2.0/security-groups?fields=id&fields=name&tenant_id=2acbb37228214c408b218b31d6d0f830 HTTP/1.1" 200 278 "-" "python-neutronclient"
10.128.1.49 - - [03/Dec/2025:23:25:23 +0000] "GET /v2.0/ports?device_id=592d9fea-38eb-4baa-a470-98570d0e822c HTTP/1.1" 200 12 "-" "python-neutronclient"
100.64.0.2 - - [03/Dec/2025:23:25:23 +0000] "POST /v2.0/ports HTTP/1.1" 201 1002 "-" "python-neutronclient"
10.128.1.49 - - [03/Dec/2025:23:25:24 +0000] "GET /v2.0/ports?device_id=592d9fea-38eb-4baa-a470-98570d0e822c HTTP/1.1" 200 1174 "-" "python-neutronclient"
100.64.0.2 - - [03/Dec/2025:23:25:23 +0000] "PUT /v2.0/ports/d4a6ff92-82ae-442d-8eed-91f0c459704b HTTP/1.1" 200 1410 "-" "python-neutronclient"
10.128.1.49 - - [03/Dec/2025:23:25:24 +0000] "GET /v2.0/security-groups?id=45a14ed9-d315-4b52-9b01-37a255c5551f&id=f451d6a6-ced3-49fb-9c0c-e3602c1d4328&fields=id&fields=name HTTP/1.1" 200 211 "-" "python-neutronclient"
100.64.0.2 - - [03/Dec/2025:23:25:24 +0000] "GET /v2.0/ports?tenant_id=2acbb37228214c408b218b31d6d0f830&device_id=592d9fea-38eb-4baa-a470-98570d0e822c HTTP/1.1" 200 1441 "-" "python-neutronclient"
100.64.0.2 - - [03/Dec/2025:23:25:24 +0000] "GET /v2.0/floatingips?fixed_ip_address=10.100.0.13&port_id=d4a6ff92-82ae-442d-8eed-91f0c459704b HTTP/1.1" 200 19 "-" "python-neutronclient"
100.64.0.2 - - [03/Dec/2025:23:25:25 +0000] "GET /v2.0/subnets?id=23173c69-38b7-4b26-99e9-ac674ccf78d2 HTTP/1.1" 200 653 "-" "python-neutronclient"
100.64.0.2 - - [03/Dec/2025:23:25:26 +0000] "GET /v2.0/ports?network_id=6057781c-6b3f-4c1b-abca-ae8ef120e847&device_owner=network%3Adhcp HTTP/1.1" 200 12 "-" "python-neutronclient"
10.128.1.49 - - [03/Dec/2025:23:25:26 +0000] "GET /v2.0/ports?device_id=592d9fea-38eb-4baa-a470-98570d0e822c HTTP/1.1" 200 1174 "-" "python-neutronclient"
10.128.1.49 - - [03/Dec/2025:23:25:27 +0000] "GET /v2.0/security-groups?id=f451d6a6-ced3-49fb-9c0c-e3602c1d4328&id=45a14ed9-d315-4b52-9b01-37a255c5551f&fields=id&fields=name HTTP/1.1" 200 211 "-" "python-neutronclient"
100.64.0.2 - - [03/Dec/2025:23:25:27 +0000] "GET /v2.0/networks/6057781c-6b3f-4c1b-abca-ae8ef120e847?fields=segments HTTP/1.1" 200 14 "-" "python-neutronclient"
100.64.0.2 - - [03/Dec/2025:23:25:28 +0000] "GET /v2.0/networks/6057781c-6b3f-4c1b-abca-ae8ef120e847?fields=provider%3Aphysical_network&fields=provider%3Anetwork_type HTTP/1.1" 200 79 "-" "python-neutronclient"
100.64.0.2 - - [03/Dec/2025:23:25:28 +0000] "GET /v2.0/ports?tenant_id=2acbb37228214c408b218b31d6d0f830&device_id=592d9fea-38eb-4baa-a470-98570d0e822c HTTP/1.1" 200 1441 "-" "python-neutronclient"
100.64.0.2 - - [03/Dec/2025:23:25:28 +0000] "GET /v2.0/ports?device_id=592d9fea-38eb-4baa-a470-98570d0e822c HTTP/1.1" 200 1441 "-" "python-neutronclient"
100.64.0.2 - - [03/Dec/2025:23:25:28 +0000] "GET /v2.0/networks?id=6057781c-6b3f-4c1b-abca-ae8ef120e847 HTTP/1.1" 200 772 "-" "python-neutronclient"
100.64.0.2 - - [03/Dec/2025:23:25:28 +0000] "GET /v2.0/floatingips?fixed_ip_address=10.100.0.13&port_id=d4a6ff92-82ae-442d-8eed-91f0c459704b HTTP/1.1" 200 19 "-" "python-neutronclient"
100.64.0.2 - - [03/Dec/2025:23:25:28 +0000] "GET /v2.0/security-groups?id=f451d6a6-ced3-49fb-9c0c-e3602c1d4328&id=45a14ed9-d315-4b52-9b01-37a255c5551f&fields=id&fields=name HTTP/1.1" 200 211 "-" "python-neutronclient"
100.64.0.2 - - [03/Dec/2025:23:25:28 +0000] "GET /v2.0/subnets?id=23173c69-38b7-4b26-99e9-ac674ccf78d2 HTTP/1.1" 200 653 "-" "python-neutronclient"
100.64.0.2 - - [03/Dec/2025:23:25:29 +0000] "GET /v2.0/ports?network_id=6057781c-6b3f-4c1b-abca-ae8ef120e847&device_owner=network%3Adhcp HTTP/1.1" 200 12 "-" "python-neutronclient"
100.64.0.2 - - [03/Dec/2025:23:25:29 +0000] "GET /v2.0/networks/6057781c-6b3f-4c1b-abca-ae8ef120e847?fields=segments HTTP/1.1" 200 14 "-" "python-neutronclient"
100.64.0.2 - - [03/Dec/2025:23:25:29 +0000] "GET /v2.0/networks/6057781c-6b3f-4c1b-abca-ae8ef120e847?fields=provider%3Aphysical_network&fields=provider%3Anetwork_type HTTP/1.1" 200 79 "-" "python-neutronclient"
10.128.1.49 - - [03/Dec/2025:23:25:29 +0000] "GET /v2.0/ports?device_id=592d9fea-38eb-4baa-a470-98570d0e822c HTTP/1.1" 200 1176 "-" "python-neutronclient"
10.128.1.49 - - [03/Dec/2025:23:25:29 +0000] "GET /v2.0/security-groups?id=45a14ed9-d315-4b52-9b01-37a255c5551f&id=f451d6a6-ced3-49fb-9c0c-e3602c1d4328&fields=id&fields=name HTTP/1.1" 200 211 "-" "python-neutronclient"
10.128.1.49 - - [03/Dec/2025:23:25:31 +0000] "GET /v2.0/ports?device_id=592d9fea-38eb-4baa-a470-98570d0e822c HTTP/1.1" 200 1176 "-" "python-neutronclient"
10.128.1.49 - - [03/Dec/2025:23:25:32 +0000] "GET /v2.0/security-groups?id=f451d6a6-ced3-49fb-9c0c-e3602c1d4328&id=45a14ed9-d315-4b52-9b01-37a255c5551f&fields=id&fields=name HTTP/1.1" 200 211 "-" "python-neutronclient"
10.128.1.49 - - [03/Dec/2025:23:25:32 +0000] "GET /v2.0/ports?device_id=592d9fea-38eb-4baa-a470-98570d0e822c HTTP/1.1" 200 1176 "-" "python-neutronclient"
10.128.1.49 - - [03/Dec/2025:23:25:33 +0000] "GET /v2.0/security-groups?id=45a14ed9-d315-4b52-9b01-37a255c5551f&id=f451d6a6-ced3-49fb-9c0c-e3602c1d4328&fields=id&fields=name HTTP/1.1" 200 211 "-" "python-neutronclient"
10.128.0.2 - - [03/Dec/2025:23:25:33 +0000] "GET /v2.0/ports?device_id=592d9fea-38eb-4baa-a470-98570d0e822c HTTP/1.1" 200 1443 "-" "python-urllib3/1.26.5"
10.128.0.2 - - [03/Dec/2025:23:25:34 +0000] "POST /v2.0/floatingips HTTP/1.1" 201 882 "-" "python-urllib3/1.26.5"
10.128.0.2 - - [03/Dec/2025:23:25:35 +0000] "GET /v2.0/networks HTTP/1.1" 200 4567 "-" "python-urllib3/1.26.5"
10.128.0.2 - - [03/Dec/2025:23:25:35 +0000] "GET /v2.0/subnets HTTP/1.1" 200 3911 "-" "python-urllib3/1.26.5"
100.64.0.2 - - [03/Dec/2025:23:25:35 +0000] "GET /v2.0/ports?tenant_id=2acbb37228214c408b218b31d6d0f830&device_id=592d9fea-38eb-4baa-a470-98570d0e822c HTTP/1.1" 200 1443 "-" "python-neutronclient"
10.128.0.2 - - [03/Dec/2025:23:25:35 +0000] "GET /v2.0/routers HTTP/1.1" 200 1316 "-" "python-urllib3/1.26.5"
100.64.0.2 - - [03/Dec/2025:23:25:36 +0000] "GET /v2.0/networks?id=6057781c-6b3f-4c1b-abca-ae8ef120e847 HTTP/1.1" 200 772 "-" "python-neutronclient"
10.128.0.2 - - [03/Dec/2025:23:25:36 +0000] "GET /v2.0/ports?device_id=6cdf22a4-100e-46c0-ad3e-72f39c06489b HTTP/1.1" 200 2203 "-" "python-urllib3/1.26.5"
100.64.0.2 - - [03/Dec/2025:23:25:36 +0000] "GET /v2.0/floatingips?fixed_ip_address=10.100.0.13&port_id=d4a6ff92-82ae-442d-8eed-91f0c459704b HTTP/1.1" 200 887 "-" "python-neutronclient"
100.64.0.2 - - [03/Dec/2025:23:25:36 +0000] "GET /v2.0/subnets?id=23173c69-38b7-4b26-99e9-ac674ccf78d2 HTTP/1.1" 200 653 "-" "python-neutronclient"
100.64.0.2 - - [03/Dec/2025:23:25:36 +0000] "GET /v2.0/ports?network_id=6057781c-6b3f-4c1b-abca-ae8ef120e847&device_owner=network%3Adhcp HTTP/1.1" 200 12 "-" "python-neutronclient"
100.64.0.2 - - [03/Dec/2025:23:25:36 +0000] "GET /v2.0/networks/6057781c-6b3f-4c1b-abca-ae8ef120e847?fields=segments HTTP/1.1" 200 14 "-" "python-neutronclient"
100.64.0.2 - - [03/Dec/2025:23:25:37 +0000] "GET /v2.0/networks/6057781c-6b3f-4c1b-abca-ae8ef120e847?fields=provider%3Aphysical_network&fields=provider%3Anetwork_type HTTP/1.1" 200 79 "-" "python-neutronclient"
10.128.1.65 - - [03/Dec/2025:23:25:46 +0000] "GET /v2.0/floatingips HTTP/1.1" 200 887 "-" "python-neutronclient"
10.128.0.2 - - [03/Dec/2025:23:25:53 +0000] "GET / HTTP/1.1" 200 122 "-" "kube-probe/1.31"
10.128.0.2 - - [03/Dec/2025:23:25:53 +0000] "GET / HTTP/1.1" 200 122 "-" "kube-probe/1.31"
10.128.0.2 - - [03/Dec/2025:23:25:53 +0000] "GET / HTTP/1.1" 200 122 "-" "kube-probe/1.31"
10.128.0.2 - - [03/Dec/2025:23:25:52 +0000] "GET /v2.0/ports?fields=fixed_ips&fields=mac_address HTTP/1.1" 200 1582 "-" "python-urllib3/1.26.5"
10.128.0.2 - - [03/Dec/2025:23:25:53 +0000] "POST /v2.0/networks HTTP/1.1" 201 652 "-" "python-urllib3/1.26.5"
10.128.0.2 - - [03/Dec/2025:23:25:55 +0000] "POST /v2.0/routers HTTP/1.1" 201 679 "-" "python-urllib3/1.26.5"
10.128.0.2 - - [03/Dec/2025:23:25:59 +0000] "GET /v2.0/subnets?project_id=187a1cbe79574a0bb8074b8a7d039dc7&cidr=10.100.0.0%2F28 HTTP/1.1" 200 14 "-" "python-urllib3/1.26.5"
10.128.0.2 - - [03/Dec/2025:23:25:59 +0000] "GET /v2.0/networks?router%3Aexternal=True HTTP/1.1" 200 1567 "-" "python-urllib3/1.26.5"
10.128.0.2 - - [03/Dec/2025:23:25:59 +0000] "GET /v2.0/subnets?network_id=028583f1-6fe0-4d55-b869-739d10dff786&cidr=10.100.0.0%2F28 HTTP/1.1" 200 14 "-" "python-urllib3/1.26.5"
10.128.0.2 - - [03/Dec/2025:23:26:00 +0000] "GET /v2.0/subnets?network_id=27d6c5e6-f9ae-4cab-9ef3-af7441386ba8&cidr=10.100.0.0%2F28 HTTP/1.1" 200 14 "-" "python-urllib3/1.26.5"
10.128.0.2 - - [03/Dec/2025:23:26:00 +0000] "POST /v2.0/subnets HTTP/1.1" 201 632 "-" "python-urllib3/1.26.5"
10.128.0.2 - - [03/Dec/2025:23:26:02 +0000] "PUT /v2.0/routers/b04be91e-b838-4f6b-88f5-960477746492/add_router_interface HTTP/1.1" 200 309 "-" "python-urllib3/1.26.5"
10.128.0.2 - - [03/Dec/2025:23:26:06 +0000] "POST /v2.0/security-groups HTTP/1.1" 201 1617 "-" "python-urllib3/1.26.5"
10.128.0.2 - - [03/Dec/2025:23:26:06 +0000] "POST /v2.0/security-groups HTTP/1.1" 201 1619 "-" "python-urllib3/1.26.5"
10.128.0.2 - - [03/Dec/2025:23:26:06 +0000] "POST /v2.0/security-group-rules HTTP/1.1" 201 565 "-" "python-urllib3/1.26.5"
10.128.1.49 - - [03/Dec/2025:23:26:07 +0000] "GET /v2.0/security-groups?name=tempest-secgroup_access--1708919252&fields=id&tenant_id=187a1cbe79574a0bb8074b8a7d039dc7 HTTP/1.1" 200 69 "-" "python-neutronclient"
10.128.1.49 - - [03/Dec/2025:23:26:08 +0000] "GET /v2.0/security-groups?name=tempest-secgroup_general--1213643308&fields=id&tenant_id=187a1cbe79574a0bb8074b8a7d039dc7 HTTP/1.1" 200 69 "-" "python-neutronclient"
10.128.1.49 - - [03/Dec/2025:23:26:08 +0000] "GET /v2.0/networks?id=882c7b23-f05f-4e49-88f1-3de7841d933d HTTP/1.1" 200 674 "-" "python-neutronclient"
10.128.1.49 - - [03/Dec/2025:23:26:08 +0000] "GET /v2.0/quotas/187a1cbe79574a0bb8074b8a7d039dc7 HTTP/1.1" 200 187 "-" "python-neutronclient"
10.128.1.49 - - [03/Dec/2025:23:26:08 +0000] "GET /v2.0/ports?tenant_id=187a1cbe79574a0bb8074b8a7d039dc7&fields=id HTTP/1.1" 200 103 "-" "python-neutronclient"
10.128.1.49 - - [03/Dec/2025:23:26:08 +0000] "GET /v2.0/networks/882c7b23-f05f-4e49-88f1-3de7841d933d?fields=segments HTTP/1.1" 200 14 "-" "python-neutronclient"
10.128.1.49 - - [03/Dec/2025:23:26:09 +0000] "GET /v2.0/networks/882c7b23-f05f-4e49-88f1-3de7841d933d?fields=provider%3Aphysical_network&fields=provider%3Anetwork_type HTTP/1.1" 200 79 "-" "python-neutronclient"
10.128.1.51 - - [03/Dec/2025:23:26:10 +0000] "GET /v2.0/extensions HTTP/1.1" 200 17369 "-" "python-neutronclient"
10.128.1.49 - - [03/Dec/2025:23:26:10 +0000] "GET /v2.0/ports?device_id=13df9d98-eeb1-4e6c-a862-e7dcbb9b1b7f HTTP/1.1" 200 12 "-" "python-neutronclient"
10.128.1.51 - - [03/Dec/2025:23:26:10 +0000] "GET /v2.0/subnets?network_id=882c7b23-f05f-4e49-88f1-3de7841d933d&fields=segment_id HTTP/1.1" 200 33 "-" "python-neutronclient"
10.128.1.49 - - [03/Dec/2025:23:26:11 +0000] "GET /v2.0/ports?device_id=13df9d98-eeb1-4e6c-a862-e7dcbb9b1b7f HTTP/1.1" 200 12 "-" "python-neutronclient"
100.64.0.2 - - [03/Dec/2025:23:26:11 +0000] "GET /v2.0/networks?id=882c7b23-f05f-4e49-88f1-3de7841d933d HTTP/1.1" 200 674 "-" "python-neutronclient"
100.64.0.2 - - [03/Dec/2025:23:26:12 +0000] "GET /v2.0/security-groups?fields=id&fields=name&tenant_id=187a1cbe79574a0bb8074b8a7d039dc7 HTTP/1.1" 200 279 "-" "python-neutronclient"
100.64.0.2 - - [03/Dec/2025:23:26:12 +0000] "POST /v2.0/ports HTTP/1.1" 201 1002 "-" "python-neutronclient"
10.128.1.49 - - [03/Dec/2025:23:26:13 +0000] "GET /v2.0/ports?device_id=13df9d98-eeb1-4e6c-a862-e7dcbb9b1b7f HTTP/1.1" 200 1005 "-" "python-neutronclient"
10.128.1.49 - - [03/Dec/2025:23:26:13 +0000] "GET /v2.0/security-groups?id=772329df-bcb8-46d3-bf5b-42cbe1740cca&id=19d6e457-1cf6-42ed-89ff-c36477d4f1be&fields=id&fields=name HTTP/1.1" 200 212 "-" "python-neutronclient"
100.64.0.2 - - [03/Dec/2025:23:26:13 +0000] "PUT /v2.0/ports/92236318-195b-4e9a-bade-93ce713a31d1 HTTP/1.1" 200 1410 "-" "python-neutronclient"
100.64.0.2 - - [03/Dec/2025:23:26:14 +0000] "GET /v2.0/ports?tenant_id=187a1cbe79574a0bb8074b8a7d039dc7&device_id=13df9d98-eeb1-4e6c-a862-e7dcbb9b1b7f HTTP/1.1" 200 1441 "-" "python-neutronclient"
100.64.0.2 - - [03/Dec/2025:23:26:14 +0000] "GET /v2.0/floatingips?fixed_ip_address=10.100.0.14&port_id=92236318-195b-4e9a-bade-93ce713a31d1 HTTP/1.1" 200 19 "-" "python-neutronclient"
100.64.0.2 - - [03/Dec/2025:23:26:14 +0000] "GET /v2.0/subnets?id=ceac608d-53d8-4398-ba34-963aa9cafa11 HTTP/1.1" 200 653 "-" "python-neutronclient"
100.64.0.2 - - [03/Dec/2025:23:26:14 +0000] "GET /v2.0/ports?network_id=882c7b23-f05f-4e49-88f1-3de7841d933d&device_owner=network%3Adhcp HTTP/1.1" 200 12 "-" "python-neutronclient"
100.64.0.2 - - [03/Dec/2025:23:26:14 +0000] "GET /v2.0/networks/882c7b23-f05f-4e49-88f1-3de7841d933d?fields=segments HTTP/1.1" 200 14 "-" "python-neutronclient"
10.128.1.49 - - [03/Dec/2025:23:26:14 +0000] "GET /v2.0/ports?device_id=13df9d98-eeb1-4e6c-a862-e7dcbb9b1b7f HTTP/1.1" 200 1174 "-" "python-neutronclient"
100.64.0.2 - - [03/Dec/2025:23:26:15 +0000] "GET /v2.0/networks/882c7b23-f05f-4e49-88f1-3de7841d933d?fields=provider%3Aphysical_network&fields=provider%3Anetwork_type HTTP/1.1" 200 79 "-" "python-neutronclient"
10.128.1.49 - - [03/Dec/2025:23:26:15 +0000] "GET /v2.0/security-groups?id=772329df-bcb8-46d3-bf5b-42cbe1740cca&id=19d6e457-1cf6-42ed-89ff-c36477d4f1be&fields=id&fields=name HTTP/1.1" 200 212 "-" "python-neutronclient"
100.64.0.2 - - [03/Dec/2025:23:26:15 +0000] "GET /v2.0/ports?tenant_id=187a1cbe79574a0bb8074b8a7d039dc7&device_id=13df9d98-eeb1-4e6c-a862-e7dcbb9b1b7f HTTP/1.1" 200 1441 "-" "python-neutronclient"
100.64.0.2 - - [03/Dec/2025:23:26:15 +0000] "GET /v2.0/ports?device_id=13df9d98-eeb1-4e6c-a862-e7dcbb9b1b7f HTTP/1.1" 200 1441 "-" "python-neutronclient"
100.64.0.2 - - [03/Dec/2025:23:26:15 +0000] "GET /v2.0/networks?id=882c7b23-f05f-4e49-88f1-3de7841d933d HTTP/1.1" 200 773 "-" "python-neutronclient"
100.64.0.2 - - [03/Dec/2025:23:26:15 +0000] "GET /v2.0/floatingips?fixed_ip_address=10.100.0.14&port_id=92236318-195b-4e9a-bade-93ce713a31d1 HTTP/1.1" 200 19 "-" "python-neutronclient"
100.64.0.2 - - [03/Dec/2025:23:26:15 +0000] "GET /v2.0/security-groups?id=772329df-bcb8-46d3-bf5b-42cbe1740cca&id=19d6e457-1cf6-42ed-89ff-c36477d4f1be&fields=id&fields=name HTTP/1.1" 200 212 "-" "python-neutronclient"
100.64.0.2 - - [03/Dec/2025:23:26:16 +0000] "GET /v2.0/subnets?id=ceac608d-53d8-4398-ba34-963aa9cafa11 HTTP/1.1" 200 653 "-" "python-neutronclient"
100.64.0.2 - - [03/Dec/2025:23:26:16 +0000] "GET /v2.0/ports?network_id=882c7b23-f05f-4e49-88f1-3de7841d933d&device_owner=network%3Adhcp HTTP/1.1" 200 12 "-" "python-neutronclient"
10.128.1.49 - - [03/Dec/2025:23:26:16 +0000] "GET /v2.0/ports?device_id=13df9d98-eeb1-4e6c-a862-e7dcbb9b1b7f HTTP/1.1" 200 1174 "-" "python-neutronclient"
100.64.0.2 - - [03/Dec/2025:23:26:16 +0000] "GET /v2.0/networks/882c7b23-f05f-4e49-88f1-3de7841d933d?fields=segments HTTP/1.1" 200 14 "-" "python-neutronclient"
10.128.1.49 - - [03/Dec/2025:23:26:16 +0000] "GET /v2.0/security-groups?id=19d6e457-1cf6-42ed-89ff-c36477d4f1be&id=772329df-bcb8-46d3-bf5b-42cbe1740cca&fields=id&fields=name HTTP/1.1" 200 212 "-" "python-neutronclient"
100.64.0.2 - - [03/Dec/2025:23:26:16 +0000] "GET /v2.0/networks/882c7b23-f05f-4e49-88f1-3de7841d933d?fields=provider%3Aphysical_network&fields=provider%3Anetwork_type HTTP/1.1" 200 79 "-" "python-neutronclient"
10.128.1.49 - - [03/Dec/2025:23:26:17 +0000] "GET /v2.0/ports?device_id=13df9d98-eeb1-4e6c-a862-e7dcbb9b1b7f HTTP/1.1" 200 1176 "-" "python-neutronclient"
10.128.1.49 - - [03/Dec/2025:23:26:18 +0000] "GET /v2.0/security-groups?id=772329df-bcb8-46d3-bf5b-42cbe1740cca&id=19d6e457-1cf6-42ed-89ff-c36477d4f1be&fields=id&fields=name HTTP/1.1" 200 212 "-" "python-neutronclient"
10.128.1.49 - - [03/Dec/2025:23:26:18 +0000] "GET /v2.0/ports?device_id=13df9d98-eeb1-4e6c-a862-e7dcbb9b1b7f HTTP/1.1" 200 1176 "-" "python-neutronclient"
10.128.1.49 - - [03/Dec/2025:23:26:18 +0000] "GET /v2.0/security-groups?id=19d6e457-1cf6-42ed-89ff-c36477d4f1be&id=772329df-bcb8-46d3-bf5b-42cbe1740cca&fields=id&fields=name HTTP/1.1" 200 212 "-" "python-neutronclient"
10.128.0.2 - - [03/Dec/2025:23:26:18 +0000] "GET /v2.0/ports?device_id=13df9d98-eeb1-4e6c-a862-e7dcbb9b1b7f HTTP/1.1" 200 1443 "-" "python-urllib3/1.26.5"
10.128.0.2 - - [03/Dec/2025:23:26:23 +0000] "GET / HTTP/1.1" 200 122 "-" "kube-probe/1.31"
10.128.0.2 - - [03/Dec/2025:23:26:23 +0000] "GET / HTTP/1.1" 200 122 "-" "kube-probe/1.31"
10.128.0.2 - - [03/Dec/2025:23:26:23 +0000] "GET / HTTP/1.1" 200 122 "-" "kube-probe/1.31"
10.128.0.2 - - [03/Dec/2025:23:26:18 +0000] "POST /v2.0/floatingips HTTP/1.1" 201 882 "-" "python-urllib3/1.26.5"
10.128.0.2 - - [03/Dec/2025:23:26:23 +0000] "GET /v2.0/networks HTTP/1.1" 200 5326 "-" "python-urllib3/1.26.5"
10.128.0.2 - - [03/Dec/2025:23:26:23 +0000] "GET /v2.0/subnets HTTP/1.1" 200 4551 "-" "python-urllib3/1.26.5"
100.64.0.2 - - [03/Dec/2025:23:26:23 +0000] "GET /v2.0/ports?tenant_id=187a1cbe79574a0bb8074b8a7d039dc7&device_id=13df9d98-eeb1-4e6c-a862-e7dcbb9b1b7f HTTP/1.1" 200 1443 "-" "python-neutronclient"
10.128.0.2 - - [03/Dec/2025:23:26:24 +0000] "GET /v2.0/routers HTTP/1.1" 200 1985 "-" "python-urllib3/1.26.5"
10.128.0.2 - - [03/Dec/2025:23:26:24 +0000] "GET /v2.0/ports?device_id=b04be91e-b838-4f6b-88f5-960477746492 HTTP/1.1" 200 2203 "-" "python-urllib3/1.26.5"
100.64.0.2 - - [03/Dec/2025:23:26:24 +0000] "GET /v2.0/networks?id=882c7b23-f05f-4e49-88f1-3de7841d933d HTTP/1.1" 200 773 "-" "python-neutronclient"
100.64.0.2 - - [03/Dec/2025:23:26:24 +0000] "GET /v2.0/floatingips?fixed_ip_address=10.100.0.14&port_id=92236318-195b-4e9a-bade-93ce713a31d1 HTTP/1.1" 200 887 "-" "python-neutronclient"
100.64.0.2 - - [03/Dec/2025:23:26:25 +0000] "GET /v2.0/subnets?id=ceac608d-53d8-4398-ba34-963aa9cafa11 HTTP/1.1" 200 653 "-" "python-neutronclient"
100.64.0.2 - - [03/Dec/2025:23:26:25 +0000] "GET /v2.0/ports?network_id=882c7b23-f05f-4e49-88f1-3de7841d933d&device_owner=network%3Adhcp HTTP/1.1" 200 12 "-" "python-neutronclient"
100.64.0.2 - - [03/Dec/2025:23:26:25 +0000] "GET /v2.0/networks/882c7b23-f05f-4e49-88f1-3de7841d933d?fields=segments HTTP/1.1" 200 14 "-" "python-neutronclient"
100.64.0.2 - - [03/Dec/2025:23:26:26 +0000] "GET /v2.0/networks/882c7b23-f05f-4e49-88f1-3de7841d933d?fields=provider%3Aphysical_network&fields=provider%3Anetwork_type HTTP/1.1" 200 79 "-" "python-neutronclient"
10.128.0.2 - - [03/Dec/2025:23:26:40 +0000] "GET /v2.0/ports?fields=fixed_ips&fields=mac_address HTTP/1.1" 200 2238 "-" "python-urllib3/1.26.5"
10.128.0.2 - - [03/Dec/2025:23:26:41 +0000] "POST /v2.0/security-group-rules HTTP/1.1" 201 570 "-" "python-urllib3/1.26.5"
10.128.0.2 - - [03/Dec/2025:23:26:43 +0000] "POST /v2.0/security-group-rules HTTP/1.1" 201 570 "-" "python-urllib3/1.26.5"
10.128.0.2 - - [03/Dec/2025:23:26:44 +0000] "DELETE /v2.0/floatingips/9ad239f8-c705-4f8a-8862-ef2615bae595 HTTP/1.1" 204 - "-" "python-urllib3/1.26.5"
