10.128.0.2 - - [03/Dec/2025:23:11:35 +0000] "PUT /v2.0/ports/04d9264e-6759-4c3d-8d76-bca76a75ece8 HTTP/1.1" 200 1076 "-" "python-urllib3/1.26.5"
100.64.0.2 - - [03/Dec/2025:23:11:36 +0000] "DELETE /v2.0/ports/40876eee-5b7a-41c8-8cc1-eb65baa4271e HTTP/1.1" 204 - "-" "python-neutronclient"
10.128.0.2 - - [03/Dec/2025:23:11:36 +0000] "GET /v2.0/floatingips/89c2d634-e508-4948-8829-4944a081db38 HTTP/1.1" 200 881 "-" "python-urllib3/1.26.5"
100.64.0.2 - - [03/Dec/2025:23:11:36 +0000] "GET /v2.0/subnets?id=fd8f0e50-117d-4b5a-93fe-055dd9f6c840 HTTP/1.1" 200 646 "-" "python-neutronclient"
100.64.0.2 - - [03/Dec/2025:23:11:36 +0000] "GET /v2.0/ports?network_id=4902d41d-e0eb-48a3-aa37-6b2ae8b1e513&device_owner=network%3Adhcp HTTP/1.1" 200 12 "-" "python-neutronclient"
100.64.0.2 - - [03/Dec/2025:23:11:36 +0000] "DELETE /v2.0/ports/92c13c24-6729-41c6-b963-830b3bae4746 HTTP/1.1" 204 - "-" "python-neutronclient"
100.64.0.2 - - [03/Dec/2025:23:11:36 +0000] "GET /v2.0/networks/4902d41d-e0eb-48a3-aa37-6b2ae8b1e513?fields=segments HTTP/1.1" 200 14 "-" "python-neutronclient"
100.64.0.2 - - [03/Dec/2025:23:11:37 +0000] "GET /v2.0/networks/4902d41d-e0eb-48a3-aa37-6b2ae8b1e513?fields=provider%3Aphysical_network&fields=provider%3Anetwork_type HTTP/1.1" 200 79 "-" "python-neutronclient"
10.128.1.49 - - [03/Dec/2025:23:11:37 +0000] "GET /v2.0/ports?device_id=784f156c-a695-4c7f-a2c8-646f7cb87105 HTTP/1.1" 200 12 "-" "python-neutronclient"
100.64.0.2 - - [03/Dec/2025:23:11:37 +0000] "GET /v2.0/ports?tenant_id=5f45986fc95543d5a0014e214c498f28&device_id=bf4f5a33-41c2-493b-8a29-c81f27559809 HTTP/1.1" 200 1348 "-" "python-neutronclient"
10.128.0.2 - - [03/Dec/2025:23:11:37 +0000] "DELETE /v2.0/floatingips/75864d2d-f384-4d6a-816a-7a8a5fb87b45 HTTP/1.1" 204 - "-" "python-urllib3/1.26.5"
100.64.0.2 - - [03/Dec/2025:23:11:38 +0000] "GET /v2.0/networks?id=ea21f027-6e75-40ba-94fe-e820c18b79f3 HTTP/1.1" 200 770 "-" "python-neutronclient"
100.64.0.2 - - [03/Dec/2025:23:11:38 +0000] "GET /v2.0/floatingips?fixed_ip_address=10.100.0.6&port_id=04d9264e-6759-4c3d-8d76-bca76a75ece8 HTTP/1.1" 200 886 "-" "python-neutronclient"
100.64.0.2 - - [03/Dec/2025:23:11:38 +0000] "GET /v2.0/subnets?id=f580f85f-1f64-449a-b35d-5a7e0a31cfe9 HTTP/1.1" 200 654 "-" "python-neutronclient"
10.128.1.49 - - [03/Dec/2025:23:11:38 +0000] "GET /v2.0/ports?device_id=6a04d79d-7a13-403f-a67c-aa9cf54231cc HTTP/1.1" 200 1076 "-" "python-neutronclient"
100.64.0.2 - - [03/Dec/2025:23:11:38 +0000] "GET /v2.0/ports?network_id=ea21f027-6e75-40ba-94fe-e820c18b79f3&device_owner=network%3Adhcp HTTP/1.1" 200 12 "-" "python-neutronclient"
10.128.1.49 - - [03/Dec/2025:23:11:38 +0000] "GET /v2.0/security-groups?id=4fcc14b3-a3df-4bf7-b832-c7d4195a4240&fields=id&fields=name HTTP/1.1" 200 113 "-" "python-neutronclient"
100.64.0.2 - - [03/Dec/2025:23:11:38 +0000] "GET /v2.0/networks/ea21f027-6e75-40ba-94fe-e820c18b79f3?fields=segments HTTP/1.1" 200 14 "-" "python-neutronclient"
100.64.0.2 - - [03/Dec/2025:23:11:38 +0000] "GET /v2.0/ports?device_id=6a04d79d-7a13-403f-a67c-aa9cf54231cc HTTP/1.1" 200 1076 "-" "python-neutronclient"
100.64.0.2 - - [03/Dec/2025:23:11:39 +0000] "GET /v2.0/networks/ea21f027-6e75-40ba-94fe-e820c18b79f3?fields=provider%3Aphysical_network&fields=provider%3Anetwork_type HTTP/1.1" 200 79 "-" "python-neutronclient"
100.64.0.2 - - [03/Dec/2025:23:11:39 +0000] "GET /v2.0/ports?device_id=3221810f-4c50-4788-bb79-d4d296ea7fab&fields=binding%3Ahost_id&fields=binding%3Avif_type HTTP/1.1" 200 181 "-" "python-neutronclient"
100.64.0.2 - - [03/Dec/2025:23:11:39 +0000] "GET /v2.0/ports?tenant_id=392542f6ffae4fd4801c87a6dbbba04a&device_id=3221810f-4c50-4788-bb79-d4d296ea7fab HTTP/1.1" 200 2717 "-" "python-neutronclient"
100.64.0.2 - - [03/Dec/2025:23:11:39 +0000] "DELETE /v2.0/ports/444ab9eb-f0cf-4336-b25b-8de028e3e4d3 HTTP/1.1" 204 - "-" "python-neutronclient"
10.128.0.2 - - [03/Dec/2025:23:11:39 +0000] "DELETE /v2.0/floatingips/f2c7668e-ec4f-412d-a887-beb67a0f17d6 HTTP/1.1" 204 - "-" "python-urllib3/1.26.5"
100.64.0.2 - - [03/Dec/2025:23:11:39 +0000] "GET /v2.0/networks?id=4902d41d-e0eb-48a3-aa37-6b2ae8b1e513&id=ec4c4e01-a16f-4280-a7ea-c2bad7e485bb HTTP/1.1" 200 1531 "-" "python-neutronclient"
100.64.0.2 - - [03/Dec/2025:23:11:40 +0000] "GET /v2.0/floatingips?fixed_ip_address=10.100.0.9&port_id=0793be1b-8d2f-4688-901b-bae3c4c58e8f HTTP/1.1" 200 19 "-" "python-neutronclient"
100.64.0.2 - - [03/Dec/2025:23:11:40 +0000] "GET /v2.0/ports?tenant_id=5f45986fc95543d5a0014e214c498f28&device_id=6a04d79d-7a13-403f-a67c-aa9cf54231cc HTTP/1.1" 200 12 "-" "python-neutronclient"
10.128.1.49 - - [03/Dec/2025:23:11:40 +0000] "GET /v2.0/ports?device_id=6a04d79d-7a13-403f-a67c-aa9cf54231cc HTTP/1.1" 200 12 "-" "python-neutronclient"
100.64.0.2 - - [03/Dec/2025:23:11:40 +0000] "GET /v2.0/subnets?id=fd8f0e50-117d-4b5a-93fe-055dd9f6c840 HTTP/1.1" 200 646 "-" "python-neutronclient"
100.64.0.2 - - [03/Dec/2025:23:11:40 +0000] "GET /v2.0/ports?network_id=4902d41d-e0eb-48a3-aa37-6b2ae8b1e513&device_owner=network%3Adhcp HTTP/1.1" 200 12 "-" "python-neutronclient"
10.128.1.49 - - [03/Dec/2025:23:11:40 +0000] "GET /v2.0/ports?device_id=3221810f-4c50-4788-bb79-d4d296ea7fab HTTP/1.1" 200 2183 "-" "python-neutronclient"
100.64.0.2 - - [03/Dec/2025:23:11:40 +0000] "GET /v2.0/networks?tenant_id=5f45986fc95543d5a0014e214c498f28&shared=False HTTP/1.1" 200 770 "-" "python-neutronclient"
100.64.0.2 - - [03/Dec/2025:23:11:40 +0000] "GET /v2.0/networks/4902d41d-e0eb-48a3-aa37-6b2ae8b1e513?fields=segments HTTP/1.1" 200 14 "-" "python-neutronclient"
100.64.0.2 - - [03/Dec/2025:23:11:40 +0000] "GET /v2.0/networks/4902d41d-e0eb-48a3-aa37-6b2ae8b1e513?fields=provider%3Aphysical_network&fields=provider%3Anetwork_type HTTP/1.1" 200 79 "-" "python-neutronclient"
100.64.0.2 - - [03/Dec/2025:23:11:40 +0000] "GET /v2.0/ports?device_id=3221810f-4c50-4788-bb79-d4d296ea7fab HTTP/1.1" 200 2179 "-" "python-neutronclient"
100.64.0.2 - - [03/Dec/2025:23:11:41 +0000] "GET /v2.0/floatingips?fixed_ip_address=2001%3Adb8%3A%3Af816%3A3eff%3Afecc%3A9234&port_id=598c6e3f-2df3-46c7-aca4-143f0e6d742e HTTP/1.1" 200 19 "-" "python-neutronclient"
100.64.0.2 - - [03/Dec/2025:23:11:41 +0000] "GET /v2.0/subnets?id=fb4600dd-33b2-42d1-b558-389c2525ce3f HTTP/1.1" 200 671 "-" "python-neutronclient"
10.128.1.49 - - [03/Dec/2025:23:11:40 +0000] "GET /v2.0/security-groups?id=515203dd-a5b1-4fde-9133-b00496e02617&fields=id&fields=name HTTP/1.1" 200 113 "-" "python-neutronclient"
100.64.0.2 - - [03/Dec/2025:23:11:40 +0000] "GET /v2.0/networks?shared=True HTTP/1.1" 200 745 "-" "python-neutronclient"
100.64.0.2 - - [03/Dec/2025:23:11:41 +0000] "GET /v2.0/ports?network_id=ec4c4e01-a16f-4280-a7ea-c2bad7e485bb&device_owner=network%3Adhcp HTTP/1.1" 200 12 "-" "python-neutronclient"
100.64.0.2 - - [03/Dec/2025:23:11:41 +0000] "DELETE /v2.0/ports/598c6e3f-2df3-46c7-aca4-143f0e6d742e HTTP/1.1" 204 - "-" "python-neutronclient"
100.64.0.2 - - [03/Dec/2025:23:11:41 +0000] "GET /v2.0/networks/ec4c4e01-a16f-4280-a7ea-c2bad7e485bb?fields=segments HTTP/1.1" 200 14 "-" "python-neutronclient"
10.128.0.2 - - [03/Dec/2025:23:11:41 +0000] "DELETE /v2.0/security-groups/4fcc14b3-a3df-4bf7-b832-c7d4195a4240 HTTP/1.1" 204 - "-" "python-urllib3/1.26.5"
100.64.0.2 - - [03/Dec/2025:23:11:41 +0000] "GET /v2.0/networks/ec4c4e01-a16f-4280-a7ea-c2bad7e485bb?fields=provider%3Aphysical_network&fields=provider%3Anetwork_type HTTP/1.1" 200 79 "-" "python-neutronclient"
100.64.0.2 - - [03/Dec/2025:23:11:41 +0000] "DELETE /v2.0/ports/0793be1b-8d2f-4688-901b-bae3c4c58e8f HTTP/1.1" 204 - "-" "python-neutronclient"
100.64.0.2 - - [03/Dec/2025:23:11:42 +0000] "GET /v2.0/ports?tenant_id=392542f6ffae4fd4801c87a6dbbba04a&device_id=3221810f-4c50-4788-bb79-d4d296ea7fab HTTP/1.1" 200 12 "-" "python-neutronclient"
10.128.0.2 - - [03/Dec/2025:23:11:41 +0000] "DELETE /v2.0/floatingips/89c2d634-e508-4948-8829-4944a081db38 HTTP/1.1" 204 - "-" "python-urllib3/1.26.5"
10.128.1.49 - - [03/Dec/2025:23:11:42 +0000] "GET /v2.0/ports?device_id=3221810f-4c50-4788-bb79-d4d296ea7fab HTTP/1.1" 200 12 "-" "python-neutronclient"
10.128.1.49 - - [03/Dec/2025:23:11:43 +0000] "GET /v2.0/ports?device_id=bf4f5a33-41c2-493b-8a29-c81f27559809 HTTP/1.1" 200 1081 "-" "python-neutronclient"
10.128.1.49 - - [03/Dec/2025:23:11:43 +0000] "GET /v2.0/security-groups?id=a0eccf97-4b0a-48ca-ab67-ef6fdf17ecba&fields=id&fields=name HTTP/1.1" 200 114 "-" "python-neutronclient"
100.64.0.2 - - [03/Dec/2025:23:11:43 +0000] "GET /v2.0/ports?device_id=bf4f5a33-41c2-493b-8a29-c81f27559809 HTTP/1.1" 200 1079 "-" "python-neutronclient"
100.64.0.2 - - [03/Dec/2025:23:11:43 +0000] "GET /v2.0/ports?tenant_id=5f45986fc95543d5a0014e214c498f28&device_id=bf4f5a33-41c2-493b-8a29-c81f27559809 HTTP/1.1" 200 1346 "-" "python-neutronclient"
100.64.0.2 - - [03/Dec/2025:23:11:43 +0000] "GET /v2.0/networks?id=ea21f027-6e75-40ba-94fe-e820c18b79f3 HTTP/1.1" 200 770 "-" "python-neutronclient"
100.64.0.2 - - [03/Dec/2025:23:11:43 +0000] "GET /v2.0/floatingips?fixed_ip_address=10.100.0.6&port_id=04d9264e-6759-4c3d-8d76-bca76a75ece8 HTTP/1.1" 200 19 "-" "python-neutronclient"
10.128.1.49 - - [03/Dec/2025:23:11:44 +0000] "GET /v2.0/ports?device_id=bf4f5a33-41c2-493b-8a29-c81f27559809 HTTP/1.1" 200 12 "-" "python-neutronclient"
100.64.0.2 - - [03/Dec/2025:23:11:43 +0000] "DELETE /v2.0/ports/04d9264e-6759-4c3d-8d76-bca76a75ece8 HTTP/1.1" 204 - "-" "python-neutronclient"
100.64.0.2 - - [03/Dec/2025:23:11:44 +0000] "GET /v2.0/subnets?id=f580f85f-1f64-449a-b35d-5a7e0a31cfe9 HTTP/1.1" 200 654 "-" "python-neutronclient"
100.64.0.2 - - [03/Dec/2025:23:11:44 +0000] "GET /v2.0/ports?network_id=ea21f027-6e75-40ba-94fe-e820c18b79f3&device_owner=network%3Adhcp HTTP/1.1" 200 12 "-" "python-neutronclient"
100.64.0.2 - - [03/Dec/2025:23:11:44 +0000] "GET /v2.0/networks/ea21f027-6e75-40ba-94fe-e820c18b79f3?fields=segments HTTP/1.1" 200 14 "-" "python-neutronclient"
100.64.0.2 - - [03/Dec/2025:23:11:45 +0000] "GET /v2.0/networks/ea21f027-6e75-40ba-94fe-e820c18b79f3?fields=provider%3Aphysical_network&fields=provider%3Anetwork_type HTTP/1.1" 200 79 "-" "python-neutronclient"
10.128.0.2 - - [03/Dec/2025:23:11:43 +0000] "PUT /v2.0/routers/f34170de-e233-4c1c-945b-2b44ecc464ce/remove_router_interface HTTP/1.1" 200 309 "-" "python-urllib3/1.26.5"
10.128.0.2 - - [03/Dec/2025:23:11:45 +0000] "DELETE /v2.0/subnets/fb4600dd-33b2-42d1-b558-389c2525ce3f HTTP/1.1" 204 - "-" "python-urllib3/1.26.5"
10.128.0.2 - - [03/Dec/2025:23:11:45 +0000] "DELETE /v2.0/security-groups/a0eccf97-4b0a-48ca-ab67-ef6fdf17ecba HTTP/1.1" 204 - "-" "python-urllib3/1.26.5"
10.128.0.2 - - [03/Dec/2025:23:11:45 +0000] "PUT /v2.0/routers/f34170de-e233-4c1c-945b-2b44ecc464ce/remove_router_interface HTTP/1.1" 200 309 "-" "python-urllib3/1.26.5"
10.128.0.2 - - [03/Dec/2025:23:11:46 +0000] "PUT /v2.0/routers/6a9ba31a-a7d1-43c1-a5c8-6559cbdc9e5e/remove_router_interface HTTP/1.1" 200 309 "-" "python-urllib3/1.26.5"
10.128.0.2 - - [03/Dec/2025:23:11:47 +0000] "DELETE /v2.0/routers/f34170de-e233-4c1c-945b-2b44ecc464ce HTTP/1.1" 204 - "-" "python-urllib3/1.26.5"
10.128.0.2 - - [03/Dec/2025:23:11:48 +0000] "DELETE /v2.0/subnets/f580f85f-1f64-449a-b35d-5a7e0a31cfe9 HTTP/1.1" 204 - "-" "python-urllib3/1.26.5"
10.128.0.2 - - [03/Dec/2025:23:11:48 +0000] "DELETE /v2.0/subnets/fd8f0e50-117d-4b5a-93fe-055dd9f6c840 HTTP/1.1" 204 - "-" "python-urllib3/1.26.5"
10.128.0.2 - - [03/Dec/2025:23:11:48 +0000] "DELETE /v2.0/networks/ec4c4e01-a16f-4280-a7ea-c2bad7e485bb HTTP/1.1" 204 - "-" "python-urllib3/1.26.5"
10.128.0.2 - - [03/Dec/2025:23:11:48 +0000] "DELETE /v2.0/routers/6a9ba31a-a7d1-43c1-a5c8-6559cbdc9e5e HTTP/1.1" 204 - "-" "python-urllib3/1.26.5"
10.128.0.2 - - [03/Dec/2025:23:11:50 +0000] "DELETE /v2.0/networks/4902d41d-e0eb-48a3-aa37-6b2ae8b1e513 HTTP/1.1" 204 - "-" "python-urllib3/1.26.5"
10.128.0.2 - - [03/Dec/2025:23:11:51 +0000] "DELETE /v2.0/security-groups/515203dd-a5b1-4fde-9133-b00496e02617 HTTP/1.1" 204 - "-" "python-urllib3/1.26.5"
10.128.0.2 - - [03/Dec/2025:23:11:50 +0000] "DELETE /v2.0/networks/ea21f027-6e75-40ba-94fe-e820c18b79f3 HTTP/1.1" 204 - "-" "python-urllib3/1.26.5"
10.128.0.2 - - [03/Dec/2025:23:11:51 +0000] "POST /v2.0/security-groups HTTP/1.1" 201 1613 "-" "python-urllib3/1.26.5"
10.128.0.2 - - [03/Dec/2025:23:11:51 +0000] "POST /v2.0/networks HTTP/1.1" 201 651 "-" "python-urllib3/1.26.5"
10.128.0.2 - - [03/Dec/2025:23:11:51 +0000] "POST /v2.0/security-group-rules HTTP/1.1" 201 565 "-" "python-urllib3/1.26.5"
10.128.0.2 - - [03/Dec/2025:23:11:52 +0000] "POST /v2.0/security-group-rules HTTP/1.1" 201 564 "-" "python-urllib3/1.26.5"
10.128.0.2 - - [03/Dec/2025:23:11:52 +0000] "POST /v2.0/security-group-rules HTTP/1.1" 201 570 "-" "python-urllib3/1.26.5"
10.128.0.2 - - [03/Dec/2025:23:11:52 +0000] "POST /v2.0/security-group-rules HTTP/1.1" 201 569 "-" "python-urllib3/1.26.5"
10.128.0.2 - - [03/Dec/2025:23:11:52 +0000] "POST /v2.0/security-group-rules HTTP/1.1" 201 575 "-" "python-urllib3/1.26.5"
10.128.0.2 - - [03/Dec/2025:23:11:53 +0000] "GET / HTTP/1.1" 200 122 "-" "kube-probe/1.31"
10.128.0.2 - - [03/Dec/2025:23:11:53 +0000] "GET / HTTP/1.1" 200 122 "-" "kube-probe/1.31"
10.128.0.2 - - [03/Dec/2025:23:11:53 +0000] "GET / HTTP/1.1" 200 122 "-" "kube-probe/1.31"
10.128.0.2 - - [03/Dec/2025:23:11:53 +0000] "POST /v2.0/security-group-rules HTTP/1.1" 201 574 "-" "python-urllib3/1.26.5"
10.128.0.2 - - [03/Dec/2025:23:11:53 +0000] "POST /v2.0/networks HTTP/1.1" 201 652 "-" "python-urllib3/1.26.5"
10.128.0.2 - - [03/Dec/2025:23:11:52 +0000] "POST /v2.0/routers HTTP/1.1" 201 672 "-" "python-urllib3/1.26.5"
10.128.0.2 - - [03/Dec/2025:23:11:54 +0000] "GET /v2.0/subnets?project_id=5f45986fc95543d5a0014e214c498f28&cidr=10.100.0.0%2F28 HTTP/1.1" 200 14 "-" "python-urllib3/1.26.5"
10.128.0.2 - - [03/Dec/2025:23:11:54 +0000] "GET /v2.0/networks?router%3Aexternal=True HTTP/1.1" 200 1567 "-" "python-urllib3/1.26.5"
10.128.0.2 - - [03/Dec/2025:23:11:54 +0000] "GET /v2.0/subnets?network_id=028583f1-6fe0-4d55-b869-739d10dff786&cidr=10.100.0.0%2F28 HTTP/1.1" 200 14 "-" "python-urllib3/1.26.5"
10.128.0.2 - - [03/Dec/2025:23:11:54 +0000] "GET /v2.0/subnets?network_id=27d6c5e6-f9ae-4cab-9ef3-af7441386ba8&cidr=10.100.0.0%2F28 HTTP/1.1" 200 14 "-" "python-urllib3/1.26.5"
10.128.0.2 - - [03/Dec/2025:23:11:53 +0000] "POST /v2.0/networks HTTP/1.1" 201 651 "-" "python-urllib3/1.26.5"
10.128.0.2 - - [03/Dec/2025:23:11:55 +0000] "GET /v2.0/subnets?project_id=392542f6ffae4fd4801c87a6dbbba04a&cidr=10.100.0.0%2F28 HTTP/1.1" 200 14 "-" "python-urllib3/1.26.5"
10.128.0.2 - - [03/Dec/2025:23:11:55 +0000] "GET /v2.0/networks?router%3Aexternal=True HTTP/1.1" 200 1567 "-" "python-urllib3/1.26.5"
10.128.0.2 - - [03/Dec/2025:23:11:55 +0000] "GET /v2.0/subnets?network_id=028583f1-6fe0-4d55-b869-739d10dff786&cidr=10.100.0.0%2F28 HTTP/1.1" 200 14 "-" "python-urllib3/1.26.5"
10.128.0.2 - - [03/Dec/2025:23:11:54 +0000] "POST /v2.0/subnets HTTP/1.1" 201 632 "-" "python-urllib3/1.26.5"
10.128.0.2 - - [03/Dec/2025:23:11:55 +0000] "GET /v2.0/subnets?network_id=27d6c5e6-f9ae-4cab-9ef3-af7441386ba8&cidr=10.100.0.0%2F28 HTTP/1.1" 200 14 "-" "python-urllib3/1.26.5"
10.128.0.2 - - [03/Dec/2025:23:11:55 +0000] "POST /v2.0/subnets HTTP/1.1" 201 623 "-" "python-urllib3/1.26.5"
10.128.0.2 - - [03/Dec/2025:23:11:55 +0000] "PUT /v2.0/routers/c0ce5772-94aa-4ec7-9d21-dd7ee50a7c90/add_router_interface HTTP/1.1" 200 309 "-" "python-urllib3/1.26.5"
10.128.0.2 - - [03/Dec/2025:23:11:58 +0000] "GET /v2.0/networks HTTP/1.1" 200 6046 "-" "python-urllib3/1.26.5"
10.128.0.2 - - [03/Dec/2025:23:11:59 +0000] "GET /v2.0/subnets HTTP/1.1" 200 4542 "-" "python-urllib3/1.26.5"
10.128.0.2 - - [03/Dec/2025:23:11:59 +0000] "GET /v2.0/routers HTTP/1.1" 200 1970 "-" "python-urllib3/1.26.5"
10.128.0.2 - - [03/Dec/2025:23:11:59 +0000] "POST /v2.0/security-groups HTTP/1.1" 201 1613 "-" "python-urllib3/1.26.5"
10.128.0.2 - - [03/Dec/2025:23:11:57 +0000] "POST /v2.0/routers HTTP/1.1" 201 671 "-" "python-urllib3/1.26.5"
10.128.0.2 - - [03/Dec/2025:23:11:59 +0000] "POST /v2.0/security-group-rules HTTP/1.1" 201 565 "-" "python-urllib3/1.26.5"
10.128.0.2 - - [03/Dec/2025:23:11:59 +0000] "POST /v2.0/security-group-rules HTTP/1.1" 201 564 "-" "python-urllib3/1.26.5"
10.128.0.2 - - [03/Dec/2025:23:12:00 +0000] "POST /v2.0/security-group-rules HTTP/1.1" 201 570 "-" "python-urllib3/1.26.5"
10.128.0.2 - - [03/Dec/2025:23:12:01 +0000] "POST /v2.0/security-group-rules HTTP/1.1" 201 569 "-" "python-urllib3/1.26.5"
10.128.0.2 - - [03/Dec/2025:23:12:02 +0000] "POST /v2.0/security-group-rules HTTP/1.1" 201 575 "-" "python-urllib3/1.26.5"
10.128.0.2 - - [03/Dec/2025:23:12:02 +0000] "POST /v2.0/security-group-rules HTTP/1.1" 201 574 "-" "python-urllib3/1.26.5"
10.128.0.2 - - [03/Dec/2025:23:11:59 +0000] "PUT /v2.0/routers/e59c3c75-d81e-4d15-a9aa-6f6423dcaceb/add_router_interface HTTP/1.1" 200 309 "-" "python-urllib3/1.26.5"
10.128.0.2 - - [03/Dec/2025:23:12:03 +0000] "GET /v2.0/subnets?project_id=392542f6ffae4fd4801c87a6dbbba04a&cidr=2001%3Adb8%3A%3A%2F64 HTTP/1.1" 200 14 "-" "python-urllib3/1.26.5"
10.128.0.2 - - [03/Dec/2025:23:12:03 +0000] "GET /v2.0/networks?router%3Aexternal=True HTTP/1.1" 200 1567 "-" "python-urllib3/1.26.5"
10.128.0.2 - - [03/Dec/2025:23:12:03 +0000] "GET /v2.0/subnets?network_id=028583f1-6fe0-4d55-b869-739d10dff786&cidr=2001%3Adb8%3A%3A%2F64 HTTP/1.1" 200 14 "-" "python-urllib3/1.26.5"
10.128.0.2 - - [03/Dec/2025:23:12:03 +0000] "GET /v2.0/subnets?network_id=27d6c5e6-f9ae-4cab-9ef3-af7441386ba8&cidr=2001%3Adb8%3A%3A%2F64 HTTP/1.1" 200 14 "-" "python-urllib3/1.26.5"
10.128.1.49 - - [03/Dec/2025:23:12:03 +0000] "GET /v2.0/security-groups?name=tempest-secgroup-smoke-1580074281&fields=id&tenant_id=5f45986fc95543d5a0014e214c498f28 HTTP/1.1" 200 69 "-" "python-neutronclient"
10.128.1.49 - - [03/Dec/2025:23:12:03 +0000] "GET /v2.0/networks?id=0214bb6a-27c8-4d1b-bbfe-0d78aca48eca HTTP/1.1" 200 673 "-" "python-neutronclient"
10.128.1.49 - - [03/Dec/2025:23:12:04 +0000] "GET /v2.0/quotas/5f45986fc95543d5a0014e214c498f28 HTTP/1.1" 200 187 "-" "python-neutronclient"
10.128.1.49 - - [03/Dec/2025:23:12:05 +0000] "GET /v2.0/ports?tenant_id=5f45986fc95543d5a0014e214c498f28&fields=id HTTP/1.1" 200 103 "-" "python-neutronclient"
10.128.1.49 - - [03/Dec/2025:23:12:06 +0000] "GET /v2.0/networks/0214bb6a-27c8-4d1b-bbfe-0d78aca48eca?fields=segments HTTP/1.1" 200 14 "-" "python-neutronclient"
10.128.1.49 - - [03/Dec/2025:23:12:07 +0000] "GET /v2.0/networks/0214bb6a-27c8-4d1b-bbfe-0d78aca48eca?fields=provider%3Aphysical_network&fields=provider%3Anetwork_type HTTP/1.1" 200 79 "-" "python-neutronclient"
10.128.0.2 - - [03/Dec/2025:23:12:03 +0000] "POST /v2.0/subnets HTTP/1.1" 201 649 "-" "python-urllib3/1.26.5"
10.128.1.51 - - [03/Dec/2025:23:12:08 +0000] "GET /v2.0/extensions HTTP/1.1" 200 17369 "-" "python-neutronclient"
10.128.1.49 - - [03/Dec/2025:23:12:08 +0000] "GET /v2.0/ports?device_id=5e25ade7-e6af-4923-9f69-7297c1bff832 HTTP/1.1" 200 12 "-" "python-neutronclient"
10.128.1.51 - - [03/Dec/2025:23:12:08 +0000] "GET /v2.0/subnets?network_id=0214bb6a-27c8-4d1b-bbfe-0d78aca48eca&fields=segment_id HTTP/1.1" 200 33 "-" "python-neutronclient"
10.128.1.49 - - [03/Dec/2025:23:12:10 +0000] "GET /v2.0/ports?device_id=5e25ade7-e6af-4923-9f69-7297c1bff832 HTTP/1.1" 200 12 "-" "python-neutronclient"
100.64.0.2 - - [03/Dec/2025:23:12:10 +0000] "GET /v2.0/networks?id=0214bb6a-27c8-4d1b-bbfe-0d78aca48eca HTTP/1.1" 200 673 "-" "python-neutronclient"
100.64.0.2 - - [03/Dec/2025:23:12:10 +0000] "GET /v2.0/security-groups?fields=id&fields=name&tenant_id=5f45986fc95543d5a0014e214c498f28 HTTP/1.1" 200 181 "-" "python-neutronclient"
100.64.0.2 - - [03/Dec/2025:23:12:10 +0000] "POST /v2.0/ports HTTP/1.1" 201 963 "-" "python-neutronclient"
10.128.0.2 - - [03/Dec/2025:23:12:08 +0000] "PUT /v2.0/routers/e59c3c75-d81e-4d15-a9aa-6f6423dcaceb/add_router_interface HTTP/1.1" 200 309 "-" "python-urllib3/1.26.5"
10.128.0.2 - - [03/Dec/2025:23:12:11 +0000] "GET /v2.0/subnets?project_id=392542f6ffae4fd4801c87a6dbbba04a&cidr=2001%3Adb8%3A%3A%2F64 HTTP/1.1" 200 670 "-" "python-urllib3/1.26.5"
10.128.0.2 - - [03/Dec/2025:23:12:11 +0000] "GET /v2.0/networks?router%3Aexternal=True HTTP/1.1" 200 1567 "-" "python-urllib3/1.26.5"
10.128.0.2 - - [03/Dec/2025:23:12:11 +0000] "GET /v2.0/subnets?network_id=028583f1-6fe0-4d55-b869-739d10dff786&cidr=2001%3Adb8%3A%3A%2F64 HTTP/1.1" 200 14 "-" "python-urllib3/1.26.5"
10.128.0.2 - - [03/Dec/2025:23:12:11 +0000] "GET /v2.0/subnets?network_id=27d6c5e6-f9ae-4cab-9ef3-af7441386ba8&cidr=2001%3Adb8%3A%3A%2F64 HTTP/1.1" 200 14 "-" "python-urllib3/1.26.5"
10.128.1.49 - - [03/Dec/2025:23:12:11 +0000] "GET /v2.0/ports?device_id=5e25ade7-e6af-4923-9f69-7297c1bff832 HTTP/1.1" 200 1081 "-" "python-neutronclient"
10.128.0.2 - - [03/Dec/2025:23:12:12 +0000] "GET /v2.0/subnets?project_id=392542f6ffae4fd4801c87a6dbbba04a&cidr=2001%3Adb8%3A0%3A1%3A%3A%2F64 HTTP/1.1" 200 14 "-" "python-urllib3/1.26.5"
10.128.1.49 - - [03/Dec/2025:23:12:12 +0000] "GET /v2.0/security-groups?id=c845e7e9-5905-48ac-b6ef-62df887ed6c3&fields=id&fields=name HTTP/1.1" 200 114 "-" "python-neutronclient"
10.128.0.2 - - [03/Dec/2025:23:12:12 +0000] "GET /v2.0/networks?router%3Aexternal=True HTTP/1.1" 200 1567 "-" "python-urllib3/1.26.5"
10.128.0.2 - - [03/Dec/2025:23:12:13 +0000] "GET /v2.0/subnets?network_id=028583f1-6fe0-4d55-b869-739d10dff786&cidr=2001%3Adb8%3A0%3A1%3A%3A%2F64 HTTP/1.1" 200 14 "-" "python-urllib3/1.26.5"
100.64.0.2 - - [03/Dec/2025:23:12:11 +0000] "PUT /v2.0/ports/c115f66f-ba78-4c7d-9e6a-68ba7d71dbce HTTP/1.1" 200 1317 "-" "python-neutronclient"
10.128.0.2 - - [03/Dec/2025:23:12:13 +0000] "GET /v2.0/subnets?network_id=27d6c5e6-f9ae-4cab-9ef3-af7441386ba8&cidr=2001%3Adb8%3A0%3A1%3A%3A%2F64 HTTP/1.1" 200 14 "-" "python-urllib3/1.26.5"
100.64.0.2 - - [03/Dec/2025:23:12:13 +0000] "GET /v2.0/ports?tenant_id=5f45986fc95543d5a0014e214c498f28&device_id=5e25ade7-e6af-4923-9f69-7297c1bff832 HTTP/1.1" 200 1348 "-" "python-neutronclient"
100.64.0.2 - - [03/Dec/2025:23:12:13 +0000] "GET /v2.0/floatingips?fixed_ip_address=10.100.0.14&port_id=c115f66f-ba78-4c7d-9e6a-68ba7d71dbce HTTP/1.1" 200 19 "-" "python-neutronclient"
100.64.0.2 - - [03/Dec/2025:23:12:13 +0000] "GET /v2.0/subnets?id=ddbbab90-8458-4509-8144-10c4a1df7f8b HTTP/1.1" 200 653 "-" "python-neutronclient"
100.64.0.2 - - [03/Dec/2025:23:12:13 +0000] "GET /v2.0/ports?network_id=0214bb6a-27c8-4d1b-bbfe-0d78aca48eca&device_owner=network%3Adhcp HTTP/1.1" 200 12 "-" "python-neutronclient"
10.128.1.49 - - [03/Dec/2025:23:12:14 +0000] "GET /v2.0/ports?device_id=5e25ade7-e6af-4923-9f69-7297c1bff832 HTTP/1.1" 200 1081 "-" "python-neutronclient"
100.64.0.2 - - [03/Dec/2025:23:12:14 +0000] "GET /v2.0/networks/0214bb6a-27c8-4d1b-bbfe-0d78aca48eca?fields=segments HTTP/1.1" 200 14 "-" "python-neutronclient"
100.64.0.2 - - [03/Dec/2025:23:12:14 +0000] "GET /v2.0/networks/0214bb6a-27c8-4d1b-bbfe-0d78aca48eca?fields=provider%3Aphysical_network&fields=provider%3Anetwork_type HTTP/1.1" 200 79 "-" "python-neutronclient"
10.128.1.49 - - [03/Dec/2025:23:12:14 +0000] "GET /v2.0/security-groups?id=c845e7e9-5905-48ac-b6ef-62df887ed6c3&fields=id&fields=name HTTP/1.1" 200 114 "-" "python-neutronclient"
100.64.0.2 - - [03/Dec/2025:23:12:15 +0000] "GET /v2.0/ports?tenant_id=5f45986fc95543d5a0014e214c498f28&device_id=5e25ade7-e6af-4923-9f69-7297c1bff832 HTTP/1.1" 200 1348 "-" "python-neutronclient"
10.128.0.2 - - [03/Dec/2025:23:12:13 +0000] "POST /v2.0/subnets HTTP/1.1" 201 663 "-" "python-urllib3/1.26.5"
100.64.0.2 - - [03/Dec/2025:23:12:15 +0000] "GET /v2.0/ports?device_id=5e25ade7-e6af-4923-9f69-7297c1bff832 HTTP/1.1" 200 1348 "-" "python-neutronclient"
100.64.0.2 - - [03/Dec/2025:23:12:15 +0000] "GET /v2.0/networks?id=0214bb6a-27c8-4d1b-bbfe-0d78aca48eca HTTP/1.1" 200 772 "-" "python-neutronclient"
100.64.0.2 - - [03/Dec/2025:23:12:16 +0000] "GET /v2.0/floatingips?fixed_ip_address=10.100.0.14&port_id=c115f66f-ba78-4c7d-9e6a-68ba7d71dbce HTTP/1.1" 200 19 "-" "python-neutronclient"
100.64.0.2 - - [03/Dec/2025:23:12:16 +0000] "GET /v2.0/security-groups?id=c845e7e9-5905-48ac-b6ef-62df887ed6c3&fields=id&fields=name HTTP/1.1" 200 114 "-" "python-neutronclient"
100.64.0.2 - - [03/Dec/2025:23:12:16 +0000] "GET /v2.0/subnets?id=ddbbab90-8458-4509-8144-10c4a1df7f8b HTTP/1.1" 200 653 "-" "python-neutronclient"
100.64.0.2 - - [03/Dec/2025:23:12:16 +0000] "GET /v2.0/ports?network_id=0214bb6a-27c8-4d1b-bbfe-0d78aca48eca&device_owner=network%3Adhcp HTTP/1.1" 200 12 "-" "python-neutronclient"
100.64.0.2 - - [03/Dec/2025:23:12:16 +0000] "GET /v2.0/networks/0214bb6a-27c8-4d1b-bbfe-0d78aca48eca?fields=segments HTTP/1.1" 200 14 "-" "python-neutronclient"
100.64.0.2 - - [03/Dec/2025:23:12:16 +0000] "GET /v2.0/networks/0214bb6a-27c8-4d1b-bbfe-0d78aca48eca?fields=provider%3Aphysical_network&fields=provider%3Anetwork_type HTTP/1.1" 200 79 "-" "python-neutronclient"
10.128.1.49 - - [03/Dec/2025:23:12:16 +0000] "GET /v2.0/ports?device_id=5e25ade7-e6af-4923-9f69-7297c1bff832 HTTP/1.1" 200 1083 "-" "python-neutronclient"
10.128.1.49 - - [03/Dec/2025:23:12:17 +0000] "GET /v2.0/security-groups?id=c845e7e9-5905-48ac-b6ef-62df887ed6c3&fields=id&fields=name HTTP/1.1" 200 114 "-" "python-neutronclient"
10.128.0.2 - - [03/Dec/2025:23:12:15 +0000] "PUT /v2.0/routers/e59c3c75-d81e-4d15-a9aa-6f6423dcaceb/add_router_interface HTTP/1.1" 200 309 "-" "python-urllib3/1.26.5"
10.128.1.49 - - [03/Dec/2025:23:12:19 +0000] "GET /v2.0/security-groups?name=tempest-secgroup-smoke-1476744486&fields=id&tenant_id=392542f6ffae4fd4801c87a6dbbba04a HTTP/1.1" 200 69 "-" "python-neutronclient"
10.128.1.49 - - [03/Dec/2025:23:12:19 +0000] "GET /v2.0/ports?device_id=5e25ade7-e6af-4923-9f69-7297c1bff832 HTTP/1.1" 200 1083 "-" "python-neutronclient"
10.128.1.49 - - [03/Dec/2025:23:12:19 +0000] "GET /v2.0/security-groups?id=c845e7e9-5905-48ac-b6ef-62df887ed6c3&fields=id&fields=name HTTP/1.1" 200 114 "-" "python-neutronclient"
10.128.1.49 - - [03/Dec/2025:23:12:19 +0000] "GET /v2.0/networks?id=379abd6b-e223-46c2-9f00-8f71e7e6b1ad&id=e497d340-1e98-42ab-981e-bb02118675a7 HTTP/1.1" 200 1372 "-" "python-neutronclient"
10.128.1.49 - - [03/Dec/2025:23:12:19 +0000] "GET /v2.0/quotas/392542f6ffae4fd4801c87a6dbbba04a HTTP/1.1" 200 187 "-" "python-neutronclient"
10.128.1.49 - - [03/Dec/2025:23:12:20 +0000] "GET /v2.0/ports?device_id=5e25ade7-e6af-4923-9f69-7297c1bff832 HTTP/1.1" 200 1083 "-" "python-neutronclient"
10.128.1.49 - - [03/Dec/2025:23:12:19 +0000] "GET /v2.0/ports?tenant_id=392542f6ffae4fd4801c87a6dbbba04a&fields=id HTTP/1.1" 200 195 "-" "python-neutronclient"
10.128.1.49 - - [03/Dec/2025:23:12:20 +0000] "GET /v2.0/extensions HTTP/1.1" 200 17369 "-" "python-neutronclient"
10.128.1.49 - - [03/Dec/2025:23:12:20 +0000] "GET /v2.0/security-groups?id=c845e7e9-5905-48ac-b6ef-62df887ed6c3&fields=id&fields=name HTTP/1.1" 200 114 "-" "python-neutronclient"
10.128.0.2 - - [03/Dec/2025:23:12:20 +0000] "GET /v2.0/ports?device_id=5e25ade7-e6af-4923-9f69-7297c1bff832 HTTP/1.1" 200 1350 "-" "python-urllib3/1.26.5"
10.128.1.49 - - [03/Dec/2025:23:12:20 +0000] "GET /v2.0/networks/379abd6b-e223-46c2-9f00-8f71e7e6b1ad?fields=segments HTTP/1.1" 200 14 "-" "python-neutronclient"
10.128.1.49 - - [03/Dec/2025:23:12:21 +0000] "GET /v2.0/networks/379abd6b-e223-46c2-9f00-8f71e7e6b1ad?fields=provider%3Aphysical_network&fields=provider%3Anetwork_type HTTP/1.1" 200 79 "-" "python-neutronclient"
10.128.1.49 - - [03/Dec/2025:23:12:21 +0000] "GET /v2.0/networks/e497d340-1e98-42ab-981e-bb02118675a7?fields=segments HTTP/1.1" 200 14 "-" "python-neutronclient"
10.128.1.49 - - [03/Dec/2025:23:12:21 +0000] "GET /v2.0/networks/e497d340-1e98-42ab-981e-bb02118675a7?fields=provider%3Aphysical_network&fields=provider%3Anetwork_type HTTP/1.1" 200 79 "-" "python-neutronclient"
10.128.0.2 - - [03/Dec/2025:23:12:20 +0000] "POST /v2.0/floatingips HTTP/1.1" 201 882 "-" "python-urllib3/1.26.5"
10.128.1.51 - - [03/Dec/2025:23:12:21 +0000] "GET /v2.0/extensions HTTP/1.1" 200 17369 "-" "python-neutronclient"
10.128.1.49 - - [03/Dec/2025:23:12:21 +0000] "GET /v2.0/ports?device_id=b1276a19-1482-4a2f-9ad8-ff8ae926c9eb HTTP/1.1" 200 12 "-" "python-neutronclient"
10.128.0.2 - - [03/Dec/2025:23:12:22 +0000] "GET /v2.0/floatingips/9e260297-1fb2-4937-b714-5e1fbcaaeb76 HTTP/1.1" 200 884 "-" "python-urllib3/1.26.5"
10.128.1.51 - - [03/Dec/2025:23:12:22 +0000] "GET /v2.0/subnets?network_id=379abd6b-e223-46c2-9f00-8f71e7e6b1ad&fields=segment_id HTTP/1.1" 200 33 "-" "python-neutronclient"
100.64.0.2 - - [03/Dec/2025:23:12:22 +0000] "GET /v2.0/ports?tenant_id=5f45986fc95543d5a0014e214c498f28&device_id=5e25ade7-e6af-4923-9f69-7297c1bff832 HTTP/1.1" 200 1350 "-" "python-neutronclient"
10.128.1.51 - - [03/Dec/2025:23:12:22 +0000] "GET /v2.0/subnets?network_id=e497d340-1e98-42ab-981e-bb02118675a7&fields=segment_id HTTP/1.1" 200 53 "-" "python-neutronclient"
100.64.0.2 - - [03/Dec/2025:23:12:22 +0000] "GET /v2.0/networks?id=0214bb6a-27c8-4d1b-bbfe-0d78aca48eca HTTP/1.1" 200 772 "-" "python-neutronclient"
100.64.0.2 - - [03/Dec/2025:23:12:22 +0000] "GET /v2.0/floatingips?fixed_ip_address=10.100.0.14&port_id=c115f66f-ba78-4c7d-9e6a-68ba7d71dbce HTTP/1.1" 200 887 "-" "python-neutronclient"
100.64.0.2 - - [03/Dec/2025:23:12:23 +0000] "GET /v2.0/subnets?id=ddbbab90-8458-4509-8144-10c4a1df7f8b HTTP/1.1" 200 653 "-" "python-neutronclient"
10.128.0.2 - - [03/Dec/2025:23:12:23 +0000] "GET / HTTP/1.1" 200 122 "-" "kube-probe/1.31"
10.128.0.2 - - [03/Dec/2025:23:12:23 +0000] "GET / HTTP/1.1" 200 122 "-" "kube-probe/1.31"
10.128.0.2 - - [03/Dec/2025:23:12:23 +0000] "GET / HTTP/1.1" 200 122 "-" "kube-probe/1.31"
100.64.0.2 - - [03/Dec/2025:23:12:23 +0000] "GET /v2.0/ports?network_id=0214bb6a-27c8-4d1b-bbfe-0d78aca48eca&device_owner=network%3Adhcp HTTP/1.1" 200 12 "-" "python-neutronclient"
10.128.1.49 - - [03/Dec/2025:23:12:23 +0000] "GET /v2.0/ports?device_id=b1276a19-1482-4a2f-9ad8-ff8ae926c9eb HTTP/1.1" 200 12 "-" "python-neutronclient"
100.64.0.2 - - [03/Dec/2025:23:12:23 +0000] "GET /v2.0/networks/0214bb6a-27c8-4d1b-bbfe-0d78aca48eca?fields=segments HTTP/1.1" 200 14 "-" "python-neutronclient"
100.64.0.2 - - [03/Dec/2025:23:12:23 +0000] "GET /v2.0/networks?id=379abd6b-e223-46c2-9f00-8f71e7e6b1ad&id=e497d340-1e98-42ab-981e-bb02118675a7 HTTP/1.1" 200 1372 "-" "python-neutronclient"
100.64.0.2 - - [03/Dec/2025:23:12:23 +0000] "GET /v2.0/security-groups?fields=id&fields=name&tenant_id=392542f6ffae4fd4801c87a6dbbba04a HTTP/1.1" 200 181 "-" "python-neutronclient"
100.64.0.2 - - [03/Dec/2025:23:12:23 +0000] "GET /v2.0/networks/0214bb6a-27c8-4d1b-bbfe-0d78aca48eca?fields=provider%3Aphysical_network&fields=provider%3Anetwork_type HTTP/1.1" 200 79 "-" "python-neutronclient"
100.64.0.2 - - [03/Dec/2025:23:12:23 +0000] "POST /v2.0/ports HTTP/1.1" 201 963 "-" "python-neutronclient"
10.128.1.49 - - [03/Dec/2025:23:12:24 +0000] "GET /v2.0/ports?device_id=b1276a19-1482-4a2f-9ad8-ff8ae926c9eb HTTP/1.1" 200 966 "-" "python-neutronclient"
100.64.0.2 - - [03/Dec/2025:23:12:24 +0000] "POST /v2.0/ports HTTP/1.1" 201 1305 "-" "python-neutronclient"
10.128.1.49 - - [03/Dec/2025:23:12:24 +0000] "GET /v2.0/security-groups?id=79c41a23-4964-4068-8088-51a451b031ec&fields=id&fields=name HTTP/1.1" 200 114 "-" "python-neutronclient"
100.64.0.2 - - [03/Dec/2025:23:12:25 +0000] "PUT /v2.0/ports/a16d8d29-622c-4a99-89ad-dbfa5359cae3 HTTP/1.1" 200 1314 "-" "python-neutronclient"
100.64.0.2 - - [03/Dec/2025:23:12:25 +0000] "GET /v2.0/ports?tenant_id=392542f6ffae4fd4801c87a6dbbba04a&device_id=b1276a19-1482-4a2f-9ad8-ff8ae926c9eb HTTP/1.1" 200 2762 "-" "python-neutronclient"
100.64.0.2 - - [03/Dec/2025:23:12:26 +0000] "GET /v2.0/networks?tenant_id=392542f6ffae4fd4801c87a6dbbba04a&shared=False HTTP/1.1" 200 1570 "-" "python-neutronclient"
100.64.0.2 - - [03/Dec/2025:23:12:26 +0000] "GET /v2.0/networks?shared=True HTTP/1.1" 200 745 "-" "python-neutronclient"
10.128.1.49 - - [03/Dec/2025:23:12:26 +0000] "GET /v2.0/ports?device_id=b1276a19-1482-4a2f-9ad8-ff8ae926c9eb HTTP/1.1" 200 2465 "-" "python-neutronclient"
10.128.1.49 - - [03/Dec/2025:23:12:26 +0000] "GET /v2.0/security-groups?id=79c41a23-4964-4068-8088-51a451b031ec&fields=id&fields=name HTTP/1.1" 200 114 "-" "python-neutronclient"
100.64.0.2 - - [03/Dec/2025:23:12:25 +0000] "PUT /v2.0/ports/5af54be1-4dfa-4441-9dd2-2c4cb343f83b HTTP/1.1" 200 1634 "-" "python-neutronclient"
100.64.0.2 - - [03/Dec/2025:23:12:26 +0000] "GET /v2.0/ports?tenant_id=392542f6ffae4fd4801c87a6dbbba04a&device_id=b1276a19-1482-4a2f-9ad8-ff8ae926c9eb HTTP/1.1" 200 2999 "-" "python-neutronclient"
100.64.0.2 - - [03/Dec/2025:23:12:26 +0000] "GET /v2.0/floatingips?fixed_ip_address=10.100.0.13&port_id=a16d8d29-622c-4a99-89ad-dbfa5359cae3 HTTP/1.1" 200 19 "-" "python-neutronclient"
100.64.0.2 - - [03/Dec/2025:23:12:27 +0000] "GET /v2.0/subnets?id=c7b49095-69a6-4e5f-8aaa-fd648f2ca27e HTTP/1.1" 200 644 "-" "python-neutronclient"
100.64.0.2 - - [03/Dec/2025:23:12:27 +0000] "GET /v2.0/ports?network_id=379abd6b-e223-46c2-9f00-8f71e7e6b1ad&device_owner=network%3Adhcp HTTP/1.1" 200 12 "-" "python-neutronclient"
100.64.0.2 - - [03/Dec/2025:23:12:27 +0000] "GET /v2.0/networks/379abd6b-e223-46c2-9f00-8f71e7e6b1ad?fields=segments HTTP/1.1" 200 14 "-" "python-neutronclient"
100.64.0.2 - - [03/Dec/2025:23:12:27 +0000] "GET /v2.0/networks/379abd6b-e223-46c2-9f00-8f71e7e6b1ad?fields=provider%3Aphysical_network&fields=provider%3Anetwork_type HTTP/1.1" 200 79 "-" "python-neutronclient"
100.64.0.2 - - [03/Dec/2025:23:12:27 +0000] "GET /v2.0/floatingips?fixed_ip_address=2001%3Adb8%3A0%3A1%3Af816%3A3eff%3Afe67%3A7431&port_id=5af54be1-4dfa-4441-9dd2-2c4cb343f83b HTTP/1.1" 200 19 "-" "python-neutronclient"
100.64.0.2 - - [03/Dec/2025:23:12:27 +0000] "GET /v2.0/floatingips?fixed_ip_address=2001%3Adb8%3A%3Af816%3A3eff%3Afe67%3A7431&port_id=5af54be1-4dfa-4441-9dd2-2c4cb343f83b HTTP/1.1" 200 19 "-" "python-neutronclient"
10.128.1.49 - - [03/Dec/2025:23:12:27 +0000] "GET /v2.0/ports?device_id=b1276a19-1482-4a2f-9ad8-ff8ae926c9eb HTTP/1.1" 200 2465 "-" "python-neutronclient"
100.64.0.2 - - [03/Dec/2025:23:12:28 +0000] "GET /v2.0/subnets?id=8579b167-89d2-432e-ba3c-ebb91658b918&id=deba519d-60d9-4973-a677-c9464740a373 HTTP/1.1" 200 1341 "-" "python-neutronclient"
10.128.1.49 - - [03/Dec/2025:23:12:28 +0000] "GET /v2.0/security-groups?id=79c41a23-4964-4068-8088-51a451b031ec&fields=id&fields=name HTTP/1.1" 200 114 "-" "python-neutronclient"
100.64.0.2 - - [03/Dec/2025:23:12:28 +0000] "GET /v2.0/ports?network_id=e497d340-1e98-42ab-981e-bb02118675a7&device_owner=network%3Adhcp HTTP/1.1" 200 12 "-" "python-neutronclient"
100.64.0.2 - - [03/Dec/2025:23:12:28 +0000] "GET /v2.0/ports?network_id=e497d340-1e98-42ab-981e-bb02118675a7&device_owner=network%3Adhcp HTTP/1.1" 200 12 "-" "python-neutronclient"
100.64.0.2 - - [03/Dec/2025:23:12:29 +0000] "GET /v2.0/networks/e497d340-1e98-42ab-981e-bb02118675a7?fields=segments HTTP/1.1" 200 14 "-" "python-neutronclient"
100.64.0.2 - - [03/Dec/2025:23:12:29 +0000] "GET /v2.0/networks/e497d340-1e98-42ab-981e-bb02118675a7?fields=provider%3Aphysical_network&fields=provider%3Anetwork_type HTTP/1.1" 200 79 "-" "python-neutronclient"
100.64.0.2 - - [03/Dec/2025:23:12:29 +0000] "GET /v2.0/ports?tenant_id=392542f6ffae4fd4801c87a6dbbba04a&device_id=b1276a19-1482-4a2f-9ad8-ff8ae926c9eb HTTP/1.1" 200 2999 "-" "python-neutronclient"
100.64.0.2 - - [03/Dec/2025:23:12:29 +0000] "GET /v2.0/networks?id=e497d340-1e98-42ab-981e-bb02118675a7 HTTP/1.1" 200 811 "-" "python-neutronclient"
100.64.0.2 - - [03/Dec/2025:23:12:29 +0000] "GET /v2.0/floatingips?fixed_ip_address=2001%3Adb8%3A0%3A1%3Af816%3A3eff%3Afe67%3A7431&port_id=5af54be1-4dfa-4441-9dd2-2c4cb343f83b HTTP/1.1" 200 19 "-" "python-neutronclient"
100.64.0.2 - - [03/Dec/2025:23:12:29 +0000] "GET /v2.0/ports?device_id=b1276a19-1482-4a2f-9ad8-ff8ae926c9eb HTTP/1.1" 200 2999 "-" "python-neutronclient"
100.64.0.2 - - [03/Dec/2025:23:12:30 +0000] "GET /v2.0/floatingips?fixed_ip_address=2001%3Adb8%3A%3Af816%3A3eff%3Afe67%3A7431&port_id=5af54be1-4dfa-4441-9dd2-2c4cb343f83b HTTP/1.1" 200 19 "-" "python-neutronclient"
10.128.1.49 - - [03/Dec/2025:23:12:29 +0000] "GET /v2.0/ports?device_id=b1276a19-1482-4a2f-9ad8-ff8ae926c9eb HTTP/1.1" 200 2465 "-" "python-neutronclient"
100.64.0.2 - - [03/Dec/2025:23:12:30 +0000] "GET /v2.0/security-groups?id=79c41a23-4964-4068-8088-51a451b031ec&fields=id&fields=name HTTP/1.1" 200 114 "-" "python-neutronclient"
100.64.0.2 - - [03/Dec/2025:23:12:30 +0000] "GET /v2.0/subnets?id=8579b167-89d2-432e-ba3c-ebb91658b918&id=deba519d-60d9-4973-a677-c9464740a373 HTTP/1.1" 200 1341 "-" "python-neutronclient"
10.128.1.49 - - [03/Dec/2025:23:12:30 +0000] "GET /v2.0/security-groups?id=79c41a23-4964-4068-8088-51a451b031ec&fields=id&fields=name HTTP/1.1" 200 114 "-" "python-neutronclient"
100.64.0.2 - - [03/Dec/2025:23:12:31 +0000] "GET /v2.0/ports?network_id=e497d340-1e98-42ab-981e-bb02118675a7&device_owner=network%3Adhcp HTTP/1.1" 200 12 "-" "python-neutronclient"
100.64.0.2 - - [03/Dec/2025:23:12:31 +0000] "GET /v2.0/ports?network_id=e497d340-1e98-42ab-981e-bb02118675a7&device_owner=network%3Adhcp HTTP/1.1" 200 12 "-" "python-neutronclient"
100.64.0.2 - - [03/Dec/2025:23:12:31 +0000] "GET /v2.0/networks/e497d340-1e98-42ab-981e-bb02118675a7?fields=segments HTTP/1.1" 200 14 "-" "python-neutronclient"
100.64.0.2 - - [03/Dec/2025:23:12:31 +0000] "GET /v2.0/networks/e497d340-1e98-42ab-981e-bb02118675a7?fields=provider%3Aphysical_network&fields=provider%3Anetwork_type HTTP/1.1" 200 79 "-" "python-neutronclient"
10.128.1.49 - - [03/Dec/2025:23:12:32 +0000] "GET /v2.0/ports?device_id=b1276a19-1482-4a2f-9ad8-ff8ae926c9eb HTTP/1.1" 200 2469 "-" "python-neutronclient"
10.128.1.49 - - [03/Dec/2025:23:12:32 +0000] "GET /v2.0/security-groups?id=79c41a23-4964-4068-8088-51a451b031ec&fields=id&fields=name HTTP/1.1" 200 114 "-" "python-neutronclient"
10.128.1.49 - - [03/Dec/2025:23:12:33 +0000] "GET /v2.0/ports?device_id=b1276a19-1482-4a2f-9ad8-ff8ae926c9eb HTTP/1.1" 200 2469 "-" "python-neutronclient"
10.128.1.49 - - [03/Dec/2025:23:12:33 +0000] "GET /v2.0/security-groups?id=79c41a23-4964-4068-8088-51a451b031ec&fields=id&fields=name HTTP/1.1" 200 114 "-" "python-neutronclient"
10.128.0.2 - - [03/Dec/2025:23:12:33 +0000] "GET /v2.0/ports?device_id=b1276a19-1482-4a2f-9ad8-ff8ae926c9eb HTTP/1.1" 200 3003 "-" "python-urllib3/1.26.5"
10.128.0.2 - - [03/Dec/2025:23:12:33 +0000] "POST /v2.0/floatingips HTTP/1.1" 201 882 "-" "python-urllib3/1.26.5"
100.64.0.2 - - [03/Dec/2025:23:12:35 +0000] "GET /v2.0/ports?tenant_id=392542f6ffae4fd4801c87a6dbbba04a&device_id=b1276a19-1482-4a2f-9ad8-ff8ae926c9eb HTTP/1.1" 200 3003 "-" "python-neutronclient"
100.64.0.2 - - [03/Dec/2025:23:12:36 +0000] "GET /v2.0/networks?id=379abd6b-e223-46c2-9f00-8f71e7e6b1ad HTTP/1.1" 200 773 "-" "python-neutronclient"
100.64.0.2 - - [03/Dec/2025:23:12:36 +0000] "GET /v2.0/floatingips?fixed_ip_address=10.100.0.13&port_id=a16d8d29-622c-4a99-89ad-dbfa5359cae3 HTTP/1.1" 200 887 "-" "python-neutronclient"
100.64.0.2 - - [03/Dec/2025:23:12:36 +0000] "GET /v2.0/subnets?id=c7b49095-69a6-4e5f-8aaa-fd648f2ca27e HTTP/1.1" 200 644 "-" "python-neutronclient"
100.64.0.2 - - [03/Dec/2025:23:12:36 +0000] "GET /v2.0/ports?network_id=379abd6b-e223-46c2-9f00-8f71e7e6b1ad&device_owner=network%3Adhcp HTTP/1.1" 200 12 "-" "python-neutronclient"
100.64.0.2 - - [03/Dec/2025:23:12:36 +0000] "GET /v2.0/networks/379abd6b-e223-46c2-9f00-8f71e7e6b1ad?fields=segments HTTP/1.1" 200 14 "-" "python-neutronclient"
100.64.0.2 - - [03/Dec/2025:23:12:36 +0000] "GET /v2.0/networks/379abd6b-e223-46c2-9f00-8f71e7e6b1ad?fields=provider%3Aphysical_network&fields=provider%3Anetwork_type HTTP/1.1" 200 79 "-" "python-neutronclient"
10.128.0.2 - - [03/Dec/2025:23:12:36 +0000] "PUT /v2.0/routers/c0ce5772-94aa-4ec7-9d21-dd7ee50a7c90 HTTP/1.1" 200 673 "-" "python-urllib3/1.26.5"
10.128.0.2 - - [03/Dec/2025:23:12:39 +0000] "PUT /v2.0/routers/c0ce5772-94aa-4ec7-9d21-dd7ee50a7c90 HTTP/1.1" 200 672 "-" "python-urllib3/1.26.5"
10.128.0.2 - - [03/Dec/2025:23:12:41 +0000] "GET /v2.0/floatingips/9e260297-1fb2-4937-b714-5e1fbcaaeb76 HTTP/1.1" 200 884 "-" "python-urllib3/1.26.5"
10.128.0.2 - - [03/Dec/2025:23:12:42 +0000] "DELETE /v2.0/floatingips/9e260297-1fb2-4937-b714-5e1fbcaaeb76 HTTP/1.1" 204 - "-" "python-urllib3/1.26.5"
10.128.1.49 - - [03/Dec/2025:23:12:43 +0000] "GET /v2.0/ports?device_id=5e25ade7-e6af-4923-9f69-7297c1bff832 HTTP/1.1" 200 1081 "-" "python-neutronclient"
10.128.1.49 - - [03/Dec/2025:23:12:44 +0000] "GET /v2.0/security-groups?id=c845e7e9-5905-48ac-b6ef-62df887ed6c3&fields=id&fields=name HTTP/1.1" 200 114 "-" "python-neutronclient"
100.64.0.2 - - [03/Dec/2025:23:12:43 +0000] "GET /v2.0/ports?tenant_id=5f45986fc95543d5a0014e214c498f28&device_id=5e25ade7-e6af-4923-9f69-7297c1bff832 HTTP/1.1" 200 1348 "-" "python-neutronclient"
100.64.0.2 - - [03/Dec/2025:23:12:44 +0000] "GET /v2.0/ports?device_id=5e25ade7-e6af-4923-9f69-7297c1bff832 HTTP/1.1" 200 1081 "-" "python-neutronclient"
100.64.0.2 - - [03/Dec/2025:23:12:44 +0000] "GET /v2.0/networks?id=0214bb6a-27c8-4d1b-bbfe-0d78aca48eca HTTP/1.1" 200 772 "-" "python-neutronclient"
100.64.0.2 - - [03/Dec/2025:23:12:44 +0000] "GET /v2.0/floatingips?fixed_ip_address=10.100.0.14&port_id=c115f66f-ba78-4c7d-9e6a-68ba7d71dbce HTTP/1.1" 200 19 "-" "python-neutronclient"
100.64.0.2 - - [03/Dec/2025:23:12:45 +0000] "GET /v2.0/subnets?id=ddbbab90-8458-4509-8144-10c4a1df7f8b HTTP/1.1" 200 653 "-" "python-neutronclient"
10.128.1.49 - - [03/Dec/2025:23:12:45 +0000] "GET /v2.0/ports?device_id=5e25ade7-e6af-4923-9f69-7297c1bff832 HTTP/1.1" 200 1081 "-" "python-neutronclient"
100.64.0.2 - - [03/Dec/2025:23:12:45 +0000] "GET /v2.0/ports?network_id=0214bb6a-27c8-4d1b-bbfe-0d78aca48eca&device_owner=network%3Adhcp HTTP/1.1" 200 12 "-" "python-neutronclient"
100.64.0.2 - - [03/Dec/2025:23:12:44 +0000] "DELETE /v2.0/ports/c115f66f-ba78-4c7d-9e6a-68ba7d71dbce HTTP/1.1" 204 - "-" "python-neutronclient"
10.128.1.49 - - [03/Dec/2025:23:12:46 +0000] "GET /v2.0/security-groups?id=c845e7e9-5905-48ac-b6ef-62df887ed6c3&fields=id&fields=name HTTP/1.1" 200 114 "-" "python-neutronclient"
100.64.0.2 - - [03/Dec/2025:23:12:46 +0000] "GET /v2.0/networks/0214bb6a-27c8-4d1b-bbfe-0d78aca48eca?fields=segments HTTP/1.1" 200 14 "-" "python-neutronclient"
100.64.0.2 - - [03/Dec/2025:23:12:46 +0000] "GET /v2.0/networks/0214bb6a-27c8-4d1b-bbfe-0d78aca48eca?fields=provider%3Aphysical_network&fields=provider%3Anetwork_type HTTP/1.1" 200 79 "-" "python-neutronclient"
10.128.0.2 - - [03/Dec/2025:23:12:47 +0000] "DELETE /v2.0/security-groups/c845e7e9-5905-48ac-b6ef-62df887ed6c3 HTTP/1.1" 204 - "-" "python-urllib3/1.26.5"
10.128.0.2 - - [03/Dec/2025:23:12:48 +0000] "PUT /v2.0/routers/c0ce5772-94aa-4ec7-9d21-dd7ee50a7c90/remove_router_interface HTTP/1.1" 200 309 "-" "python-urllib3/1.26.5"
10.128.0.2 - - [03/Dec/2025:23:12:49 +0000] "DELETE /v2.0/subnets/ddbbab90-8458-4509-8144-10c4a1df7f8b HTTP/1.1" 204 - "-" "python-urllib3/1.26.5"
10.128.1.49 - - [03/Dec/2025:23:12:51 +0000] "GET /v2.0/security-groups?name=tempest-secgroup-smoke-1476744486&fields=id&tenant_id=392542f6ffae4fd4801c87a6dbbba04a HTTP/1.1" 200 69 "-" "python-neutronclient"
10.128.0.2 - - [03/Dec/2025:23:12:49 +0000] "DELETE /v2.0/routers/c0ce5772-94aa-4ec7-9d21-dd7ee50a7c90 HTTP/1.1" 204 - "-" "python-urllib3/1.26.5"
10.128.1.49 - - [03/Dec/2025:23:12:51 +0000] "GET /v2.0/networks?id=379abd6b-e223-46c2-9f00-8f71e7e6b1ad&id=e497d340-1e98-42ab-981e-bb02118675a7 HTTP/1.1" 200 1372 "-" "python-neutronclient"
10.128.1.49 - - [03/Dec/2025:23:12:52 +0000] "GET /v2.0/quotas/392542f6ffae4fd4801c87a6dbbba04a HTTP/1.1" 200 187 "-" "python-neutronclient"
10.128.1.49 - - [03/Dec/2025:23:12:52 +0000] "GET /v2.0/ports?tenant_id=392542f6ffae4fd4801c87a6dbbba04a&fields=id HTTP/1.1" 200 287 "-" "python-neutronclient"
10.128.0.2 - - [03/Dec/2025:23:12:53 +0000] "GET / HTTP/1.1" 200 122 "-" "kube-probe/1.31"
10.128.0.2 - - [03/Dec/2025:23:12:53 +0000] "GET / HTTP/1.1" 200 122 "-" "kube-probe/1.31"
10.128.0.2 - - [03/Dec/2025:23:12:51 +0000] "DELETE /v2.0/networks/0214bb6a-27c8-4d1b-bbfe-0d78aca48eca HTTP/1.1" 204 - "-" "python-urllib3/1.26.5"
10.128.0.2 - - [03/Dec/2025:23:12:53 +0000] "GET / HTTP/1.1" 200 122 "-" "kube-probe/1.31"
10.128.1.49 - - [03/Dec/2025:23:12:53 +0000] "GET /v2.0/networks/379abd6b-e223-46c2-9f00-8f71e7e6b1ad?fields=segments HTTP/1.1" 200 14 "-" "python-neutronclient"
10.128.1.49 - - [03/Dec/2025:23:12:53 +0000] "GET /v2.0/networks/379abd6b-e223-46c2-9f00-8f71e7e6b1ad?fields=provider%3Aphysical_network&fields=provider%3Anetwork_type HTTP/1.1" 200 79 "-" "python-neutronclient"
10.128.1.49 - - [03/Dec/2025:23:12:53 +0000] "GET /v2.0/networks/e497d340-1e98-42ab-981e-bb02118675a7?fields=segments HTTP/1.1" 200 14 "-" "python-neutronclient"
10.128.1.49 - - [03/Dec/2025:23:12:53 +0000] "GET /v2.0/networks/e497d340-1e98-42ab-981e-bb02118675a7?fields=provider%3Aphysical_network&fields=provider%3Anetwork_type HTTP/1.1" 200 79 "-" "python-neutronclient"
10.128.1.51 - - [03/Dec/2025:23:12:54 +0000] "GET /v2.0/extensions HTTP/1.1" 200 17369 "-" "python-neutronclient"
10.128.1.51 - - [03/Dec/2025:23:12:54 +0000] "GET /v2.0/subnets?network_id=379abd6b-e223-46c2-9f00-8f71e7e6b1ad&fields=segment_id HTTP/1.1" 200 33 "-" "python-neutronclient"
10.128.1.51 - - [03/Dec/2025:23:12:54 +0000] "GET /v2.0/subnets?network_id=e497d340-1e98-42ab-981e-bb02118675a7&fields=segment_id HTTP/1.1" 200 53 "-" "python-neutronclient"
10.128.1.49 - - [03/Dec/2025:23:12:54 +0000] "GET /v2.0/ports?device_id=b712bb44-fda8-43ee-bec7-1f5258faa64f HTTP/1.1" 200 12 "-" "python-neutronclient"
10.128.0.2 - - [03/Dec/2025:23:12:53 +0000] "GET /v2.0/security-groups?tenant_id=3113e7b4a32d488aa794bfb1290e620b&name=default HTTP/1.1" 200 2805 "-" "python-urllib3/1.26.5"
10.128.0.2 - - [03/Dec/2025:23:12:55 +0000] "DELETE /v2.0/security-groups/4d19e46e-c828-45d5-ae59-a16801405bde HTTP/1.1" 204 - "-" "python-urllib3/1.26.5"
100.64.0.2 - - [03/Dec/2025:23:12:55 +0000] "GET /v2.0/networks?id=379abd6b-e223-46c2-9f00-8f71e7e6b1ad&id=e497d340-1e98-42ab-981e-bb02118675a7 HTTP/1.1" 200 1372 "-" "python-neutronclient"
10.128.0.2 - - [03/Dec/2025:23:12:55 +0000] "GET /v2.0/security-groups?tenant_id=5f45986fc95543d5a0014e214c498f28&name=default HTTP/1.1" 200 2805 "-" "python-urllib3/1.26.5"
100.64.0.2 - - [03/Dec/2025:23:12:56 +0000] "GET /v2.0/security-groups?fields=id&fields=name&tenant_id=392542f6ffae4fd4801c87a6dbbba04a HTTP/1.1" 200 181 "-" "python-neutronclient"
10.128.1.49 - - [03/Dec/2025:23:12:56 +0000] "GET /v2.0/ports?device_id=b712bb44-fda8-43ee-bec7-1f5258faa64f HTTP/1.1" 200 12 "-" "python-neutronclient"
10.128.0.2 - - [03/Dec/2025:23:12:56 +0000] "DELETE /v2.0/security-groups/2633695c-266c-4029-a7b3-029cc97cc9b7 HTTP/1.1" 204 - "-" "python-urllib3/1.26.5"
100.64.0.2 - - [03/Dec/2025:23:12:56 +0000] "POST /v2.0/ports HTTP/1.1" 201 963 "-" "python-neutronclient"
10.128.1.49 - - [03/Dec/2025:23:12:57 +0000] "GET /v2.0/ports?device_id=b712bb44-fda8-43ee-bec7-1f5258faa64f HTTP/1.1" 200 966 "-" "python-neutronclient"
10.128.1.49 - - [03/Dec/2025:23:12:57 +0000] "GET /v2.0/security-groups?id=79c41a23-4964-4068-8088-51a451b031ec&fields=id&fields=name HTTP/1.1" 200 114 "-" "python-neutronclient"
100.64.0.2 - - [03/Dec/2025:23:12:57 +0000] "POST /v2.0/ports HTTP/1.1" 201 1305 "-" "python-neutronclient"
100.64.0.2 - - [03/Dec/2025:23:12:58 +0000] "PUT /v2.0/ports/dc0470f0-34ff-43bd-9096-ebcab7d47252 HTTP/1.1" 200 1314 "-" "python-neutronclient"
10.128.1.49 - - [03/Dec/2025:23:12:59 +0000] "GET /v2.0/ports?device_id=b712bb44-fda8-43ee-bec7-1f5258faa64f HTTP/1.1" 200 2375 "-" "python-neutronclient"
100.64.0.2 - - [03/Dec/2025:23:12:59 +0000] "GET /v2.0/ports?tenant_id=392542f6ffae4fd4801c87a6dbbba04a&device_id=b712bb44-fda8-43ee-bec7-1f5258faa64f HTTP/1.1" 200 2762 "-" "python-neutronclient"
10.128.0.2 - - [03/Dec/2025:23:12:58 +0000] "POST /v2.0/networks HTTP/1.1" 201 763 "-" "python-urllib3/1.26.5"
10.128.1.49 - - [03/Dec/2025:23:13:00 +0000] "GET /v2.0/security-groups?id=79c41a23-4964-4068-8088-51a451b031ec&fields=id&fields=name HTTP/1.1" 200 114 "-" "python-neutronclient"
100.64.0.2 - - [03/Dec/2025:23:13:00 +0000] "GET /v2.0/networks?tenant_id=392542f6ffae4fd4801c87a6dbbba04a&shared=False HTTP/1.1" 200 1570 "-" "python-neutronclient"
100.64.0.2 - - [03/Dec/2025:23:13:00 +0000] "GET /v2.0/networks?shared=True HTTP/1.1" 200 745 "-" "python-neutronclient"
100.64.0.2 - - [03/Dec/2025:23:12:59 +0000] "PUT /v2.0/ports/df491c66-f724-4a23-98d8-f93696b765b5 HTTP/1.1" 200 1634 "-" "python-neutronclient"
100.64.0.2 - - [03/Dec/2025:23:13:00 +0000] "GET /v2.0/ports?tenant_id=392542f6ffae4fd4801c87a6dbbba04a&device_id=b712bb44-fda8-43ee-bec7-1f5258faa64f HTTP/1.1" 200 2999 "-" "python-neutronclient"
100.64.0.2 - - [03/Dec/2025:23:13:00 +0000] "GET /v2.0/floatingips?fixed_ip_address=10.100.0.10&port_id=dc0470f0-34ff-43bd-9096-ebcab7d47252 HTTP/1.1" 200 19 "-" "python-neutronclient"
10.128.0.2 - - [03/Dec/2025:23:13:00 +0000] "POST /v2.0/subnets HTTP/1.1" 201 664 "-" "python-urllib3/1.26.5"
100.64.0.2 - - [03/Dec/2025:23:13:01 +0000] "GET /v2.0/subnets?id=c7b49095-69a6-4e5f-8aaa-fd648f2ca27e HTTP/1.1" 200 644 "-" "python-neutronclient"
100.64.0.2 - - [03/Dec/2025:23:13:01 +0000] "GET /v2.0/ports?network_id=379abd6b-e223-46c2-9f00-8f71e7e6b1ad&device_owner=network%3Adhcp HTTP/1.1" 200 12 "-" "python-neutronclient"
10.128.1.49 - - [03/Dec/2025:23:13:01 +0000] "GET /v2.0/ports?device_id=b712bb44-fda8-43ee-bec7-1f5258faa64f HTTP/1.1" 200 2465 "-" "python-neutronclient"
100.64.0.2 - - [03/Dec/2025:23:13:01 +0000] "GET /v2.0/networks/379abd6b-e223-46c2-9f00-8f71e7e6b1ad?fields=segments HTTP/1.1" 200 14 "-" "python-neutronclient"
10.128.1.49 - - [03/Dec/2025:23:13:01 +0000] "GET /v2.0/security-groups?id=79c41a23-4964-4068-8088-51a451b031ec&fields=id&fields=name HTTP/1.1" 200 114 "-" "python-neutronclient"
100.64.0.2 - - [03/Dec/2025:23:13:01 +0000] "GET /v2.0/networks/379abd6b-e223-46c2-9f00-8f71e7e6b1ad?fields=provider%3Aphysical_network&fields=provider%3Anetwork_type HTTP/1.1" 200 79 "-" "python-neutronclient"
