100.64.0.2 - - [03/Dec/2025:23:10:13 +0000] "GET /v2.0/networks?id=ae225d44-ea98-4844-a8e7-7ccc55d3ab30 HTTP/1.1" 200 772 "-" "python-neutronclient"
10.128.1.49 - - [03/Dec/2025:23:10:13 +0000] "GET /v2.0/security-groups?id=515203dd-a5b1-4fde-9133-b00496e02617&fields=id&fields=name HTTP/1.1" 200 113 "-" "python-neutronclient"
100.64.0.2 - - [03/Dec/2025:23:10:14 +0000] "GET /v2.0/floatingips?fixed_ip_address=10.100.0.11&port_id=096b56ce-ad0c-48dc-9c72-197a1b8addbe HTTP/1.1" 200 887 "-" "python-neutronclient"
100.64.0.2 - - [03/Dec/2025:23:10:14 +0000] "GET /v2.0/subnets?id=51ff0618-cbce-4b59-b2c9-b5b964d9ea44 HTTP/1.1" 200 663 "-" "python-neutronclient"
100.64.0.2 - - [03/Dec/2025:23:10:13 +0000] "POST /v2.0/ports HTTP/1.1" 201 1035 "-" "python-neutronclient"
100.64.0.2 - - [03/Dec/2025:23:10:14 +0000] "GET /v2.0/ports?network_id=ae225d44-ea98-4844-a8e7-7ccc55d3ab30&device_owner=network%3Adhcp HTTP/1.1" 200 12 "-" "python-neutronclient"
100.64.0.2 - - [03/Dec/2025:23:10:14 +0000] "GET /v2.0/networks/ae225d44-ea98-4844-a8e7-7ccc55d3ab30?fields=segments HTTP/1.1" 200 14 "-" "python-neutronclient"
100.64.0.2 - - [03/Dec/2025:23:10:14 +0000] "GET /v2.0/networks/ae225d44-ea98-4844-a8e7-7ccc55d3ab30?fields=provider%3Aphysical_network&fields=provider%3Anetwork_type HTTP/1.1" 200 79 "-" "python-neutronclient"
100.64.0.2 - - [03/Dec/2025:23:10:14 +0000] "PUT /v2.0/ports/0793be1b-8d2f-4688-901b-bae3c4c58e8f HTTP/1.1" 200 1312 "-" "python-neutronclient"
10.128.1.49 - - [03/Dec/2025:23:10:15 +0000] "GET /v2.0/ports?device_id=3221810f-4c50-4788-bb79-d4d296ea7fab HTTP/1.1" 200 2103 "-" "python-neutronclient"
100.64.0.2 - - [03/Dec/2025:23:10:15 +0000] "GET /v2.0/ports?tenant_id=392542f6ffae4fd4801c87a6dbbba04a&device_id=3221810f-4c50-4788-bb79-d4d296ea7fab HTTP/1.1" 200 2490 "-" "python-neutronclient"
10.128.1.49 - - [03/Dec/2025:23:10:15 +0000] "GET /v2.0/security-groups?id=515203dd-a5b1-4fde-9133-b00496e02617&fields=id&fields=name HTTP/1.1" 200 113 "-" "python-neutronclient"
100.64.0.2 - - [03/Dec/2025:23:10:15 +0000] "GET /v2.0/networks?tenant_id=392542f6ffae4fd4801c87a6dbbba04a&shared=False HTTP/1.1" 200 1531 "-" "python-neutronclient"
100.64.0.2 - - [03/Dec/2025:23:10:16 +0000] "GET /v2.0/networks?shared=True HTTP/1.1" 200 745 "-" "python-neutronclient"
100.64.0.2 - - [03/Dec/2025:23:10:15 +0000] "PUT /v2.0/ports/598c6e3f-2df3-46c7-aca4-143f0e6d742e HTTP/1.1" 200 1350 "-" "python-neutronclient"
100.64.0.2 - - [03/Dec/2025:23:10:16 +0000] "GET /v2.0/ports?tenant_id=392542f6ffae4fd4801c87a6dbbba04a&device_id=3221810f-4c50-4788-bb79-d4d296ea7fab HTTP/1.1" 200 2713 "-" "python-neutronclient"
100.64.0.2 - - [03/Dec/2025:23:10:16 +0000] "GET /v2.0/floatingips?fixed_ip_address=10.100.0.9&port_id=0793be1b-8d2f-4688-901b-bae3c4c58e8f HTTP/1.1" 200 19 "-" "python-neutronclient"
100.64.0.2 - - [03/Dec/2025:23:10:16 +0000] "GET /v2.0/subnets?id=fd8f0e50-117d-4b5a-93fe-055dd9f6c840 HTTP/1.1" 200 646 "-" "python-neutronclient"
100.64.0.2 - - [03/Dec/2025:23:10:16 +0000] "GET /v2.0/ports?network_id=4902d41d-e0eb-48a3-aa37-6b2ae8b1e513&device_owner=network%3Adhcp HTTP/1.1" 200 12 "-" "python-neutronclient"
10.128.1.49 - - [03/Dec/2025:23:10:16 +0000] "GET /v2.0/ports?device_id=3221810f-4c50-4788-bb79-d4d296ea7fab HTTP/1.1" 200 2179 "-" "python-neutronclient"
100.64.0.2 - - [03/Dec/2025:23:10:17 +0000] "GET /v2.0/networks/4902d41d-e0eb-48a3-aa37-6b2ae8b1e513?fields=segments HTTP/1.1" 200 14 "-" "python-neutronclient"
10.128.1.49 - - [03/Dec/2025:23:10:17 +0000] "GET /v2.0/security-groups?id=515203dd-a5b1-4fde-9133-b00496e02617&fields=id&fields=name HTTP/1.1" 200 113 "-" "python-neutronclient"
100.64.0.2 - - [03/Dec/2025:23:10:17 +0000] "GET /v2.0/networks/4902d41d-e0eb-48a3-aa37-6b2ae8b1e513?fields=provider%3Aphysical_network&fields=provider%3Anetwork_type HTTP/1.1" 200 79 "-" "python-neutronclient"
100.64.0.2 - - [03/Dec/2025:23:10:18 +0000] "GET /v2.0/floatingips?fixed_ip_address=2001%3Adb8%3A%3Af816%3A3eff%3Afecc%3A9234&port_id=598c6e3f-2df3-46c7-aca4-143f0e6d742e HTTP/1.1" 200 19 "-" "python-neutronclient"
100.64.0.2 - - [03/Dec/2025:23:10:18 +0000] "GET /v2.0/subnets?id=fb4600dd-33b2-42d1-b558-389c2525ce3f HTTP/1.1" 200 671 "-" "python-neutronclient"
10.128.1.49 - - [03/Dec/2025:23:10:19 +0000] "GET /v2.0/ports?device_id=3221810f-4c50-4788-bb79-d4d296ea7fab HTTP/1.1" 200 2179 "-" "python-neutronclient"
100.64.0.2 - - [03/Dec/2025:23:10:19 +0000] "GET /v2.0/ports?network_id=ec4c4e01-a16f-4280-a7ea-c2bad7e485bb&device_owner=network%3Adhcp HTTP/1.1" 200 12 "-" "python-neutronclient"
10.128.1.49 - - [03/Dec/2025:23:10:19 +0000] "GET /v2.0/security-groups?id=515203dd-a5b1-4fde-9133-b00496e02617&fields=id&fields=name HTTP/1.1" 200 113 "-" "python-neutronclient"
100.64.0.2 - - [03/Dec/2025:23:10:19 +0000] "GET /v2.0/networks/ec4c4e01-a16f-4280-a7ea-c2bad7e485bb?fields=segments HTTP/1.1" 200 14 "-" "python-neutronclient"
100.64.0.2 - - [03/Dec/2025:23:10:19 +0000] "GET /v2.0/networks/ec4c4e01-a16f-4280-a7ea-c2bad7e485bb?fields=provider%3Aphysical_network&fields=provider%3Anetwork_type HTTP/1.1" 200 79 "-" "python-neutronclient"
100.64.0.2 - - [03/Dec/2025:23:10:19 +0000] "GET /v2.0/ports?tenant_id=392542f6ffae4fd4801c87a6dbbba04a&device_id=3221810f-4c50-4788-bb79-d4d296ea7fab HTTP/1.1" 200 2713 "-" "python-neutronclient"
100.64.0.2 - - [03/Dec/2025:23:10:19 +0000] "GET /v2.0/ports?device_id=3221810f-4c50-4788-bb79-d4d296ea7fab HTTP/1.1" 200 2713 "-" "python-neutronclient"
100.64.0.2 - - [03/Dec/2025:23:10:20 +0000] "GET /v2.0/security-groups?id=515203dd-a5b1-4fde-9133-b00496e02617&fields=id&fields=name HTTP/1.1" 200 113 "-" "python-neutronclient"
100.64.0.2 - - [03/Dec/2025:23:10:20 +0000] "GET /v2.0/networks?id=ec4c4e01-a16f-4280-a7ea-c2bad7e485bb HTTP/1.1" 200 772 "-" "python-neutronclient"
10.128.1.49 - - [03/Dec/2025:23:10:20 +0000] "GET /v2.0/ports?device_id=3221810f-4c50-4788-bb79-d4d296ea7fab HTTP/1.1" 200 2179 "-" "python-neutronclient"
10.128.1.49 - - [03/Dec/2025:23:10:21 +0000] "GET /v2.0/security-groups?id=515203dd-a5b1-4fde-9133-b00496e02617&fields=id&fields=name HTTP/1.1" 200 113 "-" "python-neutronclient"
100.64.0.2 - - [03/Dec/2025:23:10:21 +0000] "GET /v2.0/floatingips?fixed_ip_address=2001%3Adb8%3A%3Af816%3A3eff%3Afecc%3A9234&port_id=598c6e3f-2df3-46c7-aca4-143f0e6d742e HTTP/1.1" 200 19 "-" "python-neutronclient"
100.64.0.2 - - [03/Dec/2025:23:10:21 +0000] "GET /v2.0/subnets?id=fb4600dd-33b2-42d1-b558-389c2525ce3f HTTP/1.1" 200 671 "-" "python-neutronclient"
100.64.0.2 - - [03/Dec/2025:23:10:21 +0000] "GET /v2.0/ports?network_id=ec4c4e01-a16f-4280-a7ea-c2bad7e485bb&device_owner=network%3Adhcp HTTP/1.1" 200 12 "-" "python-neutronclient"
100.64.0.2 - - [03/Dec/2025:23:10:21 +0000] "GET /v2.0/networks/ec4c4e01-a16f-4280-a7ea-c2bad7e485bb?fields=segments HTTP/1.1" 200 14 "-" "python-neutronclient"
10.128.1.49 - - [03/Dec/2025:23:10:22 +0000] "GET /v2.0/ports?device_id=3221810f-4c50-4788-bb79-d4d296ea7fab HTTP/1.1" 200 2183 "-" "python-neutronclient"
100.64.0.2 - - [03/Dec/2025:23:10:21 +0000] "GET /v2.0/networks/ec4c4e01-a16f-4280-a7ea-c2bad7e485bb?fields=provider%3Aphysical_network&fields=provider%3Anetwork_type HTTP/1.1" 200 79 "-" "python-neutronclient"
10.128.1.49 - - [03/Dec/2025:23:10:22 +0000] "GET /v2.0/security-groups?id=515203dd-a5b1-4fde-9133-b00496e02617&fields=id&fields=name HTTP/1.1" 200 113 "-" "python-neutronclient"
10.128.0.2 - - [03/Dec/2025:23:10:23 +0000] "GET / HTTP/1.1" 200 122 "-" "kube-probe/1.31"
10.128.0.2 - - [03/Dec/2025:23:10:23 +0000] "GET / HTTP/1.1" 200 122 "-" "kube-probe/1.31"
10.128.1.49 - - [03/Dec/2025:23:10:22 +0000] "GET /v2.0/ports?device_id=3221810f-4c50-4788-bb79-d4d296ea7fab HTTP/1.1" 200 2183 "-" "python-neutronclient"
10.128.0.2 - - [03/Dec/2025:23:10:23 +0000] "GET / HTTP/1.1" 200 122 "-" "kube-probe/1.31"
10.128.1.49 - - [03/Dec/2025:23:10:23 +0000] "GET /v2.0/security-groups?id=515203dd-a5b1-4fde-9133-b00496e02617&fields=id&fields=name HTTP/1.1" 200 113 "-" "python-neutronclient"
10.128.0.2 - - [03/Dec/2025:23:10:23 +0000] "GET /v2.0/ports?device_id=3221810f-4c50-4788-bb79-d4d296ea7fab HTTP/1.1" 200 2717 "-" "python-urllib3/1.26.5"
10.128.0.2 - - [03/Dec/2025:23:10:24 +0000] "PUT /v2.0/subnets/51ff0618-cbce-4b59-b2c9-b5b964d9ea44 HTTP/1.1" 200 642 "-" "python-urllib3/1.26.5"
10.128.0.2 - - [03/Dec/2025:23:10:23 +0000] "POST /v2.0/floatingips HTTP/1.1" 201 881 "-" "python-urllib3/1.26.5"
100.64.0.2 - - [03/Dec/2025:23:10:25 +0000] "GET /v2.0/ports?tenant_id=392542f6ffae4fd4801c87a6dbbba04a&device_id=3221810f-4c50-4788-bb79-d4d296ea7fab HTTP/1.1" 200 2717 "-" "python-neutronclient"
100.64.0.2 - - [03/Dec/2025:23:10:25 +0000] "GET /v2.0/networks?id=4902d41d-e0eb-48a3-aa37-6b2ae8b1e513 HTTP/1.1" 200 773 "-" "python-neutronclient"
100.64.0.2 - - [03/Dec/2025:23:10:26 +0000] "GET /v2.0/floatingips?fixed_ip_address=10.100.0.9&port_id=0793be1b-8d2f-4688-901b-bae3c4c58e8f HTTP/1.1" 200 886 "-" "python-neutronclient"
100.64.0.2 - - [03/Dec/2025:23:10:26 +0000] "GET /v2.0/subnets?id=fd8f0e50-117d-4b5a-93fe-055dd9f6c840 HTTP/1.1" 200 646 "-" "python-neutronclient"
100.64.0.2 - - [03/Dec/2025:23:10:26 +0000] "GET /v2.0/ports?network_id=4902d41d-e0eb-48a3-aa37-6b2ae8b1e513&device_owner=network%3Adhcp HTTP/1.1" 200 12 "-" "python-neutronclient"
100.64.0.2 - - [03/Dec/2025:23:10:26 +0000] "GET /v2.0/networks/4902d41d-e0eb-48a3-aa37-6b2ae8b1e513?fields=segments HTTP/1.1" 200 14 "-" "python-neutronclient"
100.64.0.2 - - [03/Dec/2025:23:10:26 +0000] "GET /v2.0/networks/4902d41d-e0eb-48a3-aa37-6b2ae8b1e513?fields=provider%3Aphysical_network&fields=provider%3Anetwork_type HTTP/1.1" 200 79 "-" "python-neutronclient"
10.128.0.2 - - [03/Dec/2025:23:10:28 +0000] "DELETE /v2.0/floatingips/e2eafa9f-106c-48e4-8922-9e8458e94234 HTTP/1.1" 204 - "-" "python-urllib3/1.26.5"
100.64.0.2 - - [03/Dec/2025:23:10:28 +0000] "GET /v2.0/ports?tenant_id=5f45986fc95543d5a0014e214c498f28&device_id=464393c4-6c91-447f-a313-d2c1ddcdb2d6 HTTP/1.1" 200 1350 "-" "python-neutronclient"
100.64.0.2 - - [03/Dec/2025:23:10:29 +0000] "GET /v2.0/networks?id=ae225d44-ea98-4844-a8e7-7ccc55d3ab30 HTTP/1.1" 200 772 "-" "python-neutronclient"
100.64.0.2 - - [03/Dec/2025:23:10:29 +0000] "GET /v2.0/floatingips?fixed_ip_address=10.100.0.11&port_id=096b56ce-ad0c-48dc-9c72-197a1b8addbe HTTP/1.1" 200 19 "-" "python-neutronclient"
10.128.1.49 - - [03/Dec/2025:23:10:29 +0000] "GET /v2.0/ports?device_id=464393c4-6c91-447f-a313-d2c1ddcdb2d6 HTTP/1.1" 200 1081 "-" "python-neutronclient"
100.64.0.2 - - [03/Dec/2025:23:10:29 +0000] "GET /v2.0/ports?device_id=464393c4-6c91-447f-a313-d2c1ddcdb2d6 HTTP/1.1" 200 1081 "-" "python-neutronclient"
10.128.1.49 - - [03/Dec/2025:23:10:29 +0000] "GET /v2.0/security-groups?id=c549d173-affc-42eb-93d1-7a91bacd9d0b&fields=id&fields=name HTTP/1.1" 200 114 "-" "python-neutronclient"
100.64.0.2 - - [03/Dec/2025:23:10:29 +0000] "GET /v2.0/subnets?id=51ff0618-cbce-4b59-b2c9-b5b964d9ea44 HTTP/1.1" 200 663 "-" "python-neutronclient"
100.64.0.2 - - [03/Dec/2025:23:10:29 +0000] "GET /v2.0/ports?network_id=ae225d44-ea98-4844-a8e7-7ccc55d3ab30&device_owner=network%3Adhcp HTTP/1.1" 200 12 "-" "python-neutronclient"
100.64.0.2 - - [03/Dec/2025:23:10:30 +0000] "GET /v2.0/networks/ae225d44-ea98-4844-a8e7-7ccc55d3ab30?fields=segments HTTP/1.1" 200 14 "-" "python-neutronclient"
100.64.0.2 - - [03/Dec/2025:23:10:29 +0000] "DELETE /v2.0/ports/096b56ce-ad0c-48dc-9c72-197a1b8addbe HTTP/1.1" 204 - "-" "python-neutronclient"
100.64.0.2 - - [03/Dec/2025:23:10:30 +0000] "GET /v2.0/networks/ae225d44-ea98-4844-a8e7-7ccc55d3ab30?fields=provider%3Aphysical_network&fields=provider%3Anetwork_type HTTP/1.1" 200 79 "-" "python-neutronclient"
10.128.0.2 - - [03/Dec/2025:23:10:30 +0000] "DELETE /v2.0/security-groups/c549d173-affc-42eb-93d1-7a91bacd9d0b HTTP/1.1" 204 - "-" "python-urllib3/1.26.5"
10.128.0.2 - - [03/Dec/2025:23:10:31 +0000] "PUT /v2.0/routers/f2731a47-7c99-40d8-9a7c-34655bcf906a/remove_router_interface HTTP/1.1" 200 309 "-" "python-urllib3/1.26.5"
10.128.0.2 - - [03/Dec/2025:23:10:32 +0000] "DELETE /v2.0/subnets/51ff0618-cbce-4b59-b2c9-b5b964d9ea44 HTTP/1.1" 204 - "-" "python-urllib3/1.26.5"
10.128.0.2 - - [03/Dec/2025:23:10:32 +0000] "DELETE /v2.0/routers/f2731a47-7c99-40d8-9a7c-34655bcf906a HTTP/1.1" 204 - "-" "python-urllib3/1.26.5"
10.128.0.2 - - [03/Dec/2025:23:10:33 +0000] "DELETE /v2.0/networks/ae225d44-ea98-4844-a8e7-7ccc55d3ab30 HTTP/1.1" 204 - "-" "python-urllib3/1.26.5"
10.128.0.2 - - [03/Dec/2025:23:10:34 +0000] "POST /v2.0/networks HTTP/1.1" 201 651 "-" "python-urllib3/1.26.5"
10.128.0.2 - - [03/Dec/2025:23:10:34 +0000] "POST /v2.0/routers HTTP/1.1" 201 671 "-" "python-urllib3/1.26.5"
10.128.0.2 - - [03/Dec/2025:23:10:36 +0000] "GET /v2.0/subnets?project_id=5f45986fc95543d5a0014e214c498f28&cidr=10.100.0.0%2F28 HTTP/1.1" 200 14 "-" "python-urllib3/1.26.5"
10.128.0.2 - - [03/Dec/2025:23:10:36 +0000] "GET /v2.0/networks?router%3Aexternal=True HTTP/1.1" 200 1567 "-" "python-urllib3/1.26.5"
10.128.0.2 - - [03/Dec/2025:23:10:36 +0000] "GET /v2.0/subnets?network_id=028583f1-6fe0-4d55-b869-739d10dff786&cidr=10.100.0.0%2F28 HTTP/1.1" 200 14 "-" "python-urllib3/1.26.5"
10.128.0.2 - - [03/Dec/2025:23:10:36 +0000] "GET /v2.0/subnets?network_id=27d6c5e6-f9ae-4cab-9ef3-af7441386ba8&cidr=10.100.0.0%2F28 HTTP/1.1" 200 14 "-" "python-urllib3/1.26.5"
10.128.0.2 - - [03/Dec/2025:23:10:36 +0000] "POST /v2.0/subnets HTTP/1.1" 201 633 "-" "python-urllib3/1.26.5"
100.64.0.2 - - [03/Dec/2025:23:10:38 +0000] "GET /v2.0/ports?device_id=3221810f-4c50-4788-bb79-d4d296ea7fab&fields=binding%3Ahost_id&fields=binding%3Avif_type HTTP/1.1" 200 181 "-" "python-neutronclient"
100.64.0.2 - - [03/Dec/2025:23:10:38 +0000] "GET /v2.0/ports?tenant_id=392542f6ffae4fd4801c87a6dbbba04a&device_id=3221810f-4c50-4788-bb79-d4d296ea7fab HTTP/1.1" 200 2717 "-" "python-neutronclient"
100.64.0.2 - - [03/Dec/2025:23:10:39 +0000] "GET /v2.0/networks?id=4902d41d-e0eb-48a3-aa37-6b2ae8b1e513&id=ec4c4e01-a16f-4280-a7ea-c2bad7e485bb HTTP/1.1" 200 1531 "-" "python-neutronclient"
100.64.0.2 - - [03/Dec/2025:23:10:39 +0000] "GET /v2.0/floatingips?fixed_ip_address=10.100.0.9&port_id=0793be1b-8d2f-4688-901b-bae3c4c58e8f HTTP/1.1" 200 886 "-" "python-neutronclient"
100.64.0.2 - - [03/Dec/2025:23:10:40 +0000] "GET /v2.0/subnets?id=fd8f0e50-117d-4b5a-93fe-055dd9f6c840 HTTP/1.1" 200 646 "-" "python-neutronclient"
100.64.0.2 - - [03/Dec/2025:23:10:41 +0000] "GET /v2.0/ports?network_id=4902d41d-e0eb-48a3-aa37-6b2ae8b1e513&device_owner=network%3Adhcp HTTP/1.1" 200 12 "-" "python-neutronclient"
10.128.0.2 - - [03/Dec/2025:23:10:37 +0000] "PUT /v2.0/routers/6a9ba31a-a7d1-43c1-a5c8-6559cbdc9e5e/add_router_interface HTTP/1.1" 200 309 "-" "python-urllib3/1.26.5"
100.64.0.2 - - [03/Dec/2025:23:10:41 +0000] "GET /v2.0/networks/4902d41d-e0eb-48a3-aa37-6b2ae8b1e513?fields=segments HTTP/1.1" 200 14 "-" "python-neutronclient"
100.64.0.2 - - [03/Dec/2025:23:10:41 +0000] "GET /v2.0/networks/4902d41d-e0eb-48a3-aa37-6b2ae8b1e513?fields=provider%3Aphysical_network&fields=provider%3Anetwork_type HTTP/1.1" 200 79 "-" "python-neutronclient"
10.128.0.2 - - [03/Dec/2025:23:10:41 +0000] "GET /v2.0/networks HTTP/1.1" 200 6082 "-" "python-urllib3/1.26.5"
100.64.0.2 - - [03/Dec/2025:23:10:41 +0000] "GET /v2.0/floatingips?fixed_ip_address=2001%3Adb8%3A%3Af816%3A3eff%3Afecc%3A9234&port_id=598c6e3f-2df3-46c7-aca4-143f0e6d742e HTTP/1.1" 200 19 "-" "python-neutronclient"
10.128.0.2 - - [03/Dec/2025:23:10:41 +0000] "GET /v2.0/subnets HTTP/1.1" 200 5203 "-" "python-urllib3/1.26.5"
100.64.0.2 - - [03/Dec/2025:23:10:41 +0000] "GET /v2.0/subnets?id=fb4600dd-33b2-42d1-b558-389c2525ce3f HTTP/1.1" 200 671 "-" "python-neutronclient"
10.128.0.2 - - [03/Dec/2025:23:10:41 +0000] "GET /v2.0/routers HTTP/1.1" 200 1968 "-" "python-urllib3/1.26.5"
100.64.0.2 - - [03/Dec/2025:23:10:41 +0000] "GET /v2.0/ports?network_id=ec4c4e01-a16f-4280-a7ea-c2bad7e485bb&device_owner=network%3Adhcp HTTP/1.1" 200 12 "-" "python-neutronclient"
10.128.1.49 - - [03/Dec/2025:23:10:41 +0000] "GET /v2.0/security-groups?name=tempest-secgroup-smoke-939700467&fields=id&tenant_id=392542f6ffae4fd4801c87a6dbbba04a HTTP/1.1" 200 69 "-" "python-neutronclient"
10.128.1.49 - - [03/Dec/2025:23:10:41 +0000] "GET /v2.0/networks?id=4902d41d-e0eb-48a3-aa37-6b2ae8b1e513&id=ec4c4e01-a16f-4280-a7ea-c2bad7e485bb HTTP/1.1" 200 1333 "-" "python-neutronclient"
100.64.0.2 - - [03/Dec/2025:23:10:41 +0000] "GET /v2.0/networks/ec4c4e01-a16f-4280-a7ea-c2bad7e485bb?fields=segments HTTP/1.1" 200 14 "-" "python-neutronclient"
10.128.0.2 - - [03/Dec/2025:23:10:41 +0000] "POST /v2.0/security-groups HTTP/1.1" 201 1613 "-" "python-urllib3/1.26.5"
10.128.1.49 - - [03/Dec/2025:23:10:42 +0000] "GET /v2.0/quotas/392542f6ffae4fd4801c87a6dbbba04a HTTP/1.1" 200 187 "-" "python-neutronclient"
100.64.0.2 - - [03/Dec/2025:23:10:42 +0000] "GET /v2.0/networks/ec4c4e01-a16f-4280-a7ea-c2bad7e485bb?fields=provider%3Aphysical_network&fields=provider%3Anetwork_type HTTP/1.1" 200 79 "-" "python-neutronclient"
10.128.0.2 - - [03/Dec/2025:23:10:42 +0000] "POST /v2.0/security-group-rules HTTP/1.1" 201 565 "-" "python-urllib3/1.26.5"
10.128.1.49 - - [03/Dec/2025:23:10:42 +0000] "GET /v2.0/ports?tenant_id=392542f6ffae4fd4801c87a6dbbba04a&fields=id HTTP/1.1" 200 287 "-" "python-neutronclient"
10.128.0.2 - - [03/Dec/2025:23:10:42 +0000] "POST /v2.0/security-group-rules HTTP/1.1" 201 564 "-" "python-urllib3/1.26.5"
10.128.1.49 - - [03/Dec/2025:23:10:42 +0000] "GET /v2.0/networks/4902d41d-e0eb-48a3-aa37-6b2ae8b1e513?fields=segments HTTP/1.1" 200 14 "-" "python-neutronclient"
10.128.1.49 - - [03/Dec/2025:23:10:42 +0000] "GET /v2.0/networks/4902d41d-e0eb-48a3-aa37-6b2ae8b1e513?fields=provider%3Aphysical_network&fields=provider%3Anetwork_type HTTP/1.1" 200 79 "-" "python-neutronclient"
10.128.0.2 - - [03/Dec/2025:23:10:42 +0000] "POST /v2.0/security-group-rules HTTP/1.1" 201 570 "-" "python-urllib3/1.26.5"
10.128.1.49 - - [03/Dec/2025:23:10:42 +0000] "GET /v2.0/networks/ec4c4e01-a16f-4280-a7ea-c2bad7e485bb?fields=segments HTTP/1.1" 200 14 "-" "python-neutronclient"
10.128.1.49 - - [03/Dec/2025:23:10:43 +0000] "GET /v2.0/networks/ec4c4e01-a16f-4280-a7ea-c2bad7e485bb?fields=provider%3Aphysical_network&fields=provider%3Anetwork_type HTTP/1.1" 200 79 "-" "python-neutronclient"
10.128.0.2 - - [03/Dec/2025:23:10:43 +0000] "POST /v2.0/security-group-rules HTTP/1.1" 201 569 "-" "python-urllib3/1.26.5"
10.128.1.51 - - [03/Dec/2025:23:10:43 +0000] "GET /v2.0/extensions HTTP/1.1" 200 17369 "-" "python-neutronclient"
10.128.1.49 - - [03/Dec/2025:23:10:43 +0000] "GET /v2.0/ports?device_id=784f156c-a695-4c7f-a2c8-646f7cb87105 HTTP/1.1" 200 12 "-" "python-neutronclient"
10.128.0.2 - - [03/Dec/2025:23:10:43 +0000] "POST /v2.0/security-group-rules HTTP/1.1" 201 575 "-" "python-urllib3/1.26.5"
10.128.1.51 - - [03/Dec/2025:23:10:43 +0000] "GET /v2.0/subnets?network_id=4902d41d-e0eb-48a3-aa37-6b2ae8b1e513&fields=segment_id HTTP/1.1" 200 33 "-" "python-neutronclient"
10.128.1.51 - - [03/Dec/2025:23:10:43 +0000] "GET /v2.0/subnets?network_id=ec4c4e01-a16f-4280-a7ea-c2bad7e485bb&fields=segment_id HTTP/1.1" 200 33 "-" "python-neutronclient"
10.128.0.2 - - [03/Dec/2025:23:10:43 +0000] "POST /v2.0/security-group-rules HTTP/1.1" 201 574 "-" "python-urllib3/1.26.5"
10.128.1.49 - - [03/Dec/2025:23:10:44 +0000] "GET /v2.0/ports?device_id=784f156c-a695-4c7f-a2c8-646f7cb87105 HTTP/1.1" 200 12 "-" "python-neutronclient"
10.128.1.65 - - [03/Dec/2025:23:10:45 +0000] "GET /v2.0/floatingips HTTP/1.1" 200 886 "-" "python-neutronclient"
10.128.1.49 - - [03/Dec/2025:23:10:45 +0000] "GET /v2.0/security-groups?name=tempest-secgroup-smoke-1181288038&fields=id&tenant_id=5f45986fc95543d5a0014e214c498f28 HTTP/1.1" 200 69 "-" "python-neutronclient"
100.64.0.2 - - [03/Dec/2025:23:10:45 +0000] "GET /v2.0/networks?id=4902d41d-e0eb-48a3-aa37-6b2ae8b1e513&id=ec4c4e01-a16f-4280-a7ea-c2bad7e485bb HTTP/1.1" 200 1333 "-" "python-neutronclient"
10.128.1.49 - - [03/Dec/2025:23:10:45 +0000] "GET /v2.0/networks?id=ea21f027-6e75-40ba-94fe-e820c18b79f3 HTTP/1.1" 200 673 "-" "python-neutronclient"
100.64.0.2 - - [03/Dec/2025:23:10:45 +0000] "GET /v2.0/security-groups?fields=id&fields=name&tenant_id=392542f6ffae4fd4801c87a6dbbba04a HTTP/1.1" 200 180 "-" "python-neutronclient"
10.128.1.49 - - [03/Dec/2025:23:10:45 +0000] "GET /v2.0/quotas/5f45986fc95543d5a0014e214c498f28 HTTP/1.1" 200 187 "-" "python-neutronclient"
10.128.1.49 - - [03/Dec/2025:23:10:46 +0000] "GET /v2.0/ports?device_id=784f156c-a695-4c7f-a2c8-646f7cb87105 HTTP/1.1" 200 12 "-" "python-neutronclient"
10.128.1.49 - - [03/Dec/2025:23:10:45 +0000] "GET /v2.0/ports?tenant_id=5f45986fc95543d5a0014e214c498f28&fields=id HTTP/1.1" 200 103 "-" "python-neutronclient"
10.128.1.49 - - [03/Dec/2025:23:10:46 +0000] "GET /v2.0/networks/ea21f027-6e75-40ba-94fe-e820c18b79f3?fields=segments HTTP/1.1" 200 14 "-" "python-neutronclient"
100.64.0.2 - - [03/Dec/2025:23:10:45 +0000] "POST /v2.0/ports HTTP/1.1" 201 959 "-" "python-neutronclient"
10.128.1.49 - - [03/Dec/2025:23:10:47 +0000] "GET /v2.0/networks/ea21f027-6e75-40ba-94fe-e820c18b79f3?fields=provider%3Aphysical_network&fields=provider%3Anetwork_type HTTP/1.1" 200 79 "-" "python-neutronclient"
10.128.1.51 - - [03/Dec/2025:23:10:47 +0000] "GET /v2.0/extensions HTTP/1.1" 200 17369 "-" "python-neutronclient"
10.128.1.49 - - [03/Dec/2025:23:10:47 +0000] "GET /v2.0/ports?device_id=bf4f5a33-41c2-493b-8a29-c81f27559809 HTTP/1.1" 200 12 "-" "python-neutronclient"
10.128.1.51 - - [03/Dec/2025:23:10:47 +0000] "GET /v2.0/subnets?network_id=ea21f027-6e75-40ba-94fe-e820c18b79f3&fields=segment_id HTTP/1.1" 200 33 "-" "python-neutronclient"
100.64.0.2 - - [03/Dec/2025:23:10:47 +0000] "POST /v2.0/ports HTTP/1.1" 201 1035 "-" "python-neutronclient"
10.128.1.49 - - [03/Dec/2025:23:10:47 +0000] "GET /v2.0/ports?device_id=784f156c-a695-4c7f-a2c8-646f7cb87105 HTTP/1.1" 200 1989 "-" "python-neutronclient"
10.128.1.49 - - [03/Dec/2025:23:10:48 +0000] "GET /v2.0/security-groups?id=515203dd-a5b1-4fde-9133-b00496e02617&fields=id&fields=name HTTP/1.1" 200 113 "-" "python-neutronclient"
100.64.0.2 - - [03/Dec/2025:23:10:47 +0000] "PUT /v2.0/ports/92c13c24-6729-41c6-b963-830b3bae4746 HTTP/1.1" 200 1309 "-" "python-neutronclient"
100.64.0.2 - - [03/Dec/2025:23:10:48 +0000] "GET /v2.0/networks?id=ea21f027-6e75-40ba-94fe-e820c18b79f3 HTTP/1.1" 200 673 "-" "python-neutronclient"
10.128.1.49 - - [03/Dec/2025:23:10:48 +0000] "GET /v2.0/ports?device_id=bf4f5a33-41c2-493b-8a29-c81f27559809 HTTP/1.1" 200 12 "-" "python-neutronclient"
100.64.0.2 - - [03/Dec/2025:23:10:48 +0000] "GET /v2.0/ports?tenant_id=392542f6ffae4fd4801c87a6dbbba04a&device_id=784f156c-a695-4c7f-a2c8-646f7cb87105 HTTP/1.1" 200 2487 "-" "python-neutronclient"
100.64.0.2 - - [03/Dec/2025:23:10:49 +0000] "GET /v2.0/networks?tenant_id=392542f6ffae4fd4801c87a6dbbba04a&shared=False HTTP/1.1" 200 1531 "-" "python-neutronclient"
100.64.0.2 - - [03/Dec/2025:23:10:48 +0000] "GET /v2.0/security-groups?fields=id&fields=name&tenant_id=5f45986fc95543d5a0014e214c498f28 HTTP/1.1" 200 181 "-" "python-neutronclient"
100.64.0.2 - - [03/Dec/2025:23:10:49 +0000] "GET /v2.0/networks?shared=True HTTP/1.1" 200 745 "-" "python-neutronclient"
10.128.1.49 - - [03/Dec/2025:23:10:49 +0000] "GET /v2.0/ports?device_id=784f156c-a695-4c7f-a2c8-646f7cb87105 HTTP/1.1" 200 2100 "-" "python-neutronclient"
10.128.1.49 - - [03/Dec/2025:23:10:50 +0000] "GET /v2.0/security-groups?id=515203dd-a5b1-4fde-9133-b00496e02617&fields=id&fields=name HTTP/1.1" 200 113 "-" "python-neutronclient"
10.128.1.49 - - [03/Dec/2025:23:10:50 +0000] "GET /v2.0/ports?device_id=bf4f5a33-41c2-493b-8a29-c81f27559809 HTTP/1.1" 200 962 "-" "python-neutronclient"
10.128.1.49 - - [03/Dec/2025:23:10:50 +0000] "GET /v2.0/security-groups?id=a0eccf97-4b0a-48ca-ab67-ef6fdf17ecba&fields=id&fields=name HTTP/1.1" 200 114 "-" "python-neutronclient"
100.64.0.2 - - [03/Dec/2025:23:10:49 +0000] "POST /v2.0/ports HTTP/1.1" 201 959 "-" "python-neutronclient"
100.64.0.2 - - [03/Dec/2025:23:10:48 +0000] "PUT /v2.0/ports/40876eee-5b7a-41c8-8cc1-eb65baa4271e HTTP/1.1" 200 1347 "-" "python-neutronclient"
100.64.0.2 - - [03/Dec/2025:23:10:51 +0000] "GET /v2.0/ports?tenant_id=392542f6ffae4fd4801c87a6dbbba04a&device_id=784f156c-a695-4c7f-a2c8-646f7cb87105 HTTP/1.1" 200 2707 "-" "python-neutronclient"
100.64.0.2 - - [03/Dec/2025:23:10:51 +0000] "GET /v2.0/floatingips?fixed_ip_address=10.100.0.8&port_id=92c13c24-6729-41c6-b963-830b3bae4746 HTTP/1.1" 200 19 "-" "python-neutronclient"
100.64.0.2 - - [03/Dec/2025:23:10:51 +0000] "GET /v2.0/subnets?id=fd8f0e50-117d-4b5a-93fe-055dd9f6c840 HTTP/1.1" 200 646 "-" "python-neutronclient"
10.128.1.49 - - [03/Dec/2025:23:10:51 +0000] "GET /v2.0/ports?device_id=784f156c-a695-4c7f-a2c8-646f7cb87105 HTTP/1.1" 200 2173 "-" "python-neutronclient"
100.64.0.2 - - [03/Dec/2025:23:10:51 +0000] "GET /v2.0/ports?network_id=4902d41d-e0eb-48a3-aa37-6b2ae8b1e513&device_owner=network%3Adhcp HTTP/1.1" 200 12 "-" "python-neutronclient"
10.128.1.49 - - [03/Dec/2025:23:10:51 +0000] "GET /v2.0/security-groups?id=515203dd-a5b1-4fde-9133-b00496e02617&fields=id&fields=name HTTP/1.1" 200 113 "-" "python-neutronclient"
100.64.0.2 - - [03/Dec/2025:23:10:50 +0000] "PUT /v2.0/ports/04d9264e-6759-4c3d-8d76-bca76a75ece8 HTTP/1.1" 200 1315 "-" "python-neutronclient"
100.64.0.2 - - [03/Dec/2025:23:10:51 +0000] "GET /v2.0/networks/4902d41d-e0eb-48a3-aa37-6b2ae8b1e513?fields=segments HTTP/1.1" 200 14 "-" "python-neutronclient"
100.64.0.2 - - [03/Dec/2025:23:10:52 +0000] "GET /v2.0/ports?tenant_id=5f45986fc95543d5a0014e214c498f28&device_id=bf4f5a33-41c2-493b-8a29-c81f27559809 HTTP/1.1" 200 1346 "-" "python-neutronclient"
10.128.1.49 - - [03/Dec/2025:23:10:51 +0000] "GET /v2.0/ports?device_id=bf4f5a33-41c2-493b-8a29-c81f27559809 HTTP/1.1" 200 1079 "-" "python-neutronclient"
100.64.0.2 - - [03/Dec/2025:23:10:52 +0000] "GET /v2.0/networks/4902d41d-e0eb-48a3-aa37-6b2ae8b1e513?fields=provider%3Aphysical_network&fields=provider%3Anetwork_type HTTP/1.1" 200 79 "-" "python-neutronclient"
100.64.0.2 - - [03/Dec/2025:23:10:52 +0000] "GET /v2.0/floatingips?fixed_ip_address=10.100.0.6&port_id=04d9264e-6759-4c3d-8d76-bca76a75ece8 HTTP/1.1" 200 19 "-" "python-neutronclient"
100.64.0.2 - - [03/Dec/2025:23:10:52 +0000] "GET /v2.0/floatingips?fixed_ip_address=2001%3Adb8%3A%3Af816%3A3eff%3Afebe%3Af2c9&port_id=40876eee-5b7a-41c8-8cc1-eb65baa4271e HTTP/1.1" 200 19 "-" "python-neutronclient"
10.128.1.49 - - [03/Dec/2025:23:10:52 +0000] "GET /v2.0/security-groups?id=a0eccf97-4b0a-48ca-ab67-ef6fdf17ecba&fields=id&fields=name HTTP/1.1" 200 114 "-" "python-neutronclient"
100.64.0.2 - - [03/Dec/2025:23:10:52 +0000] "GET /v2.0/subnets?id=f580f85f-1f64-449a-b35d-5a7e0a31cfe9 HTTP/1.1" 200 654 "-" "python-neutronclient"
100.64.0.2 - - [03/Dec/2025:23:10:52 +0000] "GET /v2.0/ports?network_id=ea21f027-6e75-40ba-94fe-e820c18b79f3&device_owner=network%3Adhcp HTTP/1.1" 200 12 "-" "python-neutronclient"
100.64.0.2 - - [03/Dec/2025:23:10:52 +0000] "GET /v2.0/subnets?id=fb4600dd-33b2-42d1-b558-389c2525ce3f HTTP/1.1" 200 671 "-" "python-neutronclient"
100.64.0.2 - - [03/Dec/2025:23:10:52 +0000] "GET /v2.0/ports?network_id=ec4c4e01-a16f-4280-a7ea-c2bad7e485bb&device_owner=network%3Adhcp HTTP/1.1" 200 12 "-" "python-neutronclient"
100.64.0.2 - - [03/Dec/2025:23:10:52 +0000] "GET /v2.0/networks/ea21f027-6e75-40ba-94fe-e820c18b79f3?fields=segments HTTP/1.1" 200 14 "-" "python-neutronclient"
10.128.0.2 - - [03/Dec/2025:23:10:53 +0000] "GET / HTTP/1.1" 200 122 "-" "kube-probe/1.31"
10.128.0.2 - - [03/Dec/2025:23:10:53 +0000] "GET / HTTP/1.1" 200 122 "-" "kube-probe/1.31"
10.128.0.2 - - [03/Dec/2025:23:10:53 +0000] "GET / HTTP/1.1" 200 122 "-" "kube-probe/1.31"
100.64.0.2 - - [03/Dec/2025:23:10:53 +0000] "GET /v2.0/networks/ec4c4e01-a16f-4280-a7ea-c2bad7e485bb?fields=segments HTTP/1.1" 200 14 "-" "python-neutronclient"
100.64.0.2 - - [03/Dec/2025:23:10:53 +0000] "GET /v2.0/networks/ea21f027-6e75-40ba-94fe-e820c18b79f3?fields=provider%3Aphysical_network&fields=provider%3Anetwork_type HTTP/1.1" 200 79 "-" "python-neutronclient"
10.128.1.49 - - [03/Dec/2025:23:10:53 +0000] "GET /v2.0/ports?device_id=784f156c-a695-4c7f-a2c8-646f7cb87105 HTTP/1.1" 200 2173 "-" "python-neutronclient"
100.64.0.2 - - [03/Dec/2025:23:10:53 +0000] "GET /v2.0/networks/ec4c4e01-a16f-4280-a7ea-c2bad7e485bb?fields=provider%3Aphysical_network&fields=provider%3Anetwork_type HTTP/1.1" 200 79 "-" "python-neutronclient"
10.128.1.49 - - [03/Dec/2025:23:10:53 +0000] "GET /v2.0/security-groups?id=515203dd-a5b1-4fde-9133-b00496e02617&fields=id&fields=name HTTP/1.1" 200 113 "-" "python-neutronclient"
100.64.0.2 - - [03/Dec/2025:23:10:53 +0000] "GET /v2.0/ports?tenant_id=5f45986fc95543d5a0014e214c498f28&device_id=bf4f5a33-41c2-493b-8a29-c81f27559809 HTTP/1.1" 200 1346 "-" "python-neutronclient"
100.64.0.2 - - [03/Dec/2025:23:10:53 +0000] "GET /v2.0/ports?device_id=bf4f5a33-41c2-493b-8a29-c81f27559809 HTTP/1.1" 200 1346 "-" "python-neutronclient"
100.64.0.2 - - [03/Dec/2025:23:10:53 +0000] "GET /v2.0/ports?tenant_id=392542f6ffae4fd4801c87a6dbbba04a&device_id=784f156c-a695-4c7f-a2c8-646f7cb87105 HTTP/1.1" 200 2707 "-" "python-neutronclient"
100.64.0.2 - - [03/Dec/2025:23:10:53 +0000] "GET /v2.0/ports?device_id=784f156c-a695-4c7f-a2c8-646f7cb87105 HTTP/1.1" 200 2707 "-" "python-neutronclient"
10.128.1.49 - - [03/Dec/2025:23:10:53 +0000] "GET /v2.0/ports?device_id=bf4f5a33-41c2-493b-8a29-c81f27559809 HTTP/1.1" 200 1079 "-" "python-neutronclient"
100.64.0.2 - - [03/Dec/2025:23:10:53 +0000] "GET /v2.0/security-groups?id=a0eccf97-4b0a-48ca-ab67-ef6fdf17ecba&fields=id&fields=name HTTP/1.1" 200 114 "-" "python-neutronclient"
100.64.0.2 - - [03/Dec/2025:23:10:53 +0000] "GET /v2.0/networks?id=ea21f027-6e75-40ba-94fe-e820c18b79f3 HTTP/1.1" 200 770 "-" "python-neutronclient"
100.64.0.2 - - [03/Dec/2025:23:10:53 +0000] "GET /v2.0/networks?id=ec4c4e01-a16f-4280-a7ea-c2bad7e485bb HTTP/1.1" 200 772 "-" "python-neutronclient"
10.128.1.49 - - [03/Dec/2025:23:10:53 +0000] "GET /v2.0/security-groups?id=a0eccf97-4b0a-48ca-ab67-ef6fdf17ecba&fields=id&fields=name HTTP/1.1" 200 114 "-" "python-neutronclient"
100.64.0.2 - - [03/Dec/2025:23:10:53 +0000] "GET /v2.0/security-groups?id=515203dd-a5b1-4fde-9133-b00496e02617&fields=id&fields=name HTTP/1.1" 200 113 "-" "python-neutronclient"
100.64.0.2 - - [03/Dec/2025:23:10:54 +0000] "GET /v2.0/floatingips?fixed_ip_address=10.100.0.6&port_id=04d9264e-6759-4c3d-8d76-bca76a75ece8 HTTP/1.1" 200 19 "-" "python-neutronclient"
100.64.0.2 - - [03/Dec/2025:23:10:54 +0000] "GET /v2.0/floatingips?fixed_ip_address=2001%3Adb8%3A%3Af816%3A3eff%3Afebe%3Af2c9&port_id=40876eee-5b7a-41c8-8cc1-eb65baa4271e HTTP/1.1" 200 19 "-" "python-neutronclient"
100.64.0.2 - - [03/Dec/2025:23:10:54 +0000] "GET /v2.0/subnets?id=f580f85f-1f64-449a-b35d-5a7e0a31cfe9 HTTP/1.1" 200 654 "-" "python-neutronclient"
100.64.0.2 - - [03/Dec/2025:23:10:54 +0000] "GET /v2.0/subnets?id=fb4600dd-33b2-42d1-b558-389c2525ce3f HTTP/1.1" 200 671 "-" "python-neutronclient"
100.64.0.2 - - [03/Dec/2025:23:10:54 +0000] "GET /v2.0/ports?network_id=ea21f027-6e75-40ba-94fe-e820c18b79f3&device_owner=network%3Adhcp HTTP/1.1" 200 12 "-" "python-neutronclient"
100.64.0.2 - - [03/Dec/2025:23:10:54 +0000] "GET /v2.0/ports?network_id=ec4c4e01-a16f-4280-a7ea-c2bad7e485bb&device_owner=network%3Adhcp HTTP/1.1" 200 12 "-" "python-neutronclient"
10.128.1.49 - - [03/Dec/2025:23:10:54 +0000] "GET /v2.0/ports?device_id=784f156c-a695-4c7f-a2c8-646f7cb87105 HTTP/1.1" 200 2173 "-" "python-neutronclient"
10.128.1.49 - - [03/Dec/2025:23:10:54 +0000] "GET /v2.0/security-groups?id=515203dd-a5b1-4fde-9133-b00496e02617&fields=id&fields=name HTTP/1.1" 200 113 "-" "python-neutronclient"
100.64.0.2 - - [03/Dec/2025:23:10:54 +0000] "GET /v2.0/networks/ea21f027-6e75-40ba-94fe-e820c18b79f3?fields=segments HTTP/1.1" 200 14 "-" "python-neutronclient"
100.64.0.2 - - [03/Dec/2025:23:10:54 +0000] "GET /v2.0/networks/ec4c4e01-a16f-4280-a7ea-c2bad7e485bb?fields=segments HTTP/1.1" 200 14 "-" "python-neutronclient"
10.128.1.49 - - [03/Dec/2025:23:10:55 +0000] "GET /v2.0/ports?device_id=bf4f5a33-41c2-493b-8a29-c81f27559809 HTTP/1.1" 200 1081 "-" "python-neutronclient"
100.64.0.2 - - [03/Dec/2025:23:10:55 +0000] "GET /v2.0/networks/ea21f027-6e75-40ba-94fe-e820c18b79f3?fields=provider%3Aphysical_network&fields=provider%3Anetwork_type HTTP/1.1" 200 79 "-" "python-neutronclient"
100.64.0.2 - - [03/Dec/2025:23:10:55 +0000] "GET /v2.0/networks/ec4c4e01-a16f-4280-a7ea-c2bad7e485bb?fields=provider%3Aphysical_network&fields=provider%3Anetwork_type HTTP/1.1" 200 79 "-" "python-neutronclient"
10.128.1.49 - - [03/Dec/2025:23:10:55 +0000] "GET /v2.0/security-groups?id=a0eccf97-4b0a-48ca-ab67-ef6fdf17ecba&fields=id&fields=name HTTP/1.1" 200 114 "-" "python-neutronclient"
10.128.1.49 - - [03/Dec/2025:23:10:56 +0000] "GET /v2.0/ports?device_id=784f156c-a695-4c7f-a2c8-646f7cb87105 HTTP/1.1" 200 2177 "-" "python-neutronclient"
10.128.1.49 - - [03/Dec/2025:23:10:56 +0000] "GET /v2.0/security-groups?id=515203dd-a5b1-4fde-9133-b00496e02617&fields=id&fields=name HTTP/1.1" 200 113 "-" "python-neutronclient"
10.128.1.49 - - [03/Dec/2025:23:10:56 +0000] "GET /v2.0/ports?device_id=bf4f5a33-41c2-493b-8a29-c81f27559809 HTTP/1.1" 200 1081 "-" "python-neutronclient"
10.128.1.49 - - [03/Dec/2025:23:10:57 +0000] "GET /v2.0/security-groups?id=a0eccf97-4b0a-48ca-ab67-ef6fdf17ecba&fields=id&fields=name HTTP/1.1" 200 114 "-" "python-neutronclient"
10.128.1.49 - - [03/Dec/2025:23:10:57 +0000] "GET /v2.0/ports?device_id=bf4f5a33-41c2-493b-8a29-c81f27559809 HTTP/1.1" 200 1081 "-" "python-neutronclient"
10.128.1.49 - - [03/Dec/2025:23:10:58 +0000] "GET /v2.0/ports?device_id=784f156c-a695-4c7f-a2c8-646f7cb87105 HTTP/1.1" 200 2177 "-" "python-neutronclient"
10.128.1.49 - - [03/Dec/2025:23:10:58 +0000] "GET /v2.0/security-groups?id=a0eccf97-4b0a-48ca-ab67-ef6fdf17ecba&fields=id&fields=name HTTP/1.1" 200 114 "-" "python-neutronclient"
10.128.1.49 - - [03/Dec/2025:23:10:58 +0000] "GET /v2.0/security-groups?id=515203dd-a5b1-4fde-9133-b00496e02617&fields=id&fields=name HTTP/1.1" 200 113 "-" "python-neutronclient"
10.128.0.2 - - [03/Dec/2025:23:10:58 +0000] "GET /v2.0/ports?device_id=bf4f5a33-41c2-493b-8a29-c81f27559809 HTTP/1.1" 200 1348 "-" "python-urllib3/1.26.5"
10.128.1.49 - - [03/Dec/2025:23:10:58 +0000] "GET /v2.0/ports?device_id=784f156c-a695-4c7f-a2c8-646f7cb87105 HTTP/1.1" 200 2177 "-" "python-neutronclient"
10.128.1.49 - - [03/Dec/2025:23:10:58 +0000] "GET /v2.0/security-groups?id=515203dd-a5b1-4fde-9133-b00496e02617&fields=id&fields=name HTTP/1.1" 200 113 "-" "python-neutronclient"
10.128.0.2 - - [03/Dec/2025:23:10:59 +0000] "GET /v2.0/ports?device_id=784f156c-a695-4c7f-a2c8-646f7cb87105 HTTP/1.1" 200 2711 "-" "python-urllib3/1.26.5"
10.128.0.2 - - [03/Dec/2025:23:10:58 +0000] "POST /v2.0/floatingips HTTP/1.1" 201 881 "-" "python-urllib3/1.26.5"
10.128.0.2 - - [03/Dec/2025:23:11:00 +0000] "GET /v2.0/ports?device_id=bf4f5a33-41c2-493b-8a29-c81f27559809 HTTP/1.1" 200 1348 "-" "python-urllib3/1.26.5"
100.64.0.2 - - [03/Dec/2025:23:11:00 +0000] "GET /v2.0/ports?tenant_id=5f45986fc95543d5a0014e214c498f28&device_id=bf4f5a33-41c2-493b-8a29-c81f27559809 HTTP/1.1" 200 1348 "-" "python-neutronclient"
10.128.0.2 - - [03/Dec/2025:23:11:00 +0000] "POST /v2.0/security-groups HTTP/1.1" 201 1611 "-" "python-urllib3/1.26.5"
100.64.0.2 - - [03/Dec/2025:23:11:00 +0000] "GET /v2.0/networks?id=ea21f027-6e75-40ba-94fe-e820c18b79f3 HTTP/1.1" 200 770 "-" "python-neutronclient"
10.128.0.2 - - [03/Dec/2025:23:10:59 +0000] "POST /v2.0/floatingips HTTP/1.1" 201 881 "-" "python-urllib3/1.26.5"
100.64.0.2 - - [03/Dec/2025:23:11:00 +0000] "GET /v2.0/floatingips?fixed_ip_address=10.100.0.6&port_id=04d9264e-6759-4c3d-8d76-bca76a75ece8 HTTP/1.1" 200 886 "-" "python-neutronclient"
10.128.0.2 - - [03/Dec/2025:23:11:00 +0000] "POST /v2.0/security-group-rules HTTP/1.1" 201 565 "-" "python-urllib3/1.26.5"
100.64.0.2 - - [03/Dec/2025:23:11:01 +0000] "GET /v2.0/subnets?id=f580f85f-1f64-449a-b35d-5a7e0a31cfe9 HTTP/1.1" 200 654 "-" "python-neutronclient"
100.64.0.2 - - [03/Dec/2025:23:11:01 +0000] "GET /v2.0/ports?tenant_id=392542f6ffae4fd4801c87a6dbbba04a&device_id=784f156c-a695-4c7f-a2c8-646f7cb87105 HTTP/1.1" 200 2711 "-" "python-neutronclient"
100.64.0.2 - - [03/Dec/2025:23:11:01 +0000] "GET /v2.0/ports?network_id=ea21f027-6e75-40ba-94fe-e820c18b79f3&device_owner=network%3Adhcp HTTP/1.1" 200 12 "-" "python-neutronclient"
10.128.0.2 - - [03/Dec/2025:23:11:01 +0000] "POST /v2.0/security-group-rules HTTP/1.1" 201 564 "-" "python-urllib3/1.26.5"
100.64.0.2 - - [03/Dec/2025:23:11:01 +0000] "GET /v2.0/networks?id=4902d41d-e0eb-48a3-aa37-6b2ae8b1e513 HTTP/1.1" 200 773 "-" "python-neutronclient"
100.64.0.2 - - [03/Dec/2025:23:11:01 +0000] "GET /v2.0/networks/ea21f027-6e75-40ba-94fe-e820c18b79f3?fields=segments HTTP/1.1" 200 14 "-" "python-neutronclient"
10.128.0.2 - - [03/Dec/2025:23:11:01 +0000] "POST /v2.0/security-group-rules HTTP/1.1" 201 570 "-" "python-urllib3/1.26.5"
100.64.0.2 - - [03/Dec/2025:23:11:01 +0000] "GET /v2.0/floatingips?fixed_ip_address=10.100.0.8&port_id=92c13c24-6729-41c6-b963-830b3bae4746 HTTP/1.1" 200 886 "-" "python-neutronclient"
100.64.0.2 - - [03/Dec/2025:23:11:01 +0000] "GET /v2.0/networks/ea21f027-6e75-40ba-94fe-e820c18b79f3?fields=provider%3Aphysical_network&fields=provider%3Anetwork_type HTTP/1.1" 200 79 "-" "python-neutronclient"
100.64.0.2 - - [03/Dec/2025:23:11:01 +0000] "GET /v2.0/subnets?id=fd8f0e50-117d-4b5a-93fe-055dd9f6c840 HTTP/1.1" 200 646 "-" "python-neutronclient"
10.128.0.2 - - [03/Dec/2025:23:11:01 +0000] "POST /v2.0/security-group-rules HTTP/1.1" 201 569 "-" "python-urllib3/1.26.5"
100.64.0.2 - - [03/Dec/2025:23:11:02 +0000] "GET /v2.0/ports?network_id=4902d41d-e0eb-48a3-aa37-6b2ae8b1e513&device_owner=network%3Adhcp HTTP/1.1" 200 12 "-" "python-neutronclient"
10.128.0.2 - - [03/Dec/2025:23:11:02 +0000] "POST /v2.0/security-group-rules HTTP/1.1" 201 575 "-" "python-urllib3/1.26.5"
100.64.0.2 - - [03/Dec/2025:23:11:02 +0000] "GET /v2.0/networks/4902d41d-e0eb-48a3-aa37-6b2ae8b1e513?fields=segments HTTP/1.1" 200 14 "-" "python-neutronclient"
100.64.0.2 - - [03/Dec/2025:23:11:03 +0000] "GET /v2.0/networks/4902d41d-e0eb-48a3-aa37-6b2ae8b1e513?fields=provider%3Aphysical_network&fields=provider%3Anetwork_type HTTP/1.1" 200 79 "-" "python-neutronclient"
10.128.0.2 - - [03/Dec/2025:23:11:03 +0000] "POST /v2.0/security-group-rules HTTP/1.1" 201 574 "-" "python-urllib3/1.26.5"
10.128.1.49 - - [03/Dec/2025:23:11:04 +0000] "GET /v2.0/security-groups?name=tempest-secgroup-smoke-103277706&fields=id&tenant_id=5f45986fc95543d5a0014e214c498f28 HTTP/1.1" 200 69 "-" "python-neutronclient"
10.128.1.49 - - [03/Dec/2025:23:11:04 +0000] "GET /v2.0/networks?id=ea21f027-6e75-40ba-94fe-e820c18b79f3 HTTP/1.1" 200 673 "-" "python-neutronclient"
10.128.1.49 - - [03/Dec/2025:23:11:04 +0000] "GET /v2.0/quotas/5f45986fc95543d5a0014e214c498f28 HTTP/1.1" 200 187 "-" "python-neutronclient"
10.128.1.49 - - [03/Dec/2025:23:11:05 +0000] "GET /v2.0/ports?tenant_id=5f45986fc95543d5a0014e214c498f28&fields=id HTTP/1.1" 200 149 "-" "python-neutronclient"
10.128.1.49 - - [03/Dec/2025:23:11:05 +0000] "GET /v2.0/networks/ea21f027-6e75-40ba-94fe-e820c18b79f3?fields=segments HTTP/1.1" 200 14 "-" "python-neutronclient"
10.128.1.49 - - [03/Dec/2025:23:11:05 +0000] "GET /v2.0/networks/ea21f027-6e75-40ba-94fe-e820c18b79f3?fields=provider%3Aphysical_network&fields=provider%3Anetwork_type HTTP/1.1" 200 79 "-" "python-neutronclient"
10.128.1.51 - - [03/Dec/2025:23:11:05 +0000] "GET /v2.0/extensions HTTP/1.1" 200 17369 "-" "python-neutronclient"
10.128.1.49 - - [03/Dec/2025:23:11:06 +0000] "GET /v2.0/ports?device_id=6a04d79d-7a13-403f-a67c-aa9cf54231cc HTTP/1.1" 200 12 "-" "python-neutronclient"
10.128.1.51 - - [03/Dec/2025:23:11:06 +0000] "GET /v2.0/subnets?network_id=ea21f027-6e75-40ba-94fe-e820c18b79f3&fields=segment_id HTTP/1.1" 200 33 "-" "python-neutronclient"
10.128.1.49 - - [03/Dec/2025:23:11:07 +0000] "GET /v2.0/ports?device_id=6a04d79d-7a13-403f-a67c-aa9cf54231cc HTTP/1.1" 200 12 "-" "python-neutronclient"
100.64.0.2 - - [03/Dec/2025:23:11:06 +0000] "GET /v2.0/networks?id=ea21f027-6e75-40ba-94fe-e820c18b79f3 HTTP/1.1" 200 673 "-" "python-neutronclient"
100.64.0.2 - - [03/Dec/2025:23:11:07 +0000] "GET /v2.0/security-groups?fields=id&fields=name&tenant_id=5f45986fc95543d5a0014e214c498f28 HTTP/1.1" 200 273 "-" "python-neutronclient"
100.64.0.2 - - [03/Dec/2025:23:11:07 +0000] "POST /v2.0/ports HTTP/1.1" 201 959 "-" "python-neutronclient"
10.128.1.49 - - [03/Dec/2025:23:11:08 +0000] "GET /v2.0/ports?device_id=6a04d79d-7a13-403f-a67c-aa9cf54231cc HTTP/1.1" 200 962 "-" "python-neutronclient"
10.128.1.49 - - [03/Dec/2025:23:11:08 +0000] "GET /v2.0/security-groups?id=4fcc14b3-a3df-4bf7-b832-c7d4195a4240&fields=id&fields=name HTTP/1.1" 200 113 "-" "python-neutronclient"
100.64.0.2 - - [03/Dec/2025:23:11:08 +0000] "PUT /v2.0/ports/444ab9eb-f0cf-4336-b25b-8de028e3e4d3 HTTP/1.1" 200 1312 "-" "python-neutronclient"
100.64.0.2 - - [03/Dec/2025:23:11:09 +0000] "GET /v2.0/ports?tenant_id=5f45986fc95543d5a0014e214c498f28&device_id=6a04d79d-7a13-403f-a67c-aa9cf54231cc HTTP/1.1" 200 1343 "-" "python-neutronclient"
100.64.0.2 - - [03/Dec/2025:23:11:10 +0000] "GET /v2.0/floatingips?fixed_ip_address=10.100.0.8&port_id=444ab9eb-f0cf-4336-b25b-8de028e3e4d3 HTTP/1.1" 200 19 "-" "python-neutronclient"
100.64.0.2 - - [03/Dec/2025:23:11:10 +0000] "GET /v2.0/subnets?id=f580f85f-1f64-449a-b35d-5a7e0a31cfe9 HTTP/1.1" 200 654 "-" "python-neutronclient"
100.64.0.2 - - [03/Dec/2025:23:11:10 +0000] "GET /v2.0/ports?network_id=ea21f027-6e75-40ba-94fe-e820c18b79f3&device_owner=network%3Adhcp HTTP/1.1" 200 12 "-" "python-neutronclient"
10.128.1.49 - - [03/Dec/2025:23:11:10 +0000] "GET /v2.0/ports?device_id=6a04d79d-7a13-403f-a67c-aa9cf54231cc HTTP/1.1" 200 1076 "-" "python-neutronclient"
100.64.0.2 - - [03/Dec/2025:23:11:11 +0000] "GET /v2.0/networks/ea21f027-6e75-40ba-94fe-e820c18b79f3?fields=segments HTTP/1.1" 200 14 "-" "python-neutronclient"
10.128.1.49 - - [03/Dec/2025:23:11:11 +0000] "GET /v2.0/security-groups?id=4fcc14b3-a3df-4bf7-b832-c7d4195a4240&fields=id&fields=name HTTP/1.1" 200 113 "-" "python-neutronclient"
100.64.0.2 - - [03/Dec/2025:23:11:11 +0000] "GET /v2.0/networks/ea21f027-6e75-40ba-94fe-e820c18b79f3?fields=provider%3Aphysical_network&fields=provider%3Anetwork_type HTTP/1.1" 200 79 "-" "python-neutronclient"
100.64.0.2 - - [03/Dec/2025:23:11:11 +0000] "GET /v2.0/ports?tenant_id=5f45986fc95543d5a0014e214c498f28&device_id=6a04d79d-7a13-403f-a67c-aa9cf54231cc HTTP/1.1" 200 1343 "-" "python-neutronclient"
100.64.0.2 - - [03/Dec/2025:23:11:11 +0000] "GET /v2.0/ports?device_id=6a04d79d-7a13-403f-a67c-aa9cf54231cc HTTP/1.1" 200 1343 "-" "python-neutronclient"
100.64.0.2 - - [03/Dec/2025:23:11:11 +0000] "GET /v2.0/networks?id=ea21f027-6e75-40ba-94fe-e820c18b79f3 HTTP/1.1" 200 770 "-" "python-neutronclient"
100.64.0.2 - - [03/Dec/2025:23:11:11 +0000] "GET /v2.0/security-groups?id=4fcc14b3-a3df-4bf7-b832-c7d4195a4240&fields=id&fields=name HTTP/1.1" 200 113 "-" "python-neutronclient"
100.64.0.2 - - [03/Dec/2025:23:11:11 +0000] "GET /v2.0/floatingips?fixed_ip_address=10.100.0.8&port_id=444ab9eb-f0cf-4336-b25b-8de028e3e4d3 HTTP/1.1" 200 19 "-" "python-neutronclient"
100.64.0.2 - - [03/Dec/2025:23:11:12 +0000] "GET /v2.0/subnets?id=f580f85f-1f64-449a-b35d-5a7e0a31cfe9 HTTP/1.1" 200 654 "-" "python-neutronclient"
100.64.0.2 - - [03/Dec/2025:23:11:12 +0000] "GET /v2.0/ports?network_id=ea21f027-6e75-40ba-94fe-e820c18b79f3&device_owner=network%3Adhcp HTTP/1.1" 200 12 "-" "python-neutronclient"
100.64.0.2 - - [03/Dec/2025:23:11:12 +0000] "GET /v2.0/networks/ea21f027-6e75-40ba-94fe-e820c18b79f3?fields=segments HTTP/1.1" 200 14 "-" "python-neutronclient"
100.64.0.2 - - [03/Dec/2025:23:11:12 +0000] "GET /v2.0/networks/ea21f027-6e75-40ba-94fe-e820c18b79f3?fields=provider%3Aphysical_network&fields=provider%3Anetwork_type HTTP/1.1" 200 79 "-" "python-neutronclient"
10.128.1.49 - - [03/Dec/2025:23:11:12 +0000] "GET /v2.0/ports?device_id=6a04d79d-7a13-403f-a67c-aa9cf54231cc HTTP/1.1" 200 1078 "-" "python-neutronclient"
10.128.1.49 - - [03/Dec/2025:23:11:12 +0000] "GET /v2.0/security-groups?id=4fcc14b3-a3df-4bf7-b832-c7d4195a4240&fields=id&fields=name HTTP/1.1" 200 113 "-" "python-neutronclient"
10.128.1.49 - - [03/Dec/2025:23:11:14 +0000] "GET /v2.0/ports?device_id=6a04d79d-7a13-403f-a67c-aa9cf54231cc HTTP/1.1" 200 1078 "-" "python-neutronclient"
10.128.1.49 - - [03/Dec/2025:23:11:14 +0000] "GET /v2.0/security-groups?id=4fcc14b3-a3df-4bf7-b832-c7d4195a4240&fields=id&fields=name HTTP/1.1" 200 113 "-" "python-neutronclient"
10.128.1.49 - - [03/Dec/2025:23:11:14 +0000] "GET /v2.0/ports?device_id=6a04d79d-7a13-403f-a67c-aa9cf54231cc HTTP/1.1" 200 1078 "-" "python-neutronclient"
10.128.1.49 - - [03/Dec/2025:23:11:15 +0000] "GET /v2.0/security-groups?id=4fcc14b3-a3df-4bf7-b832-c7d4195a4240&fields=id&fields=name HTTP/1.1" 200 113 "-" "python-neutronclient"
10.128.0.2 - - [03/Dec/2025:23:11:15 +0000] "GET /v2.0/ports?device_id=6a04d79d-7a13-403f-a67c-aa9cf54231cc HTTP/1.1" 200 1345 "-" "python-urllib3/1.26.5"
10.128.0.2 - - [03/Dec/2025:23:11:15 +0000] "POST /v2.0/floatingips HTTP/1.1" 201 881 "-" "python-urllib3/1.26.5"
100.64.0.2 - - [03/Dec/2025:23:11:17 +0000] "GET /v2.0/ports?tenant_id=5f45986fc95543d5a0014e214c498f28&device_id=6a04d79d-7a13-403f-a67c-aa9cf54231cc HTTP/1.1" 200 1345 "-" "python-neutronclient"
100.64.0.2 - - [03/Dec/2025:23:11:17 +0000] "GET /v2.0/networks?id=ea21f027-6e75-40ba-94fe-e820c18b79f3 HTTP/1.1" 200 770 "-" "python-neutronclient"
100.64.0.2 - - [03/Dec/2025:23:11:17 +0000] "GET /v2.0/floatingips?fixed_ip_address=10.100.0.8&port_id=444ab9eb-f0cf-4336-b25b-8de028e3e4d3 HTTP/1.1" 200 886 "-" "python-neutronclient"
100.64.0.2 - - [03/Dec/2025:23:11:17 +0000] "GET /v2.0/subnets?id=f580f85f-1f64-449a-b35d-5a7e0a31cfe9 HTTP/1.1" 200 654 "-" "python-neutronclient"
100.64.0.2 - - [03/Dec/2025:23:11:17 +0000] "GET /v2.0/ports?network_id=ea21f027-6e75-40ba-94fe-e820c18b79f3&device_owner=network%3Adhcp HTTP/1.1" 200 12 "-" "python-neutronclient"
100.64.0.2 - - [03/Dec/2025:23:11:18 +0000] "GET /v2.0/networks/ea21f027-6e75-40ba-94fe-e820c18b79f3?fields=segments HTTP/1.1" 200 14 "-" "python-neutronclient"
100.64.0.2 - - [03/Dec/2025:23:11:18 +0000] "GET /v2.0/networks/ea21f027-6e75-40ba-94fe-e820c18b79f3?fields=provider%3Aphysical_network&fields=provider%3Anetwork_type HTTP/1.1" 200 79 "-" "python-neutronclient"
10.128.0.2 - - [03/Dec/2025:23:11:23 +0000] "GET / HTTP/1.1" 200 122 "-" "kube-probe/1.31"
10.128.0.2 - - [03/Dec/2025:23:11:23 +0000] "GET / HTTP/1.1" 200 122 "-" "kube-probe/1.31"
10.128.0.2 - - [03/Dec/2025:23:11:23 +0000] "GET / HTTP/1.1" 200 122 "-" "kube-probe/1.31"
10.128.0.2 - - [03/Dec/2025:23:11:32 +0000] "GET /v2.0/floatingips/89c2d634-e508-4948-8829-4944a081db38 HTTP/1.1" 200 883 "-" "python-urllib3/1.26.5"
10.128.0.2 - - [03/Dec/2025:23:11:32 +0000] "GET /v2.0/ports?device_id=3221810f-4c50-4788-bb79-d4d296ea7fab&network_id=ec4c4e01-a16f-4280-a7ea-c2bad7e485bb HTTP/1.1" 200 1383 "-" "python-urllib3/1.26.5"
10.128.0.2 - - [03/Dec/2025:23:11:33 +0000] "GET /v2.0/ports?device_id=784f156c-a695-4c7f-a2c8-646f7cb87105&network_id=ec4c4e01-a16f-4280-a7ea-c2bad7e485bb HTTP/1.1" 200 1380 "-" "python-urllib3/1.26.5"
10.128.0.2 - - [03/Dec/2025:23:11:33 +0000] "PUT /v2.0/ports/04d9264e-6759-4c3d-8d76-bca76a75ece8 HTTP/1.1" 200 1079 "-" "python-urllib3/1.26.5"
100.64.0.2 - - [03/Dec/2025:23:11:33 +0000] "GET /v2.0/ports?tenant_id=5f45986fc95543d5a0014e214c498f28&device_id=bf4f5a33-41c2-493b-8a29-c81f27559809 HTTP/1.1" 200 1347 "-" "python-neutronclient"
100.64.0.2 - - [03/Dec/2025:23:11:33 +0000] "GET /v2.0/networks?id=ea21f027-6e75-40ba-94fe-e820c18b79f3 HTTP/1.1" 200 770 "-" "python-neutronclient"
100.64.0.2 - - [03/Dec/2025:23:11:33 +0000] "GET /v2.0/floatingips?fixed_ip_address=10.100.0.6&port_id=04d9264e-6759-4c3d-8d76-bca76a75ece8 HTTP/1.1" 200 885 "-" "python-neutronclient"
100.64.0.2 - - [03/Dec/2025:23:11:34 +0000] "GET /v2.0/subnets?id=f580f85f-1f64-449a-b35d-5a7e0a31cfe9 HTTP/1.1" 200 654 "-" "python-neutronclient"
100.64.0.2 - - [03/Dec/2025:23:11:34 +0000] "GET /v2.0/ports?network_id=ea21f027-6e75-40ba-94fe-e820c18b79f3&device_owner=network%3Adhcp HTTP/1.1" 200 12 "-" "python-neutronclient"
100.64.0.2 - - [03/Dec/2025:23:11:34 +0000] "GET /v2.0/extensions HTTP/1.1" 200 17369 "-" "python-neutronclient"
100.64.0.2 - - [03/Dec/2025:23:11:34 +0000] "GET /v2.0/networks/ea21f027-6e75-40ba-94fe-e820c18b79f3?fields=segments HTTP/1.1" 200 14 "-" "python-neutronclient"
100.64.0.2 - - [03/Dec/2025:23:11:34 +0000] "GET /v2.0/networks/ea21f027-6e75-40ba-94fe-e820c18b79f3?fields=provider%3Aphysical_network&fields=provider%3Anetwork_type HTTP/1.1" 200 79 "-" "python-neutronclient"
10.128.0.2 - - [03/Dec/2025:23:11:34 +0000] "DELETE /v2.0/floatingips/bea8a813-f1ba-4c07-9537-422b14d56ee3 HTTP/1.1" 204 - "-" "python-urllib3/1.26.5"
100.64.0.2 - - [03/Dec/2025:23:11:35 +0000] "GET /v2.0/ports?tenant_id=392542f6ffae4fd4801c87a6dbbba04a&device_id=784f156c-a695-4c7f-a2c8-646f7cb87105 HTTP/1.1" 200 2709 "-" "python-neutronclient"
10.128.1.49 - - [03/Dec/2025:23:11:35 +0000] "GET /v2.0/ports?device_id=784f156c-a695-4c7f-a2c8-646f7cb87105 HTTP/1.1" 200 2175 "-" "python-neutronclient"
10.128.1.49 - - [03/Dec/2025:23:11:35 +0000] "GET /v2.0/security-groups?id=515203dd-a5b1-4fde-9133-b00496e02617&fields=id&fields=name HTTP/1.1" 200 113 "-" "python-neutronclient"
100.64.0.2 - - [03/Dec/2025:23:11:35 +0000] "GET /v2.0/ports?device_id=784f156c-a695-4c7f-a2c8-646f7cb87105 HTTP/1.1" 200 2175 "-" "python-neutronclient"
100.64.0.2 - - [03/Dec/2025:23:11:35 +0000] "GET /v2.0/networks?id=4902d41d-e0eb-48a3-aa37-6b2ae8b1e513 HTTP/1.1" 200 773 "-" "python-neutronclient"
100.64.0.2 - - [03/Dec/2025:23:11:36 +0000] "GET /v2.0/floatingips?fixed_ip_address=10.100.0.8&port_id=92c13c24-6729-41c6-b963-830b3bae4746 HTTP/1.1" 200 19 "-" "python-neutronclient"
