2025-12-03 22:25:53.039 17 DEBUG futurist.periodics [-] Submitting periodic callback 'neutron.plugins.ml2.drivers.ovn.mech_driver.ovsdb.maintenance.DBInconsistenciesPeriodics.migrate_to_port_groups' _process_scheduled /usr/lib/python3.9/site-packages/futurist/periodics.py:638
2025-12-03 22:25:53.039 17 DEBUG futurist.periodics [-] Submitting periodic callback 'neutron.plugins.ml2.drivers.ovn.mech_driver.ovsdb.maintenance.DBInconsistenciesPeriodics.migrate_to_stateful_fips' _process_scheduled /usr/lib/python3.9/site-packages/futurist/periodics.py:638
2025-12-03 22:25:53.041 17 DEBUG futurist.periodics [-] Submitting periodic callback 'neutron.plugins.ml2.drivers.ovn.mech_driver.ovsdb.maintenance.DBInconsistenciesPeriodics.add_gw_port_info_to_logical_router_port' _process_scheduled /usr/lib/python3.9/site-packages/futurist/periodics.py:638
2025-12-03 22:25:53.042 17 DEBUG futurist.periodics [-] Submitting periodic callback 'neutron.plugins.ml2.drivers.ovn.mech_driver.ovsdb.maintenance.DBInconsistenciesPeriodics.add_vnic_type_and_pb_capabilities_to_lsp' _process_scheduled /usr/lib/python3.9/site-packages/futurist/periodics.py:638
2025-12-03 22:25:53.043 17 DEBUG futurist.periodics [-] Submitting periodic callback 'neutron.plugins.ml2.drivers.ovn.mech_driver.ovsdb.maintenance.DBInconsistenciesPeriodics.check_baremetal_ports_dhcp_options' _process_scheduled /usr/lib/python3.9/site-packages/futurist/periodics.py:638
2025-12-03 22:25:53.043 17 DEBUG futurist.periodics [-] Submitting periodic callback 'neutron.plugins.ml2.drivers.ovn.mech_driver.ovsdb.maintenance.DBInconsistenciesPeriodics.check_fair_meter_consistency' _process_scheduled /usr/lib/python3.9/site-packages/futurist/periodics.py:638
2025-12-03 22:25:53.043 17 DEBUG futurist.periodics [-] Submitting periodic callback 'neutron.plugins.ml2.drivers.ovn.mech_driver.ovsdb.maintenance.DBInconsistenciesPeriodics.check_for_ha_chassis_group' _process_scheduled /usr/lib/python3.9/site-packages/futurist/periodics.py:638
2025-12-03 22:25:53.043 17 DEBUG futurist.periodics [-] Submitting periodic callback 'neutron.plugins.ml2.drivers.ovn.mech_driver.ovsdb.maintenance.DBInconsistenciesPeriodics.check_for_igmp_snoop_support' _process_scheduled /usr/lib/python3.9/site-packages/futurist/periodics.py:638
2025-12-03 22:25:53.043 17 DEBUG futurist.periodics [-] Submitting periodic callback 'neutron.plugins.ml2.drivers.ovn.mech_driver.ovsdb.maintenance.DBInconsistenciesPeriodics.check_for_mcast_flood_reports' _process_scheduled /usr/lib/python3.9/site-packages/futurist/periodics.py:638
2025-12-03 22:25:53.044 17 DEBUG futurist.periodics [-] Submitting periodic callback 'neutron.plugins.ml2.drivers.ovn.mech_driver.ovsdb.maintenance.DBInconsistenciesPeriodics.check_global_dhcp_opts' _process_scheduled /usr/lib/python3.9/site-packages/futurist/periodics.py:638
2025-12-03 22:25:53.044 17 DEBUG futurist.periodics [-] Submitting periodic callback 'neutron.plugins.ml2.drivers.ovn.mech_driver.ovsdb.maintenance.DBInconsistenciesPeriodics.check_port_has_address_scope' _process_scheduled /usr/lib/python3.9/site-packages/futurist/periodics.py:638
2025-12-03 22:25:53.044 17 DEBUG futurist.periodics [-] Submitting periodic callback 'neutron.plugins.ml2.drivers.ovn.mech_driver.ovsdb.maintenance.DBInconsistenciesPeriodics.check_redirect_type_router_gateway_ports' _process_scheduled /usr/lib/python3.9/site-packages/futurist/periodics.py:638
2025-12-03 22:25:53.045 17 DEBUG futurist.periodics [-] Submitting periodic callback 'neutron.plugins.ml2.drivers.ovn.mech_driver.ovsdb.maintenance.DBInconsistenciesPeriodics.check_router_default_route_empty_dst_ip' _process_scheduled /usr/lib/python3.9/site-packages/futurist/periodics.py:638
2025-12-03 22:25:53.045 17 DEBUG futurist.periodics [-] Submitting periodic callback 'neutron.plugins.ml2.drivers.ovn.mech_driver.ovsdb.maintenance.DBInconsistenciesPeriodics.check_vlan_distributed_ports' _process_scheduled /usr/lib/python3.9/site-packages/futurist/periodics.py:638
2025-12-03 22:25:53.045 17 DEBUG futurist.periodics [-] Submitting periodic callback 'neutron.plugins.ml2.drivers.ovn.mech_driver.ovsdb.maintenance.DBInconsistenciesPeriodics.create_router_extra_attributes_registers' _process_scheduled /usr/lib/python3.9/site-packages/futurist/periodics.py:638
2025-12-03 22:25:53.045 17 DEBUG futurist.periodics [-] Submitting periodic callback 'neutron.plugins.ml2.drivers.ovn.mech_driver.ovsdb.maintenance.DBInconsistenciesPeriodics.update_logical_router_with_gateway_network_id' _process_scheduled /usr/lib/python3.9/site-packages/futurist/periodics.py:638
2025-12-03 22:25:53.045 17 DEBUG futurist.periodics [-] Submitting periodic callback 'neutron.plugins.ml2.drivers.ovn.mech_driver.ovsdb.maintenance.DBInconsistenciesPeriodics.update_nat_floating_ip_with_gateway_port_reference' _process_scheduled /usr/lib/python3.9/site-packages/futurist/periodics.py:638
2025-12-03 22:25:53.200 13 DEBUG neutron.wsgi [-] (13) accepted ('::1', 58900, 0, 0) server /usr/lib/python3.9/site-packages/eventlet/wsgi.py:1004
2025-12-03 22:25:53.204 12 DEBUG neutron.wsgi [-] (12) accepted ('::1', 58914, 0, 0) server /usr/lib/python3.9/site-packages/eventlet/wsgi.py:1004
2025-12-03 22:25:53.204 12 DEBUG neutron.wsgi [-] (12) accepted ('::1', 58930, 0, 0) server /usr/lib/python3.9/site-packages/eventlet/wsgi.py:1004
2025-12-03 22:25:53.205 13 INFO neutron.wsgi [-] 10.128.0.2,::1 "GET / HTTP/1.1" status: 200 len: 255 time: 0.0040143
2025-12-03 22:25:53.227 12 INFO neutron.wsgi [-] 10.128.0.2,::1 "GET / HTTP/1.1" status: 200 len: 255 time: 0.0210721
2025-12-03 22:25:53.229 12 INFO neutron.wsgi [-] 10.128.0.2,::1 "GET / HTTP/1.1" status: 200 len: 255 time: 0.0012264
2025-12-03 22:25:58.045 17 DEBUG futurist.periodics [-] Submitting periodic callback 'neutron.plugins.ml2.drivers.ovn.mech_driver.ovsdb.maintenance.DBInconsistenciesPeriodics.add_gw_port_info_to_logical_router_port' _process_scheduled /usr/lib/python3.9/site-packages/futurist/periodics.py:638
2025-12-03 22:25:58.504 17 DEBUG futurist.periodics [None req-fea93a0f-8658-4f86-89af-fa1feb1cfade - - - - - -] Periodic callback 'neutron.plugins.ml2.drivers.ovn.mech_driver.ovsdb.maintenance.DBInconsistenciesPeriodics.add_gw_port_info_to_logical_router_port' raised 'NeverAgain' exception, stopping any further execution of it. _on_done /usr/lib/python3.9/site-packages/futurist/periodics.py:710
2025-12-03 22:25:58.504 17 DEBUG futurist.periodics [None req-fea93a0f-8658-4f86-89af-fa1feb1cfade - - - - - -] Submitting periodic callback 'neutron.plugins.ml2.drivers.ovn.mech_driver.ovsdb.maintenance.DBInconsistenciesPeriodics.add_vnic_type_and_pb_capabilities_to_lsp' _process_scheduled /usr/lib/python3.9/site-packages/futurist/periodics.py:638
2025-12-03 22:25:58.512 17 DEBUG ovsdbapp.backend.ovs_idl.transaction [-] There are no commands to commit do_commit /usr/lib/python3.9/site-packages/ovsdbapp/backend/ovs_idl/transaction.py:78
2025-12-03 22:25:58.512 17 DEBUG futurist.periodics [None req-fea93a0f-8658-4f86-89af-fa1feb1cfade - - - - - -] Periodic callback 'neutron.plugins.ml2.drivers.ovn.mech_driver.ovsdb.maintenance.DBInconsistenciesPeriodics.add_vnic_type_and_pb_capabilities_to_lsp' raised 'NeverAgain' exception, stopping any further execution of it. _on_done /usr/lib/python3.9/site-packages/futurist/periodics.py:710
2025-12-03 22:25:58.513 17 DEBUG futurist.periodics [None req-fea93a0f-8658-4f86-89af-fa1feb1cfade - - - - - -] Submitting periodic callback 'neutron.plugins.ml2.drivers.ovn.mech_driver.ovsdb.maintenance.DBInconsistenciesPeriodics.check_baremetal_ports_dhcp_options' _process_scheduled /usr/lib/python3.9/site-packages/futurist/periodics.py:638
2025-12-03 22:25:58.553 17 DEBUG futurist.periodics [None req-fea93a0f-8658-4f86-89af-fa1feb1cfade - - - - - -] Periodic callback 'neutron.plugins.ml2.drivers.ovn.mech_driver.ovsdb.maintenance.DBInconsistenciesPeriodics.check_baremetal_ports_dhcp_options' raised 'NeverAgain' exception, stopping any further execution of it. _on_done /usr/lib/python3.9/site-packages/futurist/periodics.py:710
2025-12-03 22:25:58.553 17 DEBUG futurist.periodics [None req-fea93a0f-8658-4f86-89af-fa1feb1cfade - - - - - -] Submitting periodic callback 'neutron.plugins.ml2.drivers.ovn.mech_driver.ovsdb.maintenance.DBInconsistenciesPeriodics.check_fair_meter_consistency' _process_scheduled /usr/lib/python3.9/site-packages/futurist/periodics.py:638
2025-12-03 22:25:58.554 17 DEBUG futurist.periodics [None req-fea93a0f-8658-4f86-89af-fa1feb1cfade - - - - - -] Periodic callback 'neutron.plugins.ml2.drivers.ovn.mech_driver.ovsdb.maintenance.DBInconsistenciesPeriodics.check_fair_meter_consistency' raised 'NeverAgain' exception, stopping any further execution of it. _on_done /usr/lib/python3.9/site-packages/futurist/periodics.py:710
2025-12-03 22:25:58.554 17 DEBUG futurist.periodics [None req-fea93a0f-8658-4f86-89af-fa1feb1cfade - - - - - -] Submitting periodic callback 'neutron.plugins.ml2.drivers.ovn.mech_driver.ovsdb.maintenance.DBInconsistenciesPeriodics.check_for_ha_chassis_group' _process_scheduled /usr/lib/python3.9/site-packages/futurist/periodics.py:638
2025-12-03 22:25:58.555 17 DEBUG ovsdbapp.backend.ovs_idl.transaction [-] Running txn n=1 command(idx=0): HAChassisGroupDelCommand(_result=None, name=default_ha_chassis_group, if_exists=True) do_commit /usr/lib/python3.9/site-packages/ovsdbapp/backend/ovs_idl/transaction.py:89
2025-12-03 22:25:58.556 17 DEBUG ovsdbapp.backend.ovs_idl.transaction [-] Transaction caused no change do_commit /usr/lib/python3.9/site-packages/ovsdbapp/backend/ovs_idl/transaction.py:129
2025-12-03 22:25:58.556 17 DEBUG futurist.periodics [None req-fea93a0f-8658-4f86-89af-fa1feb1cfade - - - - - -] Periodic callback 'neutron.plugins.ml2.drivers.ovn.mech_driver.ovsdb.maintenance.DBInconsistenciesPeriodics.check_for_ha_chassis_group' raised 'NeverAgain' exception, stopping any further execution of it. _on_done /usr/lib/python3.9/site-packages/futurist/periodics.py:710
2025-12-03 22:25:58.556 17 DEBUG futurist.periodics [None req-fea93a0f-8658-4f86-89af-fa1feb1cfade - - - - - -] Submitting periodic callback 'neutron.plugins.ml2.drivers.ovn.mech_driver.ovsdb.maintenance.DBInconsistenciesPeriodics.check_for_igmp_snoop_support' _process_scheduled /usr/lib/python3.9/site-packages/futurist/periodics.py:638
2025-12-03 22:25:58.557 17 DEBUG ovsdbapp.backend.ovs_idl.transaction [-] There are no commands to commit do_commit /usr/lib/python3.9/site-packages/ovsdbapp/backend/ovs_idl/transaction.py:78
2025-12-03 22:25:58.558 17 DEBUG futurist.periodics [None req-fea93a0f-8658-4f86-89af-fa1feb1cfade - - - - - -] Periodic callback 'neutron.plugins.ml2.drivers.ovn.mech_driver.ovsdb.maintenance.DBInconsistenciesPeriodics.check_for_igmp_snoop_support' raised 'NeverAgain' exception, stopping any further execution of it. _on_done /usr/lib/python3.9/site-packages/futurist/periodics.py:710
2025-12-03 22:25:58.558 17 DEBUG futurist.periodics [None req-fea93a0f-8658-4f86-89af-fa1feb1cfade - - - - - -] Submitting periodic callback 'neutron.plugins.ml2.drivers.ovn.mech_driver.ovsdb.maintenance.DBInconsistenciesPeriodics.check_for_mcast_flood_reports' _process_scheduled /usr/lib/python3.9/site-packages/futurist/periodics.py:638
2025-12-03 22:25:58.558 17 DEBUG futurist.periodics [None req-fea93a0f-8658-4f86-89af-fa1feb1cfade - - - - - -] Periodic callback 'neutron.plugins.ml2.drivers.ovn.mech_driver.ovsdb.maintenance.DBInconsistenciesPeriodics.check_for_mcast_flood_reports' raised 'NeverAgain' exception, stopping any further execution of it. _on_done /usr/lib/python3.9/site-packages/futurist/periodics.py:710
2025-12-03 22:25:58.558 17 DEBUG futurist.periodics [None req-fea93a0f-8658-4f86-89af-fa1feb1cfade - - - - - -] Submitting periodic callback 'neutron.plugins.ml2.drivers.ovn.mech_driver.ovsdb.maintenance.DBInconsistenciesPeriodics.check_global_dhcp_opts' _process_scheduled /usr/lib/python3.9/site-packages/futurist/periodics.py:638
2025-12-03 22:25:58.559 17 DEBUG futurist.periodics [None req-fea93a0f-8658-4f86-89af-fa1feb1cfade - - - - - -] Periodic callback 'neutron.plugins.ml2.drivers.ovn.mech_driver.ovsdb.maintenance.DBInconsistenciesPeriodics.check_global_dhcp_opts' raised 'NeverAgain' exception, stopping any further execution of it. _on_done /usr/lib/python3.9/site-packages/futurist/periodics.py:710
2025-12-03 22:25:58.559 17 DEBUG futurist.periodics [None req-fea93a0f-8658-4f86-89af-fa1feb1cfade - - - - - -] Submitting periodic callback 'neutron.plugins.ml2.drivers.ovn.mech_driver.ovsdb.maintenance.DBInconsistenciesPeriodics.check_port_has_address_scope' _process_scheduled /usr/lib/python3.9/site-packages/futurist/periodics.py:638
2025-12-03 22:25:58.559 17 DEBUG ovsdbapp.backend.ovs_idl.transaction [-] There are no commands to commit do_commit /usr/lib/python3.9/site-packages/ovsdbapp/backend/ovs_idl/transaction.py:78
2025-12-03 22:25:58.559 17 DEBUG futurist.periodics [None req-fea93a0f-8658-4f86-89af-fa1feb1cfade - - - - - -] Periodic callback 'neutron.plugins.ml2.drivers.ovn.mech_driver.ovsdb.maintenance.DBInconsistenciesPeriodics.check_port_has_address_scope' raised 'NeverAgain' exception, stopping any further execution of it. _on_done /usr/lib/python3.9/site-packages/futurist/periodics.py:710
2025-12-03 22:25:58.560 17 DEBUG futurist.periodics [None req-fea93a0f-8658-4f86-89af-fa1feb1cfade - - - - - -] Submitting periodic callback 'neutron.plugins.ml2.drivers.ovn.mech_driver.ovsdb.maintenance.DBInconsistenciesPeriodics.check_redirect_type_router_gateway_ports' _process_scheduled /usr/lib/python3.9/site-packages/futurist/periodics.py:638
2025-12-03 22:25:58.570 17 DEBUG futurist.periodics [None req-fea93a0f-8658-4f86-89af-fa1feb1cfade - - - - - -] Periodic callback 'neutron.plugins.ml2.drivers.ovn.mech_driver.ovsdb.maintenance.DBInconsistenciesPeriodics.check_redirect_type_router_gateway_ports' raised 'NeverAgain' exception, stopping any further execution of it. _on_done /usr/lib/python3.9/site-packages/futurist/periodics.py:710
2025-12-03 22:25:58.570 17 DEBUG futurist.periodics [None req-fea93a0f-8658-4f86-89af-fa1feb1cfade - - - - - -] Submitting periodic callback 'neutron.plugins.ml2.drivers.ovn.mech_driver.ovsdb.maintenance.DBInconsistenciesPeriodics.check_router_default_route_empty_dst_ip' _process_scheduled /usr/lib/python3.9/site-packages/futurist/periodics.py:638
2025-12-03 22:25:58.571 17 DEBUG futurist.periodics [None req-fea93a0f-8658-4f86-89af-fa1feb1cfade - - - - - -] Periodic callback 'neutron.plugins.ml2.drivers.ovn.mech_driver.ovsdb.maintenance.DBInconsistenciesPeriodics.check_router_default_route_empty_dst_ip' raised 'NeverAgain' exception, stopping any further execution of it. _on_done /usr/lib/python3.9/site-packages/futurist/periodics.py:710
2025-12-03 22:25:58.571 17 DEBUG futurist.periodics [None req-fea93a0f-8658-4f86-89af-fa1feb1cfade - - - - - -] Submitting periodic callback 'neutron.plugins.ml2.drivers.ovn.mech_driver.ovsdb.maintenance.DBInconsistenciesPeriodics.check_vlan_distributed_ports' _process_scheduled /usr/lib/python3.9/site-packages/futurist/periodics.py:638
2025-12-03 22:25:58.599 17 DEBUG futurist.periodics [None req-fea93a0f-8658-4f86-89af-fa1feb1cfade - - - - - -] Periodic callback 'neutron.plugins.ml2.drivers.ovn.mech_driver.ovsdb.maintenance.DBInconsistenciesPeriodics.check_vlan_distributed_ports' raised 'NeverAgain' exception, stopping any further execution of it. _on_done /usr/lib/python3.9/site-packages/futurist/periodics.py:710
2025-12-03 22:25:58.599 17 DEBUG futurist.periodics [None req-fea93a0f-8658-4f86-89af-fa1feb1cfade - - - - - -] Submitting periodic callback 'neutron.plugins.ml2.drivers.ovn.mech_driver.ovsdb.maintenance.DBInconsistenciesPeriodics.create_router_extra_attributes_registers' _process_scheduled /usr/lib/python3.9/site-packages/futurist/periodics.py:638
2025-12-03 22:25:58.621 17 DEBUG futurist.periodics [None req-fea93a0f-8658-4f86-89af-fa1feb1cfade - - - - - -] Periodic callback 'neutron.plugins.ml2.drivers.ovn.mech_driver.ovsdb.maintenance.DBInconsistenciesPeriodics.create_router_extra_attributes_registers' raised 'NeverAgain' exception, stopping any further execution of it. _on_done /usr/lib/python3.9/site-packages/futurist/periodics.py:710
2025-12-03 22:25:58.621 17 DEBUG futurist.periodics [None req-fea93a0f-8658-4f86-89af-fa1feb1cfade - - - - - -] Submitting periodic callback 'neutron.plugins.ml2.drivers.ovn.mech_driver.ovsdb.maintenance.DBInconsistenciesPeriodics.update_logical_router_with_gateway_network_id' _process_scheduled /usr/lib/python3.9/site-packages/futurist/periodics.py:638
2025-12-03 22:25:58.622 17 DEBUG futurist.periodics [None req-fea93a0f-8658-4f86-89af-fa1feb1cfade - - - - - -] Periodic callback 'neutron.plugins.ml2.drivers.ovn.mech_driver.ovsdb.maintenance.DBInconsistenciesPeriodics.update_logical_router_with_gateway_network_id' raised 'NeverAgain' exception, stopping any further execution of it. _on_done /usr/lib/python3.9/site-packages/futurist/periodics.py:710
2025-12-03 22:25:58.622 17 DEBUG futurist.periodics [None req-fea93a0f-8658-4f86-89af-fa1feb1cfade - - - - - -] Submitting periodic callback 'neutron.plugins.ml2.drivers.ovn.mech_driver.ovsdb.maintenance.DBInconsistenciesPeriodics.update_nat_floating_ip_with_gateway_port_reference' _process_scheduled /usr/lib/python3.9/site-packages/futurist/periodics.py:638
2025-12-03 22:25:58.622 17 DEBUG futurist.periodics [None req-fea93a0f-8658-4f86-89af-fa1feb1cfade - - - - - -] Periodic callback 'neutron.plugins.ml2.drivers.ovn.mech_driver.ovsdb.maintenance.DBInconsistenciesPeriodics.update_nat_floating_ip_with_gateway_port_reference' raised 'NeverAgain' exception, stopping any further execution of it. _on_done /usr/lib/python3.9/site-packages/futurist/periodics.py:710
2025-12-03 22:26:03.046 17 DEBUG futurist.periodics [None req-fea93a0f-8658-4f86-89af-fa1feb1cfade - - - - - -] Submitting periodic callback 'neutron.plugins.ml2.drivers.ovn.mech_driver.ovsdb.maintenance.DBInconsistenciesPeriodics.migrate_to_port_groups' _process_scheduled /usr/lib/python3.9/site-packages/futurist/periodics.py:638
2025-12-03 22:26:03.048 17 DEBUG futurist.periodics [None req-fea93a0f-8658-4f86-89af-fa1feb1cfade - - - - - -] Periodic callback 'neutron.plugins.ml2.drivers.ovn.mech_driver.ovsdb.maintenance.DBInconsistenciesPeriodics.migrate_to_port_groups' raised 'NeverAgain' exception, stopping any further execution of it. _on_done /usr/lib/python3.9/site-packages/futurist/periodics.py:710
2025-12-03 22:26:03.048 17 DEBUG futurist.periodics [None req-fea93a0f-8658-4f86-89af-fa1feb1cfade - - - - - -] Submitting periodic callback 'neutron.plugins.ml2.drivers.ovn.mech_driver.ovsdb.maintenance.DBInconsistenciesPeriodics.migrate_to_stateful_fips' _process_scheduled /usr/lib/python3.9/site-packages/futurist/periodics.py:638
2025-12-03 22:26:03.049 17 INFO neutron.plugins.ml2.drivers.ovn.mech_driver.ovsdb.extensions.qos [None req-fea93a0f-8658-4f86-89af-fa1feb1cfade - - - - - -] Starting OVNClientQosExtension
2025-12-03 22:26:03.050 17 DEBUG ovsdbapp.backend.ovs_idl.transaction [-] There are no commands to commit do_commit /usr/lib/python3.9/site-packages/ovsdbapp/backend/ovs_idl/transaction.py:78
2025-12-03 22:26:03.050 17 DEBUG futurist.periodics [None req-fea93a0f-8658-4f86-89af-fa1feb1cfade - - - - - -] Periodic callback 'neutron.plugins.ml2.drivers.ovn.mech_driver.ovsdb.maintenance.DBInconsistenciesPeriodics.migrate_to_stateful_fips' raised 'NeverAgain' exception, stopping any further execution of it. _on_done /usr/lib/python3.9/site-packages/futurist/periodics.py:710
2025-12-03 22:26:03.348 12 DEBUG futurist.periodics [-] Submitting periodic callback 'neutron.plugins.ml2.drivers.ovn.mech_driver.ovsdb.maintenance.HashRingHealthCheckPeriodics.touch_hash_ring_nodes' _process_scheduled /usr/lib/python3.9/site-packages/futurist/periodics.py:638
2025-12-03 22:26:23.191 12 INFO neutron.wsgi [-] 10.128.0.2,::1 "GET / HTTP/1.1" status: 200 len: 255 time: 0.0021000
2025-12-03 22:26:23.193 12 INFO neutron.wsgi [-] 10.128.0.2,::1 "GET / HTTP/1.1" status: 200 len: 255 time: 0.0008888
2025-12-03 22:26:23.194 13 DEBUG neutron.wsgi [-] (13) accepted ('::1', 46732, 0, 0) server /usr/lib/python3.9/site-packages/eventlet/wsgi.py:1004
2025-12-03 22:26:23.196 13 INFO neutron.wsgi [-] 10.128.0.2,::1 "GET / HTTP/1.1" status: 200 len: 255 time: 0.0014045
2025-12-03 22:26:33.360 12 DEBUG futurist.periodics [-] Submitting periodic callback 'neutron.plugins.ml2.drivers.ovn.mech_driver.ovsdb.maintenance.HashRingHealthCheckPeriodics.touch_hash_ring_nodes' _process_scheduled /usr/lib/python3.9/site-packages/futurist/periodics.py:638
2025-12-03 22:26:53.191 12 INFO neutron.wsgi [-] 10.128.0.2,::1 "GET / HTTP/1.1" status: 200 len: 255 time: 0.0025775
2025-12-03 22:26:53.193 13 INFO neutron.wsgi [-] 10.128.0.2,::1 "GET / HTTP/1.1" status: 200 len: 255 time: 0.0022891
2025-12-03 22:26:53.194 12 INFO neutron.wsgi [-] 10.128.0.2,::1 "GET / HTTP/1.1" status: 200 len: 255 time: 0.0018885
2025-12-03 22:27:03.364 12 DEBUG futurist.periodics [-] Submitting periodic callback 'neutron.plugins.ml2.drivers.ovn.mech_driver.ovsdb.maintenance.HashRingHealthCheckPeriodics.touch_hash_ring_nodes' _process_scheduled /usr/lib/python3.9/site-packages/futurist/periodics.py:638
2025-12-03 22:27:23.190 13 DEBUG neutron.wsgi [-] (13) accepted ('::1', 56914, 0, 0) server /usr/lib/python3.9/site-packages/eventlet/wsgi.py:1004
2025-12-03 22:27:23.190 12 INFO neutron.wsgi [-] 10.128.0.2,::1 "GET / HTTP/1.1" status: 200 len: 255 time: 0.0024021
2025-12-03 22:27:23.193 13 INFO neutron.wsgi [-] 10.128.0.2,::1 "GET / HTTP/1.1" status: 200 len: 255 time: 0.0018723
2025-12-03 22:27:23.195 13 INFO neutron.wsgi [-] 10.128.0.2,::1 "GET / HTTP/1.1" status: 200 len: 255 time: 0.0013187
2025-12-03 22:27:27.476 12 DEBUG neutron.wsgi [-] (12) accepted ('::1', 40790, 0, 0) server /usr/lib/python3.9/site-packages/eventlet/wsgi.py:1004
2025-12-03 22:27:28.222 12 DEBUG neutron.policy [None req-5a659611-cf37-403b-b920-972114700b4d 6301cba904174eca840f9d74c4ce7273 287bb4deac5947ca983293ae47928819 - - default default] Loaded default policies from ['neutron'] under neutron.policies entry points register_rules /usr/lib/python3.9/site-packages/neutron/policy.py:73
2025-12-03 22:27:28.796 12 INFO neutron.wsgi [None req-5a659611-cf37-403b-b920-972114700b4d 6301cba904174eca840f9d74c4ce7273 287bb4deac5947ca983293ae47928819 - - default default] 10.128.1.22,::1 "GET /v2.0/floatingips HTTP/1.1" status: 200 len: 217 time: 1.3180575
2025-12-03 22:27:33.372 12 DEBUG futurist.periodics [-] Submitting periodic callback 'neutron.plugins.ml2.drivers.ovn.mech_driver.ovsdb.maintenance.HashRingHealthCheckPeriodics.touch_hash_ring_nodes' _process_scheduled /usr/lib/python3.9/site-packages/futurist/periodics.py:638
2025-12-03 22:27:37.779 12 INFO neutron.wsgi [None req-a065dab9-a444-42c9-be8d-b29aa8b3ada7 6301cba904174eca840f9d74c4ce7273 287bb4deac5947ca983293ae47928819 - - default default] 10.128.1.26,::1 "GET /v2.0/floatingips HTTP/1.1" status: 200 len: 217 time: 0.3085775
2025-12-03 22:27:53.189 12 DEBUG neutron.wsgi [-] (12) accepted ('::1', 40282, 0, 0) server /usr/lib/python3.9/site-packages/eventlet/wsgi.py:1004
2025-12-03 22:27:53.190 13 DEBUG neutron.wsgi [-] (13) accepted ('::1', 40286, 0, 0) server /usr/lib/python3.9/site-packages/eventlet/wsgi.py:1004
2025-12-03 22:27:53.193 13 INFO neutron.wsgi [-] 10.128.0.2,::1 "GET / HTTP/1.1" status: 200 len: 255 time: 0.0015879
2025-12-03 22:27:53.195 12 INFO neutron.wsgi [None req-a065dab9-a444-42c9-be8d-b29aa8b3ada7 6301cba904174eca840f9d74c4ce7273 287bb4deac5947ca983293ae47928819 - - default default] 10.128.0.2,::1 "GET / HTTP/1.1" status: 200 len: 255 time: 0.0029435
2025-12-03 22:27:53.197 12 INFO neutron.wsgi [-] 10.128.0.2,::1 "GET / HTTP/1.1" status: 200 len: 255 time: 0.0010705
2025-12-03 22:28:03.388 12 DEBUG futurist.periodics [-] Submitting periodic callback 'neutron.plugins.ml2.drivers.ovn.mech_driver.ovsdb.maintenance.HashRingHealthCheckPeriodics.touch_hash_ring_nodes' _process_scheduled /usr/lib/python3.9/site-packages/futurist/periodics.py:638
2025-12-03 22:28:10.088 13 DEBUG neutron.policy [None req-e7e5d072-2fb0-40a5-af8d-01f4ee0ea9a8 6301cba904174eca840f9d74c4ce7273 287bb4deac5947ca983293ae47928819 - - default default] Loaded default policies from ['neutron'] under neutron.policies entry points register_rules /usr/lib/python3.9/site-packages/neutron/policy.py:73
2025-12-03 22:28:10.539 13 INFO neutron.wsgi [None req-e7e5d072-2fb0-40a5-af8d-01f4ee0ea9a8 6301cba904174eca840f9d74c4ce7273 287bb4deac5947ca983293ae47928819 - - default default] 10.128.1.41,::1 "GET /v2.0/floatingips HTTP/1.1" status: 200 len: 217 time: 1.1413887
2025-12-03 22:28:23.202 12 INFO neutron.wsgi [-] 10.128.0.2,::1 "GET / HTTP/1.1" status: 200 len: 255 time: 0.0017183
2025-12-03 22:28:23.204 12 INFO neutron.wsgi [None req-a065dab9-a444-42c9-be8d-b29aa8b3ada7 6301cba904174eca840f9d74c4ce7273 287bb4deac5947ca983293ae47928819 - - default default] 10.128.0.2,::1 "GET / HTTP/1.1" status: 200 len: 255 time: 0.0017061
2025-12-03 22:28:23.206 12 INFO neutron.wsgi [-] 10.128.0.2,::1 "GET / HTTP/1.1" status: 200 len: 255 time: 0.0012085
2025-12-03 22:28:24.916 12 INFO neutron.wsgi [None req-725159a5-5f89-460a-8d7c-919f466030f6 6301cba904174eca840f9d74c4ce7273 287bb4deac5947ca983293ae47928819 - - default default] 10.128.1.42,::1 "GET /v2.0/floatingips HTTP/1.1" status: 200 len: 217 time: 1.0853124
2025-12-03 22:28:32.917 13 INFO neutron.wsgi [None req-726790ca-ee37-4c21-bed6-1cc7d260eef4 6301cba904174eca840f9d74c4ce7273 287bb4deac5947ca983293ae47928819 - - default default] 10.128.1.46,::1 "GET /v2.0/floatingips HTTP/1.1" status: 200 len: 217 time: 0.3282735
2025-12-03 22:28:33.397 12 DEBUG futurist.periodics [-] Submitting periodic callback 'neutron.plugins.ml2.drivers.ovn.mech_driver.ovsdb.maintenance.HashRingHealthCheckPeriodics.touch_hash_ring_nodes' _process_scheduled /usr/lib/python3.9/site-packages/futurist/periodics.py:638
2025-12-03 22:28:53.189 12 INFO neutron.wsgi [None req-725159a5-5f89-460a-8d7c-919f466030f6 6301cba904174eca840f9d74c4ce7273 287bb4deac5947ca983293ae47928819 - - default default] 10.128.0.2,::1 "GET / HTTP/1.1" status: 200 len: 255 time: 0.0018828
2025-12-03 22:28:53.194 13 INFO neutron.wsgi [None req-726790ca-ee37-4c21-bed6-1cc7d260eef4 6301cba904174eca840f9d74c4ce7273 287bb4deac5947ca983293ae47928819 - - default default] 10.128.0.2,::1 "GET / HTTP/1.1" status: 200 len: 255 time: 0.0021868
2025-12-03 22:28:53.195 13 DEBUG neutron.wsgi [-] (13) accepted ('::1', 55428, 0, 0) server /usr/lib/python3.9/site-packages/eventlet/wsgi.py:1004
2025-12-03 22:28:53.197 13 INFO neutron.wsgi [-] 10.128.0.2,::1 "GET / HTTP/1.1" status: 200 len: 255 time: 0.0013404
2025-12-03 22:29:03.408 12 DEBUG futurist.periodics [-] Submitting periodic callback 'neutron.plugins.ml2.drivers.ovn.mech_driver.ovsdb.maintenance.HashRingHealthCheckPeriodics.touch_hash_ring_nodes' _process_scheduled /usr/lib/python3.9/site-packages/futurist/periodics.py:638
2025-12-03 22:29:14.990 13 INFO neutron.wsgi [None req-cab0fb6f-c48a-44c8-8cc1-fc7f1896bae2 6301cba904174eca840f9d74c4ce7273 287bb4deac5947ca983293ae47928819 - - default default] 10.128.1.53,::1 "GET /v2.0/floatingips HTTP/1.1" status: 200 len: 217 time: 0.2240505
2025-12-03 22:29:23.190 12 INFO neutron.wsgi [-] 10.128.0.2,::1 "GET / HTTP/1.1" status: 200 len: 255 time: 0.0016673
2025-12-03 22:29:23.192 12 INFO neutron.wsgi [None req-725159a5-5f89-460a-8d7c-919f466030f6 6301cba904174eca840f9d74c4ce7273 287bb4deac5947ca983293ae47928819 - - default default] 10.128.0.2,::1 "GET / HTTP/1.1" status: 200 len: 255 time: 0.0009766
2025-12-03 22:29:23.195 13 INFO neutron.wsgi [None req-726790ca-ee37-4c21-bed6-1cc7d260eef4 6301cba904174eca840f9d74c4ce7273 287bb4deac5947ca983293ae47928819 - - default default] 10.128.0.2,::1 "GET / HTTP/1.1" status: 200 len: 255 time: 0.0021715
2025-12-03 22:29:29.993 13 INFO neutron.wsgi [None req-cab0fb6f-c48a-44c8-8cc1-fc7f1896bae2 6301cba904174eca840f9d74c4ce7273 287bb4deac5947ca983293ae47928819 - - default default] 10.128.0.163,::1 "GET / HTTP/1.1" status: 200 len: 273 time: 0.0014987
2025-12-03 22:29:30.408 13 INFO neutron.wsgi [None req-68a63854-3e28-4ced-9e7f-dac953bffbf9 f02d735f9c704b2e8bde78ca5e15c788 ebdbc6bd6ac94fca9ac245c271bc304b - - default default] 10.128.0.163,::1 "GET /v2.0/quotas/287bb4deac5947ca983293ae47928819 HTTP/1.1" status: 200 len: 386 time: 0.4125814 /usr/lib/python3.9/site-packages/neutron/extensions/quotasv2.py:140: UserWarning: Neutron quota engine will require "--force" parameter to set a quota limit without checking the resource usage. warnings.warn('Neutron quota engine will require "--force" '
2025-12-03 22:29:30.466 13 DEBUG neutron.api.v2.base [None req-898aebea-638a-4e86-8dae-72136fd1dce7 f02d735f9c704b2e8bde78ca5e15c788 ebdbc6bd6ac94fca9ac245c271bc304b - - default default] Request body: {'quota': {'port': -1, 'security_group': -1, 'security_group_rule': -1}} prepare_request_body /usr/lib/python3.9/site-packages/neutron/api/v2/base.py:731
2025-12-03 22:29:30.494 13 INFO neutron.wsgi [None req-898aebea-638a-4e86-8dae-72136fd1dce7 f02d735f9c704b2e8bde78ca5e15c788 ebdbc6bd6ac94fca9ac245c271bc304b - - default default] 10.128.0.163,::1 "PUT /v2.0/quotas/287bb4deac5947ca983293ae47928819 HTTP/1.1" status: 200 len: 384 time: 0.0843270
2025-12-03 22:29:31.733 13 INFO neutron.wsgi [None req-726790ca-ee37-4c21-bed6-1cc7d260eef4 6301cba904174eca840f9d74c4ce7273 287bb4deac5947ca983293ae47928819 - - default default] 10.128.0.163,::1 "GET / HTTP/1.1" status: 200 len: 273 time: 0.0016220
2025-12-03 22:29:31.995 13 INFO neutron.wsgi [None req-a97e7ada-7634-41ed-9f65-3468f6d1ed63 f02d735f9c704b2e8bde78ca5e15c788 ebdbc6bd6ac94fca9ac245c271bc304b - - default default] 10.128.0.163,::1 "GET /v2.0/quotas/287bb4deac5947ca983293ae47928819 HTTP/1.1" status: 200 len: 384 time: 0.2582455
2025-12-03 22:29:32.653 13 INFO neutron.wsgi [None req-898aebea-638a-4e86-8dae-72136fd1dce7 f02d735f9c704b2e8bde78ca5e15c788 ebdbc6bd6ac94fca9ac245c271bc304b - - default default] 10.128.0.163,::1 "GET / HTTP/1.1" status: 200 len: 273 time: 0.0026333
2025-12-03 22:29:32.813 13 INFO neutron.wsgi [None req-3f2bedb5-4eb2-4387-bb93-f101224020d0 f02d735f9c704b2e8bde78ca5e15c788 ebdbc6bd6ac94fca9ac245c271bc304b - - default default] 10.128.0.163,::1 "GET /v2.0/quotas/287bb4deac5947ca983293ae47928819 HTTP/1.1" status: 200 len: 384 time: 0.1374280
2025-12-03 22:29:33.422 12 DEBUG futurist.periodics [-] Submitting periodic callback 'neutron.plugins.ml2.drivers.ovn.mech_driver.ovsdb.maintenance.HashRingHealthCheckPeriodics.touch_hash_ring_nodes' _process_scheduled /usr/lib/python3.9/site-packages/futurist/periodics.py:638
2025-12-03 22:29:33.452 12 INFO neutron.wsgi [None req-725159a5-5f89-460a-8d7c-919f466030f6 6301cba904174eca840f9d74c4ce7273 287bb4deac5947ca983293ae47928819 - - default default] 10.128.0.163,::1 "GET / HTTP/1.1" status: 200 len: 273 time: 0.0016158
2025-12-03 22:29:33.931 12 INFO neutron.wsgi [None req-67646fc3-cbbc-4684-9bf2-f5a234314205 f02d735f9c704b2e8bde78ca5e15c788 ebdbc6bd6ac94fca9ac245c271bc304b - - default default] 10.128.0.163,::1 "GET /v2.0/quotas/287bb4deac5947ca983293ae47928819 HTTP/1.1" status: 200 len: 384 time: 0.4777710
2025-12-03 22:29:36.348 12 INFO neutron.wsgi [-] 10.128.0.163,::1 "GET / HTTP/1.1" status: 200 len: 273 time: 0.0015824
2025-12-03 22:29:36.979 12 INFO neutron.wsgi [None req-93124eea-e14f-4911-bbe4-b9b1599a1310 f02d735f9c704b2e8bde78ca5e15c788 ebdbc6bd6ac94fca9ac245c271bc304b - - default default] 10.128.0.163,::1 "GET /v2.0/quotas/287bb4deac5947ca983293ae47928819 HTTP/1.1" status: 200 len: 384 time: 0.6297774
2025-12-03 22:29:37.502 13 INFO neutron.wsgi [None req-3f2bedb5-4eb2-4387-bb93-f101224020d0 f02d735f9c704b2e8bde78ca5e15c788 ebdbc6bd6ac94fca9ac245c271bc304b - - default default] 10.128.0.163,::1 "GET / HTTP/1.1" status: 200 len: 273 time: 0.0016780
2025-12-03 22:29:37.976 13 INFO neutron.wsgi [None req-5bd819c4-429f-40e4-9a4d-83944c140a30 f02d735f9c704b2e8bde78ca5e15c788 ebdbc6bd6ac94fca9ac245c271bc304b - - default default] 10.128.0.163,::1 "GET /v2.0/quotas/287bb4deac5947ca983293ae47928819 HTTP/1.1" status: 200 len: 384 time: 0.4722829
2025-12-03 22:29:38.551 13 INFO neutron.wsgi [None req-5bd819c4-429f-40e4-9a4d-83944c140a30 f02d735f9c704b2e8bde78ca5e15c788 ebdbc6bd6ac94fca9ac245c271bc304b - - default default] 10.128.0.163,::1 "GET / HTTP/1.1" status: 200 len: 273 time: 0.0019233
2025-12-03 22:29:38.974 13 INFO neutron.wsgi [None req-568f0feb-31c0-4751-9d7e-648e5cf25d98 f02d735f9c704b2e8bde78ca5e15c788 ebdbc6bd6ac94fca9ac245c271bc304b - - default default] 10.128.0.163,::1 "GET /v2.0/quotas/287bb4deac5947ca983293ae47928819 HTTP/1.1" status: 200 len: 384 time: 0.4199522
2025-12-03 22:29:39.819 13 INFO neutron.wsgi [None req-a97e7ada-7634-41ed-9f65-3468f6d1ed63 f02d735f9c704b2e8bde78ca5e15c788 ebdbc6bd6ac94fca9ac245c271bc304b - - default default] 10.128.0.163,::1 "GET / HTTP/1.1" status: 200 len: 273 time: 0.0015607
2025-12-03 22:29:39.994 13 INFO neutron.wsgi [None req-ae3b9124-881b-4344-b3eb-e952ffa18ec1 f02d735f9c704b2e8bde78ca5e15c788 ebdbc6bd6ac94fca9ac245c271bc304b - - default default] 10.128.0.163,::1 "GET /v2.0/quotas/287bb4deac5947ca983293ae47928819 HTTP/1.1" status: 200 len: 384 time: 0.1742270
2025-12-03 22:29:40.617 13 INFO neutron.wsgi [None req-568f0feb-31c0-4751-9d7e-648e5cf25d98 f02d735f9c704b2e8bde78ca5e15c788 ebdbc6bd6ac94fca9ac245c271bc304b - - default default] 10.128.0.163,::1 "GET / HTTP/1.1" status: 200 len: 273 time: 0.0020566
2025-12-03 22:29:40.731 13 INFO neutron.wsgi [None req-e62d7d6c-20e2-48a5-a0dc-3cee32f38400 f02d735f9c704b2e8bde78ca5e15c788 ebdbc6bd6ac94fca9ac245c271bc304b - - default default] 10.128.0.163,::1 "GET /v2.0/quotas/287bb4deac5947ca983293ae47928819 HTTP/1.1" status: 200 len: 384 time: 0.1123161
2025-12-03 22:29:42.808 12 INFO neutron.wsgi [None req-67646fc3-cbbc-4684-9bf2-f5a234314205 f02d735f9c704b2e8bde78ca5e15c788 ebdbc6bd6ac94fca9ac245c271bc304b - - default default] 10.128.0.163,::1 "GET / HTTP/1.1" status: 200 len: 273 time: 0.0017295
2025-12-03 22:29:42.988 12 INFO neutron.wsgi [None req-7a333719-5ca3-4da5-b294-1c25aa191cb6 f02d735f9c704b2e8bde78ca5e15c788 ebdbc6bd6ac94fca9ac245c271bc304b - - default default] 10.128.0.163,::1 "GET /v2.0/quotas/287bb4deac5947ca983293ae47928819 HTTP/1.1" status: 200 len: 384 time: 0.1769171
2025-12-03 22:29:48.481 13 INFO neutron.wsgi [None req-e62d7d6c-20e2-48a5-a0dc-3cee32f38400 f02d735f9c704b2e8bde78ca5e15c788 ebdbc6bd6ac94fca9ac245c271bc304b - - default default] 10.128.0.163,::1 "GET / HTTP/1.1" status: 200 len: 273 time: 0.0055439
2025-12-03 22:29:48.588 13 INFO neutron.wsgi [None req-9bdb3c07-acb8-4bac-a433-7f808aa29e27 f02d735f9c704b2e8bde78ca5e15c788 ebdbc6bd6ac94fca9ac245c271bc304b - - default default] 10.128.0.163,::1 "GET /v2.0/quotas/287bb4deac5947ca983293ae47928819 HTTP/1.1" status: 200 len: 384 time: 0.1057119
2025-12-03 22:29:49.042 13 INFO neutron.wsgi [None req-ae3b9124-881b-4344-b3eb-e952ffa18ec1 f02d735f9c704b2e8bde78ca5e15c788 ebdbc6bd6ac94fca9ac245c271bc304b - - default default] 10.128.0.163,::1 "GET / HTTP/1.1" status: 200 len: 273 time: 0.0016689
2025-12-03 22:29:49.096 13 INFO neutron.wsgi [None req-3b798e9c-68b5-4da5-9769-9ce4a08c40cc f02d735f9c704b2e8bde78ca5e15c788 ebdbc6bd6ac94fca9ac245c271bc304b - - default default] 10.128.0.163,::1 "GET /v2.0/quotas/287bb4deac5947ca983293ae47928819 HTTP/1.1" status: 200 len: 384 time: 0.0530670
2025-12-03 22:29:49.717 12 INFO neutron.wsgi [None req-7a333719-5ca3-4da5-b294-1c25aa191cb6 f02d735f9c704b2e8bde78ca5e15c788 ebdbc6bd6ac94fca9ac245c271bc304b - - default default] 10.128.0.163,::1 "GET / HTTP/1.1" status: 200 len: 273 time: 0.0015869
2025-12-03 22:29:49.983 12 INFO neutron.wsgi [None req-9279ed62-168a-4340-a382-a14bc6c477d4 f02d735f9c704b2e8bde78ca5e15c788 ebdbc6bd6ac94fca9ac245c271bc304b - - default default] 10.128.0.163,::1 "GET /v2.0/quotas/287bb4deac5947ca983293ae47928819 HTTP/1.1" status: 200 len: 384 time: 0.2631705
2025-12-03 22:29:50.487 13 INFO neutron.wsgi [None req-9bdb3c07-acb8-4bac-a433-7f808aa29e27 f02d735f9c704b2e8bde78ca5e15c788 ebdbc6bd6ac94fca9ac245c271bc304b - - default default] 10.128.0.163,::1 "GET / HTTP/1.1" status: 200 len: 273 time: 0.0025122
2025-12-03 22:29:50.998 13 DEBUG neutron_lib.callbacks.manager [None req-d0032541-9f12-426a-8005-4b4e67cde0eb f02d735f9c704b2e8bde78ca5e15c788 ebdbc6bd6ac94fca9ac245c271bc304b - - default default] Publish callbacks [] for security_group (None), before_create _notify_loop /usr/lib/python3.9/site-packages/neutron_lib/callbacks/manager.py:184
2025-12-03 22:29:51.114 13 DEBUG neutron_lib.callbacks.manager [None req-d0032541-9f12-426a-8005-4b4e67cde0eb f02d735f9c704b2e8bde78ca5e15c788 ebdbc6bd6ac94fca9ac245c271bc304b - - default default] Publish callbacks ['neutron.plugins.ml2.drivers.ovn.mech_driver.mech_driver.OVNMechanismDriver._create_security_group_precommit-1531032'] for security_group (961e06ca-2a79-4dc2-9266-6e705568f7be), precommit_create _notify_loop /usr/lib/python3.9/site-packages/neutron_lib/callbacks/manager.py:184
2025-12-03 22:29:51.115 13 DEBUG neutron.db.ovn_revision_numbers_db [None req-d0032541-9f12-426a-8005-4b4e67cde0eb f02d735f9c704b2e8bde78ca5e15c788 ebdbc6bd6ac94fca9ac245c271bc304b - - default default] create_initial_revision uuid=961e06ca-2a79-4dc2-9266-6e705568f7be, type=security_groups, rev=-1 create_initial_revision /usr/lib/python3.9/site-packages/neutron/db/ovn_revision_numbers_db.py:110
2025-12-03 22:29:51.117 13 DEBUG neutron.db.ovn_revision_numbers_db [None req-d0032541-9f12-426a-8005-4b4e67cde0eb f02d735f9c704b2e8bde78ca5e15c788 ebdbc6bd6ac94fca9ac245c271bc304b - - default default] create_initial_revision uuid=1f01a512-bed1-476a-818b-790e3d1aa2f6, type=security_group_rules, rev=-1 create_initial_revision /usr/lib/python3.9/site-packages/neutron/db/ovn_revision_numbers_db.py:110
2025-12-03 22:29:51.119 13 DEBUG neutron.db.ovn_revision_numbers_db [None req-d0032541-9f12-426a-8005-4b4e67cde0eb f02d735f9c704b2e8bde78ca5e15c788 ebdbc6bd6ac94fca9ac245c271bc304b - - default default] create_initial_revision uuid=3e143f58-fc44-447f-a29f-d1517b479548, type=security_group_rules, rev=-1 create_initial_revision /usr/lib/python3.9/site-packages/neutron/db/ovn_revision_numbers_db.py:110
2025-12-03 22:29:51.121 13 DEBUG neutron.db.ovn_revision_numbers_db [None req-d0032541-9f12-426a-8005-4b4e67cde0eb f02d735f9c704b2e8bde78ca5e15c788 ebdbc6bd6ac94fca9ac245c271bc304b - - default default] create_initial_revision uuid=779aabaf-328a-42cc-afbb-eb25dc60c9fc, type=security_group_rules, rev=-1 create_initial_revision /usr/lib/python3.9/site-packages/neutron/db/ovn_revision_numbers_db.py:110
2025-12-03 22:29:51.122 13 DEBUG neutron.db.ovn_revision_numbers_db [None req-d0032541-9f12-426a-8005-4b4e67cde0eb f02d735f9c704b2e8bde78ca5e15c788 ebdbc6bd6ac94fca9ac245c271bc304b - - default default] create_initial_revision uuid=fb678581-60ea-483a-83b5-f385a8ce51a8, type=security_group_rules, rev=-1 create_initial_revision /usr/lib/python3.9/site-packages/neutron/db/ovn_revision_numbers_db.py:110
2025-12-03 22:29:51.126 13 DEBUG neutron_lib.callbacks.manager [None req-d0032541-9f12-426a-8005-4b4e67cde0eb f02d735f9c704b2e8bde78ca5e15c788 ebdbc6bd6ac94fca9ac245c271bc304b - - default default] Publish callbacks ['neutron.plugins.ml2.drivers.ovn.mech_driver.mech_driver.OVNMechanismDriver._create_security_group-1531025', 'neutron.plugins.ml2.ovo_rpc._ObjectChangeHandler.handle_event-7085748'] for security_group (961e06ca-2a79-4dc2-9266-6e705568f7be), after_create _notify_loop /usr/lib/python3.9/site-packages/neutron_lib/callbacks/manager.py:184
2025-12-03 22:29:51.126 13 INFO neutron.plugins.ml2.drivers.ovn.mech_driver.ovsdb.extensions.qos [None req-d0032541-9f12-426a-8005-4b4e67cde0eb f02d735f9c704b2e8bde78ca5e15c788 ebdbc6bd6ac94fca9ac245c271bc304b - - default default] Starting OVNClientQosExtension
2025-12-03 22:29:51.126 13 INFO neutron.plugins.ml2.drivers.ovn.mech_driver.ovsdb.extensions.placement [None req-d0032541-9f12-426a-8005-4b4e67cde0eb f02d735f9c704b2e8bde78ca5e15c788 ebdbc6bd6ac94fca9ac245c271bc304b - - default default] Starting OVNClientPlacementExtension
2025-12-03 22:29:51.127 13 DEBUG ovsdbapp.backend.ovs_idl.transaction [-] Running txn n=1 command(idx=0): PgAddCommand(_result=None, name=pg_961e06ca_2a79_4dc2_9266_6e705568f7be, may_exist=False, columns={'acls': [], 'external_ids': {'neutron:security_group_id': '961e06ca-2a79-4dc2-9266-6e705568f7be'}}) do_commit /usr/lib/python3.9/site-packages/ovsdbapp/backend/ovs_idl/transaction.py:89
2025-12-03 22:29:51.128 13 DEBUG ovsdbapp.backend.ovs_idl.transaction [-] Running txn n=1 command(idx=1): PgAclAddCommand(_result=None, entity=pg_961e06ca_2a79_4dc2_9266_6e705568f7be, direction=from-lport, priority=1002, match=inport == @pg_961e06ca_2a79_4dc2_9266_6e705568f7be && ip6, action=allow-related, log=False, may_exist=True, severity=[], name=[], meter=None, external_ids={'neutron:security_group_rule_id': '1f01a512-bed1-476a-818b-790e3d1aa2f6'}) do_commit /usr/lib/python3.9/site-packages/ovsdbapp/backend/ovs_idl/transaction.py:89
2025-12-03 22:29:51.129 13 DEBUG ovsdbapp.backend.ovs_idl.transaction [-] Running txn n=1 command(idx=2): PgAclAddCommand(_result=None, entity=pg_961e06ca_2a79_4dc2_9266_6e705568f7be, direction=to-lport, priority=1002, match=outport == @pg_961e06ca_2a79_4dc2_9266_6e705568f7be && ip6 && ip6.src == $pg_961e06ca_2a79_4dc2_9266_6e705568f7be_ip6, action=allow-related, log=False, may_exist=True, severity=[], name=[], meter=None, external_ids={'neutron:security_group_rule_id': '3e143f58-fc44-447f-a29f-d1517b479548'}) do_commit /usr/lib/python3.9/site-packages/ovsdbapp/backend/ovs_idl/transaction.py:89
2025-12-03 22:29:51.129 13 DEBUG ovsdbapp.backend.ovs_idl.transaction [-] Running txn n=1 command(idx=3): PgAclAddCommand(_result=None, entity=pg_961e06ca_2a79_4dc2_9266_6e705568f7be, direction=to-lport, priority=1002, match=outport == @pg_961e06ca_2a79_4dc2_9266_6e705568f7be && ip4 && ip4.src == $pg_961e06ca_2a79_4dc2_9266_6e705568f7be_ip4, action=allow-related, log=False, may_exist=True, severity=[], name=[], meter=None, external_ids={'neutron:security_group_rule_id': '779aabaf-328a-42cc-afbb-eb25dc60c9fc'}) do_commit /usr/lib/python3.9/site-packages/ovsdbapp/backend/ovs_idl/transaction.py:89
2025-12-03 22:29:51.129 13 DEBUG ovsdbapp.backend.ovs_idl.transaction [-] Running txn n=1 command(idx=4): PgAclAddCommand(_result=None, entity=pg_961e06ca_2a79_4dc2_9266_6e705568f7be, direction=from-lport, priority=1002, match=inport == @pg_961e06ca_2a79_4dc2_9266_6e705568f7be && ip4, action=allow-related, log=False, may_exist=True, severity=[], name=[], meter=None, external_ids={'neutron:security_group_rule_id': 'fb678581-60ea-483a-83b5-f385a8ce51a8'}) do_commit /usr/lib/python3.9/site-packages/ovsdbapp/backend/ovs_idl/transaction.py:89
2025-12-03 22:29:51.153 15 DEBUG neutron.common.ovn.hash_ring_manager [-] Allow caching, nodes 2>=2 _wait_startup_before_caching /usr/lib/python3.9/site-packages/neutron/common/ovn/hash_ring_manager.py:64
2025-12-03 22:29:51.169 13 DEBUG neutron.common.ovn.hash_ring_manager [-] Hash Ring loaded. 2 active nodes. 0 offline nodes _load_hash_ring /usr/lib/python3.9/site-packages/neutron/common/ovn/hash_ring_manager.py:99
2025-12-03 22:29:51.170 12 DEBUG neutron.common.ovn.hash_ring_manager [-] Hash Ring loaded. 2 active nodes. 0 offline nodes _load_hash_ring /usr/lib/python3.9/site-packages/neutron/common/ovn/hash_ring_manager.py:99
2025-12-03 22:29:51.169 12 DEBUG neutron.common.ovn.hash_ring_manager [-] Hash Ring loaded. 2 active nodes. 0 offline nodes _load_hash_ring /usr/lib/python3.9/site-packages/neutron/common/ovn/hash_ring_manager.py:99
2025-12-03 22:29:51.177 13 DEBUG neutron.plugins.ml2.drivers.ovn.mech_driver.ovsdb.ovsdb_monitor [None req-18fa5070-089d-486e-abc2-360f879986be - - - - - -] Hash Ring: Node 8cd04fac-049e-40d5-874e-e74696d39a13 (host: neutron-56f6c98b97-zjmbp) handling event "update" for row 6068ccc8-8903-437b-8d75-d5f519ebcb66 (table: Database) notify /usr/lib/python3.9/site-packages/neutron/plugins/ml2/drivers/ovn/mech_driver/ovsdb/ovsdb_monitor.py:777
2025-12-03 22:29:51.179 13 DEBUG neutron.plugins.ml2.drivers.ovn.mech_driver.ovsdb.ovsdb_monitor [None req-18fa5070-089d-486e-abc2-360f879986be - - - - - -] Hash Ring: Node 8cd04fac-049e-40d5-874e-e74696d39a13 (host: neutron-56f6c98b97-zjmbp) handling event "create" for row 2806972a-cb00-4d95-90ec-c873051a231e (table: ACL) notify /usr/lib/python3.9/site-packages/neutron/plugins/ml2/drivers/ovn/mech_driver/ovsdb/ovsdb_monitor.py:777
2025-12-03 22:29:51.179 13 DEBUG neutron.plugins.ml2.drivers.ovn.mech_driver.ovsdb.ovsdb_monitor [None req-18fa5070-089d-486e-abc2-360f879986be - - - - - -] Hash Ring: Node 8cd04fac-049e-40d5-874e-e74696d39a13 (host: neutron-56f6c98b97-zjmbp) handling event "create" for row bd2f86fa-919c-408b-84af-0c498fe667a9 (table: ACL) notify /usr/lib/python3.9/site-packages/neutron/plugins/ml2/drivers/ovn/mech_driver/ovsdb/ovsdb_monitor.py:777
2025-12-03 22:29:51.179 13 DEBUG neutron.plugins.ml2.drivers.ovn.mech_driver.ovsdb.ovsdb_monitor [None req-18fa5070-089d-486e-abc2-360f879986be - - - - - -] Hash Ring: Node 8cd04fac-049e-40d5-874e-e74696d39a13 (host: neutron-56f6c98b97-zjmbp) handling event "create" for row 99e64b00-3dea-4a14-be7a-cedec226cb51 (table: Port_Group) notify /usr/lib/python3.9/site-packages/neutron/plugins/ml2/drivers/ovn/mech_driver/ovsdb/ovsdb_monitor.py:777
2025-12-03 22:29:51.180 15 DEBUG neutron.common.ovn.hash_ring_manager [-] Hash Ring loaded. 2 active nodes. 0 offline nodes _load_hash_ring /usr/lib/python3.9/site-packages/neutron/common/ovn/hash_ring_manager.py:99
2025-12-03 22:29:51.180 12 DEBUG neutron.plugins.ml2.drivers.ovn.mech_driver.ovsdb.ovsdb_monitor [None req-586ce13f-688a-45c2-992d-ca968545b676 - - - - - -] Hash Ring: Node dbc539e4-dd4d-4086-8389-17dc28e9ffbb (host: neutron-56f6c98b97-zjmbp) handling event "create" for row d40ae0e0-606a-4b74-a5f9-ed1809d87852 (table: ACL) notify /usr/lib/python3.9/site-packages/neutron/plugins/ml2/drivers/ovn/mech_driver/ovsdb/ovsdb_monitor.py:777
2025-12-03 22:29:51.181 12 DEBUG neutron.plugins.ml2.drivers.ovn.mech_driver.ovsdb.ovsdb_monitor [None req-586ce13f-688a-45c2-992d-ca968545b676 - - - - - -] Hash Ring: Node dbc539e4-dd4d-4086-8389-17dc28e9ffbb (host: neutron-56f6c98b97-zjmbp) handling event "create" for row b0bf243f-0101-47ce-a655-bc756549e1f2 (table: ACL) notify /usr/lib/python3.9/site-packages/neutron/plugins/ml2/drivers/ovn/mech_driver/ovsdb/ovsdb_monitor.py:777
2025-12-03 22:29:51.194 15 DEBUG neutron.common.ovn.hash_ring_manager [-] Hash Ring loaded. 2 active nodes. 0 offline nodes _load_hash_ring /usr/lib/python3.9/site-packages/neutron/common/ovn/hash_ring_manager.py:99
2025-12-03 22:29:51.201 13 INFO neutron.db.ovn_revision_numbers_db [None req-d0032541-9f12-426a-8005-4b4e67cde0eb f02d735f9c704b2e8bde78ca5e15c788 ebdbc6bd6ac94fca9ac245c271bc304b - - default default] Successfully bumped revision number for resource 961e06ca-2a79-4dc2-9266-6e705568f7be (type: security_groups) to 1
2025-12-03 22:29:51.201 13 DEBUG neutron.common.ovn.hash_ring_manager [-] Hash Ring loaded. 2 active nodes. 0 offline nodes _load_hash_ring /usr/lib/python3.9/site-packages/neutron/common/ovn/hash_ring_manager.py:99
2025-12-03 22:29:51.210 13 DEBUG neutron.plugins.ml2.drivers.ovn.mech_driver.ovsdb.ovsdb_monitor [None req-f1ae8fe5-7e22-4093-b6e5-c9f542224277 - - - - - -] Hash Ring: Node 8cd04fac-049e-40d5-874e-e74696d39a13 (host: neutron-56f6c98b97-zjmbp) handling event "update" for row 1e84f36b-7378-4ed2-a3f1-d3da0fad7702 (table: Database) notify /usr/lib/python3.9/site-packages/neutron/plugins/ml2/drivers/ovn/mech_driver/ovsdb/ovsdb_monitor.py:777
2025-12-03 22:29:51.238 13 INFO neutron.db.ovn_revision_numbers_db [None req-d0032541-9f12-426a-8005-4b4e67cde0eb f02d735f9c704b2e8bde78ca5e15c788 ebdbc6bd6ac94fca9ac245c271bc304b - - default default] Successfully bumped revision number for resource 1f01a512-bed1-476a-818b-790e3d1aa2f6 (type: security_group_rules) to 0
2025-12-03 22:29:51.272 13 INFO neutron.db.ovn_revision_numbers_db [None req-d0032541-9f12-426a-8005-4b4e67cde0eb f02d735f9c704b2e8bde78ca5e15c788 ebdbc6bd6ac94fca9ac245c271bc304b - - default default] Successfully bumped revision number for resource 3e143f58-fc44-447f-a29f-d1517b479548 (type: security_group_rules) to 0
2025-12-03 22:29:51.292 13 INFO neutron.db.ovn_revision_numbers_db [None req-d0032541-9f12-426a-8005-4b4e67cde0eb f02d735f9c704b2e8bde78ca5e15c788 ebdbc6bd6ac94fca9ac245c271bc304b - - default default] Successfully bumped revision number for resource 779aabaf-328a-42cc-afbb-eb25dc60c9fc (type: security_group_rules) to 0
2025-12-03 22:29:51.314 13 INFO neutron.db.ovn_revision_numbers_db [None req-d0032541-9f12-426a-8005-4b4e67cde0eb f02d735f9c704b2e8bde78ca5e15c788 ebdbc6bd6ac94fca9ac245c271bc304b - - default default] Successfully bumped revision number for resource fb678581-60ea-483a-83b5-f385a8ce51a8 (type: security_group_rules) to 0
2025-12-03 22:29:51.388 13 INFO neutron.wsgi [None req-d0032541-9f12-426a-8005-4b4e67cde0eb f02d735f9c704b2e8bde78ca5e15c788 ebdbc6bd6ac94fca9ac245c271bc304b - - default default] 10.128.0.163,::1 "GET /v2.0/security-groups?tenant_id=287bb4deac5947ca983293ae47928819 HTTP/1.1" status: 200 len: 2993 time: 0.6430173
2025-12-03 22:29:51.392 13 DEBUG neutron.api.rpc.handlers.resources_rpc [None req-d0032541-9f12-426a-8005-4b4e67cde0eb f02d735f9c704b2e8bde78ca5e15c788 ebdbc6bd6ac94fca9ac245c271bc304b - - default default] Pushing event updated for resources: {'SecurityGroup': ['ID=961e06ca-2a79-4dc2-9266-6e705568f7be,revision_number=1']} push /usr/lib/python3.9/site-packages/neutron/api/rpc/handlers/resources_rpc.py:237
