2025-12-03 22:49:37.102 12 DEBUG neutron_lib.callbacks.manager [None req-b081d09f-0f68-4775-a7dd-9e2991a84237 f02d735f9c704b2e8bde78ca5e15c788 ebdbc6bd6ac94fca9ac245c271bc304b - - default default] Publish callbacks [] for security_group (None), before_create _notify_loop /usr/lib/python3.9/site-packages/neutron_lib/callbacks/manager.py:184
2025-12-03 22:49:37.169 12 DEBUG neutron_lib.callbacks.manager [None req-b081d09f-0f68-4775-a7dd-9e2991a84237 f02d735f9c704b2e8bde78ca5e15c788 ebdbc6bd6ac94fca9ac245c271bc304b - - default default] Publish callbacks ['neutron.plugins.ml2.drivers.ovn.mech_driver.mech_driver.OVNMechanismDriver._create_security_group_precommit-1531032'] for security_group (eea4f553-ff3b-4419-801d-d358f050f91f), precommit_create _notify_loop /usr/lib/python3.9/site-packages/neutron_lib/callbacks/manager.py:184
2025-12-03 22:49:37.169 12 DEBUG neutron.db.ovn_revision_numbers_db [None req-b081d09f-0f68-4775-a7dd-9e2991a84237 f02d735f9c704b2e8bde78ca5e15c788 ebdbc6bd6ac94fca9ac245c271bc304b - - default default] create_initial_revision uuid=eea4f553-ff3b-4419-801d-d358f050f91f, type=security_groups, rev=-1 create_initial_revision /usr/lib/python3.9/site-packages/neutron/db/ovn_revision_numbers_db.py:110
2025-12-03 22:49:37.171 12 DEBUG neutron.db.ovn_revision_numbers_db [None req-b081d09f-0f68-4775-a7dd-9e2991a84237 f02d735f9c704b2e8bde78ca5e15c788 ebdbc6bd6ac94fca9ac245c271bc304b - - default default] create_initial_revision uuid=3eb22ea5-f7f1-44ff-b01e-8929b23f42f0, type=security_group_rules, rev=-1 create_initial_revision /usr/lib/python3.9/site-packages/neutron/db/ovn_revision_numbers_db.py:110
2025-12-03 22:49:37.171 12 DEBUG neutron.db.ovn_revision_numbers_db [None req-b081d09f-0f68-4775-a7dd-9e2991a84237 f02d735f9c704b2e8bde78ca5e15c788 ebdbc6bd6ac94fca9ac245c271bc304b - - default default] create_initial_revision uuid=890e36cf-67bb-42ca-96dc-8267069bdbda, type=security_group_rules, rev=-1 create_initial_revision /usr/lib/python3.9/site-packages/neutron/db/ovn_revision_numbers_db.py:110
2025-12-03 22:49:37.172 12 DEBUG neutron.db.ovn_revision_numbers_db [None req-b081d09f-0f68-4775-a7dd-9e2991a84237 f02d735f9c704b2e8bde78ca5e15c788 ebdbc6bd6ac94fca9ac245c271bc304b - - default default] create_initial_revision uuid=a2453ce8-8652-4166-b4d0-3f701c5ceee4, type=security_group_rules, rev=-1 create_initial_revision /usr/lib/python3.9/site-packages/neutron/db/ovn_revision_numbers_db.py:110
2025-12-03 22:49:37.173 12 DEBUG neutron.db.ovn_revision_numbers_db [None req-b081d09f-0f68-4775-a7dd-9e2991a84237 f02d735f9c704b2e8bde78ca5e15c788 ebdbc6bd6ac94fca9ac245c271bc304b - - default default] create_initial_revision uuid=b9e9b151-1755-44c9-8641-e95f4589012e, type=security_group_rules, rev=-1 create_initial_revision /usr/lib/python3.9/site-packages/neutron/db/ovn_revision_numbers_db.py:110
2025-12-03 22:49:37.182 12 DEBUG neutron_lib.callbacks.manager [None req-b081d09f-0f68-4775-a7dd-9e2991a84237 f02d735f9c704b2e8bde78ca5e15c788 ebdbc6bd6ac94fca9ac245c271bc304b - - default default] Publish callbacks ['neutron.plugins.ml2.drivers.ovn.mech_driver.mech_driver.OVNMechanismDriver._create_security_group-1531025', 'neutron.plugins.ml2.ovo_rpc._ObjectChangeHandler.handle_event-7085748'] for security_group (eea4f553-ff3b-4419-801d-d358f050f91f), after_create _notify_loop /usr/lib/python3.9/site-packages/neutron_lib/callbacks/manager.py:184
2025-12-03 22:49:37.183 12 DEBUG ovsdbapp.backend.ovs_idl.transaction [None req-586ce13f-688a-45c2-992d-ca968545b676 - - - - - -] Running txn n=1 command(idx=0): PgAddCommand(_result=None, name=pg_eea4f553_ff3b_4419_801d_d358f050f91f, may_exist=False, columns={'acls': [], 'external_ids': {'neutron:security_group_id': 'eea4f553-ff3b-4419-801d-d358f050f91f'}}) do_commit /usr/lib/python3.9/site-packages/ovsdbapp/backend/ovs_idl/transaction.py:89
2025-12-03 22:49:37.184 12 DEBUG ovsdbapp.backend.ovs_idl.transaction [None req-586ce13f-688a-45c2-992d-ca968545b676 - - - - - -] Running txn n=1 command(idx=1): PgAclAddCommand(_result=None, entity=pg_eea4f553_ff3b_4419_801d_d358f050f91f, direction=from-lport, priority=1002, match=inport == @pg_eea4f553_ff3b_4419_801d_d358f050f91f && ip6, action=allow-related, log=False, may_exist=True, severity=[], name=[], meter=None, external_ids={'neutron:security_group_rule_id': '3eb22ea5-f7f1-44ff-b01e-8929b23f42f0'}) do_commit /usr/lib/python3.9/site-packages/ovsdbapp/backend/ovs_idl/transaction.py:89
2025-12-03 22:49:37.184 12 DEBUG ovsdbapp.backend.ovs_idl.transaction [None req-586ce13f-688a-45c2-992d-ca968545b676 - - - - - -] Running txn n=1 command(idx=2): PgAclAddCommand(_result=None, entity=pg_eea4f553_ff3b_4419_801d_d358f050f91f, direction=from-lport, priority=1002, match=inport == @pg_eea4f553_ff3b_4419_801d_d358f050f91f && ip4, action=allow-related, log=False, may_exist=True, severity=[], name=[], meter=None, external_ids={'neutron:security_group_rule_id': '890e36cf-67bb-42ca-96dc-8267069bdbda'}) do_commit /usr/lib/python3.9/site-packages/ovsdbapp/backend/ovs_idl/transaction.py:89
2025-12-03 22:49:37.184 12 DEBUG ovsdbapp.backend.ovs_idl.transaction [None req-586ce13f-688a-45c2-992d-ca968545b676 - - - - - -] Running txn n=1 command(idx=3): PgAclAddCommand(_result=None, entity=pg_eea4f553_ff3b_4419_801d_d358f050f91f, direction=to-lport, priority=1002, match=outport == @pg_eea4f553_ff3b_4419_801d_d358f050f91f && ip4 && ip4.src == $pg_eea4f553_ff3b_4419_801d_d358f050f91f_ip4, action=allow-related, log=False, may_exist=True, severity=[], name=[], meter=None, external_ids={'neutron:security_group_rule_id': 'a2453ce8-8652-4166-b4d0-3f701c5ceee4'}) do_commit /usr/lib/python3.9/site-packages/ovsdbapp/backend/ovs_idl/transaction.py:89
2025-12-03 22:49:37.185 12 DEBUG ovsdbapp.backend.ovs_idl.transaction [None req-586ce13f-688a-45c2-992d-ca968545b676 - - - - - -] Running txn n=1 command(idx=4): PgAclAddCommand(_result=None, entity=pg_eea4f553_ff3b_4419_801d_d358f050f91f, direction=to-lport, priority=1002, match=outport == @pg_eea4f553_ff3b_4419_801d_d358f050f91f && ip6 && ip6.src == $pg_eea4f553_ff3b_4419_801d_d358f050f91f_ip6, action=allow-related, log=False, may_exist=True, severity=[], name=[], meter=None, external_ids={'neutron:security_group_rule_id': 'b9e9b151-1755-44c9-8641-e95f4589012e'}) do_commit /usr/lib/python3.9/site-packages/ovsdbapp/backend/ovs_idl/transaction.py:89
2025-12-03 22:49:37.205 13 DEBUG neutron.common.ovn.hash_ring_manager [None req-18fa5070-089d-486e-abc2-360f879986be - - - - - -] Hash Ring loaded. 2 active nodes. 0 offline nodes _load_hash_ring /usr/lib/python3.9/site-packages/neutron/common/ovn/hash_ring_manager.py:99
2025-12-03 22:49:37.212 12 DEBUG neutron.common.ovn.hash_ring_manager [None req-586ce13f-688a-45c2-992d-ca968545b676 - - - - - -] Hash Ring loaded. 2 active nodes. 0 offline nodes _load_hash_ring /usr/lib/python3.9/site-packages/neutron/common/ovn/hash_ring_manager.py:99
2025-12-03 22:49:37.212 15 DEBUG neutron.common.ovn.hash_ring_manager [-] Hash Ring loaded. 2 active nodes. 0 offline nodes _load_hash_ring /usr/lib/python3.9/site-packages/neutron/common/ovn/hash_ring_manager.py:99
2025-12-03 22:49:37.213 13 DEBUG neutron.plugins.ml2.drivers.ovn.mech_driver.ovsdb.ovsdb_monitor [None req-18fa5070-089d-486e-abc2-360f879986be - - - - - -] Hash Ring: Node 8cd04fac-049e-40d5-874e-e74696d39a13 (host: neutron-56f6c98b97-zjmbp) handling event "update" for row 6068ccc8-8903-437b-8d75-d5f519ebcb66 (table: Database) notify /usr/lib/python3.9/site-packages/neutron/plugins/ml2/drivers/ovn/mech_driver/ovsdb/ovsdb_monitor.py:777
2025-12-03 22:49:37.215 13 DEBUG neutron.plugins.ml2.drivers.ovn.mech_driver.ovsdb.ovsdb_monitor [None req-18fa5070-089d-486e-abc2-360f879986be - - - - - -] Hash Ring: Node 8cd04fac-049e-40d5-874e-e74696d39a13 (host: neutron-56f6c98b97-zjmbp) handling event "create" for row 6936e9d5-345f-4914-8833-0a402db788c0 (table: ACL) notify /usr/lib/python3.9/site-packages/neutron/plugins/ml2/drivers/ovn/mech_driver/ovsdb/ovsdb_monitor.py:777
2025-12-03 22:49:37.216 13 DEBUG neutron.plugins.ml2.drivers.ovn.mech_driver.ovsdb.ovsdb_monitor [None req-18fa5070-089d-486e-abc2-360f879986be - - - - - -] Hash Ring: Node 8cd04fac-049e-40d5-874e-e74696d39a13 (host: neutron-56f6c98b97-zjmbp) handling event "create" for row 0f6a51c8-68be-428c-affc-8efecdb11eec (table: ACL) notify /usr/lib/python3.9/site-packages/neutron/plugins/ml2/drivers/ovn/mech_driver/ovsdb/ovsdb_monitor.py:777
2025-12-03 22:49:37.217 13 DEBUG neutron.common.ovn.hash_ring_manager [None req-f1ae8fe5-7e22-4093-b6e5-c9f542224277 - - - - - -] Hash Ring loaded. 2 active nodes. 0 offline nodes _load_hash_ring /usr/lib/python3.9/site-packages/neutron/common/ovn/hash_ring_manager.py:99
2025-12-03 22:49:37.220 12 DEBUG neutron.common.ovn.hash_ring_manager [None req-1f43759b-bd8e-40b2-8fbe-c87337ea8022 - - - - - -] Hash Ring loaded. 2 active nodes. 0 offline nodes _load_hash_ring /usr/lib/python3.9/site-packages/neutron/common/ovn/hash_ring_manager.py:99
2025-12-03 22:49:37.220 13 DEBUG neutron.plugins.ml2.drivers.ovn.mech_driver.ovsdb.ovsdb_monitor [None req-f1ae8fe5-7e22-4093-b6e5-c9f542224277 - - - - - -] Hash Ring: Node 8cd04fac-049e-40d5-874e-e74696d39a13 (host: neutron-56f6c98b97-zjmbp) handling event "update" for row 1e84f36b-7378-4ed2-a3f1-d3da0fad7702 (table: Database) notify /usr/lib/python3.9/site-packages/neutron/plugins/ml2/drivers/ovn/mech_driver/ovsdb/ovsdb_monitor.py:777
2025-12-03 22:49:37.222 12 DEBUG neutron.plugins.ml2.drivers.ovn.mech_driver.ovsdb.ovsdb_monitor [None req-586ce13f-688a-45c2-992d-ca968545b676 - - - - - -] Hash Ring: Node dbc539e4-dd4d-4086-8389-17dc28e9ffbb (host: neutron-56f6c98b97-zjmbp) handling event "create" for row 24e2f0a7-9100-42e3-aa5b-ce1c83dde880 (table: ACL) notify /usr/lib/python3.9/site-packages/neutron/plugins/ml2/drivers/ovn/mech_driver/ovsdb/ovsdb_monitor.py:777
2025-12-03 22:49:37.222 12 DEBUG neutron.plugins.ml2.drivers.ovn.mech_driver.ovsdb.ovsdb_monitor [None req-586ce13f-688a-45c2-992d-ca968545b676 - - - - - -] Hash Ring: Node dbc539e4-dd4d-4086-8389-17dc28e9ffbb (host: neutron-56f6c98b97-zjmbp) handling event "create" for row 8714ef04-baa9-4f5b-9093-cf2298e4185e (table: ACL) notify /usr/lib/python3.9/site-packages/neutron/plugins/ml2/drivers/ovn/mech_driver/ovsdb/ovsdb_monitor.py:777
2025-12-03 22:49:37.222 12 DEBUG neutron.plugins.ml2.drivers.ovn.mech_driver.ovsdb.ovsdb_monitor [None req-586ce13f-688a-45c2-992d-ca968545b676 - - - - - -] Hash Ring: Node dbc539e4-dd4d-4086-8389-17dc28e9ffbb (host: neutron-56f6c98b97-zjmbp) handling event "create" for row 3ee75133-c76c-4d19-a065-d712fe0e0a3b (table: Port_Group) notify /usr/lib/python3.9/site-packages/neutron/plugins/ml2/drivers/ovn/mech_driver/ovsdb/ovsdb_monitor.py:777
2025-12-03 22:49:37.224 15 DEBUG neutron.common.ovn.hash_ring_manager [-] Hash Ring loaded. 2 active nodes. 0 offline nodes _load_hash_ring /usr/lib/python3.9/site-packages/neutron/common/ovn/hash_ring_manager.py:99
2025-12-03 22:49:37.243 12 INFO neutron.db.ovn_revision_numbers_db [None req-b081d09f-0f68-4775-a7dd-9e2991a84237 f02d735f9c704b2e8bde78ca5e15c788 ebdbc6bd6ac94fca9ac245c271bc304b - - default default] Successfully bumped revision number for resource eea4f553-ff3b-4419-801d-d358f050f91f (type: security_groups) to 1
2025-12-03 22:49:37.258 12 INFO neutron.db.ovn_revision_numbers_db [None req-b081d09f-0f68-4775-a7dd-9e2991a84237 f02d735f9c704b2e8bde78ca5e15c788 ebdbc6bd6ac94fca9ac245c271bc304b - - default default] Successfully bumped revision number for resource 3eb22ea5-f7f1-44ff-b01e-8929b23f42f0 (type: security_group_rules) to 0
2025-12-03 22:49:37.273 12 INFO neutron.db.ovn_revision_numbers_db [None req-b081d09f-0f68-4775-a7dd-9e2991a84237 f02d735f9c704b2e8bde78ca5e15c788 ebdbc6bd6ac94fca9ac245c271bc304b - - default default] Successfully bumped revision number for resource 890e36cf-67bb-42ca-96dc-8267069bdbda (type: security_group_rules) to 0
2025-12-03 22:49:37.285 12 INFO neutron.db.ovn_revision_numbers_db [None req-b081d09f-0f68-4775-a7dd-9e2991a84237 f02d735f9c704b2e8bde78ca5e15c788 ebdbc6bd6ac94fca9ac245c271bc304b - - default default] Successfully bumped revision number for resource a2453ce8-8652-4166-b4d0-3f701c5ceee4 (type: security_group_rules) to 0
2025-12-03 22:49:37.298 12 INFO neutron.db.ovn_revision_numbers_db [None req-b081d09f-0f68-4775-a7dd-9e2991a84237 f02d735f9c704b2e8bde78ca5e15c788 ebdbc6bd6ac94fca9ac245c271bc304b - - default default] Successfully bumped revision number for resource b9e9b151-1755-44c9-8641-e95f4589012e (type: security_group_rules) to 0
2025-12-03 22:49:37.319 12 DEBUG neutron.api.rpc.handlers.resources_rpc [None req-b081d09f-0f68-4775-a7dd-9e2991a84237 f02d735f9c704b2e8bde78ca5e15c788 ebdbc6bd6ac94fca9ac245c271bc304b - - default default] Pushing event updated for resources: {'SecurityGroup': ['ID=eea4f553-ff3b-4419-801d-d358f050f91f,revision_number=1']} push /usr/lib/python3.9/site-packages/neutron/api/rpc/handlers/resources_rpc.py:237
2025-12-03 22:49:37.345 12 DEBUG neutron.plugins.ml2.drivers.helpers [None req-b081d09f-0f68-4775-a7dd-9e2991a84237 f02d735f9c704b2e8bde78ca5e15c788 ebdbc6bd6ac94fca9ac245c271bc304b - - default default] geneve segment allocate from pool success with {'geneve_vni': 35415} allocate_partially_specified_segment /usr/lib/python3.9/site-packages/neutron/plugins/ml2/drivers/helpers.py:153
2025-12-03 22:49:37.352 12 DEBUG neutron_lib.callbacks.manager [None req-b081d09f-0f68-4775-a7dd-9e2991a84237 f02d735f9c704b2e8bde78ca5e15c788 ebdbc6bd6ac94fca9ac245c271bc304b - - default default] Publish callbacks ['neutron.services.segments.db._add_segment_host_mapping_for_segment-8781127364976', 'neutron.plugins.ml2.plugin.Ml2Plugin._handle_segment_change-133932451'] for segment (c45cd443-7768-46a2-9c83-6ae93ebf1284), precommit_create _notify_loop /usr/lib/python3.9/site-packages/neutron_lib/callbacks/manager.py:184
2025-12-03 22:49:37.352 12 INFO neutron.db.segments_db [None req-b081d09f-0f68-4775-a7dd-9e2991a84237 f02d735f9c704b2e8bde78ca5e15c788 ebdbc6bd6ac94fca9ac245c271bc304b - - default default] Added segment c45cd443-7768-46a2-9c83-6ae93ebf1284 of type geneve for network 714e1729-f8ce-4013-a901-5d440720b067
2025-12-03 22:49:37.371 12 DEBUG neutron_lib.callbacks.manager [None req-b081d09f-0f68-4775-a7dd-9e2991a84237 f02d735f9c704b2e8bde78ca5e15c788 ebdbc6bd6ac94fca9ac245c271bc304b - - default default] Publish callbacks ['neutron.services.qos.qos_plugin.QoSPlugin._validate_create_network_callback-4200984', 'neutron.services.auto_allocate.db._ensure_external_network_default_value_callback-8781120700173'] for network (714e1729-f8ce-4013-a901-5d440720b067), precommit_create _notify_loop /usr/lib/python3.9/site-packages/neutron_lib/callbacks/manager.py:184
2025-12-03 22:49:37.408 12 DEBUG neutron.plugins.ml2.drivers.ovn.mech_driver.mech_driver [None req-b081d09f-0f68-4775-a7dd-9e2991a84237 f02d735f9c704b2e8bde78ca5e15c788 ebdbc6bd6ac94fca9ac245c271bc304b - - default default] Validating network segment with type geneve, segmentation ID 35415, physical network None _validate_network_segments /usr/lib/python3.9/site-packages/neutron/plugins/ml2/drivers/ovn/mech_driver/mech_driver.py:524
2025-12-03 22:49:37.409 12 DEBUG neutron.db.ovn_revision_numbers_db [None req-b081d09f-0f68-4775-a7dd-9e2991a84237 f02d735f9c704b2e8bde78ca5e15c788 ebdbc6bd6ac94fca9ac245c271bc304b - - default default] create_initial_revision uuid=714e1729-f8ce-4013-a901-5d440720b067, type=networks, rev=-1 create_initial_revision /usr/lib/python3.9/site-packages/neutron/db/ovn_revision_numbers_db.py:110
2025-12-03 22:49:37.414 12 DEBUG neutron_lib.callbacks.manager [None req-b081d09f-0f68-4775-a7dd-9e2991a84237 f02d735f9c704b2e8bde78ca5e15c788 ebdbc6bd6ac94fca9ac245c271bc304b - - default default] Publish callbacks ['neutron.plugins.ml2.ovo_rpc._ObjectChangeHandler.handle_event-7085568'] for network (714e1729-f8ce-4013-a901-5d440720b067), after_create _notify_loop /usr/lib/python3.9/site-packages/neutron_lib/callbacks/manager.py:184
2025-12-03 22:49:37.436 12 DEBUG ovsdbapp.backend.ovs_idl.transaction [None req-586ce13f-688a-45c2-992d-ca968545b676 - - - - - -] Running txn n=1 command(idx=0): LsAddCommand(_result=None, switch=neutron-714e1729-f8ce-4013-a901-5d440720b067, columns={'external_ids': {'neutron:network_name': 'heat_tempestconf_network', 'neutron:mtu': '1442', 'neutron:revision_number': '1', 'neutron:availability_zone_hints': ''}, 'other_config': {'mcast_snoop': 'true', 'mcast_flood_unregistered': 'false', 'vlan-passthru': 'false'}}, may_exist=True) do_commit /usr/lib/python3.9/site-packages/ovsdbapp/backend/ovs_idl/transaction.py:89
2025-12-03 22:49:37.445 13 DEBUG neutron.plugins.ml2.drivers.ovn.mech_driver.ovsdb.ovsdb_monitor [None req-18fa5070-089d-486e-abc2-360f879986be - - - - - -] Hash Ring: Node 8cd04fac-049e-40d5-874e-e74696d39a13 (host: neutron-56f6c98b97-zjmbp) handling event "update" for row 6068ccc8-8903-437b-8d75-d5f519ebcb66 (table: Database) notify /usr/lib/python3.9/site-packages/neutron/plugins/ml2/drivers/ovn/mech_driver/ovsdb/ovsdb_monitor.py:777
2025-12-03 22:49:37.454 12 DEBUG neutron.plugins.ml2.drivers.ovn.mech_driver.ovsdb.ovsdb_monitor [None req-586ce13f-688a-45c2-992d-ca968545b676 - - - - - -] Hash Ring: Node dbc539e4-dd4d-4086-8389-17dc28e9ffbb (host: neutron-56f6c98b97-zjmbp) handling event "create" for row 931fe1e0-adcb-4b8c-9aff-2987d6a0f794 (table: Logical_Switch) notify /usr/lib/python3.9/site-packages/neutron/plugins/ml2/drivers/ovn/mech_driver/ovsdb/ovsdb_monitor.py:777
2025-12-03 22:49:37.455 13 DEBUG neutron.plugins.ml2.drivers.ovn.mech_driver.ovsdb.ovsdb_monitor [None req-f1ae8fe5-7e22-4093-b6e5-c9f542224277 - - - - - -] Hash Ring: Node 8cd04fac-049e-40d5-874e-e74696d39a13 (host: neutron-56f6c98b97-zjmbp) handling event "create" for row e4ead9d2-14c6-4e78-a642-7df450462f86 (table: Datapath_Binding) notify /usr/lib/python3.9/site-packages/neutron/plugins/ml2/drivers/ovn/mech_driver/ovsdb/ovsdb_monitor.py:777
2025-12-03 22:49:37.456 13 DEBUG neutron.plugins.ml2.drivers.ovn.mech_driver.ovsdb.ovsdb_monitor [None req-f1ae8fe5-7e22-4093-b6e5-c9f542224277 - - - - - -] Hash Ring: Node 8cd04fac-049e-40d5-874e-e74696d39a13 (host: neutron-56f6c98b97-zjmbp) handling event "update" for row 1e84f36b-7378-4ed2-a3f1-d3da0fad7702 (table: Database) notify /usr/lib/python3.9/site-packages/neutron/plugins/ml2/drivers/ovn/mech_driver/ovsdb/ovsdb_monitor.py:777
2025-12-03 22:49:37.458 12 DEBUG neutron.api.rpc.handlers.resources_rpc [None req-b081d09f-0f68-4775-a7dd-9e2991a84237 f02d735f9c704b2e8bde78ca5e15c788 ebdbc6bd6ac94fca9ac245c271bc304b - - default default] Pushing event updated for resources: {'Network': ['ID=714e1729-f8ce-4013-a901-5d440720b067,revision_number=1']} push /usr/lib/python3.9/site-packages/neutron/api/rpc/handlers/resources_rpc.py:237
2025-12-03 22:49:37.488 12 INFO neutron.db.ovn_revision_numbers_db [None req-b081d09f-0f68-4775-a7dd-9e2991a84237 f02d735f9c704b2e8bde78ca5e15c788 ebdbc6bd6ac94fca9ac245c271bc304b - - default default] Successfully bumped revision number for resource 714e1729-f8ce-4013-a901-5d440720b067 (type: networks) to 1
2025-12-03 22:49:37.510 12 DEBUG neutron_lib.callbacks.manager [None req-b081d09f-0f68-4775-a7dd-9e2991a84237 f02d735f9c704b2e8bde78ca5e15c788 ebdbc6bd6ac94fca9ac245c271bc304b - - default default] Publish callbacks ['neutron.plugins.ml2.plugin.SecurityGroupDbMixin._ensure_default_security_group_handler-133811291'] for port (None), before_create _notify_loop /usr/lib/python3.9/site-packages/neutron_lib/callbacks/manager.py:184
2025-12-03 22:49:37.594 12 DEBUG neutron_lib.callbacks.manager [None req-b081d09f-0f68-4775-a7dd-9e2991a84237 f02d735f9c704b2e8bde78ca5e15c788 ebdbc6bd6ac94fca9ac245c271bc304b - - default default] Publish callbacks ['neutron.services.qos.qos_plugin.QoSPlugin._validate_create_port_callback-4201179'] for port (2a99babc-43f7-46b2-9241-1dc4c0d650e5), precommit_create _notify_loop /usr/lib/python3.9/site-packages/neutron_lib/callbacks/manager.py:184
2025-12-03 22:49:37.616 12 DEBUG neutron.plugins.ml2.drivers.ovn.mech_driver.mech_driver [None req-b081d09f-0f68-4775-a7dd-9e2991a84237 f02d735f9c704b2e8bde78ca5e15c788 ebdbc6bd6ac94fca9ac245c271bc304b - - default default] No provisioning block for port 2a99babc-43f7-46b2-9241-1dc4c0d650e5 since it does not have a host _is_port_provisioning_required /usr/lib/python3.9/site-packages/neutron/plugins/ml2/drivers/ovn/mech_driver/mech_driver.py:718
2025-12-03 22:49:37.616 12 DEBUG neutron.db.ovn_revision_numbers_db [None req-b081d09f-0f68-4775-a7dd-9e2991a84237 f02d735f9c704b2e8bde78ca5e15c788 ebdbc6bd6ac94fca9ac245c271bc304b - - default default] create_initial_revision uuid=2a99babc-43f7-46b2-9241-1dc4c0d650e5, type=ports, rev=-1 create_initial_revision /usr/lib/python3.9/site-packages/neutron/db/ovn_revision_numbers_db.py:110
2025-12-03 22:49:37.631 12 DEBUG neutron_lib.callbacks.manager [None req-b081d09f-0f68-4775-a7dd-9e2991a84237 f02d735f9c704b2e8bde78ca5e15c788 ebdbc6bd6ac94fca9ac245c271bc304b - - default default] Publish callbacks ['neutron.plugins.ml2.plugin.SecurityGroupServerNotifierRpcMixin._notify_sg_on_port_change-133811224', 'neutron.plugins.ml2.extensions.dns_integration._create_port_in_external_dns_service-8781127241638', 'neutron.plugins.ml2.ovo_rpc._ObjectChangeHandler.handle_event-2959032', 'neutron.services.segments.plugin.NovaSegmentNotifier._notify_port_created_or_deleted-7245130'] for port (2a99babc-43f7-46b2-9241-1dc4c0d650e5), after_create _notify_loop /usr/lib/python3.9/site-packages/neutron_lib/callbacks/manager.py:184
2025-12-03 22:49:37.650 12 DEBUG ovsdbapp.backend.ovs_idl.transaction [None req-586ce13f-688a-45c2-992d-ca968545b676 - - - - - -] Running txn n=1 command(idx=0): AddLSwitchPortCommand(_result=None, lport=2a99babc-43f7-46b2-9241-1dc4c0d650e5, lswitch=neutron-714e1729-f8ce-4013-a901-5d440720b067, may_exist=True, columns={'addresses': ['fa:16:3e:3b:ac:f4'], 'external_ids': {'neutron:port_name': '', 'neutron:device_id': 'ovnmeta-714e1729-f8ce-4013-a901-5d440720b067', 'neutron:project_id': '86b65474d4544ed68efb10a9bb276b2d', 'neutron:cidrs': '', 'neutron:device_owner': 'network:distributed', 'neutron:subnet_pool_addr_scope4': '', 'neutron:subnet_pool_addr_scope6': '', 'neutron:network_name': 'neutron-714e1729-f8ce-4013-a901-5d440720b067', 'neutron:security_group_ids': '', 'neutron:revision_number': '1', 'neutron:vnic_type': 'normal', 'neutron:port_capabilities': '', 'neutron:mtu': ''}, 'parent_name': [], 'tag': [], 'enabled': True, 'options': {'requested-chassis': ''}, 'type': 'localport', 'port_security': [], 'dhcpv4_options': [], 'dhcpv6_options': []}) do_commit /usr/lib/python3.9/site-packages/ovsdbapp/backend/ovs_idl/transaction.py:89
2025-12-03 22:49:37.651 12 DEBUG ovsdbapp.backend.ovs_idl.transaction [None req-586ce13f-688a-45c2-992d-ca968545b676 - - - - - -] Running txn n=1 command(idx=1): QoSDelCommand(_result=None, switch=neutron-714e1729-f8ce-4013-a901-5d440720b067, conditions=[('direction', '=', 'to-lport'), ('priority', '=', 2002), ('match', '=', 'outport == "2a99babc-43f7-46b2-9241-1dc4c0d650e5"')], if_exists=True) do_commit /usr/lib/python3.9/site-packages/ovsdbapp/backend/ovs_idl/transaction.py:89
2025-12-03 22:49:37.651 12 DEBUG ovsdbapp.backend.ovs_idl.transaction [None req-586ce13f-688a-45c2-992d-ca968545b676 - - - - - -] Running txn n=1 command(idx=2): UpdateLSwitchPortQosOptionsCommand(_result=None, lport=AddLSwitchPortCommand(_result=6ce8409d-c535-43c4-9dff-ef4be38eeef6, lport=2a99babc-43f7-46b2-9241-1dc4c0d650e5, lswitch=neutron-714e1729-f8ce-4013-a901-5d440720b067, may_exist=True, columns={'addresses': ['fa:16:3e:3b:ac:f4'], 'external_ids': {'neutron:port_name': '', 'neutron:device_id': 'ovnmeta-714e1729-f8ce-4013-a901-5d440720b067', 'neutron:project_id': '86b65474d4544ed68efb10a9bb276b2d', 'neutron:cidrs': '', 'neutron:device_owner': 'network:distributed', 'neutron:subnet_pool_addr_scope4': '', 'neutron:subnet_pool_addr_scope6': '', 'neutron:network_name': 'neutron-714e1729-f8ce-4013-a901-5d440720b067', 'neutron:security_group_ids': '', 'neutron:revision_number': '1', 'neutron:vnic_type': 'normal', 'neutron:port_capabilities': '', 'neutron:mtu': ''}, 'parent_name': [], 'enabled': True, 'options': {'requested-chassis': ''}, 'type': 'localport', 'port_security': []}), if_exists=True, qos={'qos_min_rate': None}) do_commit /usr/lib/python3.9/site-packages/ovsdbapp/backend/ovs_idl/transaction.py:89
2025-12-03 22:49:37.651 12 DEBUG ovsdbapp.backend.ovs_idl.transaction [None req-586ce13f-688a-45c2-992d-ca968545b676 - - - - - -] Running txn n=1 command(idx=3): QoSDelCommand(_result=None, switch=neutron-714e1729-f8ce-4013-a901-5d440720b067, conditions=[('direction', '=', 'from-lport'), ('priority', '=', 2002), ('match', '=', 'inport == "2a99babc-43f7-46b2-9241-1dc4c0d650e5"')], if_exists=True) do_commit /usr/lib/python3.9/site-packages/ovsdbapp/backend/ovs_idl/transaction.py:89
2025-12-03 22:49:37.651 12 DEBUG ovsdbapp.backend.ovs_idl.transaction [None req-586ce13f-688a-45c2-992d-ca968545b676 - - - - - -] Running txn n=1 command(idx=4): UpdateLSwitchPortQosOptionsCommand(_result=None, lport=AddLSwitchPortCommand(_result=6ce8409d-c535-43c4-9dff-ef4be38eeef6, lport=2a99babc-43f7-46b2-9241-1dc4c0d650e5, lswitch=neutron-714e1729-f8ce-4013-a901-5d440720b067, may_exist=True, columns={'addresses': ['fa:16:3e:3b:ac:f4'], 'external_ids': {'neutron:port_name': '', 'neutron:device_id': 'ovnmeta-714e1729-f8ce-4013-a901-5d440720b067', 'neutron:project_id': '86b65474d4544ed68efb10a9bb276b2d', 'neutron:cidrs': '', 'neutron:device_owner': 'network:distributed', 'neutron:subnet_pool_addr_scope4': '', 'neutron:subnet_pool_addr_scope6': '', 'neutron:network_name': 'neutron-714e1729-f8ce-4013-a901-5d440720b067', 'neutron:security_group_ids': '', 'neutron:revision_number': '1', 'neutron:vnic_type': 'normal', 'neutron:port_capabilities': '', 'neutron:mtu': ''}, 'parent_name': [], 'enabled': True, 'options': {'requested-chassis': ''}, 'type': 'localport', 'port_security': []}), if_exists=True, qos={'qos_min_rate': None}) do_commit /usr/lib/python3.9/site-packages/ovsdbapp/backend/ovs_idl/transaction.py:89
2025-12-03 22:49:37.661 13 DEBUG neutron.plugins.ml2.drivers.ovn.mech_driver.ovsdb.ovsdb_monitor [None req-18fa5070-089d-486e-abc2-360f879986be - - - - - -] Hash Ring: Node 8cd04fac-049e-40d5-874e-e74696d39a13 (host: neutron-56f6c98b97-zjmbp) handling event "update" for row 6068ccc8-8903-437b-8d75-d5f519ebcb66 (table: Database) notify /usr/lib/python3.9/site-packages/neutron/plugins/ml2/drivers/ovn/mech_driver/ovsdb/ovsdb_monitor.py:777
2025-12-03 22:49:37.662 13 DEBUG neutron.plugins.ml2.drivers.ovn.mech_driver.ovsdb.ovsdb_monitor [None req-18fa5070-089d-486e-abc2-360f879986be - - - - - -] Hash Ring: Node 8cd04fac-049e-40d5-874e-e74696d39a13 (host: neutron-56f6c98b97-zjmbp) handling event "create" for row a41457ef-202e-43f0-8607-ece7df4d753d (table: Logical_Switch_Port) notify /usr/lib/python3.9/site-packages/neutron/plugins/ml2/drivers/ovn/mech_driver/ovsdb/ovsdb_monitor.py:777
2025-12-03 22:49:37.666 12 DEBUG neutron.plugins.ml2.drivers.ovn.mech_driver.ovsdb.ovsdb_monitor [None req-586ce13f-688a-45c2-992d-ca968545b676 - - - - - -] Hash Ring: Node dbc539e4-dd4d-4086-8389-17dc28e9ffbb (host: neutron-56f6c98b97-zjmbp) handling event "update" for row 931fe1e0-adcb-4b8c-9aff-2987d6a0f794 (table: Logical_Switch) notify /usr/lib/python3.9/site-packages/neutron/plugins/ml2/drivers/ovn/mech_driver/ovsdb/ovsdb_monitor.py:777
2025-12-03 22:49:37.669 12 DEBUG neutron.api.rpc.handlers.resources_rpc [None req-b081d09f-0f68-4775-a7dd-9e2991a84237 f02d735f9c704b2e8bde78ca5e15c788 ebdbc6bd6ac94fca9ac245c271bc304b - - default default] Pushing event updated for resources: {'Port': ['ID=2a99babc-43f7-46b2-9241-1dc4c0d650e5,revision_number=1']} push /usr/lib/python3.9/site-packages/neutron/api/rpc/handlers/resources_rpc.py:237
2025-12-03 22:49:37.671 13 DEBUG neutron.plugins.ml2.drivers.ovn.mech_driver.ovsdb.ovsdb_monitor [None req-f1ae8fe5-7e22-4093-b6e5-c9f542224277 - - - - - -] Hash Ring: Node 8cd04fac-049e-40d5-874e-e74696d39a13 (host: neutron-56f6c98b97-zjmbp) handling event "create" for row dc46141e-75b7-4bd6-a436-e731f5de30d5 (table: Port_Binding) notify /usr/lib/python3.9/site-packages/neutron/plugins/ml2/drivers/ovn/mech_driver/ovsdb/ovsdb_monitor.py:777
2025-12-03 22:49:37.672 13 DEBUG neutron.plugins.ml2.drivers.ovn.mech_driver.ovsdb.ovsdb_monitor [None req-f1ae8fe5-7e22-4093-b6e5-c9f542224277 - - - - - -] Hash Ring: Node 8cd04fac-049e-40d5-874e-e74696d39a13 (host: neutron-56f6c98b97-zjmbp) handling event "update" for row 1e84f36b-7378-4ed2-a3f1-d3da0fad7702 (table: Database) notify /usr/lib/python3.9/site-packages/neutron/plugins/ml2/drivers/ovn/mech_driver/ovsdb/ovsdb_monitor.py:777
2025-12-03 22:49:37.672 13 DEBUG neutron.plugins.ml2.drivers.ovn.mech_driver.ovsdb.ovsdb_monitor [None req-18fa5070-089d-486e-abc2-360f879986be - - - - - -] Hash Ring: Node 8cd04fac-049e-40d5-874e-e74696d39a13 (host: neutron-56f6c98b97-zjmbp) handling event "update" for row 6068ccc8-8903-437b-8d75-d5f519ebcb66 (table: Database) notify /usr/lib/python3.9/site-packages/neutron/plugins/ml2/drivers/ovn/mech_driver/ovsdb/ovsdb_monitor.py:777
2025-12-03 22:49:37.673 13 DEBUG neutron.plugins.ml2.drivers.ovn.mech_driver.ovsdb.ovsdb_monitor [None req-18fa5070-089d-486e-abc2-360f879986be - - - - - -] Hash Ring: Node 8cd04fac-049e-40d5-874e-e74696d39a13 (host: neutron-56f6c98b97-zjmbp) handling event "update" for row a41457ef-202e-43f0-8607-ece7df4d753d (table: Logical_Switch_Port) notify /usr/lib/python3.9/site-packages/neutron/plugins/ml2/drivers/ovn/mech_driver/ovsdb/ovsdb_monitor.py:777
2025-12-03 22:49:37.701 12 INFO neutron.db.ovn_revision_numbers_db [None req-b081d09f-0f68-4775-a7dd-9e2991a84237 f02d735f9c704b2e8bde78ca5e15c788 ebdbc6bd6ac94fca9ac245c271bc304b - - default default] Successfully bumped revision number for resource 2a99babc-43f7-46b2-9241-1dc4c0d650e5 (type: ports) to 1
2025-12-03 22:49:37.709 12 DEBUG neutron.pecan_wsgi.hooks.policy_enforcement [None req-b081d09f-0f68-4775-a7dd-9e2991a84237 f02d735f9c704b2e8bde78ca5e15c788 ebdbc6bd6ac94fca9ac245c271bc304b - - default default] Attributes excluded by policy engine: ['standard_attr_id'] _exclude_attributes_by_policy /usr/lib/python3.9/site-packages/neutron/pecan_wsgi/hooks/policy_enforcement.py:259
2025-12-03 22:49:37.709 12 DEBUG neutron_lib.callbacks.manager [None req-b081d09f-0f68-4775-a7dd-9e2991a84237 f02d735f9c704b2e8bde78ca5e15c788 ebdbc6bd6ac94fca9ac245c271bc304b - - default default] Publish callbacks [] for network (None), before_response _notify_loop /usr/lib/python3.9/site-packages/neutron_lib/callbacks/manager.py:184
2025-12-03 22:49:37.896 12 INFO neutron.wsgi [None req-b081d09f-0f68-4775-a7dd-9e2991a84237 f02d735f9c704b2e8bde78ca5e15c788 ebdbc6bd6ac94fca9ac245c271bc304b - - default default] 10.128.1.90,10.128.0.2,::1 "POST /v2.0/networks HTTP/1.1" status: 201 len: 946 time: 0.8797500
2025-12-03 22:49:37.966 12 DEBUG neutron.api.v2.base [None req-0700fc00-6520-44f4-be34-43e63b0ee904 f02d735f9c704b2e8bde78ca5e15c788 ebdbc6bd6ac94fca9ac245c271bc304b - - default default] Request body: {'subnet': {'network_id': '714e1729-f8ce-4013-a901-5d440720b067', 'ip_version': 4, 'cidr': '192.168.199.0/24', 'name': 'heat_tempestconf_subnet'}} prepare_request_body /usr/lib/python3.9/site-packages/neutron/api/v2/base.py:731
2025-12-03 22:49:37.983 12 DEBUG neutron.pecan_wsgi.hooks.quota_enforcement [None req-0700fc00-6520-44f4-be34-43e63b0ee904 f02d735f9c704b2e8bde78ca5e15c788 ebdbc6bd6ac94fca9ac245c271bc304b - - default default] Made reservation on behalf of ebdbc6bd6ac94fca9ac245c271bc304b for: {'subnet': 1} before /usr/lib/python3.9/site-packages/neutron/pecan_wsgi/hooks/quota_enforcement.py:53
2025-12-03 22:49:37.985 12 DEBUG neutron_lib.callbacks.manager [None req-0700fc00-6520-44f4-be34-43e63b0ee904 f02d735f9c704b2e8bde78ca5e15c788 ebdbc6bd6ac94fca9ac245c271bc304b - - default default] Publish callbacks ['neutron.services.segments.plugin.SegmentHostRoutes.host_routes_before_create-7148047'] for subnet (None), before_create _notify_loop /usr/lib/python3.9/site-packages/neutron_lib/callbacks/manager.py:184
2025-12-03 22:49:38.079 12 DEBUG neutron.db.ovn_revision_numbers_db [None req-0700fc00-6520-44f4-be34-43e63b0ee904 f02d735f9c704b2e8bde78ca5e15c788 ebdbc6bd6ac94fca9ac245c271bc304b - - default default] create_initial_revision uuid=2a218bbf-4962-49d3-a267-38c374045ae4, type=subnets, rev=-1 create_initial_revision /usr/lib/python3.9/site-packages/neutron/db/ovn_revision_numbers_db.py:110
2025-12-03 22:49:38.084 12 DEBUG neutron_lib.callbacks.manager [None req-0700fc00-6520-44f4-be34-43e63b0ee904 f02d735f9c704b2e8bde78ca5e15c788 ebdbc6bd6ac94fca9ac245c271bc304b - - default default] Publish callbacks ['neutron.plugins.ml2.ovo_rpc._ObjectChangeHandler.handle_event-7079824', 'neutron.services.segments.plugin.NovaSegmentNotifier._notify_subnet_created-7245222', 'neutron.services.segments.plugin.SegmentHostRoutes.host_routes_after_create-7148065'] for subnet (2a218bbf-4962-49d3-a267-38c374045ae4), after_create _notify_loop /usr/lib/python3.9/site-packages/neutron_lib/callbacks/manager.py:184
2025-12-03 22:49:38.160 12 DEBUG neutron.api.rpc.handlers.resources_rpc [None req-0700fc00-6520-44f4-be34-43e63b0ee904 f02d735f9c704b2e8bde78ca5e15c788 ebdbc6bd6ac94fca9ac245c271bc304b - - default default] Pushing event updated for resources: {'Subnet': ['ID=2a218bbf-4962-49d3-a267-38c374045ae4,revision_number=0']} push /usr/lib/python3.9/site-packages/neutron/api/rpc/handlers/resources_rpc.py:237
2025-12-03 22:49:38.176 12 DEBUG neutron_lib.callbacks.manager [None req-0700fc00-6520-44f4-be34-43e63b0ee904 f02d735f9c704b2e8bde78ca5e15c788 ebdbc6bd6ac94fca9ac245c271bc304b - - default default] Publish callbacks ['neutron.plugins.ml2.plugin.SecurityGroupDbMixin._ensure_default_security_group_handler-133811291', 'neutron.services.qos.qos_plugin.QoSPlugin._check_port_for_placement_allocation_change-4201186', 'neutron.services.ovn_l3.plugin.OVNL3RouterPlugin._port_update-8781124913637'] for port (2a99babc-43f7-46b2-9241-1dc4c0d650e5), before_update _notify_loop /usr/lib/python3.9/site-packages/neutron_lib/callbacks/manager.py:184
2025-12-03 22:49:38.270 12 DEBUG neutron.db.db_base_plugin_common [None req-0700fc00-6520-44f4-be34-43e63b0ee904 f02d735f9c704b2e8bde78ca5e15c788 ebdbc6bd6ac94fca9ac245c271bc304b - - default default] Allocated IP 192.168.199.2 (714e1729-f8ce-4013-a901-5d440720b067/2a218bbf-4962-49d3-a267-38c374045ae4/2a99babc-43f7-46b2-9241-1dc4c0d650e5) _store_ip_allocation /usr/lib/python3.9/site-packages/neutron/db/db_base_plugin_common.py:131
2025-12-03 22:49:38.530 12 DEBUG neutron_lib.callbacks.manager [None req-0700fc00-6520-44f4-be34-43e63b0ee904 f02d735f9c704b2e8bde78ca5e15c788 ebdbc6bd6ac94fca9ac245c271bc304b - - default default] Publish callbacks ['neutron.services.qos.qos_plugin.QoSPlugin._validate_update_port_callback-4200977'] for port (2a99babc-43f7-46b2-9241-1dc4c0d650e5), precommit_update _notify_loop /usr/lib/python3.9/site-packages/neutron_lib/callbacks/manager.py:184
2025-12-03 22:49:38.531 12 DEBUG neutron.plugins.ml2.drivers.ovn.mech_driver.mech_driver [None req-0700fc00-6520-44f4-be34-43e63b0ee904 f02d735f9c704b2e8bde78ca5e15c788 ebdbc6bd6ac94fca9ac245c271bc304b - - default default] No provisioning block for port 2a99babc-43f7-46b2-9241-1dc4c0d650e5 since it does not have a host _is_port_provisioning_required /usr/lib/python3.9/site-packages/neutron/plugins/ml2/drivers/ovn/mech_driver/mech_driver.py:718
2025-12-03 22:49:38.540 12 DEBUG neutron_lib.callbacks.manager [None req-0700fc00-6520-44f4-be34-43e63b0ee904 f02d735f9c704b2e8bde78ca5e15c788 ebdbc6bd6ac94fca9ac245c271bc304b - - default default] Publish callbacks ['neutron.plugins.ml2.plugin.SecurityGroupServerNotifierRpcMixin._notify_sg_on_port_change-133811224', 'neutron.plugins.ml2.extensions.dns_integration._update_port_in_external_dns_service-8781127241665', 'neutron.plugins.ml2.ovo_rpc._ObjectChangeHandler.handle_event-2959032', 'neutron.db.l3_db.L3RpcNotifierMixin._notify_gateway_port_ip_changed-8781127312303', 'neutron.services.ovn_l3.plugin.OVNL3RouterPlugin._port_update-8781124913637', 'neutron.services.trunk.plugin.TrunkPlugin._trigger_trunk_status_change-211927', 'neutron.services.trunk.drivers.openvswitch.driver.OVSDriver._subport_binding-7922294', 'neutron.services.trunk.drivers.ovn.trunk_driver.OVNTrunkHandler.port_updated-7937754', 'neutron.services.segments.plugin.NovaSegmentNotifier._notify_port_updated-7245149', 'neutron.services.portforwarding.pf_plugin.PortForwardingPlugin._process_port_request_handler-79537'] for port (2a99babc-43f7-46b2-9241-1dc4c0d650e5), after_update _notify_loop /usr/lib/python3.9/site-packages/neutron_lib/callbacks/manager.py:184
2025-12-03 22:49:38.573 12 DEBUG neutron.api.rpc.handlers.resources_rpc [None req-414e2b66-a13d-43f3-b321-9fa5b81a8910 - - - - - -] Pushing event updated for resources: {'Port': ['ID=2a99babc-43f7-46b2-9241-1dc4c0d650e5,revision_number=2']} push /usr/lib/python3.9/site-packages/neutron/api/rpc/handlers/resources_rpc.py:237
2025-12-03 22:49:38.654 12 DEBUG ovsdbapp.backend.ovs_idl.transaction [None req-586ce13f-688a-45c2-992d-ca968545b676 - - - - - -] Running txn n=1 command(idx=0): CheckRevisionNumberCommand(_result=None, name=2a99babc-43f7-46b2-9241-1dc4c0d650e5, resource={'id': '2a99babc-43f7-46b2-9241-1dc4c0d650e5', 'name': '', 'network_id': '714e1729-f8ce-4013-a901-5d440720b067', 'tenant_id': '86b65474d4544ed68efb10a9bb276b2d', 'mac_address': 'fa:16:3e:3b:ac:f4', 'admin_state_up': True, 'status': 'DOWN', 'device_id': 'ovnmeta-714e1729-f8ce-4013-a901-5d440720b067', 'device_owner': 'network:distributed', 'standard_attr_id': 69, 'fixed_ips': [{'subnet_id': '2a218bbf-4962-49d3-a267-38c374045ae4', 'ip_address': '192.168.199.2'}], 'allowed_address_pairs': [], 'extra_dhcp_opts': [], 'security_groups': [], 'description': '', 'binding:vnic_type': 'normal', 'binding:profile': {}, 'binding:host_id': '', 'binding:vif_type': 'unbound', 'binding:vif_details': {}, 'qos_policy_id': None, 'qos_network_policy_id': None, 'port_security_enabled': False, 'dns_name': '', 'dns_assignment': [{'ip_address': '192.168.199.2', 'hostname': 'host-192-168-199-2', 'fqdn': 'host-192-168-199-2.openstackgate.local.'}], 'dns_domain': '', 'resource_request': None, 'ip_allocation': 'none', 'tags': [], 'created_at': '2025-12-03T22:49:37Z', 'updated_at': '2025-12-03T22:49:38Z', 'revision_number': 2, 'project_id': '86b65474d4544ed68efb10a9bb276b2d', 'network': {'id': '714e1729-f8ce-4013-a901-5d440720b067', 'name': 'heat_tempestconf_network', 'tenant_id': '86b65474d4544ed68efb10a9bb276b2d', 'admin_state_up': True, 'mtu': 1442, 'status': 'ACTIVE', 'subnets': ['2a218bbf-4962-49d3-a267-38c374045ae4'], 'standard_attr_id': 67, 'shared': False, 'availability_zone_hints': [], 'availability_zones': [], 'ipv4_address_scope': None, 'ipv6_address_scope': None, 'router:external': False, 'vlan_transparent': False, 'description': '', 'qos_policy_id': None, 'port_security_enabled': True, 'dns_domain': '', 'l2_adjacency': True, 'tags': [], 'created_at': '2025-12-03T22:49:37Z', 'updated_at': '2025-12-03T22:49:38Z', 'revision_number': 2, 'project_id': '86b65474d4544ed68efb10a9bb276b2d', 'provider:network_type': 'geneve', 'provider:physical_network': None, 'provider:segmentation_id': 35415}}, resource_type=ports, if_exists=True) do_commit /usr/lib/python3.9/site-packages/ovsdbapp/backend/ovs_idl/transaction.py:89
2025-12-03 22:49:38.654 12 DEBUG ovsdbapp.backend.ovs_idl.transaction [None req-586ce13f-688a-45c2-992d-ca968545b676 - - - - - -] Running txn n=1 command(idx=1): AddDHCPOptionsCommand(_result=None, columns={'cidr': '192.168.199.0/24', 'options': {'server_id': '192.168.199.1', 'lease_time': '43200', 'mtu': '1442', 'domain_name': '"openstackgate.local"', 'router': '192.168.199.1', 'server_mac': 'fa:16:3e:90:36:e7', 'dns_server': '{172.30.0.10}', 'classless_static_route': '{169.254.169.254/32,192.168.199.2, 0.0.0.0/0,192.168.199.1}'}, 'external_ids': {'subnet_id': '2a218bbf-4962-49d3-a267-38c374045ae4', 'neutron:revision_number': '0'}}, may_exist=True, subnet_id=2a218bbf-4962-49d3-a267-38c374045ae4, port_id=None, new_insert=False) do_commit /usr/lib/python3.9/site-packages/ovsdbapp/backend/ovs_idl/transaction.py:89
2025-12-03 22:49:38.655 12 DEBUG ovsdbapp.backend.ovs_idl.transaction [None req-586ce13f-688a-45c2-992d-ca968545b676 - - - - - -] Running txn n=1 command(idx=2): SetLSwitchPortCommand(_result=None, lport=2a99babc-43f7-46b2-9241-1dc4c0d650e5, external_ids_update=None, columns={'external_ids': {'neutron:port_name': '', 'neutron:device_id': 'ovnmeta-714e1729-f8ce-4013-a901-5d440720b067', 'neutron:project_id': '86b65474d4544ed68efb10a9bb276b2d', 'neutron:cidrs': '192.168.199.2/24', 'neutron:device_owner': 'network:distributed', 'neutron:subnet_pool_addr_scope4': '', 'neutron:subnet_pool_addr_scope6': '', 'neutron:network_name': 'neutron-714e1729-f8ce-4013-a901-5d440720b067', 'neutron:security_group_ids': '', 'neutron:revision_number': '2', 'neutron:vnic_type': 'normal', 'neutron:port_capabilities': '', 'neutron:mtu': ''}, 'parent_name': [], 'tag': [], 'options': {'requested-chassis': ''}, 'enabled': True, 'port_security': [], 'dhcpv4_options': [], 'dhcpv6_options': [], 'type': 'localport', 'addresses': ['fa:16:3e:3b:ac:f4 192.168.199.2'], 'ha_chassis_group': []}, if_exists=False) do_commit /usr/lib/python3.9/site-packages/ovsdbapp/backend/ovs_idl/transaction.py:89
2025-12-03 22:49:38.656 12 DEBUG ovsdbapp.backend.ovs_idl.transaction [None req-586ce13f-688a-45c2-992d-ca968545b676 - - - - - -] Running txn n=1 command(idx=3): PgDelPortCommand(_result=None, port_group=neutron_pg_drop, lsp=['2a99babc-43f7-46b2-9241-1dc4c0d650e5'], if_exists=False) do_commit /usr/lib/python3.9/site-packages/ovsdbapp/backend/ovs_idl/transaction.py:89
2025-12-03 22:49:38.666 13 DEBUG neutron.plugins.ml2.drivers.ovn.mech_driver.ovsdb.ovsdb_monitor [None req-18fa5070-089d-486e-abc2-360f879986be - - - - - -] Hash Ring: Node 8cd04fac-049e-40d5-874e-e74696d39a13 (host: neutron-56f6c98b97-zjmbp) handling event "update" for row 6068ccc8-8903-437b-8d75-d5f519ebcb66 (table: Database) notify /usr/lib/python3.9/site-packages/neutron/plugins/ml2/drivers/ovn/mech_driver/ovsdb/ovsdb_monitor.py:777
2025-12-03 22:49:38.667 12 DEBUG neutron.plugins.ml2.drivers.ovn.mech_driver.ovsdb.ovsdb_monitor [None req-586ce13f-688a-45c2-992d-ca968545b676 - - - - - -] Hash Ring: Node dbc539e4-dd4d-4086-8389-17dc28e9ffbb (host: neutron-56f6c98b97-zjmbp) handling event "create" for row ebfeddd0-eb98-4b11-a52e-193ea3e51eea (table: DHCP_Options) notify /usr/lib/python3.9/site-packages/neutron/plugins/ml2/drivers/ovn/mech_driver/ovsdb/ovsdb_monitor.py:777
2025-12-03 22:49:38.668 13 DEBUG neutron.plugins.ml2.drivers.ovn.mech_driver.ovsdb.ovsdb_monitor [None req-18fa5070-089d-486e-abc2-360f879986be - - - - - -] Hash Ring: Node 8cd04fac-049e-40d5-874e-e74696d39a13 (host: neutron-56f6c98b97-zjmbp) handling event "update" for row a41457ef-202e-43f0-8607-ece7df4d753d (table: Logical_Switch_Port) notify /usr/lib/python3.9/site-packages/neutron/plugins/ml2/drivers/ovn/mech_driver/ovsdb/ovsdb_monitor.py:777
2025-12-03 22:49:38.675 13 DEBUG neutron.plugins.ml2.drivers.ovn.mech_driver.ovsdb.ovsdb_monitor [None req-f1ae8fe5-7e22-4093-b6e5-c9f542224277 - - - - - -] Hash Ring: Node 8cd04fac-049e-40d5-874e-e74696d39a13 (host: neutron-56f6c98b97-zjmbp) handling event "update" for row dc46141e-75b7-4bd6-a436-e731f5de30d5 (table: Port_Binding) notify /usr/lib/python3.9/site-packages/neutron/plugins/ml2/drivers/ovn/mech_driver/ovsdb/ovsdb_monitor.py:777
2025-12-03 22:49:38.676 13 DEBUG neutron.plugins.ml2.drivers.ovn.mech_driver.ovsdb.ovsdb_monitor [None req-f1ae8fe5-7e22-4093-b6e5-c9f542224277 - - - - - -] Hash Ring: Node 8cd04fac-049e-40d5-874e-e74696d39a13 (host: neutron-56f6c98b97-zjmbp) handling event "update" for row 1e84f36b-7378-4ed2-a3f1-d3da0fad7702 (table: Database) notify /usr/lib/python3.9/site-packages/neutron/plugins/ml2/drivers/ovn/mech_driver/ovsdb/ovsdb_monitor.py:777
2025-12-03 22:49:38.700 12 INFO neutron.db.ovn_revision_numbers_db [None req-0700fc00-6520-44f4-be34-43e63b0ee904 f02d735f9c704b2e8bde78ca5e15c788 ebdbc6bd6ac94fca9ac245c271bc304b - - default default] Successfully bumped revision number for resource 2a99babc-43f7-46b2-9241-1dc4c0d650e5 (type: ports) to 2
2025-12-03 22:49:38.706 12 DEBUG neutron.plugins.ml2.plugin [None req-0700fc00-6520-44f4-be34-43e63b0ee904 f02d735f9c704b2e8bde78ca5e15c788 ebdbc6bd6ac94fca9ac245c271bc304b - - default default] In _notify_port_updated(), no bound segment for port 2a99babc-43f7-46b2-9241-1dc4c0d650e5 on network 714e1729-f8ce-4013-a901-5d440720b067 _notify_port_updated /usr/lib/python3.9/site-packages/neutron/plugins/ml2/plugin.py:964
2025-12-03 22:49:38.730 12 INFO neutron.db.ovn_revision_numbers_db [None req-0700fc00-6520-44f4-be34-43e63b0ee904 f02d735f9c704b2e8bde78ca5e15c788 ebdbc6bd6ac94fca9ac245c271bc304b - - default default] Successfully bumped revision number for resource 2a218bbf-4962-49d3-a267-38c374045ae4 (type: subnets) to 0
2025-12-03 22:49:38.731 12 DEBUG neutron.pecan_wsgi.hooks.policy_enforcement [None req-0700fc00-6520-44f4-be34-43e63b0ee904 f02d735f9c704b2e8bde78ca5e15c788 ebdbc6bd6ac94fca9ac245c271bc304b - - default default] Attributes excluded by policy engine: ['standard_attr_id', 'shared', 'network'] _exclude_attributes_by_policy /usr/lib/python3.9/site-packages/neutron/pecan_wsgi/hooks/policy_enforcement.py:259
2025-12-03 22:49:38.732 12 DEBUG neutron_lib.callbacks.manager [None req-0700fc00-6520-44f4-be34-43e63b0ee904 f02d735f9c704b2e8bde78ca5e15c788 ebdbc6bd6ac94fca9ac245c271bc304b - - default default] Publish callbacks [] for subnet (None), before_response _notify_loop /usr/lib/python3.9/site-packages/neutron_lib/callbacks/manager.py:184
2025-12-03 22:49:38.759 12 INFO neutron.wsgi [None req-0700fc00-6520-44f4-be34-43e63b0ee904 f02d735f9c704b2e8bde78ca5e15c788 ebdbc6bd6ac94fca9ac245c271bc304b - - default default] 10.128.1.90,10.128.0.2,::1 "POST /v2.0/subnets HTTP/1.1" status: 201 len: 860 time: 0.8429208
2025-12-03 22:49:44.990 13 DEBUG neutron.pecan_wsgi.hooks.policy_enforcement [None req-e6d72df1-181b-43a1-b4bf-b0af6d58d4cd f02d735f9c704b2e8bde78ca5e15c788 ebdbc6bd6ac94fca9ac245c271bc304b - - default default] Attributes excluded by policy engine: ['standard_attr_id'] _exclude_attributes_by_policy /usr/lib/python3.9/site-packages/neutron/pecan_wsgi/hooks/policy_enforcement.py:259
2025-12-03 22:49:44.992 13 DEBUG neutron.pecan_wsgi.hooks.policy_enforcement [None req-e6d72df1-181b-43a1-b4bf-b0af6d58d4cd f02d735f9c704b2e8bde78ca5e15c788 ebdbc6bd6ac94fca9ac245c271bc304b - - default default] Attributes excluded by policy engine: ['standard_attr_id'] _exclude_attributes_by_policy /usr/lib/python3.9/site-packages/neutron/pecan_wsgi/hooks/policy_enforcement.py:259
2025-12-03 22:49:44.994 13 DEBUG neutron.pecan_wsgi.hooks.policy_enforcement [None req-e6d72df1-181b-43a1-b4bf-b0af6d58d4cd f02d735f9c704b2e8bde78ca5e15c788 ebdbc6bd6ac94fca9ac245c271bc304b - - default default] Attributes excluded by policy engine: ['standard_attr_id'] _exclude_attributes_by_policy /usr/lib/python3.9/site-packages/neutron/pecan_wsgi/hooks/policy_enforcement.py:259
2025-12-03 22:49:44.996 13 DEBUG neutron.pecan_wsgi.hooks.policy_enforcement [None req-e6d72df1-181b-43a1-b4bf-b0af6d58d4cd f02d735f9c704b2e8bde78ca5e15c788 ebdbc6bd6ac94fca9ac245c271bc304b - - default default] Attributes excluded by policy engine: ['standard_attr_id'] _exclude_attributes_by_policy /usr/lib/python3.9/site-packages/neutron/pecan_wsgi/hooks/policy_enforcement.py:259
2025-12-03 22:49:45.005 13 DEBUG neutron.pecan_wsgi.hooks.policy_enforcement [None req-e6d72df1-181b-43a1-b4bf-b0af6d58d4cd f02d735f9c704b2e8bde78ca5e15c788 ebdbc6bd6ac94fca9ac245c271bc304b - - default default] Attributes excluded by policy engine: ['standard_attr_id'] _exclude_attributes_by_policy /usr/lib/python3.9/site-packages/neutron/pecan_wsgi/hooks/policy_enforcement.py:259
2025-12-03 22:49:45.007 13 INFO neutron.wsgi [None req-e6d72df1-181b-43a1-b4bf-b0af6d58d4cd f02d735f9c704b2e8bde78ca5e15c788 ebdbc6bd6ac94fca9ac245c271bc304b - - default default] 10.128.1.90,10.128.0.2,::1 "GET /v2.0/networks HTTP/1.1" status: 200 len: 4009 time: 0.3495879
2025-12-03 22:49:50.133 13 DEBUG neutron.wsgi [None req-1ce3b51a-5139-4b50-a6a6-8cb7789f07aa d87ba3f0156c4497bd935576d0e8f8cd 86b65474d4544ed68efb10a9bb276b2d - - default default] https://neutron-internal.openstack.svc:9696/v2.0/extensions returned with HTTP 200 __call__ /usr/lib/python3.9/site-packages/neutron/wsgi.py:730
2025-12-03 22:49:50.134 13 INFO neutron.wsgi [None req-1ce3b51a-5139-4b50-a6a6-8cb7789f07aa d87ba3f0156c4497bd935576d0e8f8cd 86b65474d4544ed68efb10a9bb276b2d - - default default] 10.128.1.5,::1 "GET /v2.0/extensions HTTP/1.1" status: 200 len: 17570 time: 0.0708280
2025-12-03 22:49:53.187 12 INFO neutron.wsgi [None req-0700fc00-6520-44f4-be34-43e63b0ee904 f02d735f9c704b2e8bde78ca5e15c788 ebdbc6bd6ac94fca9ac245c271bc304b - - default default] 10.128.0.2,::1 "GET / HTTP/1.1" status: 200 len: 255 time: 0.0019238
2025-12-03 22:49:53.187 13 INFO neutron.wsgi [None req-1ce3b51a-5139-4b50-a6a6-8cb7789f07aa d87ba3f0156c4497bd935576d0e8f8cd 86b65474d4544ed68efb10a9bb276b2d - - default default] 10.128.0.2,::1 "GET / HTTP/1.1" status: 200 len: 255 time: 0.0015574
2025-12-03 22:49:53.190 12 INFO neutron.wsgi [None req-e5f3cfb0-f504-490b-acdb-26fedad5c434 f02d735f9c704b2e8bde78ca5e15c788 ebdbc6bd6ac94fca9ac245c271bc304b - - default default] 10.128.0.2,::1 "GET / HTTP/1.1" status: 200 len: 255 time: 0.0015395
2025-12-03 22:50:03.503 12 DEBUG futurist.periodics [-] Submitting periodic callback 'neutron.plugins.ml2.drivers.ovn.mech_driver.ovsdb.maintenance.HashRingHealthCheckPeriodics.touch_hash_ring_nodes' _process_scheduled /usr/lib/python3.9/site-packages/futurist/periodics.py:638
