2025-12-03 22:35:27.159 12 DEBUG neutron.common.ovn.hash_ring_manager [None req-1f43759b-bd8e-40b2-8fbe-c87337ea8022 - - - - - -] Hash Ring loaded. 2 active nodes. 0 offline nodes _load_hash_ring /usr/lib/python3.9/site-packages/neutron/common/ovn/hash_ring_manager.py:99
2025-12-03 22:35:27.160 13 DEBUG neutron.common.ovn.hash_ring_manager [None req-f1ae8fe5-7e22-4093-b6e5-c9f542224277 - - - - - -] Hash Ring loaded. 2 active nodes. 0 offline nodes _load_hash_ring /usr/lib/python3.9/site-packages/neutron/common/ovn/hash_ring_manager.py:99
2025-12-03 22:35:27.161 15 DEBUG neutron.common.ovn.hash_ring_manager [-] Hash Ring loaded. 2 active nodes. 0 offline nodes _load_hash_ring /usr/lib/python3.9/site-packages/neutron/common/ovn/hash_ring_manager.py:99
2025-12-03 22:35:27.166 13 DEBUG neutron.plugins.ml2.drivers.ovn.mech_driver.ovsdb.ovsdb_monitor [None req-f1ae8fe5-7e22-4093-b6e5-c9f542224277 - - - - - -] Hash Ring: Node 8cd04fac-049e-40d5-874e-e74696d39a13 (host: neutron-56f6c98b97-zjmbp) handling event "update" for row 1e84f36b-7378-4ed2-a3f1-d3da0fad7702 (table: Database) notify /usr/lib/python3.9/site-packages/neutron/plugins/ml2/drivers/ovn/mech_driver/ovsdb/ovsdb_monitor.py:777
2025-12-03 22:35:27.167 13 DEBUG neutron.plugins.ml2.drivers.ovn.mech_driver.ovsdb.ovsdb_monitor [None req-f1ae8fe5-7e22-4093-b6e5-c9f542224277 - - - - - -] Hash Ring: Node 8cd04fac-049e-40d5-874e-e74696d39a13 (host: neutron-56f6c98b97-zjmbp) handling event "update" for row 1e84f36b-7378-4ed2-a3f1-d3da0fad7702 (table: Database) notify /usr/lib/python3.9/site-packages/neutron/plugins/ml2/drivers/ovn/mech_driver/ovsdb/ovsdb_monitor.py:777
2025-12-03 22:35:33.001 17 DEBUG futurist.periodics [None req-fea93a0f-8658-4f86-89af-fa1feb1cfade - - - - - -] Submitting periodic callback 'neutron.plugins.ml2.drivers.ovn.mech_driver.ovsdb.maintenance.DBInconsistenciesPeriodics.check_router_mac_binding_options' _process_scheduled /usr/lib/python3.9/site-packages/futurist/periodics.py:638
2025-12-03 22:35:33.002 17 DEBUG futurist.periodics [None req-fea93a0f-8658-4f86-89af-fa1feb1cfade - - - - - -] Periodic callback 'neutron.plugins.ml2.drivers.ovn.mech_driver.ovsdb.maintenance.DBInconsistenciesPeriodics.check_router_mac_binding_options' raised 'NeverAgain' exception, stopping any further execution of it. _on_done /usr/lib/python3.9/site-packages/futurist/periodics.py:710
2025-12-03 22:35:33.002 17 DEBUG futurist.periodics [None req-fea93a0f-8658-4f86-89af-fa1feb1cfade - - - - - -] Submitting periodic callback 'neutron.plugins.ml2.drivers.ovn.mech_driver.ovsdb.maintenance.DBInconsistenciesPeriodics.update_port_qos_with_external_ids_reference' _process_scheduled /usr/lib/python3.9/site-packages/futurist/periodics.py:638
2025-12-03 22:35:33.003 17 DEBUG futurist.periodics [None req-fea93a0f-8658-4f86-89af-fa1feb1cfade - - - - - -] Periodic callback 'neutron.plugins.ml2.drivers.ovn.mech_driver.ovsdb.maintenance.DBInconsistenciesPeriodics.update_port_qos_with_external_ids_reference' raised 'NeverAgain' exception, stopping any further execution of it. _on_done /usr/lib/python3.9/site-packages/futurist/periodics.py:710
2025-12-03 22:35:33.003 17 DEBUG futurist.periodics [None req-fea93a0f-8658-4f86-89af-fa1feb1cfade - - - - - -] Submitting periodic callback 'neutron.plugins.ml2.drivers.ovn.mech_driver.ovsdb.maintenance.DBInconsistenciesPeriodics.update_port_virtual_type' _process_scheduled /usr/lib/python3.9/site-packages/futurist/periodics.py:638
2025-12-03 22:35:33.004 17 DEBUG futurist.periodics [None req-fea93a0f-8658-4f86-89af-fa1feb1cfade - - - - - -] Periodic callback 'neutron.plugins.ml2.drivers.ovn.mech_driver.ovsdb.maintenance.DBInconsistenciesPeriodics.update_port_virtual_type' raised 'NeverAgain' exception, stopping any further execution of it. _on_done /usr/lib/python3.9/site-packages/futurist/periodics.py:710
2025-12-03 22:35:33.005 17 DEBUG futurist.periodics [None req-fea93a0f-8658-4f86-89af-fa1feb1cfade - - - - - -] Submitting periodic callback 'neutron.plugins.ml2.drivers.ovn.mech_driver.ovsdb.maintenance.DBInconsistenciesPeriodics.check_for_inconsistencies' _process_scheduled /usr/lib/python3.9/site-packages/futurist/periodics.py:638
2025-12-03 22:35:33.162 17 DEBUG neutron.plugins.ml2.drivers.ovn.mech_driver.ovsdb.maintenance [None req-fea93a0f-8658-4f86-89af-fa1feb1cfade - - - - - -] Maintenance task: Synchronizing Neutron and OVN databases check_for_inconsistencies /usr/lib/python3.9/site-packages/neutron/plugins/ml2/drivers/ovn/mech_driver/ovsdb/maintenance.py:392
2025-12-03 22:35:33.163 17 DEBUG neutron.plugins.ml2.drivers.ovn.mech_driver.ovsdb.maintenance [None req-fea93a0f-8658-4f86-89af-fa1feb1cfade - - - - - -] Maintenance task: Number of inconsistencies found at create/update: networks=2, security_groups=4, routers=1 _log /usr/lib/python3.9/site-packages/neutron/plugins/ml2/drivers/ovn/mech_driver/ovsdb/maintenance.py:373
2025-12-03 22:35:33.163 17 DEBUG neutron.plugins.ml2.drivers.ovn.mech_driver.ovsdb.maintenance [None req-fea93a0f-8658-4f86-89af-fa1feb1cfade - - - - - -] Maintenance task: Fixing resource 27d6c5e6-f9ae-4cab-9ef3-af7441386ba8 (type: networks) at create/update check_for_inconsistencies /usr/lib/python3.9/site-packages/neutron/plugins/ml2/drivers/ovn/mech_driver/ovsdb/maintenance.py:402
2025-12-03 22:35:33.248 17 DEBUG ovsdbapp.backend.ovs_idl.transaction [-] Running txn n=1 command(idx=0): CheckRevisionNumberCommand(_result=None, name=neutron-27d6c5e6-f9ae-4cab-9ef3-af7441386ba8, resource={'id': '27d6c5e6-f9ae-4cab-9ef3-af7441386ba8', 'name': 'octavia-provider-net', 'tenant_id': 'ebdbc6bd6ac94fca9ac245c271bc304b', 'admin_state_up': True, 'mtu': 1500, 'status': 'ACTIVE', 'subnets': ['63eed6df-167b-4772-824e-2ad27370cd77'], 'standard_attr_id': 48, 'shared': False, 'availability_zone_hints': [], 'availability_zones': [], 'ipv4_address_scope': None, 'ipv6_address_scope': None, 'router:external': True, 'vlan_transparent': False, 'description': 'LBaaS Management Provider Network', 'qos_policy_id': None, 'port_security_enabled': True, 'dns_domain': '', 'l2_adjacency': True, 'is_default': False, 'tags': [], 'created_at': '2025-12-03T22:30:11Z', 'updated_at': '2025-12-03T22:30:14Z', 'revision_number': 3, 'project_id': 'ebdbc6bd6ac94fca9ac245c271bc304b', 'provider:network_type': 'flat', 'provider:physical_network': 'octavia', 'provider:segmentation_id': None}, resource_type=networks, if_exists=True) do_commit /usr/lib/python3.9/site-packages/ovsdbapp/backend/ovs_idl/transaction.py:89
2025-12-03 22:35:33.248 17 DEBUG ovsdbapp.backend.ovs_idl.transaction [-] Running txn n=1 command(idx=1): DbSetCommand(_result=None, table=Logical_Switch, record=neutron-27d6c5e6-f9ae-4cab-9ef3-af7441386ba8, col_values=(('external_ids', {'neutron:network_name': 'octavia-provider-net', 'neutron:mtu': '1500', 'neutron:revision_number': '3', 'neutron:availability_zone_hints': ''}), ('other_config', {'mcast_snoop': 'true', 'mcast_flood_unregistered': 'false', 'vlan-passthru': 'false'})), if_exists=True) do_commit /usr/lib/python3.9/site-packages/ovsdbapp/backend/ovs_idl/transaction.py:89
2025-12-03 22:35:33.249 17 DEBUG ovsdbapp.backend.ovs_idl.transaction [-] Running txn n=1 command(idx=2): SetLSwitchPortCommand(_result=None, lport=provnet-e25faeeb-87c9-4f9b-b230-49458319eb00, external_ids_update=None, columns={'tag': []}, if_exists=True) do_commit /usr/lib/python3.9/site-packages/ovsdbapp/backend/ovs_idl/transaction.py:89
2025-12-03 22:35:33.271 15 DEBUG neutron.common.ovn.hash_ring_manager [-] Hash Ring loaded. 2 active nodes. 0 offline nodes _load_hash_ring /usr/lib/python3.9/site-packages/neutron/common/ovn/hash_ring_manager.py:99
2025-12-03 22:35:33.272 12 DEBUG neutron.common.ovn.hash_ring_manager [None req-586ce13f-688a-45c2-992d-ca968545b676 - - - - - -] Hash Ring loaded. 2 active nodes. 0 offline nodes _load_hash_ring /usr/lib/python3.9/site-packages/neutron/common/ovn/hash_ring_manager.py:99
2025-12-03 22:35:33.274 13 DEBUG neutron.common.ovn.hash_ring_manager [None req-18fa5070-089d-486e-abc2-360f879986be - - - - - -] Hash Ring loaded. 2 active nodes. 0 offline nodes _load_hash_ring /usr/lib/python3.9/site-packages/neutron/common/ovn/hash_ring_manager.py:99
2025-12-03 22:35:33.282 12 DEBUG neutron.plugins.ml2.drivers.ovn.mech_driver.ovsdb.ovsdb_monitor [None req-586ce13f-688a-45c2-992d-ca968545b676 - - - - - -] Hash Ring: Node dbc539e4-dd4d-4086-8389-17dc28e9ffbb (host: neutron-56f6c98b97-zjmbp) handling event "update" for row 6f4bb9df-c6f6-4d32-8aa6-f01f15cedfc2 (table: Logical_Switch) notify /usr/lib/python3.9/site-packages/neutron/plugins/ml2/drivers/ovn/mech_driver/ovsdb/ovsdb_monitor.py:777
2025-12-03 22:35:33.284 13 DEBUG neutron.plugins.ml2.drivers.ovn.mech_driver.ovsdb.ovsdb_monitor [None req-18fa5070-089d-486e-abc2-360f879986be - - - - - -] Hash Ring: Node 8cd04fac-049e-40d5-874e-e74696d39a13 (host: neutron-56f6c98b97-zjmbp) handling event "update" for row 6068ccc8-8903-437b-8d75-d5f519ebcb66 (table: Database) notify /usr/lib/python3.9/site-packages/neutron/plugins/ml2/drivers/ovn/mech_driver/ovsdb/ovsdb_monitor.py:777
2025-12-03 22:35:33.323 17 INFO neutron.db.ovn_revision_numbers_db [None req-fea93a0f-8658-4f86-89af-fa1feb1cfade - - - - - -] Successfully bumped revision number for resource 27d6c5e6-f9ae-4cab-9ef3-af7441386ba8 (type: networks) to 3
2025-12-03 22:35:33.324 17 DEBUG neutron.plugins.ml2.drivers.ovn.mech_driver.ovsdb.maintenance [None req-fea93a0f-8658-4f86-89af-fa1feb1cfade - - - - - -] Maintenance task: Fixing resource b89f2fd9-83f4-4e8a-add1-895d374fb791 (type: networks) at create/update check_for_inconsistencies /usr/lib/python3.9/site-packages/neutron/plugins/ml2/drivers/ovn/mech_driver/ovsdb/maintenance.py:402
2025-12-03 22:35:33.384 17 DEBUG ovsdbapp.backend.ovs_idl.transaction [-] Running txn n=1 command(idx=0): CheckRevisionNumberCommand(_result=None, name=neutron-b89f2fd9-83f4-4e8a-add1-895d374fb791, resource={'id': 'b89f2fd9-83f4-4e8a-add1-895d374fb791', 'name': 'lb-mgmt-net', 'tenant_id': '287bb4deac5947ca983293ae47928819', 'admin_state_up': True, 'mtu': 1442, 'status': 'ACTIVE', 'subnets': ['5da97999-02c6-4a72-8b4b-26206fe40c78'], 'standard_attr_id': 22, 'shared': False, 'availability_zone_hints': [], 'availability_zones': [], 'ipv4_address_scope': None, 'ipv6_address_scope': None, 'router:external': False, 'vlan_transparent': False, 'description': 'LBaaS Management Network', 'qos_policy_id': None, 'port_security_enabled': True, 'dns_domain': '', 'l2_adjacency': True, 'tags': [], 'created_at': '2025-12-03T22:30:02Z', 'updated_at': '2025-12-03T22:30:04Z', 'revision_number': 2, 'project_id': '287bb4deac5947ca983293ae47928819', 'provider:network_type': 'geneve', 'provider:physical_network': None, 'provider:segmentation_id': 10545}, resource_type=networks, if_exists=True) do_commit /usr/lib/python3.9/site-packages/ovsdbapp/backend/ovs_idl/transaction.py:89
2025-12-03 22:35:33.385 17 DEBUG ovsdbapp.backend.ovs_idl.transaction [-] Running txn n=1 command(idx=1): DbSetCommand(_result=None, table=Logical_Switch, record=neutron-b89f2fd9-83f4-4e8a-add1-895d374fb791, col_values=(('external_ids', {'neutron:network_name': 'lb-mgmt-net', 'neutron:mtu': '1442', 'neutron:revision_number': '2', 'neutron:availability_zone_hints': ''}), ('other_config', {'mcast_snoop': 'true', 'mcast_flood_unregistered': 'false', 'vlan-passthru': 'false'})), if_exists=True) do_commit /usr/lib/python3.9/site-packages/ovsdbapp/backend/ovs_idl/transaction.py:89
2025-12-03 22:35:33.385 17 DEBUG ovsdbapp.backend.ovs_idl.transaction [-] Running txn n=1 command(idx=2): SetLSwitchPortCommand(_result=None, lport=provnet-2265bed0-cf6a-47cf-a675-12d6044c3cfc, external_ids_update=None, columns={'tag': 10545}, if_exists=True) do_commit /usr/lib/python3.9/site-packages/ovsdbapp/backend/ovs_idl/transaction.py:89
2025-12-03 22:35:33.392 13 DEBUG neutron.plugins.ml2.drivers.ovn.mech_driver.ovsdb.ovsdb_monitor [None req-18fa5070-089d-486e-abc2-360f879986be - - - - - -] Hash Ring: Node 8cd04fac-049e-40d5-874e-e74696d39a13 (host: neutron-56f6c98b97-zjmbp) handling event "update" for row 6068ccc8-8903-437b-8d75-d5f519ebcb66 (table: Database) notify /usr/lib/python3.9/site-packages/neutron/plugins/ml2/drivers/ovn/mech_driver/ovsdb/ovsdb_monitor.py:777
2025-12-03 22:35:33.393 13 DEBUG neutron.plugins.ml2.drivers.ovn.mech_driver.ovsdb.ovsdb_monitor [None req-18fa5070-089d-486e-abc2-360f879986be - - - - - -] Hash Ring: Node 8cd04fac-049e-40d5-874e-e74696d39a13 (host: neutron-56f6c98b97-zjmbp) handling event "update" for row 12fc19e6-2cfa-4ac7-aeaa-04045d74cf0b (table: Logical_Switch) notify /usr/lib/python3.9/site-packages/neutron/plugins/ml2/drivers/ovn/mech_driver/ovsdb/ovsdb_monitor.py:777
2025-12-03 22:35:33.435 17 INFO neutron.db.ovn_revision_numbers_db [None req-fea93a0f-8658-4f86-89af-fa1feb1cfade - - - - - -] Successfully bumped revision number for resource b89f2fd9-83f4-4e8a-add1-895d374fb791 (type: networks) to 2
2025-12-03 22:35:33.436 17 DEBUG neutron.plugins.ml2.drivers.ovn.mech_driver.ovsdb.maintenance [None req-fea93a0f-8658-4f86-89af-fa1feb1cfade - - - - - -] Maintenance task: Fixing resource 9b207af5-32e8-4fd4-96d8-12e8c2ec3d08 (type: security_groups) at create/update check_for_inconsistencies /usr/lib/python3.9/site-packages/neutron/plugins/ml2/drivers/ovn/mech_driver/ovsdb/maintenance.py:402
2025-12-03 22:35:33.448 12 DEBUG futurist.periodics [-] Submitting periodic callback 'neutron.plugins.ml2.drivers.ovn.mech_driver.ovsdb.maintenance.HashRingHealthCheckPeriodics.touch_hash_ring_nodes' _process_scheduled /usr/lib/python3.9/site-packages/futurist/periodics.py:638
2025-12-03 22:35:33.504 17 INFO neutron.db.ovn_revision_numbers_db [None req-fea93a0f-8658-4f86-89af-fa1feb1cfade - - - - - -] Successfully bumped revision number for resource 9b207af5-32e8-4fd4-96d8-12e8c2ec3d08 (type: security_groups) to 5
2025-12-03 22:35:33.505 17 DEBUG neutron.plugins.ml2.drivers.ovn.mech_driver.ovsdb.maintenance [None req-fea93a0f-8658-4f86-89af-fa1feb1cfade - - - - - -] Maintenance task: Fixing resource 4c90b179-567e-4c14-8b6d-c1f5586f354d (type: security_groups) at create/update check_for_inconsistencies /usr/lib/python3.9/site-packages/neutron/plugins/ml2/drivers/ovn/mech_driver/ovsdb/maintenance.py:402
2025-12-03 22:35:33.555 17 INFO neutron.db.ovn_revision_numbers_db [None req-fea93a0f-8658-4f86-89af-fa1feb1cfade - - - - - -] Successfully bumped revision number for resource 4c90b179-567e-4c14-8b6d-c1f5586f354d (type: security_groups) to 7
2025-12-03 22:35:33.556 17 DEBUG neutron.plugins.ml2.drivers.ovn.mech_driver.ovsdb.maintenance [None req-fea93a0f-8658-4f86-89af-fa1feb1cfade - - - - - -] Maintenance task: Fixing resource abb519de-62f1-4a60-b130-17c6533c43c0 (type: security_groups) at create/update check_for_inconsistencies /usr/lib/python3.9/site-packages/neutron/plugins/ml2/drivers/ovn/mech_driver/ovsdb/maintenance.py:402
2025-12-03 22:35:33.623 17 INFO neutron.db.ovn_revision_numbers_db [None req-fea93a0f-8658-4f86-89af-fa1feb1cfade - - - - - -] Successfully bumped revision number for resource abb519de-62f1-4a60-b130-17c6533c43c0 (type: security_groups) to 7
2025-12-03 22:35:33.624 17 DEBUG neutron.plugins.ml2.drivers.ovn.mech_driver.ovsdb.maintenance [None req-fea93a0f-8658-4f86-89af-fa1feb1cfade - - - - - -] Maintenance task: Fixing resource 6a4b9c7d-c837-4a64-8002-79c26dcb607d (type: security_groups) at create/update check_for_inconsistencies /usr/lib/python3.9/site-packages/neutron/plugins/ml2/drivers/ovn/mech_driver/ovsdb/maintenance.py:402
2025-12-03 22:35:33.666 17 INFO neutron.db.ovn_revision_numbers_db [None req-fea93a0f-8658-4f86-89af-fa1feb1cfade - - - - - -] Successfully bumped revision number for resource 6a4b9c7d-c837-4a64-8002-79c26dcb607d (type: security_groups) to 5
2025-12-03 22:35:33.667 17 DEBUG neutron.plugins.ml2.drivers.ovn.mech_driver.ovsdb.maintenance [None req-fea93a0f-8658-4f86-89af-fa1feb1cfade - - - - - -] Maintenance task: Fixing resource a8115687-611d-4ea5-9dd4-2fad30f6f8a2 (type: routers) at create/update check_for_inconsistencies /usr/lib/python3.9/site-packages/neutron/plugins/ml2/drivers/ovn/mech_driver/ovsdb/maintenance.py:402
2025-12-03 22:35:34.376 17 DEBUG neutron.plugins.ml2.drivers.ovn.mech_driver.ovsdb.ovn_client [None req-fea93a0f-8658-4f86-89af-fa1feb1cfade - - - - - -] Chassis candidates for scheduling gateway router ports for "octavia" physical network: ['46c62401-60f8-44a7-b79a-054e7e306e3b'] get_candidates_for_scheduling /usr/lib/python3.9/site-packages/neutron/plugins/ml2/drivers/ovn/mech_driver/ovsdb/ovn_client.py:1568
2025-12-03 22:35:34.377 17 DEBUG neutron.scheduler.l3_ovn_scheduler [None req-fea93a0f-8658-4f86-89af-fa1feb1cfade - - - - - -] Gateway lrp-713dda74-7375-4b51-89da-ba98b4a27005 scheduled on chassis ['46c62401-60f8-44a7-b79a-054e7e306e3b'] _schedule_gateway /usr/lib/python3.9/site-packages/neutron/scheduler/l3_ovn_scheduler.py:85
2025-12-03 22:35:34.378 17 DEBUG ovsdbapp.backend.ovs_idl.transaction [-] Running txn n=1 command(idx=0): CheckRevisionNumberCommand(_result=None, name=neutron-a8115687-611d-4ea5-9dd4-2fad30f6f8a2, resource={'id': 'a8115687-611d-4ea5-9dd4-2fad30f6f8a2', 'name': 'octavia-link-router', 'tenant_id': 'ebdbc6bd6ac94fca9ac245c271bc304b', 'admin_state_up': True, 'status': 'ACTIVE', 'external_gateway_info': {'network_id': '27d6c5e6-f9ae-4cab-9ef3-af7441386ba8', 'external_fixed_ips': [{'subnet_id': '63eed6df-167b-4772-824e-2ad27370cd77', 'ip_address': '172.23.0.150'}], 'enable_snat': False}, 'gw_port_id': '713dda74-7375-4b51-89da-ba98b4a27005', 'description': '', 'availability_zones': [], 'distributed': True, 'ha': False, 'ha_vr_id': 0, 'availability_zone_hints': [], 'routes': [], 'tags': [], 'created_at': '2025-12-03T22:30:17Z', 'updated_at': '2025-12-03T22:30:21Z', 'revision_number': 4, 'project_id': 'ebdbc6bd6ac94fca9ac245c271bc304b'}, resource_type=routers, if_exists=True) do_commit /usr/lib/python3.9/site-packages/ovsdbapp/backend/ovs_idl/transaction.py:89
2025-12-03 22:35:34.378 17 DEBUG ovsdbapp.backend.ovs_idl.transaction [-] Running txn n=1 command(idx=1): AddLRouterPortCommand(_result=None, name=lrp-713dda74-7375-4b51-89da-ba98b4a27005, lrouter=neutron-a8115687-611d-4ea5-9dd4-2fad30f6f8a2, may_exist=True, columns={'mac': 'fa:16:3e:93:6b:3f', 'networks': ['172.23.0.150/24'], 'external_ids': {'neutron:revision_number': '4', 'neutron:subnet_ids': '63eed6df-167b-4772-824e-2ad27370cd77', 'neutron:network_name': 'neutron-27d6c5e6-f9ae-4cab-9ef3-af7441386ba8', 'neutron:is_ext_gw': 'True', 'neutron:router_name': 'a8115687-611d-4ea5-9dd4-2fad30f6f8a2'}, 'options': {}, 'gateway_chassis': ['46c62401-60f8-44a7-b79a-054e7e306e3b']}) do_commit /usr/lib/python3.9/site-packages/ovsdbapp/backend/ovs_idl/transaction.py:89
2025-12-03 22:35:34.378 17 DEBUG ovsdbapp.backend.ovs_idl.transaction [-] Running txn n=1 command(idx=2): SetLRouterPortInLSwitchPortCommand(_result=None, lswitch_port=713dda74-7375-4b51-89da-ba98b4a27005, lrouter_port=lrp-713dda74-7375-4b51-89da-ba98b4a27005, is_gw_port=True, if_exists=True, lsp_address=router) do_commit /usr/lib/python3.9/site-packages/ovsdbapp/backend/ovs_idl/transaction.py:89
2025-12-03 22:35:34.379 17 DEBUG ovsdbapp.backend.ovs_idl.transaction [-] Running txn n=1 command(idx=3): UpdateLRouterCommand(_result=None, name=neutron-a8115687-611d-4ea5-9dd4-2fad30f6f8a2, columns={'external_ids': {'neutron:router_name': 'octavia-link-router', 'neutron:gw_port_id': '713dda74-7375-4b51-89da-ba98b4a27005', 'neutron:revision_number': '4', 'neutron:availability_zone_hints': '', 'neutron:gw_network_id': '27d6c5e6-f9ae-4cab-9ef3-af7441386ba8'}, 'enabled': True}, if_exists=True) do_commit /usr/lib/python3.9/site-packages/ovsdbapp/backend/ovs_idl/transaction.py:89
2025-12-03 22:35:34.379 17 DEBUG ovsdbapp.backend.ovs_idl.transaction [-] Running txn n=1 command(idx=4): QoSDelCommand(_result=None, switch=neutron-27d6c5e6-f9ae-4cab-9ef3-af7441386ba8, conditions=[('direction', '=', 'from-lport'), ('priority', '=', 2002), ('match', '=', 'inport == "713dda74-7375-4b51-89da-ba98b4a27005"')], if_exists=True) do_commit /usr/lib/python3.9/site-packages/ovsdbapp/backend/ovs_idl/transaction.py:89
2025-12-03 22:35:34.379 17 DEBUG ovsdbapp.backend.ovs_idl.transaction [-] Running txn n=1 command(idx=5): QoSDelCommand(_result=None, switch=neutron-27d6c5e6-f9ae-4cab-9ef3-af7441386ba8, conditions=[('direction', '=', 'to-lport'), ('priority', '=', 2002), ('match', '=', 'outport == "713dda74-7375-4b51-89da-ba98b4a27005"')], if_exists=True) do_commit /usr/lib/python3.9/site-packages/ovsdbapp/backend/ovs_idl/transaction.py:89
2025-12-03 22:35:34.393 13 DEBUG neutron.plugins.ml2.drivers.ovn.mech_driver.ovsdb.ovsdb_monitor [None req-18fa5070-089d-486e-abc2-360f879986be - - - - - -] Hash Ring: Node 8cd04fac-049e-40d5-874e-e74696d39a13 (host: neutron-56f6c98b97-zjmbp) handling event "update" for row 6068ccc8-8903-437b-8d75-d5f519ebcb66 (table: Database) notify /usr/lib/python3.9/site-packages/neutron/plugins/ml2/drivers/ovn/mech_driver/ovsdb/ovsdb_monitor.py:777
2025-12-03 22:35:34.394 13 DEBUG neutron.plugins.ml2.drivers.ovn.mech_driver.ovsdb.ovsdb_monitor [None req-18fa5070-089d-486e-abc2-360f879986be - - - - - -] Hash Ring: Node 8cd04fac-049e-40d5-874e-e74696d39a13 (host: neutron-56f6c98b97-zjmbp) handling event "update" for row bace1ce0-9dea-4f91-95a2-25c4c41a9ac8 (table: Logical_Router) notify /usr/lib/python3.9/site-packages/neutron/plugins/ml2/drivers/ovn/mech_driver/ovsdb/ovsdb_monitor.py:777
2025-12-03 22:35:34.449 17 INFO neutron.db.ovn_revision_numbers_db [None req-fea93a0f-8658-4f86-89af-fa1feb1cfade - - - - - -] Successfully bumped revision number for resource a8115687-611d-4ea5-9dd4-2fad30f6f8a2 (type: routers) to 4
2025-12-03 22:35:34.507 17 INFO neutron.db.ovn_revision_numbers_db [None req-fea93a0f-8658-4f86-89af-fa1feb1cfade - - - - - -] Successfully bumped revision number for resource 713dda74-7375-4b51-89da-ba98b4a27005 (type: router_ports) to 4
2025-12-03 22:35:34.507 17 INFO neutron.plugins.ml2.drivers.ovn.mech_driver.ovsdb.maintenance [None req-fea93a0f-8658-4f86-89af-fa1feb1cfade - - - - - -] Maintenance task: Synchronization finished (took 1.34 seconds)
2025-12-03 22:35:34.508 17 DEBUG futurist.periodics [None req-fea93a0f-8658-4f86-89af-fa1feb1cfade - - - - - -] Submitting periodic callback 'neutron.plugins.ml2.drivers.ovn.mech_driver.ovsdb.maintenance.DBInconsistenciesPeriodics.remove_duplicated_chassis_registers' _process_scheduled /usr/lib/python3.9/site-packages/futurist/periodics.py:638
2025-12-03 22:35:47.184 13 INFO neutron.wsgi [None req-eca66e35-5259-4c91-a2e6-c840fc403193 6301cba904174eca840f9d74c4ce7273 287bb4deac5947ca983293ae47928819 - - default default] 10.128.1.65,::1 "GET /v2.0/floatingips HTTP/1.1" status: 200 len: 217 time: 2.0772746
2025-12-03 22:35:53.190 13 INFO neutron.wsgi [None req-eca66e35-5259-4c91-a2e6-c840fc403193 6301cba904174eca840f9d74c4ce7273 287bb4deac5947ca983293ae47928819 - - default default] 10.128.0.2,::1 "GET / HTTP/1.1" status: 200 len: 255 time: 0.0022583
2025-12-03 22:35:53.191 12 INFO neutron.wsgi [-] 10.128.0.2,::1 "GET / HTTP/1.1" status: 200 len: 255 time: 0.0009453
2025-12-03 22:35:53.190 12 INFO neutron.wsgi [None req-9b131ca6-6bde-486f-b232-32bfaa744ed9 f02d735f9c704b2e8bde78ca5e15c788 ebdbc6bd6ac94fca9ac245c271bc304b - - default default] 10.128.0.2,::1 "GET / HTTP/1.1" status: 200 len: 255 time: 0.0019047
2025-12-03 22:36:03.450 12 DEBUG futurist.periodics [-] Submitting periodic callback 'neutron.plugins.ml2.drivers.ovn.mech_driver.ovsdb.maintenance.HashRingHealthCheckPeriodics.touch_hash_ring_nodes' _process_scheduled /usr/lib/python3.9/site-packages/futurist/periodics.py:638
2025-12-03 22:36:23.189 12 INFO neutron.wsgi [-] 10.128.0.2,::1 "GET / HTTP/1.1" status: 200 len: 255 time: 0.0021088
2025-12-03 22:36:23.190 13 INFO neutron.wsgi [None req-eca66e35-5259-4c91-a2e6-c840fc403193 6301cba904174eca840f9d74c4ce7273 287bb4deac5947ca983293ae47928819 - - default default] 10.128.0.2,::1 "GET / HTTP/1.1" status: 200 len: 255 time: 0.0026433
2025-12-03 22:36:23.193 13 INFO neutron.wsgi [None req-1140b883-7e4b-49de-9430-7cb3e3d989a1 f02d735f9c704b2e8bde78ca5e15c788 ebdbc6bd6ac94fca9ac245c271bc304b - - default default] 10.128.0.2,::1 "GET / HTTP/1.1" status: 200 len: 255 time: 0.0013151
2025-12-03 22:36:33.195 15 DEBUG neutron.common.ovn.hash_ring_manager [-] Hash Ring loaded. 2 active nodes. 0 offline nodes _load_hash_ring /usr/lib/python3.9/site-packages/neutron/common/ovn/hash_ring_manager.py:99
2025-12-03 22:36:33.195 13 DEBUG neutron.common.ovn.hash_ring_manager [None req-f1ae8fe5-7e22-4093-b6e5-c9f542224277 - - - - - -] Hash Ring loaded. 2 active nodes. 0 offline nodes _load_hash_ring /usr/lib/python3.9/site-packages/neutron/common/ovn/hash_ring_manager.py:99
2025-12-03 22:36:33.196 12 DEBUG neutron.common.ovn.hash_ring_manager [None req-1f43759b-bd8e-40b2-8fbe-c87337ea8022 - - - - - -] Hash Ring loaded. 2 active nodes. 0 offline nodes _load_hash_ring /usr/lib/python3.9/site-packages/neutron/common/ovn/hash_ring_manager.py:99
2025-12-03 22:36:33.203 13 DEBUG neutron.plugins.ml2.drivers.ovn.mech_driver.ovsdb.ovsdb_monitor [None req-f1ae8fe5-7e22-4093-b6e5-c9f542224277 - - - - - -] Hash Ring: Node 8cd04fac-049e-40d5-874e-e74696d39a13 (host: neutron-56f6c98b97-zjmbp) handling event "update" for row 1e84f36b-7378-4ed2-a3f1-d3da0fad7702 (table: Database) notify /usr/lib/python3.9/site-packages/neutron/plugins/ml2/drivers/ovn/mech_driver/ovsdb/ovsdb_monitor.py:777
2025-12-03 22:36:33.204 13 DEBUG neutron.plugins.ml2.drivers.ovn.mech_driver.ovsdb.ovsdb_monitor [None req-f1ae8fe5-7e22-4093-b6e5-c9f542224277 - - - - - -] Hash Ring: Node 8cd04fac-049e-40d5-874e-e74696d39a13 (host: neutron-56f6c98b97-zjmbp) handling event "update" for row 1e84f36b-7378-4ed2-a3f1-d3da0fad7702 (table: Database) notify /usr/lib/python3.9/site-packages/neutron/plugins/ml2/drivers/ovn/mech_driver/ovsdb/ovsdb_monitor.py:777
2025-12-03 22:36:33.452 12 DEBUG futurist.periodics [-] Submitting periodic callback 'neutron.plugins.ml2.drivers.ovn.mech_driver.ovsdb.maintenance.HashRingHealthCheckPeriodics.touch_hash_ring_nodes' _process_scheduled /usr/lib/python3.9/site-packages/futurist/periodics.py:638
2025-12-03 22:36:34.547 13 DEBUG neutron.plugins.ml2.drivers.ovn.mech_driver.ovsdb.ovsdb_monitor [None req-f1ae8fe5-7e22-4093-b6e5-c9f542224277 - - - - - -] Hash Ring: Node 8cd04fac-049e-40d5-874e-e74696d39a13 (host: neutron-56f6c98b97-zjmbp) handling event "update" for row 1e84f36b-7378-4ed2-a3f1-d3da0fad7702 (table: Database) notify /usr/lib/python3.9/site-packages/neutron/plugins/ml2/drivers/ovn/mech_driver/ovsdb/ovsdb_monitor.py:777
2025-12-03 22:36:34.554 13 DEBUG neutron.plugins.ml2.drivers.ovn.mech_driver.ovsdb.ovsdb_monitor [None req-f1ae8fe5-7e22-4093-b6e5-c9f542224277 - - - - - -] Hash Ring: Node 8cd04fac-049e-40d5-874e-e74696d39a13 (host: neutron-56f6c98b97-zjmbp) handling event "update" for row 1e84f36b-7378-4ed2-a3f1-d3da0fad7702 (table: Database) notify /usr/lib/python3.9/site-packages/neutron/plugins/ml2/drivers/ovn/mech_driver/ovsdb/ovsdb_monitor.py:777
2025-12-03 22:36:36.550 13 DEBUG neutron.plugins.ml2.drivers.ovn.mech_driver.ovsdb.ovsdb_monitor [None req-f1ae8fe5-7e22-4093-b6e5-c9f542224277 - - - - - -] Hash Ring: Node 8cd04fac-049e-40d5-874e-e74696d39a13 (host: neutron-56f6c98b97-zjmbp) handling event "update" for row 1e84f36b-7378-4ed2-a3f1-d3da0fad7702 (table: Database) notify /usr/lib/python3.9/site-packages/neutron/plugins/ml2/drivers/ovn/mech_driver/ovsdb/ovsdb_monitor.py:777
2025-12-03 22:36:36.556 13 DEBUG neutron.plugins.ml2.drivers.ovn.mech_driver.ovsdb.ovsdb_monitor [None req-f1ae8fe5-7e22-4093-b6e5-c9f542224277 - - - - - -] Hash Ring: Node 8cd04fac-049e-40d5-874e-e74696d39a13 (host: neutron-56f6c98b97-zjmbp) handling event "update" for row 1e84f36b-7378-4ed2-a3f1-d3da0fad7702 (table: Database) notify /usr/lib/python3.9/site-packages/neutron/plugins/ml2/drivers/ovn/mech_driver/ovsdb/ovsdb_monitor.py:777
2025-12-03 22:36:53.188 13 INFO neutron.wsgi [None req-1140b883-7e4b-49de-9430-7cb3e3d989a1 f02d735f9c704b2e8bde78ca5e15c788 ebdbc6bd6ac94fca9ac245c271bc304b - - default default] 10.128.0.2,::1 "GET / HTTP/1.1" status: 200 len: 255 time: 0.0015330
2025-12-03 22:36:53.188 12 INFO neutron.wsgi [-] 10.128.0.2,::1 "GET / HTTP/1.1" status: 200 len: 255 time: 0.0015368
2025-12-03 22:36:53.189 13 INFO neutron.wsgi [None req-eca66e35-5259-4c91-a2e6-c840fc403193 6301cba904174eca840f9d74c4ce7273 287bb4deac5947ca983293ae47928819 - - default default] 10.128.0.2,::1 "GET / HTTP/1.1" status: 200 len: 255 time: 0.0011089
2025-12-03 22:37:03.456 12 DEBUG futurist.periodics [-] Submitting periodic callback 'neutron.plugins.ml2.drivers.ovn.mech_driver.ovsdb.maintenance.HashRingHealthCheckPeriodics.touch_hash_ring_nodes' _process_scheduled /usr/lib/python3.9/site-packages/futurist/periodics.py:638
2025-12-03 22:37:23.191 13 INFO neutron.wsgi [None req-e49e1f70-92ed-4fc7-8fc5-177407873b81 f02d735f9c704b2e8bde78ca5e15c788 ebdbc6bd6ac94fca9ac245c271bc304b - - default default] 10.128.0.2,::1 "GET / HTTP/1.1" status: 200 len: 255 time: 0.0034482
2025-12-03 22:37:23.195 12 INFO neutron.wsgi [-] 10.128.0.2,::1 "GET / HTTP/1.1" status: 200 len: 255 time: 0.0024753
2025-12-03 22:37:23.196 13 INFO neutron.wsgi [-] 10.128.0.2,::1 "GET / HTTP/1.1" status: 200 len: 255 time: 0.0033646
2025-12-03 22:37:26.228 15 DEBUG neutron.common.ovn.hash_ring_manager [-] Hash Ring loaded. 2 active nodes. 0 offline nodes _load_hash_ring /usr/lib/python3.9/site-packages/neutron/common/ovn/hash_ring_manager.py:99
2025-12-03 22:37:26.228 12 DEBUG neutron.common.ovn.hash_ring_manager [None req-586ce13f-688a-45c2-992d-ca968545b676 - - - - - -] Hash Ring loaded. 2 active nodes. 0 offline nodes _load_hash_ring /usr/lib/python3.9/site-packages/neutron/common/ovn/hash_ring_manager.py:99
2025-12-03 22:37:26.229 15 DEBUG neutron.common.ovn.hash_ring_manager [-] Hash Ring loaded. 2 active nodes. 0 offline nodes _load_hash_ring /usr/lib/python3.9/site-packages/neutron/common/ovn/hash_ring_manager.py:99
2025-12-03 22:37:26.230 15 DEBUG neutron.plugins.ml2.drivers.ovn.mech_driver.ovsdb.ovsdb_monitor [-] ChassisAgentWriteEvent : Matched Chassis_Private, create, None None matches /usr/lib/python3.9/site-packages/neutron/plugins/ml2/drivers/ovn/mech_driver/ovsdb/ovsdb_monitor.py:63
2025-12-03 22:37:26.233 13 DEBUG neutron.common.ovn.hash_ring_manager [None req-f1ae8fe5-7e22-4093-b6e5-c9f542224277 - - - - - -] Hash Ring loaded. 2 active nodes. 0 offline nodes _load_hash_ring /usr/lib/python3.9/site-packages/neutron/common/ovn/hash_ring_manager.py:99
2025-12-03 22:37:26.234 13 DEBUG neutron.plugins.ml2.drivers.ovn.mech_driver.ovsdb.ovsdb_monitor [None req-f1ae8fe5-7e22-4093-b6e5-c9f542224277 - - - - - -] ChassisAgentWriteEvent : Matched Chassis_Private, create, None None matches /usr/lib/python3.9/site-packages/neutron/plugins/ml2/drivers/ovn/mech_driver/ovsdb/ovsdb_monitor.py:63
2025-12-03 22:37:26.235 12 DEBUG neutron.common.ovn.hash_ring_manager [None req-1f43759b-bd8e-40b2-8fbe-c87337ea8022 - - - - - -] Hash Ring loaded. 2 active nodes. 0 offline nodes _load_hash_ring /usr/lib/python3.9/site-packages/neutron/common/ovn/hash_ring_manager.py:99
2025-12-03 22:37:26.236 13 DEBUG neutron.common.ovn.hash_ring_manager [None req-18fa5070-089d-486e-abc2-360f879986be - - - - - -] Hash Ring loaded. 2 active nodes. 0 offline nodes _load_hash_ring /usr/lib/python3.9/site-packages/neutron/common/ovn/hash_ring_manager.py:99
2025-12-03 22:37:26.239 13 DEBUG neutron.plugins.ml2.drivers.ovn.mech_driver.ovsdb.ovsdb_monitor [None req-18fa5070-089d-486e-abc2-360f879986be - - - - - -] Hash Ring: Node 8cd04fac-049e-40d5-874e-e74696d39a13 (host: neutron-56f6c98b97-zjmbp) handling event "update" for row 6068ccc8-8903-437b-8d75-d5f519ebcb66 (table: Database) notify /usr/lib/python3.9/site-packages/neutron/plugins/ml2/drivers/ovn/mech_driver/ovsdb/ovsdb_monitor.py:777
2025-12-03 22:37:26.240 13 DEBUG neutron.plugins.ml2.drivers.ovn.mech_driver.ovsdb.ovsdb_monitor [None req-18fa5070-089d-486e-abc2-360f879986be - - - - - -] Hash Ring: Node 8cd04fac-049e-40d5-874e-e74696d39a13 (host: neutron-56f6c98b97-zjmbp) handling event "update" for row 9a7bafa9-3fb5-4a9f-91db-a1c9326c0667 (table: NB_Global) notify /usr/lib/python3.9/site-packages/neutron/plugins/ml2/drivers/ovn/mech_driver/ovsdb/ovsdb_monitor.py:777
2025-12-03 22:37:26.242 12 DEBUG neutron.plugins.ml2.drivers.ovn.mech_driver.ovsdb.ovsdb_monitor [None req-1f43759b-bd8e-40b2-8fbe-c87337ea8022 - - - - - -] Hash Ring: Node dbc539e4-dd4d-4086-8389-17dc28e9ffbb (host: neutron-56f6c98b97-zjmbp) handling event "create" for row 1dcda548-ec5d-48cd-a833-24765addec60 (table: Chassis) notify /usr/lib/python3.9/site-packages/neutron/plugins/ml2/drivers/ovn/mech_driver/ovsdb/ovsdb_monitor.py:777
2025-12-03 22:37:26.243 12 DEBUG ovsdbapp.backend.ovs_idl.event [None req-1f43759b-bd8e-40b2-8fbe-c87337ea8022 - - - - - -] Matched CREATE: ChassisEvent(events=('create', 'update', 'delete'), table='Chassis', conditions=None, old_conditions=None), priority=20 to row=Chassis(external_ids={}, nb_cfg=0, other_config={'ct-commit-nat-v2': 'true', 'ct-commit-to-zone': 'true', 'ct-next-zone': 'true', 'ct-no-masked-label': 'true', 'ct-state-save': 'true', 'datapath-type': 'system', 'fdb-timestamp': 'true', 'iface-types': 'bareudp,erspan,geneve,gre,gtpu,internal,ip6erspan,ip6gre,lisp,patch,srv6,stt,system,tap,vxlan', 'is-interconn': 'false', 'ls-dpg-column': 'true', 'mac-binding-timestamp': 'true', 'ovn-bridge-mappings': 'datacentre:br-ex', 'ovn-chassis-mac-mappings': 'datacentre:2e:0a:9f:7c:dc:b6', 'ovn-cms-options': '', 'ovn-ct-lb-related': 'true', 'ovn-enable-lflow-cache': 'true', 'ovn-limit-lflow-cache': '', 'ovn-memlimit-lflow-cache-kb': '', 'ovn-monitor-all': 'True', 'ovn-trim-limit-lflow-cache': '', 'ovn-trim-timeout-ms': '', 'ovn-trim-wmark-perc-lflow-cache': '', 'port-up-notif': 'true'}, encaps=[], vtep_logical_switches=[], hostname=edpm-compute-0.ctlplane.openstack.lab, name=64287722-b119-458e-9321-a9a6f806eb3a, transport_zones=[]) old= matches /usr/lib/python3.9/site-packages/ovsdbapp/backend/ovs_idl/event.py:43
2025-12-03 22:37:26.243 12 DEBUG neutron.plugins.ml2.drivers.ovn.mech_driver.ovsdb.ovsdb_monitor [None req-1f43759b-bd8e-40b2-8fbe-c87337ea8022 - - - - - -] ChassisAgentWriteEvent : Matched Chassis_Private, create, None None matches /usr/lib/python3.9/site-packages/neutron/plugins/ml2/drivers/ovn/mech_driver/ovsdb/ovsdb_monitor.py:63
2025-12-03 22:37:26.248 13 DEBUG neutron.plugins.ml2.drivers.ovn.mech_driver.ovsdb.ovsdb_monitor [None req-f1ae8fe5-7e22-4093-b6e5-c9f542224277 - - - - - -] Hash Ring: Node 8cd04fac-049e-40d5-874e-e74696d39a13 (host: neutron-56f6c98b97-zjmbp) handling event "create" for row 7cca20a8-2218-48ae-a83c-4e2f4196af18 (table: Chassis_Private) notify /usr/lib/python3.9/site-packages/neutron/plugins/ml2/drivers/ovn/mech_driver/ovsdb/ovsdb_monitor.py:777
2025-12-03 22:37:26.248 13 DEBUG neutron.plugins.ml2.drivers.ovn.mech_driver.ovsdb.ovsdb_monitor [None req-f1ae8fe5-7e22-4093-b6e5-c9f542224277 - - - - - -] Hash Ring: Node 8cd04fac-049e-40d5-874e-e74696d39a13 (host: neutron-56f6c98b97-zjmbp) handling event "create" for row c1cc07dc-4d60-4c49-9633-2132e18f2fc6 (table: Encap) notify /usr/lib/python3.9/site-packages/neutron/plugins/ml2/drivers/ovn/mech_driver/ovsdb/ovsdb_monitor.py:777
2025-12-03 22:37:26.249 13 DEBUG neutron.plugins.ml2.drivers.ovn.mech_driver.ovsdb.ovsdb_monitor [None req-f1ae8fe5-7e22-4093-b6e5-c9f542224277 - - - - - -] Hash Ring: Node 8cd04fac-049e-40d5-874e-e74696d39a13 (host: neutron-56f6c98b97-zjmbp) handling event "update" for row 1e84f36b-7378-4ed2-a3f1-d3da0fad7702 (table: Database) notify /usr/lib/python3.9/site-packages/neutron/plugins/ml2/drivers/ovn/mech_driver/ovsdb/ovsdb_monitor.py:777
2025-12-03 22:37:26.252 12 DEBUG oslo_concurrency.lockutils [None req-1e49632c-b74c-454b-aacc-0374b4094384 - - - - - -] Acquiring lock "update_segment_host_mapping" by "neutron.services.segments.db.update_segment_host_mapping" inner /usr/lib/python3.9/site-packages/oslo_concurrency/lockutils.py:404
2025-12-03 22:37:26.252 12 DEBUG oslo_concurrency.lockutils [None req-1e49632c-b74c-454b-aacc-0374b4094384 - - - - - -] Lock "update_segment_host_mapping" acquired by "neutron.services.segments.db.update_segment_host_mapping" :: waited 0.000s inner /usr/lib/python3.9/site-packages/oslo_concurrency/lockutils.py:409
2025-12-03 22:37:26.256 12 DEBUG neutron.services.segments.db [None req-1e49632c-b74c-454b-aacc-0374b4094384 - - - - - -] Segments set() mapped to the host edpm-compute-0.ctlplane.openstack.lab update_segment_host_mapping /usr/lib/python3.9/site-packages/neutron/services/segments/db.py:238
2025-12-03 22:37:26.257 12 DEBUG oslo_concurrency.lockutils [None req-1e49632c-b74c-454b-aacc-0374b4094384 - - - - - -] Lock "update_segment_host_mapping" "released" by "neutron.services.segments.db.update_segment_host_mapping" :: held 0.005s inner /usr/lib/python3.9/site-packages/oslo_concurrency/lockutils.py:423
2025-12-03 22:37:33.457 12 DEBUG futurist.periodics [-] Submitting periodic callback 'neutron.plugins.ml2.drivers.ovn.mech_driver.ovsdb.maintenance.HashRingHealthCheckPeriodics.touch_hash_ring_nodes' _process_scheduled /usr/lib/python3.9/site-packages/futurist/periodics.py:638
2025-12-03 22:37:34.001 15 DEBUG neutron.plugins.ml2.drivers.ovn.mech_driver.ovsdb.ovsdb_monitor [-] ChassisAgentWriteEvent : Matched Chassis_Private, update, None None matches /usr/lib/python3.9/site-packages/neutron/plugins/ml2/drivers/ovn/mech_driver/ovsdb/ovsdb_monitor.py:63
2025-12-03 22:37:34.002 12 DEBUG neutron.plugins.ml2.drivers.ovn.mech_driver.ovsdb.ovsdb_monitor [None req-1f43759b-bd8e-40b2-8fbe-c87337ea8022 - - - - - -] ChassisAgentWriteEvent : Matched Chassis_Private, update, None None matches /usr/lib/python3.9/site-packages/neutron/plugins/ml2/drivers/ovn/mech_driver/ovsdb/ovsdb_monitor.py:63
2025-12-03 22:37:34.002 13 DEBUG neutron.plugins.ml2.drivers.ovn.mech_driver.ovsdb.ovsdb_monitor [None req-f1ae8fe5-7e22-4093-b6e5-c9f542224277 - - - - - -] ChassisAgentWriteEvent : Matched Chassis_Private, update, None None matches /usr/lib/python3.9/site-packages/neutron/plugins/ml2/drivers/ovn/mech_driver/ovsdb/ovsdb_monitor.py:63
2025-12-03 22:37:34.004 13 DEBUG neutron.plugins.ml2.drivers.ovn.mech_driver.ovsdb.ovsdb_monitor [None req-f1ae8fe5-7e22-4093-b6e5-c9f542224277 - - - - - -] Hash Ring: Node 8cd04fac-049e-40d5-874e-e74696d39a13 (host: neutron-56f6c98b97-zjmbp) handling event "update" for row 7cca20a8-2218-48ae-a83c-4e2f4196af18 (table: Chassis_Private) notify /usr/lib/python3.9/site-packages/neutron/plugins/ml2/drivers/ovn/mech_driver/ovsdb/ovsdb_monitor.py:777
2025-12-03 22:37:34.006 13 DEBUG neutron.plugins.ml2.drivers.ovn.mech_driver.ovsdb.ovsdb_monitor [None req-f1ae8fe5-7e22-4093-b6e5-c9f542224277 - - - - - -] Hash Ring: Node 8cd04fac-049e-40d5-874e-e74696d39a13 (host: neutron-56f6c98b97-zjmbp) handling event "update" for row 1e84f36b-7378-4ed2-a3f1-d3da0fad7702 (table: Database) notify /usr/lib/python3.9/site-packages/neutron/plugins/ml2/drivers/ovn/mech_driver/ovsdb/ovsdb_monitor.py:777
2025-12-03 22:37:34.010 13 DEBUG neutron.plugins.ml2.drivers.ovn.mech_driver.ovsdb.ovsdb_monitor [None req-18fa5070-089d-486e-abc2-360f879986be - - - - - -] Hash Ring: Node 8cd04fac-049e-40d5-874e-e74696d39a13 (host: neutron-56f6c98b97-zjmbp) handling event "update" for row 6068ccc8-8903-437b-8d75-d5f519ebcb66 (table: Database) notify /usr/lib/python3.9/site-packages/neutron/plugins/ml2/drivers/ovn/mech_driver/ovsdb/ovsdb_monitor.py:777
2025-12-03 22:37:34.010 13 DEBUG neutron.plugins.ml2.drivers.ovn.mech_driver.ovsdb.ovsdb_monitor [None req-18fa5070-089d-486e-abc2-360f879986be - - - - - -] Hash Ring: Node 8cd04fac-049e-40d5-874e-e74696d39a13 (host: neutron-56f6c98b97-zjmbp) handling event "update" for row 9a7bafa9-3fb5-4a9f-91db-a1c9326c0667 (table: NB_Global) notify /usr/lib/python3.9/site-packages/neutron/plugins/ml2/drivers/ovn/mech_driver/ovsdb/ovsdb_monitor.py:777
2025-12-03 22:37:49.234 18 DEBUG neutron.db.agents_db [None req-367b9182-07ec-4640-a04e-ae7ca2404748 - - - - - -] Agent healthcheck: found 0 active agents agent_health_check /usr/lib/python3.9/site-packages/neutron/db/agents_db.py:317
2025-12-03 22:37:53.190 13 INFO neutron.wsgi [None req-e49e1f70-92ed-4fc7-8fc5-177407873b81 f02d735f9c704b2e8bde78ca5e15c788 ebdbc6bd6ac94fca9ac245c271bc304b - - default default] 10.128.0.2,::1 "GET / HTTP/1.1" status: 200 len: 255 time: 0.0019422
2025-12-03 22:37:53.192 13 INFO neutron.wsgi [-] 10.128.0.2,::1 "GET / HTTP/1.1" status: 200 len: 255 time: 0.0014448
2025-12-03 22:37:53.195 13 INFO neutron.wsgi [None req-eca66e35-5259-4c91-a2e6-c840fc403193 6301cba904174eca840f9d74c4ce7273 287bb4deac5947ca983293ae47928819 - - default default] 10.128.0.2,::1 "GET / HTTP/1.1" status: 200 len: 255 time: 0.0018649
2025-12-03 22:38:03.459 12 DEBUG futurist.periodics [-] Submitting periodic callback 'neutron.plugins.ml2.drivers.ovn.mech_driver.ovsdb.maintenance.HashRingHealthCheckPeriodics.touch_hash_ring_nodes' _process_scheduled /usr/lib/python3.9/site-packages/futurist/periodics.py:638
2025-12-03 22:38:23.188 13 INFO neutron.wsgi [None req-eca66e35-5259-4c91-a2e6-c840fc403193 6301cba904174eca840f9d74c4ce7273 287bb4deac5947ca983293ae47928819 - - default default] 10.128.0.2,::1 "GET / HTTP/1.1" status: 200 len: 255 time: 0.0017157
2025-12-03 22:38:23.190 13 INFO neutron.wsgi [None req-1140b883-7e4b-49de-9430-7cb3e3d989a1 f02d735f9c704b2e8bde78ca5e15c788 ebdbc6bd6ac94fca9ac245c271bc304b - - default default] 10.128.0.2,::1 "GET / HTTP/1.1" status: 200 len: 255 time: 0.0009360
2025-12-03 22:38:23.191 12 INFO neutron.wsgi [-] 10.128.0.2,::1 "GET / HTTP/1.1" status: 200 len: 255 time: 0.0018840
2025-12-03 22:38:33.460 12 DEBUG futurist.periodics [-] Submitting periodic callback 'neutron.plugins.ml2.drivers.ovn.mech_driver.ovsdb.maintenance.HashRingHealthCheckPeriodics.touch_hash_ring_nodes' _process_scheduled /usr/lib/python3.9/site-packages/futurist/periodics.py:638
2025-12-03 22:38:37.260 15 DEBUG neutron.common.ovn.hash_ring_manager [-] Hash Ring loaded. 2 active nodes. 0 offline nodes _load_hash_ring /usr/lib/python3.9/site-packages/neutron/common/ovn/hash_ring_manager.py:99
2025-12-03 22:38:37.262 13 DEBUG neutron.common.ovn.hash_ring_manager [None req-f1ae8fe5-7e22-4093-b6e5-c9f542224277 - - - - - -] Hash Ring loaded. 2 active nodes. 0 offline nodes _load_hash_ring /usr/lib/python3.9/site-packages/neutron/common/ovn/hash_ring_manager.py:99
2025-12-03 22:38:37.263 12 DEBUG neutron.common.ovn.hash_ring_manager [None req-1f43759b-bd8e-40b2-8fbe-c87337ea8022 - - - - - -] Hash Ring loaded. 2 active nodes. 0 offline nodes _load_hash_ring /usr/lib/python3.9/site-packages/neutron/common/ovn/hash_ring_manager.py:99
2025-12-03 22:38:37.268 13 DEBUG neutron.plugins.ml2.drivers.ovn.mech_driver.ovsdb.ovsdb_monitor [None req-f1ae8fe5-7e22-4093-b6e5-c9f542224277 - - - - - -] Hash Ring: Node 8cd04fac-049e-40d5-874e-e74696d39a13 (host: neutron-56f6c98b97-zjmbp) handling event "update" for row 7cca20a8-2218-48ae-a83c-4e2f4196af18 (table: Chassis_Private) notify /usr/lib/python3.9/site-packages/neutron/plugins/ml2/drivers/ovn/mech_driver/ovsdb/ovsdb_monitor.py:777
2025-12-03 22:38:37.269 13 DEBUG neutron.plugins.ml2.drivers.ovn.mech_driver.ovsdb.ovsdb_monitor [None req-f1ae8fe5-7e22-4093-b6e5-c9f542224277 - - - - - -] Hash Ring: Node 8cd04fac-049e-40d5-874e-e74696d39a13 (host: neutron-56f6c98b97-zjmbp) handling event "update" for row 1e84f36b-7378-4ed2-a3f1-d3da0fad7702 (table: Database) notify /usr/lib/python3.9/site-packages/neutron/plugins/ml2/drivers/ovn/mech_driver/ovsdb/ovsdb_monitor.py:777
2025-12-03 22:38:37.270 13 DEBUG neutron.plugins.ml2.drivers.ovn.mech_driver.ovsdb.ovsdb_monitor [None req-f1ae8fe5-7e22-4093-b6e5-c9f542224277 - - - - - -] Hash Ring: Node 8cd04fac-049e-40d5-874e-e74696d39a13 (host: neutron-56f6c98b97-zjmbp) handling event "update" for row 7cca20a8-2218-48ae-a83c-4e2f4196af18 (table: Chassis_Private) notify /usr/lib/python3.9/site-packages/neutron/plugins/ml2/drivers/ovn/mech_driver/ovsdb/ovsdb_monitor.py:777
2025-12-03 22:38:37.270 13 DEBUG neutron.plugins.ml2.drivers.ovn.mech_driver.ovsdb.ovsdb_monitor [None req-f1ae8fe5-7e22-4093-b6e5-c9f542224277 - - - - - -] Hash Ring: Node 8cd04fac-049e-40d5-874e-e74696d39a13 (host: neutron-56f6c98b97-zjmbp) handling event "update" for row 1e84f36b-7378-4ed2-a3f1-d3da0fad7702 (table: Database) notify /usr/lib/python3.9/site-packages/neutron/plugins/ml2/drivers/ovn/mech_driver/ovsdb/ovsdb_monitor.py:777
2025-12-03 22:38:53.190 13 INFO neutron.wsgi [None req-e49e1f70-92ed-4fc7-8fc5-177407873b81 f02d735f9c704b2e8bde78ca5e15c788 ebdbc6bd6ac94fca9ac245c271bc304b - - default default] 10.128.0.2,::1 "GET / HTTP/1.1" status: 200 len: 255 time: 0.0016489
2025-12-03 22:38:53.190 12 INFO neutron.wsgi [-] 10.128.0.2,::1 "GET / HTTP/1.1" status: 200 len: 255 time: 0.0024810
2025-12-03 22:38:53.195 12 INFO neutron.wsgi [None req-9b131ca6-6bde-486f-b232-32bfaa744ed9 f02d735f9c704b2e8bde78ca5e15c788 ebdbc6bd6ac94fca9ac245c271bc304b - - default default] 10.128.0.2,::1 "GET / HTTP/1.1" status: 200 len: 255 time: 0.0033216
2025-12-03 22:39:03.461 12 DEBUG futurist.periodics [-] Submitting periodic callback 'neutron.plugins.ml2.drivers.ovn.mech_driver.ovsdb.maintenance.HashRingHealthCheckPeriodics.touch_hash_ring_nodes' _process_scheduled /usr/lib/python3.9/site-packages/futurist/periodics.py:638
2025-12-03 22:39:23.194 12 INFO neutron.wsgi [-] 10.128.0.2,::1 "GET / HTTP/1.1" status: 200 len: 255 time: 0.0020893
2025-12-03 22:39:23.195 13 INFO neutron.wsgi [None req-1140b883-7e4b-49de-9430-7cb3e3d989a1 f02d735f9c704b2e8bde78ca5e15c788 ebdbc6bd6ac94fca9ac245c271bc304b - - default default] 10.128.0.2,::1 "GET / HTTP/1.1" status: 200 len: 255 time: 0.0081534
2025-12-03 22:39:23.197 13 INFO neutron.wsgi [None req-eca66e35-5259-4c91-a2e6-c840fc403193 6301cba904174eca840f9d74c4ce7273 287bb4deac5947ca983293ae47928819 - - default default] 10.128.0.2,::1 "GET / HTTP/1.1" status: 200 len: 255 time: 0.0010986
2025-12-03 22:39:33.463 12 DEBUG futurist.periodics [-] Submitting periodic callback 'neutron.plugins.ml2.drivers.ovn.mech_driver.ovsdb.maintenance.HashRingHealthCheckPeriodics.touch_hash_ring_nodes' _process_scheduled /usr/lib/python3.9/site-packages/futurist/periodics.py:638
2025-12-03 22:39:53.189 12 INFO neutron.wsgi [None req-9b131ca6-6bde-486f-b232-32bfaa744ed9 f02d735f9c704b2e8bde78ca5e15c788 ebdbc6bd6ac94fca9ac245c271bc304b - - default default] 10.128.0.2,::1 "GET / HTTP/1.1" status: 200 len: 255 time: 0.0016091
2025-12-03 22:39:53.190 13 INFO neutron.wsgi [None req-e49e1f70-92ed-4fc7-8fc5-177407873b81 f02d735f9c704b2e8bde78ca5e15c788 ebdbc6bd6ac94fca9ac245c271bc304b - - default default] 10.128.0.2,::1 "GET / HTTP/1.1" status: 200 len: 255 time: 0.0017717
2025-12-03 22:39:53.192 13 INFO neutron.wsgi [None req-eca66e35-5259-4c91-a2e6-c840fc403193 6301cba904174eca840f9d74c4ce7273 287bb4deac5947ca983293ae47928819 - - default default] 10.128.0.2,::1 "GET / HTTP/1.1" status: 200 len: 255 time: 0.0009475
2025-12-03 22:40:03.465 12 DEBUG futurist.periodics [-] Submitting periodic callback 'neutron.plugins.ml2.drivers.ovn.mech_driver.ovsdb.maintenance.HashRingHealthCheckPeriodics.touch_hash_ring_nodes' _process_scheduled /usr/lib/python3.9/site-packages/futurist/periodics.py:638
2025-12-03 22:40:23.188 13 INFO neutron.wsgi [None req-eca66e35-5259-4c91-a2e6-c840fc403193 6301cba904174eca840f9d74c4ce7273 287bb4deac5947ca983293ae47928819 - - default default] 10.128.0.2,::1 "GET / HTTP/1.1" status: 200 len: 255 time: 0.0017173
2025-12-03 22:40:23.193 12 INFO neutron.wsgi [None req-9b131ca6-6bde-486f-b232-32bfaa744ed9 f02d735f9c704b2e8bde78ca5e15c788 ebdbc6bd6ac94fca9ac245c271bc304b - - default default] 10.128.0.2,::1 "GET / HTTP/1.1" status: 200 len: 255 time: 0.0020125
2025-12-03 22:40:23.194 13 INFO neutron.wsgi [None req-eca66e35-5259-4c91-a2e6-c840fc403193 6301cba904174eca840f9d74c4ce7273 287bb4deac5947ca983293ae47928819 - - default default] 10.128.0.2,::1 "GET / HTTP/1.1" status: 200 len: 255 time: 0.0017788
2025-12-03 22:40:33.033 17 DEBUG futurist.periodics [None req-fea93a0f-8658-4f86-89af-fa1feb1cfade - - - - - -] Submitting periodic callback 'neutron.plugins.ml2.drivers.ovn.mech_driver.ovsdb.maintenance.DBInconsistenciesPeriodics.check_for_inconsistencies' _process_scheduled /usr/lib/python3.9/site-packages/futurist/periodics.py:638
2025-12-03 22:40:33.243 17 DEBUG neutron.plugins.ml2.drivers.ovn.mech_driver.ovsdb.maintenance [None req-fea93a0f-8658-4f86-89af-fa1feb1cfade - - - - - -] Maintenance task: No inconsistencies found. Skipping check_for_inconsistencies /usr/lib/python3.9/site-packages/neutron/plugins/ml2/drivers/ovn/mech_driver/ovsdb/maintenance.py:389
2025-12-03 22:40:33.466 12 DEBUG futurist.periodics [-] Submitting periodic callback 'neutron.plugins.ml2.drivers.ovn.mech_driver.ovsdb.maintenance.HashRingHealthCheckPeriodics.touch_hash_ring_nodes' _process_scheduled /usr/lib/python3.9/site-packages/futurist/periodics.py:638
2025-12-03 22:40:34.513 17 DEBUG futurist.periodics [None req-fea93a0f-8658-4f86-89af-fa1feb1cfade - - - - - -] Submitting periodic callback 'neutron.plugins.ml2.drivers.ovn.mech_driver.ovsdb.maintenance.DBInconsistenciesPeriodics.remove_duplicated_chassis_registers' _process_scheduled /usr/lib/python3.9/site-packages/futurist/periodics.py:638
2025-12-03 22:40:46.349 13 INFO neutron.wsgi [None req-a2fe40ef-565d-41a8-ab86-3361d0f70759 6301cba904174eca840f9d74c4ce7273 287bb4deac5947ca983293ae47928819 - - default default] 10.128.1.65,::1 "GET /v2.0/floatingips HTTP/1.1" status: 200 len: 217 time: 0.7889006
2025-12-03 22:40:53.188 13 INFO neutron.wsgi [None req-a2fe40ef-565d-41a8-ab86-3361d0f70759 6301cba904174eca840f9d74c4ce7273 287bb4deac5947ca983293ae47928819 - - default default] 10.128.0.2,::1 "GET / HTTP/1.1" status: 200 len: 255 time: 0.0015752
