+ sudo -E kolla_set_configs sudo: unable to send audit message: Operation not permitted INFO:__main__:Loading config file at /var/lib/kolla/config_files/config.json INFO:__main__:Validating config file INFO:__main__:Kolla config strategy set to: COPY_ALWAYS INFO:__main__:Copying service configuration files INFO:__main__:Deleting /etc/httpd/conf/httpd.conf INFO:__main__:Copying /var/lib/config-data/default/heat-cfnapi-httpd.conf to /etc/httpd/conf/httpd.conf INFO:__main__:Deleting /etc/httpd/conf.d/ssl.conf INFO:__main__:Copying /var/lib/config-data/default/ssl.conf to /etc/httpd/conf.d/ssl.conf INFO:__main__:Setting permission for /etc/httpd/conf.d/ssl.conf INFO:__main__:Copying /var/lib/config-data/tls/certs/internal.crt to /etc/pki/tls/certs/internal.crt INFO:__main__:Setting permission for /etc/pki/tls/certs/internal.crt INFO:__main__:Copying /var/lib/config-data/tls/certs/public.crt to /etc/pki/tls/certs/public.crt INFO:__main__:Setting permission for /etc/pki/tls/certs/public.crt INFO:__main__:Copying /var/lib/config-data/tls/private/internal.key to /etc/pki/tls/private/internal.key INFO:__main__:Setting permission for /etc/pki/tls/private/internal.key INFO:__main__:Copying /var/lib/config-data/tls/private/public.key to /etc/pki/tls/private/public.key INFO:__main__:Setting permission for /etc/pki/tls/private/public.key INFO:__main__:Writing out command to execute INFO:__main__:Setting permission for /etc/httpd/ INFO:__main__:Setting permission for /etc/httpd/conf INFO:__main__:Setting permission for /etc/httpd/conf.d INFO:__main__:Setting permission for /etc/httpd/conf.modules.d INFO:__main__:Setting permission for /etc/httpd/logs INFO:__main__:Setting permission for /etc/httpd/modules INFO:__main__:Setting permission for /etc/httpd/run INFO:__main__:Setting permission for /etc/httpd/state INFO:__main__:Setting permission for /etc/httpd/conf/httpd.conf INFO:__main__:Setting permission for /etc/httpd/conf/magic INFO:__main__:Setting permission for /etc/httpd/conf.d/README INFO:__main__:Setting permission for /etc/httpd/conf.d/autoindex.conf INFO:__main__:Setting permission for /etc/httpd/conf.d/ssl.conf INFO:__main__:Setting permission for /etc/httpd/conf.d/userdir.conf INFO:__main__:Setting permission for /etc/httpd/conf.d/welcome.conf INFO:__main__:Setting permission for /etc/httpd/conf.modules.d/00-base.conf INFO:__main__:Setting permission for /etc/httpd/conf.modules.d/00-brotli.conf INFO:__main__:Setting permission for /etc/httpd/conf.modules.d/00-dav.conf INFO:__main__:Setting permission for /etc/httpd/conf.modules.d/00-mpm.conf INFO:__main__:Setting permission for /etc/httpd/conf.modules.d/00-optional.conf INFO:__main__:Setting permission for /etc/httpd/conf.modules.d/00-proxy.conf INFO:__main__:Setting permission for /etc/httpd/conf.modules.d/00-ssl.conf INFO:__main__:Setting permission for /etc/httpd/conf.modules.d/00-systemd.conf INFO:__main__:Setting permission for /etc/httpd/conf.modules.d/01-cgi.conf INFO:__main__:Setting permission for /etc/httpd/conf.modules.d/10-wsgi-python3.conf INFO:__main__:Setting permission for /etc/httpd/conf.modules.d/README INFO:__main__:Setting permission for /etc/httpd/run INFO:__main__:Setting permission for /etc/httpd/run/htcacheclean ++ cat /run_command + CMD='/usr/sbin/httpd -DFOREGROUND' + ARGS= + sudo kolla_copy_cacerts sudo: unable to send audit message: Operation not permitted + [[ ! -n '' ]] + . kolla_extend_start + echo 'Running command: '\''/usr/sbin/httpd -DFOREGROUND'\''' Running command: '/usr/sbin/httpd -DFOREGROUND' + umask 0022 + exec /usr/sbin/httpd -DFOREGROUND
[Wed Dec 03 22:26:44.266094 2025] [ssl:info] [pid 1:tid 1] AH01914: Configuring server heat-cfnapi-public.openstack.svc:443 for SSL protocol
[Wed Dec 03 22:26:44.267171 2025] [ssl:debug] [pid 1:tid 1] ssl_engine_init.c(536): AH01893: Configuring TLS extension handling
[Wed Dec 03 22:26:44.267841 2025] [ssl:debug] [pid 1:tid 1] ssl_util_ssl.c(451): AH02412: [heat-cfnapi-public.openstack.svc:443] Cert matches for name 'heat-cfnapi-public.openstack.svc' [subject: -empty- / issuer: CN=rootca-public / serial: 0D38A7A6475BD7B271D003973203B14F / notbefore: Dec 3 22:26:31 2025 GMT / notafter: Dec 2 22:26:31 2030 GMT]
[Wed Dec 03 22:26:44.267851 2025] [ssl:info] [pid 1:tid 1] AH02568: Certificate and private key heat-cfnapi-public.openstack.svc:443:0 configured from /etc/pki/tls/certs/public.crt and /etc/pki/tls/private/public.key
[Wed Dec 03 22:26:44.268012 2025] [ssl:info] [pid 1:tid 1] AH01914: Configuring server heat-cfnapi-internal.openstack.svc:443 for SSL protocol
[Wed Dec 03 22:26:44.268484 2025] [ssl:debug] [pid 1:tid 1] ssl_engine_init.c(536): AH01893: Configuring TLS extension handling
[Wed Dec 03 22:26:44.268694 2025] [ssl:debug] [pid 1:tid 1] ssl_util_ssl.c(451): AH02412: [heat-cfnapi-internal.openstack.svc:443] Cert matches for name 'heat-cfnapi-internal.openstack.svc' [subject: -empty- / issuer: CN=rootca-internal / serial: F567221DDE06DB4FC75DA9D4299284BC / notbefore: Dec 3 22:26:30 2025 GMT / notafter: Dec 2 22:26:30 2030 GMT]
[Wed Dec 03 22:26:44.268706 2025] [ssl:info] [pid 1:tid 1] AH02568: Certificate and private key heat-cfnapi-internal.openstack.svc:443:0 configured from /etc/pki/tls/certs/internal.crt and /etc/pki/tls/private/internal.key
[Wed Dec 03 22:26:44.282878 2025] [ssl:warn] [pid 1:tid 1] AH01873: Init: Session Cache is not configured [hint: SSLSessionCache]
[Wed Dec 03 22:26:44.282893 2025] [ssl:info] [pid 1:tid 1] AH01914: Configuring server heat-cfnapi-public.openstack.svc:443 for SSL protocol
[Wed Dec 03 22:26:44.283380 2025] [ssl:debug] [pid 1:tid 1] ssl_engine_init.c(536): AH01893: Configuring TLS extension handling
[Wed Dec 03 22:26:44.283622 2025] [ssl:debug] [pid 1:tid 1] ssl_util_ssl.c(451): AH02412: [heat-cfnapi-public.openstack.svc:443] Cert matches for name 'heat-cfnapi-public.openstack.svc' [subject: -empty- / issuer: CN=rootca-public / serial: 0D38A7A6475BD7B271D003973203B14F / notbefore: Dec 3 22:26:31 2025 GMT / notafter: Dec 2 22:26:31 2030 GMT]
[Wed Dec 03 22:26:44.283633 2025] [ssl:info] [pid 1:tid 1] AH02568: Certificate and private key heat-cfnapi-public.openstack.svc:443:0 configured from /etc/pki/tls/certs/public.crt and /etc/pki/tls/private/public.key
[Wed Dec 03 22:26:44.283720 2025] [ssl:info] [pid 1:tid 1] AH01914: Configuring server heat-cfnapi-internal.openstack.svc:443 for SSL protocol
[Wed Dec 03 22:26:44.284078 2025] [ssl:debug] [pid 1:tid 1] ssl_engine_init.c(536): AH01893: Configuring TLS extension handling
[Wed Dec 03 22:26:44.284657 2025] [ssl:debug] [pid 1:tid 1] ssl_util_ssl.c(451): AH02412: [heat-cfnapi-internal.openstack.svc:443] Cert matches for name 'heat-cfnapi-internal.openstack.svc' [subject: -empty- / issuer: CN=rootca-internal / serial: F567221DDE06DB4FC75DA9D4299284BC / notbefore: Dec 3 22:26:30 2025 GMT / notafter: Dec 2 22:26:30 2030 GMT]
[Wed Dec 03 22:26:44.284668 2025] [ssl:info] [pid 1:tid 1] AH02568: Certificate and private key heat-cfnapi-internal.openstack.svc:443:0 configured from /etc/pki/tls/certs/internal.crt and /etc/pki/tls/private/internal.key
[Wed Dec 03 22:26:44.284936 2025] [lbmethod_heartbeat:notice] [pid 1:tid 1] AH02282: No slotmem from mod_heartmonitor
[Wed Dec 03 22:26:44.306323 2025] [mpm_event:notice] [pid 1:tid 1] AH00489: Apache/2.4.62 (CentOS Stream) OpenSSL/3.5.1 mod_wsgi/4.7.1 Python/3.9 configured -- resuming normal operations
[Wed Dec 03 22:26:44.306350 2025] [core:notice] [pid 1:tid 1] AH00094: Command line: '/usr/sbin/httpd -D FOREGROUND'
[Wed Dec 03 22:26:44.329301 2025] [wsgi:info] [pid 15:tid 15] mod_wsgi (pid=15): Attach interpreter ''.
[Wed Dec 03 22:26:44.330080 2025] [wsgi:info] [pid 22:tid 22] mod_wsgi (pid=22): Attach interpreter ''.
[Wed Dec 03 22:26:44.334928 2025] [wsgi:info] [pid 26:tid 26] mod_wsgi (pid=26): Attach interpreter ''.
[Wed Dec 03 22:26:44.336603 2025] [wsgi:info] [pid 17:tid 17] mod_wsgi (pid=17): Attach interpreter ''.
[Wed Dec 03 22:26:44.340843 2025] [wsgi:info] [pid 19:tid 19] mod_wsgi (pid=19): Attach interpreter ''.
[Wed Dec 03 22:26:44.342607 2025] [wsgi:info] [pid 17:tid 17] mod_wsgi (pid=17): Imported 'mod_wsgi'.
[Wed Dec 03 22:26:44.342663 2025] [wsgi:info] [pid 18:tid 18] mod_wsgi (pid=18): Attach interpreter ''.
[Wed Dec 03 22:26:44.342942 2025] [wsgi:info] [pid 13:tid 13] mod_wsgi (pid=13): Attach interpreter ''.
[Wed Dec 03 22:26:44.343191 2025] [wsgi:debug] [pid 17:tid 52] src/server/mod_wsgi.c(9142): mod_wsgi (pid=17): Started thread 0 in daemon process 'internal'.
[Wed Dec 03 22:26:44.344010 2025] [wsgi:info] [pid 22:tid 22] mod_wsgi (pid=22): Imported 'mod_wsgi'.
[Wed Dec 03 22:26:44.344010 2025] [wsgi:info] [pid 15:tid 15] mod_wsgi (pid=15): Imported 'mod_wsgi'.
[Wed Dec 03 22:26:44.345460 2025] [wsgi:info] [pid 19:tid 19] mod_wsgi (pid=19): Imported 'mod_wsgi'.
[Wed Dec 03 22:26:44.345971 2025] [wsgi:info] [pid 26:tid 26] mod_wsgi (pid=26): Imported 'mod_wsgi'.
[Wed Dec 03 22:26:44.355611 2025] [wsgi:info] [pid 18:tid 18] mod_wsgi (pid=18): Imported 'mod_wsgi'.
[Wed Dec 03 22:26:44.356157 2025] [wsgi:debug] [pid 18:tid 67] src/server/mod_wsgi.c(9142): mod_wsgi (pid=18): Started thread 0 in daemon process 'internal'.
[Wed Dec 03 22:26:44.359302 2025] [wsgi:info] [pid 21:tid 21] mod_wsgi (pid=21): Attach interpreter ''.
[Wed Dec 03 22:26:44.359743 2025] [wsgi:debug] [pid 15:tid 57] src/server/mod_wsgi.c(9142): mod_wsgi (pid=15): Started thread 0 in daemon process 'internal'.
[Wed Dec 03 22:26:44.359964 2025] [wsgi:debug] [pid 22:tid 58] src/server/mod_wsgi.c(9142): mod_wsgi (pid=22): Started thread 0 in daemon process 'public'.
[Wed Dec 03 22:26:44.362047 2025] [wsgi:info] [pid 14:tid 14] mod_wsgi (pid=14): Attach interpreter ''.
[Wed Dec 03 22:26:44.364431 2025] [wsgi:info] [pid 21:tid 21] mod_wsgi (pid=21): Imported 'mod_wsgi'.
[Wed Dec 03 22:26:44.364810 2025] [wsgi:debug] [pid 21:tid 70] src/server/mod_wsgi.c(9142): mod_wsgi (pid=21): Started thread 0 in daemon process 'public'.
[Wed Dec 03 22:26:44.365068 2025] [wsgi:info] [pid 14:tid 14] mod_wsgi (pid=14): Imported 'mod_wsgi'.
[Wed Dec 03 22:26:44.365615 2025] [wsgi:debug] [pid 14:tid 73] src/server/mod_wsgi.c(9142): mod_wsgi (pid=14): Started thread 0 in daemon process 'internal'.
[Wed Dec 03 22:26:44.371576 2025] [wsgi:info] [pid 20:tid 20] mod_wsgi (pid=20): Attach interpreter ''.
[Wed Dec 03 22:26:44.372306 2025] [wsgi:info] [pid 24:tid 24] mod_wsgi (pid=24): Attach interpreter ''.
[Wed Dec 03 22:26:44.373527 2025] [wsgi:info] [pid 13:tid 13] mod_wsgi (pid=13): Imported 'mod_wsgi'.
[Wed Dec 03 22:26:44.375542 2025] [wsgi:debug] [pid 19:tid 61] src/server/mod_wsgi.c(9142): mod_wsgi (pid=19): Started thread 0 in daemon process 'internal'.
[Wed Dec 03 22:26:44.375605 2025] [wsgi:debug] [pid 26:tid 64] src/server/mod_wsgi.c(9142): mod_wsgi (pid=26): Started thread 0 in daemon process 'public'.
[Wed Dec 03 22:26:44.376200 2025] [wsgi:info] [pid 24:tid 24] mod_wsgi (pid=24): Imported 'mod_wsgi'.
[Wed Dec 03 22:26:44.376480 2025] [wsgi:debug] [pid 24:tid 89] src/server/mod_wsgi.c(9142): mod_wsgi (pid=24): Started thread 0 in daemon process 'public'.
[Wed Dec 03 22:26:44.376844 2025] [wsgi:debug] [pid 13:tid 93] src/server/mod_wsgi.c(9142): mod_wsgi (pid=13): Started thread 0 in daemon process 'internal'.
[Wed Dec 03 22:26:44.381050 2025] [wsgi:info] [pid 20:tid 20] mod_wsgi (pid=20): Imported 'mod_wsgi'.
[Wed Dec 03 22:26:44.381487 2025] [wsgi:debug] [pid 20:tid 109] src/server/mod_wsgi.c(9142): mod_wsgi (pid=20): Started thread 0 in daemon process 'public'.
[Wed Dec 03 22:26:44.388096 2025] [wsgi:info] [pid 12:tid 12] mod_wsgi (pid=12): Attach interpreter ''.
[Wed Dec 03 22:26:44.404482 2025] [wsgi:info] [pid 12:tid 12] mod_wsgi (pid=12): Imported 'mod_wsgi'.
[Wed Dec 03 22:26:44.409869 2025] [wsgi:debug] [pid 12:tid 139] src/server/mod_wsgi.c(9142): mod_wsgi (pid=12): Started thread 0 in daemon process 'internal'.
[Wed Dec 03 22:26:44.418502 2025] [wsgi:info] [pid 16:tid 16] mod_wsgi (pid=16): Attach interpreter ''.
[Wed Dec 03 22:26:44.419881 2025] [wsgi:info] [pid 27:tid 27] mod_wsgi (pid=27): Attach interpreter ''.
[Wed Dec 03 22:26:44.424988 2025] [wsgi:info] [pid 27:tid 27] mod_wsgi (pid=27): Imported 'mod_wsgi'.
[Wed Dec 03 22:26:44.426309 2025] [wsgi:info] [pid 25:tid 25] mod_wsgi (pid=25): Attach interpreter ''.
[Wed Dec 03 22:26:44.429590 2025] [wsgi:info] [pid 25:tid 25] mod_wsgi (pid=25): Imported 'mod_wsgi'.
[Wed Dec 03 22:26:44.430486 2025] [wsgi:debug] [pid 27:tid 142] src/server/mod_wsgi.c(9142): mod_wsgi (pid=27): Started thread 0 in daemon process 'public'.
[Wed Dec 03 22:26:44.430787 2025] [wsgi:debug] [pid 25:tid 145] src/server/mod_wsgi.c(9142): mod_wsgi (pid=25): Started thread 0 in daemon process 'public'.
[Wed Dec 03 22:26:44.454031 2025] [wsgi:info] [pid 16:tid 16] mod_wsgi (pid=16): Imported 'mod_wsgi'.
[Wed Dec 03 22:26:44.454480 2025] [wsgi:debug] [pid 16:tid 148] src/server/mod_wsgi.c(9142): mod_wsgi (pid=16): Started thread 0 in daemon process 'internal'.
[Wed Dec 03 22:26:44.583707 2025] [wsgi:info] [pid 23:tid 23] mod_wsgi (pid=23): Attach interpreter ''.
[Wed Dec 03 22:26:44.593734 2025] [wsgi:info] [pid 23:tid 23] mod_wsgi (pid=23): Imported 'mod_wsgi'.
[Wed Dec 03 22:26:44.594324 2025] [wsgi:debug] [pid 23:tid 178] src/server/mod_wsgi.c(9142): mod_wsgi (pid=23): Started thread 0 in daemon process 'public'.
[Wed Dec 03 22:26:49.538370 2025] [ssl:info] [pid 30:tid 111] [client 10.128.0.2:36676] AH01964: Connection to child 128 established (server heat-cfnapi-internal.openstack.svc:443)
[Wed Dec 03 22:26:49.538790 2025] [ssl:debug] [pid 30:tid 111] ssl_engine_kernel.c(2337): [client 10.128.0.2:36676] AH02645: Server name not provided via TLS extension (using default/first virtual host)
[Wed Dec 03 22:26:49.538873 2025] [core:debug] [pid 30:tid 111] protocol.c(2460): [client 10.128.0.2:36676] AH03155: select protocol from , choices=h2,http/1.1 for server heat-cfnapi-internal.openstack.svc
[Wed Dec 03 22:26:49.541870 2025] [ssl:debug] [pid 30:tid 111] ssl_engine_kernel.c(2167): [client 10.128.0.2:36676] AH02041: Protocol: TLSv1.3, Cipher: TLS_AES_128_GCM_SHA256 (128/128 bits)
[Wed Dec 03 22:26:49.541944 2025] [ssl:info] [pid 28:tid 150] [client 10.128.0.2:36660] AH01964: Connection to child 0 established (server heat-cfnapi-internal.openstack.svc:443)
[Wed Dec 03 22:26:49.542145 2025] [ssl:debug] [pid 30:tid 111] ssl_engine_kernel.c(341): [client 10.128.0.2:36676] AH02034: Initial (No.1) HTTPS request received for child 128 (server heat-cfnapi-internal.openstack.svc:443)
[Wed Dec 03 22:26:49.542397 2025] [authz_core:debug] [pid 30:tid 111] mod_authz_core.c(843): [client 10.128.0.2:36676] AH01628: authorization result: granted (no directives)
[Wed Dec 03 22:26:49.542409 2025] [ssl:debug] [pid 28:tid 150] ssl_engine_kernel.c(2337): [client 10.128.0.2:36660] AH02645: Server name not provided via TLS extension (using default/first virtual host)
[Wed Dec 03 22:26:49.542501 2025] [core:debug] [pid 28:tid 150] protocol.c(2460): [client 10.128.0.2:36660] AH03155: select protocol from , choices=h2,http/1.1 for server heat-cfnapi-internal.openstack.svc
[Wed Dec 03 22:26:49.543030 2025] [wsgi:info] [pid 17:tid 52] [remote 10.128.0.2:36676] mod_wsgi (pid=17, process='internal', application=''): Loading Python script file '/usr/bin/heat-wsgi-api-cfn'.
[Wed Dec 03 22:26:49.546584 2025] [ssl:debug] [pid 28:tid 150] ssl_engine_kernel.c(2167): [client 10.128.0.2:36660] AH02041: Protocol: TLSv1.3, Cipher: TLS_AES_128_GCM_SHA256 (128/128 bits)
[Wed Dec 03 22:26:49.546911 2025] [ssl:debug] [pid 28:tid 150] ssl_engine_kernel.c(341): [client 10.128.0.2:36660] AH02034: Initial (No.1) HTTPS request received for child 0 (server heat-cfnapi-internal.openstack.svc:443)
[Wed Dec 03 22:26:49.547054 2025] [authz_core:debug] [pid 28:tid 150] mod_authz_core.c(843): [client 10.128.0.2:36660] AH01628: authorization result: granted (no directives)
[Wed Dec 03 22:26:49.547632 2025] [wsgi:info] [pid 18:tid 67] [remote 10.128.0.2:36660] mod_wsgi (pid=18, process='internal', application=''): Loading Python script file '/usr/bin/heat-wsgi-api-cfn'.
[Wed Dec 03 22:26:50.861479 2025] [wsgi:error] [pid 18:tid 67] 2025-12-03 22:26:50.861 18 INFO heat-api-cfn [-] Starting Heat API on 0.0.0.0:8000\x1b[00m
[Wed Dec 03 22:26:50.877123 2025] [wsgi:error] [pid 17:tid 52] 2025-12-03 22:26:50.876 17 INFO heat-api-cfn [-] Starting Heat API on 0.0.0.0:8000\x1b[00m
[Wed Dec 03 22:26:50.931535 2025] [wsgi:error] [pid 17:tid 52] 2025-12-03 22:26:50.931 17 WARNING keystonemiddleware.auth_token [-] AuthToken middleware is set with keystone_authtoken.service_token_roles_required set to False. This is backwards compatible but deprecated behaviour. Please set this to True.\x1b[00m
[Wed Dec 03 22:26:50.932410 2025] [wsgi:error] [pid 18:tid 67] 2025-12-03 22:26:50.932 18 WARNING keystonemiddleware.auth_token [-] AuthToken middleware is set with keystone_authtoken.service_token_roles_required set to False. This is backwards compatible but deprecated behaviour. Please set this to True.\x1b[00m 10.128.0.2 - - [03/Dec/2025:22:26:49 +0000] "GET /healthcheck HTTP/1.1" 200 - "-" "kube-probe/1.31"
[Wed Dec 03 22:26:50.980802 2025] [ssl:debug] [pid 30:tid 111] ssl_engine_io.c(1150): [client 10.128.0.2:36676] AH02001: Connection closed to child 128 with standard shutdown (server heat-cfnapi-internal.openstack.svc:443) 10.128.0.2 - - [03/Dec/2025:22:26:49 +0000] "GET /healthcheck HTTP/1.1" 200 - "-" "kube-probe/1.31"
[Wed Dec 03 22:26:50.986841 2025] [ssl:debug] [pid 28:tid 150] ssl_engine_io.c(1150): [client 10.128.0.2:36660] AH02001: Connection closed to child 0 with standard shutdown (server heat-cfnapi-internal.openstack.svc:443)
[Wed Dec 03 22:26:53.620955 2025] [ssl:info] [pid 30:tid 113] [client 10.128.0.2:53862] AH01964: Connection to child 130 established (server heat-cfnapi-internal.openstack.svc:443)
[Wed Dec 03 22:26:53.621178 2025] [ssl:debug] [pid 30:tid 113] ssl_engine_kernel.c(2337): [client 10.128.0.2:53862] AH02645: Server name not provided via TLS extension (using default/first virtual host)
[Wed Dec 03 22:26:53.694199 2025] [ssl:debug] [pid 30:tid 113] ssl_engine_kernel.c(2167): [client 10.128.0.2:53862] AH02041: Protocol: TLSv1.3, Cipher: TLS_AES_256_GCM_SHA384 (256/256 bits)
[Wed Dec 03 22:26:53.694352 2025] [ssl:debug] [pid 30:tid 113] ssl_engine_io.c(1476): (103)Software caused connection abort: [client 10.128.0.2:53862] AH02007: SSL handshake interrupted by system [Hint: Stop button pressed in browser?!]
[Wed Dec 03 22:26:53.694364 2025] [ssl:info] [pid 30:tid 113] [client 10.128.0.2:53862] AH01998: Connection closed to child 130 with abortive shutdown (server heat-cfnapi-internal.openstack.svc:443)
[Wed Dec 03 22:26:54.534917 2025] [ssl:info] [pid 29:tid 75] [client 10.128.0.2:53878] AH01964: Connection to child 64 established (server heat-cfnapi-internal.openstack.svc:443)
[Wed Dec 03 22:26:54.535351 2025] [ssl:debug] [pid 29:tid 75] ssl_engine_kernel.c(2337): [client 10.128.0.2:53878] AH02645: Server name not provided via TLS extension (using default/first virtual host)
[Wed Dec 03 22:26:54.535443 2025] [core:debug] [pid 29:tid 75] protocol.c(2460): [client 10.128.0.2:53878] AH03155: select protocol from , choices=h2,http/1.1 for server heat-cfnapi-internal.openstack.svc
[Wed Dec 03 22:26:54.537816 2025] [ssl:info] [pid 29:tid 76] [client 10.128.0.2:53880] AH01964: Connection to child 65 established (server heat-cfnapi-internal.openstack.svc:443)
[Wed Dec 03 22:26:54.537959 2025] [ssl:debug] [pid 29:tid 76] ssl_engine_kernel.c(2337): [client 10.128.0.2:53880] AH02645: Server name not provided via TLS extension (using default/first virtual host)
[Wed Dec 03 22:26:54.538056 2025] [core:debug] [pid 29:tid 76] protocol.c(2460): [client 10.128.0.2:53880] AH03155: select protocol from , choices=h2,http/1.1 for server heat-cfnapi-internal.openstack.svc
[Wed Dec 03 22:26:54.563060 2025] [ssl:debug] [pid 29:tid 75] ssl_engine_kernel.c(2167): [client 10.128.0.2:53878] AH02041: Protocol: TLSv1.3, Cipher: TLS_AES_128_GCM_SHA256 (128/128 bits)
[Wed Dec 03 22:26:54.564981 2025] [ssl:debug] [pid 29:tid 76] ssl_engine_kernel.c(2167): [client 10.128.0.2:53880] AH02041: Protocol: TLSv1.3, Cipher: TLS_AES_128_GCM_SHA256 (128/128 bits)
[Wed Dec 03 22:26:54.566500 2025] [ssl:debug] [pid 29:tid 76] ssl_engine_kernel.c(341): [client 10.128.0.2:53880] AH02034: Initial (No.1) HTTPS request received for child 65 (server heat-cfnapi-internal.openstack.svc:443)
[Wed Dec 03 22:26:54.566660 2025] [authz_core:debug] [pid 29:tid 76] mod_authz_core.c(843): [client 10.128.0.2:53880] AH01628: authorization result: granted (no directives)
[Wed Dec 03 22:26:54.567226 2025] [ssl:debug] [pid 29:tid 75] ssl_engine_kernel.c(341): [client 10.128.0.2:53878] AH02034: Initial (No.1) HTTPS request received for child 64 (server heat-cfnapi-internal.openstack.svc:443)
[Wed Dec 03 22:26:54.567302 2025] [authz_core:debug] [pid 29:tid 75] mod_authz_core.c(843): [client 10.128.0.2:53878] AH01628: authorization result: granted (no directives)
[Wed Dec 03 22:26:54.568203 2025] [wsgi:info] [pid 15:tid 57] [remote 10.128.0.2:53880] mod_wsgi (pid=15, process='internal', application=''): Loading Python script file '/usr/bin/heat-wsgi-api-cfn'.
[Wed Dec 03 22:26:54.573436 2025] [wsgi:info] [pid 14:tid 73] [remote 10.128.0.2:53878] mod_wsgi (pid=14, process='internal', application=''): Loading Python script file '/usr/bin/heat-wsgi-api-cfn'.
[Wed Dec 03 22:26:56.019261 2025] [wsgi:error] [pid 15:tid 57] 2025-12-03 22:26:56.018 15 INFO heat-api-cfn [-] Starting Heat API on 0.0.0.0:8000\x1b[00m
[Wed Dec 03 22:26:56.103014 2025] [wsgi:error] [pid 15:tid 57] 2025-12-03 22:26:56.102 15 WARNING keystonemiddleware.auth_token [-] AuthToken middleware is set with keystone_authtoken.service_token_roles_required set to False. This is backwards compatible but deprecated behaviour. Please set this to True.\x1b[00m 10.128.0.2 - - [03/Dec/2025:22:26:54 +0000] "GET /healthcheck HTTP/1.1" 200 - "-" "kube-probe/1.31"
[Wed Dec 03 22:26:56.243282 2025] [ssl:debug] [pid 29:tid 76] ssl_engine_io.c(1150): [client 10.128.0.2:53880] AH02001: Connection closed to child 65 with standard shutdown (server heat-cfnapi-internal.openstack.svc:443)
[Wed Dec 03 22:26:56.422617 2025] [wsgi:error] [pid 14:tid 73] 2025-12-03 22:26:56.422 14 INFO heat-api-cfn [-] Starting Heat API on 0.0.0.0:8000\x1b[00m
[Wed Dec 03 22:26:56.552892 2025] [wsgi:error] [pid 14:tid 73] 2025-12-03 22:26:56.552 14 WARNING keystonemiddleware.auth_token [-] AuthToken middleware is set with keystone_authtoken.service_token_roles_required set to False. This is backwards compatible but deprecated behaviour. Please set this to True.\x1b[00m 10.128.0.2 - - [03/Dec/2025:22:26:54 +0000] "GET /healthcheck HTTP/1.1" 200 - "-" "kube-probe/1.31"
[Wed Dec 03 22:26:56.633947 2025] [ssl:debug] [pid 29:tid 75] ssl_engine_io.c(1150): [client 10.128.0.2:53878] AH02001: Connection closed to child 64 with standard shutdown (server heat-cfnapi-internal.openstack.svc:443)
[Wed Dec 03 22:26:59.534704 2025] [ssl:info] [pid 28:tid 154] [client 10.128.0.2:53908] AH01964: Connection to child 4 established (server heat-cfnapi-internal.openstack.svc:443)
[Wed Dec 03 22:26:59.534875 2025] [ssl:debug] [pid 28:tid 154] ssl_engine_kernel.c(2337): [client 10.128.0.2:53908] AH02645: Server name not provided via TLS extension (using default/first virtual host)
[Wed Dec 03 22:26:59.534824 2025] [ssl:info] [pid 28:tid 155] [client 10.128.0.2:53892] AH01964: Connection to child 5 established (server heat-cfnapi-internal.openstack.svc:443)
[Wed Dec 03 22:26:59.534921 2025] [core:debug] [pid 28:tid 154] protocol.c(2460): [client 10.128.0.2:53908] AH03155: select protocol from , choices=h2,http/1.1 for server heat-cfnapi-internal.openstack.svc
[Wed Dec 03 22:26:59.534989 2025] [ssl:debug] [pid 28:tid 155] ssl_engine_kernel.c(2337): [client 10.128.0.2:53892] AH02645: Server name not provided via TLS extension (using default/first virtual host)
[Wed Dec 03 22:26:59.535014 2025] [core:debug] [pid 28:tid 155] protocol.c(2460): [client 10.128.0.2:53892] AH03155: select protocol from , choices=h2,http/1.1 for server heat-cfnapi-internal.openstack.svc
[Wed Dec 03 22:26:59.536952 2025] [ssl:debug] [pid 28:tid 154] ssl_engine_kernel.c(2167): [client 10.128.0.2:53908] AH02041: Protocol: TLSv1.3, Cipher: TLS_AES_128_GCM_SHA256 (128/128 bits)
[Wed Dec 03 22:26:59.537114 2025] [ssl:debug] [pid 28:tid 154] ssl_engine_kernel.c(341): [client 10.128.0.2:53908] AH02034: Initial (No.1) HTTPS request received for child 4 (server heat-cfnapi-internal.openstack.svc:443)
[Wed Dec 03 22:26:59.537201 2025] [authz_core:debug] [pid 28:tid 154] mod_authz_core.c(843): [client 10.128.0.2:53908] AH01628: authorization result: granted (no directives)
[Wed Dec 03 22:26:59.537646 2025] [wsgi:info] [pid 19:tid 61] [remote 10.128.0.2:53908] mod_wsgi (pid=19, process='internal', application=''): Loading Python script file '/usr/bin/heat-wsgi-api-cfn'.
[Wed Dec 03 22:26:59.543523 2025] [ssl:debug] [pid 28:tid 155] ssl_engine_kernel.c(2167): [client 10.128.0.2:53892] AH02041: Protocol: TLSv1.3, Cipher: TLS_AES_128_GCM_SHA256 (128/128 bits)
[Wed Dec 03 22:26:59.543727 2025] [ssl:debug] [pid 28:tid 155] ssl_engine_kernel.c(341): [client 10.128.0.2:53892] AH02034: Initial (No.1) HTTPS request received for child 5 (server heat-cfnapi-internal.openstack.svc:443)
[Wed Dec 03 22:26:59.543817 2025] [authz_core:debug] [pid 28:tid 155] mod_authz_core.c(843): [client 10.128.0.2:53892] AH01628: authorization result: granted (no directives)
[Wed Dec 03 22:26:59.544297 2025] [wsgi:info] [pid 13:tid 93] [remote 10.128.0.2:53892] mod_wsgi (pid=13, process='internal', application=''): Loading Python script file '/usr/bin/heat-wsgi-api-cfn'.
[Wed Dec 03 22:27:01.070868 2025] [wsgi:error] [pid 13:tid 93] 2025-12-03 22:27:01.070 13 INFO heat-api-cfn [-] Starting Heat API on 0.0.0.0:8000\x1b[00m
[Wed Dec 03 22:27:01.144215 2025] [wsgi:error] [pid 13:tid 93] 2025-12-03 22:27:01.143 13 WARNING keystonemiddleware.auth_token [-] AuthToken middleware is set with keystone_authtoken.service_token_roles_required set to False. This is backwards compatible but deprecated behaviour. Please set this to True.\x1b[00m 10.128.0.2 - - [03/Dec/2025:22:26:59 +0000] "GET /healthcheck HTTP/1.1" 200 - "-" "kube-probe/1.31"
[Wed Dec 03 22:27:01.198514 2025] [ssl:debug] [pid 28:tid 155] ssl_engine_io.c(1150): [client 10.128.0.2:53892] AH02001: Connection closed to child 5 with standard shutdown (server heat-cfnapi-internal.openstack.svc:443)
[Wed Dec 03 22:27:01.471958 2025] [wsgi:error] [pid 19:tid 61] 2025-12-03 22:27:01.471 19 INFO heat-api-cfn [-] Starting Heat API on 0.0.0.0:8000\x1b[00m
[Wed Dec 03 22:27:01.527702 2025] [wsgi:error] [pid 19:tid 61] 2025-12-03 22:27:01.527 19 WARNING keystonemiddleware.auth_token [-] AuthToken middleware is set with keystone_authtoken.service_token_roles_required set to False. This is backwards compatible but deprecated behaviour. Please set this to True.\x1b[00m 10.128.0.2 - - [03/Dec/2025:22:26:59 +0000] "GET /healthcheck HTTP/1.1" 200 - "-" "kube-probe/1.31"
[Wed Dec 03 22:27:01.594955 2025] [ssl:debug] [pid 28:tid 154] ssl_engine_io.c(1150): [client 10.128.0.2:53908] AH02001: Connection closed to child 4 with standard shutdown (server heat-cfnapi-internal.openstack.svc:443)
[Wed Dec 03 22:27:04.533255 2025] [ssl:info] [pid 28:tid 156] [client 10.128.0.2:40512] AH01964: Connection to child 6 established (server heat-cfnapi-internal.openstack.svc:443)
[Wed Dec 03 22:27:04.533349 2025] [ssl:info] [pid 28:tid 153] [client 10.128.0.2:40510] AH01964: Connection to child 3 established (server heat-cfnapi-internal.openstack.svc:443)
[Wed Dec 03 22:27:04.533399 2025] [ssl:debug] [pid 28:tid 156] ssl_engine_kernel.c(2337): [client 10.128.0.2:40512] AH02645: Server name not provided via TLS extension (using default/first virtual host)
[Wed Dec 03 22:27:04.533438 2025] [core:debug] [pid 28:tid 156] protocol.c(2460): [client 10.128.0.2:40512] AH03155: select protocol from , choices=h2,http/1.1 for server heat-cfnapi-internal.openstack.svc
[Wed Dec 03 22:27:04.533548 2025] [ssl:debug] [pid 28:tid 153] ssl_engine_kernel.c(2337): [client 10.128.0.2:40510] AH02645: Server name not provided via TLS extension (using default/first virtual host)
[Wed Dec 03 22:27:04.533610 2025] [core:debug] [pid 28:tid 153] protocol.c(2460): [client 10.128.0.2:40510] AH03155: select protocol from , choices=h2,http/1.1 for server heat-cfnapi-internal.openstack.svc
[Wed Dec 03 22:27:04.537098 2025] [ssl:debug] [pid 28:tid 153] ssl_engine_kernel.c(2167): [client 10.128.0.2:40510] AH02041: Protocol: TLSv1.3, Cipher: TLS_AES_128_GCM_SHA256 (128/128 bits)
[Wed Dec 03 22:27:04.537466 2025] [ssl:debug] [pid 28:tid 153] ssl_engine_kernel.c(341): [client 10.128.0.2:40510] AH02034: Initial (No.1) HTTPS request received for child 3 (server heat-cfnapi-internal.openstack.svc:443)
[Wed Dec 03 22:27:04.537691 2025] [authz_core:debug] [pid 28:tid 153] mod_authz_core.c(843): [client 10.128.0.2:40510] AH01628: authorization result: granted (no directives)
[Wed Dec 03 22:27:04.537749 2025] [ssl:debug] [pid 28:tid 156] ssl_engine_kernel.c(2167): [client 10.128.0.2:40512] AH02041: Protocol: TLSv1.3, Cipher: TLS_AES_128_GCM_SHA256 (128/128 bits)
[Wed Dec 03 22:27:04.537952 2025] [ssl:debug] [pid 28:tid 156] ssl_engine_kernel.c(341): [client 10.128.0.2:40512] AH02034: Initial (No.1) HTTPS request received for child 6 (server heat-cfnapi-internal.openstack.svc:443)
[Wed Dec 03 22:27:04.538053 2025] [authz_core:debug] [pid 28:tid 156] mod_authz_core.c(843): [client 10.128.0.2:40512] AH01628: authorization result: granted (no directives)
[Wed Dec 03 22:27:04.539290 2025] [wsgi:info] [pid 12:tid 139] [remote 10.128.0.2:40512] mod_wsgi (pid=12, process='internal', application=''): Loading Python script file '/usr/bin/heat-wsgi-api-cfn'.
[Wed Dec 03 22:27:04.578496 2025] [wsgi:info] [pid 16:tid 148] [remote 10.128.0.2:40510] mod_wsgi (pid=16, process='internal', application=''): Loading Python script file '/usr/bin/heat-wsgi-api-cfn'.
[Wed Dec 03 22:27:05.877689 2025] [wsgi:error] [pid 16:tid 148] 2025-12-03 22:27:05.877 16 INFO heat-api-cfn [-] Starting Heat API on 0.0.0.0:8000\x1b[00m
[Wed Dec 03 22:27:05.950431 2025] [wsgi:error] [pid 16:tid 148] 2025-12-03 22:27:05.950 16 WARNING keystonemiddleware.auth_token [-] AuthToken middleware is set with keystone_authtoken.service_token_roles_required set to False. This is backwards compatible but deprecated behaviour. Please set this to True.\x1b[00m
[Wed Dec 03 22:27:05.961390 2025] [wsgi:error] [pid 12:tid 139] 2025-12-03 22:27:05.961 12 INFO heat-api-cfn [-] Starting Heat API on 0.0.0.0:8000\x1b[00m 10.128.0.2 - - [03/Dec/2025:22:27:04 +0000] "GET /healthcheck HTTP/1.1" 200 - "-" "kube-probe/1.31"
[Wed Dec 03 22:27:06.008208 2025] [ssl:debug] [pid 28:tid 153] ssl_engine_io.c(1150): [client 10.128.0.2:40510] AH02001: Connection closed to child 3 with standard shutdown (server heat-cfnapi-internal.openstack.svc:443)
[Wed Dec 03 22:27:06.050044 2025] [wsgi:error] [pid 12:tid 139] 2025-12-03 22:27:06.049 12 WARNING keystonemiddleware.auth_token [-] AuthToken middleware is set with keystone_authtoken.service_token_roles_required set to False. This is backwards compatible but deprecated behaviour. Please set this to True.\x1b[00m 10.128.0.2 - - [03/Dec/2025:22:27:04 +0000] "GET /healthcheck HTTP/1.1" 200 - "-" "kube-probe/1.31"
[Wed Dec 03 22:27:06.105170 2025] [ssl:debug] [pid 28:tid 156] ssl_engine_io.c(1150): [client 10.128.0.2:40512] AH02001: Connection closed to child 6 with standard shutdown (server heat-cfnapi-internal.openstack.svc:443)
[Wed Dec 03 22:27:09.533958 2025] [ssl:info] [pid 28:tid 158] [client 10.128.0.2:40524] AH01964: Connection to child 8 established (server heat-cfnapi-internal.openstack.svc:443)
[Wed Dec 03 22:27:09.534204 2025] [ssl:debug] [pid 28:tid 158] ssl_engine_kernel.c(2337): [client 10.128.0.2:40524] AH02645: Server name not provided via TLS extension (using default/first virtual host)
[Wed Dec 03 22:27:09.534255 2025] [core:debug] [pid 28:tid 158] protocol.c(2460): [client 10.128.0.2:40524] AH03155: select protocol from , choices=h2,http/1.1 for server heat-cfnapi-internal.openstack.svc
[Wed Dec 03 22:27:09.534521 2025] [ssl:info] [pid 179:tid 182] [client 10.128.0.2:40532] AH01964: Connection to child 192 established (server heat-cfnapi-internal.openstack.svc:443)
[Wed Dec 03 22:27:09.534911 2025] [ssl:debug] [pid 179:tid 182] ssl_engine_kernel.c(2337): [client 10.128.0.2:40532] AH02645: Server name not provided via TLS extension (using default/first virtual host)
[Wed Dec 03 22:27:09.534985 2025] [core:debug] [pid 179:tid 182] protocol.c(2460): [client 10.128.0.2:40532] AH03155: select protocol from , choices=h2,http/1.1 for server heat-cfnapi-internal.openstack.svc
[Wed Dec 03 22:27:09.536283 2025] [ssl:debug] [pid 28:tid 158] ssl_engine_kernel.c(2167): [client 10.128.0.2:40524] AH02041: Protocol: TLSv1.3, Cipher: TLS_AES_128_GCM_SHA256 (128/128 bits)
[Wed Dec 03 22:27:09.536475 2025] [ssl:debug] [pid 28:tid 158] ssl_engine_kernel.c(341): [client 10.128.0.2:40524] AH02034: Initial (No.1) HTTPS request received for child 8 (server heat-cfnapi-internal.openstack.svc:443)
[Wed Dec 03 22:27:09.536574 2025] [authz_core:debug] [pid 28:tid 158] mod_authz_core.c(843): [client 10.128.0.2:40524] AH01628: authorization result: granted (no directives)
[Wed Dec 03 22:27:09.539149 2025] [ssl:debug] [pid 179:tid 182] ssl_engine_kernel.c(2167): [client 10.128.0.2:40532] AH02041: Protocol: TLSv1.3, Cipher: TLS_AES_128_GCM_SHA256 (128/128 bits)
[Wed Dec 03 22:27:09.539406 2025] [ssl:debug] [pid 179:tid 182] ssl_engine_kernel.c(341): [client 10.128.0.2:40532] AH02034: Initial (No.1) HTTPS request received for child 192 (server heat-cfnapi-internal.openstack.svc:443) 10.128.0.2 - - [03/Dec/2025:22:27:09 +0000] "GET /healthcheck HTTP/1.1" 200 - "-" "kube-probe/1.31"
[Wed Dec 03 22:27:09.539534 2025] [authz_core:debug] [pid 179:tid 182] mod_authz_core.c(843): [client 10.128.0.2:40532] AH01628: authorization result: granted (no directives)
[Wed Dec 03 22:27:09.539589 2025] [ssl:debug] [pid 28:tid 158] ssl_engine_io.c(1150): [client 10.128.0.2:40524] AH02001: Connection closed to child 8 with standard shutdown (server heat-cfnapi-internal.openstack.svc:443) 10.128.0.2 - - [03/Dec/2025:22:27:09 +0000] "GET /healthcheck HTTP/1.1" 200 - "-" "kube-probe/1.31"
[Wed Dec 03 22:27:09.542601 2025] [ssl:debug] [pid 179:tid 182] ssl_engine_io.c(1150): [client 10.128.0.2:40532] AH02001: Connection closed to child 192 with standard shutdown (server heat-cfnapi-internal.openstack.svc:443)
[Wed Dec 03 22:27:14.534456 2025] [ssl:info] [pid 30:tid 114] [client 10.128.0.2:35314] AH01964: Connection to child 131 established (server heat-cfnapi-internal.openstack.svc:443)
[Wed Dec 03 22:27:14.534660 2025] [ssl:debug] [pid 30:tid 114] ssl_engine_kernel.c(2337): [client 10.128.0.2:35314] AH02645: Server name not provided via TLS extension (using default/first virtual host)
[Wed Dec 03 22:27:14.534658 2025] [ssl:info] [pid 28:tid 160] [client 10.128.0.2:35312] AH01964: Connection to child 10 established (server heat-cfnapi-internal.openstack.svc:443)
[Wed Dec 03 22:27:14.534712 2025] [core:debug] [pid 30:tid 114] protocol.c(2460): [client 10.128.0.2:35314] AH03155: select protocol from , choices=h2,http/1.1 for server heat-cfnapi-internal.openstack.svc
[Wed Dec 03 22:27:14.534863 2025] [ssl:debug] [pid 28:tid 160] ssl_engine_kernel.c(2337): [client 10.128.0.2:35312] AH02645: Server name not provided via TLS extension (using default/first virtual host)
[Wed Dec 03 22:27:14.534956 2025] [core:debug] [pid 28:tid 160] protocol.c(2460): [client 10.128.0.2:35312] AH03155: select protocol from , choices=h2,http/1.1 for server heat-cfnapi-internal.openstack.svc
[Wed Dec 03 22:27:14.536450 2025] [ssl:debug] [pid 30:tid 114] ssl_engine_kernel.c(2167): [client 10.128.0.2:35314] AH02041: Protocol: TLSv1.3, Cipher: TLS_AES_128_GCM_SHA256 (128/128 bits)
[Wed Dec 03 22:27:14.536642 2025] [ssl:debug] [pid 30:tid 114] ssl_engine_kernel.c(341): [client 10.128.0.2:35314] AH02034: Initial (No.1) HTTPS request received for child 131 (server heat-cfnapi-internal.openstack.svc:443)
[Wed Dec 03 22:27:14.536793 2025] [authz_core:debug] [pid 30:tid 114] mod_authz_core.c(843): [client 10.128.0.2:35314] AH01628: authorization result: granted (no directives)
[Wed Dec 03 22:27:14.538850 2025] [ssl:debug] [pid 28:tid 160] ssl_engine_kernel.c(2167): [client 10.128.0.2:35312] AH02041: Protocol: TLSv1.3, Cipher: TLS_AES_128_GCM_SHA256 (128/128 bits)
[Wed Dec 03 22:27:14.539047 2025] [ssl:debug] [pid 28:tid 160] ssl_engine_kernel.c(341): [client 10.128.0.2:35312] AH02034: Initial (No.1) HTTPS request received for child 10 (server heat-cfnapi-internal.openstack.svc:443)
[Wed Dec 03 22:27:14.539145 2025] [authz_core:debug] [pid 28:tid 160] mod_authz_core.c(843): [client 10.128.0.2:35312] AH01628: authorization result: granted (no directives) 10.128.0.2 - - [03/Dec/2025:22:27:14 +0000] "GET /healthcheck HTTP/1.1" 200 - "-" "kube-probe/1.31"
[Wed Dec 03 22:27:14.539925 2025] [ssl:debug] [pid 30:tid 114] ssl_engine_io.c(1150): [client 10.128.0.2:35314] AH02001: Connection closed to child 131 with standard shutdown (server heat-cfnapi-internal.openstack.svc:443) 10.128.0.2 - - [03/Dec/2025:22:27:14 +0000] "GET /healthcheck HTTP/1.1" 200 - "-" "kube-probe/1.31"
[Wed Dec 03 22:27:14.542572 2025] [ssl:debug] [pid 28:tid 160] ssl_engine_io.c(1150): [client 10.128.0.2:35312] AH02001: Connection closed to child 10 with standard shutdown (server heat-cfnapi-internal.openstack.svc:443)
[Wed Dec 03 22:27:19.544812 2025] [ssl:info] [pid 29:tid 79] [client 10.128.0.2:35318] AH01964: Connection to child 68 established (server heat-cfnapi-internal.openstack.svc:443)
[Wed Dec 03 22:27:19.544820 2025] [ssl:info] [pid 28:tid 162] [client 10.128.0.2:35332] AH01964: Connection to child 12 established (server heat-cfnapi-internal.openstack.svc:443)
[Wed Dec 03 22:27:19.544965 2025] [ssl:debug] [pid 29:tid 79] ssl_engine_kernel.c(2337): [client 10.128.0.2:35318] AH02645: Server name not provided via TLS extension (using default/first virtual host)
[Wed Dec 03 22:27:19.544965 2025] [ssl:debug] [pid 28:tid 162] ssl_engine_kernel.c(2337): [client 10.128.0.2:35332] AH02645: Server name not provided via TLS extension (using default/first virtual host)
[Wed Dec 03 22:27:19.545007 2025] [core:debug] [pid 29:tid 79] protocol.c(2460): [client 10.128.0.2:35318] AH03155: select protocol from , choices=h2,http/1.1 for server heat-cfnapi-internal.openstack.svc
[Wed Dec 03 22:27:19.545007 2025] [core:debug] [pid 28:tid 162] protocol.c(2460): [client 10.128.0.2:35332] AH03155: select protocol from , choices=h2,http/1.1 for server heat-cfnapi-internal.openstack.svc
[Wed Dec 03 22:27:19.547246 2025] [ssl:debug] [pid 29:tid 79] ssl_engine_kernel.c(2167): [client 10.128.0.2:35318] AH02041: Protocol: TLSv1.3, Cipher: TLS_AES_128_GCM_SHA256 (128/128 bits)
[Wed Dec 03 22:27:19.547502 2025] [ssl:debug] [pid 29:tid 79] ssl_engine_kernel.c(341): [client 10.128.0.2:35318] AH02034: Initial (No.1) HTTPS request received for child 68 (server heat-cfnapi-internal.openstack.svc:443)
[Wed Dec 03 22:27:19.547644 2025] [authz_core:debug] [pid 29:tid 79] mod_authz_core.c(843): [client 10.128.0.2:35318] AH01628: authorization result: granted (no directives)
[Wed Dec 03 22:27:19.549867 2025] [ssl:debug] [pid 28:tid 162] ssl_engine_kernel.c(2167): [client 10.128.0.2:35332] AH02041: Protocol: TLSv1.3, Cipher: TLS_AES_128_GCM_SHA256 (128/128 bits)
[Wed Dec 03 22:27:19.550104 2025] [ssl:debug] [pid 28:tid 162] ssl_engine_kernel.c(341): [client 10.128.0.2:35332] AH02034: Initial (No.1) HTTPS request received for child 12 (server heat-cfnapi-internal.openstack.svc:443) 10.128.0.2 - - [03/Dec/2025:22:27:19 +0000] "GET /healthcheck HTTP/1.1" 200 - "-" "kube-probe/1.31"
[Wed Dec 03 22:27:19.550293 2025] [authz_core:debug] [pid 28:tid 162] mod_authz_core.c(843): [client 10.128.0.2:35332] AH01628: authorization result: granted (no directives)
[Wed Dec 03 22:27:19.550355 2025] [ssl:debug] [pid 29:tid 79] ssl_engine_io.c(1150): [client 10.128.0.2:35318] AH02001: Connection closed to child 68 with standard shutdown (server heat-cfnapi-internal.openstack.svc:443) 10.128.0.2 - - [03/Dec/2025:22:27:19 +0000] "GET /healthcheck HTTP/1.1" 200 - "-" "kube-probe/1.31"
[Wed Dec 03 22:27:19.552969 2025] [ssl:debug] [pid 28:tid 162] ssl_engine_io.c(1150): [client 10.128.0.2:35332] AH02001: Connection closed to child 12 with standard shutdown (server heat-cfnapi-internal.openstack.svc:443)
[Wed Dec 03 22:27:24.533584 2025] [ssl:info] [pid 30:tid 117] [client 10.128.0.2:48922] AH01964: Connection to child 134 established (server heat-cfnapi-internal.openstack.svc:443)
[Wed Dec 03 22:27:24.533601 2025] [ssl:info] [pid 179:tid 184] [client 10.128.0.2:48936] AH01964: Connection to child 194 established (server heat-cfnapi-internal.openstack.svc:443)
[Wed Dec 03 22:27:24.533826 2025] [ssl:debug] [pid 30:tid 117] ssl_engine_kernel.c(2337): [client 10.128.0.2:48922] AH02645: Server name not provided via TLS extension (using default/first virtual host)
[Wed Dec 03 22:27:24.533834 2025] [ssl:debug] [pid 179:tid 184] ssl_engine_kernel.c(2337): [client 10.128.0.2:48936] AH02645: Server name not provided via TLS extension (using default/first virtual host)
[Wed Dec 03 22:27:24.533884 2025] [core:debug] [pid 179:tid 184] protocol.c(2460): [client 10.128.0.2:48936] AH03155: select protocol from , choices=h2,http/1.1 for server heat-cfnapi-internal.openstack.svc
[Wed Dec 03 22:27:24.533888 2025] [core:debug] [pid 30:tid 117] protocol.c(2460): [client 10.128.0.2:48922] AH03155: select protocol from , choices=h2,http/1.1 for server heat-cfnapi-internal.openstack.svc
[Wed Dec 03 22:27:24.535894 2025] [ssl:debug] [pid 179:tid 184] ssl_engine_kernel.c(2167): [client 10.128.0.2:48936] AH02041: Protocol: TLSv1.3, Cipher: TLS_AES_128_GCM_SHA256 (128/128 bits)
[Wed Dec 03 22:27:24.536067 2025] [ssl:debug] [pid 179:tid 184] ssl_engine_kernel.c(341): [client 10.128.0.2:48936] AH02034: Initial (No.1) HTTPS request received for child 194 (server heat-cfnapi-internal.openstack.svc:443)
[Wed Dec 03 22:27:24.536201 2025] [authz_core:debug] [pid 179:tid 184] mod_authz_core.c(843): [client 10.128.0.2:48936] AH01628: authorization result: granted (no directives)
[Wed Dec 03 22:27:24.536310 2025] [ssl:debug] [pid 30:tid 117] ssl_engine_kernel.c(2167): [client 10.128.0.2:48922] AH02041: Protocol: TLSv1.3, Cipher: TLS_AES_128_GCM_SHA256 (128/128 bits)
[Wed Dec 03 22:27:24.536553 2025] [ssl:debug] [pid 30:tid 117] ssl_engine_kernel.c(341): [client 10.128.0.2:48922] AH02034: Initial (No.1) HTTPS request received for child 134 (server heat-cfnapi-internal.openstack.svc:443)
[Wed Dec 03 22:27:24.536708 2025] [authz_core:debug] [pid 30:tid 117] mod_authz_core.c(843): [client 10.128.0.2:48922] AH01628: authorization result: granted (no directives) 10.128.0.2 - - [03/Dec/2025:22:27:24 +0000] "GET /healthcheck HTTP/1.1" 200 - "-" "kube-probe/1.31"
[Wed Dec 03 22:27:24.538991 2025] [ssl:debug] [pid 179:tid 184] ssl_engine_io.c(1150): [client 10.128.0.2:48936] AH02001: Connection closed to child 194 with standard shutdown (server heat-cfnapi-internal.openstack.svc:443) 10.128.0.2 - - [03/Dec/2025:22:27:24 +0000] "GET /healthcheck HTTP/1.1" 200 - "-" "kube-probe/1.31"
[Wed Dec 03 22:27:24.540033 2025] [ssl:debug] [pid 30:tid 117] ssl_engine_io.c(1150): [client 10.128.0.2:48922] AH02001: Connection closed to child 134 with standard shutdown (server heat-cfnapi-internal.openstack.svc:443)
[Wed Dec 03 22:27:29.535802 2025] [ssl:info] [pid 29:tid 80] [client 10.128.0.2:48944] AH01964: Connection to child 69 established (server heat-cfnapi-internal.openstack.svc:443)
[Wed Dec 03 22:27:29.536027 2025] [ssl:debug] [pid 29:tid 80] ssl_engine_kernel.c(2337): [client 10.128.0.2:48944] AH02645: Server name not provided via TLS extension (using default/first virtual host)
[Wed Dec 03 22:27:29.536095 2025] [core:debug] [pid 29:tid 80] protocol.c(2460): [client 10.128.0.2:48944] AH03155: select protocol from , choices=h2,http/1.1 for server heat-cfnapi-internal.openstack.svc
[Wed Dec 03 22:27:29.548008 2025] [ssl:info] [pid 28:tid 164] [client 10.128.0.2:48958] AH01964: Connection to child 14 established (server heat-cfnapi-internal.openstack.svc:443)
[Wed Dec 03 22:27:29.548280 2025] [ssl:debug] [pid 28:tid 164] ssl_engine_kernel.c(2337): [client 10.128.0.2:48958] AH02645: Server name not provided via TLS extension (using default/first virtual host)
[Wed Dec 03 22:27:29.548336 2025] [core:debug] [pid 28:tid 164] protocol.c(2460): [client 10.128.0.2:48958] AH03155: select protocol from , choices=h2,http/1.1 for server heat-cfnapi-internal.openstack.svc
[Wed Dec 03 22:27:29.555162 2025] [ssl:debug] [pid 29:tid 80] ssl_engine_kernel.c(2167): [client 10.128.0.2:48944] AH02041: Protocol: TLSv1.3, Cipher: TLS_AES_128_GCM_SHA256 (128/128 bits)
[Wed Dec 03 22:27:29.555632 2025] [ssl:debug] [pid 29:tid 80] ssl_engine_kernel.c(341): [client 10.128.0.2:48944] AH02034: Initial (No.1) HTTPS request received for child 69 (server heat-cfnapi-internal.openstack.svc:443)
[Wed Dec 03 22:27:29.555819 2025] [authz_core:debug] [pid 29:tid 80] mod_authz_core.c(843): [client 10.128.0.2:48944] AH01628: authorization result: granted (no directives)
[Wed Dec 03 22:27:29.561046 2025] [ssl:debug] [pid 28:tid 164] ssl_engine_kernel.c(2167): [client 10.128.0.2:48958] AH02041: Protocol: TLSv1.3, Cipher: TLS_AES_128_GCM_SHA256 (128/128 bits)
[Wed Dec 03 22:27:29.561394 2025] [ssl:debug] [pid 28:tid 164] ssl_engine_kernel.c(341): [client 10.128.0.2:48958] AH02034: Initial (No.1) HTTPS request received for child 14 (server heat-cfnapi-internal.openstack.svc:443)
[Wed Dec 03 22:27:29.561550 2025] [authz_core:debug] [pid 28:tid 164] mod_authz_core.c(843): [client 10.128.0.2:48958] AH01628: authorization result: granted (no directives) 10.128.0.2 - - [03/Dec/2025:22:27:29 +0000] "GET /healthcheck HTTP/1.1" 200 - "-" "kube-probe/1.31"
[Wed Dec 03 22:27:29.568485 2025] [ssl:debug] [pid 29:tid 80] ssl_engine_io.c(1150): [client 10.128.0.2:48944] AH02001: Connection closed to child 69 with standard shutdown (server heat-cfnapi-internal.openstack.svc:443) 10.128.0.2 - - [03/Dec/2025:22:27:29 +0000] "GET /healthcheck HTTP/1.1" 200 - "-" "kube-probe/1.31"
[Wed Dec 03 22:27:29.570392 2025] [ssl:debug] [pid 28:tid 164] ssl_engine_io.c(1150): [client 10.128.0.2:48958] AH02001: Connection closed to child 14 with standard shutdown (server heat-cfnapi-internal.openstack.svc:443)
[Wed Dec 03 22:27:34.533568 2025] [ssl:info] [pid 29:tid 83] [client 10.128.0.2:39430] AH01964: Connection to child 72 established (server heat-cfnapi-internal.openstack.svc:443)
[Wed Dec 03 22:27:34.533762 2025] [ssl:debug] [pid 29:tid 83] ssl_engine_kernel.c(2337): [client 10.128.0.2:39430] AH02645: Server name not provided via TLS extension (using default/first virtual host)
[Wed Dec 03 22:27:34.533838 2025] [core:debug] [pid 29:tid 83] protocol.c(2460): [client 10.128.0.2:39430] AH03155: select protocol from , choices=h2,http/1.1 for server heat-cfnapi-internal.openstack.svc
[Wed Dec 03 22:27:34.534180 2025] [ssl:info] [pid 179:tid 183] [client 10.128.0.2:39428] AH01964: Connection to child 193 established (server heat-cfnapi-internal.openstack.svc:443)
[Wed Dec 03 22:27:34.534544 2025] [ssl:debug] [pid 179:tid 183] ssl_engine_kernel.c(2337): [client 10.128.0.2:39428] AH02645: Server name not provided via TLS extension (using default/first virtual host)
[Wed Dec 03 22:27:34.534613 2025] [core:debug] [pid 179:tid 183] protocol.c(2460): [client 10.128.0.2:39428] AH03155: select protocol from , choices=h2,http/1.1 for server heat-cfnapi-internal.openstack.svc
[Wed Dec 03 22:27:34.535737 2025] [ssl:debug] [pid 29:tid 83] ssl_engine_kernel.c(2167): [client 10.128.0.2:39430] AH02041: Protocol: TLSv1.3, Cipher: TLS_AES_128_GCM_SHA256 (128/128 bits)
[Wed Dec 03 22:27:34.535939 2025] [ssl:debug] [pid 29:tid 83] ssl_engine_kernel.c(341): [client 10.128.0.2:39430] AH02034: Initial (No.1) HTTPS request received for child 72 (server heat-cfnapi-internal.openstack.svc:443)
[Wed Dec 03 22:27:34.536059 2025] [authz_core:debug] [pid 29:tid 83] mod_authz_core.c(843): [client 10.128.0.2:39430] AH01628: authorization result: granted (no directives)
[Wed Dec 03 22:27:34.536405 2025] [ssl:debug] [pid 179:tid 183] ssl_engine_kernel.c(2167): [client 10.128.0.2:39428] AH02041: Protocol: TLSv1.3, Cipher: TLS_AES_128_GCM_SHA256 (128/128 bits)
[Wed Dec 03 22:27:34.536686 2025] [ssl:debug] [pid 179:tid 183] ssl_engine_kernel.c(341): [client 10.128.0.2:39428] AH02034: Initial (No.1) HTTPS request received for child 193 (server heat-cfnapi-internal.openstack.svc:443)
[Wed Dec 03 22:27:34.536917 2025] [authz_core:debug] [pid 179:tid 183] mod_authz_core.c(843): [client 10.128.0.2:39428] AH01628: authorization result: granted (no directives) 10.128.0.2 - - [03/Dec/2025:22:27:34 +0000] "GET /healthcheck HTTP/1.1" 200 - "-" "kube-probe/1.31" 10.128.0.2 - - [03/Dec/2025:22:27:34 +0000] "GET /healthcheck HTTP/1.1" 200 - "-" "kube-probe/1.31"
[Wed Dec 03 22:27:34.539297 2025] [ssl:debug] [pid 29:tid 83] ssl_engine_io.c(1150): [client 10.128.0.2:39430] AH02001: Connection closed to child 72 with standard shutdown (server heat-cfnapi-internal.openstack.svc:443)
[Wed Dec 03 22:27:34.539356 2025] [ssl:debug] [pid 179:tid 183] ssl_engine_io.c(1150): [client 10.128.0.2:39428] AH02001: Connection closed to child 193 with standard shutdown (server heat-cfnapi-internal.openstack.svc:443)
[Wed Dec 03 22:27:39.544101 2025] [ssl:info] [pid 28:tid 166] [client 10.128.0.2:39438] AH01964: Connection to child 16 established (server heat-cfnapi-internal.openstack.svc:443)
