+ sudo -E kolla_set_configs sudo: unable to send audit message: Operation not permitted INFO:__main__:Loading config file at /var/lib/kolla/config_files/config.json INFO:__main__:Validating config file INFO:__main__:Kolla config strategy set to: COPY_ALWAYS INFO:__main__:Copying service configuration files INFO:__main__:Deleting /etc/httpd/conf/httpd.conf INFO:__main__:Copying /var/lib/config-data/default/heat-api-httpd.conf to /etc/httpd/conf/httpd.conf INFO:__main__:Deleting /etc/httpd/conf.d/ssl.conf INFO:__main__:Copying /var/lib/config-data/default/ssl.conf to /etc/httpd/conf.d/ssl.conf INFO:__main__:Setting permission for /etc/httpd/conf.d/ssl.conf INFO:__main__:Copying /var/lib/config-data/tls/certs/internal.crt to /etc/pki/tls/certs/internal.crt INFO:__main__:Setting permission for /etc/pki/tls/certs/internal.crt INFO:__main__:Copying /var/lib/config-data/tls/certs/public.crt to /etc/pki/tls/certs/public.crt INFO:__main__:Setting permission for /etc/pki/tls/certs/public.crt INFO:__main__:Copying /var/lib/config-data/tls/private/internal.key to /etc/pki/tls/private/internal.key INFO:__main__:Setting permission for /etc/pki/tls/private/internal.key INFO:__main__:Copying /var/lib/config-data/tls/private/public.key to /etc/pki/tls/private/public.key INFO:__main__:Setting permission for /etc/pki/tls/private/public.key INFO:__main__:Writing out command to execute INFO:__main__:Setting permission for /etc/httpd/ INFO:__main__:Setting permission for /etc/httpd/conf INFO:__main__:Setting permission for /etc/httpd/conf.d INFO:__main__:Setting permission for /etc/httpd/conf.modules.d INFO:__main__:Setting permission for /etc/httpd/logs INFO:__main__:Setting permission for /etc/httpd/modules INFO:__main__:Setting permission for /etc/httpd/run INFO:__main__:Setting permission for /etc/httpd/state INFO:__main__:Setting permission for /etc/httpd/conf/httpd.conf INFO:__main__:Setting permission for /etc/httpd/conf/magic INFO:__main__:Setting permission for /etc/httpd/conf.d/README INFO:__main__:Setting permission for /etc/httpd/conf.d/autoindex.conf INFO:__main__:Setting permission for /etc/httpd/conf.d/ssl.conf INFO:__main__:Setting permission for /etc/httpd/conf.d/userdir.conf INFO:__main__:Setting permission for /etc/httpd/conf.d/welcome.conf INFO:__main__:Setting permission for /etc/httpd/conf.modules.d/00-base.conf INFO:__main__:Setting permission for /etc/httpd/conf.modules.d/00-brotli.conf INFO:__main__:Setting permission for /etc/httpd/conf.modules.d/00-dav.conf INFO:__main__:Setting permission for /etc/httpd/conf.modules.d/00-mpm.conf INFO:__main__:Setting permission for /etc/httpd/conf.modules.d/00-optional.conf INFO:__main__:Setting permission for /etc/httpd/conf.modules.d/00-proxy.conf INFO:__main__:Setting permission for /etc/httpd/conf.modules.d/00-ssl.conf INFO:__main__:Setting permission for /etc/httpd/conf.modules.d/00-systemd.conf INFO:__main__:Setting permission for /etc/httpd/conf.modules.d/01-cgi.conf INFO:__main__:Setting permission for /etc/httpd/conf.modules.d/10-wsgi-python3.conf INFO:__main__:Setting permission for /etc/httpd/conf.modules.d/README INFO:__main__:Setting permission for /etc/httpd/run INFO:__main__:Setting permission for /etc/httpd/run/htcacheclean ++ cat /run_command + CMD='/usr/sbin/httpd -DFOREGROUND' + ARGS= + sudo kolla_copy_cacerts sudo: unable to send audit message: Operation not permitted Running command: '/usr/sbin/httpd -DFOREGROUND' + [[ ! -n '' ]] + . kolla_extend_start + echo 'Running command: '\''/usr/sbin/httpd -DFOREGROUND'\''' + umask 0022 + exec /usr/sbin/httpd -DFOREGROUND
[Wed Dec 03 22:26:45.468895 2025] [ssl:info] [pid 1:tid 1] AH01914: Configuring server heat-api-public.openstack.svc:443 for SSL protocol
[Wed Dec 03 22:26:45.470207 2025] [ssl:debug] [pid 1:tid 1] ssl_engine_init.c(536): AH01893: Configuring TLS extension handling
[Wed Dec 03 22:26:45.471144 2025] [ssl:debug] [pid 1:tid 1] ssl_util_ssl.c(451): AH02412: [heat-api-public.openstack.svc:443] Cert matches for name 'heat-api-public.openstack.svc' [subject: -empty- / issuer: CN=rootca-public / serial: C98C22E75C3BA4834F761CAEC8F83094 / notbefore: Dec 3 22:26:27 2025 GMT / notafter: Dec 2 22:26:27 2030 GMT]
[Wed Dec 03 22:26:45.471188 2025] [ssl:info] [pid 1:tid 1] AH02568: Certificate and private key heat-api-public.openstack.svc:443:0 configured from /etc/pki/tls/certs/public.crt and /etc/pki/tls/private/public.key
[Wed Dec 03 22:26:45.471385 2025] [ssl:info] [pid 1:tid 1] AH01914: Configuring server heat-api-internal.openstack.svc:443 for SSL protocol
[Wed Dec 03 22:26:45.472406 2025] [ssl:debug] [pid 1:tid 1] ssl_engine_init.c(536): AH01893: Configuring TLS extension handling
[Wed Dec 03 22:26:45.472845 2025] [ssl:debug] [pid 1:tid 1] ssl_util_ssl.c(451): AH02412: [heat-api-internal.openstack.svc:443] Cert matches for name 'heat-api-internal.openstack.svc' [subject: -empty- / issuer: CN=rootca-internal / serial: 80D00352F1AE070F6F8337E5B404F16D / notbefore: Dec 3 22:26:25 2025 GMT / notafter: Dec 2 22:26:25 2030 GMT]
[Wed Dec 03 22:26:45.472924 2025] [ssl:info] [pid 1:tid 1] AH02568: Certificate and private key heat-api-internal.openstack.svc:443:0 configured from /etc/pki/tls/certs/internal.crt and /etc/pki/tls/private/internal.key
[Wed Dec 03 22:26:45.508477 2025] [ssl:warn] [pid 1:tid 1] AH01873: Init: Session Cache is not configured [hint: SSLSessionCache]
[Wed Dec 03 22:26:45.508493 2025] [ssl:info] [pid 1:tid 1] AH01914: Configuring server heat-api-public.openstack.svc:443 for SSL protocol
[Wed Dec 03 22:26:45.511834 2025] [ssl:debug] [pid 1:tid 1] ssl_engine_init.c(536): AH01893: Configuring TLS extension handling
[Wed Dec 03 22:26:45.512163 2025] [ssl:debug] [pid 1:tid 1] ssl_util_ssl.c(451): AH02412: [heat-api-public.openstack.svc:443] Cert matches for name 'heat-api-public.openstack.svc' [subject: -empty- / issuer: CN=rootca-public / serial: C98C22E75C3BA4834F761CAEC8F83094 / notbefore: Dec 3 22:26:27 2025 GMT / notafter: Dec 2 22:26:27 2030 GMT]
[Wed Dec 03 22:26:45.512176 2025] [ssl:info] [pid 1:tid 1] AH02568: Certificate and private key heat-api-public.openstack.svc:443:0 configured from /etc/pki/tls/certs/public.crt and /etc/pki/tls/private/public.key
[Wed Dec 03 22:26:45.512282 2025] [ssl:info] [pid 1:tid 1] AH01914: Configuring server heat-api-internal.openstack.svc:443 for SSL protocol
[Wed Dec 03 22:26:45.514961 2025] [ssl:debug] [pid 1:tid 1] ssl_engine_init.c(536): AH01893: Configuring TLS extension handling
[Wed Dec 03 22:26:45.515217 2025] [ssl:debug] [pid 1:tid 1] ssl_util_ssl.c(451): AH02412: [heat-api-internal.openstack.svc:443] Cert matches for name 'heat-api-internal.openstack.svc' [subject: -empty- / issuer: CN=rootca-internal / serial: 80D00352F1AE070F6F8337E5B404F16D / notbefore: Dec 3 22:26:25 2025 GMT / notafter: Dec 2 22:26:25 2030 GMT]
[Wed Dec 03 22:26:45.515227 2025] [ssl:info] [pid 1:tid 1] AH02568: Certificate and private key heat-api-internal.openstack.svc:443:0 configured from /etc/pki/tls/certs/internal.crt and /etc/pki/tls/private/internal.key
[Wed Dec 03 22:26:45.515452 2025] [lbmethod_heartbeat:notice] [pid 1:tid 1] AH02282: No slotmem from mod_heartmonitor
[Wed Dec 03 22:26:45.550537 2025] [wsgi:info] [pid 12:tid 12] mod_wsgi (pid=12): Attach interpreter ''.
[Wed Dec 03 22:26:45.557353 2025] [wsgi:info] [pid 15:tid 15] mod_wsgi (pid=15): Attach interpreter ''.
[Wed Dec 03 22:26:45.561050 2025] [wsgi:info] [pid 12:tid 12] mod_wsgi (pid=12): Imported 'mod_wsgi'.
[Wed Dec 03 22:26:45.561426 2025] [wsgi:info] [pid 15:tid 15] mod_wsgi (pid=15): Imported 'mod_wsgi'.
[Wed Dec 03 22:26:45.564233 2025] [wsgi:info] [pid 13:tid 13] mod_wsgi (pid=13): Attach interpreter ''.
[Wed Dec 03 22:26:45.568218 2025] [wsgi:info] [pid 16:tid 16] mod_wsgi (pid=16): Attach interpreter ''.
[Wed Dec 03 22:26:45.571642 2025] [wsgi:info] [pid 16:tid 16] mod_wsgi (pid=16): Imported 'mod_wsgi'.
[Wed Dec 03 22:26:45.572280 2025] [wsgi:info] [pid 13:tid 13] mod_wsgi (pid=13): Imported 'mod_wsgi'.
[Wed Dec 03 22:26:45.572634 2025] [wsgi:debug] [pid 13:tid 37] src/server/mod_wsgi.c(9142): mod_wsgi (pid=13): Started thread 0 in daemon process 'internal'.
[Wed Dec 03 22:26:45.572700 2025] [wsgi:info] [pid 14:tid 14] mod_wsgi (pid=14): Attach interpreter ''.
[Wed Dec 03 22:26:45.576367 2025] [wsgi:info] [pid 14:tid 14] mod_wsgi (pid=14): Imported 'mod_wsgi'.
[Wed Dec 03 22:26:45.581462 2025] [mpm_event:notice] [pid 1:tid 1] AH00489: Apache/2.4.62 (CentOS Stream) OpenSSL/3.5.1 mod_wsgi/4.7.1 Python/3.9 configured -- resuming normal operations
[Wed Dec 03 22:26:45.581493 2025] [core:notice] [pid 1:tid 1] AH00094: Command line: '/usr/sbin/httpd -D FOREGROUND'
[Wed Dec 03 22:26:45.587264 2025] [wsgi:info] [pid 17:tid 17] mod_wsgi (pid=17): Attach interpreter ''.
[Wed Dec 03 22:26:45.588362 2025] [wsgi:info] [pid 20:tid 20] mod_wsgi (pid=20): Attach interpreter ''.
[Wed Dec 03 22:26:45.590563 2025] [wsgi:info] [pid 17:tid 17] mod_wsgi (pid=17): Imported 'mod_wsgi'.
[Wed Dec 03 22:26:45.590968 2025] [wsgi:debug] [pid 17:tid 59] src/server/mod_wsgi.c(9142): mod_wsgi (pid=17): Started thread 0 in daemon process 'internal'.
[Wed Dec 03 22:26:45.598561 2025] [wsgi:debug] [pid 15:tid 28] src/server/mod_wsgi.c(9142): mod_wsgi (pid=15): Started thread 0 in daemon process 'internal'.
[Wed Dec 03 22:26:45.598987 2025] [wsgi:debug] [pid 12:tid 62] src/server/mod_wsgi.c(9142): mod_wsgi (pid=12): Started thread 0 in daemon process 'internal'.
[Wed Dec 03 22:26:45.599714 2025] [wsgi:info] [pid 20:tid 20] mod_wsgi (pid=20): Imported 'mod_wsgi'.
[Wed Dec 03 22:26:45.599976 2025] [wsgi:info] [pid 21:tid 21] mod_wsgi (pid=21): Attach interpreter ''.
[Wed Dec 03 22:26:45.600119 2025] [wsgi:debug] [pid 20:tid 65] src/server/mod_wsgi.c(9142): mod_wsgi (pid=20): Started thread 0 in daemon process 'public'.
[Wed Dec 03 22:26:45.602256 2025] [wsgi:info] [pid 23:tid 23] mod_wsgi (pid=23): Attach interpreter ''.
[Wed Dec 03 22:26:45.602443 2025] [wsgi:debug] [pid 14:tid 43] src/server/mod_wsgi.c(9142): mod_wsgi (pid=14): Started thread 0 in daemon process 'internal'.
[Wed Dec 03 22:26:45.606917 2025] [wsgi:info] [pid 21:tid 21] mod_wsgi (pid=21): Imported 'mod_wsgi'.
[Wed Dec 03 22:26:45.607313 2025] [wsgi:debug] [pid 21:tid 68] src/server/mod_wsgi.c(9142): mod_wsgi (pid=21): Started thread 0 in daemon process 'public'.
[Wed Dec 03 22:26:45.610620 2025] [wsgi:info] [pid 29:tid 29] mod_wsgi (pid=29): Attach interpreter ''.
[Wed Dec 03 22:26:45.614244 2025] [wsgi:info] [pid 23:tid 23] mod_wsgi (pid=23): Imported 'mod_wsgi'.
[Wed Dec 03 22:26:45.614674 2025] [wsgi:debug] [pid 23:tid 76] src/server/mod_wsgi.c(9142): mod_wsgi (pid=23): Started thread 0 in daemon process 'public'.
[Wed Dec 03 22:26:45.616555 2025] [wsgi:info] [pid 29:tid 29] mod_wsgi (pid=29): Imported 'mod_wsgi'.
[Wed Dec 03 22:26:45.616861 2025] [wsgi:debug] [pid 29:tid 79] src/server/mod_wsgi.c(9142): mod_wsgi (pid=29): Started thread 0 in daemon process 'public'.
[Wed Dec 03 22:26:45.621844 2025] [wsgi:info] [pid 22:tid 22] mod_wsgi (pid=22): Attach interpreter ''.
[Wed Dec 03 22:26:45.626139 2025] [wsgi:debug] [pid 16:tid 34] src/server/mod_wsgi.c(9142): mod_wsgi (pid=16): Started thread 0 in daemon process 'internal'.
[Wed Dec 03 22:26:45.626531 2025] [wsgi:info] [pid 22:tid 22] mod_wsgi (pid=22): Imported 'mod_wsgi'.
[Wed Dec 03 22:26:45.628084 2025] [wsgi:debug] [pid 22:tid 82] src/server/mod_wsgi.c(9142): mod_wsgi (pid=22): Started thread 0 in daemon process 'public'.
[Wed Dec 03 22:26:45.637379 2025] [wsgi:info] [pid 24:tid 24] mod_wsgi (pid=24): Attach interpreter ''.
[Wed Dec 03 22:26:45.644481 2025] [wsgi:info] [pid 26:tid 26] mod_wsgi (pid=26): Attach interpreter ''.
[Wed Dec 03 22:26:45.650375 2025] [wsgi:info] [pid 24:tid 24] mod_wsgi (pid=24): Imported 'mod_wsgi'.
[Wed Dec 03 22:26:45.650721 2025] [wsgi:debug] [pid 24:tid 124] src/server/mod_wsgi.c(9142): mod_wsgi (pid=24): Started thread 0 in daemon process 'public'.
[Wed Dec 03 22:26:45.651112 2025] [wsgi:info] [pid 19:tid 19] mod_wsgi (pid=19): Attach interpreter ''.
[Wed Dec 03 22:26:45.651153 2025] [wsgi:info] [pid 26:tid 26] mod_wsgi (pid=26): Imported 'mod_wsgi'.
[Wed Dec 03 22:26:45.651530 2025] [wsgi:debug] [pid 26:tid 132] src/server/mod_wsgi.c(9142): mod_wsgi (pid=26): Started thread 0 in daemon process 'public'.
[Wed Dec 03 22:26:45.655059 2025] [wsgi:info] [pid 19:tid 19] mod_wsgi (pid=19): Imported 'mod_wsgi'.
[Wed Dec 03 22:26:45.655389 2025] [wsgi:debug] [pid 19:tid 140] src/server/mod_wsgi.c(9142): mod_wsgi (pid=19): Started thread 0 in daemon process 'internal'.
[Wed Dec 03 22:26:45.669615 2025] [wsgi:info] [pid 30:tid 30] mod_wsgi (pid=30): Attach interpreter ''.
[Wed Dec 03 22:26:45.675480 2025] [wsgi:info] [pid 30:tid 30] mod_wsgi (pid=30): Imported 'mod_wsgi'.
[Wed Dec 03 22:26:45.675815 2025] [wsgi:debug] [pid 30:tid 175] src/server/mod_wsgi.c(9142): mod_wsgi (pid=30): Started thread 0 in daemon process 'public'.
[Wed Dec 03 22:26:45.745399 2025] [wsgi:info] [pid 18:tid 18] mod_wsgi (pid=18): Attach interpreter ''.
[Wed Dec 03 22:26:45.771566 2025] [wsgi:info] [pid 18:tid 18] mod_wsgi (pid=18): Imported 'mod_wsgi'.
[Wed Dec 03 22:26:45.772080 2025] [wsgi:debug] [pid 18:tid 178] src/server/mod_wsgi.c(9142): mod_wsgi (pid=18): Started thread 0 in daemon process 'internal'.
[Wed Dec 03 22:26:54.471804 2025] [ssl:info] [pid 31:tid 99] [client 10.128.0.2:51088] AH01964: Connection to child 1 established (server heat-api-internal.openstack.svc:443)
[Wed Dec 03 22:26:54.471876 2025] [ssl:info] [pid 31:tid 98] [client 10.128.0.2:51084] AH01964: Connection to child 0 established (server heat-api-internal.openstack.svc:443)
[Wed Dec 03 22:26:54.472327 2025] [ssl:debug] [pid 31:tid 99] ssl_engine_kernel.c(2337): [client 10.128.0.2:51088] AH02645: Server name not provided via TLS extension (using default/first virtual host)
[Wed Dec 03 22:26:54.472369 2025] [ssl:debug] [pid 31:tid 98] ssl_engine_kernel.c(2337): [client 10.128.0.2:51084] AH02645: Server name not provided via TLS extension (using default/first virtual host)
[Wed Dec 03 22:26:54.472452 2025] [core:debug] [pid 31:tid 99] protocol.c(2460): [client 10.128.0.2:51088] AH03155: select protocol from , choices=h2,http/1.1 for server heat-api-internal.openstack.svc
[Wed Dec 03 22:26:54.472423 2025] [core:debug] [pid 31:tid 98] protocol.c(2460): [client 10.128.0.2:51084] AH03155: select protocol from , choices=h2,http/1.1 for server heat-api-internal.openstack.svc
[Wed Dec 03 22:26:54.476721 2025] [ssl:debug] [pid 31:tid 98] ssl_engine_kernel.c(2167): [client 10.128.0.2:51084] AH02041: Protocol: TLSv1.3, Cipher: TLS_AES_128_GCM_SHA256 (128/128 bits)
[Wed Dec 03 22:26:54.477070 2025] [ssl:debug] [pid 31:tid 98] ssl_engine_kernel.c(341): [client 10.128.0.2:51084] AH02034: Initial (No.1) HTTPS request received for child 0 (server heat-api-internal.openstack.svc:443)
[Wed Dec 03 22:26:54.477565 2025] [authz_core:debug] [pid 31:tid 98] mod_authz_core.c(843): [client 10.128.0.2:51084] AH01628: authorization result: granted (no directives)
[Wed Dec 03 22:26:54.478357 2025] [wsgi:info] [pid 13:tid 37] [remote 10.128.0.2:51084] mod_wsgi (pid=13, process='internal', application=''): Loading Python script file '/usr/bin/heat-wsgi-api'.
[Wed Dec 03 22:26:54.483691 2025] [ssl:debug] [pid 31:tid 99] ssl_engine_kernel.c(2167): [client 10.128.0.2:51088] AH02041: Protocol: TLSv1.3, Cipher: TLS_AES_128_GCM_SHA256 (128/128 bits)
[Wed Dec 03 22:26:54.484028 2025] [ssl:debug] [pid 31:tid 99] ssl_engine_kernel.c(341): [client 10.128.0.2:51088] AH02034: Initial (No.1) HTTPS request received for child 1 (server heat-api-internal.openstack.svc:443)
[Wed Dec 03 22:26:54.484105 2025] [authz_core:debug] [pid 31:tid 99] mod_authz_core.c(843): [client 10.128.0.2:51088] AH01628: authorization result: granted (no directives)
[Wed Dec 03 22:26:54.485729 2025] [wsgi:info] [pid 17:tid 59] [remote 10.128.0.2:51088] mod_wsgi (pid=17, process='internal', application=''): Loading Python script file '/usr/bin/heat-wsgi-api'.
[Wed Dec 03 22:26:56.103217 2025] [wsgi:error] [pid 13:tid 37] 2025-12-03 22:26:56.102 13 INFO heat-api [-] Starting Heat REST API on 0.0.0.0:8004\x1b[00m
[Wed Dec 03 22:26:56.230345 2025] [wsgi:error] [pid 13:tid 37] 2025-12-03 22:26:56.230 13 WARNING keystonemiddleware.auth_token [-] AuthToken middleware is set with keystone_authtoken.service_token_roles_required set to False. This is backwards compatible but deprecated behaviour. Please set this to True.\x1b[00m
[Wed Dec 03 22:26:56.261701 2025] [wsgi:error] [pid 17:tid 59] 2025-12-03 22:26:56.261 17 INFO heat-api [-] Starting Heat REST API on 0.0.0.0:8004\x1b[00m 10.128.0.2 - - [03/Dec/2025:22:26:54 +0000] "GET /healthcheck HTTP/1.1" 200 - "-" "kube-probe/1.31"
[Wed Dec 03 22:26:56.284257 2025] [ssl:debug] [pid 31:tid 98] ssl_engine_io.c(1150): [client 10.128.0.2:51084] AH02001: Connection closed to child 0 with standard shutdown (server heat-api-internal.openstack.svc:443)
[Wed Dec 03 22:26:56.338331 2025] [wsgi:error] [pid 17:tid 59] 2025-12-03 22:26:56.338 17 WARNING keystonemiddleware.auth_token [-] AuthToken middleware is set with keystone_authtoken.service_token_roles_required set to False. This is backwards compatible but deprecated behaviour. Please set this to True.\x1b[00m 10.128.0.2 - - [03/Dec/2025:22:26:54 +0000] "GET /healthcheck HTTP/1.1" 200 - "-" "kube-probe/1.31"
[Wed Dec 03 22:26:56.401191 2025] [ssl:debug] [pid 31:tid 99] ssl_engine_io.c(1150): [client 10.128.0.2:51088] AH02001: Connection closed to child 1 with standard shutdown (server heat-api-internal.openstack.svc:443)
[Wed Dec 03 22:26:59.468269 2025] [ssl:info] [pid 31:tid 101] [client 10.128.0.2:51094] AH01964: Connection to child 3 established (server heat-api-internal.openstack.svc:443)
[Wed Dec 03 22:26:59.468475 2025] [ssl:debug] [pid 31:tid 101] ssl_engine_kernel.c(2337): [client 10.128.0.2:51094] AH02645: Server name not provided via TLS extension (using default/first virtual host)
[Wed Dec 03 22:26:59.468520 2025] [core:debug] [pid 31:tid 101] protocol.c(2460): [client 10.128.0.2:51094] AH03155: select protocol from , choices=h2,http/1.1 for server heat-api-internal.openstack.svc
[Wed Dec 03 22:26:59.469853 2025] [ssl:info] [pid 40:tid 147] [client 10.128.0.2:51102] AH01964: Connection to child 128 established (server heat-api-internal.openstack.svc:443)
[Wed Dec 03 22:26:59.470135 2025] [ssl:debug] [pid 40:tid 147] ssl_engine_kernel.c(2337): [client 10.128.0.2:51102] AH02645: Server name not provided via TLS extension (using default/first virtual host)
[Wed Dec 03 22:26:59.470185 2025] [core:debug] [pid 40:tid 147] protocol.c(2460): [client 10.128.0.2:51102] AH03155: select protocol from , choices=h2,http/1.1 for server heat-api-internal.openstack.svc
[Wed Dec 03 22:26:59.474014 2025] [ssl:debug] [pid 31:tid 101] ssl_engine_kernel.c(2167): [client 10.128.0.2:51094] AH02041: Protocol: TLSv1.3, Cipher: TLS_AES_128_GCM_SHA256 (128/128 bits)
[Wed Dec 03 22:26:59.474208 2025] [ssl:debug] [pid 31:tid 101] ssl_engine_kernel.c(341): [client 10.128.0.2:51094] AH02034: Initial (No.1) HTTPS request received for child 3 (server heat-api-internal.openstack.svc:443)
[Wed Dec 03 22:26:59.474841 2025] [authz_core:debug] [pid 31:tid 101] mod_authz_core.c(843): [client 10.128.0.2:51094] AH01628: authorization result: granted (no directives)
[Wed Dec 03 22:26:59.475097 2025] [ssl:debug] [pid 40:tid 147] ssl_engine_kernel.c(2167): [client 10.128.0.2:51102] AH02041: Protocol: TLSv1.3, Cipher: TLS_AES_128_GCM_SHA256 (128/128 bits)
[Wed Dec 03 22:26:59.475292 2025] [ssl:debug] [pid 40:tid 147] ssl_engine_kernel.c(341): [client 10.128.0.2:51102] AH02034: Initial (No.1) HTTPS request received for child 128 (server heat-api-internal.openstack.svc:443)
[Wed Dec 03 22:26:59.475376 2025] [wsgi:info] [pid 12:tid 62] [remote 10.128.0.2:51094] mod_wsgi (pid=12, process='internal', application=''): Loading Python script file '/usr/bin/heat-wsgi-api'.
[Wed Dec 03 22:26:59.475433 2025] [authz_core:debug] [pid 40:tid 147] mod_authz_core.c(843): [client 10.128.0.2:51102] AH01628: authorization result: granted (no directives)
[Wed Dec 03 22:26:59.477957 2025] [wsgi:info] [pid 15:tid 28] [remote 10.128.0.2:51102] mod_wsgi (pid=15, process='internal', application=''): Loading Python script file '/usr/bin/heat-wsgi-api'.
[Wed Dec 03 22:27:00.895839 2025] [wsgi:error] [pid 12:tid 62] 2025-12-03 22:27:00.895 12 INFO heat-api [-] Starting Heat REST API on 0.0.0.0:8004\x1b[00m
[Wed Dec 03 22:27:00.968432 2025] [wsgi:error] [pid 12:tid 62] 2025-12-03 22:27:00.968 12 WARNING keystonemiddleware.auth_token [-] AuthToken middleware is set with keystone_authtoken.service_token_roles_required set to False. This is backwards compatible but deprecated behaviour. Please set this to True.\x1b[00m 10.128.0.2 - - [03/Dec/2025:22:26:59 +0000] "GET /healthcheck HTTP/1.1" 200 - "-" "kube-probe/1.31"
[Wed Dec 03 22:27:01.032306 2025] [ssl:debug] [pid 31:tid 101] ssl_engine_io.c(1150): [client 10.128.0.2:51094] AH02001: Connection closed to child 3 with standard shutdown (server heat-api-internal.openstack.svc:443)
[Wed Dec 03 22:27:01.291664 2025] [wsgi:error] [pid 15:tid 28] 2025-12-03 22:27:01.291 15 INFO heat-api [-] Starting Heat REST API on 0.0.0.0:8004\x1b[00m
[Wed Dec 03 22:27:01.380340 2025] [wsgi:error] [pid 15:tid 28] 2025-12-03 22:27:01.380 15 WARNING keystonemiddleware.auth_token [-] AuthToken middleware is set with keystone_authtoken.service_token_roles_required set to False. This is backwards compatible but deprecated behaviour. Please set this to True.\x1b[00m 10.128.0.2 - - [03/Dec/2025:22:26:59 +0000] "GET /healthcheck HTTP/1.1" 200 - "-" "kube-probe/1.31"
[Wed Dec 03 22:27:01.432304 2025] [ssl:debug] [pid 40:tid 147] ssl_engine_io.c(1150): [client 10.128.0.2:51102] AH02001: Connection closed to child 128 with standard shutdown (server heat-api-internal.openstack.svc:443)
[Wed Dec 03 22:27:04.468916 2025] [ssl:info] [pid 40:tid 150] [client 10.128.0.2:49960] AH01964: Connection to child 131 established (server heat-api-internal.openstack.svc:443)
[Wed Dec 03 22:27:04.469093 2025] [ssl:debug] [pid 40:tid 150] ssl_engine_kernel.c(2337): [client 10.128.0.2:49960] AH02645: Server name not provided via TLS extension (using default/first virtual host)
[Wed Dec 03 22:27:04.469140 2025] [core:debug] [pid 40:tid 150] protocol.c(2460): [client 10.128.0.2:49960] AH03155: select protocol from , choices=h2,http/1.1 for server heat-api-internal.openstack.svc
[Wed Dec 03 22:27:04.469386 2025] [ssl:info] [pid 31:tid 103] [client 10.128.0.2:49968] AH01964: Connection to child 5 established (server heat-api-internal.openstack.svc:443)
[Wed Dec 03 22:27:04.469514 2025] [ssl:debug] [pid 31:tid 103] ssl_engine_kernel.c(2337): [client 10.128.0.2:49968] AH02645: Server name not provided via TLS extension (using default/first virtual host)
[Wed Dec 03 22:27:04.469552 2025] [core:debug] [pid 31:tid 103] protocol.c(2460): [client 10.128.0.2:49968] AH03155: select protocol from , choices=h2,http/1.1 for server heat-api-internal.openstack.svc
[Wed Dec 03 22:27:04.471633 2025] [ssl:debug] [pid 31:tid 103] ssl_engine_kernel.c(2167): [client 10.128.0.2:49968] AH02041: Protocol: TLSv1.3, Cipher: TLS_AES_128_GCM_SHA256 (128/128 bits)
[Wed Dec 03 22:27:04.471798 2025] [ssl:debug] [pid 40:tid 150] ssl_engine_kernel.c(2167): [client 10.128.0.2:49960] AH02041: Protocol: TLSv1.3, Cipher: TLS_AES_128_GCM_SHA256 (128/128 bits)
[Wed Dec 03 22:27:04.471881 2025] [ssl:debug] [pid 31:tid 103] ssl_engine_kernel.c(341): [client 10.128.0.2:49968] AH02034: Initial (No.1) HTTPS request received for child 5 (server heat-api-internal.openstack.svc:443)
[Wed Dec 03 22:27:04.471952 2025] [ssl:debug] [pid 40:tid 150] ssl_engine_kernel.c(341): [client 10.128.0.2:49960] AH02034: Initial (No.1) HTTPS request received for child 131 (server heat-api-internal.openstack.svc:443)
[Wed Dec 03 22:27:04.472008 2025] [authz_core:debug] [pid 31:tid 103] mod_authz_core.c(843): [client 10.128.0.2:49968] AH01628: authorization result: granted (no directives)
[Wed Dec 03 22:27:04.472011 2025] [authz_core:debug] [pid 40:tid 150] mod_authz_core.c(843): [client 10.128.0.2:49960] AH01628: authorization result: granted (no directives)
[Wed Dec 03 22:27:04.473029 2025] [wsgi:info] [pid 14:tid 43] [remote 10.128.0.2:49968] mod_wsgi (pid=14, process='internal', application=''): Loading Python script file '/usr/bin/heat-wsgi-api'.
[Wed Dec 03 22:27:04.473227 2025] [wsgi:info] [pid 16:tid 34] [remote 10.128.0.2:49960] mod_wsgi (pid=16, process='internal', application=''): Loading Python script file '/usr/bin/heat-wsgi-api'.
[Wed Dec 03 22:27:05.783286 2025] [wsgi:error] [pid 16:tid 34] 2025-12-03 22:27:05.783 16 INFO heat-api [-] Starting Heat REST API on 0.0.0.0:8004\x1b[00m
[Wed Dec 03 22:27:05.852665 2025] [wsgi:error] [pid 16:tid 34] 2025-12-03 22:27:05.852 16 WARNING keystonemiddleware.auth_token [-] AuthToken middleware is set with keystone_authtoken.service_token_roles_required set to False. This is backwards compatible but deprecated behaviour. Please set this to True.\x1b[00m
[Wed Dec 03 22:27:05.911875 2025] [wsgi:error] [pid 14:tid 43] 2025-12-03 22:27:05.911 14 INFO heat-api [-] Starting Heat REST API on 0.0.0.0:8004\x1b[00m 10.128.0.2 - - [03/Dec/2025:22:27:04 +0000] "GET /healthcheck HTTP/1.1" 200 - "-" "kube-probe/1.31"
[Wed Dec 03 22:27:05.922100 2025] [ssl:debug] [pid 40:tid 150] ssl_engine_io.c(1150): [client 10.128.0.2:49960] AH02001: Connection closed to child 131 with standard shutdown (server heat-api-internal.openstack.svc:443)
[Wed Dec 03 22:27:05.970103 2025] [wsgi:error] [pid 14:tid 43] 2025-12-03 22:27:05.969 14 WARNING keystonemiddleware.auth_token [-] AuthToken middleware is set with keystone_authtoken.service_token_roles_required set to False. This is backwards compatible but deprecated behaviour. Please set this to True.\x1b[00m 10.128.0.2 - - [03/Dec/2025:22:27:04 +0000] "GET /healthcheck HTTP/1.1" 200 - "-" "kube-probe/1.31"
[Wed Dec 03 22:27:06.021701 2025] [ssl:debug] [pid 31:tid 103] ssl_engine_io.c(1150): [client 10.128.0.2:49968] AH02001: Connection closed to child 5 with standard shutdown (server heat-api-internal.openstack.svc:443)
[Wed Dec 03 22:27:09.468857 2025] [ssl:info] [pid 31:tid 105] [client 10.128.0.2:49984] AH01964: Connection to child 7 established (server heat-api-internal.openstack.svc:443)
[Wed Dec 03 22:27:09.468855 2025] [ssl:info] [pid 179:tid 183] [client 10.128.0.2:49998] AH01964: Connection to child 193 established (server heat-api-internal.openstack.svc:443)
[Wed Dec 03 22:27:09.469071 2025] [ssl:debug] [pid 31:tid 105] ssl_engine_kernel.c(2337): [client 10.128.0.2:49984] AH02645: Server name not provided via TLS extension (using default/first virtual host)
[Wed Dec 03 22:27:09.469121 2025] [core:debug] [pid 31:tid 105] protocol.c(2460): [client 10.128.0.2:49984] AH03155: select protocol from , choices=h2,http/1.1 for server heat-api-internal.openstack.svc
[Wed Dec 03 22:27:09.469209 2025] [ssl:debug] [pid 179:tid 183] ssl_engine_kernel.c(2337): [client 10.128.0.2:49998] AH02645: Server name not provided via TLS extension (using default/first virtual host)
[Wed Dec 03 22:27:09.469276 2025] [core:debug] [pid 179:tid 183] protocol.c(2460): [client 10.128.0.2:49998] AH03155: select protocol from , choices=h2,http/1.1 for server heat-api-internal.openstack.svc
[Wed Dec 03 22:27:09.471440 2025] [ssl:debug] [pid 179:tid 183] ssl_engine_kernel.c(2167): [client 10.128.0.2:49998] AH02041: Protocol: TLSv1.3, Cipher: TLS_AES_128_GCM_SHA256 (128/128 bits)
[Wed Dec 03 22:27:09.471650 2025] [ssl:debug] [pid 179:tid 183] ssl_engine_kernel.c(341): [client 10.128.0.2:49998] AH02034: Initial (No.1) HTTPS request received for child 193 (server heat-api-internal.openstack.svc:443)
[Wed Dec 03 22:27:09.471827 2025] [authz_core:debug] [pid 179:tid 183] mod_authz_core.c(843): [client 10.128.0.2:49998] AH01628: authorization result: granted (no directives)
[Wed Dec 03 22:27:09.472261 2025] [wsgi:info] [pid 19:tid 140] [remote 10.128.0.2:49998] mod_wsgi (pid=19, process='internal', application=''): Loading Python script file '/usr/bin/heat-wsgi-api'.
[Wed Dec 03 22:27:09.472931 2025] [ssl:debug] [pid 31:tid 105] ssl_engine_kernel.c(2167): [client 10.128.0.2:49984] AH02041: Protocol: TLSv1.3, Cipher: TLS_AES_128_GCM_SHA256 (128/128 bits)
[Wed Dec 03 22:27:09.473170 2025] [ssl:debug] [pid 31:tid 105] ssl_engine_kernel.c(341): [client 10.128.0.2:49984] AH02034: Initial (No.1) HTTPS request received for child 7 (server heat-api-internal.openstack.svc:443)
[Wed Dec 03 22:27:09.473296 2025] [authz_core:debug] [pid 31:tid 105] mod_authz_core.c(843): [client 10.128.0.2:49984] AH01628: authorization result: granted (no directives)
[Wed Dec 03 22:27:09.473787 2025] [wsgi:info] [pid 18:tid 178] [remote 10.128.0.2:49984] mod_wsgi (pid=18, process='internal', application=''): Loading Python script file '/usr/bin/heat-wsgi-api'.
[Wed Dec 03 22:27:10.700500 2025] [wsgi:error] [pid 19:tid 140] 2025-12-03 22:27:10.700 19 INFO heat-api [-] Starting Heat REST API on 0.0.0.0:8004\x1b[00m
[Wed Dec 03 22:27:10.763887 2025] [wsgi:error] [pid 19:tid 140] 2025-12-03 22:27:10.763 19 WARNING keystonemiddleware.auth_token [-] AuthToken middleware is set with keystone_authtoken.service_token_roles_required set to False. This is backwards compatible but deprecated behaviour. Please set this to True.\x1b[00m
[Wed Dec 03 22:27:10.811371 2025] [wsgi:error] [pid 18:tid 178] 2025-12-03 22:27:10.811 18 INFO heat-api [-] Starting Heat REST API on 0.0.0.0:8004\x1b[00m 10.128.0.2 - - [03/Dec/2025:22:27:09 +0000] "GET /healthcheck HTTP/1.1" 200 - "-" "kube-probe/1.31"
[Wed Dec 03 22:27:10.815418 2025] [ssl:debug] [pid 179:tid 183] ssl_engine_io.c(1150): [client 10.128.0.2:49998] AH02001: Connection closed to child 193 with standard shutdown (server heat-api-internal.openstack.svc:443)
[Wed Dec 03 22:27:10.879090 2025] [wsgi:error] [pid 18:tid 178] 2025-12-03 22:27:10.878 18 WARNING keystonemiddleware.auth_token [-] AuthToken middleware is set with keystone_authtoken.service_token_roles_required set to False. This is backwards compatible but deprecated behaviour. Please set this to True.\x1b[00m 10.128.0.2 - - [03/Dec/2025:22:27:09 +0000] "GET /healthcheck HTTP/1.1" 200 - "-" "kube-probe/1.31"
[Wed Dec 03 22:27:10.941288 2025] [ssl:debug] [pid 31:tid 105] ssl_engine_io.c(1150): [client 10.128.0.2:49984] AH02001: Connection closed to child 7 with standard shutdown (server heat-api-internal.openstack.svc:443)
[Wed Dec 03 22:27:14.468508 2025] [ssl:info] [pid 179:tid 182] [client 10.128.0.2:41448] AH01964: Connection to child 192 established (server heat-api-internal.openstack.svc:443)
[Wed Dec 03 22:27:14.468571 2025] [ssl:info] [pid 40:tid 152] [client 10.128.0.2:41460] AH01964: Connection to child 133 established (server heat-api-internal.openstack.svc:443)
[Wed Dec 03 22:27:14.468711 2025] [ssl:debug] [pid 179:tid 182] ssl_engine_kernel.c(2337): [client 10.128.0.2:41448] AH02645: Server name not provided via TLS extension (using default/first virtual host)
[Wed Dec 03 22:27:14.468764 2025] [ssl:debug] [pid 40:tid 152] ssl_engine_kernel.c(2337): [client 10.128.0.2:41460] AH02645: Server name not provided via TLS extension (using default/first virtual host)
[Wed Dec 03 22:27:14.468763 2025] [core:debug] [pid 179:tid 182] protocol.c(2460): [client 10.128.0.2:41448] AH03155: select protocol from , choices=h2,http/1.1 for server heat-api-internal.openstack.svc
[Wed Dec 03 22:27:14.468838 2025] [core:debug] [pid 40:tid 152] protocol.c(2460): [client 10.128.0.2:41460] AH03155: select protocol from , choices=h2,http/1.1 for server heat-api-internal.openstack.svc
[Wed Dec 03 22:27:14.470941 2025] [ssl:debug] [pid 40:tid 152] ssl_engine_kernel.c(2167): [client 10.128.0.2:41460] AH02041: Protocol: TLSv1.3, Cipher: TLS_AES_128_GCM_SHA256 (128/128 bits)
[Wed Dec 03 22:27:14.471129 2025] [ssl:debug] [pid 40:tid 152] ssl_engine_kernel.c(341): [client 10.128.0.2:41460] AH02034: Initial (No.1) HTTPS request received for child 133 (server heat-api-internal.openstack.svc:443)
[Wed Dec 03 22:27:14.471235 2025] [authz_core:debug] [pid 40:tid 152] mod_authz_core.c(843): [client 10.128.0.2:41460] AH01628: authorization result: granted (no directives)
[Wed Dec 03 22:27:14.471709 2025] [ssl:debug] [pid 179:tid 182] ssl_engine_kernel.c(2167): [client 10.128.0.2:41448] AH02041: Protocol: TLSv1.3, Cipher: TLS_AES_128_GCM_SHA256 (128/128 bits)
[Wed Dec 03 22:27:14.471937 2025] [ssl:debug] [pid 179:tid 182] ssl_engine_kernel.c(341): [client 10.128.0.2:41448] AH02034: Initial (No.1) HTTPS request received for child 192 (server heat-api-internal.openstack.svc:443)
[Wed Dec 03 22:27:14.472068 2025] [authz_core:debug] [pid 179:tid 182] mod_authz_core.c(843): [client 10.128.0.2:41448] AH01628: authorization result: granted (no directives) 10.128.0.2 - - [03/Dec/2025:22:27:14 +0000] "GET /healthcheck HTTP/1.1" 200 - "-" "kube-probe/1.31"
[Wed Dec 03 22:27:14.473850 2025] [ssl:debug] [pid 40:tid 152] ssl_engine_io.c(1150): [client 10.128.0.2:41460] AH02001: Connection closed to child 133 with standard shutdown (server heat-api-internal.openstack.svc:443) 10.128.0.2 - - [03/Dec/2025:22:27:14 +0000] "GET /healthcheck HTTP/1.1" 200 - "-" "kube-probe/1.31"
[Wed Dec 03 22:27:14.474606 2025] [ssl:debug] [pid 179:tid 182] ssl_engine_io.c(1150): [client 10.128.0.2:41448] AH02001: Connection closed to child 192 with standard shutdown (server heat-api-internal.openstack.svc:443)
[Wed Dec 03 22:27:19.468205 2025] [ssl:info] [pid 31:tid 108] [client 10.128.0.2:41480] AH01964: Connection to child 9 established (server heat-api-internal.openstack.svc:443)
[Wed Dec 03 22:27:19.468433 2025] [ssl:debug] [pid 31:tid 108] ssl_engine_kernel.c(2337): [client 10.128.0.2:41480] AH02645: Server name not provided via TLS extension (using default/first virtual host)
[Wed Dec 03 22:27:19.468488 2025] [core:debug] [pid 31:tid 108] protocol.c(2460): [client 10.128.0.2:41480] AH03155: select protocol from , choices=h2,http/1.1 for server heat-api-internal.openstack.svc
[Wed Dec 03 22:27:19.469070 2025] [ssl:info] [pid 31:tid 112] [client 10.128.0.2:41474] AH01964: Connection to child 11 established (server heat-api-internal.openstack.svc:443)
[Wed Dec 03 22:27:19.469291 2025] [ssl:debug] [pid 31:tid 112] ssl_engine_kernel.c(2337): [client 10.128.0.2:41474] AH02645: Server name not provided via TLS extension (using default/first virtual host)
[Wed Dec 03 22:27:19.469337 2025] [core:debug] [pid 31:tid 112] protocol.c(2460): [client 10.128.0.2:41474] AH03155: select protocol from , choices=h2,http/1.1 for server heat-api-internal.openstack.svc
[Wed Dec 03 22:27:19.470700 2025] [ssl:debug] [pid 31:tid 108] ssl_engine_kernel.c(2167): [client 10.128.0.2:41480] AH02041: Protocol: TLSv1.3, Cipher: TLS_AES_128_GCM_SHA256 (128/128 bits)
[Wed Dec 03 22:27:19.470962 2025] [ssl:debug] [pid 31:tid 108] ssl_engine_kernel.c(341): [client 10.128.0.2:41480] AH02034: Initial (No.1) HTTPS request received for child 9 (server heat-api-internal.openstack.svc:443)
[Wed Dec 03 22:27:19.471087 2025] [authz_core:debug] [pid 31:tid 108] mod_authz_core.c(843): [client 10.128.0.2:41480] AH01628: authorization result: granted (no directives)
[Wed Dec 03 22:27:19.471157 2025] [ssl:debug] [pid 31:tid 112] ssl_engine_kernel.c(2167): [client 10.128.0.2:41474] AH02041: Protocol: TLSv1.3, Cipher: TLS_AES_128_GCM_SHA256 (128/128 bits)
[Wed Dec 03 22:27:19.471346 2025] [ssl:debug] [pid 31:tid 112] ssl_engine_kernel.c(341): [client 10.128.0.2:41474] AH02034: Initial (No.1) HTTPS request received for child 11 (server heat-api-internal.openstack.svc:443)
[Wed Dec 03 22:27:19.471499 2025] [authz_core:debug] [pid 31:tid 112] mod_authz_core.c(843): [client 10.128.0.2:41474] AH01628: authorization result: granted (no directives) 10.128.0.2 - - [03/Dec/2025:22:27:19 +0000] "GET /healthcheck HTTP/1.1" 200 - "-" "kube-probe/1.31"
[Wed Dec 03 22:27:19.473997 2025] [ssl:debug] [pid 31:tid 108] ssl_engine_io.c(1150): [client 10.128.0.2:41480] AH02001: Connection closed to child 9 with standard shutdown (server heat-api-internal.openstack.svc:443) 10.128.0.2 - - [03/Dec/2025:22:27:19 +0000] "GET /healthcheck HTTP/1.1" 200 - "-" "kube-probe/1.31"
[Wed Dec 03 22:27:19.474153 2025] [ssl:debug] [pid 31:tid 112] ssl_engine_io.c(1150): [client 10.128.0.2:41474] AH02001: Connection closed to child 11 with standard shutdown (server heat-api-internal.openstack.svc:443)
[Wed Dec 03 22:27:24.468827 2025] [ssl:info] [pid 31:tid 116] [client 10.128.0.2:39564] AH01964: Connection to child 15 established (server heat-api-internal.openstack.svc:443)
[Wed Dec 03 22:27:24.468992 2025] [ssl:debug] [pid 31:tid 116] ssl_engine_kernel.c(2337): [client 10.128.0.2:39564] AH02645: Server name not provided via TLS extension (using default/first virtual host)
[Wed Dec 03 22:27:24.469040 2025] [core:debug] [pid 31:tid 116] protocol.c(2460): [client 10.128.0.2:39564] AH03155: select protocol from , choices=h2,http/1.1 for server heat-api-internal.openstack.svc
[Wed Dec 03 22:27:24.471440 2025] [ssl:info] [pid 31:tid 115] [client 10.128.0.2:39574] AH01964: Connection to child 14 established (server heat-api-internal.openstack.svc:443)
[Wed Dec 03 22:27:24.471662 2025] [ssl:debug] [pid 31:tid 115] ssl_engine_kernel.c(2337): [client 10.128.0.2:39574] AH02645: Server name not provided via TLS extension (using default/first virtual host)
[Wed Dec 03 22:27:24.471726 2025] [core:debug] [pid 31:tid 115] protocol.c(2460): [client 10.128.0.2:39574] AH03155: select protocol from , choices=h2,http/1.1 for server heat-api-internal.openstack.svc
[Wed Dec 03 22:27:24.473087 2025] [ssl:debug] [pid 31:tid 116] ssl_engine_kernel.c(2167): [client 10.128.0.2:39564] AH02041: Protocol: TLSv1.3, Cipher: TLS_AES_128_GCM_SHA256 (128/128 bits)
[Wed Dec 03 22:27:24.473744 2025] [ssl:debug] [pid 31:tid 115] ssl_engine_kernel.c(2167): [client 10.128.0.2:39574] AH02041: Protocol: TLSv1.3, Cipher: TLS_AES_128_GCM_SHA256 (128/128 bits)
[Wed Dec 03 22:27:24.473979 2025] [ssl:debug] [pid 31:tid 115] ssl_engine_kernel.c(341): [client 10.128.0.2:39574] AH02034: Initial (No.1) HTTPS request received for child 14 (server heat-api-internal.openstack.svc:443)
[Wed Dec 03 22:27:24.474097 2025] [ssl:debug] [pid 31:tid 116] ssl_engine_kernel.c(341): [client 10.128.0.2:39564] AH02034: Initial (No.1) HTTPS request received for child 15 (server heat-api-internal.openstack.svc:443)
[Wed Dec 03 22:27:24.474114 2025] [authz_core:debug] [pid 31:tid 115] mod_authz_core.c(843): [client 10.128.0.2:39574] AH01628: authorization result: granted (no directives)
[Wed Dec 03 22:27:24.474219 2025] [authz_core:debug] [pid 31:tid 116] mod_authz_core.c(843): [client 10.128.0.2:39564] AH01628: authorization result: granted (no directives) 10.128.0.2 - - [03/Dec/2025:22:27:24 +0000] "GET /healthcheck HTTP/1.1" 200 - "-" "kube-probe/1.31"
[Wed Dec 03 22:27:24.476970 2025] [ssl:debug] [pid 31:tid 115] ssl_engine_io.c(1150): [client 10.128.0.2:39574] AH02001: Connection closed to child 14 with standard shutdown (server heat-api-internal.openstack.svc:443) 10.128.0.2 - - [03/Dec/2025:22:27:24 +0000] "GET /healthcheck HTTP/1.1" 200 - "-" "kube-probe/1.31"
[Wed Dec 03 22:27:24.478291 2025] [ssl:debug] [pid 31:tid 116] ssl_engine_io.c(1150): [client 10.128.0.2:39564] AH02001: Connection closed to child 15 with standard shutdown (server heat-api-internal.openstack.svc:443)
[Wed Dec 03 22:27:29.472891 2025] [ssl:info] [pid 31:tid 118] [client 10.128.0.2:39578] AH01964: Connection to child 17 established (server heat-api-internal.openstack.svc:443)
[Wed Dec 03 22:27:29.473076 2025] [ssl:debug] [pid 31:tid 118] ssl_engine_kernel.c(2337): [client 10.128.0.2:39578] AH02645: Server name not provided via TLS extension (using default/first virtual host)
[Wed Dec 03 22:27:29.473134 2025] [core:debug] [pid 31:tid 118] protocol.c(2460): [client 10.128.0.2:39578] AH03155: select protocol from , choices=h2,http/1.1 for server heat-api-internal.openstack.svc
[Wed Dec 03 22:27:29.473148 2025] [ssl:info] [pid 179:tid 184] [client 10.128.0.2:39588] AH01964: Connection to child 194 established (server heat-api-internal.openstack.svc:443)
[Wed Dec 03 22:27:29.473361 2025] [ssl:debug] [pid 179:tid 184] ssl_engine_kernel.c(2337): [client 10.128.0.2:39588] AH02645: Server name not provided via TLS extension (using default/first virtual host)
[Wed Dec 03 22:27:29.473423 2025] [core:debug] [pid 179:tid 184] protocol.c(2460): [client 10.128.0.2:39588] AH03155: select protocol from , choices=h2,http/1.1 for server heat-api-internal.openstack.svc
[Wed Dec 03 22:27:29.487032 2025] [ssl:debug] [pid 31:tid 118] ssl_engine_kernel.c(2167): [client 10.128.0.2:39578] AH02041: Protocol: TLSv1.3, Cipher: TLS_AES_128_GCM_SHA256 (128/128 bits)
[Wed Dec 03 22:27:29.487367 2025] [ssl:debug] [pid 31:tid 118] ssl_engine_kernel.c(341): [client 10.128.0.2:39578] AH02034: Initial (No.1) HTTPS request received for child 17 (server heat-api-internal.openstack.svc:443)
[Wed Dec 03 22:27:29.487492 2025] [authz_core:debug] [pid 31:tid 118] mod_authz_core.c(843): [client 10.128.0.2:39578] AH01628: authorization result: granted (no directives)
[Wed Dec 03 22:27:29.488529 2025] [ssl:debug] [pid 179:tid 184] ssl_engine_kernel.c(2167): [client 10.128.0.2:39588] AH02041: Protocol: TLSv1.3, Cipher: TLS_AES_128_GCM_SHA256 (128/128 bits)
[Wed Dec 03 22:27:29.488938 2025] [ssl:debug] [pid 179:tid 184] ssl_engine_kernel.c(341): [client 10.128.0.2:39588] AH02034: Initial (No.1) HTTPS request received for child 194 (server heat-api-internal.openstack.svc:443)
[Wed Dec 03 22:27:29.489048 2025] [authz_core:debug] [pid 179:tid 184] mod_authz_core.c(843): [client 10.128.0.2:39588] AH01628: authorization result: granted (no directives) 10.128.0.2 - - [03/Dec/2025:22:27:29 +0000] "GET /healthcheck HTTP/1.1" 200 - "-" "kube-probe/1.31"
[Wed Dec 03 22:27:29.554060 2025] [ssl:debug] [pid 179:tid 184] ssl_engine_io.c(1150): [client 10.128.0.2:39588] AH02001: Connection closed to child 194 with standard shutdown (server heat-api-internal.openstack.svc:443) 10.128.0.2 - - [03/Dec/2025:22:27:29 +0000] "GET /healthcheck HTTP/1.1" 200 - "-" "kube-probe/1.31"
[Wed Dec 03 22:27:29.562150 2025] [ssl:debug] [pid 31:tid 118] ssl_engine_io.c(1150): [client 10.128.0.2:39578] AH02001: Connection closed to child 17 with standard shutdown (server heat-api-internal.openstack.svc:443)
[Wed Dec 03 22:27:34.469459 2025] [ssl:info] [pid 40:tid 149] [client 10.128.0.2:47846] AH01964: Connection to child 130 established (server heat-api-internal.openstack.svc:443)
[Wed Dec 03 22:27:34.469663 2025] [ssl:debug] [pid 40:tid 149] ssl_engine_kernel.c(2337): [client 10.128.0.2:47846] AH02645: Server name not provided via TLS extension (using default/first virtual host)
[Wed Dec 03 22:27:34.469721 2025] [core:debug] [pid 40:tid 149] protocol.c(2460): [client 10.128.0.2:47846] AH03155: select protocol from , choices=h2,http/1.1 for server heat-api-internal.openstack.svc
[Wed Dec 03 22:27:34.470179 2025] [ssl:info] [pid 40:tid 154] [client 10.128.0.2:47848] AH01964: Connection to child 135 established (server heat-api-internal.openstack.svc:443)
[Wed Dec 03 22:27:34.470310 2025] [ssl:debug] [pid 40:tid 154] ssl_engine_kernel.c(2337): [client 10.128.0.2:47848] AH02645: Server name not provided via TLS extension (using default/first virtual host)
[Wed Dec 03 22:27:34.470332 2025] [core:debug] [pid 40:tid 154] protocol.c(2460): [client 10.128.0.2:47848] AH03155: select protocol from , choices=h2,http/1.1 for server heat-api-internal.openstack.svc
[Wed Dec 03 22:27:34.472840 2025] [ssl:debug] [pid 40:tid 154] ssl_engine_kernel.c(2167): [client 10.128.0.2:47848] AH02041: Protocol: TLSv1.3, Cipher: TLS_AES_128_GCM_SHA256 (128/128 bits)
[Wed Dec 03 22:27:34.473067 2025] [ssl:debug] [pid 40:tid 154] ssl_engine_kernel.c(341): [client 10.128.0.2:47848] AH02034: Initial (No.1) HTTPS request received for child 135 (server heat-api-internal.openstack.svc:443)
[Wed Dec 03 22:27:34.473199 2025] [authz_core:debug] [pid 40:tid 154] mod_authz_core.c(843): [client 10.128.0.2:47848] AH01628: authorization result: granted (no directives)
[Wed Dec 03 22:27:34.473511 2025] [ssl:debug] [pid 40:tid 149] ssl_engine_kernel.c(2167): [client 10.128.0.2:47846] AH02041: Protocol: TLSv1.3, Cipher: TLS_AES_128_GCM_SHA256 (128/128 bits)
[Wed Dec 03 22:27:34.473699 2025] [ssl:debug] [pid 40:tid 149] ssl_engine_kernel.c(341): [client 10.128.0.2:47846] AH02034: Initial (No.1) HTTPS request received for child 130 (server heat-api-internal.openstack.svc:443)
[Wed Dec 03 22:27:34.473758 2025] [authz_core:debug] [pid 40:tid 149] mod_authz_core.c(843): [client 10.128.0.2:47846] AH01628: authorization result: granted (no directives) 10.128.0.2 - - [03/Dec/2025:22:27:34 +0000] "GET /healthcheck HTTP/1.1" 200 - "-" "kube-probe/1.31"
[Wed Dec 03 22:27:34.476248 2025] [ssl:debug] [pid 40:tid 149] ssl_engine_io.c(1150): [client 10.128.0.2:47846] AH02001: Connection closed to child 130 with standard shutdown (server heat-api-internal.openstack.svc:443) 10.128.0.2 - - [03/Dec/2025:22:27:34 +0000] "GET /healthcheck HTTP/1.1" 200 - "-" "kube-probe/1.31"
[Wed Dec 03 22:27:34.476458 2025] [ssl:debug] [pid 40:tid 154] ssl_engine_io.c(1150): [client 10.128.0.2:47848] AH02001: Connection closed to child 135 with standard shutdown (server heat-api-internal.openstack.svc:443)
[Wed Dec 03 22:27:39.471613 2025] [ssl:info] [pid 31:tid 121] [client 10.128.0.2:47858] AH01964: Connection to child 19 established (server heat-api-internal.openstack.svc:443)
[Wed Dec 03 22:27:39.471812 2025] [ssl:debug] [pid 31:tid 121] ssl_engine_kernel.c(2337): [client 10.128.0.2:47858] AH02645: Server name not provided via TLS extension (using default/first virtual host)
[Wed Dec 03 22:27:39.471864 2025] [core:debug] [pid 31:tid 121] protocol.c(2460): [client 10.128.0.2:47858] AH03155: select protocol from , choices=h2,http/1.1 for server heat-api-internal.openstack.svc
[Wed Dec 03 22:27:39.473548 2025] [ssl:info] [pid 31:tid 120] [client 10.128.0.2:47860] AH01964: Connection to child 18 established (server heat-api-internal.openstack.svc:443)
[Wed Dec 03 22:27:39.473568 2025] [ssl:debug] [pid 31:tid 121] ssl_engine_kernel.c(2167): [client 10.128.0.2:47858] AH02041: Protocol: TLSv1.3, Cipher: TLS_AES_128_GCM_SHA256 (128/128 bits)
[Wed Dec 03 22:27:39.473750 2025] [ssl:debug] [pid 31:tid 120] ssl_engine_kernel.c(2337): [client 10.128.0.2:47860] AH02645: Server name not provided via TLS extension (using default/first virtual host)
[Wed Dec 03 22:27:39.473828 2025] [core:debug] [pid 31:tid 120] protocol.c(2460): [client 10.128.0.2:47860] AH03155: select protocol from , choices=h2,http/1.1 for server heat-api-internal.openstack.svc
[Wed Dec 03 22:27:39.473907 2025] [ssl:debug] [pid 31:tid 121] ssl_engine_kernel.c(341): [client 10.128.0.2:47858] AH02034: Initial (No.1) HTTPS request received for child 19 (server heat-api-internal.openstack.svc:443)
[Wed Dec 03 22:27:39.474016 2025] [authz_core:debug] [pid 31:tid 121] mod_authz_core.c(843): [client 10.128.0.2:47858] AH01628: authorization result: granted (no directives)
[Wed Dec 03 22:27:39.476187 2025] [ssl:debug] [pid 31:tid 120] ssl_engine_kernel.c(2167): [client 10.128.0.2:47860] AH02041: Protocol: TLSv1.3, Cipher: TLS_AES_128_GCM_SHA256 (128/128 bits) 10.128.0.2 - - [03/Dec/2025:22:27:39 +0000] "GET /healthcheck HTTP/1.1" 200 - "-" "kube-probe/1.31"
[Wed Dec 03 22:27:39.476346 2025] [ssl:debug] [pid 31:tid 121] ssl_engine_io.c(1150): [client 10.128.0.2:47858] AH02001: Connection closed to child 19 with standard shutdown (server heat-api-internal.openstack.svc:443)
[Wed Dec 03 22:27:39.476413 2025] [ssl:debug] [pid 31:tid 120] ssl_engine_kernel.c(341): [client 10.128.0.2:47860] AH02034: Initial (No.1) HTTPS request received for child 18 (server heat-api-internal.openstack.svc:443)
[Wed Dec 03 22:27:39.476531 2025] [authz_core:debug] [pid 31:tid 120] mod_authz_core.c(843): [client 10.128.0.2:47860] AH01628: authorization result: granted (no directives) 10.128.0.2 - - [03/Dec/2025:22:27:39 +0000] "GET /healthcheck HTTP/1.1" 200 - "-" "kube-probe/1.31"
[Wed Dec 03 22:27:39.478125 2025] [ssl:debug] [pid 31:tid 120] ssl_engine_io.c(1150): [client 10.128.0.2:47860] AH02001: Connection closed to child 18 with standard shutdown (server heat-api-internal.openstack.svc:443)
[Wed Dec 03 22:27:44.468811 2025] [ssl:info] [pid 31:tid 126] [client 10.128.0.2:48054] AH01964: Connection to child 22 established (server heat-api-internal.openstack.svc:443)
[Wed Dec 03 22:27:44.468996 2025] [ssl:debug] [pid 31:tid 126] ssl_engine_kernel.c(2337): [client 10.128.0.2:48054] AH02645: Server name not provided via TLS extension (using default/first virtual host)
[Wed Dec 03 22:27:44.468992 2025] [ssl:info] [pid 31:tid 127] [client 10.128.0.2:48052] AH01964: Connection to child 23 established (server heat-api-internal.openstack.svc:443)
[Wed Dec 03 22:27:44.469042 2025] [core:debug] [pid 31:tid 126] protocol.c(2460): [client 10.128.0.2:48054] AH03155: select protocol from , choices=h2,http/1.1 for server heat-api-internal.openstack.svc
[Wed Dec 03 22:27:44.469164 2025] [ssl:debug] [pid 31:tid 127] ssl_engine_kernel.c(2337): [client 10.128.0.2:48052] AH02645: Server name not provided via TLS extension (using default/first virtual host)
[Wed Dec 03 22:27:44.469211 2025] [core:debug] [pid 31:tid 127] protocol.c(2460): [client 10.128.0.2:48052] AH03155: select protocol from , choices=h2,http/1.1 for server heat-api-internal.openstack.svc
[Wed Dec 03 22:27:44.470873 2025] [ssl:debug] [pid 31:tid 127] ssl_engine_kernel.c(2167): [client 10.128.0.2:48052] AH02041: Protocol: TLSv1.3, Cipher: TLS_AES_128_GCM_SHA256 (128/128 bits)
[Wed Dec 03 22:27:44.471116 2025] [ssl:debug] [pid 31:tid 127] ssl_engine_kernel.c(341): [client 10.128.0.2:48052] AH02034: Initial (No.1) HTTPS request received for child 23 (server heat-api-internal.openstack.svc:443)
