2025-12-03 23:41:11.741 287302 DEBUG oslo.privsep.daemon [-] privsep: reply[213a4852-b1cd-47b4-b142-0efb6badcbbd]: (4, ('tcp: [3] 172.18.0.10:3260,1 iqn.2010-10.org.openstack:volume-13215b4c-c6e9-4e2a-8854-2c2be49f6a00 (non-flash)\ntcp: [4] 172.19.0.10:3260,1 iqn.2010-10.org.openstack:volume-13215b4c-c6e9-4e2a-8854-2c2be49f6a00 (non-flash)\n', '')) _call_back /usr/lib/python3.9/site-packages/oslo_privsep/daemon.py:501
2025-12-03 23:41:11.741 83023 DEBUG os_brick.initiator.connectors.iscsi [None req-891eb7cd-eff2-4193-bc39-61cb35a7de44 ecca011520524ca2b0dda4a3f90ea632 736cfa939ed54e37b1dae7d67c7093e6 - - - -] iscsiadm ('-m', 'session'): stdout=tcp: [3] 172.18.0.10:3260,1 iqn.2010-10.org.openstack:volume-13215b4c-c6e9-4e2a-8854-2c2be49f6a00 (non-flash) tcp: [4] 172.19.0.10:3260,1 iqn.2010-10.org.openstack:volume-13215b4c-c6e9-4e2a-8854-2c2be49f6a00 (non-flash) stderr= _run_iscsiadm_bare /usr/lib/python3.9/site-packages/os_brick/initiator/connectors/iscsi.py:1196
2025-12-03 23:41:11.741 83023 DEBUG os_brick.initiator.connectors.iscsi [None req-891eb7cd-eff2-4193-bc39-61cb35a7de44 ecca011520524ca2b0dda4a3f90ea632 736cfa939ed54e37b1dae7d67c7093e6 - - - -] iscsi session list stdout=tcp: [3] 172.18.0.10:3260,1 iqn.2010-10.org.openstack:volume-13215b4c-c6e9-4e2a-8854-2c2be49f6a00 (non-flash) tcp: [4] 172.19.0.10:3260,1 iqn.2010-10.org.openstack:volume-13215b4c-c6e9-4e2a-8854-2c2be49f6a00 (non-flash) stderr= _run_iscsi_session /usr/lib/python3.9/site-packages/os_brick/initiator/connectors/iscsi.py:1185
2025-12-03 23:41:11.742 83023 DEBUG os_brick.initiator.connectors.base [None req-891eb7cd-eff2-4193-bc39-61cb35a7de44 ecca011520524ca2b0dda4a3f90ea632 736cfa939ed54e37b1dae7d67c7093e6 - - - -] Lock "connect_to_iscsi_portal-172.19.0.10:3260-iqn.2010-10.org.openstack:volume-13215b4c-c6e9-4e2a-8854-2c2be49f6a00" "released" by "os_brick.initiator.connectors.iscsi.ISCSIConnector._connect_to_iscsi_portal_unsafe" :: held 0.298s inner /usr/lib/python3.9/site-packages/os_brick/initiator/connectors/base.py:87
2025-12-03 23:41:11.742 83023 DEBUG os_brick.initiator.connectors.iscsi [None req-891eb7cd-eff2-4193-bc39-61cb35a7de44 ecca011520524ca2b0dda4a3f90ea632 736cfa939ed54e37b1dae7d67c7093e6 - - - -] Connected to 172.19.0.10:3260 _connect_vol /usr/lib/python3.9/site-packages/os_brick/initiator/connectors/iscsi.py:644
2025-12-03 23:41:11.742 83023 DEBUG os_brick.initiator.linuxscsi [None req-891eb7cd-eff2-4193-bc39-61cb35a7de44 ecca011520524ca2b0dda4a3f90ea632 736cfa939ed54e37b1dae7d67c7093e6 - - - -] HCTL ('3', '-', '-', 0) found on session 4 with lun 0 get_hctl /usr/lib/python3.9/site-packages/os_brick/initiator/linuxscsi.py:761
2025-12-03 23:41:11.743 83023 DEBUG os_brick.initiator.linuxscsi [None req-891eb7cd-eff2-4193-bc39-61cb35a7de44 ecca011520524ca2b0dda4a3f90ea632 736cfa939ed54e37b1dae7d67c7093e6 - - - -] Scanning host 3 c: -, t: -, l: 0) scan_iscsi /usr/lib/python3.9/site-packages/os_brick/initiator/linuxscsi.py:786
2025-12-03 23:41:11.743 287302 DEBUG oslo_concurrency.processutils [-] Running cmd (subprocess): tee -a /sys/class/scsi_host/host3/scan execute /usr/lib/python3.9/site-packages/oslo_concurrency/processutils.py:384
2025-12-03 23:41:11.749 287302 DEBUG oslo_concurrency.processutils [-] CMD "iscsiadm -m session" returned: 0 in 0.023s execute /usr/lib/python3.9/site-packages/oslo_concurrency/processutils.py:422
2025-12-03 23:41:11.750 287302 DEBUG oslo.privsep.daemon [-] privsep: reply[56d72a9b-34ce-4dfe-a49e-bb4198b1e932]: (4, ('tcp: [3] 172.18.0.10:3260,1 iqn.2010-10.org.openstack:volume-13215b4c-c6e9-4e2a-8854-2c2be49f6a00 (non-flash)\ntcp: [4] 172.19.0.10:3260,1 iqn.2010-10.org.openstack:volume-13215b4c-c6e9-4e2a-8854-2c2be49f6a00 (non-flash)\n', '')) _call_back /usr/lib/python3.9/site-packages/oslo_privsep/daemon.py:501
2025-12-03 23:41:11.751 83023 DEBUG os_brick.initiator.connectors.iscsi [None req-891eb7cd-eff2-4193-bc39-61cb35a7de44 ecca011520524ca2b0dda4a3f90ea632 736cfa939ed54e37b1dae7d67c7093e6 - - - -] iscsiadm ('-m', 'session'): stdout=tcp: [3] 172.18.0.10:3260,1 iqn.2010-10.org.openstack:volume-13215b4c-c6e9-4e2a-8854-2c2be49f6a00 (non-flash) tcp: [4] 172.19.0.10:3260,1 iqn.2010-10.org.openstack:volume-13215b4c-c6e9-4e2a-8854-2c2be49f6a00 (non-flash) stderr= _run_iscsiadm_bare /usr/lib/python3.9/site-packages/os_brick/initiator/connectors/iscsi.py:1196
2025-12-03 23:41:11.751 83023 DEBUG os_brick.initiator.connectors.iscsi [None req-891eb7cd-eff2-4193-bc39-61cb35a7de44 ecca011520524ca2b0dda4a3f90ea632 736cfa939ed54e37b1dae7d67c7093e6 - - - -] iscsi session list stdout=tcp: [3] 172.18.0.10:3260,1 iqn.2010-10.org.openstack:volume-13215b4c-c6e9-4e2a-8854-2c2be49f6a00 (non-flash) tcp: [4] 172.19.0.10:3260,1 iqn.2010-10.org.openstack:volume-13215b4c-c6e9-4e2a-8854-2c2be49f6a00 (non-flash) stderr= _run_iscsi_session /usr/lib/python3.9/site-packages/os_brick/initiator/connectors/iscsi.py:1185
2025-12-03 23:41:11.751 83023 DEBUG os_brick.initiator.connectors.base [None req-891eb7cd-eff2-4193-bc39-61cb35a7de44 ecca011520524ca2b0dda4a3f90ea632 736cfa939ed54e37b1dae7d67c7093e6 - - - -] Lock "connect_to_iscsi_portal-172.18.0.10:3260-iqn.2010-10.org.openstack:volume-13215b4c-c6e9-4e2a-8854-2c2be49f6a00" "released" by "os_brick.initiator.connectors.iscsi.ISCSIConnector._connect_to_iscsi_portal_unsafe" :: held 0.309s inner /usr/lib/python3.9/site-packages/os_brick/initiator/connectors/base.py:87
2025-12-03 23:41:11.751 83023 DEBUG os_brick.initiator.connectors.iscsi [None req-891eb7cd-eff2-4193-bc39-61cb35a7de44 ecca011520524ca2b0dda4a3f90ea632 736cfa939ed54e37b1dae7d67c7093e6 - - - -] Connected to 172.18.0.10:3260 _connect_vol /usr/lib/python3.9/site-packages/os_brick/initiator/connectors/iscsi.py:644
2025-12-03 23:41:11.752 83023 DEBUG os_brick.initiator.linuxscsi [None req-891eb7cd-eff2-4193-bc39-61cb35a7de44 ecca011520524ca2b0dda4a3f90ea632 736cfa939ed54e37b1dae7d67c7093e6 - - - -] HCTL ('2', '-', '-', 0) found on session 3 with lun 0 get_hctl /usr/lib/python3.9/site-packages/os_brick/initiator/linuxscsi.py:761
2025-12-03 23:41:11.752 83023 DEBUG os_brick.initiator.linuxscsi [None req-891eb7cd-eff2-4193-bc39-61cb35a7de44 ecca011520524ca2b0dda4a3f90ea632 736cfa939ed54e37b1dae7d67c7093e6 - - - -] Scanning host 2 c: -, t: -, l: 0) scan_iscsi /usr/lib/python3.9/site-packages/os_brick/initiator/linuxscsi.py:786
2025-12-03 23:41:11.752 287302 DEBUG oslo_concurrency.processutils [-] Running cmd (subprocess): tee -a /sys/class/scsi_host/host2/scan execute /usr/lib/python3.9/site-packages/oslo_concurrency/processutils.py:384
2025-12-03 23:41:11.757 287302 DEBUG oslo_concurrency.processutils [-] CMD "tee -a /sys/class/scsi_host/host3/scan" returned: 0 in 0.013s execute /usr/lib/python3.9/site-packages/oslo_concurrency/processutils.py:422
2025-12-03 23:41:11.758 287302 DEBUG oslo.privsep.daemon [-] privsep: reply[e4290b41-9e3f-4905-ae41-fbbd201b6d8c]: (4, ('- - 0', '')) _call_back /usr/lib/python3.9/site-packages/oslo_privsep/daemon.py:501
2025-12-03 23:41:11.759 83023 DEBUG os_brick.initiator.linuxscsi [None req-891eb7cd-eff2-4193-bc39-61cb35a7de44 ecca011520524ca2b0dda4a3f90ea632 736cfa939ed54e37b1dae7d67c7093e6 - - - -] Searching for a device in session 4 and hctl ['3', '*', '*', 0] yield: sda device_name_by_hctl /usr/lib/python3.9/site-packages/os_brick/initiator/linuxscsi.py:780
2025-12-03 23:41:11.760 83023 DEBUG os_brick.initiator.connectors.iscsi [None req-891eb7cd-eff2-4193-bc39-61cb35a7de44 ecca011520524ca2b0dda4a3f90ea632 736cfa939ed54e37b1dae7d67c7093e6 - - - -] Connected to sda using {'target_discovered': False, 'target_portal': '172.19.0.10:3260', 'target_iqn': 'iqn.2010-10.org.openstack:volume-13215b4c-c6e9-4e2a-8854-2c2be49f6a00', 'target_lun': 0, 'volume_id': '13215b4c-c6e9-4e2a-8854-2c2be49f6a00', 'auth_method': 'CHAP', 'auth_username': 'XFS6x8Q9DKdJogV26KQF', 'auth_password': '***', 'encrypted': False, 'qos_specs': None, 'access_mode': 'rw': False} _connect_vol /usr/lib/python3.9/site-packages/os_brick/initiator/connectors/iscsi.py:672
2025-12-03 23:41:11.767 287302 DEBUG oslo_concurrency.processutils [-] CMD "tee -a /sys/class/scsi_host/host2/scan" returned: 0 in 0.015s execute /usr/lib/python3.9/site-packages/oslo_concurrency/processutils.py:422
2025-12-03 23:41:11.768 287302 DEBUG oslo.privsep.daemon [-] privsep: reply[6a1b8bdc-d2dc-4ee4-a775-6d79202a22eb]: (4, ('- - 0', '')) _call_back /usr/lib/python3.9/site-packages/oslo_privsep/daemon.py:501
2025-12-03 23:41:11.770 83023 DEBUG os_brick.initiator.linuxscsi [None req-891eb7cd-eff2-4193-bc39-61cb35a7de44 ecca011520524ca2b0dda4a3f90ea632 736cfa939ed54e37b1dae7d67c7093e6 - - - -] Searching for a device in session 3 and hctl ['2', '*', '*', 0] yield: sdb device_name_by_hctl /usr/lib/python3.9/site-packages/os_brick/initiator/linuxscsi.py:780
2025-12-03 23:41:11.771 83023 DEBUG os_brick.initiator.connectors.iscsi [None req-891eb7cd-eff2-4193-bc39-61cb35a7de44 ecca011520524ca2b0dda4a3f90ea632 736cfa939ed54e37b1dae7d67c7093e6 - - - -] Connected to sdb using {'target_discovered': False, 'target_portal': '172.18.0.10:3260', 'target_iqn': 'iqn.2010-10.org.openstack:volume-13215b4c-c6e9-4e2a-8854-2c2be49f6a00', 'target_lun': 0, 'volume_id': '13215b4c-c6e9-4e2a-8854-2c2be49f6a00', 'auth_method': 'CHAP', 'auth_username': 'XFS6x8Q9DKdJogV26KQF', 'auth_password': '***', 'encrypted': False, 'qos_specs': None, 'access_mode': 'rw': False} _connect_vol /usr/lib/python3.9/site-packages/os_brick/initiator/connectors/iscsi.py:672
2025-12-03 23:41:12.452 287302 DEBUG oslo_concurrency.processutils [-] Running cmd (subprocess): multipath -a 36001405d891bff2aa4f45849f0a31df7 execute /usr/lib/python3.9/site-packages/oslo_concurrency/processutils.py:384
2025-12-03 23:41:12.469 287302 DEBUG oslo_concurrency.processutils [-] CMD "multipath -a 36001405d891bff2aa4f45849f0a31df7" returned: 0 in 0.017s execute /usr/lib/python3.9/site-packages/oslo_concurrency/processutils.py:422
2025-12-03 23:41:12.470 287302 DEBUG oslo.privsep.daemon [-] privsep: reply[696ecc31-3f8f-4f5d-a090-d969e1b04bd6]: (4, ("wwid '36001405d891bff2aa4f45849f0a31df7' added\n", '')) _call_back /usr/lib/python3.9/site-packages/oslo_privsep/daemon.py:501
2025-12-03 23:41:12.471 287302 DEBUG oslo_concurrency.processutils [-] Running cmd (subprocess): multipathd add path /dev/sda execute /usr/lib/python3.9/site-packages/oslo_concurrency/processutils.py:384
2025-12-03 23:41:12.513 287302 DEBUG oslo_concurrency.processutils [-] CMD "multipathd add path /dev/sda" returned: 0 in 0.042s execute /usr/lib/python3.9/site-packages/oslo_concurrency/processutils.py:422
2025-12-03 23:41:12.514 287302 DEBUG oslo.privsep.daemon [-] privsep: reply[f4c39976-bf2c-4545-9a75-e1be024df920]: (4, ('ok\n', '')) _call_back /usr/lib/python3.9/site-packages/oslo_privsep/daemon.py:501
2025-12-03 23:41:12.515 83023 DEBUG os_brick.initiator.connectors.iscsi [None req-891eb7cd-eff2-4193-bc39-61cb35a7de44 ecca011520524ca2b0dda4a3f90ea632 736cfa939ed54e37b1dae7d67c7093e6 - - - -] All connection threads finished, giving 10 seconds for dm to appear. _connect_multipath_volume /usr/lib/python3.9/site-packages/os_brick/initiator/connectors/iscsi.py:769
2025-12-03 23:41:13.517 287302 DEBUG oslo_concurrency.processutils [-] Running cmd (subprocess): multipath -C dm-20 execute /usr/lib/python3.9/site-packages/oslo_concurrency/processutils.py:384
2025-12-03 23:41:13.549 287302 DEBUG oslo_concurrency.processutils [-] CMD "multipath -C dm-20" returned: 0 in 0.032s execute /usr/lib/python3.9/site-packages/oslo_concurrency/processutils.py:422
2025-12-03 23:41:13.550 287302 DEBUG oslo.privsep.daemon [-] privsep: reply[e1bcce33-9242-4cf1-9ae3-f08d8731c843]: (4, ('', '6883.003734 | 36001405d891bff2aa4f45849f0a31df7: adding new path sda\n6883.006388 | 36001405d891bff2aa4f45849f0a31df7: adding new path sdb\n')) _call_back /usr/lib/python3.9/site-packages/oslo_privsep/daemon.py:501
2025-12-03 23:41:13.551 83023 DEBUG os_brick.initiator.connectors.base [None req-891eb7cd-eff2-4193-bc39-61cb35a7de44 ecca011520524ca2b0dda4a3f90ea632 736cfa939ed54e37b1dae7d67c7093e6 - - - -] Lock "connect_volume" "released" by "os_brick.initiator.connectors.iscsi.ISCSIConnector.connect_volume" :: held 2.111s inner /usr/lib/python3.9/site-packages/os_brick/initiator/connectors/base.py:87
2025-12-03 23:41:13.551 83023 DEBUG os_brick.initiator.connectors.iscsi [None req-891eb7cd-eff2-4193-bc39-61cb35a7de44 ecca011520524ca2b0dda4a3f90ea632 736cfa939ed54e37b1dae7d67c7093e6 - - - -] <== connect_volume: return (2114ms) {'type': 'block', 'scsi_wwn': '36001405d891bff2aa4f45849f0a31df7', 'path': '/dev/dm-20', 'multipath_id': '36001405d891bff2aa4f45849f0a31df7'} trace_logging_wrapper /usr/lib/python3.9/site-packages/os_brick/utils.py:203
2025-12-03 23:41:13.552 83023 DEBUG oslo_concurrency.processutils [None req-891eb7cd-eff2-4193-bc39-61cb35a7de44 ecca011520524ca2b0dda4a3f90ea632 736cfa939ed54e37b1dae7d67c7093e6 - - - -] Running cmd (subprocess): sudo cinder-rootwrap /etc/cinder/rootwrap.conf chown 42407 /dev/dm-20 execute /usr/lib/python3.9/site-packages/oslo_concurrency/processutils.py:384
2025-12-03 23:41:13.918 83023 DEBUG oslo_concurrency.processutils [None req-891eb7cd-eff2-4193-bc39-61cb35a7de44 ecca011520524ca2b0dda4a3f90ea632 736cfa939ed54e37b1dae7d67c7093e6 - - - -] CMD "sudo cinder-rootwrap /etc/cinder/rootwrap.conf chown 42407 /dev/dm-20" returned: 0 in 0.366s execute /usr/lib/python3.9/site-packages/oslo_concurrency/processutils.py:422
2025-12-03 23:41:13.953 83023 DEBUG oslo_db.sqlalchemy.engines [None req-891eb7cd-eff2-4193-bc39-61cb35a7de44 ecca011520524ca2b0dda4a3f90ea632 736cfa939ed54e37b1dae7d67c7093e6 - - - -] MySQL server mode set to STRICT_TRANS_TABLES,STRICT_ALL_TABLES,NO_ZERO_IN_DATE,NO_ZERO_DATE,ERROR_FOR_DIVISION_BY_ZERO,TRADITIONAL,NO_AUTO_CREATE_USER,NO_ENGINE_SUBSTITUTION _check_effective_sql_mode /usr/lib/python3.9/site-packages/oslo_db/sqlalchemy/engines.py:335
2025-12-03 23:41:13.963 83023 DEBUG cinder.backup.chunkeddriver [None req-891eb7cd-eff2-4193-bc39-61cb35a7de44 ecca011520524ca2b0dda4a3f90ea632 736cfa939ed54e37b1dae7d67c7093e6 - - - -] _create_container started, container: volumebackups,backup: d6026479-ddde-4999-9bb4-eaed697635bc. _create_container /usr/lib/python3.9/site-packages/cinder/backup/chunkeddriver.py:250
2025-12-03 23:41:14.061 83023 WARNING cinder.backup.drivers.swift [None req-891eb7cd-eff2-4193-bc39-61cb35a7de44 ecca011520524ca2b0dda4a3f90ea632 736cfa939ed54e37b1dae7d67c7093e6 - - - -] Failed to HEAD container to determine if it exists and should be created.: swiftclient.exceptions.ClientException: Container HEAD failed: https://swift-public-openstack.apps.sno.openstack.lab/v1/AUTH_736cfa939ed54e37b1dae7d67c7093e6/volumebackups 403 Forbidden (txn: txcfcf55660ce2478197583-006930ca99)
2025-12-03 23:41:14.062 83023 DEBUG oslo_concurrency.processutils [None req-891eb7cd-eff2-4193-bc39-61cb35a7de44 ecca011520524ca2b0dda4a3f90ea632 736cfa939ed54e37b1dae7d67c7093e6 - - - -] Running cmd (subprocess): sudo cinder-rootwrap /etc/cinder/rootwrap.conf chown 0 /dev/dm-20 execute /usr/lib/python3.9/site-packages/oslo_concurrency/processutils.py:384
2025-12-03 23:41:14.436 83023 DEBUG oslo_concurrency.processutils [None req-891eb7cd-eff2-4193-bc39-61cb35a7de44 ecca011520524ca2b0dda4a3f90ea632 736cfa939ed54e37b1dae7d67c7093e6 - - - -] CMD "sudo cinder-rootwrap /etc/cinder/rootwrap.conf chown 0 /dev/dm-20" returned: 0 in 0.374s execute /usr/lib/python3.9/site-packages/oslo_concurrency/processutils.py:422
2025-12-03 23:41:14.438 83023 INFO cinder.message.api [None req-891eb7cd-eff2-4193-bc39-61cb35a7de44 ecca011520524ca2b0dda4a3f90ea632 736cfa939ed54e37b1dae7d67c7093e6 - - - -] Creating message record for request_id = req-891eb7cd-eff2-4193-bc39-61cb35a7de44
2025-12-03 23:41:14.450 83023 DEBUG os_brick.initiator.connectors.iscsi [None req-891eb7cd-eff2-4193-bc39-61cb35a7de44 ecca011520524ca2b0dda4a3f90ea632 736cfa939ed54e37b1dae7d67c7093e6 - - - -] ==> disconnect_volume: call "{'args': (, {'target_discovered': False, 'target_portals': ['172.18.0.10:3260', '172.19.0.10:3260'], 'target_iqns': ['iqn.2010-10.org.openstack:volume-13215b4c-c6e9-4e2a-8854-2c2be49f6a00', 'iqn.2010-10.org.openstack:volume-13215b4c-c6e9-4e2a-8854-2c2be49f6a00'], 'target_luns': [0, 0], 'target_portal': '172.18.0.10:3260', 'target_iqn': 'iqn.2010-10.org.openstack:volume-13215b4c-c6e9-4e2a-8854-2c2be49f6a00', 'target_lun': 0, 'volume_id': '13215b4c-c6e9-4e2a-8854-2c2be49f6a00', 'auth_method': 'CHAP', 'auth_username': 'XFS6x8Q9DKdJogV26KQF', 'auth_password': '***', 'encrypted': False, 'qos_specs': None, 'access_mode': 'rw', 'cacheable': False}, {'type': 'block', 'scsi_wwn': '36001405d891bff2aa4f45849f0a31df7', 'path': '/dev/dm-20', 'multipath_id': '36001405d891bff2aa4f45849f0a31df7'}), 'kwargs': {'force': True}}" trace_logging_wrapper /usr/lib/python3.9/site-packages/os_brick/utils.py:176
2025-12-03 23:41:14.451 83023 DEBUG os_brick.initiator.connectors.base [None req-891eb7cd-eff2-4193-bc39-61cb35a7de44 ecca011520524ca2b0dda4a3f90ea632 736cfa939ed54e37b1dae7d67c7093e6 - - - -] Acquiring lock "connect_volume" by "os_brick.initiator.connectors.iscsi.ISCSIConnector.disconnect_volume" inner /usr/lib/python3.9/site-packages/os_brick/initiator/connectors/base.py:68
2025-12-03 23:41:14.452 83023 DEBUG os_brick.initiator.connectors.base [None req-891eb7cd-eff2-4193-bc39-61cb35a7de44 ecca011520524ca2b0dda4a3f90ea632 736cfa939ed54e37b1dae7d67c7093e6 - - - -] Lock "connect_volume" acquired by "os_brick.initiator.connectors.iscsi.ISCSIConnector.disconnect_volume" :: waited 0.001s inner /usr/lib/python3.9/site-packages/os_brick/initiator/connectors/base.py:73
2025-12-03 23:41:14.452 83023 DEBUG os_brick.initiator.connectors.iscsi [None req-891eb7cd-eff2-4193-bc39-61cb35a7de44 ecca011520524ca2b0dda4a3f90ea632 736cfa939ed54e37b1dae7d67c7093e6 - - - -] Getting connected devices for (ips,iqns,luns)=[('172.18.0.10:3260', 'iqn.2010-10.org.openstack:volume-13215b4c-c6e9-4e2a-8854-2c2be49f6a00', 0), ('172.19.0.10:3260', 'iqn.2010-10.org.openstack:volume-13215b4c-c6e9-4e2a-8854-2c2be49f6a00', 0)] _get_connection_devices /usr/lib/python3.9/site-packages/os_brick/initiator/connectors/iscsi.py:833
2025-12-03 23:41:14.454 287302 DEBUG oslo_concurrency.processutils [-] Running cmd (subprocess): iscsiadm -m node execute /usr/lib/python3.9/site-packages/oslo_concurrency/processutils.py:384
2025-12-03 23:41:14.472 287302 DEBUG oslo_concurrency.processutils [-] CMD "iscsiadm -m node" returned: 0 in 0.018s execute /usr/lib/python3.9/site-packages/oslo_concurrency/processutils.py:422
2025-12-03 23:41:14.472 287302 DEBUG oslo.privsep.daemon [-] privsep: reply[93df977a-aeea-461b-beea-bf95db9c6e43]: (4, ('172.18.0.10:3260,4294967295 iqn.2010-10.org.openstack:volume-13215b4c-c6e9-4e2a-8854-2c2be49f6a00\n172.19.0.10:3260,4294967295 iqn.2010-10.org.openstack:volume-13215b4c-c6e9-4e2a-8854-2c2be49f6a00\n', '')) _call_back /usr/lib/python3.9/site-packages/oslo_privsep/daemon.py:501
2025-12-03 23:41:14.475 287302 DEBUG oslo_concurrency.processutils [-] Running cmd (subprocess): iscsiadm -m session execute /usr/lib/python3.9/site-packages/oslo_concurrency/processutils.py:384
2025-12-03 23:41:14.496 287302 DEBUG oslo_concurrency.processutils [-] CMD "iscsiadm -m session" returned: 0 in 0.021s execute /usr/lib/python3.9/site-packages/oslo_concurrency/processutils.py:422
2025-12-03 23:41:14.497 287302 DEBUG oslo.privsep.daemon [-] privsep: reply[19ea934f-ad6b-4056-bd53-618924ff7f47]: (4, ('tcp: [3] 172.18.0.10:3260,1 iqn.2010-10.org.openstack:volume-13215b4c-c6e9-4e2a-8854-2c2be49f6a00 (non-flash)\ntcp: [4] 172.19.0.10:3260,1 iqn.2010-10.org.openstack:volume-13215b4c-c6e9-4e2a-8854-2c2be49f6a00 (non-flash)\n', '')) _call_back /usr/lib/python3.9/site-packages/oslo_privsep/daemon.py:501
2025-12-03 23:41:14.498 83023 DEBUG os_brick.initiator.connectors.iscsi [None req-891eb7cd-eff2-4193-bc39-61cb35a7de44 ecca011520524ca2b0dda4a3f90ea632 736cfa939ed54e37b1dae7d67c7093e6 - - - -] iscsiadm ('-m', 'session'): stdout=tcp: [3] 172.18.0.10:3260,1 iqn.2010-10.org.openstack:volume-13215b4c-c6e9-4e2a-8854-2c2be49f6a00 (non-flash) tcp: [4] 172.19.0.10:3260,1 iqn.2010-10.org.openstack:volume-13215b4c-c6e9-4e2a-8854-2c2be49f6a00 (non-flash) stderr= _run_iscsiadm_bare /usr/lib/python3.9/site-packages/os_brick/initiator/connectors/iscsi.py:1196
2025-12-03 23:41:14.498 83023 DEBUG os_brick.initiator.connectors.iscsi [None req-891eb7cd-eff2-4193-bc39-61cb35a7de44 ecca011520524ca2b0dda4a3f90ea632 736cfa939ed54e37b1dae7d67c7093e6 - - - -] iscsi session list stdout=tcp: [3] 172.18.0.10:3260,1 iqn.2010-10.org.openstack:volume-13215b4c-c6e9-4e2a-8854-2c2be49f6a00 (non-flash) tcp: [4] 172.19.0.10:3260,1 iqn.2010-10.org.openstack:volume-13215b4c-c6e9-4e2a-8854-2c2be49f6a00 (non-flash) stderr= _run_iscsi_session /usr/lib/python3.9/site-packages/os_brick/initiator/connectors/iscsi.py:1185
2025-12-03 23:41:14.500 83023 DEBUG os_brick.initiator.connectors.iscsi [None req-891eb7cd-eff2-4193-bc39-61cb35a7de44 ecca011520524ca2b0dda4a3f90ea632 736cfa939ed54e37b1dae7d67c7093e6 - - - -] Resulting device map defaultdict(. at 0x7fa98665e310>, {('172.18.0.10:3260', 'iqn.2010-10.org.openstack:volume-13215b4c-c6e9-4e2a-8854-2c2be49f6a00'): ({'sdb'}, set()), ('172.19.0.10:3260', 'iqn.2010-10.org.openstack:volume-13215b4c-c6e9-4e2a-8854-2c2be49f6a00'): ({'sda'}, set())}) _get_connection_devices /usr/lib/python3.9/site-packages/os_brick/initiator/connectors/iscsi.py:866
2025-12-03 23:41:14.500 83023 DEBUG os_brick.initiator.linuxscsi [None req-891eb7cd-eff2-4193-bc39-61cb35a7de44 ecca011520524ca2b0dda4a3f90ea632 736cfa939ed54e37b1dae7d67c7093e6 - - - -] Removing multipathed devices sda, sdb remove_connection /usr/lib/python3.9/site-packages/os_brick/initiator/linuxscsi.py:376
2025-12-03 23:41:14.501 83023 DEBUG os_brick.initiator.linuxscsi [None req-891eb7cd-eff2-4193-bc39-61cb35a7de44 ecca011520524ca2b0dda4a3f90ea632 736cfa939ed54e37b1dae7d67c7093e6 - - - -] Flush multipath device 36001405d891bff2aa4f45849f0a31df7 flush_multipath_device /usr/lib/python3.9/site-packages/os_brick/initiator/linuxscsi.py:446
2025-12-03 23:41:14.502 287302 DEBUG oslo_concurrency.processutils [-] Running cmd (subprocess): multipath -f 36001405d891bff2aa4f45849f0a31df7 execute /usr/lib/python3.9/site-packages/oslo_concurrency/processutils.py:384
2025-12-03 23:41:14.565 287302 DEBUG oslo_concurrency.processutils [-] CMD "multipath -f 36001405d891bff2aa4f45849f0a31df7" returned: 0 in 0.063s execute /usr/lib/python3.9/site-packages/oslo_concurrency/processutils.py:422
2025-12-03 23:41:14.565 287302 DEBUG oslo.privsep.daemon [-] privsep: reply[b40c927c-eef9-4945-abd2-db35a1656c35]: (4, ('', '')) _call_back /usr/lib/python3.9/site-packages/oslo_privsep/daemon.py:501
2025-12-03 23:41:14.567 287302 DEBUG oslo_concurrency.processutils [-] Running cmd (subprocess): multipathd del path /dev/sda execute /usr/lib/python3.9/site-packages/oslo_concurrency/processutils.py:384
2025-12-03 23:41:14.589 287302 DEBUG oslo_concurrency.processutils [-] CMD "multipathd del path /dev/sda" returned: 0 in 0.022s execute /usr/lib/python3.9/site-packages/oslo_concurrency/processutils.py:422
2025-12-03 23:41:14.589 287302 DEBUG oslo.privsep.daemon [-] privsep: reply[98767cbd-7a03-420a-a7a2-dc1af3368d5b]: (4, ('ok\n', '')) _call_back /usr/lib/python3.9/site-packages/oslo_privsep/daemon.py:501
2025-12-03 23:41:14.590 83023 DEBUG os_brick.initiator.linuxscsi [None req-891eb7cd-eff2-4193-bc39-61cb35a7de44 ecca011520524ca2b0dda4a3f90ea632 736cfa939ed54e37b1dae7d67c7093e6 - - - -] Remove SCSI device /dev/sda with /sys/block/sda/device/delete remove_scsi_device /usr/lib/python3.9/site-packages/os_brick/initiator/linuxscsi.py:150
2025-12-03 23:41:14.592 287302 DEBUG oslo_concurrency.processutils [-] Running cmd (subprocess): tee -a /sys/block/sda/device/delete execute /usr/lib/python3.9/site-packages/oslo_concurrency/processutils.py:384
2025-12-03 23:41:14.642 287302 DEBUG oslo_concurrency.processutils [-] CMD "tee -a /sys/block/sda/device/delete" returned: 0 in 0.051s execute /usr/lib/python3.9/site-packages/oslo_concurrency/processutils.py:422
2025-12-03 23:41:14.643 287302 DEBUG oslo.privsep.daemon [-] privsep: reply[1f0a8d65-ac8c-491d-ae05-6b3c614d3e7b]: (4, ('1', '')) _call_back /usr/lib/python3.9/site-packages/oslo_privsep/daemon.py:501
2025-12-03 23:41:14.644 287302 DEBUG oslo_concurrency.processutils [-] Running cmd (subprocess): multipathd del path /dev/sdb execute /usr/lib/python3.9/site-packages/oslo_concurrency/processutils.py:384
2025-12-03 23:41:14.669 287302 DEBUG oslo_concurrency.processutils [-] CMD "multipathd del path /dev/sdb" returned: 0 in 0.025s execute /usr/lib/python3.9/site-packages/oslo_concurrency/processutils.py:422
2025-12-03 23:41:14.670 287302 DEBUG oslo.privsep.daemon [-] privsep: reply[31da996d-3e77-418d-b774-a76a6ac88e85]: (4, ('ok\n', '')) _call_back /usr/lib/python3.9/site-packages/oslo_privsep/daemon.py:501
2025-12-03 23:41:14.671 83023 DEBUG os_brick.initiator.linuxscsi [None req-891eb7cd-eff2-4193-bc39-61cb35a7de44 ecca011520524ca2b0dda4a3f90ea632 736cfa939ed54e37b1dae7d67c7093e6 - - - -] Remove SCSI device /dev/sdb with /sys/block/sdb/device/delete remove_scsi_device /usr/lib/python3.9/site-packages/os_brick/initiator/linuxscsi.py:150
2025-12-03 23:41:14.671 287302 DEBUG oslo_concurrency.processutils [-] Running cmd (subprocess): tee -a /sys/block/sdb/device/delete execute /usr/lib/python3.9/site-packages/oslo_concurrency/processutils.py:384
2025-12-03 23:41:14.719 287302 DEBUG oslo_concurrency.processutils [-] CMD "tee -a /sys/block/sdb/device/delete" returned: 0 in 0.048s execute /usr/lib/python3.9/site-packages/oslo_concurrency/processutils.py:422
2025-12-03 23:41:14.719 287302 DEBUG oslo.privsep.daemon [-] privsep: reply[7cc431e1-a176-4ffc-93f8-dd4ba306de41]: (4, ('1', '')) _call_back /usr/lib/python3.9/site-packages/oslo_privsep/daemon.py:501
2025-12-03 23:41:14.720 83023 DEBUG os_brick.initiator.linuxscsi [None req-891eb7cd-eff2-4193-bc39-61cb35a7de44 ecca011520524ca2b0dda4a3f90ea632 736cfa939ed54e37b1dae7d67c7093e6 - - - -] Checking to see if SCSI volumes sda, sdb have been removed. wait_for_volumes_removal /usr/lib/python3.9/site-packages/os_brick/initiator/linuxscsi.py:158
2025-12-03 23:41:14.721 83023 DEBUG os_brick.initiator.linuxscsi [None req-891eb7cd-eff2-4193-bc39-61cb35a7de44 ecca011520524ca2b0dda4a3f90ea632 736cfa939ed54e37b1dae7d67c7093e6 - - - -] SCSI volumes sda, sdb have been removed. wait_for_volumes_removal /usr/lib/python3.9/site-packages/os_brick/initiator/linuxscsi.py:168
2025-12-03 23:41:14.721 83023 DEBUG os_brick.initiator.connectors.iscsi [None req-891eb7cd-eff2-4193-bc39-61cb35a7de44 ecca011520524ca2b0dda4a3f90ea632 736cfa939ed54e37b1dae7d67c7093e6 - - - -] Disconnecting from: [('172.18.0.10:3260', 'iqn.2010-10.org.openstack:volume-13215b4c-c6e9-4e2a-8854-2c2be49f6a00'), ('172.19.0.10:3260', 'iqn.2010-10.org.openstack:volume-13215b4c-c6e9-4e2a-8854-2c2be49f6a00')] _disconnect_connection /usr/lib/python3.9/site-packages/os_brick/initiator/connectors/iscsi.py:1174
2025-12-03 23:41:14.722 287302 DEBUG oslo_concurrency.processutils [-] Running cmd (subprocess): iscsiadm -m node -T iqn.2010-10.org.openstack:volume-13215b4c-c6e9-4e2a-8854-2c2be49f6a00 -p 172.18.0.10:3260 --op update -n node.startup -v manual execute /usr/lib/python3.9/site-packages/oslo_concurrency/processutils.py:384
2025-12-03 23:41:14.741 287302 DEBUG oslo_concurrency.processutils [-] CMD "iscsiadm -m node -T iqn.2010-10.org.openstack:volume-13215b4c-c6e9-4e2a-8854-2c2be49f6a00 -p 172.18.0.10:3260 --op update -n node.startup -v manual" returned: 0 in 0.019s execute /usr/lib/python3.9/site-packages/oslo_concurrency/processutils.py:422
2025-12-03 23:41:14.741 287302 DEBUG oslo.privsep.daemon [-] privsep: reply[cad42b5f-63fc-4895-a70f-aac16926c1bb]: (4, ('', '')) _call_back /usr/lib/python3.9/site-packages/oslo_privsep/daemon.py:501
2025-12-03 23:41:14.742 83023 DEBUG os_brick.initiator.connectors.iscsi [None req-891eb7cd-eff2-4193-bc39-61cb35a7de44 ecca011520524ca2b0dda4a3f90ea632 736cfa939ed54e37b1dae7d67c7093e6 - - - -] iscsiadm ('--op', 'update', '-n', 'node.startup', '-v', 'manual'): stdout= stderr= _run_iscsiadm /usr/lib/python3.9/site-packages/os_brick/initiator/connectors/iscsi.py:1040
2025-12-03 23:41:14.743 287302 DEBUG oslo_concurrency.processutils [-] Running cmd (subprocess): iscsiadm -m node -T iqn.2010-10.org.openstack:volume-13215b4c-c6e9-4e2a-8854-2c2be49f6a00 -p 172.18.0.10:3260 --logout execute /usr/lib/python3.9/site-packages/oslo_concurrency/processutils.py:384
2025-12-03 23:41:14.786 287302 DEBUG oslo_concurrency.processutils [-] CMD "iscsiadm -m node -T iqn.2010-10.org.openstack:volume-13215b4c-c6e9-4e2a-8854-2c2be49f6a00 -p 172.18.0.10:3260 --logout" returned: 0 in 0.043s execute /usr/lib/python3.9/site-packages/oslo_concurrency/processutils.py:422
2025-12-03 23:41:14.787 287302 DEBUG oslo.privsep.daemon [-] privsep: reply[e7013363-59f8-4b67-9635-ee7759f64912]: (4, ('Logging out of session [sid: 3, target: iqn.2010-10.org.openstack:volume-13215b4c-c6e9-4e2a-8854-2c2be49f6a00, portal: 172.18.0.10,3260]\nLogout of [sid: 3, target: iqn.2010-10.org.openstack:volume-13215b4c-c6e9-4e2a-8854-2c2be49f6a00, portal: 172.18.0.10,3260] successful.\n', '')) _call_back /usr/lib/python3.9/site-packages/oslo_privsep/daemon.py:501
2025-12-03 23:41:14.787 83023 DEBUG os_brick.initiator.connectors.iscsi [None req-891eb7cd-eff2-4193-bc39-61cb35a7de44 ecca011520524ca2b0dda4a3f90ea632 736cfa939ed54e37b1dae7d67c7093e6 - - - -] iscsiadm ('--logout',): stdout=Logging out of session [sid: 3, target: iqn.2010-10.org.openstack:volume-13215b4c-c6e9-4e2a-8854-2c2be49f6a00, portal: 172.18.0.10,3260] Logout of [sid: 3, target: iqn.2010-10.org.openstack:volume-13215b4c-c6e9-4e2a-8854-2c2be49f6a00, portal: 172.18.0.10,3260] successful. stderr= _run_iscsiadm /usr/lib/python3.9/site-packages/os_brick/initiator/connectors/iscsi.py:1040
2025-12-03 23:41:14.788 287302 DEBUG oslo_concurrency.processutils [-] Running cmd (subprocess): iscsiadm -m node -T iqn.2010-10.org.openstack:volume-13215b4c-c6e9-4e2a-8854-2c2be49f6a00 -p 172.18.0.10:3260 --op delete execute /usr/lib/python3.9/site-packages/oslo_concurrency/processutils.py:384
2025-12-03 23:41:14.812 287302 DEBUG oslo_concurrency.processutils [-] CMD "iscsiadm -m node -T iqn.2010-10.org.openstack:volume-13215b4c-c6e9-4e2a-8854-2c2be49f6a00 -p 172.18.0.10:3260 --op delete" returned: 0 in 0.023s execute /usr/lib/python3.9/site-packages/oslo_concurrency/processutils.py:422
2025-12-03 23:41:14.812 287302 DEBUG oslo.privsep.daemon [-] privsep: reply[61244af5-584b-44d2-8e85-0be5fc315925]: (4, ('', '')) _call_back /usr/lib/python3.9/site-packages/oslo_privsep/daemon.py:501
2025-12-03 23:41:14.813 83023 DEBUG os_brick.initiator.connectors.iscsi [None req-891eb7cd-eff2-4193-bc39-61cb35a7de44 ecca011520524ca2b0dda4a3f90ea632 736cfa939ed54e37b1dae7d67c7093e6 - - - -] iscsiadm ('--op', 'delete'): stdout= stderr= _run_iscsiadm /usr/lib/python3.9/site-packages/os_brick/initiator/connectors/iscsi.py:1040
2025-12-03 23:41:14.814 287302 DEBUG oslo_concurrency.processutils [-] Running cmd (subprocess): iscsiadm -m node -T iqn.2010-10.org.openstack:volume-13215b4c-c6e9-4e2a-8854-2c2be49f6a00 -p 172.19.0.10:3260 --op update -n node.startup -v manual execute /usr/lib/python3.9/site-packages/oslo_concurrency/processutils.py:384
2025-12-03 23:41:14.836 287302 DEBUG oslo_concurrency.processutils [-] CMD "iscsiadm -m node -T iqn.2010-10.org.openstack:volume-13215b4c-c6e9-4e2a-8854-2c2be49f6a00 -p 172.19.0.10:3260 --op update -n node.startup -v manual" returned: 0 in 0.021s execute /usr/lib/python3.9/site-packages/oslo_concurrency/processutils.py:422
2025-12-03 23:41:14.836 287302 DEBUG oslo.privsep.daemon [-] privsep: reply[0c4eb4e6-7a39-4176-bf4e-f55668781839]: (4, ('', '')) _call_back /usr/lib/python3.9/site-packages/oslo_privsep/daemon.py:501
2025-12-03 23:41:14.837 83023 DEBUG os_brick.initiator.connectors.iscsi [None req-891eb7cd-eff2-4193-bc39-61cb35a7de44 ecca011520524ca2b0dda4a3f90ea632 736cfa939ed54e37b1dae7d67c7093e6 - - - -] iscsiadm ('--op', 'update', '-n', 'node.startup', '-v', 'manual'): stdout= stderr= _run_iscsiadm /usr/lib/python3.9/site-packages/os_brick/initiator/connectors/iscsi.py:1040
2025-12-03 23:41:14.838 287302 DEBUG oslo_concurrency.processutils [-] Running cmd (subprocess): iscsiadm -m node -T iqn.2010-10.org.openstack:volume-13215b4c-c6e9-4e2a-8854-2c2be49f6a00 -p 172.19.0.10:3260 --logout execute /usr/lib/python3.9/site-packages/oslo_concurrency/processutils.py:384
2025-12-03 23:41:14.883 287302 DEBUG oslo_concurrency.processutils [-] CMD "iscsiadm -m node -T iqn.2010-10.org.openstack:volume-13215b4c-c6e9-4e2a-8854-2c2be49f6a00 -p 172.19.0.10:3260 --logout" returned: 0 in 0.045s execute /usr/lib/python3.9/site-packages/oslo_concurrency/processutils.py:422
2025-12-03 23:41:14.884 287302 DEBUG oslo.privsep.daemon [-] privsep: reply[d753e96d-8fa9-4dc8-a613-4c0644526be6]: (4, ('Logging out of session [sid: 4, target: iqn.2010-10.org.openstack:volume-13215b4c-c6e9-4e2a-8854-2c2be49f6a00, portal: 172.19.0.10,3260]\nLogout of [sid: 4, target: iqn.2010-10.org.openstack:volume-13215b4c-c6e9-4e2a-8854-2c2be49f6a00, portal: 172.19.0.10,3260] successful.\n', '')) _call_back /usr/lib/python3.9/site-packages/oslo_privsep/daemon.py:501
2025-12-03 23:41:14.885 83023 DEBUG os_brick.initiator.connectors.iscsi [None req-891eb7cd-eff2-4193-bc39-61cb35a7de44 ecca011520524ca2b0dda4a3f90ea632 736cfa939ed54e37b1dae7d67c7093e6 - - - -] iscsiadm ('--logout',): stdout=Logging out of session [sid: 4, target: iqn.2010-10.org.openstack:volume-13215b4c-c6e9-4e2a-8854-2c2be49f6a00, portal: 172.19.0.10,3260] Logout of [sid: 4, target: iqn.2010-10.org.openstack:volume-13215b4c-c6e9-4e2a-8854-2c2be49f6a00, portal: 172.19.0.10,3260] successful. stderr= _run_iscsiadm /usr/lib/python3.9/site-packages/os_brick/initiator/connectors/iscsi.py:1040
2025-12-03 23:41:14.885 287302 DEBUG oslo_concurrency.processutils [-] Running cmd (subprocess): iscsiadm -m node -T iqn.2010-10.org.openstack:volume-13215b4c-c6e9-4e2a-8854-2c2be49f6a00 -p 172.19.0.10:3260 --op delete execute /usr/lib/python3.9/site-packages/oslo_concurrency/processutils.py:384
2025-12-03 23:41:14.902 287302 DEBUG oslo_concurrency.processutils [-] CMD "iscsiadm -m node -T iqn.2010-10.org.openstack:volume-13215b4c-c6e9-4e2a-8854-2c2be49f6a00 -p 172.19.0.10:3260 --op delete" returned: 0 in 0.017s execute /usr/lib/python3.9/site-packages/oslo_concurrency/processutils.py:422
2025-12-03 23:41:14.903 287302 DEBUG oslo.privsep.daemon [-] privsep: reply[06a0ca00-0ad0-4586-9d77-b1c54bf64945]: (4, ('', '')) _call_back /usr/lib/python3.9/site-packages/oslo_privsep/daemon.py:501
2025-12-03 23:41:14.903 83023 DEBUG os_brick.initiator.connectors.iscsi [None req-891eb7cd-eff2-4193-bc39-61cb35a7de44 ecca011520524ca2b0dda4a3f90ea632 736cfa939ed54e37b1dae7d67c7093e6 - - - -] iscsiadm ('--op', 'delete'): stdout= stderr= _run_iscsiadm /usr/lib/python3.9/site-packages/os_brick/initiator/connectors/iscsi.py:1040
2025-12-03 23:41:14.904 83023 DEBUG os_brick.initiator.connectors.base [None req-891eb7cd-eff2-4193-bc39-61cb35a7de44 ecca011520524ca2b0dda4a3f90ea632 736cfa939ed54e37b1dae7d67c7093e6 - - - -] Lock "connect_volume" "released" by "os_brick.initiator.connectors.iscsi.ISCSIConnector.disconnect_volume" :: held 0.452s inner /usr/lib/python3.9/site-packages/os_brick/initiator/connectors/base.py:87
2025-12-03 23:41:14.904 83023 DEBUG os_brick.initiator.connectors.iscsi [None req-891eb7cd-eff2-4193-bc39-61cb35a7de44 ecca011520524ca2b0dda4a3f90ea632 736cfa939ed54e37b1dae7d67c7093e6 - - - -] <== disconnect_volume: return (452ms) None trace_logging_wrapper /usr/lib/python3.9/site-packages/os_brick/utils.py:203
2025-12-03 23:41:17.719 83023 ERROR oslo_messaging.rpc.server [None req-891eb7cd-eff2-4193-bc39-61cb35a7de44 ecca011520524ca2b0dda4a3f90ea632 736cfa939ed54e37b1dae7d67c7093e6 - - - -] Exception during message handling: cinder.exception.SwiftConnectionFailed: Connection to swift failed: Container HEAD failed: https://swift-public-openstack.apps.sno.openstack.lab/v1/AUTH_736cfa939ed54e37b1dae7d67c7093e6/volumebackups 403 Forbidden (txn: txcfcf55660ce2478197583-006930ca99)
2025-12-03 23:41:17.719 83023 ERROR oslo_messaging.rpc.server
Traceback (most recent call last):
2025-12-03 23:41:17.719 83023 ERROR oslo_messaging.rpc.server
File "/usr/lib/python3.9/site-packages/cinder/backup/drivers/swift.py", line 367, in put_container
2025-12-03 23:41:17.719 83023 ERROR oslo_messaging.rpc.server self.conn.head_container(container, headers=self._headers())
2025-12-03 23:41:17.719 83023 ERROR oslo_messaging.rpc.server
File "/usr/lib/python3.9/site-packages/swiftclient/client.py", line 1866, in head_container
2025-12-03 23:41:17.719 83023 ERROR oslo_messaging.rpc.server return self._retry(None, head_container, container, headers=headers)
2025-12-03 23:41:17.719 83023 ERROR oslo_messaging.rpc.server
File "/usr/lib/python3.9/site-packages/swiftclient/client.py", line 1797, in _retry
2025-12-03 23:41:17.719 83023 ERROR oslo_messaging.rpc.server rv = func(self.url, self.token, *args,
2025-12-03 23:41:17.719 83023 ERROR oslo_messaging.rpc.server
File "/usr/lib/python3.9/site-packages/swiftclient/client.py", line 1060, in head_container
2025-12-03 23:41:17.719 83023 ERROR oslo_messaging.rpc.server raise ClientException.from_response(
2025-12-03 23:41:17.719 83023 ERROR oslo_messaging.rpc.server swiftclient.exceptions.ClientException: Container HEAD failed: https://swift-public-openstack.apps.sno.openstack.lab/v1/AUTH_736cfa939ed54e37b1dae7d67c7093e6/volumebackups 403 Forbidden (txn: txcfcf55660ce2478197583-006930ca99)
2025-12-03 23:41:17.719 83023 ERROR oslo_messaging.rpc.server
2025-12-03 23:41:17.719 83023 ERROR oslo_messaging.rpc.server During handling of the above exception, another exception occurred:
2025-12-03 23:41:17.719 83023 ERROR oslo_messaging.rpc.server
2025-12-03 23:41:17.719 83023 ERROR oslo_messaging.rpc.server
Traceback (most recent call last):
2025-12-03 23:41:17.719 83023 ERROR oslo_messaging.rpc.server
File "/usr/lib/python3.9/site-packages/oslo_messaging/rpc/server.py", line 165, in _process_incoming
2025-12-03 23:41:17.719 83023 ERROR oslo_messaging.rpc.server res = self.dispatcher.dispatch(message)
2025-12-03 23:41:17.719 83023 ERROR oslo_messaging.rpc.server
File "/usr/lib/python3.9/site-packages/oslo_messaging/rpc/dispatcher.py", line 309, in dispatch
2025-12-03 23:41:17.719 83023 ERROR oslo_messaging.rpc.server return self._do_dispatch(endpoint, method, ctxt, args)
2025-12-03 23:41:17.719 83023 ERROR oslo_messaging.rpc.server
File "/usr/lib/python3.9/site-packages/oslo_messaging/rpc/dispatcher.py", line 229, in _do_dispatch
2025-12-03 23:41:17.719 83023 ERROR oslo_messaging.rpc.server result = func(ctxt, **new_args)
2025-12-03 23:41:17.719 83023 ERROR oslo_messaging.rpc.server
File "/usr/lib/python3.9/site-packages/cinder/backup/manager.py", line 531, in continue_backup
2025-12-03 23:41:17.719 83023 ERROR oslo_messaging.rpc.server volume_utils.update_backup_error(backup, str(err))
2025-12-03 23:41:17.719 83023 ERROR oslo_messaging.rpc.server
File "/usr/lib/python3.9/site-packages/oslo_utils/excutils.py", line 227, in __exit__
2025-12-03 23:41:17.719 83023 ERROR oslo_messaging.rpc.server self.force_reraise()
2025-12-03 23:41:17.719 83023 ERROR oslo_messaging.rpc.server
File "/usr/lib/python3.9/site-packages/oslo_utils/excutils.py", line 200, in force_reraise
2025-12-03 23:41:17.719 83023 ERROR oslo_messaging.rpc.server raise self.value
2025-12-03 23:41:17.719 83023 ERROR oslo_messaging.rpc.server
File "/usr/lib/python3.9/site-packages/cinder/backup/manager.py", line 503, in continue_backup
2025-12-03 23:41:17.719 83023 ERROR oslo_messaging.rpc.server self.message_api.create_from_request_context(
2025-12-03 23:41:17.719 83023 ERROR oslo_messaging.rpc.server
File "/usr/lib/python3.9/site-packages/oslo_utils/excutils.py", line 227, in __exit__
2025-12-03 23:41:17.719 83023 ERROR oslo_messaging.rpc.server self.force_reraise()
2025-12-03 23:41:17.719 83023 ERROR oslo_messaging.rpc.server
File "/usr/lib/python3.9/site-packages/oslo_utils/excutils.py", line 200, in force_reraise
2025-12-03 23:41:17.719 83023 ERROR oslo_messaging.rpc.server raise self.value
2025-12-03 23:41:17.719 83023 ERROR oslo_messaging.rpc.server
File "/usr/lib/python3.9/site-packages/cinder/backup/manager.py", line 493, in continue_backup
2025-12-03 23:41:17.719 83023 ERROR oslo_messaging.rpc.server updates = backup_service.backup(
2025-12-03 23:41:17.719 83023 ERROR oslo_messaging.rpc.server
File "/usr/lib/python3.9/site-packages/cinder/backup/chunkeddriver.py", line 566, in backup
2025-12-03 23:41:17.719 83023 ERROR oslo_messaging.rpc.server volume_size_bytes) = self._prepare_backup(backup)
2025-12-03 23:41:17.719 83023 ERROR oslo_messaging.rpc.server
File "/usr/lib/python3.9/site-packages/cinder/backup/chunkeddriver.py", line 352, in _prepare_backup
2025-12-03 23:41:17.719 83023 ERROR oslo_messaging.rpc.server container = self._create_container(backup)
2025-12-03 23:41:17.719 83023 ERROR oslo_messaging.rpc.server
File "/usr/lib/python3.9/site-packages/cinder/backup/chunkeddriver.py", line 255, in _create_container
2025-12-03 23:41:17.719 83023 ERROR oslo_messaging.rpc.server self.put_container(backup.container)
2025-12-03 23:41:17.719 83023 ERROR oslo_messaging.rpc.server
File "/usr/lib/python3.9/site-packages/cinder/backup/drivers/swift.py", line 381, in put_container
2025-12-03 23:41:17.719 83023 ERROR oslo_messaging.rpc.server raise exception.SwiftConnectionFailed(reason=e)
2025-12-03 23:41:17.719 83023 ERROR oslo_messaging.rpc.server cinder.exception.SwiftConnectionFailed: Connection to swift failed: Container HEAD failed: https://swift-public-openstack.apps.sno.openstack.lab/v1/AUTH_736cfa939ed54e37b1dae7d67c7093e6/volumebackups 403 Forbidden (txn: txcfcf55660ce2478197583-006930ca99)
2025-12-03 23:41:17.719 83023 ERROR oslo_messaging.rpc.server 
2025-12-03 23:41:18.194 83023 INFO cinder.backup.manager [None req-911678fe-480f-4619-9943-5936b10b86ac ecca011520524ca2b0dda4a3f90ea632 736cfa939ed54e37b1dae7d67c7093e6 - - - -] Delete backup started, backup: d6026479-ddde-4999-9bb4-eaed697635bc.
2025-12-03 23:41:18.200 83023 DEBUG cinder.backup.drivers.swift [None req-911678fe-480f-4619-9943-5936b10b86ac ecca011520524ca2b0dda4a3f90ea632 736cfa939ed54e37b1dae7d67c7093e6 - - - -] Using swift URL https://swift-public-openstack.apps.sno.openstack.lab/v1/AUTH_736cfa939ed54e37b1dae7d67c7093e6 initialize /usr/lib/python3.9/site-packages/cinder/backup/drivers/swift.py:287
2025-12-03 23:41:18.201 83023 DEBUG cinder.backup.drivers.swift [None req-911678fe-480f-4619-9943-5936b10b86ac ecca011520524ca2b0dda4a3f90ea632 736cfa939ed54e37b1dae7d67c7093e6 - - - -] Connect to None in "per_user" mode initialize /usr/lib/python3.9/site-packages/cinder/backup/drivers/swift.py:288
2025-12-03 23:41:18.201 83023 DEBUG cinder.backup.chunkeddriver [None req-911678fe-480f-4619-9943-5936b10b86ac ecca011520524ca2b0dda4a3f90ea632 736cfa939ed54e37b1dae7d67c7093e6 - - - -] delete started, backup: d6026479-ddde-4999-9bb4-eaed697635bc, container: volumebackups, prefix: None. delete_backup /usr/lib/python3.9/site-packages/cinder/backup/chunkeddriver.py:841
2025-12-03 23:41:18.201 83023 DEBUG cinder.backup.chunkeddriver [None req-911678fe-480f-4619-9943-5936b10b86ac ecca011520524ca2b0dda4a3f90ea632 736cfa939ed54e37b1dae7d67c7093e6 - - - -] delete d6026479-ddde-4999-9bb4-eaed697635bc finished. delete_backup /usr/lib/python3.9/site-packages/cinder/backup/chunkeddriver.py:867
2025-12-03 23:41:18.227 83023 DEBUG oslo_db.sqlalchemy.engines [None req-911678fe-480f-4619-9943-5936b10b86ac ecca011520524ca2b0dda4a3f90ea632 736cfa939ed54e37b1dae7d67c7093e6 - - - -] MySQL server mode set to STRICT_TRANS_TABLES,STRICT_ALL_TABLES,NO_ZERO_IN_DATE,NO_ZERO_DATE,ERROR_FOR_DIVISION_BY_ZERO,TRADITIONAL,NO_AUTO_CREATE_USER,NO_ENGINE_SUBSTITUTION _check_effective_sql_mode /usr/lib/python3.9/site-packages/oslo_db/sqlalchemy/engines.py:335
2025-12-03 23:41:18.256 83023 DEBUG cinder.quota [None req-911678fe-480f-4619-9943-5936b10b86ac ecca011520524ca2b0dda4a3f90ea632 736cfa939ed54e37b1dae7d67c7093e6 - - - -] Created reservations ['3d7fd281-fb6c-49d4-972b-671bc581706a', '39d96a34-ef99-4934-8371-fa74626bf1f7'] reserve /usr/lib/python3.9/site-packages/cinder/quota.py:755
