2025-12-03 23:19:00.357 83023 DEBUG os_brick.initiator.linuxscsi [None req-bc138ad4-6a08-4bb2-a46a-4b229adc1ece 26c99312872e462f9fcc402116b69c78 e014ab433f1c45e4bdfa23184aca2555 - - - -] Searching for a device in session 1 and hctl ['2', '*', '*', 0] yield: None device_name_by_hctl /usr/lib/python3.9/site-packages/os_brick/initiator/linuxscsi.py:780
2025-12-03 23:19:01.357 83023 DEBUG os_brick.initiator.linuxscsi [None req-bc138ad4-6a08-4bb2-a46a-4b229adc1ece 26c99312872e462f9fcc402116b69c78 e014ab433f1c45e4bdfa23184aca2555 - - - -] Searching for a device in session 2 and hctl ['3', '*', '*', 0] yield: sdb device_name_by_hctl /usr/lib/python3.9/site-packages/os_brick/initiator/linuxscsi.py:780
2025-12-03 23:19:01.358 83023 DEBUG os_brick.initiator.connectors.iscsi [None req-bc138ad4-6a08-4bb2-a46a-4b229adc1ece 26c99312872e462f9fcc402116b69c78 e014ab433f1c45e4bdfa23184aca2555 - - - -] Connected to sdb using {'target_discovered': False, 'target_portal': '172.18.0.10:3260', 'target_iqn': 'iqn.2010-10.org.openstack:volume-573cbd14-e420-4691-87de-6a3f4cd7e701', 'target_lun': 0, 'volume_id': '573cbd14-e420-4691-87de-6a3f4cd7e701', 'auth_method': 'CHAP', 'auth_username': 'h4vGZL8kRk3GWRgGKxjG', 'auth_password': '***', 'encrypted': False, 'qos_specs': None, 'access_mode': 'rw': False} _connect_vol /usr/lib/python3.9/site-packages/os_brick/initiator/connectors/iscsi.py:672
2025-12-03 23:19:01.359 83023 DEBUG os_brick.initiator.linuxscsi [None req-bc138ad4-6a08-4bb2-a46a-4b229adc1ece 26c99312872e462f9fcc402116b69c78 e014ab433f1c45e4bdfa23184aca2555 - - - -] Searching for a device in session 1 and hctl ['2', '*', '*', 0] yield: sda device_name_by_hctl /usr/lib/python3.9/site-packages/os_brick/initiator/linuxscsi.py:780
2025-12-03 23:19:01.360 83023 DEBUG os_brick.initiator.connectors.iscsi [None req-bc138ad4-6a08-4bb2-a46a-4b229adc1ece 26c99312872e462f9fcc402116b69c78 e014ab433f1c45e4bdfa23184aca2555 - - - -] Connected to sda using {'target_discovered': False, 'target_portal': '172.19.0.10:3260', 'target_iqn': 'iqn.2010-10.org.openstack:volume-573cbd14-e420-4691-87de-6a3f4cd7e701', 'target_lun': 0, 'volume_id': '573cbd14-e420-4691-87de-6a3f4cd7e701', 'auth_method': 'CHAP', 'auth_username': 'h4vGZL8kRk3GWRgGKxjG', 'auth_password': '***', 'encrypted': False, 'qos_specs': None, 'access_mode': 'rw': False} _connect_vol /usr/lib/python3.9/site-packages/os_brick/initiator/connectors/iscsi.py:672
2025-12-03 23:19:01.948 83023 DEBUG os_brick.initiator.connectors.iscsi [None req-bc138ad4-6a08-4bb2-a46a-4b229adc1ece 26c99312872e462f9fcc402116b69c78 e014ab433f1c45e4bdfa23184aca2555 - - - -] All connection threads finished, giving 10 seconds for dm to appear. _connect_multipath_volume /usr/lib/python3.9/site-packages/os_brick/initiator/connectors/iscsi.py:769
2025-12-03 23:19:02.950 287302 DEBUG oslo_concurrency.processutils [-] Running cmd (subprocess): multipath -C dm-20 execute /usr/lib/python3.9/site-packages/oslo_concurrency/processutils.py:384
2025-12-03 23:19:02.974 287302 DEBUG oslo_concurrency.processutils [-] CMD "multipath -C dm-20" returned: 0 in 0.024s execute /usr/lib/python3.9/site-packages/oslo_concurrency/processutils.py:422
2025-12-03 23:19:02.974 287302 DEBUG oslo.privsep.daemon [-] privsep: reply[cd2b9c14-c364-4b9d-9ecd-da26793c487c]: (4, ('', '5552.430985 | 3600140549fde7d60ddb4925b669471b2: adding new path sdb\n5552.432667 | 3600140549fde7d60ddb4925b669471b2: adding new path sda\n')) _call_back /usr/lib/python3.9/site-packages/oslo_privsep/daemon.py:501
2025-12-03 23:19:02.976 83023 DEBUG os_brick.initiator.connectors.base [None req-bc138ad4-6a08-4bb2-a46a-4b229adc1ece 26c99312872e462f9fcc402116b69c78 e014ab433f1c45e4bdfa23184aca2555 - - - -] Lock "connect_volume" "released" by "os_brick.initiator.connectors.iscsi.ISCSIConnector.connect_volume" :: held 3.036s inner /usr/lib/python3.9/site-packages/os_brick/initiator/connectors/base.py:87
2025-12-03 23:19:02.976 83023 DEBUG os_brick.initiator.connectors.iscsi [None req-bc138ad4-6a08-4bb2-a46a-4b229adc1ece 26c99312872e462f9fcc402116b69c78 e014ab433f1c45e4bdfa23184aca2555 - - - -] <== connect_volume: return (3037ms) {'type': 'block', 'scsi_wwn': '3600140549fde7d60ddb4925b669471b2', 'path': '/dev/dm-20', 'multipath_id': '3600140549fde7d60ddb4925b669471b2'} trace_logging_wrapper /usr/lib/python3.9/site-packages/os_brick/utils.py:203
2025-12-03 23:19:02.977 83023 DEBUG oslo_concurrency.processutils [None req-bc138ad4-6a08-4bb2-a46a-4b229adc1ece 26c99312872e462f9fcc402116b69c78 e014ab433f1c45e4bdfa23184aca2555 - - - -] Running cmd (subprocess): sudo cinder-rootwrap /etc/cinder/rootwrap.conf chown 42407 /dev/dm-20 execute /usr/lib/python3.9/site-packages/oslo_concurrency/processutils.py:384
2025-12-03 23:19:03.365 83023 DEBUG oslo_concurrency.processutils [None req-bc138ad4-6a08-4bb2-a46a-4b229adc1ece 26c99312872e462f9fcc402116b69c78 e014ab433f1c45e4bdfa23184aca2555 - - - -] CMD "sudo cinder-rootwrap /etc/cinder/rootwrap.conf chown 42407 /dev/dm-20" returned: 0 in 0.388s execute /usr/lib/python3.9/site-packages/oslo_concurrency/processutils.py:422
2025-12-03 23:19:03.399 83023 DEBUG oslo_db.sqlalchemy.engines [None req-bc138ad4-6a08-4bb2-a46a-4b229adc1ece 26c99312872e462f9fcc402116b69c78 e014ab433f1c45e4bdfa23184aca2555 - - - -] MySQL server mode set to STRICT_TRANS_TABLES,STRICT_ALL_TABLES,NO_ZERO_IN_DATE,NO_ZERO_DATE,ERROR_FOR_DIVISION_BY_ZERO,TRADITIONAL,NO_AUTO_CREATE_USER,NO_ENGINE_SUBSTITUTION _check_effective_sql_mode /usr/lib/python3.9/site-packages/oslo_db/sqlalchemy/engines.py:335
2025-12-03 23:19:03.406 83023 DEBUG cinder.backup.chunkeddriver [None req-bc138ad4-6a08-4bb2-a46a-4b229adc1ece 26c99312872e462f9fcc402116b69c78 e014ab433f1c45e4bdfa23184aca2555 - - - -] _create_container started, container: volumebackups,backup: 51bcede1-6936-4258-8d87-4277790985dd. _create_container /usr/lib/python3.9/site-packages/cinder/backup/chunkeddriver.py:250
2025-12-03 23:19:03.540 83023 WARNING cinder.backup.drivers.swift [None req-bc138ad4-6a08-4bb2-a46a-4b229adc1ece 26c99312872e462f9fcc402116b69c78 e014ab433f1c45e4bdfa23184aca2555 - - - -] Failed to HEAD container to determine if it exists and should be created.: swiftclient.exceptions.ClientException: Container HEAD failed: https://swift-public-openstack.apps.sno.openstack.lab/v1/AUTH_e014ab433f1c45e4bdfa23184aca2555/volumebackups 403 Forbidden (txn: tx89597e4bc5364141b20b9-006930c567)
2025-12-03 23:19:03.541 83023 DEBUG oslo_concurrency.processutils [None req-bc138ad4-6a08-4bb2-a46a-4b229adc1ece 26c99312872e462f9fcc402116b69c78 e014ab433f1c45e4bdfa23184aca2555 - - - -] Running cmd (subprocess): sudo cinder-rootwrap /etc/cinder/rootwrap.conf chown 0 /dev/dm-20 execute /usr/lib/python3.9/site-packages/oslo_concurrency/processutils.py:384
2025-12-03 23:19:03.912 83023 DEBUG oslo_concurrency.processutils [None req-bc138ad4-6a08-4bb2-a46a-4b229adc1ece 26c99312872e462f9fcc402116b69c78 e014ab433f1c45e4bdfa23184aca2555 - - - -] CMD "sudo cinder-rootwrap /etc/cinder/rootwrap.conf chown 0 /dev/dm-20" returned: 0 in 0.371s execute /usr/lib/python3.9/site-packages/oslo_concurrency/processutils.py:422
2025-12-03 23:19:03.913 83023 INFO cinder.message.api [None req-bc138ad4-6a08-4bb2-a46a-4b229adc1ece 26c99312872e462f9fcc402116b69c78 e014ab433f1c45e4bdfa23184aca2555 - - - -] Creating message record for request_id = req-bc138ad4-6a08-4bb2-a46a-4b229adc1ece
2025-12-03 23:19:03.923 83023 DEBUG os_brick.initiator.connectors.iscsi [None req-bc138ad4-6a08-4bb2-a46a-4b229adc1ece 26c99312872e462f9fcc402116b69c78 e014ab433f1c45e4bdfa23184aca2555 - - - -] ==> disconnect_volume: call "{'args': (, {'target_discovered': False, 'target_portals': ['172.18.0.10:3260', '172.19.0.10:3260'], 'target_iqns': ['iqn.2010-10.org.openstack:volume-573cbd14-e420-4691-87de-6a3f4cd7e701', 'iqn.2010-10.org.openstack:volume-573cbd14-e420-4691-87de-6a3f4cd7e701'], 'target_luns': [0, 0], 'target_portal': '172.18.0.10:3260', 'target_iqn': 'iqn.2010-10.org.openstack:volume-573cbd14-e420-4691-87de-6a3f4cd7e701', 'target_lun': 0, 'volume_id': '573cbd14-e420-4691-87de-6a3f4cd7e701', 'auth_method': 'CHAP', 'auth_username': 'h4vGZL8kRk3GWRgGKxjG', 'auth_password': '***', 'encrypted': False, 'qos_specs': None, 'access_mode': 'rw', 'cacheable': False}, {'type': 'block', 'scsi_wwn': '3600140549fde7d60ddb4925b669471b2', 'path': '/dev/dm-20', 'multipath_id': '3600140549fde7d60ddb4925b669471b2'}), 'kwargs': {'force': True}}" trace_logging_wrapper /usr/lib/python3.9/site-packages/os_brick/utils.py:176
2025-12-03 23:19:03.924 83023 DEBUG os_brick.initiator.connectors.base [None req-bc138ad4-6a08-4bb2-a46a-4b229adc1ece 26c99312872e462f9fcc402116b69c78 e014ab433f1c45e4bdfa23184aca2555 - - - -] Acquiring lock "connect_volume" by "os_brick.initiator.connectors.iscsi.ISCSIConnector.disconnect_volume" inner /usr/lib/python3.9/site-packages/os_brick/initiator/connectors/base.py:68
2025-12-03 23:19:03.924 83023 DEBUG os_brick.initiator.connectors.base [None req-bc138ad4-6a08-4bb2-a46a-4b229adc1ece 26c99312872e462f9fcc402116b69c78 e014ab433f1c45e4bdfa23184aca2555 - - - -] Lock "connect_volume" acquired by "os_brick.initiator.connectors.iscsi.ISCSIConnector.disconnect_volume" :: waited 0.000s inner /usr/lib/python3.9/site-packages/os_brick/initiator/connectors/base.py:73
2025-12-03 23:19:03.925 83023 DEBUG os_brick.initiator.connectors.iscsi [None req-bc138ad4-6a08-4bb2-a46a-4b229adc1ece 26c99312872e462f9fcc402116b69c78 e014ab433f1c45e4bdfa23184aca2555 - - - -] Getting connected devices for (ips,iqns,luns)=[('172.18.0.10:3260', 'iqn.2010-10.org.openstack:volume-573cbd14-e420-4691-87de-6a3f4cd7e701', 0), ('172.19.0.10:3260', 'iqn.2010-10.org.openstack:volume-573cbd14-e420-4691-87de-6a3f4cd7e701', 0)] _get_connection_devices /usr/lib/python3.9/site-packages/os_brick/initiator/connectors/iscsi.py:833
2025-12-03 23:19:03.925 287302 DEBUG oslo_concurrency.processutils [-] Running cmd (subprocess): iscsiadm -m node execute /usr/lib/python3.9/site-packages/oslo_concurrency/processutils.py:384
2025-12-03 23:19:03.944 287302 DEBUG oslo_concurrency.processutils [-] CMD "iscsiadm -m node" returned: 0 in 0.018s execute /usr/lib/python3.9/site-packages/oslo_concurrency/processutils.py:422
2025-12-03 23:19:03.944 287302 DEBUG oslo.privsep.daemon [-] privsep: reply[296a06a2-7360-4a7b-bed3-90c78b6125c7]: (4, ('172.18.0.10:3260,4294967295 iqn.2010-10.org.openstack:volume-573cbd14-e420-4691-87de-6a3f4cd7e701\n172.19.0.10:3260,4294967295 iqn.2010-10.org.openstack:volume-573cbd14-e420-4691-87de-6a3f4cd7e701\n', '')) _call_back /usr/lib/python3.9/site-packages/oslo_privsep/daemon.py:501
2025-12-03 23:19:03.945 287302 DEBUG oslo_concurrency.processutils [-] Running cmd (subprocess): iscsiadm -m session execute /usr/lib/python3.9/site-packages/oslo_concurrency/processutils.py:384
2025-12-03 23:19:03.970 287302 DEBUG oslo_concurrency.processutils [-] CMD "iscsiadm -m session" returned: 0 in 0.025s execute /usr/lib/python3.9/site-packages/oslo_concurrency/processutils.py:422
2025-12-03 23:19:03.971 287302 DEBUG oslo.privsep.daemon [-] privsep: reply[8ff6b5a6-94b0-4fda-8ca4-5e1d12c83242]: (4, ('tcp: [1] 172.19.0.10:3260,1 iqn.2010-10.org.openstack:volume-573cbd14-e420-4691-87de-6a3f4cd7e701 (non-flash)\ntcp: [2] 172.18.0.10:3260,1 iqn.2010-10.org.openstack:volume-573cbd14-e420-4691-87de-6a3f4cd7e701 (non-flash)\n', '')) _call_back /usr/lib/python3.9/site-packages/oslo_privsep/daemon.py:501
2025-12-03 23:19:03.972 83023 DEBUG os_brick.initiator.connectors.iscsi [None req-bc138ad4-6a08-4bb2-a46a-4b229adc1ece 26c99312872e462f9fcc402116b69c78 e014ab433f1c45e4bdfa23184aca2555 - - - -] iscsiadm ('-m', 'session'): stdout=tcp: [1] 172.19.0.10:3260,1 iqn.2010-10.org.openstack:volume-573cbd14-e420-4691-87de-6a3f4cd7e701 (non-flash) tcp: [2] 172.18.0.10:3260,1 iqn.2010-10.org.openstack:volume-573cbd14-e420-4691-87de-6a3f4cd7e701 (non-flash) stderr= _run_iscsiadm_bare /usr/lib/python3.9/site-packages/os_brick/initiator/connectors/iscsi.py:1196
2025-12-03 23:19:03.972 83023 DEBUG os_brick.initiator.connectors.iscsi [None req-bc138ad4-6a08-4bb2-a46a-4b229adc1ece 26c99312872e462f9fcc402116b69c78 e014ab433f1c45e4bdfa23184aca2555 - - - -] iscsi session list stdout=tcp: [1] 172.19.0.10:3260,1 iqn.2010-10.org.openstack:volume-573cbd14-e420-4691-87de-6a3f4cd7e701 (non-flash) tcp: [2] 172.18.0.10:3260,1 iqn.2010-10.org.openstack:volume-573cbd14-e420-4691-87de-6a3f4cd7e701 (non-flash) stderr= _run_iscsi_session /usr/lib/python3.9/site-packages/os_brick/initiator/connectors/iscsi.py:1185
2025-12-03 23:19:03.977 83023 DEBUG os_brick.initiator.connectors.iscsi [None req-bc138ad4-6a08-4bb2-a46a-4b229adc1ece 26c99312872e462f9fcc402116b69c78 e014ab433f1c45e4bdfa23184aca2555 - - - -] Resulting device map defaultdict(. at 0x7fa986317550>, {('172.18.0.10:3260', 'iqn.2010-10.org.openstack:volume-573cbd14-e420-4691-87de-6a3f4cd7e701'): ({'sdb'}, set()), ('172.19.0.10:3260', 'iqn.2010-10.org.openstack:volume-573cbd14-e420-4691-87de-6a3f4cd7e701'): ({'sda'}, set())}) _get_connection_devices /usr/lib/python3.9/site-packages/os_brick/initiator/connectors/iscsi.py:866
2025-12-03 23:19:03.978 83023 DEBUG os_brick.initiator.linuxscsi [None req-bc138ad4-6a08-4bb2-a46a-4b229adc1ece 26c99312872e462f9fcc402116b69c78 e014ab433f1c45e4bdfa23184aca2555 - - - -] Removing multipathed devices sda, sdb remove_connection /usr/lib/python3.9/site-packages/os_brick/initiator/linuxscsi.py:376
2025-12-03 23:19:03.978 83023 DEBUG os_brick.initiator.linuxscsi [None req-bc138ad4-6a08-4bb2-a46a-4b229adc1ece 26c99312872e462f9fcc402116b69c78 e014ab433f1c45e4bdfa23184aca2555 - - - -] Flush multipath device 3600140549fde7d60ddb4925b669471b2 flush_multipath_device /usr/lib/python3.9/site-packages/os_brick/initiator/linuxscsi.py:446
2025-12-03 23:19:03.979 287302 DEBUG oslo_concurrency.processutils [-] Running cmd (subprocess): multipath -f 3600140549fde7d60ddb4925b669471b2 execute /usr/lib/python3.9/site-packages/oslo_concurrency/processutils.py:384
2025-12-03 23:19:04.035 287302 DEBUG oslo_concurrency.processutils [-] CMD "multipath -f 3600140549fde7d60ddb4925b669471b2" returned: 0 in 0.056s execute /usr/lib/python3.9/site-packages/oslo_concurrency/processutils.py:422
2025-12-03 23:19:04.036 287302 DEBUG oslo.privsep.daemon [-] privsep: reply[e3202891-908b-404c-8549-5e197c944dfb]: (4, ('', '')) _call_back /usr/lib/python3.9/site-packages/oslo_privsep/daemon.py:501
2025-12-03 23:19:04.037 287302 DEBUG oslo_concurrency.processutils [-] Running cmd (subprocess): multipathd del path /dev/sda execute /usr/lib/python3.9/site-packages/oslo_concurrency/processutils.py:384
2025-12-03 23:19:04.065 287302 DEBUG oslo_concurrency.processutils [-] CMD "multipathd del path /dev/sda" returned: 0 in 0.028s execute /usr/lib/python3.9/site-packages/oslo_concurrency/processutils.py:422
2025-12-03 23:19:04.065 287302 DEBUG oslo.privsep.daemon [-] privsep: reply[82b01be4-c1e5-4718-80f0-b8ffdbe5760b]: (4, ('ok\n', '')) _call_back /usr/lib/python3.9/site-packages/oslo_privsep/daemon.py:501
2025-12-03 23:19:04.067 83023 DEBUG os_brick.initiator.linuxscsi [None req-bc138ad4-6a08-4bb2-a46a-4b229adc1ece 26c99312872e462f9fcc402116b69c78 e014ab433f1c45e4bdfa23184aca2555 - - - -] Remove SCSI device /dev/sda with /sys/block/sda/device/delete remove_scsi_device /usr/lib/python3.9/site-packages/os_brick/initiator/linuxscsi.py:150
2025-12-03 23:19:04.068 287302 DEBUG oslo_concurrency.processutils [-] Running cmd (subprocess): tee -a /sys/block/sda/device/delete execute /usr/lib/python3.9/site-packages/oslo_concurrency/processutils.py:384
2025-12-03 23:19:04.126 287302 DEBUG oslo_concurrency.processutils [-] CMD "tee -a /sys/block/sda/device/delete" returned: 0 in 0.058s execute /usr/lib/python3.9/site-packages/oslo_concurrency/processutils.py:422
2025-12-03 23:19:04.126 287302 DEBUG oslo.privsep.daemon [-] privsep: reply[cd48a40a-aa17-4767-879e-a66e659f4c69]: (4, ('1', '')) _call_back /usr/lib/python3.9/site-packages/oslo_privsep/daemon.py:501
2025-12-03 23:19:04.128 287302 DEBUG oslo_concurrency.processutils [-] Running cmd (subprocess): multipathd del path /dev/sdb execute /usr/lib/python3.9/site-packages/oslo_concurrency/processutils.py:384
2025-12-03 23:19:04.148 287302 DEBUG oslo_concurrency.processutils [-] CMD "multipathd del path /dev/sdb" returned: 0 in 0.020s execute /usr/lib/python3.9/site-packages/oslo_concurrency/processutils.py:422
2025-12-03 23:19:04.148 287302 DEBUG oslo.privsep.daemon [-] privsep: reply[6d3801c8-1565-401e-9299-d5719a84076e]: (4, ('ok\n', '')) _call_back /usr/lib/python3.9/site-packages/oslo_privsep/daemon.py:501
2025-12-03 23:19:04.152 83023 DEBUG os_brick.initiator.linuxscsi [None req-bc138ad4-6a08-4bb2-a46a-4b229adc1ece 26c99312872e462f9fcc402116b69c78 e014ab433f1c45e4bdfa23184aca2555 - - - -] Remove SCSI device /dev/sdb with /sys/block/sdb/device/delete remove_scsi_device /usr/lib/python3.9/site-packages/os_brick/initiator/linuxscsi.py:150
2025-12-03 23:19:04.153 287302 DEBUG oslo_concurrency.processutils [-] Running cmd (subprocess): tee -a /sys/block/sdb/device/delete execute /usr/lib/python3.9/site-packages/oslo_concurrency/processutils.py:384
2025-12-03 23:19:04.217 287302 DEBUG oslo_concurrency.processutils [-] CMD "tee -a /sys/block/sdb/device/delete" returned: 0 in 0.064s execute /usr/lib/python3.9/site-packages/oslo_concurrency/processutils.py:422
2025-12-03 23:19:04.217 287302 DEBUG oslo.privsep.daemon [-] privsep: reply[eac80f28-8575-4482-bc29-52bc67b0cd5d]: (4, ('1', '')) _call_back /usr/lib/python3.9/site-packages/oslo_privsep/daemon.py:501
2025-12-03 23:19:04.218 83023 DEBUG os_brick.initiator.linuxscsi [None req-bc138ad4-6a08-4bb2-a46a-4b229adc1ece 26c99312872e462f9fcc402116b69c78 e014ab433f1c45e4bdfa23184aca2555 - - - -] Checking to see if SCSI volumes sda, sdb have been removed. wait_for_volumes_removal /usr/lib/python3.9/site-packages/os_brick/initiator/linuxscsi.py:158
2025-12-03 23:19:04.219 83023 DEBUG os_brick.initiator.linuxscsi [None req-bc138ad4-6a08-4bb2-a46a-4b229adc1ece 26c99312872e462f9fcc402116b69c78 e014ab433f1c45e4bdfa23184aca2555 - - - -] SCSI volumes sda, sdb have been removed. wait_for_volumes_removal /usr/lib/python3.9/site-packages/os_brick/initiator/linuxscsi.py:168
2025-12-03 23:19:04.219 83023 DEBUG os_brick.initiator.connectors.iscsi [None req-bc138ad4-6a08-4bb2-a46a-4b229adc1ece 26c99312872e462f9fcc402116b69c78 e014ab433f1c45e4bdfa23184aca2555 - - - -] Disconnecting from: [('172.18.0.10:3260', 'iqn.2010-10.org.openstack:volume-573cbd14-e420-4691-87de-6a3f4cd7e701'), ('172.19.0.10:3260', 'iqn.2010-10.org.openstack:volume-573cbd14-e420-4691-87de-6a3f4cd7e701')] _disconnect_connection /usr/lib/python3.9/site-packages/os_brick/initiator/connectors/iscsi.py:1174
2025-12-03 23:19:04.221 287302 DEBUG oslo_concurrency.processutils [-] Running cmd (subprocess): iscsiadm -m node -T iqn.2010-10.org.openstack:volume-573cbd14-e420-4691-87de-6a3f4cd7e701 -p 172.18.0.10:3260 --op update -n node.startup -v manual execute /usr/lib/python3.9/site-packages/oslo_concurrency/processutils.py:384
2025-12-03 23:19:04.243 287302 DEBUG oslo_concurrency.processutils [-] CMD "iscsiadm -m node -T iqn.2010-10.org.openstack:volume-573cbd14-e420-4691-87de-6a3f4cd7e701 -p 172.18.0.10:3260 --op update -n node.startup -v manual" returned: 0 in 0.022s execute /usr/lib/python3.9/site-packages/oslo_concurrency/processutils.py:422
2025-12-03 23:19:04.243 287302 DEBUG oslo.privsep.daemon [-] privsep: reply[ee2db69e-6816-4af2-9f5a-e16c431b91dc]: (4, ('', '')) _call_back /usr/lib/python3.9/site-packages/oslo_privsep/daemon.py:501
2025-12-03 23:19:04.245 83023 DEBUG os_brick.initiator.connectors.iscsi [None req-bc138ad4-6a08-4bb2-a46a-4b229adc1ece 26c99312872e462f9fcc402116b69c78 e014ab433f1c45e4bdfa23184aca2555 - - - -] iscsiadm ('--op', 'update', '-n', 'node.startup', '-v', 'manual'): stdout= stderr= _run_iscsiadm /usr/lib/python3.9/site-packages/os_brick/initiator/connectors/iscsi.py:1040
2025-12-03 23:19:04.245 287302 DEBUG oslo_concurrency.processutils [-] Running cmd (subprocess): iscsiadm -m node -T iqn.2010-10.org.openstack:volume-573cbd14-e420-4691-87de-6a3f4cd7e701 -p 172.18.0.10:3260 --logout execute /usr/lib/python3.9/site-packages/oslo_concurrency/processutils.py:384
2025-12-03 23:19:04.290 287302 DEBUG oslo_concurrency.processutils [-] CMD "iscsiadm -m node -T iqn.2010-10.org.openstack:volume-573cbd14-e420-4691-87de-6a3f4cd7e701 -p 172.18.0.10:3260 --logout" returned: 0 in 0.045s execute /usr/lib/python3.9/site-packages/oslo_concurrency/processutils.py:422
2025-12-03 23:19:04.291 287302 DEBUG oslo.privsep.daemon [-] privsep: reply[dbb42ffc-c621-427f-9f2a-4285829d0847]: (4, ('Logging out of session [sid: 2, target: iqn.2010-10.org.openstack:volume-573cbd14-e420-4691-87de-6a3f4cd7e701, portal: 172.18.0.10,3260]\nLogout of [sid: 2, target: iqn.2010-10.org.openstack:volume-573cbd14-e420-4691-87de-6a3f4cd7e701, portal: 172.18.0.10,3260] successful.\n', '')) _call_back /usr/lib/python3.9/site-packages/oslo_privsep/daemon.py:501
2025-12-03 23:19:04.291 83023 DEBUG os_brick.initiator.connectors.iscsi [None req-bc138ad4-6a08-4bb2-a46a-4b229adc1ece 26c99312872e462f9fcc402116b69c78 e014ab433f1c45e4bdfa23184aca2555 - - - -] iscsiadm ('--logout',): stdout=Logging out of session [sid: 2, target: iqn.2010-10.org.openstack:volume-573cbd14-e420-4691-87de-6a3f4cd7e701, portal: 172.18.0.10,3260] Logout of [sid: 2, target: iqn.2010-10.org.openstack:volume-573cbd14-e420-4691-87de-6a3f4cd7e701, portal: 172.18.0.10,3260] successful. stderr= _run_iscsiadm /usr/lib/python3.9/site-packages/os_brick/initiator/connectors/iscsi.py:1040
2025-12-03 23:19:04.294 287302 DEBUG oslo_concurrency.processutils [-] Running cmd (subprocess): iscsiadm -m node -T iqn.2010-10.org.openstack:volume-573cbd14-e420-4691-87de-6a3f4cd7e701 -p 172.18.0.10:3260 --op delete execute /usr/lib/python3.9/site-packages/oslo_concurrency/processutils.py:384
2025-12-03 23:19:04.314 287302 DEBUG oslo_concurrency.processutils [-] CMD "iscsiadm -m node -T iqn.2010-10.org.openstack:volume-573cbd14-e420-4691-87de-6a3f4cd7e701 -p 172.18.0.10:3260 --op delete" returned: 0 in 0.020s execute /usr/lib/python3.9/site-packages/oslo_concurrency/processutils.py:422
2025-12-03 23:19:04.315 287302 DEBUG oslo.privsep.daemon [-] privsep: reply[d6ca633d-90c3-4e5f-b8d1-b72b4e0ff81a]: (4, ('', '')) _call_back /usr/lib/python3.9/site-packages/oslo_privsep/daemon.py:501
2025-12-03 23:19:04.316 83023 DEBUG os_brick.initiator.connectors.iscsi [None req-bc138ad4-6a08-4bb2-a46a-4b229adc1ece 26c99312872e462f9fcc402116b69c78 e014ab433f1c45e4bdfa23184aca2555 - - - -] iscsiadm ('--op', 'delete'): stdout= stderr= _run_iscsiadm /usr/lib/python3.9/site-packages/os_brick/initiator/connectors/iscsi.py:1040
2025-12-03 23:19:04.317 287302 DEBUG oslo_concurrency.processutils [-] Running cmd (subprocess): iscsiadm -m node -T iqn.2010-10.org.openstack:volume-573cbd14-e420-4691-87de-6a3f4cd7e701 -p 172.19.0.10:3260 --op update -n node.startup -v manual execute /usr/lib/python3.9/site-packages/oslo_concurrency/processutils.py:384
2025-12-03 23:19:04.336 287302 DEBUG oslo_concurrency.processutils [-] CMD "iscsiadm -m node -T iqn.2010-10.org.openstack:volume-573cbd14-e420-4691-87de-6a3f4cd7e701 -p 172.19.0.10:3260 --op update -n node.startup -v manual" returned: 0 in 0.019s execute /usr/lib/python3.9/site-packages/oslo_concurrency/processutils.py:422
2025-12-03 23:19:04.336 287302 DEBUG oslo.privsep.daemon [-] privsep: reply[5b15da5e-55d0-48f7-a740-ecf350cfe81c]: (4, ('', '')) _call_back /usr/lib/python3.9/site-packages/oslo_privsep/daemon.py:501
2025-12-03 23:19:04.337 83023 DEBUG os_brick.initiator.connectors.iscsi [None req-bc138ad4-6a08-4bb2-a46a-4b229adc1ece 26c99312872e462f9fcc402116b69c78 e014ab433f1c45e4bdfa23184aca2555 - - - -] iscsiadm ('--op', 'update', '-n', 'node.startup', '-v', 'manual'): stdout= stderr= _run_iscsiadm /usr/lib/python3.9/site-packages/os_brick/initiator/connectors/iscsi.py:1040
2025-12-03 23:19:04.339 287302 DEBUG oslo_concurrency.processutils [-] Running cmd (subprocess): iscsiadm -m node -T iqn.2010-10.org.openstack:volume-573cbd14-e420-4691-87de-6a3f4cd7e701 -p 172.19.0.10:3260 --logout execute /usr/lib/python3.9/site-packages/oslo_concurrency/processutils.py:384
2025-12-03 23:19:04.382 287302 DEBUG oslo_concurrency.processutils [-] CMD "iscsiadm -m node -T iqn.2010-10.org.openstack:volume-573cbd14-e420-4691-87de-6a3f4cd7e701 -p 172.19.0.10:3260 --logout" returned: 0 in 0.043s execute /usr/lib/python3.9/site-packages/oslo_concurrency/processutils.py:422
2025-12-03 23:19:04.382 287302 DEBUG oslo.privsep.daemon [-] privsep: reply[6e041012-eacd-40f8-8481-fc583c0705b3]: (4, ('Logging out of session [sid: 1, target: iqn.2010-10.org.openstack:volume-573cbd14-e420-4691-87de-6a3f4cd7e701, portal: 172.19.0.10,3260]\nLogout of [sid: 1, target: iqn.2010-10.org.openstack:volume-573cbd14-e420-4691-87de-6a3f4cd7e701, portal: 172.19.0.10,3260] successful.\n', '')) _call_back /usr/lib/python3.9/site-packages/oslo_privsep/daemon.py:501
2025-12-03 23:19:04.383 83023 DEBUG os_brick.initiator.connectors.iscsi [None req-bc138ad4-6a08-4bb2-a46a-4b229adc1ece 26c99312872e462f9fcc402116b69c78 e014ab433f1c45e4bdfa23184aca2555 - - - -] iscsiadm ('--logout',): stdout=Logging out of session [sid: 1, target: iqn.2010-10.org.openstack:volume-573cbd14-e420-4691-87de-6a3f4cd7e701, portal: 172.19.0.10,3260] Logout of [sid: 1, target: iqn.2010-10.org.openstack:volume-573cbd14-e420-4691-87de-6a3f4cd7e701, portal: 172.19.0.10,3260] successful. stderr= _run_iscsiadm /usr/lib/python3.9/site-packages/os_brick/initiator/connectors/iscsi.py:1040
2025-12-03 23:19:04.384 287302 DEBUG oslo_concurrency.processutils [-] Running cmd (subprocess): iscsiadm -m node -T iqn.2010-10.org.openstack:volume-573cbd14-e420-4691-87de-6a3f4cd7e701 -p 172.19.0.10:3260 --op delete execute /usr/lib/python3.9/site-packages/oslo_concurrency/processutils.py:384
2025-12-03 23:19:04.402 287302 DEBUG oslo_concurrency.processutils [-] CMD "iscsiadm -m node -T iqn.2010-10.org.openstack:volume-573cbd14-e420-4691-87de-6a3f4cd7e701 -p 172.19.0.10:3260 --op delete" returned: 0 in 0.018s execute /usr/lib/python3.9/site-packages/oslo_concurrency/processutils.py:422
2025-12-03 23:19:04.403 287302 DEBUG oslo.privsep.daemon [-] privsep: reply[a5454e6f-2270-4b1c-9101-09f40824c952]: (4, ('', '')) _call_back /usr/lib/python3.9/site-packages/oslo_privsep/daemon.py:501
2025-12-03 23:19:04.404 83023 DEBUG os_brick.initiator.connectors.iscsi [None req-bc138ad4-6a08-4bb2-a46a-4b229adc1ece 26c99312872e462f9fcc402116b69c78 e014ab433f1c45e4bdfa23184aca2555 - - - -] iscsiadm ('--op', 'delete'): stdout= stderr= _run_iscsiadm /usr/lib/python3.9/site-packages/os_brick/initiator/connectors/iscsi.py:1040
2025-12-03 23:19:04.404 83023 DEBUG os_brick.initiator.connectors.base [None req-bc138ad4-6a08-4bb2-a46a-4b229adc1ece 26c99312872e462f9fcc402116b69c78 e014ab433f1c45e4bdfa23184aca2555 - - - -] Lock "connect_volume" "released" by "os_brick.initiator.connectors.iscsi.ISCSIConnector.disconnect_volume" :: held 0.480s inner /usr/lib/python3.9/site-packages/os_brick/initiator/connectors/base.py:87
2025-12-03 23:19:04.404 83023 DEBUG os_brick.initiator.connectors.iscsi [None req-bc138ad4-6a08-4bb2-a46a-4b229adc1ece 26c99312872e462f9fcc402116b69c78 e014ab433f1c45e4bdfa23184aca2555 - - - -] <== disconnect_volume: return (480ms) None trace_logging_wrapper /usr/lib/python3.9/site-packages/os_brick/utils.py:203
2025-12-03 23:19:07.310 83023 ERROR oslo_messaging.rpc.server [None req-bc138ad4-6a08-4bb2-a46a-4b229adc1ece 26c99312872e462f9fcc402116b69c78 e014ab433f1c45e4bdfa23184aca2555 - - - -] Exception during message handling: cinder.exception.SwiftConnectionFailed: Connection to swift failed: Container HEAD failed: https://swift-public-openstack.apps.sno.openstack.lab/v1/AUTH_e014ab433f1c45e4bdfa23184aca2555/volumebackups 403 Forbidden (txn: tx89597e4bc5364141b20b9-006930c567)
2025-12-03 23:19:07.310 83023 ERROR oslo_messaging.rpc.server
Traceback (most recent call last):
2025-12-03 23:19:07.310 83023 ERROR oslo_messaging.rpc.server
File "/usr/lib/python3.9/site-packages/cinder/backup/drivers/swift.py", line 367, in put_container
2025-12-03 23:19:07.310 83023 ERROR oslo_messaging.rpc.server self.conn.head_container(container, headers=self._headers())
2025-12-03 23:19:07.310 83023 ERROR oslo_messaging.rpc.server
File "/usr/lib/python3.9/site-packages/swiftclient/client.py", line 1866, in head_container
2025-12-03 23:19:07.310 83023 ERROR oslo_messaging.rpc.server return self._retry(None, head_container, container, headers=headers)
2025-12-03 23:19:07.310 83023 ERROR oslo_messaging.rpc.server
File "/usr/lib/python3.9/site-packages/swiftclient/client.py", line 1797, in _retry
2025-12-03 23:19:07.310 83023 ERROR oslo_messaging.rpc.server rv = func(self.url, self.token, *args,
2025-12-03 23:19:07.310 83023 ERROR oslo_messaging.rpc.server
File "/usr/lib/python3.9/site-packages/swiftclient/client.py", line 1060, in head_container
2025-12-03 23:19:07.310 83023 ERROR oslo_messaging.rpc.server raise ClientException.from_response(
2025-12-03 23:19:07.310 83023 ERROR oslo_messaging.rpc.server swiftclient.exceptions.ClientException: Container HEAD failed: https://swift-public-openstack.apps.sno.openstack.lab/v1/AUTH_e014ab433f1c45e4bdfa23184aca2555/volumebackups 403 Forbidden (txn: tx89597e4bc5364141b20b9-006930c567)
2025-12-03 23:19:07.310 83023 ERROR oslo_messaging.rpc.server
2025-12-03 23:19:07.310 83023 ERROR oslo_messaging.rpc.server During handling of the above exception, another exception occurred:
2025-12-03 23:19:07.310 83023 ERROR oslo_messaging.rpc.server
2025-12-03 23:19:07.310 83023 ERROR oslo_messaging.rpc.server
Traceback (most recent call last):
2025-12-03 23:19:07.310 83023 ERROR oslo_messaging.rpc.server
File "/usr/lib/python3.9/site-packages/oslo_messaging/rpc/server.py", line 165, in _process_incoming
2025-12-03 23:19:07.310 83023 ERROR oslo_messaging.rpc.server res = self.dispatcher.dispatch(message)
2025-12-03 23:19:07.310 83023 ERROR oslo_messaging.rpc.server
File "/usr/lib/python3.9/site-packages/oslo_messaging/rpc/dispatcher.py", line 309, in dispatch
2025-12-03 23:19:07.310 83023 ERROR oslo_messaging.rpc.server return self._do_dispatch(endpoint, method, ctxt, args)
2025-12-03 23:19:07.310 83023 ERROR oslo_messaging.rpc.server
File "/usr/lib/python3.9/site-packages/oslo_messaging/rpc/dispatcher.py", line 229, in _do_dispatch
2025-12-03 23:19:07.310 83023 ERROR oslo_messaging.rpc.server result = func(ctxt, **new_args)
2025-12-03 23:19:07.310 83023 ERROR oslo_messaging.rpc.server
File "/usr/lib/python3.9/site-packages/cinder/backup/manager.py", line 531, in continue_backup
2025-12-03 23:19:07.310 83023 ERROR oslo_messaging.rpc.server volume_utils.update_backup_error(backup, str(err))
2025-12-03 23:19:07.310 83023 ERROR oslo_messaging.rpc.server
File "/usr/lib/python3.9/site-packages/oslo_utils/excutils.py", line 227, in __exit__
2025-12-03 23:19:07.310 83023 ERROR oslo_messaging.rpc.server self.force_reraise()
2025-12-03 23:19:07.310 83023 ERROR oslo_messaging.rpc.server
File "/usr/lib/python3.9/site-packages/oslo_utils/excutils.py", line 200, in force_reraise
2025-12-03 23:19:07.310 83023 ERROR oslo_messaging.rpc.server raise self.value
2025-12-03 23:19:07.310 83023 ERROR oslo_messaging.rpc.server
File "/usr/lib/python3.9/site-packages/cinder/backup/manager.py", line 503, in continue_backup
2025-12-03 23:19:07.310 83023 ERROR oslo_messaging.rpc.server self.message_api.create_from_request_context(
2025-12-03 23:19:07.310 83023 ERROR oslo_messaging.rpc.server
File "/usr/lib/python3.9/site-packages/oslo_utils/excutils.py", line 227, in __exit__
2025-12-03 23:19:07.310 83023 ERROR oslo_messaging.rpc.server self.force_reraise()
2025-12-03 23:19:07.310 83023 ERROR oslo_messaging.rpc.server
File "/usr/lib/python3.9/site-packages/oslo_utils/excutils.py", line 200, in force_reraise
2025-12-03 23:19:07.310 83023 ERROR oslo_messaging.rpc.server raise self.value
2025-12-03 23:19:07.310 83023 ERROR oslo_messaging.rpc.server
File "/usr/lib/python3.9/site-packages/cinder/backup/manager.py", line 493, in continue_backup
2025-12-03 23:19:07.310 83023 ERROR oslo_messaging.rpc.server updates = backup_service.backup(
2025-12-03 23:19:07.310 83023 ERROR oslo_messaging.rpc.server
File "/usr/lib/python3.9/site-packages/cinder/backup/chunkeddriver.py", line 566, in backup
2025-12-03 23:19:07.310 83023 ERROR oslo_messaging.rpc.server volume_size_bytes) = self._prepare_backup(backup)
2025-12-03 23:19:07.310 83023 ERROR oslo_messaging.rpc.server
File "/usr/lib/python3.9/site-packages/cinder/backup/chunkeddriver.py", line 352, in _prepare_backup
2025-12-03 23:19:07.310 83023 ERROR oslo_messaging.rpc.server container = self._create_container(backup)
2025-12-03 23:19:07.310 83023 ERROR oslo_messaging.rpc.server
File "/usr/lib/python3.9/site-packages/cinder/backup/chunkeddriver.py", line 255, in _create_container
2025-12-03 23:19:07.310 83023 ERROR oslo_messaging.rpc.server self.put_container(backup.container)
2025-12-03 23:19:07.310 83023 ERROR oslo_messaging.rpc.server
File "/usr/lib/python3.9/site-packages/cinder/backup/drivers/swift.py", line 381, in put_container
2025-12-03 23:19:07.310 83023 ERROR oslo_messaging.rpc.server raise exception.SwiftConnectionFailed(reason=e)
2025-12-03 23:19:07.310 83023 ERROR oslo_messaging.rpc.server cinder.exception.SwiftConnectionFailed: Connection to swift failed: Container HEAD failed: https://swift-public-openstack.apps.sno.openstack.lab/v1/AUTH_e014ab433f1c45e4bdfa23184aca2555/volumebackups 403 Forbidden (txn: tx89597e4bc5364141b20b9-006930c567)
2025-12-03 23:19:07.310 83023 ERROR oslo_messaging.rpc.server 
2025-12-03 23:19:07.674 83023 INFO cinder.backup.manager [None req-a4e3d3e4-2efe-48b3-b5bf-b2936dc465fc 26c99312872e462f9fcc402116b69c78 e014ab433f1c45e4bdfa23184aca2555 - - - -] Delete backup started, backup: 51bcede1-6936-4258-8d87-4277790985dd.
2025-12-03 23:19:07.678 83023 DEBUG cinder.backup.drivers.swift [None req-a4e3d3e4-2efe-48b3-b5bf-b2936dc465fc 26c99312872e462f9fcc402116b69c78 e014ab433f1c45e4bdfa23184aca2555 - - - -] Using swift URL https://swift-public-openstack.apps.sno.openstack.lab/v1/AUTH_e014ab433f1c45e4bdfa23184aca2555 initialize /usr/lib/python3.9/site-packages/cinder/backup/drivers/swift.py:287
2025-12-03 23:19:07.678 83023 DEBUG cinder.backup.drivers.swift [None req-a4e3d3e4-2efe-48b3-b5bf-b2936dc465fc 26c99312872e462f9fcc402116b69c78 e014ab433f1c45e4bdfa23184aca2555 - - - -] Connect to None in "per_user" mode initialize /usr/lib/python3.9/site-packages/cinder/backup/drivers/swift.py:288
2025-12-03 23:19:07.678 83023 DEBUG cinder.backup.chunkeddriver [None req-a4e3d3e4-2efe-48b3-b5bf-b2936dc465fc 26c99312872e462f9fcc402116b69c78 e014ab433f1c45e4bdfa23184aca2555 - - - -] delete started, backup: 51bcede1-6936-4258-8d87-4277790985dd, container: volumebackups, prefix: None. delete_backup /usr/lib/python3.9/site-packages/cinder/backup/chunkeddriver.py:841
2025-12-03 23:19:07.678 83023 DEBUG cinder.backup.chunkeddriver [None req-a4e3d3e4-2efe-48b3-b5bf-b2936dc465fc 26c99312872e462f9fcc402116b69c78 e014ab433f1c45e4bdfa23184aca2555 - - - -] delete 51bcede1-6936-4258-8d87-4277790985dd finished. delete_backup /usr/lib/python3.9/site-packages/cinder/backup/chunkeddriver.py:867
2025-12-03 23:19:07.704 83023 DEBUG oslo_db.sqlalchemy.engines [None req-a4e3d3e4-2efe-48b3-b5bf-b2936dc465fc 26c99312872e462f9fcc402116b69c78 e014ab433f1c45e4bdfa23184aca2555 - - - -] MySQL server mode set to STRICT_TRANS_TABLES,STRICT_ALL_TABLES,NO_ZERO_IN_DATE,NO_ZERO_DATE,ERROR_FOR_DIVISION_BY_ZERO,TRADITIONAL,NO_AUTO_CREATE_USER,NO_ENGINE_SUBSTITUTION _check_effective_sql_mode /usr/lib/python3.9/site-packages/oslo_db/sqlalchemy/engines.py:335
2025-12-03 23:19:07.744 83023 WARNING cinder.quota [None req-a4e3d3e4-2efe-48b3-b5bf-b2936dc465fc 26c99312872e462f9fcc402116b69c78 e014ab433f1c45e4bdfa23184aca2555 - - - -] Deprecated: Default quota for resource: backups is set by the default quota flag: quota_backups, it is now deprecated. Please use the default quota class for default quota.
2025-12-03 23:19:07.745 83023 WARNING cinder.quota [None req-a4e3d3e4-2efe-48b3-b5bf-b2936dc465fc 26c99312872e462f9fcc402116b69c78 e014ab433f1c45e4bdfa23184aca2555 - - - -] Deprecated: Default quota for resource: backup_gigabytes is set by the default quota flag: quota_backup_gigabytes, it is now deprecated. Please use the default quota class for default quota.
2025-12-03 23:19:07.767 83023 DEBUG cinder.quota [None req-a4e3d3e4-2efe-48b3-b5bf-b2936dc465fc 26c99312872e462f9fcc402116b69c78 e014ab433f1c45e4bdfa23184aca2555 - - - -] Created reservations ['f0fe3d59-fe72-43d1-85dc-aae5f697a7df', '25dfbf5e-d104-4868-b6b5-ba0f315a6898'] reserve /usr/lib/python3.9/site-packages/cinder/quota.py:755
