service service_token_roles_required = True service_type = None token_cache_time = 300 www_authenticate_uri = https://keystone-public-openstack.apps.sno.openstack.lab os_brick: lock_path = /var/locks/openstack/os-brick wait_mpath_device_attempts = 4 wait_mpath_device_interval = 1 oslo_concurrency: disable_process_locking = False lock_path = /var/locks/openstack/cinder oslo_messaging_metrics: metrics_buffer_size = 1000 metrics_enabled = False metrics_process_name = metrics_socket_file = /var/tmp/metrics_collector.sock metrics_thread_stop_timeout = 10 oslo_messaging_notifications: driver = noop retry = -1 topics = notifications transport_url = *** oslo_messaging_rabbit: amqp_auto_delete = False amqp_durable_queues = True conn_pool_min_size = 2 conn_pool_ttl = 1200 direct_mandatory_flag = True enable_cancel_on_failover = False heartbeat_in_pthread = False heartbeat_rate = 2 heartbeat_timeout_threshold = 60 kombu_compression = None kombu_failover_strategy = round-robin kombu_missing_consumer_retry_timeout = 60 kombu_reconnect_delay = 1.0 rabbit_ha_queues = False rabbit_interval_max = 30 rabbit_login_method = AMQPLAIN rabbit_qos_prefetch_count = 0 rabbit_quorum_delivery_limit = 0 rabbit_quorum_max_memory_bytes = 0 rabbit_quorum_max_memory_length = 0 rabbit_quorum_queue = True rabbit_retry_backoff = 2 rabbit_retry_interval = 1 rabbit_transient_queues_ttl = 1800 rpc_conn_pool_size = 30 ssl = False ssl_ca_file = ssl_cert_file = ssl_enforce_fips_mode = False ssl_key_file = ssl_version = oslo_middleware: http_basic_auth_user_file = /etc/htpasswd oslo_policy: enforce_new_defaults = False enforce_scope = False policy_default_rule = default policy_dirs = policy.d policy_file = policy.yaml remote_content_type = application/x-www-form-urlencoded remote_ssl_ca_crt_file = None remote_ssl_client_crt_file = None remote_ssl_client_key_file = None remote_ssl_verify_server_crt = False oslo_reports: file_event_handler = /var/lib/cinder file_event_handler_interval = 1 log_dir = None oslo_versionedobjects: fatal_exception_format_errors = False privsep_osbrick: capabilities = 21 group = None helper_command = None logger_name = os_brick.privileged thread_pool_size = 16 user = None profiler: connection_string = messaging:// enabled = False es_doc_type = notification es_scroll_size = 10000 es_scroll_time = 2m filter_error_trace = False hmac_keys = SECRET_KEY sentinel_service_name = mymaster socket_timeout = 0.1 trace_sqlalchemy = False service_user: auth_section = None auth_type = password cafile = None certfile = None collect-timing = False insecure = False keyfile = None send_service_user_token = True split-loggers = False timeout = None vault: approle_role_id = None approle_secret_id = None cafile = None certfile = None collect-timing = False insecure = False keyfile = None kv_mountpoint = secret kv_version = 2 namespace = None root_token_id = None split-loggers = False ssl_ca_crt_file = None timeout = None use_ssl = False vault_url = http://127.0.0.1:8200
2025-12-03 23:18:31.082 83023 DEBUG oslo_service.periodic_task [None req-69c954f4-3954-4b00-afcc-f50c67d01bd7 - - - - - -] Running periodic task BackupManager.publish_service_capabilities run_periodic_tasks /usr/lib/python3.9/site-packages/oslo_service/periodic_task.py:210
2025-12-03 23:18:31.082 83023 DEBUG cinder.manager [None req-69c954f4-3954-4b00-afcc-f50c67d01bd7 - - - - - -] Notifying Schedulers of capabilities ... _publish_service_capabilities /usr/lib/python3.9/site-packages/cinder/manager.py:202
2025-12-03 23:18:55.651 83023 INFO cinder.backup.manager [None req-bc138ad4-6a08-4bb2-a46a-4b229adc1ece 26c99312872e462f9fcc402116b69c78 e014ab433f1c45e4bdfa23184aca2555 - - - -] Create backup started, backup: 51bcede1-6936-4258-8d87-4277790985dd volume: 573cbd14-e420-4691-87de-6a3f4cd7e701.
2025-12-03 23:18:55.660 83023 INFO cinder.backup.manager [None req-bc138ad4-6a08-4bb2-a46a-4b229adc1ece 26c99312872e462f9fcc402116b69c78 e014ab433f1c45e4bdfa23184aca2555 - - - -] Call Volume Manager to get_backup_device for Backup(availability_zone=None,container=None,created_at=2025-12-03T23:18:55Z,data_timestamp=2025-12-03T23:18:55Z,deleted=False,deleted_at=None,display_description=None,display_name='tempest-TestVolumeBackupRestore-backup-1884849532',encryption_key_id=None,fail_reason=None,host='cinder-baebb-backup-0',id=51bcede1-6936-4258-8d87-4277790985dd,metadata={},num_dependent_backups=0,object_count=0,parent=None,parent_id=None,project_id='e014ab433f1c45e4bdfa23184aca2555',restore_volume_id=None,service='cinder.backup.drivers.swift.SwiftBackupDriver',service_metadata=None,size=1,snapshot_id=None,status='creating',temp_snapshot_id=None,temp_volume_id=None,updated_at=None,user_id='26c99312872e462f9fcc402116b69c78',volume_id=573cbd14-e420-4691-87de-6a3f4cd7e701)
2025-12-03 23:18:55.731 83023 DEBUG cinder.backup.drivers.swift [None req-bc138ad4-6a08-4bb2-a46a-4b229adc1ece 26c99312872e462f9fcc402116b69c78 e014ab433f1c45e4bdfa23184aca2555 - - - -] Using swift URL https://swift-public-openstack.apps.sno.openstack.lab/v1/AUTH_e014ab433f1c45e4bdfa23184aca2555 initialize /usr/lib/python3.9/site-packages/cinder/backup/drivers/swift.py:287
2025-12-03 23:18:55.732 83023 DEBUG cinder.backup.drivers.swift [None req-bc138ad4-6a08-4bb2-a46a-4b229adc1ece 26c99312872e462f9fcc402116b69c78 e014ab433f1c45e4bdfa23184aca2555 - - - -] Connect to None in "per_user" mode initialize /usr/lib/python3.9/site-packages/cinder/backup/drivers/swift.py:288
2025-12-03 23:18:55.732 83023 DEBUG os_brick.utils [None req-bc138ad4-6a08-4bb2-a46a-4b229adc1ece 26c99312872e462f9fcc402116b69c78 e014ab433f1c45e4bdfa23184aca2555 - - - -] ==> get_connector_properties: call "{'root_helper': 'sudo cinder-rootwrap /etc/cinder/rootwrap.conf', 'my_ip': '10.128.0.251', 'multipath': True, 'enforce_multipath': False, 'host': None, 'execute': None}" trace_logging_wrapper /usr/lib/python3.9/site-packages/os_brick/utils.py:176
2025-12-03 23:18:55.734 83023 INFO oslo.privsep.daemon [None req-bc138ad4-6a08-4bb2-a46a-4b229adc1ece 26c99312872e462f9fcc402116b69c78 e014ab433f1c45e4bdfa23184aca2555 - - - -] Running privsep helper: ['sudo', 'cinder-rootwrap', '/etc/cinder/rootwrap.conf', 'privsep-helper', '--config-file', '/etc/cinder/cinder.conf', '--config-dir', '/etc/cinder/cinder.conf.d', '--privsep_context', 'os_brick.privileged.default', '--privsep_sock_path', '/tmp/tmpb2pfqgf3/privsep.sock']
2025-12-03 23:18:56.558 83023 INFO oslo.privsep.daemon [None req-bc138ad4-6a08-4bb2-a46a-4b229adc1ece 26c99312872e462f9fcc402116b69c78 e014ab433f1c45e4bdfa23184aca2555 - - - -] Spawned new privsep daemon via rootwrap
2025-12-03 23:18:56.559 83023 DEBUG oslo.privsep.daemon [None req-bc138ad4-6a08-4bb2-a46a-4b229adc1ece 26c99312872e462f9fcc402116b69c78 e014ab433f1c45e4bdfa23184aca2555 - - - -] Accepted privsep connection to /tmp/tmpb2pfqgf3/privsep.sock __init__ /usr/lib/python3.9/site-packages/oslo_privsep/daemon.py:362
2025-12-03 23:18:56.397 287302 INFO oslo.privsep.daemon [-] privsep daemon starting
2025-12-03 23:18:56.400 287302 INFO oslo.privsep.daemon [-] privsep process running with uid/gid: 0/0
2025-12-03 23:18:56.402 287302 INFO oslo.privsep.daemon [-] privsep process running with capabilities (eff/prm/inh): CAP_SYS_ADMIN/CAP_SYS_ADMIN/none
2025-12-03 23:18:56.402 287302 INFO oslo.privsep.daemon [-] privsep daemon running as pid 287302
2025-12-03 23:18:56.562 287302 DEBUG oslo.privsep.daemon [-] privsep: reply[660e4b1d-f1ee-4915-99e4-997b37e1f540]: (2,) _call_back /usr/lib/python3.9/site-packages/oslo_privsep/daemon.py:501
2025-12-03 23:18:56.706 287302 DEBUG oslo_concurrency.processutils [-] Running cmd (subprocess): multipathd show status execute /usr/lib/python3.9/site-packages/oslo_concurrency/processutils.py:384
2025-12-03 23:18:56.726 287302 DEBUG oslo_concurrency.processutils [-] CMD "multipathd show status" returned: 0 in 0.020s execute /usr/lib/python3.9/site-packages/oslo_concurrency/processutils.py:422
2025-12-03 23:18:56.726 287302 DEBUG oslo.privsep.daemon [-] privsep: reply[2f5a351b-8a7a-42b6-8680-eafc505090b1]: (4, ('path checker states:\n\npaths: 0\nbusy: False\n', '')) _call_back /usr/lib/python3.9/site-packages/oslo_privsep/daemon.py:501
2025-12-03 23:18:56.730 287302 DEBUG oslo_concurrency.processutils [-] Running cmd (subprocess): cat /etc/iscsi/initiatorname.iscsi execute /usr/lib/python3.9/site-packages/oslo_concurrency/processutils.py:384
2025-12-03 23:18:56.740 287302 DEBUG oslo_concurrency.processutils [-] CMD "cat /etc/iscsi/initiatorname.iscsi" returned: 0 in 0.011s execute /usr/lib/python3.9/site-packages/oslo_concurrency/processutils.py:422
2025-12-03 23:18:56.741 287302 DEBUG oslo.privsep.daemon [-] privsep: reply[d673c008-5f9c-498e-8e16-beae584f7135]: (4, ('InitiatorName=iqn.1994-05.com.redhat:9731c1d742da\n', '')) _call_back /usr/lib/python3.9/site-packages/oslo_privsep/daemon.py:501
2025-12-03 23:18:56.742 83023 WARNING os_brick.initiator.connectors.nvmeof [None req-bc138ad4-6a08-4bb2-a46a-4b229adc1ece 26c99312872e462f9fcc402116b69c78 e014ab433f1c45e4bdfa23184aca2555 - - - -] Could not find nvme_core/parameters/multipath: FileNotFoundError: [Errno 2] No such file or directory: '/sys/module/nvme_core/parameters/multipath'
2025-12-03 23:18:56.744 287302 DEBUG oslo_concurrency.processutils [-] Running cmd (subprocess): findmnt -v / -n -o SOURCE execute /usr/lib/python3.9/site-packages/oslo_concurrency/processutils.py:384
2025-12-03 23:18:56.759 287302 DEBUG oslo_concurrency.processutils [-] CMD "findmnt -v / -n -o SOURCE" returned: 0 in 0.015s execute /usr/lib/python3.9/site-packages/oslo_concurrency/processutils.py:422
2025-12-03 23:18:56.759 287302 DEBUG oslo.privsep.daemon [-] privsep: reply[62db7bf3-4a55-4f7d-810f-9b3c9f26e961]: (4, ('overlay\n', '')) _call_back /usr/lib/python3.9/site-packages/oslo_privsep/daemon.py:501
2025-12-03 23:18:56.760 287302 DEBUG oslo.privsep.daemon [-] privsep: reply[1991e575-19fb-48e9-9ce0-2cf2aa71175c]: (4, '4df8bb82-2002-4c58-895f-94eb9cdab694') _call_back /usr/lib/python3.9/site-packages/oslo_privsep/daemon.py:501
2025-12-03 23:18:56.761 83023 DEBUG oslo_concurrency.processutils [None req-bc138ad4-6a08-4bb2-a46a-4b229adc1ece 26c99312872e462f9fcc402116b69c78 e014ab433f1c45e4bdfa23184aca2555 - - - -] Running cmd (subprocess): nvme version execute /usr/lib/python3.9/site-packages/oslo_concurrency/processutils.py:384
2025-12-03 23:18:56.795 83023 DEBUG oslo_concurrency.processutils [None req-bc138ad4-6a08-4bb2-a46a-4b229adc1ece 26c99312872e462f9fcc402116b69c78 e014ab433f1c45e4bdfa23184aca2555 - - - -] CMD "nvme version" returned: 0 in 0.032s execute /usr/lib/python3.9/site-packages/oslo_concurrency/processutils.py:422
2025-12-03 23:18:56.799 83023 DEBUG os_brick.initiator.connectors.lightos [None req-bc138ad4-6a08-4bb2-a46a-4b229adc1ece 26c99312872e462f9fcc402116b69c78 e014ab433f1c45e4bdfa23184aca2555 - - - -] LIGHTOS: [Errno 111] ECONNREFUSED find_dsc /usr/lib/python3.9/site-packages/os_brick/initiator/connectors/lightos.py:98
2025-12-03 23:18:56.800 83023 DEBUG os_brick.initiator.connectors.lightos [None req-bc138ad4-6a08-4bb2-a46a-4b229adc1ece 26c99312872e462f9fcc402116b69c78 e014ab433f1c45e4bdfa23184aca2555 - - - -] LIGHTOS: did not find dsc, continuing anyway. get_connector_properties /usr/lib/python3.9/site-packages/os_brick/initiator/connectors/lightos.py:76
2025-12-03 23:18:56.800 83023 DEBUG os_brick.initiator.connectors.lightos [None req-bc138ad4-6a08-4bb2-a46a-4b229adc1ece 26c99312872e462f9fcc402116b69c78 e014ab433f1c45e4bdfa23184aca2555 - - - -] LIGHTOS: finally hostnqn: nqn.2014-08.org.nvmexpress:uuid:9c824cb5-8b5d-48e4-a7c6-17ef6009b640 dsc: get_connector_properties /usr/lib/python3.9/site-packages/os_brick/initiator/connectors/lightos.py:79
2025-12-03 23:18:56.801 83023 DEBUG os_brick.utils [None req-bc138ad4-6a08-4bb2-a46a-4b229adc1ece 26c99312872e462f9fcc402116b69c78 e014ab433f1c45e4bdfa23184aca2555 - - - -] <== get_connector_properties: return (1068ms) {'platform': 'x86_64', 'os_type': 'linux', 'ip': '10.128.0.251', 'host': 'cinder-baebb-backup-0', 'multipath': True, 'initiator': 'iqn.1994-05.com.redhat:9731c1d742da', 'do_local_attach': False, 'nvme_hostid': '9c824cb5-8b5d-48e4-a7c6-17ef6009b640', 'system uuid': '4df8bb82-2002-4c58-895f-94eb9cdab694', 'nqn': 'nqn.2014-08.org.nvmexpress:uuid:9c824cb5-8b5d-48e4-a7c6-17ef6009b640', 'nvme_native_multipath': False, 'found_dsc': ''} trace_logging_wrapper /usr/lib/python3.9/site-packages/os_brick/utils.py:203
2025-12-03 23:18:59.938 83023 DEBUG os_brick.initiator.connector [None req-bc138ad4-6a08-4bb2-a46a-4b229adc1ece 26c99312872e462f9fcc402116b69c78 e014ab433f1c45e4bdfa23184aca2555 - - - -] Factory for iscsi on None factory /usr/lib/python3.9/site-packages/os_brick/initiator/connector.py:281
2025-12-03 23:18:59.939 83023 DEBUG os_brick.initiator.connectors.iscsi [None req-bc138ad4-6a08-4bb2-a46a-4b229adc1ece 26c99312872e462f9fcc402116b69c78 e014ab433f1c45e4bdfa23184aca2555 - - - -] ==> connect_volume: call "{'self': , 'connection_properties': {'target_discovered': False, 'target_portals': ['172.18.0.10:3260', '172.19.0.10:3260'], 'target_iqns': ['iqn.2010-10.org.openstack:volume-573cbd14-e420-4691-87de-6a3f4cd7e701', 'iqn.2010-10.org.openstack:volume-573cbd14-e420-4691-87de-6a3f4cd7e701'], 'target_luns': [0, 0], 'target_portal': '172.18.0.10:3260', 'target_iqn': 'iqn.2010-10.org.openstack:volume-573cbd14-e420-4691-87de-6a3f4cd7e701', 'target_lun': 0, 'volume_id': '573cbd14-e420-4691-87de-6a3f4cd7e701', 'auth_method': 'CHAP', 'auth_username': 'h4vGZL8kRk3GWRgGKxjG', 'auth_password': '***', 'encrypted': False, 'qos_specs': None, 'access_mode': 'rw': False}}" trace_logging_wrapper /usr/lib/python3.9/site-packages/os_brick/utils.py:176
2025-12-03 23:18:59.939 83023 DEBUG os_brick.initiator.connectors.base [None req-bc138ad4-6a08-4bb2-a46a-4b229adc1ece 26c99312872e462f9fcc402116b69c78 e014ab433f1c45e4bdfa23184aca2555 - - - -] Acquiring lock "connect_volume" by "os_brick.initiator.connectors.iscsi.ISCSIConnector.connect_volume" inner /usr/lib/python3.9/site-packages/os_brick/initiator/connectors/base.py:68
2025-12-03 23:18:59.940 83023 DEBUG os_brick.initiator.connectors.base [None req-bc138ad4-6a08-4bb2-a46a-4b229adc1ece 26c99312872e462f9fcc402116b69c78 e014ab433f1c45e4bdfa23184aca2555 - - - -] Lock "connect_volume" acquired by "os_brick.initiator.connectors.iscsi.ISCSIConnector.connect_volume" :: waited 0.001s inner /usr/lib/python3.9/site-packages/os_brick/initiator/connectors/base.py:73
2025-12-03 23:18:59.941 83023 DEBUG os_brick.initiator.connectors.base [None req-bc138ad4-6a08-4bb2-a46a-4b229adc1ece 26c99312872e462f9fcc402116b69c78 e014ab433f1c45e4bdfa23184aca2555 - - - -] Acquiring lock "connect_to_iscsi_portal-172.18.0.10:3260-iqn.2010-10.org.openstack:volume-573cbd14-e420-4691-87de-6a3f4cd7e701" by "os_brick.initiator.connectors.iscsi.ISCSIConnector._connect_to_iscsi_portal_unsafe" inner /usr/lib/python3.9/site-packages/os_brick/initiator/connectors/base.py:68
2025-12-03 23:18:59.941 83023 DEBUG os_brick.initiator.connectors.base [None req-bc138ad4-6a08-4bb2-a46a-4b229adc1ece 26c99312872e462f9fcc402116b69c78 e014ab433f1c45e4bdfa23184aca2555 - - - -] Lock "connect_to_iscsi_portal-172.18.0.10:3260-iqn.2010-10.org.openstack:volume-573cbd14-e420-4691-87de-6a3f4cd7e701" acquired by "os_brick.initiator.connectors.iscsi.ISCSIConnector._connect_to_iscsi_portal_unsafe" :: waited 0.000s inner /usr/lib/python3.9/site-packages/os_brick/initiator/connectors/base.py:73
2025-12-03 23:18:59.942 83023 INFO os_brick.initiator.connectors.iscsi [None req-bc138ad4-6a08-4bb2-a46a-4b229adc1ece 26c99312872e462f9fcc402116b69c78 e014ab433f1c45e4bdfa23184aca2555 - - - -] Trying to connect to iSCSI portal 172.18.0.10:3260
2025-12-03 23:18:59.942 83023 DEBUG os_brick.initiator.connectors.base [None req-bc138ad4-6a08-4bb2-a46a-4b229adc1ece 26c99312872e462f9fcc402116b69c78 e014ab433f1c45e4bdfa23184aca2555 - - - -] Acquiring lock "connect_to_iscsi_portal-172.19.0.10:3260-iqn.2010-10.org.openstack:volume-573cbd14-e420-4691-87de-6a3f4cd7e701" by "os_brick.initiator.connectors.iscsi.ISCSIConnector._connect_to_iscsi_portal_unsafe" inner /usr/lib/python3.9/site-packages/os_brick/initiator/connectors/base.py:68
2025-12-03 23:18:59.944 83023 DEBUG os_brick.initiator.connectors.base [None req-bc138ad4-6a08-4bb2-a46a-4b229adc1ece 26c99312872e462f9fcc402116b69c78 e014ab433f1c45e4bdfa23184aca2555 - - - -] Lock "connect_to_iscsi_portal-172.19.0.10:3260-iqn.2010-10.org.openstack:volume-573cbd14-e420-4691-87de-6a3f4cd7e701" acquired by "os_brick.initiator.connectors.iscsi.ISCSIConnector._connect_to_iscsi_portal_unsafe" :: waited 0.002s inner /usr/lib/python3.9/site-packages/os_brick/initiator/connectors/base.py:73
2025-12-03 23:18:59.944 83023 INFO os_brick.initiator.connectors.iscsi [None req-bc138ad4-6a08-4bb2-a46a-4b229adc1ece 26c99312872e462f9fcc402116b69c78 e014ab433f1c45e4bdfa23184aca2555 - - - -] Trying to connect to iSCSI portal 172.19.0.10:3260
2025-12-03 23:18:59.942 287302 DEBUG oslo_concurrency.processutils [-] Running cmd (subprocess): iscsiadm -m node -T iqn.2010-10.org.openstack:volume-573cbd14-e420-4691-87de-6a3f4cd7e701 -p 172.18.0.10:3260 execute /usr/lib/python3.9/site-packages/oslo_concurrency/processutils.py:384
2025-12-03 23:18:59.946 287302 DEBUG oslo_concurrency.processutils [-] Running cmd (subprocess): iscsiadm -m node -T iqn.2010-10.org.openstack:volume-573cbd14-e420-4691-87de-6a3f4cd7e701 -p 172.19.0.10:3260 execute /usr/lib/python3.9/site-packages/oslo_concurrency/processutils.py:384
2025-12-03 23:18:59.964 287302 DEBUG oslo_concurrency.processutils [-] CMD "iscsiadm -m node -T iqn.2010-10.org.openstack:volume-573cbd14-e420-4691-87de-6a3f4cd7e701 -p 172.18.0.10:3260" returned: 21 in 0.022s execute /usr/lib/python3.9/site-packages/oslo_concurrency/processutils.py:422
2025-12-03 23:18:59.964 287302 DEBUG oslo.privsep.daemon [-] privsep: reply[ce20ed32-344d-4c99-ada8-d1af8e3f8881]: (4, ('', 'iscsiadm: No records found\n')) _call_back /usr/lib/python3.9/site-packages/oslo_privsep/daemon.py:501
2025-12-03 23:18:59.965 83023 DEBUG os_brick.initiator.connectors.iscsi [None req-bc138ad4-6a08-4bb2-a46a-4b229adc1ece 26c99312872e462f9fcc402116b69c78 e014ab433f1c45e4bdfa23184aca2555 - - - -] iscsiadm (): stdout= stderr=iscsiadm: No records found _run_iscsiadm /usr/lib/python3.9/site-packages/os_brick/initiator/connectors/iscsi.py:1040
2025-12-03 23:18:59.966 287302 DEBUG oslo_concurrency.processutils [-] Running cmd (subprocess): iscsiadm -m node -T iqn.2010-10.org.openstack:volume-573cbd14-e420-4691-87de-6a3f4cd7e701 -p 172.18.0.10:3260 --interface default --op new execute /usr/lib/python3.9/site-packages/oslo_concurrency/processutils.py:384
2025-12-03 23:18:59.969 287302 DEBUG oslo_concurrency.processutils [-] CMD "iscsiadm -m node -T iqn.2010-10.org.openstack:volume-573cbd14-e420-4691-87de-6a3f4cd7e701 -p 172.19.0.10:3260" returned: 21 in 0.023s execute /usr/lib/python3.9/site-packages/oslo_concurrency/processutils.py:422
2025-12-03 23:18:59.970 287302 DEBUG oslo.privsep.daemon [-] privsep: reply[58a65523-d870-4b4c-840f-54e186839b32]: (4, ('', 'iscsiadm: No records found\n')) _call_back /usr/lib/python3.9/site-packages/oslo_privsep/daemon.py:501
2025-12-03 23:18:59.970 83023 DEBUG os_brick.initiator.connectors.iscsi [None req-bc138ad4-6a08-4bb2-a46a-4b229adc1ece 26c99312872e462f9fcc402116b69c78 e014ab433f1c45e4bdfa23184aca2555 - - - -] iscsiadm (): stdout= stderr=iscsiadm: No records found _run_iscsiadm /usr/lib/python3.9/site-packages/os_brick/initiator/connectors/iscsi.py:1040
2025-12-03 23:18:59.971 287302 DEBUG oslo_concurrency.processutils [-] Running cmd (subprocess): iscsiadm -m node -T iqn.2010-10.org.openstack:volume-573cbd14-e420-4691-87de-6a3f4cd7e701 -p 172.19.0.10:3260 --interface default --op new execute /usr/lib/python3.9/site-packages/oslo_concurrency/processutils.py:384
2025-12-03 23:18:59.992 287302 DEBUG oslo_concurrency.processutils [-] CMD "iscsiadm -m node -T iqn.2010-10.org.openstack:volume-573cbd14-e420-4691-87de-6a3f4cd7e701 -p 172.18.0.10:3260 --interface default --op new" returned: 0 in 0.025s execute /usr/lib/python3.9/site-packages/oslo_concurrency/processutils.py:422
2025-12-03 23:18:59.992 287302 DEBUG oslo.privsep.daemon [-] privsep: reply[91472e3b-7f60-42b7-a9e2-3ff9fe741c97]: (4, ('New iSCSI node [tcp:[hw=,ip=,net_if=,iscsi_if=default] 172.18.0.10,3260,-1 iqn.2010-10.org.openstack:volume-573cbd14-e420-4691-87de-6a3f4cd7e701] added\n', '')) _call_back /usr/lib/python3.9/site-packages/oslo_privsep/daemon.py:501
2025-12-03 23:18:59.993 83023 DEBUG os_brick.initiator.connectors.iscsi [None req-bc138ad4-6a08-4bb2-a46a-4b229adc1ece 26c99312872e462f9fcc402116b69c78 e014ab433f1c45e4bdfa23184aca2555 - - - -] iscsiadm ('--interface', 'default', '--op', 'new'): stdout=New iSCSI node [tcp:[hw=,ip=,net_if=,iscsi_if=default] 172.18.0.10,3260,-1 iqn.2010-10.org.openstack:volume-573cbd14-e420-4691-87de-6a3f4cd7e701] added stderr= _run_iscsiadm /usr/lib/python3.9/site-packages/os_brick/initiator/connectors/iscsi.py:1040
2025-12-03 23:18:59.994 287302 DEBUG oslo_concurrency.processutils [-] CMD "iscsiadm -m node -T iqn.2010-10.org.openstack:volume-573cbd14-e420-4691-87de-6a3f4cd7e701 -p 172.19.0.10:3260 --interface default --op new" returned: 0 in 0.022s execute /usr/lib/python3.9/site-packages/oslo_concurrency/processutils.py:422
2025-12-03 23:18:59.994 287302 DEBUG oslo.privsep.daemon [-] privsep: reply[6b2f7d32-98ae-4537-9888-f4e7556f6c8c]: (4, ('New iSCSI node [tcp:[hw=,ip=,net_if=,iscsi_if=default] 172.19.0.10,3260,-1 iqn.2010-10.org.openstack:volume-573cbd14-e420-4691-87de-6a3f4cd7e701] added\n', '')) _call_back /usr/lib/python3.9/site-packages/oslo_privsep/daemon.py:501
2025-12-03 23:18:59.994 83023 DEBUG os_brick.initiator.connectors.iscsi [None req-bc138ad4-6a08-4bb2-a46a-4b229adc1ece 26c99312872e462f9fcc402116b69c78 e014ab433f1c45e4bdfa23184aca2555 - - - -] iscsiadm ('--interface', 'default', '--op', 'new'): stdout=New iSCSI node [tcp:[hw=,ip=,net_if=,iscsi_if=default] 172.19.0.10,3260,-1 iqn.2010-10.org.openstack:volume-573cbd14-e420-4691-87de-6a3f4cd7e701] added stderr= _run_iscsiadm /usr/lib/python3.9/site-packages/os_brick/initiator/connectors/iscsi.py:1040
2025-12-03 23:18:59.994 287302 DEBUG oslo_concurrency.processutils [-] Running cmd (subprocess): iscsiadm -m node -T iqn.2010-10.org.openstack:volume-573cbd14-e420-4691-87de-6a3f4cd7e701 -p 172.18.0.10:3260 --op update -n node.session.scan -v manual execute /usr/lib/python3.9/site-packages/oslo_concurrency/processutils.py:384
2025-12-03 23:18:59.998 287302 DEBUG oslo_concurrency.processutils [-] Running cmd (subprocess): iscsiadm -m node -T iqn.2010-10.org.openstack:volume-573cbd14-e420-4691-87de-6a3f4cd7e701 -p 172.19.0.10:3260 --op update -n node.session.scan -v manual execute /usr/lib/python3.9/site-packages/oslo_concurrency/processutils.py:384
2025-12-03 23:19:00.023 287302 DEBUG oslo_concurrency.processutils [-] CMD "iscsiadm -m node -T iqn.2010-10.org.openstack:volume-573cbd14-e420-4691-87de-6a3f4cd7e701 -p 172.18.0.10:3260 --op update -n node.session.scan -v manual" returned: 0 in 0.029s execute /usr/lib/python3.9/site-packages/oslo_concurrency/processutils.py:422
2025-12-03 23:19:00.024 287302 DEBUG oslo.privsep.daemon [-] privsep: reply[ec06c3b6-3b7b-4a0c-a816-3861284a13f1]: (4, ('', '')) _call_back /usr/lib/python3.9/site-packages/oslo_privsep/daemon.py:501
2025-12-03 23:19:00.025 83023 DEBUG os_brick.initiator.connectors.iscsi [None req-bc138ad4-6a08-4bb2-a46a-4b229adc1ece 26c99312872e462f9fcc402116b69c78 e014ab433f1c45e4bdfa23184aca2555 - - - -] iscsiadm ('--op', 'update', '-n', 'node.session.scan', '-v', 'manual'): stdout= stderr= _run_iscsiadm /usr/lib/python3.9/site-packages/os_brick/initiator/connectors/iscsi.py:1040
2025-12-03 23:19:00.027 287302 DEBUG oslo_concurrency.processutils [-] Running cmd (subprocess): iscsiadm -m node -T iqn.2010-10.org.openstack:volume-573cbd14-e420-4691-87de-6a3f4cd7e701 -p 172.18.0.10:3260 --op update -n node.session.auth.authmethod -v CHAP execute /usr/lib/python3.9/site-packages/oslo_concurrency/processutils.py:384
2025-12-03 23:19:00.027 287302 DEBUG oslo_concurrency.processutils [-] CMD "iscsiadm -m node -T iqn.2010-10.org.openstack:volume-573cbd14-e420-4691-87de-6a3f4cd7e701 -p 172.19.0.10:3260 --op update -n node.session.scan -v manual" returned: 0 in 0.029s execute /usr/lib/python3.9/site-packages/oslo_concurrency/processutils.py:422
2025-12-03 23:19:00.027 287302 DEBUG oslo.privsep.daemon [-] privsep: reply[17b6023e-fcb7-4f15-90a9-1cda676fe42b]: (4, ('', '')) _call_back /usr/lib/python3.9/site-packages/oslo_privsep/daemon.py:501
2025-12-03 23:19:00.028 83023 DEBUG os_brick.initiator.connectors.iscsi [None req-bc138ad4-6a08-4bb2-a46a-4b229adc1ece 26c99312872e462f9fcc402116b69c78 e014ab433f1c45e4bdfa23184aca2555 - - - -] iscsiadm ('--op', 'update', '-n', 'node.session.scan', '-v', 'manual'): stdout= stderr= _run_iscsiadm /usr/lib/python3.9/site-packages/os_brick/initiator/connectors/iscsi.py:1040
2025-12-03 23:19:00.031 287302 DEBUG oslo_concurrency.processutils [-] Running cmd (subprocess): iscsiadm -m node -T iqn.2010-10.org.openstack:volume-573cbd14-e420-4691-87de-6a3f4cd7e701 -p 172.19.0.10:3260 --op update -n node.session.auth.authmethod -v CHAP execute /usr/lib/python3.9/site-packages/oslo_concurrency/processutils.py:384
2025-12-03 23:19:00.054 287302 DEBUG oslo_concurrency.processutils [-] CMD "iscsiadm -m node -T iqn.2010-10.org.openstack:volume-573cbd14-e420-4691-87de-6a3f4cd7e701 -p 172.19.0.10:3260 --op update -n node.session.auth.authmethod -v CHAP" returned: 0 in 0.023s execute /usr/lib/python3.9/site-packages/oslo_concurrency/processutils.py:422
2025-12-03 23:19:00.055 287302 DEBUG oslo.privsep.daemon [-] privsep: reply[c4fd0169-6026-43e6-8e2f-661a31e3ebc7]: (4, ('', '')) _call_back /usr/lib/python3.9/site-packages/oslo_privsep/daemon.py:501
2025-12-03 23:19:00.056 83023 DEBUG os_brick.initiator.connectors.iscsi [None req-bc138ad4-6a08-4bb2-a46a-4b229adc1ece 26c99312872e462f9fcc402116b69c78 e014ab433f1c45e4bdfa23184aca2555 - - - -] iscsiadm ('--op', 'update', '-n', 'node.session.auth.authmethod', '-v', 'CHAP'): stdout= stderr= _run_iscsiadm /usr/lib/python3.9/site-packages/os_brick/initiator/connectors/iscsi.py:1040
2025-12-03 23:19:00.057 287302 DEBUG oslo_concurrency.processutils [-] Running cmd (subprocess): iscsiadm -m node -T iqn.2010-10.org.openstack:volume-573cbd14-e420-4691-87de-6a3f4cd7e701 -p 172.19.0.10:3260 --op update -n node.session.auth.username -v h4vGZL8kRk3GWRgGKxjG execute /usr/lib/python3.9/site-packages/oslo_concurrency/processutils.py:384
2025-12-03 23:19:00.072 287302 DEBUG oslo_concurrency.processutils [-] CMD "iscsiadm -m node -T iqn.2010-10.org.openstack:volume-573cbd14-e420-4691-87de-6a3f4cd7e701 -p 172.18.0.10:3260 --op update -n node.session.auth.authmethod -v CHAP" returned: 0 in 0.047s execute /usr/lib/python3.9/site-packages/oslo_concurrency/processutils.py:422
2025-12-03 23:19:00.073 287302 DEBUG oslo.privsep.daemon [-] privsep: reply[48ad52d3-6bc0-466c-bb67-9dc97266af3d]: (4, ('', '')) _call_back /usr/lib/python3.9/site-packages/oslo_privsep/daemon.py:501
2025-12-03 23:19:00.074 83023 DEBUG os_brick.initiator.connectors.iscsi [None req-bc138ad4-6a08-4bb2-a46a-4b229adc1ece 26c99312872e462f9fcc402116b69c78 e014ab433f1c45e4bdfa23184aca2555 - - - -] iscsiadm ('--op', 'update', '-n', 'node.session.auth.authmethod', '-v', 'CHAP'): stdout= stderr= _run_iscsiadm /usr/lib/python3.9/site-packages/os_brick/initiator/connectors/iscsi.py:1040
2025-12-03 23:19:00.075 287302 DEBUG oslo_concurrency.processutils [-] Running cmd (subprocess): iscsiadm -m node -T iqn.2010-10.org.openstack:volume-573cbd14-e420-4691-87de-6a3f4cd7e701 -p 172.18.0.10:3260 --op update -n node.session.auth.username -v h4vGZL8kRk3GWRgGKxjG execute /usr/lib/python3.9/site-packages/oslo_concurrency/processutils.py:384
2025-12-03 23:19:00.087 287302 DEBUG oslo_concurrency.processutils [-] CMD "iscsiadm -m node -T iqn.2010-10.org.openstack:volume-573cbd14-e420-4691-87de-6a3f4cd7e701 -p 172.19.0.10:3260 --op update -n node.session.auth.username -v h4vGZL8kRk3GWRgGKxjG" returned: 0 in 0.030s execute /usr/lib/python3.9/site-packages/oslo_concurrency/processutils.py:422
2025-12-03 23:19:00.088 287302 DEBUG oslo.privsep.daemon [-] privsep: reply[17b85940-6219-483f-9c51-85df2620ae3f]: (4, ('', '')) _call_back /usr/lib/python3.9/site-packages/oslo_privsep/daemon.py:501
2025-12-03 23:19:00.089 83023 DEBUG os_brick.initiator.connectors.iscsi [None req-bc138ad4-6a08-4bb2-a46a-4b229adc1ece 26c99312872e462f9fcc402116b69c78 e014ab433f1c45e4bdfa23184aca2555 - - - -] iscsiadm ('--op', 'update', '-n', 'node.session.auth.username', '-v', 'h4vGZL8kRk3GWRgGKxjG'): stdout= stderr= _run_iscsiadm /usr/lib/python3.9/site-packages/os_brick/initiator/connectors/iscsi.py:1040
2025-12-03 23:19:00.093 287302 DEBUG oslo_concurrency.processutils [-] Running cmd (subprocess): iscsiadm -m node -T iqn.2010-10.org.openstack:volume-573cbd14-e420-4691-87de-6a3f4cd7e701 -p 172.19.0.10:3260 --op update -n node.session.auth.password -v *** execute /usr/lib/python3.9/site-packages/oslo_concurrency/processutils.py:384
2025-12-03 23:19:00.108 287302 DEBUG oslo_concurrency.processutils [-] CMD "iscsiadm -m node -T iqn.2010-10.org.openstack:volume-573cbd14-e420-4691-87de-6a3f4cd7e701 -p 172.18.0.10:3260 --op update -n node.session.auth.username -v h4vGZL8kRk3GWRgGKxjG" returned: 0 in 0.033s execute /usr/lib/python3.9/site-packages/oslo_concurrency/processutils.py:422
2025-12-03 23:19:00.108 287302 DEBUG oslo.privsep.daemon [-] privsep: reply[8d7016b9-b2a8-4ad2-beb3-af55df7715a8]: (4, ('', '')) _call_back /usr/lib/python3.9/site-packages/oslo_privsep/daemon.py:501
2025-12-03 23:19:00.109 83023 DEBUG os_brick.initiator.connectors.iscsi [None req-bc138ad4-6a08-4bb2-a46a-4b229adc1ece 26c99312872e462f9fcc402116b69c78 e014ab433f1c45e4bdfa23184aca2555 - - - -] iscsiadm ('--op', 'update', '-n', 'node.session.auth.username', '-v', 'h4vGZL8kRk3GWRgGKxjG'): stdout= stderr= _run_iscsiadm /usr/lib/python3.9/site-packages/os_brick/initiator/connectors/iscsi.py:1040
2025-12-03 23:19:00.112 287302 DEBUG oslo_concurrency.processutils [-] Running cmd (subprocess): iscsiadm -m node -T iqn.2010-10.org.openstack:volume-573cbd14-e420-4691-87de-6a3f4cd7e701 -p 172.18.0.10:3260 --op update -n node.session.auth.password -v *** execute /usr/lib/python3.9/site-packages/oslo_concurrency/processutils.py:384
2025-12-03 23:19:00.122 287302 DEBUG oslo_concurrency.processutils [-] CMD "iscsiadm -m node -T iqn.2010-10.org.openstack:volume-573cbd14-e420-4691-87de-6a3f4cd7e701 -p 172.19.0.10:3260 --op update -n node.session.auth.password -v ***" returned: 0 in 0.029s execute /usr/lib/python3.9/site-packages/oslo_concurrency/processutils.py:422
2025-12-03 23:19:00.122 287302 DEBUG oslo.privsep.daemon [-] privsep: reply[7283a1b3-d6ee-44ed-8ea5-354336c04522]: (4, ('', '')) _call_back /usr/lib/python3.9/site-packages/oslo_privsep/daemon.py:501
2025-12-03 23:19:00.123 83023 DEBUG os_brick.initiator.connectors.iscsi [None req-bc138ad4-6a08-4bb2-a46a-4b229adc1ece 26c99312872e462f9fcc402116b69c78 e014ab433f1c45e4bdfa23184aca2555 - - - -] iscsiadm ('--op', 'update', '-n', 'node.session.auth.password', '-v', '***'): stdout= stderr= _run_iscsiadm /usr/lib/python3.9/site-packages/os_brick/initiator/connectors/iscsi.py:1040
2025-12-03 23:19:00.124 287302 DEBUG oslo_concurrency.processutils [-] Running cmd (subprocess): iscsiadm -m session execute /usr/lib/python3.9/site-packages/oslo_concurrency/processutils.py:384
2025-12-03 23:19:00.136 287302 DEBUG oslo_concurrency.processutils [-] CMD "iscsiadm -m node -T iqn.2010-10.org.openstack:volume-573cbd14-e420-4691-87de-6a3f4cd7e701 -p 172.18.0.10:3260 --op update -n node.session.auth.password -v ***" returned: 0 in 0.024s execute /usr/lib/python3.9/site-packages/oslo_concurrency/processutils.py:422
2025-12-03 23:19:00.137 287302 DEBUG oslo.privsep.daemon [-] privsep: reply[6e98f3a6-7bcc-44e1-a488-13eae7d75ef0]: (4, ('', '')) _call_back /usr/lib/python3.9/site-packages/oslo_privsep/daemon.py:501
2025-12-03 23:19:00.138 83023 DEBUG os_brick.initiator.connectors.iscsi [None req-bc138ad4-6a08-4bb2-a46a-4b229adc1ece 26c99312872e462f9fcc402116b69c78 e014ab433f1c45e4bdfa23184aca2555 - - - -] iscsiadm ('--op', 'update', '-n', 'node.session.auth.password', '-v', '***'): stdout= stderr= _run_iscsiadm /usr/lib/python3.9/site-packages/os_brick/initiator/connectors/iscsi.py:1040
2025-12-03 23:19:00.141 287302 DEBUG oslo_concurrency.processutils [-] Running cmd (subprocess): iscsiadm -m session execute /usr/lib/python3.9/site-packages/oslo_concurrency/processutils.py:384
2025-12-03 23:19:00.150 287302 DEBUG oslo_concurrency.processutils [-] CMD "iscsiadm -m session" returned: 21 in 0.026s execute /usr/lib/python3.9/site-packages/oslo_concurrency/processutils.py:422
2025-12-03 23:19:00.150 287302 DEBUG oslo.privsep.daemon [-] privsep: reply[0f2ba5cb-c41b-41d5-b2b3-b8490de5808e]: (4, ('', 'iscsiadm: No active sessions.\n')) _call_back /usr/lib/python3.9/site-packages/oslo_privsep/daemon.py:501
2025-12-03 23:19:00.151 83023 DEBUG os_brick.initiator.connectors.iscsi [None req-bc138ad4-6a08-4bb2-a46a-4b229adc1ece 26c99312872e462f9fcc402116b69c78 e014ab433f1c45e4bdfa23184aca2555 - - - -] iscsiadm ('-m', 'session'): stdout= stderr=iscsiadm: No active sessions. _run_iscsiadm_bare /usr/lib/python3.9/site-packages/os_brick/initiator/connectors/iscsi.py:1196
2025-12-03 23:19:00.151 83023 DEBUG os_brick.initiator.connectors.iscsi [None req-bc138ad4-6a08-4bb2-a46a-4b229adc1ece 26c99312872e462f9fcc402116b69c78 e014ab433f1c45e4bdfa23184aca2555 - - - -] iscsi session list stdout= stderr=iscsiadm: No active sessions. _run_iscsi_session /usr/lib/python3.9/site-packages/os_brick/initiator/connectors/iscsi.py:1185
2025-12-03 23:19:00.151 83023 WARNING os_brick.initiator.connectors.iscsi [None req-bc138ad4-6a08-4bb2-a46a-4b229adc1ece 26c99312872e462f9fcc402116b69c78 e014ab433f1c45e4bdfa23184aca2555 - - - -] iscsiadm stderr output when getting sessions: iscsiadm: No active sessions. 
2025-12-03 23:19:00.152 287302 DEBUG oslo_concurrency.processutils [-] Running cmd (subprocess): iscsiadm -m node -T iqn.2010-10.org.openstack:volume-573cbd14-e420-4691-87de-6a3f4cd7e701 -p 172.19.0.10:3260 --login execute /usr/lib/python3.9/site-packages/oslo_concurrency/processutils.py:384
2025-12-03 23:19:00.157 287302 DEBUG oslo_concurrency.processutils [-] CMD "iscsiadm -m session" returned: 21 in 0.016s execute /usr/lib/python3.9/site-packages/oslo_concurrency/processutils.py:422
2025-12-03 23:19:00.158 287302 DEBUG oslo.privsep.daemon [-] privsep: reply[cadd8f46-f4f4-481f-b3e5-609853400692]: (4, ('', 'iscsiadm: No active sessions.\n')) _call_back /usr/lib/python3.9/site-packages/oslo_privsep/daemon.py:501
2025-12-03 23:19:00.159 83023 DEBUG os_brick.initiator.connectors.iscsi [None req-bc138ad4-6a08-4bb2-a46a-4b229adc1ece 26c99312872e462f9fcc402116b69c78 e014ab433f1c45e4bdfa23184aca2555 - - - -] iscsiadm ('-m', 'session'): stdout= stderr=iscsiadm: No active sessions. _run_iscsiadm_bare /usr/lib/python3.9/site-packages/os_brick/initiator/connectors/iscsi.py:1196
2025-12-03 23:19:00.159 83023 DEBUG os_brick.initiator.connectors.iscsi [None req-bc138ad4-6a08-4bb2-a46a-4b229adc1ece 26c99312872e462f9fcc402116b69c78 e014ab433f1c45e4bdfa23184aca2555 - - - -] iscsi session list stdout= stderr=iscsiadm: No active sessions. _run_iscsi_session /usr/lib/python3.9/site-packages/os_brick/initiator/connectors/iscsi.py:1185
2025-12-03 23:19:00.159 83023 WARNING os_brick.initiator.connectors.iscsi [None req-bc138ad4-6a08-4bb2-a46a-4b229adc1ece 26c99312872e462f9fcc402116b69c78 e014ab433f1c45e4bdfa23184aca2555 - - - -] iscsiadm stderr output when getting sessions: iscsiadm: No active sessions. 
2025-12-03 23:19:00.160 287302 DEBUG oslo_concurrency.processutils [-] Running cmd (subprocess): iscsiadm -m node -T iqn.2010-10.org.openstack:volume-573cbd14-e420-4691-87de-6a3f4cd7e701 -p 172.18.0.10:3260 --login execute /usr/lib/python3.9/site-packages/oslo_concurrency/processutils.py:384
2025-12-03 23:19:00.248 287302 DEBUG oslo_concurrency.processutils [-] CMD "iscsiadm -m node -T iqn.2010-10.org.openstack:volume-573cbd14-e420-4691-87de-6a3f4cd7e701 -p 172.19.0.10:3260 --login" returned: 0 in 0.096s execute /usr/lib/python3.9/site-packages/oslo_concurrency/processutils.py:422
2025-12-03 23:19:00.248 287302 DEBUG oslo.privsep.daemon [-] privsep: reply[fbf83bb2-6e2b-43ec-94d6-f45590227bf5]: (4, ('Logging in to [iface: default, target: iqn.2010-10.org.openstack:volume-573cbd14-e420-4691-87de-6a3f4cd7e701, portal: 172.19.0.10,3260]\nLogin to [iface: default, target: iqn.2010-10.org.openstack:volume-573cbd14-e420-4691-87de-6a3f4cd7e701, portal: 172.19.0.10,3260] successful.\n', '')) _call_back /usr/lib/python3.9/site-packages/oslo_privsep/daemon.py:501
2025-12-03 23:19:00.249 83023 DEBUG os_brick.initiator.connectors.iscsi [None req-bc138ad4-6a08-4bb2-a46a-4b229adc1ece 26c99312872e462f9fcc402116b69c78 e014ab433f1c45e4bdfa23184aca2555 - - - -] iscsiadm ('--login',): stdout=Logging in to [iface: default, target: iqn.2010-10.org.openstack:volume-573cbd14-e420-4691-87de-6a3f4cd7e701, portal: 172.19.0.10,3260] Login to [iface: default, target: iqn.2010-10.org.openstack:volume-573cbd14-e420-4691-87de-6a3f4cd7e701, portal: 172.19.0.10,3260] successful. stderr= _run_iscsiadm /usr/lib/python3.9/site-packages/os_brick/initiator/connectors/iscsi.py:1040
2025-12-03 23:19:00.250 287302 DEBUG oslo_concurrency.processutils [-] Running cmd (subprocess): iscsiadm -m node -T iqn.2010-10.org.openstack:volume-573cbd14-e420-4691-87de-6a3f4cd7e701 -p 172.19.0.10:3260 --op update -n node.startup -v automatic execute /usr/lib/python3.9/site-packages/oslo_concurrency/processutils.py:384
2025-12-03 23:19:00.250 287302 DEBUG oslo_concurrency.processutils [-] CMD "iscsiadm -m node -T iqn.2010-10.org.openstack:volume-573cbd14-e420-4691-87de-6a3f4cd7e701 -p 172.18.0.10:3260 --login" returned: 0 in 0.090s execute /usr/lib/python3.9/site-packages/oslo_concurrency/processutils.py:422
2025-12-03 23:19:00.251 287302 DEBUG oslo.privsep.daemon [-] privsep: reply[d4f76530-ecbd-4cc0-9f2a-529df67de0e7]: (4, ('Logging in to [iface: default, target: iqn.2010-10.org.openstack:volume-573cbd14-e420-4691-87de-6a3f4cd7e701, portal: 172.18.0.10,3260]\nLogin to [iface: default, target: iqn.2010-10.org.openstack:volume-573cbd14-e420-4691-87de-6a3f4cd7e701, portal: 172.18.0.10,3260] successful.\n', 'iscsiadm: could not read session targetname: 5\niscsiadm: could not find session info for session1\n')) _call_back /usr/lib/python3.9/site-packages/oslo_privsep/daemon.py:501
2025-12-03 23:19:00.251 83023 DEBUG os_brick.initiator.connectors.iscsi [None req-bc138ad4-6a08-4bb2-a46a-4b229adc1ece 26c99312872e462f9fcc402116b69c78 e014ab433f1c45e4bdfa23184aca2555 - - - -] iscsiadm ('--login',): stdout=Logging in to [iface: default, target: iqn.2010-10.org.openstack:volume-573cbd14-e420-4691-87de-6a3f4cd7e701, portal: 172.18.0.10,3260] Login to [iface: default, target: iqn.2010-10.org.openstack:volume-573cbd14-e420-4691-87de-6a3f4cd7e701, portal: 172.18.0.10,3260] successful. stderr=iscsiadm: could not read session targetname: 5 iscsiadm: could not find session info for session1 _run_iscsiadm /usr/lib/python3.9/site-packages/os_brick/initiator/connectors/iscsi.py:1040
2025-12-03 23:19:00.255 287302 DEBUG oslo_concurrency.processutils [-] Running cmd (subprocess): iscsiadm -m node -T iqn.2010-10.org.openstack:volume-573cbd14-e420-4691-87de-6a3f4cd7e701 -p 172.18.0.10:3260 --op update -n node.startup -v automatic execute /usr/lib/python3.9/site-packages/oslo_concurrency/processutils.py:384
2025-12-03 23:19:00.273 287302 DEBUG oslo_concurrency.processutils [-] CMD "iscsiadm -m node -T iqn.2010-10.org.openstack:volume-573cbd14-e420-4691-87de-6a3f4cd7e701 -p 172.18.0.10:3260 --op update -n node.startup -v automatic" returned: 0 in 0.019s execute /usr/lib/python3.9/site-packages/oslo_concurrency/processutils.py:422
2025-12-03 23:19:00.274 287302 DEBUG oslo.privsep.daemon [-] privsep: reply[9072e2c6-c486-4745-ac57-708715bf4235]: (4, ('', '')) _call_back /usr/lib/python3.9/site-packages/oslo_privsep/daemon.py:501
2025-12-03 23:19:00.275 83023 DEBUG os_brick.initiator.connectors.iscsi [None req-bc138ad4-6a08-4bb2-a46a-4b229adc1ece 26c99312872e462f9fcc402116b69c78 e014ab433f1c45e4bdfa23184aca2555 - - - -] iscsiadm ('--op', 'update', '-n', 'node.startup', '-v', 'automatic'): stdout= stderr= _run_iscsiadm /usr/lib/python3.9/site-packages/os_brick/initiator/connectors/iscsi.py:1040
2025-12-03 23:19:00.276 287302 DEBUG oslo_concurrency.processutils [-] Running cmd (subprocess): iscsiadm -m session execute /usr/lib/python3.9/site-packages/oslo_concurrency/processutils.py:384
2025-12-03 23:19:00.281 287302 DEBUG oslo_concurrency.processutils [-] CMD "iscsiadm -m node -T iqn.2010-10.org.openstack:volume-573cbd14-e420-4691-87de-6a3f4cd7e701 -p 172.19.0.10:3260 --op update -n node.startup -v automatic" returned: 0 in 0.031s execute /usr/lib/python3.9/site-packages/oslo_concurrency/processutils.py:422
2025-12-03 23:19:00.281 287302 DEBUG oslo.privsep.daemon [-] privsep: reply[5fa8abcf-929c-4f8b-82d3-5298ebe2b79f]: (4, ('', '')) _call_back /usr/lib/python3.9/site-packages/oslo_privsep/daemon.py:501
2025-12-03 23:19:00.282 83023 DEBUG os_brick.initiator.connectors.iscsi [None req-bc138ad4-6a08-4bb2-a46a-4b229adc1ece 26c99312872e462f9fcc402116b69c78 e014ab433f1c45e4bdfa23184aca2555 - - - -] iscsiadm ('--op', 'update', '-n', 'node.startup', '-v', 'automatic'): stdout= stderr= _run_iscsiadm /usr/lib/python3.9/site-packages/os_brick/initiator/connectors/iscsi.py:1040
2025-12-03 23:19:00.283 287302 DEBUG oslo_concurrency.processutils [-] Running cmd (subprocess): iscsiadm -m session execute /usr/lib/python3.9/site-packages/oslo_concurrency/processutils.py:384
2025-12-03 23:19:00.297 287302 DEBUG oslo_concurrency.processutils [-] CMD "iscsiadm -m session" returned: 0 in 0.022s execute /usr/lib/python3.9/site-packages/oslo_concurrency/processutils.py:422
2025-12-03 23:19:00.298 287302 DEBUG oslo.privsep.daemon [-] privsep: reply[e0ded236-87ad-4fba-b033-38bcdcc54dbe]: (4, ('tcp: [1] 172.19.0.10:3260,1 iqn.2010-10.org.openstack:volume-573cbd14-e420-4691-87de-6a3f4cd7e701 (non-flash)\ntcp: [2] 172.18.0.10:3260,1 iqn.2010-10.org.openstack:volume-573cbd14-e420-4691-87de-6a3f4cd7e701 (non-flash)\n', '')) _call_back /usr/lib/python3.9/site-packages/oslo_privsep/daemon.py:501
2025-12-03 23:19:00.299 83023 DEBUG os_brick.initiator.connectors.iscsi [None req-bc138ad4-6a08-4bb2-a46a-4b229adc1ece 26c99312872e462f9fcc402116b69c78 e014ab433f1c45e4bdfa23184aca2555 - - - -] iscsiadm ('-m', 'session'): stdout=tcp: [1] 172.19.0.10:3260,1 iqn.2010-10.org.openstack:volume-573cbd14-e420-4691-87de-6a3f4cd7e701 (non-flash) tcp: [2] 172.18.0.10:3260,1 iqn.2010-10.org.openstack:volume-573cbd14-e420-4691-87de-6a3f4cd7e701 (non-flash) stderr= _run_iscsiadm_bare /usr/lib/python3.9/site-packages/os_brick/initiator/connectors/iscsi.py:1196
2025-12-03 23:19:00.299 83023 DEBUG os_brick.initiator.connectors.iscsi [None req-bc138ad4-6a08-4bb2-a46a-4b229adc1ece 26c99312872e462f9fcc402116b69c78 e014ab433f1c45e4bdfa23184aca2555 - - - -] iscsi session list stdout=tcp: [1] 172.19.0.10:3260,1 iqn.2010-10.org.openstack:volume-573cbd14-e420-4691-87de-6a3f4cd7e701 (non-flash) tcp: [2] 172.18.0.10:3260,1 iqn.2010-10.org.openstack:volume-573cbd14-e420-4691-87de-6a3f4cd7e701 (non-flash) stderr= _run_iscsi_session /usr/lib/python3.9/site-packages/os_brick/initiator/connectors/iscsi.py:1185
2025-12-03 23:19:00.300 83023 DEBUG os_brick.initiator.connectors.base [None req-bc138ad4-6a08-4bb2-a46a-4b229adc1ece 26c99312872e462f9fcc402116b69c78 e014ab433f1c45e4bdfa23184aca2555 - - - -] Lock "connect_to_iscsi_portal-172.18.0.10:3260-iqn.2010-10.org.openstack:volume-573cbd14-e420-4691-87de-6a3f4cd7e701" "released" by "os_brick.initiator.connectors.iscsi.ISCSIConnector._connect_to_iscsi_portal_unsafe" :: held 0.358s inner /usr/lib/python3.9/site-packages/os_brick/initiator/connectors/base.py:87
2025-12-03 23:19:00.300 83023 DEBUG os_brick.initiator.connectors.iscsi [None req-bc138ad4-6a08-4bb2-a46a-4b229adc1ece 26c99312872e462f9fcc402116b69c78 e014ab433f1c45e4bdfa23184aca2555 - - - -] Connected to 172.18.0.10:3260 _connect_vol /usr/lib/python3.9/site-packages/os_brick/initiator/connectors/iscsi.py:644
2025-12-03 23:19:00.301 83023 DEBUG os_brick.initiator.linuxscsi [None req-bc138ad4-6a08-4bb2-a46a-4b229adc1ece 26c99312872e462f9fcc402116b69c78 e014ab433f1c45e4bdfa23184aca2555 - - - -] HCTL ('3', '-', '-', 0) found on session 2 with lun 0 get_hctl /usr/lib/python3.9/site-packages/os_brick/initiator/linuxscsi.py:761
2025-12-03 23:19:00.311 83023 DEBUG os_brick.initiator.linuxscsi [None req-bc138ad4-6a08-4bb2-a46a-4b229adc1ece 26c99312872e462f9fcc402116b69c78 e014ab433f1c45e4bdfa23184aca2555 - - - -] Scanning host 3 c: -, t: -, l: 0) scan_iscsi /usr/lib/python3.9/site-packages/os_brick/initiator/linuxscsi.py:786
2025-12-03 23:19:00.310 287302 DEBUG oslo_concurrency.processutils [-] CMD "iscsiadm -m session" returned: 0 in 0.027s execute /usr/lib/python3.9/site-packages/oslo_concurrency/processutils.py:422
2025-12-03 23:19:00.310 287302 DEBUG oslo.privsep.daemon [-] privsep: reply[fe7ece0b-fd3c-4332-a11a-08bf037ff699]: (4, ('tcp: [1] 172.19.0.10:3260,1 iqn.2010-10.org.openstack:volume-573cbd14-e420-4691-87de-6a3f4cd7e701 (non-flash)\ntcp: [2] 172.18.0.10:3260,1 iqn.2010-10.org.openstack:volume-573cbd14-e420-4691-87de-6a3f4cd7e701 (non-flash)\n', '')) _call_back /usr/lib/python3.9/site-packages/oslo_privsep/daemon.py:501
2025-12-03 23:19:00.312 83023 DEBUG os_brick.initiator.connectors.iscsi [None req-bc138ad4-6a08-4bb2-a46a-4b229adc1ece 26c99312872e462f9fcc402116b69c78 e014ab433f1c45e4bdfa23184aca2555 - - - -] iscsiadm ('-m', 'session'): stdout=tcp: [1] 172.19.0.10:3260,1 iqn.2010-10.org.openstack:volume-573cbd14-e420-4691-87de-6a3f4cd7e701 (non-flash) tcp: [2] 172.18.0.10:3260,1 iqn.2010-10.org.openstack:volume-573cbd14-e420-4691-87de-6a3f4cd7e701 (non-flash) stderr= _run_iscsiadm_bare /usr/lib/python3.9/site-packages/os_brick/initiator/connectors/iscsi.py:1196
2025-12-03 23:19:00.312 83023 DEBUG os_brick.initiator.connectors.iscsi [None req-bc138ad4-6a08-4bb2-a46a-4b229adc1ece 26c99312872e462f9fcc402116b69c78 e014ab433f1c45e4bdfa23184aca2555 - - - -] iscsi session list stdout=tcp: [1] 172.19.0.10:3260,1 iqn.2010-10.org.openstack:volume-573cbd14-e420-4691-87de-6a3f4cd7e701 (non-flash) tcp: [2] 172.18.0.10:3260,1 iqn.2010-10.org.openstack:volume-573cbd14-e420-4691-87de-6a3f4cd7e701 (non-flash) stderr= _run_iscsi_session /usr/lib/python3.9/site-packages/os_brick/initiator/connectors/iscsi.py:1185
2025-12-03 23:19:00.313 83023 DEBUG os_brick.initiator.connectors.base [None req-bc138ad4-6a08-4bb2-a46a-4b229adc1ece 26c99312872e462f9fcc402116b69c78 e014ab433f1c45e4bdfa23184aca2555 - - - -] Lock "connect_to_iscsi_portal-172.19.0.10:3260-iqn.2010-10.org.openstack:volume-573cbd14-e420-4691-87de-6a3f4cd7e701" "released" by "os_brick.initiator.connectors.iscsi.ISCSIConnector._connect_to_iscsi_portal_unsafe" :: held 0.369s inner /usr/lib/python3.9/site-packages/os_brick/initiator/connectors/base.py:87
2025-12-03 23:19:00.313 83023 DEBUG os_brick.initiator.connectors.iscsi [None req-bc138ad4-6a08-4bb2-a46a-4b229adc1ece 26c99312872e462f9fcc402116b69c78 e014ab433f1c45e4bdfa23184aca2555 - - - -] Connected to 172.19.0.10:3260 _connect_vol /usr/lib/python3.9/site-packages/os_brick/initiator/connectors/iscsi.py:644
2025-12-03 23:19:00.313 83023 DEBUG os_brick.initiator.linuxscsi [None req-bc138ad4-6a08-4bb2-a46a-4b229adc1ece 26c99312872e462f9fcc402116b69c78 e014ab433f1c45e4bdfa23184aca2555 - - - -] HCTL ('2', '-', '-', 0) found on session 1 with lun 0 get_hctl /usr/lib/python3.9/site-packages/os_brick/initiator/linuxscsi.py:761
2025-12-03 23:19:00.313 83023 DEBUG os_brick.initiator.linuxscsi [None req-bc138ad4-6a08-4bb2-a46a-4b229adc1ece 26c99312872e462f9fcc402116b69c78 e014ab433f1c45e4bdfa23184aca2555 - - - -] Scanning host 2 c: -, t: -, l: 0) scan_iscsi /usr/lib/python3.9/site-packages/os_brick/initiator/linuxscsi.py:786
2025-12-03 23:19:00.313 287302 DEBUG oslo_concurrency.processutils [-] Running cmd (subprocess): tee -a /sys/class/scsi_host/host3/scan execute /usr/lib/python3.9/site-packages/oslo_concurrency/processutils.py:384
2025-12-03 23:19:00.317 287302 DEBUG oslo_concurrency.processutils [-] Running cmd (subprocess): tee -a /sys/class/scsi_host/host2/scan execute /usr/lib/python3.9/site-packages/oslo_concurrency/processutils.py:384
2025-12-03 23:19:00.353 287302 DEBUG oslo_concurrency.processutils [-] CMD "tee -a /sys/class/scsi_host/host3/scan" returned: 0 in 0.040s execute /usr/lib/python3.9/site-packages/oslo_concurrency/processutils.py:422
2025-12-03 23:19:00.354 287302 DEBUG oslo.privsep.daemon [-] privsep: reply[ba620775-58f5-446d-952e-1457e84605a7]: (4, ('- - 0', '')) _call_back /usr/lib/python3.9/site-packages/oslo_privsep/daemon.py:501
2025-12-03 23:19:00.355 83023 DEBUG os_brick.initiator.linuxscsi [None req-bc138ad4-6a08-4bb2-a46a-4b229adc1ece 26c99312872e462f9fcc402116b69c78 e014ab433f1c45e4bdfa23184aca2555 - - - -] Searching for a device in session 2 and hctl ['3', '*', '*', 0] yield: None device_name_by_hctl /usr/lib/python3.9/site-packages/os_brick/initiator/linuxscsi.py:780
2025-12-03 23:19:00.356 287302 DEBUG oslo_concurrency.processutils [-] CMD "tee -a /sys/class/scsi_host/host2/scan" returned: 0 in 0.039s execute /usr/lib/python3.9/site-packages/oslo_concurrency/processutils.py:422
2025-12-03 23:19:00.356 287302 DEBUG oslo.privsep.daemon [-] privsep: reply[5adfacc2-582c-4179-987c-2e631eee69e2]: (4, ('- - 0', '')) _call_back /usr/lib/python3.9/site-packages/oslo_privsep/daemon.py:501
