2025-12-03 23:01:08.803 13 DEBUG barbicanclient.client [None req-43a1e877-a893-4a4b-bf5b-dc45571925d4 811f72730dd14e429b7343a2286cfde0 9bf6771e795f41a4b232098116b975b1 - - default default] Creating Client object Client /usr/lib/python3.9/site-packages/barbicanclient/client.py:163
2025-12-03 23:01:08.822 13 DEBUG barbicanclient.v1.secrets [None req-43a1e877-a893-4a4b-bf5b-dc45571925d4 811f72730dd14e429b7343a2286cfde0 9bf6771e795f41a4b232098116b975b1 - - default default] Getting secret - Secret href: https://barbican-internal.openstack.svc:9311/secrets/59dc8964-81ad-42a4-a094-5c6a126404e5 get /usr/lib/python3.9/site-packages/barbicanclient/v1/secrets.py:514
2025-12-03 23:01:08.823 13 INFO barbicanclient.base [None req-43a1e877-a893-4a4b-bf5b-dc45571925d4 811f72730dd14e429b7343a2286cfde0 9bf6771e795f41a4b232098116b975b1 - - default default] Calculated Secrets uuid ref: secrets/59dc8964-81ad-42a4-a094-5c6a126404e5
2025-12-03 23:01:08.823 13 INFO barbicanclient.base [None req-43a1e877-a893-4a4b-bf5b-dc45571925d4 811f72730dd14e429b7343a2286cfde0 9bf6771e795f41a4b232098116b975b1 - - default default] Calculated Secrets uuid ref: secrets/59dc8964-81ad-42a4-a094-5c6a126404e5
2025-12-03 23:01:08.851 13 DEBUG barbicanclient.client [None req-43a1e877-a893-4a4b-bf5b-dc45571925d4 811f72730dd14e429b7343a2286cfde0 9bf6771e795f41a4b232098116b975b1 - - default default] Response status 200 _check_status_code /usr/lib/python3.9/site-packages/barbicanclient/client.py:87
2025-12-03 23:01:08.904 13 DEBUG barbicanclient.client [None req-43a1e877-a893-4a4b-bf5b-dc45571925d4 811f72730dd14e429b7343a2286cfde0 9bf6771e795f41a4b232098116b975b1 - - default default] Response status 204 _check_status_code /usr/lib/python3.9/site-packages/barbicanclient/client.py:87
2025-12-03 23:01:08.920 13 INFO cinder.volume.api [None req-43a1e877-a893-4a4b-bf5b-dc45571925d4 811f72730dd14e429b7343a2286cfde0 9bf6771e795f41a4b232098116b975b1 - - default default] Delete volume request issued successfully.
2025-12-03 23:01:08.921 13 INFO cinder.api.openstack.wsgi [None req-43a1e877-a893-4a4b-bf5b-dc45571925d4 811f72730dd14e429b7343a2286cfde0 9bf6771e795f41a4b232098116b975b1 - - default default] https://cinder-public-openstack.apps.sno.openstack.lab/v3/volumes/e06e986b-9ab2-48b3-8507-b137e64a204b returned with HTTP 202
2025-12-03 23:01:08.936 12 DEBUG cinder.api.middleware.request_id [None req-83a6fae4-3e54-4bcc-9f6b-ad7df5a803d9 - - - - - -] RequestId filter calling following filter/app _context_setter /usr/lib/python3.9/site-packages/cinder/api/middleware/request_id.py:62
2025-12-03 23:01:08.998 12 INFO cinder.api.openstack.wsgi [None req-83a6fae4-3e54-4bcc-9f6b-ad7df5a803d9 811f72730dd14e429b7343a2286cfde0 9bf6771e795f41a4b232098116b975b1 - - default default] GET https://cinder-public-openstack.apps.sno.openstack.lab/v3/volumes/e06e986b-9ab2-48b3-8507-b137e64a204b
2025-12-03 23:01:08.998 12 DEBUG cinder.api.openstack.wsgi [None req-83a6fae4-3e54-4bcc-9f6b-ad7df5a803d9 811f72730dd14e429b7343a2286cfde0 9bf6771e795f41a4b232098116b975b1 - - default default] Empty body provided in request get_body /usr/lib/python3.9/site-packages/cinder/api/openstack/wsgi.py:715
2025-12-03 23:01:08.999 12 DEBUG cinder.api.openstack.wsgi [None req-83a6fae4-3e54-4bcc-9f6b-ad7df5a803d9 811f72730dd14e429b7343a2286cfde0 9bf6771e795f41a4b232098116b975b1 - - default default] Calling method 'show' _process_stack /usr/lib/python3.9/site-packages/cinder/api/openstack/wsgi.py:868
2025-12-03 23:01:09.015 12 INFO cinder.volume.api [None req-83a6fae4-3e54-4bcc-9f6b-ad7df5a803d9 811f72730dd14e429b7343a2286cfde0 9bf6771e795f41a4b232098116b975b1 - - default default] Volume info retrieved successfully.
2025-12-03 23:01:09.020 12 INFO cinder.api.openstack.wsgi [None req-83a6fae4-3e54-4bcc-9f6b-ad7df5a803d9 811f72730dd14e429b7343a2286cfde0 9bf6771e795f41a4b232098116b975b1 - - default default] https://cinder-public-openstack.apps.sno.openstack.lab/v3/volumes/e06e986b-9ab2-48b3-8507-b137e64a204b returned with HTTP 200
2025-12-03 23:01:09.564 10 DEBUG cinder.api.middleware.request_id [None req-01bfce64-049e-4f87-b4ad-f63e0e5aea57 - - - - - -] RequestId filter calling following filter/app _context_setter /usr/lib/python3.9/site-packages/cinder/api/middleware/request_id.py:62
2025-12-03 23:01:09.564 11 DEBUG cinder.api.middleware.request_id [None req-2d374760-7725-4709-b880-42bcf5a0c12a - - - - - -] RequestId filter calling following filter/app _context_setter /usr/lib/python3.9/site-packages/cinder/api/middleware/request_id.py:62
2025-12-03 23:01:10.045 13 DEBUG cinder.api.middleware.request_id [None req-d7f5c912-5b41-4d41-9245-a2d4a3460320 - - - - - -] RequestId filter calling following filter/app _context_setter /usr/lib/python3.9/site-packages/cinder/api/middleware/request_id.py:62
2025-12-03 23:01:10.104 13 INFO cinder.api.openstack.wsgi [None req-d7f5c912-5b41-4d41-9245-a2d4a3460320 811f72730dd14e429b7343a2286cfde0 9bf6771e795f41a4b232098116b975b1 - - default default] GET https://cinder-public-openstack.apps.sno.openstack.lab/v3/volumes/e06e986b-9ab2-48b3-8507-b137e64a204b
2025-12-03 23:01:10.105 13 DEBUG cinder.api.openstack.wsgi [None req-d7f5c912-5b41-4d41-9245-a2d4a3460320 811f72730dd14e429b7343a2286cfde0 9bf6771e795f41a4b232098116b975b1 - - default default] Empty body provided in request get_body /usr/lib/python3.9/site-packages/cinder/api/openstack/wsgi.py:715
2025-12-03 23:01:10.106 13 DEBUG cinder.api.openstack.wsgi [None req-d7f5c912-5b41-4d41-9245-a2d4a3460320 811f72730dd14e429b7343a2286cfde0 9bf6771e795f41a4b232098116b975b1 - - default default] Calling method 'show' _process_stack /usr/lib/python3.9/site-packages/cinder/api/openstack/wsgi.py:868
2025-12-03 23:01:10.123 13 INFO cinder.volume.api [None req-d7f5c912-5b41-4d41-9245-a2d4a3460320 811f72730dd14e429b7343a2286cfde0 9bf6771e795f41a4b232098116b975b1 - - default default] Volume info retrieved successfully.
2025-12-03 23:01:10.128 13 INFO cinder.api.openstack.wsgi [None req-d7f5c912-5b41-4d41-9245-a2d4a3460320 811f72730dd14e429b7343a2286cfde0 9bf6771e795f41a4b232098116b975b1 - - default default] https://cinder-public-openstack.apps.sno.openstack.lab/v3/volumes/e06e986b-9ab2-48b3-8507-b137e64a204b returned with HTTP 200
2025-12-03 23:01:11.145 12 DEBUG cinder.api.middleware.request_id [None req-bb52124d-66da-4b26-a52b-0eddeff04fe4 - - - - - -] RequestId filter calling following filter/app _context_setter /usr/lib/python3.9/site-packages/cinder/api/middleware/request_id.py:62
2025-12-03 23:01:11.195 12 INFO cinder.api.openstack.wsgi [None req-bb52124d-66da-4b26-a52b-0eddeff04fe4 811f72730dd14e429b7343a2286cfde0 9bf6771e795f41a4b232098116b975b1 - - default default] GET https://cinder-public-openstack.apps.sno.openstack.lab/v3/volumes/e06e986b-9ab2-48b3-8507-b137e64a204b
2025-12-03 23:01:11.196 12 DEBUG cinder.api.openstack.wsgi [None req-bb52124d-66da-4b26-a52b-0eddeff04fe4 811f72730dd14e429b7343a2286cfde0 9bf6771e795f41a4b232098116b975b1 - - default default] Empty body provided in request get_body /usr/lib/python3.9/site-packages/cinder/api/openstack/wsgi.py:715
2025-12-03 23:01:11.197 12 DEBUG cinder.api.openstack.wsgi [None req-bb52124d-66da-4b26-a52b-0eddeff04fe4 811f72730dd14e429b7343a2286cfde0 9bf6771e795f41a4b232098116b975b1 - - default default] Calling method 'show' _process_stack /usr/lib/python3.9/site-packages/cinder/api/openstack/wsgi.py:868
2025-12-03 23:01:11.205 12 INFO cinder.api.openstack.wsgi [None req-bb52124d-66da-4b26-a52b-0eddeff04fe4 811f72730dd14e429b7343a2286cfde0 9bf6771e795f41a4b232098116b975b1 - - default default] https://cinder-public-openstack.apps.sno.openstack.lab/v3/volumes/e06e986b-9ab2-48b3-8507-b137e64a204b returned with HTTP 404
2025-12-03 23:01:11.219 10 DEBUG cinder.api.middleware.request_id [None req-a220ef36-f670-48a8-aa95-8be46f8c68dd - - - - - -] RequestId filter calling following filter/app _context_setter /usr/lib/python3.9/site-packages/cinder/api/middleware/request_id.py:62
2025-12-03 23:01:11.264 10 INFO cinder.api.openstack.wsgi [None req-a220ef36-f670-48a8-aa95-8be46f8c68dd 3fd86bba3e944275909d3dbb21d4dbc0 2407815f69fb4ffa8636b95712d4d760 - - default default] GET https://cinder-public-openstack.apps.sno.openstack.lab/v3/volumes/detail?all_tenants=1
2025-12-03 23:01:11.264 10 DEBUG cinder.api.openstack.wsgi [None req-a220ef36-f670-48a8-aa95-8be46f8c68dd 3fd86bba3e944275909d3dbb21d4dbc0 2407815f69fb4ffa8636b95712d4d760 - - default default] Empty body provided in request get_body /usr/lib/python3.9/site-packages/cinder/api/openstack/wsgi.py:715
2025-12-03 23:01:11.265 10 DEBUG cinder.api.openstack.wsgi [None req-a220ef36-f670-48a8-aa95-8be46f8c68dd 3fd86bba3e944275909d3dbb21d4dbc0 2407815f69fb4ffa8636b95712d4d760 - - default default] Calling method 'detail' _process_stack /usr/lib/python3.9/site-packages/cinder/api/openstack/wsgi.py:868
2025-12-03 23:01:11.266 10 DEBUG cinder.volume.api [None req-a220ef36-f670-48a8-aa95-8be46f8c68dd 3fd86bba3e944275909d3dbb21d4dbc0 2407815f69fb4ffa8636b95712d4d760 - - default default] Searching by: MultiDict([('all_tenants', 1)]). get_all /usr/lib/python3.9/site-packages/cinder/volume/api.py:664
2025-12-03 23:01:11.281 10 INFO cinder.volume.api [None req-a220ef36-f670-48a8-aa95-8be46f8c68dd 3fd86bba3e944275909d3dbb21d4dbc0 2407815f69fb4ffa8636b95712d4d760 - - default default] Get all volumes completed successfully.
2025-12-03 23:01:11.287 10 INFO cinder.api.openstack.wsgi [None req-a220ef36-f670-48a8-aa95-8be46f8c68dd 3fd86bba3e944275909d3dbb21d4dbc0 2407815f69fb4ffa8636b95712d4d760 - - default default] https://cinder-public-openstack.apps.sno.openstack.lab/v3/volumes/detail?all_tenants=1 returned with HTTP 200
2025-12-03 23:01:11.305 11 DEBUG cinder.api.middleware.request_id [None req-f941186b-2909-491f-bf9f-7bac0059a2cb - - - - - -] RequestId filter calling following filter/app _context_setter /usr/lib/python3.9/site-packages/cinder/api/middleware/request_id.py:62
2025-12-03 23:01:11.354 11 INFO cinder.api.openstack.wsgi [None req-f941186b-2909-491f-bf9f-7bac0059a2cb 3fd86bba3e944275909d3dbb21d4dbc0 2407815f69fb4ffa8636b95712d4d760 - - default default] DELETE https://cinder-public-openstack.apps.sno.openstack.lab/v3/types/dbc6d7a6-cfa1-46e4-8d33-236310341f95
2025-12-03 23:01:11.355 11 DEBUG cinder.api.openstack.wsgi [None req-f941186b-2909-491f-bf9f-7bac0059a2cb 3fd86bba3e944275909d3dbb21d4dbc0 2407815f69fb4ffa8636b95712d4d760 - - default default] Empty body provided in request get_body /usr/lib/python3.9/site-packages/cinder/api/openstack/wsgi.py:715
2025-12-03 23:01:11.355 11 DEBUG cinder.api.openstack.wsgi [None req-f941186b-2909-491f-bf9f-7bac0059a2cb 3fd86bba3e944275909d3dbb21d4dbc0 2407815f69fb4ffa8636b95712d4d760 - - default default] Calling method '_delete' _process_stack /usr/lib/python3.9/site-packages/cinder/api/openstack/wsgi.py:868
2025-12-03 23:01:11.388 11 INFO cinder.api.openstack.wsgi [None req-f941186b-2909-491f-bf9f-7bac0059a2cb 3fd86bba3e944275909d3dbb21d4dbc0 2407815f69fb4ffa8636b95712d4d760 - - default default] https://cinder-public-openstack.apps.sno.openstack.lab/v3/types/dbc6d7a6-cfa1-46e4-8d33-236310341f95 returned with HTTP 202
2025-12-03 23:01:11.410 13 DEBUG cinder.api.middleware.request_id [None req-86bb27d0-a769-4582-bf1a-44bbe5585432 - - - - - -] RequestId filter calling following filter/app _context_setter /usr/lib/python3.9/site-packages/cinder/api/middleware/request_id.py:62
2025-12-03 23:01:11.460 13 INFO cinder.api.openstack.wsgi [None req-86bb27d0-a769-4582-bf1a-44bbe5585432 3fd86bba3e944275909d3dbb21d4dbc0 2407815f69fb4ffa8636b95712d4d760 - - default default] POST https://cinder-public-openstack.apps.sno.openstack.lab/v3/types
2025-12-03 23:01:11.460 13 DEBUG cinder.api.openstack.wsgi [None req-86bb27d0-a769-4582-bf1a-44bbe5585432 3fd86bba3e944275909d3dbb21d4dbc0 2407815f69fb4ffa8636b95712d4d760 - - default default] Action: 'create', calling method: _create, body: {"volume_type": {"name": "tempest-scenario-type-luksv2-1021171620", "extra_specs": {}}} _process_stack /usr/lib/python3.9/site-packages/cinder/api/openstack/wsgi.py:866
2025-12-03 23:01:11.480 13 INFO cinder.api.openstack.wsgi [None req-86bb27d0-a769-4582-bf1a-44bbe5585432 3fd86bba3e944275909d3dbb21d4dbc0 2407815f69fb4ffa8636b95712d4d760 - - default default] https://cinder-public-openstack.apps.sno.openstack.lab/v3/types returned with HTTP 200
2025-12-03 23:01:11.496 12 DEBUG cinder.api.middleware.request_id [None req-df0d477c-9745-4894-9a56-82a828d1d18b - - - - - -] RequestId filter calling following filter/app _context_setter /usr/lib/python3.9/site-packages/cinder/api/middleware/request_id.py:62
2025-12-03 23:01:11.540 12 INFO cinder.api.openstack.wsgi [None req-df0d477c-9745-4894-9a56-82a828d1d18b 3fd86bba3e944275909d3dbb21d4dbc0 2407815f69fb4ffa8636b95712d4d760 - - default default] POST https://cinder-public-openstack.apps.sno.openstack.lab/v3/types/14bc9703-bb2e-47eb-9b34-387f140577fa/encryption
2025-12-03 23:01:11.541 12 DEBUG cinder.api.openstack.wsgi [None req-df0d477c-9745-4894-9a56-82a828d1d18b 3fd86bba3e944275909d3dbb21d4dbc0 2407815f69fb4ffa8636b95712d4d760 - - default default] Action: 'create', calling method: create, body: {"encryption": {"provider": "luks2", "key_size": 256, "cipher": "aes-xts-plain64", "control_location": "front-end"}} _process_stack /usr/lib/python3.9/site-packages/cinder/api/openstack/wsgi.py:866
2025-12-03 23:01:11.564 12 INFO cinder.api.openstack.wsgi [None req-df0d477c-9745-4894-9a56-82a828d1d18b 3fd86bba3e944275909d3dbb21d4dbc0 2407815f69fb4ffa8636b95712d4d760 - - default default] https://cinder-public-openstack.apps.sno.openstack.lab/v3/types/14bc9703-bb2e-47eb-9b34-387f140577fa/encryption returned with HTTP 200
2025-12-03 23:01:11.580 10 DEBUG cinder.api.middleware.request_id [None req-e4d34651-2a65-4596-b244-a30ac41061f7 - - - - - -] RequestId filter calling following filter/app _context_setter /usr/lib/python3.9/site-packages/cinder/api/middleware/request_id.py:62
2025-12-03 23:01:11.637 10 INFO cinder.api.openstack.wsgi [None req-e4d34651-2a65-4596-b244-a30ac41061f7 811f72730dd14e429b7343a2286cfde0 9bf6771e795f41a4b232098116b975b1 - - default default] POST https://cinder-public-openstack.apps.sno.openstack.lab/v3/volumes
2025-12-03 23:01:11.641 10 DEBUG cinder.api.openstack.wsgi [None req-e4d34651-2a65-4596-b244-a30ac41061f7 811f72730dd14e429b7343a2286cfde0 9bf6771e795f41a4b232098116b975b1 - - default default] Action: 'create', calling method: create, body: {"volume": {"name": "tempest-TestEncryptedCinderVolumes-volume-796163848", "snapshot_id": null, "imageRef": null, "volume_type": "tempest-scenario-type-luksv2-1021171620", "size": 1}} _process_stack /usr/lib/python3.9/site-packages/cinder/api/openstack/wsgi.py:866
2025-12-03 23:01:11.642 10 DEBUG cinder.api.v3.volumes [None req-e4d34651-2a65-4596-b244-a30ac41061f7 811f72730dd14e429b7343a2286cfde0 9bf6771e795f41a4b232098116b975b1 - - default default] Create volume request body: {'volume': {'name': 'tempest-TestEncryptedCinderVolumes-volume-796163848', 'snapshot_id': None, 'imageRef': None, 'volume_type': 'tempest-scenario-type-luksv2-1021171620', 'size': 1}} create /usr/lib/python3.9/site-packages/cinder/api/v3/volumes.py:297
2025-12-03 23:01:11.653 10 INFO cinder.api.v3.volumes [None req-e4d34651-2a65-4596-b244-a30ac41061f7 811f72730dd14e429b7343a2286cfde0 9bf6771e795f41a4b232098116b975b1 - - default default] Create volume of 1 GB
2025-12-03 23:01:11.656 10 INFO cinder.volume.api [None req-e4d34651-2a65-4596-b244-a30ac41061f7 811f72730dd14e429b7343a2286cfde0 9bf6771e795f41a4b232098116b975b1 - - default default] Availability Zones retrieved successfully.
2025-12-03 23:01:11.662 10 DEBUG cinder.volume.api [None req-e4d34651-2a65-4596-b244-a30ac41061f7 811f72730dd14e429b7343a2286cfde0 9bf6771e795f41a4b232098116b975b1 - - default default] Flow 'volume_create_api' (3c4d50d7-069c-42c7-92ee-ee1ed697f2e5) transitioned into state 'RUNNING' from state 'PENDING' _flow_receiver /usr/lib/python3.9/site-packages/taskflow/listeners/logging.py:141
2025-12-03 23:01:11.664 10 DEBUG cinder.volume.api [None req-e4d34651-2a65-4596-b244-a30ac41061f7 811f72730dd14e429b7343a2286cfde0 9bf6771e795f41a4b232098116b975b1 - - default default] Task 'cinder.volume.flows.api.create_volume.ExtractVolumeRequestTask;volume:create' (22eabef3-e0c9-4eb8-8251-52d7e1fe101e) transitioned into state 'RUNNING' from state 'PENDING' _task_receiver /usr/lib/python3.9/site-packages/taskflow/listeners/logging.py:190
2025-12-03 23:01:11.665 10 DEBUG cinder.volume.flows.api.create_volume [None req-e4d34651-2a65-4596-b244-a30ac41061f7 811f72730dd14e429b7343a2286cfde0 9bf6771e795f41a4b232098116b975b1 - - default default] Validating volume size '1' using validate_int _extract_size /usr/lib/python3.9/site-packages/cinder/volume/flows/api/create_volume.py:228
2025-12-03 23:01:11.679 10 DEBUG barbicanclient.client [None req-e4d34651-2a65-4596-b244-a30ac41061f7 811f72730dd14e429b7343a2286cfde0 9bf6771e795f41a4b232098116b975b1 - - default default] Creating Client object Client /usr/lib/python3.9/site-packages/barbicanclient/client.py:163
2025-12-03 23:01:11.702 10 DEBUG barbicanclient.v1.orders [None req-e4d34651-2a65-4596-b244-a30ac41061f7 811f72730dd14e429b7343a2286cfde0 9bf6771e795f41a4b232098116b975b1 - - default default] Request body: {'type': 'key', 'meta': {'algorithm': 'aes', 'bit_length': 256}} submit /usr/lib/python3.9/site-packages/barbicanclient/v1/orders.py:233
2025-12-03 23:01:11.784 10 DEBUG barbicanclient.client [None req-e4d34651-2a65-4596-b244-a30ac41061f7 811f72730dd14e429b7343a2286cfde0 9bf6771e795f41a4b232098116b975b1 - - default default] Response status 202 _check_status_code /usr/lib/python3.9/site-packages/barbicanclient/client.py:87
2025-12-03 23:01:11.784 10 DEBUG barbicanclient.v1.orders [None req-e4d34651-2a65-4596-b244-a30ac41061f7 811f72730dd14e429b7343a2286cfde0 9bf6771e795f41a4b232098116b975b1 - - default default] Getting order - Order href: http://barbican-internal.openstack.svc:9311/v1/orders/555b4ad0-26ea-41f1-90fb-3a09fb83edae get /usr/lib/python3.9/site-packages/barbicanclient/v1/orders.py:396
2025-12-03 23:01:11.784 10 INFO barbicanclient.base [None req-e4d34651-2a65-4596-b244-a30ac41061f7 811f72730dd14e429b7343a2286cfde0 9bf6771e795f41a4b232098116b975b1 - - default default] Calculated Orders uuid ref: orders/555b4ad0-26ea-41f1-90fb-3a09fb83edae
2025-12-03 23:01:11.804 10 DEBUG barbicanclient.client [None req-e4d34651-2a65-4596-b244-a30ac41061f7 811f72730dd14e429b7343a2286cfde0 9bf6771e795f41a4b232098116b975b1 - - default default] Response status 200 _check_status_code /usr/lib/python3.9/site-packages/barbicanclient/client.py:87
2025-12-03 23:01:12.055 10 INFO castellan.key_manager.barbican_key_manager [None req-e4d34651-2a65-4596-b244-a30ac41061f7 811f72730dd14e429b7343a2286cfde0 9bf6771e795f41a4b232098116b975b1 - - default default] Retry attempt #0 out of 60: Order status is 'PENDING'. Waiting for 'ACTIVE', will retry in 1 seconds
2025-12-03 23:01:12.566 11 DEBUG cinder.api.middleware.request_id [None req-6997ae2b-0dfc-4cde-844c-d4dd10b6426a - - - - - -] RequestId filter calling following filter/app _context_setter /usr/lib/python3.9/site-packages/cinder/api/middleware/request_id.py:62
2025-12-03 23:01:13.057 10 DEBUG barbicanclient.v1.orders [None req-e4d34651-2a65-4596-b244-a30ac41061f7 811f72730dd14e429b7343a2286cfde0 9bf6771e795f41a4b232098116b975b1 - - default default] Getting order - Order href: http://barbican-internal.openstack.svc:9311/v1/orders/555b4ad0-26ea-41f1-90fb-3a09fb83edae get /usr/lib/python3.9/site-packages/barbicanclient/v1/orders.py:396
2025-12-03 23:01:13.057 10 INFO barbicanclient.base [None req-e4d34651-2a65-4596-b244-a30ac41061f7 811f72730dd14e429b7343a2286cfde0 9bf6771e795f41a4b232098116b975b1 - - default default] Calculated Orders uuid ref: orders/555b4ad0-26ea-41f1-90fb-3a09fb83edae
2025-12-03 23:01:13.077 10 DEBUG barbicanclient.client [None req-e4d34651-2a65-4596-b244-a30ac41061f7 811f72730dd14e429b7343a2286cfde0 9bf6771e795f41a4b232098116b975b1 - - default default] Response status 200 _check_status_code /usr/lib/python3.9/site-packages/barbicanclient/client.py:87
2025-12-03 23:01:13.092 10 DEBUG cinder.volume.api [None req-e4d34651-2a65-4596-b244-a30ac41061f7 811f72730dd14e429b7343a2286cfde0 9bf6771e795f41a4b232098116b975b1 - - default default] Task 'cinder.volume.flows.api.create_volume.ExtractVolumeRequestTask;volume:create' (22eabef3-e0c9-4eb8-8251-52d7e1fe101e) transitioned into state 'SUCCESS' from state 'RUNNING' with result '{'size': 1, 'snapshot_id': None, 'source_volid': None, 'volume_type': VolumeType(created_at=2025-12-03T23:01:11Z,deleted=False,deleted_at=None,description=None,extra_specs={},id=14bc9703-bb2e-47eb-9b34-387f140577fa,is_public=True,name='tempest-scenario-type-luksv2-1021171620',projects=[],qos_specs=,qos_specs_id=None,updated_at=None), 'volume_type_id': '14bc9703-bb2e-47eb-9b34-387f140577fa', 'encryption_key_id': '04b496f3-463b-42b4-a712-84571b420280', 'qos_specs': None, 'consistencygroup_id': None, 'cgsnapshot_id': None, 'group_id': None, 'replication_status': 'disabled', 'refresh_az': False, 'backup_id': None, 'multiattach': False, 'availability_zones': ['nova']}' _task_receiver /usr/lib/python3.9/site-packages/taskflow/listeners/logging.py:178
2025-12-03 23:01:13.093 10 DEBUG cinder.volume.api [None req-e4d34651-2a65-4596-b244-a30ac41061f7 811f72730dd14e429b7343a2286cfde0 9bf6771e795f41a4b232098116b975b1 - - default default] Task 'cinder.volume.flows.api.create_volume.QuotaReserveTask;volume:create' (d9b4b7d1-b071-451a-beba-560226bca739) transitioned into state 'RUNNING' from state 'PENDING' _task_receiver /usr/lib/python3.9/site-packages/taskflow/listeners/logging.py:190
2025-12-03 23:01:13.124 10 WARNING cinder.quota [None req-e4d34651-2a65-4596-b244-a30ac41061f7 811f72730dd14e429b7343a2286cfde0 9bf6771e795f41a4b232098116b975b1 - - default default] Deprecated: Default quota for resource: volumes_tempest-scenario-type-luksv2-1021171620 is set by the default quota flag: quota_volumes_tempest-scenario-type-luksv2-1021171620, it is now deprecated. Please use the default quota class for default quota.
2025-12-03 23:01:13.124 10 WARNING cinder.quota [None req-e4d34651-2a65-4596-b244-a30ac41061f7 811f72730dd14e429b7343a2286cfde0 9bf6771e795f41a4b232098116b975b1 - - default default] Deprecated: Default quota for resource: gigabytes_tempest-scenario-type-luksv2-1021171620 is set by the default quota flag: quota_gigabytes_tempest-scenario-type-luksv2-1021171620, it is now deprecated. Please use the default quota class for default quota.
2025-12-03 23:01:13.166 10 DEBUG cinder.quota [None req-e4d34651-2a65-4596-b244-a30ac41061f7 811f72730dd14e429b7343a2286cfde0 9bf6771e795f41a4b232098116b975b1 - - default default] Created reservations ['3dbe7555-84ff-49ff-9014-4b9aaf7e402c', '9c24cbc1-7dc6-4567-bc7d-ac29e43c2e6a', '26cd54eb-fd9c-4252-8328-3caf7c515bce', '73be479f-8015-475f-b773-0629be4f946f'] reserve /usr/lib/python3.9/site-packages/cinder/quota.py:755
2025-12-03 23:01:13.168 10 DEBUG cinder.volume.api [None req-e4d34651-2a65-4596-b244-a30ac41061f7 811f72730dd14e429b7343a2286cfde0 9bf6771e795f41a4b232098116b975b1 - - default default] Task 'cinder.volume.flows.api.create_volume.QuotaReserveTask;volume:create' (d9b4b7d1-b071-451a-beba-560226bca739) transitioned into state 'SUCCESS' from state 'RUNNING' with result '{'reservations': ['3dbe7555-84ff-49ff-9014-4b9aaf7e402c', '9c24cbc1-7dc6-4567-bc7d-ac29e43c2e6a', '26cd54eb-fd9c-4252-8328-3caf7c515bce', '73be479f-8015-475f-b773-0629be4f946f']}' _task_receiver /usr/lib/python3.9/site-packages/taskflow/listeners/logging.py:178
2025-12-03 23:01:13.169 10 DEBUG cinder.volume.api [None req-e4d34651-2a65-4596-b244-a30ac41061f7 811f72730dd14e429b7343a2286cfde0 9bf6771e795f41a4b232098116b975b1 - - default default] Task 'cinder.volume.flows.api.create_volume.EntryCreateTask;volume:create' (b16f6dc1-7807-42ee-a0a8-4c7167fde98c) transitioned into state 'RUNNING' from state 'PENDING' _task_receiver /usr/lib/python3.9/site-packages/taskflow/listeners/logging.py:190
2025-12-03 23:01:13.189 10 DEBUG cinder.volume.api [None req-e4d34651-2a65-4596-b244-a30ac41061f7 811f72730dd14e429b7343a2286cfde0 9bf6771e795f41a4b232098116b975b1 - - default default] Task 'cinder.volume.flows.api.create_volume.EntryCreateTask;volume:create' (b16f6dc1-7807-42ee-a0a8-4c7167fde98c) transitioned into state 'SUCCESS' from state 'RUNNING' with result '{'volume_id': '1a8b2d07-722e-4c97-8dfd-18fbd4093a0d', 'volume_properties': VolumeProperties(attach_status='detached',availability_zone='nova',cgsnapshot_id=None,consistencygroup_id=None,display_description=None,display_name='tempest-TestEncryptedCinderVolumes-volume-796163848',encryption_key_id=04b496f3-463b-42b4-a712-84571b420280,group_id=None,group_type_id=,metadata={},multiattach=False,project_id='9bf6771e795f41a4b232098116b975b1',qos_specs=None,replication_status=,reservations=['3dbe7555-84ff-49ff-9014-4b9aaf7e402c','9c24cbc1-7dc6-4567-bc7d-ac29e43c2e6a','26cd54eb-fd9c-4252-8328-3caf7c515bce','73be479f-8015-475f-b773-0629be4f946f'],size=1,snapshot_id=None,source_replicaid=,source_volid=None,status='creating',user_id='811f72730dd14e429b7343a2286cfde0',volume_type_id=14bc9703-bb2e-47eb-9b34-387f140577fa), 'volume': Volume(_name_id=None,admin_metadata=,attach_status='detached',availability_zone='nova',bootable=False,cluster=,cluster_name=None,consistencygroup=,consistencygroup_id=None,created_at=2025-12-03T23:01:13Z,deleted=False,deleted_at=None,display_description=None,display_name='tempest-TestEncryptedCinderVolumes-volume-796163848',ec2_id=None,encryption_key_id=04b496f3-463b-42b4-a712-84571b420280,glance_metadata=,group=,group_id=None,host=None,id=1a8b2d07-722e-4c97-8dfd-18fbd4093a0d,launched_at=None,metadata={},migration_status=None,multiattach=False,previous_status=None,project_id='9bf6771e795f41a4b232098116b975b1',provider_auth=None,provider_geometry=None,provider_id=None,provider_location=None,replication_driver_data=None,replication_extended_status=None,replication_status=None,scheduled_at=None,service_uuid=None,shared_targets=True,size=1,snapshot_id=None,snapshots=,source_volid=None,status='creating',terminated_at=None,updated_at=None,use_quota=True,user_id='811f72730dd14e429b7343a2286cfde0',volume_attachment=VolumeAttachmentList,volume_type=VolumeType(14bc9703-bb2e-47eb-9b34-387f140577fa),volume_type_id=14bc9703-bb2e-47eb-9b34-387f140577fa)}' _task_receiver /usr/lib/python3.9/site-packages/taskflow/listeners/logging.py:178
2025-12-03 23:01:13.191 10 DEBUG cinder.volume.api [None req-e4d34651-2a65-4596-b244-a30ac41061f7 811f72730dd14e429b7343a2286cfde0 9bf6771e795f41a4b232098116b975b1 - - default default] Task 'cinder.volume.flows.api.create_volume.QuotaCommitTask;volume:create' (1645c3a9-0ee7-4c35-be55-4a567454fe61) transitioned into state 'RUNNING' from state 'PENDING' _task_receiver /usr/lib/python3.9/site-packages/taskflow/listeners/logging.py:190
2025-12-03 23:01:13.211 10 DEBUG cinder.volume.api [None req-e4d34651-2a65-4596-b244-a30ac41061f7 811f72730dd14e429b7343a2286cfde0 9bf6771e795f41a4b232098116b975b1 - - default default] Task 'cinder.volume.flows.api.create_volume.QuotaCommitTask;volume:create' (1645c3a9-0ee7-4c35-be55-4a567454fe61) transitioned into state 'SUCCESS' from state 'RUNNING' with result '{'volume_properties': VolumeProperties(attach_status='detached',availability_zone='nova',cgsnapshot_id=None,consistencygroup_id=None,display_description=None,display_name='tempest-TestEncryptedCinderVolumes-volume-796163848',encryption_key_id=04b496f3-463b-42b4-a712-84571b420280,group_id=None,group_type_id=,metadata={},multiattach=False,project_id='9bf6771e795f41a4b232098116b975b1',qos_specs=None,replication_status=,reservations=['3dbe7555-84ff-49ff-9014-4b9aaf7e402c','9c24cbc1-7dc6-4567-bc7d-ac29e43c2e6a','26cd54eb-fd9c-4252-8328-3caf7c515bce','73be479f-8015-475f-b773-0629be4f946f'],size=1,snapshot_id=None,source_replicaid=,source_volid=None,status='creating',user_id='811f72730dd14e429b7343a2286cfde0',volume_type_id=14bc9703-bb2e-47eb-9b34-387f140577fa)}' _task_receiver /usr/lib/python3.9/site-packages/taskflow/listeners/logging.py:178
2025-12-03 23:01:13.213 10 DEBUG cinder.volume.api [None req-e4d34651-2a65-4596-b244-a30ac41061f7 811f72730dd14e429b7343a2286cfde0 9bf6771e795f41a4b232098116b975b1 - - default default] Task 'cinder.volume.flows.api.create_volume.VolumeCastTask;volume:create' (ec32305f-ffdb-4cc5-a40f-13e81e0d8d34) transitioned into state 'RUNNING' from state 'PENDING' _task_receiver /usr/lib/python3.9/site-packages/taskflow/listeners/logging.py:190
2025-12-03 23:01:13.235 10 DEBUG cinder.volume.api [None req-e4d34651-2a65-4596-b244-a30ac41061f7 811f72730dd14e429b7343a2286cfde0 9bf6771e795f41a4b232098116b975b1 - - default default] Task 'cinder.volume.flows.api.create_volume.VolumeCastTask;volume:create' (ec32305f-ffdb-4cc5-a40f-13e81e0d8d34) transitioned into state 'SUCCESS' from state 'RUNNING' with result 'None' _task_receiver /usr/lib/python3.9/site-packages/taskflow/listeners/logging.py:178
2025-12-03 23:01:13.237 10 DEBUG cinder.volume.api [None req-e4d34651-2a65-4596-b244-a30ac41061f7 811f72730dd14e429b7343a2286cfde0 9bf6771e795f41a4b232098116b975b1 - - default default] Flow 'volume_create_api' (3c4d50d7-069c-42c7-92ee-ee1ed697f2e5) transitioned into state 'SUCCESS' from state 'RUNNING' _flow_receiver /usr/lib/python3.9/site-packages/taskflow/listeners/logging.py:141
2025-12-03 23:01:13.238 10 INFO cinder.volume.api [None req-e4d34651-2a65-4596-b244-a30ac41061f7 811f72730dd14e429b7343a2286cfde0 9bf6771e795f41a4b232098116b975b1 - - default default] Create volume request issued successfully.
2025-12-03 23:01:13.239 10 INFO cinder.api.openstack.wsgi [None req-e4d34651-2a65-4596-b244-a30ac41061f7 811f72730dd14e429b7343a2286cfde0 9bf6771e795f41a4b232098116b975b1 - - default default] https://cinder-public-openstack.apps.sno.openstack.lab/v3/volumes returned with HTTP 202
2025-12-03 23:01:14.564 13 DEBUG cinder.api.middleware.request_id [None req-e3903d77-a344-40bb-b02d-9feaac42ee8e - - - - - -] RequestId filter calling following filter/app _context_setter /usr/lib/python3.9/site-packages/cinder/api/middleware/request_id.py:62
2025-12-03 23:01:15.564 12 DEBUG cinder.api.middleware.request_id [None req-e16e1472-26a7-42fa-8149-c61326472aab - - - - - -] RequestId filter calling following filter/app _context_setter /usr/lib/python3.9/site-packages/cinder/api/middleware/request_id.py:62
2025-12-03 23:01:18.564 11 DEBUG cinder.api.middleware.request_id [None req-8ab03797-379f-4d30-a58a-951107d18289 - - - - - -] RequestId filter calling following filter/app _context_setter /usr/lib/python3.9/site-packages/cinder/api/middleware/request_id.py:62
2025-12-03 23:01:19.565 10 DEBUG cinder.api.middleware.request_id [None req-26fb35f2-523e-4d6f-aea6-14124b00b420 - - - - - -] RequestId filter calling following filter/app _context_setter /usr/lib/python3.9/site-packages/cinder/api/middleware/request_id.py:62
2025-12-03 23:01:21.565 13 DEBUG cinder.api.middleware.request_id [None req-de24b42e-3484-47bf-8ffa-b38c2a7aecda - - - - - -] RequestId filter calling following filter/app _context_setter /usr/lib/python3.9/site-packages/cinder/api/middleware/request_id.py:62
2025-12-03 23:01:24.564 12 DEBUG cinder.api.middleware.request_id [None req-2ced87a3-57f0-47bc-84ee-789072631181 - - - - - -] RequestId filter calling following filter/app _context_setter /usr/lib/python3.9/site-packages/cinder/api/middleware/request_id.py:62
2025-12-03 23:01:24.565 11 DEBUG cinder.api.middleware.request_id [None req-eafb21f7-362c-4589-8930-7129d8c2cd0a - - - - - -] RequestId filter calling following filter/app _context_setter /usr/lib/python3.9/site-packages/cinder/api/middleware/request_id.py:62
2025-12-03 23:01:27.569 10 DEBUG cinder.api.middleware.request_id [None req-3e927500-f0b1-4675-b6e7-10e2eb0603ff - - - - - -] RequestId filter calling following filter/app _context_setter /usr/lib/python3.9/site-packages/cinder/api/middleware/request_id.py:62
2025-12-03 23:01:29.564 13 DEBUG cinder.api.middleware.request_id [None req-f7bcd2b3-171d-43d7-9788-d4be953eda10 - - - - - -] RequestId filter calling following filter/app _context_setter /usr/lib/python3.9/site-packages/cinder/api/middleware/request_id.py:62
2025-12-03 23:01:30.564 11 DEBUG cinder.api.middleware.request_id [None req-5f04739c-7705-4f57-9313-bc61db5cd6c7 - - - - - -] RequestId filter calling following filter/app _context_setter /usr/lib/python3.9/site-packages/cinder/api/middleware/request_id.py:62
2025-12-03 23:01:32.641 12 DEBUG cinder.api.middleware.request_id [req-37f796db-03dc-4976-9bca-aefc90030818 req-73683379-2f8a-4e16-aa36-e8606ae9408d - - - - - -] RequestId filter calling following filter/app _context_setter /usr/lib/python3.9/site-packages/cinder/api/middleware/request_id.py:62
2025-12-03 23:01:32.755 12 INFO cinder.api.openstack.wsgi [req-37f796db-03dc-4976-9bca-aefc90030818 req-73683379-2f8a-4e16-aa36-e8606ae9408d c210c585120043549f62ccb01cec9817 26d36ac1678744fabdbe8d702fccfb9d - - default default] GET https://cinder-internal.openstack.svc:8776/v3/volumes/cffc6d58-25a3-400a-b1ec-e5fea05231cc
2025-12-03 23:01:32.756 12 DEBUG cinder.api.openstack.wsgi [req-37f796db-03dc-4976-9bca-aefc90030818 req-73683379-2f8a-4e16-aa36-e8606ae9408d c210c585120043549f62ccb01cec9817 26d36ac1678744fabdbe8d702fccfb9d - - default default] Empty body provided in request get_body /usr/lib/python3.9/site-packages/cinder/api/openstack/wsgi.py:715
2025-12-03 23:01:32.756 12 DEBUG cinder.api.openstack.wsgi [req-37f796db-03dc-4976-9bca-aefc90030818 req-73683379-2f8a-4e16-aa36-e8606ae9408d c210c585120043549f62ccb01cec9817 26d36ac1678744fabdbe8d702fccfb9d - - default default] Calling method 'show' _process_stack /usr/lib/python3.9/site-packages/cinder/api/openstack/wsgi.py:868
2025-12-03 23:01:32.777 12 INFO cinder.volume.api [req-37f796db-03dc-4976-9bca-aefc90030818 req-73683379-2f8a-4e16-aa36-e8606ae9408d c210c585120043549f62ccb01cec9817 26d36ac1678744fabdbe8d702fccfb9d - - default default] Volume info retrieved successfully.
2025-12-03 23:01:32.784 12 INFO cinder.api.openstack.wsgi [req-37f796db-03dc-4976-9bca-aefc90030818 req-73683379-2f8a-4e16-aa36-e8606ae9408d c210c585120043549f62ccb01cec9817 26d36ac1678744fabdbe8d702fccfb9d - - default default] https://cinder-internal.openstack.svc:8776/v3/volumes/cffc6d58-25a3-400a-b1ec-e5fea05231cc returned with HTTP 200
2025-12-03 23:01:32.813 10 DEBUG cinder.api.middleware.request_id [req-37f796db-03dc-4976-9bca-aefc90030818 req-2623dc91-11d3-4d77-a151-d81788a4384f - - - - - -] RequestId filter calling following filter/app _context_setter /usr/lib/python3.9/site-packages/cinder/api/middleware/request_id.py:62
2025-12-03 23:01:32.907 10 INFO cinder.api.openstack.wsgi [req-37f796db-03dc-4976-9bca-aefc90030818 req-2623dc91-11d3-4d77-a151-d81788a4384f c210c585120043549f62ccb01cec9817 26d36ac1678744fabdbe8d702fccfb9d - - default default] POST https://cinder-internal.openstack.svc:8776/v3/volumes/cffc6d58-25a3-400a-b1ec-e5fea05231cc/action
2025-12-03 23:01:32.908 10 DEBUG cinder.api.openstack.wsgi [req-37f796db-03dc-4976-9bca-aefc90030818 req-2623dc91-11d3-4d77-a151-d81788a4384f c210c585120043549f62ccb01cec9817 26d36ac1678744fabdbe8d702fccfb9d - - default default] Action body: b'{"os-begin_detaching": null}' get_method /usr/lib/python3.9/site-packages/cinder/api/openstack/wsgi.py:983
2025-12-03 23:01:32.908 10 DEBUG cinder.api.openstack.wsgi [req-37f796db-03dc-4976-9bca-aefc90030818 req-2623dc91-11d3-4d77-a151-d81788a4384f c210c585120043549f62ccb01cec9817 26d36ac1678744fabdbe8d702fccfb9d - - default default] Action: 'action', calling method: _begin_detaching, body: {"os-begin_detaching": null} _process_stack /usr/lib/python3.9/site-packages/cinder/api/openstack/wsgi.py:866
2025-12-03 23:01:32.923 10 INFO cinder.volume.api [req-37f796db-03dc-4976-9bca-aefc90030818 req-2623dc91-11d3-4d77-a151-d81788a4384f c210c585120043549f62ccb01cec9817 26d36ac1678744fabdbe8d702fccfb9d - - default default] Volume info retrieved successfully.
2025-12-03 23:01:32.931 10 INFO cinder.volume.api [req-37f796db-03dc-4976-9bca-aefc90030818 req-2623dc91-11d3-4d77-a151-d81788a4384f c210c585120043549f62ccb01cec9817 26d36ac1678744fabdbe8d702fccfb9d - - default default] Begin detaching volume completed successfully.
2025-12-03 23:01:32.931 10 INFO cinder.api.openstack.wsgi [req-37f796db-03dc-4976-9bca-aefc90030818 req-2623dc91-11d3-4d77-a151-d81788a4384f c210c585120043549f62ccb01cec9817 26d36ac1678744fabdbe8d702fccfb9d - - default default] https://cinder-internal.openstack.svc:8776/v3/volumes/cffc6d58-25a3-400a-b1ec-e5fea05231cc/action returned with HTTP 202
2025-12-03 23:01:33.054 13 DEBUG cinder.api.middleware.request_id [None req-d3f51759-3910-4eca-a3c0-6b6be0caf13e - - - - - -] RequestId filter calling following filter/app _context_setter /usr/lib/python3.9/site-packages/cinder/api/middleware/request_id.py:62
2025-12-03 23:01:33.055 13 INFO cinder.api.openstack.wsgi [None req-d3f51759-3910-4eca-a3c0-6b6be0caf13e - - - - - -] GET https://cinder-internal.openstack.svc:8776/
2025-12-03 23:01:33.057 13 DEBUG cinder.api.openstack.wsgi [None req-d3f51759-3910-4eca-a3c0-6b6be0caf13e - - - - - -] Empty body provided in request get_body /usr/lib/python3.9/site-packages/cinder/api/openstack/wsgi.py:715
2025-12-03 23:01:33.058 13 DEBUG cinder.api.openstack.wsgi [None req-d3f51759-3910-4eca-a3c0-6b6be0caf13e - - - - - -] Calling method 'all' _process_stack /usr/lib/python3.9/site-packages/cinder/api/openstack/wsgi.py:868
2025-12-03 23:01:33.058 13 INFO cinder.api.openstack.wsgi [None req-d3f51759-3910-4eca-a3c0-6b6be0caf13e - - - - - -] https://cinder-internal.openstack.svc:8776/ returned with HTTP 300
2025-12-03 23:01:33.068 11 DEBUG cinder.api.middleware.request_id [req-37f796db-03dc-4976-9bca-aefc90030818 req-5558a765-e8e1-4e92-b12f-891b518b0a4b - - - - - -] RequestId filter calling following filter/app _context_setter /usr/lib/python3.9/site-packages/cinder/api/middleware/request_id.py:62
2025-12-03 23:01:33.198 11 INFO cinder.api.openstack.wsgi [req-37f796db-03dc-4976-9bca-aefc90030818 req-5558a765-e8e1-4e92-b12f-891b518b0a4b c210c585120043549f62ccb01cec9817 26d36ac1678744fabdbe8d702fccfb9d - - default default] GET https://cinder-internal.openstack.svc:8776/v3/volumes/cffc6d58-25a3-400a-b1ec-e5fea05231cc
2025-12-03 23:01:33.199 11 DEBUG cinder.api.openstack.wsgi [req-37f796db-03dc-4976-9bca-aefc90030818 req-5558a765-e8e1-4e92-b12f-891b518b0a4b c210c585120043549f62ccb01cec9817 26d36ac1678744fabdbe8d702fccfb9d - - default default] Empty body provided in request get_body /usr/lib/python3.9/site-packages/cinder/api/openstack/wsgi.py:715
2025-12-03 23:01:33.199 11 DEBUG cinder.api.openstack.wsgi [req-37f796db-03dc-4976-9bca-aefc90030818 req-5558a765-e8e1-4e92-b12f-891b518b0a4b c210c585120043549f62ccb01cec9817 26d36ac1678744fabdbe8d702fccfb9d - - default default] Calling method 'show' _process_stack /usr/lib/python3.9/site-packages/cinder/api/openstack/wsgi.py:868
2025-12-03 23:01:33.220 11 INFO cinder.volume.api [req-37f796db-03dc-4976-9bca-aefc90030818 req-5558a765-e8e1-4e92-b12f-891b518b0a4b c210c585120043549f62ccb01cec9817 26d36ac1678744fabdbe8d702fccfb9d - - default default] Volume info retrieved successfully.
2025-12-03 23:01:33.227 11 INFO cinder.api.openstack.wsgi [req-37f796db-03dc-4976-9bca-aefc90030818 req-5558a765-e8e1-4e92-b12f-891b518b0a4b c210c585120043549f62ccb01cec9817 26d36ac1678744fabdbe8d702fccfb9d - - default default] https://cinder-internal.openstack.svc:8776/v3/volumes/cffc6d58-25a3-400a-b1ec-e5fea05231cc returned with HTTP 200
2025-12-03 23:01:33.566 12 DEBUG cinder.api.middleware.request_id [None req-93f61b77-082c-482d-bd64-344237cdf09b - - - - - -] RequestId filter calling following filter/app _context_setter /usr/lib/python3.9/site-packages/cinder/api/middleware/request_id.py:62
2025-12-03 23:01:34.376 10 DEBUG cinder.api.middleware.request_id [req-37f796db-03dc-4976-9bca-aefc90030818 req-b522baf6-b7ce-434e-9f37-caec0cdab01c - - - - - -] RequestId filter calling following filter/app _context_setter /usr/lib/python3.9/site-packages/cinder/api/middleware/request_id.py:62
2025-12-03 23:01:34.458 10 INFO cinder.api.openstack.wsgi [req-37f796db-03dc-4976-9bca-aefc90030818 req-b522baf6-b7ce-434e-9f37-caec0cdab01c c210c585120043549f62ccb01cec9817 26d36ac1678744fabdbe8d702fccfb9d - - default default] DELETE https://cinder-internal.openstack.svc:8776/v3/attachments/aa80d278-eb7e-4c38-b6fc-f7a829dfbd47
2025-12-03 23:01:34.459 10 DEBUG cinder.api.openstack.wsgi [req-37f796db-03dc-4976-9bca-aefc90030818 req-b522baf6-b7ce-434e-9f37-caec0cdab01c c210c585120043549f62ccb01cec9817 26d36ac1678744fabdbe8d702fccfb9d - - default default] Empty body provided in request get_body /usr/lib/python3.9/site-packages/cinder/api/openstack/wsgi.py:715
2025-12-03 23:01:34.459 10 DEBUG cinder.api.openstack.wsgi [req-37f796db-03dc-4976-9bca-aefc90030818 req-b522baf6-b7ce-434e-9f37-caec0cdab01c c210c585120043549f62ccb01cec9817 26d36ac1678744fabdbe8d702fccfb9d - - default default] Calling method 'version_select' _process_stack /usr/lib/python3.9/site-packages/cinder/api/openstack/wsgi.py:868
2025-12-03 23:01:34.563 13 DEBUG cinder.api.middleware.request_id [None req-af75800f-5843-47b8-8750-aa438dbc34ce - - - - - -] RequestId filter calling following filter/app _context_setter /usr/lib/python3.9/site-packages/cinder/api/middleware/request_id.py:62
2025-12-03 23:01:36.564 11 DEBUG cinder.api.middleware.request_id [None req-92cfed9f-a94c-487a-a060-4390239db092 - - - - - -] RequestId filter calling following filter/app _context_setter /usr/lib/python3.9/site-packages/cinder/api/middleware/request_id.py:62
2025-12-03 23:01:37.448 10 INFO cinder.api.openstack.wsgi [req-37f796db-03dc-4976-9bca-aefc90030818 req-b522baf6-b7ce-434e-9f37-caec0cdab01c c210c585120043549f62ccb01cec9817 26d36ac1678744fabdbe8d702fccfb9d - - default default] https://cinder-internal.openstack.svc:8776/v3/attachments/aa80d278-eb7e-4c38-b6fc-f7a829dfbd47 returned with HTTP 200
2025-12-03 23:01:37.665 12 DEBUG cinder.api.middleware.request_id [req-9b68476e-ffc7-4ec5-aedb-98e70cfa01f3 req-c122a12a-ce07-495e-8ac5-5bfaea21d942 - - - - - -] RequestId filter calling following filter/app _context_setter /usr/lib/python3.9/site-packages/cinder/api/middleware/request_id.py:62
2025-12-03 23:01:37.784 12 INFO cinder.api.openstack.wsgi [req-9b68476e-ffc7-4ec5-aedb-98e70cfa01f3 req-c122a12a-ce07-495e-8ac5-5bfaea21d942 c210c585120043549f62ccb01cec9817 26d36ac1678744fabdbe8d702fccfb9d - - default default] GET https://cinder-internal.openstack.svc:8776/v3/volumes/cffc6d58-25a3-400a-b1ec-e5fea05231cc
2025-12-03 23:01:37.785 12 DEBUG cinder.api.openstack.wsgi [req-9b68476e-ffc7-4ec5-aedb-98e70cfa01f3 req-c122a12a-ce07-495e-8ac5-5bfaea21d942 c210c585120043549f62ccb01cec9817 26d36ac1678744fabdbe8d702fccfb9d - - default default] Empty body provided in request get_body /usr/lib/python3.9/site-packages/cinder/api/openstack/wsgi.py:715
2025-12-03 23:01:37.785 12 DEBUG cinder.api.openstack.wsgi [req-9b68476e-ffc7-4ec5-aedb-98e70cfa01f3 req-c122a12a-ce07-495e-8ac5-5bfaea21d942 c210c585120043549f62ccb01cec9817 26d36ac1678744fabdbe8d702fccfb9d - - default default] Calling method 'show' _process_stack /usr/lib/python3.9/site-packages/cinder/api/openstack/wsgi.py:868
2025-12-03 23:01:37.801 12 INFO cinder.volume.api [req-9b68476e-ffc7-4ec5-aedb-98e70cfa01f3 req-c122a12a-ce07-495e-8ac5-5bfaea21d942 c210c585120043549f62ccb01cec9817 26d36ac1678744fabdbe8d702fccfb9d - - default default] Volume info retrieved successfully.
2025-12-03 23:01:37.807 12 INFO cinder.api.openstack.wsgi [req-9b68476e-ffc7-4ec5-aedb-98e70cfa01f3 req-c122a12a-ce07-495e-8ac5-5bfaea21d942 c210c585120043549f62ccb01cec9817 26d36ac1678744fabdbe8d702fccfb9d - - default default] https://cinder-internal.openstack.svc:8776/v3/volumes/cffc6d58-25a3-400a-b1ec-e5fea05231cc returned with HTTP 200
2025-12-03 23:01:37.830 13 DEBUG cinder.api.middleware.request_id [None req-c41c1e20-8f47-42bb-b115-01bc58df408c - - - - - -] RequestId filter calling following filter/app _context_setter /usr/lib/python3.9/site-packages/cinder/api/middleware/request_id.py:62
2025-12-03 23:01:37.890 13 INFO cinder.api.openstack.wsgi [None req-c41c1e20-8f47-42bb-b115-01bc58df408c c210c585120043549f62ccb01cec9817 26d36ac1678744fabdbe8d702fccfb9d - - default default] DELETE https://cinder-public-openstack.apps.sno.openstack.lab/v3/volumes/cffc6d58-25a3-400a-b1ec-e5fea05231cc
2025-12-03 23:01:37.891 13 DEBUG cinder.api.openstack.wsgi [None req-c41c1e20-8f47-42bb-b115-01bc58df408c c210c585120043549f62ccb01cec9817 26d36ac1678744fabdbe8d702fccfb9d - - default default] Empty body provided in request get_body /usr/lib/python3.9/site-packages/cinder/api/openstack/wsgi.py:715
2025-12-03 23:01:37.891 13 DEBUG cinder.api.openstack.wsgi [None req-c41c1e20-8f47-42bb-b115-01bc58df408c c210c585120043549f62ccb01cec9817 26d36ac1678744fabdbe8d702fccfb9d - - default default] Calling method 'delete' _process_stack /usr/lib/python3.9/site-packages/cinder/api/openstack/wsgi.py:868
2025-12-03 23:01:37.891 13 INFO cinder.api.v3.volumes [None req-c41c1e20-8f47-42bb-b115-01bc58df408c c210c585120043549f62ccb01cec9817 26d36ac1678744fabdbe8d702fccfb9d - - default default] Delete volume with id: cffc6d58-25a3-400a-b1ec-e5fea05231cc
2025-12-03 23:01:37.900 13 INFO cinder.volume.api [None req-c41c1e20-8f47-42bb-b115-01bc58df408c c210c585120043549f62ccb01cec9817 26d36ac1678744fabdbe8d702fccfb9d - - default default] Volume info retrieved successfully.
2025-12-03 23:01:37.922 13 INFO cinder.volume.api [None req-c41c1e20-8f47-42bb-b115-01bc58df408c c210c585120043549f62ccb01cec9817 26d36ac1678744fabdbe8d702fccfb9d - - default default] Delete volume request issued successfully.
2025-12-03 23:01:37.923 13 INFO cinder.api.openstack.wsgi [None req-c41c1e20-8f47-42bb-b115-01bc58df408c c210c585120043549f62ccb01cec9817 26d36ac1678744fabdbe8d702fccfb9d - - default default] https://cinder-public-openstack.apps.sno.openstack.lab/v3/volumes/cffc6d58-25a3-400a-b1ec-e5fea05231cc returned with HTTP 202
2025-12-03 23:01:37.936 11 DEBUG cinder.api.middleware.request_id [None req-2cd30c76-a477-468e-80bb-d56bc12ce200 - - - - - -] RequestId filter calling following filter/app _context_setter /usr/lib/python3.9/site-packages/cinder/api/middleware/request_id.py:62
2025-12-03 23:01:37.993 11 INFO cinder.api.openstack.wsgi [None req-2cd30c76-a477-468e-80bb-d56bc12ce200 c210c585120043549f62ccb01cec9817 26d36ac1678744fabdbe8d702fccfb9d - - default default] GET https://cinder-public-openstack.apps.sno.openstack.lab/v3/volumes/cffc6d58-25a3-400a-b1ec-e5fea05231cc
2025-12-03 23:01:37.993 11 DEBUG cinder.api.openstack.wsgi [None req-2cd30c76-a477-468e-80bb-d56bc12ce200 c210c585120043549f62ccb01cec9817 26d36ac1678744fabdbe8d702fccfb9d - - default default] Empty body provided in request get_body /usr/lib/python3.9/site-packages/cinder/api/openstack/wsgi.py:715
2025-12-03 23:01:37.994 11 DEBUG cinder.api.openstack.wsgi [None req-2cd30c76-a477-468e-80bb-d56bc12ce200 c210c585120043549f62ccb01cec9817 26d36ac1678744fabdbe8d702fccfb9d - - default default] Calling method 'show' _process_stack /usr/lib/python3.9/site-packages/cinder/api/openstack/wsgi.py:868
2025-12-03 23:01:38.010 11 INFO cinder.volume.api [None req-2cd30c76-a477-468e-80bb-d56bc12ce200 c210c585120043549f62ccb01cec9817 26d36ac1678744fabdbe8d702fccfb9d - - default default] Volume info retrieved successfully.
2025-12-03 23:01:38.018 11 INFO cinder.api.openstack.wsgi [None req-2cd30c76-a477-468e-80bb-d56bc12ce200 c210c585120043549f62ccb01cec9817 26d36ac1678744fabdbe8d702fccfb9d - - default default] https://cinder-public-openstack.apps.sno.openstack.lab/v3/volumes/cffc6d58-25a3-400a-b1ec-e5fea05231cc returned with HTTP 200
2025-12-03 23:01:39.042 10 DEBUG cinder.api.middleware.request_id [None req-481df3e9-7658-4c27-9d6c-1c9026d6e357 - - - - - -] RequestId filter calling following filter/app _context_setter /usr/lib/python3.9/site-packages/cinder/api/middleware/request_id.py:62
2025-12-03 23:01:39.100 10 INFO cinder.api.openstack.wsgi [None req-481df3e9-7658-4c27-9d6c-1c9026d6e357 c210c585120043549f62ccb01cec9817 26d36ac1678744fabdbe8d702fccfb9d - - default default] GET https://cinder-public-openstack.apps.sno.openstack.lab/v3/volumes/cffc6d58-25a3-400a-b1ec-e5fea05231cc
2025-12-03 23:01:39.101 10 DEBUG cinder.api.openstack.wsgi [None req-481df3e9-7658-4c27-9d6c-1c9026d6e357 c210c585120043549f62ccb01cec9817 26d36ac1678744fabdbe8d702fccfb9d - - default default] Empty body provided in request get_body /usr/lib/python3.9/site-packages/cinder/api/openstack/wsgi.py:715
2025-12-03 23:01:39.101 10 DEBUG cinder.api.openstack.wsgi [None req-481df3e9-7658-4c27-9d6c-1c9026d6e357 c210c585120043549f62ccb01cec9817 26d36ac1678744fabdbe8d702fccfb9d - - default default] Calling method 'show' _process_stack /usr/lib/python3.9/site-packages/cinder/api/openstack/wsgi.py:868
2025-12-03 23:01:39.136 10 INFO cinder.volume.api [None req-481df3e9-7658-4c27-9d6c-1c9026d6e357 c210c585120043549f62ccb01cec9817 26d36ac1678744fabdbe8d702fccfb9d - - default default] Volume info retrieved successfully.
2025-12-03 23:01:39.144 10 INFO cinder.api.openstack.wsgi [None req-481df3e9-7658-4c27-9d6c-1c9026d6e357 c210c585120043549f62ccb01cec9817 26d36ac1678744fabdbe8d702fccfb9d - - default default] https://cinder-public-openstack.apps.sno.openstack.lab/v3/volumes/cffc6d58-25a3-400a-b1ec-e5fea05231cc returned with HTTP 200
2025-12-03 23:01:39.618 13 DEBUG cinder.api.middleware.request_id [None req-25359d19-0bae-42df-a058-663099feca84 - - - - - -] RequestId filter calling following filter/app _context_setter /usr/lib/python3.9/site-packages/cinder/api/middleware/request_id.py:62
2025-12-03 23:01:39.618 12 DEBUG cinder.api.middleware.request_id [None req-84969c6a-a3b4-4f39-a933-db4ed753ae6d - - - - - -] RequestId filter calling following filter/app _context_setter /usr/lib/python3.9/site-packages/cinder/api/middleware/request_id.py:62
