2025-12-03 22:55:44.198 12 DEBUG cinder.api.middleware.request_id [req-ca87bb36-5a4e-4d7a-9ff7-7ee5010d7ff2 req-41ba7c88-200a-4b55-9b88-d3723b61df96 - - - - - -] RequestId filter calling following filter/app _context_setter /usr/lib/python3.9/site-packages/cinder/api/middleware/request_id.py:62
2025-12-03 22:55:44.362 10 DEBUG cinder.api.middleware.request_id [req-f1caafc3-1f5d-402a-bbcd-9409a4d278cd req-fd125161-1547-4ece-9d9c-d60bb1a27ff6 - - - - - -] RequestId filter calling following filter/app _context_setter /usr/lib/python3.9/site-packages/cinder/api/middleware/request_id.py:62
2025-12-03 22:55:44.511 12 INFO cinder.api.openstack.wsgi [req-ca87bb36-5a4e-4d7a-9ff7-7ee5010d7ff2 req-41ba7c88-200a-4b55-9b88-d3723b61df96 973c46d6fb5e49898e1694e673e032c7 dbb2710d867347c5b4a3eeb47ef0e6a0 - - default default] GET https://cinder-internal.openstack.svc:8776/v3/volumes/b26e0ea4-fdd8-4c5b-996a-825accd9ccb3
2025-12-03 22:55:44.513 12 DEBUG cinder.api.openstack.wsgi [req-ca87bb36-5a4e-4d7a-9ff7-7ee5010d7ff2 req-41ba7c88-200a-4b55-9b88-d3723b61df96 973c46d6fb5e49898e1694e673e032c7 dbb2710d867347c5b4a3eeb47ef0e6a0 - - default default] Empty body provided in request get_body /usr/lib/python3.9/site-packages/cinder/api/openstack/wsgi.py:715
2025-12-03 22:55:44.513 12 DEBUG cinder.api.openstack.wsgi [req-ca87bb36-5a4e-4d7a-9ff7-7ee5010d7ff2 req-41ba7c88-200a-4b55-9b88-d3723b61df96 973c46d6fb5e49898e1694e673e032c7 dbb2710d867347c5b4a3eeb47ef0e6a0 - - default default] Calling method 'show' _process_stack /usr/lib/python3.9/site-packages/cinder/api/openstack/wsgi.py:868
2025-12-03 22:55:44.538 12 INFO cinder.volume.api [req-ca87bb36-5a4e-4d7a-9ff7-7ee5010d7ff2 req-41ba7c88-200a-4b55-9b88-d3723b61df96 973c46d6fb5e49898e1694e673e032c7 dbb2710d867347c5b4a3eeb47ef0e6a0 - - default default] Volume info retrieved successfully.
2025-12-03 22:55:44.544 12 INFO cinder.api.openstack.wsgi [req-ca87bb36-5a4e-4d7a-9ff7-7ee5010d7ff2 req-41ba7c88-200a-4b55-9b88-d3723b61df96 973c46d6fb5e49898e1694e673e032c7 dbb2710d867347c5b4a3eeb47ef0e6a0 - - default default] https://cinder-internal.openstack.svc:8776/v3/volumes/b26e0ea4-fdd8-4c5b-996a-825accd9ccb3 returned with HTTP 200
2025-12-03 22:55:44.556 10 INFO cinder.api.openstack.wsgi [req-f1caafc3-1f5d-402a-bbcd-9409a4d278cd req-fd125161-1547-4ece-9d9c-d60bb1a27ff6 6301cba904174eca840f9d74c4ce7273 287bb4deac5947ca983293ae47928819 - - default default] GET https://cinder-internal.openstack.svc:8776/v3/backups/detail?all_tenants=True
2025-12-03 22:55:44.556 10 DEBUG cinder.api.openstack.wsgi [req-f1caafc3-1f5d-402a-bbcd-9409a4d278cd req-fd125161-1547-4ece-9d9c-d60bb1a27ff6 6301cba904174eca840f9d74c4ce7273 287bb4deac5947ca983293ae47928819 - - default default] Empty body provided in request get_body /usr/lib/python3.9/site-packages/cinder/api/openstack/wsgi.py:715
2025-12-03 22:55:44.557 10 DEBUG cinder.api.openstack.wsgi [req-f1caafc3-1f5d-402a-bbcd-9409a4d278cd req-fd125161-1547-4ece-9d9c-d60bb1a27ff6 6301cba904174eca840f9d74c4ce7273 287bb4deac5947ca983293ae47928819 - - default default] Calling method 'detail' _process_stack /usr/lib/python3.9/site-packages/cinder/api/openstack/wsgi.py:868
2025-12-03 22:55:44.563 10 INFO cinder.api.openstack.wsgi [req-f1caafc3-1f5d-402a-bbcd-9409a4d278cd req-fd125161-1547-4ece-9d9c-d60bb1a27ff6 6301cba904174eca840f9d74c4ce7273 287bb4deac5947ca983293ae47928819 - - default default] https://cinder-internal.openstack.svc:8776/v3/backups/detail?all_tenants=True returned with HTTP 200
2025-12-03 22:55:44.565 13 DEBUG cinder.api.middleware.request_id [None req-7192af4e-f9a6-4be7-afe0-718db244d26e - - - - - -] RequestId filter calling following filter/app _context_setter /usr/lib/python3.9/site-packages/cinder/api/middleware/request_id.py:62
2025-12-03 22:55:44.570 11 DEBUG cinder.api.middleware.request_id [req-ca87bb36-5a4e-4d7a-9ff7-7ee5010d7ff2 req-c89269f1-aba5-4b50-bcac-43695a7de4df - - - - - -] RequestId filter calling following filter/app _context_setter /usr/lib/python3.9/site-packages/cinder/api/middleware/request_id.py:62
2025-12-03 22:55:44.750 11 INFO cinder.api.openstack.wsgi [req-ca87bb36-5a4e-4d7a-9ff7-7ee5010d7ff2 req-c89269f1-aba5-4b50-bcac-43695a7de4df 973c46d6fb5e49898e1694e673e032c7 dbb2710d867347c5b4a3eeb47ef0e6a0 - - default default] GET https://cinder-internal.openstack.svc:8776/v3/volumes/b26e0ea4-fdd8-4c5b-996a-825accd9ccb3/encryption
2025-12-03 22:55:44.752 11 DEBUG cinder.api.openstack.wsgi [req-ca87bb36-5a4e-4d7a-9ff7-7ee5010d7ff2 req-c89269f1-aba5-4b50-bcac-43695a7de4df 973c46d6fb5e49898e1694e673e032c7 dbb2710d867347c5b4a3eeb47ef0e6a0 - - default default] Empty body provided in request get_body /usr/lib/python3.9/site-packages/cinder/api/openstack/wsgi.py:715
2025-12-03 22:55:44.752 11 DEBUG cinder.api.openstack.wsgi [req-ca87bb36-5a4e-4d7a-9ff7-7ee5010d7ff2 req-c89269f1-aba5-4b50-bcac-43695a7de4df 973c46d6fb5e49898e1694e673e032c7 dbb2710d867347c5b4a3eeb47ef0e6a0 - - default default] Calling method 'index' _process_stack /usr/lib/python3.9/site-packages/cinder/api/openstack/wsgi.py:868
2025-12-03 22:55:44.780 11 INFO cinder.api.openstack.wsgi [req-ca87bb36-5a4e-4d7a-9ff7-7ee5010d7ff2 req-c89269f1-aba5-4b50-bcac-43695a7de4df 973c46d6fb5e49898e1694e673e032c7 dbb2710d867347c5b4a3eeb47ef0e6a0 - - default default] https://cinder-internal.openstack.svc:8776/v3/volumes/b26e0ea4-fdd8-4c5b-996a-825accd9ccb3/encryption returned with HTTP 200
2025-12-03 22:55:45.213 12 DEBUG cinder.api.middleware.request_id [req-ca87bb36-5a4e-4d7a-9ff7-7ee5010d7ff2 req-a60612aa-a394-4f09-aa12-6d656d3159b7 - - - - - -] RequestId filter calling following filter/app _context_setter /usr/lib/python3.9/site-packages/cinder/api/middleware/request_id.py:62
2025-12-03 22:55:45.338 12 INFO cinder.api.openstack.wsgi [req-ca87bb36-5a4e-4d7a-9ff7-7ee5010d7ff2 req-a60612aa-a394-4f09-aa12-6d656d3159b7 973c46d6fb5e49898e1694e673e032c7 dbb2710d867347c5b4a3eeb47ef0e6a0 - - default default] DELETE https://cinder-internal.openstack.svc:8776/v3/attachments/3ac8a20f-0bbb-43dd-bbf5-244d9425ca11
2025-12-03 22:55:45.339 12 DEBUG cinder.api.openstack.wsgi [req-ca87bb36-5a4e-4d7a-9ff7-7ee5010d7ff2 req-a60612aa-a394-4f09-aa12-6d656d3159b7 973c46d6fb5e49898e1694e673e032c7 dbb2710d867347c5b4a3eeb47ef0e6a0 - - default default] Empty body provided in request get_body /usr/lib/python3.9/site-packages/cinder/api/openstack/wsgi.py:715
2025-12-03 22:55:45.339 12 DEBUG cinder.api.openstack.wsgi [req-ca87bb36-5a4e-4d7a-9ff7-7ee5010d7ff2 req-a60612aa-a394-4f09-aa12-6d656d3159b7 973c46d6fb5e49898e1694e673e032c7 dbb2710d867347c5b4a3eeb47ef0e6a0 - - default default] Calling method 'version_select' _process_stack /usr/lib/python3.9/site-packages/cinder/api/openstack/wsgi.py:868
2025-12-03 22:55:45.564 10 DEBUG cinder.api.middleware.request_id [None req-507358c5-f090-46c3-b4cc-f973963d354a - - - - - -] RequestId filter calling following filter/app _context_setter /usr/lib/python3.9/site-packages/cinder/api/middleware/request_id.py:62
2025-12-03 22:55:46.747 13 DEBUG cinder.api.middleware.request_id [req-134f0693-5ebe-44a9-8c61-689201841077 req-a2cea8b9-a033-4885-9bbe-85f67d4363a5 - - - - - -] RequestId filter calling following filter/app _context_setter /usr/lib/python3.9/site-packages/cinder/api/middleware/request_id.py:62
2025-12-03 22:55:46.811 13 INFO cinder.api.openstack.wsgi [req-134f0693-5ebe-44a9-8c61-689201841077 req-a2cea8b9-a033-4885-9bbe-85f67d4363a5 6301cba904174eca840f9d74c4ce7273 287bb4deac5947ca983293ae47928819 - - default default] GET https://cinder-internal.openstack.svc:8776/v3/snapshots/detail?all_tenants=True
2025-12-03 22:55:46.812 13 DEBUG cinder.api.openstack.wsgi [req-134f0693-5ebe-44a9-8c61-689201841077 req-a2cea8b9-a033-4885-9bbe-85f67d4363a5 6301cba904174eca840f9d74c4ce7273 287bb4deac5947ca983293ae47928819 - - default default] Empty body provided in request get_body /usr/lib/python3.9/site-packages/cinder/api/openstack/wsgi.py:715
2025-12-03 22:55:46.812 13 DEBUG cinder.api.openstack.wsgi [req-134f0693-5ebe-44a9-8c61-689201841077 req-a2cea8b9-a033-4885-9bbe-85f67d4363a5 6301cba904174eca840f9d74c4ce7273 287bb4deac5947ca983293ae47928819 - - default default] Calling method 'detail' _process_stack /usr/lib/python3.9/site-packages/cinder/api/openstack/wsgi.py:868
2025-12-03 22:55:46.820 13 INFO cinder.volume.api [req-134f0693-5ebe-44a9-8c61-689201841077 req-a2cea8b9-a033-4885-9bbe-85f67d4363a5 6301cba904174eca840f9d74c4ce7273 287bb4deac5947ca983293ae47928819 - - default default] Get all snapshots completed successfully.
2025-12-03 22:55:46.821 13 INFO cinder.api.openstack.wsgi [req-134f0693-5ebe-44a9-8c61-689201841077 req-a2cea8b9-a033-4885-9bbe-85f67d4363a5 6301cba904174eca840f9d74c4ce7273 287bb4deac5947ca983293ae47928819 - - default default] https://cinder-internal.openstack.svc:8776/v3/snapshots/detail?all_tenants=True returned with HTTP 200
2025-12-03 22:55:47.036 11 DEBUG cinder.api.middleware.request_id [req-1abe63f9-7699-4388-ab63-3db45e63d6c4 req-c8df15fd-ca00-4c67-9ab8-2ad90b4f3d45 - - - - - -] RequestId filter calling following filter/app _context_setter /usr/lib/python3.9/site-packages/cinder/api/middleware/request_id.py:62
2025-12-03 22:55:47.139 11 INFO cinder.api.openstack.wsgi [req-1abe63f9-7699-4388-ab63-3db45e63d6c4 req-c8df15fd-ca00-4c67-9ab8-2ad90b4f3d45 6301cba904174eca840f9d74c4ce7273 287bb4deac5947ca983293ae47928819 - - default default] GET https://cinder-internal.openstack.svc:8776/v3/volumes/detail?all_tenants=True
2025-12-03 22:55:47.140 11 DEBUG cinder.api.openstack.wsgi [req-1abe63f9-7699-4388-ab63-3db45e63d6c4 req-c8df15fd-ca00-4c67-9ab8-2ad90b4f3d45 6301cba904174eca840f9d74c4ce7273 287bb4deac5947ca983293ae47928819 - - default default] Empty body provided in request get_body /usr/lib/python3.9/site-packages/cinder/api/openstack/wsgi.py:715
2025-12-03 22:55:47.140 11 DEBUG cinder.api.openstack.wsgi [req-1abe63f9-7699-4388-ab63-3db45e63d6c4 req-c8df15fd-ca00-4c67-9ab8-2ad90b4f3d45 6301cba904174eca840f9d74c4ce7273 287bb4deac5947ca983293ae47928819 - - default default] Calling method 'detail' _process_stack /usr/lib/python3.9/site-packages/cinder/api/openstack/wsgi.py:868
2025-12-03 22:55:47.141 11 DEBUG cinder.volume.api [req-1abe63f9-7699-4388-ab63-3db45e63d6c4 req-c8df15fd-ca00-4c67-9ab8-2ad90b4f3d45 6301cba904174eca840f9d74c4ce7273 287bb4deac5947ca983293ae47928819 - - default default] Searching by: MultiDict([('all_tenants', True)]). get_all /usr/lib/python3.9/site-packages/cinder/volume/api.py:664
2025-12-03 22:55:47.156 11 INFO cinder.volume.api [req-1abe63f9-7699-4388-ab63-3db45e63d6c4 req-c8df15fd-ca00-4c67-9ab8-2ad90b4f3d45 6301cba904174eca840f9d74c4ce7273 287bb4deac5947ca983293ae47928819 - - default default] Get all volumes completed successfully.
2025-12-03 22:55:47.162 11 INFO cinder.api.openstack.wsgi [req-1abe63f9-7699-4388-ab63-3db45e63d6c4 req-c8df15fd-ca00-4c67-9ab8-2ad90b4f3d45 6301cba904174eca840f9d74c4ce7273 287bb4deac5947ca983293ae47928819 - - default default] https://cinder-internal.openstack.svc:8776/v3/volumes/detail?all_tenants=True returned with HTTP 200
2025-12-03 22:55:48.345 12 INFO cinder.api.openstack.wsgi [req-ca87bb36-5a4e-4d7a-9ff7-7ee5010d7ff2 req-a60612aa-a394-4f09-aa12-6d656d3159b7 973c46d6fb5e49898e1694e673e032c7 dbb2710d867347c5b4a3eeb47ef0e6a0 - - default default] https://cinder-internal.openstack.svc:8776/v3/attachments/3ac8a20f-0bbb-43dd-bbf5-244d9425ca11 returned with HTTP 200
2025-12-03 22:55:48.565 10 DEBUG cinder.api.middleware.request_id [None req-63a93a8c-2737-4f8c-90eb-05059e7a33ff - - - - - -] RequestId filter calling following filter/app _context_setter /usr/lib/python3.9/site-packages/cinder/api/middleware/request_id.py:62
2025-12-03 22:55:48.764 13 DEBUG cinder.api.middleware.request_id [None req-25e4708a-2d13-402a-b7cb-3dd2a102b2cf - - - - - -] RequestId filter calling following filter/app _context_setter /usr/lib/python3.9/site-packages/cinder/api/middleware/request_id.py:62
2025-12-03 22:55:48.877 13 INFO cinder.api.openstack.wsgi [None req-25e4708a-2d13-402a-b7cb-3dd2a102b2cf 973c46d6fb5e49898e1694e673e032c7 dbb2710d867347c5b4a3eeb47ef0e6a0 - - default default] DELETE https://cinder-public-openstack.apps.sno.openstack.lab/v3/volumes/b26e0ea4-fdd8-4c5b-996a-825accd9ccb3
2025-12-03 22:55:48.878 13 DEBUG cinder.api.openstack.wsgi [None req-25e4708a-2d13-402a-b7cb-3dd2a102b2cf 973c46d6fb5e49898e1694e673e032c7 dbb2710d867347c5b4a3eeb47ef0e6a0 - - default default] Empty body provided in request get_body /usr/lib/python3.9/site-packages/cinder/api/openstack/wsgi.py:715
2025-12-03 22:55:48.878 13 DEBUG cinder.api.openstack.wsgi [None req-25e4708a-2d13-402a-b7cb-3dd2a102b2cf 973c46d6fb5e49898e1694e673e032c7 dbb2710d867347c5b4a3eeb47ef0e6a0 - - default default] Calling method 'delete' _process_stack /usr/lib/python3.9/site-packages/cinder/api/openstack/wsgi.py:868
2025-12-03 22:55:48.878 13 INFO cinder.api.v3.volumes [None req-25e4708a-2d13-402a-b7cb-3dd2a102b2cf 973c46d6fb5e49898e1694e673e032c7 dbb2710d867347c5b4a3eeb47ef0e6a0 - - default default] Delete volume with id: b26e0ea4-fdd8-4c5b-996a-825accd9ccb3
2025-12-03 22:55:48.889 13 INFO cinder.volume.api [None req-25e4708a-2d13-402a-b7cb-3dd2a102b2cf 973c46d6fb5e49898e1694e673e032c7 dbb2710d867347c5b4a3eeb47ef0e6a0 - - default default] Volume info retrieved successfully.
2025-12-03 22:55:48.909 13 DEBUG barbicanclient.client [None req-25e4708a-2d13-402a-b7cb-3dd2a102b2cf 973c46d6fb5e49898e1694e673e032c7 dbb2710d867347c5b4a3eeb47ef0e6a0 - - default default] Creating Client object Client /usr/lib/python3.9/site-packages/barbicanclient/client.py:163
2025-12-03 22:55:48.928 13 DEBUG barbicanclient.v1.secrets [None req-25e4708a-2d13-402a-b7cb-3dd2a102b2cf 973c46d6fb5e49898e1694e673e032c7 dbb2710d867347c5b4a3eeb47ef0e6a0 - - default default] Getting secret - Secret href: https://barbican-internal.openstack.svc:9311/secrets/bdeea01f-40a6-424c-9a51-ed2bc6a25fa4 get /usr/lib/python3.9/site-packages/barbicanclient/v1/secrets.py:514
2025-12-03 22:55:48.929 13 INFO barbicanclient.base [None req-25e4708a-2d13-402a-b7cb-3dd2a102b2cf 973c46d6fb5e49898e1694e673e032c7 dbb2710d867347c5b4a3eeb47ef0e6a0 - - default default] Calculated Secrets uuid ref: secrets/bdeea01f-40a6-424c-9a51-ed2bc6a25fa4
2025-12-03 22:55:48.929 13 INFO barbicanclient.base [None req-25e4708a-2d13-402a-b7cb-3dd2a102b2cf 973c46d6fb5e49898e1694e673e032c7 dbb2710d867347c5b4a3eeb47ef0e6a0 - - default default] Calculated Secrets uuid ref: secrets/bdeea01f-40a6-424c-9a51-ed2bc6a25fa4
2025-12-03 22:55:48.973 13 DEBUG barbicanclient.client [None req-25e4708a-2d13-402a-b7cb-3dd2a102b2cf 973c46d6fb5e49898e1694e673e032c7 dbb2710d867347c5b4a3eeb47ef0e6a0 - - default default] Response status 200 _check_status_code /usr/lib/python3.9/site-packages/barbicanclient/client.py:87
2025-12-03 22:55:49.077 13 DEBUG barbicanclient.client [None req-25e4708a-2d13-402a-b7cb-3dd2a102b2cf 973c46d6fb5e49898e1694e673e032c7 dbb2710d867347c5b4a3eeb47ef0e6a0 - - default default] Response status 204 _check_status_code /usr/lib/python3.9/site-packages/barbicanclient/client.py:87
2025-12-03 22:55:49.109 13 INFO cinder.volume.api [None req-25e4708a-2d13-402a-b7cb-3dd2a102b2cf 973c46d6fb5e49898e1694e673e032c7 dbb2710d867347c5b4a3eeb47ef0e6a0 - - default default] Delete volume request issued successfully.
2025-12-03 22:55:49.116 13 INFO cinder.api.openstack.wsgi [None req-25e4708a-2d13-402a-b7cb-3dd2a102b2cf 973c46d6fb5e49898e1694e673e032c7 dbb2710d867347c5b4a3eeb47ef0e6a0 - - default default] https://cinder-public-openstack.apps.sno.openstack.lab/v3/volumes/b26e0ea4-fdd8-4c5b-996a-825accd9ccb3 returned with HTTP 202
2025-12-03 22:55:49.133 11 DEBUG cinder.api.middleware.request_id [None req-9f6c806e-1074-446a-9480-f615db1c362c - - - - - -] RequestId filter calling following filter/app _context_setter /usr/lib/python3.9/site-packages/cinder/api/middleware/request_id.py:62
2025-12-03 22:55:49.270 11 INFO cinder.api.openstack.wsgi [None req-9f6c806e-1074-446a-9480-f615db1c362c 973c46d6fb5e49898e1694e673e032c7 dbb2710d867347c5b4a3eeb47ef0e6a0 - - default default] GET https://cinder-public-openstack.apps.sno.openstack.lab/v3/volumes/b26e0ea4-fdd8-4c5b-996a-825accd9ccb3
2025-12-03 22:55:49.272 11 DEBUG cinder.api.openstack.wsgi [None req-9f6c806e-1074-446a-9480-f615db1c362c 973c46d6fb5e49898e1694e673e032c7 dbb2710d867347c5b4a3eeb47ef0e6a0 - - default default] Empty body provided in request get_body /usr/lib/python3.9/site-packages/cinder/api/openstack/wsgi.py:715
2025-12-03 22:55:49.274 11 DEBUG cinder.api.openstack.wsgi [None req-9f6c806e-1074-446a-9480-f615db1c362c 973c46d6fb5e49898e1694e673e032c7 dbb2710d867347c5b4a3eeb47ef0e6a0 - - default default] Calling method 'show' _process_stack /usr/lib/python3.9/site-packages/cinder/api/openstack/wsgi.py:868
2025-12-03 22:55:49.315 11 INFO cinder.volume.api [None req-9f6c806e-1074-446a-9480-f615db1c362c 973c46d6fb5e49898e1694e673e032c7 dbb2710d867347c5b4a3eeb47ef0e6a0 - - default default] Volume info retrieved successfully.
2025-12-03 22:55:49.331 11 INFO cinder.api.openstack.wsgi [None req-9f6c806e-1074-446a-9480-f615db1c362c 973c46d6fb5e49898e1694e673e032c7 dbb2710d867347c5b4a3eeb47ef0e6a0 - - default default] https://cinder-public-openstack.apps.sno.openstack.lab/v3/volumes/b26e0ea4-fdd8-4c5b-996a-825accd9ccb3 returned with HTTP 200
2025-12-03 22:55:49.565 12 DEBUG cinder.api.middleware.request_id [None req-fd59e282-e572-41a6-82ed-84505d19597a - - - - - -] RequestId filter calling following filter/app _context_setter /usr/lib/python3.9/site-packages/cinder/api/middleware/request_id.py:62
2025-12-03 22:55:50.348 10 DEBUG cinder.api.middleware.request_id [None req-0210f513-8b25-4d03-aeef-ad28ce25b748 - - - - - -] RequestId filter calling following filter/app _context_setter /usr/lib/python3.9/site-packages/cinder/api/middleware/request_id.py:62
2025-12-03 22:55:50.537 10 INFO cinder.api.openstack.wsgi [None req-0210f513-8b25-4d03-aeef-ad28ce25b748 973c46d6fb5e49898e1694e673e032c7 dbb2710d867347c5b4a3eeb47ef0e6a0 - - default default] GET https://cinder-public-openstack.apps.sno.openstack.lab/v3/volumes/b26e0ea4-fdd8-4c5b-996a-825accd9ccb3
2025-12-03 22:55:50.538 10 DEBUG cinder.api.openstack.wsgi [None req-0210f513-8b25-4d03-aeef-ad28ce25b748 973c46d6fb5e49898e1694e673e032c7 dbb2710d867347c5b4a3eeb47ef0e6a0 - - default default] Empty body provided in request get_body /usr/lib/python3.9/site-packages/cinder/api/openstack/wsgi.py:715
2025-12-03 22:55:50.538 10 DEBUG cinder.api.openstack.wsgi [None req-0210f513-8b25-4d03-aeef-ad28ce25b748 973c46d6fb5e49898e1694e673e032c7 dbb2710d867347c5b4a3eeb47ef0e6a0 - - default default] Calling method 'show' _process_stack /usr/lib/python3.9/site-packages/cinder/api/openstack/wsgi.py:868
2025-12-03 22:55:50.557 10 INFO cinder.volume.api [None req-0210f513-8b25-4d03-aeef-ad28ce25b748 973c46d6fb5e49898e1694e673e032c7 dbb2710d867347c5b4a3eeb47ef0e6a0 - - default default] Volume info retrieved successfully.
2025-12-03 22:55:50.569 10 INFO cinder.api.openstack.wsgi [None req-0210f513-8b25-4d03-aeef-ad28ce25b748 973c46d6fb5e49898e1694e673e032c7 dbb2710d867347c5b4a3eeb47ef0e6a0 - - default default] https://cinder-public-openstack.apps.sno.openstack.lab/v3/volumes/b26e0ea4-fdd8-4c5b-996a-825accd9ccb3 returned with HTTP 200
2025-12-03 22:55:51.567 13 DEBUG cinder.api.middleware.request_id [None req-38b422ea-677b-4ebb-a9b8-cb46fcf8c8e4 - - - - - -] RequestId filter calling following filter/app _context_setter /usr/lib/python3.9/site-packages/cinder/api/middleware/request_id.py:62
2025-12-03 22:55:51.598 11 DEBUG cinder.api.middleware.request_id [None req-97bf17a5-f7aa-402f-8226-ae79d6589dac - - - - - -] RequestId filter calling following filter/app _context_setter /usr/lib/python3.9/site-packages/cinder/api/middleware/request_id.py:62
2025-12-03 22:55:51.978 11 INFO cinder.api.openstack.wsgi [None req-97bf17a5-f7aa-402f-8226-ae79d6589dac 973c46d6fb5e49898e1694e673e032c7 dbb2710d867347c5b4a3eeb47ef0e6a0 - - default default] GET https://cinder-public-openstack.apps.sno.openstack.lab/v3/volumes/b26e0ea4-fdd8-4c5b-996a-825accd9ccb3
2025-12-03 22:55:51.979 11 DEBUG cinder.api.openstack.wsgi [None req-97bf17a5-f7aa-402f-8226-ae79d6589dac 973c46d6fb5e49898e1694e673e032c7 dbb2710d867347c5b4a3eeb47ef0e6a0 - - default default] Empty body provided in request get_body /usr/lib/python3.9/site-packages/cinder/api/openstack/wsgi.py:715
2025-12-03 22:55:51.979 11 DEBUG cinder.api.openstack.wsgi [None req-97bf17a5-f7aa-402f-8226-ae79d6589dac 973c46d6fb5e49898e1694e673e032c7 dbb2710d867347c5b4a3eeb47ef0e6a0 - - default default] Calling method 'show' _process_stack /usr/lib/python3.9/site-packages/cinder/api/openstack/wsgi.py:868
2025-12-03 22:55:51.987 11 INFO cinder.api.openstack.wsgi [None req-97bf17a5-f7aa-402f-8226-ae79d6589dac 973c46d6fb5e49898e1694e673e032c7 dbb2710d867347c5b4a3eeb47ef0e6a0 - - default default] https://cinder-public-openstack.apps.sno.openstack.lab/v3/volumes/b26e0ea4-fdd8-4c5b-996a-825accd9ccb3 returned with HTTP 404
2025-12-03 22:55:52.072 12 DEBUG cinder.api.middleware.request_id [None req-fccf3e6f-b988-497c-8139-790a56f54a8a - - - - - -] RequestId filter calling following filter/app _context_setter /usr/lib/python3.9/site-packages/cinder/api/middleware/request_id.py:62
2025-12-03 22:55:52.228 12 INFO cinder.api.openstack.wsgi [None req-fccf3e6f-b988-497c-8139-790a56f54a8a 0674a24dd9184608a6d1d00877859cc7 17caf3595e89451baa10bb7e15e8a036 - - default default] GET https://cinder-public-openstack.apps.sno.openstack.lab/v3/volumes/detail?all_tenants=1
2025-12-03 22:55:52.229 12 DEBUG cinder.api.openstack.wsgi [None req-fccf3e6f-b988-497c-8139-790a56f54a8a 0674a24dd9184608a6d1d00877859cc7 17caf3595e89451baa10bb7e15e8a036 - - default default] Empty body provided in request get_body /usr/lib/python3.9/site-packages/cinder/api/openstack/wsgi.py:715
2025-12-03 22:55:52.229 12 DEBUG cinder.api.openstack.wsgi [None req-fccf3e6f-b988-497c-8139-790a56f54a8a 0674a24dd9184608a6d1d00877859cc7 17caf3595e89451baa10bb7e15e8a036 - - default default] Calling method 'detail' _process_stack /usr/lib/python3.9/site-packages/cinder/api/openstack/wsgi.py:868
2025-12-03 22:55:52.230 12 DEBUG cinder.volume.api [None req-fccf3e6f-b988-497c-8139-790a56f54a8a 0674a24dd9184608a6d1d00877859cc7 17caf3595e89451baa10bb7e15e8a036 - - default default] Searching by: MultiDict([('all_tenants', 1)]). get_all /usr/lib/python3.9/site-packages/cinder/volume/api.py:664
2025-12-03 22:55:52.243 12 INFO cinder.volume.api [None req-fccf3e6f-b988-497c-8139-790a56f54a8a 0674a24dd9184608a6d1d00877859cc7 17caf3595e89451baa10bb7e15e8a036 - - default default] Get all volumes completed successfully.
2025-12-03 22:55:52.246 12 INFO cinder.api.openstack.wsgi [None req-fccf3e6f-b988-497c-8139-790a56f54a8a 0674a24dd9184608a6d1d00877859cc7 17caf3595e89451baa10bb7e15e8a036 - - default default] https://cinder-public-openstack.apps.sno.openstack.lab/v3/volumes/detail?all_tenants=1 returned with HTTP 200
2025-12-03 22:55:52.265 10 DEBUG cinder.api.middleware.request_id [None req-0c645bfd-958e-45ad-a609-069676d0ff47 - - - - - -] RequestId filter calling following filter/app _context_setter /usr/lib/python3.9/site-packages/cinder/api/middleware/request_id.py:62
2025-12-03 22:55:52.337 10 INFO cinder.api.openstack.wsgi [None req-0c645bfd-958e-45ad-a609-069676d0ff47 0674a24dd9184608a6d1d00877859cc7 17caf3595e89451baa10bb7e15e8a036 - - default default] DELETE https://cinder-public-openstack.apps.sno.openstack.lab/v3/types/439954bb-c5fc-49e1-9f8f-6b3a78420c02
2025-12-03 22:55:52.338 10 DEBUG cinder.api.openstack.wsgi [None req-0c645bfd-958e-45ad-a609-069676d0ff47 0674a24dd9184608a6d1d00877859cc7 17caf3595e89451baa10bb7e15e8a036 - - default default] Empty body provided in request get_body /usr/lib/python3.9/site-packages/cinder/api/openstack/wsgi.py:715
2025-12-03 22:55:52.338 10 DEBUG cinder.api.openstack.wsgi [None req-0c645bfd-958e-45ad-a609-069676d0ff47 0674a24dd9184608a6d1d00877859cc7 17caf3595e89451baa10bb7e15e8a036 - - default default] Calling method '_delete' _process_stack /usr/lib/python3.9/site-packages/cinder/api/openstack/wsgi.py:868
2025-12-03 22:55:52.401 10 INFO cinder.api.openstack.wsgi [None req-0c645bfd-958e-45ad-a609-069676d0ff47 0674a24dd9184608a6d1d00877859cc7 17caf3595e89451baa10bb7e15e8a036 - - default default] https://cinder-public-openstack.apps.sno.openstack.lab/v3/types/439954bb-c5fc-49e1-9f8f-6b3a78420c02 returned with HTTP 202
2025-12-03 22:55:54.567 13 DEBUG cinder.api.middleware.request_id [None req-87999f4a-84f0-43ed-9fce-bb96dac914d9 - - - - - -] RequestId filter calling following filter/app _context_setter /usr/lib/python3.9/site-packages/cinder/api/middleware/request_id.py:62
2025-12-03 22:55:54.571 13 DEBUG cinder.api.middleware.request_id [None req-315da025-ad8e-4d9f-926c-3ba81bbd646a - - - - - -] RequestId filter calling following filter/app _context_setter /usr/lib/python3.9/site-packages/cinder/api/middleware/request_id.py:62
2025-12-03 22:55:57.564 13 DEBUG cinder.api.middleware.request_id [None req-681f58e2-8f6f-4e5e-9341-568011216874 - - - - - -] RequestId filter calling following filter/app _context_setter /usr/lib/python3.9/site-packages/cinder/api/middleware/request_id.py:62
2025-12-03 22:55:59.565 11 DEBUG cinder.api.middleware.request_id [None req-eabb9eb3-03d6-4956-b95f-92269c726ac8 - - - - - -] RequestId filter calling following filter/app _context_setter /usr/lib/python3.9/site-packages/cinder/api/middleware/request_id.py:62
2025-12-03 22:56:00.564 12 DEBUG cinder.api.middleware.request_id [None req-f8e042df-a400-44f3-affd-68be6b52b66f - - - - - -] RequestId filter calling following filter/app _context_setter /usr/lib/python3.9/site-packages/cinder/api/middleware/request_id.py:62
2025-12-03 22:56:03.567 10 DEBUG cinder.api.middleware.request_id [None req-19df9886-7ebc-422d-b85b-e4c987949791 - - - - - -] RequestId filter calling following filter/app _context_setter /usr/lib/python3.9/site-packages/cinder/api/middleware/request_id.py:62
2025-12-03 22:56:04.568 13 DEBUG cinder.api.middleware.request_id [None req-56d6250c-0114-49b8-b7fc-651784dc2597 - - - - - -] RequestId filter calling following filter/app _context_setter /usr/lib/python3.9/site-packages/cinder/api/middleware/request_id.py:62
2025-12-03 22:56:06.565 11 DEBUG cinder.api.middleware.request_id [None req-f98b9932-a9dc-49a1-b360-4171bad85cd6 - - - - - -] RequestId filter calling following filter/app _context_setter /usr/lib/python3.9/site-packages/cinder/api/middleware/request_id.py:62
2025-12-03 22:56:09.567 10 DEBUG cinder.api.middleware.request_id [None req-b5d86ca3-8c3b-4298-b8cf-73f33990376a - - - - - -] RequestId filter calling following filter/app _context_setter /usr/lib/python3.9/site-packages/cinder/api/middleware/request_id.py:62
2025-12-03 22:56:09.568 12 DEBUG cinder.api.middleware.request_id [None req-aebcc52f-b92d-48b1-8d68-df6991e68ae1 - - - - - -] RequestId filter calling following filter/app _context_setter /usr/lib/python3.9/site-packages/cinder/api/middleware/request_id.py:62
2025-12-03 22:56:12.564 13 DEBUG cinder.api.middleware.request_id [None req-1b4d3914-5026-4e08-b5c7-459fd652c2ca - - - - - -] RequestId filter calling following filter/app _context_setter /usr/lib/python3.9/site-packages/cinder/api/middleware/request_id.py:62
2025-12-03 22:56:14.565 11 DEBUG cinder.api.middleware.request_id [None req-46a78dcc-01ea-42b5-bf75-7ca484461c64 - - - - - -] RequestId filter calling following filter/app _context_setter /usr/lib/python3.9/site-packages/cinder/api/middleware/request_id.py:62
2025-12-03 22:56:15.564 10 DEBUG cinder.api.middleware.request_id [None req-15a0ba97-c01b-4493-a013-6b17ba3afbdb - - - - - -] RequestId filter calling following filter/app _context_setter /usr/lib/python3.9/site-packages/cinder/api/middleware/request_id.py:62
2025-12-03 22:56:18.564 10 DEBUG cinder.api.middleware.request_id [None req-be480df9-b965-4ef3-8053-ca01aca54126 - - - - - -] RequestId filter calling following filter/app _context_setter /usr/lib/python3.9/site-packages/cinder/api/middleware/request_id.py:62
2025-12-03 22:56:19.388 12 DEBUG cinder.api.middleware.request_id [None req-11903475-d951-431a-828b-0ff2a069cee2 - - - - - -] RequestId filter calling following filter/app _context_setter /usr/lib/python3.9/site-packages/cinder/api/middleware/request_id.py:62
2025-12-03 22:56:19.519 12 INFO cinder.api.openstack.wsgi [None req-11903475-d951-431a-828b-0ff2a069cee2 0674a24dd9184608a6d1d00877859cc7 17caf3595e89451baa10bb7e15e8a036 - - default default] POST https://cinder-public-openstack.apps.sno.openstack.lab/v3/types
2025-12-03 22:56:19.520 12 DEBUG cinder.api.openstack.wsgi [None req-11903475-d951-431a-828b-0ff2a069cee2 0674a24dd9184608a6d1d00877859cc7 17caf3595e89451baa10bb7e15e8a036 - - default default] Action: 'create', calling method: _create, body: {"volume_type": {"name": "tempest-scenario-type-luks-1546695227", "extra_specs": {}}} _process_stack /usr/lib/python3.9/site-packages/cinder/api/openstack/wsgi.py:866
2025-12-03 22:56:19.564 13 DEBUG cinder.api.middleware.request_id [None req-90db2a4a-e017-4fe6-a8cc-0ed3ead42ad5 - - - - - -] RequestId filter calling following filter/app _context_setter /usr/lib/python3.9/site-packages/cinder/api/middleware/request_id.py:62
2025-12-03 22:56:19.565 12 INFO cinder.api.openstack.wsgi [None req-11903475-d951-431a-828b-0ff2a069cee2 0674a24dd9184608a6d1d00877859cc7 17caf3595e89451baa10bb7e15e8a036 - - default default] https://cinder-public-openstack.apps.sno.openstack.lab/v3/types returned with HTTP 200
2025-12-03 22:56:19.580 11 DEBUG cinder.api.middleware.request_id [None req-f0b0e651-3cfd-474c-acde-f8d316ae436a - - - - - -] RequestId filter calling following filter/app _context_setter /usr/lib/python3.9/site-packages/cinder/api/middleware/request_id.py:62
2025-12-03 22:56:19.641 11 INFO cinder.api.openstack.wsgi [None req-f0b0e651-3cfd-474c-acde-f8d316ae436a 0674a24dd9184608a6d1d00877859cc7 17caf3595e89451baa10bb7e15e8a036 - - default default] POST https://cinder-public-openstack.apps.sno.openstack.lab/v3/types/0a10354e-2227-4a04-976f-fab6bce5a4c5/encryption
2025-12-03 22:56:19.642 11 DEBUG cinder.api.openstack.wsgi [None req-f0b0e651-3cfd-474c-acde-f8d316ae436a 0674a24dd9184608a6d1d00877859cc7 17caf3595e89451baa10bb7e15e8a036 - - default default] Action: 'create', calling method: create, body: {"encryption": {"provider": "luks", "key_size": 256, "cipher": "aes-xts-plain64", "control_location": "front-end"}} _process_stack /usr/lib/python3.9/site-packages/cinder/api/openstack/wsgi.py:866
2025-12-03 22:56:19.659 11 INFO cinder.api.openstack.wsgi [None req-f0b0e651-3cfd-474c-acde-f8d316ae436a 0674a24dd9184608a6d1d00877859cc7 17caf3595e89451baa10bb7e15e8a036 - - default default] https://cinder-public-openstack.apps.sno.openstack.lab/v3/types/0a10354e-2227-4a04-976f-fab6bce5a4c5/encryption returned with HTTP 200
2025-12-03 22:56:19.674 10 DEBUG cinder.api.middleware.request_id [None req-d3c8a458-4d09-474b-b4b8-724822467ab7 - - - - - -] RequestId filter calling following filter/app _context_setter /usr/lib/python3.9/site-packages/cinder/api/middleware/request_id.py:62
2025-12-03 22:56:19.726 10 INFO cinder.api.openstack.wsgi [None req-d3c8a458-4d09-474b-b4b8-724822467ab7 973c46d6fb5e49898e1694e673e032c7 dbb2710d867347c5b4a3eeb47ef0e6a0 - - default default] POST https://cinder-public-openstack.apps.sno.openstack.lab/v3/volumes
2025-12-03 22:56:19.726 10 DEBUG cinder.api.openstack.wsgi [None req-d3c8a458-4d09-474b-b4b8-724822467ab7 973c46d6fb5e49898e1694e673e032c7 dbb2710d867347c5b4a3eeb47ef0e6a0 - - default default] Action: 'create', calling method: create, body: {"volume": {"name": "tempest-VolumeEncryptionTest-volume-2060225629", "snapshot_id": null, "imageRef": null, "volume_type": "tempest-scenario-type-luks-1546695227", "size": 1}} _process_stack /usr/lib/python3.9/site-packages/cinder/api/openstack/wsgi.py:866
2025-12-03 22:56:19.727 10 DEBUG cinder.api.v3.volumes [None req-d3c8a458-4d09-474b-b4b8-724822467ab7 973c46d6fb5e49898e1694e673e032c7 dbb2710d867347c5b4a3eeb47ef0e6a0 - - default default] Create volume request body: {'volume': {'name': 'tempest-VolumeEncryptionTest-volume-2060225629', 'snapshot_id': None, 'imageRef': None, 'volume_type': 'tempest-scenario-type-luks-1546695227', 'size': 1}} create /usr/lib/python3.9/site-packages/cinder/api/v3/volumes.py:297
2025-12-03 22:56:19.732 10 INFO cinder.api.v3.volumes [None req-d3c8a458-4d09-474b-b4b8-724822467ab7 973c46d6fb5e49898e1694e673e032c7 dbb2710d867347c5b4a3eeb47ef0e6a0 - - default default] Create volume of 1 GB
2025-12-03 22:56:19.733 10 INFO cinder.volume.api [None req-d3c8a458-4d09-474b-b4b8-724822467ab7 973c46d6fb5e49898e1694e673e032c7 dbb2710d867347c5b4a3eeb47ef0e6a0 - - default default] Availability Zones retrieved successfully.
2025-12-03 22:56:19.740 10 DEBUG cinder.volume.api [None req-d3c8a458-4d09-474b-b4b8-724822467ab7 973c46d6fb5e49898e1694e673e032c7 dbb2710d867347c5b4a3eeb47ef0e6a0 - - default default] Flow 'volume_create_api' (52cb66ab-a4c5-4e66-8490-a011624afd9b) transitioned into state 'RUNNING' from state 'PENDING' _flow_receiver /usr/lib/python3.9/site-packages/taskflow/listeners/logging.py:141
2025-12-03 22:56:19.741 10 DEBUG cinder.volume.api [None req-d3c8a458-4d09-474b-b4b8-724822467ab7 973c46d6fb5e49898e1694e673e032c7 dbb2710d867347c5b4a3eeb47ef0e6a0 - - default default] Task 'cinder.volume.flows.api.create_volume.ExtractVolumeRequestTask;volume:create' (953e0aee-a33f-43a9-91fd-319b80192d5a) transitioned into state 'RUNNING' from state 'PENDING' _task_receiver /usr/lib/python3.9/site-packages/taskflow/listeners/logging.py:190
2025-12-03 22:56:19.742 10 DEBUG cinder.volume.flows.api.create_volume [None req-d3c8a458-4d09-474b-b4b8-724822467ab7 973c46d6fb5e49898e1694e673e032c7 dbb2710d867347c5b4a3eeb47ef0e6a0 - - default default] Validating volume size '1' using validate_int _extract_size /usr/lib/python3.9/site-packages/cinder/volume/flows/api/create_volume.py:228
2025-12-03 22:56:19.755 10 DEBUG barbicanclient.client [None req-d3c8a458-4d09-474b-b4b8-724822467ab7 973c46d6fb5e49898e1694e673e032c7 dbb2710d867347c5b4a3eeb47ef0e6a0 - - default default] Creating Client object Client /usr/lib/python3.9/site-packages/barbicanclient/client.py:163
2025-12-03 22:56:19.776 10 DEBUG barbicanclient.v1.orders [None req-d3c8a458-4d09-474b-b4b8-724822467ab7 973c46d6fb5e49898e1694e673e032c7 dbb2710d867347c5b4a3eeb47ef0e6a0 - - default default] Request body: {'type': 'key', 'meta': {'algorithm': 'aes', 'bit_length': 256}} submit /usr/lib/python3.9/site-packages/barbicanclient/v1/orders.py:233
2025-12-03 22:56:19.857 10 DEBUG barbicanclient.client [None req-d3c8a458-4d09-474b-b4b8-724822467ab7 973c46d6fb5e49898e1694e673e032c7 dbb2710d867347c5b4a3eeb47ef0e6a0 - - default default] Response status 202 _check_status_code /usr/lib/python3.9/site-packages/barbicanclient/client.py:87
2025-12-03 22:56:19.858 10 DEBUG barbicanclient.v1.orders [None req-d3c8a458-4d09-474b-b4b8-724822467ab7 973c46d6fb5e49898e1694e673e032c7 dbb2710d867347c5b4a3eeb47ef0e6a0 - - default default] Getting order - Order href: http://barbican-internal.openstack.svc:9311/v1/orders/cc7adda4-ec27-4cf1-a86f-73a431b27ab3 get /usr/lib/python3.9/site-packages/barbicanclient/v1/orders.py:396
2025-12-03 22:56:19.858 10 INFO barbicanclient.base [None req-d3c8a458-4d09-474b-b4b8-724822467ab7 973c46d6fb5e49898e1694e673e032c7 dbb2710d867347c5b4a3eeb47ef0e6a0 - - default default] Calculated Orders uuid ref: orders/cc7adda4-ec27-4cf1-a86f-73a431b27ab3
2025-12-03 22:56:19.883 10 DEBUG barbicanclient.client [None req-d3c8a458-4d09-474b-b4b8-724822467ab7 973c46d6fb5e49898e1694e673e032c7 dbb2710d867347c5b4a3eeb47ef0e6a0 - - default default] Response status 200 _check_status_code /usr/lib/python3.9/site-packages/barbicanclient/client.py:87
2025-12-03 22:56:20.134 10 INFO castellan.key_manager.barbican_key_manager [None req-d3c8a458-4d09-474b-b4b8-724822467ab7 973c46d6fb5e49898e1694e673e032c7 dbb2710d867347c5b4a3eeb47ef0e6a0 - - default default] Retry attempt #0 out of 60: Order status is 'PENDING'. Waiting for 'ACTIVE', will retry in 1 seconds
2025-12-03 22:56:21.136 10 DEBUG barbicanclient.v1.orders [None req-d3c8a458-4d09-474b-b4b8-724822467ab7 973c46d6fb5e49898e1694e673e032c7 dbb2710d867347c5b4a3eeb47ef0e6a0 - - default default] Getting order - Order href: http://barbican-internal.openstack.svc:9311/v1/orders/cc7adda4-ec27-4cf1-a86f-73a431b27ab3 get /usr/lib/python3.9/site-packages/barbicanclient/v1/orders.py:396
2025-12-03 22:56:21.136 10 INFO barbicanclient.base [None req-d3c8a458-4d09-474b-b4b8-724822467ab7 973c46d6fb5e49898e1694e673e032c7 dbb2710d867347c5b4a3eeb47ef0e6a0 - - default default] Calculated Orders uuid ref: orders/cc7adda4-ec27-4cf1-a86f-73a431b27ab3
2025-12-03 22:56:21.155 10 DEBUG barbicanclient.client [None req-d3c8a458-4d09-474b-b4b8-724822467ab7 973c46d6fb5e49898e1694e673e032c7 dbb2710d867347c5b4a3eeb47ef0e6a0 - - default default] Response status 200 _check_status_code /usr/lib/python3.9/site-packages/barbicanclient/client.py:87
2025-12-03 22:56:21.171 10 DEBUG cinder.volume.api [None req-d3c8a458-4d09-474b-b4b8-724822467ab7 973c46d6fb5e49898e1694e673e032c7 dbb2710d867347c5b4a3eeb47ef0e6a0 - - default default] Task 'cinder.volume.flows.api.create_volume.ExtractVolumeRequestTask;volume:create' (953e0aee-a33f-43a9-91fd-319b80192d5a) transitioned into state 'SUCCESS' from state 'RUNNING' with result '{'size': 1, 'snapshot_id': None, 'source_volid': None, 'volume_type': VolumeType(created_at=2025-12-03T22:56:19Z,deleted=False,deleted_at=None,description=None,extra_specs={},id=0a10354e-2227-4a04-976f-fab6bce5a4c5,is_public=True,name='tempest-scenario-type-luks-1546695227',projects=[],qos_specs=,qos_specs_id=None,updated_at=None), 'volume_type_id': '0a10354e-2227-4a04-976f-fab6bce5a4c5', 'encryption_key_id': 'c4de12dc-5b1e-452b-bbc2-0bc52b3734e5', 'qos_specs': None, 'consistencygroup_id': None, 'cgsnapshot_id': None, 'group_id': None, 'replication_status': 'disabled', 'refresh_az': False, 'backup_id': None, 'multiattach': False, 'availability_zones': ['nova']}' _task_receiver /usr/lib/python3.9/site-packages/taskflow/listeners/logging.py:178
2025-12-03 22:56:21.173 10 DEBUG cinder.volume.api [None req-d3c8a458-4d09-474b-b4b8-724822467ab7 973c46d6fb5e49898e1694e673e032c7 dbb2710d867347c5b4a3eeb47ef0e6a0 - - default default] Task 'cinder.volume.flows.api.create_volume.QuotaReserveTask;volume:create' (be36057f-343e-4313-ae74-ca0452508df3) transitioned into state 'RUNNING' from state 'PENDING' _task_receiver /usr/lib/python3.9/site-packages/taskflow/listeners/logging.py:190
2025-12-03 22:56:21.190 10 WARNING cinder.quota [None req-d3c8a458-4d09-474b-b4b8-724822467ab7 973c46d6fb5e49898e1694e673e032c7 dbb2710d867347c5b4a3eeb47ef0e6a0 - - default default] Deprecated: Default quota for resource: volumes_tempest-scenario-type-luks-1546695227 is set by the default quota flag: quota_volumes_tempest-scenario-type-luks-1546695227, it is now deprecated. Please use the default quota class for default quota.
2025-12-03 22:56:21.191 10 WARNING cinder.quota [None req-d3c8a458-4d09-474b-b4b8-724822467ab7 973c46d6fb5e49898e1694e673e032c7 dbb2710d867347c5b4a3eeb47ef0e6a0 - - default default] Deprecated: Default quota for resource: gigabytes_tempest-scenario-type-luks-1546695227 is set by the default quota flag: quota_gigabytes_tempest-scenario-type-luks-1546695227, it is now deprecated. Please use the default quota class for default quota.
2025-12-03 22:56:21.218 10 DEBUG cinder.quota [None req-d3c8a458-4d09-474b-b4b8-724822467ab7 973c46d6fb5e49898e1694e673e032c7 dbb2710d867347c5b4a3eeb47ef0e6a0 - - default default] Created reservations ['da40bbf2-43da-4ebd-996a-ba401668cd11', 'ecaf3648-57bf-41be-8c46-20ccdc6b9051', '9a8b1435-1634-419c-bf20-8244cc3fbff9', 'a6189948-9449-4c05-99e0-68d768e98312'] reserve /usr/lib/python3.9/site-packages/cinder/quota.py:755
2025-12-03 22:56:21.220 10 DEBUG cinder.volume.api [None req-d3c8a458-4d09-474b-b4b8-724822467ab7 973c46d6fb5e49898e1694e673e032c7 dbb2710d867347c5b4a3eeb47ef0e6a0 - - default default] Task 'cinder.volume.flows.api.create_volume.QuotaReserveTask;volume:create' (be36057f-343e-4313-ae74-ca0452508df3) transitioned into state 'SUCCESS' from state 'RUNNING' with result '{'reservations': ['da40bbf2-43da-4ebd-996a-ba401668cd11', 'ecaf3648-57bf-41be-8c46-20ccdc6b9051', '9a8b1435-1634-419c-bf20-8244cc3fbff9', 'a6189948-9449-4c05-99e0-68d768e98312']}' _task_receiver /usr/lib/python3.9/site-packages/taskflow/listeners/logging.py:178
2025-12-03 22:56:21.221 10 DEBUG cinder.volume.api [None req-d3c8a458-4d09-474b-b4b8-724822467ab7 973c46d6fb5e49898e1694e673e032c7 dbb2710d867347c5b4a3eeb47ef0e6a0 - - default default] Task 'cinder.volume.flows.api.create_volume.EntryCreateTask;volume:create' (34fcfec5-9c50-41f1-a905-673a1a596520) transitioned into state 'RUNNING' from state 'PENDING' _task_receiver /usr/lib/python3.9/site-packages/taskflow/listeners/logging.py:190
2025-12-03 22:56:21.237 10 DEBUG cinder.volume.api [None req-d3c8a458-4d09-474b-b4b8-724822467ab7 973c46d6fb5e49898e1694e673e032c7 dbb2710d867347c5b4a3eeb47ef0e6a0 - - default default] Task 'cinder.volume.flows.api.create_volume.EntryCreateTask;volume:create' (34fcfec5-9c50-41f1-a905-673a1a596520) transitioned into state 'SUCCESS' from state 'RUNNING' with result '{'volume_id': 'c033528c-b279-451f-af1d-c06f7d011053', 'volume_properties': VolumeProperties(attach_status='detached',availability_zone='nova',cgsnapshot_id=None,consistencygroup_id=None,display_description=None,display_name='tempest-VolumeEncryptionTest-volume-2060225629',encryption_key_id=c4de12dc-5b1e-452b-bbc2-0bc52b3734e5,group_id=None,group_type_id=,metadata={},multiattach=False,project_id='dbb2710d867347c5b4a3eeb47ef0e6a0',qos_specs=None,replication_status=,reservations=['da40bbf2-43da-4ebd-996a-ba401668cd11','ecaf3648-57bf-41be-8c46-20ccdc6b9051','9a8b1435-1634-419c-bf20-8244cc3fbff9','a6189948-9449-4c05-99e0-68d768e98312'],size=1,snapshot_id=None,source_replicaid=,source_volid=None,status='creating',user_id='973c46d6fb5e49898e1694e673e032c7',volume_type_id=0a10354e-2227-4a04-976f-fab6bce5a4c5), 'volume': Volume(_name_id=None,admin_metadata=,attach_status='detached',availability_zone='nova',bootable=False,cluster=,cluster_name=None,consistencygroup=,consistencygroup_id=None,created_at=2025-12-03T22:56:21Z,deleted=False,deleted_at=None,display_description=None,display_name='tempest-VolumeEncryptionTest-volume-2060225629',ec2_id=None,encryption_key_id=c4de12dc-5b1e-452b-bbc2-0bc52b3734e5,glance_metadata=,group=,group_id=None,host=None,id=c033528c-b279-451f-af1d-c06f7d011053,launched_at=None,metadata={},migration_status=None,multiattach=False,previous_status=None,project_id='dbb2710d867347c5b4a3eeb47ef0e6a0',provider_auth=None,provider_geometry=None,provider_id=None,provider_location=None,replication_driver_data=None,replication_extended_status=None,replication_status=None,scheduled_at=None,service_uuid=None,shared_targets=True,size=1,snapshot_id=None,snapshots=,source_volid=None,status='creating',terminated_at=None,updated_at=None,use_quota=True,user_id='973c46d6fb5e49898e1694e673e032c7',volume_attachment=VolumeAttachmentList,volume_type=VolumeType(0a10354e-2227-4a04-976f-fab6bce5a4c5),volume_type_id=0a10354e-2227-4a04-976f-fab6bce5a4c5)}' _task_receiver /usr/lib/python3.9/site-packages/taskflow/listeners/logging.py:178
2025-12-03 22:56:21.239 10 DEBUG cinder.volume.api [None req-d3c8a458-4d09-474b-b4b8-724822467ab7 973c46d6fb5e49898e1694e673e032c7 dbb2710d867347c5b4a3eeb47ef0e6a0 - - default default] Task 'cinder.volume.flows.api.create_volume.QuotaCommitTask;volume:create' (62594fab-c42d-4a09-88cf-f616bdee5cfe) transitioned into state 'RUNNING' from state 'PENDING' _task_receiver /usr/lib/python3.9/site-packages/taskflow/listeners/logging.py:190
2025-12-03 22:56:21.258 10 DEBUG cinder.volume.api [None req-d3c8a458-4d09-474b-b4b8-724822467ab7 973c46d6fb5e49898e1694e673e032c7 dbb2710d867347c5b4a3eeb47ef0e6a0 - - default default] Task 'cinder.volume.flows.api.create_volume.QuotaCommitTask;volume:create' (62594fab-c42d-4a09-88cf-f616bdee5cfe) transitioned into state 'SUCCESS' from state 'RUNNING' with result '{'volume_properties': VolumeProperties(attach_status='detached',availability_zone='nova',cgsnapshot_id=None,consistencygroup_id=None,display_description=None,display_name='tempest-VolumeEncryptionTest-volume-2060225629',encryption_key_id=c4de12dc-5b1e-452b-bbc2-0bc52b3734e5,group_id=None,group_type_id=,metadata={},multiattach=False,project_id='dbb2710d867347c5b4a3eeb47ef0e6a0',qos_specs=None,replication_status=,reservations=['da40bbf2-43da-4ebd-996a-ba401668cd11','ecaf3648-57bf-41be-8c46-20ccdc6b9051','9a8b1435-1634-419c-bf20-8244cc3fbff9','a6189948-9449-4c05-99e0-68d768e98312'],size=1,snapshot_id=None,source_replicaid=,source_volid=None,status='creating',user_id='973c46d6fb5e49898e1694e673e032c7',volume_type_id=0a10354e-2227-4a04-976f-fab6bce5a4c5)}' _task_receiver /usr/lib/python3.9/site-packages/taskflow/listeners/logging.py:178
2025-12-03 22:56:21.259 10 DEBUG cinder.volume.api [None req-d3c8a458-4d09-474b-b4b8-724822467ab7 973c46d6fb5e49898e1694e673e032c7 dbb2710d867347c5b4a3eeb47ef0e6a0 - - default default] Task 'cinder.volume.flows.api.create_volume.VolumeCastTask;volume:create' (c68d133b-3fdd-40d5-b0c8-efb1f913031e) transitioned into state 'RUNNING' from state 'PENDING' _task_receiver /usr/lib/python3.9/site-packages/taskflow/listeners/logging.py:190
2025-12-03 22:56:21.275 10 DEBUG cinder.volume.api [None req-d3c8a458-4d09-474b-b4b8-724822467ab7 973c46d6fb5e49898e1694e673e032c7 dbb2710d867347c5b4a3eeb47ef0e6a0 - - default default] Task 'cinder.volume.flows.api.create_volume.VolumeCastTask;volume:create' (c68d133b-3fdd-40d5-b0c8-efb1f913031e) transitioned into state 'SUCCESS' from state 'RUNNING' with result 'None' _task_receiver /usr/lib/python3.9/site-packages/taskflow/listeners/logging.py:178
2025-12-03 22:56:21.276 10 DEBUG cinder.volume.api [None req-d3c8a458-4d09-474b-b4b8-724822467ab7 973c46d6fb5e49898e1694e673e032c7 dbb2710d867347c5b4a3eeb47ef0e6a0 - - default default] Flow 'volume_create_api' (52cb66ab-a4c5-4e66-8490-a011624afd9b) transitioned into state 'SUCCESS' from state 'RUNNING' _flow_receiver /usr/lib/python3.9/site-packages/taskflow/listeners/logging.py:141
2025-12-03 22:56:21.277 10 INFO cinder.volume.api [None req-d3c8a458-4d09-474b-b4b8-724822467ab7 973c46d6fb5e49898e1694e673e032c7 dbb2710d867347c5b4a3eeb47ef0e6a0 - - default default] Create volume request issued successfully.
2025-12-03 22:56:21.278 10 INFO cinder.api.openstack.wsgi [None req-d3c8a458-4d09-474b-b4b8-724822467ab7 973c46d6fb5e49898e1694e673e032c7 dbb2710d867347c5b4a3eeb47ef0e6a0 - - default default] https://cinder-public-openstack.apps.sno.openstack.lab/v3/volumes returned with HTTP 202
2025-12-03 22:56:21.294 12 DEBUG cinder.api.middleware.request_id [None req-4bc28f6e-1758-4d1b-aa77-7234b8422e85 - - - - - -] RequestId filter calling following filter/app _context_setter /usr/lib/python3.9/site-packages/cinder/api/middleware/request_id.py:62
2025-12-03 22:56:21.351 12 INFO cinder.api.openstack.wsgi [None req-4bc28f6e-1758-4d1b-aa77-7234b8422e85 973c46d6fb5e49898e1694e673e032c7 dbb2710d867347c5b4a3eeb47ef0e6a0 - - default default] GET https://cinder-public-openstack.apps.sno.openstack.lab/v3/volumes/c033528c-b279-451f-af1d-c06f7d011053
2025-12-03 22:56:21.352 12 DEBUG cinder.api.openstack.wsgi [None req-4bc28f6e-1758-4d1b-aa77-7234b8422e85 973c46d6fb5e49898e1694e673e032c7 dbb2710d867347c5b4a3eeb47ef0e6a0 - - default default] Empty body provided in request get_body /usr/lib/python3.9/site-packages/cinder/api/openstack/wsgi.py:715
2025-12-03 22:56:21.352 12 DEBUG cinder.api.openstack.wsgi [None req-4bc28f6e-1758-4d1b-aa77-7234b8422e85 973c46d6fb5e49898e1694e673e032c7 dbb2710d867347c5b4a3eeb47ef0e6a0 - - default default] Calling method 'show' _process_stack /usr/lib/python3.9/site-packages/cinder/api/openstack/wsgi.py:868
2025-12-03 22:56:21.365 12 INFO cinder.volume.api [None req-4bc28f6e-1758-4d1b-aa77-7234b8422e85 973c46d6fb5e49898e1694e673e032c7 dbb2710d867347c5b4a3eeb47ef0e6a0 - - default default] Volume info retrieved successfully.
2025-12-03 22:56:21.372 12 INFO cinder.api.openstack.wsgi [None req-4bc28f6e-1758-4d1b-aa77-7234b8422e85 973c46d6fb5e49898e1694e673e032c7 dbb2710d867347c5b4a3eeb47ef0e6a0 - - default default] https://cinder-public-openstack.apps.sno.openstack.lab/v3/volumes/c033528c-b279-451f-af1d-c06f7d011053 returned with HTTP 200
2025-12-03 22:56:21.565 13 DEBUG cinder.api.middleware.request_id [None req-7f7b6424-d963-4914-aca5-3cc547149823 - - - - - -] RequestId filter calling following filter/app _context_setter /usr/lib/python3.9/site-packages/cinder/api/middleware/request_id.py:62
2025-12-03 22:56:22.389 11 DEBUG cinder.api.middleware.request_id [None req-f7b4c67b-2115-452d-a9f6-00fa8e62e199 - - - - - -] RequestId filter calling following filter/app _context_setter /usr/lib/python3.9/site-packages/cinder/api/middleware/request_id.py:62
2025-12-03 22:56:22.451 11 INFO cinder.api.openstack.wsgi [None req-f7b4c67b-2115-452d-a9f6-00fa8e62e199 973c46d6fb5e49898e1694e673e032c7 dbb2710d867347c5b4a3eeb47ef0e6a0 - - default default] GET https://cinder-public-openstack.apps.sno.openstack.lab/v3/volumes/c033528c-b279-451f-af1d-c06f7d011053
2025-12-03 22:56:22.452 11 DEBUG cinder.api.openstack.wsgi [None req-f7b4c67b-2115-452d-a9f6-00fa8e62e199 973c46d6fb5e49898e1694e673e032c7 dbb2710d867347c5b4a3eeb47ef0e6a0 - - default default] Empty body provided in request get_body /usr/lib/python3.9/site-packages/cinder/api/openstack/wsgi.py:715
2025-12-03 22:56:22.452 11 DEBUG cinder.api.openstack.wsgi [None req-f7b4c67b-2115-452d-a9f6-00fa8e62e199 973c46d6fb5e49898e1694e673e032c7 dbb2710d867347c5b4a3eeb47ef0e6a0 - - default default] Calling method 'show' _process_stack /usr/lib/python3.9/site-packages/cinder/api/openstack/wsgi.py:868
