10.128.0.2 - - [03/Dec/2025:22:56:33 +0000] "GET /v3/volumes/c033528c-b279-451f-af1d-c06f7d011053 HTTP/1.1" 200 930 "-" "python-urllib3/1.26.5"
10.128.0.2 - - [03/Dec/2025:22:56:33 +0000] "GET /healthcheck HTTP/1.1" 200 2 "-" "kube-probe/1.31"
10.128.0.2 - - [03/Dec/2025:22:56:34 +0000] "GET /healthcheck HTTP/1.1" 200 2 "-" "kube-probe/1.31" [Wed Dec 03 22:56:34.745091 2025] [wsgi:error] [pid 11:tid 32] [remote 10.128.0.2:36116] /usr/lib/python3.9/site-packages/oslo_context/context.py:100: DeprecationWarning: Policy enforcement is depending on the value of is_admin. This key is deprecated. Please update your policy file to use the standard policy values. [Wed Dec 03 22:56:34.745115 2025] [wsgi:error] [pid 11:tid 32] [remote 10.128.0.2:36116] warnings.warn('Policy enforcement is depending on the value of '
10.128.0.2 - - [03/Dec/2025:22:56:34 +0000] "GET /v3/volumes/c033528c-b279-451f-af1d-c06f7d011053 HTTP/1.1" 200 930 "-" "python-urllib3/1.26.5" [Wed Dec 03 22:56:35.948537 2025] [wsgi:error] [pid 12:tid 26] [remote 10.128.0.2:36126] /usr/lib/python3.9/site-packages/oslo_context/context.py:100: DeprecationWarning: Policy enforcement is depending on the value of is_admin. This key is deprecated. Please update your policy file to use the standard policy values. [Wed Dec 03 22:56:35.948563 2025] [wsgi:error] [pid 12:tid 26] [remote 10.128.0.2:36126] warnings.warn('Policy enforcement is depending on the value of '
10.128.0.2 - - [03/Dec/2025:22:56:35 +0000] "GET /v3/volumes/c033528c-b279-451f-af1d-c06f7d011053 HTTP/1.1" 200 930 "-" "python-urllib3/1.26.5"
10.128.0.2 - - [03/Dec/2025:22:56:36 +0000] "GET /healthcheck HTTP/1.1" 200 2 "-" "kube-probe/1.31" [Wed Dec 03 22:56:37.114934 2025] [wsgi:error] [pid 11:tid 32] [remote 10.128.0.2:36138] /usr/lib/python3.9/site-packages/oslo_context/context.py:100: DeprecationWarning: Policy enforcement is depending on the value of is_admin. This key is deprecated. Please update your policy file to use the standard policy values. [Wed Dec 03 22:56:37.114962 2025] [wsgi:error] [pid 11:tid 32] [remote 10.128.0.2:36138] warnings.warn('Policy enforcement is depending on the value of '
10.128.0.2 - - [03/Dec/2025:22:56:36 +0000] "GET /v3/volumes/c033528c-b279-451f-af1d-c06f7d011053 HTTP/1.1" 200 930 "-" "python-urllib3/1.26.5" [Wed Dec 03 22:56:37.142205 2025] [wsgi:error] [pid 13:tid 29] [remote 100.64.0.2:36742] /usr/lib/python3.9/site-packages/oslo_context/context.py:100: DeprecationWarning: Policy enforcement is depending on the value of is_admin. This key is deprecated. Please update your policy file to use the standard policy values. [Wed Dec 03 22:56:37.142232 2025] [wsgi:error] [pid 13:tid 29] [remote 100.64.0.2:36742] warnings.warn('Policy enforcement is depending on the value of '
100.64.0.2 - - [03/Dec/2025:22:56:36 +0000] "POST /v3/attachments/6f51a9f5-940c-440e-9a3a-1a4990d3dafd/action HTTP/1.1" 204 - "-" "python-cinderclient" [Wed Dec 03 22:56:38.199415 2025] [wsgi:error] [pid 12:tid 26] [remote 10.128.0.2:36142] /usr/lib/python3.9/site-packages/oslo_context/context.py:100: DeprecationWarning: Policy enforcement is depending on the value of is_admin. This key is deprecated. Please update your policy file to use the standard policy values. [Wed Dec 03 22:56:38.199440 2025] [wsgi:error] [pid 12:tid 26] [remote 10.128.0.2:36142] warnings.warn('Policy enforcement is depending on the value of '
10.128.0.2 - - [03/Dec/2025:22:56:38 +0000] "GET /v3/volumes/c033528c-b279-451f-af1d-c06f7d011053 HTTP/1.1" 200 1222 "-" "python-urllib3/1.26.5" [Wed Dec 03 22:56:38.303763 2025] [wsgi:error] [pid 10:tid 111] [remote 10.128.0.2:36146] /usr/lib/python3.9/site-packages/oslo_context/context.py:100: DeprecationWarning: Policy enforcement is depending on the value of is_admin. This key is deprecated. Please update your policy file to use the standard policy values. [Wed Dec 03 22:56:38.303846 2025] [wsgi:error] [pid 10:tid 111] [remote 10.128.0.2:36146] warnings.warn('Policy enforcement is depending on the value of '
10.128.0.2 - - [03/Dec/2025:22:56:38 +0000] "GET /v3/volumes/c033528c-b279-451f-af1d-c06f7d011053 HTTP/1.1" 200 1222 "-" "python-urllib3/1.26.5"
10.128.0.2 - - [03/Dec/2025:22:56:39 +0000] "GET /healthcheck HTTP/1.1" 200 2 "-" "kube-probe/1.31"
10.128.0.2 - - [03/Dec/2025:22:56:39 +0000] "GET /healthcheck HTTP/1.1" 200 2 "-" "kube-probe/1.31"
10.128.0.2 - - [03/Dec/2025:22:56:42 +0000] "GET /healthcheck HTTP/1.1" 200 2 "-" "kube-probe/1.31" [Wed Dec 03 22:56:44.165196 2025] [wsgi:error] [pid 10:tid 111] [remote 10.128.1.49:54586] /usr/lib/python3.9/site-packages/oslo_context/context.py:100: DeprecationWarning: Policy enforcement is depending on the value of is_admin. This key is deprecated. Please update your policy file to use the standard policy values. [Wed Dec 03 22:56:44.165227 2025] [wsgi:error] [pid 10:tid 111] [remote 10.128.1.49:54586] warnings.warn('Policy enforcement is depending on the value of '
10.128.1.49 - - [03/Dec/2025:22:56:44 +0000] "GET /v3/volumes/c033528c-b279-451f-af1d-c06f7d011053 HTTP/1.1" 200 1198 "-" "python-cinderclient" [Wed Dec 03 22:56:44.380182 2025] [wsgi:error] [pid 11:tid 32] [remote 10.128.1.49:54586] /usr/lib/python3.9/site-packages/oslo_context/context.py:100: DeprecationWarning: Policy enforcement is depending on the value of is_admin. This key is deprecated. Please update your policy file to use the standard policy values. [Wed Dec 03 22:56:44.380208 2025] [wsgi:error] [pid 11:tid 32] [remote 10.128.1.49:54586] warnings.warn('Policy enforcement is depending on the value of '
10.128.1.49 - - [03/Dec/2025:22:56:44 +0000] "POST /v3/volumes/c033528c-b279-451f-af1d-c06f7d011053/action HTTP/1.1" 202 - "-" "python-cinderclient"
100.64.0.2 - - [03/Dec/2025:22:56:44 +0000] "GET / HTTP/1.1" 300 403 "-" "nova-compute keystoneauth1/5.1.3 python-requests/2.25.1 CPython/3.9.23"
10.128.0.2 - - [03/Dec/2025:22:56:44 +0000] "GET /healthcheck HTTP/1.1" 200 2 "-" "kube-probe/1.31" [Wed Dec 03 22:56:44.663465 2025] [wsgi:error] [pid 12:tid 26] [remote 100.64.0.2:47470] /usr/lib/python3.9/site-packages/oslo_context/context.py:100: DeprecationWarning: Policy enforcement is depending on the value of is_admin. This key is deprecated. Please update your policy file to use the standard policy values. [Wed Dec 03 22:56:44.663494 2025] [wsgi:error] [pid 12:tid 26] [remote 100.64.0.2:47470] warnings.warn('Policy enforcement is depending on the value of '
100.64.0.2 - - [03/Dec/2025:22:56:44 +0000] "GET /v3/volumes/c033528c-b279-451f-af1d-c06f7d011053 HTTP/1.1" 200 1300 "-" "python-cinderclient" [Wed Dec 03 22:56:44.797570 2025] [wsgi:error] [pid 11:tid 32] [remote 100.64.0.2:47470] /usr/lib/python3.9/site-packages/oslo_context/context.py:100: DeprecationWarning: Policy enforcement is depending on the value of is_admin. This key is deprecated. Please update your policy file to use the standard policy values. [Wed Dec 03 22:56:44.797593 2025] [wsgi:error] [pid 11:tid 32] [remote 100.64.0.2:47470] warnings.warn('Policy enforcement is depending on the value of '
100.64.0.2 - - [03/Dec/2025:22:56:44 +0000] "GET /v3/volumes/c033528c-b279-451f-af1d-c06f7d011053/encryption HTTP/1.1" 200 160 "-" "python-cinderclient" [Wed Dec 03 22:56:45.372572 2025] [wsgi:error] [pid 13:tid 29] [remote 100.64.0.2:47470] /usr/lib/python3.9/site-packages/oslo_context/context.py:100: DeprecationWarning: Policy enforcement is depending on the value of is_admin. This key is deprecated. Please update your policy file to use the standard policy values. [Wed Dec 03 22:56:45.372596 2025] [wsgi:error] [pid 13:tid 29] [remote 100.64.0.2:47470] warnings.warn('Policy enforcement is depending on the value of '
10.128.0.2 - - [03/Dec/2025:22:56:45 +0000] "GET /healthcheck HTTP/1.1" 200 2 "-" "kube-probe/1.31"
100.64.0.2 - - [03/Dec/2025:22:56:45 +0000] "DELETE /v3/attachments/6f51a9f5-940c-440e-9a3a-1a4990d3dafd HTTP/1.1" 200 19 "-" "python-cinderclient"
10.128.0.2 - - [03/Dec/2025:22:56:48 +0000] "GET /healthcheck HTTP/1.1" 200 2 "-" "kube-probe/1.31" [Wed Dec 03 22:56:49.079419 2025] [wsgi:error] [pid 11:tid 32] [remote 10.128.0.2:50336] /usr/lib/python3.9/site-packages/oslo_context/context.py:100: DeprecationWarning: Policy enforcement is depending on the value of is_admin. This key is deprecated. Please update your policy file to use the standard policy values. [Wed Dec 03 22:56:49.079445 2025] [wsgi:error] [pid 11:tid 32] [remote 10.128.0.2:50336] warnings.warn('Policy enforcement is depending on the value of '
10.128.0.2 - - [03/Dec/2025:22:56:49 +0000] "DELETE /v3/volumes/c033528c-b279-451f-af1d-c06f7d011053 HTTP/1.1" 202 - "-" "python-urllib3/1.26.5" [Wed Dec 03 22:56:49.318542 2025] [wsgi:error] [pid 10:tid 111] [remote 10.128.0.2:50338] /usr/lib/python3.9/site-packages/oslo_context/context.py:100: DeprecationWarning: Policy enforcement is depending on the value of is_admin. This key is deprecated. Please update your policy file to use the standard policy values. [Wed Dec 03 22:56:49.318567 2025] [wsgi:error] [pid 10:tid 111] [remote 10.128.0.2:50338] warnings.warn('Policy enforcement is depending on the value of '
10.128.0.2 - - [03/Dec/2025:22:56:49 +0000] "GET /v3/volumes/c033528c-b279-451f-af1d-c06f7d011053 HTTP/1.1" 200 929 "-" "python-urllib3/1.26.5"
10.128.0.2 - - [03/Dec/2025:22:56:49 +0000] "GET /healthcheck HTTP/1.1" 200 2 "-" "kube-probe/1.31" [Wed Dec 03 22:56:50.434509 2025] [wsgi:error] [pid 12:tid 26] [remote 10.128.0.2:50368] /usr/lib/python3.9/site-packages/oslo_context/context.py:100: DeprecationWarning: Policy enforcement is depending on the value of is_admin. This key is deprecated. Please update your policy file to use the standard policy values. [Wed Dec 03 22:56:50.434542 2025] [wsgi:error] [pid 12:tid 26] [remote 10.128.0.2:50368] warnings.warn('Policy enforcement is depending on the value of '
10.128.0.2 - - [03/Dec/2025:22:56:50 +0000] "GET /v3/volumes/c033528c-b279-451f-af1d-c06f7d011053 HTTP/1.1" 200 929 "-" "python-urllib3/1.26.5"
10.128.0.2 - - [03/Dec/2025:22:56:51 +0000] "GET /v3/volumes/c033528c-b279-451f-af1d-c06f7d011053 HTTP/1.1" 404 109 "-" "python-urllib3/1.26.5"
10.128.0.2 - - [03/Dec/2025:22:56:51 +0000] "GET /healthcheck HTTP/1.1" 200 2 "-" "kube-probe/1.31"
10.128.0.2 - - [03/Dec/2025:22:56:51 +0000] "GET /v3/volumes/detail?all_tenants=1 HTTP/1.1" 200 15 "-" "python-urllib3/1.26.5"
10.128.0.2 - - [03/Dec/2025:22:56:51 +0000] "DELETE /v3/types/0a10354e-2227-4a04-976f-fab6bce5a4c5 HTTP/1.1" 202 - "-" "python-urllib3/1.26.5"
10.128.0.2 - - [03/Dec/2025:22:56:54 +0000] "GET /healthcheck HTTP/1.1" 200 2 "-" "kube-probe/1.31"
10.128.0.2 - - [03/Dec/2025:22:56:54 +0000] "GET /healthcheck HTTP/1.1" 200 2 "-" "kube-probe/1.31"
10.128.0.2 - - [03/Dec/2025:22:56:57 +0000] "GET /healthcheck HTTP/1.1" 200 2 "-" "kube-probe/1.31"
10.128.0.2 - - [03/Dec/2025:22:56:59 +0000] "GET /healthcheck HTTP/1.1" 200 2 "-" "kube-probe/1.31"
10.128.0.2 - - [03/Dec/2025:22:57:00 +0000] "GET /healthcheck HTTP/1.1" 200 2 "-" "kube-probe/1.31"
10.128.0.2 - - [03/Dec/2025:22:57:03 +0000] "GET /healthcheck HTTP/1.1" 200 2 "-" "kube-probe/1.31"
10.128.0.2 - - [03/Dec/2025:22:57:04 +0000] "GET /healthcheck HTTP/1.1" 200 2 "-" "kube-probe/1.31"
10.128.0.2 - - [03/Dec/2025:22:57:06 +0000] "GET /healthcheck HTTP/1.1" 200 2 "-" "kube-probe/1.31"
10.128.0.2 - - [03/Dec/2025:22:57:09 +0000] "GET /healthcheck HTTP/1.1" 200 2 "-" "kube-probe/1.31"
10.128.0.2 - - [03/Dec/2025:22:57:09 +0000] "GET /healthcheck HTTP/1.1" 200 2 "-" "kube-probe/1.31"
10.128.0.2 - - [03/Dec/2025:22:57:12 +0000] "GET /healthcheck HTTP/1.1" 200 2 "-" "kube-probe/1.31"
10.128.0.2 - - [03/Dec/2025:22:57:14 +0000] "GET /healthcheck HTTP/1.1" 200 2 "-" "kube-probe/1.31"
10.128.0.2 - - [03/Dec/2025:22:57:15 +0000] "GET /healthcheck HTTP/1.1" 200 2 "-" "kube-probe/1.31"
10.128.0.2 - - [03/Dec/2025:22:57:18 +0000] "GET /healthcheck HTTP/1.1" 200 2 "-" "kube-probe/1.31"
10.128.0.2 - - [03/Dec/2025:22:57:19 +0000] "GET /healthcheck HTTP/1.1" 200 2 "-" "kube-probe/1.31"
10.128.0.2 - - [03/Dec/2025:22:57:21 +0000] "GET /healthcheck HTTP/1.1" 200 2 "-" "kube-probe/1.31"
10.128.0.2 - - [03/Dec/2025:22:57:24 +0000] "GET /healthcheck HTTP/1.1" 200 2 "-" "kube-probe/1.31"
10.128.0.2 - - [03/Dec/2025:22:57:24 +0000] "GET /healthcheck HTTP/1.1" 200 2 "-" "kube-probe/1.31"
10.128.0.2 - - [03/Dec/2025:22:57:27 +0000] "GET /healthcheck HTTP/1.1" 200 2 "-" "kube-probe/1.31"
10.128.0.2 - - [03/Dec/2025:22:57:29 +0000] "GET /healthcheck HTTP/1.1" 200 2 "-" "kube-probe/1.31"
10.128.0.2 - - [03/Dec/2025:22:57:30 +0000] "GET /healthcheck HTTP/1.1" 200 2 "-" "kube-probe/1.31"
10.128.0.2 - - [03/Dec/2025:22:57:33 +0000] "GET /healthcheck HTTP/1.1" 200 2 "-" "kube-probe/1.31"
10.128.0.2 - - [03/Dec/2025:22:57:34 +0000] "GET /healthcheck HTTP/1.1" 200 2 "-" "kube-probe/1.31"
10.128.0.2 - - [03/Dec/2025:22:57:36 +0000] "GET /healthcheck HTTP/1.1" 200 2 "-" "kube-probe/1.31"
10.128.0.2 - - [03/Dec/2025:22:57:39 +0000] "GET /healthcheck HTTP/1.1" 200 2 "-" "kube-probe/1.31"
10.128.0.2 - - [03/Dec/2025:22:57:39 +0000] "GET /healthcheck HTTP/1.1" 200 2 "-" "kube-probe/1.31"
10.128.0.2 - - [03/Dec/2025:22:57:42 +0000] "GET /healthcheck HTTP/1.1" 200 2 "-" "kube-probe/1.31"
10.128.0.2 - - [03/Dec/2025:22:57:44 +0000] "GET /healthcheck HTTP/1.1" 200 2 "-" "kube-probe/1.31"
10.128.0.2 - - [03/Dec/2025:22:57:44 +0000] "GET /v3/extensions HTTP/1.1" 200 5245 "-" "python-urllib3/1.26.5"
10.128.0.2 - - [03/Dec/2025:22:57:44 +0000] "GET / HTTP/1.1" 300 415 "-" "python-urllib3/1.26.5"
10.128.0.2 - - [03/Dec/2025:22:57:45 +0000] "GET /v3/scheduler-stats/get_pools HTTP/1.1" 200 70 "-" "python-urllib3/1.26.5"
10.128.0.2 - - [03/Dec/2025:22:57:45 +0000] "GET /healthcheck HTTP/1.1" 200 2 "-" "kube-probe/1.31"
10.128.0.2 - - [03/Dec/2025:22:57:46 +0000] "GET /v3/os-services?binary=cinder-backup HTTP/1.1" 200 197 "-" "python-urllib3/1.26.5"
10.128.0.2 - - [03/Dec/2025:22:57:48 +0000] "GET /healthcheck HTTP/1.1" 200 2 "-" "kube-probe/1.31"
10.128.0.2 - - [03/Dec/2025:22:57:49 +0000] "GET /healthcheck HTTP/1.1" 200 2 "-" "kube-probe/1.31"
10.128.0.2 - - [03/Dec/2025:22:57:51 +0000] "GET /healthcheck HTTP/1.1" 200 2 "-" "kube-probe/1.31"
10.128.0.2 - - [03/Dec/2025:22:57:54 +0000] "GET /healthcheck HTTP/1.1" 200 2 "-" "kube-probe/1.31"
10.128.0.2 - - [03/Dec/2025:22:57:54 +0000] "GET /healthcheck HTTP/1.1" 200 2 "-" "kube-probe/1.31"
10.128.0.2 - - [03/Dec/2025:22:57:57 +0000] "GET /healthcheck HTTP/1.1" 200 2 "-" "kube-probe/1.31"
10.128.0.2 - - [03/Dec/2025:22:57:59 +0000] "GET /healthcheck HTTP/1.1" 200 2 "-" "kube-probe/1.31"
10.128.0.2 - - [03/Dec/2025:22:58:00 +0000] "GET /healthcheck HTTP/1.1" 200 2 "-" "kube-probe/1.31"
10.128.0.2 - - [03/Dec/2025:22:58:03 +0000] "GET /healthcheck HTTP/1.1" 200 2 "-" "kube-probe/1.31"
10.128.0.2 - - [03/Dec/2025:22:58:04 +0000] "GET /healthcheck HTTP/1.1" 200 2 "-" "kube-probe/1.31"
10.128.0.2 - - [03/Dec/2025:22:58:06 +0000] "GET /healthcheck HTTP/1.1" 200 2 "-" "kube-probe/1.31"
10.128.0.2 - - [03/Dec/2025:22:58:09 +0000] "GET /healthcheck HTTP/1.1" 200 2 "-" "kube-probe/1.31"
10.128.0.2 - - [03/Dec/2025:22:58:09 +0000] "GET /healthcheck HTTP/1.1" 200 2 "-" "kube-probe/1.31"
10.128.0.2 - - [03/Dec/2025:22:58:12 +0000] "GET /healthcheck HTTP/1.1" 200 2 "-" "kube-probe/1.31"
10.128.0.2 - - [03/Dec/2025:22:58:14 +0000] "GET /healthcheck HTTP/1.1" 200 2 "-" "kube-probe/1.31"
10.128.0.2 - - [03/Dec/2025:22:58:15 +0000] "GET /healthcheck HTTP/1.1" 200 2 "-" "kube-probe/1.31"
10.128.0.2 - - [03/Dec/2025:22:58:18 +0000] "GET /healthcheck HTTP/1.1" 200 2 "-" "kube-probe/1.31"
10.128.0.2 - - [03/Dec/2025:22:58:19 +0000] "GET /healthcheck HTTP/1.1" 200 2 "-" "kube-probe/1.31"
10.128.0.2 - - [03/Dec/2025:22:58:21 +0000] "GET /healthcheck HTTP/1.1" 200 2 "-" "kube-probe/1.31"
10.128.0.2 - - [03/Dec/2025:22:58:24 +0000] "GET /healthcheck HTTP/1.1" 200 2 "-" "kube-probe/1.31"
10.128.0.2 - - [03/Dec/2025:22:58:24 +0000] "GET /healthcheck HTTP/1.1" 200 2 "-" "kube-probe/1.31"
10.128.0.2 - - [03/Dec/2025:22:58:27 +0000] "GET /healthcheck HTTP/1.1" 200 2 "-" "kube-probe/1.31"
10.128.0.2 - - [03/Dec/2025:22:58:29 +0000] "GET /healthcheck HTTP/1.1" 200 2 "-" "kube-probe/1.31"
10.128.0.2 - - [03/Dec/2025:22:58:30 +0000] "GET /healthcheck HTTP/1.1" 200 2 "-" "kube-probe/1.31"
10.128.0.2 - - [03/Dec/2025:22:58:30 +0000] "POST /v3/types HTTP/1.1" 200 218 "-" "python-urllib3/1.26.5"
10.128.0.2 - - [03/Dec/2025:22:58:31 +0000] "POST /v3/types/3300577a-a510-4e00-994f-7e924a49dc4d/encryption HTTP/1.1" 200 231 "-" "python-urllib3/1.26.5" [Wed Dec 03 22:58:31.289029 2025] [wsgi:error] [pid 12:tid 26] [remote 10.128.0.2:41240] /usr/lib/python3.9/site-packages/oslo_context/context.py:100: DeprecationWarning: Policy enforcement is depending on the value of is_admin. This key is deprecated. Please update your policy file to use the standard policy values. [Wed Dec 03 22:58:31.289053 2025] [wsgi:error] [pid 12:tid 26] [remote 10.128.0.2:41240] warnings.warn('Policy enforcement is depending on the value of '
10.128.0.2 - - [03/Dec/2025:22:58:31 +0000] "POST /v3/volumes HTTP/1.1" 202 849 "-" "python-urllib3/1.26.5"
10.128.0.2 - - [03/Dec/2025:22:58:33 +0000] "GET /healthcheck HTTP/1.1" 200 2 "-" "kube-probe/1.31"
10.128.0.2 - - [03/Dec/2025:22:58:34 +0000] "GET /healthcheck HTTP/1.1" 200 2 "-" "kube-probe/1.31"
10.128.0.2 - - [03/Dec/2025:22:58:36 +0000] "GET /healthcheck HTTP/1.1" 200 2 "-" "kube-probe/1.31"
10.128.0.2 - - [03/Dec/2025:22:58:39 +0000] "GET /healthcheck HTTP/1.1" 200 2 "-" "kube-probe/1.31"
10.128.0.2 - - [03/Dec/2025:22:58:39 +0000] "GET /healthcheck HTTP/1.1" 200 2 "-" "kube-probe/1.31"
10.128.0.2 - - [03/Dec/2025:22:58:42 +0000] "GET /healthcheck HTTP/1.1" 200 2 "-" "kube-probe/1.31"
10.128.0.2 - - [03/Dec/2025:22:58:44 +0000] "GET /healthcheck HTTP/1.1" 200 2 "-" "kube-probe/1.31"
10.128.0.2 - - [03/Dec/2025:22:58:45 +0000] "GET /healthcheck HTTP/1.1" 200 2 "-" "kube-probe/1.31"
10.128.0.2 - - [03/Dec/2025:22:58:48 +0000] "GET /healthcheck HTTP/1.1" 200 2 "-" "kube-probe/1.31"
10.128.0.2 - - [03/Dec/2025:22:58:49 +0000] "GET /healthcheck HTTP/1.1" 200 2 "-" "kube-probe/1.31"
10.128.0.2 - - [03/Dec/2025:22:58:51 +0000] "POST /v3/volumes HTTP/1.1" 202 816 "-" "python-urllib3/1.26.5" [Wed Dec 03 22:58:51.389985 2025] [wsgi:error] [pid 12:tid 26] [remote 10.128.0.2:48668] /usr/lib/python3.9/site-packages/oslo_context/context.py:100: DeprecationWarning: Policy enforcement is depending on the value of is_admin. This key is deprecated. Please update your policy file to use the standard policy values. [Wed Dec 03 22:58:51.390007 2025] [wsgi:error] [pid 12:tid 26] [remote 10.128.0.2:48668] warnings.warn('Policy enforcement is depending on the value of '
10.128.0.2 - - [03/Dec/2025:22:58:51 +0000] "GET /v3/volumes/32e7a0bf-24be-4840-bad8-fac67f6a76fb HTTP/1.1" 200 884 "-" "python-urllib3/1.26.5"
10.128.0.2 - - [03/Dec/2025:22:58:51 +0000] "GET /healthcheck HTTP/1.1" 200 2 "-" "kube-probe/1.31" [Wed Dec 03 22:58:52.483743 2025] [wsgi:error] [pid 11:tid 32] [remote 10.128.0.2:48692] /usr/lib/python3.9/site-packages/oslo_context/context.py:100: DeprecationWarning: Policy enforcement is depending on the value of is_admin. This key is deprecated. Please update your policy file to use the standard policy values. [Wed Dec 03 22:58:52.483786 2025] [wsgi:error] [pid 11:tid 32] [remote 10.128.0.2:48692] warnings.warn('Policy enforcement is depending on the value of '
10.128.0.2 - - [03/Dec/2025:22:58:52 +0000] "GET /v3/volumes/32e7a0bf-24be-4840-bad8-fac67f6a76fb HTTP/1.1" 200 909 "-" "python-urllib3/1.26.5" [Wed Dec 03 22:58:52.585853 2025] [wsgi:error] [pid 10:tid 111] [remote 10.128.0.2:48694] /usr/lib/python3.9/site-packages/oslo_context/context.py:100: DeprecationWarning: Policy enforcement is depending on the value of is_admin. This key is deprecated. Please update your policy file to use the standard policy values. [Wed Dec 03 22:58:52.585886 2025] [wsgi:error] [pid 10:tid 111] [remote 10.128.0.2:48694] warnings.warn('Policy enforcement is depending on the value of '
10.128.0.2 - - [03/Dec/2025:22:58:52 +0000] "GET /v3/volumes/32e7a0bf-24be-4840-bad8-fac67f6a76fb HTTP/1.1" 200 909 "-" "python-urllib3/1.26.5"
10.128.0.2 - - [03/Dec/2025:22:58:52 +0000] "GET /v3/volumes HTTP/1.1" 200 397 "-" "python-urllib3/1.26.5" [Wed Dec 03 22:58:52.786809 2025] [wsgi:error] [pid 13:tid 29] [remote 10.128.0.2:48706] /usr/lib/python3.9/site-packages/oslo_context/context.py:100: DeprecationWarning: Policy enforcement is depending on the value of is_admin. This key is deprecated. Please update your policy file to use the standard policy values. [Wed Dec 03 22:58:52.786840 2025] [wsgi:error] [pid 13:tid 29] [remote 10.128.0.2:48706] warnings.warn('Policy enforcement is depending on the value of '
10.128.0.2 - - [03/Dec/2025:22:58:52 +0000] "GET /v3/volumes/32e7a0bf-24be-4840-bad8-fac67f6a76fb HTTP/1.1" 200 909 "-" "python-urllib3/1.26.5" [Wed Dec 03 22:58:53.017378 2025] [wsgi:error] [pid 11:tid 32] [remote 10.128.1.49:50334] /usr/lib/python3.9/site-packages/oslo_context/context.py:100: DeprecationWarning: Policy enforcement is depending on the value of is_admin. This key is deprecated. Please update your policy file to use the standard policy values. [Wed Dec 03 22:58:53.017402 2025] [wsgi:error] [pid 11:tid 32] [remote 10.128.1.49:50334] warnings.warn('Policy enforcement is depending on the value of '
10.128.1.49 - - [03/Dec/2025:22:58:52 +0000] "GET /v3/volumes/32e7a0bf-24be-4840-bad8-fac67f6a76fb HTTP/1.1" 200 885 "-" "python-cinderclient"
10.128.1.49 - - [03/Dec/2025:22:58:53 +0000] "GET / HTTP/1.1" 300 403 "-" "nova keystoneauth1/5.1.3 python-requests/2.25.1 CPython/3.9.23" [Wed Dec 03 22:58:53.297475 2025] [wsgi:error] [pid 12:tid 26] [remote 10.128.1.49:50334] /usr/lib/python3.9/site-packages/oslo_context/context.py:100: DeprecationWarning: Policy enforcement is depending on the value of is_admin. This key is deprecated. Please update your policy file to use the standard policy values. [Wed Dec 03 22:58:53.297502 2025] [wsgi:error] [pid 12:tid 26] [remote 10.128.1.49:50334] warnings.warn('Policy enforcement is depending on the value of '
10.128.1.49 - - [03/Dec/2025:22:58:53 +0000] "POST /v3/attachments HTTP/1.1" 200 273 "-" "python-cinderclient"
100.64.0.2 - - [03/Dec/2025:22:58:53 +0000] "GET / HTTP/1.1" 300 403 "-" "nova-compute keystoneauth1/5.1.3 python-requests/2.25.1 CPython/3.9.23" [Wed Dec 03 22:58:53.459634 2025] [wsgi:error] [pid 13:tid 29] [remote 10.128.0.2:49586] /usr/lib/python3.9/site-packages/oslo_context/context.py:100: DeprecationWarning: Policy enforcement is depending on the value of is_admin. This key is deprecated. Please update your policy file to use the standard policy values. [Wed Dec 03 22:58:53.459666 2025] [wsgi:error] [pid 13:tid 29] [remote 10.128.0.2:49586] warnings.warn('Policy enforcement is depending on the value of '
10.128.0.2 - - [03/Dec/2025:22:58:53 +0000] "GET /v3/volumes/32e7a0bf-24be-4840-bad8-fac67f6a76fb HTTP/1.1" 200 908 "-" "python-urllib3/1.26.5" [Wed Dec 03 22:58:53.535140 2025] [wsgi:error] [pid 10:tid 111] [remote 100.64.0.2:40308] /usr/lib/python3.9/site-packages/oslo_context/context.py:100: DeprecationWarning: Policy enforcement is depending on the value of is_admin. This key is deprecated. Please update your policy file to use the standard policy values. [Wed Dec 03 22:58:53.535167 2025] [wsgi:error] [pid 10:tid 111] [remote 100.64.0.2:40308] warnings.warn('Policy enforcement is depending on the value of '
100.64.0.2 - - [03/Dec/2025:22:58:53 +0000] "GET /v3/volumes/32e7a0bf-24be-4840-bad8-fac67f6a76fb HTTP/1.1" 200 983 "-" "python-cinderclient" [Wed Dec 03 22:58:53.762812 2025] [wsgi:error] [pid 12:tid 26] [remote 100.64.0.2:40308] /usr/lib/python3.9/site-packages/oslo_context/context.py:100: DeprecationWarning: Policy enforcement is depending on the value of is_admin. This key is deprecated. Please update your policy file to use the standard policy values. [Wed Dec 03 22:58:53.762841 2025] [wsgi:error] [pid 12:tid 26] [remote 100.64.0.2:40308] warnings.warn('Policy enforcement is depending on the value of ' [Wed Dec 03 22:58:54.547076 2025] [wsgi:error] [pid 11:tid 32] [remote 10.128.0.2:49590] /usr/lib/python3.9/site-packages/oslo_context/context.py:100: DeprecationWarning: Policy enforcement is depending on the value of is_admin. This key is deprecated. Please update your policy file to use the standard policy values. [Wed Dec 03 22:58:54.547105 2025] [wsgi:error] [pid 11:tid 32] [remote 10.128.0.2:49590] warnings.warn('Policy enforcement is depending on the value of '
10.128.0.2 - - [03/Dec/2025:22:58:54 +0000] "GET /v3/volumes/32e7a0bf-24be-4840-bad8-fac67f6a76fb HTTP/1.1" 200 908 "-" "python-urllib3/1.26.5"
10.128.0.2 - - [03/Dec/2025:22:58:54 +0000] "GET /healthcheck HTTP/1.1" 200 2 "-" "kube-probe/1.31"
10.128.0.2 - - [03/Dec/2025:22:58:54 +0000] "GET /healthcheck HTTP/1.1" 200 2 "-" "kube-probe/1.31" [Wed Dec 03 22:58:55.638160 2025] [wsgi:error] [pid 11:tid 32] [remote 10.128.0.2:49608] /usr/lib/python3.9/site-packages/oslo_context/context.py:100: DeprecationWarning: Policy enforcement is depending on the value of is_admin. This key is deprecated. Please update your policy file to use the standard policy values. [Wed Dec 03 22:58:55.638186 2025] [wsgi:error] [pid 11:tid 32] [remote 10.128.0.2:49608] warnings.warn('Policy enforcement is depending on the value of '
10.128.0.2 - - [03/Dec/2025:22:58:55 +0000] "GET /v3/volumes/32e7a0bf-24be-4840-bad8-fac67f6a76fb HTTP/1.1" 200 908 "-" "python-urllib3/1.26.5" [Wed Dec 03 22:58:56.743018 2025] [wsgi:error] [pid 13:tid 29] [remote 10.128.0.2:49610] /usr/lib/python3.9/site-packages/oslo_context/context.py:100: DeprecationWarning: Policy enforcement is depending on the value of is_admin. This key is deprecated. Please update your policy file to use the standard policy values. [Wed Dec 03 22:58:56.743045 2025] [wsgi:error] [pid 13:tid 29] [remote 10.128.0.2:49610] warnings.warn('Policy enforcement is depending on the value of '
10.128.0.2 - - [03/Dec/2025:22:58:56 +0000] "GET /v3/volumes/32e7a0bf-24be-4840-bad8-fac67f6a76fb HTTP/1.1" 200 908 "-" "python-urllib3/1.26.5"
100.64.0.2 - - [03/Dec/2025:22:58:53 +0000] "PUT /v3/attachments/95c0572f-2767-4e99-87a5-7cf25b73a9ed HTTP/1.1" 200 1008 "-" "python-cinderclient"
10.128.0.2 - - [03/Dec/2025:22:58:57 +0000] "GET /healthcheck HTTP/1.1" 200 2 "-" "kube-probe/1.31" [Wed Dec 03 22:58:57.823805 2025] [wsgi:error] [pid 11:tid 32] [remote 10.128.0.2:49634] /usr/lib/python3.9/site-packages/oslo_context/context.py:100: DeprecationWarning: Policy enforcement is depending on the value of is_admin. This key is deprecated. Please update your policy file to use the standard policy values. [Wed Dec 03 22:58:57.823831 2025] [wsgi:error] [pid 11:tid 32] [remote 10.128.0.2:49634] warnings.warn('Policy enforcement is depending on the value of '
10.128.0.2 - - [03/Dec/2025:22:58:57 +0000] "GET /v3/volumes/32e7a0bf-24be-4840-bad8-fac67f6a76fb HTTP/1.1" 200 909 "-" "python-urllib3/1.26.5" [Wed Dec 03 22:58:58.919060 2025] [wsgi:error] [pid 13:tid 29] [remote 10.128.0.2:49644] /usr/lib/python3.9/site-packages/oslo_context/context.py:100: DeprecationWarning: Policy enforcement is depending on the value of is_admin. This key is deprecated. Please update your policy file to use the standard policy values. [Wed Dec 03 22:58:58.919088 2025] [wsgi:error] [pid 13:tid 29] [remote 10.128.0.2:49644] warnings.warn('Policy enforcement is depending on the value of '
10.128.0.2 - - [03/Dec/2025:22:58:58 +0000] "GET /v3/volumes/32e7a0bf-24be-4840-bad8-fac67f6a76fb HTTP/1.1" 200 909 "-" "python-urllib3/1.26.5"
10.128.0.2 - - [03/Dec/2025:22:58:59 +0000] "GET /healthcheck HTTP/1.1" 200 2 "-" "kube-probe/1.31" [Wed Dec 03 22:59:00.048169 2025] [wsgi:error] [pid 10:tid 111] [remote 10.128.0.2:49668] /usr/lib/python3.9/site-packages/oslo_context/context.py:100: DeprecationWarning: Policy enforcement is depending on the value of is_admin. This key is deprecated. Please update your policy file to use the standard policy values. [Wed Dec 03 22:59:00.048195 2025] [wsgi:error] [pid 10:tid 111] [remote 10.128.0.2:49668] warnings.warn('Policy enforcement is depending on the value of '
10.128.0.2 - - [03/Dec/2025:22:58:59 +0000] "GET /v3/volumes/32e7a0bf-24be-4840-bad8-fac67f6a76fb HTTP/1.1" 200 909 "-" "python-urllib3/1.26.5"
10.128.0.2 - - [03/Dec/2025:22:59:00 +0000] "GET /healthcheck HTTP/1.1" 200 2 "-" "kube-probe/1.31" [Wed Dec 03 22:59:00.672788 2025] [wsgi:error] [pid 11:tid 32] [remote 100.64.0.2:40308] /usr/lib/python3.9/site-packages/oslo_context/context.py:100: DeprecationWarning: Policy enforcement is depending on the value of is_admin. This key is deprecated. Please update your policy file to use the standard policy values. [Wed Dec 03 22:59:00.672811 2025] [wsgi:error] [pid 11:tid 32] [remote 100.64.0.2:40308] warnings.warn('Policy enforcement is depending on the value of '
100.64.0.2 - - [03/Dec/2025:22:59:00 +0000] "POST /v3/attachments/95c0572f-2767-4e99-87a5-7cf25b73a9ed/action HTTP/1.1" 204 - "-" "python-cinderclient" [Wed Dec 03 22:59:01.132551 2025] [wsgi:error] [pid 12:tid 26] [remote 10.128.0.2:49682] /usr/lib/python3.9/site-packages/oslo_context/context.py:100: DeprecationWarning: Policy enforcement is depending on the value of is_admin. This key is deprecated. Please update your policy file to use the standard policy values. [Wed Dec 03 22:59:01.132579 2025] [wsgi:error] [pid 12:tid 26] [remote 10.128.0.2:49682] warnings.warn('Policy enforcement is depending on the value of '
10.128.0.2 - - [03/Dec/2025:22:59:01 +0000] "GET /v3/volumes/32e7a0bf-24be-4840-bad8-fac67f6a76fb HTTP/1.1" 200 1201 "-" "python-urllib3/1.26.5" [Wed Dec 03 22:59:01.226106 2025] [wsgi:error] [pid 10:tid 111] [remote 10.128.0.2:49692] /usr/lib/python3.9/site-packages/oslo_context/context.py:100: DeprecationWarning: Policy enforcement is depending on the value of is_admin. This key is deprecated. Please update your policy file to use the standard policy values. [Wed Dec 03 22:59:01.226134 2025] [wsgi:error] [pid 10:tid 111] [remote 10.128.0.2:49692] warnings.warn('Policy enforcement is depending on the value of '
10.128.0.2 - - [03/Dec/2025:22:59:01 +0000] "GET /v3/volumes/32e7a0bf-24be-4840-bad8-fac67f6a76fb HTTP/1.1" 200 1201 "-" "python-urllib3/1.26.5" [Wed Dec 03 22:59:01.321421 2025] [wsgi:error] [pid 13:tid 29] [remote 10.128.0.2:49698] /usr/lib/python3.9/site-packages/oslo_context/context.py:100: DeprecationWarning: Policy enforcement is depending on the value of is_admin. This key is deprecated. Please update your policy file to use the standard policy values. [Wed Dec 03 22:59:01.321447 2025] [wsgi:error] [pid 13:tid 29] [remote 10.128.0.2:49698] warnings.warn('Policy enforcement is depending on the value of '
10.128.0.2 - - [03/Dec/2025:22:59:01 +0000] "POST /v3/snapshots HTTP/1.1" 202 311 "-" "python-urllib3/1.26.5" [Wed Dec 03 22:59:01.541087 2025] [wsgi:error] [pid 11:tid 32] [remote 10.128.0.2:49712] /usr/lib/python3.9/site-packages/oslo_context/context.py:100: DeprecationWarning: Policy enforcement is depending on the value of is_admin. This key is deprecated. Please update your policy file to use the standard policy values. [Wed Dec 03 22:59:01.541113 2025] [wsgi:error] [pid 11:tid 32] [remote 10.128.0.2:49712] warnings.warn('Policy enforcement is depending on the value of '
10.128.0.2 - - [03/Dec/2025:22:59:01 +0000] "GET /v3/snapshots/fb8d8ab5-9029-4b0f-aff5-7dfc4badc704 HTTP/1.1" 200 443 "-" "python-urllib3/1.26.5" [Wed Dec 03 22:59:02.627657 2025] [wsgi:error] [pid 12:tid 26] [remote 10.128.0.2:49716] /usr/lib/python3.9/site-packages/oslo_context/context.py:100: DeprecationWarning: Policy enforcement is depending on the value of is_admin. This key is deprecated. Please update your policy file to use the standard policy values. [Wed Dec 03 22:59:02.627683 2025] [wsgi:error] [pid 12:tid 26] [remote 10.128.0.2:49716] warnings.warn('Policy enforcement is depending on the value of '
10.128.0.2 - - [03/Dec/2025:22:59:02 +0000] "GET /v3/snapshots/fb8d8ab5-9029-4b0f-aff5-7dfc4badc704 HTTP/1.1" 200 470 "-" "python-urllib3/1.26.5" [Wed Dec 03 22:59:02.704536 2025] [wsgi:error] [pid 10:tid 111] [remote 10.128.0.2:49732] /usr/lib/python3.9/site-packages/oslo_context/context.py:100: DeprecationWarning: Policy enforcement is depending on the value of is_admin. This key is deprecated. Please update your policy file to use the standard policy values. [Wed Dec 03 22:59:02.704563 2025] [wsgi:error] [pid 10:tid 111] [remote 10.128.0.2:49732] warnings.warn('Policy enforcement is depending on the value of '
10.128.0.2 - - [03/Dec/2025:22:59:02 +0000] "GET /v3/snapshots/fb8d8ab5-9029-4b0f-aff5-7dfc4badc704 HTTP/1.1" 200 470 "-" "python-urllib3/1.26.5" [Wed Dec 03 22:59:02.784126 2025] [wsgi:error] [pid 13:tid 29] [remote 10.128.0.2:49748] /usr/lib/python3.9/site-packages/oslo_context/context.py:100: DeprecationWarning: Policy enforcement is depending on the value of is_admin. This key is deprecated. Please update your policy file to use the standard policy values. [Wed Dec 03 22:59:02.784150 2025] [wsgi:error] [pid 13:tid 29] [remote 10.128.0.2:49748] warnings.warn('Policy enforcement is depending on the value of '
10.128.0.2 - - [03/Dec/2025:22:59:02 +0000] "GET /v3/volumes/32e7a0bf-24be-4840-bad8-fac67f6a76fb HTTP/1.1" 200 1201 "-" "python-urllib3/1.26.5"
10.128.0.2 - - [03/Dec/2025:22:59:03 +0000] "GET /healthcheck HTTP/1.1" 200 2 "-" "kube-probe/1.31"
10.128.0.2 - - [03/Dec/2025:22:59:04 +0000] "GET /healthcheck HTTP/1.1" 200 2 "-" "kube-probe/1.31"
10.128.0.2 - - [03/Dec/2025:22:59:06 +0000] "GET /healthcheck HTTP/1.1" 200 2 "-" "kube-probe/1.31"
10.128.0.2 - - [03/Dec/2025:22:59:09 +0000] "GET /healthcheck HTTP/1.1" 200 2 "-" "kube-probe/1.31"
10.128.0.2 - - [03/Dec/2025:22:59:09 +0000] "GET /healthcheck HTTP/1.1" 200 2 "-" "kube-probe/1.31"
10.128.0.2 - - [03/Dec/2025:22:59:12 +0000] "GET /healthcheck HTTP/1.1" 200 2 "-" "kube-probe/1.31"
10.128.0.2 - - [03/Dec/2025:22:59:14 +0000] "GET /healthcheck HTTP/1.1" 200 2 "-" "kube-probe/1.31"
10.128.0.2 - - [03/Dec/2025:22:59:15 +0000] "GET /healthcheck HTTP/1.1" 200 2 "-" "kube-probe/1.31" [Wed Dec 03 22:59:16.385398 2025] [wsgi:error] [pid 13:tid 29] [remote 10.128.0.2:45676] /usr/lib/python3.9/site-packages/oslo_context/context.py:100: DeprecationWarning: Policy enforcement is depending on the value of is_admin. This key is deprecated. Please update your policy file to use the standard policy values. [Wed Dec 03 22:59:16.385428 2025] [wsgi:error] [pid 13:tid 29] [remote 10.128.0.2:45676] warnings.warn('Policy enforcement is depending on the value of '
10.128.0.2 - - [03/Dec/2025:22:59:16 +0000] "DELETE /v3/snapshots/fb8d8ab5-9029-4b0f-aff5-7dfc4badc704 HTTP/1.1" 202 - "-" "python-urllib3/1.26.5" [Wed Dec 03 22:59:16.499341 2025] [wsgi:error] [pid 12:tid 26] [remote 10.128.0.2:45680] /usr/lib/python3.9/site-packages/oslo_context/context.py:100: DeprecationWarning: Policy enforcement is depending on the value of is_admin. This key is deprecated. Please update your policy file to use the standard policy values. [Wed Dec 03 22:59:16.499366 2025] [wsgi:error] [pid 12:tid 26] [remote 10.128.0.2:45680] warnings.warn('Policy enforcement is depending on the value of '
10.128.0.2 - - [03/Dec/2025:22:59:16 +0000] "GET /v3/snapshots/fb8d8ab5-9029-4b0f-aff5-7dfc4badc704 HTTP/1.1" 200 469 "-" "python-urllib3/1.26.5"
10.128.0.2 - - [03/Dec/2025:22:59:17 +0000] "GET /v3/snapshots/fb8d8ab5-9029-4b0f-aff5-7dfc4badc704 HTTP/1.1" 404 111 "-" "python-urllib3/1.26.5"
10.128.0.2 - - [03/Dec/2025:22:59:18 +0000] "GET /healthcheck HTTP/1.1" 200 2 "-" "kube-probe/1.31"
10.128.0.2 - - [03/Dec/2025:22:59:19 +0000] "GET /healthcheck HTTP/1.1" 200 2 "-" "kube-probe/1.31"
10.128.0.2 - - [03/Dec/2025:22:59:21 +0000] "GET /healthcheck HTTP/1.1" 200 2 "-" "kube-probe/1.31"
10.128.0.2 - - [03/Dec/2025:22:59:24 +0000] "GET /healthcheck HTTP/1.1" 200 2 "-" "kube-probe/1.31"
10.128.0.2 - - [03/Dec/2025:22:59:24 +0000] "GET /healthcheck HTTP/1.1" 200 2 "-" "kube-probe/1.31"
10.128.0.2 - - [03/Dec/2025:22:59:27 +0000] "GET /healthcheck HTTP/1.1" 200 2 "-" "kube-probe/1.31" [Wed Dec 03 22:59:28.688958 2025] [wsgi:error] [pid 12:tid 26] [remote 10.128.0.2:51700] /usr/lib/python3.9/site-packages/oslo_context/context.py:100: DeprecationWarning: Policy enforcement is depending on the value of is_admin. This key is deprecated. Please update your policy file to use the standard policy values. [Wed Dec 03 22:59:28.688981 2025] [wsgi:error] [pid 12:tid 26] [remote 10.128.0.2:51700] warnings.warn('Policy enforcement is depending on the value of '
10.128.0.2 - - [03/Dec/2025:22:59:28 +0000] "GET /v3/volumes/355e6a34-12ac-44c5-a011-f347504ff5c6 HTTP/1.1" 200 942 "-" "python-urllib3/1.26.5" [Wed Dec 03 22:59:28.783049 2025] [wsgi:error] [pid 10:tid 111] [remote 10.128.0.2:51714] /usr/lib/python3.9/site-packages/oslo_context/context.py:100: DeprecationWarning: Policy enforcement is depending on the value of is_admin. This key is deprecated. Please update your policy file to use the standard policy values. [Wed Dec 03 22:59:28.783078 2025] [wsgi:error] [pid 10:tid 111] [remote 10.128.0.2:51714] warnings.warn('Policy enforcement is depending on the value of '
10.128.0.2 - - [03/Dec/2025:22:59:28 +0000] "GET /v3/volumes/355e6a34-12ac-44c5-a011-f347504ff5c6 HTTP/1.1" 200 942 "-" "python-urllib3/1.26.5" [Wed Dec 03 22:59:28.992856 2025] [wsgi:error] [pid 11:tid 32] [remote 10.128.1.49:56696] /usr/lib/python3.9/site-packages/oslo_context/context.py:100: DeprecationWarning: Policy enforcement is depending on the value of is_admin. This key is deprecated. Please update your policy file to use the standard policy values. [Wed Dec 03 22:59:28.992929 2025] [wsgi:error] [pid 11:tid 32] [remote 10.128.1.49:56696] warnings.warn('Policy enforcement is depending on the value of '
10.128.1.49 - - [03/Dec/2025:22:59:28 +0000] "GET /v3/volumes/355e6a34-12ac-44c5-a011-f347504ff5c6 HTTP/1.1" 200 918 "-" "python-cinderclient"
10.128.1.49 - - [03/Dec/2025:22:59:29 +0000] "GET / HTTP/1.1" 300 403 "-" "nova keystoneauth1/5.1.3 python-requests/2.25.1 CPython/3.9.23" [Wed Dec 03 22:59:29.268299 2025] [wsgi:error] [pid 12:tid 26] [remote 10.128.1.49:56696] /usr/lib/python3.9/site-packages/oslo_context/context.py:100: DeprecationWarning: Policy enforcement is depending on the value of is_admin. This key is deprecated. Please update your policy file to use the standard policy values. [Wed Dec 03 22:59:29.268329 2025] [wsgi:error] [pid 12:tid 26] [remote 10.128.1.49:56696] warnings.warn('Policy enforcement is depending on the value of '
10.128.1.49 - - [03/Dec/2025:22:59:29 +0000] "POST /v3/attachments HTTP/1.1" 200 273 "-" "python-cinderclient"
100.64.0.2 - - [03/Dec/2025:22:59:29 +0000] "GET / HTTP/1.1" 300 403 "-" "nova-compute keystoneauth1/5.1.3 python-requests/2.25.1 CPython/3.9.23" [Wed Dec 03 22:59:29.419226 2025] [wsgi:error] [pid 10:tid 111] [remote 10.128.0.2:51728] /usr/lib/python3.9/site-packages/oslo_context/context.py:100: DeprecationWarning: Policy enforcement is depending on the value of is_admin. This key is deprecated. Please update your policy file to use the standard policy values. [Wed Dec 03 22:59:29.419262 2025] [wsgi:error] [pid 10:tid 111] [remote 10.128.0.2:51728] warnings.warn('Policy enforcement is depending on the value of '
10.128.0.2 - - [03/Dec/2025:22:59:29 +0000] "GET /v3/volumes/355e6a34-12ac-44c5-a011-f347504ff5c6 HTTP/1.1" 200 941 "-" "python-urllib3/1.26.5" [Wed Dec 03 22:59:29.526990 2025] [wsgi:error] [pid 13:tid 29] [remote 100.64.0.2:39960] /usr/lib/python3.9/site-packages/oslo_context/context.py:100: DeprecationWarning: Policy enforcement is depending on the value of is_admin. This key is deprecated. Please update your policy file to use the standard policy values. [Wed Dec 03 22:59:29.527014 2025] [wsgi:error] [pid 13:tid 29] [remote 100.64.0.2:39960] warnings.warn('Policy enforcement is depending on the value of '
100.64.0.2 - - [03/Dec/2025:22:59:29 +0000] "GET /v3/volumes/355e6a34-12ac-44c5-a011-f347504ff5c6 HTTP/1.1" 200 1016 "-" "python-cinderclient"
10.128.0.2 - - [03/Dec/2025:22:59:29 +0000] "GET /healthcheck HTTP/1.1" 200 2 "-" "kube-probe/1.31" [Wed Dec 03 22:59:29.738739 2025] [wsgi:error] [pid 11:tid 32] [remote 100.64.0.2:39960] /usr/lib/python3.9/site-packages/oslo_context/context.py:100: DeprecationWarning: Policy enforcement is depending on the value of is_admin. This key is deprecated. Please update your policy file to use the standard policy values. [Wed Dec 03 22:59:29.738765 2025] [wsgi:error] [pid 11:tid 32] [remote 100.64.0.2:39960] warnings.warn('Policy enforcement is depending on the value of ' [Wed Dec 03 22:59:30.521751 2025] [wsgi:error] [pid 10:tid 111] [remote 10.128.0.2:51738] /usr/lib/python3.9/site-packages/oslo_context/context.py:100: DeprecationWarning: Policy enforcement is depending on the value of is_admin. This key is deprecated. Please update your policy file to use the standard policy values. [Wed Dec 03 22:59:30.521794 2025] [wsgi:error] [pid 10:tid 111] [remote 10.128.0.2:51738] warnings.warn('Policy enforcement is depending on the value of '
10.128.0.2 - - [03/Dec/2025:22:59:30 +0000] "GET /v3/volumes/355e6a34-12ac-44c5-a011-f347504ff5c6 HTTP/1.1" 200 941 "-" "python-urllib3/1.26.5"
10.128.0.2 - - [03/Dec/2025:22:59:30 +0000] "GET /healthcheck HTTP/1.1" 200 2 "-" "kube-probe/1.31" [Wed Dec 03 22:59:31.620393 2025] [wsgi:error] [pid 12:tid 26] [remote 10.128.0.2:51752] /usr/lib/python3.9/site-packages/oslo_context/context.py:100: DeprecationWarning: Policy enforcement is depending on the value of is_admin. This key is deprecated. Please update your policy file to use the standard policy values. [Wed Dec 03 22:59:31.620421 2025] [wsgi:error] [pid 12:tid 26] [remote 10.128.0.2:51752] warnings.warn('Policy enforcement is depending on the value of '
10.128.0.2 - - [03/Dec/2025:22:59:31 +0000] "GET /v3/volumes/355e6a34-12ac-44c5-a011-f347504ff5c6 HTTP/1.1" 200 941 "-" "python-urllib3/1.26.5" [Wed Dec 03 22:59:32.724195 2025] [wsgi:error] [pid 10:tid 111] [remote 10.128.0.2:51768] /usr/lib/python3.9/site-packages/oslo_context/context.py:100: DeprecationWarning: Policy enforcement is depending on the value of is_admin. This key is deprecated. Please update your policy file to use the standard policy values. [Wed Dec 03 22:59:32.724226 2025] [wsgi:error] [pid 10:tid 111] [remote 10.128.0.2:51768] warnings.warn('Policy enforcement is depending on the value of '
10.128.0.2 - - [03/Dec/2025:22:59:32 +0000] "GET /v3/volumes/355e6a34-12ac-44c5-a011-f347504ff5c6 HTTP/1.1" 200 941 "-" "python-urllib3/1.26.5"
100.64.0.2 - - [03/Dec/2025:22:59:29 +0000] "PUT /v3/attachments/17152ed8-d1e7-4f96-9728-eaf910fad8e4 HTTP/1.1" 200 1007 "-" "python-cinderclient" [Wed Dec 03 22:59:33.420273 2025] [wsgi:error] [pid 13:tid 29] [remote 100.64.0.2:39960] /usr/lib/python3.9/site-packages/oslo_context/context.py:100: DeprecationWarning: Policy enforcement is depending on the value of is_admin. This key is deprecated. Please update your policy file to use the standard policy values. [Wed Dec 03 22:59:33.420301 2025] [wsgi:error] [pid 13:tid 29] [remote 100.64.0.2:39960] warnings.warn('Policy enforcement is depending on the value of '
100.64.0.2 - - [03/Dec/2025:22:59:33 +0000] "GET /v3/volumes/355e6a34-12ac-44c5-a011-f347504ff5c6/encryption HTTP/1.1" 200 161 "-" "python-cinderclient"
10.128.0.2 - - [03/Dec/2025:22:59:33 +0000] "GET /healthcheck HTTP/1.1" 200 2 "-" "kube-probe/1.31" [Wed Dec 03 22:59:33.818674 2025] [wsgi:error] [pid 10:tid 111] [remote 10.128.0.2:54778] /usr/lib/python3.9/site-packages/oslo_context/context.py:100: DeprecationWarning: Policy enforcement is depending on the value of is_admin. This key is deprecated. Please update your policy file to use the standard policy values. [Wed Dec 03 22:59:33.818703 2025] [wsgi:error] [pid 10:tid 111] [remote 10.128.0.2:54778] warnings.warn('Policy enforcement is depending on the value of '
10.128.0.2 - - [03/Dec/2025:22:59:33 +0000] "GET /v3/volumes/355e6a34-12ac-44c5-a011-f347504ff5c6 HTTP/1.1" 200 942 "-" "python-urllib3/1.26.5"
10.128.0.2 - - [03/Dec/2025:22:59:34 +0000] "GET /healthcheck HTTP/1.1" 200 2 "-" "kube-probe/1.31" [Wed Dec 03 22:59:34.914123 2025] [wsgi:error] [pid 13:tid 29] [remote 10.128.0.2:54806] /usr/lib/python3.9/site-packages/oslo_context/context.py:100: DeprecationWarning: Policy enforcement is depending on the value of is_admin. This key is deprecated. Please update your policy file to use the standard policy values. [Wed Dec 03 22:59:34.914146 2025] [wsgi:error] [pid 13:tid 29] [remote 10.128.0.2:54806] warnings.warn('Policy enforcement is depending on the value of '
10.128.0.2 - - [03/Dec/2025:22:59:34 +0000] "GET /v3/volumes/355e6a34-12ac-44c5-a011-f347504ff5c6 HTTP/1.1" 200 942 "-" "python-urllib3/1.26.5" [Wed Dec 03 22:59:36.005707 2025] [wsgi:error] [pid 12:tid 26] [remote 10.128.0.2:54812] /usr/lib/python3.9/site-packages/oslo_context/context.py:100: DeprecationWarning: Policy enforcement is depending on the value of is_admin. This key is deprecated. Please update your policy file to use the standard policy values. [Wed Dec 03 22:59:36.005733 2025] [wsgi:error] [pid 12:tid 26] [remote 10.128.0.2:54812] warnings.warn('Policy enforcement is depending on the value of '
10.128.0.2 - - [03/Dec/2025:22:59:35 +0000] "GET /v3/volumes/355e6a34-12ac-44c5-a011-f347504ff5c6 HTTP/1.1" 200 942 "-" "python-urllib3/1.26.5"
10.128.0.2 - - [03/Dec/2025:22:59:36 +0000] "GET /healthcheck HTTP/1.1" 200 2 "-" "kube-probe/1.31" [Wed Dec 03 22:59:36.775954 2025] [wsgi:error] [pid 11:tid 32] [remote 100.64.0.2:39960] /usr/lib/python3.9/site-packages/oslo_context/context.py:100: DeprecationWarning: Policy enforcement is depending on the value of is_admin. This key is deprecated. Please update your policy file to use the standard policy values. [Wed Dec 03 22:59:36.775983 2025] [wsgi:error] [pid 11:tid 32] [remote 100.64.0.2:39960] warnings.warn('Policy enforcement is depending on the value of '
100.64.0.2 - - [03/Dec/2025:22:59:36 +0000] "POST /v3/attachments/17152ed8-d1e7-4f96-9728-eaf910fad8e4/action HTTP/1.1" 204 - "-" "python-cinderclient" [Wed Dec 03 22:59:37.087156 2025] [wsgi:error] [pid 13:tid 29] [remote 10.128.0.2:54830] /usr/lib/python3.9/site-packages/oslo_context/context.py:100: DeprecationWarning: Policy enforcement is depending on the value of is_admin. This key is deprecated. Please update your policy file to use the standard policy values. [Wed Dec 03 22:59:37.087179 2025] [wsgi:error] [pid 13:tid 29] [remote 10.128.0.2:54830] warnings.warn('Policy enforcement is depending on the value of '
10.128.0.2 - - [03/Dec/2025:22:59:37 +0000] "GET /v3/volumes/355e6a34-12ac-44c5-a011-f347504ff5c6 HTTP/1.1" 200 1234 "-" "python-urllib3/1.26.5" [Wed Dec 03 22:59:37.173859 2025] [wsgi:error] [pid 12:tid 26] [remote 10.128.0.2:54836] /usr/lib/python3.9/site-packages/oslo_context/context.py:100: DeprecationWarning: Policy enforcement is depending on the value of is_admin. This key is deprecated. Please update your policy file to use the standard policy values. [Wed Dec 03 22:59:37.173884 2025] [wsgi:error] [pid 12:tid 26] [remote 10.128.0.2:54836] warnings.warn('Policy enforcement is depending on the value of '
10.128.0.2 - - [03/Dec/2025:22:59:37 +0000] "GET /v3/volumes/355e6a34-12ac-44c5-a011-f347504ff5c6 HTTP/1.1" 200 1234 "-" "python-urllib3/1.26.5" [Wed Dec 03 22:59:37.423234 2025] [wsgi:error] [pid 10:tid 111] [remote 10.128.1.49:60902] /usr/lib/python3.9/site-packages/oslo_context/context.py:100: DeprecationWarning: Policy enforcement is depending on the value of is_admin. This key is deprecated. Please update your policy file to use the standard policy values. [Wed Dec 03 22:59:37.423269 2025] [wsgi:error] [pid 10:tid 111] [remote 10.128.1.49:60902] warnings.warn('Policy enforcement is depending on the value of '
10.128.1.49 - - [03/Dec/2025:22:59:37 +0000] "GET /v3/volumes/355e6a34-12ac-44c5-a011-f347504ff5c6 HTTP/1.1" 200 1210 "-" "python-cinderclient" [Wed Dec 03 22:59:37.577998 2025] [wsgi:error] [pid 11:tid 32] [remote 10.128.1.49:60902] /usr/lib/python3.9/site-packages/oslo_context/context.py:100: DeprecationWarning: Policy enforcement is depending on the value of is_admin. This key is deprecated. Please update your policy file to use the standard policy values. [Wed Dec 03 22:59:37.578030 2025] [wsgi:error] [pid 11:tid 32] [remote 10.128.1.49:60902] warnings.warn('Policy enforcement is depending on the value of '
10.128.1.49 - - [03/Dec/2025:22:59:37 +0000] "POST /v3/volumes/355e6a34-12ac-44c5-a011-f347504ff5c6/action HTTP/1.1" 202 - "-" "python-cinderclient"
100.64.0.2 - - [03/Dec/2025:22:59:37 +0000] "GET / HTTP/1.1" 300 403 "-" "nova-compute keystoneauth1/5.1.3 python-requests/2.25.1 CPython/3.9.23" [Wed Dec 03 22:59:37.823427 2025] [wsgi:error] [pid 12:tid 26] [remote 100.64.0.2:39960] /usr/lib/python3.9/site-packages/oslo_context/context.py:100: DeprecationWarning: Policy enforcement is depending on the value of is_admin. This key is deprecated. Please update your policy file to use the standard policy values. [Wed Dec 03 22:59:37.823452 2025] [wsgi:error] [pid 12:tid 26] [remote 100.64.0.2:39960] warnings.warn('Policy enforcement is depending on the value of '
100.64.0.2 - - [03/Dec/2025:22:59:37 +0000] "GET /v3/volumes/355e6a34-12ac-44c5-a011-f347504ff5c6 HTTP/1.1" 200 1312 "-" "python-cinderclient" [Wed Dec 03 22:59:37.933583 2025] [wsgi:error] [pid 10:tid 111] [remote 100.64.0.2:39960] /usr/lib/python3.9/site-packages/oslo_context/context.py:100: DeprecationWarning: Policy enforcement is depending on the value of is_admin. This key is deprecated. Please update your policy file to use the standard policy values. [Wed Dec 03 22:59:37.933607 2025] [wsgi:error] [pid 10:tid 111] [remote 100.64.0.2:39960] warnings.warn('Policy enforcement is depending on the value of '
