10.128.0.2 - - [03/Dec/2025:22:53:57 +0000] "GET /v3/volumes/72bac73e-6a1c-427b-8881-4aa1fd2d20cc HTTP/1.1" 200 921 "-" "python-urllib3/1.26.5" [Wed Dec 03 22:53:57.762585 2025] [wsgi:error] [pid 11:tid 32] [remote 10.128.0.2:39998] /usr/lib/python3.9/site-packages/oslo_context/context.py:100: DeprecationWarning: Policy enforcement is depending on the value of is_admin. This key is deprecated. Please update your policy file to use the standard policy values. [Wed Dec 03 22:53:57.762614 2025] [wsgi:error] [pid 11:tid 32] [remote 10.128.0.2:39998] warnings.warn('Policy enforcement is depending on the value of '
10.128.0.2 - - [03/Dec/2025:22:53:57 +0000] "GET /v3/volumes/0cff6eeb-7187-4497-b2c9-97a62f80f1f4 HTTP/1.1" 200 973 "-" "python-urllib3/1.26.5" [Wed Dec 03 22:53:58.951041 2025] [wsgi:error] [pid 12:tid 26] [remote 10.128.0.2:40016] /usr/lib/python3.9/site-packages/oslo_context/context.py:100: DeprecationWarning: Policy enforcement is depending on the value of is_admin. This key is deprecated. Please update your policy file to use the standard policy values. [Wed Dec 03 22:53:58.951067 2025] [wsgi:error] [pid 12:tid 26] [remote 10.128.0.2:40016] warnings.warn('Policy enforcement is depending on the value of '
10.128.0.2 - - [03/Dec/2025:22:53:58 +0000] "GET /v3/volumes/0cff6eeb-7187-4497-b2c9-97a62f80f1f4 HTTP/1.1" 200 1247 "-" "python-urllib3/1.26.5"
10.128.0.2 - - [03/Dec/2025:22:53:58 +0000] "GET /v3/volumes/72bac73e-6a1c-427b-8881-4aa1fd2d20cc HTTP/1.1" 404 109 "-" "python-urllib3/1.26.5" [Wed Dec 03 22:53:59.083427 2025] [wsgi:error] [pid 13:tid 29] [remote 10.128.0.2:40022] /usr/lib/python3.9/site-packages/oslo_context/context.py:100: DeprecationWarning: Policy enforcement is depending on the value of is_admin. This key is deprecated. Please update your policy file to use the standard policy values. [Wed Dec 03 22:53:59.083457 2025] [wsgi:error] [pid 13:tid 29] [remote 10.128.0.2:40022] warnings.warn('Policy enforcement is depending on the value of '
10.128.0.2 - - [03/Dec/2025:22:53:58 +0000] "GET /v3/volumes/0cff6eeb-7187-4497-b2c9-97a62f80f1f4 HTTP/1.1" 200 1247 "-" "python-urllib3/1.26.5" [Wed Dec 03 22:53:59.263130 2025] [wsgi:error] [pid 11:tid 32] [remote 10.128.0.2:40034] /usr/lib/python3.9/site-packages/oslo_context/context.py:100: DeprecationWarning: Policy enforcement is depending on the value of is_admin. This key is deprecated. Please update your policy file to use the standard policy values. [Wed Dec 03 22:53:59.263159 2025] [wsgi:error] [pid 11:tid 32] [remote 10.128.0.2:40034] warnings.warn('Policy enforcement is depending on the value of '
10.128.0.2 - - [03/Dec/2025:22:53:59 +0000] "PUT /v3/volumes/0cff6eeb-7187-4497-b2c9-97a62f80f1f4 HTTP/1.1" 200 844 "-" "python-urllib3/1.26.5" [Wed Dec 03 22:53:59.421918 2025] [wsgi:error] [pid 12:tid 26] [remote 10.128.0.2:40046] /usr/lib/python3.9/site-packages/oslo_context/context.py:100: DeprecationWarning: Policy enforcement is depending on the value of is_admin. This key is deprecated. Please update your policy file to use the standard policy values. [Wed Dec 03 22:53:59.421943 2025] [wsgi:error] [pid 12:tid 26] [remote 10.128.0.2:40046] warnings.warn('Policy enforcement is depending on the value of '
10.128.0.2 - - [03/Dec/2025:22:53:59 +0000] "PUT /v3/volumes/0cff6eeb-7187-4497-b2c9-97a62f80f1f4 HTTP/1.1" 200 882 "-" "python-urllib3/1.26.5"
10.128.0.2 - - [03/Dec/2025:22:53:59 +0000] "GET /healthcheck HTTP/1.1" 200 2 "-" "kube-probe/1.31" [Wed Dec 03 22:53:59.574981 2025] [wsgi:error] [pid 10:tid 111] [remote 10.128.0.2:40062] /usr/lib/python3.9/site-packages/oslo_context/context.py:100: DeprecationWarning: Policy enforcement is depending on the value of is_admin. This key is deprecated. Please update your policy file to use the standard policy values. [Wed Dec 03 22:53:59.575006 2025] [wsgi:error] [pid 10:tid 111] [remote 10.128.0.2:40062] warnings.warn('Policy enforcement is depending on the value of '
10.128.0.2 - - [03/Dec/2025:22:53:59 +0000] "GET /v3/volumes/0cff6eeb-7187-4497-b2c9-97a62f80f1f4 HTTP/1.1" 200 1285 "-" "python-urllib3/1.26.5"
10.128.0.2 - - [03/Dec/2025:22:53:59 +0000] "POST /v3/volumes HTTP/1.1" 202 802 "-" "python-urllib3/1.26.5" [Wed Dec 03 22:54:00.137762 2025] [wsgi:error] [pid 12:tid 26] [remote 10.128.0.2:40096] /usr/lib/python3.9/site-packages/oslo_context/context.py:100: DeprecationWarning: Policy enforcement is depending on the value of is_admin. This key is deprecated. Please update your policy file to use the standard policy values. [Wed Dec 03 22:54:00.137807 2025] [wsgi:error] [pid 12:tid 26] [remote 10.128.0.2:40096] warnings.warn('Policy enforcement is depending on the value of '
10.128.0.2 - - [03/Dec/2025:22:53:59 +0000] "GET /v3/volumes/1b014e63-b840-4955-a467-157978c9db8c HTTP/1.1" 200 894 "-" "python-urllib3/1.26.5"
10.128.0.2 - - [03/Dec/2025:22:54:00 +0000] "GET /healthcheck HTTP/1.1" 200 2 "-" "kube-probe/1.31" [Wed Dec 03 22:54:01.287351 2025] [wsgi:error] [pid 10:tid 111] [remote 10.128.0.2:40106] /usr/lib/python3.9/site-packages/oslo_context/context.py:100: DeprecationWarning: Policy enforcement is depending on the value of is_admin. This key is deprecated. Please update your policy file to use the standard policy values. [Wed Dec 03 22:54:01.287378 2025] [wsgi:error] [pid 10:tid 111] [remote 10.128.0.2:40106] warnings.warn('Policy enforcement is depending on the value of '
10.128.0.2 - - [03/Dec/2025:22:54:01 +0000] "GET /v3/volumes/1b014e63-b840-4955-a467-157978c9db8c HTTP/1.1" 200 895 "-" "python-urllib3/1.26.5" [Wed Dec 03 22:54:01.392035 2025] [wsgi:error] [pid 11:tid 32] [remote 10.128.0.2:40118] /usr/lib/python3.9/site-packages/oslo_context/context.py:100: DeprecationWarning: Policy enforcement is depending on the value of is_admin. This key is deprecated. Please update your policy file to use the standard policy values. [Wed Dec 03 22:54:01.392063 2025] [wsgi:error] [pid 11:tid 32] [remote 10.128.0.2:40118] warnings.warn('Policy enforcement is depending on the value of '
10.128.0.2 - - [03/Dec/2025:22:54:01 +0000] "PUT /v3/volumes/1b014e63-b840-4955-a467-157978c9db8c HTTP/1.1" 200 831 "-" "python-urllib3/1.26.5" [Wed Dec 03 22:54:01.633288 2025] [wsgi:error] [pid 12:tid 26] [remote 10.128.0.2:40120] /usr/lib/python3.9/site-packages/oslo_context/context.py:100: DeprecationWarning: Policy enforcement is depending on the value of is_admin. This key is deprecated. Please update your policy file to use the standard policy values. [Wed Dec 03 22:54:01.633315 2025] [wsgi:error] [pid 12:tid 26] [remote 10.128.0.2:40120] warnings.warn('Policy enforcement is depending on the value of '
10.128.0.2 - - [03/Dec/2025:22:54:01 +0000] "DELETE /v3/volumes/1b014e63-b840-4955-a467-157978c9db8c HTTP/1.1" 202 - "-" "python-urllib3/1.26.5" [Wed Dec 03 22:54:01.821030 2025] [wsgi:error] [pid 13:tid 29] [remote 10.128.0.2:40122] /usr/lib/python3.9/site-packages/oslo_context/context.py:100: DeprecationWarning: Policy enforcement is depending on the value of is_admin. This key is deprecated. Please update your policy file to use the standard policy values. [Wed Dec 03 22:54:01.821053 2025] [wsgi:error] [pid 13:tid 29] [remote 10.128.0.2:40122] warnings.warn('Policy enforcement is depending on the value of '
10.128.0.2 - - [03/Dec/2025:22:54:01 +0000] "GET /v3/volumes/1b014e63-b840-4955-a467-157978c9db8c HTTP/1.1" 200 898 "-" "python-urllib3/1.26.5" [Wed Dec 03 22:54:02.922949 2025] [wsgi:error] [pid 10:tid 111] [remote 10.128.0.2:40136] /usr/lib/python3.9/site-packages/oslo_context/context.py:100: DeprecationWarning: Policy enforcement is depending on the value of is_admin. This key is deprecated. Please update your policy file to use the standard policy values. [Wed Dec 03 22:54:02.922972 2025] [wsgi:error] [pid 10:tid 111] [remote 10.128.0.2:40136] warnings.warn('Policy enforcement is depending on the value of '
10.128.0.2 - - [03/Dec/2025:22:54:02 +0000] "GET /v3/volumes/1b014e63-b840-4955-a467-157978c9db8c HTTP/1.1" 200 898 "-" "python-urllib3/1.26.5"
10.128.0.2 - - [03/Dec/2025:22:54:03 +0000] "GET /healthcheck HTTP/1.1" 200 2 "-" "kube-probe/1.31"
10.128.0.2 - - [03/Dec/2025:22:54:03 +0000] "GET /v3/volumes/1b014e63-b840-4955-a467-157978c9db8c HTTP/1.1" 404 109 "-" "python-urllib3/1.26.5" [Wed Dec 03 22:54:04.090827 2025] [wsgi:error] [pid 13:tid 29] [remote 10.128.0.2:34146] /usr/lib/python3.9/site-packages/oslo_context/context.py:100: DeprecationWarning: Policy enforcement is depending on the value of is_admin. This key is deprecated. Please update your policy file to use the standard policy values. [Wed Dec 03 22:54:04.090850 2025] [wsgi:error] [pid 13:tid 29] [remote 10.128.0.2:34146] warnings.warn('Policy enforcement is depending on the value of '
10.128.0.2 - - [03/Dec/2025:22:54:04 +0000] "DELETE /v3/volumes/0cff6eeb-7187-4497-b2c9-97a62f80f1f4 HTTP/1.1" 202 - "-" "python-urllib3/1.26.5" [Wed Dec 03 22:54:04.231083 2025] [wsgi:error] [pid 10:tid 111] [remote 10.128.0.2:34156] /usr/lib/python3.9/site-packages/oslo_context/context.py:100: DeprecationWarning: Policy enforcement is depending on the value of is_admin. This key is deprecated. Please update your policy file to use the standard policy values. [Wed Dec 03 22:54:04.231113 2025] [wsgi:error] [pid 10:tid 111] [remote 10.128.0.2:34156] warnings.warn('Policy enforcement is depending on the value of '
10.128.0.2 - - [03/Dec/2025:22:54:04 +0000] "GET /v3/volumes/0cff6eeb-7187-4497-b2c9-97a62f80f1f4 HTTP/1.1" 200 1284 "-" "python-urllib3/1.26.5"
10.128.0.2 - - [03/Dec/2025:22:54:04 +0000] "GET /healthcheck HTTP/1.1" 200 2 "-" "kube-probe/1.31" [Wed Dec 03 22:54:05.540667 2025] [wsgi:error] [pid 11:tid 32] [remote 10.128.0.2:34172] /usr/lib/python3.9/site-packages/oslo_context/context.py:100: DeprecationWarning: Policy enforcement is depending on the value of is_admin. This key is deprecated. Please update your policy file to use the standard policy values. [Wed Dec 03 22:54:05.540692 2025] [wsgi:error] [pid 11:tid 32] [remote 10.128.0.2:34172] warnings.warn('Policy enforcement is depending on the value of '
10.128.0.2 - - [03/Dec/2025:22:54:05 +0000] "GET /v3/volumes/0cff6eeb-7187-4497-b2c9-97a62f80f1f4 HTTP/1.1" 200 1284 "-" "python-urllib3/1.26.5"
10.128.0.2 - - [03/Dec/2025:22:54:06 +0000] "GET /healthcheck HTTP/1.1" 200 2 "-" "kube-probe/1.31"
10.128.0.2 - - [03/Dec/2025:22:54:06 +0000] "GET /v3/volumes/0cff6eeb-7187-4497-b2c9-97a62f80f1f4 HTTP/1.1" 404 109 "-" "python-urllib3/1.26.5"
10.128.0.2 - - [03/Dec/2025:22:54:09 +0000] "GET /healthcheck HTTP/1.1" 200 2 "-" "kube-probe/1.31"
10.128.0.2 - - [03/Dec/2025:22:54:09 +0000] "GET /healthcheck HTTP/1.1" 200 2 "-" "kube-probe/1.31"
10.128.0.2 - - [03/Dec/2025:22:54:12 +0000] "GET /healthcheck HTTP/1.1" 200 2 "-" "kube-probe/1.31"
10.128.0.2 - - [03/Dec/2025:22:54:14 +0000] "GET /healthcheck HTTP/1.1" 200 2 "-" "kube-probe/1.31"
10.128.0.2 - - [03/Dec/2025:22:54:15 +0000] "GET /healthcheck HTTP/1.1" 200 2 "-" "kube-probe/1.31"
10.128.0.2 - - [03/Dec/2025:22:54:18 +0000] "GET /healthcheck HTTP/1.1" 200 2 "-" "kube-probe/1.31"
10.128.0.2 - - [03/Dec/2025:22:54:19 +0000] "GET /healthcheck HTTP/1.1" 200 2 "-" "kube-probe/1.31"
10.128.0.2 - - [03/Dec/2025:22:54:21 +0000] "GET /healthcheck HTTP/1.1" 200 2 "-" "kube-probe/1.31"
10.128.0.2 - - [03/Dec/2025:22:54:24 +0000] "GET /healthcheck HTTP/1.1" 200 2 "-" "kube-probe/1.31"
10.128.0.2 - - [03/Dec/2025:22:54:24 +0000] "GET /healthcheck HTTP/1.1" 200 2 "-" "kube-probe/1.31"
10.128.0.2 - - [03/Dec/2025:22:54:27 +0000] "GET /healthcheck HTTP/1.1" 200 2 "-" "kube-probe/1.31"
10.128.0.2 - - [03/Dec/2025:22:54:29 +0000] "GET /healthcheck HTTP/1.1" 200 2 "-" "kube-probe/1.31"
10.128.0.2 - - [03/Dec/2025:22:54:30 +0000] "GET /healthcheck HTTP/1.1" 200 2 "-" "kube-probe/1.31"
10.128.0.2 - - [03/Dec/2025:22:54:33 +0000] "GET /healthcheck HTTP/1.1" 200 2 "-" "kube-probe/1.31"
10.128.0.2 - - [03/Dec/2025:22:54:34 +0000] "GET /healthcheck HTTP/1.1" 200 2 "-" "kube-probe/1.31"
10.128.0.2 - - [03/Dec/2025:22:54:36 +0000] "GET /healthcheck HTTP/1.1" 200 2 "-" "kube-probe/1.31"
10.128.0.2 - - [03/Dec/2025:22:54:39 +0000] "GET /healthcheck HTTP/1.1" 200 2 "-" "kube-probe/1.31"
10.128.0.2 - - [03/Dec/2025:22:54:39 +0000] "GET /healthcheck HTTP/1.1" 200 2 "-" "kube-probe/1.31"
10.128.0.2 - - [03/Dec/2025:22:54:42 +0000] "GET /healthcheck HTTP/1.1" 200 2 "-" "kube-probe/1.31"
10.128.0.2 - - [03/Dec/2025:22:54:44 +0000] "GET /healthcheck HTTP/1.1" 200 2 "-" "kube-probe/1.31"
10.128.0.2 - - [03/Dec/2025:22:54:45 +0000] "GET /healthcheck HTTP/1.1" 200 2 "-" "kube-probe/1.31"
10.128.0.2 - - [03/Dec/2025:22:54:48 +0000] "GET /healthcheck HTTP/1.1" 200 2 "-" "kube-probe/1.31"
10.128.0.2 - - [03/Dec/2025:22:54:49 +0000] "GET /healthcheck HTTP/1.1" 200 2 "-" "kube-probe/1.31"
10.128.0.2 - - [03/Dec/2025:22:54:51 +0000] "GET /healthcheck HTTP/1.1" 200 2 "-" "kube-probe/1.31"
10.128.0.2 - - [03/Dec/2025:22:54:54 +0000] "GET /healthcheck HTTP/1.1" 200 2 "-" "kube-probe/1.31"
10.128.0.2 - - [03/Dec/2025:22:54:54 +0000] "GET /healthcheck HTTP/1.1" 200 2 "-" "kube-probe/1.31"
10.128.0.2 - - [03/Dec/2025:22:54:57 +0000] "GET /healthcheck HTTP/1.1" 200 2 "-" "kube-probe/1.31"
10.128.0.2 - - [03/Dec/2025:22:54:59 +0000] "GET /healthcheck HTTP/1.1" 200 2 "-" "kube-probe/1.31"
10.128.0.2 - - [03/Dec/2025:22:55:00 +0000] "GET /healthcheck HTTP/1.1" 200 2 "-" "kube-probe/1.31"
10.128.0.2 - - [03/Dec/2025:22:55:03 +0000] "GET /healthcheck HTTP/1.1" 200 2 "-" "kube-probe/1.31"
10.128.0.2 - - [03/Dec/2025:22:55:04 +0000] "GET /healthcheck HTTP/1.1" 200 2 "-" "kube-probe/1.31"
10.128.0.2 - - [03/Dec/2025:22:55:06 +0000] "GET /healthcheck HTTP/1.1" 200 2 "-" "kube-probe/1.31"
10.128.0.2 - - [03/Dec/2025:22:55:09 +0000] "GET /healthcheck HTTP/1.1" 200 2 "-" "kube-probe/1.31"
10.128.0.2 - - [03/Dec/2025:22:55:09 +0000] "GET /healthcheck HTTP/1.1" 200 2 "-" "kube-probe/1.31"
10.128.0.2 - - [03/Dec/2025:22:55:12 +0000] "GET /healthcheck HTTP/1.1" 200 2 "-" "kube-probe/1.31"
10.128.0.2 - - [03/Dec/2025:22:55:14 +0000] "GET /healthcheck HTTP/1.1" 200 2 "-" "kube-probe/1.31"
10.128.0.2 - - [03/Dec/2025:22:55:15 +0000] "GET /healthcheck HTTP/1.1" 200 2 "-" "kube-probe/1.31"
10.128.0.2 - - [03/Dec/2025:22:55:18 +0000] "GET /healthcheck HTTP/1.1" 200 2 "-" "kube-probe/1.31"
10.128.0.2 - - [03/Dec/2025:22:55:19 +0000] "GET /healthcheck HTTP/1.1" 200 2 "-" "kube-probe/1.31"
10.128.0.2 - - [03/Dec/2025:22:55:21 +0000] "GET /healthcheck HTTP/1.1" 200 2 "-" "kube-probe/1.31"
10.128.0.2 - - [03/Dec/2025:22:55:21 +0000] "POST /v3/types HTTP/1.1" 200 217 "-" "python-urllib3/1.26.5"
10.128.0.2 - - [03/Dec/2025:22:55:21 +0000] "POST /v3/types/439954bb-c5fc-49e1-9f8f-6b3a78420c02/encryption HTTP/1.1" 200 231 "-" "python-urllib3/1.26.5" [Wed Dec 03 22:55:22.133934 2025] [wsgi:error] [pid 10:tid 111] [remote 10.128.0.2:43360] /usr/lib/python3.9/site-packages/oslo_context/context.py:100: DeprecationWarning: Policy enforcement is depending on the value of is_admin. This key is deprecated. Please update your policy file to use the standard policy values. [Wed Dec 03 22:55:22.133955 2025] [wsgi:error] [pid 10:tid 111] [remote 10.128.0.2:43360] warnings.warn('Policy enforcement is depending on the value of '
10.128.0.2 - - [03/Dec/2025:22:55:22 +0000] "POST /v3/volumes HTTP/1.1" 202 842 "-" "python-urllib3/1.26.5" [Wed Dec 03 22:55:24.175265 2025] [wsgi:error] [pid 12:tid 26] [remote 10.128.0.2:48354] /usr/lib/python3.9/site-packages/oslo_context/context.py:100: DeprecationWarning: Policy enforcement is depending on the value of is_admin. This key is deprecated. Please update your policy file to use the standard policy values. [Wed Dec 03 22:55:24.175403 2025] [wsgi:error] [pid 12:tid 26] [remote 10.128.0.2:48354] warnings.warn('Policy enforcement is depending on the value of '
10.128.0.2 - - [03/Dec/2025:22:55:24 +0000] "GET /v3/volumes/b26e0ea4-fdd8-4c5b-996a-825accd9ccb3 HTTP/1.1" 200 934 "-" "python-urllib3/1.26.5"
10.128.0.2 - - [03/Dec/2025:22:55:24 +0000] "GET /healthcheck HTTP/1.1" 200 2 "-" "kube-probe/1.31"
10.128.0.2 - - [03/Dec/2025:22:55:24 +0000] "GET /healthcheck HTTP/1.1" 200 2 "-" "kube-probe/1.31" [Wed Dec 03 22:55:25.276334 2025] [wsgi:error] [pid 10:tid 111] [remote 10.128.0.2:48376] /usr/lib/python3.9/site-packages/oslo_context/context.py:100: DeprecationWarning: Policy enforcement is depending on the value of is_admin. This key is deprecated. Please update your policy file to use the standard policy values. [Wed Dec 03 22:55:25.276433 2025] [wsgi:error] [pid 10:tid 111] [remote 10.128.0.2:48376] warnings.warn('Policy enforcement is depending on the value of '
10.128.0.2 - - [03/Dec/2025:22:55:25 +0000] "GET /v3/volumes/b26e0ea4-fdd8-4c5b-996a-825accd9ccb3 HTTP/1.1" 200 935 "-" "python-urllib3/1.26.5" [Wed Dec 03 22:55:25.387429 2025] [wsgi:error] [pid 12:tid 26] [remote 10.128.0.2:48380] /usr/lib/python3.9/site-packages/oslo_context/context.py:100: DeprecationWarning: Policy enforcement is depending on the value of is_admin. This key is deprecated. Please update your policy file to use the standard policy values. [Wed Dec 03 22:55:25.387456 2025] [wsgi:error] [pid 12:tid 26] [remote 10.128.0.2:48380] warnings.warn('Policy enforcement is depending on the value of '
10.128.0.2 - - [03/Dec/2025:22:55:25 +0000] "GET /v3/volumes/b26e0ea4-fdd8-4c5b-996a-825accd9ccb3 HTTP/1.1" 200 935 "-" "python-urllib3/1.26.5" [Wed Dec 03 22:55:25.656614 2025] [wsgi:error] [pid 13:tid 29] [remote 10.128.1.49:37838] /usr/lib/python3.9/site-packages/oslo_context/context.py:100: DeprecationWarning: Policy enforcement is depending on the value of is_admin. This key is deprecated. Please update your policy file to use the standard policy values. [Wed Dec 03 22:55:25.656750 2025] [wsgi:error] [pid 13:tid 29] [remote 10.128.1.49:37838] warnings.warn('Policy enforcement is depending on the value of '
10.128.1.49 - - [03/Dec/2025:22:55:25 +0000] "GET /v3/volumes/b26e0ea4-fdd8-4c5b-996a-825accd9ccb3 HTTP/1.1" 200 911 "-" "python-cinderclient"
10.128.1.49 - - [03/Dec/2025:22:55:25 +0000] "GET / HTTP/1.1" 300 403 "-" "nova keystoneauth1/5.1.3 python-requests/2.25.1 CPython/3.9.23" [Wed Dec 03 22:55:26.024752 2025] [wsgi:error] [pid 10:tid 111] [remote 10.128.1.49:37838] /usr/lib/python3.9/site-packages/oslo_context/context.py:100: DeprecationWarning: Policy enforcement is depending on the value of is_admin. This key is deprecated. Please update your policy file to use the standard policy values. [Wed Dec 03 22:55:26.024907 2025] [wsgi:error] [pid 10:tid 111] [remote 10.128.1.49:37838] warnings.warn('Policy enforcement is depending on the value of '
10.128.1.49 - - [03/Dec/2025:22:55:25 +0000] "POST /v3/attachments HTTP/1.1" 200 273 "-" "python-cinderclient"
100.64.0.2 - - [03/Dec/2025:22:55:26 +0000] "GET / HTTP/1.1" 300 403 "-" "nova-compute keystoneauth1/5.1.3 python-requests/2.25.1 CPython/3.9.23" [Wed Dec 03 22:55:26.266077 2025] [wsgi:error] [pid 12:tid 26] [remote 10.128.0.2:48388] /usr/lib/python3.9/site-packages/oslo_context/context.py:100: DeprecationWarning: Policy enforcement is depending on the value of is_admin. This key is deprecated. Please update your policy file to use the standard policy values. [Wed Dec 03 22:55:26.266109 2025] [wsgi:error] [pid 12:tid 26] [remote 10.128.0.2:48388] warnings.warn('Policy enforcement is depending on the value of '
10.128.0.2 - - [03/Dec/2025:22:55:26 +0000] "GET /v3/volumes/b26e0ea4-fdd8-4c5b-996a-825accd9ccb3 HTTP/1.1" 200 934 "-" "python-urllib3/1.26.5" [Wed Dec 03 22:55:26.341653 2025] [wsgi:error] [pid 11:tid 32] [remote 100.64.0.2:46922] /usr/lib/python3.9/site-packages/oslo_context/context.py:100: DeprecationWarning: Policy enforcement is depending on the value of is_admin. This key is deprecated. Please update your policy file to use the standard policy values. [Wed Dec 03 22:55:26.341679 2025] [wsgi:error] [pid 11:tid 32] [remote 100.64.0.2:46922] warnings.warn('Policy enforcement is depending on the value of '
100.64.0.2 - - [03/Dec/2025:22:55:26 +0000] "GET /v3/volumes/b26e0ea4-fdd8-4c5b-996a-825accd9ccb3 HTTP/1.1" 200 1009 "-" "python-cinderclient" [Wed Dec 03 22:55:26.720476 2025] [wsgi:error] [pid 10:tid 111] [remote 100.64.0.2:46922] /usr/lib/python3.9/site-packages/oslo_context/context.py:100: DeprecationWarning: Policy enforcement is depending on the value of is_admin. This key is deprecated. Please update your policy file to use the standard policy values. [Wed Dec 03 22:55:26.720499 2025] [wsgi:error] [pid 10:tid 111] [remote 100.64.0.2:46922] warnings.warn('Policy enforcement is depending on the value of ' [Wed Dec 03 22:55:27.499318 2025] [wsgi:error] [pid 13:tid 29] [remote 10.128.0.2:48398] /usr/lib/python3.9/site-packages/oslo_context/context.py:100: DeprecationWarning: Policy enforcement is depending on the value of is_admin. This key is deprecated. Please update your policy file to use the standard policy values. [Wed Dec 03 22:55:27.499346 2025] [wsgi:error] [pid 13:tid 29] [remote 10.128.0.2:48398] warnings.warn('Policy enforcement is depending on the value of '
10.128.0.2 - - [03/Dec/2025:22:55:27 +0000] "GET /v3/volumes/b26e0ea4-fdd8-4c5b-996a-825accd9ccb3 HTTP/1.1" 200 934 "-" "python-urllib3/1.26.5"
10.128.0.2 - - [03/Dec/2025:22:55:27 +0000] "GET /healthcheck HTTP/1.1" 200 2 "-" "kube-probe/1.31" [Wed Dec 03 22:55:28.623895 2025] [wsgi:error] [pid 11:tid 32] [remote 10.128.0.2:48412] /usr/lib/python3.9/site-packages/oslo_context/context.py:100: DeprecationWarning: Policy enforcement is depending on the value of is_admin. This key is deprecated. Please update your policy file to use the standard policy values. [Wed Dec 03 22:55:28.623921 2025] [wsgi:error] [pid 11:tid 32] [remote 10.128.0.2:48412] warnings.warn('Policy enforcement is depending on the value of '
10.128.0.2 - - [03/Dec/2025:22:55:28 +0000] "GET /v3/volumes/b26e0ea4-fdd8-4c5b-996a-825accd9ccb3 HTTP/1.1" 200 934 "-" "python-urllib3/1.26.5"
10.128.0.2 - - [03/Dec/2025:22:55:29 +0000] "GET /healthcheck HTTP/1.1" 200 2 "-" "kube-probe/1.31" [Wed Dec 03 22:55:29.851754 2025] [wsgi:error] [pid 12:tid 26] [remote 10.128.0.2:48432] /usr/lib/python3.9/site-packages/oslo_context/context.py:100: DeprecationWarning: Policy enforcement is depending on the value of is_admin. This key is deprecated. Please update your policy file to use the standard policy values. [Wed Dec 03 22:55:29.852268 2025] [wsgi:error] [pid 12:tid 26] [remote 10.128.0.2:48432] warnings.warn('Policy enforcement is depending on the value of '
10.128.0.2 - - [03/Dec/2025:22:55:29 +0000] "GET /v3/volumes/b26e0ea4-fdd8-4c5b-996a-825accd9ccb3 HTTP/1.1" 200 934 "-" "python-urllib3/1.26.5"
100.64.0.2 - - [03/Dec/2025:22:55:26 +0000] "PUT /v3/attachments/3ac8a20f-0bbb-43dd-bbf5-244d9425ca11 HTTP/1.1" 200 1007 "-" "python-cinderclient"
10.128.0.2 - - [03/Dec/2025:22:55:30 +0000] "GET /healthcheck HTTP/1.1" 200 2 "-" "kube-probe/1.31" [Wed Dec 03 22:55:30.977922 2025] [wsgi:error] [pid 11:tid 32] [remote 100.64.0.2:46922] /usr/lib/python3.9/site-packages/oslo_context/context.py:100: DeprecationWarning: Policy enforcement is depending on the value of is_admin. This key is deprecated. Please update your policy file to use the standard policy values. [Wed Dec 03 22:55:30.977947 2025] [wsgi:error] [pid 11:tid 32] [remote 100.64.0.2:46922] warnings.warn('Policy enforcement is depending on the value of '
100.64.0.2 - - [03/Dec/2025:22:55:30 +0000] "GET /v3/volumes/b26e0ea4-fdd8-4c5b-996a-825accd9ccb3/encryption HTTP/1.1" 200 161 "-" "python-cinderclient" [Wed Dec 03 22:55:31.307657 2025] [wsgi:error] [pid 12:tid 26] [remote 10.128.0.2:48438] /usr/lib/python3.9/site-packages/oslo_context/context.py:100: DeprecationWarning: Policy enforcement is depending on the value of is_admin. This key is deprecated. Please update your policy file to use the standard policy values. [Wed Dec 03 22:55:31.307686 2025] [wsgi:error] [pid 12:tid 26] [remote 10.128.0.2:48438] warnings.warn('Policy enforcement is depending on the value of '
10.128.0.2 - - [03/Dec/2025:22:55:30 +0000] "GET /v3/volumes/b26e0ea4-fdd8-4c5b-996a-825accd9ccb3 HTTP/1.1" 200 935 "-" "python-urllib3/1.26.5" [Wed Dec 03 22:55:32.572435 2025] [wsgi:error] [pid 10:tid 111] [remote 10.128.0.2:48446] /usr/lib/python3.9/site-packages/oslo_context/context.py:100: DeprecationWarning: Policy enforcement is depending on the value of is_admin. This key is deprecated. Please update your policy file to use the standard policy values. [Wed Dec 03 22:55:32.572459 2025] [wsgi:error] [pid 10:tid 111] [remote 10.128.0.2:48446] warnings.warn('Policy enforcement is depending on the value of '
10.128.0.2 - - [03/Dec/2025:22:55:32 +0000] "GET /v3/volumes/b26e0ea4-fdd8-4c5b-996a-825accd9ccb3 HTTP/1.1" 200 935 "-" "python-urllib3/1.26.5"
10.128.0.2 - - [03/Dec/2025:22:55:33 +0000] "GET /healthcheck HTTP/1.1" 200 2 "-" "kube-probe/1.31" [Wed Dec 03 22:55:33.775493 2025] [wsgi:error] [pid 11:tid 32] [remote 10.128.0.2:33114] /usr/lib/python3.9/site-packages/oslo_context/context.py:100: DeprecationWarning: Policy enforcement is depending on the value of is_admin. This key is deprecated. Please update your policy file to use the standard policy values. [Wed Dec 03 22:55:33.775517 2025] [wsgi:error] [pid 11:tid 32] [remote 10.128.0.2:33114] warnings.warn('Policy enforcement is depending on the value of '
10.128.0.2 - - [03/Dec/2025:22:55:33 +0000] "GET /v3/volumes/b26e0ea4-fdd8-4c5b-996a-825accd9ccb3 HTTP/1.1" 200 935 "-" "python-urllib3/1.26.5"
10.128.0.2 - - [03/Dec/2025:22:55:34 +0000] "GET /healthcheck HTTP/1.1" 200 2 "-" "kube-probe/1.31" [Wed Dec 03 22:55:35.134300 2025] [wsgi:error] [pid 10:tid 111] [remote 10.128.0.2:33142] /usr/lib/python3.9/site-packages/oslo_context/context.py:100: DeprecationWarning: Policy enforcement is depending on the value of is_admin. This key is deprecated. Please update your policy file to use the standard policy values. [Wed Dec 03 22:55:35.134398 2025] [wsgi:error] [pid 10:tid 111] [remote 10.128.0.2:33142] warnings.warn('Policy enforcement is depending on the value of '
10.128.0.2 - - [03/Dec/2025:22:55:34 +0000] "GET /v3/volumes/b26e0ea4-fdd8-4c5b-996a-825accd9ccb3 HTTP/1.1" 200 935 "-" "python-urllib3/1.26.5" [Wed Dec 03 22:55:36.191994 2025] [wsgi:error] [pid 13:tid 29] [remote 100.64.0.2:46922] /usr/lib/python3.9/site-packages/oslo_context/context.py:100: DeprecationWarning: Policy enforcement is depending on the value of is_admin. This key is deprecated. Please update your policy file to use the standard policy values. [Wed Dec 03 22:55:36.192018 2025] [wsgi:error] [pid 13:tid 29] [remote 100.64.0.2:46922] warnings.warn('Policy enforcement is depending on the value of '
100.64.0.2 - - [03/Dec/2025:22:55:35 +0000] "POST /v3/attachments/3ac8a20f-0bbb-43dd-bbf5-244d9425ca11/action HTTP/1.1" 204 - "-" "python-cinderclient" [Wed Dec 03 22:55:36.285584 2025] [wsgi:error] [pid 11:tid 32] [remote 10.128.0.2:33154] /usr/lib/python3.9/site-packages/oslo_context/context.py:100: DeprecationWarning: Policy enforcement is depending on the value of is_admin. This key is deprecated. Please update your policy file to use the standard policy values. [Wed Dec 03 22:55:36.285614 2025] [wsgi:error] [pid 11:tid 32] [remote 10.128.0.2:33154] warnings.warn('Policy enforcement is depending on the value of '
10.128.0.2 - - [03/Dec/2025:22:55:36 +0000] "GET /v3/volumes/b26e0ea4-fdd8-4c5b-996a-825accd9ccb3 HTTP/1.1" 200 1227 "-" "python-urllib3/1.26.5" [Wed Dec 03 22:55:36.405823 2025] [wsgi:error] [pid 12:tid 26] [remote 10.128.0.2:33162] /usr/lib/python3.9/site-packages/oslo_context/context.py:100: DeprecationWarning: Policy enforcement is depending on the value of is_admin. This key is deprecated. Please update your policy file to use the standard policy values. [Wed Dec 03 22:55:36.405848 2025] [wsgi:error] [pid 12:tid 26] [remote 10.128.0.2:33162] warnings.warn('Policy enforcement is depending on the value of '
10.128.0.2 - - [03/Dec/2025:22:55:36 +0000] "GET /v3/volumes/b26e0ea4-fdd8-4c5b-996a-825accd9ccb3 HTTP/1.1" 200 1227 "-" "python-urllib3/1.26.5"
10.128.0.2 - - [03/Dec/2025:22:55:36 +0000] "GET /healthcheck HTTP/1.1" 200 2 "-" "kube-probe/1.31"
10.128.0.2 - - [03/Dec/2025:22:55:39 +0000] "GET /healthcheck HTTP/1.1" 200 2 "-" "kube-probe/1.31"
10.128.0.2 - - [03/Dec/2025:22:55:39 +0000] "GET /healthcheck HTTP/1.1" 200 2 "-" "kube-probe/1.31"
10.128.0.2 - - [03/Dec/2025:22:55:42 +0000] "GET /healthcheck HTTP/1.1" 200 2 "-" "kube-probe/1.31" [Wed Dec 03 22:55:43.787397 2025] [wsgi:error] [pid 10:tid 111] [remote 10.128.1.49:47532] /usr/lib/python3.9/site-packages/oslo_context/context.py:100: DeprecationWarning: Policy enforcement is depending on the value of is_admin. This key is deprecated. Please update your policy file to use the standard policy values. [Wed Dec 03 22:55:43.787426 2025] [wsgi:error] [pid 10:tid 111] [remote 10.128.1.49:47532] warnings.warn('Policy enforcement is depending on the value of '
10.128.1.49 - - [03/Dec/2025:22:55:43 +0000] "GET /v3/volumes/b26e0ea4-fdd8-4c5b-996a-825accd9ccb3 HTTP/1.1" 200 1203 "-" "python-cinderclient" [Wed Dec 03 22:55:44.022719 2025] [wsgi:error] [pid 13:tid 29] [remote 10.128.1.49:47532] /usr/lib/python3.9/site-packages/oslo_context/context.py:100: DeprecationWarning: Policy enforcement is depending on the value of is_admin. This key is deprecated. Please update your policy file to use the standard policy values. [Wed Dec 03 22:55:44.022747 2025] [wsgi:error] [pid 13:tid 29] [remote 10.128.1.49:47532] warnings.warn('Policy enforcement is depending on the value of '
10.128.1.49 - - [03/Dec/2025:22:55:43 +0000] "POST /v3/volumes/b26e0ea4-fdd8-4c5b-996a-825accd9ccb3/action HTTP/1.1" 202 - "-" "python-cinderclient"
100.64.0.2 - - [03/Dec/2025:22:55:44 +0000] "GET / HTTP/1.1" 300 403 "-" "nova-compute keystoneauth1/5.1.3 python-requests/2.25.1 CPython/3.9.23" [Wed Dec 03 22:55:44.532211 2025] [wsgi:error] [pid 12:tid 26] [remote 100.64.0.2:36648] /usr/lib/python3.9/site-packages/oslo_context/context.py:100: DeprecationWarning: Policy enforcement is depending on the value of is_admin. This key is deprecated. Please update your policy file to use the standard policy values. [Wed Dec 03 22:55:44.532239 2025] [wsgi:error] [pid 12:tid 26] [remote 100.64.0.2:36648] warnings.warn('Policy enforcement is depending on the value of '
100.64.0.2 - - [03/Dec/2025:22:55:44 +0000] "GET /v3/volumes/b26e0ea4-fdd8-4c5b-996a-825accd9ccb3 HTTP/1.1" 200 1305 "-" "python-cinderclient"
10.128.1.65 - - [03/Dec/2025:22:55:44 +0000] "GET /v3/backups/detail?all_tenants=True HTTP/1.1" 200 15 "-" "python-cinderclient"
10.128.0.2 - - [03/Dec/2025:22:55:44 +0000] "GET /healthcheck HTTP/1.1" 200 2 "-" "kube-probe/1.31" [Wed Dec 03 22:55:44.768269 2025] [wsgi:error] [pid 11:tid 32] [remote 100.64.0.2:36648] /usr/lib/python3.9/site-packages/oslo_context/context.py:100: DeprecationWarning: Policy enforcement is depending on the value of is_admin. This key is deprecated. Please update your policy file to use the standard policy values. [Wed Dec 03 22:55:44.768297 2025] [wsgi:error] [pid 11:tid 32] [remote 100.64.0.2:36648] warnings.warn('Policy enforcement is depending on the value of '
100.64.0.2 - - [03/Dec/2025:22:55:44 +0000] "GET /v3/volumes/b26e0ea4-fdd8-4c5b-996a-825accd9ccb3/encryption HTTP/1.1" 200 161 "-" "python-cinderclient" [Wed Dec 03 22:55:45.352731 2025] [wsgi:error] [pid 12:tid 26] [remote 100.64.0.2:36648] /usr/lib/python3.9/site-packages/oslo_context/context.py:100: DeprecationWarning: Policy enforcement is depending on the value of is_admin. This key is deprecated. Please update your policy file to use the standard policy values. [Wed Dec 03 22:55:45.352767 2025] [wsgi:error] [pid 12:tid 26] [remote 100.64.0.2:36648] warnings.warn('Policy enforcement is depending on the value of '
10.128.0.2 - - [03/Dec/2025:22:55:45 +0000] "GET /healthcheck HTTP/1.1" 200 2 "-" "kube-probe/1.31"
10.128.1.65 - - [03/Dec/2025:22:55:46 +0000] "GET /v3/snapshots/detail?all_tenants=True HTTP/1.1" 200 17 "-" "python-cinderclient" [Wed Dec 03 22:55:47.158282 2025] [wsgi:error] [pid 11:tid 32] [remote 10.128.1.65:52238] /usr/lib/python3.9/site-packages/oslo_context/context.py:100: DeprecationWarning: Policy enforcement is depending on the value of is_admin. This key is deprecated. Please update your policy file to use the standard policy values. [Wed Dec 03 22:55:47.158310 2025] [wsgi:error] [pid 11:tid 32] [remote 10.128.1.65:52238] warnings.warn('Policy enforcement is depending on the value of '
10.128.1.65 - - [03/Dec/2025:22:55:47 +0000] "GET /v3/volumes/detail?all_tenants=True HTTP/1.1" 200 1463 "-" "python-cinderclient"
100.64.0.2 - - [03/Dec/2025:22:55:45 +0000] "DELETE /v3/attachments/3ac8a20f-0bbb-43dd-bbf5-244d9425ca11 HTTP/1.1" 200 19 "-" "python-cinderclient"
10.128.0.2 - - [03/Dec/2025:22:55:48 +0000] "GET /healthcheck HTTP/1.1" 200 2 "-" "kube-probe/1.31" [Wed Dec 03 22:55:48.888685 2025] [wsgi:error] [pid 13:tid 29] [remote 10.128.0.2:60124] /usr/lib/python3.9/site-packages/oslo_context/context.py:100: DeprecationWarning: Policy enforcement is depending on the value of is_admin. This key is deprecated. Please update your policy file to use the standard policy values. [Wed Dec 03 22:55:48.888707 2025] [wsgi:error] [pid 13:tid 29] [remote 10.128.0.2:60124] warnings.warn('Policy enforcement is depending on the value of '
10.128.0.2 - - [03/Dec/2025:22:55:48 +0000] "DELETE /v3/volumes/b26e0ea4-fdd8-4c5b-996a-825accd9ccb3 HTTP/1.1" 202 - "-" "python-urllib3/1.26.5" [Wed Dec 03 22:55:49.305209 2025] [wsgi:error] [pid 11:tid 32] [remote 10.128.0.2:60132] /usr/lib/python3.9/site-packages/oslo_context/context.py:100: DeprecationWarning: Policy enforcement is depending on the value of is_admin. This key is deprecated. Please update your policy file to use the standard policy values. [Wed Dec 03 22:55:49.305245 2025] [wsgi:error] [pid 11:tid 32] [remote 10.128.0.2:60132] warnings.warn('Policy enforcement is depending on the value of '
10.128.0.2 - - [03/Dec/2025:22:55:49 +0000] "GET /v3/volumes/b26e0ea4-fdd8-4c5b-996a-825accd9ccb3 HTTP/1.1" 200 934 "-" "python-urllib3/1.26.5"
10.128.0.2 - - [03/Dec/2025:22:55:49 +0000] "GET /healthcheck HTTP/1.1" 200 2 "-" "kube-probe/1.31" [Wed Dec 03 22:55:50.553055 2025] [wsgi:error] [pid 10:tid 111] [remote 10.128.0.2:60152] /usr/lib/python3.9/site-packages/oslo_context/context.py:100: DeprecationWarning: Policy enforcement is depending on the value of is_admin. This key is deprecated. Please update your policy file to use the standard policy values. [Wed Dec 03 22:55:50.553084 2025] [wsgi:error] [pid 10:tid 111] [remote 10.128.0.2:60152] warnings.warn('Policy enforcement is depending on the value of '
10.128.0.2 - - [03/Dec/2025:22:55:50 +0000] "GET /v3/volumes/b26e0ea4-fdd8-4c5b-996a-825accd9ccb3 HTTP/1.1" 200 934 "-" "python-urllib3/1.26.5"
10.128.0.2 - - [03/Dec/2025:22:55:51 +0000] "GET /healthcheck HTTP/1.1" 200 2 "-" "kube-probe/1.31"
10.128.0.2 - - [03/Dec/2025:22:55:51 +0000] "GET /v3/volumes/b26e0ea4-fdd8-4c5b-996a-825accd9ccb3 HTTP/1.1" 404 109 "-" "python-urllib3/1.26.5" [Wed Dec 03 22:55:52.230677 2025] [wsgi:error] [pid 12:tid 26] [remote 10.128.0.2:60186] /usr/lib/python3.9/site-packages/oslo_context/context.py:100: DeprecationWarning: Policy enforcement is depending on the value of is_admin. This key is deprecated. Please update your policy file to use the standard policy values. [Wed Dec 03 22:55:52.230705 2025] [wsgi:error] [pid 12:tid 26] [remote 10.128.0.2:60186] warnings.warn('Policy enforcement is depending on the value of '
10.128.0.2 - - [03/Dec/2025:22:55:52 +0000] "GET /v3/volumes/detail?all_tenants=1 HTTP/1.1" 200 15 "-" "python-urllib3/1.26.5"
10.128.0.2 - - [03/Dec/2025:22:55:52 +0000] "DELETE /v3/types/439954bb-c5fc-49e1-9f8f-6b3a78420c02 HTTP/1.1" 202 - "-" "python-urllib3/1.26.5"
10.128.0.2 - - [03/Dec/2025:22:55:54 +0000] "GET /healthcheck HTTP/1.1" 200 2 "-" "kube-probe/1.31"
10.128.0.2 - - [03/Dec/2025:22:55:54 +0000] "GET /healthcheck HTTP/1.1" 200 2 "-" "kube-probe/1.31"
10.128.0.2 - - [03/Dec/2025:22:55:57 +0000] "GET /healthcheck HTTP/1.1" 200 2 "-" "kube-probe/1.31"
10.128.0.2 - - [03/Dec/2025:22:55:59 +0000] "GET /healthcheck HTTP/1.1" 200 2 "-" "kube-probe/1.31"
10.128.0.2 - - [03/Dec/2025:22:56:00 +0000] "GET /healthcheck HTTP/1.1" 200 2 "-" "kube-probe/1.31"
10.128.0.2 - - [03/Dec/2025:22:56:03 +0000] "GET /healthcheck HTTP/1.1" 200 2 "-" "kube-probe/1.31"
10.128.0.2 - - [03/Dec/2025:22:56:04 +0000] "GET /healthcheck HTTP/1.1" 200 2 "-" "kube-probe/1.31"
10.128.0.2 - - [03/Dec/2025:22:56:06 +0000] "GET /healthcheck HTTP/1.1" 200 2 "-" "kube-probe/1.31"
10.128.0.2 - - [03/Dec/2025:22:56:09 +0000] "GET /healthcheck HTTP/1.1" 200 2 "-" "kube-probe/1.31"
10.128.0.2 - - [03/Dec/2025:22:56:09 +0000] "GET /healthcheck HTTP/1.1" 200 2 "-" "kube-probe/1.31"
10.128.0.2 - - [03/Dec/2025:22:56:12 +0000] "GET /healthcheck HTTP/1.1" 200 2 "-" "kube-probe/1.31"
10.128.0.2 - - [03/Dec/2025:22:56:14 +0000] "GET /healthcheck HTTP/1.1" 200 2 "-" "kube-probe/1.31"
10.128.0.2 - - [03/Dec/2025:22:56:15 +0000] "GET /healthcheck HTTP/1.1" 200 2 "-" "kube-probe/1.31"
10.128.0.2 - - [03/Dec/2025:22:56:18 +0000] "GET /healthcheck HTTP/1.1" 200 2 "-" "kube-probe/1.31"
10.128.0.2 - - [03/Dec/2025:22:56:19 +0000] "POST /v3/types HTTP/1.1" 200 212 "-" "python-urllib3/1.26.5"
10.128.0.2 - - [03/Dec/2025:22:56:19 +0000] "GET /healthcheck HTTP/1.1" 200 2 "-" "kube-probe/1.31"
10.128.0.2 - - [03/Dec/2025:22:56:19 +0000] "POST /v3/types/0a10354e-2227-4a04-976f-fab6bce5a4c5/encryption HTTP/1.1" 200 230 "-" "python-urllib3/1.26.5" [Wed Dec 03 22:56:19.733252 2025] [wsgi:error] [pid 10:tid 111] [remote 10.128.0.2:50638] /usr/lib/python3.9/site-packages/oslo_context/context.py:100: DeprecationWarning: Policy enforcement is depending on the value of is_admin. This key is deprecated. Please update your policy file to use the standard policy values. [Wed Dec 03 22:56:19.733274 2025] [wsgi:error] [pid 10:tid 111] [remote 10.128.0.2:50638] warnings.warn('Policy enforcement is depending on the value of '
10.128.0.2 - - [03/Dec/2025:22:56:19 +0000] "POST /v3/volumes HTTP/1.1" 202 837 "-" "python-urllib3/1.26.5" [Wed Dec 03 22:56:21.362046 2025] [wsgi:error] [pid 12:tid 26] [remote 10.128.0.2:50646] /usr/lib/python3.9/site-packages/oslo_context/context.py:100: DeprecationWarning: Policy enforcement is depending on the value of is_admin. This key is deprecated. Please update your policy file to use the standard policy values. [Wed Dec 03 22:56:21.362070 2025] [wsgi:error] [pid 12:tid 26] [remote 10.128.0.2:50646] warnings.warn('Policy enforcement is depending on the value of '
10.128.0.2 - - [03/Dec/2025:22:56:21 +0000] "GET /v3/volumes/c033528c-b279-451f-af1d-c06f7d011053 HTTP/1.1" 200 929 "-" "python-urllib3/1.26.5"
10.128.0.2 - - [03/Dec/2025:22:56:21 +0000] "GET /healthcheck HTTP/1.1" 200 2 "-" "kube-probe/1.31" [Wed Dec 03 22:56:22.464986 2025] [wsgi:error] [pid 11:tid 32] [remote 10.128.0.2:50662] /usr/lib/python3.9/site-packages/oslo_context/context.py:100: DeprecationWarning: Policy enforcement is depending on the value of is_admin. This key is deprecated. Please update your policy file to use the standard policy values. [Wed Dec 03 22:56:22.465015 2025] [wsgi:error] [pid 11:tid 32] [remote 10.128.0.2:50662] warnings.warn('Policy enforcement is depending on the value of '
10.128.0.2 - - [03/Dec/2025:22:56:22 +0000] "GET /v3/volumes/c033528c-b279-451f-af1d-c06f7d011053 HTTP/1.1" 200 930 "-" "python-urllib3/1.26.5" [Wed Dec 03 22:56:22.552051 2025] [wsgi:error] [pid 10:tid 111] [remote 10.128.0.2:50670] /usr/lib/python3.9/site-packages/oslo_context/context.py:100: DeprecationWarning: Policy enforcement is depending on the value of is_admin. This key is deprecated. Please update your policy file to use the standard policy values. [Wed Dec 03 22:56:22.552083 2025] [wsgi:error] [pid 10:tid 111] [remote 10.128.0.2:50670] warnings.warn('Policy enforcement is depending on the value of '
10.128.0.2 - - [03/Dec/2025:22:56:22 +0000] "GET /v3/volumes/c033528c-b279-451f-af1d-c06f7d011053 HTTP/1.1" 200 930 "-" "python-urllib3/1.26.5" [Wed Dec 03 22:56:22.778300 2025] [wsgi:error] [pid 12:tid 26] [remote 10.128.1.49:38080] /usr/lib/python3.9/site-packages/oslo_context/context.py:100: DeprecationWarning: Policy enforcement is depending on the value of is_admin. This key is deprecated. Please update your policy file to use the standard policy values. [Wed Dec 03 22:56:22.778328 2025] [wsgi:error] [pid 12:tid 26] [remote 10.128.1.49:38080] warnings.warn('Policy enforcement is depending on the value of '
10.128.1.49 - - [03/Dec/2025:22:56:22 +0000] "GET /v3/volumes/c033528c-b279-451f-af1d-c06f7d011053 HTTP/1.1" 200 906 "-" "python-cinderclient"
10.128.1.49 - - [03/Dec/2025:22:56:22 +0000] "GET / HTTP/1.1" 300 403 "-" "nova keystoneauth1/5.1.3 python-requests/2.25.1 CPython/3.9.23" [Wed Dec 03 22:56:23.100127 2025] [wsgi:error] [pid 11:tid 32] [remote 10.128.1.49:38080] /usr/lib/python3.9/site-packages/oslo_context/context.py:100: DeprecationWarning: Policy enforcement is depending on the value of is_admin. This key is deprecated. Please update your policy file to use the standard policy values. [Wed Dec 03 22:56:23.100158 2025] [wsgi:error] [pid 11:tid 32] [remote 10.128.1.49:38080] warnings.warn('Policy enforcement is depending on the value of '
10.128.1.49 - - [03/Dec/2025:22:56:22 +0000] "POST /v3/attachments HTTP/1.1" 200 273 "-" "python-cinderclient"
100.64.0.2 - - [03/Dec/2025:22:56:23 +0000] "GET / HTTP/1.1" 300 403 "-" "nova-compute keystoneauth1/5.1.3 python-requests/2.25.1 CPython/3.9.23" [Wed Dec 03 22:56:23.242444 2025] [wsgi:error] [pid 10:tid 111] [remote 10.128.0.2:50672] /usr/lib/python3.9/site-packages/oslo_context/context.py:100: DeprecationWarning: Policy enforcement is depending on the value of is_admin. This key is deprecated. Please update your policy file to use the standard policy values. [Wed Dec 03 22:56:23.242480 2025] [wsgi:error] [pid 10:tid 111] [remote 10.128.0.2:50672] warnings.warn('Policy enforcement is depending on the value of '
10.128.0.2 - - [03/Dec/2025:22:56:23 +0000] "GET /v3/volumes/c033528c-b279-451f-af1d-c06f7d011053 HTTP/1.1" 200 929 "-" "python-urllib3/1.26.5" [Wed Dec 03 22:56:23.367281 2025] [wsgi:error] [pid 13:tid 29] [remote 100.64.0.2:57516] /usr/lib/python3.9/site-packages/oslo_context/context.py:100: DeprecationWarning: Policy enforcement is depending on the value of is_admin. This key is deprecated. Please update your policy file to use the standard policy values. [Wed Dec 03 22:56:23.367309 2025] [wsgi:error] [pid 13:tid 29] [remote 100.64.0.2:57516] warnings.warn('Policy enforcement is depending on the value of '
100.64.0.2 - - [03/Dec/2025:22:56:23 +0000] "GET /v3/volumes/c033528c-b279-451f-af1d-c06f7d011053 HTTP/1.1" 200 1004 "-" "python-cinderclient" [Wed Dec 03 22:56:23.595818 2025] [wsgi:error] [pid 11:tid 32] [remote 100.64.0.2:57516] /usr/lib/python3.9/site-packages/oslo_context/context.py:100: DeprecationWarning: Policy enforcement is depending on the value of is_admin. This key is deprecated. Please update your policy file to use the standard policy values. [Wed Dec 03 22:56:23.595843 2025] [wsgi:error] [pid 11:tid 32] [remote 100.64.0.2:57516] warnings.warn('Policy enforcement is depending on the value of ' [Wed Dec 03 22:56:24.377743 2025] [wsgi:error] [pid 12:tid 26] [remote 10.128.0.2:45154] /usr/lib/python3.9/site-packages/oslo_context/context.py:100: DeprecationWarning: Policy enforcement is depending on the value of is_admin. This key is deprecated. Please update your policy file to use the standard policy values. [Wed Dec 03 22:56:24.377790 2025] [wsgi:error] [pid 12:tid 26] [remote 10.128.0.2:45154] warnings.warn('Policy enforcement is depending on the value of '
10.128.0.2 - - [03/Dec/2025:22:56:24 +0000] "GET /v3/volumes/c033528c-b279-451f-af1d-c06f7d011053 HTTP/1.1" 200 929 "-" "python-urllib3/1.26.5"
10.128.0.2 - - [03/Dec/2025:22:56:24 +0000] "GET /healthcheck HTTP/1.1" 200 2 "-" "kube-probe/1.31"
10.128.0.2 - - [03/Dec/2025:22:56:24 +0000] "GET /healthcheck HTTP/1.1" 200 2 "-" "kube-probe/1.31" [Wed Dec 03 22:56:25.497798 2025] [wsgi:error] [pid 12:tid 26] [remote 10.128.0.2:45172] /usr/lib/python3.9/site-packages/oslo_context/context.py:100: DeprecationWarning: Policy enforcement is depending on the value of is_admin. This key is deprecated. Please update your policy file to use the standard policy values. [Wed Dec 03 22:56:25.497834 2025] [wsgi:error] [pid 12:tid 26] [remote 10.128.0.2:45172] warnings.warn('Policy enforcement is depending on the value of '
10.128.0.2 - - [03/Dec/2025:22:56:25 +0000] "GET /v3/volumes/c033528c-b279-451f-af1d-c06f7d011053 HTTP/1.1" 200 929 "-" "python-urllib3/1.26.5" [Wed Dec 03 22:56:26.596803 2025] [wsgi:error] [pid 10:tid 111] [remote 10.128.0.2:45174] /usr/lib/python3.9/site-packages/oslo_context/context.py:100: DeprecationWarning: Policy enforcement is depending on the value of is_admin. This key is deprecated. Please update your policy file to use the standard policy values. [Wed Dec 03 22:56:26.596828 2025] [wsgi:error] [pid 10:tid 111] [remote 10.128.0.2:45174] warnings.warn('Policy enforcement is depending on the value of '
10.128.0.2 - - [03/Dec/2025:22:56:26 +0000] "GET /v3/volumes/c033528c-b279-451f-af1d-c06f7d011053 HTTP/1.1" 200 929 "-" "python-urllib3/1.26.5"
100.64.0.2 - - [03/Dec/2025:22:56:23 +0000] "PUT /v3/attachments/6f51a9f5-940c-440e-9a3a-1a4990d3dafd HTTP/1.1" 200 1007 "-" "python-cinderclient" [Wed Dec 03 22:56:27.396739 2025] [wsgi:error] [pid 13:tid 29] [remote 100.64.0.2:57516] /usr/lib/python3.9/site-packages/oslo_context/context.py:100: DeprecationWarning: Policy enforcement is depending on the value of is_admin. This key is deprecated. Please update your policy file to use the standard policy values. [Wed Dec 03 22:56:27.396789 2025] [wsgi:error] [pid 13:tid 29] [remote 100.64.0.2:57516] warnings.warn('Policy enforcement is depending on the value of '
100.64.0.2 - - [03/Dec/2025:22:56:27 +0000] "GET /v3/volumes/c033528c-b279-451f-af1d-c06f7d011053/encryption HTTP/1.1" 200 160 "-" "python-cinderclient"
10.128.0.2 - - [03/Dec/2025:22:56:27 +0000] "GET /healthcheck HTTP/1.1" 200 2 "-" "kube-probe/1.31" [Wed Dec 03 22:56:27.702928 2025] [wsgi:error] [pid 10:tid 111] [remote 10.128.0.2:45206] /usr/lib/python3.9/site-packages/oslo_context/context.py:100: DeprecationWarning: Policy enforcement is depending on the value of is_admin. This key is deprecated. Please update your policy file to use the standard policy values. [Wed Dec 03 22:56:27.702957 2025] [wsgi:error] [pid 10:tid 111] [remote 10.128.0.2:45206] warnings.warn('Policy enforcement is depending on the value of '
10.128.0.2 - - [03/Dec/2025:22:56:27 +0000] "GET /v3/volumes/c033528c-b279-451f-af1d-c06f7d011053 HTTP/1.1" 200 930 "-" "python-urllib3/1.26.5" [Wed Dec 03 22:56:28.806427 2025] [wsgi:error] [pid 11:tid 32] [remote 10.128.0.2:45222] /usr/lib/python3.9/site-packages/oslo_context/context.py:100: DeprecationWarning: Policy enforcement is depending on the value of is_admin. This key is deprecated. Please update your policy file to use the standard policy values. [Wed Dec 03 22:56:28.806456 2025] [wsgi:error] [pid 11:tid 32] [remote 10.128.0.2:45222] warnings.warn('Policy enforcement is depending on the value of '
10.128.0.2 - - [03/Dec/2025:22:56:28 +0000] "GET /v3/volumes/c033528c-b279-451f-af1d-c06f7d011053 HTTP/1.1" 200 930 "-" "python-urllib3/1.26.5"
10.128.0.2 - - [03/Dec/2025:22:56:29 +0000] "GET /healthcheck HTTP/1.1" 200 2 "-" "kube-probe/1.31" [Wed Dec 03 22:56:29.919381 2025] [wsgi:error] [pid 12:tid 26] [remote 10.128.0.2:45234] /usr/lib/python3.9/site-packages/oslo_context/context.py:100: DeprecationWarning: Policy enforcement is depending on the value of is_admin. This key is deprecated. Please update your policy file to use the standard policy values. [Wed Dec 03 22:56:29.919409 2025] [wsgi:error] [pid 12:tid 26] [remote 10.128.0.2:45234] warnings.warn('Policy enforcement is depending on the value of '
10.128.0.2 - - [03/Dec/2025:22:56:29 +0000] "GET /v3/volumes/c033528c-b279-451f-af1d-c06f7d011053 HTTP/1.1" 200 930 "-" "python-urllib3/1.26.5"
10.128.0.2 - - [03/Dec/2025:22:56:30 +0000] "GET /healthcheck HTTP/1.1" 200 2 "-" "kube-probe/1.31" [Wed Dec 03 22:56:31.113763 2025] [wsgi:error] [pid 11:tid 32] [remote 10.128.0.2:45258] /usr/lib/python3.9/site-packages/oslo_context/context.py:100: DeprecationWarning: Policy enforcement is depending on the value of is_admin. This key is deprecated. Please update your policy file to use the standard policy values. [Wed Dec 03 22:56:31.113805 2025] [wsgi:error] [pid 11:tid 32] [remote 10.128.0.2:45258] warnings.warn('Policy enforcement is depending on the value of '
10.128.0.2 - - [03/Dec/2025:22:56:30 +0000] "GET /v3/volumes/c033528c-b279-451f-af1d-c06f7d011053 HTTP/1.1" 200 930 "-" "python-urllib3/1.26.5" [Wed Dec 03 22:56:32.290711 2025] [wsgi:error] [pid 13:tid 29] [remote 10.128.0.2:45272] /usr/lib/python3.9/site-packages/oslo_context/context.py:100: DeprecationWarning: Policy enforcement is depending on the value of is_admin. This key is deprecated. Please update your policy file to use the standard policy values. [Wed Dec 03 22:56:32.290740 2025] [wsgi:error] [pid 13:tid 29] [remote 10.128.0.2:45272] warnings.warn('Policy enforcement is depending on the value of '
10.128.0.2 - - [03/Dec/2025:22:56:32 +0000] "GET /v3/volumes/c033528c-b279-451f-af1d-c06f7d011053 HTTP/1.1" 200 930 "-" "python-urllib3/1.26.5" [Wed Dec 03 22:56:33.498841 2025] [wsgi:error] [pid 12:tid 26] [remote 10.128.0.2:45280] /usr/lib/python3.9/site-packages/oslo_context/context.py:100: DeprecationWarning: Policy enforcement is depending on the value of is_admin. This key is deprecated. Please update your policy file to use the standard policy values. [Wed Dec 03 22:56:33.498907 2025] [wsgi:error] [pid 12:tid 26] [remote 10.128.0.2:45280] warnings.warn('Policy enforcement is depending on the value of '
