10.128.0.2 - - [03/Dec/2025:23:33:14 +0000] "GET /healthcheck HTTP/1.1" 200 2 "-" "kube-probe/1.31" [Wed Dec 03 23:33:14.756618 2025] [wsgi:error] [pid 11:tid 32] [remote 10.128.0.2:33400] /usr/lib/python3.9/site-packages/oslo_context/context.py:100: DeprecationWarning: Policy enforcement is depending on the value of is_admin. This key is deprecated. Please update your policy file to use the standard policy values. [Wed Dec 03 23:33:14.756645 2025] [wsgi:error] [pid 11:tid 32] [remote 10.128.0.2:33400] warnings.warn('Policy enforcement is depending on the value of '
10.128.0.2 - - [03/Dec/2025:23:33:14 +0000] "GET /v3/volumes/e68af44c-47d0-4477-b6ba-f67055ae2fa3 HTTP/1.1" 200 929 "-" "python-urllib3/1.26.5"
10.128.0.2 - - [03/Dec/2025:23:33:15 +0000] "GET /healthcheck HTTP/1.1" 200 2 "-" "kube-probe/1.31"
10.128.0.2 - - [03/Dec/2025:23:33:15 +0000] "GET /v3/volumes/e68af44c-47d0-4477-b6ba-f67055ae2fa3 HTTP/1.1" 404 109 "-" "python-urllib3/1.26.5" [Wed Dec 03 23:33:15.940640 2025] [wsgi:error] [pid 10:tid 111] [remote 10.128.0.2:33418] /usr/lib/python3.9/site-packages/oslo_context/context.py:100: DeprecationWarning: Policy enforcement is depending on the value of is_admin. This key is deprecated. Please update your policy file to use the standard policy values. [Wed Dec 03 23:33:15.940663 2025] [wsgi:error] [pid 10:tid 111] [remote 10.128.0.2:33418] warnings.warn('Policy enforcement is depending on the value of '
10.128.0.2 - - [03/Dec/2025:23:33:15 +0000] "GET /v3/volumes/detail?all_tenants=1 HTTP/1.1" 200 15 "-" "python-urllib3/1.26.5"
10.128.0.2 - - [03/Dec/2025:23:33:15 +0000] "DELETE /v3/types/3eb0e2bf-407d-466d-8b22-5b1e225efd3c HTTP/1.1" 202 - "-" "python-urllib3/1.26.5"
10.128.0.2 - - [03/Dec/2025:23:33:16 +0000] "POST /v3/types HTTP/1.1" 200 213 "-" "python-urllib3/1.26.5"
10.128.0.2 - - [03/Dec/2025:23:33:16 +0000] "POST /v3/types/9c148a4c-d734-416d-8d30-9b6b92319ec5/encryption HTTP/1.1" 200 231 "-" "python-urllib3/1.26.5" [Wed Dec 03 23:33:16.295263 2025] [wsgi:error] [pid 10:tid 111] [remote 10.128.0.2:33446] /usr/lib/python3.9/site-packages/oslo_context/context.py:100: DeprecationWarning: Policy enforcement is depending on the value of is_admin. This key is deprecated. Please update your policy file to use the standard policy values. [Wed Dec 03 23:33:16.295373 2025] [wsgi:error] [pid 10:tid 111] [remote 10.128.0.2:33446] warnings.warn('Policy enforcement is depending on the value of '
10.128.0.2 - - [03/Dec/2025:23:33:16 +0000] "POST /v3/volumes HTTP/1.1" 202 838 "-" "python-urllib3/1.26.5" [Wed Dec 03 23:33:17.889075 2025] [wsgi:error] [pid 11:tid 32] [remote 10.128.0.2:33460] /usr/lib/python3.9/site-packages/oslo_context/context.py:100: DeprecationWarning: Policy enforcement is depending on the value of is_admin. This key is deprecated. Please update your policy file to use the standard policy values. [Wed Dec 03 23:33:17.889104 2025] [wsgi:error] [pid 11:tid 32] [remote 10.128.0.2:33460] warnings.warn('Policy enforcement is depending on the value of '
10.128.0.2 - - [03/Dec/2025:23:33:17 +0000] "GET /v3/volumes/54e1e900-b77c-4281-921b-006456c26276 HTTP/1.1" 200 930 "-" "python-urllib3/1.26.5"
10.128.0.2 - - [03/Dec/2025:23:33:18 +0000] "GET /healthcheck HTTP/1.1" 200 2 "-" "kube-probe/1.31" [Wed Dec 03 23:33:18.981286 2025] [wsgi:error] [pid 13:tid 29] [remote 10.128.0.2:33476] /usr/lib/python3.9/site-packages/oslo_context/context.py:100: DeprecationWarning: Policy enforcement is depending on the value of is_admin. This key is deprecated. Please update your policy file to use the standard policy values. [Wed Dec 03 23:33:18.981308 2025] [wsgi:error] [pid 13:tid 29] [remote 10.128.0.2:33476] warnings.warn('Policy enforcement is depending on the value of '
10.128.0.2 - - [03/Dec/2025:23:33:18 +0000] "GET /v3/volumes/54e1e900-b77c-4281-921b-006456c26276 HTTP/1.1" 200 931 "-" "python-urllib3/1.26.5" [Wed Dec 03 23:33:19.071844 2025] [wsgi:error] [pid 10:tid 111] [remote 10.128.0.2:33490] /usr/lib/python3.9/site-packages/oslo_context/context.py:100: DeprecationWarning: Policy enforcement is depending on the value of is_admin. This key is deprecated. Please update your policy file to use the standard policy values. [Wed Dec 03 23:33:19.071870 2025] [wsgi:error] [pid 10:tid 111] [remote 10.128.0.2:33490] warnings.warn('Policy enforcement is depending on the value of '
10.128.0.2 - - [03/Dec/2025:23:33:19 +0000] "GET /v3/volumes/54e1e900-b77c-4281-921b-006456c26276 HTTP/1.1" 200 931 "-" "python-urllib3/1.26.5" [Wed Dec 03 23:33:19.163328 2025] [wsgi:error] [pid 11:tid 32] [remote 10.128.0.2:33502] /usr/lib/python3.9/site-packages/oslo_context/context.py:100: DeprecationWarning: Policy enforcement is depending on the value of is_admin. This key is deprecated. Please update your policy file to use the standard policy values. [Wed Dec 03 23:33:19.163361 2025] [wsgi:error] [pid 11:tid 32] [remote 10.128.0.2:33502] warnings.warn('Policy enforcement is depending on the value of '
10.128.0.2 - - [03/Dec/2025:23:33:19 +0000] "POST /v3/volumes/54e1e900-b77c-4281-921b-006456c26276/action HTTP/1.1" 200 - "-" "python-urllib3/1.26.5"
10.128.0.2 - - [03/Dec/2025:23:33:19 +0000] "GET /healthcheck HTTP/1.1" 200 2 "-" "kube-probe/1.31" [Wed Dec 03 23:33:19.764829 2025] [wsgi:error] [pid 13:tid 29] [remote 10.128.1.49:54036] /usr/lib/python3.9/site-packages/oslo_context/context.py:100: DeprecationWarning: Policy enforcement is depending on the value of is_admin. This key is deprecated. Please update your policy file to use the standard policy values. [Wed Dec 03 23:33:19.764852 2025] [wsgi:error] [pid 13:tid 29] [remote 10.128.1.49:54036] warnings.warn('Policy enforcement is depending on the value of '
10.128.1.49 - - [03/Dec/2025:23:33:19 +0000] "GET /v3/volumes/54e1e900-b77c-4281-921b-006456c26276 HTTP/1.1" 200 906 "-" "python-cinderclient"
10.128.0.2 - - [03/Dec/2025:23:33:21 +0000] "GET /healthcheck HTTP/1.1" 200 2 "-" "kube-probe/1.31" [Wed Dec 03 23:33:22.082435 2025] [wsgi:error] [pid 11:tid 32] [remote 10.128.1.49:54036] /usr/lib/python3.9/site-packages/oslo_context/context.py:100: DeprecationWarning: Policy enforcement is depending on the value of is_admin. This key is deprecated. Please update your policy file to use the standard policy values. [Wed Dec 03 23:33:22.082460 2025] [wsgi:error] [pid 11:tid 32] [remote 10.128.1.49:54036] warnings.warn('Policy enforcement is depending on the value of '
10.128.1.49 - - [03/Dec/2025:23:33:21 +0000] "GET /v3/volumes/54e1e900-b77c-4281-921b-006456c26276 HTTP/1.1" 200 906 "-" "python-cinderclient"
10.128.1.49 - - [03/Dec/2025:23:33:22 +0000] "GET / HTTP/1.1" 300 403 "-" "nova keystoneauth1/5.1.3 python-requests/2.25.1 CPython/3.9.23" [Wed Dec 03 23:33:22.214888 2025] [wsgi:error] [pid 13:tid 29] [remote 10.128.1.49:54036] /usr/lib/python3.9/site-packages/oslo_context/context.py:100: DeprecationWarning: Policy enforcement is depending on the value of is_admin. This key is deprecated. Please update your policy file to use the standard policy values. [Wed Dec 03 23:33:22.214914 2025] [wsgi:error] [pid 13:tid 29] [remote 10.128.1.49:54036] warnings.warn('Policy enforcement is depending on the value of '
10.128.1.49 - - [03/Dec/2025:23:33:22 +0000] "POST /v3/attachments HTTP/1.1" 200 273 "-" "python-cinderclient"
100.64.0.2 - - [03/Dec/2025:23:33:23 +0000] "GET / HTTP/1.1" 300 403 "-" "nova-compute keystoneauth1/5.1.3 python-requests/2.25.1 CPython/3.9.23" [Wed Dec 03 23:33:23.947642 2025] [wsgi:error] [pid 11:tid 32] [remote 100.64.0.2:38616] /usr/lib/python3.9/site-packages/oslo_context/context.py:100: DeprecationWarning: Policy enforcement is depending on the value of is_admin. This key is deprecated. Please update your policy file to use the standard policy values. [Wed Dec 03 23:33:23.947674 2025] [wsgi:error] [pid 11:tid 32] [remote 100.64.0.2:38616] warnings.warn('Policy enforcement is depending on the value of '
100.64.0.2 - - [03/Dec/2025:23:33:23 +0000] "GET /v3/volumes/54e1e900-b77c-4281-921b-006456c26276 HTTP/1.1" 200 1004 "-" "python-cinderclient" [Wed Dec 03 23:33:24.183294 2025] [wsgi:error] [pid 12:tid 26] [remote 100.64.0.2:38616] /usr/lib/python3.9/site-packages/oslo_context/context.py:100: DeprecationWarning: Policy enforcement is depending on the value of is_admin. This key is deprecated. Please update your policy file to use the standard policy values. [Wed Dec 03 23:33:24.183315 2025] [wsgi:error] [pid 12:tid 26] [remote 100.64.0.2:38616] warnings.warn('Policy enforcement is depending on the value of '
10.128.0.2 - - [03/Dec/2025:23:33:24 +0000] "GET /healthcheck HTTP/1.1" 200 2 "-" "kube-probe/1.31"
10.128.0.2 - - [03/Dec/2025:23:33:24 +0000] "GET /healthcheck HTTP/1.1" 200 2 "-" "kube-probe/1.31"
100.64.0.2 - - [03/Dec/2025:23:33:24 +0000] "PUT /v3/attachments/40347357-54e3-4046-a46c-154c4278d2cb HTTP/1.1" 200 1007 "-" "python-cinderclient" [Wed Dec 03 23:33:27.546918 2025] [wsgi:error] [pid 11:tid 32] [remote 100.64.0.2:38616] /usr/lib/python3.9/site-packages/oslo_context/context.py:100: DeprecationWarning: Policy enforcement is depending on the value of is_admin. This key is deprecated. Please update your policy file to use the standard policy values. [Wed Dec 03 23:33:27.546952 2025] [wsgi:error] [pid 11:tid 32] [remote 100.64.0.2:38616] warnings.warn('Policy enforcement is depending on the value of '
100.64.0.2 - - [03/Dec/2025:23:33:27 +0000] "POST /v3/attachments/40347357-54e3-4046-a46c-154c4278d2cb/action HTTP/1.1" 204 - "-" "python-cinderclient"
10.128.0.2 - - [03/Dec/2025:23:33:27 +0000] "GET /healthcheck HTTP/1.1" 200 2 "-" "kube-probe/1.31"
10.128.0.2 - - [03/Dec/2025:23:33:29 +0000] "GET /healthcheck HTTP/1.1" 200 2 "-" "kube-probe/1.31"
10.128.0.2 - - [03/Dec/2025:23:33:30 +0000] "GET /healthcheck HTTP/1.1" 200 2 "-" "kube-probe/1.31"
10.128.0.2 - - [03/Dec/2025:23:33:33 +0000] "GET /healthcheck HTTP/1.1" 200 2 "-" "kube-probe/1.31" [Wed Dec 03 23:33:33.735192 2025] [wsgi:error] [pid 13:tid 29] [remote 100.64.0.2:33006] /usr/lib/python3.9/site-packages/oslo_context/context.py:100: DeprecationWarning: Policy enforcement is depending on the value of is_admin. This key is deprecated. Please update your policy file to use the standard policy values. [Wed Dec 03 23:33:33.735217 2025] [wsgi:error] [pid 13:tid 29] [remote 100.64.0.2:33006] warnings.warn('Policy enforcement is depending on the value of '
100.64.0.2 - - [03/Dec/2025:23:33:33 +0000] "GET /v3/volumes/54e1e900-b77c-4281-921b-006456c26276/encryption HTTP/1.1" 200 161 "-" "python-cinderclient"
10.128.0.2 - - [03/Dec/2025:23:33:34 +0000] "GET /healthcheck HTTP/1.1" 200 2 "-" "kube-probe/1.31"
10.128.0.2 - - [03/Dec/2025:23:33:36 +0000] "GET /healthcheck HTTP/1.1" 200 2 "-" "kube-probe/1.31"
10.128.0.2 - - [03/Dec/2025:23:33:39 +0000] "GET /healthcheck HTTP/1.1" 200 2 "-" "kube-probe/1.31"
10.128.0.2 - - [03/Dec/2025:23:33:39 +0000] "GET /healthcheck HTTP/1.1" 200 2 "-" "kube-probe/1.31"
10.128.0.2 - - [03/Dec/2025:23:33:42 +0000] "GET /healthcheck HTTP/1.1" 200 2 "-" "kube-probe/1.31"
10.128.0.2 - - [03/Dec/2025:23:33:44 +0000] "GET /healthcheck HTTP/1.1" 200 2 "-" "kube-probe/1.31"
10.128.0.2 - - [03/Dec/2025:23:33:45 +0000] "GET /healthcheck HTTP/1.1" 200 2 "-" "kube-probe/1.31"
10.128.0.2 - - [03/Dec/2025:23:33:48 +0000] "GET /healthcheck HTTP/1.1" 200 2 "-" "kube-probe/1.31"
10.128.0.2 - - [03/Dec/2025:23:33:49 +0000] "GET /healthcheck HTTP/1.1" 200 2 "-" "kube-probe/1.31"
10.128.0.2 - - [03/Dec/2025:23:33:51 +0000] "GET /healthcheck HTTP/1.1" 200 2 "-" "kube-probe/1.31"
10.128.0.2 - - [03/Dec/2025:23:33:54 +0000] "GET /healthcheck HTTP/1.1" 200 2 "-" "kube-probe/1.31"
10.128.0.2 - - [03/Dec/2025:23:33:54 +0000] "GET /healthcheck HTTP/1.1" 200 2 "-" "kube-probe/1.31" [Wed Dec 03 23:33:54.847830 2025] [wsgi:error] [pid 10:tid 111] [remote 100.64.0.2:35416] /usr/lib/python3.9/site-packages/oslo_context/context.py:100: DeprecationWarning: Policy enforcement is depending on the value of is_admin. This key is deprecated. Please update your policy file to use the standard policy values. [Wed Dec 03 23:33:54.847861 2025] [wsgi:error] [pid 10:tid 111] [remote 100.64.0.2:35416] warnings.warn('Policy enforcement is depending on the value of '
100.64.0.2 - - [03/Dec/2025:23:33:54 +0000] "GET /v3/volumes/54e1e900-b77c-4281-921b-006456c26276/encryption HTTP/1.1" 200 161 "-" "python-cinderclient" [Wed Dec 03 23:33:56.442433 2025] [wsgi:error] [pid 12:tid 26] [remote 100.64.0.2:35416] /usr/lib/python3.9/site-packages/oslo_context/context.py:100: DeprecationWarning: Policy enforcement is depending on the value of is_admin. This key is deprecated. Please update your policy file to use the standard policy values. [Wed Dec 03 23:33:56.442452 2025] [wsgi:error] [pid 12:tid 26] [remote 100.64.0.2:35416] warnings.warn('Policy enforcement is depending on the value of '
10.128.0.2 - - [03/Dec/2025:23:33:57 +0000] "GET /healthcheck HTTP/1.1" 200 2 "-" "kube-probe/1.31"
100.64.0.2 - - [03/Dec/2025:23:33:56 +0000] "DELETE /v3/attachments/40347357-54e3-4046-a46c-154c4278d2cb HTTP/1.1" 200 19 "-" "python-cinderclient"
10.128.0.2 - - [03/Dec/2025:23:33:59 +0000] "GET /healthcheck HTTP/1.1" 200 2 "-" "kube-probe/1.31" [Wed Dec 03 23:34:00.419534 2025] [wsgi:error] [pid 10:tid 111] [remote 10.128.0.2:32938] /usr/lib/python3.9/site-packages/oslo_context/context.py:100: DeprecationWarning: Policy enforcement is depending on the value of is_admin. This key is deprecated. Please update your policy file to use the standard policy values. [Wed Dec 03 23:34:00.419562 2025] [wsgi:error] [pid 10:tid 111] [remote 10.128.0.2:32938] warnings.warn('Policy enforcement is depending on the value of '
10.128.0.2 - - [03/Dec/2025:23:34:00 +0000] "GET /healthcheck HTTP/1.1" 200 2 "-" "kube-probe/1.31"
10.128.0.2 - - [03/Dec/2025:23:34:00 +0000] "DELETE /v3/volumes/54e1e900-b77c-4281-921b-006456c26276 HTTP/1.1" 202 - "-" "python-urllib3/1.26.5" [Wed Dec 03 23:34:00.690102 2025] [wsgi:error] [pid 12:tid 26] [remote 10.128.0.2:32958] /usr/lib/python3.9/site-packages/oslo_context/context.py:100: DeprecationWarning: Policy enforcement is depending on the value of is_admin. This key is deprecated. Please update your policy file to use the standard policy values. [Wed Dec 03 23:34:00.690131 2025] [wsgi:error] [pid 12:tid 26] [remote 10.128.0.2:32958] warnings.warn('Policy enforcement is depending on the value of '
10.128.0.2 - - [03/Dec/2025:23:34:00 +0000] "GET /v3/volumes/54e1e900-b77c-4281-921b-006456c26276 HTTP/1.1" 200 929 "-" "python-urllib3/1.26.5" [Wed Dec 03 23:34:01.841861 2025] [wsgi:error] [pid 11:tid 32] [remote 10.128.0.2:32974] /usr/lib/python3.9/site-packages/oslo_context/context.py:100: DeprecationWarning: Policy enforcement is depending on the value of is_admin. This key is deprecated. Please update your policy file to use the standard policy values. [Wed Dec 03 23:34:01.841884 2025] [wsgi:error] [pid 11:tid 32] [remote 10.128.0.2:32974] warnings.warn('Policy enforcement is depending on the value of '
10.128.0.2 - - [03/Dec/2025:23:34:01 +0000] "GET /v3/volumes/54e1e900-b77c-4281-921b-006456c26276 HTTP/1.1" 200 929 "-" "python-urllib3/1.26.5"
10.128.0.2 - - [03/Dec/2025:23:34:02 +0000] "GET /v3/volumes/54e1e900-b77c-4281-921b-006456c26276 HTTP/1.1" 404 109 "-" "python-urllib3/1.26.5"
10.128.0.2 - - [03/Dec/2025:23:34:02 +0000] "GET /v3/volumes/detail?all_tenants=1 HTTP/1.1" 200 15 "-" "python-urllib3/1.26.5"
10.128.0.2 - - [03/Dec/2025:23:34:03 +0000] "DELETE /v3/types/9c148a4c-d734-416d-8d30-9b6b92319ec5 HTTP/1.1" 202 - "-" "python-urllib3/1.26.5"
10.128.0.2 - - [03/Dec/2025:23:34:03 +0000] "GET /healthcheck HTTP/1.1" 200 2 "-" "kube-probe/1.31"
10.128.0.2 - - [03/Dec/2025:23:34:04 +0000] "GET /healthcheck HTTP/1.1" 200 2 "-" "kube-probe/1.31"
10.128.0.2 - - [03/Dec/2025:23:34:03 +0000] "POST /v3/volumes HTTP/1.1" 202 820 "-" "python-urllib3/1.26.5" [Wed Dec 03 23:34:04.941325 2025] [wsgi:error] [pid 12:tid 26] [remote 10.128.0.2:39568] /usr/lib/python3.9/site-packages/oslo_context/context.py:100: DeprecationWarning: Policy enforcement is depending on the value of is_admin. This key is deprecated. Please update your policy file to use the standard policy values. [Wed Dec 03 23:34:04.941357 2025] [wsgi:error] [pid 12:tid 26] [remote 10.128.0.2:39568] warnings.warn('Policy enforcement is depending on the value of '
10.128.0.2 - - [03/Dec/2025:23:34:04 +0000] "GET /v3/volumes/8149c040-0a26-43d7-8896-b0c1d2feb021 HTTP/1.1" 200 888 "-" "python-urllib3/1.26.5" [Wed Dec 03 23:34:06.037721 2025] [wsgi:error] [pid 13:tid 29] [remote 10.128.0.2:39582] /usr/lib/python3.9/site-packages/oslo_context/context.py:100: DeprecationWarning: Policy enforcement is depending on the value of is_admin. This key is deprecated. Please update your policy file to use the standard policy values. [Wed Dec 03 23:34:06.037745 2025] [wsgi:error] [pid 13:tid 29] [remote 10.128.0.2:39582] warnings.warn('Policy enforcement is depending on the value of '
10.128.0.2 - - [03/Dec/2025:23:34:05 +0000] "GET /v3/volumes/8149c040-0a26-43d7-8896-b0c1d2feb021 HTTP/1.1" 200 912 "-" "python-urllib3/1.26.5"
10.128.0.2 - - [03/Dec/2025:23:34:06 +0000] "GET /healthcheck HTTP/1.1" 200 2 "-" "kube-probe/1.31" [Wed Dec 03 23:34:07.152158 2025] [wsgi:error] [pid 11:tid 32] [remote 10.128.0.2:39588] /usr/lib/python3.9/site-packages/oslo_context/context.py:100: DeprecationWarning: Policy enforcement is depending on the value of is_admin. This key is deprecated. Please update your policy file to use the standard policy values. [Wed Dec 03 23:34:07.152182 2025] [wsgi:error] [pid 11:tid 32] [remote 10.128.0.2:39588] warnings.warn('Policy enforcement is depending on the value of '
10.128.0.2 - - [03/Dec/2025:23:34:07 +0000] "GET /v3/volumes/8149c040-0a26-43d7-8896-b0c1d2feb021 HTTP/1.1" 200 912 "-" "python-urllib3/1.26.5" [Wed Dec 03 23:34:08.250531 2025] [wsgi:error] [pid 12:tid 26] [remote 10.128.0.2:39594] /usr/lib/python3.9/site-packages/oslo_context/context.py:100: DeprecationWarning: Policy enforcement is depending on the value of is_admin. This key is deprecated. Please update your policy file to use the standard policy values. [Wed Dec 03 23:34:08.250555 2025] [wsgi:error] [pid 12:tid 26] [remote 10.128.0.2:39594] warnings.warn('Policy enforcement is depending on the value of '
10.128.0.2 - - [03/Dec/2025:23:34:08 +0000] "GET /v3/volumes/8149c040-0a26-43d7-8896-b0c1d2feb021 HTTP/1.1" 200 970 "-" "python-urllib3/1.26.5" [Wed Dec 03 23:34:09.383311 2025] [wsgi:error] [pid 13:tid 29] [remote 10.128.0.2:39606] /usr/lib/python3.9/site-packages/oslo_context/context.py:100: DeprecationWarning: Policy enforcement is depending on the value of is_admin. This key is deprecated. Please update your policy file to use the standard policy values. [Wed Dec 03 23:34:09.383331 2025] [wsgi:error] [pid 13:tid 29] [remote 10.128.0.2:39606] warnings.warn('Policy enforcement is depending on the value of '
10.128.0.2 - - [03/Dec/2025:23:34:09 +0000] "GET /v3/volumes/8149c040-0a26-43d7-8896-b0c1d2feb021 HTTP/1.1" 200 973 "-" "python-urllib3/1.26.5"
10.128.0.2 - - [03/Dec/2025:23:34:09 +0000] "GET /healthcheck HTTP/1.1" 200 2 "-" "kube-probe/1.31"
10.128.0.2 - - [03/Dec/2025:23:34:09 +0000] "GET /healthcheck HTTP/1.1" 200 2 "-" "kube-probe/1.31" [Wed Dec 03 23:34:10.511801 2025] [wsgi:error] [pid 12:tid 26] [remote 10.128.0.2:39624] /usr/lib/python3.9/site-packages/oslo_context/context.py:100: DeprecationWarning: Policy enforcement is depending on the value of is_admin. This key is deprecated. Please update your policy file to use the standard policy values. [Wed Dec 03 23:34:10.511833 2025] [wsgi:error] [pid 12:tid 26] [remote 10.128.0.2:39624] warnings.warn('Policy enforcement is depending on the value of '
10.128.0.2 - - [03/Dec/2025:23:34:10 +0000] "GET /v3/volumes/8149c040-0a26-43d7-8896-b0c1d2feb021 HTTP/1.1" 200 973 "-" "python-urllib3/1.26.5" [Wed Dec 03 23:34:11.631894 2025] [wsgi:error] [pid 13:tid 29] [remote 10.128.0.2:39634] /usr/lib/python3.9/site-packages/oslo_context/context.py:100: DeprecationWarning: Policy enforcement is depending on the value of is_admin. This key is deprecated. Please update your policy file to use the standard policy values. [Wed Dec 03 23:34:11.631921 2025] [wsgi:error] [pid 13:tid 29] [remote 10.128.0.2:39634] warnings.warn('Policy enforcement is depending on the value of '
10.128.0.2 - - [03/Dec/2025:23:34:11 +0000] "GET /v3/volumes/8149c040-0a26-43d7-8896-b0c1d2feb021 HTTP/1.1" 200 973 "-" "python-urllib3/1.26.5"
10.128.0.2 - - [03/Dec/2025:23:34:12 +0000] "GET /healthcheck HTTP/1.1" 200 2 "-" "kube-probe/1.31" [Wed Dec 03 23:34:12.720176 2025] [wsgi:error] [pid 10:tid 111] [remote 10.128.0.2:39660] /usr/lib/python3.9/site-packages/oslo_context/context.py:100: DeprecationWarning: Policy enforcement is depending on the value of is_admin. This key is deprecated. Please update your policy file to use the standard policy values. [Wed Dec 03 23:34:12.720218 2025] [wsgi:error] [pid 10:tid 111] [remote 10.128.0.2:39660] warnings.warn('Policy enforcement is depending on the value of '
10.128.0.2 - - [03/Dec/2025:23:34:12 +0000] "GET /v3/volumes/8149c040-0a26-43d7-8896-b0c1d2feb021 HTTP/1.1" 200 973 "-" "python-urllib3/1.26.5" [Wed Dec 03 23:34:13.827686 2025] [wsgi:error] [pid 11:tid 32] [remote 10.128.0.2:40606] /usr/lib/python3.9/site-packages/oslo_context/context.py:100: DeprecationWarning: Policy enforcement is depending on the value of is_admin. This key is deprecated. Please update your policy file to use the standard policy values. [Wed Dec 03 23:34:13.827710 2025] [wsgi:error] [pid 11:tid 32] [remote 10.128.0.2:40606] warnings.warn('Policy enforcement is depending on the value of '
10.128.0.2 - - [03/Dec/2025:23:34:13 +0000] "GET /v3/volumes/8149c040-0a26-43d7-8896-b0c1d2feb021 HTTP/1.1" 200 1247 "-" "python-urllib3/1.26.5" [Wed Dec 03 23:34:13.907699 2025] [wsgi:error] [pid 12:tid 26] [remote 10.128.0.2:40610] /usr/lib/python3.9/site-packages/oslo_context/context.py:100: DeprecationWarning: Policy enforcement is depending on the value of is_admin. This key is deprecated. Please update your policy file to use the standard policy values. [Wed Dec 03 23:34:13.907727 2025] [wsgi:error] [pid 12:tid 26] [remote 10.128.0.2:40610] warnings.warn('Policy enforcement is depending on the value of '
10.128.0.2 - - [03/Dec/2025:23:34:13 +0000] "GET /v3/volumes/8149c040-0a26-43d7-8896-b0c1d2feb021 HTTP/1.1" 200 1247 "-" "python-urllib3/1.26.5" [Wed Dec 03 23:34:14.008439 2025] [wsgi:error] [pid 13:tid 29] [remote 10.128.0.2:40616] /usr/lib/python3.9/site-packages/oslo_context/context.py:100: DeprecationWarning: Policy enforcement is depending on the value of is_admin. This key is deprecated. Please update your policy file to use the standard policy values. [Wed Dec 03 23:34:14.008466 2025] [wsgi:error] [pid 13:tid 29] [remote 10.128.0.2:40616] warnings.warn('Policy enforcement is depending on the value of '
10.128.0.2 - - [03/Dec/2025:23:34:13 +0000] "POST /v3/snapshots HTTP/1.1" 202 308 "-" "python-urllib3/1.26.5" [Wed Dec 03 23:34:14.211544 2025] [wsgi:error] [pid 10:tid 111] [remote 10.128.0.2:40618] /usr/lib/python3.9/site-packages/oslo_context/context.py:100: DeprecationWarning: Policy enforcement is depending on the value of is_admin. This key is deprecated. Please update your policy file to use the standard policy values. [Wed Dec 03 23:34:14.211570 2025] [wsgi:error] [pid 10:tid 111] [remote 10.128.0.2:40618] warnings.warn('Policy enforcement is depending on the value of '
10.128.0.2 - - [03/Dec/2025:23:34:14 +0000] "GET /v3/snapshots/d5af72e9-2c72-45cf-a37f-6e7838f62053 HTTP/1.1" 200 440 "-" "python-urllib3/1.26.5"
10.128.0.2 - - [03/Dec/2025:23:34:14 +0000] "GET /healthcheck HTTP/1.1" 200 2 "-" "kube-probe/1.31" [Wed Dec 03 23:34:15.305096 2025] [wsgi:error] [pid 12:tid 26] [remote 10.128.0.2:40630] /usr/lib/python3.9/site-packages/oslo_context/context.py:100: DeprecationWarning: Policy enforcement is depending on the value of is_admin. This key is deprecated. Please update your policy file to use the standard policy values. [Wed Dec 03 23:34:15.305122 2025] [wsgi:error] [pid 12:tid 26] [remote 10.128.0.2:40630] warnings.warn('Policy enforcement is depending on the value of '
10.128.0.2 - - [03/Dec/2025:23:34:15 +0000] "GET /v3/snapshots/d5af72e9-2c72-45cf-a37f-6e7838f62053 HTTP/1.1" 200 467 "-" "python-urllib3/1.26.5" [Wed Dec 03 23:34:15.388206 2025] [wsgi:error] [pid 13:tid 29] [remote 10.128.0.2:40634] /usr/lib/python3.9/site-packages/oslo_context/context.py:100: DeprecationWarning: Policy enforcement is depending on the value of is_admin. This key is deprecated. Please update your policy file to use the standard policy values. [Wed Dec 03 23:34:15.388232 2025] [wsgi:error] [pid 13:tid 29] [remote 10.128.0.2:40634] warnings.warn('Policy enforcement is depending on the value of '
10.128.0.2 - - [03/Dec/2025:23:34:15 +0000] "GET /v3/snapshots/d5af72e9-2c72-45cf-a37f-6e7838f62053 HTTP/1.1" 200 467 "-" "python-urllib3/1.26.5"
10.128.0.2 - - [03/Dec/2025:23:34:15 +0000] "GET /healthcheck HTTP/1.1" 200 2 "-" "kube-probe/1.31" [Wed Dec 03 23:34:15.956693 2025] [wsgi:error] [pid 11:tid 32] [remote 10.128.1.49:33900] /usr/lib/python3.9/site-packages/oslo_context/context.py:100: DeprecationWarning: Policy enforcement is depending on the value of is_admin. This key is deprecated. Please update your policy file to use the standard policy values. [Wed Dec 03 23:34:15.956725 2025] [wsgi:error] [pid 11:tid 32] [remote 10.128.1.49:33900] warnings.warn('Policy enforcement is depending on the value of '
10.128.1.49 - - [03/Dec/2025:23:34:15 +0000] "GET /v3/snapshots/d5af72e9-2c72-45cf-a37f-6e7838f62053 HTTP/1.1" 200 467 "-" "python-cinderclient" [Wed Dec 03 23:34:16.082462 2025] [wsgi:error] [pid 12:tid 26] [remote 10.128.1.49:33900] /usr/lib/python3.9/site-packages/oslo_context/context.py:100: DeprecationWarning: Policy enforcement is depending on the value of is_admin. This key is deprecated. Please update your policy file to use the standard policy values. [Wed Dec 03 23:34:16.082492 2025] [wsgi:error] [pid 12:tid 26] [remote 10.128.1.49:33900] warnings.warn('Policy enforcement is depending on the value of '
10.128.1.49 - - [03/Dec/2025:23:34:15 +0000] "GET /v3/volumes/8149c040-0a26-43d7-8896-b0c1d2feb021 HTTP/1.1" 200 1223 "-" "python-cinderclient" [Wed Dec 03 23:34:18.267674 2025] [wsgi:error] [pid 13:tid 29] [remote 10.128.1.49:33900] /usr/lib/python3.9/site-packages/oslo_context/context.py:100: DeprecationWarning: Policy enforcement is depending on the value of is_admin. This key is deprecated. Please update your policy file to use the standard policy values. [Wed Dec 03 23:34:18.267793 2025] [wsgi:error] [pid 13:tid 29] [remote 10.128.1.49:33900] warnings.warn('Policy enforcement is depending on the value of '
10.128.1.49 - - [03/Dec/2025:23:34:18 +0000] "GET /v3/snapshots/d5af72e9-2c72-45cf-a37f-6e7838f62053 HTTP/1.1" 200 467 "-" "python-cinderclient"
10.128.0.2 - - [03/Dec/2025:23:34:18 +0000] "GET /healthcheck HTTP/1.1" 200 2 "-" "kube-probe/1.31"
10.128.0.2 - - [03/Dec/2025:23:34:19 +0000] "GET /healthcheck HTTP/1.1" 200 2 "-" "kube-probe/1.31" [Wed Dec 03 23:34:19.827818 2025] [wsgi:error] [pid 12:tid 26] [remote 100.64.0.2:33364] /usr/lib/python3.9/site-packages/oslo_context/context.py:100: DeprecationWarning: Policy enforcement is depending on the value of is_admin. This key is deprecated. Please update your policy file to use the standard policy values. [Wed Dec 03 23:34:19.827845 2025] [wsgi:error] [pid 12:tid 26] [remote 100.64.0.2:33364] warnings.warn('Policy enforcement is depending on the value of '
100.64.0.2 - - [03/Dec/2025:23:34:19 +0000] "GET /v3/snapshots/d5af72e9-2c72-45cf-a37f-6e7838f62053 HTTP/1.1" 200 467 "-" "python-cinderclient" [Wed Dec 03 23:34:19.911628 2025] [wsgi:error] [pid 13:tid 29] [remote 100.64.0.2:33364] /usr/lib/python3.9/site-packages/oslo_context/context.py:100: DeprecationWarning: Policy enforcement is depending on the value of is_admin. This key is deprecated. Please update your policy file to use the standard policy values. [Wed Dec 03 23:34:19.911652 2025] [wsgi:error] [pid 13:tid 29] [remote 100.64.0.2:33364] warnings.warn('Policy enforcement is depending on the value of '
100.64.0.2 - - [03/Dec/2025:23:34:19 +0000] "GET /v3/volumes/8149c040-0a26-43d7-8896-b0c1d2feb021 HTTP/1.1" 200 1223 "-" "python-cinderclient" [Wed Dec 03 23:34:20.029455 2025] [wsgi:error] [pid 10:tid 111] [remote 100.64.0.2:33364] /usr/lib/python3.9/site-packages/oslo_context/context.py:100: DeprecationWarning: Policy enforcement is depending on the value of is_admin. This key is deprecated. Please update your policy file to use the standard policy values. [Wed Dec 03 23:34:20.029481 2025] [wsgi:error] [pid 10:tid 111] [remote 100.64.0.2:33364] warnings.warn('Policy enforcement is depending on the value of '
100.64.0.2 - - [03/Dec/2025:23:34:19 +0000] "POST /v3/volumes HTTP/1.1" 202 773 "-" "python-cinderclient" [Wed Dec 03 23:34:20.338017 2025] [wsgi:error] [pid 11:tid 32] [remote 100.64.0.2:33364] /usr/lib/python3.9/site-packages/oslo_context/context.py:100: DeprecationWarning: Policy enforcement is depending on the value of is_admin. This key is deprecated. Please update your policy file to use the standard policy values. [Wed Dec 03 23:34:20.338043 2025] [wsgi:error] [pid 11:tid 32] [remote 100.64.0.2:33364] warnings.warn('Policy enforcement is depending on the value of '
100.64.0.2 - - [03/Dec/2025:23:34:20 +0000] "GET /v3/volumes/1177b748-ad2b-46a4-a221-d240271cbcf0 HTTP/1.1" 200 865 "-" "python-cinderclient" [Wed Dec 03 23:34:20.497124 2025] [wsgi:error] [pid 12:tid 26] [remote 100.64.0.2:33364] /usr/lib/python3.9/site-packages/oslo_context/context.py:100: DeprecationWarning: Policy enforcement is depending on the value of is_admin. This key is deprecated. Please update your policy file to use the standard policy values. [Wed Dec 03 23:34:20.497148 2025] [wsgi:error] [pid 12:tid 26] [remote 100.64.0.2:33364] warnings.warn('Policy enforcement is depending on the value of '
100.64.0.2 - - [03/Dec/2025:23:34:20 +0000] "GET /v3/volumes/1177b748-ad2b-46a4-a221-d240271cbcf0 HTTP/1.1" 200 865 "-" "python-cinderclient"
10.128.0.2 - - [03/Dec/2025:23:34:21 +0000] "GET /healthcheck HTTP/1.1" 200 2 "-" "kube-probe/1.31" [Wed Dec 03 23:34:23.631865 2025] [wsgi:error] [pid 10:tid 111] [remote 100.64.0.2:33364] /usr/lib/python3.9/site-packages/oslo_context/context.py:100: DeprecationWarning: Policy enforcement is depending on the value of is_admin. This key is deprecated. Please update your policy file to use the standard policy values. [Wed Dec 03 23:34:23.631890 2025] [wsgi:error] [pid 10:tid 111] [remote 100.64.0.2:33364] warnings.warn('Policy enforcement is depending on the value of '
100.64.0.2 - - [03/Dec/2025:23:34:23 +0000] "GET /v3/volumes/1177b748-ad2b-46a4-a221-d240271cbcf0 HTTP/1.1" 200 865 "-" "python-cinderclient"
10.128.0.2 - - [03/Dec/2025:23:34:24 +0000] "GET /healthcheck HTTP/1.1" 200 2 "-" "kube-probe/1.31"
10.128.0.2 - - [03/Dec/2025:23:34:24 +0000] "GET /healthcheck HTTP/1.1" 200 2 "-" "kube-probe/1.31" [Wed Dec 03 23:34:26.794054 2025] [wsgi:error] [pid 12:tid 26] [remote 100.64.0.2:33364] /usr/lib/python3.9/site-packages/oslo_context/context.py:100: DeprecationWarning: Policy enforcement is depending on the value of is_admin. This key is deprecated. Please update your policy file to use the standard policy values. [Wed Dec 03 23:34:26.794081 2025] [wsgi:error] [pid 12:tid 26] [remote 100.64.0.2:33364] warnings.warn('Policy enforcement is depending on the value of '
100.64.0.2 - - [03/Dec/2025:23:34:26 +0000] "GET /v3/volumes/1177b748-ad2b-46a4-a221-d240271cbcf0 HTTP/1.1" 200 1201 "-" "python-cinderclient"
100.64.0.2 - - [03/Dec/2025:23:34:26 +0000] "GET / HTTP/1.1" 300 403 "-" "nova-compute keystoneauth1/5.1.3 python-requests/2.25.1 CPython/3.9.23" [Wed Dec 03 23:34:26.945631 2025] [wsgi:error] [pid 10:tid 111] [remote 100.64.0.2:33364] /usr/lib/python3.9/site-packages/oslo_context/context.py:100: DeprecationWarning: Policy enforcement is depending on the value of is_admin. This key is deprecated. Please update your policy file to use the standard policy values. [Wed Dec 03 23:34:26.945662 2025] [wsgi:error] [pid 10:tid 111] [remote 100.64.0.2:33364] warnings.warn('Policy enforcement is depending on the value of '
100.64.0.2 - - [03/Dec/2025:23:34:26 +0000] "POST /v3/attachments HTTP/1.1" 200 273 "-" "python-cinderclient"
100.64.0.2 - - [03/Dec/2025:23:34:26 +0000] "GET / HTTP/1.1" 300 403 "-" "nova-compute keystoneauth1/5.1.3 python-requests/2.25.1 CPython/3.9.23" [Wed Dec 03 23:34:27.141958 2025] [wsgi:error] [pid 12:tid 26] [remote 100.64.0.2:33364] /usr/lib/python3.9/site-packages/oslo_context/context.py:100: DeprecationWarning: Policy enforcement is depending on the value of is_admin. This key is deprecated. Please update your policy file to use the standard policy values. [Wed Dec 03 23:34:27.141980 2025] [wsgi:error] [pid 12:tid 26] [remote 100.64.0.2:33364] warnings.warn('Policy enforcement is depending on the value of '
100.64.0.2 - - [03/Dec/2025:23:34:27 +0000] "GET /v3/volumes/1177b748-ad2b-46a4-a221-d240271cbcf0 HTTP/1.1" 200 1299 "-" "python-cinderclient" [Wed Dec 03 23:34:27.349867 2025] [wsgi:error] [pid 13:tid 29] [remote 100.64.0.2:33364] /usr/lib/python3.9/site-packages/oslo_context/context.py:100: DeprecationWarning: Policy enforcement is depending on the value of is_admin. This key is deprecated. Please update your policy file to use the standard policy values. [Wed Dec 03 23:34:27.349889 2025] [wsgi:error] [pid 13:tid 29] [remote 100.64.0.2:33364] warnings.warn('Policy enforcement is depending on the value of '
10.128.0.2 - - [03/Dec/2025:23:34:27 +0000] "GET /healthcheck HTTP/1.1" 200 2 "-" "kube-probe/1.31"
10.128.0.2 - - [03/Dec/2025:23:34:29 +0000] "GET /healthcheck HTTP/1.1" 200 2 "-" "kube-probe/1.31"
10.128.0.2 - - [03/Dec/2025:23:34:30 +0000] "GET /healthcheck HTTP/1.1" 200 2 "-" "kube-probe/1.31"
100.64.0.2 - - [03/Dec/2025:23:34:27 +0000] "PUT /v3/attachments/e7a6de7b-05c8-4f8e-9a0c-792055c66ba8 HTTP/1.1" 200 1008 "-" "python-cinderclient" [Wed Dec 03 23:34:30.853242 2025] [wsgi:error] [pid 10:tid 111] [remote 100.64.0.2:33364] /usr/lib/python3.9/site-packages/oslo_context/context.py:100: DeprecationWarning: Policy enforcement is depending on the value of is_admin. This key is deprecated. Please update your policy file to use the standard policy values. [Wed Dec 03 23:34:30.853267 2025] [wsgi:error] [pid 10:tid 111] [remote 100.64.0.2:33364] warnings.warn('Policy enforcement is depending on the value of '
100.64.0.2 - - [03/Dec/2025:23:34:30 +0000] "POST /v3/attachments/e7a6de7b-05c8-4f8e-9a0c-792055c66ba8/action HTTP/1.1" 204 - "-" "python-cinderclient"
10.128.0.2 - - [03/Dec/2025:23:34:33 +0000] "GET /healthcheck HTTP/1.1" 200 2 "-" "kube-probe/1.31"
10.128.0.2 - - [03/Dec/2025:23:34:34 +0000] "GET /healthcheck HTTP/1.1" 200 2 "-" "kube-probe/1.31"
10.128.0.2 - - [03/Dec/2025:23:34:36 +0000] "GET /healthcheck HTTP/1.1" 200 2 "-" "kube-probe/1.31"
10.128.0.2 - - [03/Dec/2025:23:34:39 +0000] "GET /healthcheck HTTP/1.1" 200 2 "-" "kube-probe/1.31"
10.128.0.2 - - [03/Dec/2025:23:34:39 +0000] "GET /healthcheck HTTP/1.1" 200 2 "-" "kube-probe/1.31" [Wed Dec 03 23:34:41.064333 2025] [wsgi:error] [pid 12:tid 26] [remote 10.128.0.2:35144] /usr/lib/python3.9/site-packages/oslo_context/context.py:100: DeprecationWarning: Policy enforcement is depending on the value of is_admin. This key is deprecated. Please update your policy file to use the standard policy values. [Wed Dec 03 23:34:41.064356 2025] [wsgi:error] [pid 12:tid 26] [remote 10.128.0.2:35144] warnings.warn('Policy enforcement is depending on the value of '
10.128.0.2 - - [03/Dec/2025:23:34:40 +0000] "GET /v3/volumes/1177b748-ad2b-46a4-a221-d240271cbcf0 HTTP/1.1" 200 1517 "-" "python-urllib3/1.26.5"
10.128.0.2 - - [03/Dec/2025:23:34:42 +0000] "GET /healthcheck HTTP/1.1" 200 2 "-" "kube-probe/1.31" [Wed Dec 03 23:34:43.598663 2025] [wsgi:error] [pid 10:tid 111] [remote 100.64.0.2:51454] /usr/lib/python3.9/site-packages/oslo_context/context.py:100: DeprecationWarning: Policy enforcement is depending on the value of is_admin. This key is deprecated. Please update your policy file to use the standard policy values. [Wed Dec 03 23:34:43.598686 2025] [wsgi:error] [pid 10:tid 111] [remote 100.64.0.2:51454] warnings.warn('Policy enforcement is depending on the value of '
10.128.0.2 - - [03/Dec/2025:23:34:44 +0000] "GET /healthcheck HTTP/1.1" 200 2 "-" "kube-probe/1.31"
10.128.0.2 - - [03/Dec/2025:23:34:45 +0000] "GET /healthcheck HTTP/1.1" 200 2 "-" "kube-probe/1.31"
100.64.0.2 - - [03/Dec/2025:23:34:43 +0000] "DELETE /v3/attachments/e7a6de7b-05c8-4f8e-9a0c-792055c66ba8 HTTP/1.1" 200 19 "-" "python-cinderclient" [Wed Dec 03 23:34:46.553229 2025] [wsgi:error] [pid 13:tid 29] [remote 100.64.0.2:51454] /usr/lib/python3.9/site-packages/oslo_context/context.py:100: DeprecationWarning: Policy enforcement is depending on the value of is_admin. This key is deprecated. Please update your policy file to use the standard policy values. [Wed Dec 03 23:34:46.553253 2025] [wsgi:error] [pid 13:tid 29] [remote 100.64.0.2:51454] warnings.warn('Policy enforcement is depending on the value of '
100.64.0.2 - - [03/Dec/2025:23:34:46 +0000] "DELETE /v3/volumes/1177b748-ad2b-46a4-a221-d240271cbcf0 HTTP/1.1" 202 - "-" "python-cinderclient" [Wed Dec 03 23:34:47.629931 2025] [wsgi:error] [pid 11:tid 32] [remote 10.128.0.2:34446] /usr/lib/python3.9/site-packages/oslo_context/context.py:100: DeprecationWarning: Policy enforcement is depending on the value of is_admin. This key is deprecated. Please update your policy file to use the standard policy values. [Wed Dec 03 23:34:47.630070 2025] [wsgi:error] [pid 11:tid 32] [remote 10.128.0.2:34446] warnings.warn('Policy enforcement is depending on the value of '
10.128.0.2 - - [03/Dec/2025:23:34:47 +0000] "GET /v3/volumes/1177b748-ad2b-46a4-a221-d240271cbcf0 HTTP/1.1" 200 1224 "-" "python-urllib3/1.26.5"
10.128.0.2 - - [03/Dec/2025:23:34:48 +0000] "GET /healthcheck HTTP/1.1" 200 2 "-" "kube-probe/1.31" [Wed Dec 03 23:34:48.726010 2025] [wsgi:error] [pid 10:tid 111] [remote 10.128.0.2:34474] /usr/lib/python3.9/site-packages/oslo_context/context.py:100: DeprecationWarning: Policy enforcement is depending on the value of is_admin. This key is deprecated. Please update your policy file to use the standard policy values. [Wed Dec 03 23:34:48.726037 2025] [wsgi:error] [pid 10:tid 111] [remote 10.128.0.2:34474] warnings.warn('Policy enforcement is depending on the value of '
10.128.0.2 - - [03/Dec/2025:23:34:48 +0000] "GET /v3/volumes/1177b748-ad2b-46a4-a221-d240271cbcf0 HTTP/1.1" 200 1224 "-" "python-urllib3/1.26.5"
10.128.0.2 - - [03/Dec/2025:23:34:49 +0000] "GET /healthcheck HTTP/1.1" 200 2 "-" "kube-probe/1.31"
10.128.0.2 - - [03/Dec/2025:23:34:49 +0000] "GET /v3/volumes/1177b748-ad2b-46a4-a221-d240271cbcf0 HTTP/1.1" 404 109 "-" "python-urllib3/1.26.5" [Wed Dec 03 23:34:50.120188 2025] [wsgi:error] [pid 12:tid 26] [remote 10.128.0.2:34502] /usr/lib/python3.9/site-packages/oslo_context/context.py:100: DeprecationWarning: Policy enforcement is depending on the value of is_admin. This key is deprecated. Please update your policy file to use the standard policy values. [Wed Dec 03 23:34:50.120216 2025] [wsgi:error] [pid 12:tid 26] [remote 10.128.0.2:34502] warnings.warn('Policy enforcement is depending on the value of '
10.128.0.2 - - [03/Dec/2025:23:34:50 +0000] "DELETE /v3/snapshots/d5af72e9-2c72-45cf-a37f-6e7838f62053 HTTP/1.1" 202 - "-" "python-urllib3/1.26.5" [Wed Dec 03 23:34:50.217314 2025] [wsgi:error] [pid 10:tid 111] [remote 10.128.0.2:34506] /usr/lib/python3.9/site-packages/oslo_context/context.py:100: DeprecationWarning: Policy enforcement is depending on the value of is_admin. This key is deprecated. Please update your policy file to use the standard policy values. [Wed Dec 03 23:34:50.217340 2025] [wsgi:error] [pid 10:tid 111] [remote 10.128.0.2:34506] warnings.warn('Policy enforcement is depending on the value of '
10.128.0.2 - - [03/Dec/2025:23:34:50 +0000] "GET /v3/snapshots/d5af72e9-2c72-45cf-a37f-6e7838f62053 HTTP/1.1" 200 466 "-" "python-urllib3/1.26.5"
10.128.0.2 - - [03/Dec/2025:23:34:51 +0000] "GET /v3/snapshots/d5af72e9-2c72-45cf-a37f-6e7838f62053 HTTP/1.1" 404 111 "-" "python-urllib3/1.26.5" [Wed Dec 03 23:34:51.355706 2025] [wsgi:error] [pid 11:tid 32] [remote 10.128.0.2:34526] /usr/lib/python3.9/site-packages/oslo_context/context.py:100: DeprecationWarning: Policy enforcement is depending on the value of is_admin. This key is deprecated. Please update your policy file to use the standard policy values. [Wed Dec 03 23:34:51.355880 2025] [wsgi:error] [pid 11:tid 32] [remote 10.128.0.2:34526] warnings.warn('Policy enforcement is depending on the value of '
10.128.0.2 - - [03/Dec/2025:23:34:51 +0000] "DELETE /v3/volumes/8149c040-0a26-43d7-8896-b0c1d2feb021 HTTP/1.1" 202 - "-" "python-urllib3/1.26.5" [Wed Dec 03 23:34:51.443160 2025] [wsgi:error] [pid 12:tid 26] [remote 10.128.0.2:34532] /usr/lib/python3.9/site-packages/oslo_context/context.py:100: DeprecationWarning: Policy enforcement is depending on the value of is_admin. This key is deprecated. Please update your policy file to use the standard policy values. [Wed Dec 03 23:34:51.443184 2025] [wsgi:error] [pid 12:tid 26] [remote 10.128.0.2:34532] warnings.warn('Policy enforcement is depending on the value of '
10.128.0.2 - - [03/Dec/2025:23:34:51 +0000] "GET /v3/volumes/8149c040-0a26-43d7-8896-b0c1d2feb021 HTTP/1.1" 200 1246 "-" "python-urllib3/1.26.5"
10.128.0.2 - - [03/Dec/2025:23:34:51 +0000] "GET /healthcheck HTTP/1.1" 200 2 "-" "kube-probe/1.31" [Wed Dec 03 23:34:52.538995 2025] [wsgi:error] [pid 13:tid 29] [remote 10.128.0.2:34548] /usr/lib/python3.9/site-packages/oslo_context/context.py:100: DeprecationWarning: Policy enforcement is depending on the value of is_admin. This key is deprecated. Please update your policy file to use the standard policy values. [Wed Dec 03 23:34:52.539019 2025] [wsgi:error] [pid 13:tid 29] [remote 10.128.0.2:34548] warnings.warn('Policy enforcement is depending on the value of '
10.128.0.2 - - [03/Dec/2025:23:34:52 +0000] "GET /v3/volumes/8149c040-0a26-43d7-8896-b0c1d2feb021 HTTP/1.1" 200 1246 "-" "python-urllib3/1.26.5"
10.128.0.2 - - [03/Dec/2025:23:34:53 +0000] "GET /v3/volumes/8149c040-0a26-43d7-8896-b0c1d2feb021 HTTP/1.1" 404 109 "-" "python-urllib3/1.26.5"
10.128.0.2 - - [03/Dec/2025:23:34:54 +0000] "GET /healthcheck HTTP/1.1" 200 2 "-" "kube-probe/1.31"
10.128.0.2 - - [03/Dec/2025:23:34:54 +0000] "GET /healthcheck HTTP/1.1" 200 2 "-" "kube-probe/1.31"
10.128.0.2 - - [03/Dec/2025:23:34:53 +0000] "POST /v3/volumes HTTP/1.1" 202 820 "-" "python-urllib3/1.26.5" [Wed Dec 03 23:34:54.903280 2025] [wsgi:error] [pid 11:tid 32] [remote 10.128.0.2:35860] /usr/lib/python3.9/site-packages/oslo_context/context.py:100: DeprecationWarning: Policy enforcement is depending on the value of is_admin. This key is deprecated. Please update your policy file to use the standard policy values. [Wed Dec 03 23:34:54.903305 2025] [wsgi:error] [pid 11:tid 32] [remote 10.128.0.2:35860] warnings.warn('Policy enforcement is depending on the value of '
10.128.0.2 - - [03/Dec/2025:23:34:54 +0000] "GET /v3/volumes/f9e6f6da-570c-4f5d-835b-99c75d783f8e HTTP/1.1" 200 888 "-" "python-urllib3/1.26.5" [Wed Dec 03 23:34:55.986827 2025] [wsgi:error] [pid 13:tid 29] [remote 10.128.0.2:35876] /usr/lib/python3.9/site-packages/oslo_context/context.py:100: DeprecationWarning: Policy enforcement is depending on the value of is_admin. This key is deprecated. Please update your policy file to use the standard policy values. [Wed Dec 03 23:34:55.986854 2025] [wsgi:error] [pid 13:tid 29] [remote 10.128.0.2:35876] warnings.warn('Policy enforcement is depending on the value of '
10.128.0.2 - - [03/Dec/2025:23:34:55 +0000] "GET /v3/volumes/f9e6f6da-570c-4f5d-835b-99c75d783f8e HTTP/1.1" 200 912 "-" "python-urllib3/1.26.5" [Wed Dec 03 23:34:57.077980 2025] [wsgi:error] [pid 10:tid 111] [remote 10.128.0.2:35882] /usr/lib/python3.9/site-packages/oslo_context/context.py:100: DeprecationWarning: Policy enforcement is depending on the value of is_admin. This key is deprecated. Please update your policy file to use the standard policy values. [Wed Dec 03 23:34:57.078287 2025] [wsgi:error] [pid 10:tid 111] [remote 10.128.0.2:35882] warnings.warn('Policy enforcement is depending on the value of '
10.128.0.2 - - [03/Dec/2025:23:34:57 +0000] "GET /v3/volumes/f9e6f6da-570c-4f5d-835b-99c75d783f8e HTTP/1.1" 200 912 "-" "python-urllib3/1.26.5"
10.128.0.2 - - [03/Dec/2025:23:34:57 +0000] "GET /healthcheck HTTP/1.1" 200 2 "-" "kube-probe/1.31" [Wed Dec 03 23:34:58.162900 2025] [wsgi:error] [pid 11:tid 32] [remote 10.128.0.2:35904] /usr/lib/python3.9/site-packages/oslo_context/context.py:100: DeprecationWarning: Policy enforcement is depending on the value of is_admin. This key is deprecated. Please update your policy file to use the standard policy values. [Wed Dec 03 23:34:58.162926 2025] [wsgi:error] [pid 11:tid 32] [remote 10.128.0.2:35904] warnings.warn('Policy enforcement is depending on the value of '
10.128.0.2 - - [03/Dec/2025:23:34:58 +0000] "GET /v3/volumes/f9e6f6da-570c-4f5d-835b-99c75d783f8e HTTP/1.1" 200 970 "-" "python-urllib3/1.26.5" [Wed Dec 03 23:34:59.381311 2025] [wsgi:error] [pid 13:tid 29] [remote 10.128.0.2:35912] /usr/lib/python3.9/site-packages/oslo_context/context.py:100: DeprecationWarning: Policy enforcement is depending on the value of is_admin. This key is deprecated. Please update your policy file to use the standard policy values. [Wed Dec 03 23:34:59.381338 2025] [wsgi:error] [pid 13:tid 29] [remote 10.128.0.2:35912] warnings.warn('Policy enforcement is depending on the value of '
10.128.0.2 - - [03/Dec/2025:23:34:59 +0000] "GET /v3/volumes/f9e6f6da-570c-4f5d-835b-99c75d783f8e HTTP/1.1" 200 973 "-" "python-urllib3/1.26.5"
10.128.0.2 - - [03/Dec/2025:23:34:59 +0000] "GET /healthcheck HTTP/1.1" 200 2 "-" "kube-probe/1.31"
10.128.0.2 - - [03/Dec/2025:23:35:00 +0000] "GET /healthcheck HTTP/1.1" 200 2 "-" "kube-probe/1.31" [Wed Dec 03 23:35:00.583734 2025] [wsgi:error] [pid 12:tid 26] [remote 10.128.0.2:35922] /usr/lib/python3.9/site-packages/oslo_context/context.py:100: DeprecationWarning: Policy enforcement is depending on the value of is_admin. This key is deprecated. Please update your policy file to use the standard policy values. [Wed Dec 03 23:35:00.583762 2025] [wsgi:error] [pid 12:tid 26] [remote 10.128.0.2:35922] warnings.warn('Policy enforcement is depending on the value of '
10.128.0.2 - - [03/Dec/2025:23:35:00 +0000] "GET /v3/volumes/f9e6f6da-570c-4f5d-835b-99c75d783f8e HTTP/1.1" 200 973 "-" "python-urllib3/1.26.5" [Wed Dec 03 23:35:01.712730 2025] [wsgi:error] [pid 13:tid 29] [remote 10.128.0.2:35950] /usr/lib/python3.9/site-packages/oslo_context/context.py:100: DeprecationWarning: Policy enforcement is depending on the value of is_admin. This key is deprecated. Please update your policy file to use the standard policy values. [Wed Dec 03 23:35:01.712756 2025] [wsgi:error] [pid 13:tid 29] [remote 10.128.0.2:35950] warnings.warn('Policy enforcement is depending on the value of '
10.128.0.2 - - [03/Dec/2025:23:35:01 +0000] "GET /v3/volumes/f9e6f6da-570c-4f5d-835b-99c75d783f8e HTTP/1.1" 200 973 "-" "python-urllib3/1.26.5" [Wed Dec 03 23:35:02.798590 2025] [wsgi:error] [pid 10:tid 111] [remote 10.128.0.2:35964] /usr/lib/python3.9/site-packages/oslo_context/context.py:100: DeprecationWarning: Policy enforcement is depending on the value of is_admin. This key is deprecated. Please update your policy file to use the standard policy values. [Wed Dec 03 23:35:02.798618 2025] [wsgi:error] [pid 10:tid 111] [remote 10.128.0.2:35964] warnings.warn('Policy enforcement is depending on the value of '
10.128.0.2 - - [03/Dec/2025:23:35:02 +0000] "GET /v3/volumes/f9e6f6da-570c-4f5d-835b-99c75d783f8e HTTP/1.1" 200 1247 "-" "python-urllib3/1.26.5" [Wed Dec 03 23:35:02.885054 2025] [wsgi:error] [pid 11:tid 32] [remote 10.128.0.2:35974] /usr/lib/python3.9/site-packages/oslo_context/context.py:100: DeprecationWarning: Policy enforcement is depending on the value of is_admin. This key is deprecated. Please update your policy file to use the standard policy values. [Wed Dec 03 23:35:02.885080 2025] [wsgi:error] [pid 11:tid 32] [remote 10.128.0.2:35974] warnings.warn('Policy enforcement is depending on the value of '
10.128.0.2 - - [03/Dec/2025:23:35:02 +0000] "GET /v3/volumes/f9e6f6da-570c-4f5d-835b-99c75d783f8e HTTP/1.1" 200 1247 "-" "python-urllib3/1.26.5"
10.128.0.2 - - [03/Dec/2025:23:35:03 +0000] "GET /healthcheck HTTP/1.1" 200 2 "-" "kube-probe/1.31"
10.128.0.2 - - [03/Dec/2025:23:35:04 +0000] "GET /healthcheck HTTP/1.1" 200 2 "-" "kube-probe/1.31" [Wed Dec 03 23:35:06.175557 2025] [wsgi:error] [pid 10:tid 111] [remote 10.128.1.49:35430] /usr/lib/python3.9/site-packages/oslo_context/context.py:100: DeprecationWarning: Policy enforcement is depending on the value of is_admin. This key is deprecated. Please update your policy file to use the standard policy values. [Wed Dec 03 23:35:06.175582 2025] [wsgi:error] [pid 10:tid 111] [remote 10.128.1.49:35430] warnings.warn('Policy enforcement is depending on the value of '
10.128.1.49 - - [03/Dec/2025:23:35:06 +0000] "GET /v3/volumes/f9e6f6da-570c-4f5d-835b-99c75d783f8e HTTP/1.1" 200 1223 "-" "python-cinderclient"
