10.128.0.2 - - [03/Dec/2025:23:35:06 +0000] "GET /healthcheck HTTP/1.1" 200 2 "-" "kube-probe/1.31" [Wed Dec 03 23:35:08.181827 2025] [wsgi:error] [pid 12:tid 26] [remote 10.128.1.49:35430] /usr/lib/python3.9/site-packages/oslo_context/context.py:100: DeprecationWarning: Policy enforcement is depending on the value of is_admin. This key is deprecated. Please update your policy file to use the standard policy values. [Wed Dec 03 23:35:08.181848 2025] [wsgi:error] [pid 12:tid 26] [remote 10.128.1.49:35430] warnings.warn('Policy enforcement is depending on the value of '
10.128.1.49 - - [03/Dec/2025:23:35:08 +0000] "GET /v3/volumes/f9e6f6da-570c-4f5d-835b-99c75d783f8e HTTP/1.1" 200 1223 "-" "python-cinderclient"
10.128.1.49 - - [03/Dec/2025:23:35:08 +0000] "GET / HTTP/1.1" 300 403 "-" "nova keystoneauth1/5.1.3 python-requests/2.25.1 CPython/3.9.23" [Wed Dec 03 23:35:08.331860 2025] [wsgi:error] [pid 10:tid 111] [remote 10.128.1.49:35430] /usr/lib/python3.9/site-packages/oslo_context/context.py:100: DeprecationWarning: Policy enforcement is depending on the value of is_admin. This key is deprecated. Please update your policy file to use the standard policy values. [Wed Dec 03 23:35:08.331881 2025] [wsgi:error] [pid 10:tid 111] [remote 10.128.1.49:35430] warnings.warn('Policy enforcement is depending on the value of '
10.128.1.49 - - [03/Dec/2025:23:35:08 +0000] "POST /v3/attachments HTTP/1.1" 200 273 "-" "python-cinderclient"
10.128.0.2 - - [03/Dec/2025:23:35:09 +0000] "GET /healthcheck HTTP/1.1" 200 2 "-" "kube-probe/1.31"
10.128.0.2 - - [03/Dec/2025:23:35:09 +0000] "GET /healthcheck HTTP/1.1" 200 2 "-" "kube-probe/1.31"
100.64.0.2 - - [03/Dec/2025:23:35:09 +0000] "GET / HTTP/1.1" 300 403 "-" "nova-compute keystoneauth1/5.1.3 python-requests/2.25.1 CPython/3.9.23" [Wed Dec 03 23:35:09.734609 2025] [wsgi:error] [pid 10:tid 111] [remote 100.64.0.2:39266] /usr/lib/python3.9/site-packages/oslo_context/context.py:100: DeprecationWarning: Policy enforcement is depending on the value of is_admin. This key is deprecated. Please update your policy file to use the standard policy values. [Wed Dec 03 23:35:09.734628 2025] [wsgi:error] [pid 10:tid 111] [remote 100.64.0.2:39266] warnings.warn('Policy enforcement is depending on the value of '
100.64.0.2 - - [03/Dec/2025:23:35:09 +0000] "GET /v3/volumes/f9e6f6da-570c-4f5d-835b-99c75d783f8e HTTP/1.1" 200 1321 "-" "python-cinderclient" [Wed Dec 03 23:35:09.960568 2025] [wsgi:error] [pid 11:tid 32] [remote 100.64.0.2:39266] /usr/lib/python3.9/site-packages/oslo_context/context.py:100: DeprecationWarning: Policy enforcement is depending on the value of is_admin. This key is deprecated. Please update your policy file to use the standard policy values. [Wed Dec 03 23:35:09.960591 2025] [wsgi:error] [pid 11:tid 32] [remote 100.64.0.2:39266] warnings.warn('Policy enforcement is depending on the value of '
10.128.0.2 - - [03/Dec/2025:23:35:12 +0000] "GET /healthcheck HTTP/1.1" 200 2 "-" "kube-probe/1.31"
100.64.0.2 - - [03/Dec/2025:23:35:09 +0000] "PUT /v3/attachments/890260e5-5c3b-46f1-b110-0b173839c340 HTTP/1.1" 200 1008 "-" "python-cinderclient" [Wed Dec 03 23:35:13.507090 2025] [wsgi:error] [pid 13:tid 29] [remote 100.64.0.2:39266] /usr/lib/python3.9/site-packages/oslo_context/context.py:100: DeprecationWarning: Policy enforcement is depending on the value of is_admin. This key is deprecated. Please update your policy file to use the standard policy values. [Wed Dec 03 23:35:13.507208 2025] [wsgi:error] [pid 13:tid 29] [remote 100.64.0.2:39266] warnings.warn('Policy enforcement is depending on the value of '
100.64.0.2 - - [03/Dec/2025:23:35:13 +0000] "POST /v3/attachments/890260e5-5c3b-46f1-b110-0b173839c340/action HTTP/1.1" 204 - "-" "python-cinderclient"
10.128.0.2 - - [03/Dec/2025:23:35:14 +0000] "GET /healthcheck HTTP/1.1" 200 2 "-" "kube-probe/1.31"
10.128.0.2 - - [03/Dec/2025:23:35:15 +0000] "GET /healthcheck HTTP/1.1" 200 2 "-" "kube-probe/1.31"
10.128.0.2 - - [03/Dec/2025:23:35:18 +0000] "GET /healthcheck HTTP/1.1" 200 2 "-" "kube-probe/1.31"
10.128.0.2 - - [03/Dec/2025:23:35:19 +0000] "GET /healthcheck HTTP/1.1" 200 2 "-" "kube-probe/1.31"
10.128.0.2 - - [03/Dec/2025:23:35:21 +0000] "GET /healthcheck HTTP/1.1" 200 2 "-" "kube-probe/1.31"
10.128.0.2 - - [03/Dec/2025:23:35:24 +0000] "GET /healthcheck HTTP/1.1" 200 2 "-" "kube-probe/1.31"
10.128.0.2 - - [03/Dec/2025:23:35:24 +0000] "GET /healthcheck HTTP/1.1" 200 2 "-" "kube-probe/1.31"
10.128.0.2 - - [03/Dec/2025:23:35:27 +0000] "GET /healthcheck HTTP/1.1" 200 2 "-" "kube-probe/1.31"
10.128.0.2 - - [03/Dec/2025:23:35:29 +0000] "GET /healthcheck HTTP/1.1" 200 2 "-" "kube-probe/1.31"
10.128.0.2 - - [03/Dec/2025:23:35:30 +0000] "GET /healthcheck HTTP/1.1" 200 2 "-" "kube-probe/1.31"
10.128.0.2 - - [03/Dec/2025:23:35:33 +0000] "GET /healthcheck HTTP/1.1" 200 2 "-" "kube-probe/1.31"
10.128.0.2 - - [03/Dec/2025:23:35:34 +0000] "GET /healthcheck HTTP/1.1" 200 2 "-" "kube-probe/1.31"
10.128.0.2 - - [03/Dec/2025:23:35:36 +0000] "GET /healthcheck HTTP/1.1" 200 2 "-" "kube-probe/1.31"
10.128.0.2 - - [03/Dec/2025:23:35:39 +0000] "GET /healthcheck HTTP/1.1" 200 2 "-" "kube-probe/1.31"
10.128.0.2 - - [03/Dec/2025:23:35:39 +0000] "GET /healthcheck HTTP/1.1" 200 2 "-" "kube-probe/1.31"
10.128.1.49 - - [03/Dec/2025:23:35:40 +0000] "GET /v3/limits HTTP/1.1" 200 302 "-" "python-cinderclient" [Wed Dec 03 23:35:40.695567 2025] [wsgi:error] [pid 10:tid 111] [remote 10.128.1.49:47420] /usr/lib/python3.9/site-packages/oslo_context/context.py:100: DeprecationWarning: Policy enforcement is depending on the value of is_admin. This key is deprecated. Please update your policy file to use the standard policy values. [Wed Dec 03 23:35:40.695596 2025] [wsgi:error] [pid 10:tid 111] [remote 10.128.1.49:47420] warnings.warn('Policy enforcement is depending on the value of '
10.128.1.49 - - [03/Dec/2025:23:35:40 +0000] "GET /v3/volumes/f9e6f6da-570c-4f5d-835b-99c75d783f8e HTTP/1.1" 200 1515 "-" "python-cinderclient" [Wed Dec 03 23:35:40.807724 2025] [wsgi:error] [pid 12:tid 26] [remote 10.128.1.49:47420] /usr/lib/python3.9/site-packages/oslo_context/context.py:100: DeprecationWarning: Policy enforcement is depending on the value of is_admin. This key is deprecated. Please update your policy file to use the standard policy values. [Wed Dec 03 23:35:40.807749 2025] [wsgi:error] [pid 12:tid 26] [remote 10.128.1.49:47420] warnings.warn('Policy enforcement is depending on the value of '
10.128.1.49 - - [03/Dec/2025:23:35:40 +0000] "POST /v3/snapshots HTTP/1.1" 202 319 "-" "python-cinderclient"
10.128.0.2 - - [03/Dec/2025:23:35:42 +0000] "GET /healthcheck HTTP/1.1" 200 2 "-" "kube-probe/1.31" [Wed Dec 03 23:35:43.015398 2025] [wsgi:error] [pid 13:tid 29] [remote 10.128.0.2:60982] /usr/lib/python3.9/site-packages/oslo_context/context.py:100: DeprecationWarning: Policy enforcement is depending on the value of is_admin. This key is deprecated. Please update your policy file to use the standard policy values. [Wed Dec 03 23:35:43.015425 2025] [wsgi:error] [pid 13:tid 29] [remote 10.128.0.2:60982] warnings.warn('Policy enforcement is depending on the value of '
10.128.0.2 - - [03/Dec/2025:23:35:42 +0000] "GET /v3/snapshots/75c870e7-5a8e-4c57-b179-6b92a01989dd HTTP/1.1" 200 478 "-" "python-urllib3/1.26.5"
10.128.0.2 - - [03/Dec/2025:23:35:44 +0000] "GET /healthcheck HTTP/1.1" 200 2 "-" "kube-probe/1.31" [Wed Dec 03 23:35:44.851066 2025] [wsgi:error] [pid 12:tid 26] [remote 10.128.1.65:38120] /usr/lib/python3.9/site-packages/oslo_context/context.py:100: DeprecationWarning: Policy enforcement is depending on the value of is_admin. This key is deprecated. Please update your policy file to use the standard policy values. [Wed Dec 03 23:35:44.851090 2025] [wsgi:error] [pid 12:tid 26] [remote 10.128.1.65:38120] warnings.warn('Policy enforcement is depending on the value of ' [Wed Dec 03 23:35:44.856054 2025] [wsgi:error] [pid 12:tid 26] [remote 10.128.1.65:38120] /usr/lib/python3.9/site-packages/oslo_context/context.py:100: DeprecationWarning: Policy enforcement is depending on the value of is_admin. This key is deprecated. Please update your policy file to use the standard policy values. [Wed Dec 03 23:35:44.856071 2025] [wsgi:error] [pid 12:tid 26] [remote 10.128.1.65:38120] warnings.warn('Policy enforcement is depending on the value of '
10.128.1.65 - - [03/Dec/2025:23:35:44 +0000] "GET /v3/snapshots/detail?all_tenants=True HTTP/1.1" 200 555 "-" "python-cinderclient" [Wed Dec 03 23:35:45.542238 2025] [wsgi:error] [pid 11:tid 32] [remote 10.128.1.65:38126] /usr/lib/python3.9/site-packages/oslo_context/context.py:100: DeprecationWarning: Policy enforcement is depending on the value of is_admin. This key is deprecated. Please update your policy file to use the standard policy values. [Wed Dec 03 23:35:45.542259 2025] [wsgi:error] [pid 11:tid 32] [remote 10.128.1.65:38126] warnings.warn('Policy enforcement is depending on the value of '
10.128.1.65 - - [03/Dec/2025:23:35:45 +0000] "GET /v3/backups/detail?all_tenants=True HTTP/1.1" 200 15 "-" "python-cinderclient"
10.128.0.2 - - [03/Dec/2025:23:35:45 +0000] "GET /healthcheck HTTP/1.1" 200 2 "-" "kube-probe/1.31" [Wed Dec 03 23:35:45.643620 2025] [wsgi:error] [pid 10:tid 111] [remote 10.128.1.65:38128] /usr/lib/python3.9/site-packages/oslo_context/context.py:100: DeprecationWarning: Policy enforcement is depending on the value of is_admin. This key is deprecated. Please update your policy file to use the standard policy values. [Wed Dec 03 23:35:45.643644 2025] [wsgi:error] [pid 10:tid 111] [remote 10.128.1.65:38128] warnings.warn('Policy enforcement is depending on the value of '
10.128.1.65 - - [03/Dec/2025:23:35:45 +0000] "GET /v3/volumes/detail?all_tenants=True HTTP/1.1" 200 1772 "-" "python-cinderclient" [Wed Dec 03 23:35:47.138577 2025] [wsgi:error] [pid 12:tid 26] [remote 10.128.1.49:59388] /usr/lib/python3.9/site-packages/oslo_context/context.py:100: DeprecationWarning: Policy enforcement is depending on the value of is_admin. This key is deprecated. Please update your policy file to use the standard policy values. [Wed Dec 03 23:35:47.138602 2025] [wsgi:error] [pid 12:tid 26] [remote 10.128.1.49:59388] warnings.warn('Policy enforcement is depending on the value of '
10.128.1.49 - - [03/Dec/2025:23:35:47 +0000] "GET /v3/snapshots/75c870e7-5a8e-4c57-b179-6b92a01989dd HTTP/1.1" 200 478 "-" "python-cinderclient" [Wed Dec 03 23:35:48.424681 2025] [wsgi:error] [pid 11:tid 32] [remote 100.64.0.2:45686] /usr/lib/python3.9/site-packages/oslo_context/context.py:100: DeprecationWarning: Policy enforcement is depending on the value of is_admin. This key is deprecated. Please update your policy file to use the standard policy values. [Wed Dec 03 23:35:48.424856 2025] [wsgi:error] [pid 11:tid 32] [remote 100.64.0.2:45686] warnings.warn('Policy enforcement is depending on the value of '
100.64.0.2 - - [03/Dec/2025:23:35:48 +0000] "GET /v3/snapshots/75c870e7-5a8e-4c57-b179-6b92a01989dd HTTP/1.1" 200 478 "-" "python-cinderclient" [Wed Dec 03 23:35:48.556002 2025] [wsgi:error] [pid 13:tid 29] [remote 100.64.0.2:45686] /usr/lib/python3.9/site-packages/oslo_context/context.py:100: DeprecationWarning: Policy enforcement is depending on the value of is_admin. This key is deprecated. Please update your policy file to use the standard policy values. [Wed Dec 03 23:35:48.556031 2025] [wsgi:error] [pid 13:tid 29] [remote 100.64.0.2:45686] warnings.warn('Policy enforcement is depending on the value of '
10.128.0.2 - - [03/Dec/2025:23:35:48 +0000] "GET /healthcheck HTTP/1.1" 200 2 "-" "kube-probe/1.31"
100.64.0.2 - - [03/Dec/2025:23:35:48 +0000] "GET /v3/volumes/f9e6f6da-570c-4f5d-835b-99c75d783f8e HTTP/1.1" 200 1515 "-" "python-cinderclient" [Wed Dec 03 23:35:48.691640 2025] [wsgi:error] [pid 12:tid 26] [remote 100.64.0.2:45686] /usr/lib/python3.9/site-packages/oslo_context/context.py:100: DeprecationWarning: Policy enforcement is depending on the value of is_admin. This key is deprecated. Please update your policy file to use the standard policy values. [Wed Dec 03 23:35:48.691667 2025] [wsgi:error] [pid 12:tid 26] [remote 100.64.0.2:45686] warnings.warn('Policy enforcement is depending on the value of '
100.64.0.2 - - [03/Dec/2025:23:35:48 +0000] "POST /v3/volumes HTTP/1.1" 202 773 "-" "python-cinderclient" [Wed Dec 03 23:35:49.004081 2025] [wsgi:error] [pid 11:tid 32] [remote 100.64.0.2:45686] /usr/lib/python3.9/site-packages/oslo_context/context.py:100: DeprecationWarning: Policy enforcement is depending on the value of is_admin. This key is deprecated. Please update your policy file to use the standard policy values. [Wed Dec 03 23:35:49.004210 2025] [wsgi:error] [pid 11:tid 32] [remote 100.64.0.2:45686] warnings.warn('Policy enforcement is depending on the value of '
100.64.0.2 - - [03/Dec/2025:23:35:48 +0000] "GET /v3/volumes/3679a497-5948-44f7-81ad-65eefe1bb9ba HTTP/1.1" 200 865 "-" "python-cinderclient" [Wed Dec 03 23:35:49.191609 2025] [wsgi:error] [pid 10:tid 111] [remote 100.64.0.2:45686] /usr/lib/python3.9/site-packages/oslo_context/context.py:100: DeprecationWarning: Policy enforcement is depending on the value of is_admin. This key is deprecated. Please update your policy file to use the standard policy values. [Wed Dec 03 23:35:49.191631 2025] [wsgi:error] [pid 10:tid 111] [remote 100.64.0.2:45686] warnings.warn('Policy enforcement is depending on the value of '
100.64.0.2 - - [03/Dec/2025:23:35:49 +0000] "GET /v3/volumes/3679a497-5948-44f7-81ad-65eefe1bb9ba HTTP/1.1" 200 865 "-" "python-cinderclient"
10.128.0.2 - - [03/Dec/2025:23:35:49 +0000] "GET /healthcheck HTTP/1.1" 200 2 "-" "kube-probe/1.31"
10.128.0.2 - - [03/Dec/2025:23:35:51 +0000] "GET /healthcheck HTTP/1.1" 200 2 "-" "kube-probe/1.31" [Wed Dec 03 23:35:52.302867 2025] [wsgi:error] [pid 11:tid 32] [remote 100.64.0.2:45686] /usr/lib/python3.9/site-packages/oslo_context/context.py:100: DeprecationWarning: Policy enforcement is depending on the value of is_admin. This key is deprecated. Please update your policy file to use the standard policy values. [Wed Dec 03 23:35:52.303015 2025] [wsgi:error] [pid 11:tid 32] [remote 100.64.0.2:45686] warnings.warn('Policy enforcement is depending on the value of '
100.64.0.2 - - [03/Dec/2025:23:35:52 +0000] "GET /v3/volumes/3679a497-5948-44f7-81ad-65eefe1bb9ba HTTP/1.1" 200 1201 "-" "python-cinderclient"
100.64.0.2 - - [03/Dec/2025:23:35:52 +0000] "GET / HTTP/1.1" 300 403 "-" "nova-compute keystoneauth1/5.1.3 python-requests/2.25.1 CPython/3.9.23" [Wed Dec 03 23:35:52.425711 2025] [wsgi:error] [pid 13:tid 29] [remote 100.64.0.2:45686] /usr/lib/python3.9/site-packages/oslo_context/context.py:100: DeprecationWarning: Policy enforcement is depending on the value of is_admin. This key is deprecated. Please update your policy file to use the standard policy values. [Wed Dec 03 23:35:52.425852 2025] [wsgi:error] [pid 13:tid 29] [remote 100.64.0.2:45686] warnings.warn('Policy enforcement is depending on the value of '
100.64.0.2 - - [03/Dec/2025:23:35:52 +0000] "POST /v3/attachments HTTP/1.1" 200 273 "-" "python-cinderclient"
100.64.0.2 - - [03/Dec/2025:23:35:52 +0000] "GET / HTTP/1.1" 300 403 "-" "nova-compute keystoneauth1/5.1.3 python-requests/2.25.1 CPython/3.9.23" [Wed Dec 03 23:35:52.562753 2025] [wsgi:error] [pid 11:tid 32] [remote 100.64.0.2:45686] /usr/lib/python3.9/site-packages/oslo_context/context.py:100: DeprecationWarning: Policy enforcement is depending on the value of is_admin. This key is deprecated. Please update your policy file to use the standard policy values. [Wed Dec 03 23:35:52.562939 2025] [wsgi:error] [pid 11:tid 32] [remote 100.64.0.2:45686] warnings.warn('Policy enforcement is depending on the value of '
100.64.0.2 - - [03/Dec/2025:23:35:52 +0000] "GET /v3/volumes/3679a497-5948-44f7-81ad-65eefe1bb9ba HTTP/1.1" 200 1299 "-" "python-cinderclient" [Wed Dec 03 23:35:52.761919 2025] [wsgi:error] [pid 10:tid 111] [remote 100.64.0.2:45686] /usr/lib/python3.9/site-packages/oslo_context/context.py:100: DeprecationWarning: Policy enforcement is depending on the value of is_admin. This key is deprecated. Please update your policy file to use the standard policy values. [Wed Dec 03 23:35:52.761946 2025] [wsgi:error] [pid 10:tid 111] [remote 100.64.0.2:45686] warnings.warn('Policy enforcement is depending on the value of '
10.128.0.2 - - [03/Dec/2025:23:35:54 +0000] "GET /healthcheck HTTP/1.1" 200 2 "-" "kube-probe/1.31"
10.128.0.2 - - [03/Dec/2025:23:35:54 +0000] "GET /healthcheck HTTP/1.1" 200 2 "-" "kube-probe/1.31"
100.64.0.2 - - [03/Dec/2025:23:35:52 +0000] "PUT /v3/attachments/4e0610be-a752-4ec9-9a2c-2a2bcc4d67eb HTTP/1.1" 200 1008 "-" "python-cinderclient" [Wed Dec 03 23:35:56.289043 2025] [wsgi:error] [pid 13:tid 29] [remote 100.64.0.2:45686] /usr/lib/python3.9/site-packages/oslo_context/context.py:100: DeprecationWarning: Policy enforcement is depending on the value of is_admin. This key is deprecated. Please update your policy file to use the standard policy values. [Wed Dec 03 23:35:56.289073 2025] [wsgi:error] [pid 13:tid 29] [remote 100.64.0.2:45686] warnings.warn('Policy enforcement is depending on the value of '
100.64.0.2 - - [03/Dec/2025:23:35:56 +0000] "POST /v3/attachments/4e0610be-a752-4ec9-9a2c-2a2bcc4d67eb/action HTTP/1.1" 204 - "-" "python-cinderclient"
10.128.0.2 - - [03/Dec/2025:23:35:57 +0000] "GET /healthcheck HTTP/1.1" 200 2 "-" "kube-probe/1.31"
10.128.0.2 - - [03/Dec/2025:23:35:59 +0000] "GET /healthcheck HTTP/1.1" 200 2 "-" "kube-probe/1.31"
10.128.0.2 - - [03/Dec/2025:23:36:00 +0000] "GET /healthcheck HTTP/1.1" 200 2 "-" "kube-probe/1.31"
10.128.0.2 - - [03/Dec/2025:23:36:03 +0000] "GET /healthcheck HTTP/1.1" 200 2 "-" "kube-probe/1.31"
10.128.0.2 - - [03/Dec/2025:23:36:04 +0000] "GET /healthcheck HTTP/1.1" 200 2 "-" "kube-probe/1.31"
10.128.0.2 - - [03/Dec/2025:23:36:06 +0000] "GET /healthcheck HTTP/1.1" 200 2 "-" "kube-probe/1.31"
10.128.0.2 - - [03/Dec/2025:23:36:09 +0000] "GET /healthcheck HTTP/1.1" 200 2 "-" "kube-probe/1.31"
10.128.0.2 - - [03/Dec/2025:23:36:09 +0000] "GET /healthcheck HTTP/1.1" 200 2 "-" "kube-probe/1.31"
10.128.0.2 - - [03/Dec/2025:23:36:12 +0000] "GET /healthcheck HTTP/1.1" 200 2 "-" "kube-probe/1.31"
10.128.0.2 - - [03/Dec/2025:23:36:14 +0000] "GET /healthcheck HTTP/1.1" 200 2 "-" "kube-probe/1.31"
10.128.0.2 - - [03/Dec/2025:23:36:15 +0000] "GET /healthcheck HTTP/1.1" 200 2 "-" "kube-probe/1.31"
10.128.0.2 - - [03/Dec/2025:23:36:18 +0000] "GET /healthcheck HTTP/1.1" 200 2 "-" "kube-probe/1.31"
10.128.0.2 - - [03/Dec/2025:23:36:19 +0000] "GET /healthcheck HTTP/1.1" 200 2 "-" "kube-probe/1.31"
10.128.0.2 - - [03/Dec/2025:23:36:21 +0000] "GET /healthcheck HTTP/1.1" 200 2 "-" "kube-probe/1.31"
10.128.0.2 - - [03/Dec/2025:23:36:24 +0000] "GET /healthcheck HTTP/1.1" 200 2 "-" "kube-probe/1.31"
10.128.0.2 - - [03/Dec/2025:23:36:24 +0000] "GET /healthcheck HTTP/1.1" 200 2 "-" "kube-probe/1.31"
10.128.0.2 - - [03/Dec/2025:23:36:27 +0000] "GET /healthcheck HTTP/1.1" 200 2 "-" "kube-probe/1.31"
10.128.0.2 - - [03/Dec/2025:23:36:29 +0000] "GET /healthcheck HTTP/1.1" 200 2 "-" "kube-probe/1.31"
10.128.0.2 - - [03/Dec/2025:23:36:30 +0000] "GET /healthcheck HTTP/1.1" 200 2 "-" "kube-probe/1.31"
10.128.0.2 - - [03/Dec/2025:23:36:33 +0000] "GET /healthcheck HTTP/1.1" 200 2 "-" "kube-probe/1.31"
10.128.0.2 - - [03/Dec/2025:23:36:34 +0000] "GET /healthcheck HTTP/1.1" 200 2 "-" "kube-probe/1.31"
10.128.0.2 - - [03/Dec/2025:23:36:36 +0000] "GET /healthcheck HTTP/1.1" 200 2 "-" "kube-probe/1.31" [Wed Dec 03 23:36:37.289128 2025] [wsgi:error] [pid 10:tid 111] [remote 10.128.0.2:59312] /usr/lib/python3.9/site-packages/oslo_context/context.py:100: DeprecationWarning: Policy enforcement is depending on the value of is_admin. This key is deprecated. Please update your policy file to use the standard policy values. [Wed Dec 03 23:36:37.289152 2025] [wsgi:error] [pid 10:tid 111] [remote 10.128.0.2:59312] warnings.warn('Policy enforcement is depending on the value of '
10.128.0.2 - - [03/Dec/2025:23:36:37 +0000] "GET /v3/volumes/3679a497-5948-44f7-81ad-65eefe1bb9ba HTTP/1.1" 200 1517 "-" "python-urllib3/1.26.5"
10.128.0.2 - - [03/Dec/2025:23:36:39 +0000] "GET /healthcheck HTTP/1.1" 200 2 "-" "kube-probe/1.31"
10.128.0.2 - - [03/Dec/2025:23:36:39 +0000] "GET /healthcheck HTTP/1.1" 200 2 "-" "kube-probe/1.31" [Wed Dec 03 23:36:39.596372 2025] [wsgi:error] [pid 13:tid 29] [remote 100.64.0.2:56432] /usr/lib/python3.9/site-packages/oslo_context/context.py:100: DeprecationWarning: Policy enforcement is depending on the value of is_admin. This key is deprecated. Please update your policy file to use the standard policy values. [Wed Dec 03 23:36:39.596393 2025] [wsgi:error] [pid 13:tid 29] [remote 100.64.0.2:56432] warnings.warn('Policy enforcement is depending on the value of '
10.128.0.2 - - [03/Dec/2025:23:36:42 +0000] "GET /healthcheck HTTP/1.1" 200 2 "-" "kube-probe/1.31"
100.64.0.2 - - [03/Dec/2025:23:36:39 +0000] "DELETE /v3/attachments/4e0610be-a752-4ec9-9a2c-2a2bcc4d67eb HTTP/1.1" 200 19 "-" "python-cinderclient" [Wed Dec 03 23:36:42.751817 2025] [wsgi:error] [pid 12:tid 26] [remote 100.64.0.2:56432] /usr/lib/python3.9/site-packages/oslo_context/context.py:100: DeprecationWarning: Policy enforcement is depending on the value of is_admin. This key is deprecated. Please update your policy file to use the standard policy values. [Wed Dec 03 23:36:42.751840 2025] [wsgi:error] [pid 12:tid 26] [remote 100.64.0.2:56432] warnings.warn('Policy enforcement is depending on the value of '
100.64.0.2 - - [03/Dec/2025:23:36:42 +0000] "DELETE /v3/volumes/3679a497-5948-44f7-81ad-65eefe1bb9ba HTTP/1.1" 202 - "-" "python-cinderclient" [Wed Dec 03 23:36:43.456475 2025] [wsgi:error] [pid 11:tid 32] [remote 10.128.0.2:60938] /usr/lib/python3.9/site-packages/oslo_context/context.py:100: DeprecationWarning: Policy enforcement is depending on the value of is_admin. This key is deprecated. Please update your policy file to use the standard policy values. [Wed Dec 03 23:36:43.456496 2025] [wsgi:error] [pid 11:tid 32] [remote 10.128.0.2:60938] warnings.warn('Policy enforcement is depending on the value of '
10.128.0.2 - - [03/Dec/2025:23:36:43 +0000] "GET /v3/volumes/3679a497-5948-44f7-81ad-65eefe1bb9ba HTTP/1.1" 200 1224 "-" "python-urllib3/1.26.5" [Wed Dec 03 23:36:44.546610 2025] [wsgi:error] [pid 10:tid 111] [remote 10.128.0.2:60940] /usr/lib/python3.9/site-packages/oslo_context/context.py:100: DeprecationWarning: Policy enforcement is depending on the value of is_admin. This key is deprecated. Please update your policy file to use the standard policy values. [Wed Dec 03 23:36:44.546636 2025] [wsgi:error] [pid 10:tid 111] [remote 10.128.0.2:60940] warnings.warn('Policy enforcement is depending on the value of '
10.128.0.2 - - [03/Dec/2025:23:36:44 +0000] "GET /v3/volumes/3679a497-5948-44f7-81ad-65eefe1bb9ba HTTP/1.1" 200 1224 "-" "python-urllib3/1.26.5"
10.128.0.2 - - [03/Dec/2025:23:36:44 +0000] "GET /healthcheck HTTP/1.1" 200 2 "-" "kube-probe/1.31"
10.128.0.2 - - [03/Dec/2025:23:36:45 +0000] "GET /healthcheck HTTP/1.1" 200 2 "-" "kube-probe/1.31"
10.128.0.2 - - [03/Dec/2025:23:36:45 +0000] "GET /v3/volumes/3679a497-5948-44f7-81ad-65eefe1bb9ba HTTP/1.1" 404 109 "-" "python-urllib3/1.26.5" [Wed Dec 03 23:36:45.703485 2025] [wsgi:error] [pid 10:tid 111] [remote 10.128.0.2:60968] /usr/lib/python3.9/site-packages/oslo_context/context.py:100: DeprecationWarning: Policy enforcement is depending on the value of is_admin. This key is deprecated. Please update your policy file to use the standard policy values. [Wed Dec 03 23:36:45.703515 2025] [wsgi:error] [pid 10:tid 111] [remote 10.128.0.2:60968] warnings.warn('Policy enforcement is depending on the value of '
10.128.0.2 - - [03/Dec/2025:23:36:45 +0000] "DELETE /v3/snapshots/75c870e7-5a8e-4c57-b179-6b92a01989dd HTTP/1.1" 202 - "-" "python-urllib3/1.26.5" [Wed Dec 03 23:36:45.818146 2025] [wsgi:error] [pid 13:tid 29] [remote 10.128.0.2:60982] /usr/lib/python3.9/site-packages/oslo_context/context.py:100: DeprecationWarning: Policy enforcement is depending on the value of is_admin. This key is deprecated. Please update your policy file to use the standard policy values. [Wed Dec 03 23:36:45.818171 2025] [wsgi:error] [pid 13:tid 29] [remote 10.128.0.2:60982] warnings.warn('Policy enforcement is depending on the value of '
10.128.0.2 - - [03/Dec/2025:23:36:45 +0000] "GET /v3/snapshots/75c870e7-5a8e-4c57-b179-6b92a01989dd HTTP/1.1" 200 477 "-" "python-urllib3/1.26.5"
10.128.0.2 - - [03/Dec/2025:23:36:46 +0000] "GET /v3/snapshots/75c870e7-5a8e-4c57-b179-6b92a01989dd HTTP/1.1" 404 111 "-" "python-urllib3/1.26.5"
10.128.0.2 - - [03/Dec/2025:23:36:48 +0000] "GET /healthcheck HTTP/1.1" 200 2 "-" "kube-probe/1.31"
10.128.0.2 - - [03/Dec/2025:23:36:49 +0000] "GET /healthcheck HTTP/1.1" 200 2 "-" "kube-probe/1.31" [Wed Dec 03 23:36:49.585570 2025] [wsgi:error] [pid 10:tid 111] [remote 100.64.0.2:38176] /usr/lib/python3.9/site-packages/oslo_context/context.py:100: DeprecationWarning: Policy enforcement is depending on the value of is_admin. This key is deprecated. Please update your policy file to use the standard policy values. [Wed Dec 03 23:36:49.585593 2025] [wsgi:error] [pid 10:tid 111] [remote 100.64.0.2:38176] warnings.warn('Policy enforcement is depending on the value of '
10.128.0.2 - - [03/Dec/2025:23:36:51 +0000] "GET /healthcheck HTTP/1.1" 200 2 "-" "kube-probe/1.31"
100.64.0.2 - - [03/Dec/2025:23:36:49 +0000] "DELETE /v3/attachments/890260e5-5c3b-46f1-b110-0b173839c340 HTTP/1.1" 200 19 "-" "python-cinderclient" [Wed Dec 03 23:36:52.550116 2025] [wsgi:error] [pid 11:tid 32] [remote 100.64.0.2:38176] /usr/lib/python3.9/site-packages/oslo_context/context.py:100: DeprecationWarning: Policy enforcement is depending on the value of is_admin. This key is deprecated. Please update your policy file to use the standard policy values. [Wed Dec 03 23:36:52.550138 2025] [wsgi:error] [pid 11:tid 32] [remote 100.64.0.2:38176] warnings.warn('Policy enforcement is depending on the value of '
100.64.0.2 - - [03/Dec/2025:23:36:52 +0000] "DELETE /v3/volumes/f9e6f6da-570c-4f5d-835b-99c75d783f8e HTTP/1.1" 202 - "-" "python-cinderclient" [Wed Dec 03 23:36:53.176392 2025] [wsgi:error] [pid 13:tid 29] [remote 10.128.0.2:32802] /usr/lib/python3.9/site-packages/oslo_context/context.py:100: DeprecationWarning: Policy enforcement is depending on the value of is_admin. This key is deprecated. Please update your policy file to use the standard policy values. [Wed Dec 03 23:36:53.176415 2025] [wsgi:error] [pid 13:tid 29] [remote 10.128.0.2:32802] warnings.warn('Policy enforcement is depending on the value of '
10.128.0.2 - - [03/Dec/2025:23:36:53 +0000] "GET /v3/volumes/f9e6f6da-570c-4f5d-835b-99c75d783f8e HTTP/1.1" 200 1246 "-" "python-urllib3/1.26.5" [Wed Dec 03 23:36:54.278592 2025] [wsgi:error] [pid 12:tid 26] [remote 10.128.0.2:48078] /usr/lib/python3.9/site-packages/oslo_context/context.py:100: DeprecationWarning: Policy enforcement is depending on the value of is_admin. This key is deprecated. Please update your policy file to use the standard policy values. [Wed Dec 03 23:36:54.278616 2025] [wsgi:error] [pid 12:tid 26] [remote 10.128.0.2:48078] warnings.warn('Policy enforcement is depending on the value of '
10.128.0.2 - - [03/Dec/2025:23:36:54 +0000] "GET /v3/volumes/f9e6f6da-570c-4f5d-835b-99c75d783f8e HTTP/1.1" 200 1246 "-" "python-urllib3/1.26.5"
10.128.0.2 - - [03/Dec/2025:23:36:54 +0000] "GET /healthcheck HTTP/1.1" 200 2 "-" "kube-probe/1.31"
10.128.0.2 - - [03/Dec/2025:23:36:54 +0000] "GET /healthcheck HTTP/1.1" 200 2 "-" "kube-probe/1.31"
10.128.0.2 - - [03/Dec/2025:23:36:55 +0000] "GET /v3/volumes/f9e6f6da-570c-4f5d-835b-99c75d783f8e HTTP/1.1" 404 109 "-" "python-urllib3/1.26.5"
10.128.0.2 - - [03/Dec/2025:23:36:57 +0000] "GET /healthcheck HTTP/1.1" 200 2 "-" "kube-probe/1.31"
10.128.0.2 - - [03/Dec/2025:23:36:58 +0000] "DELETE /v3/snapshots/75c870e7-5a8e-4c57-b179-6b92a01989dd HTTP/1.1" 404 111 "-" "python-urllib3/1.26.5"
10.128.0.2 - - [03/Dec/2025:23:36:58 +0000] "GET /v3/snapshots/75c870e7-5a8e-4c57-b179-6b92a01989dd HTTP/1.1" 404 111 "-" "python-urllib3/1.26.5"
10.128.0.2 - - [03/Dec/2025:23:36:59 +0000] "GET /healthcheck HTTP/1.1" 200 2 "-" "kube-probe/1.31"
10.128.0.2 - - [03/Dec/2025:23:37:00 +0000] "GET /healthcheck HTTP/1.1" 200 2 "-" "kube-probe/1.31"
10.128.0.2 - - [03/Dec/2025:23:37:03 +0000] "DELETE /v3/volumes/f9e6f6da-570c-4f5d-835b-99c75d783f8e HTTP/1.1" 404 109 "-" "python-urllib3/1.26.5"
10.128.0.2 - - [03/Dec/2025:23:37:03 +0000] "GET /v3/volumes/f9e6f6da-570c-4f5d-835b-99c75d783f8e HTTP/1.1" 404 109 "-" "python-urllib3/1.26.5"
10.128.0.2 - - [03/Dec/2025:23:37:03 +0000] "GET /healthcheck HTTP/1.1" 200 2 "-" "kube-probe/1.31"
10.128.0.2 - - [03/Dec/2025:23:37:04 +0000] "GET /healthcheck HTTP/1.1" 200 2 "-" "kube-probe/1.31"
10.128.0.2 - - [03/Dec/2025:23:37:06 +0000] "GET /healthcheck HTTP/1.1" 200 2 "-" "kube-probe/1.31" [Wed Dec 03 23:37:07.380066 2025] [wsgi:error] [pid 10:tid 111] [remote 10.128.0.2:48886] /usr/lib/python3.9/site-packages/oslo_context/context.py:100: DeprecationWarning: Policy enforcement is depending on the value of is_admin. This key is deprecated. Please update your policy file to use the standard policy values. [Wed Dec 03 23:37:07.380088 2025] [wsgi:error] [pid 10:tid 111] [remote 10.128.0.2:48886] warnings.warn('Policy enforcement is depending on the value of '
10.128.0.2 - - [03/Dec/2025:23:37:06 +0000] "POST /v3/volumes HTTP/1.1" 202 820 "-" "python-urllib3/1.26.5" [Wed Dec 03 23:37:07.898189 2025] [wsgi:error] [pid 13:tid 29] [remote 10.128.0.2:48902] /usr/lib/python3.9/site-packages/oslo_context/context.py:100: DeprecationWarning: Policy enforcement is depending on the value of is_admin. This key is deprecated. Please update your policy file to use the standard policy values. [Wed Dec 03 23:37:07.898212 2025] [wsgi:error] [pid 13:tid 29] [remote 10.128.0.2:48902] warnings.warn('Policy enforcement is depending on the value of '
10.128.0.2 - - [03/Dec/2025:23:37:07 +0000] "GET /v3/volumes/181167a7-932d-42a2-b911-9fccfb3b4252 HTTP/1.1" 200 888 "-" "python-urllib3/1.26.5" [Wed Dec 03 23:37:08.981479 2025] [wsgi:error] [pid 12:tid 26] [remote 10.128.0.2:48912] /usr/lib/python3.9/site-packages/oslo_context/context.py:100: DeprecationWarning: Policy enforcement is depending on the value of is_admin. This key is deprecated. Please update your policy file to use the standard policy values. [Wed Dec 03 23:37:08.981502 2025] [wsgi:error] [pid 12:tid 26] [remote 10.128.0.2:48912] warnings.warn('Policy enforcement is depending on the value of '
10.128.0.2 - - [03/Dec/2025:23:37:08 +0000] "GET /v3/volumes/181167a7-932d-42a2-b911-9fccfb3b4252 HTTP/1.1" 200 912 "-" "python-urllib3/1.26.5"
10.128.0.2 - - [03/Dec/2025:23:37:09 +0000] "GET /healthcheck HTTP/1.1" 200 2 "-" "kube-probe/1.31"
10.128.0.2 - - [03/Dec/2025:23:37:09 +0000] "GET /healthcheck HTTP/1.1" 200 2 "-" "kube-probe/1.31" [Wed Dec 03 23:37:10.086262 2025] [wsgi:error] [pid 13:tid 29] [remote 10.128.0.2:48938] /usr/lib/python3.9/site-packages/oslo_context/context.py:100: DeprecationWarning: Policy enforcement is depending on the value of is_admin. This key is deprecated. Please update your policy file to use the standard policy values. [Wed Dec 03 23:37:10.086285 2025] [wsgi:error] [pid 13:tid 29] [remote 10.128.0.2:48938] warnings.warn('Policy enforcement is depending on the value of '
10.128.0.2 - - [03/Dec/2025:23:37:10 +0000] "GET /v3/volumes/181167a7-932d-42a2-b911-9fccfb3b4252 HTTP/1.1" 200 912 "-" "python-urllib3/1.26.5" [Wed Dec 03 23:37:11.197703 2025] [wsgi:error] [pid 12:tid 26] [remote 10.128.0.2:48940] /usr/lib/python3.9/site-packages/oslo_context/context.py:100: DeprecationWarning: Policy enforcement is depending on the value of is_admin. This key is deprecated. Please update your policy file to use the standard policy values. [Wed Dec 03 23:37:11.197731 2025] [wsgi:error] [pid 12:tid 26] [remote 10.128.0.2:48940] warnings.warn('Policy enforcement is depending on the value of '
10.128.0.2 - - [03/Dec/2025:23:37:11 +0000] "GET /v3/volumes/181167a7-932d-42a2-b911-9fccfb3b4252 HTTP/1.1" 200 970 "-" "python-urllib3/1.26.5" [Wed Dec 03 23:37:12.293821 2025] [wsgi:error] [pid 11:tid 32] [remote 10.128.0.2:48948] /usr/lib/python3.9/site-packages/oslo_context/context.py:100: DeprecationWarning: Policy enforcement is depending on the value of is_admin. This key is deprecated. Please update your policy file to use the standard policy values. [Wed Dec 03 23:37:12.293850 2025] [wsgi:error] [pid 11:tid 32] [remote 10.128.0.2:48948] warnings.warn('Policy enforcement is depending on the value of '
10.128.0.2 - - [03/Dec/2025:23:37:12 +0000] "GET /v3/volumes/181167a7-932d-42a2-b911-9fccfb3b4252 HTTP/1.1" 200 973 "-" "python-urllib3/1.26.5"
10.128.0.2 - - [03/Dec/2025:23:37:12 +0000] "GET /healthcheck HTTP/1.1" 200 2 "-" "kube-probe/1.31" [Wed Dec 03 23:37:13.394871 2025] [wsgi:error] [pid 13:tid 29] [remote 10.128.0.2:48974] /usr/lib/python3.9/site-packages/oslo_context/context.py:100: DeprecationWarning: Policy enforcement is depending on the value of is_admin. This key is deprecated. Please update your policy file to use the standard policy values. [Wed Dec 03 23:37:13.394900 2025] [wsgi:error] [pid 13:tid 29] [remote 10.128.0.2:48974] warnings.warn('Policy enforcement is depending on the value of '
10.128.0.2 - - [03/Dec/2025:23:37:13 +0000] "GET /v3/volumes/181167a7-932d-42a2-b911-9fccfb3b4252 HTTP/1.1" 200 973 "-" "python-urllib3/1.26.5" [Wed Dec 03 23:37:14.504956 2025] [wsgi:error] [pid 12:tid 26] [remote 10.128.0.2:59098] /usr/lib/python3.9/site-packages/oslo_context/context.py:100: DeprecationWarning: Policy enforcement is depending on the value of is_admin. This key is deprecated. Please update your policy file to use the standard policy values. [Wed Dec 03 23:37:14.504978 2025] [wsgi:error] [pid 12:tid 26] [remote 10.128.0.2:59098] warnings.warn('Policy enforcement is depending on the value of '
10.128.0.2 - - [03/Dec/2025:23:37:14 +0000] "GET /v3/volumes/181167a7-932d-42a2-b911-9fccfb3b4252 HTTP/1.1" 200 973 "-" "python-urllib3/1.26.5"
10.128.0.2 - - [03/Dec/2025:23:37:14 +0000] "GET /healthcheck HTTP/1.1" 200 2 "-" "kube-probe/1.31"
10.128.0.2 - - [03/Dec/2025:23:37:15 +0000] "GET /healthcheck HTTP/1.1" 200 2 "-" "kube-probe/1.31" [Wed Dec 03 23:37:15.622507 2025] [wsgi:error] [pid 10:tid 111] [remote 10.128.0.2:59120] /usr/lib/python3.9/site-packages/oslo_context/context.py:100: DeprecationWarning: Policy enforcement is depending on the value of is_admin. This key is deprecated. Please update your policy file to use the standard policy values. [Wed Dec 03 23:37:15.622534 2025] [wsgi:error] [pid 10:tid 111] [remote 10.128.0.2:59120] warnings.warn('Policy enforcement is depending on the value of '
10.128.0.2 - - [03/Dec/2025:23:37:15 +0000] "GET /v3/volumes/181167a7-932d-42a2-b911-9fccfb3b4252 HTTP/1.1" 200 1247 "-" "python-urllib3/1.26.5" [Wed Dec 03 23:37:15.701650 2025] [wsgi:error] [pid 12:tid 26] [remote 10.128.0.2:59138] /usr/lib/python3.9/site-packages/oslo_context/context.py:100: DeprecationWarning: Policy enforcement is depending on the value of is_admin. This key is deprecated. Please update your policy file to use the standard policy values. [Wed Dec 03 23:37:15.701673 2025] [wsgi:error] [pid 12:tid 26] [remote 10.128.0.2:59138] warnings.warn('Policy enforcement is depending on the value of '
10.128.0.2 - - [03/Dec/2025:23:37:15 +0000] "GET /v3/volumes/181167a7-932d-42a2-b911-9fccfb3b4252 HTTP/1.1" 200 1247 "-" "python-urllib3/1.26.5" [Wed Dec 03 23:37:16.291879 2025] [wsgi:error] [pid 11:tid 32] [remote 10.128.1.49:52256] /usr/lib/python3.9/site-packages/oslo_context/context.py:100: DeprecationWarning: Policy enforcement is depending on the value of is_admin. This key is deprecated. Please update your policy file to use the standard policy values. [Wed Dec 03 23:37:16.291907 2025] [wsgi:error] [pid 11:tid 32] [remote 10.128.1.49:52256] warnings.warn('Policy enforcement is depending on the value of '
10.128.1.49 - - [03/Dec/2025:23:37:16 +0000] "GET /v3/volumes/181167a7-932d-42a2-b911-9fccfb3b4252 HTTP/1.1" 200 1223 "-" "python-cinderclient" [Wed Dec 03 23:37:18.377922 2025] [wsgi:error] [pid 13:tid 29] [remote 10.128.1.49:52256] /usr/lib/python3.9/site-packages/oslo_context/context.py:100: DeprecationWarning: Policy enforcement is depending on the value of is_admin. This key is deprecated. Please update your policy file to use the standard policy values. [Wed Dec 03 23:37:18.377944 2025] [wsgi:error] [pid 13:tid 29] [remote 10.128.1.49:52256] warnings.warn('Policy enforcement is depending on the value of '
10.128.1.49 - - [03/Dec/2025:23:37:18 +0000] "GET /v3/volumes/181167a7-932d-42a2-b911-9fccfb3b4252 HTTP/1.1" 200 1223 "-" "python-cinderclient"
10.128.1.49 - - [03/Dec/2025:23:37:18 +0000] "GET / HTTP/1.1" 300 403 "-" "nova keystoneauth1/5.1.3 python-requests/2.25.1 CPython/3.9.23" [Wed Dec 03 23:37:18.557954 2025] [wsgi:error] [pid 12:tid 26] [remote 10.128.1.49:52256] /usr/lib/python3.9/site-packages/oslo_context/context.py:100: DeprecationWarning: Policy enforcement is depending on the value of is_admin. This key is deprecated. Please update your policy file to use the standard policy values. [Wed Dec 03 23:37:18.557992 2025] [wsgi:error] [pid 12:tid 26] [remote 10.128.1.49:52256] warnings.warn('Policy enforcement is depending on the value of '
10.128.0.2 - - [03/Dec/2025:23:37:18 +0000] "GET /healthcheck HTTP/1.1" 200 2 "-" "kube-probe/1.31"
10.128.1.49 - - [03/Dec/2025:23:37:18 +0000] "POST /v3/attachments HTTP/1.1" 200 273 "-" "python-cinderclient"
10.128.0.2 - - [03/Dec/2025:23:37:19 +0000] "GET /healthcheck HTTP/1.1" 200 2 "-" "kube-probe/1.31"
100.64.0.2 - - [03/Dec/2025:23:37:19 +0000] "GET / HTTP/1.1" 300 403 "-" "nova-compute keystoneauth1/5.1.3 python-requests/2.25.1 CPython/3.9.23" [Wed Dec 03 23:37:19.969966 2025] [wsgi:error] [pid 11:tid 32] [remote 100.64.0.2:44698] /usr/lib/python3.9/site-packages/oslo_context/context.py:100: DeprecationWarning: Policy enforcement is depending on the value of is_admin. This key is deprecated. Please update your policy file to use the standard policy values. [Wed Dec 03 23:37:19.969989 2025] [wsgi:error] [pid 11:tid 32] [remote 100.64.0.2:44698] warnings.warn('Policy enforcement is depending on the value of '
100.64.0.2 - - [03/Dec/2025:23:37:19 +0000] "GET /v3/volumes/181167a7-932d-42a2-b911-9fccfb3b4252 HTTP/1.1" 200 1321 "-" "python-cinderclient" [Wed Dec 03 23:37:20.169221 2025] [wsgi:error] [pid 12:tid 26] [remote 100.64.0.2:44698] /usr/lib/python3.9/site-packages/oslo_context/context.py:100: DeprecationWarning: Policy enforcement is depending on the value of is_admin. This key is deprecated. Please update your policy file to use the standard policy values. [Wed Dec 03 23:37:20.169244 2025] [wsgi:error] [pid 12:tid 26] [remote 100.64.0.2:44698] warnings.warn('Policy enforcement is depending on the value of '
10.128.0.2 - - [03/Dec/2025:23:37:21 +0000] "GET /healthcheck HTTP/1.1" 200 2 "-" "kube-probe/1.31"
100.64.0.2 - - [03/Dec/2025:23:37:20 +0000] "PUT /v3/attachments/f705cfb3-ad0a-48c4-a88e-3ae192ce1ea1 HTTP/1.1" 200 1008 "-" "python-cinderclient" [Wed Dec 03 23:37:23.844448 2025] [wsgi:error] [pid 10:tid 111] [remote 100.64.0.2:44698] /usr/lib/python3.9/site-packages/oslo_context/context.py:100: DeprecationWarning: Policy enforcement is depending on the value of is_admin. This key is deprecated. Please update your policy file to use the standard policy values. [Wed Dec 03 23:37:23.844472 2025] [wsgi:error] [pid 10:tid 111] [remote 100.64.0.2:44698] warnings.warn('Policy enforcement is depending on the value of '
100.64.0.2 - - [03/Dec/2025:23:37:23 +0000] "POST /v3/attachments/f705cfb3-ad0a-48c4-a88e-3ae192ce1ea1/action HTTP/1.1" 204 - "-" "python-cinderclient"
10.128.0.2 - - [03/Dec/2025:23:37:24 +0000] "GET /healthcheck HTTP/1.1" 200 2 "-" "kube-probe/1.31"
10.128.0.2 - - [03/Dec/2025:23:37:24 +0000] "GET /healthcheck HTTP/1.1" 200 2 "-" "kube-probe/1.31"
10.128.0.2 - - [03/Dec/2025:23:37:27 +0000] "GET /healthcheck HTTP/1.1" 200 2 "-" "kube-probe/1.31"
10.128.0.2 - - [03/Dec/2025:23:37:29 +0000] "GET /healthcheck HTTP/1.1" 200 2 "-" "kube-probe/1.31"
10.128.0.2 - - [03/Dec/2025:23:37:30 +0000] "GET /healthcheck HTTP/1.1" 200 2 "-" "kube-probe/1.31"
10.128.0.2 - - [03/Dec/2025:23:37:33 +0000] "GET /healthcheck HTTP/1.1" 200 2 "-" "kube-probe/1.31"
10.128.0.2 - - [03/Dec/2025:23:37:34 +0000] "GET /healthcheck HTTP/1.1" 200 2 "-" "kube-probe/1.31"
10.128.0.2 - - [03/Dec/2025:23:37:36 +0000] "GET /healthcheck HTTP/1.1" 200 2 "-" "kube-probe/1.31"
10.128.0.2 - - [03/Dec/2025:23:37:39 +0000] "GET /healthcheck HTTP/1.1" 200 2 "-" "kube-probe/1.31"
10.128.0.2 - - [03/Dec/2025:23:37:39 +0000] "GET /healthcheck HTTP/1.1" 200 2 "-" "kube-probe/1.31"
10.128.0.2 - - [03/Dec/2025:23:37:42 +0000] "GET /healthcheck HTTP/1.1" 200 2 "-" "kube-probe/1.31"
10.128.0.2 - - [03/Dec/2025:23:37:44 +0000] "GET /healthcheck HTTP/1.1" 200 2 "-" "kube-probe/1.31"
10.128.0.2 - - [03/Dec/2025:23:37:45 +0000] "GET /healthcheck HTTP/1.1" 200 2 "-" "kube-probe/1.31"
10.128.0.2 - - [03/Dec/2025:23:37:48 +0000] "GET /healthcheck HTTP/1.1" 200 2 "-" "kube-probe/1.31"
10.128.0.2 - - [03/Dec/2025:23:37:49 +0000] "GET /healthcheck HTTP/1.1" 200 2 "-" "kube-probe/1.31"
10.128.0.2 - - [03/Dec/2025:23:37:51 +0000] "GET /healthcheck HTTP/1.1" 200 2 "-" "kube-probe/1.31" [Wed Dec 03 23:37:53.216651 2025] [wsgi:error] [pid 11:tid 32] [remote 100.64.0.2:42220] /usr/lib/python3.9/site-packages/oslo_context/context.py:100: DeprecationWarning: Policy enforcement is depending on the value of is_admin. This key is deprecated. Please update your policy file to use the standard policy values. [Wed Dec 03 23:37:53.216678 2025] [wsgi:error] [pid 11:tid 32] [remote 100.64.0.2:42220] warnings.warn('Policy enforcement is depending on the value of '
10.128.0.2 - - [03/Dec/2025:23:37:54 +0000] "GET /healthcheck HTTP/1.1" 200 2 "-" "kube-probe/1.31"
10.128.0.2 - - [03/Dec/2025:23:37:54 +0000] "GET /healthcheck HTTP/1.1" 200 2 "-" "kube-probe/1.31"
100.64.0.2 - - [03/Dec/2025:23:37:53 +0000] "DELETE /v3/attachments/f705cfb3-ad0a-48c4-a88e-3ae192ce1ea1 HTTP/1.1" 200 19 "-" "python-cinderclient"
10.128.0.2 - - [03/Dec/2025:23:37:57 +0000] "GET /healthcheck HTTP/1.1" 200 2 "-" "kube-probe/1.31" [Wed Dec 03 23:37:58.621616 2025] [wsgi:error] [pid 13:tid 29] [remote 10.128.1.49:52860] /usr/lib/python3.9/site-packages/oslo_context/context.py:100: DeprecationWarning: Policy enforcement is depending on the value of is_admin. This key is deprecated. Please update your policy file to use the standard policy values. [Wed Dec 03 23:37:58.621639 2025] [wsgi:error] [pid 13:tid 29] [remote 10.128.1.49:52860] warnings.warn('Policy enforcement is depending on the value of '
10.128.1.49 - - [03/Dec/2025:23:37:58 +0000] "GET /v3/volumes/181167a7-932d-42a2-b911-9fccfb3b4252 HTTP/1.1" 200 1223 "-" "python-cinderclient"
10.128.0.2 - - [03/Dec/2025:23:37:59 +0000] "GET /healthcheck HTTP/1.1" 200 2 "-" "kube-probe/1.31" [Wed Dec 03 23:37:59.675319 2025] [wsgi:error] [pid 11:tid 32] [remote 10.128.1.49:52860] /usr/lib/python3.9/site-packages/oslo_context/context.py:100: DeprecationWarning: Policy enforcement is depending on the value of is_admin. This key is deprecated. Please update your policy file to use the standard policy values. [Wed Dec 03 23:37:59.675351 2025] [wsgi:error] [pid 11:tid 32] [remote 10.128.1.49:52860] warnings.warn('Policy enforcement is depending on the value of '
10.128.1.49 - - [03/Dec/2025:23:37:59 +0000] "GET /v3/volumes/181167a7-932d-42a2-b911-9fccfb3b4252 HTTP/1.1" 200 1223 "-" "python-cinderclient"
10.128.1.49 - - [03/Dec/2025:23:37:59 +0000] "GET / HTTP/1.1" 300 403 "-" "nova keystoneauth1/5.1.3 python-requests/2.25.1 CPython/3.9.23" [Wed Dec 03 23:37:59.824036 2025] [wsgi:error] [pid 13:tid 29] [remote 10.128.1.49:52860] /usr/lib/python3.9/site-packages/oslo_context/context.py:100: DeprecationWarning: Policy enforcement is depending on the value of is_admin. This key is deprecated. Please update your policy file to use the standard policy values. [Wed Dec 03 23:37:59.824060 2025] [wsgi:error] [pid 13:tid 29] [remote 10.128.1.49:52860] warnings.warn('Policy enforcement is depending on the value of '
10.128.1.49 - - [03/Dec/2025:23:37:59 +0000] "POST /v3/attachments HTTP/1.1" 200 273 "-" "python-cinderclient"
10.128.0.2 - - [03/Dec/2025:23:38:00 +0000] "GET /healthcheck HTTP/1.1" 200 2 "-" "kube-probe/1.31"
100.64.0.2 - - [03/Dec/2025:23:38:01 +0000] "GET / HTTP/1.1" 300 403 "-" "nova-compute keystoneauth1/5.1.3 python-requests/2.25.1 CPython/3.9.23" [Wed Dec 03 23:38:02.031017 2025] [wsgi:error] [pid 10:tid 111] [remote 100.64.0.2:47008] /usr/lib/python3.9/site-packages/oslo_context/context.py:100: DeprecationWarning: Policy enforcement is depending on the value of is_admin. This key is deprecated. Please update your policy file to use the standard policy values. [Wed Dec 03 23:38:02.031156 2025] [wsgi:error] [pid 10:tid 111] [remote 100.64.0.2:47008] warnings.warn('Policy enforcement is depending on the value of '
100.64.0.2 - - [03/Dec/2025:23:38:01 +0000] "GET /v3/volumes/181167a7-932d-42a2-b911-9fccfb3b4252 HTTP/1.1" 200 1321 "-" "python-cinderclient" [Wed Dec 03 23:38:02.218161 2025] [wsgi:error] [pid 13:tid 29] [remote 100.64.0.2:47008] /usr/lib/python3.9/site-packages/oslo_context/context.py:100: DeprecationWarning: Policy enforcement is depending on the value of is_admin. This key is deprecated. Please update your policy file to use the standard policy values. [Wed Dec 03 23:38:02.218184 2025] [wsgi:error] [pid 13:tid 29] [remote 100.64.0.2:47008] warnings.warn('Policy enforcement is depending on the value of '
10.128.0.2 - - [03/Dec/2025:23:38:03 +0000] "GET /healthcheck HTTP/1.1" 200 2 "-" "kube-probe/1.31"
10.128.0.2 - - [03/Dec/2025:23:38:04 +0000] "GET /healthcheck HTTP/1.1" 200 2 "-" "kube-probe/1.31"
100.64.0.2 - - [03/Dec/2025:23:38:02 +0000] "PUT /v3/attachments/9f14b590-d742-4921-afa5-9afe66700103 HTTP/1.1" 200 1008 "-" "python-cinderclient" [Wed Dec 03 23:38:05.489488 2025] [wsgi:error] [pid 10:tid 111] [remote 100.64.0.2:47008] /usr/lib/python3.9/site-packages/oslo_context/context.py:100: DeprecationWarning: Policy enforcement is depending on the value of is_admin. This key is deprecated. Please update your policy file to use the standard policy values. [Wed Dec 03 23:38:05.489511 2025] [wsgi:error] [pid 10:tid 111] [remote 100.64.0.2:47008] warnings.warn('Policy enforcement is depending on the value of '
100.64.0.2 - - [03/Dec/2025:23:38:05 +0000] "POST /v3/attachments/9f14b590-d742-4921-afa5-9afe66700103/action HTTP/1.1" 204 - "-" "python-cinderclient"
10.128.0.2 - - [03/Dec/2025:23:38:06 +0000] "GET /healthcheck HTTP/1.1" 200 2 "-" "kube-probe/1.31"
10.128.0.2 - - [03/Dec/2025:23:38:09 +0000] "GET /healthcheck HTTP/1.1" 200 2 "-" "kube-probe/1.31"
10.128.0.2 - - [03/Dec/2025:23:38:09 +0000] "GET /healthcheck HTTP/1.1" 200 2 "-" "kube-probe/1.31"
10.128.0.2 - - [03/Dec/2025:23:38:12 +0000] "GET /healthcheck HTTP/1.1" 200 2 "-" "kube-probe/1.31"
10.128.0.2 - - [03/Dec/2025:23:38:14 +0000] "GET /healthcheck HTTP/1.1" 200 2 "-" "kube-probe/1.31"
10.128.0.2 - - [03/Dec/2025:23:38:15 +0000] "GET /healthcheck HTTP/1.1" 200 2 "-" "kube-probe/1.31"
10.128.0.2 - - [03/Dec/2025:23:38:18 +0000] "GET /healthcheck HTTP/1.1" 200 2 "-" "kube-probe/1.31"
10.128.0.2 - - [03/Dec/2025:23:38:19 +0000] "GET /healthcheck HTTP/1.1" 200 2 "-" "kube-probe/1.31"
10.128.0.2 - - [03/Dec/2025:23:38:21 +0000] "GET /healthcheck HTTP/1.1" 200 2 "-" "kube-probe/1.31"
10.128.0.2 - - [03/Dec/2025:23:38:24 +0000] "GET /healthcheck HTTP/1.1" 200 2 "-" "kube-probe/1.31"
10.128.0.2 - - [03/Dec/2025:23:38:24 +0000] "GET /healthcheck HTTP/1.1" 200 2 "-" "kube-probe/1.31"
10.128.0.2 - - [03/Dec/2025:23:38:27 +0000] "GET /healthcheck HTTP/1.1" 200 2 "-" "kube-probe/1.31"
10.128.0.2 - - [03/Dec/2025:23:38:29 +0000] "GET /healthcheck HTTP/1.1" 200 2 "-" "kube-probe/1.31"
10.128.0.2 - - [03/Dec/2025:23:38:30 +0000] "GET /healthcheck HTTP/1.1" 200 2 "-" "kube-probe/1.31"
10.128.0.2 - - [03/Dec/2025:23:38:33 +0000] "GET /healthcheck HTTP/1.1" 200 2 "-" "kube-probe/1.31"
10.128.0.2 - - [03/Dec/2025:23:38:34 +0000] "GET /healthcheck HTTP/1.1" 200 2 "-" "kube-probe/1.31"
10.128.0.2 - - [03/Dec/2025:23:38:36 +0000] "GET /healthcheck HTTP/1.1" 200 2 "-" "kube-probe/1.31"
10.128.0.2 - - [03/Dec/2025:23:38:39 +0000] "GET /healthcheck HTTP/1.1" 200 2 "-" "kube-probe/1.31"
10.128.0.2 - - [03/Dec/2025:23:38:39 +0000] "GET /healthcheck HTTP/1.1" 200 2 "-" "kube-probe/1.31"
10.128.0.2 - - [03/Dec/2025:23:38:42 +0000] "GET /healthcheck HTTP/1.1" 200 2 "-" "kube-probe/1.31"
10.128.0.2 - - [03/Dec/2025:23:38:44 +0000] "GET /healthcheck HTTP/1.1" 200 2 "-" "kube-probe/1.31"
10.128.0.2 - - [03/Dec/2025:23:38:45 +0000] "GET /healthcheck HTTP/1.1" 200 2 "-" "kube-probe/1.31" [Wed Dec 03 23:38:46.924094 2025] [wsgi:error] [pid 13:tid 29] [remote 10.128.0.2:35830] /usr/lib/python3.9/site-packages/oslo_context/context.py:100: DeprecationWarning: Policy enforcement is depending on the value of is_admin. This key is deprecated. Please update your policy file to use the standard policy values. [Wed Dec 03 23:38:46.924119 2025] [wsgi:error] [pid 13:tid 29] [remote 10.128.0.2:35830] warnings.warn('Policy enforcement is depending on the value of '
10.128.0.2 - - [03/Dec/2025:23:38:46 +0000] "POST /v3/snapshots HTTP/1.1" 202 308 "-" "python-urllib3/1.26.5" [Wed Dec 03 23:38:47.076793 2025] [wsgi:error] [pid 10:tid 111] [remote 10.128.0.2:35840] /usr/lib/python3.9/site-packages/oslo_context/context.py:100: DeprecationWarning: Policy enforcement is depending on the value of is_admin. This key is deprecated. Please update your policy file to use the standard policy values. [Wed Dec 03 23:38:47.076813 2025] [wsgi:error] [pid 10:tid 111] [remote 10.128.0.2:35840] warnings.warn('Policy enforcement is depending on the value of '
