100.64.0.2 - - [03/Dec/2025:22:59:37 +0000] "GET /v3/volumes/355e6a34-12ac-44c5-a011-f347504ff5c6/encryption HTTP/1.1" 200 161 "-" "python-cinderclient" [Wed Dec 03 22:59:38.535674 2025] [wsgi:error] [pid 11:tid 32] [remote 100.64.0.2:39960] /usr/lib/python3.9/site-packages/oslo_context/context.py:100: DeprecationWarning: Policy enforcement is depending on the value of is_admin. This key is deprecated. Please update your policy file to use the standard policy values. [Wed Dec 03 22:59:38.535705 2025] [wsgi:error] [pid 11:tid 32] [remote 100.64.0.2:39960] warnings.warn('Policy enforcement is depending on the value of '
10.128.0.2 - - [03/Dec/2025:22:59:39 +0000] "GET /healthcheck HTTP/1.1" 200 2 "-" "kube-probe/1.31"
10.128.0.2 - - [03/Dec/2025:22:59:39 +0000] "GET /healthcheck HTTP/1.1" 200 2 "-" "kube-probe/1.31"
100.64.0.2 - - [03/Dec/2025:22:59:38 +0000] "DELETE /v3/attachments/17152ed8-d1e7-4f96-9728-eaf910fad8e4 HTTP/1.1" 200 19 "-" "python-cinderclient"
10.128.0.2 - - [03/Dec/2025:22:59:42 +0000] "GET /healthcheck HTTP/1.1" 200 2 "-" "kube-probe/1.31" [Wed Dec 03 22:59:42.655559 2025] [wsgi:error] [pid 10:tid 111] [remote 10.128.1.49:60902] /usr/lib/python3.9/site-packages/oslo_context/context.py:100: DeprecationWarning: Policy enforcement is depending on the value of is_admin. This key is deprecated. Please update your policy file to use the standard policy values. [Wed Dec 03 22:59:42.655584 2025] [wsgi:error] [pid 10:tid 111] [remote 10.128.1.49:60902] warnings.warn('Policy enforcement is depending on the value of '
10.128.1.49 - - [03/Dec/2025:22:59:42 +0000] "GET /v3/volumes/355e6a34-12ac-44c5-a011-f347504ff5c6 HTTP/1.1" 200 918 "-" "python-cinderclient"
10.128.0.2 - - [03/Dec/2025:22:59:44 +0000] "GET /healthcheck HTTP/1.1" 200 2 "-" "kube-probe/1.31"
10.128.0.2 - - [03/Dec/2025:22:59:45 +0000] "GET /healthcheck HTTP/1.1" 200 2 "-" "kube-probe/1.31" [Wed Dec 03 22:59:47.136361 2025] [wsgi:error] [pid 13:tid 29] [remote 10.128.0.2:41062] /usr/lib/python3.9/site-packages/oslo_context/context.py:100: DeprecationWarning: Policy enforcement is depending on the value of is_admin. This key is deprecated. Please update your policy file to use the standard policy values. [Wed Dec 03 22:59:47.136381 2025] [wsgi:error] [pid 13:tid 29] [remote 10.128.0.2:41062] warnings.warn('Policy enforcement is depending on the value of '
10.128.0.2 - - [03/Dec/2025:22:59:47 +0000] "DELETE /v3/volumes/355e6a34-12ac-44c5-a011-f347504ff5c6 HTTP/1.1" 202 - "-" "python-urllib3/1.26.5" [Wed Dec 03 22:59:47.314389 2025] [wsgi:error] [pid 10:tid 111] [remote 10.128.0.2:41066] /usr/lib/python3.9/site-packages/oslo_context/context.py:100: DeprecationWarning: Policy enforcement is depending on the value of is_admin. This key is deprecated. Please update your policy file to use the standard policy values. [Wed Dec 03 22:59:47.314414 2025] [wsgi:error] [pid 10:tid 111] [remote 10.128.0.2:41066] warnings.warn('Policy enforcement is depending on the value of '
10.128.0.2 - - [03/Dec/2025:22:59:47 +0000] "GET /v3/volumes/355e6a34-12ac-44c5-a011-f347504ff5c6 HTTP/1.1" 200 941 "-" "python-urllib3/1.26.5" [Wed Dec 03 22:59:48.422306 2025] [wsgi:error] [pid 12:tid 26] [remote 10.128.0.2:41078] /usr/lib/python3.9/site-packages/oslo_context/context.py:100: DeprecationWarning: Policy enforcement is depending on the value of is_admin. This key is deprecated. Please update your policy file to use the standard policy values. [Wed Dec 03 22:59:48.422335 2025] [wsgi:error] [pid 12:tid 26] [remote 10.128.0.2:41078] warnings.warn('Policy enforcement is depending on the value of '
10.128.0.2 - - [03/Dec/2025:22:59:48 +0000] "GET /v3/volumes/355e6a34-12ac-44c5-a011-f347504ff5c6 HTTP/1.1" 200 941 "-" "python-urllib3/1.26.5"
10.128.0.2 - - [03/Dec/2025:22:59:48 +0000] "GET /healthcheck HTTP/1.1" 200 2 "-" "kube-probe/1.31"
10.128.0.2 - - [03/Dec/2025:22:59:49 +0000] "GET /v3/volumes/355e6a34-12ac-44c5-a011-f347504ff5c6 HTTP/1.1" 404 109 "-" "python-urllib3/1.26.5"
10.128.0.2 - - [03/Dec/2025:22:59:49 +0000] "GET /healthcheck HTTP/1.1" 200 2 "-" "kube-probe/1.31" [Wed Dec 03 22:59:49.657277 2025] [wsgi:error] [pid 12:tid 26] [remote 10.128.0.2:41104] /usr/lib/python3.9/site-packages/oslo_context/context.py:100: DeprecationWarning: Policy enforcement is depending on the value of is_admin. This key is deprecated. Please update your policy file to use the standard policy values. [Wed Dec 03 22:59:49.657301 2025] [wsgi:error] [pid 12:tid 26] [remote 10.128.0.2:41104] warnings.warn('Policy enforcement is depending on the value of '
10.128.0.2 - - [03/Dec/2025:22:59:49 +0000] "GET /v3/volumes/detail?all_tenants=1 HTTP/1.1" 200 1419 "-" "python-urllib3/1.26.5" [Wed Dec 03 22:59:49.730086 2025] [wsgi:error] [pid 11:tid 32] [remote 10.128.0.2:41118] /usr/lib/python3.9/site-packages/oslo_context/context.py:100: DeprecationWarning: Policy enforcement is depending on the value of is_admin. This key is deprecated. Please update your policy file to use the standard policy values. [Wed Dec 03 22:59:49.730109 2025] [wsgi:error] [pid 11:tid 32] [remote 10.128.0.2:41118] warnings.warn('Policy enforcement is depending on the value of '
10.128.0.2 - - [03/Dec/2025:22:59:49 +0000] "DELETE /v3/types/3300577a-a510-4e00-994f-7e924a49dc4d HTTP/1.1" 202 - "-" "python-urllib3/1.26.5"
10.128.0.2 - - [03/Dec/2025:22:59:49 +0000] "POST /v3/types HTTP/1.1" 200 211 "-" "python-urllib3/1.26.5"
10.128.0.2 - - [03/Dec/2025:22:59:49 +0000] "POST /v3/types/dbc6d7a6-cfa1-46e4-8d33-236310341f95/encryption HTTP/1.1" 200 230 "-" "python-urllib3/1.26.5" [Wed Dec 03 22:59:50.010532 2025] [wsgi:error] [pid 12:tid 26] [remote 10.128.0.2:41148] /usr/lib/python3.9/site-packages/oslo_context/context.py:100: DeprecationWarning: Policy enforcement is depending on the value of is_admin. This key is deprecated. Please update your policy file to use the standard policy values. [Wed Dec 03 22:59:50.010557 2025] [wsgi:error] [pid 12:tid 26] [remote 10.128.0.2:41148] warnings.warn('Policy enforcement is depending on the value of '
10.128.0.2 - - [03/Dec/2025:22:59:49 +0000] "POST /v3/volumes HTTP/1.1" 202 842 "-" "python-urllib3/1.26.5"
10.128.0.2 - - [03/Dec/2025:22:59:51 +0000] "GET /healthcheck HTTP/1.1" 200 2 "-" "kube-probe/1.31"
10.128.0.2 - - [03/Dec/2025:22:59:54 +0000] "GET /healthcheck HTTP/1.1" 200 2 "-" "kube-probe/1.31"
10.128.0.2 - - [03/Dec/2025:22:59:54 +0000] "GET /healthcheck HTTP/1.1" 200 2 "-" "kube-probe/1.31"
10.128.0.2 - - [03/Dec/2025:22:59:57 +0000] "GET /healthcheck HTTP/1.1" 200 2 "-" "kube-probe/1.31"
10.128.0.2 - - [03/Dec/2025:22:59:59 +0000] "GET /healthcheck HTTP/1.1" 200 2 "-" "kube-probe/1.31"
10.128.0.2 - - [03/Dec/2025:23:00:00 +0000] "GET /healthcheck HTTP/1.1" 200 2 "-" "kube-probe/1.31"
10.128.0.2 - - [03/Dec/2025:23:00:03 +0000] "GET /healthcheck HTTP/1.1" 200 2 "-" "kube-probe/1.31"
10.128.0.2 - - [03/Dec/2025:23:00:04 +0000] "GET /healthcheck HTTP/1.1" 200 2 "-" "kube-probe/1.31"
10.128.0.2 - - [03/Dec/2025:23:00:05 +0000] "DELETE /v3/snapshots/fb8d8ab5-9029-4b0f-aff5-7dfc4badc704 HTTP/1.1" 404 111 "-" "python-urllib3/1.26.5"
10.128.0.2 - - [03/Dec/2025:23:00:05 +0000] "GET /v3/snapshots/fb8d8ab5-9029-4b0f-aff5-7dfc4badc704 HTTP/1.1" 404 111 "-" "python-urllib3/1.26.5" [Wed Dec 03 23:00:05.638681 2025] [wsgi:error] [pid 10:tid 111] [remote 10.128.1.49:41274] /usr/lib/python3.9/site-packages/oslo_context/context.py:100: DeprecationWarning: Policy enforcement is depending on the value of is_admin. This key is deprecated. Please update your policy file to use the standard policy values. [Wed Dec 03 23:00:05.638708 2025] [wsgi:error] [pid 10:tid 111] [remote 10.128.1.49:41274] warnings.warn('Policy enforcement is depending on the value of '
10.128.1.49 - - [03/Dec/2025:23:00:05 +0000] "GET /v3/volumes/32e7a0bf-24be-4840-bad8-fac67f6a76fb HTTP/1.1" 200 1177 "-" "python-cinderclient" [Wed Dec 03 23:00:05.827155 2025] [wsgi:error] [pid 12:tid 26] [remote 10.128.1.49:41274] /usr/lib/python3.9/site-packages/oslo_context/context.py:100: DeprecationWarning: Policy enforcement is depending on the value of is_admin. This key is deprecated. Please update your policy file to use the standard policy values. [Wed Dec 03 23:00:05.827234 2025] [wsgi:error] [pid 12:tid 26] [remote 10.128.1.49:41274] warnings.warn('Policy enforcement is depending on the value of '
10.128.1.49 - - [03/Dec/2025:23:00:05 +0000] "POST /v3/volumes/32e7a0bf-24be-4840-bad8-fac67f6a76fb/action HTTP/1.1" 202 - "-" "python-cinderclient"
100.64.0.2 - - [03/Dec/2025:23:00:05 +0000] "GET / HTTP/1.1" 300 403 "-" "nova-compute keystoneauth1/5.1.3 python-requests/2.25.1 CPython/3.9.23" [Wed Dec 03 23:00:06.264205 2025] [wsgi:error] [pid 13:tid 29] [remote 100.64.0.2:49798] /usr/lib/python3.9/site-packages/oslo_context/context.py:100: DeprecationWarning: Policy enforcement is depending on the value of is_admin. This key is deprecated. Please update your policy file to use the standard policy values. [Wed Dec 03 23:00:06.264228 2025] [wsgi:error] [pid 13:tid 29] [remote 100.64.0.2:49798] warnings.warn('Policy enforcement is depending on the value of '
100.64.0.2 - - [03/Dec/2025:23:00:05 +0000] "GET /v3/volumes/32e7a0bf-24be-4840-bad8-fac67f6a76fb HTTP/1.1" 200 1279 "-" "python-cinderclient"
10.128.0.2 - - [03/Dec/2025:23:00:06 +0000] "GET /healthcheck HTTP/1.1" 200 2 "-" "kube-probe/1.31" [Wed Dec 03 23:00:06.903705 2025] [wsgi:error] [pid 12:tid 26] [remote 100.64.0.2:49798] /usr/lib/python3.9/site-packages/oslo_context/context.py:100: DeprecationWarning: Policy enforcement is depending on the value of is_admin. This key is deprecated. Please update your policy file to use the standard policy values. [Wed Dec 03 23:00:06.903732 2025] [wsgi:error] [pid 12:tid 26] [remote 100.64.0.2:49798] warnings.warn('Policy enforcement is depending on the value of '
10.128.0.2 - - [03/Dec/2025:23:00:09 +0000] "GET /healthcheck HTTP/1.1" 200 2 "-" "kube-probe/1.31"
10.128.0.2 - - [03/Dec/2025:23:00:09 +0000] "GET /healthcheck HTTP/1.1" 200 2 "-" "kube-probe/1.31"
100.64.0.2 - - [03/Dec/2025:23:00:06 +0000] "DELETE /v3/attachments/95c0572f-2767-4e99-87a5-7cf25b73a9ed HTTP/1.1" 200 19 "-" "python-cinderclient" [Wed Dec 03 23:00:10.651722 2025] [wsgi:error] [pid 11:tid 32] [remote 10.128.1.49:41284] /usr/lib/python3.9/site-packages/oslo_context/context.py:100: DeprecationWarning: Policy enforcement is depending on the value of is_admin. This key is deprecated. Please update your policy file to use the standard policy values. [Wed Dec 03 23:00:10.651746 2025] [wsgi:error] [pid 11:tid 32] [remote 10.128.1.49:41284] warnings.warn('Policy enforcement is depending on the value of '
10.128.1.49 - - [03/Dec/2025:23:00:10 +0000] "GET /v3/volumes/32e7a0bf-24be-4840-bad8-fac67f6a76fb HTTP/1.1" 200 885 "-" "python-cinderclient" [Wed Dec 03 23:00:10.748090 2025] [wsgi:error] [pid 13:tid 29] [remote 10.128.0.2:37090] /usr/lib/python3.9/site-packages/oslo_context/context.py:100: DeprecationWarning: Policy enforcement is depending on the value of is_admin. This key is deprecated. Please update your policy file to use the standard policy values. [Wed Dec 03 23:00:10.748224 2025] [wsgi:error] [pid 13:tid 29] [remote 10.128.0.2:37090] warnings.warn('Policy enforcement is depending on the value of '
10.128.0.2 - - [03/Dec/2025:23:00:10 +0000] "DELETE /v3/volumes/32e7a0bf-24be-4840-bad8-fac67f6a76fb HTTP/1.1" 202 - "-" "python-urllib3/1.26.5" [Wed Dec 03 23:00:10.870246 2025] [wsgi:error] [pid 10:tid 111] [remote 10.128.0.2:37106] /usr/lib/python3.9/site-packages/oslo_context/context.py:100: DeprecationWarning: Policy enforcement is depending on the value of is_admin. This key is deprecated. Please update your policy file to use the standard policy values. [Wed Dec 03 23:00:10.870278 2025] [wsgi:error] [pid 10:tid 111] [remote 10.128.0.2:37106] warnings.warn('Policy enforcement is depending on the value of '
10.128.0.2 - - [03/Dec/2025:23:00:10 +0000] "GET /v3/volumes/32e7a0bf-24be-4840-bad8-fac67f6a76fb HTTP/1.1" 200 908 "-" "python-urllib3/1.26.5" [Wed Dec 03 23:00:11.954191 2025] [wsgi:error] [pid 12:tid 26] [remote 10.128.0.2:37110] /usr/lib/python3.9/site-packages/oslo_context/context.py:100: DeprecationWarning: Policy enforcement is depending on the value of is_admin. This key is deprecated. Please update your policy file to use the standard policy values. [Wed Dec 03 23:00:11.954216 2025] [wsgi:error] [pid 12:tid 26] [remote 10.128.0.2:37110] warnings.warn('Policy enforcement is depending on the value of '
10.128.0.2 - - [03/Dec/2025:23:00:11 +0000] "GET /v3/volumes/32e7a0bf-24be-4840-bad8-fac67f6a76fb HTTP/1.1" 200 908 "-" "python-urllib3/1.26.5"
10.128.0.2 - - [03/Dec/2025:23:00:12 +0000] "GET /healthcheck HTTP/1.1" 200 2 "-" "kube-probe/1.31" [Wed Dec 03 23:00:13.051764 2025] [wsgi:error] [pid 13:tid 29] [remote 10.128.0.2:37124] /usr/lib/python3.9/site-packages/oslo_context/context.py:100: DeprecationWarning: Policy enforcement is depending on the value of is_admin. This key is deprecated. Please update your policy file to use the standard policy values. [Wed Dec 03 23:00:13.051807 2025] [wsgi:error] [pid 13:tid 29] [remote 10.128.0.2:37124] warnings.warn('Policy enforcement is depending on the value of '
10.128.0.2 - - [03/Dec/2025:23:00:12 +0000] "GET /v3/volumes/32e7a0bf-24be-4840-bad8-fac67f6a76fb HTTP/1.1" 200 908 "-" "python-urllib3/1.26.5"
10.128.0.2 - - [03/Dec/2025:23:00:14 +0000] "GET /v3/volumes/32e7a0bf-24be-4840-bad8-fac67f6a76fb HTTP/1.1" 404 109 "-" "python-urllib3/1.26.5"
10.128.0.2 - - [03/Dec/2025:23:00:14 +0000] "GET /healthcheck HTTP/1.1" 200 2 "-" "kube-probe/1.31"
10.128.0.2 - - [03/Dec/2025:23:00:15 +0000] "GET /healthcheck HTTP/1.1" 200 2 "-" "kube-probe/1.31"
10.128.0.2 - - [03/Dec/2025:23:00:18 +0000] "GET /healthcheck HTTP/1.1" 200 2 "-" "kube-probe/1.31"
10.128.0.2 - - [03/Dec/2025:23:00:19 +0000] "GET /healthcheck HTTP/1.1" 200 2 "-" "kube-probe/1.31"
10.128.0.2 - - [03/Dec/2025:23:00:21 +0000] "GET /healthcheck HTTP/1.1" 200 2 "-" "kube-probe/1.31"
10.128.0.2 - - [03/Dec/2025:23:00:24 +0000] "GET /healthcheck HTTP/1.1" 200 2 "-" "kube-probe/1.31"
10.128.0.2 - - [03/Dec/2025:23:00:24 +0000] "GET /healthcheck HTTP/1.1" 200 2 "-" "kube-probe/1.31"
10.128.0.2 - - [03/Dec/2025:23:00:27 +0000] "GET /healthcheck HTTP/1.1" 200 2 "-" "kube-probe/1.31"
10.128.0.2 - - [03/Dec/2025:23:00:29 +0000] "GET /healthcheck HTTP/1.1" 200 2 "-" "kube-probe/1.31"
10.128.0.2 - - [03/Dec/2025:23:00:30 +0000] "GET /healthcheck HTTP/1.1" 200 2 "-" "kube-probe/1.31"
10.128.0.2 - - [03/Dec/2025:23:00:33 +0000] "GET /healthcheck HTTP/1.1" 200 2 "-" "kube-probe/1.31"
10.128.0.2 - - [03/Dec/2025:23:00:33 +0000] "POST /v3/volumes HTTP/1.1" 202 815 "-" "python-urllib3/1.26.5" [Wed Dec 03 23:00:33.934224 2025] [wsgi:error] [pid 12:tid 26] [remote 10.128.0.2:51860] /usr/lib/python3.9/site-packages/oslo_context/context.py:100: DeprecationWarning: Policy enforcement is depending on the value of is_admin. This key is deprecated. Please update your policy file to use the standard policy values. [Wed Dec 03 23:00:33.934258 2025] [wsgi:error] [pid 12:tid 26] [remote 10.128.0.2:51860] warnings.warn('Policy enforcement is depending on the value of '
10.128.0.2 - - [03/Dec/2025:23:00:33 +0000] "GET /v3/volumes/cffc6d58-25a3-400a-b1ec-e5fea05231cc HTTP/1.1" 200 907 "-" "python-urllib3/1.26.5"
10.128.0.2 - - [03/Dec/2025:23:00:34 +0000] "GET /healthcheck HTTP/1.1" 200 2 "-" "kube-probe/1.31" [Wed Dec 03 23:00:35.045565 2025] [wsgi:error] [pid 13:tid 29] [remote 10.128.0.2:51886] /usr/lib/python3.9/site-packages/oslo_context/context.py:100: DeprecationWarning: Policy enforcement is depending on the value of is_admin. This key is deprecated. Please update your policy file to use the standard policy values. [Wed Dec 03 23:00:35.045598 2025] [wsgi:error] [pid 13:tid 29] [remote 10.128.0.2:51886] warnings.warn('Policy enforcement is depending on the value of '
10.128.0.2 - - [03/Dec/2025:23:00:34 +0000] "GET /v3/volumes/cffc6d58-25a3-400a-b1ec-e5fea05231cc HTTP/1.1" 200 908 "-" "python-urllib3/1.26.5" [Wed Dec 03 23:00:35.154354 2025] [wsgi:error] [pid 10:tid 111] [remote 10.128.0.2:51890] /usr/lib/python3.9/site-packages/oslo_context/context.py:100: DeprecationWarning: Policy enforcement is depending on the value of is_admin. This key is deprecated. Please update your policy file to use the standard policy values. [Wed Dec 03 23:00:35.154383 2025] [wsgi:error] [pid 10:tid 111] [remote 10.128.0.2:51890] warnings.warn('Policy enforcement is depending on the value of '
10.128.0.2 - - [03/Dec/2025:23:00:35 +0000] "GET /v3/volumes/cffc6d58-25a3-400a-b1ec-e5fea05231cc HTTP/1.1" 200 908 "-" "python-urllib3/1.26.5"
10.128.0.2 - - [03/Dec/2025:23:00:35 +0000] "GET /v3/volumes HTTP/1.1" 200 396 "-" "python-urllib3/1.26.5" [Wed Dec 03 23:00:35.361510 2025] [wsgi:error] [pid 11:tid 32] [remote 10.128.0.2:51902] /usr/lib/python3.9/site-packages/oslo_context/context.py:100: DeprecationWarning: Policy enforcement is depending on the value of is_admin. This key is deprecated. Please update your policy file to use the standard policy values. [Wed Dec 03 23:00:35.361536 2025] [wsgi:error] [pid 11:tid 32] [remote 10.128.0.2:51902] warnings.warn('Policy enforcement is depending on the value of '
10.128.0.2 - - [03/Dec/2025:23:00:35 +0000] "GET /v3/volumes/cffc6d58-25a3-400a-b1ec-e5fea05231cc HTTP/1.1" 200 908 "-" "python-urllib3/1.26.5" [Wed Dec 03 23:00:35.582536 2025] [wsgi:error] [pid 13:tid 29] [remote 10.128.1.49:48456] /usr/lib/python3.9/site-packages/oslo_context/context.py:100: DeprecationWarning: Policy enforcement is depending on the value of is_admin. This key is deprecated. Please update your policy file to use the standard policy values. [Wed Dec 03 23:00:35.582581 2025] [wsgi:error] [pid 13:tid 29] [remote 10.128.1.49:48456] warnings.warn('Policy enforcement is depending on the value of '
10.128.1.49 - - [03/Dec/2025:23:00:35 +0000] "GET /v3/volumes/cffc6d58-25a3-400a-b1ec-e5fea05231cc HTTP/1.1" 200 884 "-" "python-cinderclient"
10.128.1.49 - - [03/Dec/2025:23:00:35 +0000] "GET / HTTP/1.1" 300 403 "-" "nova keystoneauth1/5.1.3 python-requests/2.25.1 CPython/3.9.23" [Wed Dec 03 23:00:35.849755 2025] [wsgi:error] [pid 12:tid 26] [remote 10.128.1.49:48456] /usr/lib/python3.9/site-packages/oslo_context/context.py:100: DeprecationWarning: Policy enforcement is depending on the value of is_admin. This key is deprecated. Please update your policy file to use the standard policy values. [Wed Dec 03 23:00:35.849878 2025] [wsgi:error] [pid 12:tid 26] [remote 10.128.1.49:48456] warnings.warn('Policy enforcement is depending on the value of '
10.128.1.49 - - [03/Dec/2025:23:00:35 +0000] "POST /v3/attachments HTTP/1.1" 200 273 "-" "python-cinderclient"
100.64.0.2 - - [03/Dec/2025:23:00:35 +0000] "GET / HTTP/1.1" 300 403 "-" "nova-compute keystoneauth1/5.1.3 python-requests/2.25.1 CPython/3.9.23" [Wed Dec 03 23:00:35.994941 2025] [wsgi:error] [pid 11:tid 32] [remote 10.128.0.2:51916] /usr/lib/python3.9/site-packages/oslo_context/context.py:100: DeprecationWarning: Policy enforcement is depending on the value of is_admin. This key is deprecated. Please update your policy file to use the standard policy values. [Wed Dec 03 23:00:35.995020 2025] [wsgi:error] [pid 11:tid 32] [remote 10.128.0.2:51916] warnings.warn('Policy enforcement is depending on the value of '
10.128.0.2 - - [03/Dec/2025:23:00:35 +0000] "GET /v3/volumes/cffc6d58-25a3-400a-b1ec-e5fea05231cc HTTP/1.1" 200 907 "-" "python-urllib3/1.26.5" [Wed Dec 03 23:00:36.102099 2025] [wsgi:error] [pid 10:tid 111] [remote 100.64.0.2:57942] /usr/lib/python3.9/site-packages/oslo_context/context.py:100: DeprecationWarning: Policy enforcement is depending on the value of is_admin. This key is deprecated. Please update your policy file to use the standard policy values. [Wed Dec 03 23:00:36.102127 2025] [wsgi:error] [pid 10:tid 111] [remote 100.64.0.2:57942] warnings.warn('Policy enforcement is depending on the value of '
100.64.0.2 - - [03/Dec/2025:23:00:35 +0000] "GET /v3/volumes/cffc6d58-25a3-400a-b1ec-e5fea05231cc HTTP/1.1" 200 982 "-" "python-cinderclient" [Wed Dec 03 23:00:36.309605 2025] [wsgi:error] [pid 12:tid 26] [remote 100.64.0.2:57942] /usr/lib/python3.9/site-packages/oslo_context/context.py:100: DeprecationWarning: Policy enforcement is depending on the value of is_admin. This key is deprecated. Please update your policy file to use the standard policy values. [Wed Dec 03 23:00:36.309630 2025] [wsgi:error] [pid 12:tid 26] [remote 100.64.0.2:57942] warnings.warn('Policy enforcement is depending on the value of '
10.128.0.2 - - [03/Dec/2025:23:00:36 +0000] "GET /healthcheck HTTP/1.1" 200 2 "-" "kube-probe/1.31" [Wed Dec 03 23:00:37.093392 2025] [wsgi:error] [pid 11:tid 32] [remote 10.128.0.2:51928] /usr/lib/python3.9/site-packages/oslo_context/context.py:100: DeprecationWarning: Policy enforcement is depending on the value of is_admin. This key is deprecated. Please update your policy file to use the standard policy values. [Wed Dec 03 23:00:37.093418 2025] [wsgi:error] [pid 11:tid 32] [remote 10.128.0.2:51928] warnings.warn('Policy enforcement is depending on the value of '
10.128.0.2 - - [03/Dec/2025:23:00:37 +0000] "GET /v3/volumes/cffc6d58-25a3-400a-b1ec-e5fea05231cc HTTP/1.1" 200 907 "-" "python-urllib3/1.26.5" [Wed Dec 03 23:00:38.177208 2025] [wsgi:error] [pid 10:tid 111] [remote 10.128.0.2:51932] /usr/lib/python3.9/site-packages/oslo_context/context.py:100: DeprecationWarning: Policy enforcement is depending on the value of is_admin. This key is deprecated. Please update your policy file to use the standard policy values. [Wed Dec 03 23:00:38.177309 2025] [wsgi:error] [pid 10:tid 111] [remote 10.128.0.2:51932] warnings.warn('Policy enforcement is depending on the value of '
10.128.0.2 - - [03/Dec/2025:23:00:38 +0000] "GET /v3/volumes/cffc6d58-25a3-400a-b1ec-e5fea05231cc HTTP/1.1" 200 907 "-" "python-urllib3/1.26.5" [Wed Dec 03 23:00:39.282062 2025] [wsgi:error] [pid 13:tid 29] [remote 10.128.0.2:51940] /usr/lib/python3.9/site-packages/oslo_context/context.py:100: DeprecationWarning: Policy enforcement is depending on the value of is_admin. This key is deprecated. Please update your policy file to use the standard policy values. [Wed Dec 03 23:00:39.282090 2025] [wsgi:error] [pid 13:tid 29] [remote 10.128.0.2:51940] warnings.warn('Policy enforcement is depending on the value of '
10.128.0.2 - - [03/Dec/2025:23:00:39 +0000] "GET /v3/volumes/cffc6d58-25a3-400a-b1ec-e5fea05231cc HTTP/1.1" 200 907 "-" "python-urllib3/1.26.5"
10.128.0.2 - - [03/Dec/2025:23:00:39 +0000] "GET /healthcheck HTTP/1.1" 200 2 "-" "kube-probe/1.31"
10.128.0.2 - - [03/Dec/2025:23:00:39 +0000] "GET /healthcheck HTTP/1.1" 200 2 "-" "kube-probe/1.31"
100.64.0.2 - - [03/Dec/2025:23:00:36 +0000] "PUT /v3/attachments/aa80d278-eb7e-4c38-b6fc-f7a829dfbd47 HTTP/1.1" 200 1008 "-" "python-cinderclient" [Wed Dec 03 23:00:40.377447 2025] [wsgi:error] [pid 13:tid 29] [remote 10.128.0.2:51970] /usr/lib/python3.9/site-packages/oslo_context/context.py:100: DeprecationWarning: Policy enforcement is depending on the value of is_admin. This key is deprecated. Please update your policy file to use the standard policy values. [Wed Dec 03 23:00:40.377472 2025] [wsgi:error] [pid 13:tid 29] [remote 10.128.0.2:51970] warnings.warn('Policy enforcement is depending on the value of '
10.128.0.2 - - [03/Dec/2025:23:00:40 +0000] "GET /v3/volumes/cffc6d58-25a3-400a-b1ec-e5fea05231cc HTTP/1.1" 200 908 "-" "python-urllib3/1.26.5" [Wed Dec 03 23:00:42.091536 2025] [wsgi:error] [pid 11:tid 32] [remote 10.128.0.2:51976] /usr/lib/python3.9/site-packages/oslo_context/context.py:100: DeprecationWarning: Policy enforcement is depending on the value of is_admin. This key is deprecated. Please update your policy file to use the standard policy values. [Wed Dec 03 23:00:42.091561 2025] [wsgi:error] [pid 11:tid 32] [remote 10.128.0.2:51976] warnings.warn('Policy enforcement is depending on the value of '
10.128.0.2 - - [03/Dec/2025:23:00:41 +0000] "GET /v3/volumes/cffc6d58-25a3-400a-b1ec-e5fea05231cc HTTP/1.1" 200 908 "-" "python-urllib3/1.26.5" [Wed Dec 03 23:00:42.432666 2025] [wsgi:error] [pid 10:tid 111] [remote 10.128.0.2:51990] /usr/lib/python3.9/site-packages/oslo_context/context.py:100: DeprecationWarning: Policy enforcement is depending on the value of is_admin. This key is deprecated. Please update your policy file to use the standard policy values. [Wed Dec 03 23:00:42.432698 2025] [wsgi:error] [pid 10:tid 111] [remote 10.128.0.2:51990] warnings.warn('Policy enforcement is depending on the value of '
10.128.0.2 - - [03/Dec/2025:23:00:42 +0000] "GET /v3/volumes/e06e986b-9ab2-48b3-8507-b137e64a204b HTTP/1.1" 200 935 "-" "python-urllib3/1.26.5"
10.128.0.2 - - [03/Dec/2025:23:00:42 +0000] "GET /healthcheck HTTP/1.1" 200 2 "-" "kube-probe/1.31" [Wed Dec 03 23:00:42.594345 2025] [wsgi:error] [pid 12:tid 26] [remote 10.128.0.2:51992] /usr/lib/python3.9/site-packages/oslo_context/context.py:100: DeprecationWarning: Policy enforcement is depending on the value of is_admin. This key is deprecated. Please update your policy file to use the standard policy values. [Wed Dec 03 23:00:42.594377 2025] [wsgi:error] [pid 12:tid 26] [remote 10.128.0.2:51992] warnings.warn('Policy enforcement is depending on the value of '
10.128.0.2 - - [03/Dec/2025:23:00:42 +0000] "GET /v3/volumes/e06e986b-9ab2-48b3-8507-b137e64a204b HTTP/1.1" 200 935 "-" "python-urllib3/1.26.5" [Wed Dec 03 23:00:43.274022 2025] [wsgi:error] [pid 11:tid 32] [remote 10.128.1.49:48468] /usr/lib/python3.9/site-packages/oslo_context/context.py:100: DeprecationWarning: Policy enforcement is depending on the value of is_admin. This key is deprecated. Please update your policy file to use the standard policy values. [Wed Dec 03 23:00:43.274054 2025] [wsgi:error] [pid 11:tid 32] [remote 10.128.1.49:48468] warnings.warn('Policy enforcement is depending on the value of '
10.128.1.49 - - [03/Dec/2025:23:00:42 +0000] "GET /v3/volumes/e06e986b-9ab2-48b3-8507-b137e64a204b HTTP/1.1" 200 911 "-" "python-cinderclient" [Wed Dec 03 23:00:43.315127 2025] [wsgi:error] [pid 10:tid 111] [remote 10.128.0.2:52012] /usr/lib/python3.9/site-packages/oslo_context/context.py:100: DeprecationWarning: Policy enforcement is depending on the value of is_admin. This key is deprecated. Please update your policy file to use the standard policy values. [Wed Dec 03 23:00:43.315154 2025] [wsgi:error] [pid 10:tid 111] [remote 10.128.0.2:52012] warnings.warn('Policy enforcement is depending on the value of '
10.128.0.2 - - [03/Dec/2025:23:00:43 +0000] "GET /v3/volumes/cffc6d58-25a3-400a-b1ec-e5fea05231cc HTTP/1.1" 200 908 "-" "python-urllib3/1.26.5"
10.128.1.49 - - [03/Dec/2025:23:00:43 +0000] "GET / HTTP/1.1" 300 403 "-" "nova keystoneauth1/5.1.3 python-requests/2.25.1 CPython/3.9.23" [Wed Dec 03 23:00:43.612850 2025] [wsgi:error] [pid 12:tid 26] [remote 10.128.1.49:48468] /usr/lib/python3.9/site-packages/oslo_context/context.py:100: DeprecationWarning: Policy enforcement is depending on the value of is_admin. This key is deprecated. Please update your policy file to use the standard policy values. [Wed Dec 03 23:00:43.612876 2025] [wsgi:error] [pid 12:tid 26] [remote 10.128.1.49:48468] warnings.warn('Policy enforcement is depending on the value of '
10.128.1.49 - - [03/Dec/2025:23:00:43 +0000] "POST /v3/attachments HTTP/1.1" 200 273 "-" "python-cinderclient"
100.64.0.2 - - [03/Dec/2025:23:00:43 +0000] "GET / HTTP/1.1" 300 403 "-" "nova-compute keystoneauth1/5.1.3 python-requests/2.25.1 CPython/3.9.23" [Wed Dec 03 23:00:43.785598 2025] [wsgi:error] [pid 11:tid 32] [remote 10.128.0.2:41094] /usr/lib/python3.9/site-packages/oslo_context/context.py:100: DeprecationWarning: Policy enforcement is depending on the value of is_admin. This key is deprecated. Please update your policy file to use the standard policy values. [Wed Dec 03 23:00:43.785619 2025] [wsgi:error] [pid 11:tid 32] [remote 10.128.0.2:41094] warnings.warn('Policy enforcement is depending on the value of '
10.128.0.2 - - [03/Dec/2025:23:00:43 +0000] "GET /v3/volumes/e06e986b-9ab2-48b3-8507-b137e64a204b HTTP/1.1" 200 934 "-" "python-urllib3/1.26.5" [Wed Dec 03 23:00:43.867244 2025] [wsgi:error] [pid 13:tid 29] [remote 100.64.0.2:57942] /usr/lib/python3.9/site-packages/oslo_context/context.py:100: DeprecationWarning: Policy enforcement is depending on the value of is_admin. This key is deprecated. Please update your policy file to use the standard policy values. [Wed Dec 03 23:00:43.867270 2025] [wsgi:error] [pid 13:tid 29] [remote 100.64.0.2:57942] warnings.warn('Policy enforcement is depending on the value of '
100.64.0.2 - - [03/Dec/2025:23:00:43 +0000] "GET /v3/volumes/e06e986b-9ab2-48b3-8507-b137e64a204b HTTP/1.1" 200 1009 "-" "python-cinderclient" [Wed Dec 03 23:00:44.049099 2025] [wsgi:error] [pid 12:tid 26] [remote 10.128.1.65:58718] /usr/lib/python3.9/site-packages/oslo_context/context.py:100: DeprecationWarning: Policy enforcement is depending on the value of is_admin. This key is deprecated. Please update your policy file to use the standard policy values. [Wed Dec 03 23:00:44.049124 2025] [wsgi:error] [pid 12:tid 26] [remote 10.128.1.65:58718] warnings.warn('Policy enforcement is depending on the value of ' [Wed Dec 03 23:00:44.078533 2025] [wsgi:error] [pid 12:tid 26] [remote 10.128.1.65:58718] /usr/lib/python3.9/site-packages/oslo_context/context.py:100: DeprecationWarning: Policy enforcement is depending on the value of is_admin. This key is deprecated. Please update your policy file to use the standard policy values. [Wed Dec 03 23:00:44.078559 2025] [wsgi:error] [pid 12:tid 26] [remote 10.128.1.65:58718] warnings.warn('Policy enforcement is depending on the value of '
10.128.1.65 - - [03/Dec/2025:23:00:43 +0000] "GET /v3/volumes/detail?all_tenants=True HTTP/1.1" 200 2225 "-" "python-cinderclient" [Wed Dec 03 23:00:44.100738 2025] [wsgi:error] [pid 10:tid 111] [remote 100.64.0.2:57942] /usr/lib/python3.9/site-packages/oslo_context/context.py:100: DeprecationWarning: Policy enforcement is depending on the value of is_admin. This key is deprecated. Please update your policy file to use the standard policy values. [Wed Dec 03 23:00:44.100760 2025] [wsgi:error] [pid 10:tid 111] [remote 100.64.0.2:57942] warnings.warn('Policy enforcement is depending on the value of ' [Wed Dec 03 23:00:44.163948 2025] [wsgi:error] [pid 11:tid 32] [remote 100.64.0.2:57944] /usr/lib/python3.9/site-packages/oslo_context/context.py:100: DeprecationWarning: Policy enforcement is depending on the value of is_admin. This key is deprecated. Please update your policy file to use the standard policy values. [Wed Dec 03 23:00:44.163981 2025] [wsgi:error] [pid 11:tid 32] [remote 100.64.0.2:57944] warnings.warn('Policy enforcement is depending on the value of '
100.64.0.2 - - [03/Dec/2025:23:00:44 +0000] "POST /v3/attachments/aa80d278-eb7e-4c38-b6fc-f7a829dfbd47/action HTTP/1.1" 204 - "-" "python-cinderclient"
10.128.1.65 - - [03/Dec/2025:23:00:44 +0000] "GET /v3/backups/detail?all_tenants=True HTTP/1.1" 200 15 "-" "python-cinderclient" [Wed Dec 03 23:00:44.464440 2025] [wsgi:error] [pid 12:tid 26] [remote 10.128.0.2:41098] /usr/lib/python3.9/site-packages/oslo_context/context.py:100: DeprecationWarning: Policy enforcement is depending on the value of is_admin. This key is deprecated. Please update your policy file to use the standard policy values. [Wed Dec 03 23:00:44.464467 2025] [wsgi:error] [pid 12:tid 26] [remote 10.128.0.2:41098] warnings.warn('Policy enforcement is depending on the value of '
10.128.0.2 - - [03/Dec/2025:23:00:44 +0000] "GET /v3/volumes/cffc6d58-25a3-400a-b1ec-e5fea05231cc HTTP/1.1" 200 1200 "-" "python-urllib3/1.26.5"
10.128.0.2 - - [03/Dec/2025:23:00:44 +0000] "GET /healthcheck HTTP/1.1" 200 2 "-" "kube-probe/1.31" [Wed Dec 03 23:00:44.655589 2025] [wsgi:error] [pid 11:tid 32] [remote 10.128.0.2:41106] /usr/lib/python3.9/site-packages/oslo_context/context.py:100: DeprecationWarning: Policy enforcement is depending on the value of is_admin. This key is deprecated. Please update your policy file to use the standard policy values. [Wed Dec 03 23:00:44.655613 2025] [wsgi:error] [pid 11:tid 32] [remote 10.128.0.2:41106] warnings.warn('Policy enforcement is depending on the value of '
10.128.0.2 - - [03/Dec/2025:23:00:44 +0000] "GET /v3/volumes/cffc6d58-25a3-400a-b1ec-e5fea05231cc HTTP/1.1" 200 1200 "-" "python-urllib3/1.26.5" [Wed Dec 03 23:00:44.765375 2025] [wsgi:error] [pid 12:tid 26] [remote 10.128.0.2:41138] /usr/lib/python3.9/site-packages/oslo_context/context.py:100: DeprecationWarning: Policy enforcement is depending on the value of is_admin. This key is deprecated. Please update your policy file to use the standard policy values. [Wed Dec 03 23:00:44.765401 2025] [wsgi:error] [pid 12:tid 26] [remote 10.128.0.2:41138] warnings.warn('Policy enforcement is depending on the value of '
10.128.0.2 - - [03/Dec/2025:23:00:44 +0000] "GET /v3/volumes/cffc6d58-25a3-400a-b1ec-e5fea05231cc HTTP/1.1" 200 1200 "-" "python-urllib3/1.26.5" [Wed Dec 03 23:00:44.914616 2025] [wsgi:error] [pid 13:tid 29] [remote 10.128.0.2:41148] /usr/lib/python3.9/site-packages/oslo_context/context.py:100: DeprecationWarning: Policy enforcement is depending on the value of is_admin. This key is deprecated. Please update your policy file to use the standard policy values. [Wed Dec 03 23:00:44.914640 2025] [wsgi:error] [pid 13:tid 29] [remote 10.128.0.2:41148] warnings.warn('Policy enforcement is depending on the value of '
10.128.0.2 - - [03/Dec/2025:23:00:44 +0000] "GET /v3/volumes/e06e986b-9ab2-48b3-8507-b137e64a204b HTTP/1.1" 200 934 "-" "python-urllib3/1.26.5"
10.128.0.2 - - [03/Dec/2025:23:00:45 +0000] "GET /healthcheck HTTP/1.1" 200 2 "-" "kube-probe/1.31" [Wed Dec 03 23:00:46.044060 2025] [wsgi:error] [pid 12:tid 26] [remote 10.128.0.2:41174] /usr/lib/python3.9/site-packages/oslo_context/context.py:100: DeprecationWarning: Policy enforcement is depending on the value of is_admin. This key is deprecated. Please update your policy file to use the standard policy values. [Wed Dec 03 23:00:46.044087 2025] [wsgi:error] [pid 12:tid 26] [remote 10.128.0.2:41174] warnings.warn('Policy enforcement is depending on the value of '
10.128.0.2 - - [03/Dec/2025:23:00:45 +0000] "GET /v3/volumes/e06e986b-9ab2-48b3-8507-b137e64a204b HTTP/1.1" 200 934 "-" "python-urllib3/1.26.5"
10.128.1.65 - - [03/Dec/2025:23:00:46 +0000] "GET /v3/snapshots/detail?all_tenants=True HTTP/1.1" 200 17 "-" "python-cinderclient" [Wed Dec 03 23:00:47.164919 2025] [wsgi:error] [pid 11:tid 32] [remote 10.128.0.2:41188] /usr/lib/python3.9/site-packages/oslo_context/context.py:100: DeprecationWarning: Policy enforcement is depending on the value of is_admin. This key is deprecated. Please update your policy file to use the standard policy values. [Wed Dec 03 23:00:47.164944 2025] [wsgi:error] [pid 11:tid 32] [remote 10.128.0.2:41188] warnings.warn('Policy enforcement is depending on the value of '
10.128.0.2 - - [03/Dec/2025:23:00:47 +0000] "GET /v3/volumes/e06e986b-9ab2-48b3-8507-b137e64a204b HTTP/1.1" 200 934 "-" "python-urllib3/1.26.5"
100.64.0.2 - - [03/Dec/2025:23:00:43 +0000] "PUT /v3/attachments/9e174cf7-32cb-49b9-aca7-548b650ad19e HTTP/1.1" 200 1007 "-" "python-cinderclient" [Wed Dec 03 23:00:47.762025 2025] [wsgi:error] [pid 12:tid 26] [remote 100.64.0.2:57942] /usr/lib/python3.9/site-packages/oslo_context/context.py:100: DeprecationWarning: Policy enforcement is depending on the value of is_admin. This key is deprecated. Please update your policy file to use the standard policy values. [Wed Dec 03 23:00:47.762053 2025] [wsgi:error] [pid 12:tid 26] [remote 100.64.0.2:57942] warnings.warn('Policy enforcement is depending on the value of '
100.64.0.2 - - [03/Dec/2025:23:00:47 +0000] "GET /v3/volumes/e06e986b-9ab2-48b3-8507-b137e64a204b/encryption HTTP/1.1" 200 160 "-" "python-cinderclient" [Wed Dec 03 23:00:48.409198 2025] [wsgi:error] [pid 13:tid 29] [remote 10.128.0.2:41198] /usr/lib/python3.9/site-packages/oslo_context/context.py:100: DeprecationWarning: Policy enforcement is depending on the value of is_admin. This key is deprecated. Please update your policy file to use the standard policy values. [Wed Dec 03 23:00:48.409234 2025] [wsgi:error] [pid 13:tid 29] [remote 10.128.0.2:41198] warnings.warn('Policy enforcement is depending on the value of '
10.128.0.2 - - [03/Dec/2025:23:00:48 +0000] "GET /v3/volumes/e06e986b-9ab2-48b3-8507-b137e64a204b HTTP/1.1" 200 935 "-" "python-urllib3/1.26.5"
10.128.0.2 - - [03/Dec/2025:23:00:48 +0000] "GET /healthcheck HTTP/1.1" 200 2 "-" "kube-probe/1.31" [Wed Dec 03 23:00:49.514486 2025] [wsgi:error] [pid 11:tid 32] [remote 10.128.0.2:41222] /usr/lib/python3.9/site-packages/oslo_context/context.py:100: DeprecationWarning: Policy enforcement is depending on the value of is_admin. This key is deprecated. Please update your policy file to use the standard policy values. [Wed Dec 03 23:00:49.514510 2025] [wsgi:error] [pid 11:tid 32] [remote 10.128.0.2:41222] warnings.warn('Policy enforcement is depending on the value of '
10.128.0.2 - - [03/Dec/2025:23:00:49 +0000] "GET /v3/volumes/e06e986b-9ab2-48b3-8507-b137e64a204b HTTP/1.1" 200 935 "-" "python-urllib3/1.26.5"
10.128.0.2 - - [03/Dec/2025:23:00:49 +0000] "GET /healthcheck HTTP/1.1" 200 2 "-" "kube-probe/1.31" [Wed Dec 03 23:00:50.600609 2025] [wsgi:error] [pid 12:tid 26] [remote 10.128.0.2:41238] /usr/lib/python3.9/site-packages/oslo_context/context.py:100: DeprecationWarning: Policy enforcement is depending on the value of is_admin. This key is deprecated. Please update your policy file to use the standard policy values. [Wed Dec 03 23:00:50.600640 2025] [wsgi:error] [pid 12:tid 26] [remote 10.128.0.2:41238] warnings.warn('Policy enforcement is depending on the value of '
10.128.0.2 - - [03/Dec/2025:23:00:50 +0000] "GET /v3/volumes/e06e986b-9ab2-48b3-8507-b137e64a204b HTTP/1.1" 200 935 "-" "python-urllib3/1.26.5"
10.128.0.2 - - [03/Dec/2025:23:00:51 +0000] "GET /healthcheck HTTP/1.1" 200 2 "-" "kube-probe/1.31" [Wed Dec 03 23:00:51.705910 2025] [wsgi:error] [pid 11:tid 32] [remote 10.128.0.2:41256] /usr/lib/python3.9/site-packages/oslo_context/context.py:100: DeprecationWarning: Policy enforcement is depending on the value of is_admin. This key is deprecated. Please update your policy file to use the standard policy values. [Wed Dec 03 23:00:51.705941 2025] [wsgi:error] [pid 11:tid 32] [remote 10.128.0.2:41256] warnings.warn('Policy enforcement is depending on the value of '
10.128.0.2 - - [03/Dec/2025:23:00:51 +0000] "GET /v3/volumes/e06e986b-9ab2-48b3-8507-b137e64a204b HTTP/1.1" 200 935 "-" "python-urllib3/1.26.5" [Wed Dec 03 23:00:52.807305 2025] [wsgi:error] [pid 10:tid 111] [remote 10.128.0.2:41268] /usr/lib/python3.9/site-packages/oslo_context/context.py:100: DeprecationWarning: Policy enforcement is depending on the value of is_admin. This key is deprecated. Please update your policy file to use the standard policy values. [Wed Dec 03 23:00:52.807336 2025] [wsgi:error] [pid 10:tid 111] [remote 10.128.0.2:41268] warnings.warn('Policy enforcement is depending on the value of '
10.128.0.2 - - [03/Dec/2025:23:00:52 +0000] "GET /v3/volumes/e06e986b-9ab2-48b3-8507-b137e64a204b HTTP/1.1" 200 935 "-" "python-urllib3/1.26.5" [Wed Dec 03 23:00:53.925560 2025] [wsgi:error] [pid 12:tid 26] [remote 10.128.0.2:44606] /usr/lib/python3.9/site-packages/oslo_context/context.py:100: DeprecationWarning: Policy enforcement is depending on the value of is_admin. This key is deprecated. Please update your policy file to use the standard policy values. [Wed Dec 03 23:00:53.925594 2025] [wsgi:error] [pid 12:tid 26] [remote 10.128.0.2:44606] warnings.warn('Policy enforcement is depending on the value of '
10.128.0.2 - - [03/Dec/2025:23:00:53 +0000] "GET /v3/volumes/e06e986b-9ab2-48b3-8507-b137e64a204b HTTP/1.1" 200 935 "-" "python-urllib3/1.26.5"
10.128.0.2 - - [03/Dec/2025:23:00:54 +0000] "GET /healthcheck HTTP/1.1" 200 2 "-" "kube-probe/1.31"
10.128.0.2 - - [03/Dec/2025:23:00:54 +0000] "GET /healthcheck HTTP/1.1" 200 2 "-" "kube-probe/1.31" [Wed Dec 03 23:00:55.021703 2025] [wsgi:error] [pid 10:tid 111] [remote 10.128.0.2:44638] /usr/lib/python3.9/site-packages/oslo_context/context.py:100: DeprecationWarning: Policy enforcement is depending on the value of is_admin. This key is deprecated. Please update your policy file to use the standard policy values. [Wed Dec 03 23:00:55.021731 2025] [wsgi:error] [pid 10:tid 111] [remote 10.128.0.2:44638] warnings.warn('Policy enforcement is depending on the value of '
10.128.0.2 - - [03/Dec/2025:23:00:54 +0000] "GET /v3/volumes/e06e986b-9ab2-48b3-8507-b137e64a204b HTTP/1.1" 200 935 "-" "python-urllib3/1.26.5" [Wed Dec 03 23:00:56.176530 2025] [wsgi:error] [pid 12:tid 26] [remote 10.128.0.2:44652] /usr/lib/python3.9/site-packages/oslo_context/context.py:100: DeprecationWarning: Policy enforcement is depending on the value of is_admin. This key is deprecated. Please update your policy file to use the standard policy values. [Wed Dec 03 23:00:56.176562 2025] [wsgi:error] [pid 12:tid 26] [remote 10.128.0.2:44652] warnings.warn('Policy enforcement is depending on the value of '
10.128.0.2 - - [03/Dec/2025:23:00:56 +0000] "GET /v3/volumes/e06e986b-9ab2-48b3-8507-b137e64a204b HTTP/1.1" 200 935 "-" "python-urllib3/1.26.5" [Wed Dec 03 23:00:56.535020 2025] [wsgi:error] [pid 13:tid 29] [remote 100.64.0.2:40584] /usr/lib/python3.9/site-packages/oslo_context/context.py:100: DeprecationWarning: Policy enforcement is depending on the value of is_admin. This key is deprecated. Please update your policy file to use the standard policy values. [Wed Dec 03 23:00:56.535043 2025] [wsgi:error] [pid 13:tid 29] [remote 100.64.0.2:40584] warnings.warn('Policy enforcement is depending on the value of '
100.64.0.2 - - [03/Dec/2025:23:00:56 +0000] "POST /v3/attachments/9e174cf7-32cb-49b9-aca7-548b650ad19e/action HTTP/1.1" 204 - "-" "python-cinderclient" [Wed Dec 03 23:00:57.277864 2025] [wsgi:error] [pid 11:tid 32] [remote 10.128.0.2:44668] /usr/lib/python3.9/site-packages/oslo_context/context.py:100: DeprecationWarning: Policy enforcement is depending on the value of is_admin. This key is deprecated. Please update your policy file to use the standard policy values. [Wed Dec 03 23:00:57.277889 2025] [wsgi:error] [pid 11:tid 32] [remote 10.128.0.2:44668] warnings.warn('Policy enforcement is depending on the value of '
10.128.0.2 - - [03/Dec/2025:23:00:57 +0000] "GET /v3/volumes/e06e986b-9ab2-48b3-8507-b137e64a204b HTTP/1.1" 200 1227 "-" "python-urllib3/1.26.5" [Wed Dec 03 23:00:57.402600 2025] [wsgi:error] [pid 10:tid 111] [remote 10.128.0.2:44684] /usr/lib/python3.9/site-packages/oslo_context/context.py:100: DeprecationWarning: Policy enforcement is depending on the value of is_admin. This key is deprecated. Please update your policy file to use the standard policy values. [Wed Dec 03 23:00:57.402632 2025] [wsgi:error] [pid 10:tid 111] [remote 10.128.0.2:44684] warnings.warn('Policy enforcement is depending on the value of '
10.128.0.2 - - [03/Dec/2025:23:00:57 +0000] "GET /v3/volumes/e06e986b-9ab2-48b3-8507-b137e64a204b HTTP/1.1" 200 1227 "-" "python-urllib3/1.26.5"
10.128.0.2 - - [03/Dec/2025:23:00:57 +0000] "GET /healthcheck HTTP/1.1" 200 2 "-" "kube-probe/1.31" [Wed Dec 03 23:00:57.695161 2025] [wsgi:error] [pid 12:tid 26] [remote 10.128.1.49:48208] /usr/lib/python3.9/site-packages/oslo_context/context.py:100: DeprecationWarning: Policy enforcement is depending on the value of is_admin. This key is deprecated. Please update your policy file to use the standard policy values. [Wed Dec 03 23:00:57.695186 2025] [wsgi:error] [pid 12:tid 26] [remote 10.128.1.49:48208] warnings.warn('Policy enforcement is depending on the value of '
10.128.1.49 - - [03/Dec/2025:23:00:57 +0000] "GET /v3/volumes/e06e986b-9ab2-48b3-8507-b137e64a204b HTTP/1.1" 200 1203 "-" "python-cinderclient" [Wed Dec 03 23:00:57.853588 2025] [wsgi:error] [pid 13:tid 29] [remote 10.128.1.49:48208] /usr/lib/python3.9/site-packages/oslo_context/context.py:100: DeprecationWarning: Policy enforcement is depending on the value of is_admin. This key is deprecated. Please update your policy file to use the standard policy values. [Wed Dec 03 23:00:57.853612 2025] [wsgi:error] [pid 13:tid 29] [remote 10.128.1.49:48208] warnings.warn('Policy enforcement is depending on the value of '
10.128.1.49 - - [03/Dec/2025:23:00:57 +0000] "POST /v3/volumes/e06e986b-9ab2-48b3-8507-b137e64a204b/action HTTP/1.1" 202 - "-" "python-cinderclient"
100.64.0.2 - - [03/Dec/2025:23:00:57 +0000] "GET / HTTP/1.1" 300 403 "-" "nova-compute keystoneauth1/5.1.3 python-requests/2.25.1 CPython/3.9.23" [Wed Dec 03 23:00:58.078190 2025] [wsgi:error] [pid 10:tid 111] [remote 100.64.0.2:40584] /usr/lib/python3.9/site-packages/oslo_context/context.py:100: DeprecationWarning: Policy enforcement is depending on the value of is_admin. This key is deprecated. Please update your policy file to use the standard policy values. [Wed Dec 03 23:00:58.078218 2025] [wsgi:error] [pid 10:tid 111] [remote 100.64.0.2:40584] warnings.warn('Policy enforcement is depending on the value of '
100.64.0.2 - - [03/Dec/2025:23:00:57 +0000] "GET /v3/volumes/e06e986b-9ab2-48b3-8507-b137e64a204b HTTP/1.1" 200 1305 "-" "python-cinderclient" [Wed Dec 03 23:00:58.211177 2025] [wsgi:error] [pid 12:tid 26] [remote 100.64.0.2:40584] /usr/lib/python3.9/site-packages/oslo_context/context.py:100: DeprecationWarning: Policy enforcement is depending on the value of is_admin. This key is deprecated. Please update your policy file to use the standard policy values. [Wed Dec 03 23:00:58.211207 2025] [wsgi:error] [pid 12:tid 26] [remote 100.64.0.2:40584] warnings.warn('Policy enforcement is depending on the value of '
100.64.0.2 - - [03/Dec/2025:23:00:58 +0000] "GET /v3/volumes/e06e986b-9ab2-48b3-8507-b137e64a204b/encryption HTTP/1.1" 200 160 "-" "python-cinderclient" [Wed Dec 03 23:00:58.803125 2025] [wsgi:error] [pid 13:tid 29] [remote 100.64.0.2:40584] /usr/lib/python3.9/site-packages/oslo_context/context.py:100: DeprecationWarning: Policy enforcement is depending on the value of is_admin. This key is deprecated. Please update your policy file to use the standard policy values. [Wed Dec 03 23:00:58.803176 2025] [wsgi:error] [pid 13:tid 29] [remote 100.64.0.2:40584] warnings.warn('Policy enforcement is depending on the value of '
10.128.0.2 - - [03/Dec/2025:23:00:59 +0000] "GET /healthcheck HTTP/1.1" 200 2 "-" "kube-probe/1.31"
10.128.0.2 - - [03/Dec/2025:23:01:00 +0000] "GET /healthcheck HTTP/1.1" 200 2 "-" "kube-probe/1.31"
100.64.0.2 - - [03/Dec/2025:23:00:58 +0000] "DELETE /v3/attachments/9e174cf7-32cb-49b9-aca7-548b650ad19e HTTP/1.1" 200 19 "-" "python-cinderclient" [Wed Dec 03 23:01:02.725735 2025] [wsgi:error] [pid 12:tid 26] [remote 10.128.1.49:48208] /usr/lib/python3.9/site-packages/oslo_context/context.py:100: DeprecationWarning: Policy enforcement is depending on the value of is_admin. This key is deprecated. Please update your policy file to use the standard policy values. [Wed Dec 03 23:01:02.725757 2025] [wsgi:error] [pid 12:tid 26] [remote 10.128.1.49:48208] warnings.warn('Policy enforcement is depending on the value of '
10.128.1.49 - - [03/Dec/2025:23:01:02 +0000] "GET /v3/volumes/e06e986b-9ab2-48b3-8507-b137e64a204b HTTP/1.1" 200 911 "-" "python-cinderclient"
10.128.0.2 - - [03/Dec/2025:23:01:03 +0000] "GET /healthcheck HTTP/1.1" 200 2 "-" "kube-probe/1.31"
10.128.0.2 - - [03/Dec/2025:23:01:04 +0000] "GET /healthcheck HTTP/1.1" 200 2 "-" "kube-probe/1.31"
10.128.0.2 - - [03/Dec/2025:23:01:06 +0000] "GET /healthcheck HTTP/1.1" 200 2 "-" "kube-probe/1.31" [Wed Dec 03 23:01:08.784451 2025] [wsgi:error] [pid 13:tid 29] [remote 10.128.0.2:36554] /usr/lib/python3.9/site-packages/oslo_context/context.py:100: DeprecationWarning: Policy enforcement is depending on the value of is_admin. This key is deprecated. Please update your policy file to use the standard policy values. [Wed Dec 03 23:01:08.784476 2025] [wsgi:error] [pid 13:tid 29] [remote 10.128.0.2:36554] warnings.warn('Policy enforcement is depending on the value of '
10.128.0.2 - - [03/Dec/2025:23:01:08 +0000] "DELETE /v3/volumes/e06e986b-9ab2-48b3-8507-b137e64a204b HTTP/1.1" 202 - "-" "python-urllib3/1.26.5" [Wed Dec 03 23:01:09.009470 2025] [wsgi:error] [pid 12:tid 26] [remote 10.128.0.2:36558] /usr/lib/python3.9/site-packages/oslo_context/context.py:100: DeprecationWarning: Policy enforcement is depending on the value of is_admin. This key is deprecated. Please update your policy file to use the standard policy values. [Wed Dec 03 23:01:09.009498 2025] [wsgi:error] [pid 12:tid 26] [remote 10.128.0.2:36558] warnings.warn('Policy enforcement is depending on the value of '
10.128.0.2 - - [03/Dec/2025:23:01:08 +0000] "GET /v3/volumes/e06e986b-9ab2-48b3-8507-b137e64a204b HTTP/1.1" 200 934 "-" "python-urllib3/1.26.5"
10.128.0.2 - - [03/Dec/2025:23:01:09 +0000] "GET /healthcheck HTTP/1.1" 200 2 "-" "kube-probe/1.31"
10.128.0.2 - - [03/Dec/2025:23:01:09 +0000] "GET /healthcheck HTTP/1.1" 200 2 "-" "kube-probe/1.31" [Wed Dec 03 23:01:10.119330 2025] [wsgi:error] [pid 13:tid 29] [remote 10.128.0.2:36590] /usr/lib/python3.9/site-packages/oslo_context/context.py:100: DeprecationWarning: Policy enforcement is depending on the value of is_admin. This key is deprecated. Please update your policy file to use the standard policy values. [Wed Dec 03 23:01:10.119357 2025] [wsgi:error] [pid 13:tid 29] [remote 10.128.0.2:36590] warnings.warn('Policy enforcement is depending on the value of '
10.128.0.2 - - [03/Dec/2025:23:01:10 +0000] "GET /v3/volumes/e06e986b-9ab2-48b3-8507-b137e64a204b HTTP/1.1" 200 934 "-" "python-urllib3/1.26.5"
