Nov 26 16:53:43 standalone proxy-server[124988]: 172.18.0.2 ::1 26/Nov/2025/16/53/43 GET /v1/AUTH_409fd6cec580481f99da44d910b5ed36/gnocchi.a93b06cc-778d-4109-910b-4470f1d14169%3Fformat%3Djson%26states%3Dlisting HTTP/1.0 200 - python-swiftclient-3.11.1 gAAAAABpJy_Oa3lh... - 2 - txeb93baad1ab64e1785e9f-0069273097 - 0.0138 - - 1764176023.507273674 1764176023.521039248 0
Nov 26 16:53:43 standalone object-server[123162]: 172.20.0.100 - - [26/Nov/2025:16:53:43 +0000] "GET /d1/406/AUTH_409fd6cec580481f99da44d910b5ed36/gnocchi.a93b06cc-778d-4109-910b-4470f1d14169/1763640000.0_mean_300.0_v3" 404 70 "GET http://localhost:8080/v1/AUTH_409fd6cec580481f99da44d910b5ed36/gnocchi.a93b06cc-778d-4109-910b-4470f1d14169/1763640000.0_mean_300.0_v3" "tx809007ca76084fe5bce2a-0069273097" "proxy-server 21" 0.0002 "-" 24 0
Nov 26 16:53:43 standalone proxy-server[124988]: 172.18.0.2 ::1 26/Nov/2025/16/53/43 GET /v1/AUTH_409fd6cec580481f99da44d910b5ed36/gnocchi.a93b06cc-778d-4109-910b-4470f1d14169/1763640000.0_mean_300.0_v3 HTTP/1.0 404 - python-swiftclient-3.11.1 gAAAAABpJy_Oa3lh... - 70 - tx809007ca76084fe5bce2a-0069273097 - 0.0049 - - 1764176023.525446653 1764176023.530315638 0
Nov 26 16:53:43 standalone container-server[122979]: 172.20.0.100 - - [26/Nov/2025:16:53:43 +0000] "PUT /d1/940/AUTH_409fd6cec580481f99da44d910b5ed36/gnocchi.a93b06cc-778d-4109-910b-4470f1d14169/1763640000.0_mean_300.0_v3" 201 - "PUT http://localhost:8080/d1/406/AUTH_409fd6cec580481f99da44d910b5ed36/gnocchi.a93b06cc-778d-4109-910b-4470f1d14169/1763640000.0_mean_300.0_v3" "tx909bdc114b0c4314a04ac-0069273097" "object-server 25" 0.0006 "-" 23 0
Nov 26 16:53:43 standalone object-server[123166]: 172.20.0.100 - - [26/Nov/2025:16:53:43 +0000] "PUT /d1/406/AUTH_409fd6cec580481f99da44d910b5ed36/gnocchi.a93b06cc-778d-4109-910b-4470f1d14169/1763640000.0_mean_300.0_v3" 201 - "PUT http://localhost:8080/v1/AUTH_409fd6cec580481f99da44d910b5ed36/gnocchi.a93b06cc-778d-4109-910b-4470f1d14169/1763640000.0_mean_300.0_v3" "tx909bdc114b0c4314a04ac-0069273097" "proxy-server 21" 0.0085 "-" 25 0
Nov 26 16:53:43 standalone proxy-server[124988]: 172.18.0.2 ::1 26/Nov/2025/16/53/43 PUT /v1/AUTH_409fd6cec580481f99da44d910b5ed36/gnocchi.a93b06cc-778d-4109-910b-4470f1d14169/1763640000.0_mean_300.0_v3 HTTP/1.0 201 - python-swiftclient-3.11.1 gAAAAABpJy_Oa3lh... 16 - - tx909bdc114b0c4314a04ac-0069273097 - 0.0148 - - 1764176023.535744905 1764176023.550505400 0
Nov 26 16:53:43 standalone container-server[122967]: 172.20.0.100 - - [26/Nov/2025:16:53:43 +0000] "PUT /d1/940/AUTH_409fd6cec580481f99da44d910b5ed36/gnocchi.a93b06cc-778d-4109-910b-4470f1d14169/none_v3" 201 - "PUT http://localhost:8080/d1/48/AUTH_409fd6cec580481f99da44d910b5ed36/gnocchi.a93b06cc-778d-4109-910b-4470f1d14169/none_v3" "tx4477ef529fe84e618ac5b-0069273097" "object-server 25" 0.0007 "-" 21 0
Nov 26 16:53:43 standalone object-server[123166]: 172.20.0.100 - - [26/Nov/2025:16:53:43 +0000] "PUT /d1/48/AUTH_409fd6cec580481f99da44d910b5ed36/gnocchi.a93b06cc-778d-4109-910b-4470f1d14169/none_v3" 201 - "PUT http://localhost:8080/v1/AUTH_409fd6cec580481f99da44d910b5ed36/gnocchi.a93b06cc-778d-4109-910b-4470f1d14169/none_v3" "tx4477ef529fe84e618ac5b-0069273097" "proxy-server 21" 0.0125 "-" 25 0
Nov 26 16:53:43 standalone proxy-server[124988]: 172.18.0.2 ::1 26/Nov/2025/16/53/43 PUT /v1/AUTH_409fd6cec580481f99da44d910b5ed36/gnocchi.a93b06cc-778d-4109-910b-4470f1d14169/none_v3 HTTP/1.0 201 - python-swiftclient-3.11.1 gAAAAABpJy_Oa3lh... 22 - - tx4477ef529fe84e618ac5b-0069273097 - 0.0216 - - 1764176023.556768417 1764176023.578367949 0
Nov 26 16:53:43 standalone container-server[122976]: 172.20.0.100 - - [26/Nov/2025:16:53:43 +0000] "HEAD /d1/800/AUTH_409fd6cec580481f99da44d910b5ed36/gnocchi.370a3805-e695-4c6b-ba99-d9c733e350f9" 404 - "HEAD http://localhost:8080/v1/AUTH_409fd6cec580481f99da44d910b5ed36/gnocchi.370a3805-e695-4c6b-ba99-d9c733e350f9?format=json&states=listing" "txd03fe33b6a5640eeb1a05-0069273097" "proxy-server 21" 0.0006 "-" 22 0
Nov 26 16:53:43 standalone object-server[123158]: 172.20.0.100 - - [26/Nov/2025:16:53:43 +0000] "GET /d1/408/AUTH_409fd6cec580481f99da44d910b5ed36/gnocchi.370a3805-e695-4c6b-ba99-d9c733e350f9/none_v3" 404 70 "GET http://localhost:8080/v1/AUTH_409fd6cec580481f99da44d910b5ed36/gnocchi.370a3805-e695-4c6b-ba99-d9c733e350f9/none_v3" "txd03fe33b6a5640eeb1a05-0069273097" "proxy-server 21" 0.0003 "-" 21 0
Nov 26 16:53:43 standalone proxy-server[124988]: 172.18.0.2 ::1 26/Nov/2025/16/53/43 GET /v1/AUTH_409fd6cec580481f99da44d910b5ed36/gnocchi.370a3805-e695-4c6b-ba99-d9c733e350f9/none_v3 HTTP/1.0 404 - python-swiftclient-3.11.1 gAAAAABpJy_Oa3lh... - 70 - txd03fe33b6a5640eeb1a05-0069273097 - 0.0139 - - 1764176023.594917059 1764176023.608803272 0
Nov 26 16:53:43 standalone account-server[122978]: 172.20.0.100 - - [26/Nov/2025:16:53:43 +0000] "PUT /d1/21/AUTH_409fd6cec580481f99da44d910b5ed36/gnocchi.370a3805-e695-4c6b-ba99-d9c733e350f9" 201 - "PUT http://172.20.0.100:6001/d1/800/AUTH_409fd6cec580481f99da44d910b5ed36/gnocchi.370a3805-e695-4c6b-ba99-d9c733e350f9" "tx9c12121f8b334b8b9fa0c-0069273097" "container-server 20" 0.0055 "-" 22 0
Nov 26 16:53:43 standalone container-server[122961]: 172.20.0.100 - - [26/Nov/2025:16:53:43 +0000] "PUT /d1/800/AUTH_409fd6cec580481f99da44d910b5ed36/gnocchi.370a3805-e695-4c6b-ba99-d9c733e350f9" 201 - "PUT http://localhost:8080/v1/AUTH_409fd6cec580481f99da44d910b5ed36/gnocchi.370a3805-e695-4c6b-ba99-d9c733e350f9" "tx9c12121f8b334b8b9fa0c-0069273097" "proxy-server 21" 0.0190 "-" 20 0
Nov 26 16:53:43 standalone proxy-server[124988]: 172.18.0.2 ::1 26/Nov/2025/16/53/43 PUT /v1/AUTH_409fd6cec580481f99da44d910b5ed36/gnocchi.370a3805-e695-4c6b-ba99-d9c733e350f9 HTTP/1.0 201 - python-swiftclient-3.11.1 gAAAAABpJy_Oa3lh... - - - tx9c12121f8b334b8b9fa0c-0069273097 - 0.0285 - - 1764176023.613624096 1764176023.642112255 0
Nov 26 16:53:43 standalone container-server[122976]: 172.20.0.100 - - [26/Nov/2025:16:53:43 +0000] "HEAD /d1/800/AUTH_409fd6cec580481f99da44d910b5ed36/gnocchi.370a3805-e695-4c6b-ba99-d9c733e350f9" 204 - "HEAD http://localhost:8080/v1/AUTH_409fd6cec580481f99da44d910b5ed36/gnocchi.370a3805-e695-4c6b-ba99-d9c733e350f9?format=json&states=listing" "txd278baa0a67144898f01b-0069273097" "proxy-server 21" 0.0023 "-" 22 0
Nov 26 16:53:43 standalone proxy-server[124988]: - - 26/Nov/2025/16/53/43 HEAD /v1/AUTH_409fd6cec580481f99da44d910b5ed36/gnocchi.370a3805-e695-4c6b-ba99-d9c733e350f9%3Fformat%3Djson%26states%3Dlisting HTTP/1.0 204 - Swift - - - - txd278baa0a67144898f01b-0069273097 - 0.0076 RL - 1764176023.650559902 1764176023.658206701 0
Nov 26 16:53:43 standalone container-server[122967]: 172.20.0.100 - - [26/Nov/2025:16:53:43 +0000] "GET /d1/800/AUTH_409fd6cec580481f99da44d910b5ed36/gnocchi.370a3805-e695-4c6b-ba99-d9c733e350f9" 200 2 "GET http://localhost:8080/v1/AUTH_409fd6cec580481f99da44d910b5ed36/gnocchi.370a3805-e695-4c6b-ba99-d9c733e350f9?format=json&states=listing" "txd278baa0a67144898f01b-0069273097" "proxy-server 21" 0.0034 "-" 21 0
Nov 26 16:53:43 standalone proxy-server[124988]: 172.18.0.2 ::1 26/Nov/2025/16/53/43 GET /v1/AUTH_409fd6cec580481f99da44d910b5ed36/gnocchi.370a3805-e695-4c6b-ba99-d9c733e350f9%3Fformat%3Djson%26states%3Dlisting HTTP/1.0 200 - python-swiftclient-3.11.1 gAAAAABpJy_Oa3lh... - 2 - txd278baa0a67144898f01b-0069273097 - 0.0225 - - 1764176023.648447990 1764176023.670937777 0
Nov 26 16:53:43 standalone object-server[123166]: 172.20.0.100 - - [26/Nov/2025:16:53:43 +0000] "GET /d1/291/AUTH_409fd6cec580481f99da44d910b5ed36/gnocchi.370a3805-e695-4c6b-ba99-d9c733e350f9/1763640000.0_mean_300.0_v3" 404 70 "GET http://localhost:8080/v1/AUTH_409fd6cec580481f99da44d910b5ed36/gnocchi.370a3805-e695-4c6b-ba99-d9c733e350f9/1763640000.0_mean_300.0_v3" "tx03900e4b795c44b7bc8d6-0069273097" "proxy-server 21" 0.0006 "-" 25 0
Nov 26 16:53:43 standalone proxy-server[124988]: 172.18.0.2 ::1 26/Nov/2025/16/53/43 GET /v1/AUTH_409fd6cec580481f99da44d910b5ed36/gnocchi.370a3805-e695-4c6b-ba99-d9c733e350f9/1763640000.0_mean_300.0_v3 HTTP/1.0 404 - python-swiftclient-3.11.1 gAAAAABpJy_Oa3lh... - 70 - tx03900e4b795c44b7bc8d6-0069273097 - 0.0087 - - 1764176023.676486492 1764176023.685219526 0
Nov 26 16:53:43 standalone container-server[122976]: 172.20.0.100 - - [26/Nov/2025:16:53:43 +0000] "PUT /d1/800/AUTH_409fd6cec580481f99da44d910b5ed36/gnocchi.370a3805-e695-4c6b-ba99-d9c733e350f9/1763640000.0_mean_300.0_v3" 201 - "PUT http://localhost:8080/d1/291/AUTH_409fd6cec580481f99da44d910b5ed36/gnocchi.370a3805-e695-4c6b-ba99-d9c733e350f9/1763640000.0_mean_300.0_v3" "tx44371ff55cfe4bab8138e-0069273097" "object-server 24" 0.0008 "-" 22 0
Nov 26 16:53:43 standalone object-server[123162]: 172.20.0.100 - - [26/Nov/2025:16:53:43 +0000] "PUT /d1/291/AUTH_409fd6cec580481f99da44d910b5ed36/gnocchi.370a3805-e695-4c6b-ba99-d9c733e350f9/1763640000.0_mean_300.0_v3" 201 - "PUT http://localhost:8080/v1/AUTH_409fd6cec580481f99da44d910b5ed36/gnocchi.370a3805-e695-4c6b-ba99-d9c733e350f9/1763640000.0_mean_300.0_v3" "tx44371ff55cfe4bab8138e-0069273097" "proxy-server 21" 0.0125 "-" 24 0
Nov 26 16:53:43 standalone proxy-server[124988]: 172.18.0.2 ::1 26/Nov/2025/16/53/43 PUT /v1/AUTH_409fd6cec580481f99da44d910b5ed36/gnocchi.370a3805-e695-4c6b-ba99-d9c733e350f9/1763640000.0_mean_300.0_v3 HTTP/1.0 201 - python-swiftclient-3.11.1 gAAAAABpJy_Oa3lh... 16 - - tx44371ff55cfe4bab8138e-0069273097 - 0.0204 - - 1764176023.690284252 1764176023.710703135 0
Nov 26 16:53:43 standalone container-server[122976]: 172.20.0.100 - - [26/Nov/2025:16:53:43 +0000] "PUT /d1/800/AUTH_409fd6cec580481f99da44d910b5ed36/gnocchi.370a3805-e695-4c6b-ba99-d9c733e350f9/none_v3" 201 - "PUT http://localhost:8080/d1/408/AUTH_409fd6cec580481f99da44d910b5ed36/gnocchi.370a3805-e695-4c6b-ba99-d9c733e350f9/none_v3" "tx6001cf49646b410a95578-0069273097" "object-server 25" 0.0007 "-" 22 0
Nov 26 16:53:43 standalone object-server[123166]: 172.20.0.100 - - [26/Nov/2025:16:53:43 +0000] "PUT /d1/408/AUTH_409fd6cec580481f99da44d910b5ed36/gnocchi.370a3805-e695-4c6b-ba99-d9c733e350f9/none_v3" 201 - "PUT http://localhost:8080/v1/AUTH_409fd6cec580481f99da44d910b5ed36/gnocchi.370a3805-e695-4c6b-ba99-d9c733e350f9/none_v3" "tx6001cf49646b410a95578-0069273097" "proxy-server 21" 0.0110 "-" 25 0
Nov 26 16:53:43 standalone proxy-server[124988]: 172.18.0.2 ::1 26/Nov/2025/16/53/43 PUT /v1/AUTH_409fd6cec580481f99da44d910b5ed36/gnocchi.370a3805-e695-4c6b-ba99-d9c733e350f9/none_v3 HTTP/1.0 201 - python-swiftclient-3.11.1 gAAAAABpJy_Oa3lh... 22 - - tx6001cf49646b410a95578-0069273097 - 0.0167 - - 1764176023.716875792 1764176023.733603477 0
Nov 26 16:53:43 standalone container-server[122979]: 172.20.0.100 - - [26/Nov/2025:16:53:43 +0000] "HEAD /d1/771/AUTH_409fd6cec580481f99da44d910b5ed36/gnocchi.faab9108-7a56-4d47-8fab-d533dcc53a29" 404 - "HEAD http://localhost:8080/v1/AUTH_409fd6cec580481f99da44d910b5ed36/gnocchi.faab9108-7a56-4d47-8fab-d533dcc53a29?format=json&states=listing" "tx6cd176c83c4444e48e62c-0069273097" "proxy-server 21" 0.0004 "-" 23 0
Nov 26 16:53:43 standalone object-server[123158]: 172.20.0.100 - - [26/Nov/2025:16:53:43 +0000] "GET /d1/989/AUTH_409fd6cec580481f99da44d910b5ed36/gnocchi.faab9108-7a56-4d47-8fab-d533dcc53a29/none_v3" 404 70 "GET http://localhost:8080/v1/AUTH_409fd6cec580481f99da44d910b5ed36/gnocchi.faab9108-7a56-4d47-8fab-d533dcc53a29/none_v3" "tx6cd176c83c4444e48e62c-0069273097" "proxy-server 21" 0.0003 "-" 21 0
Nov 26 16:53:43 standalone proxy-server[124988]: 172.18.0.2 ::1 26/Nov/2025/16/53/43 GET /v1/AUTH_409fd6cec580481f99da44d910b5ed36/gnocchi.faab9108-7a56-4d47-8fab-d533dcc53a29/none_v3 HTTP/1.0 404 - python-swiftclient-3.11.1 gAAAAABpJy_Oa3lh... - 70 - tx6cd176c83c4444e48e62c-0069273097 - 0.0095 - - 1764176023.749415874 1764176023.758871317 0
Nov 26 16:53:43 standalone account-server[122978]: 172.20.0.100 - - [26/Nov/2025:16:53:43 +0000] "PUT /d1/21/AUTH_409fd6cec580481f99da44d910b5ed36/gnocchi.faab9108-7a56-4d47-8fab-d533dcc53a29" 201 - "PUT http://172.20.0.100:6001/d1/771/AUTH_409fd6cec580481f99da44d910b5ed36/gnocchi.faab9108-7a56-4d47-8fab-d533dcc53a29" "txc15e526ccc264492a1df7-0069273097" "container-server 20" 0.0063 "-" 22 0
Nov 26 16:53:43 standalone container-server[122961]: 172.20.0.100 - - [26/Nov/2025:16:53:43 +0000] "PUT /d1/771/AUTH_409fd6cec580481f99da44d910b5ed36/gnocchi.faab9108-7a56-4d47-8fab-d533dcc53a29" 201 - "PUT http://localhost:8080/v1/AUTH_409fd6cec580481f99da44d910b5ed36/gnocchi.faab9108-7a56-4d47-8fab-d533dcc53a29" "txc15e526ccc264492a1df7-0069273097" "proxy-server 21" 0.0225 "-" 20 0
Nov 26 16:53:43 standalone proxy-server[124988]: 172.18.0.2 ::1 26/Nov/2025/16/53/43 PUT /v1/AUTH_409fd6cec580481f99da44d910b5ed36/gnocchi.faab9108-7a56-4d47-8fab-d533dcc53a29 HTTP/1.0 201 - python-swiftclient-3.11.1 gAAAAABpJy_Oa3lh... - - - txc15e526ccc264492a1df7-0069273097 - 0.0305 - - 1764176023.763672113 1764176023.794189453 0
Nov 26 16:53:43 standalone container-server[122961]: 172.20.0.100 - - [26/Nov/2025:16:53:43 +0000] "HEAD /d1/771/AUTH_409fd6cec580481f99da44d910b5ed36/gnocchi.faab9108-7a56-4d47-8fab-d533dcc53a29" 204 - "HEAD http://localhost:8080/v1/AUTH_409fd6cec580481f99da44d910b5ed36/gnocchi.faab9108-7a56-4d47-8fab-d533dcc53a29?format=json&states=listing" "tx583bc1b7ae5b49cbbf10b-0069273097" "proxy-server 21" 0.0021 "-" 20 0
Nov 26 16:53:43 standalone proxy-server[124988]: - - 26/Nov/2025/16/53/43 HEAD /v1/AUTH_409fd6cec580481f99da44d910b5ed36/gnocchi.faab9108-7a56-4d47-8fab-d533dcc53a29%3Fformat%3Djson%26states%3Dlisting HTTP/1.0 204 - Swift - - - - tx583bc1b7ae5b49cbbf10b-0069273097 - 0.0071 RL - 1764176023.803413868 1764176023.810476542 0
Nov 26 16:53:43 standalone container-server[122976]: 172.20.0.100 - - [26/Nov/2025:16:53:43 +0000] "GET /d1/771/AUTH_409fd6cec580481f99da44d910b5ed36/gnocchi.faab9108-7a56-4d47-8fab-d533dcc53a29" 200 2 "GET http://localhost:8080/v1/AUTH_409fd6cec580481f99da44d910b5ed36/gnocchi.faab9108-7a56-4d47-8fab-d533dcc53a29?format=json&states=listing" "tx583bc1b7ae5b49cbbf10b-0069273097" "proxy-server 21" 0.0035 "-" 22 0
Nov 26 16:53:43 standalone proxy-server[124988]: 172.18.0.2 ::1 26/Nov/2025/16/53/43 GET /v1/AUTH_409fd6cec580481f99da44d910b5ed36/gnocchi.faab9108-7a56-4d47-8fab-d533dcc53a29%3Fformat%3Djson%26states%3Dlisting HTTP/1.0 200 - python-swiftclient-3.11.1 gAAAAABpJy_Oa3lh... - 2 - tx583bc1b7ae5b49cbbf10b-0069273097 - 0.0234 - - 1764176023.800467014 1764176023.823875427 0
Nov 26 16:53:43 standalone object-server[123161]: 172.20.0.100 - - [26/Nov/2025:16:53:43 +0000] "GET /d1/968/AUTH_409fd6cec580481f99da44d910b5ed36/gnocchi.faab9108-7a56-4d47-8fab-d533dcc53a29/1763640000.0_mean_300.0_v3" 404 70 "GET http://localhost:8080/v1/AUTH_409fd6cec580481f99da44d910b5ed36/gnocchi.faab9108-7a56-4d47-8fab-d533dcc53a29/1763640000.0_mean_300.0_v3" "tx45fa6946c8eb45f79be2a-0069273097" "proxy-server 21" 0.0005 "-" 23 0
Nov 26 16:53:43 standalone proxy-server[124988]: 172.18.0.2 ::1 26/Nov/2025/16/53/43 GET /v1/AUTH_409fd6cec580481f99da44d910b5ed36/gnocchi.faab9108-7a56-4d47-8fab-d533dcc53a29/1763640000.0_mean_300.0_v3 HTTP/1.0 404 - python-swiftclient-3.11.1 gAAAAABpJy_Oa3lh... - 70 - tx45fa6946c8eb45f79be2a-0069273097 - 0.0088 - - 1764176023.830080271 1764176023.838884354 0
Nov 26 16:53:43 standalone container-server[122979]: 172.20.0.100 - - [26/Nov/2025:16:53:43 +0000] "PUT /d1/771/AUTH_409fd6cec580481f99da44d910b5ed36/gnocchi.faab9108-7a56-4d47-8fab-d533dcc53a29/1763640000.0_mean_300.0_v3" 201 - "PUT http://localhost:8080/d1/968/AUTH_409fd6cec580481f99da44d910b5ed36/gnocchi.faab9108-7a56-4d47-8fab-d533dcc53a29/1763640000.0_mean_300.0_v3" "tx45872e52b9654094861c9-0069273097" "object-server 21" 0.0009 "-" 23 0
Nov 26 16:53:43 standalone object-server[123158]: 172.20.0.100 - - [26/Nov/2025:16:53:43 +0000] "PUT /d1/968/AUTH_409fd6cec580481f99da44d910b5ed36/gnocchi.faab9108-7a56-4d47-8fab-d533dcc53a29/1763640000.0_mean_300.0_v3" 201 - "PUT http://localhost:8080/v1/AUTH_409fd6cec580481f99da44d910b5ed36/gnocchi.faab9108-7a56-4d47-8fab-d533dcc53a29/1763640000.0_mean_300.0_v3" "tx45872e52b9654094861c9-0069273097" "proxy-server 21" 0.0146 "-" 21 0
Nov 26 16:53:43 standalone proxy-server[124988]: 172.18.0.2 ::1 26/Nov/2025/16/53/43 PUT /v1/AUTH_409fd6cec580481f99da44d910b5ed36/gnocchi.faab9108-7a56-4d47-8fab-d533dcc53a29/1763640000.0_mean_300.0_v3 HTTP/1.0 201 - python-swiftclient-3.11.1 gAAAAABpJy_Oa3lh... 16 - - tx45872e52b9654094861c9-0069273097 - 0.0242 - - 1764176023.843648672 1764176023.867841244 0
Nov 26 16:53:43 standalone container-server[122976]: 172.20.0.100 - - [26/Nov/2025:16:53:43 +0000] "PUT /d1/771/AUTH_409fd6cec580481f99da44d910b5ed36/gnocchi.faab9108-7a56-4d47-8fab-d533dcc53a29/none_v3" 201 - "PUT http://localhost:8080/d1/989/AUTH_409fd6cec580481f99da44d910b5ed36/gnocchi.faab9108-7a56-4d47-8fab-d533dcc53a29/none_v3" "txd7b5a28f410f41bbbb7dc-0069273097" "object-server 24" 0.0008 "-" 22 0
Nov 26 16:53:43 standalone object-server[123162]: 172.20.0.100 - - [26/Nov/2025:16:53:43 +0000] "PUT /d1/989/AUTH_409fd6cec580481f99da44d910b5ed36/gnocchi.faab9108-7a56-4d47-8fab-d533dcc53a29/none_v3" 201 - "PUT http://localhost:8080/v1/AUTH_409fd6cec580481f99da44d910b5ed36/gnocchi.faab9108-7a56-4d47-8fab-d533dcc53a29/none_v3" "txd7b5a28f410f41bbbb7dc-0069273097" "proxy-server 21" 0.0119 "-" 24 0
Nov 26 16:53:43 standalone proxy-server[124988]: 172.18.0.2 ::1 26/Nov/2025/16/53/43 PUT /v1/AUTH_409fd6cec580481f99da44d910b5ed36/gnocchi.faab9108-7a56-4d47-8fab-d533dcc53a29/none_v3 HTTP/1.0 201 - python-swiftclient-3.11.1 gAAAAABpJy_Oa3lh... 22 - - txd7b5a28f410f41bbbb7dc-0069273097 - 0.0211 - - 1764176023.872534037 1764176023.893629789 0
Nov 26 16:53:43 standalone container-server[122967]: 172.20.0.100 - - [26/Nov/2025:16:53:43 +0000] "HEAD /d1/955/AUTH_409fd6cec580481f99da44d910b5ed36/gnocchi.c185612f-1fae-41d1-a0e0-a3690fd70a8e" 404 - "HEAD http://localhost:8080/v1/AUTH_409fd6cec580481f99da44d910b5ed36/gnocchi.c185612f-1fae-41d1-a0e0-a3690fd70a8e?format=json&states=listing" "tx9753f0cad52a4e10ad3e8-0069273097" "proxy-server 21" 0.0006 "-" 21 0
Nov 26 16:53:43 standalone object-server[123166]: 172.20.0.100 - - [26/Nov/2025:16:53:43 +0000] "GET /d1/83/AUTH_409fd6cec580481f99da44d910b5ed36/gnocchi.c185612f-1fae-41d1-a0e0-a3690fd70a8e/none_v3" 404 70 "GET http://localhost:8080/v1/AUTH_409fd6cec580481f99da44d910b5ed36/gnocchi.c185612f-1fae-41d1-a0e0-a3690fd70a8e/none_v3" "tx9753f0cad52a4e10ad3e8-0069273097" "proxy-server 21" 0.0006 "-" 25 0
Nov 26 16:53:43 standalone proxy-server[124988]: 172.18.0.2 ::1 26/Nov/2025/16/53/43 GET /v1/AUTH_409fd6cec580481f99da44d910b5ed36/gnocchi.c185612f-1fae-41d1-a0e0-a3690fd70a8e/none_v3 HTTP/1.0 404 - python-swiftclient-3.11.1 gAAAAABpJy_Oa3lh... - 70 - tx9753f0cad52a4e10ad3e8-0069273097 - 0.0164 - - 1764176023.912166595 1764176023.928582191 0
Nov 26 16:53:43 standalone account-server[122978]: 172.20.0.100 - - [26/Nov/2025:16:53:43 +0000] "PUT /d1/21/AUTH_409fd6cec580481f99da44d910b5ed36/gnocchi.c185612f-1fae-41d1-a0e0-a3690fd70a8e" 201 - "PUT http://172.20.0.100:6001/d1/955/AUTH_409fd6cec580481f99da44d910b5ed36/gnocchi.c185612f-1fae-41d1-a0e0-a3690fd70a8e" "txbbb62359e3e34df18f0e2-0069273097" "container-server 23" 0.0060 "-" 22 0
Nov 26 16:53:43 standalone container-server[122979]: 172.20.0.100 - - [26/Nov/2025:16:53:43 +0000] "PUT /d1/955/AUTH_409fd6cec580481f99da44d910b5ed36/gnocchi.c185612f-1fae-41d1-a0e0-a3690fd70a8e" 201 - "PUT http://localhost:8080/v1/AUTH_409fd6cec580481f99da44d910b5ed36/gnocchi.c185612f-1fae-41d1-a0e0-a3690fd70a8e" "txbbb62359e3e34df18f0e2-0069273097" "proxy-server 21" 0.0187 "-" 23 0
Nov 26 16:53:43 standalone proxy-server[124988]: 172.18.0.2 ::1 26/Nov/2025/16/53/43 PUT /v1/AUTH_409fd6cec580481f99da44d910b5ed36/gnocchi.c185612f-1fae-41d1-a0e0-a3690fd70a8e HTTP/1.0 201 - python-swiftclient-3.11.1 gAAAAABpJy_Oa3lh... - - - txbbb62359e3e34df18f0e2-0069273097 - 0.0273 - - 1764176023.933598042 1764176023.960944414 0
Nov 26 16:53:43 standalone container-server[122976]: 172.20.0.100 - - [26/Nov/2025:16:53:43 +0000] "HEAD /d1/955/AUTH_409fd6cec580481f99da44d910b5ed36/gnocchi.c185612f-1fae-41d1-a0e0-a3690fd70a8e" 204 - "HEAD http://localhost:8080/v1/AUTH_409fd6cec580481f99da44d910b5ed36/gnocchi.c185612f-1fae-41d1-a0e0-a3690fd70a8e?format=json&states=listing" "txb8cb64a922c0417eb4069-0069273097" "proxy-server 21" 0.0021 "-" 22 0
Nov 26 16:53:43 standalone proxy-server[124988]: - - 26/Nov/2025/16/53/43 HEAD /v1/AUTH_409fd6cec580481f99da44d910b5ed36/gnocchi.c185612f-1fae-41d1-a0e0-a3690fd70a8e%3Fformat%3Djson%26states%3Dlisting HTTP/1.0 204 - Swift - - - - txb8cb64a922c0417eb4069-0069273097 - 0.0072 RL - 1764176023.968479395 1764176023.975646973 0
Nov 26 16:53:43 standalone container-server[122979]: 172.20.0.100 - - [26/Nov/2025:16:53:43 +0000] "GET /d1/955/AUTH_409fd6cec580481f99da44d910b5ed36/gnocchi.c185612f-1fae-41d1-a0e0-a3690fd70a8e" 200 2 "GET http://localhost:8080/v1/AUTH_409fd6cec580481f99da44d910b5ed36/gnocchi.c185612f-1fae-41d1-a0e0-a3690fd70a8e?format=json&states=listing" "txb8cb64a922c0417eb4069-0069273097" "proxy-server 21" 0.0031 "-" 23 0
Nov 26 16:53:43 standalone proxy-server[124988]: 172.18.0.2 ::1 26/Nov/2025/16/53/43 GET /v1/AUTH_409fd6cec580481f99da44d910b5ed36/gnocchi.c185612f-1fae-41d1-a0e0-a3690fd70a8e%3Fformat%3Djson%26states%3Dlisting HTTP/1.0 200 - python-swiftclient-3.11.1 gAAAAABpJy_Oa3lh... - 2 - txb8cb64a922c0417eb4069-0069273097 - 0.0206 - - 1764176023.966769934 1764176023.987403154 0
Nov 26 16:53:44 standalone object-server[123162]: 172.20.0.100 - - [26/Nov/2025:16:53:44 +0000] "GET /d1/870/AUTH_409fd6cec580481f99da44d910b5ed36/gnocchi.c185612f-1fae-41d1-a0e0-a3690fd70a8e/1763640000.0_mean_300.0_v3" 404 70 "GET http://localhost:8080/v1/AUTH_409fd6cec580481f99da44d910b5ed36/gnocchi.c185612f-1fae-41d1-a0e0-a3690fd70a8e/1763640000.0_mean_300.0_v3" "tx035978a09c5246eeb8825-0069273097" "proxy-server 21" 0.0005 "-" 24 0
Nov 26 16:53:44 standalone proxy-server[124988]: 172.18.0.2 ::1 26/Nov/2025/16/53/44 GET /v1/AUTH_409fd6cec580481f99da44d910b5ed36/gnocchi.c185612f-1fae-41d1-a0e0-a3690fd70a8e/1763640000.0_mean_300.0_v3 HTTP/1.0 404 - python-swiftclient-3.11.1 gAAAAABpJy_Oa3lh... - 70 - tx035978a09c5246eeb8825-0069273097 - 0.0090 - - 1764176023.993088245 1764176024.002135754 0
Nov 26 16:53:44 standalone container-server[122979]: 172.20.0.100 - - [26/Nov/2025:16:53:44 +0000] "PUT /d1/955/AUTH_409fd6cec580481f99da44d910b5ed36/gnocchi.c185612f-1fae-41d1-a0e0-a3690fd70a8e/1763640000.0_mean_300.0_v3" 201 - "PUT http://localhost:8080/d1/870/AUTH_409fd6cec580481f99da44d910b5ed36/gnocchi.c185612f-1fae-41d1-a0e0-a3690fd70a8e/1763640000.0_mean_300.0_v3" "tx172f02aeef4a40c890eb0-0069273098" "object-server 24" 0.0008 "-" 23 0
Nov 26 16:53:44 standalone object-server[123162]: 172.20.0.100 - - [26/Nov/2025:16:53:44 +0000] "PUT /d1/870/AUTH_409fd6cec580481f99da44d910b5ed36/gnocchi.c185612f-1fae-41d1-a0e0-a3690fd70a8e/1763640000.0_mean_300.0_v3" 201 - "PUT http://localhost:8080/v1/AUTH_409fd6cec580481f99da44d910b5ed36/gnocchi.c185612f-1fae-41d1-a0e0-a3690fd70a8e/1763640000.0_mean_300.0_v3" "tx172f02aeef4a40c890eb0-0069273098" "proxy-server 21" 0.0129 "-" 24 0
Nov 26 16:53:44 standalone proxy-server[124988]: 172.18.0.2 ::1 26/Nov/2025/16/53/44 PUT /v1/AUTH_409fd6cec580481f99da44d910b5ed36/gnocchi.c185612f-1fae-41d1-a0e0-a3690fd70a8e/1763640000.0_mean_300.0_v3 HTTP/1.0 201 - python-swiftclient-3.11.1 gAAAAABpJy_Oa3lh... 16 - - tx172f02aeef4a40c890eb0-0069273098 - 0.0205 - - 1764176024.007545233 1764176024.028000593 0
Nov 26 16:53:44 standalone container-server[122979]: 172.20.0.100 - - [26/Nov/2025:16:53:44 +0000] "PUT /d1/955/AUTH_409fd6cec580481f99da44d910b5ed36/gnocchi.c185612f-1fae-41d1-a0e0-a3690fd70a8e/none_v3" 201 - "PUT http://localhost:8080/d1/83/AUTH_409fd6cec580481f99da44d910b5ed36/gnocchi.c185612f-1fae-41d1-a0e0-a3690fd70a8e/none_v3" "tx3c31a51621d240cbbbe76-0069273098" "object-server 24" 0.0006 "-" 23 0
Nov 26 16:53:44 standalone object-server[123162]: 172.20.0.100 - - [26/Nov/2025:16:53:44 +0000] "PUT /d1/83/AUTH_409fd6cec580481f99da44d910b5ed36/gnocchi.c185612f-1fae-41d1-a0e0-a3690fd70a8e/none_v3" 201 - "PUT http://localhost:8080/v1/AUTH_409fd6cec580481f99da44d910b5ed36/gnocchi.c185612f-1fae-41d1-a0e0-a3690fd70a8e/none_v3" "tx3c31a51621d240cbbbe76-0069273098" "proxy-server 21" 0.0137 "-" 24 0
Nov 26 16:53:44 standalone proxy-server[124988]: 172.18.0.2 ::1 26/Nov/2025/16/53/44 PUT /v1/AUTH_409fd6cec580481f99da44d910b5ed36/gnocchi.c185612f-1fae-41d1-a0e0-a3690fd70a8e/none_v3 HTTP/1.0 201 - python-swiftclient-3.11.1 gAAAAABpJy_Oa3lh... 22 - - tx3c31a51621d240cbbbe76-0069273098 - 0.0209 - - 1764176024.032723427 1764176024.053653479 0
Nov 26 16:53:44 standalone container-server[122967]: 172.20.0.100 - - [26/Nov/2025:16:53:44 +0000] "HEAD /d1/337/AUTH_409fd6cec580481f99da44d910b5ed36/gnocchi.872b3ce9-5ccf-4255-a2ed-ea473eff4e22" 404 - "HEAD http://localhost:8080/v1/AUTH_409fd6cec580481f99da44d910b5ed36/gnocchi.872b3ce9-5ccf-4255-a2ed-ea473eff4e22?format=json&states=listing" "tx7ef74daaeab34c4784c1d-0069273098" "proxy-server 21" 0.0004 "-" 21 0
Nov 26 16:53:44 standalone object-server[123158]: 172.20.0.100 - - [26/Nov/2025:16:53:44 +0000] "GET /d1/336/AUTH_409fd6cec580481f99da44d910b5ed36/gnocchi.872b3ce9-5ccf-4255-a2ed-ea473eff4e22/none_v3" 404 70 "GET http://localhost:8080/v1/AUTH_409fd6cec580481f99da44d910b5ed36/gnocchi.872b3ce9-5ccf-4255-a2ed-ea473eff4e22/none_v3" "tx7ef74daaeab34c4784c1d-0069273098" "proxy-server 21" 0.0004 "-" 21 0
Nov 26 16:53:44 standalone proxy-server[124988]: 172.18.0.2 ::1 26/Nov/2025/16/53/44 GET /v1/AUTH_409fd6cec580481f99da44d910b5ed36/gnocchi.872b3ce9-5ccf-4255-a2ed-ea473eff4e22/none_v3 HTTP/1.0 404 - python-swiftclient-3.11.1 gAAAAABpJy_Oa3lh... - 70 - tx7ef74daaeab34c4784c1d-0069273098 - 0.0116 - - 1764176024.069201946 1764176024.080824137 0
Nov 26 16:53:44 standalone account-server[122978]: 172.20.0.100 - - [26/Nov/2025:16:53:44 +0000] "PUT /d1/21/AUTH_409fd6cec580481f99da44d910b5ed36/gnocchi.872b3ce9-5ccf-4255-a2ed-ea473eff4e22" 201 - "PUT http://172.20.0.100:6001/d1/337/AUTH_409fd6cec580481f99da44d910b5ed36/gnocchi.872b3ce9-5ccf-4255-a2ed-ea473eff4e22" "tx4ca17a20441341bcaaa02-0069273098" "container-server 22" 0.0065 "-" 22 0
Nov 26 16:53:44 standalone container-server[122976]: 172.20.0.100 - - [26/Nov/2025:16:53:44 +0000] "PUT /d1/337/AUTH_409fd6cec580481f99da44d910b5ed36/gnocchi.872b3ce9-5ccf-4255-a2ed-ea473eff4e22" 201 - "PUT http://localhost:8080/v1/AUTH_409fd6cec580481f99da44d910b5ed36/gnocchi.872b3ce9-5ccf-4255-a2ed-ea473eff4e22" "tx4ca17a20441341bcaaa02-0069273098" "proxy-server 21" 0.0226 "-" 22 0
Nov 26 16:53:44 standalone proxy-server[124988]: 172.18.0.2 ::1 26/Nov/2025/16/53/44 PUT /v1/AUTH_409fd6cec580481f99da44d910b5ed36/gnocchi.872b3ce9-5ccf-4255-a2ed-ea473eff4e22 HTTP/1.0 201 - python-swiftclient-3.11.1 gAAAAABpJy_Oa3lh... - - - tx4ca17a20441341bcaaa02-0069273098 - 0.0291 - - 1764176024.084858894 1764176024.113996506 0
Nov 26 16:53:44 standalone container-server[122976]: 172.20.0.100 - - [26/Nov/2025:16:53:44 +0000] "HEAD /d1/337/AUTH_409fd6cec580481f99da44d910b5ed36/gnocchi.872b3ce9-5ccf-4255-a2ed-ea473eff4e22" 204 - "HEAD http://localhost:8080/v1/AUTH_409fd6cec580481f99da44d910b5ed36/gnocchi.872b3ce9-5ccf-4255-a2ed-ea473eff4e22?format=json&states=listing" "txb9ff43f413cc4eaabe063-0069273098" "proxy-server 21" 0.0020 "-" 22 0
Nov 26 16:53:44 standalone proxy-server[124988]: - - 26/Nov/2025/16/53/44 HEAD /v1/AUTH_409fd6cec580481f99da44d910b5ed36/gnocchi.872b3ce9-5ccf-4255-a2ed-ea473eff4e22%3Fformat%3Djson%26states%3Dlisting HTTP/1.0 204 - Swift - - - - txb9ff43f413cc4eaabe063-0069273098 - 0.0070 RL - 1764176024.121318817 1764176024.128362179 0
Nov 26 16:53:44 standalone container-server[122979]: 172.20.0.100 - - [26/Nov/2025:16:53:44 +0000] "GET /d1/337/AUTH_409fd6cec580481f99da44d910b5ed36/gnocchi.872b3ce9-5ccf-4255-a2ed-ea473eff4e22" 200 2 "GET http://localhost:8080/v1/AUTH_409fd6cec580481f99da44d910b5ed36/gnocchi.872b3ce9-5ccf-4255-a2ed-ea473eff4e22?format=json&states=listing" "txb9ff43f413cc4eaabe063-0069273098" "proxy-server 21" 0.0032 "-" 23 0
Nov 26 16:53:44 standalone proxy-server[124988]: 172.18.0.2 ::1 26/Nov/2025/16/53/44 GET /v1/AUTH_409fd6cec580481f99da44d910b5ed36/gnocchi.872b3ce9-5ccf-4255-a2ed-ea473eff4e22%3Fformat%3Djson%26states%3Dlisting HTTP/1.0 200 - python-swiftclient-3.11.1 gAAAAABpJy_Oa3lh... - 2 - txb9ff43f413cc4eaabe063-0069273098 - 0.0206 - - 1764176024.119772911 1764176024.140397310 0
Nov 26 16:53:44 standalone object-server[123161]: 172.20.0.100 - - [26/Nov/2025:16:53:44 +0000] "GET /d1/375/AUTH_409fd6cec580481f99da44d910b5ed36/gnocchi.872b3ce9-5ccf-4255-a2ed-ea473eff4e22/1763640000.0_mean_300.0_v3" 404 70 "GET http://localhost:8080/v1/AUTH_409fd6cec580481f99da44d910b5ed36/gnocchi.872b3ce9-5ccf-4255-a2ed-ea473eff4e22/1763640000.0_mean_300.0_v3" "txd080cb871ea64ca4b3a35-0069273098" "proxy-server 21" 0.0005 "-" 23 0
Nov 26 16:53:44 standalone proxy-server[124988]: 172.18.0.2 ::1 26/Nov/2025/16/53/44 GET /v1/AUTH_409fd6cec580481f99da44d910b5ed36/gnocchi.872b3ce9-5ccf-4255-a2ed-ea473eff4e22/1763640000.0_mean_300.0_v3 HTTP/1.0 404 - python-swiftclient-3.11.1 gAAAAABpJy_Oa3lh... - 70 - txd080cb871ea64ca4b3a35-0069273098 - 0.0082 - - 1764176024.152421951 1764176024.160586596 0
Nov 26 16:53:44 standalone container-server[122967]: 172.20.0.100 - - [26/Nov/2025:16:53:44 +0000] "PUT /d1/337/AUTH_409fd6cec580481f99da44d910b5ed36/gnocchi.872b3ce9-5ccf-4255-a2ed-ea473eff4e22/1763640000.0_mean_300.0_v3" 201 - "PUT http://localhost:8080/d1/375/AUTH_409fd6cec580481f99da44d910b5ed36/gnocchi.872b3ce9-5ccf-4255-a2ed-ea473eff4e22/1763640000.0_mean_300.0_v3" "txb61dcf764b364dfb88bcd-0069273098" "object-server 21" 0.0009 "-" 21 0
Nov 26 16:53:44 standalone object-server[123158]: 172.20.0.100 - - [26/Nov/2025:16:53:44 +0000] "PUT /d1/375/AUTH_409fd6cec580481f99da44d910b5ed36/gnocchi.872b3ce9-5ccf-4255-a2ed-ea473eff4e22/1763640000.0_mean_300.0_v3" 201 - "PUT http://localhost:8080/v1/AUTH_409fd6cec580481f99da44d910b5ed36/gnocchi.872b3ce9-5ccf-4255-a2ed-ea473eff4e22/1763640000.0_mean_300.0_v3" "txb61dcf764b364dfb88bcd-0069273098" "proxy-server 21" 0.0107 "-" 21 0
Nov 26 16:53:44 standalone proxy-server[124988]: 172.18.0.2 ::1 26/Nov/2025/16/53/44 PUT /v1/AUTH_409fd6cec580481f99da44d910b5ed36/gnocchi.872b3ce9-5ccf-4255-a2ed-ea473eff4e22/1763640000.0_mean_300.0_v3 HTTP/1.0 201 - python-swiftclient-3.11.1 gAAAAABpJy_Oa3lh... 16 - - txb61dcf764b364dfb88bcd-0069273098 - 0.0178 - - 1764176024.165188074 1764176024.183012962 0
Nov 26 16:53:44 standalone container-server[122976]: 172.20.0.100 - - [26/Nov/2025:16:53:44 +0000] "PUT /d1/337/AUTH_409fd6cec580481f99da44d910b5ed36/gnocchi.872b3ce9-5ccf-4255-a2ed-ea473eff4e22/none_v3" 201 - "PUT http://localhost:8080/d1/336/AUTH_409fd6cec580481f99da44d910b5ed36/gnocchi.872b3ce9-5ccf-4255-a2ed-ea473eff4e22/none_v3" "tx0f10c2c1c3424ebb82c10-0069273098" "object-server 23" 0.0007 "-" 22 0
Nov 26 16:53:44 standalone object-server[123161]: 172.20.0.100 - - [26/Nov/2025:16:53:44 +0000] "PUT /d1/336/AUTH_409fd6cec580481f99da44d910b5ed36/gnocchi.872b3ce9-5ccf-4255-a2ed-ea473eff4e22/none_v3" 201 - "PUT http://localhost:8080/v1/AUTH_409fd6cec580481f99da44d910b5ed36/gnocchi.872b3ce9-5ccf-4255-a2ed-ea473eff4e22/none_v3" "tx0f10c2c1c3424ebb82c10-0069273098" "proxy-server 21" 0.0102 "-" 23 0
Nov 26 16:53:44 standalone proxy-server[124988]: 172.18.0.2 ::1 26/Nov/2025/16/53/44 PUT /v1/AUTH_409fd6cec580481f99da44d910b5ed36/gnocchi.872b3ce9-5ccf-4255-a2ed-ea473eff4e22/none_v3 HTTP/1.0 201 - python-swiftclient-3.11.1 gAAAAABpJy_Oa3lh... 22 - - tx0f10c2c1c3424ebb82c10-0069273098 - 0.0176 - - 1764176024.187104702 1764176024.204679251 0
Nov 26 16:53:44 standalone container-server[122976]: 172.20.0.100 - - [26/Nov/2025:16:53:44 +0000] "HEAD /d1/739/AUTH_409fd6cec580481f99da44d910b5ed36/gnocchi.a2f64439-672e-4c43-a371-4a0ea5fd47ef" 404 - "HEAD http://localhost:8080/v1/AUTH_409fd6cec580481f99da44d910b5ed36/gnocchi.a2f64439-672e-4c43-a371-4a0ea5fd47ef?format=json&states=listing" "tx3e9f301911304275b799b-0069273098" "proxy-server 21" 0.0006 "-" 22 0
Nov 26 16:53:44 standalone object-server[123162]: 172.20.0.100 - - [26/Nov/2025:16:53:44 +0000] "GET /d1/62/AUTH_409fd6cec580481f99da44d910b5ed36/gnocchi.a2f64439-672e-4c43-a371-4a0ea5fd47ef/none_v3" 404 70 "GET http://localhost:8080/v1/AUTH_409fd6cec580481f99da44d910b5ed36/gnocchi.a2f64439-672e-4c43-a371-4a0ea5fd47ef/none_v3" "tx3e9f301911304275b799b-0069273098" "proxy-server 21" 0.0004 "-" 24 0
Nov 26 16:53:44 standalone proxy-server[124988]: 172.18.0.2 ::1 26/Nov/2025/16/53/44 GET /v1/AUTH_409fd6cec580481f99da44d910b5ed36/gnocchi.a2f64439-672e-4c43-a371-4a0ea5fd47ef/none_v3 HTTP/1.0 404 - python-swiftclient-3.11.1 gAAAAABpJy_Oa3lh... - 70 - tx3e9f301911304275b799b-0069273098 - 0.0127 - - 1764176024.220984221 1764176024.233697176 0
Nov 26 16:53:44 standalone account-server[122985]: 172.20.0.100 - - [26/Nov/2025:16:53:44 +0000] "PUT /d1/21/AUTH_409fd6cec580481f99da44d910b5ed36/gnocchi.a2f64439-672e-4c43-a371-4a0ea5fd47ef" 201 - "PUT http://172.20.0.100:6001/d1/739/AUTH_409fd6cec580481f99da44d910b5ed36/gnocchi.a2f64439-672e-4c43-a371-4a0ea5fd47ef" "tx19d284acfa3e4adab53ef-0069273098" "container-server 22" 0.0053 "-" 23 0
Nov 26 16:53:44 standalone container-server[122976]: 172.20.0.100 - - [26/Nov/2025:16:53:44 +0000] "PUT /d1/739/AUTH_409fd6cec580481f99da44d910b5ed36/gnocchi.a2f64439-672e-4c43-a371-4a0ea5fd47ef" 201 - "PUT http://localhost:8080/v1/AUTH_409fd6cec580481f99da44d910b5ed36/gnocchi.a2f64439-672e-4c43-a371-4a0ea5fd47ef" "tx19d284acfa3e4adab53ef-0069273098" "proxy-server 21" 0.0173 "-" 22 0
Nov 26 16:53:44 standalone proxy-server[124988]: 172.18.0.2 ::1 26/Nov/2025/16/53/44 PUT /v1/AUTH_409fd6cec580481f99da44d910b5ed36/gnocchi.a2f64439-672e-4c43-a371-4a0ea5fd47ef HTTP/1.0 201 - python-swiftclient-3.11.1 gAAAAABpJy_Oa3lh... - - - tx19d284acfa3e4adab53ef-0069273098 - 0.0244 - - 1764176024.238183260 1764176024.262562513 0
Nov 26 16:53:44 standalone container-server[122967]: 172.20.0.100 - - [26/Nov/2025:16:53:44 +0000] "HEAD /d1/739/AUTH_409fd6cec580481f99da44d910b5ed36/gnocchi.a2f64439-672e-4c43-a371-4a0ea5fd47ef" 204 - "HEAD http://localhost:8080/v1/AUTH_409fd6cec580481f99da44d910b5ed36/gnocchi.a2f64439-672e-4c43-a371-4a0ea5fd47ef?format=json&states=listing" "txe55cbca68930434782b39-0069273098" "proxy-server 21" 0.0021 "-" 21 0
Nov 26 16:53:44 standalone proxy-server[124988]: - - 26/Nov/2025/16/53/44 HEAD /v1/AUTH_409fd6cec580481f99da44d910b5ed36/gnocchi.a2f64439-672e-4c43-a371-4a0ea5fd47ef%3Fformat%3Djson%26states%3Dlisting HTTP/1.0 204 - Swift - - - - txe55cbca68930434782b39-0069273098 - 0.0075 RL - 1764176024.270553589 1764176024.278030634 0
Nov 26 16:53:44 standalone container-server[122979]: 172.20.0.100 - - [26/Nov/2025:16:53:44 +0000] "GET /d1/739/AUTH_409fd6cec580481f99da44d910b5ed36/gnocchi.a2f64439-672e-4c43-a371-4a0ea5fd47ef" 200 2 "GET http://localhost:8080/v1/AUTH_409fd6cec580481f99da44d910b5ed36/gnocchi.a2f64439-672e-4c43-a371-4a0ea5fd47ef?format=json&states=listing" "txe55cbca68930434782b39-0069273098" "proxy-server 21" 0.0041 "-" 23 0
Nov 26 16:53:44 standalone proxy-server[124988]: 172.18.0.2 ::1 26/Nov/2025/16/53/44 GET /v1/AUTH_409fd6cec580481f99da44d910b5ed36/gnocchi.a2f64439-672e-4c43-a371-4a0ea5fd47ef%3Fformat%3Djson%26states%3Dlisting HTTP/1.0 200 - python-swiftclient-3.11.1 gAAAAABpJy_Oa3lh... - 2 - txe55cbca68930434782b39-0069273098 - 0.0226 - - 1764176024.268693924 1764176024.291337967 0
Nov 26 16:53:44 standalone object-server[123158]: 172.20.0.100 - - [26/Nov/2025:16:53:44 +0000] "GET /d1/521/AUTH_409fd6cec580481f99da44d910b5ed36/gnocchi.a2f64439-672e-4c43-a371-4a0ea5fd47ef/1763640000.0_mean_300.0_v3" 404 70 "GET http://localhost:8080/v1/AUTH_409fd6cec580481f99da44d910b5ed36/gnocchi.a2f64439-672e-4c43-a371-4a0ea5fd47ef/1763640000.0_mean_300.0_v3" "tx69e0d86c22a0473f8e3a9-0069273098" "proxy-server 21" 0.0006 "-" 21 0
Nov 26 16:53:44 standalone proxy-server[124988]: 172.18.0.2 ::1 26/Nov/2025/16/53/44 GET /v1/AUTH_409fd6cec580481f99da44d910b5ed36/gnocchi.a2f64439-672e-4c43-a371-4a0ea5fd47ef/1763640000.0_mean_300.0_v3 HTTP/1.0 404 - python-swiftclient-3.11.1 gAAAAABpJy_Oa3lh... - 70 - tx69e0d86c22a0473f8e3a9-0069273098 - 0.0079 - - 1764176024.297157049 1764176024.305056572 0
Nov 26 16:53:44 standalone container-server[122967]: 172.20.0.100 - - [26/Nov/2025:16:53:44 +0000] "PUT /d1/739/AUTH_409fd6cec580481f99da44d910b5ed36/gnocchi.a2f64439-672e-4c43-a371-4a0ea5fd47ef/1763640000.0_mean_300.0_v3" 201 - "PUT http://localhost:8080/d1/521/AUTH_409fd6cec580481f99da44d910b5ed36/gnocchi.a2f64439-672e-4c43-a371-4a0ea5fd47ef/1763640000.0_mean_300.0_v3" "tx55b514f6f11a43a3869a6-0069273098" "object-server 24" 0.0008 "-" 21 0
Nov 26 16:53:44 standalone object-server[123162]: 172.20.0.100 - - [26/Nov/2025:16:53:44 +0000] "PUT /d1/521/AUTH_409fd6cec580481f99da44d910b5ed36/gnocchi.a2f64439-672e-4c43-a371-4a0ea5fd47ef/1763640000.0_mean_300.0_v3" 201 - "PUT http://localhost:8080/v1/AUTH_409fd6cec580481f99da44d910b5ed36/gnocchi.a2f64439-672e-4c43-a371-4a0ea5fd47ef/1763640000.0_mean_300.0_v3" "tx55b514f6f11a43a3869a6-0069273098" "proxy-server 21" 0.0097 "-" 24 0
Nov 26 16:53:44 standalone proxy-server[124988]: 172.18.0.2 ::1 26/Nov/2025/16/53/44 PUT /v1/AUTH_409fd6cec580481f99da44d910b5ed36/gnocchi.a2f64439-672e-4c43-a371-4a0ea5fd47ef/1763640000.0_mean_300.0_v3 HTTP/1.0 201 - python-swiftclient-3.11.1 gAAAAABpJy_Oa3lh... 16 - - tx55b514f6f11a43a3869a6-0069273098 - 0.0174 - - 1764176024.309605360 1764176024.327053785 0
Nov 26 16:53:44 standalone container-server[122967]: 172.20.0.100 - - [26/Nov/2025:16:53:44 +0000] "PUT /d1/739/AUTH_409fd6cec580481f99da44d910b5ed36/gnocchi.a2f64439-672e-4c43-a371-4a0ea5fd47ef/none_v3" 201 - "PUT http://localhost:8080/d1/62/AUTH_409fd6cec580481f99da44d910b5ed36/gnocchi.a2f64439-672e-4c43-a371-4a0ea5fd47ef/none_v3" "txba7212390e7a4945a8dc2-0069273098" "object-server 24" 0.0009 "-" 21 0
Nov 26 16:53:44 standalone object-server[123162]: 172.20.0.100 - - [26/Nov/2025:16:53:44 +0000] "PUT /d1/62/AUTH_409fd6cec580481f99da44d910b5ed36/gnocchi.a2f64439-672e-4c43-a371-4a0ea5fd47ef/none_v3" 201 - "PUT http://localhost:8080/v1/AUTH_409fd6cec580481f99da44d910b5ed36/gnocchi.a2f64439-672e-4c43-a371-4a0ea5fd47ef/none_v3" "txba7212390e7a4945a8dc2-0069273098" "proxy-server 21" 0.0150 "-" 24 0
Nov 26 16:53:44 standalone proxy-server[124988]: 172.18.0.2 ::1 26/Nov/2025/16/53/44 PUT /v1/AUTH_409fd6cec580481f99da44d910b5ed36/gnocchi.a2f64439-672e-4c43-a371-4a0ea5fd47ef/none_v3 HTTP/1.0 201 - python-swiftclient-3.11.1 gAAAAABpJy_Oa3lh... 22 - - txba7212390e7a4945a8dc2-0069273098 - 0.0220 - - 1764176024.332887650 1764176024.354905844 0
Nov 26 16:53:44 standalone container-server[122976]: 172.20.0.100 - - [26/Nov/2025:16:53:44 +0000] "HEAD /d1/6/AUTH_409fd6cec580481f99da44d910b5ed36/gnocchi.071b4e73-06ff-42e2-8187-24276b0f6e11" 404 - "HEAD http://localhost:8080/v1/AUTH_409fd6cec580481f99da44d910b5ed36/gnocchi.071b4e73-06ff-42e2-8187-24276b0f6e11?format=json&states=listing" "tx6811e379b8c74c28b5029-0069273098" "proxy-server 21" 0.0004 "-" 22 0
Nov 26 16:53:44 standalone object-server[123161]: 172.20.0.100 - - [26/Nov/2025:16:53:44 +0000] "GET /d1/796/AUTH_409fd6cec580481f99da44d910b5ed36/gnocchi.071b4e73-06ff-42e2-8187-24276b0f6e11/none_v3" 404 70 "GET http://localhost:8080/v1/AUTH_409fd6cec580481f99da44d910b5ed36/gnocchi.071b4e73-06ff-42e2-8187-24276b0f6e11/none_v3" "tx6811e379b8c74c28b5029-0069273098" "proxy-server 21" 0.0005 "-" 23 0
Nov 26 16:53:44 standalone proxy-server[124988]: 172.18.0.2 ::1 26/Nov/2025/16/53/44 GET /v1/AUTH_409fd6cec580481f99da44d910b5ed36/gnocchi.071b4e73-06ff-42e2-8187-24276b0f6e11/none_v3 HTTP/1.0 404 - python-swiftclient-3.11.1 gAAAAABpJy_Oa3lh... - 70 - tx6811e379b8c74c28b5029-0069273098 - 0.0147 - - 1764176024.365789890 1764176024.380514145 0
Nov 26 16:53:44 standalone container-server[123023]: Begin container update sweep
Nov 26 16:53:44 standalone account-server[122970]: 172.20.0.100 - - [26/Nov/2025:16:53:44 +0000] "PUT /d1/21/AUTH_409fd6cec580481f99da44d910b5ed36/gnocchi.071b4e73-06ff-42e2-8187-24276b0f6e11" 201 - "PUT http://172.20.0.100:6001/d1/6/AUTH_409fd6cec580481f99da44d910b5ed36/gnocchi.071b4e73-06ff-42e2-8187-24276b0f6e11" "tx62940b983b494490ae7cb-0069273098" "container-server 20" 0.0048 "-" 20 0
Nov 26 16:53:44 standalone container-server[122961]: 172.20.0.100 - - [26/Nov/2025:16:53:44 +0000] "PUT /d1/6/AUTH_409fd6cec580481f99da44d910b5ed36/gnocchi.071b4e73-06ff-42e2-8187-24276b0f6e11" 201 - "PUT http://localhost:8080/v1/AUTH_409fd6cec580481f99da44d910b5ed36/gnocchi.071b4e73-06ff-42e2-8187-24276b0f6e11" "tx62940b983b494490ae7cb-0069273098" "proxy-server 21" 0.0196 "-" 20 0
Nov 26 16:53:44 standalone proxy-server[124988]: 172.18.0.2 ::1 26/Nov/2025/16/53/44 PUT /v1/AUTH_409fd6cec580481f99da44d910b5ed36/gnocchi.071b4e73-06ff-42e2-8187-24276b0f6e11 HTTP/1.0 201 - python-swiftclient-3.11.1 gAAAAABpJy_Oa3lh... - - - tx62940b983b494490ae7cb-0069273098 - 0.0289 - - 1764176024.384622097 1764176024.413534880 0
Nov 26 16:53:44 standalone container-server[122967]: 172.20.0.100 - - [26/Nov/2025:16:53:44 +0000] "HEAD /d1/6/AUTH_409fd6cec580481f99da44d910b5ed36/gnocchi.071b4e73-06ff-42e2-8187-24276b0f6e11" 204 - "HEAD http://localhost:8080/v1/AUTH_409fd6cec580481f99da44d910b5ed36/gnocchi.071b4e73-06ff-42e2-8187-24276b0f6e11?format=json&states=listing" "tx474bce15abf9467b8275d-0069273098" "proxy-server 21" 0.0032 "-" 21 0
Nov 26 16:53:44 standalone proxy-server[124988]: - - 26/Nov/2025/16/53/44 HEAD /v1/AUTH_409fd6cec580481f99da44d910b5ed36/gnocchi.071b4e73-06ff-42e2-8187-24276b0f6e11%3Fformat%3Djson%26states%3Dlisting HTTP/1.0 204 - Swift - - - - tx474bce15abf9467b8275d-0069273098 - 0.0087 RL - 1764176024.421993494 1764176024.430694103 0
Nov 26 16:53:44 standalone container-server[122979]: 172.20.0.100 - - [26/Nov/2025:16:53:44 +0000] "GET /d1/6/AUTH_409fd6cec580481f99da44d910b5ed36/gnocchi.071b4e73-06ff-42e2-8187-24276b0f6e11" 200 2 "GET http://localhost:8080/v1/AUTH_409fd6cec580481f99da44d910b5ed36/gnocchi.071b4e73-06ff-42e2-8187-24276b0f6e11?format=json&states=listing" "tx474bce15abf9467b8275d-0069273098" "proxy-server 21" 0.0036 "-" 23 0
Nov 26 16:53:44 standalone proxy-server[124988]: 172.18.0.2 ::1 26/Nov/2025/16/53/44 GET /v1/AUTH_409fd6cec580481f99da44d910b5ed36/gnocchi.071b4e73-06ff-42e2-8187-24276b0f6e11%3Fformat%3Djson%26states%3Dlisting HTTP/1.0 200 - python-swiftclient-3.11.1 gAAAAABpJy_Oa3lh... - 2 - tx474bce15abf9467b8275d-0069273098 - 0.0282 - - 1764176024.420037270 1764176024.448266268 0
Nov 26 16:53:44 standalone account-server[122970]: 172.20.0.100 - - [26/Nov/2025:16:53:44 +0000] "PUT /d1/21/AUTH_409fd6cec580481f99da44d910b5ed36/gnocchi.c185612f-1fae-41d1-a0e0-a3690fd70a8e" 201 - "-" "-" "container-updater 2" 0.0005 "-" 20 0
Nov 26 16:53:44 standalone object-server[123161]: 172.20.0.100 - - [26/Nov/2025:16:53:44 +0000] "GET /d1/37/AUTH_409fd6cec580481f99da44d910b5ed36/gnocchi.071b4e73-06ff-42e2-8187-24276b0f6e11/1763640000.0_mean_300.0_v3" 404 70 "GET http://localhost:8080/v1/AUTH_409fd6cec580481f99da44d910b5ed36/gnocchi.071b4e73-06ff-42e2-8187-24276b0f6e11/1763640000.0_mean_300.0_v3" "tx61cd925e373e47bba75e6-0069273098" "proxy-server 21" 0.0017 "-" 23 0
Nov 26 16:53:44 standalone proxy-server[124988]: 172.18.0.2 ::1 26/Nov/2025/16/53/44 GET /v1/AUTH_409fd6cec580481f99da44d910b5ed36/gnocchi.071b4e73-06ff-42e2-8187-24276b0f6e11/1763640000.0_mean_300.0_v3 HTTP/1.0 404 - python-swiftclient-3.11.1 gAAAAABpJy_Oa3lh... - 70 - tx61cd925e373e47bba75e6-0069273098 - 0.0102 - - 1764176024.456462383 1764176024.466691732 0
Nov 26 16:53:44 standalone container-server[122961]: 172.20.0.100 - - [26/Nov/2025:16:53:44 +0000] "PUT /d1/6/AUTH_409fd6cec580481f99da44d910b5ed36/gnocchi.071b4e73-06ff-42e2-8187-24276b0f6e11/1763640000.0_mean_300.0_v3" 201 - "PUT http://localhost:8080/d1/37/AUTH_409fd6cec580481f99da44d910b5ed36/gnocchi.071b4e73-06ff-42e2-8187-24276b0f6e11/1763640000.0_mean_300.0_v3" "tx40efc0306125410c9e7a3-0069273098" "object-server 24" 0.0007 "-" 20 0
Nov 26 16:53:44 standalone object-server[123162]: 172.20.0.100 - - [26/Nov/2025:16:53:44 +0000] "PUT /d1/37/AUTH_409fd6cec580481f99da44d910b5ed36/gnocchi.071b4e73-06ff-42e2-8187-24276b0f6e11/1763640000.0_mean_300.0_v3" 201 - "PUT http://localhost:8080/v1/AUTH_409fd6cec580481f99da44d910b5ed36/gnocchi.071b4e73-06ff-42e2-8187-24276b0f6e11/1763640000.0_mean_300.0_v3" "tx40efc0306125410c9e7a3-0069273098" "proxy-server 21" 0.0114 "-" 24 0
Nov 26 16:53:44 standalone proxy-server[124988]: 172.18.0.2 ::1 26/Nov/2025/16/53/44 PUT /v1/AUTH_409fd6cec580481f99da44d910b5ed36/gnocchi.071b4e73-06ff-42e2-8187-24276b0f6e11/1763640000.0_mean_300.0_v3 HTTP/1.0 201 - python-swiftclient-3.11.1 gAAAAABpJy_Oa3lh... 16 - - tx40efc0306125410c9e7a3-0069273098 - 0.0212 - - 1764176024.472416878 1764176024.493655443 0
Nov 26 16:53:44 standalone container-server[122961]: 172.20.0.100 - - [26/Nov/2025:16:53:44 +0000] "PUT /d1/6/AUTH_409fd6cec580481f99da44d910b5ed36/gnocchi.071b4e73-06ff-42e2-8187-24276b0f6e11/none_v3" 201 - "PUT http://localhost:8080/d1/796/AUTH_409fd6cec580481f99da44d910b5ed36/gnocchi.071b4e73-06ff-42e2-8187-24276b0f6e11/none_v3" "txded16d8ff0d642d08b76a-0069273098" "object-server 25" 0.0006 "-" 20 0
Nov 26 16:53:44 standalone object-server[123166]: 172.20.0.100 - - [26/Nov/2025:16:53:44 +0000] "PUT /d1/796/AUTH_409fd6cec580481f99da44d910b5ed36/gnocchi.071b4e73-06ff-42e2-8187-24276b0f6e11/none_v3" 201 - "PUT http://localhost:8080/v1/AUTH_409fd6cec580481f99da44d910b5ed36/gnocchi.071b4e73-06ff-42e2-8187-24276b0f6e11/none_v3" "txded16d8ff0d642d08b76a-0069273098" "proxy-server 21" 0.0109 "-" 25 0
Nov 26 16:53:44 standalone proxy-server[124988]: 172.18.0.2 ::1 26/Nov/2025/16/53/44 PUT /v1/AUTH_409fd6cec580481f99da44d910b5ed36/gnocchi.071b4e73-06ff-42e2-8187-24276b0f6e11/none_v3 HTTP/1.0 201 - python-swiftclient-3.11.1 gAAAAABpJy_Oa3lh... 22 - - txded16d8ff0d642d08b76a-0069273098 - 0.0180 - - 1764176024.498925209 1764176024.516953707 0
Nov 26 16:53:44 standalone container-server[122961]: 172.20.0.100 - - [26/Nov/2025:16:53:44 +0000] "HEAD /d1/899/AUTH_409fd6cec580481f99da44d910b5ed36/gnocchi.dc9da84b-1acf-4ab2-9566-0984e4d7e60c" 404 - "HEAD http://localhost:8080/v1/AUTH_409fd6cec580481f99da44d910b5ed36/gnocchi.dc9da84b-1acf-4ab2-9566-0984e4d7e60c?format=json&states=listing" "tx5b4719ff0699482fafd4c-0069273098" "proxy-server 21" 0.0005 "-" 20 0
Nov 26 16:53:44 standalone object-server[123158]: 172.20.0.100 - - [26/Nov/2025:16:53:44 +0000] "GET /d1/712/AUTH_409fd6cec580481f99da44d910b5ed36/gnocchi.dc9da84b-1acf-4ab2-9566-0984e4d7e60c/none_v3" 404 70 "GET http://localhost:8080/v1/AUTH_409fd6cec580481f99da44d910b5ed36/gnocchi.dc9da84b-1acf-4ab2-9566-0984e4d7e60c/none_v3" "tx5b4719ff0699482fafd4c-0069273098" "proxy-server 21" 0.0004 "-" 21 0
Nov 26 16:53:44 standalone proxy-server[124988]: 172.18.0.2 ::1 26/Nov/2025/16/53/44 GET /v1/AUTH_409fd6cec580481f99da44d910b5ed36/gnocchi.dc9da84b-1acf-4ab2-9566-0984e4d7e60c/none_v3 HTTP/1.0 404 - python-swiftclient-3.11.1 gAAAAABpJy_Oa3lh... - 70 - tx5b4719ff0699482fafd4c-0069273098 - 0.0098 - - 1764176024.529028416 1764176024.538859367 0
Nov 26 16:53:44 standalone account-server[122970]: 172.20.0.100 - - [26/Nov/2025:16:53:44 +0000] "PUT /d1/21/AUTH_409fd6cec580481f99da44d910b5ed36/gnocchi.dc9da84b-1acf-4ab2-9566-0984e4d7e60c" 201 - "PUT http://172.20.0.100:6001/d1/899/AUTH_409fd6cec580481f99da44d910b5ed36/gnocchi.dc9da84b-1acf-4ab2-9566-0984e4d7e60c" "tx4f6b2ebaed334029829bd-0069273098" "container-server 21" 0.0055 "-" 20 0
Nov 26 16:53:44 standalone container-server[122967]: 172.20.0.100 - - [26/Nov/2025:16:53:44 +0000] "PUT /d1/899/AUTH_409fd6cec580481f99da44d910b5ed36/gnocchi.dc9da84b-1acf-4ab2-9566-0984e4d7e60c" 201 - "PUT http://localhost:8080/v1/AUTH_409fd6cec580481f99da44d910b5ed36/gnocchi.dc9da84b-1acf-4ab2-9566-0984e4d7e60c" "tx4f6b2ebaed334029829bd-0069273098" "proxy-server 21" 0.0186 "-" 21 0
Nov 26 16:53:44 standalone account-server[122973]: 172.20.0.100 - - [26/Nov/2025:16:53:44 +0000] "PUT /d1/21/AUTH_409fd6cec580481f99da44d910b5ed36/gnocchi.26bd2881-29d1-48b6-99d2-35b0857f878f" 201 - "-" "-" "container-updater 2" 0.0006 "-" 21 0
Nov 26 16:53:44 standalone proxy-server[124988]: 172.18.0.2 ::1 26/Nov/2025/16/53/44 PUT /v1/AUTH_409fd6cec580481f99da44d910b5ed36/gnocchi.dc9da84b-1acf-4ab2-9566-0984e4d7e60c HTTP/1.0 201 - python-swiftclient-3.11.1 gAAAAABpJy_Oa3lh... - - - tx4f6b2ebaed334029829bd-0069273098 - 0.0266 - - 1764176024.542057753 1764176024.568657875 0
Nov 26 16:53:44 standalone container-server[122979]: 172.20.0.100 - - [26/Nov/2025:16:53:44 +0000] "HEAD /d1/899/AUTH_409fd6cec580481f99da44d910b5ed36/gnocchi.dc9da84b-1acf-4ab2-9566-0984e4d7e60c" 204 - "HEAD http://localhost:8080/v1/AUTH_409fd6cec580481f99da44d910b5ed36/gnocchi.dc9da84b-1acf-4ab2-9566-0984e4d7e60c?format=json&states=listing" "tx24e55e2ecce7471d9d680-0069273098" "proxy-server 21" 0.0023 "-" 23 0
Nov 26 16:53:44 standalone proxy-server[124988]: - - 26/Nov/2025/16/53/44 HEAD /v1/AUTH_409fd6cec580481f99da44d910b5ed36/gnocchi.dc9da84b-1acf-4ab2-9566-0984e4d7e60c%3Fformat%3Djson%26states%3Dlisting HTTP/1.0 204 - Swift - - - - tx24e55e2ecce7471d9d680-0069273098 - 0.0069 RL - 1764176024.576598167 1764176024.583461523 0
Nov 26 16:53:44 standalone container-server[122961]: 172.20.0.100 - - [26/Nov/2025:16:53:44 +0000] "GET /d1/899/AUTH_409fd6cec580481f99da44d910b5ed36/gnocchi.dc9da84b-1acf-4ab2-9566-0984e4d7e60c" 200 2 "GET http://localhost:8080/v1/AUTH_409fd6cec580481f99da44d910b5ed36/gnocchi.dc9da84b-1acf-4ab2-9566-0984e4d7e60c?format=json&states=listing" "tx24e55e2ecce7471d9d680-0069273098" "proxy-server 21" 0.0022 "-" 20 0
Nov 26 16:53:44 standalone proxy-server[124988]: 172.18.0.2 ::1 26/Nov/2025/16/53/44 GET /v1/AUTH_409fd6cec580481f99da44d910b5ed36/gnocchi.dc9da84b-1acf-4ab2-9566-0984e4d7e60c%3Fformat%3Djson%26states%3Dlisting HTTP/1.0 200 - python-swiftclient-3.11.1 gAAAAABpJy_Oa3lh... - 2 - tx24e55e2ecce7471d9d680-0069273098 - 0.0223 - - 1764176024.573126078 1764176024.595393896 0
