Nov 26 16:51:29 standalone object-server[123158]: 172.20.0.100 - - [26/Nov/2025:16:51:29 +0000] "GET /d1/117/AUTH_409fd6cec580481f99da44d910b5ed36/gnocchi.5445970b-102f-4e37-bf97-01aacf6ee60b/1763640000.0_mean_300.0_v3" 404 70 "GET http://localhost:8080/v1/AUTH_409fd6cec580481f99da44d910b5ed36/gnocchi.5445970b-102f-4e37-bf97-01aacf6ee60b/1763640000.0_mean_300.0_v3" "txae95ceea65f34dfda0ffb-0069273011" "proxy-server 21" 0.0004 "-" 21 0
Nov 26 16:51:29 standalone proxy-server[124988]: 172.18.0.2 ::1 26/Nov/2025/16/51/29 GET /v1/AUTH_409fd6cec580481f99da44d910b5ed36/gnocchi.5445970b-102f-4e37-bf97-01aacf6ee60b/1763640000.0_mean_300.0_v3 HTTP/1.0 404 - python-swiftclient-3.11.1 gAAAAABpJy_Oa3lh... - 70 - txae95ceea65f34dfda0ffb-0069273011 - 0.0067 - - 1764175889.522402763 1764175889.529146910 0
Nov 26 16:51:29 standalone container-server[122979]: 172.20.0.100 - - [26/Nov/2025:16:51:29 +0000] "PUT /d1/831/AUTH_409fd6cec580481f99da44d910b5ed36/gnocchi.5445970b-102f-4e37-bf97-01aacf6ee60b/1763640000.0_mean_300.0_v3" 201 - "PUT http://localhost:8080/d1/117/AUTH_409fd6cec580481f99da44d910b5ed36/gnocchi.5445970b-102f-4e37-bf97-01aacf6ee60b/1763640000.0_mean_300.0_v3" "txd7541dcca6c44c9dbaeb6-0069273011" "object-server 24" 0.0011 "-" 23 0
Nov 26 16:51:29 standalone object-server[123162]: 172.20.0.100 - - [26/Nov/2025:16:51:29 +0000] "PUT /d1/117/AUTH_409fd6cec580481f99da44d910b5ed36/gnocchi.5445970b-102f-4e37-bf97-01aacf6ee60b/1763640000.0_mean_300.0_v3" 201 - "PUT http://localhost:8080/v1/AUTH_409fd6cec580481f99da44d910b5ed36/gnocchi.5445970b-102f-4e37-bf97-01aacf6ee60b/1763640000.0_mean_300.0_v3" "txd7541dcca6c44c9dbaeb6-0069273011" "proxy-server 21" 0.0138 "-" 24 0
Nov 26 16:51:29 standalone proxy-server[124988]: 172.18.0.2 ::1 26/Nov/2025/16/51/29 PUT /v1/AUTH_409fd6cec580481f99da44d910b5ed36/gnocchi.5445970b-102f-4e37-bf97-01aacf6ee60b/1763640000.0_mean_300.0_v3 HTTP/1.0 201 - python-swiftclient-3.11.1 gAAAAABpJy_Oa3lh... 16 - - txd7541dcca6c44c9dbaeb6-0069273011 - 0.0212 - - 1764175889.534822941 1764175889.556039095 0
Nov 26 16:51:29 standalone container-server[122976]: 172.20.0.100 - - [26/Nov/2025:16:51:29 +0000] "PUT /d1/831/AUTH_409fd6cec580481f99da44d910b5ed36/gnocchi.5445970b-102f-4e37-bf97-01aacf6ee60b/none_v3" 201 - "PUT http://localhost:8080/d1/571/AUTH_409fd6cec580481f99da44d910b5ed36/gnocchi.5445970b-102f-4e37-bf97-01aacf6ee60b/none_v3" "tx4175178007674a63984b9-0069273011" "object-server 23" 0.0009 "-" 22 0
Nov 26 16:51:29 standalone object-server[123161]: 172.20.0.100 - - [26/Nov/2025:16:51:29 +0000] "PUT /d1/571/AUTH_409fd6cec580481f99da44d910b5ed36/gnocchi.5445970b-102f-4e37-bf97-01aacf6ee60b/none_v3" 201 - "PUT http://localhost:8080/v1/AUTH_409fd6cec580481f99da44d910b5ed36/gnocchi.5445970b-102f-4e37-bf97-01aacf6ee60b/none_v3" "tx4175178007674a63984b9-0069273011" "proxy-server 21" 0.0114 "-" 23 0
Nov 26 16:51:29 standalone proxy-server[124988]: 172.18.0.2 ::1 26/Nov/2025/16/51/29 PUT /v1/AUTH_409fd6cec580481f99da44d910b5ed36/gnocchi.5445970b-102f-4e37-bf97-01aacf6ee60b/none_v3 HTTP/1.0 201 - python-swiftclient-3.11.1 gAAAAABpJy_Oa3lh... 22 - - tx4175178007674a63984b9-0069273011 - 0.0193 - - 1764175889.561068773 1764175889.580375195 0
Nov 26 16:51:29 standalone container-server[122979]: 172.20.0.100 - - [26/Nov/2025:16:51:29 +0000] "HEAD /d1/60/AUTH_409fd6cec580481f99da44d910b5ed36/gnocchi.7fd9400b-8f9f-432d-bd5f-5a541c53c323" 404 - "HEAD http://localhost:8080/v1/AUTH_409fd6cec580481f99da44d910b5ed36/gnocchi.7fd9400b-8f9f-432d-bd5f-5a541c53c323?format=json&states=listing" "tx48f37377b51c48dd9964f-0069273011" "proxy-server 21" 0.0006 "-" 23 0
Nov 26 16:51:29 standalone object-server[123161]: 172.20.0.100 - - [26/Nov/2025:16:51:29 +0000] "GET /d1/38/AUTH_409fd6cec580481f99da44d910b5ed36/gnocchi.7fd9400b-8f9f-432d-bd5f-5a541c53c323/none_v3" 404 70 "GET http://localhost:8080/v1/AUTH_409fd6cec580481f99da44d910b5ed36/gnocchi.7fd9400b-8f9f-432d-bd5f-5a541c53c323/none_v3" "tx48f37377b51c48dd9964f-0069273011" "proxy-server 21" 0.0004 "-" 23 0
Nov 26 16:51:29 standalone proxy-server[124988]: 172.18.0.2 ::1 26/Nov/2025/16/51/29 GET /v1/AUTH_409fd6cec580481f99da44d910b5ed36/gnocchi.7fd9400b-8f9f-432d-bd5f-5a541c53c323/none_v3 HTTP/1.0 404 - python-swiftclient-3.11.1 gAAAAABpJy_Oa3lh... - 70 - tx48f37377b51c48dd9964f-0069273011 - 0.0147 - - 1764175889.600263119 1764175889.614933014 0
Nov 26 16:51:29 standalone account-server[122978]: 172.20.0.100 - - [26/Nov/2025:16:51:29 +0000] "PUT /d1/21/AUTH_409fd6cec580481f99da44d910b5ed36/gnocchi.7fd9400b-8f9f-432d-bd5f-5a541c53c323" 201 - "PUT http://172.20.0.100:6001/d1/60/AUTH_409fd6cec580481f99da44d910b5ed36/gnocchi.7fd9400b-8f9f-432d-bd5f-5a541c53c323" "tx7cd3f187024c4769b349a-0069273011" "container-server 22" 0.0157 "-" 22 0
Nov 26 16:51:29 standalone container-server[122976]: 172.20.0.100 - - [26/Nov/2025:16:51:29 +0000] "PUT /d1/60/AUTH_409fd6cec580481f99da44d910b5ed36/gnocchi.7fd9400b-8f9f-432d-bd5f-5a541c53c323" 201 - "PUT http://localhost:8080/v1/AUTH_409fd6cec580481f99da44d910b5ed36/gnocchi.7fd9400b-8f9f-432d-bd5f-5a541c53c323" "tx7cd3f187024c4769b349a-0069273011" "proxy-server 21" 0.0404 "-" 22 0
Nov 26 16:51:29 standalone proxy-server[124988]: 172.18.0.2 ::1 26/Nov/2025/16/51/29 PUT /v1/AUTH_409fd6cec580481f99da44d910b5ed36/gnocchi.7fd9400b-8f9f-432d-bd5f-5a541c53c323 HTTP/1.0 201 - python-swiftclient-3.11.1 gAAAAABpJy_Oa3lh... - - - tx7cd3f187024c4769b349a-0069273011 - 0.0476 - - 1764175889.619520664 1764175889.667108059 0
Nov 26 16:51:29 standalone container-server[122961]: 172.20.0.100 - - [26/Nov/2025:16:51:29 +0000] "HEAD /d1/60/AUTH_409fd6cec580481f99da44d910b5ed36/gnocchi.7fd9400b-8f9f-432d-bd5f-5a541c53c323" 204 - "HEAD http://localhost:8080/v1/AUTH_409fd6cec580481f99da44d910b5ed36/gnocchi.7fd9400b-8f9f-432d-bd5f-5a541c53c323?format=json&states=listing" "tx546b376a465d4b0b97944-0069273011" "proxy-server 21" 0.0049 "-" 20 0
Nov 26 16:51:29 standalone proxy-server[124988]: - - 26/Nov/2025/16/51/29 HEAD /v1/AUTH_409fd6cec580481f99da44d910b5ed36/gnocchi.7fd9400b-8f9f-432d-bd5f-5a541c53c323%3Fformat%3Djson%26states%3Dlisting HTTP/1.0 204 - Swift - - - - tx546b376a465d4b0b97944-0069273011 - 0.0103 RL - 1764175889.680954456 1764175889.691296101 0
Nov 26 16:51:29 standalone container-server[122976]: 172.20.0.100 - - [26/Nov/2025:16:51:29 +0000] "GET /d1/60/AUTH_409fd6cec580481f99da44d910b5ed36/gnocchi.7fd9400b-8f9f-432d-bd5f-5a541c53c323" 200 2 "GET http://localhost:8080/v1/AUTH_409fd6cec580481f99da44d910b5ed36/gnocchi.7fd9400b-8f9f-432d-bd5f-5a541c53c323?format=json&states=listing" "tx546b376a465d4b0b97944-0069273011" "proxy-server 21" 0.0033 "-" 22 0
Nov 26 16:51:29 standalone proxy-server[124988]: 172.18.0.2 ::1 26/Nov/2025/16/51/29 GET /v1/AUTH_409fd6cec580481f99da44d910b5ed36/gnocchi.7fd9400b-8f9f-432d-bd5f-5a541c53c323%3Fformat%3Djson%26states%3Dlisting HTTP/1.0 200 - python-swiftclient-3.11.1 gAAAAABpJy_Oa3lh... - 2 - tx546b376a465d4b0b97944-0069273011 - 0.0232 - - 1764175889.679315090 1764175889.702534676 0
Nov 26 16:51:29 standalone object-server[123161]: 172.20.0.100 - - [26/Nov/2025:16:51:29 +0000] "GET /d1/72/AUTH_409fd6cec580481f99da44d910b5ed36/gnocchi.7fd9400b-8f9f-432d-bd5f-5a541c53c323/1763640000.0_mean_300.0_v3" 404 70 "GET http://localhost:8080/v1/AUTH_409fd6cec580481f99da44d910b5ed36/gnocchi.7fd9400b-8f9f-432d-bd5f-5a541c53c323/1763640000.0_mean_300.0_v3" "tx20978251b5074ce395a61-0069273011" "proxy-server 21" 0.0005 "-" 23 0
Nov 26 16:51:29 standalone proxy-server[124988]: 172.18.0.2 ::1 26/Nov/2025/16/51/29 GET /v1/AUTH_409fd6cec580481f99da44d910b5ed36/gnocchi.7fd9400b-8f9f-432d-bd5f-5a541c53c323/1763640000.0_mean_300.0_v3 HTTP/1.0 404 - python-swiftclient-3.11.1 gAAAAABpJy_Oa3lh... - 70 - tx20978251b5074ce395a61-0069273011 - 0.0074 - - 1764175889.711463928 1764175889.718832731 0
Nov 26 16:51:29 standalone container-server[122976]: 172.20.0.100 - - [26/Nov/2025:16:51:29 +0000] "PUT /d1/60/AUTH_409fd6cec580481f99da44d910b5ed36/gnocchi.7fd9400b-8f9f-432d-bd5f-5a541c53c323/1763640000.0_mean_300.0_v3" 201 - "PUT http://localhost:8080/d1/72/AUTH_409fd6cec580481f99da44d910b5ed36/gnocchi.7fd9400b-8f9f-432d-bd5f-5a541c53c323/1763640000.0_mean_300.0_v3" "tx8e5500a95e7445fcb3c5d-0069273011" "object-server 23" 0.0012 "-" 22 0
Nov 26 16:51:29 standalone object-server[123161]: 172.20.0.100 - - [26/Nov/2025:16:51:29 +0000] "PUT /d1/72/AUTH_409fd6cec580481f99da44d910b5ed36/gnocchi.7fd9400b-8f9f-432d-bd5f-5a541c53c323/1763640000.0_mean_300.0_v3" 201 - "PUT http://localhost:8080/v1/AUTH_409fd6cec580481f99da44d910b5ed36/gnocchi.7fd9400b-8f9f-432d-bd5f-5a541c53c323/1763640000.0_mean_300.0_v3" "tx8e5500a95e7445fcb3c5d-0069273011" "proxy-server 21" 0.0176 "-" 23 0
Nov 26 16:51:29 standalone proxy-server[124988]: 172.18.0.2 ::1 26/Nov/2025/16/51/29 PUT /v1/AUTH_409fd6cec580481f99da44d910b5ed36/gnocchi.7fd9400b-8f9f-432d-bd5f-5a541c53c323/1763640000.0_mean_300.0_v3 HTTP/1.0 201 - python-swiftclient-3.11.1 gAAAAABpJy_Oa3lh... 16 - - tx8e5500a95e7445fcb3c5d-0069273011 - 0.0255 - - 1764175889.730021477 1764175889.755476952 0
Nov 26 16:51:29 standalone container-server[122961]: 172.20.0.100 - - [26/Nov/2025:16:51:29 +0000] "PUT /d1/60/AUTH_409fd6cec580481f99da44d910b5ed36/gnocchi.7fd9400b-8f9f-432d-bd5f-5a541c53c323/none_v3" 201 - "PUT http://localhost:8080/d1/38/AUTH_409fd6cec580481f99da44d910b5ed36/gnocchi.7fd9400b-8f9f-432d-bd5f-5a541c53c323/none_v3" "tx820a68674b194e69b8aaa-0069273011" "object-server 21" 0.0010 "-" 20 0
Nov 26 16:51:29 standalone object-server[123158]: 172.20.0.100 - - [26/Nov/2025:16:51:29 +0000] "PUT /d1/38/AUTH_409fd6cec580481f99da44d910b5ed36/gnocchi.7fd9400b-8f9f-432d-bd5f-5a541c53c323/none_v3" 201 - "PUT http://localhost:8080/v1/AUTH_409fd6cec580481f99da44d910b5ed36/gnocchi.7fd9400b-8f9f-432d-bd5f-5a541c53c323/none_v3" "tx820a68674b194e69b8aaa-0069273011" "proxy-server 21" 0.0320 "-" 21 0
Nov 26 16:51:29 standalone proxy-server[124988]: 172.18.0.2 ::1 26/Nov/2025/16/51/29 PUT /v1/AUTH_409fd6cec580481f99da44d910b5ed36/gnocchi.7fd9400b-8f9f-432d-bd5f-5a541c53c323/none_v3 HTTP/1.0 201 - python-swiftclient-3.11.1 gAAAAABpJy_Oa3lh... 22 - - tx820a68674b194e69b8aaa-0069273011 - 0.0437 - - 1764175889.764045000 1764175889.807794094 0
Nov 26 16:51:29 standalone container-server[122976]: 172.20.0.100 - - [26/Nov/2025:16:51:29 +0000] "HEAD /d1/791/AUTH_409fd6cec580481f99da44d910b5ed36/gnocchi.1979f3f8-95bb-47ac-80ad-14aaed4da8dd" 404 - "HEAD http://localhost:8080/v1/AUTH_409fd6cec580481f99da44d910b5ed36/gnocchi.1979f3f8-95bb-47ac-80ad-14aaed4da8dd?format=json&states=listing" "txae953637b1134adeb6e26-0069273011" "proxy-server 21" 0.0005 "-" 22 0
Nov 26 16:51:29 standalone object-server[123158]: 172.20.0.100 - - [26/Nov/2025:16:51:29 +0000] "GET /d1/43/AUTH_409fd6cec580481f99da44d910b5ed36/gnocchi.1979f3f8-95bb-47ac-80ad-14aaed4da8dd/none_v3" 404 70 "GET http://localhost:8080/v1/AUTH_409fd6cec580481f99da44d910b5ed36/gnocchi.1979f3f8-95bb-47ac-80ad-14aaed4da8dd/none_v3" "txae953637b1134adeb6e26-0069273011" "proxy-server 21" 0.0016 "-" 21 0
Nov 26 16:51:29 standalone proxy-server[124988]: 172.18.0.2 ::1 26/Nov/2025/16/51/29 GET /v1/AUTH_409fd6cec580481f99da44d910b5ed36/gnocchi.1979f3f8-95bb-47ac-80ad-14aaed4da8dd/none_v3 HTTP/1.0 404 - python-swiftclient-3.11.1 gAAAAABpJy_Oa3lh... - 70 - txae953637b1134adeb6e26-0069273011 - 0.0154 - - 1764175889.824689627 1764175889.840051174 0
Nov 26 16:51:29 standalone account-server[122985]: 172.20.0.100 - - [26/Nov/2025:16:51:29 +0000] "PUT /d1/21/AUTH_409fd6cec580481f99da44d910b5ed36/gnocchi.1979f3f8-95bb-47ac-80ad-14aaed4da8dd" 201 - "PUT http://172.20.0.100:6001/d1/791/AUTH_409fd6cec580481f99da44d910b5ed36/gnocchi.1979f3f8-95bb-47ac-80ad-14aaed4da8dd" "tx62bcf1f1e9af4defa69c6-0069273011" "container-server 20" 0.0096 "-" 23 0
Nov 26 16:51:29 standalone container-server[122961]: 172.20.0.100 - - [26/Nov/2025:16:51:29 +0000] "PUT /d1/791/AUTH_409fd6cec580481f99da44d910b5ed36/gnocchi.1979f3f8-95bb-47ac-80ad-14aaed4da8dd" 201 - "PUT http://localhost:8080/v1/AUTH_409fd6cec580481f99da44d910b5ed36/gnocchi.1979f3f8-95bb-47ac-80ad-14aaed4da8dd" "tx62bcf1f1e9af4defa69c6-0069273011" "proxy-server 21" 0.0262 "-" 20 0
Nov 26 16:51:29 standalone proxy-server[124988]: 172.18.0.2 ::1 26/Nov/2025/16/51/29 PUT /v1/AUTH_409fd6cec580481f99da44d910b5ed36/gnocchi.1979f3f8-95bb-47ac-80ad-14aaed4da8dd HTTP/1.0 201 - python-swiftclient-3.11.1 gAAAAABpJy_Oa3lh... - - - tx62bcf1f1e9af4defa69c6-0069273011 - 0.0344 - - 1764175889.844278574 1764175889.878641367 0
Nov 26 16:51:29 standalone container-server[122967]: 172.20.0.100 - - [26/Nov/2025:16:51:29 +0000] "HEAD /d1/791/AUTH_409fd6cec580481f99da44d910b5ed36/gnocchi.1979f3f8-95bb-47ac-80ad-14aaed4da8dd" 204 - "HEAD http://localhost:8080/v1/AUTH_409fd6cec580481f99da44d910b5ed36/gnocchi.1979f3f8-95bb-47ac-80ad-14aaed4da8dd?format=json&states=listing" "txf68507020ae640d48c3be-0069273011" "proxy-server 21" 0.0023 "-" 21 0
Nov 26 16:51:29 standalone proxy-server[124988]: - - 26/Nov/2025/16/51/29 HEAD /v1/AUTH_409fd6cec580481f99da44d910b5ed36/gnocchi.1979f3f8-95bb-47ac-80ad-14aaed4da8dd%3Fformat%3Djson%26states%3Dlisting HTTP/1.0 204 - Swift - - - - txf68507020ae640d48c3be-0069273011 - 0.0080 RL - 1764175889.886051893 1764175889.894033194 0
Nov 26 16:51:29 standalone container-server[122976]: 172.20.0.100 - - [26/Nov/2025:16:51:29 +0000] "GET /d1/791/AUTH_409fd6cec580481f99da44d910b5ed36/gnocchi.1979f3f8-95bb-47ac-80ad-14aaed4da8dd" 200 2 "GET http://localhost:8080/v1/AUTH_409fd6cec580481f99da44d910b5ed36/gnocchi.1979f3f8-95bb-47ac-80ad-14aaed4da8dd?format=json&states=listing" "txf68507020ae640d48c3be-0069273011" "proxy-server 21" 0.0033 "-" 22 0
Nov 26 16:51:29 standalone proxy-server[124988]: 172.18.0.2 ::1 26/Nov/2025/16/51/29 GET /v1/AUTH_409fd6cec580481f99da44d910b5ed36/gnocchi.1979f3f8-95bb-47ac-80ad-14aaed4da8dd%3Fformat%3Djson%26states%3Dlisting HTTP/1.0 200 - python-swiftclient-3.11.1 gAAAAABpJy_Oa3lh... - 2 - txf68507020ae640d48c3be-0069273011 - 0.0233 - - 1764175889.883713245 1764175889.907027006 0
Nov 26 16:51:29 standalone object-server[123161]: 172.20.0.100 - - [26/Nov/2025:16:51:29 +0000] "GET /d1/404/AUTH_409fd6cec580481f99da44d910b5ed36/gnocchi.1979f3f8-95bb-47ac-80ad-14aaed4da8dd/1763640000.0_mean_300.0_v3" 404 70 "GET http://localhost:8080/v1/AUTH_409fd6cec580481f99da44d910b5ed36/gnocchi.1979f3f8-95bb-47ac-80ad-14aaed4da8dd/1763640000.0_mean_300.0_v3" "tx195043094c1142e4b4246-0069273011" "proxy-server 21" 0.0005 "-" 23 0
Nov 26 16:51:29 standalone proxy-server[124988]: 172.18.0.2 ::1 26/Nov/2025/16/51/29 GET /v1/AUTH_409fd6cec580481f99da44d910b5ed36/gnocchi.1979f3f8-95bb-47ac-80ad-14aaed4da8dd/1763640000.0_mean_300.0_v3 HTTP/1.0 404 - python-swiftclient-3.11.1 gAAAAABpJy_Oa3lh... - 70 - tx195043094c1142e4b4246-0069273011 - 0.0082 - - 1764175889.913714886 1764175889.921876669 0
Nov 26 16:51:29 standalone container-server[122979]: 172.20.0.100 - - [26/Nov/2025:16:51:29 +0000] "PUT /d1/791/AUTH_409fd6cec580481f99da44d910b5ed36/gnocchi.1979f3f8-95bb-47ac-80ad-14aaed4da8dd/1763640000.0_mean_300.0_v3" 201 - "PUT http://localhost:8080/d1/404/AUTH_409fd6cec580481f99da44d910b5ed36/gnocchi.1979f3f8-95bb-47ac-80ad-14aaed4da8dd/1763640000.0_mean_300.0_v3" "tx1006e42df0044518b2137-0069273011" "object-server 25" 0.0016 "-" 23 0
Nov 26 16:51:29 standalone object-server[123166]: 172.20.0.100 - - [26/Nov/2025:16:51:29 +0000] "PUT /d1/404/AUTH_409fd6cec580481f99da44d910b5ed36/gnocchi.1979f3f8-95bb-47ac-80ad-14aaed4da8dd/1763640000.0_mean_300.0_v3" 201 - "PUT http://localhost:8080/v1/AUTH_409fd6cec580481f99da44d910b5ed36/gnocchi.1979f3f8-95bb-47ac-80ad-14aaed4da8dd/1763640000.0_mean_300.0_v3" "tx1006e42df0044518b2137-0069273011" "proxy-server 21" 0.0143 "-" 25 0
Nov 26 16:51:29 standalone proxy-server[124988]: 172.18.0.2 ::1 26/Nov/2025/16/51/29 PUT /v1/AUTH_409fd6cec580481f99da44d910b5ed36/gnocchi.1979f3f8-95bb-47ac-80ad-14aaed4da8dd/1763640000.0_mean_300.0_v3 HTTP/1.0 201 - python-swiftclient-3.11.1 gAAAAABpJy_Oa3lh... 16 - - tx1006e42df0044518b2137-0069273011 - 0.0218 - - 1764175889.927641869 1764175889.949414253 0
Nov 26 16:51:29 standalone container-server[122976]: 172.20.0.100 - - [26/Nov/2025:16:51:29 +0000] "PUT /d1/791/AUTH_409fd6cec580481f99da44d910b5ed36/gnocchi.1979f3f8-95bb-47ac-80ad-14aaed4da8dd/none_v3" 201 - "PUT http://localhost:8080/d1/43/AUTH_409fd6cec580481f99da44d910b5ed36/gnocchi.1979f3f8-95bb-47ac-80ad-14aaed4da8dd/none_v3" "txc1b0d5a1b3434b92a9920-0069273011" "object-server 23" 0.0009 "-" 22 0
Nov 26 16:51:29 standalone object-server[123161]: 172.20.0.100 - - [26/Nov/2025:16:51:29 +0000] "PUT /d1/43/AUTH_409fd6cec580481f99da44d910b5ed36/gnocchi.1979f3f8-95bb-47ac-80ad-14aaed4da8dd/none_v3" 201 - "PUT http://localhost:8080/v1/AUTH_409fd6cec580481f99da44d910b5ed36/gnocchi.1979f3f8-95bb-47ac-80ad-14aaed4da8dd/none_v3" "txc1b0d5a1b3434b92a9920-0069273011" "proxy-server 21" 0.0130 "-" 23 0
Nov 26 16:51:29 standalone proxy-server[124988]: 172.18.0.2 ::1 26/Nov/2025/16/51/29 PUT /v1/AUTH_409fd6cec580481f99da44d910b5ed36/gnocchi.1979f3f8-95bb-47ac-80ad-14aaed4da8dd/none_v3 HTTP/1.0 201 - python-swiftclient-3.11.1 gAAAAABpJy_Oa3lh... 22 - - txc1b0d5a1b3434b92a9920-0069273011 - 0.0192 - - 1764175889.954092264 1764175889.973301649 0
Nov 26 16:51:30 standalone container-server[122961]: 172.20.0.100 - - [26/Nov/2025:16:51:30 +0000] "HEAD /d1/626/AUTH_409fd6cec580481f99da44d910b5ed36/gnocchi.26bd2881-29d1-48b6-99d2-35b0857f878f" 404 - "HEAD http://localhost:8080/v1/AUTH_409fd6cec580481f99da44d910b5ed36/gnocchi.26bd2881-29d1-48b6-99d2-35b0857f878f?format=json&states=listing" "tx04503e3b3ae0444a9bff7-0069273011" "proxy-server 21" 0.0008 "-" 20 0
Nov 26 16:51:30 standalone object-server[123166]: 172.20.0.100 - - [26/Nov/2025:16:51:30 +0000] "GET /d1/36/AUTH_409fd6cec580481f99da44d910b5ed36/gnocchi.26bd2881-29d1-48b6-99d2-35b0857f878f/none_v3" 404 70 "GET http://localhost:8080/v1/AUTH_409fd6cec580481f99da44d910b5ed36/gnocchi.26bd2881-29d1-48b6-99d2-35b0857f878f/none_v3" "tx04503e3b3ae0444a9bff7-0069273011" "proxy-server 21" 0.0006 "-" 25 0
Nov 26 16:51:30 standalone proxy-server[124988]: 172.18.0.2 ::1 26/Nov/2025/16/51/30 GET /v1/AUTH_409fd6cec580481f99da44d910b5ed36/gnocchi.26bd2881-29d1-48b6-99d2-35b0857f878f/none_v3 HTTP/1.0 404 - python-swiftclient-3.11.1 gAAAAABpJy_Oa3lh... - 70 - tx04503e3b3ae0444a9bff7-0069273011 - 0.0163 - - 1764175889.995332956 1764175890.011656284 0
Nov 26 16:51:30 standalone account-server[122973]: 172.20.0.100 - - [26/Nov/2025:16:51:30 +0000] "PUT /d1/21/AUTH_409fd6cec580481f99da44d910b5ed36/gnocchi.26bd2881-29d1-48b6-99d2-35b0857f878f" 201 - "PUT http://172.20.0.100:6001/d1/626/AUTH_409fd6cec580481f99da44d910b5ed36/gnocchi.26bd2881-29d1-48b6-99d2-35b0857f878f" "txc1e77dd93fef4c69a96d9-0069273012" "container-server 23" 0.0065 "-" 21 0
Nov 26 16:51:30 standalone container-server[122979]: 172.20.0.100 - - [26/Nov/2025:16:51:30 +0000] "PUT /d1/626/AUTH_409fd6cec580481f99da44d910b5ed36/gnocchi.26bd2881-29d1-48b6-99d2-35b0857f878f" 201 - "PUT http://localhost:8080/v1/AUTH_409fd6cec580481f99da44d910b5ed36/gnocchi.26bd2881-29d1-48b6-99d2-35b0857f878f" "txc1e77dd93fef4c69a96d9-0069273012" "proxy-server 21" 0.0242 "-" 23 0
Nov 26 16:51:30 standalone proxy-server[124988]: 172.18.0.2 ::1 26/Nov/2025/16/51/30 PUT /v1/AUTH_409fd6cec580481f99da44d910b5ed36/gnocchi.26bd2881-29d1-48b6-99d2-35b0857f878f HTTP/1.0 201 - python-swiftclient-3.11.1 gAAAAABpJy_Oa3lh... - - - txc1e77dd93fef4c69a96d9-0069273012 - 0.0441 - - 1764175890.016769886 1764175890.060866356 0
Nov 26 16:51:30 standalone container-server[122961]: 172.20.0.100 - - [26/Nov/2025:16:51:30 +0000] "HEAD /d1/626/AUTH_409fd6cec580481f99da44d910b5ed36/gnocchi.26bd2881-29d1-48b6-99d2-35b0857f878f" 204 - "HEAD http://localhost:8080/v1/AUTH_409fd6cec580481f99da44d910b5ed36/gnocchi.26bd2881-29d1-48b6-99d2-35b0857f878f?format=json&states=listing" "tx54a95fac26734d30b71c0-0069273012" "proxy-server 21" 0.0043 "-" 20 0
Nov 26 16:51:30 standalone proxy-server[124988]: - - 26/Nov/2025/16/51/30 HEAD /v1/AUTH_409fd6cec580481f99da44d910b5ed36/gnocchi.26bd2881-29d1-48b6-99d2-35b0857f878f%3Fformat%3Djson%26states%3Dlisting HTTP/1.0 204 - Swift - - - - tx54a95fac26734d30b71c0-0069273012 - 0.0109 RL - 1764175890.067708731 1764175890.078590870 0
Nov 26 16:51:30 standalone container-server[122976]: 172.20.0.100 - - [26/Nov/2025:16:51:30 +0000] "GET /d1/626/AUTH_409fd6cec580481f99da44d910b5ed36/gnocchi.26bd2881-29d1-48b6-99d2-35b0857f878f" 200 2 "GET http://localhost:8080/v1/AUTH_409fd6cec580481f99da44d910b5ed36/gnocchi.26bd2881-29d1-48b6-99d2-35b0857f878f?format=json&states=listing" "tx54a95fac26734d30b71c0-0069273012" "proxy-server 21" 0.0029 "-" 22 0
Nov 26 16:51:30 standalone proxy-server[124988]: 172.18.0.2 ::1 26/Nov/2025/16/51/30 GET /v1/AUTH_409fd6cec580481f99da44d910b5ed36/gnocchi.26bd2881-29d1-48b6-99d2-35b0857f878f%3Fformat%3Djson%26states%3Dlisting HTTP/1.0 200 - python-swiftclient-3.11.1 gAAAAABpJy_Oa3lh... - 2 - tx54a95fac26734d30b71c0-0069273012 - 0.0239 - - 1764175890.066675901 1764175890.090602160 0
Nov 26 16:51:30 standalone object-server[123166]: 172.20.0.100 - - [26/Nov/2025:16:51:30 +0000] "GET /d1/863/AUTH_409fd6cec580481f99da44d910b5ed36/gnocchi.26bd2881-29d1-48b6-99d2-35b0857f878f/1763640000.0_mean_300.0_v3" 404 70 "GET http://localhost:8080/v1/AUTH_409fd6cec580481f99da44d910b5ed36/gnocchi.26bd2881-29d1-48b6-99d2-35b0857f878f/1763640000.0_mean_300.0_v3" "txe046f837503d4766a91a8-0069273012" "proxy-server 21" 0.0006 "-" 25 0
Nov 26 16:51:30 standalone proxy-server[124988]: 172.18.0.2 ::1 26/Nov/2025/16/51/30 GET /v1/AUTH_409fd6cec580481f99da44d910b5ed36/gnocchi.26bd2881-29d1-48b6-99d2-35b0857f878f/1763640000.0_mean_300.0_v3 HTTP/1.0 404 - python-swiftclient-3.11.1 gAAAAABpJy_Oa3lh... - 70 - txe046f837503d4766a91a8-0069273012 - 0.0095 - - 1764175890.095999956 1764175890.105499029 0
Nov 26 16:51:30 standalone container-server[122967]: 172.20.0.100 - - [26/Nov/2025:16:51:30 +0000] "PUT /d1/626/AUTH_409fd6cec580481f99da44d910b5ed36/gnocchi.26bd2881-29d1-48b6-99d2-35b0857f878f/1763640000.0_mean_300.0_v3" 201 - "PUT http://localhost:8080/d1/863/AUTH_409fd6cec580481f99da44d910b5ed36/gnocchi.26bd2881-29d1-48b6-99d2-35b0857f878f/1763640000.0_mean_300.0_v3" "tx115facbc9d0347f380bc6-0069273012" "object-server 21" 0.0014 "-" 21 0
Nov 26 16:51:30 standalone object-server[123158]: 172.20.0.100 - - [26/Nov/2025:16:51:30 +0000] "PUT /d1/863/AUTH_409fd6cec580481f99da44d910b5ed36/gnocchi.26bd2881-29d1-48b6-99d2-35b0857f878f/1763640000.0_mean_300.0_v3" 201 - "PUT http://localhost:8080/v1/AUTH_409fd6cec580481f99da44d910b5ed36/gnocchi.26bd2881-29d1-48b6-99d2-35b0857f878f/1763640000.0_mean_300.0_v3" "tx115facbc9d0347f380bc6-0069273012" "proxy-server 21" 0.0175 "-" 21 0
Nov 26 16:51:30 standalone proxy-server[124988]: 172.18.0.2 ::1 26/Nov/2025/16/51/30 PUT /v1/AUTH_409fd6cec580481f99da44d910b5ed36/gnocchi.26bd2881-29d1-48b6-99d2-35b0857f878f/1763640000.0_mean_300.0_v3 HTTP/1.0 201 - python-swiftclient-3.11.1 gAAAAABpJy_Oa3lh... 16 - - tx115facbc9d0347f380bc6-0069273012 - 0.0259 - - 1764175890.110563278 1764175890.136449814 0
Nov 26 16:51:30 standalone container-server[122979]: 172.20.0.100 - - [26/Nov/2025:16:51:30 +0000] "PUT /d1/626/AUTH_409fd6cec580481f99da44d910b5ed36/gnocchi.26bd2881-29d1-48b6-99d2-35b0857f878f/none_v3" 201 - "PUT http://localhost:8080/d1/36/AUTH_409fd6cec580481f99da44d910b5ed36/gnocchi.26bd2881-29d1-48b6-99d2-35b0857f878f/none_v3" "tx41f658b567924294be3f4-0069273012" "object-server 23" 0.0011 "-" 23 0
Nov 26 16:51:30 standalone object-server[123161]: 172.20.0.100 - - [26/Nov/2025:16:51:30 +0000] "PUT /d1/36/AUTH_409fd6cec580481f99da44d910b5ed36/gnocchi.26bd2881-29d1-48b6-99d2-35b0857f878f/none_v3" 201 - "PUT http://localhost:8080/v1/AUTH_409fd6cec580481f99da44d910b5ed36/gnocchi.26bd2881-29d1-48b6-99d2-35b0857f878f/none_v3" "tx41f658b567924294be3f4-0069273012" "proxy-server 21" 0.0138 "-" 23 0
Nov 26 16:51:30 standalone proxy-server[124988]: 172.18.0.2 ::1 26/Nov/2025/16/51/30 PUT /v1/AUTH_409fd6cec580481f99da44d910b5ed36/gnocchi.26bd2881-29d1-48b6-99d2-35b0857f878f/none_v3 HTTP/1.0 201 - python-swiftclient-3.11.1 gAAAAABpJy_Oa3lh... 22 - - tx41f658b567924294be3f4-0069273012 - 0.0221 - - 1764175890.141392946 1764175890.163494825 0
Nov 26 16:51:30 standalone container-server[122961]: 172.20.0.100 - - [26/Nov/2025:16:51:30 +0000] "HEAD /d1/993/AUTH_409fd6cec580481f99da44d910b5ed36/gnocchi.db33d409-6841-4822-9db2-39ee128853ec" 404 - "HEAD http://localhost:8080/v1/AUTH_409fd6cec580481f99da44d910b5ed36/gnocchi.db33d409-6841-4822-9db2-39ee128853ec?format=json&states=listing" "tx659f3c55deb84fc1a7533-0069273012" "proxy-server 21" 0.0007 "-" 20 0
Nov 26 16:51:30 standalone object-server[123158]: 172.20.0.100 - - [26/Nov/2025:16:51:30 +0000] "GET /d1/994/AUTH_409fd6cec580481f99da44d910b5ed36/gnocchi.db33d409-6841-4822-9db2-39ee128853ec/none_v3" 404 70 "GET http://localhost:8080/v1/AUTH_409fd6cec580481f99da44d910b5ed36/gnocchi.db33d409-6841-4822-9db2-39ee128853ec/none_v3" "tx659f3c55deb84fc1a7533-0069273012" "proxy-server 21" 0.0005 "-" 21 0
Nov 26 16:51:30 standalone proxy-server[124988]: 172.18.0.2 ::1 26/Nov/2025/16/51/30 GET /v1/AUTH_409fd6cec580481f99da44d910b5ed36/gnocchi.db33d409-6841-4822-9db2-39ee128853ec/none_v3 HTTP/1.0 404 - python-swiftclient-3.11.1 gAAAAABpJy_Oa3lh... - 70 - tx659f3c55deb84fc1a7533-0069273012 - 0.0167 - - 1764175890.179652214 1764175890.196323633 0
Nov 26 16:51:30 standalone account-server[122978]: 172.20.0.100 - - [26/Nov/2025:16:51:30 +0000] "PUT /d1/21/AUTH_409fd6cec580481f99da44d910b5ed36/gnocchi.db33d409-6841-4822-9db2-39ee128853ec" 201 - "PUT http://172.20.0.100:6001/d1/993/AUTH_409fd6cec580481f99da44d910b5ed36/gnocchi.db33d409-6841-4822-9db2-39ee128853ec" "txec46a26fa4c246f6a7162-0069273012" "container-server 20" 0.0165 "-" 22 0
Nov 26 16:51:30 standalone container-server[122961]: 172.20.0.100 - - [26/Nov/2025:16:51:30 +0000] "PUT /d1/993/AUTH_409fd6cec580481f99da44d910b5ed36/gnocchi.db33d409-6841-4822-9db2-39ee128853ec" 201 - "PUT http://localhost:8080/v1/AUTH_409fd6cec580481f99da44d910b5ed36/gnocchi.db33d409-6841-4822-9db2-39ee128853ec" "txec46a26fa4c246f6a7162-0069273012" "proxy-server 21" 0.0466 "-" 20 0
Nov 26 16:51:30 standalone proxy-server[124988]: 172.18.0.2 ::1 26/Nov/2025/16/51/30 PUT /v1/AUTH_409fd6cec580481f99da44d910b5ed36/gnocchi.db33d409-6841-4822-9db2-39ee128853ec HTTP/1.0 201 - python-swiftclient-3.11.1 gAAAAABpJy_Oa3lh... - - - txec46a26fa4c246f6a7162-0069273012 - 0.0551 - - 1764175890.200934172 1764175890.256072521 0
Nov 26 16:51:30 standalone container-server[122967]: 172.20.0.100 - - [26/Nov/2025:16:51:30 +0000] "HEAD /d1/993/AUTH_409fd6cec580481f99da44d910b5ed36/gnocchi.db33d409-6841-4822-9db2-39ee128853ec" 204 - "HEAD http://localhost:8080/v1/AUTH_409fd6cec580481f99da44d910b5ed36/gnocchi.db33d409-6841-4822-9db2-39ee128853ec?format=json&states=listing" "txd4a986416fce49769e876-0069273012" "proxy-server 21" 0.0073 "-" 21 0
Nov 26 16:51:30 standalone proxy-server[124988]: - - 26/Nov/2025/16/51/30 HEAD /v1/AUTH_409fd6cec580481f99da44d910b5ed36/gnocchi.db33d409-6841-4822-9db2-39ee128853ec%3Fformat%3Djson%26states%3Dlisting HTTP/1.0 204 - Swift - - - - txd4a986416fce49769e876-0069273012 - 0.0173 RL - 1764175890.263354540 1764175890.280701160 0
Nov 26 16:51:30 standalone container-server[122979]: 172.20.0.100 - - [26/Nov/2025:16:51:30 +0000] "GET /d1/993/AUTH_409fd6cec580481f99da44d910b5ed36/gnocchi.db33d409-6841-4822-9db2-39ee128853ec" 200 2 "GET http://localhost:8080/v1/AUTH_409fd6cec580481f99da44d910b5ed36/gnocchi.db33d409-6841-4822-9db2-39ee128853ec?format=json&states=listing" "txd4a986416fce49769e876-0069273012" "proxy-server 21" 0.0052 "-" 23 0
Nov 26 16:51:30 standalone proxy-server[124988]: 172.18.0.2 ::1 26/Nov/2025/16/51/30 GET /v1/AUTH_409fd6cec580481f99da44d910b5ed36/gnocchi.db33d409-6841-4822-9db2-39ee128853ec%3Fformat%3Djson%26states%3Dlisting HTTP/1.0 200 - python-swiftclient-3.11.1 gAAAAABpJy_Oa3lh... - 2 - txd4a986416fce49769e876-0069273012 - 0.0346 - - 1764175890.261693239 1764175890.296334743 0
Nov 26 16:51:30 standalone object-server[123166]: 172.20.0.100 - - [26/Nov/2025:16:51:30 +0000] "GET /d1/885/AUTH_409fd6cec580481f99da44d910b5ed36/gnocchi.db33d409-6841-4822-9db2-39ee128853ec/1763640000.0_mean_300.0_v3" 404 70 "GET http://localhost:8080/v1/AUTH_409fd6cec580481f99da44d910b5ed36/gnocchi.db33d409-6841-4822-9db2-39ee128853ec/1763640000.0_mean_300.0_v3" "txee15f7bf37cb463ca5198-0069273012" "proxy-server 21" 0.0004 "-" 25 0
Nov 26 16:51:30 standalone proxy-server[124988]: 172.18.0.2 ::1 26/Nov/2025/16/51/30 GET /v1/AUTH_409fd6cec580481f99da44d910b5ed36/gnocchi.db33d409-6841-4822-9db2-39ee128853ec/1763640000.0_mean_300.0_v3 HTTP/1.0 404 - python-swiftclient-3.11.1 gAAAAABpJy_Oa3lh... - 70 - txee15f7bf37cb463ca5198-0069273012 - 0.0077 - - 1764175890.301848412 1764175890.309518576 0
Nov 26 16:51:30 standalone container-server[122967]: 172.20.0.100 - - [26/Nov/2025:16:51:30 +0000] "PUT /d1/993/AUTH_409fd6cec580481f99da44d910b5ed36/gnocchi.db33d409-6841-4822-9db2-39ee128853ec/1763640000.0_mean_300.0_v3" 201 - "PUT http://localhost:8080/d1/885/AUTH_409fd6cec580481f99da44d910b5ed36/gnocchi.db33d409-6841-4822-9db2-39ee128853ec/1763640000.0_mean_300.0_v3" "tx4479b099d5544703bc282-0069273012" "object-server 25" 0.0013 "-" 21 0
Nov 26 16:51:30 standalone object-server[123166]: 172.20.0.100 - - [26/Nov/2025:16:51:30 +0000] "PUT /d1/885/AUTH_409fd6cec580481f99da44d910b5ed36/gnocchi.db33d409-6841-4822-9db2-39ee128853ec/1763640000.0_mean_300.0_v3" 201 - "PUT http://localhost:8080/v1/AUTH_409fd6cec580481f99da44d910b5ed36/gnocchi.db33d409-6841-4822-9db2-39ee128853ec/1763640000.0_mean_300.0_v3" "tx4479b099d5544703bc282-0069273012" "proxy-server 21" 0.0125 "-" 25 0
Nov 26 16:51:30 standalone proxy-server[124988]: 172.18.0.2 ::1 26/Nov/2025/16/51/30 PUT /v1/AUTH_409fd6cec580481f99da44d910b5ed36/gnocchi.db33d409-6841-4822-9db2-39ee128853ec/1763640000.0_mean_300.0_v3 HTTP/1.0 201 - python-swiftclient-3.11.1 gAAAAABpJy_Oa3lh... 16 - - tx4479b099d5544703bc282-0069273012 - 0.0208 - - 1764175890.313885212 1764175890.334644318 0
Nov 26 16:51:30 standalone container-server[122967]: 172.20.0.100 - - [26/Nov/2025:16:51:30 +0000] "PUT /d1/993/AUTH_409fd6cec580481f99da44d910b5ed36/gnocchi.db33d409-6841-4822-9db2-39ee128853ec/none_v3" 201 - "PUT http://localhost:8080/d1/994/AUTH_409fd6cec580481f99da44d910b5ed36/gnocchi.db33d409-6841-4822-9db2-39ee128853ec/none_v3" "tx334b7211531f4661b20b2-0069273012" "object-server 24" 0.0010 "-" 21 0
Nov 26 16:51:30 standalone object-server[123162]: 172.20.0.100 - - [26/Nov/2025:16:51:30 +0000] "PUT /d1/994/AUTH_409fd6cec580481f99da44d910b5ed36/gnocchi.db33d409-6841-4822-9db2-39ee128853ec/none_v3" 201 - "PUT http://localhost:8080/v1/AUTH_409fd6cec580481f99da44d910b5ed36/gnocchi.db33d409-6841-4822-9db2-39ee128853ec/none_v3" "tx334b7211531f4661b20b2-0069273012" "proxy-server 21" 0.0253 "-" 24 0
Nov 26 16:51:30 standalone proxy-server[124988]: 172.18.0.2 ::1 26/Nov/2025/16/51/30 PUT /v1/AUTH_409fd6cec580481f99da44d910b5ed36/gnocchi.db33d409-6841-4822-9db2-39ee128853ec/none_v3 HTTP/1.0 201 - python-swiftclient-3.11.1 gAAAAABpJy_Oa3lh... 22 - - tx334b7211531f4661b20b2-0069273012 - 0.0371 - - 1764175890.340688705 1764175890.377810955 0
Nov 26 16:51:32 standalone object-server[123122]: Begin object update sweep
Nov 26 16:51:32 standalone object-server[215583]: Object update sweep starting on /srv/node/d1 (pid: 14)
Nov 26 16:51:32 standalone object-server[215583]: Object update sweep completed on /srv/node/d1 in 0.00s seconds:, 0 successes, 0 failures, 0 quarantines, 0 unlinks, 0 errors, 0 redirects (pid: 14)
Nov 26 16:51:32 standalone object-server[215583]: Object update sweep of d1 completed: 0.00s, 0 successes, 0 failures, 0 quarantines, 0 unlinks, 0 errors, 0 redirects
Nov 26 16:51:32 standalone object-server[123122]: Object update sweep completed: 0.08s
Nov 26 16:53:43 standalone account-server[122973]: 172.20.0.100 - - [26/Nov/2025:16:53:43 +0000] "HEAD /d1/21/AUTH_409fd6cec580481f99da44d910b5ed36" 204 - "HEAD http://localhost:8080/v1/AUTH_409fd6cec580481f99da44d910b5ed36?format=json" "tx614266a2de054ecc8eb3f-0069273097" "proxy-server 21" 0.0064 "-" 21 -
Nov 26 16:53:43 standalone proxy-server[124988]: - - 26/Nov/2025/16/53/43 HEAD /v1/AUTH_409fd6cec580481f99da44d910b5ed36%3Fformat%3Djson HTTP/1.0 204 - Swift - - - - tx614266a2de054ecc8eb3f-0069273097 - 0.0114 RL - 1764176023.235660791 1764176023.247040510 -
Nov 26 16:53:43 standalone container-server[122967]: 172.20.0.100 - - [26/Nov/2025:16:53:43 +0000] "HEAD /d1/402/AUTH_409fd6cec580481f99da44d910b5ed36/gnocchi.1b46d277-cbda-4dd5-a65f-1b9bac0cd44a" 404 - "HEAD http://localhost:8080/v1/AUTH_409fd6cec580481f99da44d910b5ed36/gnocchi.1b46d277-cbda-4dd5-a65f-1b9bac0cd44a?format=json&states=listing" "tx614266a2de054ecc8eb3f-0069273097" "proxy-server 21" 0.0007 "-" 21 0
Nov 26 16:53:43 standalone object-server[123158]: 172.20.0.100 - - [26/Nov/2025:16:53:43 +0000] "GET /d1/951/AUTH_409fd6cec580481f99da44d910b5ed36/gnocchi.1b46d277-cbda-4dd5-a65f-1b9bac0cd44a/none_v3" 404 70 "GET http://localhost:8080/v1/AUTH_409fd6cec580481f99da44d910b5ed36/gnocchi.1b46d277-cbda-4dd5-a65f-1b9bac0cd44a/none_v3" "tx614266a2de054ecc8eb3f-0069273097" "proxy-server 21" 0.0006 "-" 21 0
Nov 26 16:53:43 standalone proxy-server[124988]: 172.18.0.2 ::1 26/Nov/2025/16/53/43 GET /v1/AUTH_409fd6cec580481f99da44d910b5ed36/gnocchi.1b46d277-cbda-4dd5-a65f-1b9bac0cd44a/none_v3 HTTP/1.0 404 - python-swiftclient-3.11.1 gAAAAABpJy_Oa3lh... - 70 - tx614266a2de054ecc8eb3f-0069273097 - 0.0273 - - 1764176023.232189178 1764176023.259477139 0
Nov 26 16:53:43 standalone account-server[122973]: 172.20.0.100 - - [26/Nov/2025:16:53:43 +0000] "PUT /d1/21/AUTH_409fd6cec580481f99da44d910b5ed36/gnocchi.1b46d277-cbda-4dd5-a65f-1b9bac0cd44a" 201 - "PUT http://172.20.0.100:6001/d1/402/AUTH_409fd6cec580481f99da44d910b5ed36/gnocchi.1b46d277-cbda-4dd5-a65f-1b9bac0cd44a" "txbf82aa460e494891a9b98-0069273097" "container-server 21" 0.0009 "-" 21 0
Nov 26 16:53:43 standalone container-server[122967]: 172.20.0.100 - - [26/Nov/2025:16:53:43 +0000] "PUT /d1/402/AUTH_409fd6cec580481f99da44d910b5ed36/gnocchi.1b46d277-cbda-4dd5-a65f-1b9bac0cd44a" 201 - "PUT http://localhost:8080/v1/AUTH_409fd6cec580481f99da44d910b5ed36/gnocchi.1b46d277-cbda-4dd5-a65f-1b9bac0cd44a" "txbf82aa460e494891a9b98-0069273097" "proxy-server 21" 0.0129 "-" 21 0
Nov 26 16:53:43 standalone proxy-server[124988]: 172.18.0.2 ::1 26/Nov/2025/16/53/43 PUT /v1/AUTH_409fd6cec580481f99da44d910b5ed36/gnocchi.1b46d277-cbda-4dd5-a65f-1b9bac0cd44a HTTP/1.0 201 - python-swiftclient-3.11.1 gAAAAABpJy_Oa3lh... - - - txbf82aa460e494891a9b98-0069273097 - 0.0226 - - 1764176023.263623714 1764176023.286187410 0
Nov 26 16:53:43 standalone container-server[122979]: 172.20.0.100 - - [26/Nov/2025:16:53:43 +0000] "HEAD /d1/402/AUTH_409fd6cec580481f99da44d910b5ed36/gnocchi.1b46d277-cbda-4dd5-a65f-1b9bac0cd44a" 204 - "HEAD http://localhost:8080/v1/AUTH_409fd6cec580481f99da44d910b5ed36/gnocchi.1b46d277-cbda-4dd5-a65f-1b9bac0cd44a?format=json&states=listing" "txea45b7bae2e946d0864cc-0069273097" "proxy-server 21" 0.0013 "-" 23 0
Nov 26 16:53:43 standalone proxy-server[124988]: - - 26/Nov/2025/16/53/43 HEAD /v1/AUTH_409fd6cec580481f99da44d910b5ed36/gnocchi.1b46d277-cbda-4dd5-a65f-1b9bac0cd44a%3Fformat%3Djson%26states%3Dlisting HTTP/1.0 204 - Swift - - - - txea45b7bae2e946d0864cc-0069273097 - 0.0043 RL - 1764176023.292284250 1764176023.296569824 0
Nov 26 16:53:43 standalone container-server[122967]: 172.20.0.100 - - [26/Nov/2025:16:53:43 +0000] "GET /d1/402/AUTH_409fd6cec580481f99da44d910b5ed36/gnocchi.1b46d277-cbda-4dd5-a65f-1b9bac0cd44a" 200 2 "GET http://localhost:8080/v1/AUTH_409fd6cec580481f99da44d910b5ed36/gnocchi.1b46d277-cbda-4dd5-a65f-1b9bac0cd44a?format=json&states=listing" "txea45b7bae2e946d0864cc-0069273097" "proxy-server 21" 0.0018 "-" 21 0
Nov 26 16:53:43 standalone proxy-server[124988]: 172.18.0.2 ::1 26/Nov/2025/16/53/43 GET /v1/AUTH_409fd6cec580481f99da44d910b5ed36/gnocchi.1b46d277-cbda-4dd5-a65f-1b9bac0cd44a%3Fformat%3Djson%26states%3Dlisting HTTP/1.0 200 - python-swiftclient-3.11.1 gAAAAABpJy_Oa3lh... - 2 - txea45b7bae2e946d0864cc-0069273097 - 0.0115 - - 1764176023.291057110 1764176023.302516222 0
Nov 26 16:53:43 standalone object-server[123161]: 172.20.0.100 - - [26/Nov/2025:16:53:43 +0000] "GET /d1/458/AUTH_409fd6cec580481f99da44d910b5ed36/gnocchi.1b46d277-cbda-4dd5-a65f-1b9bac0cd44a/1763640000.0_mean_300.0_v3" 404 70 "GET http://localhost:8080/v1/AUTH_409fd6cec580481f99da44d910b5ed36/gnocchi.1b46d277-cbda-4dd5-a65f-1b9bac0cd44a/1763640000.0_mean_300.0_v3" "tx812c09de9011495cb691f-0069273097" "proxy-server 21" 0.0003 "-" 23 0
Nov 26 16:53:43 standalone proxy-server[124988]: 172.18.0.2 ::1 26/Nov/2025/16/53/43 GET /v1/AUTH_409fd6cec580481f99da44d910b5ed36/gnocchi.1b46d277-cbda-4dd5-a65f-1b9bac0cd44a/1763640000.0_mean_300.0_v3 HTTP/1.0 404 - python-swiftclient-3.11.1 gAAAAABpJy_Oa3lh... - 70 - tx812c09de9011495cb691f-0069273097 - 0.0047 - - 1764176023.306065083 1764176023.310779095 0
Nov 26 16:53:43 standalone container-server[122967]: 172.20.0.100 - - [26/Nov/2025:16:53:43 +0000] "PUT /d1/402/AUTH_409fd6cec580481f99da44d910b5ed36/gnocchi.1b46d277-cbda-4dd5-a65f-1b9bac0cd44a/1763640000.0_mean_300.0_v3" 201 - "PUT http://localhost:8080/d1/458/AUTH_409fd6cec580481f99da44d910b5ed36/gnocchi.1b46d277-cbda-4dd5-a65f-1b9bac0cd44a/1763640000.0_mean_300.0_v3" "txe4f0504b1c6347b58b936-0069273097" "object-server 23" 0.0005 "-" 21 0
Nov 26 16:53:43 standalone object-server[123161]: 172.20.0.100 - - [26/Nov/2025:16:53:43 +0000] "PUT /d1/458/AUTH_409fd6cec580481f99da44d910b5ed36/gnocchi.1b46d277-cbda-4dd5-a65f-1b9bac0cd44a/1763640000.0_mean_300.0_v3" 201 - "PUT http://localhost:8080/v1/AUTH_409fd6cec580481f99da44d910b5ed36/gnocchi.1b46d277-cbda-4dd5-a65f-1b9bac0cd44a/1763640000.0_mean_300.0_v3" "txe4f0504b1c6347b58b936-0069273097" "proxy-server 21" 0.0088 "-" 23 0
Nov 26 16:53:43 standalone proxy-server[124988]: 172.18.0.2 ::1 26/Nov/2025/16/53/43 PUT /v1/AUTH_409fd6cec580481f99da44d910b5ed36/gnocchi.1b46d277-cbda-4dd5-a65f-1b9bac0cd44a/1763640000.0_mean_300.0_v3 HTTP/1.0 201 - python-swiftclient-3.11.1 gAAAAABpJy_Oa3lh... 16 - - txe4f0504b1c6347b58b936-0069273097 - 0.0130 - - 1764176023.313170433 1764176023.326219320 0
Nov 26 16:53:43 standalone container-server[122967]: 172.20.0.100 - - [26/Nov/2025:16:53:43 +0000] "PUT /d1/402/AUTH_409fd6cec580481f99da44d910b5ed36/gnocchi.1b46d277-cbda-4dd5-a65f-1b9bac0cd44a/none_v3" 201 - "PUT http://localhost:8080/d1/951/AUTH_409fd6cec580481f99da44d910b5ed36/gnocchi.1b46d277-cbda-4dd5-a65f-1b9bac0cd44a/none_v3" "txac504a20bead449687930-0069273097" "object-server 23" 0.0004 "-" 21 0
Nov 26 16:53:43 standalone object-server[123161]: 172.20.0.100 - - [26/Nov/2025:16:53:43 +0000] "PUT /d1/951/AUTH_409fd6cec580481f99da44d910b5ed36/gnocchi.1b46d277-cbda-4dd5-a65f-1b9bac0cd44a/none_v3" 201 - "PUT http://localhost:8080/v1/AUTH_409fd6cec580481f99da44d910b5ed36/gnocchi.1b46d277-cbda-4dd5-a65f-1b9bac0cd44a/none_v3" "txac504a20bead449687930-0069273097" "proxy-server 21" 0.0074 "-" 23 0
Nov 26 16:53:43 standalone proxy-server[124988]: 172.18.0.2 ::1 26/Nov/2025/16/53/43 PUT /v1/AUTH_409fd6cec580481f99da44d910b5ed36/gnocchi.1b46d277-cbda-4dd5-a65f-1b9bac0cd44a/none_v3 HTTP/1.0 201 - python-swiftclient-3.11.1 gAAAAABpJy_Oa3lh... 22 - - txac504a20bead449687930-0069273097 - 0.0120 - - 1764176023.328611851 1764176023.340615988 0
Nov 26 16:53:43 standalone container-server[122976]: 172.20.0.100 - - [26/Nov/2025:16:53:43 +0000] "HEAD /d1/814/AUTH_409fd6cec580481f99da44d910b5ed36/gnocchi.ffde7362-ee88-4e34-9285-dc747513523e" 404 - "HEAD http://localhost:8080/v1/AUTH_409fd6cec580481f99da44d910b5ed36/gnocchi.ffde7362-ee88-4e34-9285-dc747513523e?format=json&states=listing" "tx307d458beb974ec98c5e4-0069273097" "proxy-server 21" 0.0004 "-" 22 0
Nov 26 16:53:43 standalone object-server[123161]: 172.20.0.100 - - [26/Nov/2025:16:53:43 +0000] "GET /d1/566/AUTH_409fd6cec580481f99da44d910b5ed36/gnocchi.ffde7362-ee88-4e34-9285-dc747513523e/none_v3" 404 70 "GET http://localhost:8080/v1/AUTH_409fd6cec580481f99da44d910b5ed36/gnocchi.ffde7362-ee88-4e34-9285-dc747513523e/none_v3" "tx307d458beb974ec98c5e4-0069273097" "proxy-server 21" 0.0005 "-" 23 0
Nov 26 16:53:43 standalone proxy-server[124988]: 172.18.0.2 ::1 26/Nov/2025/16/53/43 GET /v1/AUTH_409fd6cec580481f99da44d910b5ed36/gnocchi.ffde7362-ee88-4e34-9285-dc747513523e/none_v3 HTTP/1.0 404 - python-swiftclient-3.11.1 gAAAAABpJy_Oa3lh... - 70 - tx307d458beb974ec98c5e4-0069273097 - 0.0077 - - 1764176023.385276318 1764176023.392995358 0
Nov 26 16:53:43 standalone account-server[122985]: 172.20.0.100 - - [26/Nov/2025:16:53:43 +0000] "PUT /d1/21/AUTH_409fd6cec580481f99da44d910b5ed36/gnocchi.ffde7362-ee88-4e34-9285-dc747513523e" 201 - "PUT http://172.20.0.100:6001/d1/814/AUTH_409fd6cec580481f99da44d910b5ed36/gnocchi.ffde7362-ee88-4e34-9285-dc747513523e" "tx73ef355909eb48c0b5f2b-0069273097" "container-server 22" 0.0054 "-" 23 0
Nov 26 16:53:43 standalone container-server[122976]: 172.20.0.100 - - [26/Nov/2025:16:53:43 +0000] "PUT /d1/814/AUTH_409fd6cec580481f99da44d910b5ed36/gnocchi.ffde7362-ee88-4e34-9285-dc747513523e" 201 - "PUT http://localhost:8080/v1/AUTH_409fd6cec580481f99da44d910b5ed36/gnocchi.ffde7362-ee88-4e34-9285-dc747513523e" "tx73ef355909eb48c0b5f2b-0069273097" "proxy-server 21" 0.0134 "-" 22 0
Nov 26 16:53:43 standalone proxy-server[124988]: 172.18.0.2 ::1 26/Nov/2025/16/53/43 PUT /v1/AUTH_409fd6cec580481f99da44d910b5ed36/gnocchi.ffde7362-ee88-4e34-9285-dc747513523e HTTP/1.0 201 - python-swiftclient-3.11.1 gAAAAABpJy_Oa3lh... - - - tx73ef355909eb48c0b5f2b-0069273097 - 0.0168 - - 1764176023.395938635 1764176023.412709951 0
Nov 26 16:53:43 standalone container-server[122979]: 172.20.0.100 - - [26/Nov/2025:16:53:43 +0000] "HEAD /d1/814/AUTH_409fd6cec580481f99da44d910b5ed36/gnocchi.ffde7362-ee88-4e34-9285-dc747513523e" 204 - "HEAD http://localhost:8080/v1/AUTH_409fd6cec580481f99da44d910b5ed36/gnocchi.ffde7362-ee88-4e34-9285-dc747513523e?format=json&states=listing" "txd23ffb572a9b4917880fa-0069273097" "proxy-server 21" 0.0011 "-" 23 0
Nov 26 16:53:43 standalone proxy-server[124988]: - - 26/Nov/2025/16/53/43 HEAD /v1/AUTH_409fd6cec580481f99da44d910b5ed36/gnocchi.ffde7362-ee88-4e34-9285-dc747513523e%3Fformat%3Djson%26states%3Dlisting HTTP/1.0 204 - Swift - - - - txd23ffb572a9b4917880fa-0069273097 - 0.0034 RL - 1764176023.417253733 1764176023.420693159 0
Nov 26 16:53:43 standalone container-server[122961]: 172.20.0.100 - - [26/Nov/2025:16:53:43 +0000] "GET /d1/814/AUTH_409fd6cec580481f99da44d910b5ed36/gnocchi.ffde7362-ee88-4e34-9285-dc747513523e" 200 2 "GET http://localhost:8080/v1/AUTH_409fd6cec580481f99da44d910b5ed36/gnocchi.ffde7362-ee88-4e34-9285-dc747513523e?format=json&states=listing" "txd23ffb572a9b4917880fa-0069273097" "proxy-server 21" 0.0017 "-" 20 0
Nov 26 16:53:43 standalone proxy-server[124988]: 172.18.0.2 ::1 26/Nov/2025/16/53/43 GET /v1/AUTH_409fd6cec580481f99da44d910b5ed36/gnocchi.ffde7362-ee88-4e34-9285-dc747513523e%3Fformat%3Djson%26states%3Dlisting HTTP/1.0 200 - python-swiftclient-3.11.1 gAAAAABpJy_Oa3lh... - 2 - txd23ffb572a9b4917880fa-0069273097 - 0.0102 - - 1764176023.416320086 1764176023.426537275 0
Nov 26 16:53:43 standalone object-server[123162]: 172.20.0.100 - - [26/Nov/2025:16:53:43 +0000] "GET /d1/506/AUTH_409fd6cec580481f99da44d910b5ed36/gnocchi.ffde7362-ee88-4e34-9285-dc747513523e/1763640000.0_mean_300.0_v3" 404 70 "GET http://localhost:8080/v1/AUTH_409fd6cec580481f99da44d910b5ed36/gnocchi.ffde7362-ee88-4e34-9285-dc747513523e/1763640000.0_mean_300.0_v3" "tx4286feb77fb34123aa3ba-0069273097" "proxy-server 21" 0.0004 "-" 24 0
Nov 26 16:53:43 standalone proxy-server[124988]: 172.18.0.2 ::1 26/Nov/2025/16/53/43 GET /v1/AUTH_409fd6cec580481f99da44d910b5ed36/gnocchi.ffde7362-ee88-4e34-9285-dc747513523e/1763640000.0_mean_300.0_v3 HTTP/1.0 404 - python-swiftclient-3.11.1 gAAAAABpJy_Oa3lh... - 70 - tx4286feb77fb34123aa3ba-0069273097 - 0.0041 - - 1764176023.430518866 1764176023.434664011 0
Nov 26 16:53:43 standalone container-server[122967]: 172.20.0.100 - - [26/Nov/2025:16:53:43 +0000] "PUT /d1/814/AUTH_409fd6cec580481f99da44d910b5ed36/gnocchi.ffde7362-ee88-4e34-9285-dc747513523e/1763640000.0_mean_300.0_v3" 201 - "PUT http://localhost:8080/d1/506/AUTH_409fd6cec580481f99da44d910b5ed36/gnocchi.ffde7362-ee88-4e34-9285-dc747513523e/1763640000.0_mean_300.0_v3" "txd488f2a0a5604870b8edc-0069273097" "object-server 21" 0.0005 "-" 21 0
Nov 26 16:53:43 standalone object-server[123158]: 172.20.0.100 - - [26/Nov/2025:16:53:43 +0000] "PUT /d1/506/AUTH_409fd6cec580481f99da44d910b5ed36/gnocchi.ffde7362-ee88-4e34-9285-dc747513523e/1763640000.0_mean_300.0_v3" 201 - "PUT http://localhost:8080/v1/AUTH_409fd6cec580481f99da44d910b5ed36/gnocchi.ffde7362-ee88-4e34-9285-dc747513523e/1763640000.0_mean_300.0_v3" "txd488f2a0a5604870b8edc-0069273097" "proxy-server 21" 0.0084 "-" 21 0
Nov 26 16:53:43 standalone proxy-server[124988]: 172.18.0.2 ::1 26/Nov/2025/16/53/43 PUT /v1/AUTH_409fd6cec580481f99da44d910b5ed36/gnocchi.ffde7362-ee88-4e34-9285-dc747513523e/1763640000.0_mean_300.0_v3 HTTP/1.0 201 - python-swiftclient-3.11.1 gAAAAABpJy_Oa3lh... 16 - - txd488f2a0a5604870b8edc-0069273097 - 0.0124 - - 1764176023.437531233 1764176023.449953794 0
Nov 26 16:53:43 standalone container-server[122979]: 172.20.0.100 - - [26/Nov/2025:16:53:43 +0000] "PUT /d1/814/AUTH_409fd6cec580481f99da44d910b5ed36/gnocchi.ffde7362-ee88-4e34-9285-dc747513523e/none_v3" 201 - "PUT http://localhost:8080/d1/566/AUTH_409fd6cec580481f99da44d910b5ed36/gnocchi.ffde7362-ee88-4e34-9285-dc747513523e/none_v3" "tx4b8823c53a194d799ff09-0069273097" "object-server 25" 0.0005 "-" 23 0
Nov 26 16:53:43 standalone object-server[123166]: 172.20.0.100 - - [26/Nov/2025:16:53:43 +0000] "PUT /d1/566/AUTH_409fd6cec580481f99da44d910b5ed36/gnocchi.ffde7362-ee88-4e34-9285-dc747513523e/none_v3" 201 - "PUT http://localhost:8080/v1/AUTH_409fd6cec580481f99da44d910b5ed36/gnocchi.ffde7362-ee88-4e34-9285-dc747513523e/none_v3" "tx4b8823c53a194d799ff09-0069273097" "proxy-server 21" 0.0068 "-" 25 0
Nov 26 16:53:43 standalone proxy-server[124988]: 172.18.0.2 ::1 26/Nov/2025/16/53/43 PUT /v1/AUTH_409fd6cec580481f99da44d910b5ed36/gnocchi.ffde7362-ee88-4e34-9285-dc747513523e/none_v3 HTTP/1.0 201 - python-swiftclient-3.11.1 gAAAAABpJy_Oa3lh... 22 - - tx4b8823c53a194d799ff09-0069273097 - 0.0111 - - 1764176023.453123569 1764176023.464257717 0
Nov 26 16:53:43 standalone container-server[122967]: 172.20.0.100 - - [26/Nov/2025:16:53:43 +0000] "HEAD /d1/940/AUTH_409fd6cec580481f99da44d910b5ed36/gnocchi.a93b06cc-778d-4109-910b-4470f1d14169" 404 - "HEAD http://localhost:8080/v1/AUTH_409fd6cec580481f99da44d910b5ed36/gnocchi.a93b06cc-778d-4109-910b-4470f1d14169?format=json&states=listing" "tx8b4474a6a7f049b38b1de-0069273097" "proxy-server 21" 0.0003 "-" 21 0
Nov 26 16:53:43 standalone object-server[123161]: 172.20.0.100 - - [26/Nov/2025:16:53:43 +0000] "GET /d1/48/AUTH_409fd6cec580481f99da44d910b5ed36/gnocchi.a93b06cc-778d-4109-910b-4470f1d14169/none_v3" 404 70 "GET http://localhost:8080/v1/AUTH_409fd6cec580481f99da44d910b5ed36/gnocchi.a93b06cc-778d-4109-910b-4470f1d14169/none_v3" "tx8b4474a6a7f049b38b1de-0069273097" "proxy-server 21" 0.0003 "-" 23 0
Nov 26 16:53:43 standalone proxy-server[124988]: 172.18.0.2 ::1 26/Nov/2025/16/53/43 GET /v1/AUTH_409fd6cec580481f99da44d910b5ed36/gnocchi.a93b06cc-778d-4109-910b-4470f1d14169/none_v3 HTTP/1.0 404 - python-swiftclient-3.11.1 gAAAAABpJy_Oa3lh... - 70 - tx8b4474a6a7f049b38b1de-0069273097 - 0.0072 - - 1764176023.475021124 1764176023.482209206 0
Nov 26 16:53:43 standalone account-server[122970]: 172.20.0.100 - - [26/Nov/2025:16:53:43 +0000] "PUT /d1/21/AUTH_409fd6cec580481f99da44d910b5ed36/gnocchi.a93b06cc-778d-4109-910b-4470f1d14169" 201 - "PUT http://172.20.0.100:6001/d1/940/AUTH_409fd6cec580481f99da44d910b5ed36/gnocchi.a93b06cc-778d-4109-910b-4470f1d14169" "tx17e0d570cf334e4f93b84-0069273097" "container-server 20" 0.0046 "-" 20 0
Nov 26 16:53:43 standalone container-server[122961]: 172.20.0.100 - - [26/Nov/2025:16:53:43 +0000] "PUT /d1/940/AUTH_409fd6cec580481f99da44d910b5ed36/gnocchi.a93b06cc-778d-4109-910b-4470f1d14169" 201 - "PUT http://localhost:8080/v1/AUTH_409fd6cec580481f99da44d910b5ed36/gnocchi.a93b06cc-778d-4109-910b-4470f1d14169" "tx17e0d570cf334e4f93b84-0069273097" "proxy-server 21" 0.0140 "-" 20 0
Nov 26 16:53:43 standalone proxy-server[124988]: 172.18.0.2 ::1 26/Nov/2025/16/53/43 PUT /v1/AUTH_409fd6cec580481f99da44d910b5ed36/gnocchi.a93b06cc-778d-4109-910b-4470f1d14169 HTTP/1.0 201 - python-swiftclient-3.11.1 gAAAAABpJy_Oa3lh... - - - tx17e0d570cf334e4f93b84-0069273097 - 0.0180 - - 1764176023.485364676 1764176023.503318787 0
Nov 26 16:53:43 standalone container-server[122967]: 172.20.0.100 - - [26/Nov/2025:16:53:43 +0000] "HEAD /d1/940/AUTH_409fd6cec580481f99da44d910b5ed36/gnocchi.a93b06cc-778d-4109-910b-4470f1d14169" 204 - "HEAD http://localhost:8080/v1/AUTH_409fd6cec580481f99da44d910b5ed36/gnocchi.a93b06cc-778d-4109-910b-4470f1d14169?format=json&states=listing" "txeb93baad1ab64e1785e9f-0069273097" "proxy-server 21" 0.0013 "-" 21 0
Nov 26 16:53:43 standalone proxy-server[124988]: - - 26/Nov/2025/16/53/43 HEAD /v1/AUTH_409fd6cec580481f99da44d910b5ed36/gnocchi.a93b06cc-778d-4109-910b-4470f1d14169%3Fformat%3Djson%26states%3Dlisting HTTP/1.0 204 - Swift - - - - txeb93baad1ab64e1785e9f-0069273097 - 0.0047 RL - 1764176023.508467913 1764176023.513198376 0
Nov 26 16:53:43 standalone container-server[122979]: 172.20.0.100 - - [26/Nov/2025:16:53:43 +0000] "GET /d1/940/AUTH_409fd6cec580481f99da44d910b5ed36/gnocchi.a93b06cc-778d-4109-910b-4470f1d14169" 200 2 "GET http://localhost:8080/v1/AUTH_409fd6cec580481f99da44d910b5ed36/gnocchi.a93b06cc-778d-4109-910b-4470f1d14169?format=json&states=listing" "txeb93baad1ab64e1785e9f-0069273097" "proxy-server 21" 0.0017 "-" 23 0
