Nov 26 16:53:44 standalone object-server[123161]: 172.20.0.100 - - [26/Nov/2025:16:53:44 +0000] "GET /d1/136/AUTH_409fd6cec580481f99da44d910b5ed36/gnocchi.dc9da84b-1acf-4ab2-9566-0984e4d7e60c/1763640000.0_mean_300.0_v3" 404 70 "GET http://localhost:8080/v1/AUTH_409fd6cec580481f99da44d910b5ed36/gnocchi.dc9da84b-1acf-4ab2-9566-0984e4d7e60c/1763640000.0_mean_300.0_v3" "tx4ebe4a22317245aea581c-0069273098" "proxy-server 21" 0.0005 "-" 23 0
Nov 26 16:53:44 standalone proxy-server[124988]: 172.18.0.2 ::1 26/Nov/2025/16/53/44 GET /v1/AUTH_409fd6cec580481f99da44d910b5ed36/gnocchi.dc9da84b-1acf-4ab2-9566-0984e4d7e60c/1763640000.0_mean_300.0_v3 HTTP/1.0 404 - python-swiftclient-3.11.1 gAAAAABpJy_Oa3lh... - 70 - tx4ebe4a22317245aea581c-0069273098 - 0.0063 - - 1764176024.599365711 1764176024.605619907 0
Nov 26 16:53:44 standalone container-server[122967]: 172.20.0.100 - - [26/Nov/2025:16:53:44 +0000] "PUT /d1/899/AUTH_409fd6cec580481f99da44d910b5ed36/gnocchi.dc9da84b-1acf-4ab2-9566-0984e4d7e60c/1763640000.0_mean_300.0_v3" 201 - "PUT http://localhost:8080/d1/136/AUTH_409fd6cec580481f99da44d910b5ed36/gnocchi.dc9da84b-1acf-4ab2-9566-0984e4d7e60c/1763640000.0_mean_300.0_v3" "tx8481e3d825db495cb88f2-0069273098" "object-server 23" 0.0008 "-" 21 0
Nov 26 16:53:44 standalone object-server[123161]: 172.20.0.100 - - [26/Nov/2025:16:53:44 +0000] "PUT /d1/136/AUTH_409fd6cec580481f99da44d910b5ed36/gnocchi.dc9da84b-1acf-4ab2-9566-0984e4d7e60c/1763640000.0_mean_300.0_v3" 201 - "PUT http://localhost:8080/v1/AUTH_409fd6cec580481f99da44d910b5ed36/gnocchi.dc9da84b-1acf-4ab2-9566-0984e4d7e60c/1763640000.0_mean_300.0_v3" "tx8481e3d825db495cb88f2-0069273098" "proxy-server 21" 0.0168 "-" 23 0
Nov 26 16:53:44 standalone proxy-server[124988]: 172.18.0.2 ::1 26/Nov/2025/16/53/44 PUT /v1/AUTH_409fd6cec580481f99da44d910b5ed36/gnocchi.dc9da84b-1acf-4ab2-9566-0984e4d7e60c/1763640000.0_mean_300.0_v3 HTTP/1.0 201 - python-swiftclient-3.11.1 gAAAAABpJy_Oa3lh... 16 - - tx8481e3d825db495cb88f2-0069273098 - 0.0238 - - 1764176024.608702183 1764176024.632454395 0
Nov 26 16:53:44 standalone container-server[122976]: 172.20.0.100 - - [26/Nov/2025:16:53:44 +0000] "PUT /d1/899/AUTH_409fd6cec580481f99da44d910b5ed36/gnocchi.dc9da84b-1acf-4ab2-9566-0984e4d7e60c/none_v3" 201 - "PUT http://localhost:8080/d1/712/AUTH_409fd6cec580481f99da44d910b5ed36/gnocchi.dc9da84b-1acf-4ab2-9566-0984e4d7e60c/none_v3" "txb5b4123c29c340f689a35-0069273098" "object-server 24" 0.0008 "-" 22 0
Nov 26 16:53:44 standalone object-server[123162]: 172.20.0.100 - - [26/Nov/2025:16:53:44 +0000] "PUT /d1/712/AUTH_409fd6cec580481f99da44d910b5ed36/gnocchi.dc9da84b-1acf-4ab2-9566-0984e4d7e60c/none_v3" 201 - "PUT http://localhost:8080/v1/AUTH_409fd6cec580481f99da44d910b5ed36/gnocchi.dc9da84b-1acf-4ab2-9566-0984e4d7e60c/none_v3" "txb5b4123c29c340f689a35-0069273098" "proxy-server 21" 0.0113 "-" 24 0
Nov 26 16:53:44 standalone proxy-server[124988]: 172.18.0.2 ::1 26/Nov/2025/16/53/44 PUT /v1/AUTH_409fd6cec580481f99da44d910b5ed36/gnocchi.dc9da84b-1acf-4ab2-9566-0984e4d7e60c/none_v3 HTTP/1.0 201 - python-swiftclient-3.11.1 gAAAAABpJy_Oa3lh... 22 - - txb5b4123c29c340f689a35-0069273098 - 0.0189 - - 1764176024.636488438 1764176024.655425072 0
Nov 26 16:53:44 standalone account-server[122978]: 172.20.0.100 - - [26/Nov/2025:16:53:44 +0000] "PUT /d1/21/AUTH_409fd6cec580481f99da44d910b5ed36/gnocchi.2f833f1e-6871-4bad-bed6-217a123616be" 201 - "-" "-" "container-updater 2" 0.0005 "-" 22 0
Nov 26 16:53:44 standalone container-server[122976]: 172.20.0.100 - - [26/Nov/2025:16:53:44 +0000] "HEAD /d1/71/AUTH_409fd6cec580481f99da44d910b5ed36/gnocchi.032d5c4e-0857-4d05-a354-5adbcb2e3689" 404 - "HEAD http://localhost:8080/v1/AUTH_409fd6cec580481f99da44d910b5ed36/gnocchi.032d5c4e-0857-4d05-a354-5adbcb2e3689?format=json&states=listing" "tx3f4e7d8fe0be4f1ab4deb-0069273098" "proxy-server 21" 0.0006 "-" 22 0
Nov 26 16:53:44 standalone object-server[123162]: 172.20.0.100 - - [26/Nov/2025:16:53:44 +0000] "GET /d1/1020/AUTH_409fd6cec580481f99da44d910b5ed36/gnocchi.032d5c4e-0857-4d05-a354-5adbcb2e3689/none_v3" 404 70 "GET http://localhost:8080/v1/AUTH_409fd6cec580481f99da44d910b5ed36/gnocchi.032d5c4e-0857-4d05-a354-5adbcb2e3689/none_v3" "tx3f4e7d8fe0be4f1ab4deb-0069273098" "proxy-server 21" 0.0005 "-" 24 0
Nov 26 16:53:44 standalone proxy-server[124988]: 172.18.0.2 ::1 26/Nov/2025/16/53/44 GET /v1/AUTH_409fd6cec580481f99da44d910b5ed36/gnocchi.032d5c4e-0857-4d05-a354-5adbcb2e3689/none_v3 HTTP/1.0 404 - python-swiftclient-3.11.1 gAAAAABpJy_Oa3lh... - 70 - tx3f4e7d8fe0be4f1ab4deb-0069273098 - 0.0143 - - 1764176024.679979086 1764176024.694283485 0
Nov 26 16:53:44 standalone account-server[122973]: 172.20.0.100 - - [26/Nov/2025:16:53:44 +0000] "PUT /d1/21/AUTH_409fd6cec580481f99da44d910b5ed36/gnocchi.032d5c4e-0857-4d05-a354-5adbcb2e3689" 201 - "PUT http://172.20.0.100:6001/d1/71/AUTH_409fd6cec580481f99da44d910b5ed36/gnocchi.032d5c4e-0857-4d05-a354-5adbcb2e3689" "txcedb1e0e618f455eb7c09-0069273098" "container-server 20" 0.0048 "-" 21 0
Nov 26 16:53:44 standalone container-server[122961]: 172.20.0.100 - - [26/Nov/2025:16:53:44 +0000] "PUT /d1/71/AUTH_409fd6cec580481f99da44d910b5ed36/gnocchi.032d5c4e-0857-4d05-a354-5adbcb2e3689" 201 - "PUT http://localhost:8080/v1/AUTH_409fd6cec580481f99da44d910b5ed36/gnocchi.032d5c4e-0857-4d05-a354-5adbcb2e3689" "txcedb1e0e618f455eb7c09-0069273098" "proxy-server 21" 0.0149 "-" 20 0
Nov 26 16:53:44 standalone proxy-server[124988]: 172.18.0.2 ::1 26/Nov/2025/16/53/44 PUT /v1/AUTH_409fd6cec580481f99da44d910b5ed36/gnocchi.032d5c4e-0857-4d05-a354-5adbcb2e3689 HTTP/1.0 201 - python-swiftclient-3.11.1 gAAAAABpJy_Oa3lh... - - - txcedb1e0e618f455eb7c09-0069273098 - 0.0219 - - 1764176024.698887825 1764176024.720816851 0
Nov 26 16:53:44 standalone container-server[122976]: 172.20.0.100 - - [26/Nov/2025:16:53:44 +0000] "HEAD /d1/71/AUTH_409fd6cec580481f99da44d910b5ed36/gnocchi.032d5c4e-0857-4d05-a354-5adbcb2e3689" 204 - "HEAD http://localhost:8080/v1/AUTH_409fd6cec580481f99da44d910b5ed36/gnocchi.032d5c4e-0857-4d05-a354-5adbcb2e3689?format=json&states=listing" "tx03caa43476844b31b561c-0069273098" "proxy-server 21" 0.0023 "-" 22 0
Nov 26 16:53:44 standalone proxy-server[124988]: - - 26/Nov/2025/16/53/44 HEAD /v1/AUTH_409fd6cec580481f99da44d910b5ed36/gnocchi.032d5c4e-0857-4d05-a354-5adbcb2e3689%3Fformat%3Djson%26states%3Dlisting HTTP/1.0 204 - Swift - - - - tx03caa43476844b31b561c-0069273098 - 0.0085 RL - 1764176024.731322765 1764176024.739816189 0
Nov 26 16:53:44 standalone container-server[122979]: 172.20.0.100 - - [26/Nov/2025:16:53:44 +0000] "GET /d1/71/AUTH_409fd6cec580481f99da44d910b5ed36/gnocchi.032d5c4e-0857-4d05-a354-5adbcb2e3689" 200 2 "GET http://localhost:8080/v1/AUTH_409fd6cec580481f99da44d910b5ed36/gnocchi.032d5c4e-0857-4d05-a354-5adbcb2e3689?format=json&states=listing" "tx03caa43476844b31b561c-0069273098" "proxy-server 21" 0.0035 "-" 23 0
Nov 26 16:53:44 standalone proxy-server[124988]: 172.18.0.2 ::1 26/Nov/2025/16/53/44 GET /v1/AUTH_409fd6cec580481f99da44d910b5ed36/gnocchi.032d5c4e-0857-4d05-a354-5adbcb2e3689%3Fformat%3Djson%26states%3Dlisting HTTP/1.0 200 - python-swiftclient-3.11.1 gAAAAABpJy_Oa3lh... - 2 - tx03caa43476844b31b561c-0069273098 - 0.0244 - - 1764176024.729187489 1764176024.753614187 0
Nov 26 16:53:44 standalone account-server[122970]: 172.20.0.100 - - [26/Nov/2025:16:53:44 +0000] "PUT /d1/21/AUTH_409fd6cec580481f99da44d910b5ed36/gnocchi.071b4e73-06ff-42e2-8187-24276b0f6e11" 201 - "-" "-" "container-updater 2" 0.0006 "-" 20 0
Nov 26 16:53:44 standalone object-server[123166]: 172.20.0.100 - - [26/Nov/2025:16:53:44 +0000] "GET /d1/78/AUTH_409fd6cec580481f99da44d910b5ed36/gnocchi.032d5c4e-0857-4d05-a354-5adbcb2e3689/1763640000.0_mean_300.0_v3" 404 70 "GET http://localhost:8080/v1/AUTH_409fd6cec580481f99da44d910b5ed36/gnocchi.032d5c4e-0857-4d05-a354-5adbcb2e3689/1763640000.0_mean_300.0_v3" "tx8b1892484fe946f59b7d0-0069273098" "proxy-server 21" 0.0005 "-" 25 0
Nov 26 16:53:44 standalone proxy-server[124988]: 172.18.0.2 ::1 26/Nov/2025/16/53/44 GET /v1/AUTH_409fd6cec580481f99da44d910b5ed36/gnocchi.032d5c4e-0857-4d05-a354-5adbcb2e3689/1763640000.0_mean_300.0_v3 HTTP/1.0 404 - python-swiftclient-3.11.1 gAAAAABpJy_Oa3lh... - 70 - tx8b1892484fe946f59b7d0-0069273098 - 0.0086 - - 1764176024.760931015 1764176024.769551277 0
Nov 26 16:53:44 standalone container-server[122967]: 172.20.0.100 - - [26/Nov/2025:16:53:44 +0000] "PUT /d1/71/AUTH_409fd6cec580481f99da44d910b5ed36/gnocchi.032d5c4e-0857-4d05-a354-5adbcb2e3689/1763640000.0_mean_300.0_v3" 201 - "PUT http://localhost:8080/d1/78/AUTH_409fd6cec580481f99da44d910b5ed36/gnocchi.032d5c4e-0857-4d05-a354-5adbcb2e3689/1763640000.0_mean_300.0_v3" "txa913f3e63f534f558d1cd-0069273098" "object-server 23" 0.0007 "-" 21 0
Nov 26 16:53:44 standalone object-server[123161]: 172.20.0.100 - - [26/Nov/2025:16:53:44 +0000] "PUT /d1/78/AUTH_409fd6cec580481f99da44d910b5ed36/gnocchi.032d5c4e-0857-4d05-a354-5adbcb2e3689/1763640000.0_mean_300.0_v3" 201 - "PUT http://localhost:8080/v1/AUTH_409fd6cec580481f99da44d910b5ed36/gnocchi.032d5c4e-0857-4d05-a354-5adbcb2e3689/1763640000.0_mean_300.0_v3" "txa913f3e63f534f558d1cd-0069273098" "proxy-server 21" 0.0131 "-" 23 0
Nov 26 16:53:44 standalone proxy-server[124988]: 172.18.0.2 ::1 26/Nov/2025/16/53/44 PUT /v1/AUTH_409fd6cec580481f99da44d910b5ed36/gnocchi.032d5c4e-0857-4d05-a354-5adbcb2e3689/1763640000.0_mean_300.0_v3 HTTP/1.0 201 - python-swiftclient-3.11.1 gAAAAABpJy_Oa3lh... 16 - - txa913f3e63f534f558d1cd-0069273098 - 0.0213 - - 1764176024.774548054 1764176024.795880556 0
Nov 26 16:53:44 standalone container-server[122979]: 172.20.0.100 - - [26/Nov/2025:16:53:44 +0000] "PUT /d1/71/AUTH_409fd6cec580481f99da44d910b5ed36/gnocchi.032d5c4e-0857-4d05-a354-5adbcb2e3689/none_v3" 201 - "PUT http://localhost:8080/d1/1020/AUTH_409fd6cec580481f99da44d910b5ed36/gnocchi.032d5c4e-0857-4d05-a354-5adbcb2e3689/none_v3" "tx813b3f0502ce4d0abf390-0069273098" "object-server 25" 0.0008 "-" 23 0
Nov 26 16:53:44 standalone object-server[123166]: 172.20.0.100 - - [26/Nov/2025:16:53:44 +0000] "PUT /d1/1020/AUTH_409fd6cec580481f99da44d910b5ed36/gnocchi.032d5c4e-0857-4d05-a354-5adbcb2e3689/none_v3" 201 - "PUT http://localhost:8080/v1/AUTH_409fd6cec580481f99da44d910b5ed36/gnocchi.032d5c4e-0857-4d05-a354-5adbcb2e3689/none_v3" "tx813b3f0502ce4d0abf390-0069273098" "proxy-server 21" 0.0127 "-" 25 0
Nov 26 16:53:44 standalone proxy-server[124988]: 172.18.0.2 ::1 26/Nov/2025/16/53/44 PUT /v1/AUTH_409fd6cec580481f99da44d910b5ed36/gnocchi.032d5c4e-0857-4d05-a354-5adbcb2e3689/none_v3 HTTP/1.0 201 - python-swiftclient-3.11.1 gAAAAABpJy_Oa3lh... 22 - - tx813b3f0502ce4d0abf390-0069273098 - 0.0210 - - 1764176024.801566124 1764176024.822614431 0
Nov 26 16:53:44 standalone container-server[122961]: 172.20.0.100 - - [26/Nov/2025:16:53:44 +0000] "HEAD /d1/605/AUTH_409fd6cec580481f99da44d910b5ed36/gnocchi.9e67b68b-3687-4807-bdec-7c1fa87ada20" 404 - "HEAD http://localhost:8080/v1/AUTH_409fd6cec580481f99da44d910b5ed36/gnocchi.9e67b68b-3687-4807-bdec-7c1fa87ada20?format=json&states=listing" "tx5cd3154f3215428586937-0069273098" "proxy-server 21" 0.0005 "-" 20 0
Nov 26 16:53:44 standalone object-server[123162]: 172.20.0.100 - - [26/Nov/2025:16:53:44 +0000] "GET /d1/867/AUTH_409fd6cec580481f99da44d910b5ed36/gnocchi.9e67b68b-3687-4807-bdec-7c1fa87ada20/none_v3" 404 70 "GET http://localhost:8080/v1/AUTH_409fd6cec580481f99da44d910b5ed36/gnocchi.9e67b68b-3687-4807-bdec-7c1fa87ada20/none_v3" "tx5cd3154f3215428586937-0069273098" "proxy-server 21" 0.0006 "-" 24 0
Nov 26 16:53:44 standalone proxy-server[124988]: 172.18.0.2 ::1 26/Nov/2025/16/53/44 GET /v1/AUTH_409fd6cec580481f99da44d910b5ed36/gnocchi.9e67b68b-3687-4807-bdec-7c1fa87ada20/none_v3 HTTP/1.0 404 - python-swiftclient-3.11.1 gAAAAABpJy_Oa3lh... - 70 - tx5cd3154f3215428586937-0069273098 - 0.0148 - - 1764176024.841407537 1764176024.856169701 0
Nov 26 16:53:44 standalone account-server[122973]: 172.20.0.100 - - [26/Nov/2025:16:53:44 +0000] "PUT /d1/21/AUTH_409fd6cec580481f99da44d910b5ed36/gnocchi.a2f64439-672e-4c43-a371-4a0ea5fd47ef" 201 - "-" "-" "container-updater 2" 0.0004 "-" 21 0
Nov 26 16:53:44 standalone account-server[122970]: 172.20.0.100 - - [26/Nov/2025:16:53:44 +0000] "PUT /d1/21/AUTH_409fd6cec580481f99da44d910b5ed36/gnocchi.9e67b68b-3687-4807-bdec-7c1fa87ada20" 201 - "PUT http://172.20.0.100:6001/d1/605/AUTH_409fd6cec580481f99da44d910b5ed36/gnocchi.9e67b68b-3687-4807-bdec-7c1fa87ada20" "txce058684118c4077b09a7-0069273098" "container-server 22" 0.0087 "-" 20 0
Nov 26 16:53:44 standalone container-server[122976]: 172.20.0.100 - - [26/Nov/2025:16:53:44 +0000] "PUT /d1/605/AUTH_409fd6cec580481f99da44d910b5ed36/gnocchi.9e67b68b-3687-4807-bdec-7c1fa87ada20" 201 - "PUT http://localhost:8080/v1/AUTH_409fd6cec580481f99da44d910b5ed36/gnocchi.9e67b68b-3687-4807-bdec-7c1fa87ada20" "txce058684118c4077b09a7-0069273098" "proxy-server 21" 0.0232 "-" 22 0
Nov 26 16:53:44 standalone proxy-server[124988]: 172.18.0.2 ::1 26/Nov/2025/16/53/44 PUT /v1/AUTH_409fd6cec580481f99da44d910b5ed36/gnocchi.9e67b68b-3687-4807-bdec-7c1fa87ada20 HTTP/1.0 201 - python-swiftclient-3.11.1 gAAAAABpJy_Oa3lh... - - - txce058684118c4077b09a7-0069273098 - 0.0326 - - 1764176024.861695051 1764176024.894300461 0
Nov 26 16:53:44 standalone container-server[122961]: 172.20.0.100 - - [26/Nov/2025:16:53:44 +0000] "HEAD /d1/605/AUTH_409fd6cec580481f99da44d910b5ed36/gnocchi.9e67b68b-3687-4807-bdec-7c1fa87ada20" 204 - "HEAD http://localhost:8080/v1/AUTH_409fd6cec580481f99da44d910b5ed36/gnocchi.9e67b68b-3687-4807-bdec-7c1fa87ada20?format=json&states=listing" "tx97b814364c6444dea19b7-0069273098" "proxy-server 21" 0.0028 "-" 20 0
Nov 26 16:53:44 standalone proxy-server[124988]: - - 26/Nov/2025/16/53/44 HEAD /v1/AUTH_409fd6cec580481f99da44d910b5ed36/gnocchi.9e67b68b-3687-4807-bdec-7c1fa87ada20%3Fformat%3Djson%26states%3Dlisting HTTP/1.0 204 - Swift - - - - tx97b814364c6444dea19b7-0069273098 - 0.0108 RL - 1764176024.903144598 1764176024.913930416 0
Nov 26 16:53:44 standalone container-server[122976]: 172.20.0.100 - - [26/Nov/2025:16:53:44 +0000] "GET /d1/605/AUTH_409fd6cec580481f99da44d910b5ed36/gnocchi.9e67b68b-3687-4807-bdec-7c1fa87ada20" 200 2 "GET http://localhost:8080/v1/AUTH_409fd6cec580481f99da44d910b5ed36/gnocchi.9e67b68b-3687-4807-bdec-7c1fa87ada20?format=json&states=listing" "tx97b814364c6444dea19b7-0069273098" "proxy-server 21" 0.0019 "-" 22 0
Nov 26 16:53:44 standalone proxy-server[124988]: 172.18.0.2 ::1 26/Nov/2025/16/53/44 GET /v1/AUTH_409fd6cec580481f99da44d910b5ed36/gnocchi.9e67b68b-3687-4807-bdec-7c1fa87ada20%3Fformat%3Djson%26states%3Dlisting HTTP/1.0 200 - python-swiftclient-3.11.1 gAAAAABpJy_Oa3lh... - 2 - tx97b814364c6444dea19b7-0069273098 - 0.0228 - - 1764176024.901380301 1764176024.924157381 0
Nov 26 16:53:44 standalone object-server[123161]: 172.20.0.100 - - [26/Nov/2025:16:53:44 +0000] "GET /d1/263/AUTH_409fd6cec580481f99da44d910b5ed36/gnocchi.9e67b68b-3687-4807-bdec-7c1fa87ada20/1763640000.0_mean_300.0_v3" 404 70 "GET http://localhost:8080/v1/AUTH_409fd6cec580481f99da44d910b5ed36/gnocchi.9e67b68b-3687-4807-bdec-7c1fa87ada20/1763640000.0_mean_300.0_v3" "tx07e182bfddb6473e87aad-0069273098" "proxy-server 21" 0.0005 "-" 23 0
Nov 26 16:53:44 standalone proxy-server[124988]: 172.18.0.2 ::1 26/Nov/2025/16/53/44 GET /v1/AUTH_409fd6cec580481f99da44d910b5ed36/gnocchi.9e67b68b-3687-4807-bdec-7c1fa87ada20/1763640000.0_mean_300.0_v3 HTTP/1.0 404 - python-swiftclient-3.11.1 gAAAAABpJy_Oa3lh... - 70 - tx07e182bfddb6473e87aad-0069273098 - 0.0079 - - 1764176024.931803703 1764176024.939682007 0
Nov 26 16:53:44 standalone container-server[122979]: 172.20.0.100 - - [26/Nov/2025:16:53:44 +0000] "PUT /d1/605/AUTH_409fd6cec580481f99da44d910b5ed36/gnocchi.9e67b68b-3687-4807-bdec-7c1fa87ada20/1763640000.0_mean_300.0_v3" 201 - "PUT http://localhost:8080/d1/263/AUTH_409fd6cec580481f99da44d910b5ed36/gnocchi.9e67b68b-3687-4807-bdec-7c1fa87ada20/1763640000.0_mean_300.0_v3" "tx9d6f992050f048ffa1388-0069273098" "object-server 25" 0.0009 "-" 23 0
Nov 26 16:53:44 standalone object-server[123166]: 172.20.0.100 - - [26/Nov/2025:16:53:44 +0000] "PUT /d1/263/AUTH_409fd6cec580481f99da44d910b5ed36/gnocchi.9e67b68b-3687-4807-bdec-7c1fa87ada20/1763640000.0_mean_300.0_v3" 201 - "PUT http://localhost:8080/v1/AUTH_409fd6cec580481f99da44d910b5ed36/gnocchi.9e67b68b-3687-4807-bdec-7c1fa87ada20/1763640000.0_mean_300.0_v3" "tx9d6f992050f048ffa1388-0069273098" "proxy-server 21" 0.0149 "-" 25 0
Nov 26 16:53:44 standalone proxy-server[124988]: 172.18.0.2 ::1 26/Nov/2025/16/53/44 PUT /v1/AUTH_409fd6cec580481f99da44d910b5ed36/gnocchi.9e67b68b-3687-4807-bdec-7c1fa87ada20/1763640000.0_mean_300.0_v3 HTTP/1.0 201 - python-swiftclient-3.11.1 gAAAAABpJy_Oa3lh... 16 - - tx9d6f992050f048ffa1388-0069273098 - 0.0234 - - 1764176024.945479155 1764176024.968874454 0
Nov 26 16:53:44 standalone account-server[122970]: 172.20.0.100 - - [26/Nov/2025:16:53:44 +0000] "PUT /d1/21/AUTH_409fd6cec580481f99da44d910b5ed36/gnocchi.c29130e6-5490-4184-8f68-725fe1b3c102" 201 - "-" "-" "container-updater 2" 0.0007 "-" 20 0
Nov 26 16:53:44 standalone container-server[122967]: 172.20.0.100 - - [26/Nov/2025:16:53:44 +0000] "PUT /d1/605/AUTH_409fd6cec580481f99da44d910b5ed36/gnocchi.9e67b68b-3687-4807-bdec-7c1fa87ada20/none_v3" 201 - "PUT http://localhost:8080/d1/867/AUTH_409fd6cec580481f99da44d910b5ed36/gnocchi.9e67b68b-3687-4807-bdec-7c1fa87ada20/none_v3" "txd982b0dc3ba54757a0cda-0069273098" "object-server 23" 0.0006 "-" 21 0
Nov 26 16:53:44 standalone object-server[123161]: 172.20.0.100 - - [26/Nov/2025:16:53:44 +0000] "PUT /d1/867/AUTH_409fd6cec580481f99da44d910b5ed36/gnocchi.9e67b68b-3687-4807-bdec-7c1fa87ada20/none_v3" 201 - "PUT http://localhost:8080/v1/AUTH_409fd6cec580481f99da44d910b5ed36/gnocchi.9e67b68b-3687-4807-bdec-7c1fa87ada20/none_v3" "txd982b0dc3ba54757a0cda-0069273098" "proxy-server 21" 0.0115 "-" 23 0
Nov 26 16:53:44 standalone proxy-server[124988]: 172.18.0.2 ::1 26/Nov/2025/16/53/44 PUT /v1/AUTH_409fd6cec580481f99da44d910b5ed36/gnocchi.9e67b68b-3687-4807-bdec-7c1fa87ada20/none_v3 HTTP/1.0 201 - python-swiftclient-3.11.1 gAAAAABpJy_Oa3lh... 22 - - txd982b0dc3ba54757a0cda-0069273098 - 0.0197 - - 1764176024.975209236 1764176024.994938135 0
Nov 26 16:53:45 standalone container-server[122967]: 172.20.0.100 - - [26/Nov/2025:16:53:45 +0000] "HEAD /d1/485/AUTH_409fd6cec580481f99da44d910b5ed36/gnocchi.5a844fe7-6782-4e2a-bf55-3766b8d294c6" 404 - "HEAD http://localhost:8080/v1/AUTH_409fd6cec580481f99da44d910b5ed36/gnocchi.5a844fe7-6782-4e2a-bf55-3766b8d294c6?format=json&states=listing" "txa2a75682ff7f419bb7298-0069273099" "proxy-server 21" 0.0004 "-" 21 0
Nov 26 16:53:45 standalone object-server[123166]: 172.20.0.100 - - [26/Nov/2025:16:53:45 +0000] "GET /d1/1000/AUTH_409fd6cec580481f99da44d910b5ed36/gnocchi.5a844fe7-6782-4e2a-bf55-3766b8d294c6/none_v3" 404 70 "GET http://localhost:8080/v1/AUTH_409fd6cec580481f99da44d910b5ed36/gnocchi.5a844fe7-6782-4e2a-bf55-3766b8d294c6/none_v3" "txa2a75682ff7f419bb7298-0069273099" "proxy-server 21" 0.0005 "-" 25 0
Nov 26 16:53:45 standalone proxy-server[124988]: 172.18.0.2 ::1 26/Nov/2025/16/53/45 GET /v1/AUTH_409fd6cec580481f99da44d910b5ed36/gnocchi.5a844fe7-6782-4e2a-bf55-3766b8d294c6/none_v3 HTTP/1.0 404 - python-swiftclient-3.11.1 gAAAAABpJy_Oa3lh... - 70 - txa2a75682ff7f419bb7298-0069273099 - 0.0149 - - 1764176025.012031794 1764176025.026963711 0
Nov 26 16:53:45 standalone account-server[122985]: 172.20.0.100 - - [26/Nov/2025:16:53:45 +0000] "PUT /d1/21/AUTH_409fd6cec580481f99da44d910b5ed36/gnocchi.5a844fe7-6782-4e2a-bf55-3766b8d294c6" 201 - "PUT http://172.20.0.100:6001/d1/485/AUTH_409fd6cec580481f99da44d910b5ed36/gnocchi.5a844fe7-6782-4e2a-bf55-3766b8d294c6" "txad96eaf68ab0496e94358-0069273099" "container-server 20" 0.0076 "-" 23 0
Nov 26 16:53:45 standalone container-server[122961]: 172.20.0.100 - - [26/Nov/2025:16:53:45 +0000] "PUT /d1/485/AUTH_409fd6cec580481f99da44d910b5ed36/gnocchi.5a844fe7-6782-4e2a-bf55-3766b8d294c6" 201 - "PUT http://localhost:8080/v1/AUTH_409fd6cec580481f99da44d910b5ed36/gnocchi.5a844fe7-6782-4e2a-bf55-3766b8d294c6" "txad96eaf68ab0496e94358-0069273099" "proxy-server 21" 0.0230 "-" 20 0
Nov 26 16:53:45 standalone proxy-server[124988]: 172.18.0.2 ::1 26/Nov/2025/16/53/45 PUT /v1/AUTH_409fd6cec580481f99da44d910b5ed36/gnocchi.5a844fe7-6782-4e2a-bf55-3766b8d294c6 HTTP/1.0 201 - python-swiftclient-3.11.1 gAAAAABpJy_Oa3lh... - - - txad96eaf68ab0496e94358-0069273099 - 0.0304 - - 1764176025.032492399 1764176025.062909842 0
Nov 26 16:53:45 standalone container-server[122961]: 172.20.0.100 - - [26/Nov/2025:16:53:45 +0000] "HEAD /d1/485/AUTH_409fd6cec580481f99da44d910b5ed36/gnocchi.5a844fe7-6782-4e2a-bf55-3766b8d294c6" 204 - "HEAD http://localhost:8080/v1/AUTH_409fd6cec580481f99da44d910b5ed36/gnocchi.5a844fe7-6782-4e2a-bf55-3766b8d294c6?format=json&states=listing" "tx0eaf7468f54a41ad9f3d0-0069273099" "proxy-server 21" 0.0023 "-" 20 0
Nov 26 16:53:45 standalone account-server[122970]: 172.20.0.100 - - [26/Nov/2025:16:53:45 +0000] "PUT /d1/21/AUTH_409fd6cec580481f99da44d910b5ed36/gnocchi.faab9108-7a56-4d47-8fab-d533dcc53a29" 201 - "-" "-" "container-updater 2" 0.0008 "-" 20 0
Nov 26 16:53:45 standalone proxy-server[124988]: - - 26/Nov/2025/16/53/45 HEAD /v1/AUTH_409fd6cec580481f99da44d910b5ed36/gnocchi.5a844fe7-6782-4e2a-bf55-3766b8d294c6%3Fformat%3Djson%26states%3Dlisting HTTP/1.0 204 - Swift - - - - tx0eaf7468f54a41ad9f3d0-0069273099 - 0.0072 RL - 1764176025.070496082 1764176025.077676296 0
Nov 26 16:53:45 standalone container-server[122976]: 172.20.0.100 - - [26/Nov/2025:16:53:45 +0000] "GET /d1/485/AUTH_409fd6cec580481f99da44d910b5ed36/gnocchi.5a844fe7-6782-4e2a-bf55-3766b8d294c6" 200 2 "GET http://localhost:8080/v1/AUTH_409fd6cec580481f99da44d910b5ed36/gnocchi.5a844fe7-6782-4e2a-bf55-3766b8d294c6?format=json&states=listing" "tx0eaf7468f54a41ad9f3d0-0069273099" "proxy-server 21" 0.0027 "-" 22 0
Nov 26 16:53:45 standalone proxy-server[124988]: 172.18.0.2 ::1 26/Nov/2025/16/53/45 GET /v1/AUTH_409fd6cec580481f99da44d910b5ed36/gnocchi.5a844fe7-6782-4e2a-bf55-3766b8d294c6%3Fformat%3Djson%26states%3Dlisting HTTP/1.0 200 - python-swiftclient-3.11.1 gAAAAABpJy_Oa3lh... - 2 - tx0eaf7468f54a41ad9f3d0-0069273099 - 0.0201 - - 1764176025.068913460 1764176025.088993073 0
Nov 26 16:53:45 standalone object-server[123158]: 172.20.0.100 - - [26/Nov/2025:16:53:45 +0000] "GET /d1/1017/AUTH_409fd6cec580481f99da44d910b5ed36/gnocchi.5a844fe7-6782-4e2a-bf55-3766b8d294c6/1763640000.0_mean_300.0_v3" 404 70 "GET http://localhost:8080/v1/AUTH_409fd6cec580481f99da44d910b5ed36/gnocchi.5a844fe7-6782-4e2a-bf55-3766b8d294c6/1763640000.0_mean_300.0_v3" "txa88fabf3ee164d34be9d6-0069273099" "proxy-server 21" 0.0004 "-" 21 0
Nov 26 16:53:45 standalone proxy-server[124988]: 172.18.0.2 ::1 26/Nov/2025/16/53/45 GET /v1/AUTH_409fd6cec580481f99da44d910b5ed36/gnocchi.5a844fe7-6782-4e2a-bf55-3766b8d294c6/1763640000.0_mean_300.0_v3 HTTP/1.0 404 - python-swiftclient-3.11.1 gAAAAABpJy_Oa3lh... - 70 - txa88fabf3ee164d34be9d6-0069273099 - 0.0080 - - 1764176025.095686913 1764176025.103639126 0
Nov 26 16:53:45 standalone container-server[122976]: 172.20.0.100 - - [26/Nov/2025:16:53:45 +0000] "PUT /d1/485/AUTH_409fd6cec580481f99da44d910b5ed36/gnocchi.5a844fe7-6782-4e2a-bf55-3766b8d294c6/1763640000.0_mean_300.0_v3" 201 - "PUT http://localhost:8080/d1/1017/AUTH_409fd6cec580481f99da44d910b5ed36/gnocchi.5a844fe7-6782-4e2a-bf55-3766b8d294c6/1763640000.0_mean_300.0_v3" "txdd5b7c4221d947e0b59c0-0069273099" "object-server 24" 0.0007 "-" 22 0
Nov 26 16:53:45 standalone object-server[123162]: 172.20.0.100 - - [26/Nov/2025:16:53:45 +0000] "PUT /d1/1017/AUTH_409fd6cec580481f99da44d910b5ed36/gnocchi.5a844fe7-6782-4e2a-bf55-3766b8d294c6/1763640000.0_mean_300.0_v3" 201 - "PUT http://localhost:8080/v1/AUTH_409fd6cec580481f99da44d910b5ed36/gnocchi.5a844fe7-6782-4e2a-bf55-3766b8d294c6/1763640000.0_mean_300.0_v3" "txdd5b7c4221d947e0b59c0-0069273099" "proxy-server 21" 0.0107 "-" 24 0
Nov 26 16:53:45 standalone proxy-server[124988]: 172.18.0.2 ::1 26/Nov/2025/16/53/45 PUT /v1/AUTH_409fd6cec580481f99da44d910b5ed36/gnocchi.5a844fe7-6782-4e2a-bf55-3766b8d294c6/1763640000.0_mean_300.0_v3 HTTP/1.0 201 - python-swiftclient-3.11.1 gAAAAABpJy_Oa3lh... 16 - - txdd5b7c4221d947e0b59c0-0069273099 - 0.0188 - - 1764176025.108291149 1764176025.127049208 0
Nov 26 16:53:45 standalone container-server[122961]: 172.20.0.100 - - [26/Nov/2025:16:53:45 +0000] "PUT /d1/485/AUTH_409fd6cec580481f99da44d910b5ed36/gnocchi.5a844fe7-6782-4e2a-bf55-3766b8d294c6/none_v3" 201 - "PUT http://localhost:8080/d1/1000/AUTH_409fd6cec580481f99da44d910b5ed36/gnocchi.5a844fe7-6782-4e2a-bf55-3766b8d294c6/none_v3" "tx28267bd682974d07a2534-0069273099" "object-server 24" 0.0009 "-" 20 0
Nov 26 16:53:45 standalone object-server[123162]: 172.20.0.100 - - [26/Nov/2025:16:53:45 +0000] "PUT /d1/1000/AUTH_409fd6cec580481f99da44d910b5ed36/gnocchi.5a844fe7-6782-4e2a-bf55-3766b8d294c6/none_v3" 201 - "PUT http://localhost:8080/v1/AUTH_409fd6cec580481f99da44d910b5ed36/gnocchi.5a844fe7-6782-4e2a-bf55-3766b8d294c6/none_v3" "tx28267bd682974d07a2534-0069273099" "proxy-server 21" 0.0105 "-" 24 0
Nov 26 16:53:45 standalone proxy-server[124988]: 172.18.0.2 ::1 26/Nov/2025/16/53/45 PUT /v1/AUTH_409fd6cec580481f99da44d910b5ed36/gnocchi.5a844fe7-6782-4e2a-bf55-3766b8d294c6/none_v3 HTTP/1.0 201 - python-swiftclient-3.11.1 gAAAAABpJy_Oa3lh... 22 - - tx28267bd682974d07a2534-0069273099 - 0.0190 - - 1764176025.131896973 1764176025.150878668 0
Nov 26 16:53:45 standalone account-server[122970]: 172.20.0.100 - - [26/Nov/2025:16:53:45 +0000] "PUT /d1/21/AUTH_409fd6cec580481f99da44d910b5ed36/gnocchi.a93b06cc-778d-4109-910b-4470f1d14169" 201 - "-" "-" "container-updater 2" 0.0005 "-" 20 0
Nov 26 16:53:45 standalone account-server[122978]: 172.20.0.100 - - [26/Nov/2025:16:53:45 +0000] "PUT /d1/21/AUTH_409fd6cec580481f99da44d910b5ed36/gnocchi.f2e37ad2-cc0b-4cab-ac92-02861fc98a3d" 201 - "-" "-" "container-updater 2" 0.0004 "-" 22 0
Nov 26 16:53:45 standalone account-server[122985]: 172.20.0.100 - - [26/Nov/2025:16:53:45 +0000] "PUT /d1/21/AUTH_409fd6cec580481f99da44d910b5ed36/gnocchi.370a3805-e695-4c6b-ba99-d9c733e350f9" 201 - "-" "-" "container-updater 2" 0.0007 "-" 23 0
Nov 26 16:53:45 standalone account-server[122985]: 172.20.0.100 - - [26/Nov/2025:16:53:45 +0000] "PUT /d1/21/AUTH_409fd6cec580481f99da44d910b5ed36/gnocchi.7fd9400b-8f9f-432d-bd5f-5a541c53c323" 201 - "-" "-" "container-updater 2" 0.0005 "-" 23 0
Nov 26 16:53:45 standalone account-server[122985]: 172.20.0.100 - - [26/Nov/2025:16:53:45 +0000] "PUT /d1/21/AUTH_409fd6cec580481f99da44d910b5ed36/gnocchi.1979f3f8-95bb-47ac-80ad-14aaed4da8dd" 201 - "-" "-" "container-updater 2" 0.0005 "-" 23 0
Nov 26 16:53:45 standalone account-server[122973]: 172.20.0.100 - - [26/Nov/2025:16:53:45 +0000] "PUT /d1/21/AUTH_409fd6cec580481f99da44d910b5ed36/gnocchi.db33d409-6841-4822-9db2-39ee128853ec" 201 - "-" "-" "container-updater 2" 0.0005 "-" 21 0
Nov 26 16:53:45 standalone account-server[122985]: 172.20.0.100 - - [26/Nov/2025:16:53:45 +0000] "PUT /d1/21/AUTH_409fd6cec580481f99da44d910b5ed36/gnocchi.1b46d277-cbda-4dd5-a65f-1b9bac0cd44a" 201 - "-" "-" "container-updater 2" 0.0006 "-" 23 0
Nov 26 16:53:45 standalone account-server[122985]: 172.20.0.100 - - [26/Nov/2025:16:53:45 +0000] "PUT /d1/21/AUTH_409fd6cec580481f99da44d910b5ed36/gnocchi.ffde7362-ee88-4e34-9285-dc747513523e" 201 - "-" "-" "container-updater 2" 0.0005 "-" 23 0
Nov 26 16:53:46 standalone account-server[122985]: 172.20.0.100 - - [26/Nov/2025:16:53:46 +0000] "PUT /d1/21/AUTH_409fd6cec580481f99da44d910b5ed36/glance" 201 - "-" "-" "container-updater 2" 0.0004 "-" 23 0
Nov 26 16:53:46 standalone account-server[122973]: 172.20.0.100 - - [26/Nov/2025:16:53:46 +0000] "PUT /d1/21/AUTH_409fd6cec580481f99da44d910b5ed36/gnocchi.872b3ce9-5ccf-4255-a2ed-ea473eff4e22" 201 - "-" "-" "container-updater 2" 0.0007 "-" 21 0
Nov 26 16:53:46 standalone account-server[122978]: 172.20.0.100 - - [26/Nov/2025:16:53:46 +0000] "PUT /d1/21/AUTH_409fd6cec580481f99da44d910b5ed36/gnocchi.5445970b-102f-4e37-bf97-01aacf6ee60b" 201 - "-" "-" "container-updater 2" 0.0006 "-" 22 0
Nov 26 16:53:46 standalone container-server[123023]: Container update sweep completed: 1.86s
Nov 26 16:54:14 standalone container-server[122967]: 172.20.0.100 - - [26/Nov/2025:16:54:14 +0000] "HEAD /d1/369/AUTH_409fd6cec580481f99da44d910b5ed36/gnocchi.ad228f8d-563f-443d-946b-4b4c5f41f24a" 404 - "HEAD http://localhost:8080/v1/AUTH_409fd6cec580481f99da44d910b5ed36/gnocchi.ad228f8d-563f-443d-946b-4b4c5f41f24a?format=json&states=listing" "tx0ac170ba5c4f44c798ea6-00692730b6" "proxy-server 21" 0.0013 "-" 21 0
Nov 26 16:54:14 standalone object-server[123166]: 172.20.0.100 - - [26/Nov/2025:16:54:14 +0000] "GET /d1/510/AUTH_409fd6cec580481f99da44d910b5ed36/gnocchi.ad228f8d-563f-443d-946b-4b4c5f41f24a/none_v3" 404 70 "GET http://localhost:8080/v1/AUTH_409fd6cec580481f99da44d910b5ed36/gnocchi.ad228f8d-563f-443d-946b-4b4c5f41f24a/none_v3" "tx0ac170ba5c4f44c798ea6-00692730b6" "proxy-server 21" 0.0007 "-" 25 0
Nov 26 16:54:14 standalone proxy-server[124988]: 172.18.0.2 ::1 26/Nov/2025/16/54/14 GET /v1/AUTH_409fd6cec580481f99da44d910b5ed36/gnocchi.ad228f8d-563f-443d-946b-4b4c5f41f24a/none_v3 HTTP/1.0 404 - python-swiftclient-3.11.1 gAAAAABpJy_Oa3lh... - 70 - tx0ac170ba5c4f44c798ea6-00692730b6 - 0.0186 - - 1764176054.316693783 1764176054.335316896 0
Nov 26 16:54:14 standalone account-server[122973]: 172.20.0.100 - - [26/Nov/2025:16:54:14 +0000] "PUT /d1/21/AUTH_409fd6cec580481f99da44d910b5ed36/gnocchi.ad228f8d-563f-443d-946b-4b4c5f41f24a" 201 - "PUT http://172.20.0.100:6001/d1/369/AUTH_409fd6cec580481f99da44d910b5ed36/gnocchi.ad228f8d-563f-443d-946b-4b4c5f41f24a" "tx1ba62f3d585d4630865f5-00692730b6" "container-server 21" 0.0090 "-" 21 0
Nov 26 16:54:14 standalone container-server[122967]: 172.20.0.100 - - [26/Nov/2025:16:54:14 +0000] "PUT /d1/369/AUTH_409fd6cec580481f99da44d910b5ed36/gnocchi.ad228f8d-563f-443d-946b-4b4c5f41f24a" 201 - "PUT http://localhost:8080/v1/AUTH_409fd6cec580481f99da44d910b5ed36/gnocchi.ad228f8d-563f-443d-946b-4b4c5f41f24a" "tx1ba62f3d585d4630865f5-00692730b6" "proxy-server 21" 0.0277 "-" 21 0
Nov 26 16:54:14 standalone proxy-server[124988]: 172.18.0.2 ::1 26/Nov/2025/16/54/14 PUT /v1/AUTH_409fd6cec580481f99da44d910b5ed36/gnocchi.ad228f8d-563f-443d-946b-4b4c5f41f24a HTTP/1.0 201 - python-swiftclient-3.11.1 gAAAAABpJy_Oa3lh... - - - tx1ba62f3d585d4630865f5-00692730b6 - 0.0350 - - 1764176054.340065479 1764176054.375063181 0
Nov 26 16:54:14 standalone container-server[122967]: 172.20.0.100 - - [26/Nov/2025:16:54:14 +0000] "HEAD /d1/369/AUTH_409fd6cec580481f99da44d910b5ed36/gnocchi.ad228f8d-563f-443d-946b-4b4c5f41f24a" 204 - "HEAD http://localhost:8080/v1/AUTH_409fd6cec580481f99da44d910b5ed36/gnocchi.ad228f8d-563f-443d-946b-4b4c5f41f24a?format=json&states=listing" "tx7720d84499a64e3dad30e-00692730b6" "proxy-server 21" 0.0021 "-" 21 0
Nov 26 16:54:14 standalone proxy-server[124988]: - - 26/Nov/2025/16/54/14 HEAD /v1/AUTH_409fd6cec580481f99da44d910b5ed36/gnocchi.ad228f8d-563f-443d-946b-4b4c5f41f24a%3Fformat%3Djson%26states%3Dlisting HTTP/1.0 204 - Swift - - - - tx7720d84499a64e3dad30e-00692730b6 - 0.0069 RL - 1764176054.381422758 1764176054.388351202 0
Nov 26 16:54:14 standalone container-server[122979]: 172.20.0.100 - - [26/Nov/2025:16:54:14 +0000] "GET /d1/369/AUTH_409fd6cec580481f99da44d910b5ed36/gnocchi.ad228f8d-563f-443d-946b-4b4c5f41f24a" 200 2 "GET http://localhost:8080/v1/AUTH_409fd6cec580481f99da44d910b5ed36/gnocchi.ad228f8d-563f-443d-946b-4b4c5f41f24a?format=json&states=listing" "tx7720d84499a64e3dad30e-00692730b6" "proxy-server 21" 0.0038 "-" 23 0
Nov 26 16:54:14 standalone proxy-server[124988]: 172.18.0.2 ::1 26/Nov/2025/16/54/14 GET /v1/AUTH_409fd6cec580481f99da44d910b5ed36/gnocchi.ad228f8d-563f-443d-946b-4b4c5f41f24a%3Fformat%3Djson%26states%3Dlisting HTTP/1.0 200 - python-swiftclient-3.11.1 gAAAAABpJy_Oa3lh... - 2 - tx7720d84499a64e3dad30e-00692730b6 - 0.0226 - - 1764176054.379511118 1764176054.402084351 0
Nov 26 16:54:14 standalone object-server[123166]: 172.20.0.100 - - [26/Nov/2025:16:54:14 +0000] "GET /d1/586/AUTH_409fd6cec580481f99da44d910b5ed36/gnocchi.ad228f8d-563f-443d-946b-4b4c5f41f24a/1763640000.0_mean_300.0_v3" 404 70 "GET http://localhost:8080/v1/AUTH_409fd6cec580481f99da44d910b5ed36/gnocchi.ad228f8d-563f-443d-946b-4b4c5f41f24a/1763640000.0_mean_300.0_v3" "tx0a26e6744eb840258d779-00692730b6" "proxy-server 21" 0.0013 "-" 25 0
Nov 26 16:54:14 standalone proxy-server[124988]: 172.18.0.2 ::1 26/Nov/2025/16/54/14 GET /v1/AUTH_409fd6cec580481f99da44d910b5ed36/gnocchi.ad228f8d-563f-443d-946b-4b4c5f41f24a/1763640000.0_mean_300.0_v3 HTTP/1.0 404 - python-swiftclient-3.11.1 gAAAAABpJy_Oa3lh... - 70 - tx0a26e6744eb840258d779-00692730b6 - 0.0095 - - 1764176054.406831980 1764176054.416332960 0
Nov 26 16:54:14 standalone container-server[122967]: 172.20.0.100 - - [26/Nov/2025:16:54:14 +0000] "PUT /d1/369/AUTH_409fd6cec580481f99da44d910b5ed36/gnocchi.ad228f8d-563f-443d-946b-4b4c5f41f24a/1763640000.0_mean_300.0_v3" 201 - "PUT http://localhost:8080/d1/586/AUTH_409fd6cec580481f99da44d910b5ed36/gnocchi.ad228f8d-563f-443d-946b-4b4c5f41f24a/1763640000.0_mean_300.0_v3" "tx4a1063fc61cc4c688fcda-00692730b6" "object-server 23" 0.0011 "-" 21 0
Nov 26 16:54:14 standalone object-server[123161]: 172.20.0.100 - - [26/Nov/2025:16:54:14 +0000] "PUT /d1/586/AUTH_409fd6cec580481f99da44d910b5ed36/gnocchi.ad228f8d-563f-443d-946b-4b4c5f41f24a/1763640000.0_mean_300.0_v3" 201 - "PUT http://localhost:8080/v1/AUTH_409fd6cec580481f99da44d910b5ed36/gnocchi.ad228f8d-563f-443d-946b-4b4c5f41f24a/1763640000.0_mean_300.0_v3" "tx4a1063fc61cc4c688fcda-00692730b6" "proxy-server 21" 0.0149 "-" 23 0
Nov 26 16:54:14 standalone proxy-server[124988]: 172.18.0.2 ::1 26/Nov/2025/16/54/14 PUT /v1/AUTH_409fd6cec580481f99da44d910b5ed36/gnocchi.ad228f8d-563f-443d-946b-4b4c5f41f24a/1763640000.0_mean_300.0_v3 HTTP/1.0 201 - python-swiftclient-3.11.1 gAAAAABpJy_Oa3lh... 16 - - tx4a1063fc61cc4c688fcda-00692730b6 - 0.0242 - - 1764176054.420693398 1764176054.444884062 0
Nov 26 16:54:14 standalone container-server[122967]: 172.20.0.100 - - [26/Nov/2025:16:54:14 +0000] "PUT /d1/369/AUTH_409fd6cec580481f99da44d910b5ed36/gnocchi.ad228f8d-563f-443d-946b-4b4c5f41f24a/none_v3" 201 - "PUT http://localhost:8080/d1/510/AUTH_409fd6cec580481f99da44d910b5ed36/gnocchi.ad228f8d-563f-443d-946b-4b4c5f41f24a/none_v3" "tx3662f3eeb67f4eaf8908a-00692730b6" "object-server 23" 0.0006 "-" 21 0
Nov 26 16:54:14 standalone object-server[123161]: 172.20.0.100 - - [26/Nov/2025:16:54:14 +0000] "PUT /d1/510/AUTH_409fd6cec580481f99da44d910b5ed36/gnocchi.ad228f8d-563f-443d-946b-4b4c5f41f24a/none_v3" 201 - "PUT http://localhost:8080/v1/AUTH_409fd6cec580481f99da44d910b5ed36/gnocchi.ad228f8d-563f-443d-946b-4b4c5f41f24a/none_v3" "tx3662f3eeb67f4eaf8908a-00692730b6" "proxy-server 21" 0.0131 "-" 23 0
Nov 26 16:54:14 standalone proxy-server[124988]: 172.18.0.2 ::1 26/Nov/2025/16/54/14 PUT /v1/AUTH_409fd6cec580481f99da44d910b5ed36/gnocchi.ad228f8d-563f-443d-946b-4b4c5f41f24a/none_v3 HTTP/1.0 201 - python-swiftclient-3.11.1 gAAAAABpJy_Oa3lh... 22 - - tx3662f3eeb67f4eaf8908a-00692730b6 - 0.0226 - - 1764176054.448479891 1764176054.471096277 0
Nov 26 16:54:17 standalone account-server[122978]: 172.20.0.100 - - [26/Nov/2025:16:54:17 +0000] "HEAD /d1/620/.expiring_objects" 404 - "HEAD http://localhost/v1/.expiring_objects?format=json" "tx91ecd51d557040ae8e81d-00692730b9" "proxy-server 2" 0.0007 "-" 22 -
Nov 26 16:54:17 standalone object-expirer[122966]: Pass completed in 0s; 0 objects expired (txn: tx91ecd51d557040ae8e81d-00692730b9)
Nov 26 16:54:42 standalone account-server[122973]: 172.20.0.100 - - [26/Nov/2025:16:54:42 +0000] "HEAD /d1/620/.expiring_objects" 404 - "HEAD http://localhost/v1/.expiring_objects?format=json" "txaa572ce90edf4c4a9fbca-00692730d2" "proxy-server 2" 0.0007 "-" 21 -
Nov 26 16:54:42 standalone object-expirer[122966]: Pass completed in 0s; 0 objects expired (txn: txaa572ce90edf4c4a9fbca-00692730d2)
Nov 26 16:55:14 standalone account-server[122973]: 172.20.0.100 - - [26/Nov/2025:16:55:14 +0000] "HEAD /d1/620/.expiring_objects" 404 - "HEAD http://localhost/v1/.expiring_objects?format=json" "tx0223012d085444a3a221b-00692730f2" "proxy-server 2" 0.0007 "-" 21 -
Nov 26 16:55:14 standalone object-expirer[122966]: Pass completed in 0s; 0 objects expired (txn: tx0223012d085444a3a221b-00692730f2)
Nov 26 16:56:32 standalone object-server[123122]: Begin object update sweep
Nov 26 16:56:32 standalone object-server[245703]: Object update sweep starting on /srv/node/d1 (pid: 15)
Nov 26 16:56:32 standalone object-server[245703]: Object update sweep completed on /srv/node/d1 in 0.00s seconds:, 0 successes, 0 failures, 0 quarantines, 0 unlinks, 0 errors, 0 redirects (pid: 15)
Nov 26 16:56:32 standalone object-server[245703]: Object update sweep of d1 completed: 0.00s, 0 successes, 0 failures, 0 quarantines, 0 unlinks, 0 errors, 0 redirects
Nov 26 16:56:32 standalone object-server[123122]: Object update sweep completed: 0.06s
Nov 26 16:58:44 standalone container-server[123023]: Begin container update sweep
Nov 26 16:58:44 standalone account-server[122978]: 172.20.0.100 - - [26/Nov/2025:16:58:44 +0000] "PUT /d1/21/AUTH_409fd6cec580481f99da44d910b5ed36/gnocchi.dc9da84b-1acf-4ab2-9566-0984e4d7e60c" 201 - "-" "-" "container-updater 2" 0.0011 "-" 22 0
Nov 26 16:58:45 standalone account-server[122985]: 172.20.0.100 - - [26/Nov/2025:16:58:45 +0000] "PUT /d1/21/AUTH_409fd6cec580481f99da44d910b5ed36/gnocchi.032d5c4e-0857-4d05-a354-5adbcb2e3689" 201 - "-" "-" "container-updater 2" 0.0007 "-" 23 0
Nov 26 16:58:45 standalone account-server[122985]: 172.20.0.100 - - [26/Nov/2025:16:58:45 +0000] "PUT /d1/21/AUTH_409fd6cec580481f99da44d910b5ed36/gnocchi.5a844fe7-6782-4e2a-bf55-3766b8d294c6" 201 - "-" "-" "container-updater 2" 0.0006 "-" 23 0
Nov 26 16:58:45 standalone account-server[122973]: 172.20.0.100 - - [26/Nov/2025:16:58:45 +0000] "PUT /d1/21/AUTH_409fd6cec580481f99da44d910b5ed36/gnocchi.9e67b68b-3687-4807-bdec-7c1fa87ada20" 201 - "-" "-" "container-updater 2" 0.0007 "-" 21 0
Nov 26 16:58:46 standalone account-server[122985]: 172.20.0.100 - - [26/Nov/2025:16:58:46 +0000] "PUT /d1/21/AUTH_409fd6cec580481f99da44d910b5ed36/gnocchi.ad228f8d-563f-443d-946b-4b4c5f41f24a" 201 - "-" "-" "container-updater 2" 0.0007 "-" 23 0
Nov 26 16:58:46 standalone container-server[123023]: Container update sweep completed: 1.85s
Nov 26 16:59:06 standalone account-server[122973]: 172.20.0.100 - - [26/Nov/2025:16:59:06 +0000] "HEAD /d1/620/.expiring_objects" 404 - "HEAD http://localhost/v1/.expiring_objects?format=json" "tx177ebe1055564b4fbd753-00692731da" "proxy-server 2" 0.0023 "-" 21 -
Nov 26 16:59:06 standalone object-expirer[122966]: Pass completed in 0s; 0 objects expired (txn: tx177ebe1055564b4fbd753-00692731da)
Nov 26 17:00:53 standalone account-server[122985]: 172.20.0.100 - - [26/Nov/2025:17:00:53 +0000] "HEAD /d1/620/.expiring_objects" 404 - "HEAD http://localhost/v1/.expiring_objects?format=json" "tx88b5a493ea6840b0830f0-0069273245" "proxy-server 2" 0.0009 "-" 23 -
Nov 26 17:00:53 standalone object-expirer[122966]: Pass completed in 0s; 0 objects expired (txn: tx88b5a493ea6840b0830f0-0069273245)
Nov 26 17:01:32 standalone object-server[123122]: Begin object update sweep
Nov 26 17:01:32 standalone object-server[270910]: Object update sweep starting on /srv/node/d1 (pid: 16)
Nov 26 17:01:32 standalone object-server[270910]: Object update sweep completed on /srv/node/d1 in 0.00s seconds:, 0 successes, 0 failures, 0 quarantines, 0 unlinks, 0 errors, 0 redirects (pid: 16)
Nov 26 17:01:32 standalone object-server[270910]: Object update sweep of d1 completed: 0.00s, 0 successes, 0 failures, 0 quarantines, 0 unlinks, 0 errors, 0 redirects
Nov 26 17:01:32 standalone object-server[123122]: Object update sweep completed: 0.09s
Nov 26 17:02:00 standalone account-server[122978]: 172.20.0.100 - - [26/Nov/2025:17:02:00 +0000] "HEAD /d1/620/.expiring_objects" 404 - "HEAD http://localhost/v1/.expiring_objects?format=json" "tx6c88a253b1c540f39fe90-0069273288" "proxy-server 2" 0.0007 "-" 22 -
Nov 26 17:02:00 standalone object-expirer[122966]: Pass completed in 0s; 0 objects expired (txn: tx6c88a253b1c540f39fe90-0069273288)
Nov 26 17:03:44 standalone container-server[123023]: Begin container update sweep
Nov 26 17:03:46 standalone container-server[123023]: Container update sweep completed: 1.71s
Nov 26 17:04:14 standalone account-server[122985]: 172.20.0.31 - - [26/Nov/2025:17:04:14 +0000] "HEAD /d1/243/AUTH_af028beda4a54e6bbc10f6c28e9bf6a5" 404 - "HEAD http://swift-public-openstack.apps-crc.testing/v1/AUTH_af028beda4a54e6bbc10f6c28e9bf6a5?format=json" "tx18844ba1eb944f5690672-006927330e" "proxy-server 13" 0.0010 "-" 23 -
Nov 26 17:04:15 standalone account-server[122973]: 172.20.0.31 - - [26/Nov/2025:17:04:15 +0000] "GET /d1/243/AUTH_af028beda4a54e6bbc10f6c28e9bf6a5" 404 - "GET http://swift-public-openstack.apps-crc.testing/v1/AUTH_af028beda4a54e6bbc10f6c28e9bf6a5?format=json" "tx18844ba1eb944f5690672-006927330e" "proxy-server 13" 0.0005 "-" 21 -
Nov 26 17:04:21 standalone account-server[122970]: 172.20.0.100 - - [26/Nov/2025:17:04:21 +0000] "HEAD /d1/620/.expiring_objects" 404 - "HEAD http://localhost/v1/.expiring_objects?format=json" "txa7a66621847940b48db69-0069273315" "proxy-server 2" 0.0003 "-" 20 -
Nov 26 17:04:21 standalone object-expirer[122966]: Pass completed in 0s; 0 objects expired (txn: txa7a66621847940b48db69-0069273315)
Nov 26 17:06:32 standalone object-server[123122]: Begin object update sweep
Nov 26 17:06:32 standalone object-server[291547]: Object update sweep starting on /srv/node/d1 (pid: 17)
Nov 26 17:06:32 standalone object-server[291547]: Object update sweep completed on /srv/node/d1 in 0.00s seconds:, 0 successes, 0 failures, 0 quarantines, 0 unlinks, 0 errors, 0 redirects (pid: 17)
Nov 26 17:06:32 standalone object-server[291547]: Object update sweep of d1 completed: 0.00s, 0 successes, 0 failures, 0 quarantines, 0 unlinks, 0 errors, 0 redirects
Nov 26 17:06:33 standalone object-server[123122]: Object update sweep completed: 0.11s
Nov 26 17:08:44 standalone container-server[123023]: Begin container update sweep
Nov 26 17:08:46 standalone container-server[123023]: Container update sweep completed: 1.63s
Nov 26 17:09:05 standalone account-server[122973]: 172.20.0.100 - - [26/Nov/2025:17:09:05 +0000] "HEAD /d1/620/.expiring_objects" 404 - "HEAD http://localhost/v1/.expiring_objects?format=json" "txecb78db633084d5b9bddc-0069273431" "proxy-server 2" 0.0012 "-" 21 -
Nov 26 17:09:05 standalone object-expirer[122966]: Pass completed in 0s; 0 objects expired (txn: txecb78db633084d5b9bddc-0069273431)
Nov 26 17:10:02 standalone account-server[122985]: 172.20.0.100 - - [26/Nov/2025:17:10:02 +0000] "HEAD /d1/620/.expiring_objects" 404 - "HEAD http://localhost/v1/.expiring_objects?format=json" "txc50f2cb20a0045fd89534-006927346a" "proxy-server 2" 0.0004 "-" 23 -
Nov 26 17:10:02 standalone object-expirer[122966]: Pass completed in 0s; 0 objects expired (txn: txc50f2cb20a0045fd89534-006927346a)
Nov 26 17:11:05 standalone account-server[122973]: 172.20.0.100 - - [26/Nov/2025:17:11:05 +0000] "HEAD /d1/620/.expiring_objects" 404 - "HEAD http://localhost/v1/.expiring_objects?format=json" "tx3b0364624d3f4a46aee35-00692734a9" "proxy-server 2" 0.0006 "-" 21 -
Nov 26 17:11:05 standalone object-expirer[122966]: Pass completed in 0s; 0 objects expired (txn: tx3b0364624d3f4a46aee35-00692734a9)
Nov 26 17:11:18 standalone account-server[122973]: 172.20.0.31 - - [26/Nov/2025:17:11:18 +0000] "HEAD /d1/21/AUTH_409fd6cec580481f99da44d910b5ed36" 204 - "HEAD http://swift-internal.openstack.svc:8080/v1/AUTH_409fd6cec580481f99da44d910b5ed36?format=json" "tx015925b9bee345658b8a5-00692734b6" "proxy-server 16" 0.0099 "-" 21 -
Nov 26 17:11:19 standalone container-server[122967]: 172.20.0.31 - - [26/Nov/2025:17:11:19 +0000] "HEAD /d1/525/AUTH_409fd6cec580481f99da44d910b5ed36/glance" 204 - "HEAD http://swift-internal.openstack.svc:8080/v1/AUTH_409fd6cec580481f99da44d910b5ed36/glance?format=json&states=listing" "tx015925b9bee345658b8a5-00692734b6" "proxy-server 16" 0.0030 "-" 21 0
Nov 26 17:11:21 standalone container-server[122961]: 172.20.0.100 - - [26/Nov/2025:17:11:21 +0000] "PUT /d1/525/AUTH_409fd6cec580481f99da44d910b5ed36/glance/051c8851-6116-4844-ac98-ae41ed06ec00-00001" 201 - "PUT http://swift-internal.openstack.svc:8080/d1/499/AUTH_409fd6cec580481f99da44d910b5ed36/glance/051c8851-6116-4844-ac98-ae41ed06ec00-00001" "txac1d68ced26e45688bb7a-00692734b7" "object-server 24" 0.0010 "-" 20 0
Nov 26 17:11:21 standalone object-server[123162]: 172.20.0.31 - - [26/Nov/2025:17:11:21 +0000] "PUT /d1/499/AUTH_409fd6cec580481f99da44d910b5ed36/glance/051c8851-6116-4844-ac98-ae41ed06ec00-00001" 201 - "PUT http://swift-internal.openstack.svc:8080/v1/AUTH_409fd6cec580481f99da44d910b5ed36/glance/051c8851-6116-4844-ac98-ae41ed06ec00-00001" "txac1d68ced26e45688bb7a-00692734b7" "proxy-server 16" 2.3513 "-" 24 0
Nov 26 17:11:24 standalone container-server[122967]: 172.20.0.100 - - [26/Nov/2025:17:11:24 +0000] "PUT /d1/525/AUTH_409fd6cec580481f99da44d910b5ed36/glance/051c8851-6116-4844-ac98-ae41ed06ec00-00002" 201 - "PUT http://swift-internal.openstack.svc:8080/d1/933/AUTH_409fd6cec580481f99da44d910b5ed36/glance/051c8851-6116-4844-ac98-ae41ed06ec00-00002" "tx54b965acc8044dd892c20-00692734b9" "object-server 24" 0.0012 "-" 21 0
Nov 26 17:11:24 standalone object-server[123162]: 172.20.0.31 - - [26/Nov/2025:17:11:24 +0000] "PUT /d1/933/AUTH_409fd6cec580481f99da44d910b5ed36/glance/051c8851-6116-4844-ac98-ae41ed06ec00-00002" 201 - "PUT http://swift-internal.openstack.svc:8080/v1/AUTH_409fd6cec580481f99da44d910b5ed36/glance/051c8851-6116-4844-ac98-ae41ed06ec00-00002" "tx54b965acc8044dd892c20-00692734b9" "proxy-server 16" 2.6360 "-" 24 0
Nov 26 17:11:25 standalone container-server[122961]: 172.20.0.100 - - [26/Nov/2025:17:11:25 +0000] "PUT /d1/525/AUTH_409fd6cec580481f99da44d910b5ed36/glance/051c8851-6116-4844-ac98-ae41ed06ec00-00003" 201 - "PUT http://swift-internal.openstack.svc:8080/d1/725/AUTH_409fd6cec580481f99da44d910b5ed36/glance/051c8851-6116-4844-ac98-ae41ed06ec00-00003" "txabb585455351470b84529-00692734bc" "object-server 23" 0.0008 "-" 20 0
Nov 26 17:11:25 standalone object-server[123161]: 172.20.0.31 - - [26/Nov/2025:17:11:25 +0000] "PUT /d1/725/AUTH_409fd6cec580481f99da44d910b5ed36/glance/051c8851-6116-4844-ac98-ae41ed06ec00-00003" 201 - "PUT http://swift-internal.openstack.svc:8080/v1/AUTH_409fd6cec580481f99da44d910b5ed36/glance/051c8851-6116-4844-ac98-ae41ed06ec00-00003" "txabb585455351470b84529-00692734bc" "proxy-server 16" 1.4267 "-" 23 0
Nov 26 17:11:25 standalone container-server[122976]: 172.20.0.100 - - [26/Nov/2025:17:11:25 +0000] "PUT /d1/525/AUTH_409fd6cec580481f99da44d910b5ed36/glance/051c8851-6116-4844-ac98-ae41ed06ec00" 201 - "PUT http://swift-internal.openstack.svc:8080/d1/546/AUTH_409fd6cec580481f99da44d910b5ed36/glance/051c8851-6116-4844-ac98-ae41ed06ec00" "tx45e37ca9dd15498aa25a8-00692734bd" "object-server 23" 0.0011 "-" 22 0
Nov 26 17:11:25 standalone object-server[123161]: 172.20.0.31 - - [26/Nov/2025:17:11:25 +0000] "PUT /d1/546/AUTH_409fd6cec580481f99da44d910b5ed36/glance/051c8851-6116-4844-ac98-ae41ed06ec00" 201 - "PUT http://swift-internal.openstack.svc:8080/v1/AUTH_409fd6cec580481f99da44d910b5ed36/glance/051c8851-6116-4844-ac98-ae41ed06ec00" "tx45e37ca9dd15498aa25a8-00692734bd" "proxy-server 16" 0.0118 "-" 23 0
Nov 26 17:11:33 standalone object-server[123122]: Begin object update sweep
Nov 26 17:11:33 standalone object-server[312051]: Object update sweep starting on /srv/node/d1 (pid: 18)
Nov 26 17:11:33 standalone object-server[312051]: Object update sweep completed on /srv/node/d1 in 0.00s seconds:, 0 successes, 0 failures, 0 quarantines, 0 unlinks, 0 errors, 0 redirects (pid: 18)
Nov 26 17:11:33 standalone object-server[312051]: Object update sweep of d1 completed: 0.00s, 0 successes, 0 failures, 0 quarantines, 0 unlinks, 0 errors, 0 redirects
Nov 26 17:11:33 standalone object-server[123122]: Object update sweep completed: 0.08s
Nov 26 17:13:44 standalone container-server[123023]: Begin container update sweep
Nov 26 17:13:46 standalone account-server[122985]: 172.20.0.100 - - [26/Nov/2025:17:13:46 +0000] "PUT /d1/21/AUTH_409fd6cec580481f99da44d910b5ed36/glance" 201 - "-" "-" "container-updater 2" 0.0008 "-" 23 0
Nov 26 17:13:46 standalone container-server[123023]: Container update sweep completed: 1.61s
Nov 26 17:13:48 standalone account-server[122978]: 172.20.0.100 - - [26/Nov/2025:17:13:48 +0000] "HEAD /d1/620/.expiring_objects" 404 - "HEAD http://localhost/v1/.expiring_objects?format=json" "tx3fde7c73f6934af0ba5e4-006927354c" "proxy-server 2" 0.0008 "-" 22 -
Nov 26 17:13:48 standalone object-expirer[122966]: Pass completed in 0s; 0 objects expired (txn: tx3fde7c73f6934af0ba5e4-006927354c)
Nov 26 17:14:34 standalone account-server[122970]: 172.20.0.100 - - [26/Nov/2025:17:14:34 +0000] "HEAD /d1/620/.expiring_objects" 404 - "HEAD http://localhost/v1/.expiring_objects?format=json" "tx0be9cb8f36dc44b8952ec-006927357a" "proxy-server 2" 0.0020 "-" 20 -
Nov 26 17:14:34 standalone object-expirer[122966]: Pass completed in 0s; 0 objects expired (txn: tx0be9cb8f36dc44b8952ec-006927357a)
Nov 26 17:16:33 standalone object-server[123122]: Begin object update sweep
Nov 26 17:16:33 standalone object-server[332712]: Object update sweep starting on /srv/node/d1 (pid: 19)
Nov 26 17:16:33 standalone object-server[332712]: Object update sweep completed on /srv/node/d1 in 0.00s seconds:, 0 successes, 0 failures, 0 quarantines, 0 unlinks, 0 errors, 0 redirects (pid: 19)
Nov 26 17:16:33 standalone object-server[332712]: Object update sweep of d1 completed: 0.00s, 0 successes, 0 failures, 0 quarantines, 0 unlinks, 0 errors, 0 redirects
Nov 26 17:16:33 standalone object-server[123122]: Object update sweep completed: 0.08s
