Nov 26 16:38:45 standalone account-server[122624]: Starting 2
Nov 26 16:38:45 standalone container-server[122686]: Option allow_versions is deprecated. Configure the versioned_writes middleware in the proxy-server instead. This option will be ignored in a future release.
Nov 26 16:38:45 standalone container-server[122961]: Option allow_versions is deprecated. Configure the versioned_writes middleware in the proxy-server instead. This option will be ignored in a future release.
Nov 26 16:38:45 standalone container-server[122686]: Started child 20 from parent 2
Nov 26 16:38:45 standalone container-server[122967]: Option allow_versions is deprecated. Configure the versioned_writes middleware in the proxy-server instead. This option will be ignored in a future release.
Nov 26 16:38:45 standalone account-server[122683]: Started child 20 from parent 2
Nov 26 16:38:45 standalone container-server[122686]: Started child 21 from parent 2
Nov 26 16:38:45 standalone account-server[122683]: Started child 21 from parent 2
Nov 26 16:38:45 standalone container-server[122976]: Option allow_versions is deprecated. Configure the versioned_writes middleware in the proxy-server instead. This option will be ignored in a future release.
Nov 26 16:38:45 standalone container-server[122686]: Started child 22 from parent 2
Nov 26 16:38:45 standalone container-server[122979]: Option allow_versions is deprecated. Configure the versioned_writes middleware in the proxy-server instead. This option will be ignored in a future release.
Nov 26 16:38:45 standalone container-server[122686]: Started child 23 from parent 2
Nov 26 16:38:45 standalone account-server[122683]: Started child 22 from parent 2
Nov 26 16:38:45 standalone account-server[122683]: Started child 23 from parent 2
Nov 26 16:38:46 standalone object-expirer[122966]: Starting 2
Nov 26 16:38:46 standalone object-expirer[122966]: Option auto_create_account_prefix is deprecated. Configure auto_create_account_prefix under the swift-constraints section of swift.conf. This option will be ignored in a future release.
Nov 26 16:38:46 standalone container-server[123023]: Starting 2
Nov 26 16:38:46 standalone object-server[123024]: Started child 21 from parent 2
Nov 26 16:38:46 standalone object-server[123024]: Started child 23 from parent 2
Nov 26 16:38:46 standalone object-server[123024]: Started child 24 from parent 2
Nov 26 16:38:46 standalone object-server[123024]: Started child 25 from parent 2
Nov 26 16:38:46 standalone object-server[123122]: Starting 2
Nov 26 16:38:52 standalone proxy-server[124710]: Starting Keystone auth_token middleware
Nov 26 16:38:52 standalone proxy-server[124710]: AuthToken middleware is set with keystone_authtoken.service_token_roles_required set to False. This is backwards compatible but deprecated behaviour. Please set this to True.
Nov 26 16:38:52 standalone proxy-server[124988]: Starting Keystone auth_token middleware
Nov 26 16:38:52 standalone proxy-server[124988]: STDERR: The option "bind_port" is not known to keystonemiddleware
Nov 26 16:38:52 standalone proxy-server[124988]: STDERR: The option "workers" is not known to keystonemiddleware
Nov 26 16:38:52 standalone proxy-server[124988]: STDERR: The option "user" is not known to keystonemiddleware
Nov 26 16:38:52 standalone proxy-server[124988]: STDERR: The option "bind_ip" is not known to keystonemiddleware
Nov 26 16:38:52 standalone proxy-server[124988]: STDERR: The option "log_name" is not known to keystonemiddleware
Nov 26 16:38:52 standalone proxy-server[124988]: STDERR: The option "log_facility" is not known to keystonemiddleware
Nov 26 16:38:52 standalone proxy-server[124988]: STDERR: The option "log_level" is not known to keystonemiddleware
Nov 26 16:38:52 standalone proxy-server[124988]: STDERR: The option "log_headers" is not known to keystonemiddleware
Nov 26 16:38:52 standalone proxy-server[124988]: STDERR: The option "log_address" is not known to keystonemiddleware
Nov 26 16:38:52 standalone proxy-server[124988]: STDERR: The option "project_name" is not known to keystonemiddleware
Nov 26 16:38:52 standalone proxy-server[124988]: STDERR: The option "username" is not known to keystonemiddleware
Nov 26 16:38:52 standalone proxy-server[124988]: STDERR: The option "password" is not known to keystonemiddleware
Nov 26 16:38:52 standalone proxy-server[124988]: STDERR: The option "auth_url" is not known to keystonemiddleware
Nov 26 16:38:52 standalone proxy-server[124988]: STDERR: The option "signing_dir" is not known to keystonemiddleware
Nov 26 16:38:52 standalone proxy-server[124988]: STDERR: The option "project_domain_id" is not known to keystonemiddleware
Nov 26 16:38:52 standalone proxy-server[124988]: STDERR: The option "user_domain_id" is not known to keystonemiddleware
Nov 26 16:38:52 standalone proxy-server[124988]: STDERR: The option "__name__" is not known to keystonemiddleware
Nov 26 16:38:52 standalone proxy-server[124988]: AuthToken middleware is set with keystone_authtoken.service_token_roles_required set to False. This is backwards compatible but deprecated behaviour. Please set this to True.
Nov 26 16:38:52 standalone proxy-server[124710]: Started child 21 from parent 2
Nov 26 16:41:32 standalone object-server[123122]: Begin object update sweep
Nov 26 16:41:32 standalone object-server[142892]: Object update sweep starting on /srv/node/d1 (pid: 11)
Nov 26 16:41:32 standalone object-server[142892]: Object update sweep completed on /srv/node/d1 in 0.00s seconds:, 0 successes, 0 failures, 0 quarantines, 0 unlinks, 0 errors, 0 redirects (pid: 11)
Nov 26 16:41:32 standalone object-server[142892]: Object update sweep of d1 completed: 0.00s, 0 successes, 0 failures, 0 quarantines, 0 unlinks, 0 errors, 0 redirects
Nov 26 16:41:32 standalone object-server[123122]: Object update sweep completed: 0.08s
Nov 26 16:43:38 standalone account-server[122985]: 172.20.0.100 - - [26/Nov/2025:16:43:38 +0000] "HEAD /d1/620/.expiring_objects" 404 - "HEAD http://localhost/v1/.expiring_objects?format=json" "tx8506153847cb4e1581fa7-0069272e3a" "proxy-server 2" 0.0018 "-" 23 -
Nov 26 16:43:38 standalone object-expirer[122966]: Pass completed in 0s; 0 objects expired (txn: tx8506153847cb4e1581fa7-0069272e3a)
Nov 26 16:43:44 standalone container-server[123023]: Begin container update sweep
Nov 26 16:43:44 standalone container-server[123023]: Container update sweep completed: 0.00s
Nov 26 16:44:17 standalone account-server[122970]: 172.20.0.100 - - [26/Nov/2025:16:44:17 +0000] "HEAD /d1/620/.expiring_objects" 404 - "HEAD http://localhost/v1/.expiring_objects?format=json" "tx7f924202607e4020a75a0-0069272e61" "proxy-server 2" 0.0016 "-" 20 -
Nov 26 16:44:17 standalone object-expirer[122966]: Pass completed in 0s; 0 objects expired (txn: tx7f924202607e4020a75a0-0069272e61)
Nov 26 16:45:15 standalone account-server[122973]: 172.20.0.100 - - [26/Nov/2025:16:45:15 +0000] "HEAD /d1/21/AUTH_409fd6cec580481f99da44d910b5ed36" 404 - "HEAD http://localhost:8080/v1/AUTH_409fd6cec580481f99da44d910b5ed36?format=json" "tx98fe1786f4a74d08b826c-0069272e9b" "proxy-server 21" 0.0011 "-" 21 -
Nov 26 16:45:15 standalone proxy-server[124988]: - - 26/Nov/2025/16/45/15 HEAD /v1/AUTH_409fd6cec580481f99da44d910b5ed36%3Fformat%3Djson HTTP/1.0 200 - Swift - - - - tx98fe1786f4a74d08b826c-0069272e9b - 0.0054 RL - 1764175515.684876442 1764175515.690280199 -
Nov 26 16:45:16 standalone proxy-server[124988]: 172.18.0.2 ::1 26/Nov/2025/16/45/16 HEAD /v1/AUTH_409fd6cec580481f99da44d910b5ed36/glance%3Fformat%3Djson HTTP/1.0 404 - python-swiftclient-3.11.1 gAAAAABpJy6bAbRT... - - - tx98fe1786f4a74d08b826c-0069272e9b - 0.4157 - - 1764175515.680111885 1764175516.095850945 -
Nov 26 16:45:16 standalone account-server[122985]: 172.20.0.100 - - [26/Nov/2025:16:45:16 +0000] "PUT /d1/21/AUTH_409fd6cec580481f99da44d910b5ed36" 201 - "-" "tx401619cbd2314c0f928cd-0069272e9c" "-" 0.0140 "-" 23 -
Nov 26 16:45:16 standalone proxy-server[124988]: autocreate account '/AUTH_409fd6cec580481f99da44d910b5ed36' (txn: tx401619cbd2314c0f928cd-0069272e9c)
Nov 26 16:45:16 standalone account-server[122985]: 172.20.0.100 - - [26/Nov/2025:16:45:16 +0000] "HEAD /d1/21/AUTH_409fd6cec580481f99da44d910b5ed36" 204 - "HEAD http://localhost:8080/v1/AUTH_409fd6cec580481f99da44d910b5ed36?format=json" "tx401619cbd2314c0f928cd-0069272e9c" "proxy-server 21" 0.0011 "-" 23 -
Nov 26 16:45:16 standalone account-server[122973]: 172.20.0.100 - - [26/Nov/2025:16:45:16 +0000] "PUT /d1/21/AUTH_409fd6cec580481f99da44d910b5ed36/glance" 201 - "PUT http://172.20.0.100:6001/d1/525/AUTH_409fd6cec580481f99da44d910b5ed36/glance" "tx401619cbd2314c0f928cd-0069272e9c" "container-server 22" 0.0015 "-" 21 0
Nov 26 16:45:16 standalone container-server[122976]: 172.20.0.100 - - [26/Nov/2025:16:45:16 +0000] "PUT /d1/525/AUTH_409fd6cec580481f99da44d910b5ed36/glance" 201 - "PUT http://localhost:8080/v1/AUTH_409fd6cec580481f99da44d910b5ed36/glance" "tx401619cbd2314c0f928cd-0069272e9c" "proxy-server 21" 0.0179 "-" 22 0
Nov 26 16:45:16 standalone proxy-server[124988]: 172.18.0.2 ::1 26/Nov/2025/16/45/16 PUT /v1/AUTH_409fd6cec580481f99da44d910b5ed36/glance HTTP/1.0 201 - python-swiftclient-3.11.1 gAAAAABpJy6bAbRT... - - - tx401619cbd2314c0f928cd-0069272e9c - 0.0452 - - 1764175516.101115942 1764175516.146336079 0
Nov 26 16:45:16 standalone container-server[122979]: 172.20.0.100 - - [26/Nov/2025:16:45:16 +0000] "HEAD /d1/525/AUTH_409fd6cec580481f99da44d910b5ed36/glance" 204 - "HEAD http://localhost:8080/v1/AUTH_409fd6cec580481f99da44d910b5ed36/glance?format=json&states=listing" "tx91a63d967bf7441fbeefc-0069272e9c" "proxy-server 21" 0.0077 "-" 23 0
Nov 26 16:45:16 standalone proxy-server[124988]: - - 26/Nov/2025/16/45/16 HEAD /v1/AUTH_409fd6cec580481f99da44d910b5ed36/glance%3Fformat%3Djson%26states%3Dlisting HTTP/1.0 204 - Swift - - - - tx91a63d967bf7441fbeefc-0069272e9c - 0.0165 RL - 1764175516.156862974 1764175516.173335552 0
Nov 26 16:45:33 standalone container-server[122961]: 172.20.0.100 - - [26/Nov/2025:16:45:33 +0000] "PUT /d1/525/AUTH_409fd6cec580481f99da44d910b5ed36/glance/5643e26c-22c4-444d-bdc2-358c384ce07d" 201 - "PUT http://localhost:8080/d1/425/AUTH_409fd6cec580481f99da44d910b5ed36/glance/5643e26c-22c4-444d-bdc2-358c384ce07d" "tx91a63d967bf7441fbeefc-0069272e9c" "object-server 21" 0.0013 "-" 20 0
Nov 26 16:45:33 standalone object-server[123158]: 172.20.0.100 - - [26/Nov/2025:16:45:33 +0000] "PUT /d1/425/AUTH_409fd6cec580481f99da44d910b5ed36/glance/5643e26c-22c4-444d-bdc2-358c384ce07d" 201 - "PUT http://localhost:8080/v1/AUTH_409fd6cec580481f99da44d910b5ed36/glance/5643e26c-22c4-444d-bdc2-358c384ce07d" "tx91a63d967bf7441fbeefc-0069272e9c" "proxy-server 21" 17.5825 "-" 21 0
Nov 26 16:45:33 standalone proxy-server[124988]: 172.18.0.2 ::1 26/Nov/2025/16/45/33 PUT /v1/AUTH_409fd6cec580481f99da44d910b5ed36/glance/5643e26c-22c4-444d-bdc2-358c384ce07d HTTP/1.0 201 - python-swiftclient-3.11.1 gAAAAABpJy6bAbRT... 1472724992 - - tx91a63d967bf7441fbeefc-0069272e9c - 17.6147 - - 1764175516.154600382 1764175533.769269228 0
Nov 26 16:46:32 standalone object-server[123122]: Begin object update sweep
Nov 26 16:46:32 standalone object-server[181061]: Object update sweep starting on /srv/node/d1 (pid: 13)
Nov 26 16:46:32 standalone object-server[181061]: Object update sweep completed on /srv/node/d1 in 0.00s seconds:, 0 successes, 0 failures, 0 quarantines, 0 unlinks, 0 errors, 0 redirects (pid: 13)
Nov 26 16:46:32 standalone object-server[181061]: Object update sweep of d1 completed: 0.00s, 0 successes, 0 failures, 0 quarantines, 0 unlinks, 0 errors, 0 redirects
Nov 26 16:46:32 standalone object-server[123122]: Object update sweep completed: 0.06s
Nov 26 16:48:25 standalone account-server[122973]: 172.20.0.100 - - [26/Nov/2025:16:48:25 +0000] "HEAD /d1/620/.expiring_objects" 404 - "HEAD http://localhost/v1/.expiring_objects?format=json" "tx07cb275cf48b479f982e8-0069272f59" "proxy-server 2" 0.0009 "-" 21 -
Nov 26 16:48:25 standalone object-expirer[122966]: Pass completed in 0s; 0 objects expired (txn: tx07cb275cf48b479f982e8-0069272f59)
Nov 26 16:48:44 standalone container-server[123023]: Begin container update sweep
Nov 26 16:48:44 standalone account-server[122978]: 172.20.0.100 - - [26/Nov/2025:16:48:44 +0000] "PUT /d1/21/AUTH_409fd6cec580481f99da44d910b5ed36/glance" 201 - "-" "-" "container-updater 2" 0.0017 "-" 22 0
Nov 26 16:48:44 standalone container-server[123023]: Container update sweep completed: 0.07s
Nov 26 16:50:00 standalone account-server[122978]: 172.20.0.100 - - [26/Nov/2025:16:50:00 +0000] "HEAD /d1/620/.expiring_objects" 404 - "HEAD http://localhost/v1/.expiring_objects?format=json" "txe9e1a24f8b2f428cbc27b-0069272fb8" "proxy-server 2" 0.0012 "-" 22 -
Nov 26 16:50:00 standalone object-expirer[122966]: Pass completed in 0s; 0 objects expired (txn: txe9e1a24f8b2f428cbc27b-0069272fb8)
Nov 26 16:50:19 standalone account-server[122970]: 172.20.0.100 - - [26/Nov/2025:16:50:19 +0000] "HEAD /d1/21/AUTH_409fd6cec580481f99da44d910b5ed36" 204 - "HEAD http://localhost:8080/v1/AUTH_409fd6cec580481f99da44d910b5ed36?format=json" "tx25348f50a44f4b089f53e-0069272fcb" "proxy-server 21" 0.0096 "-" 20 -
Nov 26 16:50:19 standalone proxy-server[124988]: - - 26/Nov/2025/16/50/19 HEAD /v1/AUTH_409fd6cec580481f99da44d910b5ed36%3Fformat%3Djson HTTP/1.0 204 - Swift - - - - tx25348f50a44f4b089f53e-0069272fcb - 0.0139 RL - 1764175819.422577858 1764175819.436504126 -
Nov 26 16:50:19 standalone container-server[122976]: 172.20.0.100 - - [26/Nov/2025:16:50:19 +0000] "HEAD /d1/525/AUTH_409fd6cec580481f99da44d910b5ed36/glance" 204 - "HEAD http://localhost:8080/v1/AUTH_409fd6cec580481f99da44d910b5ed36/glance?format=json&states=listing" "tx25348f50a44f4b089f53e-0069272fcb" "proxy-server 21" 0.0032 "-" 22 0
Nov 26 16:50:19 standalone proxy-server[124988]: 172.18.0.2 ::1 26/Nov/2025/16/50/19 HEAD /v1/AUTH_409fd6cec580481f99da44d910b5ed36/glance%3Fformat%3Djson%26states%3Dlisting HTTP/1.0 204 - python-swiftclient-3.11.1 gAAAAABpJy_LKlU1... - - - tx25348f50a44f4b089f53e-0069272fcb - 0.0775 - - 1764175819.421805382 1764175819.499311209 0
Nov 26 16:50:22 standalone container-server[122976]: 172.20.0.100 - - [26/Nov/2025:16:50:22 +0000] "PUT /d1/525/AUTH_409fd6cec580481f99da44d910b5ed36/glance/b4e16a52-ffe1-4cdf-8e46-dffad9bf4f6a-00001" 201 - "PUT http://localhost:8080/d1/130/AUTH_409fd6cec580481f99da44d910b5ed36/glance/b4e16a52-ffe1-4cdf-8e46-dffad9bf4f6a-00001" "txe4cd68ee82674813bf504-0069272fcb" "object-server 24" 0.0010 "-" 22 0
Nov 26 16:50:22 standalone object-server[123162]: 172.20.0.100 - - [26/Nov/2025:16:50:22 +0000] "PUT /d1/130/AUTH_409fd6cec580481f99da44d910b5ed36/glance/b4e16a52-ffe1-4cdf-8e46-dffad9bf4f6a-00001" 201 - "PUT http://localhost:8080/v1/AUTH_409fd6cec580481f99da44d910b5ed36/glance/b4e16a52-ffe1-4cdf-8e46-dffad9bf4f6a-00001" "txe4cd68ee82674813bf504-0069272fcb" "proxy-server 21" 2.6907 "-" 24 0
Nov 26 16:50:22 standalone proxy-server[124988]: 172.18.0.2 ::1 26/Nov/2025/16/50/22 PUT /v1/AUTH_409fd6cec580481f99da44d910b5ed36/glance/b4e16a52-ffe1-4cdf-8e46-dffad9bf4f6a-00001 HTTP/1.0 201 - python-swiftclient-3.11.1 gAAAAABpJy_LKlU1... 21692416 - - txe4cd68ee82674813bf504-0069272fcb - 2.6995 - - 1764175819.506342411 1764175822.205793858 0
Nov 26 16:50:22 standalone container-server[122967]: 172.20.0.100 - - [26/Nov/2025:16:50:22 +0000] "PUT /d1/525/AUTH_409fd6cec580481f99da44d910b5ed36/glance/b4e16a52-ffe1-4cdf-8e46-dffad9bf4f6a" 201 - "PUT http://localhost:8080/d1/464/AUTH_409fd6cec580481f99da44d910b5ed36/glance/b4e16a52-ffe1-4cdf-8e46-dffad9bf4f6a" "tx10e91a46905a4e39ae04e-0069272fce" "object-server 23" 0.0019 "-" 21 0
Nov 26 16:50:22 standalone object-server[123161]: 172.20.0.100 - - [26/Nov/2025:16:50:22 +0000] "PUT /d1/464/AUTH_409fd6cec580481f99da44d910b5ed36/glance/b4e16a52-ffe1-4cdf-8e46-dffad9bf4f6a" 201 - "PUT http://localhost:8080/v1/AUTH_409fd6cec580481f99da44d910b5ed36/glance/b4e16a52-ffe1-4cdf-8e46-dffad9bf4f6a" "tx10e91a46905a4e39ae04e-0069272fce" "proxy-server 21" 0.0267 "-" 23 0
Nov 26 16:50:22 standalone proxy-server[124988]: 172.18.0.2 ::1 26/Nov/2025/16/50/22 PUT /v1/AUTH_409fd6cec580481f99da44d910b5ed36/glance/b4e16a52-ffe1-4cdf-8e46-dffad9bf4f6a HTTP/1.0 201 - python-swiftclient-3.11.1 gAAAAABpJy_LKlU1... - - - tx10e91a46905a4e39ae04e-0069272fce - 0.0374 - - 1764175822.213228703 1764175822.250602484 0
Nov 26 16:50:22 standalone container-server[122967]: 172.20.0.100 - - [26/Nov/2025:16:50:22 +0000] "HEAD /d1/269/AUTH_409fd6cec580481f99da44d910b5ed36/gnocchi.c29130e6-5490-4184-8f68-725fe1b3c102" 404 - "HEAD http://localhost:8080/v1/AUTH_409fd6cec580481f99da44d910b5ed36/gnocchi.c29130e6-5490-4184-8f68-725fe1b3c102?format=json&states=listing" "tx1070117ada1d4d32a2377-0069272fce" "proxy-server 21" 0.0006 "-" 21 0
Nov 26 16:50:22 standalone object-server[123158]: 172.20.0.100 - - [26/Nov/2025:16:50:22 +0000] "GET /d1/706/AUTH_409fd6cec580481f99da44d910b5ed36/gnocchi.c29130e6-5490-4184-8f68-725fe1b3c102/none_v3" 404 70 "GET http://localhost:8080/v1/AUTH_409fd6cec580481f99da44d910b5ed36/gnocchi.c29130e6-5490-4184-8f68-725fe1b3c102/none_v3" "tx1070117ada1d4d32a2377-0069272fce" "proxy-server 21" 0.0006 "-" 21 0
Nov 26 16:50:22 standalone proxy-server[124988]: 172.18.0.2 ::1 26/Nov/2025/16/50/22 GET /v1/AUTH_409fd6cec580481f99da44d910b5ed36/gnocchi.c29130e6-5490-4184-8f68-725fe1b3c102/none_v3 HTTP/1.0 404 - python-swiftclient-3.11.1 gAAAAABpJy_Oa3lh... - 70 - tx1070117ada1d4d32a2377-0069272fce - 0.0575 - - 1764175822.896956444 1764175822.954473734 0
Nov 26 16:50:22 standalone account-server[122985]: 172.20.0.100 - - [26/Nov/2025:16:50:22 +0000] "PUT /d1/21/AUTH_409fd6cec580481f99da44d910b5ed36/gnocchi.c29130e6-5490-4184-8f68-725fe1b3c102" 201 - "PUT http://172.20.0.100:6001/d1/269/AUTH_409fd6cec580481f99da44d910b5ed36/gnocchi.c29130e6-5490-4184-8f68-725fe1b3c102" "tx63b81c3f53e043e2b0393-0069272fce" "container-server 23" 0.0022 "-" 23 0
Nov 26 16:50:22 standalone container-server[122979]: 172.20.0.100 - - [26/Nov/2025:16:50:22 +0000] "PUT /d1/269/AUTH_409fd6cec580481f99da44d910b5ed36/gnocchi.c29130e6-5490-4184-8f68-725fe1b3c102" 201 - "PUT http://localhost:8080/v1/AUTH_409fd6cec580481f99da44d910b5ed36/gnocchi.c29130e6-5490-4184-8f68-725fe1b3c102" "tx63b81c3f53e043e2b0393-0069272fce" "proxy-server 21" 0.0145 "-" 23 0
Nov 26 16:50:22 standalone proxy-server[124988]: 172.18.0.2 ::1 26/Nov/2025/16/50/22 PUT /v1/AUTH_409fd6cec580481f99da44d910b5ed36/gnocchi.c29130e6-5490-4184-8f68-725fe1b3c102 HTTP/1.0 201 - python-swiftclient-3.11.1 gAAAAABpJy_Oa3lh... - - - tx63b81c3f53e043e2b0393-0069272fce - 0.0185 - - 1764175822.959192514 1764175822.977680683 0
Nov 26 16:50:22 standalone container-server[122976]: 172.20.0.100 - - [26/Nov/2025:16:50:22 +0000] "HEAD /d1/269/AUTH_409fd6cec580481f99da44d910b5ed36/gnocchi.c29130e6-5490-4184-8f68-725fe1b3c102" 204 - "HEAD http://localhost:8080/v1/AUTH_409fd6cec580481f99da44d910b5ed36/gnocchi.c29130e6-5490-4184-8f68-725fe1b3c102?format=json&states=listing" "txdbfe2acbd7bf4cf5a5645-0069272fce" "proxy-server 21" 0.0022 "-" 22 0
Nov 26 16:50:22 standalone proxy-server[124988]: - - 26/Nov/2025/16/50/22 HEAD /v1/AUTH_409fd6cec580481f99da44d910b5ed36/gnocchi.c29130e6-5490-4184-8f68-725fe1b3c102%3Fformat%3Djson%26states%3Dlisting HTTP/1.0 204 - Swift - - - - txdbfe2acbd7bf4cf5a5645-0069272fce - 0.0065 RL - 1764175822.987110615 1764175822.993643045 0
Nov 26 16:50:23 standalone container-server[122979]: 172.20.0.100 - - [26/Nov/2025:16:50:23 +0000] "GET /d1/269/AUTH_409fd6cec580481f99da44d910b5ed36/gnocchi.c29130e6-5490-4184-8f68-725fe1b3c102" 200 2 "GET http://localhost:8080/v1/AUTH_409fd6cec580481f99da44d910b5ed36/gnocchi.c29130e6-5490-4184-8f68-725fe1b3c102?format=json&states=listing" "txdbfe2acbd7bf4cf5a5645-0069272fce" "proxy-server 21" 0.0035 "-" 23 0
Nov 26 16:50:23 standalone proxy-server[124988]: 172.18.0.2 ::1 26/Nov/2025/16/50/23 GET /v1/AUTH_409fd6cec580481f99da44d910b5ed36/gnocchi.c29130e6-5490-4184-8f68-725fe1b3c102%3Fformat%3Djson%26states%3Dlisting HTTP/1.0 200 - python-swiftclient-3.11.1 gAAAAABpJy_Oa3lh... - 2 - txdbfe2acbd7bf4cf5a5645-0069272fce - 0.0156 - - 1764175822.986332893 1764175823.001952887 0
Nov 26 16:50:23 standalone object-server[123161]: 172.20.0.100 - - [26/Nov/2025:16:50:23 +0000] "GET /d1/320/AUTH_409fd6cec580481f99da44d910b5ed36/gnocchi.c29130e6-5490-4184-8f68-725fe1b3c102/1763640000.0_mean_300.0_v3" 404 70 "GET http://localhost:8080/v1/AUTH_409fd6cec580481f99da44d910b5ed36/gnocchi.c29130e6-5490-4184-8f68-725fe1b3c102/1763640000.0_mean_300.0_v3" "tx9b9186603f9b461ca6323-0069272fcf" "proxy-server 21" 0.0003 "-" 23 0
Nov 26 16:50:23 standalone proxy-server[124988]: 172.18.0.2 ::1 26/Nov/2025/16/50/23 GET /v1/AUTH_409fd6cec580481f99da44d910b5ed36/gnocchi.c29130e6-5490-4184-8f68-725fe1b3c102/1763640000.0_mean_300.0_v3 HTTP/1.0 404 - python-swiftclient-3.11.1 gAAAAABpJy_Oa3lh... - 70 - tx9b9186603f9b461ca6323-0069272fcf - 0.0040 - - 1764175823.006655931 1764175823.010674000 0
Nov 26 16:50:23 standalone container-server[122961]: 172.20.0.100 - - [26/Nov/2025:16:50:23 +0000] "PUT /d1/269/AUTH_409fd6cec580481f99da44d910b5ed36/gnocchi.c29130e6-5490-4184-8f68-725fe1b3c102/1763640000.0_mean_300.0_v3" 201 - "PUT http://localhost:8080/d1/320/AUTH_409fd6cec580481f99da44d910b5ed36/gnocchi.c29130e6-5490-4184-8f68-725fe1b3c102/1763640000.0_mean_300.0_v3" "tx9a24aedea2414d55b7711-0069272fcf" "object-server 24" 0.0005 "-" 20 0
Nov 26 16:50:23 standalone object-server[123162]: 172.20.0.100 - - [26/Nov/2025:16:50:23 +0000] "PUT /d1/320/AUTH_409fd6cec580481f99da44d910b5ed36/gnocchi.c29130e6-5490-4184-8f68-725fe1b3c102/1763640000.0_mean_300.0_v3" 201 - "PUT http://localhost:8080/v1/AUTH_409fd6cec580481f99da44d910b5ed36/gnocchi.c29130e6-5490-4184-8f68-725fe1b3c102/1763640000.0_mean_300.0_v3" "tx9a24aedea2414d55b7711-0069272fcf" "proxy-server 21" 0.0221 "-" 24 0
Nov 26 16:50:23 standalone proxy-server[124988]: 172.18.0.2 ::1 26/Nov/2025/16/50/23 PUT /v1/AUTH_409fd6cec580481f99da44d910b5ed36/gnocchi.c29130e6-5490-4184-8f68-725fe1b3c102/1763640000.0_mean_300.0_v3 HTTP/1.0 201 - python-swiftclient-3.11.1 gAAAAABpJy_Oa3lh... 16 - - tx9a24aedea2414d55b7711-0069272fcf - 0.0280 - - 1764175823.014419556 1764175823.042459249 0
Nov 26 16:50:23 standalone container-server[122961]: 172.20.0.100 - - [26/Nov/2025:16:50:23 +0000] "PUT /d1/269/AUTH_409fd6cec580481f99da44d910b5ed36/gnocchi.c29130e6-5490-4184-8f68-725fe1b3c102/none_v3" 201 - "PUT http://localhost:8080/d1/706/AUTH_409fd6cec580481f99da44d910b5ed36/gnocchi.c29130e6-5490-4184-8f68-725fe1b3c102/none_v3" "txabc21c9fdd61428fbdde1-0069272fcf" "object-server 23" 0.0004 "-" 20 0
Nov 26 16:50:23 standalone object-server[123161]: 172.20.0.100 - - [26/Nov/2025:16:50:23 +0000] "PUT /d1/706/AUTH_409fd6cec580481f99da44d910b5ed36/gnocchi.c29130e6-5490-4184-8f68-725fe1b3c102/none_v3" 201 - "PUT http://localhost:8080/v1/AUTH_409fd6cec580481f99da44d910b5ed36/gnocchi.c29130e6-5490-4184-8f68-725fe1b3c102/none_v3" "txabc21c9fdd61428fbdde1-0069272fcf" "proxy-server 21" 0.0145 "-" 23 0
Nov 26 16:50:23 standalone proxy-server[124988]: 172.18.0.2 ::1 26/Nov/2025/16/50/23 PUT /v1/AUTH_409fd6cec580481f99da44d910b5ed36/gnocchi.c29130e6-5490-4184-8f68-725fe1b3c102/none_v3 HTTP/1.0 201 - python-swiftclient-3.11.1 gAAAAABpJy_Oa3lh... 22 - - txabc21c9fdd61428fbdde1-0069272fcf - 0.0213 - - 1764175823.048132181 1764175823.069466352 0
Nov 26 16:50:52 standalone object-server[123158]: 172.20.0.100 - - [26/Nov/2025:16:50:52 +0000] "GET /d1/706/AUTH_409fd6cec580481f99da44d910b5ed36/gnocchi.c29130e6-5490-4184-8f68-725fe1b3c102/none_v3" 200 22 "GET http://localhost:8080/v1/AUTH_409fd6cec580481f99da44d910b5ed36/gnocchi.c29130e6-5490-4184-8f68-725fe1b3c102/none_v3" "tx383cb41142c34d21bc774-0069272fec" "proxy-server 21" 0.0009 "-" 21 0
Nov 26 16:50:52 standalone proxy-server[124988]: 172.18.0.2 ::1 26/Nov/2025/16/50/52 GET /v1/AUTH_409fd6cec580481f99da44d910b5ed36/gnocchi.c29130e6-5490-4184-8f68-725fe1b3c102/none_v3 HTTP/1.0 200 - python-swiftclient-3.11.1 gAAAAABpJy_Oa3lh... - 22 - tx383cb41142c34d21bc774-0069272fec - 0.0343 - - 1764175852.517950535 1764175852.552280664 0
Nov 26 16:50:52 standalone container-server[122961]: 172.20.0.100 - - [26/Nov/2025:16:50:52 +0000] "GET /d1/269/AUTH_409fd6cec580481f99da44d910b5ed36/gnocchi.c29130e6-5490-4184-8f68-725fe1b3c102" 200 357 "GET http://localhost:8080/v1/AUTH_409fd6cec580481f99da44d910b5ed36/gnocchi.c29130e6-5490-4184-8f68-725fe1b3c102?format=json&states=listing" "tx6852a27847724872b8e5d-0069272fec" "proxy-server 21" 0.0336 "-" 20 0
Nov 26 16:50:52 standalone proxy-server[124988]: 172.18.0.2 ::1 26/Nov/2025/16/50/52 GET /v1/AUTH_409fd6cec580481f99da44d910b5ed36/gnocchi.c29130e6-5490-4184-8f68-725fe1b3c102%3Fformat%3Djson%26states%3Dlisting HTTP/1.0 200 - python-swiftclient-3.11.1 gAAAAABpJy_Oa3lh... - 357 - tx6852a27847724872b8e5d-0069272fec - 0.0456 - - 1764175852.559438229 1764175852.605064631 0
Nov 26 16:50:52 standalone container-server[122967]: 172.20.0.100 - - [26/Nov/2025:16:50:52 +0000] "GET /d1/269/AUTH_409fd6cec580481f99da44d910b5ed36/gnocchi.c29130e6-5490-4184-8f68-725fe1b3c102" 200 2 "GET http://localhost:8080/v1/AUTH_409fd6cec580481f99da44d910b5ed36/gnocchi.c29130e6-5490-4184-8f68-725fe1b3c102?format=json&marker=none_v3&states=listing" "tx201764eac2ff4d4b993d0-0069272fec" "proxy-server 21" 0.0110 "-" 21 0
Nov 26 16:50:52 standalone proxy-server[124988]: 172.18.0.2 ::1 26/Nov/2025/16/50/52 GET /v1/AUTH_409fd6cec580481f99da44d910b5ed36/gnocchi.c29130e6-5490-4184-8f68-725fe1b3c102%3Fformat%3Djson%26marker%3Dnone_v3%26states%3Dlisting HTTP/1.0 200 - python-swiftclient-3.11.1 gAAAAABpJy_Oa3lh... - 2 - tx201764eac2ff4d4b993d0-0069272fec - 0.0213 - - 1764175852.611251831 1764175852.632572889 0
Nov 26 16:50:52 standalone object-server[123158]: 172.20.0.100 - - [26/Nov/2025:16:50:52 +0000] "GET /d1/320/AUTH_409fd6cec580481f99da44d910b5ed36/gnocchi.c29130e6-5490-4184-8f68-725fe1b3c102/1763640000.0_mean_300.0_v3" 200 16 "GET http://localhost:8080/v1/AUTH_409fd6cec580481f99da44d910b5ed36/gnocchi.c29130e6-5490-4184-8f68-725fe1b3c102/1763640000.0_mean_300.0_v3" "txe073ead4cc09430db6751-0069272fec" "proxy-server 21" 0.0008 "-" 21 0
Nov 26 16:50:52 standalone proxy-server[124988]: 172.18.0.2 ::1 26/Nov/2025/16/50/52 GET /v1/AUTH_409fd6cec580481f99da44d910b5ed36/gnocchi.c29130e6-5490-4184-8f68-725fe1b3c102/1763640000.0_mean_300.0_v3 HTTP/1.0 200 - python-swiftclient-3.11.1 gAAAAABpJy_Oa3lh... - 16 - txe073ead4cc09430db6751-0069272fec - 0.0083 - - 1764175852.636619568 1764175852.644893646 0
Nov 26 16:50:52 standalone container-server[122967]: 172.20.0.100 - - [26/Nov/2025:16:50:52 +0000] "PUT /d1/269/AUTH_409fd6cec580481f99da44d910b5ed36/gnocchi.c29130e6-5490-4184-8f68-725fe1b3c102/1763640000.0_mean_300.0_v3" 201 - "PUT http://localhost:8080/d1/320/AUTH_409fd6cec580481f99da44d910b5ed36/gnocchi.c29130e6-5490-4184-8f68-725fe1b3c102/1763640000.0_mean_300.0_v3" "tx5fce1d327e074a14bd060-0069272fec" "object-server 25" 0.0006 "-" 21 0
Nov 26 16:50:52 standalone object-server[123166]: 172.20.0.100 - - [26/Nov/2025:16:50:52 +0000] "PUT /d1/320/AUTH_409fd6cec580481f99da44d910b5ed36/gnocchi.c29130e6-5490-4184-8f68-725fe1b3c102/1763640000.0_mean_300.0_v3" 201 - "PUT http://localhost:8080/v1/AUTH_409fd6cec580481f99da44d910b5ed36/gnocchi.c29130e6-5490-4184-8f68-725fe1b3c102/1763640000.0_mean_300.0_v3" "tx5fce1d327e074a14bd060-0069272fec" "proxy-server 21" 0.0613 "-" 25 0
Nov 26 16:50:52 standalone proxy-server[124988]: 172.18.0.2 ::1 26/Nov/2025/16/50/52 PUT /v1/AUTH_409fd6cec580481f99da44d910b5ed36/gnocchi.c29130e6-5490-4184-8f68-725fe1b3c102/1763640000.0_mean_300.0_v3 HTTP/1.0 201 - python-swiftclient-3.11.1 gAAAAABpJy_Oa3lh... 16 - - tx5fce1d327e074a14bd060-0069272fec - 0.0702 - - 1764175852.648387432 1764175852.718570471 0
Nov 26 16:50:52 standalone container-server[122961]: 172.20.0.100 - - [26/Nov/2025:16:50:52 +0000] "PUT /d1/269/AUTH_409fd6cec580481f99da44d910b5ed36/gnocchi.c29130e6-5490-4184-8f68-725fe1b3c102/none_v3" 201 - "PUT http://localhost:8080/d1/706/AUTH_409fd6cec580481f99da44d910b5ed36/gnocchi.c29130e6-5490-4184-8f68-725fe1b3c102/none_v3" "tx92cafdc560db4e80be19b-0069272fec" "object-server 23" 0.0008 "-" 20 0
Nov 26 16:50:52 standalone object-server[123161]: 172.20.0.100 - - [26/Nov/2025:16:50:52 +0000] "PUT /d1/706/AUTH_409fd6cec580481f99da44d910b5ed36/gnocchi.c29130e6-5490-4184-8f68-725fe1b3c102/none_v3" 201 - "PUT http://localhost:8080/v1/AUTH_409fd6cec580481f99da44d910b5ed36/gnocchi.c29130e6-5490-4184-8f68-725fe1b3c102/none_v3" "tx92cafdc560db4e80be19b-0069272fec" "proxy-server 21" 0.0142 "-" 23 0
Nov 26 16:50:52 standalone proxy-server[124988]: 172.18.0.2 ::1 26/Nov/2025/16/50/52 PUT /v1/AUTH_409fd6cec580481f99da44d910b5ed36/gnocchi.c29130e6-5490-4184-8f68-725fe1b3c102/none_v3 HTTP/1.0 201 - python-swiftclient-3.11.1 gAAAAABpJy_Oa3lh... 32 - - tx92cafdc560db4e80be19b-0069272fec - 0.0225 - - 1764175852.722079515 1764175852.744553328 0
Nov 26 16:51:23 standalone account-server[122973]: 172.20.0.100 - - [26/Nov/2025:16:51:23 +0000] "HEAD /d1/21/AUTH_409fd6cec580481f99da44d910b5ed36" 204 - "HEAD http://localhost:8080/v1/AUTH_409fd6cec580481f99da44d910b5ed36?format=json" "tx12914123082c4dc5a1525-006927300b" "proxy-server 21" 0.0071 "-" 21 -
Nov 26 16:51:23 standalone proxy-server[124988]: - - 26/Nov/2025/16/51/23 HEAD /v1/AUTH_409fd6cec580481f99da44d910b5ed36%3Fformat%3Djson HTTP/1.0 204 - Swift - - - - tx12914123082c4dc5a1525-006927300b - 0.0111 RL - 1764175883.722378254 1764175883.733436346 -
Nov 26 16:51:23 standalone container-server[122961]: 172.20.0.100 - - [26/Nov/2025:16:51:23 +0000] "HEAD /d1/525/AUTH_409fd6cec580481f99da44d910b5ed36/glance" 204 - "HEAD http://localhost:8080/v1/AUTH_409fd6cec580481f99da44d910b5ed36/glance?format=json&states=listing" "tx12914123082c4dc5a1525-006927300b" "proxy-server 21" 0.0061 "-" 20 0
Nov 26 16:51:23 standalone object-server[123166]: 172.20.0.100 - - [26/Nov/2025:16:51:23 +0000] "GET /d1/464/AUTH_409fd6cec580481f99da44d910b5ed36/glance/b4e16a52-ffe1-4cdf-8e46-dffad9bf4f6a" 200 - "GET http://localhost:8080/v1/AUTH_409fd6cec580481f99da44d910b5ed36/glance/b4e16a52-ffe1-4cdf-8e46-dffad9bf4f6a" "tx12914123082c4dc5a1525-006927300b" "proxy-server 21" 0.0020 "-" 25 0
Nov 26 16:51:23 standalone container-server[122967]: 172.20.0.100 - - [26/Nov/2025:16:51:23 +0000] "GET /d1/525/AUTH_409fd6cec580481f99da44d910b5ed36/glance" 200 210 "GET http://localhost:8080/v1/AUTH_409fd6cec580481f99da44d910b5ed36/glance?prefix=b4e16a52-ffe1-4cdf-8e46-dffad9bf4f6a-&format=json&states=listing" "tx12914123082c4dc5a1525-006927300b" "proxy-server 21" 0.0024 "-" 21 0
Nov 26 16:51:23 standalone proxy-server[124988]: - - 26/Nov/2025/16/51/23 GET /v1/AUTH_409fd6cec580481f99da44d910b5ed36/glance%3Fprefix%3Db4e16a52-ffe1-4cdf-8e46-dffad9bf4f6a-%26format%3Djson%26states%3Dlisting HTTP/1.0 200 - python-swiftclient-3.11.1%20DLO%20MultipartGET gAAAAABpJzALt0gP... - 210 - tx12914123082c4dc5a1525-006927300b - 0.0060 DLO - 1764175883.822564125 1764175883.828516960 0
Nov 26 16:51:23 standalone object-server[123166]: 172.20.0.100 - - [26/Nov/2025:16:51:23 +0000] "GET /d1/130/AUTH_409fd6cec580481f99da44d910b5ed36/glance/b4e16a52-ffe1-4cdf-8e46-dffad9bf4f6a-00001" 200 21692416 "GET http://localhost:8080/v1/AUTH_409fd6cec580481f99da44d910b5ed36/glance/b4e16a52-ffe1-4cdf-8e46-dffad9bf4f6a-00001?multipart-manifest=get" "tx12914123082c4dc5a1525-006927300b" "proxy-server 21" 0.0009 "-" 25 0
Nov 26 16:51:23 standalone proxy-server[124988]: - - 26/Nov/2025/16/51/23 GET /v1/AUTH_409fd6cec580481f99da44d910b5ed36/glance/b4e16a52-ffe1-4cdf-8e46-dffad9bf4f6a-00001%3Fmultipart-manifest%3Dget HTTP/1.0 200 - python-swiftclient-3.11.1%20%20DLO%20MultipartGET gAAAAABpJzALt0gP... - 21692416 - tx12914123082c4dc5a1525-006927300b - 0.1154 DLO - 1764175883.829187393 1764175883.944537640 0
Nov 26 16:51:23 standalone proxy-server[124988]: 172.18.0.2 ::1 26/Nov/2025/16/51/23 GET /v1/AUTH_409fd6cec580481f99da44d910b5ed36/glance/b4e16a52-ffe1-4cdf-8e46-dffad9bf4f6a HTTP/1.0 200 - python-swiftclient-3.11.1 gAAAAABpJzALt0gP... - 21692416 - tx12914123082c4dc5a1525-006927300b - 0.2234 - - 1764175883.721627712 1764175883.945048332 0
Nov 26 16:51:24 standalone container-server[122961]: 172.20.0.100 - - [26/Nov/2025:16:51:24 +0000] "HEAD /d1/449/AUTH_409fd6cec580481f99da44d910b5ed36/gnocchi.2f833f1e-6871-4bad-bed6-217a123616be" 404 - "HEAD http://localhost:8080/v1/AUTH_409fd6cec580481f99da44d910b5ed36/gnocchi.2f833f1e-6871-4bad-bed6-217a123616be?format=json&states=listing" "tx96f8f0ba18354d5d9bc98-006927300c" "proxy-server 21" 0.0010 "-" 20 0
Nov 26 16:51:24 standalone object-server[123161]: 172.20.0.100 - - [26/Nov/2025:16:51:24 +0000] "GET /d1/1020/AUTH_409fd6cec580481f99da44d910b5ed36/gnocchi.2f833f1e-6871-4bad-bed6-217a123616be/none_v3" 404 70 "GET http://localhost:8080/v1/AUTH_409fd6cec580481f99da44d910b5ed36/gnocchi.2f833f1e-6871-4bad-bed6-217a123616be/none_v3" "tx96f8f0ba18354d5d9bc98-006927300c" "proxy-server 21" 0.0006 "-" 23 0
Nov 26 16:51:24 standalone proxy-server[124988]: 172.18.0.2 ::1 26/Nov/2025/16/51/24 GET /v1/AUTH_409fd6cec580481f99da44d910b5ed36/gnocchi.2f833f1e-6871-4bad-bed6-217a123616be/none_v3 HTTP/1.0 404 - python-swiftclient-3.11.1 gAAAAABpJy_Oa3lh... - 70 - tx96f8f0ba18354d5d9bc98-006927300c - 0.0160 - - 1764175884.605345726 1764175884.621302843 0
Nov 26 16:51:24 standalone account-server[122970]: 172.20.0.100 - - [26/Nov/2025:16:51:24 +0000] "PUT /d1/21/AUTH_409fd6cec580481f99da44d910b5ed36/gnocchi.2f833f1e-6871-4bad-bed6-217a123616be" 201 - "PUT http://172.20.0.100:6001/d1/449/AUTH_409fd6cec580481f99da44d910b5ed36/gnocchi.2f833f1e-6871-4bad-bed6-217a123616be" "tx3f187bfd6b5b4ede9ca9a-006927300c" "container-server 23" 0.0021 "-" 20 0
Nov 26 16:51:24 standalone container-server[122979]: 172.20.0.100 - - [26/Nov/2025:16:51:24 +0000] "PUT /d1/449/AUTH_409fd6cec580481f99da44d910b5ed36/gnocchi.2f833f1e-6871-4bad-bed6-217a123616be" 201 - "PUT http://localhost:8080/v1/AUTH_409fd6cec580481f99da44d910b5ed36/gnocchi.2f833f1e-6871-4bad-bed6-217a123616be" "tx3f187bfd6b5b4ede9ca9a-006927300c" "proxy-server 21" 0.0145 "-" 23 0
Nov 26 16:51:24 standalone proxy-server[124988]: 172.18.0.2 ::1 26/Nov/2025/16/51/24 PUT /v1/AUTH_409fd6cec580481f99da44d910b5ed36/gnocchi.2f833f1e-6871-4bad-bed6-217a123616be HTTP/1.0 201 - python-swiftclient-3.11.1 gAAAAABpJy_Oa3lh... - - - tx3f187bfd6b5b4ede9ca9a-006927300c - 0.0191 - - 1764175884.626431465 1764175884.645546436 0
Nov 26 16:51:24 standalone container-server[122967]: 172.20.0.100 - - [26/Nov/2025:16:51:24 +0000] "HEAD /d1/449/AUTH_409fd6cec580481f99da44d910b5ed36/gnocchi.2f833f1e-6871-4bad-bed6-217a123616be" 204 - "HEAD http://localhost:8080/v1/AUTH_409fd6cec580481f99da44d910b5ed36/gnocchi.2f833f1e-6871-4bad-bed6-217a123616be?format=json&states=listing" "tx548ab9cfa930434ba8ad9-006927300c" "proxy-server 21" 0.0022 "-" 21 0
Nov 26 16:51:24 standalone proxy-server[124988]: - - 26/Nov/2025/16/51/24 HEAD /v1/AUTH_409fd6cec580481f99da44d910b5ed36/gnocchi.2f833f1e-6871-4bad-bed6-217a123616be%3Fformat%3Djson%26states%3Dlisting HTTP/1.0 204 - Swift - - - - tx548ab9cfa930434ba8ad9-006927300c - 0.0076 RL - 1764175884.651159763 1764175884.658776522 0
Nov 26 16:51:24 standalone container-server[122967]: 172.20.0.100 - - [26/Nov/2025:16:51:24 +0000] "GET /d1/449/AUTH_409fd6cec580481f99da44d910b5ed36/gnocchi.2f833f1e-6871-4bad-bed6-217a123616be" 200 2 "GET http://localhost:8080/v1/AUTH_409fd6cec580481f99da44d910b5ed36/gnocchi.2f833f1e-6871-4bad-bed6-217a123616be?format=json&states=listing" "tx548ab9cfa930434ba8ad9-006927300c" "proxy-server 21" 0.0031 "-" 21 0
Nov 26 16:51:24 standalone proxy-server[124988]: 172.18.0.2 ::1 26/Nov/2025/16/51/24 GET /v1/AUTH_409fd6cec580481f99da44d910b5ed36/gnocchi.2f833f1e-6871-4bad-bed6-217a123616be%3Fformat%3Djson%26states%3Dlisting HTTP/1.0 200 - python-swiftclient-3.11.1 gAAAAABpJy_Oa3lh... - 2 - tx548ab9cfa930434ba8ad9-006927300c - 0.0177 - - 1764175884.650219440 1764175884.667962074 0
Nov 26 16:51:24 standalone object-server[123158]: 172.20.0.100 - - [26/Nov/2025:16:51:24 +0000] "GET /d1/176/AUTH_409fd6cec580481f99da44d910b5ed36/gnocchi.2f833f1e-6871-4bad-bed6-217a123616be/1763640000.0_mean_300.0_v3" 404 70 "GET http://localhost:8080/v1/AUTH_409fd6cec580481f99da44d910b5ed36/gnocchi.2f833f1e-6871-4bad-bed6-217a123616be/1763640000.0_mean_300.0_v3" "txcdccf189180944a298f21-006927300c" "proxy-server 21" 0.0004 "-" 21 0
Nov 26 16:51:24 standalone proxy-server[124988]: 172.18.0.2 ::1 26/Nov/2025/16/51/24 GET /v1/AUTH_409fd6cec580481f99da44d910b5ed36/gnocchi.2f833f1e-6871-4bad-bed6-217a123616be/1763640000.0_mean_300.0_v3 HTTP/1.0 404 - python-swiftclient-3.11.1 gAAAAABpJy_Oa3lh... - 70 - txcdccf189180944a298f21-006927300c - 0.0055 - - 1764175884.672916412 1764175884.678464413 0
Nov 26 16:51:24 standalone container-server[122976]: 172.20.0.100 - - [26/Nov/2025:16:51:24 +0000] "PUT /d1/449/AUTH_409fd6cec580481f99da44d910b5ed36/gnocchi.2f833f1e-6871-4bad-bed6-217a123616be/1763640000.0_mean_300.0_v3" 201 - "PUT http://localhost:8080/d1/176/AUTH_409fd6cec580481f99da44d910b5ed36/gnocchi.2f833f1e-6871-4bad-bed6-217a123616be/1763640000.0_mean_300.0_v3" "tx88ce1d468e3244f9bae5c-006927300c" "object-server 24" 0.0005 "-" 22 0
Nov 26 16:51:24 standalone object-server[123162]: 172.20.0.100 - - [26/Nov/2025:16:51:24 +0000] "PUT /d1/176/AUTH_409fd6cec580481f99da44d910b5ed36/gnocchi.2f833f1e-6871-4bad-bed6-217a123616be/1763640000.0_mean_300.0_v3" 201 - "PUT http://localhost:8080/v1/AUTH_409fd6cec580481f99da44d910b5ed36/gnocchi.2f833f1e-6871-4bad-bed6-217a123616be/1763640000.0_mean_300.0_v3" "tx88ce1d468e3244f9bae5c-006927300c" "proxy-server 21" 0.0097 "-" 24 0
Nov 26 16:51:24 standalone proxy-server[124988]: 172.18.0.2 ::1 26/Nov/2025/16/51/24 PUT /v1/AUTH_409fd6cec580481f99da44d910b5ed36/gnocchi.2f833f1e-6871-4bad-bed6-217a123616be/1763640000.0_mean_300.0_v3 HTTP/1.0 201 - python-swiftclient-3.11.1 gAAAAABpJy_Oa3lh... 16 - - tx88ce1d468e3244f9bae5c-006927300c - 0.0151 - - 1764175884.682718277 1764175884.697777510 0
Nov 26 16:51:24 standalone container-server[122961]: 172.20.0.100 - - [26/Nov/2025:16:51:24 +0000] "PUT /d1/449/AUTH_409fd6cec580481f99da44d910b5ed36/gnocchi.2f833f1e-6871-4bad-bed6-217a123616be/none_v3" 201 - "PUT http://localhost:8080/d1/1020/AUTH_409fd6cec580481f99da44d910b5ed36/gnocchi.2f833f1e-6871-4bad-bed6-217a123616be/none_v3" "tx188cb06f11f348baa68a5-006927300c" "object-server 25" 0.0005 "-" 20 0
Nov 26 16:51:24 standalone object-server[123166]: 172.20.0.100 - - [26/Nov/2025:16:51:24 +0000] "PUT /d1/1020/AUTH_409fd6cec580481f99da44d910b5ed36/gnocchi.2f833f1e-6871-4bad-bed6-217a123616be/none_v3" 201 - "PUT http://localhost:8080/v1/AUTH_409fd6cec580481f99da44d910b5ed36/gnocchi.2f833f1e-6871-4bad-bed6-217a123616be/none_v3" "tx188cb06f11f348baa68a5-006927300c" "proxy-server 21" 0.0117 "-" 25 0
Nov 26 16:51:24 standalone proxy-server[124988]: 172.18.0.2 ::1 26/Nov/2025/16/51/24 PUT /v1/AUTH_409fd6cec580481f99da44d910b5ed36/gnocchi.2f833f1e-6871-4bad-bed6-217a123616be/none_v3 HTTP/1.0 201 - python-swiftclient-3.11.1 gAAAAABpJy_Oa3lh... 22 - - tx188cb06f11f348baa68a5-006927300c - 0.0182 - - 1764175884.705523014 1764175884.723736286 0
Nov 26 16:51:24 standalone container-server[122961]: 172.20.0.100 - - [26/Nov/2025:16:51:24 +0000] "HEAD /d1/145/AUTH_409fd6cec580481f99da44d910b5ed36/gnocchi.f2e37ad2-cc0b-4cab-ac92-02861fc98a3d" 404 - "HEAD http://localhost:8080/v1/AUTH_409fd6cec580481f99da44d910b5ed36/gnocchi.f2e37ad2-cc0b-4cab-ac92-02861fc98a3d?format=json&states=listing" "tx9076fb4c5b624aaaa03f7-006927300c" "proxy-server 21" 0.0003 "-" 20 0
Nov 26 16:51:24 standalone object-server[123161]: 172.20.0.100 - - [26/Nov/2025:16:51:24 +0000] "GET /d1/823/AUTH_409fd6cec580481f99da44d910b5ed36/gnocchi.f2e37ad2-cc0b-4cab-ac92-02861fc98a3d/none_v3" 404 70 "GET http://localhost:8080/v1/AUTH_409fd6cec580481f99da44d910b5ed36/gnocchi.f2e37ad2-cc0b-4cab-ac92-02861fc98a3d/none_v3" "tx9076fb4c5b624aaaa03f7-006927300c" "proxy-server 21" 0.0004 "-" 23 0
Nov 26 16:51:24 standalone proxy-server[124988]: 172.18.0.2 ::1 26/Nov/2025/16/51/24 GET /v1/AUTH_409fd6cec580481f99da44d910b5ed36/gnocchi.f2e37ad2-cc0b-4cab-ac92-02861fc98a3d/none_v3 HTTP/1.0 404 - python-swiftclient-3.11.1 gAAAAABpJy_Oa3lh... - 70 - tx9076fb4c5b624aaaa03f7-006927300c - 0.0079 - - 1764175884.735582829 1764175884.743469477 0
Nov 26 16:51:24 standalone account-server[122978]: 172.20.0.100 - - [26/Nov/2025:16:51:24 +0000] "PUT /d1/21/AUTH_409fd6cec580481f99da44d910b5ed36/gnocchi.f2e37ad2-cc0b-4cab-ac92-02861fc98a3d" 201 - "PUT http://172.20.0.100:6001/d1/145/AUTH_409fd6cec580481f99da44d910b5ed36/gnocchi.f2e37ad2-cc0b-4cab-ac92-02861fc98a3d" "tx56f0d96cd5d147dbbd1fc-006927300c" "container-server 23" 0.0052 "-" 22 0
Nov 26 16:51:24 standalone container-server[122979]: 172.20.0.100 - - [26/Nov/2025:16:51:24 +0000] "PUT /d1/145/AUTH_409fd6cec580481f99da44d910b5ed36/gnocchi.f2e37ad2-cc0b-4cab-ac92-02861fc98a3d" 201 - "PUT http://localhost:8080/v1/AUTH_409fd6cec580481f99da44d910b5ed36/gnocchi.f2e37ad2-cc0b-4cab-ac92-02861fc98a3d" "tx56f0d96cd5d147dbbd1fc-006927300c" "proxy-server 21" 0.0173 "-" 23 0
Nov 26 16:51:24 standalone proxy-server[124988]: 172.18.0.2 ::1 26/Nov/2025/16/51/24 PUT /v1/AUTH_409fd6cec580481f99da44d910b5ed36/gnocchi.f2e37ad2-cc0b-4cab-ac92-02861fc98a3d HTTP/1.0 201 - python-swiftclient-3.11.1 gAAAAABpJy_Oa3lh... - - - tx56f0d96cd5d147dbbd1fc-006927300c - 0.0218 - - 1764175884.746838331 1764175884.768657684 0
Nov 26 16:51:24 standalone container-server[122967]: 172.20.0.100 - - [26/Nov/2025:16:51:24 +0000] "HEAD /d1/145/AUTH_409fd6cec580481f99da44d910b5ed36/gnocchi.f2e37ad2-cc0b-4cab-ac92-02861fc98a3d" 204 - "HEAD http://localhost:8080/v1/AUTH_409fd6cec580481f99da44d910b5ed36/gnocchi.f2e37ad2-cc0b-4cab-ac92-02861fc98a3d?format=json&states=listing" "txc3f041127f1a4e688e661-006927300c" "proxy-server 21" 0.0022 "-" 21 0
Nov 26 16:51:24 standalone proxy-server[124988]: - - 26/Nov/2025/16/51/24 HEAD /v1/AUTH_409fd6cec580481f99da44d910b5ed36/gnocchi.f2e37ad2-cc0b-4cab-ac92-02861fc98a3d%3Fformat%3Djson%26states%3Dlisting HTTP/1.0 204 - Swift - - - - txc3f041127f1a4e688e661-006927300c - 0.0242 RL - 1764175884.773799896 1764175884.797988415 0
Nov 26 16:51:24 standalone container-server[122961]: 172.20.0.100 - - [26/Nov/2025:16:51:24 +0000] "GET /d1/145/AUTH_409fd6cec580481f99da44d910b5ed36/gnocchi.f2e37ad2-cc0b-4cab-ac92-02861fc98a3d" 200 2 "GET http://localhost:8080/v1/AUTH_409fd6cec580481f99da44d910b5ed36/gnocchi.f2e37ad2-cc0b-4cab-ac92-02861fc98a3d?format=json&states=listing" "txc3f041127f1a4e688e661-006927300c" "proxy-server 21" 0.0023 "-" 20 0
Nov 26 16:51:24 standalone proxy-server[124988]: 172.18.0.2 ::1 26/Nov/2025/16/51/24 GET /v1/AUTH_409fd6cec580481f99da44d910b5ed36/gnocchi.f2e37ad2-cc0b-4cab-ac92-02861fc98a3d%3Fformat%3Djson%26states%3Dlisting HTTP/1.0 200 - python-swiftclient-3.11.1 gAAAAABpJy_Oa3lh... - 2 - txc3f041127f1a4e688e661-006927300c - 0.0320 - - 1764175884.772679329 1764175884.804713249 0
Nov 26 16:51:24 standalone object-server[123162]: 172.20.0.100 - - [26/Nov/2025:16:51:24 +0000] "GET /d1/822/AUTH_409fd6cec580481f99da44d910b5ed36/gnocchi.f2e37ad2-cc0b-4cab-ac92-02861fc98a3d/1763640000.0_mean_300.0_v3" 404 70 "GET http://localhost:8080/v1/AUTH_409fd6cec580481f99da44d910b5ed36/gnocchi.f2e37ad2-cc0b-4cab-ac92-02861fc98a3d/1763640000.0_mean_300.0_v3" "tx9ef0457109e34de084f87-006927300c" "proxy-server 21" 0.0006 "-" 24 0
Nov 26 16:51:24 standalone proxy-server[124988]: 172.18.0.2 ::1 26/Nov/2025/16/51/24 GET /v1/AUTH_409fd6cec580481f99da44d910b5ed36/gnocchi.f2e37ad2-cc0b-4cab-ac92-02861fc98a3d/1763640000.0_mean_300.0_v3 HTTP/1.0 404 - python-swiftclient-3.11.1 gAAAAABpJy_Oa3lh... - 70 - tx9ef0457109e34de084f87-006927300c - 0.0045 - - 1764175884.808326244 1764175884.812790632 0
Nov 26 16:51:24 standalone container-server[122967]: 172.20.0.100 - - [26/Nov/2025:16:51:24 +0000] "PUT /d1/145/AUTH_409fd6cec580481f99da44d910b5ed36/gnocchi.f2e37ad2-cc0b-4cab-ac92-02861fc98a3d/1763640000.0_mean_300.0_v3" 201 - "PUT http://localhost:8080/d1/822/AUTH_409fd6cec580481f99da44d910b5ed36/gnocchi.f2e37ad2-cc0b-4cab-ac92-02861fc98a3d/1763640000.0_mean_300.0_v3" "txdf616dc3d0cb41a28fca6-006927300c" "object-server 24" 0.0008 "-" 21 0
Nov 26 16:51:24 standalone object-server[123162]: 172.20.0.100 - - [26/Nov/2025:16:51:24 +0000] "PUT /d1/822/AUTH_409fd6cec580481f99da44d910b5ed36/gnocchi.f2e37ad2-cc0b-4cab-ac92-02861fc98a3d/1763640000.0_mean_300.0_v3" 201 - "PUT http://localhost:8080/v1/AUTH_409fd6cec580481f99da44d910b5ed36/gnocchi.f2e37ad2-cc0b-4cab-ac92-02861fc98a3d/1763640000.0_mean_300.0_v3" "txdf616dc3d0cb41a28fca6-006927300c" "proxy-server 21" 0.0156 "-" 24 0
Nov 26 16:51:24 standalone proxy-server[124988]: 172.18.0.2 ::1 26/Nov/2025/16/51/24 PUT /v1/AUTH_409fd6cec580481f99da44d910b5ed36/gnocchi.f2e37ad2-cc0b-4cab-ac92-02861fc98a3d/1763640000.0_mean_300.0_v3 HTTP/1.0 201 - python-swiftclient-3.11.1 gAAAAABpJy_Oa3lh... 16 - - txdf616dc3d0cb41a28fca6-006927300c - 0.0222 - - 1764175884.815744400 1764175884.837970734 0
Nov 26 16:51:24 standalone container-server[122979]: 172.20.0.100 - - [26/Nov/2025:16:51:24 +0000] "PUT /d1/145/AUTH_409fd6cec580481f99da44d910b5ed36/gnocchi.f2e37ad2-cc0b-4cab-ac92-02861fc98a3d/none_v3" 201 - "PUT http://localhost:8080/d1/823/AUTH_409fd6cec580481f99da44d910b5ed36/gnocchi.f2e37ad2-cc0b-4cab-ac92-02861fc98a3d/none_v3" "tx9a44ea83d5f24d8fa11fd-006927300c" "object-server 23" 0.0007 "-" 23 0
Nov 26 16:51:24 standalone object-server[123161]: 172.20.0.100 - - [26/Nov/2025:16:51:24 +0000] "PUT /d1/823/AUTH_409fd6cec580481f99da44d910b5ed36/gnocchi.f2e37ad2-cc0b-4cab-ac92-02861fc98a3d/none_v3" 201 - "PUT http://localhost:8080/v1/AUTH_409fd6cec580481f99da44d910b5ed36/gnocchi.f2e37ad2-cc0b-4cab-ac92-02861fc98a3d/none_v3" "tx9a44ea83d5f24d8fa11fd-006927300c" "proxy-server 21" 0.0087 "-" 23 0
Nov 26 16:51:24 standalone proxy-server[124988]: 172.18.0.2 ::1 26/Nov/2025/16/51/24 PUT /v1/AUTH_409fd6cec580481f99da44d910b5ed36/gnocchi.f2e37ad2-cc0b-4cab-ac92-02861fc98a3d/none_v3 HTTP/1.0 201 - python-swiftclient-3.11.1 gAAAAABpJy_Oa3lh... 22 - - tx9a44ea83d5f24d8fa11fd-006927300c - 0.0139 - - 1764175884.841117620 1764175884.855048656 0
Nov 26 16:51:29 standalone container-server[122976]: 172.20.0.100 - - [26/Nov/2025:16:51:29 +0000] "HEAD /d1/831/AUTH_409fd6cec580481f99da44d910b5ed36/gnocchi.5445970b-102f-4e37-bf97-01aacf6ee60b" 404 - "HEAD http://localhost:8080/v1/AUTH_409fd6cec580481f99da44d910b5ed36/gnocchi.5445970b-102f-4e37-bf97-01aacf6ee60b?format=json&states=listing" "txc772e21b9b3f435480bf9-0069273011" "proxy-server 21" 0.0011 "-" 22 0
Nov 26 16:51:29 standalone object-server[123162]: 172.20.0.100 - - [26/Nov/2025:16:51:29 +0000] "GET /d1/571/AUTH_409fd6cec580481f99da44d910b5ed36/gnocchi.5445970b-102f-4e37-bf97-01aacf6ee60b/none_v3" 404 70 "GET http://localhost:8080/v1/AUTH_409fd6cec580481f99da44d910b5ed36/gnocchi.5445970b-102f-4e37-bf97-01aacf6ee60b/none_v3" "txc772e21b9b3f435480bf9-0069273011" "proxy-server 21" 0.0006 "-" 24 0
Nov 26 16:51:29 standalone proxy-server[124988]: 172.18.0.2 ::1 26/Nov/2025/16/51/29 GET /v1/AUTH_409fd6cec580481f99da44d910b5ed36/gnocchi.5445970b-102f-4e37-bf97-01aacf6ee60b/none_v3 HTTP/1.0 404 - python-swiftclient-3.11.1 gAAAAABpJy_Oa3lh... - 70 - txc772e21b9b3f435480bf9-0069273011 - 0.0150 - - 1764175889.443098783 1764175889.458091736 0
Nov 26 16:51:29 standalone account-server[122970]: 172.20.0.100 - - [26/Nov/2025:16:51:29 +0000] "PUT /d1/21/AUTH_409fd6cec580481f99da44d910b5ed36/gnocchi.5445970b-102f-4e37-bf97-01aacf6ee60b" 201 - "PUT http://172.20.0.100:6001/d1/831/AUTH_409fd6cec580481f99da44d910b5ed36/gnocchi.5445970b-102f-4e37-bf97-01aacf6ee60b" "txa16cb9a599a54c7aa0bd4-0069273011" "container-server 20" 0.0065 "-" 20 0
Nov 26 16:51:29 standalone container-server[122961]: 172.20.0.100 - - [26/Nov/2025:16:51:29 +0000] "PUT /d1/831/AUTH_409fd6cec580481f99da44d910b5ed36/gnocchi.5445970b-102f-4e37-bf97-01aacf6ee60b" 201 - "PUT http://localhost:8080/v1/AUTH_409fd6cec580481f99da44d910b5ed36/gnocchi.5445970b-102f-4e37-bf97-01aacf6ee60b" "txa16cb9a599a54c7aa0bd4-0069273011" "proxy-server 21" 0.0217 "-" 20 0
Nov 26 16:51:29 standalone proxy-server[124988]: 172.18.0.2 ::1 26/Nov/2025/16/51/29 PUT /v1/AUTH_409fd6cec580481f99da44d910b5ed36/gnocchi.5445970b-102f-4e37-bf97-01aacf6ee60b HTTP/1.0 201 - python-swiftclient-3.11.1 gAAAAABpJy_Oa3lh... - - - txa16cb9a599a54c7aa0bd4-0069273011 - 0.0297 - - 1764175889.462537766 1764175889.492231369 0
Nov 26 16:51:29 standalone container-server[122979]: 172.20.0.100 - - [26/Nov/2025:16:51:29 +0000] "HEAD /d1/831/AUTH_409fd6cec580481f99da44d910b5ed36/gnocchi.5445970b-102f-4e37-bf97-01aacf6ee60b" 204 - "HEAD http://localhost:8080/v1/AUTH_409fd6cec580481f99da44d910b5ed36/gnocchi.5445970b-102f-4e37-bf97-01aacf6ee60b?format=json&states=listing" "txce1987468a444bf9b685d-0069273011" "proxy-server 21" 0.0016 "-" 23 0
Nov 26 16:51:29 standalone proxy-server[124988]: - - 26/Nov/2025/16/51/29 HEAD /v1/AUTH_409fd6cec580481f99da44d910b5ed36/gnocchi.5445970b-102f-4e37-bf97-01aacf6ee60b%3Fformat%3Djson%26states%3Dlisting HTTP/1.0 204 - Swift - - - - txce1987468a444bf9b685d-0069273011 - 0.0057 RL - 1764175889.501085997 1764175889.506762266 0
Nov 26 16:51:29 standalone container-server[122961]: 172.20.0.100 - - [26/Nov/2025:16:51:29 +0000] "GET /d1/831/AUTH_409fd6cec580481f99da44d910b5ed36/gnocchi.5445970b-102f-4e37-bf97-01aacf6ee60b" 200 2 "GET http://localhost:8080/v1/AUTH_409fd6cec580481f99da44d910b5ed36/gnocchi.5445970b-102f-4e37-bf97-01aacf6ee60b?format=json&states=listing" "txce1987468a444bf9b685d-0069273011" "proxy-server 21" 0.0032 "-" 20 0
Nov 26 16:51:29 standalone proxy-server[124988]: 172.18.0.2 ::1 26/Nov/2025/16/51/29 GET /v1/AUTH_409fd6cec580481f99da44d910b5ed36/gnocchi.5445970b-102f-4e37-bf97-01aacf6ee60b%3Fformat%3Djson%26states%3Dlisting HTTP/1.0 200 - python-swiftclient-3.11.1 gAAAAABpJy_Oa3lh... - 2 - txce1987468a444bf9b685d-0069273011 - 0.0179 - - 1764175889.499398470 1764175889.517334938 0
