2025-11-26 16:38:48.996 16 DEBUG ovsdbapp.backend.ovs_idl [req-b8fd3742-c89a-4383-b610-b560e1e48182 - - - - -] Created schema index Connection.target autocreate_indices /usr/lib/python3.9/site-packages/ovsdbapp/backend/ovs_idl/__init__.py:128
2025-11-26 16:38:48.996 2 DEBUG oslo_service.service [-] network_log.rate_limit = 100 log_opt_values /usr/lib/python3.9/site-packages/oslo_config/cfg.py:2613
2025-11-26 16:38:48.996 2 DEBUG oslo_service.service [-] SRIOV_DRIVER.vnic_type_prohibit_list = [] log_opt_values /usr/lib/python3.9/site-packages/oslo_config/cfg.py:2613
2025-11-26 16:38:48.996 2 DEBUG oslo_service.service [-] database.backend = sqlalchemy log_opt_values /usr/lib/python3.9/site-packages/oslo_config/cfg.py:2613
2025-11-26 16:38:48.996 16 DEBUG ovsdbapp.backend.ovs_idl [req-b8fd3742-c89a-4383-b610-b560e1e48182 - - - - -] Created schema index Port_Group.name autocreate_indices /usr/lib/python3.9/site-packages/ovsdbapp/backend/ovs_idl/__init__.py:128
2025-11-26 16:38:48.996 2 DEBUG oslo_service.service [-] database.connection = **** log_opt_values /usr/lib/python3.9/site-packages/oslo_config/cfg.py:2613
2025-11-26 16:38:48.996 2 DEBUG oslo_service.service [-] database.connection_debug = 0 log_opt_values /usr/lib/python3.9/site-packages/oslo_config/cfg.py:2613
2025-11-26 16:38:48.996 16 DEBUG ovsdbapp.backend.ovs_idl [req-b8fd3742-c89a-4383-b610-b560e1e48182 - - - - -] Created schema index Logical_Router_Port.name autocreate_indices /usr/lib/python3.9/site-packages/ovsdbapp/backend/ovs_idl/__init__.py:128
2025-11-26 16:38:48.997 2 DEBUG oslo_service.service [-] database.connection_parameters = log_opt_values /usr/lib/python3.9/site-packages/oslo_config/cfg.py:2613
2025-11-26 16:38:48.997 2 DEBUG oslo_service.service [-] database.connection_recycle_time = 3600 log_opt_values /usr/lib/python3.9/site-packages/oslo_config/cfg.py:2613
2025-11-26 16:38:48.997 16 DEBUG ovsdbapp.backend.ovs_idl [req-b8fd3742-c89a-4383-b610-b560e1e48182 - - - - -] Created schema index HA_Chassis_Group.name autocreate_indices /usr/lib/python3.9/site-packages/ovsdbapp/backend/ovs_idl/__init__.py:128
2025-11-26 16:38:48.997 2 DEBUG oslo_service.service [-] database.connection_trace = False log_opt_values /usr/lib/python3.9/site-packages/oslo_config/cfg.py:2613
2025-11-26 16:38:48.997 2 DEBUG oslo_service.service [-] database.db_inc_retry_interval = True log_opt_values /usr/lib/python3.9/site-packages/oslo_config/cfg.py:2613
2025-11-26 16:38:48.997 2 DEBUG oslo_service.service [-] database.db_max_retries = -1 log_opt_values /usr/lib/python3.9/site-packages/oslo_config/cfg.py:2613
2025-11-26 16:38:48.997 16 DEBUG ovsdbapp.backend.ovs_idl [req-b8fd3742-c89a-4383-b610-b560e1e48182 - - - - -] Created schema index Mirror.name autocreate_indices /usr/lib/python3.9/site-packages/ovsdbapp/backend/ovs_idl/__init__.py:128
2025-11-26 16:38:48.997 2 DEBUG oslo_service.service [-] database.db_max_retry_interval = 10 log_opt_values /usr/lib/python3.9/site-packages/oslo_config/cfg.py:2613
2025-11-26 16:38:48.997 2 DEBUG oslo_service.service [-] database.db_retry_interval = 1 log_opt_values /usr/lib/python3.9/site-packages/oslo_config/cfg.py:2613
2025-11-26 16:38:48.997 16 DEBUG ovsdbapp.backend.ovs_idl [req-b8fd3742-c89a-4383-b610-b560e1e48182 - - - - -] Created schema index Address_Set.name autocreate_indices /usr/lib/python3.9/site-packages/ovsdbapp/backend/ovs_idl/__init__.py:128
2025-11-26 16:38:48.997 2 DEBUG oslo_service.service [-] database.max_overflow = 50 log_opt_values /usr/lib/python3.9/site-packages/oslo_config/cfg.py:2613
2025-11-26 16:38:48.997 2 DEBUG oslo_service.service [-] database.max_pool_size = 5 log_opt_values /usr/lib/python3.9/site-packages/oslo_config/cfg.py:2613
2025-11-26 16:38:48.997 2 DEBUG oslo_service.service [-] database.max_retries = -1 log_opt_values /usr/lib/python3.9/site-packages/oslo_config/cfg.py:2613
2025-11-26 16:38:48.997 16 DEBUG ovsdbapp.backend.ovs_idl [req-b8fd3742-c89a-4383-b610-b560e1e48182 - - - - -] Created schema index Load_Balancer_Group.name autocreate_indices /usr/lib/python3.9/site-packages/ovsdbapp/backend/ovs_idl/__init__.py:128
2025-11-26 16:38:48.997 2 DEBUG oslo_service.service [-] database.mysql_enable_ndb = False log_opt_values /usr/lib/python3.9/site-packages/oslo_config/cfg.py:2613
2025-11-26 16:38:48.997 2 DEBUG oslo_service.service [-] database.mysql_sql_mode = TRADITIONAL log_opt_values /usr/lib/python3.9/site-packages/oslo_config/cfg.py:2613
2025-11-26 16:38:48.997 2 DEBUG oslo_service.service [-] database.pool_timeout = None log_opt_values /usr/lib/python3.9/site-packages/oslo_config/cfg.py:2613
2025-11-26 16:38:48.997 2 DEBUG oslo_service.service [-] database.retry_interval = 10 log_opt_values /usr/lib/python3.9/site-packages/oslo_config/cfg.py:2613
2025-11-26 16:38:48.997 2 DEBUG oslo_service.service [-] database.slave_connection = **** log_opt_values /usr/lib/python3.9/site-packages/oslo_config/cfg.py:2613
2025-11-26 16:38:48.997 2 DEBUG oslo_service.service [-] database.sqlite_synchronous = True log_opt_values /usr/lib/python3.9/site-packages/oslo_config/cfg.py:2613
2025-11-26 16:38:48.997 2 DEBUG oslo_service.service [-] database.use_db_reconnect = False log_opt_values /usr/lib/python3.9/site-packages/oslo_config/cfg.py:2613
2025-11-26 16:38:48.998 2 DEBUG oslo_service.service [-] ovn.broadcast_arps_to_all_routers = True log_opt_values /usr/lib/python3.9/site-packages/oslo_config/cfg.py:2613
2025-11-26 16:38:48.998 2 DEBUG oslo_service.service [-] ovn.dhcp_default_lease_time = 43200 log_opt_values /usr/lib/python3.9/site-packages/oslo_config/cfg.py:2613
2025-11-26 16:38:48.998 2 DEBUG oslo_service.service [-] ovn.disable_ovn_dhcp_for_baremetal_ports = False log_opt_values /usr/lib/python3.9/site-packages/oslo_config/cfg.py:2613
2025-11-26 16:38:48.998 2 DEBUG oslo_service.service [-] ovn.dns_servers = [] log_opt_values /usr/lib/python3.9/site-packages/oslo_config/cfg.py:2613
2025-11-26 16:38:48.998 2 DEBUG oslo_service.service [-] ovn.enable_distributed_floating_ip = True log_opt_values /usr/lib/python3.9/site-packages/oslo_config/cfg.py:2613
2025-11-26 16:38:48.998 2 DEBUG oslo_service.service [-] ovn.fdb_age_threshold = 0 log_opt_values /usr/lib/python3.9/site-packages/oslo_config/cfg.py:2613
2025-11-26 16:38:48.998 2 DEBUG oslo_service.service [-] ovn.localnet_learn_fdb = False log_opt_values /usr/lib/python3.9/site-packages/oslo_config/cfg.py:2613
2025-11-26 16:38:48.998 2 DEBUG oslo_service.service [-] ovn.mac_binding_age_threshold = 0 log_opt_values /usr/lib/python3.9/site-packages/oslo_config/cfg.py:2613
2025-11-26 16:38:48.998 2 DEBUG oslo_service.service [-] ovn.neutron_sync_mode = log log_opt_values /usr/lib/python3.9/site-packages/oslo_config/cfg.py:2613
2025-11-26 16:38:48.998 2 DEBUG oslo_service.service [-] ovn.ovn_dhcp4_global_options = {} log_opt_values /usr/lib/python3.9/site-packages/oslo_config/cfg.py:2613
2025-11-26 16:38:48.998 2 DEBUG oslo_service.service [-] ovn.ovn_dhcp6_global_options = {} log_opt_values /usr/lib/python3.9/site-packages/oslo_config/cfg.py:2613
2025-11-26 16:38:48.998 2 DEBUG oslo_service.service [-] ovn.ovn_emit_need_to_frag = True log_opt_values /usr/lib/python3.9/site-packages/oslo_config/cfg.py:2613
2025-11-26 16:38:48.998 2 DEBUG oslo_service.service [-] ovn.ovn_l3_mode = True log_opt_values /usr/lib/python3.9/site-packages/oslo_config/cfg.py:2613
2025-11-26 16:38:48.998 2 DEBUG oslo_service.service [-] ovn.ovn_l3_scheduler = leastloaded log_opt_values /usr/lib/python3.9/site-packages/oslo_config/cfg.py:2613
2025-11-26 16:38:48.998 2 DEBUG oslo_service.service [-] ovn.ovn_metadata_enabled = True log_opt_values /usr/lib/python3.9/site-packages/oslo_config/cfg.py:2613
2025-11-26 16:38:48.998 2 DEBUG oslo_service.service [-] ovn.ovn_nb_ca_cert = /etc/ipa/ca.crt log_opt_values /usr/lib/python3.9/site-packages/oslo_config/cfg.py:2613
2025-11-26 16:38:48.998 2 DEBUG oslo_service.service [-] ovn.ovn_nb_certificate = /etc/pki/tls/certs/neutron_ovn.crt log_opt_values /usr/lib/python3.9/site-packages/oslo_config/cfg.py:2613
2025-11-26 16:38:48.999 2 DEBUG oslo_service.service [-] ovn.ovn_nb_connection = ssl:172.17.0.100:6641 log_opt_values /usr/lib/python3.9/site-packages/oslo_config/cfg.py:2613
2025-11-26 16:38:48.999 2 DEBUG oslo_service.service [-] ovn.ovn_nb_private_key = /etc/pki/tls/private/neutron_ovn.key log_opt_values /usr/lib/python3.9/site-packages/oslo_config/cfg.py:2613
2025-11-26 16:38:48.999 2 DEBUG oslo_service.service [-] ovn.ovn_router_indirect_snat = False log_opt_values /usr/lib/python3.9/site-packages/oslo_config/cfg.py:2613
2025-11-26 16:38:48.999 2 DEBUG oslo_service.service [-] ovn.ovn_sb_ca_cert = /etc/ipa/ca.crt log_opt_values /usr/lib/python3.9/site-packages/oslo_config/cfg.py:2613
2025-11-26 16:38:48.999 2 DEBUG oslo_service.service [-] ovn.ovn_sb_certificate = /etc/pki/tls/certs/neutron_ovn.crt log_opt_values /usr/lib/python3.9/site-packages/oslo_config/cfg.py:2613
2025-11-26 16:38:48.999 2 DEBUG oslo_service.service [-] ovn.ovn_sb_connection = ssl:172.17.0.100:6642 log_opt_values /usr/lib/python3.9/site-packages/oslo_config/cfg.py:2613
2025-11-26 16:38:48.999 2 DEBUG oslo_service.service [-] ovn.ovn_sb_private_key = /etc/pki/tls/private/neutron_ovn.key log_opt_values /usr/lib/python3.9/site-packages/oslo_config/cfg.py:2613
2025-11-26 16:38:48.999 2 DEBUG oslo_service.service [-] ovn.ovsdb_connection_timeout = 180 log_opt_values /usr/lib/python3.9/site-packages/oslo_config/cfg.py:2613
2025-11-26 16:38:48.999 2 DEBUG oslo_service.service [-] ovn.ovsdb_log_level = INFO log_opt_values /usr/lib/python3.9/site-packages/oslo_config/cfg.py:2613
2025-11-26 16:38:48.999 2 DEBUG oslo_service.service [-] ovn.ovsdb_probe_interval = 60000 log_opt_values /usr/lib/python3.9/site-packages/oslo_config/cfg.py:2613
2025-11-26 16:38:48.999 2 DEBUG oslo_service.service [-] ovn.ovsdb_retry_max_interval = 180 log_opt_values /usr/lib/python3.9/site-packages/oslo_config/cfg.py:2613
2025-11-26 16:38:48.999 2 DEBUG oslo_service.service [-] ovn.vhost_sock_dir = /var/run/openvswitch log_opt_values /usr/lib/python3.9/site-packages/oslo_config/cfg.py:2613
2025-11-26 16:38:48.999 2 DEBUG oslo_service.service [-] ovn.vif_type = ovs log_opt_values /usr/lib/python3.9/site-packages/oslo_config/cfg.py:2613
2025-11-26 16:38:48.999 2 DEBUG oslo_service.service [-] OVS.bridge_mac_table_size = 50000 log_opt_values /usr/lib/python3.9/site-packages/oslo_config/cfg.py:2613
2025-11-26 16:38:48.999 2 DEBUG oslo_service.service [-] OVS.igmp_snooping_enable = False log_opt_values /usr/lib/python3.9/site-packages/oslo_config/cfg.py:2613
2025-11-26 16:38:48.999 2 DEBUG oslo_service.service [-] OVS.ovsdb_timeout = 10 log_opt_values /usr/lib/python3.9/site-packages/oslo_config/cfg.py:2613
2025-11-26 16:38:49.000 2 DEBUG oslo_service.service [-] ovn_nb_global.fdb_removal_limit = 0 log_opt_values /usr/lib/python3.9/site-packages/oslo_config/cfg.py:2613
2025-11-26 16:38:48.999 16 INFO ovsdbapp.backend.ovs_idl.vlog [req-b8fd3742-c89a-4383-b610-b560e1e48182 - - - - -] ssl:172.17.0.100:6641: connecting...
2025-11-26 16:38:49.000 2 DEBUG oslo_service.service [-] ovn_nb_global.ignore_lsp_down = False log_opt_values /usr/lib/python3.9/site-packages/oslo_config/cfg.py:2613
2025-11-26 16:38:49.000 2 DEBUG oslo_service.service [-] ovn_nb_global.mac_binding_removal_limit = 0 log_opt_values /usr/lib/python3.9/site-packages/oslo_config/cfg.py:2613
2025-11-26 16:38:49.000 2 DEBUG oslo_service.service [-] ******************************************************************************** log_opt_values /usr/lib/python3.9/site-packages/oslo_config/cfg.py:2617
2025-11-26 16:38:49.002 18 DEBUG neutron.common.ovn.hash_ring_manager [req-50cddc57-d39a-4272-aed5-af2593da838f - - - - -] Allow caching, nodes 1>=1 _wait_startup_before_caching /usr/lib/python3.9/site-packages/neutron/common/ovn/hash_ring_manager.py:64
2025-11-26 16:38:49.004 16 INFO ovsdbapp.backend.ovs_idl.vlog [req-b8fd3742-c89a-4383-b610-b560e1e48182 - - - - -] ssl:172.17.0.100:6641: connected
2025-11-26 16:38:49.001 20 INFO neutron.plugins.ml2.drivers.ovn.mech_driver.ovsdb.impl_idl_ovn [-] Getting OvsdbSbOvnIdl for MaintenanceWorker with retry
2025-11-26 16:38:49.013 18 DEBUG neutron.common.ovn.hash_ring_manager [req-50cddc57-d39a-4272-aed5-af2593da838f - - - - -] Hash Ring loaded. 1 active nodes. 0 offline nodes _load_hash_ring /usr/lib/python3.9/site-packages/neutron/common/ovn/hash_ring_manager.py:99
2025-11-26 16:38:49.015 20 DEBUG ovsdbapp.backend.ovs_idl [-] Created lookup_table index Chassis.name autocreate_indices /usr/lib/python3.9/site-packages/ovsdbapp/backend/ovs_idl/__init__.py:109
2025-11-26 16:38:49.015 20 DEBUG ovsdbapp.backend.ovs_idl [-] Created schema index Chassis_Private.name autocreate_indices /usr/lib/python3.9/site-packages/ovsdbapp/backend/ovs_idl/__init__.py:128
2025-11-26 16:38:49.016 20 DEBUG ovsdbapp.backend.ovs_idl [-] Created schema index Datapath_Binding.tunnel_key autocreate_indices /usr/lib/python3.9/site-packages/ovsdbapp/backend/ovs_idl/__init__.py:128
2025-11-26 16:38:49.016 18 INFO neutron.plugins.ml2.drivers.ovn.mech_driver.ovsdb.impl_idl_ovn [req-50cddc57-d39a-4272-aed5-af2593da838f - - - - -] Getting OvsdbSbOvnIdl for RpcWorker with retry
2025-11-26 16:38:49.017 16 DEBUG neutron.common.ovn.hash_ring_manager [req-b8fd3742-c89a-4383-b610-b560e1e48182 - - - - -] Allow caching, nodes 1>=1 _wait_startup_before_caching /usr/lib/python3.9/site-packages/neutron/common/ovn/hash_ring_manager.py:64
2025-11-26 16:38:49.021 20 INFO ovsdbapp.backend.ovs_idl.vlog [-] ssl:172.17.0.100:6642: connecting...
2025-11-26 16:38:49.023 16 DEBUG neutron.common.ovn.hash_ring_manager [req-b8fd3742-c89a-4383-b610-b560e1e48182 - - - - -] Hash Ring loaded. 1 active nodes. 0 offline nodes _load_hash_ring /usr/lib/python3.9/site-packages/neutron/common/ovn/hash_ring_manager.py:99
2025-11-26 16:38:49.027 20 INFO ovsdbapp.backend.ovs_idl.vlog [-] ssl:172.17.0.100:6642: connected
2025-11-26 16:38:49.028 16 DEBUG neutron.plugins.ml2.drivers.ovn.mech_driver.ovsdb.ovsdb_monitor [req-b8fd3742-c89a-4383-b610-b560e1e48182 - - - - -] Hash Ring: Node f014b69f-ec91-4e17-a05c-1e514af280c4 (host: standalone.ooo.test) handling event "create" for row 8b65a798-3d40-4f8e-b7d9-feef921cdbb9 (table: NB_Global) notify /usr/lib/python3.9/site-packages/neutron/plugins/ml2/drivers/ovn/mech_driver/ovsdb/ovsdb_monitor.py:791
2025-11-26 16:38:49.028 16 DEBUG neutron.plugins.ml2.drivers.ovn.mech_driver.ovsdb.ovsdb_monitor [req-b8fd3742-c89a-4383-b610-b560e1e48182 - - - - -] Hash Ring: Node f014b69f-ec91-4e17-a05c-1e514af280c4 (host: standalone.ooo.test) handling event "create" for row 06dfac10-ffe7-438e-975d-861442885e9b (table: Connection) notify /usr/lib/python3.9/site-packages/neutron/plugins/ml2/drivers/ovn/mech_driver/ovsdb/ovsdb_monitor.py:791
2025-11-26 16:38:49.029 16 DEBUG neutron.plugins.ml2.drivers.ovn.mech_driver.ovsdb.ovsdb_monitor [req-b8fd3742-c89a-4383-b610-b560e1e48182 - - - - -] Hash Ring: Node f014b69f-ec91-4e17-a05c-1e514af280c4 (host: standalone.ooo.test) handling event "create" for row 2ed00a03-ca7f-4243-9d29-c481137e53a9 (table: Port_Group) notify /usr/lib/python3.9/site-packages/neutron/plugins/ml2/drivers/ovn/mech_driver/ovsdb/ovsdb_monitor.py:791
2025-11-26 16:38:49.029 16 DEBUG neutron.plugins.ml2.drivers.ovn.mech_driver.ovsdb.ovsdb_monitor [req-b8fd3742-c89a-4383-b610-b560e1e48182 - - - - -] Hash Ring: Node f014b69f-ec91-4e17-a05c-1e514af280c4 (host: standalone.ooo.test) handling event "create" for row 5a6f0903-6103-42da-a77a-7e93dcff5344 (table: ACL) notify /usr/lib/python3.9/site-packages/neutron/plugins/ml2/drivers/ovn/mech_driver/ovsdb/ovsdb_monitor.py:791
2025-11-26 16:38:49.029 16 DEBUG neutron.plugins.ml2.drivers.ovn.mech_driver.ovsdb.ovsdb_monitor [req-b8fd3742-c89a-4383-b610-b560e1e48182 - - - - -] Hash Ring: Node f014b69f-ec91-4e17-a05c-1e514af280c4 (host: standalone.ooo.test) handling event "create" for row 642f766e-99c4-4bae-8ba9-49d6aee3fdd8 (table: ACL) notify /usr/lib/python3.9/site-packages/neutron/plugins/ml2/drivers/ovn/mech_driver/ovsdb/ovsdb_monitor.py:791
2025-11-26 16:38:49.030 16 INFO neutron.plugins.ml2.drivers.ovn.mech_driver.ovsdb.impl_idl_ovn [req-b8fd3742-c89a-4383-b610-b560e1e48182 - - - - -] Getting OvsdbSbOvnIdl for WorkerService with retry
2025-11-26 16:38:49.032 20 INFO neutron.plugins.ml2.drivers.ovn.mech_driver.ovsdb.extensions.qos [-] Starting OVNClientQosExtension
2025-11-26 16:38:49.033 20 INFO neutron.plugins.ml2.drivers.ovn.mech_driver.ovsdb.extensions.qos [-] Starting OVNClientQosExtension
2025-11-26 16:38:49.034 20 DEBUG neutron.plugins.ml2.drivers.ovn.mech_driver.ovsdb.maintenance [-] Schema aware periodic task found: DBInconsistenciesPeriodics.migrate_to_port_groups _set_schema_aware_periodics /usr/lib/python3.9/site-packages/neutron/plugins/ml2/drivers/ovn/mech_driver/ovsdb/maintenance.py:135
2025-11-26 16:38:49.035 20 DEBUG neutron.plugins.ml2.drivers.ovn.mech_driver.ovsdb.maintenance [-] Periodic task found: DBInconsistenciesPeriodics.add_vnic_type_and_pb_capabilities_to_lsp add_periodics /usr/lib/python3.9/site-packages/neutron/plugins/ml2/drivers/ovn/mech_driver/ovsdb/maintenance.py:74
2025-11-26 16:38:49.035 20 DEBUG neutron.plugins.ml2.drivers.ovn.mech_driver.ovsdb.maintenance [-] Periodic task found: DBInconsistenciesPeriodics.check_baremetal_ports_dhcp_options add_periodics /usr/lib/python3.9/site-packages/neutron/plugins/ml2/drivers/ovn/mech_driver/ovsdb/maintenance.py:74
2025-11-26 16:38:49.035 20 DEBUG neutron.plugins.ml2.drivers.ovn.mech_driver.ovsdb.maintenance [-] Periodic task found: DBInconsistenciesPeriodics.check_fair_meter_consistency add_periodics /usr/lib/python3.9/site-packages/neutron/plugins/ml2/drivers/ovn/mech_driver/ovsdb/maintenance.py:74
2025-11-26 16:38:49.035 20 DEBUG neutron.plugins.ml2.drivers.ovn.mech_driver.ovsdb.maintenance [-] Periodic task found: DBInconsistenciesPeriodics.check_fdb_aging_settings add_periodics /usr/lib/python3.9/site-packages/neutron/plugins/ml2/drivers/ovn/mech_driver/ovsdb/maintenance.py:74
2025-11-26 16:38:49.035 20 DEBUG neutron.plugins.ml2.drivers.ovn.mech_driver.ovsdb.maintenance [-] Periodic task found: DBInconsistenciesPeriodics.check_for_fragmentation_support add_periodics /usr/lib/python3.9/site-packages/neutron/plugins/ml2/drivers/ovn/mech_driver/ovsdb/maintenance.py:74
2025-11-26 16:38:49.035 20 DEBUG neutron.plugins.ml2.drivers.ovn.mech_driver.ovsdb.maintenance [-] Periodic task found: DBInconsistenciesPeriodics.check_for_ha_chassis_group add_periodics /usr/lib/python3.9/site-packages/neutron/plugins/ml2/drivers/ovn/mech_driver/ovsdb/maintenance.py:74
2025-11-26 16:38:49.035 20 DEBUG neutron.plugins.ml2.drivers.ovn.mech_driver.ovsdb.maintenance [-] Periodic task found: DBInconsistenciesPeriodics.check_for_igmp_snoop_support add_periodics /usr/lib/python3.9/site-packages/neutron/plugins/ml2/drivers/ovn/mech_driver/ovsdb/maintenance.py:74
2025-11-26 16:38:49.035 20 DEBUG neutron.plugins.ml2.drivers.ovn.mech_driver.ovsdb.maintenance [-] Periodic task found: DBInconsistenciesPeriodics.check_for_inconsistencies add_periodics /usr/lib/python3.9/site-packages/neutron/plugins/ml2/drivers/ovn/mech_driver/ovsdb/maintenance.py:74
2025-11-26 16:38:49.035 20 DEBUG neutron.plugins.ml2.drivers.ovn.mech_driver.ovsdb.maintenance [-] Periodic task found: DBInconsistenciesPeriodics.check_for_localnet_legacy_port_name add_periodics /usr/lib/python3.9/site-packages/neutron/plugins/ml2/drivers/ovn/mech_driver/ovsdb/maintenance.py:74
2025-11-26 16:38:49.035 20 DEBUG neutron.plugins.ml2.drivers.ovn.mech_driver.ovsdb.maintenance [-] Periodic task found: DBInconsistenciesPeriodics.check_for_mcast_flood_reports add_periodics /usr/lib/python3.9/site-packages/neutron/plugins/ml2/drivers/ovn/mech_driver/ovsdb/maintenance.py:74
2025-11-26 16:38:49.035 20 DEBUG neutron.plugins.ml2.drivers.ovn.mech_driver.ovsdb.maintenance [-] Periodic task found: DBInconsistenciesPeriodics.check_for_port_security_unknown_address add_periodics /usr/lib/python3.9/site-packages/neutron/plugins/ml2/drivers/ovn/mech_driver/ovsdb/maintenance.py:74
2025-11-26 16:38:49.036 20 DEBUG neutron.plugins.ml2.drivers.ovn.mech_driver.ovsdb.maintenance [-] Periodic task found: DBInconsistenciesPeriodics.check_global_dhcp_opts add_periodics /usr/lib/python3.9/site-packages/neutron/plugins/ml2/drivers/ovn/mech_driver/ovsdb/maintenance.py:74
2025-11-26 16:38:49.036 16 DEBUG ovsdbapp.backend.ovs_idl [req-b8fd3742-c89a-4383-b610-b560e1e48182 - - - - -] Created lookup_table index Chassis.name autocreate_indices /usr/lib/python3.9/site-packages/ovsdbapp/backend/ovs_idl/__init__.py:109
2025-11-26 16:38:49.036 16 DEBUG ovsdbapp.backend.ovs_idl [req-b8fd3742-c89a-4383-b610-b560e1e48182 - - - - -] Created schema index Chassis_Private.name autocreate_indices /usr/lib/python3.9/site-packages/ovsdbapp/backend/ovs_idl/__init__.py:128
2025-11-26 16:38:49.036 20 DEBUG neutron.plugins.ml2.drivers.ovn.mech_driver.ovsdb.maintenance [-] Periodic task found: DBInconsistenciesPeriodics.check_localnet_port_has_learn_fdb add_periodics /usr/lib/python3.9/site-packages/neutron/plugins/ml2/drivers/ovn/mech_driver/ovsdb/maintenance.py:74
2025-11-26 16:38:49.036 16 DEBUG ovsdbapp.backend.ovs_idl [req-b8fd3742-c89a-4383-b610-b560e1e48182 - - - - -] Created schema index Datapath_Binding.tunnel_key autocreate_indices /usr/lib/python3.9/site-packages/ovsdbapp/backend/ovs_idl/__init__.py:128
2025-11-26 16:38:49.036 18 DEBUG ovsdbapp.backend.ovs_idl [req-50cddc57-d39a-4272-aed5-af2593da838f - - - - -] Created lookup_table index Chassis.name autocreate_indices /usr/lib/python3.9/site-packages/ovsdbapp/backend/ovs_idl/__init__.py:109
2025-11-26 16:38:49.036 18 DEBUG ovsdbapp.backend.ovs_idl [req-50cddc57-d39a-4272-aed5-af2593da838f - - - - -] Created schema index Chassis_Private.name autocreate_indices /usr/lib/python3.9/site-packages/ovsdbapp/backend/ovs_idl/__init__.py:128
2025-11-26 16:38:49.036 18 DEBUG ovsdbapp.backend.ovs_idl [req-50cddc57-d39a-4272-aed5-af2593da838f - - - - -] Created schema index Datapath_Binding.tunnel_key autocreate_indices /usr/lib/python3.9/site-packages/ovsdbapp/backend/ovs_idl/__init__.py:128
2025-11-26 16:38:49.036 20 DEBUG neutron.plugins.ml2.drivers.ovn.mech_driver.ovsdb.maintenance [-] Periodic task found: DBInconsistenciesPeriodics.check_metadata_ports add_periodics /usr/lib/python3.9/site-packages/neutron/plugins/ml2/drivers/ovn/mech_driver/ovsdb/maintenance.py:74
2025-11-26 16:38:49.037 20 DEBUG neutron.plugins.ml2.drivers.ovn.mech_driver.ovsdb.maintenance [-] Periodic task found: DBInconsistenciesPeriodics.check_network_broadcast_arps_to_all_routers add_periodics /usr/lib/python3.9/site-packages/neutron/plugins/ml2/drivers/ovn/mech_driver/ovsdb/maintenance.py:74
2025-11-26 16:38:49.037 20 DEBUG neutron.plugins.ml2.drivers.ovn.mech_driver.ovsdb.maintenance [-] Periodic task found: DBInconsistenciesPeriodics.check_port_has_address_scope add_periodics /usr/lib/python3.9/site-packages/neutron/plugins/ml2/drivers/ovn/mech_driver/ovsdb/maintenance.py:74
2025-11-26 16:38:49.037 20 DEBUG neutron.plugins.ml2.drivers.ovn.mech_driver.ovsdb.maintenance [-] Periodic task found: DBInconsistenciesPeriodics.check_provider_distributed_ports add_periodics /usr/lib/python3.9/site-packages/neutron/plugins/ml2/drivers/ovn/mech_driver/ovsdb/maintenance.py:74
2025-11-26 16:38:49.037 20 DEBUG neutron.plugins.ml2.drivers.ovn.mech_driver.ovsdb.maintenance [-] Periodic task found: DBInconsistenciesPeriodics.check_redirect_type_router_gateway_ports add_periodics /usr/lib/python3.9/site-packages/neutron/plugins/ml2/drivers/ovn/mech_driver/ovsdb/maintenance.py:74
2025-11-26 16:38:49.038 16 INFO ovsdbapp.backend.ovs_idl.vlog [req-b8fd3742-c89a-4383-b610-b560e1e48182 - - - - -] ssl:172.17.0.100:6642: connecting...
2025-11-26 16:38:49.038 20 DEBUG neutron.plugins.ml2.drivers.ovn.mech_driver.ovsdb.maintenance [-] Periodic task found: DBInconsistenciesPeriodics.check_router_mac_binding_options add_periodics /usr/lib/python3.9/site-packages/neutron/plugins/ml2/drivers/ovn/mech_driver/ovsdb/maintenance.py:74
2025-11-26 16:38:49.038 20 DEBUG neutron.plugins.ml2.drivers.ovn.mech_driver.ovsdb.maintenance [-] Periodic task found: DBInconsistenciesPeriodics.cleanup_old_hash_ring_nodes add_periodics /usr/lib/python3.9/site-packages/neutron/plugins/ml2/drivers/ovn/mech_driver/ovsdb/maintenance.py:74
2025-11-26 16:38:49.038 20 DEBUG neutron.plugins.ml2.drivers.ovn.mech_driver.ovsdb.maintenance [-] Periodic task found: DBInconsistenciesPeriodics.configure_nb_global add_periodics /usr/lib/python3.9/site-packages/neutron/plugins/ml2/drivers/ovn/mech_driver/ovsdb/maintenance.py:74
2025-11-26 16:38:49.038 20 DEBUG neutron.plugins.ml2.drivers.ovn.mech_driver.ovsdb.maintenance [-] Periodic task found: DBInconsistenciesPeriodics.create_router_extra_attributes_registers add_periodics /usr/lib/python3.9/site-packages/neutron/plugins/ml2/drivers/ovn/mech_driver/ovsdb/maintenance.py:74
2025-11-26 16:38:49.038 20 DEBUG neutron.plugins.ml2.drivers.ovn.mech_driver.ovsdb.maintenance [-] Periodic task found: DBInconsistenciesPeriodics.migrate_to_port_groups add_periodics /usr/lib/python3.9/site-packages/neutron/plugins/ml2/drivers/ovn/mech_driver/ovsdb/maintenance.py:74
2025-11-26 16:38:49.038 20 DEBUG neutron.plugins.ml2.drivers.ovn.mech_driver.ovsdb.maintenance [-] Periodic task found: DBInconsistenciesPeriodics.remove_duplicated_chassis_registers add_periodics /usr/lib/python3.9/site-packages/neutron/plugins/ml2/drivers/ovn/mech_driver/ovsdb/maintenance.py:74
2025-11-26 16:38:49.038 20 DEBUG neutron.plugins.ml2.drivers.ovn.mech_driver.ovsdb.maintenance [-] Periodic task found: DBInconsistenciesPeriodics.remove_invalid_gateway_chassis_from_unbound_lrp add_periodics /usr/lib/python3.9/site-packages/neutron/plugins/ml2/drivers/ovn/mech_driver/ovsdb/maintenance.py:74
2025-11-26 16:38:49.038 20 DEBUG neutron.plugins.ml2.drivers.ovn.mech_driver.ovsdb.maintenance [-] Periodic task found: DBInconsistenciesPeriodics.sync_metadata_ports add_periodics /usr/lib/python3.9/site-packages/neutron/plugins/ml2/drivers/ovn/mech_driver/ovsdb/maintenance.py:74
2025-11-26 16:38:49.038 20 DEBUG neutron.plugins.ml2.drivers.ovn.mech_driver.ovsdb.maintenance [-] Periodic task found: DBInconsistenciesPeriodics.update_logical_router_with_gateway_network_id add_periodics /usr/lib/python3.9/site-packages/neutron/plugins/ml2/drivers/ovn/mech_driver/ovsdb/maintenance.py:74
2025-11-26 16:38:49.039 20 DEBUG neutron.plugins.ml2.drivers.ovn.mech_driver.ovsdb.maintenance [-] Periodic task found: DBInconsistenciesPeriodics.update_mac_aging_settings add_periodics /usr/lib/python3.9/site-packages/neutron/plugins/ml2/drivers/ovn/mech_driver/ovsdb/maintenance.py:74
2025-11-26 16:38:49.039 20 DEBUG neutron.plugins.ml2.drivers.ovn.mech_driver.ovsdb.maintenance [-] Periodic task found: DBInconsistenciesPeriodics.update_port_qos_with_external_ids_reference add_periodics /usr/lib/python3.9/site-packages/neutron/plugins/ml2/drivers/ovn/mech_driver/ovsdb/maintenance.py:74
2025-11-26 16:38:49.039 20 DEBUG neutron.plugins.ml2.drivers.ovn.mech_driver.ovsdb.maintenance [-] Periodic task found: DBInconsistenciesPeriodics.update_port_virtual_type add_periodics /usr/lib/python3.9/site-packages/neutron/plugins/ml2/drivers/ovn/mech_driver/ovsdb/maintenance.py:74
2025-11-26 16:38:49.039 20 DEBUG neutron.plugins.ml2.drivers.ovn.mech_driver.ovsdb.maintenance [-] Periodic task found: DBInconsistenciesPeriodics.update_qos_fip_rule_priority add_periodics /usr/lib/python3.9/site-packages/neutron/plugins/ml2/drivers/ovn/mech_driver/ovsdb/maintenance.py:74
2025-11-26 16:38:49.040 20 DEBUG futurist.periodics [-] Submitting immediate callback 'neutron.plugins.ml2.drivers.ovn.mech_driver.ovsdb.maintenance.DBInconsistenciesPeriodics.add_vnic_type_and_pb_capabilities_to_lsp' _process_immediates /usr/lib/python3.9/site-packages/futurist/periodics.py:676
2025-11-26 16:38:49.041 16 INFO ovsdbapp.backend.ovs_idl.vlog [req-b8fd3742-c89a-4383-b610-b560e1e48182 - - - - -] ssl:172.17.0.100:6642: connected
2025-11-26 16:38:49.044 20 INFO neutron.plugins.ml2.drivers.ovn.mech_driver.mech_driver [-] Maintenance task thread has started
2025-11-26 16:38:49.044 20 INFO neutron.plugins.ml2.drivers.ovn.mech_driver.mech_driver [-] MaintenanceWorker process has finished the post initialization
2025-11-26 16:38:49.045 16 INFO neutron.plugins.ml2.drivers.ovn.mech_driver.mech_driver [req-b8fd3742-c89a-4383-b610-b560e1e48182 - - - - -] WorkerService process has finished the post initialization
2025-11-26 16:38:49.046 16 INFO neutron.wsgi [-] (16) wsgi starting up on http://[::1]:9696
2025-11-26 16:38:49.047 18 INFO ovsdbapp.backend.ovs_idl.vlog [req-50cddc57-d39a-4272-aed5-af2593da838f - - - - -] ssl:172.17.0.100:6642: connecting...
2025-11-26 16:38:49.053 18 INFO ovsdbapp.backend.ovs_idl.vlog [req-50cddc57-d39a-4272-aed5-af2593da838f - - - - -] ssl:172.17.0.100:6642: connected
2025-11-26 16:38:49.058 18 INFO neutron.plugins.ml2.drivers.ovn.mech_driver.mech_driver [req-50cddc57-d39a-4272-aed5-af2593da838f - - - - -] RpcWorker process has finished the post initialization
2025-11-26 16:38:49.058 18 DEBUG neutron.plugins.ml2.plugin [req-50cddc57-d39a-4272-aed5-af2593da838f - - - - -] neutron.plugins.ml2.plugin.Ml2Plugin method start_rpc_listeners called with arguments () {} wrapper /usr/lib/python3.9/site-packages/oslo_log/helpers.py:65
2025-11-26 16:38:49.062 20 DEBUG ovsdbapp.backend.ovs_idl.transaction [-] There are no commands to commit do_commit /usr/lib/python3.9/site-packages/ovsdbapp/backend/ovs_idl/transaction.py:78
2025-11-26 16:38:49.062 20 DEBUG futurist.periodics [req-dd354f53-3ac4-433a-9023-46d8efee02da - - - - -] Periodic callback 'neutron.plugins.ml2.drivers.ovn.mech_driver.ovsdb.maintenance.DBInconsistenciesPeriodics.add_vnic_type_and_pb_capabilities_to_lsp' raised 'NeverAgain' exception, stopping any further execution of it. _on_done /usr/lib/python3.9/site-packages/futurist/periodics.py:713
2025-11-26 16:38:49.063 20 DEBUG futurist.periodics [req-dd354f53-3ac4-433a-9023-46d8efee02da - - - - -] Submitting immediate callback 'neutron.plugins.ml2.drivers.ovn.mech_driver.ovsdb.maintenance.DBInconsistenciesPeriodics.check_baremetal_ports_dhcp_options' _process_immediates /usr/lib/python3.9/site-packages/futurist/periodics.py:676
2025-11-26 16:38:49.106 20 DEBUG futurist.periodics [req-dd354f53-3ac4-433a-9023-46d8efee02da - - - - -] Periodic callback 'neutron.plugins.ml2.drivers.ovn.mech_driver.ovsdb.maintenance.DBInconsistenciesPeriodics.check_baremetal_ports_dhcp_options' raised 'NeverAgain' exception, stopping any further execution of it. _on_done /usr/lib/python3.9/site-packages/futurist/periodics.py:713
2025-11-26 16:38:49.107 20 DEBUG futurist.periodics [req-dd354f53-3ac4-433a-9023-46d8efee02da - - - - -] Submitting immediate callback 'neutron.plugins.ml2.drivers.ovn.mech_driver.ovsdb.maintenance.DBInconsistenciesPeriodics.check_fair_meter_consistency' _process_immediates /usr/lib/python3.9/site-packages/futurist/periodics.py:676
2025-11-26 16:38:49.107 20 DEBUG futurist.periodics [req-dd354f53-3ac4-433a-9023-46d8efee02da - - - - -] Periodic callback 'neutron.plugins.ml2.drivers.ovn.mech_driver.ovsdb.maintenance.DBInconsistenciesPeriodics.check_fair_meter_consistency' raised 'NeverAgain' exception, stopping any further execution of it. _on_done /usr/lib/python3.9/site-packages/futurist/periodics.py:713
2025-11-26 16:38:49.107 20 DEBUG futurist.periodics [req-dd354f53-3ac4-433a-9023-46d8efee02da - - - - -] Submitting immediate callback 'neutron.plugins.ml2.drivers.ovn.mech_driver.ovsdb.maintenance.DBInconsistenciesPeriodics.check_fdb_aging_settings' _process_immediates /usr/lib/python3.9/site-packages/futurist/periodics.py:676
2025-11-26 16:38:49.125 20 DEBUG ovsdbapp.backend.ovs_idl.transaction [-] Running txn n=1 command(idx=0): DbSetCommand(_result=None, table=NB_Global, record=., col_values=dict_items([('options', {'fdb_removal_limit': '0'})]), if_exists=True) do_commit /usr/lib/python3.9/site-packages/ovsdbapp/backend/ovs_idl/transaction.py:89
2025-11-26 16:38:49.132 16 DEBUG neutron.plugins.ml2.drivers.ovn.mech_driver.ovsdb.ovsdb_monitor [-] Hash Ring: Node f014b69f-ec91-4e17-a05c-1e514af280c4 (host: standalone.ooo.test) handling event "update" for row 8b65a798-3d40-4f8e-b7d9-feef921cdbb9 (table: NB_Global) notify /usr/lib/python3.9/site-packages/neutron/plugins/ml2/drivers/ovn/mech_driver/ovsdb/ovsdb_monitor.py:791
2025-11-26 16:38:49.135 20 DEBUG futurist.periodics [req-dd354f53-3ac4-433a-9023-46d8efee02da - - - - -] Periodic callback 'neutron.plugins.ml2.drivers.ovn.mech_driver.ovsdb.maintenance.DBInconsistenciesPeriodics.check_fdb_aging_settings' raised 'NeverAgain' exception, stopping any further execution of it. _on_done /usr/lib/python3.9/site-packages/futurist/periodics.py:713
2025-11-26 16:38:49.136 20 DEBUG futurist.periodics [req-dd354f53-3ac4-433a-9023-46d8efee02da - - - - -] Submitting immediate callback 'neutron.plugins.ml2.drivers.ovn.mech_driver.ovsdb.maintenance.DBInconsistenciesPeriodics.check_for_fragmentation_support' _process_immediates /usr/lib/python3.9/site-packages/futurist/periodics.py:676
2025-11-26 16:38:49.150 20 DEBUG futurist.periodics [req-dd354f53-3ac4-433a-9023-46d8efee02da - - - - -] Periodic callback 'neutron.plugins.ml2.drivers.ovn.mech_driver.ovsdb.maintenance.DBInconsistenciesPeriodics.check_for_fragmentation_support' raised 'NeverAgain' exception, stopping any further execution of it. _on_done /usr/lib/python3.9/site-packages/futurist/periodics.py:713
2025-11-26 16:38:49.150 20 DEBUG futurist.periodics [req-dd354f53-3ac4-433a-9023-46d8efee02da - - - - -] Submitting immediate callback 'neutron.plugins.ml2.drivers.ovn.mech_driver.ovsdb.maintenance.DBInconsistenciesPeriodics.check_for_ha_chassis_group' _process_immediates /usr/lib/python3.9/site-packages/futurist/periodics.py:676
2025-11-26 16:38:49.151 20 DEBUG ovsdbapp.backend.ovs_idl.transaction [-] Running txn n=1 command(idx=0): HAChassisGroupDelCommand(_result=None, name=default_ha_chassis_group, if_exists=True) do_commit /usr/lib/python3.9/site-packages/ovsdbapp/backend/ovs_idl/transaction.py:89
2025-11-26 16:38:49.151 20 DEBUG ovsdbapp.backend.ovs_idl.transaction [-] Transaction caused no change do_commit /usr/lib/python3.9/site-packages/ovsdbapp/backend/ovs_idl/transaction.py:129
2025-11-26 16:38:49.151 20 DEBUG futurist.periodics [req-dd354f53-3ac4-433a-9023-46d8efee02da - - - - -] Periodic callback 'neutron.plugins.ml2.drivers.ovn.mech_driver.ovsdb.maintenance.DBInconsistenciesPeriodics.check_for_ha_chassis_group' raised 'NeverAgain' exception, stopping any further execution of it. _on_done /usr/lib/python3.9/site-packages/futurist/periodics.py:713
2025-11-26 16:38:49.151 20 DEBUG futurist.periodics [req-dd354f53-3ac4-433a-9023-46d8efee02da - - - - -] Submitting immediate callback 'neutron.plugins.ml2.drivers.ovn.mech_driver.ovsdb.maintenance.DBInconsistenciesPeriodics.check_for_igmp_snoop_support' _process_immediates /usr/lib/python3.9/site-packages/futurist/periodics.py:676
2025-11-26 16:38:49.152 20 DEBUG ovsdbapp.backend.ovs_idl.transaction [-] There are no commands to commit do_commit /usr/lib/python3.9/site-packages/ovsdbapp/backend/ovs_idl/transaction.py:78
2025-11-26 16:38:49.152 20 DEBUG futurist.periodics [req-dd354f53-3ac4-433a-9023-46d8efee02da - - - - -] Periodic callback 'neutron.plugins.ml2.drivers.ovn.mech_driver.ovsdb.maintenance.DBInconsistenciesPeriodics.check_for_igmp_snoop_support' raised 'NeverAgain' exception, stopping any further execution of it. _on_done /usr/lib/python3.9/site-packages/futurist/periodics.py:713
2025-11-26 16:38:49.152 20 DEBUG futurist.periodics [req-dd354f53-3ac4-433a-9023-46d8efee02da - - - - -] Submitting immediate callback 'neutron.plugins.ml2.drivers.ovn.mech_driver.ovsdb.maintenance.DBInconsistenciesPeriodics.check_for_inconsistencies' _process_immediates /usr/lib/python3.9/site-packages/futurist/periodics.py:676
2025-11-26 16:38:49.157 20 DEBUG neutron.plugins.ml2.drivers.ovn.mech_driver.ovsdb.maintenance [req-dd354f53-3ac4-433a-9023-46d8efee02da - - - - -] Maintenance task: No inconsistencies found. Skipping check_for_inconsistencies /usr/lib/python3.9/site-packages/neutron/plugins/ml2/drivers/ovn/mech_driver/ovsdb/maintenance.py:363
2025-11-26 16:38:49.158 20 DEBUG futurist.periodics [req-dd354f53-3ac4-433a-9023-46d8efee02da - - - - -] Submitting immediate callback 'neutron.plugins.ml2.drivers.ovn.mech_driver.ovsdb.maintenance.DBInconsistenciesPeriodics.check_for_localnet_legacy_port_name' _process_immediates /usr/lib/python3.9/site-packages/futurist/periodics.py:676
2025-11-26 16:38:49.158 20 DEBUG futurist.periodics [req-dd354f53-3ac4-433a-9023-46d8efee02da - - - - -] Periodic callback 'neutron.plugins.ml2.drivers.ovn.mech_driver.ovsdb.maintenance.DBInconsistenciesPeriodics.check_for_localnet_legacy_port_name' raised 'NeverAgain' exception, stopping any further execution of it. _on_done /usr/lib/python3.9/site-packages/futurist/periodics.py:713
2025-11-26 16:38:49.158 20 DEBUG futurist.periodics [req-dd354f53-3ac4-433a-9023-46d8efee02da - - - - -] Submitting immediate callback 'neutron.plugins.ml2.drivers.ovn.mech_driver.ovsdb.maintenance.DBInconsistenciesPeriodics.check_for_mcast_flood_reports' _process_immediates /usr/lib/python3.9/site-packages/futurist/periodics.py:676
2025-11-26 16:38:49.158 20 DEBUG futurist.periodics [req-dd354f53-3ac4-433a-9023-46d8efee02da - - - - -] Periodic callback 'neutron.plugins.ml2.drivers.ovn.mech_driver.ovsdb.maintenance.DBInconsistenciesPeriodics.check_for_mcast_flood_reports' raised 'NeverAgain' exception, stopping any further execution of it. _on_done /usr/lib/python3.9/site-packages/futurist/periodics.py:713
2025-11-26 16:38:49.158 20 DEBUG futurist.periodics [req-dd354f53-3ac4-433a-9023-46d8efee02da - - - - -] Submitting immediate callback 'neutron.plugins.ml2.drivers.ovn.mech_driver.ovsdb.maintenance.DBInconsistenciesPeriodics.check_for_port_security_unknown_address' _process_immediates /usr/lib/python3.9/site-packages/futurist/periodics.py:676
2025-11-26 16:38:49.158 20 DEBUG futurist.periodics [req-dd354f53-3ac4-433a-9023-46d8efee02da - - - - -] Periodic callback 'neutron.plugins.ml2.drivers.ovn.mech_driver.ovsdb.maintenance.DBInconsistenciesPeriodics.check_for_port_security_unknown_address' raised 'NeverAgain' exception, stopping any further execution of it. _on_done /usr/lib/python3.9/site-packages/futurist/periodics.py:713
2025-11-26 16:38:49.159 20 DEBUG futurist.periodics [req-dd354f53-3ac4-433a-9023-46d8efee02da - - - - -] Submitting immediate callback 'neutron.plugins.ml2.drivers.ovn.mech_driver.ovsdb.maintenance.DBInconsistenciesPeriodics.check_global_dhcp_opts' _process_immediates /usr/lib/python3.9/site-packages/futurist/periodics.py:676
2025-11-26 16:38:49.159 20 DEBUG futurist.periodics [req-dd354f53-3ac4-433a-9023-46d8efee02da - - - - -] Periodic callback 'neutron.plugins.ml2.drivers.ovn.mech_driver.ovsdb.maintenance.DBInconsistenciesPeriodics.check_global_dhcp_opts' raised 'NeverAgain' exception, stopping any further execution of it. _on_done /usr/lib/python3.9/site-packages/futurist/periodics.py:713
2025-11-26 16:38:49.159 20 DEBUG futurist.periodics [req-dd354f53-3ac4-433a-9023-46d8efee02da - - - - -] Submitting immediate callback 'neutron.plugins.ml2.drivers.ovn.mech_driver.ovsdb.maintenance.DBInconsistenciesPeriodics.check_localnet_port_has_learn_fdb' _process_immediates /usr/lib/python3.9/site-packages/futurist/periodics.py:676
2025-11-26 16:38:49.159 20 DEBUG ovsdbapp.backend.ovs_idl.transaction [-] There are no commands to commit do_commit /usr/lib/python3.9/site-packages/ovsdbapp/backend/ovs_idl/transaction.py:78
2025-11-26 16:38:49.160 20 DEBUG futurist.periodics [req-dd354f53-3ac4-433a-9023-46d8efee02da - - - - -] Periodic callback 'neutron.plugins.ml2.drivers.ovn.mech_driver.ovsdb.maintenance.DBInconsistenciesPeriodics.check_localnet_port_has_learn_fdb' raised 'NeverAgain' exception, stopping any further execution of it. _on_done /usr/lib/python3.9/site-packages/futurist/periodics.py:713
2025-11-26 16:38:49.160 20 DEBUG futurist.periodics [req-dd354f53-3ac4-433a-9023-46d8efee02da - - - - -] Submitting immediate callback 'neutron.plugins.ml2.drivers.ovn.mech_driver.ovsdb.maintenance.DBInconsistenciesPeriodics.check_metadata_ports' _process_immediates /usr/lib/python3.9/site-packages/futurist/periodics.py:676
2025-11-26 16:38:49.167 20 DEBUG futurist.periodics [req-dd354f53-3ac4-433a-9023-46d8efee02da - - - - -] Periodic callback 'neutron.plugins.ml2.drivers.ovn.mech_driver.ovsdb.maintenance.DBInconsistenciesPeriodics.check_metadata_ports' raised 'NeverAgain' exception, stopping any further execution of it. _on_done /usr/lib/python3.9/site-packages/futurist/periodics.py:713
2025-11-26 16:38:49.167 20 DEBUG futurist.periodics [req-dd354f53-3ac4-433a-9023-46d8efee02da - - - - -] Submitting immediate callback 'neutron.plugins.ml2.drivers.ovn.mech_driver.ovsdb.maintenance.DBInconsistenciesPeriodics.check_network_broadcast_arps_to_all_routers' _process_immediates /usr/lib/python3.9/site-packages/futurist/periodics.py:676
2025-11-26 16:38:49.180 20 DEBUG futurist.periodics [req-dd354f53-3ac4-433a-9023-46d8efee02da - - - - -] Periodic callback 'neutron.plugins.ml2.drivers.ovn.mech_driver.ovsdb.maintenance.DBInconsistenciesPeriodics.check_network_broadcast_arps_to_all_routers' raised 'NeverAgain' exception, stopping any further execution of it. _on_done /usr/lib/python3.9/site-packages/futurist/periodics.py:713
2025-11-26 16:38:49.181 20 DEBUG futurist.periodics [req-dd354f53-3ac4-433a-9023-46d8efee02da - - - - -] Submitting immediate callback 'neutron.plugins.ml2.drivers.ovn.mech_driver.ovsdb.maintenance.DBInconsistenciesPeriodics.check_port_has_address_scope' _process_immediates /usr/lib/python3.9/site-packages/futurist/periodics.py:676
2025-11-26 16:38:49.181 20 DEBUG ovsdbapp.backend.ovs_idl.transaction [-] There are no commands to commit do_commit /usr/lib/python3.9/site-packages/ovsdbapp/backend/ovs_idl/transaction.py:78
2025-11-26 16:38:49.181 20 DEBUG futurist.periodics [req-dd354f53-3ac4-433a-9023-46d8efee02da - - - - -] Periodic callback 'neutron.plugins.ml2.drivers.ovn.mech_driver.ovsdb.maintenance.DBInconsistenciesPeriodics.check_port_has_address_scope' raised 'NeverAgain' exception, stopping any further execution of it. _on_done /usr/lib/python3.9/site-packages/futurist/periodics.py:713
2025-11-26 16:38:49.181 20 DEBUG futurist.periodics [req-dd354f53-3ac4-433a-9023-46d8efee02da - - - - -] Submitting immediate callback 'neutron.plugins.ml2.drivers.ovn.mech_driver.ovsdb.maintenance.DBInconsistenciesPeriodics.check_provider_distributed_ports' _process_immediates /usr/lib/python3.9/site-packages/futurist/periodics.py:676
2025-11-26 16:38:49.208 20 DEBUG futurist.periodics [req-dd354f53-3ac4-433a-9023-46d8efee02da - - - - -] Periodic callback 'neutron.plugins.ml2.drivers.ovn.mech_driver.ovsdb.maintenance.DBInconsistenciesPeriodics.check_provider_distributed_ports' raised 'NeverAgain' exception, stopping any further execution of it. _on_done /usr/lib/python3.9/site-packages/futurist/periodics.py:713
2025-11-26 16:38:49.209 20 DEBUG futurist.periodics [req-dd354f53-3ac4-433a-9023-46d8efee02da - - - - -] Submitting immediate callback 'neutron.plugins.ml2.drivers.ovn.mech_driver.ovsdb.maintenance.DBInconsistenciesPeriodics.check_redirect_type_router_gateway_ports' _process_immediates /usr/lib/python3.9/site-packages/futurist/periodics.py:676
2025-11-26 16:38:49.224 20 DEBUG futurist.periodics [req-dd354f53-3ac4-433a-9023-46d8efee02da - - - - -] Periodic callback 'neutron.plugins.ml2.drivers.ovn.mech_driver.ovsdb.maintenance.DBInconsistenciesPeriodics.check_redirect_type_router_gateway_ports' raised 'NeverAgain' exception, stopping any further execution of it. _on_done /usr/lib/python3.9/site-packages/futurist/periodics.py:713
2025-11-26 16:38:49.225 20 DEBUG futurist.periodics [req-dd354f53-3ac4-433a-9023-46d8efee02da - - - - -] Submitting immediate callback 'neutron.plugins.ml2.drivers.ovn.mech_driver.ovsdb.maintenance.DBInconsistenciesPeriodics.check_router_mac_binding_options' _process_immediates /usr/lib/python3.9/site-packages/futurist/periodics.py:676
2025-11-26 16:38:49.225 20 DEBUG futurist.periodics [req-dd354f53-3ac4-433a-9023-46d8efee02da - - - - -] Periodic callback 'neutron.plugins.ml2.drivers.ovn.mech_driver.ovsdb.maintenance.DBInconsistenciesPeriodics.check_router_mac_binding_options' raised 'NeverAgain' exception, stopping any further execution of it. _on_done /usr/lib/python3.9/site-packages/futurist/periodics.py:713
2025-11-26 16:38:49.225 20 DEBUG futurist.periodics [req-dd354f53-3ac4-433a-9023-46d8efee02da - - - - -] Submitting immediate callback 'neutron.plugins.ml2.drivers.ovn.mech_driver.ovsdb.maintenance.DBInconsistenciesPeriodics.cleanup_old_hash_ring_nodes' _process_immediates /usr/lib/python3.9/site-packages/futurist/periodics.py:676
2025-11-26 16:38:49.228 20 INFO neutron.db.ovn_hash_ring_db [req-dd354f53-3ac4-433a-9023-46d8efee02da - - - - -] Cleaned up Hash Ring nodes older than 5 days
2025-11-26 16:38:49.228 20 DEBUG futurist.periodics [req-dd354f53-3ac4-433a-9023-46d8efee02da - - - - -] Submitting immediate callback 'neutron.plugins.ml2.drivers.ovn.mech_driver.ovsdb.maintenance.DBInconsistenciesPeriodics.configure_nb_global' _process_immediates /usr/lib/python3.9/site-packages/futurist/periodics.py:676
2025-11-26 16:38:49.228 20 DEBUG neutron.plugins.ml2.drivers.ovn.mech_driver.ovsdb.impl_idl_ovn [req-dd354f53-3ac4-433a-9023-46d8efee02da - - - - -] Setting NB_Global options: {'ignore_lsp_down': 'false', 'mac_binding_removal_limit': '0', 'fdb_removal_limit': '0'} set_nb_global_options /usr/lib/python3.9/site-packages/neutron/plugins/ml2/drivers/ovn/mech_driver/ovsdb/impl_idl_ovn.py:854
2025-11-26 16:38:49.229 20 DEBUG ovsdbapp.backend.ovs_idl.transaction [-] Running txn n=1 command(idx=0): DbSetCommand(_result=None, table=NB_Global, record=., col_values=dict_items([('options', {'ignore_lsp_down': 'false', 'mac_binding_removal_limit': '0', 'fdb_removal_limit': '0'})]), if_exists=True) do_commit /usr/lib/python3.9/site-packages/ovsdbapp/backend/ovs_idl/transaction.py:89
2025-11-26 16:38:49.233 16 DEBUG neutron.plugins.ml2.drivers.ovn.mech_driver.ovsdb.ovsdb_monitor [-] Hash Ring: Node f014b69f-ec91-4e17-a05c-1e514af280c4 (host: standalone.ooo.test) handling event "update" for row 8b65a798-3d40-4f8e-b7d9-feef921cdbb9 (table: NB_Global) notify /usr/lib/python3.9/site-packages/neutron/plugins/ml2/drivers/ovn/mech_driver/ovsdb/ovsdb_monitor.py:791
2025-11-26 16:38:49.236 20 DEBUG futurist.periodics [req-dd354f53-3ac4-433a-9023-46d8efee02da - - - - -] Periodic callback 'neutron.plugins.ml2.drivers.ovn.mech_driver.ovsdb.maintenance.DBInconsistenciesPeriodics.configure_nb_global' raised 'NeverAgain' exception, stopping any further execution of it. _on_done /usr/lib/python3.9/site-packages/futurist/periodics.py:713
2025-11-26 16:38:49.236 20 DEBUG futurist.periodics [req-dd354f53-3ac4-433a-9023-46d8efee02da - - - - -] Submitting immediate callback 'neutron.plugins.ml2.drivers.ovn.mech_driver.ovsdb.maintenance.DBInconsistenciesPeriodics.create_router_extra_attributes_registers' _process_immediates /usr/lib/python3.9/site-packages/futurist/periodics.py:676
2025-11-26 16:38:49.272 20 DEBUG futurist.periodics [req-dd354f53-3ac4-433a-9023-46d8efee02da - - - - -] Periodic callback 'neutron.plugins.ml2.drivers.ovn.mech_driver.ovsdb.maintenance.DBInconsistenciesPeriodics.create_router_extra_attributes_registers' raised 'NeverAgain' exception, stopping any further execution of it. _on_done /usr/lib/python3.9/site-packages/futurist/periodics.py:713
2025-11-26 16:38:49.273 20 DEBUG futurist.periodics [req-dd354f53-3ac4-433a-9023-46d8efee02da - - - - -] Submitting immediate callback 'neutron.plugins.ml2.drivers.ovn.mech_driver.ovsdb.maintenance.DBInconsistenciesPeriodics.migrate_to_port_groups' _process_immediates /usr/lib/python3.9/site-packages/futurist/periodics.py:676
2025-11-26 16:38:49.273 20 DEBUG futurist.periodics [req-dd354f53-3ac4-433a-9023-46d8efee02da - - - - -] Periodic callback 'neutron.plugins.ml2.drivers.ovn.mech_driver.ovsdb.maintenance.DBInconsistenciesPeriodics.migrate_to_port_groups' raised 'NeverAgain' exception, stopping any further execution of it. _on_done /usr/lib/python3.9/site-packages/futurist/periodics.py:713
2025-11-26 16:38:49.273 20 DEBUG futurist.periodics [req-dd354f53-3ac4-433a-9023-46d8efee02da - - - - -] Submitting immediate callback 'neutron.plugins.ml2.drivers.ovn.mech_driver.ovsdb.maintenance.DBInconsistenciesPeriodics.remove_duplicated_chassis_registers' _process_immediates /usr/lib/python3.9/site-packages/futurist/periodics.py:676
2025-11-26 16:38:49.273 20 DEBUG futurist.periodics [req-dd354f53-3ac4-433a-9023-46d8efee02da - - - - -] Submitting immediate callback 'neutron.plugins.ml2.drivers.ovn.mech_driver.ovsdb.maintenance.DBInconsistenciesPeriodics.remove_invalid_gateway_chassis_from_unbound_lrp' _process_immediates /usr/lib/python3.9/site-packages/futurist/periodics.py:676
2025-11-26 16:38:49.274 20 DEBUG ovsdbapp.backend.ovs_idl.transaction [-] There are no commands to commit do_commit /usr/lib/python3.9/site-packages/ovsdbapp/backend/ovs_idl/transaction.py:78
2025-11-26 16:38:49.274 20 DEBUG futurist.periodics [req-dd354f53-3ac4-433a-9023-46d8efee02da - - - - -] Periodic callback 'neutron.plugins.ml2.drivers.ovn.mech_driver.ovsdb.maintenance.DBInconsistenciesPeriodics.remove_invalid_gateway_chassis_from_unbound_lrp' raised 'NeverAgain' exception, stopping any further execution of it. _on_done /usr/lib/python3.9/site-packages/futurist/periodics.py:713
