Nov 25 10:46:08 standalone proxy-server[123406]: 172.18.0.2 ::1 25/Nov/2025/10/46/08 GET /v1/AUTH_1781ba1921f84bf3bb1f6c4b33b719e2/gnocchi.7316e571-c4e7-42b9-99da-342c87f6e50b%3Fformat%3Djson%26states%3Dlisting HTTP/1.0 200 - python-swiftclient-3.11.1 gAAAAABpJYitZHZa... - 2 - txacaaa8b8c56f4b1db1b5f-00692588f0 - 0.0312 - - 1764067568.967186213 1764067568.998364925 0
Nov 25 10:46:09 standalone object-server[121431]: 172.20.0.100 - - [25/Nov/2025:10:46:09 +0000] "GET /d1/836/AUTH_1781ba1921f84bf3bb1f6c4b33b719e2/gnocchi.7316e571-c4e7-42b9-99da-342c87f6e50b/1763640000.0_mean_300.0_v3" 404 70 "GET http://localhost:8080/v1/AUTH_1781ba1921f84bf3bb1f6c4b33b719e2/gnocchi.7316e571-c4e7-42b9-99da-342c87f6e50b/1763640000.0_mean_300.0_v3" "tx50264acfac32471480521-00692588f1" "proxy-server 21" 0.0007 "-" 23 0
Nov 25 10:46:09 standalone proxy-server[123406]: 172.18.0.2 ::1 25/Nov/2025/10/46/09 GET /v1/AUTH_1781ba1921f84bf3bb1f6c4b33b719e2/gnocchi.7316e571-c4e7-42b9-99da-342c87f6e50b/1763640000.0_mean_300.0_v3 HTTP/1.0 404 - python-swiftclient-3.11.1 gAAAAABpJYitZHZa... - 70 - tx50264acfac32471480521-00692588f1 - 0.0166 - - 1764067569.006860256 1764067569.023425817 0
Nov 25 10:46:09 standalone container-server[121286]: 172.20.0.100 - - [25/Nov/2025:10:46:09 +0000] "PUT /d1/72/AUTH_1781ba1921f84bf3bb1f6c4b33b719e2/gnocchi.7316e571-c4e7-42b9-99da-342c87f6e50b/1763640000.0_mean_300.0_v3" 201 - "PUT http://localhost:8080/d1/836/AUTH_1781ba1921f84bf3bb1f6c4b33b719e2/gnocchi.7316e571-c4e7-42b9-99da-342c87f6e50b/1763640000.0_mean_300.0_v3" "txe2261dd60f8342c8bb3ca-00692588f1" "object-server 24" 0.0010 "-" 23 0
Nov 25 10:46:09 standalone object-server[121432]: 172.20.0.100 - - [25/Nov/2025:10:46:09 +0000] "PUT /d1/836/AUTH_1781ba1921f84bf3bb1f6c4b33b719e2/gnocchi.7316e571-c4e7-42b9-99da-342c87f6e50b/1763640000.0_mean_300.0_v3" 201 - "PUT http://localhost:8080/v1/AUTH_1781ba1921f84bf3bb1f6c4b33b719e2/gnocchi.7316e571-c4e7-42b9-99da-342c87f6e50b/1763640000.0_mean_300.0_v3" "txe2261dd60f8342c8bb3ca-00692588f1" "proxy-server 21" 0.0150 "-" 24 0
Nov 25 10:46:09 standalone proxy-server[123406]: 172.18.0.2 ::1 25/Nov/2025/10/46/09 PUT /v1/AUTH_1781ba1921f84bf3bb1f6c4b33b719e2/gnocchi.7316e571-c4e7-42b9-99da-342c87f6e50b/1763640000.0_mean_300.0_v3 HTTP/1.0 201 - python-swiftclient-3.11.1 gAAAAABpJYitZHZa... 16 - - txe2261dd60f8342c8bb3ca-00692588f1 - 0.0259 - - 1764067569.029785395 1764067569.055681467 0
Nov 25 10:46:09 standalone container-server[121267]: 172.20.0.100 - - [25/Nov/2025:10:46:09 +0000] "PUT /d1/72/AUTH_1781ba1921f84bf3bb1f6c4b33b719e2/gnocchi.7316e571-c4e7-42b9-99da-342c87f6e50b/none_v3" 201 - "PUT http://localhost:8080/d1/861/AUTH_1781ba1921f84bf3bb1f6c4b33b719e2/gnocchi.7316e571-c4e7-42b9-99da-342c87f6e50b/none_v3" "tx092149389cf147c4bf20f-00692588f1" "object-server 25" 0.0008 "-" 20 0
Nov 25 10:46:09 standalone object-server[121433]: 172.20.0.100 - - [25/Nov/2025:10:46:09 +0000] "PUT /d1/861/AUTH_1781ba1921f84bf3bb1f6c4b33b719e2/gnocchi.7316e571-c4e7-42b9-99da-342c87f6e50b/none_v3" 201 - "PUT http://localhost:8080/v1/AUTH_1781ba1921f84bf3bb1f6c4b33b719e2/gnocchi.7316e571-c4e7-42b9-99da-342c87f6e50b/none_v3" "tx092149389cf147c4bf20f-00692588f1" "proxy-server 21" 0.0104 "-" 25 0
Nov 25 10:46:09 standalone proxy-server[123406]: 172.18.0.2 ::1 25/Nov/2025/10/46/09 PUT /v1/AUTH_1781ba1921f84bf3bb1f6c4b33b719e2/gnocchi.7316e571-c4e7-42b9-99da-342c87f6e50b/none_v3 HTTP/1.0 201 - python-swiftclient-3.11.1 gAAAAABpJYitZHZa... 22 - - tx092149389cf147c4bf20f-00692588f1 - 0.0195 - - 1764067569.062124252 1764067569.081662416 0
Nov 25 10:46:09 standalone container-server[121277]: 172.20.0.100 - - [25/Nov/2025:10:46:09 +0000] "HEAD /d1/616/AUTH_1781ba1921f84bf3bb1f6c4b33b719e2/gnocchi.82964ef1-5c6d-4d36-96bc-f1f9ebfaae89" 404 - "HEAD http://localhost:8080/v1/AUTH_1781ba1921f84bf3bb1f6c4b33b719e2/gnocchi.82964ef1-5c6d-4d36-96bc-f1f9ebfaae89?format=json&states=listing" "txf4b9e8bfd8444b3b9be11-00692588f1" "proxy-server 21" 0.0006 "-" 21 0
Nov 25 10:46:09 standalone object-server[121433]: 172.20.0.100 - - [25/Nov/2025:10:46:09 +0000] "GET /d1/162/AUTH_1781ba1921f84bf3bb1f6c4b33b719e2/gnocchi.82964ef1-5c6d-4d36-96bc-f1f9ebfaae89/none_v3" 404 70 "GET http://localhost:8080/v1/AUTH_1781ba1921f84bf3bb1f6c4b33b719e2/gnocchi.82964ef1-5c6d-4d36-96bc-f1f9ebfaae89/none_v3" "txf4b9e8bfd8444b3b9be11-00692588f1" "proxy-server 21" 0.0003 "-" 25 0
Nov 25 10:46:09 standalone proxy-server[123406]: 172.18.0.2 ::1 25/Nov/2025/10/46/09 GET /v1/AUTH_1781ba1921f84bf3bb1f6c4b33b719e2/gnocchi.82964ef1-5c6d-4d36-96bc-f1f9ebfaae89/none_v3 HTTP/1.0 404 - python-swiftclient-3.11.1 gAAAAABpJYitZHZa... - 70 - txf4b9e8bfd8444b3b9be11-00692588f1 - 0.0223 - - 1764067569.100331068 1764067569.122660875 0
Nov 25 10:46:09 standalone account-server[121250]: 172.20.0.100 - - [25/Nov/2025:10:46:09 +0000] "PUT /d1/755/AUTH_1781ba1921f84bf3bb1f6c4b33b719e2/gnocchi.82964ef1-5c6d-4d36-96bc-f1f9ebfaae89" 201 - "PUT http://172.20.0.100:6001/d1/616/AUTH_1781ba1921f84bf3bb1f6c4b33b719e2/gnocchi.82964ef1-5c6d-4d36-96bc-f1f9ebfaae89" "tx2a5695dbac344dd883c1b-00692588f1" "container-server 20" 0.0092 "-" 17 0
Nov 25 10:46:09 standalone container-server[121267]: 172.20.0.100 - - [25/Nov/2025:10:46:09 +0000] "PUT /d1/616/AUTH_1781ba1921f84bf3bb1f6c4b33b719e2/gnocchi.82964ef1-5c6d-4d36-96bc-f1f9ebfaae89" 201 - "PUT http://localhost:8080/v1/AUTH_1781ba1921f84bf3bb1f6c4b33b719e2/gnocchi.82964ef1-5c6d-4d36-96bc-f1f9ebfaae89" "tx2a5695dbac344dd883c1b-00692588f1" "proxy-server 21" 0.0214 "-" 20 0
Nov 25 10:46:09 standalone proxy-server[123406]: 172.18.0.2 ::1 25/Nov/2025/10/46/09 PUT /v1/AUTH_1781ba1921f84bf3bb1f6c4b33b719e2/gnocchi.82964ef1-5c6d-4d36-96bc-f1f9ebfaae89 HTTP/1.0 201 - python-swiftclient-3.11.1 gAAAAABpJYitZHZa... - - - tx2a5695dbac344dd883c1b-00692588f1 - 0.0310 - - 1764067569.131735563 1764067569.162744522 0
Nov 25 10:46:09 standalone container-server[121277]: 172.20.0.100 - - [25/Nov/2025:10:46:09 +0000] "HEAD /d1/616/AUTH_1781ba1921f84bf3bb1f6c4b33b719e2/gnocchi.82964ef1-5c6d-4d36-96bc-f1f9ebfaae89" 204 - "HEAD http://localhost:8080/v1/AUTH_1781ba1921f84bf3bb1f6c4b33b719e2/gnocchi.82964ef1-5c6d-4d36-96bc-f1f9ebfaae89?format=json&states=listing" "txbdac3a7c2f8b42e79e079-00692588f1" "proxy-server 21" 0.0039 "-" 21 0
Nov 25 10:46:09 standalone proxy-server[123406]: - - 25/Nov/2025/10/46/09 HEAD /v1/AUTH_1781ba1921f84bf3bb1f6c4b33b719e2/gnocchi.82964ef1-5c6d-4d36-96bc-f1f9ebfaae89%3Fformat%3Djson%26states%3Dlisting HTTP/1.0 204 - Swift - - - - txbdac3a7c2f8b42e79e079-00692588f1 - 0.0112 RL - 1764067569.173123598 1764067569.184282780 0
Nov 25 10:46:09 standalone container-server[121277]: 172.20.0.100 - - [25/Nov/2025:10:46:09 +0000] "GET /d1/616/AUTH_1781ba1921f84bf3bb1f6c4b33b719e2/gnocchi.82964ef1-5c6d-4d36-96bc-f1f9ebfaae89" 200 2 "GET http://localhost:8080/v1/AUTH_1781ba1921f84bf3bb1f6c4b33b719e2/gnocchi.82964ef1-5c6d-4d36-96bc-f1f9ebfaae89?format=json&states=listing" "txbdac3a7c2f8b42e79e079-00692588f1" "proxy-server 21" 0.0047 "-" 21 0
Nov 25 10:46:09 standalone proxy-server[123406]: 172.18.0.2 ::1 25/Nov/2025/10/46/09 GET /v1/AUTH_1781ba1921f84bf3bb1f6c4b33b719e2/gnocchi.82964ef1-5c6d-4d36-96bc-f1f9ebfaae89%3Fformat%3Djson%26states%3Dlisting HTTP/1.0 200 - python-swiftclient-3.11.1 gAAAAABpJYitZHZa... - 2 - txbdac3a7c2f8b42e79e079-00692588f1 - 0.0277 - - 1764067569.171416044 1764067569.199067354 0
Nov 25 10:46:09 standalone object-server[121432]: 172.20.0.100 - - [25/Nov/2025:10:46:09 +0000] "GET /d1/122/AUTH_1781ba1921f84bf3bb1f6c4b33b719e2/gnocchi.82964ef1-5c6d-4d36-96bc-f1f9ebfaae89/1763640000.0_mean_300.0_v3" 404 70 "GET http://localhost:8080/v1/AUTH_1781ba1921f84bf3bb1f6c4b33b719e2/gnocchi.82964ef1-5c6d-4d36-96bc-f1f9ebfaae89/1763640000.0_mean_300.0_v3" "txf44b79f9f1984b9ab0d17-00692588f1" "proxy-server 21" 0.0008 "-" 24 0
Nov 25 10:46:09 standalone proxy-server[123406]: 172.18.0.2 ::1 25/Nov/2025/10/46/09 GET /v1/AUTH_1781ba1921f84bf3bb1f6c4b33b719e2/gnocchi.82964ef1-5c6d-4d36-96bc-f1f9ebfaae89/1763640000.0_mean_300.0_v3 HTTP/1.0 404 - python-swiftclient-3.11.1 gAAAAABpJYitZHZa... - 70 - txf44b79f9f1984b9ab0d17-00692588f1 - 0.0169 - - 1764067569.209023952 1764067569.225923538 0
Nov 25 10:46:09 standalone container-server[121277]: 172.20.0.100 - - [25/Nov/2025:10:46:09 +0000] "PUT /d1/616/AUTH_1781ba1921f84bf3bb1f6c4b33b719e2/gnocchi.82964ef1-5c6d-4d36-96bc-f1f9ebfaae89/1763640000.0_mean_300.0_v3" 201 - "PUT http://localhost:8080/d1/122/AUTH_1781ba1921f84bf3bb1f6c4b33b719e2/gnocchi.82964ef1-5c6d-4d36-96bc-f1f9ebfaae89/1763640000.0_mean_300.0_v3" "tx8f205c6f75734baf8341d-00692588f1" "object-server 22" 0.0010 "-" 21 0
Nov 25 10:46:09 standalone object-server[121429]: 172.20.0.100 - - [25/Nov/2025:10:46:09 +0000] "PUT /d1/122/AUTH_1781ba1921f84bf3bb1f6c4b33b719e2/gnocchi.82964ef1-5c6d-4d36-96bc-f1f9ebfaae89/1763640000.0_mean_300.0_v3" 201 - "PUT http://localhost:8080/v1/AUTH_1781ba1921f84bf3bb1f6c4b33b719e2/gnocchi.82964ef1-5c6d-4d36-96bc-f1f9ebfaae89/1763640000.0_mean_300.0_v3" "tx8f205c6f75734baf8341d-00692588f1" "proxy-server 21" 0.0128 "-" 22 0
Nov 25 10:46:09 standalone proxy-server[123406]: 172.18.0.2 ::1 25/Nov/2025/10/46/09 PUT /v1/AUTH_1781ba1921f84bf3bb1f6c4b33b719e2/gnocchi.82964ef1-5c6d-4d36-96bc-f1f9ebfaae89/1763640000.0_mean_300.0_v3 HTTP/1.0 201 - python-swiftclient-3.11.1 gAAAAABpJYitZHZa... 16 - - tx8f205c6f75734baf8341d-00692588f1 - 0.0248 - - 1764067569.230628252 1764067569.255474329 0
Nov 25 10:46:09 standalone container-server[121277]: 172.20.0.100 - - [25/Nov/2025:10:46:09 +0000] "PUT /d1/616/AUTH_1781ba1921f84bf3bb1f6c4b33b719e2/gnocchi.82964ef1-5c6d-4d36-96bc-f1f9ebfaae89/none_v3" 201 - "PUT http://localhost:8080/d1/162/AUTH_1781ba1921f84bf3bb1f6c4b33b719e2/gnocchi.82964ef1-5c6d-4d36-96bc-f1f9ebfaae89/none_v3" "tx5af4a88e84da45639d7cd-00692588f1" "object-server 24" 0.0008 "-" 21 0
Nov 25 10:46:09 standalone object-server[121432]: 172.20.0.100 - - [25/Nov/2025:10:46:09 +0000] "PUT /d1/162/AUTH_1781ba1921f84bf3bb1f6c4b33b719e2/gnocchi.82964ef1-5c6d-4d36-96bc-f1f9ebfaae89/none_v3" 201 - "PUT http://localhost:8080/v1/AUTH_1781ba1921f84bf3bb1f6c4b33b719e2/gnocchi.82964ef1-5c6d-4d36-96bc-f1f9ebfaae89/none_v3" "tx5af4a88e84da45639d7cd-00692588f1" "proxy-server 21" 0.0124 "-" 24 0
Nov 25 10:46:09 standalone proxy-server[123406]: 172.18.0.2 ::1 25/Nov/2025/10/46/09 PUT /v1/AUTH_1781ba1921f84bf3bb1f6c4b33b719e2/gnocchi.82964ef1-5c6d-4d36-96bc-f1f9ebfaae89/none_v3 HTTP/1.0 201 - python-swiftclient-3.11.1 gAAAAABpJYitZHZa... 22 - - tx5af4a88e84da45639d7cd-00692588f1 - 0.0256 - - 1764067569.260435343 1764067569.285996199 0
Nov 25 10:46:09 standalone container-server[121286]: 172.20.0.100 - - [25/Nov/2025:10:46:09 +0000] "HEAD /d1/144/AUTH_1781ba1921f84bf3bb1f6c4b33b719e2/gnocchi.ff8ca73a-22e2-403c-aa5e-4def623a8337" 404 - "HEAD http://localhost:8080/v1/AUTH_1781ba1921f84bf3bb1f6c4b33b719e2/gnocchi.ff8ca73a-22e2-403c-aa5e-4def623a8337?format=json&states=listing" "txef3c9676a2e24b8493671-00692588f1" "proxy-server 21" 0.0005 "-" 23 0
Nov 25 10:46:09 standalone object-server[121432]: 172.20.0.100 - - [25/Nov/2025:10:46:09 +0000] "GET /d1/121/AUTH_1781ba1921f84bf3bb1f6c4b33b719e2/gnocchi.ff8ca73a-22e2-403c-aa5e-4def623a8337/none_v3" 404 70 "GET http://localhost:8080/v1/AUTH_1781ba1921f84bf3bb1f6c4b33b719e2/gnocchi.ff8ca73a-22e2-403c-aa5e-4def623a8337/none_v3" "txef3c9676a2e24b8493671-00692588f1" "proxy-server 21" 0.0004 "-" 24 0
Nov 25 10:46:09 standalone proxy-server[123406]: 172.18.0.2 ::1 25/Nov/2025/10/46/09 GET /v1/AUTH_1781ba1921f84bf3bb1f6c4b33b719e2/gnocchi.ff8ca73a-22e2-403c-aa5e-4def623a8337/none_v3 HTTP/1.0 404 - python-swiftclient-3.11.1 gAAAAABpJYitZHZa... - 70 - txef3c9676a2e24b8493671-00692588f1 - 0.0159 - - 1764067569.301422834 1764067569.317368031 0
Nov 25 10:46:09 standalone account-server[121237]: 172.20.0.100 - - [25/Nov/2025:10:46:09 +0000] "PUT /d1/755/AUTH_1781ba1921f84bf3bb1f6c4b33b719e2/gnocchi.ff8ca73a-22e2-403c-aa5e-4def623a8337" 201 - "PUT http://172.20.0.100:6001/d1/144/AUTH_1781ba1921f84bf3bb1f6c4b33b719e2/gnocchi.ff8ca73a-22e2-403c-aa5e-4def623a8337" "txb7170b3d75154d5f93018-00692588f1" "container-server 21" 0.0062 "-" 14 0
Nov 25 10:46:09 standalone container-server[121277]: 172.20.0.100 - - [25/Nov/2025:10:46:09 +0000] "PUT /d1/144/AUTH_1781ba1921f84bf3bb1f6c4b33b719e2/gnocchi.ff8ca73a-22e2-403c-aa5e-4def623a8337" 201 - "PUT http://localhost:8080/v1/AUTH_1781ba1921f84bf3bb1f6c4b33b719e2/gnocchi.ff8ca73a-22e2-403c-aa5e-4def623a8337" "txb7170b3d75154d5f93018-00692588f1" "proxy-server 21" 0.0255 "-" 21 0
Nov 25 10:46:09 standalone proxy-server[123406]: 172.18.0.2 ::1 25/Nov/2025/10/46/09 PUT /v1/AUTH_1781ba1921f84bf3bb1f6c4b33b719e2/gnocchi.ff8ca73a-22e2-403c-aa5e-4def623a8337 HTTP/1.0 201 - python-swiftclient-3.11.1 gAAAAABpJYitZHZa... - - - txb7170b3d75154d5f93018-00692588f1 - 0.0339 - - 1764067569.324102640 1764067569.358003378 0
Nov 25 10:46:09 standalone container-server[121286]: 172.20.0.100 - - [25/Nov/2025:10:46:09 +0000] "HEAD /d1/144/AUTH_1781ba1921f84bf3bb1f6c4b33b719e2/gnocchi.ff8ca73a-22e2-403c-aa5e-4def623a8337" 204 - "HEAD http://localhost:8080/v1/AUTH_1781ba1921f84bf3bb1f6c4b33b719e2/gnocchi.ff8ca73a-22e2-403c-aa5e-4def623a8337?format=json&states=listing" "txd8b02e3b4d224dcc9d6ea-00692588f1" "proxy-server 21" 0.0033 "-" 23 0
Nov 25 10:46:09 standalone proxy-server[123406]: - - 25/Nov/2025/10/46/09 HEAD /v1/AUTH_1781ba1921f84bf3bb1f6c4b33b719e2/gnocchi.ff8ca73a-22e2-403c-aa5e-4def623a8337%3Fformat%3Djson%26states%3Dlisting HTTP/1.0 204 - Swift - - - - txd8b02e3b4d224dcc9d6ea-00692588f1 - 0.0102 RL - 1764067569.367481232 1764067569.377663136 0
Nov 25 10:46:09 standalone container-server[121277]: 172.20.0.100 - - [25/Nov/2025:10:46:09 +0000] "GET /d1/144/AUTH_1781ba1921f84bf3bb1f6c4b33b719e2/gnocchi.ff8ca73a-22e2-403c-aa5e-4def623a8337" 200 2 "GET http://localhost:8080/v1/AUTH_1781ba1921f84bf3bb1f6c4b33b719e2/gnocchi.ff8ca73a-22e2-403c-aa5e-4def623a8337?format=json&states=listing" "txd8b02e3b4d224dcc9d6ea-00692588f1" "proxy-server 21" 0.0040 "-" 21 0
Nov 25 10:46:09 standalone proxy-server[123406]: 172.18.0.2 ::1 25/Nov/2025/10/46/09 GET /v1/AUTH_1781ba1921f84bf3bb1f6c4b33b719e2/gnocchi.ff8ca73a-22e2-403c-aa5e-4def623a8337%3Fformat%3Djson%26states%3Dlisting HTTP/1.0 200 - python-swiftclient-3.11.1 gAAAAABpJYitZHZa... - 2 - txd8b02e3b4d224dcc9d6ea-00692588f1 - 0.0278 - - 1764067569.365417480 1764067569.393247843 0
Nov 25 10:46:09 standalone object-server[121433]: 172.20.0.100 - - [25/Nov/2025:10:46:09 +0000] "GET /d1/926/AUTH_1781ba1921f84bf3bb1f6c4b33b719e2/gnocchi.ff8ca73a-22e2-403c-aa5e-4def623a8337/1763640000.0_mean_300.0_v3" 404 70 "GET http://localhost:8080/v1/AUTH_1781ba1921f84bf3bb1f6c4b33b719e2/gnocchi.ff8ca73a-22e2-403c-aa5e-4def623a8337/1763640000.0_mean_300.0_v3" "tx5fc5bc1278ce4c63988e1-00692588f1" "proxy-server 21" 0.0004 "-" 25 0
Nov 25 10:46:09 standalone proxy-server[123406]: 172.18.0.2 ::1 25/Nov/2025/10/46/09 GET /v1/AUTH_1781ba1921f84bf3bb1f6c4b33b719e2/gnocchi.ff8ca73a-22e2-403c-aa5e-4def623a8337/1763640000.0_mean_300.0_v3 HTTP/1.0 404 - python-swiftclient-3.11.1 gAAAAABpJYitZHZa... - 70 - tx5fc5bc1278ce4c63988e1-00692588f1 - 0.0155 - - 1764067569.401281357 1764067569.416782379 0
Nov 25 10:46:09 standalone container-server[121277]: 172.20.0.100 - - [25/Nov/2025:10:46:09 +0000] "PUT /d1/144/AUTH_1781ba1921f84bf3bb1f6c4b33b719e2/gnocchi.ff8ca73a-22e2-403c-aa5e-4def623a8337/1763640000.0_mean_300.0_v3" 201 - "PUT http://localhost:8080/d1/926/AUTH_1781ba1921f84bf3bb1f6c4b33b719e2/gnocchi.ff8ca73a-22e2-403c-aa5e-4def623a8337/1763640000.0_mean_300.0_v3" "tx2625e7e72d0645979a23c-00692588f1" "object-server 23" 0.0013 "-" 21 0
Nov 25 10:46:09 standalone object-server[121431]: 172.20.0.100 - - [25/Nov/2025:10:46:09 +0000] "PUT /d1/926/AUTH_1781ba1921f84bf3bb1f6c4b33b719e2/gnocchi.ff8ca73a-22e2-403c-aa5e-4def623a8337/1763640000.0_mean_300.0_v3" 201 - "PUT http://localhost:8080/v1/AUTH_1781ba1921f84bf3bb1f6c4b33b719e2/gnocchi.ff8ca73a-22e2-403c-aa5e-4def623a8337/1763640000.0_mean_300.0_v3" "tx2625e7e72d0645979a23c-00692588f1" "proxy-server 21" 0.0241 "-" 23 0
Nov 25 10:46:09 standalone proxy-server[123406]: 172.18.0.2 ::1 25/Nov/2025/10/46/09 PUT /v1/AUTH_1781ba1921f84bf3bb1f6c4b33b719e2/gnocchi.ff8ca73a-22e2-403c-aa5e-4def623a8337/1763640000.0_mean_300.0_v3 HTTP/1.0 201 - python-swiftclient-3.11.1 gAAAAABpJYitZHZa... 16 - - tx2625e7e72d0645979a23c-00692588f1 - 0.0379 - - 1764067569.425931931 1764067569.463876009 0
Nov 25 10:46:09 standalone container-server[121282]: 172.20.0.100 - - [25/Nov/2025:10:46:09 +0000] "PUT /d1/144/AUTH_1781ba1921f84bf3bb1f6c4b33b719e2/gnocchi.ff8ca73a-22e2-403c-aa5e-4def623a8337/none_v3" 201 - "PUT http://localhost:8080/d1/121/AUTH_1781ba1921f84bf3bb1f6c4b33b719e2/gnocchi.ff8ca73a-22e2-403c-aa5e-4def623a8337/none_v3" "tx563d7db62b0642bd9895d-00692588f1" "object-server 25" 0.0007 "-" 22 0
Nov 25 10:46:09 standalone object-server[121433]: 172.20.0.100 - - [25/Nov/2025:10:46:09 +0000] "PUT /d1/121/AUTH_1781ba1921f84bf3bb1f6c4b33b719e2/gnocchi.ff8ca73a-22e2-403c-aa5e-4def623a8337/none_v3" 201 - "PUT http://localhost:8080/v1/AUTH_1781ba1921f84bf3bb1f6c4b33b719e2/gnocchi.ff8ca73a-22e2-403c-aa5e-4def623a8337/none_v3" "tx563d7db62b0642bd9895d-00692588f1" "proxy-server 21" 0.0240 "-" 25 0
Nov 25 10:46:09 standalone proxy-server[123406]: 172.18.0.2 ::1 25/Nov/2025/10/46/09 PUT /v1/AUTH_1781ba1921f84bf3bb1f6c4b33b719e2/gnocchi.ff8ca73a-22e2-403c-aa5e-4def623a8337/none_v3 HTTP/1.0 201 - python-swiftclient-3.11.1 gAAAAABpJYitZHZa... 22 - - tx563d7db62b0642bd9895d-00692588f1 - 0.0406 - - 1764067569.468699217 1764067569.509286404 0
Nov 25 10:46:09 standalone container-server[121286]: 172.20.0.100 - - [25/Nov/2025:10:46:09 +0000] "HEAD /d1/161/AUTH_1781ba1921f84bf3bb1f6c4b33b719e2/gnocchi.2edc7ee0-6d26-4a13-83ba-48e91bbc8bbf" 404 - "HEAD http://localhost:8080/v1/AUTH_1781ba1921f84bf3bb1f6c4b33b719e2/gnocchi.2edc7ee0-6d26-4a13-83ba-48e91bbc8bbf?format=json&states=listing" "txe3ef848e3d0b41d2a4d51-00692588f1" "proxy-server 21" 0.0003 "-" 23 0
Nov 25 10:46:09 standalone object-server[121432]: 172.20.0.100 - - [25/Nov/2025:10:46:09 +0000] "GET /d1/966/AUTH_1781ba1921f84bf3bb1f6c4b33b719e2/gnocchi.2edc7ee0-6d26-4a13-83ba-48e91bbc8bbf/none_v3" 404 70 "GET http://localhost:8080/v1/AUTH_1781ba1921f84bf3bb1f6c4b33b719e2/gnocchi.2edc7ee0-6d26-4a13-83ba-48e91bbc8bbf/none_v3" "txe3ef848e3d0b41d2a4d51-00692588f1" "proxy-server 21" 0.0006 "-" 24 0
Nov 25 10:46:09 standalone proxy-server[123406]: 172.18.0.2 ::1 25/Nov/2025/10/46/09 GET /v1/AUTH_1781ba1921f84bf3bb1f6c4b33b719e2/gnocchi.2edc7ee0-6d26-4a13-83ba-48e91bbc8bbf/none_v3 HTTP/1.0 404 - python-swiftclient-3.11.1 gAAAAABpJYitZHZa... - 70 - txe3ef848e3d0b41d2a4d51-00692588f1 - 0.0107 - - 1764067569.602989197 1764067569.613730192 0
Nov 25 10:46:09 standalone account-server[121248]: 172.20.0.100 - - [25/Nov/2025:10:46:09 +0000] "PUT /d1/755/AUTH_1781ba1921f84bf3bb1f6c4b33b719e2/gnocchi.2edc7ee0-6d26-4a13-83ba-48e91bbc8bbf" 201 - "PUT http://172.20.0.100:6001/d1/161/AUTH_1781ba1921f84bf3bb1f6c4b33b719e2/gnocchi.2edc7ee0-6d26-4a13-83ba-48e91bbc8bbf" "txb0e0027a01ca49b5b3a29-00692588f1" "container-server 20" 0.0210 "-" 16 0
Nov 25 10:46:09 standalone container-server[121267]: 172.20.0.100 - - [25/Nov/2025:10:46:09 +0000] "PUT /d1/161/AUTH_1781ba1921f84bf3bb1f6c4b33b719e2/gnocchi.2edc7ee0-6d26-4a13-83ba-48e91bbc8bbf" 201 - "PUT http://localhost:8080/v1/AUTH_1781ba1921f84bf3bb1f6c4b33b719e2/gnocchi.2edc7ee0-6d26-4a13-83ba-48e91bbc8bbf" "txb0e0027a01ca49b5b3a29-00692588f1" "proxy-server 21" 0.0476 "-" 20 0
Nov 25 10:46:09 standalone proxy-server[123406]: 172.18.0.2 ::1 25/Nov/2025/10/46/09 PUT /v1/AUTH_1781ba1921f84bf3bb1f6c4b33b719e2/gnocchi.2edc7ee0-6d26-4a13-83ba-48e91bbc8bbf HTTP/1.0 201 - python-swiftclient-3.11.1 gAAAAABpJYitZHZa... - - - txb0e0027a01ca49b5b3a29-00692588f1 - 0.0624 - - 1764067569.617675304 1764067569.680080652 0
Nov 25 10:46:09 standalone container-server[121282]: 172.20.0.100 - - [25/Nov/2025:10:46:09 +0000] "HEAD /d1/161/AUTH_1781ba1921f84bf3bb1f6c4b33b719e2/gnocchi.2edc7ee0-6d26-4a13-83ba-48e91bbc8bbf" 204 - "HEAD http://localhost:8080/v1/AUTH_1781ba1921f84bf3bb1f6c4b33b719e2/gnocchi.2edc7ee0-6d26-4a13-83ba-48e91bbc8bbf?format=json&states=listing" "txfccfa0d11d6d4f5ba490f-00692588f1" "proxy-server 21" 0.0011 "-" 22 0
Nov 25 10:46:09 standalone proxy-server[123406]: - - 25/Nov/2025/10/46/09 HEAD /v1/AUTH_1781ba1921f84bf3bb1f6c4b33b719e2/gnocchi.2edc7ee0-6d26-4a13-83ba-48e91bbc8bbf%3Fformat%3Djson%26states%3Dlisting HTTP/1.0 204 - Swift - - - - txfccfa0d11d6d4f5ba490f-00692588f1 - 0.0041 RL - 1764067569.689534187 1764067569.693666220 0
Nov 25 10:46:09 standalone container-server[121277]: 172.20.0.100 - - [25/Nov/2025:10:46:09 +0000] "GET /d1/161/AUTH_1781ba1921f84bf3bb1f6c4b33b719e2/gnocchi.2edc7ee0-6d26-4a13-83ba-48e91bbc8bbf" 200 2 "GET http://localhost:8080/v1/AUTH_1781ba1921f84bf3bb1f6c4b33b719e2/gnocchi.2edc7ee0-6d26-4a13-83ba-48e91bbc8bbf?format=json&states=listing" "txfccfa0d11d6d4f5ba490f-00692588f1" "proxy-server 21" 0.0019 "-" 21 0
Nov 25 10:46:09 standalone proxy-server[123406]: 172.18.0.2 ::1 25/Nov/2025/10/46/09 GET /v1/AUTH_1781ba1921f84bf3bb1f6c4b33b719e2/gnocchi.2edc7ee0-6d26-4a13-83ba-48e91bbc8bbf%3Fformat%3Djson%26states%3Dlisting HTTP/1.0 200 - python-swiftclient-3.11.1 gAAAAABpJYitZHZa... - 2 - txfccfa0d11d6d4f5ba490f-00692588f1 - 0.0195 - - 1764067569.688592434 1764067569.708129168 0
Nov 25 10:46:09 standalone object-server[121432]: 172.20.0.100 - - [25/Nov/2025:10:46:09 +0000] "GET /d1/671/AUTH_1781ba1921f84bf3bb1f6c4b33b719e2/gnocchi.2edc7ee0-6d26-4a13-83ba-48e91bbc8bbf/1763640000.0_mean_300.0_v3" 404 70 "GET http://localhost:8080/v1/AUTH_1781ba1921f84bf3bb1f6c4b33b719e2/gnocchi.2edc7ee0-6d26-4a13-83ba-48e91bbc8bbf/1763640000.0_mean_300.0_v3" "tx167a60a7afed4245871d4-00692588f1" "proxy-server 21" 0.0004 "-" 24 0
Nov 25 10:46:09 standalone proxy-server[123406]: 172.18.0.2 ::1 25/Nov/2025/10/46/09 GET /v1/AUTH_1781ba1921f84bf3bb1f6c4b33b719e2/gnocchi.2edc7ee0-6d26-4a13-83ba-48e91bbc8bbf/1763640000.0_mean_300.0_v3 HTTP/1.0 404 - python-swiftclient-3.11.1 gAAAAABpJYitZHZa... - 70 - tx167a60a7afed4245871d4-00692588f1 - 0.0116 - - 1764067569.726376534 1764067569.737934828 0
Nov 25 10:46:09 standalone container-server[121282]: 172.20.0.100 - - [25/Nov/2025:10:46:09 +0000] "PUT /d1/161/AUTH_1781ba1921f84bf3bb1f6c4b33b719e2/gnocchi.2edc7ee0-6d26-4a13-83ba-48e91bbc8bbf/1763640000.0_mean_300.0_v3" 201 - "PUT http://localhost:8080/d1/671/AUTH_1781ba1921f84bf3bb1f6c4b33b719e2/gnocchi.2edc7ee0-6d26-4a13-83ba-48e91bbc8bbf/1763640000.0_mean_300.0_v3" "txd6e20fddaec741969f235-00692588f1" "object-server 25" 0.0005 "-" 22 0
Nov 25 10:46:09 standalone object-server[121433]: 172.20.0.100 - - [25/Nov/2025:10:46:09 +0000] "PUT /d1/671/AUTH_1781ba1921f84bf3bb1f6c4b33b719e2/gnocchi.2edc7ee0-6d26-4a13-83ba-48e91bbc8bbf/1763640000.0_mean_300.0_v3" 201 - "PUT http://localhost:8080/v1/AUTH_1781ba1921f84bf3bb1f6c4b33b719e2/gnocchi.2edc7ee0-6d26-4a13-83ba-48e91bbc8bbf/1763640000.0_mean_300.0_v3" "txd6e20fddaec741969f235-00692588f1" "proxy-server 21" 0.0118 "-" 25 0
Nov 25 10:46:09 standalone proxy-server[123406]: 172.18.0.2 ::1 25/Nov/2025/10/46/09 PUT /v1/AUTH_1781ba1921f84bf3bb1f6c4b33b719e2/gnocchi.2edc7ee0-6d26-4a13-83ba-48e91bbc8bbf/1763640000.0_mean_300.0_v3 HTTP/1.0 201 - python-swiftclient-3.11.1 gAAAAABpJYitZHZa... 16 - - txd6e20fddaec741969f235-00692588f1 - 0.0174 - - 1764067569.751275301 1764067569.768631458 0
Nov 25 10:46:09 standalone container-server[121286]: 172.20.0.100 - - [25/Nov/2025:10:46:09 +0000] "PUT /d1/161/AUTH_1781ba1921f84bf3bb1f6c4b33b719e2/gnocchi.2edc7ee0-6d26-4a13-83ba-48e91bbc8bbf/none_v3" 201 - "PUT http://localhost:8080/d1/966/AUTH_1781ba1921f84bf3bb1f6c4b33b719e2/gnocchi.2edc7ee0-6d26-4a13-83ba-48e91bbc8bbf/none_v3" "txf532f6f578294249b09c6-00692588f1" "object-server 23" 0.0006 "-" 23 0
Nov 25 10:46:09 standalone object-server[121431]: 172.20.0.100 - - [25/Nov/2025:10:46:09 +0000] "PUT /d1/966/AUTH_1781ba1921f84bf3bb1f6c4b33b719e2/gnocchi.2edc7ee0-6d26-4a13-83ba-48e91bbc8bbf/none_v3" 201 - "PUT http://localhost:8080/v1/AUTH_1781ba1921f84bf3bb1f6c4b33b719e2/gnocchi.2edc7ee0-6d26-4a13-83ba-48e91bbc8bbf/none_v3" "txf532f6f578294249b09c6-00692588f1" "proxy-server 21" 0.0135 "-" 23 0
Nov 25 10:46:09 standalone proxy-server[123406]: 172.18.0.2 ::1 25/Nov/2025/10/46/09 PUT /v1/AUTH_1781ba1921f84bf3bb1f6c4b33b719e2/gnocchi.2edc7ee0-6d26-4a13-83ba-48e91bbc8bbf/none_v3 HTTP/1.0 201 - python-swiftclient-3.11.1 gAAAAABpJYitZHZa... 22 - - txf532f6f578294249b09c6-00692588f1 - 0.0319 - - 1764067569.777133465 1764067569.808988333 0
Nov 25 10:46:09 standalone container-server[121286]: 172.20.0.100 - - [25/Nov/2025:10:46:09 +0000] "HEAD /d1/650/AUTH_1781ba1921f84bf3bb1f6c4b33b719e2/gnocchi.f3c1b344-2cd1-407e-8168-0371f9da4761" 404 - "HEAD http://localhost:8080/v1/AUTH_1781ba1921f84bf3bb1f6c4b33b719e2/gnocchi.f3c1b344-2cd1-407e-8168-0371f9da4761?format=json&states=listing" "tx55322959843744c2b0502-00692588f1" "proxy-server 21" 0.0007 "-" 23 0
Nov 25 10:46:09 standalone object-server[121431]: 172.20.0.100 - - [25/Nov/2025:10:46:09 +0000] "GET /d1/500/AUTH_1781ba1921f84bf3bb1f6c4b33b719e2/gnocchi.f3c1b344-2cd1-407e-8168-0371f9da4761/none_v3" 404 70 "GET http://localhost:8080/v1/AUTH_1781ba1921f84bf3bb1f6c4b33b719e2/gnocchi.f3c1b344-2cd1-407e-8168-0371f9da4761/none_v3" "tx55322959843744c2b0502-00692588f1" "proxy-server 21" 0.0005 "-" 23 0
Nov 25 10:46:09 standalone proxy-server[123406]: 172.18.0.2 ::1 25/Nov/2025/10/46/09 GET /v1/AUTH_1781ba1921f84bf3bb1f6c4b33b719e2/gnocchi.f3c1b344-2cd1-407e-8168-0371f9da4761/none_v3 HTTP/1.0 404 - python-swiftclient-3.11.1 gAAAAABpJYitZHZa... - 70 - tx55322959843744c2b0502-00692588f1 - 0.0281 - - 1764067569.833439827 1764067569.861552715 0
Nov 25 10:46:09 standalone account-server[121248]: 172.20.0.100 - - [25/Nov/2025:10:46:09 +0000] "PUT /d1/755/AUTH_1781ba1921f84bf3bb1f6c4b33b719e2/gnocchi.f3c1b344-2cd1-407e-8168-0371f9da4761" 201 - "PUT http://172.20.0.100:6001/d1/650/AUTH_1781ba1921f84bf3bb1f6c4b33b719e2/gnocchi.f3c1b344-2cd1-407e-8168-0371f9da4761" "tx8166b639fab6489f87542-00692588f1" "container-server 20" 0.0102 "-" 16 0
Nov 25 10:46:09 standalone container-server[121267]: 172.20.0.100 - - [25/Nov/2025:10:46:09 +0000] "PUT /d1/650/AUTH_1781ba1921f84bf3bb1f6c4b33b719e2/gnocchi.f3c1b344-2cd1-407e-8168-0371f9da4761" 201 - "PUT http://localhost:8080/v1/AUTH_1781ba1921f84bf3bb1f6c4b33b719e2/gnocchi.f3c1b344-2cd1-407e-8168-0371f9da4761" "tx8166b639fab6489f87542-00692588f1" "proxy-server 21" 0.0351 "-" 20 0
Nov 25 10:46:09 standalone proxy-server[123406]: 172.18.0.2 ::1 25/Nov/2025/10/46/09 PUT /v1/AUTH_1781ba1921f84bf3bb1f6c4b33b719e2/gnocchi.f3c1b344-2cd1-407e-8168-0371f9da4761 HTTP/1.0 201 - python-swiftclient-3.11.1 gAAAAABpJYitZHZa... - - - tx8166b639fab6489f87542-00692588f1 - 0.0401 - - 1764067569.870217562 1764067569.910359144 0
Nov 25 10:46:09 standalone container-server[121277]: 172.20.0.100 - - [25/Nov/2025:10:46:09 +0000] "HEAD /d1/650/AUTH_1781ba1921f84bf3bb1f6c4b33b719e2/gnocchi.f3c1b344-2cd1-407e-8168-0371f9da4761" 204 - "HEAD http://localhost:8080/v1/AUTH_1781ba1921f84bf3bb1f6c4b33b719e2/gnocchi.f3c1b344-2cd1-407e-8168-0371f9da4761?format=json&states=listing" "txd6815a7393e84d17b88cd-00692588f1" "proxy-server 21" 0.0015 "-" 21 0
Nov 25 10:46:09 standalone proxy-server[123406]: - - 25/Nov/2025/10/46/09 HEAD /v1/AUTH_1781ba1921f84bf3bb1f6c4b33b719e2/gnocchi.f3c1b344-2cd1-407e-8168-0371f9da4761%3Fformat%3Djson%26states%3Dlisting HTTP/1.0 204 - Swift - - - - txd6815a7393e84d17b88cd-00692588f1 - 0.0090 RL - 1764067569.923970222 1764067569.932960987 0
Nov 25 10:46:09 standalone container-server[121267]: 172.20.0.100 - - [25/Nov/2025:10:46:09 +0000] "GET /d1/650/AUTH_1781ba1921f84bf3bb1f6c4b33b719e2/gnocchi.f3c1b344-2cd1-407e-8168-0371f9da4761" 200 2 "GET http://localhost:8080/v1/AUTH_1781ba1921f84bf3bb1f6c4b33b719e2/gnocchi.f3c1b344-2cd1-407e-8168-0371f9da4761?format=json&states=listing" "txd6815a7393e84d17b88cd-00692588f1" "proxy-server 21" 0.0020 "-" 20 0
Nov 25 10:46:09 standalone proxy-server[123406]: 172.18.0.2 ::1 25/Nov/2025/10/46/09 GET /v1/AUTH_1781ba1921f84bf3bb1f6c4b33b719e2/gnocchi.f3c1b344-2cd1-407e-8168-0371f9da4761%3Fformat%3Djson%26states%3Dlisting HTTP/1.0 200 - python-swiftclient-3.11.1 gAAAAABpJYitZHZa... - 2 - txd6815a7393e84d17b88cd-00692588f1 - 0.0290 - - 1764067569.917156458 1764067569.946113110 0
Nov 25 10:46:09 standalone object-server[121429]: 172.20.0.100 - - [25/Nov/2025:10:46:09 +0000] "GET /d1/791/AUTH_1781ba1921f84bf3bb1f6c4b33b719e2/gnocchi.f3c1b344-2cd1-407e-8168-0371f9da4761/1763640000.0_mean_300.0_v3" 404 70 "GET http://localhost:8080/v1/AUTH_1781ba1921f84bf3bb1f6c4b33b719e2/gnocchi.f3c1b344-2cd1-407e-8168-0371f9da4761/1763640000.0_mean_300.0_v3" "tx425b5161d59a4de7aa315-00692588f1" "proxy-server 21" 0.0005 "-" 22 0
Nov 25 10:46:09 standalone proxy-server[123406]: 172.18.0.2 ::1 25/Nov/2025/10/46/09 GET /v1/AUTH_1781ba1921f84bf3bb1f6c4b33b719e2/gnocchi.f3c1b344-2cd1-407e-8168-0371f9da4761/1763640000.0_mean_300.0_v3 HTTP/1.0 404 - python-swiftclient-3.11.1 gAAAAABpJYitZHZa... - 70 - tx425b5161d59a4de7aa315-00692588f1 - 0.0079 - - 1764067569.953853130 1764067569.961713314 0
Nov 25 10:46:09 standalone container-server[121277]: 172.20.0.100 - - [25/Nov/2025:10:46:09 +0000] "PUT /d1/650/AUTH_1781ba1921f84bf3bb1f6c4b33b719e2/gnocchi.f3c1b344-2cd1-407e-8168-0371f9da4761/1763640000.0_mean_300.0_v3" 201 - "PUT http://localhost:8080/d1/791/AUTH_1781ba1921f84bf3bb1f6c4b33b719e2/gnocchi.f3c1b344-2cd1-407e-8168-0371f9da4761/1763640000.0_mean_300.0_v3" "tx9fdb8abe546e489e860ff-00692588f1" "object-server 23" 0.0007 "-" 21 0
Nov 25 10:46:09 standalone object-server[121431]: 172.20.0.100 - - [25/Nov/2025:10:46:09 +0000] "PUT /d1/791/AUTH_1781ba1921f84bf3bb1f6c4b33b719e2/gnocchi.f3c1b344-2cd1-407e-8168-0371f9da4761/1763640000.0_mean_300.0_v3" 201 - "PUT http://localhost:8080/v1/AUTH_1781ba1921f84bf3bb1f6c4b33b719e2/gnocchi.f3c1b344-2cd1-407e-8168-0371f9da4761/1763640000.0_mean_300.0_v3" "tx9fdb8abe546e489e860ff-00692588f1" "proxy-server 21" 0.0196 "-" 23 0
Nov 25 10:46:09 standalone proxy-server[123406]: 172.18.0.2 ::1 25/Nov/2025/10/46/09 PUT /v1/AUTH_1781ba1921f84bf3bb1f6c4b33b719e2/gnocchi.f3c1b344-2cd1-407e-8168-0371f9da4761/1763640000.0_mean_300.0_v3 HTTP/1.0 201 - python-swiftclient-3.11.1 gAAAAABpJYitZHZa... 16 - - tx9fdb8abe546e489e860ff-00692588f1 - 0.0282 - - 1764067569.964790583 1764067569.993017197 0
Nov 25 10:46:10 standalone container-server[121267]: 172.20.0.100 - - [25/Nov/2025:10:46:10 +0000] "PUT /d1/650/AUTH_1781ba1921f84bf3bb1f6c4b33b719e2/gnocchi.f3c1b344-2cd1-407e-8168-0371f9da4761/none_v3" 201 - "PUT http://localhost:8080/d1/500/AUTH_1781ba1921f84bf3bb1f6c4b33b719e2/gnocchi.f3c1b344-2cd1-407e-8168-0371f9da4761/none_v3" "txdbbda7c734ad4fe2b5b81-00692588f1" "object-server 22" 0.0007 "-" 20 0
Nov 25 10:46:10 standalone object-server[121429]: 172.20.0.100 - - [25/Nov/2025:10:46:10 +0000] "PUT /d1/500/AUTH_1781ba1921f84bf3bb1f6c4b33b719e2/gnocchi.f3c1b344-2cd1-407e-8168-0371f9da4761/none_v3" 201 - "PUT http://localhost:8080/v1/AUTH_1781ba1921f84bf3bb1f6c4b33b719e2/gnocchi.f3c1b344-2cd1-407e-8168-0371f9da4761/none_v3" "txdbbda7c734ad4fe2b5b81-00692588f1" "proxy-server 21" 0.0167 "-" 22 0
Nov 25 10:46:10 standalone proxy-server[123406]: 172.18.0.2 ::1 25/Nov/2025/10/46/10 PUT /v1/AUTH_1781ba1921f84bf3bb1f6c4b33b719e2/gnocchi.f3c1b344-2cd1-407e-8168-0371f9da4761/none_v3 HTTP/1.0 201 - python-swiftclient-3.11.1 gAAAAABpJYitZHZa... 22 - - txdbbda7c734ad4fe2b5b81-00692588f1 - 0.0287 - - 1764067569.998697519 1764067570.027414322 0
Nov 25 10:47:31 standalone object-server[121395]: Begin object update sweep
Nov 25 10:47:31 standalone object-server[221482]: Object update sweep starting on /srv/node/d1 (pid: 14)
Nov 25 10:47:31 standalone object-server[221482]: Object update sweep completed on /srv/node/d1 in 0.00s seconds:, 0 successes, 0 failures, 0 quarantines, 0 unlinks, 0 errors, 0 redirects (pid: 14)
Nov 25 10:47:31 standalone object-server[221482]: Object update sweep of d1 completed: 0.00s, 0 successes, 0 failures, 0 quarantines, 0 unlinks, 0 errors, 0 redirects
Nov 25 10:47:31 standalone object-server[121395]: Object update sweep completed: 0.09s
Nov 25 10:47:35 standalone account-server[121237]: 172.20.0.100 - - [25/Nov/2025:10:47:35 +0000] "HEAD /d1/695/.expiring_objects" 404 - "HEAD http://localhost/v1/.expiring_objects?format=json" "txbee127bbcc9541e18cafb-0069258947" "proxy-server 2" 0.0012 "-" 14 -
Nov 25 10:47:35 standalone object-expirer[121305]: Pass completed in 0s; 0 objects expired (txn: txbee127bbcc9541e18cafb-0069258947)
Nov 25 10:48:18 standalone account-server[121237]: 172.20.0.100 - - [25/Nov/2025:10:48:18 +0000] "HEAD /d1/755/AUTH_1781ba1921f84bf3bb1f6c4b33b719e2" 204 - "HEAD http://localhost:8080/v1/AUTH_1781ba1921f84bf3bb1f6c4b33b719e2?format=json" "tx258d75710fa14741ba46c-0069258972" "proxy-server 21" 0.0053 "-" 14 -
Nov 25 10:48:18 standalone proxy-server[123406]: - - 25/Nov/2025/10/48/18 HEAD /v1/AUTH_1781ba1921f84bf3bb1f6c4b33b719e2%3Fformat%3Djson HTTP/1.0 204 - Swift - - - - tx258d75710fa14741ba46c-0069258972 - 0.0100 RL - 1764067698.256390095 1764067698.266418457 -
Nov 25 10:48:18 standalone container-server[121267]: 172.20.0.100 - - [25/Nov/2025:10:48:18 +0000] "HEAD /d1/37/AUTH_1781ba1921f84bf3bb1f6c4b33b719e2/gnocchi.de197241-71d6-437e-a39f-24e9b1e77e2e" 404 - "HEAD http://localhost:8080/v1/AUTH_1781ba1921f84bf3bb1f6c4b33b719e2/gnocchi.de197241-71d6-437e-a39f-24e9b1e77e2e?format=json&states=listing" "tx258d75710fa14741ba46c-0069258972" "proxy-server 21" 0.0007 "-" 20 0
Nov 25 10:48:18 standalone object-server[121431]: 172.20.0.100 - - [25/Nov/2025:10:48:18 +0000] "GET /d1/88/AUTH_1781ba1921f84bf3bb1f6c4b33b719e2/gnocchi.de197241-71d6-437e-a39f-24e9b1e77e2e/none_v3" 404 70 "GET http://localhost:8080/v1/AUTH_1781ba1921f84bf3bb1f6c4b33b719e2/gnocchi.de197241-71d6-437e-a39f-24e9b1e77e2e/none_v3" "tx258d75710fa14741ba46c-0069258972" "proxy-server 21" 0.0005 "-" 23 0
Nov 25 10:48:18 standalone proxy-server[123406]: 172.18.0.2 ::1 25/Nov/2025/10/48/18 GET /v1/AUTH_1781ba1921f84bf3bb1f6c4b33b719e2/gnocchi.de197241-71d6-437e-a39f-24e9b1e77e2e/none_v3 HTTP/1.0 404 - python-swiftclient-3.11.1 gAAAAABpJYitZHZa... - 70 - tx258d75710fa14741ba46c-0069258972 - 0.0218 - - 1764067698.255437851 1764067698.277258396 0
Nov 25 10:48:18 standalone account-server[121237]: 172.20.0.100 - - [25/Nov/2025:10:48:18 +0000] "PUT /d1/755/AUTH_1781ba1921f84bf3bb1f6c4b33b719e2/gnocchi.de197241-71d6-437e-a39f-24e9b1e77e2e" 201 - "PUT http://172.20.0.100:6001/d1/37/AUTH_1781ba1921f84bf3bb1f6c4b33b719e2/gnocchi.de197241-71d6-437e-a39f-24e9b1e77e2e" "tx2b6f6c81bf494b6dbab58-0069258972" "container-server 21" 0.0014 "-" 14 0
Nov 25 10:48:18 standalone container-server[121277]: 172.20.0.100 - - [25/Nov/2025:10:48:18 +0000] "PUT /d1/37/AUTH_1781ba1921f84bf3bb1f6c4b33b719e2/gnocchi.de197241-71d6-437e-a39f-24e9b1e77e2e" 201 - "PUT http://localhost:8080/v1/AUTH_1781ba1921f84bf3bb1f6c4b33b719e2/gnocchi.de197241-71d6-437e-a39f-24e9b1e77e2e" "tx2b6f6c81bf494b6dbab58-0069258972" "proxy-server 21" 0.0099 "-" 21 0
Nov 25 10:48:18 standalone proxy-server[123406]: 172.18.0.2 ::1 25/Nov/2025/10/48/18 PUT /v1/AUTH_1781ba1921f84bf3bb1f6c4b33b719e2/gnocchi.de197241-71d6-437e-a39f-24e9b1e77e2e HTTP/1.0 201 - python-swiftclient-3.11.1 gAAAAABpJYitZHZa... - - - tx2b6f6c81bf494b6dbab58-0069258972 - 0.0146 - - 1764067698.280610561 1764067698.295192719 0
Nov 25 10:48:18 standalone container-server[121286]: 172.20.0.100 - - [25/Nov/2025:10:48:18 +0000] "HEAD /d1/37/AUTH_1781ba1921f84bf3bb1f6c4b33b719e2/gnocchi.de197241-71d6-437e-a39f-24e9b1e77e2e" 204 - "HEAD http://localhost:8080/v1/AUTH_1781ba1921f84bf3bb1f6c4b33b719e2/gnocchi.de197241-71d6-437e-a39f-24e9b1e77e2e?format=json&states=listing" "tx5519509402ad476e8c241-0069258972" "proxy-server 21" 0.0014 "-" 23 0
Nov 25 10:48:18 standalone proxy-server[123406]: - - 25/Nov/2025/10/48/18 HEAD /v1/AUTH_1781ba1921f84bf3bb1f6c4b33b719e2/gnocchi.de197241-71d6-437e-a39f-24e9b1e77e2e%3Fformat%3Djson%26states%3Dlisting HTTP/1.0 204 - Swift - - - - tx5519509402ad476e8c241-0069258972 - 0.0046 RL - 1764067698.299114943 1764067698.303703070 0
Nov 25 10:48:18 standalone container-server[121282]: 172.20.0.100 - - [25/Nov/2025:10:48:18 +0000] "GET /d1/37/AUTH_1781ba1921f84bf3bb1f6c4b33b719e2/gnocchi.de197241-71d6-437e-a39f-24e9b1e77e2e" 200 2 "GET http://localhost:8080/v1/AUTH_1781ba1921f84bf3bb1f6c4b33b719e2/gnocchi.de197241-71d6-437e-a39f-24e9b1e77e2e?format=json&states=listing" "tx5519509402ad476e8c241-0069258972" "proxy-server 21" 0.0018 "-" 22 0
Nov 25 10:48:18 standalone proxy-server[123406]: 172.18.0.2 ::1 25/Nov/2025/10/48/18 GET /v1/AUTH_1781ba1921f84bf3bb1f6c4b33b719e2/gnocchi.de197241-71d6-437e-a39f-24e9b1e77e2e%3Fformat%3Djson%26states%3Dlisting HTTP/1.0 200 - python-swiftclient-3.11.1 gAAAAABpJYitZHZa... - 2 - tx5519509402ad476e8c241-0069258972 - 0.0133 - - 1764067698.298086166 1764067698.311383009 0
Nov 25 10:48:18 standalone object-server[121433]: 172.20.0.100 - - [25/Nov/2025:10:48:18 +0000] "GET /d1/803/AUTH_1781ba1921f84bf3bb1f6c4b33b719e2/gnocchi.de197241-71d6-437e-a39f-24e9b1e77e2e/1763640000.0_mean_300.0_v3" 404 70 "GET http://localhost:8080/v1/AUTH_1781ba1921f84bf3bb1f6c4b33b719e2/gnocchi.de197241-71d6-437e-a39f-24e9b1e77e2e/1763640000.0_mean_300.0_v3" "txb2c92b0639114a75b419f-0069258972" "proxy-server 21" 0.0003 "-" 25 0
Nov 25 10:48:18 standalone proxy-server[123406]: 172.18.0.2 ::1 25/Nov/2025/10/48/18 GET /v1/AUTH_1781ba1921f84bf3bb1f6c4b33b719e2/gnocchi.de197241-71d6-437e-a39f-24e9b1e77e2e/1763640000.0_mean_300.0_v3 HTTP/1.0 404 - python-swiftclient-3.11.1 gAAAAABpJYitZHZa... - 70 - txb2c92b0639114a75b419f-0069258972 - 0.0048 - - 1764067698.314204693 1764067698.319038630 0
Nov 25 10:48:18 standalone container-server[121286]: 172.20.0.100 - - [25/Nov/2025:10:48:18 +0000] "PUT /d1/37/AUTH_1781ba1921f84bf3bb1f6c4b33b719e2/gnocchi.de197241-71d6-437e-a39f-24e9b1e77e2e/1763640000.0_mean_300.0_v3" 201 - "PUT http://localhost:8080/d1/803/AUTH_1781ba1921f84bf3bb1f6c4b33b719e2/gnocchi.de197241-71d6-437e-a39f-24e9b1e77e2e/1763640000.0_mean_300.0_v3" "tx17cfa317da70482eb2319-0069258972" "object-server 24" 0.0004 "-" 23 0
Nov 25 10:48:18 standalone object-server[121432]: 172.20.0.100 - - [25/Nov/2025:10:48:18 +0000] "PUT /d1/803/AUTH_1781ba1921f84bf3bb1f6c4b33b719e2/gnocchi.de197241-71d6-437e-a39f-24e9b1e77e2e/1763640000.0_mean_300.0_v3" 201 - "PUT http://localhost:8080/v1/AUTH_1781ba1921f84bf3bb1f6c4b33b719e2/gnocchi.de197241-71d6-437e-a39f-24e9b1e77e2e/1763640000.0_mean_300.0_v3" "tx17cfa317da70482eb2319-0069258972" "proxy-server 21" 0.0094 "-" 24 0
Nov 25 10:48:18 standalone proxy-server[123406]: 172.18.0.2 ::1 25/Nov/2025/10/48/18 PUT /v1/AUTH_1781ba1921f84bf3bb1f6c4b33b719e2/gnocchi.de197241-71d6-437e-a39f-24e9b1e77e2e/1763640000.0_mean_300.0_v3 HTTP/1.0 201 - python-swiftclient-3.11.1 gAAAAABpJYitZHZa... 16 - - tx17cfa317da70482eb2319-0069258972 - 0.0140 - - 1764067698.321150541 1764067698.335149288 0
Nov 25 10:48:18 standalone container-server[121282]: 172.20.0.100 - - [25/Nov/2025:10:48:18 +0000] "PUT /d1/37/AUTH_1781ba1921f84bf3bb1f6c4b33b719e2/gnocchi.de197241-71d6-437e-a39f-24e9b1e77e2e/none_v3" 201 - "PUT http://localhost:8080/d1/88/AUTH_1781ba1921f84bf3bb1f6c4b33b719e2/gnocchi.de197241-71d6-437e-a39f-24e9b1e77e2e/none_v3" "tx97b7739cdca44085bdc7e-0069258972" "object-server 22" 0.0005 "-" 22 0
Nov 25 10:48:18 standalone object-server[121429]: 172.20.0.100 - - [25/Nov/2025:10:48:18 +0000] "PUT /d1/88/AUTH_1781ba1921f84bf3bb1f6c4b33b719e2/gnocchi.de197241-71d6-437e-a39f-24e9b1e77e2e/none_v3" 201 - "PUT http://localhost:8080/v1/AUTH_1781ba1921f84bf3bb1f6c4b33b719e2/gnocchi.de197241-71d6-437e-a39f-24e9b1e77e2e/none_v3" "tx97b7739cdca44085bdc7e-0069258972" "proxy-server 21" 0.0074 "-" 22 0
Nov 25 10:48:18 standalone proxy-server[123406]: 172.18.0.2 ::1 25/Nov/2025/10/48/18 PUT /v1/AUTH_1781ba1921f84bf3bb1f6c4b33b719e2/gnocchi.de197241-71d6-437e-a39f-24e9b1e77e2e/none_v3 HTTP/1.0 201 - python-swiftclient-3.11.1 gAAAAABpJYitZHZa... 22 - - tx97b7739cdca44085bdc7e-0069258972 - 0.0118 - - 1764067698.337381363 1764067698.349139929 0
Nov 25 10:48:18 standalone container-server[121267]: 172.20.0.100 - - [25/Nov/2025:10:48:18 +0000] "HEAD /d1/515/AUTH_1781ba1921f84bf3bb1f6c4b33b719e2/gnocchi.10087f63-3df1-4167-be57-3b0aa238e91a" 404 - "HEAD http://localhost:8080/v1/AUTH_1781ba1921f84bf3bb1f6c4b33b719e2/gnocchi.10087f63-3df1-4167-be57-3b0aa238e91a?format=json&states=listing" "tx2f71f485c6104b0dbe717-0069258972" "proxy-server 21" 0.0004 "-" 20 0
Nov 25 10:48:18 standalone object-server[121429]: 172.20.0.100 - - [25/Nov/2025:10:48:18 +0000] "GET /d1/340/AUTH_1781ba1921f84bf3bb1f6c4b33b719e2/gnocchi.10087f63-3df1-4167-be57-3b0aa238e91a/none_v3" 404 70 "GET http://localhost:8080/v1/AUTH_1781ba1921f84bf3bb1f6c4b33b719e2/gnocchi.10087f63-3df1-4167-be57-3b0aa238e91a/none_v3" "tx2f71f485c6104b0dbe717-0069258972" "proxy-server 21" 0.0002 "-" 22 0
Nov 25 10:48:18 standalone proxy-server[123406]: 172.18.0.2 ::1 25/Nov/2025/10/48/18 GET /v1/AUTH_1781ba1921f84bf3bb1f6c4b33b719e2/gnocchi.10087f63-3df1-4167-be57-3b0aa238e91a/none_v3 HTTP/1.0 404 - python-swiftclient-3.11.1 gAAAAABpJYitZHZa... - 70 - tx2f71f485c6104b0dbe717-0069258972 - 0.0065 - - 1764067698.357347727 1764067698.363845587 0
Nov 25 10:48:18 standalone account-server[121237]: 172.20.0.100 - - [25/Nov/2025:10:48:18 +0000] "PUT /d1/755/AUTH_1781ba1921f84bf3bb1f6c4b33b719e2/gnocchi.10087f63-3df1-4167-be57-3b0aa238e91a" 201 - "PUT http://172.20.0.100:6001/d1/515/AUTH_1781ba1921f84bf3bb1f6c4b33b719e2/gnocchi.10087f63-3df1-4167-be57-3b0aa238e91a" "tx70c1ec7e282e436cac008-0069258972" "container-server 20" 0.0045 "-" 14 0
Nov 25 10:48:18 standalone container-server[121267]: 172.20.0.100 - - [25/Nov/2025:10:48:18 +0000] "PUT /d1/515/AUTH_1781ba1921f84bf3bb1f6c4b33b719e2/gnocchi.10087f63-3df1-4167-be57-3b0aa238e91a" 201 - "PUT http://localhost:8080/v1/AUTH_1781ba1921f84bf3bb1f6c4b33b719e2/gnocchi.10087f63-3df1-4167-be57-3b0aa238e91a" "tx70c1ec7e282e436cac008-0069258972" "proxy-server 21" 0.0125 "-" 20 0
Nov 25 10:48:18 standalone proxy-server[123406]: 172.18.0.2 ::1 25/Nov/2025/10/48/18 PUT /v1/AUTH_1781ba1921f84bf3bb1f6c4b33b719e2/gnocchi.10087f63-3df1-4167-be57-3b0aa238e91a HTTP/1.0 201 - python-swiftclient-3.11.1 gAAAAABpJYitZHZa... - - - tx70c1ec7e282e436cac008-0069258972 - 0.0159 - - 1764067698.365710735 1764067698.381655455 0
Nov 25 10:48:18 standalone container-server[121282]: 172.20.0.100 - - [25/Nov/2025:10:48:18 +0000] "HEAD /d1/515/AUTH_1781ba1921f84bf3bb1f6c4b33b719e2/gnocchi.10087f63-3df1-4167-be57-3b0aa238e91a" 204 - "HEAD http://localhost:8080/v1/AUTH_1781ba1921f84bf3bb1f6c4b33b719e2/gnocchi.10087f63-3df1-4167-be57-3b0aa238e91a?format=json&states=listing" "txdbd5f195df1941a1a6125-0069258972" "proxy-server 21" 0.0012 "-" 22 0
Nov 25 10:48:18 standalone proxy-server[123406]: - - 25/Nov/2025/10/48/18 HEAD /v1/AUTH_1781ba1921f84bf3bb1f6c4b33b719e2/gnocchi.10087f63-3df1-4167-be57-3b0aa238e91a%3Fformat%3Djson%26states%3Dlisting HTTP/1.0 204 - Swift - - - - txdbd5f195df1941a1a6125-0069258972 - 0.0048 RL - 1764067698.390299797 1764067698.395116329 0
Nov 25 10:48:18 standalone container-server[121282]: 172.20.0.100 - - [25/Nov/2025:10:48:18 +0000] "GET /d1/515/AUTH_1781ba1921f84bf3bb1f6c4b33b719e2/gnocchi.10087f63-3df1-4167-be57-3b0aa238e91a" 200 2 "GET http://localhost:8080/v1/AUTH_1781ba1921f84bf3bb1f6c4b33b719e2/gnocchi.10087f63-3df1-4167-be57-3b0aa238e91a?format=json&states=listing" "txdbd5f195df1941a1a6125-0069258972" "proxy-server 21" 0.0017 "-" 22 0
Nov 25 10:48:18 standalone proxy-server[123406]: 172.18.0.2 ::1 25/Nov/2025/10/48/18 GET /v1/AUTH_1781ba1921f84bf3bb1f6c4b33b719e2/gnocchi.10087f63-3df1-4167-be57-3b0aa238e91a%3Fformat%3Djson%26states%3Dlisting HTTP/1.0 200 - python-swiftclient-3.11.1 gAAAAABpJYitZHZa... - 2 - txdbd5f195df1941a1a6125-0069258972 - 0.0170 - - 1764067698.387747526 1764067698.404723167 0
Nov 25 10:48:18 standalone object-server[121433]: 172.20.0.100 - - [25/Nov/2025:10:48:18 +0000] "GET /d1/247/AUTH_1781ba1921f84bf3bb1f6c4b33b719e2/gnocchi.10087f63-3df1-4167-be57-3b0aa238e91a/1763640000.0_mean_300.0_v3" 404 70 "GET http://localhost:8080/v1/AUTH_1781ba1921f84bf3bb1f6c4b33b719e2/gnocchi.10087f63-3df1-4167-be57-3b0aa238e91a/1763640000.0_mean_300.0_v3" "tx03de6d61ef9644a5a8028-0069258972" "proxy-server 21" 0.0003 "-" 25 0
Nov 25 10:48:18 standalone proxy-server[123406]: 172.18.0.2 ::1 25/Nov/2025/10/48/18 GET /v1/AUTH_1781ba1921f84bf3bb1f6c4b33b719e2/gnocchi.10087f63-3df1-4167-be57-3b0aa238e91a/1763640000.0_mean_300.0_v3 HTTP/1.0 404 - python-swiftclient-3.11.1 gAAAAABpJYitZHZa... - 70 - tx03de6d61ef9644a5a8028-0069258972 - 0.0104 - - 1764067698.408524752 1764067698.418959856 0
Nov 25 10:48:18 standalone container-server[121267]: 172.20.0.100 - - [25/Nov/2025:10:48:18 +0000] "PUT /d1/515/AUTH_1781ba1921f84bf3bb1f6c4b33b719e2/gnocchi.10087f63-3df1-4167-be57-3b0aa238e91a/1763640000.0_mean_300.0_v3" 201 - "PUT http://localhost:8080/d1/247/AUTH_1781ba1921f84bf3bb1f6c4b33b719e2/gnocchi.10087f63-3df1-4167-be57-3b0aa238e91a/1763640000.0_mean_300.0_v3" "tx2a656012dda342bc90a03-0069258972" "object-server 22" 0.0006 "-" 20 0
Nov 25 10:48:18 standalone object-server[121429]: 172.20.0.100 - - [25/Nov/2025:10:48:18 +0000] "PUT /d1/247/AUTH_1781ba1921f84bf3bb1f6c4b33b719e2/gnocchi.10087f63-3df1-4167-be57-3b0aa238e91a/1763640000.0_mean_300.0_v3" 201 - "PUT http://localhost:8080/v1/AUTH_1781ba1921f84bf3bb1f6c4b33b719e2/gnocchi.10087f63-3df1-4167-be57-3b0aa238e91a/1763640000.0_mean_300.0_v3" "tx2a656012dda342bc90a03-0069258972" "proxy-server 21" 0.0096 "-" 22 0
Nov 25 10:48:18 standalone proxy-server[123406]: 172.18.0.2 ::1 25/Nov/2025/10/48/18 PUT /v1/AUTH_1781ba1921f84bf3bb1f6c4b33b719e2/gnocchi.10087f63-3df1-4167-be57-3b0aa238e91a/1763640000.0_mean_300.0_v3 HTTP/1.0 201 - python-swiftclient-3.11.1 gAAAAABpJYitZHZa... 16 - - tx2a656012dda342bc90a03-0069258972 - 0.0171 - - 1764067698.424837351 1764067698.441956282 0
Nov 25 10:48:18 standalone container-server[121282]: 172.20.0.100 - - [25/Nov/2025:10:48:18 +0000] "PUT /d1/515/AUTH_1781ba1921f84bf3bb1f6c4b33b719e2/gnocchi.10087f63-3df1-4167-be57-3b0aa238e91a/none_v3" 201 - "PUT http://localhost:8080/d1/340/AUTH_1781ba1921f84bf3bb1f6c4b33b719e2/gnocchi.10087f63-3df1-4167-be57-3b0aa238e91a/none_v3" "tx424e9793b5cd4345bcfd4-0069258972" "object-server 23" 0.0005 "-" 22 0
Nov 25 10:48:18 standalone object-server[121431]: 172.20.0.100 - - [25/Nov/2025:10:48:18 +0000] "PUT /d1/340/AUTH_1781ba1921f84bf3bb1f6c4b33b719e2/gnocchi.10087f63-3df1-4167-be57-3b0aa238e91a/none_v3" 201 - "PUT http://localhost:8080/v1/AUTH_1781ba1921f84bf3bb1f6c4b33b719e2/gnocchi.10087f63-3df1-4167-be57-3b0aa238e91a/none_v3" "tx424e9793b5cd4345bcfd4-0069258972" "proxy-server 21" 0.0100 "-" 23 0
Nov 25 10:48:18 standalone proxy-server[123406]: 172.18.0.2 ::1 25/Nov/2025/10/48/18 PUT /v1/AUTH_1781ba1921f84bf3bb1f6c4b33b719e2/gnocchi.10087f63-3df1-4167-be57-3b0aa238e91a/none_v3 HTTP/1.0 201 - python-swiftclient-3.11.1 gAAAAABpJYitZHZa... 22 - - tx424e9793b5cd4345bcfd4-0069258972 - 0.0174 - - 1764067698.445224762 1764067698.462587595 0
Nov 25 10:48:18 standalone container-server[121286]: 172.20.0.100 - - [25/Nov/2025:10:48:18 +0000] "HEAD /d1/594/AUTH_1781ba1921f84bf3bb1f6c4b33b719e2/gnocchi.acc6a833-6180-49d4-ace2-d29f2bda604b" 404 - "HEAD http://localhost:8080/v1/AUTH_1781ba1921f84bf3bb1f6c4b33b719e2/gnocchi.acc6a833-6180-49d4-ace2-d29f2bda604b?format=json&states=listing" "txcf7f9bc6d2bb4e8fbdb0b-0069258972" "proxy-server 21" 0.0004 "-" 23 0
Nov 25 10:48:18 standalone object-server[121433]: 172.20.0.100 - - [25/Nov/2025:10:48:18 +0000] "GET /d1/420/AUTH_1781ba1921f84bf3bb1f6c4b33b719e2/gnocchi.acc6a833-6180-49d4-ace2-d29f2bda604b/none_v3" 404 70 "GET http://localhost:8080/v1/AUTH_1781ba1921f84bf3bb1f6c4b33b719e2/gnocchi.acc6a833-6180-49d4-ace2-d29f2bda604b/none_v3" "txcf7f9bc6d2bb4e8fbdb0b-0069258972" "proxy-server 21" 0.0003 "-" 25 0
Nov 25 10:48:18 standalone proxy-server[123406]: 172.18.0.2 ::1 25/Nov/2025/10/48/18 GET /v1/AUTH_1781ba1921f84bf3bb1f6c4b33b719e2/gnocchi.acc6a833-6180-49d4-ace2-d29f2bda604b/none_v3 HTTP/1.0 404 - python-swiftclient-3.11.1 gAAAAABpJYitZHZa... - 70 - txcf7f9bc6d2bb4e8fbdb0b-0069258972 - 0.0099 - - 1764067698.472249269 1764067698.482106924 0
Nov 25 10:48:18 standalone account-server[121248]: 172.20.0.100 - - [25/Nov/2025:10:48:18 +0000] "PUT /d1/755/AUTH_1781ba1921f84bf3bb1f6c4b33b719e2/gnocchi.acc6a833-6180-49d4-ace2-d29f2bda604b" 201 - "PUT http://172.20.0.100:6001/d1/594/AUTH_1781ba1921f84bf3bb1f6c4b33b719e2/gnocchi.acc6a833-6180-49d4-ace2-d29f2bda604b" "tx3cd590b963f142f68c78e-0069258972" "container-server 23" 0.0048 "-" 16 0
Nov 25 10:48:18 standalone container-server[121286]: 172.20.0.100 - - [25/Nov/2025:10:48:18 +0000] "PUT /d1/594/AUTH_1781ba1921f84bf3bb1f6c4b33b719e2/gnocchi.acc6a833-6180-49d4-ace2-d29f2bda604b" 201 - "PUT http://localhost:8080/v1/AUTH_1781ba1921f84bf3bb1f6c4b33b719e2/gnocchi.acc6a833-6180-49d4-ace2-d29f2bda604b" "tx3cd590b963f142f68c78e-0069258972" "proxy-server 21" 0.0159 "-" 23 0
Nov 25 10:48:18 standalone proxy-server[123406]: 172.18.0.2 ::1 25/Nov/2025/10/48/18 PUT /v1/AUTH_1781ba1921f84bf3bb1f6c4b33b719e2/gnocchi.acc6a833-6180-49d4-ace2-d29f2bda604b HTTP/1.0 201 - python-swiftclient-3.11.1 gAAAAABpJYitZHZa... - - - tx3cd590b963f142f68c78e-0069258972 - 0.0195 - - 1764067698.484878540 1764067698.504339933 0
Nov 25 10:48:18 standalone container-server[121277]: 172.20.0.100 - - [25/Nov/2025:10:48:18 +0000] "HEAD /d1/594/AUTH_1781ba1921f84bf3bb1f6c4b33b719e2/gnocchi.acc6a833-6180-49d4-ace2-d29f2bda604b" 204 - "HEAD http://localhost:8080/v1/AUTH_1781ba1921f84bf3bb1f6c4b33b719e2/gnocchi.acc6a833-6180-49d4-ace2-d29f2bda604b?format=json&states=listing" "tx7f7aefb032de4921abbdd-0069258972" "proxy-server 21" 0.0012 "-" 21 0
