Nov 25 10:33:20 standalone account-server[120917]: Starting 2
Nov 25 10:33:20 standalone account-server[120942]: Started child 14 from parent 2
Nov 25 10:33:20 standalone account-server[120942]: Started child 15 from parent 2
Nov 25 10:33:20 standalone account-server[120942]: Started child 16 from parent 2
Nov 25 10:33:20 standalone account-server[120942]: Started child 17 from parent 2
Nov 25 10:33:20 standalone container-server[121002]: Option allow_versions is deprecated. Configure the versioned_writes middleware in the proxy-server instead. This option will be ignored in a future release.
Nov 25 10:33:20 standalone container-server[121267]: Option allow_versions is deprecated. Configure the versioned_writes middleware in the proxy-server instead. This option will be ignored in a future release.
Nov 25 10:33:20 standalone container-server[121002]: Started child 20 from parent 2
Nov 25 10:33:20 standalone container-server[121277]: Option allow_versions is deprecated. Configure the versioned_writes middleware in the proxy-server instead. This option will be ignored in a future release.
Nov 25 10:33:20 standalone container-server[121002]: Started child 21 from parent 2
Nov 25 10:33:20 standalone container-server[121282]: Option allow_versions is deprecated. Configure the versioned_writes middleware in the proxy-server instead. This option will be ignored in a future release.
Nov 25 10:33:20 standalone container-server[121002]: Started child 22 from parent 2
Nov 25 10:33:20 standalone container-server[121286]: Option allow_versions is deprecated. Configure the versioned_writes middleware in the proxy-server instead. This option will be ignored in a future release.
Nov 25 10:33:20 standalone container-server[121002]: Started child 23 from parent 2
Nov 25 10:33:20 standalone container-server[121203]: Starting 2
Nov 25 10:33:21 standalone object-expirer[121305]: Starting 2
Nov 25 10:33:21 standalone object-expirer[121305]: Option auto_create_account_prefix is deprecated. Configure auto_create_account_prefix under the swift-constraints section of swift.conf. This option will be ignored in a future release.
Nov 25 10:33:21 standalone object-server[121290]: Started child 22 from parent 2
Nov 25 10:33:21 standalone object-server[121290]: Started child 23 from parent 2
Nov 25 10:33:21 standalone object-server[121290]: Started child 24 from parent 2
Nov 25 10:33:21 standalone object-server[121290]: Started child 25 from parent 2
Nov 25 10:33:21 standalone object-server[121395]: Starting 2
Nov 25 10:33:28 standalone proxy-server[123087]: Starting Keystone auth_token middleware
Nov 25 10:33:28 standalone proxy-server[123087]: AuthToken middleware is set with keystone_authtoken.service_token_roles_required set to False. This is backwards compatible but deprecated behaviour. Please set this to True.
Nov 25 10:33:28 standalone proxy-server[123406]: Starting Keystone auth_token middleware
Nov 25 10:33:28 standalone proxy-server[123406]: STDERR: The option "bind_port" is not known to keystonemiddleware
Nov 25 10:33:28 standalone proxy-server[123406]: STDERR: The option "workers" is not known to keystonemiddleware
Nov 25 10:33:28 standalone proxy-server[123406]: STDERR: The option "user" is not known to keystonemiddleware
Nov 25 10:33:28 standalone proxy-server[123406]: STDERR: The option "bind_ip" is not known to keystonemiddleware
Nov 25 10:33:28 standalone proxy-server[123406]: STDERR: The option "log_name" is not known to keystonemiddleware
Nov 25 10:33:28 standalone proxy-server[123406]: STDERR: The option "log_facility" is not known to keystonemiddleware
Nov 25 10:33:28 standalone proxy-server[123406]: STDERR: The option "log_level" is not known to keystonemiddleware
Nov 25 10:33:28 standalone proxy-server[123406]: STDERR: The option "log_headers" is not known to keystonemiddleware
Nov 25 10:33:28 standalone proxy-server[123406]: STDERR: The option "log_address" is not known to keystonemiddleware
Nov 25 10:33:28 standalone proxy-server[123406]: STDERR: The option "project_name" is not known to keystonemiddleware
Nov 25 10:33:28 standalone proxy-server[123406]: STDERR: The option "username" is not known to keystonemiddleware
Nov 25 10:33:28 standalone proxy-server[123406]: STDERR: The option "password" is not known to keystonemiddleware
Nov 25 10:33:28 standalone proxy-server[123406]: STDERR: The option "auth_url" is not known to keystonemiddleware
Nov 25 10:33:28 standalone proxy-server[123406]: STDERR: The option "signing_dir" is not known to keystonemiddleware
Nov 25 10:33:28 standalone proxy-server[123406]: STDERR: The option "project_domain_id" is not known to keystonemiddleware
Nov 25 10:33:28 standalone proxy-server[123406]: STDERR: The option "user_domain_id" is not known to keystonemiddleware
Nov 25 10:33:28 standalone proxy-server[123406]: STDERR: The option "__name__" is not known to keystonemiddleware
Nov 25 10:33:28 standalone proxy-server[123406]: AuthToken middleware is set with keystone_authtoken.service_token_roles_required set to False. This is backwards compatible but deprecated behaviour. Please set this to True.
Nov 25 10:33:28 standalone proxy-server[123087]: Started child 21 from parent 2
Nov 25 10:33:32 standalone container-server[121203]: Begin container update sweep
Nov 25 10:33:32 standalone container-server[121203]: Container update sweep completed: 0.00s
Nov 25 10:35:57 standalone account-server[121250]: 172.20.0.100 - - [25/Nov/2025:10:35:57 +0000] "HEAD /d1/695/.expiring_objects" 404 - "HEAD http://localhost/v1/.expiring_objects?format=json" "tx3a8d6e31c3b9474a86179-006925868d" "proxy-server 2" 0.0020 "-" 17 -
Nov 25 10:35:57 standalone object-expirer[121305]: Pass completed in 0s; 0 objects expired (txn: tx3a8d6e31c3b9474a86179-006925868d)
Nov 25 10:37:31 standalone object-server[121395]: Begin object update sweep
Nov 25 10:37:31 standalone object-server[150585]: Object update sweep starting on /srv/node/d1 (pid: 11)
Nov 25 10:37:31 standalone object-server[150585]: Object update sweep completed on /srv/node/d1 in 0.00s seconds:, 0 successes, 0 failures, 0 quarantines, 0 unlinks, 0 errors, 0 redirects (pid: 11)
Nov 25 10:37:31 standalone object-server[150585]: Object update sweep of d1 completed: 0.00s, 0 successes, 0 failures, 0 quarantines, 0 unlinks, 0 errors, 0 redirects
Nov 25 10:37:31 standalone object-server[121395]: Object update sweep completed: 0.07s
Nov 25 10:38:32 standalone container-server[121203]: Begin container update sweep
Nov 25 10:38:32 standalone container-server[121203]: Container update sweep completed: 0.00s
Nov 25 10:39:54 standalone account-server[121242]: 172.20.0.100 - - [25/Nov/2025:10:39:54 +0000] "HEAD /d1/755/AUTH_1781ba1921f84bf3bb1f6c4b33b719e2" 404 - "HEAD http://localhost:8080/v1/AUTH_1781ba1921f84bf3bb1f6c4b33b719e2?format=json" "tx5822ad58c97a4ac58b93f-006925877a" "proxy-server 21" 0.0009 "-" 15 -
Nov 25 10:39:54 standalone proxy-server[123406]: - - 25/Nov/2025/10/39/54 HEAD /v1/AUTH_1781ba1921f84bf3bb1f6c4b33b719e2%3Fformat%3Djson HTTP/1.0 200 - Swift - - - - tx5822ad58c97a4ac58b93f-006925877a - 0.0047 RL - 1764067194.009912252 1764067194.014588356 -
Nov 25 10:39:54 standalone proxy-server[123406]: 172.18.0.2 ::1 25/Nov/2025/10/39/54 HEAD /v1/AUTH_1781ba1921f84bf3bb1f6c4b33b719e2/glance%3Fformat%3Djson HTTP/1.0 404 - python-swiftclient-3.11.1 gAAAAABpJYd583Kc... - - - tx5822ad58c97a4ac58b93f-006925877a - 0.4620 - - 1764067194.003995419 1764067194.465966702 -
Nov 25 10:39:54 standalone account-server[121242]: 172.20.0.100 - - [25/Nov/2025:10:39:54 +0000] "PUT /d1/755/AUTH_1781ba1921f84bf3bb1f6c4b33b719e2" 201 - "-" "tx376ff527e7f54b249e8ce-006925877a" "-" 0.0199 "-" 15 -
Nov 25 10:39:54 standalone proxy-server[123406]: autocreate account '/AUTH_1781ba1921f84bf3bb1f6c4b33b719e2' (txn: tx376ff527e7f54b249e8ce-006925877a)
Nov 25 10:39:54 standalone account-server[121250]: 172.20.0.100 - - [25/Nov/2025:10:39:54 +0000] "HEAD /d1/755/AUTH_1781ba1921f84bf3bb1f6c4b33b719e2" 204 - "HEAD http://localhost:8080/v1/AUTH_1781ba1921f84bf3bb1f6c4b33b719e2?format=json" "tx376ff527e7f54b249e8ce-006925877a" "proxy-server 21" 0.0016 "-" 17 -
Nov 25 10:39:54 standalone account-server[121242]: 172.20.0.100 - - [25/Nov/2025:10:39:54 +0000] "PUT /d1/755/AUTH_1781ba1921f84bf3bb1f6c4b33b719e2/glance" 201 - "PUT http://172.20.0.100:6001/d1/336/AUTH_1781ba1921f84bf3bb1f6c4b33b719e2/glance" "tx376ff527e7f54b249e8ce-006925877a" "container-server 20" 0.0012 "-" 15 0
Nov 25 10:39:54 standalone container-server[121267]: 172.20.0.100 - - [25/Nov/2025:10:39:54 +0000] "PUT /d1/336/AUTH_1781ba1921f84bf3bb1f6c4b33b719e2/glance" 201 - "PUT http://localhost:8080/v1/AUTH_1781ba1921f84bf3bb1f6c4b33b719e2/glance" "tx376ff527e7f54b249e8ce-006925877a" "proxy-server 21" 0.0142 "-" 20 0
Nov 25 10:39:54 standalone proxy-server[123406]: 172.18.0.2 ::1 25/Nov/2025/10/39/54 PUT /v1/AUTH_1781ba1921f84bf3bb1f6c4b33b719e2/glance HTTP/1.0 201 - python-swiftclient-3.11.1 gAAAAABpJYd583Kc... - - - tx376ff527e7f54b249e8ce-006925877a - 0.0478 - - 1764067194.472696304 1764067194.520479918 0
Nov 25 10:39:54 standalone container-server[121282]: 172.20.0.100 - - [25/Nov/2025:10:39:54 +0000] "HEAD /d1/336/AUTH_1781ba1921f84bf3bb1f6c4b33b719e2/glance" 204 - "HEAD http://localhost:8080/v1/AUTH_1781ba1921f84bf3bb1f6c4b33b719e2/glance?format=json&states=listing" "txc443e55d8d094d49a0997-006925877a" "proxy-server 21" 0.0040 "-" 22 0
Nov 25 10:39:54 standalone proxy-server[123406]: - - 25/Nov/2025/10/39/54 HEAD /v1/AUTH_1781ba1921f84bf3bb1f6c4b33b719e2/glance%3Fformat%3Djson%26states%3Dlisting HTTP/1.0 204 - Swift - - - - txc443e55d8d094d49a0997-006925877a - 0.0132 RL - 1764067194.541950703 1764067194.555131674 0
Nov 25 10:40:13 standalone container-server[121267]: 172.20.0.100 - - [25/Nov/2025:10:40:13 +0000] "PUT /d1/336/AUTH_1781ba1921f84bf3bb1f6c4b33b719e2/glance/f950fbb5-f5bd-4c0c-b900-3634dfad5e84" 201 - "PUT http://localhost:8080/d1/601/AUTH_1781ba1921f84bf3bb1f6c4b33b719e2/glance/f950fbb5-f5bd-4c0c-b900-3634dfad5e84" "txc443e55d8d094d49a0997-006925877a" "object-server 23" 0.0011 "-" 20 0
Nov 25 10:40:13 standalone object-server[121431]: 172.20.0.100 - - [25/Nov/2025:10:40:13 +0000] "PUT /d1/601/AUTH_1781ba1921f84bf3bb1f6c4b33b719e2/glance/f950fbb5-f5bd-4c0c-b900-3634dfad5e84" 201 - "PUT http://localhost:8080/v1/AUTH_1781ba1921f84bf3bb1f6c4b33b719e2/glance/f950fbb5-f5bd-4c0c-b900-3634dfad5e84" "txc443e55d8d094d49a0997-006925877a" "proxy-server 21" 19.3782 "-" 23 0
Nov 25 10:40:13 standalone proxy-server[123406]: 172.18.0.2 ::1 25/Nov/2025/10/40/13 PUT /v1/AUTH_1781ba1921f84bf3bb1f6c4b33b719e2/glance/f950fbb5-f5bd-4c0c-b900-3634dfad5e84 HTTP/1.0 201 - python-swiftclient-3.11.1 gAAAAABpJYd583Kc... 1472724992 - - txc443e55d8d094d49a0997-006925877a - 19.4118 - - 1764067194.529379845 1764067213.941135883 0
Nov 25 10:40:29 standalone account-server[121237]: 172.20.0.100 - - [25/Nov/2025:10:40:29 +0000] "HEAD /d1/695/.expiring_objects" 404 - "HEAD http://localhost/v1/.expiring_objects?format=json" "tx35da3b4ef0d146479b4e3-006925879d" "proxy-server 2" 0.0018 "-" 14 -
Nov 25 10:40:29 standalone object-expirer[121305]: Pass completed in 0s; 0 objects expired (txn: tx35da3b4ef0d146479b4e3-006925879d)
Nov 25 10:41:38 standalone account-server[121237]: 172.20.0.100 - - [25/Nov/2025:10:41:38 +0000] "HEAD /d1/695/.expiring_objects" 404 - "HEAD http://localhost/v1/.expiring_objects?format=json" "tx123ffd2cf4224d1f9bc6d-00692587e2" "proxy-server 2" 0.0005 "-" 14 -
Nov 25 10:41:38 standalone object-expirer[121305]: Pass completed in 0s; 0 objects expired (txn: tx123ffd2cf4224d1f9bc6d-00692587e2)
Nov 25 10:42:31 standalone object-server[121395]: Begin object update sweep
Nov 25 10:42:31 standalone object-server[190665]: Object update sweep starting on /srv/node/d1 (pid: 13)
Nov 25 10:42:31 standalone object-server[190665]: Object update sweep completed on /srv/node/d1 in 0.00s seconds:, 0 successes, 0 failures, 0 quarantines, 0 unlinks, 0 errors, 0 redirects (pid: 13)
Nov 25 10:42:31 standalone object-server[190665]: Object update sweep of d1 completed: 0.00s, 0 successes, 0 failures, 0 quarantines, 0 unlinks, 0 errors, 0 redirects
Nov 25 10:42:31 standalone object-server[121395]: Object update sweep completed: 0.08s
Nov 25 10:43:32 standalone container-server[121203]: Begin container update sweep
Nov 25 10:43:32 standalone account-server[121237]: 172.20.0.100 - - [25/Nov/2025:10:43:32 +0000] "PUT /d1/755/AUTH_1781ba1921f84bf3bb1f6c4b33b719e2/glance" 201 - "-" "-" "container-updater 2" 0.0007 "-" 14 0
Nov 25 10:43:32 standalone container-server[121203]: Container update sweep completed: 0.10s
Nov 25 10:44:32 standalone account-server[120917]: Devices pass completed: 0.00s
Nov 25 10:44:57 standalone account-server[121248]: 172.20.0.100 - - [25/Nov/2025:10:44:57 +0000] "HEAD /d1/755/AUTH_1781ba1921f84bf3bb1f6c4b33b719e2" 204 - "HEAD http://localhost:8080/v1/AUTH_1781ba1921f84bf3bb1f6c4b33b719e2?format=json" "tx79bdcdf10fcc4b2fb004d-00692588a9" "proxy-server 21" 0.0104 "-" 16 -
Nov 25 10:44:57 standalone proxy-server[123406]: - - 25/Nov/2025/10/44/57 HEAD /v1/AUTH_1781ba1921f84bf3bb1f6c4b33b719e2%3Fformat%3Djson HTTP/1.0 204 - Swift - - - - tx79bdcdf10fcc4b2fb004d-00692588a9 - 0.0150 RL - 1764067497.480196238 1764067497.495204449 -
Nov 25 10:44:57 standalone container-server[121282]: 172.20.0.100 - - [25/Nov/2025:10:44:57 +0000] "HEAD /d1/336/AUTH_1781ba1921f84bf3bb1f6c4b33b719e2/glance" 204 - "HEAD http://localhost:8080/v1/AUTH_1781ba1921f84bf3bb1f6c4b33b719e2/glance?format=json&states=listing" "tx79bdcdf10fcc4b2fb004d-00692588a9" "proxy-server 21" 0.0019 "-" 22 0
Nov 25 10:44:57 standalone proxy-server[123406]: 172.18.0.2 ::1 25/Nov/2025/10/44/57 HEAD /v1/AUTH_1781ba1921f84bf3bb1f6c4b33b719e2/glance%3Fformat%3Djson%26states%3Dlisting HTTP/1.0 204 - python-swiftclient-3.11.1 gAAAAABpJYipfcX8... - - - tx79bdcdf10fcc4b2fb004d-00692588a9 - 0.0802 - - 1764067497.479479790 1764067497.559699059 0
Nov 25 10:45:00 standalone container-server[121286]: 172.20.0.100 - - [25/Nov/2025:10:45:00 +0000] "PUT /d1/336/AUTH_1781ba1921f84bf3bb1f6c4b33b719e2/glance/f8752ff6-4523-4106-a8be-a812adce29cc-00001" 201 - "PUT http://localhost:8080/d1/485/AUTH_1781ba1921f84bf3bb1f6c4b33b719e2/glance/f8752ff6-4523-4106-a8be-a812adce29cc-00001" "txe34f56f3a1d543be95b30-00692588a9" "object-server 24" 0.0010 "-" 23 0
Nov 25 10:45:00 standalone object-server[121432]: 172.20.0.100 - - [25/Nov/2025:10:45:00 +0000] "PUT /d1/485/AUTH_1781ba1921f84bf3bb1f6c4b33b719e2/glance/f8752ff6-4523-4106-a8be-a812adce29cc-00001" 201 - "PUT http://localhost:8080/v1/AUTH_1781ba1921f84bf3bb1f6c4b33b719e2/glance/f8752ff6-4523-4106-a8be-a812adce29cc-00001" "txe34f56f3a1d543be95b30-00692588a9" "proxy-server 21" 2.9347 "-" 24 0
Nov 25 10:45:00 standalone proxy-server[123406]: 172.18.0.2 ::1 25/Nov/2025/10/45/00 PUT /v1/AUTH_1781ba1921f84bf3bb1f6c4b33b719e2/glance/f8752ff6-4523-4106-a8be-a812adce29cc-00001 HTTP/1.0 201 - python-swiftclient-3.11.1 gAAAAABpJYipfcX8... 21692416 - - txe34f56f3a1d543be95b30-00692588a9 - 2.9435 - - 1764067497.575488091 1764067500.518994570 0
Nov 25 10:45:00 standalone container-server[121286]: 172.20.0.100 - - [25/Nov/2025:10:45:00 +0000] "PUT /d1/336/AUTH_1781ba1921f84bf3bb1f6c4b33b719e2/glance/f8752ff6-4523-4106-a8be-a812adce29cc" 201 - "PUT http://localhost:8080/d1/49/AUTH_1781ba1921f84bf3bb1f6c4b33b719e2/glance/f8752ff6-4523-4106-a8be-a812adce29cc" "tx74453b4d7d4c40a6be99d-00692588ac" "object-server 24" 0.0009 "-" 23 0
Nov 25 10:45:00 standalone object-server[121432]: 172.20.0.100 - - [25/Nov/2025:10:45:00 +0000] "PUT /d1/49/AUTH_1781ba1921f84bf3bb1f6c4b33b719e2/glance/f8752ff6-4523-4106-a8be-a812adce29cc" 201 - "PUT http://localhost:8080/v1/AUTH_1781ba1921f84bf3bb1f6c4b33b719e2/glance/f8752ff6-4523-4106-a8be-a812adce29cc" "tx74453b4d7d4c40a6be99d-00692588ac" "proxy-server 21" 0.0091 "-" 24 0
Nov 25 10:45:00 standalone proxy-server[123406]: 172.18.0.2 ::1 25/Nov/2025/10/45/00 PUT /v1/AUTH_1781ba1921f84bf3bb1f6c4b33b719e2/glance/f8752ff6-4523-4106-a8be-a812adce29cc HTTP/1.0 201 - python-swiftclient-3.11.1 gAAAAABpJYipfcX8... - - - tx74453b4d7d4c40a6be99d-00692588ac - 0.0137 - - 1764067500.523634672 1764067500.537332296 0
Nov 25 10:45:01 standalone container-server[121277]: 172.20.0.100 - - [25/Nov/2025:10:45:01 +0000] "HEAD /d1/821/AUTH_1781ba1921f84bf3bb1f6c4b33b719e2/gnocchi.470b00b6-3dfb-4b55-86a3-88caa3704111" 404 - "HEAD http://localhost:8080/v1/AUTH_1781ba1921f84bf3bb1f6c4b33b719e2/gnocchi.470b00b6-3dfb-4b55-86a3-88caa3704111?format=json&states=listing" "txb70d88e268dd4ca1bce4b-00692588ad" "proxy-server 21" 0.0017 "-" 21 0
Nov 25 10:45:01 standalone object-server[121432]: 172.20.0.100 - - [25/Nov/2025:10:45:01 +0000] "GET /d1/235/AUTH_1781ba1921f84bf3bb1f6c4b33b719e2/gnocchi.470b00b6-3dfb-4b55-86a3-88caa3704111/none_v3" 404 70 "GET http://localhost:8080/v1/AUTH_1781ba1921f84bf3bb1f6c4b33b719e2/gnocchi.470b00b6-3dfb-4b55-86a3-88caa3704111/none_v3" "txb70d88e268dd4ca1bce4b-00692588ad" "proxy-server 21" 0.0008 "-" 24 0
Nov 25 10:45:01 standalone proxy-server[123406]: 172.18.0.2 ::1 25/Nov/2025/10/45/01 GET /v1/AUTH_1781ba1921f84bf3bb1f6c4b33b719e2/gnocchi.470b00b6-3dfb-4b55-86a3-88caa3704111/none_v3 HTTP/1.0 404 - python-swiftclient-3.11.1 gAAAAABpJYitZHZa... - 70 - txb70d88e268dd4ca1bce4b-00692588ad - 0.0491 - - 1764067501.214472294 1764067501.263594389 0
Nov 25 10:45:01 standalone account-server[121242]: 172.20.0.100 - - [25/Nov/2025:10:45:01 +0000] "PUT /d1/755/AUTH_1781ba1921f84bf3bb1f6c4b33b719e2/gnocchi.470b00b6-3dfb-4b55-86a3-88caa3704111" 201 - "PUT http://172.20.0.100:6001/d1/821/AUTH_1781ba1921f84bf3bb1f6c4b33b719e2/gnocchi.470b00b6-3dfb-4b55-86a3-88caa3704111" "tx936f51b981f4466c8e8cc-00692588ad" "container-server 22" 0.0027 "-" 15 0
Nov 25 10:45:01 standalone container-server[121282]: 172.20.0.100 - - [25/Nov/2025:10:45:01 +0000] "PUT /d1/821/AUTH_1781ba1921f84bf3bb1f6c4b33b719e2/gnocchi.470b00b6-3dfb-4b55-86a3-88caa3704111" 201 - "PUT http://localhost:8080/v1/AUTH_1781ba1921f84bf3bb1f6c4b33b719e2/gnocchi.470b00b6-3dfb-4b55-86a3-88caa3704111" "tx936f51b981f4466c8e8cc-00692588ad" "proxy-server 21" 0.0187 "-" 22 0
Nov 25 10:45:01 standalone proxy-server[123406]: 172.18.0.2 ::1 25/Nov/2025/10/45/01 PUT /v1/AUTH_1781ba1921f84bf3bb1f6c4b33b719e2/gnocchi.470b00b6-3dfb-4b55-86a3-88caa3704111 HTTP/1.0 201 - python-swiftclient-3.11.1 gAAAAABpJYitZHZa... - - - tx936f51b981f4466c8e8cc-00692588ad - 0.0260 - - 1764067501.273086786 1764067501.299098969 0
Nov 25 10:45:01 standalone container-server[121267]: 172.20.0.100 - - [25/Nov/2025:10:45:01 +0000] "HEAD /d1/821/AUTH_1781ba1921f84bf3bb1f6c4b33b719e2/gnocchi.470b00b6-3dfb-4b55-86a3-88caa3704111" 204 - "HEAD http://localhost:8080/v1/AUTH_1781ba1921f84bf3bb1f6c4b33b719e2/gnocchi.470b00b6-3dfb-4b55-86a3-88caa3704111?format=json&states=listing" "txa253220f1f274d1cb5a94-00692588ad" "proxy-server 21" 0.0015 "-" 20 0
Nov 25 10:45:01 standalone proxy-server[123406]: - - 25/Nov/2025/10/45/01 HEAD /v1/AUTH_1781ba1921f84bf3bb1f6c4b33b719e2/gnocchi.470b00b6-3dfb-4b55-86a3-88caa3704111%3Fformat%3Djson%26states%3Dlisting HTTP/1.0 204 - Swift - - - - txa253220f1f274d1cb5a94-00692588ad - 0.0055 RL - 1764067501.309024572 1764067501.314507246 0
Nov 25 10:45:01 standalone container-server[121282]: 172.20.0.100 - - [25/Nov/2025:10:45:01 +0000] "GET /d1/821/AUTH_1781ba1921f84bf3bb1f6c4b33b719e2/gnocchi.470b00b6-3dfb-4b55-86a3-88caa3704111" 200 2 "GET http://localhost:8080/v1/AUTH_1781ba1921f84bf3bb1f6c4b33b719e2/gnocchi.470b00b6-3dfb-4b55-86a3-88caa3704111?format=json&states=listing" "txa253220f1f274d1cb5a94-00692588ad" "proxy-server 21" 0.0034 "-" 22 0
Nov 25 10:45:01 standalone proxy-server[123406]: 172.18.0.2 ::1 25/Nov/2025/10/45/01 GET /v1/AUTH_1781ba1921f84bf3bb1f6c4b33b719e2/gnocchi.470b00b6-3dfb-4b55-86a3-88caa3704111%3Fformat%3Djson%26states%3Dlisting HTTP/1.0 200 - python-swiftclient-3.11.1 gAAAAABpJYitZHZa... - 2 - txa253220f1f274d1cb5a94-00692588ad - 0.0197 - - 1764067501.307330370 1764067501.326988220 0
Nov 25 10:45:01 standalone object-server[121433]: 172.20.0.100 - - [25/Nov/2025:10:45:01 +0000] "GET /d1/738/AUTH_1781ba1921f84bf3bb1f6c4b33b719e2/gnocchi.470b00b6-3dfb-4b55-86a3-88caa3704111/1763640000.0_mean_300.0_v3" 404 70 "GET http://localhost:8080/v1/AUTH_1781ba1921f84bf3bb1f6c4b33b719e2/gnocchi.470b00b6-3dfb-4b55-86a3-88caa3704111/1763640000.0_mean_300.0_v3" "tx74d268cc727d481f98b56-00692588ad" "proxy-server 21" 0.0012 "-" 25 0
Nov 25 10:45:01 standalone proxy-server[123406]: 172.18.0.2 ::1 25/Nov/2025/10/45/01 GET /v1/AUTH_1781ba1921f84bf3bb1f6c4b33b719e2/gnocchi.470b00b6-3dfb-4b55-86a3-88caa3704111/1763640000.0_mean_300.0_v3 HTTP/1.0 404 - python-swiftclient-3.11.1 gAAAAABpJYitZHZa... - 70 - tx74d268cc727d481f98b56-00692588ad - 0.0092 - - 1764067501.331031799 1764067501.340237141 0
Nov 25 10:45:01 standalone container-server[121267]: 172.20.0.100 - - [25/Nov/2025:10:45:01 +0000] "PUT /d1/821/AUTH_1781ba1921f84bf3bb1f6c4b33b719e2/gnocchi.470b00b6-3dfb-4b55-86a3-88caa3704111/1763640000.0_mean_300.0_v3" 201 - "PUT http://localhost:8080/d1/738/AUTH_1781ba1921f84bf3bb1f6c4b33b719e2/gnocchi.470b00b6-3dfb-4b55-86a3-88caa3704111/1763640000.0_mean_300.0_v3" "tx7a62944f180c461ba7488-00692588ad" "object-server 25" 0.0008 "-" 20 0
Nov 25 10:45:01 standalone object-server[121433]: 172.20.0.100 - - [25/Nov/2025:10:45:01 +0000] "PUT /d1/738/AUTH_1781ba1921f84bf3bb1f6c4b33b719e2/gnocchi.470b00b6-3dfb-4b55-86a3-88caa3704111/1763640000.0_mean_300.0_v3" 201 - "PUT http://localhost:8080/v1/AUTH_1781ba1921f84bf3bb1f6c4b33b719e2/gnocchi.470b00b6-3dfb-4b55-86a3-88caa3704111/1763640000.0_mean_300.0_v3" "tx7a62944f180c461ba7488-00692588ad" "proxy-server 21" 0.0282 "-" 25 0
Nov 25 10:45:01 standalone proxy-server[123406]: 172.18.0.2 ::1 25/Nov/2025/10/45/01 PUT /v1/AUTH_1781ba1921f84bf3bb1f6c4b33b719e2/gnocchi.470b00b6-3dfb-4b55-86a3-88caa3704111/1763640000.0_mean_300.0_v3 HTTP/1.0 201 - python-swiftclient-3.11.1 gAAAAABpJYitZHZa... 16 - - tx7a62944f180c461ba7488-00692588ad - 0.0364 - - 1764067501.343980789 1764067501.380364180 0
Nov 25 10:45:01 standalone container-server[121277]: 172.20.0.100 - - [25/Nov/2025:10:45:01 +0000] "PUT /d1/821/AUTH_1781ba1921f84bf3bb1f6c4b33b719e2/gnocchi.470b00b6-3dfb-4b55-86a3-88caa3704111/none_v3" 201 - "PUT http://localhost:8080/d1/235/AUTH_1781ba1921f84bf3bb1f6c4b33b719e2/gnocchi.470b00b6-3dfb-4b55-86a3-88caa3704111/none_v3" "txfebba6d809c7418f8a621-00692588ad" "object-server 24" 0.0011 "-" 21 0
Nov 25 10:45:01 standalone object-server[121432]: 172.20.0.100 - - [25/Nov/2025:10:45:01 +0000] "PUT /d1/235/AUTH_1781ba1921f84bf3bb1f6c4b33b719e2/gnocchi.470b00b6-3dfb-4b55-86a3-88caa3704111/none_v3" 201 - "PUT http://localhost:8080/v1/AUTH_1781ba1921f84bf3bb1f6c4b33b719e2/gnocchi.470b00b6-3dfb-4b55-86a3-88caa3704111/none_v3" "txfebba6d809c7418f8a621-00692588ad" "proxy-server 21" 0.0203 "-" 24 0
Nov 25 10:45:01 standalone proxy-server[123406]: 172.18.0.2 ::1 25/Nov/2025/10/45/01 PUT /v1/AUTH_1781ba1921f84bf3bb1f6c4b33b719e2/gnocchi.470b00b6-3dfb-4b55-86a3-88caa3704111/none_v3 HTTP/1.0 201 - python-swiftclient-3.11.1 gAAAAABpJYitZHZa... 22 - - txfebba6d809c7418f8a621-00692588ad - 0.0291 - - 1764067501.390636206 1764067501.419760704 0
Nov 25 10:45:21 standalone account-server[121237]: 172.20.0.100 - - [25/Nov/2025:10:45:21 +0000] "HEAD /d1/695/.expiring_objects" 404 - "HEAD http://localhost/v1/.expiring_objects?format=json" "tx95af5526ba144104b8b16-00692588c1" "proxy-server 2" 0.0005 "-" 14 -
Nov 25 10:45:21 standalone object-expirer[121305]: Pass completed in 0s; 0 objects expired (txn: tx95af5526ba144104b8b16-00692588c1)
Nov 25 10:45:30 standalone object-server[121433]: 172.20.0.100 - - [25/Nov/2025:10:45:30 +0000] "GET /d1/235/AUTH_1781ba1921f84bf3bb1f6c4b33b719e2/gnocchi.470b00b6-3dfb-4b55-86a3-88caa3704111/none_v3" 200 22 "GET http://localhost:8080/v1/AUTH_1781ba1921f84bf3bb1f6c4b33b719e2/gnocchi.470b00b6-3dfb-4b55-86a3-88caa3704111/none_v3" "txb784660d2c034d388d379-00692588ca" "proxy-server 21" 0.0008 "-" 25 0
Nov 25 10:45:30 standalone proxy-server[123406]: 172.18.0.2 ::1 25/Nov/2025/10/45/30 GET /v1/AUTH_1781ba1921f84bf3bb1f6c4b33b719e2/gnocchi.470b00b6-3dfb-4b55-86a3-88caa3704111/none_v3 HTTP/1.0 200 - python-swiftclient-3.11.1 gAAAAABpJYitZHZa... - 22 - txb784660d2c034d388d379-00692588ca - 0.0078 - - 1764067530.841089487 1764067530.848907471 0
Nov 25 10:45:30 standalone container-server[121277]: 172.20.0.100 - - [25/Nov/2025:10:45:30 +0000] "GET /d1/821/AUTH_1781ba1921f84bf3bb1f6c4b33b719e2/gnocchi.470b00b6-3dfb-4b55-86a3-88caa3704111" 200 357 "GET http://localhost:8080/v1/AUTH_1781ba1921f84bf3bb1f6c4b33b719e2/gnocchi.470b00b6-3dfb-4b55-86a3-88caa3704111?format=json&states=listing" "tx56938794a00f4c919a646-00692588ca" "proxy-server 21" 0.0156 "-" 21 0
Nov 25 10:45:30 standalone proxy-server[123406]: 172.18.0.2 ::1 25/Nov/2025/10/45/30 GET /v1/AUTH_1781ba1921f84bf3bb1f6c4b33b719e2/gnocchi.470b00b6-3dfb-4b55-86a3-88caa3704111%3Fformat%3Djson%26states%3Dlisting HTTP/1.0 200 - python-swiftclient-3.11.1 gAAAAABpJYitZHZa... - 357 - tx56938794a00f4c919a646-00692588ca - 0.0223 - - 1764067530.858946323 1764067530.881223202 0
Nov 25 10:45:30 standalone container-server[121286]: 172.20.0.100 - - [25/Nov/2025:10:45:30 +0000] "GET /d1/821/AUTH_1781ba1921f84bf3bb1f6c4b33b719e2/gnocchi.470b00b6-3dfb-4b55-86a3-88caa3704111" 200 2 "GET http://localhost:8080/v1/AUTH_1781ba1921f84bf3bb1f6c4b33b719e2/gnocchi.470b00b6-3dfb-4b55-86a3-88caa3704111?format=json&marker=none_v3&states=listing" "tx029d40e253794e9f8174e-00692588ca" "proxy-server 21" 0.0034 "-" 23 0
Nov 25 10:45:30 standalone proxy-server[123406]: 172.18.0.2 ::1 25/Nov/2025/10/45/30 GET /v1/AUTH_1781ba1921f84bf3bb1f6c4b33b719e2/gnocchi.470b00b6-3dfb-4b55-86a3-88caa3704111%3Fformat%3Djson%26marker%3Dnone_v3%26states%3Dlisting HTTP/1.0 200 - python-swiftclient-3.11.1 gAAAAABpJYitZHZa... - 2 - tx029d40e253794e9f8174e-00692588ca - 0.0083 - - 1764067530.886485100 1764067530.894811153 0
Nov 25 10:45:30 standalone object-server[121432]: 172.20.0.100 - - [25/Nov/2025:10:45:30 +0000] "GET /d1/738/AUTH_1781ba1921f84bf3bb1f6c4b33b719e2/gnocchi.470b00b6-3dfb-4b55-86a3-88caa3704111/1763640000.0_mean_300.0_v3" 200 16 "GET http://localhost:8080/v1/AUTH_1781ba1921f84bf3bb1f6c4b33b719e2/gnocchi.470b00b6-3dfb-4b55-86a3-88caa3704111/1763640000.0_mean_300.0_v3" "txb4b9535de55d42b68240f-00692588ca" "proxy-server 21" 0.0010 "-" 24 0
Nov 25 10:45:30 standalone proxy-server[123406]: 172.18.0.2 ::1 25/Nov/2025/10/45/30 GET /v1/AUTH_1781ba1921f84bf3bb1f6c4b33b719e2/gnocchi.470b00b6-3dfb-4b55-86a3-88caa3704111/1763640000.0_mean_300.0_v3 HTTP/1.0 200 - python-swiftclient-3.11.1 gAAAAABpJYitZHZa... - 16 - txb4b9535de55d42b68240f-00692588ca - 0.0078 - - 1764067530.898477077 1764067530.906325102 0
Nov 25 10:45:30 standalone container-server[121286]: 172.20.0.100 - - [25/Nov/2025:10:45:30 +0000] "PUT /d1/821/AUTH_1781ba1921f84bf3bb1f6c4b33b719e2/gnocchi.470b00b6-3dfb-4b55-86a3-88caa3704111/1763640000.0_mean_300.0_v3" 201 - "PUT http://localhost:8080/d1/738/AUTH_1781ba1921f84bf3bb1f6c4b33b719e2/gnocchi.470b00b6-3dfb-4b55-86a3-88caa3704111/1763640000.0_mean_300.0_v3" "tx597004dcd123430d8ba8a-00692588ca" "object-server 25" 0.0023 "-" 23 0
Nov 25 10:45:30 standalone object-server[121433]: 172.20.0.100 - - [25/Nov/2025:10:45:30 +0000] "PUT /d1/738/AUTH_1781ba1921f84bf3bb1f6c4b33b719e2/gnocchi.470b00b6-3dfb-4b55-86a3-88caa3704111/1763640000.0_mean_300.0_v3" 201 - "PUT http://localhost:8080/v1/AUTH_1781ba1921f84bf3bb1f6c4b33b719e2/gnocchi.470b00b6-3dfb-4b55-86a3-88caa3704111/1763640000.0_mean_300.0_v3" "tx597004dcd123430d8ba8a-00692588ca" "proxy-server 21" 0.0163 "-" 25 0
Nov 25 10:45:30 standalone proxy-server[123406]: 172.18.0.2 ::1 25/Nov/2025/10/45/30 PUT /v1/AUTH_1781ba1921f84bf3bb1f6c4b33b719e2/gnocchi.470b00b6-3dfb-4b55-86a3-88caa3704111/1763640000.0_mean_300.0_v3 HTTP/1.0 201 - python-swiftclient-3.11.1 gAAAAABpJYitZHZa... 16 - - tx597004dcd123430d8ba8a-00692588ca - 0.0240 - - 1764067530.910219669 1764067530.934234381 0
Nov 25 10:45:30 standalone container-server[121277]: 172.20.0.100 - - [25/Nov/2025:10:45:30 +0000] "PUT /d1/821/AUTH_1781ba1921f84bf3bb1f6c4b33b719e2/gnocchi.470b00b6-3dfb-4b55-86a3-88caa3704111/none_v3" 201 - "PUT http://localhost:8080/d1/235/AUTH_1781ba1921f84bf3bb1f6c4b33b719e2/gnocchi.470b00b6-3dfb-4b55-86a3-88caa3704111/none_v3" "tx64fe7aacc7624cdb93fc4-00692588ca" "object-server 24" 0.0007 "-" 21 0
Nov 25 10:45:30 standalone object-server[121432]: 172.20.0.100 - - [25/Nov/2025:10:45:30 +0000] "PUT /d1/235/AUTH_1781ba1921f84bf3bb1f6c4b33b719e2/gnocchi.470b00b6-3dfb-4b55-86a3-88caa3704111/none_v3" 201 - "PUT http://localhost:8080/v1/AUTH_1781ba1921f84bf3bb1f6c4b33b719e2/gnocchi.470b00b6-3dfb-4b55-86a3-88caa3704111/none_v3" "tx64fe7aacc7624cdb93fc4-00692588ca" "proxy-server 21" 0.0090 "-" 24 0
Nov 25 10:45:30 standalone proxy-server[123406]: 172.18.0.2 ::1 25/Nov/2025/10/45/30 PUT /v1/AUTH_1781ba1921f84bf3bb1f6c4b33b719e2/gnocchi.470b00b6-3dfb-4b55-86a3-88caa3704111/none_v3 HTTP/1.0 201 - python-swiftclient-3.11.1 gAAAAABpJYitZHZa... 32 - - tx64fe7aacc7624cdb93fc4-00692588ca - 0.0177 - - 1764067530.940959454 1764067530.958706141 0
Nov 25 10:46:03 standalone account-server[121250]: 172.20.0.100 - - [25/Nov/2025:10:46:03 +0000] "HEAD /d1/755/AUTH_1781ba1921f84bf3bb1f6c4b33b719e2" 204 - "HEAD http://localhost:8080/v1/AUTH_1781ba1921f84bf3bb1f6c4b33b719e2?format=json" "tx06f3b6142af94a43ba653-00692588eb" "proxy-server 21" 0.0072 "-" 17 -
Nov 25 10:46:03 standalone proxy-server[123406]: - - 25/Nov/2025/10/46/03 HEAD /v1/AUTH_1781ba1921f84bf3bb1f6c4b33b719e2%3Fformat%3Djson HTTP/1.0 204 - Swift - - - - tx06f3b6142af94a43ba653-00692588eb - 0.0122 RL - 1764067563.374424934 1764067563.386608124 -
Nov 25 10:46:03 standalone container-server[121286]: 172.20.0.100 - - [25/Nov/2025:10:46:03 +0000] "HEAD /d1/336/AUTH_1781ba1921f84bf3bb1f6c4b33b719e2/glance" 204 - "HEAD http://localhost:8080/v1/AUTH_1781ba1921f84bf3bb1f6c4b33b719e2/glance?format=json&states=listing" "tx06f3b6142af94a43ba653-00692588eb" "proxy-server 21" 0.0178 "-" 23 0
Nov 25 10:46:03 standalone object-server[121432]: 172.20.0.100 - - [25/Nov/2025:10:46:03 +0000] "GET /d1/49/AUTH_1781ba1921f84bf3bb1f6c4b33b719e2/glance/f8752ff6-4523-4106-a8be-a812adce29cc" 200 - "GET http://localhost:8080/v1/AUTH_1781ba1921f84bf3bb1f6c4b33b719e2/glance/f8752ff6-4523-4106-a8be-a812adce29cc" "tx06f3b6142af94a43ba653-00692588eb" "proxy-server 21" 0.0013 "-" 24 0
Nov 25 10:46:03 standalone container-server[121282]: 172.20.0.100 - - [25/Nov/2025:10:46:03 +0000] "GET /d1/336/AUTH_1781ba1921f84bf3bb1f6c4b33b719e2/glance" 200 210 "GET http://localhost:8080/v1/AUTH_1781ba1921f84bf3bb1f6c4b33b719e2/glance?prefix=f8752ff6-4523-4106-a8be-a812adce29cc-&format=json&states=listing" "tx06f3b6142af94a43ba653-00692588eb" "proxy-server 21" 0.0030 "-" 22 0
Nov 25 10:46:03 standalone proxy-server[123406]: - - 25/Nov/2025/10/46/03 GET /v1/AUTH_1781ba1921f84bf3bb1f6c4b33b719e2/glance%3Fprefix%3Df8752ff6-4523-4106-a8be-a812adce29cc-%26format%3Djson%26states%3Dlisting HTTP/1.0 200 - python-swiftclient-3.11.1%20DLO%20MultipartGET gAAAAABpJYjrQ-GE... - 210 - tx06f3b6142af94a43ba653-00692588eb - 0.0099 DLO - 1764067563.485681295 1764067563.495579720 0
Nov 25 10:46:03 standalone object-server[121432]: 172.20.0.100 - - [25/Nov/2025:10:46:03 +0000] "GET /d1/485/AUTH_1781ba1921f84bf3bb1f6c4b33b719e2/glance/f8752ff6-4523-4106-a8be-a812adce29cc-00001" 200 21692416 "GET http://localhost:8080/v1/AUTH_1781ba1921f84bf3bb1f6c4b33b719e2/glance/f8752ff6-4523-4106-a8be-a812adce29cc-00001?multipart-manifest=get" "tx06f3b6142af94a43ba653-00692588eb" "proxy-server 21" 0.0014 "-" 24 0
Nov 25 10:46:03 standalone proxy-server[123406]: - - 25/Nov/2025/10/46/03 GET /v1/AUTH_1781ba1921f84bf3bb1f6c4b33b719e2/glance/f8752ff6-4523-4106-a8be-a812adce29cc-00001%3Fmultipart-manifest%3Dget HTTP/1.0 200 - python-swiftclient-3.11.1%20%20DLO%20MultipartGET gAAAAABpJYjrQ-GE... - 21692416 - tx06f3b6142af94a43ba653-00692588eb - 0.0965 DLO - 1764067563.496282101 1764067563.592805386 0
Nov 25 10:46:03 standalone proxy-server[123406]: 172.18.0.2 ::1 25/Nov/2025/10/46/03 GET /v1/AUTH_1781ba1921f84bf3bb1f6c4b33b719e2/glance/f8752ff6-4523-4106-a8be-a812adce29cc HTTP/1.0 200 - python-swiftclient-3.11.1 gAAAAABpJYjrQ-GE... - 21692416 - tx06f3b6142af94a43ba653-00692588eb - 0.2198 - - 1764067563.373558044 1764067563.593406916 0
Nov 25 10:46:04 standalone container-server[121286]: 172.20.0.100 - - [25/Nov/2025:10:46:04 +0000] "HEAD /d1/361/AUTH_1781ba1921f84bf3bb1f6c4b33b719e2/gnocchi.9577a3a9-fc25-40d0-bae7-02f2b7d793ab" 404 - "HEAD http://localhost:8080/v1/AUTH_1781ba1921f84bf3bb1f6c4b33b719e2/gnocchi.9577a3a9-fc25-40d0-bae7-02f2b7d793ab?format=json&states=listing" "tx6f4e8fcb2ddf416aa46e0-00692588ec" "proxy-server 21" 0.0009 "-" 23 0
Nov 25 10:46:04 standalone object-server[121433]: 172.20.0.100 - - [25/Nov/2025:10:46:04 +0000] "GET /d1/689/AUTH_1781ba1921f84bf3bb1f6c4b33b719e2/gnocchi.9577a3a9-fc25-40d0-bae7-02f2b7d793ab/none_v3" 404 70 "GET http://localhost:8080/v1/AUTH_1781ba1921f84bf3bb1f6c4b33b719e2/gnocchi.9577a3a9-fc25-40d0-bae7-02f2b7d793ab/none_v3" "tx6f4e8fcb2ddf416aa46e0-00692588ec" "proxy-server 21" 0.0006 "-" 25 0
Nov 25 10:46:04 standalone proxy-server[123406]: 172.18.0.2 ::1 25/Nov/2025/10/46/04 GET /v1/AUTH_1781ba1921f84bf3bb1f6c4b33b719e2/gnocchi.9577a3a9-fc25-40d0-bae7-02f2b7d793ab/none_v3 HTTP/1.0 404 - python-swiftclient-3.11.1 gAAAAABpJYitZHZa... - 70 - tx6f4e8fcb2ddf416aa46e0-00692588ec - 0.0136 - - 1764067564.210124731 1764067564.223726511 0
Nov 25 10:46:04 standalone account-server[121242]: 172.20.0.100 - - [25/Nov/2025:10:46:04 +0000] "PUT /d1/755/AUTH_1781ba1921f84bf3bb1f6c4b33b719e2/gnocchi.9577a3a9-fc25-40d0-bae7-02f2b7d793ab" 201 - "PUT http://172.20.0.100:6001/d1/361/AUTH_1781ba1921f84bf3bb1f6c4b33b719e2/gnocchi.9577a3a9-fc25-40d0-bae7-02f2b7d793ab" "tx22560456e8c54383b7b04-00692588ec" "container-server 23" 0.0017 "-" 15 0
Nov 25 10:46:04 standalone container-server[121286]: 172.20.0.100 - - [25/Nov/2025:10:46:04 +0000] "PUT /d1/361/AUTH_1781ba1921f84bf3bb1f6c4b33b719e2/gnocchi.9577a3a9-fc25-40d0-bae7-02f2b7d793ab" 201 - "PUT http://localhost:8080/v1/AUTH_1781ba1921f84bf3bb1f6c4b33b719e2/gnocchi.9577a3a9-fc25-40d0-bae7-02f2b7d793ab" "tx22560456e8c54383b7b04-00692588ec" "proxy-server 21" 0.0141 "-" 23 0
Nov 25 10:46:04 standalone proxy-server[123406]: 172.18.0.2 ::1 25/Nov/2025/10/46/04 PUT /v1/AUTH_1781ba1921f84bf3bb1f6c4b33b719e2/gnocchi.9577a3a9-fc25-40d0-bae7-02f2b7d793ab HTTP/1.0 201 - python-swiftclient-3.11.1 gAAAAABpJYitZHZa... - - - tx22560456e8c54383b7b04-00692588ec - 0.0227 - - 1764067564.228535891 1764067564.251199245 0
Nov 25 10:46:04 standalone container-server[121282]: 172.20.0.100 - - [25/Nov/2025:10:46:04 +0000] "HEAD /d1/361/AUTH_1781ba1921f84bf3bb1f6c4b33b719e2/gnocchi.9577a3a9-fc25-40d0-bae7-02f2b7d793ab" 204 - "HEAD http://localhost:8080/v1/AUTH_1781ba1921f84bf3bb1f6c4b33b719e2/gnocchi.9577a3a9-fc25-40d0-bae7-02f2b7d793ab?format=json&states=listing" "txe547c920c1594fd1969fb-00692588ec" "proxy-server 21" 0.0012 "-" 22 0
Nov 25 10:46:04 standalone proxy-server[123406]: - - 25/Nov/2025/10/46/04 HEAD /v1/AUTH_1781ba1921f84bf3bb1f6c4b33b719e2/gnocchi.9577a3a9-fc25-40d0-bae7-02f2b7d793ab%3Fformat%3Djson%26states%3Dlisting HTTP/1.0 204 - Swift - - - - txe547c920c1594fd1969fb-00692588ec - 0.0064 RL - 1764067564.257719278 1764067564.264086008 0
Nov 25 10:46:04 standalone container-server[121267]: 172.20.0.100 - - [25/Nov/2025:10:46:04 +0000] "GET /d1/361/AUTH_1781ba1921f84bf3bb1f6c4b33b719e2/gnocchi.9577a3a9-fc25-40d0-bae7-02f2b7d793ab" 200 2 "GET http://localhost:8080/v1/AUTH_1781ba1921f84bf3bb1f6c4b33b719e2/gnocchi.9577a3a9-fc25-40d0-bae7-02f2b7d793ab?format=json&states=listing" "txe547c920c1594fd1969fb-00692588ec" "proxy-server 21" 0.0026 "-" 20 0
Nov 25 10:46:04 standalone proxy-server[123406]: 172.18.0.2 ::1 25/Nov/2025/10/46/04 GET /v1/AUTH_1781ba1921f84bf3bb1f6c4b33b719e2/gnocchi.9577a3a9-fc25-40d0-bae7-02f2b7d793ab%3Fformat%3Djson%26states%3Dlisting HTTP/1.0 200 - python-swiftclient-3.11.1 gAAAAABpJYitZHZa... - 2 - txe547c920c1594fd1969fb-00692588ec - 0.0207 - - 1764067564.255891800 1764067564.276590586 0
Nov 25 10:46:04 standalone object-server[121432]: 172.20.0.100 - - [25/Nov/2025:10:46:04 +0000] "GET /d1/893/AUTH_1781ba1921f84bf3bb1f6c4b33b719e2/gnocchi.9577a3a9-fc25-40d0-bae7-02f2b7d793ab/1763640000.0_mean_300.0_v3" 404 70 "GET http://localhost:8080/v1/AUTH_1781ba1921f84bf3bb1f6c4b33b719e2/gnocchi.9577a3a9-fc25-40d0-bae7-02f2b7d793ab/1763640000.0_mean_300.0_v3" "tx3f05c604fd094df0957c4-00692588ec" "proxy-server 21" 0.0005 "-" 24 0
Nov 25 10:46:04 standalone proxy-server[123406]: 172.18.0.2 ::1 25/Nov/2025/10/46/04 GET /v1/AUTH_1781ba1921f84bf3bb1f6c4b33b719e2/gnocchi.9577a3a9-fc25-40d0-bae7-02f2b7d793ab/1763640000.0_mean_300.0_v3 HTTP/1.0 404 - python-swiftclient-3.11.1 gAAAAABpJYitZHZa... - 70 - tx3f05c604fd094df0957c4-00692588ec - 0.0095 - - 1764067564.282599449 1764067564.292096138 0
Nov 25 10:46:04 standalone container-server[121282]: 172.20.0.100 - - [25/Nov/2025:10:46:04 +0000] "PUT /d1/361/AUTH_1781ba1921f84bf3bb1f6c4b33b719e2/gnocchi.9577a3a9-fc25-40d0-bae7-02f2b7d793ab/1763640000.0_mean_300.0_v3" 201 - "PUT http://localhost:8080/d1/893/AUTH_1781ba1921f84bf3bb1f6c4b33b719e2/gnocchi.9577a3a9-fc25-40d0-bae7-02f2b7d793ab/1763640000.0_mean_300.0_v3" "txa96ba1f37bde405bbe109-00692588ec" "object-server 22" 0.0005 "-" 22 0
Nov 25 10:46:04 standalone object-server[121429]: 172.20.0.100 - - [25/Nov/2025:10:46:04 +0000] "PUT /d1/893/AUTH_1781ba1921f84bf3bb1f6c4b33b719e2/gnocchi.9577a3a9-fc25-40d0-bae7-02f2b7d793ab/1763640000.0_mean_300.0_v3" 201 - "PUT http://localhost:8080/v1/AUTH_1781ba1921f84bf3bb1f6c4b33b719e2/gnocchi.9577a3a9-fc25-40d0-bae7-02f2b7d793ab/1763640000.0_mean_300.0_v3" "txa96ba1f37bde405bbe109-00692588ec" "proxy-server 21" 0.0275 "-" 22 0
Nov 25 10:46:04 standalone proxy-server[123406]: 172.18.0.2 ::1 25/Nov/2025/10/46/04 PUT /v1/AUTH_1781ba1921f84bf3bb1f6c4b33b719e2/gnocchi.9577a3a9-fc25-40d0-bae7-02f2b7d793ab/1763640000.0_mean_300.0_v3 HTTP/1.0 201 - python-swiftclient-3.11.1 gAAAAABpJYitZHZa... 16 - - txa96ba1f37bde405bbe109-00692588ec - 0.0368 - - 1764067564.295929432 1764067564.332746983 0
Nov 25 10:46:04 standalone container-server[121286]: 172.20.0.100 - - [25/Nov/2025:10:46:04 +0000] "PUT /d1/361/AUTH_1781ba1921f84bf3bb1f6c4b33b719e2/gnocchi.9577a3a9-fc25-40d0-bae7-02f2b7d793ab/none_v3" 201 - "PUT http://localhost:8080/d1/689/AUTH_1781ba1921f84bf3bb1f6c4b33b719e2/gnocchi.9577a3a9-fc25-40d0-bae7-02f2b7d793ab/none_v3" "txce774579ca4148b09826d-00692588ec" "object-server 23" 0.0007 "-" 23 0
Nov 25 10:46:04 standalone object-server[121431]: 172.20.0.100 - - [25/Nov/2025:10:46:04 +0000] "PUT /d1/689/AUTH_1781ba1921f84bf3bb1f6c4b33b719e2/gnocchi.9577a3a9-fc25-40d0-bae7-02f2b7d793ab/none_v3" 201 - "PUT http://localhost:8080/v1/AUTH_1781ba1921f84bf3bb1f6c4b33b719e2/gnocchi.9577a3a9-fc25-40d0-bae7-02f2b7d793ab/none_v3" "txce774579ca4148b09826d-00692588ec" "proxy-server 21" 0.0201 "-" 23 0
Nov 25 10:46:04 standalone proxy-server[123406]: 172.18.0.2 ::1 25/Nov/2025/10/46/04 PUT /v1/AUTH_1781ba1921f84bf3bb1f6c4b33b719e2/gnocchi.9577a3a9-fc25-40d0-bae7-02f2b7d793ab/none_v3 HTTP/1.0 201 - python-swiftclient-3.11.1 gAAAAABpJYitZHZa... 22 - - txce774579ca4148b09826d-00692588ec - 0.0287 - - 1764067564.341320992 1764067564.370033503 0
Nov 25 10:46:04 standalone container-server[121286]: 172.20.0.100 - - [25/Nov/2025:10:46:04 +0000] "HEAD /d1/251/AUTH_1781ba1921f84bf3bb1f6c4b33b719e2/gnocchi.7a5bc121-4ba2-4d5f-b5b7-945bd8dcc1a3" 404 - "HEAD http://localhost:8080/v1/AUTH_1781ba1921f84bf3bb1f6c4b33b719e2/gnocchi.7a5bc121-4ba2-4d5f-b5b7-945bd8dcc1a3?format=json&states=listing" "txb1a2f31f3d2a4b78b7f7c-00692588ec" "proxy-server 21" 0.0005 "-" 23 0
Nov 25 10:46:04 standalone object-server[121431]: 172.20.0.100 - - [25/Nov/2025:10:46:04 +0000] "GET /d1/9/AUTH_1781ba1921f84bf3bb1f6c4b33b719e2/gnocchi.7a5bc121-4ba2-4d5f-b5b7-945bd8dcc1a3/none_v3" 404 70 "GET http://localhost:8080/v1/AUTH_1781ba1921f84bf3bb1f6c4b33b719e2/gnocchi.7a5bc121-4ba2-4d5f-b5b7-945bd8dcc1a3/none_v3" "txb1a2f31f3d2a4b78b7f7c-00692588ec" "proxy-server 21" 0.0004 "-" 23 0
Nov 25 10:46:04 standalone proxy-server[123406]: 172.18.0.2 ::1 25/Nov/2025/10/46/04 GET /v1/AUTH_1781ba1921f84bf3bb1f6c4b33b719e2/gnocchi.7a5bc121-4ba2-4d5f-b5b7-945bd8dcc1a3/none_v3 HTTP/1.0 404 - python-swiftclient-3.11.1 gAAAAABpJYitZHZa... - 70 - txb1a2f31f3d2a4b78b7f7c-00692588ec - 0.0200 - - 1764067564.383114815 1764067564.403096914 0
Nov 25 10:46:04 standalone account-server[121248]: 172.20.0.100 - - [25/Nov/2025:10:46:04 +0000] "PUT /d1/755/AUTH_1781ba1921f84bf3bb1f6c4b33b719e2/gnocchi.7a5bc121-4ba2-4d5f-b5b7-945bd8dcc1a3" 201 - "PUT http://172.20.0.100:6001/d1/251/AUTH_1781ba1921f84bf3bb1f6c4b33b719e2/gnocchi.7a5bc121-4ba2-4d5f-b5b7-945bd8dcc1a3" "txd62e96afbccc435585ae6-00692588ec" "container-server 23" 0.0081 "-" 16 0
Nov 25 10:46:04 standalone container-server[121286]: 172.20.0.100 - - [25/Nov/2025:10:46:04 +0000] "PUT /d1/251/AUTH_1781ba1921f84bf3bb1f6c4b33b719e2/gnocchi.7a5bc121-4ba2-4d5f-b5b7-945bd8dcc1a3" 201 - "PUT http://localhost:8080/v1/AUTH_1781ba1921f84bf3bb1f6c4b33b719e2/gnocchi.7a5bc121-4ba2-4d5f-b5b7-945bd8dcc1a3" "txd62e96afbccc435585ae6-00692588ec" "proxy-server 21" 0.0224 "-" 23 0
Nov 25 10:46:04 standalone proxy-server[123406]: 172.18.0.2 ::1 25/Nov/2025/10/46/04 PUT /v1/AUTH_1781ba1921f84bf3bb1f6c4b33b719e2/gnocchi.7a5bc121-4ba2-4d5f-b5b7-945bd8dcc1a3 HTTP/1.0 201 - python-swiftclient-3.11.1 gAAAAABpJYitZHZa... - - - txd62e96afbccc435585ae6-00692588ec - 0.0314 - - 1764067564.407534838 1764067564.438893318 0
Nov 25 10:46:04 standalone container-server[121277]: 172.20.0.100 - - [25/Nov/2025:10:46:04 +0000] "HEAD /d1/251/AUTH_1781ba1921f84bf3bb1f6c4b33b719e2/gnocchi.7a5bc121-4ba2-4d5f-b5b7-945bd8dcc1a3" 204 - "HEAD http://localhost:8080/v1/AUTH_1781ba1921f84bf3bb1f6c4b33b719e2/gnocchi.7a5bc121-4ba2-4d5f-b5b7-945bd8dcc1a3?format=json&states=listing" "txb94d2fe89dab49f3a8d3d-00692588ec" "proxy-server 21" 0.0014 "-" 21 0
Nov 25 10:46:04 standalone proxy-server[123406]: - - 25/Nov/2025/10/46/04 HEAD /v1/AUTH_1781ba1921f84bf3bb1f6c4b33b719e2/gnocchi.7a5bc121-4ba2-4d5f-b5b7-945bd8dcc1a3%3Fformat%3Djson%26states%3Dlisting HTTP/1.0 204 - Swift - - - - txb94d2fe89dab49f3a8d3d-00692588ec - 0.0061 RL - 1764067564.445593119 1764067564.451662064 0
Nov 25 10:46:04 standalone container-server[121277]: 172.20.0.100 - - [25/Nov/2025:10:46:04 +0000] "GET /d1/251/AUTH_1781ba1921f84bf3bb1f6c4b33b719e2/gnocchi.7a5bc121-4ba2-4d5f-b5b7-945bd8dcc1a3" 200 2 "GET http://localhost:8080/v1/AUTH_1781ba1921f84bf3bb1f6c4b33b719e2/gnocchi.7a5bc121-4ba2-4d5f-b5b7-945bd8dcc1a3?format=json&states=listing" "txb94d2fe89dab49f3a8d3d-00692588ec" "proxy-server 21" 0.0021 "-" 21 0
Nov 25 10:46:04 standalone proxy-server[123406]: 172.18.0.2 ::1 25/Nov/2025/10/46/04 GET /v1/AUTH_1781ba1921f84bf3bb1f6c4b33b719e2/gnocchi.7a5bc121-4ba2-4d5f-b5b7-945bd8dcc1a3%3Fformat%3Djson%26states%3Dlisting HTTP/1.0 200 - python-swiftclient-3.11.1 gAAAAABpJYitZHZa... - 2 - txb94d2fe89dab49f3a8d3d-00692588ec - 0.0175 - - 1764067564.443857908 1764067564.461339474 0
Nov 25 10:46:04 standalone object-server[121433]: 172.20.0.100 - - [25/Nov/2025:10:46:04 +0000] "GET /d1/9/AUTH_1781ba1921f84bf3bb1f6c4b33b719e2/gnocchi.7a5bc121-4ba2-4d5f-b5b7-945bd8dcc1a3/1763640000.0_mean_300.0_v3" 404 70 "GET http://localhost:8080/v1/AUTH_1781ba1921f84bf3bb1f6c4b33b719e2/gnocchi.7a5bc121-4ba2-4d5f-b5b7-945bd8dcc1a3/1763640000.0_mean_300.0_v3" "txef230f5593894dd695f0b-00692588ec" "proxy-server 21" 0.0003 "-" 25 0
Nov 25 10:46:04 standalone proxy-server[123406]: 172.18.0.2 ::1 25/Nov/2025/10/46/04 GET /v1/AUTH_1781ba1921f84bf3bb1f6c4b33b719e2/gnocchi.7a5bc121-4ba2-4d5f-b5b7-945bd8dcc1a3/1763640000.0_mean_300.0_v3 HTTP/1.0 404 - python-swiftclient-3.11.1 gAAAAABpJYitZHZa... - 70 - txef230f5593894dd695f0b-00692588ec - 0.0050 - - 1764067564.464972019 1764067564.469981670 0
Nov 25 10:46:04 standalone container-server[121282]: 172.20.0.100 - - [25/Nov/2025:10:46:04 +0000] "PUT /d1/251/AUTH_1781ba1921f84bf3bb1f6c4b33b719e2/gnocchi.7a5bc121-4ba2-4d5f-b5b7-945bd8dcc1a3/1763640000.0_mean_300.0_v3" 201 - "PUT http://localhost:8080/d1/9/AUTH_1781ba1921f84bf3bb1f6c4b33b719e2/gnocchi.7a5bc121-4ba2-4d5f-b5b7-945bd8dcc1a3/1763640000.0_mean_300.0_v3" "tx5f79e4084871443cbd25f-00692588ec" "object-server 22" 0.0005 "-" 22 0
Nov 25 10:46:04 standalone object-server[121429]: 172.20.0.100 - - [25/Nov/2025:10:46:04 +0000] "PUT /d1/9/AUTH_1781ba1921f84bf3bb1f6c4b33b719e2/gnocchi.7a5bc121-4ba2-4d5f-b5b7-945bd8dcc1a3/1763640000.0_mean_300.0_v3" 201 - "PUT http://localhost:8080/v1/AUTH_1781ba1921f84bf3bb1f6c4b33b719e2/gnocchi.7a5bc121-4ba2-4d5f-b5b7-945bd8dcc1a3/1763640000.0_mean_300.0_v3" "tx5f79e4084871443cbd25f-00692588ec" "proxy-server 21" 0.0100 "-" 22 0
Nov 25 10:46:04 standalone proxy-server[123406]: 172.18.0.2 ::1 25/Nov/2025/10/46/04 PUT /v1/AUTH_1781ba1921f84bf3bb1f6c4b33b719e2/gnocchi.7a5bc121-4ba2-4d5f-b5b7-945bd8dcc1a3/1763640000.0_mean_300.0_v3 HTTP/1.0 201 - python-swiftclient-3.11.1 gAAAAABpJYitZHZa... 16 - - tx5f79e4084871443cbd25f-00692588ec - 0.0175 - - 1764067564.473106623 1764067564.490618706 0
Nov 25 10:46:04 standalone container-server[121282]: 172.20.0.100 - - [25/Nov/2025:10:46:04 +0000] "PUT /d1/251/AUTH_1781ba1921f84bf3bb1f6c4b33b719e2/gnocchi.7a5bc121-4ba2-4d5f-b5b7-945bd8dcc1a3/none_v3" 201 - "PUT http://localhost:8080/d1/9/AUTH_1781ba1921f84bf3bb1f6c4b33b719e2/gnocchi.7a5bc121-4ba2-4d5f-b5b7-945bd8dcc1a3/none_v3" "tx47216de00d6f48019a73a-00692588ec" "object-server 22" 0.0005 "-" 22 0
Nov 25 10:46:04 standalone object-server[121429]: 172.20.0.100 - - [25/Nov/2025:10:46:04 +0000] "PUT /d1/9/AUTH_1781ba1921f84bf3bb1f6c4b33b719e2/gnocchi.7a5bc121-4ba2-4d5f-b5b7-945bd8dcc1a3/none_v3" 201 - "PUT http://localhost:8080/v1/AUTH_1781ba1921f84bf3bb1f6c4b33b719e2/gnocchi.7a5bc121-4ba2-4d5f-b5b7-945bd8dcc1a3/none_v3" "tx47216de00d6f48019a73a-00692588ec" "proxy-server 21" 0.0108 "-" 22 0
Nov 25 10:46:04 standalone proxy-server[123406]: 172.18.0.2 ::1 25/Nov/2025/10/46/04 PUT /v1/AUTH_1781ba1921f84bf3bb1f6c4b33b719e2/gnocchi.7a5bc121-4ba2-4d5f-b5b7-945bd8dcc1a3/none_v3 HTTP/1.0 201 - python-swiftclient-3.11.1 gAAAAABpJYitZHZa... 22 - - tx47216de00d6f48019a73a-00692588ec - 0.0204 - - 1764067564.494596243 1764067564.514966726 0
Nov 25 10:46:08 standalone container-server[121277]: 172.20.0.100 - - [25/Nov/2025:10:46:08 +0000] "HEAD /d1/72/AUTH_1781ba1921f84bf3bb1f6c4b33b719e2/gnocchi.7316e571-c4e7-42b9-99da-342c87f6e50b" 404 - "HEAD http://localhost:8080/v1/AUTH_1781ba1921f84bf3bb1f6c4b33b719e2/gnocchi.7316e571-c4e7-42b9-99da-342c87f6e50b?format=json&states=listing" "tx05fcbea7d52e4677a0333-00692588f0" "proxy-server 21" 0.0009 "-" 21 0
Nov 25 10:46:08 standalone object-server[121431]: 172.20.0.100 - - [25/Nov/2025:10:46:08 +0000] "GET /d1/861/AUTH_1781ba1921f84bf3bb1f6c4b33b719e2/gnocchi.7316e571-c4e7-42b9-99da-342c87f6e50b/none_v3" 404 70 "GET http://localhost:8080/v1/AUTH_1781ba1921f84bf3bb1f6c4b33b719e2/gnocchi.7316e571-c4e7-42b9-99da-342c87f6e50b/none_v3" "tx05fcbea7d52e4677a0333-00692588f0" "proxy-server 21" 0.0006 "-" 23 0
Nov 25 10:46:08 standalone proxy-server[123406]: 172.18.0.2 ::1 25/Nov/2025/10/46/08 GET /v1/AUTH_1781ba1921f84bf3bb1f6c4b33b719e2/gnocchi.7316e571-c4e7-42b9-99da-342c87f6e50b/none_v3 HTTP/1.0 404 - python-swiftclient-3.11.1 gAAAAABpJYitZHZa... - 70 - tx05fcbea7d52e4677a0333-00692588f0 - 0.0147 - - 1764067568.904430628 1764067568.919104576 0
Nov 25 10:46:08 standalone account-server[121250]: 172.20.0.100 - - [25/Nov/2025:10:46:08 +0000] "PUT /d1/755/AUTH_1781ba1921f84bf3bb1f6c4b33b719e2/gnocchi.7316e571-c4e7-42b9-99da-342c87f6e50b" 201 - "PUT http://172.20.0.100:6001/d1/72/AUTH_1781ba1921f84bf3bb1f6c4b33b719e2/gnocchi.7316e571-c4e7-42b9-99da-342c87f6e50b" "tx22f37f07f50a4d2689aff-00692588f0" "container-server 21" 0.0070 "-" 17 0
Nov 25 10:46:08 standalone container-server[121277]: 172.20.0.100 - - [25/Nov/2025:10:46:08 +0000] "PUT /d1/72/AUTH_1781ba1921f84bf3bb1f6c4b33b719e2/gnocchi.7316e571-c4e7-42b9-99da-342c87f6e50b" 201 - "PUT http://localhost:8080/v1/AUTH_1781ba1921f84bf3bb1f6c4b33b719e2/gnocchi.7316e571-c4e7-42b9-99da-342c87f6e50b" "tx22f37f07f50a4d2689aff-00692588f0" "proxy-server 21" 0.0238 "-" 21 0
Nov 25 10:46:08 standalone proxy-server[123406]: 172.18.0.2 ::1 25/Nov/2025/10/46/08 PUT /v1/AUTH_1781ba1921f84bf3bb1f6c4b33b719e2/gnocchi.7316e571-c4e7-42b9-99da-342c87f6e50b HTTP/1.0 201 - python-swiftclient-3.11.1 gAAAAABpJYitZHZa... - - - tx22f37f07f50a4d2689aff-00692588f0 - 0.0354 - - 1764067568.924579144 1764067568.959978819 0
Nov 25 10:46:08 standalone container-server[121267]: 172.20.0.100 - - [25/Nov/2025:10:46:08 +0000] "HEAD /d1/72/AUTH_1781ba1921f84bf3bb1f6c4b33b719e2/gnocchi.7316e571-c4e7-42b9-99da-342c87f6e50b" 204 - "HEAD http://localhost:8080/v1/AUTH_1781ba1921f84bf3bb1f6c4b33b719e2/gnocchi.7316e571-c4e7-42b9-99da-342c87f6e50b?format=json&states=listing" "txacaaa8b8c56f4b1db1b5f-00692588f0" "proxy-server 21" 0.0024 "-" 20 0
Nov 25 10:46:08 standalone proxy-server[123406]: - - 25/Nov/2025/10/46/08 HEAD /v1/AUTH_1781ba1921f84bf3bb1f6c4b33b719e2/gnocchi.7316e571-c4e7-42b9-99da-342c87f6e50b%3Fformat%3Djson%26states%3Dlisting HTTP/1.0 204 - Swift - - - - txacaaa8b8c56f4b1db1b5f-00692588f0 - 0.0094 RL - 1764067568.970071077 1764067568.979473114 0
Nov 25 10:46:08 standalone container-server[121277]: 172.20.0.100 - - [25/Nov/2025:10:46:08 +0000] "GET /d1/72/AUTH_1781ba1921f84bf3bb1f6c4b33b719e2/gnocchi.7316e571-c4e7-42b9-99da-342c87f6e50b" 200 2 "GET http://localhost:8080/v1/AUTH_1781ba1921f84bf3bb1f6c4b33b719e2/gnocchi.7316e571-c4e7-42b9-99da-342c87f6e50b?format=json&states=listing" "txacaaa8b8c56f4b1db1b5f-00692588f0" "proxy-server 21" 0.0046 "-" 21 0
