Nov 25 10:48:19 standalone proxy-server[123406]: 172.18.0.2 ::1 25/Nov/2025/10/48/19 GET /v1/AUTH_1781ba1921f84bf3bb1f6c4b33b719e2/gnocchi.3890465c-9331-4098-a050-9446118b0fe3%3Fformat%3Djson%26states%3Dlisting HTTP/1.0 200 - python-swiftclient-3.11.1 gAAAAABpJYitZHZa... - 2 - tx748d853e4c37438c86298-0069258973 - 0.0221 - - 1764067699.402383804 1764067699.424472094 0
Nov 25 10:48:19 standalone object-server[121433]: 172.20.0.100 - - [25/Nov/2025:10:48:19 +0000] "GET /d1/813/AUTH_1781ba1921f84bf3bb1f6c4b33b719e2/gnocchi.3890465c-9331-4098-a050-9446118b0fe3/1763640000.0_mean_300.0_v3" 404 70 "GET http://localhost:8080/v1/AUTH_1781ba1921f84bf3bb1f6c4b33b719e2/gnocchi.3890465c-9331-4098-a050-9446118b0fe3/1763640000.0_mean_300.0_v3" "tx5849569744e04347b9b0c-0069258973" "proxy-server 21" 0.0005 "-" 25 0
Nov 25 10:48:19 standalone proxy-server[123406]: 172.18.0.2 ::1 25/Nov/2025/10/48/19 GET /v1/AUTH_1781ba1921f84bf3bb1f6c4b33b719e2/gnocchi.3890465c-9331-4098-a050-9446118b0fe3/1763640000.0_mean_300.0_v3 HTTP/1.0 404 - python-swiftclient-3.11.1 gAAAAABpJYitZHZa... - 70 - tx5849569744e04347b9b0c-0069258973 - 0.0081 - - 1764067699.430324078 1764067699.438443184 0
Nov 25 10:48:19 standalone container-server[121282]: 172.20.0.100 - - [25/Nov/2025:10:48:19 +0000] "PUT /d1/161/AUTH_1781ba1921f84bf3bb1f6c4b33b719e2/gnocchi.3890465c-9331-4098-a050-9446118b0fe3/1763640000.0_mean_300.0_v3" 201 - "PUT http://localhost:8080/d1/813/AUTH_1781ba1921f84bf3bb1f6c4b33b719e2/gnocchi.3890465c-9331-4098-a050-9446118b0fe3/1763640000.0_mean_300.0_v3" "tx992892c07bd249ae9fd13-0069258973" "object-server 25" 0.0013 "-" 22 0
Nov 25 10:48:19 standalone object-server[121433]: 172.20.0.100 - - [25/Nov/2025:10:48:19 +0000] "PUT /d1/813/AUTH_1781ba1921f84bf3bb1f6c4b33b719e2/gnocchi.3890465c-9331-4098-a050-9446118b0fe3/1763640000.0_mean_300.0_v3" 201 - "PUT http://localhost:8080/v1/AUTH_1781ba1921f84bf3bb1f6c4b33b719e2/gnocchi.3890465c-9331-4098-a050-9446118b0fe3/1763640000.0_mean_300.0_v3" "tx992892c07bd249ae9fd13-0069258973" "proxy-server 21" 0.0139 "-" 25 0
Nov 25 10:48:19 standalone proxy-server[123406]: 172.18.0.2 ::1 25/Nov/2025/10/48/19 PUT /v1/AUTH_1781ba1921f84bf3bb1f6c4b33b719e2/gnocchi.3890465c-9331-4098-a050-9446118b0fe3/1763640000.0_mean_300.0_v3 HTTP/1.0 201 - python-swiftclient-3.11.1 gAAAAABpJYitZHZa... 16 - - tx992892c07bd249ae9fd13-0069258973 - 0.0221 - - 1764067699.443285227 1764067699.465376139 0
Nov 25 10:48:19 standalone container-server[121277]: 172.20.0.100 - - [25/Nov/2025:10:48:19 +0000] "PUT /d1/161/AUTH_1781ba1921f84bf3bb1f6c4b33b719e2/gnocchi.3890465c-9331-4098-a050-9446118b0fe3/none_v3" 201 - "PUT http://localhost:8080/d1/1013/AUTH_1781ba1921f84bf3bb1f6c4b33b719e2/gnocchi.3890465c-9331-4098-a050-9446118b0fe3/none_v3" "txa3058152e5c040098b322-0069258973" "object-server 23" 0.0010 "-" 21 0
Nov 25 10:48:19 standalone object-server[121431]: 172.20.0.100 - - [25/Nov/2025:10:48:19 +0000] "PUT /d1/1013/AUTH_1781ba1921f84bf3bb1f6c4b33b719e2/gnocchi.3890465c-9331-4098-a050-9446118b0fe3/none_v3" 201 - "PUT http://localhost:8080/v1/AUTH_1781ba1921f84bf3bb1f6c4b33b719e2/gnocchi.3890465c-9331-4098-a050-9446118b0fe3/none_v3" "txa3058152e5c040098b322-0069258973" "proxy-server 21" 0.0127 "-" 23 0
Nov 25 10:48:19 standalone proxy-server[123406]: 172.18.0.2 ::1 25/Nov/2025/10/48/19 PUT /v1/AUTH_1781ba1921f84bf3bb1f6c4b33b719e2/gnocchi.3890465c-9331-4098-a050-9446118b0fe3/none_v3 HTTP/1.0 201 - python-swiftclient-3.11.1 gAAAAABpJYitZHZa... 22 - - txa3058152e5c040098b322-0069258973 - 0.0214 - - 1764067699.470346689 1764067699.491741657 0
Nov 25 10:48:19 standalone container-server[121282]: 172.20.0.100 - - [25/Nov/2025:10:48:19 +0000] "HEAD /d1/652/AUTH_1781ba1921f84bf3bb1f6c4b33b719e2/gnocchi.2c8c3c7e-705e-4854-916c-cfe1bdf3877e" 404 - "HEAD http://localhost:8080/v1/AUTH_1781ba1921f84bf3bb1f6c4b33b719e2/gnocchi.2c8c3c7e-705e-4854-916c-cfe1bdf3877e?format=json&states=listing" "tx780108d3990a4bd493768-0069258973" "proxy-server 21" 0.0008 "-" 22 0
Nov 25 10:48:19 standalone object-server[121433]: 172.20.0.100 - - [25/Nov/2025:10:48:19 +0000] "GET /d1/919/AUTH_1781ba1921f84bf3bb1f6c4b33b719e2/gnocchi.2c8c3c7e-705e-4854-916c-cfe1bdf3877e/none_v3" 404 70 "GET http://localhost:8080/v1/AUTH_1781ba1921f84bf3bb1f6c4b33b719e2/gnocchi.2c8c3c7e-705e-4854-916c-cfe1bdf3877e/none_v3" "tx780108d3990a4bd493768-0069258973" "proxy-server 21" 0.0008 "-" 25 0
Nov 25 10:48:19 standalone proxy-server[123406]: 172.18.0.2 ::1 25/Nov/2025/10/48/19 GET /v1/AUTH_1781ba1921f84bf3bb1f6c4b33b719e2/gnocchi.2c8c3c7e-705e-4854-916c-cfe1bdf3877e/none_v3 HTTP/1.0 404 - python-swiftclient-3.11.1 gAAAAABpJYitZHZa... - 70 - tx780108d3990a4bd493768-0069258973 - 0.0170 - - 1764067699.509122610 1764067699.526147366 0
Nov 25 10:48:19 standalone account-server[121248]: 172.20.0.100 - - [25/Nov/2025:10:48:19 +0000] "PUT /d1/755/AUTH_1781ba1921f84bf3bb1f6c4b33b719e2/gnocchi.2c8c3c7e-705e-4854-916c-cfe1bdf3877e" 201 - "PUT http://172.20.0.100:6001/d1/652/AUTH_1781ba1921f84bf3bb1f6c4b33b719e2/gnocchi.2c8c3c7e-705e-4854-916c-cfe1bdf3877e" "tx1bf2e8002b734f0a8b51a-0069258973" "container-server 22" 0.0060 "-" 16 0
Nov 25 10:48:19 standalone container-server[121282]: 172.20.0.100 - - [25/Nov/2025:10:48:19 +0000] "PUT /d1/652/AUTH_1781ba1921f84bf3bb1f6c4b33b719e2/gnocchi.2c8c3c7e-705e-4854-916c-cfe1bdf3877e" 201 - "PUT http://localhost:8080/v1/AUTH_1781ba1921f84bf3bb1f6c4b33b719e2/gnocchi.2c8c3c7e-705e-4854-916c-cfe1bdf3877e" "tx1bf2e8002b734f0a8b51a-0069258973" "proxy-server 21" 0.0202 "-" 22 0
Nov 25 10:48:19 standalone proxy-server[123406]: 172.18.0.2 ::1 25/Nov/2025/10/48/19 PUT /v1/AUTH_1781ba1921f84bf3bb1f6c4b33b719e2/gnocchi.2c8c3c7e-705e-4854-916c-cfe1bdf3877e HTTP/1.0 201 - python-swiftclient-3.11.1 gAAAAABpJYitZHZa... - - - tx1bf2e8002b734f0a8b51a-0069258973 - 0.0273 - - 1764067699.530683279 1764067699.558030128 0
Nov 25 10:48:19 standalone container-server[121286]: 172.20.0.100 - - [25/Nov/2025:10:48:19 +0000] "HEAD /d1/652/AUTH_1781ba1921f84bf3bb1f6c4b33b719e2/gnocchi.2c8c3c7e-705e-4854-916c-cfe1bdf3877e" 204 - "HEAD http://localhost:8080/v1/AUTH_1781ba1921f84bf3bb1f6c4b33b719e2/gnocchi.2c8c3c7e-705e-4854-916c-cfe1bdf3877e?format=json&states=listing" "tx7a254346500d430b90fca-0069258973" "proxy-server 21" 0.0023 "-" 23 0
Nov 25 10:48:19 standalone proxy-server[123406]: - - 25/Nov/2025/10/48/19 HEAD /v1/AUTH_1781ba1921f84bf3bb1f6c4b33b719e2/gnocchi.2c8c3c7e-705e-4854-916c-cfe1bdf3877e%3Fformat%3Djson%26states%3Dlisting HTTP/1.0 204 - Swift - - - - tx7a254346500d430b90fca-0069258973 - 0.0074 RL - 1764067699.566321373 1764067699.573693514 0
Nov 25 10:48:19 standalone container-server[121267]: 172.20.0.100 - - [25/Nov/2025:10:48:19 +0000] "GET /d1/652/AUTH_1781ba1921f84bf3bb1f6c4b33b719e2/gnocchi.2c8c3c7e-705e-4854-916c-cfe1bdf3877e" 200 2 "GET http://localhost:8080/v1/AUTH_1781ba1921f84bf3bb1f6c4b33b719e2/gnocchi.2c8c3c7e-705e-4854-916c-cfe1bdf3877e?format=json&states=listing" "tx7a254346500d430b90fca-0069258973" "proxy-server 21" 0.0035 "-" 20 0
Nov 25 10:48:19 standalone proxy-server[123406]: 172.18.0.2 ::1 25/Nov/2025/10/48/19 GET /v1/AUTH_1781ba1921f84bf3bb1f6c4b33b719e2/gnocchi.2c8c3c7e-705e-4854-916c-cfe1bdf3877e%3Fformat%3Djson%26states%3Dlisting HTTP/1.0 200 - python-swiftclient-3.11.1 gAAAAABpJYitZHZa... - 2 - tx7a254346500d430b90fca-0069258973 - 0.0223 - - 1764067699.564257383 1764067699.586584806 0
Nov 25 10:48:19 standalone object-server[121433]: 172.20.0.100 - - [25/Nov/2025:10:48:19 +0000] "GET /d1/717/AUTH_1781ba1921f84bf3bb1f6c4b33b719e2/gnocchi.2c8c3c7e-705e-4854-916c-cfe1bdf3877e/1763640000.0_mean_300.0_v3" 404 70 "GET http://localhost:8080/v1/AUTH_1781ba1921f84bf3bb1f6c4b33b719e2/gnocchi.2c8c3c7e-705e-4854-916c-cfe1bdf3877e/1763640000.0_mean_300.0_v3" "txd411f776109449b6be66f-0069258973" "proxy-server 21" 0.0006 "-" 25 0
Nov 25 10:48:19 standalone proxy-server[123406]: 172.18.0.2 ::1 25/Nov/2025/10/48/19 GET /v1/AUTH_1781ba1921f84bf3bb1f6c4b33b719e2/gnocchi.2c8c3c7e-705e-4854-916c-cfe1bdf3877e/1763640000.0_mean_300.0_v3 HTTP/1.0 404 - python-swiftclient-3.11.1 gAAAAABpJYitZHZa... - 70 - txd411f776109449b6be66f-0069258973 - 0.0080 - - 1764067699.592264891 1764067699.600218773 0
Nov 25 10:48:19 standalone container-server[121267]: 172.20.0.100 - - [25/Nov/2025:10:48:19 +0000] "PUT /d1/652/AUTH_1781ba1921f84bf3bb1f6c4b33b719e2/gnocchi.2c8c3c7e-705e-4854-916c-cfe1bdf3877e/1763640000.0_mean_300.0_v3" 201 - "PUT http://localhost:8080/d1/717/AUTH_1781ba1921f84bf3bb1f6c4b33b719e2/gnocchi.2c8c3c7e-705e-4854-916c-cfe1bdf3877e/1763640000.0_mean_300.0_v3" "tx2804f3696eec433aad595-0069258973" "object-server 25" 0.0008 "-" 20 0
Nov 25 10:48:19 standalone object-server[121433]: 172.20.0.100 - - [25/Nov/2025:10:48:19 +0000] "PUT /d1/717/AUTH_1781ba1921f84bf3bb1f6c4b33b719e2/gnocchi.2c8c3c7e-705e-4854-916c-cfe1bdf3877e/1763640000.0_mean_300.0_v3" 201 - "PUT http://localhost:8080/v1/AUTH_1781ba1921f84bf3bb1f6c4b33b719e2/gnocchi.2c8c3c7e-705e-4854-916c-cfe1bdf3877e/1763640000.0_mean_300.0_v3" "tx2804f3696eec433aad595-0069258973" "proxy-server 21" 0.0122 "-" 25 0
Nov 25 10:48:19 standalone proxy-server[123406]: 172.18.0.2 ::1 25/Nov/2025/10/48/19 PUT /v1/AUTH_1781ba1921f84bf3bb1f6c4b33b719e2/gnocchi.2c8c3c7e-705e-4854-916c-cfe1bdf3877e/1763640000.0_mean_300.0_v3 HTTP/1.0 201 - python-swiftclient-3.11.1 gAAAAABpJYitZHZa... 16 - - tx2804f3696eec433aad595-0069258973 - 0.0197 - - 1764067699.605029583 1764067699.624699116 0
Nov 25 10:48:19 standalone container-server[121286]: 172.20.0.100 - - [25/Nov/2025:10:48:19 +0000] "PUT /d1/652/AUTH_1781ba1921f84bf3bb1f6c4b33b719e2/gnocchi.2c8c3c7e-705e-4854-916c-cfe1bdf3877e/none_v3" 201 - "PUT http://localhost:8080/d1/919/AUTH_1781ba1921f84bf3bb1f6c4b33b719e2/gnocchi.2c8c3c7e-705e-4854-916c-cfe1bdf3877e/none_v3" "txddc88f03f8e5452d9bf13-0069258973" "object-server 22" 0.0008 "-" 23 0
Nov 25 10:48:19 standalone object-server[121429]: 172.20.0.100 - - [25/Nov/2025:10:48:19 +0000] "PUT /d1/919/AUTH_1781ba1921f84bf3bb1f6c4b33b719e2/gnocchi.2c8c3c7e-705e-4854-916c-cfe1bdf3877e/none_v3" 201 - "PUT http://localhost:8080/v1/AUTH_1781ba1921f84bf3bb1f6c4b33b719e2/gnocchi.2c8c3c7e-705e-4854-916c-cfe1bdf3877e/none_v3" "txddc88f03f8e5452d9bf13-0069258973" "proxy-server 21" 0.0118 "-" 22 0
Nov 25 10:48:19 standalone proxy-server[123406]: 172.18.0.2 ::1 25/Nov/2025/10/48/19 PUT /v1/AUTH_1781ba1921f84bf3bb1f6c4b33b719e2/gnocchi.2c8c3c7e-705e-4854-916c-cfe1bdf3877e/none_v3 HTTP/1.0 201 - python-swiftclient-3.11.1 gAAAAABpJYitZHZa... 22 - - txddc88f03f8e5452d9bf13-0069258973 - 0.0201 - - 1764067699.629349947 1764067699.649487972 0
Nov 25 10:48:19 standalone container-server[121277]: 172.20.0.100 - - [25/Nov/2025:10:48:19 +0000] "HEAD /d1/452/AUTH_1781ba1921f84bf3bb1f6c4b33b719e2/gnocchi.0065cca5-4420-4490-b802-d350a8e5c2a6" 404 - "HEAD http://localhost:8080/v1/AUTH_1781ba1921f84bf3bb1f6c4b33b719e2/gnocchi.0065cca5-4420-4490-b802-d350a8e5c2a6?format=json&states=listing" "tx3fa45129ce4d481385082-0069258973" "proxy-server 21" 0.0007 "-" 21 0
Nov 25 10:48:19 standalone object-server[121432]: 172.20.0.100 - - [25/Nov/2025:10:48:19 +0000] "GET /d1/634/AUTH_1781ba1921f84bf3bb1f6c4b33b719e2/gnocchi.0065cca5-4420-4490-b802-d350a8e5c2a6/none_v3" 404 70 "GET http://localhost:8080/v1/AUTH_1781ba1921f84bf3bb1f6c4b33b719e2/gnocchi.0065cca5-4420-4490-b802-d350a8e5c2a6/none_v3" "tx3fa45129ce4d481385082-0069258973" "proxy-server 21" 0.0005 "-" 24 0
Nov 25 10:48:19 standalone proxy-server[123406]: 172.18.0.2 ::1 25/Nov/2025/10/48/19 GET /v1/AUTH_1781ba1921f84bf3bb1f6c4b33b719e2/gnocchi.0065cca5-4420-4490-b802-d350a8e5c2a6/none_v3 HTTP/1.0 404 - python-swiftclient-3.11.1 gAAAAABpJYitZHZa... - 70 - tx3fa45129ce4d481385082-0069258973 - 0.0154 - - 1764067699.667049646 1764067699.682419062 0
Nov 25 10:48:19 standalone account-server[121242]: 172.20.0.100 - - [25/Nov/2025:10:48:19 +0000] "PUT /d1/755/AUTH_1781ba1921f84bf3bb1f6c4b33b719e2/gnocchi.0065cca5-4420-4490-b802-d350a8e5c2a6" 201 - "PUT http://172.20.0.100:6001/d1/452/AUTH_1781ba1921f84bf3bb1f6c4b33b719e2/gnocchi.0065cca5-4420-4490-b802-d350a8e5c2a6" "tx7034e81c8d164cae9881d-0069258973" "container-server 23" 0.0061 "-" 15 0
Nov 25 10:48:19 standalone container-server[121286]: 172.20.0.100 - - [25/Nov/2025:10:48:19 +0000] "PUT /d1/452/AUTH_1781ba1921f84bf3bb1f6c4b33b719e2/gnocchi.0065cca5-4420-4490-b802-d350a8e5c2a6" 201 - "PUT http://localhost:8080/v1/AUTH_1781ba1921f84bf3bb1f6c4b33b719e2/gnocchi.0065cca5-4420-4490-b802-d350a8e5c2a6" "tx7034e81c8d164cae9881d-0069258973" "proxy-server 21" 0.0240 "-" 23 0
Nov 25 10:48:19 standalone proxy-server[123406]: 172.18.0.2 ::1 25/Nov/2025/10/48/19 PUT /v1/AUTH_1781ba1921f84bf3bb1f6c4b33b719e2/gnocchi.0065cca5-4420-4490-b802-d350a8e5c2a6 HTTP/1.0 201 - python-swiftclient-3.11.1 gAAAAABpJYitZHZa... - - - tx7034e81c8d164cae9881d-0069258973 - 0.0310 - - 1764067699.687771320 1764067699.718781233 0
Nov 25 10:48:19 standalone container-server[121267]: 172.20.0.100 - - [25/Nov/2025:10:48:19 +0000] "HEAD /d1/452/AUTH_1781ba1921f84bf3bb1f6c4b33b719e2/gnocchi.0065cca5-4420-4490-b802-d350a8e5c2a6" 204 - "HEAD http://localhost:8080/v1/AUTH_1781ba1921f84bf3bb1f6c4b33b719e2/gnocchi.0065cca5-4420-4490-b802-d350a8e5c2a6?format=json&states=listing" "txd68b52d447b3436486346-0069258973" "proxy-server 21" 0.0031 "-" 20 0
Nov 25 10:48:19 standalone proxy-server[123406]: - - 25/Nov/2025/10/48/19 HEAD /v1/AUTH_1781ba1921f84bf3bb1f6c4b33b719e2/gnocchi.0065cca5-4420-4490-b802-d350a8e5c2a6%3Fformat%3Djson%26states%3Dlisting HTTP/1.0 204 - Swift - - - - txd68b52d447b3436486346-0069258973 - 0.0078 RL - 1764067699.726900578 1764067699.734732628 0
Nov 25 10:48:19 standalone container-server[121282]: 172.20.0.100 - - [25/Nov/2025:10:48:19 +0000] "GET /d1/452/AUTH_1781ba1921f84bf3bb1f6c4b33b719e2/gnocchi.0065cca5-4420-4490-b802-d350a8e5c2a6" 200 2 "GET http://localhost:8080/v1/AUTH_1781ba1921f84bf3bb1f6c4b33b719e2/gnocchi.0065cca5-4420-4490-b802-d350a8e5c2a6?format=json&states=listing" "txd68b52d447b3436486346-0069258973" "proxy-server 21" 0.0042 "-" 22 0
Nov 25 10:48:19 standalone proxy-server[123406]: 172.18.0.2 ::1 25/Nov/2025/10/48/19 GET /v1/AUTH_1781ba1921f84bf3bb1f6c4b33b719e2/gnocchi.0065cca5-4420-4490-b802-d350a8e5c2a6%3Fformat%3Djson%26states%3Dlisting HTTP/1.0 200 - python-swiftclient-3.11.1 gAAAAABpJYitZHZa... - 2 - txd68b52d447b3436486346-0069258973 - 0.0231 - - 1764067699.725609303 1764067699.748678207 0
Nov 25 10:48:19 standalone object-server[121433]: 172.20.0.100 - - [25/Nov/2025:10:48:19 +0000] "GET /d1/51/AUTH_1781ba1921f84bf3bb1f6c4b33b719e2/gnocchi.0065cca5-4420-4490-b802-d350a8e5c2a6/1763640000.0_mean_300.0_v3" 404 70 "GET http://localhost:8080/v1/AUTH_1781ba1921f84bf3bb1f6c4b33b719e2/gnocchi.0065cca5-4420-4490-b802-d350a8e5c2a6/1763640000.0_mean_300.0_v3" "txa388d51ee21d4610a2051-0069258973" "proxy-server 21" 0.0005 "-" 25 0
Nov 25 10:48:19 standalone proxy-server[123406]: 172.18.0.2 ::1 25/Nov/2025/10/48/19 GET /v1/AUTH_1781ba1921f84bf3bb1f6c4b33b719e2/gnocchi.0065cca5-4420-4490-b802-d350a8e5c2a6/1763640000.0_mean_300.0_v3 HTTP/1.0 404 - python-swiftclient-3.11.1 gAAAAABpJYitZHZa... - 70 - txa388d51ee21d4610a2051-0069258973 - 0.0104 - - 1764067699.756564379 1764067699.766990662 0
Nov 25 10:48:19 standalone container-server[121267]: 172.20.0.100 - - [25/Nov/2025:10:48:19 +0000] "PUT /d1/452/AUTH_1781ba1921f84bf3bb1f6c4b33b719e2/gnocchi.0065cca5-4420-4490-b802-d350a8e5c2a6/1763640000.0_mean_300.0_v3" 201 - "PUT http://localhost:8080/d1/51/AUTH_1781ba1921f84bf3bb1f6c4b33b719e2/gnocchi.0065cca5-4420-4490-b802-d350a8e5c2a6/1763640000.0_mean_300.0_v3" "txb1a7ce30d49c4f87a6307-0069258973" "object-server 24" 0.0007 "-" 20 0
Nov 25 10:48:19 standalone object-server[121432]: 172.20.0.100 - - [25/Nov/2025:10:48:19 +0000] "PUT /d1/51/AUTH_1781ba1921f84bf3bb1f6c4b33b719e2/gnocchi.0065cca5-4420-4490-b802-d350a8e5c2a6/1763640000.0_mean_300.0_v3" 201 - "PUT http://localhost:8080/v1/AUTH_1781ba1921f84bf3bb1f6c4b33b719e2/gnocchi.0065cca5-4420-4490-b802-d350a8e5c2a6/1763640000.0_mean_300.0_v3" "txb1a7ce30d49c4f87a6307-0069258973" "proxy-server 21" 0.0129 "-" 24 0
Nov 25 10:48:19 standalone proxy-server[123406]: 172.18.0.2 ::1 25/Nov/2025/10/48/19 PUT /v1/AUTH_1781ba1921f84bf3bb1f6c4b33b719e2/gnocchi.0065cca5-4420-4490-b802-d350a8e5c2a6/1763640000.0_mean_300.0_v3 HTTP/1.0 201 - python-swiftclient-3.11.1 gAAAAABpJYitZHZa... 16 - - txb1a7ce30d49c4f87a6307-0069258973 - 0.0221 - - 1764067699.773678780 1764067699.795756340 0
Nov 25 10:48:19 standalone container-server[121267]: 172.20.0.100 - - [25/Nov/2025:10:48:19 +0000] "PUT /d1/452/AUTH_1781ba1921f84bf3bb1f6c4b33b719e2/gnocchi.0065cca5-4420-4490-b802-d350a8e5c2a6/none_v3" 201 - "PUT http://localhost:8080/d1/634/AUTH_1781ba1921f84bf3bb1f6c4b33b719e2/gnocchi.0065cca5-4420-4490-b802-d350a8e5c2a6/none_v3" "tx61cf5b8ea69b4a1393855-0069258973" "object-server 25" 0.0010 "-" 20 0
Nov 25 10:48:19 standalone object-server[121433]: 172.20.0.100 - - [25/Nov/2025:10:48:19 +0000] "PUT /d1/634/AUTH_1781ba1921f84bf3bb1f6c4b33b719e2/gnocchi.0065cca5-4420-4490-b802-d350a8e5c2a6/none_v3" 201 - "PUT http://localhost:8080/v1/AUTH_1781ba1921f84bf3bb1f6c4b33b719e2/gnocchi.0065cca5-4420-4490-b802-d350a8e5c2a6/none_v3" "tx61cf5b8ea69b4a1393855-0069258973" "proxy-server 21" 0.0131 "-" 25 0
Nov 25 10:48:19 standalone proxy-server[123406]: 172.18.0.2 ::1 25/Nov/2025/10/48/19 PUT /v1/AUTH_1781ba1921f84bf3bb1f6c4b33b719e2/gnocchi.0065cca5-4420-4490-b802-d350a8e5c2a6/none_v3 HTTP/1.0 201 - python-swiftclient-3.11.1 gAAAAABpJYitZHZa... 22 - - tx61cf5b8ea69b4a1393855-0069258973 - 0.0223 - - 1764067699.802008867 1764067699.824326038 0
Nov 25 10:48:19 standalone container-server[121286]: 172.20.0.100 - - [25/Nov/2025:10:48:19 +0000] "HEAD /d1/865/AUTH_1781ba1921f84bf3bb1f6c4b33b719e2/gnocchi.9bc0b825-d9c9-4929-b497-477a20e1dca5" 404 - "HEAD http://localhost:8080/v1/AUTH_1781ba1921f84bf3bb1f6c4b33b719e2/gnocchi.9bc0b825-d9c9-4929-b497-477a20e1dca5?format=json&states=listing" "tx0fb4b4d7420d4b77a2188-0069258973" "proxy-server 21" 0.0006 "-" 23 0
Nov 25 10:48:19 standalone object-server[121429]: 172.20.0.100 - - [25/Nov/2025:10:48:19 +0000] "GET /d1/731/AUTH_1781ba1921f84bf3bb1f6c4b33b719e2/gnocchi.9bc0b825-d9c9-4929-b497-477a20e1dca5/none_v3" 404 70 "GET http://localhost:8080/v1/AUTH_1781ba1921f84bf3bb1f6c4b33b719e2/gnocchi.9bc0b825-d9c9-4929-b497-477a20e1dca5/none_v3" "tx0fb4b4d7420d4b77a2188-0069258973" "proxy-server 21" 0.0007 "-" 22 0
Nov 25 10:48:19 standalone proxy-server[123406]: 172.18.0.2 ::1 25/Nov/2025/10/48/19 GET /v1/AUTH_1781ba1921f84bf3bb1f6c4b33b719e2/gnocchi.9bc0b825-d9c9-4929-b497-477a20e1dca5/none_v3 HTTP/1.0 404 - python-swiftclient-3.11.1 gAAAAABpJYitZHZa... - 70 - tx0fb4b4d7420d4b77a2188-0069258973 - 0.0133 - - 1764067699.845270634 1764067699.858551025 0
Nov 25 10:48:19 standalone account-server[121248]: 172.20.0.100 - - [25/Nov/2025:10:48:19 +0000] "PUT /d1/755/AUTH_1781ba1921f84bf3bb1f6c4b33b719e2/gnocchi.9bc0b825-d9c9-4929-b497-477a20e1dca5" 201 - "PUT http://172.20.0.100:6001/d1/865/AUTH_1781ba1921f84bf3bb1f6c4b33b719e2/gnocchi.9bc0b825-d9c9-4929-b497-477a20e1dca5" "tx57a601fbb36545728aa67-0069258973" "container-server 21" 0.0057 "-" 16 0
Nov 25 10:48:19 standalone container-server[121277]: 172.20.0.100 - - [25/Nov/2025:10:48:19 +0000] "PUT /d1/865/AUTH_1781ba1921f84bf3bb1f6c4b33b719e2/gnocchi.9bc0b825-d9c9-4929-b497-477a20e1dca5" 201 - "PUT http://localhost:8080/v1/AUTH_1781ba1921f84bf3bb1f6c4b33b719e2/gnocchi.9bc0b825-d9c9-4929-b497-477a20e1dca5" "tx57a601fbb36545728aa67-0069258973" "proxy-server 21" 0.0234 "-" 21 0
Nov 25 10:48:19 standalone proxy-server[123406]: 172.18.0.2 ::1 25/Nov/2025/10/48/19 PUT /v1/AUTH_1781ba1921f84bf3bb1f6c4b33b719e2/gnocchi.9bc0b825-d9c9-4929-b497-477a20e1dca5 HTTP/1.0 201 - python-swiftclient-3.11.1 gAAAAABpJYitZHZa... - - - tx57a601fbb36545728aa67-0069258973 - 0.0309 - - 1764067699.864215374 1764067699.895153999 0
Nov 25 10:48:19 standalone container-server[121267]: 172.20.0.100 - - [25/Nov/2025:10:48:19 +0000] "HEAD /d1/865/AUTH_1781ba1921f84bf3bb1f6c4b33b719e2/gnocchi.9bc0b825-d9c9-4929-b497-477a20e1dca5" 204 - "HEAD http://localhost:8080/v1/AUTH_1781ba1921f84bf3bb1f6c4b33b719e2/gnocchi.9bc0b825-d9c9-4929-b497-477a20e1dca5?format=json&states=listing" "tx853784d551934ac89f945-0069258973" "proxy-server 21" 0.0035 "-" 20 0
Nov 25 10:48:19 standalone proxy-server[123406]: - - 25/Nov/2025/10/48/19 HEAD /v1/AUTH_1781ba1921f84bf3bb1f6c4b33b719e2/gnocchi.9bc0b825-d9c9-4929-b497-477a20e1dca5%3Fformat%3Djson%26states%3Dlisting HTTP/1.0 204 - Swift - - - - tx853784d551934ac89f945-0069258973 - 0.0119 RL - 1764067699.904022455 1764067699.915905952 0
Nov 25 10:48:19 standalone container-server[121286]: 172.20.0.100 - - [25/Nov/2025:10:48:19 +0000] "GET /d1/865/AUTH_1781ba1921f84bf3bb1f6c4b33b719e2/gnocchi.9bc0b825-d9c9-4929-b497-477a20e1dca5" 200 2 "GET http://localhost:8080/v1/AUTH_1781ba1921f84bf3bb1f6c4b33b719e2/gnocchi.9bc0b825-d9c9-4929-b497-477a20e1dca5?format=json&states=listing" "tx853784d551934ac89f945-0069258973" "proxy-server 21" 0.0049 "-" 23 0
Nov 25 10:48:19 standalone proxy-server[123406]: 172.18.0.2 ::1 25/Nov/2025/10/48/19 GET /v1/AUTH_1781ba1921f84bf3bb1f6c4b33b719e2/gnocchi.9bc0b825-d9c9-4929-b497-477a20e1dca5%3Fformat%3Djson%26states%3Dlisting HTTP/1.0 200 - python-swiftclient-3.11.1 gAAAAABpJYitZHZa... - 2 - tx853784d551934ac89f945-0069258973 - 0.0305 - - 1764067699.902054310 1764067699.932570934 0
Nov 25 10:48:19 standalone object-server[121433]: 172.20.0.100 - - [25/Nov/2025:10:48:19 +0000] "GET /d1/17/AUTH_1781ba1921f84bf3bb1f6c4b33b719e2/gnocchi.9bc0b825-d9c9-4929-b497-477a20e1dca5/1763640000.0_mean_300.0_v3" 404 70 "GET http://localhost:8080/v1/AUTH_1781ba1921f84bf3bb1f6c4b33b719e2/gnocchi.9bc0b825-d9c9-4929-b497-477a20e1dca5/1763640000.0_mean_300.0_v3" "txebc0756d3f5a45399658d-0069258973" "proxy-server 21" 0.0006 "-" 25 0
Nov 25 10:48:19 standalone proxy-server[123406]: 172.18.0.2 ::1 25/Nov/2025/10/48/19 GET /v1/AUTH_1781ba1921f84bf3bb1f6c4b33b719e2/gnocchi.9bc0b825-d9c9-4929-b497-477a20e1dca5/1763640000.0_mean_300.0_v3 HTTP/1.0 404 - python-swiftclient-3.11.1 gAAAAABpJYitZHZa... - 70 - txebc0756d3f5a45399658d-0069258973 - 0.0106 - - 1764067699.939493656 1764067699.950108767 0
Nov 25 10:48:19 standalone container-server[121267]: 172.20.0.100 - - [25/Nov/2025:10:48:19 +0000] "PUT /d1/865/AUTH_1781ba1921f84bf3bb1f6c4b33b719e2/gnocchi.9bc0b825-d9c9-4929-b497-477a20e1dca5/1763640000.0_mean_300.0_v3" 201 - "PUT http://localhost:8080/d1/17/AUTH_1781ba1921f84bf3bb1f6c4b33b719e2/gnocchi.9bc0b825-d9c9-4929-b497-477a20e1dca5/1763640000.0_mean_300.0_v3" "tx24ace722588a477fb82a5-0069258973" "object-server 24" 0.0013 "-" 20 0
Nov 25 10:48:19 standalone object-server[121432]: 172.20.0.100 - - [25/Nov/2025:10:48:19 +0000] "PUT /d1/17/AUTH_1781ba1921f84bf3bb1f6c4b33b719e2/gnocchi.9bc0b825-d9c9-4929-b497-477a20e1dca5/1763640000.0_mean_300.0_v3" 201 - "PUT http://localhost:8080/v1/AUTH_1781ba1921f84bf3bb1f6c4b33b719e2/gnocchi.9bc0b825-d9c9-4929-b497-477a20e1dca5/1763640000.0_mean_300.0_v3" "tx24ace722588a477fb82a5-0069258973" "proxy-server 21" 0.0142 "-" 24 0
Nov 25 10:48:19 standalone proxy-server[123406]: 172.18.0.2 ::1 25/Nov/2025/10/48/19 PUT /v1/AUTH_1781ba1921f84bf3bb1f6c4b33b719e2/gnocchi.9bc0b825-d9c9-4929-b497-477a20e1dca5/1763640000.0_mean_300.0_v3 HTTP/1.0 201 - python-swiftclient-3.11.1 gAAAAABpJYitZHZa... 16 - - tx24ace722588a477fb82a5-0069258973 - 0.0237 - - 1764067699.957656860 1764067699.981372356 0
Nov 25 10:48:20 standalone container-server[121267]: 172.20.0.100 - - [25/Nov/2025:10:48:20 +0000] "PUT /d1/865/AUTH_1781ba1921f84bf3bb1f6c4b33b719e2/gnocchi.9bc0b825-d9c9-4929-b497-477a20e1dca5/none_v3" 201 - "PUT http://localhost:8080/d1/731/AUTH_1781ba1921f84bf3bb1f6c4b33b719e2/gnocchi.9bc0b825-d9c9-4929-b497-477a20e1dca5/none_v3" "tx22a4ac29f33342aa8bb50-0069258973" "object-server 24" 0.0011 "-" 20 0
Nov 25 10:48:20 standalone object-server[121432]: 172.20.0.100 - - [25/Nov/2025:10:48:20 +0000] "PUT /d1/731/AUTH_1781ba1921f84bf3bb1f6c4b33b719e2/gnocchi.9bc0b825-d9c9-4929-b497-477a20e1dca5/none_v3" 201 - "PUT http://localhost:8080/v1/AUTH_1781ba1921f84bf3bb1f6c4b33b719e2/gnocchi.9bc0b825-d9c9-4929-b497-477a20e1dca5/none_v3" "tx22a4ac29f33342aa8bb50-0069258973" "proxy-server 21" 0.0132 "-" 24 0
Nov 25 10:48:20 standalone proxy-server[123406]: 172.18.0.2 ::1 25/Nov/2025/10/48/20 PUT /v1/AUTH_1781ba1921f84bf3bb1f6c4b33b719e2/gnocchi.9bc0b825-d9c9-4929-b497-477a20e1dca5/none_v3 HTTP/1.0 201 - python-swiftclient-3.11.1 gAAAAABpJYitZHZa... 22 - - tx22a4ac29f33342aa8bb50-0069258973 - 0.0219 - - 1764067699.986421824 1764067700.008323669 0
Nov 25 10:48:20 standalone container-server[121282]: 172.20.0.100 - - [25/Nov/2025:10:48:20 +0000] "HEAD /d1/396/AUTH_1781ba1921f84bf3bb1f6c4b33b719e2/gnocchi.25933d39-d7a2-4b74-b172-384960e9fb3f" 404 - "HEAD http://localhost:8080/v1/AUTH_1781ba1921f84bf3bb1f6c4b33b719e2/gnocchi.25933d39-d7a2-4b74-b172-384960e9fb3f?format=json&states=listing" "tx589f69f0ec9043db99baf-0069258974" "proxy-server 21" 0.0013 "-" 22 0
Nov 25 10:48:20 standalone object-server[121431]: 172.20.0.100 - - [25/Nov/2025:10:48:20 +0000] "GET /d1/350/AUTH_1781ba1921f84bf3bb1f6c4b33b719e2/gnocchi.25933d39-d7a2-4b74-b172-384960e9fb3f/none_v3" 404 70 "GET http://localhost:8080/v1/AUTH_1781ba1921f84bf3bb1f6c4b33b719e2/gnocchi.25933d39-d7a2-4b74-b172-384960e9fb3f/none_v3" "tx589f69f0ec9043db99baf-0069258974" "proxy-server 21" 0.0006 "-" 23 0
Nov 25 10:48:20 standalone proxy-server[123406]: 172.18.0.2 ::1 25/Nov/2025/10/48/20 GET /v1/AUTH_1781ba1921f84bf3bb1f6c4b33b719e2/gnocchi.25933d39-d7a2-4b74-b172-384960e9fb3f/none_v3 HTTP/1.0 404 - python-swiftclient-3.11.1 gAAAAABpJYitZHZa... - 70 - tx589f69f0ec9043db99baf-0069258974 - 0.0182 - - 1764067700.024494410 1764067700.042660713 0
Nov 25 10:48:20 standalone account-server[121250]: 172.20.0.100 - - [25/Nov/2025:10:48:20 +0000] "PUT /d1/755/AUTH_1781ba1921f84bf3bb1f6c4b33b719e2/gnocchi.25933d39-d7a2-4b74-b172-384960e9fb3f" 201 - "PUT http://172.20.0.100:6001/d1/396/AUTH_1781ba1921f84bf3bb1f6c4b33b719e2/gnocchi.25933d39-d7a2-4b74-b172-384960e9fb3f" "txd92be53083924a1c9f47d-0069258974" "container-server 21" 0.0057 "-" 17 0
Nov 25 10:48:20 standalone container-server[121277]: 172.20.0.100 - - [25/Nov/2025:10:48:20 +0000] "PUT /d1/396/AUTH_1781ba1921f84bf3bb1f6c4b33b719e2/gnocchi.25933d39-d7a2-4b74-b172-384960e9fb3f" 201 - "PUT http://localhost:8080/v1/AUTH_1781ba1921f84bf3bb1f6c4b33b719e2/gnocchi.25933d39-d7a2-4b74-b172-384960e9fb3f" "txd92be53083924a1c9f47d-0069258974" "proxy-server 21" 0.0186 "-" 21 0
Nov 25 10:48:20 standalone proxy-server[123406]: 172.18.0.2 ::1 25/Nov/2025/10/48/20 PUT /v1/AUTH_1781ba1921f84bf3bb1f6c4b33b719e2/gnocchi.25933d39-d7a2-4b74-b172-384960e9fb3f HTTP/1.0 201 - python-swiftclient-3.11.1 gAAAAABpJYitZHZa... - - - txd92be53083924a1c9f47d-0069258974 - 0.0272 - - 1764067700.047064781 1764067700.074271679 0
Nov 25 10:48:20 standalone container-server[121267]: 172.20.0.100 - - [25/Nov/2025:10:48:20 +0000] "HEAD /d1/396/AUTH_1781ba1921f84bf3bb1f6c4b33b719e2/gnocchi.25933d39-d7a2-4b74-b172-384960e9fb3f" 204 - "HEAD http://localhost:8080/v1/AUTH_1781ba1921f84bf3bb1f6c4b33b719e2/gnocchi.25933d39-d7a2-4b74-b172-384960e9fb3f?format=json&states=listing" "tx213f62a2ace0463bba554-0069258974" "proxy-server 21" 0.0028 "-" 20 0
Nov 25 10:48:20 standalone proxy-server[123406]: - - 25/Nov/2025/10/48/20 HEAD /v1/AUTH_1781ba1921f84bf3bb1f6c4b33b719e2/gnocchi.25933d39-d7a2-4b74-b172-384960e9fb3f%3Fformat%3Djson%26states%3Dlisting HTTP/1.0 204 - Swift - - - - tx213f62a2ace0463bba554-0069258974 - 0.0083 RL - 1764067700.081664085 1764067700.089995623 0
Nov 25 10:48:20 standalone container-server[121267]: 172.20.0.100 - - [25/Nov/2025:10:48:20 +0000] "GET /d1/396/AUTH_1781ba1921f84bf3bb1f6c4b33b719e2/gnocchi.25933d39-d7a2-4b74-b172-384960e9fb3f" 200 2 "GET http://localhost:8080/v1/AUTH_1781ba1921f84bf3bb1f6c4b33b719e2/gnocchi.25933d39-d7a2-4b74-b172-384960e9fb3f?format=json&states=listing" "tx213f62a2ace0463bba554-0069258974" "proxy-server 21" 0.0050 "-" 20 0
Nov 25 10:48:20 standalone proxy-server[123406]: 172.18.0.2 ::1 25/Nov/2025/10/48/20 GET /v1/AUTH_1781ba1921f84bf3bb1f6c4b33b719e2/gnocchi.25933d39-d7a2-4b74-b172-384960e9fb3f%3Fformat%3Djson%26states%3Dlisting HTTP/1.0 200 - python-swiftclient-3.11.1 gAAAAABpJYitZHZa... - 2 - tx213f62a2ace0463bba554-0069258974 - 0.0246 - - 1764067700.079907417 1764067700.104481459 0
Nov 25 10:48:20 standalone object-server[121429]: 172.20.0.100 - - [25/Nov/2025:10:48:20 +0000] "GET /d1/206/AUTH_1781ba1921f84bf3bb1f6c4b33b719e2/gnocchi.25933d39-d7a2-4b74-b172-384960e9fb3f/1763640000.0_mean_300.0_v3" 404 70 "GET http://localhost:8080/v1/AUTH_1781ba1921f84bf3bb1f6c4b33b719e2/gnocchi.25933d39-d7a2-4b74-b172-384960e9fb3f/1763640000.0_mean_300.0_v3" "tx18c433ac8f6c4406bb74e-0069258974" "proxy-server 21" 0.0006 "-" 22 0
Nov 25 10:48:20 standalone proxy-server[123406]: 172.18.0.2 ::1 25/Nov/2025/10/48/20 GET /v1/AUTH_1781ba1921f84bf3bb1f6c4b33b719e2/gnocchi.25933d39-d7a2-4b74-b172-384960e9fb3f/1763640000.0_mean_300.0_v3 HTTP/1.0 404 - python-swiftclient-3.11.1 gAAAAABpJYitZHZa... - 70 - tx18c433ac8f6c4406bb74e-0069258974 - 0.0087 - - 1764067700.109731913 1764067700.118428230 0
Nov 25 10:48:20 standalone container-server[121282]: 172.20.0.100 - - [25/Nov/2025:10:48:20 +0000] "PUT /d1/396/AUTH_1781ba1921f84bf3bb1f6c4b33b719e2/gnocchi.25933d39-d7a2-4b74-b172-384960e9fb3f/1763640000.0_mean_300.0_v3" 201 - "PUT http://localhost:8080/d1/206/AUTH_1781ba1921f84bf3bb1f6c4b33b719e2/gnocchi.25933d39-d7a2-4b74-b172-384960e9fb3f/1763640000.0_mean_300.0_v3" "tx7c06802183ff4571a3117-0069258974" "object-server 24" 0.0016 "-" 22 0
Nov 25 10:48:20 standalone object-server[121432]: 172.20.0.100 - - [25/Nov/2025:10:48:20 +0000] "PUT /d1/206/AUTH_1781ba1921f84bf3bb1f6c4b33b719e2/gnocchi.25933d39-d7a2-4b74-b172-384960e9fb3f/1763640000.0_mean_300.0_v3" 201 - "PUT http://localhost:8080/v1/AUTH_1781ba1921f84bf3bb1f6c4b33b719e2/gnocchi.25933d39-d7a2-4b74-b172-384960e9fb3f/1763640000.0_mean_300.0_v3" "tx7c06802183ff4571a3117-0069258974" "proxy-server 21" 0.0156 "-" 24 0
Nov 25 10:48:20 standalone proxy-server[123406]: 172.18.0.2 ::1 25/Nov/2025/10/48/20 PUT /v1/AUTH_1781ba1921f84bf3bb1f6c4b33b719e2/gnocchi.25933d39-d7a2-4b74-b172-384960e9fb3f/1763640000.0_mean_300.0_v3 HTTP/1.0 201 - python-swiftclient-3.11.1 gAAAAABpJYitZHZa... 16 - - tx7c06802183ff4571a3117-0069258974 - 0.0279 - - 1764067700.127317429 1764067700.155253649 0
Nov 25 10:48:20 standalone container-server[121286]: 172.20.0.100 - - [25/Nov/2025:10:48:20 +0000] "PUT /d1/396/AUTH_1781ba1921f84bf3bb1f6c4b33b719e2/gnocchi.25933d39-d7a2-4b74-b172-384960e9fb3f/none_v3" 201 - "PUT http://localhost:8080/d1/350/AUTH_1781ba1921f84bf3bb1f6c4b33b719e2/gnocchi.25933d39-d7a2-4b74-b172-384960e9fb3f/none_v3" "tx044321baf06a4d4790aa9-0069258974" "object-server 24" 0.0009 "-" 23 0
Nov 25 10:48:20 standalone object-server[121432]: 172.20.0.100 - - [25/Nov/2025:10:48:20 +0000] "PUT /d1/350/AUTH_1781ba1921f84bf3bb1f6c4b33b719e2/gnocchi.25933d39-d7a2-4b74-b172-384960e9fb3f/none_v3" 201 - "PUT http://localhost:8080/v1/AUTH_1781ba1921f84bf3bb1f6c4b33b719e2/gnocchi.25933d39-d7a2-4b74-b172-384960e9fb3f/none_v3" "tx044321baf06a4d4790aa9-0069258974" "proxy-server 21" 0.0134 "-" 24 0
Nov 25 10:48:20 standalone proxy-server[123406]: 172.18.0.2 ::1 25/Nov/2025/10/48/20 PUT /v1/AUTH_1781ba1921f84bf3bb1f6c4b33b719e2/gnocchi.25933d39-d7a2-4b74-b172-384960e9fb3f/none_v3 HTTP/1.0 201 - python-swiftclient-3.11.1 gAAAAABpJYitZHZa... 22 - - tx044321baf06a4d4790aa9-0069258974 - 0.0229 - - 1764067700.164052963 1764067700.186933517 0
Nov 25 10:48:32 standalone container-server[121203]: Begin container update sweep
Nov 25 10:48:32 standalone account-server[121248]: 172.20.0.100 - - [25/Nov/2025:10:48:32 +0000] "PUT /d1/755/AUTH_1781ba1921f84bf3bb1f6c4b33b719e2/gnocchi.25933d39-d7a2-4b74-b172-384960e9fb3f" 201 - "-" "-" "container-updater 2" 0.0016 "-" 16 0
Nov 25 10:48:32 standalone account-server[121248]: 172.20.0.100 - - [25/Nov/2025:10:48:32 +0000] "PUT /d1/755/AUTH_1781ba1921f84bf3bb1f6c4b33b719e2/gnocchi.10087f63-3df1-4167-be57-3b0aa238e91a" 201 - "-" "-" "container-updater 2" 0.0007 "-" 16 0
Nov 25 10:48:32 standalone account-server[121242]: 172.20.0.100 - - [25/Nov/2025:10:48:32 +0000] "PUT /d1/755/AUTH_1781ba1921f84bf3bb1f6c4b33b719e2/gnocchi.ff8ca73a-22e2-403c-aa5e-4def623a8337" 201 - "-" "-" "container-updater 2" 0.0006 "-" 15 0
Nov 25 10:48:33 standalone account-server[121248]: 172.20.0.100 - - [25/Nov/2025:10:48:33 +0000] "PUT /d1/755/AUTH_1781ba1921f84bf3bb1f6c4b33b719e2/gnocchi.0065cca5-4420-4490-b802-d350a8e5c2a6" 201 - "-" "-" "container-updater 2" 0.0008 "-" 16 0
Nov 25 10:48:33 standalone account-server[121248]: 172.20.0.100 - - [25/Nov/2025:10:48:33 +0000] "PUT /d1/755/AUTH_1781ba1921f84bf3bb1f6c4b33b719e2/gnocchi.d2b0b9dd-bb31-4570-94b8-e0d3bb113477" 201 - "-" "-" "container-updater 2" 0.0010 "-" 16 0
Nov 25 10:48:33 standalone account-server[121237]: 172.20.0.100 - - [25/Nov/2025:10:48:33 +0000] "PUT /d1/755/AUTH_1781ba1921f84bf3bb1f6c4b33b719e2/gnocchi.acc6a833-6180-49d4-ace2-d29f2bda604b" 201 - "-" "-" "container-updater 2" 0.0005 "-" 14 0
Nov 25 10:48:33 standalone account-server[121242]: 172.20.0.100 - - [25/Nov/2025:10:48:33 +0000] "PUT /d1/755/AUTH_1781ba1921f84bf3bb1f6c4b33b719e2/gnocchi.f3c1b344-2cd1-407e-8168-0371f9da4761" 201 - "-" "-" "container-updater 2" 0.0007 "-" 15 0
Nov 25 10:48:33 standalone account-server[121250]: 172.20.0.100 - - [25/Nov/2025:10:48:33 +0000] "PUT /d1/755/AUTH_1781ba1921f84bf3bb1f6c4b33b719e2/gnocchi.2edc7ee0-6d26-4a13-83ba-48e91bbc8bbf" 201 - "-" "-" "container-updater 2" 0.0004 "-" 17 0
Nov 25 10:48:33 standalone account-server[121250]: 172.20.0.100 - - [25/Nov/2025:10:48:33 +0000] "PUT /d1/755/AUTH_1781ba1921f84bf3bb1f6c4b33b719e2/gnocchi.3890465c-9331-4098-a050-9446118b0fe3" 201 - "-" "-" "container-updater 2" 0.0002 "-" 17 0
Nov 25 10:48:33 standalone account-server[121250]: 172.20.0.100 - - [25/Nov/2025:10:48:33 +0000] "PUT /d1/755/AUTH_1781ba1921f84bf3bb1f6c4b33b719e2/gnocchi.8e3b49d0-3912-4a6e-8e20-4d36fb6066f7" 201 - "-" "-" "container-updater 2" 0.0003 "-" 17 0
Nov 25 10:48:33 standalone account-server[121248]: 172.20.0.100 - - [25/Nov/2025:10:48:33 +0000] "PUT /d1/755/AUTH_1781ba1921f84bf3bb1f6c4b33b719e2/gnocchi.7316e571-c4e7-42b9-99da-342c87f6e50b" 201 - "-" "-" "container-updater 2" 0.0007 "-" 16 0
Nov 25 10:48:33 standalone account-server[121250]: 172.20.0.100 - - [25/Nov/2025:10:48:33 +0000] "PUT /d1/755/AUTH_1781ba1921f84bf3bb1f6c4b33b719e2/gnocchi.470b00b6-3dfb-4b55-86a3-88caa3704111" 201 - "-" "-" "container-updater 2" 0.0006 "-" 17 0
Nov 25 10:48:33 standalone account-server[121242]: 172.20.0.100 - - [25/Nov/2025:10:48:33 +0000] "PUT /d1/755/AUTH_1781ba1921f84bf3bb1f6c4b33b719e2/gnocchi.420b7a55-8f2c-48e3-ac59-1a6de87ef0dc" 201 - "-" "-" "container-updater 2" 0.0007 "-" 15 0
Nov 25 10:48:33 standalone account-server[121250]: 172.20.0.100 - - [25/Nov/2025:10:48:33 +0000] "PUT /d1/755/AUTH_1781ba1921f84bf3bb1f6c4b33b719e2/gnocchi.9bc0b825-d9c9-4929-b497-477a20e1dca5" 201 - "-" "-" "container-updater 2" 0.0006 "-" 17 0
Nov 25 10:48:34 standalone account-server[121237]: 172.20.0.100 - - [25/Nov/2025:10:48:33 +0000] "PUT /d1/755/AUTH_1781ba1921f84bf3bb1f6c4b33b719e2/gnocchi.7a5bc121-4ba2-4d5f-b5b7-945bd8dcc1a3" 201 - "-" "-" "container-updater 2" 0.0007 "-" 14 0
Nov 25 10:48:34 standalone account-server[121248]: 172.20.0.100 - - [25/Nov/2025:10:48:34 +0000] "PUT /d1/755/AUTH_1781ba1921f84bf3bb1f6c4b33b719e2/gnocchi.9577a3a9-fc25-40d0-bae7-02f2b7d793ab" 201 - "-" "-" "container-updater 2" 0.0007 "-" 16 0
Nov 25 10:48:34 standalone account-server[121242]: 172.20.0.100 - - [25/Nov/2025:10:48:34 +0000] "PUT /d1/755/AUTH_1781ba1921f84bf3bb1f6c4b33b719e2/gnocchi.2c8c3c7e-705e-4854-916c-cfe1bdf3877e" 201 - "-" "-" "container-updater 2" 0.0007 "-" 15 0
Nov 25 10:48:34 standalone account-server[121237]: 172.20.0.100 - - [25/Nov/2025:10:48:34 +0000] "PUT /d1/755/AUTH_1781ba1921f84bf3bb1f6c4b33b719e2/gnocchi.de197241-71d6-437e-a39f-24e9b1e77e2e" 201 - "-" "-" "container-updater 2" 0.0007 "-" 14 0
Nov 25 10:48:34 standalone account-server[121250]: 172.20.0.100 - - [25/Nov/2025:10:48:34 +0000] "PUT /d1/755/AUTH_1781ba1921f84bf3bb1f6c4b33b719e2/gnocchi.80b873e6-6c55-4eff-b3e2-c4ca11a3a673" 201 - "-" "-" "container-updater 2" 0.0005 "-" 17 0
Nov 25 10:48:34 standalone account-server[121250]: 172.20.0.100 - - [25/Nov/2025:10:48:34 +0000] "PUT /d1/755/AUTH_1781ba1921f84bf3bb1f6c4b33b719e2/gnocchi.fb383ea2-7423-44d3-96ae-fe5931f86800" 201 - "-" "-" "container-updater 2" 0.0006 "-" 17 0
Nov 25 10:48:34 standalone account-server[121250]: 172.20.0.100 - - [25/Nov/2025:10:48:34 +0000] "PUT /d1/755/AUTH_1781ba1921f84bf3bb1f6c4b33b719e2/gnocchi.c6547f70-b147-4f05-afef-c8aa8796ff74" 201 - "-" "-" "container-updater 2" 0.0006 "-" 17 0
Nov 25 10:48:34 standalone account-server[121248]: 172.20.0.100 - - [25/Nov/2025:10:48:34 +0000] "PUT /d1/755/AUTH_1781ba1921f84bf3bb1f6c4b33b719e2/gnocchi.82964ef1-5c6d-4d36-96bc-f1f9ebfaae89" 201 - "-" "-" "container-updater 2" 0.0006 "-" 16 0
Nov 25 10:48:34 standalone account-server[121242]: 172.20.0.100 - - [25/Nov/2025:10:48:34 +0000] "PUT /d1/755/AUTH_1781ba1921f84bf3bb1f6c4b33b719e2/glance" 201 - "-" "-" "container-updater 2" 0.0007 "-" 15 0
Nov 25 10:48:34 standalone container-server[121203]: Container update sweep completed: 2.22s
Nov 25 10:48:39 standalone account-server[121242]: 172.20.0.100 - - [25/Nov/2025:10:48:39 +0000] "HEAD /d1/695/.expiring_objects" 404 - "HEAD http://localhost/v1/.expiring_objects?format=json" "tx7655a9d0391d45eeac948-0069258987" "proxy-server 2" 0.0009 "-" 15 -
Nov 25 10:48:39 standalone object-expirer[121305]: Pass completed in 0s; 0 objects expired (txn: tx7655a9d0391d45eeac948-0069258987)
Nov 25 10:49:07 standalone account-server[121242]: 172.20.0.100 - - [25/Nov/2025:10:49:07 +0000] "HEAD /d1/695/.expiring_objects" 404 - "HEAD http://localhost/v1/.expiring_objects?format=json" "txc5652a3d1c9d4d6190f3b-00692589a3" "proxy-server 2" 0.0009 "-" 15 -
Nov 25 10:49:07 standalone object-expirer[121305]: Pass completed in 0s; 0 objects expired (txn: txc5652a3d1c9d4d6190f3b-00692589a3)
Nov 25 10:50:08 standalone account-server[121248]: 172.20.0.100 - - [25/Nov/2025:10:50:08 +0000] "HEAD /d1/695/.expiring_objects" 404 - "HEAD http://localhost/v1/.expiring_objects?format=json" "tx2554b17af4d144b988b1f-00692589e0" "proxy-server 2" 0.0009 "-" 16 -
Nov 25 10:50:08 standalone object-expirer[121305]: Pass completed in 0s; 0 objects expired (txn: tx2554b17af4d144b988b1f-00692589e0)
Nov 25 10:51:31 standalone account-server[121242]: 172.20.0.100 - - [25/Nov/2025:10:51:31 +0000] "HEAD /d1/695/.expiring_objects" 404 - "HEAD http://localhost/v1/.expiring_objects?format=json" "txa848a95ba97a4a6aa5966-0069258a33" "proxy-server 2" 0.0009 "-" 15 -
Nov 25 10:51:31 standalone object-expirer[121305]: Pass completed in 0s; 0 objects expired (txn: txa848a95ba97a4a6aa5966-0069258a33)
Nov 25 10:52:31 standalone object-server[121395]: Begin object update sweep
Nov 25 10:52:31 standalone object-server[251723]: Object update sweep starting on /srv/node/d1 (pid: 15)
Nov 25 10:52:31 standalone object-server[251723]: Object update sweep completed on /srv/node/d1 in 0.00s seconds:, 0 successes, 0 failures, 0 quarantines, 0 unlinks, 0 errors, 0 redirects (pid: 15)
Nov 25 10:52:31 standalone object-server[251723]: Object update sweep of d1 completed: 0.00s, 0 successes, 0 failures, 0 quarantines, 0 unlinks, 0 errors, 0 redirects
Nov 25 10:52:31 standalone object-server[121395]: Object update sweep completed: 0.08s
Nov 25 10:53:32 standalone container-server[121203]: Begin container update sweep
Nov 25 10:53:34 standalone container-server[121203]: Container update sweep completed: 1.46s
Nov 25 10:53:59 standalone account-server[121237]: 172.20.0.100 - - [25/Nov/2025:10:53:59 +0000] "HEAD /d1/695/.expiring_objects" 404 - "HEAD http://localhost/v1/.expiring_objects?format=json" "tx176ea86b1e954fa4b3d19-0069258ac7" "proxy-server 2" 0.0008 "-" 14 -
Nov 25 10:53:59 standalone object-expirer[121305]: Pass completed in 0s; 0 objects expired (txn: tx176ea86b1e954fa4b3d19-0069258ac7)
Nov 25 10:55:12 standalone account-server[121248]: 172.20.0.100 - - [25/Nov/2025:10:55:12 +0000] "HEAD /d1/695/.expiring_objects" 404 - "HEAD http://localhost/v1/.expiring_objects?format=json" "txcfc1d1d2bcb54f41b3cb5-0069258b10" "proxy-server 2" 0.0009 "-" 16 -
Nov 25 10:55:12 standalone object-expirer[121305]: Pass completed in 0s; 0 objects expired (txn: txcfc1d1d2bcb54f41b3cb5-0069258b10)
Nov 25 10:57:31 standalone object-server[121395]: Begin object update sweep
Nov 25 10:57:31 standalone object-server[274861]: Object update sweep starting on /srv/node/d1 (pid: 16)
Nov 25 10:57:31 standalone object-server[274861]: Object update sweep completed on /srv/node/d1 in 0.00s seconds:, 0 successes, 0 failures, 0 quarantines, 0 unlinks, 0 errors, 0 redirects (pid: 16)
Nov 25 10:57:31 standalone object-server[274861]: Object update sweep of d1 completed: 0.00s, 0 successes, 0 failures, 0 quarantines, 0 unlinks, 0 errors, 0 redirects
Nov 25 10:57:31 standalone object-server[121395]: Object update sweep completed: 0.08s
Nov 25 10:58:32 standalone container-server[121203]: Begin container update sweep
Nov 25 10:58:34 standalone container-server[121203]: Container update sweep completed: 1.60s
Nov 25 10:59:20 standalone account-server[121237]: 172.20.0.100 - - [25/Nov/2025:10:59:20 +0000] "HEAD /d1/695/.expiring_objects" 404 - "HEAD http://localhost/v1/.expiring_objects?format=json" "txd11997fb9a784438a7253-0069258c08" "proxy-server 2" 0.0009 "-" 14 -
Nov 25 10:59:20 standalone object-expirer[121305]: Pass completed in 0s; 0 objects expired (txn: txd11997fb9a784438a7253-0069258c08)
Nov 25 10:59:22 standalone account-server[121250]: 172.20.0.31 - - [25/Nov/2025:10:59:22 +0000] "HEAD /d1/681/AUTH_a627db1955ad4456a3823401bbb1c2a3" 404 - "HEAD http://swift-public-openstack.apps-crc.testing/v1/AUTH_a627db1955ad4456a3823401bbb1c2a3?format=json" "txd26d04b96a224530ba024-0069258c0a" "proxy-server 16" 0.0005 "-" 17 -
Nov 25 10:59:22 standalone account-server[121242]: 172.20.0.31 - - [25/Nov/2025:10:59:22 +0000] "GET /d1/681/AUTH_a627db1955ad4456a3823401bbb1c2a3" 404 - "GET http://swift-public-openstack.apps-crc.testing/v1/AUTH_a627db1955ad4456a3823401bbb1c2a3?format=json" "txd26d04b96a224530ba024-0069258c0a" "proxy-server 16" 0.0005 "-" 15 -
Nov 25 11:01:15 standalone account-server[121248]: 172.20.0.100 - - [25/Nov/2025:11:01:15 +0000] "HEAD /d1/695/.expiring_objects" 404 - "HEAD http://localhost/v1/.expiring_objects?format=json" "tx95c1ef44d088498c8edd5-0069258c7b" "proxy-server 2" 0.0006 "-" 16 -
Nov 25 11:01:15 standalone object-expirer[121305]: Pass completed in 0s; 0 objects expired (txn: tx95c1ef44d088498c8edd5-0069258c7b)
Nov 25 11:02:31 standalone object-server[121395]: Begin object update sweep
Nov 25 11:02:31 standalone object-server[295506]: Object update sweep starting on /srv/node/d1 (pid: 17)
Nov 25 11:02:31 standalone object-server[295506]: Object update sweep completed on /srv/node/d1 in 0.00s seconds:, 0 successes, 0 failures, 0 quarantines, 0 unlinks, 0 errors, 0 redirects (pid: 17)
Nov 25 11:02:31 standalone object-server[295506]: Object update sweep of d1 completed: 0.00s, 0 successes, 0 failures, 0 quarantines, 0 unlinks, 0 errors, 0 redirects
Nov 25 11:02:31 standalone object-server[121395]: Object update sweep completed: 0.08s
Nov 25 11:03:32 standalone container-server[121203]: Begin container update sweep
Nov 25 11:03:34 standalone container-server[121203]: Container update sweep completed: 1.30s
Nov 25 11:03:37 standalone account-server[121237]: 172.20.0.100 - - [25/Nov/2025:11:03:37 +0000] "HEAD /d1/695/.expiring_objects" 404 - "HEAD http://localhost/v1/.expiring_objects?format=json" "tx9e0d22c14ee3450294ef8-0069258d09" "proxy-server 2" 0.0008 "-" 14 -
Nov 25 11:03:37 standalone object-expirer[121305]: Pass completed in 0s; 0 objects expired (txn: tx9e0d22c14ee3450294ef8-0069258d09)
Nov 25 11:06:30 standalone account-server[121242]: 172.20.0.100 - - [25/Nov/2025:11:06:30 +0000] "HEAD /d1/695/.expiring_objects" 404 - "HEAD http://localhost/v1/.expiring_objects?format=json" "txd912167fb8ca432ba5366-0069258db6" "proxy-server 2" 0.0007 "-" 15 -
Nov 25 11:06:30 standalone object-expirer[121305]: Pass completed in 0s; 0 objects expired (txn: txd912167fb8ca432ba5366-0069258db6)
Nov 25 11:07:16 standalone account-server[121250]: 172.20.0.31 - - [25/Nov/2025:11:07:16 +0000] "HEAD /d1/755/AUTH_1781ba1921f84bf3bb1f6c4b33b719e2" 204 - "HEAD http://swift-internal.openstack.svc:8080/v1/AUTH_1781ba1921f84bf3bb1f6c4b33b719e2?format=json" "tx3382b12a1b1942459f70b-0069258de4" "proxy-server 11" 0.0130 "-" 17 -
Nov 25 11:07:16 standalone container-server[121267]: 172.20.0.31 - - [25/Nov/2025:11:07:16 +0000] "HEAD /d1/336/AUTH_1781ba1921f84bf3bb1f6c4b33b719e2/glance" 204 - "HEAD http://swift-internal.openstack.svc:8080/v1/AUTH_1781ba1921f84bf3bb1f6c4b33b719e2/glance?format=json&states=listing" "tx3382b12a1b1942459f70b-0069258de4" "proxy-server 11" 0.0050 "-" 20 0
Nov 25 11:07:18 standalone container-server[121267]: 172.20.0.100 - - [25/Nov/2025:11:07:18 +0000] "PUT /d1/336/AUTH_1781ba1921f84bf3bb1f6c4b33b719e2/glance/a2d018ca-a88b-4e71-a791-f22739ce22be-00001" 201 - "PUT http://swift-internal.openstack.svc:8080/d1/809/AUTH_1781ba1921f84bf3bb1f6c4b33b719e2/glance/a2d018ca-a88b-4e71-a791-f22739ce22be-00001" "tx437c00f98e1e44b080a14-0069258de4" "object-server 23" 0.0021 "-" 20 0
Nov 25 11:07:18 standalone object-server[121431]: 172.20.0.31 - - [25/Nov/2025:11:07:18 +0000] "PUT /d1/809/AUTH_1781ba1921f84bf3bb1f6c4b33b719e2/glance/a2d018ca-a88b-4e71-a791-f22739ce22be-00001" 201 - "PUT http://swift-internal.openstack.svc:8080/v1/AUTH_1781ba1921f84bf3bb1f6c4b33b719e2/glance/a2d018ca-a88b-4e71-a791-f22739ce22be-00001" "tx437c00f98e1e44b080a14-0069258de4" "proxy-server 11" 2.2725 "-" 23 0
Nov 25 11:07:21 standalone container-server[121267]: 172.20.0.100 - - [25/Nov/2025:11:07:21 +0000] "PUT /d1/336/AUTH_1781ba1921f84bf3bb1f6c4b33b719e2/glance/a2d018ca-a88b-4e71-a791-f22739ce22be-00002" 201 - "PUT http://swift-internal.openstack.svc:8080/d1/407/AUTH_1781ba1921f84bf3bb1f6c4b33b719e2/glance/a2d018ca-a88b-4e71-a791-f22739ce22be-00002" "tx0847acfac90a4e4bb34c4-0069258de6" "object-server 23" 0.0016 "-" 20 0
Nov 25 11:07:21 standalone object-server[121431]: 172.20.0.31 - - [25/Nov/2025:11:07:21 +0000] "PUT /d1/407/AUTH_1781ba1921f84bf3bb1f6c4b33b719e2/glance/a2d018ca-a88b-4e71-a791-f22739ce22be-00002" 201 - "PUT http://swift-internal.openstack.svc:8080/v1/AUTH_1781ba1921f84bf3bb1f6c4b33b719e2/glance/a2d018ca-a88b-4e71-a791-f22739ce22be-00002" "tx0847acfac90a4e4bb34c4-0069258de6" "proxy-server 11" 2.2283 "-" 23 0
Nov 25 11:07:22 standalone container-server[121286]: 172.20.0.100 - - [25/Nov/2025:11:07:22 +0000] "PUT /d1/336/AUTH_1781ba1921f84bf3bb1f6c4b33b719e2/glance/a2d018ca-a88b-4e71-a791-f22739ce22be-00003" 201 - "PUT http://swift-internal.openstack.svc:8080/d1/749/AUTH_1781ba1921f84bf3bb1f6c4b33b719e2/glance/a2d018ca-a88b-4e71-a791-f22739ce22be-00003" "txe1077b7bea294a9983de7-0069258de9" "object-server 23" 0.0011 "-" 23 0
Nov 25 11:07:22 standalone object-server[121431]: 172.20.0.31 - - [25/Nov/2025:11:07:22 +0000] "PUT /d1/749/AUTH_1781ba1921f84bf3bb1f6c4b33b719e2/glance/a2d018ca-a88b-4e71-a791-f22739ce22be-00003" 201 - "PUT http://swift-internal.openstack.svc:8080/v1/AUTH_1781ba1921f84bf3bb1f6c4b33b719e2/glance/a2d018ca-a88b-4e71-a791-f22739ce22be-00003" "txe1077b7bea294a9983de7-0069258de9" "proxy-server 11" 1.3463 "-" 23 0
Nov 25 11:07:22 standalone container-server[121277]: 172.20.0.100 - - [25/Nov/2025:11:07:22 +0000] "PUT /d1/336/AUTH_1781ba1921f84bf3bb1f6c4b33b719e2/glance/a2d018ca-a88b-4e71-a791-f22739ce22be" 201 - "PUT http://swift-internal.openstack.svc:8080/d1/632/AUTH_1781ba1921f84bf3bb1f6c4b33b719e2/glance/a2d018ca-a88b-4e71-a791-f22739ce22be" "tx97ed7e473c604d0280b38-0069258dea" "object-server 24" 0.0009 "-" 21 0
Nov 25 11:07:22 standalone object-server[121432]: 172.20.0.31 - - [25/Nov/2025:11:07:22 +0000] "PUT /d1/632/AUTH_1781ba1921f84bf3bb1f6c4b33b719e2/glance/a2d018ca-a88b-4e71-a791-f22739ce22be" 201 - "PUT http://swift-internal.openstack.svc:8080/v1/AUTH_1781ba1921f84bf3bb1f6c4b33b719e2/glance/a2d018ca-a88b-4e71-a791-f22739ce22be" "tx97ed7e473c604d0280b38-0069258dea" "proxy-server 11" 0.0132 "-" 24 0
Nov 25 11:07:31 standalone object-server[121395]: Begin object update sweep
Nov 25 11:07:31 standalone object-server[316029]: Object update sweep starting on /srv/node/d1 (pid: 18)
Nov 25 11:07:31 standalone object-server[316029]: Object update sweep completed on /srv/node/d1 in 0.00s seconds:, 0 successes, 0 failures, 0 quarantines, 0 unlinks, 0 errors, 0 redirects (pid: 18)
Nov 25 11:07:31 standalone object-server[316029]: Object update sweep of d1 completed: 0.00s, 0 successes, 0 failures, 0 quarantines, 0 unlinks, 0 errors, 0 redirects
Nov 25 11:07:31 standalone object-server[121395]: Object update sweep completed: 0.08s
Nov 25 11:08:33 standalone container-server[121203]: Begin container update sweep
Nov 25 11:08:33 standalone account-server[121250]: 172.20.0.100 - - [25/Nov/2025:11:08:33 +0000] "PUT /d1/755/AUTH_1781ba1921f84bf3bb1f6c4b33b719e2/glance" 201 - "-" "-" "container-updater 2" 0.0011 "-" 17 0
Nov 25 11:08:34 standalone container-server[121203]: Container update sweep completed: 1.41s
Nov 25 11:10:07 standalone account-server[121250]: 172.20.0.100 - - [25/Nov/2025:11:10:07 +0000] "HEAD /d1/695/.expiring_objects" 404 - "HEAD http://localhost/v1/.expiring_objects?format=json" "tx4e851d193ff64fa6aa8a7-0069258e8f" "proxy-server 2" 0.0010 "-" 17 -
Nov 25 11:10:07 standalone object-expirer[121305]: Pass completed in 0s; 0 objects expired (txn: tx4e851d193ff64fa6aa8a7-0069258e8f)
Nov 25 11:12:31 standalone object-server[121395]: Begin object update sweep
