Nov 25 10:48:18 standalone proxy-server[123406]: - - 25/Nov/2025/10/48/18 HEAD /v1/AUTH_1781ba1921f84bf3bb1f6c4b33b719e2/gnocchi.acc6a833-6180-49d4-ace2-d29f2bda604b%3Fformat%3Djson%26states%3Dlisting HTTP/1.0 204 - Swift - - - - tx7f7aefb032de4921abbdd-0069258972 - 0.0038 RL - 1764067698.508089066 1764067698.511857748 0
Nov 25 10:48:18 standalone container-server[121282]: 172.20.0.100 - - [25/Nov/2025:10:48:18 +0000] "GET /d1/594/AUTH_1781ba1921f84bf3bb1f6c4b33b719e2/gnocchi.acc6a833-6180-49d4-ace2-d29f2bda604b" 200 2 "GET http://localhost:8080/v1/AUTH_1781ba1921f84bf3bb1f6c4b33b719e2/gnocchi.acc6a833-6180-49d4-ace2-d29f2bda604b?format=json&states=listing" "tx7f7aefb032de4921abbdd-0069258972" "proxy-server 21" 0.0018 "-" 22 0
Nov 25 10:48:18 standalone proxy-server[123406]: 172.18.0.2 ::1 25/Nov/2025/10/48/18 GET /v1/AUTH_1781ba1921f84bf3bb1f6c4b33b719e2/gnocchi.acc6a833-6180-49d4-ace2-d29f2bda604b%3Fformat%3Djson%26states%3Dlisting HTTP/1.0 200 - python-swiftclient-3.11.1 gAAAAABpJYitZHZa... - 2 - tx7f7aefb032de4921abbdd-0069258972 - 0.0120 - - 1764067698.507276297 1764067698.519266367 0
Nov 25 10:48:18 standalone object-server[121432]: 172.20.0.100 - - [25/Nov/2025:10:48:18 +0000] "GET /d1/286/AUTH_1781ba1921f84bf3bb1f6c4b33b719e2/gnocchi.acc6a833-6180-49d4-ace2-d29f2bda604b/1763640000.0_mean_300.0_v3" 404 70 "GET http://localhost:8080/v1/AUTH_1781ba1921f84bf3bb1f6c4b33b719e2/gnocchi.acc6a833-6180-49d4-ace2-d29f2bda604b/1763640000.0_mean_300.0_v3" "txb34622c74e254caa8c251-0069258972" "proxy-server 21" 0.0003 "-" 24 0
Nov 25 10:48:18 standalone proxy-server[123406]: 172.18.0.2 ::1 25/Nov/2025/10/48/18 GET /v1/AUTH_1781ba1921f84bf3bb1f6c4b33b719e2/gnocchi.acc6a833-6180-49d4-ace2-d29f2bda604b/1763640000.0_mean_300.0_v3 HTTP/1.0 404 - python-swiftclient-3.11.1 gAAAAABpJYitZHZa... - 70 - txb34622c74e254caa8c251-0069258972 - 0.0071 - - 1764067698.527274132 1764067698.534343004 0
Nov 25 10:48:18 standalone container-server[121282]: 172.20.0.100 - - [25/Nov/2025:10:48:18 +0000] "PUT /d1/594/AUTH_1781ba1921f84bf3bb1f6c4b33b719e2/gnocchi.acc6a833-6180-49d4-ace2-d29f2bda604b/1763640000.0_mean_300.0_v3" 201 - "PUT http://localhost:8080/d1/286/AUTH_1781ba1921f84bf3bb1f6c4b33b719e2/gnocchi.acc6a833-6180-49d4-ace2-d29f2bda604b/1763640000.0_mean_300.0_v3" "txa9967fc3f99a438687ce6-0069258972" "object-server 22" 0.0005 "-" 22 0
Nov 25 10:48:18 standalone object-server[121429]: 172.20.0.100 - - [25/Nov/2025:10:48:18 +0000] "PUT /d1/286/AUTH_1781ba1921f84bf3bb1f6c4b33b719e2/gnocchi.acc6a833-6180-49d4-ace2-d29f2bda604b/1763640000.0_mean_300.0_v3" 201 - "PUT http://localhost:8080/v1/AUTH_1781ba1921f84bf3bb1f6c4b33b719e2/gnocchi.acc6a833-6180-49d4-ace2-d29f2bda604b/1763640000.0_mean_300.0_v3" "txa9967fc3f99a438687ce6-0069258972" "proxy-server 21" 0.0081 "-" 22 0
Nov 25 10:48:18 standalone proxy-server[123406]: 172.18.0.2 ::1 25/Nov/2025/10/48/18 PUT /v1/AUTH_1781ba1921f84bf3bb1f6c4b33b719e2/gnocchi.acc6a833-6180-49d4-ace2-d29f2bda604b/1763640000.0_mean_300.0_v3 HTTP/1.0 201 - python-swiftclient-3.11.1 gAAAAABpJYitZHZa... 16 - - txa9967fc3f99a438687ce6-0069258972 - 0.0136 - - 1764067698.537517071 1764067698.551151514 0
Nov 25 10:48:18 standalone container-server[121282]: 172.20.0.100 - - [25/Nov/2025:10:48:18 +0000] "PUT /d1/594/AUTH_1781ba1921f84bf3bb1f6c4b33b719e2/gnocchi.acc6a833-6180-49d4-ace2-d29f2bda604b/none_v3" 201 - "PUT http://localhost:8080/d1/420/AUTH_1781ba1921f84bf3bb1f6c4b33b719e2/gnocchi.acc6a833-6180-49d4-ace2-d29f2bda604b/none_v3" "txbf823a28ccf14148a6505-0069258972" "object-server 22" 0.0003 "-" 22 0
Nov 25 10:48:18 standalone object-server[121429]: 172.20.0.100 - - [25/Nov/2025:10:48:18 +0000] "PUT /d1/420/AUTH_1781ba1921f84bf3bb1f6c4b33b719e2/gnocchi.acc6a833-6180-49d4-ace2-d29f2bda604b/none_v3" 201 - "PUT http://localhost:8080/v1/AUTH_1781ba1921f84bf3bb1f6c4b33b719e2/gnocchi.acc6a833-6180-49d4-ace2-d29f2bda604b/none_v3" "txbf823a28ccf14148a6505-0069258972" "proxy-server 21" 0.0069 "-" 22 0
Nov 25 10:48:18 standalone proxy-server[123406]: 172.18.0.2 ::1 25/Nov/2025/10/48/18 PUT /v1/AUTH_1781ba1921f84bf3bb1f6c4b33b719e2/gnocchi.acc6a833-6180-49d4-ace2-d29f2bda604b/none_v3 HTTP/1.0 201 - python-swiftclient-3.11.1 gAAAAABpJYitZHZa... 22 - - txbf823a28ccf14148a6505-0069258972 - 0.0111 - - 1764067698.554387569 1764067698.565511703 0
Nov 25 10:48:18 standalone container-server[121286]: 172.20.0.100 - - [25/Nov/2025:10:48:18 +0000] "HEAD /d1/862/AUTH_1781ba1921f84bf3bb1f6c4b33b719e2/gnocchi.420b7a55-8f2c-48e3-ac59-1a6de87ef0dc" 404 - "HEAD http://localhost:8080/v1/AUTH_1781ba1921f84bf3bb1f6c4b33b719e2/gnocchi.420b7a55-8f2c-48e3-ac59-1a6de87ef0dc?format=json&states=listing" "tx47e80336bbd3428e845d4-0069258972" "proxy-server 21" 0.0004 "-" 23 0
Nov 25 10:48:18 standalone object-server[121433]: 172.20.0.100 - - [25/Nov/2025:10:48:18 +0000] "GET /d1/42/AUTH_1781ba1921f84bf3bb1f6c4b33b719e2/gnocchi.420b7a55-8f2c-48e3-ac59-1a6de87ef0dc/none_v3" 404 70 "GET http://localhost:8080/v1/AUTH_1781ba1921f84bf3bb1f6c4b33b719e2/gnocchi.420b7a55-8f2c-48e3-ac59-1a6de87ef0dc/none_v3" "tx47e80336bbd3428e845d4-0069258972" "proxy-server 21" 0.0003 "-" 25 0
Nov 25 10:48:18 standalone proxy-server[123406]: 172.18.0.2 ::1 25/Nov/2025/10/48/18 GET /v1/AUTH_1781ba1921f84bf3bb1f6c4b33b719e2/gnocchi.420b7a55-8f2c-48e3-ac59-1a6de87ef0dc/none_v3 HTTP/1.0 404 - python-swiftclient-3.11.1 gAAAAABpJYitZHZa... - 70 - tx47e80336bbd3428e845d4-0069258972 - 0.0082 - - 1764067698.575909853 1764067698.584125757 0
Nov 25 10:48:18 standalone account-server[121242]: 172.20.0.100 - - [25/Nov/2025:10:48:18 +0000] "PUT /d1/755/AUTH_1781ba1921f84bf3bb1f6c4b33b719e2/gnocchi.420b7a55-8f2c-48e3-ac59-1a6de87ef0dc" 201 - "PUT http://172.20.0.100:6001/d1/862/AUTH_1781ba1921f84bf3bb1f6c4b33b719e2/gnocchi.420b7a55-8f2c-48e3-ac59-1a6de87ef0dc" "tx05ca7a43c9b44485a2cc2-0069258972" "container-server 23" 0.0056 "-" 15 0
Nov 25 10:48:18 standalone container-server[121286]: 172.20.0.100 - - [25/Nov/2025:10:48:18 +0000] "PUT /d1/862/AUTH_1781ba1921f84bf3bb1f6c4b33b719e2/gnocchi.420b7a55-8f2c-48e3-ac59-1a6de87ef0dc" 201 - "PUT http://localhost:8080/v1/AUTH_1781ba1921f84bf3bb1f6c4b33b719e2/gnocchi.420b7a55-8f2c-48e3-ac59-1a6de87ef0dc" "tx05ca7a43c9b44485a2cc2-0069258972" "proxy-server 21" 0.0135 "-" 23 0
Nov 25 10:48:18 standalone proxy-server[123406]: 172.18.0.2 ::1 25/Nov/2025/10/48/18 PUT /v1/AUTH_1781ba1921f84bf3bb1f6c4b33b719e2/gnocchi.420b7a55-8f2c-48e3-ac59-1a6de87ef0dc HTTP/1.0 201 - python-swiftclient-3.11.1 gAAAAABpJYitZHZa... - - - tx05ca7a43c9b44485a2cc2-0069258972 - 0.0210 - - 1764067698.586560011 1764067698.607532024 0
Nov 25 10:48:18 standalone container-server[121286]: 172.20.0.100 - - [25/Nov/2025:10:48:18 +0000] "HEAD /d1/862/AUTH_1781ba1921f84bf3bb1f6c4b33b719e2/gnocchi.420b7a55-8f2c-48e3-ac59-1a6de87ef0dc" 204 - "HEAD http://localhost:8080/v1/AUTH_1781ba1921f84bf3bb1f6c4b33b719e2/gnocchi.420b7a55-8f2c-48e3-ac59-1a6de87ef0dc?format=json&states=listing" "tx8816c3d8d8ad4603bbf95-0069258972" "proxy-server 21" 0.0009 "-" 23 0
Nov 25 10:48:18 standalone proxy-server[123406]: - - 25/Nov/2025/10/48/18 HEAD /v1/AUTH_1781ba1921f84bf3bb1f6c4b33b719e2/gnocchi.420b7a55-8f2c-48e3-ac59-1a6de87ef0dc%3Fformat%3Djson%26states%3Dlisting HTTP/1.0 204 - Swift - - - - tx8816c3d8d8ad4603bbf95-0069258972 - 0.0034 RL - 1764067698.612972260 1764067698.616408825 0
Nov 25 10:48:18 standalone container-server[121286]: 172.20.0.100 - - [25/Nov/2025:10:48:18 +0000] "GET /d1/862/AUTH_1781ba1921f84bf3bb1f6c4b33b719e2/gnocchi.420b7a55-8f2c-48e3-ac59-1a6de87ef0dc" 200 2 "GET http://localhost:8080/v1/AUTH_1781ba1921f84bf3bb1f6c4b33b719e2/gnocchi.420b7a55-8f2c-48e3-ac59-1a6de87ef0dc?format=json&states=listing" "tx8816c3d8d8ad4603bbf95-0069258972" "proxy-server 21" 0.0014 "-" 23 0
Nov 25 10:48:18 standalone proxy-server[123406]: 172.18.0.2 ::1 25/Nov/2025/10/48/18 GET /v1/AUTH_1781ba1921f84bf3bb1f6c4b33b719e2/gnocchi.420b7a55-8f2c-48e3-ac59-1a6de87ef0dc%3Fformat%3Djson%26states%3Dlisting HTTP/1.0 200 - python-swiftclient-3.11.1 gAAAAABpJYitZHZa... - 2 - tx8816c3d8d8ad4603bbf95-0069258972 - 0.0111 - - 1764067698.611745119 1764067698.622856855 0
Nov 25 10:48:18 standalone object-server[121431]: 172.20.0.100 - - [25/Nov/2025:10:48:18 +0000] "GET /d1/486/AUTH_1781ba1921f84bf3bb1f6c4b33b719e2/gnocchi.420b7a55-8f2c-48e3-ac59-1a6de87ef0dc/1763640000.0_mean_300.0_v3" 404 70 "GET http://localhost:8080/v1/AUTH_1781ba1921f84bf3bb1f6c4b33b719e2/gnocchi.420b7a55-8f2c-48e3-ac59-1a6de87ef0dc/1763640000.0_mean_300.0_v3" "txcc2b9a3bcbc44c92b804e-0069258972" "proxy-server 21" 0.0003 "-" 23 0
Nov 25 10:48:18 standalone proxy-server[123406]: 172.18.0.2 ::1 25/Nov/2025/10/48/18 GET /v1/AUTH_1781ba1921f84bf3bb1f6c4b33b719e2/gnocchi.420b7a55-8f2c-48e3-ac59-1a6de87ef0dc/1763640000.0_mean_300.0_v3 HTTP/1.0 404 - python-swiftclient-3.11.1 gAAAAABpJYitZHZa... - 70 - txcc2b9a3bcbc44c92b804e-0069258972 - 0.0056 - - 1764067698.626247644 1764067698.631846905 0
Nov 25 10:48:18 standalone container-server[121267]: 172.20.0.100 - - [25/Nov/2025:10:48:18 +0000] "PUT /d1/862/AUTH_1781ba1921f84bf3bb1f6c4b33b719e2/gnocchi.420b7a55-8f2c-48e3-ac59-1a6de87ef0dc/1763640000.0_mean_300.0_v3" 201 - "PUT http://localhost:8080/d1/486/AUTH_1781ba1921f84bf3bb1f6c4b33b719e2/gnocchi.420b7a55-8f2c-48e3-ac59-1a6de87ef0dc/1763640000.0_mean_300.0_v3" "tx3be5df2e49ca45c592007-0069258972" "object-server 23" 0.0006 "-" 20 0
Nov 25 10:48:18 standalone object-server[121431]: 172.20.0.100 - - [25/Nov/2025:10:48:18 +0000] "PUT /d1/486/AUTH_1781ba1921f84bf3bb1f6c4b33b719e2/gnocchi.420b7a55-8f2c-48e3-ac59-1a6de87ef0dc/1763640000.0_mean_300.0_v3" 201 - "PUT http://localhost:8080/v1/AUTH_1781ba1921f84bf3bb1f6c4b33b719e2/gnocchi.420b7a55-8f2c-48e3-ac59-1a6de87ef0dc/1763640000.0_mean_300.0_v3" "tx3be5df2e49ca45c592007-0069258972" "proxy-server 21" 0.0090 "-" 23 0
Nov 25 10:48:18 standalone proxy-server[123406]: 172.18.0.2 ::1 25/Nov/2025/10/48/18 PUT /v1/AUTH_1781ba1921f84bf3bb1f6c4b33b719e2/gnocchi.420b7a55-8f2c-48e3-ac59-1a6de87ef0dc/1763640000.0_mean_300.0_v3 HTTP/1.0 201 - python-swiftclient-3.11.1 gAAAAABpJYitZHZa... 16 - - tx3be5df2e49ca45c592007-0069258972 - 0.0137 - - 1764067698.634849072 1764067698.648500204 0
Nov 25 10:48:18 standalone container-server[121277]: 172.20.0.100 - - [25/Nov/2025:10:48:18 +0000] "PUT /d1/862/AUTH_1781ba1921f84bf3bb1f6c4b33b719e2/gnocchi.420b7a55-8f2c-48e3-ac59-1a6de87ef0dc/none_v3" 201 - "PUT http://localhost:8080/d1/42/AUTH_1781ba1921f84bf3bb1f6c4b33b719e2/gnocchi.420b7a55-8f2c-48e3-ac59-1a6de87ef0dc/none_v3" "txa249b5fc3cf040b798395-0069258972" "object-server 25" 0.0005 "-" 21 0
Nov 25 10:48:18 standalone object-server[121433]: 172.20.0.100 - - [25/Nov/2025:10:48:18 +0000] "PUT /d1/42/AUTH_1781ba1921f84bf3bb1f6c4b33b719e2/gnocchi.420b7a55-8f2c-48e3-ac59-1a6de87ef0dc/none_v3" 201 - "PUT http://localhost:8080/v1/AUTH_1781ba1921f84bf3bb1f6c4b33b719e2/gnocchi.420b7a55-8f2c-48e3-ac59-1a6de87ef0dc/none_v3" "txa249b5fc3cf040b798395-0069258972" "proxy-server 21" 0.0098 "-" 25 0
Nov 25 10:48:18 standalone proxy-server[123406]: 172.18.0.2 ::1 25/Nov/2025/10/48/18 PUT /v1/AUTH_1781ba1921f84bf3bb1f6c4b33b719e2/gnocchi.420b7a55-8f2c-48e3-ac59-1a6de87ef0dc/none_v3 HTTP/1.0 201 - python-swiftclient-3.11.1 gAAAAABpJYitZHZa... 22 - - txa249b5fc3cf040b798395-0069258972 - 0.0147 - - 1764067698.651248693 1764067698.665963411 0
Nov 25 10:48:18 standalone container-server[121286]: 172.20.0.100 - - [25/Nov/2025:10:48:18 +0000] "HEAD /d1/625/AUTH_1781ba1921f84bf3bb1f6c4b33b719e2/gnocchi.80b873e6-6c55-4eff-b3e2-c4ca11a3a673" 404 - "HEAD http://localhost:8080/v1/AUTH_1781ba1921f84bf3bb1f6c4b33b719e2/gnocchi.80b873e6-6c55-4eff-b3e2-c4ca11a3a673?format=json&states=listing" "tx57d7cd9e3e234c25bbc2e-0069258972" "proxy-server 21" 0.0002 "-" 23 0
Nov 25 10:48:18 standalone object-server[121431]: 172.20.0.100 - - [25/Nov/2025:10:48:18 +0000] "GET /d1/845/AUTH_1781ba1921f84bf3bb1f6c4b33b719e2/gnocchi.80b873e6-6c55-4eff-b3e2-c4ca11a3a673/none_v3" 404 70 "GET http://localhost:8080/v1/AUTH_1781ba1921f84bf3bb1f6c4b33b719e2/gnocchi.80b873e6-6c55-4eff-b3e2-c4ca11a3a673/none_v3" "tx57d7cd9e3e234c25bbc2e-0069258972" "proxy-server 21" 0.0004 "-" 23 0
Nov 25 10:48:18 standalone proxy-server[123406]: 172.18.0.2 ::1 25/Nov/2025/10/48/18 GET /v1/AUTH_1781ba1921f84bf3bb1f6c4b33b719e2/gnocchi.80b873e6-6c55-4eff-b3e2-c4ca11a3a673/none_v3 HTTP/1.0 404 - python-swiftclient-3.11.1 gAAAAABpJYitZHZa... - 70 - tx57d7cd9e3e234c25bbc2e-0069258972 - 0.0085 - - 1764067698.675907612 1764067698.684381008 0
Nov 25 10:48:18 standalone account-server[121250]: 172.20.0.100 - - [25/Nov/2025:10:48:18 +0000] "PUT /d1/755/AUTH_1781ba1921f84bf3bb1f6c4b33b719e2/gnocchi.80b873e6-6c55-4eff-b3e2-c4ca11a3a673" 201 - "PUT http://172.20.0.100:6001/d1/625/AUTH_1781ba1921f84bf3bb1f6c4b33b719e2/gnocchi.80b873e6-6c55-4eff-b3e2-c4ca11a3a673" "txc1238009bede4f22a974d-0069258972" "container-server 20" 0.0051 "-" 17 0
Nov 25 10:48:18 standalone container-server[121267]: 172.20.0.100 - - [25/Nov/2025:10:48:18 +0000] "PUT /d1/625/AUTH_1781ba1921f84bf3bb1f6c4b33b719e2/gnocchi.80b873e6-6c55-4eff-b3e2-c4ca11a3a673" 201 - "PUT http://localhost:8080/v1/AUTH_1781ba1921f84bf3bb1f6c4b33b719e2/gnocchi.80b873e6-6c55-4eff-b3e2-c4ca11a3a673" "txc1238009bede4f22a974d-0069258972" "proxy-server 21" 0.0174 "-" 20 0
Nov 25 10:48:18 standalone proxy-server[123406]: 172.18.0.2 ::1 25/Nov/2025/10/48/18 PUT /v1/AUTH_1781ba1921f84bf3bb1f6c4b33b719e2/gnocchi.80b873e6-6c55-4eff-b3e2-c4ca11a3a673 HTTP/1.0 201 - python-swiftclient-3.11.1 gAAAAABpJYitZHZa... - - - txc1238009bede4f22a974d-0069258972 - 0.0228 - - 1764067698.687223434 1764067698.710024595 0
Nov 25 10:48:18 standalone container-server[121277]: 172.20.0.100 - - [25/Nov/2025:10:48:18 +0000] "HEAD /d1/625/AUTH_1781ba1921f84bf3bb1f6c4b33b719e2/gnocchi.80b873e6-6c55-4eff-b3e2-c4ca11a3a673" 204 - "HEAD http://localhost:8080/v1/AUTH_1781ba1921f84bf3bb1f6c4b33b719e2/gnocchi.80b873e6-6c55-4eff-b3e2-c4ca11a3a673?format=json&states=listing" "tx33da828a10e0403389f6a-0069258972" "proxy-server 21" 0.0021 "-" 21 0
Nov 25 10:48:18 standalone proxy-server[123406]: - - 25/Nov/2025/10/48/18 HEAD /v1/AUTH_1781ba1921f84bf3bb1f6c4b33b719e2/gnocchi.80b873e6-6c55-4eff-b3e2-c4ca11a3a673%3Fformat%3Djson%26states%3Dlisting HTTP/1.0 204 - Swift - - - - tx33da828a10e0403389f6a-0069258972 - 0.0060 RL - 1764067698.715910673 1764067698.721885204 0
Nov 25 10:48:18 standalone container-server[121267]: 172.20.0.100 - - [25/Nov/2025:10:48:18 +0000] "GET /d1/625/AUTH_1781ba1921f84bf3bb1f6c4b33b719e2/gnocchi.80b873e6-6c55-4eff-b3e2-c4ca11a3a673" 200 2 "GET http://localhost:8080/v1/AUTH_1781ba1921f84bf3bb1f6c4b33b719e2/gnocchi.80b873e6-6c55-4eff-b3e2-c4ca11a3a673?format=json&states=listing" "tx33da828a10e0403389f6a-0069258972" "proxy-server 21" 0.0032 "-" 20 0
Nov 25 10:48:18 standalone proxy-server[123406]: 172.18.0.2 ::1 25/Nov/2025/10/48/18 GET /v1/AUTH_1781ba1921f84bf3bb1f6c4b33b719e2/gnocchi.80b873e6-6c55-4eff-b3e2-c4ca11a3a673%3Fformat%3Djson%26states%3Dlisting HTTP/1.0 200 - python-swiftclient-3.11.1 gAAAAABpJYitZHZa... - 2 - tx33da828a10e0403389f6a-0069258972 - 0.0168 - - 1764067698.714584827 1764067698.731374264 0
Nov 25 10:48:18 standalone object-server[121429]: 172.20.0.100 - - [25/Nov/2025:10:48:18 +0000] "GET /d1/797/AUTH_1781ba1921f84bf3bb1f6c4b33b719e2/gnocchi.80b873e6-6c55-4eff-b3e2-c4ca11a3a673/1763640000.0_mean_300.0_v3" 404 70 "GET http://localhost:8080/v1/AUTH_1781ba1921f84bf3bb1f6c4b33b719e2/gnocchi.80b873e6-6c55-4eff-b3e2-c4ca11a3a673/1763640000.0_mean_300.0_v3" "tx025bec6d47764b99888ce-0069258972" "proxy-server 21" 0.0004 "-" 22 0
Nov 25 10:48:18 standalone proxy-server[123406]: 172.18.0.2 ::1 25/Nov/2025/10/48/18 GET /v1/AUTH_1781ba1921f84bf3bb1f6c4b33b719e2/gnocchi.80b873e6-6c55-4eff-b3e2-c4ca11a3a673/1763640000.0_mean_300.0_v3 HTTP/1.0 404 - python-swiftclient-3.11.1 gAAAAABpJYitZHZa... - 70 - tx025bec6d47764b99888ce-0069258972 - 0.0054 - - 1764067698.735735178 1764067698.741164446 0
Nov 25 10:48:18 standalone container-server[121267]: 172.20.0.100 - - [25/Nov/2025:10:48:18 +0000] "PUT /d1/625/AUTH_1781ba1921f84bf3bb1f6c4b33b719e2/gnocchi.80b873e6-6c55-4eff-b3e2-c4ca11a3a673/1763640000.0_mean_300.0_v3" 201 - "PUT http://localhost:8080/d1/797/AUTH_1781ba1921f84bf3bb1f6c4b33b719e2/gnocchi.80b873e6-6c55-4eff-b3e2-c4ca11a3a673/1763640000.0_mean_300.0_v3" "txcfc158a5126848cc9bea9-0069258972" "object-server 24" 0.0008 "-" 20 0
Nov 25 10:48:18 standalone object-server[121432]: 172.20.0.100 - - [25/Nov/2025:10:48:18 +0000] "PUT /d1/797/AUTH_1781ba1921f84bf3bb1f6c4b33b719e2/gnocchi.80b873e6-6c55-4eff-b3e2-c4ca11a3a673/1763640000.0_mean_300.0_v3" 201 - "PUT http://localhost:8080/v1/AUTH_1781ba1921f84bf3bb1f6c4b33b719e2/gnocchi.80b873e6-6c55-4eff-b3e2-c4ca11a3a673/1763640000.0_mean_300.0_v3" "txcfc158a5126848cc9bea9-0069258972" "proxy-server 21" 0.0103 "-" 24 0
Nov 25 10:48:18 standalone proxy-server[123406]: 172.18.0.2 ::1 25/Nov/2025/10/48/18 PUT /v1/AUTH_1781ba1921f84bf3bb1f6c4b33b719e2/gnocchi.80b873e6-6c55-4eff-b3e2-c4ca11a3a673/1763640000.0_mean_300.0_v3 HTTP/1.0 201 - python-swiftclient-3.11.1 gAAAAABpJYitZHZa... 16 - - txcfc158a5126848cc9bea9-0069258972 - 0.0161 - - 1764067698.744336367 1764067698.760398388 0
Nov 25 10:48:18 standalone container-server[121286]: 172.20.0.100 - - [25/Nov/2025:10:48:18 +0000] "PUT /d1/625/AUTH_1781ba1921f84bf3bb1f6c4b33b719e2/gnocchi.80b873e6-6c55-4eff-b3e2-c4ca11a3a673/none_v3" 201 - "PUT http://localhost:8080/d1/845/AUTH_1781ba1921f84bf3bb1f6c4b33b719e2/gnocchi.80b873e6-6c55-4eff-b3e2-c4ca11a3a673/none_v3" "txc37c74d103b8461abfd70-0069258972" "object-server 22" 0.0005 "-" 23 0
Nov 25 10:48:18 standalone object-server[121429]: 172.20.0.100 - - [25/Nov/2025:10:48:18 +0000] "PUT /d1/845/AUTH_1781ba1921f84bf3bb1f6c4b33b719e2/gnocchi.80b873e6-6c55-4eff-b3e2-c4ca11a3a673/none_v3" 201 - "PUT http://localhost:8080/v1/AUTH_1781ba1921f84bf3bb1f6c4b33b719e2/gnocchi.80b873e6-6c55-4eff-b3e2-c4ca11a3a673/none_v3" "txc37c74d103b8461abfd70-0069258972" "proxy-server 21" 0.0093 "-" 22 0
Nov 25 10:48:18 standalone proxy-server[123406]: 172.18.0.2 ::1 25/Nov/2025/10/48/18 PUT /v1/AUTH_1781ba1921f84bf3bb1f6c4b33b719e2/gnocchi.80b873e6-6c55-4eff-b3e2-c4ca11a3a673/none_v3 HTTP/1.0 201 - python-swiftclient-3.11.1 gAAAAABpJYitZHZa... 22 - - txc37c74d103b8461abfd70-0069258972 - 0.0165 - - 1764067698.763240337 1764067698.779691935 0
Nov 25 10:48:18 standalone container-server[121277]: 172.20.0.100 - - [25/Nov/2025:10:48:18 +0000] "HEAD /d1/262/AUTH_1781ba1921f84bf3bb1f6c4b33b719e2/gnocchi.c6547f70-b147-4f05-afef-c8aa8796ff74" 404 - "HEAD http://localhost:8080/v1/AUTH_1781ba1921f84bf3bb1f6c4b33b719e2/gnocchi.c6547f70-b147-4f05-afef-c8aa8796ff74?format=json&states=listing" "tx551e072bb07e4e70b5272-0069258972" "proxy-server 21" 0.0006 "-" 21 0
Nov 25 10:48:18 standalone object-server[121431]: 172.20.0.100 - - [25/Nov/2025:10:48:18 +0000] "GET /d1/151/AUTH_1781ba1921f84bf3bb1f6c4b33b719e2/gnocchi.c6547f70-b147-4f05-afef-c8aa8796ff74/none_v3" 404 70 "GET http://localhost:8080/v1/AUTH_1781ba1921f84bf3bb1f6c4b33b719e2/gnocchi.c6547f70-b147-4f05-afef-c8aa8796ff74/none_v3" "tx551e072bb07e4e70b5272-0069258972" "proxy-server 21" 0.0003 "-" 23 0
Nov 25 10:48:18 standalone proxy-server[123406]: 172.18.0.2 ::1 25/Nov/2025/10/48/18 GET /v1/AUTH_1781ba1921f84bf3bb1f6c4b33b719e2/gnocchi.c6547f70-b147-4f05-afef-c8aa8796ff74/none_v3 HTTP/1.0 404 - python-swiftclient-3.11.1 gAAAAABpJYitZHZa... - 70 - tx551e072bb07e4e70b5272-0069258972 - 0.0101 - - 1764067698.794764757 1764067698.804870129 0
Nov 25 10:48:18 standalone account-server[121237]: 172.20.0.100 - - [25/Nov/2025:10:48:18 +0000] "PUT /d1/755/AUTH_1781ba1921f84bf3bb1f6c4b33b719e2/gnocchi.c6547f70-b147-4f05-afef-c8aa8796ff74" 201 - "PUT http://172.20.0.100:6001/d1/262/AUTH_1781ba1921f84bf3bb1f6c4b33b719e2/gnocchi.c6547f70-b147-4f05-afef-c8aa8796ff74" "tx2321e8bc14ea4aa5ab0d8-0069258972" "container-server 23" 0.0062 "-" 14 0
Nov 25 10:48:18 standalone container-server[121286]: 172.20.0.100 - - [25/Nov/2025:10:48:18 +0000] "PUT /d1/262/AUTH_1781ba1921f84bf3bb1f6c4b33b719e2/gnocchi.c6547f70-b147-4f05-afef-c8aa8796ff74" 201 - "PUT http://localhost:8080/v1/AUTH_1781ba1921f84bf3bb1f6c4b33b719e2/gnocchi.c6547f70-b147-4f05-afef-c8aa8796ff74" "tx2321e8bc14ea4aa5ab0d8-0069258972" "proxy-server 21" 0.0161 "-" 23 0
Nov 25 10:48:18 standalone proxy-server[123406]: 172.18.0.2 ::1 25/Nov/2025/10/48/18 PUT /v1/AUTH_1781ba1921f84bf3bb1f6c4b33b719e2/gnocchi.c6547f70-b147-4f05-afef-c8aa8796ff74 HTTP/1.0 201 - python-swiftclient-3.11.1 gAAAAABpJYitZHZa... - - - tx2321e8bc14ea4aa5ab0d8-0069258972 - 0.0207 - - 1764067698.808864117 1764067698.829571247 0
Nov 25 10:48:18 standalone container-server[121282]: 172.20.0.100 - - [25/Nov/2025:10:48:18 +0000] "HEAD /d1/262/AUTH_1781ba1921f84bf3bb1f6c4b33b719e2/gnocchi.c6547f70-b147-4f05-afef-c8aa8796ff74" 204 - "HEAD http://localhost:8080/v1/AUTH_1781ba1921f84bf3bb1f6c4b33b719e2/gnocchi.c6547f70-b147-4f05-afef-c8aa8796ff74?format=json&states=listing" "tx8979f1fd36844182be4c3-0069258972" "proxy-server 21" 0.0022 "-" 22 0
Nov 25 10:48:18 standalone proxy-server[123406]: - - 25/Nov/2025/10/48/18 HEAD /v1/AUTH_1781ba1921f84bf3bb1f6c4b33b719e2/gnocchi.c6547f70-b147-4f05-afef-c8aa8796ff74%3Fformat%3Djson%26states%3Dlisting HTTP/1.0 204 - Swift - - - - tx8979f1fd36844182be4c3-0069258972 - 0.0061 RL - 1764067698.835488796 1764067698.841574669 0
Nov 25 10:48:18 standalone container-server[121267]: 172.20.0.100 - - [25/Nov/2025:10:48:18 +0000] "GET /d1/262/AUTH_1781ba1921f84bf3bb1f6c4b33b719e2/gnocchi.c6547f70-b147-4f05-afef-c8aa8796ff74" 200 2 "GET http://localhost:8080/v1/AUTH_1781ba1921f84bf3bb1f6c4b33b719e2/gnocchi.c6547f70-b147-4f05-afef-c8aa8796ff74?format=json&states=listing" "tx8979f1fd36844182be4c3-0069258972" "proxy-server 21" 0.0034 "-" 20 0
Nov 25 10:48:18 standalone proxy-server[123406]: 172.18.0.2 ::1 25/Nov/2025/10/48/18 GET /v1/AUTH_1781ba1921f84bf3bb1f6c4b33b719e2/gnocchi.c6547f70-b147-4f05-afef-c8aa8796ff74%3Fformat%3Djson%26states%3Dlisting HTTP/1.0 200 - python-swiftclient-3.11.1 gAAAAABpJYitZHZa... - 2 - tx8979f1fd36844182be4c3-0069258972 - 0.0172 - - 1764067698.834200144 1764067698.851441145 0
Nov 25 10:48:18 standalone object-server[121432]: 172.20.0.100 - - [25/Nov/2025:10:48:18 +0000] "GET /d1/836/AUTH_1781ba1921f84bf3bb1f6c4b33b719e2/gnocchi.c6547f70-b147-4f05-afef-c8aa8796ff74/1763640000.0_mean_300.0_v3" 404 70 "GET http://localhost:8080/v1/AUTH_1781ba1921f84bf3bb1f6c4b33b719e2/gnocchi.c6547f70-b147-4f05-afef-c8aa8796ff74/1763640000.0_mean_300.0_v3" "tx79269e08f0c14666abb6f-0069258972" "proxy-server 21" 0.0005 "-" 24 0
Nov 25 10:48:18 standalone proxy-server[123406]: 172.18.0.2 ::1 25/Nov/2025/10/48/18 GET /v1/AUTH_1781ba1921f84bf3bb1f6c4b33b719e2/gnocchi.c6547f70-b147-4f05-afef-c8aa8796ff74/1763640000.0_mean_300.0_v3 HTTP/1.0 404 - python-swiftclient-3.11.1 gAAAAABpJYitZHZa... - 70 - tx79269e08f0c14666abb6f-0069258972 - 0.0061 - - 1764067698.856142998 1764067698.862266541 0
Nov 25 10:48:18 standalone container-server[121267]: 172.20.0.100 - - [25/Nov/2025:10:48:18 +0000] "PUT /d1/262/AUTH_1781ba1921f84bf3bb1f6c4b33b719e2/gnocchi.c6547f70-b147-4f05-afef-c8aa8796ff74/1763640000.0_mean_300.0_v3" 201 - "PUT http://localhost:8080/d1/836/AUTH_1781ba1921f84bf3bb1f6c4b33b719e2/gnocchi.c6547f70-b147-4f05-afef-c8aa8796ff74/1763640000.0_mean_300.0_v3" "tx98b2af2b8c4948b789ff7-0069258972" "object-server 22" 0.0008 "-" 20 0
Nov 25 10:48:18 standalone object-server[121429]: 172.20.0.100 - - [25/Nov/2025:10:48:18 +0000] "PUT /d1/836/AUTH_1781ba1921f84bf3bb1f6c4b33b719e2/gnocchi.c6547f70-b147-4f05-afef-c8aa8796ff74/1763640000.0_mean_300.0_v3" 201 - "PUT http://localhost:8080/v1/AUTH_1781ba1921f84bf3bb1f6c4b33b719e2/gnocchi.c6547f70-b147-4f05-afef-c8aa8796ff74/1763640000.0_mean_300.0_v3" "tx98b2af2b8c4948b789ff7-0069258972" "proxy-server 21" 0.0105 "-" 22 0
Nov 25 10:48:18 standalone proxy-server[123406]: 172.18.0.2 ::1 25/Nov/2025/10/48/18 PUT /v1/AUTH_1781ba1921f84bf3bb1f6c4b33b719e2/gnocchi.c6547f70-b147-4f05-afef-c8aa8796ff74/1763640000.0_mean_300.0_v3 HTTP/1.0 201 - python-swiftclient-3.11.1 gAAAAABpJYitZHZa... 16 - - tx98b2af2b8c4948b789ff7-0069258972 - 0.0163 - - 1764067698.868101835 1764067698.884431601 0
Nov 25 10:48:18 standalone container-server[121282]: 172.20.0.100 - - [25/Nov/2025:10:48:18 +0000] "PUT /d1/262/AUTH_1781ba1921f84bf3bb1f6c4b33b719e2/gnocchi.c6547f70-b147-4f05-afef-c8aa8796ff74/none_v3" 201 - "PUT http://localhost:8080/d1/151/AUTH_1781ba1921f84bf3bb1f6c4b33b719e2/gnocchi.c6547f70-b147-4f05-afef-c8aa8796ff74/none_v3" "txb7c2cfe8c7e14caea01a4-0069258972" "object-server 22" 0.0007 "-" 22 0
Nov 25 10:48:18 standalone object-server[121429]: 172.20.0.100 - - [25/Nov/2025:10:48:18 +0000] "PUT /d1/151/AUTH_1781ba1921f84bf3bb1f6c4b33b719e2/gnocchi.c6547f70-b147-4f05-afef-c8aa8796ff74/none_v3" 201 - "PUT http://localhost:8080/v1/AUTH_1781ba1921f84bf3bb1f6c4b33b719e2/gnocchi.c6547f70-b147-4f05-afef-c8aa8796ff74/none_v3" "txb7c2cfe8c7e14caea01a4-0069258972" "proxy-server 21" 0.0108 "-" 22 0
Nov 25 10:48:18 standalone proxy-server[123406]: 172.18.0.2 ::1 25/Nov/2025/10/48/18 PUT /v1/AUTH_1781ba1921f84bf3bb1f6c4b33b719e2/gnocchi.c6547f70-b147-4f05-afef-c8aa8796ff74/none_v3 HTTP/1.0 201 - python-swiftclient-3.11.1 gAAAAABpJYitZHZa... 22 - - txb7c2cfe8c7e14caea01a4-0069258972 - 0.0165 - - 1764067698.887737274 1764067698.904261112 0
Nov 25 10:48:18 standalone container-server[121267]: 172.20.0.100 - - [25/Nov/2025:10:48:18 +0000] "HEAD /d1/508/AUTH_1781ba1921f84bf3bb1f6c4b33b719e2/gnocchi.fb383ea2-7423-44d3-96ae-fe5931f86800" 404 - "HEAD http://localhost:8080/v1/AUTH_1781ba1921f84bf3bb1f6c4b33b719e2/gnocchi.fb383ea2-7423-44d3-96ae-fe5931f86800?format=json&states=listing" "txaad328834d8149cdaee55-0069258972" "proxy-server 21" 0.0005 "-" 20 0
Nov 25 10:48:18 standalone object-server[121429]: 172.20.0.100 - - [25/Nov/2025:10:48:18 +0000] "GET /d1/40/AUTH_1781ba1921f84bf3bb1f6c4b33b719e2/gnocchi.fb383ea2-7423-44d3-96ae-fe5931f86800/none_v3" 404 70 "GET http://localhost:8080/v1/AUTH_1781ba1921f84bf3bb1f6c4b33b719e2/gnocchi.fb383ea2-7423-44d3-96ae-fe5931f86800/none_v3" "txaad328834d8149cdaee55-0069258972" "proxy-server 21" 0.0005 "-" 22 0
Nov 25 10:48:18 standalone proxy-server[123406]: 172.18.0.2 ::1 25/Nov/2025/10/48/18 GET /v1/AUTH_1781ba1921f84bf3bb1f6c4b33b719e2/gnocchi.fb383ea2-7423-44d3-96ae-fe5931f86800/none_v3 HTTP/1.0 404 - python-swiftclient-3.11.1 gAAAAABpJYitZHZa... - 70 - txaad328834d8149cdaee55-0069258972 - 0.0104 - - 1764067698.920585155 1764067698.931001902 0
Nov 25 10:48:18 standalone account-server[121248]: 172.20.0.100 - - [25/Nov/2025:10:48:18 +0000] "PUT /d1/755/AUTH_1781ba1921f84bf3bb1f6c4b33b719e2/gnocchi.fb383ea2-7423-44d3-96ae-fe5931f86800" 201 - "PUT http://172.20.0.100:6001/d1/508/AUTH_1781ba1921f84bf3bb1f6c4b33b719e2/gnocchi.fb383ea2-7423-44d3-96ae-fe5931f86800" "txc64df8cf03c649808b55a-0069258972" "container-server 23" 0.0104 "-" 16 0
Nov 25 10:48:18 standalone container-server[121286]: 172.20.0.100 - - [25/Nov/2025:10:48:18 +0000] "PUT /d1/508/AUTH_1781ba1921f84bf3bb1f6c4b33b719e2/gnocchi.fb383ea2-7423-44d3-96ae-fe5931f86800" 201 - "PUT http://localhost:8080/v1/AUTH_1781ba1921f84bf3bb1f6c4b33b719e2/gnocchi.fb383ea2-7423-44d3-96ae-fe5931f86800" "txc64df8cf03c649808b55a-0069258972" "proxy-server 21" 0.0199 "-" 23 0
Nov 25 10:48:18 standalone proxy-server[123406]: 172.18.0.2 ::1 25/Nov/2025/10/48/18 PUT /v1/AUTH_1781ba1921f84bf3bb1f6c4b33b719e2/gnocchi.fb383ea2-7423-44d3-96ae-fe5931f86800 HTTP/1.0 201 - python-swiftclient-3.11.1 gAAAAABpJYitZHZa... - - - txc64df8cf03c649808b55a-0069258972 - 0.0248 - - 1764067698.935143948 1764067698.959970236 0
Nov 25 10:48:18 standalone container-server[121286]: 172.20.0.100 - - [25/Nov/2025:10:48:18 +0000] "HEAD /d1/508/AUTH_1781ba1921f84bf3bb1f6c4b33b719e2/gnocchi.fb383ea2-7423-44d3-96ae-fe5931f86800" 204 - "HEAD http://localhost:8080/v1/AUTH_1781ba1921f84bf3bb1f6c4b33b719e2/gnocchi.fb383ea2-7423-44d3-96ae-fe5931f86800?format=json&states=listing" "tx64fc8e48075541fd9adad-0069258972" "proxy-server 21" 0.0009 "-" 23 0
Nov 25 10:48:18 standalone proxy-server[123406]: - - 25/Nov/2025/10/48/18 HEAD /v1/AUTH_1781ba1921f84bf3bb1f6c4b33b719e2/gnocchi.fb383ea2-7423-44d3-96ae-fe5931f86800%3Fformat%3Djson%26states%3Dlisting HTTP/1.0 204 - Swift - - - - tx64fc8e48075541fd9adad-0069258972 - 0.0034 RL - 1764067698.967075586 1764067698.970485449 0
Nov 25 10:48:18 standalone container-server[121282]: 172.20.0.100 - - [25/Nov/2025:10:48:18 +0000] "GET /d1/508/AUTH_1781ba1921f84bf3bb1f6c4b33b719e2/gnocchi.fb383ea2-7423-44d3-96ae-fe5931f86800" 200 2 "GET http://localhost:8080/v1/AUTH_1781ba1921f84bf3bb1f6c4b33b719e2/gnocchi.fb383ea2-7423-44d3-96ae-fe5931f86800?format=json&states=listing" "tx64fc8e48075541fd9adad-0069258972" "proxy-server 21" 0.0047 "-" 22 0
Nov 25 10:48:18 standalone proxy-server[123406]: 172.18.0.2 ::1 25/Nov/2025/10/48/18 GET /v1/AUTH_1781ba1921f84bf3bb1f6c4b33b719e2/gnocchi.fb383ea2-7423-44d3-96ae-fe5931f86800%3Fformat%3Djson%26states%3Dlisting HTTP/1.0 200 - python-swiftclient-3.11.1 gAAAAABpJYitZHZa... - 2 - tx64fc8e48075541fd9adad-0069258972 - 0.0172 - - 1764067698.965852261 1764067698.983061790 0
Nov 25 10:48:18 standalone object-server[121432]: 172.20.0.100 - - [25/Nov/2025:10:48:18 +0000] "GET /d1/1005/AUTH_1781ba1921f84bf3bb1f6c4b33b719e2/gnocchi.fb383ea2-7423-44d3-96ae-fe5931f86800/1763640000.0_mean_300.0_v3" 404 70 "GET http://localhost:8080/v1/AUTH_1781ba1921f84bf3bb1f6c4b33b719e2/gnocchi.fb383ea2-7423-44d3-96ae-fe5931f86800/1763640000.0_mean_300.0_v3" "tx548866770db947e08d900-0069258972" "proxy-server 21" 0.0006 "-" 24 0
Nov 25 10:48:18 standalone proxy-server[123406]: 172.18.0.2 ::1 25/Nov/2025/10/48/18 GET /v1/AUTH_1781ba1921f84bf3bb1f6c4b33b719e2/gnocchi.fb383ea2-7423-44d3-96ae-fe5931f86800/1763640000.0_mean_300.0_v3 HTTP/1.0 404 - python-swiftclient-3.11.1 gAAAAABpJYitZHZa... - 70 - tx548866770db947e08d900-0069258972 - 0.0064 - - 1764067698.989153624 1764067698.995570421 0
Nov 25 10:48:19 standalone container-server[121277]: 172.20.0.100 - - [25/Nov/2025:10:48:19 +0000] "PUT /d1/508/AUTH_1781ba1921f84bf3bb1f6c4b33b719e2/gnocchi.fb383ea2-7423-44d3-96ae-fe5931f86800/1763640000.0_mean_300.0_v3" 201 - "PUT http://localhost:8080/d1/1005/AUTH_1781ba1921f84bf3bb1f6c4b33b719e2/gnocchi.fb383ea2-7423-44d3-96ae-fe5931f86800/1763640000.0_mean_300.0_v3" "tx4c781e5d2a8145fdbcd97-0069258972" "object-server 22" 0.0009 "-" 21 0
Nov 25 10:48:19 standalone object-server[121429]: 172.20.0.100 - - [25/Nov/2025:10:48:19 +0000] "PUT /d1/1005/AUTH_1781ba1921f84bf3bb1f6c4b33b719e2/gnocchi.fb383ea2-7423-44d3-96ae-fe5931f86800/1763640000.0_mean_300.0_v3" 201 - "PUT http://localhost:8080/v1/AUTH_1781ba1921f84bf3bb1f6c4b33b719e2/gnocchi.fb383ea2-7423-44d3-96ae-fe5931f86800/1763640000.0_mean_300.0_v3" "tx4c781e5d2a8145fdbcd97-0069258972" "proxy-server 21" 0.0119 "-" 22 0
Nov 25 10:48:19 standalone proxy-server[123406]: 172.18.0.2 ::1 25/Nov/2025/10/48/19 PUT /v1/AUTH_1781ba1921f84bf3bb1f6c4b33b719e2/gnocchi.fb383ea2-7423-44d3-96ae-fe5931f86800/1763640000.0_mean_300.0_v3 HTTP/1.0 201 - python-swiftclient-3.11.1 gAAAAABpJYitZHZa... 16 - - tx4c781e5d2a8145fdbcd97-0069258972 - 0.0180 - - 1764067698.999551773 1764067699.017525196 0
Nov 25 10:48:19 standalone container-server[121286]: 172.20.0.100 - - [25/Nov/2025:10:48:19 +0000] "PUT /d1/508/AUTH_1781ba1921f84bf3bb1f6c4b33b719e2/gnocchi.fb383ea2-7423-44d3-96ae-fe5931f86800/none_v3" 201 - "PUT http://localhost:8080/d1/40/AUTH_1781ba1921f84bf3bb1f6c4b33b719e2/gnocchi.fb383ea2-7423-44d3-96ae-fe5931f86800/none_v3" "txbfd6abafdb164678814d0-0069258973" "object-server 22" 0.0005 "-" 23 0
Nov 25 10:48:19 standalone object-server[121429]: 172.20.0.100 - - [25/Nov/2025:10:48:19 +0000] "PUT /d1/40/AUTH_1781ba1921f84bf3bb1f6c4b33b719e2/gnocchi.fb383ea2-7423-44d3-96ae-fe5931f86800/none_v3" 201 - "PUT http://localhost:8080/v1/AUTH_1781ba1921f84bf3bb1f6c4b33b719e2/gnocchi.fb383ea2-7423-44d3-96ae-fe5931f86800/none_v3" "txbfd6abafdb164678814d0-0069258973" "proxy-server 21" 0.0092 "-" 22 0
Nov 25 10:48:19 standalone proxy-server[123406]: 172.18.0.2 ::1 25/Nov/2025/10/48/19 PUT /v1/AUTH_1781ba1921f84bf3bb1f6c4b33b719e2/gnocchi.fb383ea2-7423-44d3-96ae-fe5931f86800/none_v3 HTTP/1.0 201 - python-swiftclient-3.11.1 gAAAAABpJYitZHZa... 22 - - txbfd6abafdb164678814d0-0069258973 - 0.0150 - - 1764067699.021128893 1764067699.036138058 0
Nov 25 10:48:19 standalone container-server[121286]: 172.20.0.100 - - [25/Nov/2025:10:48:19 +0000] "HEAD /d1/610/AUTH_1781ba1921f84bf3bb1f6c4b33b719e2/gnocchi.8e3b49d0-3912-4a6e-8e20-4d36fb6066f7" 404 - "HEAD http://localhost:8080/v1/AUTH_1781ba1921f84bf3bb1f6c4b33b719e2/gnocchi.8e3b49d0-3912-4a6e-8e20-4d36fb6066f7?format=json&states=listing" "tx74973757d94b446cadf9b-0069258973" "proxy-server 21" 0.0003 "-" 23 0
Nov 25 10:48:19 standalone object-server[121432]: 172.20.0.100 - - [25/Nov/2025:10:48:19 +0000] "GET /d1/552/AUTH_1781ba1921f84bf3bb1f6c4b33b719e2/gnocchi.8e3b49d0-3912-4a6e-8e20-4d36fb6066f7/none_v3" 404 70 "GET http://localhost:8080/v1/AUTH_1781ba1921f84bf3bb1f6c4b33b719e2/gnocchi.8e3b49d0-3912-4a6e-8e20-4d36fb6066f7/none_v3" "tx74973757d94b446cadf9b-0069258973" "proxy-server 21" 0.0004 "-" 24 0
Nov 25 10:48:19 standalone proxy-server[123406]: 172.18.0.2 ::1 25/Nov/2025/10/48/19 GET /v1/AUTH_1781ba1921f84bf3bb1f6c4b33b719e2/gnocchi.8e3b49d0-3912-4a6e-8e20-4d36fb6066f7/none_v3 HTTP/1.0 404 - python-swiftclient-3.11.1 gAAAAABpJYitZHZa... - 70 - tx74973757d94b446cadf9b-0069258973 - 0.0089 - - 1764067699.051681519 1764067699.060616493 0
Nov 25 10:48:19 standalone account-server[121250]: 172.20.0.100 - - [25/Nov/2025:10:48:19 +0000] "PUT /d1/755/AUTH_1781ba1921f84bf3bb1f6c4b33b719e2/gnocchi.8e3b49d0-3912-4a6e-8e20-4d36fb6066f7" 201 - "PUT http://172.20.0.100:6001/d1/610/AUTH_1781ba1921f84bf3bb1f6c4b33b719e2/gnocchi.8e3b49d0-3912-4a6e-8e20-4d36fb6066f7" "txe93fda0ef1084c70a882f-0069258973" "container-server 20" 0.0049 "-" 17 0
Nov 25 10:48:19 standalone container-server[121267]: 172.20.0.100 - - [25/Nov/2025:10:48:19 +0000] "PUT /d1/610/AUTH_1781ba1921f84bf3bb1f6c4b33b719e2/gnocchi.8e3b49d0-3912-4a6e-8e20-4d36fb6066f7" 201 - "PUT http://localhost:8080/v1/AUTH_1781ba1921f84bf3bb1f6c4b33b719e2/gnocchi.8e3b49d0-3912-4a6e-8e20-4d36fb6066f7" "txe93fda0ef1084c70a882f-0069258973" "proxy-server 21" 0.0166 "-" 20 0
Nov 25 10:48:19 standalone proxy-server[123406]: 172.18.0.2 ::1 25/Nov/2025/10/48/19 PUT /v1/AUTH_1781ba1921f84bf3bb1f6c4b33b719e2/gnocchi.8e3b49d0-3912-4a6e-8e20-4d36fb6066f7 HTTP/1.0 201 - python-swiftclient-3.11.1 gAAAAABpJYitZHZa... - - - txe93fda0ef1084c70a882f-0069258973 - 0.0233 - - 1764067699.064012289 1764067699.087288141 0
Nov 25 10:48:19 standalone container-server[121282]: 172.20.0.100 - - [25/Nov/2025:10:48:19 +0000] "HEAD /d1/997/AUTH_1781ba1921f84bf3bb1f6c4b33b719e2/gnocchi.d2b0b9dd-bb31-4570-94b8-e0d3bb113477" 404 - "HEAD http://localhost:8080/v1/AUTH_1781ba1921f84bf3bb1f6c4b33b719e2/gnocchi.d2b0b9dd-bb31-4570-94b8-e0d3bb113477?format=json&states=listing" "tx87ed7b4ee0334f76978d8-0069258973" "proxy-server 21" 0.0006 "-" 22 0
Nov 25 10:48:19 standalone object-server[121433]: 172.20.0.100 - - [25/Nov/2025:10:48:19 +0000] "GET /d1/866/AUTH_1781ba1921f84bf3bb1f6c4b33b719e2/gnocchi.d2b0b9dd-bb31-4570-94b8-e0d3bb113477/none_v3" 404 70 "GET http://localhost:8080/v1/AUTH_1781ba1921f84bf3bb1f6c4b33b719e2/gnocchi.d2b0b9dd-bb31-4570-94b8-e0d3bb113477/none_v3" "tx87ed7b4ee0334f76978d8-0069258973" "proxy-server 21" 0.0006 "-" 25 0
Nov 25 10:48:19 standalone proxy-server[123406]: 172.18.0.2 ::1 25/Nov/2025/10/48/19 GET /v1/AUTH_1781ba1921f84bf3bb1f6c4b33b719e2/gnocchi.d2b0b9dd-bb31-4570-94b8-e0d3bb113477/none_v3 HTTP/1.0 404 - python-swiftclient-3.11.1 gAAAAABpJYitZHZa... - 70 - tx87ed7b4ee0334f76978d8-0069258973 - 0.0170 - - 1764067699.092510939 1764067699.109552383 0
Nov 25 10:48:19 standalone account-server[121250]: 172.20.0.100 - - [25/Nov/2025:10:48:19 +0000] "PUT /d1/755/AUTH_1781ba1921f84bf3bb1f6c4b33b719e2/gnocchi.d2b0b9dd-bb31-4570-94b8-e0d3bb113477" 201 - "PUT http://172.20.0.100:6001/d1/997/AUTH_1781ba1921f84bf3bb1f6c4b33b719e2/gnocchi.d2b0b9dd-bb31-4570-94b8-e0d3bb113477" "tx4edec39f5a1c40cea2956-0069258973" "container-server 21" 0.0058 "-" 17 0
Nov 25 10:48:19 standalone container-server[121277]: 172.20.0.100 - - [25/Nov/2025:10:48:19 +0000] "PUT /d1/997/AUTH_1781ba1921f84bf3bb1f6c4b33b719e2/gnocchi.d2b0b9dd-bb31-4570-94b8-e0d3bb113477" 201 - "PUT http://localhost:8080/v1/AUTH_1781ba1921f84bf3bb1f6c4b33b719e2/gnocchi.d2b0b9dd-bb31-4570-94b8-e0d3bb113477" "tx4edec39f5a1c40cea2956-0069258973" "proxy-server 21" 0.0201 "-" 21 0
Nov 25 10:48:19 standalone proxy-server[123406]: 172.18.0.2 ::1 25/Nov/2025/10/48/19 PUT /v1/AUTH_1781ba1921f84bf3bb1f6c4b33b719e2/gnocchi.d2b0b9dd-bb31-4570-94b8-e0d3bb113477 HTTP/1.0 201 - python-swiftclient-3.11.1 gAAAAABpJYitZHZa... - - - tx4edec39f5a1c40cea2956-0069258973 - 0.0288 - - 1764067699.114486456 1764067699.143328190 0
Nov 25 10:48:19 standalone container-server[121282]: 172.20.0.100 - - [25/Nov/2025:10:48:19 +0000] "HEAD /d1/610/AUTH_1781ba1921f84bf3bb1f6c4b33b719e2/gnocchi.8e3b49d0-3912-4a6e-8e20-4d36fb6066f7" 204 - "HEAD http://localhost:8080/v1/AUTH_1781ba1921f84bf3bb1f6c4b33b719e2/gnocchi.8e3b49d0-3912-4a6e-8e20-4d36fb6066f7?format=json&states=listing" "txbb44699715644f7bacf05-0069258973" "proxy-server 21" 0.0022 "-" 22 0
Nov 25 10:48:19 standalone proxy-server[123406]: - - 25/Nov/2025/10/48/19 HEAD /v1/AUTH_1781ba1921f84bf3bb1f6c4b33b719e2/gnocchi.8e3b49d0-3912-4a6e-8e20-4d36fb6066f7%3Fformat%3Djson%26states%3Dlisting HTTP/1.0 204 - Swift - - - - txbb44699715644f7bacf05-0069258973 - 0.0078 RL - 1764067699.152469158 1764067699.160274267 0
Nov 25 10:48:19 standalone container-server[121267]: 172.20.0.100 - - [25/Nov/2025:10:48:19 +0000] "GET /d1/610/AUTH_1781ba1921f84bf3bb1f6c4b33b719e2/gnocchi.8e3b49d0-3912-4a6e-8e20-4d36fb6066f7" 200 2 "GET http://localhost:8080/v1/AUTH_1781ba1921f84bf3bb1f6c4b33b719e2/gnocchi.8e3b49d0-3912-4a6e-8e20-4d36fb6066f7?format=json&states=listing" "txbb44699715644f7bacf05-0069258973" "proxy-server 21" 0.0042 "-" 20 0
Nov 25 10:48:19 standalone proxy-server[123406]: 172.18.0.2 ::1 25/Nov/2025/10/48/19 GET /v1/AUTH_1781ba1921f84bf3bb1f6c4b33b719e2/gnocchi.8e3b49d0-3912-4a6e-8e20-4d36fb6066f7%3Fformat%3Djson%26states%3Dlisting HTTP/1.0 200 - python-swiftclient-3.11.1 gAAAAABpJYitZHZa... - 2 - txbb44699715644f7bacf05-0069258973 - 0.0232 - - 1764067699.150360346 1764067699.173542500 0
Nov 25 10:48:19 standalone container-server[121286]: 172.20.0.100 - - [25/Nov/2025:10:48:19 +0000] "HEAD /d1/997/AUTH_1781ba1921f84bf3bb1f6c4b33b719e2/gnocchi.d2b0b9dd-bb31-4570-94b8-e0d3bb113477" 204 - "HEAD http://localhost:8080/v1/AUTH_1781ba1921f84bf3bb1f6c4b33b719e2/gnocchi.d2b0b9dd-bb31-4570-94b8-e0d3bb113477?format=json&states=listing" "txb07e164395c648569dfde-0069258973" "proxy-server 21" 0.0023 "-" 23 0
Nov 25 10:48:19 standalone proxy-server[123406]: - - 25/Nov/2025/10/48/19 HEAD /v1/AUTH_1781ba1921f84bf3bb1f6c4b33b719e2/gnocchi.d2b0b9dd-bb31-4570-94b8-e0d3bb113477%3Fformat%3Djson%26states%3Dlisting HTTP/1.0 204 - Swift - - - - txb07e164395c648569dfde-0069258973 - 0.0068 RL - 1764067699.181215763 1764067699.188032150 0
Nov 25 10:48:19 standalone container-server[121286]: 172.20.0.100 - - [25/Nov/2025:10:48:19 +0000] "GET /d1/997/AUTH_1781ba1921f84bf3bb1f6c4b33b719e2/gnocchi.d2b0b9dd-bb31-4570-94b8-e0d3bb113477" 200 2 "GET http://localhost:8080/v1/AUTH_1781ba1921f84bf3bb1f6c4b33b719e2/gnocchi.d2b0b9dd-bb31-4570-94b8-e0d3bb113477?format=json&states=listing" "txb07e164395c648569dfde-0069258973" "proxy-server 21" 0.0032 "-" 23 0
Nov 25 10:48:19 standalone proxy-server[123406]: 172.18.0.2 ::1 25/Nov/2025/10/48/19 GET /v1/AUTH_1781ba1921f84bf3bb1f6c4b33b719e2/gnocchi.d2b0b9dd-bb31-4570-94b8-e0d3bb113477%3Fformat%3Djson%26states%3Dlisting HTTP/1.0 200 - python-swiftclient-3.11.1 gAAAAABpJYitZHZa... - 2 - txb07e164395c648569dfde-0069258973 - 0.0195 - - 1764067699.179682493 1764067699.199146032 0
Nov 25 10:48:19 standalone object-server[121433]: 172.20.0.100 - - [25/Nov/2025:10:48:19 +0000] "GET /d1/957/AUTH_1781ba1921f84bf3bb1f6c4b33b719e2/gnocchi.8e3b49d0-3912-4a6e-8e20-4d36fb6066f7/1763640000.0_mean_300.0_v3" 404 70 "GET http://localhost:8080/v1/AUTH_1781ba1921f84bf3bb1f6c4b33b719e2/gnocchi.8e3b49d0-3912-4a6e-8e20-4d36fb6066f7/1763640000.0_mean_300.0_v3" "tx7eb17a3b1ceb45b584bb7-0069258973" "proxy-server 21" 0.0006 "-" 25 0
Nov 25 10:48:19 standalone proxy-server[123406]: 172.18.0.2 ::1 25/Nov/2025/10/48/19 GET /v1/AUTH_1781ba1921f84bf3bb1f6c4b33b719e2/gnocchi.8e3b49d0-3912-4a6e-8e20-4d36fb6066f7/1763640000.0_mean_300.0_v3 HTTP/1.0 404 - python-swiftclient-3.11.1 gAAAAABpJYitZHZa... - 70 - tx7eb17a3b1ceb45b584bb7-0069258973 - 0.0089 - - 1764067699.204446554 1764067699.213321924 0
Nov 25 10:48:19 standalone object-server[121433]: 172.20.0.100 - - [25/Nov/2025:10:48:19 +0000] "GET /d1/464/AUTH_1781ba1921f84bf3bb1f6c4b33b719e2/gnocchi.d2b0b9dd-bb31-4570-94b8-e0d3bb113477/1763640000.0_mean_300.0_v3" 404 70 "GET http://localhost:8080/v1/AUTH_1781ba1921f84bf3bb1f6c4b33b719e2/gnocchi.d2b0b9dd-bb31-4570-94b8-e0d3bb113477/1763640000.0_mean_300.0_v3" "tx3a9d8d418cc84095865fc-0069258973" "proxy-server 21" 0.0004 "-" 25 0
Nov 25 10:48:19 standalone proxy-server[123406]: 172.18.0.2 ::1 25/Nov/2025/10/48/19 GET /v1/AUTH_1781ba1921f84bf3bb1f6c4b33b719e2/gnocchi.d2b0b9dd-bb31-4570-94b8-e0d3bb113477/1763640000.0_mean_300.0_v3 HTTP/1.0 404 - python-swiftclient-3.11.1 gAAAAABpJYitZHZa... - 70 - tx3a9d8d418cc84095865fc-0069258973 - 0.0074 - - 1764067699.217442751 1764067699.224794388 0
Nov 25 10:48:19 standalone container-server[121286]: 172.20.0.100 - - [25/Nov/2025:10:48:19 +0000] "PUT /d1/610/AUTH_1781ba1921f84bf3bb1f6c4b33b719e2/gnocchi.8e3b49d0-3912-4a6e-8e20-4d36fb6066f7/1763640000.0_mean_300.0_v3" 201 - "PUT http://localhost:8080/d1/957/AUTH_1781ba1921f84bf3bb1f6c4b33b719e2/gnocchi.8e3b49d0-3912-4a6e-8e20-4d36fb6066f7/1763640000.0_mean_300.0_v3" "txdf5eef0045144bcf8f3f2-0069258973" "object-server 24" 0.0009 "-" 23 0
Nov 25 10:48:19 standalone object-server[121432]: 172.20.0.100 - - [25/Nov/2025:10:48:19 +0000] "PUT /d1/957/AUTH_1781ba1921f84bf3bb1f6c4b33b719e2/gnocchi.8e3b49d0-3912-4a6e-8e20-4d36fb6066f7/1763640000.0_mean_300.0_v3" 201 - "PUT http://localhost:8080/v1/AUTH_1781ba1921f84bf3bb1f6c4b33b719e2/gnocchi.8e3b49d0-3912-4a6e-8e20-4d36fb6066f7/1763640000.0_mean_300.0_v3" "txdf5eef0045144bcf8f3f2-0069258973" "proxy-server 21" 0.0129 "-" 24 0
Nov 25 10:48:19 standalone proxy-server[123406]: 172.18.0.2 ::1 25/Nov/2025/10/48/19 PUT /v1/AUTH_1781ba1921f84bf3bb1f6c4b33b719e2/gnocchi.8e3b49d0-3912-4a6e-8e20-4d36fb6066f7/1763640000.0_mean_300.0_v3 HTTP/1.0 201 - python-swiftclient-3.11.1 gAAAAABpJYitZHZa... 16 - - txdf5eef0045144bcf8f3f2-0069258973 - 0.0206 - - 1764067699.229557037 1764067699.250196934 0
Nov 25 10:48:19 standalone container-server[121267]: 172.20.0.100 - - [25/Nov/2025:10:48:19 +0000] "PUT /d1/997/AUTH_1781ba1921f84bf3bb1f6c4b33b719e2/gnocchi.d2b0b9dd-bb31-4570-94b8-e0d3bb113477/1763640000.0_mean_300.0_v3" 201 - "PUT http://localhost:8080/d1/464/AUTH_1781ba1921f84bf3bb1f6c4b33b719e2/gnocchi.d2b0b9dd-bb31-4570-94b8-e0d3bb113477/1763640000.0_mean_300.0_v3" "tx4c9e96fb153349ea907ee-0069258973" "object-server 22" 0.0010 "-" 20 0
Nov 25 10:48:19 standalone object-server[121429]: 172.20.0.100 - - [25/Nov/2025:10:48:19 +0000] "PUT /d1/464/AUTH_1781ba1921f84bf3bb1f6c4b33b719e2/gnocchi.d2b0b9dd-bb31-4570-94b8-e0d3bb113477/1763640000.0_mean_300.0_v3" 201 - "PUT http://localhost:8080/v1/AUTH_1781ba1921f84bf3bb1f6c4b33b719e2/gnocchi.d2b0b9dd-bb31-4570-94b8-e0d3bb113477/1763640000.0_mean_300.0_v3" "tx4c9e96fb153349ea907ee-0069258973" "proxy-server 21" 0.0130 "-" 22 0
Nov 25 10:48:19 standalone proxy-server[123406]: 172.18.0.2 ::1 25/Nov/2025/10/48/19 PUT /v1/AUTH_1781ba1921f84bf3bb1f6c4b33b719e2/gnocchi.d2b0b9dd-bb31-4570-94b8-e0d3bb113477/1763640000.0_mean_300.0_v3 HTTP/1.0 201 - python-swiftclient-3.11.1 gAAAAABpJYitZHZa... 16 - - tx4c9e96fb153349ea907ee-0069258973 - 0.0208 - - 1764067699.254485607 1764067699.275329113 0
Nov 25 10:48:19 standalone container-server[121277]: 172.20.0.100 - - [25/Nov/2025:10:48:19 +0000] "PUT /d1/610/AUTH_1781ba1921f84bf3bb1f6c4b33b719e2/gnocchi.8e3b49d0-3912-4a6e-8e20-4d36fb6066f7/none_v3" 201 - "PUT http://localhost:8080/d1/552/AUTH_1781ba1921f84bf3bb1f6c4b33b719e2/gnocchi.8e3b49d0-3912-4a6e-8e20-4d36fb6066f7/none_v3" "tx8047141e5e8e43a782ca2-0069258973" "object-server 23" 0.0007 "-" 21 0
Nov 25 10:48:19 standalone object-server[121431]: 172.20.0.100 - - [25/Nov/2025:10:48:19 +0000] "PUT /d1/552/AUTH_1781ba1921f84bf3bb1f6c4b33b719e2/gnocchi.8e3b49d0-3912-4a6e-8e20-4d36fb6066f7/none_v3" 201 - "PUT http://localhost:8080/v1/AUTH_1781ba1921f84bf3bb1f6c4b33b719e2/gnocchi.8e3b49d0-3912-4a6e-8e20-4d36fb6066f7/none_v3" "tx8047141e5e8e43a782ca2-0069258973" "proxy-server 21" 0.0121 "-" 23 0
Nov 25 10:48:19 standalone proxy-server[123406]: 172.18.0.2 ::1 25/Nov/2025/10/48/19 PUT /v1/AUTH_1781ba1921f84bf3bb1f6c4b33b719e2/gnocchi.8e3b49d0-3912-4a6e-8e20-4d36fb6066f7/none_v3 HTTP/1.0 201 - python-swiftclient-3.11.1 gAAAAABpJYitZHZa... 22 - - tx8047141e5e8e43a782ca2-0069258973 - 0.0198 - - 1764067699.279881954 1764067699.299727678 0
Nov 25 10:48:19 standalone container-server[121282]: 172.20.0.100 - - [25/Nov/2025:10:48:19 +0000] "PUT /d1/997/AUTH_1781ba1921f84bf3bb1f6c4b33b719e2/gnocchi.d2b0b9dd-bb31-4570-94b8-e0d3bb113477/none_v3" 201 - "PUT http://localhost:8080/d1/866/AUTH_1781ba1921f84bf3bb1f6c4b33b719e2/gnocchi.d2b0b9dd-bb31-4570-94b8-e0d3bb113477/none_v3" "tx90823ffafe4d44a9a69fd-0069258973" "object-server 24" 0.0008 "-" 22 0
Nov 25 10:48:19 standalone object-server[121432]: 172.20.0.100 - - [25/Nov/2025:10:48:19 +0000] "PUT /d1/866/AUTH_1781ba1921f84bf3bb1f6c4b33b719e2/gnocchi.d2b0b9dd-bb31-4570-94b8-e0d3bb113477/none_v3" 201 - "PUT http://localhost:8080/v1/AUTH_1781ba1921f84bf3bb1f6c4b33b719e2/gnocchi.d2b0b9dd-bb31-4570-94b8-e0d3bb113477/none_v3" "tx90823ffafe4d44a9a69fd-0069258973" "proxy-server 21" 0.0129 "-" 24 0
Nov 25 10:48:19 standalone proxy-server[123406]: 172.18.0.2 ::1 25/Nov/2025/10/48/19 PUT /v1/AUTH_1781ba1921f84bf3bb1f6c4b33b719e2/gnocchi.d2b0b9dd-bb31-4570-94b8-e0d3bb113477/none_v3 HTTP/1.0 201 - python-swiftclient-3.11.1 gAAAAABpJYitZHZa... 22 - - tx90823ffafe4d44a9a69fd-0069258973 - 0.0208 - - 1764067699.304461002 1764067699.325242281 0
Nov 25 10:48:19 standalone container-server[121267]: 172.20.0.100 - - [25/Nov/2025:10:48:19 +0000] "HEAD /d1/161/AUTH_1781ba1921f84bf3bb1f6c4b33b719e2/gnocchi.3890465c-9331-4098-a050-9446118b0fe3" 404 - "HEAD http://localhost:8080/v1/AUTH_1781ba1921f84bf3bb1f6c4b33b719e2/gnocchi.3890465c-9331-4098-a050-9446118b0fe3?format=json&states=listing" "txa203179069624347859a1-0069258973" "proxy-server 21" 0.0008 "-" 20 0
Nov 25 10:48:19 standalone object-server[121431]: 172.20.0.100 - - [25/Nov/2025:10:48:19 +0000] "GET /d1/1013/AUTH_1781ba1921f84bf3bb1f6c4b33b719e2/gnocchi.3890465c-9331-4098-a050-9446118b0fe3/none_v3" 404 70 "GET http://localhost:8080/v1/AUTH_1781ba1921f84bf3bb1f6c4b33b719e2/gnocchi.3890465c-9331-4098-a050-9446118b0fe3/none_v3" "txa203179069624347859a1-0069258973" "proxy-server 21" 0.0005 "-" 23 0
Nov 25 10:48:19 standalone proxy-server[123406]: 172.18.0.2 ::1 25/Nov/2025/10/48/19 GET /v1/AUTH_1781ba1921f84bf3bb1f6c4b33b719e2/gnocchi.3890465c-9331-4098-a050-9446118b0fe3/none_v3 HTTP/1.0 404 - python-swiftclient-3.11.1 gAAAAABpJYitZHZa... - 70 - txa203179069624347859a1-0069258973 - 0.0151 - - 1764067699.347284555 1764067699.362378359 0
Nov 25 10:48:19 standalone account-server[121250]: 172.20.0.100 - - [25/Nov/2025:10:48:19 +0000] "PUT /d1/755/AUTH_1781ba1921f84bf3bb1f6c4b33b719e2/gnocchi.3890465c-9331-4098-a050-9446118b0fe3" 201 - "PUT http://172.20.0.100:6001/d1/161/AUTH_1781ba1921f84bf3bb1f6c4b33b719e2/gnocchi.3890465c-9331-4098-a050-9446118b0fe3" "txf5de49a090a7428daaae2-0069258973" "container-server 23" 0.0060 "-" 17 0
Nov 25 10:48:19 standalone container-server[121286]: 172.20.0.100 - - [25/Nov/2025:10:48:19 +0000] "PUT /d1/161/AUTH_1781ba1921f84bf3bb1f6c4b33b719e2/gnocchi.3890465c-9331-4098-a050-9446118b0fe3" 201 - "PUT http://localhost:8080/v1/AUTH_1781ba1921f84bf3bb1f6c4b33b719e2/gnocchi.3890465c-9331-4098-a050-9446118b0fe3" "txf5de49a090a7428daaae2-0069258973" "proxy-server 21" 0.0222 "-" 23 0
Nov 25 10:48:19 standalone proxy-server[123406]: 172.18.0.2 ::1 25/Nov/2025/10/48/19 PUT /v1/AUTH_1781ba1921f84bf3bb1f6c4b33b719e2/gnocchi.3890465c-9331-4098-a050-9446118b0fe3 HTTP/1.0 201 - python-swiftclient-3.11.1 gAAAAABpJYitZHZa... - - - txf5de49a090a7428daaae2-0069258973 - 0.0294 - - 1764067699.367382526 1764067699.396784782 0
Nov 25 10:48:19 standalone container-server[121286]: 172.20.0.100 - - [25/Nov/2025:10:48:19 +0000] "HEAD /d1/161/AUTH_1781ba1921f84bf3bb1f6c4b33b719e2/gnocchi.3890465c-9331-4098-a050-9446118b0fe3" 204 - "HEAD http://localhost:8080/v1/AUTH_1781ba1921f84bf3bb1f6c4b33b719e2/gnocchi.3890465c-9331-4098-a050-9446118b0fe3?format=json&states=listing" "tx748d853e4c37438c86298-0069258973" "proxy-server 21" 0.0023 "-" 23 0
Nov 25 10:48:19 standalone proxy-server[123406]: - - 25/Nov/2025/10/48/19 HEAD /v1/AUTH_1781ba1921f84bf3bb1f6c4b33b719e2/gnocchi.3890465c-9331-4098-a050-9446118b0fe3%3Fformat%3Djson%26states%3Dlisting HTTP/1.0 204 - Swift - - - - tx748d853e4c37438c86298-0069258973 - 0.0072 RL - 1764067699.404743671 1764067699.411987782 0
Nov 25 10:48:19 standalone container-server[121267]: 172.20.0.100 - - [25/Nov/2025:10:48:19 +0000] "GET /d1/161/AUTH_1781ba1921f84bf3bb1f6c4b33b719e2/gnocchi.3890465c-9331-4098-a050-9446118b0fe3" 200 2 "GET http://localhost:8080/v1/AUTH_1781ba1921f84bf3bb1f6c4b33b719e2/gnocchi.3890465c-9331-4098-a050-9446118b0fe3?format=json&states=listing" "tx748d853e4c37438c86298-0069258973" "proxy-server 21" 0.0038 "-" 20 0
