Oct 9 14:43:26 standalone object-server[129857]: 172.20.0.100 - - [09/Oct/2025:14:43:26 +0000] "PUT /d1/252/AUTH_999a51e1ca114e11bcba401d9c4138e2/gnocchi.1b4b7b5f-f62f-4811-a680-e287cdab314c/1759320000.0_mean_300.0_v3" 201 - "PUT http://172.18.0.2:8080/v1/AUTH_999a51e1ca114e11bcba401d9c4138e2/gnocchi.1b4b7b5f-f62f-4811-a680-e287cdab314c/1759320000.0_mean_300.0_v3" "txc4c122ccf2f54f5289100-0068e7ca0e" "proxy-server 20" 0.0097 "-" 24 0
Oct 9 14:43:26 standalone proxy-server[131557]: 172.18.0.2 172.18.0.100 09/Oct/2025/14/43/26 PUT /v1/AUTH_999a51e1ca114e11bcba401d9c4138e2/gnocchi.1b4b7b5f-f62f-4811-a680-e287cdab314c/1759320000.0_mean_300.0_v3 HTTP/1.0 201 - python-swiftclient-3.11.1 gAAAAABo58nI_iYl... 16 - - txc4c122ccf2f54f5289100-0068e7ca0e - 0.0159 - - 1760021006.769770145 1760021006.785678625 0
Oct 9 14:43:26 standalone container-server[129606]: 172.20.0.100 - - [09/Oct/2025:14:43:26 +0000] "PUT /d1/469/AUTH_999a51e1ca114e11bcba401d9c4138e2/gnocchi.1b4b7b5f-f62f-4811-a680-e287cdab314c/none_v3" 201 - "PUT http://172.18.0.2:8080/d1/978/AUTH_999a51e1ca114e11bcba401d9c4138e2/gnocchi.1b4b7b5f-f62f-4811-a680-e287cdab314c/none_v3" "tx853c41bd34c541b2b0ce8-0068e7ca0e" "object-server 24" 0.0007 "-" 16 0
Oct 9 14:43:26 standalone object-server[129857]: 172.20.0.100 - - [09/Oct/2025:14:43:26 +0000] "PUT /d1/978/AUTH_999a51e1ca114e11bcba401d9c4138e2/gnocchi.1b4b7b5f-f62f-4811-a680-e287cdab314c/none_v3" 201 - "PUT http://172.18.0.2:8080/v1/AUTH_999a51e1ca114e11bcba401d9c4138e2/gnocchi.1b4b7b5f-f62f-4811-a680-e287cdab314c/none_v3" "tx853c41bd34c541b2b0ce8-0068e7ca0e" "proxy-server 20" 0.0183 "-" 24 0
Oct 9 14:43:26 standalone proxy-server[131557]: 172.18.0.2 172.18.0.100 09/Oct/2025/14/43/26 PUT /v1/AUTH_999a51e1ca114e11bcba401d9c4138e2/gnocchi.1b4b7b5f-f62f-4811-a680-e287cdab314c/none_v3 HTTP/1.0 201 - python-swiftclient-3.11.1 gAAAAABo58nI_iYl... 22 - - tx853c41bd34c541b2b0ce8-0068e7ca0e - 0.0247 - - 1760021006.788972855 1760021006.813643932 0
Oct 9 14:43:26 standalone container-server[129574]: 172.20.0.100 - - [09/Oct/2025:14:43:26 +0000] "HEAD /d1/360/AUTH_999a51e1ca114e11bcba401d9c4138e2/gnocchi.2ccb1868-5e6d-4731-8ad1-99de04a125cf" 404 - "HEAD http://172.18.0.2:8080/v1/AUTH_999a51e1ca114e11bcba401d9c4138e2/gnocchi.2ccb1868-5e6d-4731-8ad1-99de04a125cf?format=json&states=listing" "tx8f7fced2c0c74b9fa70af-0068e7ca0e" "proxy-server 20" 0.0005 "-" 15 0
Oct 9 14:43:26 standalone object-server[129857]: 172.20.0.100 - - [09/Oct/2025:14:43:26 +0000] "GET /d1/500/AUTH_999a51e1ca114e11bcba401d9c4138e2/gnocchi.2ccb1868-5e6d-4731-8ad1-99de04a125cf/none_v3" 404 70 "GET http://172.18.0.2:8080/v1/AUTH_999a51e1ca114e11bcba401d9c4138e2/gnocchi.2ccb1868-5e6d-4731-8ad1-99de04a125cf/none_v3" "tx8f7fced2c0c74b9fa70af-0068e7ca0e" "proxy-server 20" 0.0003 "-" 24 0
Oct 9 14:43:26 standalone proxy-server[131557]: 172.18.0.2 172.18.0.100 09/Oct/2025/14/43/26 GET /v1/AUTH_999a51e1ca114e11bcba401d9c4138e2/gnocchi.2ccb1868-5e6d-4731-8ad1-99de04a125cf/none_v3 HTTP/1.0 404 - python-swiftclient-3.11.1 gAAAAABo58nI_iYl... - 70 - tx8f7fced2c0c74b9fa70af-0068e7ca0e - 0.0121 - - 1760021006.825088739 1760021006.837200642 0
Oct 9 14:43:26 standalone account-server[129434]: 172.20.0.100 - - [09/Oct/2025:14:43:26 +0000] "PUT /d1/460/AUTH_999a51e1ca114e11bcba401d9c4138e2/gnocchi.2ccb1868-5e6d-4731-8ad1-99de04a125cf" 201 - "PUT http://172.20.0.100:6001/d1/360/AUTH_999a51e1ca114e11bcba401d9c4138e2/gnocchi.2ccb1868-5e6d-4731-8ad1-99de04a125cf" "tx97cb39a543c34194b2e7c-0068e7ca0e" "container-server 14" 0.0047 "-" 18 0
Oct 9 14:43:26 standalone container-server[129561]: 172.20.0.100 - - [09/Oct/2025:14:43:26 +0000] "PUT /d1/360/AUTH_999a51e1ca114e11bcba401d9c4138e2/gnocchi.2ccb1868-5e6d-4731-8ad1-99de04a125cf" 201 - "PUT http://172.18.0.2:8080/v1/AUTH_999a51e1ca114e11bcba401d9c4138e2/gnocchi.2ccb1868-5e6d-4731-8ad1-99de04a125cf" "tx97cb39a543c34194b2e7c-0068e7ca0e" "proxy-server 20" 0.0175 "-" 14 0
Oct 9 14:43:26 standalone proxy-server[131557]: 172.18.0.2 172.18.0.100 09/Oct/2025/14/43/26 PUT /v1/AUTH_999a51e1ca114e11bcba401d9c4138e2/gnocchi.2ccb1868-5e6d-4731-8ad1-99de04a125cf HTTP/1.0 201 - python-swiftclient-3.11.1 gAAAAABo58nI_iYl... - - - tx97cb39a543c34194b2e7c-0068e7ca0e - 0.0247 - - 1760021006.839802027 1760021006.864460230 0
Oct 9 14:43:26 standalone container-server[129621]: 172.20.0.100 - - [09/Oct/2025:14:43:26 +0000] "HEAD /d1/360/AUTH_999a51e1ca114e11bcba401d9c4138e2/gnocchi.2ccb1868-5e6d-4731-8ad1-99de04a125cf" 204 - "HEAD http://172.18.0.2:8080/v1/AUTH_999a51e1ca114e11bcba401d9c4138e2/gnocchi.2ccb1868-5e6d-4731-8ad1-99de04a125cf?format=json&states=listing" "txc8de0d255547423ea792a-0068e7ca0e" "proxy-server 20" 0.0022 "-" 17 0
Oct 9 14:43:26 standalone proxy-server[131557]: - - 09/Oct/2025/14/43/26 HEAD /v1/AUTH_999a51e1ca114e11bcba401d9c4138e2/gnocchi.2ccb1868-5e6d-4731-8ad1-99de04a125cf%3Fformat%3Djson%26states%3Dlisting HTTP/1.0 204 - Swift - - - - txc8de0d255547423ea792a-0068e7ca0e - 0.0076 RL - 1760021006.869306087 1760021006.876942873 0
Oct 9 14:43:26 standalone container-server[129574]: 172.20.0.100 - - [09/Oct/2025:14:43:26 +0000] "GET /d1/360/AUTH_999a51e1ca114e11bcba401d9c4138e2/gnocchi.2ccb1868-5e6d-4731-8ad1-99de04a125cf" 200 2 "GET http://172.18.0.2:8080/v1/AUTH_999a51e1ca114e11bcba401d9c4138e2/gnocchi.2ccb1868-5e6d-4731-8ad1-99de04a125cf?format=json&states=listing" "txc8de0d255547423ea792a-0068e7ca0e" "proxy-server 20" 0.0029 "-" 15 0
Oct 9 14:43:26 standalone proxy-server[131557]: 172.18.0.2 172.18.0.100 09/Oct/2025/14/43/26 GET /v1/AUTH_999a51e1ca114e11bcba401d9c4138e2/gnocchi.2ccb1868-5e6d-4731-8ad1-99de04a125cf%3Fformat%3Djson%26states%3Dlisting HTTP/1.0 200 - python-swiftclient-3.11.1 gAAAAABo58nI_iYl... - 2 - txc8de0d255547423ea792a-0068e7ca0e - 0.0201 - - 1760021006.867770672 1760021006.887834549 0
Oct 9 14:43:26 standalone object-server[129857]: 172.20.0.100 - - [09/Oct/2025:14:43:26 +0000] "GET /d1/53/AUTH_999a51e1ca114e11bcba401d9c4138e2/gnocchi.2ccb1868-5e6d-4731-8ad1-99de04a125cf/1759320000.0_mean_300.0_v3" 404 70 "GET http://172.18.0.2:8080/v1/AUTH_999a51e1ca114e11bcba401d9c4138e2/gnocchi.2ccb1868-5e6d-4731-8ad1-99de04a125cf/1759320000.0_mean_300.0_v3" "txf7de7b560a2c40848e9c0-0068e7ca0e" "proxy-server 20" 0.0003 "-" 24 0
Oct 9 14:43:26 standalone proxy-server[131557]: 172.18.0.2 172.18.0.100 09/Oct/2025/14/43/26 GET /v1/AUTH_999a51e1ca114e11bcba401d9c4138e2/gnocchi.2ccb1868-5e6d-4731-8ad1-99de04a125cf/1759320000.0_mean_300.0_v3 HTTP/1.0 404 - python-swiftclient-3.11.1 gAAAAABo58nI_iYl... - 70 - txf7de7b560a2c40848e9c0-0068e7ca0e - 0.0057 - - 1760021006.891189575 1760021006.896867037 0
Oct 9 14:43:26 standalone container-server[129621]: 172.20.0.100 - - [09/Oct/2025:14:43:26 +0000] "PUT /d1/360/AUTH_999a51e1ca114e11bcba401d9c4138e2/gnocchi.2ccb1868-5e6d-4731-8ad1-99de04a125cf/1759320000.0_mean_300.0_v3" 201 - "PUT http://172.18.0.2:8080/d1/53/AUTH_999a51e1ca114e11bcba401d9c4138e2/gnocchi.2ccb1868-5e6d-4731-8ad1-99de04a125cf/1759320000.0_mean_300.0_v3" "tx64d21e2fcf6948298cff5-0068e7ca0e" "object-server 25" 0.0008 "-" 17 0
Oct 9 14:43:26 standalone object-server[129859]: 172.20.0.100 - - [09/Oct/2025:14:43:26 +0000] "PUT /d1/53/AUTH_999a51e1ca114e11bcba401d9c4138e2/gnocchi.2ccb1868-5e6d-4731-8ad1-99de04a125cf/1759320000.0_mean_300.0_v3" 201 - "PUT http://172.18.0.2:8080/v1/AUTH_999a51e1ca114e11bcba401d9c4138e2/gnocchi.2ccb1868-5e6d-4731-8ad1-99de04a125cf/1759320000.0_mean_300.0_v3" "tx64d21e2fcf6948298cff5-0068e7ca0e" "proxy-server 20" 0.0131 "-" 25 0
Oct 9 14:43:26 standalone proxy-server[131557]: 172.18.0.2 172.18.0.100 09/Oct/2025/14/43/26 PUT /v1/AUTH_999a51e1ca114e11bcba401d9c4138e2/gnocchi.2ccb1868-5e6d-4731-8ad1-99de04a125cf/1759320000.0_mean_300.0_v3 HTTP/1.0 201 - python-swiftclient-3.11.1 gAAAAABo58nI_iYl... 16 - - tx64d21e2fcf6948298cff5-0068e7ca0e - 0.0218 - - 1760021006.900288820 1760021006.922105074 0
Oct 9 14:43:26 standalone container-server[129561]: 172.20.0.100 - - [09/Oct/2025:14:43:26 +0000] "PUT /d1/360/AUTH_999a51e1ca114e11bcba401d9c4138e2/gnocchi.2ccb1868-5e6d-4731-8ad1-99de04a125cf/none_v3" 201 - "PUT http://172.18.0.2:8080/d1/500/AUTH_999a51e1ca114e11bcba401d9c4138e2/gnocchi.2ccb1868-5e6d-4731-8ad1-99de04a125cf/none_v3" "tx440d2ce9e7d841b5bbc92-0068e7ca0e" "object-server 24" 0.0015 "-" 14 0
Oct 9 14:43:26 standalone object-server[129857]: 172.20.0.100 - - [09/Oct/2025:14:43:26 +0000] "PUT /d1/500/AUTH_999a51e1ca114e11bcba401d9c4138e2/gnocchi.2ccb1868-5e6d-4731-8ad1-99de04a125cf/none_v3" 201 - "PUT http://172.18.0.2:8080/v1/AUTH_999a51e1ca114e11bcba401d9c4138e2/gnocchi.2ccb1868-5e6d-4731-8ad1-99de04a125cf/none_v3" "tx440d2ce9e7d841b5bbc92-0068e7ca0e" "proxy-server 20" 0.0121 "-" 24 0
Oct 9 14:43:26 standalone proxy-server[131557]: 172.18.0.2 172.18.0.100 09/Oct/2025/14/43/26 PUT /v1/AUTH_999a51e1ca114e11bcba401d9c4138e2/gnocchi.2ccb1868-5e6d-4731-8ad1-99de04a125cf/none_v3 HTTP/1.0 201 - python-swiftclient-3.11.1 gAAAAABo58nI_iYl... 22 - - tx440d2ce9e7d841b5bbc92-0068e7ca0e - 0.0202 - - 1760021006.928085327 1760021006.948260784 0
Oct 9 14:43:26 standalone container-server[129621]: 172.20.0.100 - - [09/Oct/2025:14:43:26 +0000] "HEAD /d1/56/AUTH_999a51e1ca114e11bcba401d9c4138e2/gnocchi.631c965c-7802-4e8a-935b-8bc6b4cfb9c6" 404 - "HEAD http://172.18.0.2:8080/v1/AUTH_999a51e1ca114e11bcba401d9c4138e2/gnocchi.631c965c-7802-4e8a-935b-8bc6b4cfb9c6?format=json&states=listing" "txb3377d1561ef49b89679f-0068e7ca0e" "proxy-server 20" 0.0007 "-" 17 0
Oct 9 14:43:26 standalone object-server[129855]: 172.20.0.100 - - [09/Oct/2025:14:43:26 +0000] "GET /d1/334/AUTH_999a51e1ca114e11bcba401d9c4138e2/gnocchi.631c965c-7802-4e8a-935b-8bc6b4cfb9c6/none_v3" 404 70 "GET http://172.18.0.2:8080/v1/AUTH_999a51e1ca114e11bcba401d9c4138e2/gnocchi.631c965c-7802-4e8a-935b-8bc6b4cfb9c6/none_v3" "txb3377d1561ef49b89679f-0068e7ca0e" "proxy-server 20" 0.0003 "-" 22 0
Oct 9 14:43:26 standalone proxy-server[131557]: 172.18.0.2 172.18.0.100 09/Oct/2025/14/43/26 GET /v1/AUTH_999a51e1ca114e11bcba401d9c4138e2/gnocchi.631c965c-7802-4e8a-935b-8bc6b4cfb9c6/none_v3 HTTP/1.0 404 - python-swiftclient-3.11.1 gAAAAABo58nI_iYl... - 70 - txb3377d1561ef49b89679f-0068e7ca0e - 0.0110 - - 1760021006.968137980 1760021006.979128599 0
Oct 9 14:43:26 standalone account-server[129463]: 172.20.0.100 - - [09/Oct/2025:14:43:26 +0000] "PUT /d1/460/AUTH_999a51e1ca114e11bcba401d9c4138e2/gnocchi.631c965c-7802-4e8a-935b-8bc6b4cfb9c6" 201 - "PUT http://172.20.0.100:6001/d1/56/AUTH_999a51e1ca114e11bcba401d9c4138e2/gnocchi.631c965c-7802-4e8a-935b-8bc6b4cfb9c6" "tx3f7ce39c97fa48c2987ad-0068e7ca0e" "container-server 15" 0.0057 "-" 22 0
Oct 9 14:43:27 standalone container-server[129574]: 172.20.0.100 - - [09/Oct/2025:14:43:27 +0000] "PUT /d1/56/AUTH_999a51e1ca114e11bcba401d9c4138e2/gnocchi.631c965c-7802-4e8a-935b-8bc6b4cfb9c6" 201 - "PUT http://172.18.0.2:8080/v1/AUTH_999a51e1ca114e11bcba401d9c4138e2/gnocchi.631c965c-7802-4e8a-935b-8bc6b4cfb9c6" "tx3f7ce39c97fa48c2987ad-0068e7ca0e" "proxy-server 20" 0.0165 "-" 15 0
Oct 9 14:43:27 standalone proxy-server[131557]: 172.18.0.2 172.18.0.100 09/Oct/2025/14/43/27 PUT /v1/AUTH_999a51e1ca114e11bcba401d9c4138e2/gnocchi.631c965c-7802-4e8a-935b-8bc6b4cfb9c6 HTTP/1.0 201 - python-swiftclient-3.11.1 gAAAAABo58nI_iYl... - - - tx3f7ce39c97fa48c2987ad-0068e7ca0e - 0.0215 - - 1760021006.981933594 1760021007.003398657 0
Oct 9 14:43:27 standalone container-server[129606]: 172.20.0.100 - - [09/Oct/2025:14:43:27 +0000] "HEAD /d1/56/AUTH_999a51e1ca114e11bcba401d9c4138e2/gnocchi.631c965c-7802-4e8a-935b-8bc6b4cfb9c6" 204 - "HEAD http://172.18.0.2:8080/v1/AUTH_999a51e1ca114e11bcba401d9c4138e2/gnocchi.631c965c-7802-4e8a-935b-8bc6b4cfb9c6?format=json&states=listing" "tx7510f1f5cf5840dcb5c4c-0068e7ca0f" "proxy-server 20" 0.0015 "-" 16 0
Oct 9 14:43:27 standalone proxy-server[131557]: - - 09/Oct/2025/14/43/27 HEAD /v1/AUTH_999a51e1ca114e11bcba401d9c4138e2/gnocchi.631c965c-7802-4e8a-935b-8bc6b4cfb9c6%3Fformat%3Djson%26states%3Dlisting HTTP/1.0 204 - Swift - - - - tx7510f1f5cf5840dcb5c4c-0068e7ca0f - 0.0055 RL - 1760021007.007779598 1760021007.013236046 0
Oct 9 14:43:27 standalone container-server[129621]: 172.20.0.100 - - [09/Oct/2025:14:43:27 +0000] "GET /d1/56/AUTH_999a51e1ca114e11bcba401d9c4138e2/gnocchi.631c965c-7802-4e8a-935b-8bc6b4cfb9c6" 200 2 "GET http://172.18.0.2:8080/v1/AUTH_999a51e1ca114e11bcba401d9c4138e2/gnocchi.631c965c-7802-4e8a-935b-8bc6b4cfb9c6?format=json&states=listing" "tx7510f1f5cf5840dcb5c4c-0068e7ca0f" "proxy-server 20" 0.0026 "-" 17 0
Oct 9 14:43:27 standalone proxy-server[131557]: 172.18.0.2 172.18.0.100 09/Oct/2025/14/43/27 GET /v1/AUTH_999a51e1ca114e11bcba401d9c4138e2/gnocchi.631c965c-7802-4e8a-935b-8bc6b4cfb9c6%3Fformat%3Djson%26states%3Dlisting HTTP/1.0 200 - python-swiftclient-3.11.1 gAAAAABo58nI_iYl... - 2 - tx7510f1f5cf5840dcb5c4c-0068e7ca0f - 0.0163 - - 1760021007.006797314 1760021007.023106098 0
Oct 9 14:43:27 standalone object-server[129859]: 172.20.0.100 - - [09/Oct/2025:14:43:27 +0000] "GET /d1/807/AUTH_999a51e1ca114e11bcba401d9c4138e2/gnocchi.631c965c-7802-4e8a-935b-8bc6b4cfb9c6/1759320000.0_mean_300.0_v3" 404 70 "GET http://172.18.0.2:8080/v1/AUTH_999a51e1ca114e11bcba401d9c4138e2/gnocchi.631c965c-7802-4e8a-935b-8bc6b4cfb9c6/1759320000.0_mean_300.0_v3" "tx47e9b8663d22443fade8f-0068e7ca0f" "proxy-server 20" 0.0003 "-" 25 0
Oct 9 14:43:27 standalone proxy-server[131557]: 172.18.0.2 172.18.0.100 09/Oct/2025/14/43/27 GET /v1/AUTH_999a51e1ca114e11bcba401d9c4138e2/gnocchi.631c965c-7802-4e8a-935b-8bc6b4cfb9c6/1759320000.0_mean_300.0_v3 HTTP/1.0 404 - python-swiftclient-3.11.1 gAAAAABo58nI_iYl... - 70 - tx47e9b8663d22443fade8f-0068e7ca0f - 0.0050 - - 1760021007.027260780 1760021007.032248259 0
Oct 9 14:43:27 standalone container-server[129574]: 172.20.0.100 - - [09/Oct/2025:14:43:27 +0000] "PUT /d1/56/AUTH_999a51e1ca114e11bcba401d9c4138e2/gnocchi.631c965c-7802-4e8a-935b-8bc6b4cfb9c6/1759320000.0_mean_300.0_v3" 201 - "PUT http://172.18.0.2:8080/d1/807/AUTH_999a51e1ca114e11bcba401d9c4138e2/gnocchi.631c965c-7802-4e8a-935b-8bc6b4cfb9c6/1759320000.0_mean_300.0_v3" "txe451d22c3dea47f08ec82-0068e7ca0f" "object-server 23" 0.0005 "-" 15 0
Oct 9 14:43:27 standalone object-server[129856]: 172.20.0.100 - - [09/Oct/2025:14:43:27 +0000] "PUT /d1/807/AUTH_999a51e1ca114e11bcba401d9c4138e2/gnocchi.631c965c-7802-4e8a-935b-8bc6b4cfb9c6/1759320000.0_mean_300.0_v3" 201 - "PUT http://172.18.0.2:8080/v1/AUTH_999a51e1ca114e11bcba401d9c4138e2/gnocchi.631c965c-7802-4e8a-935b-8bc6b4cfb9c6/1759320000.0_mean_300.0_v3" "txe451d22c3dea47f08ec82-0068e7ca0f" "proxy-server 20" 0.0182 "-" 23 0
Oct 9 14:43:27 standalone proxy-server[131557]: 172.18.0.2 172.18.0.100 09/Oct/2025/14/43/27 PUT /v1/AUTH_999a51e1ca114e11bcba401d9c4138e2/gnocchi.631c965c-7802-4e8a-935b-8bc6b4cfb9c6/1759320000.0_mean_300.0_v3 HTTP/1.0 201 - python-swiftclient-3.11.1 gAAAAABo58nI_iYl... 16 - - txe451d22c3dea47f08ec82-0068e7ca0f - 0.0343 - - 1760021007.035855055 1760021007.070199490 0
Oct 9 14:43:27 standalone container-server[129606]: 172.20.0.100 - - [09/Oct/2025:14:43:27 +0000] "PUT /d1/56/AUTH_999a51e1ca114e11bcba401d9c4138e2/gnocchi.631c965c-7802-4e8a-935b-8bc6b4cfb9c6/none_v3" 201 - "PUT http://172.18.0.2:8080/d1/334/AUTH_999a51e1ca114e11bcba401d9c4138e2/gnocchi.631c965c-7802-4e8a-935b-8bc6b4cfb9c6/none_v3" "tx9b8aca211e54411b9579e-0068e7ca0f" "object-server 23" 0.0005 "-" 16 0
Oct 9 14:43:27 standalone object-server[129856]: 172.20.0.100 - - [09/Oct/2025:14:43:27 +0000] "PUT /d1/334/AUTH_999a51e1ca114e11bcba401d9c4138e2/gnocchi.631c965c-7802-4e8a-935b-8bc6b4cfb9c6/none_v3" 201 - "PUT http://172.18.0.2:8080/v1/AUTH_999a51e1ca114e11bcba401d9c4138e2/gnocchi.631c965c-7802-4e8a-935b-8bc6b4cfb9c6/none_v3" "tx9b8aca211e54411b9579e-0068e7ca0f" "proxy-server 20" 0.0086 "-" 23 0
Oct 9 14:43:27 standalone proxy-server[131557]: 172.18.0.2 172.18.0.100 09/Oct/2025/14/43/27 PUT /v1/AUTH_999a51e1ca114e11bcba401d9c4138e2/gnocchi.631c965c-7802-4e8a-935b-8bc6b4cfb9c6/none_v3 HTTP/1.0 201 - python-swiftclient-3.11.1 gAAAAABo58nI_iYl... 22 - - tx9b8aca211e54411b9579e-0068e7ca0f - 0.0135 - - 1760021007.072763205 1760021007.086258173 0
Oct 9 14:43:27 standalone container-server[129621]: 172.20.0.100 - - [09/Oct/2025:14:43:27 +0000] "HEAD /d1/814/AUTH_999a51e1ca114e11bcba401d9c4138e2/gnocchi.af55b9fb-8467-4bde-be94-8673bb787587" 404 - "HEAD http://172.18.0.2:8080/v1/AUTH_999a51e1ca114e11bcba401d9c4138e2/gnocchi.af55b9fb-8467-4bde-be94-8673bb787587?format=json&states=listing" "txbc7fa7c9feb54f00bcace-0068e7ca0f" "proxy-server 20" 0.0013 "-" 17 0
Oct 9 14:43:27 standalone object-server[129856]: 172.20.0.100 - - [09/Oct/2025:14:43:27 +0000] "GET /d1/968/AUTH_999a51e1ca114e11bcba401d9c4138e2/gnocchi.af55b9fb-8467-4bde-be94-8673bb787587/none_v3" 404 70 "GET http://172.18.0.2:8080/v1/AUTH_999a51e1ca114e11bcba401d9c4138e2/gnocchi.af55b9fb-8467-4bde-be94-8673bb787587/none_v3" "txbc7fa7c9feb54f00bcace-0068e7ca0f" "proxy-server 20" 0.0003 "-" 23 0
Oct 9 14:43:27 standalone proxy-server[131557]: 172.18.0.2 172.18.0.100 09/Oct/2025/14/43/27 GET /v1/AUTH_999a51e1ca114e11bcba401d9c4138e2/gnocchi.af55b9fb-8467-4bde-be94-8673bb787587/none_v3 HTTP/1.0 404 - python-swiftclient-3.11.1 gAAAAABo58nI_iYl... - 70 - txbc7fa7c9feb54f00bcace-0068e7ca0f - 0.0119 - - 1760021007.099419117 1760021007.111332655 0
Oct 9 14:43:27 standalone account-server[129463]: 172.20.0.100 - - [09/Oct/2025:14:43:27 +0000] "PUT /d1/460/AUTH_999a51e1ca114e11bcba401d9c4138e2/gnocchi.af55b9fb-8467-4bde-be94-8673bb787587" 201 - "PUT http://172.20.0.100:6001/d1/814/AUTH_999a51e1ca114e11bcba401d9c4138e2/gnocchi.af55b9fb-8467-4bde-be94-8673bb787587" "tx9a840730a94e476e8e9df-0068e7ca0f" "container-server 14" 0.0050 "-" 22 0
Oct 9 14:43:27 standalone container-server[129561]: 172.20.0.100 - - [09/Oct/2025:14:43:27 +0000] "PUT /d1/814/AUTH_999a51e1ca114e11bcba401d9c4138e2/gnocchi.af55b9fb-8467-4bde-be94-8673bb787587" 201 - "PUT http://172.18.0.2:8080/v1/AUTH_999a51e1ca114e11bcba401d9c4138e2/gnocchi.af55b9fb-8467-4bde-be94-8673bb787587" "tx9a840730a94e476e8e9df-0068e7ca0f" "proxy-server 20" 0.0162 "-" 14 0
Oct 9 14:43:27 standalone proxy-server[131557]: 172.18.0.2 172.18.0.100 09/Oct/2025/14/43/27 PUT /v1/AUTH_999a51e1ca114e11bcba401d9c4138e2/gnocchi.af55b9fb-8467-4bde-be94-8673bb787587 HTTP/1.0 201 - python-swiftclient-3.11.1 gAAAAABo58nI_iYl... - - - tx9a840730a94e476e8e9df-0068e7ca0f - 0.0209 - - 1760021007.116566420 1760021007.137433052 0
Oct 9 14:43:27 standalone container-server[129561]: 172.20.0.100 - - [09/Oct/2025:14:43:27 +0000] "HEAD /d1/814/AUTH_999a51e1ca114e11bcba401d9c4138e2/gnocchi.af55b9fb-8467-4bde-be94-8673bb787587" 204 - "HEAD http://172.18.0.2:8080/v1/AUTH_999a51e1ca114e11bcba401d9c4138e2/gnocchi.af55b9fb-8467-4bde-be94-8673bb787587?format=json&states=listing" "tx9674cc39bd2f4f1498bd8-0068e7ca0f" "proxy-server 20" 0.0015 "-" 14 0
Oct 9 14:43:27 standalone proxy-server[131557]: - - 09/Oct/2025/14/43/27 HEAD /v1/AUTH_999a51e1ca114e11bcba401d9c4138e2/gnocchi.af55b9fb-8467-4bde-be94-8673bb787587%3Fformat%3Djson%26states%3Dlisting HTTP/1.0 204 - Swift - - - - tx9674cc39bd2f4f1498bd8-0068e7ca0f - 0.0049 RL - 1760021007.142024040 1760021007.146923780 0
Oct 9 14:43:27 standalone container-server[129621]: 172.20.0.100 - - [09/Oct/2025:14:43:27 +0000] "GET /d1/814/AUTH_999a51e1ca114e11bcba401d9c4138e2/gnocchi.af55b9fb-8467-4bde-be94-8673bb787587" 200 2 "GET http://172.18.0.2:8080/v1/AUTH_999a51e1ca114e11bcba401d9c4138e2/gnocchi.af55b9fb-8467-4bde-be94-8673bb787587?format=json&states=listing" "tx9674cc39bd2f4f1498bd8-0068e7ca0f" "proxy-server 20" 0.0022 "-" 17 0
Oct 9 14:43:27 standalone proxy-server[131557]: 172.18.0.2 172.18.0.100 09/Oct/2025/14/43/27 GET /v1/AUTH_999a51e1ca114e11bcba401d9c4138e2/gnocchi.af55b9fb-8467-4bde-be94-8673bb787587%3Fformat%3Djson%26states%3Dlisting HTTP/1.0 200 - python-swiftclient-3.11.1 gAAAAABo58nI_iYl... - 2 - tx9674cc39bd2f4f1498bd8-0068e7ca0f - 0.0141 - - 1760021007.140892744 1760021007.155004978 0
Oct 9 14:43:27 standalone object-server[129859]: 172.20.0.100 - - [09/Oct/2025:14:43:27 +0000] "GET /d1/49/AUTH_999a51e1ca114e11bcba401d9c4138e2/gnocchi.af55b9fb-8467-4bde-be94-8673bb787587/1759320000.0_mean_300.0_v3" 404 70 "GET http://172.18.0.2:8080/v1/AUTH_999a51e1ca114e11bcba401d9c4138e2/gnocchi.af55b9fb-8467-4bde-be94-8673bb787587/1759320000.0_mean_300.0_v3" "tx1a467c043f7448f78fb22-0068e7ca0f" "proxy-server 20" 0.0004 "-" 25 0
Oct 9 14:43:27 standalone proxy-server[131557]: 172.18.0.2 172.18.0.100 09/Oct/2025/14/43/27 GET /v1/AUTH_999a51e1ca114e11bcba401d9c4138e2/gnocchi.af55b9fb-8467-4bde-be94-8673bb787587/1759320000.0_mean_300.0_v3 HTTP/1.0 404 - python-swiftclient-3.11.1 gAAAAABo58nI_iYl... - 70 - tx1a467c043f7448f78fb22-0068e7ca0f - 0.0056 - - 1760021007.158036947 1760021007.163587570 0
Oct 9 14:43:27 standalone container-server[129621]: 172.20.0.100 - - [09/Oct/2025:14:43:27 +0000] "PUT /d1/814/AUTH_999a51e1ca114e11bcba401d9c4138e2/gnocchi.af55b9fb-8467-4bde-be94-8673bb787587/1759320000.0_mean_300.0_v3" 201 - "PUT http://172.18.0.2:8080/d1/49/AUTH_999a51e1ca114e11bcba401d9c4138e2/gnocchi.af55b9fb-8467-4bde-be94-8673bb787587/1759320000.0_mean_300.0_v3" "tx5dbf912cb8964c869f9c0-0068e7ca0f" "object-server 24" 0.0007 "-" 17 0
Oct 9 14:43:27 standalone object-server[129857]: 172.20.0.100 - - [09/Oct/2025:14:43:27 +0000] "PUT /d1/49/AUTH_999a51e1ca114e11bcba401d9c4138e2/gnocchi.af55b9fb-8467-4bde-be94-8673bb787587/1759320000.0_mean_300.0_v3" 201 - "PUT http://172.18.0.2:8080/v1/AUTH_999a51e1ca114e11bcba401d9c4138e2/gnocchi.af55b9fb-8467-4bde-be94-8673bb787587/1759320000.0_mean_300.0_v3" "tx5dbf912cb8964c869f9c0-0068e7ca0f" "proxy-server 20" 0.0110 "-" 24 0
Oct 9 14:43:27 standalone proxy-server[131557]: 172.18.0.2 172.18.0.100 09/Oct/2025/14/43/27 PUT /v1/AUTH_999a51e1ca114e11bcba401d9c4138e2/gnocchi.af55b9fb-8467-4bde-be94-8673bb787587/1759320000.0_mean_300.0_v3 HTTP/1.0 201 - python-swiftclient-3.11.1 gAAAAABo58nI_iYl... 16 - - tx5dbf912cb8964c869f9c0-0068e7ca0f - 0.0177 - - 1760021007.166427135 1760021007.184125185 0
Oct 9 14:43:27 standalone container-server[129561]: 172.20.0.100 - - [09/Oct/2025:14:43:27 +0000] "PUT /d1/814/AUTH_999a51e1ca114e11bcba401d9c4138e2/gnocchi.af55b9fb-8467-4bde-be94-8673bb787587/none_v3" 201 - "PUT http://172.18.0.2:8080/d1/968/AUTH_999a51e1ca114e11bcba401d9c4138e2/gnocchi.af55b9fb-8467-4bde-be94-8673bb787587/none_v3" "tx4809aeb0a90f45779c36a-0068e7ca0f" "object-server 25" 0.0006 "-" 14 0
Oct 9 14:43:27 standalone object-server[129859]: 172.20.0.100 - - [09/Oct/2025:14:43:27 +0000] "PUT /d1/968/AUTH_999a51e1ca114e11bcba401d9c4138e2/gnocchi.af55b9fb-8467-4bde-be94-8673bb787587/none_v3" 201 - "PUT http://172.18.0.2:8080/v1/AUTH_999a51e1ca114e11bcba401d9c4138e2/gnocchi.af55b9fb-8467-4bde-be94-8673bb787587/none_v3" "tx4809aeb0a90f45779c36a-0068e7ca0f" "proxy-server 20" 0.0099 "-" 25 0
Oct 9 14:43:27 standalone proxy-server[131557]: 172.18.0.2 172.18.0.100 09/Oct/2025/14/43/27 PUT /v1/AUTH_999a51e1ca114e11bcba401d9c4138e2/gnocchi.af55b9fb-8467-4bde-be94-8673bb787587/none_v3 HTTP/1.0 201 - python-swiftclient-3.11.1 gAAAAABo58nI_iYl... 22 - - tx4809aeb0a90f45779c36a-0068e7ca0f - 0.0152 - - 1760021007.186976194 1760021007.202184916 0
Oct 9 14:43:50 standalone container-server[129621]: 172.20.0.100 - - [09/Oct/2025:14:43:50 +0000] "HEAD /d1/611/AUTH_999a51e1ca114e11bcba401d9c4138e2/gnocchi.78d8cbd7-658e-4e07-ab60-719fb82ccdce" 404 - "HEAD http://172.18.0.2:8080/v1/AUTH_999a51e1ca114e11bcba401d9c4138e2/gnocchi.78d8cbd7-658e-4e07-ab60-719fb82ccdce?format=json&states=listing" "tx628c12cb691b46cbb8839-0068e7ca26" "proxy-server 20" 0.0006 "-" 17 0
Oct 9 14:43:50 standalone object-server[129857]: 172.20.0.100 - - [09/Oct/2025:14:43:50 +0000] "GET /d1/240/AUTH_999a51e1ca114e11bcba401d9c4138e2/gnocchi.78d8cbd7-658e-4e07-ab60-719fb82ccdce/none_v3" 404 70 "GET http://172.18.0.2:8080/v1/AUTH_999a51e1ca114e11bcba401d9c4138e2/gnocchi.78d8cbd7-658e-4e07-ab60-719fb82ccdce/none_v3" "tx628c12cb691b46cbb8839-0068e7ca26" "proxy-server 20" 0.0006 "-" 24 0
Oct 9 14:43:50 standalone proxy-server[131557]: 172.18.0.2 172.18.0.100 09/Oct/2025/14/43/50 GET /v1/AUTH_999a51e1ca114e11bcba401d9c4138e2/gnocchi.78d8cbd7-658e-4e07-ab60-719fb82ccdce/none_v3 HTTP/1.0 404 - python-swiftclient-3.11.1 gAAAAABo58nI_iYl... - 70 - tx628c12cb691b46cbb8839-0068e7ca26 - 0.0119 - - 1760021030.321623564 1760021030.333530188 0
Oct 9 14:43:50 standalone account-server[129447]: 172.20.0.100 - - [09/Oct/2025:14:43:50 +0000] "PUT /d1/460/AUTH_999a51e1ca114e11bcba401d9c4138e2/gnocchi.78d8cbd7-658e-4e07-ab60-719fb82ccdce" 201 - "PUT http://172.20.0.100:6001/d1/611/AUTH_999a51e1ca114e11bcba401d9c4138e2/gnocchi.78d8cbd7-658e-4e07-ab60-719fb82ccdce" "tx13b0d7fb269e41878303f-0068e7ca26" "container-server 15" 0.0040 "-" 21 0
Oct 9 14:43:50 standalone container-server[129574]: 172.20.0.100 - - [09/Oct/2025:14:43:50 +0000] "PUT /d1/611/AUTH_999a51e1ca114e11bcba401d9c4138e2/gnocchi.78d8cbd7-658e-4e07-ab60-719fb82ccdce" 201 - "PUT http://172.18.0.2:8080/v1/AUTH_999a51e1ca114e11bcba401d9c4138e2/gnocchi.78d8cbd7-658e-4e07-ab60-719fb82ccdce" "tx13b0d7fb269e41878303f-0068e7ca26" "proxy-server 20" 0.0153 "-" 15 0
Oct 9 14:43:50 standalone proxy-server[131557]: 172.18.0.2 172.18.0.100 09/Oct/2025/14/43/50 PUT /v1/AUTH_999a51e1ca114e11bcba401d9c4138e2/gnocchi.78d8cbd7-658e-4e07-ab60-719fb82ccdce HTTP/1.0 201 - python-swiftclient-3.11.1 gAAAAABo58nI_iYl... - - - tx13b0d7fb269e41878303f-0068e7ca26 - 0.0217 - - 1760021030.336478472 1760021030.358175993 0
Oct 9 14:43:50 standalone container-server[129561]: 172.20.0.100 - - [09/Oct/2025:14:43:50 +0000] "HEAD /d1/611/AUTH_999a51e1ca114e11bcba401d9c4138e2/gnocchi.78d8cbd7-658e-4e07-ab60-719fb82ccdce" 204 - "HEAD http://172.18.0.2:8080/v1/AUTH_999a51e1ca114e11bcba401d9c4138e2/gnocchi.78d8cbd7-658e-4e07-ab60-719fb82ccdce?format=json&states=listing" "txa67628366cf143e0954a9-0068e7ca26" "proxy-server 20" 0.0017 "-" 14 0
Oct 9 14:43:50 standalone proxy-server[131557]: - - 09/Oct/2025/14/43/50 HEAD /v1/AUTH_999a51e1ca114e11bcba401d9c4138e2/gnocchi.78d8cbd7-658e-4e07-ab60-719fb82ccdce%3Fformat%3Djson%26states%3Dlisting HTTP/1.0 204 - Swift - - - - txa67628366cf143e0954a9-0068e7ca26 - 0.0067 RL - 1760021030.362220526 1760021030.368945122 0
Oct 9 14:43:50 standalone container-server[129561]: 172.20.0.100 - - [09/Oct/2025:14:43:50 +0000] "GET /d1/611/AUTH_999a51e1ca114e11bcba401d9c4138e2/gnocchi.78d8cbd7-658e-4e07-ab60-719fb82ccdce" 200 2 "GET http://172.18.0.2:8080/v1/AUTH_999a51e1ca114e11bcba401d9c4138e2/gnocchi.78d8cbd7-658e-4e07-ab60-719fb82ccdce?format=json&states=listing" "txa67628366cf143e0954a9-0068e7ca26" "proxy-server 20" 0.0020 "-" 14 0
Oct 9 14:43:50 standalone proxy-server[131557]: 172.18.0.2 172.18.0.100 09/Oct/2025/14/43/50 GET /v1/AUTH_999a51e1ca114e11bcba401d9c4138e2/gnocchi.78d8cbd7-658e-4e07-ab60-719fb82ccdce%3Fformat%3Djson%26states%3Dlisting HTTP/1.0 200 - python-swiftclient-3.11.1 gAAAAABo58nI_iYl... - 2 - txa67628366cf143e0954a9-0068e7ca26 - 0.0297 - - 1760021030.361083984 1760021030.390771866 0
Oct 9 14:43:50 standalone object-server[129855]: 172.20.0.100 - - [09/Oct/2025:14:43:50 +0000] "GET /d1/855/AUTH_999a51e1ca114e11bcba401d9c4138e2/gnocchi.78d8cbd7-658e-4e07-ab60-719fb82ccdce/1759320000.0_mean_300.0_v3" 404 70 "GET http://172.18.0.2:8080/v1/AUTH_999a51e1ca114e11bcba401d9c4138e2/gnocchi.78d8cbd7-658e-4e07-ab60-719fb82ccdce/1759320000.0_mean_300.0_v3" "txd58b58feceeb41ef9626f-0068e7ca26" "proxy-server 20" 0.0004 "-" 22 0
Oct 9 14:43:50 standalone proxy-server[131557]: 172.18.0.2 172.18.0.100 09/Oct/2025/14/43/50 GET /v1/AUTH_999a51e1ca114e11bcba401d9c4138e2/gnocchi.78d8cbd7-658e-4e07-ab60-719fb82ccdce/1759320000.0_mean_300.0_v3 HTTP/1.0 404 - python-swiftclient-3.11.1 gAAAAABo58nI_iYl... - 70 - txd58b58feceeb41ef9626f-0068e7ca26 - 0.0112 - - 1760021030.395441294 1760021030.406667471 0
Oct 9 14:43:50 standalone container-server[129621]: 172.20.0.100 - - [09/Oct/2025:14:43:50 +0000] "PUT /d1/611/AUTH_999a51e1ca114e11bcba401d9c4138e2/gnocchi.78d8cbd7-658e-4e07-ab60-719fb82ccdce/1759320000.0_mean_300.0_v3" 201 - "PUT http://172.18.0.2:8080/d1/855/AUTH_999a51e1ca114e11bcba401d9c4138e2/gnocchi.78d8cbd7-658e-4e07-ab60-719fb82ccdce/1759320000.0_mean_300.0_v3" "tx5929d94bbc1b49509d4be-0068e7ca26" "object-server 22" 0.0005 "-" 17 0
Oct 9 14:43:50 standalone object-server[129855]: 172.20.0.100 - - [09/Oct/2025:14:43:50 +0000] "PUT /d1/855/AUTH_999a51e1ca114e11bcba401d9c4138e2/gnocchi.78d8cbd7-658e-4e07-ab60-719fb82ccdce/1759320000.0_mean_300.0_v3" 201 - "PUT http://172.18.0.2:8080/v1/AUTH_999a51e1ca114e11bcba401d9c4138e2/gnocchi.78d8cbd7-658e-4e07-ab60-719fb82ccdce/1759320000.0_mean_300.0_v3" "tx5929d94bbc1b49509d4be-0068e7ca26" "proxy-server 20" 0.0118 "-" 22 0
Oct 9 14:43:50 standalone proxy-server[131557]: 172.18.0.2 172.18.0.100 09/Oct/2025/14/43/50 PUT /v1/AUTH_999a51e1ca114e11bcba401d9c4138e2/gnocchi.78d8cbd7-658e-4e07-ab60-719fb82ccdce/1759320000.0_mean_300.0_v3 HTTP/1.0 201 - python-swiftclient-3.11.1 gAAAAABo58nI_iYl... 16 - - tx5929d94bbc1b49509d4be-0068e7ca26 - 0.0227 - - 1760021030.410045624 1760021030.432711840 0
Oct 9 14:43:50 standalone container-server[129574]: 172.20.0.100 - - [09/Oct/2025:14:43:50 +0000] "PUT /d1/611/AUTH_999a51e1ca114e11bcba401d9c4138e2/gnocchi.78d8cbd7-658e-4e07-ab60-719fb82ccdce/none_v3" 201 - "PUT http://172.18.0.2:8080/d1/240/AUTH_999a51e1ca114e11bcba401d9c4138e2/gnocchi.78d8cbd7-658e-4e07-ab60-719fb82ccdce/none_v3" "tx9a0d9ff622ff4171912fe-0068e7ca26" "object-server 25" 0.0007 "-" 15 0
Oct 9 14:43:50 standalone object-server[129859]: 172.20.0.100 - - [09/Oct/2025:14:43:50 +0000] "PUT /d1/240/AUTH_999a51e1ca114e11bcba401d9c4138e2/gnocchi.78d8cbd7-658e-4e07-ab60-719fb82ccdce/none_v3" 201 - "PUT http://172.18.0.2:8080/v1/AUTH_999a51e1ca114e11bcba401d9c4138e2/gnocchi.78d8cbd7-658e-4e07-ab60-719fb82ccdce/none_v3" "tx9a0d9ff622ff4171912fe-0068e7ca26" "proxy-server 20" 0.0122 "-" 25 0
Oct 9 14:43:50 standalone proxy-server[131557]: 172.18.0.2 172.18.0.100 09/Oct/2025/14/43/50 PUT /v1/AUTH_999a51e1ca114e11bcba401d9c4138e2/gnocchi.78d8cbd7-658e-4e07-ab60-719fb82ccdce/none_v3 HTTP/1.0 201 - python-swiftclient-3.11.1 gAAAAABo58nI_iYl... 22 - - tx9a0d9ff622ff4171912fe-0068e7ca26 - 0.0195 - - 1760021030.435587645 1760021030.455041170 0
Oct 9 14:43:50 standalone object-server[129857]: 172.20.0.100 - - [09/Oct/2025:14:43:50 +0000] "GET /d1/843/AUTH_999a51e1ca114e11bcba401d9c4138e2/gnocchi.5ee17f90-e4e1-47d0-9af8-3ed64fa20e36/none_v3" 200 22 "GET http://172.18.0.2:8080/v1/AUTH_999a51e1ca114e11bcba401d9c4138e2/gnocchi.5ee17f90-e4e1-47d0-9af8-3ed64fa20e36/none_v3" "tx5a3515e8d6be4c7e8abf3-0068e7ca26" "proxy-server 20" 0.0010 "-" 24 0
Oct 9 14:43:50 standalone proxy-server[131557]: 172.18.0.2 172.18.0.100 09/Oct/2025/14/43/50 GET /v1/AUTH_999a51e1ca114e11bcba401d9c4138e2/gnocchi.5ee17f90-e4e1-47d0-9af8-3ed64fa20e36/none_v3 HTTP/1.0 200 - python-swiftclient-3.11.1 gAAAAABo58nI_iYl... - 22 - tx5a3515e8d6be4c7e8abf3-0068e7ca26 - 0.0067 - - 1760021030.515521049 1760021030.522249937 0
Oct 9 14:43:50 standalone container-server[129574]: 172.20.0.100 - - [09/Oct/2025:14:43:50 +0000] "GET /d1/499/AUTH_999a51e1ca114e11bcba401d9c4138e2/gnocchi.5ee17f90-e4e1-47d0-9af8-3ed64fa20e36" 200 357 "GET http://172.18.0.2:8080/v1/AUTH_999a51e1ca114e11bcba401d9c4138e2/gnocchi.5ee17f90-e4e1-47d0-9af8-3ed64fa20e36?format=json&states=listing" "tx70087984735a473a99bc1-0068e7ca26" "proxy-server 20" 0.0125 "-" 15 0
Oct 9 14:43:50 standalone proxy-server[131557]: 172.18.0.2 172.18.0.100 09/Oct/2025/14/43/50 GET /v1/AUTH_999a51e1ca114e11bcba401d9c4138e2/gnocchi.5ee17f90-e4e1-47d0-9af8-3ed64fa20e36%3Fformat%3Djson%26states%3Dlisting HTTP/1.0 200 - python-swiftclient-3.11.1 gAAAAABo58nI_iYl... - 357 - tx70087984735a473a99bc1-0068e7ca26 - 0.0178 - - 1760021030.525318623 1760021030.543101072 0
Oct 9 14:43:50 standalone container-server[129606]: 172.20.0.100 - - [09/Oct/2025:14:43:50 +0000] "GET /d1/499/AUTH_999a51e1ca114e11bcba401d9c4138e2/gnocchi.5ee17f90-e4e1-47d0-9af8-3ed64fa20e36" 200 2 "GET http://172.18.0.2:8080/v1/AUTH_999a51e1ca114e11bcba401d9c4138e2/gnocchi.5ee17f90-e4e1-47d0-9af8-3ed64fa20e36?format=json&marker=none_v3&states=listing" "txf2ab41c7918143b09bc5c-0068e7ca26" "proxy-server 20" 0.0020 "-" 16 0
Oct 9 14:43:50 standalone proxy-server[131557]: 172.18.0.2 172.18.0.100 09/Oct/2025/14/43/50 GET /v1/AUTH_999a51e1ca114e11bcba401d9c4138e2/gnocchi.5ee17f90-e4e1-47d0-9af8-3ed64fa20e36%3Fformat%3Djson%26marker%3Dnone_v3%26states%3Dlisting HTTP/1.0 200 - python-swiftclient-3.11.1 gAAAAABo58nI_iYl... - 2 - txf2ab41c7918143b09bc5c-0068e7ca26 - 0.0070 - - 1760021030.545636415 1760021030.552639723 0
Oct 9 14:43:50 standalone object-server[129857]: 172.20.0.100 - - [09/Oct/2025:14:43:50 +0000] "GET /d1/725/AUTH_999a51e1ca114e11bcba401d9c4138e2/gnocchi.5ee17f90-e4e1-47d0-9af8-3ed64fa20e36/1759320000.0_mean_300.0_v3" 200 16 "GET http://172.18.0.2:8080/v1/AUTH_999a51e1ca114e11bcba401d9c4138e2/gnocchi.5ee17f90-e4e1-47d0-9af8-3ed64fa20e36/1759320000.0_mean_300.0_v3" "tx520ba57f732a4dcd80c6c-0068e7ca26" "proxy-server 20" 0.0008 "-" 24 0
Oct 9 14:43:50 standalone proxy-server[131557]: 172.18.0.2 172.18.0.100 09/Oct/2025/14/43/50 GET /v1/AUTH_999a51e1ca114e11bcba401d9c4138e2/gnocchi.5ee17f90-e4e1-47d0-9af8-3ed64fa20e36/1759320000.0_mean_300.0_v3 HTTP/1.0 200 - python-swiftclient-3.11.1 gAAAAABo58nI_iYl... - 16 - tx520ba57f732a4dcd80c6c-0068e7ca26 - 0.0079 - - 1760021030.555770636 1760021030.563632011 0
Oct 9 14:43:50 standalone container-server[129574]: 172.20.0.100 - - [09/Oct/2025:14:43:50 +0000] "PUT /d1/499/AUTH_999a51e1ca114e11bcba401d9c4138e2/gnocchi.5ee17f90-e4e1-47d0-9af8-3ed64fa20e36/1759320000.0_mean_300.0_v3" 201 - "PUT http://172.18.0.2:8080/d1/725/AUTH_999a51e1ca114e11bcba401d9c4138e2/gnocchi.5ee17f90-e4e1-47d0-9af8-3ed64fa20e36/1759320000.0_mean_300.0_v3" "txe4b2b5a2c683422e83814-0068e7ca26" "object-server 23" 0.0005 "-" 15 0
Oct 9 14:43:50 standalone object-server[129856]: 172.20.0.100 - - [09/Oct/2025:14:43:50 +0000] "PUT /d1/725/AUTH_999a51e1ca114e11bcba401d9c4138e2/gnocchi.5ee17f90-e4e1-47d0-9af8-3ed64fa20e36/1759320000.0_mean_300.0_v3" 201 - "PUT http://172.18.0.2:8080/v1/AUTH_999a51e1ca114e11bcba401d9c4138e2/gnocchi.5ee17f90-e4e1-47d0-9af8-3ed64fa20e36/1759320000.0_mean_300.0_v3" "txe4b2b5a2c683422e83814-0068e7ca26" "proxy-server 20" 0.0119 "-" 23 0
Oct 9 14:43:50 standalone proxy-server[131557]: 172.18.0.2 172.18.0.100 09/Oct/2025/14/43/50 PUT /v1/AUTH_999a51e1ca114e11bcba401d9c4138e2/gnocchi.5ee17f90-e4e1-47d0-9af8-3ed64fa20e36/1759320000.0_mean_300.0_v3 HTTP/1.0 201 - python-swiftclient-3.11.1 gAAAAABo58nI_iYl... 16 - - txe4b2b5a2c683422e83814-0068e7ca26 - 0.0183 - - 1760021030.566020250 1760021030.584297895 0
Oct 9 14:43:50 standalone container-server[129561]: 172.20.0.100 - - [09/Oct/2025:14:43:50 +0000] "PUT /d1/499/AUTH_999a51e1ca114e11bcba401d9c4138e2/gnocchi.5ee17f90-e4e1-47d0-9af8-3ed64fa20e36/none_v3" 201 - "PUT http://172.18.0.2:8080/d1/843/AUTH_999a51e1ca114e11bcba401d9c4138e2/gnocchi.5ee17f90-e4e1-47d0-9af8-3ed64fa20e36/none_v3" "tx67a6e7443fe645b8957f1-0068e7ca26" "object-server 22" 0.0006 "-" 14 0
Oct 9 14:43:50 standalone object-server[129855]: 172.20.0.100 - - [09/Oct/2025:14:43:50 +0000] "PUT /d1/843/AUTH_999a51e1ca114e11bcba401d9c4138e2/gnocchi.5ee17f90-e4e1-47d0-9af8-3ed64fa20e36/none_v3" 201 - "PUT http://172.18.0.2:8080/v1/AUTH_999a51e1ca114e11bcba401d9c4138e2/gnocchi.5ee17f90-e4e1-47d0-9af8-3ed64fa20e36/none_v3" "tx67a6e7443fe645b8957f1-0068e7ca26" "proxy-server 20" 0.0087 "-" 22 0
Oct 9 14:43:50 standalone proxy-server[131557]: 172.18.0.2 172.18.0.100 09/Oct/2025/14/43/50 PUT /v1/AUTH_999a51e1ca114e11bcba401d9c4138e2/gnocchi.5ee17f90-e4e1-47d0-9af8-3ed64fa20e36/none_v3 HTTP/1.0 201 - python-swiftclient-3.11.1 gAAAAABo58nI_iYl... 33 - - tx67a6e7443fe645b8957f1-0068e7ca26 - 0.0167 - - 1760021030.588261366 1760021030.604966879 0
Oct 9 14:43:50 standalone object-server[129859]: 172.20.0.100 - - [09/Oct/2025:14:43:50 +0000] "GET /d1/320/AUTH_999a51e1ca114e11bcba401d9c4138e2/gnocchi.6babfedf-eedb-4341-bb59-8757fc3c9c9f/none_v3" 200 22 "GET http://172.18.0.2:8080/v1/AUTH_999a51e1ca114e11bcba401d9c4138e2/gnocchi.6babfedf-eedb-4341-bb59-8757fc3c9c9f/none_v3" "txb1dacec9ff014e11a959b-0068e7ca26" "proxy-server 20" 0.0006 "-" 25 0
Oct 9 14:43:50 standalone proxy-server[131557]: 172.18.0.2 172.18.0.100 09/Oct/2025/14/43/50 GET /v1/AUTH_999a51e1ca114e11bcba401d9c4138e2/gnocchi.6babfedf-eedb-4341-bb59-8757fc3c9c9f/none_v3 HTTP/1.0 200 - python-swiftclient-3.11.1 gAAAAABo58nI_iYl... - 22 - txb1dacec9ff014e11a959b-0068e7ca26 - 0.0088 - - 1760021030.615971565 1760021030.624775171 0
Oct 9 14:43:50 standalone container-server[129606]: 172.20.0.100 - - [09/Oct/2025:14:43:50 +0000] "GET /d1/816/AUTH_999a51e1ca114e11bcba401d9c4138e2/gnocchi.6babfedf-eedb-4341-bb59-8757fc3c9c9f" 200 357 "GET http://172.18.0.2:8080/v1/AUTH_999a51e1ca114e11bcba401d9c4138e2/gnocchi.6babfedf-eedb-4341-bb59-8757fc3c9c9f?format=json&states=listing" "tx8207eea568b348a18b010-0068e7ca26" "proxy-server 20" 0.0084 "-" 16 0
Oct 9 14:43:50 standalone proxy-server[131557]: 172.18.0.2 172.18.0.100 09/Oct/2025/14/43/50 GET /v1/AUTH_999a51e1ca114e11bcba401d9c4138e2/gnocchi.6babfedf-eedb-4341-bb59-8757fc3c9c9f%3Fformat%3Djson%26states%3Dlisting HTTP/1.0 200 - python-swiftclient-3.11.1 gAAAAABo58nI_iYl... - 357 - tx8207eea568b348a18b010-0068e7ca26 - 0.0177 - - 1760021030.629215002 1760021030.646884918 0
Oct 9 14:43:50 standalone container-server[129574]: 172.20.0.100 - - [09/Oct/2025:14:43:50 +0000] "GET /d1/816/AUTH_999a51e1ca114e11bcba401d9c4138e2/gnocchi.6babfedf-eedb-4341-bb59-8757fc3c9c9f" 200 2 "GET http://172.18.0.2:8080/v1/AUTH_999a51e1ca114e11bcba401d9c4138e2/gnocchi.6babfedf-eedb-4341-bb59-8757fc3c9c9f?format=json&marker=none_v3&states=listing" "tx1c2594f96db2412fb8e32-0068e7ca26" "proxy-server 20" 0.0019 "-" 15 0
Oct 9 14:43:50 standalone proxy-server[131557]: 172.18.0.2 172.18.0.100 09/Oct/2025/14/43/50 GET /v1/AUTH_999a51e1ca114e11bcba401d9c4138e2/gnocchi.6babfedf-eedb-4341-bb59-8757fc3c9c9f%3Fformat%3Djson%26marker%3Dnone_v3%26states%3Dlisting HTTP/1.0 200 - python-swiftclient-3.11.1 gAAAAABo58nI_iYl... - 2 - tx1c2594f96db2412fb8e32-0068e7ca26 - 0.0103 - - 1760021030.651284456 1760021030.661602974 0
Oct 9 14:43:50 standalone object-server[129856]: 172.20.0.100 - - [09/Oct/2025:14:43:50 +0000] "GET /d1/363/AUTH_999a51e1ca114e11bcba401d9c4138e2/gnocchi.6babfedf-eedb-4341-bb59-8757fc3c9c9f/1759320000.0_mean_300.0_v3" 200 16 "GET http://172.18.0.2:8080/v1/AUTH_999a51e1ca114e11bcba401d9c4138e2/gnocchi.6babfedf-eedb-4341-bb59-8757fc3c9c9f/1759320000.0_mean_300.0_v3" "tx900f76c1bd1d41029efbc-0068e7ca26" "proxy-server 20" 0.0009 "-" 23 0
Oct 9 14:43:50 standalone proxy-server[131557]: 172.18.0.2 172.18.0.100 09/Oct/2025/14/43/50 GET /v1/AUTH_999a51e1ca114e11bcba401d9c4138e2/gnocchi.6babfedf-eedb-4341-bb59-8757fc3c9c9f/1759320000.0_mean_300.0_v3 HTTP/1.0 200 - python-swiftclient-3.11.1 gAAAAABo58nI_iYl... - 16 - tx900f76c1bd1d41029efbc-0068e7ca26 - 0.0098 - - 1760021030.666574001 1760021030.676390409 0
Oct 9 14:43:50 standalone container-server[129606]: 172.20.0.100 - - [09/Oct/2025:14:43:50 +0000] "PUT /d1/816/AUTH_999a51e1ca114e11bcba401d9c4138e2/gnocchi.6babfedf-eedb-4341-bb59-8757fc3c9c9f/1759320000.0_mean_300.0_v3" 201 - "PUT http://172.18.0.2:8080/d1/363/AUTH_999a51e1ca114e11bcba401d9c4138e2/gnocchi.6babfedf-eedb-4341-bb59-8757fc3c9c9f/1759320000.0_mean_300.0_v3" "tx838961a2416749c486dda-0068e7ca26" "object-server 25" 0.0007 "-" 16 0
Oct 9 14:43:50 standalone object-server[129859]: 172.20.0.100 - - [09/Oct/2025:14:43:50 +0000] "PUT /d1/363/AUTH_999a51e1ca114e11bcba401d9c4138e2/gnocchi.6babfedf-eedb-4341-bb59-8757fc3c9c9f/1759320000.0_mean_300.0_v3" 201 - "PUT http://172.18.0.2:8080/v1/AUTH_999a51e1ca114e11bcba401d9c4138e2/gnocchi.6babfedf-eedb-4341-bb59-8757fc3c9c9f/1759320000.0_mean_300.0_v3" "tx838961a2416749c486dda-0068e7ca26" "proxy-server 20" 0.0079 "-" 25 0
Oct 9 14:43:50 standalone proxy-server[131557]: 172.18.0.2 172.18.0.100 09/Oct/2025/14/43/50 PUT /v1/AUTH_999a51e1ca114e11bcba401d9c4138e2/gnocchi.6babfedf-eedb-4341-bb59-8757fc3c9c9f/1759320000.0_mean_300.0_v3 HTTP/1.0 201 - python-swiftclient-3.11.1 gAAAAABo58nI_iYl... 16 - - tx838961a2416749c486dda-0068e7ca26 - 0.0150 - - 1760021030.680867910 1760021030.695820808 0
Oct 9 14:43:50 standalone container-server[129606]: 172.20.0.100 - - [09/Oct/2025:14:43:50 +0000] "PUT /d1/816/AUTH_999a51e1ca114e11bcba401d9c4138e2/gnocchi.6babfedf-eedb-4341-bb59-8757fc3c9c9f/none_v3" 201 - "PUT http://172.18.0.2:8080/d1/320/AUTH_999a51e1ca114e11bcba401d9c4138e2/gnocchi.6babfedf-eedb-4341-bb59-8757fc3c9c9f/none_v3" "txadb9e909d559412c97d84-0068e7ca26" "object-server 24" 0.0008 "-" 16 0
Oct 9 14:43:50 standalone object-server[129857]: 172.20.0.100 - - [09/Oct/2025:14:43:50 +0000] "PUT /d1/320/AUTH_999a51e1ca114e11bcba401d9c4138e2/gnocchi.6babfedf-eedb-4341-bb59-8757fc3c9c9f/none_v3" 201 - "PUT http://172.18.0.2:8080/v1/AUTH_999a51e1ca114e11bcba401d9c4138e2/gnocchi.6babfedf-eedb-4341-bb59-8757fc3c9c9f/none_v3" "txadb9e909d559412c97d84-0068e7ca26" "proxy-server 20" 0.0108 "-" 24 0
Oct 9 14:43:50 standalone proxy-server[131557]: 172.18.0.2 172.18.0.100 09/Oct/2025/14/43/50 PUT /v1/AUTH_999a51e1ca114e11bcba401d9c4138e2/gnocchi.6babfedf-eedb-4341-bb59-8757fc3c9c9f/none_v3 HTTP/1.0 201 - python-swiftclient-3.11.1 gAAAAABo58nI_iYl... 33 - - txadb9e909d559412c97d84-0068e7ca26 - 0.0191 - - 1760021030.700049400 1760021030.719166279 0
Oct 9 14:43:55 standalone object-server[129856]: 172.20.0.100 - - [09/Oct/2025:14:43:55 +0000] "GET /d1/240/AUTH_999a51e1ca114e11bcba401d9c4138e2/gnocchi.78d8cbd7-658e-4e07-ab60-719fb82ccdce/none_v3" 200 22 "GET http://172.18.0.2:8080/v1/AUTH_999a51e1ca114e11bcba401d9c4138e2/gnocchi.78d8cbd7-658e-4e07-ab60-719fb82ccdce/none_v3" "tx9e3e521b5a3248879c75d-0068e7ca2b" "proxy-server 20" 0.0009 "-" 23 0
Oct 9 14:43:55 standalone proxy-server[131557]: 172.18.0.2 172.18.0.100 09/Oct/2025/14/43/55 GET /v1/AUTH_999a51e1ca114e11bcba401d9c4138e2/gnocchi.78d8cbd7-658e-4e07-ab60-719fb82ccdce/none_v3 HTTP/1.0 200 - python-swiftclient-3.11.1 gAAAAABo58nI_iYl... - 22 - tx9e3e521b5a3248879c75d-0068e7ca2b - 0.0068 - - 1760021035.090426922 1760021035.097260714 0
Oct 9 14:43:55 standalone container-server[129574]: 172.20.0.100 - - [09/Oct/2025:14:43:55 +0000] "GET /d1/611/AUTH_999a51e1ca114e11bcba401d9c4138e2/gnocchi.78d8cbd7-658e-4e07-ab60-719fb82ccdce" 200 357 "GET http://172.18.0.2:8080/v1/AUTH_999a51e1ca114e11bcba401d9c4138e2/gnocchi.78d8cbd7-658e-4e07-ab60-719fb82ccdce?format=json&states=listing" "tx73fad5c4f5ab4c49b3297-0068e7ca2b" "proxy-server 20" 0.0085 "-" 15 0
Oct 9 14:43:55 standalone proxy-server[131557]: 172.18.0.2 172.18.0.100 09/Oct/2025/14/43/55 GET /v1/AUTH_999a51e1ca114e11bcba401d9c4138e2/gnocchi.78d8cbd7-658e-4e07-ab60-719fb82ccdce%3Fformat%3Djson%26states%3Dlisting HTTP/1.0 200 - python-swiftclient-3.11.1 gAAAAABo58nI_iYl... - 357 - tx73fad5c4f5ab4c49b3297-0068e7ca2b - 0.0144 - - 1760021035.105272770 1760021035.119633675 0
Oct 9 14:43:55 standalone container-server[129574]: 172.20.0.100 - - [09/Oct/2025:14:43:55 +0000] "GET /d1/611/AUTH_999a51e1ca114e11bcba401d9c4138e2/gnocchi.78d8cbd7-658e-4e07-ab60-719fb82ccdce" 200 2 "GET http://172.18.0.2:8080/v1/AUTH_999a51e1ca114e11bcba401d9c4138e2/gnocchi.78d8cbd7-658e-4e07-ab60-719fb82ccdce?format=json&marker=none_v3&states=listing" "txc145a4b1176748aaa2d84-0068e7ca2b" "proxy-server 20" 0.0019 "-" 15 0
Oct 9 14:43:55 standalone proxy-server[131557]: 172.18.0.2 172.18.0.100 09/Oct/2025/14/43/55 GET /v1/AUTH_999a51e1ca114e11bcba401d9c4138e2/gnocchi.78d8cbd7-658e-4e07-ab60-719fb82ccdce%3Fformat%3Djson%26marker%3Dnone_v3%26states%3Dlisting HTTP/1.0 200 - python-swiftclient-3.11.1 gAAAAABo58nI_iYl... - 2 - txc145a4b1176748aaa2d84-0068e7ca2b - 0.0091 - - 1760021035.152087927 1760021035.161171436 0
Oct 9 14:43:55 standalone object-server[129857]: 172.20.0.100 - - [09/Oct/2025:14:43:55 +0000] "GET /d1/855/AUTH_999a51e1ca114e11bcba401d9c4138e2/gnocchi.78d8cbd7-658e-4e07-ab60-719fb82ccdce/1759320000.0_mean_300.0_v3" 200 16 "GET http://172.18.0.2:8080/v1/AUTH_999a51e1ca114e11bcba401d9c4138e2/gnocchi.78d8cbd7-658e-4e07-ab60-719fb82ccdce/1759320000.0_mean_300.0_v3" "tx0adb4e9f76ef4d1394ed9-0068e7ca2b" "proxy-server 20" 0.0007 "-" 24 0
Oct 9 14:43:55 standalone proxy-server[131557]: 172.18.0.2 172.18.0.100 09/Oct/2025/14/43/55 GET /v1/AUTH_999a51e1ca114e11bcba401d9c4138e2/gnocchi.78d8cbd7-658e-4e07-ab60-719fb82ccdce/1759320000.0_mean_300.0_v3 HTTP/1.0 200 - python-swiftclient-3.11.1 gAAAAABo58nI_iYl... - 16 - tx0adb4e9f76ef4d1394ed9-0068e7ca2b - 0.0123 - - 1760021035.164329529 1760021035.176647425 0
Oct 9 14:43:55 standalone container-server[129621]: 172.20.0.100 - - [09/Oct/2025:14:43:55 +0000] "PUT /d1/611/AUTH_999a51e1ca114e11bcba401d9c4138e2/gnocchi.78d8cbd7-658e-4e07-ab60-719fb82ccdce/1759320000.0_mean_300.0_v3" 201 - "PUT http://172.18.0.2:8080/d1/855/AUTH_999a51e1ca114e11bcba401d9c4138e2/gnocchi.78d8cbd7-658e-4e07-ab60-719fb82ccdce/1759320000.0_mean_300.0_v3" "tx450603a11acb4fa8a6750-0068e7ca2b" "object-server 25" 0.0005 "-" 17 0
Oct 9 14:43:55 standalone object-server[129859]: 172.20.0.100 - - [09/Oct/2025:14:43:55 +0000] "PUT /d1/855/AUTH_999a51e1ca114e11bcba401d9c4138e2/gnocchi.78d8cbd7-658e-4e07-ab60-719fb82ccdce/1759320000.0_mean_300.0_v3" 201 - "PUT http://172.18.0.2:8080/v1/AUTH_999a51e1ca114e11bcba401d9c4138e2/gnocchi.78d8cbd7-658e-4e07-ab60-719fb82ccdce/1759320000.0_mean_300.0_v3" "tx450603a11acb4fa8a6750-0068e7ca2b" "proxy-server 20" 0.0074 "-" 25 0
Oct 9 14:43:55 standalone proxy-server[131557]: 172.18.0.2 172.18.0.100 09/Oct/2025/14/43/55 PUT /v1/AUTH_999a51e1ca114e11bcba401d9c4138e2/gnocchi.78d8cbd7-658e-4e07-ab60-719fb82ccdce/1759320000.0_mean_300.0_v3 HTTP/1.0 201 - python-swiftclient-3.11.1 gAAAAABo58nI_iYl... 16 - - tx450603a11acb4fa8a6750-0068e7ca2b - 0.0125 - - 1760021035.179208040 1760021035.191733360 0
Oct 9 14:43:55 standalone container-server[129574]: 172.20.0.100 - - [09/Oct/2025:14:43:55 +0000] "PUT /d1/611/AUTH_999a51e1ca114e11bcba401d9c4138e2/gnocchi.78d8cbd7-658e-4e07-ab60-719fb82ccdce/none_v3" 201 - "PUT http://172.18.0.2:8080/d1/240/AUTH_999a51e1ca114e11bcba401d9c4138e2/gnocchi.78d8cbd7-658e-4e07-ab60-719fb82ccdce/none_v3" "txbc336db4465d4871ad991-0068e7ca2b" "object-server 24" 0.0004 "-" 15 0
Oct 9 14:43:55 standalone object-server[129857]: 172.20.0.100 - - [09/Oct/2025:14:43:55 +0000] "PUT /d1/240/AUTH_999a51e1ca114e11bcba401d9c4138e2/gnocchi.78d8cbd7-658e-4e07-ab60-719fb82ccdce/none_v3" 201 - "PUT http://172.18.0.2:8080/v1/AUTH_999a51e1ca114e11bcba401d9c4138e2/gnocchi.78d8cbd7-658e-4e07-ab60-719fb82ccdce/none_v3" "txbc336db4465d4871ad991-0068e7ca2b" "proxy-server 20" 0.0072 "-" 24 0
Oct 9 14:43:55 standalone proxy-server[131557]: 172.18.0.2 172.18.0.100 09/Oct/2025/14/43/55 PUT /v1/AUTH_999a51e1ca114e11bcba401d9c4138e2/gnocchi.78d8cbd7-658e-4e07-ab60-719fb82ccdce/none_v3 HTTP/1.0 201 - python-swiftclient-3.11.1 gAAAAABo58nI_iYl... 32 - - txbc336db4465d4871ad991-0068e7ca2b - 0.0122 - - 1760021035.194174767 1760021035.206370354 0
Oct 9 14:44:05 standalone container-server[129606]: 172.20.0.100 - - [09/Oct/2025:14:44:05 +0000] "HEAD /d1/423/AUTH_999a51e1ca114e11bcba401d9c4138e2/gnocchi.4dcd35d6-b269-4129-a882-60ce1c4165bb" 404 - "HEAD http://172.18.0.2:8080/v1/AUTH_999a51e1ca114e11bcba401d9c4138e2/gnocchi.4dcd35d6-b269-4129-a882-60ce1c4165bb?format=json&states=listing" "tx3af02c33908542c89f42a-0068e7ca35" "proxy-server 20" 0.0009 "-" 16 0
Oct 9 14:44:05 standalone object-server[129856]: 172.20.0.100 - - [09/Oct/2025:14:44:05 +0000] "GET /d1/739/AUTH_999a51e1ca114e11bcba401d9c4138e2/gnocchi.4dcd35d6-b269-4129-a882-60ce1c4165bb/none_v3" 404 70 "GET http://172.18.0.2:8080/v1/AUTH_999a51e1ca114e11bcba401d9c4138e2/gnocchi.4dcd35d6-b269-4129-a882-60ce1c4165bb/none_v3" "tx3af02c33908542c89f42a-0068e7ca35" "proxy-server 20" 0.0008 "-" 23 0
Oct 9 14:44:05 standalone proxy-server[131557]: 172.18.0.2 172.18.0.100 09/Oct/2025/14/44/05 GET /v1/AUTH_999a51e1ca114e11bcba401d9c4138e2/gnocchi.4dcd35d6-b269-4129-a882-60ce1c4165bb/none_v3 HTTP/1.0 404 - python-swiftclient-3.11.1 gAAAAABo58nI_iYl... - 70 - tx3af02c33908542c89f42a-0068e7ca35 - 0.0195 - - 1760021045.302671909 1760021045.322162867 0
Oct 9 14:44:05 standalone account-server[129447]: 172.20.0.100 - - [09/Oct/2025:14:44:05 +0000] "PUT /d1/460/AUTH_999a51e1ca114e11bcba401d9c4138e2/gnocchi.4dcd35d6-b269-4129-a882-60ce1c4165bb" 201 - "PUT http://172.20.0.100:6001/d1/423/AUTH_999a51e1ca114e11bcba401d9c4138e2/gnocchi.4dcd35d6-b269-4129-a882-60ce1c4165bb" "tx9301870a1960475985c8c-0068e7ca35" "container-server 15" 0.0075 "-" 21 0
Oct 9 14:44:05 standalone container-server[129574]: 172.20.0.100 - - [09/Oct/2025:14:44:05 +0000] "PUT /d1/423/AUTH_999a51e1ca114e11bcba401d9c4138e2/gnocchi.4dcd35d6-b269-4129-a882-60ce1c4165bb" 201 - "PUT http://172.18.0.2:8080/v1/AUTH_999a51e1ca114e11bcba401d9c4138e2/gnocchi.4dcd35d6-b269-4129-a882-60ce1c4165bb" "tx9301870a1960475985c8c-0068e7ca35" "proxy-server 20" 0.0235 "-" 15 0
Oct 9 14:44:05 standalone proxy-server[131557]: 172.18.0.2 172.18.0.100 09/Oct/2025/14/44/05 PUT /v1/AUTH_999a51e1ca114e11bcba401d9c4138e2/gnocchi.4dcd35d6-b269-4129-a882-60ce1c4165bb HTTP/1.0 201 - python-swiftclient-3.11.1 gAAAAABo58nI_iYl... - - - tx9301870a1960475985c8c-0068e7ca35 - 0.0326 - - 1760021045.326689005 1760021045.359335423 0
Oct 9 14:44:05 standalone container-server[129561]: 172.20.0.100 - - [09/Oct/2025:14:44:05 +0000] "HEAD /d1/423/AUTH_999a51e1ca114e11bcba401d9c4138e2/gnocchi.4dcd35d6-b269-4129-a882-60ce1c4165bb" 204 - "HEAD http://172.18.0.2:8080/v1/AUTH_999a51e1ca114e11bcba401d9c4138e2/gnocchi.4dcd35d6-b269-4129-a882-60ce1c4165bb?format=json&states=listing" "tx5d950c8f38df43c79a8c9-0068e7ca35" "proxy-server 20" 0.0023 "-" 14 0
Oct 9 14:44:05 standalone proxy-server[131557]: - - 09/Oct/2025/14/44/05 HEAD /v1/AUTH_999a51e1ca114e11bcba401d9c4138e2/gnocchi.4dcd35d6-b269-4129-a882-60ce1c4165bb%3Fformat%3Djson%26states%3Dlisting HTTP/1.0 204 - Swift - - - - tx5d950c8f38df43c79a8c9-0068e7ca35 - 0.0085 RL - 1760021045.366291523 1760021045.374744892 0
