Oct 9 14:44:19 standalone proxy-server[131557]: 172.18.0.2 172.18.0.100 09/Oct/2025/14/44/19 PUT /v1/AUTH_999a51e1ca114e11bcba401d9c4138e2/gnocchi.f77a44ab-0ea2-4f43-83fe-830f73d2afd5/1759320000.0_mean_300.0_v3 HTTP/1.0 201 - python-swiftclient-3.11.1 gAAAAABo58nI_iYl... 16 - - tx72ee7b39b2524558841ba-0068e7ca43 - 0.0186 - - 1760021059.698412895 1760021059.716996193 0
Oct 9 14:44:19 standalone container-server[129606]: 172.20.0.100 - - [09/Oct/2025:14:44:19 +0000] "PUT /d1/765/AUTH_999a51e1ca114e11bcba401d9c4138e2/gnocchi.f77a44ab-0ea2-4f43-83fe-830f73d2afd5/none_v3" 201 - "PUT http://172.18.0.2:8080/d1/82/AUTH_999a51e1ca114e11bcba401d9c4138e2/gnocchi.f77a44ab-0ea2-4f43-83fe-830f73d2afd5/none_v3" "txdf443aa894614f669a257-0068e7ca43" "object-server 22" 0.0008 "-" 16 0
Oct 9 14:44:19 standalone object-server[129855]: 172.20.0.100 - - [09/Oct/2025:14:44:19 +0000] "PUT /d1/82/AUTH_999a51e1ca114e11bcba401d9c4138e2/gnocchi.f77a44ab-0ea2-4f43-83fe-830f73d2afd5/none_v3" 201 - "PUT http://172.18.0.2:8080/v1/AUTH_999a51e1ca114e11bcba401d9c4138e2/gnocchi.f77a44ab-0ea2-4f43-83fe-830f73d2afd5/none_v3" "txdf443aa894614f669a257-0068e7ca43" "proxy-server 20" 0.0134 "-" 22 0
Oct 9 14:44:19 standalone proxy-server[131557]: 172.18.0.2 172.18.0.100 09/Oct/2025/14/44/19 PUT /v1/AUTH_999a51e1ca114e11bcba401d9c4138e2/gnocchi.f77a44ab-0ea2-4f43-83fe-830f73d2afd5/none_v3 HTTP/1.0 201 - python-swiftclient-3.11.1 gAAAAABo58nI_iYl... 22 - - txdf443aa894614f669a257-0068e7ca43 - 0.0186 - - 1760021059.720031261 1760021059.738590956 0
Oct 9 14:44:19 standalone object-server[129857]: 172.20.0.100 - - [09/Oct/2025:14:44:19 +0000] "GET /d1/843/AUTH_999a51e1ca114e11bcba401d9c4138e2/gnocchi.5ee17f90-e4e1-47d0-9af8-3ed64fa20e36/none_v3" 200 33 "GET http://172.18.0.2:8080/v1/AUTH_999a51e1ca114e11bcba401d9c4138e2/gnocchi.5ee17f90-e4e1-47d0-9af8-3ed64fa20e36/none_v3" "tx05aded9ec99641a58f787-0068e7ca43" "proxy-server 20" 0.0011 "-" 24 0
Oct 9 14:44:19 standalone proxy-server[131557]: 172.18.0.2 172.18.0.100 09/Oct/2025/14/44/19 GET /v1/AUTH_999a51e1ca114e11bcba401d9c4138e2/gnocchi.5ee17f90-e4e1-47d0-9af8-3ed64fa20e36/none_v3 HTTP/1.0 200 - python-swiftclient-3.11.1 gAAAAABo58nI_iYl... - 33 - tx05aded9ec99641a58f787-0068e7ca43 - 0.0119 - - 1760021059.863884449 1760021059.875761271 0
Oct 9 14:44:19 standalone container-server[129561]: 172.20.0.100 - - [09/Oct/2025:14:44:19 +0000] "GET /d1/499/AUTH_999a51e1ca114e11bcba401d9c4138e2/gnocchi.5ee17f90-e4e1-47d0-9af8-3ed64fa20e36" 200 357 "GET http://172.18.0.2:8080/v1/AUTH_999a51e1ca114e11bcba401d9c4138e2/gnocchi.5ee17f90-e4e1-47d0-9af8-3ed64fa20e36?format=json&states=listing" "tx68745a077f964fc4afe1e-0068e7ca43" "proxy-server 20" 0.0152 "-" 14 0
Oct 9 14:44:19 standalone proxy-server[131557]: 172.18.0.2 172.18.0.100 09/Oct/2025/14/44/19 GET /v1/AUTH_999a51e1ca114e11bcba401d9c4138e2/gnocchi.5ee17f90-e4e1-47d0-9af8-3ed64fa20e36%3Fformat%3Djson%26states%3Dlisting HTTP/1.0 200 - python-swiftclient-3.11.1 gAAAAABo58nI_iYl... - 357 - tx68745a077f964fc4afe1e-0068e7ca43 - 0.0246 - - 1760021059.879100323 1760021059.903727055 0
Oct 9 14:44:19 standalone container-server[129621]: 172.20.0.100 - - [09/Oct/2025:14:44:19 +0000] "GET /d1/499/AUTH_999a51e1ca114e11bcba401d9c4138e2/gnocchi.5ee17f90-e4e1-47d0-9af8-3ed64fa20e36" 200 2 "GET http://172.18.0.2:8080/v1/AUTH_999a51e1ca114e11bcba401d9c4138e2/gnocchi.5ee17f90-e4e1-47d0-9af8-3ed64fa20e36?format=json&marker=none_v3&states=listing" "txb8ac2375371b4dba951f6-0068e7ca43" "proxy-server 20" 0.0038 "-" 17 0
Oct 9 14:44:19 standalone proxy-server[131557]: 172.18.0.2 172.18.0.100 09/Oct/2025/14/44/19 GET /v1/AUTH_999a51e1ca114e11bcba401d9c4138e2/gnocchi.5ee17f90-e4e1-47d0-9af8-3ed64fa20e36%3Fformat%3Djson%26marker%3Dnone_v3%26states%3Dlisting HTTP/1.0 200 - python-swiftclient-3.11.1 gAAAAABo58nI_iYl... - 2 - txb8ac2375371b4dba951f6-0068e7ca43 - 0.0175 - - 1760021059.906971931 1760021059.924500704 0
Oct 9 14:44:19 standalone object-server[129859]: 172.20.0.100 - - [09/Oct/2025:14:44:19 +0000] "GET /d1/725/AUTH_999a51e1ca114e11bcba401d9c4138e2/gnocchi.5ee17f90-e4e1-47d0-9af8-3ed64fa20e36/1759320000.0_mean_300.0_v3" 200 16 "GET http://172.18.0.2:8080/v1/AUTH_999a51e1ca114e11bcba401d9c4138e2/gnocchi.5ee17f90-e4e1-47d0-9af8-3ed64fa20e36/1759320000.0_mean_300.0_v3" "txa886be7bd5e14a87ab8ce-0068e7ca43" "proxy-server 20" 0.0007 "-" 25 0
Oct 9 14:44:19 standalone proxy-server[131557]: 172.18.0.2 172.18.0.100 09/Oct/2025/14/44/19 GET /v1/AUTH_999a51e1ca114e11bcba401d9c4138e2/gnocchi.5ee17f90-e4e1-47d0-9af8-3ed64fa20e36/1759320000.0_mean_300.0_v3 HTTP/1.0 200 - python-swiftclient-3.11.1 gAAAAABo58nI_iYl... - 16 - txa886be7bd5e14a87ab8ce-0068e7ca43 - 0.0060 - - 1760021059.928604126 1760021059.934604645 0
Oct 9 14:44:19 standalone container-server[129621]: 172.20.0.100 - - [09/Oct/2025:14:44:19 +0000] "PUT /d1/499/AUTH_999a51e1ca114e11bcba401d9c4138e2/gnocchi.5ee17f90-e4e1-47d0-9af8-3ed64fa20e36/1759320000.0_mean_300.0_v3" 201 - "PUT http://172.18.0.2:8080/d1/725/AUTH_999a51e1ca114e11bcba401d9c4138e2/gnocchi.5ee17f90-e4e1-47d0-9af8-3ed64fa20e36/1759320000.0_mean_300.0_v3" "tx254286991ff84ad3934ba-0068e7ca43" "object-server 22" 0.0008 "-" 17 0
Oct 9 14:44:19 standalone object-server[129855]: 172.20.0.100 - - [09/Oct/2025:14:44:19 +0000] "PUT /d1/725/AUTH_999a51e1ca114e11bcba401d9c4138e2/gnocchi.5ee17f90-e4e1-47d0-9af8-3ed64fa20e36/1759320000.0_mean_300.0_v3" 201 - "PUT http://172.18.0.2:8080/v1/AUTH_999a51e1ca114e11bcba401d9c4138e2/gnocchi.5ee17f90-e4e1-47d0-9af8-3ed64fa20e36/1759320000.0_mean_300.0_v3" "tx254286991ff84ad3934ba-0068e7ca43" "proxy-server 20" 0.0174 "-" 22 0
Oct 9 14:44:19 standalone proxy-server[131557]: 172.18.0.2 172.18.0.100 09/Oct/2025/14/44/19 PUT /v1/AUTH_999a51e1ca114e11bcba401d9c4138e2/gnocchi.5ee17f90-e4e1-47d0-9af8-3ed64fa20e36/1759320000.0_mean_300.0_v3 HTTP/1.0 201 - python-swiftclient-3.11.1 gAAAAABo58nI_iYl... 16 - - tx254286991ff84ad3934ba-0068e7ca43 - 0.0227 - - 1760021059.937541485 1760021059.960215569 0
Oct 9 14:44:19 standalone container-server[129621]: 172.20.0.100 - - [09/Oct/2025:14:44:19 +0000] "PUT /d1/499/AUTH_999a51e1ca114e11bcba401d9c4138e2/gnocchi.5ee17f90-e4e1-47d0-9af8-3ed64fa20e36/none_v3" 201 - "PUT http://172.18.0.2:8080/d1/843/AUTH_999a51e1ca114e11bcba401d9c4138e2/gnocchi.5ee17f90-e4e1-47d0-9af8-3ed64fa20e36/none_v3" "txe89de6987baf4d5790469-0068e7ca43" "object-server 25" 0.0006 "-" 17 0
Oct 9 14:44:19 standalone object-server[129859]: 172.20.0.100 - - [09/Oct/2025:14:44:19 +0000] "PUT /d1/843/AUTH_999a51e1ca114e11bcba401d9c4138e2/gnocchi.5ee17f90-e4e1-47d0-9af8-3ed64fa20e36/none_v3" 201 - "PUT http://172.18.0.2:8080/v1/AUTH_999a51e1ca114e11bcba401d9c4138e2/gnocchi.5ee17f90-e4e1-47d0-9af8-3ed64fa20e36/none_v3" "txe89de6987baf4d5790469-0068e7ca43" "proxy-server 20" 0.0090 "-" 25 0
Oct 9 14:44:19 standalone proxy-server[131557]: 172.18.0.2 172.18.0.100 09/Oct/2025/14/44/19 PUT /v1/AUTH_999a51e1ca114e11bcba401d9c4138e2/gnocchi.5ee17f90-e4e1-47d0-9af8-3ed64fa20e36/none_v3 HTTP/1.0 201 - python-swiftclient-3.11.1 gAAAAABo58nI_iYl... 48 - - txe89de6987baf4d5790469-0068e7ca43 - 0.0163 - - 1760021059.963757992 1760021059.980086088 0
Oct 9 14:44:20 standalone object-server[129859]: 172.20.0.100 - - [09/Oct/2025:14:44:20 +0000] "GET /d1/320/AUTH_999a51e1ca114e11bcba401d9c4138e2/gnocchi.6babfedf-eedb-4341-bb59-8757fc3c9c9f/none_v3" 200 33 "GET http://172.18.0.2:8080/v1/AUTH_999a51e1ca114e11bcba401d9c4138e2/gnocchi.6babfedf-eedb-4341-bb59-8757fc3c9c9f/none_v3" "tx22c36ea0e954414eb4e53-0068e7ca43" "proxy-server 20" 0.0022 "-" 25 0
Oct 9 14:44:20 standalone proxy-server[131557]: 172.18.0.2 172.18.0.100 09/Oct/2025/14/44/20 GET /v1/AUTH_999a51e1ca114e11bcba401d9c4138e2/gnocchi.6babfedf-eedb-4341-bb59-8757fc3c9c9f/none_v3 HTTP/1.0 200 - python-swiftclient-3.11.1 gAAAAABo58nI_iYl... - 33 - tx22c36ea0e954414eb4e53-0068e7ca43 - 0.0107 - - 1760021059.997472048 1760021060.008185863 0
Oct 9 14:44:20 standalone container-server[129574]: 172.20.0.100 - - [09/Oct/2025:14:44:20 +0000] "GET /d1/816/AUTH_999a51e1ca114e11bcba401d9c4138e2/gnocchi.6babfedf-eedb-4341-bb59-8757fc3c9c9f" 200 357 "GET http://172.18.0.2:8080/v1/AUTH_999a51e1ca114e11bcba401d9c4138e2/gnocchi.6babfedf-eedb-4341-bb59-8757fc3c9c9f?format=json&states=listing" "txd874f39270e941e0b68c4-0068e7ca44" "proxy-server 20" 0.0088 "-" 15 0
Oct 9 14:44:20 standalone proxy-server[131557]: 172.18.0.2 172.18.0.100 09/Oct/2025/14/44/20 GET /v1/AUTH_999a51e1ca114e11bcba401d9c4138e2/gnocchi.6babfedf-eedb-4341-bb59-8757fc3c9c9f%3Fformat%3Djson%26states%3Dlisting HTTP/1.0 200 - python-swiftclient-3.11.1 gAAAAABo58nI_iYl... - 357 - txd874f39270e941e0b68c4-0068e7ca44 - 0.0198 - - 1760021060.013189316 1760021060.032988310 0
Oct 9 14:44:20 standalone container-server[129606]: 172.20.0.100 - - [09/Oct/2025:14:44:20 +0000] "GET /d1/816/AUTH_999a51e1ca114e11bcba401d9c4138e2/gnocchi.6babfedf-eedb-4341-bb59-8757fc3c9c9f" 200 2 "GET http://172.18.0.2:8080/v1/AUTH_999a51e1ca114e11bcba401d9c4138e2/gnocchi.6babfedf-eedb-4341-bb59-8757fc3c9c9f?format=json&marker=none_v3&states=listing" "tx5d5b98419c1c4e3683654-0068e7ca44" "proxy-server 20" 0.0040 "-" 16 0
Oct 9 14:44:20 standalone proxy-server[131557]: 172.18.0.2 172.18.0.100 09/Oct/2025/14/44/20 GET /v1/AUTH_999a51e1ca114e11bcba401d9c4138e2/gnocchi.6babfedf-eedb-4341-bb59-8757fc3c9c9f%3Fformat%3Djson%26marker%3Dnone_v3%26states%3Dlisting HTTP/1.0 200 - python-swiftclient-3.11.1 gAAAAABo58nI_iYl... - 2 - tx5d5b98419c1c4e3683654-0068e7ca44 - 0.0135 - - 1760021060.037750244 1760021060.051212549 0
Oct 9 14:44:20 standalone object-server[129857]: 172.20.0.100 - - [09/Oct/2025:14:44:20 +0000] "GET /d1/363/AUTH_999a51e1ca114e11bcba401d9c4138e2/gnocchi.6babfedf-eedb-4341-bb59-8757fc3c9c9f/1759320000.0_mean_300.0_v3" 200 16 "GET http://172.18.0.2:8080/v1/AUTH_999a51e1ca114e11bcba401d9c4138e2/gnocchi.6babfedf-eedb-4341-bb59-8757fc3c9c9f/1759320000.0_mean_300.0_v3" "tx66372760762c4c1d88225-0068e7ca44" "proxy-server 20" 0.0011 "-" 24 0
Oct 9 14:44:20 standalone proxy-server[131557]: 172.18.0.2 172.18.0.100 09/Oct/2025/14/44/20 GET /v1/AUTH_999a51e1ca114e11bcba401d9c4138e2/gnocchi.6babfedf-eedb-4341-bb59-8757fc3c9c9f/1759320000.0_mean_300.0_v3 HTTP/1.0 200 - python-swiftclient-3.11.1 gAAAAABo58nI_iYl... - 16 - tx66372760762c4c1d88225-0068e7ca44 - 0.0099 - - 1760021060.056931019 1760021060.066814184 0
Oct 9 14:44:20 standalone container-server[129621]: 172.20.0.100 - - [09/Oct/2025:14:44:20 +0000] "PUT /d1/816/AUTH_999a51e1ca114e11bcba401d9c4138e2/gnocchi.6babfedf-eedb-4341-bb59-8757fc3c9c9f/1759320000.0_mean_300.0_v3" 201 - "PUT http://172.18.0.2:8080/d1/363/AUTH_999a51e1ca114e11bcba401d9c4138e2/gnocchi.6babfedf-eedb-4341-bb59-8757fc3c9c9f/1759320000.0_mean_300.0_v3" "tx1467d809d04c44ecb5fd5-0068e7ca44" "object-server 24" 0.0009 "-" 17 0
Oct 9 14:44:20 standalone object-server[129857]: 172.20.0.100 - - [09/Oct/2025:14:44:20 +0000] "PUT /d1/363/AUTH_999a51e1ca114e11bcba401d9c4138e2/gnocchi.6babfedf-eedb-4341-bb59-8757fc3c9c9f/1759320000.0_mean_300.0_v3" 201 - "PUT http://172.18.0.2:8080/v1/AUTH_999a51e1ca114e11bcba401d9c4138e2/gnocchi.6babfedf-eedb-4341-bb59-8757fc3c9c9f/1759320000.0_mean_300.0_v3" "tx1467d809d04c44ecb5fd5-0068e7ca44" "proxy-server 20" 0.0116 "-" 24 0
Oct 9 14:44:20 standalone proxy-server[131557]: 172.18.0.2 172.18.0.100 09/Oct/2025/14/44/20 PUT /v1/AUTH_999a51e1ca114e11bcba401d9c4138e2/gnocchi.6babfedf-eedb-4341-bb59-8757fc3c9c9f/1759320000.0_mean_300.0_v3 HTTP/1.0 201 - python-swiftclient-3.11.1 gAAAAABo58nI_iYl... 16 - - tx1467d809d04c44ecb5fd5-0068e7ca44 - 0.0196 - - 1760021060.072535515 1760021060.092153549 0
Oct 9 14:44:20 standalone container-server[129561]: 172.20.0.100 - - [09/Oct/2025:14:44:20 +0000] "PUT /d1/816/AUTH_999a51e1ca114e11bcba401d9c4138e2/gnocchi.6babfedf-eedb-4341-bb59-8757fc3c9c9f/none_v3" 201 - "PUT http://172.18.0.2:8080/d1/320/AUTH_999a51e1ca114e11bcba401d9c4138e2/gnocchi.6babfedf-eedb-4341-bb59-8757fc3c9c9f/none_v3" "txe475b66d93cb47978720d-0068e7ca44" "object-server 24" 0.0005 "-" 14 0
Oct 9 14:44:20 standalone object-server[129857]: 172.20.0.100 - - [09/Oct/2025:14:44:20 +0000] "PUT /d1/320/AUTH_999a51e1ca114e11bcba401d9c4138e2/gnocchi.6babfedf-eedb-4341-bb59-8757fc3c9c9f/none_v3" 201 - "PUT http://172.18.0.2:8080/v1/AUTH_999a51e1ca114e11bcba401d9c4138e2/gnocchi.6babfedf-eedb-4341-bb59-8757fc3c9c9f/none_v3" "txe475b66d93cb47978720d-0068e7ca44" "proxy-server 20" 0.0131 "-" 24 0
Oct 9 14:44:20 standalone proxy-server[131557]: 172.18.0.2 172.18.0.100 09/Oct/2025/14/44/20 PUT /v1/AUTH_999a51e1ca114e11bcba401d9c4138e2/gnocchi.6babfedf-eedb-4341-bb59-8757fc3c9c9f/none_v3 HTTP/1.0 201 - python-swiftclient-3.11.1 gAAAAABo58nI_iYl... 48 - - txe475b66d93cb47978720d-0068e7ca44 - 0.0219 - - 1760021060.096083403 1760021060.117970705 0
Oct 9 14:44:21 standalone object-server[129856]: 172.20.0.100 - - [09/Oct/2025:14:44:21 +0000] "GET /d1/82/AUTH_999a51e1ca114e11bcba401d9c4138e2/gnocchi.f77a44ab-0ea2-4f43-83fe-830f73d2afd5/none_v3" 200 22 "GET http://172.18.0.2:8080/v1/AUTH_999a51e1ca114e11bcba401d9c4138e2/gnocchi.f77a44ab-0ea2-4f43-83fe-830f73d2afd5/none_v3" "tx4d317ad6887449fd87942-0068e7ca45" "proxy-server 20" 0.0012 "-" 23 0
Oct 9 14:44:21 standalone proxy-server[131557]: 172.18.0.2 172.18.0.100 09/Oct/2025/14/44/21 GET /v1/AUTH_999a51e1ca114e11bcba401d9c4138e2/gnocchi.f77a44ab-0ea2-4f43-83fe-830f73d2afd5/none_v3 HTTP/1.0 200 - python-swiftclient-3.11.1 gAAAAABo58nI_iYl... - 22 - tx4d317ad6887449fd87942-0068e7ca45 - 0.0082 - - 1760021061.484117270 1760021061.492289066 0
Oct 9 14:44:21 standalone container-server[129561]: 172.20.0.100 - - [09/Oct/2025:14:44:21 +0000] "GET /d1/765/AUTH_999a51e1ca114e11bcba401d9c4138e2/gnocchi.f77a44ab-0ea2-4f43-83fe-830f73d2afd5" 200 357 "GET http://172.18.0.2:8080/v1/AUTH_999a51e1ca114e11bcba401d9c4138e2/gnocchi.f77a44ab-0ea2-4f43-83fe-830f73d2afd5?format=json&states=listing" "tx2aca0f0341694c9282b0a-0068e7ca45" "proxy-server 20" 0.0143 "-" 14 0
Oct 9 14:44:21 standalone proxy-server[131557]: 172.18.0.2 172.18.0.100 09/Oct/2025/14/44/21 GET /v1/AUTH_999a51e1ca114e11bcba401d9c4138e2/gnocchi.f77a44ab-0ea2-4f43-83fe-830f73d2afd5%3Fformat%3Djson%26states%3Dlisting HTTP/1.0 200 - python-swiftclient-3.11.1 gAAAAABo58nI_iYl... - 357 - tx2aca0f0341694c9282b0a-0068e7ca45 - 0.0217 - - 1760021061.494980335 1760021061.516700506 0
Oct 9 14:44:21 standalone container-server[129606]: 172.20.0.100 - - [09/Oct/2025:14:44:21 +0000] "GET /d1/765/AUTH_999a51e1ca114e11bcba401d9c4138e2/gnocchi.f77a44ab-0ea2-4f43-83fe-830f73d2afd5" 200 2 "GET http://172.18.0.2:8080/v1/AUTH_999a51e1ca114e11bcba401d9c4138e2/gnocchi.f77a44ab-0ea2-4f43-83fe-830f73d2afd5?format=json&marker=none_v3&states=listing" "txc193b0ac40774b5cb4e37-0068e7ca45" "proxy-server 20" 0.0018 "-" 16 0
Oct 9 14:44:21 standalone proxy-server[131557]: 172.18.0.2 172.18.0.100 09/Oct/2025/14/44/21 GET /v1/AUTH_999a51e1ca114e11bcba401d9c4138e2/gnocchi.f77a44ab-0ea2-4f43-83fe-830f73d2afd5%3Fformat%3Djson%26marker%3Dnone_v3%26states%3Dlisting HTTP/1.0 200 - python-swiftclient-3.11.1 gAAAAABo58nI_iYl... - 2 - txc193b0ac40774b5cb4e37-0068e7ca45 - 0.0073 - - 1760021061.518864632 1760021061.526207447 0
Oct 9 14:44:21 standalone object-server[129859]: 172.20.0.100 - - [09/Oct/2025:14:44:21 +0000] "GET /d1/632/AUTH_999a51e1ca114e11bcba401d9c4138e2/gnocchi.f77a44ab-0ea2-4f43-83fe-830f73d2afd5/1759320000.0_mean_300.0_v3" 200 16 "GET http://172.18.0.2:8080/v1/AUTH_999a51e1ca114e11bcba401d9c4138e2/gnocchi.f77a44ab-0ea2-4f43-83fe-830f73d2afd5/1759320000.0_mean_300.0_v3" "tx2519b1c9d4c847b394ba8-0068e7ca45" "proxy-server 20" 0.0011 "-" 25 0
Oct 9 14:44:21 standalone proxy-server[131557]: 172.18.0.2 172.18.0.100 09/Oct/2025/14/44/21 GET /v1/AUTH_999a51e1ca114e11bcba401d9c4138e2/gnocchi.f77a44ab-0ea2-4f43-83fe-830f73d2afd5/1759320000.0_mean_300.0_v3 HTTP/1.0 200 - python-swiftclient-3.11.1 gAAAAABo58nI_iYl... - 16 - tx2519b1c9d4c847b394ba8-0068e7ca45 - 0.0070 - - 1760021061.528753757 1760021061.535725117 0
Oct 9 14:44:21 standalone container-server[129621]: 172.20.0.100 - - [09/Oct/2025:14:44:21 +0000] "PUT /d1/765/AUTH_999a51e1ca114e11bcba401d9c4138e2/gnocchi.f77a44ab-0ea2-4f43-83fe-830f73d2afd5/1759320000.0_mean_300.0_v3" 201 - "PUT http://172.18.0.2:8080/d1/632/AUTH_999a51e1ca114e11bcba401d9c4138e2/gnocchi.f77a44ab-0ea2-4f43-83fe-830f73d2afd5/1759320000.0_mean_300.0_v3" "tx7526132c4b09454a88410-0068e7ca45" "object-server 23" 0.0005 "-" 17 0
Oct 9 14:44:21 standalone object-server[129856]: 172.20.0.100 - - [09/Oct/2025:14:44:21 +0000] "PUT /d1/632/AUTH_999a51e1ca114e11bcba401d9c4138e2/gnocchi.f77a44ab-0ea2-4f43-83fe-830f73d2afd5/1759320000.0_mean_300.0_v3" 201 - "PUT http://172.18.0.2:8080/v1/AUTH_999a51e1ca114e11bcba401d9c4138e2/gnocchi.f77a44ab-0ea2-4f43-83fe-830f73d2afd5/1759320000.0_mean_300.0_v3" "tx7526132c4b09454a88410-0068e7ca45" "proxy-server 20" 0.0102 "-" 23 0
Oct 9 14:44:21 standalone proxy-server[131557]: 172.18.0.2 172.18.0.100 09/Oct/2025/14/44/21 PUT /v1/AUTH_999a51e1ca114e11bcba401d9c4138e2/gnocchi.f77a44ab-0ea2-4f43-83fe-830f73d2afd5/1759320000.0_mean_300.0_v3 HTTP/1.0 201 - python-swiftclient-3.11.1 gAAAAABo58nI_iYl... 16 - - tx7526132c4b09454a88410-0068e7ca45 - 0.0157 - - 1760021061.537736177 1760021061.553484917 0
Oct 9 14:44:21 standalone container-server[129574]: 172.20.0.100 - - [09/Oct/2025:14:44:21 +0000] "PUT /d1/765/AUTH_999a51e1ca114e11bcba401d9c4138e2/gnocchi.f77a44ab-0ea2-4f43-83fe-830f73d2afd5/none_v3" 201 - "PUT http://172.18.0.2:8080/d1/82/AUTH_999a51e1ca114e11bcba401d9c4138e2/gnocchi.f77a44ab-0ea2-4f43-83fe-830f73d2afd5/none_v3" "txe7f8b1985d6746c186df5-0068e7ca45" "object-server 22" 0.0005 "-" 15 0
Oct 9 14:44:21 standalone object-server[129855]: 172.20.0.100 - - [09/Oct/2025:14:44:21 +0000] "PUT /d1/82/AUTH_999a51e1ca114e11bcba401d9c4138e2/gnocchi.f77a44ab-0ea2-4f43-83fe-830f73d2afd5/none_v3" 201 - "PUT http://172.18.0.2:8080/v1/AUTH_999a51e1ca114e11bcba401d9c4138e2/gnocchi.f77a44ab-0ea2-4f43-83fe-830f73d2afd5/none_v3" "txe7f8b1985d6746c186df5-0068e7ca45" "proxy-server 20" 0.0095 "-" 22 0
Oct 9 14:44:21 standalone proxy-server[131557]: 172.18.0.2 172.18.0.100 09/Oct/2025/14/44/21 PUT /v1/AUTH_999a51e1ca114e11bcba401d9c4138e2/gnocchi.f77a44ab-0ea2-4f43-83fe-830f73d2afd5/none_v3 HTTP/1.0 201 - python-swiftclient-3.11.1 gAAAAABo58nI_iYl... 31 - - txe7f8b1985d6746c186df5-0068e7ca45 - 0.0144 - - 1760021061.555311918 1760021061.569672823 0
Oct 9 14:44:29 standalone object-server[129859]: 172.20.0.100 - - [09/Oct/2025:14:44:29 +0000] "GET /d1/82/AUTH_999a51e1ca114e11bcba401d9c4138e2/gnocchi.f77a44ab-0ea2-4f43-83fe-830f73d2afd5/none_v3" 200 31 "GET http://172.18.0.2:8080/v1/AUTH_999a51e1ca114e11bcba401d9c4138e2/gnocchi.f77a44ab-0ea2-4f43-83fe-830f73d2afd5/none_v3" "tx6843a0e5a647459fb5ac5-0068e7ca4d" "proxy-server 20" 0.0013 "-" 25 0
Oct 9 14:44:29 standalone proxy-server[131557]: 172.18.0.2 172.18.0.100 09/Oct/2025/14/44/29 GET /v1/AUTH_999a51e1ca114e11bcba401d9c4138e2/gnocchi.f77a44ab-0ea2-4f43-83fe-830f73d2afd5/none_v3 HTTP/1.0 200 - python-swiftclient-3.11.1 gAAAAABo58nI_iYl... - 31 - tx6843a0e5a647459fb5ac5-0068e7ca4d - 0.0121 - - 1760021069.117925882 1760021069.129982710 0
Oct 9 14:44:29 standalone container-server[129621]: 172.20.0.100 - - [09/Oct/2025:14:44:29 +0000] "GET /d1/765/AUTH_999a51e1ca114e11bcba401d9c4138e2/gnocchi.f77a44ab-0ea2-4f43-83fe-830f73d2afd5" 200 357 "GET http://172.18.0.2:8080/v1/AUTH_999a51e1ca114e11bcba401d9c4138e2/gnocchi.f77a44ab-0ea2-4f43-83fe-830f73d2afd5?format=json&states=listing" "txc4dbd84d3d5c4c3d8680d-0068e7ca4d" "proxy-server 20" 0.0101 "-" 17 0
Oct 9 14:44:29 standalone proxy-server[131557]: 172.18.0.2 172.18.0.100 09/Oct/2025/14/44/29 GET /v1/AUTH_999a51e1ca114e11bcba401d9c4138e2/gnocchi.f77a44ab-0ea2-4f43-83fe-830f73d2afd5%3Fformat%3Djson%26states%3Dlisting HTTP/1.0 200 - python-swiftclient-3.11.1 gAAAAABo58nI_iYl... - 357 - txc4dbd84d3d5c4c3d8680d-0068e7ca4d - 0.0201 - - 1760021069.135649204 1760021069.155787706 0
Oct 9 14:44:29 standalone container-server[129561]: 172.20.0.100 - - [09/Oct/2025:14:44:29 +0000] "GET /d1/765/AUTH_999a51e1ca114e11bcba401d9c4138e2/gnocchi.f77a44ab-0ea2-4f43-83fe-830f73d2afd5" 200 2 "GET http://172.18.0.2:8080/v1/AUTH_999a51e1ca114e11bcba401d9c4138e2/gnocchi.f77a44ab-0ea2-4f43-83fe-830f73d2afd5?format=json&marker=none_v3&states=listing" "tx806a02411b644ebcaf071-0068e7ca4d" "proxy-server 20" 0.0018 "-" 14 0
Oct 9 14:44:29 standalone proxy-server[131557]: 172.18.0.2 172.18.0.100 09/Oct/2025/14/44/29 GET /v1/AUTH_999a51e1ca114e11bcba401d9c4138e2/gnocchi.f77a44ab-0ea2-4f43-83fe-830f73d2afd5%3Fformat%3Djson%26marker%3Dnone_v3%26states%3Dlisting HTTP/1.0 200 - python-swiftclient-3.11.1 gAAAAABo58nI_iYl... - 2 - tx806a02411b644ebcaf071-0068e7ca4d - 0.0099 - - 1760021069.159972191 1760021069.169867277 0
Oct 9 14:44:29 standalone object-server[129859]: 172.20.0.100 - - [09/Oct/2025:14:44:29 +0000] "GET /d1/632/AUTH_999a51e1ca114e11bcba401d9c4138e2/gnocchi.f77a44ab-0ea2-4f43-83fe-830f73d2afd5/1759320000.0_mean_300.0_v3" 200 16 "GET http://172.18.0.2:8080/v1/AUTH_999a51e1ca114e11bcba401d9c4138e2/gnocchi.f77a44ab-0ea2-4f43-83fe-830f73d2afd5/1759320000.0_mean_300.0_v3" "tx1b5b68a46d924070aefec-0068e7ca4d" "proxy-server 20" 0.0012 "-" 25 0
Oct 9 14:44:29 standalone proxy-server[131557]: 172.18.0.2 172.18.0.100 09/Oct/2025/14/44/29 GET /v1/AUTH_999a51e1ca114e11bcba401d9c4138e2/gnocchi.f77a44ab-0ea2-4f43-83fe-830f73d2afd5/1759320000.0_mean_300.0_v3 HTTP/1.0 200 - python-swiftclient-3.11.1 gAAAAABo58nI_iYl... - 16 - tx1b5b68a46d924070aefec-0068e7ca4d - 0.0105 - - 1760021069.174977303 1760021069.185521841 0
Oct 9 14:44:29 standalone container-server[129574]: 172.20.0.100 - - [09/Oct/2025:14:44:29 +0000] "PUT /d1/765/AUTH_999a51e1ca114e11bcba401d9c4138e2/gnocchi.f77a44ab-0ea2-4f43-83fe-830f73d2afd5/1759320000.0_mean_300.0_v3" 201 - "PUT http://172.18.0.2:8080/d1/632/AUTH_999a51e1ca114e11bcba401d9c4138e2/gnocchi.f77a44ab-0ea2-4f43-83fe-830f73d2afd5/1759320000.0_mean_300.0_v3" "tx3ed973775fe6466195327-0068e7ca4d" "object-server 24" 0.0006 "-" 15 0
Oct 9 14:44:29 standalone object-server[129857]: 172.20.0.100 - - [09/Oct/2025:14:44:29 +0000] "PUT /d1/632/AUTH_999a51e1ca114e11bcba401d9c4138e2/gnocchi.f77a44ab-0ea2-4f43-83fe-830f73d2afd5/1759320000.0_mean_300.0_v3" 201 - "PUT http://172.18.0.2:8080/v1/AUTH_999a51e1ca114e11bcba401d9c4138e2/gnocchi.f77a44ab-0ea2-4f43-83fe-830f73d2afd5/1759320000.0_mean_300.0_v3" "tx3ed973775fe6466195327-0068e7ca4d" "proxy-server 20" 0.0101 "-" 24 0
Oct 9 14:44:29 standalone proxy-server[131557]: 172.18.0.2 172.18.0.100 09/Oct/2025/14/44/29 PUT /v1/AUTH_999a51e1ca114e11bcba401d9c4138e2/gnocchi.f77a44ab-0ea2-4f43-83fe-830f73d2afd5/1759320000.0_mean_300.0_v3 HTTP/1.0 201 - python-swiftclient-3.11.1 gAAAAABo58nI_iYl... 16 - - tx3ed973775fe6466195327-0068e7ca4d - 0.0170 - - 1760021069.189675331 1760021069.206656456 0
Oct 9 14:44:29 standalone container-server[129606]: 172.20.0.100 - - [09/Oct/2025:14:44:29 +0000] "PUT /d1/765/AUTH_999a51e1ca114e11bcba401d9c4138e2/gnocchi.f77a44ab-0ea2-4f43-83fe-830f73d2afd5/none_v3" 201 - "PUT http://172.18.0.2:8080/d1/82/AUTH_999a51e1ca114e11bcba401d9c4138e2/gnocchi.f77a44ab-0ea2-4f43-83fe-830f73d2afd5/none_v3" "tx01bef5f7a2704123a2f5e-0068e7ca4d" "object-server 24" 0.0008 "-" 16 0
Oct 9 14:44:29 standalone object-server[129857]: 172.20.0.100 - - [09/Oct/2025:14:44:29 +0000] "PUT /d1/82/AUTH_999a51e1ca114e11bcba401d9c4138e2/gnocchi.f77a44ab-0ea2-4f43-83fe-830f73d2afd5/none_v3" 201 - "PUT http://172.18.0.2:8080/v1/AUTH_999a51e1ca114e11bcba401d9c4138e2/gnocchi.f77a44ab-0ea2-4f43-83fe-830f73d2afd5/none_v3" "tx01bef5f7a2704123a2f5e-0068e7ca4d" "proxy-server 20" 0.0110 "-" 24 0
Oct 9 14:44:29 standalone proxy-server[131557]: 172.18.0.2 172.18.0.100 09/Oct/2025/14/44/29 PUT /v1/AUTH_999a51e1ca114e11bcba401d9c4138e2/gnocchi.f77a44ab-0ea2-4f43-83fe-830f73d2afd5/none_v3 HTTP/1.0 201 - python-swiftclient-3.11.1 gAAAAABo58nI_iYl... 46 - - tx01bef5f7a2704123a2f5e-0068e7ca4d - 0.0188 - - 1760021069.210487366 1760021069.229327917 0
Oct 9 14:44:29 standalone object-server[129855]: 172.20.0.100 - - [09/Oct/2025:14:44:29 +0000] "GET /d1/82/AUTH_999a51e1ca114e11bcba401d9c4138e2/gnocchi.f77a44ab-0ea2-4f43-83fe-830f73d2afd5/none_v3" 200 46 "GET http://172.18.0.2:8080/v1/AUTH_999a51e1ca114e11bcba401d9c4138e2/gnocchi.f77a44ab-0ea2-4f43-83fe-830f73d2afd5/none_v3" "tx313c2a3514b6431fa17e7-0068e7ca4d" "proxy-server 20" 0.0017 "-" 22 0
Oct 9 14:44:29 standalone proxy-server[131557]: 172.18.0.2 172.18.0.100 09/Oct/2025/14/44/29 GET /v1/AUTH_999a51e1ca114e11bcba401d9c4138e2/gnocchi.f77a44ab-0ea2-4f43-83fe-830f73d2afd5/none_v3 HTTP/1.0 200 - python-swiftclient-3.11.1 gAAAAABo58nI_iYl... - 46 - tx313c2a3514b6431fa17e7-0068e7ca4d - 0.0097 - - 1760021069.929767370 1760021069.939448833 0
Oct 9 14:44:29 standalone container-server[129574]: 172.20.0.100 - - [09/Oct/2025:14:44:29 +0000] "GET /d1/765/AUTH_999a51e1ca114e11bcba401d9c4138e2/gnocchi.f77a44ab-0ea2-4f43-83fe-830f73d2afd5" 200 357 "GET http://172.18.0.2:8080/v1/AUTH_999a51e1ca114e11bcba401d9c4138e2/gnocchi.f77a44ab-0ea2-4f43-83fe-830f73d2afd5?format=json&states=listing" "txb8abdd2ada724481b8152-0068e7ca4d" "proxy-server 20" 0.0092 "-" 15 0
Oct 9 14:44:29 standalone proxy-server[131557]: 172.18.0.2 172.18.0.100 09/Oct/2025/14/44/29 GET /v1/AUTH_999a51e1ca114e11bcba401d9c4138e2/gnocchi.f77a44ab-0ea2-4f43-83fe-830f73d2afd5%3Fformat%3Djson%26states%3Dlisting HTTP/1.0 200 - python-swiftclient-3.11.1 gAAAAABo58nI_iYl... - 357 - txb8abdd2ada724481b8152-0068e7ca4d - 0.0186 - - 1760021069.943268776 1760021069.961885929 0
Oct 9 14:44:29 standalone container-server[129574]: 172.20.0.100 - - [09/Oct/2025:14:44:29 +0000] "GET /d1/765/AUTH_999a51e1ca114e11bcba401d9c4138e2/gnocchi.f77a44ab-0ea2-4f43-83fe-830f73d2afd5" 200 2 "GET http://172.18.0.2:8080/v1/AUTH_999a51e1ca114e11bcba401d9c4138e2/gnocchi.f77a44ab-0ea2-4f43-83fe-830f73d2afd5?format=json&marker=none_v3&states=listing" "txbc91b908e741413aaa168-0068e7ca4d" "proxy-server 20" 0.0032 "-" 15 0
Oct 9 14:44:29 standalone proxy-server[131557]: 172.18.0.2 172.18.0.100 09/Oct/2025/14/44/29 GET /v1/AUTH_999a51e1ca114e11bcba401d9c4138e2/gnocchi.f77a44ab-0ea2-4f43-83fe-830f73d2afd5%3Fformat%3Djson%26marker%3Dnone_v3%26states%3Dlisting HTTP/1.0 200 - python-swiftclient-3.11.1 gAAAAABo58nI_iYl... - 2 - txbc91b908e741413aaa168-0068e7ca4d - 0.0118 - - 1760021069.965549231 1760021069.977378368 0
Oct 9 14:44:29 standalone object-server[129856]: 172.20.0.100 - - [09/Oct/2025:14:44:29 +0000] "GET /d1/632/AUTH_999a51e1ca114e11bcba401d9c4138e2/gnocchi.f77a44ab-0ea2-4f43-83fe-830f73d2afd5/1759320000.0_mean_300.0_v3" 200 16 "GET http://172.18.0.2:8080/v1/AUTH_999a51e1ca114e11bcba401d9c4138e2/gnocchi.f77a44ab-0ea2-4f43-83fe-830f73d2afd5/1759320000.0_mean_300.0_v3" "txccbe55afdc7e4c8f8788d-0068e7ca4d" "proxy-server 20" 0.0008 "-" 23 0
Oct 9 14:44:29 standalone proxy-server[131557]: 172.18.0.2 172.18.0.100 09/Oct/2025/14/44/29 GET /v1/AUTH_999a51e1ca114e11bcba401d9c4138e2/gnocchi.f77a44ab-0ea2-4f43-83fe-830f73d2afd5/1759320000.0_mean_300.0_v3 HTTP/1.0 200 - python-swiftclient-3.11.1 gAAAAABo58nI_iYl... - 16 - txccbe55afdc7e4c8f8788d-0068e7ca4d - 0.0089 - - 1760021069.981554031 1760021069.990467548 0
Oct 9 14:44:30 standalone container-server[129606]: 172.20.0.100 - - [09/Oct/2025:14:44:30 +0000] "PUT /d1/765/AUTH_999a51e1ca114e11bcba401d9c4138e2/gnocchi.f77a44ab-0ea2-4f43-83fe-830f73d2afd5/1759320000.0_mean_300.0_v3" 201 - "PUT http://172.18.0.2:8080/d1/632/AUTH_999a51e1ca114e11bcba401d9c4138e2/gnocchi.f77a44ab-0ea2-4f43-83fe-830f73d2afd5/1759320000.0_mean_300.0_v3" "txa728b55c82e44d8289e07-0068e7ca4d" "object-server 23" 0.0014 "-" 16 0
Oct 9 14:44:30 standalone object-server[129856]: 172.20.0.100 - - [09/Oct/2025:14:44:30 +0000] "PUT /d1/632/AUTH_999a51e1ca114e11bcba401d9c4138e2/gnocchi.f77a44ab-0ea2-4f43-83fe-830f73d2afd5/1759320000.0_mean_300.0_v3" 201 - "PUT http://172.18.0.2:8080/v1/AUTH_999a51e1ca114e11bcba401d9c4138e2/gnocchi.f77a44ab-0ea2-4f43-83fe-830f73d2afd5/1759320000.0_mean_300.0_v3" "txa728b55c82e44d8289e07-0068e7ca4d" "proxy-server 20" 0.0141 "-" 23 0
Oct 9 14:44:30 standalone proxy-server[131557]: 172.18.0.2 172.18.0.100 09/Oct/2025/14/44/30 PUT /v1/AUTH_999a51e1ca114e11bcba401d9c4138e2/gnocchi.f77a44ab-0ea2-4f43-83fe-830f73d2afd5/1759320000.0_mean_300.0_v3 HTTP/1.0 201 - python-swiftclient-3.11.1 gAAAAABo58nI_iYl... 16 - - txa728b55c82e44d8289e07-0068e7ca4d - 0.0209 - - 1760021069.993820190 1760021070.014758825 0
Oct 9 14:44:30 standalone container-server[129561]: 172.20.0.100 - - [09/Oct/2025:14:44:30 +0000] "PUT /d1/765/AUTH_999a51e1ca114e11bcba401d9c4138e2/gnocchi.f77a44ab-0ea2-4f43-83fe-830f73d2afd5/none_v3" 201 - "PUT http://172.18.0.2:8080/d1/82/AUTH_999a51e1ca114e11bcba401d9c4138e2/gnocchi.f77a44ab-0ea2-4f43-83fe-830f73d2afd5/none_v3" "tx5776e050bb0540e3a50ac-0068e7ca4e" "object-server 25" 0.0006 "-" 14 0
Oct 9 14:44:30 standalone object-server[129859]: 172.20.0.100 - - [09/Oct/2025:14:44:30 +0000] "PUT /d1/82/AUTH_999a51e1ca114e11bcba401d9c4138e2/gnocchi.f77a44ab-0ea2-4f43-83fe-830f73d2afd5/none_v3" 201 - "PUT http://172.18.0.2:8080/v1/AUTH_999a51e1ca114e11bcba401d9c4138e2/gnocchi.f77a44ab-0ea2-4f43-83fe-830f73d2afd5/none_v3" "tx5776e050bb0540e3a50ac-0068e7ca4e" "proxy-server 20" 0.0104 "-" 25 0
Oct 9 14:44:30 standalone proxy-server[131557]: 172.18.0.2 172.18.0.100 09/Oct/2025/14/44/30 PUT /v1/AUTH_999a51e1ca114e11bcba401d9c4138e2/gnocchi.f77a44ab-0ea2-4f43-83fe-830f73d2afd5/none_v3 HTTP/1.0 201 - python-swiftclient-3.11.1 gAAAAABo58nI_iYl... 51 - - tx5776e050bb0540e3a50ac-0068e7ca4e - 0.0190 - - 1760021070.018139362 1760021070.037100792 0
Oct 9 14:44:32 standalone container-server[129606]: 172.20.0.100 - - [09/Oct/2025:14:44:32 +0000] "HEAD /d1/410/AUTH_999a51e1ca114e11bcba401d9c4138e2/gnocchi.ec20e46c-c392-458e-9bad-37d837056bb5" 404 - "HEAD http://172.18.0.2:8080/v1/AUTH_999a51e1ca114e11bcba401d9c4138e2/gnocchi.ec20e46c-c392-458e-9bad-37d837056bb5?format=json&states=listing" "txa679155995dc48119d6f5-0068e7ca50" "proxy-server 20" 0.0006 "-" 16 0
Oct 9 14:44:32 standalone object-server[129855]: 172.20.0.100 - - [09/Oct/2025:14:44:32 +0000] "GET /d1/179/AUTH_999a51e1ca114e11bcba401d9c4138e2/gnocchi.ec20e46c-c392-458e-9bad-37d837056bb5/none_v3" 404 70 "GET http://172.18.0.2:8080/v1/AUTH_999a51e1ca114e11bcba401d9c4138e2/gnocchi.ec20e46c-c392-458e-9bad-37d837056bb5/none_v3" "txa679155995dc48119d6f5-0068e7ca50" "proxy-server 20" 0.0006 "-" 22 0
Oct 9 14:44:32 standalone proxy-server[131557]: 172.18.0.2 172.18.0.100 09/Oct/2025/14/44/32 GET /v1/AUTH_999a51e1ca114e11bcba401d9c4138e2/gnocchi.ec20e46c-c392-458e-9bad-37d837056bb5/none_v3 HTTP/1.0 404 - python-swiftclient-3.11.1 gAAAAABo58nI_iYl... - 70 - txa679155995dc48119d6f5-0068e7ca50 - 0.0138 - - 1760021072.921046257 1760021072.934865713 0
Oct 9 14:44:32 standalone account-server[129447]: 172.20.0.100 - - [09/Oct/2025:14:44:32 +0000] "PUT /d1/460/AUTH_999a51e1ca114e11bcba401d9c4138e2/gnocchi.ec20e46c-c392-458e-9bad-37d837056bb5" 201 - "PUT http://172.20.0.100:6001/d1/410/AUTH_999a51e1ca114e11bcba401d9c4138e2/gnocchi.ec20e46c-c392-458e-9bad-37d837056bb5" "txe2d78492a22f4824b205b-0068e7ca50" "container-server 17" 0.0052 "-" 21 0
Oct 9 14:44:32 standalone container-server[129621]: 172.20.0.100 - - [09/Oct/2025:14:44:32 +0000] "PUT /d1/410/AUTH_999a51e1ca114e11bcba401d9c4138e2/gnocchi.ec20e46c-c392-458e-9bad-37d837056bb5" 201 - "PUT http://172.18.0.2:8080/v1/AUTH_999a51e1ca114e11bcba401d9c4138e2/gnocchi.ec20e46c-c392-458e-9bad-37d837056bb5" "txe2d78492a22f4824b205b-0068e7ca50" "proxy-server 20" 0.0180 "-" 17 0
Oct 9 14:44:32 standalone proxy-server[131557]: 172.18.0.2 172.18.0.100 09/Oct/2025/14/44/32 PUT /v1/AUTH_999a51e1ca114e11bcba401d9c4138e2/gnocchi.ec20e46c-c392-458e-9bad-37d837056bb5 HTTP/1.0 201 - python-swiftclient-3.11.1 gAAAAABo58nI_iYl... - - - txe2d78492a22f4824b205b-0068e7ca50 - 0.0340 - - 1760021072.939567089 1760021072.973555803 0
Oct 9 14:44:32 standalone container-server[129621]: 172.20.0.100 - - [09/Oct/2025:14:44:32 +0000] "HEAD /d1/410/AUTH_999a51e1ca114e11bcba401d9c4138e2/gnocchi.ec20e46c-c392-458e-9bad-37d837056bb5" 204 - "HEAD http://172.18.0.2:8080/v1/AUTH_999a51e1ca114e11bcba401d9c4138e2/gnocchi.ec20e46c-c392-458e-9bad-37d837056bb5?format=json&states=listing" "tx0ee13e11503e4343b544c-0068e7ca50" "proxy-server 20" 0.0013 "-" 17 0
Oct 9 14:44:32 standalone proxy-server[131557]: - - 09/Oct/2025/14/44/32 HEAD /v1/AUTH_999a51e1ca114e11bcba401d9c4138e2/gnocchi.ec20e46c-c392-458e-9bad-37d837056bb5%3Fformat%3Djson%26states%3Dlisting HTTP/1.0 204 - Swift - - - - tx0ee13e11503e4343b544c-0068e7ca50 - 0.0043 RL - 1760021072.977742672 1760021072.982065201 0
Oct 9 14:44:32 standalone container-server[129574]: 172.20.0.100 - - [09/Oct/2025:14:44:32 +0000] "GET /d1/410/AUTH_999a51e1ca114e11bcba401d9c4138e2/gnocchi.ec20e46c-c392-458e-9bad-37d837056bb5" 200 2 "GET http://172.18.0.2:8080/v1/AUTH_999a51e1ca114e11bcba401d9c4138e2/gnocchi.ec20e46c-c392-458e-9bad-37d837056bb5?format=json&states=listing" "tx0ee13e11503e4343b544c-0068e7ca50" "proxy-server 20" 0.0050 "-" 15 0
Oct 9 14:44:32 standalone proxy-server[131557]: 172.18.0.2 172.18.0.100 09/Oct/2025/14/44/32 GET /v1/AUTH_999a51e1ca114e11bcba401d9c4138e2/gnocchi.ec20e46c-c392-458e-9bad-37d837056bb5%3Fformat%3Djson%26states%3Dlisting HTTP/1.0 200 - python-swiftclient-3.11.1 gAAAAABo58nI_iYl... - 2 - tx0ee13e11503e4343b544c-0068e7ca50 - 0.0177 - - 1760021072.976857662 1760021072.994540215 0
Oct 9 14:44:33 standalone object-server[129856]: 172.20.0.100 - - [09/Oct/2025:14:44:33 +0000] "GET /d1/331/AUTH_999a51e1ca114e11bcba401d9c4138e2/gnocchi.ec20e46c-c392-458e-9bad-37d837056bb5/1759320000.0_mean_300.0_v3" 404 70 "GET http://172.18.0.2:8080/v1/AUTH_999a51e1ca114e11bcba401d9c4138e2/gnocchi.ec20e46c-c392-458e-9bad-37d837056bb5/1759320000.0_mean_300.0_v3" "tx21f170b82309406bbe11b-0068e7ca50" "proxy-server 20" 0.0003 "-" 23 0
Oct 9 14:44:33 standalone proxy-server[131557]: 172.18.0.2 172.18.0.100 09/Oct/2025/14/44/33 GET /v1/AUTH_999a51e1ca114e11bcba401d9c4138e2/gnocchi.ec20e46c-c392-458e-9bad-37d837056bb5/1759320000.0_mean_300.0_v3 HTTP/1.0 404 - python-swiftclient-3.11.1 gAAAAABo58nI_iYl... - 70 - tx21f170b82309406bbe11b-0068e7ca50 - 0.0059 - - 1760021072.997632027 1760021073.003508568 0
Oct 9 14:44:33 standalone container-server[129606]: 172.20.0.100 - - [09/Oct/2025:14:44:33 +0000] "PUT /d1/410/AUTH_999a51e1ca114e11bcba401d9c4138e2/gnocchi.ec20e46c-c392-458e-9bad-37d837056bb5/1759320000.0_mean_300.0_v3" 201 - "PUT http://172.18.0.2:8080/d1/331/AUTH_999a51e1ca114e11bcba401d9c4138e2/gnocchi.ec20e46c-c392-458e-9bad-37d837056bb5/1759320000.0_mean_300.0_v3" "tx4d9d9991ea3e4ca5b9829-0068e7ca51" "object-server 24" 0.0007 "-" 16 0
Oct 9 14:44:33 standalone object-server[129857]: 172.20.0.100 - - [09/Oct/2025:14:44:33 +0000] "PUT /d1/331/AUTH_999a51e1ca114e11bcba401d9c4138e2/gnocchi.ec20e46c-c392-458e-9bad-37d837056bb5/1759320000.0_mean_300.0_v3" 201 - "PUT http://172.18.0.2:8080/v1/AUTH_999a51e1ca114e11bcba401d9c4138e2/gnocchi.ec20e46c-c392-458e-9bad-37d837056bb5/1759320000.0_mean_300.0_v3" "tx4d9d9991ea3e4ca5b9829-0068e7ca51" "proxy-server 20" 0.0117 "-" 24 0
Oct 9 14:44:33 standalone proxy-server[131557]: 172.18.0.2 172.18.0.100 09/Oct/2025/14/44/33 PUT /v1/AUTH_999a51e1ca114e11bcba401d9c4138e2/gnocchi.ec20e46c-c392-458e-9bad-37d837056bb5/1759320000.0_mean_300.0_v3 HTTP/1.0 201 - python-swiftclient-3.11.1 gAAAAABo58nI_iYl... 16 - - tx4d9d9991ea3e4ca5b9829-0068e7ca51 - 0.0166 - - 1760021073.005898952 1760021073.022453785 0
Oct 9 14:44:33 standalone container-server[129574]: 172.20.0.100 - - [09/Oct/2025:14:44:33 +0000] "PUT /d1/410/AUTH_999a51e1ca114e11bcba401d9c4138e2/gnocchi.ec20e46c-c392-458e-9bad-37d837056bb5/none_v3" 201 - "PUT http://172.18.0.2:8080/d1/179/AUTH_999a51e1ca114e11bcba401d9c4138e2/gnocchi.ec20e46c-c392-458e-9bad-37d837056bb5/none_v3" "tx3d84f866521d4fd6b555f-0068e7ca51" "object-server 23" 0.0008 "-" 15 0
Oct 9 14:44:33 standalone object-server[129856]: 172.20.0.100 - - [09/Oct/2025:14:44:33 +0000] "PUT /d1/179/AUTH_999a51e1ca114e11bcba401d9c4138e2/gnocchi.ec20e46c-c392-458e-9bad-37d837056bb5/none_v3" 201 - "PUT http://172.18.0.2:8080/v1/AUTH_999a51e1ca114e11bcba401d9c4138e2/gnocchi.ec20e46c-c392-458e-9bad-37d837056bb5/none_v3" "tx3d84f866521d4fd6b555f-0068e7ca51" "proxy-server 20" 0.0133 "-" 23 0
Oct 9 14:44:33 standalone proxy-server[131557]: 172.18.0.2 172.18.0.100 09/Oct/2025/14/44/33 PUT /v1/AUTH_999a51e1ca114e11bcba401d9c4138e2/gnocchi.ec20e46c-c392-458e-9bad-37d837056bb5/none_v3 HTTP/1.0 201 - python-swiftclient-3.11.1 gAAAAABo58nI_iYl... 22 - - tx3d84f866521d4fd6b555f-0068e7ca51 - 0.0177 - - 1760021073.025762320 1760021073.043500185 0
Oct 9 14:44:33 standalone container-server[129561]: 172.20.0.100 - - [09/Oct/2025:14:44:33 +0000] "HEAD /d1/983/AUTH_999a51e1ca114e11bcba401d9c4138e2/gnocchi.a57208a5-9b0e-48b5-85cd-72fdcd072e5a" 404 - "HEAD http://172.18.0.2:8080/v1/AUTH_999a51e1ca114e11bcba401d9c4138e2/gnocchi.a57208a5-9b0e-48b5-85cd-72fdcd072e5a?format=json&states=listing" "txb69e804d224843089ba2d-0068e7ca51" "proxy-server 20" 0.0004 "-" 14 0
Oct 9 14:44:33 standalone object-server[129855]: 172.20.0.100 - - [09/Oct/2025:14:44:33 +0000] "GET /d1/899/AUTH_999a51e1ca114e11bcba401d9c4138e2/gnocchi.a57208a5-9b0e-48b5-85cd-72fdcd072e5a/none_v3" 404 70 "GET http://172.18.0.2:8080/v1/AUTH_999a51e1ca114e11bcba401d9c4138e2/gnocchi.a57208a5-9b0e-48b5-85cd-72fdcd072e5a/none_v3" "txb69e804d224843089ba2d-0068e7ca51" "proxy-server 20" 0.0004 "-" 22 0
Oct 9 14:44:33 standalone proxy-server[131557]: 172.18.0.2 172.18.0.100 09/Oct/2025/14/44/33 GET /v1/AUTH_999a51e1ca114e11bcba401d9c4138e2/gnocchi.a57208a5-9b0e-48b5-85cd-72fdcd072e5a/none_v3 HTTP/1.0 404 - python-swiftclient-3.11.1 gAAAAABo58nI_iYl... - 70 - txb69e804d224843089ba2d-0068e7ca51 - 0.0114 - - 1760021073.051842213 1760021073.063253641 0
Oct 9 14:44:33 standalone account-server[129447]: 172.20.0.100 - - [09/Oct/2025:14:44:33 +0000] "PUT /d1/460/AUTH_999a51e1ca114e11bcba401d9c4138e2/gnocchi.a57208a5-9b0e-48b5-85cd-72fdcd072e5a" 201 - "PUT http://172.20.0.100:6001/d1/983/AUTH_999a51e1ca114e11bcba401d9c4138e2/gnocchi.a57208a5-9b0e-48b5-85cd-72fdcd072e5a" "tx32a5a777dea74510a2960-0068e7ca51" "container-server 15" 0.0089 "-" 21 0
Oct 9 14:44:33 standalone container-server[129574]: 172.20.0.100 - - [09/Oct/2025:14:44:33 +0000] "PUT /d1/983/AUTH_999a51e1ca114e11bcba401d9c4138e2/gnocchi.a57208a5-9b0e-48b5-85cd-72fdcd072e5a" 201 - "PUT http://172.18.0.2:8080/v1/AUTH_999a51e1ca114e11bcba401d9c4138e2/gnocchi.a57208a5-9b0e-48b5-85cd-72fdcd072e5a" "tx32a5a777dea74510a2960-0068e7ca51" "proxy-server 20" 0.0293 "-" 15 0
Oct 9 14:44:33 standalone proxy-server[131557]: 172.18.0.2 172.18.0.100 09/Oct/2025/14/44/33 PUT /v1/AUTH_999a51e1ca114e11bcba401d9c4138e2/gnocchi.a57208a5-9b0e-48b5-85cd-72fdcd072e5a HTTP/1.0 201 - python-swiftclient-3.11.1 gAAAAABo58nI_iYl... - - - tx32a5a777dea74510a2960-0068e7ca51 - 0.0399 - - 1760021073.068144321 1760021073.108047962 0
Oct 9 14:44:33 standalone container-server[129561]: 172.20.0.100 - - [09/Oct/2025:14:44:33 +0000] "HEAD /d1/983/AUTH_999a51e1ca114e11bcba401d9c4138e2/gnocchi.a57208a5-9b0e-48b5-85cd-72fdcd072e5a" 204 - "HEAD http://172.18.0.2:8080/v1/AUTH_999a51e1ca114e11bcba401d9c4138e2/gnocchi.a57208a5-9b0e-48b5-85cd-72fdcd072e5a?format=json&states=listing" "tx0c32521042d44d109072e-0068e7ca51" "proxy-server 20" 0.0013 "-" 14 0
Oct 9 14:44:33 standalone proxy-server[131557]: - - 09/Oct/2025/14/44/33 HEAD /v1/AUTH_999a51e1ca114e11bcba401d9c4138e2/gnocchi.a57208a5-9b0e-48b5-85cd-72fdcd072e5a%3Fformat%3Djson%26states%3Dlisting HTTP/1.0 204 - Swift - - - - tx0c32521042d44d109072e-0068e7ca51 - 0.0060 RL - 1760021073.118960142 1760021073.124979496 0
Oct 9 14:44:33 standalone container-server[129606]: 172.20.0.100 - - [09/Oct/2025:14:44:33 +0000] "GET /d1/983/AUTH_999a51e1ca114e11bcba401d9c4138e2/gnocchi.a57208a5-9b0e-48b5-85cd-72fdcd072e5a" 200 2 "GET http://172.18.0.2:8080/v1/AUTH_999a51e1ca114e11bcba401d9c4138e2/gnocchi.a57208a5-9b0e-48b5-85cd-72fdcd072e5a?format=json&states=listing" "tx0c32521042d44d109072e-0068e7ca51" "proxy-server 20" 0.0021 "-" 16 0
Oct 9 14:44:33 standalone proxy-server[131557]: 172.18.0.2 172.18.0.100 09/Oct/2025/14/44/33 GET /v1/AUTH_999a51e1ca114e11bcba401d9c4138e2/gnocchi.a57208a5-9b0e-48b5-85cd-72fdcd072e5a%3Fformat%3Djson%26states%3Dlisting HTTP/1.0 200 - python-swiftclient-3.11.1 gAAAAABo58nI_iYl... - 2 - tx0c32521042d44d109072e-0068e7ca51 - 0.0172 - - 1760021073.117324114 1760021073.134556055 0
Oct 9 14:44:33 standalone object-server[129856]: 172.20.0.100 - - [09/Oct/2025:14:44:33 +0000] "GET /d1/331/AUTH_999a51e1ca114e11bcba401d9c4138e2/gnocchi.a57208a5-9b0e-48b5-85cd-72fdcd072e5a/1759320000.0_mean_300.0_v3" 404 70 "GET http://172.18.0.2:8080/v1/AUTH_999a51e1ca114e11bcba401d9c4138e2/gnocchi.a57208a5-9b0e-48b5-85cd-72fdcd072e5a/1759320000.0_mean_300.0_v3" "txd1de0c487ada4edbb927f-0068e7ca51" "proxy-server 20" 0.0004 "-" 23 0
Oct 9 14:44:33 standalone proxy-server[131557]: 172.18.0.2 172.18.0.100 09/Oct/2025/14/44/33 GET /v1/AUTH_999a51e1ca114e11bcba401d9c4138e2/gnocchi.a57208a5-9b0e-48b5-85cd-72fdcd072e5a/1759320000.0_mean_300.0_v3 HTTP/1.0 404 - python-swiftclient-3.11.1 gAAAAABo58nI_iYl... - 70 - txd1de0c487ada4edbb927f-0068e7ca51 - 0.0093 - - 1760021073.140454769 1760021073.149780750 0
Oct 9 14:44:33 standalone container-server[129621]: 172.20.0.100 - - [09/Oct/2025:14:44:33 +0000] "PUT /d1/983/AUTH_999a51e1ca114e11bcba401d9c4138e2/gnocchi.a57208a5-9b0e-48b5-85cd-72fdcd072e5a/1759320000.0_mean_300.0_v3" 201 - "PUT http://172.18.0.2:8080/d1/331/AUTH_999a51e1ca114e11bcba401d9c4138e2/gnocchi.a57208a5-9b0e-48b5-85cd-72fdcd072e5a/1759320000.0_mean_300.0_v3" "tx88eb40ffe1d045e488996-0068e7ca51" "object-server 23" 0.0006 "-" 17 0
Oct 9 14:44:33 standalone object-server[129856]: 172.20.0.100 - - [09/Oct/2025:14:44:33 +0000] "PUT /d1/331/AUTH_999a51e1ca114e11bcba401d9c4138e2/gnocchi.a57208a5-9b0e-48b5-85cd-72fdcd072e5a/1759320000.0_mean_300.0_v3" 201 - "PUT http://172.18.0.2:8080/v1/AUTH_999a51e1ca114e11bcba401d9c4138e2/gnocchi.a57208a5-9b0e-48b5-85cd-72fdcd072e5a/1759320000.0_mean_300.0_v3" "tx88eb40ffe1d045e488996-0068e7ca51" "proxy-server 20" 0.0109 "-" 23 0
Oct 9 14:44:33 standalone proxy-server[131557]: 172.18.0.2 172.18.0.100 09/Oct/2025/14/44/33 PUT /v1/AUTH_999a51e1ca114e11bcba401d9c4138e2/gnocchi.a57208a5-9b0e-48b5-85cd-72fdcd072e5a/1759320000.0_mean_300.0_v3 HTTP/1.0 201 - python-swiftclient-3.11.1 gAAAAABo58nI_iYl... 16 - - tx88eb40ffe1d045e488996-0068e7ca51 - 0.0157 - - 1760021073.153650761 1760021073.169329166 0
Oct 9 14:44:33 standalone container-server[129574]: 172.20.0.100 - - [09/Oct/2025:14:44:33 +0000] "PUT /d1/983/AUTH_999a51e1ca114e11bcba401d9c4138e2/gnocchi.a57208a5-9b0e-48b5-85cd-72fdcd072e5a/none_v3" 201 - "PUT http://172.18.0.2:8080/d1/899/AUTH_999a51e1ca114e11bcba401d9c4138e2/gnocchi.a57208a5-9b0e-48b5-85cd-72fdcd072e5a/none_v3" "tx37e908c25aa748f4833ee-0068e7ca51" "object-server 24" 0.0012 "-" 15 0
Oct 9 14:44:33 standalone object-server[129857]: 172.20.0.100 - - [09/Oct/2025:14:44:33 +0000] "PUT /d1/899/AUTH_999a51e1ca114e11bcba401d9c4138e2/gnocchi.a57208a5-9b0e-48b5-85cd-72fdcd072e5a/none_v3" 201 - "PUT http://172.18.0.2:8080/v1/AUTH_999a51e1ca114e11bcba401d9c4138e2/gnocchi.a57208a5-9b0e-48b5-85cd-72fdcd072e5a/none_v3" "tx37e908c25aa748f4833ee-0068e7ca51" "proxy-server 20" 0.0185 "-" 24 0
Oct 9 14:44:33 standalone proxy-server[131557]: 172.18.0.2 172.18.0.100 09/Oct/2025/14/44/33 PUT /v1/AUTH_999a51e1ca114e11bcba401d9c4138e2/gnocchi.a57208a5-9b0e-48b5-85cd-72fdcd072e5a/none_v3 HTTP/1.0 201 - python-swiftclient-3.11.1 gAAAAABo58nI_iYl... 22 - - tx37e908c25aa748f4833ee-0068e7ca51 - 0.0245 - - 1760021073.172246933 1760021073.196792126 0
Oct 9 14:44:33 standalone container-server[129606]: 172.20.0.100 - - [09/Oct/2025:14:44:33 +0000] "HEAD /d1/721/AUTH_999a51e1ca114e11bcba401d9c4138e2/gnocchi.8721afdd-0cbd-4360-acb9-592ca745e5f2" 404 - "HEAD http://172.18.0.2:8080/v1/AUTH_999a51e1ca114e11bcba401d9c4138e2/gnocchi.8721afdd-0cbd-4360-acb9-592ca745e5f2?format=json&states=listing" "txddcb556492ba44efbf3d8-0068e7ca51" "proxy-server 20" 0.0004 "-" 16 0
Oct 9 14:44:33 standalone object-server[129859]: 172.20.0.100 - - [09/Oct/2025:14:44:33 +0000] "GET /d1/1012/AUTH_999a51e1ca114e11bcba401d9c4138e2/gnocchi.8721afdd-0cbd-4360-acb9-592ca745e5f2/none_v3" 404 70 "GET http://172.18.0.2:8080/v1/AUTH_999a51e1ca114e11bcba401d9c4138e2/gnocchi.8721afdd-0cbd-4360-acb9-592ca745e5f2/none_v3" "txddcb556492ba44efbf3d8-0068e7ca51" "proxy-server 20" 0.0003 "-" 25 0
Oct 9 14:44:33 standalone proxy-server[131557]: 172.18.0.2 172.18.0.100 09/Oct/2025/14/44/33 GET /v1/AUTH_999a51e1ca114e11bcba401d9c4138e2/gnocchi.8721afdd-0cbd-4360-acb9-592ca745e5f2/none_v3 HTTP/1.0 404 - python-swiftclient-3.11.1 gAAAAABo58nI_iYl... - 70 - txddcb556492ba44efbf3d8-0068e7ca51 - 0.0069 - - 1760021073.204277039 1760021073.211166620 0
Oct 9 14:44:33 standalone account-server[129447]: 172.20.0.100 - - [09/Oct/2025:14:44:33 +0000] "PUT /d1/460/AUTH_999a51e1ca114e11bcba401d9c4138e2/gnocchi.8721afdd-0cbd-4360-acb9-592ca745e5f2" 201 - "PUT http://172.20.0.100:6001/d1/721/AUTH_999a51e1ca114e11bcba401d9c4138e2/gnocchi.8721afdd-0cbd-4360-acb9-592ca745e5f2" "txb24a5fa967b3432a8e1a4-0068e7ca51" "container-server 16" 0.0045 "-" 21 0
Oct 9 14:44:33 standalone container-server[129606]: 172.20.0.100 - - [09/Oct/2025:14:44:33 +0000] "PUT /d1/721/AUTH_999a51e1ca114e11bcba401d9c4138e2/gnocchi.8721afdd-0cbd-4360-acb9-592ca745e5f2" 201 - "PUT http://172.18.0.2:8080/v1/AUTH_999a51e1ca114e11bcba401d9c4138e2/gnocchi.8721afdd-0cbd-4360-acb9-592ca745e5f2" "txb24a5fa967b3432a8e1a4-0068e7ca51" "proxy-server 20" 0.0149 "-" 16 0
Oct 9 14:44:33 standalone proxy-server[131557]: 172.18.0.2 172.18.0.100 09/Oct/2025/14/44/33 PUT /v1/AUTH_999a51e1ca114e11bcba401d9c4138e2/gnocchi.8721afdd-0cbd-4360-acb9-592ca745e5f2 HTTP/1.0 201 - python-swiftclient-3.11.1 gAAAAABo58nI_iYl... - - - txb24a5fa967b3432a8e1a4-0068e7ca51 - 0.0184 - - 1760021073.213049889 1760021073.231499195 0
Oct 9 14:44:33 standalone container-server[129606]: 172.20.0.100 - - [09/Oct/2025:14:44:33 +0000] "HEAD /d1/721/AUTH_999a51e1ca114e11bcba401d9c4138e2/gnocchi.8721afdd-0cbd-4360-acb9-592ca745e5f2" 204 - "HEAD http://172.18.0.2:8080/v1/AUTH_999a51e1ca114e11bcba401d9c4138e2/gnocchi.8721afdd-0cbd-4360-acb9-592ca745e5f2?format=json&states=listing" "txbf9bd48ee6bc41c984921-0068e7ca51" "proxy-server 20" 0.0013 "-" 16 0
Oct 9 14:44:33 standalone proxy-server[131557]: - - 09/Oct/2025/14/44/33 HEAD /v1/AUTH_999a51e1ca114e11bcba401d9c4138e2/gnocchi.8721afdd-0cbd-4360-acb9-592ca745e5f2%3Fformat%3Djson%26states%3Dlisting HTTP/1.0 204 - Swift - - - - txbf9bd48ee6bc41c984921-0068e7ca51 - 0.0038 RL - 1760021073.235384464 1760021073.239228487 0
Oct 9 14:44:33 standalone container-server[129606]: 172.20.0.100 - - [09/Oct/2025:14:44:33 +0000] "GET /d1/721/AUTH_999a51e1ca114e11bcba401d9c4138e2/gnocchi.8721afdd-0cbd-4360-acb9-592ca745e5f2" 200 2 "GET http://172.18.0.2:8080/v1/AUTH_999a51e1ca114e11bcba401d9c4138e2/gnocchi.8721afdd-0cbd-4360-acb9-592ca745e5f2?format=json&states=listing" "txbf9bd48ee6bc41c984921-0068e7ca51" "proxy-server 20" 0.0018 "-" 16 0
Oct 9 14:44:33 standalone proxy-server[131557]: 172.18.0.2 172.18.0.100 09/Oct/2025/14/44/33 GET /v1/AUTH_999a51e1ca114e11bcba401d9c4138e2/gnocchi.8721afdd-0cbd-4360-acb9-592ca745e5f2%3Fformat%3Djson%26states%3Dlisting HTTP/1.0 200 - python-swiftclient-3.11.1 gAAAAABo58nI_iYl... - 2 - txbf9bd48ee6bc41c984921-0068e7ca51 - 0.0121 - - 1760021073.234616756 1760021073.246725321 0
Oct 9 14:44:33 standalone object-server[129857]: 172.20.0.100 - - [09/Oct/2025:14:44:33 +0000] "GET /d1/134/AUTH_999a51e1ca114e11bcba401d9c4138e2/gnocchi.8721afdd-0cbd-4360-acb9-592ca745e5f2/1759320000.0_mean_300.0_v3" 404 70 "GET http://172.18.0.2:8080/v1/AUTH_999a51e1ca114e11bcba401d9c4138e2/gnocchi.8721afdd-0cbd-4360-acb9-592ca745e5f2/1759320000.0_mean_300.0_v3" "tx9d213333a594448eb763c-0068e7ca51" "proxy-server 20" 0.0006 "-" 24 0
Oct 9 14:44:33 standalone proxy-server[131557]: 172.18.0.2 172.18.0.100 09/Oct/2025/14/44/33 GET /v1/AUTH_999a51e1ca114e11bcba401d9c4138e2/gnocchi.8721afdd-0cbd-4360-acb9-592ca745e5f2/1759320000.0_mean_300.0_v3 HTTP/1.0 404 - python-swiftclient-3.11.1 gAAAAABo58nI_iYl... - 70 - tx9d213333a594448eb763c-0068e7ca51 - 0.0063 - - 1760021073.249796867 1760021073.256099701 0
Oct 9 14:44:33 standalone container-server[129621]: 172.20.0.100 - - [09/Oct/2025:14:44:33 +0000] "PUT /d1/721/AUTH_999a51e1ca114e11bcba401d9c4138e2/gnocchi.8721afdd-0cbd-4360-acb9-592ca745e5f2/1759320000.0_mean_300.0_v3" 201 - "PUT http://172.18.0.2:8080/d1/134/AUTH_999a51e1ca114e11bcba401d9c4138e2/gnocchi.8721afdd-0cbd-4360-acb9-592ca745e5f2/1759320000.0_mean_300.0_v3" "txf25f42fa0b5e4cf497d47-0068e7ca51" "object-server 22" 0.0009 "-" 17 0
Oct 9 14:44:33 standalone object-server[129855]: 172.20.0.100 - - [09/Oct/2025:14:44:33 +0000] "PUT /d1/134/AUTH_999a51e1ca114e11bcba401d9c4138e2/gnocchi.8721afdd-0cbd-4360-acb9-592ca745e5f2/1759320000.0_mean_300.0_v3" 201 - "PUT http://172.18.0.2:8080/v1/AUTH_999a51e1ca114e11bcba401d9c4138e2/gnocchi.8721afdd-0cbd-4360-acb9-592ca745e5f2/1759320000.0_mean_300.0_v3" "txf25f42fa0b5e4cf497d47-0068e7ca51" "proxy-server 20" 0.0113 "-" 22 0
Oct 9 14:44:33 standalone proxy-server[131557]: 172.18.0.2 172.18.0.100 09/Oct/2025/14/44/33 PUT /v1/AUTH_999a51e1ca114e11bcba401d9c4138e2/gnocchi.8721afdd-0cbd-4360-acb9-592ca745e5f2/1759320000.0_mean_300.0_v3 HTTP/1.0 201 - python-swiftclient-3.11.1 gAAAAABo58nI_iYl... 16 - - txf25f42fa0b5e4cf497d47-0068e7ca51 - 0.0169 - - 1760021073.258594036 1760021073.275490046 0
Oct 9 14:44:33 standalone container-server[129606]: 172.20.0.100 - - [09/Oct/2025:14:44:33 +0000] "PUT /d1/721/AUTH_999a51e1ca114e11bcba401d9c4138e2/gnocchi.8721afdd-0cbd-4360-acb9-592ca745e5f2/none_v3" 201 - "PUT http://172.18.0.2:8080/d1/1012/AUTH_999a51e1ca114e11bcba401d9c4138e2/gnocchi.8721afdd-0cbd-4360-acb9-592ca745e5f2/none_v3" "txeb5fde2d77a04a72aa5dc-0068e7ca51" "object-server 23" 0.0008 "-" 16 0
