Oct 9 14:44:58 standalone proxy-server[131557]: 172.18.0.2 172.18.0.100 09/Oct/2025/14/44/58 GET /v1/AUTH_999a51e1ca114e11bcba401d9c4138e2/gnocchi.c439feab-e247-4f9c-91e7-4f38ebb15ef4/1759320000.0_mean_300.0_v3 HTTP/1.0 404 - python-swiftclient-3.11.1 gAAAAABo58nI_iYl... - 70 - txe7090149fccc470d84aa5-0068e7ca6a - 0.0081 - - 1760021098.751081705 1760021098.759134293 0
Oct 9 14:44:58 standalone container-server[129606]: 172.20.0.100 - - [09/Oct/2025:14:44:58 +0000] "PUT /d1/981/AUTH_999a51e1ca114e11bcba401d9c4138e2/gnocchi.c439feab-e247-4f9c-91e7-4f38ebb15ef4/1759320000.0_mean_300.0_v3" 201 - "PUT http://172.18.0.2:8080/d1/784/AUTH_999a51e1ca114e11bcba401d9c4138e2/gnocchi.c439feab-e247-4f9c-91e7-4f38ebb15ef4/1759320000.0_mean_300.0_v3" "tx27488439e70a4d4d8759d-0068e7ca6a" "object-server 22" 0.0008 "-" 16 0
Oct 9 14:44:58 standalone object-server[129855]: 172.20.0.100 - - [09/Oct/2025:14:44:58 +0000] "PUT /d1/784/AUTH_999a51e1ca114e11bcba401d9c4138e2/gnocchi.c439feab-e247-4f9c-91e7-4f38ebb15ef4/1759320000.0_mean_300.0_v3" 201 - "PUT http://172.18.0.2:8080/v1/AUTH_999a51e1ca114e11bcba401d9c4138e2/gnocchi.c439feab-e247-4f9c-91e7-4f38ebb15ef4/1759320000.0_mean_300.0_v3" "tx27488439e70a4d4d8759d-0068e7ca6a" "proxy-server 20" 0.0122 "-" 22 0
Oct 9 14:44:58 standalone proxy-server[131557]: 172.18.0.2 172.18.0.100 09/Oct/2025/14/44/58 PUT /v1/AUTH_999a51e1ca114e11bcba401d9c4138e2/gnocchi.c439feab-e247-4f9c-91e7-4f38ebb15ef4/1759320000.0_mean_300.0_v3 HTTP/1.0 201 - python-swiftclient-3.11.1 gAAAAABo58nI_iYl... 16 - - tx27488439e70a4d4d8759d-0068e7ca6a - 0.0197 - - 1760021098.763307333 1760021098.783050060 0
Oct 9 14:44:58 standalone container-server[129621]: 172.20.0.100 - - [09/Oct/2025:14:44:58 +0000] "PUT /d1/981/AUTH_999a51e1ca114e11bcba401d9c4138e2/gnocchi.c439feab-e247-4f9c-91e7-4f38ebb15ef4/none_v3" 201 - "PUT http://172.18.0.2:8080/d1/541/AUTH_999a51e1ca114e11bcba401d9c4138e2/gnocchi.c439feab-e247-4f9c-91e7-4f38ebb15ef4/none_v3" "tx3afcc6dc7cb049fdb0964-0068e7ca6a" "object-server 24" 0.0012 "-" 17 0
Oct 9 14:44:58 standalone object-server[129857]: 172.20.0.100 - - [09/Oct/2025:14:44:58 +0000] "PUT /d1/541/AUTH_999a51e1ca114e11bcba401d9c4138e2/gnocchi.c439feab-e247-4f9c-91e7-4f38ebb15ef4/none_v3" 201 - "PUT http://172.18.0.2:8080/v1/AUTH_999a51e1ca114e11bcba401d9c4138e2/gnocchi.c439feab-e247-4f9c-91e7-4f38ebb15ef4/none_v3" "tx3afcc6dc7cb049fdb0964-0068e7ca6a" "proxy-server 20" 0.0139 "-" 24 0
Oct 9 14:44:58 standalone proxy-server[131557]: 172.18.0.2 172.18.0.100 09/Oct/2025/14/44/58 PUT /v1/AUTH_999a51e1ca114e11bcba401d9c4138e2/gnocchi.c439feab-e247-4f9c-91e7-4f38ebb15ef4/none_v3 HTTP/1.0 201 - python-swiftclient-3.11.1 gAAAAABo58nI_iYl... 22 - - tx3afcc6dc7cb049fdb0964-0068e7ca6a - 0.0228 - - 1760021098.786840439 1760021098.809642553 0
Oct 9 14:44:58 standalone container-server[129606]: 172.20.0.100 - - [09/Oct/2025:14:44:58 +0000] "HEAD /d1/412/AUTH_999a51e1ca114e11bcba401d9c4138e2/gnocchi.28289759-3863-41ba-a113-a55e7c55077d" 404 - "HEAD http://172.18.0.2:8080/v1/AUTH_999a51e1ca114e11bcba401d9c4138e2/gnocchi.28289759-3863-41ba-a113-a55e7c55077d?format=json&states=listing" "tx5537975e5a884ba8a67d0-0068e7ca6a" "proxy-server 20" 0.0005 "-" 16 0
Oct 9 14:44:58 standalone object-server[129857]: 172.20.0.100 - - [09/Oct/2025:14:44:58 +0000] "GET /d1/1011/AUTH_999a51e1ca114e11bcba401d9c4138e2/gnocchi.28289759-3863-41ba-a113-a55e7c55077d/none_v3" 404 70 "GET http://172.18.0.2:8080/v1/AUTH_999a51e1ca114e11bcba401d9c4138e2/gnocchi.28289759-3863-41ba-a113-a55e7c55077d/none_v3" "tx5537975e5a884ba8a67d0-0068e7ca6a" "proxy-server 20" 0.0005 "-" 24 0
Oct 9 14:44:58 standalone proxy-server[131557]: 172.18.0.2 172.18.0.100 09/Oct/2025/14/44/58 GET /v1/AUTH_999a51e1ca114e11bcba401d9c4138e2/gnocchi.28289759-3863-41ba-a113-a55e7c55077d/none_v3 HTTP/1.0 404 - python-swiftclient-3.11.1 gAAAAABo58nI_iYl... - 70 - tx5537975e5a884ba8a67d0-0068e7ca6a - 0.0134 - - 1760021098.834201813 1760021098.847556353 0
Oct 9 14:44:58 standalone account-server[129463]: 172.20.0.100 - - [09/Oct/2025:14:44:58 +0000] "PUT /d1/460/AUTH_999a51e1ca114e11bcba401d9c4138e2/gnocchi.28289759-3863-41ba-a113-a55e7c55077d" 201 - "PUT http://172.20.0.100:6001/d1/412/AUTH_999a51e1ca114e11bcba401d9c4138e2/gnocchi.28289759-3863-41ba-a113-a55e7c55077d" "txd527b1b4482d488b8740a-0068e7ca6a" "container-server 16" 0.0063 "-" 22 0
Oct 9 14:44:58 standalone container-server[129606]: 172.20.0.100 - - [09/Oct/2025:14:44:58 +0000] "PUT /d1/412/AUTH_999a51e1ca114e11bcba401d9c4138e2/gnocchi.28289759-3863-41ba-a113-a55e7c55077d" 201 - "PUT http://172.18.0.2:8080/v1/AUTH_999a51e1ca114e11bcba401d9c4138e2/gnocchi.28289759-3863-41ba-a113-a55e7c55077d" "txd527b1b4482d488b8740a-0068e7ca6a" "proxy-server 20" 0.0209 "-" 16 0
Oct 9 14:44:58 standalone proxy-server[131557]: 172.18.0.2 172.18.0.100 09/Oct/2025/14/44/58 PUT /v1/AUTH_999a51e1ca114e11bcba401d9c4138e2/gnocchi.28289759-3863-41ba-a113-a55e7c55077d HTTP/1.0 201 - python-swiftclient-3.11.1 gAAAAABo58nI_iYl... - - - txd527b1b4482d488b8740a-0068e7ca6a - 0.0272 - - 1760021098.850748301 1760021098.877935410 0
Oct 9 14:44:58 standalone container-server[129606]: 172.20.0.100 - - [09/Oct/2025:14:44:58 +0000] "HEAD /d1/412/AUTH_999a51e1ca114e11bcba401d9c4138e2/gnocchi.28289759-3863-41ba-a113-a55e7c55077d" 204 - "HEAD http://172.18.0.2:8080/v1/AUTH_999a51e1ca114e11bcba401d9c4138e2/gnocchi.28289759-3863-41ba-a113-a55e7c55077d?format=json&states=listing" "txb49253d8b0c4422380dab-0068e7ca6a" "proxy-server 20" 0.0021 "-" 16 0
Oct 9 14:44:58 standalone proxy-server[131557]: - - 09/Oct/2025/14/44/58 HEAD /v1/AUTH_999a51e1ca114e11bcba401d9c4138e2/gnocchi.28289759-3863-41ba-a113-a55e7c55077d%3Fformat%3Djson%26states%3Dlisting HTTP/1.0 204 - Swift - - - - txb49253d8b0c4422380dab-0068e7ca6a - 0.0111 RL - 1760021098.883429289 1760021098.894556522 0
Oct 9 14:44:58 standalone container-server[129574]: 172.20.0.100 - - [09/Oct/2025:14:44:58 +0000] "GET /d1/412/AUTH_999a51e1ca114e11bcba401d9c4138e2/gnocchi.28289759-3863-41ba-a113-a55e7c55077d" 200 2 "GET http://172.18.0.2:8080/v1/AUTH_999a51e1ca114e11bcba401d9c4138e2/gnocchi.28289759-3863-41ba-a113-a55e7c55077d?format=json&states=listing" "txb49253d8b0c4422380dab-0068e7ca6a" "proxy-server 20" 0.0023 "-" 15 0
Oct 9 14:44:58 standalone proxy-server[131557]: 172.18.0.2 172.18.0.100 09/Oct/2025/14/44/58 GET /v1/AUTH_999a51e1ca114e11bcba401d9c4138e2/gnocchi.28289759-3863-41ba-a113-a55e7c55077d%3Fformat%3Djson%26states%3Dlisting HTTP/1.0 200 - python-swiftclient-3.11.1 gAAAAABo58nI_iYl... - 2 - txb49253d8b0c4422380dab-0068e7ca6a - 0.0231 - - 1760021098.881940126 1760021098.905050993 0
Oct 9 14:44:58 standalone object-server[129855]: 172.20.0.100 - - [09/Oct/2025:14:44:58 +0000] "GET /d1/407/AUTH_999a51e1ca114e11bcba401d9c4138e2/gnocchi.28289759-3863-41ba-a113-a55e7c55077d/1759320000.0_mean_300.0_v3" 404 70 "GET http://172.18.0.2:8080/v1/AUTH_999a51e1ca114e11bcba401d9c4138e2/gnocchi.28289759-3863-41ba-a113-a55e7c55077d/1759320000.0_mean_300.0_v3" "tx70b7b922527f4c17b7808-0068e7ca6a" "proxy-server 20" 0.0006 "-" 22 0
Oct 9 14:44:58 standalone proxy-server[131557]: 172.18.0.2 172.18.0.100 09/Oct/2025/14/44/58 GET /v1/AUTH_999a51e1ca114e11bcba401d9c4138e2/gnocchi.28289759-3863-41ba-a113-a55e7c55077d/1759320000.0_mean_300.0_v3 HTTP/1.0 404 - python-swiftclient-3.11.1 gAAAAABo58nI_iYl... - 70 - tx70b7b922527f4c17b7808-0068e7ca6a - 0.0084 - - 1760021098.909334183 1760021098.917775631 0
Oct 9 14:44:58 standalone container-server[129621]: 172.20.0.100 - - [09/Oct/2025:14:44:58 +0000] "PUT /d1/412/AUTH_999a51e1ca114e11bcba401d9c4138e2/gnocchi.28289759-3863-41ba-a113-a55e7c55077d/1759320000.0_mean_300.0_v3" 201 - "PUT http://172.18.0.2:8080/d1/407/AUTH_999a51e1ca114e11bcba401d9c4138e2/gnocchi.28289759-3863-41ba-a113-a55e7c55077d/1759320000.0_mean_300.0_v3" "tx93501000f3754d1fa173b-0068e7ca6a" "object-server 24" 0.0006 "-" 17 0
Oct 9 14:44:58 standalone object-server[129857]: 172.20.0.100 - - [09/Oct/2025:14:44:58 +0000] "PUT /d1/407/AUTH_999a51e1ca114e11bcba401d9c4138e2/gnocchi.28289759-3863-41ba-a113-a55e7c55077d/1759320000.0_mean_300.0_v3" 201 - "PUT http://172.18.0.2:8080/v1/AUTH_999a51e1ca114e11bcba401d9c4138e2/gnocchi.28289759-3863-41ba-a113-a55e7c55077d/1759320000.0_mean_300.0_v3" "tx93501000f3754d1fa173b-0068e7ca6a" "proxy-server 20" 0.0104 "-" 24 0
Oct 9 14:44:58 standalone proxy-server[131557]: 172.18.0.2 172.18.0.100 09/Oct/2025/14/44/58 PUT /v1/AUTH_999a51e1ca114e11bcba401d9c4138e2/gnocchi.28289759-3863-41ba-a113-a55e7c55077d/1759320000.0_mean_300.0_v3 HTTP/1.0 201 - python-swiftclient-3.11.1 gAAAAABo58nI_iYl... 16 - - tx93501000f3754d1fa173b-0068e7ca6a - 0.0186 - - 1760021098.922175407 1760021098.940814495 0
Oct 9 14:44:58 standalone container-server[129574]: 172.20.0.100 - - [09/Oct/2025:14:44:58 +0000] "PUT /d1/412/AUTH_999a51e1ca114e11bcba401d9c4138e2/gnocchi.28289759-3863-41ba-a113-a55e7c55077d/none_v3" 201 - "PUT http://172.18.0.2:8080/d1/1011/AUTH_999a51e1ca114e11bcba401d9c4138e2/gnocchi.28289759-3863-41ba-a113-a55e7c55077d/none_v3" "txe4d70b6a41a84d68baae5-0068e7ca6a" "object-server 22" 0.0005 "-" 15 0
Oct 9 14:44:58 standalone object-server[129855]: 172.20.0.100 - - [09/Oct/2025:14:44:58 +0000] "PUT /d1/1011/AUTH_999a51e1ca114e11bcba401d9c4138e2/gnocchi.28289759-3863-41ba-a113-a55e7c55077d/none_v3" 201 - "PUT http://172.18.0.2:8080/v1/AUTH_999a51e1ca114e11bcba401d9c4138e2/gnocchi.28289759-3863-41ba-a113-a55e7c55077d/none_v3" "txe4d70b6a41a84d68baae5-0068e7ca6a" "proxy-server 20" 0.0110 "-" 22 0
Oct 9 14:44:58 standalone proxy-server[131557]: 172.18.0.2 172.18.0.100 09/Oct/2025/14/44/58 PUT /v1/AUTH_999a51e1ca114e11bcba401d9c4138e2/gnocchi.28289759-3863-41ba-a113-a55e7c55077d/none_v3 HTTP/1.0 201 - python-swiftclient-3.11.1 gAAAAABo58nI_iYl... 22 - - txe4d70b6a41a84d68baae5-0068e7ca6a - 0.0194 - - 1760021098.944908142 1760021098.964286566 0
Oct 9 14:44:59 standalone container-server[129561]: 172.20.0.100 - - [09/Oct/2025:14:44:59 +0000] "HEAD /d1/986/AUTH_999a51e1ca114e11bcba401d9c4138e2/gnocchi.1ffb9ccb-42b5-4988-9c77-8bee7cb1177f" 404 - "HEAD http://172.18.0.2:8080/v1/AUTH_999a51e1ca114e11bcba401d9c4138e2/gnocchi.1ffb9ccb-42b5-4988-9c77-8bee7cb1177f?format=json&states=listing" "tx08c45fc64c1f4cd1b67d9-0068e7ca6a" "proxy-server 20" 0.0009 "-" 14 0
Oct 9 14:44:59 standalone object-server[129856]: 172.20.0.100 - - [09/Oct/2025:14:44:59 +0000] "GET /d1/281/AUTH_999a51e1ca114e11bcba401d9c4138e2/gnocchi.1ffb9ccb-42b5-4988-9c77-8bee7cb1177f/none_v3" 404 70 "GET http://172.18.0.2:8080/v1/AUTH_999a51e1ca114e11bcba401d9c4138e2/gnocchi.1ffb9ccb-42b5-4988-9c77-8bee7cb1177f/none_v3" "tx08c45fc64c1f4cd1b67d9-0068e7ca6a" "proxy-server 20" 0.0004 "-" 23 0
Oct 9 14:44:59 standalone proxy-server[131557]: 172.18.0.2 172.18.0.100 09/Oct/2025/14/44/59 GET /v1/AUTH_999a51e1ca114e11bcba401d9c4138e2/gnocchi.1ffb9ccb-42b5-4988-9c77-8bee7cb1177f/none_v3 HTTP/1.0 404 - python-swiftclient-3.11.1 gAAAAABo58nI_iYl... - 70 - tx08c45fc64c1f4cd1b67d9-0068e7ca6a - 0.0174 - - 1760021098.993603230 1760021099.011007071 0
Oct 9 14:44:59 standalone account-server[129447]: 172.20.0.100 - - [09/Oct/2025:14:44:59 +0000] "PUT /d1/460/AUTH_999a51e1ca114e11bcba401d9c4138e2/gnocchi.1ffb9ccb-42b5-4988-9c77-8bee7cb1177f" 201 - "PUT http://172.20.0.100:6001/d1/986/AUTH_999a51e1ca114e11bcba401d9c4138e2/gnocchi.1ffb9ccb-42b5-4988-9c77-8bee7cb1177f" "tx1ee27de29bbd4bd4b9130-0068e7ca6b" "container-server 14" 0.0072 "-" 21 0
Oct 9 14:44:59 standalone container-server[129561]: 172.20.0.100 - - [09/Oct/2025:14:44:59 +0000] "PUT /d1/986/AUTH_999a51e1ca114e11bcba401d9c4138e2/gnocchi.1ffb9ccb-42b5-4988-9c77-8bee7cb1177f" 201 - "PUT http://172.18.0.2:8080/v1/AUTH_999a51e1ca114e11bcba401d9c4138e2/gnocchi.1ffb9ccb-42b5-4988-9c77-8bee7cb1177f" "tx1ee27de29bbd4bd4b9130-0068e7ca6b" "proxy-server 20" 0.0263 "-" 14 0
Oct 9 14:44:59 standalone proxy-server[131557]: 172.18.0.2 172.18.0.100 09/Oct/2025/14/44/59 PUT /v1/AUTH_999a51e1ca114e11bcba401d9c4138e2/gnocchi.1ffb9ccb-42b5-4988-9c77-8bee7cb1177f HTTP/1.0 201 - python-swiftclient-3.11.1 gAAAAABo58nI_iYl... - - - tx1ee27de29bbd4bd4b9130-0068e7ca6b - 0.0369 - - 1760021099.017185688 1760021099.054131746 0
Oct 9 14:44:59 standalone container-server[129561]: 172.20.0.100 - - [09/Oct/2025:14:44:59 +0000] "HEAD /d1/986/AUTH_999a51e1ca114e11bcba401d9c4138e2/gnocchi.1ffb9ccb-42b5-4988-9c77-8bee7cb1177f" 204 - "HEAD http://172.18.0.2:8080/v1/AUTH_999a51e1ca114e11bcba401d9c4138e2/gnocchi.1ffb9ccb-42b5-4988-9c77-8bee7cb1177f?format=json&states=listing" "tx47224e29b50e4949b3ac5-0068e7ca6b" "proxy-server 20" 0.0013 "-" 14 0
Oct 9 14:44:59 standalone proxy-server[131557]: - - 09/Oct/2025/14/44/59 HEAD /v1/AUTH_999a51e1ca114e11bcba401d9c4138e2/gnocchi.1ffb9ccb-42b5-4988-9c77-8bee7cb1177f%3Fformat%3Djson%26states%3Dlisting HTTP/1.0 204 - Swift - - - - tx47224e29b50e4949b3ac5-0068e7ca6b - 0.0050 RL - 1760021099.063605547 1760021099.068562746 0
Oct 9 14:44:59 standalone container-server[129561]: 172.20.0.100 - - [09/Oct/2025:14:44:59 +0000] "GET /d1/986/AUTH_999a51e1ca114e11bcba401d9c4138e2/gnocchi.1ffb9ccb-42b5-4988-9c77-8bee7cb1177f" 200 2 "GET http://172.18.0.2:8080/v1/AUTH_999a51e1ca114e11bcba401d9c4138e2/gnocchi.1ffb9ccb-42b5-4988-9c77-8bee7cb1177f?format=json&states=listing" "tx47224e29b50e4949b3ac5-0068e7ca6b" "proxy-server 20" 0.0017 "-" 14 0
Oct 9 14:44:59 standalone proxy-server[131557]: 172.18.0.2 172.18.0.100 09/Oct/2025/14/44/59 GET /v1/AUTH_999a51e1ca114e11bcba401d9c4138e2/gnocchi.1ffb9ccb-42b5-4988-9c77-8bee7cb1177f%3Fformat%3Djson%26states%3Dlisting HTTP/1.0 200 - python-swiftclient-3.11.1 gAAAAABo58nI_iYl... - 2 - tx47224e29b50e4949b3ac5-0068e7ca6b - 0.0182 - - 1760021099.057925463 1760021099.076122522 0
Oct 9 14:44:59 standalone object-server[129859]: 172.20.0.100 - - [09/Oct/2025:14:44:59 +0000] "GET /d1/1023/AUTH_999a51e1ca114e11bcba401d9c4138e2/gnocchi.1ffb9ccb-42b5-4988-9c77-8bee7cb1177f/1759320000.0_mean_300.0_v3" 404 70 "GET http://172.18.0.2:8080/v1/AUTH_999a51e1ca114e11bcba401d9c4138e2/gnocchi.1ffb9ccb-42b5-4988-9c77-8bee7cb1177f/1759320000.0_mean_300.0_v3" "txb1f431dd3ab8415ba20d3-0068e7ca6b" "proxy-server 20" 0.0005 "-" 25 0
Oct 9 14:44:59 standalone proxy-server[131557]: 172.18.0.2 172.18.0.100 09/Oct/2025/14/44/59 GET /v1/AUTH_999a51e1ca114e11bcba401d9c4138e2/gnocchi.1ffb9ccb-42b5-4988-9c77-8bee7cb1177f/1759320000.0_mean_300.0_v3 HTTP/1.0 404 - python-swiftclient-3.11.1 gAAAAABo58nI_iYl... - 70 - txb1f431dd3ab8415ba20d3-0068e7ca6b - 0.0059 - - 1760021099.079326630 1760021099.085237741 0
Oct 9 14:44:59 standalone container-server[129606]: 172.20.0.100 - - [09/Oct/2025:14:44:59 +0000] "PUT /d1/986/AUTH_999a51e1ca114e11bcba401d9c4138e2/gnocchi.1ffb9ccb-42b5-4988-9c77-8bee7cb1177f/1759320000.0_mean_300.0_v3" 201 - "PUT http://172.18.0.2:8080/d1/1023/AUTH_999a51e1ca114e11bcba401d9c4138e2/gnocchi.1ffb9ccb-42b5-4988-9c77-8bee7cb1177f/1759320000.0_mean_300.0_v3" "tx4d3ee2b0f9b448dcb830f-0068e7ca6b" "object-server 23" 0.0007 "-" 16 0
Oct 9 14:44:59 standalone object-server[129856]: 172.20.0.100 - - [09/Oct/2025:14:44:59 +0000] "PUT /d1/1023/AUTH_999a51e1ca114e11bcba401d9c4138e2/gnocchi.1ffb9ccb-42b5-4988-9c77-8bee7cb1177f/1759320000.0_mean_300.0_v3" 201 - "PUT http://172.18.0.2:8080/v1/AUTH_999a51e1ca114e11bcba401d9c4138e2/gnocchi.1ffb9ccb-42b5-4988-9c77-8bee7cb1177f/1759320000.0_mean_300.0_v3" "tx4d3ee2b0f9b448dcb830f-0068e7ca6b" "proxy-server 20" 0.0109 "-" 23 0
Oct 9 14:44:59 standalone proxy-server[131557]: 172.18.0.2 172.18.0.100 09/Oct/2025/14/44/59 PUT /v1/AUTH_999a51e1ca114e11bcba401d9c4138e2/gnocchi.1ffb9ccb-42b5-4988-9c77-8bee7cb1177f/1759320000.0_mean_300.0_v3 HTTP/1.0 201 - python-swiftclient-3.11.1 gAAAAABo58nI_iYl... 16 - - tx4d3ee2b0f9b448dcb830f-0068e7ca6b - 0.0234 - - 1760021099.087782145 1760021099.111225128 0
Oct 9 14:44:59 standalone container-server[129574]: 172.20.0.100 - - [09/Oct/2025:14:44:59 +0000] "PUT /d1/986/AUTH_999a51e1ca114e11bcba401d9c4138e2/gnocchi.1ffb9ccb-42b5-4988-9c77-8bee7cb1177f/none_v3" 201 - "PUT http://172.18.0.2:8080/d1/281/AUTH_999a51e1ca114e11bcba401d9c4138e2/gnocchi.1ffb9ccb-42b5-4988-9c77-8bee7cb1177f/none_v3" "tx1760093622624f04a4788-0068e7ca6b" "object-server 25" 0.0007 "-" 15 0
Oct 9 14:44:59 standalone object-server[129859]: 172.20.0.100 - - [09/Oct/2025:14:44:59 +0000] "PUT /d1/281/AUTH_999a51e1ca114e11bcba401d9c4138e2/gnocchi.1ffb9ccb-42b5-4988-9c77-8bee7cb1177f/none_v3" 201 - "PUT http://172.18.0.2:8080/v1/AUTH_999a51e1ca114e11bcba401d9c4138e2/gnocchi.1ffb9ccb-42b5-4988-9c77-8bee7cb1177f/none_v3" "tx1760093622624f04a4788-0068e7ca6b" "proxy-server 20" 0.0135 "-" 25 0
Oct 9 14:44:59 standalone proxy-server[131557]: 172.18.0.2 172.18.0.100 09/Oct/2025/14/44/59 PUT /v1/AUTH_999a51e1ca114e11bcba401d9c4138e2/gnocchi.1ffb9ccb-42b5-4988-9c77-8bee7cb1177f/none_v3 HTTP/1.0 201 - python-swiftclient-3.11.1 gAAAAABo58nI_iYl... 22 - - tx1760093622624f04a4788-0068e7ca6b - 0.0212 - - 1760021099.117084265 1760021099.138314724 0
Oct 9 14:44:59 standalone container-server[129574]: 172.20.0.100 - - [09/Oct/2025:14:44:59 +0000] "HEAD /d1/379/AUTH_999a51e1ca114e11bcba401d9c4138e2/gnocchi.2cb104ef-31be-4a1f-b1fb-91ed153ebf48" 404 - "HEAD http://172.18.0.2:8080/v1/AUTH_999a51e1ca114e11bcba401d9c4138e2/gnocchi.2cb104ef-31be-4a1f-b1fb-91ed153ebf48?format=json&states=listing" "tx0423e669f4b54308a0fdc-0068e7ca6b" "proxy-server 20" 0.0006 "-" 15 0
Oct 9 14:44:59 standalone object-server[129856]: 172.20.0.100 - - [09/Oct/2025:14:44:59 +0000] "GET /d1/932/AUTH_999a51e1ca114e11bcba401d9c4138e2/gnocchi.2cb104ef-31be-4a1f-b1fb-91ed153ebf48/none_v3" 404 70 "GET http://172.18.0.2:8080/v1/AUTH_999a51e1ca114e11bcba401d9c4138e2/gnocchi.2cb104ef-31be-4a1f-b1fb-91ed153ebf48/none_v3" "tx0423e669f4b54308a0fdc-0068e7ca6b" "proxy-server 20" 0.0006 "-" 23 0
Oct 9 14:44:59 standalone proxy-server[131557]: 172.18.0.2 172.18.0.100 09/Oct/2025/14/44/59 GET /v1/AUTH_999a51e1ca114e11bcba401d9c4138e2/gnocchi.2cb104ef-31be-4a1f-b1fb-91ed153ebf48/none_v3 HTTP/1.0 404 - python-swiftclient-3.11.1 gAAAAABo58nI_iYl... - 70 - tx0423e669f4b54308a0fdc-0068e7ca6b - 0.0165 - - 1760021099.154958487 1760021099.171451092 0
Oct 9 14:44:59 standalone account-server[129463]: 172.20.0.100 - - [09/Oct/2025:14:44:59 +0000] "PUT /d1/460/AUTH_999a51e1ca114e11bcba401d9c4138e2/gnocchi.2cb104ef-31be-4a1f-b1fb-91ed153ebf48" 201 - "PUT http://172.20.0.100:6001/d1/379/AUTH_999a51e1ca114e11bcba401d9c4138e2/gnocchi.2cb104ef-31be-4a1f-b1fb-91ed153ebf48" "tx3143509c080b4b359cea9-0068e7ca6b" "container-server 15" 0.0064 "-" 22 0
Oct 9 14:44:59 standalone container-server[129574]: 172.20.0.100 - - [09/Oct/2025:14:44:59 +0000] "PUT /d1/379/AUTH_999a51e1ca114e11bcba401d9c4138e2/gnocchi.2cb104ef-31be-4a1f-b1fb-91ed153ebf48" 201 - "PUT http://172.18.0.2:8080/v1/AUTH_999a51e1ca114e11bcba401d9c4138e2/gnocchi.2cb104ef-31be-4a1f-b1fb-91ed153ebf48" "tx3143509c080b4b359cea9-0068e7ca6b" "proxy-server 20" 0.0232 "-" 15 0
Oct 9 14:44:59 standalone proxy-server[131557]: 172.18.0.2 172.18.0.100 09/Oct/2025/14/44/59 PUT /v1/AUTH_999a51e1ca114e11bcba401d9c4138e2/gnocchi.2cb104ef-31be-4a1f-b1fb-91ed153ebf48 HTTP/1.0 201 - python-swiftclient-3.11.1 gAAAAABo58nI_iYl... - - - tx3143509c080b4b359cea9-0068e7ca6b - 0.0327 - - 1760021099.174985170 1760021099.207717896 0
Oct 9 14:44:59 standalone container-server[129606]: 172.20.0.100 - - [09/Oct/2025:14:44:59 +0000] "HEAD /d1/945/AUTH_999a51e1ca114e11bcba401d9c4138e2/gnocchi.9aff923c-cfcb-4008-af45-3bae3e9d10c8" 404 - "HEAD http://172.18.0.2:8080/v1/AUTH_999a51e1ca114e11bcba401d9c4138e2/gnocchi.9aff923c-cfcb-4008-af45-3bae3e9d10c8?format=json&states=listing" "tx6027183ac4f74827978bf-0068e7ca6b" "proxy-server 20" 0.0004 "-" 16 0
Oct 9 14:44:59 standalone object-server[129859]: 172.20.0.100 - - [09/Oct/2025:14:44:59 +0000] "GET /d1/119/AUTH_999a51e1ca114e11bcba401d9c4138e2/gnocchi.9aff923c-cfcb-4008-af45-3bae3e9d10c8/none_v3" 404 70 "GET http://172.18.0.2:8080/v1/AUTH_999a51e1ca114e11bcba401d9c4138e2/gnocchi.9aff923c-cfcb-4008-af45-3bae3e9d10c8/none_v3" "tx6027183ac4f74827978bf-0068e7ca6b" "proxy-server 20" 0.0010 "-" 25 0
Oct 9 14:44:59 standalone proxy-server[131557]: 172.18.0.2 172.18.0.100 09/Oct/2025/14/44/59 GET /v1/AUTH_999a51e1ca114e11bcba401d9c4138e2/gnocchi.9aff923c-cfcb-4008-af45-3bae3e9d10c8/none_v3 HTTP/1.0 404 - python-swiftclient-3.11.1 gAAAAABo58nI_iYl... - 70 - tx6027183ac4f74827978bf-0068e7ca6b - 0.0100 - - 1760021099.210764885 1760021099.220778227 0
Oct 9 14:44:59 standalone account-server[129447]: 172.20.0.100 - - [09/Oct/2025:14:44:59 +0000] "PUT /d1/460/AUTH_999a51e1ca114e11bcba401d9c4138e2/gnocchi.9aff923c-cfcb-4008-af45-3bae3e9d10c8" 201 - "PUT http://172.20.0.100:6001/d1/945/AUTH_999a51e1ca114e11bcba401d9c4138e2/gnocchi.9aff923c-cfcb-4008-af45-3bae3e9d10c8" "tx5ef2804e83304cc2916a6-0068e7ca6b" "container-server 16" 0.0062 "-" 21 0
Oct 9 14:44:59 standalone container-server[129606]: 172.20.0.100 - - [09/Oct/2025:14:44:59 +0000] "PUT /d1/945/AUTH_999a51e1ca114e11bcba401d9c4138e2/gnocchi.9aff923c-cfcb-4008-af45-3bae3e9d10c8" 201 - "PUT http://172.18.0.2:8080/v1/AUTH_999a51e1ca114e11bcba401d9c4138e2/gnocchi.9aff923c-cfcb-4008-af45-3bae3e9d10c8" "tx5ef2804e83304cc2916a6-0068e7ca6b" "proxy-server 20" 0.0137 "-" 16 0
Oct 9 14:44:59 standalone proxy-server[131557]: 172.18.0.2 172.18.0.100 09/Oct/2025/14/44/59 PUT /v1/AUTH_999a51e1ca114e11bcba401d9c4138e2/gnocchi.9aff923c-cfcb-4008-af45-3bae3e9d10c8 HTTP/1.0 201 - python-swiftclient-3.11.1 gAAAAABo58nI_iYl... - - - tx5ef2804e83304cc2916a6-0068e7ca6b - 0.0193 - - 1760021099.223550320 1760021099.242877960 0
Oct 9 14:44:59 standalone container-server[129621]: 172.20.0.100 - - [09/Oct/2025:14:44:59 +0000] "HEAD /d1/379/AUTH_999a51e1ca114e11bcba401d9c4138e2/gnocchi.2cb104ef-31be-4a1f-b1fb-91ed153ebf48" 204 - "HEAD http://172.18.0.2:8080/v1/AUTH_999a51e1ca114e11bcba401d9c4138e2/gnocchi.2cb104ef-31be-4a1f-b1fb-91ed153ebf48?format=json&states=listing" "tx42c131be60ed4b8dae474-0068e7ca6b" "proxy-server 20" 0.0016 "-" 17 0
Oct 9 14:44:59 standalone proxy-server[131557]: - - 09/Oct/2025/14/44/59 HEAD /v1/AUTH_999a51e1ca114e11bcba401d9c4138e2/gnocchi.2cb104ef-31be-4a1f-b1fb-91ed153ebf48%3Fformat%3Djson%26states%3Dlisting HTTP/1.0 204 - Swift - - - - tx42c131be60ed4b8dae474-0068e7ca6b - 0.0046 RL - 1760021099.248155832 1760021099.252802134 0
Oct 9 14:44:59 standalone container-server[129621]: 172.20.0.100 - - [09/Oct/2025:14:44:59 +0000] "GET /d1/379/AUTH_999a51e1ca114e11bcba401d9c4138e2/gnocchi.2cb104ef-31be-4a1f-b1fb-91ed153ebf48" 200 2 "GET http://172.18.0.2:8080/v1/AUTH_999a51e1ca114e11bcba401d9c4138e2/gnocchi.2cb104ef-31be-4a1f-b1fb-91ed153ebf48?format=json&states=listing" "tx42c131be60ed4b8dae474-0068e7ca6b" "proxy-server 20" 0.0028 "-" 17 0
Oct 9 14:44:59 standalone proxy-server[131557]: 172.18.0.2 172.18.0.100 09/Oct/2025/14/44/59 GET /v1/AUTH_999a51e1ca114e11bcba401d9c4138e2/gnocchi.2cb104ef-31be-4a1f-b1fb-91ed153ebf48%3Fformat%3Djson%26states%3Dlisting HTTP/1.0 200 - python-swiftclient-3.11.1 gAAAAABo58nI_iYl... - 2 - tx42c131be60ed4b8dae474-0068e7ca6b - 0.0162 - - 1760021099.246825218 1760021099.263052702 0
Oct 9 14:44:59 standalone container-server[129574]: 172.20.0.100 - - [09/Oct/2025:14:44:59 +0000] "HEAD /d1/945/AUTH_999a51e1ca114e11bcba401d9c4138e2/gnocchi.9aff923c-cfcb-4008-af45-3bae3e9d10c8" 204 - "HEAD http://172.18.0.2:8080/v1/AUTH_999a51e1ca114e11bcba401d9c4138e2/gnocchi.9aff923c-cfcb-4008-af45-3bae3e9d10c8?format=json&states=listing" "tx76e1ffafa6714feb8745b-0068e7ca6b" "proxy-server 20" 0.0018 "-" 15 0
Oct 9 14:44:59 standalone proxy-server[131557]: - - 09/Oct/2025/14/44/59 HEAD /v1/AUTH_999a51e1ca114e11bcba401d9c4138e2/gnocchi.9aff923c-cfcb-4008-af45-3bae3e9d10c8%3Fformat%3Djson%26states%3Dlisting HTTP/1.0 204 - Swift - - - - tx76e1ffafa6714feb8745b-0068e7ca6b - 0.0049 RL - 1760021099.269437075 1760021099.274332523 0
Oct 9 14:44:59 standalone container-server[129621]: 172.20.0.100 - - [09/Oct/2025:14:44:59 +0000] "GET /d1/945/AUTH_999a51e1ca114e11bcba401d9c4138e2/gnocchi.9aff923c-cfcb-4008-af45-3bae3e9d10c8" 200 2 "GET http://172.18.0.2:8080/v1/AUTH_999a51e1ca114e11bcba401d9c4138e2/gnocchi.9aff923c-cfcb-4008-af45-3bae3e9d10c8?format=json&states=listing" "tx76e1ffafa6714feb8745b-0068e7ca6b" "proxy-server 20" 0.0025 "-" 17 0
Oct 9 14:44:59 standalone proxy-server[131557]: 172.18.0.2 172.18.0.100 09/Oct/2025/14/44/59 GET /v1/AUTH_999a51e1ca114e11bcba401d9c4138e2/gnocchi.9aff923c-cfcb-4008-af45-3bae3e9d10c8%3Fformat%3Djson%26states%3Dlisting HTTP/1.0 200 - python-swiftclient-3.11.1 gAAAAABo58nI_iYl... - 2 - tx76e1ffafa6714feb8745b-0068e7ca6b - 0.0148 - - 1760021099.268626690 1760021099.283418179 0
Oct 9 14:44:59 standalone object-server[129859]: 172.20.0.100 - - [09/Oct/2025:14:44:59 +0000] "GET /d1/612/AUTH_999a51e1ca114e11bcba401d9c4138e2/gnocchi.2cb104ef-31be-4a1f-b1fb-91ed153ebf48/1759320000.0_mean_300.0_v3" 404 70 "GET http://172.18.0.2:8080/v1/AUTH_999a51e1ca114e11bcba401d9c4138e2/gnocchi.2cb104ef-31be-4a1f-b1fb-91ed153ebf48/1759320000.0_mean_300.0_v3" "tx58c4bd7a69df4823a8e59-0068e7ca6b" "proxy-server 20" 0.0004 "-" 25 0
Oct 9 14:44:59 standalone proxy-server[131557]: 172.18.0.2 172.18.0.100 09/Oct/2025/14/44/59 GET /v1/AUTH_999a51e1ca114e11bcba401d9c4138e2/gnocchi.2cb104ef-31be-4a1f-b1fb-91ed153ebf48/1759320000.0_mean_300.0_v3 HTTP/1.0 404 - python-swiftclient-3.11.1 gAAAAABo58nI_iYl... - 70 - tx58c4bd7a69df4823a8e59-0068e7ca6b - 0.0049 - - 1760021099.285667181 1760021099.290536880 0
Oct 9 14:44:59 standalone object-server[129857]: 172.20.0.100 - - [09/Oct/2025:14:44:59 +0000] "GET /d1/482/AUTH_999a51e1ca114e11bcba401d9c4138e2/gnocchi.9aff923c-cfcb-4008-af45-3bae3e9d10c8/1759320000.0_mean_300.0_v3" 404 70 "GET http://172.18.0.2:8080/v1/AUTH_999a51e1ca114e11bcba401d9c4138e2/gnocchi.9aff923c-cfcb-4008-af45-3bae3e9d10c8/1759320000.0_mean_300.0_v3" "tx3d400749ba78447aa4c1d-0068e7ca6b" "proxy-server 20" 0.0003 "-" 24 0
Oct 9 14:44:59 standalone proxy-server[131557]: 172.18.0.2 172.18.0.100 09/Oct/2025/14/44/59 GET /v1/AUTH_999a51e1ca114e11bcba401d9c4138e2/gnocchi.9aff923c-cfcb-4008-af45-3bae3e9d10c8/1759320000.0_mean_300.0_v3 HTTP/1.0 404 - python-swiftclient-3.11.1 gAAAAABo58nI_iYl... - 70 - tx3d400749ba78447aa4c1d-0068e7ca6b - 0.0045 - - 1760021099.292211294 1760021099.296715498 0
Oct 9 14:44:59 standalone container-server[129606]: 172.20.0.100 - - [09/Oct/2025:14:44:59 +0000] "PUT /d1/379/AUTH_999a51e1ca114e11bcba401d9c4138e2/gnocchi.2cb104ef-31be-4a1f-b1fb-91ed153ebf48/1759320000.0_mean_300.0_v3" 201 - "PUT http://172.18.0.2:8080/d1/612/AUTH_999a51e1ca114e11bcba401d9c4138e2/gnocchi.2cb104ef-31be-4a1f-b1fb-91ed153ebf48/1759320000.0_mean_300.0_v3" "tx20c581f0b22c4245a5103-0068e7ca6b" "object-server 23" 0.0007 "-" 16 0
Oct 9 14:44:59 standalone object-server[129856]: 172.20.0.100 - - [09/Oct/2025:14:44:59 +0000] "PUT /d1/612/AUTH_999a51e1ca114e11bcba401d9c4138e2/gnocchi.2cb104ef-31be-4a1f-b1fb-91ed153ebf48/1759320000.0_mean_300.0_v3" 201 - "PUT http://172.18.0.2:8080/v1/AUTH_999a51e1ca114e11bcba401d9c4138e2/gnocchi.2cb104ef-31be-4a1f-b1fb-91ed153ebf48/1759320000.0_mean_300.0_v3" "tx20c581f0b22c4245a5103-0068e7ca6b" "proxy-server 20" 0.0097 "-" 23 0
Oct 9 14:44:59 standalone proxy-server[131557]: 172.18.0.2 172.18.0.100 09/Oct/2025/14/44/59 PUT /v1/AUTH_999a51e1ca114e11bcba401d9c4138e2/gnocchi.2cb104ef-31be-4a1f-b1fb-91ed153ebf48/1759320000.0_mean_300.0_v3 HTTP/1.0 201 - python-swiftclient-3.11.1 gAAAAABo58nI_iYl... 16 - - tx20c581f0b22c4245a5103-0068e7ca6b - 0.0156 - - 1760021099.301981926 1760021099.317609072 0
Oct 9 14:44:59 standalone container-server[129574]: 172.20.0.100 - - [09/Oct/2025:14:44:59 +0000] "PUT /d1/945/AUTH_999a51e1ca114e11bcba401d9c4138e2/gnocchi.9aff923c-cfcb-4008-af45-3bae3e9d10c8/1759320000.0_mean_300.0_v3" 201 - "PUT http://172.18.0.2:8080/d1/482/AUTH_999a51e1ca114e11bcba401d9c4138e2/gnocchi.9aff923c-cfcb-4008-af45-3bae3e9d10c8/1759320000.0_mean_300.0_v3" "txfa7251b83f554271961a1-0068e7ca6b" "object-server 25" 0.0008 "-" 15 0
Oct 9 14:44:59 standalone object-server[129859]: 172.20.0.100 - - [09/Oct/2025:14:44:59 +0000] "PUT /d1/482/AUTH_999a51e1ca114e11bcba401d9c4138e2/gnocchi.9aff923c-cfcb-4008-af45-3bae3e9d10c8/1759320000.0_mean_300.0_v3" 201 - "PUT http://172.18.0.2:8080/v1/AUTH_999a51e1ca114e11bcba401d9c4138e2/gnocchi.9aff923c-cfcb-4008-af45-3bae3e9d10c8/1759320000.0_mean_300.0_v3" "txfa7251b83f554271961a1-0068e7ca6b" "proxy-server 20" 0.0102 "-" 25 0
Oct 9 14:44:59 standalone proxy-server[131557]: 172.18.0.2 172.18.0.100 09/Oct/2025/14/44/59 PUT /v1/AUTH_999a51e1ca114e11bcba401d9c4138e2/gnocchi.9aff923c-cfcb-4008-af45-3bae3e9d10c8/1759320000.0_mean_300.0_v3 HTTP/1.0 201 - python-swiftclient-3.11.1 gAAAAABo58nI_iYl... 16 - - txfa7251b83f554271961a1-0068e7ca6b - 0.0154 - - 1760021099.320775747 1760021099.336200237 0
Oct 9 14:44:59 standalone container-server[129574]: 172.20.0.100 - - [09/Oct/2025:14:44:59 +0000] "PUT /d1/379/AUTH_999a51e1ca114e11bcba401d9c4138e2/gnocchi.2cb104ef-31be-4a1f-b1fb-91ed153ebf48/none_v3" 201 - "PUT http://172.18.0.2:8080/d1/932/AUTH_999a51e1ca114e11bcba401d9c4138e2/gnocchi.2cb104ef-31be-4a1f-b1fb-91ed153ebf48/none_v3" "tx2776fe7eec8b4fd695d56-0068e7ca6b" "object-server 24" 0.0011 "-" 15 0
Oct 9 14:44:59 standalone object-server[129857]: 172.20.0.100 - - [09/Oct/2025:14:44:59 +0000] "PUT /d1/932/AUTH_999a51e1ca114e11bcba401d9c4138e2/gnocchi.2cb104ef-31be-4a1f-b1fb-91ed153ebf48/none_v3" 201 - "PUT http://172.18.0.2:8080/v1/AUTH_999a51e1ca114e11bcba401d9c4138e2/gnocchi.2cb104ef-31be-4a1f-b1fb-91ed153ebf48/none_v3" "tx2776fe7eec8b4fd695d56-0068e7ca6b" "proxy-server 20" 0.0100 "-" 24 0
Oct 9 14:44:59 standalone proxy-server[131557]: 172.18.0.2 172.18.0.100 09/Oct/2025/14/44/59 PUT /v1/AUTH_999a51e1ca114e11bcba401d9c4138e2/gnocchi.2cb104ef-31be-4a1f-b1fb-91ed153ebf48/none_v3 HTTP/1.0 201 - python-swiftclient-3.11.1 gAAAAABo58nI_iYl... 22 - - tx2776fe7eec8b4fd695d56-0068e7ca6b - 0.0142 - - 1760021099.338105917 1760021099.352260590 0
Oct 9 14:44:59 standalone container-server[129621]: 172.20.0.100 - - [09/Oct/2025:14:44:59 +0000] "PUT /d1/945/AUTH_999a51e1ca114e11bcba401d9c4138e2/gnocchi.9aff923c-cfcb-4008-af45-3bae3e9d10c8/none_v3" 201 - "PUT http://172.18.0.2:8080/d1/119/AUTH_999a51e1ca114e11bcba401d9c4138e2/gnocchi.9aff923c-cfcb-4008-af45-3bae3e9d10c8/none_v3" "txf912924cda6040af99320-0068e7ca6b" "object-server 24" 0.0009 "-" 17 0
Oct 9 14:44:59 standalone object-server[129857]: 172.20.0.100 - - [09/Oct/2025:14:44:59 +0000] "PUT /d1/119/AUTH_999a51e1ca114e11bcba401d9c4138e2/gnocchi.9aff923c-cfcb-4008-af45-3bae3e9d10c8/none_v3" 201 - "PUT http://172.18.0.2:8080/v1/AUTH_999a51e1ca114e11bcba401d9c4138e2/gnocchi.9aff923c-cfcb-4008-af45-3bae3e9d10c8/none_v3" "txf912924cda6040af99320-0068e7ca6b" "proxy-server 20" 0.0099 "-" 24 0
Oct 9 14:44:59 standalone proxy-server[131557]: 172.18.0.2 172.18.0.100 09/Oct/2025/14/44/59 PUT /v1/AUTH_999a51e1ca114e11bcba401d9c4138e2/gnocchi.9aff923c-cfcb-4008-af45-3bae3e9d10c8/none_v3 HTTP/1.0 201 - python-swiftclient-3.11.1 gAAAAABo58nI_iYl... 22 - - txf912924cda6040af99320-0068e7ca6b - 0.0135 - - 1760021099.354050875 1760021099.367583275 0
Oct 9 14:44:59 standalone container-server[129561]: 172.20.0.100 - - [09/Oct/2025:14:44:59 +0000] "HEAD /d1/531/AUTH_999a51e1ca114e11bcba401d9c4138e2/gnocchi.be963a62-bda0-4efe-95ae-f2304c2bffb2" 404 - "HEAD http://172.18.0.2:8080/v1/AUTH_999a51e1ca114e11bcba401d9c4138e2/gnocchi.be963a62-bda0-4efe-95ae-f2304c2bffb2?format=json&states=listing" "tx9023d2ee1bf74562af0c7-0068e7ca6b" "proxy-server 20" 0.0004 "-" 14 0
Oct 9 14:44:59 standalone object-server[129857]: 172.20.0.100 - - [09/Oct/2025:14:44:59 +0000] "GET /d1/972/AUTH_999a51e1ca114e11bcba401d9c4138e2/gnocchi.be963a62-bda0-4efe-95ae-f2304c2bffb2/none_v3" 404 70 "GET http://172.18.0.2:8080/v1/AUTH_999a51e1ca114e11bcba401d9c4138e2/gnocchi.be963a62-bda0-4efe-95ae-f2304c2bffb2/none_v3" "tx9023d2ee1bf74562af0c7-0068e7ca6b" "proxy-server 20" 0.0002 "-" 24 0
Oct 9 14:44:59 standalone proxy-server[131557]: 172.18.0.2 172.18.0.100 09/Oct/2025/14/44/59 GET /v1/AUTH_999a51e1ca114e11bcba401d9c4138e2/gnocchi.be963a62-bda0-4efe-95ae-f2304c2bffb2/none_v3 HTTP/1.0 404 - python-swiftclient-3.11.1 gAAAAABo58nI_iYl... - 70 - tx9023d2ee1bf74562af0c7-0068e7ca6b - 0.0062 - - 1760021099.374599695 1760021099.380847692 0
Oct 9 14:44:59 standalone account-server[129463]: 172.20.0.100 - - [09/Oct/2025:14:44:59 +0000] "PUT /d1/460/AUTH_999a51e1ca114e11bcba401d9c4138e2/gnocchi.be963a62-bda0-4efe-95ae-f2304c2bffb2" 201 - "PUT http://172.20.0.100:6001/d1/531/AUTH_999a51e1ca114e11bcba401d9c4138e2/gnocchi.be963a62-bda0-4efe-95ae-f2304c2bffb2" "tx78111cd74ba6483bb642d-0068e7ca6b" "container-server 14" 0.0042 "-" 22 0
Oct 9 14:44:59 standalone container-server[129561]: 172.20.0.100 - - [09/Oct/2025:14:44:59 +0000] "PUT /d1/531/AUTH_999a51e1ca114e11bcba401d9c4138e2/gnocchi.be963a62-bda0-4efe-95ae-f2304c2bffb2" 201 - "PUT http://172.18.0.2:8080/v1/AUTH_999a51e1ca114e11bcba401d9c4138e2/gnocchi.be963a62-bda0-4efe-95ae-f2304c2bffb2" "tx78111cd74ba6483bb642d-0068e7ca6b" "proxy-server 20" 0.0169 "-" 14 0
Oct 9 14:44:59 standalone proxy-server[131557]: 172.18.0.2 172.18.0.100 09/Oct/2025/14/44/59 PUT /v1/AUTH_999a51e1ca114e11bcba401d9c4138e2/gnocchi.be963a62-bda0-4efe-95ae-f2304c2bffb2 HTTP/1.0 201 - python-swiftclient-3.11.1 gAAAAABo58nI_iYl... - - - tx78111cd74ba6483bb642d-0068e7ca6b - 0.0206 - - 1760021099.382511139 1760021099.403070688 0
Oct 9 14:44:59 standalone container-server[129561]: 172.20.0.100 - - [09/Oct/2025:14:44:59 +0000] "HEAD /d1/531/AUTH_999a51e1ca114e11bcba401d9c4138e2/gnocchi.be963a62-bda0-4efe-95ae-f2304c2bffb2" 204 - "HEAD http://172.18.0.2:8080/v1/AUTH_999a51e1ca114e11bcba401d9c4138e2/gnocchi.be963a62-bda0-4efe-95ae-f2304c2bffb2?format=json&states=listing" "tx7e82f1c9ace8425381eaa-0068e7ca6b" "proxy-server 20" 0.0008 "-" 14 0
Oct 9 14:44:59 standalone proxy-server[131557]: - - 09/Oct/2025/14/44/59 HEAD /v1/AUTH_999a51e1ca114e11bcba401d9c4138e2/gnocchi.be963a62-bda0-4efe-95ae-f2304c2bffb2%3Fformat%3Djson%26states%3Dlisting HTTP/1.0 204 - Swift - - - - tx7e82f1c9ace8425381eaa-0068e7ca6b - 0.0033 RL - 1760021099.406300068 1760021099.409580946 0
Oct 9 14:44:59 standalone container-server[129574]: 172.20.0.100 - - [09/Oct/2025:14:44:59 +0000] "GET /d1/531/AUTH_999a51e1ca114e11bcba401d9c4138e2/gnocchi.be963a62-bda0-4efe-95ae-f2304c2bffb2" 200 2 "GET http://172.18.0.2:8080/v1/AUTH_999a51e1ca114e11bcba401d9c4138e2/gnocchi.be963a62-bda0-4efe-95ae-f2304c2bffb2?format=json&states=listing" "tx7e82f1c9ace8425381eaa-0068e7ca6b" "proxy-server 20" 0.0035 "-" 15 0
Oct 9 14:44:59 standalone proxy-server[131557]: 172.18.0.2 172.18.0.100 09/Oct/2025/14/44/59 GET /v1/AUTH_999a51e1ca114e11bcba401d9c4138e2/gnocchi.be963a62-bda0-4efe-95ae-f2304c2bffb2%3Fformat%3Djson%26states%3Dlisting HTTP/1.0 200 - python-swiftclient-3.11.1 gAAAAABo58nI_iYl... - 2 - tx7e82f1c9ace8425381eaa-0068e7ca6b - 0.0137 - - 1760021099.405511856 1760021099.419165134 0
Oct 9 14:44:59 standalone object-server[129856]: 172.20.0.100 - - [09/Oct/2025:14:44:59 +0000] "GET /d1/623/AUTH_999a51e1ca114e11bcba401d9c4138e2/gnocchi.be963a62-bda0-4efe-95ae-f2304c2bffb2/1759320000.0_mean_300.0_v3" 404 70 "GET http://172.18.0.2:8080/v1/AUTH_999a51e1ca114e11bcba401d9c4138e2/gnocchi.be963a62-bda0-4efe-95ae-f2304c2bffb2/1759320000.0_mean_300.0_v3" "txbc06b4dfea954a48b7a6e-0068e7ca6b" "proxy-server 20" 0.0005 "-" 23 0
Oct 9 14:44:59 standalone proxy-server[131557]: 172.18.0.2 172.18.0.100 09/Oct/2025/14/44/59 GET /v1/AUTH_999a51e1ca114e11bcba401d9c4138e2/gnocchi.be963a62-bda0-4efe-95ae-f2304c2bffb2/1759320000.0_mean_300.0_v3 HTTP/1.0 404 - python-swiftclient-3.11.1 gAAAAABo58nI_iYl... - 70 - txbc06b4dfea954a48b7a6e-0068e7ca6b - 0.0066 - - 1760021099.421449184 1760021099.428017616 0
Oct 9 14:44:59 standalone container-server[129606]: 172.20.0.100 - - [09/Oct/2025:14:44:59 +0000] "PUT /d1/531/AUTH_999a51e1ca114e11bcba401d9c4138e2/gnocchi.be963a62-bda0-4efe-95ae-f2304c2bffb2/1759320000.0_mean_300.0_v3" 201 - "PUT http://172.18.0.2:8080/d1/623/AUTH_999a51e1ca114e11bcba401d9c4138e2/gnocchi.be963a62-bda0-4efe-95ae-f2304c2bffb2/1759320000.0_mean_300.0_v3" "tx6c032da324d34aeea470d-0068e7ca6b" "object-server 23" 0.0009 "-" 16 0
Oct 9 14:44:59 standalone object-server[129856]: 172.20.0.100 - - [09/Oct/2025:14:44:59 +0000] "PUT /d1/623/AUTH_999a51e1ca114e11bcba401d9c4138e2/gnocchi.be963a62-bda0-4efe-95ae-f2304c2bffb2/1759320000.0_mean_300.0_v3" 201 - "PUT http://172.18.0.2:8080/v1/AUTH_999a51e1ca114e11bcba401d9c4138e2/gnocchi.be963a62-bda0-4efe-95ae-f2304c2bffb2/1759320000.0_mean_300.0_v3" "tx6c032da324d34aeea470d-0068e7ca6b" "proxy-server 20" 0.0102 "-" 23 0
Oct 9 14:44:59 standalone proxy-server[131557]: 172.18.0.2 172.18.0.100 09/Oct/2025/14/44/59 PUT /v1/AUTH_999a51e1ca114e11bcba401d9c4138e2/gnocchi.be963a62-bda0-4efe-95ae-f2304c2bffb2/1759320000.0_mean_300.0_v3 HTTP/1.0 201 - python-swiftclient-3.11.1 gAAAAABo58nI_iYl... 16 - - tx6c032da324d34aeea470d-0068e7ca6b - 0.0156 - - 1760021099.430041552 1760021099.445657015 0
Oct 9 14:44:59 standalone container-server[129621]: 172.20.0.100 - - [09/Oct/2025:14:44:59 +0000] "PUT /d1/531/AUTH_999a51e1ca114e11bcba401d9c4138e2/gnocchi.be963a62-bda0-4efe-95ae-f2304c2bffb2/none_v3" 201 - "PUT http://172.18.0.2:8080/d1/972/AUTH_999a51e1ca114e11bcba401d9c4138e2/gnocchi.be963a62-bda0-4efe-95ae-f2304c2bffb2/none_v3" "tx83acfb62b03c4a0b8191b-0068e7ca6b" "object-server 25" 0.0005 "-" 17 0
Oct 9 14:44:59 standalone object-server[129859]: 172.20.0.100 - - [09/Oct/2025:14:44:59 +0000] "PUT /d1/972/AUTH_999a51e1ca114e11bcba401d9c4138e2/gnocchi.be963a62-bda0-4efe-95ae-f2304c2bffb2/none_v3" 201 - "PUT http://172.18.0.2:8080/v1/AUTH_999a51e1ca114e11bcba401d9c4138e2/gnocchi.be963a62-bda0-4efe-95ae-f2304c2bffb2/none_v3" "tx83acfb62b03c4a0b8191b-0068e7ca6b" "proxy-server 20" 0.0101 "-" 25 0
Oct 9 14:44:59 standalone proxy-server[131557]: 172.18.0.2 172.18.0.100 09/Oct/2025/14/44/59 PUT /v1/AUTH_999a51e1ca114e11bcba401d9c4138e2/gnocchi.be963a62-bda0-4efe-95ae-f2304c2bffb2/none_v3 HTTP/1.0 201 - python-swiftclient-3.11.1 gAAAAABo58nI_iYl... 22 - - tx83acfb62b03c4a0b8191b-0068e7ca6b - 0.0157 - - 1760021099.449924946 1760021099.465590715 0
Oct 9 14:44:59 standalone container-server[129621]: 172.20.0.100 - - [09/Oct/2025:14:44:59 +0000] "HEAD /d1/553/AUTH_999a51e1ca114e11bcba401d9c4138e2/gnocchi.57edd324-f1ac-45b4-949b-dc99e61c3451" 404 - "HEAD http://172.18.0.2:8080/v1/AUTH_999a51e1ca114e11bcba401d9c4138e2/gnocchi.57edd324-f1ac-45b4-949b-dc99e61c3451?format=json&states=listing" "txe1164013fd174c21833bd-0068e7ca6b" "proxy-server 20" 0.0004 "-" 17 0
Oct 9 14:44:59 standalone object-server[129857]: 172.20.0.100 - - [09/Oct/2025:14:44:59 +0000] "GET /d1/52/AUTH_999a51e1ca114e11bcba401d9c4138e2/gnocchi.57edd324-f1ac-45b4-949b-dc99e61c3451/none_v3" 404 70 "GET http://172.18.0.2:8080/v1/AUTH_999a51e1ca114e11bcba401d9c4138e2/gnocchi.57edd324-f1ac-45b4-949b-dc99e61c3451/none_v3" "txe1164013fd174c21833bd-0068e7ca6b" "proxy-server 20" 0.0004 "-" 24 0
Oct 9 14:44:59 standalone proxy-server[131557]: 172.18.0.2 172.18.0.100 09/Oct/2025/14/44/59 GET /v1/AUTH_999a51e1ca114e11bcba401d9c4138e2/gnocchi.57edd324-f1ac-45b4-949b-dc99e61c3451/none_v3 HTTP/1.0 404 - python-swiftclient-3.11.1 gAAAAABo58nI_iYl... - 70 - txe1164013fd174c21833bd-0068e7ca6b - 0.0088 - - 1760021099.479497910 1760021099.488279581 0
Oct 9 14:44:59 standalone account-server[129434]: 172.20.0.100 - - [09/Oct/2025:14:44:59 +0000] "PUT /d1/460/AUTH_999a51e1ca114e11bcba401d9c4138e2/gnocchi.57edd324-f1ac-45b4-949b-dc99e61c3451" 201 - "PUT http://172.20.0.100:6001/d1/553/AUTH_999a51e1ca114e11bcba401d9c4138e2/gnocchi.57edd324-f1ac-45b4-949b-dc99e61c3451" "tx0ea591521752412a80749-0068e7ca6b" "container-server 14" 0.0059 "-" 18 0
Oct 9 14:44:59 standalone container-server[129561]: 172.20.0.100 - - [09/Oct/2025:14:44:59 +0000] "PUT /d1/553/AUTH_999a51e1ca114e11bcba401d9c4138e2/gnocchi.57edd324-f1ac-45b4-949b-dc99e61c3451" 201 - "PUT http://172.18.0.2:8080/v1/AUTH_999a51e1ca114e11bcba401d9c4138e2/gnocchi.57edd324-f1ac-45b4-949b-dc99e61c3451" "tx0ea591521752412a80749-0068e7ca6b" "proxy-server 20" 0.0185 "-" 14 0
Oct 9 14:44:59 standalone proxy-server[131557]: 172.18.0.2 172.18.0.100 09/Oct/2025/14/44/59 PUT /v1/AUTH_999a51e1ca114e11bcba401d9c4138e2/gnocchi.57edd324-f1ac-45b4-949b-dc99e61c3451 HTTP/1.0 201 - python-swiftclient-3.11.1 gAAAAABo58nI_iYl... - - - tx0ea591521752412a80749-0068e7ca6b - 0.0237 - - 1760021099.492074728 1760021099.515770912 0
Oct 9 14:44:59 standalone container-server[129574]: 172.20.0.100 - - [09/Oct/2025:14:44:59 +0000] "HEAD /d1/553/AUTH_999a51e1ca114e11bcba401d9c4138e2/gnocchi.57edd324-f1ac-45b4-949b-dc99e61c3451" 204 - "HEAD http://172.18.0.2:8080/v1/AUTH_999a51e1ca114e11bcba401d9c4138e2/gnocchi.57edd324-f1ac-45b4-949b-dc99e61c3451?format=json&states=listing" "tx578f890abc6540779c736-0068e7ca6b" "proxy-server 20" 0.0014 "-" 15 0
Oct 9 14:44:59 standalone proxy-server[131557]: - - 09/Oct/2025/14/44/59 HEAD /v1/AUTH_999a51e1ca114e11bcba401d9c4138e2/gnocchi.57edd324-f1ac-45b4-949b-dc99e61c3451%3Fformat%3Djson%26states%3Dlisting HTTP/1.0 204 - Swift - - - - tx578f890abc6540779c736-0068e7ca6b - 0.0045 RL - 1760021099.521630526 1760021099.526094675 0
Oct 9 14:44:59 standalone container-server[129606]: 172.20.0.100 - - [09/Oct/2025:14:44:59 +0000] "GET /d1/553/AUTH_999a51e1ca114e11bcba401d9c4138e2/gnocchi.57edd324-f1ac-45b4-949b-dc99e61c3451" 200 2 "GET http://172.18.0.2:8080/v1/AUTH_999a51e1ca114e11bcba401d9c4138e2/gnocchi.57edd324-f1ac-45b4-949b-dc99e61c3451?format=json&states=listing" "tx578f890abc6540779c736-0068e7ca6b" "proxy-server 20" 0.0038 "-" 16 0
Oct 9 14:44:59 standalone proxy-server[131557]: 172.18.0.2 172.18.0.100 09/Oct/2025/14/44/59 GET /v1/AUTH_999a51e1ca114e11bcba401d9c4138e2/gnocchi.57edd324-f1ac-45b4-949b-dc99e61c3451%3Fformat%3Djson%26states%3Dlisting HTTP/1.0 200 - python-swiftclient-3.11.1 gAAAAABo58nI_iYl... - 2 - tx578f890abc6540779c736-0068e7ca6b - 0.0156 - - 1760021099.520668507 1760021099.536298990 0
Oct 9 14:44:59 standalone object-server[129856]: 172.20.0.100 - - [09/Oct/2025:14:44:59 +0000] "GET /d1/862/AUTH_999a51e1ca114e11bcba401d9c4138e2/gnocchi.57edd324-f1ac-45b4-949b-dc99e61c3451/1759320000.0_mean_300.0_v3" 404 70 "GET http://172.18.0.2:8080/v1/AUTH_999a51e1ca114e11bcba401d9c4138e2/gnocchi.57edd324-f1ac-45b4-949b-dc99e61c3451/1759320000.0_mean_300.0_v3" "txa7b1b855425e4d30a1de7-0068e7ca6b" "proxy-server 20" 0.0005 "-" 23 0
Oct 9 14:44:59 standalone proxy-server[131557]: 172.18.0.2 172.18.0.100 09/Oct/2025/14/44/59 GET /v1/AUTH_999a51e1ca114e11bcba401d9c4138e2/gnocchi.57edd324-f1ac-45b4-949b-dc99e61c3451/1759320000.0_mean_300.0_v3 HTTP/1.0 404 - python-swiftclient-3.11.1 gAAAAABo58nI_iYl... - 70 - txa7b1b855425e4d30a1de7-0068e7ca6b - 0.0220 - - 1760021099.541912079 1760021099.563876867 0
Oct 9 14:44:59 standalone container-server[129621]: 172.20.0.100 - - [09/Oct/2025:14:44:59 +0000] "PUT /d1/553/AUTH_999a51e1ca114e11bcba401d9c4138e2/gnocchi.57edd324-f1ac-45b4-949b-dc99e61c3451/1759320000.0_mean_300.0_v3" 201 - "PUT http://172.18.0.2:8080/d1/862/AUTH_999a51e1ca114e11bcba401d9c4138e2/gnocchi.57edd324-f1ac-45b4-949b-dc99e61c3451/1759320000.0_mean_300.0_v3" "txa0bf53ad8c774c53bd711-0068e7ca6b" "object-server 25" 0.0006 "-" 17 0
Oct 9 14:44:59 standalone object-server[129859]: 172.20.0.100 - - [09/Oct/2025:14:44:59 +0000] "PUT /d1/862/AUTH_999a51e1ca114e11bcba401d9c4138e2/gnocchi.57edd324-f1ac-45b4-949b-dc99e61c3451/1759320000.0_mean_300.0_v3" 201 - "PUT http://172.18.0.2:8080/v1/AUTH_999a51e1ca114e11bcba401d9c4138e2/gnocchi.57edd324-f1ac-45b4-949b-dc99e61c3451/1759320000.0_mean_300.0_v3" "txa0bf53ad8c774c53bd711-0068e7ca6b" "proxy-server 20" 0.0105 "-" 25 0
Oct 9 14:44:59 standalone proxy-server[131557]: 172.18.0.2 172.18.0.100 09/Oct/2025/14/44/59 PUT /v1/AUTH_999a51e1ca114e11bcba401d9c4138e2/gnocchi.57edd324-f1ac-45b4-949b-dc99e61c3451/1759320000.0_mean_300.0_v3 HTTP/1.0 201 - python-swiftclient-3.11.1 gAAAAABo58nI_iYl... 16 - - txa0bf53ad8c774c53bd711-0068e7ca6b - 0.0169 - - 1760021099.568595171 1760021099.585498095 0
Oct 9 14:44:59 standalone container-server[129561]: 172.20.0.100 - - [09/Oct/2025:14:44:59 +0000] "PUT /d1/553/AUTH_999a51e1ca114e11bcba401d9c4138e2/gnocchi.57edd324-f1ac-45b4-949b-dc99e61c3451/none_v3" 201 - "PUT http://172.18.0.2:8080/d1/52/AUTH_999a51e1ca114e11bcba401d9c4138e2/gnocchi.57edd324-f1ac-45b4-949b-dc99e61c3451/none_v3" "tx0f749d77314f4a4fa9009-0068e7ca6b" "object-server 25" 0.0016 "-" 14 0
Oct 9 14:44:59 standalone object-server[129859]: 172.20.0.100 - - [09/Oct/2025:14:44:59 +0000] "PUT /d1/52/AUTH_999a51e1ca114e11bcba401d9c4138e2/gnocchi.57edd324-f1ac-45b4-949b-dc99e61c3451/none_v3" 201 - "PUT http://172.18.0.2:8080/v1/AUTH_999a51e1ca114e11bcba401d9c4138e2/gnocchi.57edd324-f1ac-45b4-949b-dc99e61c3451/none_v3" "tx0f749d77314f4a4fa9009-0068e7ca6b" "proxy-server 20" 0.0188 "-" 25 0
Oct 9 14:44:59 standalone proxy-server[131557]: 172.18.0.2 172.18.0.100 09/Oct/2025/14/44/59 PUT /v1/AUTH_999a51e1ca114e11bcba401d9c4138e2/gnocchi.57edd324-f1ac-45b4-949b-dc99e61c3451/none_v3 HTTP/1.0 201 - python-swiftclient-3.11.1 gAAAAABo58nI_iYl... 22 - - tx0f749d77314f4a4fa9009-0068e7ca6b - 0.0260 - - 1760021099.588859558 1760021099.614861488 0
Oct 9 14:44:59 standalone container-server[129621]: 172.20.0.100 - - [09/Oct/2025:14:44:59 +0000] "HEAD /d1/161/AUTH_999a51e1ca114e11bcba401d9c4138e2/gnocchi.d5abda73-a190-4ede-bca1-04eecf2ee9a3" 404 - "HEAD http://172.18.0.2:8080/v1/AUTH_999a51e1ca114e11bcba401d9c4138e2/gnocchi.d5abda73-a190-4ede-bca1-04eecf2ee9a3?format=json&states=listing" "txf1bb2bba37eb4a3ea61cc-0068e7ca6b" "proxy-server 20" 0.0006 "-" 17 0
Oct 9 14:44:59 standalone object-server[129857]: 172.20.0.100 - - [09/Oct/2025:14:44:59 +0000] "GET /d1/756/AUTH_999a51e1ca114e11bcba401d9c4138e2/gnocchi.d5abda73-a190-4ede-bca1-04eecf2ee9a3/none_v3" 404 70 "GET http://172.18.0.2:8080/v1/AUTH_999a51e1ca114e11bcba401d9c4138e2/gnocchi.d5abda73-a190-4ede-bca1-04eecf2ee9a3/none_v3" "txf1bb2bba37eb4a3ea61cc-0068e7ca6b" "proxy-server 20" 0.0010 "-" 24 0
Oct 9 14:44:59 standalone proxy-server[131557]: 172.18.0.2 172.18.0.100 09/Oct/2025/14/44/59 GET /v1/AUTH_999a51e1ca114e11bcba401d9c4138e2/gnocchi.d5abda73-a190-4ede-bca1-04eecf2ee9a3/none_v3 HTTP/1.0 404 - python-swiftclient-3.11.1 gAAAAABo58nI_iYl... - 70 - txf1bb2bba37eb4a3ea61cc-0068e7ca6b - 0.0134 - - 1760021099.625507116 1760021099.638900757 0
Oct 9 14:44:59 standalone account-server[129447]: 172.20.0.100 - - [09/Oct/2025:14:44:59 +0000] "PUT /d1/460/AUTH_999a51e1ca114e11bcba401d9c4138e2/gnocchi.d5abda73-a190-4ede-bca1-04eecf2ee9a3" 201 - "PUT http://172.20.0.100:6001/d1/161/AUTH_999a51e1ca114e11bcba401d9c4138e2/gnocchi.d5abda73-a190-4ede-bca1-04eecf2ee9a3" "tx975c5f9fa49046d99029f-0068e7ca6b" "container-server 16" 0.0069 "-" 21 0
Oct 9 14:44:59 standalone container-server[129606]: 172.20.0.100 - - [09/Oct/2025:14:44:59 +0000] "PUT /d1/161/AUTH_999a51e1ca114e11bcba401d9c4138e2/gnocchi.d5abda73-a190-4ede-bca1-04eecf2ee9a3" 201 - "PUT http://172.18.0.2:8080/v1/AUTH_999a51e1ca114e11bcba401d9c4138e2/gnocchi.d5abda73-a190-4ede-bca1-04eecf2ee9a3" "tx975c5f9fa49046d99029f-0068e7ca6b" "proxy-server 20" 0.0171 "-" 16 0
Oct 9 14:44:59 standalone proxy-server[131557]: 172.18.0.2 172.18.0.100 09/Oct/2025/14/44/59 PUT /v1/AUTH_999a51e1ca114e11bcba401d9c4138e2/gnocchi.d5abda73-a190-4ede-bca1-04eecf2ee9a3 HTTP/1.0 201 - python-swiftclient-3.11.1 gAAAAABo58nI_iYl... - - - tx975c5f9fa49046d99029f-0068e7ca6b - 0.0219 - - 1760021099.641140461 1760021099.663010836 0
Oct 9 14:44:59 standalone container-server[129574]: 172.20.0.100 - - [09/Oct/2025:14:44:59 +0000] "HEAD /d1/161/AUTH_999a51e1ca114e11bcba401d9c4138e2/gnocchi.d5abda73-a190-4ede-bca1-04eecf2ee9a3" 204 - "HEAD http://172.18.0.2:8080/v1/AUTH_999a51e1ca114e11bcba401d9c4138e2/gnocchi.d5abda73-a190-4ede-bca1-04eecf2ee9a3?format=json&states=listing" "tx0176e6c3e6024878bd173-0068e7ca6b" "proxy-server 20" 0.0022 "-" 15 0
Oct 9 14:44:59 standalone proxy-server[131557]: - - 09/Oct/2025/14/44/59 HEAD /v1/AUTH_999a51e1ca114e11bcba401d9c4138e2/gnocchi.d5abda73-a190-4ede-bca1-04eecf2ee9a3%3Fformat%3Djson%26states%3Dlisting HTTP/1.0 204 - Swift - - - - tx0176e6c3e6024878bd173-0068e7ca6b - 0.0060 RL - 1760021099.666958809 1760021099.672954082 0
Oct 9 14:44:59 standalone container-server[129561]: 172.20.0.100 - - [09/Oct/2025:14:44:59 +0000] "GET /d1/161/AUTH_999a51e1ca114e11bcba401d9c4138e2/gnocchi.d5abda73-a190-4ede-bca1-04eecf2ee9a3" 200 2 "GET http://172.18.0.2:8080/v1/AUTH_999a51e1ca114e11bcba401d9c4138e2/gnocchi.d5abda73-a190-4ede-bca1-04eecf2ee9a3?format=json&states=listing" "tx0176e6c3e6024878bd173-0068e7ca6b" "proxy-server 20" 0.0034 "-" 14 0
Oct 9 14:44:59 standalone proxy-server[131557]: 172.18.0.2 172.18.0.100 09/Oct/2025/14/44/59 GET /v1/AUTH_999a51e1ca114e11bcba401d9c4138e2/gnocchi.d5abda73-a190-4ede-bca1-04eecf2ee9a3%3Fformat%3Djson%26states%3Dlisting HTTP/1.0 200 - python-swiftclient-3.11.1 gAAAAABo58nI_iYl... - 2 - tx0176e6c3e6024878bd173-0068e7ca6b - 0.0168 - - 1760021099.665993214 1760021099.682771444 0
Oct 9 14:44:59 standalone object-server[129859]: 172.20.0.100 - - [09/Oct/2025:14:44:59 +0000] "GET /d1/505/AUTH_999a51e1ca114e11bcba401d9c4138e2/gnocchi.d5abda73-a190-4ede-bca1-04eecf2ee9a3/1759320000.0_mean_300.0_v3" 404 70 "GET http://172.18.0.2:8080/v1/AUTH_999a51e1ca114e11bcba401d9c4138e2/gnocchi.d5abda73-a190-4ede-bca1-04eecf2ee9a3/1759320000.0_mean_300.0_v3" "tx0fd9c123b718432b90d96-0068e7ca6b" "proxy-server 20" 0.0007 "-" 25 0
Oct 9 14:44:59 standalone proxy-server[131557]: 172.18.0.2 172.18.0.100 09/Oct/2025/14/44/59 GET /v1/AUTH_999a51e1ca114e11bcba401d9c4138e2/gnocchi.d5abda73-a190-4ede-bca1-04eecf2ee9a3/1759320000.0_mean_300.0_v3 HTTP/1.0 404 - python-swiftclient-3.11.1 gAAAAABo58nI_iYl... - 70 - tx0fd9c123b718432b90d96-0068e7ca6b - 0.0065 - - 1760021099.685061693 1760021099.691556931 0
