Oct 9 14:44:33 standalone object-server[129856]: 172.20.0.100 - - [09/Oct/2025:14:44:33 +0000] "PUT /d1/1012/AUTH_999a51e1ca114e11bcba401d9c4138e2/gnocchi.8721afdd-0cbd-4360-acb9-592ca745e5f2/none_v3" 201 - "PUT http://172.18.0.2:8080/v1/AUTH_999a51e1ca114e11bcba401d9c4138e2/gnocchi.8721afdd-0cbd-4360-acb9-592ca745e5f2/none_v3" "txeb5fde2d77a04a72aa5dc-0068e7ca51" "proxy-server 20" 0.0162 "-" 23 0
Oct 9 14:44:33 standalone proxy-server[131557]: 172.18.0.2 172.18.0.100 09/Oct/2025/14/44/33 PUT /v1/AUTH_999a51e1ca114e11bcba401d9c4138e2/gnocchi.8721afdd-0cbd-4360-acb9-592ca745e5f2/none_v3 HTTP/1.0 201 - python-swiftclient-3.11.1 gAAAAABo58nI_iYl... 22 - - txeb5fde2d77a04a72aa5dc-0068e7ca51 - 0.0214 - - 1760021073.277965307 1760021073.299333096 0
Oct 9 14:44:33 standalone container-server[129561]: 172.20.0.100 - - [09/Oct/2025:14:44:33 +0000] "HEAD /d1/693/AUTH_999a51e1ca114e11bcba401d9c4138e2/gnocchi.7edfbd6e-5944-4613-aae2-c01b1ed8b4f6" 404 - "HEAD http://172.18.0.2:8080/v1/AUTH_999a51e1ca114e11bcba401d9c4138e2/gnocchi.7edfbd6e-5944-4613-aae2-c01b1ed8b4f6?format=json&states=listing" "tx1d9b41489bd0477081698-0068e7ca51" "proxy-server 20" 0.0003 "-" 14 0
Oct 9 14:44:33 standalone object-server[129859]: 172.20.0.100 - - [09/Oct/2025:14:44:33 +0000] "GET /d1/673/AUTH_999a51e1ca114e11bcba401d9c4138e2/gnocchi.7edfbd6e-5944-4613-aae2-c01b1ed8b4f6/none_v3" 404 70 "GET http://172.18.0.2:8080/v1/AUTH_999a51e1ca114e11bcba401d9c4138e2/gnocchi.7edfbd6e-5944-4613-aae2-c01b1ed8b4f6/none_v3" "tx1d9b41489bd0477081698-0068e7ca51" "proxy-server 20" 0.0004 "-" 25 0
Oct 9 14:44:33 standalone proxy-server[131557]: 172.18.0.2 172.18.0.100 09/Oct/2025/14/44/33 GET /v1/AUTH_999a51e1ca114e11bcba401d9c4138e2/gnocchi.7edfbd6e-5944-4613-aae2-c01b1ed8b4f6/none_v3 HTTP/1.0 404 - python-swiftclient-3.11.1 gAAAAABo58nI_iYl... - 70 - tx1d9b41489bd0477081698-0068e7ca51 - 0.0091 - - 1760021073.311390877 1760021073.320531368 0
Oct 9 14:44:33 standalone account-server[129401]: 172.20.0.100 - - [09/Oct/2025:14:44:33 +0000] "PUT /d1/460/AUTH_999a51e1ca114e11bcba401d9c4138e2/gnocchi.7edfbd6e-5944-4613-aae2-c01b1ed8b4f6" 201 - "PUT http://172.20.0.100:6001/d1/693/AUTH_999a51e1ca114e11bcba401d9c4138e2/gnocchi.7edfbd6e-5944-4613-aae2-c01b1ed8b4f6" "txef05a16cb91047bdac2c8-0068e7ca51" "container-server 15" 0.0078 "-" 17 0
Oct 9 14:44:33 standalone container-server[129574]: 172.20.0.100 - - [09/Oct/2025:14:44:33 +0000] "PUT /d1/693/AUTH_999a51e1ca114e11bcba401d9c4138e2/gnocchi.7edfbd6e-5944-4613-aae2-c01b1ed8b4f6" 201 - "PUT http://172.18.0.2:8080/v1/AUTH_999a51e1ca114e11bcba401d9c4138e2/gnocchi.7edfbd6e-5944-4613-aae2-c01b1ed8b4f6" "txef05a16cb91047bdac2c8-0068e7ca51" "proxy-server 20" 0.0253 "-" 15 0
Oct 9 14:44:33 standalone proxy-server[131557]: 172.18.0.2 172.18.0.100 09/Oct/2025/14/44/33 PUT /v1/AUTH_999a51e1ca114e11bcba401d9c4138e2/gnocchi.7edfbd6e-5944-4613-aae2-c01b1ed8b4f6 HTTP/1.0 201 - python-swiftclient-3.11.1 gAAAAABo58nI_iYl... - - - txef05a16cb91047bdac2c8-0068e7ca51 - 0.0307 - - 1760021073.323746443 1760021073.354406118 0
Oct 9 14:44:33 standalone container-server[129561]: 172.20.0.100 - - [09/Oct/2025:14:44:33 +0000] "HEAD /d1/693/AUTH_999a51e1ca114e11bcba401d9c4138e2/gnocchi.7edfbd6e-5944-4613-aae2-c01b1ed8b4f6" 204 - "HEAD http://172.18.0.2:8080/v1/AUTH_999a51e1ca114e11bcba401d9c4138e2/gnocchi.7edfbd6e-5944-4613-aae2-c01b1ed8b4f6?format=json&states=listing" "tx8c22b1cb6d684577985bc-0068e7ca51" "proxy-server 20" 0.0012 "-" 14 0
Oct 9 14:44:33 standalone proxy-server[131557]: - - 09/Oct/2025/14/44/33 HEAD /v1/AUTH_999a51e1ca114e11bcba401d9c4138e2/gnocchi.7edfbd6e-5944-4613-aae2-c01b1ed8b4f6%3Fformat%3Djson%26states%3Dlisting HTTP/1.0 204 - Swift - - - - tx8c22b1cb6d684577985bc-0068e7ca51 - 0.0045 RL - 1760021073.361470699 1760021073.365966558 0
Oct 9 14:44:33 standalone container-server[129621]: 172.20.0.100 - - [09/Oct/2025:14:44:33 +0000] "GET /d1/693/AUTH_999a51e1ca114e11bcba401d9c4138e2/gnocchi.7edfbd6e-5944-4613-aae2-c01b1ed8b4f6" 200 2 "GET http://172.18.0.2:8080/v1/AUTH_999a51e1ca114e11bcba401d9c4138e2/gnocchi.7edfbd6e-5944-4613-aae2-c01b1ed8b4f6?format=json&states=listing" "tx8c22b1cb6d684577985bc-0068e7ca51" "proxy-server 20" 0.0031 "-" 17 0
Oct 9 14:44:33 standalone proxy-server[131557]: 172.18.0.2 172.18.0.100 09/Oct/2025/14/44/33 GET /v1/AUTH_999a51e1ca114e11bcba401d9c4138e2/gnocchi.7edfbd6e-5944-4613-aae2-c01b1ed8b4f6%3Fformat%3Djson%26states%3Dlisting HTTP/1.0 200 - python-swiftclient-3.11.1 gAAAAABo58nI_iYl... - 2 - tx8c22b1cb6d684577985bc-0068e7ca51 - 0.0151 - - 1760021073.360263348 1760021073.375314951 0
Oct 9 14:44:33 standalone object-server[129857]: 172.20.0.100 - - [09/Oct/2025:14:44:33 +0000] "GET /d1/283/AUTH_999a51e1ca114e11bcba401d9c4138e2/gnocchi.7edfbd6e-5944-4613-aae2-c01b1ed8b4f6/1759320000.0_mean_300.0_v3" 404 70 "GET http://172.18.0.2:8080/v1/AUTH_999a51e1ca114e11bcba401d9c4138e2/gnocchi.7edfbd6e-5944-4613-aae2-c01b1ed8b4f6/1759320000.0_mean_300.0_v3" "tx0a1eff435ca2467cb6eef-0068e7ca51" "proxy-server 20" 0.0016 "-" 24 0
Oct 9 14:44:33 standalone proxy-server[131557]: 172.18.0.2 172.18.0.100 09/Oct/2025/14/44/33 GET /v1/AUTH_999a51e1ca114e11bcba401d9c4138e2/gnocchi.7edfbd6e-5944-4613-aae2-c01b1ed8b4f6/1759320000.0_mean_300.0_v3 HTTP/1.0 404 - python-swiftclient-3.11.1 gAAAAABo58nI_iYl... - 70 - tx0a1eff435ca2467cb6eef-0068e7ca51 - 0.0080 - - 1760021073.379700422 1760021073.387685776 0
Oct 9 14:44:33 standalone container-server[129606]: 172.20.0.100 - - [09/Oct/2025:14:44:33 +0000] "PUT /d1/693/AUTH_999a51e1ca114e11bcba401d9c4138e2/gnocchi.7edfbd6e-5944-4613-aae2-c01b1ed8b4f6/1759320000.0_mean_300.0_v3" 201 - "PUT http://172.18.0.2:8080/d1/283/AUTH_999a51e1ca114e11bcba401d9c4138e2/gnocchi.7edfbd6e-5944-4613-aae2-c01b1ed8b4f6/1759320000.0_mean_300.0_v3" "tx6a6adc206f454c3a802eb-0068e7ca51" "object-server 23" 0.0005 "-" 16 0
Oct 9 14:44:33 standalone object-server[129856]: 172.20.0.100 - - [09/Oct/2025:14:44:33 +0000] "PUT /d1/283/AUTH_999a51e1ca114e11bcba401d9c4138e2/gnocchi.7edfbd6e-5944-4613-aae2-c01b1ed8b4f6/1759320000.0_mean_300.0_v3" 201 - "PUT http://172.18.0.2:8080/v1/AUTH_999a51e1ca114e11bcba401d9c4138e2/gnocchi.7edfbd6e-5944-4613-aae2-c01b1ed8b4f6/1759320000.0_mean_300.0_v3" "tx6a6adc206f454c3a802eb-0068e7ca51" "proxy-server 20" 0.0145 "-" 23 0
Oct 9 14:44:33 standalone proxy-server[131557]: 172.18.0.2 172.18.0.100 09/Oct/2025/14/44/33 PUT /v1/AUTH_999a51e1ca114e11bcba401d9c4138e2/gnocchi.7edfbd6e-5944-4613-aae2-c01b1ed8b4f6/1759320000.0_mean_300.0_v3 HTTP/1.0 201 - python-swiftclient-3.11.1 gAAAAABo58nI_iYl... 16 - - tx6a6adc206f454c3a802eb-0068e7ca51 - 0.0207 - - 1760021073.391437054 1760021073.412089586 0
Oct 9 14:44:33 standalone container-server[129621]: 172.20.0.100 - - [09/Oct/2025:14:44:33 +0000] "PUT /d1/693/AUTH_999a51e1ca114e11bcba401d9c4138e2/gnocchi.7edfbd6e-5944-4613-aae2-c01b1ed8b4f6/none_v3" 201 - "PUT http://172.18.0.2:8080/d1/673/AUTH_999a51e1ca114e11bcba401d9c4138e2/gnocchi.7edfbd6e-5944-4613-aae2-c01b1ed8b4f6/none_v3" "tx62a4055da0474206b0cc6-0068e7ca51" "object-server 23" 0.0006 "-" 17 0
Oct 9 14:44:33 standalone object-server[129856]: 172.20.0.100 - - [09/Oct/2025:14:44:33 +0000] "PUT /d1/673/AUTH_999a51e1ca114e11bcba401d9c4138e2/gnocchi.7edfbd6e-5944-4613-aae2-c01b1ed8b4f6/none_v3" 201 - "PUT http://172.18.0.2:8080/v1/AUTH_999a51e1ca114e11bcba401d9c4138e2/gnocchi.7edfbd6e-5944-4613-aae2-c01b1ed8b4f6/none_v3" "tx62a4055da0474206b0cc6-0068e7ca51" "proxy-server 20" 0.0128 "-" 23 0
Oct 9 14:44:33 standalone proxy-server[131557]: 172.18.0.2 172.18.0.100 09/Oct/2025/14/44/33 PUT /v1/AUTH_999a51e1ca114e11bcba401d9c4138e2/gnocchi.7edfbd6e-5944-4613-aae2-c01b1ed8b4f6/none_v3 HTTP/1.0 201 - python-swiftclient-3.11.1 gAAAAABo58nI_iYl... 22 - - tx62a4055da0474206b0cc6-0068e7ca51 - 0.0200 - - 1760021073.418590546 1760021073.438611746 0
Oct 9 14:44:33 standalone container-server[129574]: 172.20.0.100 - - [09/Oct/2025:14:44:33 +0000] "HEAD /d1/192/AUTH_999a51e1ca114e11bcba401d9c4138e2/gnocchi.eb205074-2968-4749-80e9-23ab0994e0ce" 404 - "HEAD http://172.18.0.2:8080/v1/AUTH_999a51e1ca114e11bcba401d9c4138e2/gnocchi.eb205074-2968-4749-80e9-23ab0994e0ce?format=json&states=listing" "txf5a5afb6a1ab48b4b2cc5-0068e7ca51" "proxy-server 20" 0.0006 "-" 15 0
Oct 9 14:44:33 standalone object-server[129855]: 172.20.0.100 - - [09/Oct/2025:14:44:33 +0000] "GET /d1/199/AUTH_999a51e1ca114e11bcba401d9c4138e2/gnocchi.eb205074-2968-4749-80e9-23ab0994e0ce/none_v3" 404 70 "GET http://172.18.0.2:8080/v1/AUTH_999a51e1ca114e11bcba401d9c4138e2/gnocchi.eb205074-2968-4749-80e9-23ab0994e0ce/none_v3" "txf5a5afb6a1ab48b4b2cc5-0068e7ca51" "proxy-server 20" 0.0004 "-" 22 0
Oct 9 14:44:33 standalone proxy-server[131557]: 172.18.0.2 172.18.0.100 09/Oct/2025/14/44/33 GET /v1/AUTH_999a51e1ca114e11bcba401d9c4138e2/gnocchi.eb205074-2968-4749-80e9-23ab0994e0ce/none_v3 HTTP/1.0 404 - python-swiftclient-3.11.1 gAAAAABo58nI_iYl... - 70 - txf5a5afb6a1ab48b4b2cc5-0068e7ca51 - 0.0102 - - 1760021073.454862595 1760021073.465088606 0
Oct 9 14:44:33 standalone account-server[129401]: 172.20.0.100 - - [09/Oct/2025:14:44:33 +0000] "PUT /d1/460/AUTH_999a51e1ca114e11bcba401d9c4138e2/gnocchi.eb205074-2968-4749-80e9-23ab0994e0ce" 201 - "PUT http://172.20.0.100:6001/d1/192/AUTH_999a51e1ca114e11bcba401d9c4138e2/gnocchi.eb205074-2968-4749-80e9-23ab0994e0ce" "tx955ced33ed0c46e6b1e6d-0068e7ca51" "container-server 16" 0.0068 "-" 17 0
Oct 9 14:44:33 standalone container-server[129606]: 172.20.0.100 - - [09/Oct/2025:14:44:33 +0000] "PUT /d1/192/AUTH_999a51e1ca114e11bcba401d9c4138e2/gnocchi.eb205074-2968-4749-80e9-23ab0994e0ce" 201 - "PUT http://172.18.0.2:8080/v1/AUTH_999a51e1ca114e11bcba401d9c4138e2/gnocchi.eb205074-2968-4749-80e9-23ab0994e0ce" "tx955ced33ed0c46e6b1e6d-0068e7ca51" "proxy-server 20" 0.0183 "-" 16 0
Oct 9 14:44:33 standalone proxy-server[131557]: 172.18.0.2 172.18.0.100 09/Oct/2025/14/44/33 PUT /v1/AUTH_999a51e1ca114e11bcba401d9c4138e2/gnocchi.eb205074-2968-4749-80e9-23ab0994e0ce HTTP/1.0 201 - python-swiftclient-3.11.1 gAAAAABo58nI_iYl... - - - tx955ced33ed0c46e6b1e6d-0068e7ca51 - 0.0241 - - 1760021073.468430042 1760021073.492505789 0
Oct 9 14:44:33 standalone container-server[129621]: 172.20.0.100 - - [09/Oct/2025:14:44:33 +0000] "HEAD /d1/192/AUTH_999a51e1ca114e11bcba401d9c4138e2/gnocchi.eb205074-2968-4749-80e9-23ab0994e0ce" 204 - "HEAD http://172.18.0.2:8080/v1/AUTH_999a51e1ca114e11bcba401d9c4138e2/gnocchi.eb205074-2968-4749-80e9-23ab0994e0ce?format=json&states=listing" "tx34df4d72827b49b1b3bcd-0068e7ca51" "proxy-server 20" 0.0015 "-" 17 0
Oct 9 14:44:33 standalone proxy-server[131557]: - - 09/Oct/2025/14/44/33 HEAD /v1/AUTH_999a51e1ca114e11bcba401d9c4138e2/gnocchi.eb205074-2968-4749-80e9-23ab0994e0ce%3Fformat%3Djson%26states%3Dlisting HTTP/1.0 204 - Swift - - - - tx34df4d72827b49b1b3bcd-0068e7ca51 - 0.0054 RL - 1760021073.499620199 1760021073.504972219 0
Oct 9 14:44:33 standalone container-server[129621]: 172.20.0.100 - - [09/Oct/2025:14:44:33 +0000] "GET /d1/192/AUTH_999a51e1ca114e11bcba401d9c4138e2/gnocchi.eb205074-2968-4749-80e9-23ab0994e0ce" 200 2 "GET http://172.18.0.2:8080/v1/AUTH_999a51e1ca114e11bcba401d9c4138e2/gnocchi.eb205074-2968-4749-80e9-23ab0994e0ce?format=json&states=listing" "tx34df4d72827b49b1b3bcd-0068e7ca51" "proxy-server 20" 0.0020 "-" 17 0
Oct 9 14:44:33 standalone proxy-server[131557]: 172.18.0.2 172.18.0.100 09/Oct/2025/14/44/33 GET /v1/AUTH_999a51e1ca114e11bcba401d9c4138e2/gnocchi.eb205074-2968-4749-80e9-23ab0994e0ce%3Fformat%3Djson%26states%3Dlisting HTTP/1.0 200 - python-swiftclient-3.11.1 gAAAAABo58nI_iYl... - 2 - tx34df4d72827b49b1b3bcd-0068e7ca51 - 0.0150 - - 1760021073.498041630 1760021073.513083220 0
Oct 9 14:44:33 standalone object-server[129859]: 172.20.0.100 - - [09/Oct/2025:14:44:33 +0000] "GET /d1/22/AUTH_999a51e1ca114e11bcba401d9c4138e2/gnocchi.eb205074-2968-4749-80e9-23ab0994e0ce/1759320000.0_mean_300.0_v3" 404 70 "GET http://172.18.0.2:8080/v1/AUTH_999a51e1ca114e11bcba401d9c4138e2/gnocchi.eb205074-2968-4749-80e9-23ab0994e0ce/1759320000.0_mean_300.0_v3" "tx4b1fc37070024bee84074-0068e7ca51" "proxy-server 20" 0.0005 "-" 25 0
Oct 9 14:44:33 standalone proxy-server[131557]: 172.18.0.2 172.18.0.100 09/Oct/2025/14/44/33 GET /v1/AUTH_999a51e1ca114e11bcba401d9c4138e2/gnocchi.eb205074-2968-4749-80e9-23ab0994e0ce/1759320000.0_mean_300.0_v3 HTTP/1.0 404 - python-swiftclient-3.11.1 gAAAAABo58nI_iYl... - 70 - tx4b1fc37070024bee84074-0068e7ca51 - 0.0082 - - 1760021073.517989874 1760021073.526199102 0
Oct 9 14:44:33 standalone container-server[129621]: 172.20.0.100 - - [09/Oct/2025:14:44:33 +0000] "PUT /d1/192/AUTH_999a51e1ca114e11bcba401d9c4138e2/gnocchi.eb205074-2968-4749-80e9-23ab0994e0ce/1759320000.0_mean_300.0_v3" 201 - "PUT http://172.18.0.2:8080/d1/22/AUTH_999a51e1ca114e11bcba401d9c4138e2/gnocchi.eb205074-2968-4749-80e9-23ab0994e0ce/1759320000.0_mean_300.0_v3" "tx2029d4ea90cf4150adcf7-0068e7ca51" "object-server 25" 0.0008 "-" 17 0
Oct 9 14:44:33 standalone object-server[129859]: 172.20.0.100 - - [09/Oct/2025:14:44:33 +0000] "PUT /d1/22/AUTH_999a51e1ca114e11bcba401d9c4138e2/gnocchi.eb205074-2968-4749-80e9-23ab0994e0ce/1759320000.0_mean_300.0_v3" 201 - "PUT http://172.18.0.2:8080/v1/AUTH_999a51e1ca114e11bcba401d9c4138e2/gnocchi.eb205074-2968-4749-80e9-23ab0994e0ce/1759320000.0_mean_300.0_v3" "tx2029d4ea90cf4150adcf7-0068e7ca51" "proxy-server 20" 0.0088 "-" 25 0
Oct 9 14:44:33 standalone proxy-server[131557]: 172.18.0.2 172.18.0.100 09/Oct/2025/14/44/33 PUT /v1/AUTH_999a51e1ca114e11bcba401d9c4138e2/gnocchi.eb205074-2968-4749-80e9-23ab0994e0ce/1759320000.0_mean_300.0_v3 HTTP/1.0 201 - python-swiftclient-3.11.1 gAAAAABo58nI_iYl... 16 - - tx2029d4ea90cf4150adcf7-0068e7ca51 - 0.0155 - - 1760021073.529693604 1760021073.545217037 0
Oct 9 14:44:33 standalone container-server[129574]: 172.20.0.100 - - [09/Oct/2025:14:44:33 +0000] "PUT /d1/192/AUTH_999a51e1ca114e11bcba401d9c4138e2/gnocchi.eb205074-2968-4749-80e9-23ab0994e0ce/none_v3" 201 - "PUT http://172.18.0.2:8080/d1/199/AUTH_999a51e1ca114e11bcba401d9c4138e2/gnocchi.eb205074-2968-4749-80e9-23ab0994e0ce/none_v3" "txefdbe8ba5af549f784190-0068e7ca51" "object-server 25" 0.0013 "-" 15 0
Oct 9 14:44:33 standalone object-server[129859]: 172.20.0.100 - - [09/Oct/2025:14:44:33 +0000] "PUT /d1/199/AUTH_999a51e1ca114e11bcba401d9c4138e2/gnocchi.eb205074-2968-4749-80e9-23ab0994e0ce/none_v3" 201 - "PUT http://172.18.0.2:8080/v1/AUTH_999a51e1ca114e11bcba401d9c4138e2/gnocchi.eb205074-2968-4749-80e9-23ab0994e0ce/none_v3" "txefdbe8ba5af549f784190-0068e7ca51" "proxy-server 20" 0.0142 "-" 25 0
Oct 9 14:44:33 standalone proxy-server[131557]: 172.18.0.2 172.18.0.100 09/Oct/2025/14/44/33 PUT /v1/AUTH_999a51e1ca114e11bcba401d9c4138e2/gnocchi.eb205074-2968-4749-80e9-23ab0994e0ce/none_v3 HTTP/1.0 201 - python-swiftclient-3.11.1 gAAAAABo58nI_iYl... 22 - - txefdbe8ba5af549f784190-0068e7ca51 - 0.0192 - - 1760021073.574287415 1760021073.593503237 0
Oct 9 14:44:39 standalone container-server[129606]: 172.20.0.100 - - [09/Oct/2025:14:44:39 +0000] "HEAD /d1/858/AUTH_999a51e1ca114e11bcba401d9c4138e2/gnocchi.6a1066e6-e7d1-42c1-9710-7b6d12e7e253" 404 - "HEAD http://172.18.0.2:8080/v1/AUTH_999a51e1ca114e11bcba401d9c4138e2/gnocchi.6a1066e6-e7d1-42c1-9710-7b6d12e7e253?format=json&states=listing" "tx3cda83ecb97f406084ae3-0068e7ca57" "proxy-server 20" 0.0010 "-" 16 0
Oct 9 14:44:39 standalone object-server[129856]: 172.20.0.100 - - [09/Oct/2025:14:44:39 +0000] "GET /d1/644/AUTH_999a51e1ca114e11bcba401d9c4138e2/gnocchi.6a1066e6-e7d1-42c1-9710-7b6d12e7e253/none_v3" 404 70 "GET http://172.18.0.2:8080/v1/AUTH_999a51e1ca114e11bcba401d9c4138e2/gnocchi.6a1066e6-e7d1-42c1-9710-7b6d12e7e253/none_v3" "tx3cda83ecb97f406084ae3-0068e7ca57" "proxy-server 20" 0.0005 "-" 23 0
Oct 9 14:44:39 standalone proxy-server[131557]: 172.18.0.2 172.18.0.100 09/Oct/2025/14/44/39 GET /v1/AUTH_999a51e1ca114e11bcba401d9c4138e2/gnocchi.6a1066e6-e7d1-42c1-9710-7b6d12e7e253/none_v3 HTTP/1.0 404 - python-swiftclient-3.11.1 gAAAAABo58nI_iYl... - 70 - tx3cda83ecb97f406084ae3-0068e7ca57 - 0.0128 - - 1760021079.635859728 1760021079.648673058 0
Oct 9 14:44:39 standalone account-server[129463]: 172.20.0.100 - - [09/Oct/2025:14:44:39 +0000] "PUT /d1/460/AUTH_999a51e1ca114e11bcba401d9c4138e2/gnocchi.6a1066e6-e7d1-42c1-9710-7b6d12e7e253" 201 - "PUT http://172.20.0.100:6001/d1/858/AUTH_999a51e1ca114e11bcba401d9c4138e2/gnocchi.6a1066e6-e7d1-42c1-9710-7b6d12e7e253" "tx70799db682a44a21a3c91-0068e7ca57" "container-server 16" 0.0050 "-" 22 0
Oct 9 14:44:39 standalone container-server[129606]: 172.20.0.100 - - [09/Oct/2025:14:44:39 +0000] "PUT /d1/858/AUTH_999a51e1ca114e11bcba401d9c4138e2/gnocchi.6a1066e6-e7d1-42c1-9710-7b6d12e7e253" 201 - "PUT http://172.18.0.2:8080/v1/AUTH_999a51e1ca114e11bcba401d9c4138e2/gnocchi.6a1066e6-e7d1-42c1-9710-7b6d12e7e253" "tx70799db682a44a21a3c91-0068e7ca57" "proxy-server 20" 0.0213 "-" 16 0
Oct 9 14:44:39 standalone proxy-server[131557]: 172.18.0.2 172.18.0.100 09/Oct/2025/14/44/39 PUT /v1/AUTH_999a51e1ca114e11bcba401d9c4138e2/gnocchi.6a1066e6-e7d1-42c1-9710-7b6d12e7e253 HTTP/1.0 201 - python-swiftclient-3.11.1 gAAAAABo58nI_iYl... - - - tx70799db682a44a21a3c91-0068e7ca57 - 0.0272 - - 1760021079.655874491 1760021079.683086872 0
Oct 9 14:44:39 standalone container-server[129621]: 172.20.0.100 - - [09/Oct/2025:14:44:39 +0000] "HEAD /d1/858/AUTH_999a51e1ca114e11bcba401d9c4138e2/gnocchi.6a1066e6-e7d1-42c1-9710-7b6d12e7e253" 204 - "HEAD http://172.18.0.2:8080/v1/AUTH_999a51e1ca114e11bcba401d9c4138e2/gnocchi.6a1066e6-e7d1-42c1-9710-7b6d12e7e253?format=json&states=listing" "tx151376adb6344a31ac6fe-0068e7ca57" "proxy-server 20" 0.0036 "-" 17 0
Oct 9 14:44:39 standalone proxy-server[131557]: - - 09/Oct/2025/14/44/39 HEAD /v1/AUTH_999a51e1ca114e11bcba401d9c4138e2/gnocchi.6a1066e6-e7d1-42c1-9710-7b6d12e7e253%3Fformat%3Djson%26states%3Dlisting HTTP/1.0 204 - Swift - - - - tx151376adb6344a31ac6fe-0068e7ca57 - 0.0081 RL - 1760021079.694745541 1760021079.702872515 0
Oct 9 14:44:39 standalone container-server[129561]: 172.20.0.100 - - [09/Oct/2025:14:44:39 +0000] "GET /d1/858/AUTH_999a51e1ca114e11bcba401d9c4138e2/gnocchi.6a1066e6-e7d1-42c1-9710-7b6d12e7e253" 200 2 "GET http://172.18.0.2:8080/v1/AUTH_999a51e1ca114e11bcba401d9c4138e2/gnocchi.6a1066e6-e7d1-42c1-9710-7b6d12e7e253?format=json&states=listing" "tx151376adb6344a31ac6fe-0068e7ca57" "proxy-server 20" 0.0038 "-" 14 0
Oct 9 14:44:39 standalone proxy-server[131557]: 172.18.0.2 172.18.0.100 09/Oct/2025/14/44/39 GET /v1/AUTH_999a51e1ca114e11bcba401d9c4138e2/gnocchi.6a1066e6-e7d1-42c1-9710-7b6d12e7e253%3Fformat%3Djson%26states%3Dlisting HTTP/1.0 200 - python-swiftclient-3.11.1 gAAAAABo58nI_iYl... - 2 - tx151376adb6344a31ac6fe-0068e7ca57 - 0.0470 - - 1760021079.693311691 1760021079.740279436 0
Oct 9 14:44:39 standalone object-server[129855]: 172.20.0.100 - - [09/Oct/2025:14:44:39 +0000] "GET /d1/724/AUTH_999a51e1ca114e11bcba401d9c4138e2/gnocchi.6a1066e6-e7d1-42c1-9710-7b6d12e7e253/1759320000.0_mean_300.0_v3" 404 70 "GET http://172.18.0.2:8080/v1/AUTH_999a51e1ca114e11bcba401d9c4138e2/gnocchi.6a1066e6-e7d1-42c1-9710-7b6d12e7e253/1759320000.0_mean_300.0_v3" "txb966f96234b0412182fc4-0068e7ca57" "proxy-server 20" 0.0004 "-" 22 0
Oct 9 14:44:39 standalone proxy-server[131557]: 172.18.0.2 172.18.0.100 09/Oct/2025/14/44/39 GET /v1/AUTH_999a51e1ca114e11bcba401d9c4138e2/gnocchi.6a1066e6-e7d1-42c1-9710-7b6d12e7e253/1759320000.0_mean_300.0_v3 HTTP/1.0 404 - python-swiftclient-3.11.1 gAAAAABo58nI_iYl... - 70 - txb966f96234b0412182fc4-0068e7ca57 - 0.0044 - - 1760021079.744421959 1760021079.748824120 0
Oct 9 14:44:39 standalone container-server[129574]: 172.20.0.100 - - [09/Oct/2025:14:44:39 +0000] "PUT /d1/858/AUTH_999a51e1ca114e11bcba401d9c4138e2/gnocchi.6a1066e6-e7d1-42c1-9710-7b6d12e7e253/1759320000.0_mean_300.0_v3" 201 - "PUT http://172.18.0.2:8080/d1/724/AUTH_999a51e1ca114e11bcba401d9c4138e2/gnocchi.6a1066e6-e7d1-42c1-9710-7b6d12e7e253/1759320000.0_mean_300.0_v3" "txd37f99cc5e714731a1119-0068e7ca57" "object-server 24" 0.0006 "-" 15 0
Oct 9 14:44:39 standalone object-server[129857]: 172.20.0.100 - - [09/Oct/2025:14:44:39 +0000] "PUT /d1/724/AUTH_999a51e1ca114e11bcba401d9c4138e2/gnocchi.6a1066e6-e7d1-42c1-9710-7b6d12e7e253/1759320000.0_mean_300.0_v3" 201 - "PUT http://172.18.0.2:8080/v1/AUTH_999a51e1ca114e11bcba401d9c4138e2/gnocchi.6a1066e6-e7d1-42c1-9710-7b6d12e7e253/1759320000.0_mean_300.0_v3" "txd37f99cc5e714731a1119-0068e7ca57" "proxy-server 20" 0.0098 "-" 24 0
Oct 9 14:44:39 standalone proxy-server[131557]: 172.18.0.2 172.18.0.100 09/Oct/2025/14/44/39 PUT /v1/AUTH_999a51e1ca114e11bcba401d9c4138e2/gnocchi.6a1066e6-e7d1-42c1-9710-7b6d12e7e253/1759320000.0_mean_300.0_v3 HTTP/1.0 201 - python-swiftclient-3.11.1 gAAAAABo58nI_iYl... 16 - - txd37f99cc5e714731a1119-0068e7ca57 - 0.0149 - - 1760021079.750934601 1760021079.765821457 0
Oct 9 14:44:39 standalone container-server[129574]: 172.20.0.100 - - [09/Oct/2025:14:44:39 +0000] "PUT /d1/858/AUTH_999a51e1ca114e11bcba401d9c4138e2/gnocchi.6a1066e6-e7d1-42c1-9710-7b6d12e7e253/none_v3" 201 - "PUT http://172.18.0.2:8080/d1/644/AUTH_999a51e1ca114e11bcba401d9c4138e2/gnocchi.6a1066e6-e7d1-42c1-9710-7b6d12e7e253/none_v3" "tx3507e09c054740bb8595d-0068e7ca57" "object-server 25" 0.0005 "-" 15 0
Oct 9 14:44:39 standalone object-server[129859]: 172.20.0.100 - - [09/Oct/2025:14:44:39 +0000] "PUT /d1/644/AUTH_999a51e1ca114e11bcba401d9c4138e2/gnocchi.6a1066e6-e7d1-42c1-9710-7b6d12e7e253/none_v3" 201 - "PUT http://172.18.0.2:8080/v1/AUTH_999a51e1ca114e11bcba401d9c4138e2/gnocchi.6a1066e6-e7d1-42c1-9710-7b6d12e7e253/none_v3" "tx3507e09c054740bb8595d-0068e7ca57" "proxy-server 20" 0.0083 "-" 25 0
Oct 9 14:44:39 standalone proxy-server[131557]: 172.18.0.2 172.18.0.100 09/Oct/2025/14/44/39 PUT /v1/AUTH_999a51e1ca114e11bcba401d9c4138e2/gnocchi.6a1066e6-e7d1-42c1-9710-7b6d12e7e253/none_v3 HTTP/1.0 201 - python-swiftclient-3.11.1 gAAAAABo58nI_iYl... 22 - - tx3507e09c054740bb8595d-0068e7ca57 - 0.0134 - - 1760021079.768185139 1760021079.781581163 0
Oct 9 14:44:41 standalone container-server[129238]: Begin container update sweep
Oct 9 14:44:41 standalone account-server[129434]: 172.20.0.100 - - [09/Oct/2025:14:44:41 +0000] "PUT /d1/460/AUTH_999a51e1ca114e11bcba401d9c4138e2/gnocchi.49d5f1d1-c566-4c59-99b7-2295a02fd8d9" 201 - "-" "-" "container-updater 2" 0.0008 "-" 18 0
Oct 9 14:44:41 standalone account-server[129434]: 172.20.0.100 - - [09/Oct/2025:14:44:41 +0000] "PUT /d1/460/AUTH_999a51e1ca114e11bcba401d9c4138e2/gnocchi.6babfedf-eedb-4341-bb59-8757fc3c9c9f" 201 - "-" "-" "container-updater 2" 0.0010 "-" 18 0
Oct 9 14:44:41 standalone account-server[129447]: 172.20.0.100 - - [09/Oct/2025:14:44:41 +0000] "PUT /d1/460/AUTH_999a51e1ca114e11bcba401d9c4138e2/gnocchi.7edfbd6e-5944-4613-aae2-c01b1ed8b4f6" 201 - "-" "-" "container-updater 2" 0.0011 "-" 21 0
Oct 9 14:44:42 standalone account-server[129401]: 172.20.0.100 - - [09/Oct/2025:14:44:42 +0000] "PUT /d1/460/AUTH_999a51e1ca114e11bcba401d9c4138e2/gnocchi.ec20e46c-c392-458e-9bad-37d837056bb5" 201 - "-" "-" "container-updater 2" 0.0004 "-" 17 0
Oct 9 14:44:42 standalone account-server[129463]: 172.20.0.100 - - [09/Oct/2025:14:44:42 +0000] "PUT /d1/460/AUTH_999a51e1ca114e11bcba401d9c4138e2/gnocchi.1b4b7b5f-f62f-4811-a680-e287cdab314c" 201 - "-" "-" "container-updater 2" 0.0005 "-" 22 0
Oct 9 14:44:42 standalone account-server[129434]: 172.20.0.100 - - [09/Oct/2025:14:44:42 +0000] "PUT /d1/460/AUTH_999a51e1ca114e11bcba401d9c4138e2/gnocchi.4dcd35d6-b269-4129-a882-60ce1c4165bb" 201 - "-" "-" "container-updater 2" 0.0004 "-" 18 0
Oct 9 14:44:42 standalone account-server[129463]: 172.20.0.100 - - [09/Oct/2025:14:44:42 +0000] "PUT /d1/460/AUTH_999a51e1ca114e11bcba401d9c4138e2/gnocchi.af55b9fb-8467-4bde-be94-8673bb787587" 201 - "-" "-" "container-updater 2" 0.0004 "-" 22 0
Oct 9 14:44:42 standalone account-server[129463]: 172.20.0.100 - - [09/Oct/2025:14:44:42 +0000] "PUT /d1/460/AUTH_999a51e1ca114e11bcba401d9c4138e2/gnocchi.78d8cbd7-658e-4e07-ab60-719fb82ccdce" 201 - "-" "-" "container-updater 2" 0.0007 "-" 22 0
Oct 9 14:44:42 standalone account-server[129401]: 172.20.0.100 - - [09/Oct/2025:14:44:42 +0000] "PUT /d1/460/AUTH_999a51e1ca114e11bcba401d9c4138e2/gnocchi.5ee17f90-e4e1-47d0-9af8-3ed64fa20e36" 201 - "-" "-" "container-updater 2" 0.0007 "-" 17 0
Oct 9 14:44:42 standalone account-server[129463]: 172.20.0.100 - - [09/Oct/2025:14:44:42 +0000] "PUT /d1/460/AUTH_999a51e1ca114e11bcba401d9c4138e2/gnocchi.20c04c14-9d85-4f70-9a2d-ce95a6ddcd62" 201 - "-" "-" "container-updater 2" 0.0007 "-" 22 0
Oct 9 14:44:42 standalone account-server[129434]: 172.20.0.100 - - [09/Oct/2025:14:44:42 +0000] "PUT /d1/460/AUTH_999a51e1ca114e11bcba401d9c4138e2/gnocchi.8721afdd-0cbd-4360-acb9-592ca745e5f2" 201 - "-" "-" "container-updater 2" 0.0005 "-" 18 0
Oct 9 14:44:42 standalone account-server[129434]: 172.20.0.100 - - [09/Oct/2025:14:44:42 +0000] "PUT /d1/460/AUTH_999a51e1ca114e11bcba401d9c4138e2/gnocchi.2ccb1868-5e6d-4731-8ad1-99de04a125cf" 201 - "-" "-" "container-updater 2" 0.0005 "-" 18 0
Oct 9 14:44:43 standalone account-server[129401]: 172.20.0.100 - - [09/Oct/2025:14:44:43 +0000] "PUT /d1/460/AUTH_999a51e1ca114e11bcba401d9c4138e2/gnocchi.eb205074-2968-4749-80e9-23ab0994e0ce" 201 - "-" "-" "container-updater 2" 0.0004 "-" 17 0
Oct 9 14:44:43 standalone account-server[129463]: 172.20.0.100 - - [09/Oct/2025:14:44:43 +0000] "PUT /d1/460/AUTH_999a51e1ca114e11bcba401d9c4138e2/gnocchi.f77a44ab-0ea2-4f43-83fe-830f73d2afd5" 201 - "-" "-" "container-updater 2" 0.0009 "-" 22 0
Oct 9 14:44:43 standalone account-server[129447]: 172.20.0.100 - - [09/Oct/2025:14:44:43 +0000] "PUT /d1/460/AUTH_999a51e1ca114e11bcba401d9c4138e2/gnocchi.631c965c-7802-4e8a-935b-8bc6b4cfb9c6" 201 - "-" "-" "container-updater 2" 0.0008 "-" 21 0
Oct 9 14:44:43 standalone account-server[129447]: 172.20.0.100 - - [09/Oct/2025:14:44:43 +0000] "PUT /d1/460/AUTH_999a51e1ca114e11bcba401d9c4138e2/gnocchi.a57208a5-9b0e-48b5-85cd-72fdcd072e5a" 201 - "-" "-" "container-updater 2" 0.0005 "-" 21 0
Oct 9 14:44:43 standalone account-server[129463]: 172.20.0.100 - - [09/Oct/2025:14:44:43 +0000] "PUT /d1/460/AUTH_999a51e1ca114e11bcba401d9c4138e2/gnocchi.6a1066e6-e7d1-42c1-9710-7b6d12e7e253" 201 - "-" "-" "container-updater 2" 0.0005 "-" 22 0
Oct 9 14:44:43 standalone container-server[129238]: Container update sweep completed: 1.99s
Oct 9 14:44:44 standalone object-server[129857]: 172.20.0.100 - - [09/Oct/2025:14:44:44 +0000] "GET /d1/644/AUTH_999a51e1ca114e11bcba401d9c4138e2/gnocchi.6a1066e6-e7d1-42c1-9710-7b6d12e7e253/none_v3" 200 22 "GET http://172.18.0.2:8080/v1/AUTH_999a51e1ca114e11bcba401d9c4138e2/gnocchi.6a1066e6-e7d1-42c1-9710-7b6d12e7e253/none_v3" "tx024d62e74a0e4db6b54ad-0068e7ca5c" "proxy-server 20" 0.0015 "-" 24 0
Oct 9 14:44:44 standalone proxy-server[131557]: 172.18.0.2 172.18.0.100 09/Oct/2025/14/44/44 GET /v1/AUTH_999a51e1ca114e11bcba401d9c4138e2/gnocchi.6a1066e6-e7d1-42c1-9710-7b6d12e7e253/none_v3 HTTP/1.0 200 - python-swiftclient-3.11.1 gAAAAABo58nI_iYl... - 22 - tx024d62e74a0e4db6b54ad-0068e7ca5c - 0.0089 - - 1760021084.690934181 1760021084.699803591 0
Oct 9 14:44:44 standalone container-server[129574]: 172.20.0.100 - - [09/Oct/2025:14:44:44 +0000] "GET /d1/858/AUTH_999a51e1ca114e11bcba401d9c4138e2/gnocchi.6a1066e6-e7d1-42c1-9710-7b6d12e7e253" 200 357 "GET http://172.18.0.2:8080/v1/AUTH_999a51e1ca114e11bcba401d9c4138e2/gnocchi.6a1066e6-e7d1-42c1-9710-7b6d12e7e253?format=json&states=listing" "tx011e5ff9b10c4bab9cebe-0068e7ca5c" "proxy-server 20" 0.0044 "-" 15 0
Oct 9 14:44:44 standalone proxy-server[131557]: 172.18.0.2 172.18.0.100 09/Oct/2025/14/44/44 GET /v1/AUTH_999a51e1ca114e11bcba401d9c4138e2/gnocchi.6a1066e6-e7d1-42c1-9710-7b6d12e7e253%3Fformat%3Djson%26states%3Dlisting HTTP/1.0 200 - python-swiftclient-3.11.1 gAAAAABo58nI_iYl... - 357 - tx011e5ff9b10c4bab9cebe-0068e7ca5c - 0.0116 - - 1760021084.702903271 1760021084.714549780 0
Oct 9 14:44:44 standalone container-server[129561]: 172.20.0.100 - - [09/Oct/2025:14:44:44 +0000] "GET /d1/858/AUTH_999a51e1ca114e11bcba401d9c4138e2/gnocchi.6a1066e6-e7d1-42c1-9710-7b6d12e7e253" 200 2 "GET http://172.18.0.2:8080/v1/AUTH_999a51e1ca114e11bcba401d9c4138e2/gnocchi.6a1066e6-e7d1-42c1-9710-7b6d12e7e253?format=json&marker=none_v3&states=listing" "tx6f97ab2fece040b1a4530-0068e7ca5c" "proxy-server 20" 0.0047 "-" 14 0
Oct 9 14:44:44 standalone proxy-server[131557]: 172.18.0.2 172.18.0.100 09/Oct/2025/14/44/44 GET /v1/AUTH_999a51e1ca114e11bcba401d9c4138e2/gnocchi.6a1066e6-e7d1-42c1-9710-7b6d12e7e253%3Fformat%3Djson%26marker%3Dnone_v3%26states%3Dlisting HTTP/1.0 200 - python-swiftclient-3.11.1 gAAAAABo58nI_iYl... - 2 - tx6f97ab2fece040b1a4530-0068e7ca5c - 0.0117 - - 1760021084.716703415 1760021084.728439093 0
Oct 9 14:44:44 standalone object-server[129856]: 172.20.0.100 - - [09/Oct/2025:14:44:44 +0000] "GET /d1/724/AUTH_999a51e1ca114e11bcba401d9c4138e2/gnocchi.6a1066e6-e7d1-42c1-9710-7b6d12e7e253/1759320000.0_mean_300.0_v3" 200 16 "GET http://172.18.0.2:8080/v1/AUTH_999a51e1ca114e11bcba401d9c4138e2/gnocchi.6a1066e6-e7d1-42c1-9710-7b6d12e7e253/1759320000.0_mean_300.0_v3" "tx0a3d2717c41e4556a1aed-0068e7ca5c" "proxy-server 20" 0.0006 "-" 23 0
Oct 9 14:44:44 standalone proxy-server[131557]: 172.18.0.2 172.18.0.100 09/Oct/2025/14/44/44 GET /v1/AUTH_999a51e1ca114e11bcba401d9c4138e2/gnocchi.6a1066e6-e7d1-42c1-9710-7b6d12e7e253/1759320000.0_mean_300.0_v3 HTTP/1.0 200 - python-swiftclient-3.11.1 gAAAAABo58nI_iYl... - 16 - tx0a3d2717c41e4556a1aed-0068e7ca5c - 0.0064 - - 1760021084.730879545 1760021084.737291574 0
Oct 9 14:44:44 standalone container-server[129574]: 172.20.0.100 - - [09/Oct/2025:14:44:44 +0000] "PUT /d1/858/AUTH_999a51e1ca114e11bcba401d9c4138e2/gnocchi.6a1066e6-e7d1-42c1-9710-7b6d12e7e253/1759320000.0_mean_300.0_v3" 201 - "PUT http://172.18.0.2:8080/d1/724/AUTH_999a51e1ca114e11bcba401d9c4138e2/gnocchi.6a1066e6-e7d1-42c1-9710-7b6d12e7e253/1759320000.0_mean_300.0_v3" "tx5674a621a6b94044ad935-0068e7ca5c" "object-server 24" 0.0006 "-" 15 0
Oct 9 14:44:44 standalone object-server[129857]: 172.20.0.100 - - [09/Oct/2025:14:44:44 +0000] "PUT /d1/724/AUTH_999a51e1ca114e11bcba401d9c4138e2/gnocchi.6a1066e6-e7d1-42c1-9710-7b6d12e7e253/1759320000.0_mean_300.0_v3" 201 - "PUT http://172.18.0.2:8080/v1/AUTH_999a51e1ca114e11bcba401d9c4138e2/gnocchi.6a1066e6-e7d1-42c1-9710-7b6d12e7e253/1759320000.0_mean_300.0_v3" "tx5674a621a6b94044ad935-0068e7ca5c" "proxy-server 20" 0.0138 "-" 24 0
Oct 9 14:44:44 standalone proxy-server[131557]: 172.18.0.2 172.18.0.100 09/Oct/2025/14/44/44 PUT /v1/AUTH_999a51e1ca114e11bcba401d9c4138e2/gnocchi.6a1066e6-e7d1-42c1-9710-7b6d12e7e253/1759320000.0_mean_300.0_v3 HTTP/1.0 201 - python-swiftclient-3.11.1 gAAAAABo58nI_iYl... 16 - - tx5674a621a6b94044ad935-0068e7ca5c - 0.0568 - - 1760021084.739477873 1760021084.796320200 0
Oct 9 14:44:44 standalone container-server[129561]: 172.20.0.100 - - [09/Oct/2025:14:44:44 +0000] "PUT /d1/858/AUTH_999a51e1ca114e11bcba401d9c4138e2/gnocchi.6a1066e6-e7d1-42c1-9710-7b6d12e7e253/none_v3" 201 - "PUT http://172.18.0.2:8080/d1/644/AUTH_999a51e1ca114e11bcba401d9c4138e2/gnocchi.6a1066e6-e7d1-42c1-9710-7b6d12e7e253/none_v3" "tx927706fa8c65409398729-0068e7ca5c" "object-server 23" 0.0008 "-" 14 0
Oct 9 14:44:44 standalone object-server[129856]: 172.20.0.100 - - [09/Oct/2025:14:44:44 +0000] "PUT /d1/644/AUTH_999a51e1ca114e11bcba401d9c4138e2/gnocchi.6a1066e6-e7d1-42c1-9710-7b6d12e7e253/none_v3" 201 - "PUT http://172.18.0.2:8080/v1/AUTH_999a51e1ca114e11bcba401d9c4138e2/gnocchi.6a1066e6-e7d1-42c1-9710-7b6d12e7e253/none_v3" "tx927706fa8c65409398729-0068e7ca5c" "proxy-server 20" 0.0103 "-" 23 0
Oct 9 14:44:44 standalone proxy-server[131557]: 172.18.0.2 172.18.0.100 09/Oct/2025/14/44/44 PUT /v1/AUTH_999a51e1ca114e11bcba401d9c4138e2/gnocchi.6a1066e6-e7d1-42c1-9710-7b6d12e7e253/none_v3 HTTP/1.0 201 - python-swiftclient-3.11.1 gAAAAABo58nI_iYl... 32 - - tx927706fa8c65409398729-0068e7ca5c - 0.0158 - - 1760021084.798883438 1760021084.814714193 0
Oct 9 14:44:57 standalone container-server[129606]: 172.20.0.100 - - [09/Oct/2025:14:44:57 +0000] "HEAD /d1/687/AUTH_999a51e1ca114e11bcba401d9c4138e2/gnocchi.9f0f9799-cb9e-4e62-863d-105e8c0b2156" 404 - "HEAD http://172.18.0.2:8080/v1/AUTH_999a51e1ca114e11bcba401d9c4138e2/gnocchi.9f0f9799-cb9e-4e62-863d-105e8c0b2156?format=json&states=listing" "txaec9e3e1d9b043f7a4a33-0068e7ca69" "proxy-server 20" 0.0009 "-" 16 0
Oct 9 14:44:57 standalone object-server[129859]: 172.20.0.100 - - [09/Oct/2025:14:44:57 +0000] "GET /d1/10/AUTH_999a51e1ca114e11bcba401d9c4138e2/gnocchi.9f0f9799-cb9e-4e62-863d-105e8c0b2156/none_v3" 404 70 "GET http://172.18.0.2:8080/v1/AUTH_999a51e1ca114e11bcba401d9c4138e2/gnocchi.9f0f9799-cb9e-4e62-863d-105e8c0b2156/none_v3" "txaec9e3e1d9b043f7a4a33-0068e7ca69" "proxy-server 20" 0.0006 "-" 25 0
Oct 9 14:44:57 standalone proxy-server[131557]: 172.18.0.2 172.18.0.100 09/Oct/2025/14/44/57 GET /v1/AUTH_999a51e1ca114e11bcba401d9c4138e2/gnocchi.9f0f9799-cb9e-4e62-863d-105e8c0b2156/none_v3 HTTP/1.0 404 - python-swiftclient-3.11.1 gAAAAABo58nI_iYl... - 70 - txaec9e3e1d9b043f7a4a33-0068e7ca69 - 0.0121 - - 1760021097.496594906 1760021097.508702517 0
Oct 9 14:44:57 standalone account-server[129434]: 172.20.0.100 - - [09/Oct/2025:14:44:57 +0000] "PUT /d1/460/AUTH_999a51e1ca114e11bcba401d9c4138e2/gnocchi.9f0f9799-cb9e-4e62-863d-105e8c0b2156" 201 - "PUT http://172.20.0.100:6001/d1/687/AUTH_999a51e1ca114e11bcba401d9c4138e2/gnocchi.9f0f9799-cb9e-4e62-863d-105e8c0b2156" "txb1abdbe79cec44319885b-0068e7ca69" "container-server 17" 0.0085 "-" 18 0
Oct 9 14:44:57 standalone container-server[129621]: 172.20.0.100 - - [09/Oct/2025:14:44:57 +0000] "PUT /d1/687/AUTH_999a51e1ca114e11bcba401d9c4138e2/gnocchi.9f0f9799-cb9e-4e62-863d-105e8c0b2156" 201 - "PUT http://172.18.0.2:8080/v1/AUTH_999a51e1ca114e11bcba401d9c4138e2/gnocchi.9f0f9799-cb9e-4e62-863d-105e8c0b2156" "txb1abdbe79cec44319885b-0068e7ca69" "proxy-server 20" 0.0200 "-" 17 0
Oct 9 14:44:57 standalone proxy-server[131557]: 172.18.0.2 172.18.0.100 09/Oct/2025/14/44/57 PUT /v1/AUTH_999a51e1ca114e11bcba401d9c4138e2/gnocchi.9f0f9799-cb9e-4e62-863d-105e8c0b2156 HTTP/1.0 201 - python-swiftclient-3.11.1 gAAAAABo58nI_iYl... - - - txb1abdbe79cec44319885b-0068e7ca69 - 0.0250 - - 1760021097.516476393 1760021097.541450977 0
Oct 9 14:44:57 standalone container-server[129561]: 172.20.0.100 - - [09/Oct/2025:14:44:57 +0000] "HEAD /d1/600/AUTH_999a51e1ca114e11bcba401d9c4138e2/gnocchi.a0c24ff4-7736-41da-8ceb-72c906f0e056" 404 - "HEAD http://172.18.0.2:8080/v1/AUTH_999a51e1ca114e11bcba401d9c4138e2/gnocchi.a0c24ff4-7736-41da-8ceb-72c906f0e056?format=json&states=listing" "tx508f6f1791f841d4bcc16-0068e7ca69" "proxy-server 20" 0.0004 "-" 14 0
Oct 9 14:44:57 standalone object-server[129855]: 172.20.0.100 - - [09/Oct/2025:14:44:57 +0000] "GET /d1/938/AUTH_999a51e1ca114e11bcba401d9c4138e2/gnocchi.a0c24ff4-7736-41da-8ceb-72c906f0e056/none_v3" 404 70 "GET http://172.18.0.2:8080/v1/AUTH_999a51e1ca114e11bcba401d9c4138e2/gnocchi.a0c24ff4-7736-41da-8ceb-72c906f0e056/none_v3" "tx508f6f1791f841d4bcc16-0068e7ca69" "proxy-server 20" 0.0003 "-" 22 0
Oct 9 14:44:57 standalone proxy-server[131557]: 172.18.0.2 172.18.0.100 09/Oct/2025/14/44/57 GET /v1/AUTH_999a51e1ca114e11bcba401d9c4138e2/gnocchi.a0c24ff4-7736-41da-8ceb-72c906f0e056/none_v3 HTTP/1.0 404 - python-swiftclient-3.11.1 gAAAAABo58nI_iYl... - 70 - tx508f6f1791f841d4bcc16-0068e7ca69 - 0.0085 - - 1760021097.544590473 1760021097.553082228 0
Oct 9 14:44:57 standalone account-server[129434]: 172.20.0.100 - - [09/Oct/2025:14:44:57 +0000] "PUT /d1/460/AUTH_999a51e1ca114e11bcba401d9c4138e2/gnocchi.a0c24ff4-7736-41da-8ceb-72c906f0e056" 201 - "PUT http://172.20.0.100:6001/d1/600/AUTH_999a51e1ca114e11bcba401d9c4138e2/gnocchi.a0c24ff4-7736-41da-8ceb-72c906f0e056" "txccf92f4607b047cdb3c49-0068e7ca69" "container-server 17" 0.0045 "-" 18 0
Oct 9 14:44:57 standalone container-server[129621]: 172.20.0.100 - - [09/Oct/2025:14:44:57 +0000] "PUT /d1/600/AUTH_999a51e1ca114e11bcba401d9c4138e2/gnocchi.a0c24ff4-7736-41da-8ceb-72c906f0e056" 201 - "PUT http://172.18.0.2:8080/v1/AUTH_999a51e1ca114e11bcba401d9c4138e2/gnocchi.a0c24ff4-7736-41da-8ceb-72c906f0e056" "txccf92f4607b047cdb3c49-0068e7ca69" "proxy-server 20" 0.0148 "-" 17 0
Oct 9 14:44:57 standalone proxy-server[131557]: 172.18.0.2 172.18.0.100 09/Oct/2025/14/44/57 PUT /v1/AUTH_999a51e1ca114e11bcba401d9c4138e2/gnocchi.a0c24ff4-7736-41da-8ceb-72c906f0e056 HTTP/1.0 201 - python-swiftclient-3.11.1 gAAAAABo58nI_iYl... - - - txccf92f4607b047cdb3c49-0068e7ca69 - 0.0194 - - 1760021097.556565046 1760021097.575948238 0
Oct 9 14:44:57 standalone container-server[129621]: 172.20.0.100 - - [09/Oct/2025:14:44:57 +0000] "HEAD /d1/687/AUTH_999a51e1ca114e11bcba401d9c4138e2/gnocchi.9f0f9799-cb9e-4e62-863d-105e8c0b2156" 204 - "HEAD http://172.18.0.2:8080/v1/AUTH_999a51e1ca114e11bcba401d9c4138e2/gnocchi.9f0f9799-cb9e-4e62-863d-105e8c0b2156?format=json&states=listing" "tx73e50a5c7e944e3b976d9-0068e7ca69" "proxy-server 20" 0.0013 "-" 17 0
Oct 9 14:44:57 standalone proxy-server[131557]: - - 09/Oct/2025/14/44/57 HEAD /v1/AUTH_999a51e1ca114e11bcba401d9c4138e2/gnocchi.9f0f9799-cb9e-4e62-863d-105e8c0b2156%3Fformat%3Djson%26states%3Dlisting HTTP/1.0 204 - Swift - - - - tx73e50a5c7e944e3b976d9-0068e7ca69 - 0.0041 RL - 1760021097.580126047 1760021097.584176540 0
Oct 9 14:44:57 standalone container-server[129574]: 172.20.0.100 - - [09/Oct/2025:14:44:57 +0000] "GET /d1/687/AUTH_999a51e1ca114e11bcba401d9c4138e2/gnocchi.9f0f9799-cb9e-4e62-863d-105e8c0b2156" 200 2 "GET http://172.18.0.2:8080/v1/AUTH_999a51e1ca114e11bcba401d9c4138e2/gnocchi.9f0f9799-cb9e-4e62-863d-105e8c0b2156?format=json&states=listing" "tx73e50a5c7e944e3b976d9-0068e7ca69" "proxy-server 20" 0.0019 "-" 15 0
Oct 9 14:44:57 standalone proxy-server[131557]: 172.18.0.2 172.18.0.100 09/Oct/2025/14/44/57 GET /v1/AUTH_999a51e1ca114e11bcba401d9c4138e2/gnocchi.9f0f9799-cb9e-4e62-863d-105e8c0b2156%3Fformat%3Djson%26states%3Dlisting HTTP/1.0 200 - python-swiftclient-3.11.1 gAAAAABo58nI_iYl... - 2 - tx73e50a5c7e944e3b976d9-0068e7ca69 - 0.0112 - - 1760021097.579236507 1760021097.590451002 0
Oct 9 14:44:57 standalone container-server[129606]: 172.20.0.100 - - [09/Oct/2025:14:44:57 +0000] "HEAD /d1/600/AUTH_999a51e1ca114e11bcba401d9c4138e2/gnocchi.a0c24ff4-7736-41da-8ceb-72c906f0e056" 204 - "HEAD http://172.18.0.2:8080/v1/AUTH_999a51e1ca114e11bcba401d9c4138e2/gnocchi.a0c24ff4-7736-41da-8ceb-72c906f0e056?format=json&states=listing" "tx82c917d13da5407f8a7a4-0068e7ca69" "proxy-server 20" 0.0016 "-" 16 0
Oct 9 14:44:57 standalone proxy-server[131557]: - - 09/Oct/2025/14/44/57 HEAD /v1/AUTH_999a51e1ca114e11bcba401d9c4138e2/gnocchi.a0c24ff4-7736-41da-8ceb-72c906f0e056%3Fformat%3Djson%26states%3Dlisting HTTP/1.0 204 - Swift - - - - tx82c917d13da5407f8a7a4-0068e7ca69 - 0.0044 RL - 1760021097.594468355 1760021097.598827362 0
Oct 9 14:44:57 standalone container-server[129574]: 172.20.0.100 - - [09/Oct/2025:14:44:57 +0000] "GET /d1/600/AUTH_999a51e1ca114e11bcba401d9c4138e2/gnocchi.a0c24ff4-7736-41da-8ceb-72c906f0e056" 200 2 "GET http://172.18.0.2:8080/v1/AUTH_999a51e1ca114e11bcba401d9c4138e2/gnocchi.a0c24ff4-7736-41da-8ceb-72c906f0e056?format=json&states=listing" "tx82c917d13da5407f8a7a4-0068e7ca69" "proxy-server 20" 0.0021 "-" 15 0
Oct 9 14:44:57 standalone proxy-server[131557]: 172.18.0.2 172.18.0.100 09/Oct/2025/14/44/57 GET /v1/AUTH_999a51e1ca114e11bcba401d9c4138e2/gnocchi.a0c24ff4-7736-41da-8ceb-72c906f0e056%3Fformat%3Djson%26states%3Dlisting HTTP/1.0 200 - python-swiftclient-3.11.1 gAAAAABo58nI_iYl... - 2 - tx82c917d13da5407f8a7a4-0068e7ca69 - 0.0118 - - 1760021097.593736410 1760021097.605518341 0
Oct 9 14:44:57 standalone object-server[129859]: 172.20.0.100 - - [09/Oct/2025:14:44:57 +0000] "GET /d1/10/AUTH_999a51e1ca114e11bcba401d9c4138e2/gnocchi.9f0f9799-cb9e-4e62-863d-105e8c0b2156/1759320000.0_mean_300.0_v3" 404 70 "GET http://172.18.0.2:8080/v1/AUTH_999a51e1ca114e11bcba401d9c4138e2/gnocchi.9f0f9799-cb9e-4e62-863d-105e8c0b2156/1759320000.0_mean_300.0_v3" "txb117980acbec406ba38ed-0068e7ca69" "proxy-server 20" 0.0004 "-" 25 0
Oct 9 14:44:57 standalone proxy-server[131557]: 172.18.0.2 172.18.0.100 09/Oct/2025/14/44/57 GET /v1/AUTH_999a51e1ca114e11bcba401d9c4138e2/gnocchi.9f0f9799-cb9e-4e62-863d-105e8c0b2156/1759320000.0_mean_300.0_v3 HTTP/1.0 404 - python-swiftclient-3.11.1 gAAAAABo58nI_iYl... - 70 - txb117980acbec406ba38ed-0068e7ca69 - 0.0049 - - 1760021097.610144615 1760021097.615030050 0
Oct 9 14:44:57 standalone object-server[129855]: 172.20.0.100 - - [09/Oct/2025:14:44:57 +0000] "GET /d1/786/AUTH_999a51e1ca114e11bcba401d9c4138e2/gnocchi.a0c24ff4-7736-41da-8ceb-72c906f0e056/1759320000.0_mean_300.0_v3" 404 70 "GET http://172.18.0.2:8080/v1/AUTH_999a51e1ca114e11bcba401d9c4138e2/gnocchi.a0c24ff4-7736-41da-8ceb-72c906f0e056/1759320000.0_mean_300.0_v3" "tx830e791de1444a04be014-0068e7ca69" "proxy-server 20" 0.0003 "-" 22 0
Oct 9 14:44:57 standalone proxy-server[131557]: 172.18.0.2 172.18.0.100 09/Oct/2025/14/44/57 GET /v1/AUTH_999a51e1ca114e11bcba401d9c4138e2/gnocchi.a0c24ff4-7736-41da-8ceb-72c906f0e056/1759320000.0_mean_300.0_v3 HTTP/1.0 404 - python-swiftclient-3.11.1 gAAAAABo58nI_iYl... - 70 - tx830e791de1444a04be014-0068e7ca69 - 0.0048 - - 1760021097.620707512 1760021097.625507832 0
Oct 9 14:44:57 standalone container-server[129574]: 172.20.0.100 - - [09/Oct/2025:14:44:57 +0000] "PUT /d1/687/AUTH_999a51e1ca114e11bcba401d9c4138e2/gnocchi.9f0f9799-cb9e-4e62-863d-105e8c0b2156/1759320000.0_mean_300.0_v3" 201 - "PUT http://172.18.0.2:8080/d1/10/AUTH_999a51e1ca114e11bcba401d9c4138e2/gnocchi.9f0f9799-cb9e-4e62-863d-105e8c0b2156/1759320000.0_mean_300.0_v3" "tx1b5ae95e31c8448c96890-0068e7ca69" "object-server 23" 0.0005 "-" 15 0
Oct 9 14:44:57 standalone object-server[129856]: 172.20.0.100 - - [09/Oct/2025:14:44:57 +0000] "PUT /d1/10/AUTH_999a51e1ca114e11bcba401d9c4138e2/gnocchi.9f0f9799-cb9e-4e62-863d-105e8c0b2156/1759320000.0_mean_300.0_v3" 201 - "PUT http://172.18.0.2:8080/v1/AUTH_999a51e1ca114e11bcba401d9c4138e2/gnocchi.9f0f9799-cb9e-4e62-863d-105e8c0b2156/1759320000.0_mean_300.0_v3" "tx1b5ae95e31c8448c96890-0068e7ca69" "proxy-server 20" 0.0088 "-" 23 0
Oct 9 14:44:57 standalone proxy-server[131557]: 172.18.0.2 172.18.0.100 09/Oct/2025/14/44/57 PUT /v1/AUTH_999a51e1ca114e11bcba401d9c4138e2/gnocchi.9f0f9799-cb9e-4e62-863d-105e8c0b2156/1759320000.0_mean_300.0_v3 HTTP/1.0 201 - python-swiftclient-3.11.1 gAAAAABo58nI_iYl... 16 - - tx1b5ae95e31c8448c96890-0068e7ca69 - 0.0128 - - 1760021097.627717018 1760021097.640565395 0
Oct 9 14:44:57 standalone container-server[129561]: 172.20.0.100 - - [09/Oct/2025:14:44:57 +0000] "PUT /d1/600/AUTH_999a51e1ca114e11bcba401d9c4138e2/gnocchi.a0c24ff4-7736-41da-8ceb-72c906f0e056/1759320000.0_mean_300.0_v3" 201 - "PUT http://172.18.0.2:8080/d1/786/AUTH_999a51e1ca114e11bcba401d9c4138e2/gnocchi.a0c24ff4-7736-41da-8ceb-72c906f0e056/1759320000.0_mean_300.0_v3" "tx6643492bc5c14cd4ae90d-0068e7ca69" "object-server 25" 0.0005 "-" 14 0
Oct 9 14:44:57 standalone object-server[129859]: 172.20.0.100 - - [09/Oct/2025:14:44:57 +0000] "PUT /d1/786/AUTH_999a51e1ca114e11bcba401d9c4138e2/gnocchi.a0c24ff4-7736-41da-8ceb-72c906f0e056/1759320000.0_mean_300.0_v3" 201 - "PUT http://172.18.0.2:8080/v1/AUTH_999a51e1ca114e11bcba401d9c4138e2/gnocchi.a0c24ff4-7736-41da-8ceb-72c906f0e056/1759320000.0_mean_300.0_v3" "tx6643492bc5c14cd4ae90d-0068e7ca69" "proxy-server 20" 0.0107 "-" 25 0
Oct 9 14:44:57 standalone proxy-server[131557]: 172.18.0.2 172.18.0.100 09/Oct/2025/14/44/57 PUT /v1/AUTH_999a51e1ca114e11bcba401d9c4138e2/gnocchi.a0c24ff4-7736-41da-8ceb-72c906f0e056/1759320000.0_mean_300.0_v3 HTTP/1.0 201 - python-swiftclient-3.11.1 gAAAAABo58nI_iYl... 16 - - tx6643492bc5c14cd4ae90d-0068e7ca69 - 0.0145 - - 1760021097.642570972 1760021097.657058477 0
Oct 9 14:44:57 standalone container-server[129606]: 172.20.0.100 - - [09/Oct/2025:14:44:57 +0000] "PUT /d1/687/AUTH_999a51e1ca114e11bcba401d9c4138e2/gnocchi.9f0f9799-cb9e-4e62-863d-105e8c0b2156/none_v3" 201 - "PUT http://172.18.0.2:8080/d1/10/AUTH_999a51e1ca114e11bcba401d9c4138e2/gnocchi.9f0f9799-cb9e-4e62-863d-105e8c0b2156/none_v3" "tx215fd3e17ee142868cc43-0068e7ca69" "object-server 24" 0.0006 "-" 16 0
Oct 9 14:44:57 standalone object-server[129857]: 172.20.0.100 - - [09/Oct/2025:14:44:57 +0000] "PUT /d1/10/AUTH_999a51e1ca114e11bcba401d9c4138e2/gnocchi.9f0f9799-cb9e-4e62-863d-105e8c0b2156/none_v3" 201 - "PUT http://172.18.0.2:8080/v1/AUTH_999a51e1ca114e11bcba401d9c4138e2/gnocchi.9f0f9799-cb9e-4e62-863d-105e8c0b2156/none_v3" "tx215fd3e17ee142868cc43-0068e7ca69" "proxy-server 20" 0.0093 "-" 24 0
Oct 9 14:44:57 standalone proxy-server[131557]: 172.18.0.2 172.18.0.100 09/Oct/2025/14/44/57 PUT /v1/AUTH_999a51e1ca114e11bcba401d9c4138e2/gnocchi.9f0f9799-cb9e-4e62-863d-105e8c0b2156/none_v3 HTTP/1.0 201 - python-swiftclient-3.11.1 gAAAAABo58nI_iYl... 22 - - tx215fd3e17ee142868cc43-0068e7ca69 - 0.0134 - - 1760021097.659693718 1760021097.673096657 0
Oct 9 14:44:57 standalone container-server[129621]: 172.20.0.100 - - [09/Oct/2025:14:44:57 +0000] "PUT /d1/600/AUTH_999a51e1ca114e11bcba401d9c4138e2/gnocchi.a0c24ff4-7736-41da-8ceb-72c906f0e056/none_v3" 201 - "PUT http://172.18.0.2:8080/d1/938/AUTH_999a51e1ca114e11bcba401d9c4138e2/gnocchi.a0c24ff4-7736-41da-8ceb-72c906f0e056/none_v3" "tx6358a0b5df924f8a86094-0068e7ca69" "object-server 22" 0.0006 "-" 17 0
Oct 9 14:44:57 standalone object-server[129855]: 172.20.0.100 - - [09/Oct/2025:14:44:57 +0000] "PUT /d1/938/AUTH_999a51e1ca114e11bcba401d9c4138e2/gnocchi.a0c24ff4-7736-41da-8ceb-72c906f0e056/none_v3" 201 - "PUT http://172.18.0.2:8080/v1/AUTH_999a51e1ca114e11bcba401d9c4138e2/gnocchi.a0c24ff4-7736-41da-8ceb-72c906f0e056/none_v3" "tx6358a0b5df924f8a86094-0068e7ca69" "proxy-server 20" 0.0081 "-" 22 0
Oct 9 14:44:57 standalone proxy-server[131557]: 172.18.0.2 172.18.0.100 09/Oct/2025/14/44/57 PUT /v1/AUTH_999a51e1ca114e11bcba401d9c4138e2/gnocchi.a0c24ff4-7736-41da-8ceb-72c906f0e056/none_v3 HTTP/1.0 201 - python-swiftclient-3.11.1 gAAAAABo58nI_iYl... 22 - - tx6358a0b5df924f8a86094-0068e7ca69 - 0.0120 - - 1760021097.675745249 1760021097.687785387 0
Oct 9 14:44:57 standalone container-server[129606]: 172.20.0.100 - - [09/Oct/2025:14:44:57 +0000] "HEAD /d1/550/AUTH_999a51e1ca114e11bcba401d9c4138e2/gnocchi.2baf8c03-ec75-42f6-8867-f56e28ae80db" 404 - "HEAD http://172.18.0.2:8080/v1/AUTH_999a51e1ca114e11bcba401d9c4138e2/gnocchi.2baf8c03-ec75-42f6-8867-f56e28ae80db?format=json&states=listing" "tx1ff4d885307d4117ae92f-0068e7ca69" "proxy-server 20" 0.0003 "-" 16 0
Oct 9 14:44:57 standalone object-server[129856]: 172.20.0.100 - - [09/Oct/2025:14:44:57 +0000] "GET /d1/70/AUTH_999a51e1ca114e11bcba401d9c4138e2/gnocchi.2baf8c03-ec75-42f6-8867-f56e28ae80db/none_v3" 404 70 "GET http://172.18.0.2:8080/v1/AUTH_999a51e1ca114e11bcba401d9c4138e2/gnocchi.2baf8c03-ec75-42f6-8867-f56e28ae80db/none_v3" "tx1ff4d885307d4117ae92f-0068e7ca69" "proxy-server 20" 0.0004 "-" 23 0
Oct 9 14:44:57 standalone proxy-server[131557]: 172.18.0.2 172.18.0.100 09/Oct/2025/14/44/57 GET /v1/AUTH_999a51e1ca114e11bcba401d9c4138e2/gnocchi.2baf8c03-ec75-42f6-8867-f56e28ae80db/none_v3 HTTP/1.0 404 - python-swiftclient-3.11.1 gAAAAABo58nI_iYl... - 70 - tx1ff4d885307d4117ae92f-0068e7ca69 - 0.0069 - - 1760021097.704610586 1760021097.711498737 0
Oct 9 14:44:57 standalone account-server[129401]: 172.20.0.100 - - [09/Oct/2025:14:44:57 +0000] "PUT /d1/460/AUTH_999a51e1ca114e11bcba401d9c4138e2/gnocchi.2baf8c03-ec75-42f6-8867-f56e28ae80db" 201 - "PUT http://172.20.0.100:6001/d1/550/AUTH_999a51e1ca114e11bcba401d9c4138e2/gnocchi.2baf8c03-ec75-42f6-8867-f56e28ae80db" "tx1386194b7d94472aaaa1f-0068e7ca69" "container-server 15" 0.0062 "-" 17 0
Oct 9 14:44:57 standalone container-server[129574]: 172.20.0.100 - - [09/Oct/2025:14:44:57 +0000] "PUT /d1/550/AUTH_999a51e1ca114e11bcba401d9c4138e2/gnocchi.2baf8c03-ec75-42f6-8867-f56e28ae80db" 201 - "PUT http://172.18.0.2:8080/v1/AUTH_999a51e1ca114e11bcba401d9c4138e2/gnocchi.2baf8c03-ec75-42f6-8867-f56e28ae80db" "tx1386194b7d94472aaaa1f-0068e7ca69" "proxy-server 20" 0.0147 "-" 15 0
Oct 9 14:44:57 standalone proxy-server[131557]: 172.18.0.2 172.18.0.100 09/Oct/2025/14/44/57 PUT /v1/AUTH_999a51e1ca114e11bcba401d9c4138e2/gnocchi.2baf8c03-ec75-42f6-8867-f56e28ae80db HTTP/1.0 201 - python-swiftclient-3.11.1 gAAAAABo58nI_iYl... - - - tx1386194b7d94472aaaa1f-0068e7ca69 - 0.0187 - - 1760021097.713684559 1760021097.732346773 0
Oct 9 14:44:57 standalone container-server[129621]: 172.20.0.100 - - [09/Oct/2025:14:44:57 +0000] "HEAD /d1/550/AUTH_999a51e1ca114e11bcba401d9c4138e2/gnocchi.2baf8c03-ec75-42f6-8867-f56e28ae80db" 204 - "HEAD http://172.18.0.2:8080/v1/AUTH_999a51e1ca114e11bcba401d9c4138e2/gnocchi.2baf8c03-ec75-42f6-8867-f56e28ae80db?format=json&states=listing" "txdf098e2b0d494686b83d7-0068e7ca69" "proxy-server 20" 0.0017 "-" 17 0
Oct 9 14:44:57 standalone proxy-server[131557]: - - 09/Oct/2025/14/44/57 HEAD /v1/AUTH_999a51e1ca114e11bcba401d9c4138e2/gnocchi.2baf8c03-ec75-42f6-8867-f56e28ae80db%3Fformat%3Djson%26states%3Dlisting HTTP/1.0 204 - Swift - - - - txdf098e2b0d494686b83d7-0068e7ca69 - 0.0050 RL - 1760021097.737011433 1760021097.742054462 0
Oct 9 14:44:57 standalone container-server[129561]: 172.20.0.100 - - [09/Oct/2025:14:44:57 +0000] "GET /d1/550/AUTH_999a51e1ca114e11bcba401d9c4138e2/gnocchi.2baf8c03-ec75-42f6-8867-f56e28ae80db" 200 2 "GET http://172.18.0.2:8080/v1/AUTH_999a51e1ca114e11bcba401d9c4138e2/gnocchi.2baf8c03-ec75-42f6-8867-f56e28ae80db?format=json&states=listing" "txdf098e2b0d494686b83d7-0068e7ca69" "proxy-server 20" 0.0018 "-" 14 0
Oct 9 14:44:57 standalone proxy-server[131557]: 172.18.0.2 172.18.0.100 09/Oct/2025/14/44/57 GET /v1/AUTH_999a51e1ca114e11bcba401d9c4138e2/gnocchi.2baf8c03-ec75-42f6-8867-f56e28ae80db%3Fformat%3Djson%26states%3Dlisting HTTP/1.0 200 - python-swiftclient-3.11.1 gAAAAABo58nI_iYl... - 2 - txdf098e2b0d494686b83d7-0068e7ca69 - 0.0124 - - 1760021097.736049414 1760021097.748480082 0
