Oct 9 14:44:05 standalone container-server[129574]: 172.20.0.100 - - [09/Oct/2025:14:44:05 +0000] "GET /d1/423/AUTH_999a51e1ca114e11bcba401d9c4138e2/gnocchi.4dcd35d6-b269-4129-a882-60ce1c4165bb" 200 2 "GET http://172.18.0.2:8080/v1/AUTH_999a51e1ca114e11bcba401d9c4138e2/gnocchi.4dcd35d6-b269-4129-a882-60ce1c4165bb?format=json&states=listing" "tx5d950c8f38df43c79a8c9-0068e7ca35" "proxy-server 20" 0.0041 "-" 15 0
Oct 9 14:44:05 standalone proxy-server[131557]: 172.18.0.2 172.18.0.100 09/Oct/2025/14/44/05 GET /v1/AUTH_999a51e1ca114e11bcba401d9c4138e2/gnocchi.4dcd35d6-b269-4129-a882-60ce1c4165bb%3Fformat%3Djson%26states%3Dlisting HTTP/1.0 200 - python-swiftclient-3.11.1 gAAAAABo58nI_iYl... - 2 - tx5d950c8f38df43c79a8c9-0068e7ca35 - 0.0247 - - 1760021045.364527702 1760021045.389198780 0
Oct 9 14:44:05 standalone object-server[129855]: 172.20.0.100 - - [09/Oct/2025:14:44:05 +0000] "GET /d1/143/AUTH_999a51e1ca114e11bcba401d9c4138e2/gnocchi.4dcd35d6-b269-4129-a882-60ce1c4165bb/1759320000.0_mean_300.0_v3" 404 70 "GET http://172.18.0.2:8080/v1/AUTH_999a51e1ca114e11bcba401d9c4138e2/gnocchi.4dcd35d6-b269-4129-a882-60ce1c4165bb/1759320000.0_mean_300.0_v3" "txaec7e86a69a74164865d4-0068e7ca35" "proxy-server 20" 0.0007 "-" 22 0
Oct 9 14:44:05 standalone proxy-server[131557]: 172.18.0.2 172.18.0.100 09/Oct/2025/14/44/05 GET /v1/AUTH_999a51e1ca114e11bcba401d9c4138e2/gnocchi.4dcd35d6-b269-4129-a882-60ce1c4165bb/1759320000.0_mean_300.0_v3 HTTP/1.0 404 - python-swiftclient-3.11.1 gAAAAABo58nI_iYl... - 70 - txaec7e86a69a74164865d4-0068e7ca35 - 0.0097 - - 1760021045.397998095 1760021045.407729387 0
Oct 9 14:44:05 standalone container-server[129621]: 172.20.0.100 - - [09/Oct/2025:14:44:05 +0000] "PUT /d1/423/AUTH_999a51e1ca114e11bcba401d9c4138e2/gnocchi.4dcd35d6-b269-4129-a882-60ce1c4165bb/1759320000.0_mean_300.0_v3" 201 - "PUT http://172.18.0.2:8080/d1/143/AUTH_999a51e1ca114e11bcba401d9c4138e2/gnocchi.4dcd35d6-b269-4129-a882-60ce1c4165bb/1759320000.0_mean_300.0_v3" "tx70ef7863ea274b44ad228-0068e7ca35" "object-server 22" 0.0011 "-" 17 0
Oct 9 14:44:05 standalone object-server[129855]: 172.20.0.100 - - [09/Oct/2025:14:44:05 +0000] "PUT /d1/143/AUTH_999a51e1ca114e11bcba401d9c4138e2/gnocchi.4dcd35d6-b269-4129-a882-60ce1c4165bb/1759320000.0_mean_300.0_v3" 201 - "PUT http://172.18.0.2:8080/v1/AUTH_999a51e1ca114e11bcba401d9c4138e2/gnocchi.4dcd35d6-b269-4129-a882-60ce1c4165bb/1759320000.0_mean_300.0_v3" "tx70ef7863ea274b44ad228-0068e7ca35" "proxy-server 20" 0.0322 "-" 22 0
Oct 9 14:44:05 standalone proxy-server[131557]: 172.18.0.2 172.18.0.100 09/Oct/2025/14/44/05 PUT /v1/AUTH_999a51e1ca114e11bcba401d9c4138e2/gnocchi.4dcd35d6-b269-4129-a882-60ce1c4165bb/1759320000.0_mean_300.0_v3 HTTP/1.0 201 - python-swiftclient-3.11.1 gAAAAABo58nI_iYl... 16 - - tx70ef7863ea274b44ad228-0068e7ca35 - 0.0404 - - 1760021045.412866831 1760021045.453277349 0
Oct 9 14:44:05 standalone container-server[129574]: 172.20.0.100 - - [09/Oct/2025:14:44:05 +0000] "PUT /d1/423/AUTH_999a51e1ca114e11bcba401d9c4138e2/gnocchi.4dcd35d6-b269-4129-a882-60ce1c4165bb/none_v3" 201 - "PUT http://172.18.0.2:8080/d1/739/AUTH_999a51e1ca114e11bcba401d9c4138e2/gnocchi.4dcd35d6-b269-4129-a882-60ce1c4165bb/none_v3" "tx041e6cbc79174fe1b409b-0068e7ca35" "object-server 22" 0.0008 "-" 15 0
Oct 9 14:44:05 standalone object-server[129855]: 172.20.0.100 - - [09/Oct/2025:14:44:05 +0000] "PUT /d1/739/AUTH_999a51e1ca114e11bcba401d9c4138e2/gnocchi.4dcd35d6-b269-4129-a882-60ce1c4165bb/none_v3" 201 - "PUT http://172.18.0.2:8080/v1/AUTH_999a51e1ca114e11bcba401d9c4138e2/gnocchi.4dcd35d6-b269-4129-a882-60ce1c4165bb/none_v3" "tx041e6cbc79174fe1b409b-0068e7ca35" "proxy-server 20" 0.0104 "-" 22 0
Oct 9 14:44:05 standalone proxy-server[131557]: 172.18.0.2 172.18.0.100 09/Oct/2025/14/44/05 PUT /v1/AUTH_999a51e1ca114e11bcba401d9c4138e2/gnocchi.4dcd35d6-b269-4129-a882-60ce1c4165bb/none_v3 HTTP/1.0 201 - python-swiftclient-3.11.1 gAAAAABo58nI_iYl... 22 - - tx041e6cbc79174fe1b409b-0068e7ca35 - 0.0189 - - 1760021045.457590342 1760021045.476470947 0
Oct 9 14:44:06 standalone object-server[129856]: 172.20.0.100 - - [09/Oct/2025:14:44:06 +0000] "GET /d1/739/AUTH_999a51e1ca114e11bcba401d9c4138e2/gnocchi.4dcd35d6-b269-4129-a882-60ce1c4165bb/none_v3" 200 22 "GET http://172.18.0.2:8080/v1/AUTH_999a51e1ca114e11bcba401d9c4138e2/gnocchi.4dcd35d6-b269-4129-a882-60ce1c4165bb/none_v3" "tx67a90748afa440b1bf96f-0068e7ca36" "proxy-server 20" 0.0012 "-" 23 0
Oct 9 14:44:06 standalone proxy-server[131557]: 172.18.0.2 172.18.0.100 09/Oct/2025/14/44/06 GET /v1/AUTH_999a51e1ca114e11bcba401d9c4138e2/gnocchi.4dcd35d6-b269-4129-a882-60ce1c4165bb/none_v3 HTTP/1.0 200 - python-swiftclient-3.11.1 gAAAAABo58nI_iYl... - 22 - tx67a90748afa440b1bf96f-0068e7ca36 - 0.0104 - - 1760021046.464564085 1760021046.474981308 0
Oct 9 14:44:06 standalone container-server[129574]: 172.20.0.100 - - [09/Oct/2025:14:44:06 +0000] "GET /d1/423/AUTH_999a51e1ca114e11bcba401d9c4138e2/gnocchi.4dcd35d6-b269-4129-a882-60ce1c4165bb" 200 357 "GET http://172.18.0.2:8080/v1/AUTH_999a51e1ca114e11bcba401d9c4138e2/gnocchi.4dcd35d6-b269-4129-a882-60ce1c4165bb?format=json&states=listing" "txc3b218cedb6b4457be382-0068e7ca36" "proxy-server 20" 0.0109 "-" 15 0
Oct 9 14:44:06 standalone proxy-server[131557]: 172.18.0.2 172.18.0.100 09/Oct/2025/14/44/06 GET /v1/AUTH_999a51e1ca114e11bcba401d9c4138e2/gnocchi.4dcd35d6-b269-4129-a882-60ce1c4165bb%3Fformat%3Djson%26states%3Dlisting HTTP/1.0 200 - python-swiftclient-3.11.1 gAAAAABo58nI_iYl... - 357 - txc3b218cedb6b4457be382-0068e7ca36 - 0.0201 - - 1760021046.478418350 1760021046.498489618 0
Oct 9 14:44:06 standalone container-server[129606]: 172.20.0.100 - - [09/Oct/2025:14:44:06 +0000] "GET /d1/423/AUTH_999a51e1ca114e11bcba401d9c4138e2/gnocchi.4dcd35d6-b269-4129-a882-60ce1c4165bb" 200 2 "GET http://172.18.0.2:8080/v1/AUTH_999a51e1ca114e11bcba401d9c4138e2/gnocchi.4dcd35d6-b269-4129-a882-60ce1c4165bb?format=json&marker=none_v3&states=listing" "txeb41a0f137c34c1c9f05d-0068e7ca36" "proxy-server 20" 0.0019 "-" 16 0
Oct 9 14:44:06 standalone proxy-server[131557]: 172.18.0.2 172.18.0.100 09/Oct/2025/14/44/06 GET /v1/AUTH_999a51e1ca114e11bcba401d9c4138e2/gnocchi.4dcd35d6-b269-4129-a882-60ce1c4165bb%3Fformat%3Djson%26marker%3Dnone_v3%26states%3Dlisting HTTP/1.0 200 - python-swiftclient-3.11.1 gAAAAABo58nI_iYl... - 2 - txeb41a0f137c34c1c9f05d-0068e7ca36 - 0.0100 - - 1760021046.502572298 1760021046.512589931 0
Oct 9 14:44:06 standalone object-server[129859]: 172.20.0.100 - - [09/Oct/2025:14:44:06 +0000] "GET /d1/143/AUTH_999a51e1ca114e11bcba401d9c4138e2/gnocchi.4dcd35d6-b269-4129-a882-60ce1c4165bb/1759320000.0_mean_300.0_v3" 200 16 "GET http://172.18.0.2:8080/v1/AUTH_999a51e1ca114e11bcba401d9c4138e2/gnocchi.4dcd35d6-b269-4129-a882-60ce1c4165bb/1759320000.0_mean_300.0_v3" "tx7018eb1636e54e39b9986-0068e7ca36" "proxy-server 20" 0.0009 "-" 25 0
Oct 9 14:44:06 standalone proxy-server[131557]: 172.18.0.2 172.18.0.100 09/Oct/2025/14/44/06 GET /v1/AUTH_999a51e1ca114e11bcba401d9c4138e2/gnocchi.4dcd35d6-b269-4129-a882-60ce1c4165bb/1759320000.0_mean_300.0_v3 HTTP/1.0 200 - python-swiftclient-3.11.1 gAAAAABo58nI_iYl... - 16 - tx7018eb1636e54e39b9986-0068e7ca36 - 0.0134 - - 1760021046.515758514 1760021046.529200554 0
Oct 9 14:44:06 standalone container-server[129621]: 172.20.0.100 - - [09/Oct/2025:14:44:06 +0000] "PUT /d1/423/AUTH_999a51e1ca114e11bcba401d9c4138e2/gnocchi.4dcd35d6-b269-4129-a882-60ce1c4165bb/1759320000.0_mean_300.0_v3" 201 - "PUT http://172.18.0.2:8080/d1/143/AUTH_999a51e1ca114e11bcba401d9c4138e2/gnocchi.4dcd35d6-b269-4129-a882-60ce1c4165bb/1759320000.0_mean_300.0_v3" "tx2000698cb9ba442281420-0068e7ca36" "object-server 22" 0.0006 "-" 17 0
Oct 9 14:44:06 standalone object-server[129855]: 172.20.0.100 - - [09/Oct/2025:14:44:06 +0000] "PUT /d1/143/AUTH_999a51e1ca114e11bcba401d9c4138e2/gnocchi.4dcd35d6-b269-4129-a882-60ce1c4165bb/1759320000.0_mean_300.0_v3" 201 - "PUT http://172.18.0.2:8080/v1/AUTH_999a51e1ca114e11bcba401d9c4138e2/gnocchi.4dcd35d6-b269-4129-a882-60ce1c4165bb/1759320000.0_mean_300.0_v3" "tx2000698cb9ba442281420-0068e7ca36" "proxy-server 20" 0.0110 "-" 22 0
Oct 9 14:44:06 standalone proxy-server[131557]: 172.18.0.2 172.18.0.100 09/Oct/2025/14/44/06 PUT /v1/AUTH_999a51e1ca114e11bcba401d9c4138e2/gnocchi.4dcd35d6-b269-4129-a882-60ce1c4165bb/1759320000.0_mean_300.0_v3 HTTP/1.0 201 - python-swiftclient-3.11.1 gAAAAABo58nI_iYl... 16 - - tx2000698cb9ba442281420-0068e7ca36 - 0.0182 - - 1760021046.531788826 1760021046.549983740 0
Oct 9 14:44:06 standalone container-server[129561]: 172.20.0.100 - - [09/Oct/2025:14:44:06 +0000] "PUT /d1/423/AUTH_999a51e1ca114e11bcba401d9c4138e2/gnocchi.4dcd35d6-b269-4129-a882-60ce1c4165bb/none_v3" 201 - "PUT http://172.18.0.2:8080/d1/739/AUTH_999a51e1ca114e11bcba401d9c4138e2/gnocchi.4dcd35d6-b269-4129-a882-60ce1c4165bb/none_v3" "txf6484d0f4b8545619bc2e-0068e7ca36" "object-server 22" 0.0011 "-" 14 0
Oct 9 14:44:06 standalone object-server[129855]: 172.20.0.100 - - [09/Oct/2025:14:44:06 +0000] "PUT /d1/739/AUTH_999a51e1ca114e11bcba401d9c4138e2/gnocchi.4dcd35d6-b269-4129-a882-60ce1c4165bb/none_v3" 201 - "PUT http://172.18.0.2:8080/v1/AUTH_999a51e1ca114e11bcba401d9c4138e2/gnocchi.4dcd35d6-b269-4129-a882-60ce1c4165bb/none_v3" "txf6484d0f4b8545619bc2e-0068e7ca36" "proxy-server 20" 0.0112 "-" 22 0
Oct 9 14:44:06 standalone proxy-server[131557]: 172.18.0.2 172.18.0.100 09/Oct/2025/14/44/06 PUT /v1/AUTH_999a51e1ca114e11bcba401d9c4138e2/gnocchi.4dcd35d6-b269-4129-a882-60ce1c4165bb/none_v3 HTTP/1.0 201 - python-swiftclient-3.11.1 gAAAAABo58nI_iYl... 31 - - txf6484d0f4b8545619bc2e-0068e7ca36 - 0.0190 - - 1760021046.552962542 1760021046.571938038 0
Oct 9 14:44:14 standalone object-server[129856]: 172.20.0.100 - - [09/Oct/2025:14:44:14 +0000] "GET /d1/240/AUTH_999a51e1ca114e11bcba401d9c4138e2/gnocchi.78d8cbd7-658e-4e07-ab60-719fb82ccdce/none_v3" 200 32 "GET http://172.18.0.2:8080/v1/AUTH_999a51e1ca114e11bcba401d9c4138e2/gnocchi.78d8cbd7-658e-4e07-ab60-719fb82ccdce/none_v3" "tx4d3721518abc4a6282fa8-0068e7ca3e" "proxy-server 20" 0.0012 "-" 23 0
Oct 9 14:44:14 standalone proxy-server[131557]: 172.18.0.2 172.18.0.100 09/Oct/2025/14/44/14 GET /v1/AUTH_999a51e1ca114e11bcba401d9c4138e2/gnocchi.78d8cbd7-658e-4e07-ab60-719fb82ccdce/none_v3 HTTP/1.0 200 - python-swiftclient-3.11.1 gAAAAABo58nI_iYl... - 32 - tx4d3721518abc4a6282fa8-0068e7ca3e - 0.0078 - - 1760021054.847288370 1760021054.855128527 0
Oct 9 14:44:14 standalone container-server[129621]: 172.20.0.100 - - [09/Oct/2025:14:44:14 +0000] "GET /d1/611/AUTH_999a51e1ca114e11bcba401d9c4138e2/gnocchi.78d8cbd7-658e-4e07-ab60-719fb82ccdce" 200 357 "GET http://172.18.0.2:8080/v1/AUTH_999a51e1ca114e11bcba401d9c4138e2/gnocchi.78d8cbd7-658e-4e07-ab60-719fb82ccdce?format=json&states=listing" "txc13949e3af504f1fb94aa-0068e7ca3e" "proxy-server 20" 0.0169 "-" 17 0
Oct 9 14:44:14 standalone proxy-server[131557]: 172.18.0.2 172.18.0.100 09/Oct/2025/14/44/14 GET /v1/AUTH_999a51e1ca114e11bcba401d9c4138e2/gnocchi.78d8cbd7-658e-4e07-ab60-719fb82ccdce%3Fformat%3Djson%26states%3Dlisting HTTP/1.0 200 - python-swiftclient-3.11.1 gAAAAABo58nI_iYl... - 357 - txc13949e3af504f1fb94aa-0068e7ca3e - 0.0254 - - 1760021054.862098932 1760021054.887512684 0
Oct 9 14:44:14 standalone container-server[129561]: 172.20.0.100 - - [09/Oct/2025:14:44:14 +0000] "GET /d1/611/AUTH_999a51e1ca114e11bcba401d9c4138e2/gnocchi.78d8cbd7-658e-4e07-ab60-719fb82ccdce" 200 2 "GET http://172.18.0.2:8080/v1/AUTH_999a51e1ca114e11bcba401d9c4138e2/gnocchi.78d8cbd7-658e-4e07-ab60-719fb82ccdce?format=json&marker=none_v3&states=listing" "tx9516f5c87b0d443cbe6da-0068e7ca3e" "proxy-server 20" 0.0036 "-" 14 0
Oct 9 14:44:14 standalone proxy-server[131557]: 172.18.0.2 172.18.0.100 09/Oct/2025/14/44/14 GET /v1/AUTH_999a51e1ca114e11bcba401d9c4138e2/gnocchi.78d8cbd7-658e-4e07-ab60-719fb82ccdce%3Fformat%3Djson%26marker%3Dnone_v3%26states%3Dlisting HTTP/1.0 200 - python-swiftclient-3.11.1 gAAAAABo58nI_iYl... - 2 - tx9516f5c87b0d443cbe6da-0068e7ca3e - 0.0110 - - 1760021054.891406536 1760021054.902416706 0
Oct 9 14:44:14 standalone object-server[129856]: 172.20.0.100 - - [09/Oct/2025:14:44:14 +0000] "GET /d1/855/AUTH_999a51e1ca114e11bcba401d9c4138e2/gnocchi.78d8cbd7-658e-4e07-ab60-719fb82ccdce/1759320000.0_mean_300.0_v3" 200 16 "GET http://172.18.0.2:8080/v1/AUTH_999a51e1ca114e11bcba401d9c4138e2/gnocchi.78d8cbd7-658e-4e07-ab60-719fb82ccdce/1759320000.0_mean_300.0_v3" "tx96bebef7fb974b4e89d60-0068e7ca3e" "proxy-server 20" 0.0008 "-" 23 0
Oct 9 14:44:14 standalone proxy-server[131557]: 172.18.0.2 172.18.0.100 09/Oct/2025/14/44/14 GET /v1/AUTH_999a51e1ca114e11bcba401d9c4138e2/gnocchi.78d8cbd7-658e-4e07-ab60-719fb82ccdce/1759320000.0_mean_300.0_v3 HTTP/1.0 200 - python-swiftclient-3.11.1 gAAAAABo58nI_iYl... - 16 - tx96bebef7fb974b4e89d60-0068e7ca3e - 0.0073 - - 1760021054.907504797 1760021054.914795876 0
Oct 9 14:44:14 standalone container-server[129606]: 172.20.0.100 - - [09/Oct/2025:14:44:14 +0000] "PUT /d1/611/AUTH_999a51e1ca114e11bcba401d9c4138e2/gnocchi.78d8cbd7-658e-4e07-ab60-719fb82ccdce/1759320000.0_mean_300.0_v3" 201 - "PUT http://172.18.0.2:8080/d1/855/AUTH_999a51e1ca114e11bcba401d9c4138e2/gnocchi.78d8cbd7-658e-4e07-ab60-719fb82ccdce/1759320000.0_mean_300.0_v3" "txba0c82e3f6c44de09015f-0068e7ca3e" "object-server 23" 0.0008 "-" 16 0
Oct 9 14:44:14 standalone object-server[129856]: 172.20.0.100 - - [09/Oct/2025:14:44:14 +0000] "PUT /d1/855/AUTH_999a51e1ca114e11bcba401d9c4138e2/gnocchi.78d8cbd7-658e-4e07-ab60-719fb82ccdce/1759320000.0_mean_300.0_v3" 201 - "PUT http://172.18.0.2:8080/v1/AUTH_999a51e1ca114e11bcba401d9c4138e2/gnocchi.78d8cbd7-658e-4e07-ab60-719fb82ccdce/1759320000.0_mean_300.0_v3" "txba0c82e3f6c44de09015f-0068e7ca3e" "proxy-server 20" 0.0162 "-" 23 0
Oct 9 14:44:14 standalone proxy-server[131557]: 172.18.0.2 172.18.0.100 09/Oct/2025/14/44/14 PUT /v1/AUTH_999a51e1ca114e11bcba401d9c4138e2/gnocchi.78d8cbd7-658e-4e07-ab60-719fb82ccdce/1759320000.0_mean_300.0_v3 HTTP/1.0 201 - python-swiftclient-3.11.1 gAAAAABo58nI_iYl... 16 - - txba0c82e3f6c44de09015f-0068e7ca3e - 0.0234 - - 1760021054.920666218 1760021054.944029808 0
Oct 9 14:44:14 standalone container-server[129606]: 172.20.0.100 - - [09/Oct/2025:14:44:14 +0000] "PUT /d1/611/AUTH_999a51e1ca114e11bcba401d9c4138e2/gnocchi.78d8cbd7-658e-4e07-ab60-719fb82ccdce/none_v3" 201 - "PUT http://172.18.0.2:8080/d1/240/AUTH_999a51e1ca114e11bcba401d9c4138e2/gnocchi.78d8cbd7-658e-4e07-ab60-719fb82ccdce/none_v3" "tx0b4208d7f9044dadbf153-0068e7ca3e" "object-server 23" 0.0011 "-" 16 0
Oct 9 14:44:14 standalone object-server[129856]: 172.20.0.100 - - [09/Oct/2025:14:44:14 +0000] "PUT /d1/240/AUTH_999a51e1ca114e11bcba401d9c4138e2/gnocchi.78d8cbd7-658e-4e07-ab60-719fb82ccdce/none_v3" 201 - "PUT http://172.18.0.2:8080/v1/AUTH_999a51e1ca114e11bcba401d9c4138e2/gnocchi.78d8cbd7-658e-4e07-ab60-719fb82ccdce/none_v3" "tx0b4208d7f9044dadbf153-0068e7ca3e" "proxy-server 20" 0.0110 "-" 23 0
Oct 9 14:44:14 standalone proxy-server[131557]: 172.18.0.2 172.18.0.100 09/Oct/2025/14/44/14 PUT /v1/AUTH_999a51e1ca114e11bcba401d9c4138e2/gnocchi.78d8cbd7-658e-4e07-ab60-719fb82ccdce/none_v3 HTTP/1.0 201 - python-swiftclient-3.11.1 gAAAAABo58nI_iYl... 46 - - tx0b4208d7f9044dadbf153-0068e7ca3e - 0.0204 - - 1760021054.949038744 1760021054.969463348 0
Oct 9 14:44:15 standalone object-server[129857]: 172.20.0.100 - - [09/Oct/2025:14:44:15 +0000] "GET /d1/240/AUTH_999a51e1ca114e11bcba401d9c4138e2/gnocchi.78d8cbd7-658e-4e07-ab60-719fb82ccdce/none_v3" 200 46 "GET http://172.18.0.2:8080/v1/AUTH_999a51e1ca114e11bcba401d9c4138e2/gnocchi.78d8cbd7-658e-4e07-ab60-719fb82ccdce/none_v3" "tx5db756fec99645a3b67b0-0068e7ca3f" "proxy-server 20" 0.0011 "-" 24 0
Oct 9 14:44:15 standalone proxy-server[131557]: 172.18.0.2 172.18.0.100 09/Oct/2025/14/44/15 GET /v1/AUTH_999a51e1ca114e11bcba401d9c4138e2/gnocchi.78d8cbd7-658e-4e07-ab60-719fb82ccdce/none_v3 HTTP/1.0 200 - python-swiftclient-3.11.1 gAAAAABo58nI_iYl... - 46 - tx5db756fec99645a3b67b0-0068e7ca3f - 0.0093 - - 1760021055.825901031 1760021055.835155725 0
Oct 9 14:44:15 standalone container-server[129621]: 172.20.0.100 - - [09/Oct/2025:14:44:15 +0000] "GET /d1/611/AUTH_999a51e1ca114e11bcba401d9c4138e2/gnocchi.78d8cbd7-658e-4e07-ab60-719fb82ccdce" 200 357 "GET http://172.18.0.2:8080/v1/AUTH_999a51e1ca114e11bcba401d9c4138e2/gnocchi.78d8cbd7-658e-4e07-ab60-719fb82ccdce?format=json&states=listing" "txe424229b9b4e458e9299d-0068e7ca3f" "proxy-server 20" 0.0120 "-" 17 0
Oct 9 14:44:15 standalone proxy-server[131557]: 172.18.0.2 172.18.0.100 09/Oct/2025/14/44/15 GET /v1/AUTH_999a51e1ca114e11bcba401d9c4138e2/gnocchi.78d8cbd7-658e-4e07-ab60-719fb82ccdce%3Fformat%3Djson%26states%3Dlisting HTTP/1.0 200 - python-swiftclient-3.11.1 gAAAAABo58nI_iYl... - 357 - txe424229b9b4e458e9299d-0068e7ca3f - 0.0213 - - 1760021055.840284348 1760021055.861602306 0
Oct 9 14:44:15 standalone container-server[129574]: 172.20.0.100 - - [09/Oct/2025:14:44:15 +0000] "GET /d1/611/AUTH_999a51e1ca114e11bcba401d9c4138e2/gnocchi.78d8cbd7-658e-4e07-ab60-719fb82ccdce" 200 2 "GET http://172.18.0.2:8080/v1/AUTH_999a51e1ca114e11bcba401d9c4138e2/gnocchi.78d8cbd7-658e-4e07-ab60-719fb82ccdce?format=json&marker=none_v3&states=listing" "tx82c3eb6323f642449393c-0068e7ca3f" "proxy-server 20" 0.0039 "-" 15 0
Oct 9 14:44:15 standalone proxy-server[131557]: 172.18.0.2 172.18.0.100 09/Oct/2025/14/44/15 GET /v1/AUTH_999a51e1ca114e11bcba401d9c4138e2/gnocchi.78d8cbd7-658e-4e07-ab60-719fb82ccdce%3Fformat%3Djson%26marker%3Dnone_v3%26states%3Dlisting HTTP/1.0 200 - python-swiftclient-3.11.1 gAAAAABo58nI_iYl... - 2 - tx82c3eb6323f642449393c-0068e7ca3f - 0.0120 - - 1760021055.868759632 1760021055.880729198 0
Oct 9 14:44:15 standalone object-server[129856]: 172.20.0.100 - - [09/Oct/2025:14:44:15 +0000] "GET /d1/855/AUTH_999a51e1ca114e11bcba401d9c4138e2/gnocchi.78d8cbd7-658e-4e07-ab60-719fb82ccdce/1759320000.0_mean_300.0_v3" 200 16 "GET http://172.18.0.2:8080/v1/AUTH_999a51e1ca114e11bcba401d9c4138e2/gnocchi.78d8cbd7-658e-4e07-ab60-719fb82ccdce/1759320000.0_mean_300.0_v3" "txcee20e2b19db46519fb12-0068e7ca3f" "proxy-server 20" 0.0011 "-" 23 0
Oct 9 14:44:15 standalone proxy-server[131557]: 172.18.0.2 172.18.0.100 09/Oct/2025/14/44/15 GET /v1/AUTH_999a51e1ca114e11bcba401d9c4138e2/gnocchi.78d8cbd7-658e-4e07-ab60-719fb82ccdce/1759320000.0_mean_300.0_v3 HTTP/1.0 200 - python-swiftclient-3.11.1 gAAAAABo58nI_iYl... - 16 - txcee20e2b19db46519fb12-0068e7ca3f - 0.0098 - - 1760021055.885240078 1760021055.895024061 0
Oct 9 14:44:15 standalone container-server[129606]: 172.20.0.100 - - [09/Oct/2025:14:44:15 +0000] "PUT /d1/611/AUTH_999a51e1ca114e11bcba401d9c4138e2/gnocchi.78d8cbd7-658e-4e07-ab60-719fb82ccdce/1759320000.0_mean_300.0_v3" 201 - "PUT http://172.18.0.2:8080/d1/855/AUTH_999a51e1ca114e11bcba401d9c4138e2/gnocchi.78d8cbd7-658e-4e07-ab60-719fb82ccdce/1759320000.0_mean_300.0_v3" "tx583301a525bd4339bf0e7-0068e7ca3f" "object-server 24" 0.0006 "-" 16 0
Oct 9 14:44:15 standalone object-server[129857]: 172.20.0.100 - - [09/Oct/2025:14:44:15 +0000] "PUT /d1/855/AUTH_999a51e1ca114e11bcba401d9c4138e2/gnocchi.78d8cbd7-658e-4e07-ab60-719fb82ccdce/1759320000.0_mean_300.0_v3" 201 - "PUT http://172.18.0.2:8080/v1/AUTH_999a51e1ca114e11bcba401d9c4138e2/gnocchi.78d8cbd7-658e-4e07-ab60-719fb82ccdce/1759320000.0_mean_300.0_v3" "tx583301a525bd4339bf0e7-0068e7ca3f" "proxy-server 20" 0.0086 "-" 24 0
Oct 9 14:44:15 standalone proxy-server[131557]: 172.18.0.2 172.18.0.100 09/Oct/2025/14/44/15 PUT /v1/AUTH_999a51e1ca114e11bcba401d9c4138e2/gnocchi.78d8cbd7-658e-4e07-ab60-719fb82ccdce/1759320000.0_mean_300.0_v3 HTTP/1.0 201 - python-swiftclient-3.11.1 gAAAAABo58nI_iYl... 16 - - tx583301a525bd4339bf0e7-0068e7ca3f - 0.0158 - - 1760021055.898973703 1760021055.914748192 0
Oct 9 14:44:15 standalone container-server[129561]: 172.20.0.100 - - [09/Oct/2025:14:44:15 +0000] "PUT /d1/611/AUTH_999a51e1ca114e11bcba401d9c4138e2/gnocchi.78d8cbd7-658e-4e07-ab60-719fb82ccdce/none_v3" 201 - "PUT http://172.18.0.2:8080/d1/240/AUTH_999a51e1ca114e11bcba401d9c4138e2/gnocchi.78d8cbd7-658e-4e07-ab60-719fb82ccdce/none_v3" "tx32899b10c31a4f80890dd-0068e7ca3f" "object-server 22" 0.0007 "-" 14 0
Oct 9 14:44:15 standalone object-server[129855]: 172.20.0.100 - - [09/Oct/2025:14:44:15 +0000] "PUT /d1/240/AUTH_999a51e1ca114e11bcba401d9c4138e2/gnocchi.78d8cbd7-658e-4e07-ab60-719fb82ccdce/none_v3" 201 - "PUT http://172.18.0.2:8080/v1/AUTH_999a51e1ca114e11bcba401d9c4138e2/gnocchi.78d8cbd7-658e-4e07-ab60-719fb82ccdce/none_v3" "tx32899b10c31a4f80890dd-0068e7ca3f" "proxy-server 20" 0.0097 "-" 22 0
Oct 9 14:44:15 standalone proxy-server[131557]: 172.18.0.2 172.18.0.100 09/Oct/2025/14/44/15 PUT /v1/AUTH_999a51e1ca114e11bcba401d9c4138e2/gnocchi.78d8cbd7-658e-4e07-ab60-719fb82ccdce/none_v3 HTTP/1.0 201 - python-swiftclient-3.11.1 gAAAAABo58nI_iYl... 51 - - tx32899b10c31a4f80890dd-0068e7ca3f - 0.0170 - - 1760021055.919244528 1760021055.936228037 0
Oct 9 14:44:15 standalone object-server[129856]: 172.20.0.100 - - [09/Oct/2025:14:44:15 +0000] "GET /d1/910/AUTH_999a51e1ca114e11bcba401d9c4138e2/gnocchi.49d5f1d1-c566-4c59-99b7-2295a02fd8d9/none_v3" 200 22 "GET http://172.18.0.2:8080/v1/AUTH_999a51e1ca114e11bcba401d9c4138e2/gnocchi.49d5f1d1-c566-4c59-99b7-2295a02fd8d9/none_v3" "tx5a02c8ff130f40f2999b7-0068e7ca3f" "proxy-server 20" 0.0008 "-" 23 0
Oct 9 14:44:15 standalone proxy-server[131557]: 172.18.0.2 172.18.0.100 09/Oct/2025/14/44/15 GET /v1/AUTH_999a51e1ca114e11bcba401d9c4138e2/gnocchi.49d5f1d1-c566-4c59-99b7-2295a02fd8d9/none_v3 HTTP/1.0 200 - python-swiftclient-3.11.1 gAAAAABo58nI_iYl... - 22 - tx5a02c8ff130f40f2999b7-0068e7ca3f - 0.0088 - - 1760021055.950729847 1760021055.959511042 0
Oct 9 14:44:15 standalone container-server[129621]: 172.20.0.100 - - [09/Oct/2025:14:44:15 +0000] "GET /d1/801/AUTH_999a51e1ca114e11bcba401d9c4138e2/gnocchi.49d5f1d1-c566-4c59-99b7-2295a02fd8d9" 200 357 "GET http://172.18.0.2:8080/v1/AUTH_999a51e1ca114e11bcba401d9c4138e2/gnocchi.49d5f1d1-c566-4c59-99b7-2295a02fd8d9?format=json&states=listing" "tx4ee66493ed0e4e1cbc07e-0068e7ca3f" "proxy-server 20" 0.0069 "-" 17 0
Oct 9 14:44:15 standalone proxy-server[131557]: 172.18.0.2 172.18.0.100 09/Oct/2025/14/44/15 GET /v1/AUTH_999a51e1ca114e11bcba401d9c4138e2/gnocchi.49d5f1d1-c566-4c59-99b7-2295a02fd8d9%3Fformat%3Djson%26states%3Dlisting HTTP/1.0 200 - python-swiftclient-3.11.1 gAAAAABo58nI_iYl... - 357 - tx4ee66493ed0e4e1cbc07e-0068e7ca3f - 0.0157 - - 1760021055.963492393 1760021055.979229927 0
Oct 9 14:44:15 standalone container-server[129606]: 172.20.0.100 - - [09/Oct/2025:14:44:15 +0000] "GET /d1/801/AUTH_999a51e1ca114e11bcba401d9c4138e2/gnocchi.49d5f1d1-c566-4c59-99b7-2295a02fd8d9" 200 2 "GET http://172.18.0.2:8080/v1/AUTH_999a51e1ca114e11bcba401d9c4138e2/gnocchi.49d5f1d1-c566-4c59-99b7-2295a02fd8d9?format=json&marker=none_v3&states=listing" "tx8d293baecb144d44b9f84-0068e7ca3f" "proxy-server 20" 0.0026 "-" 16 0
Oct 9 14:44:15 standalone proxy-server[131557]: 172.18.0.2 172.18.0.100 09/Oct/2025/14/44/15 GET /v1/AUTH_999a51e1ca114e11bcba401d9c4138e2/gnocchi.49d5f1d1-c566-4c59-99b7-2295a02fd8d9%3Fformat%3Djson%26marker%3Dnone_v3%26states%3Dlisting HTTP/1.0 200 - python-swiftclient-3.11.1 gAAAAABo58nI_iYl... - 2 - tx8d293baecb144d44b9f84-0068e7ca3f - 0.0107 - - 1760021055.982578516 1760021055.993288755 0
Oct 9 14:44:16 standalone object-server[129855]: 172.20.0.100 - - [09/Oct/2025:14:44:16 +0000] "GET /d1/362/AUTH_999a51e1ca114e11bcba401d9c4138e2/gnocchi.49d5f1d1-c566-4c59-99b7-2295a02fd8d9/1759320000.0_mean_300.0_v3" 200 16 "GET http://172.18.0.2:8080/v1/AUTH_999a51e1ca114e11bcba401d9c4138e2/gnocchi.49d5f1d1-c566-4c59-99b7-2295a02fd8d9/1759320000.0_mean_300.0_v3" "tx13ffb9c858404a828673c-0068e7ca3f" "proxy-server 20" 0.0008 "-" 22 0
Oct 9 14:44:16 standalone proxy-server[131557]: 172.18.0.2 172.18.0.100 09/Oct/2025/14/44/16 GET /v1/AUTH_999a51e1ca114e11bcba401d9c4138e2/gnocchi.49d5f1d1-c566-4c59-99b7-2295a02fd8d9/1759320000.0_mean_300.0_v3 HTTP/1.0 200 - python-swiftclient-3.11.1 gAAAAABo58nI_iYl... - 16 - tx13ffb9c858404a828673c-0068e7ca3f - 0.0075 - - 1760021055.997299910 1760021056.004759550 0
Oct 9 14:44:16 standalone container-server[129606]: 172.20.0.100 - - [09/Oct/2025:14:44:16 +0000] "PUT /d1/801/AUTH_999a51e1ca114e11bcba401d9c4138e2/gnocchi.49d5f1d1-c566-4c59-99b7-2295a02fd8d9/1759320000.0_mean_300.0_v3" 201 - "PUT http://172.18.0.2:8080/d1/362/AUTH_999a51e1ca114e11bcba401d9c4138e2/gnocchi.49d5f1d1-c566-4c59-99b7-2295a02fd8d9/1759320000.0_mean_300.0_v3" "tx994a5d19360b4b69b1fd9-0068e7ca40" "object-server 25" 0.0007 "-" 16 0
Oct 9 14:44:16 standalone object-server[129859]: 172.20.0.100 - - [09/Oct/2025:14:44:16 +0000] "PUT /d1/362/AUTH_999a51e1ca114e11bcba401d9c4138e2/gnocchi.49d5f1d1-c566-4c59-99b7-2295a02fd8d9/1759320000.0_mean_300.0_v3" 201 - "PUT http://172.18.0.2:8080/v1/AUTH_999a51e1ca114e11bcba401d9c4138e2/gnocchi.49d5f1d1-c566-4c59-99b7-2295a02fd8d9/1759320000.0_mean_300.0_v3" "tx994a5d19360b4b69b1fd9-0068e7ca40" "proxy-server 20" 0.0152 "-" 25 0
Oct 9 14:44:16 standalone proxy-server[131557]: 172.18.0.2 172.18.0.100 09/Oct/2025/14/44/16 PUT /v1/AUTH_999a51e1ca114e11bcba401d9c4138e2/gnocchi.49d5f1d1-c566-4c59-99b7-2295a02fd8d9/1759320000.0_mean_300.0_v3 HTTP/1.0 201 - python-swiftclient-3.11.1 gAAAAABo58nI_iYl... 16 - - tx994a5d19360b4b69b1fd9-0068e7ca40 - 0.0228 - - 1760021056.007935286 1760021056.030781507 0
Oct 9 14:44:16 standalone container-server[129606]: 172.20.0.100 - - [09/Oct/2025:14:44:16 +0000] "PUT /d1/801/AUTH_999a51e1ca114e11bcba401d9c4138e2/gnocchi.49d5f1d1-c566-4c59-99b7-2295a02fd8d9/none_v3" 201 - "PUT http://172.18.0.2:8080/d1/910/AUTH_999a51e1ca114e11bcba401d9c4138e2/gnocchi.49d5f1d1-c566-4c59-99b7-2295a02fd8d9/none_v3" "tx407ef46068044621bfff1-0068e7ca40" "object-server 24" 0.0005 "-" 16 0
Oct 9 14:44:16 standalone object-server[129857]: 172.20.0.100 - - [09/Oct/2025:14:44:16 +0000] "PUT /d1/910/AUTH_999a51e1ca114e11bcba401d9c4138e2/gnocchi.49d5f1d1-c566-4c59-99b7-2295a02fd8d9/none_v3" 201 - "PUT http://172.18.0.2:8080/v1/AUTH_999a51e1ca114e11bcba401d9c4138e2/gnocchi.49d5f1d1-c566-4c59-99b7-2295a02fd8d9/none_v3" "tx407ef46068044621bfff1-0068e7ca40" "proxy-server 20" 0.0096 "-" 24 0
Oct 9 14:44:16 standalone proxy-server[131557]: 172.18.0.2 172.18.0.100 09/Oct/2025/14/44/16 PUT /v1/AUTH_999a51e1ca114e11bcba401d9c4138e2/gnocchi.49d5f1d1-c566-4c59-99b7-2295a02fd8d9/none_v3 HTTP/1.0 201 - python-swiftclient-3.11.1 gAAAAABo58nI_iYl... 32 - - tx407ef46068044621bfff1-0068e7ca40 - 0.0165 - - 1760021056.034011841 1760021056.050524235 0
Oct 9 14:44:16 standalone object-server[129857]: 172.20.0.100 - - [09/Oct/2025:14:44:16 +0000] "GET /d1/968/AUTH_999a51e1ca114e11bcba401d9c4138e2/gnocchi.af55b9fb-8467-4bde-be94-8673bb787587/none_v3" 200 22 "GET http://172.18.0.2:8080/v1/AUTH_999a51e1ca114e11bcba401d9c4138e2/gnocchi.af55b9fb-8467-4bde-be94-8673bb787587/none_v3" "tx82a0aa2a37dc479ba4d28-0068e7ca40" "proxy-server 20" 0.0010 "-" 24 0
Oct 9 14:44:16 standalone proxy-server[131557]: 172.18.0.2 172.18.0.100 09/Oct/2025/14/44/16 GET /v1/AUTH_999a51e1ca114e11bcba401d9c4138e2/gnocchi.af55b9fb-8467-4bde-be94-8673bb787587/none_v3 HTTP/1.0 200 - python-swiftclient-3.11.1 gAAAAABo58nI_iYl... - 22 - tx82a0aa2a37dc479ba4d28-0068e7ca40 - 0.0089 - - 1760021056.060919762 1760021056.069774151 0
Oct 9 14:44:16 standalone container-server[129606]: 172.20.0.100 - - [09/Oct/2025:14:44:16 +0000] "GET /d1/814/AUTH_999a51e1ca114e11bcba401d9c4138e2/gnocchi.af55b9fb-8467-4bde-be94-8673bb787587" 200 357 "GET http://172.18.0.2:8080/v1/AUTH_999a51e1ca114e11bcba401d9c4138e2/gnocchi.af55b9fb-8467-4bde-be94-8673bb787587?format=json&states=listing" "txa9e5d6f520504c1fbbfaf-0068e7ca40" "proxy-server 20" 0.0090 "-" 16 0
Oct 9 14:44:16 standalone proxy-server[131557]: 172.18.0.2 172.18.0.100 09/Oct/2025/14/44/16 GET /v1/AUTH_999a51e1ca114e11bcba401d9c4138e2/gnocchi.af55b9fb-8467-4bde-be94-8673bb787587%3Fformat%3Djson%26states%3Dlisting HTTP/1.0 200 - python-swiftclient-3.11.1 gAAAAABo58nI_iYl... - 357 - txa9e5d6f520504c1fbbfaf-0068e7ca40 - 0.0179 - - 1760021056.073305368 1760021056.091242552 0
Oct 9 14:44:16 standalone container-server[129561]: 172.20.0.100 - - [09/Oct/2025:14:44:16 +0000] "GET /d1/814/AUTH_999a51e1ca114e11bcba401d9c4138e2/gnocchi.af55b9fb-8467-4bde-be94-8673bb787587" 200 2 "GET http://172.18.0.2:8080/v1/AUTH_999a51e1ca114e11bcba401d9c4138e2/gnocchi.af55b9fb-8467-4bde-be94-8673bb787587?format=json&marker=none_v3&states=listing" "tx035101ac5b3344cf99cfd-0068e7ca40" "proxy-server 20" 0.0037 "-" 14 0
Oct 9 14:44:16 standalone proxy-server[131557]: 172.18.0.2 172.18.0.100 09/Oct/2025/14/44/16 GET /v1/AUTH_999a51e1ca114e11bcba401d9c4138e2/gnocchi.af55b9fb-8467-4bde-be94-8673bb787587%3Fformat%3Djson%26marker%3Dnone_v3%26states%3Dlisting HTTP/1.0 200 - python-swiftclient-3.11.1 gAAAAABo58nI_iYl... - 2 - tx035101ac5b3344cf99cfd-0068e7ca40 - 0.0118 - - 1760021056.095510006 1760021056.107308149 0
Oct 9 14:44:16 standalone object-server[129857]: 172.20.0.100 - - [09/Oct/2025:14:44:16 +0000] "GET /d1/49/AUTH_999a51e1ca114e11bcba401d9c4138e2/gnocchi.af55b9fb-8467-4bde-be94-8673bb787587/1759320000.0_mean_300.0_v3" 200 16 "GET http://172.18.0.2:8080/v1/AUTH_999a51e1ca114e11bcba401d9c4138e2/gnocchi.af55b9fb-8467-4bde-be94-8673bb787587/1759320000.0_mean_300.0_v3" "tx00bcb1fe2c3c42aabbc0c-0068e7ca40" "proxy-server 20" 0.0008 "-" 24 0
Oct 9 14:44:16 standalone proxy-server[131557]: 172.18.0.2 172.18.0.100 09/Oct/2025/14/44/16 GET /v1/AUTH_999a51e1ca114e11bcba401d9c4138e2/gnocchi.af55b9fb-8467-4bde-be94-8673bb787587/1759320000.0_mean_300.0_v3 HTTP/1.0 200 - python-swiftclient-3.11.1 gAAAAABo58nI_iYl... - 16 - tx00bcb1fe2c3c42aabbc0c-0068e7ca40 - 0.0078 - - 1760021056.112859249 1760021056.120611906 0
Oct 9 14:44:16 standalone container-server[129621]: 172.20.0.100 - - [09/Oct/2025:14:44:16 +0000] "PUT /d1/814/AUTH_999a51e1ca114e11bcba401d9c4138e2/gnocchi.af55b9fb-8467-4bde-be94-8673bb787587/1759320000.0_mean_300.0_v3" 201 - "PUT http://172.18.0.2:8080/d1/49/AUTH_999a51e1ca114e11bcba401d9c4138e2/gnocchi.af55b9fb-8467-4bde-be94-8673bb787587/1759320000.0_mean_300.0_v3" "tx26fa2761fc684bfd89f74-0068e7ca40" "object-server 25" 0.0014 "-" 17 0
Oct 9 14:44:16 standalone object-server[129859]: 172.20.0.100 - - [09/Oct/2025:14:44:16 +0000] "PUT /d1/49/AUTH_999a51e1ca114e11bcba401d9c4138e2/gnocchi.af55b9fb-8467-4bde-be94-8673bb787587/1759320000.0_mean_300.0_v3" 201 - "PUT http://172.18.0.2:8080/v1/AUTH_999a51e1ca114e11bcba401d9c4138e2/gnocchi.af55b9fb-8467-4bde-be94-8673bb787587/1759320000.0_mean_300.0_v3" "tx26fa2761fc684bfd89f74-0068e7ca40" "proxy-server 20" 0.0130 "-" 25 0
Oct 9 14:44:16 standalone proxy-server[131557]: 172.18.0.2 172.18.0.100 09/Oct/2025/14/44/16 PUT /v1/AUTH_999a51e1ca114e11bcba401d9c4138e2/gnocchi.af55b9fb-8467-4bde-be94-8673bb787587/1759320000.0_mean_300.0_v3 HTTP/1.0 201 - python-swiftclient-3.11.1 gAAAAABo58nI_iYl... 16 - - tx26fa2761fc684bfd89f74-0068e7ca40 - 0.0205 - - 1760021056.124168634 1760021056.144644022 0
Oct 9 14:44:16 standalone container-server[129606]: 172.20.0.100 - - [09/Oct/2025:14:44:16 +0000] "PUT /d1/814/AUTH_999a51e1ca114e11bcba401d9c4138e2/gnocchi.af55b9fb-8467-4bde-be94-8673bb787587/none_v3" 201 - "PUT http://172.18.0.2:8080/d1/968/AUTH_999a51e1ca114e11bcba401d9c4138e2/gnocchi.af55b9fb-8467-4bde-be94-8673bb787587/none_v3" "tx55978a2571dc47e5ad19f-0068e7ca40" "object-server 23" 0.0008 "-" 16 0
Oct 9 14:44:16 standalone object-server[129856]: 172.20.0.100 - - [09/Oct/2025:14:44:16 +0000] "PUT /d1/968/AUTH_999a51e1ca114e11bcba401d9c4138e2/gnocchi.af55b9fb-8467-4bde-be94-8673bb787587/none_v3" 201 - "PUT http://172.18.0.2:8080/v1/AUTH_999a51e1ca114e11bcba401d9c4138e2/gnocchi.af55b9fb-8467-4bde-be94-8673bb787587/none_v3" "tx55978a2571dc47e5ad19f-0068e7ca40" "proxy-server 20" 0.0116 "-" 23 0
Oct 9 14:44:16 standalone proxy-server[131557]: 172.18.0.2 172.18.0.100 09/Oct/2025/14/44/16 PUT /v1/AUTH_999a51e1ca114e11bcba401d9c4138e2/gnocchi.af55b9fb-8467-4bde-be94-8673bb787587/none_v3 HTTP/1.0 201 - python-swiftclient-3.11.1 gAAAAABo58nI_iYl... 32 - - tx55978a2571dc47e5ad19f-0068e7ca40 - 0.0184 - - 1760021056.148069620 1760021056.166465998 0
Oct 9 14:44:16 standalone object-server[129855]: 172.20.0.100 - - [09/Oct/2025:14:44:16 +0000] "GET /d1/500/AUTH_999a51e1ca114e11bcba401d9c4138e2/gnocchi.2ccb1868-5e6d-4731-8ad1-99de04a125cf/none_v3" 200 22 "GET http://172.18.0.2:8080/v1/AUTH_999a51e1ca114e11bcba401d9c4138e2/gnocchi.2ccb1868-5e6d-4731-8ad1-99de04a125cf/none_v3" "tx100722e29ade4440b85a3-0068e7ca40" "proxy-server 20" 0.0008 "-" 22 0
Oct 9 14:44:16 standalone proxy-server[131557]: 172.18.0.2 172.18.0.100 09/Oct/2025/14/44/16 GET /v1/AUTH_999a51e1ca114e11bcba401d9c4138e2/gnocchi.2ccb1868-5e6d-4731-8ad1-99de04a125cf/none_v3 HTTP/1.0 200 - python-swiftclient-3.11.1 gAAAAABo58nI_iYl... - 22 - tx100722e29ade4440b85a3-0068e7ca40 - 0.0082 - - 1760021056.178612947 1760021056.186787605 0
Oct 9 14:44:16 standalone container-server[129574]: 172.20.0.100 - - [09/Oct/2025:14:44:16 +0000] "GET /d1/360/AUTH_999a51e1ca114e11bcba401d9c4138e2/gnocchi.2ccb1868-5e6d-4731-8ad1-99de04a125cf" 200 357 "GET http://172.18.0.2:8080/v1/AUTH_999a51e1ca114e11bcba401d9c4138e2/gnocchi.2ccb1868-5e6d-4731-8ad1-99de04a125cf?format=json&states=listing" "tx67facac2d9b94a129e2c4-0068e7ca40" "proxy-server 20" 0.0097 "-" 15 0
Oct 9 14:44:16 standalone proxy-server[131557]: 172.18.0.2 172.18.0.100 09/Oct/2025/14/44/16 GET /v1/AUTH_999a51e1ca114e11bcba401d9c4138e2/gnocchi.2ccb1868-5e6d-4731-8ad1-99de04a125cf%3Fformat%3Djson%26states%3Dlisting HTTP/1.0 200 - python-swiftclient-3.11.1 gAAAAABo58nI_iYl... - 357 - tx67facac2d9b94a129e2c4-0068e7ca40 - 0.0174 - - 1760021056.190249205 1760021056.207644701 0
Oct 9 14:44:16 standalone container-server[129606]: 172.20.0.100 - - [09/Oct/2025:14:44:16 +0000] "GET /d1/360/AUTH_999a51e1ca114e11bcba401d9c4138e2/gnocchi.2ccb1868-5e6d-4731-8ad1-99de04a125cf" 200 2 "GET http://172.18.0.2:8080/v1/AUTH_999a51e1ca114e11bcba401d9c4138e2/gnocchi.2ccb1868-5e6d-4731-8ad1-99de04a125cf?format=json&marker=none_v3&states=listing" "txdd32d70347fa4deb97bdb-0068e7ca40" "proxy-server 20" 0.0035 "-" 16 0
Oct 9 14:44:16 standalone proxy-server[131557]: 172.18.0.2 172.18.0.100 09/Oct/2025/14/44/16 GET /v1/AUTH_999a51e1ca114e11bcba401d9c4138e2/gnocchi.2ccb1868-5e6d-4731-8ad1-99de04a125cf%3Fformat%3Djson%26marker%3Dnone_v3%26states%3Dlisting HTTP/1.0 200 - python-swiftclient-3.11.1 gAAAAABo58nI_iYl... - 2 - txdd32d70347fa4deb97bdb-0068e7ca40 - 0.0119 - - 1760021056.210841894 1760021056.222766399 0
Oct 9 14:44:16 standalone object-server[129857]: 172.20.0.100 - - [09/Oct/2025:14:44:16 +0000] "GET /d1/53/AUTH_999a51e1ca114e11bcba401d9c4138e2/gnocchi.2ccb1868-5e6d-4731-8ad1-99de04a125cf/1759320000.0_mean_300.0_v3" 200 16 "GET http://172.18.0.2:8080/v1/AUTH_999a51e1ca114e11bcba401d9c4138e2/gnocchi.2ccb1868-5e6d-4731-8ad1-99de04a125cf/1759320000.0_mean_300.0_v3" "tx57a2befdaedd40869791b-0068e7ca40" "proxy-server 20" 0.0008 "-" 24 0
Oct 9 14:44:16 standalone proxy-server[131557]: 172.18.0.2 172.18.0.100 09/Oct/2025/14/44/16 GET /v1/AUTH_999a51e1ca114e11bcba401d9c4138e2/gnocchi.2ccb1868-5e6d-4731-8ad1-99de04a125cf/1759320000.0_mean_300.0_v3 HTTP/1.0 200 - python-swiftclient-3.11.1 gAAAAABo58nI_iYl... - 16 - tx57a2befdaedd40869791b-0068e7ca40 - 0.0078 - - 1760021056.227263212 1760021056.235085487 0
Oct 9 14:44:16 standalone container-server[129606]: 172.20.0.100 - - [09/Oct/2025:14:44:16 +0000] "PUT /d1/360/AUTH_999a51e1ca114e11bcba401d9c4138e2/gnocchi.2ccb1868-5e6d-4731-8ad1-99de04a125cf/1759320000.0_mean_300.0_v3" 201 - "PUT http://172.18.0.2:8080/d1/53/AUTH_999a51e1ca114e11bcba401d9c4138e2/gnocchi.2ccb1868-5e6d-4731-8ad1-99de04a125cf/1759320000.0_mean_300.0_v3" "txe19fbdafec9c4006afdcf-0068e7ca40" "object-server 24" 0.0008 "-" 16 0
Oct 9 14:44:16 standalone object-server[129857]: 172.20.0.100 - - [09/Oct/2025:14:44:16 +0000] "PUT /d1/53/AUTH_999a51e1ca114e11bcba401d9c4138e2/gnocchi.2ccb1868-5e6d-4731-8ad1-99de04a125cf/1759320000.0_mean_300.0_v3" 201 - "PUT http://172.18.0.2:8080/v1/AUTH_999a51e1ca114e11bcba401d9c4138e2/gnocchi.2ccb1868-5e6d-4731-8ad1-99de04a125cf/1759320000.0_mean_300.0_v3" "txe19fbdafec9c4006afdcf-0068e7ca40" "proxy-server 20" 0.0112 "-" 24 0
Oct 9 14:44:16 standalone proxy-server[131557]: 172.18.0.2 172.18.0.100 09/Oct/2025/14/44/16 PUT /v1/AUTH_999a51e1ca114e11bcba401d9c4138e2/gnocchi.2ccb1868-5e6d-4731-8ad1-99de04a125cf/1759320000.0_mean_300.0_v3 HTTP/1.0 201 - python-swiftclient-3.11.1 gAAAAABo58nI_iYl... 16 - - txe19fbdafec9c4006afdcf-0068e7ca40 - 0.0192 - - 1760021056.238673925 1760021056.257908583 0
Oct 9 14:44:16 standalone container-server[129606]: 172.20.0.100 - - [09/Oct/2025:14:44:16 +0000] "PUT /d1/360/AUTH_999a51e1ca114e11bcba401d9c4138e2/gnocchi.2ccb1868-5e6d-4731-8ad1-99de04a125cf/none_v3" 201 - "PUT http://172.18.0.2:8080/d1/500/AUTH_999a51e1ca114e11bcba401d9c4138e2/gnocchi.2ccb1868-5e6d-4731-8ad1-99de04a125cf/none_v3" "tx3b4b335c2bfc41bdbdb75-0068e7ca40" "object-server 24" 0.0005 "-" 16 0
Oct 9 14:44:16 standalone object-server[129857]: 172.20.0.100 - - [09/Oct/2025:14:44:16 +0000] "PUT /d1/500/AUTH_999a51e1ca114e11bcba401d9c4138e2/gnocchi.2ccb1868-5e6d-4731-8ad1-99de04a125cf/none_v3" 201 - "PUT http://172.18.0.2:8080/v1/AUTH_999a51e1ca114e11bcba401d9c4138e2/gnocchi.2ccb1868-5e6d-4731-8ad1-99de04a125cf/none_v3" "tx3b4b335c2bfc41bdbdb75-0068e7ca40" "proxy-server 20" 0.0090 "-" 24 0
Oct 9 14:44:16 standalone proxy-server[131557]: 172.18.0.2 172.18.0.100 09/Oct/2025/14/44/16 PUT /v1/AUTH_999a51e1ca114e11bcba401d9c4138e2/gnocchi.2ccb1868-5e6d-4731-8ad1-99de04a125cf/none_v3 HTTP/1.0 201 - python-swiftclient-3.11.1 gAAAAABo58nI_iYl... 32 - - tx3b4b335c2bfc41bdbdb75-0068e7ca40 - 0.0152 - - 1760021056.261017323 1760021056.276208639 0
Oct 9 14:44:16 standalone object-server[129855]: 172.20.0.100 - - [09/Oct/2025:14:44:16 +0000] "GET /d1/334/AUTH_999a51e1ca114e11bcba401d9c4138e2/gnocchi.631c965c-7802-4e8a-935b-8bc6b4cfb9c6/none_v3" 200 22 "GET http://172.18.0.2:8080/v1/AUTH_999a51e1ca114e11bcba401d9c4138e2/gnocchi.631c965c-7802-4e8a-935b-8bc6b4cfb9c6/none_v3" "tx82c417d59e85439394517-0068e7ca40" "proxy-server 20" 0.0007 "-" 22 0
Oct 9 14:44:16 standalone proxy-server[131557]: 172.18.0.2 172.18.0.100 09/Oct/2025/14/44/16 GET /v1/AUTH_999a51e1ca114e11bcba401d9c4138e2/gnocchi.631c965c-7802-4e8a-935b-8bc6b4cfb9c6/none_v3 HTTP/1.0 200 - python-swiftclient-3.11.1 gAAAAABo58nI_iYl... - 22 - tx82c417d59e85439394517-0068e7ca40 - 0.0079 - - 1760021056.285928011 1760021056.293851852 0
Oct 9 14:44:16 standalone container-server[129606]: 172.20.0.100 - - [09/Oct/2025:14:44:16 +0000] "GET /d1/56/AUTH_999a51e1ca114e11bcba401d9c4138e2/gnocchi.631c965c-7802-4e8a-935b-8bc6b4cfb9c6" 200 357 "GET http://172.18.0.2:8080/v1/AUTH_999a51e1ca114e11bcba401d9c4138e2/gnocchi.631c965c-7802-4e8a-935b-8bc6b4cfb9c6?format=json&states=listing" "txaacdf1beb127444fb1347-0068e7ca40" "proxy-server 20" 0.0094 "-" 16 0
Oct 9 14:44:16 standalone proxy-server[131557]: 172.18.0.2 172.18.0.100 09/Oct/2025/14/44/16 GET /v1/AUTH_999a51e1ca114e11bcba401d9c4138e2/gnocchi.631c965c-7802-4e8a-935b-8bc6b4cfb9c6%3Fformat%3Djson%26states%3Dlisting HTTP/1.0 200 - python-swiftclient-3.11.1 gAAAAABo58nI_iYl... - 357 - txaacdf1beb127444fb1347-0068e7ca40 - 0.0174 - - 1760021056.297460556 1760021056.314817190 0
Oct 9 14:44:16 standalone container-server[129621]: 172.20.0.100 - - [09/Oct/2025:14:44:16 +0000] "GET /d1/56/AUTH_999a51e1ca114e11bcba401d9c4138e2/gnocchi.631c965c-7802-4e8a-935b-8bc6b4cfb9c6" 200 2 "GET http://172.18.0.2:8080/v1/AUTH_999a51e1ca114e11bcba401d9c4138e2/gnocchi.631c965c-7802-4e8a-935b-8bc6b4cfb9c6?format=json&marker=none_v3&states=listing" "tx95000ac62a204fe49cece-0068e7ca40" "proxy-server 20" 0.0043 "-" 17 0
Oct 9 14:44:16 standalone proxy-server[131557]: 172.18.0.2 172.18.0.100 09/Oct/2025/14/44/16 GET /v1/AUTH_999a51e1ca114e11bcba401d9c4138e2/gnocchi.631c965c-7802-4e8a-935b-8bc6b4cfb9c6%3Fformat%3Djson%26marker%3Dnone_v3%26states%3Dlisting HTTP/1.0 200 - python-swiftclient-3.11.1 gAAAAABo58nI_iYl... - 2 - tx95000ac62a204fe49cece-0068e7ca40 - 0.0136 - - 1760021056.317688942 1760021056.331332207 0
Oct 9 14:44:16 standalone object-server[129856]: 172.20.0.100 - - [09/Oct/2025:14:44:16 +0000] "GET /d1/807/AUTH_999a51e1ca114e11bcba401d9c4138e2/gnocchi.631c965c-7802-4e8a-935b-8bc6b4cfb9c6/1759320000.0_mean_300.0_v3" 200 16 "GET http://172.18.0.2:8080/v1/AUTH_999a51e1ca114e11bcba401d9c4138e2/gnocchi.631c965c-7802-4e8a-935b-8bc6b4cfb9c6/1759320000.0_mean_300.0_v3" "txb3a3e01d81b14835889f8-0068e7ca40" "proxy-server 20" 0.0006 "-" 23 0
Oct 9 14:44:16 standalone proxy-server[131557]: 172.18.0.2 172.18.0.100 09/Oct/2025/14/44/16 GET /v1/AUTH_999a51e1ca114e11bcba401d9c4138e2/gnocchi.631c965c-7802-4e8a-935b-8bc6b4cfb9c6/1759320000.0_mean_300.0_v3 HTTP/1.0 200 - python-swiftclient-3.11.1 gAAAAABo58nI_iYl... - 16 - txb3a3e01d81b14835889f8-0068e7ca40 - 0.0080 - - 1760021056.334646702 1760021056.342667341 0
Oct 9 14:44:16 standalone container-server[129621]: 172.20.0.100 - - [09/Oct/2025:14:44:16 +0000] "PUT /d1/56/AUTH_999a51e1ca114e11bcba401d9c4138e2/gnocchi.631c965c-7802-4e8a-935b-8bc6b4cfb9c6/1759320000.0_mean_300.0_v3" 201 - "PUT http://172.18.0.2:8080/d1/807/AUTH_999a51e1ca114e11bcba401d9c4138e2/gnocchi.631c965c-7802-4e8a-935b-8bc6b4cfb9c6/1759320000.0_mean_300.0_v3" "tx8e3d1b0e2a7d4a7a8cd90-0068e7ca40" "object-server 24" 0.0011 "-" 17 0
Oct 9 14:44:16 standalone object-server[129857]: 172.20.0.100 - - [09/Oct/2025:14:44:16 +0000] "PUT /d1/807/AUTH_999a51e1ca114e11bcba401d9c4138e2/gnocchi.631c965c-7802-4e8a-935b-8bc6b4cfb9c6/1759320000.0_mean_300.0_v3" 201 - "PUT http://172.18.0.2:8080/v1/AUTH_999a51e1ca114e11bcba401d9c4138e2/gnocchi.631c965c-7802-4e8a-935b-8bc6b4cfb9c6/1759320000.0_mean_300.0_v3" "tx8e3d1b0e2a7d4a7a8cd90-0068e7ca40" "proxy-server 20" 0.0114 "-" 24 0
Oct 9 14:44:16 standalone proxy-server[131557]: 172.18.0.2 172.18.0.100 09/Oct/2025/14/44/16 PUT /v1/AUTH_999a51e1ca114e11bcba401d9c4138e2/gnocchi.631c965c-7802-4e8a-935b-8bc6b4cfb9c6/1759320000.0_mean_300.0_v3 HTTP/1.0 201 - python-swiftclient-3.11.1 gAAAAABo58nI_iYl... 16 - - tx8e3d1b0e2a7d4a7a8cd90-0068e7ca40 - 0.0187 - - 1760021056.345324755 1760021056.364020109 0
Oct 9 14:44:16 standalone container-server[129574]: 172.20.0.100 - - [09/Oct/2025:14:44:16 +0000] "PUT /d1/56/AUTH_999a51e1ca114e11bcba401d9c4138e2/gnocchi.631c965c-7802-4e8a-935b-8bc6b4cfb9c6/none_v3" 201 - "PUT http://172.18.0.2:8080/d1/334/AUTH_999a51e1ca114e11bcba401d9c4138e2/gnocchi.631c965c-7802-4e8a-935b-8bc6b4cfb9c6/none_v3" "txeaec0a58c6894499b7629-0068e7ca40" "object-server 23" 0.0004 "-" 15 0
Oct 9 14:44:16 standalone object-server[129856]: 172.20.0.100 - - [09/Oct/2025:14:44:16 +0000] "PUT /d1/334/AUTH_999a51e1ca114e11bcba401d9c4138e2/gnocchi.631c965c-7802-4e8a-935b-8bc6b4cfb9c6/none_v3" 201 - "PUT http://172.18.0.2:8080/v1/AUTH_999a51e1ca114e11bcba401d9c4138e2/gnocchi.631c965c-7802-4e8a-935b-8bc6b4cfb9c6/none_v3" "txeaec0a58c6894499b7629-0068e7ca40" "proxy-server 20" 0.0090 "-" 23 0
Oct 9 14:44:16 standalone proxy-server[131557]: 172.18.0.2 172.18.0.100 09/Oct/2025/14/44/16 PUT /v1/AUTH_999a51e1ca114e11bcba401d9c4138e2/gnocchi.631c965c-7802-4e8a-935b-8bc6b4cfb9c6/none_v3 HTTP/1.0 201 - python-swiftclient-3.11.1 gAAAAABo58nI_iYl... 32 - - txeaec0a58c6894499b7629-0068e7ca40 - 0.0152 - - 1760021056.366518021 1760021056.381707430 0
Oct 9 14:44:17 standalone account-server[129401]: 172.20.0.100 - - [09/Oct/2025:14:44:17 +0000] "HEAD /d1/534/.expiring_objects" 404 - "HEAD http://localhost/v1/.expiring_objects?format=json" "tx4b5bb4e7d6dc4b708f209-0068e7ca41" "proxy-server 2" 0.0007 "-" 17 -
Oct 9 14:44:17 standalone object-expirer[129671]: Pass completed in 0s; 0 objects expired (txn: tx4b5bb4e7d6dc4b708f209-0068e7ca41)
Oct 9 14:44:19 standalone account-server[129447]: 172.20.0.100 - - [09/Oct/2025:14:44:19 +0000] "HEAD /d1/460/AUTH_999a51e1ca114e11bcba401d9c4138e2" 204 - "HEAD http://172.18.0.2:8080/v1/AUTH_999a51e1ca114e11bcba401d9c4138e2?format=json" "tx13bb10dcdd3e4aa48d945-0068e7ca43" "proxy-server 20" 0.0057 "-" 21 -
Oct 9 14:44:19 standalone proxy-server[131557]: - - 09/Oct/2025/14/44/19 HEAD /v1/AUTH_999a51e1ca114e11bcba401d9c4138e2%3Fformat%3Djson HTTP/1.0 204 - Swift - - - - tx13bb10dcdd3e4aa48d945-0068e7ca43 - 0.0112 RL - 1760021059.598752022 1760021059.609911203 -
Oct 9 14:44:19 standalone container-server[129574]: 172.20.0.100 - - [09/Oct/2025:14:44:19 +0000] "HEAD /d1/765/AUTH_999a51e1ca114e11bcba401d9c4138e2/gnocchi.f77a44ab-0ea2-4f43-83fe-830f73d2afd5" 404 - "HEAD http://172.18.0.2:8080/v1/AUTH_999a51e1ca114e11bcba401d9c4138e2/gnocchi.f77a44ab-0ea2-4f43-83fe-830f73d2afd5?format=json&states=listing" "tx13bb10dcdd3e4aa48d945-0068e7ca43" "proxy-server 20" 0.0008 "-" 15 0
Oct 9 14:44:19 standalone object-server[129856]: 172.20.0.100 - - [09/Oct/2025:14:44:19 +0000] "GET /d1/82/AUTH_999a51e1ca114e11bcba401d9c4138e2/gnocchi.f77a44ab-0ea2-4f43-83fe-830f73d2afd5/none_v3" 404 70 "GET http://172.18.0.2:8080/v1/AUTH_999a51e1ca114e11bcba401d9c4138e2/gnocchi.f77a44ab-0ea2-4f43-83fe-830f73d2afd5/none_v3" "tx13bb10dcdd3e4aa48d945-0068e7ca43" "proxy-server 20" 0.0006 "-" 23 0
Oct 9 14:44:19 standalone proxy-server[131557]: 172.18.0.2 172.18.0.100 09/Oct/2025/14/44/19 GET /v1/AUTH_999a51e1ca114e11bcba401d9c4138e2/gnocchi.f77a44ab-0ea2-4f43-83fe-830f73d2afd5/none_v3 HTTP/1.0 404 - python-swiftclient-3.11.1 gAAAAABo58nI_iYl... - 70 - tx13bb10dcdd3e4aa48d945-0068e7ca43 - 0.0292 - - 1760021059.597520590 1760021059.626718998 0
Oct 9 14:44:19 standalone account-server[129434]: 172.20.0.100 - - [09/Oct/2025:14:44:19 +0000] "PUT /d1/460/AUTH_999a51e1ca114e11bcba401d9c4138e2/gnocchi.f77a44ab-0ea2-4f43-83fe-830f73d2afd5" 201 - "PUT http://172.20.0.100:6001/d1/765/AUTH_999a51e1ca114e11bcba401d9c4138e2/gnocchi.f77a44ab-0ea2-4f43-83fe-830f73d2afd5" "tx9731f787d4654098a81ee-0068e7ca43" "container-server 15" 0.0013 "-" 18 0
Oct 9 14:44:19 standalone container-server[129574]: 172.20.0.100 - - [09/Oct/2025:14:44:19 +0000] "PUT /d1/765/AUTH_999a51e1ca114e11bcba401d9c4138e2/gnocchi.f77a44ab-0ea2-4f43-83fe-830f73d2afd5" 201 - "PUT http://172.18.0.2:8080/v1/AUTH_999a51e1ca114e11bcba401d9c4138e2/gnocchi.f77a44ab-0ea2-4f43-83fe-830f73d2afd5" "tx9731f787d4654098a81ee-0068e7ca43" "proxy-server 20" 0.0144 "-" 15 0
Oct 9 14:44:19 standalone proxy-server[131557]: 172.18.0.2 172.18.0.100 09/Oct/2025/14/44/19 PUT /v1/AUTH_999a51e1ca114e11bcba401d9c4138e2/gnocchi.f77a44ab-0ea2-4f43-83fe-830f73d2afd5 HTTP/1.0 201 - python-swiftclient-3.11.1 gAAAAABo58nI_iYl... - - - tx9731f787d4654098a81ee-0068e7ca43 - 0.0215 - - 1760021059.630774498 1760021059.652266979 0
Oct 9 14:44:19 standalone container-server[129561]: 172.20.0.100 - - [09/Oct/2025:14:44:19 +0000] "HEAD /d1/765/AUTH_999a51e1ca114e11bcba401d9c4138e2/gnocchi.f77a44ab-0ea2-4f43-83fe-830f73d2afd5" 204 - "HEAD http://172.18.0.2:8080/v1/AUTH_999a51e1ca114e11bcba401d9c4138e2/gnocchi.f77a44ab-0ea2-4f43-83fe-830f73d2afd5?format=json&states=listing" "txc814a2dd2a2c4d628b57e-0068e7ca43" "proxy-server 20" 0.0017 "-" 14 0
Oct 9 14:44:19 standalone proxy-server[131557]: - - 09/Oct/2025/14/44/19 HEAD /v1/AUTH_999a51e1ca114e11bcba401d9c4138e2/gnocchi.f77a44ab-0ea2-4f43-83fe-830f73d2afd5%3Fformat%3Djson%26states%3Dlisting HTTP/1.0 204 - Swift - - - - txc814a2dd2a2c4d628b57e-0068e7ca43 - 0.0065 RL - 1760021059.658157110 1760021059.664637327 0
Oct 9 14:44:19 standalone container-server[129621]: 172.20.0.100 - - [09/Oct/2025:14:44:19 +0000] "GET /d1/765/AUTH_999a51e1ca114e11bcba401d9c4138e2/gnocchi.f77a44ab-0ea2-4f43-83fe-830f73d2afd5" 200 2 "GET http://172.18.0.2:8080/v1/AUTH_999a51e1ca114e11bcba401d9c4138e2/gnocchi.f77a44ab-0ea2-4f43-83fe-830f73d2afd5?format=json&states=listing" "txc814a2dd2a2c4d628b57e-0068e7ca43" "proxy-server 20" 0.0021 "-" 17 0
Oct 9 14:44:19 standalone proxy-server[131557]: 172.18.0.2 172.18.0.100 09/Oct/2025/14/44/19 GET /v1/AUTH_999a51e1ca114e11bcba401d9c4138e2/gnocchi.f77a44ab-0ea2-4f43-83fe-830f73d2afd5%3Fformat%3Djson%26states%3Dlisting HTTP/1.0 200 - python-swiftclient-3.11.1 gAAAAABo58nI_iYl... - 2 - txc814a2dd2a2c4d628b57e-0068e7ca43 - 0.0181 - - 1760021059.656662941 1760021059.674760818 0
Oct 9 14:44:19 standalone object-server[129855]: 172.20.0.100 - - [09/Oct/2025:14:44:19 +0000] "GET /d1/632/AUTH_999a51e1ca114e11bcba401d9c4138e2/gnocchi.f77a44ab-0ea2-4f43-83fe-830f73d2afd5/1759320000.0_mean_300.0_v3" 404 70 "GET http://172.18.0.2:8080/v1/AUTH_999a51e1ca114e11bcba401d9c4138e2/gnocchi.f77a44ab-0ea2-4f43-83fe-830f73d2afd5/1759320000.0_mean_300.0_v3" "txa5036ad458594917b6b83-0068e7ca43" "proxy-server 20" 0.0008 "-" 22 0
Oct 9 14:44:19 standalone proxy-server[131557]: 172.18.0.2 172.18.0.100 09/Oct/2025/14/44/19 GET /v1/AUTH_999a51e1ca114e11bcba401d9c4138e2/gnocchi.f77a44ab-0ea2-4f43-83fe-830f73d2afd5/1759320000.0_mean_300.0_v3 HTTP/1.0 404 - python-swiftclient-3.11.1 gAAAAABo58nI_iYl... - 70 - txa5036ad458594917b6b83-0068e7ca43 - 0.0097 - - 1760021059.679455280 1760021059.689123392 0
Oct 9 14:44:19 standalone container-server[129561]: 172.20.0.100 - - [09/Oct/2025:14:44:19 +0000] "PUT /d1/765/AUTH_999a51e1ca114e11bcba401d9c4138e2/gnocchi.f77a44ab-0ea2-4f43-83fe-830f73d2afd5/1759320000.0_mean_300.0_v3" 201 - "PUT http://172.18.0.2:8080/d1/632/AUTH_999a51e1ca114e11bcba401d9c4138e2/gnocchi.f77a44ab-0ea2-4f43-83fe-830f73d2afd5/1759320000.0_mean_300.0_v3" "tx72ee7b39b2524558841ba-0068e7ca43" "object-server 25" 0.0006 "-" 14 0
Oct 9 14:44:19 standalone object-server[129859]: 172.20.0.100 - - [09/Oct/2025:14:44:19 +0000] "PUT /d1/632/AUTH_999a51e1ca114e11bcba401d9c4138e2/gnocchi.f77a44ab-0ea2-4f43-83fe-830f73d2afd5/1759320000.0_mean_300.0_v3" 201 - "PUT http://172.18.0.2:8080/v1/AUTH_999a51e1ca114e11bcba401d9c4138e2/gnocchi.f77a44ab-0ea2-4f43-83fe-830f73d2afd5/1759320000.0_mean_300.0_v3" "tx72ee7b39b2524558841ba-0068e7ca43" "proxy-server 20" 0.0128 "-" 25 0
