Oct 9 14:29:59 standalone account-server[129179]: Started child 17 from parent 2
Oct 9 14:29:59 standalone account-server[129157]: Starting 2
Oct 9 14:29:59 standalone account-server[129179]: Started child 18 from parent 2
Oct 9 14:29:59 standalone account-server[129179]: Started child 21 from parent 2
Oct 9 14:29:59 standalone account-server[129179]: Started child 22 from parent 2
Oct 9 14:29:59 standalone container-server[129238]: Starting 2
Oct 9 14:29:59 standalone container-server[129177]: Option allow_versions is deprecated. Configure the versioned_writes middleware in the proxy-server instead. This option will be ignored in a future release.
Oct 9 14:29:59 standalone container-server[129561]: Option allow_versions is deprecated. Configure the versioned_writes middleware in the proxy-server instead. This option will be ignored in a future release.
Oct 9 14:29:59 standalone container-server[129177]: Started child 14 from parent 2
Oct 9 14:29:59 standalone container-server[129574]: Option allow_versions is deprecated. Configure the versioned_writes middleware in the proxy-server instead. This option will be ignored in a future release.
Oct 9 14:29:59 standalone container-server[129177]: Started child 15 from parent 2
Oct 9 14:29:59 standalone container-server[129606]: Option allow_versions is deprecated. Configure the versioned_writes middleware in the proxy-server instead. This option will be ignored in a future release.
Oct 9 14:29:59 standalone container-server[129177]: Started child 16 from parent 2
Oct 9 14:29:59 standalone container-server[129621]: Option allow_versions is deprecated. Configure the versioned_writes middleware in the proxy-server instead. This option will be ignored in a future release.
Oct 9 14:29:59 standalone container-server[129177]: Started child 17 from parent 2
Oct 9 14:30:00 standalone object-expirer[129671]: Starting 2
Oct 9 14:30:00 standalone object-expirer[129671]: Option auto_create_account_prefix is deprecated. Configure auto_create_account_prefix under the swift-constraints section of swift.conf. This option will be ignored in a future release.
Oct 9 14:30:00 standalone object-server[129696]: Started child 22 from parent 2
Oct 9 14:30:00 standalone object-server[129696]: Started child 23 from parent 2
Oct 9 14:30:00 standalone object-server[129696]: Started child 24 from parent 2
Oct 9 14:30:00 standalone object-server[129696]: Started child 25 from parent 2
Oct 9 14:30:00 standalone object-server[129792]: Starting 2
Oct 9 14:30:06 standalone proxy-server[131297]: Starting Keystone auth_token middleware
Oct 9 14:30:06 standalone proxy-server[131297]: AuthToken middleware is set with keystone_authtoken.service_token_roles_required set to False. This is backwards compatible but deprecated behaviour. Please set this to True.
Oct 9 14:30:07 standalone proxy-server[131557]: Starting Keystone auth_token middleware
Oct 9 14:30:07 standalone proxy-server[131557]: STDERR: The option "bind_port" is not known to keystonemiddleware
Oct 9 14:30:07 standalone proxy-server[131557]: STDERR: The option "workers" is not known to keystonemiddleware
Oct 9 14:30:07 standalone proxy-server[131557]: STDERR: The option "user" is not known to keystonemiddleware
Oct 9 14:30:07 standalone proxy-server[131557]: STDERR: The option "bind_ip" is not known to keystonemiddleware
Oct 9 14:30:07 standalone proxy-server[131557]: STDERR: The option "log_name" is not known to keystonemiddleware
Oct 9 14:30:07 standalone proxy-server[131557]: STDERR: The option "log_facility" is not known to keystonemiddleware
Oct 9 14:30:07 standalone proxy-server[131557]: STDERR: The option "log_level" is not known to keystonemiddleware
Oct 9 14:30:07 standalone proxy-server[131557]: STDERR: The option "log_headers" is not known to keystonemiddleware
Oct 9 14:30:07 standalone proxy-server[131557]: STDERR: The option "log_address" is not known to keystonemiddleware
Oct 9 14:30:07 standalone proxy-server[131557]: STDERR: The option "project_name" is not known to keystonemiddleware
Oct 9 14:30:07 standalone proxy-server[131557]: STDERR: The option "username" is not known to keystonemiddleware
Oct 9 14:30:07 standalone proxy-server[131557]: STDERR: The option "password" is not known to keystonemiddleware
Oct 9 14:30:07 standalone proxy-server[131557]: STDERR: The option "auth_url" is not known to keystonemiddleware
Oct 9 14:30:07 standalone proxy-server[131557]: STDERR: The option "signing_dir" is not known to keystonemiddleware
Oct 9 14:30:07 standalone proxy-server[131557]: STDERR: The option "project_domain_id" is not known to keystonemiddleware
Oct 9 14:30:07 standalone proxy-server[131557]: STDERR: The option "user_domain_id" is not known to keystonemiddleware
Oct 9 14:30:07 standalone proxy-server[131557]: STDERR: The option "__name__" is not known to keystonemiddleware
Oct 9 14:30:07 standalone proxy-server[131557]: AuthToken middleware is set with keystone_authtoken.service_token_roles_required set to False. This is backwards compatible but deprecated behaviour. Please set this to True.
Oct 9 14:30:07 standalone proxy-server[131297]: Started child 20 from parent 2
Oct 9 14:32:53 standalone object-server[129792]: Begin object update sweep
Oct 9 14:32:53 standalone object-server[150340]: Object update sweep starting on /srv/node/d1 (pid: 11)
Oct 9 14:32:53 standalone object-server[150340]: Object update sweep completed on /srv/node/d1 in 0.00s seconds:, 0 successes, 0 failures, 0 quarantines, 0 unlinks, 0 errors, 0 redirects (pid: 11)
Oct 9 14:32:53 standalone object-server[150340]: Object update sweep of d1 completed: 0.00s, 0 successes, 0 failures, 0 quarantines, 0 unlinks, 0 errors, 0 redirects
Oct 9 14:32:53 standalone object-server[129792]: Object update sweep completed: 0.09s
Oct 9 14:34:41 standalone container-server[129238]: Begin container update sweep
Oct 9 14:34:41 standalone container-server[129238]: Container update sweep completed: 0.00s
Oct 9 14:34:45 standalone account-server[129434]: 172.20.0.100 - - [09/Oct/2025:14:34:45 +0000] "HEAD /d1/534/.expiring_objects" 404 - "HEAD http://localhost/v1/.expiring_objects?format=json" "tx4bb260a275ab4eed9288f-0068e7c805" "proxy-server 2" 0.0012 "-" 18 -
Oct 9 14:34:45 standalone object-expirer[129671]: Pass completed in 0s; 0 objects expired (txn: tx4bb260a275ab4eed9288f-0068e7c805)
Oct 9 14:37:53 standalone object-server[129792]: Begin object update sweep
Oct 9 14:37:53 standalone object-server[189846]: Object update sweep starting on /srv/node/d1 (pid: 13)
Oct 9 14:37:53 standalone object-server[189846]: Object update sweep completed on /srv/node/d1 in 0.00s seconds:, 0 successes, 0 failures, 0 quarantines, 0 unlinks, 0 errors, 0 redirects (pid: 13)
Oct 9 14:37:53 standalone object-server[189846]: Object update sweep of d1 completed: 0.00s, 0 successes, 0 failures, 0 quarantines, 0 unlinks, 0 errors, 0 redirects
Oct 9 14:37:53 standalone object-server[129792]: Object update sweep completed: 0.12s
Oct 9 14:39:31 standalone account-server[129463]: 172.20.0.100 - - [09/Oct/2025:14:39:31 +0000] "HEAD /d1/534/.expiring_objects" 404 - "HEAD http://localhost/v1/.expiring_objects?format=json" "txc0573ac7a84a409c92c9c-0068e7c923" "proxy-server 2" 0.0017 "-" 22 -
Oct 9 14:39:31 standalone object-expirer[129671]: Pass completed in 0s; 0 objects expired (txn: txc0573ac7a84a409c92c9c-0068e7c923)
Oct 9 14:39:41 standalone container-server[129238]: Begin container update sweep
Oct 9 14:39:41 standalone container-server[129238]: Container update sweep completed: 0.00s
Oct 9 14:42:16 standalone account-server[129434]: 172.20.0.100 - - [09/Oct/2025:14:42:16 +0000] "HEAD /d1/460/AUTH_999a51e1ca114e11bcba401d9c4138e2" 404 - "HEAD http://172.18.0.2:8080/v1/AUTH_999a51e1ca114e11bcba401d9c4138e2?format=json" "txdbdee84f9f2f44fb8cec6-0068e7c9c8" "proxy-server 20" 0.0007 "-" 18 -
Oct 9 14:42:16 standalone proxy-server[131557]: - - 09/Oct/2025/14/42/16 HEAD /v1/AUTH_999a51e1ca114e11bcba401d9c4138e2%3Fformat%3Djson HTTP/1.0 200 - Swift - - - - txdbdee84f9f2f44fb8cec6-0068e7c9c8 - 0.0084 RL - 1760020936.794869661 1760020936.803312778 -
Oct 9 14:42:17 standalone object-server[129856]: 172.20.0.100 - - [09/Oct/2025:14:42:17 +0000] "GET /d1/930/AUTH_999a51e1ca114e11bcba401d9c4138e2/gnocchi.20c04c14-9d85-4f70-9a2d-ce95a6ddcd62/none_v3" 404 70 "GET http://172.18.0.2:8080/v1/AUTH_999a51e1ca114e11bcba401d9c4138e2/gnocchi.20c04c14-9d85-4f70-9a2d-ce95a6ddcd62/none_v3" "txdbdee84f9f2f44fb8cec6-0068e7c9c8" "proxy-server 20" 0.0013 "-" 23 0
Oct 9 14:42:17 standalone proxy-server[131557]: 172.18.0.2 172.18.0.100 09/Oct/2025/14/42/17 GET /v1/AUTH_999a51e1ca114e11bcba401d9c4138e2/gnocchi.20c04c14-9d85-4f70-9a2d-ce95a6ddcd62/none_v3 HTTP/1.0 404 - python-swiftclient-3.11.1 gAAAAABo58nI_iYl... - 70 - txdbdee84f9f2f44fb8cec6-0068e7c9c8 - 0.4016 - - 1760020936.790214539 1760020937.191859007 0
Oct 9 14:42:17 standalone account-server[129447]: 172.20.0.100 - - [09/Oct/2025:14:42:17 +0000] "PUT /d1/460/AUTH_999a51e1ca114e11bcba401d9c4138e2" 201 - "-" "tx5888991367c34d588754c-0068e7c9c9" "-" 0.0206 "-" 21 -
Oct 9 14:42:17 standalone proxy-server[131557]: autocreate account '/AUTH_999a51e1ca114e11bcba401d9c4138e2' (txn: tx5888991367c34d588754c-0068e7c9c9)
Oct 9 14:42:17 standalone account-server[129463]: 172.20.0.100 - - [09/Oct/2025:14:42:17 +0000] "HEAD /d1/460/AUTH_999a51e1ca114e11bcba401d9c4138e2" 204 - "HEAD http://172.18.0.2:8080/v1/AUTH_999a51e1ca114e11bcba401d9c4138e2?format=json" "tx5888991367c34d588754c-0068e7c9c9" "proxy-server 20" 0.0029 "-" 22 -
Oct 9 14:42:17 standalone account-server[129447]: 172.20.0.100 - - [09/Oct/2025:14:42:17 +0000] "PUT /d1/460/AUTH_999a51e1ca114e11bcba401d9c4138e2/gnocchi.20c04c14-9d85-4f70-9a2d-ce95a6ddcd62" 201 - "PUT http://172.20.0.100:6001/d1/214/AUTH_999a51e1ca114e11bcba401d9c4138e2/gnocchi.20c04c14-9d85-4f70-9a2d-ce95a6ddcd62" "tx5888991367c34d588754c-0068e7c9c9" "container-server 16" 0.0014 "-" 21 0
Oct 9 14:42:17 standalone container-server[129606]: 172.20.0.100 - - [09/Oct/2025:14:42:17 +0000] "PUT /d1/214/AUTH_999a51e1ca114e11bcba401d9c4138e2/gnocchi.20c04c14-9d85-4f70-9a2d-ce95a6ddcd62" 201 - "PUT http://172.18.0.2:8080/v1/AUTH_999a51e1ca114e11bcba401d9c4138e2/gnocchi.20c04c14-9d85-4f70-9a2d-ce95a6ddcd62" "tx5888991367c34d588754c-0068e7c9c9" "proxy-server 20" 0.0128 "-" 16 0
Oct 9 14:42:17 standalone proxy-server[131557]: 172.18.0.2 172.18.0.100 09/Oct/2025/14/42/17 PUT /v1/AUTH_999a51e1ca114e11bcba401d9c4138e2/gnocchi.20c04c14-9d85-4f70-9a2d-ce95a6ddcd62 HTTP/1.0 201 - python-swiftclient-3.11.1 gAAAAABo58nI_iYl... - - - tx5888991367c34d588754c-0068e7c9c9 - 0.0507 - - 1760020937.196481705 1760020937.247210741 0
Oct 9 14:42:17 standalone container-server[129621]: 172.20.0.100 - - [09/Oct/2025:14:42:17 +0000] "HEAD /d1/214/AUTH_999a51e1ca114e11bcba401d9c4138e2/gnocchi.20c04c14-9d85-4f70-9a2d-ce95a6ddcd62" 204 - "HEAD http://172.18.0.2:8080/v1/AUTH_999a51e1ca114e11bcba401d9c4138e2/gnocchi.20c04c14-9d85-4f70-9a2d-ce95a6ddcd62?format=json&states=listing" "tx483537603ea044348ecb4-0068e7c9c9" "proxy-server 20" 0.0026 "-" 17 0
Oct 9 14:42:17 standalone proxy-server[131557]: - - 09/Oct/2025/14/42/17 HEAD /v1/AUTH_999a51e1ca114e11bcba401d9c4138e2/gnocchi.20c04c14-9d85-4f70-9a2d-ce95a6ddcd62%3Fformat%3Djson%26states%3Dlisting HTTP/1.0 204 - Swift - - - - tx483537603ea044348ecb4-0068e7c9c9 - 0.0056 RL - 1760020937.252977848 1760020937.258543253 0
Oct 9 14:42:17 standalone container-server[129561]: 172.20.0.100 - - [09/Oct/2025:14:42:17 +0000] "GET /d1/214/AUTH_999a51e1ca114e11bcba401d9c4138e2/gnocchi.20c04c14-9d85-4f70-9a2d-ce95a6ddcd62" 200 2 "GET http://172.18.0.2:8080/v1/AUTH_999a51e1ca114e11bcba401d9c4138e2/gnocchi.20c04c14-9d85-4f70-9a2d-ce95a6ddcd62?format=json&states=listing" "tx483537603ea044348ecb4-0068e7c9c9" "proxy-server 20" 0.0059 "-" 14 0
Oct 9 14:42:17 standalone proxy-server[131557]: 172.18.0.2 172.18.0.100 09/Oct/2025/14/42/17 GET /v1/AUTH_999a51e1ca114e11bcba401d9c4138e2/gnocchi.20c04c14-9d85-4f70-9a2d-ce95a6ddcd62%3Fformat%3Djson%26states%3Dlisting HTTP/1.0 200 - python-swiftclient-3.11.1 gAAAAABo58nI_iYl... - 2 - tx483537603ea044348ecb4-0068e7c9c9 - 0.0179 - - 1760020937.252140522 1760020937.270058393 0
Oct 9 14:42:17 standalone object-server[129856]: 172.20.0.100 - - [09/Oct/2025:14:42:17 +0000] "GET /d1/354/AUTH_999a51e1ca114e11bcba401d9c4138e2/gnocchi.20c04c14-9d85-4f70-9a2d-ce95a6ddcd62/1759320000.0_mean_300.0_v3" 404 70 "GET http://172.18.0.2:8080/v1/AUTH_999a51e1ca114e11bcba401d9c4138e2/gnocchi.20c04c14-9d85-4f70-9a2d-ce95a6ddcd62/1759320000.0_mean_300.0_v3" "txc82def9c13304c8da05bd-0068e7c9c9" "proxy-server 20" 0.0007 "-" 23 0
Oct 9 14:42:17 standalone proxy-server[131557]: 172.18.0.2 172.18.0.100 09/Oct/2025/14/42/17 GET /v1/AUTH_999a51e1ca114e11bcba401d9c4138e2/gnocchi.20c04c14-9d85-4f70-9a2d-ce95a6ddcd62/1759320000.0_mean_300.0_v3 HTTP/1.0 404 - python-swiftclient-3.11.1 gAAAAABo58nI_iYl... - 70 - txc82def9c13304c8da05bd-0068e7c9c9 - 0.0075 - - 1760020937.275798082 1760020937.283346891 0
Oct 9 14:42:17 standalone container-server[129574]: 172.20.0.100 - - [09/Oct/2025:14:42:17 +0000] "PUT /d1/214/AUTH_999a51e1ca114e11bcba401d9c4138e2/gnocchi.20c04c14-9d85-4f70-9a2d-ce95a6ddcd62/1759320000.0_mean_300.0_v3" 201 - "PUT http://172.18.0.2:8080/d1/354/AUTH_999a51e1ca114e11bcba401d9c4138e2/gnocchi.20c04c14-9d85-4f70-9a2d-ce95a6ddcd62/1759320000.0_mean_300.0_v3" "txc833f3f0d26544b398208-0068e7c9c9" "object-server 23" 0.0010 "-" 15 0
Oct 9 14:42:17 standalone object-server[129856]: 172.20.0.100 - - [09/Oct/2025:14:42:17 +0000] "PUT /d1/354/AUTH_999a51e1ca114e11bcba401d9c4138e2/gnocchi.20c04c14-9d85-4f70-9a2d-ce95a6ddcd62/1759320000.0_mean_300.0_v3" 201 - "PUT http://172.18.0.2:8080/v1/AUTH_999a51e1ca114e11bcba401d9c4138e2/gnocchi.20c04c14-9d85-4f70-9a2d-ce95a6ddcd62/1759320000.0_mean_300.0_v3" "txc833f3f0d26544b398208-0068e7c9c9" "proxy-server 20" 0.0327 "-" 23 0
Oct 9 14:42:17 standalone proxy-server[131557]: 172.18.0.2 172.18.0.100 09/Oct/2025/14/42/17 PUT /v1/AUTH_999a51e1ca114e11bcba401d9c4138e2/gnocchi.20c04c14-9d85-4f70-9a2d-ce95a6ddcd62/1759320000.0_mean_300.0_v3 HTTP/1.0 201 - python-swiftclient-3.11.1 gAAAAABo58nI_iYl... 16 - - txc833f3f0d26544b398208-0068e7c9c9 - 0.0394 - - 1760020937.286871910 1760020937.326258659 0
Oct 9 14:42:17 standalone container-server[129574]: 172.20.0.100 - - [09/Oct/2025:14:42:17 +0000] "PUT /d1/214/AUTH_999a51e1ca114e11bcba401d9c4138e2/gnocchi.20c04c14-9d85-4f70-9a2d-ce95a6ddcd62/none_v3" 201 - "PUT http://172.18.0.2:8080/d1/930/AUTH_999a51e1ca114e11bcba401d9c4138e2/gnocchi.20c04c14-9d85-4f70-9a2d-ce95a6ddcd62/none_v3" "tx89db8a36caf449cd85c01-0068e7c9c9" "object-server 25" 0.0005 "-" 15 0
Oct 9 14:42:17 standalone object-server[129859]: 172.20.0.100 - - [09/Oct/2025:14:42:17 +0000] "PUT /d1/930/AUTH_999a51e1ca114e11bcba401d9c4138e2/gnocchi.20c04c14-9d85-4f70-9a2d-ce95a6ddcd62/none_v3" 201 - "PUT http://172.18.0.2:8080/v1/AUTH_999a51e1ca114e11bcba401d9c4138e2/gnocchi.20c04c14-9d85-4f70-9a2d-ce95a6ddcd62/none_v3" "tx89db8a36caf449cd85c01-0068e7c9c9" "proxy-server 20" 0.0388 "-" 25 0
Oct 9 14:42:17 standalone proxy-server[131557]: 172.18.0.2 172.18.0.100 09/Oct/2025/14/42/17 PUT /v1/AUTH_999a51e1ca114e11bcba401d9c4138e2/gnocchi.20c04c14-9d85-4f70-9a2d-ce95a6ddcd62/none_v3 HTTP/1.0 201 - python-swiftclient-3.11.1 gAAAAABo58nI_iYl... 22 - - tx89db8a36caf449cd85c01-0068e7c9c9 - 0.0470 - - 1760020937.330056429 1760020937.377012491 0
Oct 9 14:42:31 standalone account-server[129447]: 172.20.0.100 - - [09/Oct/2025:14:42:31 +0000] "HEAD /d1/534/.expiring_objects" 404 - "HEAD http://localhost/v1/.expiring_objects?format=json" "tx2b37fef20aca4d8a96377-0068e7c9d7" "proxy-server 2" 0.0012 "-" 21 -
Oct 9 14:42:31 standalone object-expirer[129671]: Pass completed in 0s; 0 objects expired (txn: tx2b37fef20aca4d8a96377-0068e7c9d7)
Oct 9 14:42:32 standalone account-server[129447]: 172.20.0.100 - - [09/Oct/2025:14:42:32 +0000] "HEAD /d1/534/.expiring_objects" 404 - "HEAD http://localhost/v1/.expiring_objects?format=json" "txa7399e847d354f74af6e0-0068e7c9d8" "proxy-server 2" 0.0003 "-" 21 -
Oct 9 14:42:32 standalone object-expirer[129671]: Pass completed in 0s; 0 objects expired (txn: txa7399e847d354f74af6e0-0068e7c9d8)
Oct 9 14:42:46 standalone object-server[129859]: 172.20.0.100 - - [09/Oct/2025:14:42:46 +0000] "GET /d1/930/AUTH_999a51e1ca114e11bcba401d9c4138e2/gnocchi.20c04c14-9d85-4f70-9a2d-ce95a6ddcd62/none_v3" 200 22 "GET http://172.18.0.2:8080/v1/AUTH_999a51e1ca114e11bcba401d9c4138e2/gnocchi.20c04c14-9d85-4f70-9a2d-ce95a6ddcd62/none_v3" "txad4d9a503e574f459b7d2-0068e7c9e6" "proxy-server 20" 0.0011 "-" 25 0
Oct 9 14:42:46 standalone proxy-server[131557]: 172.18.0.2 172.18.0.100 09/Oct/2025/14/42/46 GET /v1/AUTH_999a51e1ca114e11bcba401d9c4138e2/gnocchi.20c04c14-9d85-4f70-9a2d-ce95a6ddcd62/none_v3 HTTP/1.0 200 - python-swiftclient-3.11.1 gAAAAABo58nI_iYl... - 22 - txad4d9a503e574f459b7d2-0068e7c9e6 - 0.0110 - - 1760020966.494954348 1760020966.505942106 0
Oct 9 14:42:46 standalone container-server[129606]: 172.20.0.100 - - [09/Oct/2025:14:42:46 +0000] "GET /d1/214/AUTH_999a51e1ca114e11bcba401d9c4138e2/gnocchi.20c04c14-9d85-4f70-9a2d-ce95a6ddcd62" 200 357 "GET http://172.18.0.2:8080/v1/AUTH_999a51e1ca114e11bcba401d9c4138e2/gnocchi.20c04c14-9d85-4f70-9a2d-ce95a6ddcd62?format=json&states=listing" "tx0800aa601c464f70b2011-0068e7c9e6" "proxy-server 20" 0.0377 "-" 16 0
Oct 9 14:42:46 standalone proxy-server[131557]: 172.18.0.2 172.18.0.100 09/Oct/2025/14/42/46 GET /v1/AUTH_999a51e1ca114e11bcba401d9c4138e2/gnocchi.20c04c14-9d85-4f70-9a2d-ce95a6ddcd62%3Fformat%3Djson%26states%3Dlisting HTTP/1.0 200 - python-swiftclient-3.11.1 gAAAAABo58nI_iYl... - 357 - tx0800aa601c464f70b2011-0068e7c9e6 - 0.0455 - - 1760020966.510324240 1760020966.555814743 0
Oct 9 14:42:46 standalone container-server[129574]: 172.20.0.100 - - [09/Oct/2025:14:42:46 +0000] "GET /d1/214/AUTH_999a51e1ca114e11bcba401d9c4138e2/gnocchi.20c04c14-9d85-4f70-9a2d-ce95a6ddcd62" 200 2 "GET http://172.18.0.2:8080/v1/AUTH_999a51e1ca114e11bcba401d9c4138e2/gnocchi.20c04c14-9d85-4f70-9a2d-ce95a6ddcd62?format=json&marker=none_v3&states=listing" "txe9b2389624044b158c73b-0068e7c9e6" "proxy-server 20" 0.0067 "-" 15 0
Oct 9 14:42:46 standalone proxy-server[131557]: 172.18.0.2 172.18.0.100 09/Oct/2025/14/42/46 GET /v1/AUTH_999a51e1ca114e11bcba401d9c4138e2/gnocchi.20c04c14-9d85-4f70-9a2d-ce95a6ddcd62%3Fformat%3Djson%26marker%3Dnone_v3%26states%3Dlisting HTTP/1.0 200 - python-swiftclient-3.11.1 gAAAAABo58nI_iYl... - 2 - txe9b2389624044b158c73b-0068e7c9e6 - 0.0204 - - 1760020966.561415672 1760020966.581820250 0
Oct 9 14:42:46 standalone object-server[129855]: 172.20.0.100 - - [09/Oct/2025:14:42:46 +0000] "GET /d1/354/AUTH_999a51e1ca114e11bcba401d9c4138e2/gnocchi.20c04c14-9d85-4f70-9a2d-ce95a6ddcd62/1759320000.0_mean_300.0_v3" 200 16 "GET http://172.18.0.2:8080/v1/AUTH_999a51e1ca114e11bcba401d9c4138e2/gnocchi.20c04c14-9d85-4f70-9a2d-ce95a6ddcd62/1759320000.0_mean_300.0_v3" "txedf6fdbd6b0b4924b5f14-0068e7c9e6" "proxy-server 20" 0.0015 "-" 22 0
Oct 9 14:42:46 standalone proxy-server[131557]: 172.18.0.2 172.18.0.100 09/Oct/2025/14/42/46 GET /v1/AUTH_999a51e1ca114e11bcba401d9c4138e2/gnocchi.20c04c14-9d85-4f70-9a2d-ce95a6ddcd62/1759320000.0_mean_300.0_v3 HTTP/1.0 200 - python-swiftclient-3.11.1 gAAAAABo58nI_iYl... - 16 - txedf6fdbd6b0b4924b5f14-0068e7c9e6 - 0.0165 - - 1760020966.587014675 1760020966.603546619 0
Oct 9 14:42:46 standalone container-server[129574]: 172.20.0.100 - - [09/Oct/2025:14:42:46 +0000] "PUT /d1/214/AUTH_999a51e1ca114e11bcba401d9c4138e2/gnocchi.20c04c14-9d85-4f70-9a2d-ce95a6ddcd62/1759320000.0_mean_300.0_v3" 201 - "PUT http://172.18.0.2:8080/d1/354/AUTH_999a51e1ca114e11bcba401d9c4138e2/gnocchi.20c04c14-9d85-4f70-9a2d-ce95a6ddcd62/1759320000.0_mean_300.0_v3" "txb18dbcd4a5f244d6b7a40-0068e7c9e6" "object-server 25" 0.0011 "-" 15 0
Oct 9 14:42:46 standalone object-server[129859]: 172.20.0.100 - - [09/Oct/2025:14:42:46 +0000] "PUT /d1/354/AUTH_999a51e1ca114e11bcba401d9c4138e2/gnocchi.20c04c14-9d85-4f70-9a2d-ce95a6ddcd62/1759320000.0_mean_300.0_v3" 201 - "PUT http://172.18.0.2:8080/v1/AUTH_999a51e1ca114e11bcba401d9c4138e2/gnocchi.20c04c14-9d85-4f70-9a2d-ce95a6ddcd62/1759320000.0_mean_300.0_v3" "txb18dbcd4a5f244d6b7a40-0068e7c9e6" "proxy-server 20" 0.0130 "-" 25 0
Oct 9 14:42:46 standalone proxy-server[131557]: 172.18.0.2 172.18.0.100 09/Oct/2025/14/42/46 PUT /v1/AUTH_999a51e1ca114e11bcba401d9c4138e2/gnocchi.20c04c14-9d85-4f70-9a2d-ce95a6ddcd62/1759320000.0_mean_300.0_v3 HTTP/1.0 201 - python-swiftclient-3.11.1 gAAAAABo58nI_iYl... 16 - - txb18dbcd4a5f244d6b7a40-0068e7c9e6 - 0.0182 - - 1760020966.607656479 1760020966.625825882 0
Oct 9 14:42:46 standalone container-server[129574]: 172.20.0.100 - - [09/Oct/2025:14:42:46 +0000] "PUT /d1/214/AUTH_999a51e1ca114e11bcba401d9c4138e2/gnocchi.20c04c14-9d85-4f70-9a2d-ce95a6ddcd62/none_v3" 201 - "PUT http://172.18.0.2:8080/d1/930/AUTH_999a51e1ca114e11bcba401d9c4138e2/gnocchi.20c04c14-9d85-4f70-9a2d-ce95a6ddcd62/none_v3" "tx46240f4567fc436fbb3f7-0068e7c9e6" "object-server 22" 0.0009 "-" 15 0
Oct 9 14:42:46 standalone object-server[129855]: 172.20.0.100 - - [09/Oct/2025:14:42:46 +0000] "PUT /d1/930/AUTH_999a51e1ca114e11bcba401d9c4138e2/gnocchi.20c04c14-9d85-4f70-9a2d-ce95a6ddcd62/none_v3" 201 - "PUT http://172.18.0.2:8080/v1/AUTH_999a51e1ca114e11bcba401d9c4138e2/gnocchi.20c04c14-9d85-4f70-9a2d-ce95a6ddcd62/none_v3" "tx46240f4567fc436fbb3f7-0068e7c9e6" "proxy-server 20" 0.0247 "-" 22 0
Oct 9 14:42:46 standalone proxy-server[131557]: 172.18.0.2 172.18.0.100 09/Oct/2025/14/42/46 PUT /v1/AUTH_999a51e1ca114e11bcba401d9c4138e2/gnocchi.20c04c14-9d85-4f70-9a2d-ce95a6ddcd62/none_v3 HTTP/1.0 201 - python-swiftclient-3.11.1 gAAAAABo58nI_iYl... 32 - - tx46240f4567fc436fbb3f7-0068e7c9e6 - 0.0308 - - 1760020966.628679991 1760020966.659490824 0
Oct 9 14:42:53 standalone object-server[129792]: Begin object update sweep
Oct 9 14:42:53 standalone object-server[226721]: Object update sweep starting on /srv/node/d1 (pid: 14)
Oct 9 14:42:53 standalone object-server[226721]: Object update sweep completed on /srv/node/d1 in 0.00s seconds:, 0 successes, 0 failures, 0 quarantines, 0 unlinks, 0 errors, 0 redirects (pid: 14)
Oct 9 14:42:53 standalone object-server[226721]: Object update sweep of d1 completed: 0.00s, 0 successes, 0 failures, 0 quarantines, 0 unlinks, 0 errors, 0 redirects
Oct 9 14:42:53 standalone object-server[129792]: Object update sweep completed: 0.08s
Oct 9 14:43:10 standalone account-server[129434]: 172.20.0.100 - - [09/Oct/2025:14:43:10 +0000] "HEAD /d1/534/.expiring_objects" 404 - "HEAD http://localhost/v1/.expiring_objects?format=json" "txebc0815842684779aab40-0068e7c9fe" "proxy-server 2" 0.0003 "-" 18 -
Oct 9 14:43:10 standalone object-expirer[129671]: Pass completed in 0s; 0 objects expired (txn: txebc0815842684779aab40-0068e7c9fe)
Oct 9 14:43:18 standalone account-server[129447]: 172.20.0.100 - - [09/Oct/2025:14:43:18 +0000] "HEAD /d1/460/AUTH_999a51e1ca114e11bcba401d9c4138e2" 204 - "HEAD http://172.18.0.2:8080/v1/AUTH_999a51e1ca114e11bcba401d9c4138e2?format=json" "txbcd6c32491ea418f96ec8-0068e7ca05" "proxy-server 20" 0.0074 "-" 21 -
Oct 9 14:43:18 standalone proxy-server[131557]: - - 09/Oct/2025/14/43/18 HEAD /v1/AUTH_999a51e1ca114e11bcba401d9c4138e2%3Fformat%3Djson HTTP/1.0 204 - Swift - - - - txbcd6c32491ea418f96ec8-0068e7ca05 - 0.0116 RL - 1760020997.998501539 1760020998.010113716 -
Oct 9 14:43:18 standalone container-server[129574]: 172.20.0.100 - - [09/Oct/2025:14:43:18 +0000] "HEAD /d1/499/AUTH_999a51e1ca114e11bcba401d9c4138e2/gnocchi.5ee17f90-e4e1-47d0-9af8-3ed64fa20e36" 404 - "HEAD http://172.18.0.2:8080/v1/AUTH_999a51e1ca114e11bcba401d9c4138e2/gnocchi.5ee17f90-e4e1-47d0-9af8-3ed64fa20e36?format=json&states=listing" "txbcd6c32491ea418f96ec8-0068e7ca05" "proxy-server 20" 0.0011 "-" 15 0
Oct 9 14:43:18 standalone object-server[129855]: 172.20.0.100 - - [09/Oct/2025:14:43:18 +0000] "GET /d1/843/AUTH_999a51e1ca114e11bcba401d9c4138e2/gnocchi.5ee17f90-e4e1-47d0-9af8-3ed64fa20e36/none_v3" 404 70 "GET http://172.18.0.2:8080/v1/AUTH_999a51e1ca114e11bcba401d9c4138e2/gnocchi.5ee17f90-e4e1-47d0-9af8-3ed64fa20e36/none_v3" "txbcd6c32491ea418f96ec8-0068e7ca05" "proxy-server 20" 0.0009 "-" 22 0
Oct 9 14:43:18 standalone proxy-server[131557]: 172.18.0.2 172.18.0.100 09/Oct/2025/14/43/18 GET /v1/AUTH_999a51e1ca114e11bcba401d9c4138e2/gnocchi.5ee17f90-e4e1-47d0-9af8-3ed64fa20e36/none_v3 HTTP/1.0 404 - python-swiftclient-3.11.1 gAAAAABo58nI_iYl... - 70 - txbcd6c32491ea418f96ec8-0068e7ca05 - 0.0304 - - 1760020997.997720003 1760020998.028143167 0
Oct 9 14:43:18 standalone account-server[129434]: 172.20.0.100 - - [09/Oct/2025:14:43:18 +0000] "PUT /d1/460/AUTH_999a51e1ca114e11bcba401d9c4138e2/gnocchi.5ee17f90-e4e1-47d0-9af8-3ed64fa20e36" 201 - "PUT http://172.20.0.100:6001/d1/499/AUTH_999a51e1ca114e11bcba401d9c4138e2/gnocchi.5ee17f90-e4e1-47d0-9af8-3ed64fa20e36" "tx36c4eb2264ac4bc8be4a8-0068e7ca06" "container-server 15" 0.0016 "-" 18 0
Oct 9 14:43:18 standalone container-server[129574]: 172.20.0.100 - - [09/Oct/2025:14:43:18 +0000] "PUT /d1/499/AUTH_999a51e1ca114e11bcba401d9c4138e2/gnocchi.5ee17f90-e4e1-47d0-9af8-3ed64fa20e36" 201 - "PUT http://172.18.0.2:8080/v1/AUTH_999a51e1ca114e11bcba401d9c4138e2/gnocchi.5ee17f90-e4e1-47d0-9af8-3ed64fa20e36" "tx36c4eb2264ac4bc8be4a8-0068e7ca06" "proxy-server 20" 0.0181 "-" 15 0
Oct 9 14:43:18 standalone proxy-server[131557]: 172.18.0.2 172.18.0.100 09/Oct/2025/14/43/18 PUT /v1/AUTH_999a51e1ca114e11bcba401d9c4138e2/gnocchi.5ee17f90-e4e1-47d0-9af8-3ed64fa20e36 HTTP/1.0 201 - python-swiftclient-3.11.1 gAAAAABo58nI_iYl... - - - tx36c4eb2264ac4bc8be4a8-0068e7ca06 - 0.0247 - - 1760020998.032474041 1760020998.057155848 0
Oct 9 14:43:18 standalone container-server[129561]: 172.20.0.100 - - [09/Oct/2025:14:43:18 +0000] "HEAD /d1/499/AUTH_999a51e1ca114e11bcba401d9c4138e2/gnocchi.5ee17f90-e4e1-47d0-9af8-3ed64fa20e36" 204 - "HEAD http://172.18.0.2:8080/v1/AUTH_999a51e1ca114e11bcba401d9c4138e2/gnocchi.5ee17f90-e4e1-47d0-9af8-3ed64fa20e36?format=json&states=listing" "tx374b43c01767496db739d-0068e7ca06" "proxy-server 20" 0.0026 "-" 14 0
Oct 9 14:43:18 standalone proxy-server[131557]: - - 09/Oct/2025/14/43/18 HEAD /v1/AUTH_999a51e1ca114e11bcba401d9c4138e2/gnocchi.5ee17f90-e4e1-47d0-9af8-3ed64fa20e36%3Fformat%3Djson%26states%3Dlisting HTTP/1.0 204 - Swift - - - - tx374b43c01767496db739d-0068e7ca06 - 0.0073 RL - 1760020998.064172029 1760020998.071434736 0
Oct 9 14:43:18 standalone container-server[129621]: 172.20.0.100 - - [09/Oct/2025:14:43:18 +0000] "GET /d1/499/AUTH_999a51e1ca114e11bcba401d9c4138e2/gnocchi.5ee17f90-e4e1-47d0-9af8-3ed64fa20e36" 200 2 "GET http://172.18.0.2:8080/v1/AUTH_999a51e1ca114e11bcba401d9c4138e2/gnocchi.5ee17f90-e4e1-47d0-9af8-3ed64fa20e36?format=json&states=listing" "tx374b43c01767496db739d-0068e7ca06" "proxy-server 20" 0.0021 "-" 17 0
Oct 9 14:43:18 standalone proxy-server[131557]: 172.18.0.2 172.18.0.100 09/Oct/2025/14/43/18 GET /v1/AUTH_999a51e1ca114e11bcba401d9c4138e2/gnocchi.5ee17f90-e4e1-47d0-9af8-3ed64fa20e36%3Fformat%3Djson%26states%3Dlisting HTTP/1.0 200 - python-swiftclient-3.11.1 gAAAAABo58nI_iYl... - 2 - tx374b43c01767496db739d-0068e7ca06 - 0.0187 - - 1760020998.061407566 1760020998.080118418 0
Oct 9 14:43:18 standalone object-server[129856]: 172.20.0.100 - - [09/Oct/2025:14:43:18 +0000] "GET /d1/725/AUTH_999a51e1ca114e11bcba401d9c4138e2/gnocchi.5ee17f90-e4e1-47d0-9af8-3ed64fa20e36/1759320000.0_mean_300.0_v3" 404 70 "GET http://172.18.0.2:8080/v1/AUTH_999a51e1ca114e11bcba401d9c4138e2/gnocchi.5ee17f90-e4e1-47d0-9af8-3ed64fa20e36/1759320000.0_mean_300.0_v3" "txc3ed4be9831242c38b1cd-0068e7ca06" "proxy-server 20" 0.0006 "-" 23 0
Oct 9 14:43:18 standalone proxy-server[131557]: 172.18.0.2 172.18.0.100 09/Oct/2025/14/43/18 GET /v1/AUTH_999a51e1ca114e11bcba401d9c4138e2/gnocchi.5ee17f90-e4e1-47d0-9af8-3ed64fa20e36/1759320000.0_mean_300.0_v3 HTTP/1.0 404 - python-swiftclient-3.11.1 gAAAAABo58nI_iYl... - 70 - txc3ed4be9831242c38b1cd-0068e7ca06 - 0.0087 - - 1760020998.084793806 1760020998.093481779 0
Oct 9 14:43:18 standalone container-server[129574]: 172.20.0.100 - - [09/Oct/2025:14:43:18 +0000] "PUT /d1/499/AUTH_999a51e1ca114e11bcba401d9c4138e2/gnocchi.5ee17f90-e4e1-47d0-9af8-3ed64fa20e36/1759320000.0_mean_300.0_v3" 201 - "PUT http://172.18.0.2:8080/d1/725/AUTH_999a51e1ca114e11bcba401d9c4138e2/gnocchi.5ee17f90-e4e1-47d0-9af8-3ed64fa20e36/1759320000.0_mean_300.0_v3" "tx317ad3ef7fee4a788b13e-0068e7ca06" "object-server 24" 0.0009 "-" 15 0
Oct 9 14:43:18 standalone object-server[129857]: 172.20.0.100 - - [09/Oct/2025:14:43:18 +0000] "PUT /d1/725/AUTH_999a51e1ca114e11bcba401d9c4138e2/gnocchi.5ee17f90-e4e1-47d0-9af8-3ed64fa20e36/1759320000.0_mean_300.0_v3" 201 - "PUT http://172.18.0.2:8080/v1/AUTH_999a51e1ca114e11bcba401d9c4138e2/gnocchi.5ee17f90-e4e1-47d0-9af8-3ed64fa20e36/1759320000.0_mean_300.0_v3" "tx317ad3ef7fee4a788b13e-0068e7ca06" "proxy-server 20" 0.0389 "-" 24 0
Oct 9 14:43:18 standalone proxy-server[131557]: 172.18.0.2 172.18.0.100 09/Oct/2025/14/43/18 PUT /v1/AUTH_999a51e1ca114e11bcba401d9c4138e2/gnocchi.5ee17f90-e4e1-47d0-9af8-3ed64fa20e36/1759320000.0_mean_300.0_v3 HTTP/1.0 201 - python-swiftclient-3.11.1 gAAAAABo58nI_iYl... 16 - - tx317ad3ef7fee4a788b13e-0068e7ca06 - 0.0452 - - 1760020998.096831560 1760020998.142077208 0
Oct 9 14:43:18 standalone container-server[129621]: 172.20.0.100 - - [09/Oct/2025:14:43:18 +0000] "PUT /d1/499/AUTH_999a51e1ca114e11bcba401d9c4138e2/gnocchi.5ee17f90-e4e1-47d0-9af8-3ed64fa20e36/none_v3" 201 - "PUT http://172.18.0.2:8080/d1/843/AUTH_999a51e1ca114e11bcba401d9c4138e2/gnocchi.5ee17f90-e4e1-47d0-9af8-3ed64fa20e36/none_v3" "tx60061936fa664c1d9e168-0068e7ca06" "object-server 24" 0.0008 "-" 17 0
Oct 9 14:43:18 standalone object-server[129857]: 172.20.0.100 - - [09/Oct/2025:14:43:18 +0000] "PUT /d1/843/AUTH_999a51e1ca114e11bcba401d9c4138e2/gnocchi.5ee17f90-e4e1-47d0-9af8-3ed64fa20e36/none_v3" 201 - "PUT http://172.18.0.2:8080/v1/AUTH_999a51e1ca114e11bcba401d9c4138e2/gnocchi.5ee17f90-e4e1-47d0-9af8-3ed64fa20e36/none_v3" "tx60061936fa664c1d9e168-0068e7ca06" "proxy-server 20" 0.0196 "-" 24 0
Oct 9 14:43:18 standalone proxy-server[131557]: 172.18.0.2 172.18.0.100 09/Oct/2025/14/43/18 PUT /v1/AUTH_999a51e1ca114e11bcba401d9c4138e2/gnocchi.5ee17f90-e4e1-47d0-9af8-3ed64fa20e36/none_v3 HTTP/1.0 201 - python-swiftclient-3.11.1 gAAAAABo58nI_iYl... 22 - - tx60061936fa664c1d9e168-0068e7ca06 - 0.0267 - - 1760020998.153192520 1760020998.179861307 0
Oct 9 14:43:18 standalone container-server[129621]: 172.20.0.100 - - [09/Oct/2025:14:43:18 +0000] "HEAD /d1/816/AUTH_999a51e1ca114e11bcba401d9c4138e2/gnocchi.6babfedf-eedb-4341-bb59-8757fc3c9c9f" 404 - "HEAD http://172.18.0.2:8080/v1/AUTH_999a51e1ca114e11bcba401d9c4138e2/gnocchi.6babfedf-eedb-4341-bb59-8757fc3c9c9f?format=json&states=listing" "tx4cab375b0d264b21898cf-0068e7ca06" "proxy-server 20" 0.0004 "-" 17 0
Oct 9 14:43:18 standalone object-server[129859]: 172.20.0.100 - - [09/Oct/2025:14:43:18 +0000] "GET /d1/320/AUTH_999a51e1ca114e11bcba401d9c4138e2/gnocchi.6babfedf-eedb-4341-bb59-8757fc3c9c9f/none_v3" 404 70 "GET http://172.18.0.2:8080/v1/AUTH_999a51e1ca114e11bcba401d9c4138e2/gnocchi.6babfedf-eedb-4341-bb59-8757fc3c9c9f/none_v3" "tx4cab375b0d264b21898cf-0068e7ca06" "proxy-server 20" 0.0004 "-" 25 0
Oct 9 14:43:18 standalone proxy-server[131557]: 172.18.0.2 172.18.0.100 09/Oct/2025/14/43/18 GET /v1/AUTH_999a51e1ca114e11bcba401d9c4138e2/gnocchi.6babfedf-eedb-4341-bb59-8757fc3c9c9f/none_v3 HTTP/1.0 404 - python-swiftclient-3.11.1 gAAAAABo58nI_iYl... - 70 - tx4cab375b0d264b21898cf-0068e7ca06 - 0.0095 - - 1760020998.190763235 1760020998.200304985 0
Oct 9 14:43:18 standalone account-server[129434]: 172.20.0.100 - - [09/Oct/2025:14:43:18 +0000] "PUT /d1/460/AUTH_999a51e1ca114e11bcba401d9c4138e2/gnocchi.6babfedf-eedb-4341-bb59-8757fc3c9c9f" 201 - "PUT http://172.20.0.100:6001/d1/816/AUTH_999a51e1ca114e11bcba401d9c4138e2/gnocchi.6babfedf-eedb-4341-bb59-8757fc3c9c9f" "tx1f26f049755647b0bdbd1-0068e7ca06" "container-server 16" 0.0126 "-" 18 0
Oct 9 14:43:18 standalone container-server[129606]: 172.20.0.100 - - [09/Oct/2025:14:43:18 +0000] "PUT /d1/816/AUTH_999a51e1ca114e11bcba401d9c4138e2/gnocchi.6babfedf-eedb-4341-bb59-8757fc3c9c9f" 201 - "PUT http://172.18.0.2:8080/v1/AUTH_999a51e1ca114e11bcba401d9c4138e2/gnocchi.6babfedf-eedb-4341-bb59-8757fc3c9c9f" "tx1f26f049755647b0bdbd1-0068e7ca06" "proxy-server 20" 0.0384 "-" 16 0
Oct 9 14:43:18 standalone proxy-server[131557]: 172.18.0.2 172.18.0.100 09/Oct/2025/14/43/18 PUT /v1/AUTH_999a51e1ca114e11bcba401d9c4138e2/gnocchi.6babfedf-eedb-4341-bb59-8757fc3c9c9f HTTP/1.0 201 - python-swiftclient-3.11.1 gAAAAABo58nI_iYl... - - - tx1f26f049755647b0bdbd1-0068e7ca06 - 0.0446 - - 1760020998.202965260 1760020998.247610807 0
Oct 9 14:43:18 standalone container-server[129606]: 172.20.0.100 - - [09/Oct/2025:14:43:18 +0000] "HEAD /d1/816/AUTH_999a51e1ca114e11bcba401d9c4138e2/gnocchi.6babfedf-eedb-4341-bb59-8757fc3c9c9f" 204 - "HEAD http://172.18.0.2:8080/v1/AUTH_999a51e1ca114e11bcba401d9c4138e2/gnocchi.6babfedf-eedb-4341-bb59-8757fc3c9c9f?format=json&states=listing" "tx86dadf7ab4f74b27ab056-0068e7ca06" "proxy-server 20" 0.0011 "-" 16 0
Oct 9 14:43:18 standalone proxy-server[131557]: - - 09/Oct/2025/14/43/18 HEAD /v1/AUTH_999a51e1ca114e11bcba401d9c4138e2/gnocchi.6babfedf-eedb-4341-bb59-8757fc3c9c9f%3Fformat%3Djson%26states%3Dlisting HTTP/1.0 204 - Swift - - - - tx86dadf7ab4f74b27ab056-0068e7ca06 - 0.0037 RL - 1760020998.252112627 1760020998.255784988 0
Oct 9 14:43:18 standalone container-server[129574]: 172.20.0.100 - - [09/Oct/2025:14:43:18 +0000] "GET /d1/816/AUTH_999a51e1ca114e11bcba401d9c4138e2/gnocchi.6babfedf-eedb-4341-bb59-8757fc3c9c9f" 200 2 "GET http://172.18.0.2:8080/v1/AUTH_999a51e1ca114e11bcba401d9c4138e2/gnocchi.6babfedf-eedb-4341-bb59-8757fc3c9c9f?format=json&states=listing" "tx86dadf7ab4f74b27ab056-0068e7ca06" "proxy-server 20" 0.0018 "-" 15 0
Oct 9 14:43:18 standalone proxy-server[131557]: 172.18.0.2 172.18.0.100 09/Oct/2025/14/43/18 GET /v1/AUTH_999a51e1ca114e11bcba401d9c4138e2/gnocchi.6babfedf-eedb-4341-bb59-8757fc3c9c9f%3Fformat%3Djson%26states%3Dlisting HTTP/1.0 200 - python-swiftclient-3.11.1 gAAAAABo58nI_iYl... - 2 - tx86dadf7ab4f74b27ab056-0068e7ca06 - 0.0133 - - 1760020998.251104593 1760020998.264393330 0
Oct 9 14:43:18 standalone object-server[129856]: 172.20.0.100 - - [09/Oct/2025:14:43:18 +0000] "GET /d1/363/AUTH_999a51e1ca114e11bcba401d9c4138e2/gnocchi.6babfedf-eedb-4341-bb59-8757fc3c9c9f/1759320000.0_mean_300.0_v3" 404 70 "GET http://172.18.0.2:8080/v1/AUTH_999a51e1ca114e11bcba401d9c4138e2/gnocchi.6babfedf-eedb-4341-bb59-8757fc3c9c9f/1759320000.0_mean_300.0_v3" "txd94dfe8d374e48f8b99a2-0068e7ca06" "proxy-server 20" 0.0003 "-" 23 0
Oct 9 14:43:18 standalone proxy-server[131557]: 172.18.0.2 172.18.0.100 09/Oct/2025/14/43/18 GET /v1/AUTH_999a51e1ca114e11bcba401d9c4138e2/gnocchi.6babfedf-eedb-4341-bb59-8757fc3c9c9f/1759320000.0_mean_300.0_v3 HTTP/1.0 404 - python-swiftclient-3.11.1 gAAAAABo58nI_iYl... - 70 - txd94dfe8d374e48f8b99a2-0068e7ca06 - 0.0086 - - 1760020998.269570827 1760020998.278181314 0
Oct 9 14:43:18 standalone container-server[129574]: 172.20.0.100 - - [09/Oct/2025:14:43:18 +0000] "PUT /d1/816/AUTH_999a51e1ca114e11bcba401d9c4138e2/gnocchi.6babfedf-eedb-4341-bb59-8757fc3c9c9f/1759320000.0_mean_300.0_v3" 201 - "PUT http://172.18.0.2:8080/d1/363/AUTH_999a51e1ca114e11bcba401d9c4138e2/gnocchi.6babfedf-eedb-4341-bb59-8757fc3c9c9f/1759320000.0_mean_300.0_v3" "txe20c5cad18a84604947c9-0068e7ca06" "object-server 24" 0.0005 "-" 15 0
Oct 9 14:43:18 standalone object-server[129857]: 172.20.0.100 - - [09/Oct/2025:14:43:18 +0000] "PUT /d1/363/AUTH_999a51e1ca114e11bcba401d9c4138e2/gnocchi.6babfedf-eedb-4341-bb59-8757fc3c9c9f/1759320000.0_mean_300.0_v3" 201 - "PUT http://172.18.0.2:8080/v1/AUTH_999a51e1ca114e11bcba401d9c4138e2/gnocchi.6babfedf-eedb-4341-bb59-8757fc3c9c9f/1759320000.0_mean_300.0_v3" "txe20c5cad18a84604947c9-0068e7ca06" "proxy-server 20" 0.0082 "-" 24 0
Oct 9 14:43:18 standalone proxy-server[131557]: 172.18.0.2 172.18.0.100 09/Oct/2025/14/43/18 PUT /v1/AUTH_999a51e1ca114e11bcba401d9c4138e2/gnocchi.6babfedf-eedb-4341-bb59-8757fc3c9c9f/1759320000.0_mean_300.0_v3 HTTP/1.0 201 - python-swiftclient-3.11.1 gAAAAABo58nI_iYl... 16 - - txe20c5cad18a84604947c9-0068e7ca06 - 0.0137 - - 1760020998.281322241 1760020998.295055151 0
Oct 9 14:43:18 standalone container-server[129621]: 172.20.0.100 - - [09/Oct/2025:14:43:18 +0000] "PUT /d1/816/AUTH_999a51e1ca114e11bcba401d9c4138e2/gnocchi.6babfedf-eedb-4341-bb59-8757fc3c9c9f/none_v3" 201 - "PUT http://172.18.0.2:8080/d1/320/AUTH_999a51e1ca114e11bcba401d9c4138e2/gnocchi.6babfedf-eedb-4341-bb59-8757fc3c9c9f/none_v3" "txf8eceff33ebc47418e0b7-0068e7ca06" "object-server 24" 0.0005 "-" 17 0
Oct 9 14:43:18 standalone object-server[129857]: 172.20.0.100 - - [09/Oct/2025:14:43:18 +0000] "PUT /d1/320/AUTH_999a51e1ca114e11bcba401d9c4138e2/gnocchi.6babfedf-eedb-4341-bb59-8757fc3c9c9f/none_v3" 201 - "PUT http://172.18.0.2:8080/v1/AUTH_999a51e1ca114e11bcba401d9c4138e2/gnocchi.6babfedf-eedb-4341-bb59-8757fc3c9c9f/none_v3" "txf8eceff33ebc47418e0b7-0068e7ca06" "proxy-server 20" 0.0070 "-" 24 0
Oct 9 14:43:18 standalone proxy-server[131557]: 172.18.0.2 172.18.0.100 09/Oct/2025/14/43/18 PUT /v1/AUTH_999a51e1ca114e11bcba401d9c4138e2/gnocchi.6babfedf-eedb-4341-bb59-8757fc3c9c9f/none_v3 HTTP/1.0 201 - python-swiftclient-3.11.1 gAAAAABo58nI_iYl... 22 - - txf8eceff33ebc47418e0b7-0068e7ca06 - 0.0119 - - 1760020998.298135519 1760020998.310042620 0
Oct 9 14:43:26 standalone container-server[129574]: 172.20.0.100 - - [09/Oct/2025:14:43:26 +0000] "HEAD /d1/801/AUTH_999a51e1ca114e11bcba401d9c4138e2/gnocchi.49d5f1d1-c566-4c59-99b7-2295a02fd8d9" 404 - "HEAD http://172.18.0.2:8080/v1/AUTH_999a51e1ca114e11bcba401d9c4138e2/gnocchi.49d5f1d1-c566-4c59-99b7-2295a02fd8d9?format=json&states=listing" "tx6d3307a98b9a45a884d39-0068e7ca0e" "proxy-server 20" 0.0007 "-" 15 0
Oct 9 14:43:26 standalone object-server[129859]: 172.20.0.100 - - [09/Oct/2025:14:43:26 +0000] "GET /d1/910/AUTH_999a51e1ca114e11bcba401d9c4138e2/gnocchi.49d5f1d1-c566-4c59-99b7-2295a02fd8d9/none_v3" 404 70 "GET http://172.18.0.2:8080/v1/AUTH_999a51e1ca114e11bcba401d9c4138e2/gnocchi.49d5f1d1-c566-4c59-99b7-2295a02fd8d9/none_v3" "tx6d3307a98b9a45a884d39-0068e7ca0e" "proxy-server 20" 0.0006 "-" 25 0
Oct 9 14:43:26 standalone proxy-server[131557]: 172.18.0.2 172.18.0.100 09/Oct/2025/14/43/26 GET /v1/AUTH_999a51e1ca114e11bcba401d9c4138e2/gnocchi.49d5f1d1-c566-4c59-99b7-2295a02fd8d9/none_v3 HTTP/1.0 404 - python-swiftclient-3.11.1 gAAAAABo58nI_iYl... - 70 - tx6d3307a98b9a45a884d39-0068e7ca0e - 0.0173 - - 1760021006.489711523 1760021006.507057667 0
Oct 9 14:43:26 standalone account-server[129401]: 172.20.0.100 - - [09/Oct/2025:14:43:26 +0000] "PUT /d1/460/AUTH_999a51e1ca114e11bcba401d9c4138e2/gnocchi.49d5f1d1-c566-4c59-99b7-2295a02fd8d9" 201 - "PUT http://172.20.0.100:6001/d1/801/AUTH_999a51e1ca114e11bcba401d9c4138e2/gnocchi.49d5f1d1-c566-4c59-99b7-2295a02fd8d9" "tx3ca7adfde4384535a6ccb-0068e7ca0e" "container-server 15" 0.0068 "-" 17 0
Oct 9 14:43:26 standalone container-server[129574]: 172.20.0.100 - - [09/Oct/2025:14:43:26 +0000] "PUT /d1/801/AUTH_999a51e1ca114e11bcba401d9c4138e2/gnocchi.49d5f1d1-c566-4c59-99b7-2295a02fd8d9" 201 - "PUT http://172.18.0.2:8080/v1/AUTH_999a51e1ca114e11bcba401d9c4138e2/gnocchi.49d5f1d1-c566-4c59-99b7-2295a02fd8d9" "tx3ca7adfde4384535a6ccb-0068e7ca0e" "proxy-server 20" 0.0238 "-" 15 0
Oct 9 14:43:26 standalone proxy-server[131557]: 172.18.0.2 172.18.0.100 09/Oct/2025/14/43/26 PUT /v1/AUTH_999a51e1ca114e11bcba401d9c4138e2/gnocchi.49d5f1d1-c566-4c59-99b7-2295a02fd8d9 HTTP/1.0 201 - python-swiftclient-3.11.1 gAAAAABo58nI_iYl... - - - tx3ca7adfde4384535a6ccb-0068e7ca0e - 0.0325 - - 1760021006.510891914 1760021006.543342113 0
Oct 9 14:43:26 standalone container-server[129621]: 172.20.0.100 - - [09/Oct/2025:14:43:26 +0000] "HEAD /d1/801/AUTH_999a51e1ca114e11bcba401d9c4138e2/gnocchi.49d5f1d1-c566-4c59-99b7-2295a02fd8d9" 204 - "HEAD http://172.18.0.2:8080/v1/AUTH_999a51e1ca114e11bcba401d9c4138e2/gnocchi.49d5f1d1-c566-4c59-99b7-2295a02fd8d9?format=json&states=listing" "txc8cd34a2637541f5a01d6-0068e7ca0e" "proxy-server 20" 0.0027 "-" 17 0
Oct 9 14:43:26 standalone proxy-server[131557]: - - 09/Oct/2025/14/43/26 HEAD /v1/AUTH_999a51e1ca114e11bcba401d9c4138e2/gnocchi.49d5f1d1-c566-4c59-99b7-2295a02fd8d9%3Fformat%3Djson%26states%3Dlisting HTTP/1.0 204 - Swift - - - - txc8cd34a2637541f5a01d6-0068e7ca0e - 0.0084 RL - 1760021006.549261332 1760021006.557689190 0
Oct 9 14:43:26 standalone container-server[129606]: 172.20.0.100 - - [09/Oct/2025:14:43:26 +0000] "GET /d1/801/AUTH_999a51e1ca114e11bcba401d9c4138e2/gnocchi.49d5f1d1-c566-4c59-99b7-2295a02fd8d9" 200 2 "GET http://172.18.0.2:8080/v1/AUTH_999a51e1ca114e11bcba401d9c4138e2/gnocchi.49d5f1d1-c566-4c59-99b7-2295a02fd8d9?format=json&states=listing" "txc8cd34a2637541f5a01d6-0068e7ca0e" "proxy-server 20" 0.0024 "-" 16 0
Oct 9 14:43:26 standalone proxy-server[131557]: 172.18.0.2 172.18.0.100 09/Oct/2025/14/43/26 GET /v1/AUTH_999a51e1ca114e11bcba401d9c4138e2/gnocchi.49d5f1d1-c566-4c59-99b7-2295a02fd8d9%3Fformat%3Djson%26states%3Dlisting HTTP/1.0 200 - python-swiftclient-3.11.1 gAAAAABo58nI_iYl... - 2 - txc8cd34a2637541f5a01d6-0068e7ca0e - 0.0209 - - 1760021006.547630787 1760021006.568547487 0
Oct 9 14:43:26 standalone object-server[129859]: 172.20.0.100 - - [09/Oct/2025:14:43:26 +0000] "GET /d1/362/AUTH_999a51e1ca114e11bcba401d9c4138e2/gnocchi.49d5f1d1-c566-4c59-99b7-2295a02fd8d9/1759320000.0_mean_300.0_v3" 404 70 "GET http://172.18.0.2:8080/v1/AUTH_999a51e1ca114e11bcba401d9c4138e2/gnocchi.49d5f1d1-c566-4c59-99b7-2295a02fd8d9/1759320000.0_mean_300.0_v3" "tx8b20376e8f094f75bb640-0068e7ca0e" "proxy-server 20" 0.0003 "-" 25 0
Oct 9 14:43:26 standalone proxy-server[131557]: 172.18.0.2 172.18.0.100 09/Oct/2025/14/43/26 GET /v1/AUTH_999a51e1ca114e11bcba401d9c4138e2/gnocchi.49d5f1d1-c566-4c59-99b7-2295a02fd8d9/1759320000.0_mean_300.0_v3 HTTP/1.0 404 - python-swiftclient-3.11.1 gAAAAABo58nI_iYl... - 70 - tx8b20376e8f094f75bb640-0068e7ca0e - 0.0057 - - 1760021006.572405577 1760021006.578145742 0
Oct 9 14:43:26 standalone container-server[129621]: 172.20.0.100 - - [09/Oct/2025:14:43:26 +0000] "PUT /d1/801/AUTH_999a51e1ca114e11bcba401d9c4138e2/gnocchi.49d5f1d1-c566-4c59-99b7-2295a02fd8d9/1759320000.0_mean_300.0_v3" 201 - "PUT http://172.18.0.2:8080/d1/362/AUTH_999a51e1ca114e11bcba401d9c4138e2/gnocchi.49d5f1d1-c566-4c59-99b7-2295a02fd8d9/1759320000.0_mean_300.0_v3" "tx268d29f74b7643d59e39d-0068e7ca0e" "object-server 25" 0.0005 "-" 17 0
Oct 9 14:43:26 standalone object-server[129859]: 172.20.0.100 - - [09/Oct/2025:14:43:26 +0000] "PUT /d1/362/AUTH_999a51e1ca114e11bcba401d9c4138e2/gnocchi.49d5f1d1-c566-4c59-99b7-2295a02fd8d9/1759320000.0_mean_300.0_v3" 201 - "PUT http://172.18.0.2:8080/v1/AUTH_999a51e1ca114e11bcba401d9c4138e2/gnocchi.49d5f1d1-c566-4c59-99b7-2295a02fd8d9/1759320000.0_mean_300.0_v3" "tx268d29f74b7643d59e39d-0068e7ca0e" "proxy-server 20" 0.0101 "-" 25 0
Oct 9 14:43:26 standalone proxy-server[131557]: 172.18.0.2 172.18.0.100 09/Oct/2025/14/43/26 PUT /v1/AUTH_999a51e1ca114e11bcba401d9c4138e2/gnocchi.49d5f1d1-c566-4c59-99b7-2295a02fd8d9/1759320000.0_mean_300.0_v3 HTTP/1.0 201 - python-swiftclient-3.11.1 gAAAAABo58nI_iYl... 16 - - tx268d29f74b7643d59e39d-0068e7ca0e - 0.0159 - - 1760021006.583682537 1760021006.599574804 0
Oct 9 14:43:26 standalone container-server[129574]: 172.20.0.100 - - [09/Oct/2025:14:43:26 +0000] "PUT /d1/801/AUTH_999a51e1ca114e11bcba401d9c4138e2/gnocchi.49d5f1d1-c566-4c59-99b7-2295a02fd8d9/none_v3" 201 - "PUT http://172.18.0.2:8080/d1/910/AUTH_999a51e1ca114e11bcba401d9c4138e2/gnocchi.49d5f1d1-c566-4c59-99b7-2295a02fd8d9/none_v3" "tx585a4d582cfc458986412-0068e7ca0e" "object-server 22" 0.0008 "-" 15 0
Oct 9 14:43:26 standalone object-server[129855]: 172.20.0.100 - - [09/Oct/2025:14:43:26 +0000] "PUT /d1/910/AUTH_999a51e1ca114e11bcba401d9c4138e2/gnocchi.49d5f1d1-c566-4c59-99b7-2295a02fd8d9/none_v3" 201 - "PUT http://172.18.0.2:8080/v1/AUTH_999a51e1ca114e11bcba401d9c4138e2/gnocchi.49d5f1d1-c566-4c59-99b7-2295a02fd8d9/none_v3" "tx585a4d582cfc458986412-0068e7ca0e" "proxy-server 20" 0.0108 "-" 22 0
Oct 9 14:43:26 standalone proxy-server[131557]: 172.18.0.2 172.18.0.100 09/Oct/2025/14/43/26 PUT /v1/AUTH_999a51e1ca114e11bcba401d9c4138e2/gnocchi.49d5f1d1-c566-4c59-99b7-2295a02fd8d9/none_v3 HTTP/1.0 201 - python-swiftclient-3.11.1 gAAAAABo58nI_iYl... 22 - - tx585a4d582cfc458986412-0068e7ca0e - 0.0176 - - 1760021006.602974415 1760021006.620605230 0
Oct 9 14:43:26 standalone container-server[129561]: 172.20.0.100 - - [09/Oct/2025:14:43:26 +0000] "HEAD /d1/469/AUTH_999a51e1ca114e11bcba401d9c4138e2/gnocchi.1b4b7b5f-f62f-4811-a680-e287cdab314c" 404 - "HEAD http://172.18.0.2:8080/v1/AUTH_999a51e1ca114e11bcba401d9c4138e2/gnocchi.1b4b7b5f-f62f-4811-a680-e287cdab314c?format=json&states=listing" "tx8270e47699634b008b185-0068e7ca0e" "proxy-server 20" 0.0004 "-" 14 0
Oct 9 14:43:26 standalone object-server[129856]: 172.20.0.100 - - [09/Oct/2025:14:43:26 +0000] "GET /d1/978/AUTH_999a51e1ca114e11bcba401d9c4138e2/gnocchi.1b4b7b5f-f62f-4811-a680-e287cdab314c/none_v3" 404 70 "GET http://172.18.0.2:8080/v1/AUTH_999a51e1ca114e11bcba401d9c4138e2/gnocchi.1b4b7b5f-f62f-4811-a680-e287cdab314c/none_v3" "tx8270e47699634b008b185-0068e7ca0e" "proxy-server 20" 0.0004 "-" 23 0
Oct 9 14:43:26 standalone proxy-server[131557]: 172.18.0.2 172.18.0.100 09/Oct/2025/14/43/26 GET /v1/AUTH_999a51e1ca114e11bcba401d9c4138e2/gnocchi.1b4b7b5f-f62f-4811-a680-e287cdab314c/none_v3 HTTP/1.0 404 - python-swiftclient-3.11.1 gAAAAABo58nI_iYl... - 70 - tx8270e47699634b008b185-0068e7ca0e - 0.0127 - - 1760021006.637397289 1760021006.650059938 0
Oct 9 14:43:26 standalone account-server[129447]: 172.20.0.100 - - [09/Oct/2025:14:43:26 +0000] "PUT /d1/460/AUTH_999a51e1ca114e11bcba401d9c4138e2/gnocchi.1b4b7b5f-f62f-4811-a680-e287cdab314c" 201 - "PUT http://172.20.0.100:6001/d1/469/AUTH_999a51e1ca114e11bcba401d9c4138e2/gnocchi.1b4b7b5f-f62f-4811-a680-e287cdab314c" "txd4e78b35fa4c42e29cd02-0068e7ca0e" "container-server 17" 0.0053 "-" 21 0
Oct 9 14:43:26 standalone container-server[129621]: 172.20.0.100 - - [09/Oct/2025:14:43:26 +0000] "PUT /d1/469/AUTH_999a51e1ca114e11bcba401d9c4138e2/gnocchi.1b4b7b5f-f62f-4811-a680-e287cdab314c" 201 - "PUT http://172.18.0.2:8080/v1/AUTH_999a51e1ca114e11bcba401d9c4138e2/gnocchi.1b4b7b5f-f62f-4811-a680-e287cdab314c" "txd4e78b35fa4c42e29cd02-0068e7ca0e" "proxy-server 20" 0.0154 "-" 17 0
Oct 9 14:43:26 standalone proxy-server[131557]: 172.18.0.2 172.18.0.100 09/Oct/2025/14/43/26 PUT /v1/AUTH_999a51e1ca114e11bcba401d9c4138e2/gnocchi.1b4b7b5f-f62f-4811-a680-e287cdab314c HTTP/1.0 201 - python-swiftclient-3.11.1 gAAAAABo58nI_iYl... - - - txd4e78b35fa4c42e29cd02-0068e7ca0e - 0.0221 - - 1760021006.654639006 1760021006.676782370 0
Oct 9 14:43:26 standalone container-server[129606]: 172.20.0.100 - - [09/Oct/2025:14:43:26 +0000] "HEAD /d1/469/AUTH_999a51e1ca114e11bcba401d9c4138e2/gnocchi.1b4b7b5f-f62f-4811-a680-e287cdab314c" 204 - "HEAD http://172.18.0.2:8080/v1/AUTH_999a51e1ca114e11bcba401d9c4138e2/gnocchi.1b4b7b5f-f62f-4811-a680-e287cdab314c?format=json&states=listing" "txbe6870c259e04b90873ec-0068e7ca0e" "proxy-server 20" 0.0015 "-" 16 0
Oct 9 14:43:26 standalone proxy-server[131557]: - - 09/Oct/2025/14/43/26 HEAD /v1/AUTH_999a51e1ca114e11bcba401d9c4138e2/gnocchi.1b4b7b5f-f62f-4811-a680-e287cdab314c%3Fformat%3Djson%26states%3Dlisting HTTP/1.0 204 - Swift - - - - txbe6870c259e04b90873ec-0068e7ca0e - 0.0089 RL - 1760021006.681893587 1760021006.690829277 0
Oct 9 14:43:26 standalone container-server[129574]: 172.20.0.100 - - [09/Oct/2025:14:43:26 +0000] "GET /d1/469/AUTH_999a51e1ca114e11bcba401d9c4138e2/gnocchi.1b4b7b5f-f62f-4811-a680-e287cdab314c" 200 2 "GET http://172.18.0.2:8080/v1/AUTH_999a51e1ca114e11bcba401d9c4138e2/gnocchi.1b4b7b5f-f62f-4811-a680-e287cdab314c?format=json&states=listing" "txbe6870c259e04b90873ec-0068e7ca0e" "proxy-server 20" 0.0061 "-" 15 0
Oct 9 14:43:26 standalone proxy-server[131557]: 172.18.0.2 172.18.0.100 09/Oct/2025/14/43/26 GET /v1/AUTH_999a51e1ca114e11bcba401d9c4138e2/gnocchi.1b4b7b5f-f62f-4811-a680-e287cdab314c%3Fformat%3Djson%26states%3Dlisting HTTP/1.0 200 - python-swiftclient-3.11.1 gAAAAABo58nI_iYl... - 2 - txbe6870c259e04b90873ec-0068e7ca0e - 0.0756 - - 1760021006.680343151 1760021006.755964279 0
Oct 9 14:43:26 standalone object-server[129859]: 172.20.0.100 - - [09/Oct/2025:14:43:26 +0000] "GET /d1/252/AUTH_999a51e1ca114e11bcba401d9c4138e2/gnocchi.1b4b7b5f-f62f-4811-a680-e287cdab314c/1759320000.0_mean_300.0_v3" 404 70 "GET http://172.18.0.2:8080/v1/AUTH_999a51e1ca114e11bcba401d9c4138e2/gnocchi.1b4b7b5f-f62f-4811-a680-e287cdab314c/1759320000.0_mean_300.0_v3" "tx03ffa9138ffd40f9a5ee2-0068e7ca0e" "proxy-server 20" 0.0003 "-" 25 0
Oct 9 14:43:26 standalone proxy-server[131557]: 172.18.0.2 172.18.0.100 09/Oct/2025/14/43/26 GET /v1/AUTH_999a51e1ca114e11bcba401d9c4138e2/gnocchi.1b4b7b5f-f62f-4811-a680-e287cdab314c/1759320000.0_mean_300.0_v3 HTTP/1.0 404 - python-swiftclient-3.11.1 gAAAAABo58nI_iYl... - 70 - tx03ffa9138ffd40f9a5ee2-0068e7ca0e - 0.0057 - - 1760021006.759401321 1760021006.765095234 0
Oct 9 14:43:26 standalone container-server[129621]: 172.20.0.100 - - [09/Oct/2025:14:43:26 +0000] "PUT /d1/469/AUTH_999a51e1ca114e11bcba401d9c4138e2/gnocchi.1b4b7b5f-f62f-4811-a680-e287cdab314c/1759320000.0_mean_300.0_v3" 201 - "PUT http://172.18.0.2:8080/d1/252/AUTH_999a51e1ca114e11bcba401d9c4138e2/gnocchi.1b4b7b5f-f62f-4811-a680-e287cdab314c/1759320000.0_mean_300.0_v3" "txc4c122ccf2f54f5289100-0068e7ca0e" "object-server 24" 0.0007 "-" 17 0
