Dec 2 14:46:33 standalone account-server[126311]: Starting 2
Dec 2 14:46:33 standalone container-server[126483]: Option allow_versions is deprecated. Configure the versioned_writes middleware in the proxy-server instead. This option will be ignored in a future release.
Dec 2 14:46:33 standalone container-server[126700]: Option allow_versions is deprecated. Configure the versioned_writes middleware in the proxy-server instead. This option will be ignored in a future release.
Dec 2 14:46:33 standalone container-server[126483]: Started child 20 from parent 2
Dec 2 14:46:33 standalone container-server[126710]: Option allow_versions is deprecated. Configure the versioned_writes middleware in the proxy-server instead. This option will be ignored in a future release.
Dec 2 14:46:33 standalone container-server[126483]: Started child 21 from parent 2
Dec 2 14:46:33 standalone container-server[126719]: Option allow_versions is deprecated. Configure the versioned_writes middleware in the proxy-server instead. This option will be ignored in a future release.
Dec 2 14:46:33 standalone container-server[126483]: Started child 22 from parent 2
Dec 2 14:46:33 standalone container-server[126721]: Option allow_versions is deprecated. Configure the versioned_writes middleware in the proxy-server instead. This option will be ignored in a future release.
Dec 2 14:46:33 standalone container-server[126483]: Started child 23 from parent 2
Dec 2 14:46:33 standalone account-server[126405]: Started child 20 from parent 2
Dec 2 14:46:34 standalone account-server[126405]: Started child 21 from parent 2
Dec 2 14:46:34 standalone account-server[126405]: Started child 22 from parent 2
Dec 2 14:46:34 standalone account-server[126405]: Started child 23 from parent 2
Dec 2 14:46:34 standalone container-server[126759]: Starting 2
Dec 2 14:46:34 standalone object-expirer[126814]: Starting 2
Dec 2 14:46:34 standalone object-expirer[126814]: Option auto_create_account_prefix is deprecated. Configure auto_create_account_prefix under the swift-constraints section of swift.conf. This option will be ignored in a future release.
Dec 2 14:46:34 standalone object-server[126878]: Starting 2
Dec 2 14:46:35 standalone object-server[126882]: Started child 22 from parent 2
Dec 2 14:46:35 standalone object-server[126882]: Started child 23 from parent 2
Dec 2 14:46:35 standalone object-server[126882]: Started child 24 from parent 2
Dec 2 14:46:35 standalone object-server[126882]: Started child 25 from parent 2
Dec 2 14:46:40 standalone proxy-server[128415]: Starting Keystone auth_token middleware
Dec 2 14:46:40 standalone proxy-server[128415]: AuthToken middleware is set with keystone_authtoken.service_token_roles_required set to False. This is backwards compatible but deprecated behaviour. Please set this to True.
Dec 2 14:46:40 standalone proxy-server[128769]: Starting Keystone auth_token middleware
Dec 2 14:46:40 standalone proxy-server[128769]: STDERR: The option "bind_port" is not known to keystonemiddleware
Dec 2 14:46:40 standalone proxy-server[128769]: STDERR: The option "workers" is not known to keystonemiddleware
Dec 2 14:46:40 standalone proxy-server[128769]: STDERR: The option "user" is not known to keystonemiddleware
Dec 2 14:46:40 standalone proxy-server[128769]: STDERR: The option "bind_ip" is not known to keystonemiddleware
Dec 2 14:46:40 standalone proxy-server[128769]: STDERR: The option "log_name" is not known to keystonemiddleware
Dec 2 14:46:40 standalone proxy-server[128769]: STDERR: The option "log_facility" is not known to keystonemiddleware
Dec 2 14:46:40 standalone proxy-server[128769]: STDERR: The option "log_level" is not known to keystonemiddleware
Dec 2 14:46:40 standalone proxy-server[128769]: STDERR: The option "log_headers" is not known to keystonemiddleware
Dec 2 14:46:40 standalone proxy-server[128769]: STDERR: The option "log_address" is not known to keystonemiddleware
Dec 2 14:46:40 standalone proxy-server[128769]: STDERR: The option "project_name" is not known to keystonemiddleware
Dec 2 14:46:40 standalone proxy-server[128769]: STDERR: The option "username" is not known to keystonemiddleware
Dec 2 14:46:40 standalone proxy-server[128769]: STDERR: The option "password" is not known to keystonemiddleware
Dec 2 14:46:40 standalone proxy-server[128769]: STDERR: The option "auth_url" is not known to keystonemiddleware
Dec 2 14:46:40 standalone proxy-server[128769]: STDERR: The option "signing_dir" is not known to keystonemiddleware
Dec 2 14:46:40 standalone proxy-server[128769]: STDERR: The option "project_domain_id" is not known to keystonemiddleware
Dec 2 14:46:40 standalone proxy-server[128769]: STDERR: The option "user_domain_id" is not known to keystonemiddleware
Dec 2 14:46:40 standalone proxy-server[128769]: STDERR: The option "__name__" is not known to keystonemiddleware
Dec 2 14:46:40 standalone proxy-server[128769]: AuthToken middleware is set with keystone_authtoken.service_token_roles_required set to False. This is backwards compatible but deprecated behaviour. Please set this to True.
Dec 2 14:46:40 standalone proxy-server[128415]: Started child 20 from parent 2
Dec 2 14:46:43 standalone container-server[126759]: Begin container update sweep
Dec 2 14:46:43 standalone container-server[126759]: Container update sweep completed: 0.00s
Dec 2 14:46:57 standalone object-server[126878]: Begin object update sweep
Dec 2 14:46:57 standalone object-server[130661]: Object update sweep starting on /srv/node/d1 (pid: 11)
Dec 2 14:46:57 standalone object-server[130661]: Object update sweep completed on /srv/node/d1 in 0.00s seconds:, 0 successes, 0 failures, 0 quarantines, 0 unlinks, 0 errors, 0 redirects (pid: 11)
Dec 2 14:46:57 standalone object-server[130661]: Object update sweep of d1 completed: 0.00s, 0 successes, 0 failures, 0 quarantines, 0 unlinks, 0 errors, 0 redirects
Dec 2 14:46:57 standalone object-server[126878]: Object update sweep completed: 0.07s
Dec 2 14:47:52 standalone account-server[126806]: 172.20.0.100 - - [02/Dec/2025:14:47:52 +0000] "HEAD /d1/344/.expiring_objects" 404 - "HEAD http://localhost/v1/.expiring_objects?format=json" "tx7f1b2ffe70164c38a69b4-00692efc18" "proxy-server 2" 0.0018 "-" 21 -
Dec 2 14:47:52 standalone object-expirer[126814]: Pass completed in 0s; 0 objects expired (txn: tx7f1b2ffe70164c38a69b4-00692efc18)
Dec 2 14:48:49 standalone account-server[126311]: Devices pass completed: 0.00s
Dec 2 14:49:58 standalone account-server[126801]: 172.20.0.100 - - [02/Dec/2025:14:49:58 +0000] "HEAD /d1/344/.expiring_objects" 404 - "HEAD http://localhost/v1/.expiring_objects?format=json" "txf876857514ec466bb075f-00692efc96" "proxy-server 2" 0.0010 "-" 20 -
Dec 2 14:49:58 standalone object-expirer[126814]: Pass completed in 0s; 0 objects expired (txn: txf876857514ec466bb075f-00692efc96)
Dec 2 14:51:43 standalone container-server[126759]: Begin container update sweep
Dec 2 14:51:43 standalone container-server[126759]: Container update sweep completed: 0.00s
Dec 2 14:51:57 standalone object-server[126878]: Begin object update sweep
Dec 2 14:51:57 standalone object-server[167253]: Object update sweep starting on /srv/node/d1 (pid: 13)
Dec 2 14:51:57 standalone object-server[167253]: Object update sweep completed on /srv/node/d1 in 0.00s seconds:, 0 successes, 0 failures, 0 quarantines, 0 unlinks, 0 errors, 0 redirects (pid: 13)
Dec 2 14:51:57 standalone object-server[167253]: Object update sweep of d1 completed: 0.00s, 0 successes, 0 failures, 0 quarantines, 0 unlinks, 0 errors, 0 redirects
Dec 2 14:51:57 standalone object-server[126878]: Object update sweep completed: 0.05s
Dec 2 14:53:08 standalone account-server[126807]: 172.20.0.100 - - [02/Dec/2025:14:53:08 +0000] "HEAD /d1/344/.expiring_objects" 404 - "HEAD http://localhost/v1/.expiring_objects?format=json" "tx0658ddcda2444d17af309-00692efd54" "proxy-server 2" 0.0011 "-" 22 -
Dec 2 14:53:08 standalone object-expirer[126814]: Pass completed in 0s; 0 objects expired (txn: tx0658ddcda2444d17af309-00692efd54)
Dec 2 14:54:01 standalone account-server[126806]: 172.20.0.100 - - [02/Dec/2025:14:54:01 +0000] "HEAD /d1/344/.expiring_objects" 404 - "HEAD http://localhost/v1/.expiring_objects?format=json" "tx95c2328e039140bd9373f-00692efd89" "proxy-server 2" 0.0004 "-" 21 -
Dec 2 14:54:01 standalone object-expirer[126814]: Pass completed in 0s; 0 objects expired (txn: tx95c2328e039140bd9373f-00692efd89)
Dec 2 14:56:43 standalone container-server[126759]: Begin container update sweep
Dec 2 14:56:43 standalone container-server[126759]: Container update sweep completed: 0.00s
Dec 2 14:56:57 standalone account-server[126807]: 172.20.0.100 - - [02/Dec/2025:14:56:57 +0000] "HEAD /d1/344/.expiring_objects" 404 - "HEAD http://localhost/v1/.expiring_objects?format=json" "txc4e0e249b5e44c44b2dca-00692efe39" "proxy-server 2" 0.0008 "-" 22 -
Dec 2 14:56:57 standalone object-expirer[126814]: Pass completed in 0s; 0 objects expired (txn: txc4e0e249b5e44c44b2dca-00692efe39)
Dec 2 14:56:58 standalone object-server[126878]: Begin object update sweep
Dec 2 14:56:58 standalone object-server[209388]: Object update sweep starting on /srv/node/d1 (pid: 14)
Dec 2 14:56:58 standalone object-server[209388]: Object update sweep completed on /srv/node/d1 in 0.00s seconds:, 0 successes, 0 failures, 0 quarantines, 0 unlinks, 0 errors, 0 redirects (pid: 14)
Dec 2 14:56:58 standalone object-server[209388]: Object update sweep of d1 completed: 0.00s, 0 successes, 0 failures, 0 quarantines, 0 unlinks, 0 errors, 0 redirects
Dec 2 14:56:58 standalone object-server[126878]: Object update sweep completed: 0.08s
Dec 2 14:58:30 standalone account-server[126806]: 172.20.0.100 - - [02/Dec/2025:14:58:30 +0000] "HEAD /d1/344/.expiring_objects" 404 - "HEAD http://localhost/v1/.expiring_objects?format=json" "tx7a79c5400e5b4d178ff29-00692efe96" "proxy-server 2" 0.0007 "-" 21 -
Dec 2 14:58:30 standalone object-expirer[126814]: Pass completed in 0s; 0 objects expired (txn: tx7a79c5400e5b4d178ff29-00692efe96)
Dec 2 14:58:49 standalone account-server[126801]: 172.20.0.100 - - [02/Dec/2025:14:58:49 +0000] "HEAD /d1/519/AUTH_d1023b00803f443ea2b9f323c4072839" 404 - "HEAD http://172.18.0.2:8080/v1/AUTH_d1023b00803f443ea2b9f323c4072839?format=json" "tx725806e5615c45e1bcf7d-00692efea9" "proxy-server 20" 0.0007 "-" 20 -
Dec 2 14:58:49 standalone proxy-server[128769]: - - 02/Dec/2025/14/58/49 HEAD /v1/AUTH_d1023b00803f443ea2b9f323c4072839%3Fformat%3Djson HTTP/1.0 200 - Swift - - - - tx725806e5615c45e1bcf7d-00692efea9 - 0.0084 RL - 1764687529.760957956 1764687529.769371986 -
Dec 2 14:58:50 standalone object-server[127074]: 172.20.0.100 - - [02/Dec/2025:14:58:50 +0000] "GET /d1/575/AUTH_d1023b00803f443ea2b9f323c4072839/gnocchi.a0e54340-8b8c-4f6e-9047-39088d058217/none_v3" 404 70 "GET http://172.18.0.2:8080/v1/AUTH_d1023b00803f443ea2b9f323c4072839/gnocchi.a0e54340-8b8c-4f6e-9047-39088d058217/none_v3" "tx725806e5615c45e1bcf7d-00692efea9" "proxy-server 20" 0.0014 "-" 23 0
Dec 2 14:58:50 standalone proxy-server[128769]: 172.18.0.2 172.18.0.100 02/Dec/2025/14/58/50 GET /v1/AUTH_d1023b00803f443ea2b9f323c4072839/gnocchi.a0e54340-8b8c-4f6e-9047-39088d058217/none_v3 HTTP/1.0 404 - python-swiftclient-3.11.1 gAAAAABpLv6p8Z5K... - 70 - tx725806e5615c45e1bcf7d-00692efea9 - 0.4753 - - 1764687529.756356239 1764687530.231699467 0
Dec 2 14:58:50 standalone account-server[126801]: 172.20.0.100 - - [02/Dec/2025:14:58:50 +0000] "PUT /d1/519/AUTH_d1023b00803f443ea2b9f323c4072839" 201 - "-" "tx74ffd10c326441a983240-00692efeaa" "-" 0.0188 "-" 20 -
Dec 2 14:58:50 standalone proxy-server[128769]: autocreate account '/AUTH_d1023b00803f443ea2b9f323c4072839' (txn: tx74ffd10c326441a983240-00692efeaa)
Dec 2 14:58:50 standalone account-server[126807]: 172.20.0.100 - - [02/Dec/2025:14:58:50 +0000] "HEAD /d1/519/AUTH_d1023b00803f443ea2b9f323c4072839" 204 - "HEAD http://172.18.0.2:8080/v1/AUTH_d1023b00803f443ea2b9f323c4072839?format=json" "tx74ffd10c326441a983240-00692efeaa" "proxy-server 20" 0.0032 "-" 22 -
Dec 2 14:58:50 standalone account-server[126812]: 172.20.0.100 - - [02/Dec/2025:14:58:50 +0000] "PUT /d1/519/AUTH_d1023b00803f443ea2b9f323c4072839/gnocchi.a0e54340-8b8c-4f6e-9047-39088d058217" 201 - "PUT http://172.20.0.100:6001/d1/431/AUTH_d1023b00803f443ea2b9f323c4072839/gnocchi.a0e54340-8b8c-4f6e-9047-39088d058217" "tx74ffd10c326441a983240-00692efeaa" "container-server 23" 0.0032 "-" 23 0
Dec 2 14:58:50 standalone container-server[126721]: 172.20.0.100 - - [02/Dec/2025:14:58:50 +0000] "PUT /d1/431/AUTH_d1023b00803f443ea2b9f323c4072839/gnocchi.a0e54340-8b8c-4f6e-9047-39088d058217" 201 - "PUT http://172.18.0.2:8080/v1/AUTH_d1023b00803f443ea2b9f323c4072839/gnocchi.a0e54340-8b8c-4f6e-9047-39088d058217" "tx74ffd10c326441a983240-00692efeaa" "proxy-server 20" 0.0216 "-" 23 0
Dec 2 14:58:50 standalone proxy-server[128769]: 172.18.0.2 172.18.0.100 02/Dec/2025/14/58/50 PUT /v1/AUTH_d1023b00803f443ea2b9f323c4072839/gnocchi.a0e54340-8b8c-4f6e-9047-39088d058217 HTTP/1.0 201 - python-swiftclient-3.11.1 gAAAAABpLv6p8Z5K... - - - tx74ffd10c326441a983240-00692efeaa - 0.0604 - - 1764687530.236377716 1764687530.296811104 0
Dec 2 14:58:50 standalone container-server[126721]: 172.20.0.100 - - [02/Dec/2025:14:58:50 +0000] "HEAD /d1/431/AUTH_d1023b00803f443ea2b9f323c4072839/gnocchi.a0e54340-8b8c-4f6e-9047-39088d058217" 204 - "HEAD http://172.18.0.2:8080/v1/AUTH_d1023b00803f443ea2b9f323c4072839/gnocchi.a0e54340-8b8c-4f6e-9047-39088d058217?format=json&states=listing" "txc6d2feaa9d664dbb8f4cb-00692efeaa" "proxy-server 20" 0.0027 "-" 23 0
Dec 2 14:58:50 standalone proxy-server[128769]: - - 02/Dec/2025/14/58/50 HEAD /v1/AUTH_d1023b00803f443ea2b9f323c4072839/gnocchi.a0e54340-8b8c-4f6e-9047-39088d058217%3Fformat%3Djson%26states%3Dlisting HTTP/1.0 204 - Swift - - - - txc6d2feaa9d664dbb8f4cb-00692efeaa - 0.0080 RL - 1764687530.304393291 1764687530.312357426 0
Dec 2 14:58:50 standalone container-server[126700]: 172.20.0.100 - - [02/Dec/2025:14:58:50 +0000] "GET /d1/431/AUTH_d1023b00803f443ea2b9f323c4072839/gnocchi.a0e54340-8b8c-4f6e-9047-39088d058217" 200 2 "GET http://172.18.0.2:8080/v1/AUTH_d1023b00803f443ea2b9f323c4072839/gnocchi.a0e54340-8b8c-4f6e-9047-39088d058217?format=json&states=listing" "txc6d2feaa9d664dbb8f4cb-00692efeaa" "proxy-server 20" 0.0057 "-" 20 0
Dec 2 14:58:50 standalone proxy-server[128769]: 172.18.0.2 172.18.0.100 02/Dec/2025/14/58/50 GET /v1/AUTH_d1023b00803f443ea2b9f323c4072839/gnocchi.a0e54340-8b8c-4f6e-9047-39088d058217%3Fformat%3Djson%26states%3Dlisting HTTP/1.0 200 - python-swiftclient-3.11.1 gAAAAABpLv6p8Z5K... - 2 - txc6d2feaa9d664dbb8f4cb-00692efeaa - 0.0249 - - 1764687530.302809715 1764687530.327737808 0
Dec 2 14:58:50 standalone object-server[127068]: 172.20.0.100 - - [02/Dec/2025:14:58:50 +0000] "GET /d1/190/AUTH_d1023b00803f443ea2b9f323c4072839/gnocchi.a0e54340-8b8c-4f6e-9047-39088d058217/1763640000.0_mean_300.0_v3" 404 70 "GET http://172.18.0.2:8080/v1/AUTH_d1023b00803f443ea2b9f323c4072839/gnocchi.a0e54340-8b8c-4f6e-9047-39088d058217/1763640000.0_mean_300.0_v3" "tx117b2766af4546899e00c-00692efeaa" "proxy-server 20" 0.0007 "-" 22 0
Dec 2 14:58:50 standalone proxy-server[128769]: 172.18.0.2 172.18.0.100 02/Dec/2025/14/58/50 GET /v1/AUTH_d1023b00803f443ea2b9f323c4072839/gnocchi.a0e54340-8b8c-4f6e-9047-39088d058217/1763640000.0_mean_300.0_v3 HTTP/1.0 404 - python-swiftclient-3.11.1 gAAAAABpLv6p8Z5K... - 70 - tx117b2766af4546899e00c-00692efeaa - 0.0105 - - 1764687530.333590984 1764687530.344112635 0
Dec 2 14:58:50 standalone container-server[126721]: 172.20.0.100 - - [02/Dec/2025:14:58:50 +0000] "PUT /d1/431/AUTH_d1023b00803f443ea2b9f323c4072839/gnocchi.a0e54340-8b8c-4f6e-9047-39088d058217/1763640000.0_mean_300.0_v3" 201 - "PUT http://172.18.0.2:8080/d1/190/AUTH_d1023b00803f443ea2b9f323c4072839/gnocchi.a0e54340-8b8c-4f6e-9047-39088d058217/1763640000.0_mean_300.0_v3" "txed9c7fa518c94191bf423-00692efeaa" "object-server 22" 0.0010 "-" 23 0
Dec 2 14:58:50 standalone object-server[127068]: 172.20.0.100 - - [02/Dec/2025:14:58:50 +0000] "PUT /d1/190/AUTH_d1023b00803f443ea2b9f323c4072839/gnocchi.a0e54340-8b8c-4f6e-9047-39088d058217/1763640000.0_mean_300.0_v3" 201 - "PUT http://172.18.0.2:8080/v1/AUTH_d1023b00803f443ea2b9f323c4072839/gnocchi.a0e54340-8b8c-4f6e-9047-39088d058217/1763640000.0_mean_300.0_v3" "txed9c7fa518c94191bf423-00692efeaa" "proxy-server 20" 0.0265 "-" 22 0
Dec 2 14:58:50 standalone proxy-server[128769]: 172.18.0.2 172.18.0.100 02/Dec/2025/14/58/50 PUT /v1/AUTH_d1023b00803f443ea2b9f323c4072839/gnocchi.a0e54340-8b8c-4f6e-9047-39088d058217/1763640000.0_mean_300.0_v3 HTTP/1.0 201 - python-swiftclient-3.11.1 gAAAAABpLv6p8Z5K... 16 - - txed9c7fa518c94191bf423-00692efeaa - 0.0340 - - 1764687530.348713636 1764687530.382665873 0
Dec 2 14:58:50 standalone container-server[126710]: 172.20.0.100 - - [02/Dec/2025:14:58:50 +0000] "PUT /d1/431/AUTH_d1023b00803f443ea2b9f323c4072839/gnocchi.a0e54340-8b8c-4f6e-9047-39088d058217/none_v3" 201 - "PUT http://172.18.0.2:8080/d1/575/AUTH_d1023b00803f443ea2b9f323c4072839/gnocchi.a0e54340-8b8c-4f6e-9047-39088d058217/none_v3" "tx6156f82867fe4f1bbb827-00692efeaa" "object-server 22" 0.0017 "-" 21 0
Dec 2 14:58:50 standalone object-server[127068]: 172.20.0.100 - - [02/Dec/2025:14:58:50 +0000] "PUT /d1/575/AUTH_d1023b00803f443ea2b9f323c4072839/gnocchi.a0e54340-8b8c-4f6e-9047-39088d058217/none_v3" 201 - "PUT http://172.18.0.2:8080/v1/AUTH_d1023b00803f443ea2b9f323c4072839/gnocchi.a0e54340-8b8c-4f6e-9047-39088d058217/none_v3" "tx6156f82867fe4f1bbb827-00692efeaa" "proxy-server 20" 0.0135 "-" 22 0
Dec 2 14:58:50 standalone proxy-server[128769]: 172.18.0.2 172.18.0.100 02/Dec/2025/14/58/50 PUT /v1/AUTH_d1023b00803f443ea2b9f323c4072839/gnocchi.a0e54340-8b8c-4f6e-9047-39088d058217/none_v3 HTTP/1.0 201 - python-swiftclient-3.11.1 gAAAAABpLv6p8Z5K... 22 - - tx6156f82867fe4f1bbb827-00692efeaa - 0.0215 - - 1764687530.388055086 1764687530.409590006 0
Dec 2 14:59:19 standalone object-server[127068]: 172.20.0.100 - - [02/Dec/2025:14:59:19 +0000] "GET /d1/575/AUTH_d1023b00803f443ea2b9f323c4072839/gnocchi.a0e54340-8b8c-4f6e-9047-39088d058217/none_v3" 200 22 "GET http://172.18.0.2:8080/v1/AUTH_d1023b00803f443ea2b9f323c4072839/gnocchi.a0e54340-8b8c-4f6e-9047-39088d058217/none_v3" "txc5b714f76c8949d68058d-00692efec7" "proxy-server 20" 0.0017 "-" 22 0
Dec 2 14:59:19 standalone proxy-server[128769]: 172.18.0.2 172.18.0.100 02/Dec/2025/14/59/19 GET /v1/AUTH_d1023b00803f443ea2b9f323c4072839/gnocchi.a0e54340-8b8c-4f6e-9047-39088d058217/none_v3 HTTP/1.0 200 - python-swiftclient-3.11.1 gAAAAABpLv6p8Z5K... - 22 - txc5b714f76c8949d68058d-00692efec7 - 0.0095 - - 1764687559.476613522 1764687559.486116648 0
Dec 2 14:59:19 standalone container-server[126710]: 172.20.0.100 - - [02/Dec/2025:14:59:19 +0000] "GET /d1/431/AUTH_d1023b00803f443ea2b9f323c4072839/gnocchi.a0e54340-8b8c-4f6e-9047-39088d058217" 200 357 "GET http://172.18.0.2:8080/v1/AUTH_d1023b00803f443ea2b9f323c4072839/gnocchi.a0e54340-8b8c-4f6e-9047-39088d058217?format=json&states=listing" "txcbe6a491489f40bfafb16-00692efec7" "proxy-server 20" 0.0222 "-" 21 0
Dec 2 14:59:19 standalone proxy-server[128769]: 172.18.0.2 172.18.0.100 02/Dec/2025/14/59/19 GET /v1/AUTH_d1023b00803f443ea2b9f323c4072839/gnocchi.a0e54340-8b8c-4f6e-9047-39088d058217%3Fformat%3Djson%26states%3Dlisting HTTP/1.0 200 - python-swiftclient-3.11.1 gAAAAABpLv6p8Z5K... - 357 - txcbe6a491489f40bfafb16-00692efec7 - 0.0310 - - 1764687559.489704370 1764687559.520748138 0
Dec 2 14:59:19 standalone container-server[126721]: 172.20.0.100 - - [02/Dec/2025:14:59:19 +0000] "GET /d1/431/AUTH_d1023b00803f443ea2b9f323c4072839/gnocchi.a0e54340-8b8c-4f6e-9047-39088d058217" 200 2 "GET http://172.18.0.2:8080/v1/AUTH_d1023b00803f443ea2b9f323c4072839/gnocchi.a0e54340-8b8c-4f6e-9047-39088d058217?format=json&marker=none_v3&states=listing" "tx87611a059a964078a7f20-00692efec7" "proxy-server 20" 0.0023 "-" 23 0
Dec 2 14:59:19 standalone proxy-server[128769]: 172.18.0.2 172.18.0.100 02/Dec/2025/14/59/19 GET /v1/AUTH_d1023b00803f443ea2b9f323c4072839/gnocchi.a0e54340-8b8c-4f6e-9047-39088d058217%3Fformat%3Djson%26marker%3Dnone_v3%26states%3Dlisting HTTP/1.0 200 - python-swiftclient-3.11.1 gAAAAABpLv6p8Z5K... - 2 - tx87611a059a964078a7f20-00692efec7 - 0.0086 - - 1764687559.524354219 1764687559.532994986 0
Dec 2 14:59:19 standalone object-server[127068]: 172.20.0.100 - - [02/Dec/2025:14:59:19 +0000] "GET /d1/190/AUTH_d1023b00803f443ea2b9f323c4072839/gnocchi.a0e54340-8b8c-4f6e-9047-39088d058217/1763640000.0_mean_300.0_v3" 200 16 "GET http://172.18.0.2:8080/v1/AUTH_d1023b00803f443ea2b9f323c4072839/gnocchi.a0e54340-8b8c-4f6e-9047-39088d058217/1763640000.0_mean_300.0_v3" "txbe20b5a221184e3e80a24-00692efec7" "proxy-server 20" 0.0007 "-" 22 0
Dec 2 14:59:19 standalone proxy-server[128769]: 172.18.0.2 172.18.0.100 02/Dec/2025/14/59/19 GET /v1/AUTH_d1023b00803f443ea2b9f323c4072839/gnocchi.a0e54340-8b8c-4f6e-9047-39088d058217/1763640000.0_mean_300.0_v3 HTTP/1.0 200 - python-swiftclient-3.11.1 gAAAAABpLv6p8Z5K... - 16 - txbe20b5a221184e3e80a24-00692efec7 - 0.0062 - - 1764687559.540904999 1764687559.547133923 0
Dec 2 14:59:19 standalone container-server[126721]: 172.20.0.100 - - [02/Dec/2025:14:59:19 +0000] "PUT /d1/431/AUTH_d1023b00803f443ea2b9f323c4072839/gnocchi.a0e54340-8b8c-4f6e-9047-39088d058217/1763640000.0_mean_300.0_v3" 201 - "PUT http://172.18.0.2:8080/d1/190/AUTH_d1023b00803f443ea2b9f323c4072839/gnocchi.a0e54340-8b8c-4f6e-9047-39088d058217/1763640000.0_mean_300.0_v3" "tx6550f90118974ae69b01f-00692efec7" "object-server 22" 0.0004 "-" 23 0
Dec 2 14:59:19 standalone object-server[127068]: 172.20.0.100 - - [02/Dec/2025:14:59:19 +0000] "PUT /d1/190/AUTH_d1023b00803f443ea2b9f323c4072839/gnocchi.a0e54340-8b8c-4f6e-9047-39088d058217/1763640000.0_mean_300.0_v3" 201 - "PUT http://172.18.0.2:8080/v1/AUTH_d1023b00803f443ea2b9f323c4072839/gnocchi.a0e54340-8b8c-4f6e-9047-39088d058217/1763640000.0_mean_300.0_v3" "tx6550f90118974ae69b01f-00692efec7" "proxy-server 20" 0.0089 "-" 22 0
Dec 2 14:59:19 standalone proxy-server[128769]: 172.18.0.2 172.18.0.100 02/Dec/2025/14/59/19 PUT /v1/AUTH_d1023b00803f443ea2b9f323c4072839/gnocchi.a0e54340-8b8c-4f6e-9047-39088d058217/1763640000.0_mean_300.0_v3 HTTP/1.0 201 - python-swiftclient-3.11.1 gAAAAABpLv6p8Z5K... 16 - - tx6550f90118974ae69b01f-00692efec7 - 0.0140 - - 1764687559.549893856 1764687559.563888788 0
Dec 2 14:59:19 standalone container-server[126719]: 172.20.0.100 - - [02/Dec/2025:14:59:19 +0000] "PUT /d1/431/AUTH_d1023b00803f443ea2b9f323c4072839/gnocchi.a0e54340-8b8c-4f6e-9047-39088d058217/none_v3" 201 - "PUT http://172.18.0.2:8080/d1/575/AUTH_d1023b00803f443ea2b9f323c4072839/gnocchi.a0e54340-8b8c-4f6e-9047-39088d058217/none_v3" "tx31c5d90ac9a849629c419-00692efec7" "object-server 25" 0.0008 "-" 22 0
Dec 2 14:59:19 standalone object-server[127078]: 172.20.0.100 - - [02/Dec/2025:14:59:19 +0000] "PUT /d1/575/AUTH_d1023b00803f443ea2b9f323c4072839/gnocchi.a0e54340-8b8c-4f6e-9047-39088d058217/none_v3" 201 - "PUT http://172.18.0.2:8080/v1/AUTH_d1023b00803f443ea2b9f323c4072839/gnocchi.a0e54340-8b8c-4f6e-9047-39088d058217/none_v3" "tx31c5d90ac9a849629c419-00692efec7" "proxy-server 20" 0.0534 "-" 25 0
Dec 2 14:59:19 standalone proxy-server[128769]: 172.18.0.2 172.18.0.100 02/Dec/2025/14/59/19 PUT /v1/AUTH_d1023b00803f443ea2b9f323c4072839/gnocchi.a0e54340-8b8c-4f6e-9047-39088d058217/none_v3 HTTP/1.0 201 - python-swiftclient-3.11.1 gAAAAABpLv6p8Z5K... 32 - - tx31c5d90ac9a849629c419-00692efec7 - 0.0619 - - 1764687559.570827961 1764687559.632742167 0
Dec 2 14:59:49 standalone account-server[126812]: 172.20.0.100 - - [02/Dec/2025:14:59:49 +0000] "HEAD /d1/519/AUTH_d1023b00803f443ea2b9f323c4072839" 204 - "HEAD http://172.18.0.2:8080/v1/AUTH_d1023b00803f443ea2b9f323c4072839?format=json" "tx76b51cc876d34490ad632-00692efee5" "proxy-server 20" 0.0248 "-" 23 -
Dec 2 14:59:49 standalone proxy-server[128769]: - - 02/Dec/2025/14/59/49 HEAD /v1/AUTH_d1023b00803f443ea2b9f323c4072839%3Fformat%3Djson HTTP/1.0 204 - Swift - - - - tx76b51cc876d34490ad632-00692efee5 - 0.0310 RL - 1764687589.967476130 1764687589.998512983 -
Dec 2 14:59:50 standalone container-server[126719]: 172.20.0.100 - - [02/Dec/2025:14:59:50 +0000] "HEAD /d1/909/AUTH_d1023b00803f443ea2b9f323c4072839/gnocchi.731e5336-c5b3-471d-a216-1fdbae12d228" 404 - "HEAD http://172.18.0.2:8080/v1/AUTH_d1023b00803f443ea2b9f323c4072839/gnocchi.731e5336-c5b3-471d-a216-1fdbae12d228?format=json&states=listing" "tx76b51cc876d34490ad632-00692efee5" "proxy-server 20" 0.0010 "-" 22 0
Dec 2 14:59:50 standalone object-server[127068]: 172.20.0.100 - - [02/Dec/2025:14:59:50 +0000] "GET /d1/494/AUTH_d1023b00803f443ea2b9f323c4072839/gnocchi.731e5336-c5b3-471d-a216-1fdbae12d228/none_v3" 404 70 "GET http://172.18.0.2:8080/v1/AUTH_d1023b00803f443ea2b9f323c4072839/gnocchi.731e5336-c5b3-471d-a216-1fdbae12d228/none_v3" "tx76b51cc876d34490ad632-00692efee5" "proxy-server 20" 0.0004 "-" 22 0
Dec 2 14:59:50 standalone proxy-server[128769]: 172.18.0.2 172.18.0.100 02/Dec/2025/14/59/50 GET /v1/AUTH_d1023b00803f443ea2b9f323c4072839/gnocchi.731e5336-c5b3-471d-a216-1fdbae12d228/none_v3 HTTP/1.0 404 - python-swiftclient-3.11.1 gAAAAABpLv6p8Z5K... - 70 - tx76b51cc876d34490ad632-00692efee5 - 0.0491 - - 1764687589.966456652 1764687590.015532494 0
Dec 2 14:59:50 standalone account-server[126812]: 172.20.0.100 - - [02/Dec/2025:14:59:50 +0000] "PUT /d1/519/AUTH_d1023b00803f443ea2b9f323c4072839/gnocchi.731e5336-c5b3-471d-a216-1fdbae12d228" 201 - "PUT http://172.20.0.100:6001/d1/909/AUTH_d1023b00803f443ea2b9f323c4072839/gnocchi.731e5336-c5b3-471d-a216-1fdbae12d228" "tx3762f64c54694fab849c2-00692efee6" "container-server 23" 0.0104 "-" 23 0
Dec 2 14:59:50 standalone container-server[126721]: 172.20.0.100 - - [02/Dec/2025:14:59:50 +0000] "PUT /d1/909/AUTH_d1023b00803f443ea2b9f323c4072839/gnocchi.731e5336-c5b3-471d-a216-1fdbae12d228" 201 - "PUT http://172.18.0.2:8080/v1/AUTH_d1023b00803f443ea2b9f323c4072839/gnocchi.731e5336-c5b3-471d-a216-1fdbae12d228" "tx3762f64c54694fab849c2-00692efee6" "proxy-server 20" 0.0202 "-" 23 0
Dec 2 14:59:50 standalone proxy-server[128769]: 172.18.0.2 172.18.0.100 02/Dec/2025/14/59/50 PUT /v1/AUTH_d1023b00803f443ea2b9f323c4072839/gnocchi.731e5336-c5b3-471d-a216-1fdbae12d228 HTTP/1.0 201 - python-swiftclient-3.11.1 gAAAAABpLv6p8Z5K... - - - tx3762f64c54694fab849c2-00692efee6 - 0.0350 - - 1764687590.019061327 1764687590.054018736 0
Dec 2 14:59:50 standalone container-server[126700]: 172.20.0.100 - - [02/Dec/2025:14:59:50 +0000] "HEAD /d1/909/AUTH_d1023b00803f443ea2b9f323c4072839/gnocchi.731e5336-c5b3-471d-a216-1fdbae12d228" 204 - "HEAD http://172.18.0.2:8080/v1/AUTH_d1023b00803f443ea2b9f323c4072839/gnocchi.731e5336-c5b3-471d-a216-1fdbae12d228?format=json&states=listing" "tx6074343e16e541869db2c-00692efee6" "proxy-server 20" 0.0015 "-" 20 0
Dec 2 14:59:50 standalone proxy-server[128769]: - - 02/Dec/2025/14/59/50 HEAD /v1/AUTH_d1023b00803f443ea2b9f323c4072839/gnocchi.731e5336-c5b3-471d-a216-1fdbae12d228%3Fformat%3Djson%26states%3Dlisting HTTP/1.0 204 - Swift - - - - tx6074343e16e541869db2c-00692efee6 - 0.0075 RL - 1764687590.061439037 1764687590.068955421 0
Dec 2 14:59:50 standalone container-server[126721]: 172.20.0.100 - - [02/Dec/2025:14:59:50 +0000] "GET /d1/909/AUTH_d1023b00803f443ea2b9f323c4072839/gnocchi.731e5336-c5b3-471d-a216-1fdbae12d228" 200 2 "GET http://172.18.0.2:8080/v1/AUTH_d1023b00803f443ea2b9f323c4072839/gnocchi.731e5336-c5b3-471d-a216-1fdbae12d228?format=json&states=listing" "tx6074343e16e541869db2c-00692efee6" "proxy-server 20" 0.0022 "-" 23 0
Dec 2 14:59:50 standalone proxy-server[128769]: 172.18.0.2 172.18.0.100 02/Dec/2025/14/59/50 GET /v1/AUTH_d1023b00803f443ea2b9f323c4072839/gnocchi.731e5336-c5b3-471d-a216-1fdbae12d228%3Fformat%3Djson%26states%3Dlisting HTTP/1.0 200 - python-swiftclient-3.11.1 gAAAAABpLv6p8Z5K... - 2 - tx6074343e16e541869db2c-00692efee6 - 0.0204 - - 1764687590.059641361 1764687590.080061674 0
Dec 2 14:59:50 standalone object-server[127074]: 172.20.0.100 - - [02/Dec/2025:14:59:50 +0000] "GET /d1/205/AUTH_d1023b00803f443ea2b9f323c4072839/gnocchi.731e5336-c5b3-471d-a216-1fdbae12d228/1763640000.0_mean_300.0_v3" 404 70 "GET http://172.18.0.2:8080/v1/AUTH_d1023b00803f443ea2b9f323c4072839/gnocchi.731e5336-c5b3-471d-a216-1fdbae12d228/1763640000.0_mean_300.0_v3" "txf253ed48f43c4ecd93fb2-00692efee6" "proxy-server 20" 0.0003 "-" 23 0
Dec 2 14:59:50 standalone proxy-server[128769]: 172.18.0.2 172.18.0.100 02/Dec/2025/14/59/50 GET /v1/AUTH_d1023b00803f443ea2b9f323c4072839/gnocchi.731e5336-c5b3-471d-a216-1fdbae12d228/1763640000.0_mean_300.0_v3 HTTP/1.0 404 - python-swiftclient-3.11.1 gAAAAABpLv6p8Z5K... - 70 - txf253ed48f43c4ecd93fb2-00692efee6 - 0.0076 - - 1764687590.119693995 1764687590.127313852 0
Dec 2 14:59:50 standalone container-server[126719]: 172.20.0.100 - - [02/Dec/2025:14:59:50 +0000] "PUT /d1/909/AUTH_d1023b00803f443ea2b9f323c4072839/gnocchi.731e5336-c5b3-471d-a216-1fdbae12d228/1763640000.0_mean_300.0_v3" 201 - "PUT http://172.18.0.2:8080/d1/205/AUTH_d1023b00803f443ea2b9f323c4072839/gnocchi.731e5336-c5b3-471d-a216-1fdbae12d228/1763640000.0_mean_300.0_v3" "tx33972cf95f1142a1a9d93-00692efee6" "object-server 23" 0.0006 "-" 22 0
Dec 2 14:59:50 standalone object-server[127074]: 172.20.0.100 - - [02/Dec/2025:14:59:50 +0000] "PUT /d1/205/AUTH_d1023b00803f443ea2b9f323c4072839/gnocchi.731e5336-c5b3-471d-a216-1fdbae12d228/1763640000.0_mean_300.0_v3" 201 - "PUT http://172.18.0.2:8080/v1/AUTH_d1023b00803f443ea2b9f323c4072839/gnocchi.731e5336-c5b3-471d-a216-1fdbae12d228/1763640000.0_mean_300.0_v3" "tx33972cf95f1142a1a9d93-00692efee6" "proxy-server 20" 0.0288 "-" 23 0
Dec 2 14:59:50 standalone proxy-server[128769]: 172.18.0.2 172.18.0.100 02/Dec/2025/14/59/50 PUT /v1/AUTH_d1023b00803f443ea2b9f323c4072839/gnocchi.731e5336-c5b3-471d-a216-1fdbae12d228/1763640000.0_mean_300.0_v3 HTTP/1.0 201 - python-swiftclient-3.11.1 gAAAAABpLv6p8Z5K... 16 - - tx33972cf95f1142a1a9d93-00692efee6 - 0.0380 - - 1764687590.133371115 1764687590.171372652 0
Dec 2 14:59:50 standalone container-server[126710]: 172.20.0.100 - - [02/Dec/2025:14:59:50 +0000] "PUT /d1/909/AUTH_d1023b00803f443ea2b9f323c4072839/gnocchi.731e5336-c5b3-471d-a216-1fdbae12d228/none_v3" 201 - "PUT http://172.18.0.2:8080/d1/494/AUTH_d1023b00803f443ea2b9f323c4072839/gnocchi.731e5336-c5b3-471d-a216-1fdbae12d228/none_v3" "txb2d0c40ff948404286903-00692efee6" "object-server 22" 0.0005 "-" 21 0
Dec 2 14:59:50 standalone object-server[127068]: 172.20.0.100 - - [02/Dec/2025:14:59:50 +0000] "PUT /d1/494/AUTH_d1023b00803f443ea2b9f323c4072839/gnocchi.731e5336-c5b3-471d-a216-1fdbae12d228/none_v3" 201 - "PUT http://172.18.0.2:8080/v1/AUTH_d1023b00803f443ea2b9f323c4072839/gnocchi.731e5336-c5b3-471d-a216-1fdbae12d228/none_v3" "txb2d0c40ff948404286903-00692efee6" "proxy-server 20" 0.0121 "-" 22 0
Dec 2 14:59:50 standalone proxy-server[128769]: 172.18.0.2 172.18.0.100 02/Dec/2025/14/59/50 PUT /v1/AUTH_d1023b00803f443ea2b9f323c4072839/gnocchi.731e5336-c5b3-471d-a216-1fdbae12d228/none_v3 HTTP/1.0 201 - python-swiftclient-3.11.1 gAAAAABpLv6p8Z5K... 22 - - txb2d0c40ff948404286903-00692efee6 - 0.0234 - - 1764687590.175155640 1764687590.198522091 0
Dec 2 14:59:50 standalone container-server[126721]: 172.20.0.100 - - [02/Dec/2025:14:59:50 +0000] "HEAD /d1/938/AUTH_d1023b00803f443ea2b9f323c4072839/gnocchi.76ea974d-d997-4c63-b6d8-82d93596b103" 404 - "HEAD http://172.18.0.2:8080/v1/AUTH_d1023b00803f443ea2b9f323c4072839/gnocchi.76ea974d-d997-4c63-b6d8-82d93596b103?format=json&states=listing" "txcc7c4c86c7e4474bba034-00692efee6" "proxy-server 20" 0.0004 "-" 23 0
Dec 2 14:59:50 standalone object-server[127078]: 172.20.0.100 - - [02/Dec/2025:14:59:50 +0000] "GET /d1/29/AUTH_d1023b00803f443ea2b9f323c4072839/gnocchi.76ea974d-d997-4c63-b6d8-82d93596b103/none_v3" 404 70 "GET http://172.18.0.2:8080/v1/AUTH_d1023b00803f443ea2b9f323c4072839/gnocchi.76ea974d-d997-4c63-b6d8-82d93596b103/none_v3" "txcc7c4c86c7e4474bba034-00692efee6" "proxy-server 20" 0.0008 "-" 25 0
Dec 2 14:59:50 standalone proxy-server[128769]: 172.18.0.2 172.18.0.100 02/Dec/2025/14/59/50 GET /v1/AUTH_d1023b00803f443ea2b9f323c4072839/gnocchi.76ea974d-d997-4c63-b6d8-82d93596b103/none_v3 HTTP/1.0 404 - python-swiftclient-3.11.1 gAAAAABpLv6p8Z5K... - 70 - txcc7c4c86c7e4474bba034-00692efee6 - 0.0139 - - 1764687590.209806919 1764687590.223711014 0
Dec 2 14:59:50 standalone account-server[126807]: 172.20.0.100 - - [02/Dec/2025:14:59:50 +0000] "PUT /d1/519/AUTH_d1023b00803f443ea2b9f323c4072839/gnocchi.76ea974d-d997-4c63-b6d8-82d93596b103" 201 - "PUT http://172.20.0.100:6001/d1/938/AUTH_d1023b00803f443ea2b9f323c4072839/gnocchi.76ea974d-d997-4c63-b6d8-82d93596b103" "tx1956efb86f4543449052f-00692efee6" "container-server 23" 0.0046 "-" 22 0
Dec 2 14:59:50 standalone container-server[126721]: 172.20.0.100 - - [02/Dec/2025:14:59:50 +0000] "PUT /d1/938/AUTH_d1023b00803f443ea2b9f323c4072839/gnocchi.76ea974d-d997-4c63-b6d8-82d93596b103" 201 - "PUT http://172.18.0.2:8080/v1/AUTH_d1023b00803f443ea2b9f323c4072839/gnocchi.76ea974d-d997-4c63-b6d8-82d93596b103" "tx1956efb86f4543449052f-00692efee6" "proxy-server 20" 0.0135 "-" 23 0
Dec 2 14:59:50 standalone proxy-server[128769]: 172.18.0.2 172.18.0.100 02/Dec/2025/14/59/50 PUT /v1/AUTH_d1023b00803f443ea2b9f323c4072839/gnocchi.76ea974d-d997-4c63-b6d8-82d93596b103 HTTP/1.0 201 - python-swiftclient-3.11.1 gAAAAABpLv6p8Z5K... - - - tx1956efb86f4543449052f-00692efee6 - 0.0197 - - 1764687590.227973700 1764687590.247701168 0
Dec 2 14:59:50 standalone container-server[126710]: 172.20.0.100 - - [02/Dec/2025:14:59:50 +0000] "HEAD /d1/938/AUTH_d1023b00803f443ea2b9f323c4072839/gnocchi.76ea974d-d997-4c63-b6d8-82d93596b103" 204 - "HEAD http://172.18.0.2:8080/v1/AUTH_d1023b00803f443ea2b9f323c4072839/gnocchi.76ea974d-d997-4c63-b6d8-82d93596b103?format=json&states=listing" "tx48e85a880a1546d2af4b9-00692efee6" "proxy-server 20" 0.0019 "-" 21 0
Dec 2 14:59:50 standalone proxy-server[128769]: - - 02/Dec/2025/14/59/50 HEAD /v1/AUTH_d1023b00803f443ea2b9f323c4072839/gnocchi.76ea974d-d997-4c63-b6d8-82d93596b103%3Fformat%3Djson%26states%3Dlisting HTTP/1.0 204 - Swift - - - - tx48e85a880a1546d2af4b9-00692efee6 - 0.0067 RL - 1764687590.257459402 1764687590.264189482 0
Dec 2 14:59:50 standalone container-server[126721]: 172.20.0.100 - - [02/Dec/2025:14:59:50 +0000] "GET /d1/938/AUTH_d1023b00803f443ea2b9f323c4072839/gnocchi.76ea974d-d997-4c63-b6d8-82d93596b103" 200 2 "GET http://172.18.0.2:8080/v1/AUTH_d1023b00803f443ea2b9f323c4072839/gnocchi.76ea974d-d997-4c63-b6d8-82d93596b103?format=json&states=listing" "tx48e85a880a1546d2af4b9-00692efee6" "proxy-server 20" 0.0017 "-" 23 0
Dec 2 14:59:50 standalone proxy-server[128769]: 172.18.0.2 172.18.0.100 02/Dec/2025/14/59/50 GET /v1/AUTH_d1023b00803f443ea2b9f323c4072839/gnocchi.76ea974d-d997-4c63-b6d8-82d93596b103%3Fformat%3Djson%26states%3Dlisting HTTP/1.0 200 - python-swiftclient-3.11.1 gAAAAABpLv6p8Z5K... - 2 - tx48e85a880a1546d2af4b9-00692efee6 - 0.0207 - - 1764687590.254622221 1764687590.275332212 0
Dec 2 14:59:50 standalone object-server[127068]: 172.20.0.100 - - [02/Dec/2025:14:59:50 +0000] "GET /d1/95/AUTH_d1023b00803f443ea2b9f323c4072839/gnocchi.76ea974d-d997-4c63-b6d8-82d93596b103/1763640000.0_mean_300.0_v3" 404 70 "GET http://172.18.0.2:8080/v1/AUTH_d1023b00803f443ea2b9f323c4072839/gnocchi.76ea974d-d997-4c63-b6d8-82d93596b103/1763640000.0_mean_300.0_v3" "txfef26e1a2ccc44c9b13ed-00692efee6" "proxy-server 20" 0.0003 "-" 22 0
Dec 2 14:59:50 standalone proxy-server[128769]: 172.18.0.2 172.18.0.100 02/Dec/2025/14/59/50 GET /v1/AUTH_d1023b00803f443ea2b9f323c4072839/gnocchi.76ea974d-d997-4c63-b6d8-82d93596b103/1763640000.0_mean_300.0_v3 HTTP/1.0 404 - python-swiftclient-3.11.1 gAAAAABpLv6p8Z5K... - 70 - txfef26e1a2ccc44c9b13ed-00692efee6 - 0.0070 - - 1764687590.279902220 1764687590.286867380 0
Dec 2 14:59:50 standalone container-server[126700]: 172.20.0.100 - - [02/Dec/2025:14:59:50 +0000] "PUT /d1/938/AUTH_d1023b00803f443ea2b9f323c4072839/gnocchi.76ea974d-d997-4c63-b6d8-82d93596b103/1763640000.0_mean_300.0_v3" 201 - "PUT http://172.18.0.2:8080/d1/95/AUTH_d1023b00803f443ea2b9f323c4072839/gnocchi.76ea974d-d997-4c63-b6d8-82d93596b103/1763640000.0_mean_300.0_v3" "tx21aa17f5dd6247a7aa358-00692efee6" "object-server 22" 0.0007 "-" 20 0
Dec 2 14:59:50 standalone object-server[127068]: 172.20.0.100 - - [02/Dec/2025:14:59:50 +0000] "PUT /d1/95/AUTH_d1023b00803f443ea2b9f323c4072839/gnocchi.76ea974d-d997-4c63-b6d8-82d93596b103/1763640000.0_mean_300.0_v3" 201 - "PUT http://172.18.0.2:8080/v1/AUTH_d1023b00803f443ea2b9f323c4072839/gnocchi.76ea974d-d997-4c63-b6d8-82d93596b103/1763640000.0_mean_300.0_v3" "tx21aa17f5dd6247a7aa358-00692efee6" "proxy-server 20" 0.0086 "-" 22 0
Dec 2 14:59:50 standalone proxy-server[128769]: 172.18.0.2 172.18.0.100 02/Dec/2025/14/59/50 PUT /v1/AUTH_d1023b00803f443ea2b9f323c4072839/gnocchi.76ea974d-d997-4c63-b6d8-82d93596b103/1763640000.0_mean_300.0_v3 HTTP/1.0 201 - python-swiftclient-3.11.1 gAAAAABpLv6p8Z5K... 16 - - tx21aa17f5dd6247a7aa358-00692efee6 - 0.0134 - - 1764687590.291617393 1764687590.305026054 0
Dec 2 14:59:50 standalone container-server[126700]: 172.20.0.100 - - [02/Dec/2025:14:59:50 +0000] "PUT /d1/938/AUTH_d1023b00803f443ea2b9f323c4072839/gnocchi.76ea974d-d997-4c63-b6d8-82d93596b103/none_v3" 201 - "PUT http://172.18.0.2:8080/d1/29/AUTH_d1023b00803f443ea2b9f323c4072839/gnocchi.76ea974d-d997-4c63-b6d8-82d93596b103/none_v3" "tx98c55af55984412aa18ed-00692efee6" "object-server 23" 0.0007 "-" 20 0
Dec 2 14:59:50 standalone object-server[127074]: 172.20.0.100 - - [02/Dec/2025:14:59:50 +0000] "PUT /d1/29/AUTH_d1023b00803f443ea2b9f323c4072839/gnocchi.76ea974d-d997-4c63-b6d8-82d93596b103/none_v3" 201 - "PUT http://172.18.0.2:8080/v1/AUTH_d1023b00803f443ea2b9f323c4072839/gnocchi.76ea974d-d997-4c63-b6d8-82d93596b103/none_v3" "tx98c55af55984412aa18ed-00692efee6" "proxy-server 20" 0.0089 "-" 23 0
Dec 2 14:59:50 standalone proxy-server[128769]: 172.18.0.2 172.18.0.100 02/Dec/2025/14/59/50 PUT /v1/AUTH_d1023b00803f443ea2b9f323c4072839/gnocchi.76ea974d-d997-4c63-b6d8-82d93596b103/none_v3 HTTP/1.0 201 - python-swiftclient-3.11.1 gAAAAABpLv6p8Z5K... 22 - - tx98c55af55984412aa18ed-00692efee6 - 0.0158 - - 1764687590.306907892 1764687590.322697163 0
Dec 2 14:59:57 standalone container-server[126721]: 172.20.0.100 - - [02/Dec/2025:14:59:57 +0000] "HEAD /d1/908/AUTH_d1023b00803f443ea2b9f323c4072839/gnocchi.23fc8fa2-8f2f-4638-a349-c85d99473883" 404 - "HEAD http://172.18.0.2:8080/v1/AUTH_d1023b00803f443ea2b9f323c4072839/gnocchi.23fc8fa2-8f2f-4638-a349-c85d99473883?format=json&states=listing" "tx2ccf37eed9c24293adcb9-00692efeed" "proxy-server 20" 0.0008 "-" 23 0
Dec 2 14:59:57 standalone object-server[127076]: 172.20.0.100 - - [02/Dec/2025:14:59:57 +0000] "GET /d1/952/AUTH_d1023b00803f443ea2b9f323c4072839/gnocchi.23fc8fa2-8f2f-4638-a349-c85d99473883/none_v3" 404 70 "GET http://172.18.0.2:8080/v1/AUTH_d1023b00803f443ea2b9f323c4072839/gnocchi.23fc8fa2-8f2f-4638-a349-c85d99473883/none_v3" "tx2ccf37eed9c24293adcb9-00692efeed" "proxy-server 20" 0.0016 "-" 24 0
Dec 2 14:59:57 standalone proxy-server[128769]: 172.18.0.2 172.18.0.100 02/Dec/2025/14/59/57 GET /v1/AUTH_d1023b00803f443ea2b9f323c4072839/gnocchi.23fc8fa2-8f2f-4638-a349-c85d99473883/none_v3 HTTP/1.0 404 - python-swiftclient-3.11.1 gAAAAABpLv6p8Z5K... - 70 - tx2ccf37eed9c24293adcb9-00692efeed - 0.0149 - - 1764687597.025599241 1764687597.040489435 0
Dec 2 14:59:57 standalone account-server[126807]: 172.20.0.100 - - [02/Dec/2025:14:59:57 +0000] "PUT /d1/519/AUTH_d1023b00803f443ea2b9f323c4072839/gnocchi.23fc8fa2-8f2f-4638-a349-c85d99473883" 201 - "PUT http://172.20.0.100:6001/d1/908/AUTH_d1023b00803f443ea2b9f323c4072839/gnocchi.23fc8fa2-8f2f-4638-a349-c85d99473883" "tx099b083dbe9a4fd8900de-00692efeed" "container-server 20" 0.0114 "-" 22 0
Dec 2 14:59:57 standalone container-server[126700]: 172.20.0.100 - - [02/Dec/2025:14:59:57 +0000] "PUT /d1/908/AUTH_d1023b00803f443ea2b9f323c4072839/gnocchi.23fc8fa2-8f2f-4638-a349-c85d99473883" 201 - "PUT http://172.18.0.2:8080/v1/AUTH_d1023b00803f443ea2b9f323c4072839/gnocchi.23fc8fa2-8f2f-4638-a349-c85d99473883" "tx099b083dbe9a4fd8900de-00692efeed" "proxy-server 20" 0.0332 "-" 20 0
Dec 2 14:59:57 standalone proxy-server[128769]: 172.18.0.2 172.18.0.100 02/Dec/2025/14/59/57 PUT /v1/AUTH_d1023b00803f443ea2b9f323c4072839/gnocchi.23fc8fa2-8f2f-4638-a349-c85d99473883 HTTP/1.0 201 - python-swiftclient-3.11.1 gAAAAABpLv6p8Z5K... - - - tx099b083dbe9a4fd8900de-00692efeed - 0.0395 - - 1764687597.044682026 1764687597.084209919 0
Dec 2 14:59:57 standalone container-server[126700]: 172.20.0.100 - - [02/Dec/2025:14:59:57 +0000] "HEAD /d1/908/AUTH_d1023b00803f443ea2b9f323c4072839/gnocchi.23fc8fa2-8f2f-4638-a349-c85d99473883" 204 - "HEAD http://172.18.0.2:8080/v1/AUTH_d1023b00803f443ea2b9f323c4072839/gnocchi.23fc8fa2-8f2f-4638-a349-c85d99473883?format=json&states=listing" "txa495da551a0b4483bee3e-00692efeed" "proxy-server 20" 0.0019 "-" 20 0
Dec 2 14:59:57 standalone proxy-server[128769]: - - 02/Dec/2025/14/59/57 HEAD /v1/AUTH_d1023b00803f443ea2b9f323c4072839/gnocchi.23fc8fa2-8f2f-4638-a349-c85d99473883%3Fformat%3Djson%26states%3Dlisting HTTP/1.0 204 - Swift - - - - txa495da551a0b4483bee3e-00692efeed - 0.0047 RL - 1764687597.090340137 1764687597.095045090 0
Dec 2 14:59:57 standalone container-server[126700]: 172.20.0.100 - - [02/Dec/2025:14:59:57 +0000] "GET /d1/908/AUTH_d1023b00803f443ea2b9f323c4072839/gnocchi.23fc8fa2-8f2f-4638-a349-c85d99473883" 200 2 "GET http://172.18.0.2:8080/v1/AUTH_d1023b00803f443ea2b9f323c4072839/gnocchi.23fc8fa2-8f2f-4638-a349-c85d99473883?format=json&states=listing" "txa495da551a0b4483bee3e-00692efeed" "proxy-server 20" 0.0020 "-" 20 0
Dec 2 14:59:57 standalone proxy-server[128769]: 172.18.0.2 172.18.0.100 02/Dec/2025/14/59/57 GET /v1/AUTH_d1023b00803f443ea2b9f323c4072839/gnocchi.23fc8fa2-8f2f-4638-a349-c85d99473883%3Fformat%3Djson%26states%3Dlisting HTTP/1.0 200 - python-swiftclient-3.11.1 gAAAAABpLv6p8Z5K... - 2 - txa495da551a0b4483bee3e-00692efeed - 0.0121 - - 1764687597.089282990 1764687597.101342440 0
Dec 2 14:59:57 standalone object-server[127068]: 172.20.0.100 - - [02/Dec/2025:14:59:57 +0000] "GET /d1/711/AUTH_d1023b00803f443ea2b9f323c4072839/gnocchi.23fc8fa2-8f2f-4638-a349-c85d99473883/1763640000.0_mean_300.0_v3" 404 70 "GET http://172.18.0.2:8080/v1/AUTH_d1023b00803f443ea2b9f323c4072839/gnocchi.23fc8fa2-8f2f-4638-a349-c85d99473883/1763640000.0_mean_300.0_v3" "txe829220b48d04cdcaefd3-00692efeed" "proxy-server 20" 0.0005 "-" 22 0
Dec 2 14:59:57 standalone proxy-server[128769]: 172.18.0.2 172.18.0.100 02/Dec/2025/14/59/57 GET /v1/AUTH_d1023b00803f443ea2b9f323c4072839/gnocchi.23fc8fa2-8f2f-4638-a349-c85d99473883/1763640000.0_mean_300.0_v3 HTTP/1.0 404 - python-swiftclient-3.11.1 gAAAAABpLv6p8Z5K... - 70 - txe829220b48d04cdcaefd3-00692efeed - 0.0056 - - 1764687597.105226517 1764687597.110797405 0
Dec 2 14:59:57 standalone container-server[126710]: 172.20.0.100 - - [02/Dec/2025:14:59:57 +0000] "PUT /d1/908/AUTH_d1023b00803f443ea2b9f323c4072839/gnocchi.23fc8fa2-8f2f-4638-a349-c85d99473883/1763640000.0_mean_300.0_v3" 201 - "PUT http://172.18.0.2:8080/d1/711/AUTH_d1023b00803f443ea2b9f323c4072839/gnocchi.23fc8fa2-8f2f-4638-a349-c85d99473883/1763640000.0_mean_300.0_v3" "tx6edee83c4e1a459e987c4-00692efeed" "object-server 22" 0.0009 "-" 21 0
Dec 2 14:59:57 standalone object-server[127068]: 172.20.0.100 - - [02/Dec/2025:14:59:57 +0000] "PUT /d1/711/AUTH_d1023b00803f443ea2b9f323c4072839/gnocchi.23fc8fa2-8f2f-4638-a349-c85d99473883/1763640000.0_mean_300.0_v3" 201 - "PUT http://172.18.0.2:8080/v1/AUTH_d1023b00803f443ea2b9f323c4072839/gnocchi.23fc8fa2-8f2f-4638-a349-c85d99473883/1763640000.0_mean_300.0_v3" "tx6edee83c4e1a459e987c4-00692efeed" "proxy-server 20" 0.0120 "-" 22 0
Dec 2 14:59:57 standalone proxy-server[128769]: 172.18.0.2 172.18.0.100 02/Dec/2025/14/59/57 PUT /v1/AUTH_d1023b00803f443ea2b9f323c4072839/gnocchi.23fc8fa2-8f2f-4638-a349-c85d99473883/1763640000.0_mean_300.0_v3 HTTP/1.0 201 - python-swiftclient-3.11.1 gAAAAABpLv6p8Z5K... 16 - - tx6edee83c4e1a459e987c4-00692efeed - 0.0173 - - 1764687597.114550114 1764687597.131802320 0
Dec 2 14:59:57 standalone container-server[126719]: 172.20.0.100 - - [02/Dec/2025:14:59:57 +0000] "PUT /d1/908/AUTH_d1023b00803f443ea2b9f323c4072839/gnocchi.23fc8fa2-8f2f-4638-a349-c85d99473883/none_v3" 201 - "PUT http://172.18.0.2:8080/d1/952/AUTH_d1023b00803f443ea2b9f323c4072839/gnocchi.23fc8fa2-8f2f-4638-a349-c85d99473883/none_v3" "txa3f87ab916bd4d7c8441b-00692efeed" "object-server 24" 0.0007 "-" 22 0
Dec 2 14:59:57 standalone object-server[127076]: 172.20.0.100 - - [02/Dec/2025:14:59:57 +0000] "PUT /d1/952/AUTH_d1023b00803f443ea2b9f323c4072839/gnocchi.23fc8fa2-8f2f-4638-a349-c85d99473883/none_v3" 201 - "PUT http://172.18.0.2:8080/v1/AUTH_d1023b00803f443ea2b9f323c4072839/gnocchi.23fc8fa2-8f2f-4638-a349-c85d99473883/none_v3" "txa3f87ab916bd4d7c8441b-00692efeed" "proxy-server 20" 0.0454 "-" 24 0
Dec 2 14:59:57 standalone proxy-server[128769]: 172.18.0.2 172.18.0.100 02/Dec/2025/14/59/57 PUT /v1/AUTH_d1023b00803f443ea2b9f323c4072839/gnocchi.23fc8fa2-8f2f-4638-a349-c85d99473883/none_v3 HTTP/1.0 201 - python-swiftclient-3.11.1 gAAAAABpLv6p8Z5K... 22 - - txa3f87ab916bd4d7c8441b-00692efeed - 0.0519 - - 1764687597.135388851 1764687597.187307119 0
Dec 2 14:59:57 standalone container-server[126721]: 172.20.0.100 - - [02/Dec/2025:14:59:57 +0000] "HEAD /d1/128/AUTH_d1023b00803f443ea2b9f323c4072839/gnocchi.97dc4cf2-0805-463d-9ea0-d757aeed12b6" 404 - "HEAD http://172.18.0.2:8080/v1/AUTH_d1023b00803f443ea2b9f323c4072839/gnocchi.97dc4cf2-0805-463d-9ea0-d757aeed12b6?format=json&states=listing" "txe526a66d90884a85895fa-00692efeed" "proxy-server 20" 0.0009 "-" 23 0
Dec 2 14:59:57 standalone object-server[127074]: 172.20.0.100 - - [02/Dec/2025:14:59:57 +0000] "GET /d1/547/AUTH_d1023b00803f443ea2b9f323c4072839/gnocchi.97dc4cf2-0805-463d-9ea0-d757aeed12b6/none_v3" 404 70 "GET http://172.18.0.2:8080/v1/AUTH_d1023b00803f443ea2b9f323c4072839/gnocchi.97dc4cf2-0805-463d-9ea0-d757aeed12b6/none_v3" "txe526a66d90884a85895fa-00692efeed" "proxy-server 20" 0.0007 "-" 23 0
Dec 2 14:59:57 standalone proxy-server[128769]: 172.18.0.2 172.18.0.100 02/Dec/2025/14/59/57 GET /v1/AUTH_d1023b00803f443ea2b9f323c4072839/gnocchi.97dc4cf2-0805-463d-9ea0-d757aeed12b6/none_v3 HTTP/1.0 404 - python-swiftclient-3.11.1 gAAAAABpLv6p8Z5K... - 70 - txe526a66d90884a85895fa-00692efeed - 0.0129 - - 1764687597.208061695 1764687597.220957279 0
Dec 2 14:59:57 standalone account-server[126807]: 172.20.0.100 - - [02/Dec/2025:14:59:57 +0000] "PUT /d1/519/AUTH_d1023b00803f443ea2b9f323c4072839/gnocchi.97dc4cf2-0805-463d-9ea0-d757aeed12b6" 201 - "PUT http://172.20.0.100:6001/d1/128/AUTH_d1023b00803f443ea2b9f323c4072839/gnocchi.97dc4cf2-0805-463d-9ea0-d757aeed12b6" "txe3bae9f2466a4319ae8ba-00692efeed" "container-server 22" 0.0115 "-" 22 0
Dec 2 14:59:57 standalone container-server[126719]: 172.20.0.100 - - [02/Dec/2025:14:59:57 +0000] "PUT /d1/128/AUTH_d1023b00803f443ea2b9f323c4072839/gnocchi.97dc4cf2-0805-463d-9ea0-d757aeed12b6" 201 - "PUT http://172.18.0.2:8080/v1/AUTH_d1023b00803f443ea2b9f323c4072839/gnocchi.97dc4cf2-0805-463d-9ea0-d757aeed12b6" "txe3bae9f2466a4319ae8ba-00692efeed" "proxy-server 20" 0.0309 "-" 22 0
Dec 2 14:59:57 standalone proxy-server[128769]: 172.18.0.2 172.18.0.100 02/Dec/2025/14/59/57 PUT /v1/AUTH_d1023b00803f443ea2b9f323c4072839/gnocchi.97dc4cf2-0805-463d-9ea0-d757aeed12b6 HTTP/1.0 201 - python-swiftclient-3.11.1 gAAAAABpLv6p8Z5K... - - - txe3bae9f2466a4319ae8ba-00692efeed - 0.0363 - - 1764687597.224775314 1764687597.261045933 0
Dec 2 14:59:57 standalone container-server[126719]: 172.20.0.100 - - [02/Dec/2025:14:59:57 +0000] "HEAD /d1/128/AUTH_d1023b00803f443ea2b9f323c4072839/gnocchi.97dc4cf2-0805-463d-9ea0-d757aeed12b6" 204 - "HEAD http://172.18.0.2:8080/v1/AUTH_d1023b00803f443ea2b9f323c4072839/gnocchi.97dc4cf2-0805-463d-9ea0-d757aeed12b6?format=json&states=listing" "tx68f225388a6c4f65bff2d-00692efeed" "proxy-server 20" 0.0020 "-" 22 0
Dec 2 14:59:57 standalone proxy-server[128769]: - - 02/Dec/2025/14/59/57 HEAD /v1/AUTH_d1023b00803f443ea2b9f323c4072839/gnocchi.97dc4cf2-0805-463d-9ea0-d757aeed12b6%3Fformat%3Djson%26states%3Dlisting HTTP/1.0 204 - Swift - - - - tx68f225388a6c4f65bff2d-00692efeed - 0.0049 RL - 1764687597.267224312 1764687597.272109032 0
Dec 2 14:59:57 standalone container-server[126719]: 172.20.0.100 - - [02/Dec/2025:14:59:57 +0000] "GET /d1/128/AUTH_d1023b00803f443ea2b9f323c4072839/gnocchi.97dc4cf2-0805-463d-9ea0-d757aeed12b6" 200 2 "GET http://172.18.0.2:8080/v1/AUTH_d1023b00803f443ea2b9f323c4072839/gnocchi.97dc4cf2-0805-463d-9ea0-d757aeed12b6?format=json&states=listing" "tx68f225388a6c4f65bff2d-00692efeed" "proxy-server 20" 0.0035 "-" 22 0
Dec 2 14:59:57 standalone proxy-server[128769]: 172.18.0.2 172.18.0.100 02/Dec/2025/14/59/57 GET /v1/AUTH_d1023b00803f443ea2b9f323c4072839/gnocchi.97dc4cf2-0805-463d-9ea0-d757aeed12b6%3Fformat%3Djson%26states%3Dlisting HTTP/1.0 200 - python-swiftclient-3.11.1 gAAAAABpLv6p8Z5K... - 2 - tx68f225388a6c4f65bff2d-00692efeed - 0.0141 - - 1764687597.266087055 1764687597.280204535 0
Dec 2 14:59:57 standalone object-server[127076]: 172.20.0.100 - - [02/Dec/2025:14:59:57 +0000] "GET /d1/292/AUTH_d1023b00803f443ea2b9f323c4072839/gnocchi.97dc4cf2-0805-463d-9ea0-d757aeed12b6/1763640000.0_mean_300.0_v3" 404 70 "GET http://172.18.0.2:8080/v1/AUTH_d1023b00803f443ea2b9f323c4072839/gnocchi.97dc4cf2-0805-463d-9ea0-d757aeed12b6/1763640000.0_mean_300.0_v3" "tx6bef5353da3341d0b1c96-00692efeed" "proxy-server 20" 0.0010 "-" 24 0
Dec 2 14:59:57 standalone proxy-server[128769]: 172.18.0.2 172.18.0.100 02/Dec/2025/14/59/57 GET /v1/AUTH_d1023b00803f443ea2b9f323c4072839/gnocchi.97dc4cf2-0805-463d-9ea0-d757aeed12b6/1763640000.0_mean_300.0_v3 HTTP/1.0 404 - python-swiftclient-3.11.1 gAAAAABpLv6p8Z5K... - 70 - tx6bef5353da3341d0b1c96-00692efeed - 0.0340 - - 1764687597.286386251 1764687597.320368528 0
