Dec 2 15:01:31 standalone container-server[126700]: 172.20.0.100 - - [02/Dec/2025:15:01:31 +0000] "HEAD /d1/793/AUTH_d1023b00803f443ea2b9f323c4072839/gnocchi.ab6e9be2-8f3a-46af-9fde-69e5f1931943" 404 - "HEAD http://172.18.0.2:8080/v1/AUTH_d1023b00803f443ea2b9f323c4072839/gnocchi.ab6e9be2-8f3a-46af-9fde-69e5f1931943?format=json&states=listing" "tx4634034dc9ac45ce9d7dc-00692eff4b" "proxy-server 20" 0.0002 "-" 20 0
Dec 2 15:01:31 standalone object-server[127074]: 172.20.0.100 - - [02/Dec/2025:15:01:31 +0000] "GET /d1/32/AUTH_d1023b00803f443ea2b9f323c4072839/gnocchi.ab6e9be2-8f3a-46af-9fde-69e5f1931943/none_v3" 404 70 "GET http://172.18.0.2:8080/v1/AUTH_d1023b00803f443ea2b9f323c4072839/gnocchi.ab6e9be2-8f3a-46af-9fde-69e5f1931943/none_v3" "tx4634034dc9ac45ce9d7dc-00692eff4b" "proxy-server 20" 0.0003 "-" 23 0
Dec 2 15:01:31 standalone proxy-server[128769]: 172.18.0.2 172.18.0.100 02/Dec/2025/15/01/31 GET /v1/AUTH_d1023b00803f443ea2b9f323c4072839/gnocchi.ab6e9be2-8f3a-46af-9fde-69e5f1931943/none_v3 HTTP/1.0 404 - python-swiftclient-3.11.1 gAAAAABpLv6p8Z5K... - 70 - tx4634034dc9ac45ce9d7dc-00692eff4b - 0.0121 - - 1764687691.911331415 1764687691.923442602 0
Dec 2 15:01:31 standalone account-server[126812]: 172.20.0.100 - - [02/Dec/2025:15:01:31 +0000] "PUT /d1/519/AUTH_d1023b00803f443ea2b9f323c4072839/gnocchi.ab6e9be2-8f3a-46af-9fde-69e5f1931943" 201 - "PUT http://172.20.0.100:6001/d1/793/AUTH_d1023b00803f443ea2b9f323c4072839/gnocchi.ab6e9be2-8f3a-46af-9fde-69e5f1931943" "txf421a5ec55b4435a9f163-00692eff4b" "container-server 21" 0.0060 "-" 23 0
Dec 2 15:01:31 standalone container-server[126710]: 172.20.0.100 - - [02/Dec/2025:15:01:31 +0000] "PUT /d1/793/AUTH_d1023b00803f443ea2b9f323c4072839/gnocchi.ab6e9be2-8f3a-46af-9fde-69e5f1931943" 201 - "PUT http://172.18.0.2:8080/v1/AUTH_d1023b00803f443ea2b9f323c4072839/gnocchi.ab6e9be2-8f3a-46af-9fde-69e5f1931943" "txf421a5ec55b4435a9f163-00692eff4b" "proxy-server 20" 0.0158 "-" 21 0
Dec 2 15:01:31 standalone proxy-server[128769]: 172.18.0.2 172.18.0.100 02/Dec/2025/15/01/31 PUT /v1/AUTH_d1023b00803f443ea2b9f323c4072839/gnocchi.ab6e9be2-8f3a-46af-9fde-69e5f1931943 HTTP/1.0 201 - python-swiftclient-3.11.1 gAAAAABpLv6p8Z5K... - - - txf421a5ec55b4435a9f163-00692eff4b - 0.0203 - - 1764687691.925258636 1764687691.945587397 0
Dec 2 15:01:31 standalone container-server[126710]: 172.20.0.100 - - [02/Dec/2025:15:01:31 +0000] "HEAD /d1/793/AUTH_d1023b00803f443ea2b9f323c4072839/gnocchi.ab6e9be2-8f3a-46af-9fde-69e5f1931943" 204 - "HEAD http://172.18.0.2:8080/v1/AUTH_d1023b00803f443ea2b9f323c4072839/gnocchi.ab6e9be2-8f3a-46af-9fde-69e5f1931943?format=json&states=listing" "tx26033d3e0df84dcb9fe6e-00692eff4b" "proxy-server 20" 0.0010 "-" 21 0
Dec 2 15:01:31 standalone proxy-server[128769]: - - 02/Dec/2025/15/01/31 HEAD /v1/AUTH_d1023b00803f443ea2b9f323c4072839/gnocchi.ab6e9be2-8f3a-46af-9fde-69e5f1931943%3Fformat%3Djson%26states%3Dlisting HTTP/1.0 204 - Swift - - - - tx26033d3e0df84dcb9fe6e-00692eff4b - 0.0036 RL - 1764687691.949404001 1764687691.952990532 0
Dec 2 15:01:31 standalone container-server[126721]: 172.20.0.100 - - [02/Dec/2025:15:01:31 +0000] "GET /d1/793/AUTH_d1023b00803f443ea2b9f323c4072839/gnocchi.ab6e9be2-8f3a-46af-9fde-69e5f1931943" 200 2 "GET http://172.18.0.2:8080/v1/AUTH_d1023b00803f443ea2b9f323c4072839/gnocchi.ab6e9be2-8f3a-46af-9fde-69e5f1931943?format=json&states=listing" "tx26033d3e0df84dcb9fe6e-00692eff4b" "proxy-server 20" 0.0025 "-" 23 0
Dec 2 15:01:31 standalone proxy-server[128769]: 172.18.0.2 172.18.0.100 02/Dec/2025/15/01/31 GET /v1/AUTH_d1023b00803f443ea2b9f323c4072839/gnocchi.ab6e9be2-8f3a-46af-9fde-69e5f1931943%3Fformat%3Djson%26states%3Dlisting HTTP/1.0 200 - python-swiftclient-3.11.1 gAAAAABpLv6p8Z5K... - 2 - tx26033d3e0df84dcb9fe6e-00692eff4b - 0.0131 - - 1764687691.948055506 1764687691.961180925 0
Dec 2 15:01:31 standalone object-server[127074]: 172.20.0.100 - - [02/Dec/2025:15:01:31 +0000] "GET /d1/196/AUTH_d1023b00803f443ea2b9f323c4072839/gnocchi.ab6e9be2-8f3a-46af-9fde-69e5f1931943/1763640000.0_mean_300.0_v3" 404 70 "GET http://172.18.0.2:8080/v1/AUTH_d1023b00803f443ea2b9f323c4072839/gnocchi.ab6e9be2-8f3a-46af-9fde-69e5f1931943/1763640000.0_mean_300.0_v3" "tx69f57bc58f094b519b3d7-00692eff4b" "proxy-server 20" 0.0005 "-" 23 0
Dec 2 15:01:31 standalone proxy-server[128769]: 172.18.0.2 172.18.0.100 02/Dec/2025/15/01/31 GET /v1/AUTH_d1023b00803f443ea2b9f323c4072839/gnocchi.ab6e9be2-8f3a-46af-9fde-69e5f1931943/1763640000.0_mean_300.0_v3 HTTP/1.0 404 - python-swiftclient-3.11.1 gAAAAABpLv6p8Z5K... - 70 - tx69f57bc58f094b519b3d7-00692eff4b - 0.0055 - - 1764687691.964199781 1764687691.969709158 0
Dec 2 15:01:31 standalone container-server[126719]: 172.20.0.100 - - [02/Dec/2025:15:01:31 +0000] "PUT /d1/793/AUTH_d1023b00803f443ea2b9f323c4072839/gnocchi.ab6e9be2-8f3a-46af-9fde-69e5f1931943/1763640000.0_mean_300.0_v3" 201 - "PUT http://172.18.0.2:8080/d1/196/AUTH_d1023b00803f443ea2b9f323c4072839/gnocchi.ab6e9be2-8f3a-46af-9fde-69e5f1931943/1763640000.0_mean_300.0_v3" "txc71ab08bfbae40f4b4139-00692eff4b" "object-server 23" 0.0006 "-" 22 0
Dec 2 15:01:31 standalone object-server[127074]: 172.20.0.100 - - [02/Dec/2025:15:01:31 +0000] "PUT /d1/196/AUTH_d1023b00803f443ea2b9f323c4072839/gnocchi.ab6e9be2-8f3a-46af-9fde-69e5f1931943/1763640000.0_mean_300.0_v3" 201 - "PUT http://172.18.0.2:8080/v1/AUTH_d1023b00803f443ea2b9f323c4072839/gnocchi.ab6e9be2-8f3a-46af-9fde-69e5f1931943/1763640000.0_mean_300.0_v3" "txc71ab08bfbae40f4b4139-00692eff4b" "proxy-server 20" 0.0106 "-" 23 0
Dec 2 15:01:31 standalone proxy-server[128769]: 172.18.0.2 172.18.0.100 02/Dec/2025/15/01/31 PUT /v1/AUTH_d1023b00803f443ea2b9f323c4072839/gnocchi.ab6e9be2-8f3a-46af-9fde-69e5f1931943/1763640000.0_mean_300.0_v3 HTTP/1.0 201 - python-swiftclient-3.11.1 gAAAAABpLv6p8Z5K... 16 - - txc71ab08bfbae40f4b4139-00692eff4b - 0.0232 - - 1764687691.972821474 1764687691.995995998 0
Dec 2 15:01:32 standalone container-server[126700]: 172.20.0.100 - - [02/Dec/2025:15:01:32 +0000] "PUT /d1/793/AUTH_d1023b00803f443ea2b9f323c4072839/gnocchi.ab6e9be2-8f3a-46af-9fde-69e5f1931943/none_v3" 201 - "PUT http://172.18.0.2:8080/d1/32/AUTH_d1023b00803f443ea2b9f323c4072839/gnocchi.ab6e9be2-8f3a-46af-9fde-69e5f1931943/none_v3" "txc047a5f9dabf4341917ac-00692eff4b" "object-server 22" 0.0004 "-" 20 0
Dec 2 15:01:32 standalone object-server[127068]: 172.20.0.100 - - [02/Dec/2025:15:01:32 +0000] "PUT /d1/32/AUTH_d1023b00803f443ea2b9f323c4072839/gnocchi.ab6e9be2-8f3a-46af-9fde-69e5f1931943/none_v3" 201 - "PUT http://172.18.0.2:8080/v1/AUTH_d1023b00803f443ea2b9f323c4072839/gnocchi.ab6e9be2-8f3a-46af-9fde-69e5f1931943/none_v3" "txc047a5f9dabf4341917ac-00692eff4b" "proxy-server 20" 0.0090 "-" 22 0
Dec 2 15:01:32 standalone proxy-server[128769]: 172.18.0.2 172.18.0.100 02/Dec/2025/15/01/32 PUT /v1/AUTH_d1023b00803f443ea2b9f323c4072839/gnocchi.ab6e9be2-8f3a-46af-9fde-69e5f1931943/none_v3 HTTP/1.0 201 - python-swiftclient-3.11.1 gAAAAABpLv6p8Z5K... 22 - - txc047a5f9dabf4341917ac-00692eff4b - 0.0177 - - 1764687691.999498129 1764687692.017221928 0
Dec 2 15:01:32 standalone container-server[126721]: 172.20.0.100 - - [02/Dec/2025:15:01:32 +0000] "HEAD /d1/330/AUTH_d1023b00803f443ea2b9f323c4072839/gnocchi.3c9e9b09-1ab2-42fa-abde-b55407115146" 404 - "HEAD http://172.18.0.2:8080/v1/AUTH_d1023b00803f443ea2b9f323c4072839/gnocchi.3c9e9b09-1ab2-42fa-abde-b55407115146?format=json&states=listing" "tx1ed94baa493743529b447-00692eff4c" "proxy-server 20" 0.0009 "-" 23 0
Dec 2 15:01:32 standalone object-server[127068]: 172.20.0.100 - - [02/Dec/2025:15:01:32 +0000] "GET /d1/600/AUTH_d1023b00803f443ea2b9f323c4072839/gnocchi.3c9e9b09-1ab2-42fa-abde-b55407115146/none_v3" 404 70 "GET http://172.18.0.2:8080/v1/AUTH_d1023b00803f443ea2b9f323c4072839/gnocchi.3c9e9b09-1ab2-42fa-abde-b55407115146/none_v3" "tx1ed94baa493743529b447-00692eff4c" "proxy-server 20" 0.0003 "-" 22 0
Dec 2 15:01:32 standalone proxy-server[128769]: 172.18.0.2 172.18.0.100 02/Dec/2025/15/01/32 GET /v1/AUTH_d1023b00803f443ea2b9f323c4072839/gnocchi.3c9e9b09-1ab2-42fa-abde-b55407115146/none_v3 HTTP/1.0 404 - python-swiftclient-3.11.1 gAAAAABpLv6p8Z5K... - 70 - tx1ed94baa493743529b447-00692eff4c - 0.0214 - - 1764687692.038256407 1764687692.059668779 0
Dec 2 15:01:32 standalone account-server[126806]: 172.20.0.100 - - [02/Dec/2025:15:01:32 +0000] "PUT /d1/519/AUTH_d1023b00803f443ea2b9f323c4072839/gnocchi.3c9e9b09-1ab2-42fa-abde-b55407115146" 201 - "PUT http://172.20.0.100:6001/d1/330/AUTH_d1023b00803f443ea2b9f323c4072839/gnocchi.3c9e9b09-1ab2-42fa-abde-b55407115146" "tx759e0b148a694452a1666-00692eff4c" "container-server 23" 0.0048 "-" 21 0
Dec 2 15:01:32 standalone container-server[126721]: 172.20.0.100 - - [02/Dec/2025:15:01:32 +0000] "PUT /d1/330/AUTH_d1023b00803f443ea2b9f323c4072839/gnocchi.3c9e9b09-1ab2-42fa-abde-b55407115146" 201 - "PUT http://172.18.0.2:8080/v1/AUTH_d1023b00803f443ea2b9f323c4072839/gnocchi.3c9e9b09-1ab2-42fa-abde-b55407115146" "tx759e0b148a694452a1666-00692eff4c" "proxy-server 20" 0.0173 "-" 23 0
Dec 2 15:01:32 standalone proxy-server[128769]: 172.18.0.2 172.18.0.100 02/Dec/2025/15/01/32 PUT /v1/AUTH_d1023b00803f443ea2b9f323c4072839/gnocchi.3c9e9b09-1ab2-42fa-abde-b55407115146 HTTP/1.0 201 - python-swiftclient-3.11.1 gAAAAABpLv6p8Z5K... - - - tx759e0b148a694452a1666-00692eff4c - 0.0230 - - 1764687692.065110922 1764687692.088135242 0
Dec 2 15:01:32 standalone container-server[126719]: 172.20.0.100 - - [02/Dec/2025:15:01:32 +0000] "HEAD /d1/330/AUTH_d1023b00803f443ea2b9f323c4072839/gnocchi.3c9e9b09-1ab2-42fa-abde-b55407115146" 204 - "HEAD http://172.18.0.2:8080/v1/AUTH_d1023b00803f443ea2b9f323c4072839/gnocchi.3c9e9b09-1ab2-42fa-abde-b55407115146?format=json&states=listing" "txcd0f140cac1146ec88a9d-00692eff4c" "proxy-server 20" 0.0014 "-" 22 0
Dec 2 15:01:32 standalone proxy-server[128769]: - - 02/Dec/2025/15/01/32 HEAD /v1/AUTH_d1023b00803f443ea2b9f323c4072839/gnocchi.3c9e9b09-1ab2-42fa-abde-b55407115146%3Fformat%3Djson%26states%3Dlisting HTTP/1.0 204 - Swift - - - - txcd0f140cac1146ec88a9d-00692eff4c - 0.0040 RL - 1764687692.091977119 1764687692.095961571 0
Dec 2 15:01:32 standalone container-server[126710]: 172.20.0.100 - - [02/Dec/2025:15:01:32 +0000] "GET /d1/330/AUTH_d1023b00803f443ea2b9f323c4072839/gnocchi.3c9e9b09-1ab2-42fa-abde-b55407115146" 200 2 "GET http://172.18.0.2:8080/v1/AUTH_d1023b00803f443ea2b9f323c4072839/gnocchi.3c9e9b09-1ab2-42fa-abde-b55407115146?format=json&states=listing" "txcd0f140cac1146ec88a9d-00692eff4c" "proxy-server 20" 0.0018 "-" 21 0
Dec 2 15:01:32 standalone proxy-server[128769]: 172.18.0.2 172.18.0.100 02/Dec/2025/15/01/32 GET /v1/AUTH_d1023b00803f443ea2b9f323c4072839/gnocchi.3c9e9b09-1ab2-42fa-abde-b55407115146%3Fformat%3Djson%26states%3Dlisting HTTP/1.0 200 - python-swiftclient-3.11.1 gAAAAABpLv6p8Z5K... - 2 - txcd0f140cac1146ec88a9d-00692eff4c - 0.0114 - - 1764687692.091181517 1764687692.102532387 0
Dec 2 15:01:32 standalone object-server[127078]: 172.20.0.100 - - [02/Dec/2025:15:01:32 +0000] "GET /d1/210/AUTH_d1023b00803f443ea2b9f323c4072839/gnocchi.3c9e9b09-1ab2-42fa-abde-b55407115146/1763640000.0_mean_300.0_v3" 404 70 "GET http://172.18.0.2:8080/v1/AUTH_d1023b00803f443ea2b9f323c4072839/gnocchi.3c9e9b09-1ab2-42fa-abde-b55407115146/1763640000.0_mean_300.0_v3" "txc1dd4908a90f44a38259d-00692eff4c" "proxy-server 20" 0.0004 "-" 25 0
Dec 2 15:01:32 standalone proxy-server[128769]: 172.18.0.2 172.18.0.100 02/Dec/2025/15/01/32 GET /v1/AUTH_d1023b00803f443ea2b9f323c4072839/gnocchi.3c9e9b09-1ab2-42fa-abde-b55407115146/1763640000.0_mean_300.0_v3 HTTP/1.0 404 - python-swiftclient-3.11.1 gAAAAABpLv6p8Z5K... - 70 - txc1dd4908a90f44a38259d-00692eff4c - 0.0039 - - 1764687692.108017206 1764687692.111933470 0
Dec 2 15:01:32 standalone container-server[126719]: 172.20.0.100 - - [02/Dec/2025:15:01:32 +0000] "PUT /d1/330/AUTH_d1023b00803f443ea2b9f323c4072839/gnocchi.3c9e9b09-1ab2-42fa-abde-b55407115146/1763640000.0_mean_300.0_v3" 201 - "PUT http://172.18.0.2:8080/d1/210/AUTH_d1023b00803f443ea2b9f323c4072839/gnocchi.3c9e9b09-1ab2-42fa-abde-b55407115146/1763640000.0_mean_300.0_v3" "tx8aefa6f5592c415fbb40d-00692eff4c" "object-server 25" 0.0006 "-" 22 0
Dec 2 15:01:32 standalone object-server[127078]: 172.20.0.100 - - [02/Dec/2025:15:01:32 +0000] "PUT /d1/210/AUTH_d1023b00803f443ea2b9f323c4072839/gnocchi.3c9e9b09-1ab2-42fa-abde-b55407115146/1763640000.0_mean_300.0_v3" 201 - "PUT http://172.18.0.2:8080/v1/AUTH_d1023b00803f443ea2b9f323c4072839/gnocchi.3c9e9b09-1ab2-42fa-abde-b55407115146/1763640000.0_mean_300.0_v3" "tx8aefa6f5592c415fbb40d-00692eff4c" "proxy-server 20" 0.0086 "-" 25 0
Dec 2 15:01:32 standalone proxy-server[128769]: 172.18.0.2 172.18.0.100 02/Dec/2025/15/01/32 PUT /v1/AUTH_d1023b00803f443ea2b9f323c4072839/gnocchi.3c9e9b09-1ab2-42fa-abde-b55407115146/1763640000.0_mean_300.0_v3 HTTP/1.0 201 - python-swiftclient-3.11.1 gAAAAABpLv6p8Z5K... 16 - - tx8aefa6f5592c415fbb40d-00692eff4c - 0.0118 - - 1764687692.114157915 1764687692.125969887 0
Dec 2 15:01:32 standalone container-server[126700]: 172.20.0.100 - - [02/Dec/2025:15:01:32 +0000] "PUT /d1/330/AUTH_d1023b00803f443ea2b9f323c4072839/gnocchi.3c9e9b09-1ab2-42fa-abde-b55407115146/none_v3" 201 - "PUT http://172.18.0.2:8080/d1/600/AUTH_d1023b00803f443ea2b9f323c4072839/gnocchi.3c9e9b09-1ab2-42fa-abde-b55407115146/none_v3" "txc6ddd6900c594e37bbde6-00692eff4c" "object-server 23" 0.0004 "-" 20 0
Dec 2 15:01:32 standalone object-server[127074]: 172.20.0.100 - - [02/Dec/2025:15:01:32 +0000] "PUT /d1/600/AUTH_d1023b00803f443ea2b9f323c4072839/gnocchi.3c9e9b09-1ab2-42fa-abde-b55407115146/none_v3" 201 - "PUT http://172.18.0.2:8080/v1/AUTH_d1023b00803f443ea2b9f323c4072839/gnocchi.3c9e9b09-1ab2-42fa-abde-b55407115146/none_v3" "txc6ddd6900c594e37bbde6-00692eff4c" "proxy-server 20" 0.0095 "-" 23 0
Dec 2 15:01:32 standalone proxy-server[128769]: 172.18.0.2 172.18.0.100 02/Dec/2025/15/01/32 PUT /v1/AUTH_d1023b00803f443ea2b9f323c4072839/gnocchi.3c9e9b09-1ab2-42fa-abde-b55407115146/none_v3 HTTP/1.0 201 - python-swiftclient-3.11.1 gAAAAABpLv6p8Z5K... 22 - - txc6ddd6900c594e37bbde6-00692eff4c - 0.0142 - - 1764687692.128063679 1764687692.142305613 0
Dec 2 15:01:32 standalone container-server[126719]: 172.20.0.100 - - [02/Dec/2025:15:01:32 +0000] "HEAD /d1/379/AUTH_d1023b00803f443ea2b9f323c4072839/gnocchi.c30d18ea-b816-48de-8bd5-23f68fec864c" 404 - "HEAD http://172.18.0.2:8080/v1/AUTH_d1023b00803f443ea2b9f323c4072839/gnocchi.c30d18ea-b816-48de-8bd5-23f68fec864c?format=json&states=listing" "tx034214b383d9494ea6aa0-00692eff4c" "proxy-server 20" 0.0004 "-" 22 0
Dec 2 15:01:32 standalone object-server[127076]: 172.20.0.100 - - [02/Dec/2025:15:01:32 +0000] "GET /d1/132/AUTH_d1023b00803f443ea2b9f323c4072839/gnocchi.c30d18ea-b816-48de-8bd5-23f68fec864c/none_v3" 404 70 "GET http://172.18.0.2:8080/v1/AUTH_d1023b00803f443ea2b9f323c4072839/gnocchi.c30d18ea-b816-48de-8bd5-23f68fec864c/none_v3" "tx034214b383d9494ea6aa0-00692eff4c" "proxy-server 20" 0.0003 "-" 24 0
Dec 2 15:01:32 standalone proxy-server[128769]: 172.18.0.2 172.18.0.100 02/Dec/2025/15/01/32 GET /v1/AUTH_d1023b00803f443ea2b9f323c4072839/gnocchi.c30d18ea-b816-48de-8bd5-23f68fec864c/none_v3 HTTP/1.0 404 - python-swiftclient-3.11.1 gAAAAABpLv6p8Z5K... - 70 - tx034214b383d9494ea6aa0-00692eff4c - 0.0077 - - 1764687692.162767172 1764687692.170435190 0
Dec 2 15:01:32 standalone account-server[126807]: 172.20.0.100 - - [02/Dec/2025:15:01:32 +0000] "PUT /d1/519/AUTH_d1023b00803f443ea2b9f323c4072839/gnocchi.c30d18ea-b816-48de-8bd5-23f68fec864c" 201 - "PUT http://172.20.0.100:6001/d1/379/AUTH_d1023b00803f443ea2b9f323c4072839/gnocchi.c30d18ea-b816-48de-8bd5-23f68fec864c" "txe279632f97c840959d440-00692eff4c" "container-server 22" 0.0043 "-" 22 0
Dec 2 15:01:32 standalone container-server[126719]: 172.20.0.100 - - [02/Dec/2025:15:01:32 +0000] "PUT /d1/379/AUTH_d1023b00803f443ea2b9f323c4072839/gnocchi.c30d18ea-b816-48de-8bd5-23f68fec864c" 201 - "PUT http://172.18.0.2:8080/v1/AUTH_d1023b00803f443ea2b9f323c4072839/gnocchi.c30d18ea-b816-48de-8bd5-23f68fec864c" "txe279632f97c840959d440-00692eff4c" "proxy-server 20" 0.0136 "-" 22 0
Dec 2 15:01:32 standalone proxy-server[128769]: 172.18.0.2 172.18.0.100 02/Dec/2025/15/01/32 PUT /v1/AUTH_d1023b00803f443ea2b9f323c4072839/gnocchi.c30d18ea-b816-48de-8bd5-23f68fec864c HTTP/1.0 201 - python-swiftclient-3.11.1 gAAAAABpLv6p8Z5K... - - - txe279632f97c840959d440-00692eff4c - 0.0168 - - 1764687692.172529697 1764687692.189365864 0
Dec 2 15:01:32 standalone container-server[126710]: 172.20.0.100 - - [02/Dec/2025:15:01:32 +0000] "HEAD /d1/379/AUTH_d1023b00803f443ea2b9f323c4072839/gnocchi.c30d18ea-b816-48de-8bd5-23f68fec864c" 204 - "HEAD http://172.18.0.2:8080/v1/AUTH_d1023b00803f443ea2b9f323c4072839/gnocchi.c30d18ea-b816-48de-8bd5-23f68fec864c?format=json&states=listing" "tx46efa848472c4301932f3-00692eff4c" "proxy-server 20" 0.0011 "-" 21 0
Dec 2 15:01:32 standalone proxy-server[128769]: - - 02/Dec/2025/15/01/32 HEAD /v1/AUTH_d1023b00803f443ea2b9f323c4072839/gnocchi.c30d18ea-b816-48de-8bd5-23f68fec864c%3Fformat%3Djson%26states%3Dlisting HTTP/1.0 204 - Swift - - - - tx46efa848472c4301932f3-00692eff4c - 0.0032 RL - 1764687692.192625523 1764687692.195825100 0
Dec 2 15:01:32 standalone container-server[126700]: 172.20.0.100 - - [02/Dec/2025:15:01:32 +0000] "GET /d1/379/AUTH_d1023b00803f443ea2b9f323c4072839/gnocchi.c30d18ea-b816-48de-8bd5-23f68fec864c" 200 2 "GET http://172.18.0.2:8080/v1/AUTH_d1023b00803f443ea2b9f323c4072839/gnocchi.c30d18ea-b816-48de-8bd5-23f68fec864c?format=json&states=listing" "tx46efa848472c4301932f3-00692eff4c" "proxy-server 20" 0.0017 "-" 20 0
Dec 2 15:01:32 standalone proxy-server[128769]: 172.18.0.2 172.18.0.100 02/Dec/2025/15/01/32 GET /v1/AUTH_d1023b00803f443ea2b9f323c4072839/gnocchi.c30d18ea-b816-48de-8bd5-23f68fec864c%3Fformat%3Djson%26states%3Dlisting HTTP/1.0 200 - python-swiftclient-3.11.1 gAAAAABpLv6p8Z5K... - 2 - tx46efa848472c4301932f3-00692eff4c - 0.0105 - - 1764687692.191932678 1764687692.202436447 0
Dec 2 15:01:32 standalone object-server[127068]: 172.20.0.100 - - [02/Dec/2025:15:01:32 +0000] "GET /d1/145/AUTH_d1023b00803f443ea2b9f323c4072839/gnocchi.c30d18ea-b816-48de-8bd5-23f68fec864c/1763640000.0_mean_300.0_v3" 404 70 "GET http://172.18.0.2:8080/v1/AUTH_d1023b00803f443ea2b9f323c4072839/gnocchi.c30d18ea-b816-48de-8bd5-23f68fec864c/1763640000.0_mean_300.0_v3" "tx90e41e5519ec4c30bce0e-00692eff4c" "proxy-server 20" 0.0005 "-" 22 0
Dec 2 15:01:32 standalone proxy-server[128769]: 172.18.0.2 172.18.0.100 02/Dec/2025/15/01/32 GET /v1/AUTH_d1023b00803f443ea2b9f323c4072839/gnocchi.c30d18ea-b816-48de-8bd5-23f68fec864c/1763640000.0_mean_300.0_v3 HTTP/1.0 404 - python-swiftclient-3.11.1 gAAAAABpLv6p8Z5K... - 70 - tx90e41e5519ec4c30bce0e-00692eff4c - 0.0125 - - 1764687692.205595970 1764687692.218130589 0
Dec 2 15:01:32 standalone container-server[126700]: 172.20.0.100 - - [02/Dec/2025:15:01:32 +0000] "PUT /d1/379/AUTH_d1023b00803f443ea2b9f323c4072839/gnocchi.c30d18ea-b816-48de-8bd5-23f68fec864c/1763640000.0_mean_300.0_v3" 201 - "PUT http://172.18.0.2:8080/d1/145/AUTH_d1023b00803f443ea2b9f323c4072839/gnocchi.c30d18ea-b816-48de-8bd5-23f68fec864c/1763640000.0_mean_300.0_v3" "txb70641ec681147df85190-00692eff4c" "object-server 22" 0.0004 "-" 20 0
Dec 2 15:01:32 standalone object-server[127068]: 172.20.0.100 - - [02/Dec/2025:15:01:32 +0000] "PUT /d1/145/AUTH_d1023b00803f443ea2b9f323c4072839/gnocchi.c30d18ea-b816-48de-8bd5-23f68fec864c/1763640000.0_mean_300.0_v3" 201 - "PUT http://172.18.0.2:8080/v1/AUTH_d1023b00803f443ea2b9f323c4072839/gnocchi.c30d18ea-b816-48de-8bd5-23f68fec864c/1763640000.0_mean_300.0_v3" "txb70641ec681147df85190-00692eff4c" "proxy-server 20" 0.0095 "-" 22 0
Dec 2 15:01:32 standalone proxy-server[128769]: 172.18.0.2 172.18.0.100 02/Dec/2025/15/01/32 PUT /v1/AUTH_d1023b00803f443ea2b9f323c4072839/gnocchi.c30d18ea-b816-48de-8bd5-23f68fec864c/1763640000.0_mean_300.0_v3 HTTP/1.0 201 - python-swiftclient-3.11.1 gAAAAABpLv6p8Z5K... 16 - - txb70641ec681147df85190-00692eff4c - 0.0186 - - 1764687692.223921776 1764687692.242508173 0
Dec 2 15:01:32 standalone container-server[126700]: 172.20.0.100 - - [02/Dec/2025:15:01:32 +0000] "PUT /d1/379/AUTH_d1023b00803f443ea2b9f323c4072839/gnocchi.c30d18ea-b816-48de-8bd5-23f68fec864c/none_v3" 201 - "PUT http://172.18.0.2:8080/d1/132/AUTH_d1023b00803f443ea2b9f323c4072839/gnocchi.c30d18ea-b816-48de-8bd5-23f68fec864c/none_v3" "txfbbb818c82c04bed887ed-00692eff4c" "object-server 25" 0.0003 "-" 20 0
Dec 2 15:01:32 standalone object-server[127078]: 172.20.0.100 - - [02/Dec/2025:15:01:32 +0000] "PUT /d1/132/AUTH_d1023b00803f443ea2b9f323c4072839/gnocchi.c30d18ea-b816-48de-8bd5-23f68fec864c/none_v3" 201 - "PUT http://172.18.0.2:8080/v1/AUTH_d1023b00803f443ea2b9f323c4072839/gnocchi.c30d18ea-b816-48de-8bd5-23f68fec864c/none_v3" "txfbbb818c82c04bed887ed-00692eff4c" "proxy-server 20" 0.0076 "-" 25 0
Dec 2 15:01:32 standalone proxy-server[128769]: 172.18.0.2 172.18.0.100 02/Dec/2025/15/01/32 PUT /v1/AUTH_d1023b00803f443ea2b9f323c4072839/gnocchi.c30d18ea-b816-48de-8bd5-23f68fec864c/none_v3 HTTP/1.0 201 - python-swiftclient-3.11.1 gAAAAABpLv6p8Z5K... 22 - - txfbbb818c82c04bed887ed-00692eff4c - 0.0119 - - 1764687692.244683266 1764687692.256553411 0
Dec 2 15:01:32 standalone container-server[126721]: 172.20.0.100 - - [02/Dec/2025:15:01:32 +0000] "HEAD /d1/907/AUTH_d1023b00803f443ea2b9f323c4072839/gnocchi.0705aefc-329c-4d38-bf2f-1c852ca9df50" 404 - "HEAD http://172.18.0.2:8080/v1/AUTH_d1023b00803f443ea2b9f323c4072839/gnocchi.0705aefc-329c-4d38-bf2f-1c852ca9df50?format=json&states=listing" "tx9e42a63923014465bb6f0-00692eff4c" "proxy-server 20" 0.0004 "-" 23 0
Dec 2 15:01:32 standalone object-server[127074]: 172.20.0.100 - - [02/Dec/2025:15:01:32 +0000] "GET /d1/526/AUTH_d1023b00803f443ea2b9f323c4072839/gnocchi.0705aefc-329c-4d38-bf2f-1c852ca9df50/none_v3" 404 70 "GET http://172.18.0.2:8080/v1/AUTH_d1023b00803f443ea2b9f323c4072839/gnocchi.0705aefc-329c-4d38-bf2f-1c852ca9df50/none_v3" "tx9e42a63923014465bb6f0-00692eff4c" "proxy-server 20" 0.0005 "-" 23 0
Dec 2 15:01:32 standalone proxy-server[128769]: 172.18.0.2 172.18.0.100 02/Dec/2025/15/01/32 GET /v1/AUTH_d1023b00803f443ea2b9f323c4072839/gnocchi.0705aefc-329c-4d38-bf2f-1c852ca9df50/none_v3 HTTP/1.0 404 - python-swiftclient-3.11.1 gAAAAABpLv6p8Z5K... - 70 - tx9e42a63923014465bb6f0-00692eff4c - 0.0082 - - 1764687692.267216921 1764687692.275409222 0
Dec 2 15:01:32 standalone account-server[126807]: 172.20.0.100 - - [02/Dec/2025:15:01:32 +0000] "PUT /d1/519/AUTH_d1023b00803f443ea2b9f323c4072839/gnocchi.0705aefc-329c-4d38-bf2f-1c852ca9df50" 201 - "PUT http://172.20.0.100:6001/d1/907/AUTH_d1023b00803f443ea2b9f323c4072839/gnocchi.0705aefc-329c-4d38-bf2f-1c852ca9df50" "tx8e3aa765d6c845f1aee35-00692eff4c" "container-server 20" 0.0042 "-" 22 0
Dec 2 15:01:32 standalone container-server[126700]: 172.20.0.100 - - [02/Dec/2025:15:01:32 +0000] "PUT /d1/907/AUTH_d1023b00803f443ea2b9f323c4072839/gnocchi.0705aefc-329c-4d38-bf2f-1c852ca9df50" 201 - "PUT http://172.18.0.2:8080/v1/AUTH_d1023b00803f443ea2b9f323c4072839/gnocchi.0705aefc-329c-4d38-bf2f-1c852ca9df50" "tx8e3aa765d6c845f1aee35-00692eff4c" "proxy-server 20" 0.0136 "-" 20 0
Dec 2 15:01:32 standalone proxy-server[128769]: 172.18.0.2 172.18.0.100 02/Dec/2025/15/01/32 PUT /v1/AUTH_d1023b00803f443ea2b9f323c4072839/gnocchi.0705aefc-329c-4d38-bf2f-1c852ca9df50 HTTP/1.0 201 - python-swiftclient-3.11.1 gAAAAABpLv6p8Z5K... - - - tx8e3aa765d6c845f1aee35-00692eff4c - 0.0169 - - 1764687692.277356863 1764687692.294279575 0
Dec 2 15:01:32 standalone container-server[126719]: 172.20.0.100 - - [02/Dec/2025:15:01:32 +0000] "HEAD /d1/907/AUTH_d1023b00803f443ea2b9f323c4072839/gnocchi.0705aefc-329c-4d38-bf2f-1c852ca9df50" 204 - "HEAD http://172.18.0.2:8080/v1/AUTH_d1023b00803f443ea2b9f323c4072839/gnocchi.0705aefc-329c-4d38-bf2f-1c852ca9df50?format=json&states=listing" "txc5a349197a7d440887f44-00692eff4c" "proxy-server 20" 0.0011 "-" 22 0
Dec 2 15:01:32 standalone proxy-server[128769]: - - 02/Dec/2025/15/01/32 HEAD /v1/AUTH_d1023b00803f443ea2b9f323c4072839/gnocchi.0705aefc-329c-4d38-bf2f-1c852ca9df50%3Fformat%3Djson%26states%3Dlisting HTTP/1.0 204 - Swift - - - - txc5a349197a7d440887f44-00692eff4c - 0.0040 RL - 1764687692.298913717 1764687692.302901745 0
Dec 2 15:01:32 standalone container-server[126710]: 172.20.0.100 - - [02/Dec/2025:15:01:32 +0000] "GET /d1/907/AUTH_d1023b00803f443ea2b9f323c4072839/gnocchi.0705aefc-329c-4d38-bf2f-1c852ca9df50" 200 2 "GET http://172.18.0.2:8080/v1/AUTH_d1023b00803f443ea2b9f323c4072839/gnocchi.0705aefc-329c-4d38-bf2f-1c852ca9df50?format=json&states=listing" "txc5a349197a7d440887f44-00692eff4c" "proxy-server 20" 0.0016 "-" 21 0
Dec 2 15:01:32 standalone proxy-server[128769]: 172.18.0.2 172.18.0.100 02/Dec/2025/15/01/32 GET /v1/AUTH_d1023b00803f443ea2b9f323c4072839/gnocchi.0705aefc-329c-4d38-bf2f-1c852ca9df50%3Fformat%3Djson%26states%3Dlisting HTTP/1.0 200 - python-swiftclient-3.11.1 gAAAAABpLv6p8Z5K... - 2 - txc5a349197a7d440887f44-00692eff4c - 0.0121 - - 1764687692.297360420 1764687692.309449196 0
Dec 2 15:01:32 standalone object-server[127074]: 172.20.0.100 - - [02/Dec/2025:15:01:32 +0000] "GET /d1/21/AUTH_d1023b00803f443ea2b9f323c4072839/gnocchi.0705aefc-329c-4d38-bf2f-1c852ca9df50/1763640000.0_mean_300.0_v3" 404 70 "GET http://172.18.0.2:8080/v1/AUTH_d1023b00803f443ea2b9f323c4072839/gnocchi.0705aefc-329c-4d38-bf2f-1c852ca9df50/1763640000.0_mean_300.0_v3" "tx208d9da8ae5c44a49d266-00692eff4c" "proxy-server 20" 0.0005 "-" 23 0
Dec 2 15:01:32 standalone proxy-server[128769]: 172.18.0.2 172.18.0.100 02/Dec/2025/15/01/32 GET /v1/AUTH_d1023b00803f443ea2b9f323c4072839/gnocchi.0705aefc-329c-4d38-bf2f-1c852ca9df50/1763640000.0_mean_300.0_v3 HTTP/1.0 404 - python-swiftclient-3.11.1 gAAAAABpLv6p8Z5K... - 70 - tx208d9da8ae5c44a49d266-00692eff4c - 0.0055 - - 1764687692.312758684 1764687692.318211317 0
Dec 2 15:01:32 standalone container-server[126710]: 172.20.0.100 - - [02/Dec/2025:15:01:32 +0000] "PUT /d1/907/AUTH_d1023b00803f443ea2b9f323c4072839/gnocchi.0705aefc-329c-4d38-bf2f-1c852ca9df50/1763640000.0_mean_300.0_v3" 201 - "PUT http://172.18.0.2:8080/d1/21/AUTH_d1023b00803f443ea2b9f323c4072839/gnocchi.0705aefc-329c-4d38-bf2f-1c852ca9df50/1763640000.0_mean_300.0_v3" "tx99e4156672094e038d2a9-00692eff4c" "object-server 24" 0.0004 "-" 21 0
Dec 2 15:01:32 standalone object-server[127076]: 172.20.0.100 - - [02/Dec/2025:15:01:32 +0000] "PUT /d1/21/AUTH_d1023b00803f443ea2b9f323c4072839/gnocchi.0705aefc-329c-4d38-bf2f-1c852ca9df50/1763640000.0_mean_300.0_v3" 201 - "PUT http://172.18.0.2:8080/v1/AUTH_d1023b00803f443ea2b9f323c4072839/gnocchi.0705aefc-329c-4d38-bf2f-1c852ca9df50/1763640000.0_mean_300.0_v3" "tx99e4156672094e038d2a9-00692eff4c" "proxy-server 20" 0.0097 "-" 24 0
Dec 2 15:01:32 standalone proxy-server[128769]: 172.18.0.2 172.18.0.100 02/Dec/2025/15/01/32 PUT /v1/AUTH_d1023b00803f443ea2b9f323c4072839/gnocchi.0705aefc-329c-4d38-bf2f-1c852ca9df50/1763640000.0_mean_300.0_v3 HTTP/1.0 201 - python-swiftclient-3.11.1 gAAAAABpLv6p8Z5K... 16 - - tx99e4156672094e038d2a9-00692eff4c - 0.0152 - - 1764687692.320778847 1764687692.335956812 0
Dec 2 15:01:32 standalone container-server[126719]: 172.20.0.100 - - [02/Dec/2025:15:01:32 +0000] "PUT /d1/907/AUTH_d1023b00803f443ea2b9f323c4072839/gnocchi.0705aefc-329c-4d38-bf2f-1c852ca9df50/none_v3" 201 - "PUT http://172.18.0.2:8080/d1/526/AUTH_d1023b00803f443ea2b9f323c4072839/gnocchi.0705aefc-329c-4d38-bf2f-1c852ca9df50/none_v3" "tx9a2539b4e703408c947dc-00692eff4c" "object-server 24" 0.0003 "-" 22 0
Dec 2 15:01:32 standalone object-server[127076]: 172.20.0.100 - - [02/Dec/2025:15:01:32 +0000] "PUT /d1/526/AUTH_d1023b00803f443ea2b9f323c4072839/gnocchi.0705aefc-329c-4d38-bf2f-1c852ca9df50/none_v3" 201 - "PUT http://172.18.0.2:8080/v1/AUTH_d1023b00803f443ea2b9f323c4072839/gnocchi.0705aefc-329c-4d38-bf2f-1c852ca9df50/none_v3" "tx9a2539b4e703408c947dc-00692eff4c" "proxy-server 20" 0.0088 "-" 24 0
Dec 2 15:01:32 standalone proxy-server[128769]: 172.18.0.2 172.18.0.100 02/Dec/2025/15/01/32 PUT /v1/AUTH_d1023b00803f443ea2b9f323c4072839/gnocchi.0705aefc-329c-4d38-bf2f-1c852ca9df50/none_v3 HTTP/1.0 201 - python-swiftclient-3.11.1 gAAAAABpLv6p8Z5K... 22 - - tx9a2539b4e703408c947dc-00692eff4c - 0.0140 - - 1764687692.338297129 1764687692.352312326 0
Dec 2 15:01:32 standalone container-server[126719]: 172.20.0.100 - - [02/Dec/2025:15:01:32 +0000] "HEAD /d1/680/AUTH_d1023b00803f443ea2b9f323c4072839/gnocchi.cdc1a5fb-b087-4222-8ae4-207a26fca5d3" 404 - "HEAD http://172.18.0.2:8080/v1/AUTH_d1023b00803f443ea2b9f323c4072839/gnocchi.cdc1a5fb-b087-4222-8ae4-207a26fca5d3?format=json&states=listing" "tx852134ee23714a3a936f7-00692eff4c" "proxy-server 20" 0.0002 "-" 22 0
Dec 2 15:01:32 standalone object-server[127068]: 172.20.0.100 - - [02/Dec/2025:15:01:32 +0000] "GET /d1/748/AUTH_d1023b00803f443ea2b9f323c4072839/gnocchi.cdc1a5fb-b087-4222-8ae4-207a26fca5d3/none_v3" 404 70 "GET http://172.18.0.2:8080/v1/AUTH_d1023b00803f443ea2b9f323c4072839/gnocchi.cdc1a5fb-b087-4222-8ae4-207a26fca5d3/none_v3" "tx852134ee23714a3a936f7-00692eff4c" "proxy-server 20" 0.0004 "-" 22 0
Dec 2 15:01:32 standalone proxy-server[128769]: 172.18.0.2 172.18.0.100 02/Dec/2025/15/01/32 GET /v1/AUTH_d1023b00803f443ea2b9f323c4072839/gnocchi.cdc1a5fb-b087-4222-8ae4-207a26fca5d3/none_v3 HTTP/1.0 404 - python-swiftclient-3.11.1 gAAAAABpLv6p8Z5K... - 70 - tx852134ee23714a3a936f7-00692eff4c - 0.0157 - - 1764687692.362729311 1764687692.378453732 0
Dec 2 15:01:32 standalone account-server[126807]: 172.20.0.100 - - [02/Dec/2025:15:01:32 +0000] "PUT /d1/519/AUTH_d1023b00803f443ea2b9f323c4072839/gnocchi.cdc1a5fb-b087-4222-8ae4-207a26fca5d3" 201 - "PUT http://172.20.0.100:6001/d1/680/AUTH_d1023b00803f443ea2b9f323c4072839/gnocchi.cdc1a5fb-b087-4222-8ae4-207a26fca5d3" "txd936ade54c8c41b68d5a6-00692eff4c" "container-server 21" 0.0056 "-" 22 0
Dec 2 15:01:32 standalone container-server[126710]: 172.20.0.100 - - [02/Dec/2025:15:01:32 +0000] "PUT /d1/680/AUTH_d1023b00803f443ea2b9f323c4072839/gnocchi.cdc1a5fb-b087-4222-8ae4-207a26fca5d3" 201 - "PUT http://172.18.0.2:8080/v1/AUTH_d1023b00803f443ea2b9f323c4072839/gnocchi.cdc1a5fb-b087-4222-8ae4-207a26fca5d3" "txd936ade54c8c41b68d5a6-00692eff4c" "proxy-server 20" 0.0141 "-" 21 0
Dec 2 15:01:32 standalone proxy-server[128769]: 172.18.0.2 172.18.0.100 02/Dec/2025/15/01/32 PUT /v1/AUTH_d1023b00803f443ea2b9f323c4072839/gnocchi.cdc1a5fb-b087-4222-8ae4-207a26fca5d3 HTTP/1.0 201 - python-swiftclient-3.11.1 gAAAAABpLv6p8Z5K... - - - txd936ade54c8c41b68d5a6-00692eff4c - 0.0198 - - 1764687692.381162167 1764687692.400929689 0
Dec 2 15:01:32 standalone container-server[126700]: 172.20.0.100 - - [02/Dec/2025:15:01:32 +0000] "HEAD /d1/680/AUTH_d1023b00803f443ea2b9f323c4072839/gnocchi.cdc1a5fb-b087-4222-8ae4-207a26fca5d3" 204 - "HEAD http://172.18.0.2:8080/v1/AUTH_d1023b00803f443ea2b9f323c4072839/gnocchi.cdc1a5fb-b087-4222-8ae4-207a26fca5d3?format=json&states=listing" "tx61df17cf27124e298b218-00692eff4c" "proxy-server 20" 0.0010 "-" 20 0
Dec 2 15:01:32 standalone proxy-server[128769]: - - 02/Dec/2025/15/01/32 HEAD /v1/AUTH_d1023b00803f443ea2b9f323c4072839/gnocchi.cdc1a5fb-b087-4222-8ae4-207a26fca5d3%3Fformat%3Djson%26states%3Dlisting HTTP/1.0 204 - Swift - - - - tx61df17cf27124e298b218-00692eff4c - 0.0046 RL - 1764687692.408294201 1764687692.412854671 0
Dec 2 15:01:32 standalone container-server[126721]: 172.20.0.100 - - [02/Dec/2025:15:01:32 +0000] "GET /d1/680/AUTH_d1023b00803f443ea2b9f323c4072839/gnocchi.cdc1a5fb-b087-4222-8ae4-207a26fca5d3" 200 2 "GET http://172.18.0.2:8080/v1/AUTH_d1023b00803f443ea2b9f323c4072839/gnocchi.cdc1a5fb-b087-4222-8ae4-207a26fca5d3?format=json&states=listing" "tx61df17cf27124e298b218-00692eff4c" "proxy-server 20" 0.0022 "-" 23 0
Dec 2 15:01:32 standalone proxy-server[128769]: 172.18.0.2 172.18.0.100 02/Dec/2025/15/01/32 GET /v1/AUTH_d1023b00803f443ea2b9f323c4072839/gnocchi.cdc1a5fb-b087-4222-8ae4-207a26fca5d3%3Fformat%3Djson%26states%3Dlisting HTTP/1.0 200 - python-swiftclient-3.11.1 gAAAAABpLv6p8Z5K... - 2 - tx61df17cf27124e298b218-00692eff4c - 0.0164 - - 1764687692.406777620 1764687692.423209667 0
Dec 2 15:01:32 standalone object-server[127074]: 172.20.0.100 - - [02/Dec/2025:15:01:32 +0000] "GET /d1/1/AUTH_d1023b00803f443ea2b9f323c4072839/gnocchi.cdc1a5fb-b087-4222-8ae4-207a26fca5d3/1763640000.0_mean_300.0_v3" 404 70 "GET http://172.18.0.2:8080/v1/AUTH_d1023b00803f443ea2b9f323c4072839/gnocchi.cdc1a5fb-b087-4222-8ae4-207a26fca5d3/1763640000.0_mean_300.0_v3" "tx8d2f17f88d184070a84f9-00692eff4c" "proxy-server 20" 0.0006 "-" 23 0
Dec 2 15:01:32 standalone proxy-server[128769]: 172.18.0.2 172.18.0.100 02/Dec/2025/15/01/32 GET /v1/AUTH_d1023b00803f443ea2b9f323c4072839/gnocchi.cdc1a5fb-b087-4222-8ae4-207a26fca5d3/1763640000.0_mean_300.0_v3 HTTP/1.0 404 - python-swiftclient-3.11.1 gAAAAABpLv6p8Z5K... - 70 - tx8d2f17f88d184070a84f9-00692eff4c - 0.0082 - - 1764687692.432107687 1764687692.440336704 0
Dec 2 15:01:32 standalone container-server[126719]: 172.20.0.100 - - [02/Dec/2025:15:01:32 +0000] "PUT /d1/680/AUTH_d1023b00803f443ea2b9f323c4072839/gnocchi.cdc1a5fb-b087-4222-8ae4-207a26fca5d3/1763640000.0_mean_300.0_v3" 201 - "PUT http://172.18.0.2:8080/d1/1/AUTH_d1023b00803f443ea2b9f323c4072839/gnocchi.cdc1a5fb-b087-4222-8ae4-207a26fca5d3/1763640000.0_mean_300.0_v3" "txd3b0cac24af84158a74eb-00692eff4c" "object-server 23" 0.0005 "-" 22 0
Dec 2 15:01:32 standalone object-server[127074]: 172.20.0.100 - - [02/Dec/2025:15:01:32 +0000] "PUT /d1/1/AUTH_d1023b00803f443ea2b9f323c4072839/gnocchi.cdc1a5fb-b087-4222-8ae4-207a26fca5d3/1763640000.0_mean_300.0_v3" 201 - "PUT http://172.18.0.2:8080/v1/AUTH_d1023b00803f443ea2b9f323c4072839/gnocchi.cdc1a5fb-b087-4222-8ae4-207a26fca5d3/1763640000.0_mean_300.0_v3" "txd3b0cac24af84158a74eb-00692eff4c" "proxy-server 20" 0.0109 "-" 23 0
Dec 2 15:01:32 standalone proxy-server[128769]: 172.18.0.2 172.18.0.100 02/Dec/2025/15/01/32 PUT /v1/AUTH_d1023b00803f443ea2b9f323c4072839/gnocchi.cdc1a5fb-b087-4222-8ae4-207a26fca5d3/1763640000.0_mean_300.0_v3 HTTP/1.0 201 - python-swiftclient-3.11.1 gAAAAABpLv6p8Z5K... 16 - - txd3b0cac24af84158a74eb-00692eff4c - 0.0185 - - 1764687692.444134712 1764687692.462615728 0
Dec 2 15:01:32 standalone container-server[126700]: 172.20.0.100 - - [02/Dec/2025:15:01:32 +0000] "PUT /d1/680/AUTH_d1023b00803f443ea2b9f323c4072839/gnocchi.cdc1a5fb-b087-4222-8ae4-207a26fca5d3/none_v3" 201 - "PUT http://172.18.0.2:8080/d1/748/AUTH_d1023b00803f443ea2b9f323c4072839/gnocchi.cdc1a5fb-b087-4222-8ae4-207a26fca5d3/none_v3" "tx411862e1c16e4cc4a877c-00692eff4c" "object-server 23" 0.0004 "-" 20 0
Dec 2 15:01:32 standalone object-server[127074]: 172.20.0.100 - - [02/Dec/2025:15:01:32 +0000] "PUT /d1/748/AUTH_d1023b00803f443ea2b9f323c4072839/gnocchi.cdc1a5fb-b087-4222-8ae4-207a26fca5d3/none_v3" 201 - "PUT http://172.18.0.2:8080/v1/AUTH_d1023b00803f443ea2b9f323c4072839/gnocchi.cdc1a5fb-b087-4222-8ae4-207a26fca5d3/none_v3" "tx411862e1c16e4cc4a877c-00692eff4c" "proxy-server 20" 0.0099 "-" 23 0
Dec 2 15:01:32 standalone proxy-server[128769]: 172.18.0.2 172.18.0.100 02/Dec/2025/15/01/32 PUT /v1/AUTH_d1023b00803f443ea2b9f323c4072839/gnocchi.cdc1a5fb-b087-4222-8ae4-207a26fca5d3/none_v3 HTTP/1.0 201 - python-swiftclient-3.11.1 gAAAAABpLv6p8Z5K... 22 - - tx411862e1c16e4cc4a877c-00692eff4c - 0.0170 - - 1764687692.465994596 1764687692.483008862 0
Dec 2 15:01:32 standalone container-server[126721]: 172.20.0.100 - - [02/Dec/2025:15:01:32 +0000] "HEAD /d1/895/AUTH_d1023b00803f443ea2b9f323c4072839/gnocchi.781b2eeb-7efb-42f5-8707-225cd20d7454" 404 - "HEAD http://172.18.0.2:8080/v1/AUTH_d1023b00803f443ea2b9f323c4072839/gnocchi.781b2eeb-7efb-42f5-8707-225cd20d7454?format=json&states=listing" "txf03caa0992e34a06b7d94-00692eff4c" "proxy-server 20" 0.0003 "-" 23 0
Dec 2 15:01:32 standalone object-server[127076]: 172.20.0.100 - - [02/Dec/2025:15:01:32 +0000] "GET /d1/72/AUTH_d1023b00803f443ea2b9f323c4072839/gnocchi.781b2eeb-7efb-42f5-8707-225cd20d7454/none_v3" 404 70 "GET http://172.18.0.2:8080/v1/AUTH_d1023b00803f443ea2b9f323c4072839/gnocchi.781b2eeb-7efb-42f5-8707-225cd20d7454/none_v3" "txf03caa0992e34a06b7d94-00692eff4c" "proxy-server 20" 0.0005 "-" 24 0
Dec 2 15:01:32 standalone proxy-server[128769]: 172.18.0.2 172.18.0.100 02/Dec/2025/15/01/32 GET /v1/AUTH_d1023b00803f443ea2b9f323c4072839/gnocchi.781b2eeb-7efb-42f5-8707-225cd20d7454/none_v3 HTTP/1.0 404 - python-swiftclient-3.11.1 gAAAAABpLv6p8Z5K... - 70 - txf03caa0992e34a06b7d94-00692eff4c - 0.0124 - - 1764687692.495338440 1764687692.507780075 0
Dec 2 15:01:32 standalone account-server[126807]: 172.20.0.100 - - [02/Dec/2025:15:01:32 +0000] "PUT /d1/519/AUTH_d1023b00803f443ea2b9f323c4072839/gnocchi.781b2eeb-7efb-42f5-8707-225cd20d7454" 201 - "PUT http://172.20.0.100:6001/d1/895/AUTH_d1023b00803f443ea2b9f323c4072839/gnocchi.781b2eeb-7efb-42f5-8707-225cd20d7454" "tx4fdbf9e130f1475b94f75-00692eff4c" "container-server 23" 0.0060 "-" 22 0
Dec 2 15:01:32 standalone container-server[126721]: 172.20.0.100 - - [02/Dec/2025:15:01:32 +0000] "PUT /d1/895/AUTH_d1023b00803f443ea2b9f323c4072839/gnocchi.781b2eeb-7efb-42f5-8707-225cd20d7454" 201 - "PUT http://172.18.0.2:8080/v1/AUTH_d1023b00803f443ea2b9f323c4072839/gnocchi.781b2eeb-7efb-42f5-8707-225cd20d7454" "tx4fdbf9e130f1475b94f75-00692eff4c" "proxy-server 20" 0.0153 "-" 23 0
Dec 2 15:01:32 standalone proxy-server[128769]: 172.18.0.2 172.18.0.100 02/Dec/2025/15/01/32 PUT /v1/AUTH_d1023b00803f443ea2b9f323c4072839/gnocchi.781b2eeb-7efb-42f5-8707-225cd20d7454 HTTP/1.0 201 - python-swiftclient-3.11.1 gAAAAABpLv6p8Z5K... - - - tx4fdbf9e130f1475b94f75-00692eff4c - 0.0209 - - 1764687692.511169195 1764687692.532107592 0
Dec 2 15:01:32 standalone container-server[126721]: 172.20.0.100 - - [02/Dec/2025:15:01:32 +0000] "HEAD /d1/895/AUTH_d1023b00803f443ea2b9f323c4072839/gnocchi.781b2eeb-7efb-42f5-8707-225cd20d7454" 204 - "HEAD http://172.18.0.2:8080/v1/AUTH_d1023b00803f443ea2b9f323c4072839/gnocchi.781b2eeb-7efb-42f5-8707-225cd20d7454?format=json&states=listing" "tx72705b28929641a08b56c-00692eff4c" "proxy-server 20" 0.0012 "-" 23 0
Dec 2 15:01:32 standalone proxy-server[128769]: - - 02/Dec/2025/15/01/32 HEAD /v1/AUTH_d1023b00803f443ea2b9f323c4072839/gnocchi.781b2eeb-7efb-42f5-8707-225cd20d7454%3Fformat%3Djson%26states%3Dlisting HTTP/1.0 204 - Swift - - - - tx72705b28929641a08b56c-00692eff4c - 0.0050 RL - 1764687692.538357973 1764687692.543357611 0
Dec 2 15:01:32 standalone container-server[126700]: 172.20.0.100 - - [02/Dec/2025:15:01:32 +0000] "GET /d1/895/AUTH_d1023b00803f443ea2b9f323c4072839/gnocchi.781b2eeb-7efb-42f5-8707-225cd20d7454" 200 2 "GET http://172.18.0.2:8080/v1/AUTH_d1023b00803f443ea2b9f323c4072839/gnocchi.781b2eeb-7efb-42f5-8707-225cd20d7454?format=json&states=listing" "tx72705b28929641a08b56c-00692eff4c" "proxy-server 20" 0.0016 "-" 20 0
Dec 2 15:01:32 standalone proxy-server[128769]: 172.18.0.2 172.18.0.100 02/Dec/2025/15/01/32 GET /v1/AUTH_d1023b00803f443ea2b9f323c4072839/gnocchi.781b2eeb-7efb-42f5-8707-225cd20d7454%3Fformat%3Djson%26states%3Dlisting HTTP/1.0 200 - python-swiftclient-3.11.1 gAAAAABpLv6p8Z5K... - 2 - tx72705b28929641a08b56c-00692eff4c - 0.0164 - - 1764687692.536624670 1764687692.553044319 0
Dec 2 15:01:32 standalone object-server[127068]: 172.20.0.100 - - [02/Dec/2025:15:01:32 +0000] "GET /d1/656/AUTH_d1023b00803f443ea2b9f323c4072839/gnocchi.781b2eeb-7efb-42f5-8707-225cd20d7454/1763640000.0_mean_300.0_v3" 404 70 "GET http://172.18.0.2:8080/v1/AUTH_d1023b00803f443ea2b9f323c4072839/gnocchi.781b2eeb-7efb-42f5-8707-225cd20d7454/1763640000.0_mean_300.0_v3" "tx648f649e2fe14e9d82b49-00692eff4c" "proxy-server 20" 0.0005 "-" 22 0
Dec 2 15:01:32 standalone proxy-server[128769]: 172.18.0.2 172.18.0.100 02/Dec/2025/15/01/32 GET /v1/AUTH_d1023b00803f443ea2b9f323c4072839/gnocchi.781b2eeb-7efb-42f5-8707-225cd20d7454/1763640000.0_mean_300.0_v3 HTTP/1.0 404 - python-swiftclient-3.11.1 gAAAAABpLv6p8Z5K... - 70 - tx648f649e2fe14e9d82b49-00692eff4c - 0.0079 - - 1764687692.557647467 1764687692.565517902 0
Dec 2 15:01:32 standalone container-server[126721]: 172.20.0.100 - - [02/Dec/2025:15:01:32 +0000] "PUT /d1/895/AUTH_d1023b00803f443ea2b9f323c4072839/gnocchi.781b2eeb-7efb-42f5-8707-225cd20d7454/1763640000.0_mean_300.0_v3" 201 - "PUT http://172.18.0.2:8080/d1/656/AUTH_d1023b00803f443ea2b9f323c4072839/gnocchi.781b2eeb-7efb-42f5-8707-225cd20d7454/1763640000.0_mean_300.0_v3" "txe0d6bfdd6e16471f9f762-00692eff4c" "object-server 23" 0.0004 "-" 23 0
Dec 2 15:01:32 standalone object-server[127074]: 172.20.0.100 - - [02/Dec/2025:15:01:32 +0000] "PUT /d1/656/AUTH_d1023b00803f443ea2b9f323c4072839/gnocchi.781b2eeb-7efb-42f5-8707-225cd20d7454/1763640000.0_mean_300.0_v3" 201 - "PUT http://172.18.0.2:8080/v1/AUTH_d1023b00803f443ea2b9f323c4072839/gnocchi.781b2eeb-7efb-42f5-8707-225cd20d7454/1763640000.0_mean_300.0_v3" "txe0d6bfdd6e16471f9f762-00692eff4c" "proxy-server 20" 0.0104 "-" 23 0
Dec 2 15:01:32 standalone proxy-server[128769]: 172.18.0.2 172.18.0.100 02/Dec/2025/15/01/32 PUT /v1/AUTH_d1023b00803f443ea2b9f323c4072839/gnocchi.781b2eeb-7efb-42f5-8707-225cd20d7454/1763640000.0_mean_300.0_v3 HTTP/1.0 201 - python-swiftclient-3.11.1 gAAAAABpLv6p8Z5K... 16 - - txe0d6bfdd6e16471f9f762-00692eff4c - 0.0189 - - 1764687692.569263220 1764687692.588149071 0
Dec 2 15:01:32 standalone container-server[126719]: 172.20.0.100 - - [02/Dec/2025:15:01:32 +0000] "PUT /d1/895/AUTH_d1023b00803f443ea2b9f323c4072839/gnocchi.781b2eeb-7efb-42f5-8707-225cd20d7454/none_v3" 201 - "PUT http://172.18.0.2:8080/d1/72/AUTH_d1023b00803f443ea2b9f323c4072839/gnocchi.781b2eeb-7efb-42f5-8707-225cd20d7454/none_v3" "tx5cf13dabc1d642768f678-00692eff4c" "object-server 22" 0.0004 "-" 22 0
Dec 2 15:01:32 standalone object-server[127068]: 172.20.0.100 - - [02/Dec/2025:15:01:32 +0000] "PUT /d1/72/AUTH_d1023b00803f443ea2b9f323c4072839/gnocchi.781b2eeb-7efb-42f5-8707-225cd20d7454/none_v3" 201 - "PUT http://172.18.0.2:8080/v1/AUTH_d1023b00803f443ea2b9f323c4072839/gnocchi.781b2eeb-7efb-42f5-8707-225cd20d7454/none_v3" "tx5cf13dabc1d642768f678-00692eff4c" "proxy-server 20" 0.0105 "-" 22 0
Dec 2 15:01:32 standalone proxy-server[128769]: 172.18.0.2 172.18.0.100 02/Dec/2025/15/01/32 PUT /v1/AUTH_d1023b00803f443ea2b9f323c4072839/gnocchi.781b2eeb-7efb-42f5-8707-225cd20d7454/none_v3 HTTP/1.0 201 - python-swiftclient-3.11.1 gAAAAABpLv6p8Z5K... 22 - - tx5cf13dabc1d642768f678-00692eff4c - 0.0176 - - 1764687692.591909409 1764687692.609555006 0
Dec 2 15:01:32 standalone container-server[126721]: 172.20.0.100 - - [02/Dec/2025:15:01:32 +0000] "HEAD /d1/564/AUTH_d1023b00803f443ea2b9f323c4072839/gnocchi.ded0b238-7671-44ab-b042-bf45304884d6" 404 - "HEAD http://172.18.0.2:8080/v1/AUTH_d1023b00803f443ea2b9f323c4072839/gnocchi.ded0b238-7671-44ab-b042-bf45304884d6?format=json&states=listing" "tx1243d718fea34403bca57-00692eff4c" "proxy-server 20" 0.0003 "-" 23 0
Dec 2 15:01:32 standalone object-server[127076]: 172.20.0.100 - - [02/Dec/2025:15:01:32 +0000] "GET /d1/707/AUTH_d1023b00803f443ea2b9f323c4072839/gnocchi.ded0b238-7671-44ab-b042-bf45304884d6/none_v3" 404 70 "GET http://172.18.0.2:8080/v1/AUTH_d1023b00803f443ea2b9f323c4072839/gnocchi.ded0b238-7671-44ab-b042-bf45304884d6/none_v3" "tx1243d718fea34403bca57-00692eff4c" "proxy-server 20" 0.0005 "-" 24 0
Dec 2 15:01:32 standalone proxy-server[128769]: 172.18.0.2 172.18.0.100 02/Dec/2025/15/01/32 GET /v1/AUTH_d1023b00803f443ea2b9f323c4072839/gnocchi.ded0b238-7671-44ab-b042-bf45304884d6/none_v3 HTTP/1.0 404 - python-swiftclient-3.11.1 gAAAAABpLv6p8Z5K... - 70 - tx1243d718fea34403bca57-00692eff4c - 0.0123 - - 1764687692.622778177 1764687692.635060549 0
Dec 2 15:01:32 standalone account-server[126812]: 172.20.0.100 - - [02/Dec/2025:15:01:32 +0000] "PUT /d1/519/AUTH_d1023b00803f443ea2b9f323c4072839/gnocchi.ded0b238-7671-44ab-b042-bf45304884d6" 201 - "PUT http://172.20.0.100:6001/d1/564/AUTH_d1023b00803f443ea2b9f323c4072839/gnocchi.ded0b238-7671-44ab-b042-bf45304884d6" "tx724f8757e271426683733-00692eff4c" "container-server 23" 0.0065 "-" 23 0
Dec 2 15:01:32 standalone container-server[126721]: 172.20.0.100 - - [02/Dec/2025:15:01:32 +0000] "PUT /d1/564/AUTH_d1023b00803f443ea2b9f323c4072839/gnocchi.ded0b238-7671-44ab-b042-bf45304884d6" 201 - "PUT http://172.18.0.2:8080/v1/AUTH_d1023b00803f443ea2b9f323c4072839/gnocchi.ded0b238-7671-44ab-b042-bf45304884d6" "tx724f8757e271426683733-00692eff4c" "proxy-server 20" 0.0189 "-" 23 0
Dec 2 15:01:32 standalone proxy-server[128769]: 172.18.0.2 172.18.0.100 02/Dec/2025/15/01/32 PUT /v1/AUTH_d1023b00803f443ea2b9f323c4072839/gnocchi.ded0b238-7671-44ab-b042-bf45304884d6 HTTP/1.0 201 - python-swiftclient-3.11.1 gAAAAABpLv6p8Z5K... - - - tx724f8757e271426683733-00692eff4c - 0.0254 - - 1764687692.638756752 1764687692.664145470 0
Dec 2 15:01:32 standalone container-server[126721]: 172.20.0.100 - - [02/Dec/2025:15:01:32 +0000] "HEAD /d1/564/AUTH_d1023b00803f443ea2b9f323c4072839/gnocchi.ded0b238-7671-44ab-b042-bf45304884d6" 204 - "HEAD http://172.18.0.2:8080/v1/AUTH_d1023b00803f443ea2b9f323c4072839/gnocchi.ded0b238-7671-44ab-b042-bf45304884d6?format=json&states=listing" "tx4ece498750194976ac0ac-00692eff4c" "proxy-server 20" 0.0022 "-" 23 0
Dec 2 15:01:32 standalone proxy-server[128769]: - - 02/Dec/2025/15/01/32 HEAD /v1/AUTH_d1023b00803f443ea2b9f323c4072839/gnocchi.ded0b238-7671-44ab-b042-bf45304884d6%3Fformat%3Djson%26states%3Dlisting HTTP/1.0 204 - Swift - - - - tx4ece498750194976ac0ac-00692eff4c - 0.0065 RL - 1764687692.670149803 1764687692.676674604 0
Dec 2 15:01:32 standalone container-server[126719]: 172.20.0.100 - - [02/Dec/2025:15:01:32 +0000] "GET /d1/564/AUTH_d1023b00803f443ea2b9f323c4072839/gnocchi.ded0b238-7671-44ab-b042-bf45304884d6" 200 2 "GET http://172.18.0.2:8080/v1/AUTH_d1023b00803f443ea2b9f323c4072839/gnocchi.ded0b238-7671-44ab-b042-bf45304884d6?format=json&states=listing" "tx4ece498750194976ac0ac-00692eff4c" "proxy-server 20" 0.0017 "-" 22 0
Dec 2 15:01:32 standalone proxy-server[128769]: 172.18.0.2 172.18.0.100 02/Dec/2025/15/01/32 GET /v1/AUTH_d1023b00803f443ea2b9f323c4072839/gnocchi.ded0b238-7671-44ab-b042-bf45304884d6%3Fformat%3Djson%26states%3Dlisting HTTP/1.0 200 - python-swiftclient-3.11.1 gAAAAABpLv6p8Z5K... - 2 - tx4ece498750194976ac0ac-00692eff4c - 0.0170 - - 1764687692.668587446 1764687692.685555458 0
Dec 2 15:01:32 standalone object-server[127068]: 172.20.0.100 - - [02/Dec/2025:15:01:32 +0000] "GET /d1/633/AUTH_d1023b00803f443ea2b9f323c4072839/gnocchi.ded0b238-7671-44ab-b042-bf45304884d6/1763640000.0_mean_300.0_v3" 404 70 "GET http://172.18.0.2:8080/v1/AUTH_d1023b00803f443ea2b9f323c4072839/gnocchi.ded0b238-7671-44ab-b042-bf45304884d6/1763640000.0_mean_300.0_v3" "tx9b3be3cca2154a92ab4e1-00692eff4c" "proxy-server 20" 0.0004 "-" 22 0
Dec 2 15:01:32 standalone proxy-server[128769]: 172.18.0.2 172.18.0.100 02/Dec/2025/15/01/32 GET /v1/AUTH_d1023b00803f443ea2b9f323c4072839/gnocchi.ded0b238-7671-44ab-b042-bf45304884d6/1763640000.0_mean_300.0_v3 HTTP/1.0 404 - python-swiftclient-3.11.1 gAAAAABpLv6p8Z5K... - 70 - tx9b3be3cca2154a92ab4e1-00692eff4c - 0.0074 - - 1764687692.689936161 1764687692.697303772 0
Dec 2 15:01:32 standalone container-server[126700]: 172.20.0.100 - - [02/Dec/2025:15:01:32 +0000] "PUT /d1/564/AUTH_d1023b00803f443ea2b9f323c4072839/gnocchi.ded0b238-7671-44ab-b042-bf45304884d6/1763640000.0_mean_300.0_v3" 201 - "PUT http://172.18.0.2:8080/d1/633/AUTH_d1023b00803f443ea2b9f323c4072839/gnocchi.ded0b238-7671-44ab-b042-bf45304884d6/1763640000.0_mean_300.0_v3" "tx16580f02fc8d43bba3c53-00692eff4c" "object-server 23" 0.0004 "-" 20 0
Dec 2 15:01:32 standalone object-server[127074]: 172.20.0.100 - - [02/Dec/2025:15:01:32 +0000] "PUT /d1/633/AUTH_d1023b00803f443ea2b9f323c4072839/gnocchi.ded0b238-7671-44ab-b042-bf45304884d6/1763640000.0_mean_300.0_v3" 201 - "PUT http://172.18.0.2:8080/v1/AUTH_d1023b00803f443ea2b9f323c4072839/gnocchi.ded0b238-7671-44ab-b042-bf45304884d6/1763640000.0_mean_300.0_v3" "tx16580f02fc8d43bba3c53-00692eff4c" "proxy-server 20" 0.0110 "-" 23 0
Dec 2 15:01:32 standalone proxy-server[128769]: 172.18.0.2 172.18.0.100 02/Dec/2025/15/01/32 PUT /v1/AUTH_d1023b00803f443ea2b9f323c4072839/gnocchi.ded0b238-7671-44ab-b042-bf45304884d6/1763640000.0_mean_300.0_v3 HTTP/1.0 201 - python-swiftclient-3.11.1 gAAAAABpLv6p8Z5K... 16 - - tx16580f02fc8d43bba3c53-00692eff4c - 0.0205 - - 1764687692.701094151 1764687692.721565008 0
Dec 2 15:01:32 standalone container-server[126719]: 172.20.0.100 - - [02/Dec/2025:15:01:32 +0000] "PUT /d1/564/AUTH_d1023b00803f443ea2b9f323c4072839/gnocchi.ded0b238-7671-44ab-b042-bf45304884d6/none_v3" 201 - "PUT http://172.18.0.2:8080/d1/707/AUTH_d1023b00803f443ea2b9f323c4072839/gnocchi.ded0b238-7671-44ab-b042-bf45304884d6/none_v3" "tx8e4fc6fdca6840bbae326-00692eff4c" "object-server 24" 0.0003 "-" 22 0
Dec 2 15:01:32 standalone object-server[127076]: 172.20.0.100 - - [02/Dec/2025:15:01:32 +0000] "PUT /d1/707/AUTH_d1023b00803f443ea2b9f323c4072839/gnocchi.ded0b238-7671-44ab-b042-bf45304884d6/none_v3" 201 - "PUT http://172.18.0.2:8080/v1/AUTH_d1023b00803f443ea2b9f323c4072839/gnocchi.ded0b238-7671-44ab-b042-bf45304884d6/none_v3" "tx8e4fc6fdca6840bbae326-00692eff4c" "proxy-server 20" 0.0106 "-" 24 0
Dec 2 15:01:32 standalone proxy-server[128769]: 172.18.0.2 172.18.0.100 02/Dec/2025/15/01/32 PUT /v1/AUTH_d1023b00803f443ea2b9f323c4072839/gnocchi.ded0b238-7671-44ab-b042-bf45304884d6/none_v3 HTTP/1.0 201 - python-swiftclient-3.11.1 gAAAAABpLv6p8Z5K... 22 - - tx8e4fc6fdca6840bbae326-00692eff4c - 0.0176 - - 1764687692.725399971 1764687692.742994070 0
Dec 2 15:01:32 standalone container-server[126719]: 172.20.0.100 - - [02/Dec/2025:15:01:32 +0000] "HEAD /d1/755/AUTH_d1023b00803f443ea2b9f323c4072839/gnocchi.3f2251ee-259e-4023-9158-df4b2452cadc" 404 - "HEAD http://172.18.0.2:8080/v1/AUTH_d1023b00803f443ea2b9f323c4072839/gnocchi.3f2251ee-259e-4023-9158-df4b2452cadc?format=json&states=listing" "txfc43ca8b52e9471fbed90-00692eff4c" "proxy-server 20" 0.0002 "-" 22 0
