Dec 2 15:01:16 standalone proxy-server[128769]: 172.18.0.2 172.18.0.100 02/Dec/2025/15/01/16 PUT /v1/AUTH_d1023b00803f443ea2b9f323c4072839/gnocchi.1b1abe42-029e-4247-ad8c-83d598778000/none_v3 HTTP/1.0 201 - python-swiftclient-3.11.1 gAAAAABpLv6p8Z5K... 32 - - tx515fc3f095a445ca82406-00692eff3c - 0.0190 - - 1764687676.955325365 1764687676.974286079 0
Dec 2 15:01:31 standalone container-server[126721]: 172.20.0.100 - - [02/Dec/2025:15:01:31 +0000] "HEAD /d1/294/AUTH_d1023b00803f443ea2b9f323c4072839/gnocchi.571885f8-9172-40bb-8a20-23d2f3b0d012" 404 - "HEAD http://172.18.0.2:8080/v1/AUTH_d1023b00803f443ea2b9f323c4072839/gnocchi.571885f8-9172-40bb-8a20-23d2f3b0d012?format=json&states=listing" "tx3bc79a74eae8461590ab5-00692eff4a" "proxy-server 20" 0.0010 "-" 23 0
Dec 2 15:01:31 standalone object-server[127068]: 172.20.0.100 - - [02/Dec/2025:15:01:31 +0000] "GET /d1/146/AUTH_d1023b00803f443ea2b9f323c4072839/gnocchi.571885f8-9172-40bb-8a20-23d2f3b0d012/none_v3" 404 70 "GET http://172.18.0.2:8080/v1/AUTH_d1023b00803f443ea2b9f323c4072839/gnocchi.571885f8-9172-40bb-8a20-23d2f3b0d012/none_v3" "tx3bc79a74eae8461590ab5-00692eff4a" "proxy-server 20" 0.0006 "-" 22 0
Dec 2 15:01:31 standalone proxy-server[128769]: 172.18.0.2 172.18.0.100 02/Dec/2025/15/01/31 GET /v1/AUTH_d1023b00803f443ea2b9f323c4072839/gnocchi.571885f8-9172-40bb-8a20-23d2f3b0d012/none_v3 HTTP/1.0 404 - python-swiftclient-3.11.1 gAAAAABpLv6p8Z5K... - 70 - tx3bc79a74eae8461590ab5-00692eff4a - 0.0148 - - 1764687690.995005369 1764687691.009850264 0
Dec 2 15:01:31 standalone account-server[126807]: 172.20.0.100 - - [02/Dec/2025:15:01:31 +0000] "PUT /d1/519/AUTH_d1023b00803f443ea2b9f323c4072839/gnocchi.571885f8-9172-40bb-8a20-23d2f3b0d012" 201 - "PUT http://172.20.0.100:6001/d1/294/AUTH_d1023b00803f443ea2b9f323c4072839/gnocchi.571885f8-9172-40bb-8a20-23d2f3b0d012" "tx6841358b98834f03bd2ba-00692eff4b" "container-server 23" 0.0071 "-" 22 0
Dec 2 15:01:31 standalone container-server[126721]: 172.20.0.100 - - [02/Dec/2025:15:01:31 +0000] "PUT /d1/294/AUTH_d1023b00803f443ea2b9f323c4072839/gnocchi.571885f8-9172-40bb-8a20-23d2f3b0d012" 201 - "PUT http://172.18.0.2:8080/v1/AUTH_d1023b00803f443ea2b9f323c4072839/gnocchi.571885f8-9172-40bb-8a20-23d2f3b0d012" "tx6841358b98834f03bd2ba-00692eff4b" "proxy-server 20" 0.0309 "-" 23 0
Dec 2 15:01:31 standalone proxy-server[128769]: 172.18.0.2 172.18.0.100 02/Dec/2025/15/01/31 PUT /v1/AUTH_d1023b00803f443ea2b9f323c4072839/gnocchi.571885f8-9172-40bb-8a20-23d2f3b0d012 HTTP/1.0 201 - python-swiftclient-3.11.1 gAAAAABpLv6p8Z5K... - - - tx6841358b98834f03bd2ba-00692eff4b - 0.0364 - - 1764687691.013432980 1764687691.049790382 0
Dec 2 15:01:31 standalone container-server[126721]: 172.20.0.100 - - [02/Dec/2025:15:01:31 +0000] "HEAD /d1/294/AUTH_d1023b00803f443ea2b9f323c4072839/gnocchi.571885f8-9172-40bb-8a20-23d2f3b0d012" 204 - "HEAD http://172.18.0.2:8080/v1/AUTH_d1023b00803f443ea2b9f323c4072839/gnocchi.571885f8-9172-40bb-8a20-23d2f3b0d012?format=json&states=listing" "txb365657c2da94de88a392-00692eff4b" "proxy-server 20" 0.0039 "-" 23 0
Dec 2 15:01:31 standalone proxy-server[128769]: - - 02/Dec/2025/15/01/31 HEAD /v1/AUTH_d1023b00803f443ea2b9f323c4072839/gnocchi.571885f8-9172-40bb-8a20-23d2f3b0d012%3Fformat%3Djson%26states%3Dlisting HTTP/1.0 204 - Swift - - - - txb365657c2da94de88a392-00692eff4b - 0.0079 RL - 1764687691.055678129 1764687691.063620329 0
Dec 2 15:01:31 standalone container-server[126710]: 172.20.0.100 - - [02/Dec/2025:15:01:31 +0000] "GET /d1/294/AUTH_d1023b00803f443ea2b9f323c4072839/gnocchi.571885f8-9172-40bb-8a20-23d2f3b0d012" 200 2 "GET http://172.18.0.2:8080/v1/AUTH_d1023b00803f443ea2b9f323c4072839/gnocchi.571885f8-9172-40bb-8a20-23d2f3b0d012?format=json&states=listing" "txb365657c2da94de88a392-00692eff4b" "proxy-server 20" 0.0022 "-" 21 0
Dec 2 15:01:31 standalone proxy-server[128769]: 172.18.0.2 172.18.0.100 02/Dec/2025/15/01/31 GET /v1/AUTH_d1023b00803f443ea2b9f323c4072839/gnocchi.571885f8-9172-40bb-8a20-23d2f3b0d012%3Fformat%3Djson%26states%3Dlisting HTTP/1.0 200 - python-swiftclient-3.11.1 gAAAAABpLv6p8Z5K... - 2 - txb365657c2da94de88a392-00692eff4b - 0.0193 - - 1764687691.054622412 1764687691.073967934 0
Dec 2 15:01:31 standalone object-server[127074]: 172.20.0.100 - - [02/Dec/2025:15:01:31 +0000] "GET /d1/161/AUTH_d1023b00803f443ea2b9f323c4072839/gnocchi.571885f8-9172-40bb-8a20-23d2f3b0d012/1763640000.0_mean_300.0_v3" 404 70 "GET http://172.18.0.2:8080/v1/AUTH_d1023b00803f443ea2b9f323c4072839/gnocchi.571885f8-9172-40bb-8a20-23d2f3b0d012/1763640000.0_mean_300.0_v3" "txd366cb742ae0409a82698-00692eff4b" "proxy-server 20" 0.0003 "-" 23 0
Dec 2 15:01:31 standalone proxy-server[128769]: 172.18.0.2 172.18.0.100 02/Dec/2025/15/01/31 GET /v1/AUTH_d1023b00803f443ea2b9f323c4072839/gnocchi.571885f8-9172-40bb-8a20-23d2f3b0d012/1763640000.0_mean_300.0_v3 HTTP/1.0 404 - python-swiftclient-3.11.1 gAAAAABpLv6p8Z5K... - 70 - txd366cb742ae0409a82698-00692eff4b - 0.0103 - - 1764687691.078101158 1764687691.088384628 0
Dec 2 15:01:31 standalone container-server[126721]: 172.20.0.100 - - [02/Dec/2025:15:01:31 +0000] "PUT /d1/294/AUTH_d1023b00803f443ea2b9f323c4072839/gnocchi.571885f8-9172-40bb-8a20-23d2f3b0d012/1763640000.0_mean_300.0_v3" 201 - "PUT http://172.18.0.2:8080/d1/161/AUTH_d1023b00803f443ea2b9f323c4072839/gnocchi.571885f8-9172-40bb-8a20-23d2f3b0d012/1763640000.0_mean_300.0_v3" "txedc69c5f2ea24e36bbe0a-00692eff4b" "object-server 25" 0.0006 "-" 23 0
Dec 2 15:01:31 standalone object-server[127078]: 172.20.0.100 - - [02/Dec/2025:15:01:31 +0000] "PUT /d1/161/AUTH_d1023b00803f443ea2b9f323c4072839/gnocchi.571885f8-9172-40bb-8a20-23d2f3b0d012/1763640000.0_mean_300.0_v3" 201 - "PUT http://172.18.0.2:8080/v1/AUTH_d1023b00803f443ea2b9f323c4072839/gnocchi.571885f8-9172-40bb-8a20-23d2f3b0d012/1763640000.0_mean_300.0_v3" "txedc69c5f2ea24e36bbe0a-00692eff4b" "proxy-server 20" 0.0101 "-" 25 0
Dec 2 15:01:31 standalone proxy-server[128769]: 172.18.0.2 172.18.0.100 02/Dec/2025/15/01/31 PUT /v1/AUTH_d1023b00803f443ea2b9f323c4072839/gnocchi.571885f8-9172-40bb-8a20-23d2f3b0d012/1763640000.0_mean_300.0_v3 HTTP/1.0 201 - python-swiftclient-3.11.1 gAAAAABpLv6p8Z5K... 16 - - txedc69c5f2ea24e36bbe0a-00692eff4b - 0.0193 - - 1764687691.091586351 1764687691.110933065 0
Dec 2 15:01:31 standalone container-server[126710]: 172.20.0.100 - - [02/Dec/2025:15:01:31 +0000] "PUT /d1/294/AUTH_d1023b00803f443ea2b9f323c4072839/gnocchi.571885f8-9172-40bb-8a20-23d2f3b0d012/none_v3" 201 - "PUT http://172.18.0.2:8080/d1/146/AUTH_d1023b00803f443ea2b9f323c4072839/gnocchi.571885f8-9172-40bb-8a20-23d2f3b0d012/none_v3" "tx009617b7da4a48978030a-00692eff4b" "object-server 23" 0.0005 "-" 21 0
Dec 2 15:01:31 standalone object-server[127074]: 172.20.0.100 - - [02/Dec/2025:15:01:31 +0000] "PUT /d1/146/AUTH_d1023b00803f443ea2b9f323c4072839/gnocchi.571885f8-9172-40bb-8a20-23d2f3b0d012/none_v3" 201 - "PUT http://172.18.0.2:8080/v1/AUTH_d1023b00803f443ea2b9f323c4072839/gnocchi.571885f8-9172-40bb-8a20-23d2f3b0d012/none_v3" "tx009617b7da4a48978030a-00692eff4b" "proxy-server 20" 0.0088 "-" 23 0
Dec 2 15:01:31 standalone proxy-server[128769]: 172.18.0.2 172.18.0.100 02/Dec/2025/15/01/31 PUT /v1/AUTH_d1023b00803f443ea2b9f323c4072839/gnocchi.571885f8-9172-40bb-8a20-23d2f3b0d012/none_v3 HTTP/1.0 201 - python-swiftclient-3.11.1 gAAAAABpLv6p8Z5K... 22 - - tx009617b7da4a48978030a-00692eff4b - 0.0160 - - 1764687691.113206625 1764687691.129200220 0
Dec 2 15:01:31 standalone container-server[126719]: 172.20.0.100 - - [02/Dec/2025:15:01:31 +0000] "HEAD /d1/456/AUTH_d1023b00803f443ea2b9f323c4072839/gnocchi.ed6564ea-a6ba-4077-80ff-a4cec7647924" 404 - "HEAD http://172.18.0.2:8080/v1/AUTH_d1023b00803f443ea2b9f323c4072839/gnocchi.ed6564ea-a6ba-4077-80ff-a4cec7647924?format=json&states=listing" "tx1c005a2475d9400ea2aa4-00692eff4b" "proxy-server 20" 0.0004 "-" 22 0
Dec 2 15:01:31 standalone object-server[127074]: 172.20.0.100 - - [02/Dec/2025:15:01:31 +0000] "GET /d1/239/AUTH_d1023b00803f443ea2b9f323c4072839/gnocchi.ed6564ea-a6ba-4077-80ff-a4cec7647924/none_v3" 404 70 "GET http://172.18.0.2:8080/v1/AUTH_d1023b00803f443ea2b9f323c4072839/gnocchi.ed6564ea-a6ba-4077-80ff-a4cec7647924/none_v3" "tx1c005a2475d9400ea2aa4-00692eff4b" "proxy-server 20" 0.0003 "-" 23 0
Dec 2 15:01:31 standalone proxy-server[128769]: 172.18.0.2 172.18.0.100 02/Dec/2025/15/01/31 GET /v1/AUTH_d1023b00803f443ea2b9f323c4072839/gnocchi.ed6564ea-a6ba-4077-80ff-a4cec7647924/none_v3 HTTP/1.0 404 - python-swiftclient-3.11.1 gAAAAABpLv6p8Z5K... - 70 - tx1c005a2475d9400ea2aa4-00692eff4b - 0.0090 - - 1764687691.157838821 1764687691.166814804 0
Dec 2 15:01:31 standalone account-server[126801]: 172.20.0.100 - - [02/Dec/2025:15:01:31 +0000] "PUT /d1/519/AUTH_d1023b00803f443ea2b9f323c4072839/gnocchi.ed6564ea-a6ba-4077-80ff-a4cec7647924" 201 - "PUT http://172.20.0.100:6001/d1/456/AUTH_d1023b00803f443ea2b9f323c4072839/gnocchi.ed6564ea-a6ba-4077-80ff-a4cec7647924" "txc33aaf3faa084b499deca-00692eff4b" "container-server 21" 0.0130 "-" 20 0
Dec 2 15:01:31 standalone container-server[126710]: 172.20.0.100 - - [02/Dec/2025:15:01:31 +0000] "PUT /d1/456/AUTH_d1023b00803f443ea2b9f323c4072839/gnocchi.ed6564ea-a6ba-4077-80ff-a4cec7647924" 201 - "PUT http://172.18.0.2:8080/v1/AUTH_d1023b00803f443ea2b9f323c4072839/gnocchi.ed6564ea-a6ba-4077-80ff-a4cec7647924" "txc33aaf3faa084b499deca-00692eff4b" "proxy-server 20" 0.0282 "-" 21 0
Dec 2 15:01:31 standalone proxy-server[128769]: 172.18.0.2 172.18.0.100 02/Dec/2025/15/01/31 PUT /v1/AUTH_d1023b00803f443ea2b9f323c4072839/gnocchi.ed6564ea-a6ba-4077-80ff-a4cec7647924 HTTP/1.0 201 - python-swiftclient-3.11.1 gAAAAABpLv6p8Z5K... - - - txc33aaf3faa084b499deca-00692eff4b - 0.0375 - - 1764687691.169251442 1764687691.206759214 0
Dec 2 15:01:31 standalone container-server[126710]: 172.20.0.100 - - [02/Dec/2025:15:01:31 +0000] "HEAD /d1/456/AUTH_d1023b00803f443ea2b9f323c4072839/gnocchi.ed6564ea-a6ba-4077-80ff-a4cec7647924" 204 - "HEAD http://172.18.0.2:8080/v1/AUTH_d1023b00803f443ea2b9f323c4072839/gnocchi.ed6564ea-a6ba-4077-80ff-a4cec7647924?format=json&states=listing" "tx773b07fd07d34ea8a6d91-00692eff4b" "proxy-server 20" 0.0014 "-" 21 0
Dec 2 15:01:31 standalone proxy-server[128769]: - - 02/Dec/2025/15/01/31 HEAD /v1/AUTH_d1023b00803f443ea2b9f323c4072839/gnocchi.ed6564ea-a6ba-4077-80ff-a4cec7647924%3Fformat%3Djson%26states%3Dlisting HTTP/1.0 204 - Swift - - - - tx773b07fd07d34ea8a6d91-00692eff4b - 0.0076 RL - 1764687691.214595556 1764687691.222205162 0
Dec 2 15:01:31 standalone container-server[126700]: 172.20.0.100 - - [02/Dec/2025:15:01:31 +0000] "GET /d1/456/AUTH_d1023b00803f443ea2b9f323c4072839/gnocchi.ed6564ea-a6ba-4077-80ff-a4cec7647924" 200 2 "GET http://172.18.0.2:8080/v1/AUTH_d1023b00803f443ea2b9f323c4072839/gnocchi.ed6564ea-a6ba-4077-80ff-a4cec7647924?format=json&states=listing" "tx773b07fd07d34ea8a6d91-00692eff4b" "proxy-server 20" 0.0018 "-" 20 0
Dec 2 15:01:31 standalone proxy-server[128769]: 172.18.0.2 172.18.0.100 02/Dec/2025/15/01/31 GET /v1/AUTH_d1023b00803f443ea2b9f323c4072839/gnocchi.ed6564ea-a6ba-4077-80ff-a4cec7647924%3Fformat%3Djson%26states%3Dlisting HTTP/1.0 200 - python-swiftclient-3.11.1 gAAAAABpLv6p8Z5K... - 2 - tx773b07fd07d34ea8a6d91-00692eff4b - 0.0157 - - 1764687691.213047028 1764687691.228768349 0
Dec 2 15:01:31 standalone object-server[127078]: 172.20.0.100 - - [02/Dec/2025:15:01:31 +0000] "GET /d1/850/AUTH_d1023b00803f443ea2b9f323c4072839/gnocchi.ed6564ea-a6ba-4077-80ff-a4cec7647924/1763640000.0_mean_300.0_v3" 404 70 "GET http://172.18.0.2:8080/v1/AUTH_d1023b00803f443ea2b9f323c4072839/gnocchi.ed6564ea-a6ba-4077-80ff-a4cec7647924/1763640000.0_mean_300.0_v3" "txf0b417e8bba84e06bb774-00692eff4b" "proxy-server 20" 0.0003 "-" 25 0
Dec 2 15:01:31 standalone proxy-server[128769]: 172.18.0.2 172.18.0.100 02/Dec/2025/15/01/31 GET /v1/AUTH_d1023b00803f443ea2b9f323c4072839/gnocchi.ed6564ea-a6ba-4077-80ff-a4cec7647924/1763640000.0_mean_300.0_v3 HTTP/1.0 404 - python-swiftclient-3.11.1 gAAAAABpLv6p8Z5K... - 70 - txf0b417e8bba84e06bb774-00692eff4b - 0.0075 - - 1764687691.233325481 1764687691.240790129 0
Dec 2 15:01:31 standalone container-server[126710]: 172.20.0.100 - - [02/Dec/2025:15:01:31 +0000] "PUT /d1/456/AUTH_d1023b00803f443ea2b9f323c4072839/gnocchi.ed6564ea-a6ba-4077-80ff-a4cec7647924/1763640000.0_mean_300.0_v3" 201 - "PUT http://172.18.0.2:8080/d1/850/AUTH_d1023b00803f443ea2b9f323c4072839/gnocchi.ed6564ea-a6ba-4077-80ff-a4cec7647924/1763640000.0_mean_300.0_v3" "txcff74a1f7c4c46caa493c-00692eff4b" "object-server 25" 0.0006 "-" 21 0
Dec 2 15:01:31 standalone object-server[127078]: 172.20.0.100 - - [02/Dec/2025:15:01:31 +0000] "PUT /d1/850/AUTH_d1023b00803f443ea2b9f323c4072839/gnocchi.ed6564ea-a6ba-4077-80ff-a4cec7647924/1763640000.0_mean_300.0_v3" 201 - "PUT http://172.18.0.2:8080/v1/AUTH_d1023b00803f443ea2b9f323c4072839/gnocchi.ed6564ea-a6ba-4077-80ff-a4cec7647924/1763640000.0_mean_300.0_v3" "txcff74a1f7c4c46caa493c-00692eff4b" "proxy-server 20" 0.0114 "-" 25 0
Dec 2 15:01:31 standalone proxy-server[128769]: 172.18.0.2 172.18.0.100 02/Dec/2025/15/01/31 PUT /v1/AUTH_d1023b00803f443ea2b9f323c4072839/gnocchi.ed6564ea-a6ba-4077-80ff-a4cec7647924/1763640000.0_mean_300.0_v3 HTTP/1.0 201 - python-swiftclient-3.11.1 gAAAAABpLv6p8Z5K... 16 - - txcff74a1f7c4c46caa493c-00692eff4b - 0.0169 - - 1764687691.244738579 1764687691.261649132 0
Dec 2 15:01:31 standalone container-server[126721]: 172.20.0.100 - - [02/Dec/2025:15:01:31 +0000] "PUT /d1/456/AUTH_d1023b00803f443ea2b9f323c4072839/gnocchi.ed6564ea-a6ba-4077-80ff-a4cec7647924/none_v3" 201 - "PUT http://172.18.0.2:8080/d1/239/AUTH_d1023b00803f443ea2b9f323c4072839/gnocchi.ed6564ea-a6ba-4077-80ff-a4cec7647924/none_v3" "txfd9bfe4f9a1f44e3bad59-00692eff4b" "object-server 25" 0.0004 "-" 23 0
Dec 2 15:01:31 standalone object-server[127078]: 172.20.0.100 - - [02/Dec/2025:15:01:31 +0000] "PUT /d1/239/AUTH_d1023b00803f443ea2b9f323c4072839/gnocchi.ed6564ea-a6ba-4077-80ff-a4cec7647924/none_v3" 201 - "PUT http://172.18.0.2:8080/v1/AUTH_d1023b00803f443ea2b9f323c4072839/gnocchi.ed6564ea-a6ba-4077-80ff-a4cec7647924/none_v3" "txfd9bfe4f9a1f44e3bad59-00692eff4b" "proxy-server 20" 0.0186 "-" 25 0
Dec 2 15:01:31 standalone proxy-server[128769]: 172.18.0.2 172.18.0.100 02/Dec/2025/15/01/31 PUT /v1/AUTH_d1023b00803f443ea2b9f323c4072839/gnocchi.ed6564ea-a6ba-4077-80ff-a4cec7647924/none_v3 HTTP/1.0 201 - python-swiftclient-3.11.1 gAAAAABpLv6p8Z5K... 22 - - txfd9bfe4f9a1f44e3bad59-00692eff4b - 0.0239 - - 1764687691.264177084 1764687691.288082600 0
Dec 2 15:01:31 standalone container-server[126721]: 172.20.0.100 - - [02/Dec/2025:15:01:31 +0000] "HEAD /d1/846/AUTH_d1023b00803f443ea2b9f323c4072839/gnocchi.7a2d7ef5-e523-4430-b77e-1d7c2908faa9" 404 - "HEAD http://172.18.0.2:8080/v1/AUTH_d1023b00803f443ea2b9f323c4072839/gnocchi.7a2d7ef5-e523-4430-b77e-1d7c2908faa9?format=json&states=listing" "tx5dbd302cd3d34d249570b-00692eff4b" "proxy-server 20" 0.0004 "-" 23 0
Dec 2 15:01:31 standalone object-server[127078]: 172.20.0.100 - - [02/Dec/2025:15:01:31 +0000] "GET /d1/160/AUTH_d1023b00803f443ea2b9f323c4072839/gnocchi.7a2d7ef5-e523-4430-b77e-1d7c2908faa9/none_v3" 404 70 "GET http://172.18.0.2:8080/v1/AUTH_d1023b00803f443ea2b9f323c4072839/gnocchi.7a2d7ef5-e523-4430-b77e-1d7c2908faa9/none_v3" "tx5dbd302cd3d34d249570b-00692eff4b" "proxy-server 20" 0.0027 "-" 25 0
Dec 2 15:01:31 standalone proxy-server[128769]: 172.18.0.2 172.18.0.100 02/Dec/2025/15/01/31 GET /v1/AUTH_d1023b00803f443ea2b9f323c4072839/gnocchi.7a2d7ef5-e523-4430-b77e-1d7c2908faa9/none_v3 HTTP/1.0 404 - python-swiftclient-3.11.1 gAAAAABpLv6p8Z5K... - 70 - tx5dbd302cd3d34d249570b-00692eff4b - 0.0129 - - 1764687691.305110931 1764687691.318029881 0
Dec 2 15:01:31 standalone account-server[126806]: 172.20.0.100 - - [02/Dec/2025:15:01:31 +0000] "PUT /d1/519/AUTH_d1023b00803f443ea2b9f323c4072839/gnocchi.7a2d7ef5-e523-4430-b77e-1d7c2908faa9" 201 - "PUT http://172.20.0.100:6001/d1/846/AUTH_d1023b00803f443ea2b9f323c4072839/gnocchi.7a2d7ef5-e523-4430-b77e-1d7c2908faa9" "txccf2816d12834095b9fa9-00692eff4b" "container-server 23" 0.0041 "-" 21 0
Dec 2 15:01:31 standalone container-server[126721]: 172.20.0.100 - - [02/Dec/2025:15:01:31 +0000] "PUT /d1/846/AUTH_d1023b00803f443ea2b9f323c4072839/gnocchi.7a2d7ef5-e523-4430-b77e-1d7c2908faa9" 201 - "PUT http://172.18.0.2:8080/v1/AUTH_d1023b00803f443ea2b9f323c4072839/gnocchi.7a2d7ef5-e523-4430-b77e-1d7c2908faa9" "txccf2816d12834095b9fa9-00692eff4b" "proxy-server 20" 0.0465 "-" 23 0
Dec 2 15:01:31 standalone proxy-server[128769]: 172.18.0.2 172.18.0.100 02/Dec/2025/15/01/31 PUT /v1/AUTH_d1023b00803f443ea2b9f323c4072839/gnocchi.7a2d7ef5-e523-4430-b77e-1d7c2908faa9 HTTP/1.0 201 - python-swiftclient-3.11.1 gAAAAABpLv6p8Z5K... - - - txccf2816d12834095b9fa9-00692eff4b - 0.0508 - - 1764687691.320246458 1764687691.371058464 0
Dec 2 15:01:31 standalone container-server[126700]: 172.20.0.100 - - [02/Dec/2025:15:01:31 +0000] "HEAD /d1/846/AUTH_d1023b00803f443ea2b9f323c4072839/gnocchi.7a2d7ef5-e523-4430-b77e-1d7c2908faa9" 204 - "HEAD http://172.18.0.2:8080/v1/AUTH_d1023b00803f443ea2b9f323c4072839/gnocchi.7a2d7ef5-e523-4430-b77e-1d7c2908faa9?format=json&states=listing" "tx2b0e94ee95444770a9bcf-00692eff4b" "proxy-server 20" 0.0025 "-" 20 0
Dec 2 15:01:31 standalone proxy-server[128769]: - - 02/Dec/2025/15/01/31 HEAD /v1/AUTH_d1023b00803f443ea2b9f323c4072839/gnocchi.7a2d7ef5-e523-4430-b77e-1d7c2908faa9%3Fformat%3Djson%26states%3Dlisting HTTP/1.0 204 - Swift - - - - tx2b0e94ee95444770a9bcf-00692eff4b - 0.0072 RL - 1764687691.374402285 1764687691.381565809 0
Dec 2 15:01:31 standalone container-server[126710]: 172.20.0.100 - - [02/Dec/2025:15:01:31 +0000] "GET /d1/846/AUTH_d1023b00803f443ea2b9f323c4072839/gnocchi.7a2d7ef5-e523-4430-b77e-1d7c2908faa9" 200 2 "GET http://172.18.0.2:8080/v1/AUTH_d1023b00803f443ea2b9f323c4072839/gnocchi.7a2d7ef5-e523-4430-b77e-1d7c2908faa9?format=json&states=listing" "tx2b0e94ee95444770a9bcf-00692eff4b" "proxy-server 20" 0.0017 "-" 21 0
Dec 2 15:01:31 standalone proxy-server[128769]: 172.18.0.2 172.18.0.100 02/Dec/2025/15/01/31 GET /v1/AUTH_d1023b00803f443ea2b9f323c4072839/gnocchi.7a2d7ef5-e523-4430-b77e-1d7c2908faa9%3Fformat%3Djson%26states%3Dlisting HTTP/1.0 200 - python-swiftclient-3.11.1 gAAAAABpLv6p8Z5K... - 2 - tx2b0e94ee95444770a9bcf-00692eff4b - 0.0164 - - 1764687691.373673916 1764687691.390113831 0
Dec 2 15:01:31 standalone object-server[127074]: 172.20.0.100 - - [02/Dec/2025:15:01:31 +0000] "GET /d1/108/AUTH_d1023b00803f443ea2b9f323c4072839/gnocchi.7a2d7ef5-e523-4430-b77e-1d7c2908faa9/1763640000.0_mean_300.0_v3" 404 70 "GET http://172.18.0.2:8080/v1/AUTH_d1023b00803f443ea2b9f323c4072839/gnocchi.7a2d7ef5-e523-4430-b77e-1d7c2908faa9/1763640000.0_mean_300.0_v3" "tx78a8a71fae5a49d58326d-00692eff4b" "proxy-server 20" 0.0003 "-" 23 0
Dec 2 15:01:31 standalone proxy-server[128769]: 172.18.0.2 172.18.0.100 02/Dec/2025/15/01/31 GET /v1/AUTH_d1023b00803f443ea2b9f323c4072839/gnocchi.7a2d7ef5-e523-4430-b77e-1d7c2908faa9/1763640000.0_mean_300.0_v3 HTTP/1.0 404 - python-swiftclient-3.11.1 gAAAAABpLv6p8Z5K... - 70 - tx78a8a71fae5a49d58326d-00692eff4b - 0.0061 - - 1764687691.394968987 1764687691.401074409 0
Dec 2 15:01:31 standalone container-server[126700]: 172.20.0.100 - - [02/Dec/2025:15:01:31 +0000] "PUT /d1/846/AUTH_d1023b00803f443ea2b9f323c4072839/gnocchi.7a2d7ef5-e523-4430-b77e-1d7c2908faa9/1763640000.0_mean_300.0_v3" 201 - "PUT http://172.18.0.2:8080/d1/108/AUTH_d1023b00803f443ea2b9f323c4072839/gnocchi.7a2d7ef5-e523-4430-b77e-1d7c2908faa9/1763640000.0_mean_300.0_v3" "tx77ea8923c8e04cb2ad872-00692eff4b" "object-server 22" 0.0005 "-" 20 0
Dec 2 15:01:31 standalone object-server[127068]: 172.20.0.100 - - [02/Dec/2025:15:01:31 +0000] "PUT /d1/108/AUTH_d1023b00803f443ea2b9f323c4072839/gnocchi.7a2d7ef5-e523-4430-b77e-1d7c2908faa9/1763640000.0_mean_300.0_v3" 201 - "PUT http://172.18.0.2:8080/v1/AUTH_d1023b00803f443ea2b9f323c4072839/gnocchi.7a2d7ef5-e523-4430-b77e-1d7c2908faa9/1763640000.0_mean_300.0_v3" "tx77ea8923c8e04cb2ad872-00692eff4b" "proxy-server 20" 0.0099 "-" 22 0
Dec 2 15:01:31 standalone proxy-server[128769]: 172.18.0.2 172.18.0.100 02/Dec/2025/15/01/31 PUT /v1/AUTH_d1023b00803f443ea2b9f323c4072839/gnocchi.7a2d7ef5-e523-4430-b77e-1d7c2908faa9/1763640000.0_mean_300.0_v3 HTTP/1.0 201 - python-swiftclient-3.11.1 gAAAAABpLv6p8Z5K... 16 - - tx77ea8923c8e04cb2ad872-00692eff4b - 0.0161 - - 1764687691.404767513 1764687691.420911789 0
Dec 2 15:01:31 standalone container-server[126721]: 172.20.0.100 - - [02/Dec/2025:15:01:31 +0000] "PUT /d1/846/AUTH_d1023b00803f443ea2b9f323c4072839/gnocchi.7a2d7ef5-e523-4430-b77e-1d7c2908faa9/none_v3" 201 - "PUT http://172.18.0.2:8080/d1/160/AUTH_d1023b00803f443ea2b9f323c4072839/gnocchi.7a2d7ef5-e523-4430-b77e-1d7c2908faa9/none_v3" "tx1470a286a5274730b879f-00692eff4b" "object-server 22" 0.0005 "-" 23 0
Dec 2 15:01:31 standalone object-server[127068]: 172.20.0.100 - - [02/Dec/2025:15:01:31 +0000] "PUT /d1/160/AUTH_d1023b00803f443ea2b9f323c4072839/gnocchi.7a2d7ef5-e523-4430-b77e-1d7c2908faa9/none_v3" 201 - "PUT http://172.18.0.2:8080/v1/AUTH_d1023b00803f443ea2b9f323c4072839/gnocchi.7a2d7ef5-e523-4430-b77e-1d7c2908faa9/none_v3" "tx1470a286a5274730b879f-00692eff4b" "proxy-server 20" 0.0100 "-" 22 0
Dec 2 15:01:31 standalone proxy-server[128769]: 172.18.0.2 172.18.0.100 02/Dec/2025/15/01/31 PUT /v1/AUTH_d1023b00803f443ea2b9f323c4072839/gnocchi.7a2d7ef5-e523-4430-b77e-1d7c2908faa9/none_v3 HTTP/1.0 201 - python-swiftclient-3.11.1 gAAAAABpLv6p8Z5K... 22 - - tx1470a286a5274730b879f-00692eff4b - 0.0142 - - 1764687691.424053431 1764687691.438261986 0
Dec 2 15:01:31 standalone container-server[126710]: 172.20.0.100 - - [02/Dec/2025:15:01:31 +0000] "HEAD /d1/866/AUTH_d1023b00803f443ea2b9f323c4072839/gnocchi.c838b4df-babc-4e39-82de-f36c2c5062b0" 404 - "HEAD http://172.18.0.2:8080/v1/AUTH_d1023b00803f443ea2b9f323c4072839/gnocchi.c838b4df-babc-4e39-82de-f36c2c5062b0?format=json&states=listing" "tx5cc3f004989b4692a267c-00692eff4b" "proxy-server 20" 0.0003 "-" 21 0
Dec 2 15:01:31 standalone object-server[127074]: 172.20.0.100 - - [02/Dec/2025:15:01:31 +0000] "GET /d1/807/AUTH_d1023b00803f443ea2b9f323c4072839/gnocchi.c838b4df-babc-4e39-82de-f36c2c5062b0/none_v3" 404 70 "GET http://172.18.0.2:8080/v1/AUTH_d1023b00803f443ea2b9f323c4072839/gnocchi.c838b4df-babc-4e39-82de-f36c2c5062b0/none_v3" "tx5cc3f004989b4692a267c-00692eff4b" "proxy-server 20" 0.0003 "-" 23 0
Dec 2 15:01:31 standalone proxy-server[128769]: 172.18.0.2 172.18.0.100 02/Dec/2025/15/01/31 GET /v1/AUTH_d1023b00803f443ea2b9f323c4072839/gnocchi.c838b4df-babc-4e39-82de-f36c2c5062b0/none_v3 HTTP/1.0 404 - python-swiftclient-3.11.1 gAAAAABpLv6p8Z5K... - 70 - tx5cc3f004989b4692a267c-00692eff4b - 0.0093 - - 1764687691.491426706 1764687691.500750780 0
Dec 2 15:01:31 standalone account-server[126807]: 172.20.0.100 - - [02/Dec/2025:15:01:31 +0000] "PUT /d1/519/AUTH_d1023b00803f443ea2b9f323c4072839/gnocchi.c838b4df-babc-4e39-82de-f36c2c5062b0" 201 - "PUT http://172.20.0.100:6001/d1/866/AUTH_d1023b00803f443ea2b9f323c4072839/gnocchi.c838b4df-babc-4e39-82de-f36c2c5062b0" "tx4c1bcf3efbee4e74a2cf2-00692eff4b" "container-server 22" 0.0066 "-" 22 0
Dec 2 15:01:31 standalone container-server[126719]: 172.20.0.100 - - [02/Dec/2025:15:01:31 +0000] "PUT /d1/866/AUTH_d1023b00803f443ea2b9f323c4072839/gnocchi.c838b4df-babc-4e39-82de-f36c2c5062b0" 201 - "PUT http://172.18.0.2:8080/v1/AUTH_d1023b00803f443ea2b9f323c4072839/gnocchi.c838b4df-babc-4e39-82de-f36c2c5062b0" "tx4c1bcf3efbee4e74a2cf2-00692eff4b" "proxy-server 20" 0.0154 "-" 22 0
Dec 2 15:01:31 standalone proxy-server[128769]: 172.18.0.2 172.18.0.100 02/Dec/2025/15/01/31 PUT /v1/AUTH_d1023b00803f443ea2b9f323c4072839/gnocchi.c838b4df-babc-4e39-82de-f36c2c5062b0 HTTP/1.0 201 - python-swiftclient-3.11.1 gAAAAABpLv6p8Z5K... - - - tx4c1bcf3efbee4e74a2cf2-00692eff4b - 0.0223 - - 1764687691.503516674 1764687691.525813103 0
Dec 2 15:01:31 standalone container-server[126719]: 172.20.0.100 - - [02/Dec/2025:15:01:31 +0000] "HEAD /d1/866/AUTH_d1023b00803f443ea2b9f323c4072839/gnocchi.c838b4df-babc-4e39-82de-f36c2c5062b0" 204 - "HEAD http://172.18.0.2:8080/v1/AUTH_d1023b00803f443ea2b9f323c4072839/gnocchi.c838b4df-babc-4e39-82de-f36c2c5062b0?format=json&states=listing" "tx1ad2d673be3846dfaf120-00692eff4b" "proxy-server 20" 0.0018 "-" 22 0
Dec 2 15:01:31 standalone proxy-server[128769]: - - 02/Dec/2025/15/01/31 HEAD /v1/AUTH_d1023b00803f443ea2b9f323c4072839/gnocchi.c838b4df-babc-4e39-82de-f36c2c5062b0%3Fformat%3Djson%26states%3Dlisting HTTP/1.0 204 - Swift - - - - tx1ad2d673be3846dfaf120-00692eff4b - 0.0044 RL - 1764687691.529675722 1764687691.534033298 0
Dec 2 15:01:31 standalone container-server[126721]: 172.20.0.100 - - [02/Dec/2025:15:01:31 +0000] "GET /d1/866/AUTH_d1023b00803f443ea2b9f323c4072839/gnocchi.c838b4df-babc-4e39-82de-f36c2c5062b0" 200 2 "GET http://172.18.0.2:8080/v1/AUTH_d1023b00803f443ea2b9f323c4072839/gnocchi.c838b4df-babc-4e39-82de-f36c2c5062b0?format=json&states=listing" "tx1ad2d673be3846dfaf120-00692eff4b" "proxy-server 20" 0.0017 "-" 23 0
Dec 2 15:01:31 standalone proxy-server[128769]: 172.18.0.2 172.18.0.100 02/Dec/2025/15/01/31 GET /v1/AUTH_d1023b00803f443ea2b9f323c4072839/gnocchi.c838b4df-babc-4e39-82de-f36c2c5062b0%3Fformat%3Djson%26states%3Dlisting HTTP/1.0 200 - python-swiftclient-3.11.1 gAAAAABpLv6p8Z5K... - 2 - tx1ad2d673be3846dfaf120-00692eff4b - 0.0116 - - 1764687691.528801203 1764687691.540378094 0
Dec 2 15:01:31 standalone object-server[127068]: 172.20.0.100 - - [02/Dec/2025:15:01:31 +0000] "GET /d1/530/AUTH_d1023b00803f443ea2b9f323c4072839/gnocchi.c838b4df-babc-4e39-82de-f36c2c5062b0/1763640000.0_mean_300.0_v3" 404 70 "GET http://172.18.0.2:8080/v1/AUTH_d1023b00803f443ea2b9f323c4072839/gnocchi.c838b4df-babc-4e39-82de-f36c2c5062b0/1763640000.0_mean_300.0_v3" "tx27e2a506e4084cd0bec58-00692eff4b" "proxy-server 20" 0.0003 "-" 22 0
Dec 2 15:01:31 standalone proxy-server[128769]: 172.18.0.2 172.18.0.100 02/Dec/2025/15/01/31 GET /v1/AUTH_d1023b00803f443ea2b9f323c4072839/gnocchi.c838b4df-babc-4e39-82de-f36c2c5062b0/1763640000.0_mean_300.0_v3 HTTP/1.0 404 - python-swiftclient-3.11.1 gAAAAABpLv6p8Z5K... - 70 - tx27e2a506e4084cd0bec58-00692eff4b - 0.0041 - - 1764687691.543227911 1764687691.547314167 0
Dec 2 15:01:31 standalone container-server[126710]: 172.20.0.100 - - [02/Dec/2025:15:01:31 +0000] "PUT /d1/866/AUTH_d1023b00803f443ea2b9f323c4072839/gnocchi.c838b4df-babc-4e39-82de-f36c2c5062b0/1763640000.0_mean_300.0_v3" 201 - "PUT http://172.18.0.2:8080/d1/530/AUTH_d1023b00803f443ea2b9f323c4072839/gnocchi.c838b4df-babc-4e39-82de-f36c2c5062b0/1763640000.0_mean_300.0_v3" "tx2aeeb2da202244ec85ee3-00692eff4b" "object-server 25" 0.0013 "-" 21 0
Dec 2 15:01:31 standalone object-server[127078]: 172.20.0.100 - - [02/Dec/2025:15:01:31 +0000] "PUT /d1/530/AUTH_d1023b00803f443ea2b9f323c4072839/gnocchi.c838b4df-babc-4e39-82de-f36c2c5062b0/1763640000.0_mean_300.0_v3" 201 - "PUT http://172.18.0.2:8080/v1/AUTH_d1023b00803f443ea2b9f323c4072839/gnocchi.c838b4df-babc-4e39-82de-f36c2c5062b0/1763640000.0_mean_300.0_v3" "tx2aeeb2da202244ec85ee3-00692eff4b" "proxy-server 20" 0.0100 "-" 25 0
Dec 2 15:01:31 standalone proxy-server[128769]: 172.18.0.2 172.18.0.100 02/Dec/2025/15/01/31 PUT /v1/AUTH_d1023b00803f443ea2b9f323c4072839/gnocchi.c838b4df-babc-4e39-82de-f36c2c5062b0/1763640000.0_mean_300.0_v3 HTTP/1.0 201 - python-swiftclient-3.11.1 gAAAAABpLv6p8Z5K... 16 - - tx2aeeb2da202244ec85ee3-00692eff4b - 0.0167 - - 1764687691.549604654 1764687691.566285372 0
Dec 2 15:01:31 standalone container-server[126710]: 172.20.0.100 - - [02/Dec/2025:15:01:31 +0000] "PUT /d1/866/AUTH_d1023b00803f443ea2b9f323c4072839/gnocchi.c838b4df-babc-4e39-82de-f36c2c5062b0/none_v3" 201 - "PUT http://172.18.0.2:8080/d1/807/AUTH_d1023b00803f443ea2b9f323c4072839/gnocchi.c838b4df-babc-4e39-82de-f36c2c5062b0/none_v3" "txfdbd7c467ae2492b8226e-00692eff4b" "object-server 24" 0.0003 "-" 21 0
Dec 2 15:01:31 standalone object-server[127076]: 172.20.0.100 - - [02/Dec/2025:15:01:31 +0000] "PUT /d1/807/AUTH_d1023b00803f443ea2b9f323c4072839/gnocchi.c838b4df-babc-4e39-82de-f36c2c5062b0/none_v3" 201 - "PUT http://172.18.0.2:8080/v1/AUTH_d1023b00803f443ea2b9f323c4072839/gnocchi.c838b4df-babc-4e39-82de-f36c2c5062b0/none_v3" "txfdbd7c467ae2492b8226e-00692eff4b" "proxy-server 20" 0.0096 "-" 24 0
Dec 2 15:01:31 standalone proxy-server[128769]: 172.18.0.2 172.18.0.100 02/Dec/2025/15/01/31 PUT /v1/AUTH_d1023b00803f443ea2b9f323c4072839/gnocchi.c838b4df-babc-4e39-82de-f36c2c5062b0/none_v3 HTTP/1.0 201 - python-swiftclient-3.11.1 gAAAAABpLv6p8Z5K... 22 - - txfdbd7c467ae2492b8226e-00692eff4b - 0.0135 - - 1764687691.568268776 1764687691.581754923 0
Dec 2 15:01:31 standalone container-server[126700]: 172.20.0.100 - - [02/Dec/2025:15:01:31 +0000] "HEAD /d1/600/AUTH_d1023b00803f443ea2b9f323c4072839/gnocchi.b44257e5-0f5e-4c5d-981c-c1d274240940" 404 - "HEAD http://172.18.0.2:8080/v1/AUTH_d1023b00803f443ea2b9f323c4072839/gnocchi.b44257e5-0f5e-4c5d-981c-c1d274240940?format=json&states=listing" "tx9a4e292b994d491894e54-00692eff4b" "proxy-server 20" 0.0004 "-" 20 0
Dec 2 15:01:31 standalone object-server[127074]: 172.20.0.100 - - [02/Dec/2025:15:01:31 +0000] "GET /d1/155/AUTH_d1023b00803f443ea2b9f323c4072839/gnocchi.b44257e5-0f5e-4c5d-981c-c1d274240940/none_v3" 404 70 "GET http://172.18.0.2:8080/v1/AUTH_d1023b00803f443ea2b9f323c4072839/gnocchi.b44257e5-0f5e-4c5d-981c-c1d274240940/none_v3" "tx9a4e292b994d491894e54-00692eff4b" "proxy-server 20" 0.0007 "-" 23 0
Dec 2 15:01:31 standalone proxy-server[128769]: 172.18.0.2 172.18.0.100 02/Dec/2025/15/01/31 GET /v1/AUTH_d1023b00803f443ea2b9f323c4072839/gnocchi.b44257e5-0f5e-4c5d-981c-c1d274240940/none_v3 HTTP/1.0 404 - python-swiftclient-3.11.1 gAAAAABpLv6p8Z5K... - 70 - tx9a4e292b994d491894e54-00692eff4b - 0.0093 - - 1764687691.609784126 1764687691.619131565 0
Dec 2 15:01:31 standalone account-server[126807]: 172.20.0.100 - - [02/Dec/2025:15:01:31 +0000] "PUT /d1/519/AUTH_d1023b00803f443ea2b9f323c4072839/gnocchi.b44257e5-0f5e-4c5d-981c-c1d274240940" 201 - "PUT http://172.20.0.100:6001/d1/600/AUTH_d1023b00803f443ea2b9f323c4072839/gnocchi.b44257e5-0f5e-4c5d-981c-c1d274240940" "tx719f626ea1df4ce990d82-00692eff4b" "container-server 20" 0.0050 "-" 22 0
Dec 2 15:01:31 standalone container-server[126700]: 172.20.0.100 - - [02/Dec/2025:15:01:31 +0000] "PUT /d1/600/AUTH_d1023b00803f443ea2b9f323c4072839/gnocchi.b44257e5-0f5e-4c5d-981c-c1d274240940" 201 - "PUT http://172.18.0.2:8080/v1/AUTH_d1023b00803f443ea2b9f323c4072839/gnocchi.b44257e5-0f5e-4c5d-981c-c1d274240940" "tx719f626ea1df4ce990d82-00692eff4b" "proxy-server 20" 0.0188 "-" 20 0
Dec 2 15:01:31 standalone proxy-server[128769]: 172.18.0.2 172.18.0.100 02/Dec/2025/15/01/31 PUT /v1/AUTH_d1023b00803f443ea2b9f323c4072839/gnocchi.b44257e5-0f5e-4c5d-981c-c1d274240940 HTTP/1.0 201 - python-swiftclient-3.11.1 gAAAAABpLv6p8Z5K... - - - tx719f626ea1df4ce990d82-00692eff4b - 0.0232 - - 1764687691.621068478 1764687691.644268513 0
Dec 2 15:01:31 standalone container-server[126719]: 172.20.0.100 - - [02/Dec/2025:15:01:31 +0000] "HEAD /d1/600/AUTH_d1023b00803f443ea2b9f323c4072839/gnocchi.b44257e5-0f5e-4c5d-981c-c1d274240940" 204 - "HEAD http://172.18.0.2:8080/v1/AUTH_d1023b00803f443ea2b9f323c4072839/gnocchi.b44257e5-0f5e-4c5d-981c-c1d274240940?format=json&states=listing" "tx4bc58d9b419e4bde8f9a5-00692eff4b" "proxy-server 20" 0.0011 "-" 22 0
Dec 2 15:01:31 standalone proxy-server[128769]: - - 02/Dec/2025/15/01/31 HEAD /v1/AUTH_d1023b00803f443ea2b9f323c4072839/gnocchi.b44257e5-0f5e-4c5d-981c-c1d274240940%3Fformat%3Djson%26states%3Dlisting HTTP/1.0 204 - Swift - - - - tx4bc58d9b419e4bde8f9a5-00692eff4b - 0.0040 RL - 1764687691.647605181 1764687691.651634216 0
Dec 2 15:01:31 standalone container-server[126721]: 172.20.0.100 - - [02/Dec/2025:15:01:31 +0000] "GET /d1/600/AUTH_d1023b00803f443ea2b9f323c4072839/gnocchi.b44257e5-0f5e-4c5d-981c-c1d274240940" 200 2 "GET http://172.18.0.2:8080/v1/AUTH_d1023b00803f443ea2b9f323c4072839/gnocchi.b44257e5-0f5e-4c5d-981c-c1d274240940?format=json&states=listing" "tx4bc58d9b419e4bde8f9a5-00692eff4b" "proxy-server 20" 0.0016 "-" 23 0
Dec 2 15:01:31 standalone proxy-server[128769]: 172.18.0.2 172.18.0.100 02/Dec/2025/15/01/31 GET /v1/AUTH_d1023b00803f443ea2b9f323c4072839/gnocchi.b44257e5-0f5e-4c5d-981c-c1d274240940%3Fformat%3Djson%26states%3Dlisting HTTP/1.0 200 - python-swiftclient-3.11.1 gAAAAABpLv6p8Z5K... - 2 - tx4bc58d9b419e4bde8f9a5-00692eff4b - 0.0109 - - 1764687691.646890402 1764687691.657770395 0
Dec 2 15:01:31 standalone object-server[127074]: 172.20.0.100 - - [02/Dec/2025:15:01:31 +0000] "GET /d1/242/AUTH_d1023b00803f443ea2b9f323c4072839/gnocchi.b44257e5-0f5e-4c5d-981c-c1d274240940/1763640000.0_mean_300.0_v3" 404 70 "GET http://172.18.0.2:8080/v1/AUTH_d1023b00803f443ea2b9f323c4072839/gnocchi.b44257e5-0f5e-4c5d-981c-c1d274240940/1763640000.0_mean_300.0_v3" "tx9b8f52b5b5564c56b01e9-00692eff4b" "proxy-server 20" 0.0004 "-" 23 0
Dec 2 15:01:31 standalone proxy-server[128769]: 172.18.0.2 172.18.0.100 02/Dec/2025/15/01/31 GET /v1/AUTH_d1023b00803f443ea2b9f323c4072839/gnocchi.b44257e5-0f5e-4c5d-981c-c1d274240940/1763640000.0_mean_300.0_v3 HTTP/1.0 404 - python-swiftclient-3.11.1 gAAAAABpLv6p8Z5K... - 70 - tx9b8f52b5b5564c56b01e9-00692eff4b - 0.0038 - - 1764687691.660201073 1764687691.664042473 0
Dec 2 15:01:31 standalone container-server[126719]: 172.20.0.100 - - [02/Dec/2025:15:01:31 +0000] "PUT /d1/600/AUTH_d1023b00803f443ea2b9f323c4072839/gnocchi.b44257e5-0f5e-4c5d-981c-c1d274240940/1763640000.0_mean_300.0_v3" 201 - "PUT http://172.18.0.2:8080/d1/242/AUTH_d1023b00803f443ea2b9f323c4072839/gnocchi.b44257e5-0f5e-4c5d-981c-c1d274240940/1763640000.0_mean_300.0_v3" "txaffe98908bec4282b55d3-00692eff4b" "object-server 23" 0.0005 "-" 22 0
Dec 2 15:01:31 standalone object-server[127074]: 172.20.0.100 - - [02/Dec/2025:15:01:31 +0000] "PUT /d1/242/AUTH_d1023b00803f443ea2b9f323c4072839/gnocchi.b44257e5-0f5e-4c5d-981c-c1d274240940/1763640000.0_mean_300.0_v3" 201 - "PUT http://172.18.0.2:8080/v1/AUTH_d1023b00803f443ea2b9f323c4072839/gnocchi.b44257e5-0f5e-4c5d-981c-c1d274240940/1763640000.0_mean_300.0_v3" "txaffe98908bec4282b55d3-00692eff4b" "proxy-server 20" 0.0114 "-" 23 0
Dec 2 15:01:31 standalone proxy-server[128769]: 172.18.0.2 172.18.0.100 02/Dec/2025/15/01/31 PUT /v1/AUTH_d1023b00803f443ea2b9f323c4072839/gnocchi.b44257e5-0f5e-4c5d-981c-c1d274240940/1763640000.0_mean_300.0_v3 HTTP/1.0 201 - python-swiftclient-3.11.1 gAAAAABpLv6p8Z5K... 16 - - txaffe98908bec4282b55d3-00692eff4b - 0.0162 - - 1764687691.665831089 1764687691.682003498 0
Dec 2 15:01:31 standalone container-server[126719]: 172.20.0.100 - - [02/Dec/2025:15:01:31 +0000] "PUT /d1/600/AUTH_d1023b00803f443ea2b9f323c4072839/gnocchi.b44257e5-0f5e-4c5d-981c-c1d274240940/none_v3" 201 - "PUT http://172.18.0.2:8080/d1/155/AUTH_d1023b00803f443ea2b9f323c4072839/gnocchi.b44257e5-0f5e-4c5d-981c-c1d274240940/none_v3" "txaf9891005fa2413ca240c-00692eff4b" "object-server 23" 0.0003 "-" 22 0
Dec 2 15:01:31 standalone object-server[127074]: 172.20.0.100 - - [02/Dec/2025:15:01:31 +0000] "PUT /d1/155/AUTH_d1023b00803f443ea2b9f323c4072839/gnocchi.b44257e5-0f5e-4c5d-981c-c1d274240940/none_v3" 201 - "PUT http://172.18.0.2:8080/v1/AUTH_d1023b00803f443ea2b9f323c4072839/gnocchi.b44257e5-0f5e-4c5d-981c-c1d274240940/none_v3" "txaf9891005fa2413ca240c-00692eff4b" "proxy-server 20" 0.0068 "-" 23 0
Dec 2 15:01:31 standalone proxy-server[128769]: 172.18.0.2 172.18.0.100 02/Dec/2025/15/01/31 PUT /v1/AUTH_d1023b00803f443ea2b9f323c4072839/gnocchi.b44257e5-0f5e-4c5d-981c-c1d274240940/none_v3 HTTP/1.0 201 - python-swiftclient-3.11.1 gAAAAABpLv6p8Z5K... 22 - - txaf9891005fa2413ca240c-00692eff4b - 0.0116 - - 1764687691.683998346 1764687691.695553064 0
Dec 2 15:01:31 standalone container-server[126710]: 172.20.0.100 - - [02/Dec/2025:15:01:31 +0000] "HEAD /d1/274/AUTH_d1023b00803f443ea2b9f323c4072839/gnocchi.8fb24b5b-5dc9-4c3a-b91d-2e84d54725c1" 404 - "HEAD http://172.18.0.2:8080/v1/AUTH_d1023b00803f443ea2b9f323c4072839/gnocchi.8fb24b5b-5dc9-4c3a-b91d-2e84d54725c1?format=json&states=listing" "tx45166b2b68224570b7e37-00692eff4b" "proxy-server 20" 0.0004 "-" 21 0
Dec 2 15:01:31 standalone object-server[127076]: 172.20.0.100 - - [02/Dec/2025:15:01:31 +0000] "GET /d1/897/AUTH_d1023b00803f443ea2b9f323c4072839/gnocchi.8fb24b5b-5dc9-4c3a-b91d-2e84d54725c1/none_v3" 404 70 "GET http://172.18.0.2:8080/v1/AUTH_d1023b00803f443ea2b9f323c4072839/gnocchi.8fb24b5b-5dc9-4c3a-b91d-2e84d54725c1/none_v3" "tx45166b2b68224570b7e37-00692eff4b" "proxy-server 20" 0.0003 "-" 24 0
Dec 2 15:01:31 standalone proxy-server[128769]: 172.18.0.2 172.18.0.100 02/Dec/2025/15/01/31 GET /v1/AUTH_d1023b00803f443ea2b9f323c4072839/gnocchi.8fb24b5b-5dc9-4c3a-b91d-2e84d54725c1/none_v3 HTTP/1.0 404 - python-swiftclient-3.11.1 gAAAAABpLv6p8Z5K... - 70 - tx45166b2b68224570b7e37-00692eff4b - 0.0096 - - 1764687691.706365347 1764687691.715981245 0
Dec 2 15:01:31 standalone account-server[126807]: 172.20.0.100 - - [02/Dec/2025:15:01:31 +0000] "PUT /d1/519/AUTH_d1023b00803f443ea2b9f323c4072839/gnocchi.8fb24b5b-5dc9-4c3a-b91d-2e84d54725c1" 201 - "PUT http://172.20.0.100:6001/d1/274/AUTH_d1023b00803f443ea2b9f323c4072839/gnocchi.8fb24b5b-5dc9-4c3a-b91d-2e84d54725c1" "tx788375256264409c824d1-00692eff4b" "container-server 20" 0.0052 "-" 22 0
Dec 2 15:01:31 standalone container-server[126700]: 172.20.0.100 - - [02/Dec/2025:15:01:31 +0000] "PUT /d1/274/AUTH_d1023b00803f443ea2b9f323c4072839/gnocchi.8fb24b5b-5dc9-4c3a-b91d-2e84d54725c1" 201 - "PUT http://172.18.0.2:8080/v1/AUTH_d1023b00803f443ea2b9f323c4072839/gnocchi.8fb24b5b-5dc9-4c3a-b91d-2e84d54725c1" "tx788375256264409c824d1-00692eff4b" "proxy-server 20" 0.0156 "-" 20 0
Dec 2 15:01:31 standalone proxy-server[128769]: 172.18.0.2 172.18.0.100 02/Dec/2025/15/01/31 PUT /v1/AUTH_d1023b00803f443ea2b9f323c4072839/gnocchi.8fb24b5b-5dc9-4c3a-b91d-2e84d54725c1 HTTP/1.0 201 - python-swiftclient-3.11.1 gAAAAABpLv6p8Z5K... - - - tx788375256264409c824d1-00692eff4b - 0.0231 - - 1764687691.718560696 1764687691.741648197 0
Dec 2 15:01:31 standalone container-server[126710]: 172.20.0.100 - - [02/Dec/2025:15:01:31 +0000] "HEAD /d1/871/AUTH_d1023b00803f443ea2b9f323c4072839/gnocchi.ebe86215-93f6-4979-a09d-5a052b64f341" 404 - "HEAD http://172.18.0.2:8080/v1/AUTH_d1023b00803f443ea2b9f323c4072839/gnocchi.ebe86215-93f6-4979-a09d-5a052b64f341?format=json&states=listing" "tx2e12986c84c5461d85f7d-00692eff4b" "proxy-server 20" 0.0003 "-" 21 0
Dec 2 15:01:31 standalone object-server[127076]: 172.20.0.100 - - [02/Dec/2025:15:01:31 +0000] "GET /d1/727/AUTH_d1023b00803f443ea2b9f323c4072839/gnocchi.ebe86215-93f6-4979-a09d-5a052b64f341/none_v3" 404 70 "GET http://172.18.0.2:8080/v1/AUTH_d1023b00803f443ea2b9f323c4072839/gnocchi.ebe86215-93f6-4979-a09d-5a052b64f341/none_v3" "tx2e12986c84c5461d85f7d-00692eff4b" "proxy-server 20" 0.0003 "-" 24 0
Dec 2 15:01:31 standalone proxy-server[128769]: 172.18.0.2 172.18.0.100 02/Dec/2025/15/01/31 GET /v1/AUTH_d1023b00803f443ea2b9f323c4072839/gnocchi.ebe86215-93f6-4979-a09d-5a052b64f341/none_v3 HTTP/1.0 404 - python-swiftclient-3.11.1 gAAAAABpLv6p8Z5K... - 70 - tx2e12986c84c5461d85f7d-00692eff4b - 0.0095 - - 1764687691.744051218 1764687691.753516436 0
Dec 2 15:01:31 standalone account-server[126807]: 172.20.0.100 - - [02/Dec/2025:15:01:31 +0000] "PUT /d1/519/AUTH_d1023b00803f443ea2b9f323c4072839/gnocchi.ebe86215-93f6-4979-a09d-5a052b64f341" 201 - "PUT http://172.20.0.100:6001/d1/871/AUTH_d1023b00803f443ea2b9f323c4072839/gnocchi.ebe86215-93f6-4979-a09d-5a052b64f341" "tx87ad6886abb441a3aea5e-00692eff4b" "container-server 21" 0.0060 "-" 22 0
Dec 2 15:01:31 standalone container-server[126710]: 172.20.0.100 - - [02/Dec/2025:15:01:31 +0000] "PUT /d1/871/AUTH_d1023b00803f443ea2b9f323c4072839/gnocchi.ebe86215-93f6-4979-a09d-5a052b64f341" 201 - "PUT http://172.18.0.2:8080/v1/AUTH_d1023b00803f443ea2b9f323c4072839/gnocchi.ebe86215-93f6-4979-a09d-5a052b64f341" "tx87ad6886abb441a3aea5e-00692eff4b" "proxy-server 20" 0.0144 "-" 21 0
Dec 2 15:01:31 standalone proxy-server[128769]: 172.18.0.2 172.18.0.100 02/Dec/2025/15/01/31 PUT /v1/AUTH_d1023b00803f443ea2b9f323c4072839/gnocchi.ebe86215-93f6-4979-a09d-5a052b64f341 HTTP/1.0 201 - python-swiftclient-3.11.1 gAAAAABpLv6p8Z5K... - - - tx87ad6886abb441a3aea5e-00692eff4b - 0.0179 - - 1764687691.755673647 1764687691.773568153 0
Dec 2 15:01:31 standalone container-server[126721]: 172.20.0.100 - - [02/Dec/2025:15:01:31 +0000] "HEAD /d1/274/AUTH_d1023b00803f443ea2b9f323c4072839/gnocchi.8fb24b5b-5dc9-4c3a-b91d-2e84d54725c1" 204 - "HEAD http://172.18.0.2:8080/v1/AUTH_d1023b00803f443ea2b9f323c4072839/gnocchi.8fb24b5b-5dc9-4c3a-b91d-2e84d54725c1?format=json&states=listing" "tx83b4ad5fd8134ef99ff0a-00692eff4b" "proxy-server 20" 0.0012 "-" 23 0
Dec 2 15:01:31 standalone proxy-server[128769]: - - 02/Dec/2025/15/01/31 HEAD /v1/AUTH_d1023b00803f443ea2b9f323c4072839/gnocchi.8fb24b5b-5dc9-4c3a-b91d-2e84d54725c1%3Fformat%3Djson%26states%3Dlisting HTTP/1.0 204 - Swift - - - - tx83b4ad5fd8134ef99ff0a-00692eff4b - 0.0037 RL - 1764687691.778882504 1764687691.782576799 0
Dec 2 15:01:31 standalone container-server[126721]: 172.20.0.100 - - [02/Dec/2025:15:01:31 +0000] "GET /d1/274/AUTH_d1023b00803f443ea2b9f323c4072839/gnocchi.8fb24b5b-5dc9-4c3a-b91d-2e84d54725c1" 200 2 "GET http://172.18.0.2:8080/v1/AUTH_d1023b00803f443ea2b9f323c4072839/gnocchi.8fb24b5b-5dc9-4c3a-b91d-2e84d54725c1?format=json&states=listing" "tx83b4ad5fd8134ef99ff0a-00692eff4b" "proxy-server 20" 0.0013 "-" 23 0
Dec 2 15:01:31 standalone proxy-server[128769]: 172.18.0.2 172.18.0.100 02/Dec/2025/15/01/31 GET /v1/AUTH_d1023b00803f443ea2b9f323c4072839/gnocchi.8fb24b5b-5dc9-4c3a-b91d-2e84d54725c1%3Fformat%3Djson%26states%3Dlisting HTTP/1.0 200 - python-swiftclient-3.11.1 gAAAAABpLv6p8Z5K... - 2 - tx83b4ad5fd8134ef99ff0a-00692eff4b - 0.0131 - - 1764687691.776147127 1764687691.789288521 0
Dec 2 15:01:31 standalone container-server[126721]: 172.20.0.100 - - [02/Dec/2025:15:01:31 +0000] "HEAD /d1/871/AUTH_d1023b00803f443ea2b9f323c4072839/gnocchi.ebe86215-93f6-4979-a09d-5a052b64f341" 204 - "HEAD http://172.18.0.2:8080/v1/AUTH_d1023b00803f443ea2b9f323c4072839/gnocchi.ebe86215-93f6-4979-a09d-5a052b64f341?format=json&states=listing" "tx45736d79be0547d39d34e-00692eff4b" "proxy-server 20" 0.0009 "-" 23 0
Dec 2 15:01:31 standalone proxy-server[128769]: - - 02/Dec/2025/15/01/31 HEAD /v1/AUTH_d1023b00803f443ea2b9f323c4072839/gnocchi.ebe86215-93f6-4979-a09d-5a052b64f341%3Fformat%3Djson%26states%3Dlisting HTTP/1.0 204 - Swift - - - - tx45736d79be0547d39d34e-00692eff4b - 0.0032 RL - 1764687691.793126822 1764687691.796280622 0
Dec 2 15:01:31 standalone container-server[126710]: 172.20.0.100 - - [02/Dec/2025:15:01:31 +0000] "GET /d1/871/AUTH_d1023b00803f443ea2b9f323c4072839/gnocchi.ebe86215-93f6-4979-a09d-5a052b64f341" 200 2 "GET http://172.18.0.2:8080/v1/AUTH_d1023b00803f443ea2b9f323c4072839/gnocchi.ebe86215-93f6-4979-a09d-5a052b64f341?format=json&states=listing" "tx45736d79be0547d39d34e-00692eff4b" "proxy-server 20" 0.0016 "-" 21 0
Dec 2 15:01:31 standalone proxy-server[128769]: 172.18.0.2 172.18.0.100 02/Dec/2025/15/01/31 GET /v1/AUTH_d1023b00803f443ea2b9f323c4072839/gnocchi.ebe86215-93f6-4979-a09d-5a052b64f341%3Fformat%3Djson%26states%3Dlisting HTTP/1.0 200 - python-swiftclient-3.11.1 gAAAAABpLv6p8Z5K... - 2 - tx45736d79be0547d39d34e-00692eff4b - 0.0117 - - 1764687691.792453289 1764687691.804187298 0
Dec 2 15:01:31 standalone object-server[127078]: 172.20.0.100 - - [02/Dec/2025:15:01:31 +0000] "GET /d1/449/AUTH_d1023b00803f443ea2b9f323c4072839/gnocchi.8fb24b5b-5dc9-4c3a-b91d-2e84d54725c1/1763640000.0_mean_300.0_v3" 404 70 "GET http://172.18.0.2:8080/v1/AUTH_d1023b00803f443ea2b9f323c4072839/gnocchi.8fb24b5b-5dc9-4c3a-b91d-2e84d54725c1/1763640000.0_mean_300.0_v3" "txe835fb2acdd841fb98a14-00692eff4b" "proxy-server 20" 0.0003 "-" 25 0
Dec 2 15:01:31 standalone proxy-server[128769]: 172.18.0.2 172.18.0.100 02/Dec/2025/15/01/31 GET /v1/AUTH_d1023b00803f443ea2b9f323c4072839/gnocchi.8fb24b5b-5dc9-4c3a-b91d-2e84d54725c1/1763640000.0_mean_300.0_v3 HTTP/1.0 404 - python-swiftclient-3.11.1 gAAAAABpLv6p8Z5K... - 70 - txe835fb2acdd841fb98a14-00692eff4b - 0.0056 - - 1764687691.807649851 1764687691.813248873 0
Dec 2 15:01:31 standalone object-server[127068]: 172.20.0.100 - - [02/Dec/2025:15:01:31 +0000] "GET /d1/300/AUTH_d1023b00803f443ea2b9f323c4072839/gnocchi.ebe86215-93f6-4979-a09d-5a052b64f341/1763640000.0_mean_300.0_v3" 404 70 "GET http://172.18.0.2:8080/v1/AUTH_d1023b00803f443ea2b9f323c4072839/gnocchi.ebe86215-93f6-4979-a09d-5a052b64f341/1763640000.0_mean_300.0_v3" "txa889f98202274b3b8f2aa-00692eff4b" "proxy-server 20" 0.0003 "-" 22 0
Dec 2 15:01:31 standalone proxy-server[128769]: 172.18.0.2 172.18.0.100 02/Dec/2025/15/01/31 GET /v1/AUTH_d1023b00803f443ea2b9f323c4072839/gnocchi.ebe86215-93f6-4979-a09d-5a052b64f341/1763640000.0_mean_300.0_v3 HTTP/1.0 404 - python-swiftclient-3.11.1 gAAAAABpLv6p8Z5K... - 70 - txa889f98202274b3b8f2aa-00692eff4b - 0.0071 - - 1764687691.817068100 1764687691.824203730 0
Dec 2 15:01:31 standalone container-server[126710]: 172.20.0.100 - - [02/Dec/2025:15:01:31 +0000] "PUT /d1/274/AUTH_d1023b00803f443ea2b9f323c4072839/gnocchi.8fb24b5b-5dc9-4c3a-b91d-2e84d54725c1/1763640000.0_mean_300.0_v3" 201 - "PUT http://172.18.0.2:8080/d1/449/AUTH_d1023b00803f443ea2b9f323c4072839/gnocchi.8fb24b5b-5dc9-4c3a-b91d-2e84d54725c1/1763640000.0_mean_300.0_v3" "txb1c5542c23574e46ae60c-00692eff4b" "object-server 25" 0.0006 "-" 21 0
Dec 2 15:01:31 standalone object-server[127078]: 172.20.0.100 - - [02/Dec/2025:15:01:31 +0000] "PUT /d1/449/AUTH_d1023b00803f443ea2b9f323c4072839/gnocchi.8fb24b5b-5dc9-4c3a-b91d-2e84d54725c1/1763640000.0_mean_300.0_v3" 201 - "PUT http://172.18.0.2:8080/v1/AUTH_d1023b00803f443ea2b9f323c4072839/gnocchi.8fb24b5b-5dc9-4c3a-b91d-2e84d54725c1/1763640000.0_mean_300.0_v3" "txb1c5542c23574e46ae60c-00692eff4b" "proxy-server 20" 0.0137 "-" 25 0
Dec 2 15:01:31 standalone proxy-server[128769]: 172.18.0.2 172.18.0.100 02/Dec/2025/15/01/31 PUT /v1/AUTH_d1023b00803f443ea2b9f323c4072839/gnocchi.8fb24b5b-5dc9-4c3a-b91d-2e84d54725c1/1763640000.0_mean_300.0_v3 HTTP/1.0 201 - python-swiftclient-3.11.1 gAAAAABpLv6p8Z5K... 16 - - txb1c5542c23574e46ae60c-00692eff4b - 0.0200 - - 1764687691.827910423 1764687691.847920179 0
Dec 2 15:01:31 standalone container-server[126700]: 172.20.0.100 - - [02/Dec/2025:15:01:31 +0000] "PUT /d1/871/AUTH_d1023b00803f443ea2b9f323c4072839/gnocchi.ebe86215-93f6-4979-a09d-5a052b64f341/1763640000.0_mean_300.0_v3" 201 - "PUT http://172.18.0.2:8080/d1/300/AUTH_d1023b00803f443ea2b9f323c4072839/gnocchi.ebe86215-93f6-4979-a09d-5a052b64f341/1763640000.0_mean_300.0_v3" "tx4815a954217041ee9f1b5-00692eff4b" "object-server 22" 0.0004 "-" 20 0
Dec 2 15:01:31 standalone object-server[127068]: 172.20.0.100 - - [02/Dec/2025:15:01:31 +0000] "PUT /d1/300/AUTH_d1023b00803f443ea2b9f323c4072839/gnocchi.ebe86215-93f6-4979-a09d-5a052b64f341/1763640000.0_mean_300.0_v3" 201 - "PUT http://172.18.0.2:8080/v1/AUTH_d1023b00803f443ea2b9f323c4072839/gnocchi.ebe86215-93f6-4979-a09d-5a052b64f341/1763640000.0_mean_300.0_v3" "tx4815a954217041ee9f1b5-00692eff4b" "proxy-server 20" 0.0091 "-" 22 0
Dec 2 15:01:31 standalone proxy-server[128769]: 172.18.0.2 172.18.0.100 02/Dec/2025/15/01/31 PUT /v1/AUTH_d1023b00803f443ea2b9f323c4072839/gnocchi.ebe86215-93f6-4979-a09d-5a052b64f341/1763640000.0_mean_300.0_v3 HTTP/1.0 201 - python-swiftclient-3.11.1 gAAAAABpLv6p8Z5K... 16 - - tx4815a954217041ee9f1b5-00692eff4b - 0.0158 - - 1764687691.850524426 1764687691.866278648 0
Dec 2 15:01:31 standalone container-server[126700]: 172.20.0.100 - - [02/Dec/2025:15:01:31 +0000] "PUT /d1/274/AUTH_d1023b00803f443ea2b9f323c4072839/gnocchi.8fb24b5b-5dc9-4c3a-b91d-2e84d54725c1/none_v3" 201 - "PUT http://172.18.0.2:8080/d1/897/AUTH_d1023b00803f443ea2b9f323c4072839/gnocchi.8fb24b5b-5dc9-4c3a-b91d-2e84d54725c1/none_v3" "tx84903a792a3a4558b4400-00692eff4b" "object-server 23" 0.0003 "-" 20 0
Dec 2 15:01:31 standalone object-server[127074]: 172.20.0.100 - - [02/Dec/2025:15:01:31 +0000] "PUT /d1/897/AUTH_d1023b00803f443ea2b9f323c4072839/gnocchi.8fb24b5b-5dc9-4c3a-b91d-2e84d54725c1/none_v3" 201 - "PUT http://172.18.0.2:8080/v1/AUTH_d1023b00803f443ea2b9f323c4072839/gnocchi.8fb24b5b-5dc9-4c3a-b91d-2e84d54725c1/none_v3" "tx84903a792a3a4558b4400-00692eff4b" "proxy-server 20" 0.0075 "-" 23 0
Dec 2 15:01:31 standalone proxy-server[128769]: 172.18.0.2 172.18.0.100 02/Dec/2025/15/01/31 PUT /v1/AUTH_d1023b00803f443ea2b9f323c4072839/gnocchi.8fb24b5b-5dc9-4c3a-b91d-2e84d54725c1/none_v3 HTTP/1.0 201 - python-swiftclient-3.11.1 gAAAAABpLv6p8Z5K... 22 - - tx84903a792a3a4558b4400-00692eff4b - 0.0119 - - 1764687691.868395090 1764687691.880320549 0
Dec 2 15:01:31 standalone container-server[126700]: 172.20.0.100 - - [02/Dec/2025:15:01:31 +0000] "PUT /d1/871/AUTH_d1023b00803f443ea2b9f323c4072839/gnocchi.ebe86215-93f6-4979-a09d-5a052b64f341/none_v3" 201 - "PUT http://172.18.0.2:8080/d1/727/AUTH_d1023b00803f443ea2b9f323c4072839/gnocchi.ebe86215-93f6-4979-a09d-5a052b64f341/none_v3" "txe7af9d0e7e4c45879c1f5-00692eff4b" "object-server 22" 0.0003 "-" 20 0
Dec 2 15:01:31 standalone object-server[127068]: 172.20.0.100 - - [02/Dec/2025:15:01:31 +0000] "PUT /d1/727/AUTH_d1023b00803f443ea2b9f323c4072839/gnocchi.ebe86215-93f6-4979-a09d-5a052b64f341/none_v3" 201 - "PUT http://172.18.0.2:8080/v1/AUTH_d1023b00803f443ea2b9f323c4072839/gnocchi.ebe86215-93f6-4979-a09d-5a052b64f341/none_v3" "txe7af9d0e7e4c45879c1f5-00692eff4b" "proxy-server 20" 0.0084 "-" 22 0
Dec 2 15:01:31 standalone proxy-server[128769]: 172.18.0.2 172.18.0.100 02/Dec/2025/15/01/31 PUT /v1/AUTH_d1023b00803f443ea2b9f323c4072839/gnocchi.ebe86215-93f6-4979-a09d-5a052b64f341/none_v3 HTTP/1.0 201 - python-swiftclient-3.11.1 gAAAAABpLv6p8Z5K... 22 - - txe7af9d0e7e4c45879c1f5-00692eff4b - 0.0128 - - 1764687691.882094622 1764687691.894928455 0
