Dec 2 15:01:34 standalone account-server[126807]: 172.20.0.100 - - [02/Dec/2025:15:01:34 +0000] "PUT /d1/519/AUTH_d1023b00803f443ea2b9f323c4072839/gnocchi.afb45d80-4ff6-46c5-ba79-0b84799e2b84" 201 - "PUT http://172.20.0.100:6001/d1/264/AUTH_d1023b00803f443ea2b9f323c4072839/gnocchi.afb45d80-4ff6-46c5-ba79-0b84799e2b84" "tx7df3fff13834463eb487b-00692eff4e" "container-server 20" 0.0043 "-" 22 0
Dec 2 15:01:34 standalone container-server[126700]: 172.20.0.100 - - [02/Dec/2025:15:01:34 +0000] "PUT /d1/264/AUTH_d1023b00803f443ea2b9f323c4072839/gnocchi.afb45d80-4ff6-46c5-ba79-0b84799e2b84" 201 - "PUT http://172.18.0.2:8080/v1/AUTH_d1023b00803f443ea2b9f323c4072839/gnocchi.afb45d80-4ff6-46c5-ba79-0b84799e2b84" "tx7df3fff13834463eb487b-00692eff4e" "proxy-server 20" 0.0142 "-" 20 0
Dec 2 15:01:34 standalone proxy-server[128769]: 172.18.0.2 172.18.0.100 02/Dec/2025/15/01/34 PUT /v1/AUTH_d1023b00803f443ea2b9f323c4072839/gnocchi.afb45d80-4ff6-46c5-ba79-0b84799e2b84 HTTP/1.0 201 - python-swiftclient-3.11.1 gAAAAABpLv6p8Z5K... - - - tx7df3fff13834463eb487b-00692eff4e - 0.0183 - - 1764687694.699290991 1764687694.717632055 0
Dec 2 15:01:34 standalone container-server[126721]: 172.20.0.100 - - [02/Dec/2025:15:01:34 +0000] "HEAD /d1/264/AUTH_d1023b00803f443ea2b9f323c4072839/gnocchi.afb45d80-4ff6-46c5-ba79-0b84799e2b84" 204 - "HEAD http://172.18.0.2:8080/v1/AUTH_d1023b00803f443ea2b9f323c4072839/gnocchi.afb45d80-4ff6-46c5-ba79-0b84799e2b84?format=json&states=listing" "tx2c12eeb9c0fe49abb0e2d-00692eff4e" "proxy-server 20" 0.0011 "-" 23 0
Dec 2 15:01:34 standalone proxy-server[128769]: - - 02/Dec/2025/15/01/34 HEAD /v1/AUTH_d1023b00803f443ea2b9f323c4072839/gnocchi.afb45d80-4ff6-46c5-ba79-0b84799e2b84%3Fformat%3Djson%26states%3Dlisting HTTP/1.0 204 - Swift - - - - tx2c12eeb9c0fe49abb0e2d-00692eff4e - 0.0037 RL - 1764687694.721128702 1764687694.724778891 0
Dec 2 15:01:34 standalone container-server[126700]: 172.20.0.100 - - [02/Dec/2025:15:01:34 +0000] "GET /d1/264/AUTH_d1023b00803f443ea2b9f323c4072839/gnocchi.afb45d80-4ff6-46c5-ba79-0b84799e2b84" 200 2 "GET http://172.18.0.2:8080/v1/AUTH_d1023b00803f443ea2b9f323c4072839/gnocchi.afb45d80-4ff6-46c5-ba79-0b84799e2b84?format=json&states=listing" "tx2c12eeb9c0fe49abb0e2d-00692eff4e" "proxy-server 20" 0.0015 "-" 20 0
Dec 2 15:01:34 standalone proxy-server[128769]: 172.18.0.2 172.18.0.100 02/Dec/2025/15/01/34 GET /v1/AUTH_d1023b00803f443ea2b9f323c4072839/gnocchi.afb45d80-4ff6-46c5-ba79-0b84799e2b84%3Fformat%3Djson%26states%3Dlisting HTTP/1.0 200 - python-swiftclient-3.11.1 gAAAAABpLv6p8Z5K... - 2 - tx2c12eeb9c0fe49abb0e2d-00692eff4e - 0.0106 - - 1764687694.720399618 1764687694.730954170 0
Dec 2 15:01:34 standalone object-server[127078]: 172.20.0.100 - - [02/Dec/2025:15:01:34 +0000] "GET /d1/595/AUTH_d1023b00803f443ea2b9f323c4072839/gnocchi.afb45d80-4ff6-46c5-ba79-0b84799e2b84/1763640000.0_mean_300.0_v3" 404 70 "GET http://172.18.0.2:8080/v1/AUTH_d1023b00803f443ea2b9f323c4072839/gnocchi.afb45d80-4ff6-46c5-ba79-0b84799e2b84/1763640000.0_mean_300.0_v3" "tx386ee9b31999415fa25cf-00692eff4e" "proxy-server 20" 0.0004 "-" 25 0
Dec 2 15:01:34 standalone proxy-server[128769]: 172.18.0.2 172.18.0.100 02/Dec/2025/15/01/34 GET /v1/AUTH_d1023b00803f443ea2b9f323c4072839/gnocchi.afb45d80-4ff6-46c5-ba79-0b84799e2b84/1763640000.0_mean_300.0_v3 HTTP/1.0 404 - python-swiftclient-3.11.1 gAAAAABpLv6p8Z5K... - 70 - tx386ee9b31999415fa25cf-00692eff4e - 0.0039 - - 1764687694.733714104 1764687694.737573624 0
Dec 2 15:01:34 standalone container-server[126710]: 172.20.0.100 - - [02/Dec/2025:15:01:34 +0000] "PUT /d1/264/AUTH_d1023b00803f443ea2b9f323c4072839/gnocchi.afb45d80-4ff6-46c5-ba79-0b84799e2b84/1763640000.0_mean_300.0_v3" 201 - "PUT http://172.18.0.2:8080/d1/595/AUTH_d1023b00803f443ea2b9f323c4072839/gnocchi.afb45d80-4ff6-46c5-ba79-0b84799e2b84/1763640000.0_mean_300.0_v3" "txea1ef10dd7594810ae454-00692eff4e" "object-server 25" 0.0005 "-" 21 0
Dec 2 15:01:34 standalone object-server[127078]: 172.20.0.100 - - [02/Dec/2025:15:01:34 +0000] "PUT /d1/595/AUTH_d1023b00803f443ea2b9f323c4072839/gnocchi.afb45d80-4ff6-46c5-ba79-0b84799e2b84/1763640000.0_mean_300.0_v3" 201 - "PUT http://172.18.0.2:8080/v1/AUTH_d1023b00803f443ea2b9f323c4072839/gnocchi.afb45d80-4ff6-46c5-ba79-0b84799e2b84/1763640000.0_mean_300.0_v3" "txea1ef10dd7594810ae454-00692eff4e" "proxy-server 20" 0.0072 "-" 25 0
Dec 2 15:01:34 standalone proxy-server[128769]: 172.18.0.2 172.18.0.100 02/Dec/2025/15/01/34 PUT /v1/AUTH_d1023b00803f443ea2b9f323c4072839/gnocchi.afb45d80-4ff6-46c5-ba79-0b84799e2b84/1763640000.0_mean_300.0_v3 HTTP/1.0 201 - python-swiftclient-3.11.1 gAAAAABpLv6p8Z5K... 16 - - txea1ef10dd7594810ae454-00692eff4e - 0.0103 - - 1764687694.739520788 1764687694.749843597 0
Dec 2 15:01:34 standalone container-server[126721]: 172.20.0.100 - - [02/Dec/2025:15:01:34 +0000] "PUT /d1/264/AUTH_d1023b00803f443ea2b9f323c4072839/gnocchi.afb45d80-4ff6-46c5-ba79-0b84799e2b84/none_v3" 201 - "PUT http://172.18.0.2:8080/d1/882/AUTH_d1023b00803f443ea2b9f323c4072839/gnocchi.afb45d80-4ff6-46c5-ba79-0b84799e2b84/none_v3" "txf12395cc19f741bdadc06-00692eff4e" "object-server 23" 0.0004 "-" 23 0
Dec 2 15:01:34 standalone object-server[127074]: 172.20.0.100 - - [02/Dec/2025:15:01:34 +0000] "PUT /d1/882/AUTH_d1023b00803f443ea2b9f323c4072839/gnocchi.afb45d80-4ff6-46c5-ba79-0b84799e2b84/none_v3" 201 - "PUT http://172.18.0.2:8080/v1/AUTH_d1023b00803f443ea2b9f323c4072839/gnocchi.afb45d80-4ff6-46c5-ba79-0b84799e2b84/none_v3" "txf12395cc19f741bdadc06-00692eff4e" "proxy-server 20" 0.0074 "-" 23 0
Dec 2 15:01:34 standalone proxy-server[128769]: 172.18.0.2 172.18.0.100 02/Dec/2025/15/01/34 PUT /v1/AUTH_d1023b00803f443ea2b9f323c4072839/gnocchi.afb45d80-4ff6-46c5-ba79-0b84799e2b84/none_v3 HTTP/1.0 201 - python-swiftclient-3.11.1 gAAAAABpLv6p8Z5K... 22 - - txf12395cc19f741bdadc06-00692eff4e - 0.0109 - - 1764687694.751528502 1764687694.762393951 0
Dec 2 15:01:34 standalone container-server[126710]: 172.20.0.100 - - [02/Dec/2025:15:01:34 +0000] "HEAD /d1/562/AUTH_d1023b00803f443ea2b9f323c4072839/gnocchi.022019e3-6401-47d7-ba91-688fb9f45202" 404 - "HEAD http://172.18.0.2:8080/v1/AUTH_d1023b00803f443ea2b9f323c4072839/gnocchi.022019e3-6401-47d7-ba91-688fb9f45202?format=json&states=listing" "tx33d3fbe2063547c2889c1-00692eff4e" "proxy-server 20" 0.0003 "-" 21 0
Dec 2 15:01:34 standalone object-server[127068]: 172.20.0.100 - - [02/Dec/2025:15:01:34 +0000] "GET /d1/506/AUTH_d1023b00803f443ea2b9f323c4072839/gnocchi.022019e3-6401-47d7-ba91-688fb9f45202/none_v3" 404 70 "GET http://172.18.0.2:8080/v1/AUTH_d1023b00803f443ea2b9f323c4072839/gnocchi.022019e3-6401-47d7-ba91-688fb9f45202/none_v3" "tx33d3fbe2063547c2889c1-00692eff4e" "proxy-server 20" 0.0003 "-" 22 0
Dec 2 15:01:34 standalone proxy-server[128769]: 172.18.0.2 172.18.0.100 02/Dec/2025/15/01/34 GET /v1/AUTH_d1023b00803f443ea2b9f323c4072839/gnocchi.022019e3-6401-47d7-ba91-688fb9f45202/none_v3 HTTP/1.0 404 - python-swiftclient-3.11.1 gAAAAABpLv6p8Z5K... - 70 - tx33d3fbe2063547c2889c1-00692eff4e - 0.0064 - - 1764687694.769371986 1764687694.775785685 0
Dec 2 15:01:34 standalone account-server[126812]: 172.20.0.100 - - [02/Dec/2025:15:01:34 +0000] "PUT /d1/519/AUTH_d1023b00803f443ea2b9f323c4072839/gnocchi.022019e3-6401-47d7-ba91-688fb9f45202" 201 - "PUT http://172.20.0.100:6001/d1/562/AUTH_d1023b00803f443ea2b9f323c4072839/gnocchi.022019e3-6401-47d7-ba91-688fb9f45202" "txa9fe96ff92274b8d97ebf-00692eff4e" "container-server 20" 0.0045 "-" 23 0
Dec 2 15:01:34 standalone container-server[126700]: 172.20.0.100 - - [02/Dec/2025:15:01:34 +0000] "PUT /d1/562/AUTH_d1023b00803f443ea2b9f323c4072839/gnocchi.022019e3-6401-47d7-ba91-688fb9f45202" 201 - "PUT http://172.18.0.2:8080/v1/AUTH_d1023b00803f443ea2b9f323c4072839/gnocchi.022019e3-6401-47d7-ba91-688fb9f45202" "txa9fe96ff92274b8d97ebf-00692eff4e" "proxy-server 20" 0.0173 "-" 20 0
Dec 2 15:01:34 standalone proxy-server[128769]: 172.18.0.2 172.18.0.100 02/Dec/2025/15/01/34 PUT /v1/AUTH_d1023b00803f443ea2b9f323c4072839/gnocchi.022019e3-6401-47d7-ba91-688fb9f45202 HTTP/1.0 201 - python-swiftclient-3.11.1 gAAAAABpLv6p8Z5K... - - - txa9fe96ff92274b8d97ebf-00692eff4e - 0.0207 - - 1764687694.777342796 1764687694.798084497 0
Dec 2 15:01:34 standalone container-server[126710]: 172.20.0.100 - - [02/Dec/2025:15:01:34 +0000] "HEAD /d1/4/AUTH_d1023b00803f443ea2b9f323c4072839/gnocchi.c747201c-c2a7-43c5-b9e5-416edaff4382" 404 - "HEAD http://172.18.0.2:8080/v1/AUTH_d1023b00803f443ea2b9f323c4072839/gnocchi.c747201c-c2a7-43c5-b9e5-416edaff4382?format=json&states=listing" "tx407a232cd82949bd9b116-00692eff4e" "proxy-server 20" 0.0003 "-" 21 0
Dec 2 15:01:34 standalone object-server[127078]: 172.20.0.100 - - [02/Dec/2025:15:01:34 +0000] "GET /d1/778/AUTH_d1023b00803f443ea2b9f323c4072839/gnocchi.c747201c-c2a7-43c5-b9e5-416edaff4382/none_v3" 404 70 "GET http://172.18.0.2:8080/v1/AUTH_d1023b00803f443ea2b9f323c4072839/gnocchi.c747201c-c2a7-43c5-b9e5-416edaff4382/none_v3" "tx407a232cd82949bd9b116-00692eff4e" "proxy-server 20" 0.0004 "-" 25 0
Dec 2 15:01:34 standalone proxy-server[128769]: 172.18.0.2 172.18.0.100 02/Dec/2025/15/01/34 GET /v1/AUTH_d1023b00803f443ea2b9f323c4072839/gnocchi.c747201c-c2a7-43c5-b9e5-416edaff4382/none_v3 HTTP/1.0 404 - python-swiftclient-3.11.1 gAAAAABpLv6p8Z5K... - 70 - tx407a232cd82949bd9b116-00692eff4e - 0.0103 - - 1764687694.807151079 1764687694.817423820 0
Dec 2 15:01:34 standalone account-server[126807]: 172.20.0.100 - - [02/Dec/2025:15:01:34 +0000] "PUT /d1/519/AUTH_d1023b00803f443ea2b9f323c4072839/gnocchi.c747201c-c2a7-43c5-b9e5-416edaff4382" 201 - "PUT http://172.20.0.100:6001/d1/4/AUTH_d1023b00803f443ea2b9f323c4072839/gnocchi.c747201c-c2a7-43c5-b9e5-416edaff4382" "tx0a3462f5fcb24a958e1c4-00692eff4e" "container-server 21" 0.0091 "-" 22 0
Dec 2 15:01:34 standalone container-server[126710]: 172.20.0.100 - - [02/Dec/2025:15:01:34 +0000] "PUT /d1/4/AUTH_d1023b00803f443ea2b9f323c4072839/gnocchi.c747201c-c2a7-43c5-b9e5-416edaff4382" 201 - "PUT http://172.18.0.2:8080/v1/AUTH_d1023b00803f443ea2b9f323c4072839/gnocchi.c747201c-c2a7-43c5-b9e5-416edaff4382" "tx0a3462f5fcb24a958e1c4-00692eff4e" "proxy-server 20" 0.0185 "-" 21 0
Dec 2 15:01:34 standalone proxy-server[128769]: 172.18.0.2 172.18.0.100 02/Dec/2025/15/01/34 PUT /v1/AUTH_d1023b00803f443ea2b9f323c4072839/gnocchi.c747201c-c2a7-43c5-b9e5-416edaff4382 HTTP/1.0 201 - python-swiftclient-3.11.1 gAAAAABpLv6p8Z5K... - - - tx0a3462f5fcb24a958e1c4-00692eff4e - 0.0218 - - 1764687694.819356918 1764687694.841184855 0
Dec 2 15:01:34 standalone container-server[126710]: 172.20.0.100 - - [02/Dec/2025:15:01:34 +0000] "HEAD /d1/562/AUTH_d1023b00803f443ea2b9f323c4072839/gnocchi.022019e3-6401-47d7-ba91-688fb9f45202" 204 - "HEAD http://172.18.0.2:8080/v1/AUTH_d1023b00803f443ea2b9f323c4072839/gnocchi.022019e3-6401-47d7-ba91-688fb9f45202?format=json&states=listing" "txcf01354fafe24553950a6-00692eff4e" "proxy-server 20" 0.0013 "-" 21 0
Dec 2 15:01:34 standalone proxy-server[128769]: - - 02/Dec/2025/15/01/34 HEAD /v1/AUTH_d1023b00803f443ea2b9f323c4072839/gnocchi.022019e3-6401-47d7-ba91-688fb9f45202%3Fformat%3Djson%26states%3Dlisting HTTP/1.0 204 - Swift - - - - txcf01354fafe24553950a6-00692eff4e - 0.0041 RL - 1764687694.849277973 1764687694.853369236 0
Dec 2 15:01:34 standalone container-server[126710]: 172.20.0.100 - - [02/Dec/2025:15:01:34 +0000] "GET /d1/562/AUTH_d1023b00803f443ea2b9f323c4072839/gnocchi.022019e3-6401-47d7-ba91-688fb9f45202" 200 2 "GET http://172.18.0.2:8080/v1/AUTH_d1023b00803f443ea2b9f323c4072839/gnocchi.022019e3-6401-47d7-ba91-688fb9f45202?format=json&states=listing" "txcf01354fafe24553950a6-00692eff4e" "proxy-server 20" 0.0016 "-" 21 0
Dec 2 15:01:34 standalone proxy-server[128769]: 172.18.0.2 172.18.0.100 02/Dec/2025/15/01/34 GET /v1/AUTH_d1023b00803f443ea2b9f323c4072839/gnocchi.022019e3-6401-47d7-ba91-688fb9f45202%3Fformat%3Djson%26states%3Dlisting HTTP/1.0 200 - python-swiftclient-3.11.1 gAAAAABpLv6p8Z5K... - 2 - txcf01354fafe24553950a6-00692eff4e - 0.0112 - - 1764687694.848115444 1764687694.859350204 0
Dec 2 15:01:34 standalone container-server[126719]: 172.20.0.100 - - [02/Dec/2025:15:01:34 +0000] "HEAD /d1/4/AUTH_d1023b00803f443ea2b9f323c4072839/gnocchi.c747201c-c2a7-43c5-b9e5-416edaff4382" 204 - "HEAD http://172.18.0.2:8080/v1/AUTH_d1023b00803f443ea2b9f323c4072839/gnocchi.c747201c-c2a7-43c5-b9e5-416edaff4382?format=json&states=listing" "tx27e1f4f5bbc744e38b201-00692eff4e" "proxy-server 20" 0.0011 "-" 22 0
Dec 2 15:01:34 standalone proxy-server[128769]: - - 02/Dec/2025/15/01/34 HEAD /v1/AUTH_d1023b00803f443ea2b9f323c4072839/gnocchi.c747201c-c2a7-43c5-b9e5-416edaff4382%3Fformat%3Djson%26states%3Dlisting HTTP/1.0 204 - Swift - - - - tx27e1f4f5bbc744e38b201-00692eff4e - 0.0058 RL - 1764687694.862876892 1764687694.868724108 0
Dec 2 15:01:34 standalone container-server[126721]: 172.20.0.100 - - [02/Dec/2025:15:01:34 +0000] "GET /d1/4/AUTH_d1023b00803f443ea2b9f323c4072839/gnocchi.c747201c-c2a7-43c5-b9e5-416edaff4382" 200 2 "GET http://172.18.0.2:8080/v1/AUTH_d1023b00803f443ea2b9f323c4072839/gnocchi.c747201c-c2a7-43c5-b9e5-416edaff4382?format=json&states=listing" "tx27e1f4f5bbc744e38b201-00692eff4e" "proxy-server 20" 0.0017 "-" 23 0
Dec 2 15:01:34 standalone proxy-server[128769]: 172.18.0.2 172.18.0.100 02/Dec/2025/15/01/34 GET /v1/AUTH_d1023b00803f443ea2b9f323c4072839/gnocchi.c747201c-c2a7-43c5-b9e5-416edaff4382%3Fformat%3Djson%26states%3Dlisting HTTP/1.0 200 - python-swiftclient-3.11.1 gAAAAABpLv6p8Z5K... - 2 - tx27e1f4f5bbc744e38b201-00692eff4e - 0.0133 - - 1764687694.862114668 1764687694.875410080 0
Dec 2 15:01:34 standalone object-server[127068]: 172.20.0.100 - - [02/Dec/2025:15:01:34 +0000] "GET /d1/887/AUTH_d1023b00803f443ea2b9f323c4072839/gnocchi.022019e3-6401-47d7-ba91-688fb9f45202/1763640000.0_mean_300.0_v3" 404 70 "GET http://172.18.0.2:8080/v1/AUTH_d1023b00803f443ea2b9f323c4072839/gnocchi.022019e3-6401-47d7-ba91-688fb9f45202/1763640000.0_mean_300.0_v3" "tx6b2b8030063e430face15-00692eff4e" "proxy-server 20" 0.0004 "-" 22 0
Dec 2 15:01:34 standalone proxy-server[128769]: 172.18.0.2 172.18.0.100 02/Dec/2025/15/01/34 GET /v1/AUTH_d1023b00803f443ea2b9f323c4072839/gnocchi.022019e3-6401-47d7-ba91-688fb9f45202/1763640000.0_mean_300.0_v3 HTTP/1.0 404 - python-swiftclient-3.11.1 gAAAAABpLv6p8Z5K... - 70 - tx6b2b8030063e430face15-00692eff4e - 0.0066 - - 1764687694.877759933 1764687694.884380579 0
Dec 2 15:01:34 standalone object-server[127076]: 172.20.0.100 - - [02/Dec/2025:15:01:34 +0000] "GET /d1/634/AUTH_d1023b00803f443ea2b9f323c4072839/gnocchi.c747201c-c2a7-43c5-b9e5-416edaff4382/1763640000.0_mean_300.0_v3" 404 70 "GET http://172.18.0.2:8080/v1/AUTH_d1023b00803f443ea2b9f323c4072839/gnocchi.c747201c-c2a7-43c5-b9e5-416edaff4382/1763640000.0_mean_300.0_v3" "tx1941f88827b54e79bbc6a-00692eff4e" "proxy-server 20" 0.0003 "-" 24 0
Dec 2 15:01:34 standalone proxy-server[128769]: 172.18.0.2 172.18.0.100 02/Dec/2025/15/01/34 GET /v1/AUTH_d1023b00803f443ea2b9f323c4072839/gnocchi.c747201c-c2a7-43c5-b9e5-416edaff4382/1763640000.0_mean_300.0_v3 HTTP/1.0 404 - python-swiftclient-3.11.1 gAAAAABpLv6p8Z5K... - 70 - tx1941f88827b54e79bbc6a-00692eff4e - 0.0124 - - 1764687694.888264179 1764687694.900678396 0
Dec 2 15:01:34 standalone container-server[126700]: 172.20.0.100 - - [02/Dec/2025:15:01:34 +0000] "PUT /d1/562/AUTH_d1023b00803f443ea2b9f323c4072839/gnocchi.022019e3-6401-47d7-ba91-688fb9f45202/1763640000.0_mean_300.0_v3" 201 - "PUT http://172.18.0.2:8080/d1/887/AUTH_d1023b00803f443ea2b9f323c4072839/gnocchi.022019e3-6401-47d7-ba91-688fb9f45202/1763640000.0_mean_300.0_v3" "tx4edb34d757f64b69a9d2e-00692eff4e" "object-server 24" 0.0005 "-" 20 0
Dec 2 15:01:34 standalone object-server[127076]: 172.20.0.100 - - [02/Dec/2025:15:01:34 +0000] "PUT /d1/887/AUTH_d1023b00803f443ea2b9f323c4072839/gnocchi.022019e3-6401-47d7-ba91-688fb9f45202/1763640000.0_mean_300.0_v3" 201 - "PUT http://172.18.0.2:8080/v1/AUTH_d1023b00803f443ea2b9f323c4072839/gnocchi.022019e3-6401-47d7-ba91-688fb9f45202/1763640000.0_mean_300.0_v3" "tx4edb34d757f64b69a9d2e-00692eff4e" "proxy-server 20" 0.0132 "-" 24 0
Dec 2 15:01:34 standalone proxy-server[128769]: 172.18.0.2 172.18.0.100 02/Dec/2025/15/01/34 PUT /v1/AUTH_d1023b00803f443ea2b9f323c4072839/gnocchi.022019e3-6401-47d7-ba91-688fb9f45202/1763640000.0_mean_300.0_v3 HTTP/1.0 201 - python-swiftclient-3.11.1 gAAAAABpLv6p8Z5K... 16 - - tx4edb34d757f64b69a9d2e-00692eff4e - 0.0184 - - 1764687694.907098055 1764687694.925517559 0
Dec 2 15:01:34 standalone container-server[126700]: 172.20.0.100 - - [02/Dec/2025:15:01:34 +0000] "PUT /d1/4/AUTH_d1023b00803f443ea2b9f323c4072839/gnocchi.c747201c-c2a7-43c5-b9e5-416edaff4382/1763640000.0_mean_300.0_v3" 201 - "PUT http://172.18.0.2:8080/d1/634/AUTH_d1023b00803f443ea2b9f323c4072839/gnocchi.c747201c-c2a7-43c5-b9e5-416edaff4382/1763640000.0_mean_300.0_v3" "txb10d4e95a326433a90c85-00692eff4e" "object-server 22" 0.0004 "-" 20 0
Dec 2 15:01:34 standalone object-server[127068]: 172.20.0.100 - - [02/Dec/2025:15:01:34 +0000] "PUT /d1/634/AUTH_d1023b00803f443ea2b9f323c4072839/gnocchi.c747201c-c2a7-43c5-b9e5-416edaff4382/1763640000.0_mean_300.0_v3" 201 - "PUT http://172.18.0.2:8080/v1/AUTH_d1023b00803f443ea2b9f323c4072839/gnocchi.c747201c-c2a7-43c5-b9e5-416edaff4382/1763640000.0_mean_300.0_v3" "txb10d4e95a326433a90c85-00692eff4e" "proxy-server 20" 0.0093 "-" 22 0
Dec 2 15:01:34 standalone proxy-server[128769]: 172.18.0.2 172.18.0.100 02/Dec/2025/15/01/34 PUT /v1/AUTH_d1023b00803f443ea2b9f323c4072839/gnocchi.c747201c-c2a7-43c5-b9e5-416edaff4382/1763640000.0_mean_300.0_v3 HTTP/1.0 201 - python-swiftclient-3.11.1 gAAAAABpLv6p8Z5K... 16 - - txb10d4e95a326433a90c85-00692eff4e - 0.0186 - - 1764687694.927894354 1764687694.946530104 0
Dec 2 15:01:34 standalone container-server[126721]: 172.20.0.100 - - [02/Dec/2025:15:01:34 +0000] "PUT /d1/562/AUTH_d1023b00803f443ea2b9f323c4072839/gnocchi.022019e3-6401-47d7-ba91-688fb9f45202/none_v3" 201 - "PUT http://172.18.0.2:8080/d1/506/AUTH_d1023b00803f443ea2b9f323c4072839/gnocchi.022019e3-6401-47d7-ba91-688fb9f45202/none_v3" "tx17500b43119f467fa2c2e-00692eff4e" "object-server 22" 0.0004 "-" 23 0
Dec 2 15:01:34 standalone object-server[127068]: 172.20.0.100 - - [02/Dec/2025:15:01:34 +0000] "PUT /d1/506/AUTH_d1023b00803f443ea2b9f323c4072839/gnocchi.022019e3-6401-47d7-ba91-688fb9f45202/none_v3" 201 - "PUT http://172.18.0.2:8080/v1/AUTH_d1023b00803f443ea2b9f323c4072839/gnocchi.022019e3-6401-47d7-ba91-688fb9f45202/none_v3" "tx17500b43119f467fa2c2e-00692eff4e" "proxy-server 20" 0.0085 "-" 22 0
Dec 2 15:01:34 standalone proxy-server[128769]: 172.18.0.2 172.18.0.100 02/Dec/2025/15/01/34 PUT /v1/AUTH_d1023b00803f443ea2b9f323c4072839/gnocchi.022019e3-6401-47d7-ba91-688fb9f45202/none_v3 HTTP/1.0 201 - python-swiftclient-3.11.1 gAAAAABpLv6p8Z5K... 22 - - tx17500b43119f467fa2c2e-00692eff4e - 0.0142 - - 1764687694.948894978 1764687694.963058949 0
Dec 2 15:01:34 standalone container-server[126721]: 172.20.0.100 - - [02/Dec/2025:15:01:34 +0000] "PUT /d1/4/AUTH_d1023b00803f443ea2b9f323c4072839/gnocchi.c747201c-c2a7-43c5-b9e5-416edaff4382/none_v3" 201 - "PUT http://172.18.0.2:8080/d1/778/AUTH_d1023b00803f443ea2b9f323c4072839/gnocchi.c747201c-c2a7-43c5-b9e5-416edaff4382/none_v3" "tx5d733f0059b449509051c-00692eff4e" "object-server 23" 0.0006 "-" 23 0
Dec 2 15:01:34 standalone object-server[127074]: 172.20.0.100 - - [02/Dec/2025:15:01:34 +0000] "PUT /d1/778/AUTH_d1023b00803f443ea2b9f323c4072839/gnocchi.c747201c-c2a7-43c5-b9e5-416edaff4382/none_v3" 201 - "PUT http://172.18.0.2:8080/v1/AUTH_d1023b00803f443ea2b9f323c4072839/gnocchi.c747201c-c2a7-43c5-b9e5-416edaff4382/none_v3" "tx5d733f0059b449509051c-00692eff4e" "proxy-server 20" 0.0152 "-" 23 0
Dec 2 15:01:34 standalone proxy-server[128769]: 172.18.0.2 172.18.0.100 02/Dec/2025/15/01/34 PUT /v1/AUTH_d1023b00803f443ea2b9f323c4072839/gnocchi.c747201c-c2a7-43c5-b9e5-416edaff4382/none_v3 HTTP/1.0 201 - python-swiftclient-3.11.1 gAAAAABpLv6p8Z5K... 22 - - tx5d733f0059b449509051c-00692eff4e - 0.0201 - - 1764687694.965448618 1764687694.985551357 0
Dec 2 15:01:35 standalone container-server[126719]: 172.20.0.100 - - [02/Dec/2025:15:01:35 +0000] "HEAD /d1/606/AUTH_d1023b00803f443ea2b9f323c4072839/gnocchi.d969bbbc-c3e5-4ad0-b487-a9d15f04e30e" 404 - "HEAD http://172.18.0.2:8080/v1/AUTH_d1023b00803f443ea2b9f323c4072839/gnocchi.d969bbbc-c3e5-4ad0-b487-a9d15f04e30e?format=json&states=listing" "tx6277da4ad8804beab84e2-00692eff4e" "proxy-server 20" 0.0003 "-" 22 0
Dec 2 15:01:35 standalone object-server[127076]: 172.20.0.100 - - [02/Dec/2025:15:01:35 +0000] "GET /d1/343/AUTH_d1023b00803f443ea2b9f323c4072839/gnocchi.d969bbbc-c3e5-4ad0-b487-a9d15f04e30e/none_v3" 404 70 "GET http://172.18.0.2:8080/v1/AUTH_d1023b00803f443ea2b9f323c4072839/gnocchi.d969bbbc-c3e5-4ad0-b487-a9d15f04e30e/none_v3" "tx6277da4ad8804beab84e2-00692eff4e" "proxy-server 20" 0.0003 "-" 24 0
Dec 2 15:01:35 standalone proxy-server[128769]: 172.18.0.2 172.18.0.100 02/Dec/2025/15/01/35 GET /v1/AUTH_d1023b00803f443ea2b9f323c4072839/gnocchi.d969bbbc-c3e5-4ad0-b487-a9d15f04e30e/none_v3 HTTP/1.0 404 - python-swiftclient-3.11.1 gAAAAABpLv6p8Z5K... - 70 - tx6277da4ad8804beab84e2-00692eff4e - 0.0081 - - 1764687694.998288870 1764687695.006380320 0
Dec 2 15:01:35 standalone account-server[126801]: 172.20.0.100 - - [02/Dec/2025:15:01:35 +0000] "PUT /d1/519/AUTH_d1023b00803f443ea2b9f323c4072839/gnocchi.d969bbbc-c3e5-4ad0-b487-a9d15f04e30e" 201 - "PUT http://172.20.0.100:6001/d1/606/AUTH_d1023b00803f443ea2b9f323c4072839/gnocchi.d969bbbc-c3e5-4ad0-b487-a9d15f04e30e" "tx0bf281ad8b884083904b9-00692eff4f" "container-server 21" 0.0041 "-" 20 0
Dec 2 15:01:35 standalone container-server[126710]: 172.20.0.100 - - [02/Dec/2025:15:01:35 +0000] "PUT /d1/606/AUTH_d1023b00803f443ea2b9f323c4072839/gnocchi.d969bbbc-c3e5-4ad0-b487-a9d15f04e30e" 201 - "PUT http://172.18.0.2:8080/v1/AUTH_d1023b00803f443ea2b9f323c4072839/gnocchi.d969bbbc-c3e5-4ad0-b487-a9d15f04e30e" "tx0bf281ad8b884083904b9-00692eff4f" "proxy-server 20" 0.0191 "-" 21 0
Dec 2 15:01:35 standalone proxy-server[128769]: 172.18.0.2 172.18.0.100 02/Dec/2025/15/01/35 PUT /v1/AUTH_d1023b00803f443ea2b9f323c4072839/gnocchi.d969bbbc-c3e5-4ad0-b487-a9d15f04e30e HTTP/1.0 201 - python-swiftclient-3.11.1 gAAAAABpLv6p8Z5K... - - - tx0bf281ad8b884083904b9-00692eff4f - 0.0248 - - 1764687695.008823872 1764687695.033579588 0
Dec 2 15:01:35 standalone container-server[126710]: 172.20.0.100 - - [02/Dec/2025:15:01:35 +0000] "HEAD /d1/606/AUTH_d1023b00803f443ea2b9f323c4072839/gnocchi.d969bbbc-c3e5-4ad0-b487-a9d15f04e30e" 204 - "HEAD http://172.18.0.2:8080/v1/AUTH_d1023b00803f443ea2b9f323c4072839/gnocchi.d969bbbc-c3e5-4ad0-b487-a9d15f04e30e?format=json&states=listing" "txe7022350cb3f41198f388-00692eff4f" "proxy-server 20" 0.0010 "-" 21 0
Dec 2 15:01:35 standalone proxy-server[128769]: - - 02/Dec/2025/15/01/35 HEAD /v1/AUTH_d1023b00803f443ea2b9f323c4072839/gnocchi.d969bbbc-c3e5-4ad0-b487-a9d15f04e30e%3Fformat%3Djson%26states%3Dlisting HTTP/1.0 204 - Swift - - - - txe7022350cb3f41198f388-00692eff4f - 0.0033 RL - 1764687695.037150621 1764687695.040457487 0
Dec 2 15:01:35 standalone container-server[126721]: 172.20.0.100 - - [02/Dec/2025:15:01:35 +0000] "GET /d1/606/AUTH_d1023b00803f443ea2b9f323c4072839/gnocchi.d969bbbc-c3e5-4ad0-b487-a9d15f04e30e" 200 2 "GET http://172.18.0.2:8080/v1/AUTH_d1023b00803f443ea2b9f323c4072839/gnocchi.d969bbbc-c3e5-4ad0-b487-a9d15f04e30e?format=json&states=listing" "txe7022350cb3f41198f388-00692eff4f" "proxy-server 20" 0.0021 "-" 23 0
Dec 2 15:01:35 standalone proxy-server[128769]: 172.18.0.2 172.18.0.100 02/Dec/2025/15/01/35 GET /v1/AUTH_d1023b00803f443ea2b9f323c4072839/gnocchi.d969bbbc-c3e5-4ad0-b487-a9d15f04e30e%3Fformat%3Djson%26states%3Dlisting HTTP/1.0 200 - python-swiftclient-3.11.1 gAAAAABpLv6p8Z5K... - 2 - txe7022350cb3f41198f388-00692eff4f - 0.0117 - - 1764687695.036339521 1764687695.048068762 0
Dec 2 15:01:35 standalone object-server[127074]: 172.20.0.100 - - [02/Dec/2025:15:01:35 +0000] "GET /d1/672/AUTH_d1023b00803f443ea2b9f323c4072839/gnocchi.d969bbbc-c3e5-4ad0-b487-a9d15f04e30e/1763640000.0_mean_300.0_v3" 404 70 "GET http://172.18.0.2:8080/v1/AUTH_d1023b00803f443ea2b9f323c4072839/gnocchi.d969bbbc-c3e5-4ad0-b487-a9d15f04e30e/1763640000.0_mean_300.0_v3" "tx4add2c96a1ba4c7a9c616-00692eff4f" "proxy-server 20" 0.0003 "-" 23 0
Dec 2 15:01:35 standalone proxy-server[128769]: 172.18.0.2 172.18.0.100 02/Dec/2025/15/01/35 GET /v1/AUTH_d1023b00803f443ea2b9f323c4072839/gnocchi.d969bbbc-c3e5-4ad0-b487-a9d15f04e30e/1763640000.0_mean_300.0_v3 HTTP/1.0 404 - python-swiftclient-3.11.1 gAAAAABpLv6p8Z5K... - 70 - tx4add2c96a1ba4c7a9c616-00692eff4f - 0.0042 - - 1764687695.050863504 1764687695.055112600 0
Dec 2 15:01:35 standalone container-server[126721]: 172.20.0.100 - - [02/Dec/2025:15:01:35 +0000] "PUT /d1/606/AUTH_d1023b00803f443ea2b9f323c4072839/gnocchi.d969bbbc-c3e5-4ad0-b487-a9d15f04e30e/1763640000.0_mean_300.0_v3" 201 - "PUT http://172.18.0.2:8080/d1/672/AUTH_d1023b00803f443ea2b9f323c4072839/gnocchi.d969bbbc-c3e5-4ad0-b487-a9d15f04e30e/1763640000.0_mean_300.0_v3" "tx2b296b0fdc8d4a25ba399-00692eff4f" "object-server 23" 0.0004 "-" 23 0
Dec 2 15:01:35 standalone object-server[127074]: 172.20.0.100 - - [02/Dec/2025:15:01:35 +0000] "PUT /d1/672/AUTH_d1023b00803f443ea2b9f323c4072839/gnocchi.d969bbbc-c3e5-4ad0-b487-a9d15f04e30e/1763640000.0_mean_300.0_v3" 201 - "PUT http://172.18.0.2:8080/v1/AUTH_d1023b00803f443ea2b9f323c4072839/gnocchi.d969bbbc-c3e5-4ad0-b487-a9d15f04e30e/1763640000.0_mean_300.0_v3" "tx2b296b0fdc8d4a25ba399-00692eff4f" "proxy-server 20" 0.0137 "-" 23 0
Dec 2 15:01:35 standalone proxy-server[128769]: 172.18.0.2 172.18.0.100 02/Dec/2025/15/01/35 PUT /v1/AUTH_d1023b00803f443ea2b9f323c4072839/gnocchi.d969bbbc-c3e5-4ad0-b487-a9d15f04e30e/1763640000.0_mean_300.0_v3 HTTP/1.0 201 - python-swiftclient-3.11.1 gAAAAABpLv6p8Z5K... 16 - - tx2b296b0fdc8d4a25ba399-00692eff4f - 0.0209 - - 1764687695.057208300 1764687695.078059196 0
Dec 2 15:01:35 standalone container-server[126700]: 172.20.0.100 - - [02/Dec/2025:15:01:35 +0000] "PUT /d1/606/AUTH_d1023b00803f443ea2b9f323c4072839/gnocchi.d969bbbc-c3e5-4ad0-b487-a9d15f04e30e/none_v3" 201 - "PUT http://172.18.0.2:8080/d1/343/AUTH_d1023b00803f443ea2b9f323c4072839/gnocchi.d969bbbc-c3e5-4ad0-b487-a9d15f04e30e/none_v3" "txcfa0b5e6e5a94f3bb6f65-00692eff4f" "object-server 24" 0.0006 "-" 20 0
Dec 2 15:01:35 standalone object-server[127076]: 172.20.0.100 - - [02/Dec/2025:15:01:35 +0000] "PUT /d1/343/AUTH_d1023b00803f443ea2b9f323c4072839/gnocchi.d969bbbc-c3e5-4ad0-b487-a9d15f04e30e/none_v3" 201 - "PUT http://172.18.0.2:8080/v1/AUTH_d1023b00803f443ea2b9f323c4072839/gnocchi.d969bbbc-c3e5-4ad0-b487-a9d15f04e30e/none_v3" "txcfa0b5e6e5a94f3bb6f65-00692eff4f" "proxy-server 20" 0.0101 "-" 24 0
Dec 2 15:01:35 standalone proxy-server[128769]: 172.18.0.2 172.18.0.100 02/Dec/2025/15/01/35 PUT /v1/AUTH_d1023b00803f443ea2b9f323c4072839/gnocchi.d969bbbc-c3e5-4ad0-b487-a9d15f04e30e/none_v3 HTTP/1.0 201 - python-swiftclient-3.11.1 gAAAAABpLv6p8Z5K... 22 - - txcfa0b5e6e5a94f3bb6f65-00692eff4f - 0.0221 - - 1764687695.080520391 1764687695.102642059 0
Dec 2 15:01:43 standalone container-server[126759]: Begin container update sweep
Dec 2 15:01:43 standalone account-server[126807]: 172.20.0.100 - - [02/Dec/2025:15:01:43 +0000] "PUT /d1/519/AUTH_d1023b00803f443ea2b9f323c4072839/gnocchi.781b2eeb-7efb-42f5-8707-225cd20d7454" 201 - "-" "-" "container-updater 2" 0.0011 "-" 22 0
Dec 2 15:01:43 standalone account-server[126812]: 172.20.0.100 - - [02/Dec/2025:15:01:43 +0000] "PUT /d1/519/AUTH_d1023b00803f443ea2b9f323c4072839/gnocchi.0f3d5527-f35b-4282-9663-beeac432d469" 201 - "-" "-" "container-updater 2" 0.0007 "-" 23 0
Dec 2 15:01:43 standalone account-server[126806]: 172.20.0.100 - - [02/Dec/2025:15:01:43 +0000] "PUT /d1/519/AUTH_d1023b00803f443ea2b9f323c4072839/gnocchi.209c0cc5-2e34-4520-b9ca-503b066323e3" 201 - "-" "-" "container-updater 2" 0.0005 "-" 21 0
Dec 2 15:01:43 standalone account-server[126801]: 172.20.0.100 - - [02/Dec/2025:15:01:43 +0000] "PUT /d1/519/AUTH_d1023b00803f443ea2b9f323c4072839/gnocchi.85d9fc55-65c5-4f19-88bd-4e798e69c890" 201 - "-" "-" "container-updater 2" 0.0006 "-" 20 0
Dec 2 15:01:43 standalone account-server[126807]: 172.20.0.100 - - [02/Dec/2025:15:01:43 +0000] "PUT /d1/519/AUTH_d1023b00803f443ea2b9f323c4072839/gnocchi.4b9d0529-e706-431a-9500-b358fe1f50fe" 201 - "-" "-" "container-updater 2" 0.0004 "-" 22 0
Dec 2 15:01:43 standalone account-server[126807]: 172.20.0.100 - - [02/Dec/2025:15:01:43 +0000] "PUT /d1/519/AUTH_d1023b00803f443ea2b9f323c4072839/gnocchi.dec83b8c-aa31-4ba1-a7c1-acae3fd8e103" 201 - "-" "-" "container-updater 2" 0.0007 "-" 22 0
Dec 2 15:01:44 standalone account-server[126812]: 172.20.0.100 - - [02/Dec/2025:15:01:44 +0000] "PUT /d1/519/AUTH_d1023b00803f443ea2b9f323c4072839/gnocchi.d5831a8e-890f-45d0-8dd1-8f7274dc4ce2" 201 - "-" "-" "container-updater 2" 0.0007 "-" 23 0
Dec 2 15:01:44 standalone account-server[126812]: 172.20.0.100 - - [02/Dec/2025:15:01:44 +0000] "PUT /d1/519/AUTH_d1023b00803f443ea2b9f323c4072839/gnocchi.9b592a31-a4b7-4d11-b9f0-cf74f63919fe" 201 - "-" "-" "container-updater 2" 0.0007 "-" 23 0
Dec 2 15:01:44 standalone account-server[126806]: 172.20.0.100 - - [02/Dec/2025:15:01:44 +0000] "PUT /d1/519/AUTH_d1023b00803f443ea2b9f323c4072839/gnocchi.862345d5-07e0-4e4a-86b9-7dc07bda92f2" 201 - "-" "-" "container-updater 2" 0.0005 "-" 21 0
Dec 2 15:01:44 standalone account-server[126807]: 172.20.0.100 - - [02/Dec/2025:15:01:44 +0000] "PUT /d1/519/AUTH_d1023b00803f443ea2b9f323c4072839/gnocchi.ebe86215-93f6-4979-a09d-5a052b64f341" 201 - "-" "-" "container-updater 2" 0.0005 "-" 22 0
Dec 2 15:01:44 standalone account-server[126812]: 172.20.0.100 - - [02/Dec/2025:15:01:44 +0000] "PUT /d1/519/AUTH_d1023b00803f443ea2b9f323c4072839/gnocchi.23fc8fa2-8f2f-4638-a349-c85d99473883" 201 - "-" "-" "container-updater 2" 0.0006 "-" 23 0
Dec 2 15:01:44 standalone account-server[126812]: 172.20.0.100 - - [02/Dec/2025:15:01:44 +0000] "PUT /d1/519/AUTH_d1023b00803f443ea2b9f323c4072839/gnocchi.d969bbbc-c3e5-4ad0-b487-a9d15f04e30e" 201 - "-" "-" "container-updater 2" 0.0006 "-" 23 0
Dec 2 15:01:44 standalone account-server[126807]: 172.20.0.100 - - [02/Dec/2025:15:01:44 +0000] "PUT /d1/519/AUTH_d1023b00803f443ea2b9f323c4072839/gnocchi.b44257e5-0f5e-4c5d-981c-c1d274240940" 201 - "-" "-" "container-updater 2" 0.0008 "-" 22 0
Dec 2 15:01:44 standalone account-server[126812]: 172.20.0.100 - - [02/Dec/2025:15:01:44 +0000] "PUT /d1/519/AUTH_d1023b00803f443ea2b9f323c4072839/gnocchi.8161ba0c-26b2-450a-a6e9-86491825a0fe" 201 - "-" "-" "container-updater 2" 0.0006 "-" 23 0
Dec 2 15:01:44 standalone account-server[126807]: 172.20.0.100 - - [02/Dec/2025:15:01:44 +0000] "PUT /d1/519/AUTH_d1023b00803f443ea2b9f323c4072839/gnocchi.7a2d7ef5-e523-4430-b77e-1d7c2908faa9" 201 - "-" "-" "container-updater 2" 0.0007 "-" 22 0
Dec 2 15:01:44 standalone account-server[126806]: 172.20.0.100 - - [02/Dec/2025:15:01:44 +0000] "PUT /d1/519/AUTH_d1023b00803f443ea2b9f323c4072839/gnocchi.67cf0f28-4411-4696-af9a-dcdcf5b424ee" 201 - "-" "-" "container-updater 2" 0.0005 "-" 21 0
Dec 2 15:01:45 standalone account-server[126812]: 172.20.0.100 - - [02/Dec/2025:15:01:45 +0000] "PUT /d1/519/AUTH_d1023b00803f443ea2b9f323c4072839/gnocchi.8fb24b5b-5dc9-4c3a-b91d-2e84d54725c1" 201 - "-" "-" "container-updater 2" 0.0007 "-" 23 0
Dec 2 15:01:45 standalone account-server[126812]: 172.20.0.100 - - [02/Dec/2025:15:01:45 +0000] "PUT /d1/519/AUTH_d1023b00803f443ea2b9f323c4072839/gnocchi.1b1abe42-029e-4247-ad8c-83d598778000" 201 - "-" "-" "container-updater 2" 0.0007 "-" 23 0
Dec 2 15:01:45 standalone account-server[126807]: 172.20.0.100 - - [02/Dec/2025:15:01:45 +0000] "PUT /d1/519/AUTH_d1023b00803f443ea2b9f323c4072839/gnocchi.571885f8-9172-40bb-8a20-23d2f3b0d012" 201 - "-" "-" "container-updater 2" 0.0006 "-" 22 0
Dec 2 15:01:45 standalone account-server[126806]: 172.20.0.100 - - [02/Dec/2025:15:01:45 +0000] "PUT /d1/519/AUTH_d1023b00803f443ea2b9f323c4072839/gnocchi.3c9e9b09-1ab2-42fa-abde-b55407115146" 201 - "-" "-" "container-updater 2" 0.0007 "-" 21 0
Dec 2 15:01:45 standalone account-server[126806]: 172.20.0.100 - - [02/Dec/2025:15:01:45 +0000] "PUT /d1/519/AUTH_d1023b00803f443ea2b9f323c4072839/gnocchi.788f502d-b69b-4a90-baa3-81bb13b2bd40" 201 - "-" "-" "container-updater 2" 0.0007 "-" 21 0
Dec 2 15:01:45 standalone account-server[126806]: 172.20.0.100 - - [02/Dec/2025:15:01:45 +0000] "PUT /d1/519/AUTH_d1023b00803f443ea2b9f323c4072839/gnocchi.ab6e9be2-8f3a-46af-9fde-69e5f1931943" 201 - "-" "-" "container-updater 2" 0.0006 "-" 21 0
Dec 2 15:01:45 standalone account-server[126807]: 172.20.0.100 - - [02/Dec/2025:15:01:45 +0000] "PUT /d1/519/AUTH_d1023b00803f443ea2b9f323c4072839/gnocchi.5ebb0f14-2d1f-4316-bb07-ec78363b921d" 201 - "-" "-" "container-updater 2" 0.0007 "-" 22 0
Dec 2 15:01:45 standalone account-server[126812]: 172.20.0.100 - - [02/Dec/2025:15:01:45 +0000] "PUT /d1/519/AUTH_d1023b00803f443ea2b9f323c4072839/gnocchi.afb45d80-4ff6-46c5-ba79-0b84799e2b84" 201 - "-" "-" "container-updater 2" 0.0006 "-" 23 0
Dec 2 15:01:45 standalone account-server[126806]: 172.20.0.100 - - [02/Dec/2025:15:01:45 +0000] "PUT /d1/519/AUTH_d1023b00803f443ea2b9f323c4072839/gnocchi.bb7dab85-9214-4d35-9994-ee8a0ca2a973" 201 - "-" "-" "container-updater 2" 0.0007 "-" 21 0
Dec 2 15:01:45 standalone account-server[126806]: 172.20.0.100 - - [02/Dec/2025:15:01:45 +0000] "PUT /d1/519/AUTH_d1023b00803f443ea2b9f323c4072839/gnocchi.021db18c-c44c-4b9e-bc63-c191f622bd76" 201 - "-" "-" "container-updater 2" 0.0010 "-" 21 0
Dec 2 15:01:45 standalone account-server[126807]: 172.20.0.100 - - [02/Dec/2025:15:01:45 +0000] "PUT /d1/519/AUTH_d1023b00803f443ea2b9f323c4072839/gnocchi.0705aefc-329c-4d38-bf2f-1c852ca9df50" 201 - "-" "-" "container-updater 2" 0.0007 "-" 22 0
Dec 2 15:01:45 standalone account-server[126807]: 172.20.0.100 - - [02/Dec/2025:15:01:45 +0000] "PUT /d1/519/AUTH_d1023b00803f443ea2b9f323c4072839/gnocchi.0910b7be-0cda-4950-958e-7df9bf03a1f1" 201 - "-" "-" "container-updater 2" 0.0007 "-" 22 0
Dec 2 15:01:45 standalone account-server[126807]: 172.20.0.100 - - [02/Dec/2025:15:01:45 +0000] "PUT /d1/519/AUTH_d1023b00803f443ea2b9f323c4072839/gnocchi.97dc4cf2-0805-463d-9ea0-d757aeed12b6" 201 - "-" "-" "container-updater 2" 0.0005 "-" 22 0
Dec 2 15:01:46 standalone account-server[126806]: 172.20.0.100 - - [02/Dec/2025:15:01:46 +0000] "PUT /d1/519/AUTH_d1023b00803f443ea2b9f323c4072839/gnocchi.99e178d5-f3b0-4e07-9555-1ff4e8d8acec" 201 - "-" "-" "container-updater 2" 0.0007 "-" 21 0
Dec 2 15:01:46 standalone account-server[126807]: 172.20.0.100 - - [02/Dec/2025:15:01:46 +0000] "PUT /d1/519/AUTH_d1023b00803f443ea2b9f323c4072839/gnocchi.ed6564ea-a6ba-4077-80ff-a4cec7647924" 201 - "-" "-" "container-updater 2" 0.0006 "-" 22 0
Dec 2 15:01:46 standalone account-server[126801]: 172.20.0.100 - - [02/Dec/2025:15:01:46 +0000] "PUT /d1/519/AUTH_d1023b00803f443ea2b9f323c4072839/gnocchi.7afeb29a-5c96-43f3-9756-cd9536d1c1d6" 201 - "-" "-" "container-updater 2" 0.0004 "-" 20 0
Dec 2 15:01:46 standalone account-server[126806]: 172.20.0.100 - - [02/Dec/2025:15:01:46 +0000] "PUT /d1/519/AUTH_d1023b00803f443ea2b9f323c4072839/gnocchi.c838b4df-babc-4e39-82de-f36c2c5062b0" 201 - "-" "-" "container-updater 2" 0.0007 "-" 21 0
Dec 2 15:01:46 standalone account-server[126806]: 172.20.0.100 - - [02/Dec/2025:15:01:46 +0000] "PUT /d1/519/AUTH_d1023b00803f443ea2b9f323c4072839/gnocchi.c747201c-c2a7-43c5-b9e5-416edaff4382" 201 - "-" "-" "container-updater 2" 0.0007 "-" 21 0
Dec 2 15:01:46 standalone account-server[126806]: 172.20.0.100 - - [02/Dec/2025:15:01:46 +0000] "PUT /d1/519/AUTH_d1023b00803f443ea2b9f323c4072839/gnocchi.7173882a-058f-4db6-bc89-b2d5918cc67e" 201 - "-" "-" "container-updater 2" 0.0007 "-" 21 0
Dec 2 15:01:46 standalone account-server[126807]: 172.20.0.100 - - [02/Dec/2025:15:01:46 +0000] "PUT /d1/519/AUTH_d1023b00803f443ea2b9f323c4072839/gnocchi.75fd369c-b24c-4022-ae3e-d65ddef1dd4c" 201 - "-" "-" "container-updater 2" 0.0006 "-" 22 0
Dec 2 15:01:46 standalone account-server[126806]: 172.20.0.100 - - [02/Dec/2025:15:01:46 +0000] "PUT /d1/519/AUTH_d1023b00803f443ea2b9f323c4072839/gnocchi.ec8d4937-0e1c-4605-b0bf-e9f8ce060ffe" 201 - "-" "-" "container-updater 2" 0.0006 "-" 21 0
Dec 2 15:01:46 standalone account-server[126807]: 172.20.0.100 - - [02/Dec/2025:15:01:46 +0000] "PUT /d1/519/AUTH_d1023b00803f443ea2b9f323c4072839/gnocchi.3f2251ee-259e-4023-9158-df4b2452cadc" 201 - "-" "-" "container-updater 2" 0.0004 "-" 22 0
Dec 2 15:01:47 standalone account-server[126801]: 172.20.0.100 - - [02/Dec/2025:15:01:47 +0000] "PUT /d1/519/AUTH_d1023b00803f443ea2b9f323c4072839/gnocchi.a0e54340-8b8c-4f6e-9047-39088d058217" 201 - "-" "-" "container-updater 2" 0.0004 "-" 20 0
Dec 2 15:01:47 standalone account-server[126806]: 172.20.0.100 - - [02/Dec/2025:15:01:47 +0000] "PUT /d1/519/AUTH_d1023b00803f443ea2b9f323c4072839/gnocchi.731e5336-c5b3-471d-a216-1fdbae12d228" 201 - "-" "-" "container-updater 2" 0.0007 "-" 21 0
Dec 2 15:01:47 standalone account-server[126807]: 172.20.0.100 - - [02/Dec/2025:15:01:47 +0000] "PUT /d1/519/AUTH_d1023b00803f443ea2b9f323c4072839/gnocchi.ded0b238-7671-44ab-b042-bf45304884d6" 201 - "-" "-" "container-updater 2" 0.0008 "-" 22 0
Dec 2 15:01:47 standalone account-server[126807]: 172.20.0.100 - - [02/Dec/2025:15:01:47 +0000] "PUT /d1/519/AUTH_d1023b00803f443ea2b9f323c4072839/gnocchi.0871d6c3-2e5b-454a-8bd2-28957ffa006c" 201 - "-" "-" "container-updater 2" 0.0007 "-" 22 0
Dec 2 15:01:47 standalone account-server[126801]: 172.20.0.100 - - [02/Dec/2025:15:01:47 +0000] "PUT /d1/519/AUTH_d1023b00803f443ea2b9f323c4072839/gnocchi.cc6ad33e-3bfc-406c-b525-0597938d2eeb" 201 - "-" "-" "container-updater 2" 0.0007 "-" 20 0
Dec 2 15:01:47 standalone account-server[126812]: 172.20.0.100 - - [02/Dec/2025:15:01:47 +0000] "PUT /d1/519/AUTH_d1023b00803f443ea2b9f323c4072839/gnocchi.022019e3-6401-47d7-ba91-688fb9f45202" 201 - "-" "-" "container-updater 2" 0.0008 "-" 23 0
Dec 2 15:01:47 standalone account-server[126807]: 172.20.0.100 - - [02/Dec/2025:15:01:47 +0000] "PUT /d1/519/AUTH_d1023b00803f443ea2b9f323c4072839/gnocchi.492a36e2-20cb-483c-b56e-4b6cd6764472" 201 - "-" "-" "container-updater 2" 0.0007 "-" 22 0
Dec 2 15:01:47 standalone account-server[126812]: 172.20.0.100 - - [02/Dec/2025:15:01:47 +0000] "PUT /d1/519/AUTH_d1023b00803f443ea2b9f323c4072839/gnocchi.c30d18ea-b816-48de-8bd5-23f68fec864c" 201 - "-" "-" "container-updater 2" 0.0009 "-" 23 0
Dec 2 15:01:47 standalone account-server[126806]: 172.20.0.100 - - [02/Dec/2025:15:01:47 +0000] "PUT /d1/519/AUTH_d1023b00803f443ea2b9f323c4072839/gnocchi.cdc1a5fb-b087-4222-8ae4-207a26fca5d3" 201 - "-" "-" "container-updater 2" 0.0005 "-" 21 0
Dec 2 15:01:47 standalone account-server[126812]: 172.20.0.100 - - [02/Dec/2025:15:01:47 +0000] "PUT /d1/519/AUTH_d1023b00803f443ea2b9f323c4072839/gnocchi.76ea974d-d997-4c63-b6d8-82d93596b103" 201 - "-" "-" "container-updater 2" 0.0006 "-" 23 0
Dec 2 15:01:48 standalone account-server[126807]: 172.20.0.100 - - [02/Dec/2025:15:01:48 +0000] "PUT /d1/519/AUTH_d1023b00803f443ea2b9f323c4072839/gnocchi.c8f9ed11-0394-4e13-88a5-d266d7a539d8" 201 - "-" "-" "container-updater 2" 0.0008 "-" 22 0
Dec 2 15:01:48 standalone container-server[126759]: Container update sweep completed: 4.68s
Dec 2 15:01:58 standalone object-server[126878]: Begin object update sweep
Dec 2 15:01:58 standalone object-server[243779]: Object update sweep starting on /srv/node/d1 (pid: 15)
Dec 2 15:01:58 standalone object-server[243779]: Object update sweep completed on /srv/node/d1 in 0.00s seconds:, 0 successes, 0 failures, 0 quarantines, 0 unlinks, 0 errors, 0 redirects (pid: 15)
Dec 2 15:01:58 standalone object-server[243779]: Object update sweep of d1 completed: 0.00s, 0 successes, 0 failures, 0 quarantines, 0 unlinks, 0 errors, 0 redirects
Dec 2 15:01:58 standalone object-server[126878]: Object update sweep completed: 0.08s
Dec 2 15:02:49 standalone account-server[126806]: 172.20.0.100 - - [02/Dec/2025:15:02:49 +0000] "HEAD /d1/344/.expiring_objects" 404 - "HEAD http://localhost/v1/.expiring_objects?format=json" "tx46dda309bcde435882d15-00692eff99" "proxy-server 2" 0.0006 "-" 21 -
Dec 2 15:02:49 standalone object-expirer[126814]: Pass completed in 0s; 0 objects expired (txn: tx46dda309bcde435882d15-00692eff99)
Dec 2 15:04:53 standalone account-server[126806]: 172.20.0.100 - - [02/Dec/2025:15:04:53 +0000] "HEAD /d1/344/.expiring_objects" 404 - "HEAD http://localhost/v1/.expiring_objects?format=json" "tx5dbb270151fb401382fd3-00692f0015" "proxy-server 2" 0.0004 "-" 21 -
Dec 2 15:04:53 standalone object-expirer[126814]: Pass completed in 0s; 0 objects expired (txn: tx5dbb270151fb401382fd3-00692f0015)
Dec 2 15:05:52 standalone account-server[126807]: 172.20.0.100 - - [02/Dec/2025:15:05:52 +0000] "HEAD /d1/344/.expiring_objects" 404 - "HEAD http://localhost/v1/.expiring_objects?format=json" "tx0158c98847434f38ab82a-00692f0050" "proxy-server 2" 0.0007 "-" 22 -
Dec 2 15:05:52 standalone object-expirer[126814]: Pass completed in 0s; 0 objects expired (txn: tx0158c98847434f38ab82a-00692f0050)
Dec 2 15:06:43 standalone container-server[126759]: Begin container update sweep
Dec 2 15:06:47 standalone container-server[126759]: Container update sweep completed: 3.64s
Dec 2 15:06:58 standalone object-server[126878]: Begin object update sweep
Dec 2 15:06:58 standalone object-server[275378]: Object update sweep starting on /srv/node/d1 (pid: 16)
Dec 2 15:06:58 standalone object-server[275378]: Object update sweep completed on /srv/node/d1 in 0.00s seconds:, 0 successes, 0 failures, 0 quarantines, 0 unlinks, 0 errors, 0 redirects (pid: 16)
Dec 2 15:06:58 standalone object-server[275378]: Object update sweep of d1 completed: 0.00s, 0 successes, 0 failures, 0 quarantines, 0 unlinks, 0 errors, 0 redirects
Dec 2 15:06:58 standalone object-server[126878]: Object update sweep completed: 0.09s
Dec 2 15:09:54 standalone account-server[126806]: 172.20.0.100 - - [02/Dec/2025:15:09:54 +0000] "HEAD /d1/344/.expiring_objects" 404 - "HEAD http://localhost/v1/.expiring_objects?format=json" "tx2edcd2589cea450b918eb-00692f0142" "proxy-server 2" 0.0007 "-" 21 -
Dec 2 15:09:54 standalone object-expirer[126814]: Pass completed in 0s; 0 objects expired (txn: tx2edcd2589cea450b918eb-00692f0142)
Dec 2 15:11:07 standalone account-server[126812]: 172.20.0.100 - - [02/Dec/2025:15:11:07 +0000] "HEAD /d1/344/.expiring_objects" 404 - "HEAD http://localhost/v1/.expiring_objects?format=json" "tx2303af997c6447f68241f-00692f018b" "proxy-server 2" 0.0009 "-" 23 -
Dec 2 15:11:07 standalone object-expirer[126814]: Pass completed in 0s; 0 objects expired (txn: tx2303af997c6447f68241f-00692f018b)
Dec 2 15:11:43 standalone container-server[126759]: Begin container update sweep
Dec 2 15:11:47 standalone container-server[126759]: Container update sweep completed: 3.63s
Dec 2 15:11:58 standalone object-server[126878]: Begin object update sweep
Dec 2 15:11:58 standalone object-server[301205]: Object update sweep starting on /srv/node/d1 (pid: 17)
Dec 2 15:11:58 standalone object-server[301205]: Object update sweep completed on /srv/node/d1 in 0.00s seconds:, 0 successes, 0 failures, 0 quarantines, 0 unlinks, 0 errors, 0 redirects (pid: 17)
Dec 2 15:11:58 standalone object-server[301205]: Object update sweep of d1 completed: 0.00s, 0 successes, 0 failures, 0 quarantines, 0 unlinks, 0 errors, 0 redirects
Dec 2 15:11:58 standalone object-server[126878]: Object update sweep completed: 0.10s
Dec 2 15:15:28 standalone account-server[126806]: 172.20.0.100 - - [02/Dec/2025:15:15:28 +0000] "HEAD /d1/344/.expiring_objects" 404 - "HEAD http://localhost/v1/.expiring_objects?format=json" "txc4bc3a187cba40668275f-00692f0290" "proxy-server 2" 0.0006 "-" 21 -
Dec 2 15:15:28 standalone object-expirer[126814]: Pass completed in 0s; 0 objects expired (txn: txc4bc3a187cba40668275f-00692f0290)
Dec 2 15:15:35 standalone account-server[126801]: 172.20.0.100 - - [02/Dec/2025:15:15:35 +0000] "HEAD /d1/344/.expiring_objects" 404 - "HEAD http://localhost/v1/.expiring_objects?format=json" "tx83dc7d4001ed435293305-00692f0297" "proxy-server 2" 0.0008 "-" 20 -
Dec 2 15:15:35 standalone object-expirer[126814]: Pass completed in 0s; 0 objects expired (txn: tx83dc7d4001ed435293305-00692f0297)
Dec 2 15:16:43 standalone container-server[126759]: Begin container update sweep
Dec 2 15:16:46 standalone container-server[126759]: Container update sweep completed: 3.24s
Dec 2 15:16:58 standalone object-server[126878]: Begin object update sweep
Dec 2 15:16:58 standalone object-server[324996]: Object update sweep starting on /srv/node/d1 (pid: 18)
Dec 2 15:16:58 standalone object-server[324996]: Object update sweep completed on /srv/node/d1 in 0.00s seconds:, 0 successes, 0 failures, 0 quarantines, 0 unlinks, 0 errors, 0 redirects (pid: 18)
Dec 2 15:16:58 standalone object-server[324996]: Object update sweep of d1 completed: 0.00s, 0 successes, 0 failures, 0 quarantines, 0 unlinks, 0 errors, 0 redirects
Dec 2 15:16:58 standalone object-server[126878]: Object update sweep completed: 0.09s
Dec 2 15:20:02 standalone account-server[126801]: 172.20.0.100 - - [02/Dec/2025:15:20:02 +0000] "HEAD /d1/344/.expiring_objects" 404 - "HEAD http://localhost/v1/.expiring_objects?format=json" "tx7725a9a6cc184308b53ca-00692f03a2" "proxy-server 2" 0.0014 "-" 20 -
Dec 2 15:20:02 standalone object-expirer[126814]: Pass completed in 0s; 0 objects expired (txn: tx7725a9a6cc184308b53ca-00692f03a2)
Dec 2 15:21:43 standalone container-server[126759]: Begin container update sweep
Dec 2 15:21:47 standalone container-server[126759]: Container update sweep completed: 3.34s
Dec 2 15:21:53 standalone account-server[126812]: 172.20.0.100 - - [02/Dec/2025:15:21:53 +0000] "HEAD /d1/344/.expiring_objects" 404 - "HEAD http://localhost/v1/.expiring_objects?format=json" "txac6ff313582b419383384-00692f0411" "proxy-server 2" 0.0009 "-" 23 -
Dec 2 15:21:53 standalone object-expirer[126814]: Pass completed in 0s; 0 objects expired (txn: txac6ff313582b419383384-00692f0411)
Dec 2 15:21:58 standalone object-server[126878]: Begin object update sweep
Dec 2 15:21:58 standalone object-server[346364]: Object update sweep starting on /srv/node/d1 (pid: 19)
Dec 2 15:21:58 standalone object-server[346364]: Object update sweep completed on /srv/node/d1 in 0.00s seconds:, 0 successes, 0 failures, 0 quarantines, 0 unlinks, 0 errors, 0 redirects (pid: 19)
Dec 2 15:21:58 standalone object-server[346364]: Object update sweep of d1 completed: 0.00s, 0 successes, 0 failures, 0 quarantines, 0 unlinks, 0 errors, 0 redirects
Dec 2 15:21:58 standalone object-server[126878]: Object update sweep completed: 0.08s
Dec 2 15:25:33 standalone account-server[126801]: 172.20.0.100 - - [02/Dec/2025:15:25:33 +0000] "HEAD /d1/344/.expiring_objects" 404 - "HEAD http://localhost/v1/.expiring_objects?format=json" "tx39c1f7ea0c7c4bd886c2f-00692f04ed" "proxy-server 2" 0.0009 "-" 20 -
Dec 2 15:25:33 standalone object-expirer[126814]: Pass completed in 0s; 0 objects expired (txn: tx39c1f7ea0c7c4bd886c2f-00692f04ed)
Dec 2 15:26:43 standalone container-server[126759]: Begin container update sweep
Dec 2 15:26:47 standalone container-server[126759]: Container update sweep completed: 3.22s
Dec 2 15:26:58 standalone object-server[126878]: Begin object update sweep
Dec 2 15:26:58 standalone object-server[368346]: Object update sweep starting on /srv/node/d1 (pid: 20)
Dec 2 15:26:58 standalone object-server[368346]: Object update sweep completed on /srv/node/d1 in 0.00s seconds:, 0 successes, 0 failures, 0 quarantines, 0 unlinks, 0 errors, 0 redirects (pid: 20)
Dec 2 15:26:58 standalone object-server[368346]: Object update sweep of d1 completed: 0.00s, 0 successes, 0 failures, 0 quarantines, 0 unlinks, 0 errors, 0 redirects
Dec 2 15:26:58 standalone object-server[126878]: Object update sweep completed: 0.10s
Dec 2 15:29:00 standalone account-server[126812]: 172.20.0.100 - - [02/Dec/2025:15:29:00 +0000] "HEAD /d1/344/.expiring_objects" 404 - "HEAD http://localhost/v1/.expiring_objects?format=json" "tx87b98cd6476846bc945d5-00692f05bc" "proxy-server 2" 0.0008 "-" 23 -
Dec 2 15:29:00 standalone object-expirer[126814]: Pass completed in 0s; 0 objects expired (txn: tx87b98cd6476846bc945d5-00692f05bc)
Dec 2 15:30:23 standalone account-server[126806]: 172.20.0.100 - - [02/Dec/2025:15:30:23 +0000] "HEAD /d1/344/.expiring_objects" 404 - "HEAD http://localhost/v1/.expiring_objects?format=json" "txc067f16f102643089a36c-00692f060f" "proxy-server 2" 0.0006 "-" 21 -
Dec 2 15:30:23 standalone object-expirer[126814]: Pass completed in 0s; 0 objects expired (txn: txc067f16f102643089a36c-00692f060f)
Dec 2 15:31:43 standalone container-server[126759]: Begin container update sweep
Dec 2 15:31:47 standalone container-server[126759]: Container update sweep completed: 3.18s
Dec 2 15:31:58 standalone object-server[126878]: Begin object update sweep
Dec 2 15:31:58 standalone object-server[380872]: Object update sweep starting on /srv/node/d1 (pid: 21)
Dec 2 15:31:58 standalone object-server[380872]: Object update sweep completed on /srv/node/d1 in 0.00s seconds:, 0 successes, 0 failures, 0 quarantines, 0 unlinks, 0 errors, 0 redirects (pid: 21)
Dec 2 15:31:58 standalone object-server[380872]: Object update sweep of d1 completed: 0.00s, 0 successes, 0 failures, 0 quarantines, 0 unlinks, 0 errors, 0 redirects
Dec 2 15:31:58 standalone object-server[126878]: Object update sweep completed: 0.06s
Dec 2 15:33:20 standalone account-server[126812]: 172.20.0.100 - - [02/Dec/2025:15:33:20 +0000] "HEAD /d1/344/.expiring_objects" 404 - "HEAD http://localhost/v1/.expiring_objects?format=json" "txa88736d09ef94959a0eb5-00692f06c0" "proxy-server 2" 0.0009 "-" 23 -
Dec 2 15:33:20 standalone object-expirer[126814]: Pass completed in 0s; 0 objects expired (txn: txa88736d09ef94959a0eb5-00692f06c0)
Dec 2 15:36:44 standalone container-server[126759]: Begin container update sweep
Dec 2 15:36:47 standalone container-server[126759]: Container update sweep completed: 3.08s
