Dec 2 15:00:48 standalone proxy-server[128769]: 172.18.0.2 172.18.0.100 02/Dec/2025/15/00/48 GET /v1/AUTH_d1023b00803f443ea2b9f323c4072839/gnocchi.c8f9ed11-0394-4e13-88a5-d266d7a539d8/none_v3 HTTP/1.0 200 - python-swiftclient-3.11.1 gAAAAABpLv6p8Z5K... - 22 - txa131f76219db4e5db47aa-00692eff20 - 0.0089 - - 1764687648.724171638 1764687648.733061314 0
Dec 2 15:00:48 standalone container-server[126710]: 172.20.0.100 - - [02/Dec/2025:15:00:48 +0000] "GET /d1/166/AUTH_d1023b00803f443ea2b9f323c4072839/gnocchi.c8f9ed11-0394-4e13-88a5-d266d7a539d8" 200 357 "GET http://172.18.0.2:8080/v1/AUTH_d1023b00803f443ea2b9f323c4072839/gnocchi.c8f9ed11-0394-4e13-88a5-d266d7a539d8?format=json&states=listing" "tx56a88f27632940e3be524-00692eff20" "proxy-server 20" 0.0098 "-" 21 0
Dec 2 15:00:48 standalone proxy-server[128769]: 172.18.0.2 172.18.0.100 02/Dec/2025/15/00/48 GET /v1/AUTH_d1023b00803f443ea2b9f323c4072839/gnocchi.c8f9ed11-0394-4e13-88a5-d266d7a539d8%3Fformat%3Djson%26states%3Dlisting HTTP/1.0 200 - python-swiftclient-3.11.1 gAAAAABpLv6p8Z5K... - 357 - tx56a88f27632940e3be524-00692eff20 - 0.0196 - - 1764687648.737785339 1764687648.757413387 0
Dec 2 15:00:48 standalone container-server[126721]: 172.20.0.100 - - [02/Dec/2025:15:00:48 +0000] "GET /d1/166/AUTH_d1023b00803f443ea2b9f323c4072839/gnocchi.c8f9ed11-0394-4e13-88a5-d266d7a539d8" 200 2 "GET http://172.18.0.2:8080/v1/AUTH_d1023b00803f443ea2b9f323c4072839/gnocchi.c8f9ed11-0394-4e13-88a5-d266d7a539d8?format=json&marker=none_v3&states=listing" "tx4b503e16cc994f29976d4-00692eff20" "proxy-server 20" 0.0035 "-" 23 0
Dec 2 15:00:48 standalone proxy-server[128769]: 172.18.0.2 172.18.0.100 02/Dec/2025/15/00/48 GET /v1/AUTH_d1023b00803f443ea2b9f323c4072839/gnocchi.c8f9ed11-0394-4e13-88a5-d266d7a539d8%3Fformat%3Djson%26marker%3Dnone_v3%26states%3Dlisting HTTP/1.0 200 - python-swiftclient-3.11.1 gAAAAABpLv6p8Z5K... - 2 - tx4b503e16cc994f29976d4-00692eff20 - 0.0128 - - 1764687648.762565136 1764687648.775336027 0
Dec 2 15:00:48 standalone object-server[127074]: 172.20.0.100 - - [02/Dec/2025:15:00:48 +0000] "GET /d1/892/AUTH_d1023b00803f443ea2b9f323c4072839/gnocchi.c8f9ed11-0394-4e13-88a5-d266d7a539d8/1763640000.0_mean_300.0_v3" 200 23 "GET http://172.18.0.2:8080/v1/AUTH_d1023b00803f443ea2b9f323c4072839/gnocchi.c8f9ed11-0394-4e13-88a5-d266d7a539d8/1763640000.0_mean_300.0_v3" "txbae2501785764b26a7d43-00692eff20" "proxy-server 20" 0.0012 "-" 23 0
Dec 2 15:00:48 standalone proxy-server[128769]: 172.18.0.2 172.18.0.100 02/Dec/2025/15/00/48 GET /v1/AUTH_d1023b00803f443ea2b9f323c4072839/gnocchi.c8f9ed11-0394-4e13-88a5-d266d7a539d8/1763640000.0_mean_300.0_v3 HTTP/1.0 200 - python-swiftclient-3.11.1 gAAAAABpLv6p8Z5K... - 23 - txbae2501785764b26a7d43-00692eff20 - 0.0094 - - 1764687648.780335665 1764687648.789698124 0
Dec 2 15:00:48 standalone container-server[126700]: 172.20.0.100 - - [02/Dec/2025:15:00:48 +0000] "PUT /d1/166/AUTH_d1023b00803f443ea2b9f323c4072839/gnocchi.c8f9ed11-0394-4e13-88a5-d266d7a539d8/1763640000.0_mean_300.0_v3" 201 - "PUT http://172.18.0.2:8080/d1/892/AUTH_d1023b00803f443ea2b9f323c4072839/gnocchi.c8f9ed11-0394-4e13-88a5-d266d7a539d8/1763640000.0_mean_300.0_v3" "txa80e785b556f409ebc1c5-00692eff20" "object-server 24" 0.0008 "-" 20 0
Dec 2 15:00:48 standalone object-server[127076]: 172.20.0.100 - - [02/Dec/2025:15:00:48 +0000] "PUT /d1/892/AUTH_d1023b00803f443ea2b9f323c4072839/gnocchi.c8f9ed11-0394-4e13-88a5-d266d7a539d8/1763640000.0_mean_300.0_v3" 201 - "PUT http://172.18.0.2:8080/v1/AUTH_d1023b00803f443ea2b9f323c4072839/gnocchi.c8f9ed11-0394-4e13-88a5-d266d7a539d8/1763640000.0_mean_300.0_v3" "txa80e785b556f409ebc1c5-00692eff20" "proxy-server 20" 0.0119 "-" 24 0
Dec 2 15:00:48 standalone proxy-server[128769]: 172.18.0.2 172.18.0.100 02/Dec/2025/15/00/48 PUT /v1/AUTH_d1023b00803f443ea2b9f323c4072839/gnocchi.c8f9ed11-0394-4e13-88a5-d266d7a539d8/1763640000.0_mean_300.0_v3 HTTP/1.0 201 - python-swiftclient-3.11.1 gAAAAABpLv6p8Z5K... 23 - - txa80e785b556f409ebc1c5-00692eff20 - 0.0202 - - 1764687648.794800758 1764687648.815005541 0
Dec 2 15:00:48 standalone container-server[126710]: 172.20.0.100 - - [02/Dec/2025:15:00:48 +0000] "PUT /d1/166/AUTH_d1023b00803f443ea2b9f323c4072839/gnocchi.c8f9ed11-0394-4e13-88a5-d266d7a539d8/none_v3" 201 - "PUT http://172.18.0.2:8080/d1/28/AUTH_d1023b00803f443ea2b9f323c4072839/gnocchi.c8f9ed11-0394-4e13-88a5-d266d7a539d8/none_v3" "txb697d964ed2c4406bd98c-00692eff20" "object-server 25" 0.0009 "-" 21 0
Dec 2 15:00:48 standalone object-server[127078]: 172.20.0.100 - - [02/Dec/2025:15:00:48 +0000] "PUT /d1/28/AUTH_d1023b00803f443ea2b9f323c4072839/gnocchi.c8f9ed11-0394-4e13-88a5-d266d7a539d8/none_v3" 201 - "PUT http://172.18.0.2:8080/v1/AUTH_d1023b00803f443ea2b9f323c4072839/gnocchi.c8f9ed11-0394-4e13-88a5-d266d7a539d8/none_v3" "txb697d964ed2c4406bd98c-00692eff20" "proxy-server 20" 0.0147 "-" 25 0
Dec 2 15:00:48 standalone proxy-server[128769]: 172.18.0.2 172.18.0.100 02/Dec/2025/15/00/48 PUT /v1/AUTH_d1023b00803f443ea2b9f323c4072839/gnocchi.c8f9ed11-0394-4e13-88a5-d266d7a539d8/none_v3 HTTP/1.0 201 - python-swiftclient-3.11.1 gAAAAABpLv6p8Z5K... 32 - - txb697d964ed2c4406bd98c-00692eff20 - 0.0238 - - 1764687648.818835497 1764687648.842632532 0
Dec 2 15:00:48 standalone object-server[127074]: 172.20.0.100 - - [02/Dec/2025:15:00:48 +0000] "GET /d1/547/AUTH_d1023b00803f443ea2b9f323c4072839/gnocchi.97dc4cf2-0805-463d-9ea0-d757aeed12b6/none_v3" 200 22 "GET http://172.18.0.2:8080/v1/AUTH_d1023b00803f443ea2b9f323c4072839/gnocchi.97dc4cf2-0805-463d-9ea0-d757aeed12b6/none_v3" "txa23b78f4a2df4389b007b-00692eff20" "proxy-server 20" 0.0011 "-" 23 0
Dec 2 15:00:48 standalone proxy-server[128769]: 172.18.0.2 172.18.0.100 02/Dec/2025/15/00/48 GET /v1/AUTH_d1023b00803f443ea2b9f323c4072839/gnocchi.97dc4cf2-0805-463d-9ea0-d757aeed12b6/none_v3 HTTP/1.0 200 - python-swiftclient-3.11.1 gAAAAABpLv6p8Z5K... - 22 - txa23b78f4a2df4389b007b-00692eff20 - 0.0116 - - 1764687648.857178688 1764687648.868739128 0
Dec 2 15:00:48 standalone container-server[126719]: 172.20.0.100 - - [02/Dec/2025:15:00:48 +0000] "GET /d1/128/AUTH_d1023b00803f443ea2b9f323c4072839/gnocchi.97dc4cf2-0805-463d-9ea0-d757aeed12b6" 200 357 "GET http://172.18.0.2:8080/v1/AUTH_d1023b00803f443ea2b9f323c4072839/gnocchi.97dc4cf2-0805-463d-9ea0-d757aeed12b6?format=json&states=listing" "tx2366eb8a393546ebaf500-00692eff20" "proxy-server 20" 0.0086 "-" 22 0
Dec 2 15:00:48 standalone proxy-server[128769]: 172.18.0.2 172.18.0.100 02/Dec/2025/15/00/48 GET /v1/AUTH_d1023b00803f443ea2b9f323c4072839/gnocchi.97dc4cf2-0805-463d-9ea0-d757aeed12b6%3Fformat%3Djson%26states%3Dlisting HTTP/1.0 200 - python-swiftclient-3.11.1 gAAAAABpLv6p8Z5K... - 357 - tx2366eb8a393546ebaf500-00692eff20 - 0.0185 - - 1764687648.874405384 1764687648.892884493 0
Dec 2 15:00:48 standalone container-server[126710]: 172.20.0.100 - - [02/Dec/2025:15:00:48 +0000] "GET /d1/128/AUTH_d1023b00803f443ea2b9f323c4072839/gnocchi.97dc4cf2-0805-463d-9ea0-d757aeed12b6" 200 2 "GET http://172.18.0.2:8080/v1/AUTH_d1023b00803f443ea2b9f323c4072839/gnocchi.97dc4cf2-0805-463d-9ea0-d757aeed12b6?format=json&marker=none_v3&states=listing" "tx73a9e3902acc45dfafde8-00692eff20" "proxy-server 20" 0.0034 "-" 21 0
Dec 2 15:00:48 standalone proxy-server[128769]: 172.18.0.2 172.18.0.100 02/Dec/2025/15/00/48 GET /v1/AUTH_d1023b00803f443ea2b9f323c4072839/gnocchi.97dc4cf2-0805-463d-9ea0-d757aeed12b6%3Fformat%3Djson%26marker%3Dnone_v3%26states%3Dlisting HTTP/1.0 200 - python-swiftclient-3.11.1 gAAAAABpLv6p8Z5K... - 2 - tx73a9e3902acc45dfafde8-00692eff20 - 0.0123 - - 1764687648.897001743 1764687648.909322023 0
Dec 2 15:00:48 standalone object-server[127068]: 172.20.0.100 - - [02/Dec/2025:15:00:48 +0000] "GET /d1/292/AUTH_d1023b00803f443ea2b9f323c4072839/gnocchi.97dc4cf2-0805-463d-9ea0-d757aeed12b6/1763640000.0_mean_300.0_v3" 200 23 "GET http://172.18.0.2:8080/v1/AUTH_d1023b00803f443ea2b9f323c4072839/gnocchi.97dc4cf2-0805-463d-9ea0-d757aeed12b6/1763640000.0_mean_300.0_v3" "tx4233e59aa7644491beae6-00692eff20" "proxy-server 20" 0.0011 "-" 22 0
Dec 2 15:00:48 standalone proxy-server[128769]: 172.18.0.2 172.18.0.100 02/Dec/2025/15/00/48 GET /v1/AUTH_d1023b00803f443ea2b9f323c4072839/gnocchi.97dc4cf2-0805-463d-9ea0-d757aeed12b6/1763640000.0_mean_300.0_v3 HTTP/1.0 200 - python-swiftclient-3.11.1 gAAAAABpLv6p8Z5K... - 23 - tx4233e59aa7644491beae6-00692eff20 - 0.0101 - - 1764687648.914294004 1764687648.924359322 0
Dec 2 15:00:48 standalone container-server[126721]: 172.20.0.100 - - [02/Dec/2025:15:00:48 +0000] "PUT /d1/128/AUTH_d1023b00803f443ea2b9f323c4072839/gnocchi.97dc4cf2-0805-463d-9ea0-d757aeed12b6/1763640000.0_mean_300.0_v3" 201 - "PUT http://172.18.0.2:8080/d1/292/AUTH_d1023b00803f443ea2b9f323c4072839/gnocchi.97dc4cf2-0805-463d-9ea0-d757aeed12b6/1763640000.0_mean_300.0_v3" "tx4cc6a615b7e949ea99b78-00692eff20" "object-server 25" 0.0007 "-" 23 0
Dec 2 15:00:48 standalone object-server[127078]: 172.20.0.100 - - [02/Dec/2025:15:00:48 +0000] "PUT /d1/292/AUTH_d1023b00803f443ea2b9f323c4072839/gnocchi.97dc4cf2-0805-463d-9ea0-d757aeed12b6/1763640000.0_mean_300.0_v3" 201 - "PUT http://172.18.0.2:8080/v1/AUTH_d1023b00803f443ea2b9f323c4072839/gnocchi.97dc4cf2-0805-463d-9ea0-d757aeed12b6/1763640000.0_mean_300.0_v3" "tx4cc6a615b7e949ea99b78-00692eff20" "proxy-server 20" 0.0122 "-" 25 0
Dec 2 15:00:48 standalone proxy-server[128769]: 172.18.0.2 172.18.0.100 02/Dec/2025/15/00/48 PUT /v1/AUTH_d1023b00803f443ea2b9f323c4072839/gnocchi.97dc4cf2-0805-463d-9ea0-d757aeed12b6/1763640000.0_mean_300.0_v3 HTTP/1.0 201 - python-swiftclient-3.11.1 gAAAAABpLv6p8Z5K... 23 - - tx4cc6a615b7e949ea99b78-00692eff20 - 0.0210 - - 1764687648.928610086 1764687648.949600935 0
Dec 2 15:00:48 standalone container-server[126700]: 172.20.0.100 - - [02/Dec/2025:15:00:48 +0000] "PUT /d1/128/AUTH_d1023b00803f443ea2b9f323c4072839/gnocchi.97dc4cf2-0805-463d-9ea0-d757aeed12b6/none_v3" 201 - "PUT http://172.18.0.2:8080/d1/547/AUTH_d1023b00803f443ea2b9f323c4072839/gnocchi.97dc4cf2-0805-463d-9ea0-d757aeed12b6/none_v3" "tx185738acdc234a07b7dac-00692eff20" "object-server 25" 0.0006 "-" 20 0
Dec 2 15:00:48 standalone object-server[127078]: 172.20.0.100 - - [02/Dec/2025:15:00:48 +0000] "PUT /d1/547/AUTH_d1023b00803f443ea2b9f323c4072839/gnocchi.97dc4cf2-0805-463d-9ea0-d757aeed12b6/none_v3" 201 - "PUT http://172.18.0.2:8080/v1/AUTH_d1023b00803f443ea2b9f323c4072839/gnocchi.97dc4cf2-0805-463d-9ea0-d757aeed12b6/none_v3" "tx185738acdc234a07b7dac-00692eff20" "proxy-server 20" 0.0111 "-" 25 0
Dec 2 15:00:48 standalone proxy-server[128769]: 172.18.0.2 172.18.0.100 02/Dec/2025/15/00/48 PUT /v1/AUTH_d1023b00803f443ea2b9f323c4072839/gnocchi.97dc4cf2-0805-463d-9ea0-d757aeed12b6/none_v3 HTTP/1.0 201 - python-swiftclient-3.11.1 gAAAAABpLv6p8Z5K... 32 - - tx185738acdc234a07b7dac-00692eff20 - 0.0199 - - 1764687648.953773737 1764687648.973687887 0
Dec 2 15:00:48 standalone object-server[127074]: 172.20.0.100 - - [02/Dec/2025:15:00:48 +0000] "GET /d1/954/AUTH_d1023b00803f443ea2b9f323c4072839/gnocchi.0f3d5527-f35b-4282-9663-beeac432d469/none_v3" 200 22 "GET http://172.18.0.2:8080/v1/AUTH_d1023b00803f443ea2b9f323c4072839/gnocchi.0f3d5527-f35b-4282-9663-beeac432d469/none_v3" "txffd5f8714f3c4ee89620c-00692eff20" "proxy-server 20" 0.0019 "-" 23 0
Dec 2 15:00:49 standalone proxy-server[128769]: 172.18.0.2 172.18.0.100 02/Dec/2025/15/00/49 GET /v1/AUTH_d1023b00803f443ea2b9f323c4072839/gnocchi.0f3d5527-f35b-4282-9663-beeac432d469/none_v3 HTTP/1.0 200 - python-swiftclient-3.11.1 gAAAAABpLv6p8Z5K... - 22 - txffd5f8714f3c4ee89620c-00692eff20 - 0.0125 - - 1764687648.987555981 1764687649.000031233 0
Dec 2 15:00:49 standalone container-server[126700]: 172.20.0.100 - - [02/Dec/2025:15:00:49 +0000] "GET /d1/216/AUTH_d1023b00803f443ea2b9f323c4072839/gnocchi.0f3d5527-f35b-4282-9663-beeac432d469" 200 357 "GET http://172.18.0.2:8080/v1/AUTH_d1023b00803f443ea2b9f323c4072839/gnocchi.0f3d5527-f35b-4282-9663-beeac432d469?format=json&states=listing" "txc1d985fd83b346d4b5961-00692eff21" "proxy-server 20" 0.0099 "-" 20 0
Dec 2 15:00:49 standalone proxy-server[128769]: 172.18.0.2 172.18.0.100 02/Dec/2025/15/00/49 GET /v1/AUTH_d1023b00803f443ea2b9f323c4072839/gnocchi.0f3d5527-f35b-4282-9663-beeac432d469%3Fformat%3Djson%26states%3Dlisting HTTP/1.0 200 - python-swiftclient-3.11.1 gAAAAABpLv6p8Z5K... - 357 - txc1d985fd83b346d4b5961-00692eff21 - 0.0193 - - 1764687649.005952597 1764687649.025244713 0
Dec 2 15:00:49 standalone container-server[126719]: 172.20.0.100 - - [02/Dec/2025:15:00:49 +0000] "GET /d1/216/AUTH_d1023b00803f443ea2b9f323c4072839/gnocchi.0f3d5527-f35b-4282-9663-beeac432d469" 200 2 "GET http://172.18.0.2:8080/v1/AUTH_d1023b00803f443ea2b9f323c4072839/gnocchi.0f3d5527-f35b-4282-9663-beeac432d469?format=json&marker=none_v3&states=listing" "tx406f8753ce66479f82f46-00692eff21" "proxy-server 20" 0.0033 "-" 22 0
Dec 2 15:00:49 standalone proxy-server[128769]: 172.18.0.2 172.18.0.100 02/Dec/2025/15/00/49 GET /v1/AUTH_d1023b00803f443ea2b9f323c4072839/gnocchi.0f3d5527-f35b-4282-9663-beeac432d469%3Fformat%3Djson%26marker%3Dnone_v3%26states%3Dlisting HTTP/1.0 200 - python-swiftclient-3.11.1 gAAAAABpLv6p8Z5K... - 2 - tx406f8753ce66479f82f46-00692eff21 - 0.0128 - - 1764687649.029342651 1764687649.042130470 0
Dec 2 15:00:49 standalone object-server[127076]: 172.20.0.100 - - [02/Dec/2025:15:00:49 +0000] "GET /d1/409/AUTH_d1023b00803f443ea2b9f323c4072839/gnocchi.0f3d5527-f35b-4282-9663-beeac432d469/1763640000.0_mean_300.0_v3" 200 23 "GET http://172.18.0.2:8080/v1/AUTH_d1023b00803f443ea2b9f323c4072839/gnocchi.0f3d5527-f35b-4282-9663-beeac432d469/1763640000.0_mean_300.0_v3" "tx01d725dd162140669c2ad-00692eff21" "proxy-server 20" 0.0012 "-" 24 0
Dec 2 15:00:49 standalone proxy-server[128769]: 172.18.0.2 172.18.0.100 02/Dec/2025/15/00/49 GET /v1/AUTH_d1023b00803f443ea2b9f323c4072839/gnocchi.0f3d5527-f35b-4282-9663-beeac432d469/1763640000.0_mean_300.0_v3 HTTP/1.0 200 - python-swiftclient-3.11.1 gAAAAABpLv6p8Z5K... - 23 - tx01d725dd162140669c2ad-00692eff21 - 0.0104 - - 1764687649.047384262 1764687649.057756662 0
Dec 2 15:00:49 standalone container-server[126710]: 172.20.0.100 - - [02/Dec/2025:15:00:49 +0000] "PUT /d1/216/AUTH_d1023b00803f443ea2b9f323c4072839/gnocchi.0f3d5527-f35b-4282-9663-beeac432d469/1763640000.0_mean_300.0_v3" 201 - "PUT http://172.18.0.2:8080/d1/409/AUTH_d1023b00803f443ea2b9f323c4072839/gnocchi.0f3d5527-f35b-4282-9663-beeac432d469/1763640000.0_mean_300.0_v3" "tx84a442335f1c4c0387b99-00692eff21" "object-server 23" 0.0010 "-" 21 0
Dec 2 15:00:49 standalone object-server[127074]: 172.20.0.100 - - [02/Dec/2025:15:00:49 +0000] "PUT /d1/409/AUTH_d1023b00803f443ea2b9f323c4072839/gnocchi.0f3d5527-f35b-4282-9663-beeac432d469/1763640000.0_mean_300.0_v3" 201 - "PUT http://172.18.0.2:8080/v1/AUTH_d1023b00803f443ea2b9f323c4072839/gnocchi.0f3d5527-f35b-4282-9663-beeac432d469/1763640000.0_mean_300.0_v3" "tx84a442335f1c4c0387b99-00692eff21" "proxy-server 20" 0.0152 "-" 23 0
Dec 2 15:00:49 standalone proxy-server[128769]: 172.18.0.2 172.18.0.100 02/Dec/2025/15/00/49 PUT /v1/AUTH_d1023b00803f443ea2b9f323c4072839/gnocchi.0f3d5527-f35b-4282-9663-beeac432d469/1763640000.0_mean_300.0_v3 HTTP/1.0 201 - python-swiftclient-3.11.1 gAAAAABpLv6p8Z5K... 23 - - tx84a442335f1c4c0387b99-00692eff21 - 0.0244 - - 1764687649.062136650 1764687649.086553574 0
Dec 2 15:00:49 standalone container-server[126719]: 172.20.0.100 - - [02/Dec/2025:15:00:49 +0000] "PUT /d1/216/AUTH_d1023b00803f443ea2b9f323c4072839/gnocchi.0f3d5527-f35b-4282-9663-beeac432d469/none_v3" 201 - "PUT http://172.18.0.2:8080/d1/954/AUTH_d1023b00803f443ea2b9f323c4072839/gnocchi.0f3d5527-f35b-4282-9663-beeac432d469/none_v3" "tx0b09da0d70dc4812aafbe-00692eff21" "object-server 25" 0.0010 "-" 22 0
Dec 2 15:00:49 standalone object-server[127078]: 172.20.0.100 - - [02/Dec/2025:15:00:49 +0000] "PUT /d1/954/AUTH_d1023b00803f443ea2b9f323c4072839/gnocchi.0f3d5527-f35b-4282-9663-beeac432d469/none_v3" 201 - "PUT http://172.18.0.2:8080/v1/AUTH_d1023b00803f443ea2b9f323c4072839/gnocchi.0f3d5527-f35b-4282-9663-beeac432d469/none_v3" "tx0b09da0d70dc4812aafbe-00692eff21" "proxy-server 20" 0.0157 "-" 25 0
Dec 2 15:00:49 standalone proxy-server[128769]: 172.18.0.2 172.18.0.100 02/Dec/2025/15/00/49 PUT /v1/AUTH_d1023b00803f443ea2b9f323c4072839/gnocchi.0f3d5527-f35b-4282-9663-beeac432d469/none_v3 HTTP/1.0 201 - python-swiftclient-3.11.1 gAAAAABpLv6p8Z5K... 32 - - tx0b09da0d70dc4812aafbe-00692eff21 - 0.0273 - - 1764687649.090653658 1764687649.117979050 0
Dec 2 15:00:52 standalone account-server[126807]: 172.20.0.100 - - [02/Dec/2025:15:00:52 +0000] "HEAD /d1/519/AUTH_d1023b00803f443ea2b9f323c4072839" 204 - "HEAD http://172.18.0.2:8080/v1/AUTH_d1023b00803f443ea2b9f323c4072839?format=json" "tx55c3d289400f4311b349e-00692eff24" "proxy-server 20" 0.0057 "-" 22 -
Dec 2 15:00:52 standalone proxy-server[128769]: - - 02/Dec/2025/15/00/52 HEAD /v1/AUTH_d1023b00803f443ea2b9f323c4072839%3Fformat%3Djson HTTP/1.0 204 - Swift - - - - tx55c3d289400f4311b349e-00692eff24 - 0.0110 RL - 1764687652.094057560 1764687652.105059147 -
Dec 2 15:00:52 standalone container-server[126710]: 172.20.0.100 - - [02/Dec/2025:15:00:52 +0000] "HEAD /d1/885/AUTH_d1023b00803f443ea2b9f323c4072839/gnocchi.7afeb29a-5c96-43f3-9756-cd9536d1c1d6" 404 - "HEAD http://172.18.0.2:8080/v1/AUTH_d1023b00803f443ea2b9f323c4072839/gnocchi.7afeb29a-5c96-43f3-9756-cd9536d1c1d6?format=json&states=listing" "tx55c3d289400f4311b349e-00692eff24" "proxy-server 20" 0.0004 "-" 21 0
Dec 2 15:00:52 standalone object-server[127074]: 172.20.0.100 - - [02/Dec/2025:15:00:52 +0000] "GET /d1/103/AUTH_d1023b00803f443ea2b9f323c4072839/gnocchi.7afeb29a-5c96-43f3-9756-cd9536d1c1d6/none_v3" 404 70 "GET http://172.18.0.2:8080/v1/AUTH_d1023b00803f443ea2b9f323c4072839/gnocchi.7afeb29a-5c96-43f3-9756-cd9536d1c1d6/none_v3" "tx55c3d289400f4311b349e-00692eff24" "proxy-server 20" 0.0005 "-" 23 0
Dec 2 15:00:52 standalone proxy-server[128769]: 172.18.0.2 172.18.0.100 02/Dec/2025/15/00/52 GET /v1/AUTH_d1023b00803f443ea2b9f323c4072839/gnocchi.7afeb29a-5c96-43f3-9756-cd9536d1c1d6/none_v3 HTTP/1.0 404 - python-swiftclient-3.11.1 gAAAAABpLv6p8Z5K... - 70 - tx55c3d289400f4311b349e-00692eff24 - 0.0225 - - 1764687652.093141317 1764687652.115604162 0
Dec 2 15:00:52 standalone account-server[126807]: 172.20.0.100 - - [02/Dec/2025:15:00:52 +0000] "PUT /d1/519/AUTH_d1023b00803f443ea2b9f323c4072839/gnocchi.7afeb29a-5c96-43f3-9756-cd9536d1c1d6" 201 - "PUT http://172.20.0.100:6001/d1/885/AUTH_d1023b00803f443ea2b9f323c4072839/gnocchi.7afeb29a-5c96-43f3-9756-cd9536d1c1d6" "tx70dd318e86dd44e49fa25-00692eff24" "container-server 20" 0.0015 "-" 22 0
Dec 2 15:00:52 standalone container-server[126700]: 172.20.0.100 - - [02/Dec/2025:15:00:52 +0000] "PUT /d1/885/AUTH_d1023b00803f443ea2b9f323c4072839/gnocchi.7afeb29a-5c96-43f3-9756-cd9536d1c1d6" 201 - "PUT http://172.18.0.2:8080/v1/AUTH_d1023b00803f443ea2b9f323c4072839/gnocchi.7afeb29a-5c96-43f3-9756-cd9536d1c1d6" "tx70dd318e86dd44e49fa25-00692eff24" "proxy-server 20" 0.0114 "-" 20 0
Dec 2 15:00:52 standalone proxy-server[128769]: 172.18.0.2 172.18.0.100 02/Dec/2025/15/00/52 PUT /v1/AUTH_d1023b00803f443ea2b9f323c4072839/gnocchi.7afeb29a-5c96-43f3-9756-cd9536d1c1d6 HTTP/1.0 201 - python-swiftclient-3.11.1 gAAAAABpLv6p8Z5K... - - - tx70dd318e86dd44e49fa25-00692eff24 - 0.0156 - - 1764687652.118691683 1764687652.134261847 0
Dec 2 15:00:52 standalone container-server[126710]: 172.20.0.100 - - [02/Dec/2025:15:00:52 +0000] "HEAD /d1/885/AUTH_d1023b00803f443ea2b9f323c4072839/gnocchi.7afeb29a-5c96-43f3-9756-cd9536d1c1d6" 204 - "HEAD http://172.18.0.2:8080/v1/AUTH_d1023b00803f443ea2b9f323c4072839/gnocchi.7afeb29a-5c96-43f3-9756-cd9536d1c1d6?format=json&states=listing" "tx2ad88ee6aeae4d6997cf9-00692eff24" "proxy-server 20" 0.0011 "-" 21 0
Dec 2 15:00:52 standalone proxy-server[128769]: - - 02/Dec/2025/15/00/52 HEAD /v1/AUTH_d1023b00803f443ea2b9f323c4072839/gnocchi.7afeb29a-5c96-43f3-9756-cd9536d1c1d6%3Fformat%3Djson%26states%3Dlisting HTTP/1.0 204 - Swift - - - - tx2ad88ee6aeae4d6997cf9-00692eff24 - 0.0042 RL - 1764687652.139528513 1764687652.143691301 0
Dec 2 15:00:52 standalone container-server[126721]: 172.20.0.100 - - [02/Dec/2025:15:00:52 +0000] "GET /d1/885/AUTH_d1023b00803f443ea2b9f323c4072839/gnocchi.7afeb29a-5c96-43f3-9756-cd9536d1c1d6" 200 2 "GET http://172.18.0.2:8080/v1/AUTH_d1023b00803f443ea2b9f323c4072839/gnocchi.7afeb29a-5c96-43f3-9756-cd9536d1c1d6?format=json&states=listing" "tx2ad88ee6aeae4d6997cf9-00692eff24" "proxy-server 20" 0.0024 "-" 23 0
Dec 2 15:00:52 standalone proxy-server[128769]: 172.18.0.2 172.18.0.100 02/Dec/2025/15/00/52 GET /v1/AUTH_d1023b00803f443ea2b9f323c4072839/gnocchi.7afeb29a-5c96-43f3-9756-cd9536d1c1d6%3Fformat%3Djson%26states%3Dlisting HTTP/1.0 200 - python-swiftclient-3.11.1 gAAAAABpLv6p8Z5K... - 2 - tx2ad88ee6aeae4d6997cf9-00692eff24 - 0.0135 - - 1764687652.138180494 1764687652.151701927 0
Dec 2 15:00:52 standalone object-server[127074]: 172.20.0.100 - - [02/Dec/2025:15:00:52 +0000] "GET /d1/510/AUTH_d1023b00803f443ea2b9f323c4072839/gnocchi.7afeb29a-5c96-43f3-9756-cd9536d1c1d6/1763640000.0_mean_300.0_v3" 404 70 "GET http://172.18.0.2:8080/v1/AUTH_d1023b00803f443ea2b9f323c4072839/gnocchi.7afeb29a-5c96-43f3-9756-cd9536d1c1d6/1763640000.0_mean_300.0_v3" "txeeed013c2060474facff2-00692eff24" "proxy-server 20" 0.0003 "-" 23 0
Dec 2 15:00:52 standalone proxy-server[128769]: 172.18.0.2 172.18.0.100 02/Dec/2025/15/00/52 GET /v1/AUTH_d1023b00803f443ea2b9f323c4072839/gnocchi.7afeb29a-5c96-43f3-9756-cd9536d1c1d6/1763640000.0_mean_300.0_v3 HTTP/1.0 404 - python-swiftclient-3.11.1 gAAAAABpLv6p8Z5K... - 70 - txeeed013c2060474facff2-00692eff24 - 0.0060 - - 1764687652.154581547 1764687652.160597801 0
Dec 2 15:00:52 standalone container-server[126700]: 172.20.0.100 - - [02/Dec/2025:15:00:52 +0000] "PUT /d1/885/AUTH_d1023b00803f443ea2b9f323c4072839/gnocchi.7afeb29a-5c96-43f3-9756-cd9536d1c1d6/1763640000.0_mean_300.0_v3" 201 - "PUT http://172.18.0.2:8080/d1/510/AUTH_d1023b00803f443ea2b9f323c4072839/gnocchi.7afeb29a-5c96-43f3-9756-cd9536d1c1d6/1763640000.0_mean_300.0_v3" "txd58f5644c885473a84384-00692eff24" "object-server 22" 0.0005 "-" 20 0
Dec 2 15:00:52 standalone object-server[127068]: 172.20.0.100 - - [02/Dec/2025:15:00:52 +0000] "PUT /d1/510/AUTH_d1023b00803f443ea2b9f323c4072839/gnocchi.7afeb29a-5c96-43f3-9756-cd9536d1c1d6/1763640000.0_mean_300.0_v3" 201 - "PUT http://172.18.0.2:8080/v1/AUTH_d1023b00803f443ea2b9f323c4072839/gnocchi.7afeb29a-5c96-43f3-9756-cd9536d1c1d6/1763640000.0_mean_300.0_v3" "txd58f5644c885473a84384-00692eff24" "proxy-server 20" 0.0106 "-" 22 0
Dec 2 15:00:52 standalone proxy-server[128769]: 172.18.0.2 172.18.0.100 02/Dec/2025/15/00/52 PUT /v1/AUTH_d1023b00803f443ea2b9f323c4072839/gnocchi.7afeb29a-5c96-43f3-9756-cd9536d1c1d6/1763640000.0_mean_300.0_v3 HTTP/1.0 201 - python-swiftclient-3.11.1 gAAAAABpLv6p8Z5K... 16 - - txd58f5644c885473a84384-00692eff24 - 0.0163 - - 1764687652.162720203 1764687652.179052114 0
Dec 2 15:00:52 standalone container-server[126719]: 172.20.0.100 - - [02/Dec/2025:15:00:52 +0000] "PUT /d1/885/AUTH_d1023b00803f443ea2b9f323c4072839/gnocchi.7afeb29a-5c96-43f3-9756-cd9536d1c1d6/none_v3" 201 - "PUT http://172.18.0.2:8080/d1/103/AUTH_d1023b00803f443ea2b9f323c4072839/gnocchi.7afeb29a-5c96-43f3-9756-cd9536d1c1d6/none_v3" "tx4aa986a7e052467ab5c23-00692eff24" "object-server 25" 0.0004 "-" 22 0
Dec 2 15:00:52 standalone object-server[127078]: 172.20.0.100 - - [02/Dec/2025:15:00:52 +0000] "PUT /d1/103/AUTH_d1023b00803f443ea2b9f323c4072839/gnocchi.7afeb29a-5c96-43f3-9756-cd9536d1c1d6/none_v3" 201 - "PUT http://172.18.0.2:8080/v1/AUTH_d1023b00803f443ea2b9f323c4072839/gnocchi.7afeb29a-5c96-43f3-9756-cd9536d1c1d6/none_v3" "tx4aa986a7e052467ab5c23-00692eff24" "proxy-server 20" 0.0085 "-" 25 0
Dec 2 15:00:52 standalone proxy-server[128769]: 172.18.0.2 172.18.0.100 02/Dec/2025/15/00/52 PUT /v1/AUTH_d1023b00803f443ea2b9f323c4072839/gnocchi.7afeb29a-5c96-43f3-9756-cd9536d1c1d6/none_v3 HTTP/1.0 201 - python-swiftclient-3.11.1 gAAAAABpLv6p8Z5K... 22 - - tx4aa986a7e052467ab5c23-00692eff24 - 0.0138 - - 1764687652.181765318 1764687652.195581436 0
Dec 2 15:00:52 standalone object-server[127068]: 172.20.0.100 - - [02/Dec/2025:15:00:52 +0000] "GET /d1/494/AUTH_d1023b00803f443ea2b9f323c4072839/gnocchi.731e5336-c5b3-471d-a216-1fdbae12d228/none_v3" 200 22 "GET http://172.18.0.2:8080/v1/AUTH_d1023b00803f443ea2b9f323c4072839/gnocchi.731e5336-c5b3-471d-a216-1fdbae12d228/none_v3" "tx21f30d0336ba45209673d-00692eff24" "proxy-server 20" 0.0010 "-" 22 0
Dec 2 15:00:52 standalone proxy-server[128769]: 172.18.0.2 172.18.0.100 02/Dec/2025/15/00/52 GET /v1/AUTH_d1023b00803f443ea2b9f323c4072839/gnocchi.731e5336-c5b3-471d-a216-1fdbae12d228/none_v3 HTTP/1.0 200 - python-swiftclient-3.11.1 gAAAAABpLv6p8Z5K... - 22 - tx21f30d0336ba45209673d-00692eff24 - 0.0097 - - 1764687652.339572668 1764687652.349313974 0
Dec 2 15:00:52 standalone container-server[126719]: 172.20.0.100 - - [02/Dec/2025:15:00:52 +0000] "GET /d1/909/AUTH_d1023b00803f443ea2b9f323c4072839/gnocchi.731e5336-c5b3-471d-a216-1fdbae12d228" 200 357 "GET http://172.18.0.2:8080/v1/AUTH_d1023b00803f443ea2b9f323c4072839/gnocchi.731e5336-c5b3-471d-a216-1fdbae12d228?format=json&states=listing" "tx6ff7005b3e734713a58ae-00692eff24" "proxy-server 20" 0.0073 "-" 22 0
Dec 2 15:00:52 standalone proxy-server[128769]: 172.18.0.2 172.18.0.100 02/Dec/2025/15/00/52 GET /v1/AUTH_d1023b00803f443ea2b9f323c4072839/gnocchi.731e5336-c5b3-471d-a216-1fdbae12d228%3Fformat%3Djson%26states%3Dlisting HTTP/1.0 200 - python-swiftclient-3.11.1 gAAAAABpLv6p8Z5K... - 357 - tx6ff7005b3e734713a58ae-00692eff24 - 0.0166 - - 1764687652.354435682 1764687652.371068716 0
Dec 2 15:00:52 standalone container-server[126710]: 172.20.0.100 - - [02/Dec/2025:15:00:52 +0000] "GET /d1/909/AUTH_d1023b00803f443ea2b9f323c4072839/gnocchi.731e5336-c5b3-471d-a216-1fdbae12d228" 200 2 "GET http://172.18.0.2:8080/v1/AUTH_d1023b00803f443ea2b9f323c4072839/gnocchi.731e5336-c5b3-471d-a216-1fdbae12d228?format=json&marker=none_v3&states=listing" "tx6c5c4b55363341f38903f-00692eff24" "proxy-server 20" 0.0018 "-" 21 0
Dec 2 15:00:52 standalone proxy-server[128769]: 172.18.0.2 172.18.0.100 02/Dec/2025/15/00/52 GET /v1/AUTH_d1023b00803f443ea2b9f323c4072839/gnocchi.731e5336-c5b3-471d-a216-1fdbae12d228%3Fformat%3Djson%26marker%3Dnone_v3%26states%3Dlisting HTTP/1.0 200 - python-swiftclient-3.11.1 gAAAAABpLv6p8Z5K... - 2 - tx6c5c4b55363341f38903f-00692eff24 - 0.0095 - - 1764687652.375599623 1764687652.385116577 0
Dec 2 15:00:52 standalone object-server[127068]: 172.20.0.100 - - [02/Dec/2025:15:00:52 +0000] "GET /d1/205/AUTH_d1023b00803f443ea2b9f323c4072839/gnocchi.731e5336-c5b3-471d-a216-1fdbae12d228/1763640000.0_mean_300.0_v3" 200 24 "GET http://172.18.0.2:8080/v1/AUTH_d1023b00803f443ea2b9f323c4072839/gnocchi.731e5336-c5b3-471d-a216-1fdbae12d228/1763640000.0_mean_300.0_v3" "tx0d6c4e395ebf4f8ab5fc2-00692eff24" "proxy-server 20" 0.0010 "-" 22 0
Dec 2 15:00:52 standalone proxy-server[128769]: 172.18.0.2 172.18.0.100 02/Dec/2025/15/00/52 GET /v1/AUTH_d1023b00803f443ea2b9f323c4072839/gnocchi.731e5336-c5b3-471d-a216-1fdbae12d228/1763640000.0_mean_300.0_v3 HTTP/1.0 200 - python-swiftclient-3.11.1 gAAAAABpLv6p8Z5K... - 24 - tx0d6c4e395ebf4f8ab5fc2-00692eff24 - 0.0085 - - 1764687652.389717817 1764687652.398182631 0
Dec 2 15:00:52 standalone container-server[126721]: 172.20.0.100 - - [02/Dec/2025:15:00:52 +0000] "PUT /d1/909/AUTH_d1023b00803f443ea2b9f323c4072839/gnocchi.731e5336-c5b3-471d-a216-1fdbae12d228/1763640000.0_mean_300.0_v3" 201 - "PUT http://172.18.0.2:8080/d1/205/AUTH_d1023b00803f443ea2b9f323c4072839/gnocchi.731e5336-c5b3-471d-a216-1fdbae12d228/1763640000.0_mean_300.0_v3" "txffc5b00124124788a23ac-00692eff24" "object-server 24" 0.0007 "-" 23 0
Dec 2 15:00:52 standalone object-server[127076]: 172.20.0.100 - - [02/Dec/2025:15:00:52 +0000] "PUT /d1/205/AUTH_d1023b00803f443ea2b9f323c4072839/gnocchi.731e5336-c5b3-471d-a216-1fdbae12d228/1763640000.0_mean_300.0_v3" 201 - "PUT http://172.18.0.2:8080/v1/AUTH_d1023b00803f443ea2b9f323c4072839/gnocchi.731e5336-c5b3-471d-a216-1fdbae12d228/1763640000.0_mean_300.0_v3" "txffc5b00124124788a23ac-00692eff24" "proxy-server 20" 0.0076 "-" 24 0
Dec 2 15:00:52 standalone proxy-server[128769]: 172.18.0.2 172.18.0.100 02/Dec/2025/15/00/52 PUT /v1/AUTH_d1023b00803f443ea2b9f323c4072839/gnocchi.731e5336-c5b3-471d-a216-1fdbae12d228/1763640000.0_mean_300.0_v3 HTTP/1.0 201 - python-swiftclient-3.11.1 gAAAAABpLv6p8Z5K... 24 - - txffc5b00124124788a23ac-00692eff24 - 0.0148 - - 1764687652.402177095 1764687652.416988134 0
Dec 2 15:00:52 standalone container-server[126721]: 172.20.0.100 - - [02/Dec/2025:15:00:52 +0000] "PUT /d1/909/AUTH_d1023b00803f443ea2b9f323c4072839/gnocchi.731e5336-c5b3-471d-a216-1fdbae12d228/none_v3" 201 - "PUT http://172.18.0.2:8080/d1/494/AUTH_d1023b00803f443ea2b9f323c4072839/gnocchi.731e5336-c5b3-471d-a216-1fdbae12d228/none_v3" "tx003581f4050748138aac9-00692eff24" "object-server 25" 0.0007 "-" 23 0
Dec 2 15:00:52 standalone object-server[127078]: 172.20.0.100 - - [02/Dec/2025:15:00:52 +0000] "PUT /d1/494/AUTH_d1023b00803f443ea2b9f323c4072839/gnocchi.731e5336-c5b3-471d-a216-1fdbae12d228/none_v3" 201 - "PUT http://172.18.0.2:8080/v1/AUTH_d1023b00803f443ea2b9f323c4072839/gnocchi.731e5336-c5b3-471d-a216-1fdbae12d228/none_v3" "tx003581f4050748138aac9-00692eff24" "proxy-server 20" 0.0104 "-" 25 0
Dec 2 15:00:52 standalone proxy-server[128769]: 172.18.0.2 172.18.0.100 02/Dec/2025/15/00/52 PUT /v1/AUTH_d1023b00803f443ea2b9f323c4072839/gnocchi.731e5336-c5b3-471d-a216-1fdbae12d228/none_v3 HTTP/1.0 201 - python-swiftclient-3.11.1 gAAAAABpLv6p8Z5K... 33 - - tx003581f4050748138aac9-00692eff24 - 0.0193 - - 1764687652.420515060 1764687652.439785004 0
Dec 2 15:00:52 standalone object-server[127076]: 172.20.0.100 - - [02/Dec/2025:15:00:52 +0000] "GET /d1/29/AUTH_d1023b00803f443ea2b9f323c4072839/gnocchi.76ea974d-d997-4c63-b6d8-82d93596b103/none_v3" 200 22 "GET http://172.18.0.2:8080/v1/AUTH_d1023b00803f443ea2b9f323c4072839/gnocchi.76ea974d-d997-4c63-b6d8-82d93596b103/none_v3" "txa7e3105a85864092b303d-00692eff24" "proxy-server 20" 0.0007 "-" 24 0
Dec 2 15:00:52 standalone proxy-server[128769]: 172.18.0.2 172.18.0.100 02/Dec/2025/15/00/52 GET /v1/AUTH_d1023b00803f443ea2b9f323c4072839/gnocchi.76ea974d-d997-4c63-b6d8-82d93596b103/none_v3 HTTP/1.0 200 - python-swiftclient-3.11.1 gAAAAABpLv6p8Z5K... - 22 - txa7e3105a85864092b303d-00692eff24 - 0.0081 - - 1764687652.451773643 1764687652.459871292 0
Dec 2 15:00:52 standalone container-server[126721]: 172.20.0.100 - - [02/Dec/2025:15:00:52 +0000] "GET /d1/938/AUTH_d1023b00803f443ea2b9f323c4072839/gnocchi.76ea974d-d997-4c63-b6d8-82d93596b103" 200 357 "GET http://172.18.0.2:8080/v1/AUTH_d1023b00803f443ea2b9f323c4072839/gnocchi.76ea974d-d997-4c63-b6d8-82d93596b103?format=json&states=listing" "tx927a75c3f6f94c9bb781b-00692eff24" "proxy-server 20" 0.0083 "-" 23 0
Dec 2 15:00:52 standalone proxy-server[128769]: 172.18.0.2 172.18.0.100 02/Dec/2025/15/00/52 GET /v1/AUTH_d1023b00803f443ea2b9f323c4072839/gnocchi.76ea974d-d997-4c63-b6d8-82d93596b103%3Fformat%3Djson%26states%3Dlisting HTTP/1.0 200 - python-swiftclient-3.11.1 gAAAAABpLv6p8Z5K... - 357 - tx927a75c3f6f94c9bb781b-00692eff24 - 0.0171 - - 1764687652.464918852 1764687652.481995583 0
Dec 2 15:00:52 standalone container-server[126710]: 172.20.0.100 - - [02/Dec/2025:15:00:52 +0000] "GET /d1/938/AUTH_d1023b00803f443ea2b9f323c4072839/gnocchi.76ea974d-d997-4c63-b6d8-82d93596b103" 200 2 "GET http://172.18.0.2:8080/v1/AUTH_d1023b00803f443ea2b9f323c4072839/gnocchi.76ea974d-d997-4c63-b6d8-82d93596b103?format=json&marker=none_v3&states=listing" "txed09e3896d244c5697ad7-00692eff24" "proxy-server 20" 0.0017 "-" 21 0
Dec 2 15:00:52 standalone proxy-server[128769]: 172.18.0.2 172.18.0.100 02/Dec/2025/15/00/52 GET /v1/AUTH_d1023b00803f443ea2b9f323c4072839/gnocchi.76ea974d-d997-4c63-b6d8-82d93596b103%3Fformat%3Djson%26marker%3Dnone_v3%26states%3Dlisting HTTP/1.0 200 - python-swiftclient-3.11.1 gAAAAABpLv6p8Z5K... - 2 - txed09e3896d244c5697ad7-00692eff24 - 0.0093 - - 1764687652.486124754 1764687652.495425224 0
Dec 2 15:00:52 standalone object-server[127078]: 172.20.0.100 - - [02/Dec/2025:15:00:52 +0000] "GET /d1/95/AUTH_d1023b00803f443ea2b9f323c4072839/gnocchi.76ea974d-d997-4c63-b6d8-82d93596b103/1763640000.0_mean_300.0_v3" 200 24 "GET http://172.18.0.2:8080/v1/AUTH_d1023b00803f443ea2b9f323c4072839/gnocchi.76ea974d-d997-4c63-b6d8-82d93596b103/1763640000.0_mean_300.0_v3" "tx2aa0265c92604c95a80d4-00692eff24" "proxy-server 20" 0.0011 "-" 25 0
Dec 2 15:00:52 standalone proxy-server[128769]: 172.18.0.2 172.18.0.100 02/Dec/2025/15/00/52 GET /v1/AUTH_d1023b00803f443ea2b9f323c4072839/gnocchi.76ea974d-d997-4c63-b6d8-82d93596b103/1763640000.0_mean_300.0_v3 HTTP/1.0 200 - python-swiftclient-3.11.1 gAAAAABpLv6p8Z5K... - 24 - tx2aa0265c92604c95a80d4-00692eff24 - 0.0091 - - 1764687652.500232697 1764687652.509289742 0
Dec 2 15:00:52 standalone container-server[126700]: 172.20.0.100 - - [02/Dec/2025:15:00:52 +0000] "PUT /d1/938/AUTH_d1023b00803f443ea2b9f323c4072839/gnocchi.76ea974d-d997-4c63-b6d8-82d93596b103/1763640000.0_mean_300.0_v3" 201 - "PUT http://172.18.0.2:8080/d1/95/AUTH_d1023b00803f443ea2b9f323c4072839/gnocchi.76ea974d-d997-4c63-b6d8-82d93596b103/1763640000.0_mean_300.0_v3" "txc33a7bf9a918461cacd29-00692eff24" "object-server 24" 0.0004 "-" 20 0
Dec 2 15:00:52 standalone object-server[127076]: 172.20.0.100 - - [02/Dec/2025:15:00:52 +0000] "PUT /d1/95/AUTH_d1023b00803f443ea2b9f323c4072839/gnocchi.76ea974d-d997-4c63-b6d8-82d93596b103/1763640000.0_mean_300.0_v3" 201 - "PUT http://172.18.0.2:8080/v1/AUTH_d1023b00803f443ea2b9f323c4072839/gnocchi.76ea974d-d997-4c63-b6d8-82d93596b103/1763640000.0_mean_300.0_v3" "txc33a7bf9a918461cacd29-00692eff24" "proxy-server 20" 0.0087 "-" 24 0
Dec 2 15:00:52 standalone proxy-server[128769]: 172.18.0.2 172.18.0.100 02/Dec/2025/15/00/52 PUT /v1/AUTH_d1023b00803f443ea2b9f323c4072839/gnocchi.76ea974d-d997-4c63-b6d8-82d93596b103/1763640000.0_mean_300.0_v3 HTTP/1.0 201 - python-swiftclient-3.11.1 gAAAAABpLv6p8Z5K... 24 - - txc33a7bf9a918461cacd29-00692eff24 - 0.0151 - - 1764687652.512359381 1764687652.527424335 0
Dec 2 15:00:52 standalone container-server[126700]: 172.20.0.100 - - [02/Dec/2025:15:00:52 +0000] "PUT /d1/938/AUTH_d1023b00803f443ea2b9f323c4072839/gnocchi.76ea974d-d997-4c63-b6d8-82d93596b103/none_v3" 201 - "PUT http://172.18.0.2:8080/d1/29/AUTH_d1023b00803f443ea2b9f323c4072839/gnocchi.76ea974d-d997-4c63-b6d8-82d93596b103/none_v3" "tx63b8e25714114ed38c922-00692eff24" "object-server 25" 0.0004 "-" 20 0
Dec 2 15:00:52 standalone object-server[127078]: 172.20.0.100 - - [02/Dec/2025:15:00:52 +0000] "PUT /d1/29/AUTH_d1023b00803f443ea2b9f323c4072839/gnocchi.76ea974d-d997-4c63-b6d8-82d93596b103/none_v3" 201 - "PUT http://172.18.0.2:8080/v1/AUTH_d1023b00803f443ea2b9f323c4072839/gnocchi.76ea974d-d997-4c63-b6d8-82d93596b103/none_v3" "tx63b8e25714114ed38c922-00692eff24" "proxy-server 20" 0.0121 "-" 25 0
Dec 2 15:00:52 standalone proxy-server[128769]: 172.18.0.2 172.18.0.100 02/Dec/2025/15/00/52 PUT /v1/AUTH_d1023b00803f443ea2b9f323c4072839/gnocchi.76ea974d-d997-4c63-b6d8-82d93596b103/none_v3 HTTP/1.0 201 - python-swiftclient-3.11.1 gAAAAABpLv6p8Z5K... 33 - - tx63b8e25714114ed38c922-00692eff24 - 0.0212 - - 1764687652.530699968 1764687652.551872253 0
Dec 2 15:00:54 standalone object-server[127076]: 172.20.0.100 - - [02/Dec/2025:15:00:54 +0000] "GET /d1/103/AUTH_d1023b00803f443ea2b9f323c4072839/gnocchi.7afeb29a-5c96-43f3-9756-cd9536d1c1d6/none_v3" 200 22 "GET http://172.18.0.2:8080/v1/AUTH_d1023b00803f443ea2b9f323c4072839/gnocchi.7afeb29a-5c96-43f3-9756-cd9536d1c1d6/none_v3" "txacd87d436e324fc8ba649-00692eff26" "proxy-server 20" 0.0009 "-" 24 0
Dec 2 15:00:54 standalone proxy-server[128769]: 172.18.0.2 172.18.0.100 02/Dec/2025/15/00/54 GET /v1/AUTH_d1023b00803f443ea2b9f323c4072839/gnocchi.7afeb29a-5c96-43f3-9756-cd9536d1c1d6/none_v3 HTTP/1.0 200 - python-swiftclient-3.11.1 gAAAAABpLv6p8Z5K... - 22 - txacd87d436e324fc8ba649-00692eff26 - 0.0089 - - 1764687654.007662296 1764687654.016575575 0
Dec 2 15:00:54 standalone container-server[126719]: 172.20.0.100 - - [02/Dec/2025:15:00:54 +0000] "GET /d1/885/AUTH_d1023b00803f443ea2b9f323c4072839/gnocchi.7afeb29a-5c96-43f3-9756-cd9536d1c1d6" 200 357 "GET http://172.18.0.2:8080/v1/AUTH_d1023b00803f443ea2b9f323c4072839/gnocchi.7afeb29a-5c96-43f3-9756-cd9536d1c1d6?format=json&states=listing" "tx844f48c02e7d456f966ea-00692eff26" "proxy-server 20" 0.0087 "-" 22 0
Dec 2 15:00:54 standalone proxy-server[128769]: 172.18.0.2 172.18.0.100 02/Dec/2025/15/00/54 GET /v1/AUTH_d1023b00803f443ea2b9f323c4072839/gnocchi.7afeb29a-5c96-43f3-9756-cd9536d1c1d6%3Fformat%3Djson%26states%3Dlisting HTTP/1.0 200 - python-swiftclient-3.11.1 gAAAAABpLv6p8Z5K... - 357 - tx844f48c02e7d456f966ea-00692eff26 - 0.0161 - - 1764687654.020151138 1764687654.036231518 0
Dec 2 15:00:54 standalone container-server[126700]: 172.20.0.100 - - [02/Dec/2025:15:00:54 +0000] "GET /d1/885/AUTH_d1023b00803f443ea2b9f323c4072839/gnocchi.7afeb29a-5c96-43f3-9756-cd9536d1c1d6" 200 2 "GET http://172.18.0.2:8080/v1/AUTH_d1023b00803f443ea2b9f323c4072839/gnocchi.7afeb29a-5c96-43f3-9756-cd9536d1c1d6?format=json&marker=none_v3&states=listing" "tx5a9a9e6fdf96488ea6650-00692eff26" "proxy-server 20" 0.0017 "-" 20 0
Dec 2 15:00:54 standalone proxy-server[128769]: 172.18.0.2 172.18.0.100 02/Dec/2025/15/00/54 GET /v1/AUTH_d1023b00803f443ea2b9f323c4072839/gnocchi.7afeb29a-5c96-43f3-9756-cd9536d1c1d6%3Fformat%3Djson%26marker%3Dnone_v3%26states%3Dlisting HTTP/1.0 200 - python-swiftclient-3.11.1 gAAAAABpLv6p8Z5K... - 2 - tx5a9a9e6fdf96488ea6650-00692eff26 - 0.0091 - - 1764687654.038594961 1764687654.047740459 0
Dec 2 15:00:54 standalone object-server[127078]: 172.20.0.100 - - [02/Dec/2025:15:00:54 +0000] "GET /d1/510/AUTH_d1023b00803f443ea2b9f323c4072839/gnocchi.7afeb29a-5c96-43f3-9756-cd9536d1c1d6/1763640000.0_mean_300.0_v3" 200 16 "GET http://172.18.0.2:8080/v1/AUTH_d1023b00803f443ea2b9f323c4072839/gnocchi.7afeb29a-5c96-43f3-9756-cd9536d1c1d6/1763640000.0_mean_300.0_v3" "txf5ff56fa986647fb9e060-00692eff26" "proxy-server 20" 0.0011 "-" 25 0
Dec 2 15:00:54 standalone proxy-server[128769]: 172.18.0.2 172.18.0.100 02/Dec/2025/15/00/54 GET /v1/AUTH_d1023b00803f443ea2b9f323c4072839/gnocchi.7afeb29a-5c96-43f3-9756-cd9536d1c1d6/1763640000.0_mean_300.0_v3 HTTP/1.0 200 - python-swiftclient-3.11.1 gAAAAABpLv6p8Z5K... - 16 - txf5ff56fa986647fb9e060-00692eff26 - 0.0094 - - 1764687654.050833464 1764687654.060200214 0
Dec 2 15:00:54 standalone container-server[126710]: 172.20.0.100 - - [02/Dec/2025:15:00:54 +0000] "PUT /d1/885/AUTH_d1023b00803f443ea2b9f323c4072839/gnocchi.7afeb29a-5c96-43f3-9756-cd9536d1c1d6/1763640000.0_mean_300.0_v3" 201 - "PUT http://172.18.0.2:8080/d1/510/AUTH_d1023b00803f443ea2b9f323c4072839/gnocchi.7afeb29a-5c96-43f3-9756-cd9536d1c1d6/1763640000.0_mean_300.0_v3" "txe4e5e93257e443edb1103-00692eff26" "object-server 23" 0.0006 "-" 21 0
Dec 2 15:00:54 standalone object-server[127074]: 172.20.0.100 - - [02/Dec/2025:15:00:54 +0000] "PUT /d1/510/AUTH_d1023b00803f443ea2b9f323c4072839/gnocchi.7afeb29a-5c96-43f3-9756-cd9536d1c1d6/1763640000.0_mean_300.0_v3" 201 - "PUT http://172.18.0.2:8080/v1/AUTH_d1023b00803f443ea2b9f323c4072839/gnocchi.7afeb29a-5c96-43f3-9756-cd9536d1c1d6/1763640000.0_mean_300.0_v3" "txe4e5e93257e443edb1103-00692eff26" "proxy-server 20" 0.0109 "-" 23 0
Dec 2 15:00:54 standalone proxy-server[128769]: 172.18.0.2 172.18.0.100 02/Dec/2025/15/00/54 PUT /v1/AUTH_d1023b00803f443ea2b9f323c4072839/gnocchi.7afeb29a-5c96-43f3-9756-cd9536d1c1d6/1763640000.0_mean_300.0_v3 HTTP/1.0 201 - python-swiftclient-3.11.1 gAAAAABpLv6p8Z5K... 16 - - txe4e5e93257e443edb1103-00692eff26 - 0.0182 - - 1764687654.067772388 1764687654.085967779 0
Dec 2 15:00:54 standalone container-server[126710]: 172.20.0.100 - - [02/Dec/2025:15:00:54 +0000] "PUT /d1/885/AUTH_d1023b00803f443ea2b9f323c4072839/gnocchi.7afeb29a-5c96-43f3-9756-cd9536d1c1d6/none_v3" 201 - "PUT http://172.18.0.2:8080/d1/103/AUTH_d1023b00803f443ea2b9f323c4072839/gnocchi.7afeb29a-5c96-43f3-9756-cd9536d1c1d6/none_v3" "tx74eef7be1c1a41d9b8089-00692eff26" "object-server 25" 0.0004 "-" 21 0
Dec 2 15:00:54 standalone object-server[127078]: 172.20.0.100 - - [02/Dec/2025:15:00:54 +0000] "PUT /d1/103/AUTH_d1023b00803f443ea2b9f323c4072839/gnocchi.7afeb29a-5c96-43f3-9756-cd9536d1c1d6/none_v3" 201 - "PUT http://172.18.0.2:8080/v1/AUTH_d1023b00803f443ea2b9f323c4072839/gnocchi.7afeb29a-5c96-43f3-9756-cd9536d1c1d6/none_v3" "tx74eef7be1c1a41d9b8089-00692eff26" "proxy-server 20" 0.0101 "-" 25 0
Dec 2 15:00:54 standalone proxy-server[128769]: 172.18.0.2 172.18.0.100 02/Dec/2025/15/00/54 PUT /v1/AUTH_d1023b00803f443ea2b9f323c4072839/gnocchi.7afeb29a-5c96-43f3-9756-cd9536d1c1d6/none_v3 HTTP/1.0 201 - python-swiftclient-3.11.1 gAAAAABpLv6p8Z5K... 31 - - tx74eef7be1c1a41d9b8089-00692eff26 - 0.0173 - - 1764687654.089613676 1764687654.106945515 0
Dec 2 15:01:01 standalone object-server[127068]: 172.20.0.100 - - [02/Dec/2025:15:01:01 +0000] "GET /d1/103/AUTH_d1023b00803f443ea2b9f323c4072839/gnocchi.7afeb29a-5c96-43f3-9756-cd9536d1c1d6/none_v3" 200 31 "GET http://172.18.0.2:8080/v1/AUTH_d1023b00803f443ea2b9f323c4072839/gnocchi.7afeb29a-5c96-43f3-9756-cd9536d1c1d6/none_v3" "tx03c7e49d90c6411bb631c-00692eff2d" "proxy-server 20" 0.0011 "-" 22 0
Dec 2 15:01:01 standalone proxy-server[128769]: 172.18.0.2 172.18.0.100 02/Dec/2025/15/01/01 GET /v1/AUTH_d1023b00803f443ea2b9f323c4072839/gnocchi.7afeb29a-5c96-43f3-9756-cd9536d1c1d6/none_v3 HTTP/1.0 200 - python-swiftclient-3.11.1 gAAAAABpLv6p8Z5K... - 31 - tx03c7e49d90c6411bb631c-00692eff2d - 0.0073 - - 1764687661.451057911 1764687661.458321571 0
Dec 2 15:01:01 standalone container-server[126700]: 172.20.0.100 - - [02/Dec/2025:15:01:01 +0000] "GET /d1/885/AUTH_d1023b00803f443ea2b9f323c4072839/gnocchi.7afeb29a-5c96-43f3-9756-cd9536d1c1d6" 200 357 "GET http://172.18.0.2:8080/v1/AUTH_d1023b00803f443ea2b9f323c4072839/gnocchi.7afeb29a-5c96-43f3-9756-cd9536d1c1d6?format=json&states=listing" "tx69e0115b10644bb8b6a6e-00692eff2d" "proxy-server 20" 0.0064 "-" 20 0
Dec 2 15:01:01 standalone proxy-server[128769]: 172.18.0.2 172.18.0.100 02/Dec/2025/15/01/01 GET /v1/AUTH_d1023b00803f443ea2b9f323c4072839/gnocchi.7afeb29a-5c96-43f3-9756-cd9536d1c1d6%3Fformat%3Djson%26states%3Dlisting HTTP/1.0 200 - python-swiftclient-3.11.1 gAAAAABpLv6p8Z5K... - 357 - tx69e0115b10644bb8b6a6e-00692eff2d - 0.0115 - - 1764687661.461757421 1764687661.473226309 0
Dec 2 15:01:01 standalone container-server[126710]: 172.20.0.100 - - [02/Dec/2025:15:01:01 +0000] "GET /d1/885/AUTH_d1023b00803f443ea2b9f323c4072839/gnocchi.7afeb29a-5c96-43f3-9756-cd9536d1c1d6" 200 2 "GET http://172.18.0.2:8080/v1/AUTH_d1023b00803f443ea2b9f323c4072839/gnocchi.7afeb29a-5c96-43f3-9756-cd9536d1c1d6?format=json&marker=none_v3&states=listing" "txba9f348507e64af8b56b1-00692eff2d" "proxy-server 20" 0.0017 "-" 21 0
Dec 2 15:01:01 standalone proxy-server[128769]: 172.18.0.2 172.18.0.100 02/Dec/2025/15/01/01 GET /v1/AUTH_d1023b00803f443ea2b9f323c4072839/gnocchi.7afeb29a-5c96-43f3-9756-cd9536d1c1d6%3Fformat%3Djson%26marker%3Dnone_v3%26states%3Dlisting HTTP/1.0 200 - python-swiftclient-3.11.1 gAAAAABpLv6p8Z5K... - 2 - txba9f348507e64af8b56b1-00692eff2d - 0.0057 - - 1764687661.475193501 1764687661.480910540 0
Dec 2 15:01:01 standalone object-server[127074]: 172.20.0.100 - - [02/Dec/2025:15:01:01 +0000] "GET /d1/510/AUTH_d1023b00803f443ea2b9f323c4072839/gnocchi.7afeb29a-5c96-43f3-9756-cd9536d1c1d6/1763640000.0_mean_300.0_v3" 200 16 "GET http://172.18.0.2:8080/v1/AUTH_d1023b00803f443ea2b9f323c4072839/gnocchi.7afeb29a-5c96-43f3-9756-cd9536d1c1d6/1763640000.0_mean_300.0_v3" "txf76bfc2de7dc44f585134-00692eff2d" "proxy-server 20" 0.0006 "-" 23 0
Dec 2 15:01:01 standalone proxy-server[128769]: 172.18.0.2 172.18.0.100 02/Dec/2025/15/01/01 GET /v1/AUTH_d1023b00803f443ea2b9f323c4072839/gnocchi.7afeb29a-5c96-43f3-9756-cd9536d1c1d6/1763640000.0_mean_300.0_v3 HTTP/1.0 200 - python-swiftclient-3.11.1 gAAAAABpLv6p8Z5K... - 16 - txf76bfc2de7dc44f585134-00692eff2d - 0.0078 - - 1764687661.483492374 1764687661.491323471 0
Dec 2 15:01:01 standalone container-server[126719]: 172.20.0.100 - - [02/Dec/2025:15:01:01 +0000] "PUT /d1/885/AUTH_d1023b00803f443ea2b9f323c4072839/gnocchi.7afeb29a-5c96-43f3-9756-cd9536d1c1d6/1763640000.0_mean_300.0_v3" 201 - "PUT http://172.18.0.2:8080/d1/510/AUTH_d1023b00803f443ea2b9f323c4072839/gnocchi.7afeb29a-5c96-43f3-9756-cd9536d1c1d6/1763640000.0_mean_300.0_v3" "tx86c49e0aacce4b6f90642-00692eff2d" "object-server 23" 0.0005 "-" 22 0
Dec 2 15:01:01 standalone object-server[127074]: 172.20.0.100 - - [02/Dec/2025:15:01:01 +0000] "PUT /d1/510/AUTH_d1023b00803f443ea2b9f323c4072839/gnocchi.7afeb29a-5c96-43f3-9756-cd9536d1c1d6/1763640000.0_mean_300.0_v3" 201 - "PUT http://172.18.0.2:8080/v1/AUTH_d1023b00803f443ea2b9f323c4072839/gnocchi.7afeb29a-5c96-43f3-9756-cd9536d1c1d6/1763640000.0_mean_300.0_v3" "tx86c49e0aacce4b6f90642-00692eff2d" "proxy-server 20" 0.0079 "-" 23 0
Dec 2 15:01:01 standalone proxy-server[128769]: 172.18.0.2 172.18.0.100 02/Dec/2025/15/01/01 PUT /v1/AUTH_d1023b00803f443ea2b9f323c4072839/gnocchi.7afeb29a-5c96-43f3-9756-cd9536d1c1d6/1763640000.0_mean_300.0_v3 HTTP/1.0 201 - python-swiftclient-3.11.1 gAAAAABpLv6p8Z5K... 16 - - tx86c49e0aacce4b6f90642-00692eff2d - 0.0127 - - 1764687661.493873119 1764687661.506562471 0
Dec 2 15:01:01 standalone container-server[126719]: 172.20.0.100 - - [02/Dec/2025:15:01:01 +0000] "PUT /d1/885/AUTH_d1023b00803f443ea2b9f323c4072839/gnocchi.7afeb29a-5c96-43f3-9756-cd9536d1c1d6/none_v3" 201 - "PUT http://172.18.0.2:8080/d1/103/AUTH_d1023b00803f443ea2b9f323c4072839/gnocchi.7afeb29a-5c96-43f3-9756-cd9536d1c1d6/none_v3" "txf586b7bf1ca744f2b0fb1-00692eff2d" "object-server 25" 0.0004 "-" 22 0
Dec 2 15:01:01 standalone object-server[127078]: 172.20.0.100 - - [02/Dec/2025:15:01:01 +0000] "PUT /d1/103/AUTH_d1023b00803f443ea2b9f323c4072839/gnocchi.7afeb29a-5c96-43f3-9756-cd9536d1c1d6/none_v3" 201 - "PUT http://172.18.0.2:8080/v1/AUTH_d1023b00803f443ea2b9f323c4072839/gnocchi.7afeb29a-5c96-43f3-9756-cd9536d1c1d6/none_v3" "txf586b7bf1ca744f2b0fb1-00692eff2d" "proxy-server 20" 0.0090 "-" 25 0
Dec 2 15:01:01 standalone proxy-server[128769]: 172.18.0.2 172.18.0.100 02/Dec/2025/15/01/01 PUT /v1/AUTH_d1023b00803f443ea2b9f323c4072839/gnocchi.7afeb29a-5c96-43f3-9756-cd9536d1c1d6/none_v3 HTTP/1.0 201 - python-swiftclient-3.11.1 gAAAAABpLv6p8Z5K... 46 - - txf586b7bf1ca744f2b0fb1-00692eff2d - 0.0135 - - 1764687661.509747505 1764687661.523235083 0
Dec 2 15:01:02 standalone object-server[127074]: 172.20.0.100 - - [02/Dec/2025:15:01:02 +0000] "GET /d1/103/AUTH_d1023b00803f443ea2b9f323c4072839/gnocchi.7afeb29a-5c96-43f3-9756-cd9536d1c1d6/none_v3" 200 46 "GET http://172.18.0.2:8080/v1/AUTH_d1023b00803f443ea2b9f323c4072839/gnocchi.7afeb29a-5c96-43f3-9756-cd9536d1c1d6/none_v3" "txaf9b3b0d04724d39a83e1-00692eff2e" "proxy-server 20" 0.0012 "-" 23 0
Dec 2 15:01:02 standalone proxy-server[128769]: 172.18.0.2 172.18.0.100 02/Dec/2025/15/01/02 GET /v1/AUTH_d1023b00803f443ea2b9f323c4072839/gnocchi.7afeb29a-5c96-43f3-9756-cd9536d1c1d6/none_v3 HTTP/1.0 200 - python-swiftclient-3.11.1 gAAAAABpLv6p8Z5K... - 46 - txaf9b3b0d04724d39a83e1-00692eff2e - 0.0099 - - 1764687662.166130543 1764687662.176022053 0
Dec 2 15:01:02 standalone container-server[126721]: 172.20.0.100 - - [02/Dec/2025:15:01:02 +0000] "GET /d1/885/AUTH_d1023b00803f443ea2b9f323c4072839/gnocchi.7afeb29a-5c96-43f3-9756-cd9536d1c1d6" 200 357 "GET http://172.18.0.2:8080/v1/AUTH_d1023b00803f443ea2b9f323c4072839/gnocchi.7afeb29a-5c96-43f3-9756-cd9536d1c1d6?format=json&states=listing" "tx983ffae8be87492ab9ab9-00692eff2e" "proxy-server 20" 0.0086 "-" 23 0
Dec 2 15:01:02 standalone proxy-server[128769]: 172.18.0.2 172.18.0.100 02/Dec/2025/15/01/02 GET /v1/AUTH_d1023b00803f443ea2b9f323c4072839/gnocchi.7afeb29a-5c96-43f3-9756-cd9536d1c1d6%3Fformat%3Djson%26states%3Dlisting HTTP/1.0 200 - python-swiftclient-3.11.1 gAAAAABpLv6p8Z5K... - 357 - tx983ffae8be87492ab9ab9-00692eff2e - 0.0193 - - 1764687662.180501223 1764687662.199803591 0
Dec 2 15:01:02 standalone container-server[126710]: 172.20.0.100 - - [02/Dec/2025:15:01:02 +0000] "GET /d1/885/AUTH_d1023b00803f443ea2b9f323c4072839/gnocchi.7afeb29a-5c96-43f3-9756-cd9536d1c1d6" 200 2 "GET http://172.18.0.2:8080/v1/AUTH_d1023b00803f443ea2b9f323c4072839/gnocchi.7afeb29a-5c96-43f3-9756-cd9536d1c1d6?format=json&marker=none_v3&states=listing" "tx34d3121797d849ff9616d-00692eff2e" "proxy-server 20" 0.0026 "-" 21 0
Dec 2 15:01:02 standalone proxy-server[128769]: 172.18.0.2 172.18.0.100 02/Dec/2025/15/01/02 GET /v1/AUTH_d1023b00803f443ea2b9f323c4072839/gnocchi.7afeb29a-5c96-43f3-9756-cd9536d1c1d6%3Fformat%3Djson%26marker%3Dnone_v3%26states%3Dlisting HTTP/1.0 200 - python-swiftclient-3.11.1 gAAAAABpLv6p8Z5K... - 2 - tx34d3121797d849ff9616d-00692eff2e - 0.0109 - - 1764687662.203817844 1764687662.214723110 0
Dec 2 15:01:02 standalone object-server[127074]: 172.20.0.100 - - [02/Dec/2025:15:01:02 +0000] "GET /d1/510/AUTH_d1023b00803f443ea2b9f323c4072839/gnocchi.7afeb29a-5c96-43f3-9756-cd9536d1c1d6/1763640000.0_mean_300.0_v3" 200 16 "GET http://172.18.0.2:8080/v1/AUTH_d1023b00803f443ea2b9f323c4072839/gnocchi.7afeb29a-5c96-43f3-9756-cd9536d1c1d6/1763640000.0_mean_300.0_v3" "tx0879357d46834f63ac996-00692eff2e" "proxy-server 20" 0.0011 "-" 23 0
Dec 2 15:01:02 standalone proxy-server[128769]: 172.18.0.2 172.18.0.100 02/Dec/2025/15/01/02 GET /v1/AUTH_d1023b00803f443ea2b9f323c4072839/gnocchi.7afeb29a-5c96-43f3-9756-cd9536d1c1d6/1763640000.0_mean_300.0_v3 HTTP/1.0 200 - python-swiftclient-3.11.1 gAAAAABpLv6p8Z5K... - 16 - tx0879357d46834f63ac996-00692eff2e - 0.0089 - - 1764687662.220675230 1764687662.229613066 0
