2025-12-15 07:40:13.130 17 DEBUG neutron.pecan_wsgi.hooks.policy_enforcement [req-fa560e4f-2bdf-4dea-964e-436b657e2d14 a0778d2e01a04109adb39c0996048897 18284227a2fd412798d9da6bc342a0cc - default default] Attributes excluded by policy engine: ['standard_attr_id', 'network'] _exclude_attributes_by_policy /usr/lib/python3.9/site-packages/neutron/pecan_wsgi/hooks/policy_enforcement.py:259
2025-12-15 07:40:13.130 17 DEBUG neutron_lib.callbacks.manager [req-fa560e4f-2bdf-4dea-964e-436b657e2d14 a0778d2e01a04109adb39c0996048897 18284227a2fd412798d9da6bc342a0cc - default default] Notify callbacks ['neutron.notifiers.nova.Notifier._send_nova_notification-448322', 'neutron.api.rpc.agentnotifiers.dhcp_rpc_agent_api.DhcpAgentNotifyAPI._send_dhcp_notification-1724546'] for port, before_response _notify_loop /usr/lib/python3.9/site-packages/neutron_lib/callbacks/manager.py:200
2025-12-15 07:40:13.135 17 INFO neutron.wsgi [req-be305b21-048f-46cb-9961-e875cfda9700 a0778d2e01a04109adb39c0996048897 18284227a2fd412798d9da6bc342a0cc - default default] 192.168.122.100 "POST /v2.0/ports HTTP/1.1" status: 201 len: 1182 time: 0.7532601
2025-12-15 07:40:13.143 17 INFO neutron.wsgi [req-fa560e4f-2bdf-4dea-964e-436b657e2d14 a0778d2e01a04109adb39c0996048897 18284227a2fd412798d9da6bc342a0cc - default default] 192.168.122.100 "POST /v2.0/ports HTTP/1.1" status: 201 len: 1178 time: 0.7554548
2025-12-15 07:40:13.145 17 DEBUG neutron.services.tag.tag_plugin [req-e5e48986-ee7f-4245-8a66-4748acb5ff9b a0778d2e01a04109adb39c0996048897 18284227a2fd412798d9da6bc342a0cc - default default] neutron.services.tag.tag_plugin.TagPlugin method update_tags called with arguments (, 'ports', '0c35454a-23e4-4d86-aed5-4a307ad89f25', {'tags': ['tripleo_stack_name=overcloud', 'tripleo_vip_net=ctlplane']}) {} wrapper /usr/lib/python3.9/site-packages/oslo_log/helpers.py:65
2025-12-15 07:40:13.159 17 DEBUG neutron.services.tag.tag_plugin [req-132ad1c5-f2f0-478a-9bfd-ff32d3f897e3 a0778d2e01a04109adb39c0996048897 18284227a2fd412798d9da6bc342a0cc - default default] neutron.services.tag.tag_plugin.TagPlugin method update_tags called with arguments (, 'ports', '2f9f13f5-73b2-4371-b3ee-875e4b71b619', {'tags': ['tripleo_stack_name=overcloud', 'tripleo_vip_net=external']}) {} wrapper /usr/lib/python3.9/site-packages/oslo_log/helpers.py:65
2025-12-15 07:40:13.200 17 INFO neutron.wsgi [req-e5e48986-ee7f-4245-8a66-4748acb5ff9b a0778d2e01a04109adb39c0996048897 18284227a2fd412798d9da6bc342a0cc - default default] 192.168.122.100 "PUT /v2.0/ports/0c35454a-23e4-4d86-aed5-4a307ad89f25/tags HTTP/1.1" status: 200 len: 268 time: 0.0590522
2025-12-15 07:40:13.201 17 INFO neutron.wsgi [req-132ad1c5-f2f0-478a-9bfd-ff32d3f897e3 a0778d2e01a04109adb39c0996048897 18284227a2fd412798d9da6bc342a0cc - default default] 192.168.122.100 "PUT /v2.0/ports/2f9f13f5-73b2-4371-b3ee-875e4b71b619/tags HTTP/1.1" status: 200 len: 268 time: 0.0446708
2025-12-15 07:40:13.250 17 DEBUG neutron.pecan_wsgi.hooks.policy_enforcement [req-ad047c58-98fe-473f-8268-ccd9fccb1c6a a0778d2e01a04109adb39c0996048897 18284227a2fd412798d9da6bc342a0cc - default default] Attributes excluded by policy engine: ['standard_attr_id'] _exclude_attributes_by_policy /usr/lib/python3.9/site-packages/neutron/pecan_wsgi/hooks/policy_enforcement.py:259
2025-12-15 07:40:13.251 17 DEBUG neutron.pecan_wsgi.hooks.policy_enforcement [req-ad047c58-98fe-473f-8268-ccd9fccb1c6a a0778d2e01a04109adb39c0996048897 18284227a2fd412798d9da6bc342a0cc - default default] Attributes excluded by policy engine: ['standard_attr_id'] _exclude_attributes_by_policy /usr/lib/python3.9/site-packages/neutron/pecan_wsgi/hooks/policy_enforcement.py:259
2025-12-15 07:40:13.251 17 DEBUG neutron.pecan_wsgi.hooks.policy_enforcement [req-ad047c58-98fe-473f-8268-ccd9fccb1c6a a0778d2e01a04109adb39c0996048897 18284227a2fd412798d9da6bc342a0cc - default default] Attributes excluded by policy engine: ['standard_attr_id'] _exclude_attributes_by_policy /usr/lib/python3.9/site-packages/neutron/pecan_wsgi/hooks/policy_enforcement.py:259
2025-12-15 07:40:13.251 17 DEBUG neutron.pecan_wsgi.hooks.policy_enforcement [req-ad047c58-98fe-473f-8268-ccd9fccb1c6a a0778d2e01a04109adb39c0996048897 18284227a2fd412798d9da6bc342a0cc - default default] Attributes excluded by policy engine: ['standard_attr_id'] _exclude_attributes_by_policy /usr/lib/python3.9/site-packages/neutron/pecan_wsgi/hooks/policy_enforcement.py:259
2025-12-15 07:40:13.251 17 DEBUG neutron.pecan_wsgi.hooks.policy_enforcement [req-ad047c58-98fe-473f-8268-ccd9fccb1c6a a0778d2e01a04109adb39c0996048897 18284227a2fd412798d9da6bc342a0cc - default default] Attributes excluded by policy engine: ['standard_attr_id'] _exclude_attributes_by_policy /usr/lib/python3.9/site-packages/neutron/pecan_wsgi/hooks/policy_enforcement.py:259
2025-12-15 07:40:13.252 17 INFO neutron.wsgi [req-ad047c58-98fe-473f-8268-ccd9fccb1c6a a0778d2e01a04109adb39c0996048897 18284227a2fd412798d9da6bc342a0cc - default default] 192.168.122.100 "GET /v2.0/ports?tags=tripleo_stack_name%3Dovercloud HTTP/1.1" status: 200 len: 5344 time: 0.0489283
2025-12-15 07:40:13.314 20 DEBUG neutron.db.provisioning_blocks [req-8f533cc9-2427-4abe-984f-74dc92ef6850 - - - - -] Provisioning for port 0c35454a-23e4-4d86-aed5-4a307ad89f25 completed by entity DHCP. provisioning_complete /usr/lib/python3.9/site-packages/neutron/db/provisioning_blocks.py:134
2025-12-15 07:40:13.320 20 DEBUG neutron.db.provisioning_blocks [req-8f533cc9-2427-4abe-984f-74dc92ef6850 - - - - -] Provisioning complete for port 0c35454a-23e4-4d86-aed5-4a307ad89f25 triggered by entity DHCP. provisioning_complete /usr/lib/python3.9/site-packages/neutron/db/provisioning_blocks.py:140
2025-12-15 07:40:13.320 20 DEBUG neutron_lib.callbacks.manager [req-8f533cc9-2427-4abe-984f-74dc92ef6850 - - - - -] Notify callbacks ['neutron.plugins.ml2.plugin.Ml2Plugin._port_provisioned-716631'] for port, provisioning_complete _notify_loop /usr/lib/python3.9/site-packages/neutron_lib/callbacks/manager.py:200
2025-12-15 07:40:13.320 20 INFO neutron.plugins.ml2.plugin [req-8f533cc9-2427-4abe-984f-74dc92ef6850 - - - - -] Attempt 1 to provision port 0c35454a-23e4-4d86-aed5-4a307ad89f25
2025-12-15 07:40:13.360 20 DEBUG neutron.plugins.ml2.plugin [req-8f533cc9-2427-4abe-984f-74dc92ef6850 - - - - -] Port 0c35454a-23e4-4d86-aed5-4a307ad89f25 cannot update to ACTIVE because it is not bound. _port_provisioned /usr/lib/python3.9/site-packages/neutron/plugins/ml2/plugin.py:353
2025-12-15 07:40:14.638 18 DEBUG neutron.wsgi [-] (18) accepted ('192.168.122.100', 57034) server /usr/lib/python3.9/site-packages/eventlet/wsgi.py:992
2025-12-15 07:40:14.747 18 DEBUG neutron.pecan_wsgi.hooks.policy_enforcement [req-af3c36ed-ce89-48f0-b8ca-c1ca14a4cd33 a0778d2e01a04109adb39c0996048897 18284227a2fd412798d9da6bc342a0cc - default default] Attributes excluded by policy engine: ['standard_attr_id', 'vlan_transparent'] _exclude_attributes_by_policy /usr/lib/python3.9/site-packages/neutron/pecan_wsgi/hooks/policy_enforcement.py:259
2025-12-15 07:40:14.748 18 DEBUG neutron.pecan_wsgi.hooks.policy_enforcement [req-af3c36ed-ce89-48f0-b8ca-c1ca14a4cd33 a0778d2e01a04109adb39c0996048897 18284227a2fd412798d9da6bc342a0cc - default default] Attributes excluded by policy engine: ['standard_attr_id', 'vlan_transparent'] _exclude_attributes_by_policy /usr/lib/python3.9/site-packages/neutron/pecan_wsgi/hooks/policy_enforcement.py:259
2025-12-15 07:40:14.748 18 DEBUG neutron.pecan_wsgi.hooks.policy_enforcement [req-af3c36ed-ce89-48f0-b8ca-c1ca14a4cd33 a0778d2e01a04109adb39c0996048897 18284227a2fd412798d9da6bc342a0cc - default default] Attributes excluded by policy engine: ['standard_attr_id', 'vlan_transparent'] _exclude_attributes_by_policy /usr/lib/python3.9/site-packages/neutron/pecan_wsgi/hooks/policy_enforcement.py:259
2025-12-15 07:40:14.748 18 DEBUG neutron.pecan_wsgi.hooks.policy_enforcement [req-af3c36ed-ce89-48f0-b8ca-c1ca14a4cd33 a0778d2e01a04109adb39c0996048897 18284227a2fd412798d9da6bc342a0cc - default default] Attributes excluded by policy engine: ['standard_attr_id', 'vlan_transparent'] _exclude_attributes_by_policy /usr/lib/python3.9/site-packages/neutron/pecan_wsgi/hooks/policy_enforcement.py:259
2025-12-15 07:40:14.748 18 DEBUG neutron.pecan_wsgi.hooks.policy_enforcement [req-af3c36ed-ce89-48f0-b8ca-c1ca14a4cd33 a0778d2e01a04109adb39c0996048897 18284227a2fd412798d9da6bc342a0cc - default default] Attributes excluded by policy engine: ['standard_attr_id', 'vlan_transparent'] _exclude_attributes_by_policy /usr/lib/python3.9/site-packages/neutron/pecan_wsgi/hooks/policy_enforcement.py:259
2025-12-15 07:40:14.749 18 DEBUG neutron.pecan_wsgi.hooks.policy_enforcement [req-af3c36ed-ce89-48f0-b8ca-c1ca14a4cd33 a0778d2e01a04109adb39c0996048897 18284227a2fd412798d9da6bc342a0cc - default default] Attributes excluded by policy engine: ['standard_attr_id', 'vlan_transparent'] _exclude_attributes_by_policy /usr/lib/python3.9/site-packages/neutron/pecan_wsgi/hooks/policy_enforcement.py:259
2025-12-15 07:40:14.750 18 INFO neutron.wsgi [req-af3c36ed-ce89-48f0-b8ca-c1ca14a4cd33 a0778d2e01a04109adb39c0996048897 18284227a2fd412798d9da6bc342a0cc - default default] 192.168.122.100 "GET /v2.0/networks HTTP/1.1" status: 200 len: 5173 time: 0.1110718
2025-12-15 07:40:14.786 18 DEBUG neutron.pecan_wsgi.hooks.policy_enforcement [req-c98815bd-4758-4063-8a74-7e370221d365 a0778d2e01a04109adb39c0996048897 18284227a2fd412798d9da6bc342a0cc - default default] Attributes excluded by policy engine: ['standard_attr_id', 'shared'] _exclude_attributes_by_policy /usr/lib/python3.9/site-packages/neutron/pecan_wsgi/hooks/policy_enforcement.py:259
2025-12-15 07:40:14.787 18 INFO neutron.wsgi [req-c98815bd-4758-4063-8a74-7e370221d365 a0778d2e01a04109adb39c0996048897 18284227a2fd412798d9da6bc342a0cc - default default] 192.168.122.100 "GET /v2.0/subnets?network_id=018f2687-83d8-403d-ab71-f8d8b50c643d HTTP/1.1" status: 200 len: 886 time: 0.0313501
2025-12-15 07:40:14.818 18 DEBUG neutron.pecan_wsgi.hooks.policy_enforcement [req-c02847e0-3dff-4c5e-aaa9-eb65ccf1054c a0778d2e01a04109adb39c0996048897 18284227a2fd412798d9da6bc342a0cc - default default] Attributes excluded by policy engine: ['standard_attr_id', 'shared'] _exclude_attributes_by_policy /usr/lib/python3.9/site-packages/neutron/pecan_wsgi/hooks/policy_enforcement.py:259
2025-12-15 07:40:14.819 18 INFO neutron.wsgi [req-c02847e0-3dff-4c5e-aaa9-eb65ccf1054c a0778d2e01a04109adb39c0996048897 18284227a2fd412798d9da6bc342a0cc - default default] 192.168.122.100 "GET /v2.0/subnets?network_id=1a156465-ae4c-4681-b60d-7b4011489a53 HTTP/1.1" status: 200 len: 891 time: 0.0253258
2025-12-15 07:40:14.851 18 DEBUG neutron.pecan_wsgi.hooks.policy_enforcement [req-0d9d336e-b99c-4d23-b81a-6cc93f7b1304 a0778d2e01a04109adb39c0996048897 18284227a2fd412798d9da6bc342a0cc - default default] Attributes excluded by policy engine: ['standard_attr_id', 'shared'] _exclude_attributes_by_policy /usr/lib/python3.9/site-packages/neutron/pecan_wsgi/hooks/policy_enforcement.py:259
2025-12-15 07:40:14.852 18 INFO neutron.wsgi [req-0d9d336e-b99c-4d23-b81a-6cc93f7b1304 a0778d2e01a04109adb39c0996048897 18284227a2fd412798d9da6bc342a0cc - default default] 192.168.122.100 "GET /v2.0/subnets?network_id=6275e64c-c0ca-4dc0-b43d-0377e71287a2 HTTP/1.1" status: 200 len: 891 time: 0.0268283
2025-12-15 07:40:14.883 18 DEBUG neutron.pecan_wsgi.hooks.policy_enforcement [req-c6d7fab2-c2b3-4a19-a2a2-5d8a73becf44 a0778d2e01a04109adb39c0996048897 18284227a2fd412798d9da6bc342a0cc - default default] Attributes excluded by policy engine: ['standard_attr_id', 'shared'] _exclude_attributes_by_policy /usr/lib/python3.9/site-packages/neutron/pecan_wsgi/hooks/policy_enforcement.py:259
2025-12-15 07:40:14.884 18 INFO neutron.wsgi [req-c6d7fab2-c2b3-4a19-a2a2-5d8a73becf44 a0778d2e01a04109adb39c0996048897 18284227a2fd412798d9da6bc342a0cc - default default] 192.168.122.100 "GET /v2.0/subnets?network_id=cb90d48e-fe71-4996-ada9-2576ac11be47 HTTP/1.1" status: 200 len: 869 time: 0.0250793
2025-12-15 07:40:14.914 18 DEBUG neutron.pecan_wsgi.hooks.policy_enforcement [req-76062396-9223-43b4-ab9a-f61698aee482 a0778d2e01a04109adb39c0996048897 18284227a2fd412798d9da6bc342a0cc - default default] Attributes excluded by policy engine: ['standard_attr_id', 'shared'] _exclude_attributes_by_policy /usr/lib/python3.9/site-packages/neutron/pecan_wsgi/hooks/policy_enforcement.py:259
2025-12-15 07:40:14.915 18 INFO neutron.wsgi [req-76062396-9223-43b4-ab9a-f61698aee482 a0778d2e01a04109adb39c0996048897 18284227a2fd412798d9da6bc342a0cc - default default] 192.168.122.100 "GET /v2.0/subnets?network_id=dff72ff4-e5bd-4291-a12a-8d20bfea68d3 HTTP/1.1" status: 200 len: 887 time: 0.0247829
2025-12-15 07:40:14.947 18 DEBUG neutron.pecan_wsgi.hooks.policy_enforcement [req-278d088e-e532-435e-bb22-2fb3feaccad0 a0778d2e01a04109adb39c0996048897 18284227a2fd412798d9da6bc342a0cc - default default] Attributes excluded by policy engine: ['standard_attr_id', 'shared'] _exclude_attributes_by_policy /usr/lib/python3.9/site-packages/neutron/pecan_wsgi/hooks/policy_enforcement.py:259
2025-12-15 07:40:14.948 18 INFO neutron.wsgi [req-278d088e-e532-435e-bb22-2fb3feaccad0 a0778d2e01a04109adb39c0996048897 18284227a2fd412798d9da6bc342a0cc - default default] 192.168.122.100 "GET /v2.0/subnets?network_id=ead25715-9953-452e-915f-c9b6a7a3cde0 HTTP/1.1" status: 200 len: 885 time: 0.0263956
2025-12-15 07:40:15.007 18 DEBUG neutron.pecan_wsgi.hooks.policy_enforcement [req-737778fc-09b5-48cc-92cb-0405d88bac9c a0778d2e01a04109adb39c0996048897 18284227a2fd412798d9da6bc342a0cc - default default] Attributes excluded by policy engine: ['standard_attr_id', 'vlan_transparent'] _exclude_attributes_by_policy /usr/lib/python3.9/site-packages/neutron/pecan_wsgi/hooks/policy_enforcement.py:259
2025-12-15 07:40:15.007 18 DEBUG neutron.pecan_wsgi.hooks.policy_enforcement [req-737778fc-09b5-48cc-92cb-0405d88bac9c a0778d2e01a04109adb39c0996048897 18284227a2fd412798d9da6bc342a0cc - default default] Attributes excluded by policy engine: ['standard_attr_id', 'vlan_transparent'] _exclude_attributes_by_policy /usr/lib/python3.9/site-packages/neutron/pecan_wsgi/hooks/policy_enforcement.py:259
2025-12-15 07:40:15.007 18 DEBUG neutron.pecan_wsgi.hooks.policy_enforcement [req-737778fc-09b5-48cc-92cb-0405d88bac9c a0778d2e01a04109adb39c0996048897 18284227a2fd412798d9da6bc342a0cc - default default] Attributes excluded by policy engine: ['standard_attr_id', 'vlan_transparent'] _exclude_attributes_by_policy /usr/lib/python3.9/site-packages/neutron/pecan_wsgi/hooks/policy_enforcement.py:259
2025-12-15 07:40:15.007 18 DEBUG neutron.pecan_wsgi.hooks.policy_enforcement [req-737778fc-09b5-48cc-92cb-0405d88bac9c a0778d2e01a04109adb39c0996048897 18284227a2fd412798d9da6bc342a0cc - default default] Attributes excluded by policy engine: ['standard_attr_id', 'vlan_transparent'] _exclude_attributes_by_policy /usr/lib/python3.9/site-packages/neutron/pecan_wsgi/hooks/policy_enforcement.py:259
2025-12-15 07:40:15.007 18 DEBUG neutron.pecan_wsgi.hooks.policy_enforcement [req-737778fc-09b5-48cc-92cb-0405d88bac9c a0778d2e01a04109adb39c0996048897 18284227a2fd412798d9da6bc342a0cc - default default] Attributes excluded by policy engine: ['standard_attr_id', 'vlan_transparent'] _exclude_attributes_by_policy /usr/lib/python3.9/site-packages/neutron/pecan_wsgi/hooks/policy_enforcement.py:259
2025-12-15 07:40:15.008 18 DEBUG neutron.pecan_wsgi.hooks.policy_enforcement [req-737778fc-09b5-48cc-92cb-0405d88bac9c a0778d2e01a04109adb39c0996048897 18284227a2fd412798d9da6bc342a0cc - default default] Attributes excluded by policy engine: ['standard_attr_id', 'vlan_transparent'] _exclude_attributes_by_policy /usr/lib/python3.9/site-packages/neutron/pecan_wsgi/hooks/policy_enforcement.py:259
2025-12-15 07:40:15.008 18 INFO neutron.wsgi [req-737778fc-09b5-48cc-92cb-0405d88bac9c a0778d2e01a04109adb39c0996048897 18284227a2fd412798d9da6bc342a0cc - default default] 192.168.122.100 "GET /v2.0/networks HTTP/1.1" status: 200 len: 5173 time: 0.0557575
2025-12-15 07:40:15.057 18 DEBUG neutron.pecan_wsgi.hooks.policy_enforcement [req-753ac3a6-a2b4-4e6d-8dd4-05a0f37ad21d a0778d2e01a04109adb39c0996048897 18284227a2fd412798d9da6bc342a0cc - default default] Attributes excluded by policy engine: ['standard_attr_id'] _exclude_attributes_by_policy /usr/lib/python3.9/site-packages/neutron/pecan_wsgi/hooks/policy_enforcement.py:259
2025-12-15 07:40:15.057 18 INFO neutron.wsgi [req-753ac3a6-a2b4-4e6d-8dd4-05a0f37ad21d a0778d2e01a04109adb39c0996048897 18284227a2fd412798d9da6bc342a0cc - default default] 192.168.122.100 "GET /v2.0/ports?network_id=1a156465-ae4c-4681-b60d-7b4011489a53&tags=tripleo_stack_name%3Dovercloud&tags=tripleo_vip_net%3Dinternal_api HTTP/1.1" status: 200 len: 1242 time: 0.0372093
2025-12-15 07:40:15.107 18 DEBUG neutron.pecan_wsgi.hooks.policy_enforcement [req-0e7cc49c-e31e-4787-9c43-93c0928d65bd a0778d2e01a04109adb39c0996048897 18284227a2fd412798d9da6bc342a0cc - default default] Attributes excluded by policy engine: ['standard_attr_id', 'shared'] _exclude_attributes_by_policy /usr/lib/python3.9/site-packages/neutron/pecan_wsgi/hooks/policy_enforcement.py:259
2025-12-15 07:40:15.108 18 INFO neutron.wsgi [req-0e7cc49c-e31e-4787-9c43-93c0928d65bd a0778d2e01a04109adb39c0996048897 18284227a2fd412798d9da6bc342a0cc - default default] 192.168.122.100 "GET /v2.0/subnets/d28a74a5-ab6f-4b74-b33f-2b3a5657b0eb HTTP/1.1" status: 200 len: 888 time: 0.0442989
2025-12-15 07:40:15.151 18 DEBUG neutron.pecan_wsgi.hooks.policy_enforcement [req-5a865701-7285-44f1-b844-966195b6e131 a0778d2e01a04109adb39c0996048897 18284227a2fd412798d9da6bc342a0cc - default default] Attributes excluded by policy engine: ['standard_attr_id'] _exclude_attributes_by_policy /usr/lib/python3.9/site-packages/neutron/pecan_wsgi/hooks/policy_enforcement.py:259
2025-12-15 07:40:15.152 18 INFO neutron.wsgi [req-5a865701-7285-44f1-b844-966195b6e131 a0778d2e01a04109adb39c0996048897 18284227a2fd412798d9da6bc342a0cc - default default] 192.168.122.100 "GET /v2.0/ports?network_id=018f2687-83d8-403d-ab71-f8d8b50c643d&tags=tripleo_stack_name%3Dovercloud&tags=tripleo_vip_net%3Dstorage HTTP/1.1" status: 200 len: 1232 time: 0.0392685
2025-12-15 07:40:15.188 18 DEBUG neutron.pecan_wsgi.hooks.policy_enforcement [req-07e9090f-a570-4067-bb9e-01ceceb321ef a0778d2e01a04109adb39c0996048897 18284227a2fd412798d9da6bc342a0cc - default default] Attributes excluded by policy engine: ['standard_attr_id', 'shared'] _exclude_attributes_by_policy /usr/lib/python3.9/site-packages/neutron/pecan_wsgi/hooks/policy_enforcement.py:259
2025-12-15 07:40:15.189 18 INFO neutron.wsgi [req-07e9090f-a570-4067-bb9e-01ceceb321ef a0778d2e01a04109adb39c0996048897 18284227a2fd412798d9da6bc342a0cc - default default] 192.168.122.100 "GET /v2.0/subnets/f76e7dc3-c708-40d4-b578-901594bac472 HTTP/1.1" status: 200 len: 883 time: 0.0306745
2025-12-15 07:40:15.231 18 DEBUG neutron.pecan_wsgi.hooks.policy_enforcement [req-a747f3a7-533c-430e-b782-4a0426142348 a0778d2e01a04109adb39c0996048897 18284227a2fd412798d9da6bc342a0cc - default default] Attributes excluded by policy engine: ['standard_attr_id'] _exclude_attributes_by_policy /usr/lib/python3.9/site-packages/neutron/pecan_wsgi/hooks/policy_enforcement.py:259
2025-12-15 07:40:15.232 18 INFO neutron.wsgi [req-a747f3a7-533c-430e-b782-4a0426142348 a0778d2e01a04109adb39c0996048897 18284227a2fd412798d9da6bc342a0cc - default default] 192.168.122.100 "GET /v2.0/ports?network_id=6275e64c-c0ca-4dc0-b43d-0377e71287a2&tags=tripleo_stack_name%3Dovercloud&tags=tripleo_vip_net%3Dstorage_mgmt HTTP/1.1" status: 200 len: 1242 time: 0.0381677
2025-12-15 07:40:15.265 18 DEBUG neutron.pecan_wsgi.hooks.policy_enforcement [req-5b5560da-3ba1-447a-b938-1659219b8687 a0778d2e01a04109adb39c0996048897 18284227a2fd412798d9da6bc342a0cc - default default] Attributes excluded by policy engine: ['standard_attr_id', 'shared'] _exclude_attributes_by_policy /usr/lib/python3.9/site-packages/neutron/pecan_wsgi/hooks/policy_enforcement.py:259
2025-12-15 07:40:15.266 18 INFO neutron.wsgi [req-5b5560da-3ba1-447a-b938-1659219b8687 a0778d2e01a04109adb39c0996048897 18284227a2fd412798d9da6bc342a0cc - default default] 192.168.122.100 "GET /v2.0/subnets/941741b0-2235-455a-81ad-9c4e63e775b8 HTTP/1.1" status: 200 len: 888 time: 0.0276759
2025-12-15 07:40:15.306 18 DEBUG neutron.pecan_wsgi.hooks.policy_enforcement [req-c1453ff0-7e01-4d4a-9304-47fa7230b011 a0778d2e01a04109adb39c0996048897 18284227a2fd412798d9da6bc342a0cc - default default] Attributes excluded by policy engine: ['standard_attr_id'] _exclude_attributes_by_policy /usr/lib/python3.9/site-packages/neutron/pecan_wsgi/hooks/policy_enforcement.py:259
2025-12-15 07:40:15.307 18 INFO neutron.wsgi [req-c1453ff0-7e01-4d4a-9304-47fa7230b011 a0778d2e01a04109adb39c0996048897 18284227a2fd412798d9da6bc342a0cc - default default] 192.168.122.100 "GET /v2.0/ports?network_id=dff72ff4-e5bd-4291-a12a-8d20bfea68d3&tags=tripleo_stack_name%3Dovercloud&tags=tripleo_vip_net%3Dexternal HTTP/1.1" status: 200 len: 1234 time: 0.0361173
2025-12-15 07:40:15.339 18 DEBUG neutron.pecan_wsgi.hooks.policy_enforcement [req-d2329f62-e17d-4049-a372-9ff00f600900 a0778d2e01a04109adb39c0996048897 18284227a2fd412798d9da6bc342a0cc - default default] Attributes excluded by policy engine: ['standard_attr_id', 'shared'] _exclude_attributes_by_policy /usr/lib/python3.9/site-packages/neutron/pecan_wsgi/hooks/policy_enforcement.py:259
2025-12-15 07:40:15.340 18 INFO neutron.wsgi [req-d2329f62-e17d-4049-a372-9ff00f600900 a0778d2e01a04109adb39c0996048897 18284227a2fd412798d9da6bc342a0cc - default default] 192.168.122.100 "GET /v2.0/subnets/573abdd4-924f-48c8-b893-682a98528417 HTTP/1.1" status: 200 len: 884 time: 0.0270908
2025-12-15 07:40:15.383 18 DEBUG neutron.pecan_wsgi.hooks.policy_enforcement [req-76e5c08b-9238-4ccf-89c2-dfa06bb4d244 a0778d2e01a04109adb39c0996048897 18284227a2fd412798d9da6bc342a0cc - default default] Attributes excluded by policy engine: ['standard_attr_id'] _exclude_attributes_by_policy /usr/lib/python3.9/site-packages/neutron/pecan_wsgi/hooks/policy_enforcement.py:259
2025-12-15 07:40:15.384 18 INFO neutron.wsgi [req-76e5c08b-9238-4ccf-89c2-dfa06bb4d244 a0778d2e01a04109adb39c0996048897 18284227a2fd412798d9da6bc342a0cc - default default] 192.168.122.100 "GET /v2.0/ports?network_id=cb90d48e-fe71-4996-ada9-2576ac11be47&tags=tripleo_stack_name%3Dovercloud&tags=tripleo_vip_net%3Dctlplane HTTP/1.1" status: 200 len: 1238 time: 0.0390940
2025-12-15 07:40:15.442 18 DEBUG neutron.pecan_wsgi.hooks.policy_enforcement [req-297ac93f-0422-4700-ace0-7e98878d284f a0778d2e01a04109adb39c0996048897 18284227a2fd412798d9da6bc342a0cc - default default] Attributes excluded by policy engine: ['standard_attr_id', 'vlan_transparent'] _exclude_attributes_by_policy /usr/lib/python3.9/site-packages/neutron/pecan_wsgi/hooks/policy_enforcement.py:259
2025-12-15 07:40:15.442 18 INFO neutron.wsgi [req-297ac93f-0422-4700-ace0-7e98878d284f a0778d2e01a04109adb39c0996048897 18284227a2fd412798d9da6bc342a0cc - default default] 192.168.122.100 "GET /v2.0/networks/cb90d48e-fe71-4996-ada9-2576ac11be47 HTTP/1.1" status: 200 len: 946 time: 0.0524993
2025-12-15 07:40:15.472 18 DEBUG neutron.pecan_wsgi.hooks.policy_enforcement [req-641d7e5e-95e8-48ac-8fc0-b07722255e1c a0778d2e01a04109adb39c0996048897 18284227a2fd412798d9da6bc342a0cc - default default] Attributes excluded by policy engine: ['standard_attr_id', 'shared'] _exclude_attributes_by_policy /usr/lib/python3.9/site-packages/neutron/pecan_wsgi/hooks/policy_enforcement.py:259
2025-12-15 07:40:15.473 18 INFO neutron.wsgi [req-641d7e5e-95e8-48ac-8fc0-b07722255e1c a0778d2e01a04109adb39c0996048897 18284227a2fd412798d9da6bc342a0cc - default default] 192.168.122.100 "GET /v2.0/subnets/6cbc25c1-eaf3-441c-be46-dd3ada71ef0f HTTP/1.1" status: 200 len: 866 time: 0.0248511
2025-12-15 07:40:40.692 18 DEBUG neutron.wsgi [-] (18) accepted ('192.168.122.100', 43366) server /usr/lib/python3.9/site-packages/eventlet/wsgi.py:992
2025-12-15 07:40:40.696 18 INFO neutron.wsgi [-] 192.168.122.100 "GET / HTTP/1.1" status: 200 len: 233 time: 0.0022662
2025-12-15 07:40:46.389 17 DEBUG neutron.wsgi [-] (17) accepted ('192.168.122.100', 43370) server /usr/lib/python3.9/site-packages/eventlet/wsgi.py:992
2025-12-15 07:40:46.496 17 INFO neutron.pecan_wsgi.hooks.translation [req-4cc3f1ba-ed2b-4b23-99be-78722102b409 a0778d2e01a04109adb39c0996048897 18284227a2fd412798d9da6bc342a0cc - default default] GET failed (client error): The resource could not be found.
2025-12-15 07:40:46.497 17 INFO neutron.wsgi [req-4cc3f1ba-ed2b-4b23-99be-78722102b409 a0778d2e01a04109adb39c0996048897 18284227a2fd412798d9da6bc342a0cc - default default] 192.168.122.100 "GET /v2.0/networks/ctlplane HTTP/1.1" status: 404 len: 316 time: 0.1074135
2025-12-15 07:40:46.588 17 DEBUG neutron.pecan_wsgi.hooks.policy_enforcement [req-48acbd4c-e1c5-4a2f-96ac-af4065f9c4d1 a0778d2e01a04109adb39c0996048897 18284227a2fd412798d9da6bc342a0cc - default default] Attributes excluded by policy engine: ['standard_attr_id', 'vlan_transparent'] _exclude_attributes_by_policy /usr/lib/python3.9/site-packages/neutron/pecan_wsgi/hooks/policy_enforcement.py:259
2025-12-15 07:40:46.589 17 INFO neutron.wsgi [req-48acbd4c-e1c5-4a2f-96ac-af4065f9c4d1 a0778d2e01a04109adb39c0996048897 18284227a2fd412798d9da6bc342a0cc - default default] 192.168.122.100 "GET /v2.0/networks?name=ctlplane HTTP/1.1" status: 200 len: 949 time: 0.0872202
2025-12-15 07:40:46.638 17 DEBUG neutron.pecan_wsgi.hooks.policy_enforcement [req-e154d752-0000-478f-8e73-e5a345cf5498 a0778d2e01a04109adb39c0996048897 18284227a2fd412798d9da6bc342a0cc - default default] Attributes excluded by policy engine: ['standard_attr_id', 'shared'] _exclude_attributes_by_policy /usr/lib/python3.9/site-packages/neutron/pecan_wsgi/hooks/policy_enforcement.py:259
2025-12-15 07:40:46.640 17 INFO neutron.wsgi [req-e154d752-0000-478f-8e73-e5a345cf5498 a0778d2e01a04109adb39c0996048897 18284227a2fd412798d9da6bc342a0cc - default default] 192.168.122.100 "GET /v2.0/subnets/6cbc25c1-eaf3-441c-be46-dd3ada71ef0f HTTP/1.1" status: 200 len: 866 time: 0.0438139
2025-12-15 07:41:11.792 18 DEBUG neutron.wsgi [-] (18) accepted ('192.168.122.100', 38764) server /usr/lib/python3.9/site-packages/eventlet/wsgi.py:992
2025-12-15 07:41:11.795 18 INFO neutron.wsgi [-] 192.168.122.100 "GET / HTTP/1.1" status: 200 len: 233 time: 0.0025229
2025-12-15 07:41:42.632 15 DEBUG neutron.wsgi [-] (15) accepted ('192.168.122.100', 53690) server /usr/lib/python3.9/site-packages/eventlet/wsgi.py:992
2025-12-15 07:41:42.638 15 INFO neutron.wsgi [-] 192.168.122.100 "GET / HTTP/1.1" status: 200 len: 233 time: 0.0038528
2025-12-15 07:42:13.902 17 DEBUG neutron.wsgi [-] (17) accepted ('192.168.122.100', 49706) server /usr/lib/python3.9/site-packages/eventlet/wsgi.py:992
2025-12-15 07:42:13.905 17 INFO neutron.wsgi [-] 192.168.122.100 "GET / HTTP/1.1" status: 200 len: 233 time: 0.0013139
2025-12-15 07:42:44.647 18 DEBUG neutron.wsgi [-] (18) accepted ('192.168.122.100', 37230) server /usr/lib/python3.9/site-packages/eventlet/wsgi.py:992
2025-12-15 07:42:44.654 18 INFO neutron.wsgi [-] 192.168.122.100 "GET / HTTP/1.1" status: 200 len: 233 time: 0.0027933
2025-12-15 07:43:09.697 21 DEBUG neutron_lib.callbacks.manager [req-9161f986-d778-4afa-884a-929f06deadb6 - - - - -] Notify callbacks ['neutron.services.segments.db._update_segment_host_mapping_for_agent-8755571197934', 'neutron.plugins.ml2.plugin.Ml2Plugin._retry_binding_revived_agents-659701'] for agent, after_update _notify_loop /usr/lib/python3.9/site-packages/neutron_lib/callbacks/manager.py:200
2025-12-15 07:43:10.029 23 DEBUG neutron_lib.callbacks.manager [req-d35a48a4-f48b-421e-ae30-5d3893669e00 - - - - -] Notify callbacks ['neutron.services.segments.db._update_segment_host_mapping_for_agent-8755571197934', 'neutron.plugins.ml2.plugin.Ml2Plugin._retry_binding_revived_agents-659701'] for agent, after_update _notify_loop /usr/lib/python3.9/site-packages/neutron_lib/callbacks/manager.py:200
2025-12-15 07:43:15.630 18 DEBUG neutron.wsgi [-] (18) accepted ('192.168.122.100', 48082) server /usr/lib/python3.9/site-packages/eventlet/wsgi.py:992
2025-12-15 07:43:15.633 18 INFO neutron.wsgi [-] 192.168.122.100 "GET / HTTP/1.1" status: 200 len: 233 time: 0.0014384
2025-12-15 07:43:15.878 20 DEBUG neutron_lib.callbacks.manager [req-ef8fa158-c8c5-48c2-9a70-0a6a49715f49 - - - - -] Notify callbacks ['neutron.services.segments.db._update_segment_host_mapping_for_agent-8755571197934', 'neutron.plugins.ml2.plugin.Ml2Plugin._retry_binding_revived_agents-659701'] for agent, after_update _notify_loop /usr/lib/python3.9/site-packages/neutron_lib/callbacks/manager.py:200
2025-12-15 07:43:44.260 24 DEBUG neutron.db.agents_db [req-08a19860-b169-4ed5-a067-6a2077e37da5 - - - - -] Agent healthcheck: found 3 active agents agent_health_check /usr/lib/python3.9/site-packages/neutron/db/agents_db.py:328
2025-12-15 07:43:46.098 16 DEBUG neutron.wsgi [-] (16) accepted ('192.168.122.100', 41194) server /usr/lib/python3.9/site-packages/eventlet/wsgi.py:992
2025-12-15 07:43:46.100 16 INFO neutron.wsgi [-] 192.168.122.100 "GET / HTTP/1.1" status: 200 len: 233 time: 0.0016561
2025-12-15 07:44:16.854 16 DEBUG neutron.wsgi [-] (16) accepted ('192.168.122.100', 33432) server /usr/lib/python3.9/site-packages/eventlet/wsgi.py:992
2025-12-15 07:44:16.857 16 INFO neutron.wsgi [-] 192.168.122.100 "GET / HTTP/1.1" status: 200 len: 233 time: 0.0016265
2025-12-15 07:44:47.841 17 DEBUG neutron.wsgi [-] (17) accepted ('192.168.122.100', 43306) server /usr/lib/python3.9/site-packages/eventlet/wsgi.py:992
2025-12-15 07:44:47.848 17 INFO neutron.wsgi [-] 192.168.122.100 "GET / HTTP/1.1" status: 200 len: 233 time: 0.0058525
2025-12-15 07:45:19.054 17 DEBUG neutron.wsgi [-] (17) accepted ('192.168.122.100', 56294) server /usr/lib/python3.9/site-packages/eventlet/wsgi.py:992
2025-12-15 07:45:19.056 17 INFO neutron.wsgi [-] 192.168.122.100 "GET / HTTP/1.1" status: 200 len: 233 time: 0.0014513
2025-12-15 07:45:50.001 16 DEBUG neutron.wsgi [-] (16) accepted ('192.168.122.100', 37210) server /usr/lib/python3.9/site-packages/eventlet/wsgi.py:992
2025-12-15 07:45:50.005 16 INFO neutron.wsgi [-] 192.168.122.100 "GET / HTTP/1.1" status: 200 len: 233 time: 0.0024197
2025-12-15 07:45:52.743 17 DEBUG neutron.wsgi [-] (17) accepted ('192.168.122.100', 54506) server /usr/lib/python3.9/site-packages/eventlet/wsgi.py:992
2025-12-15 07:45:52.810 17 INFO neutron.pecan_wsgi.hooks.translation [req-c51964ba-fc25-407b-bb60-ce59ba66559b a0778d2e01a04109adb39c0996048897 18284227a2fd412798d9da6bc342a0cc - default default] GET failed (client error): The resource could not be found.
2025-12-15 07:45:52.812 17 INFO neutron.wsgi [req-c51964ba-fc25-407b-bb60-ce59ba66559b a0778d2e01a04109adb39c0996048897 18284227a2fd412798d9da6bc342a0cc - default default] 192.168.122.100 "GET /v2.0/networks/ctlplane HTTP/1.1" status: 404 len: 316 time: 0.0675461
2025-12-15 07:45:52.900 17 DEBUG neutron.pecan_wsgi.hooks.policy_enforcement [req-dc80b8d0-a828-4392-9f60-150d1565a186 a0778d2e01a04109adb39c0996048897 18284227a2fd412798d9da6bc342a0cc - default default] Attributes excluded by policy engine: ['standard_attr_id', 'vlan_transparent'] _exclude_attributes_by_policy /usr/lib/python3.9/site-packages/neutron/pecan_wsgi/hooks/policy_enforcement.py:259
2025-12-15 07:45:52.901 17 INFO neutron.wsgi [req-dc80b8d0-a828-4392-9f60-150d1565a186 a0778d2e01a04109adb39c0996048897 18284227a2fd412798d9da6bc342a0cc - default default] 192.168.122.100 "GET /v2.0/networks?name=ctlplane HTTP/1.1" status: 200 len: 949 time: 0.0845006
2025-12-15 07:45:52.938 17 DEBUG neutron.pecan_wsgi.hooks.policy_enforcement [req-be517b28-87fa-4ba8-8faa-cf70fea7c144 a0778d2e01a04109adb39c0996048897 18284227a2fd412798d9da6bc342a0cc - default default] Attributes excluded by policy engine: ['standard_attr_id', 'shared'] _exclude_attributes_by_policy /usr/lib/python3.9/site-packages/neutron/pecan_wsgi/hooks/policy_enforcement.py:259
2025-12-15 07:45:52.939 17 INFO neutron.wsgi [req-be517b28-87fa-4ba8-8faa-cf70fea7c144 a0778d2e01a04109adb39c0996048897 18284227a2fd412798d9da6bc342a0cc - default default] 192.168.122.100 "GET /v2.0/subnets/6cbc25c1-eaf3-441c-be46-dd3ada71ef0f HTTP/1.1" status: 200 len: 866 time: 0.0321920
2025-12-15 07:46:20.681 17 DEBUG neutron.wsgi [-] (17) accepted ('192.168.122.100', 52642) server /usr/lib/python3.9/site-packages/eventlet/wsgi.py:992
2025-12-15 07:46:20.685 17 INFO neutron.wsgi [-] 192.168.122.100 "GET / HTTP/1.1" status: 200 len: 233 time: 0.0019236
2025-12-15 07:46:51.893 18 DEBUG neutron.wsgi [-] (18) accepted ('192.168.122.100', 57356) server /usr/lib/python3.9/site-packages/eventlet/wsgi.py:992
2025-12-15 07:46:51.895 18 INFO neutron.wsgi [-] 192.168.122.100 "GET / HTTP/1.1" status: 200 len: 233 time: 0.0012562
2025-12-15 07:47:22.694 15 DEBUG neutron.wsgi [-] (15) accepted ('192.168.122.100', 40742) server /usr/lib/python3.9/site-packages/eventlet/wsgi.py:992
2025-12-15 07:47:22.698 15 INFO neutron.wsgi [-] 192.168.122.100 "GET / HTTP/1.1" status: 200 len: 233 time: 0.0021708
2025-12-15 07:47:53.688 18 DEBUG neutron.wsgi [-] (18) accepted ('192.168.122.100', 40362) server /usr/lib/python3.9/site-packages/eventlet/wsgi.py:992
2025-12-15 07:47:53.692 18 INFO neutron.wsgi [-] 192.168.122.100 "GET / HTTP/1.1" status: 200 len: 233 time: 0.0023642
2025-12-15 07:48:09.682 19 DEBUG neutron_lib.callbacks.manager [req-297339c8-dfbe-48f3-be86-84d6c01b01e2 - - - - -] Notify callbacks ['neutron.services.segments.db._update_segment_host_mapping_for_agent-8755571197934', 'neutron.plugins.ml2.plugin.Ml2Plugin._retry_binding_revived_agents-659701'] for agent, after_update _notify_loop /usr/lib/python3.9/site-packages/neutron_lib/callbacks/manager.py:200
2025-12-15 07:48:10.033 22 DEBUG neutron_lib.callbacks.manager [req-8fd3f4fe-5cb1-4c87-9146-44222b8ca173 - - - - -] Notify callbacks ['neutron.services.segments.db._update_segment_host_mapping_for_agent-8755571197934', 'neutron.plugins.ml2.plugin.Ml2Plugin._retry_binding_revived_agents-659701'] for agent, after_update _notify_loop /usr/lib/python3.9/site-packages/neutron_lib/callbacks/manager.py:200
2025-12-15 07:48:15.873 21 DEBUG neutron_lib.callbacks.manager [req-ef8fa158-c8c5-48c2-9a70-0a6a49715f49 - - - - -] Notify callbacks ['neutron.services.segments.db._update_segment_host_mapping_for_agent-8755571197934', 'neutron.plugins.ml2.plugin.Ml2Plugin._retry_binding_revived_agents-659701'] for agent, after_update _notify_loop /usr/lib/python3.9/site-packages/neutron_lib/callbacks/manager.py:200
2025-12-15 07:48:24.709 15 DEBUG neutron.wsgi [-] (15) accepted ('192.168.122.100', 50102) server /usr/lib/python3.9/site-packages/eventlet/wsgi.py:992
2025-12-15 07:48:24.712 15 INFO neutron.wsgi [-] 192.168.122.100 "GET / HTTP/1.1" status: 200 len: 233 time: 0.0016332
2025-12-15 07:48:44.261 24 DEBUG neutron.db.agents_db [req-08a19860-b169-4ed5-a067-6a2077e37da5 - - - - -] Agent healthcheck: found 3 active agents agent_health_check /usr/lib/python3.9/site-packages/neutron/db/agents_db.py:328
2025-12-15 07:48:55.844 15 DEBUG neutron.wsgi [-] (15) accepted ('192.168.122.100', 57660) server /usr/lib/python3.9/site-packages/eventlet/wsgi.py:992
2025-12-15 07:48:55.846 15 INFO neutron.wsgi [-] 192.168.122.100 "GET / HTTP/1.1" status: 200 len: 233 time: 0.0013571
2025-12-15 07:49:26.845 15 DEBUG neutron.wsgi [-] (15) accepted ('192.168.122.100', 54048) server /usr/lib/python3.9/site-packages/eventlet/wsgi.py:992
2025-12-15 07:49:26.848 15 INFO neutron.wsgi [-] 192.168.122.100 "GET / HTTP/1.1" status: 200 len: 233 time: 0.0019896
2025-12-15 07:49:56.934 16 DEBUG neutron.wsgi [-] (16) accepted ('192.168.122.100', 44910) server /usr/lib/python3.9/site-packages/eventlet/wsgi.py:992
2025-12-15 07:49:57.434 16 DEBUG neutron.pecan_wsgi.hooks.policy_enforcement [req-17fb320f-978e-45a5-a4ea-bbc7b053dcee a0778d2e01a04109adb39c0996048897 18284227a2fd412798d9da6bc342a0cc - default default] Attributes excluded by policy engine: ['standard_attr_id'] _exclude_attributes_by_policy /usr/lib/python3.9/site-packages/neutron/pecan_wsgi/hooks/policy_enforcement.py:259
2025-12-15 07:49:57.435 16 DEBUG neutron.pecan_wsgi.hooks.policy_enforcement [req-17fb320f-978e-45a5-a4ea-bbc7b053dcee a0778d2e01a04109adb39c0996048897 18284227a2fd412798d9da6bc342a0cc - default default] Attributes excluded by policy engine: ['standard_attr_id'] _exclude_attributes_by_policy /usr/lib/python3.9/site-packages/neutron/pecan_wsgi/hooks/policy_enforcement.py:259
2025-12-15 07:49:57.435 16 DEBUG neutron.pecan_wsgi.hooks.policy_enforcement [req-17fb320f-978e-45a5-a4ea-bbc7b053dcee a0778d2e01a04109adb39c0996048897 18284227a2fd412798d9da6bc342a0cc - default default] Attributes excluded by policy engine: ['standard_attr_id'] _exclude_attributes_by_policy /usr/lib/python3.9/site-packages/neutron/pecan_wsgi/hooks/policy_enforcement.py:259
2025-12-15 07:49:57.435 16 DEBUG neutron.pecan_wsgi.hooks.policy_enforcement [req-17fb320f-978e-45a5-a4ea-bbc7b053dcee a0778d2e01a04109adb39c0996048897 18284227a2fd412798d9da6bc342a0cc - default default] Attributes excluded by policy engine: ['standard_attr_id'] _exclude_attributes_by_policy /usr/lib/python3.9/site-packages/neutron/pecan_wsgi/hooks/policy_enforcement.py:259
2025-12-15 07:49:57.435 16 DEBUG neutron.pecan_wsgi.hooks.policy_enforcement [req-17fb320f-978e-45a5-a4ea-bbc7b053dcee a0778d2e01a04109adb39c0996048897 18284227a2fd412798d9da6bc342a0cc - default default] Attributes excluded by policy engine: ['standard_attr_id'] _exclude_attributes_by_policy /usr/lib/python3.9/site-packages/neutron/pecan_wsgi/hooks/policy_enforcement.py:259
2025-12-15 07:49:57.437 16 INFO neutron.wsgi [req-17fb320f-978e-45a5-a4ea-bbc7b053dcee a0778d2e01a04109adb39c0996048897 18284227a2fd412798d9da6bc342a0cc - default default] 192.168.122.100 "GET /v2.0/ports?tags=tripleo_stack_name%3Dovercloud HTTP/1.1" status: 200 len: 5344 time: 0.5012119
2025-12-15 07:49:57.464 16 INFO neutron.pecan_wsgi.hooks.translation [req-45f20dcb-e6eb-4ecf-abd8-02b19b4c1bcb a0778d2e01a04109adb39c0996048897 18284227a2fd412798d9da6bc342a0cc - default default] GET failed (client error): The resource could not be found.
2025-12-15 07:49:57.465 16 INFO neutron.wsgi [req-45f20dcb-e6eb-4ecf-abd8-02b19b4c1bcb a0778d2e01a04109adb39c0996048897 18284227a2fd412798d9da6bc342a0cc - default default] 192.168.122.100 "GET /v2.0/networks/ctlplane HTTP/1.1" status: 404 len: 316 time: 0.0180416
2025-12-15 07:49:57.545 16 DEBUG neutron.pecan_wsgi.hooks.policy_enforcement [req-f68baa34-c460-4dbc-bafb-62d92cf17af3 a0778d2e01a04109adb39c0996048897 18284227a2fd412798d9da6bc342a0cc - default default] Attributes excluded by policy engine: ['standard_attr_id', 'vlan_transparent'] _exclude_attributes_by_policy /usr/lib/python3.9/site-packages/neutron/pecan_wsgi/hooks/policy_enforcement.py:259
2025-12-15 07:49:57.547 16 INFO neutron.wsgi [req-f68baa34-c460-4dbc-bafb-62d92cf17af3 a0778d2e01a04109adb39c0996048897 18284227a2fd412798d9da6bc342a0cc - default default] 192.168.122.100 "GET /v2.0/networks?name=ctlplane HTTP/1.1" status: 200 len: 949 time: 0.0793548
2025-12-15 07:49:57.676 18 DEBUG neutron.wsgi [-] (18) accepted ('192.168.122.100', 44912) server /usr/lib/python3.9/site-packages/eventlet/wsgi.py:992
2025-12-15 07:49:57.681 18 INFO neutron.wsgi [-] 192.168.122.100 "GET / HTTP/1.1" status: 200 len: 233 time: 0.0039608
2025-12-15 07:50:26.410 15 DEBUG neutron.wsgi [-] (15) accepted ('192.168.122.100', 35012) server /usr/lib/python3.9/site-packages/eventlet/wsgi.py:992
2025-12-15 07:50:26.480 15 INFO neutron.pecan_wsgi.hooks.translation [req-d90edbee-48ae-4a71-867c-4faad0d47fbd a0778d2e01a04109adb39c0996048897 18284227a2fd412798d9da6bc342a0cc - default default] GET failed (client error): The resource could not be found.
2025-12-15 07:50:26.481 15 INFO neutron.wsgi [req-d90edbee-48ae-4a71-867c-4faad0d47fbd a0778d2e01a04109adb39c0996048897 18284227a2fd412798d9da6bc342a0cc - default default] 192.168.122.100 "GET /v2.0/networks/ovn_mac_addr_net HTTP/1.1" status: 404 len: 324 time: 0.0696878
2025-12-15 07:50:26.504 15 INFO neutron.wsgi [req-cca15d54-92fc-4ce3-bb88-00d4fa1cd16a a0778d2e01a04109adb39c0996048897 18284227a2fd412798d9da6bc342a0cc - default default] 192.168.122.100 "GET /v2.0/networks?name=ovn_mac_addr_net HTTP/1.1" status: 200 len: 213 time: 0.0178392
2025-12-15 07:50:26.512 15 DEBUG neutron.api.v2.base [req-94768575-aa86-4eef-b1a2-2dda59c9f508 a0778d2e01a04109adb39c0996048897 18284227a2fd412798d9da6bc342a0cc - default default] Request body: {'network': {'name': 'ovn_mac_addr_net', 'description': 'Network used to allocate MAC addresses for OVN chassis.'}} prepare_request_body /usr/lib/python3.9/site-packages/neutron/api/v2/base.py:729
2025-12-15 07:50:26.542 15 DEBUG neutron.pecan_wsgi.hooks.quota_enforcement [req-94768575-aa86-4eef-b1a2-2dda59c9f508 a0778d2e01a04109adb39c0996048897 18284227a2fd412798d9da6bc342a0cc - default default] Made reservation on behalf of 18284227a2fd412798d9da6bc342a0cc for: {'network': 1} before /usr/lib/python3.9/site-packages/neutron/pecan_wsgi/hooks/quota_enforcement.py:53
2025-12-15 07:50:26.544 15 DEBUG neutron_lib.callbacks.manager [req-94768575-aa86-4eef-b1a2-2dda59c9f508 a0778d2e01a04109adb39c0996048897 18284227a2fd412798d9da6bc342a0cc - default default] Notify callbacks ['neutron.plugins.ml2.plugin.SecurityGroupDbMixin._ensure_default_security_group_handler-630396'] for network, before_create _notify_loop /usr/lib/python3.9/site-packages/neutron_lib/callbacks/manager.py:200
2025-12-15 07:50:26.572 15 DEBUG neutron_lib.callbacks.manager [req-94768575-aa86-4eef-b1a2-2dda59c9f508 a0778d2e01a04109adb39c0996048897 18284227a2fd412798d9da6bc342a0cc - default default] Notify callbacks ['neutron.services.segments.db._add_segment_host_mapping_for_segment-8755571197943', 'neutron.plugins.ml2.plugin.Ml2Plugin._handle_segment_change-658349'] for segment, precommit_create _notify_loop /usr/lib/python3.9/site-packages/neutron_lib/callbacks/manager.py:200
2025-12-15 07:50:26.572 15 INFO neutron.db.segments_db [req-94768575-aa86-4eef-b1a2-2dda59c9f508 a0778d2e01a04109adb39c0996048897 18284227a2fd412798d9da6bc342a0cc - default default] Added segment a33cc840-49ac-4d29-98f1-3193714f5840 of type local for network d108a131-99b5-47a0-97b9-e6f91c2deedb
2025-12-15 07:50:26.599 15 DEBUG neutron_lib.callbacks.manager [req-94768575-aa86-4eef-b1a2-2dda59c9f508 a0778d2e01a04109adb39c0996048897 18284227a2fd412798d9da6bc342a0cc - default default] Notify callbacks ['neutron.services.auto_allocate.db._ensure_external_network_default_value_callback-8755570552742'] for network, precommit_create _notify_loop /usr/lib/python3.9/site-packages/neutron_lib/callbacks/manager.py:200
2025-12-15 07:50:26.619 15 DEBUG neutron_lib.callbacks.manager [req-94768575-aa86-4eef-b1a2-2dda59c9f508 a0778d2e01a04109adb39c0996048897 18284227a2fd412798d9da6bc342a0cc - default default] Notify callbacks ['neutron.plugins.ml2.ovo_rpc._ObjectChangeHandler.handle_event-1791750', 'neutron.api.rpc.agentnotifiers.dhcp_rpc_agent_api.DhcpAgentNotifyAPI._native_event_send_dhcp_notification-1724656'] for network, after_create _notify_loop /usr/lib/python3.9/site-packages/neutron_lib/callbacks/manager.py:200
2025-12-15 07:50:26.620 15 DEBUG neutron.pecan_wsgi.hooks.policy_enforcement [req-94768575-aa86-4eef-b1a2-2dda59c9f508 a0778d2e01a04109adb39c0996048897 18284227a2fd412798d9da6bc342a0cc - default default] Attributes excluded by policy engine: ['standard_attr_id', 'vlan_transparent'] _exclude_attributes_by_policy /usr/lib/python3.9/site-packages/neutron/pecan_wsgi/hooks/policy_enforcement.py:259
2025-12-15 07:50:26.620 15 DEBUG neutron_lib.callbacks.manager [req-94768575-aa86-4eef-b1a2-2dda59c9f508 a0778d2e01a04109adb39c0996048897 18284227a2fd412798d9da6bc342a0cc - default default] Notify callbacks ['neutron.api.rpc.agentnotifiers.dhcp_rpc_agent_api.DhcpAgentNotifyAPI._send_dhcp_notification-1724546'] for network, before_response _notify_loop /usr/lib/python3.9/site-packages/neutron_lib/callbacks/manager.py:200
2025-12-15 07:50:26.640 15 INFO neutron.wsgi [req-94768575-aa86-4eef-b1a2-2dda59c9f508 a0778d2e01a04109adb39c0996048897 18284227a2fd412798d9da6bc342a0cc - default default] 192.168.122.100 "POST /v2.0/networks HTTP/1.1" status: 201 len: 942 time: 0.1311285
2025-12-15 07:50:26.653 18 DEBUG neutron.wsgi [-] (18) accepted ('192.168.122.100', 35024) server /usr/lib/python3.9/site-packages/eventlet/wsgi.py:992
2025-12-15 07:50:26.657 16 DEBUG neutron.wsgi [-] (16) accepted ('192.168.122.100', 35026) server /usr/lib/python3.9/site-packages/eventlet/wsgi.py:992
2025-12-15 07:50:26.680 18 INFO neutron.wsgi [req-5fc4559b-99eb-43ab-928a-6278ab2d789c a0778d2e01a04109adb39c0996048897 18284227a2fd412798d9da6bc342a0cc - default default] 192.168.122.100 "GET /v2.0/ports?name=np0005559460_ovn_physnet_datacentre&network_id=d108a131-99b5-47a0-97b9-e6f91c2deedb&tags=tripleo_stack_name%3Dovercloud HTTP/1.1" status: 200 len: 210 time: 0.0227942
2025-12-15 07:50:26.680 15 DEBUG neutron.api.rpc.handlers.resources_rpc [req-94768575-aa86-4eef-b1a2-2dda59c9f508 a0778d2e01a04109adb39c0996048897 18284227a2fd412798d9da6bc342a0cc - - -] Pushing event updated for resources: {'Network': ['ID=d108a131-99b5-47a0-97b9-e6f91c2deedb,revision_number=1']} push /usr/lib/python3.9/site-packages/neutron/api/rpc/handlers/resources_rpc.py:237
2025-12-15 07:50:26.688 18 DEBUG neutron.api.v2.base [req-e4856de6-b253-4de7-a800-0d7724930376 a0778d2e01a04109adb39c0996048897 18284227a2fd412798d9da6bc342a0cc - default default] Request body: {'port': {'name': 'np0005559460_ovn_physnet_datacentre', 'dns_name': 'np0005559460', 'network_id': 'd108a131-99b5-47a0-97b9-e6f91c2deedb'}} prepare_request_body /usr/lib/python3.9/site-packages/neutron/api/v2/base.py:729
2025-12-15 07:50:26.696 18 DEBUG neutron.pecan_wsgi.hooks.quota_enforcement [req-e4856de6-b253-4de7-a800-0d7724930376 a0778d2e01a04109adb39c0996048897 18284227a2fd412798d9da6bc342a0cc - default default] Made reservation on behalf of 18284227a2fd412798d9da6bc342a0cc for: {'port': 1} before /usr/lib/python3.9/site-packages/neutron/pecan_wsgi/hooks/quota_enforcement.py:53
2025-12-15 07:50:26.697 18 DEBUG neutron_lib.callbacks.manager [req-e4856de6-b253-4de7-a800-0d7724930376 a0778d2e01a04109adb39c0996048897 18284227a2fd412798d9da6bc342a0cc - default default] Notify callbacks ['neutron.plugins.ml2.plugin.SecurityGroupDbMixin._ensure_default_security_group_handler-630396'] for port, before_create _notify_loop /usr/lib/python3.9/site-packages/neutron_lib/callbacks/manager.py:200
2025-12-15 07:50:26.706 16 INFO neutron.wsgi [req-3074f128-f726-46d8-8b20-c3c809a82724 a0778d2e01a04109adb39c0996048897 18284227a2fd412798d9da6bc342a0cc - default default] 192.168.122.100 "GET /v2.0/ports?name=np0005559461_ovn_physnet_datacentre&network_id=d108a131-99b5-47a0-97b9-e6f91c2deedb&tags=tripleo_stack_name%3Dovercloud HTTP/1.1" status: 200 len: 210 time: 0.0475297
2025-12-15 07:50:26.710 18 DEBUG neutron.notifiers.nova [req-e4856de6-b253-4de7-a800-0d7724930376 a0778d2e01a04109adb39c0996048897 18284227a2fd412798d9da6bc342a0cc - default default] device_id is not set on port ecdd4285-6a02-42d3-a585-9c2e05dc9dc6 yet. _can_notify /usr/lib/python3.9/site-packages/neutron/notifiers/nova.py:201
2025-12-15 07:50:26.716 15 INFO neutron.wsgi [req-99f807c5-275e-43f8-a505-310dd71cc4db a0778d2e01a04109adb39c0996048897 18284227a2fd412798d9da6bc342a0cc - default default] 192.168.122.100 "GET /v2.0/ports?name=np0005559459_ovn_physnet_datacentre&network_id=d108a131-99b5-47a0-97b9-e6f91c2deedb&tags=tripleo_stack_name%3Dovercloud HTTP/1.1" status: 200 len: 210 time: 0.0317340
2025-12-15 07:50:26.718 15 DEBUG neutron.api.rpc.callbacks.version_manager [req-94768575-aa86-4eef-b1a2-2dda59c9f508 a0778d2e01a04109adb39c0996048897 18284227a2fd412798d9da6bc342a0cc - - -] Version for resource type AddressGroup changed None to 1.2 on consumer Open vSwitch agent@undercloud.localdomain _set_version /usr/lib/python3.9/site-packages/neutron/api/rpc/callbacks/version_manager.py:113
2025-12-15 07:50:26.718 15 DEBUG neutron.api.rpc.callbacks.version_manager [req-94768575-aa86-4eef-b1a2-2dda59c9f508 a0778d2e01a04109adb39c0996048897 18284227a2fd412798d9da6bc342a0cc - - -] Version for resource type ConntrackHelper changed None to 1.0 on consumer Open vSwitch agent@undercloud.localdomain _set_version /usr/lib/python3.9/site-packages/neutron/api/rpc/callbacks/version_manager.py:113
2025-12-15 07:50:26.718 15 DEBUG neutron.api.rpc.callbacks.version_manager [req-94768575-aa86-4eef-b1a2-2dda59c9f508 a0778d2e01a04109adb39c0996048897 18284227a2fd412798d9da6bc342a0cc - - -] Version for resource type Log changed None to 1.0 on consumer Open vSwitch agent@undercloud.localdomain _set_version /usr/lib/python3.9/site-packages/neutron/api/rpc/callbacks/version_manager.py:113
2025-12-15 07:50:26.719 15 DEBUG neutron.api.rpc.callbacks.version_manager [req-94768575-aa86-4eef-b1a2-2dda59c9f508 a0778d2e01a04109adb39c0996048897 18284227a2fd412798d9da6bc342a0cc - - -] Version for resource type Network changed None to 1.1 on consumer Open vSwitch agent@undercloud.localdomain _set_version /usr/lib/python3.9/site-packages/neutron/api/rpc/callbacks/version_manager.py:113
2025-12-15 07:50:26.719 15 DEBUG neutron.api.rpc.callbacks.version_manager [req-94768575-aa86-4eef-b1a2-2dda59c9f508 a0778d2e01a04109adb39c0996048897 18284227a2fd412798d9da6bc342a0cc - - -] Version for resource type Port changed None to 1.7 on consumer Open vSwitch agent@undercloud.localdomain _set_version /usr/lib/python3.9/site-packages/neutron/api/rpc/callbacks/version_manager.py:113
