2025-12-15 07:50:30.012 16 DEBUG neutron.api.rpc.handlers.resources_rpc [req-de4d51fb-e78d-4dae-901c-2ff71c4633ec a0778d2e01a04109adb39c0996048897 18284227a2fd412798d9da6bc342a0cc - - -] Pushing event updated for resources: {'Port': ['ID=c334807a-5de0-4317-8d99-e6eba900542e,revision_number=1']} push /usr/lib/python3.9/site-packages/neutron/api/rpc/handlers/resources_rpc.py:237
2025-12-15 07:50:30.017 15 INFO neutron.wsgi [req-499b6657-da92-4294-8a2a-caf5fdb4574d a0778d2e01a04109adb39c0996048897 18284227a2fd412798d9da6bc342a0cc - default default] 192.168.122.100 "PUT /v2.0/ports/bb59b877-5a71-45ef-8397-b7f933cb5864/tags HTTP/1.1" status: 200 len: 274 time: 0.0394118
2025-12-15 07:50:30.020 16 DEBUG neutron.services.tag.tag_plugin [req-ba119175-aa65-46be-941d-d42f253cffa8 a0778d2e01a04109adb39c0996048897 18284227a2fd412798d9da6bc342a0cc - default default] neutron.services.tag.tag_plugin.TagPlugin method update_tags called with arguments (, 'ports', 'c334807a-5de0-4317-8d99-e6eba900542e', {'tags': ['tripleo_stack_name=overcloud', 'tripleo_ovn_physnet=datacentre']}) {} wrapper /usr/lib/python3.9/site-packages/oslo_log/helpers.py:65
2025-12-15 07:50:30.049 18 DEBUG neutron_lib.callbacks.manager [req-6528472e-773c-452e-b352-ca35a22258dc a0778d2e01a04109adb39c0996048897 18284227a2fd412798d9da6bc342a0cc - default default] Notify callbacks [] for allowed_address_pair, before_create _notify_loop /usr/lib/python3.9/site-packages/neutron_lib/callbacks/manager.py:200
2025-12-15 07:50:30.050 18 DEBUG neutron_lib.callbacks.manager [req-6528472e-773c-452e-b352-ca35a22258dc a0778d2e01a04109adb39c0996048897 18284227a2fd412798d9da6bc342a0cc - default default] Notify callbacks [] for port, precommit_create _notify_loop /usr/lib/python3.9/site-packages/neutron_lib/callbacks/manager.py:200
2025-12-15 07:50:30.067 18 DEBUG neutron_lib.callbacks.manager [req-6528472e-773c-452e-b352-ca35a22258dc a0778d2e01a04109adb39c0996048897 18284227a2fd412798d9da6bc342a0cc - default default] Notify callbacks ['neutron.plugins.ml2.plugin.SecurityGroupServerNotifierRpcMixin.notify_sg_on_port_change-528264', 'neutron.plugins.ml2.extensions.dns_integration._create_port_in_external_dns_service-8755571083340', 'neutron.plugins.ml2.ovo_rpc._ObjectChangeHandler.handle_event-521386', 'neutron.api.rpc.agentnotifiers.dhcp_rpc_agent_api.DhcpAgentNotifyAPI._native_event_send_dhcp_notification-1724656', 'neutron.services.segments.plugin.NovaSegmentNotifier._notify_port_created_or_deleted-1644261'] for port, after_create _notify_loop /usr/lib/python3.9/site-packages/neutron_lib/callbacks/manager.py:200
2025-12-15 07:50:30.069 16 INFO neutron.wsgi [req-ba119175-aa65-46be-941d-d42f253cffa8 a0778d2e01a04109adb39c0996048897 18284227a2fd412798d9da6bc342a0cc - default default] 192.168.122.100 "PUT /v2.0/ports/c334807a-5de0-4317-8d99-e6eba900542e/tags HTTP/1.1" status: 200 len: 274 time: 0.0540316
2025-12-15 07:50:30.096 18 DEBUG neutron.scheduler.dhcp_agent_scheduler [req-6528472e-773c-452e-b352-ca35a22258dc a0778d2e01a04109adb39c0996048897 18284227a2fd412798d9da6bc342a0cc - default default] Network d108a131-99b5-47a0-97b9-e6f91c2deedb is already hosted by enough agents. _get_dhcp_agents_hosting_network /usr/lib/python3.9/site-packages/neutron/scheduler/dhcp_agent_scheduler.py:275
2025-12-15 07:50:30.099 18 DEBUG neutron.scheduler.base_scheduler [req-6528472e-773c-452e-b352-ca35a22258dc a0778d2e01a04109adb39c0996048897 18284227a2fd412798d9da6bc342a0cc - default default] Resources bound (agent type, host, resource id): schedule /usr/lib/python3.9/site-packages/neutron/scheduler/base_scheduler.py:57
2025-12-15 07:50:30.101 18 DEBUG neutron.pecan_wsgi.hooks.policy_enforcement [req-6528472e-773c-452e-b352-ca35a22258dc a0778d2e01a04109adb39c0996048897 18284227a2fd412798d9da6bc342a0cc - default default] Attributes excluded by policy engine: ['standard_attr_id', 'network'] _exclude_attributes_by_policy /usr/lib/python3.9/site-packages/neutron/pecan_wsgi/hooks/policy_enforcement.py:259
2025-12-15 07:50:30.101 18 DEBUG neutron_lib.callbacks.manager [req-6528472e-773c-452e-b352-ca35a22258dc a0778d2e01a04109adb39c0996048897 18284227a2fd412798d9da6bc342a0cc - default default] Notify callbacks ['neutron.notifiers.nova.Notifier._send_nova_notification-448322', 'neutron.api.rpc.agentnotifiers.dhcp_rpc_agent_api.DhcpAgentNotifyAPI._send_dhcp_notification-1724546'] for port, before_response _notify_loop /usr/lib/python3.9/site-packages/neutron_lib/callbacks/manager.py:200
2025-12-15 07:50:30.104 18 DEBUG neutron.api.rpc.handlers.resources_rpc [req-6528472e-773c-452e-b352-ca35a22258dc a0778d2e01a04109adb39c0996048897 18284227a2fd412798d9da6bc342a0cc - - -] Pushing event updated for resources: {'Port': ['ID=dca0839e-f33f-4950-9447-df67c8b8eefa,revision_number=1']} push /usr/lib/python3.9/site-packages/neutron/api/rpc/handlers/resources_rpc.py:237
2025-12-15 07:50:30.116 18 INFO neutron.wsgi [req-6528472e-773c-452e-b352-ca35a22258dc a0778d2e01a04109adb39c0996048897 18284227a2fd412798d9da6bc342a0cc - default default] 192.168.122.100 "POST /v2.0/ports HTTP/1.1" status: 201 len: 1040 time: 0.4004595
2025-12-15 07:50:30.119 18 DEBUG neutron.services.tag.tag_plugin [req-cb810371-e189-4b3e-bf9f-e201b0b5da79 a0778d2e01a04109adb39c0996048897 18284227a2fd412798d9da6bc342a0cc - default default] neutron.services.tag.tag_plugin.TagPlugin method update_tags called with arguments (, 'ports', 'dca0839e-f33f-4950-9447-df67c8b8eefa', {'tags': ['tripleo_stack_name=overcloud', 'tripleo_ovn_physnet=datacentre']}) {} wrapper /usr/lib/python3.9/site-packages/oslo_log/helpers.py:65
2025-12-15 07:50:30.164 18 INFO neutron.wsgi [req-cb810371-e189-4b3e-bf9f-e201b0b5da79 a0778d2e01a04109adb39c0996048897 18284227a2fd412798d9da6bc342a0cc - default default] 192.168.122.100 "PUT /v2.0/ports/dca0839e-f33f-4950-9447-df67c8b8eefa/tags HTTP/1.1" status: 200 len: 274 time: 0.0476770
2025-12-15 07:50:30.234 18 DEBUG neutron.pecan_wsgi.hooks.policy_enforcement [req-fbfa7476-6029-48d7-928e-b9a35dd45c78 a0778d2e01a04109adb39c0996048897 18284227a2fd412798d9da6bc342a0cc - default default] Attributes excluded by policy engine: ['standard_attr_id'] _exclude_attributes_by_policy /usr/lib/python3.9/site-packages/neutron/pecan_wsgi/hooks/policy_enforcement.py:259
2025-12-15 07:50:30.234 18 DEBUG neutron.pecan_wsgi.hooks.policy_enforcement [req-fbfa7476-6029-48d7-928e-b9a35dd45c78 a0778d2e01a04109adb39c0996048897 18284227a2fd412798d9da6bc342a0cc - default default] Attributes excluded by policy engine: ['standard_attr_id'] _exclude_attributes_by_policy /usr/lib/python3.9/site-packages/neutron/pecan_wsgi/hooks/policy_enforcement.py:259
2025-12-15 07:50:30.235 18 DEBUG neutron.pecan_wsgi.hooks.policy_enforcement [req-fbfa7476-6029-48d7-928e-b9a35dd45c78 a0778d2e01a04109adb39c0996048897 18284227a2fd412798d9da6bc342a0cc - default default] Attributes excluded by policy engine: ['standard_attr_id'] _exclude_attributes_by_policy /usr/lib/python3.9/site-packages/neutron/pecan_wsgi/hooks/policy_enforcement.py:259
2025-12-15 07:50:30.235 18 DEBUG neutron.pecan_wsgi.hooks.policy_enforcement [req-fbfa7476-6029-48d7-928e-b9a35dd45c78 a0778d2e01a04109adb39c0996048897 18284227a2fd412798d9da6bc342a0cc - default default] Attributes excluded by policy engine: ['standard_attr_id'] _exclude_attributes_by_policy /usr/lib/python3.9/site-packages/neutron/pecan_wsgi/hooks/policy_enforcement.py:259
2025-12-15 07:50:30.236 18 DEBUG neutron.pecan_wsgi.hooks.policy_enforcement [req-fbfa7476-6029-48d7-928e-b9a35dd45c78 a0778d2e01a04109adb39c0996048897 18284227a2fd412798d9da6bc342a0cc - default default] Attributes excluded by policy engine: ['standard_attr_id'] _exclude_attributes_by_policy /usr/lib/python3.9/site-packages/neutron/pecan_wsgi/hooks/policy_enforcement.py:259
2025-12-15 07:50:30.236 18 DEBUG neutron.pecan_wsgi.hooks.policy_enforcement [req-fbfa7476-6029-48d7-928e-b9a35dd45c78 a0778d2e01a04109adb39c0996048897 18284227a2fd412798d9da6bc342a0cc - default default] Attributes excluded by policy engine: ['standard_attr_id'] _exclude_attributes_by_policy /usr/lib/python3.9/site-packages/neutron/pecan_wsgi/hooks/policy_enforcement.py:259
2025-12-15 07:50:30.239 18 INFO neutron.wsgi [req-fbfa7476-6029-48d7-928e-b9a35dd45c78 a0778d2e01a04109adb39c0996048897 18284227a2fd412798d9da6bc342a0cc - default default] 192.168.122.100 "GET /v2.0/ports?network_id=d108a131-99b5-47a0-97b9-e6f91c2deedb&tags=tripleo_stack_name%3Dovercloud HTTP/1.1" status: 200 len: 5557 time: 0.0688381
2025-12-15 07:50:30.306 18 DEBUG neutron.plugins.ml2.plugin [req-0e474fb6-1447-4880-8b4f-a92745d3ef31 a0778d2e01a04109adb39c0996048897 18284227a2fd412798d9da6bc342a0cc - default default] Deleting port 5851ae09-76e0-43e7-be5c-b6f9af7a9098 _pre_delete_port /usr/lib/python3.9/site-packages/neutron/plugins/ml2/plugin.py:2025
2025-12-15 07:50:30.307 18 DEBUG neutron_lib.callbacks.manager [req-0e474fb6-1447-4880-8b4f-a92745d3ef31 a0778d2e01a04109adb39c0996048897 18284227a2fd412798d9da6bc342a0cc - default default] Notify callbacks ['neutron.plugins.ml2.extensions.dns_integration._delete_port_in_external_dns_service-8755571083376', 'neutron.db.l3_db.L3_NAT_dbonly_mixin._prevent_l3_port_delete_callback-8755571148063'] for port, before_delete _notify_loop /usr/lib/python3.9/site-packages/neutron_lib/callbacks/manager.py:200
2025-12-15 07:50:30.433 18 DEBUG neutron_lib.callbacks.manager [req-0e474fb6-1447-4880-8b4f-a92745d3ef31 a0778d2e01a04109adb39c0996048897 18284227a2fd412798d9da6bc342a0cc - default default] Notify callbacks ['neutron.services.l3_router.l3_router_plugin.L3_NAT_dbonly_mixin._precommit_delete_port_callback-1593790'] for port, precommit_delete _notify_loop /usr/lib/python3.9/site-packages/neutron_lib/callbacks/manager.py:200
2025-12-15 07:50:30.442 18 DEBUG neutron.plugins.ml2.plugin [req-0e474fb6-1447-4880-8b4f-a92745d3ef31 a0778d2e01a04109adb39c0996048897 18284227a2fd412798d9da6bc342a0cc - default default] Calling delete_port for 5851ae09-76e0-43e7-be5c-b6f9af7a9098 owned by delete_port /usr/lib/python3.9/site-packages/neutron/plugins/ml2/plugin.py:2097
2025-12-15 07:50:30.508 18 DEBUG neutron_lib.callbacks.manager [req-0e474fb6-1447-4880-8b4f-a92745d3ef31 a0778d2e01a04109adb39c0996048897 18284227a2fd412798d9da6bc342a0cc - default default] Notify callbacks ['neutron.plugins.ml2.plugin.SecurityGroupServerNotifierRpcMixin.notify_sg_on_port_change-528264', 'neutron.plugins.ml2.ovo_rpc._ObjectChangeHandler.handle_event-521386', 'neutron.api.rpc.agentnotifiers.dhcp_rpc_agent_api.DhcpAgentNotifyAPI._native_event_send_dhcp_notification-1724656', 'neutron.db.l3_db.L3RpcNotifierMixin._notify_routers_callback-8755571154059', 'neutron.services.segments.plugin.NovaSegmentNotifier._notify_port_created_or_deleted-1644261'] for port, after_delete _notify_loop /usr/lib/python3.9/site-packages/neutron_lib/callbacks/manager.py:200
2025-12-15 07:50:30.530 18 DEBUG neutron.api.rpc.handlers.resources_rpc [req-0e474fb6-1447-4880-8b4f-a92745d3ef31 a0778d2e01a04109adb39c0996048897 18284227a2fd412798d9da6bc342a0cc - - -] Pushing event deleted for resources: {'Port': ['ID=5851ae09-76e0-43e7-be5c-b6f9af7a9098,revision_number=None']} push /usr/lib/python3.9/site-packages/neutron/api/rpc/handlers/resources_rpc.py:237
2025-12-15 07:50:30.548 18 DEBUG neutron_lib.callbacks.manager [req-0e474fb6-1447-4880-8b4f-a92745d3ef31 a0778d2e01a04109adb39c0996048897 18284227a2fd412798d9da6bc342a0cc - default default] Notify callbacks ['neutron.notifiers.nova.Notifier._send_nova_notification-448322', 'neutron.api.rpc.agentnotifiers.dhcp_rpc_agent_api.DhcpAgentNotifyAPI._send_dhcp_notification-1724546'] for port, before_response _notify_loop /usr/lib/python3.9/site-packages/neutron_lib/callbacks/manager.py:200
2025-12-15 07:50:30.550 18 INFO neutron.wsgi [req-0e474fb6-1447-4880-8b4f-a92745d3ef31 a0778d2e01a04109adb39c0996048897 18284227a2fd412798d9da6bc342a0cc - default default] 192.168.122.100 "DELETE /v2.0/ports/5851ae09-76e0-43e7-be5c-b6f9af7a9098 HTTP/1.1" status: 204 len: 173 time: 0.3058047
2025-12-15 07:50:30.589 18 DEBUG neutron.plugins.ml2.plugin [req-e86438e7-9105-4fd2-9d68-95d9d60b1ad7 a0778d2e01a04109adb39c0996048897 18284227a2fd412798d9da6bc342a0cc - default default] Deleting port dd340c3d-eeec-4dc0-9b02-52a8be8d41cd _pre_delete_port /usr/lib/python3.9/site-packages/neutron/plugins/ml2/plugin.py:2025
2025-12-15 07:50:30.590 18 DEBUG neutron_lib.callbacks.manager [req-e86438e7-9105-4fd2-9d68-95d9d60b1ad7 a0778d2e01a04109adb39c0996048897 18284227a2fd412798d9da6bc342a0cc - default default] Notify callbacks ['neutron.plugins.ml2.extensions.dns_integration._delete_port_in_external_dns_service-8755571083376', 'neutron.db.l3_db.L3_NAT_dbonly_mixin._prevent_l3_port_delete_callback-8755571148063'] for port, before_delete _notify_loop /usr/lib/python3.9/site-packages/neutron_lib/callbacks/manager.py:200
2025-12-15 07:50:30.679 18 DEBUG neutron_lib.callbacks.manager [req-e86438e7-9105-4fd2-9d68-95d9d60b1ad7 a0778d2e01a04109adb39c0996048897 18284227a2fd412798d9da6bc342a0cc - default default] Notify callbacks ['neutron.services.l3_router.l3_router_plugin.L3_NAT_dbonly_mixin._precommit_delete_port_callback-1593790'] for port, precommit_delete _notify_loop /usr/lib/python3.9/site-packages/neutron_lib/callbacks/manager.py:200
2025-12-15 07:50:30.687 18 DEBUG neutron.plugins.ml2.plugin [req-e86438e7-9105-4fd2-9d68-95d9d60b1ad7 a0778d2e01a04109adb39c0996048897 18284227a2fd412798d9da6bc342a0cc - default default] Calling delete_port for dd340c3d-eeec-4dc0-9b02-52a8be8d41cd owned by delete_port /usr/lib/python3.9/site-packages/neutron/plugins/ml2/plugin.py:2097
2025-12-15 07:50:30.724 18 DEBUG neutron_lib.callbacks.manager [req-e86438e7-9105-4fd2-9d68-95d9d60b1ad7 a0778d2e01a04109adb39c0996048897 18284227a2fd412798d9da6bc342a0cc - default default] Notify callbacks ['neutron.plugins.ml2.plugin.SecurityGroupServerNotifierRpcMixin.notify_sg_on_port_change-528264', 'neutron.plugins.ml2.ovo_rpc._ObjectChangeHandler.handle_event-521386', 'neutron.api.rpc.agentnotifiers.dhcp_rpc_agent_api.DhcpAgentNotifyAPI._native_event_send_dhcp_notification-1724656', 'neutron.db.l3_db.L3RpcNotifierMixin._notify_routers_callback-8755571154059', 'neutron.services.segments.plugin.NovaSegmentNotifier._notify_port_created_or_deleted-1644261'] for port, after_delete _notify_loop /usr/lib/python3.9/site-packages/neutron_lib/callbacks/manager.py:200
2025-12-15 07:50:30.747 18 DEBUG neutron.api.rpc.handlers.resources_rpc [req-e86438e7-9105-4fd2-9d68-95d9d60b1ad7 a0778d2e01a04109adb39c0996048897 18284227a2fd412798d9da6bc342a0cc - - -] Pushing event deleted for resources: {'Port': ['ID=dd340c3d-eeec-4dc0-9b02-52a8be8d41cd,revision_number=None']} push /usr/lib/python3.9/site-packages/neutron/api/rpc/handlers/resources_rpc.py:237
2025-12-15 07:50:30.751 18 DEBUG neutron_lib.callbacks.manager [req-e86438e7-9105-4fd2-9d68-95d9d60b1ad7 a0778d2e01a04109adb39c0996048897 18284227a2fd412798d9da6bc342a0cc - default default] Notify callbacks ['neutron.notifiers.nova.Notifier._send_nova_notification-448322', 'neutron.api.rpc.agentnotifiers.dhcp_rpc_agent_api.DhcpAgentNotifyAPI._send_dhcp_notification-1724546'] for port, before_response _notify_loop /usr/lib/python3.9/site-packages/neutron_lib/callbacks/manager.py:200
2025-12-15 07:50:30.753 18 INFO neutron.wsgi [req-e86438e7-9105-4fd2-9d68-95d9d60b1ad7 a0778d2e01a04109adb39c0996048897 18284227a2fd412798d9da6bc342a0cc - default default] 192.168.122.100 "DELETE /v2.0/ports/dd340c3d-eeec-4dc0-9b02-52a8be8d41cd HTTP/1.1" status: 204 len: 173 time: 0.1912835
2025-12-15 07:50:30.792 18 DEBUG neutron.plugins.ml2.plugin [req-14d415d4-99f8-4555-a3ae-4ff7f9ae6a55 a0778d2e01a04109adb39c0996048897 18284227a2fd412798d9da6bc342a0cc - default default] Deleting port ecdd4285-6a02-42d3-a585-9c2e05dc9dc6 _pre_delete_port /usr/lib/python3.9/site-packages/neutron/plugins/ml2/plugin.py:2025
2025-12-15 07:50:30.793 18 DEBUG neutron_lib.callbacks.manager [req-14d415d4-99f8-4555-a3ae-4ff7f9ae6a55 a0778d2e01a04109adb39c0996048897 18284227a2fd412798d9da6bc342a0cc - default default] Notify callbacks ['neutron.plugins.ml2.extensions.dns_integration._delete_port_in_external_dns_service-8755571083376', 'neutron.db.l3_db.L3_NAT_dbonly_mixin._prevent_l3_port_delete_callback-8755571148063'] for port, before_delete _notify_loop /usr/lib/python3.9/site-packages/neutron_lib/callbacks/manager.py:200
2025-12-15 07:50:30.918 18 DEBUG neutron_lib.callbacks.manager [req-14d415d4-99f8-4555-a3ae-4ff7f9ae6a55 a0778d2e01a04109adb39c0996048897 18284227a2fd412798d9da6bc342a0cc - default default] Notify callbacks ['neutron.services.l3_router.l3_router_plugin.L3_NAT_dbonly_mixin._precommit_delete_port_callback-1593790'] for port, precommit_delete _notify_loop /usr/lib/python3.9/site-packages/neutron_lib/callbacks/manager.py:200
2025-12-15 07:50:30.927 18 DEBUG neutron.plugins.ml2.plugin [req-14d415d4-99f8-4555-a3ae-4ff7f9ae6a55 a0778d2e01a04109adb39c0996048897 18284227a2fd412798d9da6bc342a0cc - default default] Calling delete_port for ecdd4285-6a02-42d3-a585-9c2e05dc9dc6 owned by delete_port /usr/lib/python3.9/site-packages/neutron/plugins/ml2/plugin.py:2097
2025-12-15 07:50:30.967 18 DEBUG neutron_lib.callbacks.manager [req-14d415d4-99f8-4555-a3ae-4ff7f9ae6a55 a0778d2e01a04109adb39c0996048897 18284227a2fd412798d9da6bc342a0cc - default default] Notify callbacks ['neutron.plugins.ml2.plugin.SecurityGroupServerNotifierRpcMixin.notify_sg_on_port_change-528264', 'neutron.plugins.ml2.ovo_rpc._ObjectChangeHandler.handle_event-521386', 'neutron.api.rpc.agentnotifiers.dhcp_rpc_agent_api.DhcpAgentNotifyAPI._native_event_send_dhcp_notification-1724656', 'neutron.db.l3_db.L3RpcNotifierMixin._notify_routers_callback-8755571154059', 'neutron.services.segments.plugin.NovaSegmentNotifier._notify_port_created_or_deleted-1644261'] for port, after_delete _notify_loop /usr/lib/python3.9/site-packages/neutron_lib/callbacks/manager.py:200
2025-12-15 07:50:30.990 18 DEBUG neutron.api.rpc.handlers.resources_rpc [req-14d415d4-99f8-4555-a3ae-4ff7f9ae6a55 a0778d2e01a04109adb39c0996048897 18284227a2fd412798d9da6bc342a0cc - - -] Pushing event deleted for resources: {'Port': ['ID=ecdd4285-6a02-42d3-a585-9c2e05dc9dc6,revision_number=None']} push /usr/lib/python3.9/site-packages/neutron/api/rpc/handlers/resources_rpc.py:237
2025-12-15 07:50:30.997 18 DEBUG neutron_lib.callbacks.manager [req-14d415d4-99f8-4555-a3ae-4ff7f9ae6a55 a0778d2e01a04109adb39c0996048897 18284227a2fd412798d9da6bc342a0cc - default default] Notify callbacks ['neutron.notifiers.nova.Notifier._send_nova_notification-448322', 'neutron.api.rpc.agentnotifiers.dhcp_rpc_agent_api.DhcpAgentNotifyAPI._send_dhcp_notification-1724546'] for port, before_response _notify_loop /usr/lib/python3.9/site-packages/neutron_lib/callbacks/manager.py:200
2025-12-15 07:50:31.001 18 INFO neutron.wsgi [req-14d415d4-99f8-4555-a3ae-4ff7f9ae6a55 a0778d2e01a04109adb39c0996048897 18284227a2fd412798d9da6bc342a0cc - default default] 192.168.122.100 "DELETE /v2.0/ports/ecdd4285-6a02-42d3-a585-9c2e05dc9dc6 HTTP/1.1" status: 204 len: 173 time: 0.2378378
2025-12-15 07:50:31.089 18 DEBUG neutron.pecan_wsgi.hooks.policy_enforcement [req-6c0b8f84-9577-424d-ba63-4ffa2b102634 a0778d2e01a04109adb39c0996048897 18284227a2fd412798d9da6bc342a0cc - default default] Attributes excluded by policy engine: ['standard_attr_id'] _exclude_attributes_by_policy /usr/lib/python3.9/site-packages/neutron/pecan_wsgi/hooks/policy_enforcement.py:259
2025-12-15 07:50:31.090 18 DEBUG neutron.pecan_wsgi.hooks.policy_enforcement [req-6c0b8f84-9577-424d-ba63-4ffa2b102634 a0778d2e01a04109adb39c0996048897 18284227a2fd412798d9da6bc342a0cc - default default] Attributes excluded by policy engine: ['standard_attr_id'] _exclude_attributes_by_policy /usr/lib/python3.9/site-packages/neutron/pecan_wsgi/hooks/policy_enforcement.py:259
2025-12-15 07:50:31.090 18 DEBUG neutron.pecan_wsgi.hooks.policy_enforcement [req-6c0b8f84-9577-424d-ba63-4ffa2b102634 a0778d2e01a04109adb39c0996048897 18284227a2fd412798d9da6bc342a0cc - default default] Attributes excluded by policy engine: ['standard_attr_id'] _exclude_attributes_by_policy /usr/lib/python3.9/site-packages/neutron/pecan_wsgi/hooks/policy_enforcement.py:259
2025-12-15 07:50:31.092 18 INFO neutron.wsgi [req-6c0b8f84-9577-424d-ba63-4ffa2b102634 a0778d2e01a04109adb39c0996048897 18284227a2fd412798d9da6bc342a0cc - default default] 192.168.122.100 "GET /v2.0/ports?network_id=d108a131-99b5-47a0-97b9-e6f91c2deedb&tags=tripleo_stack_name%3Dovercloud HTTP/1.1" status: 200 len: 2884 time: 0.0840461
2025-12-15 07:50:59.992 16 DEBUG neutron.wsgi [-] (16) accepted ('192.168.122.100', 39496) server /usr/lib/python3.9/site-packages/eventlet/wsgi.py:992
2025-12-15 07:50:59.995 16 INFO neutron.wsgi [-] 192.168.122.100 "GET / HTTP/1.1" status: 200 len: 233 time: 0.0015342
2025-12-15 07:51:31.181 16 DEBUG neutron.wsgi [-] (16) accepted ('192.168.122.100', 59372) server /usr/lib/python3.9/site-packages/eventlet/wsgi.py:992
2025-12-15 07:51:31.183 16 INFO neutron.wsgi [-] 192.168.122.100 "GET / HTTP/1.1" status: 200 len: 233 time: 0.0012438
2025-12-15 07:52:02.091 16 DEBUG neutron.wsgi [-] (16) accepted ('192.168.122.100', 50682) server /usr/lib/python3.9/site-packages/eventlet/wsgi.py:992
2025-12-15 07:52:02.095 16 INFO neutron.wsgi [-] 192.168.122.100 "GET / HTTP/1.1" status: 200 len: 233 time: 0.0027711
2025-12-15 07:52:32.646 17 DEBUG neutron.wsgi [-] (17) accepted ('192.168.122.100', 47736) server /usr/lib/python3.9/site-packages/eventlet/wsgi.py:992
2025-12-15 07:52:32.648 17 INFO neutron.wsgi [-] 192.168.122.100 "GET / HTTP/1.1" status: 200 len: 233 time: 0.0011954
2025-12-15 07:53:03.536 16 DEBUG neutron.wsgi [-] (16) accepted ('192.168.122.100', 35616) server /usr/lib/python3.9/site-packages/eventlet/wsgi.py:992
2025-12-15 07:53:03.540 16 INFO neutron.wsgi [-] 192.168.122.100 "GET / HTTP/1.1" status: 200 len: 233 time: 0.0024934
2025-12-15 07:53:09.680 23 DEBUG neutron_lib.callbacks.manager [req-7fd82d78-9dfa-4a11-bfe9-1a5989567746 - - - - -] Notify callbacks ['neutron.services.segments.db._update_segment_host_mapping_for_agent-8755571197934', 'neutron.plugins.ml2.plugin.Ml2Plugin._retry_binding_revived_agents-659701'] for agent, after_update _notify_loop /usr/lib/python3.9/site-packages/neutron_lib/callbacks/manager.py:200
2025-12-15 07:53:10.037 20 DEBUG neutron_lib.callbacks.manager [req-9a202d7f-0b0e-420e-86fd-33dce7c9ef89 - - - - -] Notify callbacks ['neutron.services.segments.db._update_segment_host_mapping_for_agent-8755571197934', 'neutron.plugins.ml2.plugin.Ml2Plugin._retry_binding_revived_agents-659701'] for agent, after_update _notify_loop /usr/lib/python3.9/site-packages/neutron_lib/callbacks/manager.py:200
2025-12-15 07:53:15.874 19 DEBUG neutron_lib.callbacks.manager [req-ef8fa158-c8c5-48c2-9a70-0a6a49715f49 - - - - -] Notify callbacks ['neutron.services.segments.db._update_segment_host_mapping_for_agent-8755571197934', 'neutron.plugins.ml2.plugin.Ml2Plugin._retry_binding_revived_agents-659701'] for agent, after_update _notify_loop /usr/lib/python3.9/site-packages/neutron_lib/callbacks/manager.py:200
2025-12-15 07:53:33.898 16 DEBUG neutron.wsgi [-] (16) accepted ('192.168.122.100', 40204) server /usr/lib/python3.9/site-packages/eventlet/wsgi.py:992
2025-12-15 07:53:33.900 16 INFO neutron.wsgi [-] 192.168.122.100 "GET / HTTP/1.1" status: 200 len: 233 time: 0.0012407
2025-12-15 07:53:44.266 24 DEBUG neutron.db.agents_db [req-08a19860-b169-4ed5-a067-6a2077e37da5 - - - - -] Agent healthcheck: found 3 active agents agent_health_check /usr/lib/python3.9/site-packages/neutron/db/agents_db.py:328
2025-12-15 07:54:04.824 15 DEBUG neutron.wsgi [-] (15) accepted ('192.168.122.100', 48778) server /usr/lib/python3.9/site-packages/eventlet/wsgi.py:992
2025-12-15 07:54:04.827 15 INFO neutron.wsgi [-] 192.168.122.100 "GET / HTTP/1.1" status: 200 len: 233 time: 0.0017657
2025-12-15 07:54:35.929 17 DEBUG neutron.wsgi [-] (17) accepted ('192.168.122.100', 54116) server /usr/lib/python3.9/site-packages/eventlet/wsgi.py:992
2025-12-15 07:54:35.932 17 INFO neutron.wsgi [-] 192.168.122.100 "GET / HTTP/1.1" status: 200 len: 233 time: 0.0011861
2025-12-15 07:55:06.645 16 DEBUG neutron.wsgi [-] (16) accepted ('192.168.122.100', 53716) server /usr/lib/python3.9/site-packages/eventlet/wsgi.py:992
2025-12-15 07:55:06.647 16 INFO neutron.wsgi [-] 192.168.122.100 "GET / HTTP/1.1" status: 200 len: 233 time: 0.0012922
2025-12-15 07:55:37.741 18 DEBUG neutron.wsgi [-] (18) accepted ('192.168.122.100', 47614) server /usr/lib/python3.9/site-packages/eventlet/wsgi.py:992
2025-12-15 07:55:37.743 18 INFO neutron.wsgi [-] 192.168.122.100 "GET / HTTP/1.1" status: 200 len: 233 time: 0.0016866
2025-12-15 07:56:08.352 15 DEBUG neutron.wsgi [-] (15) accepted ('192.168.122.100', 45002) server /usr/lib/python3.9/site-packages/eventlet/wsgi.py:992
2025-12-15 07:56:08.356 15 INFO neutron.wsgi [-] 192.168.122.100 "GET / HTTP/1.1" status: 200 len: 233 time: 0.0014057
2025-12-15 07:56:38.858 15 DEBUG neutron.wsgi [-] (15) accepted ('192.168.122.100', 60448) server /usr/lib/python3.9/site-packages/eventlet/wsgi.py:992
2025-12-15 07:56:38.860 15 INFO neutron.wsgi [-] 192.168.122.100 "GET / HTTP/1.1" status: 200 len: 233 time: 0.0012860
2025-12-15 07:57:10.164 18 DEBUG neutron.wsgi [-] (18) accepted ('192.168.122.100', 54024) server /usr/lib/python3.9/site-packages/eventlet/wsgi.py:992
2025-12-15 07:57:10.169 18 INFO neutron.wsgi [-] 192.168.122.100 "GET / HTTP/1.1" status: 200 len: 233 time: 0.0037458
2025-12-15 07:57:40.855 16 DEBUG neutron.wsgi [-] (16) accepted ('192.168.122.100', 40200) server /usr/lib/python3.9/site-packages/eventlet/wsgi.py:992
2025-12-15 07:57:40.860 16 INFO neutron.wsgi [-] 192.168.122.100 "GET / HTTP/1.1" status: 200 len: 233 time: 0.0035014
2025-12-15 07:58:09.681 22 DEBUG neutron_lib.callbacks.manager [req-ddc9b92f-96d4-4c16-b159-0ee4a6e2d44a - - - - -] Notify callbacks ['neutron.services.segments.db._update_segment_host_mapping_for_agent-8755571197934', 'neutron.plugins.ml2.plugin.Ml2Plugin._retry_binding_revived_agents-659701'] for agent, after_update _notify_loop /usr/lib/python3.9/site-packages/neutron_lib/callbacks/manager.py:200
2025-12-15 07:58:10.041 21 DEBUG neutron_lib.callbacks.manager [req-89ca465b-70ab-4b28-b5d8-a04d6cb46d16 - - - - -] Notify callbacks ['neutron.services.segments.db._update_segment_host_mapping_for_agent-8755571197934', 'neutron.plugins.ml2.plugin.Ml2Plugin._retry_binding_revived_agents-659701'] for agent, after_update _notify_loop /usr/lib/python3.9/site-packages/neutron_lib/callbacks/manager.py:200
2025-12-15 07:58:11.697 15 DEBUG neutron.wsgi [-] (15) accepted ('192.168.122.100', 39598) server /usr/lib/python3.9/site-packages/eventlet/wsgi.py:992
2025-12-15 07:58:11.702 15 INFO neutron.wsgi [-] 192.168.122.100 "GET / HTTP/1.1" status: 200 len: 233 time: 0.0013142
2025-12-15 07:58:15.882 23 DEBUG neutron_lib.callbacks.manager [req-ef8fa158-c8c5-48c2-9a70-0a6a49715f49 - - - - -] Notify callbacks ['neutron.services.segments.db._update_segment_host_mapping_for_agent-8755571197934', 'neutron.plugins.ml2.plugin.Ml2Plugin._retry_binding_revived_agents-659701'] for agent, after_update _notify_loop /usr/lib/python3.9/site-packages/neutron_lib/callbacks/manager.py:200
2025-12-15 07:58:42.368 16 DEBUG neutron.wsgi [-] (16) accepted ('192.168.122.100', 38894) server /usr/lib/python3.9/site-packages/eventlet/wsgi.py:992
2025-12-15 07:58:42.371 16 INFO neutron.wsgi [-] 192.168.122.100 "GET / HTTP/1.1" status: 200 len: 233 time: 0.0018761
2025-12-15 07:58:44.278 24 DEBUG neutron.db.agents_db [req-08a19860-b169-4ed5-a067-6a2077e37da5 - - - - -] Agent healthcheck: found 3 active agents agent_health_check /usr/lib/python3.9/site-packages/neutron/db/agents_db.py:328
2025-12-15 07:59:13.042 15 DEBUG neutron.wsgi [-] (15) accepted ('192.168.122.100', 50916) server /usr/lib/python3.9/site-packages/eventlet/wsgi.py:992
2025-12-15 07:59:13.046 15 INFO neutron.wsgi [-] 192.168.122.100 "GET / HTTP/1.1" status: 200 len: 233 time: 0.0024869
2025-12-15 07:59:43.848 18 DEBUG neutron.wsgi [-] (18) accepted ('192.168.122.100', 56322) server /usr/lib/python3.9/site-packages/eventlet/wsgi.py:992
2025-12-15 07:59:43.852 18 INFO neutron.wsgi [-] 192.168.122.100 "GET / HTTP/1.1" status: 200 len: 233 time: 0.0027626
2025-12-15 08:00:14.947 18 DEBUG neutron.wsgi [-] (18) accepted ('192.168.122.100', 37814) server /usr/lib/python3.9/site-packages/eventlet/wsgi.py:992
2025-12-15 08:00:14.950 18 INFO neutron.wsgi [-] 192.168.122.100 "GET / HTTP/1.1" status: 200 len: 233 time: 0.0021701
2025-12-15 08:00:45.897 16 DEBUG neutron.wsgi [-] (16) accepted ('192.168.122.100', 41764) server /usr/lib/python3.9/site-packages/eventlet/wsgi.py:992
2025-12-15 08:00:45.900 16 INFO neutron.wsgi [-] 192.168.122.100 "GET / HTTP/1.1" status: 200 len: 233 time: 0.0023482
2025-12-15 08:01:16.647 16 DEBUG neutron.wsgi [-] (16) accepted ('192.168.122.100', 53744) server /usr/lib/python3.9/site-packages/eventlet/wsgi.py:992
2025-12-15 08:01:16.649 16 INFO neutron.wsgi [-] 192.168.122.100 "GET / HTTP/1.1" status: 200 len: 233 time: 0.0014694
2025-12-15 08:01:47.682 16 DEBUG neutron.wsgi [-] (16) accepted ('192.168.122.100', 44024) server /usr/lib/python3.9/site-packages/eventlet/wsgi.py:992
2025-12-15 08:01:47.684 16 INFO neutron.wsgi [-] 192.168.122.100 "GET / HTTP/1.1" status: 200 len: 233 time: 0.0016668
2025-12-15 08:02:18.823 16 DEBUG neutron.wsgi [-] (16) accepted ('192.168.122.100', 48658) server /usr/lib/python3.9/site-packages/eventlet/wsgi.py:992
2025-12-15 08:02:18.825 16 INFO neutron.wsgi [-] 192.168.122.100 "GET / HTTP/1.1" status: 200 len: 233 time: 0.0012255
2025-12-15 08:02:49.837 16 DEBUG neutron.wsgi [-] (16) accepted ('192.168.122.100', 38586) server /usr/lib/python3.9/site-packages/eventlet/wsgi.py:992
2025-12-15 08:02:49.839 16 INFO neutron.wsgi [-] 192.168.122.100 "GET / HTTP/1.1" status: 200 len: 233 time: 0.0013871
2025-12-15 08:03:09.679 20 DEBUG neutron_lib.callbacks.manager [req-29c6fc4d-e73f-4dbe-8013-f33a4fbc2c2b - - - - -] Notify callbacks ['neutron.services.segments.db._update_segment_host_mapping_for_agent-8755571197934', 'neutron.plugins.ml2.plugin.Ml2Plugin._retry_binding_revived_agents-659701'] for agent, after_update _notify_loop /usr/lib/python3.9/site-packages/neutron_lib/callbacks/manager.py:200
2025-12-15 08:03:10.043 19 DEBUG neutron_lib.callbacks.manager [req-9e7e88ca-ba65-4782-94ee-7128fc8bfe3c - - - - -] Notify callbacks ['neutron.services.segments.db._update_segment_host_mapping_for_agent-8755571197934', 'neutron.plugins.ml2.plugin.Ml2Plugin._retry_binding_revived_agents-659701'] for agent, after_update _notify_loop /usr/lib/python3.9/site-packages/neutron_lib/callbacks/manager.py:200
2025-12-15 08:03:15.879 22 DEBUG neutron_lib.callbacks.manager [req-ef8fa158-c8c5-48c2-9a70-0a6a49715f49 - - - - -] Notify callbacks ['neutron.services.segments.db._update_segment_host_mapping_for_agent-8755571197934', 'neutron.plugins.ml2.plugin.Ml2Plugin._retry_binding_revived_agents-659701'] for agent, after_update _notify_loop /usr/lib/python3.9/site-packages/neutron_lib/callbacks/manager.py:200
2025-12-15 08:03:20.873 16 DEBUG neutron.wsgi [-] (16) accepted ('192.168.122.100', 60192) server /usr/lib/python3.9/site-packages/eventlet/wsgi.py:992
2025-12-15 08:03:20.875 16 INFO neutron.wsgi [-] 192.168.122.100 "GET / HTTP/1.1" status: 200 len: 233 time: 0.0012648
2025-12-15 08:03:44.280 24 DEBUG neutron.db.agents_db [req-08a19860-b169-4ed5-a067-6a2077e37da5 - - - - -] Agent healthcheck: found 3 active agents agent_health_check /usr/lib/python3.9/site-packages/neutron/db/agents_db.py:328
2025-12-15 08:03:51.800 18 DEBUG neutron.wsgi [-] (18) accepted ('192.168.122.100', 47012) server /usr/lib/python3.9/site-packages/eventlet/wsgi.py:992
2025-12-15 08:03:51.803 18 INFO neutron.wsgi [-] 192.168.122.100 "GET / HTTP/1.1" status: 200 len: 233 time: 0.0016215
2025-12-15 08:04:22.641 15 DEBUG neutron.wsgi [-] (15) accepted ('192.168.122.100', 59444) server /usr/lib/python3.9/site-packages/eventlet/wsgi.py:992
2025-12-15 08:04:22.644 15 INFO neutron.wsgi [-] 192.168.122.100 "GET / HTTP/1.1" status: 200 len: 233 time: 0.0018487
2025-12-15 08:04:54.041 18 DEBUG neutron.wsgi [-] (18) accepted ('192.168.122.100', 39196) server /usr/lib/python3.9/site-packages/eventlet/wsgi.py:992
2025-12-15 08:04:54.043 18 INFO neutron.wsgi [-] 192.168.122.100 "GET / HTTP/1.1" status: 200 len: 233 time: 0.0014737
2025-12-15 08:05:24.624 15 DEBUG neutron.wsgi [-] (15) accepted ('192.168.122.100', 33572) server /usr/lib/python3.9/site-packages/eventlet/wsgi.py:992
2025-12-15 08:05:24.626 15 INFO neutron.wsgi [-] 192.168.122.100 "GET / HTTP/1.1" status: 200 len: 233 time: 0.0015042
2025-12-15 08:05:55.860 18 DEBUG neutron.wsgi [-] (18) accepted ('192.168.122.100', 59390) server /usr/lib/python3.9/site-packages/eventlet/wsgi.py:992
2025-12-15 08:05:55.862 18 INFO neutron.wsgi [-] 192.168.122.100 "GET / HTTP/1.1" status: 200 len: 233 time: 0.0015154
2025-12-15 08:06:26.890 17 DEBUG neutron.wsgi [-] (17) accepted ('192.168.122.100', 50888) server /usr/lib/python3.9/site-packages/eventlet/wsgi.py:992
2025-12-15 08:06:26.892 17 INFO neutron.wsgi [-] 192.168.122.100 "GET / HTTP/1.1" status: 200 len: 233 time: 0.0012395
2025-12-15 08:06:58.510 18 DEBUG neutron.wsgi [-] (18) accepted ('192.168.122.100', 58462) server /usr/lib/python3.9/site-packages/eventlet/wsgi.py:992
2025-12-15 08:06:58.512 18 INFO neutron.wsgi [-] 192.168.122.100 "GET / HTTP/1.1" status: 200 len: 233 time: 0.0011423
2025-12-15 08:07:29.646 18 DEBUG neutron.wsgi [-] (18) accepted ('192.168.122.100', 60738) server /usr/lib/python3.9/site-packages/eventlet/wsgi.py:992
2025-12-15 08:07:29.649 18 INFO neutron.wsgi [-] 192.168.122.100 "GET / HTTP/1.1" status: 200 len: 233 time: 0.0019548
2025-12-15 08:08:00.723 15 DEBUG neutron.wsgi [-] (15) accepted ('192.168.122.100', 58892) server /usr/lib/python3.9/site-packages/eventlet/wsgi.py:992
2025-12-15 08:08:00.726 15 INFO neutron.wsgi [-] 192.168.122.100 "GET / HTTP/1.1" status: 200 len: 233 time: 0.0018287
2025-12-15 08:08:09.681 21 DEBUG neutron_lib.callbacks.manager [req-aa128c9d-5d15-4ef2-95ca-1db07ec3e559 - - - - -] Notify callbacks ['neutron.services.segments.db._update_segment_host_mapping_for_agent-8755571197934', 'neutron.plugins.ml2.plugin.Ml2Plugin._retry_binding_revived_agents-659701'] for agent, after_update _notify_loop /usr/lib/python3.9/site-packages/neutron_lib/callbacks/manager.py:200
2025-12-15 08:08:10.044 23 DEBUG neutron_lib.callbacks.manager [req-a1eb607a-ed43-4cfe-90e8-e128441ceab0 - - - - -] Notify callbacks ['neutron.services.segments.db._update_segment_host_mapping_for_agent-8755571197934', 'neutron.plugins.ml2.plugin.Ml2Plugin._retry_binding_revived_agents-659701'] for agent, after_update _notify_loop /usr/lib/python3.9/site-packages/neutron_lib/callbacks/manager.py:200
2025-12-15 08:08:15.884 20 DEBUG neutron_lib.callbacks.manager [req-ef8fa158-c8c5-48c2-9a70-0a6a49715f49 - - - - -] Notify callbacks ['neutron.services.segments.db._update_segment_host_mapping_for_agent-8755571197934', 'neutron.plugins.ml2.plugin.Ml2Plugin._retry_binding_revived_agents-659701'] for agent, after_update _notify_loop /usr/lib/python3.9/site-packages/neutron_lib/callbacks/manager.py:200
2025-12-15 08:08:31.663 16 DEBUG neutron.wsgi [-] (16) accepted ('192.168.122.100', 59678) server /usr/lib/python3.9/site-packages/eventlet/wsgi.py:992
2025-12-15 08:08:31.665 16 INFO neutron.wsgi [-] 192.168.122.100 "GET / HTTP/1.1" status: 200 len: 233 time: 0.0012951
2025-12-15 08:08:44.279 24 DEBUG neutron.db.agents_db [req-08a19860-b169-4ed5-a067-6a2077e37da5 - - - - -] Agent healthcheck: found 3 active agents agent_health_check /usr/lib/python3.9/site-packages/neutron/db/agents_db.py:328
2025-12-15 08:09:02.783 16 DEBUG neutron.wsgi [-] (16) accepted ('192.168.122.100', 37296) server /usr/lib/python3.9/site-packages/eventlet/wsgi.py:992
2025-12-15 08:09:02.785 16 INFO neutron.wsgi [-] 192.168.122.100 "GET / HTTP/1.1" status: 200 len: 233 time: 0.0011232
2025-12-15 08:09:33.675 17 DEBUG neutron.wsgi [-] (17) accepted ('192.168.122.100', 53534) server /usr/lib/python3.9/site-packages/eventlet/wsgi.py:992
2025-12-15 08:09:33.677 17 INFO neutron.wsgi [-] 192.168.122.100 "GET / HTTP/1.1" status: 200 len: 233 time: 0.0015523
2025-12-15 08:10:04.337 17 DEBUG neutron.wsgi [-] (17) accepted ('192.168.122.100', 35468) server /usr/lib/python3.9/site-packages/eventlet/wsgi.py:992
2025-12-15 08:10:04.339 17 INFO neutron.wsgi [-] 192.168.122.100 "GET / HTTP/1.1" status: 200 len: 233 time: 0.0016422
2025-12-15 08:10:34.848 18 DEBUG neutron.wsgi [-] (18) accepted ('192.168.122.100', 34180) server /usr/lib/python3.9/site-packages/eventlet/wsgi.py:992
2025-12-15 08:10:34.850 18 INFO neutron.wsgi [-] 192.168.122.100 "GET / HTTP/1.1" status: 200 len: 233 time: 0.0011520
2025-12-15 08:11:05.629 18 DEBUG neutron.wsgi [-] (18) accepted ('192.168.122.100', 50388) server /usr/lib/python3.9/site-packages/eventlet/wsgi.py:992
2025-12-15 08:11:05.631 18 INFO neutron.wsgi [-] 192.168.122.100 "GET / HTTP/1.1" status: 200 len: 233 time: 0.0012734
2025-12-15 08:11:36.775 18 DEBUG neutron.wsgi [-] (18) accepted ('192.168.122.100', 47762) server /usr/lib/python3.9/site-packages/eventlet/wsgi.py:992
2025-12-15 08:11:36.778 18 INFO neutron.wsgi [-] 192.168.122.100 "GET / HTTP/1.1" status: 200 len: 233 time: 0.0021205
2025-12-15 08:12:07.760 16 DEBUG neutron.wsgi [-] (16) accepted ('192.168.122.100', 51482) server /usr/lib/python3.9/site-packages/eventlet/wsgi.py:992
2025-12-15 08:12:07.766 16 INFO neutron.wsgi [-] 192.168.122.100 "GET / HTTP/1.1" status: 200 len: 233 time: 0.0049787
2025-12-15 08:12:38.872 16 DEBUG neutron.wsgi [-] (16) accepted ('192.168.122.100', 59368) server /usr/lib/python3.9/site-packages/eventlet/wsgi.py:992
2025-12-15 08:12:38.875 16 INFO neutron.wsgi [-] 192.168.122.100 "GET / HTTP/1.1" status: 200 len: 233 time: 0.0015402
2025-12-15 08:13:09.637 17 DEBUG neutron.wsgi [-] (17) accepted ('192.168.122.100', 50028) server /usr/lib/python3.9/site-packages/eventlet/wsgi.py:992
2025-12-15 08:13:09.642 17 INFO neutron.wsgi [-] 192.168.122.100 "GET / HTTP/1.1" status: 200 len: 233 time: 0.0041349
2025-12-15 08:13:09.684 19 DEBUG neutron_lib.callbacks.manager [req-90a8d5dc-d0b6-4774-af70-60c723ab3b2a - - - - -] Notify callbacks ['neutron.services.segments.db._update_segment_host_mapping_for_agent-8755571197934', 'neutron.plugins.ml2.plugin.Ml2Plugin._retry_binding_revived_agents-659701'] for agent, after_update _notify_loop /usr/lib/python3.9/site-packages/neutron_lib/callbacks/manager.py:200
2025-12-15 08:13:10.039 22 DEBUG neutron_lib.callbacks.manager [req-f798abb4-18a9-45fe-bd5b-6bc9391a27d1 - - - - -] Notify callbacks ['neutron.services.segments.db._update_segment_host_mapping_for_agent-8755571197934', 'neutron.plugins.ml2.plugin.Ml2Plugin._retry_binding_revived_agents-659701'] for agent, after_update _notify_loop /usr/lib/python3.9/site-packages/neutron_lib/callbacks/manager.py:200
2025-12-15 08:13:15.904 21 DEBUG neutron_lib.callbacks.manager [req-ef8fa158-c8c5-48c2-9a70-0a6a49715f49 - - - - -] Notify callbacks ['neutron.services.segments.db._update_segment_host_mapping_for_agent-8755571197934', 'neutron.plugins.ml2.plugin.Ml2Plugin._retry_binding_revived_agents-659701'] for agent, after_update _notify_loop /usr/lib/python3.9/site-packages/neutron_lib/callbacks/manager.py:200
2025-12-15 08:13:40.177 16 DEBUG neutron.wsgi [-] (16) accepted ('192.168.122.100', 55536) server /usr/lib/python3.9/site-packages/eventlet/wsgi.py:992
2025-12-15 08:13:40.180 16 INFO neutron.wsgi [-] 192.168.122.100 "GET / HTTP/1.1" status: 200 len: 233 time: 0.0025098
2025-12-15 08:13:44.278 24 DEBUG neutron.db.agents_db [req-08a19860-b169-4ed5-a067-6a2077e37da5 - - - - -] Agent healthcheck: found 3 active agents agent_health_check /usr/lib/python3.9/site-packages/neutron/db/agents_db.py:328
2025-12-15 08:14:10.878 18 DEBUG neutron.wsgi [-] (18) accepted ('192.168.122.100', 57586) server /usr/lib/python3.9/site-packages/eventlet/wsgi.py:992
2025-12-15 08:14:10.882 18 INFO neutron.wsgi [-] 192.168.122.100 "GET / HTTP/1.1" status: 200 len: 233 time: 0.0023689
2025-12-15 08:14:41.370 16 DEBUG neutron.wsgi [-] (16) accepted ('192.168.122.100', 43536) server /usr/lib/python3.9/site-packages/eventlet/wsgi.py:992
2025-12-15 08:14:41.372 16 INFO neutron.wsgi [-] 192.168.122.100 "GET / HTTP/1.1" status: 200 len: 233 time: 0.0014184
2025-12-15 08:15:11.641 17 DEBUG neutron.wsgi [-] (17) accepted ('192.168.122.100', 40172) server /usr/lib/python3.9/site-packages/eventlet/wsgi.py:992
2025-12-15 08:15:11.644 17 INFO neutron.wsgi [-] 192.168.122.100 "GET / HTTP/1.1" status: 200 len: 233 time: 0.0023489
2025-12-15 08:15:42.812 15 DEBUG neutron.wsgi [-] (15) accepted ('192.168.122.100', 56360) server /usr/lib/python3.9/site-packages/eventlet/wsgi.py:992
2025-12-15 08:15:42.814 15 INFO neutron.wsgi [-] 192.168.122.100 "GET / HTTP/1.1" status: 200 len: 233 time: 0.0011611
2025-12-15 08:16:13.849 17 DEBUG neutron.wsgi [-] (17) accepted ('192.168.122.100', 47770) server /usr/lib/python3.9/site-packages/eventlet/wsgi.py:992
2025-12-15 08:16:13.852 17 INFO neutron.wsgi [-] 192.168.122.100 "GET / HTTP/1.1" status: 200 len: 233 time: 0.0015171
2025-12-15 08:16:44.920 15 DEBUG neutron.wsgi [-] (15) accepted ('192.168.122.100', 45172) server /usr/lib/python3.9/site-packages/eventlet/wsgi.py:992
2025-12-15 08:16:44.922 15 INFO neutron.wsgi [-] 192.168.122.100 "GET / HTTP/1.1" status: 200 len: 233 time: 0.0011754
2025-12-15 08:17:15.567 17 DEBUG neutron.wsgi [-] (17) accepted ('192.168.122.100', 48568) server /usr/lib/python3.9/site-packages/eventlet/wsgi.py:992
2025-12-15 08:17:15.570 17 INFO neutron.wsgi [-] 192.168.122.100 "GET / HTTP/1.1" status: 200 len: 233 time: 0.0021574
2025-12-15 08:17:45.851 18 DEBUG neutron.wsgi [-] (18) accepted ('192.168.122.100', 38134) server /usr/lib/python3.9/site-packages/eventlet/wsgi.py:992
2025-12-15 08:17:45.852 18 INFO neutron.wsgi [-] 192.168.122.100 "GET / HTTP/1.1" status: 200 len: 233 time: 0.0010924
2025-12-15 08:18:09.685 23 DEBUG neutron_lib.callbacks.manager [req-39af4122-b7ab-412e-b80e-1c995ed5629e - - - - -] Notify callbacks ['neutron.services.segments.db._update_segment_host_mapping_for_agent-8755571197934', 'neutron.plugins.ml2.plugin.Ml2Plugin._retry_binding_revived_agents-659701'] for agent, after_update _notify_loop /usr/lib/python3.9/site-packages/neutron_lib/callbacks/manager.py:200
2025-12-15 08:18:10.041 20 DEBUG neutron_lib.callbacks.manager [req-ff9ac046-76ac-4d41-b3c4-4b3d2065da45 - - - - -] Notify callbacks ['neutron.services.segments.db._update_segment_host_mapping_for_agent-8755571197934', 'neutron.plugins.ml2.plugin.Ml2Plugin._retry_binding_revived_agents-659701'] for agent, after_update _notify_loop /usr/lib/python3.9/site-packages/neutron_lib/callbacks/manager.py:200
2025-12-15 08:18:15.882 19 DEBUG neutron_lib.callbacks.manager [req-ef8fa158-c8c5-48c2-9a70-0a6a49715f49 - - - - -] Notify callbacks ['neutron.services.segments.db._update_segment_host_mapping_for_agent-8755571197934', 'neutron.plugins.ml2.plugin.Ml2Plugin._retry_binding_revived_agents-659701'] for agent, after_update _notify_loop /usr/lib/python3.9/site-packages/neutron_lib/callbacks/manager.py:200
2025-12-15 08:18:16.777 18 DEBUG neutron.wsgi [-] (18) accepted ('192.168.122.100', 33952) server /usr/lib/python3.9/site-packages/eventlet/wsgi.py:992
2025-12-15 08:18:16.778 18 INFO neutron.wsgi [-] 192.168.122.100 "GET / HTTP/1.1" status: 200 len: 233 time: 0.0011277
2025-12-15 08:18:44.283 24 DEBUG neutron.db.agents_db [req-08a19860-b169-4ed5-a067-6a2077e37da5 - - - - -] Agent healthcheck: found 3 active agents agent_health_check /usr/lib/python3.9/site-packages/neutron/db/agents_db.py:328
2025-12-15 08:18:47.653 18 DEBUG neutron.wsgi [-] (18) accepted ('192.168.122.100', 34186) server /usr/lib/python3.9/site-packages/eventlet/wsgi.py:992
2025-12-15 08:18:47.655 18 INFO neutron.wsgi [-] 192.168.122.100 "GET / HTTP/1.1" status: 200 len: 233 time: 0.0014663
2025-12-15 08:19:19.179 16 DEBUG neutron.wsgi [-] (16) accepted ('192.168.122.100', 53998) server /usr/lib/python3.9/site-packages/eventlet/wsgi.py:992
2025-12-15 08:19:19.181 16 INFO neutron.wsgi [-] 192.168.122.100 "GET / HTTP/1.1" status: 200 len: 233 time: 0.0011919
2025-12-15 08:19:49.747 16 DEBUG neutron.wsgi [-] (16) accepted ('192.168.122.100', 56128) server /usr/lib/python3.9/site-packages/eventlet/wsgi.py:992
2025-12-15 08:19:49.750 16 INFO neutron.wsgi [-] 192.168.122.100 "GET / HTTP/1.1" status: 200 len: 233 time: 0.0015142
2025-12-15 08:20:20.692 17 DEBUG neutron.wsgi [-] (17) accepted ('192.168.122.100', 34734) server /usr/lib/python3.9/site-packages/eventlet/wsgi.py:992
2025-12-15 08:20:20.694 17 INFO neutron.wsgi [-] 192.168.122.100 "GET / HTTP/1.1" status: 200 len: 233 time: 0.0015116
2025-12-15 08:20:51.855 17 DEBUG neutron.wsgi [-] (17) accepted ('192.168.122.100', 50516) server /usr/lib/python3.9/site-packages/eventlet/wsgi.py:992
2025-12-15 08:20:51.858 17 INFO neutron.wsgi [-] 192.168.122.100 "GET / HTTP/1.1" status: 200 len: 233 time: 0.0014825
2025-12-15 08:21:22.715 18 DEBUG neutron.wsgi [-] (18) accepted ('192.168.122.100', 51546) server /usr/lib/python3.9/site-packages/eventlet/wsgi.py:992
2025-12-15 08:21:22.720 18 INFO neutron.wsgi [-] 192.168.122.100 "GET / HTTP/1.1" status: 200 len: 233 time: 0.0037665
2025-12-15 08:21:54.211 16 DEBUG neutron.wsgi [-] (16) accepted ('192.168.122.100', 55278) server /usr/lib/python3.9/site-packages/eventlet/wsgi.py:992
2025-12-15 08:21:54.216 16 INFO neutron.wsgi [-] 192.168.122.100 "GET / HTTP/1.1" status: 200 len: 233 time: 0.0031312
2025-12-15 08:22:24.705 15 DEBUG neutron.wsgi [-] (15) accepted ('192.168.122.100', 48612) server /usr/lib/python3.9/site-packages/eventlet/wsgi.py:992
2025-12-15 08:22:24.707 15 INFO neutron.wsgi [-] 192.168.122.100 "GET / HTTP/1.1" status: 200 len: 233 time: 0.0010989
2025-12-15 08:22:55.706 18 DEBUG neutron.wsgi [-] (18) accepted ('192.168.122.100', 53054) server /usr/lib/python3.9/site-packages/eventlet/wsgi.py:992
2025-12-15 08:22:55.708 18 INFO neutron.wsgi [-] 192.168.122.100 "GET / HTTP/1.1" status: 200 len: 233 time: 0.0013406
2025-12-15 08:23:09.688 22 DEBUG neutron_lib.callbacks.manager [req-04f95688-a942-478e-80ed-2a89605b8b81 - - - - -] Notify callbacks ['neutron.services.segments.db._update_segment_host_mapping_for_agent-8755571197934', 'neutron.plugins.ml2.plugin.Ml2Plugin._retry_binding_revived_agents-659701'] for agent, after_update _notify_loop /usr/lib/python3.9/site-packages/neutron_lib/callbacks/manager.py:200
2025-12-15 08:23:10.052 21 DEBUG neutron_lib.callbacks.manager [req-eca94f6c-828b-4598-a64a-e87cf3a73b2b - - - - -] Notify callbacks ['neutron.services.segments.db._update_segment_host_mapping_for_agent-8755571197934', 'neutron.plugins.ml2.plugin.Ml2Plugin._retry_binding_revived_agents-659701'] for agent, after_update _notify_loop /usr/lib/python3.9/site-packages/neutron_lib/callbacks/manager.py:200
2025-12-15 08:23:15.901 23 DEBUG neutron_lib.callbacks.manager [req-ef8fa158-c8c5-48c2-9a70-0a6a49715f49 - - - - -] Notify callbacks ['neutron.services.segments.db._update_segment_host_mapping_for_agent-8755571197934', 'neutron.plugins.ml2.plugin.Ml2Plugin._retry_binding_revived_agents-659701'] for agent, after_update _notify_loop /usr/lib/python3.9/site-packages/neutron_lib/callbacks/manager.py:200
2025-12-15 08:23:26.649 16 DEBUG neutron.wsgi [-] (16) accepted ('192.168.122.100', 41130) server /usr/lib/python3.9/site-packages/eventlet/wsgi.py:992
2025-12-15 08:23:26.651 16 INFO neutron.wsgi [-] 192.168.122.100 "GET / HTTP/1.1" status: 200 len: 233 time: 0.0011258
2025-12-15 08:23:44.285 24 DEBUG neutron.db.agents_db [req-08a19860-b169-4ed5-a067-6a2077e37da5 - - - - -] Agent healthcheck: found 3 active agents agent_health_check /usr/lib/python3.9/site-packages/neutron/db/agents_db.py:328
2025-12-15 08:23:58.260 16 DEBUG neutron.wsgi [-] (16) accepted ('192.168.122.100', 49222) server /usr/lib/python3.9/site-packages/eventlet/wsgi.py:992
2025-12-15 08:23:58.262 16 INFO neutron.wsgi [-] 192.168.122.100 "GET / HTTP/1.1" status: 200 len: 233 time: 0.0011334
2025-12-15 08:24:29.163 17 DEBUG neutron.wsgi [-] (17) accepted ('192.168.122.100', 43454) server /usr/lib/python3.9/site-packages/eventlet/wsgi.py:992
2025-12-15 08:24:29.167 17 INFO neutron.wsgi [-] 192.168.122.100 "GET / HTTP/1.1" status: 200 len: 233 time: 0.0026488
2025-12-15 08:24:59.751 16 DEBUG neutron.wsgi [-] (16) accepted ('192.168.122.100', 36262) server /usr/lib/python3.9/site-packages/eventlet/wsgi.py:992
2025-12-15 08:24:59.754 16 INFO neutron.wsgi [-] 192.168.122.100 "GET / HTTP/1.1" status: 200 len: 233 time: 0.0015900
2025-12-15 08:25:30.878 16 DEBUG neutron.wsgi [-] (16) accepted ('192.168.122.100', 55234) server /usr/lib/python3.9/site-packages/eventlet/wsgi.py:992
2025-12-15 08:25:30.880 16 INFO neutron.wsgi [-] 192.168.122.100 "GET / HTTP/1.1" status: 200 len: 233 time: 0.0010765
2025-12-15 08:26:01.789 16 DEBUG neutron.wsgi [-] (16) accepted ('192.168.122.100', 33238) server /usr/lib/python3.9/site-packages/eventlet/wsgi.py:992
2025-12-15 08:26:01.791 16 INFO neutron.wsgi [-] 192.168.122.100 "GET / HTTP/1.1" status: 200 len: 233 time: 0.0012317
2025-12-15 08:26:32.987 16 DEBUG neutron.wsgi [-] (16) accepted ('192.168.122.100', 39516) server /usr/lib/python3.9/site-packages/eventlet/wsgi.py:992
2025-12-15 08:26:32.990 16 INFO neutron.wsgi [-] 192.168.122.100 "GET / HTTP/1.1" status: 200 len: 233 time: 0.0010767
2025-12-15 08:27:03.622 15 DEBUG neutron.wsgi [-] (15) accepted ('192.168.122.100', 57442) server /usr/lib/python3.9/site-packages/eventlet/wsgi.py:992
2025-12-15 08:27:03.624 15 INFO neutron.wsgi [-] 192.168.122.100 "GET / HTTP/1.1" status: 200 len: 233 time: 0.0013945
2025-12-15 08:27:34.882 18 DEBUG neutron.wsgi [-] (18) accepted ('192.168.122.100', 44048) server /usr/lib/python3.9/site-packages/eventlet/wsgi.py:992
