Dec 15 08:31:30 np0005559461 object-server[122828]: 172.20.0.105 - - [15/Dec/2025:08:31:30 +0000] "PUT /d1/862/AUTH_2f96e5f995e6442f94f881dabbe4dbf7/gnocchi.031e09e8-8710-4c61-8dd6-357e8411ed0d/none_v3" 201 - "PUT http://172.18.0.159:8080/v1/AUTH_2f96e5f995e6442f94f881dabbe4dbf7/gnocchi.031e09e8-8710-4c61-8dd6-357e8411ed0d/none_v3" "txab33a7c1ad6d48a99f4f4-00693fc762" "proxy-server 20" 0.0107 "-" 19 0
Dec 15 08:31:30 np0005559461 proxy-server[124071]: 172.18.0.103 172.18.0.104 15/Dec/2025/08/31/30 PUT /v1/AUTH_2f96e5f995e6442f94f881dabbe4dbf7/gnocchi.031e09e8-8710-4c61-8dd6-357e8411ed0d/none_v3 HTTP/1.0 201 - python-swiftclient-3.11.1 gAAAAABpP8cB_H8j... 22 - - txab33a7c1ad6d48a99f4f4-00693fc762 - 0.0191 - - 1765787490.925506592 1765787490.944598675 0
Dec 15 08:31:30 np0005559461 container-server[122292]: 172.20.0.105 - - [15/Dec/2025:08:31:30 +0000] "PUT /d1/412/AUTH_2f96e5f995e6442f94f881dabbe4dbf7/gnocchi.02838bed-d538-42aa-b7bd-83dbf0314c10/none_v3" 201 - "PUT http://172.18.0.159:8080/d1/1004/AUTH_2f96e5f995e6442f94f881dabbe4dbf7/gnocchi.02838bed-d538-42aa-b7bd-83dbf0314c10/none_v3" "tx7f73467f469245ac95b85-00693fc762" "object-server 23" 0.0006 "-" 23 0
Dec 15 08:31:30 np0005559461 object-server[122856]: 172.20.0.103 - - [15/Dec/2025:08:31:30 +0000] "PUT /d1/1004/AUTH_2f96e5f995e6442f94f881dabbe4dbf7/gnocchi.02838bed-d538-42aa-b7bd-83dbf0314c10/none_v3" 201 - "PUT http://172.18.0.159:8080/v1/AUTH_2f96e5f995e6442f94f881dabbe4dbf7/gnocchi.02838bed-d538-42aa-b7bd-83dbf0314c10/none_v3" "tx7f73467f469245ac95b85-00693fc762" "proxy-server 20" 0.0119 "-" 23 0
Dec 15 08:31:30 np0005559461 account-server[121840]: 172.20.0.104 - - [15/Dec/2025:08:31:30 +0000] "PUT /d1/500/AUTH_2f96e5f995e6442f94f881dabbe4dbf7/gnocchi.17fccf1f-2bf0-4420-9d93-34b7e30c033d" 201 - "PUT http://172.20.0.104:6001/d1/835/AUTH_2f96e5f995e6442f94f881dabbe4dbf7/gnocchi.17fccf1f-2bf0-4420-9d93-34b7e30c033d" "txb38675a30c2b4549843ad-00693fc762" "container-server 21" 0.0042 "-" 21 0
Dec 15 08:31:30 np0005559461 container-server[122285]: 172.20.0.104 - - [15/Dec/2025:08:31:30 +0000] "PUT /d1/835/AUTH_2f96e5f995e6442f94f881dabbe4dbf7/gnocchi.17fccf1f-2bf0-4420-9d93-34b7e30c033d" 201 - "PUT http://172.18.0.159:8080/v1/AUTH_2f96e5f995e6442f94f881dabbe4dbf7/gnocchi.17fccf1f-2bf0-4420-9d93-34b7e30c033d" "txb38675a30c2b4549843ad-00693fc762" "proxy-server 20" 0.0187 "-" 21 0
Dec 15 08:31:30 np0005559461 container-server[122292]: 172.20.0.105 - - [15/Dec/2025:08:31:30 +0000] "HEAD /d1/210/AUTH_2f96e5f995e6442f94f881dabbe4dbf7/gnocchi.44058b93-1b81-433c-afb0-7b9ffd7cc5c7" 404 - "HEAD http://172.18.0.159:8080/v1/AUTH_2f96e5f995e6442f94f881dabbe4dbf7/gnocchi.44058b93-1b81-433c-afb0-7b9ffd7cc5c7?format=json&states=listing" "txdf281028613e4e07b6156-00693fc762" "proxy-server 20" 0.0003 "-" 23 0
Dec 15 08:31:30 np0005559461 object-server[122868]: 172.20.0.105 - - [15/Dec/2025:08:31:30 +0000] "GET /d1/570/AUTH_2f96e5f995e6442f94f881dabbe4dbf7/gnocchi.44058b93-1b81-433c-afb0-7b9ffd7cc5c7/none_v3" 404 70 "GET http://172.18.0.159:8080/v1/AUTH_2f96e5f995e6442f94f881dabbe4dbf7/gnocchi.44058b93-1b81-433c-afb0-7b9ffd7cc5c7/none_v3" "txdf281028613e4e07b6156-00693fc762" "proxy-server 20" 0.0004 "-" 25 0
Dec 15 08:31:30 np0005559461 proxy-server[124071]: 172.18.0.103 172.18.0.104 15/Dec/2025/08/31/30 GET /v1/AUTH_2f96e5f995e6442f94f881dabbe4dbf7/gnocchi.44058b93-1b81-433c-afb0-7b9ffd7cc5c7/none_v3 HTTP/1.0 404 - python-swiftclient-3.11.1 gAAAAABpP8cB_H8j... - 70 - txdf281028613e4e07b6156-00693fc762 - 0.0255 - - 1765787490.967491150 1765787490.993010759 0
Dec 15 08:31:30 np0005559461 container-server[122285]: 172.20.0.103 - - [15/Dec/2025:08:31:30 +0000] "GET /d1/835/AUTH_2f96e5f995e6442f94f881dabbe4dbf7/gnocchi.17fccf1f-2bf0-4420-9d93-34b7e30c033d" 200 2 "GET http://172.18.0.159:8080/v1/AUTH_2f96e5f995e6442f94f881dabbe4dbf7/gnocchi.17fccf1f-2bf0-4420-9d93-34b7e30c033d?format=json&states=listing" "txcb1fb170117a48f39b9b5-00693fc762" "proxy-server 20" 0.0043 "-" 21 0
Dec 15 08:31:31 np0005559461 container-server[122292]: 172.20.0.104 - - [15/Dec/2025:08:31:31 +0000] "HEAD /d1/415/AUTH_2f96e5f995e6442f94f881dabbe4dbf7/gnocchi.5435b1c7-2c9b-45fb-97c2-3cc129347a44" 404 - "HEAD http://172.18.0.159:8080/v1/AUTH_2f96e5f995e6442f94f881dabbe4dbf7/gnocchi.5435b1c7-2c9b-45fb-97c2-3cc129347a44?format=json&states=listing" "tx48e51d3abada4321876f7-00693fc762" "proxy-server 20" 0.0004 "-" 23 0
Dec 15 08:31:31 np0005559461 object-server[122828]: 172.20.0.104 - - [15/Dec/2025:08:31:31 +0000] "GET /d1/443/AUTH_2f96e5f995e6442f94f881dabbe4dbf7/gnocchi.5435b1c7-2c9b-45fb-97c2-3cc129347a44/none_v3" 404 70 "GET http://172.18.0.159:8080/v1/AUTH_2f96e5f995e6442f94f881dabbe4dbf7/gnocchi.5435b1c7-2c9b-45fb-97c2-3cc129347a44/none_v3" "tx48e51d3abada4321876f7-00693fc762" "proxy-server 20" 0.0004 "-" 19 0
Dec 15 08:31:31 np0005559461 object-server[122828]: 172.20.0.103 - - [15/Dec/2025:08:31:31 +0000] "GET /d1/789/AUTH_2f96e5f995e6442f94f881dabbe4dbf7/gnocchi.17fccf1f-2bf0-4420-9d93-34b7e30c033d/1764720000.0_mean_300.0_v3" 404 70 "GET http://172.18.0.159:8080/v1/AUTH_2f96e5f995e6442f94f881dabbe4dbf7/gnocchi.17fccf1f-2bf0-4420-9d93-34b7e30c033d/1764720000.0_mean_300.0_v3" "txfcf24c9d9f224f809d35e-00693fc763" "proxy-server 20" 0.0002 "-" 19 0
Dec 15 08:31:31 np0005559461 container-server[122289]: 172.20.0.105 - - [15/Dec/2025:08:31:31 +0000] "PUT /d1/210/AUTH_2f96e5f995e6442f94f881dabbe4dbf7/gnocchi.44058b93-1b81-433c-afb0-7b9ffd7cc5c7" 201 - "PUT http://172.18.0.159:8080/v1/AUTH_2f96e5f995e6442f94f881dabbe4dbf7/gnocchi.44058b93-1b81-433c-afb0-7b9ffd7cc5c7" "txc1f2088d790342f1953d8-00693fc762" "proxy-server 20" 0.0188 "-" 22 0
Dec 15 08:31:31 np0005559461 account-server[121840]: 172.20.0.104 - - [15/Dec/2025:08:31:31 +0000] "PUT /d1/500/AUTH_2f96e5f995e6442f94f881dabbe4dbf7/gnocchi.44058b93-1b81-433c-afb0-7b9ffd7cc5c7" 201 - "PUT http://172.20.0.104:6001/d1/210/AUTH_2f96e5f995e6442f94f881dabbe4dbf7/gnocchi.44058b93-1b81-433c-afb0-7b9ffd7cc5c7" "txc1f2088d790342f1953d8-00693fc762" "container-server 23" 0.0062 "-" 21 0
Dec 15 08:31:31 np0005559461 proxy-server[124071]: 172.18.0.103 172.18.0.104 15/Dec/2025/08/31/31 PUT /v1/AUTH_2f96e5f995e6442f94f881dabbe4dbf7/gnocchi.44058b93-1b81-433c-afb0-7b9ffd7cc5c7 HTTP/1.0 201 - python-swiftclient-3.11.1 gAAAAABpP8cB_H8j... - - - txc1f2088d790342f1953d8-00693fc762 - 0.0379 - - 1765787490.997562408 1765787491.035454750 0
Dec 15 08:31:31 np0005559461 container-server[122266]: 172.20.0.105 - - [15/Dec/2025:08:31:31 +0000] "PUT /d1/835/AUTH_2f96e5f995e6442f94f881dabbe4dbf7/gnocchi.17fccf1f-2bf0-4420-9d93-34b7e30c033d/1764720000.0_mean_300.0_v3" 201 - "PUT http://172.18.0.159:8080/d1/789/AUTH_2f96e5f995e6442f94f881dabbe4dbf7/gnocchi.17fccf1f-2bf0-4420-9d93-34b7e30c033d/1764720000.0_mean_300.0_v3" "tx9ce3f9b667cf4d088143d-00693fc763" "object-server 22" 0.0012 "-" 20 0
Dec 15 08:31:31 np0005559461 account-server[121840]: 172.20.0.103 - - [15/Dec/2025:08:31:31 +0000] "PUT /d1/500/AUTH_2f96e5f995e6442f94f881dabbe4dbf7/gnocchi.5435b1c7-2c9b-45fb-97c2-3cc129347a44" 201 - "PUT http://172.20.0.103:6001/d1/415/AUTH_2f96e5f995e6442f94f881dabbe4dbf7/gnocchi.5435b1c7-2c9b-45fb-97c2-3cc129347a44" "tx6d2ce88a7fd94bfd97d85-00693fc763" "container-server 21" 0.0059 "-" 21 0
Dec 15 08:31:31 np0005559461 object-server[122849]: 172.20.0.103 - - [15/Dec/2025:08:31:31 +0000] "PUT /d1/789/AUTH_2f96e5f995e6442f94f881dabbe4dbf7/gnocchi.17fccf1f-2bf0-4420-9d93-34b7e30c033d/1764720000.0_mean_300.0_v3" 201 - "PUT http://172.18.0.159:8080/v1/AUTH_2f96e5f995e6442f94f881dabbe4dbf7/gnocchi.17fccf1f-2bf0-4420-9d93-34b7e30c033d/1764720000.0_mean_300.0_v3" "tx9ce3f9b667cf4d088143d-00693fc763" "proxy-server 20" 0.0121 "-" 22 0
Dec 15 08:31:31 np0005559461 container-server[122285]: 172.20.0.105 - - [15/Dec/2025:08:31:31 +0000] "HEAD /d1/210/AUTH_2f96e5f995e6442f94f881dabbe4dbf7/gnocchi.44058b93-1b81-433c-afb0-7b9ffd7cc5c7" 204 - "HEAD http://172.18.0.159:8080/v1/AUTH_2f96e5f995e6442f94f881dabbe4dbf7/gnocchi.44058b93-1b81-433c-afb0-7b9ffd7cc5c7?format=json&states=listing" "tx4d4cbfabcf5140ffbd2bb-00693fc763" "proxy-server 20" 0.0023 "-" 21 0
Dec 15 08:31:31 np0005559461 container-server[122289]: 172.20.0.104 - - [15/Dec/2025:08:31:31 +0000] "PUT /d1/415/AUTH_2f96e5f995e6442f94f881dabbe4dbf7/gnocchi.5435b1c7-2c9b-45fb-97c2-3cc129347a44" 201 - "PUT http://172.18.0.159:8080/v1/AUTH_2f96e5f995e6442f94f881dabbe4dbf7/gnocchi.5435b1c7-2c9b-45fb-97c2-3cc129347a44" "tx6d2ce88a7fd94bfd97d85-00693fc763" "proxy-server 20" 0.0199 "-" 22 0
Dec 15 08:31:31 np0005559461 proxy-server[124071]: - - 15/Dec/2025/08/31/31 HEAD /v1/AUTH_2f96e5f995e6442f94f881dabbe4dbf7/gnocchi.44058b93-1b81-433c-afb0-7b9ffd7cc5c7%3Fformat%3Djson%26states%3Dlisting HTTP/1.0 204 - Swift - - - - tx4d4cbfabcf5140ffbd2bb-00693fc763 - 0.0082 RL - 1765787491.043763399 1765787491.051931858 0
Dec 15 08:31:31 np0005559461 proxy-server[124071]: 172.18.0.103 172.18.0.104 15/Dec/2025/08/31/31 GET /v1/AUTH_2f96e5f995e6442f94f881dabbe4dbf7/gnocchi.44058b93-1b81-433c-afb0-7b9ffd7cc5c7%3Fformat%3Djson%26states%3Dlisting HTTP/1.0 200 - python-swiftclient-3.11.1 gAAAAABpP8cB_H8j... - 2 - tx4d4cbfabcf5140ffbd2bb-00693fc763 - 0.0232 - - 1765787491.041276217 1765787491.064523458 0
Dec 15 08:31:31 np0005559461 container-server[122289]: 172.20.0.104 - - [15/Dec/2025:08:31:31 +0000] "HEAD /d1/415/AUTH_2f96e5f995e6442f94f881dabbe4dbf7/gnocchi.5435b1c7-2c9b-45fb-97c2-3cc129347a44" 204 - "HEAD http://172.18.0.159:8080/v1/AUTH_2f96e5f995e6442f94f881dabbe4dbf7/gnocchi.5435b1c7-2c9b-45fb-97c2-3cc129347a44?format=json&states=listing" "txbf62241cc9834c479cf21-00693fc763" "proxy-server 20" 0.0020 "-" 22 0
Dec 15 08:31:31 np0005559461 container-server[122285]: 172.20.0.103 - - [15/Dec/2025:08:31:31 +0000] "PUT /d1/835/AUTH_2f96e5f995e6442f94f881dabbe4dbf7/gnocchi.17fccf1f-2bf0-4420-9d93-34b7e30c033d/none_v3" 201 - "PUT http://172.18.0.159:8080/d1/870/AUTH_2f96e5f995e6442f94f881dabbe4dbf7/gnocchi.17fccf1f-2bf0-4420-9d93-34b7e30c033d/none_v3" "txd0ed1faa528f43ce88ea3-00693fc763" "object-server 24" 0.0007 "-" 21 0
Dec 15 08:31:31 np0005559461 object-server[122849]: 172.20.0.103 - - [15/Dec/2025:08:31:31 +0000] "PUT /d1/870/AUTH_2f96e5f995e6442f94f881dabbe4dbf7/gnocchi.17fccf1f-2bf0-4420-9d93-34b7e30c033d/none_v3" 201 - "PUT http://172.18.0.159:8080/v1/AUTH_2f96e5f995e6442f94f881dabbe4dbf7/gnocchi.17fccf1f-2bf0-4420-9d93-34b7e30c033d/none_v3" "txd0ed1faa528f43ce88ea3-00693fc763" "proxy-server 20" 0.0139 "-" 22 0
Dec 15 08:31:31 np0005559461 object-server[122849]: 172.20.0.105 - - [15/Dec/2025:08:31:31 +0000] "GET /d1/819/AUTH_2f96e5f995e6442f94f881dabbe4dbf7/gnocchi.44058b93-1b81-433c-afb0-7b9ffd7cc5c7/1764720000.0_mean_300.0_v3" 404 70 "GET http://172.18.0.159:8080/v1/AUTH_2f96e5f995e6442f94f881dabbe4dbf7/gnocchi.44058b93-1b81-433c-afb0-7b9ffd7cc5c7/1764720000.0_mean_300.0_v3" "tx87a46a3249e245d7ade99-00693fc763" "proxy-server 20" 0.0005 "-" 22 0
Dec 15 08:31:31 np0005559461 proxy-server[124071]: 172.18.0.103 172.18.0.104 15/Dec/2025/08/31/31 GET /v1/AUTH_2f96e5f995e6442f94f881dabbe4dbf7/gnocchi.44058b93-1b81-433c-afb0-7b9ffd7cc5c7/1764720000.0_mean_300.0_v3 HTTP/1.0 404 - python-swiftclient-3.11.1 gAAAAABpP8cB_H8j... - 70 - tx87a46a3249e245d7ade99-00693fc763 - 0.0206 - - 1765787491.071749449 1765787491.092382908 0
Dec 15 08:31:31 np0005559461 object-server[122856]: 172.20.0.103 - - [15/Dec/2025:08:31:31 +0000] "GET /d1/678/AUTH_2f96e5f995e6442f94f881dabbe4dbf7/gnocchi.5435b1c7-2c9b-45fb-97c2-3cc129347a44/1764720000.0_mean_300.0_v3" 404 70 "GET http://172.18.0.159:8080/v1/AUTH_2f96e5f995e6442f94f881dabbe4dbf7/gnocchi.5435b1c7-2c9b-45fb-97c2-3cc129347a44/1764720000.0_mean_300.0_v3" "txe48079c866df4b2eb60a2-00693fc763" "proxy-server 20" 0.0004 "-" 23 0
Dec 15 08:31:31 np0005559461 container-server[122289]: 172.20.0.104 - - [15/Dec/2025:08:31:31 +0000] "HEAD /d1/541/AUTH_2f96e5f995e6442f94f881dabbe4dbf7/gnocchi.11f89d50-b167-40c1-8548-804f0c620f7b" 404 - "HEAD http://172.18.0.159:8080/v1/AUTH_2f96e5f995e6442f94f881dabbe4dbf7/gnocchi.11f89d50-b167-40c1-8548-804f0c620f7b?format=json&states=listing" "tx032647b19e8940cd933ea-00693fc763" "proxy-server 20" 0.0012 "-" 22 0
Dec 15 08:31:31 np0005559461 object-server[122868]: 172.20.0.104 - - [15/Dec/2025:08:31:31 +0000] "GET /d1/277/AUTH_2f96e5f995e6442f94f881dabbe4dbf7/gnocchi.11f89d50-b167-40c1-8548-804f0c620f7b/none_v3" 404 70 "GET http://172.18.0.159:8080/v1/AUTH_2f96e5f995e6442f94f881dabbe4dbf7/gnocchi.11f89d50-b167-40c1-8548-804f0c620f7b/none_v3" "tx032647b19e8940cd933ea-00693fc763" "proxy-server 20" 0.0004 "-" 25 0
Dec 15 08:31:31 np0005559461 container-server[122266]: 172.20.0.103 - - [15/Dec/2025:08:31:31 +0000] "PUT /d1/210/AUTH_2f96e5f995e6442f94f881dabbe4dbf7/gnocchi.44058b93-1b81-433c-afb0-7b9ffd7cc5c7/1764720000.0_mean_300.0_v3" 201 - "PUT http://172.18.0.159:8080/d1/819/AUTH_2f96e5f995e6442f94f881dabbe4dbf7/gnocchi.44058b93-1b81-433c-afb0-7b9ffd7cc5c7/1764720000.0_mean_300.0_v3" "tx649f01aa3ef04ec9a71de-00693fc763" "object-server 25" 0.0007 "-" 20 0
Dec 15 08:31:31 np0005559461 object-server[122828]: 172.20.0.105 - - [15/Dec/2025:08:31:31 +0000] "PUT /d1/819/AUTH_2f96e5f995e6442f94f881dabbe4dbf7/gnocchi.44058b93-1b81-433c-afb0-7b9ffd7cc5c7/1764720000.0_mean_300.0_v3" 201 - "PUT http://172.18.0.159:8080/v1/AUTH_2f96e5f995e6442f94f881dabbe4dbf7/gnocchi.44058b93-1b81-433c-afb0-7b9ffd7cc5c7/1764720000.0_mean_300.0_v3" "tx649f01aa3ef04ec9a71de-00693fc763" "proxy-server 20" 0.0138 "-" 19 0
Dec 15 08:31:31 np0005559461 proxy-server[124071]: 172.18.0.103 172.18.0.104 15/Dec/2025/08/31/31 PUT /v1/AUTH_2f96e5f995e6442f94f881dabbe4dbf7/gnocchi.44058b93-1b81-433c-afb0-7b9ffd7cc5c7/1764720000.0_mean_300.0_v3 HTTP/1.0 201 - python-swiftclient-3.11.1 gAAAAABpP8cB_H8j... 16 - - tx649f01aa3ef04ec9a71de-00693fc763 - 0.0280 - - 1765787491.098268747 1765787491.126266479 0
Dec 15 08:31:31 np0005559461 container-server[122292]: 172.20.0.103 - - [15/Dec/2025:08:31:31 +0000] "PUT /d1/415/AUTH_2f96e5f995e6442f94f881dabbe4dbf7/gnocchi.5435b1c7-2c9b-45fb-97c2-3cc129347a44/1764720000.0_mean_300.0_v3" 201 - "PUT http://172.18.0.159:8080/d1/678/AUTH_2f96e5f995e6442f94f881dabbe4dbf7/gnocchi.5435b1c7-2c9b-45fb-97c2-3cc129347a44/1764720000.0_mean_300.0_v3" "txd0a74a535cb84a37985e9-00693fc763" "object-server 25" 0.0006 "-" 23 0
Dec 15 08:31:31 np0005559461 object-server[122849]: 172.20.0.103 - - [15/Dec/2025:08:31:31 +0000] "PUT /d1/678/AUTH_2f96e5f995e6442f94f881dabbe4dbf7/gnocchi.5435b1c7-2c9b-45fb-97c2-3cc129347a44/1764720000.0_mean_300.0_v3" 201 - "PUT http://172.18.0.159:8080/v1/AUTH_2f96e5f995e6442f94f881dabbe4dbf7/gnocchi.5435b1c7-2c9b-45fb-97c2-3cc129347a44/1764720000.0_mean_300.0_v3" "txd0a74a535cb84a37985e9-00693fc763" "proxy-server 20" 0.0124 "-" 22 0
Dec 15 08:31:31 np0005559461 container-server[122266]: 172.20.0.105 - - [15/Dec/2025:08:31:31 +0000] "PUT /d1/210/AUTH_2f96e5f995e6442f94f881dabbe4dbf7/gnocchi.44058b93-1b81-433c-afb0-7b9ffd7cc5c7/none_v3" 201 - "PUT http://172.18.0.159:8080/d1/570/AUTH_2f96e5f995e6442f94f881dabbe4dbf7/gnocchi.44058b93-1b81-433c-afb0-7b9ffd7cc5c7/none_v3" "tx7b99a5676a0b44c2a69d6-00693fc763" "object-server 25" 0.0009 "-" 20 0
Dec 15 08:31:31 np0005559461 object-server[122868]: 172.20.0.105 - - [15/Dec/2025:08:31:31 +0000] "PUT /d1/570/AUTH_2f96e5f995e6442f94f881dabbe4dbf7/gnocchi.44058b93-1b81-433c-afb0-7b9ffd7cc5c7/none_v3" 201 - "PUT http://172.18.0.159:8080/v1/AUTH_2f96e5f995e6442f94f881dabbe4dbf7/gnocchi.44058b93-1b81-433c-afb0-7b9ffd7cc5c7/none_v3" "tx7b99a5676a0b44c2a69d6-00693fc763" "proxy-server 20" 0.0164 "-" 25 0
Dec 15 08:31:31 np0005559461 account-server[121856]: 172.20.0.104 - - [15/Dec/2025:08:31:31 +0000] "PUT /d1/500/AUTH_2f96e5f995e6442f94f881dabbe4dbf7/gnocchi.11f89d50-b167-40c1-8548-804f0c620f7b" 201 - "PUT http://172.20.0.104:6001/d1/541/AUTH_2f96e5f995e6442f94f881dabbe4dbf7/gnocchi.11f89d50-b167-40c1-8548-804f0c620f7b" "tx69a5199cf392464080b01-00693fc763" "container-server 20" 0.0061 "-" 22 0
Dec 15 08:31:31 np0005559461 proxy-server[124071]: 172.18.0.103 172.18.0.104 15/Dec/2025/08/31/31 PUT /v1/AUTH_2f96e5f995e6442f94f881dabbe4dbf7/gnocchi.44058b93-1b81-433c-afb0-7b9ffd7cc5c7/none_v3 HTTP/1.0 201 - python-swiftclient-3.11.1 gAAAAABpP8cB_H8j... 22 - - tx7b99a5676a0b44c2a69d6-00693fc763 - 0.0277 - - 1765787491.132261038 1765787491.159912586 0
Dec 15 08:31:31 np0005559461 object-server[122828]: 172.20.0.103 - - [15/Dec/2025:08:31:31 +0000] "PUT /d1/443/AUTH_2f96e5f995e6442f94f881dabbe4dbf7/gnocchi.5435b1c7-2c9b-45fb-97c2-3cc129347a44/none_v3" 201 - "PUT http://172.18.0.159:8080/v1/AUTH_2f96e5f995e6442f94f881dabbe4dbf7/gnocchi.5435b1c7-2c9b-45fb-97c2-3cc129347a44/none_v3" "txaec3ce71fc62425fa772f-00693fc763" "proxy-server 20" 0.0127 "-" 19 0
Dec 15 08:31:31 np0005559461 container-server[122292]: 172.20.0.104 - - [15/Dec/2025:08:31:31 +0000] "PUT /d1/415/AUTH_2f96e5f995e6442f94f881dabbe4dbf7/gnocchi.5435b1c7-2c9b-45fb-97c2-3cc129347a44/none_v3" 201 - "PUT http://172.18.0.159:8080/d1/443/AUTH_2f96e5f995e6442f94f881dabbe4dbf7/gnocchi.5435b1c7-2c9b-45fb-97c2-3cc129347a44/none_v3" "txaec3ce71fc62425fa772f-00693fc763" "object-server 22" 0.0008 "-" 23 0
Dec 15 08:31:31 np0005559461 container-server[122266]: 172.20.0.104 - - [15/Dec/2025:08:31:31 +0000] "PUT /d1/541/AUTH_2f96e5f995e6442f94f881dabbe4dbf7/gnocchi.11f89d50-b167-40c1-8548-804f0c620f7b" 201 - "PUT http://172.18.0.159:8080/v1/AUTH_2f96e5f995e6442f94f881dabbe4dbf7/gnocchi.11f89d50-b167-40c1-8548-804f0c620f7b" "tx69a5199cf392464080b01-00693fc763" "proxy-server 20" 0.0279 "-" 20 0
Dec 15 08:31:31 np0005559461 proxy-server[124071]: - - 15/Dec/2025/08/31/31 HEAD /v1/AUTH_2f96e5f995e6442f94f881dabbe4dbf7/gnocchi.11f89d50-b167-40c1-8548-804f0c620f7b%3Fformat%3Djson%26states%3Dlisting HTTP/1.0 204 - Swift - - - - txea24d6752035446f828d4-00693fc763 - 0.0088 RL - 1765787491.175449848 1765787491.184246302 0
Dec 15 08:31:31 np0005559461 container-server[122292]: 172.20.0.103 - - [15/Dec/2025:08:31:31 +0000] "HEAD /d1/873/AUTH_2f96e5f995e6442f94f881dabbe4dbf7/gnocchi.5a2b2660-8649-4254-9d78-11df70d10a6b" 404 - "HEAD http://172.18.0.159:8080/v1/AUTH_2f96e5f995e6442f94f881dabbe4dbf7/gnocchi.5a2b2660-8649-4254-9d78-11df70d10a6b?format=json&states=listing" "txab2149feea0a4294a9341-00693fc763" "proxy-server 20" 0.0006 "-" 23 0
Dec 15 08:31:31 np0005559461 container-server[122289]: 172.20.0.104 - - [15/Dec/2025:08:31:31 +0000] "HEAD /d1/129/AUTH_2f96e5f995e6442f94f881dabbe4dbf7/gnocchi.ed7db153-4770-4ae8-a8e1-00a79471f946" 404 - "HEAD http://172.18.0.159:8080/v1/AUTH_2f96e5f995e6442f94f881dabbe4dbf7/gnocchi.ed7db153-4770-4ae8-a8e1-00a79471f946?format=json&states=listing" "tx8eb70b919cad40bfafc07-00693fc763" "proxy-server 20" 0.0005 "-" 22 0
Dec 15 08:31:31 np0005559461 proxy-server[124071]: 172.18.0.105 172.18.0.104 15/Dec/2025/08/31/31 GET /v1/AUTH_2f96e5f995e6442f94f881dabbe4dbf7/gnocchi.11f89d50-b167-40c1-8548-804f0c620f7b%3Fformat%3Djson%26states%3Dlisting HTTP/1.0 200 - python-swiftclient-3.11.1 gAAAAABpP8bDpUSn... - 2 - txea24d6752035446f828d4-00693fc763 - 0.0295 - - 1765787491.173174858 1765787491.202705145 0
Dec 15 08:31:31 np0005559461 object-server[122849]: 172.20.0.103 - - [15/Dec/2025:08:31:31 +0000] "GET /d1/714/AUTH_2f96e5f995e6442f94f881dabbe4dbf7/gnocchi.5a2b2660-8649-4254-9d78-11df70d10a6b/none_v3" 404 70 "GET http://172.18.0.159:8080/v1/AUTH_2f96e5f995e6442f94f881dabbe4dbf7/gnocchi.5a2b2660-8649-4254-9d78-11df70d10a6b/none_v3" "txab2149feea0a4294a9341-00693fc763" "proxy-server 20" 0.0004 "-" 22 0
Dec 15 08:31:31 np0005559461 object-server[122849]: 172.20.0.104 - - [15/Dec/2025:08:31:31 +0000] "GET /d1/390/AUTH_2f96e5f995e6442f94f881dabbe4dbf7/gnocchi.ed7db153-4770-4ae8-a8e1-00a79471f946/none_v3" 404 70 "GET http://172.18.0.159:8080/v1/AUTH_2f96e5f995e6442f94f881dabbe4dbf7/gnocchi.ed7db153-4770-4ae8-a8e1-00a79471f946/none_v3" "tx8eb70b919cad40bfafc07-00693fc763" "proxy-server 20" 0.0002 "-" 22 0
Dec 15 08:31:31 np0005559461 object-server[122828]: 172.20.0.105 - - [15/Dec/2025:08:31:31 +0000] "GET /d1/584/AUTH_2f96e5f995e6442f94f881dabbe4dbf7/gnocchi.11f89d50-b167-40c1-8548-804f0c620f7b/1764720000.0_mean_300.0_v3" 404 70 "GET http://172.18.0.159:8080/v1/AUTH_2f96e5f995e6442f94f881dabbe4dbf7/gnocchi.11f89d50-b167-40c1-8548-804f0c620f7b/1764720000.0_mean_300.0_v3" "txc2e62c444ec5480f8167b-00693fc763" "proxy-server 20" 0.0005 "-" 19 0
Dec 15 08:31:31 np0005559461 proxy-server[124071]: 172.18.0.105 172.18.0.104 15/Dec/2025/08/31/31 GET /v1/AUTH_2f96e5f995e6442f94f881dabbe4dbf7/gnocchi.11f89d50-b167-40c1-8548-804f0c620f7b/1764720000.0_mean_300.0_v3 HTTP/1.0 404 - python-swiftclient-3.11.1 gAAAAABpP8bDpUSn... - 70 - txc2e62c444ec5480f8167b-00693fc763 - 0.0149 - - 1765787491.207071781 1765787491.222021341 0
Dec 15 08:31:31 np0005559461 container-server[122266]: 172.20.0.103 - - [15/Dec/2025:08:31:31 +0000] "PUT /d1/873/AUTH_2f96e5f995e6442f94f881dabbe4dbf7/gnocchi.5a2b2660-8649-4254-9d78-11df70d10a6b" 201 - "PUT http://172.18.0.159:8080/v1/AUTH_2f96e5f995e6442f94f881dabbe4dbf7/gnocchi.5a2b2660-8649-4254-9d78-11df70d10a6b" "txa056f54915794fd4be568-00693fc763" "proxy-server 20" 0.0216 "-" 20 0
Dec 15 08:31:31 np0005559461 account-server[121869]: 172.20.0.104 - - [15/Dec/2025:08:31:31 +0000] "PUT /d1/500/AUTH_2f96e5f995e6442f94f881dabbe4dbf7/gnocchi.5a2b2660-8649-4254-9d78-11df70d10a6b" 201 - "PUT http://172.20.0.104:6001/d1/873/AUTH_2f96e5f995e6442f94f881dabbe4dbf7/gnocchi.5a2b2660-8649-4254-9d78-11df70d10a6b" "txa056f54915794fd4be568-00693fc763" "container-server 20" 0.0069 "-" 23 0
Dec 15 08:31:31 np0005559461 container-server[122266]: 172.20.0.103 - - [15/Dec/2025:08:31:31 +0000] "PUT /d1/541/AUTH_2f96e5f995e6442f94f881dabbe4dbf7/gnocchi.11f89d50-b167-40c1-8548-804f0c620f7b/1764720000.0_mean_300.0_v3" 201 - "PUT http://172.18.0.159:8080/d1/584/AUTH_2f96e5f995e6442f94f881dabbe4dbf7/gnocchi.11f89d50-b167-40c1-8548-804f0c620f7b/1764720000.0_mean_300.0_v3" "txb379309e5f5344f583e7f-00693fc763" "object-server 25" 0.0005 "-" 20 0
Dec 15 08:31:31 np0005559461 object-server[122849]: 172.20.0.105 - - [15/Dec/2025:08:31:31 +0000] "PUT /d1/584/AUTH_2f96e5f995e6442f94f881dabbe4dbf7/gnocchi.11f89d50-b167-40c1-8548-804f0c620f7b/1764720000.0_mean_300.0_v3" 201 - "PUT http://172.18.0.159:8080/v1/AUTH_2f96e5f995e6442f94f881dabbe4dbf7/gnocchi.11f89d50-b167-40c1-8548-804f0c620f7b/1764720000.0_mean_300.0_v3" "txb379309e5f5344f583e7f-00693fc763" "proxy-server 20" 0.0124 "-" 22 0
Dec 15 08:31:31 np0005559461 proxy-server[124071]: 172.18.0.105 172.18.0.104 15/Dec/2025/08/31/31 PUT /v1/AUTH_2f96e5f995e6442f94f881dabbe4dbf7/gnocchi.11f89d50-b167-40c1-8548-804f0c620f7b/1764720000.0_mean_300.0_v3 HTTP/1.0 201 - python-swiftclient-3.11.1 gAAAAABpP8bDpUSn... 16 - - txb379309e5f5344f583e7f-00693fc763 - 0.0286 - - 1765787491.227983713 1765787491.256594658 0
Dec 15 08:31:31 np0005559461 container-server[122292]: 172.20.0.103 - - [15/Dec/2025:08:31:31 +0000] "HEAD /d1/873/AUTH_2f96e5f995e6442f94f881dabbe4dbf7/gnocchi.5a2b2660-8649-4254-9d78-11df70d10a6b" 204 - "HEAD http://172.18.0.159:8080/v1/AUTH_2f96e5f995e6442f94f881dabbe4dbf7/gnocchi.5a2b2660-8649-4254-9d78-11df70d10a6b?format=json&states=listing" "txfb67a9449e854141b584a-00693fc763" "proxy-server 20" 0.0019 "-" 23 0
Dec 15 08:31:31 np0005559461 account-server[121869]: 172.20.0.105 - - [15/Dec/2025:08:31:31 +0000] "PUT /d1/500/AUTH_2f96e5f995e6442f94f881dabbe4dbf7/gnocchi.ed7db153-4770-4ae8-a8e1-00a79471f946" 201 - "PUT http://172.20.0.105:6001/d1/129/AUTH_2f96e5f995e6442f94f881dabbe4dbf7/gnocchi.ed7db153-4770-4ae8-a8e1-00a79471f946" "tx0c174757da604f8e9e130-00693fc763" "container-server 22" 0.0041 "-" 23 0
Dec 15 08:31:31 np0005559461 container-server[122289]: 172.20.0.104 - - [15/Dec/2025:08:31:31 +0000] "PUT /d1/129/AUTH_2f96e5f995e6442f94f881dabbe4dbf7/gnocchi.ed7db153-4770-4ae8-a8e1-00a79471f946" 201 - "PUT http://172.18.0.159:8080/v1/AUTH_2f96e5f995e6442f94f881dabbe4dbf7/gnocchi.ed7db153-4770-4ae8-a8e1-00a79471f946" "tx0c174757da604f8e9e130-00693fc763" "proxy-server 20" 0.0157 "-" 22 0
Dec 15 08:31:31 np0005559461 container-server[122289]: 172.20.0.105 - - [15/Dec/2025:08:31:31 +0000] "PUT /d1/541/AUTH_2f96e5f995e6442f94f881dabbe4dbf7/gnocchi.11f89d50-b167-40c1-8548-804f0c620f7b/none_v3" 201 - "PUT http://172.18.0.159:8080/d1/277/AUTH_2f96e5f995e6442f94f881dabbe4dbf7/gnocchi.11f89d50-b167-40c1-8548-804f0c620f7b/none_v3" "txca56bc12b5f94de68bc82-00693fc763" "object-server 19" 0.0005 "-" 22 0
Dec 15 08:31:31 np0005559461 object-server[122828]: 172.20.0.105 - - [15/Dec/2025:08:31:31 +0000] "PUT /d1/277/AUTH_2f96e5f995e6442f94f881dabbe4dbf7/gnocchi.11f89d50-b167-40c1-8548-804f0c620f7b/none_v3" 201 - "PUT http://172.18.0.159:8080/v1/AUTH_2f96e5f995e6442f94f881dabbe4dbf7/gnocchi.11f89d50-b167-40c1-8548-804f0c620f7b/none_v3" "txca56bc12b5f94de68bc82-00693fc763" "proxy-server 20" 0.0103 "-" 19 0
Dec 15 08:31:31 np0005559461 proxy-server[124071]: 172.18.0.105 172.18.0.104 15/Dec/2025/08/31/31 PUT /v1/AUTH_2f96e5f995e6442f94f881dabbe4dbf7/gnocchi.11f89d50-b167-40c1-8548-804f0c620f7b/none_v3 HTTP/1.0 201 - python-swiftclient-3.11.1 gAAAAABpP8bDpUSn... 22 - - txca56bc12b5f94de68bc82-00693fc763 - 0.0227 - - 1765787491.261253357 1765787491.283992767 0
Dec 15 08:31:31 np0005559461 object-server[122856]: 172.20.0.103 - - [15/Dec/2025:08:31:31 +0000] "GET /d1/242/AUTH_2f96e5f995e6442f94f881dabbe4dbf7/gnocchi.5a2b2660-8649-4254-9d78-11df70d10a6b/1764720000.0_mean_300.0_v3" 404 70 "GET http://172.18.0.159:8080/v1/AUTH_2f96e5f995e6442f94f881dabbe4dbf7/gnocchi.5a2b2660-8649-4254-9d78-11df70d10a6b/1764720000.0_mean_300.0_v3" "tx4eaa43477eac4dbdbc3f5-00693fc763" "proxy-server 20" 0.0003 "-" 23 0
Dec 15 08:31:31 np0005559461 container-server[122289]: 172.20.0.105 - - [15/Dec/2025:08:31:31 +0000] "HEAD /d1/951/AUTH_2f96e5f995e6442f94f881dabbe4dbf7/gnocchi.daa01772-468e-4336-96c3-1a0b9614a618" 404 - "HEAD http://172.18.0.159:8080/v1/AUTH_2f96e5f995e6442f94f881dabbe4dbf7/gnocchi.daa01772-468e-4336-96c3-1a0b9614a618?format=json&states=listing" "tx68e0a611283b448e984f3-00693fc763" "proxy-server 20" 0.0004 "-" 22 0
Dec 15 08:31:31 np0005559461 object-server[122856]: 172.20.0.104 - - [15/Dec/2025:08:31:31 +0000] "GET /d1/643/AUTH_2f96e5f995e6442f94f881dabbe4dbf7/gnocchi.ed7db153-4770-4ae8-a8e1-00a79471f946/1764720000.0_mean_300.0_v3" 404 70 "GET http://172.18.0.159:8080/v1/AUTH_2f96e5f995e6442f94f881dabbe4dbf7/gnocchi.ed7db153-4770-4ae8-a8e1-00a79471f946/1764720000.0_mean_300.0_v3" "txa4e1eb6dcda54b44bd765-00693fc763" "proxy-server 20" 0.0004 "-" 23 0
Dec 15 08:31:31 np0005559461 object-server[122849]: 172.20.0.105 - - [15/Dec/2025:08:31:31 +0000] "GET /d1/66/AUTH_2f96e5f995e6442f94f881dabbe4dbf7/gnocchi.daa01772-468e-4336-96c3-1a0b9614a618/none_v3" 404 70 "GET http://172.18.0.159:8080/v1/AUTH_2f96e5f995e6442f94f881dabbe4dbf7/gnocchi.daa01772-468e-4336-96c3-1a0b9614a618/none_v3" "tx68e0a611283b448e984f3-00693fc763" "proxy-server 20" 0.0003 "-" 22 0
Dec 15 08:31:31 np0005559461 container-server[122285]: 172.20.0.103 - - [15/Dec/2025:08:31:31 +0000] "PUT /d1/873/AUTH_2f96e5f995e6442f94f881dabbe4dbf7/gnocchi.5a2b2660-8649-4254-9d78-11df70d10a6b/1764720000.0_mean_300.0_v3" 201 - "PUT http://172.18.0.159:8080/d1/242/AUTH_2f96e5f995e6442f94f881dabbe4dbf7/gnocchi.5a2b2660-8649-4254-9d78-11df70d10a6b/1764720000.0_mean_300.0_v3" "txfb2a88b223274e4286842-00693fc763" "object-server 25" 0.0006 "-" 21 0
Dec 15 08:31:31 np0005559461 object-server[122856]: 172.20.0.103 - - [15/Dec/2025:08:31:31 +0000] "PUT /d1/242/AUTH_2f96e5f995e6442f94f881dabbe4dbf7/gnocchi.5a2b2660-8649-4254-9d78-11df70d10a6b/1764720000.0_mean_300.0_v3" 201 - "PUT http://172.18.0.159:8080/v1/AUTH_2f96e5f995e6442f94f881dabbe4dbf7/gnocchi.5a2b2660-8649-4254-9d78-11df70d10a6b/1764720000.0_mean_300.0_v3" "txfb2a88b223274e4286842-00693fc763" "proxy-server 20" 0.0150 "-" 23 0
Dec 15 08:31:31 np0005559461 proxy-server[124071]: 172.18.0.105 172.18.0.104 15/Dec/2025/08/31/31 GET /v1/AUTH_2f96e5f995e6442f94f881dabbe4dbf7/gnocchi.daa01772-468e-4336-96c3-1a0b9614a618/none_v3 HTTP/1.0 404 - python-swiftclient-3.11.1 gAAAAABpP8bDpUSn... - 70 - tx68e0a611283b448e984f3-00693fc763 - 0.0293 - - 1765787491.303130627 1765787491.332469940 0
Dec 15 08:31:31 np0005559461 object-server[122856]: 172.20.0.104 - - [15/Dec/2025:08:31:31 +0000] "PUT /d1/643/AUTH_2f96e5f995e6442f94f881dabbe4dbf7/gnocchi.ed7db153-4770-4ae8-a8e1-00a79471f946/1764720000.0_mean_300.0_v3" 201 - "PUT http://172.18.0.159:8080/v1/AUTH_2f96e5f995e6442f94f881dabbe4dbf7/gnocchi.ed7db153-4770-4ae8-a8e1-00a79471f946/1764720000.0_mean_300.0_v3" "tx8383599fd6734ad7a3d19-00693fc763" "proxy-server 20" 0.0158 "-" 23 0
Dec 15 08:31:31 np0005559461 container-server[122285]: 172.20.0.104 - - [15/Dec/2025:08:31:31 +0000] "PUT /d1/129/AUTH_2f96e5f995e6442f94f881dabbe4dbf7/gnocchi.ed7db153-4770-4ae8-a8e1-00a79471f946/1764720000.0_mean_300.0_v3" 201 - "PUT http://172.18.0.159:8080/d1/643/AUTH_2f96e5f995e6442f94f881dabbe4dbf7/gnocchi.ed7db153-4770-4ae8-a8e1-00a79471f946/1764720000.0_mean_300.0_v3" "tx8383599fd6734ad7a3d19-00693fc763" "object-server 24" 0.0006 "-" 21 0
Dec 15 08:31:31 np0005559461 container-server[122292]: 172.20.0.104 - - [15/Dec/2025:08:31:31 +0000] "PUT /d1/873/AUTH_2f96e5f995e6442f94f881dabbe4dbf7/gnocchi.5a2b2660-8649-4254-9d78-11df70d10a6b/none_v3" 201 - "PUT http://172.18.0.159:8080/d1/714/AUTH_2f96e5f995e6442f94f881dabbe4dbf7/gnocchi.5a2b2660-8649-4254-9d78-11df70d10a6b/none_v3" "tx3e1983b353b4490d96e50-00693fc763" "object-server 25" 0.0006 "-" 23 0
Dec 15 08:31:31 np0005559461 object-server[122856]: 172.20.0.103 - - [15/Dec/2025:08:31:31 +0000] "PUT /d1/714/AUTH_2f96e5f995e6442f94f881dabbe4dbf7/gnocchi.5a2b2660-8649-4254-9d78-11df70d10a6b/none_v3" 201 - "PUT http://172.18.0.159:8080/v1/AUTH_2f96e5f995e6442f94f881dabbe4dbf7/gnocchi.5a2b2660-8649-4254-9d78-11df70d10a6b/none_v3" "tx3e1983b353b4490d96e50-00693fc763" "proxy-server 20" 0.0188 "-" 23 0
Dec 15 08:31:31 np0005559461 account-server[121869]: 172.20.0.103 - - [15/Dec/2025:08:31:31 +0000] "PUT /d1/500/AUTH_2f96e5f995e6442f94f881dabbe4dbf7/gnocchi.daa01772-468e-4336-96c3-1a0b9614a618" 201 - "PUT http://172.20.0.103:6001/d1/951/AUTH_2f96e5f995e6442f94f881dabbe4dbf7/gnocchi.daa01772-468e-4336-96c3-1a0b9614a618" "tx47e5d95c1c8344289fa44-00693fc763" "container-server 23" 0.0061 "-" 23 0
Dec 15 08:31:31 np0005559461 container-server[122285]: 172.20.0.105 - - [15/Dec/2025:08:31:31 +0000] "PUT /d1/951/AUTH_2f96e5f995e6442f94f881dabbe4dbf7/gnocchi.daa01772-468e-4336-96c3-1a0b9614a618" 201 - "PUT http://172.18.0.159:8080/v1/AUTH_2f96e5f995e6442f94f881dabbe4dbf7/gnocchi.daa01772-468e-4336-96c3-1a0b9614a618" "tx47e5d95c1c8344289fa44-00693fc763" "proxy-server 20" 0.0260 "-" 21 0
Dec 15 08:31:31 np0005559461 proxy-server[124071]: 172.18.0.105 172.18.0.104 15/Dec/2025/08/31/31 PUT /v1/AUTH_2f96e5f995e6442f94f881dabbe4dbf7/gnocchi.daa01772-468e-4336-96c3-1a0b9614a618 HTTP/1.0 201 - python-swiftclient-3.11.1 gAAAAABpP8bDpUSn... - - - tx47e5d95c1c8344289fa44-00693fc763 - 0.0380 - - 1765787491.337623835 1765787491.375622749 0
Dec 15 08:31:31 np0005559461 container-server[122285]: 172.20.0.103 - - [15/Dec/2025:08:31:31 +0000] "HEAD /d1/951/AUTH_2f96e5f995e6442f94f881dabbe4dbf7/gnocchi.daa01772-468e-4336-96c3-1a0b9614a618" 204 - "HEAD http://172.18.0.159:8080/v1/AUTH_2f96e5f995e6442f94f881dabbe4dbf7/gnocchi.daa01772-468e-4336-96c3-1a0b9614a618?format=json&states=listing" "tx309c90e14083456cb4621-00693fc763" "proxy-server 20" 0.0017 "-" 21 0
Dec 15 08:31:31 np0005559461 container-server[122292]: 172.20.0.105 - - [15/Dec/2025:08:31:31 +0000] "PUT /d1/129/AUTH_2f96e5f995e6442f94f881dabbe4dbf7/gnocchi.ed7db153-4770-4ae8-a8e1-00a79471f946/none_v3" 201 - "PUT http://172.18.0.159:8080/d1/390/AUTH_2f96e5f995e6442f94f881dabbe4dbf7/gnocchi.ed7db153-4770-4ae8-a8e1-00a79471f946/none_v3" "tx44813af1b1234052b07a7-00693fc763" "object-server 23" 0.0006 "-" 23 0
Dec 15 08:31:31 np0005559461 object-server[122856]: 172.20.0.105 - - [15/Dec/2025:08:31:31 +0000] "PUT /d1/390/AUTH_2f96e5f995e6442f94f881dabbe4dbf7/gnocchi.ed7db153-4770-4ae8-a8e1-00a79471f946/none_v3" 201 - "PUT http://172.18.0.159:8080/v1/AUTH_2f96e5f995e6442f94f881dabbe4dbf7/gnocchi.ed7db153-4770-4ae8-a8e1-00a79471f946/none_v3" "tx44813af1b1234052b07a7-00693fc763" "proxy-server 20" 0.0121 "-" 23 0
Dec 15 08:31:31 np0005559461 proxy-server[124071]: 172.18.0.159 172.18.0.104 15/Dec/2025/08/31/31 PUT /v1/AUTH_2f96e5f995e6442f94f881dabbe4dbf7/gnocchi.ed7db153-4770-4ae8-a8e1-00a79471f946/none_v3 HTTP/1.0 201 - python-swiftclient-3.11.1 gAAAAABpP8cKWFq0... 22 - - tx44813af1b1234052b07a7-00693fc763 - 0.0252 - - 1765787491.382316113 1765787491.407469511 0
Dec 15 08:31:31 np0005559461 container-server[122285]: 172.20.0.104 - - [15/Dec/2025:08:31:31 +0000] "HEAD /d1/765/AUTH_2f96e5f995e6442f94f881dabbe4dbf7/gnocchi.42f7803c-5d2a-4756-9f97-00cb19feaf08" 404 - "HEAD http://172.18.0.159:8080/v1/AUTH_2f96e5f995e6442f94f881dabbe4dbf7/gnocchi.42f7803c-5d2a-4756-9f97-00cb19feaf08?format=json&states=listing" "txbe968c2db03b4b95aa60b-00693fc763" "proxy-server 20" 0.0006 "-" 21 0
Dec 15 08:31:31 np0005559461 object-server[122856]: 172.20.0.105 - - [15/Dec/2025:08:31:31 +0000] "GET /d1/339/AUTH_2f96e5f995e6442f94f881dabbe4dbf7/gnocchi.daa01772-468e-4336-96c3-1a0b9614a618/1764720000.0_mean_300.0_v3" 404 70 "GET http://172.18.0.159:8080/v1/AUTH_2f96e5f995e6442f94f881dabbe4dbf7/gnocchi.daa01772-468e-4336-96c3-1a0b9614a618/1764720000.0_mean_300.0_v3" "tx2bac49543c6a4ab291573-00693fc763" "proxy-server 20" 0.0007 "-" 23 0
Dec 15 08:31:31 np0005559461 object-server[122856]: 172.20.0.104 - - [15/Dec/2025:08:31:31 +0000] "GET /d1/757/AUTH_2f96e5f995e6442f94f881dabbe4dbf7/gnocchi.42f7803c-5d2a-4756-9f97-00cb19feaf08/none_v3" 404 70 "GET http://172.18.0.159:8080/v1/AUTH_2f96e5f995e6442f94f881dabbe4dbf7/gnocchi.42f7803c-5d2a-4756-9f97-00cb19feaf08/none_v3" "txbe968c2db03b4b95aa60b-00693fc763" "proxy-server 20" 0.0005 "-" 23 0
Dec 15 08:31:31 np0005559461 proxy-server[124071]: 172.18.0.105 172.18.0.104 15/Dec/2025/08/31/31 GET /v1/AUTH_2f96e5f995e6442f94f881dabbe4dbf7/gnocchi.daa01772-468e-4336-96c3-1a0b9614a618/1764720000.0_mean_300.0_v3 HTTP/1.0 404 - python-swiftclient-3.11.1 gAAAAABpP8bDpUSn... - 70 - tx2bac49543c6a4ab291573-00693fc763 - 0.0201 - - 1765787491.419768333 1765787491.439862728 0
Dec 15 08:31:31 np0005559461 account-server[121833]: 172.20.0.103 - - [15/Dec/2025:08:31:31 +0000] "PUT /d1/500/AUTH_2f96e5f995e6442f94f881dabbe4dbf7/gnocchi.42f7803c-5d2a-4756-9f97-00cb19feaf08" 201 - "PUT http://172.20.0.103:6001/d1/765/AUTH_2f96e5f995e6442f94f881dabbe4dbf7/gnocchi.42f7803c-5d2a-4756-9f97-00cb19feaf08" "txdc05129b72994d6dbb8c1-00693fc763" "container-server 21" 0.0087 "-" 20 0
Dec 15 08:31:31 np0005559461 container-server[122285]: 172.20.0.103 - - [15/Dec/2025:08:31:31 +0000] "PUT /d1/765/AUTH_2f96e5f995e6442f94f881dabbe4dbf7/gnocchi.42f7803c-5d2a-4756-9f97-00cb19feaf08" 201 - "PUT http://172.18.0.159:8080/v1/AUTH_2f96e5f995e6442f94f881dabbe4dbf7/gnocchi.42f7803c-5d2a-4756-9f97-00cb19feaf08" "txdc05129b72994d6dbb8c1-00693fc763" "proxy-server 20" 0.0243 "-" 21 0
Dec 15 08:31:31 np0005559461 container-server[122292]: 172.20.0.105 - - [15/Dec/2025:08:31:31 +0000] "PUT /d1/951/AUTH_2f96e5f995e6442f94f881dabbe4dbf7/gnocchi.daa01772-468e-4336-96c3-1a0b9614a618/1764720000.0_mean_300.0_v3" 201 - "PUT http://172.18.0.159:8080/d1/339/AUTH_2f96e5f995e6442f94f881dabbe4dbf7/gnocchi.daa01772-468e-4336-96c3-1a0b9614a618/1764720000.0_mean_300.0_v3" "txebbfddcf0f9940f1b1225-00693fc763" "object-server 25" 0.0009 "-" 23 0
Dec 15 08:31:31 np0005559461 object-server[122868]: 172.20.0.104 - - [15/Dec/2025:08:31:31 +0000] "PUT /d1/339/AUTH_2f96e5f995e6442f94f881dabbe4dbf7/gnocchi.daa01772-468e-4336-96c3-1a0b9614a618/1764720000.0_mean_300.0_v3" 201 - "PUT http://172.18.0.159:8080/v1/AUTH_2f96e5f995e6442f94f881dabbe4dbf7/gnocchi.daa01772-468e-4336-96c3-1a0b9614a618/1764720000.0_mean_300.0_v3" "txebbfddcf0f9940f1b1225-00693fc763" "proxy-server 20" 0.0184 "-" 25 0
Dec 15 08:31:31 np0005559461 proxy-server[124071]: - - 15/Dec/2025/08/31/31 HEAD /v1/AUTH_2f96e5f995e6442f94f881dabbe4dbf7/gnocchi.42f7803c-5d2a-4756-9f97-00cb19feaf08%3Fformat%3Djson%26states%3Dlisting HTTP/1.0 204 - Swift - - - - tx80aa3d3167d642baba63a-00693fc763 - 0.0134 RL - 1765787491.484320164 1765787491.497734070 0
Dec 15 08:31:31 np0005559461 container-server[122289]: 172.20.0.105 - - [15/Dec/2025:08:31:31 +0000] "PUT /d1/951/AUTH_2f96e5f995e6442f94f881dabbe4dbf7/gnocchi.daa01772-468e-4336-96c3-1a0b9614a618/none_v3" 201 - "PUT http://172.18.0.159:8080/d1/66/AUTH_2f96e5f995e6442f94f881dabbe4dbf7/gnocchi.daa01772-468e-4336-96c3-1a0b9614a618/none_v3" "txf1d7d15dba2c4f119fcdb-00693fc763" "object-server 23" 0.0011 "-" 22 0
Dec 15 08:31:31 np0005559461 object-server[122856]: 172.20.0.103 - - [15/Dec/2025:08:31:31 +0000] "PUT /d1/66/AUTH_2f96e5f995e6442f94f881dabbe4dbf7/gnocchi.daa01772-468e-4336-96c3-1a0b9614a618/none_v3" 201 - "PUT http://172.18.0.159:8080/v1/AUTH_2f96e5f995e6442f94f881dabbe4dbf7/gnocchi.daa01772-468e-4336-96c3-1a0b9614a618/none_v3" "txf1d7d15dba2c4f119fcdb-00693fc763" "proxy-server 20" 0.0112 "-" 23 0
Dec 15 08:31:31 np0005559461 container-server[122285]: 172.20.0.105 - - [15/Dec/2025:08:31:31 +0000] "GET /d1/765/AUTH_2f96e5f995e6442f94f881dabbe4dbf7/gnocchi.42f7803c-5d2a-4756-9f97-00cb19feaf08" 200 2 "GET http://172.18.0.159:8080/v1/AUTH_2f96e5f995e6442f94f881dabbe4dbf7/gnocchi.42f7803c-5d2a-4756-9f97-00cb19feaf08?format=json&states=listing" "tx80aa3d3167d642baba63a-00693fc763" "proxy-server 20" 0.0021 "-" 21 0
Dec 15 08:31:31 np0005559461 proxy-server[124071]: 172.18.0.103 172.18.0.104 15/Dec/2025/08/31/31 GET /v1/AUTH_2f96e5f995e6442f94f881dabbe4dbf7/gnocchi.42f7803c-5d2a-4756-9f97-00cb19feaf08%3Fformat%3Djson%26states%3Dlisting HTTP/1.0 200 - python-swiftclient-3.11.1 gAAAAABpP8cB_H8j... - 2 - tx80aa3d3167d642baba63a-00693fc763 - 0.0287 - - 1765787491.481751442 1765787491.510441065 0
Dec 15 08:31:31 np0005559461 object-server[122849]: 172.20.0.104 - - [15/Dec/2025:08:31:31 +0000] "GET /d1/0/AUTH_2f96e5f995e6442f94f881dabbe4dbf7/gnocchi.42f7803c-5d2a-4756-9f97-00cb19feaf08/1764720000.0_mean_300.0_v3" 404 70 "GET http://172.18.0.159:8080/v1/AUTH_2f96e5f995e6442f94f881dabbe4dbf7/gnocchi.42f7803c-5d2a-4756-9f97-00cb19feaf08/1764720000.0_mean_300.0_v3" "tx35275802c5c94f7ca0537-00693fc763" "proxy-server 20" 0.0005 "-" 22 0
Dec 15 08:31:31 np0005559461 container-server[122292]: 172.20.0.103 - - [15/Dec/2025:08:31:31 +0000] "PUT /d1/765/AUTH_2f96e5f995e6442f94f881dabbe4dbf7/gnocchi.42f7803c-5d2a-4756-9f97-00cb19feaf08/1764720000.0_mean_300.0_v3" 201 - "PUT http://172.18.0.159:8080/d1/0/AUTH_2f96e5f995e6442f94f881dabbe4dbf7/gnocchi.42f7803c-5d2a-4756-9f97-00cb19feaf08/1764720000.0_mean_300.0_v3" "tx1cff04551f3d4a53b6ef2-00693fc763" "object-server 23" 0.0010 "-" 23 0
Dec 15 08:31:31 np0005559461 object-server[122868]: 172.20.0.103 - - [15/Dec/2025:08:31:31 +0000] "PUT /d1/0/AUTH_2f96e5f995e6442f94f881dabbe4dbf7/gnocchi.42f7803c-5d2a-4756-9f97-00cb19feaf08/1764720000.0_mean_300.0_v3" 201 - "PUT http://172.18.0.159:8080/v1/AUTH_2f96e5f995e6442f94f881dabbe4dbf7/gnocchi.42f7803c-5d2a-4756-9f97-00cb19feaf08/1764720000.0_mean_300.0_v3" "tx1cff04551f3d4a53b6ef2-00693fc763" "proxy-server 20" 0.0124 "-" 25 0
Dec 15 08:31:31 np0005559461 container-server[122292]: 172.20.0.105 - - [15/Dec/2025:08:31:31 +0000] "PUT /d1/765/AUTH_2f96e5f995e6442f94f881dabbe4dbf7/gnocchi.42f7803c-5d2a-4756-9f97-00cb19feaf08/none_v3" 201 - "PUT http://172.18.0.159:8080/d1/757/AUTH_2f96e5f995e6442f94f881dabbe4dbf7/gnocchi.42f7803c-5d2a-4756-9f97-00cb19feaf08/none_v3" "tx1a18cacddb7448af9db83-00693fc763" "object-server 22" 0.0008 "-" 23 0
Dec 15 08:31:31 np0005559461 object-server[122849]: 172.20.0.105 - - [15/Dec/2025:08:31:31 +0000] "PUT /d1/757/AUTH_2f96e5f995e6442f94f881dabbe4dbf7/gnocchi.42f7803c-5d2a-4756-9f97-00cb19feaf08/none_v3" 201 - "PUT http://172.18.0.159:8080/v1/AUTH_2f96e5f995e6442f94f881dabbe4dbf7/gnocchi.42f7803c-5d2a-4756-9f97-00cb19feaf08/none_v3" "tx1a18cacddb7448af9db83-00693fc763" "proxy-server 20" 0.0128 "-" 22 0
Dec 15 08:31:31 np0005559461 proxy-server[124071]: 172.18.0.103 172.18.0.104 15/Dec/2025/08/31/31 PUT /v1/AUTH_2f96e5f995e6442f94f881dabbe4dbf7/gnocchi.42f7803c-5d2a-4756-9f97-00cb19feaf08/none_v3 HTTP/1.0 201 - python-swiftclient-3.11.1 gAAAAABpP8cB_H8j... 22 - - tx1a18cacddb7448af9db83-00693fc763 - 0.0271 - - 1765787491.567059994 1765787491.594124317 0
Dec 15 08:31:36 np0005559461 account-server[121840]: 172.20.0.103 - - [15/Dec/2025:08:31:36 +0000] "HEAD /d1/700/.expiring_objects" 404 - "HEAD http://localhost/v1/.expiring_objects?format=json" "tx2272c950e7384761a888e-00693fc768" "proxy-server 2" 0.0007 "-" 21 -
Dec 15 08:31:46 np0005559461 account-server[121476]: Beginning replication run
Dec 15 08:31:46 np0005559461 account-server[121476]: Replication run OVER
Dec 15 08:31:46 np0005559461 account-server[121476]: Attempted to replicate 1 dbs in 0.02678 seconds (37.34298/s)
Dec 15 08:31:46 np0005559461 account-server[121476]: Removed 0 dbs
Dec 15 08:31:46 np0005559461 account-server[121476]: 2 successes, 0 failures
Dec 15 08:31:46 np0005559461 account-server[121476]: diff:0 diff_capped:0 empty:0 hashmatch:0 no_change:2 remote_merge:0 rsync:0 ts_repl:0
Dec 15 08:31:52 np0005559461 container-server[121826]: Beginning replication run
Dec 15 08:31:53 np0005559461 container-server[121826]: Replication run OVER
Dec 15 08:31:53 np0005559461 container-server[121826]: Attempted to replicate 22 dbs in 0.67721 seconds (32.48638/s)
Dec 15 08:31:53 np0005559461 container-server[121826]: Removed 0 dbs
Dec 15 08:31:53 np0005559461 container-server[121826]: 44 successes, 0 failures
Dec 15 08:31:53 np0005559461 container-server[121826]: diff:0 diff_capped:0 empty:0 hashmatch:0 no_change:44 remote_merge:0 rsync:0 ts_repl:0
Dec 15 08:31:58 np0005559461 object-server[122444]: Starting object replication pass.
Dec 15 08:31:59 np0005559461 object-server[122444]: 44/44 (100.00%) partitions replicated in 0.44s (100.62/sec, 0s remaining)
Dec 15 08:31:59 np0005559461 object-server[122444]: 88 successes, 0 failures
Dec 15 08:31:59 np0005559461 object-server[122444]: 44 suffixes checked - 0.00% hashed, 0.00% synced
Dec 15 08:31:59 np0005559461 object-server[122444]: Partition times: max 0.0155s, min 0.0073s, med 0.0090s
Dec 15 08:31:59 np0005559461 object-server[122444]: Object replication complete. (0.01 minutes)
Dec 15 08:32:00 np0005559461 object-server[224229]: Begin object audit "forever" mode (ZBF)
Dec 15 08:32:00 np0005559461 object-server[224229]: Object audit (ZBF). Since Mon Dec 15 08:32:00 2025: Locally: 1 passed, 0 quarantined, 0 errors, files/sec: 1241.65, bytes/sec: 0.00, Total time: 0.00, Auditing time: 0.00, Rate: 0.00
Dec 15 08:32:00 np0005559461 object-server[224230]: Begin object audit "forever" mode (ALL)
Dec 15 08:32:01 np0005559461 object-server[224230]: Object audit (ALL). Since Mon Dec 15 08:32:00 2025: Locally: 1 passed, 0 quarantined, 0 errors, files/sec: 113.67, bytes/sec: 1818.72, Total time: 0.01, Auditing time: 0.00, Rate: 0.00
Dec 15 08:32:01 np0005559461 object-server[224229]: Object audit (ZBF) "forever" mode completed: 0.84s. Total quarantined: 0, Total errors: 0, Total files/sec: 52.26, Total bytes/sec: 0.00, Auditing time: 0.83, Rate: 0.99
Dec 15 08:32:03 np0005559461 object-server[224230]: Object audit (ALL) "forever" mode completed: 2.11s. Total quarantined: 0, Total errors: 0, Total files/sec: 20.85, Total bytes/sec: 400.83, Auditing time: 2.10, Rate: 0.99
Dec 15 08:32:16 np0005559461 account-server[121476]: Beginning replication run
Dec 15 08:32:16 np0005559461 account-server[121476]: Replication run OVER
Dec 15 08:32:16 np0005559461 account-server[121476]: Attempted to replicate 1 dbs in 0.01986 seconds (50.36302/s)
Dec 15 08:32:16 np0005559461 account-server[121476]: Removed 0 dbs
Dec 15 08:32:16 np0005559461 account-server[121476]: 2 successes, 0 failures
Dec 15 08:32:16 np0005559461 account-server[121476]: diff:0 diff_capped:0 empty:0 hashmatch:0 no_change:2 remote_merge:0 rsync:0 ts_repl:0
Dec 15 08:32:21 np0005559461 object-server[122617]: Begin object update sweep
Dec 15 08:32:21 np0005559461 object-server[226184]: Object update sweep starting on /srv/node/d1 (pid: 15)
Dec 15 08:32:21 np0005559461 object-server[226184]: Object update sweep completed on /srv/node/d1 in 0.00s seconds:, 0 successes, 0 failures, 0 quarantines, 0 unlinks, 0 errors, 0 redirects (pid: 15)
Dec 15 08:32:21 np0005559461 object-server[226184]: Object update sweep of d1 completed: 0.00s, 0 successes, 0 failures, 0 quarantines, 0 unlinks, 0 errors, 0 redirects
Dec 15 08:32:21 np0005559461 object-server[122617]: Object update sweep completed: 0.07s
Dec 15 08:32:22 np0005559461 container-server[121826]: Beginning replication run
Dec 15 08:32:23 np0005559461 container-server[121826]: Replication run OVER
Dec 15 08:32:23 np0005559461 container-server[121826]: Attempted to replicate 22 dbs in 0.43810 seconds (50.21737/s)
Dec 15 08:32:23 np0005559461 container-server[121826]: Removed 0 dbs
Dec 15 08:32:23 np0005559461 container-server[121826]: 44 successes, 0 failures
Dec 15 08:32:23 np0005559461 container-server[121826]: diff:0 diff_capped:0 empty:0 hashmatch:0 no_change:44 remote_merge:0 rsync:0 ts_repl:0
Dec 15 08:32:29 np0005559461 object-server[122444]: Starting object replication pass.
Dec 15 08:32:29 np0005559461 object-server[122444]: 44/44 (100.00%) partitions replicated in 0.44s (99.38/sec, 0s remaining)
Dec 15 08:32:29 np0005559461 object-server[122444]: 88 successes, 0 failures
Dec 15 08:32:29 np0005559461 object-server[122444]: 44 suffixes checked - 0.00% hashed, 0.00% synced
Dec 15 08:32:29 np0005559461 object-server[122444]: Partition times: max 0.0435s, min 0.0065s, med 0.0089s
Dec 15 08:32:29 np0005559461 object-server[122444]: Object replication complete. (0.01 minutes)
Dec 15 08:32:31 np0005559461 object-server[224358]: Begin object audit "forever" mode (ZBF)
Dec 15 08:32:31 np0005559461 object-server[224358]: Object audit (ZBF). Since Mon Dec 15 08:32:31 2025: Locally: 1 passed, 0 quarantined, 0 errors, files/sec: 580.04, bytes/sec: 0.00, Total time: 0.00, Auditing time: 0.00, Rate: 0.00
Dec 15 08:32:32 np0005559461 object-server[224358]: Object audit (ZBF) "forever" mode completed: 0.84s. Total quarantined: 0, Total errors: 0, Total files/sec: 52.20, Total bytes/sec: 0.00, Auditing time: 0.83, Rate: 0.99
Dec 15 08:32:46 np0005559461 account-server[121476]: Beginning replication run
Dec 15 08:32:46 np0005559461 account-server[121476]: Replication run OVER
Dec 15 08:32:46 np0005559461 account-server[121476]: Attempted to replicate 1 dbs in 0.02425 seconds (41.24297/s)
Dec 15 08:32:46 np0005559461 account-server[121476]: Removed 0 dbs
Dec 15 08:32:46 np0005559461 account-server[121476]: 2 successes, 0 failures
Dec 15 08:32:46 np0005559461 account-server[121476]: diff:0 diff_capped:0 empty:0 hashmatch:0 no_change:2 remote_merge:0 rsync:0 ts_repl:0
Dec 15 08:32:51 np0005559461 account-server[121833]: 172.20.0.103 - - [15/Dec/2025:08:32:51 +0000] "PUT /d1/500/AUTH_2f96e5f995e6442f94f881dabbe4dbf7/gnocchi.d4be3153-ae97-4616-8b82-58d45ed63c6e" 201 - "-" "-" "container-updater 2" 0.0005 "-" 20 0
Dec 15 08:32:51 np0005559461 account-server[121833]: 172.20.0.103 - - [15/Dec/2025:08:32:51 +0000] "PUT /d1/500/AUTH_2f96e5f995e6442f94f881dabbe4dbf7/gnocchi.6d422243-1822-42cd-8ec4-0cb3f8476463" 201 - "-" "-" "container-updater 2" 0.0007 "-" 20 0
Dec 15 08:32:51 np0005559461 account-server[121833]: 172.20.0.103 - - [15/Dec/2025:08:32:51 +0000] "PUT /d1/500/AUTH_2f96e5f995e6442f94f881dabbe4dbf7/gnocchi.110f0ff1-ee79-4e01-ada3-3c9636af5015" 201 - "-" "-" "container-updater 2" 0.0005 "-" 20 0
Dec 15 08:32:51 np0005559461 account-server[121869]: 172.20.0.103 - - [15/Dec/2025:08:32:51 +0000] "PUT /d1/500/AUTH_2f96e5f995e6442f94f881dabbe4dbf7/gnocchi.37696d65-2710-4b7d-8243-e18d5e8b5fc2" 201 - "-" "-" "container-updater 2" 0.0005 "-" 23 0
Dec 15 08:32:52 np0005559461 account-server[121840]: 172.20.0.103 - - [15/Dec/2025:08:32:52 +0000] "PUT /d1/500/AUTH_2f96e5f995e6442f94f881dabbe4dbf7/gnocchi.26c9b737-5459-4c7e-8b8f-187aa2d75f31" 201 - "-" "-" "container-updater 2" 0.0004 "-" 21 0
Dec 15 08:32:52 np0005559461 account-server[121833]: 172.20.0.103 - - [15/Dec/2025:08:32:52 +0000] "PUT /d1/500/AUTH_2f96e5f995e6442f94f881dabbe4dbf7/gnocchi.5a2b2660-8649-4254-9d78-11df70d10a6b" 201 - "-" "-" "container-updater 2" 0.0005 "-" 20 0
Dec 15 08:32:52 np0005559461 account-server[121840]: 172.20.0.103 - - [15/Dec/2025:08:32:52 +0000] "PUT /d1/500/AUTH_2f96e5f995e6442f94f881dabbe4dbf7/gnocchi.d36d970f-bfcb-4128-b7da-8b42c64e5836" 201 - "-" "-" "container-updater 2" 0.0009 "-" 21 0
Dec 15 08:32:52 np0005559461 account-server[121840]: 172.20.0.103 - - [15/Dec/2025:08:32:52 +0000] "PUT /d1/500/AUTH_2f96e5f995e6442f94f881dabbe4dbf7/gnocchi.5435b1c7-2c9b-45fb-97c2-3cc129347a44" 201 - "-" "-" "container-updater 2" 0.0004 "-" 21 0
Dec 15 08:32:52 np0005559461 account-server[121869]: 172.20.0.103 - - [15/Dec/2025:08:32:52 +0000] "PUT /d1/500/AUTH_2f96e5f995e6442f94f881dabbe4dbf7/gnocchi.e267590c-bd3b-4f45-a5dc-979be28afdde" 201 - "-" "-" "container-updater 2" 0.0007 "-" 23 0
Dec 15 08:32:52 np0005559461 account-server[121833]: 172.20.0.103 - - [15/Dec/2025:08:32:52 +0000] "PUT /d1/500/AUTH_2f96e5f995e6442f94f881dabbe4dbf7/gnocchi.42f7803c-5d2a-4756-9f97-00cb19feaf08" 201 - "-" "-" "container-updater 2" 0.0007 "-" 20 0
Dec 15 08:32:52 np0005559461 account-server[121856]: 172.20.0.103 - - [15/Dec/2025:08:32:52 +0000] "PUT /d1/500/AUTH_2f96e5f995e6442f94f881dabbe4dbf7/gnocchi.07d40812-c778-4f29-b696-1477e08c5fa4" 201 - "-" "-" "container-updater 2" 0.0005 "-" 22 0
Dec 15 08:32:52 np0005559461 container-server[121826]: Beginning replication run
Dec 15 08:32:52 np0005559461 account-server[121869]: 172.20.0.103 - - [15/Dec/2025:08:32:52 +0000] "PUT /d1/500/AUTH_2f96e5f995e6442f94f881dabbe4dbf7/gnocchi.daa01772-468e-4336-96c3-1a0b9614a618" 201 - "-" "-" "container-updater 2" 0.0004 "-" 23 0
