Dec 15 08:36:31 np0005559461 object-server[122828]: 172.20.0.104 - - [15/Dec/2025:08:36:31 +0000] "PUT /d1/938/AUTH_2f96e5f995e6442f94f881dabbe4dbf7/gnocchi.02838bed-d538-42aa-b7bd-83dbf0314c10/1764720000.0_mean_300.0_v3" 201 - "PUT http://172.18.0.159:8080/v1/AUTH_2f96e5f995e6442f94f881dabbe4dbf7/gnocchi.02838bed-d538-42aa-b7bd-83dbf0314c10/1764720000.0_mean_300.0_v3" "tx82008a4da9a54f459f437-00693fc88f" "proxy-server 20" 0.0118 "-" 19 0
Dec 15 08:36:31 np0005559461 container-server[122266]: 172.20.0.103 - - [15/Dec/2025:08:36:31 +0000] "PUT /d1/412/AUTH_2f96e5f995e6442f94f881dabbe4dbf7/gnocchi.02838bed-d538-42aa-b7bd-83dbf0314c10/1764720000.0_mean_300.0_v3" 201 - "PUT http://172.18.0.159:8080/d1/938/AUTH_2f96e5f995e6442f94f881dabbe4dbf7/gnocchi.02838bed-d538-42aa-b7bd-83dbf0314c10/1764720000.0_mean_300.0_v3" "tx82008a4da9a54f459f437-00693fc88f" "object-server 24" 0.0007 "-" 20 0
Dec 15 08:36:31 np0005559461 object-server[122868]: 172.20.0.103 - - [15/Dec/2025:08:36:31 +0000] "GET /d1/510/AUTH_2f96e5f995e6442f94f881dabbe4dbf7/gnocchi.11f89d50-b167-40c1-8548-804f0c620f7b/1764720000.0_rate%3Amean_300.0_v3" 404 70 "GET http://172.18.0.159:8080/v1/AUTH_2f96e5f995e6442f94f881dabbe4dbf7/gnocchi.11f89d50-b167-40c1-8548-804f0c620f7b/1764720000.0_rate%3Amean_300.0_v3" "txefc86ed583a7482f9fb92-00693fc88f" "proxy-server 20" 0.0002 "-" 25 0
Dec 15 08:36:31 np0005559461 account-server[121833]: 172.20.0.104 - - [15/Dec/2025:08:36:31 +0000] "HEAD /d1/700/.expiring_objects" 404 - "HEAD http://localhost/v1/.expiring_objects?format=json" "txa9e15d23baa441eebe47f-00693fc88f" "proxy-server 2" 0.0006 "-" 20 -
Dec 15 08:36:31 np0005559461 container-server[122285]: 172.20.0.105 - - [15/Dec/2025:08:36:31 +0000] "PUT /d1/541/AUTH_2f96e5f995e6442f94f881dabbe4dbf7/gnocchi.11f89d50-b167-40c1-8548-804f0c620f7b/1764720000.0_mean_300.0_v3" 201 - "PUT http://172.18.0.159:8080/d1/584/AUTH_2f96e5f995e6442f94f881dabbe4dbf7/gnocchi.11f89d50-b167-40c1-8548-804f0c620f7b/1764720000.0_mean_300.0_v3" "txf3fdc5637b20459f84a0a-00693fc88f" "object-server 25" 0.0010 "-" 21 0
Dec 15 08:36:31 np0005559461 object-server[122868]: 172.20.0.103 - - [15/Dec/2025:08:36:31 +0000] "PUT /d1/584/AUTH_2f96e5f995e6442f94f881dabbe4dbf7/gnocchi.11f89d50-b167-40c1-8548-804f0c620f7b/1764720000.0_mean_300.0_v3" 201 - "PUT http://172.18.0.159:8080/v1/AUTH_2f96e5f995e6442f94f881dabbe4dbf7/gnocchi.11f89d50-b167-40c1-8548-804f0c620f7b/1764720000.0_mean_300.0_v3" "txf3fdc5637b20459f84a0a-00693fc88f" "proxy-server 20" 0.0139 "-" 25 0
Dec 15 08:36:31 np0005559461 container-server[122289]: 172.20.0.103 - - [15/Dec/2025:08:36:31 +0000] "PUT /d1/412/AUTH_2f96e5f995e6442f94f881dabbe4dbf7/gnocchi.02838bed-d538-42aa-b7bd-83dbf0314c10/1764720000.0_rate%3Amean_300.0_v3" 201 - "PUT http://172.18.0.159:8080/d1/946/AUTH_2f96e5f995e6442f94f881dabbe4dbf7/gnocchi.02838bed-d538-42aa-b7bd-83dbf0314c10/1764720000.0_rate%3Amean_300.0_v3" "tx2fe176076e024c2ea576d-00693fc88f" "object-server 24" 0.0007 "-" 22 0
Dec 15 08:36:31 np0005559461 object-server[122868]: 172.20.0.104 - - [15/Dec/2025:08:36:31 +0000] "PUT /d1/946/AUTH_2f96e5f995e6442f94f881dabbe4dbf7/gnocchi.02838bed-d538-42aa-b7bd-83dbf0314c10/1764720000.0_rate%3Amean_300.0_v3" 201 - "PUT http://172.18.0.159:8080/v1/AUTH_2f96e5f995e6442f94f881dabbe4dbf7/gnocchi.02838bed-d538-42aa-b7bd-83dbf0314c10/1764720000.0_rate%3Amean_300.0_v3" "tx2fe176076e024c2ea576d-00693fc88f" "proxy-server 20" 0.0179 "-" 25 0
Dec 15 08:36:31 np0005559461 proxy-server[124071]: 172.18.0.103 172.18.0.104 15/Dec/2025/08/36/31 GET /v1/AUTH_2f96e5f995e6442f94f881dabbe4dbf7/gnocchi.5a2b2660-8649-4254-9d78-11df70d10a6b/none_v3 HTTP/1.0 200 - python-swiftclient-3.11.1 gAAAAABpP8cB_H8j... - 22 - txbebbdb7b0fb74c9ab888d-00693fc88e - 0.9835 - - 1765787790.134303331 1765787791.117816687 0
Dec 15 08:36:31 np0005559461 container-server[122285]: 172.20.0.105 - - [15/Dec/2025:08:36:31 +0000] "PUT /d1/541/AUTH_2f96e5f995e6442f94f881dabbe4dbf7/gnocchi.11f89d50-b167-40c1-8548-804f0c620f7b/1764720000.0_rate%3Amean_300.0_v3" 201 - "PUT http://172.18.0.159:8080/d1/510/AUTH_2f96e5f995e6442f94f881dabbe4dbf7/gnocchi.11f89d50-b167-40c1-8548-804f0c620f7b/1764720000.0_rate%3Amean_300.0_v3" "tx3568fae2d0cb4c898a259-00693fc88f" "object-server 23" 0.0008 "-" 21 0
Dec 15 08:36:31 np0005559461 object-server[122856]: 172.20.0.103 - - [15/Dec/2025:08:36:31 +0000] "PUT /d1/510/AUTH_2f96e5f995e6442f94f881dabbe4dbf7/gnocchi.11f89d50-b167-40c1-8548-804f0c620f7b/1764720000.0_rate%3Amean_300.0_v3" 201 - "PUT http://172.18.0.159:8080/v1/AUTH_2f96e5f995e6442f94f881dabbe4dbf7/gnocchi.11f89d50-b167-40c1-8548-804f0c620f7b/1764720000.0_rate%3Amean_300.0_v3" "tx3568fae2d0cb4c898a259-00693fc88f" "proxy-server 20" 0.0194 "-" 23 0
Dec 15 08:36:31 np0005559461 container-server[122292]: 172.20.0.105 - - [15/Dec/2025:08:36:31 +0000] "PUT /d1/412/AUTH_2f96e5f995e6442f94f881dabbe4dbf7/gnocchi.02838bed-d538-42aa-b7bd-83dbf0314c10/none_v3" 201 - "PUT http://172.18.0.159:8080/d1/1004/AUTH_2f96e5f995e6442f94f881dabbe4dbf7/gnocchi.02838bed-d538-42aa-b7bd-83dbf0314c10/none_v3" "tx2e2c80d3cc86426892f69-00693fc88f" "object-server 23" 0.0007 "-" 23 0
Dec 15 08:36:31 np0005559461 object-server[122856]: 172.20.0.104 - - [15/Dec/2025:08:36:31 +0000] "PUT /d1/1004/AUTH_2f96e5f995e6442f94f881dabbe4dbf7/gnocchi.02838bed-d538-42aa-b7bd-83dbf0314c10/none_v3" 201 - "PUT http://172.18.0.159:8080/v1/AUTH_2f96e5f995e6442f94f881dabbe4dbf7/gnocchi.02838bed-d538-42aa-b7bd-83dbf0314c10/none_v3" "tx2e2c80d3cc86426892f69-00693fc88f" "proxy-server 20" 0.0279 "-" 23 0
Dec 15 08:36:31 np0005559461 container-server[122285]: 172.20.0.105 - - [15/Dec/2025:08:36:31 +0000] "GET /d1/873/AUTH_2f96e5f995e6442f94f881dabbe4dbf7/gnocchi.5a2b2660-8649-4254-9d78-11df70d10a6b" 200 357 "GET http://172.18.0.159:8080/v1/AUTH_2f96e5f995e6442f94f881dabbe4dbf7/gnocchi.5a2b2660-8649-4254-9d78-11df70d10a6b?format=json&states=listing" "tx9875baa1ca01483c80729-00693fc88f" "proxy-server 20" 0.0043 "-" 21 0
Dec 15 08:36:31 np0005559461 container-server[122266]: 172.20.0.103 - - [15/Dec/2025:08:36:31 +0000] "PUT /d1/541/AUTH_2f96e5f995e6442f94f881dabbe4dbf7/gnocchi.11f89d50-b167-40c1-8548-804f0c620f7b/none_v3" 201 - "PUT http://172.18.0.159:8080/d1/277/AUTH_2f96e5f995e6442f94f881dabbe4dbf7/gnocchi.11f89d50-b167-40c1-8548-804f0c620f7b/none_v3" "tx0c8eb8714d79474cb7956-00693fc88f" "object-server 24" 0.0007 "-" 20 0
Dec 15 08:36:31 np0005559461 object-server[122868]: 172.20.0.103 - - [15/Dec/2025:08:36:31 +0000] "PUT /d1/277/AUTH_2f96e5f995e6442f94f881dabbe4dbf7/gnocchi.11f89d50-b167-40c1-8548-804f0c620f7b/none_v3" 201 - "PUT http://172.18.0.159:8080/v1/AUTH_2f96e5f995e6442f94f881dabbe4dbf7/gnocchi.11f89d50-b167-40c1-8548-804f0c620f7b/none_v3" "tx0c8eb8714d79474cb7956-00693fc88f" "proxy-server 20" 0.0175 "-" 25 0
Dec 15 08:36:31 np0005559461 proxy-server[124071]: 172.18.0.103 172.18.0.104 15/Dec/2025/08/36/31 GET /v1/AUTH_2f96e5f995e6442f94f881dabbe4dbf7/gnocchi.5a2b2660-8649-4254-9d78-11df70d10a6b%3Fformat%3Djson%26states%3Dlisting HTTP/1.0 200 - python-swiftclient-3.11.1 gAAAAABpP8cB_H8j... - 357 - tx9875baa1ca01483c80729-00693fc88f - 0.0299 - - 1765787791.126608610 1765787791.156474590 0
Dec 15 08:36:31 np0005559461 container-server[122266]: 172.20.0.104 - - [15/Dec/2025:08:36:31 +0000] "GET /d1/873/AUTH_2f96e5f995e6442f94f881dabbe4dbf7/gnocchi.5a2b2660-8649-4254-9d78-11df70d10a6b" 200 2 "GET http://172.18.0.159:8080/v1/AUTH_2f96e5f995e6442f94f881dabbe4dbf7/gnocchi.5a2b2660-8649-4254-9d78-11df70d10a6b?format=json&marker=none_v3&states=listing" "tx3d28cf40cbf54de8943b1-00693fc88f" "proxy-server 20" 0.0026 "-" 20 0
Dec 15 08:36:31 np0005559461 container-server[122289]: 172.20.0.105 - - [15/Dec/2025:08:36:31 +0000] "HEAD /d1/210/AUTH_2f96e5f995e6442f94f881dabbe4dbf7/gnocchi.44058b93-1b81-433c-afb0-7b9ffd7cc5c7" 204 - "HEAD http://172.18.0.159:8080/v1/AUTH_2f96e5f995e6442f94f881dabbe4dbf7/gnocchi.44058b93-1b81-433c-afb0-7b9ffd7cc5c7?format=json&states=listing" "tx3fa59f8980784671a46f0-00693fc88f" "proxy-server 20" 0.0014 "-" 22 0
Dec 15 08:36:31 np0005559461 object-server[122856]: 172.20.0.103 - - [15/Dec/2025:08:36:31 +0000] "GET /d1/129/AUTH_2f96e5f995e6442f94f881dabbe4dbf7/gnocchi.5a2b2660-8649-4254-9d78-11df70d10a6b/1764720000.0_rate%3Amean_300.0_v3" 404 70 "GET http://172.18.0.159:8080/v1/AUTH_2f96e5f995e6442f94f881dabbe4dbf7/gnocchi.5a2b2660-8649-4254-9d78-11df70d10a6b/1764720000.0_rate%3Amean_300.0_v3" "tx59c4a18a17f246fa8e6da-00693fc88f" "proxy-server 20" 0.0003 "-" 23 0
Dec 15 08:36:31 np0005559461 proxy-server[124071]: 172.18.0.159 172.18.0.104 15/Dec/2025/08/36/31 GET /v1/AUTH_2f96e5f995e6442f94f881dabbe4dbf7/gnocchi.44058b93-1b81-433c-afb0-7b9ffd7cc5c7/none_v3 HTTP/1.0 200 - python-swiftclient-3.11.1 gAAAAABpP8cKWFq0... - 22 - tx3fa59f8980784671a46f0-00693fc88f - 0.0205 - - 1765787791.182466030 1765787791.202947617 0
Dec 15 08:36:31 np0005559461 object-server[122856]: 172.20.0.105 - - [15/Dec/2025:08:36:31 +0000] "PUT /d1/129/AUTH_2f96e5f995e6442f94f881dabbe4dbf7/gnocchi.5a2b2660-8649-4254-9d78-11df70d10a6b/1764720000.0_rate%3Amean_300.0_v3" 201 - "PUT http://172.18.0.159:8080/v1/AUTH_2f96e5f995e6442f94f881dabbe4dbf7/gnocchi.5a2b2660-8649-4254-9d78-11df70d10a6b/1764720000.0_rate%3Amean_300.0_v3" "txa9d0e71226284f349ea6b-00693fc88f" "proxy-server 20" 0.0196 "-" 23 0
Dec 15 08:36:31 np0005559461 container-server[122266]: 172.20.0.104 - - [15/Dec/2025:08:36:31 +0000] "PUT /d1/873/AUTH_2f96e5f995e6442f94f881dabbe4dbf7/gnocchi.5a2b2660-8649-4254-9d78-11df70d10a6b/1764720000.0_rate%3Amean_300.0_v3" 201 - "PUT http://172.18.0.159:8080/d1/129/AUTH_2f96e5f995e6442f94f881dabbe4dbf7/gnocchi.5a2b2660-8649-4254-9d78-11df70d10a6b/1764720000.0_rate%3Amean_300.0_v3" "txa9d0e71226284f349ea6b-00693fc88f" "object-server 25" 0.0005 "-" 20 0
Dec 15 08:36:31 np0005559461 proxy-server[124071]: 172.18.0.103 172.18.0.104 15/Dec/2025/08/36/31 PUT /v1/AUTH_2f96e5f995e6442f94f881dabbe4dbf7/gnocchi.5a2b2660-8649-4254-9d78-11df70d10a6b/1764720000.0_rate%253Amean_300.0_v3 HTTP/1.0 201 - python-swiftclient-3.11.1 gAAAAABpP8cB_H8j... 16 - - txa9d0e71226284f349ea6b-00693fc88f - 0.0346 - - 1765787791.221497536 1765787791.256105185 0
Dec 15 08:36:31 np0005559461 object-server[122828]: 172.20.0.104 - - [15/Dec/2025:08:36:31 +0000] "GET /d1/768/AUTH_2f96e5f995e6442f94f881dabbe4dbf7/gnocchi.44058b93-1b81-433c-afb0-7b9ffd7cc5c7/1764720000.0_rate%3Amean_300.0_v3" 404 70 "GET http://172.18.0.159:8080/v1/AUTH_2f96e5f995e6442f94f881dabbe4dbf7/gnocchi.44058b93-1b81-433c-afb0-7b9ffd7cc5c7/1764720000.0_rate%3Amean_300.0_v3" "tx5f3403cd309346c8a03e6-00693fc88f" "proxy-server 20" 0.0004 "-" 19 0
Dec 15 08:36:31 np0005559461 container-server[122289]: 172.20.0.103 - - [15/Dec/2025:08:36:31 +0000] "PUT /d1/873/AUTH_2f96e5f995e6442f94f881dabbe4dbf7/gnocchi.5a2b2660-8649-4254-9d78-11df70d10a6b/1764720000.0_mean_300.0_v3" 201 - "PUT http://172.18.0.159:8080/d1/242/AUTH_2f96e5f995e6442f94f881dabbe4dbf7/gnocchi.5a2b2660-8649-4254-9d78-11df70d10a6b/1764720000.0_mean_300.0_v3" "tx1ad5756aa7a0471e8cc44-00693fc88f" "object-server 22" 0.0007 "-" 22 0
Dec 15 08:36:31 np0005559461 container-server[122292]: 172.20.0.105 - - [15/Dec/2025:08:36:31 +0000] "PUT /d1/210/AUTH_2f96e5f995e6442f94f881dabbe4dbf7/gnocchi.44058b93-1b81-433c-afb0-7b9ffd7cc5c7/1764720000.0_mean_300.0_v3" 201 - "PUT http://172.18.0.159:8080/d1/819/AUTH_2f96e5f995e6442f94f881dabbe4dbf7/gnocchi.44058b93-1b81-433c-afb0-7b9ffd7cc5c7/1764720000.0_mean_300.0_v3" "txd230136748f54dab9a5a6-00693fc88f" "object-server 25" 0.0007 "-" 23 0
Dec 15 08:36:31 np0005559461 object-server[122868]: 172.20.0.105 - - [15/Dec/2025:08:36:31 +0000] "PUT /d1/819/AUTH_2f96e5f995e6442f94f881dabbe4dbf7/gnocchi.44058b93-1b81-433c-afb0-7b9ffd7cc5c7/1764720000.0_mean_300.0_v3" 201 - "PUT http://172.18.0.159:8080/v1/AUTH_2f96e5f995e6442f94f881dabbe4dbf7/gnocchi.44058b93-1b81-433c-afb0-7b9ffd7cc5c7/1764720000.0_mean_300.0_v3" "txd230136748f54dab9a5a6-00693fc88f" "proxy-server 20" 0.0106 "-" 25 0
Dec 15 08:36:31 np0005559461 object-server[122856]: 172.20.0.103 - - [15/Dec/2025:08:36:31 +0000] "PUT /d1/242/AUTH_2f96e5f995e6442f94f881dabbe4dbf7/gnocchi.5a2b2660-8649-4254-9d78-11df70d10a6b/1764720000.0_mean_300.0_v3" 201 - "PUT http://172.18.0.159:8080/v1/AUTH_2f96e5f995e6442f94f881dabbe4dbf7/gnocchi.5a2b2660-8649-4254-9d78-11df70d10a6b/1764720000.0_mean_300.0_v3" "tx1ad5756aa7a0471e8cc44-00693fc88f" "proxy-server 20" 0.0338 "-" 23 0
Dec 15 08:36:31 np0005559461 proxy-server[124071]: 172.18.0.159 172.18.0.104 15/Dec/2025/08/36/31 PUT /v1/AUTH_2f96e5f995e6442f94f881dabbe4dbf7/gnocchi.44058b93-1b81-433c-afb0-7b9ffd7cc5c7/1764720000.0_mean_300.0_v3 HTTP/1.0 201 - python-swiftclient-3.11.1 gAAAAABpP8cKWFq0... 27 - - txd230136748f54dab9a5a6-00693fc88f - 0.0267 - - 1765787791.290026426 1765787791.316773653 0
Dec 15 08:36:31 np0005559461 container-server[122266]: 172.20.0.105 - - [15/Dec/2025:08:36:31 +0000] "PUT /d1/873/AUTH_2f96e5f995e6442f94f881dabbe4dbf7/gnocchi.5a2b2660-8649-4254-9d78-11df70d10a6b/none_v3" 201 - "PUT http://172.18.0.159:8080/d1/714/AUTH_2f96e5f995e6442f94f881dabbe4dbf7/gnocchi.5a2b2660-8649-4254-9d78-11df70d10a6b/none_v3" "tx7cf6ef20d5cb4c259d7e5-00693fc88f" "object-server 19" 0.0006 "-" 20 0
Dec 15 08:36:31 np0005559461 object-server[122828]: 172.20.0.104 - - [15/Dec/2025:08:36:31 +0000] "PUT /d1/714/AUTH_2f96e5f995e6442f94f881dabbe4dbf7/gnocchi.5a2b2660-8649-4254-9d78-11df70d10a6b/none_v3" 201 - "PUT http://172.18.0.159:8080/v1/AUTH_2f96e5f995e6442f94f881dabbe4dbf7/gnocchi.5a2b2660-8649-4254-9d78-11df70d10a6b/none_v3" "tx7cf6ef20d5cb4c259d7e5-00693fc88f" "proxy-server 20" 0.0111 "-" 19 0
Dec 15 08:36:31 np0005559461 object-server[122849]: 172.20.0.103 - - [15/Dec/2025:08:36:31 +0000] "PUT /d1/768/AUTH_2f96e5f995e6442f94f881dabbe4dbf7/gnocchi.44058b93-1b81-433c-afb0-7b9ffd7cc5c7/1764720000.0_rate%3Amean_300.0_v3" 201 - "PUT http://172.18.0.159:8080/v1/AUTH_2f96e5f995e6442f94f881dabbe4dbf7/gnocchi.44058b93-1b81-433c-afb0-7b9ffd7cc5c7/1764720000.0_rate%3Amean_300.0_v3" "tx202bb95ca9b34de0a8896-00693fc88f" "proxy-server 20" 0.0139 "-" 22 0
Dec 15 08:36:31 np0005559461 container-server[122285]: 172.20.0.104 - - [15/Dec/2025:08:36:31 +0000] "PUT /d1/210/AUTH_2f96e5f995e6442f94f881dabbe4dbf7/gnocchi.44058b93-1b81-433c-afb0-7b9ffd7cc5c7/1764720000.0_rate%3Amean_300.0_v3" 201 - "PUT http://172.18.0.159:8080/d1/768/AUTH_2f96e5f995e6442f94f881dabbe4dbf7/gnocchi.44058b93-1b81-433c-afb0-7b9ffd7cc5c7/1764720000.0_rate%3Amean_300.0_v3" "tx202bb95ca9b34de0a8896-00693fc88f" "object-server 25" 0.0005 "-" 21 0
Dec 15 08:36:31 np0005559461 object-server[122849]: 172.20.0.105 - - [15/Dec/2025:08:36:31 +0000] "GET /d1/66/AUTH_2f96e5f995e6442f94f881dabbe4dbf7/gnocchi.daa01772-468e-4336-96c3-1a0b9614a618/none_v3" 200 22 "GET http://172.18.0.159:8080/v1/AUTH_2f96e5f995e6442f94f881dabbe4dbf7/gnocchi.daa01772-468e-4336-96c3-1a0b9614a618/none_v3" "tx9f1d767fa7454e638c55e-00693fc88f" "proxy-server 20" 0.0007 "-" 22 0
Dec 15 08:36:31 np0005559461 proxy-server[124071]: 172.18.0.105 172.18.0.104 15/Dec/2025/08/36/31 GET /v1/AUTH_2f96e5f995e6442f94f881dabbe4dbf7/gnocchi.daa01772-468e-4336-96c3-1a0b9614a618/none_v3 HTTP/1.0 200 - python-swiftclient-3.11.1 gAAAAABpP8bDpUSn... - 22 - tx9f1d767fa7454e638c55e-00693fc88f - 0.0209 - - 1765787791.330641508 1765787791.351565123 0
Dec 15 08:36:31 np0005559461 container-server[122292]: 172.20.0.103 - - [15/Dec/2025:08:36:31 +0000] "PUT /d1/210/AUTH_2f96e5f995e6442f94f881dabbe4dbf7/gnocchi.44058b93-1b81-433c-afb0-7b9ffd7cc5c7/none_v3" 201 - "PUT http://172.18.0.159:8080/d1/570/AUTH_2f96e5f995e6442f94f881dabbe4dbf7/gnocchi.44058b93-1b81-433c-afb0-7b9ffd7cc5c7/none_v3" "tx941e306834e44483bad5e-00693fc88f" "object-server 25" 0.0005 "-" 23 0
Dec 15 08:36:31 np0005559461 object-server[122828]: 172.20.0.104 - - [15/Dec/2025:08:36:31 +0000] "PUT /d1/570/AUTH_2f96e5f995e6442f94f881dabbe4dbf7/gnocchi.44058b93-1b81-433c-afb0-7b9ffd7cc5c7/none_v3" 201 - "PUT http://172.18.0.159:8080/v1/AUTH_2f96e5f995e6442f94f881dabbe4dbf7/gnocchi.44058b93-1b81-433c-afb0-7b9ffd7cc5c7/none_v3" "tx941e306834e44483bad5e-00693fc88f" "proxy-server 20" 0.0144 "-" 19 0
Dec 15 08:36:31 np0005559461 proxy-server[124071]: 172.18.0.105 172.18.0.104 15/Dec/2025/08/36/31 GET /v1/AUTH_2f96e5f995e6442f94f881dabbe4dbf7/gnocchi.daa01772-468e-4336-96c3-1a0b9614a618%3Fformat%3Djson%26marker%3Dnone_v3%26states%3Dlisting HTTP/1.0 200 - python-swiftclient-3.11.1 gAAAAABpP8bDpUSn... - 2 - tx8e37fd22bf4f424cba364-00693fc88f - 0.0133 - - 1765787791.375021935 1765787791.388371468 0
Dec 15 08:36:31 np0005559461 container-server[122285]: 172.20.0.104 - - [15/Dec/2025:08:36:31 +0000] "HEAD /d1/277/AUTH_2f96e5f995e6442f94f881dabbe4dbf7/gnocchi.6ce0ec4c-233f-4379-ba59-b1de744aaba8" 204 - "HEAD http://172.18.0.159:8080/v1/AUTH_2f96e5f995e6442f94f881dabbe4dbf7/gnocchi.6ce0ec4c-233f-4379-ba59-b1de744aaba8?format=json&states=listing" "txeb8f7770362543eeac184-00693fc88f" "proxy-server 20" 0.0012 "-" 21 0
Dec 15 08:36:31 np0005559461 object-server[122868]: 172.20.0.104 - - [15/Dec/2025:08:36:31 +0000] "GET /d1/611/AUTH_2f96e5f995e6442f94f881dabbe4dbf7/gnocchi.6ce0ec4c-233f-4379-ba59-b1de744aaba8/none_v3" 200 22 "GET http://172.18.0.159:8080/v1/AUTH_2f96e5f995e6442f94f881dabbe4dbf7/gnocchi.6ce0ec4c-233f-4379-ba59-b1de744aaba8/none_v3" "txeb8f7770362543eeac184-00693fc88f" "proxy-server 20" 0.0010 "-" 25 0
Dec 15 08:36:31 np0005559461 object-server[122849]: 172.20.0.105 - - [15/Dec/2025:08:36:31 +0000] "GET /d1/440/AUTH_2f96e5f995e6442f94f881dabbe4dbf7/gnocchi.daa01772-468e-4336-96c3-1a0b9614a618/1764720000.0_rate%3Amean_300.0_v3" 404 70 "GET http://172.18.0.159:8080/v1/AUTH_2f96e5f995e6442f94f881dabbe4dbf7/gnocchi.daa01772-468e-4336-96c3-1a0b9614a618/1764720000.0_rate%3Amean_300.0_v3" "tx6d75f5f23cfe4552a3b86-00693fc88f" "proxy-server 20" 0.0004 "-" 22 0
Dec 15 08:36:31 np0005559461 proxy-server[124071]: 172.18.0.105 172.18.0.104 15/Dec/2025/08/36/31 GET /v1/AUTH_2f96e5f995e6442f94f881dabbe4dbf7/gnocchi.daa01772-468e-4336-96c3-1a0b9614a618/1764720000.0_rate%253Amean_300.0_v3 HTTP/1.0 404 - python-swiftclient-3.11.1 gAAAAABpP8bDpUSn... - 70 - tx6d75f5f23cfe4552a3b86-00693fc88f - 0.0117 - - 1765787791.411216736 1765787791.422917604 0
Dec 15 08:36:31 np0005559461 container-server[122266]: 172.20.0.103 - - [15/Dec/2025:08:36:31 +0000] "PUT /d1/951/AUTH_2f96e5f995e6442f94f881dabbe4dbf7/gnocchi.daa01772-468e-4336-96c3-1a0b9614a618/1764720000.0_mean_300.0_v3" 201 - "PUT http://172.18.0.159:8080/d1/339/AUTH_2f96e5f995e6442f94f881dabbe4dbf7/gnocchi.daa01772-468e-4336-96c3-1a0b9614a618/1764720000.0_mean_300.0_v3" "tx0880fe14daf54881be4b9-00693fc88f" "object-server 22" 0.0005 "-" 20 0
Dec 15 08:36:31 np0005559461 object-server[122868]: 172.20.0.104 - - [15/Dec/2025:08:36:31 +0000] "PUT /d1/339/AUTH_2f96e5f995e6442f94f881dabbe4dbf7/gnocchi.daa01772-468e-4336-96c3-1a0b9614a618/1764720000.0_mean_300.0_v3" 201 - "PUT http://172.18.0.159:8080/v1/AUTH_2f96e5f995e6442f94f881dabbe4dbf7/gnocchi.daa01772-468e-4336-96c3-1a0b9614a618/1764720000.0_mean_300.0_v3" "tx0880fe14daf54881be4b9-00693fc88f" "proxy-server 20" 0.0115 "-" 25 0
Dec 15 08:36:31 np0005559461 proxy-server[124071]: 172.18.0.159 172.18.0.104 15/Dec/2025/08/36/31 GET /v1/AUTH_2f96e5f995e6442f94f881dabbe4dbf7/gnocchi.6ce0ec4c-233f-4379-ba59-b1de744aaba8%3Fformat%3Djson%26marker%3Dnone_v3%26states%3Dlisting HTTP/1.0 200 - python-swiftclient-3.11.1 gAAAAABpP8cKWFq0... - 2 - tx5b5df60b30aa4bafbe287-00693fc88f - 0.0118 - - 1765787791.439109564 1765787791.450936317 0
Dec 15 08:36:31 np0005559461 container-server[122266]: 172.20.0.105 - - [15/Dec/2025:08:36:31 +0000] "PUT /d1/951/AUTH_2f96e5f995e6442f94f881dabbe4dbf7/gnocchi.daa01772-468e-4336-96c3-1a0b9614a618/1764720000.0_rate%3Amean_300.0_v3" 201 - "PUT http://172.18.0.159:8080/d1/440/AUTH_2f96e5f995e6442f94f881dabbe4dbf7/gnocchi.daa01772-468e-4336-96c3-1a0b9614a618/1764720000.0_rate%3Amean_300.0_v3" "tx5cd84660602c4eed887de-00693fc88f" "object-server 19" 0.0003 "-" 20 0
Dec 15 08:36:31 np0005559461 object-server[122828]: 172.20.0.105 - - [15/Dec/2025:08:36:31 +0000] "PUT /d1/440/AUTH_2f96e5f995e6442f94f881dabbe4dbf7/gnocchi.daa01772-468e-4336-96c3-1a0b9614a618/1764720000.0_rate%3Amean_300.0_v3" 201 - "PUT http://172.18.0.159:8080/v1/AUTH_2f96e5f995e6442f94f881dabbe4dbf7/gnocchi.daa01772-468e-4336-96c3-1a0b9614a618/1764720000.0_rate%3Amean_300.0_v3" "tx5cd84660602c4eed887de-00693fc88f" "proxy-server 20" 0.0102 "-" 19 0
Dec 15 08:36:31 np0005559461 proxy-server[124071]: 172.18.0.105 172.18.0.104 15/Dec/2025/08/36/31 PUT /v1/AUTH_2f96e5f995e6442f94f881dabbe4dbf7/gnocchi.daa01772-468e-4336-96c3-1a0b9614a618/1764720000.0_rate%253Amean_300.0_v3 HTTP/1.0 201 - python-swiftclient-3.11.1 gAAAAABpP8bDpUSn... 16 - - tx5cd84660602c4eed887de-00693fc88f - 0.0285 - - 1765787791.461861134 1765787791.490358829 0
Dec 15 08:36:31 np0005559461 object-server[122849]: 172.20.0.104 - - [15/Dec/2025:08:36:31 +0000] "GET /d1/130/AUTH_2f96e5f995e6442f94f881dabbe4dbf7/gnocchi.6ce0ec4c-233f-4379-ba59-b1de744aaba8/1764720000.0_rate%3Amean_300.0_v3" 404 70 "GET http://172.18.0.159:8080/v1/AUTH_2f96e5f995e6442f94f881dabbe4dbf7/gnocchi.6ce0ec4c-233f-4379-ba59-b1de744aaba8/1764720000.0_rate%3Amean_300.0_v3" "tx65b1f48cf3c74e75b9264-00693fc88f" "proxy-server 20" 0.0003 "-" 22 0
Dec 15 08:36:31 np0005559461 object-server[122856]: 172.20.0.103 - - [15/Dec/2025:08:36:31 +0000] "PUT /d1/66/AUTH_2f96e5f995e6442f94f881dabbe4dbf7/gnocchi.daa01772-468e-4336-96c3-1a0b9614a618/none_v3" 201 - "PUT http://172.18.0.159:8080/v1/AUTH_2f96e5f995e6442f94f881dabbe4dbf7/gnocchi.daa01772-468e-4336-96c3-1a0b9614a618/none_v3" "tx05605bf204fd48d68acd8-00693fc88f" "proxy-server 20" 0.0149 "-" 23 0
Dec 15 08:36:31 np0005559461 container-server[122285]: 172.20.0.104 - - [15/Dec/2025:08:36:31 +0000] "PUT /d1/951/AUTH_2f96e5f995e6442f94f881dabbe4dbf7/gnocchi.daa01772-468e-4336-96c3-1a0b9614a618/none_v3" 201 - "PUT http://172.18.0.159:8080/d1/66/AUTH_2f96e5f995e6442f94f881dabbe4dbf7/gnocchi.daa01772-468e-4336-96c3-1a0b9614a618/none_v3" "tx05605bf204fd48d68acd8-00693fc88f" "object-server 24" 0.0007 "-" 21 0
Dec 15 08:36:31 np0005559461 container-server[122289]: 172.20.0.103 - - [15/Dec/2025:08:36:31 +0000] "PUT /d1/277/AUTH_2f96e5f995e6442f94f881dabbe4dbf7/gnocchi.6ce0ec4c-233f-4379-ba59-b1de744aaba8/1764720000.0_mean_300.0_v3" 201 - "PUT http://172.18.0.159:8080/d1/703/AUTH_2f96e5f995e6442f94f881dabbe4dbf7/gnocchi.6ce0ec4c-233f-4379-ba59-b1de744aaba8/1764720000.0_mean_300.0_v3" "tx7434f859719d4bef95624-00693fc88f" "object-server 25" 0.0005 "-" 22 0
Dec 15 08:36:31 np0005559461 container-server[122266]: 172.20.0.104 - - [15/Dec/2025:08:36:31 +0000] "HEAD /d1/278/AUTH_2f96e5f995e6442f94f881dabbe4dbf7/gnocchi.d36d970f-bfcb-4128-b7da-8b42c64e5836" 204 - "HEAD http://172.18.0.159:8080/v1/AUTH_2f96e5f995e6442f94f881dabbe4dbf7/gnocchi.d36d970f-bfcb-4128-b7da-8b42c64e5836?format=json&states=listing" "tx5941d606a00f4ffa9877d-00693fc88f" "proxy-server 20" 0.0021 "-" 20 0
Dec 15 08:36:31 np0005559461 object-server[122856]: 172.20.0.105 - - [15/Dec/2025:08:36:31 +0000] "PUT /d1/703/AUTH_2f96e5f995e6442f94f881dabbe4dbf7/gnocchi.6ce0ec4c-233f-4379-ba59-b1de744aaba8/1764720000.0_mean_300.0_v3" 201 - "PUT http://172.18.0.159:8080/v1/AUTH_2f96e5f995e6442f94f881dabbe4dbf7/gnocchi.6ce0ec4c-233f-4379-ba59-b1de744aaba8/1764720000.0_mean_300.0_v3" "tx7434f859719d4bef95624-00693fc88f" "proxy-server 20" 0.0264 "-" 23 0
Dec 15 08:36:31 np0005559461 proxy-server[124071]: 172.18.0.159 172.18.0.104 15/Dec/2025/08/36/31 PUT /v1/AUTH_2f96e5f995e6442f94f881dabbe4dbf7/gnocchi.6ce0ec4c-233f-4379-ba59-b1de744aaba8/1764720000.0_mean_300.0_v3 HTTP/1.0 201 - python-swiftclient-3.11.1 gAAAAABpP8cKWFq0... 27 - - tx7434f859719d4bef95624-00693fc88f - 0.0344 - - 1765787791.512024641 1765787791.546386242 0
Dec 15 08:36:31 np0005559461 container-server[122285]: 172.20.0.103 - - [15/Dec/2025:08:36:31 +0000] "PUT /d1/277/AUTH_2f96e5f995e6442f94f881dabbe4dbf7/gnocchi.6ce0ec4c-233f-4379-ba59-b1de744aaba8/1764720000.0_rate%3Amean_300.0_v3" 201 - "PUT http://172.18.0.159:8080/d1/130/AUTH_2f96e5f995e6442f94f881dabbe4dbf7/gnocchi.6ce0ec4c-233f-4379-ba59-b1de744aaba8/1764720000.0_rate%3Amean_300.0_v3" "tx75c51e441b21405ab4062-00693fc88f" "object-server 23" 0.0005 "-" 21 0
Dec 15 08:36:31 np0005559461 proxy-server[124071]: 172.18.0.103 172.18.0.104 15/Dec/2025/08/36/31 GET /v1/AUTH_2f96e5f995e6442f94f881dabbe4dbf7/gnocchi.d36d970f-bfcb-4128-b7da-8b42c64e5836%3Fformat%3Djson%26marker%3Dnone_v3%26states%3Dlisting HTTP/1.0 200 - python-swiftclient-3.11.1 gAAAAABpP8cB_H8j... - 2 - tx52c304b507d642ae8a0fd-00693fc88f - 0.0095 - - 1765787791.564383030 1765787791.573919773 0
Dec 15 08:36:31 np0005559461 object-server[122868]: 172.20.0.104 - - [15/Dec/2025:08:36:31 +0000] "PUT /d1/130/AUTH_2f96e5f995e6442f94f881dabbe4dbf7/gnocchi.6ce0ec4c-233f-4379-ba59-b1de744aaba8/1764720000.0_rate%3Amean_300.0_v3" 201 - "PUT http://172.18.0.159:8080/v1/AUTH_2f96e5f995e6442f94f881dabbe4dbf7/gnocchi.6ce0ec4c-233f-4379-ba59-b1de744aaba8/1764720000.0_rate%3Amean_300.0_v3" "tx75c51e441b21405ab4062-00693fc88f" "proxy-server 20" 0.0157 "-" 25 0
Dec 15 08:36:31 np0005559461 object-server[122828]: 172.20.0.103 - - [15/Dec/2025:08:36:31 +0000] "GET /d1/607/AUTH_2f96e5f995e6442f94f881dabbe4dbf7/gnocchi.d36d970f-bfcb-4128-b7da-8b42c64e5836/1764720000.0_rate%3Amean_300.0_v3" 404 70 "GET http://172.18.0.159:8080/v1/AUTH_2f96e5f995e6442f94f881dabbe4dbf7/gnocchi.d36d970f-bfcb-4128-b7da-8b42c64e5836/1764720000.0_rate%3Amean_300.0_v3" "txb831662f1f2c49e4aaf22-00693fc88f" "proxy-server 20" 0.0003 "-" 19 0
Dec 15 08:36:31 np0005559461 container-server[122266]: 172.20.0.105 - - [15/Dec/2025:08:36:31 +0000] "PUT /d1/277/AUTH_2f96e5f995e6442f94f881dabbe4dbf7/gnocchi.6ce0ec4c-233f-4379-ba59-b1de744aaba8/none_v3" 201 - "PUT http://172.18.0.159:8080/d1/611/AUTH_2f96e5f995e6442f94f881dabbe4dbf7/gnocchi.6ce0ec4c-233f-4379-ba59-b1de744aaba8/none_v3" "tx95da3ad71eee42ed840ca-00693fc88f" "object-server 22" 0.0008 "-" 20 0
Dec 15 08:36:31 np0005559461 object-server[122849]: 172.20.0.105 - - [15/Dec/2025:08:36:31 +0000] "PUT /d1/611/AUTH_2f96e5f995e6442f94f881dabbe4dbf7/gnocchi.6ce0ec4c-233f-4379-ba59-b1de744aaba8/none_v3" 201 - "PUT http://172.18.0.159:8080/v1/AUTH_2f96e5f995e6442f94f881dabbe4dbf7/gnocchi.6ce0ec4c-233f-4379-ba59-b1de744aaba8/none_v3" "tx95da3ad71eee42ed840ca-00693fc88f" "proxy-server 20" 0.0284 "-" 22 0
Dec 15 08:36:31 np0005559461 proxy-server[124071]: 172.18.0.159 172.18.0.104 15/Dec/2025/08/36/31 PUT /v1/AUTH_2f96e5f995e6442f94f881dabbe4dbf7/gnocchi.6ce0ec4c-233f-4379-ba59-b1de744aaba8/none_v3 HTTP/1.0 201 - python-swiftclient-3.11.1 gAAAAABpP8cKWFq0... 34 - - tx95da3ad71eee42ed840ca-00693fc88f - 0.0363 - - 1765787791.587408543 1765787791.623689651 0
Dec 15 08:36:31 np0005559461 container-server[122292]: 172.20.0.104 - - [15/Dec/2025:08:36:31 +0000] "PUT /d1/278/AUTH_2f96e5f995e6442f94f881dabbe4dbf7/gnocchi.d36d970f-bfcb-4128-b7da-8b42c64e5836/1764720000.0_rate%3Amean_300.0_v3" 201 - "PUT http://172.18.0.159:8080/d1/607/AUTH_2f96e5f995e6442f94f881dabbe4dbf7/gnocchi.d36d970f-bfcb-4128-b7da-8b42c64e5836/1764720000.0_rate%3Amean_300.0_v3" "tx6004ea980f914e538ae71-00693fc88f" "object-server 24" 0.0006 "-" 23 0
Dec 15 08:36:31 np0005559461 object-server[122868]: 172.20.0.103 - - [15/Dec/2025:08:36:31 +0000] "PUT /d1/607/AUTH_2f96e5f995e6442f94f881dabbe4dbf7/gnocchi.d36d970f-bfcb-4128-b7da-8b42c64e5836/1764720000.0_rate%3Amean_300.0_v3" 201 - "PUT http://172.18.0.159:8080/v1/AUTH_2f96e5f995e6442f94f881dabbe4dbf7/gnocchi.d36d970f-bfcb-4128-b7da-8b42c64e5836/1764720000.0_rate%3Amean_300.0_v3" "tx6004ea980f914e538ae71-00693fc88f" "proxy-server 20" 0.0186 "-" 25 0
Dec 15 08:36:31 np0005559461 container-server[122266]: 172.20.0.105 - - [15/Dec/2025:08:36:31 +0000] "PUT /d1/278/AUTH_2f96e5f995e6442f94f881dabbe4dbf7/gnocchi.d36d970f-bfcb-4128-b7da-8b42c64e5836/1764720000.0_mean_300.0_v3" 201 - "PUT http://172.18.0.159:8080/d1/460/AUTH_2f96e5f995e6442f94f881dabbe4dbf7/gnocchi.d36d970f-bfcb-4128-b7da-8b42c64e5836/1764720000.0_mean_300.0_v3" "tx8cba5915a48948d69994b-00693fc88f" "object-server 22" 0.0006 "-" 20 0
Dec 15 08:36:31 np0005559461 object-server[122849]: 172.20.0.104 - - [15/Dec/2025:08:36:31 +0000] "PUT /d1/460/AUTH_2f96e5f995e6442f94f881dabbe4dbf7/gnocchi.d36d970f-bfcb-4128-b7da-8b42c64e5836/1764720000.0_mean_300.0_v3" 201 - "PUT http://172.18.0.159:8080/v1/AUTH_2f96e5f995e6442f94f881dabbe4dbf7/gnocchi.d36d970f-bfcb-4128-b7da-8b42c64e5836/1764720000.0_mean_300.0_v3" "tx8cba5915a48948d69994b-00693fc88f" "proxy-server 20" 0.0123 "-" 22 0
Dec 15 08:36:31 np0005559461 object-server[122856]: 172.20.0.105 - - [15/Dec/2025:08:36:31 +0000] "GET /d1/443/AUTH_2f96e5f995e6442f94f881dabbe4dbf7/gnocchi.5435b1c7-2c9b-45fb-97c2-3cc129347a44/none_v3" 200 22 "GET http://172.18.0.159:8080/v1/AUTH_2f96e5f995e6442f94f881dabbe4dbf7/gnocchi.5435b1c7-2c9b-45fb-97c2-3cc129347a44/none_v3" "tx43cfe67d98a847b9bc5b3-00693fc88f" "proxy-server 20" 0.0006 "-" 23 0
Dec 15 08:36:31 np0005559461 proxy-server[124071]: 172.18.0.105 172.18.0.104 15/Dec/2025/08/36/31 GET /v1/AUTH_2f96e5f995e6442f94f881dabbe4dbf7/gnocchi.5435b1c7-2c9b-45fb-97c2-3cc129347a44/none_v3 HTTP/1.0 200 - python-swiftclient-3.11.1 gAAAAABpP8bDpUSn... - 22 - tx43cfe67d98a847b9bc5b3-00693fc88f - 0.0208 - - 1765787791.659668922 1765787791.680480719 0
Dec 15 08:36:31 np0005559461 container-server[122292]: 172.20.0.105 - - [15/Dec/2025:08:36:31 +0000] "PUT /d1/278/AUTH_2f96e5f995e6442f94f881dabbe4dbf7/gnocchi.d36d970f-bfcb-4128-b7da-8b42c64e5836/none_v3" 201 - "PUT http://172.18.0.159:8080/d1/263/AUTH_2f96e5f995e6442f94f881dabbe4dbf7/gnocchi.d36d970f-bfcb-4128-b7da-8b42c64e5836/none_v3" "txf1e230808c1f4ab9bca6c-00693fc88f" "object-server 22" 0.0011 "-" 23 0
Dec 15 08:36:31 np0005559461 object-server[122849]: 172.20.0.103 - - [15/Dec/2025:08:36:31 +0000] "PUT /d1/263/AUTH_2f96e5f995e6442f94f881dabbe4dbf7/gnocchi.d36d970f-bfcb-4128-b7da-8b42c64e5836/none_v3" 201 - "PUT http://172.18.0.159:8080/v1/AUTH_2f96e5f995e6442f94f881dabbe4dbf7/gnocchi.d36d970f-bfcb-4128-b7da-8b42c64e5836/none_v3" "txf1e230808c1f4ab9bca6c-00693fc88f" "proxy-server 20" 0.0171 "-" 22 0
Dec 15 08:36:31 np0005559461 container-server[122266]: 172.20.0.105 - - [15/Dec/2025:08:36:31 +0000] "GET /d1/415/AUTH_2f96e5f995e6442f94f881dabbe4dbf7/gnocchi.5435b1c7-2c9b-45fb-97c2-3cc129347a44" 200 2 "GET http://172.18.0.159:8080/v1/AUTH_2f96e5f995e6442f94f881dabbe4dbf7/gnocchi.5435b1c7-2c9b-45fb-97c2-3cc129347a44?format=json&marker=none_v3&states=listing" "tx2de42db74cc6400d8b825-00693fc88f" "proxy-server 20" 0.0030 "-" 20 0
Dec 15 08:36:31 np0005559461 proxy-server[124071]: 172.18.0.105 172.18.0.104 15/Dec/2025/08/36/31 GET /v1/AUTH_2f96e5f995e6442f94f881dabbe4dbf7/gnocchi.5435b1c7-2c9b-45fb-97c2-3cc129347a44%3Fformat%3Djson%26marker%3Dnone_v3%26states%3Dlisting HTTP/1.0 200 - python-swiftclient-3.11.1 gAAAAABpP8bDpUSn... - 2 - tx2de42db74cc6400d8b825-00693fc88f - 0.0122 - - 1765787791.723745823 1765787791.735906601 0
Dec 15 08:36:31 np0005559461 object-server[122868]: 172.20.0.103 - - [15/Dec/2025:08:36:31 +0000] "GET /d1/39/AUTH_2f96e5f995e6442f94f881dabbe4dbf7/gnocchi.5435b1c7-2c9b-45fb-97c2-3cc129347a44/1764720000.0_rate%3Amean_300.0_v3" 404 70 "GET http://172.18.0.159:8080/v1/AUTH_2f96e5f995e6442f94f881dabbe4dbf7/gnocchi.5435b1c7-2c9b-45fb-97c2-3cc129347a44/1764720000.0_rate%3Amean_300.0_v3" "tx1cca7ff4da404db7b87f9-00693fc88f" "proxy-server 20" 0.0003 "-" 25 0
Dec 15 08:36:31 np0005559461 container-server[122292]: 172.20.0.105 - - [15/Dec/2025:08:36:31 +0000] "HEAD /d1/129/AUTH_2f96e5f995e6442f94f881dabbe4dbf7/gnocchi.ed7db153-4770-4ae8-a8e1-00a79471f946" 204 - "HEAD http://172.18.0.159:8080/v1/AUTH_2f96e5f995e6442f94f881dabbe4dbf7/gnocchi.ed7db153-4770-4ae8-a8e1-00a79471f946?format=json&states=listing" "tx58c02cd77d674e7496dff-00693fc88f" "proxy-server 20" 0.0015 "-" 23 0
Dec 15 08:36:31 np0005559461 proxy-server[124071]: 172.18.0.103 172.18.0.104 15/Dec/2025/08/36/31 GET /v1/AUTH_2f96e5f995e6442f94f881dabbe4dbf7/gnocchi.ed7db153-4770-4ae8-a8e1-00a79471f946/none_v3 HTTP/1.0 200 - python-swiftclient-3.11.1 gAAAAABpP8cB_H8j... - 22 - tx58c02cd77d674e7496dff-00693fc88f - 0.0286 - - 1765787791.773045778 1765787791.801630020 0
Dec 15 08:36:31 np0005559461 container-server[122292]: 172.20.0.104 - - [15/Dec/2025:08:36:31 +0000] "PUT /d1/415/AUTH_2f96e5f995e6442f94f881dabbe4dbf7/gnocchi.5435b1c7-2c9b-45fb-97c2-3cc129347a44/1764720000.0_mean_300.0_v3" 201 - "PUT http://172.18.0.159:8080/d1/678/AUTH_2f96e5f995e6442f94f881dabbe4dbf7/gnocchi.5435b1c7-2c9b-45fb-97c2-3cc129347a44/1764720000.0_mean_300.0_v3" "txde16e92ae7fe4e54a52e4-00693fc88f" "object-server 22" 0.0005 "-" 23 0
Dec 15 08:36:31 np0005559461 object-server[122856]: 172.20.0.104 - - [15/Dec/2025:08:36:31 +0000] "PUT /d1/678/AUTH_2f96e5f995e6442f94f881dabbe4dbf7/gnocchi.5435b1c7-2c9b-45fb-97c2-3cc129347a44/1764720000.0_mean_300.0_v3" 201 - "PUT http://172.18.0.159:8080/v1/AUTH_2f96e5f995e6442f94f881dabbe4dbf7/gnocchi.5435b1c7-2c9b-45fb-97c2-3cc129347a44/1764720000.0_mean_300.0_v3" "txde16e92ae7fe4e54a52e4-00693fc88f" "proxy-server 20" 0.0223 "-" 23 0
Dec 15 08:36:31 np0005559461 container-server[122292]: 172.20.0.103 - - [15/Dec/2025:08:36:31 +0000] "PUT /d1/415/AUTH_2f96e5f995e6442f94f881dabbe4dbf7/gnocchi.5435b1c7-2c9b-45fb-97c2-3cc129347a44/1764720000.0_rate%3Amean_300.0_v3" 201 - "PUT http://172.18.0.159:8080/d1/39/AUTH_2f96e5f995e6442f94f881dabbe4dbf7/gnocchi.5435b1c7-2c9b-45fb-97c2-3cc129347a44/1764720000.0_rate%3Amean_300.0_v3" "tx3dd3b317d2f545499c1b3-00693fc88f" "object-server 23" 0.0005 "-" 23 0
Dec 15 08:36:31 np0005559461 container-server[122266]: 172.20.0.104 - - [15/Dec/2025:08:36:31 +0000] "GET /d1/129/AUTH_2f96e5f995e6442f94f881dabbe4dbf7/gnocchi.ed7db153-4770-4ae8-a8e1-00a79471f946" 200 2 "GET http://172.18.0.159:8080/v1/AUTH_2f96e5f995e6442f94f881dabbe4dbf7/gnocchi.ed7db153-4770-4ae8-a8e1-00a79471f946?format=json&marker=none_v3&states=listing" "txc195c7d78a754f9090b98-00693fc88f" "proxy-server 20" 0.0029 "-" 20 0
Dec 15 08:36:31 np0005559461 object-server[122828]: 172.20.0.105 - - [15/Dec/2025:08:36:31 +0000] "PUT /d1/39/AUTH_2f96e5f995e6442f94f881dabbe4dbf7/gnocchi.5435b1c7-2c9b-45fb-97c2-3cc129347a44/1764720000.0_rate%3Amean_300.0_v3" 201 - "PUT http://172.18.0.159:8080/v1/AUTH_2f96e5f995e6442f94f881dabbe4dbf7/gnocchi.5435b1c7-2c9b-45fb-97c2-3cc129347a44/1764720000.0_rate%3Amean_300.0_v3" "tx3dd3b317d2f545499c1b3-00693fc88f" "proxy-server 20" 0.0186 "-" 19 0
Dec 15 08:36:31 np0005559461 proxy-server[124071]: 172.18.0.105 172.18.0.104 15/Dec/2025/08/36/31 PUT /v1/AUTH_2f96e5f995e6442f94f881dabbe4dbf7/gnocchi.5435b1c7-2c9b-45fb-97c2-3cc129347a44/1764720000.0_rate%253Amean_300.0_v3 HTTP/1.0 201 - python-swiftclient-3.11.1 gAAAAABpP8bDpUSn... 16 - - tx3dd3b317d2f545499c1b3-00693fc88f - 0.0275 - - 1765787791.822641373 1765787791.850164652 0
Dec 15 08:36:31 np0005559461 object-server[122856]: 172.20.0.104 - - [15/Dec/2025:08:36:31 +0000] "GET /d1/139/AUTH_2f96e5f995e6442f94f881dabbe4dbf7/gnocchi.ed7db153-4770-4ae8-a8e1-00a79471f946/1764720000.0_rate%3Amean_300.0_v3" 404 70 "GET http://172.18.0.159:8080/v1/AUTH_2f96e5f995e6442f94f881dabbe4dbf7/gnocchi.ed7db153-4770-4ae8-a8e1-00a79471f946/1764720000.0_rate%3Amean_300.0_v3" "tx2348e06691ec4c54bd113-00693fc88f" "proxy-server 20" 0.0002 "-" 23 0
Dec 15 08:36:31 np0005559461 object-server[122856]: 172.20.0.103 - - [15/Dec/2025:08:36:31 +0000] "PUT /d1/443/AUTH_2f96e5f995e6442f94f881dabbe4dbf7/gnocchi.5435b1c7-2c9b-45fb-97c2-3cc129347a44/none_v3" 201 - "PUT http://172.18.0.159:8080/v1/AUTH_2f96e5f995e6442f94f881dabbe4dbf7/gnocchi.5435b1c7-2c9b-45fb-97c2-3cc129347a44/none_v3" "tx4b33a02421b441659439d-00693fc88f" "proxy-server 20" 0.0120 "-" 23 0
Dec 15 08:36:31 np0005559461 container-server[122289]: 172.20.0.104 - - [15/Dec/2025:08:36:31 +0000] "PUT /d1/415/AUTH_2f96e5f995e6442f94f881dabbe4dbf7/gnocchi.5435b1c7-2c9b-45fb-97c2-3cc129347a44/none_v3" 201 - "PUT http://172.18.0.159:8080/d1/443/AUTH_2f96e5f995e6442f94f881dabbe4dbf7/gnocchi.5435b1c7-2c9b-45fb-97c2-3cc129347a44/none_v3" "tx4b33a02421b441659439d-00693fc88f" "object-server 25" 0.0006 "-" 22 0
Dec 15 08:36:31 np0005559461 proxy-server[124071]: 172.18.0.103 172.18.0.104 15/Dec/2025/08/36/31 GET /v1/AUTH_2f96e5f995e6442f94f881dabbe4dbf7/gnocchi.ed7db153-4770-4ae8-a8e1-00a79471f946/1764720000.0_mean_300.0_v3 HTTP/1.0 200 - python-swiftclient-3.11.1 gAAAAABpP8cB_H8j... - 16 - tx027554be192b46c887e21-00693fc88f - 0.0140 - - 1765787791.886796713 1765787791.900765181 0
Dec 15 08:36:31 np0005559461 container-server[122266]: 172.20.0.105 - - [15/Dec/2025:08:36:31 +0000] "PUT /d1/129/AUTH_2f96e5f995e6442f94f881dabbe4dbf7/gnocchi.ed7db153-4770-4ae8-a8e1-00a79471f946/1764720000.0_rate%3Amean_300.0_v3" 201 - "PUT http://172.18.0.159:8080/d1/139/AUTH_2f96e5f995e6442f94f881dabbe4dbf7/gnocchi.ed7db153-4770-4ae8-a8e1-00a79471f946/1764720000.0_rate%3Amean_300.0_v3" "txcf8970877ddb41b286959-00693fc88f" "object-server 25" 0.0009 "-" 20 0
Dec 15 08:36:31 np0005559461 object-server[122868]: 172.20.0.104 - - [15/Dec/2025:08:36:31 +0000] "PUT /d1/139/AUTH_2f96e5f995e6442f94f881dabbe4dbf7/gnocchi.ed7db153-4770-4ae8-a8e1-00a79471f946/1764720000.0_rate%3Amean_300.0_v3" 201 - "PUT http://172.18.0.159:8080/v1/AUTH_2f96e5f995e6442f94f881dabbe4dbf7/gnocchi.ed7db153-4770-4ae8-a8e1-00a79471f946/1764720000.0_rate%3Amean_300.0_v3" "txcf8970877ddb41b286959-00693fc88f" "proxy-server 20" 0.0092 "-" 25 0
Dec 15 08:36:32 np0005559461 container-server[122289]: 172.20.0.105 - - [15/Dec/2025:08:36:32 +0000] "PUT /d1/129/AUTH_2f96e5f995e6442f94f881dabbe4dbf7/gnocchi.ed7db153-4770-4ae8-a8e1-00a79471f946/1764720000.0_mean_300.0_v3" 201 - "PUT http://172.18.0.159:8080/d1/643/AUTH_2f96e5f995e6442f94f881dabbe4dbf7/gnocchi.ed7db153-4770-4ae8-a8e1-00a79471f946/1764720000.0_mean_300.0_v3" "tx4ec9e7c6c98e4628936d3-00693fc890" "object-server 25" 0.0005 "-" 22 0
Dec 15 08:36:32 np0005559461 object-server[122868]: 172.20.0.105 - - [15/Dec/2025:08:36:32 +0000] "PUT /d1/643/AUTH_2f96e5f995e6442f94f881dabbe4dbf7/gnocchi.ed7db153-4770-4ae8-a8e1-00a79471f946/1764720000.0_mean_300.0_v3" 201 - "PUT http://172.18.0.159:8080/v1/AUTH_2f96e5f995e6442f94f881dabbe4dbf7/gnocchi.ed7db153-4770-4ae8-a8e1-00a79471f946/1764720000.0_mean_300.0_v3" "tx4ec9e7c6c98e4628936d3-00693fc890" "proxy-server 20" 0.0135 "-" 25 0
Dec 15 08:36:32 np0005559461 proxy-server[124071]: 172.18.0.103 172.18.0.104 15/Dec/2025/08/36/32 PUT /v1/AUTH_2f96e5f995e6442f94f881dabbe4dbf7/gnocchi.ed7db153-4770-4ae8-a8e1-00a79471f946/1764720000.0_mean_300.0_v3 HTTP/1.0 201 - python-swiftclient-3.11.1 gAAAAABpP8cB_H8j... 24 - - tx4ec9e7c6c98e4628936d3-00693fc890 - 0.0366 - - 1765787792.037517071 1765787792.074089289 0
Dec 15 08:36:32 np0005559461 object-server[122868]: 172.20.0.103 - - [15/Dec/2025:08:36:32 +0000] "PUT /d1/390/AUTH_2f96e5f995e6442f94f881dabbe4dbf7/gnocchi.ed7db153-4770-4ae8-a8e1-00a79471f946/none_v3" 201 - "PUT http://172.18.0.159:8080/v1/AUTH_2f96e5f995e6442f94f881dabbe4dbf7/gnocchi.ed7db153-4770-4ae8-a8e1-00a79471f946/none_v3" "tx260e176736714e589f87f-00693fc890" "proxy-server 20" 0.0137 "-" 25 0
Dec 15 08:36:32 np0005559461 container-server[122266]: 172.20.0.104 - - [15/Dec/2025:08:36:32 +0000] "PUT /d1/129/AUTH_2f96e5f995e6442f94f881dabbe4dbf7/gnocchi.ed7db153-4770-4ae8-a8e1-00a79471f946/none_v3" 201 - "PUT http://172.18.0.159:8080/d1/390/AUTH_2f96e5f995e6442f94f881dabbe4dbf7/gnocchi.ed7db153-4770-4ae8-a8e1-00a79471f946/none_v3" "tx260e176736714e589f87f-00693fc890" "object-server 24" 0.0005 "-" 20 0
Dec 15 08:36:32 np0005559461 object-server[122868]: 172.20.0.104 - - [15/Dec/2025:08:36:32 +0000] "GET /d1/495/AUTH_2f96e5f995e6442f94f881dabbe4dbf7/gnocchi.d4be3153-ae97-4616-8b82-58d45ed63c6e/none_v3" 200 22 "GET http://172.18.0.159:8080/v1/AUTH_2f96e5f995e6442f94f881dabbe4dbf7/gnocchi.d4be3153-ae97-4616-8b82-58d45ed63c6e/none_v3" "txd7351cc55e044ffb820f6-00693fc890" "proxy-server 20" 0.0008 "-" 25 0
Dec 15 08:36:32 np0005559461 proxy-server[124071]: 172.18.0.159 172.18.0.104 15/Dec/2025/08/36/32 GET /v1/AUTH_2f96e5f995e6442f94f881dabbe4dbf7/gnocchi.d4be3153-ae97-4616-8b82-58d45ed63c6e%3Fformat%3Djson%26states%3Dlisting HTTP/1.0 200 - python-swiftclient-3.11.1 gAAAAABpP8cKWFq0... - 357 - tx973738632c8341149236d-00693fc890 - 0.0154 - - 1765787792.138357401 1765787792.153780699 0
Dec 15 08:36:32 np0005559461 container-server[122285]: 172.20.0.103 - - [15/Dec/2025:08:36:32 +0000] "GET /d1/50/AUTH_2f96e5f995e6442f94f881dabbe4dbf7/gnocchi.d4be3153-ae97-4616-8b82-58d45ed63c6e" 200 2 "GET http://172.18.0.159:8080/v1/AUTH_2f96e5f995e6442f94f881dabbe4dbf7/gnocchi.d4be3153-ae97-4616-8b82-58d45ed63c6e?format=json&marker=none_v3&states=listing" "tx8415e33c83554d20b5b49-00693fc890" "proxy-server 20" 0.0020 "-" 21 0
Dec 15 08:36:32 np0005559461 object-server[122868]: 172.20.0.105 - - [15/Dec/2025:08:36:32 +0000] "GET /d1/413/AUTH_2f96e5f995e6442f94f881dabbe4dbf7/gnocchi.d4be3153-ae97-4616-8b82-58d45ed63c6e/1764720000.0_rate%3Amean_300.0_v3" 404 70 "GET http://172.18.0.159:8080/v1/AUTH_2f96e5f995e6442f94f881dabbe4dbf7/gnocchi.d4be3153-ae97-4616-8b82-58d45ed63c6e/1764720000.0_rate%3Amean_300.0_v3" "txd7436318a57b4ef4aee2d-00693fc890" "proxy-server 20" 0.0007 "-" 25 0
Dec 15 08:36:32 np0005559461 proxy-server[124071]: 172.18.0.159 172.18.0.104 15/Dec/2025/08/36/32 GET /v1/AUTH_2f96e5f995e6442f94f881dabbe4dbf7/gnocchi.d4be3153-ae97-4616-8b82-58d45ed63c6e/1764720000.0_rate%253Amean_300.0_v3 HTTP/1.0 404 - python-swiftclient-3.11.1 gAAAAABpP8cKWFq0... - 70 - txd7436318a57b4ef4aee2d-00693fc890 - 0.0221 - - 1765787792.197233438 1765787792.219325542 0
Dec 15 08:36:32 np0005559461 object-server[122828]: 172.20.0.103 - - [15/Dec/2025:08:36:32 +0000] "PUT /d1/607/AUTH_2f96e5f995e6442f94f881dabbe4dbf7/gnocchi.d4be3153-ae97-4616-8b82-58d45ed63c6e/1764720000.0_mean_300.0_v3" 201 - "PUT http://172.18.0.159:8080/v1/AUTH_2f96e5f995e6442f94f881dabbe4dbf7/gnocchi.d4be3153-ae97-4616-8b82-58d45ed63c6e/1764720000.0_mean_300.0_v3" "tx073dce05555c427e9879d-00693fc890" "proxy-server 20" 0.0160 "-" 19 0
Dec 15 08:36:32 np0005559461 container-server[122289]: 172.20.0.104 - - [15/Dec/2025:08:36:32 +0000] "PUT /d1/50/AUTH_2f96e5f995e6442f94f881dabbe4dbf7/gnocchi.d4be3153-ae97-4616-8b82-58d45ed63c6e/1764720000.0_mean_300.0_v3" 201 - "PUT http://172.18.0.159:8080/d1/607/AUTH_2f96e5f995e6442f94f881dabbe4dbf7/gnocchi.d4be3153-ae97-4616-8b82-58d45ed63c6e/1764720000.0_mean_300.0_v3" "tx073dce05555c427e9879d-00693fc890" "object-server 25" 0.0007 "-" 22 0
Dec 15 08:36:32 np0005559461 object-server[122849]: 172.20.0.104 - - [15/Dec/2025:08:36:32 +0000] "PUT /d1/413/AUTH_2f96e5f995e6442f94f881dabbe4dbf7/gnocchi.d4be3153-ae97-4616-8b82-58d45ed63c6e/1764720000.0_rate%3Amean_300.0_v3" 201 - "PUT http://172.18.0.159:8080/v1/AUTH_2f96e5f995e6442f94f881dabbe4dbf7/gnocchi.d4be3153-ae97-4616-8b82-58d45ed63c6e/1764720000.0_rate%3Amean_300.0_v3" "tx8531a22e9d5949e9b1a17-00693fc890" "proxy-server 20" 0.0189 "-" 22 0
Dec 15 08:36:32 np0005559461 container-server[122266]: 172.20.0.104 - - [15/Dec/2025:08:36:32 +0000] "PUT /d1/50/AUTH_2f96e5f995e6442f94f881dabbe4dbf7/gnocchi.d4be3153-ae97-4616-8b82-58d45ed63c6e/1764720000.0_rate%3Amean_300.0_v3" 201 - "PUT http://172.18.0.159:8080/d1/413/AUTH_2f96e5f995e6442f94f881dabbe4dbf7/gnocchi.d4be3153-ae97-4616-8b82-58d45ed63c6e/1764720000.0_rate%3Amean_300.0_v3" "tx8531a22e9d5949e9b1a17-00693fc890" "object-server 23" 0.0008 "-" 20 0
Dec 15 08:36:32 np0005559461 object-server[122828]: 172.20.0.105 - - [15/Dec/2025:08:36:32 +0000] "PUT /d1/495/AUTH_2f96e5f995e6442f94f881dabbe4dbf7/gnocchi.d4be3153-ae97-4616-8b82-58d45ed63c6e/none_v3" 201 - "PUT http://172.18.0.159:8080/v1/AUTH_2f96e5f995e6442f94f881dabbe4dbf7/gnocchi.d4be3153-ae97-4616-8b82-58d45ed63c6e/none_v3" "tx4aa7eb4d7c2b4ea2ae5b5-00693fc890" "proxy-server 20" 0.0143 "-" 19 0
Dec 15 08:36:32 np0005559461 object-server[122444]: Starting object replication pass.
Dec 15 08:36:32 np0005559461 container-server[122285]: 172.20.0.104 - - [15/Dec/2025:08:36:32 +0000] "PUT /d1/50/AUTH_2f96e5f995e6442f94f881dabbe4dbf7/gnocchi.d4be3153-ae97-4616-8b82-58d45ed63c6e/none_v3" 201 - "PUT http://172.18.0.159:8080/d1/495/AUTH_2f96e5f995e6442f94f881dabbe4dbf7/gnocchi.d4be3153-ae97-4616-8b82-58d45ed63c6e/none_v3" "tx4aa7eb4d7c2b4ea2ae5b5-00693fc890" "object-server 25" 0.0008 "-" 21 0
Dec 15 08:36:32 np0005559461 proxy-server[124071]: 172.18.0.159 172.18.0.104 15/Dec/2025/08/36/32 PUT /v1/AUTH_2f96e5f995e6442f94f881dabbe4dbf7/gnocchi.d4be3153-ae97-4616-8b82-58d45ed63c6e/none_v3 HTTP/1.0 201 - python-swiftclient-3.11.1 gAAAAABpP8cKWFq0... 35 - - tx4aa7eb4d7c2b4ea2ae5b5-00693fc890 - 0.3079 - - 1765787792.542051077 1765787792.849916697 0
Dec 15 08:36:34 np0005559461 object-server[122444]: 56/56 (100.00%) partitions replicated in 1.66s (33.78/sec, 0s remaining)
Dec 15 08:36:34 np0005559461 object-server[122444]: 112 successes, 0 failures
Dec 15 08:36:34 np0005559461 object-server[122444]: 57 suffixes checked - 47.37% hashed, 0.00% synced
Dec 15 08:36:34 np0005559461 object-server[122444]: Partition times: max 0.4542s, min 0.0066s, med 0.0150s
Dec 15 08:36:34 np0005559461 object-server[122444]: Object replication complete. (0.03 minutes)
Dec 15 08:36:39 np0005559461 object-server[248359]: Begin object audit "forever" mode (ZBF)
Dec 15 08:36:39 np0005559461 object-server[248359]: Object audit (ZBF). Since Mon Dec 15 08:36:39 2025: Locally: 1 passed, 0 quarantined, 0 errors, files/sec: 564.74, bytes/sec: 0.00, Total time: 0.00, Auditing time: 0.00, Rate: 0.00
Dec 15 08:36:40 np0005559461 object-server[248359]: Object audit (ZBF) "forever" mode completed: 1.12s. Total quarantined: 0, Total errors: 0, Total files/sec: 50.77, Total bytes/sec: 0.00, Auditing time: 1.11, Rate: 0.98
Dec 15 08:36:46 np0005559461 account-server[121476]: Beginning replication run
Dec 15 08:36:46 np0005559461 account-server[121476]: Replication run OVER
Dec 15 08:36:46 np0005559461 account-server[121476]: Attempted to replicate 1 dbs in 0.01354 seconds (73.85584/s)
Dec 15 08:36:46 np0005559461 account-server[121476]: Removed 0 dbs
Dec 15 08:36:46 np0005559461 account-server[121476]: 2 successes, 0 failures
Dec 15 08:36:46 np0005559461 account-server[121476]: diff:0 diff_capped:0 empty:0 hashmatch:0 no_change:2 remote_merge:0 rsync:0 ts_repl:0
Dec 15 08:36:52 np0005559461 container-server[121826]: Beginning replication run
Dec 15 08:36:53 np0005559461 container-server[121826]: Replication run OVER
Dec 15 08:36:53 np0005559461 container-server[121826]: Attempted to replicate 22 dbs in 0.51497 seconds (42.72106/s)
Dec 15 08:36:53 np0005559461 container-server[121826]: Removed 0 dbs
Dec 15 08:36:53 np0005559461 container-server[121826]: 44 successes, 0 failures
Dec 15 08:36:53 np0005559461 container-server[121826]: diff:0 diff_capped:0 empty:0 hashmatch:0 no_change:44 remote_merge:0 rsync:0 ts_repl:0
Dec 15 08:37:04 np0005559461 object-server[122444]: Starting object replication pass.
Dec 15 08:37:04 np0005559461 object-server[122444]: 56/56 (100.00%) partitions replicated in 0.53s (104.83/sec, 0s remaining)
Dec 15 08:37:04 np0005559461 object-server[122444]: 112 successes, 0 failures
Dec 15 08:37:04 np0005559461 object-server[122444]: 57 suffixes checked - 0.00% hashed, 0.00% synced
Dec 15 08:37:04 np0005559461 object-server[122444]: Partition times: max 0.0184s, min 0.0064s, med 0.0088s
Dec 15 08:37:04 np0005559461 object-server[122444]: Object replication complete. (0.01 minutes)
Dec 15 08:37:10 np0005559461 object-server[254284]: Begin object audit "forever" mode (ALL)
Dec 15 08:37:10 np0005559461 object-server[254283]: Begin object audit "forever" mode (ZBF)
Dec 15 08:37:10 np0005559461 object-server[254284]: Object audit (ALL). Since Mon Dec 15 08:37:10 2025: Locally: 1 passed, 0 quarantined, 0 errors, files/sec: 196.33, bytes/sec: 3141.36, Total time: 0.01, Auditing time: 0.00, Rate: 0.00
Dec 15 08:37:10 np0005559461 object-server[254283]: Object audit (ZBF). Since Mon Dec 15 08:37:10 2025: Locally: 1 passed, 0 quarantined, 0 errors, files/sec: 654.95, bytes/sec: 0.00, Total time: 0.00, Auditing time: 0.00, Rate: 0.00
Dec 15 08:37:11 np0005559461 object-server[254283]: Object audit (ZBF) "forever" mode completed: 1.12s. Total quarantined: 0, Total errors: 0, Total files/sec: 50.78, Total bytes/sec: 0.00, Auditing time: 1.11, Rate: 0.99
Dec 15 08:37:13 np0005559461 object-server[254284]: Object audit (ALL) "forever" mode completed: 2.81s. Total quarantined: 0, Total errors: 0, Total files/sec: 20.31, Total bytes/sec: 468.99, Auditing time: 2.79, Rate: 1.00
Dec 15 08:37:16 np0005559461 account-server[121476]: Beginning replication run
Dec 15 08:37:16 np0005559461 account-server[121476]: Replication run OVER
Dec 15 08:37:16 np0005559461 account-server[121476]: Attempted to replicate 1 dbs in 0.02067 seconds (48.37363/s)
Dec 15 08:37:16 np0005559461 account-server[121476]: Removed 0 dbs
Dec 15 08:37:16 np0005559461 account-server[121476]: 2 successes, 0 failures
Dec 15 08:37:16 np0005559461 account-server[121476]: diff:0 diff_capped:0 empty:0 hashmatch:0 no_change:2 remote_merge:0 rsync:0 ts_repl:0
Dec 15 08:37:21 np0005559461 object-server[122617]: Begin object update sweep
Dec 15 08:37:21 np0005559461 object-server[254977]: Object update sweep starting on /srv/node/d1 (pid: 16)
Dec 15 08:37:21 np0005559461 object-server[254977]: Object update sweep completed on /srv/node/d1 in 0.00s seconds:, 0 successes, 0 failures, 0 quarantines, 0 unlinks, 0 errors, 0 redirects (pid: 16)
Dec 15 08:37:21 np0005559461 object-server[254977]: Object update sweep of d1 completed: 0.00s, 0 successes, 0 failures, 0 quarantines, 0 unlinks, 0 errors, 0 redirects
Dec 15 08:37:21 np0005559461 object-server[122617]: Object update sweep completed: 0.09s
Dec 15 08:37:22 np0005559461 container-server[121826]: Beginning replication run
Dec 15 08:37:23 np0005559461 container-server[121826]: Replication run OVER
Dec 15 08:37:23 np0005559461 container-server[121826]: Attempted to replicate 22 dbs in 0.42973 seconds (51.19476/s)
Dec 15 08:37:23 np0005559461 container-server[121826]: Removed 0 dbs
