Dec 15 08:26:28 np0005559461 object-server[192004]: Object audit (ZBF) "forever" mode completed: 0.00s. Total quarantined: 0, Total errors: 0, Total files/sec: 0.00, Total bytes/sec: 0.00, Auditing time: 0.00, Rate: 0.00
Dec 15 08:26:46 np0005559461 account-server[121476]: Beginning replication run
Dec 15 08:26:46 np0005559461 account-server[121476]: Replication run OVER
Dec 15 08:26:46 np0005559461 account-server[121476]: Attempted to replicate 0 dbs in 0.00149 seconds (0.00000/s)
Dec 15 08:26:46 np0005559461 account-server[121476]: Removed 0 dbs
Dec 15 08:26:46 np0005559461 account-server[121476]: 0 successes, 0 failures
Dec 15 08:26:46 np0005559461 account-server[121476]: diff:0 diff_capped:0 empty:0 hashmatch:0 no_change:0 remote_merge:0 rsync:0 ts_repl:0
Dec 15 08:26:52 np0005559461 container-server[121826]: Beginning replication run
Dec 15 08:26:52 np0005559461 container-server[121826]: Replication run OVER
Dec 15 08:26:52 np0005559461 container-server[121826]: Attempted to replicate 0 dbs in 0.00202 seconds (0.00000/s)
Dec 15 08:26:52 np0005559461 container-server[121826]: Removed 0 dbs
Dec 15 08:26:52 np0005559461 container-server[121826]: 0 successes, 0 failures
Dec 15 08:26:52 np0005559461 container-server[121826]: diff:0 diff_capped:0 empty:0 hashmatch:0 no_change:0 remote_merge:0 rsync:0 ts_repl:0
Dec 15 08:26:57 np0005559461 object-server[122444]: Starting object replication pass.
Dec 15 08:26:57 np0005559461 object-server[122444]: Nothing replicated for 0.00437474250793457 seconds.
Dec 15 08:26:57 np0005559461 object-server[122444]: Object replication complete. (0.00 minutes)
Dec 15 08:26:59 np0005559461 object-server[194854]: Begin object audit "forever" mode (ALL)
Dec 15 08:26:59 np0005559461 object-server[194853]: Begin object audit "forever" mode (ZBF)
Dec 15 08:26:59 np0005559461 object-server[194854]: Object audit (ALL) "forever" mode completed: 0.00s. Total quarantined: 0, Total errors: 0, Total files/sec: 0.00, Total bytes/sec: 0.00, Auditing time: 0.00, Rate: 0.00
Dec 15 08:26:59 np0005559461 object-server[194853]: Object audit (ZBF) "forever" mode completed: 0.00s. Total quarantined: 0, Total errors: 0, Total files/sec: 0.00, Total bytes/sec: 0.00, Auditing time: 0.00, Rate: 0.00
Dec 15 08:27:16 np0005559461 account-server[121476]: Beginning replication run
Dec 15 08:27:16 np0005559461 account-server[121476]: Replication run OVER
Dec 15 08:27:16 np0005559461 account-server[121476]: Attempted to replicate 0 dbs in 0.00193 seconds (0.00000/s)
Dec 15 08:27:16 np0005559461 account-server[121476]: Removed 0 dbs
Dec 15 08:27:16 np0005559461 account-server[121476]: 0 successes, 0 failures
Dec 15 08:27:16 np0005559461 account-server[121476]: diff:0 diff_capped:0 empty:0 hashmatch:0 no_change:0 remote_merge:0 rsync:0 ts_repl:0
Dec 15 08:27:21 np0005559461 object-server[122617]: Begin object update sweep
Dec 15 08:27:21 np0005559461 object-server[197553]: Object update sweep starting on /srv/node/d1 (pid: 14)
Dec 15 08:27:21 np0005559461 object-server[197553]: Object update sweep completed on /srv/node/d1 in 0.00s seconds:, 0 successes, 0 failures, 0 quarantines, 0 unlinks, 0 errors, 0 redirects (pid: 14)
Dec 15 08:27:21 np0005559461 object-server[197553]: Object update sweep of d1 completed: 0.00s, 0 successes, 0 failures, 0 quarantines, 0 unlinks, 0 errors, 0 redirects
Dec 15 08:27:21 np0005559461 object-server[122617]: Object update sweep completed: 0.08s
Dec 15 08:27:22 np0005559461 container-server[121826]: Beginning replication run
Dec 15 08:27:22 np0005559461 container-server[121826]: Replication run OVER
Dec 15 08:27:22 np0005559461 container-server[121826]: Attempted to replicate 0 dbs in 0.00164 seconds (0.00000/s)
Dec 15 08:27:22 np0005559461 container-server[121826]: Removed 0 dbs
Dec 15 08:27:22 np0005559461 container-server[121826]: 0 successes, 0 failures
Dec 15 08:27:22 np0005559461 container-server[121826]: diff:0 diff_capped:0 empty:0 hashmatch:0 no_change:0 remote_merge:0 rsync:0 ts_repl:0
Dec 15 08:27:27 np0005559461 object-server[122444]: Starting object replication pass.
Dec 15 08:27:27 np0005559461 object-server[122444]: Nothing replicated for 0.004336118698120117 seconds.
Dec 15 08:27:27 np0005559461 object-server[122444]: Object replication complete. (0.00 minutes)
Dec 15 08:27:29 np0005559461 object-server[197907]: Begin object audit "forever" mode (ALL)
Dec 15 08:27:29 np0005559461 object-server[197907]: Object audit (ALL) "forever" mode completed: 0.00s. Total quarantined: 0, Total errors: 0, Total files/sec: 0.00, Total bytes/sec: 0.00, Auditing time: 0.00, Rate: 0.00
Dec 15 08:27:29 np0005559461 object-server[197906]: Begin object audit "forever" mode (ZBF)
Dec 15 08:27:29 np0005559461 object-server[197906]: Object audit (ZBF) "forever" mode completed: 0.00s. Total quarantined: 0, Total errors: 0, Total files/sec: 0.00, Total bytes/sec: 0.00, Auditing time: 0.00, Rate: 0.00
Dec 15 08:27:43 np0005559461 account-server[121869]: 172.20.0.105 - - [15/Dec/2025:08:27:43 +0000] "HEAD /d1/700/.expiring_objects" 404 - "HEAD http://localhost/v1/.expiring_objects?format=json" "tx9e79467e025047ae80b43-00693fc67f" "proxy-server 2" 0.0008 "-" 23 -
Dec 15 08:27:43 np0005559461 object-expirer[122335]: Pass completed in 0s; 0 objects expired (txn: tx9e79467e025047ae80b43-00693fc67f)
Dec 15 08:27:46 np0005559461 account-server[121476]: Beginning replication run
Dec 15 08:27:46 np0005559461 account-server[121476]: Replication run OVER
Dec 15 08:27:46 np0005559461 account-server[121476]: Attempted to replicate 0 dbs in 0.00137 seconds (0.00000/s)
Dec 15 08:27:46 np0005559461 account-server[121476]: Removed 0 dbs
Dec 15 08:27:46 np0005559461 account-server[121476]: 0 successes, 0 failures
Dec 15 08:27:46 np0005559461 account-server[121476]: diff:0 diff_capped:0 empty:0 hashmatch:0 no_change:0 remote_merge:0 rsync:0 ts_repl:0
Dec 15 08:27:52 np0005559461 container-server[121826]: Beginning replication run
Dec 15 08:27:52 np0005559461 container-server[121826]: Replication run OVER
Dec 15 08:27:52 np0005559461 container-server[121826]: Attempted to replicate 0 dbs in 0.00138 seconds (0.00000/s)
Dec 15 08:27:52 np0005559461 container-server[121826]: Removed 0 dbs
Dec 15 08:27:52 np0005559461 container-server[121826]: 0 successes, 0 failures
Dec 15 08:27:52 np0005559461 container-server[121826]: diff:0 diff_capped:0 empty:0 hashmatch:0 no_change:0 remote_merge:0 rsync:0 ts_repl:0
Dec 15 08:27:57 np0005559461 object-server[122444]: Starting object replication pass.
Dec 15 08:27:57 np0005559461 object-server[122444]: Nothing replicated for 0.005173444747924805 seconds.
Dec 15 08:27:57 np0005559461 object-server[122444]: Object replication complete. (0.00 minutes)
Dec 15 08:27:59 np0005559461 object-server[200886]: Begin object audit "forever" mode (ZBF)
Dec 15 08:27:59 np0005559461 object-server[200887]: Begin object audit "forever" mode (ALL)
Dec 15 08:27:59 np0005559461 object-server[200886]: Object audit (ZBF) "forever" mode completed: 0.00s. Total quarantined: 0, Total errors: 0, Total files/sec: 0.00, Total bytes/sec: 0.00, Auditing time: 0.00, Rate: 0.00
Dec 15 08:27:59 np0005559461 object-server[200887]: Object audit (ALL) "forever" mode completed: 0.00s. Total quarantined: 0, Total errors: 0, Total files/sec: 0.00, Total bytes/sec: 0.00, Auditing time: 0.00, Rate: 0.00
Dec 15 08:28:16 np0005559461 account-server[121476]: Beginning replication run
Dec 15 08:28:16 np0005559461 account-server[121476]: Replication run OVER
Dec 15 08:28:16 np0005559461 account-server[121476]: Attempted to replicate 0 dbs in 0.00183 seconds (0.00000/s)
Dec 15 08:28:16 np0005559461 account-server[121476]: Removed 0 dbs
Dec 15 08:28:16 np0005559461 account-server[121476]: 0 successes, 0 failures
Dec 15 08:28:16 np0005559461 account-server[121476]: diff:0 diff_capped:0 empty:0 hashmatch:0 no_change:0 remote_merge:0 rsync:0 ts_repl:0
Dec 15 08:28:18 np0005559461 account-server[121869]: 172.20.0.103 - - [15/Dec/2025:08:28:18 +0000] "HEAD /d1/700/.expiring_objects" 404 - "HEAD http://localhost/v1/.expiring_objects?format=json" "txbd51044ee1064c3dada95-00693fc6a2" "proxy-server 2" 0.0006 "-" 23 -
Dec 15 08:28:22 np0005559461 container-server[121826]: Beginning replication run
Dec 15 08:28:22 np0005559461 container-server[121826]: Replication run OVER
Dec 15 08:28:22 np0005559461 container-server[121826]: Attempted to replicate 0 dbs in 0.00186 seconds (0.00000/s)
Dec 15 08:28:22 np0005559461 container-server[121826]: Removed 0 dbs
Dec 15 08:28:22 np0005559461 container-server[121826]: 0 successes, 0 failures
Dec 15 08:28:22 np0005559461 container-server[121826]: diff:0 diff_capped:0 empty:0 hashmatch:0 no_change:0 remote_merge:0 rsync:0 ts_repl:0
Dec 15 08:28:27 np0005559461 object-server[122444]: Starting object replication pass.
Dec 15 08:28:27 np0005559461 object-server[122444]: Nothing replicated for 0.0032019615173339844 seconds.
Dec 15 08:28:27 np0005559461 object-server[122444]: Object replication complete. (0.00 minutes)
Dec 15 08:28:29 np0005559461 object-server[200896]: Begin object audit "forever" mode (ZBF)
Dec 15 08:28:29 np0005559461 object-server[200896]: Object audit (ZBF) "forever" mode completed: 0.00s. Total quarantined: 0, Total errors: 0, Total files/sec: 0.00, Total bytes/sec: 0.00, Auditing time: 0.00, Rate: 0.00
Dec 15 08:28:36 np0005559461 account-server[121833]: 172.20.0.104 - - [15/Dec/2025:08:28:36 +0000] "HEAD /d1/700/.expiring_objects" 404 - "HEAD http://localhost/v1/.expiring_objects?format=json" "txeef818a8ff614aa388b11-00693fc6b4" "proxy-server 2" 0.0007 "-" 20 -
Dec 15 08:28:40 np0005559461 account-server[121840]: 172.20.0.104 - - [15/Dec/2025:08:28:40 +0000] "HEAD /d1/700/.expiring_objects" 404 - "HEAD http://localhost/v1/.expiring_objects?format=json" "txd4bd8b1c56b44654aee75-00693fc6b8" "proxy-server 2" 0.0019 "-" 21 -
Dec 15 08:28:46 np0005559461 account-server[121476]: Beginning replication run
Dec 15 08:28:46 np0005559461 account-server[121476]: Replication run OVER
Dec 15 08:28:46 np0005559461 account-server[121476]: Attempted to replicate 0 dbs in 0.00271 seconds (0.00000/s)
Dec 15 08:28:46 np0005559461 account-server[121476]: Removed 0 dbs
Dec 15 08:28:46 np0005559461 account-server[121476]: 0 successes, 0 failures
Dec 15 08:28:46 np0005559461 account-server[121476]: diff:0 diff_capped:0 empty:0 hashmatch:0 no_change:0 remote_merge:0 rsync:0 ts_repl:0
Dec 15 08:28:51 np0005559461 account-server[121856]: 172.20.0.103 - - [15/Dec/2025:08:28:51 +0000] "HEAD /d1/500/AUTH_2f96e5f995e6442f94f881dabbe4dbf7" 404 - "HEAD http://172.18.0.159:8080/v1/AUTH_2f96e5f995e6442f94f881dabbe4dbf7?format=json" "tx8b84f1d4ce1b446fbb0f2-00693fc6c3" "proxy-server 20" 0.0007 "-" 22 -
Dec 15 08:28:51 np0005559461 object-server[122849]: 172.20.0.103 - - [15/Dec/2025:08:28:51 +0000] "GET /d1/701/AUTH_2f96e5f995e6442f94f881dabbe4dbf7/gnocchi.6d422243-1822-42cd-8ec4-0cb3f8476463/none_v3" 404 70 "GET http://172.18.0.159:8080/v1/AUTH_2f96e5f995e6442f94f881dabbe4dbf7/gnocchi.6d422243-1822-42cd-8ec4-0cb3f8476463/none_v3" "tx8b84f1d4ce1b446fbb0f2-00693fc6c3" "proxy-server 20" 0.0016 "-" 22 0
Dec 15 08:28:51 np0005559461 account-server[121840]: 172.20.0.104 - - [15/Dec/2025:08:28:51 +0000] "PUT /d1/500/AUTH_2f96e5f995e6442f94f881dabbe4dbf7" 201 - "-" "txc05568228b194c4bae8e4-00693fc6c3" "-" 0.0149 "-" 21 -
Dec 15 08:28:51 np0005559461 account-server[121869]: 172.20.0.103 - - [15/Dec/2025:08:28:51 +0000] "PUT /d1/500/AUTH_2f96e5f995e6442f94f881dabbe4dbf7/gnocchi.6d422243-1822-42cd-8ec4-0cb3f8476463" 201 - "PUT http://172.20.0.103:6001/d1/177/AUTH_2f96e5f995e6442f94f881dabbe4dbf7/gnocchi.6d422243-1822-42cd-8ec4-0cb3f8476463" "txc05568228b194c4bae8e4-00693fc6c3" "container-server 23" 0.0035 "-" 23 0
Dec 15 08:28:51 np0005559461 container-server[122289]: 172.20.0.104 - - [15/Dec/2025:08:28:51 +0000] "PUT /d1/177/AUTH_2f96e5f995e6442f94f881dabbe4dbf7/gnocchi.6d422243-1822-42cd-8ec4-0cb3f8476463" 201 - "PUT http://172.18.0.159:8080/v1/AUTH_2f96e5f995e6442f94f881dabbe4dbf7/gnocchi.6d422243-1822-42cd-8ec4-0cb3f8476463" "txc05568228b194c4bae8e4-00693fc6c3" "proxy-server 20" 0.0248 "-" 22 0
Dec 15 08:28:51 np0005559461 container-server[122285]: 172.20.0.105 - - [15/Dec/2025:08:28:51 +0000] "HEAD /d1/177/AUTH_2f96e5f995e6442f94f881dabbe4dbf7/gnocchi.6d422243-1822-42cd-8ec4-0cb3f8476463" 204 - "HEAD http://172.18.0.159:8080/v1/AUTH_2f96e5f995e6442f94f881dabbe4dbf7/gnocchi.6d422243-1822-42cd-8ec4-0cb3f8476463?format=json&states=listing" "tx6c9e831bddd24820ad415-00693fc6c3" "proxy-server 20" 0.0048 "-" 21 0
Dec 15 08:28:51 np0005559461 proxy-server[124071]: - - 15/Dec/2025/08/28/51 HEAD /v1/AUTH_2f96e5f995e6442f94f881dabbe4dbf7/gnocchi.6d422243-1822-42cd-8ec4-0cb3f8476463%3Fformat%3Djson%26states%3Dlisting HTTP/1.0 204 - Swift - - - - tx6c9e831bddd24820ad415-00693fc6c3 - 0.0127 RL - 1765787331.777518272 1765787331.790205479 0
Dec 15 08:28:51 np0005559461 proxy-server[124071]: 172.18.0.105 172.18.0.104 15/Dec/2025/08/28/51 GET /v1/AUTH_2f96e5f995e6442f94f881dabbe4dbf7/gnocchi.6d422243-1822-42cd-8ec4-0cb3f8476463%3Fformat%3Djson%26states%3Dlisting HTTP/1.0 200 - python-swiftclient-3.11.1 gAAAAABpP8bDpUSn... - 2 - tx6c9e831bddd24820ad415-00693fc6c3 - 0.0376 - - 1765787331.770893574 1765787331.808484077 0
Dec 15 08:28:51 np0005559461 object-server[122828]: 172.20.0.103 - - [15/Dec/2025:08:28:51 +0000] "GET /d1/630/AUTH_2f96e5f995e6442f94f881dabbe4dbf7/gnocchi.6d422243-1822-42cd-8ec4-0cb3f8476463/1764720000.0_mean_300.0_v3" 404 70 "GET http://172.18.0.159:8080/v1/AUTH_2f96e5f995e6442f94f881dabbe4dbf7/gnocchi.6d422243-1822-42cd-8ec4-0cb3f8476463/1764720000.0_mean_300.0_v3" "txd87d1c9a729e402f9ccd1-00693fc6c3" "proxy-server 20" 0.0011 "-" 19 0
Dec 15 08:28:51 np0005559461 object-server[122828]: 172.20.0.104 - - [15/Dec/2025:08:28:51 +0000] "PUT /d1/630/AUTH_2f96e5f995e6442f94f881dabbe4dbf7/gnocchi.6d422243-1822-42cd-8ec4-0cb3f8476463/1764720000.0_mean_300.0_v3" 201 - "PUT http://172.18.0.159:8080/v1/AUTH_2f96e5f995e6442f94f881dabbe4dbf7/gnocchi.6d422243-1822-42cd-8ec4-0cb3f8476463/1764720000.0_mean_300.0_v3" "txe37e280aa951442fba902-00693fc6c3" "proxy-server 20" 0.0382 "-" 19 0
Dec 15 08:28:51 np0005559461 container-server[122289]: 172.20.0.103 - - [15/Dec/2025:08:28:51 +0000] "PUT /d1/177/AUTH_2f96e5f995e6442f94f881dabbe4dbf7/gnocchi.6d422243-1822-42cd-8ec4-0cb3f8476463/1764720000.0_mean_300.0_v3" 201 - "PUT http://172.18.0.159:8080/d1/630/AUTH_2f96e5f995e6442f94f881dabbe4dbf7/gnocchi.6d422243-1822-42cd-8ec4-0cb3f8476463/1764720000.0_mean_300.0_v3" "txe37e280aa951442fba902-00693fc6c3" "object-server 22" 0.0008 "-" 22 0
Dec 15 08:28:51 np0005559461 container-server[122289]: 172.20.0.103 - - [15/Dec/2025:08:28:51 +0000] "PUT /d1/177/AUTH_2f96e5f995e6442f94f881dabbe4dbf7/gnocchi.6d422243-1822-42cd-8ec4-0cb3f8476463/none_v3" 201 - "PUT http://172.18.0.159:8080/d1/701/AUTH_2f96e5f995e6442f94f881dabbe4dbf7/gnocchi.6d422243-1822-42cd-8ec4-0cb3f8476463/none_v3" "txf32fefcb32164aba9f4c1-00693fc6c3" "object-server 23" 0.0006 "-" 22 0
Dec 15 08:28:51 np0005559461 object-server[122868]: 172.20.0.105 - - [15/Dec/2025:08:28:51 +0000] "PUT /d1/701/AUTH_2f96e5f995e6442f94f881dabbe4dbf7/gnocchi.6d422243-1822-42cd-8ec4-0cb3f8476463/none_v3" 201 - "PUT http://172.18.0.159:8080/v1/AUTH_2f96e5f995e6442f94f881dabbe4dbf7/gnocchi.6d422243-1822-42cd-8ec4-0cb3f8476463/none_v3" "txf32fefcb32164aba9f4c1-00693fc6c3" "proxy-server 20" 0.0392 "-" 25 0
Dec 15 08:28:51 np0005559461 proxy-server[124071]: 172.18.0.105 172.18.0.104 15/Dec/2025/08/28/51 PUT /v1/AUTH_2f96e5f995e6442f94f881dabbe4dbf7/gnocchi.6d422243-1822-42cd-8ec4-0cb3f8476463/none_v3 HTTP/1.0 201 - python-swiftclient-3.11.1 gAAAAABpP8bDpUSn... 22 - - txf32fefcb32164aba9f4c1-00693fc6c3 - 0.0512 - - 1765787331.901588440 1765787331.952801466 0
Dec 15 08:28:52 np0005559461 container-server[121826]: Beginning replication run
Dec 15 08:28:52 np0005559461 container-server[121826]: Replication run OVER
Dec 15 08:28:52 np0005559461 container-server[121826]: Attempted to replicate 1 dbs in 0.08751 seconds (11.42736/s)
Dec 15 08:28:52 np0005559461 container-server[121826]: Removed 0 dbs
Dec 15 08:28:52 np0005559461 container-server[121826]: 2 successes, 0 failures
Dec 15 08:28:52 np0005559461 container-server[121826]: diff:0 diff_capped:0 empty:0 hashmatch:0 no_change:2 remote_merge:0 rsync:0 ts_repl:0
Dec 15 08:28:57 np0005559461 object-server[122444]: Starting object replication pass.
Dec 15 08:28:57 np0005559461 object-server[122444]: 2/2 (100.00%) partitions replicated in 0.10s (19.44/sec, 0s remaining)
Dec 15 08:28:57 np0005559461 object-server[122444]: 4 successes, 0 failures
Dec 15 08:28:57 np0005559461 object-server[122444]: 2 suffixes checked - 100.00% hashed, 0.00% synced
Dec 15 08:28:57 np0005559461 object-server[122444]: Partition times: max 0.0637s, min 0.0338s, med 0.0637s
Dec 15 08:28:57 np0005559461 object-server[122444]: Object replication complete. (0.00 minutes)
Dec 15 08:28:59 np0005559461 object-server[206718]: Begin object audit "forever" mode (ALL)
Dec 15 08:28:59 np0005559461 object-server[206717]: Begin object audit "forever" mode (ZBF)
Dec 15 08:28:59 np0005559461 object-server[206717]: Object audit (ZBF). Since Mon Dec 15 08:28:59 2025: Locally: 1 passed, 0 quarantined, 0 errors, files/sec: 538.08, bytes/sec: 0.00, Total time: 0.00, Auditing time: 0.00, Rate: 0.00
Dec 15 08:28:59 np0005559461 object-server[206717]: Object audit (ZBF) "forever" mode completed: 0.00s. Total quarantined: 0, Total errors: 0, Total files/sec: 410.08, Total bytes/sec: 0.00, Auditing time: 0.00, Rate: 0.26
Dec 15 08:28:59 np0005559461 object-server[206718]: Object audit (ALL). Since Mon Dec 15 08:28:59 2025: Locally: 1 passed, 0 quarantined, 0 errors, files/sec: 153.53, bytes/sec: 2456.49, Total time: 0.01, Auditing time: 0.00, Rate: 0.00
Dec 15 08:28:59 np0005559461 object-server[206718]: Object audit (ALL) "forever" mode completed: 0.01s. Total quarantined: 0, Total errors: 0, Total files/sec: 224.94, Total bytes/sec: 4273.93, Auditing time: 0.01, Rate: 0.77
Dec 15 08:29:12 np0005559461 container-server[122034]: Begin container update sweep
Dec 15 08:29:12 np0005559461 account-server[121833]: 172.20.0.105 - - [15/Dec/2025:08:29:12 +0000] "PUT /d1/500/AUTH_2f96e5f995e6442f94f881dabbe4dbf7/gnocchi.6d422243-1822-42cd-8ec4-0cb3f8476463" 201 - "-" "-" "container-updater 2" 0.0012 "-" 20 0
Dec 15 08:29:12 np0005559461 container-server[122034]: Container update sweep completed: 0.08s
Dec 15 08:29:16 np0005559461 account-server[121476]: Beginning replication run
Dec 15 08:29:16 np0005559461 account-server[121476]: Replication run OVER
Dec 15 08:29:16 np0005559461 account-server[121476]: Attempted to replicate 1 dbs in 0.05296 seconds (18.88268/s)
Dec 15 08:29:16 np0005559461 account-server[121476]: Removed 0 dbs
Dec 15 08:29:16 np0005559461 account-server[121476]: 2 successes, 0 failures
Dec 15 08:29:16 np0005559461 account-server[121476]: diff:0 diff_capped:0 empty:0 hashmatch:0 no_change:2 remote_merge:0 rsync:0 ts_repl:0
Dec 15 08:29:21 np0005559461 proxy-server[124071]: 172.18.0.105 172.18.0.104 15/Dec/2025/08/29/21 GET /v1/AUTH_2f96e5f995e6442f94f881dabbe4dbf7/gnocchi.6d422243-1822-42cd-8ec4-0cb3f8476463%3Fformat%3Djson%26marker%3Dnone_v3%26states%3Dlisting HTTP/1.0 200 - python-swiftclient-3.11.1 gAAAAABpP8bDpUSn... - 2 - tx2300cff20e05420ca5506-00693fc6e1 - 0.0090 - - 1765787361.072301388 1765787361.081287622 0
Dec 15 08:29:21 np0005559461 container-server[122292]: 172.20.0.105 - - [15/Dec/2025:08:29:21 +0000] "PUT /d1/177/AUTH_2f96e5f995e6442f94f881dabbe4dbf7/gnocchi.6d422243-1822-42cd-8ec4-0cb3f8476463/1764720000.0_mean_300.0_v3" 201 - "PUT http://172.18.0.159:8080/d1/630/AUTH_2f96e5f995e6442f94f881dabbe4dbf7/gnocchi.6d422243-1822-42cd-8ec4-0cb3f8476463/1764720000.0_mean_300.0_v3" "tx5dea846679a142508fe38-00693fc6e1" "object-server 19" 0.0014 "-" 23 0
Dec 15 08:29:21 np0005559461 object-server[122828]: 172.20.0.104 - - [15/Dec/2025:08:29:21 +0000] "PUT /d1/630/AUTH_2f96e5f995e6442f94f881dabbe4dbf7/gnocchi.6d422243-1822-42cd-8ec4-0cb3f8476463/1764720000.0_mean_300.0_v3" 201 - "PUT http://172.18.0.159:8080/v1/AUTH_2f96e5f995e6442f94f881dabbe4dbf7/gnocchi.6d422243-1822-42cd-8ec4-0cb3f8476463/1764720000.0_mean_300.0_v3" "tx5dea846679a142508fe38-00693fc6e1" "proxy-server 20" 0.0178 "-" 19 0
Dec 15 08:29:21 np0005559461 container-server[122292]: 172.20.0.105 - - [15/Dec/2025:08:29:21 +0000] "PUT /d1/177/AUTH_2f96e5f995e6442f94f881dabbe4dbf7/gnocchi.6d422243-1822-42cd-8ec4-0cb3f8476463/none_v3" 201 - "PUT http://172.18.0.159:8080/d1/701/AUTH_2f96e5f995e6442f94f881dabbe4dbf7/gnocchi.6d422243-1822-42cd-8ec4-0cb3f8476463/none_v3" "tx0935c5fbcda2465999fa5-00693fc6e1" "object-server 25" 0.0005 "-" 23 0
Dec 15 08:29:21 np0005559461 object-server[122868]: 172.20.0.105 - - [15/Dec/2025:08:29:21 +0000] "PUT /d1/701/AUTH_2f96e5f995e6442f94f881dabbe4dbf7/gnocchi.6d422243-1822-42cd-8ec4-0cb3f8476463/none_v3" 201 - "PUT http://172.18.0.159:8080/v1/AUTH_2f96e5f995e6442f94f881dabbe4dbf7/gnocchi.6d422243-1822-42cd-8ec4-0cb3f8476463/none_v3" "tx0935c5fbcda2465999fa5-00693fc6e1" "proxy-server 20" 0.0103 "-" 25 0
Dec 15 08:29:21 np0005559461 proxy-server[124071]: 172.18.0.105 172.18.0.104 15/Dec/2025/08/29/21 PUT /v1/AUTH_2f96e5f995e6442f94f881dabbe4dbf7/gnocchi.6d422243-1822-42cd-8ec4-0cb3f8476463/none_v3 HTTP/1.0 201 - python-swiftclient-3.11.1 gAAAAABpP8bDpUSn... 32 - - tx0935c5fbcda2465999fa5-00693fc6e1 - 0.0255 - - 1765787361.192683458 1765787361.218134642 0
Dec 15 08:29:22 np0005559461 container-server[121826]: Beginning replication run
Dec 15 08:29:22 np0005559461 container-server[121826]: Replication run OVER
Dec 15 08:29:22 np0005559461 container-server[121826]: Attempted to replicate 1 dbs in 0.07095 seconds (14.09502/s)
Dec 15 08:29:22 np0005559461 container-server[121826]: Removed 0 dbs
Dec 15 08:29:22 np0005559461 container-server[121826]: 2 successes, 0 failures
Dec 15 08:29:22 np0005559461 container-server[121826]: diff:0 diff_capped:0 empty:0 hashmatch:0 no_change:2 remote_merge:0 rsync:0 ts_repl:0
Dec 15 08:29:27 np0005559461 object-server[122444]: Starting object replication pass.
Dec 15 08:29:28 np0005559461 object-server[122444]: 2/2 (100.00%) partitions replicated in 0.08s (24.77/sec, 0s remaining)
Dec 15 08:29:28 np0005559461 object-server[122444]: 4 successes, 0 failures
Dec 15 08:29:28 np0005559461 object-server[122444]: 2 suffixes checked - 100.00% hashed, 0.00% synced
Dec 15 08:29:28 np0005559461 object-server[122444]: Partition times: max 0.0399s, min 0.0363s, med 0.0399s
Dec 15 08:29:28 np0005559461 object-server[122444]: Object replication complete. (0.00 minutes)
Dec 15 08:29:29 np0005559461 object-server[206741]: Begin object audit "forever" mode (ZBF)
Dec 15 08:29:29 np0005559461 object-server[206741]: Object audit (ZBF). Since Mon Dec 15 08:29:29 2025: Locally: 1 passed, 0 quarantined, 0 errors, files/sec: 811.12, bytes/sec: 0.00, Total time: 0.00, Auditing time: 0.00, Rate: 0.00
Dec 15 08:29:29 np0005559461 object-server[206741]: Object audit (ZBF) "forever" mode completed: 0.00s. Total quarantined: 0, Total errors: 0, Total files/sec: 712.47, Total bytes/sec: 0.00, Auditing time: 0.00, Rate: 0.30
Dec 15 08:29:46 np0005559461 account-server[121476]: Beginning replication run
Dec 15 08:29:46 np0005559461 account-server[121476]: Replication run OVER
Dec 15 08:29:46 np0005559461 account-server[121476]: Attempted to replicate 1 dbs in 0.02424 seconds (41.25190/s)
Dec 15 08:29:46 np0005559461 account-server[121476]: Removed 0 dbs
Dec 15 08:29:46 np0005559461 account-server[121476]: 2 successes, 0 failures
Dec 15 08:29:46 np0005559461 account-server[121476]: diff:0 diff_capped:0 empty:0 hashmatch:0 no_change:2 remote_merge:0 rsync:0 ts_repl:0
Dec 15 08:29:52 np0005559461 container-server[121826]: Beginning replication run
Dec 15 08:29:52 np0005559461 container-server[121826]: Replication run OVER
Dec 15 08:29:52 np0005559461 container-server[121826]: Attempted to replicate 1 dbs in 0.02201 seconds (45.43203/s)
Dec 15 08:29:52 np0005559461 container-server[121826]: Removed 0 dbs
Dec 15 08:29:52 np0005559461 container-server[121826]: 2 successes, 0 failures
Dec 15 08:29:52 np0005559461 container-server[121826]: diff:0 diff_capped:0 empty:0 hashmatch:0 no_change:2 remote_merge:0 rsync:0 ts_repl:0
Dec 15 08:29:53 np0005559461 container-server[122285]: 172.20.0.103 - - [15/Dec/2025:08:29:53 +0000] "HEAD /d1/1/AUTH_2f96e5f995e6442f94f881dabbe4dbf7/gnocchi.07d40812-c778-4f29-b696-1477e08c5fa4" 404 - "HEAD http://172.18.0.159:8080/v1/AUTH_2f96e5f995e6442f94f881dabbe4dbf7/gnocchi.07d40812-c778-4f29-b696-1477e08c5fa4?format=json&states=listing" "tx9951fc82220b457fbd9dd-00693fc701" "proxy-server 20" 0.0006 "-" 21 0
Dec 15 08:29:53 np0005559461 object-server[122849]: 172.20.0.103 - - [15/Dec/2025:08:29:53 +0000] "GET /d1/126/AUTH_2f96e5f995e6442f94f881dabbe4dbf7/gnocchi.07d40812-c778-4f29-b696-1477e08c5fa4/none_v3" 404 70 "GET http://172.18.0.159:8080/v1/AUTH_2f96e5f995e6442f94f881dabbe4dbf7/gnocchi.07d40812-c778-4f29-b696-1477e08c5fa4/none_v3" "tx9951fc82220b457fbd9dd-00693fc701" "proxy-server 20" 0.0006 "-" 22 0
Dec 15 08:29:53 np0005559461 container-server[122292]: 172.20.0.104 - - [15/Dec/2025:08:29:53 +0000] "PUT /d1/1/AUTH_2f96e5f995e6442f94f881dabbe4dbf7/gnocchi.07d40812-c778-4f29-b696-1477e08c5fa4" 201 - "PUT http://172.18.0.159:8080/v1/AUTH_2f96e5f995e6442f94f881dabbe4dbf7/gnocchi.07d40812-c778-4f29-b696-1477e08c5fa4" "tx40c1abb61910464182db8-00693fc701" "proxy-server 20" 0.0139 "-" 23 0
Dec 15 08:29:53 np0005559461 account-server[121856]: 172.20.0.104 - - [15/Dec/2025:08:29:53 +0000] "PUT /d1/500/AUTH_2f96e5f995e6442f94f881dabbe4dbf7/gnocchi.07d40812-c778-4f29-b696-1477e08c5fa4" 201 - "PUT http://172.20.0.104:6001/d1/1/AUTH_2f96e5f995e6442f94f881dabbe4dbf7/gnocchi.07d40812-c778-4f29-b696-1477e08c5fa4" "tx40c1abb61910464182db8-00693fc701" "container-server 22" 0.0019 "-" 22 0
Dec 15 08:29:53 np0005559461 proxy-server[124071]: - - 15/Dec/2025/08/29/53 HEAD /v1/AUTH_2f96e5f995e6442f94f881dabbe4dbf7/gnocchi.07d40812-c778-4f29-b696-1477e08c5fa4%3Fformat%3Djson%26states%3Dlisting HTTP/1.0 204 - Swift - - - - tx322aef1d69de4dcbbd2f0-00693fc701 - 0.0109 RL - 1765787393.459606409 1765787393.470459700 0
Dec 15 08:29:53 np0005559461 proxy-server[124071]: 172.18.0.105 172.18.0.104 15/Dec/2025/08/29/53 GET /v1/AUTH_2f96e5f995e6442f94f881dabbe4dbf7/gnocchi.07d40812-c778-4f29-b696-1477e08c5fa4%3Fformat%3Djson%26states%3Dlisting HTTP/1.0 200 - python-swiftclient-3.11.1 gAAAAABpP8bDpUSn... - 2 - tx322aef1d69de4dcbbd2f0-00693fc701 - 0.0335 - - 1765787393.454218388 1765787393.487701654 0
Dec 15 08:29:53 np0005559461 object-server[122856]: 172.20.0.103 - - [15/Dec/2025:08:29:53 +0000] "GET /d1/590/AUTH_2f96e5f995e6442f94f881dabbe4dbf7/gnocchi.07d40812-c778-4f29-b696-1477e08c5fa4/1764720000.0_mean_300.0_v3" 404 70 "GET http://172.18.0.159:8080/v1/AUTH_2f96e5f995e6442f94f881dabbe4dbf7/gnocchi.07d40812-c778-4f29-b696-1477e08c5fa4/1764720000.0_mean_300.0_v3" "txb67d512b43114030bac7c-00693fc701" "proxy-server 20" 0.0007 "-" 23 0
Dec 15 08:29:53 np0005559461 container-server[122266]: 172.20.0.105 - - [15/Dec/2025:08:29:53 +0000] "PUT /d1/1/AUTH_2f96e5f995e6442f94f881dabbe4dbf7/gnocchi.07d40812-c778-4f29-b696-1477e08c5fa4/1764720000.0_mean_300.0_v3" 201 - "PUT http://172.18.0.159:8080/d1/590/AUTH_2f96e5f995e6442f94f881dabbe4dbf7/gnocchi.07d40812-c778-4f29-b696-1477e08c5fa4/1764720000.0_mean_300.0_v3" "tx0470880dff7e4e6ca7783-00693fc701" "object-server 25" 0.0008 "-" 20 0
Dec 15 08:29:53 np0005559461 object-server[122868]: 172.20.0.104 - - [15/Dec/2025:08:29:53 +0000] "PUT /d1/590/AUTH_2f96e5f995e6442f94f881dabbe4dbf7/gnocchi.07d40812-c778-4f29-b696-1477e08c5fa4/1764720000.0_mean_300.0_v3" 201 - "PUT http://172.18.0.159:8080/v1/AUTH_2f96e5f995e6442f94f881dabbe4dbf7/gnocchi.07d40812-c778-4f29-b696-1477e08c5fa4/1764720000.0_mean_300.0_v3" "tx0470880dff7e4e6ca7783-00693fc701" "proxy-server 20" 0.0175 "-" 25 0
Dec 15 08:29:53 np0005559461 container-server[122266]: 172.20.0.105 - - [15/Dec/2025:08:29:53 +0000] "PUT /d1/1/AUTH_2f96e5f995e6442f94f881dabbe4dbf7/gnocchi.07d40812-c778-4f29-b696-1477e08c5fa4/none_v3" 201 - "PUT http://172.18.0.159:8080/d1/126/AUTH_2f96e5f995e6442f94f881dabbe4dbf7/gnocchi.07d40812-c778-4f29-b696-1477e08c5fa4/none_v3" "tx600b035a7d594b5c83f08-00693fc701" "object-server 22" 0.0075 "-" 20 0
Dec 15 08:29:53 np0005559461 object-server[122849]: 172.20.0.105 - - [15/Dec/2025:08:29:53 +0000] "PUT /d1/126/AUTH_2f96e5f995e6442f94f881dabbe4dbf7/gnocchi.07d40812-c778-4f29-b696-1477e08c5fa4/none_v3" 201 - "PUT http://172.18.0.159:8080/v1/AUTH_2f96e5f995e6442f94f881dabbe4dbf7/gnocchi.07d40812-c778-4f29-b696-1477e08c5fa4/none_v3" "tx600b035a7d594b5c83f08-00693fc701" "proxy-server 20" 0.0345 "-" 22 0
Dec 15 08:29:53 np0005559461 proxy-server[124071]: 172.18.0.105 172.18.0.104 15/Dec/2025/08/29/53 PUT /v1/AUTH_2f96e5f995e6442f94f881dabbe4dbf7/gnocchi.07d40812-c778-4f29-b696-1477e08c5fa4/none_v3 HTTP/1.0 201 - python-swiftclient-3.11.1 gAAAAABpP8bDpUSn... 22 - - tx600b035a7d594b5c83f08-00693fc701 - 0.0456 - - 1765787393.564761400 1765787393.610375166 0
Dec 15 08:29:53 np0005559461 container-server[122285]: 172.20.0.103 - - [15/Dec/2025:08:29:53 +0000] "HEAD /d1/274/AUTH_2f96e5f995e6442f94f881dabbe4dbf7/gnocchi.110f0ff1-ee79-4e01-ada3-3c9636af5015" 404 - "HEAD http://172.18.0.159:8080/v1/AUTH_2f96e5f995e6442f94f881dabbe4dbf7/gnocchi.110f0ff1-ee79-4e01-ada3-3c9636af5015?format=json&states=listing" "txea1ddd12105b4b3a86173-00693fc701" "proxy-server 20" 0.0006 "-" 21 0
Dec 15 08:29:53 np0005559461 object-server[122828]: 172.20.0.103 - - [15/Dec/2025:08:29:53 +0000] "GET /d1/44/AUTH_2f96e5f995e6442f94f881dabbe4dbf7/gnocchi.110f0ff1-ee79-4e01-ada3-3c9636af5015/none_v3" 404 70 "GET http://172.18.0.159:8080/v1/AUTH_2f96e5f995e6442f94f881dabbe4dbf7/gnocchi.110f0ff1-ee79-4e01-ada3-3c9636af5015/none_v3" "txea1ddd12105b4b3a86173-00693fc701" "proxy-server 20" 0.0003 "-" 19 0
Dec 15 08:29:53 np0005559461 account-server[121856]: 172.20.0.105 - - [15/Dec/2025:08:29:53 +0000] "PUT /d1/500/AUTH_2f96e5f995e6442f94f881dabbe4dbf7/gnocchi.110f0ff1-ee79-4e01-ada3-3c9636af5015" 201 - "PUT http://172.20.0.105:6001/d1/274/AUTH_2f96e5f995e6442f94f881dabbe4dbf7/gnocchi.110f0ff1-ee79-4e01-ada3-3c9636af5015" "txbfaed896b54e452595933-00693fc701" "container-server 23" 0.0053 "-" 22 0
Dec 15 08:29:53 np0005559461 container-server[122292]: 172.20.0.104 - - [15/Dec/2025:08:29:53 +0000] "PUT /d1/274/AUTH_2f96e5f995e6442f94f881dabbe4dbf7/gnocchi.110f0ff1-ee79-4e01-ada3-3c9636af5015" 201 - "PUT http://172.18.0.159:8080/v1/AUTH_2f96e5f995e6442f94f881dabbe4dbf7/gnocchi.110f0ff1-ee79-4e01-ada3-3c9636af5015" "txbfaed896b54e452595933-00693fc701" "proxy-server 20" 0.0264 "-" 23 0
Dec 15 08:29:53 np0005559461 proxy-server[124071]: - - 15/Dec/2025/08/29/53 HEAD /v1/AUTH_2f96e5f995e6442f94f881dabbe4dbf7/gnocchi.110f0ff1-ee79-4e01-ada3-3c9636af5015%3Fformat%3Djson%26states%3Dlisting HTTP/1.0 204 - Swift - - - - tx38fc409a2ce440e39706f-00693fc701 - 0.0098 RL - 1765787393.914148569 1765787393.923986197 0
Dec 15 08:29:53 np0005559461 proxy-server[124071]: 172.18.0.103 172.18.0.104 15/Dec/2025/08/29/53 GET /v1/AUTH_2f96e5f995e6442f94f881dabbe4dbf7/gnocchi.110f0ff1-ee79-4e01-ada3-3c9636af5015%3Fformat%3Djson%26states%3Dlisting HTTP/1.0 200 - python-swiftclient-3.11.1 gAAAAABpP8cB_H8j... - 2 - tx38fc409a2ce440e39706f-00693fc701 - 0.0239 - - 1765787393.912349463 1765787393.936262131 0
Dec 15 08:29:53 np0005559461 object-server[122868]: 172.20.0.103 - - [15/Dec/2025:08:29:53 +0000] "GET /d1/695/AUTH_2f96e5f995e6442f94f881dabbe4dbf7/gnocchi.110f0ff1-ee79-4e01-ada3-3c9636af5015/1764720000.0_mean_300.0_v3" 404 70 "GET http://172.18.0.159:8080/v1/AUTH_2f96e5f995e6442f94f881dabbe4dbf7/gnocchi.110f0ff1-ee79-4e01-ada3-3c9636af5015/1764720000.0_mean_300.0_v3" "txb3372f06d70e49a3858f6-00693fc701" "proxy-server 20" 0.0006 "-" 25 0
Dec 15 08:29:53 np0005559461 container-server[122285]: 172.20.0.103 - - [15/Dec/2025:08:29:53 +0000] "PUT /d1/274/AUTH_2f96e5f995e6442f94f881dabbe4dbf7/gnocchi.110f0ff1-ee79-4e01-ada3-3c9636af5015/1764720000.0_mean_300.0_v3" 201 - "PUT http://172.18.0.159:8080/d1/695/AUTH_2f96e5f995e6442f94f881dabbe4dbf7/gnocchi.110f0ff1-ee79-4e01-ada3-3c9636af5015/1764720000.0_mean_300.0_v3" "tx434bcfc647b0496ca6839-00693fc701" "object-server 23" 0.0007 "-" 21 0
Dec 15 08:29:53 np0005559461 object-server[122868]: 172.20.0.104 - - [15/Dec/2025:08:29:53 +0000] "PUT /d1/695/AUTH_2f96e5f995e6442f94f881dabbe4dbf7/gnocchi.110f0ff1-ee79-4e01-ada3-3c9636af5015/1764720000.0_mean_300.0_v3" 201 - "PUT http://172.18.0.159:8080/v1/AUTH_2f96e5f995e6442f94f881dabbe4dbf7/gnocchi.110f0ff1-ee79-4e01-ada3-3c9636af5015/1764720000.0_mean_300.0_v3" "tx434bcfc647b0496ca6839-00693fc701" "proxy-server 20" 0.0145 "-" 25 0
Dec 15 08:29:54 np0005559461 container-server[122285]: 172.20.0.104 - - [15/Dec/2025:08:29:54 +0000] "PUT /d1/274/AUTH_2f96e5f995e6442f94f881dabbe4dbf7/gnocchi.110f0ff1-ee79-4e01-ada3-3c9636af5015/none_v3" 201 - "PUT http://172.18.0.159:8080/d1/44/AUTH_2f96e5f995e6442f94f881dabbe4dbf7/gnocchi.110f0ff1-ee79-4e01-ada3-3c9636af5015/none_v3" "tx24a23c096323494a80ed2-00693fc701" "object-server 22" 0.0008 "-" 21 0
Dec 15 08:29:54 np0005559461 object-server[122856]: 172.20.0.105 - - [15/Dec/2025:08:29:54 +0000] "PUT /d1/44/AUTH_2f96e5f995e6442f94f881dabbe4dbf7/gnocchi.110f0ff1-ee79-4e01-ada3-3c9636af5015/none_v3" 201 - "PUT http://172.18.0.159:8080/v1/AUTH_2f96e5f995e6442f94f881dabbe4dbf7/gnocchi.110f0ff1-ee79-4e01-ada3-3c9636af5015/none_v3" "tx24a23c096323494a80ed2-00693fc701" "proxy-server 20" 0.0329 "-" 23 0
Dec 15 08:29:54 np0005559461 proxy-server[124071]: 172.18.0.103 172.18.0.104 15/Dec/2025/08/29/54 PUT /v1/AUTH_2f96e5f995e6442f94f881dabbe4dbf7/gnocchi.110f0ff1-ee79-4e01-ada3-3c9636af5015/none_v3 HTTP/1.0 201 - python-swiftclient-3.11.1 gAAAAABpP8cB_H8j... 22 - - tx24a23c096323494a80ed2-00693fc701 - 0.0469 - - 1765787393.999629021 1765787394.046504736 0
Dec 15 08:29:58 np0005559461 object-server[122444]: Starting object replication pass.
Dec 15 08:29:58 np0005559461 object-server[122444]: 6/6 (100.00%) partitions replicated in 0.15s (39.53/sec, 0s remaining)
Dec 15 08:29:58 np0005559461 object-server[122444]: 12 successes, 0 failures
Dec 15 08:29:58 np0005559461 object-server[122444]: 6 suffixes checked - 66.67% hashed, 0.00% synced
Dec 15 08:29:58 np0005559461 object-server[122444]: Partition times: max 0.0353s, min 0.0074s, med 0.0323s
Dec 15 08:29:58 np0005559461 object-server[122444]: Object replication complete. (0.00 minutes)
Dec 15 08:29:59 np0005559461 object-server[212548]: Begin object audit "forever" mode (ZBF)
Dec 15 08:29:59 np0005559461 object-server[212549]: Begin object audit "forever" mode (ALL)
Dec 15 08:29:59 np0005559461 object-server[212548]: Object audit (ZBF). Since Mon Dec 15 08:29:59 2025: Locally: 1 passed, 0 quarantined, 0 errors, files/sec: 592.42, bytes/sec: 0.00, Total time: 0.00, Auditing time: 0.00, Rate: 0.00
Dec 15 08:29:59 np0005559461 object-server[212549]: Object audit (ALL). Since Mon Dec 15 08:29:59 2025: Locally: 1 passed, 0 quarantined, 0 errors, files/sec: 122.79, bytes/sec: 1964.60, Total time: 0.01, Auditing time: 0.00, Rate: 0.00
Dec 15 08:29:59 np0005559461 object-server[212548]: Object audit (ZBF) "forever" mode completed: 0.08s. Total quarantined: 0, Total errors: 0, Total files/sec: 72.42, Total bytes/sec: 0.00, Auditing time: 0.08, Rate: 0.96
Dec 15 08:29:59 np0005559461 object-server[212549]: Object audit (ALL) "forever" mode completed: 0.21s. Total quarantined: 0, Total errors: 0, Total files/sec: 28.57, Total bytes/sec: 590.46, Auditing time: 0.21, Rate: 0.98
Dec 15 08:30:02 np0005559461 container-server[122266]: 172.20.0.103 - - [15/Dec/2025:08:30:02 +0000] "HEAD /d1/934/AUTH_2f96e5f995e6442f94f881dabbe4dbf7/gnocchi.37696d65-2710-4b7d-8243-e18d5e8b5fc2" 404 - "HEAD http://172.18.0.159:8080/v1/AUTH_2f96e5f995e6442f94f881dabbe4dbf7/gnocchi.37696d65-2710-4b7d-8243-e18d5e8b5fc2?format=json&states=listing" "tx8ab6b5096f3042cfb3eb5-00693fc70a" "proxy-server 20" 0.0012 "-" 20 0
Dec 15 08:30:02 np0005559461 container-server[122289]: 172.20.0.104 - - [15/Dec/2025:08:30:02 +0000] "HEAD /d1/137/AUTH_2f96e5f995e6442f94f881dabbe4dbf7/gnocchi.e391eab4-45c2-4a3f-9825-ef2977a93b02" 404 - "HEAD http://172.18.0.159:8080/v1/AUTH_2f96e5f995e6442f94f881dabbe4dbf7/gnocchi.e391eab4-45c2-4a3f-9825-ef2977a93b02?format=json&states=listing" "tx99182b62f3994281b79ef-00693fc70a" "proxy-server 20" 0.0011 "-" 22 0
Dec 15 08:30:02 np0005559461 object-server[122828]: 172.20.0.104 - - [15/Dec/2025:08:30:02 +0000] "GET /d1/576/AUTH_2f96e5f995e6442f94f881dabbe4dbf7/gnocchi.e391eab4-45c2-4a3f-9825-ef2977a93b02/none_v3" 404 70 "GET http://172.18.0.159:8080/v1/AUTH_2f96e5f995e6442f94f881dabbe4dbf7/gnocchi.e391eab4-45c2-4a3f-9825-ef2977a93b02/none_v3" "tx99182b62f3994281b79ef-00693fc70a" "proxy-server 20" 0.0009 "-" 19 0
Dec 15 08:30:02 np0005559461 object-server[122868]: 172.20.0.103 - - [15/Dec/2025:08:30:02 +0000] "GET /d1/190/AUTH_2f96e5f995e6442f94f881dabbe4dbf7/gnocchi.37696d65-2710-4b7d-8243-e18d5e8b5fc2/none_v3" 404 70 "GET http://172.18.0.159:8080/v1/AUTH_2f96e5f995e6442f94f881dabbe4dbf7/gnocchi.37696d65-2710-4b7d-8243-e18d5e8b5fc2/none_v3" "tx8ab6b5096f3042cfb3eb5-00693fc70a" "proxy-server 20" 0.0012 "-" 25 0
Dec 15 08:30:02 np0005559461 account-server[121840]: 172.20.0.104 - - [15/Dec/2025:08:30:02 +0000] "PUT /d1/500/AUTH_2f96e5f995e6442f94f881dabbe4dbf7/gnocchi.e391eab4-45c2-4a3f-9825-ef2977a93b02" 201 - "PUT http://172.20.0.104:6001/d1/137/AUTH_2f96e5f995e6442f94f881dabbe4dbf7/gnocchi.e391eab4-45c2-4a3f-9825-ef2977a93b02" "txc1b32cdbefa74c548e2b5-00693fc70a" "container-server 20" 0.0084 "-" 21 0
Dec 15 08:30:02 np0005559461 account-server[121840]: 172.20.0.103 - - [15/Dec/2025:08:30:02 +0000] "PUT /d1/500/AUTH_2f96e5f995e6442f94f881dabbe4dbf7/gnocchi.37696d65-2710-4b7d-8243-e18d5e8b5fc2" 201 - "PUT http://172.20.0.103:6001/d1/934/AUTH_2f96e5f995e6442f94f881dabbe4dbf7/gnocchi.37696d65-2710-4b7d-8243-e18d5e8b5fc2" "tx971eeaeadd0a47c7a66f7-00693fc70a" "container-server 22" 0.0055 "-" 21 0
Dec 15 08:30:02 np0005559461 container-server[122266]: 172.20.0.103 - - [15/Dec/2025:08:30:02 +0000] "PUT /d1/137/AUTH_2f96e5f995e6442f94f881dabbe4dbf7/gnocchi.e391eab4-45c2-4a3f-9825-ef2977a93b02" 201 - "PUT http://172.18.0.159:8080/v1/AUTH_2f96e5f995e6442f94f881dabbe4dbf7/gnocchi.e391eab4-45c2-4a3f-9825-ef2977a93b02" "txc1b32cdbefa74c548e2b5-00693fc70a" "proxy-server 20" 0.0218 "-" 20 0
Dec 15 08:30:02 np0005559461 container-server[122266]: 172.20.0.105 - - [15/Dec/2025:08:30:02 +0000] "PUT /d1/934/AUTH_2f96e5f995e6442f94f881dabbe4dbf7/gnocchi.37696d65-2710-4b7d-8243-e18d5e8b5fc2" 201 - "PUT http://172.18.0.159:8080/v1/AUTH_2f96e5f995e6442f94f881dabbe4dbf7/gnocchi.37696d65-2710-4b7d-8243-e18d5e8b5fc2" "tx971eeaeadd0a47c7a66f7-00693fc70a" "proxy-server 20" 0.0476 "-" 20 0
Dec 15 08:30:02 np0005559461 proxy-server[124071]: 172.18.0.103 172.18.0.104 15/Dec/2025/08/30/02 PUT /v1/AUTH_2f96e5f995e6442f94f881dabbe4dbf7/gnocchi.37696d65-2710-4b7d-8243-e18d5e8b5fc2 HTTP/1.0 201 - python-swiftclient-3.11.1 gAAAAABpP8cB_H8j... - - - tx971eeaeadd0a47c7a66f7-00693fc70a - 0.0610 - - 1765787402.276043177 1765787402.337063313 0
Dec 15 08:30:02 np0005559461 container-server[122292]: 172.20.0.104 - - [15/Dec/2025:08:30:02 +0000] "HEAD /d1/137/AUTH_2f96e5f995e6442f94f881dabbe4dbf7/gnocchi.e391eab4-45c2-4a3f-9825-ef2977a93b02" 204 - "HEAD http://172.18.0.159:8080/v1/AUTH_2f96e5f995e6442f94f881dabbe4dbf7/gnocchi.e391eab4-45c2-4a3f-9825-ef2977a93b02?format=json&states=listing" "tx3d605b08375b4e56a0be1-00693fc70a" "proxy-server 20" 0.0019 "-" 23 0
Dec 15 08:30:02 np0005559461 container-server[122285]: 172.20.0.104 - - [15/Dec/2025:08:30:02 +0000] "GET /d1/137/AUTH_2f96e5f995e6442f94f881dabbe4dbf7/gnocchi.e391eab4-45c2-4a3f-9825-ef2977a93b02" 200 2 "GET http://172.18.0.159:8080/v1/AUTH_2f96e5f995e6442f94f881dabbe4dbf7/gnocchi.e391eab4-45c2-4a3f-9825-ef2977a93b02?format=json&states=listing" "tx3d605b08375b4e56a0be1-00693fc70a" "proxy-server 20" 0.0030 "-" 21 0
Dec 15 08:30:02 np0005559461 object-server[122856]: 172.20.0.105 - - [15/Dec/2025:08:30:02 +0000] "GET /d1/899/AUTH_2f96e5f995e6442f94f881dabbe4dbf7/gnocchi.e391eab4-45c2-4a3f-9825-ef2977a93b02/1764720000.0_mean_300.0_v3" 404 70 "GET http://172.18.0.159:8080/v1/AUTH_2f96e5f995e6442f94f881dabbe4dbf7/gnocchi.e391eab4-45c2-4a3f-9825-ef2977a93b02/1764720000.0_mean_300.0_v3" "tx3cc6896372664d4a91558-00693fc70a" "proxy-server 20" 0.0005 "-" 23 0
Dec 15 08:30:02 np0005559461 proxy-server[124071]: 172.18.0.105 172.18.0.104 15/Dec/2025/08/30/02 GET /v1/AUTH_2f96e5f995e6442f94f881dabbe4dbf7/gnocchi.e391eab4-45c2-4a3f-9825-ef2977a93b02/1764720000.0_mean_300.0_v3 HTTP/1.0 404 - python-swiftclient-3.11.1 gAAAAABpP8bDpUSn... - 70 - tx3cc6896372664d4a91558-00693fc70a - 0.0170 - - 1765787402.360345125 1765787402.377369881 0
Dec 15 08:30:02 np0005559461 object-server[122868]: 172.20.0.104 - - [15/Dec/2025:08:30:02 +0000] "GET /d1/605/AUTH_2f96e5f995e6442f94f881dabbe4dbf7/gnocchi.37696d65-2710-4b7d-8243-e18d5e8b5fc2/1764720000.0_mean_300.0_v3" 404 70 "GET http://172.18.0.159:8080/v1/AUTH_2f96e5f995e6442f94f881dabbe4dbf7/gnocchi.37696d65-2710-4b7d-8243-e18d5e8b5fc2/1764720000.0_mean_300.0_v3" "tx3c08094e13ec4e91a0ad9-00693fc70a" "proxy-server 20" 0.0006 "-" 25 0
Dec 15 08:30:02 np0005559461 container-server[122266]: 172.20.0.104 - - [15/Dec/2025:08:30:02 +0000] "PUT /d1/137/AUTH_2f96e5f995e6442f94f881dabbe4dbf7/gnocchi.e391eab4-45c2-4a3f-9825-ef2977a93b02/1764720000.0_mean_300.0_v3" 201 - "PUT http://172.18.0.159:8080/d1/899/AUTH_2f96e5f995e6442f94f881dabbe4dbf7/gnocchi.e391eab4-45c2-4a3f-9825-ef2977a93b02/1764720000.0_mean_300.0_v3" "tx7ba5d41698e84184b2cb6-00693fc70a" "object-server 25" 0.0006 "-" 20 0
Dec 15 08:30:02 np0005559461 object-server[122828]: 172.20.0.103 - - [15/Dec/2025:08:30:02 +0000] "PUT /d1/899/AUTH_2f96e5f995e6442f94f881dabbe4dbf7/gnocchi.e391eab4-45c2-4a3f-9825-ef2977a93b02/1764720000.0_mean_300.0_v3" 201 - "PUT http://172.18.0.159:8080/v1/AUTH_2f96e5f995e6442f94f881dabbe4dbf7/gnocchi.e391eab4-45c2-4a3f-9825-ef2977a93b02/1764720000.0_mean_300.0_v3" "tx7ba5d41698e84184b2cb6-00693fc70a" "proxy-server 20" 0.0141 "-" 19 0
Dec 15 08:30:02 np0005559461 container-server[122285]: 172.20.0.103 - - [15/Dec/2025:08:30:02 +0000] "PUT /d1/934/AUTH_2f96e5f995e6442f94f881dabbe4dbf7/gnocchi.37696d65-2710-4b7d-8243-e18d5e8b5fc2/1764720000.0_mean_300.0_v3" 201 - "PUT http://172.18.0.159:8080/d1/605/AUTH_2f96e5f995e6442f94f881dabbe4dbf7/gnocchi.37696d65-2710-4b7d-8243-e18d5e8b5fc2/1764720000.0_mean_300.0_v3" "txbb008bd6adfc4f99a4603-00693fc70a" "object-server 23" 0.0006 "-" 21 0
Dec 15 08:30:02 np0005559461 object-server[122828]: 172.20.0.105 - - [15/Dec/2025:08:30:02 +0000] "PUT /d1/605/AUTH_2f96e5f995e6442f94f881dabbe4dbf7/gnocchi.37696d65-2710-4b7d-8243-e18d5e8b5fc2/1764720000.0_mean_300.0_v3" 201 - "PUT http://172.18.0.159:8080/v1/AUTH_2f96e5f995e6442f94f881dabbe4dbf7/gnocchi.37696d65-2710-4b7d-8243-e18d5e8b5fc2/1764720000.0_mean_300.0_v3" "txbb008bd6adfc4f99a4603-00693fc70a" "proxy-server 20" 0.0229 "-" 19 0
Dec 15 08:30:02 np0005559461 proxy-server[124071]: 172.18.0.103 172.18.0.104 15/Dec/2025/08/30/02 PUT /v1/AUTH_2f96e5f995e6442f94f881dabbe4dbf7/gnocchi.37696d65-2710-4b7d-8243-e18d5e8b5fc2/1764720000.0_mean_300.0_v3 HTTP/1.0 201 - python-swiftclient-3.11.1 gAAAAABpP8cB_H8j... 16 - - txbb008bd6adfc4f99a4603-00693fc70a - 0.0374 - - 1765787402.386209726 1765787402.423569679 0
Dec 15 08:30:02 np0005559461 container-server[122292]: 172.20.0.105 - - [15/Dec/2025:08:30:02 +0000] "PUT /d1/137/AUTH_2f96e5f995e6442f94f881dabbe4dbf7/gnocchi.e391eab4-45c2-4a3f-9825-ef2977a93b02/none_v3" 201 - "PUT http://172.18.0.159:8080/d1/576/AUTH_2f96e5f995e6442f94f881dabbe4dbf7/gnocchi.e391eab4-45c2-4a3f-9825-ef2977a93b02/none_v3" "txe5a8ca9bdb3448648c34f-00693fc70a" "object-server 23" 0.0008 "-" 23 0
Dec 15 08:30:02 np0005559461 object-server[122856]: 172.20.0.104 - - [15/Dec/2025:08:30:02 +0000] "PUT /d1/576/AUTH_2f96e5f995e6442f94f881dabbe4dbf7/gnocchi.e391eab4-45c2-4a3f-9825-ef2977a93b02/none_v3" 201 - "PUT http://172.18.0.159:8080/v1/AUTH_2f96e5f995e6442f94f881dabbe4dbf7/gnocchi.e391eab4-45c2-4a3f-9825-ef2977a93b02/none_v3" "txe5a8ca9bdb3448648c34f-00693fc70a" "proxy-server 20" 0.0105 "-" 23 0
Dec 15 08:30:02 np0005559461 container-server[122285]: 172.20.0.104 - - [15/Dec/2025:08:30:02 +0000] "PUT /d1/934/AUTH_2f96e5f995e6442f94f881dabbe4dbf7/gnocchi.37696d65-2710-4b7d-8243-e18d5e8b5fc2/none_v3" 201 - "PUT http://172.18.0.159:8080/d1/190/AUTH_2f96e5f995e6442f94f881dabbe4dbf7/gnocchi.37696d65-2710-4b7d-8243-e18d5e8b5fc2/none_v3" "tx9a9a8495644d47b384deb-00693fc70a" "object-server 22" 0.0005 "-" 21 0
Dec 15 08:30:02 np0005559461 object-server[122849]: 172.20.0.103 - - [15/Dec/2025:08:30:02 +0000] "PUT /d1/190/AUTH_2f96e5f995e6442f94f881dabbe4dbf7/gnocchi.37696d65-2710-4b7d-8243-e18d5e8b5fc2/none_v3" 201 - "PUT http://172.18.0.159:8080/v1/AUTH_2f96e5f995e6442f94f881dabbe4dbf7/gnocchi.37696d65-2710-4b7d-8243-e18d5e8b5fc2/none_v3" "tx9a9a8495644d47b384deb-00693fc70a" "proxy-server 20" 0.0113 "-" 22 0
Dec 15 08:30:02 np0005559461 container-server[122266]: 172.20.0.105 - - [15/Dec/2025:08:30:02 +0000] "HEAD /d1/444/AUTH_2f96e5f995e6442f94f881dabbe4dbf7/gnocchi.fbb46259-888b-4ded-aa6d-8b0a9a5bab94" 404 - "HEAD http://172.18.0.159:8080/v1/AUTH_2f96e5f995e6442f94f881dabbe4dbf7/gnocchi.fbb46259-888b-4ded-aa6d-8b0a9a5bab94?format=json&states=listing" "tx0fc30d07241a48c4adb60-00693fc70a" "proxy-server 20" 0.0007 "-" 20 0
Dec 15 08:30:02 np0005559461 container-server[122285]: 172.20.0.104 - - [15/Dec/2025:08:30:02 +0000] "HEAD /d1/284/AUTH_2f96e5f995e6442f94f881dabbe4dbf7/gnocchi.e505e81c-d504-4336-b1d5-99593587132d" 404 - "HEAD http://172.18.0.159:8080/v1/AUTH_2f96e5f995e6442f94f881dabbe4dbf7/gnocchi.e505e81c-d504-4336-b1d5-99593587132d?format=json&states=listing" "txd69791df6cab4cb2bd027-00693fc70a" "proxy-server 20" 0.0007 "-" 21 0
Dec 15 08:30:02 np0005559461 object-server[122849]: 172.20.0.105 - - [15/Dec/2025:08:30:02 +0000] "GET /d1/686/AUTH_2f96e5f995e6442f94f881dabbe4dbf7/gnocchi.fbb46259-888b-4ded-aa6d-8b0a9a5bab94/none_v3" 404 70 "GET http://172.18.0.159:8080/v1/AUTH_2f96e5f995e6442f94f881dabbe4dbf7/gnocchi.fbb46259-888b-4ded-aa6d-8b0a9a5bab94/none_v3" "tx0fc30d07241a48c4adb60-00693fc70a" "proxy-server 20" 0.0005 "-" 22 0
Dec 15 08:30:02 np0005559461 proxy-server[124071]: 172.18.0.105 172.18.0.104 15/Dec/2025/08/30/02 GET /v1/AUTH_2f96e5f995e6442f94f881dabbe4dbf7/gnocchi.fbb46259-888b-4ded-aa6d-8b0a9a5bab94/none_v3 HTTP/1.0 404 - python-swiftclient-3.11.1 gAAAAABpP8bDpUSn... - 70 - tx0fc30d07241a48c4adb60-00693fc70a - 0.0227 - - 1765787402.453507662 1765787402.476195574 0
Dec 15 08:30:02 np0005559461 object-server[122868]: 172.20.0.104 - - [15/Dec/2025:08:30:02 +0000] "GET /d1/694/AUTH_2f96e5f995e6442f94f881dabbe4dbf7/gnocchi.e505e81c-d504-4336-b1d5-99593587132d/none_v3" 404 70 "GET http://172.18.0.159:8080/v1/AUTH_2f96e5f995e6442f94f881dabbe4dbf7/gnocchi.e505e81c-d504-4336-b1d5-99593587132d/none_v3" "txd69791df6cab4cb2bd027-00693fc70a" "proxy-server 20" 0.0005 "-" 25 0
Dec 15 08:30:02 np0005559461 account-server[121833]: 172.20.0.104 - - [15/Dec/2025:08:30:02 +0000] "PUT /d1/500/AUTH_2f96e5f995e6442f94f881dabbe4dbf7/gnocchi.fbb46259-888b-4ded-aa6d-8b0a9a5bab94" 201 - "PUT http://172.20.0.104:6001/d1/444/AUTH_2f96e5f995e6442f94f881dabbe4dbf7/gnocchi.fbb46259-888b-4ded-aa6d-8b0a9a5bab94" "txf648a6d764334fdd92ad1-00693fc70a" "container-server 23" 0.0039 "-" 20 0
Dec 15 08:30:02 np0005559461 container-server[122285]: 172.20.0.103 - - [15/Dec/2025:08:30:02 +0000] "PUT /d1/444/AUTH_2f96e5f995e6442f94f881dabbe4dbf7/gnocchi.fbb46259-888b-4ded-aa6d-8b0a9a5bab94" 201 - "PUT http://172.18.0.159:8080/v1/AUTH_2f96e5f995e6442f94f881dabbe4dbf7/gnocchi.fbb46259-888b-4ded-aa6d-8b0a9a5bab94" "txf648a6d764334fdd92ad1-00693fc70a" "proxy-server 20" 0.0237 "-" 21 0
Dec 15 08:30:02 np0005559461 container-server[122285]: 172.20.0.105 - - [15/Dec/2025:08:30:02 +0000] "PUT /d1/284/AUTH_2f96e5f995e6442f94f881dabbe4dbf7/gnocchi.e505e81c-d504-4336-b1d5-99593587132d" 201 - "PUT http://172.18.0.159:8080/v1/AUTH_2f96e5f995e6442f94f881dabbe4dbf7/gnocchi.e505e81c-d504-4336-b1d5-99593587132d" "tx93322503e3cd4f059d8f2-00693fc70a" "proxy-server 20" 0.0154 "-" 21 0
Dec 15 08:30:02 np0005559461 object-server[122828]: 172.20.0.103 - - [15/Dec/2025:08:30:02 +0000] "GET /d1/656/AUTH_2f96e5f995e6442f94f881dabbe4dbf7/gnocchi.fbb46259-888b-4ded-aa6d-8b0a9a5bab94/1764720000.0_mean_300.0_v3" 404 70 "GET http://172.18.0.159:8080/v1/AUTH_2f96e5f995e6442f94f881dabbe4dbf7/gnocchi.fbb46259-888b-4ded-aa6d-8b0a9a5bab94/1764720000.0_mean_300.0_v3" "tx2dc9e25199bf4d00a727e-00693fc70a" "proxy-server 20" 0.0007 "-" 19 0
Dec 15 08:30:02 np0005559461 account-server[121840]: 172.20.0.103 - - [15/Dec/2025:08:30:02 +0000] "PUT /d1/500/AUTH_2f96e5f995e6442f94f881dabbe4dbf7/gnocchi.e505e81c-d504-4336-b1d5-99593587132d" 201 - "PUT http://172.20.0.103:6001/d1/284/AUTH_2f96e5f995e6442f94f881dabbe4dbf7/gnocchi.e505e81c-d504-4336-b1d5-99593587132d" "tx93322503e3cd4f059d8f2-00693fc70a" "container-server 23" 0.0079 "-" 21 0
Dec 15 08:30:02 np0005559461 proxy-server[124071]: 172.18.0.103 172.18.0.104 15/Dec/2025/08/30/02 PUT /v1/AUTH_2f96e5f995e6442f94f881dabbe4dbf7/gnocchi.e505e81c-d504-4336-b1d5-99593587132d HTTP/1.0 201 - python-swiftclient-3.11.1 gAAAAABpP8cB_H8j... - - - tx93322503e3cd4f059d8f2-00693fc70a - 0.0720 - - 1765787402.493514776 1765787402.565518856 0
Dec 15 08:30:02 np0005559461 container-server[122266]: 172.20.0.103 - - [15/Dec/2025:08:30:02 +0000] "GET /d1/284/AUTH_2f96e5f995e6442f94f881dabbe4dbf7/gnocchi.e505e81c-d504-4336-b1d5-99593587132d" 200 2 "GET http://172.18.0.159:8080/v1/AUTH_2f96e5f995e6442f94f881dabbe4dbf7/gnocchi.e505e81c-d504-4336-b1d5-99593587132d?format=json&states=listing" "txfee5d2de792a492b9aa42-00693fc70a" "proxy-server 20" 0.0040 "-" 20 0
