Dec 15 08:30:02 np0005559461 object-server[122856]: 172.20.0.105 - - [15/Dec/2025:08:30:02 +0000] "GET /d1/894/AUTH_2f96e5f995e6442f94f881dabbe4dbf7/gnocchi.e505e81c-d504-4336-b1d5-99593587132d/1764720000.0_mean_300.0_v3" 404 70 "GET http://172.18.0.159:8080/v1/AUTH_2f96e5f995e6442f94f881dabbe4dbf7/gnocchi.e505e81c-d504-4336-b1d5-99593587132d/1764720000.0_mean_300.0_v3" "tx0d90aaffa8b9482c8bec5-00693fc70a" "proxy-server 20" 0.0004 "-" 23 0
Dec 15 08:30:02 np0005559461 proxy-server[124071]: 172.18.0.103 172.18.0.104 15/Dec/2025/08/30/02 GET /v1/AUTH_2f96e5f995e6442f94f881dabbe4dbf7/gnocchi.e505e81c-d504-4336-b1d5-99593587132d/1764720000.0_mean_300.0_v3 HTTP/1.0 404 - python-swiftclient-3.11.1 gAAAAABpP8cB_H8j... - 70 - tx0d90aaffa8b9482c8bec5-00693fc70a - 0.0202 - - 1765787402.599049330 1765787402.619270802 0
Dec 15 08:30:02 np0005559461 container-server[122266]: 172.20.0.103 - - [15/Dec/2025:08:30:02 +0000] "PUT /d1/444/AUTH_2f96e5f995e6442f94f881dabbe4dbf7/gnocchi.fbb46259-888b-4ded-aa6d-8b0a9a5bab94/1764720000.0_mean_300.0_v3" 201 - "PUT http://172.18.0.159:8080/d1/656/AUTH_2f96e5f995e6442f94f881dabbe4dbf7/gnocchi.fbb46259-888b-4ded-aa6d-8b0a9a5bab94/1764720000.0_mean_300.0_v3" "tx12fe9a1fdd0343d4906f8-00693fc70a" "object-server 24" 0.0007 "-" 20 0
Dec 15 08:30:02 np0005559461 object-server[122849]: 172.20.0.104 - - [15/Dec/2025:08:30:02 +0000] "PUT /d1/656/AUTH_2f96e5f995e6442f94f881dabbe4dbf7/gnocchi.fbb46259-888b-4ded-aa6d-8b0a9a5bab94/1764720000.0_mean_300.0_v3" 201 - "PUT http://172.18.0.159:8080/v1/AUTH_2f96e5f995e6442f94f881dabbe4dbf7/gnocchi.fbb46259-888b-4ded-aa6d-8b0a9a5bab94/1764720000.0_mean_300.0_v3" "tx12fe9a1fdd0343d4906f8-00693fc70a" "proxy-server 20" 0.0171 "-" 22 0
Dec 15 08:30:02 np0005559461 container-server[122292]: 172.20.0.105 - - [15/Dec/2025:08:30:02 +0000] "PUT /d1/284/AUTH_2f96e5f995e6442f94f881dabbe4dbf7/gnocchi.e505e81c-d504-4336-b1d5-99593587132d/1764720000.0_mean_300.0_v3" 201 - "PUT http://172.18.0.159:8080/d1/894/AUTH_2f96e5f995e6442f94f881dabbe4dbf7/gnocchi.e505e81c-d504-4336-b1d5-99593587132d/1764720000.0_mean_300.0_v3" "tx9fc072bd68574282b47a4-00693fc70a" "object-server 25" 0.0005 "-" 23 0
Dec 15 08:30:02 np0005559461 object-server[122868]: 172.20.0.105 - - [15/Dec/2025:08:30:02 +0000] "PUT /d1/894/AUTH_2f96e5f995e6442f94f881dabbe4dbf7/gnocchi.e505e81c-d504-4336-b1d5-99593587132d/1764720000.0_mean_300.0_v3" 201 - "PUT http://172.18.0.159:8080/v1/AUTH_2f96e5f995e6442f94f881dabbe4dbf7/gnocchi.e505e81c-d504-4336-b1d5-99593587132d/1764720000.0_mean_300.0_v3" "tx9fc072bd68574282b47a4-00693fc70a" "proxy-server 20" 0.0112 "-" 25 0
Dec 15 08:30:02 np0005559461 container-server[122266]: 172.20.0.105 - - [15/Dec/2025:08:30:02 +0000] "PUT /d1/444/AUTH_2f96e5f995e6442f94f881dabbe4dbf7/gnocchi.fbb46259-888b-4ded-aa6d-8b0a9a5bab94/none_v3" 201 - "PUT http://172.18.0.159:8080/d1/686/AUTH_2f96e5f995e6442f94f881dabbe4dbf7/gnocchi.fbb46259-888b-4ded-aa6d-8b0a9a5bab94/none_v3" "tx5d1a80cf5314404ead1e7-00693fc70a" "object-server 23" 0.0005 "-" 20 0
Dec 15 08:30:02 np0005559461 object-server[122856]: 172.20.0.104 - - [15/Dec/2025:08:30:02 +0000] "PUT /d1/686/AUTH_2f96e5f995e6442f94f881dabbe4dbf7/gnocchi.fbb46259-888b-4ded-aa6d-8b0a9a5bab94/none_v3" 201 - "PUT http://172.18.0.159:8080/v1/AUTH_2f96e5f995e6442f94f881dabbe4dbf7/gnocchi.fbb46259-888b-4ded-aa6d-8b0a9a5bab94/none_v3" "tx5d1a80cf5314404ead1e7-00693fc70a" "proxy-server 20" 0.0113 "-" 23 0
Dec 15 08:30:02 np0005559461 proxy-server[124071]: 172.18.0.103 172.18.0.104 15/Dec/2025/08/30/02 PUT /v1/AUTH_2f96e5f995e6442f94f881dabbe4dbf7/gnocchi.e505e81c-d504-4336-b1d5-99593587132d/1764720000.0_mean_300.0_v3 HTTP/1.0 201 - python-swiftclient-3.11.1 gAAAAABpP8cB_H8j... 16 - - tx9fc072bd68574282b47a4-00693fc70a - 0.0271 - - 1765787402.627964020 1765787402.655042648 0
Dec 15 08:30:02 np0005559461 container-server[122289]: 172.20.0.105 - - [15/Dec/2025:08:30:02 +0000] "PUT /d1/284/AUTH_2f96e5f995e6442f94f881dabbe4dbf7/gnocchi.e505e81c-d504-4336-b1d5-99593587132d/none_v3" 201 - "PUT http://172.18.0.159:8080/d1/694/AUTH_2f96e5f995e6442f94f881dabbe4dbf7/gnocchi.e505e81c-d504-4336-b1d5-99593587132d/none_v3" "tx66a9717f24bb46c78cef4-00693fc70a" "object-server 22" 0.0011 "-" 22 0
Dec 15 08:30:02 np0005559461 object-server[122849]: 172.20.0.105 - - [15/Dec/2025:08:30:02 +0000] "PUT /d1/694/AUTH_2f96e5f995e6442f94f881dabbe4dbf7/gnocchi.e505e81c-d504-4336-b1d5-99593587132d/none_v3" 201 - "PUT http://172.18.0.159:8080/v1/AUTH_2f96e5f995e6442f94f881dabbe4dbf7/gnocchi.e505e81c-d504-4336-b1d5-99593587132d/none_v3" "tx66a9717f24bb46c78cef4-00693fc70a" "proxy-server 20" 0.0197 "-" 22 0
Dec 15 08:30:02 np0005559461 proxy-server[124071]: 172.18.0.103 172.18.0.104 15/Dec/2025/08/30/02 PUT /v1/AUTH_2f96e5f995e6442f94f881dabbe4dbf7/gnocchi.e505e81c-d504-4336-b1d5-99593587132d/none_v3 HTTP/1.0 201 - python-swiftclient-3.11.1 gAAAAABpP8cB_H8j... 22 - - tx66a9717f24bb46c78cef4-00693fc70a - 0.0326 - - 1765787402.660600901 1765787402.693190575 0
Dec 15 08:30:02 np0005559461 container-server[122292]: 172.20.0.103 - - [15/Dec/2025:08:30:02 +0000] "HEAD /d1/572/AUTH_2f96e5f995e6442f94f881dabbe4dbf7/gnocchi.26c9b737-5459-4c7e-8b8f-187aa2d75f31" 404 - "HEAD http://172.18.0.159:8080/v1/AUTH_2f96e5f995e6442f94f881dabbe4dbf7/gnocchi.26c9b737-5459-4c7e-8b8f-187aa2d75f31?format=json&states=listing" "tx0f2beb9f45204af49e930-00693fc70a" "proxy-server 20" 0.0004 "-" 23 0
Dec 15 08:30:02 np0005559461 object-server[122868]: 172.20.0.103 - - [15/Dec/2025:08:30:02 +0000] "GET /d1/396/AUTH_2f96e5f995e6442f94f881dabbe4dbf7/gnocchi.26c9b737-5459-4c7e-8b8f-187aa2d75f31/none_v3" 404 70 "GET http://172.18.0.159:8080/v1/AUTH_2f96e5f995e6442f94f881dabbe4dbf7/gnocchi.26c9b737-5459-4c7e-8b8f-187aa2d75f31/none_v3" "tx0f2beb9f45204af49e930-00693fc70a" "proxy-server 20" 0.0003 "-" 25 0
Dec 15 08:30:02 np0005559461 account-server[121856]: 172.20.0.104 - - [15/Dec/2025:08:30:02 +0000] "PUT /d1/500/AUTH_2f96e5f995e6442f94f881dabbe4dbf7/gnocchi.26c9b737-5459-4c7e-8b8f-187aa2d75f31" 201 - "PUT http://172.20.0.104:6001/d1/572/AUTH_2f96e5f995e6442f94f881dabbe4dbf7/gnocchi.26c9b737-5459-4c7e-8b8f-187aa2d75f31" "tx7f75a49c2f1447d593113-00693fc70a" "container-server 22" 0.0039 "-" 22 0
Dec 15 08:30:02 np0005559461 container-server[122292]: 172.20.0.104 - - [15/Dec/2025:08:30:02 +0000] "PUT /d1/572/AUTH_2f96e5f995e6442f94f881dabbe4dbf7/gnocchi.26c9b737-5459-4c7e-8b8f-187aa2d75f31" 201 - "PUT http://172.18.0.159:8080/v1/AUTH_2f96e5f995e6442f94f881dabbe4dbf7/gnocchi.26c9b737-5459-4c7e-8b8f-187aa2d75f31" "tx7f75a49c2f1447d593113-00693fc70a" "proxy-server 20" 0.0170 "-" 23 0
Dec 15 08:30:02 np0005559461 proxy-server[124071]: - - 15/Dec/2025/08/30/02 HEAD /v1/AUTH_2f96e5f995e6442f94f881dabbe4dbf7/gnocchi.26c9b737-5459-4c7e-8b8f-187aa2d75f31%3Fformat%3Djson%26states%3Dlisting HTTP/1.0 204 - Swift - - - - tx38f51070026a474b97620-00693fc70a - 0.0081 RL - 1765787402.754626036 1765787402.762739182 0
Dec 15 08:30:02 np0005559461 container-server[122292]: 172.20.0.105 - - [15/Dec/2025:08:30:02 +0000] "GET /d1/572/AUTH_2f96e5f995e6442f94f881dabbe4dbf7/gnocchi.26c9b737-5459-4c7e-8b8f-187aa2d75f31" 200 2 "GET http://172.18.0.159:8080/v1/AUTH_2f96e5f995e6442f94f881dabbe4dbf7/gnocchi.26c9b737-5459-4c7e-8b8f-187aa2d75f31?format=json&states=listing" "tx38f51070026a474b97620-00693fc70a" "proxy-server 20" 0.0024 "-" 23 0
Dec 15 08:30:02 np0005559461 proxy-server[124071]: 172.18.0.159 172.18.0.104 15/Dec/2025/08/30/02 GET /v1/AUTH_2f96e5f995e6442f94f881dabbe4dbf7/gnocchi.26c9b737-5459-4c7e-8b8f-187aa2d75f31%3Fformat%3Djson%26states%3Dlisting HTTP/1.0 200 - python-swiftclient-3.11.1 gAAAAABpP8cKWFq0... - 2 - tx38f51070026a474b97620-00693fc70a - 0.0247 - - 1765787402.751484394 1765787402.776197910 0
Dec 15 08:30:02 np0005559461 object-server[122868]: 172.20.0.103 - - [15/Dec/2025:08:30:02 +0000] "GET /d1/856/AUTH_2f96e5f995e6442f94f881dabbe4dbf7/gnocchi.26c9b737-5459-4c7e-8b8f-187aa2d75f31/1764720000.0_mean_300.0_v3" 404 70 "GET http://172.18.0.159:8080/v1/AUTH_2f96e5f995e6442f94f881dabbe4dbf7/gnocchi.26c9b737-5459-4c7e-8b8f-187aa2d75f31/1764720000.0_mean_300.0_v3" "tx7a9a56e0936946af8674e-00693fc70a" "proxy-server 20" 0.0005 "-" 25 0
Dec 15 08:30:02 np0005559461 object-server[122856]: 172.20.0.104 - - [15/Dec/2025:08:30:02 +0000] "PUT /d1/856/AUTH_2f96e5f995e6442f94f881dabbe4dbf7/gnocchi.26c9b737-5459-4c7e-8b8f-187aa2d75f31/1764720000.0_mean_300.0_v3" 201 - "PUT http://172.18.0.159:8080/v1/AUTH_2f96e5f995e6442f94f881dabbe4dbf7/gnocchi.26c9b737-5459-4c7e-8b8f-187aa2d75f31/1764720000.0_mean_300.0_v3" "tx445c19b846c24b45ab5c3-00693fc70a" "proxy-server 20" 0.0123 "-" 23 0
Dec 15 08:30:02 np0005559461 container-server[122285]: 172.20.0.104 - - [15/Dec/2025:08:30:02 +0000] "PUT /d1/572/AUTH_2f96e5f995e6442f94f881dabbe4dbf7/gnocchi.26c9b737-5459-4c7e-8b8f-187aa2d75f31/1764720000.0_mean_300.0_v3" 201 - "PUT http://172.18.0.159:8080/d1/856/AUTH_2f96e5f995e6442f94f881dabbe4dbf7/gnocchi.26c9b737-5459-4c7e-8b8f-187aa2d75f31/1764720000.0_mean_300.0_v3" "tx445c19b846c24b45ab5c3-00693fc70a" "object-server 25" 0.0009 "-" 21 0
Dec 15 08:30:02 np0005559461 object-server[122856]: 172.20.0.105 - - [15/Dec/2025:08:30:02 +0000] "PUT /d1/396/AUTH_2f96e5f995e6442f94f881dabbe4dbf7/gnocchi.26c9b737-5459-4c7e-8b8f-187aa2d75f31/none_v3" 201 - "PUT http://172.18.0.159:8080/v1/AUTH_2f96e5f995e6442f94f881dabbe4dbf7/gnocchi.26c9b737-5459-4c7e-8b8f-187aa2d75f31/none_v3" "tx8a8ff193036c4ad5bf845-00693fc70a" "proxy-server 20" 0.0115 "-" 23 0
Dec 15 08:30:02 np0005559461 container-server[122289]: 172.20.0.103 - - [15/Dec/2025:08:30:02 +0000] "PUT /d1/572/AUTH_2f96e5f995e6442f94f881dabbe4dbf7/gnocchi.26c9b737-5459-4c7e-8b8f-187aa2d75f31/none_v3" 201 - "PUT http://172.18.0.159:8080/d1/396/AUTH_2f96e5f995e6442f94f881dabbe4dbf7/gnocchi.26c9b737-5459-4c7e-8b8f-187aa2d75f31/none_v3" "tx8a8ff193036c4ad5bf845-00693fc70a" "object-server 24" 0.0005 "-" 22 0
Dec 15 08:30:02 np0005559461 proxy-server[124071]: 172.18.0.159 172.18.0.104 15/Dec/2025/08/30/02 PUT /v1/AUTH_2f96e5f995e6442f94f881dabbe4dbf7/gnocchi.26c9b737-5459-4c7e-8b8f-187aa2d75f31/none_v3 HTTP/1.0 201 - python-swiftclient-3.11.1 gAAAAABpP8cKWFq0... 22 - - tx8a8ff193036c4ad5bf845-00693fc70a - 0.0277 - - 1765787402.833676100 1765787402.861364365 0
Dec 15 08:30:16 np0005559461 account-server[121476]: Beginning replication run
Dec 15 08:30:16 np0005559461 account-server[121476]: Replication run OVER
Dec 15 08:30:16 np0005559461 account-server[121476]: Attempted to replicate 1 dbs in 0.02694 seconds (37.12482/s)
Dec 15 08:30:16 np0005559461 account-server[121476]: Removed 0 dbs
Dec 15 08:30:16 np0005559461 account-server[121476]: 2 successes, 0 failures
Dec 15 08:30:16 np0005559461 account-server[121476]: diff:0 diff_capped:0 empty:0 hashmatch:0 no_change:2 remote_merge:0 rsync:0 ts_repl:0
Dec 15 08:30:22 np0005559461 account-server[121840]: 172.20.0.104 - - [15/Dec/2025:08:30:22 +0000] "HEAD /d1/700/.expiring_objects" 404 - "HEAD http://localhost/v1/.expiring_objects?format=json" "tx4fecc9895e2748df92d7d-00693fc71e" "proxy-server 2" 0.0007 "-" 21 -
Dec 15 08:30:22 np0005559461 container-server[121826]: Beginning replication run
Dec 15 08:30:22 np0005559461 container-server[121826]: Replication run OVER
Dec 15 08:30:22 np0005559461 container-server[121826]: Attempted to replicate 8 dbs in 0.19641 seconds (40.73116/s)
Dec 15 08:30:22 np0005559461 container-server[121826]: Removed 0 dbs
Dec 15 08:30:22 np0005559461 container-server[121826]: 16 successes, 0 failures
Dec 15 08:30:22 np0005559461 container-server[121826]: diff:0 diff_capped:0 empty:0 hashmatch:0 no_change:16 remote_merge:0 rsync:0 ts_repl:0
Dec 15 08:30:25 np0005559461 account-server[121833]: 172.20.0.104 - - [15/Dec/2025:08:30:25 +0000] "HEAD /d1/700/.expiring_objects" 404 - "HEAD http://localhost/v1/.expiring_objects?format=json" "tx2326997c1c164558babc8-00693fc721" "proxy-server 2" 0.0003 "-" 20 -
Dec 15 08:30:28 np0005559461 object-server[122444]: Starting object replication pass.
Dec 15 08:30:28 np0005559461 object-server[122444]: 16/16 (100.00%) partitions replicated in 0.16s (99.94/sec, 0s remaining)
Dec 15 08:30:28 np0005559461 object-server[122444]: 32 successes, 0 failures
Dec 15 08:30:28 np0005559461 object-server[122444]: 16 suffixes checked - 0.00% hashed, 0.00% synced
Dec 15 08:30:28 np0005559461 object-server[122444]: Partition times: max 0.0166s, min 0.0076s, med 0.0088s
Dec 15 08:30:28 np0005559461 object-server[122444]: Object replication complete. (0.00 minutes)
Dec 15 08:30:29 np0005559461 object-server[212551]: Begin object audit "forever" mode (ZBF)
Dec 15 08:30:29 np0005559461 object-server[212551]: Object audit (ZBF). Since Mon Dec 15 08:30:29 2025: Locally: 1 passed, 0 quarantined, 0 errors, files/sec: 549.14, bytes/sec: 0.00, Total time: 0.00, Auditing time: 0.00, Rate: 0.00
Dec 15 08:30:30 np0005559461 object-server[212551]: Object audit (ZBF) "forever" mode completed: 0.28s. Total quarantined: 0, Total errors: 0, Total files/sec: 56.58, Total bytes/sec: 0.00, Auditing time: 0.28, Rate: 0.98
Dec 15 08:30:46 np0005559461 account-server[121476]: Beginning replication run
Dec 15 08:30:46 np0005559461 account-server[121476]: Replication run OVER
Dec 15 08:30:46 np0005559461 account-server[121476]: Attempted to replicate 1 dbs in 0.01856 seconds (53.88614/s)
Dec 15 08:30:46 np0005559461 account-server[121476]: Removed 0 dbs
Dec 15 08:30:46 np0005559461 account-server[121476]: 2 successes, 0 failures
Dec 15 08:30:46 np0005559461 account-server[121476]: diff:0 diff_capped:0 empty:0 hashmatch:0 no_change:2 remote_merge:0 rsync:0 ts_repl:0
Dec 15 08:30:52 np0005559461 container-server[121826]: Beginning replication run
Dec 15 08:30:52 np0005559461 container-server[121826]: Replication run OVER
Dec 15 08:30:52 np0005559461 container-server[121826]: Attempted to replicate 8 dbs in 0.15166 seconds (52.74797/s)
Dec 15 08:30:52 np0005559461 container-server[121826]: Removed 0 dbs
Dec 15 08:30:52 np0005559461 container-server[121826]: 16 successes, 0 failures
Dec 15 08:30:52 np0005559461 container-server[121826]: diff:0 diff_capped:0 empty:0 hashmatch:0 no_change:16 remote_merge:0 rsync:0 ts_repl:0
Dec 15 08:30:58 np0005559461 object-server[122444]: Starting object replication pass.
Dec 15 08:30:58 np0005559461 object-server[122444]: 16/16 (100.00%) partitions replicated in 0.15s (105.79/sec, 0s remaining)
Dec 15 08:30:58 np0005559461 object-server[122444]: 32 successes, 0 failures
Dec 15 08:30:58 np0005559461 object-server[122444]: 16 suffixes checked - 0.00% hashed, 0.00% synced
Dec 15 08:30:58 np0005559461 object-server[122444]: Partition times: max 0.0158s, min 0.0070s, med 0.0081s
Dec 15 08:30:58 np0005559461 object-server[122444]: Object replication complete. (0.00 minutes)
Dec 15 08:31:00 np0005559461 object-server[218465]: Begin object audit "forever" mode (ZBF)
Dec 15 08:31:00 np0005559461 object-server[218465]: Object audit (ZBF). Since Mon Dec 15 08:31:00 2025: Locally: 1 passed, 0 quarantined, 0 errors, files/sec: 822.57, bytes/sec: 0.00, Total time: 0.00, Auditing time: 0.00, Rate: 0.00
Dec 15 08:31:00 np0005559461 object-server[218466]: Begin object audit "forever" mode (ALL)
Dec 15 08:31:00 np0005559461 object-server[218466]: Object audit (ALL). Since Mon Dec 15 08:31:00 2025: Locally: 1 passed, 0 quarantined, 0 errors, files/sec: 149.12, bytes/sec: 2385.92, Total time: 0.01, Auditing time: 0.00, Rate: 0.00
Dec 15 08:31:00 np0005559461 object-server[218465]: Object audit (ZBF) "forever" mode completed: 0.28s. Total quarantined: 0, Total errors: 0, Total files/sec: 56.74, Total bytes/sec: 0.00, Auditing time: 0.28, Rate: 0.99
Dec 15 08:31:00 np0005559461 object-server[218466]: Object audit (ALL) "forever" mode completed: 0.71s. Total quarantined: 0, Total errors: 0, Total files/sec: 22.54, Total bytes/sec: 442.30, Auditing time: 0.70, Rate: 0.99
Dec 15 08:31:16 np0005559461 account-server[121476]: Beginning replication run
Dec 15 08:31:16 np0005559461 account-server[121476]: Replication run OVER
Dec 15 08:31:16 np0005559461 account-server[121476]: Attempted to replicate 1 dbs in 0.01769 seconds (56.52593/s)
Dec 15 08:31:16 np0005559461 account-server[121476]: Removed 0 dbs
Dec 15 08:31:16 np0005559461 account-server[121476]: 2 successes, 0 failures
Dec 15 08:31:16 np0005559461 account-server[121476]: diff:0 diff_capped:0 empty:0 hashmatch:0 no_change:2 remote_merge:0 rsync:0 ts_repl:0
Dec 15 08:31:22 np0005559461 container-server[121826]: Beginning replication run
Dec 15 08:31:22 np0005559461 container-server[121826]: Replication run OVER
Dec 15 08:31:22 np0005559461 container-server[121826]: Attempted to replicate 8 dbs in 0.14870 seconds (53.79922/s)
Dec 15 08:31:22 np0005559461 container-server[121826]: Removed 0 dbs
Dec 15 08:31:22 np0005559461 container-server[121826]: 16 successes, 0 failures
Dec 15 08:31:22 np0005559461 container-server[121826]: diff:0 diff_capped:0 empty:0 hashmatch:0 no_change:16 remote_merge:0 rsync:0 ts_repl:0
Dec 15 08:31:23 np0005559461 account-server[121856]: 172.20.0.105 - - [15/Dec/2025:08:31:23 +0000] "HEAD /d1/700/.expiring_objects" 404 - "HEAD http://localhost/v1/.expiring_objects?format=json" "txd9178e0f84cd433bb59db-00693fc75b" "proxy-server 2" 0.0007 "-" 22 -
Dec 15 08:31:23 np0005559461 object-expirer[122335]: Pass completed in 0s; 0 objects expired (txn: txd9178e0f84cd433bb59db-00693fc75b)
Dec 15 08:31:28 np0005559461 object-server[122444]: Starting object replication pass.
Dec 15 08:31:28 np0005559461 object-server[122444]: 16/16 (100.00%) partitions replicated in 0.16s (97.92/sec, 0s remaining)
Dec 15 08:31:28 np0005559461 object-server[122444]: 32 successes, 0 failures
Dec 15 08:31:28 np0005559461 object-server[122444]: 16 suffixes checked - 0.00% hashed, 0.00% synced
Dec 15 08:31:28 np0005559461 object-server[122444]: Partition times: max 0.0130s, min 0.0074s, med 0.0094s
Dec 15 08:31:28 np0005559461 object-server[122444]: Object replication complete. (0.00 minutes)
Dec 15 08:31:30 np0005559461 proxy-server[124071]: - - 15/Dec/2025/08/31/30 HEAD /v1/AUTH_2f96e5f995e6442f94f881dabbe4dbf7%3Fformat%3Djson HTTP/1.0 204 - Swift - - - - txffc367fc144b468e94066-00693fc762 - 0.0078 RL - 1765787490.550187111 1765787490.558003902 -
Dec 15 08:31:30 np0005559461 container-server[122285]: 172.20.0.105 - - [15/Dec/2025:08:31:30 +0000] "HEAD /d1/50/AUTH_2f96e5f995e6442f94f881dabbe4dbf7/gnocchi.d4be3153-ae97-4616-8b82-58d45ed63c6e" 404 - "HEAD http://172.18.0.159:8080/v1/AUTH_2f96e5f995e6442f94f881dabbe4dbf7/gnocchi.d4be3153-ae97-4616-8b82-58d45ed63c6e?format=json&states=listing" "txffc367fc144b468e94066-00693fc762" "proxy-server 20" 0.0008 "-" 21 0
Dec 15 08:31:30 np0005559461 container-server[122285]: 172.20.0.103 - - [15/Dec/2025:08:31:30 +0000] "HEAD /d1/989/AUTH_2f96e5f995e6442f94f881dabbe4dbf7/gnocchi.e267590c-bd3b-4f45-a5dc-979be28afdde" 404 - "HEAD http://172.18.0.159:8080/v1/AUTH_2f96e5f995e6442f94f881dabbe4dbf7/gnocchi.e267590c-bd3b-4f45-a5dc-979be28afdde?format=json&states=listing" "txccb05a0aa98942f997280-00693fc762" "proxy-server 20" 0.0004 "-" 21 0
Dec 15 08:31:30 np0005559461 container-server[122292]: 172.20.0.104 - - [15/Dec/2025:08:31:30 +0000] "HEAD /d1/278/AUTH_2f96e5f995e6442f94f881dabbe4dbf7/gnocchi.d36d970f-bfcb-4128-b7da-8b42c64e5836" 404 - "HEAD http://172.18.0.159:8080/v1/AUTH_2f96e5f995e6442f94f881dabbe4dbf7/gnocchi.d36d970f-bfcb-4128-b7da-8b42c64e5836?format=json&states=listing" "tx81210932ef0443dfac74f-00693fc762" "proxy-server 20" 0.0005 "-" 23 0
Dec 15 08:31:30 np0005559461 object-server[122828]: 172.20.0.105 - - [15/Dec/2025:08:31:30 +0000] "GET /d1/495/AUTH_2f96e5f995e6442f94f881dabbe4dbf7/gnocchi.d4be3153-ae97-4616-8b82-58d45ed63c6e/none_v3" 404 70 "GET http://172.18.0.159:8080/v1/AUTH_2f96e5f995e6442f94f881dabbe4dbf7/gnocchi.d4be3153-ae97-4616-8b82-58d45ed63c6e/none_v3" "txffc367fc144b468e94066-00693fc762" "proxy-server 20" 0.0005 "-" 19 0
Dec 15 08:31:30 np0005559461 proxy-server[124071]: 172.18.0.105 172.18.0.104 15/Dec/2025/08/31/30 GET /v1/AUTH_2f96e5f995e6442f94f881dabbe4dbf7/gnocchi.d4be3153-ae97-4616-8b82-58d45ed63c6e/none_v3 HTTP/1.0 404 - python-swiftclient-3.11.1 gAAAAABpP8bDpUSn... - 70 - txffc367fc144b468e94066-00693fc762 - 0.0369 - - 1765787490.548987627 1765787490.585852385 0
Dec 15 08:31:30 np0005559461 object-server[122868]: 172.20.0.104 - - [15/Dec/2025:08:31:30 +0000] "GET /d1/263/AUTH_2f96e5f995e6442f94f881dabbe4dbf7/gnocchi.d36d970f-bfcb-4128-b7da-8b42c64e5836/none_v3" 404 70 "GET http://172.18.0.159:8080/v1/AUTH_2f96e5f995e6442f94f881dabbe4dbf7/gnocchi.d36d970f-bfcb-4128-b7da-8b42c64e5836/none_v3" "tx81210932ef0443dfac74f-00693fc762" "proxy-server 20" 0.0005 "-" 25 0
Dec 15 08:31:30 np0005559461 object-server[122828]: 172.20.0.103 - - [15/Dec/2025:08:31:30 +0000] "GET /d1/604/AUTH_2f96e5f995e6442f94f881dabbe4dbf7/gnocchi.e267590c-bd3b-4f45-a5dc-979be28afdde/none_v3" 404 70 "GET http://172.18.0.159:8080/v1/AUTH_2f96e5f995e6442f94f881dabbe4dbf7/gnocchi.e267590c-bd3b-4f45-a5dc-979be28afdde/none_v3" "txccb05a0aa98942f997280-00693fc762" "proxy-server 20" 0.0003 "-" 19 0
Dec 15 08:31:30 np0005559461 object-server[218476]: Begin object audit "forever" mode (ZBF)
Dec 15 08:31:30 np0005559461 object-server[218476]: Object audit (ZBF). Since Mon Dec 15 08:31:30 2025: Locally: 1 passed, 0 quarantined, 0 errors, files/sec: 790.04, bytes/sec: 0.00, Total time: 0.00, Auditing time: 0.00, Rate: 0.00
Dec 15 08:31:30 np0005559461 container-server[122292]: 172.20.0.105 - - [15/Dec/2025:08:31:30 +0000] "PUT /d1/50/AUTH_2f96e5f995e6442f94f881dabbe4dbf7/gnocchi.d4be3153-ae97-4616-8b82-58d45ed63c6e" 201 - "PUT http://172.18.0.159:8080/v1/AUTH_2f96e5f995e6442f94f881dabbe4dbf7/gnocchi.d4be3153-ae97-4616-8b82-58d45ed63c6e" "txcb1dfae6e4e642319df12-00693fc762" "proxy-server 20" 0.0164 "-" 23 0
Dec 15 08:31:30 np0005559461 account-server[121833]: 172.20.0.104 - - [15/Dec/2025:08:31:30 +0000] "PUT /d1/500/AUTH_2f96e5f995e6442f94f881dabbe4dbf7/gnocchi.d4be3153-ae97-4616-8b82-58d45ed63c6e" 201 - "PUT http://172.20.0.104:6001/d1/50/AUTH_2f96e5f995e6442f94f881dabbe4dbf7/gnocchi.d4be3153-ae97-4616-8b82-58d45ed63c6e" "txcb1dfae6e4e642319df12-00693fc762" "container-server 21" 0.0017 "-" 20 0
Dec 15 08:31:30 np0005559461 proxy-server[124071]: 172.18.0.105 172.18.0.104 15/Dec/2025/08/31/30 PUT /v1/AUTH_2f96e5f995e6442f94f881dabbe4dbf7/gnocchi.d4be3153-ae97-4616-8b82-58d45ed63c6e HTTP/1.0 201 - python-swiftclient-3.11.1 gAAAAABpP8bDpUSn... - - - txcb1dfae6e4e642319df12-00693fc762 - 0.0328 - - 1765787490.590327978 1765787490.623176336 0
Dec 15 08:31:30 np0005559461 account-server[121869]: 172.20.0.105 - - [15/Dec/2025:08:31:30 +0000] "PUT /d1/500/AUTH_2f96e5f995e6442f94f881dabbe4dbf7/gnocchi.e267590c-bd3b-4f45-a5dc-979be28afdde" 201 - "PUT http://172.20.0.105:6001/d1/989/AUTH_2f96e5f995e6442f94f881dabbe4dbf7/gnocchi.e267590c-bd3b-4f45-a5dc-979be28afdde" "tx869a3d9703474bacbf019-00693fc762" "container-server 20" 0.0068 "-" 23 0
Dec 15 08:31:30 np0005559461 container-server[122266]: 172.20.0.103 - - [15/Dec/2025:08:31:30 +0000] "PUT /d1/989/AUTH_2f96e5f995e6442f94f881dabbe4dbf7/gnocchi.e267590c-bd3b-4f45-a5dc-979be28afdde" 201 - "PUT http://172.18.0.159:8080/v1/AUTH_2f96e5f995e6442f94f881dabbe4dbf7/gnocchi.e267590c-bd3b-4f45-a5dc-979be28afdde" "tx869a3d9703474bacbf019-00693fc762" "proxy-server 20" 0.0195 "-" 20 0
Dec 15 08:31:30 np0005559461 account-server[121856]: 172.20.0.104 - - [15/Dec/2025:08:31:30 +0000] "PUT /d1/500/AUTH_2f96e5f995e6442f94f881dabbe4dbf7/gnocchi.d36d970f-bfcb-4128-b7da-8b42c64e5836" 201 - "PUT http://172.20.0.104:6001/d1/278/AUTH_2f96e5f995e6442f94f881dabbe4dbf7/gnocchi.d36d970f-bfcb-4128-b7da-8b42c64e5836" "tx0d35e7141e804d0e8f8bb-00693fc762" "container-server 23" 0.0062 "-" 22 0
Dec 15 08:31:30 np0005559461 proxy-server[124071]: - - 15/Dec/2025/08/31/30 HEAD /v1/AUTH_2f96e5f995e6442f94f881dabbe4dbf7/gnocchi.d4be3153-ae97-4616-8b82-58d45ed63c6e%3Fformat%3Djson%26states%3Dlisting HTTP/1.0 204 - Swift - - - - txf4ca0658f2d3450fa3f36-00693fc762 - 0.0046 RL - 1765787490.633178949 1765787490.637771368 0
Dec 15 08:31:30 np0005559461 container-server[122285]: 172.20.0.104 - - [15/Dec/2025:08:31:30 +0000] "PUT /d1/278/AUTH_2f96e5f995e6442f94f881dabbe4dbf7/gnocchi.d36d970f-bfcb-4128-b7da-8b42c64e5836" 201 - "PUT http://172.18.0.159:8080/v1/AUTH_2f96e5f995e6442f94f881dabbe4dbf7/gnocchi.d36d970f-bfcb-4128-b7da-8b42c64e5836" "tx0d35e7141e804d0e8f8bb-00693fc762" "proxy-server 20" 0.0207 "-" 21 0
Dec 15 08:31:30 np0005559461 container-server[122289]: 172.20.0.105 - - [15/Dec/2025:08:31:30 +0000] "GET /d1/50/AUTH_2f96e5f995e6442f94f881dabbe4dbf7/gnocchi.d4be3153-ae97-4616-8b82-58d45ed63c6e" 200 2 "GET http://172.18.0.159:8080/v1/AUTH_2f96e5f995e6442f94f881dabbe4dbf7/gnocchi.d4be3153-ae97-4616-8b82-58d45ed63c6e?format=json&states=listing" "txf4ca0658f2d3450fa3f36-00693fc762" "proxy-server 20" 0.0025 "-" 22 0
Dec 15 08:31:30 np0005559461 container-server[122292]: 172.20.0.103 - - [15/Dec/2025:08:31:30 +0000] "HEAD /d1/989/AUTH_2f96e5f995e6442f94f881dabbe4dbf7/gnocchi.e267590c-bd3b-4f45-a5dc-979be28afdde" 204 - "HEAD http://172.18.0.159:8080/v1/AUTH_2f96e5f995e6442f94f881dabbe4dbf7/gnocchi.e267590c-bd3b-4f45-a5dc-979be28afdde?format=json&states=listing" "txebca0035a10c4ab99954b-00693fc762" "proxy-server 20" 0.0020 "-" 23 0
Dec 15 08:31:30 np0005559461 proxy-server[124071]: 172.18.0.105 172.18.0.104 15/Dec/2025/08/31/30 GET /v1/AUTH_2f96e5f995e6442f94f881dabbe4dbf7/gnocchi.d4be3153-ae97-4616-8b82-58d45ed63c6e%3Fformat%3Djson%26states%3Dlisting HTTP/1.0 200 - python-swiftclient-3.11.1 gAAAAABpP8bDpUSn... - 2 - txf4ca0658f2d3450fa3f36-00693fc762 - 0.0160 - - 1765787490.631533384 1765787490.647489309 0
Dec 15 08:31:30 np0005559461 container-server[122289]: 172.20.0.104 - - [15/Dec/2025:08:31:30 +0000] "HEAD /d1/278/AUTH_2f96e5f995e6442f94f881dabbe4dbf7/gnocchi.d36d970f-bfcb-4128-b7da-8b42c64e5836" 204 - "HEAD http://172.18.0.159:8080/v1/AUTH_2f96e5f995e6442f94f881dabbe4dbf7/gnocchi.d36d970f-bfcb-4128-b7da-8b42c64e5836?format=json&states=listing" "tx51634fdc0afd4432862a2-00693fc762" "proxy-server 20" 0.0018 "-" 22 0
Dec 15 08:31:30 np0005559461 container-server[122292]: 172.20.0.103 - - [15/Dec/2025:08:31:30 +0000] "GET /d1/989/AUTH_2f96e5f995e6442f94f881dabbe4dbf7/gnocchi.e267590c-bd3b-4f45-a5dc-979be28afdde" 200 2 "GET http://172.18.0.159:8080/v1/AUTH_2f96e5f995e6442f94f881dabbe4dbf7/gnocchi.e267590c-bd3b-4f45-a5dc-979be28afdde?format=json&states=listing" "txebca0035a10c4ab99954b-00693fc762" "proxy-server 20" 0.0033 "-" 23 0
Dec 15 08:31:30 np0005559461 object-server[122828]: 172.20.0.105 - - [15/Dec/2025:08:31:30 +0000] "GET /d1/607/AUTH_2f96e5f995e6442f94f881dabbe4dbf7/gnocchi.d4be3153-ae97-4616-8b82-58d45ed63c6e/1764720000.0_mean_300.0_v3" 404 70 "GET http://172.18.0.159:8080/v1/AUTH_2f96e5f995e6442f94f881dabbe4dbf7/gnocchi.d4be3153-ae97-4616-8b82-58d45ed63c6e/1764720000.0_mean_300.0_v3" "tx26e2f7b77e66411992079-00693fc762" "proxy-server 20" 0.0005 "-" 19 0
Dec 15 08:31:30 np0005559461 proxy-server[124071]: 172.18.0.105 172.18.0.104 15/Dec/2025/08/31/30 GET /v1/AUTH_2f96e5f995e6442f94f881dabbe4dbf7/gnocchi.d4be3153-ae97-4616-8b82-58d45ed63c6e/1764720000.0_mean_300.0_v3 HTTP/1.0 404 - python-swiftclient-3.11.1 gAAAAABpP8bDpUSn... - 70 - tx26e2f7b77e66411992079-00693fc762 - 0.0165 - - 1765787490.652185678 1765787490.668715000 0
Dec 15 08:31:30 np0005559461 container-server[122285]: 172.20.0.104 - - [15/Dec/2025:08:31:30 +0000] "GET /d1/278/AUTH_2f96e5f995e6442f94f881dabbe4dbf7/gnocchi.d36d970f-bfcb-4128-b7da-8b42c64e5836" 200 2 "GET http://172.18.0.159:8080/v1/AUTH_2f96e5f995e6442f94f881dabbe4dbf7/gnocchi.d36d970f-bfcb-4128-b7da-8b42c64e5836?format=json&states=listing" "tx51634fdc0afd4432862a2-00693fc762" "proxy-server 20" 0.0049 "-" 21 0
Dec 15 08:31:30 np0005559461 object-server[122849]: 172.20.0.103 - - [15/Dec/2025:08:31:30 +0000] "GET /d1/378/AUTH_2f96e5f995e6442f94f881dabbe4dbf7/gnocchi.e267590c-bd3b-4f45-a5dc-979be28afdde/1764720000.0_mean_300.0_v3" 404 70 "GET http://172.18.0.159:8080/v1/AUTH_2f96e5f995e6442f94f881dabbe4dbf7/gnocchi.e267590c-bd3b-4f45-a5dc-979be28afdde/1764720000.0_mean_300.0_v3" "txb90b3ce08ea1439d850cb-00693fc762" "proxy-server 20" 0.0003 "-" 22 0
Dec 15 08:31:30 np0005559461 object-server[122849]: 172.20.0.104 - - [15/Dec/2025:08:31:30 +0000] "GET /d1/460/AUTH_2f96e5f995e6442f94f881dabbe4dbf7/gnocchi.d36d970f-bfcb-4128-b7da-8b42c64e5836/1764720000.0_mean_300.0_v3" 404 70 "GET http://172.18.0.159:8080/v1/AUTH_2f96e5f995e6442f94f881dabbe4dbf7/gnocchi.d36d970f-bfcb-4128-b7da-8b42c64e5836/1764720000.0_mean_300.0_v3" "tx11da5c90691e491c861c7-00693fc762" "proxy-server 20" 0.0002 "-" 22 0
Dec 15 08:31:30 np0005559461 object-server[122828]: 172.20.0.105 - - [15/Dec/2025:08:31:30 +0000] "PUT /d1/607/AUTH_2f96e5f995e6442f94f881dabbe4dbf7/gnocchi.d4be3153-ae97-4616-8b82-58d45ed63c6e/1764720000.0_mean_300.0_v3" 201 - "PUT http://172.18.0.159:8080/v1/AUTH_2f96e5f995e6442f94f881dabbe4dbf7/gnocchi.d4be3153-ae97-4616-8b82-58d45ed63c6e/1764720000.0_mean_300.0_v3" "txeb69c98bf5d547af92917-00693fc762" "proxy-server 20" 0.0131 "-" 19 0
Dec 15 08:31:30 np0005559461 container-server[122289]: 172.20.0.104 - - [15/Dec/2025:08:31:30 +0000] "PUT /d1/50/AUTH_2f96e5f995e6442f94f881dabbe4dbf7/gnocchi.d4be3153-ae97-4616-8b82-58d45ed63c6e/1764720000.0_mean_300.0_v3" 201 - "PUT http://172.18.0.159:8080/d1/607/AUTH_2f96e5f995e6442f94f881dabbe4dbf7/gnocchi.d4be3153-ae97-4616-8b82-58d45ed63c6e/1764720000.0_mean_300.0_v3" "txeb69c98bf5d547af92917-00693fc762" "object-server 23" 0.0011 "-" 22 0
Dec 15 08:31:30 np0005559461 proxy-server[124071]: 172.18.0.105 172.18.0.104 15/Dec/2025/08/31/30 PUT /v1/AUTH_2f96e5f995e6442f94f881dabbe4dbf7/gnocchi.d4be3153-ae97-4616-8b82-58d45ed63c6e/1764720000.0_mean_300.0_v3 HTTP/1.0 201 - python-swiftclient-3.11.1 gAAAAABpP8bDpUSn... 16 - - txeb69c98bf5d547af92917-00693fc762 - 0.0252 - - 1765787490.672609806 1765787490.697773218 0
Dec 15 08:31:30 np0005559461 container-server[122292]: 172.20.0.105 - - [15/Dec/2025:08:31:30 +0000] "PUT /d1/989/AUTH_2f96e5f995e6442f94f881dabbe4dbf7/gnocchi.e267590c-bd3b-4f45-a5dc-979be28afdde/1764720000.0_mean_300.0_v3" 201 - "PUT http://172.18.0.159:8080/d1/378/AUTH_2f96e5f995e6442f94f881dabbe4dbf7/gnocchi.e267590c-bd3b-4f45-a5dc-979be28afdde/1764720000.0_mean_300.0_v3" "txe5a22817245b45b1ad243-00693fc762" "object-server 22" 0.0015 "-" 23 0
Dec 15 08:31:30 np0005559461 object-server[122856]: 172.20.0.105 - - [15/Dec/2025:08:31:30 +0000] "PUT /d1/495/AUTH_2f96e5f995e6442f94f881dabbe4dbf7/gnocchi.d4be3153-ae97-4616-8b82-58d45ed63c6e/none_v3" 201 - "PUT http://172.18.0.159:8080/v1/AUTH_2f96e5f995e6442f94f881dabbe4dbf7/gnocchi.d4be3153-ae97-4616-8b82-58d45ed63c6e/none_v3" "tx34beb4a3a1a142d293aed-00693fc762" "proxy-server 20" 0.0106 "-" 23 0
Dec 15 08:31:30 np0005559461 object-server[122849]: 172.20.0.103 - - [15/Dec/2025:08:31:30 +0000] "PUT /d1/378/AUTH_2f96e5f995e6442f94f881dabbe4dbf7/gnocchi.e267590c-bd3b-4f45-a5dc-979be28afdde/1764720000.0_mean_300.0_v3" 201 - "PUT http://172.18.0.159:8080/v1/AUTH_2f96e5f995e6442f94f881dabbe4dbf7/gnocchi.e267590c-bd3b-4f45-a5dc-979be28afdde/1764720000.0_mean_300.0_v3" "txe5a22817245b45b1ad243-00693fc762" "proxy-server 20" 0.0142 "-" 22 0
Dec 15 08:31:30 np0005559461 container-server[122289]: 172.20.0.103 - - [15/Dec/2025:08:31:30 +0000] "PUT /d1/50/AUTH_2f96e5f995e6442f94f881dabbe4dbf7/gnocchi.d4be3153-ae97-4616-8b82-58d45ed63c6e/none_v3" 201 - "PUT http://172.18.0.159:8080/d1/495/AUTH_2f96e5f995e6442f94f881dabbe4dbf7/gnocchi.d4be3153-ae97-4616-8b82-58d45ed63c6e/none_v3" "tx34beb4a3a1a142d293aed-00693fc762" "object-server 25" 0.0010 "-" 22 0
Dec 15 08:31:30 np0005559461 container-server[122266]: 172.20.0.104 - - [15/Dec/2025:08:31:30 +0000] "PUT /d1/278/AUTH_2f96e5f995e6442f94f881dabbe4dbf7/gnocchi.d36d970f-bfcb-4128-b7da-8b42c64e5836/1764720000.0_mean_300.0_v3" 201 - "PUT http://172.18.0.159:8080/d1/460/AUTH_2f96e5f995e6442f94f881dabbe4dbf7/gnocchi.d36d970f-bfcb-4128-b7da-8b42c64e5836/1764720000.0_mean_300.0_v3" "txb56848b2e17b46458575b-00693fc762" "object-server 23" 0.0006 "-" 20 0
Dec 15 08:31:30 np0005559461 object-server[122849]: 172.20.0.104 - - [15/Dec/2025:08:31:30 +0000] "PUT /d1/460/AUTH_2f96e5f995e6442f94f881dabbe4dbf7/gnocchi.d36d970f-bfcb-4128-b7da-8b42c64e5836/1764720000.0_mean_300.0_v3" 201 - "PUT http://172.18.0.159:8080/v1/AUTH_2f96e5f995e6442f94f881dabbe4dbf7/gnocchi.d36d970f-bfcb-4128-b7da-8b42c64e5836/1764720000.0_mean_300.0_v3" "txb56848b2e17b46458575b-00693fc762" "proxy-server 20" 0.0136 "-" 22 0
Dec 15 08:31:30 np0005559461 proxy-server[124071]: 172.18.0.105 172.18.0.104 15/Dec/2025/08/31/30 PUT /v1/AUTH_2f96e5f995e6442f94f881dabbe4dbf7/gnocchi.d4be3153-ae97-4616-8b82-58d45ed63c6e/none_v3 HTTP/1.0 201 - python-swiftclient-3.11.1 gAAAAABpP8bDpUSn... 22 - - tx34beb4a3a1a142d293aed-00693fc762 - 0.0251 - - 1765787490.701215267 1765787490.726335764 0
Dec 15 08:31:30 np0005559461 container-server[122292]: 172.20.0.104 - - [15/Dec/2025:08:31:30 +0000] "HEAD /d1/277/AUTH_2f96e5f995e6442f94f881dabbe4dbf7/gnocchi.6ce0ec4c-233f-4379-ba59-b1de744aaba8" 404 - "HEAD http://172.18.0.159:8080/v1/AUTH_2f96e5f995e6442f94f881dabbe4dbf7/gnocchi.6ce0ec4c-233f-4379-ba59-b1de744aaba8?format=json&states=listing" "txd907c664cef64437b8e74-00693fc762" "proxy-server 20" 0.0004 "-" 23 0
Dec 15 08:31:30 np0005559461 object-server[122828]: 172.20.0.105 - - [15/Dec/2025:08:31:30 +0000] "PUT /d1/263/AUTH_2f96e5f995e6442f94f881dabbe4dbf7/gnocchi.d36d970f-bfcb-4128-b7da-8b42c64e5836/none_v3" 201 - "PUT http://172.18.0.159:8080/v1/AUTH_2f96e5f995e6442f94f881dabbe4dbf7/gnocchi.d36d970f-bfcb-4128-b7da-8b42c64e5836/none_v3" "txdba9bf7595c64803835bb-00693fc762" "proxy-server 20" 0.0112 "-" 19 0
Dec 15 08:31:30 np0005559461 container-server[122292]: 172.20.0.104 - - [15/Dec/2025:08:31:30 +0000] "PUT /d1/989/AUTH_2f96e5f995e6442f94f881dabbe4dbf7/gnocchi.e267590c-bd3b-4f45-a5dc-979be28afdde/none_v3" 201 - "PUT http://172.18.0.159:8080/d1/604/AUTH_2f96e5f995e6442f94f881dabbe4dbf7/gnocchi.e267590c-bd3b-4f45-a5dc-979be28afdde/none_v3" "tx76026a0571724672ad579-00693fc762" "object-server 25" 0.0005 "-" 23 0
Dec 15 08:31:30 np0005559461 object-server[122856]: 172.20.0.103 - - [15/Dec/2025:08:31:30 +0000] "PUT /d1/604/AUTH_2f96e5f995e6442f94f881dabbe4dbf7/gnocchi.e267590c-bd3b-4f45-a5dc-979be28afdde/none_v3" 201 - "PUT http://172.18.0.159:8080/v1/AUTH_2f96e5f995e6442f94f881dabbe4dbf7/gnocchi.e267590c-bd3b-4f45-a5dc-979be28afdde/none_v3" "tx76026a0571724672ad579-00693fc762" "proxy-server 20" 0.0123 "-" 23 0
Dec 15 08:31:30 np0005559461 container-server[122289]: 172.20.0.103 - - [15/Dec/2025:08:31:30 +0000] "PUT /d1/278/AUTH_2f96e5f995e6442f94f881dabbe4dbf7/gnocchi.d36d970f-bfcb-4128-b7da-8b42c64e5836/none_v3" 201 - "PUT http://172.18.0.159:8080/d1/263/AUTH_2f96e5f995e6442f94f881dabbe4dbf7/gnocchi.d36d970f-bfcb-4128-b7da-8b42c64e5836/none_v3" "txdba9bf7595c64803835bb-00693fc762" "object-server 24" 0.0012 "-" 22 0
Dec 15 08:31:30 np0005559461 proxy-server[124071]: 172.18.0.159 172.18.0.104 15/Dec/2025/08/31/30 PUT /v1/AUTH_2f96e5f995e6442f94f881dabbe4dbf7/gnocchi.d36d970f-bfcb-4128-b7da-8b42c64e5836/none_v3 HTTP/1.0 201 - python-swiftclient-3.11.1 gAAAAABpP8cKWFq0... 22 - - txdba9bf7595c64803835bb-00693fc762 - 0.0254 - - 1765787490.733981848 1765787490.759408951 0
Dec 15 08:31:30 np0005559461 object-server[122849]: 172.20.0.104 - - [15/Dec/2025:08:31:30 +0000] "GET /d1/611/AUTH_2f96e5f995e6442f94f881dabbe4dbf7/gnocchi.6ce0ec4c-233f-4379-ba59-b1de744aaba8/none_v3" 404 70 "GET http://172.18.0.159:8080/v1/AUTH_2f96e5f995e6442f94f881dabbe4dbf7/gnocchi.6ce0ec4c-233f-4379-ba59-b1de744aaba8/none_v3" "txd907c664cef64437b8e74-00693fc762" "proxy-server 20" 0.0003 "-" 22 0
Dec 15 08:31:30 np0005559461 container-server[122292]: 172.20.0.104 - - [15/Dec/2025:08:31:30 +0000] "HEAD /d1/412/AUTH_2f96e5f995e6442f94f881dabbe4dbf7/gnocchi.02838bed-d538-42aa-b7bd-83dbf0314c10" 404 - "HEAD http://172.18.0.159:8080/v1/AUTH_2f96e5f995e6442f94f881dabbe4dbf7/gnocchi.02838bed-d538-42aa-b7bd-83dbf0314c10?format=json&states=listing" "tx2fa1c7237de6414fbece9-00693fc762" "proxy-server 20" 0.0005 "-" 23 0
Dec 15 08:31:30 np0005559461 container-server[122266]: 172.20.0.103 - - [15/Dec/2025:08:31:30 +0000] "HEAD /d1/148/AUTH_2f96e5f995e6442f94f881dabbe4dbf7/gnocchi.031e09e8-8710-4c61-8dd6-357e8411ed0d" 404 - "HEAD http://172.18.0.159:8080/v1/AUTH_2f96e5f995e6442f94f881dabbe4dbf7/gnocchi.031e09e8-8710-4c61-8dd6-357e8411ed0d?format=json&states=listing" "tx49fe888207954d5694ccc-00693fc762" "proxy-server 20" 0.0005 "-" 20 0
Dec 15 08:31:30 np0005559461 account-server[121856]: 172.20.0.103 - - [15/Dec/2025:08:31:30 +0000] "PUT /d1/500/AUTH_2f96e5f995e6442f94f881dabbe4dbf7/gnocchi.6ce0ec4c-233f-4379-ba59-b1de744aaba8" 201 - "PUT http://172.20.0.103:6001/d1/277/AUTH_2f96e5f995e6442f94f881dabbe4dbf7/gnocchi.6ce0ec4c-233f-4379-ba59-b1de744aaba8" "tx6e7c6912d9154cfea3d8c-00693fc762" "container-server 20" 0.0048 "-" 22 0
Dec 15 08:31:30 np0005559461 container-server[122266]: 172.20.0.105 - - [15/Dec/2025:08:31:30 +0000] "PUT /d1/277/AUTH_2f96e5f995e6442f94f881dabbe4dbf7/gnocchi.6ce0ec4c-233f-4379-ba59-b1de744aaba8" 201 - "PUT http://172.18.0.159:8080/v1/AUTH_2f96e5f995e6442f94f881dabbe4dbf7/gnocchi.6ce0ec4c-233f-4379-ba59-b1de744aaba8" "tx6e7c6912d9154cfea3d8c-00693fc762" "proxy-server 20" 0.0193 "-" 20 0
Dec 15 08:31:30 np0005559461 proxy-server[124071]: 172.18.0.105 172.18.0.104 15/Dec/2025/08/31/30 PUT /v1/AUTH_2f96e5f995e6442f94f881dabbe4dbf7/gnocchi.6ce0ec4c-233f-4379-ba59-b1de744aaba8 HTTP/1.0 201 - python-swiftclient-3.11.1 gAAAAABpP8bDpUSn... - - - tx6e7c6912d9154cfea3d8c-00693fc762 - 0.0291 - - 1765787490.773282290 1765787490.802425861 0
Dec 15 08:31:30 np0005559461 object-server[122856]: 172.20.0.103 - - [15/Dec/2025:08:31:30 +0000] "GET /d1/862/AUTH_2f96e5f995e6442f94f881dabbe4dbf7/gnocchi.031e09e8-8710-4c61-8dd6-357e8411ed0d/none_v3" 404 70 "GET http://172.18.0.159:8080/v1/AUTH_2f96e5f995e6442f94f881dabbe4dbf7/gnocchi.031e09e8-8710-4c61-8dd6-357e8411ed0d/none_v3" "tx49fe888207954d5694ccc-00693fc762" "proxy-server 20" 0.0005 "-" 23 0
Dec 15 08:31:30 np0005559461 object-server[122856]: 172.20.0.104 - - [15/Dec/2025:08:31:30 +0000] "GET /d1/1004/AUTH_2f96e5f995e6442f94f881dabbe4dbf7/gnocchi.02838bed-d538-42aa-b7bd-83dbf0314c10/none_v3" 404 70 "GET http://172.18.0.159:8080/v1/AUTH_2f96e5f995e6442f94f881dabbe4dbf7/gnocchi.02838bed-d538-42aa-b7bd-83dbf0314c10/none_v3" "tx2fa1c7237de6414fbece9-00693fc762" "proxy-server 20" 0.0004 "-" 23 0
Dec 15 08:31:30 np0005559461 proxy-server[124071]: - - 15/Dec/2025/08/31/30 HEAD /v1/AUTH_2f96e5f995e6442f94f881dabbe4dbf7/gnocchi.6ce0ec4c-233f-4379-ba59-b1de744aaba8%3Fformat%3Djson%26states%3Dlisting HTTP/1.0 204 - Swift - - - - tx4145529cdb9449d2a4cb6-00693fc762 - 0.0061 RL - 1765787490.808374643 1765787490.814487219 0
Dec 15 08:31:30 np0005559461 proxy-server[124071]: 172.18.0.105 172.18.0.104 15/Dec/2025/08/31/30 GET /v1/AUTH_2f96e5f995e6442f94f881dabbe4dbf7/gnocchi.6ce0ec4c-233f-4379-ba59-b1de744aaba8%3Fformat%3Djson%26states%3Dlisting HTTP/1.0 200 - python-swiftclient-3.11.1 gAAAAABpP8bDpUSn... - 2 - tx4145529cdb9449d2a4cb6-00693fc762 - 0.0148 - - 1765787490.806910992 1765787490.821725368 0
Dec 15 08:31:30 np0005559461 object-server[122828]: 172.20.0.105 - - [15/Dec/2025:08:31:30 +0000] "GET /d1/703/AUTH_2f96e5f995e6442f94f881dabbe4dbf7/gnocchi.6ce0ec4c-233f-4379-ba59-b1de744aaba8/1764720000.0_mean_300.0_v3" 404 70 "GET http://172.18.0.159:8080/v1/AUTH_2f96e5f995e6442f94f881dabbe4dbf7/gnocchi.6ce0ec4c-233f-4379-ba59-b1de744aaba8/1764720000.0_mean_300.0_v3" "tx5f62ebe98fe743bcb1426-00693fc762" "proxy-server 20" 0.0004 "-" 19 0
Dec 15 08:31:30 np0005559461 container-server[122285]: 172.20.0.104 - - [15/Dec/2025:08:31:30 +0000] "PUT /d1/412/AUTH_2f96e5f995e6442f94f881dabbe4dbf7/gnocchi.02838bed-d538-42aa-b7bd-83dbf0314c10" 201 - "PUT http://172.18.0.159:8080/v1/AUTH_2f96e5f995e6442f94f881dabbe4dbf7/gnocchi.02838bed-d538-42aa-b7bd-83dbf0314c10" "tx1b0a0393e04f4903aa93a-00693fc762" "proxy-server 20" 0.0125 "-" 21 0
Dec 15 08:31:30 np0005559461 account-server[121856]: 172.20.0.103 - - [15/Dec/2025:08:31:30 +0000] "PUT /d1/500/AUTH_2f96e5f995e6442f94f881dabbe4dbf7/gnocchi.02838bed-d538-42aa-b7bd-83dbf0314c10" 201 - "PUT http://172.20.0.103:6001/d1/412/AUTH_2f96e5f995e6442f94f881dabbe4dbf7/gnocchi.02838bed-d538-42aa-b7bd-83dbf0314c10" "tx1b0a0393e04f4903aa93a-00693fc762" "container-server 23" 0.0052 "-" 22 0
Dec 15 08:31:30 np0005559461 proxy-server[124071]: 172.18.0.105 172.18.0.104 15/Dec/2025/08/31/30 GET /v1/AUTH_2f96e5f995e6442f94f881dabbe4dbf7/gnocchi.6ce0ec4c-233f-4379-ba59-b1de744aaba8/1764720000.0_mean_300.0_v3 HTTP/1.0 404 - python-swiftclient-3.11.1 gAAAAABpP8bDpUSn... - 70 - tx5f62ebe98fe743bcb1426-00693fc762 - 0.0144 - - 1765787490.826001644 1765787490.840358496 0
Dec 15 08:31:30 np0005559461 container-server[122289]: 172.20.0.103 - - [15/Dec/2025:08:31:30 +0000] "PUT /d1/148/AUTH_2f96e5f995e6442f94f881dabbe4dbf7/gnocchi.031e09e8-8710-4c61-8dd6-357e8411ed0d" 201 - "PUT http://172.18.0.159:8080/v1/AUTH_2f96e5f995e6442f94f881dabbe4dbf7/gnocchi.031e09e8-8710-4c61-8dd6-357e8411ed0d" "txf184a7d99372423ea8040-00693fc762" "proxy-server 20" 0.0173 "-" 22 0
Dec 15 08:31:30 np0005559461 account-server[121840]: 172.20.0.104 - - [15/Dec/2025:08:31:30 +0000] "PUT /d1/500/AUTH_2f96e5f995e6442f94f881dabbe4dbf7/gnocchi.031e09e8-8710-4c61-8dd6-357e8411ed0d" 201 - "PUT http://172.20.0.104:6001/d1/148/AUTH_2f96e5f995e6442f94f881dabbe4dbf7/gnocchi.031e09e8-8710-4c61-8dd6-357e8411ed0d" "txf184a7d99372423ea8040-00693fc762" "container-server 20" 0.0058 "-" 21 0
Dec 15 08:31:30 np0005559461 object-server[122828]: 172.20.0.105 - - [15/Dec/2025:08:31:30 +0000] "PUT /d1/703/AUTH_2f96e5f995e6442f94f881dabbe4dbf7/gnocchi.6ce0ec4c-233f-4379-ba59-b1de744aaba8/1764720000.0_mean_300.0_v3" 201 - "PUT http://172.18.0.159:8080/v1/AUTH_2f96e5f995e6442f94f881dabbe4dbf7/gnocchi.6ce0ec4c-233f-4379-ba59-b1de744aaba8/1764720000.0_mean_300.0_v3" "tx5426b38f9e9442398b0be-00693fc762" "proxy-server 20" 0.0125 "-" 19 0
Dec 15 08:31:30 np0005559461 container-server[122266]: 172.20.0.104 - - [15/Dec/2025:08:31:30 +0000] "PUT /d1/277/AUTH_2f96e5f995e6442f94f881dabbe4dbf7/gnocchi.6ce0ec4c-233f-4379-ba59-b1de744aaba8/1764720000.0_mean_300.0_v3" 201 - "PUT http://172.18.0.159:8080/d1/703/AUTH_2f96e5f995e6442f94f881dabbe4dbf7/gnocchi.6ce0ec4c-233f-4379-ba59-b1de744aaba8/1764720000.0_mean_300.0_v3" "tx5426b38f9e9442398b0be-00693fc762" "object-server 22" 0.0008 "-" 20 0
Dec 15 08:31:30 np0005559461 container-server[122289]: 172.20.0.103 - - [15/Dec/2025:08:31:30 +0000] "HEAD /d1/148/AUTH_2f96e5f995e6442f94f881dabbe4dbf7/gnocchi.031e09e8-8710-4c61-8dd6-357e8411ed0d" 204 - "HEAD http://172.18.0.159:8080/v1/AUTH_2f96e5f995e6442f94f881dabbe4dbf7/gnocchi.031e09e8-8710-4c61-8dd6-357e8411ed0d?format=json&states=listing" "tx2000e190bdbf437f83fe1-00693fc762" "proxy-server 20" 0.0014 "-" 22 0
Dec 15 08:31:30 np0005559461 proxy-server[124071]: 172.18.0.105 172.18.0.104 15/Dec/2025/08/31/30 PUT /v1/AUTH_2f96e5f995e6442f94f881dabbe4dbf7/gnocchi.6ce0ec4c-233f-4379-ba59-b1de744aaba8/1764720000.0_mean_300.0_v3 HTTP/1.0 201 - python-swiftclient-3.11.1 gAAAAABpP8bDpUSn... 16 - - tx5426b38f9e9442398b0be-00693fc762 - 0.0235 - - 1765787490.845335007 1765787490.868841410 0
Dec 15 08:31:30 np0005559461 container-server[122285]: 172.20.0.104 - - [15/Dec/2025:08:31:30 +0000] "GET /d1/412/AUTH_2f96e5f995e6442f94f881dabbe4dbf7/gnocchi.02838bed-d538-42aa-b7bd-83dbf0314c10" 200 2 "GET http://172.18.0.159:8080/v1/AUTH_2f96e5f995e6442f94f881dabbe4dbf7/gnocchi.02838bed-d538-42aa-b7bd-83dbf0314c10?format=json&states=listing" "tx3b83358b82db4a6786a8d-00693fc762" "proxy-server 20" 0.0025 "-" 21 0
Dec 15 08:31:30 np0005559461 container-server[122292]: 172.20.0.103 - - [15/Dec/2025:08:31:30 +0000] "GET /d1/148/AUTH_2f96e5f995e6442f94f881dabbe4dbf7/gnocchi.031e09e8-8710-4c61-8dd6-357e8411ed0d" 200 2 "GET http://172.18.0.159:8080/v1/AUTH_2f96e5f995e6442f94f881dabbe4dbf7/gnocchi.031e09e8-8710-4c61-8dd6-357e8411ed0d?format=json&states=listing" "tx2000e190bdbf437f83fe1-00693fc762" "proxy-server 20" 0.0022 "-" 23 0
Dec 15 08:31:30 np0005559461 object-server[218476]: Object audit (ZBF) "forever" mode completed: 0.28s. Total quarantined: 0, Total errors: 0, Total files/sec: 56.67, Total bytes/sec: 0.00, Auditing time: 0.28, Rate: 0.98
Dec 15 08:31:30 np0005559461 container-server[122292]: 172.20.0.104 - - [15/Dec/2025:08:31:30 +0000] "PUT /d1/277/AUTH_2f96e5f995e6442f94f881dabbe4dbf7/gnocchi.6ce0ec4c-233f-4379-ba59-b1de744aaba8/none_v3" 201 - "PUT http://172.18.0.159:8080/d1/611/AUTH_2f96e5f995e6442f94f881dabbe4dbf7/gnocchi.6ce0ec4c-233f-4379-ba59-b1de744aaba8/none_v3" "tx8428980caca3454e97895-00693fc762" "object-server 25" 0.0005 "-" 23 0
Dec 15 08:31:30 np0005559461 object-server[122868]: 172.20.0.103 - - [15/Dec/2025:08:31:30 +0000] "GET /d1/254/AUTH_2f96e5f995e6442f94f881dabbe4dbf7/gnocchi.031e09e8-8710-4c61-8dd6-357e8411ed0d/1764720000.0_mean_300.0_v3" 404 70 "GET http://172.18.0.159:8080/v1/AUTH_2f96e5f995e6442f94f881dabbe4dbf7/gnocchi.031e09e8-8710-4c61-8dd6-357e8411ed0d/1764720000.0_mean_300.0_v3" "tx5692a00000e94ea38e4e4-00693fc762" "proxy-server 20" 0.0003 "-" 25 0
Dec 15 08:31:30 np0005559461 object-server[122828]: 172.20.0.105 - - [15/Dec/2025:08:31:30 +0000] "PUT /d1/611/AUTH_2f96e5f995e6442f94f881dabbe4dbf7/gnocchi.6ce0ec4c-233f-4379-ba59-b1de744aaba8/none_v3" 201 - "PUT http://172.18.0.159:8080/v1/AUTH_2f96e5f995e6442f94f881dabbe4dbf7/gnocchi.6ce0ec4c-233f-4379-ba59-b1de744aaba8/none_v3" "tx8428980caca3454e97895-00693fc762" "proxy-server 20" 0.0124 "-" 19 0
Dec 15 08:31:30 np0005559461 proxy-server[124071]: 172.18.0.105 172.18.0.104 15/Dec/2025/08/31/30 PUT /v1/AUTH_2f96e5f995e6442f94f881dabbe4dbf7/gnocchi.6ce0ec4c-233f-4379-ba59-b1de744aaba8/none_v3 HTTP/1.0 201 - python-swiftclient-3.11.1 gAAAAABpP8bDpUSn... 22 - - tx8428980caca3454e97895-00693fc762 - 0.0220 - - 1765787490.872702122 1765787490.894743443 0
Dec 15 08:31:30 np0005559461 object-server[122856]: 172.20.0.104 - - [15/Dec/2025:08:31:30 +0000] "GET /d1/938/AUTH_2f96e5f995e6442f94f881dabbe4dbf7/gnocchi.02838bed-d538-42aa-b7bd-83dbf0314c10/1764720000.0_mean_300.0_v3" 404 70 "GET http://172.18.0.159:8080/v1/AUTH_2f96e5f995e6442f94f881dabbe4dbf7/gnocchi.02838bed-d538-42aa-b7bd-83dbf0314c10/1764720000.0_mean_300.0_v3" "tx89e2d30907b645909b717-00693fc762" "proxy-server 20" 0.0008 "-" 23 0
Dec 15 08:31:30 np0005559461 container-server[122285]: 172.20.0.103 - - [15/Dec/2025:08:31:30 +0000] "PUT /d1/148/AUTH_2f96e5f995e6442f94f881dabbe4dbf7/gnocchi.031e09e8-8710-4c61-8dd6-357e8411ed0d/1764720000.0_mean_300.0_v3" 201 - "PUT http://172.18.0.159:8080/d1/254/AUTH_2f96e5f995e6442f94f881dabbe4dbf7/gnocchi.031e09e8-8710-4c61-8dd6-357e8411ed0d/1764720000.0_mean_300.0_v3" "tx7fa3f5ac8b24403e90ff1-00693fc762" "object-server 22" 0.0013 "-" 21 0
Dec 15 08:31:30 np0005559461 object-server[122868]: 172.20.0.105 - - [15/Dec/2025:08:31:30 +0000] "PUT /d1/254/AUTH_2f96e5f995e6442f94f881dabbe4dbf7/gnocchi.031e09e8-8710-4c61-8dd6-357e8411ed0d/1764720000.0_mean_300.0_v3" 201 - "PUT http://172.18.0.159:8080/v1/AUTH_2f96e5f995e6442f94f881dabbe4dbf7/gnocchi.031e09e8-8710-4c61-8dd6-357e8411ed0d/1764720000.0_mean_300.0_v3" "tx7fa3f5ac8b24403e90ff1-00693fc762" "proxy-server 20" 0.0127 "-" 25 0
Dec 15 08:31:30 np0005559461 proxy-server[124071]: 172.18.0.103 172.18.0.104 15/Dec/2025/08/31/30 PUT /v1/AUTH_2f96e5f995e6442f94f881dabbe4dbf7/gnocchi.031e09e8-8710-4c61-8dd6-357e8411ed0d/1764720000.0_mean_300.0_v3 HTTP/1.0 201 - python-swiftclient-3.11.1 gAAAAABpP8cB_H8j... 16 - - tx7fa3f5ac8b24403e90ff1-00693fc762 - 0.0205 - - 1765787490.901203632 1765787490.921677828 0
Dec 15 08:31:30 np0005559461 container-server[122289]: 172.20.0.104 - - [15/Dec/2025:08:31:30 +0000] "HEAD /d1/835/AUTH_2f96e5f995e6442f94f881dabbe4dbf7/gnocchi.17fccf1f-2bf0-4420-9d93-34b7e30c033d" 404 - "HEAD http://172.18.0.159:8080/v1/AUTH_2f96e5f995e6442f94f881dabbe4dbf7/gnocchi.17fccf1f-2bf0-4420-9d93-34b7e30c033d?format=json&states=listing" "txef064464bc2742e391394-00693fc762" "proxy-server 20" 0.0004 "-" 22 0
Dec 15 08:31:30 np0005559461 container-server[122292]: 172.20.0.105 - - [15/Dec/2025:08:31:30 +0000] "PUT /d1/412/AUTH_2f96e5f995e6442f94f881dabbe4dbf7/gnocchi.02838bed-d538-42aa-b7bd-83dbf0314c10/1764720000.0_mean_300.0_v3" 201 - "PUT http://172.18.0.159:8080/d1/938/AUTH_2f96e5f995e6442f94f881dabbe4dbf7/gnocchi.02838bed-d538-42aa-b7bd-83dbf0314c10/1764720000.0_mean_300.0_v3" "txc2bf492a1c4a4507b87ba-00693fc762" "object-server 19" 0.0007 "-" 23 0
Dec 15 08:31:30 np0005559461 object-server[122828]: 172.20.0.103 - - [15/Dec/2025:08:31:30 +0000] "PUT /d1/938/AUTH_2f96e5f995e6442f94f881dabbe4dbf7/gnocchi.02838bed-d538-42aa-b7bd-83dbf0314c10/1764720000.0_mean_300.0_v3" 201 - "PUT http://172.18.0.159:8080/v1/AUTH_2f96e5f995e6442f94f881dabbe4dbf7/gnocchi.02838bed-d538-42aa-b7bd-83dbf0314c10/1764720000.0_mean_300.0_v3" "txc2bf492a1c4a4507b87ba-00693fc762" "proxy-server 20" 0.0121 "-" 19 0
Dec 15 08:31:30 np0005559461 object-server[122849]: 172.20.0.104 - - [15/Dec/2025:08:31:30 +0000] "GET /d1/870/AUTH_2f96e5f995e6442f94f881dabbe4dbf7/gnocchi.17fccf1f-2bf0-4420-9d93-34b7e30c033d/none_v3" 404 70 "GET http://172.18.0.159:8080/v1/AUTH_2f96e5f995e6442f94f881dabbe4dbf7/gnocchi.17fccf1f-2bf0-4420-9d93-34b7e30c033d/none_v3" "txef064464bc2742e391394-00693fc762" "proxy-server 20" 0.0003 "-" 22 0
Dec 15 08:31:30 np0005559461 container-server[122285]: 172.20.0.103 - - [15/Dec/2025:08:31:30 +0000] "PUT /d1/148/AUTH_2f96e5f995e6442f94f881dabbe4dbf7/gnocchi.031e09e8-8710-4c61-8dd6-357e8411ed0d/none_v3" 201 - "PUT http://172.18.0.159:8080/d1/862/AUTH_2f96e5f995e6442f94f881dabbe4dbf7/gnocchi.031e09e8-8710-4c61-8dd6-357e8411ed0d/none_v3" "txab33a7c1ad6d48a99f4f4-00693fc762" "object-server 25" 0.0008 "-" 21 0
