2025-12-15 08:17:00.052 19 DEBUG ovsdbapp.backend.ovs_idl [-] Created schema index Logical_Router_Port.name autocreate_indices /usr/lib/python3.9/site-packages/ovsdbapp/backend/ovs_idl/__init__.py:128
2025-12-15 08:17:00.052 2 DEBUG oslo_service.service [-] ovn.disable_ovn_dhcp_for_baremetal_ports = False log_opt_values /usr/lib/python3.9/site-packages/oslo_config/cfg.py:2613
2025-12-15 08:17:00.053 2 DEBUG oslo_service.service [-] ovn.dns_servers = [] log_opt_values /usr/lib/python3.9/site-packages/oslo_config/cfg.py:2613
2025-12-15 08:17:00.053 19 DEBUG ovsdbapp.backend.ovs_idl [-] Created schema index HA_Chassis_Group.name autocreate_indices /usr/lib/python3.9/site-packages/ovsdbapp/backend/ovs_idl/__init__.py:128
2025-12-15 08:17:00.053 2 DEBUG oslo_service.service [-] ovn.enable_distributed_floating_ip = True log_opt_values /usr/lib/python3.9/site-packages/oslo_config/cfg.py:2613
2025-12-15 08:17:00.053 19 DEBUG ovsdbapp.backend.ovs_idl [-] Created schema index Mirror.name autocreate_indices /usr/lib/python3.9/site-packages/ovsdbapp/backend/ovs_idl/__init__.py:128
2025-12-15 08:17:00.053 2 DEBUG oslo_service.service [-] ovn.fdb_age_threshold = 0 log_opt_values /usr/lib/python3.9/site-packages/oslo_config/cfg.py:2613
2025-12-15 08:17:00.053 19 DEBUG ovsdbapp.backend.ovs_idl [-] Created schema index Address_Set.name autocreate_indices /usr/lib/python3.9/site-packages/ovsdbapp/backend/ovs_idl/__init__.py:128
2025-12-15 08:17:00.053 2 DEBUG oslo_service.service [-] ovn.localnet_learn_fdb = False log_opt_values /usr/lib/python3.9/site-packages/oslo_config/cfg.py:2613
2025-12-15 08:17:00.053 2 DEBUG oslo_service.service [-] ovn.mac_binding_age_threshold = 0 log_opt_values /usr/lib/python3.9/site-packages/oslo_config/cfg.py:2613
2025-12-15 08:17:00.053 19 DEBUG ovsdbapp.backend.ovs_idl [-] Created schema index Load_Balancer_Group.name autocreate_indices /usr/lib/python3.9/site-packages/ovsdbapp/backend/ovs_idl/__init__.py:128
2025-12-15 08:17:00.053 2 DEBUG oslo_service.service [-] ovn.neutron_sync_mode = log log_opt_values /usr/lib/python3.9/site-packages/oslo_config/cfg.py:2613
2025-12-15 08:17:00.053 2 DEBUG oslo_service.service [-] ovn.ovn_dhcp4_global_options = {} log_opt_values /usr/lib/python3.9/site-packages/oslo_config/cfg.py:2613
2025-12-15 08:17:00.053 2 DEBUG oslo_service.service [-] ovn.ovn_dhcp6_global_options = {} log_opt_values /usr/lib/python3.9/site-packages/oslo_config/cfg.py:2613
2025-12-15 08:17:00.053 2 DEBUG oslo_service.service [-] ovn.ovn_emit_need_to_frag = True log_opt_values /usr/lib/python3.9/site-packages/oslo_config/cfg.py:2613
2025-12-15 08:17:00.053 2 DEBUG oslo_service.service [-] ovn.ovn_l3_mode = True log_opt_values /usr/lib/python3.9/site-packages/oslo_config/cfg.py:2613
2025-12-15 08:17:00.053 2 DEBUG oslo_service.service [-] ovn.ovn_l3_scheduler = leastloaded log_opt_values /usr/lib/python3.9/site-packages/oslo_config/cfg.py:2613
2025-12-15 08:17:00.053 2 DEBUG oslo_service.service [-] ovn.ovn_metadata_enabled = True log_opt_values /usr/lib/python3.9/site-packages/oslo_config/cfg.py:2613
2025-12-15 08:17:00.053 19 INFO ovsdbapp.backend.ovs_idl.vlog [-] tcp:172.17.0.104:6641: connecting...
2025-12-15 08:17:00.053 2 DEBUG oslo_service.service [-] ovn.ovn_nb_ca_cert = log_opt_values /usr/lib/python3.9/site-packages/oslo_config/cfg.py:2613
2025-12-15 08:17:00.053 2 DEBUG oslo_service.service [-] ovn.ovn_nb_certificate = log_opt_values /usr/lib/python3.9/site-packages/oslo_config/cfg.py:2613
2025-12-15 08:17:00.053 2 DEBUG oslo_service.service [-] ovn.ovn_nb_connection = tcp:172.17.0.103:6641,tcp:172.17.0.104:6641,tcp:172.17.0.105:6641 log_opt_values /usr/lib/python3.9/site-packages/oslo_config/cfg.py:2613
2025-12-15 08:17:00.053 2 DEBUG oslo_service.service [-] ovn.ovn_nb_private_key = log_opt_values /usr/lib/python3.9/site-packages/oslo_config/cfg.py:2613
2025-12-15 08:17:00.053 2 DEBUG oslo_service.service [-] ovn.ovn_router_indirect_snat = False log_opt_values /usr/lib/python3.9/site-packages/oslo_config/cfg.py:2613
2025-12-15 08:17:00.054 2 DEBUG oslo_service.service [-] ovn.ovn_sb_ca_cert = log_opt_values /usr/lib/python3.9/site-packages/oslo_config/cfg.py:2613
2025-12-15 08:17:00.054 2 DEBUG oslo_service.service [-] ovn.ovn_sb_certificate = log_opt_values /usr/lib/python3.9/site-packages/oslo_config/cfg.py:2613
2025-12-15 08:17:00.054 2 DEBUG oslo_service.service [-] ovn.ovn_sb_connection = tcp:172.17.0.103:6642,tcp:172.17.0.104:6642,tcp:172.17.0.105:6642 log_opt_values /usr/lib/python3.9/site-packages/oslo_config/cfg.py:2613
2025-12-15 08:17:00.054 2 DEBUG oslo_service.service [-] ovn.ovn_sb_private_key = log_opt_values /usr/lib/python3.9/site-packages/oslo_config/cfg.py:2613
2025-12-15 08:17:00.054 2 DEBUG oslo_service.service [-] ovn.ovsdb_connection_timeout = 180 log_opt_values /usr/lib/python3.9/site-packages/oslo_config/cfg.py:2613
2025-12-15 08:17:00.054 2 DEBUG oslo_service.service [-] ovn.ovsdb_log_level = INFO log_opt_values /usr/lib/python3.9/site-packages/oslo_config/cfg.py:2613
2025-12-15 08:17:00.054 2 DEBUG oslo_service.service [-] ovn.ovsdb_probe_interval = 60000 log_opt_values /usr/lib/python3.9/site-packages/oslo_config/cfg.py:2613
2025-12-15 08:17:00.054 2 DEBUG oslo_service.service [-] ovn.ovsdb_retry_max_interval = 180 log_opt_values /usr/lib/python3.9/site-packages/oslo_config/cfg.py:2613
2025-12-15 08:17:00.054 2 DEBUG oslo_service.service [-] ovn.vhost_sock_dir = /var/run/openvswitch log_opt_values /usr/lib/python3.9/site-packages/oslo_config/cfg.py:2613
2025-12-15 08:17:00.054 2 DEBUG oslo_service.service [-] ovn.vif_type = ovs log_opt_values /usr/lib/python3.9/site-packages/oslo_config/cfg.py:2613
2025-12-15 08:17:00.054 2 DEBUG oslo_service.service [-] OVS.bridge_mac_table_size = 50000 log_opt_values /usr/lib/python3.9/site-packages/oslo_config/cfg.py:2613
2025-12-15 08:17:00.054 2 DEBUG oslo_service.service [-] OVS.igmp_snooping_enable = False log_opt_values /usr/lib/python3.9/site-packages/oslo_config/cfg.py:2613
2025-12-15 08:17:00.054 2 DEBUG oslo_service.service [-] OVS.ovsdb_timeout = 10 log_opt_values /usr/lib/python3.9/site-packages/oslo_config/cfg.py:2613
2025-12-15 08:17:00.054 2 DEBUG oslo_service.service [-] ovn_nb_global.fdb_removal_limit = 0 log_opt_values /usr/lib/python3.9/site-packages/oslo_config/cfg.py:2613
2025-12-15 08:17:00.054 2 DEBUG oslo_service.service [-] ovn_nb_global.ignore_lsp_down = False log_opt_values /usr/lib/python3.9/site-packages/oslo_config/cfg.py:2613
2025-12-15 08:17:00.054 2 DEBUG oslo_service.service [-] ovn_nb_global.mac_binding_removal_limit = 0 log_opt_values /usr/lib/python3.9/site-packages/oslo_config/cfg.py:2613
2025-12-15 08:17:00.055 2 DEBUG oslo_service.service [-] ******************************************************************************** log_opt_values /usr/lib/python3.9/site-packages/oslo_config/cfg.py:2617
2025-12-15 08:17:00.059 19 INFO ovsdbapp.backend.ovs_idl.vlog [-] tcp:172.17.0.104:6641: connected
2025-12-15 08:17:00.064 15 DEBUG neutron.common.ovn.hash_ring_manager [req-ea8ed842-4e7b-4325-9213-6ccd5525edcb - - - - -] Hash Ring loaded. 2 active nodes. 0 offline nodes _load_hash_ring /usr/lib/python3.9/site-packages/neutron/common/ovn/hash_ring_manager.py:99
2025-12-15 08:17:00.068 19 INFO ovsdbapp.backend.ovs_idl.vlog [-] tcp:172.17.0.104:6641: clustered database server is not cluster leader; trying another server
2025-12-15 08:17:00.070 19 INFO ovsdbapp.backend.ovs_idl.vlog [-] tcp:172.17.0.104:6641: connection closed by client
2025-12-15 08:17:00.071 17 DEBUG neutron.common.ovn.hash_ring_manager [req-fd4a39ba-9a1a-477c-a4de-0991e8e12d20 - - - - -] Allow caching, nodes 1>=1 _wait_startup_before_caching /usr/lib/python3.9/site-packages/neutron/common/ovn/hash_ring_manager.py:64
2025-12-15 08:17:00.073 19 INFO ovsdbapp.backend.ovs_idl.vlog [-] tcp:172.17.0.105:6641: connecting...
2025-12-15 08:17:00.073 19 INFO ovsdbapp.backend.ovs_idl.vlog [-] tcp:172.17.0.105:6641: connected
2025-12-15 08:17:00.077 19 INFO ovsdbapp.backend.ovs_idl.vlog [-] tcp:172.17.0.105:6641: clustered database server is not cluster leader; trying another server
2025-12-15 08:17:00.078 15 DEBUG neutron.plugins.ml2.drivers.ovn.mech_driver.ovsdb.ovsdb_monitor [req-ea8ed842-4e7b-4325-9213-6ccd5525edcb - - - - -] Hash Ring: Node b38a4148-cdec-4e4b-9b02-b1f85f35810c (host: np0005559461.localdomain) handling event "create" for row 127abeb0-0c56-427f-9cab-4ae65029dfeb (table: Connection) notify /usr/lib/python3.9/site-packages/neutron/plugins/ml2/drivers/ovn/mech_driver/ovsdb/ovsdb_monitor.py:791
2025-12-15 08:17:00.078 15 DEBUG neutron.plugins.ml2.drivers.ovn.mech_driver.ovsdb.ovsdb_monitor [req-ea8ed842-4e7b-4325-9213-6ccd5525edcb - - - - -] Hash Ring: Node b38a4148-cdec-4e4b-9b02-b1f85f35810c (host: np0005559461.localdomain) handling event "create" for row 91dec7a7-18e6-411e-92ec-dbea8710408f (table: ACL) notify /usr/lib/python3.9/site-packages/neutron/plugins/ml2/drivers/ovn/mech_driver/ovsdb/ovsdb_monitor.py:791
2025-12-15 08:17:00.078 15 DEBUG neutron.plugins.ml2.drivers.ovn.mech_driver.ovsdb.ovsdb_monitor [req-ea8ed842-4e7b-4325-9213-6ccd5525edcb - - - - -] Hash Ring: Node b38a4148-cdec-4e4b-9b02-b1f85f35810c (host: np0005559461.localdomain) handling event "create" for row 96fe4120-6148-45ab-8e52-d89302759ec1 (table: ACL) notify /usr/lib/python3.9/site-packages/neutron/plugins/ml2/drivers/ovn/mech_driver/ovsdb/ovsdb_monitor.py:791
2025-12-15 08:17:00.079 15 INFO neutron.plugins.ml2.drivers.ovn.mech_driver.ovsdb.impl_idl_ovn [req-ea8ed842-4e7b-4325-9213-6ccd5525edcb - - - - -] Getting OvsdbSbOvnIdl for WorkerService with retry
2025-12-15 08:17:00.080 19 INFO ovsdbapp.backend.ovs_idl.vlog [-] tcp:172.17.0.105:6641: connection closed by client
2025-12-15 08:17:00.088 19 INFO ovsdbapp.backend.ovs_idl.vlog [-] tcp:172.17.0.103:6641: connecting...
2025-12-15 08:17:00.089 19 INFO ovsdbapp.backend.ovs_idl.vlog [-] tcp:172.17.0.103:6641: connected
2025-12-15 08:17:00.092 17 DEBUG neutron.common.ovn.hash_ring_manager [req-fd4a39ba-9a1a-477c-a4de-0991e8e12d20 - - - - -] Hash Ring loaded. 2 active nodes. 0 offline nodes _load_hash_ring /usr/lib/python3.9/site-packages/neutron/common/ovn/hash_ring_manager.py:99
2025-12-15 08:17:00.093 17 INFO neutron.plugins.ml2.drivers.ovn.mech_driver.ovsdb.impl_idl_ovn [req-fd4a39ba-9a1a-477c-a4de-0991e8e12d20 - - - - -] Getting OvsdbSbOvnIdl for RpcWorker with retry
2025-12-15 08:17:00.098 15 DEBUG ovsdbapp.backend.ovs_idl [req-ea8ed842-4e7b-4325-9213-6ccd5525edcb - - - - -] Created lookup_table index Chassis.name autocreate_indices /usr/lib/python3.9/site-packages/ovsdbapp/backend/ovs_idl/__init__.py:109
2025-12-15 08:17:00.099 19 INFO neutron.plugins.ml2.drivers.ovn.mech_driver.ovsdb.impl_idl_ovn [-] Getting OvsdbSbOvnIdl for MaintenanceWorker with retry
2025-12-15 08:17:00.099 15 DEBUG ovsdbapp.backend.ovs_idl [req-ea8ed842-4e7b-4325-9213-6ccd5525edcb - - - - -] Created schema index Chassis_Private.name autocreate_indices /usr/lib/python3.9/site-packages/ovsdbapp/backend/ovs_idl/__init__.py:128
2025-12-15 08:17:00.101 15 DEBUG ovsdbapp.backend.ovs_idl [req-ea8ed842-4e7b-4325-9213-6ccd5525edcb - - - - -] Created schema index Datapath_Binding.tunnel_key autocreate_indices /usr/lib/python3.9/site-packages/ovsdbapp/backend/ovs_idl/__init__.py:128
2025-12-15 08:17:00.102 15 INFO ovsdbapp.backend.ovs_idl.vlog [req-ea8ed842-4e7b-4325-9213-6ccd5525edcb - - - - -] tcp:172.17.0.105:6642: connecting...
2025-12-15 08:17:00.102 15 INFO ovsdbapp.backend.ovs_idl.vlog [req-ea8ed842-4e7b-4325-9213-6ccd5525edcb - - - - -] tcp:172.17.0.105:6642: connected
2025-12-15 08:17:00.112 19 DEBUG ovsdbapp.backend.ovs_idl [-] Created lookup_table index Chassis.name autocreate_indices /usr/lib/python3.9/site-packages/ovsdbapp/backend/ovs_idl/__init__.py:109
2025-12-15 08:17:00.112 19 DEBUG ovsdbapp.backend.ovs_idl [-] Created schema index Chassis_Private.name autocreate_indices /usr/lib/python3.9/site-packages/ovsdbapp/backend/ovs_idl/__init__.py:128
2025-12-15 08:17:00.112 19 DEBUG ovsdbapp.backend.ovs_idl [-] Created schema index Datapath_Binding.tunnel_key autocreate_indices /usr/lib/python3.9/site-packages/ovsdbapp/backend/ovs_idl/__init__.py:128
2025-12-15 08:17:00.113 19 INFO ovsdbapp.backend.ovs_idl.vlog [-] tcp:172.17.0.103:6642: connecting...
2025-12-15 08:17:00.113 19 INFO ovsdbapp.backend.ovs_idl.vlog [-] tcp:172.17.0.103:6642: connected
2025-12-15 08:17:00.117 17 DEBUG ovsdbapp.backend.ovs_idl [req-fd4a39ba-9a1a-477c-a4de-0991e8e12d20 - - - - -] Created lookup_table index Chassis.name autocreate_indices /usr/lib/python3.9/site-packages/ovsdbapp/backend/ovs_idl/__init__.py:109
2025-12-15 08:17:00.117 17 DEBUG ovsdbapp.backend.ovs_idl [req-fd4a39ba-9a1a-477c-a4de-0991e8e12d20 - - - - -] Created schema index Chassis_Private.name autocreate_indices /usr/lib/python3.9/site-packages/ovsdbapp/backend/ovs_idl/__init__.py:128
2025-12-15 08:17:00.117 17 DEBUG ovsdbapp.backend.ovs_idl [req-fd4a39ba-9a1a-477c-a4de-0991e8e12d20 - - - - -] Created schema index Datapath_Binding.tunnel_key autocreate_indices /usr/lib/python3.9/site-packages/ovsdbapp/backend/ovs_idl/__init__.py:128
2025-12-15 08:17:00.117 17 INFO ovsdbapp.backend.ovs_idl.vlog [req-fd4a39ba-9a1a-477c-a4de-0991e8e12d20 - - - - -] tcp:172.17.0.104:6642: connecting...
2025-12-15 08:17:00.120 17 INFO ovsdbapp.backend.ovs_idl.vlog [req-fd4a39ba-9a1a-477c-a4de-0991e8e12d20 - - - - -] tcp:172.17.0.104:6642: connected
2025-12-15 08:17:00.138 19 INFO neutron.plugins.ml2.drivers.ovn.mech_driver.ovsdb.extensions.qos [-] Starting OVNClientQosExtension
2025-12-15 08:17:00.138 19 INFO neutron.plugins.ml2.drivers.ovn.mech_driver.ovsdb.extensions.qos [-] Starting OVNClientQosExtension
2025-12-15 08:17:00.139 19 DEBUG neutron.plugins.ml2.drivers.ovn.mech_driver.ovsdb.maintenance [-] Schema aware periodic task found: DBInconsistenciesPeriodics.migrate_to_port_groups _set_schema_aware_periodics /usr/lib/python3.9/site-packages/neutron/plugins/ml2/drivers/ovn/mech_driver/ovsdb/maintenance.py:135
2025-12-15 08:17:00.139 19 DEBUG neutron.plugins.ml2.drivers.ovn.mech_driver.ovsdb.maintenance [-] Periodic task found: DBInconsistenciesPeriodics.add_vnic_type_and_pb_capabilities_to_lsp add_periodics /usr/lib/python3.9/site-packages/neutron/plugins/ml2/drivers/ovn/mech_driver/ovsdb/maintenance.py:74
2025-12-15 08:17:00.139 19 DEBUG neutron.plugins.ml2.drivers.ovn.mech_driver.ovsdb.maintenance [-] Periodic task found: DBInconsistenciesPeriodics.check_baremetal_ports_dhcp_options add_periodics /usr/lib/python3.9/site-packages/neutron/plugins/ml2/drivers/ovn/mech_driver/ovsdb/maintenance.py:74
2025-12-15 08:17:00.139 19 DEBUG neutron.plugins.ml2.drivers.ovn.mech_driver.ovsdb.maintenance [-] Periodic task found: DBInconsistenciesPeriodics.check_fair_meter_consistency add_periodics /usr/lib/python3.9/site-packages/neutron/plugins/ml2/drivers/ovn/mech_driver/ovsdb/maintenance.py:74
2025-12-15 08:17:00.139 19 DEBUG neutron.plugins.ml2.drivers.ovn.mech_driver.ovsdb.maintenance [-] Periodic task found: DBInconsistenciesPeriodics.check_fdb_aging_settings add_periodics /usr/lib/python3.9/site-packages/neutron/plugins/ml2/drivers/ovn/mech_driver/ovsdb/maintenance.py:74
2025-12-15 08:17:00.139 19 DEBUG neutron.plugins.ml2.drivers.ovn.mech_driver.ovsdb.maintenance [-] Periodic task found: DBInconsistenciesPeriodics.check_for_fragmentation_support add_periodics /usr/lib/python3.9/site-packages/neutron/plugins/ml2/drivers/ovn/mech_driver/ovsdb/maintenance.py:74
2025-12-15 08:17:00.139 19 DEBUG neutron.plugins.ml2.drivers.ovn.mech_driver.ovsdb.maintenance [-] Periodic task found: DBInconsistenciesPeriodics.check_for_ha_chassis_group add_periodics /usr/lib/python3.9/site-packages/neutron/plugins/ml2/drivers/ovn/mech_driver/ovsdb/maintenance.py:74
2025-12-15 08:17:00.140 19 DEBUG neutron.plugins.ml2.drivers.ovn.mech_driver.ovsdb.maintenance [-] Periodic task found: DBInconsistenciesPeriodics.check_for_igmp_snoop_support add_periodics /usr/lib/python3.9/site-packages/neutron/plugins/ml2/drivers/ovn/mech_driver/ovsdb/maintenance.py:74
2025-12-15 08:17:00.140 19 DEBUG neutron.plugins.ml2.drivers.ovn.mech_driver.ovsdb.maintenance [-] Periodic task found: DBInconsistenciesPeriodics.check_for_inconsistencies add_periodics /usr/lib/python3.9/site-packages/neutron/plugins/ml2/drivers/ovn/mech_driver/ovsdb/maintenance.py:74
2025-12-15 08:17:00.140 19 DEBUG neutron.plugins.ml2.drivers.ovn.mech_driver.ovsdb.maintenance [-] Periodic task found: DBInconsistenciesPeriodics.check_for_localnet_legacy_port_name add_periodics /usr/lib/python3.9/site-packages/neutron/plugins/ml2/drivers/ovn/mech_driver/ovsdb/maintenance.py:74
2025-12-15 08:17:00.140 19 DEBUG neutron.plugins.ml2.drivers.ovn.mech_driver.ovsdb.maintenance [-] Periodic task found: DBInconsistenciesPeriodics.check_for_mcast_flood_reports add_periodics /usr/lib/python3.9/site-packages/neutron/plugins/ml2/drivers/ovn/mech_driver/ovsdb/maintenance.py:74
2025-12-15 08:17:00.140 19 DEBUG neutron.plugins.ml2.drivers.ovn.mech_driver.ovsdb.maintenance [-] Periodic task found: DBInconsistenciesPeriodics.check_for_port_security_unknown_address add_periodics /usr/lib/python3.9/site-packages/neutron/plugins/ml2/drivers/ovn/mech_driver/ovsdb/maintenance.py:74
2025-12-15 08:17:00.140 19 DEBUG neutron.plugins.ml2.drivers.ovn.mech_driver.ovsdb.maintenance [-] Periodic task found: DBInconsistenciesPeriodics.check_global_dhcp_opts add_periodics /usr/lib/python3.9/site-packages/neutron/plugins/ml2/drivers/ovn/mech_driver/ovsdb/maintenance.py:74
2025-12-15 08:17:00.140 19 DEBUG neutron.plugins.ml2.drivers.ovn.mech_driver.ovsdb.maintenance [-] Periodic task found: DBInconsistenciesPeriodics.check_localnet_port_has_learn_fdb add_periodics /usr/lib/python3.9/site-packages/neutron/plugins/ml2/drivers/ovn/mech_driver/ovsdb/maintenance.py:74
2025-12-15 08:17:00.140 19 DEBUG neutron.plugins.ml2.drivers.ovn.mech_driver.ovsdb.maintenance [-] Periodic task found: DBInconsistenciesPeriodics.check_metadata_ports add_periodics /usr/lib/python3.9/site-packages/neutron/plugins/ml2/drivers/ovn/mech_driver/ovsdb/maintenance.py:74
2025-12-15 08:17:00.140 19 DEBUG neutron.plugins.ml2.drivers.ovn.mech_driver.ovsdb.maintenance [-] Periodic task found: DBInconsistenciesPeriodics.check_network_broadcast_arps_to_all_routers add_periodics /usr/lib/python3.9/site-packages/neutron/plugins/ml2/drivers/ovn/mech_driver/ovsdb/maintenance.py:74
2025-12-15 08:17:00.140 19 DEBUG neutron.plugins.ml2.drivers.ovn.mech_driver.ovsdb.maintenance [-] Periodic task found: DBInconsistenciesPeriodics.check_port_has_address_scope add_periodics /usr/lib/python3.9/site-packages/neutron/plugins/ml2/drivers/ovn/mech_driver/ovsdb/maintenance.py:74
2025-12-15 08:17:00.140 19 DEBUG neutron.plugins.ml2.drivers.ovn.mech_driver.ovsdb.maintenance [-] Periodic task found: DBInconsistenciesPeriodics.check_provider_distributed_ports add_periodics /usr/lib/python3.9/site-packages/neutron/plugins/ml2/drivers/ovn/mech_driver/ovsdb/maintenance.py:74
2025-12-15 08:17:00.140 19 DEBUG neutron.plugins.ml2.drivers.ovn.mech_driver.ovsdb.maintenance [-] Periodic task found: DBInconsistenciesPeriodics.check_redirect_type_router_gateway_ports add_periodics /usr/lib/python3.9/site-packages/neutron/plugins/ml2/drivers/ovn/mech_driver/ovsdb/maintenance.py:74
2025-12-15 08:17:00.140 19 DEBUG neutron.plugins.ml2.drivers.ovn.mech_driver.ovsdb.maintenance [-] Periodic task found: DBInconsistenciesPeriodics.check_router_mac_binding_options add_periodics /usr/lib/python3.9/site-packages/neutron/plugins/ml2/drivers/ovn/mech_driver/ovsdb/maintenance.py:74
2025-12-15 08:17:00.141 19 DEBUG neutron.plugins.ml2.drivers.ovn.mech_driver.ovsdb.maintenance [-] Periodic task found: DBInconsistenciesPeriodics.cleanup_old_hash_ring_nodes add_periodics /usr/lib/python3.9/site-packages/neutron/plugins/ml2/drivers/ovn/mech_driver/ovsdb/maintenance.py:74
2025-12-15 08:17:00.141 19 DEBUG neutron.plugins.ml2.drivers.ovn.mech_driver.ovsdb.maintenance [-] Periodic task found: DBInconsistenciesPeriodics.configure_nb_global add_periodics /usr/lib/python3.9/site-packages/neutron/plugins/ml2/drivers/ovn/mech_driver/ovsdb/maintenance.py:74
2025-12-15 08:17:00.141 19 DEBUG neutron.plugins.ml2.drivers.ovn.mech_driver.ovsdb.maintenance [-] Periodic task found: DBInconsistenciesPeriodics.create_router_extra_attributes_registers add_periodics /usr/lib/python3.9/site-packages/neutron/plugins/ml2/drivers/ovn/mech_driver/ovsdb/maintenance.py:74
2025-12-15 08:17:00.141 19 DEBUG neutron.plugins.ml2.drivers.ovn.mech_driver.ovsdb.maintenance [-] Periodic task found: DBInconsistenciesPeriodics.migrate_to_port_groups add_periodics /usr/lib/python3.9/site-packages/neutron/plugins/ml2/drivers/ovn/mech_driver/ovsdb/maintenance.py:74
2025-12-15 08:17:00.141 19 DEBUG neutron.plugins.ml2.drivers.ovn.mech_driver.ovsdb.maintenance [-] Periodic task found: DBInconsistenciesPeriodics.remove_duplicated_chassis_registers add_periodics /usr/lib/python3.9/site-packages/neutron/plugins/ml2/drivers/ovn/mech_driver/ovsdb/maintenance.py:74
2025-12-15 08:17:00.141 19 DEBUG neutron.plugins.ml2.drivers.ovn.mech_driver.ovsdb.maintenance [-] Periodic task found: DBInconsistenciesPeriodics.remove_invalid_gateway_chassis_from_unbound_lrp add_periodics /usr/lib/python3.9/site-packages/neutron/plugins/ml2/drivers/ovn/mech_driver/ovsdb/maintenance.py:74
2025-12-15 08:17:00.141 19 DEBUG neutron.plugins.ml2.drivers.ovn.mech_driver.ovsdb.maintenance [-] Periodic task found: DBInconsistenciesPeriodics.sync_metadata_ports add_periodics /usr/lib/python3.9/site-packages/neutron/plugins/ml2/drivers/ovn/mech_driver/ovsdb/maintenance.py:74
2025-12-15 08:17:00.141 19 DEBUG neutron.plugins.ml2.drivers.ovn.mech_driver.ovsdb.maintenance [-] Periodic task found: DBInconsistenciesPeriodics.update_logical_router_with_gateway_network_id add_periodics /usr/lib/python3.9/site-packages/neutron/plugins/ml2/drivers/ovn/mech_driver/ovsdb/maintenance.py:74
2025-12-15 08:17:00.141 19 DEBUG neutron.plugins.ml2.drivers.ovn.mech_driver.ovsdb.maintenance [-] Periodic task found: DBInconsistenciesPeriodics.update_mac_aging_settings add_periodics /usr/lib/python3.9/site-packages/neutron/plugins/ml2/drivers/ovn/mech_driver/ovsdb/maintenance.py:74
2025-12-15 08:17:00.141 19 DEBUG neutron.plugins.ml2.drivers.ovn.mech_driver.ovsdb.maintenance [-] Periodic task found: DBInconsistenciesPeriodics.update_port_qos_with_external_ids_reference add_periodics /usr/lib/python3.9/site-packages/neutron/plugins/ml2/drivers/ovn/mech_driver/ovsdb/maintenance.py:74
2025-12-15 08:17:00.141 19 DEBUG neutron.plugins.ml2.drivers.ovn.mech_driver.ovsdb.maintenance [-] Periodic task found: DBInconsistenciesPeriodics.update_port_virtual_type add_periodics /usr/lib/python3.9/site-packages/neutron/plugins/ml2/drivers/ovn/mech_driver/ovsdb/maintenance.py:74
2025-12-15 08:17:00.141 19 DEBUG neutron.plugins.ml2.drivers.ovn.mech_driver.ovsdb.maintenance [-] Periodic task found: DBInconsistenciesPeriodics.update_qos_fip_rule_priority add_periodics /usr/lib/python3.9/site-packages/neutron/plugins/ml2/drivers/ovn/mech_driver/ovsdb/maintenance.py:74
2025-12-15 08:17:00.142 19 DEBUG futurist.periodics [-] Submitting immediate callback 'neutron.plugins.ml2.drivers.ovn.mech_driver.ovsdb.maintenance.DBInconsistenciesPeriodics.add_vnic_type_and_pb_capabilities_to_lsp' _process_immediates /usr/lib/python3.9/site-packages/futurist/periodics.py:676
2025-12-15 08:17:00.143 19 DEBUG futurist.periodics [-] Submitting immediate callback 'neutron.plugins.ml2.drivers.ovn.mech_driver.ovsdb.maintenance.DBInconsistenciesPeriodics.check_baremetal_ports_dhcp_options' _process_immediates /usr/lib/python3.9/site-packages/futurist/periodics.py:676
2025-12-15 08:17:00.143 19 DEBUG futurist.periodics [-] Submitting immediate callback 'neutron.plugins.ml2.drivers.ovn.mech_driver.ovsdb.maintenance.DBInconsistenciesPeriodics.check_fair_meter_consistency' _process_immediates /usr/lib/python3.9/site-packages/futurist/periodics.py:676
2025-12-15 08:17:00.143 19 DEBUG futurist.periodics [-] Submitting immediate callback 'neutron.plugins.ml2.drivers.ovn.mech_driver.ovsdb.maintenance.DBInconsistenciesPeriodics.check_fdb_aging_settings' _process_immediates /usr/lib/python3.9/site-packages/futurist/periodics.py:676
2025-12-15 08:17:00.143 19 DEBUG futurist.periodics [-] Submitting immediate callback 'neutron.plugins.ml2.drivers.ovn.mech_driver.ovsdb.maintenance.DBInconsistenciesPeriodics.check_for_fragmentation_support' _process_immediates /usr/lib/python3.9/site-packages/futurist/periodics.py:676
2025-12-15 08:17:00.143 19 DEBUG futurist.periodics [-] Submitting immediate callback 'neutron.plugins.ml2.drivers.ovn.mech_driver.ovsdb.maintenance.DBInconsistenciesPeriodics.check_for_ha_chassis_group' _process_immediates /usr/lib/python3.9/site-packages/futurist/periodics.py:676
2025-12-15 08:17:00.143 19 DEBUG futurist.periodics [-] Submitting immediate callback 'neutron.plugins.ml2.drivers.ovn.mech_driver.ovsdb.maintenance.DBInconsistenciesPeriodics.check_for_igmp_snoop_support' _process_immediates /usr/lib/python3.9/site-packages/futurist/periodics.py:676
2025-12-15 08:17:00.144 19 DEBUG futurist.periodics [-] Submitting immediate callback 'neutron.plugins.ml2.drivers.ovn.mech_driver.ovsdb.maintenance.DBInconsistenciesPeriodics.check_for_inconsistencies' _process_immediates /usr/lib/python3.9/site-packages/futurist/periodics.py:676
2025-12-15 08:17:00.144 19 DEBUG futurist.periodics [-] Submitting immediate callback 'neutron.plugins.ml2.drivers.ovn.mech_driver.ovsdb.maintenance.DBInconsistenciesPeriodics.check_for_localnet_legacy_port_name' _process_immediates /usr/lib/python3.9/site-packages/futurist/periodics.py:676
2025-12-15 08:17:00.144 19 DEBUG futurist.periodics [-] Submitting immediate callback 'neutron.plugins.ml2.drivers.ovn.mech_driver.ovsdb.maintenance.DBInconsistenciesPeriodics.check_for_mcast_flood_reports' _process_immediates /usr/lib/python3.9/site-packages/futurist/periodics.py:676
2025-12-15 08:17:00.144 19 DEBUG futurist.periodics [-] Submitting immediate callback 'neutron.plugins.ml2.drivers.ovn.mech_driver.ovsdb.maintenance.DBInconsistenciesPeriodics.check_for_port_security_unknown_address' _process_immediates /usr/lib/python3.9/site-packages/futurist/periodics.py:676
2025-12-15 08:17:00.144 19 DEBUG futurist.periodics [-] Submitting immediate callback 'neutron.plugins.ml2.drivers.ovn.mech_driver.ovsdb.maintenance.DBInconsistenciesPeriodics.check_global_dhcp_opts' _process_immediates /usr/lib/python3.9/site-packages/futurist/periodics.py:676
2025-12-15 08:17:00.147 15 DEBUG neutron.common.ovn.hash_ring_manager [req-ea8ed842-4e7b-4325-9213-6ccd5525edcb - - - - -] Allow caching, nodes 1>=1 _wait_startup_before_caching /usr/lib/python3.9/site-packages/neutron/common/ovn/hash_ring_manager.py:64
2025-12-15 08:17:00.149 17 DEBUG neutron.common.ovn.hash_ring_manager [req-fd4a39ba-9a1a-477c-a4de-0991e8e12d20 - - - - -] Allow caching, nodes 1>=1 _wait_startup_before_caching /usr/lib/python3.9/site-packages/neutron/common/ovn/hash_ring_manager.py:64
2025-12-15 08:17:00.155 19 DEBUG futurist.periodics [-] Submitting immediate callback 'neutron.plugins.ml2.drivers.ovn.mech_driver.ovsdb.maintenance.DBInconsistenciesPeriodics.check_localnet_port_has_learn_fdb' _process_immediates /usr/lib/python3.9/site-packages/futurist/periodics.py:676
2025-12-15 08:17:00.155 19 DEBUG futurist.periodics [-] Submitting immediate callback 'neutron.plugins.ml2.drivers.ovn.mech_driver.ovsdb.maintenance.DBInconsistenciesPeriodics.check_metadata_ports' _process_immediates /usr/lib/python3.9/site-packages/futurist/periodics.py:676
2025-12-15 08:17:00.155 19 DEBUG futurist.periodics [-] Submitting immediate callback 'neutron.plugins.ml2.drivers.ovn.mech_driver.ovsdb.maintenance.DBInconsistenciesPeriodics.check_network_broadcast_arps_to_all_routers' _process_immediates /usr/lib/python3.9/site-packages/futurist/periodics.py:676
2025-12-15 08:17:00.156 19 DEBUG futurist.periodics [-] Submitting immediate callback 'neutron.plugins.ml2.drivers.ovn.mech_driver.ovsdb.maintenance.DBInconsistenciesPeriodics.check_port_has_address_scope' _process_immediates /usr/lib/python3.9/site-packages/futurist/periodics.py:676
2025-12-15 08:17:00.156 19 DEBUG futurist.periodics [-] Submitting immediate callback 'neutron.plugins.ml2.drivers.ovn.mech_driver.ovsdb.maintenance.DBInconsistenciesPeriodics.check_provider_distributed_ports' _process_immediates /usr/lib/python3.9/site-packages/futurist/periodics.py:676
2025-12-15 08:17:00.156 19 DEBUG futurist.periodics [-] Submitting immediate callback 'neutron.plugins.ml2.drivers.ovn.mech_driver.ovsdb.maintenance.DBInconsistenciesPeriodics.check_redirect_type_router_gateway_ports' _process_immediates /usr/lib/python3.9/site-packages/futurist/periodics.py:676
2025-12-15 08:17:00.156 19 DEBUG futurist.periodics [-] Submitting immediate callback 'neutron.plugins.ml2.drivers.ovn.mech_driver.ovsdb.maintenance.DBInconsistenciesPeriodics.check_router_mac_binding_options' _process_immediates /usr/lib/python3.9/site-packages/futurist/periodics.py:676
2025-12-15 08:17:00.156 19 DEBUG futurist.periodics [-] Submitting immediate callback 'neutron.plugins.ml2.drivers.ovn.mech_driver.ovsdb.maintenance.DBInconsistenciesPeriodics.cleanup_old_hash_ring_nodes' _process_immediates /usr/lib/python3.9/site-packages/futurist/periodics.py:676
2025-12-15 08:17:00.156 19 DEBUG futurist.periodics [-] Submitting immediate callback 'neutron.plugins.ml2.drivers.ovn.mech_driver.ovsdb.maintenance.DBInconsistenciesPeriodics.configure_nb_global' _process_immediates /usr/lib/python3.9/site-packages/futurist/periodics.py:676
2025-12-15 08:17:00.157 19 DEBUG futurist.periodics [-] Submitting immediate callback 'neutron.plugins.ml2.drivers.ovn.mech_driver.ovsdb.maintenance.DBInconsistenciesPeriodics.create_router_extra_attributes_registers' _process_immediates /usr/lib/python3.9/site-packages/futurist/periodics.py:676
2025-12-15 08:17:00.157 19 DEBUG futurist.periodics [-] Submitting immediate callback 'neutron.plugins.ml2.drivers.ovn.mech_driver.ovsdb.maintenance.DBInconsistenciesPeriodics.migrate_to_port_groups' _process_immediates /usr/lib/python3.9/site-packages/futurist/periodics.py:676
2025-12-15 08:17:00.157 19 DEBUG futurist.periodics [-] Periodic callback 'neutron.plugins.ml2.drivers.ovn.mech_driver.ovsdb.maintenance.DBInconsistenciesPeriodics.migrate_to_port_groups' raised 'NeverAgain' exception, stopping any further execution of it. _on_done /usr/lib/python3.9/site-packages/futurist/periodics.py:713
2025-12-15 08:17:00.157 19 DEBUG futurist.periodics [-] Submitting immediate callback 'neutron.plugins.ml2.drivers.ovn.mech_driver.ovsdb.maintenance.DBInconsistenciesPeriodics.remove_duplicated_chassis_registers' _process_immediates /usr/lib/python3.9/site-packages/futurist/periodics.py:676
2025-12-15 08:17:00.157 19 DEBUG futurist.periodics [-] Submitting immediate callback 'neutron.plugins.ml2.drivers.ovn.mech_driver.ovsdb.maintenance.DBInconsistenciesPeriodics.remove_invalid_gateway_chassis_from_unbound_lrp' _process_immediates /usr/lib/python3.9/site-packages/futurist/periodics.py:676
2025-12-15 08:17:00.160 15 DEBUG neutron.common.ovn.hash_ring_manager [req-ea8ed842-4e7b-4325-9213-6ccd5525edcb - - - - -] Hash Ring loaded. 2 active nodes. 0 offline nodes _load_hash_ring /usr/lib/python3.9/site-packages/neutron/common/ovn/hash_ring_manager.py:99
2025-12-15 08:17:00.164 19 DEBUG ovsdbapp.backend.ovs_idl.transaction [-] There are no commands to commit do_commit /usr/lib/python3.9/site-packages/ovsdbapp/backend/ovs_idl/transaction.py:78
2025-12-15 08:17:00.165 19 INFO neutron.plugins.ml2.drivers.ovn.mech_driver.mech_driver [-] Maintenance task thread has started
2025-12-15 08:17:00.165 19 INFO neutron.plugins.ml2.drivers.ovn.mech_driver.mech_driver [-] MaintenanceWorker process has finished the post initialization
2025-12-15 08:17:00.165 19 DEBUG futurist.periodics [-] Periodic callback 'neutron.plugins.ml2.drivers.ovn.mech_driver.ovsdb.maintenance.DBInconsistenciesPeriodics.remove_invalid_gateway_chassis_from_unbound_lrp' raised 'NeverAgain' exception, stopping any further execution of it. _on_done /usr/lib/python3.9/site-packages/futurist/periodics.py:713
2025-12-15 08:17:00.166 19 DEBUG futurist.periodics [-] Submitting immediate callback 'neutron.plugins.ml2.drivers.ovn.mech_driver.ovsdb.maintenance.DBInconsistenciesPeriodics.sync_metadata_ports' _process_immediates /usr/lib/python3.9/site-packages/futurist/periodics.py:676
2025-12-15 08:17:00.169 17 DEBUG neutron.common.ovn.hash_ring_manager [req-fd4a39ba-9a1a-477c-a4de-0991e8e12d20 - - - - -] Hash Ring loaded. 2 active nodes. 0 offline nodes _load_hash_ring /usr/lib/python3.9/site-packages/neutron/common/ovn/hash_ring_manager.py:99
2025-12-15 08:17:00.171 17 DEBUG neutron.plugins.ml2.drivers.ovn.mech_driver.ovsdb.ovsdb_monitor [req-fd4a39ba-9a1a-477c-a4de-0991e8e12d20 - - - - -] ChassisAgentWriteEvent : Matched Chassis_Private, create, None None matches /usr/lib/python3.9/site-packages/neutron/plugins/ml2/drivers/ovn/mech_driver/ovsdb/ovsdb_monitor.py:61
2025-12-15 08:17:00.171 17 DEBUG neutron.plugins.ml2.drivers.ovn.mech_driver.ovsdb.ovsdb_monitor [req-fd4a39ba-9a1a-477c-a4de-0991e8e12d20 - - - - -] ChassisMetadataAgentWriteEvent : Matched Chassis_Private, create, None None matches /usr/lib/python3.9/site-packages/neutron/plugins/ml2/drivers/ovn/mech_driver/ovsdb/ovsdb_monitor.py:61
2025-12-15 08:17:00.171 17 DEBUG neutron.plugins.ml2.drivers.ovn.mech_driver.ovsdb.ovsdb_monitor [req-fd4a39ba-9a1a-477c-a4de-0991e8e12d20 - - - - -] ChassisAgentWriteEvent : Matched Chassis_Private, create, None None matches /usr/lib/python3.9/site-packages/neutron/plugins/ml2/drivers/ovn/mech_driver/ovsdb/ovsdb_monitor.py:61
2025-12-15 08:17:00.171 17 DEBUG neutron.plugins.ml2.drivers.ovn.mech_driver.ovsdb.ovsdb_monitor [req-fd4a39ba-9a1a-477c-a4de-0991e8e12d20 - - - - -] ChassisAgentWriteEvent : Matched Chassis_Private, create, None None matches /usr/lib/python3.9/site-packages/neutron/plugins/ml2/drivers/ovn/mech_driver/ovsdb/ovsdb_monitor.py:61
2025-12-15 08:17:00.172 17 DEBUG neutron.plugins.ml2.drivers.ovn.mech_driver.ovsdb.ovsdb_monitor [req-fd4a39ba-9a1a-477c-a4de-0991e8e12d20 - - - - -] ChassisAgentWriteEvent : Matched Chassis_Private, create, None None matches /usr/lib/python3.9/site-packages/neutron/plugins/ml2/drivers/ovn/mech_driver/ovsdb/ovsdb_monitor.py:61
2025-12-15 08:17:00.172 17 DEBUG neutron.plugins.ml2.drivers.ovn.mech_driver.ovsdb.ovsdb_monitor [req-fd4a39ba-9a1a-477c-a4de-0991e8e12d20 - - - - -] ChassisMetadataAgentWriteEvent : Matched Chassis_Private, create, None None matches /usr/lib/python3.9/site-packages/neutron/plugins/ml2/drivers/ovn/mech_driver/ovsdb/ovsdb_monitor.py:61
2025-12-15 08:17:00.172 17 DEBUG neutron.plugins.ml2.drivers.ovn.mech_driver.ovsdb.ovsdb_monitor [req-fd4a39ba-9a1a-477c-a4de-0991e8e12d20 - - - - -] ChassisAgentWriteEvent : Matched Chassis_Private, create, None None matches /usr/lib/python3.9/site-packages/neutron/plugins/ml2/drivers/ovn/mech_driver/ovsdb/ovsdb_monitor.py:61
2025-12-15 08:17:00.172 17 DEBUG neutron.plugins.ml2.drivers.ovn.mech_driver.ovsdb.ovsdb_monitor [req-fd4a39ba-9a1a-477c-a4de-0991e8e12d20 - - - - -] ChassisMetadataAgentWriteEvent : Matched Chassis_Private, create, None None matches /usr/lib/python3.9/site-packages/neutron/plugins/ml2/drivers/ovn/mech_driver/ovsdb/ovsdb_monitor.py:61
2025-12-15 08:17:00.173 17 DEBUG neutron.plugins.ml2.drivers.ovn.mech_driver.ovsdb.ovsdb_monitor [req-fd4a39ba-9a1a-477c-a4de-0991e8e12d20 - - - - -] ChassisAgentWriteEvent : Matched Chassis_Private, create, None None matches /usr/lib/python3.9/site-packages/neutron/plugins/ml2/drivers/ovn/mech_driver/ovsdb/ovsdb_monitor.py:61
2025-12-15 08:17:00.175 15 DEBUG neutron.plugins.ml2.drivers.ovn.mech_driver.ovsdb.ovsdb_monitor [req-ea8ed842-4e7b-4325-9213-6ccd5525edcb - - - - -] Hash Ring: Node b38a4148-cdec-4e4b-9b02-b1f85f35810c (host: np0005559461.localdomain) handling event "create" for row d447043b-1abd-4358-b7a3-3a8f0f6ad12a (table: Chassis) notify /usr/lib/python3.9/site-packages/neutron/plugins/ml2/drivers/ovn/mech_driver/ovsdb/ovsdb_monitor.py:791
2025-12-15 08:17:00.177 15 DEBUG neutron.plugins.ml2.drivers.ovn.mech_driver.ovsdb.ovsdb_monitor [req-ea8ed842-4e7b-4325-9213-6ccd5525edcb - - - - -] ChassisAgentWriteEvent : Matched Chassis_Private, create, None None matches /usr/lib/python3.9/site-packages/neutron/plugins/ml2/drivers/ovn/mech_driver/ovsdb/ovsdb_monitor.py:61
2025-12-15 08:17:00.177 15 DEBUG neutron.plugins.ml2.drivers.ovn.mech_driver.ovsdb.ovsdb_monitor [req-ea8ed842-4e7b-4325-9213-6ccd5525edcb - - - - -] ChassisMetadataAgentWriteEvent : Matched Chassis_Private, create, None None matches /usr/lib/python3.9/site-packages/neutron/plugins/ml2/drivers/ovn/mech_driver/ovsdb/ovsdb_monitor.py:61
2025-12-15 08:17:00.177 15 DEBUG neutron.plugins.ml2.drivers.ovn.mech_driver.ovsdb.ovsdb_monitor [req-ea8ed842-4e7b-4325-9213-6ccd5525edcb - - - - -] ChassisAgentWriteEvent : Matched Chassis_Private, create, None None matches /usr/lib/python3.9/site-packages/neutron/plugins/ml2/drivers/ovn/mech_driver/ovsdb/ovsdb_monitor.py:61
2025-12-15 08:17:00.177 15 DEBUG neutron.plugins.ml2.drivers.ovn.mech_driver.ovsdb.ovsdb_monitor [req-ea8ed842-4e7b-4325-9213-6ccd5525edcb - - - - -] ChassisAgentWriteEvent : Matched Chassis_Private, create, None None matches /usr/lib/python3.9/site-packages/neutron/plugins/ml2/drivers/ovn/mech_driver/ovsdb/ovsdb_monitor.py:61
2025-12-15 08:17:00.178 15 DEBUG neutron.plugins.ml2.drivers.ovn.mech_driver.ovsdb.ovsdb_monitor [req-ea8ed842-4e7b-4325-9213-6ccd5525edcb - - - - -] ChassisAgentWriteEvent : Matched Chassis_Private, create, None None matches /usr/lib/python3.9/site-packages/neutron/plugins/ml2/drivers/ovn/mech_driver/ovsdb/ovsdb_monitor.py:61
2025-12-15 08:17:00.178 15 DEBUG neutron.plugins.ml2.drivers.ovn.mech_driver.ovsdb.ovsdb_monitor [req-ea8ed842-4e7b-4325-9213-6ccd5525edcb - - - - -] ChassisMetadataAgentWriteEvent : Matched Chassis_Private, create, None None matches /usr/lib/python3.9/site-packages/neutron/plugins/ml2/drivers/ovn/mech_driver/ovsdb/ovsdb_monitor.py:61
2025-12-15 08:17:00.178 15 DEBUG neutron.plugins.ml2.drivers.ovn.mech_driver.ovsdb.ovsdb_monitor [req-ea8ed842-4e7b-4325-9213-6ccd5525edcb - - - - -] Hash Ring: Node b38a4148-cdec-4e4b-9b02-b1f85f35810c (host: np0005559461.localdomain) handling event "create" for row d438ab95-ebdb-4012-a052-3ae2c098f3e7 (table: Chassis_Private) notify /usr/lib/python3.9/site-packages/neutron/plugins/ml2/drivers/ovn/mech_driver/ovsdb/ovsdb_monitor.py:791
2025-12-15 08:17:00.178 15 DEBUG neutron.plugins.ml2.drivers.ovn.mech_driver.ovsdb.ovsdb_monitor [req-ea8ed842-4e7b-4325-9213-6ccd5525edcb - - - - -] ChassisAgentWriteEvent : Matched Chassis_Private, create, None None matches /usr/lib/python3.9/site-packages/neutron/plugins/ml2/drivers/ovn/mech_driver/ovsdb/ovsdb_monitor.py:61
2025-12-15 08:17:00.178 15 DEBUG neutron.plugins.ml2.drivers.ovn.mech_driver.ovsdb.ovsdb_monitor [req-ea8ed842-4e7b-4325-9213-6ccd5525edcb - - - - -] ChassisMetadataAgentWriteEvent : Matched Chassis_Private, create, None None matches /usr/lib/python3.9/site-packages/neutron/plugins/ml2/drivers/ovn/mech_driver/ovsdb/ovsdb_monitor.py:61
2025-12-15 08:17:00.178 15 DEBUG neutron.plugins.ml2.drivers.ovn.mech_driver.ovsdb.ovsdb_monitor [req-ea8ed842-4e7b-4325-9213-6ccd5525edcb - - - - -] ChassisAgentWriteEvent : Matched Chassis_Private, create, None None matches /usr/lib/python3.9/site-packages/neutron/plugins/ml2/drivers/ovn/mech_driver/ovsdb/ovsdb_monitor.py:61
2025-12-15 08:17:00.179 15 DEBUG neutron.plugins.ml2.drivers.ovn.mech_driver.ovsdb.ovsdb_monitor [req-ea8ed842-4e7b-4325-9213-6ccd5525edcb - - - - -] Hash Ring: Node b38a4148-cdec-4e4b-9b02-b1f85f35810c (host: np0005559461.localdomain) handling event "create" for row 98940e0c-60de-4496-b903-f667e131c8aa (table: Chassis_Private) notify /usr/lib/python3.9/site-packages/neutron/plugins/ml2/drivers/ovn/mech_driver/ovsdb/ovsdb_monitor.py:791
2025-12-15 08:17:00.179 15 DEBUG neutron.plugins.ml2.drivers.ovn.mech_driver.ovsdb.ovsdb_monitor [req-ea8ed842-4e7b-4325-9213-6ccd5525edcb - - - - -] Hash Ring: Node b38a4148-cdec-4e4b-9b02-b1f85f35810c (host: np0005559461.localdomain) handling event "create" for row 8ad7b751-2968-4be4-9879-a2ea3fa501f1 (table: Encap) notify /usr/lib/python3.9/site-packages/neutron/plugins/ml2/drivers/ovn/mech_driver/ovsdb/ovsdb_monitor.py:791
2025-12-15 08:17:00.179 15 DEBUG neutron.plugins.ml2.drivers.ovn.mech_driver.ovsdb.ovsdb_monitor [req-ea8ed842-4e7b-4325-9213-6ccd5525edcb - - - - -] Hash Ring: Node b38a4148-cdec-4e4b-9b02-b1f85f35810c (host: np0005559461.localdomain) handling event "create" for row 1c6ce25d-7fc9-4f33-9588-01871a5b53cb (table: Encap) notify /usr/lib/python3.9/site-packages/neutron/plugins/ml2/drivers/ovn/mech_driver/ovsdb/ovsdb_monitor.py:791
2025-12-15 08:17:00.179 15 DEBUG neutron.plugins.ml2.drivers.ovn.mech_driver.ovsdb.ovsdb_monitor [req-ea8ed842-4e7b-4325-9213-6ccd5525edcb - - - - -] Hash Ring: Node b38a4148-cdec-4e4b-9b02-b1f85f35810c (host: np0005559461.localdomain) handling event "create" for row 038e4059-89c2-4f8c-8f21-529f96760ce0 (table: Encap) notify /usr/lib/python3.9/site-packages/neutron/plugins/ml2/drivers/ovn/mech_driver/ovsdb/ovsdb_monitor.py:791
2025-12-15 08:17:00.179 15 DEBUG neutron.plugins.ml2.drivers.ovn.mech_driver.ovsdb.ovsdb_monitor [req-ea8ed842-4e7b-4325-9213-6ccd5525edcb - - - - -] Hash Ring: Node b38a4148-cdec-4e4b-9b02-b1f85f35810c (host: np0005559461.localdomain) handling event "create" for row 03a8e389-1c7f-454d-81a8-885ded38d7ca (table: Encap) notify /usr/lib/python3.9/site-packages/neutron/plugins/ml2/drivers/ovn/mech_driver/ovsdb/ovsdb_monitor.py:791
2025-12-15 08:17:00.179 15 DEBUG neutron.plugins.ml2.drivers.ovn.mech_driver.ovsdb.ovsdb_monitor [req-ea8ed842-4e7b-4325-9213-6ccd5525edcb - - - - -] Hash Ring: Node b38a4148-cdec-4e4b-9b02-b1f85f35810c (host: np0005559461.localdomain) handling event "create" for row c4be5966-4962-4764-89bf-18667412462a (table: Encap) notify /usr/lib/python3.9/site-packages/neutron/plugins/ml2/drivers/ovn/mech_driver/ovsdb/ovsdb_monitor.py:791
2025-12-15 08:17:00.183 15 INFO neutron.plugins.ml2.drivers.ovn.mech_driver.mech_driver [req-ea8ed842-4e7b-4325-9213-6ccd5525edcb - - - - -] WorkerService process has finished the post initialization
2025-12-15 08:17:00.183 15 INFO neutron.wsgi [-] (15) wsgi starting up on http://172.17.0.105:9696
2025-12-15 08:17:00.185 17 INFO neutron.plugins.ml2.drivers.ovn.mech_driver.mech_driver [req-fd4a39ba-9a1a-477c-a4de-0991e8e12d20 - - - - -] RpcWorker process has finished the post initialization
2025-12-15 08:17:00.186 17 DEBUG neutron.plugins.ml2.plugin [req-fd4a39ba-9a1a-477c-a4de-0991e8e12d20 - - - - -] neutron.plugins.ml2.plugin.Ml2Plugin method start_rpc_listeners called with arguments () {} wrapper /usr/lib/python3.9/site-packages/oslo_log/helpers.py:65
2025-12-15 08:17:00.228 19 DEBUG neutron.objects.ports [req-9517b36d-5643-4d05-9881-7a907e9ebef4 - - - - -] Time-cost: Fetching 0 ports in 0 security groups get_objects /usr/lib/python3.9/site-packages/neutron/objects/ports.py:489
2025-12-15 08:17:00.231 19 DEBUG futurist.periodics [req-9517b36d-5643-4d05-9881-7a907e9ebef4 - - - - -] Periodic callback 'neutron.plugins.ml2.drivers.ovn.mech_driver.ovsdb.maintenance.DBInconsistenciesPeriodics.sync_metadata_ports' raised 'NeverAgain' exception, stopping any further execution of it. _on_done /usr/lib/python3.9/site-packages/futurist/periodics.py:713
2025-12-15 08:17:00.231 19 DEBUG futurist.periodics [req-9517b36d-5643-4d05-9881-7a907e9ebef4 - - - - -] Submitting immediate callback 'neutron.plugins.ml2.drivers.ovn.mech_driver.ovsdb.maintenance.DBInconsistenciesPeriodics.update_logical_router_with_gateway_network_id' _process_immediates /usr/lib/python3.9/site-packages/futurist/periodics.py:676
2025-12-15 08:17:00.231 19 DEBUG futurist.periodics [req-9517b36d-5643-4d05-9881-7a907e9ebef4 - - - - -] Submitting immediate callback 'neutron.plugins.ml2.drivers.ovn.mech_driver.ovsdb.maintenance.DBInconsistenciesPeriodics.update_mac_aging_settings' _process_immediates /usr/lib/python3.9/site-packages/futurist/periodics.py:676
2025-12-15 08:17:00.232 19 DEBUG futurist.periodics [req-9517b36d-5643-4d05-9881-7a907e9ebef4 - - - - -] Submitting immediate callback 'neutron.plugins.ml2.drivers.ovn.mech_driver.ovsdb.maintenance.DBInconsistenciesPeriodics.update_port_qos_with_external_ids_reference' _process_immediates /usr/lib/python3.9/site-packages/futurist/periodics.py:676
2025-12-15 08:17:00.232 19 DEBUG futurist.periodics [req-9517b36d-5643-4d05-9881-7a907e9ebef4 - - - - -] Submitting immediate callback 'neutron.plugins.ml2.drivers.ovn.mech_driver.ovsdb.maintenance.DBInconsistenciesPeriodics.update_port_virtual_type' _process_immediates /usr/lib/python3.9/site-packages/futurist/periodics.py:676
2025-12-15 08:17:00.232 19 DEBUG futurist.periodics [req-9517b36d-5643-4d05-9881-7a907e9ebef4 - - - - -] Submitting immediate callback 'neutron.plugins.ml2.drivers.ovn.mech_driver.ovsdb.maintenance.DBInconsistenciesPeriodics.update_qos_fip_rule_priority' _process_immediates /usr/lib/python3.9/site-packages/futurist/periodics.py:676
2025-12-15 08:17:00.232 19 DEBUG futurist.periodics [req-9517b36d-5643-4d05-9881-7a907e9ebef4 - - - - -] Periodic callback 'neutron.plugins.ml2.drivers.ovn.mech_driver.ovsdb.maintenance.DBInconsistenciesPeriodics.update_qos_fip_rule_priority' raised 'NeverAgain' exception, stopping any further execution of it. _on_done /usr/lib/python3.9/site-packages/futurist/periodics.py:713
2025-12-15 08:17:01.140 15 DEBUG neutron.wsgi [-] (15) accepted ('172.17.0.105', 52228) server /usr/lib/python3.9/site-packages/eventlet/wsgi.py:992
2025-12-15 08:17:01.144 15 INFO neutron.wsgi [-] 172.17.0.105 "GET /healthcheck HTTP/1.0" status: 200 len: 137 time: 0.0031350
2025-12-15 08:17:01.615 15 DEBUG neutron.wsgi [-] (15) accepted ('172.17.0.104', 45480) server /usr/lib/python3.9/site-packages/eventlet/wsgi.py:992
2025-12-15 08:17:01.618 15 INFO neutron.wsgi [-] 172.17.0.104 "GET /healthcheck HTTP/1.0" status: 200 len: 137 time: 0.0013006
2025-12-15 08:17:01.694 15 DEBUG neutron.wsgi [-] (15) accepted ('172.17.0.103', 52516) server /usr/lib/python3.9/site-packages/eventlet/wsgi.py:992
2025-12-15 08:17:01.696 15 INFO neutron.wsgi [-] 172.17.0.103 "GET /healthcheck HTTP/1.0" status: 200 len: 137 time: 0.0016866
2025-12-15 08:17:03.146 15 DEBUG neutron.wsgi [-] (15) accepted ('172.17.0.105', 52232) server /usr/lib/python3.9/site-packages/eventlet/wsgi.py:992
2025-12-15 08:17:03.151 15 INFO neutron.wsgi [-] 172.17.0.105 "GET /healthcheck HTTP/1.0" status: 200 len: 137 time: 0.0027213
2025-12-15 08:17:03.645 15 DEBUG neutron.wsgi [-] (15) accepted ('172.17.0.104', 45494) server /usr/lib/python3.9/site-packages/eventlet/wsgi.py:992
2025-12-15 08:17:03.649 15 INFO neutron.wsgi [-] 172.17.0.104 "GET /healthcheck HTTP/1.0" status: 200 len: 137 time: 0.0026112
2025-12-15 08:17:03.697 15 DEBUG neutron.wsgi [-] (15) accepted ('172.17.0.103', 52530) server /usr/lib/python3.9/site-packages/eventlet/wsgi.py:992
2025-12-15 08:17:03.701 15 INFO neutron.wsgi [-] 172.17.0.103 "GET /healthcheck HTTP/1.0" status: 200 len: 137 time: 0.0026028
2025-12-15 08:17:05.153 15 DEBUG neutron.wsgi [-] (15) accepted ('172.17.0.105', 52236) server /usr/lib/python3.9/site-packages/eventlet/wsgi.py:992
2025-12-15 08:17:05.155 15 INFO neutron.wsgi [-] 172.17.0.105 "GET /healthcheck HTTP/1.0" status: 200 len: 137 time: 0.0013192
2025-12-15 08:17:05.650 15 DEBUG neutron.wsgi [-] (15) accepted ('172.17.0.104', 45498) server /usr/lib/python3.9/site-packages/eventlet/wsgi.py:992
2025-12-15 08:17:05.652 15 INFO neutron.wsgi [-] 172.17.0.104 "GET /healthcheck HTTP/1.0" status: 200 len: 137 time: 0.0013015
2025-12-15 08:17:05.702 15 DEBUG neutron.wsgi [-] (15) accepted ('172.17.0.103', 40336) server /usr/lib/python3.9/site-packages/eventlet/wsgi.py:992
2025-12-15 08:17:05.704 15 INFO neutron.wsgi [-] 172.17.0.103 "GET /healthcheck HTTP/1.0" status: 200 len: 137 time: 0.0012262
2025-12-15 08:17:07.157 15 DEBUG neutron.wsgi [-] (15) accepted ('172.17.0.105', 59450) server /usr/lib/python3.9/site-packages/eventlet/wsgi.py:992
2025-12-15 08:17:07.161 15 INFO neutron.wsgi [-] 172.17.0.105 "GET /healthcheck HTTP/1.0" status: 200 len: 137 time: 0.0027013
2025-12-15 08:17:07.655 15 DEBUG neutron.wsgi [-] (15) accepted ('172.17.0.104', 45514) server /usr/lib/python3.9/site-packages/eventlet/wsgi.py:992
2025-12-15 08:17:07.658 15 INFO neutron.wsgi [-] 172.17.0.104 "GET /healthcheck HTTP/1.0" status: 200 len: 137 time: 0.0017073
2025-12-15 08:17:07.706 15 DEBUG neutron.wsgi [-] (15) accepted ('172.17.0.103', 40340) server /usr/lib/python3.9/site-packages/eventlet/wsgi.py:992
2025-12-15 08:17:07.710 15 INFO neutron.wsgi [-] 172.17.0.103 "GET /healthcheck HTTP/1.0" status: 200 len: 137 time: 0.0028725
2025-12-15 08:17:09.161 15 DEBUG neutron.wsgi [-] (15) accepted ('172.17.0.105', 59458) server /usr/lib/python3.9/site-packages/eventlet/wsgi.py:992
2025-12-15 08:17:09.163 15 INFO neutron.wsgi [-] 172.17.0.105 "GET /healthcheck HTTP/1.0" status: 200 len: 137 time: 0.0013447
2025-12-15 08:17:09.660 15 DEBUG neutron.wsgi [-] (15) accepted ('172.17.0.104', 45528) server /usr/lib/python3.9/site-packages/eventlet/wsgi.py:992
2025-12-15 08:17:09.662 15 INFO neutron.wsgi [-] 172.17.0.104 "GET /healthcheck HTTP/1.0" status: 200 len: 137 time: 0.0015965
2025-12-15 08:17:09.712 15 DEBUG neutron.wsgi [-] (15) accepted ('172.17.0.103', 40342) server /usr/lib/python3.9/site-packages/eventlet/wsgi.py:992
2025-12-15 08:17:09.715 15 INFO neutron.wsgi [-] 172.17.0.103 "GET /healthcheck HTTP/1.0" status: 200 len: 137 time: 0.0019007
