Dec 15 08:31:31 np0005559460 object-server[122297]: 172.20.0.104 - - [15/Dec/2025:08:31:31 +0000] "GET /d1/443/AUTH_2f96e5f995e6442f94f881dabbe4dbf7/gnocchi.5435b1c7-2c9b-45fb-97c2-3cc129347a44/none_v3" 404 70 "GET http://172.18.0.159:8080/v1/AUTH_2f96e5f995e6442f94f881dabbe4dbf7/gnocchi.5435b1c7-2c9b-45fb-97c2-3cc129347a44/none_v3" "tx48e51d3abada4321876f7-00693fc762" "proxy-server 20" 0.0007 "-" 24 0
Dec 15 08:31:31 np0005559460 object-server[122293]: 172.20.0.103 - - [15/Dec/2025:08:31:31 +0000] "GET /d1/789/AUTH_2f96e5f995e6442f94f881dabbe4dbf7/gnocchi.17fccf1f-2bf0-4420-9d93-34b7e30c033d/1764720000.0_mean_300.0_v3" 404 70 "GET http://172.18.0.159:8080/v1/AUTH_2f96e5f995e6442f94f881dabbe4dbf7/gnocchi.17fccf1f-2bf0-4420-9d93-34b7e30c033d/1764720000.0_mean_300.0_v3" "txfcf24c9d9f224f809d35e-00693fc763" "proxy-server 20" 0.0006 "-" 23 0
Dec 15 08:31:31 np0005559460 proxy-server[123880]: 172.18.0.159 172.18.0.104 15/Dec/2025/08/31/31 GET /v1/AUTH_2f96e5f995e6442f94f881dabbe4dbf7/gnocchi.5435b1c7-2c9b-45fb-97c2-3cc129347a44/none_v3 HTTP/1.0 404 - python-swiftclient-3.11.1 gAAAAABpP8cKWFq0... - 70 - tx48e51d3abada4321876f7-00693fc762 - 0.0303 - - 1765787490.993705750 1765787491.023967505 0
Dec 15 08:31:31 np0005559460 account-server[121592]: 172.20.0.105 - - [15/Dec/2025:08:31:31 +0000] "PUT /d1/500/AUTH_2f96e5f995e6442f94f881dabbe4dbf7/gnocchi.44058b93-1b81-433c-afb0-7b9ffd7cc5c7" 201 - "PUT http://172.20.0.105:6001/d1/210/AUTH_2f96e5f995e6442f94f881dabbe4dbf7/gnocchi.44058b93-1b81-433c-afb0-7b9ffd7cc5c7" "txc1f2088d790342f1953d8-00693fc762" "container-server 22" 0.0052 "-" 20 0
Dec 15 08:31:31 np0005559460 container-server[122013]: 172.20.0.105 - - [15/Dec/2025:08:31:31 +0000] "PUT /d1/210/AUTH_2f96e5f995e6442f94f881dabbe4dbf7/gnocchi.44058b93-1b81-433c-afb0-7b9ffd7cc5c7" 201 - "PUT http://172.18.0.159:8080/v1/AUTH_2f96e5f995e6442f94f881dabbe4dbf7/gnocchi.44058b93-1b81-433c-afb0-7b9ffd7cc5c7" "txc1f2088d790342f1953d8-00693fc762" "proxy-server 20" 0.0261 "-" 23 0
Dec 15 08:31:31 np0005559460 container-server[122012]: 172.20.0.103 - - [15/Dec/2025:08:31:31 +0000] "PUT /d1/835/AUTH_2f96e5f995e6442f94f881dabbe4dbf7/gnocchi.17fccf1f-2bf0-4420-9d93-34b7e30c033d/1764720000.0_mean_300.0_v3" 201 - "PUT http://172.18.0.159:8080/d1/789/AUTH_2f96e5f995e6442f94f881dabbe4dbf7/gnocchi.17fccf1f-2bf0-4420-9d93-34b7e30c033d/1764720000.0_mean_300.0_v3" "tx9ce3f9b667cf4d088143d-00693fc763" "object-server 22" 0.0011 "-" 22 0
Dec 15 08:31:31 np0005559460 object-server[122283]: 172.20.0.103 - - [15/Dec/2025:08:31:31 +0000] "PUT /d1/789/AUTH_2f96e5f995e6442f94f881dabbe4dbf7/gnocchi.17fccf1f-2bf0-4420-9d93-34b7e30c033d/1764720000.0_mean_300.0_v3" 201 - "PUT http://172.18.0.159:8080/v1/AUTH_2f96e5f995e6442f94f881dabbe4dbf7/gnocchi.17fccf1f-2bf0-4420-9d93-34b7e30c033d/1764720000.0_mean_300.0_v3" "tx9ce3f9b667cf4d088143d-00693fc763" "proxy-server 20" 0.0133 "-" 22 0
Dec 15 08:31:31 np0005559460 account-server[121617]: 172.20.0.104 - - [15/Dec/2025:08:31:31 +0000] "PUT /d1/500/AUTH_2f96e5f995e6442f94f881dabbe4dbf7/gnocchi.5435b1c7-2c9b-45fb-97c2-3cc129347a44" 201 - "PUT http://172.20.0.104:6001/d1/415/AUTH_2f96e5f995e6442f94f881dabbe4dbf7/gnocchi.5435b1c7-2c9b-45fb-97c2-3cc129347a44" "tx6d2ce88a7fd94bfd97d85-00693fc763" "container-server 21" 0.0061 "-" 21 0
Dec 15 08:31:31 np0005559460 container-server[122008]: 172.20.0.104 - - [15/Dec/2025:08:31:31 +0000] "PUT /d1/415/AUTH_2f96e5f995e6442f94f881dabbe4dbf7/gnocchi.5435b1c7-2c9b-45fb-97c2-3cc129347a44" 201 - "PUT http://172.18.0.159:8080/v1/AUTH_2f96e5f995e6442f94f881dabbe4dbf7/gnocchi.5435b1c7-2c9b-45fb-97c2-3cc129347a44" "tx6d2ce88a7fd94bfd97d85-00693fc763" "proxy-server 20" 0.0216 "-" 21 0
Dec 15 08:31:31 np0005559460 proxy-server[123880]: 172.18.0.159 172.18.0.104 15/Dec/2025/08/31/31 PUT /v1/AUTH_2f96e5f995e6442f94f881dabbe4dbf7/gnocchi.5435b1c7-2c9b-45fb-97c2-3cc129347a44 HTTP/1.0 201 - python-swiftclient-3.11.1 gAAAAABpP8cKWFq0... - - - tx6d2ce88a7fd94bfd97d85-00693fc763 - 0.0306 - - 1765787491.028880596 1765787491.059484243 0
Dec 15 08:31:31 np0005559460 container-server[122013]: 172.20.0.104 - - [15/Dec/2025:08:31:31 +0000] "PUT /d1/835/AUTH_2f96e5f995e6442f94f881dabbe4dbf7/gnocchi.17fccf1f-2bf0-4420-9d93-34b7e30c033d/none_v3" 201 - "PUT http://172.18.0.159:8080/d1/870/AUTH_2f96e5f995e6442f94f881dabbe4dbf7/gnocchi.17fccf1f-2bf0-4420-9d93-34b7e30c033d/none_v3" "txd0ed1faa528f43ce88ea3-00693fc763" "object-server 22" 0.0008 "-" 23 0
Dec 15 08:31:31 np0005559460 object-server[122283]: 172.20.0.103 - - [15/Dec/2025:08:31:31 +0000] "PUT /d1/870/AUTH_2f96e5f995e6442f94f881dabbe4dbf7/gnocchi.17fccf1f-2bf0-4420-9d93-34b7e30c033d/none_v3" 201 - "PUT http://172.18.0.159:8080/v1/AUTH_2f96e5f995e6442f94f881dabbe4dbf7/gnocchi.17fccf1f-2bf0-4420-9d93-34b7e30c033d/none_v3" "txd0ed1faa528f43ce88ea3-00693fc763" "proxy-server 20" 0.0101 "-" 22 0
Dec 15 08:31:31 np0005559460 proxy-server[123880]: - - 15/Dec/2025/08/31/31 HEAD /v1/AUTH_2f96e5f995e6442f94f881dabbe4dbf7/gnocchi.5435b1c7-2c9b-45fb-97c2-3cc129347a44%3Fformat%3Djson%26states%3Dlisting HTTP/1.0 204 - Swift - - - - txbf62241cc9834c479cf21-00693fc763 - 0.0085 RL - 1765787491.067493916 1765787491.075992823 0
Dec 15 08:31:31 np0005559460 proxy-server[123880]: 172.18.0.159 172.18.0.104 15/Dec/2025/08/31/31 GET /v1/AUTH_2f96e5f995e6442f94f881dabbe4dbf7/gnocchi.5435b1c7-2c9b-45fb-97c2-3cc129347a44%3Fformat%3Djson%26states%3Dlisting HTTP/1.0 200 - python-swiftclient-3.11.1 gAAAAABpP8cKWFq0... - 2 - txbf62241cc9834c479cf21-00693fc763 - 0.0220 - - 1765787491.065538406 1765787491.087536573 0
Dec 15 08:31:31 np0005559460 object-server[122297]: 172.20.0.105 - - [15/Dec/2025:08:31:31 +0000] "GET /d1/819/AUTH_2f96e5f995e6442f94f881dabbe4dbf7/gnocchi.44058b93-1b81-433c-afb0-7b9ffd7cc5c7/1764720000.0_mean_300.0_v3" 404 70 "GET http://172.18.0.159:8080/v1/AUTH_2f96e5f995e6442f94f881dabbe4dbf7/gnocchi.44058b93-1b81-433c-afb0-7b9ffd7cc5c7/1764720000.0_mean_300.0_v3" "tx87a46a3249e245d7ade99-00693fc763" "proxy-server 20" 0.0008 "-" 24 0
Dec 15 08:31:31 np0005559460 object-server[122305]: 172.20.0.103 - - [15/Dec/2025:08:31:31 +0000] "GET /d1/678/AUTH_2f96e5f995e6442f94f881dabbe4dbf7/gnocchi.5435b1c7-2c9b-45fb-97c2-3cc129347a44/1764720000.0_mean_300.0_v3" 404 70 "GET http://172.18.0.159:8080/v1/AUTH_2f96e5f995e6442f94f881dabbe4dbf7/gnocchi.5435b1c7-2c9b-45fb-97c2-3cc129347a44/1764720000.0_mean_300.0_v3" "txe48079c866df4b2eb60a2-00693fc763" "proxy-server 20" 0.0006 "-" 25 0
Dec 15 08:31:31 np0005559460 container-server[122003]: 172.20.0.104 - - [15/Dec/2025:08:31:31 +0000] "HEAD /d1/541/AUTH_2f96e5f995e6442f94f881dabbe4dbf7/gnocchi.11f89d50-b167-40c1-8548-804f0c620f7b" 404 - "HEAD http://172.18.0.159:8080/v1/AUTH_2f96e5f995e6442f94f881dabbe4dbf7/gnocchi.11f89d50-b167-40c1-8548-804f0c620f7b?format=json&states=listing" "tx032647b19e8940cd933ea-00693fc763" "proxy-server 20" 0.0006 "-" 20 0
Dec 15 08:31:31 np0005559460 object-server[122305]: 172.20.0.104 - - [15/Dec/2025:08:31:31 +0000] "GET /d1/277/AUTH_2f96e5f995e6442f94f881dabbe4dbf7/gnocchi.11f89d50-b167-40c1-8548-804f0c620f7b/none_v3" 404 70 "GET http://172.18.0.159:8080/v1/AUTH_2f96e5f995e6442f94f881dabbe4dbf7/gnocchi.11f89d50-b167-40c1-8548-804f0c620f7b/none_v3" "tx032647b19e8940cd933ea-00693fc763" "proxy-server 20" 0.0004 "-" 25 0
Dec 15 08:31:31 np0005559460 proxy-server[123880]: 172.18.0.105 172.18.0.104 15/Dec/2025/08/31/31 GET /v1/AUTH_2f96e5f995e6442f94f881dabbe4dbf7/gnocchi.11f89d50-b167-40c1-8548-804f0c620f7b/none_v3 HTTP/1.0 404 - python-swiftclient-3.11.1 gAAAAABpP8bDpUSn... - 70 - tx032647b19e8940cd933ea-00693fc763 - 0.0333 - - 1765787491.094343901 1765787491.127670527 0
Dec 15 08:31:31 np0005559460 container-server[122012]: 172.20.0.104 - - [15/Dec/2025:08:31:31 +0000] "PUT /d1/210/AUTH_2f96e5f995e6442f94f881dabbe4dbf7/gnocchi.44058b93-1b81-433c-afb0-7b9ffd7cc5c7/1764720000.0_mean_300.0_v3" 201 - "PUT http://172.18.0.159:8080/d1/819/AUTH_2f96e5f995e6442f94f881dabbe4dbf7/gnocchi.44058b93-1b81-433c-afb0-7b9ffd7cc5c7/1764720000.0_mean_300.0_v3" "tx649f01aa3ef04ec9a71de-00693fc763" "object-server 24" 0.0010 "-" 22 0
Dec 15 08:31:31 np0005559460 object-server[122297]: 172.20.0.105 - - [15/Dec/2025:08:31:31 +0000] "PUT /d1/819/AUTH_2f96e5f995e6442f94f881dabbe4dbf7/gnocchi.44058b93-1b81-433c-afb0-7b9ffd7cc5c7/1764720000.0_mean_300.0_v3" 201 - "PUT http://172.18.0.159:8080/v1/AUTH_2f96e5f995e6442f94f881dabbe4dbf7/gnocchi.44058b93-1b81-433c-afb0-7b9ffd7cc5c7/1764720000.0_mean_300.0_v3" "tx649f01aa3ef04ec9a71de-00693fc763" "proxy-server 20" 0.0144 "-" 24 0
Dec 15 08:31:31 np0005559460 container-server[122012]: 172.20.0.105 - - [15/Dec/2025:08:31:31 +0000] "PUT /d1/415/AUTH_2f96e5f995e6442f94f881dabbe4dbf7/gnocchi.5435b1c7-2c9b-45fb-97c2-3cc129347a44/1764720000.0_mean_300.0_v3" 201 - "PUT http://172.18.0.159:8080/d1/678/AUTH_2f96e5f995e6442f94f881dabbe4dbf7/gnocchi.5435b1c7-2c9b-45fb-97c2-3cc129347a44/1764720000.0_mean_300.0_v3" "txd0a74a535cb84a37985e9-00693fc763" "object-server 22" 0.0007 "-" 22 0
Dec 15 08:31:31 np0005559460 object-server[122293]: 172.20.0.103 - - [15/Dec/2025:08:31:31 +0000] "PUT /d1/678/AUTH_2f96e5f995e6442f94f881dabbe4dbf7/gnocchi.5435b1c7-2c9b-45fb-97c2-3cc129347a44/1764720000.0_mean_300.0_v3" 201 - "PUT http://172.18.0.159:8080/v1/AUTH_2f96e5f995e6442f94f881dabbe4dbf7/gnocchi.5435b1c7-2c9b-45fb-97c2-3cc129347a44/1764720000.0_mean_300.0_v3" "txd0a74a535cb84a37985e9-00693fc763" "proxy-server 20" 0.0140 "-" 23 0
Dec 15 08:31:31 np0005559460 container-server[122013]: 172.20.0.104 - - [15/Dec/2025:08:31:31 +0000] "PUT /d1/210/AUTH_2f96e5f995e6442f94f881dabbe4dbf7/gnocchi.44058b93-1b81-433c-afb0-7b9ffd7cc5c7/none_v3" 201 - "PUT http://172.18.0.159:8080/d1/570/AUTH_2f96e5f995e6442f94f881dabbe4dbf7/gnocchi.44058b93-1b81-433c-afb0-7b9ffd7cc5c7/none_v3" "tx7b99a5676a0b44c2a69d6-00693fc763" "object-server 22" 0.0010 "-" 23 0
Dec 15 08:31:31 np0005559460 object-server[122283]: 172.20.0.105 - - [15/Dec/2025:08:31:31 +0000] "PUT /d1/570/AUTH_2f96e5f995e6442f94f881dabbe4dbf7/gnocchi.44058b93-1b81-433c-afb0-7b9ffd7cc5c7/none_v3" 201 - "PUT http://172.18.0.159:8080/v1/AUTH_2f96e5f995e6442f94f881dabbe4dbf7/gnocchi.44058b93-1b81-433c-afb0-7b9ffd7cc5c7/none_v3" "tx7b99a5676a0b44c2a69d6-00693fc763" "proxy-server 20" 0.0143 "-" 22 0
Dec 15 08:31:31 np0005559460 container-server[122008]: 172.20.0.105 - - [15/Dec/2025:08:31:31 +0000] "PUT /d1/415/AUTH_2f96e5f995e6442f94f881dabbe4dbf7/gnocchi.5435b1c7-2c9b-45fb-97c2-3cc129347a44/none_v3" 201 - "PUT http://172.18.0.159:8080/d1/443/AUTH_2f96e5f995e6442f94f881dabbe4dbf7/gnocchi.5435b1c7-2c9b-45fb-97c2-3cc129347a44/none_v3" "txaec3ce71fc62425fa772f-00693fc763" "object-server 19" 0.0008 "-" 21 0
Dec 15 08:31:31 np0005559460 container-server[122003]: 172.20.0.104 - - [15/Dec/2025:08:31:31 +0000] "PUT /d1/541/AUTH_2f96e5f995e6442f94f881dabbe4dbf7/gnocchi.11f89d50-b167-40c1-8548-804f0c620f7b" 201 - "PUT http://172.18.0.159:8080/v1/AUTH_2f96e5f995e6442f94f881dabbe4dbf7/gnocchi.11f89d50-b167-40c1-8548-804f0c620f7b" "tx69a5199cf392464080b01-00693fc763" "proxy-server 20" 0.0218 "-" 20 0
Dec 15 08:31:31 np0005559460 object-server[122283]: 172.20.0.103 - - [15/Dec/2025:08:31:31 +0000] "PUT /d1/443/AUTH_2f96e5f995e6442f94f881dabbe4dbf7/gnocchi.5435b1c7-2c9b-45fb-97c2-3cc129347a44/none_v3" 201 - "PUT http://172.18.0.159:8080/v1/AUTH_2f96e5f995e6442f94f881dabbe4dbf7/gnocchi.5435b1c7-2c9b-45fb-97c2-3cc129347a44/none_v3" "txaec3ce71fc62425fa772f-00693fc763" "proxy-server 20" 0.0146 "-" 22 0
Dec 15 08:31:31 np0005559460 account-server[121627]: 172.20.0.105 - - [15/Dec/2025:08:31:31 +0000] "PUT /d1/500/AUTH_2f96e5f995e6442f94f881dabbe4dbf7/gnocchi.11f89d50-b167-40c1-8548-804f0c620f7b" 201 - "PUT http://172.20.0.105:6001/d1/541/AUTH_2f96e5f995e6442f94f881dabbe4dbf7/gnocchi.11f89d50-b167-40c1-8548-804f0c620f7b" "tx69a5199cf392464080b01-00693fc763" "container-server 20" 0.0064 "-" 22 0
Dec 15 08:31:31 np0005559460 proxy-server[123880]: 172.18.0.105 172.18.0.104 15/Dec/2025/08/31/31 PUT /v1/AUTH_2f96e5f995e6442f94f881dabbe4dbf7/gnocchi.11f89d50-b167-40c1-8548-804f0c620f7b HTTP/1.0 201 - python-swiftclient-3.11.1 gAAAAABpP8bDpUSn... - - - tx69a5199cf392464080b01-00693fc763 - 0.0414 - - 1765787491.133377790 1765787491.174791336 0
Dec 15 08:31:31 np0005559460 container-server[122013]: 172.20.0.105 - - [15/Dec/2025:08:31:31 +0000] "HEAD /d1/541/AUTH_2f96e5f995e6442f94f881dabbe4dbf7/gnocchi.11f89d50-b167-40c1-8548-804f0c620f7b" 204 - "HEAD http://172.18.0.159:8080/v1/AUTH_2f96e5f995e6442f94f881dabbe4dbf7/gnocchi.11f89d50-b167-40c1-8548-804f0c620f7b?format=json&states=listing" "txea24d6752035446f828d4-00693fc763" "proxy-server 20" 0.0025 "-" 23 0
Dec 15 08:31:31 np0005559460 container-server[122008]: 172.20.0.103 - - [15/Dec/2025:08:31:31 +0000] "HEAD /d1/873/AUTH_2f96e5f995e6442f94f881dabbe4dbf7/gnocchi.5a2b2660-8649-4254-9d78-11df70d10a6b" 404 - "HEAD http://172.18.0.159:8080/v1/AUTH_2f96e5f995e6442f94f881dabbe4dbf7/gnocchi.5a2b2660-8649-4254-9d78-11df70d10a6b?format=json&states=listing" "txab2149feea0a4294a9341-00693fc763" "proxy-server 20" 0.0005 "-" 21 0
Dec 15 08:31:31 np0005559460 object-server[122293]: 172.20.0.103 - - [15/Dec/2025:08:31:31 +0000] "GET /d1/714/AUTH_2f96e5f995e6442f94f881dabbe4dbf7/gnocchi.5a2b2660-8649-4254-9d78-11df70d10a6b/none_v3" 404 70 "GET http://172.18.0.159:8080/v1/AUTH_2f96e5f995e6442f94f881dabbe4dbf7/gnocchi.5a2b2660-8649-4254-9d78-11df70d10a6b/none_v3" "txab2149feea0a4294a9341-00693fc763" "proxy-server 20" 0.0005 "-" 23 0
Dec 15 08:31:31 np0005559460 container-server[122003]: 172.20.0.105 - - [15/Dec/2025:08:31:31 +0000] "GET /d1/541/AUTH_2f96e5f995e6442f94f881dabbe4dbf7/gnocchi.11f89d50-b167-40c1-8548-804f0c620f7b" 200 2 "GET http://172.18.0.159:8080/v1/AUTH_2f96e5f995e6442f94f881dabbe4dbf7/gnocchi.11f89d50-b167-40c1-8548-804f0c620f7b?format=json&states=listing" "txea24d6752035446f828d4-00693fc763" "proxy-server 20" 0.0054 "-" 20 0
Dec 15 08:31:31 np0005559460 container-server[122013]: 172.20.0.104 - - [15/Dec/2025:08:31:31 +0000] "HEAD /d1/129/AUTH_2f96e5f995e6442f94f881dabbe4dbf7/gnocchi.ed7db153-4770-4ae8-a8e1-00a79471f946" 404 - "HEAD http://172.18.0.159:8080/v1/AUTH_2f96e5f995e6442f94f881dabbe4dbf7/gnocchi.ed7db153-4770-4ae8-a8e1-00a79471f946?format=json&states=listing" "tx8eb70b919cad40bfafc07-00693fc763" "proxy-server 20" 0.0007 "-" 23 0
Dec 15 08:31:31 np0005559460 object-server[122305]: 172.20.0.105 - - [15/Dec/2025:08:31:31 +0000] "GET /d1/584/AUTH_2f96e5f995e6442f94f881dabbe4dbf7/gnocchi.11f89d50-b167-40c1-8548-804f0c620f7b/1764720000.0_mean_300.0_v3" 404 70 "GET http://172.18.0.159:8080/v1/AUTH_2f96e5f995e6442f94f881dabbe4dbf7/gnocchi.11f89d50-b167-40c1-8548-804f0c620f7b/1764720000.0_mean_300.0_v3" "txc2e62c444ec5480f8167b-00693fc763" "proxy-server 20" 0.0005 "-" 25 0
Dec 15 08:31:31 np0005559460 object-server[122305]: 172.20.0.104 - - [15/Dec/2025:08:31:31 +0000] "GET /d1/390/AUTH_2f96e5f995e6442f94f881dabbe4dbf7/gnocchi.ed7db153-4770-4ae8-a8e1-00a79471f946/none_v3" 404 70 "GET http://172.18.0.159:8080/v1/AUTH_2f96e5f995e6442f94f881dabbe4dbf7/gnocchi.ed7db153-4770-4ae8-a8e1-00a79471f946/none_v3" "tx8eb70b919cad40bfafc07-00693fc763" "proxy-server 20" 0.0004 "-" 25 0
Dec 15 08:31:31 np0005559460 proxy-server[123880]: 172.18.0.159 172.18.0.104 15/Dec/2025/08/31/31 GET /v1/AUTH_2f96e5f995e6442f94f881dabbe4dbf7/gnocchi.ed7db153-4770-4ae8-a8e1-00a79471f946/none_v3 HTTP/1.0 404 - python-swiftclient-3.11.1 gAAAAABpP8cKWFq0... - 70 - tx8eb70b919cad40bfafc07-00693fc763 - 0.0367 - - 1765787491.197486639 1765787491.234199286 0
Dec 15 08:31:31 np0005559460 account-server[121629]: 172.20.0.103 - - [15/Dec/2025:08:31:31 +0000] "PUT /d1/500/AUTH_2f96e5f995e6442f94f881dabbe4dbf7/gnocchi.5a2b2660-8649-4254-9d78-11df70d10a6b" 201 - "PUT http://172.20.0.103:6001/d1/873/AUTH_2f96e5f995e6442f94f881dabbe4dbf7/gnocchi.5a2b2660-8649-4254-9d78-11df70d10a6b" "txa056f54915794fd4be568-00693fc763" "container-server 20" 0.0060 "-" 23 0
Dec 15 08:31:31 np0005559460 container-server[122003]: 172.20.0.103 - - [15/Dec/2025:08:31:31 +0000] "PUT /d1/873/AUTH_2f96e5f995e6442f94f881dabbe4dbf7/gnocchi.5a2b2660-8649-4254-9d78-11df70d10a6b" 201 - "PUT http://172.18.0.159:8080/v1/AUTH_2f96e5f995e6442f94f881dabbe4dbf7/gnocchi.5a2b2660-8649-4254-9d78-11df70d10a6b" "txa056f54915794fd4be568-00693fc763" "proxy-server 20" 0.0212 "-" 20 0
Dec 15 08:31:31 np0005559460 container-server[122013]: 172.20.0.104 - - [15/Dec/2025:08:31:31 +0000] "PUT /d1/541/AUTH_2f96e5f995e6442f94f881dabbe4dbf7/gnocchi.11f89d50-b167-40c1-8548-804f0c620f7b/1764720000.0_mean_300.0_v3" 201 - "PUT http://172.18.0.159:8080/d1/584/AUTH_2f96e5f995e6442f94f881dabbe4dbf7/gnocchi.11f89d50-b167-40c1-8548-804f0c620f7b/1764720000.0_mean_300.0_v3" "txb379309e5f5344f583e7f-00693fc763" "object-server 24" 0.0013 "-" 23 0
Dec 15 08:31:31 np0005559460 object-server[122297]: 172.20.0.105 - - [15/Dec/2025:08:31:31 +0000] "PUT /d1/584/AUTH_2f96e5f995e6442f94f881dabbe4dbf7/gnocchi.11f89d50-b167-40c1-8548-804f0c620f7b/1764720000.0_mean_300.0_v3" 201 - "PUT http://172.18.0.159:8080/v1/AUTH_2f96e5f995e6442f94f881dabbe4dbf7/gnocchi.11f89d50-b167-40c1-8548-804f0c620f7b/1764720000.0_mean_300.0_v3" "txb379309e5f5344f583e7f-00693fc763" "proxy-server 20" 0.0152 "-" 24 0
Dec 15 08:31:31 np0005559460 account-server[121617]: 172.20.0.104 - - [15/Dec/2025:08:31:31 +0000] "PUT /d1/500/AUTH_2f96e5f995e6442f94f881dabbe4dbf7/gnocchi.ed7db153-4770-4ae8-a8e1-00a79471f946" 201 - "PUT http://172.20.0.104:6001/d1/129/AUTH_2f96e5f995e6442f94f881dabbe4dbf7/gnocchi.ed7db153-4770-4ae8-a8e1-00a79471f946" "tx0c174757da604f8e9e130-00693fc763" "container-server 22" 0.0052 "-" 21 0
Dec 15 08:31:31 np0005559460 container-server[122013]: 172.20.0.103 - - [15/Dec/2025:08:31:31 +0000] "GET /d1/873/AUTH_2f96e5f995e6442f94f881dabbe4dbf7/gnocchi.5a2b2660-8649-4254-9d78-11df70d10a6b" 200 2 "GET http://172.18.0.159:8080/v1/AUTH_2f96e5f995e6442f94f881dabbe4dbf7/gnocchi.5a2b2660-8649-4254-9d78-11df70d10a6b?format=json&states=listing" "txfb67a9449e854141b584a-00693fc763" "proxy-server 20" 0.0039 "-" 23 0
Dec 15 08:31:31 np0005559460 container-server[122012]: 172.20.0.104 - - [15/Dec/2025:08:31:31 +0000] "PUT /d1/129/AUTH_2f96e5f995e6442f94f881dabbe4dbf7/gnocchi.ed7db153-4770-4ae8-a8e1-00a79471f946" 201 - "PUT http://172.18.0.159:8080/v1/AUTH_2f96e5f995e6442f94f881dabbe4dbf7/gnocchi.ed7db153-4770-4ae8-a8e1-00a79471f946" "tx0c174757da604f8e9e130-00693fc763" "proxy-server 20" 0.0279 "-" 22 0
Dec 15 08:31:31 np0005559460 proxy-server[123880]: 172.18.0.159 172.18.0.104 15/Dec/2025/08/31/31 PUT /v1/AUTH_2f96e5f995e6442f94f881dabbe4dbf7/gnocchi.ed7db153-4770-4ae8-a8e1-00a79471f946 HTTP/1.0 201 - python-swiftclient-3.11.1 gAAAAABpP8cKWFq0... - - - tx0c174757da604f8e9e130-00693fc763 - 0.0415 - - 1765787491.239254475 1765787491.280740976 0
Dec 15 08:31:31 np0005559460 container-server[122008]: 172.20.0.104 - - [15/Dec/2025:08:31:31 +0000] "PUT /d1/541/AUTH_2f96e5f995e6442f94f881dabbe4dbf7/gnocchi.11f89d50-b167-40c1-8548-804f0c620f7b/none_v3" 201 - "PUT http://172.18.0.159:8080/d1/277/AUTH_2f96e5f995e6442f94f881dabbe4dbf7/gnocchi.11f89d50-b167-40c1-8548-804f0c620f7b/none_v3" "txca56bc12b5f94de68bc82-00693fc763" "object-server 22" 0.0010 "-" 21 0
Dec 15 08:31:31 np0005559460 object-server[122283]: 172.20.0.105 - - [15/Dec/2025:08:31:31 +0000] "PUT /d1/277/AUTH_2f96e5f995e6442f94f881dabbe4dbf7/gnocchi.11f89d50-b167-40c1-8548-804f0c620f7b/none_v3" 201 - "PUT http://172.18.0.159:8080/v1/AUTH_2f96e5f995e6442f94f881dabbe4dbf7/gnocchi.11f89d50-b167-40c1-8548-804f0c620f7b/none_v3" "txca56bc12b5f94de68bc82-00693fc763" "proxy-server 20" 0.0136 "-" 22 0
Dec 15 08:31:31 np0005559460 container-server[122012]: 172.20.0.104 - - [15/Dec/2025:08:31:31 +0000] "HEAD /d1/129/AUTH_2f96e5f995e6442f94f881dabbe4dbf7/gnocchi.ed7db153-4770-4ae8-a8e1-00a79471f946" 204 - "HEAD http://172.18.0.159:8080/v1/AUTH_2f96e5f995e6442f94f881dabbe4dbf7/gnocchi.ed7db153-4770-4ae8-a8e1-00a79471f946?format=json&states=listing" "tx7339afb630c745968b639-00693fc763" "proxy-server 20" 0.0021 "-" 22 0
Dec 15 08:31:31 np0005559460 object-server[122293]: 172.20.0.103 - - [15/Dec/2025:08:31:31 +0000] "GET /d1/242/AUTH_2f96e5f995e6442f94f881dabbe4dbf7/gnocchi.5a2b2660-8649-4254-9d78-11df70d10a6b/1764720000.0_mean_300.0_v3" 404 70 "GET http://172.18.0.159:8080/v1/AUTH_2f96e5f995e6442f94f881dabbe4dbf7/gnocchi.5a2b2660-8649-4254-9d78-11df70d10a6b/1764720000.0_mean_300.0_v3" "tx4eaa43477eac4dbdbc3f5-00693fc763" "proxy-server 20" 0.0005 "-" 23 0
Dec 15 08:31:31 np0005559460 proxy-server[123880]: - - 15/Dec/2025/08/31/31 HEAD /v1/AUTH_2f96e5f995e6442f94f881dabbe4dbf7/gnocchi.ed7db153-4770-4ae8-a8e1-00a79471f946%3Fformat%3Djson%26states%3Dlisting HTTP/1.0 204 - Swift - - - - tx7339afb630c745968b639-00693fc763 - 0.0070 RL - 1765787491.290383339 1765787491.297395945 0
Dec 15 08:31:31 np0005559460 container-server[122008]: 172.20.0.104 - - [15/Dec/2025:08:31:31 +0000] "GET /d1/129/AUTH_2f96e5f995e6442f94f881dabbe4dbf7/gnocchi.ed7db153-4770-4ae8-a8e1-00a79471f946" 200 2 "GET http://172.18.0.159:8080/v1/AUTH_2f96e5f995e6442f94f881dabbe4dbf7/gnocchi.ed7db153-4770-4ae8-a8e1-00a79471f946?format=json&states=listing" "tx7339afb630c745968b639-00693fc763" "proxy-server 20" 0.0043 "-" 21 0
Dec 15 08:31:31 np0005559460 proxy-server[123880]: 172.18.0.159 172.18.0.104 15/Dec/2025/08/31/31 GET /v1/AUTH_2f96e5f995e6442f94f881dabbe4dbf7/gnocchi.ed7db153-4770-4ae8-a8e1-00a79471f946%3Fformat%3Djson%26states%3Dlisting HTTP/1.0 200 - python-swiftclient-3.11.1 gAAAAABpP8cKWFq0... - 2 - tx7339afb630c745968b639-00693fc763 - 0.0236 - - 1765787491.288640976 1765787491.312232494 0
Dec 15 08:31:31 np0005559460 container-server[122012]: 172.20.0.105 - - [15/Dec/2025:08:31:31 +0000] "HEAD /d1/951/AUTH_2f96e5f995e6442f94f881dabbe4dbf7/gnocchi.daa01772-468e-4336-96c3-1a0b9614a618" 404 - "HEAD http://172.18.0.159:8080/v1/AUTH_2f96e5f995e6442f94f881dabbe4dbf7/gnocchi.daa01772-468e-4336-96c3-1a0b9614a618?format=json&states=listing" "tx68e0a611283b448e984f3-00693fc763" "proxy-server 20" 0.0004 "-" 22 0
Dec 15 08:31:31 np0005559460 container-server[122008]: 172.20.0.104 - - [15/Dec/2025:08:31:31 +0000] "PUT /d1/873/AUTH_2f96e5f995e6442f94f881dabbe4dbf7/gnocchi.5a2b2660-8649-4254-9d78-11df70d10a6b/1764720000.0_mean_300.0_v3" 201 - "PUT http://172.18.0.159:8080/d1/242/AUTH_2f96e5f995e6442f94f881dabbe4dbf7/gnocchi.5a2b2660-8649-4254-9d78-11df70d10a6b/1764720000.0_mean_300.0_v3" "txfb2a88b223274e4286842-00693fc763" "object-server 23" 0.0008 "-" 21 0
Dec 15 08:31:31 np0005559460 object-server[122293]: 172.20.0.103 - - [15/Dec/2025:08:31:31 +0000] "PUT /d1/242/AUTH_2f96e5f995e6442f94f881dabbe4dbf7/gnocchi.5a2b2660-8649-4254-9d78-11df70d10a6b/1764720000.0_mean_300.0_v3" 201 - "PUT http://172.18.0.159:8080/v1/AUTH_2f96e5f995e6442f94f881dabbe4dbf7/gnocchi.5a2b2660-8649-4254-9d78-11df70d10a6b/1764720000.0_mean_300.0_v3" "txfb2a88b223274e4286842-00693fc763" "proxy-server 20" 0.0111 "-" 23 0
Dec 15 08:31:31 np0005559460 object-server[122305]: 172.20.0.104 - - [15/Dec/2025:08:31:31 +0000] "GET /d1/643/AUTH_2f96e5f995e6442f94f881dabbe4dbf7/gnocchi.ed7db153-4770-4ae8-a8e1-00a79471f946/1764720000.0_mean_300.0_v3" 404 70 "GET http://172.18.0.159:8080/v1/AUTH_2f96e5f995e6442f94f881dabbe4dbf7/gnocchi.ed7db153-4770-4ae8-a8e1-00a79471f946/1764720000.0_mean_300.0_v3" "txa4e1eb6dcda54b44bd765-00693fc763" "proxy-server 20" 0.0003 "-" 25 0
Dec 15 08:31:31 np0005559460 proxy-server[123880]: 172.18.0.159 172.18.0.104 15/Dec/2025/08/31/31 GET /v1/AUTH_2f96e5f995e6442f94f881dabbe4dbf7/gnocchi.ed7db153-4770-4ae8-a8e1-00a79471f946/1764720000.0_mean_300.0_v3 HTTP/1.0 404 - python-swiftclient-3.11.1 gAAAAABpP8cKWFq0... - 70 - txa4e1eb6dcda54b44bd765-00693fc763 - 0.0155 - - 1765787491.316700697 1765787491.332154036 0
Dec 15 08:31:31 np0005559460 object-server[122293]: 172.20.0.105 - - [15/Dec/2025:08:31:31 +0000] "GET /d1/66/AUTH_2f96e5f995e6442f94f881dabbe4dbf7/gnocchi.daa01772-468e-4336-96c3-1a0b9614a618/none_v3" 404 70 "GET http://172.18.0.159:8080/v1/AUTH_2f96e5f995e6442f94f881dabbe4dbf7/gnocchi.daa01772-468e-4336-96c3-1a0b9614a618/none_v3" "tx68e0a611283b448e984f3-00693fc763" "proxy-server 20" 0.0004 "-" 23 0
Dec 15 08:31:31 np0005559460 container-server[122013]: 172.20.0.105 - - [15/Dec/2025:08:31:31 +0000] "PUT /d1/129/AUTH_2f96e5f995e6442f94f881dabbe4dbf7/gnocchi.ed7db153-4770-4ae8-a8e1-00a79471f946/1764720000.0_mean_300.0_v3" 201 - "PUT http://172.18.0.159:8080/d1/643/AUTH_2f96e5f995e6442f94f881dabbe4dbf7/gnocchi.ed7db153-4770-4ae8-a8e1-00a79471f946/1764720000.0_mean_300.0_v3" "tx8383599fd6734ad7a3d19-00693fc763" "object-server 23" 0.0007 "-" 23 0
Dec 15 08:31:31 np0005559460 container-server[122003]: 172.20.0.103 - - [15/Dec/2025:08:31:31 +0000] "PUT /d1/873/AUTH_2f96e5f995e6442f94f881dabbe4dbf7/gnocchi.5a2b2660-8649-4254-9d78-11df70d10a6b/none_v3" 201 - "PUT http://172.18.0.159:8080/d1/714/AUTH_2f96e5f995e6442f94f881dabbe4dbf7/gnocchi.5a2b2660-8649-4254-9d78-11df70d10a6b/none_v3" "tx3e1983b353b4490d96e50-00693fc763" "object-server 25" 0.0007 "-" 20 0
Dec 15 08:31:31 np0005559460 object-server[122305]: 172.20.0.103 - - [15/Dec/2025:08:31:31 +0000] "PUT /d1/714/AUTH_2f96e5f995e6442f94f881dabbe4dbf7/gnocchi.5a2b2660-8649-4254-9d78-11df70d10a6b/none_v3" 201 - "PUT http://172.18.0.159:8080/v1/AUTH_2f96e5f995e6442f94f881dabbe4dbf7/gnocchi.5a2b2660-8649-4254-9d78-11df70d10a6b/none_v3" "tx3e1983b353b4490d96e50-00693fc763" "proxy-server 20" 0.0150 "-" 25 0
Dec 15 08:31:31 np0005559460 object-server[122297]: 172.20.0.104 - - [15/Dec/2025:08:31:31 +0000] "PUT /d1/643/AUTH_2f96e5f995e6442f94f881dabbe4dbf7/gnocchi.ed7db153-4770-4ae8-a8e1-00a79471f946/1764720000.0_mean_300.0_v3" 201 - "PUT http://172.18.0.159:8080/v1/AUTH_2f96e5f995e6442f94f881dabbe4dbf7/gnocchi.ed7db153-4770-4ae8-a8e1-00a79471f946/1764720000.0_mean_300.0_v3" "tx8383599fd6734ad7a3d19-00693fc763" "proxy-server 20" 0.0230 "-" 24 0
Dec 15 08:31:31 np0005559460 account-server[121592]: 172.20.0.105 - - [15/Dec/2025:08:31:31 +0000] "PUT /d1/500/AUTH_2f96e5f995e6442f94f881dabbe4dbf7/gnocchi.daa01772-468e-4336-96c3-1a0b9614a618" 201 - "PUT http://172.20.0.105:6001/d1/951/AUTH_2f96e5f995e6442f94f881dabbe4dbf7/gnocchi.daa01772-468e-4336-96c3-1a0b9614a618" "tx47e5d95c1c8344289fa44-00693fc763" "container-server 21" 0.0057 "-" 20 0
Dec 15 08:31:31 np0005559460 container-server[122008]: 172.20.0.105 - - [15/Dec/2025:08:31:31 +0000] "PUT /d1/951/AUTH_2f96e5f995e6442f94f881dabbe4dbf7/gnocchi.daa01772-468e-4336-96c3-1a0b9614a618" 201 - "PUT http://172.18.0.159:8080/v1/AUTH_2f96e5f995e6442f94f881dabbe4dbf7/gnocchi.daa01772-468e-4336-96c3-1a0b9614a618" "tx47e5d95c1c8344289fa44-00693fc763" "proxy-server 20" 0.0262 "-" 21 0
Dec 15 08:31:31 np0005559460 proxy-server[123880]: 172.18.0.159 172.18.0.104 15/Dec/2025/08/31/31 PUT /v1/AUTH_2f96e5f995e6442f94f881dabbe4dbf7/gnocchi.ed7db153-4770-4ae8-a8e1-00a79471f946/1764720000.0_mean_300.0_v3 HTTP/1.0 201 - python-swiftclient-3.11.1 gAAAAABpP8cKWFq0... 16 - - tx8383599fd6734ad7a3d19-00693fc763 - 0.0492 - - 1765787491.335802794 1765787491.385043383 0
Dec 15 08:31:31 np0005559460 container-server[122008]: 172.20.0.103 - - [15/Dec/2025:08:31:31 +0000] "PUT /d1/129/AUTH_2f96e5f995e6442f94f881dabbe4dbf7/gnocchi.ed7db153-4770-4ae8-a8e1-00a79471f946/none_v3" 201 - "PUT http://172.18.0.159:8080/d1/390/AUTH_2f96e5f995e6442f94f881dabbe4dbf7/gnocchi.ed7db153-4770-4ae8-a8e1-00a79471f946/none_v3" "tx44813af1b1234052b07a7-00693fc763" "object-server 22" 0.0009 "-" 21 0
Dec 15 08:31:31 np0005559460 object-server[122293]: 172.20.0.105 - - [15/Dec/2025:08:31:31 +0000] "PUT /d1/390/AUTH_2f96e5f995e6442f94f881dabbe4dbf7/gnocchi.ed7db153-4770-4ae8-a8e1-00a79471f946/none_v3" 201 - "PUT http://172.18.0.159:8080/v1/AUTH_2f96e5f995e6442f94f881dabbe4dbf7/gnocchi.ed7db153-4770-4ae8-a8e1-00a79471f946/none_v3" "tx44813af1b1234052b07a7-00693fc763" "proxy-server 20" 0.0135 "-" 23 0
Dec 15 08:31:31 np0005559460 container-server[122003]: 172.20.0.104 - - [15/Dec/2025:08:31:31 +0000] "HEAD /d1/765/AUTH_2f96e5f995e6442f94f881dabbe4dbf7/gnocchi.42f7803c-5d2a-4756-9f97-00cb19feaf08" 404 - "HEAD http://172.18.0.159:8080/v1/AUTH_2f96e5f995e6442f94f881dabbe4dbf7/gnocchi.42f7803c-5d2a-4756-9f97-00cb19feaf08?format=json&states=listing" "txbe968c2db03b4b95aa60b-00693fc763" "proxy-server 20" 0.0008 "-" 20 0
Dec 15 08:31:31 np0005559460 container-server[122013]: 172.20.0.103 - - [15/Dec/2025:08:31:31 +0000] "GET /d1/951/AUTH_2f96e5f995e6442f94f881dabbe4dbf7/gnocchi.daa01772-468e-4336-96c3-1a0b9614a618" 200 2 "GET http://172.18.0.159:8080/v1/AUTH_2f96e5f995e6442f94f881dabbe4dbf7/gnocchi.daa01772-468e-4336-96c3-1a0b9614a618?format=json&states=listing" "tx309c90e14083456cb4621-00693fc763" "proxy-server 20" 0.0049 "-" 23 0
Dec 15 08:31:31 np0005559460 object-server[122283]: 172.20.0.105 - - [15/Dec/2025:08:31:31 +0000] "GET /d1/339/AUTH_2f96e5f995e6442f94f881dabbe4dbf7/gnocchi.daa01772-468e-4336-96c3-1a0b9614a618/1764720000.0_mean_300.0_v3" 404 70 "GET http://172.18.0.159:8080/v1/AUTH_2f96e5f995e6442f94f881dabbe4dbf7/gnocchi.daa01772-468e-4336-96c3-1a0b9614a618/1764720000.0_mean_300.0_v3" "tx2bac49543c6a4ab291573-00693fc763" "proxy-server 20" 0.0005 "-" 22 0
Dec 15 08:31:31 np0005559460 object-server[122297]: 172.20.0.104 - - [15/Dec/2025:08:31:31 +0000] "GET /d1/757/AUTH_2f96e5f995e6442f94f881dabbe4dbf7/gnocchi.42f7803c-5d2a-4756-9f97-00cb19feaf08/none_v3" 404 70 "GET http://172.18.0.159:8080/v1/AUTH_2f96e5f995e6442f94f881dabbe4dbf7/gnocchi.42f7803c-5d2a-4756-9f97-00cb19feaf08/none_v3" "txbe968c2db03b4b95aa60b-00693fc763" "proxy-server 20" 0.0003 "-" 24 0
Dec 15 08:31:31 np0005559460 proxy-server[123880]: 172.18.0.103 172.18.0.104 15/Dec/2025/08/31/31 GET /v1/AUTH_2f96e5f995e6442f94f881dabbe4dbf7/gnocchi.42f7803c-5d2a-4756-9f97-00cb19feaf08/none_v3 HTTP/1.0 404 - python-swiftclient-3.11.1 gAAAAABpP8cB_H8j... - 70 - txbe968c2db03b4b95aa60b-00693fc763 - 0.0356 - - 1765787491.405954599 1765787491.441575050 0
Dec 15 08:31:31 np0005559460 container-server[122013]: 172.20.0.104 - - [15/Dec/2025:08:31:31 +0000] "PUT /d1/951/AUTH_2f96e5f995e6442f94f881dabbe4dbf7/gnocchi.daa01772-468e-4336-96c3-1a0b9614a618/1764720000.0_mean_300.0_v3" 201 - "PUT http://172.18.0.159:8080/d1/339/AUTH_2f96e5f995e6442f94f881dabbe4dbf7/gnocchi.daa01772-468e-4336-96c3-1a0b9614a618/1764720000.0_mean_300.0_v3" "txebbfddcf0f9940f1b1225-00693fc763" "object-server 25" 0.0012 "-" 23 0
Dec 15 08:31:31 np0005559460 account-server[121629]: 172.20.0.104 - - [15/Dec/2025:08:31:31 +0000] "PUT /d1/500/AUTH_2f96e5f995e6442f94f881dabbe4dbf7/gnocchi.42f7803c-5d2a-4756-9f97-00cb19feaf08" 201 - "PUT http://172.20.0.104:6001/d1/765/AUTH_2f96e5f995e6442f94f881dabbe4dbf7/gnocchi.42f7803c-5d2a-4756-9f97-00cb19feaf08" "txdc05129b72994d6dbb8c1-00693fc763" "container-server 20" 0.0077 "-" 23 0
Dec 15 08:31:31 np0005559460 object-server[122305]: 172.20.0.104 - - [15/Dec/2025:08:31:31 +0000] "PUT /d1/339/AUTH_2f96e5f995e6442f94f881dabbe4dbf7/gnocchi.daa01772-468e-4336-96c3-1a0b9614a618/1764720000.0_mean_300.0_v3" 201 - "PUT http://172.18.0.159:8080/v1/AUTH_2f96e5f995e6442f94f881dabbe4dbf7/gnocchi.daa01772-468e-4336-96c3-1a0b9614a618/1764720000.0_mean_300.0_v3" "txebbfddcf0f9940f1b1225-00693fc763" "proxy-server 20" 0.0142 "-" 25 0
Dec 15 08:31:31 np0005559460 container-server[122003]: 172.20.0.103 - - [15/Dec/2025:08:31:31 +0000] "PUT /d1/765/AUTH_2f96e5f995e6442f94f881dabbe4dbf7/gnocchi.42f7803c-5d2a-4756-9f97-00cb19feaf08" 201 - "PUT http://172.18.0.159:8080/v1/AUTH_2f96e5f995e6442f94f881dabbe4dbf7/gnocchi.42f7803c-5d2a-4756-9f97-00cb19feaf08" "txdc05129b72994d6dbb8c1-00693fc763" "proxy-server 20" 0.0261 "-" 20 0
Dec 15 08:31:31 np0005559460 proxy-server[123880]: 172.18.0.105 172.18.0.104 15/Dec/2025/08/31/31 PUT /v1/AUTH_2f96e5f995e6442f94f881dabbe4dbf7/gnocchi.daa01772-468e-4336-96c3-1a0b9614a618/1764720000.0_mean_300.0_v3 HTTP/1.0 201 - python-swiftclient-3.11.1 gAAAAABpP8bDpUSn... 16 - - txebbfddcf0f9940f1b1225-00693fc763 - 0.0305 - - 1765787491.452282906 1765787491.482770205 0
Dec 15 08:31:31 np0005559460 container-server[122008]: 172.20.0.105 - - [15/Dec/2025:08:31:31 +0000] "HEAD /d1/765/AUTH_2f96e5f995e6442f94f881dabbe4dbf7/gnocchi.42f7803c-5d2a-4756-9f97-00cb19feaf08" 204 - "HEAD http://172.18.0.159:8080/v1/AUTH_2f96e5f995e6442f94f881dabbe4dbf7/gnocchi.42f7803c-5d2a-4756-9f97-00cb19feaf08?format=json&states=listing" "tx80aa3d3167d642baba63a-00693fc763" "proxy-server 20" 0.0023 "-" 21 0
Dec 15 08:31:31 np0005559460 object-server[217706]: Object audit (ZBF) "forever" mode completed: 0.52s. Total quarantined: 0, Total errors: 0, Total files/sec: 53.55, Total bytes/sec: 0.00, Auditing time: 0.52, Rate: 0.99
Dec 15 08:31:31 np0005559460 container-server[122012]: 172.20.0.103 - - [15/Dec/2025:08:31:31 +0000] "PUT /d1/951/AUTH_2f96e5f995e6442f94f881dabbe4dbf7/gnocchi.daa01772-468e-4336-96c3-1a0b9614a618/none_v3" 201 - "PUT http://172.18.0.159:8080/d1/66/AUTH_2f96e5f995e6442f94f881dabbe4dbf7/gnocchi.daa01772-468e-4336-96c3-1a0b9614a618/none_v3" "txf1d7d15dba2c4f119fcdb-00693fc763" "object-server 22" 0.0008 "-" 22 0
Dec 15 08:31:31 np0005559460 object-server[122293]: 172.20.0.103 - - [15/Dec/2025:08:31:31 +0000] "PUT /d1/66/AUTH_2f96e5f995e6442f94f881dabbe4dbf7/gnocchi.daa01772-468e-4336-96c3-1a0b9614a618/none_v3" 201 - "PUT http://172.18.0.159:8080/v1/AUTH_2f96e5f995e6442f94f881dabbe4dbf7/gnocchi.daa01772-468e-4336-96c3-1a0b9614a618/none_v3" "txf1d7d15dba2c4f119fcdb-00693fc763" "proxy-server 20" 0.0129 "-" 23 0
Dec 15 08:31:31 np0005559460 object-server[122297]: 172.20.0.104 - - [15/Dec/2025:08:31:31 +0000] "GET /d1/0/AUTH_2f96e5f995e6442f94f881dabbe4dbf7/gnocchi.42f7803c-5d2a-4756-9f97-00cb19feaf08/1764720000.0_mean_300.0_v3" 404 70 "GET http://172.18.0.159:8080/v1/AUTH_2f96e5f995e6442f94f881dabbe4dbf7/gnocchi.42f7803c-5d2a-4756-9f97-00cb19feaf08/1764720000.0_mean_300.0_v3" "tx35275802c5c94f7ca0537-00693fc763" "proxy-server 20" 0.0005 "-" 24 0
Dec 15 08:31:31 np0005559460 proxy-server[123880]: 172.18.0.103 172.18.0.104 15/Dec/2025/08/31/31 GET /v1/AUTH_2f96e5f995e6442f94f881dabbe4dbf7/gnocchi.42f7803c-5d2a-4756-9f97-00cb19feaf08/1764720000.0_mean_300.0_v3 HTTP/1.0 404 - python-swiftclient-3.11.1 gAAAAABpP8cB_H8j... - 70 - tx35275802c5c94f7ca0537-00693fc763 - 0.0177 - - 1765787491.523215532 1765787491.540908337 0
Dec 15 08:31:31 np0005559460 container-server[122012]: 172.20.0.104 - - [15/Dec/2025:08:31:31 +0000] "PUT /d1/765/AUTH_2f96e5f995e6442f94f881dabbe4dbf7/gnocchi.42f7803c-5d2a-4756-9f97-00cb19feaf08/1764720000.0_mean_300.0_v3" 201 - "PUT http://172.18.0.159:8080/d1/0/AUTH_2f96e5f995e6442f94f881dabbe4dbf7/gnocchi.42f7803c-5d2a-4756-9f97-00cb19feaf08/1764720000.0_mean_300.0_v3" "tx1cff04551f3d4a53b6ef2-00693fc763" "object-server 22" 0.0010 "-" 22 0
Dec 15 08:31:31 np0005559460 object-server[122283]: 172.20.0.103 - - [15/Dec/2025:08:31:31 +0000] "PUT /d1/0/AUTH_2f96e5f995e6442f94f881dabbe4dbf7/gnocchi.42f7803c-5d2a-4756-9f97-00cb19feaf08/1764720000.0_mean_300.0_v3" 201 - "PUT http://172.18.0.159:8080/v1/AUTH_2f96e5f995e6442f94f881dabbe4dbf7/gnocchi.42f7803c-5d2a-4756-9f97-00cb19feaf08/1764720000.0_mean_300.0_v3" "tx1cff04551f3d4a53b6ef2-00693fc763" "proxy-server 20" 0.0119 "-" 22 0
Dec 15 08:31:31 np0005559460 container-server[122003]: 172.20.0.103 - - [15/Dec/2025:08:31:31 +0000] "PUT /d1/765/AUTH_2f96e5f995e6442f94f881dabbe4dbf7/gnocchi.42f7803c-5d2a-4756-9f97-00cb19feaf08/none_v3" 201 - "PUT http://172.18.0.159:8080/d1/757/AUTH_2f96e5f995e6442f94f881dabbe4dbf7/gnocchi.42f7803c-5d2a-4756-9f97-00cb19feaf08/none_v3" "tx1a18cacddb7448af9db83-00693fc763" "object-server 23" 0.0007 "-" 20 0
Dec 15 08:31:31 np0005559460 object-server[122297]: 172.20.0.105 - - [15/Dec/2025:08:31:31 +0000] "PUT /d1/757/AUTH_2f96e5f995e6442f94f881dabbe4dbf7/gnocchi.42f7803c-5d2a-4756-9f97-00cb19feaf08/none_v3" 201 - "PUT http://172.18.0.159:8080/v1/AUTH_2f96e5f995e6442f94f881dabbe4dbf7/gnocchi.42f7803c-5d2a-4756-9f97-00cb19feaf08/none_v3" "tx1a18cacddb7448af9db83-00693fc763" "proxy-server 20" 0.0141 "-" 24 0
Dec 15 08:31:35 np0005559460 container-server[121571]: Beginning replication run
Dec 15 08:31:35 np0005559460 container-server[121571]: Replication run OVER
Dec 15 08:31:35 np0005559460 container-server[121571]: Attempted to replicate 22 dbs in 0.74530 seconds (29.51813/s)
Dec 15 08:31:35 np0005559460 container-server[121571]: Removed 0 dbs
Dec 15 08:31:35 np0005559460 container-server[121571]: 44 successes, 0 failures
Dec 15 08:31:35 np0005559460 container-server[121571]: diff:0 diff_capped:0 empty:0 hashmatch:0 no_change:44 remote_merge:0 rsync:0 ts_repl:0
Dec 15 08:31:36 np0005559460 account-server[121617]: 172.20.0.103 - - [15/Dec/2025:08:31:36 +0000] "HEAD /d1/700/.expiring_objects" 404 - "HEAD http://localhost/v1/.expiring_objects?format=json" "tx2272c950e7384761a888e-00693fc768" "proxy-server 2" 0.0006 "-" 21 -
Dec 15 08:31:50 np0005559460 account-server[121191]: Beginning replication run
Dec 15 08:31:50 np0005559460 account-server[121191]: Replication run OVER
Dec 15 08:31:50 np0005559460 account-server[121191]: Attempted to replicate 1 dbs in 0.02620 seconds (38.17431/s)
Dec 15 08:31:50 np0005559460 account-server[121191]: Removed 0 dbs
Dec 15 08:31:50 np0005559460 account-server[121191]: 2 successes, 0 failures
Dec 15 08:31:50 np0005559460 account-server[121191]: diff:0 diff_capped:0 empty:0 hashmatch:0 no_change:2 remote_merge:0 rsync:0 ts_repl:0
Dec 15 08:31:59 np0005559460 object-server[122090]: Starting object replication pass.
Dec 15 08:31:59 np0005559460 object-server[122090]: 44/44 (100.00%) partitions replicated in 0.42s (104.59/sec, 0s remaining)
Dec 15 08:31:59 np0005559460 object-server[122090]: 88 successes, 0 failures
Dec 15 08:31:59 np0005559460 object-server[122090]: 44 suffixes checked - 0.00% hashed, 0.00% synced
Dec 15 08:31:59 np0005559460 object-server[122090]: Partition times: max 0.0130s, min 0.0063s, med 0.0089s
Dec 15 08:31:59 np0005559460 object-server[122090]: Object replication complete. (0.01 minutes)
Dec 15 08:32:01 np0005559460 object-server[223679]: Begin object audit "forever" mode (ZBF)
Dec 15 08:32:01 np0005559460 object-server[223680]: Begin object audit "forever" mode (ALL)
Dec 15 08:32:01 np0005559460 object-server[223679]: Object audit (ZBF). Since Mon Dec 15 08:32:01 2025: Locally: 1 passed, 0 quarantined, 0 errors, files/sec: 435.86, bytes/sec: 0.00, Total time: 0.00, Auditing time: 0.00, Rate: 0.00
Dec 15 08:32:01 np0005559460 object-server[223680]: Object audit (ALL). Since Mon Dec 15 08:32:01 2025: Locally: 1 passed, 0 quarantined, 0 errors, files/sec: 69.91, bytes/sec: 1118.54, Total time: 0.01, Auditing time: 0.00, Rate: 0.00
Dec 15 08:32:02 np0005559460 object-server[223679]: Object audit (ZBF) "forever" mode completed: 0.84s. Total quarantined: 0, Total errors: 0, Total files/sec: 52.14, Total bytes/sec: 0.00, Auditing time: 0.83, Rate: 0.98
Dec 15 08:32:03 np0005559460 object-server[223680]: Object audit (ALL) "forever" mode completed: 2.12s. Total quarantined: 0, Total errors: 0, Total files/sec: 20.79, Total bytes/sec: 399.79, Auditing time: 2.10, Rate: 0.99
Dec 15 08:32:05 np0005559460 container-server[121571]: Beginning replication run
Dec 15 08:32:05 np0005559460 container-server[121571]: Replication run OVER
Dec 15 08:32:05 np0005559460 container-server[121571]: Attempted to replicate 22 dbs in 0.43977 seconds (50.02655/s)
Dec 15 08:32:05 np0005559460 container-server[121571]: Removed 0 dbs
Dec 15 08:32:05 np0005559460 container-server[121571]: 44 successes, 0 failures
Dec 15 08:32:05 np0005559460 container-server[121571]: diff:0 diff_capped:0 empty:0 hashmatch:0 no_change:44 remote_merge:0 rsync:0 ts_repl:0
Dec 15 08:32:20 np0005559460 account-server[121191]: Beginning replication run
Dec 15 08:32:20 np0005559460 account-server[121191]: Replication run OVER
Dec 15 08:32:20 np0005559460 account-server[121191]: Attempted to replicate 1 dbs in 0.01631 seconds (61.32613/s)
Dec 15 08:32:20 np0005559460 account-server[121191]: Removed 0 dbs
Dec 15 08:32:20 np0005559460 account-server[121191]: 2 successes, 0 failures
Dec 15 08:32:20 np0005559460 account-server[121191]: diff:0 diff_capped:0 empty:0 hashmatch:0 no_change:2 remote_merge:0 rsync:0 ts_repl:0
Dec 15 08:32:29 np0005559460 object-server[122090]: Starting object replication pass.
Dec 15 08:32:29 np0005559460 object-server[122090]: 44/44 (100.00%) partitions replicated in 0.45s (97.64/sec, 0s remaining)
Dec 15 08:32:29 np0005559460 object-server[122090]: 88 successes, 0 failures
Dec 15 08:32:29 np0005559460 object-server[122090]: 44 suffixes checked - 0.00% hashed, 0.00% synced
Dec 15 08:32:29 np0005559460 object-server[122090]: Partition times: max 0.0149s, min 0.0069s, med 0.0097s
Dec 15 08:32:29 np0005559460 object-server[122090]: Object replication complete. (0.01 minutes)
Dec 15 08:32:32 np0005559460 object-server[223761]: Begin object audit "forever" mode (ZBF)
Dec 15 08:32:32 np0005559460 object-server[223761]: Object audit (ZBF). Since Mon Dec 15 08:32:32 2025: Locally: 1 passed, 0 quarantined, 0 errors, files/sec: 584.98, bytes/sec: 0.00, Total time: 0.00, Auditing time: 0.00, Rate: 0.00
Dec 15 08:32:33 np0005559460 object-server[223761]: Object audit (ZBF) "forever" mode completed: 0.84s. Total quarantined: 0, Total errors: 0, Total files/sec: 52.20, Total bytes/sec: 0.00, Auditing time: 0.83, Rate: 0.99
Dec 15 08:32:35 np0005559460 container-server[121571]: Beginning replication run
Dec 15 08:32:35 np0005559460 container-server[121571]: Replication run OVER
Dec 15 08:32:35 np0005559460 container-server[121571]: Attempted to replicate 22 dbs in 0.42881 seconds (51.30438/s)
Dec 15 08:32:35 np0005559460 container-server[121571]: Removed 0 dbs
Dec 15 08:32:35 np0005559460 container-server[121571]: 44 successes, 0 failures
Dec 15 08:32:35 np0005559460 container-server[121571]: diff:0 diff_capped:0 empty:0 hashmatch:0 no_change:44 remote_merge:0 rsync:0 ts_repl:0
Dec 15 08:32:50 np0005559460 account-server[121191]: Beginning replication run
Dec 15 08:32:50 np0005559460 account-server[121191]: Replication run OVER
Dec 15 08:32:50 np0005559460 account-server[121191]: Attempted to replicate 1 dbs in 0.01688 seconds (59.24374/s)
Dec 15 08:32:50 np0005559460 account-server[121191]: Removed 0 dbs
Dec 15 08:32:50 np0005559460 account-server[121191]: 2 successes, 0 failures
Dec 15 08:32:50 np0005559460 account-server[121191]: diff:0 diff_capped:0 empty:0 hashmatch:0 no_change:2 remote_merge:0 rsync:0 ts_repl:0
Dec 15 08:32:51 np0005559460 account-server[121617]: 172.20.0.103 - - [15/Dec/2025:08:32:51 +0000] "PUT /d1/500/AUTH_2f96e5f995e6442f94f881dabbe4dbf7/gnocchi.d4be3153-ae97-4616-8b82-58d45ed63c6e" 201 - "-" "-" "container-updater 2" 0.0011 "-" 21 0
Dec 15 08:32:51 np0005559460 account-server[121629]: 172.20.0.103 - - [15/Dec/2025:08:32:51 +0000] "PUT /d1/500/AUTH_2f96e5f995e6442f94f881dabbe4dbf7/gnocchi.6d422243-1822-42cd-8ec4-0cb3f8476463" 201 - "-" "-" "container-updater 2" 0.0004 "-" 23 0
Dec 15 08:32:51 np0005559460 account-server[121629]: 172.20.0.103 - - [15/Dec/2025:08:32:51 +0000] "PUT /d1/500/AUTH_2f96e5f995e6442f94f881dabbe4dbf7/gnocchi.110f0ff1-ee79-4e01-ada3-3c9636af5015" 201 - "-" "-" "container-updater 2" 0.0005 "-" 23 0
Dec 15 08:32:51 np0005559460 account-server[121627]: 172.20.0.103 - - [15/Dec/2025:08:32:51 +0000] "PUT /d1/500/AUTH_2f96e5f995e6442f94f881dabbe4dbf7/gnocchi.37696d65-2710-4b7d-8243-e18d5e8b5fc2" 201 - "-" "-" "container-updater 2" 0.0007 "-" 22 0
Dec 15 08:32:52 np0005559460 account-server[121592]: 172.20.0.103 - - [15/Dec/2025:08:32:52 +0000] "PUT /d1/500/AUTH_2f96e5f995e6442f94f881dabbe4dbf7/gnocchi.26c9b737-5459-4c7e-8b8f-187aa2d75f31" 201 - "-" "-" "container-updater 2" 0.0010 "-" 20 0
Dec 15 08:32:52 np0005559460 account-server[121617]: 172.20.0.103 - - [15/Dec/2025:08:32:52 +0000] "PUT /d1/500/AUTH_2f96e5f995e6442f94f881dabbe4dbf7/gnocchi.5a2b2660-8649-4254-9d78-11df70d10a6b" 201 - "-" "-" "container-updater 2" 0.0007 "-" 21 0
Dec 15 08:32:52 np0005559460 account-server[121592]: 172.20.0.103 - - [15/Dec/2025:08:32:52 +0000] "PUT /d1/500/AUTH_2f96e5f995e6442f94f881dabbe4dbf7/gnocchi.d36d970f-bfcb-4128-b7da-8b42c64e5836" 201 - "-" "-" "container-updater 2" 0.0004 "-" 20 0
Dec 15 08:32:52 np0005559460 account-server[121617]: 172.20.0.103 - - [15/Dec/2025:08:32:52 +0000] "PUT /d1/500/AUTH_2f96e5f995e6442f94f881dabbe4dbf7/gnocchi.5435b1c7-2c9b-45fb-97c2-3cc129347a44" 201 - "-" "-" "container-updater 2" 0.0007 "-" 21 0
Dec 15 08:32:52 np0005559460 account-server[121592]: 172.20.0.103 - - [15/Dec/2025:08:32:52 +0000] "PUT /d1/500/AUTH_2f96e5f995e6442f94f881dabbe4dbf7/gnocchi.e267590c-bd3b-4f45-a5dc-979be28afdde" 201 - "-" "-" "container-updater 2" 0.0007 "-" 20 0
Dec 15 08:32:52 np0005559460 account-server[121617]: 172.20.0.103 - - [15/Dec/2025:08:32:52 +0000] "PUT /d1/500/AUTH_2f96e5f995e6442f94f881dabbe4dbf7/gnocchi.42f7803c-5d2a-4756-9f97-00cb19feaf08" 201 - "-" "-" "container-updater 2" 0.0011 "-" 21 0
Dec 15 08:32:52 np0005559460 account-server[121629]: 172.20.0.103 - - [15/Dec/2025:08:32:52 +0000] "PUT /d1/500/AUTH_2f96e5f995e6442f94f881dabbe4dbf7/gnocchi.07d40812-c778-4f29-b696-1477e08c5fa4" 201 - "-" "-" "container-updater 2" 0.0013 "-" 23 0
Dec 15 08:32:52 np0005559460 account-server[121617]: 172.20.0.103 - - [15/Dec/2025:08:32:52 +0000] "PUT /d1/500/AUTH_2f96e5f995e6442f94f881dabbe4dbf7/gnocchi.daa01772-468e-4336-96c3-1a0b9614a618" 201 - "-" "-" "container-updater 2" 0.0009 "-" 21 0
Dec 15 08:32:52 np0005559460 account-server[121627]: 172.20.0.103 - - [15/Dec/2025:08:32:52 +0000] "PUT /d1/500/AUTH_2f96e5f995e6442f94f881dabbe4dbf7/gnocchi.6ce0ec4c-233f-4379-ba59-b1de744aaba8" 201 - "-" "-" "container-updater 2" 0.0006 "-" 22 0
Dec 15 08:32:52 np0005559460 account-server[121627]: 172.20.0.103 - - [15/Dec/2025:08:32:52 +0000] "PUT /d1/500/AUTH_2f96e5f995e6442f94f881dabbe4dbf7/gnocchi.02838bed-d538-42aa-b7bd-83dbf0314c10" 201 - "-" "-" "container-updater 2" 0.0005 "-" 22 0
Dec 15 08:32:53 np0005559460 account-server[121629]: 172.20.0.103 - - [15/Dec/2025:08:32:53 +0000] "PUT /d1/500/AUTH_2f96e5f995e6442f94f881dabbe4dbf7/gnocchi.44058b93-1b81-433c-afb0-7b9ffd7cc5c7" 201 - "-" "-" "container-updater 2" 0.0005 "-" 23 0
Dec 15 08:32:53 np0005559460 account-server[121627]: 172.20.0.103 - - [15/Dec/2025:08:32:53 +0000] "PUT /d1/500/AUTH_2f96e5f995e6442f94f881dabbe4dbf7/gnocchi.17fccf1f-2bf0-4420-9d93-34b7e30c033d" 201 - "-" "-" "container-updater 2" 0.0009 "-" 22 0
Dec 15 08:32:53 np0005559460 account-server[121627]: 172.20.0.103 - - [15/Dec/2025:08:32:53 +0000] "PUT /d1/500/AUTH_2f96e5f995e6442f94f881dabbe4dbf7/gnocchi.031e09e8-8710-4c61-8dd6-357e8411ed0d" 201 - "-" "-" "container-updater 2" 0.0006 "-" 22 0
Dec 15 08:32:53 np0005559460 account-server[121627]: 172.20.0.103 - - [15/Dec/2025:08:32:53 +0000] "PUT /d1/500/AUTH_2f96e5f995e6442f94f881dabbe4dbf7/gnocchi.fbb46259-888b-4ded-aa6d-8b0a9a5bab94" 201 - "-" "-" "container-updater 2" 0.0007 "-" 22 0
Dec 15 08:32:53 np0005559460 account-server[121629]: 172.20.0.103 - - [15/Dec/2025:08:32:53 +0000] "PUT /d1/500/AUTH_2f96e5f995e6442f94f881dabbe4dbf7/gnocchi.ed7db153-4770-4ae8-a8e1-00a79471f946" 201 - "-" "-" "container-updater 2" 0.0006 "-" 23 0
Dec 15 08:32:53 np0005559460 account-server[121629]: 172.20.0.103 - - [15/Dec/2025:08:32:53 +0000] "PUT /d1/500/AUTH_2f96e5f995e6442f94f881dabbe4dbf7/gnocchi.e391eab4-45c2-4a3f-9825-ef2977a93b02" 201 - "-" "-" "container-updater 2" 0.0004 "-" 23 0
Dec 15 08:32:53 np0005559460 account-server[121629]: 172.20.0.103 - - [15/Dec/2025:08:32:53 +0000] "PUT /d1/500/AUTH_2f96e5f995e6442f94f881dabbe4dbf7/gnocchi.11f89d50-b167-40c1-8548-804f0c620f7b" 201 - "-" "-" "container-updater 2" 0.0006 "-" 23 0
Dec 15 08:32:53 np0005559460 account-server[121629]: 172.20.0.103 - - [15/Dec/2025:08:32:53 +0000] "PUT /d1/500/AUTH_2f96e5f995e6442f94f881dabbe4dbf7/gnocchi.e505e81c-d504-4336-b1d5-99593587132d" 201 - "-" "-" "container-updater 2" 0.0005 "-" 23 0
Dec 15 08:32:54 np0005559460 account-server[121627]: 172.20.0.104 - - [15/Dec/2025:08:32:54 +0000] "HEAD /d1/700/.expiring_objects" 404 - "HEAD http://localhost/v1/.expiring_objects?format=json" "tx1309106d362844109ce07-00693fc7b6" "proxy-server 2" 0.0007 "-" 22 -
Dec 15 08:32:54 np0005559460 object-expirer[121904]: Pass completed in 0s; 0 objects expired (txn: tx1309106d362844109ce07-00693fc7b6)
Dec 15 08:32:59 np0005559460 object-server[122090]: Starting object replication pass.
Dec 15 08:33:00 np0005559460 object-server[122090]: 44/44 (100.00%) partitions replicated in 0.41s (107.60/sec, 0s remaining)
Dec 15 08:33:00 np0005559460 object-server[122090]: 88 successes, 0 failures
Dec 15 08:33:00 np0005559460 object-server[122090]: 44 suffixes checked - 0.00% hashed, 0.00% synced
Dec 15 08:33:00 np0005559460 object-server[122090]: Partition times: max 0.0146s, min 0.0056s, med 0.0087s
Dec 15 08:33:00 np0005559460 object-server[122090]: Object replication complete. (0.01 minutes)
Dec 15 08:33:03 np0005559460 object-server[229487]: Begin object audit "forever" mode (ZBF)
Dec 15 08:33:03 np0005559460 object-server[229488]: Begin object audit "forever" mode (ALL)
Dec 15 08:33:03 np0005559460 object-server[229487]: Object audit (ZBF). Since Mon Dec 15 08:33:03 2025: Locally: 1 passed, 0 quarantined, 0 errors, files/sec: 473.29, bytes/sec: 0.00, Total time: 0.00, Auditing time: 0.00, Rate: 0.00
Dec 15 08:33:03 np0005559460 object-server[229488]: Object audit (ALL). Since Mon Dec 15 08:33:03 2025: Locally: 1 passed, 0 quarantined, 0 errors, files/sec: 102.70, bytes/sec: 1643.17, Total time: 0.01, Auditing time: 0.00, Rate: 0.00
Dec 15 08:33:04 np0005559460 object-server[229487]: Object audit (ZBF) "forever" mode completed: 0.84s. Total quarantined: 0, Total errors: 0, Total files/sec: 52.12, Total bytes/sec: 0.00, Auditing time: 0.83, Rate: 0.98
Dec 15 08:33:05 np0005559460 container-server[121571]: Beginning replication run
Dec 15 08:33:05 np0005559460 container-server[121571]: Replication run OVER
Dec 15 08:33:05 np0005559460 container-server[121571]: Attempted to replicate 22 dbs in 0.43064 seconds (51.08652/s)
Dec 15 08:33:05 np0005559460 container-server[121571]: Removed 0 dbs
