Dec 15 08:36:31 np0005559460 proxy-server[123880]: 172.18.0.105 172.18.0.104 15/Dec/2025/08/36/31 GET /v1/AUTH_2f96e5f995e6442f94f881dabbe4dbf7/gnocchi.02838bed-d538-42aa-b7bd-83dbf0314c10/1764720000.0_rate%253Amean_300.0_v3 HTTP/1.0 404 - python-swiftclient-3.11.1 gAAAAABpP8bDpUSn... - 70 - tx081a1fefdece4ab794e28-00693fc88f - 0.0162 - - 1765787791.010410786 1765787791.026591063 0
Dec 15 08:36:31 np0005559460 container-server[122008]: 172.20.0.105 - - [15/Dec/2025:08:36:31 +0000] "PUT /d1/412/AUTH_2f96e5f995e6442f94f881dabbe4dbf7/gnocchi.02838bed-d538-42aa-b7bd-83dbf0314c10/1764720000.0_mean_300.0_v3" 201 - "PUT http://172.18.0.159:8080/d1/938/AUTH_2f96e5f995e6442f94f881dabbe4dbf7/gnocchi.02838bed-d538-42aa-b7bd-83dbf0314c10/1764720000.0_mean_300.0_v3" "tx82008a4da9a54f459f437-00693fc88f" "object-server 19" 0.0006 "-" 21 0
Dec 15 08:36:31 np0005559460 object-server[122305]: 172.20.0.104 - - [15/Dec/2025:08:36:31 +0000] "PUT /d1/938/AUTH_2f96e5f995e6442f94f881dabbe4dbf7/gnocchi.02838bed-d538-42aa-b7bd-83dbf0314c10/1764720000.0_mean_300.0_v3" 201 - "PUT http://172.18.0.159:8080/v1/AUTH_2f96e5f995e6442f94f881dabbe4dbf7/gnocchi.02838bed-d538-42aa-b7bd-83dbf0314c10/1764720000.0_mean_300.0_v3" "tx82008a4da9a54f459f437-00693fc88f" "proxy-server 20" 0.0113 "-" 25 0
Dec 15 08:36:31 np0005559460 proxy-server[123880]: 172.18.0.105 172.18.0.104 15/Dec/2025/08/36/31 PUT /v1/AUTH_2f96e5f995e6442f94f881dabbe4dbf7/gnocchi.02838bed-d538-42aa-b7bd-83dbf0314c10/1764720000.0_mean_300.0_v3 HTTP/1.0 201 - python-swiftclient-3.11.1 gAAAAABpP8bDpUSn... 24 - - tx82008a4da9a54f459f437-00693fc88f - 0.0248 - - 1765787791.031987190 1765787791.056802511 0
Dec 15 08:36:31 np0005559460 object-server[122283]: 172.20.0.103 - - [15/Dec/2025:08:36:31 +0000] "GET /d1/510/AUTH_2f96e5f995e6442f94f881dabbe4dbf7/gnocchi.11f89d50-b167-40c1-8548-804f0c620f7b/1764720000.0_rate%3Amean_300.0_v3" 404 70 "GET http://172.18.0.159:8080/v1/AUTH_2f96e5f995e6442f94f881dabbe4dbf7/gnocchi.11f89d50-b167-40c1-8548-804f0c620f7b/1764720000.0_rate%3Amean_300.0_v3" "txefc86ed583a7482f9fb92-00693fc88f" "proxy-server 20" 0.0003 "-" 22 0
Dec 15 08:36:31 np0005559460 account-server[121617]: 172.20.0.104 - - [15/Dec/2025:08:36:31 +0000] "HEAD /d1/700/.expiring_objects" 404 - "HEAD http://localhost/v1/.expiring_objects?format=json" "txa9e15d23baa441eebe47f-00693fc88f" "proxy-server 2" 0.0004 "-" 21 -
Dec 15 08:36:31 np0005559460 object-expirer[121904]: Pass completed in 0s; 0 objects expired (txn: txa9e15d23baa441eebe47f-00693fc88f)
Dec 15 08:36:31 np0005559460 object-server[122297]: 172.20.0.103 - - [15/Dec/2025:08:36:31 +0000] "PUT /d1/584/AUTH_2f96e5f995e6442f94f881dabbe4dbf7/gnocchi.11f89d50-b167-40c1-8548-804f0c620f7b/1764720000.0_mean_300.0_v3" 201 - "PUT http://172.18.0.159:8080/v1/AUTH_2f96e5f995e6442f94f881dabbe4dbf7/gnocchi.11f89d50-b167-40c1-8548-804f0c620f7b/1764720000.0_mean_300.0_v3" "txf3fdc5637b20459f84a0a-00693fc88f" "proxy-server 20" 0.0144 "-" 24 0
Dec 15 08:36:31 np0005559460 object-server[122297]: 172.20.0.104 - - [15/Dec/2025:08:36:31 +0000] "PUT /d1/946/AUTH_2f96e5f995e6442f94f881dabbe4dbf7/gnocchi.02838bed-d538-42aa-b7bd-83dbf0314c10/1764720000.0_rate%3Amean_300.0_v3" 201 - "PUT http://172.18.0.159:8080/v1/AUTH_2f96e5f995e6442f94f881dabbe4dbf7/gnocchi.02838bed-d538-42aa-b7bd-83dbf0314c10/1764720000.0_rate%3Amean_300.0_v3" "tx2fe176076e024c2ea576d-00693fc88f" "proxy-server 20" 0.0125 "-" 24 0
Dec 15 08:36:31 np0005559460 container-server[122013]: 172.20.0.103 - - [15/Dec/2025:08:36:31 +0000] "PUT /d1/541/AUTH_2f96e5f995e6442f94f881dabbe4dbf7/gnocchi.11f89d50-b167-40c1-8548-804f0c620f7b/1764720000.0_mean_300.0_v3" 201 - "PUT http://172.18.0.159:8080/d1/584/AUTH_2f96e5f995e6442f94f881dabbe4dbf7/gnocchi.11f89d50-b167-40c1-8548-804f0c620f7b/1764720000.0_mean_300.0_v3" "txf3fdc5637b20459f84a0a-00693fc88f" "object-server 23" 0.0009 "-" 23 0
Dec 15 08:36:31 np0005559460 container-server[122012]: 172.20.0.105 - - [15/Dec/2025:08:36:31 +0000] "PUT /d1/412/AUTH_2f96e5f995e6442f94f881dabbe4dbf7/gnocchi.02838bed-d538-42aa-b7bd-83dbf0314c10/1764720000.0_rate%3Amean_300.0_v3" 201 - "PUT http://172.18.0.159:8080/d1/946/AUTH_2f96e5f995e6442f94f881dabbe4dbf7/gnocchi.02838bed-d538-42aa-b7bd-83dbf0314c10/1764720000.0_rate%3Amean_300.0_v3" "tx2fe176076e024c2ea576d-00693fc88f" "object-server 25" 0.0008 "-" 22 0
Dec 15 08:36:31 np0005559460 proxy-server[123880]: 172.18.0.105 172.18.0.104 15/Dec/2025/08/36/31 PUT /v1/AUTH_2f96e5f995e6442f94f881dabbe4dbf7/gnocchi.02838bed-d538-42aa-b7bd-83dbf0314c10/1764720000.0_rate%253Amean_300.0_v3 HTTP/1.0 201 - python-swiftclient-3.11.1 gAAAAABpP8bDpUSn... 16 - - tx2fe176076e024c2ea576d-00693fc88f - 0.0320 - - 1765787791.061782837 1765787791.093776226 0
Dec 15 08:36:31 np0005559460 container-server[122013]: 172.20.0.103 - - [15/Dec/2025:08:36:31 +0000] "PUT /d1/541/AUTH_2f96e5f995e6442f94f881dabbe4dbf7/gnocchi.11f89d50-b167-40c1-8548-804f0c620f7b/1764720000.0_rate%3Amean_300.0_v3" 201 - "PUT http://172.18.0.159:8080/d1/510/AUTH_2f96e5f995e6442f94f881dabbe4dbf7/gnocchi.11f89d50-b167-40c1-8548-804f0c620f7b/1764720000.0_rate%3Amean_300.0_v3" "tx3568fae2d0cb4c898a259-00693fc88f" "object-server 22" 0.0006 "-" 23 0
Dec 15 08:36:31 np0005559460 object-server[122297]: 172.20.0.103 - - [15/Dec/2025:08:36:31 +0000] "PUT /d1/510/AUTH_2f96e5f995e6442f94f881dabbe4dbf7/gnocchi.11f89d50-b167-40c1-8548-804f0c620f7b/1764720000.0_rate%3Amean_300.0_v3" 201 - "PUT http://172.18.0.159:8080/v1/AUTH_2f96e5f995e6442f94f881dabbe4dbf7/gnocchi.11f89d50-b167-40c1-8548-804f0c620f7b/1764720000.0_rate%3Amean_300.0_v3" "tx3568fae2d0cb4c898a259-00693fc88f" "proxy-server 20" 0.0126 "-" 24 0
Dec 15 08:36:31 np0005559460 object-server[122293]: 172.20.0.105 - - [15/Dec/2025:08:36:31 +0000] "GET /d1/714/AUTH_2f96e5f995e6442f94f881dabbe4dbf7/gnocchi.5a2b2660-8649-4254-9d78-11df70d10a6b/none_v3" 200 22 "GET http://172.18.0.159:8080/v1/AUTH_2f96e5f995e6442f94f881dabbe4dbf7/gnocchi.5a2b2660-8649-4254-9d78-11df70d10a6b/none_v3" "txbebbdb7b0fb74c9ab888d-00693fc88e" "proxy-server 20" 0.0007 "-" 23 0
Dec 15 08:36:31 np0005559460 container-server[122008]: 172.20.0.104 - - [15/Dec/2025:08:36:31 +0000] "PUT /d1/412/AUTH_2f96e5f995e6442f94f881dabbe4dbf7/gnocchi.02838bed-d538-42aa-b7bd-83dbf0314c10/none_v3" 201 - "PUT http://172.18.0.159:8080/d1/1004/AUTH_2f96e5f995e6442f94f881dabbe4dbf7/gnocchi.02838bed-d538-42aa-b7bd-83dbf0314c10/none_v3" "tx2e2c80d3cc86426892f69-00693fc88f" "object-server 25" 0.0006 "-" 21 0
Dec 15 08:36:31 np0005559460 object-server[122305]: 172.20.0.104 - - [15/Dec/2025:08:36:31 +0000] "PUT /d1/1004/AUTH_2f96e5f995e6442f94f881dabbe4dbf7/gnocchi.02838bed-d538-42aa-b7bd-83dbf0314c10/none_v3" 201 - "PUT http://172.18.0.159:8080/v1/AUTH_2f96e5f995e6442f94f881dabbe4dbf7/gnocchi.02838bed-d538-42aa-b7bd-83dbf0314c10/none_v3" "tx2e2c80d3cc86426892f69-00693fc88f" "proxy-server 20" 0.0155 "-" 25 0
Dec 15 08:36:31 np0005559460 proxy-server[123880]: 172.18.0.105 172.18.0.104 15/Dec/2025/08/36/31 PUT /v1/AUTH_2f96e5f995e6442f94f881dabbe4dbf7/gnocchi.02838bed-d538-42aa-b7bd-83dbf0314c10/none_v3 HTTP/1.0 201 - python-swiftclient-3.11.1 gAAAAABpP8bDpUSn... 33 - - tx2e2c80d3cc86426892f69-00693fc88f - 0.0398 - - 1765787791.099330187 1765787791.139082193 0
Dec 15 08:36:31 np0005559460 container-server[122013]: 172.20.0.104 - - [15/Dec/2025:08:36:31 +0000] "PUT /d1/541/AUTH_2f96e5f995e6442f94f881dabbe4dbf7/gnocchi.11f89d50-b167-40c1-8548-804f0c620f7b/none_v3" 201 - "PUT http://172.18.0.159:8080/d1/277/AUTH_2f96e5f995e6442f94f881dabbe4dbf7/gnocchi.11f89d50-b167-40c1-8548-804f0c620f7b/none_v3" "tx0c8eb8714d79474cb7956-00693fc88f" "object-server 22" 0.0008 "-" 23 0
Dec 15 08:36:31 np0005559460 object-server[122283]: 172.20.0.103 - - [15/Dec/2025:08:36:31 +0000] "PUT /d1/277/AUTH_2f96e5f995e6442f94f881dabbe4dbf7/gnocchi.11f89d50-b167-40c1-8548-804f0c620f7b/none_v3" 201 - "PUT http://172.18.0.159:8080/v1/AUTH_2f96e5f995e6442f94f881dabbe4dbf7/gnocchi.11f89d50-b167-40c1-8548-804f0c620f7b/none_v3" "tx0c8eb8714d79474cb7956-00693fc88f" "proxy-server 20" 0.0110 "-" 22 0
Dec 15 08:36:31 np0005559460 proxy-server[123880]: 172.18.0.103 172.18.0.104 15/Dec/2025/08/36/31 GET /v1/AUTH_2f96e5f995e6442f94f881dabbe4dbf7/gnocchi.5a2b2660-8649-4254-9d78-11df70d10a6b%3Fformat%3Djson%26marker%3Dnone_v3%26states%3Dlisting HTTP/1.0 200 - python-swiftclient-3.11.1 gAAAAABpP8cB_H8j... - 2 - tx3d28cf40cbf54de8943b1-00693fc88f - 0.0166 - - 1765787791.166467428 1765787791.183017492 0
Dec 15 08:36:31 np0005559460 object-server[122283]: 172.20.0.103 - - [15/Dec/2025:08:36:31 +0000] "GET /d1/129/AUTH_2f96e5f995e6442f94f881dabbe4dbf7/gnocchi.5a2b2660-8649-4254-9d78-11df70d10a6b/1764720000.0_rate%3Amean_300.0_v3" 404 70 "GET http://172.18.0.159:8080/v1/AUTH_2f96e5f995e6442f94f881dabbe4dbf7/gnocchi.5a2b2660-8649-4254-9d78-11df70d10a6b/1764720000.0_rate%3Amean_300.0_v3" "tx59c4a18a17f246fa8e6da-00693fc88f" "proxy-server 20" 0.0004 "-" 22 0
Dec 15 08:36:31 np0005559460 object-server[122283]: 172.20.0.104 - - [15/Dec/2025:08:36:31 +0000] "GET /d1/242/AUTH_2f96e5f995e6442f94f881dabbe4dbf7/gnocchi.5a2b2660-8649-4254-9d78-11df70d10a6b/1764720000.0_mean_300.0_v3" 200 16 "GET http://172.18.0.159:8080/v1/AUTH_2f96e5f995e6442f94f881dabbe4dbf7/gnocchi.5a2b2660-8649-4254-9d78-11df70d10a6b/1764720000.0_mean_300.0_v3" "tx7acbfc77fa654a71b7121-00693fc88f" "proxy-server 20" 0.0012 "-" 22 0
Dec 15 08:36:31 np0005559460 proxy-server[123880]: 172.18.0.103 172.18.0.104 15/Dec/2025/08/36/31 GET /v1/AUTH_2f96e5f995e6442f94f881dabbe4dbf7/gnocchi.5a2b2660-8649-4254-9d78-11df70d10a6b/1764720000.0_mean_300.0_v3 HTTP/1.0 200 - python-swiftclient-3.11.1 gAAAAABpP8cB_H8j... - 16 - tx7acbfc77fa654a71b7121-00693fc88f - 0.0130 - - 1765787791.208984137 1765787791.222016335 0
Dec 15 08:36:31 np0005559460 proxy-server[123880]: 172.18.0.159 172.18.0.104 15/Dec/2025/08/36/31 GET /v1/AUTH_2f96e5f995e6442f94f881dabbe4dbf7/gnocchi.44058b93-1b81-433c-afb0-7b9ffd7cc5c7%3Fformat%3Djson%26marker%3Dnone_v3%26states%3Dlisting HTTP/1.0 200 - python-swiftclient-3.11.1 gAAAAABpP8cKWFq0... - 2 - txf3fae40486df41878db5d-00693fc88f - 0.0165 - - 1765787791.228576422 1765787791.245106459 0
Dec 15 08:36:31 np0005559460 container-server[122003]: 172.20.0.103 - - [15/Dec/2025:08:36:31 +0000] "PUT /d1/873/AUTH_2f96e5f995e6442f94f881dabbe4dbf7/gnocchi.5a2b2660-8649-4254-9d78-11df70d10a6b/1764720000.0_rate%3Amean_300.0_v3" 201 - "PUT http://172.18.0.159:8080/d1/129/AUTH_2f96e5f995e6442f94f881dabbe4dbf7/gnocchi.5a2b2660-8649-4254-9d78-11df70d10a6b/1764720000.0_rate%3Amean_300.0_v3" "txa9d0e71226284f349ea6b-00693fc88f" "object-server 23" 0.0011 "-" 20 0
Dec 15 08:36:31 np0005559460 object-server[122305]: 172.20.0.105 - - [15/Dec/2025:08:36:31 +0000] "PUT /d1/129/AUTH_2f96e5f995e6442f94f881dabbe4dbf7/gnocchi.5a2b2660-8649-4254-9d78-11df70d10a6b/1764720000.0_rate%3Amean_300.0_v3" 201 - "PUT http://172.18.0.159:8080/v1/AUTH_2f96e5f995e6442f94f881dabbe4dbf7/gnocchi.5a2b2660-8649-4254-9d78-11df70d10a6b/1764720000.0_rate%3Amean_300.0_v3" "txa9d0e71226284f349ea6b-00693fc88f" "proxy-server 20" 0.0192 "-" 25 0
Dec 15 08:36:31 np0005559460 object-server[122293]: 172.20.0.104 - - [15/Dec/2025:08:36:31 +0000] "GET /d1/768/AUTH_2f96e5f995e6442f94f881dabbe4dbf7/gnocchi.44058b93-1b81-433c-afb0-7b9ffd7cc5c7/1764720000.0_rate%3Amean_300.0_v3" 404 70 "GET http://172.18.0.159:8080/v1/AUTH_2f96e5f995e6442f94f881dabbe4dbf7/gnocchi.44058b93-1b81-433c-afb0-7b9ffd7cc5c7/1764720000.0_rate%3Amean_300.0_v3" "tx5f3403cd309346c8a03e6-00693fc88f" "proxy-server 20" 0.0005 "-" 23 0
Dec 15 08:36:31 np0005559460 proxy-server[123880]: 172.18.0.159 172.18.0.104 15/Dec/2025/08/36/31 GET /v1/AUTH_2f96e5f995e6442f94f881dabbe4dbf7/gnocchi.44058b93-1b81-433c-afb0-7b9ffd7cc5c7/1764720000.0_rate%253Amean_300.0_v3 HTTP/1.0 404 - python-swiftclient-3.11.1 gAAAAABpP8cKWFq0... - 70 - tx5f3403cd309346c8a03e6-00693fc88f - 0.0168 - - 1765787791.265783548 1765787791.282575607 0
Dec 15 08:36:31 np0005559460 object-server[122297]: 172.20.0.103 - - [15/Dec/2025:08:36:31 +0000] "PUT /d1/242/AUTH_2f96e5f995e6442f94f881dabbe4dbf7/gnocchi.5a2b2660-8649-4254-9d78-11df70d10a6b/1764720000.0_mean_300.0_v3" 201 - "PUT http://172.18.0.159:8080/v1/AUTH_2f96e5f995e6442f94f881dabbe4dbf7/gnocchi.5a2b2660-8649-4254-9d78-11df70d10a6b/1764720000.0_mean_300.0_v3" "tx1ad5756aa7a0471e8cc44-00693fc88f" "proxy-server 20" 0.0171 "-" 24 0
Dec 15 08:36:31 np0005559460 container-server[122008]: 172.20.0.105 - - [15/Dec/2025:08:36:31 +0000] "PUT /d1/873/AUTH_2f96e5f995e6442f94f881dabbe4dbf7/gnocchi.5a2b2660-8649-4254-9d78-11df70d10a6b/1764720000.0_mean_300.0_v3" 201 - "PUT http://172.18.0.159:8080/d1/242/AUTH_2f96e5f995e6442f94f881dabbe4dbf7/gnocchi.5a2b2660-8649-4254-9d78-11df70d10a6b/1764720000.0_mean_300.0_v3" "tx1ad5756aa7a0471e8cc44-00693fc88f" "object-server 23" 0.0007 "-" 21 0
Dec 15 08:36:31 np0005559460 container-server[122012]: 172.20.0.103 - - [15/Dec/2025:08:36:31 +0000] "PUT /d1/210/AUTH_2f96e5f995e6442f94f881dabbe4dbf7/gnocchi.44058b93-1b81-433c-afb0-7b9ffd7cc5c7/1764720000.0_mean_300.0_v3" 201 - "PUT http://172.18.0.159:8080/d1/819/AUTH_2f96e5f995e6442f94f881dabbe4dbf7/gnocchi.44058b93-1b81-433c-afb0-7b9ffd7cc5c7/1764720000.0_mean_300.0_v3" "txd230136748f54dab9a5a6-00693fc88f" "object-server 24" 0.0012 "-" 22 0
Dec 15 08:36:31 np0005559460 object-server[122293]: 172.20.0.105 - - [15/Dec/2025:08:36:31 +0000] "PUT /d1/819/AUTH_2f96e5f995e6442f94f881dabbe4dbf7/gnocchi.44058b93-1b81-433c-afb0-7b9ffd7cc5c7/1764720000.0_mean_300.0_v3" 201 - "PUT http://172.18.0.159:8080/v1/AUTH_2f96e5f995e6442f94f881dabbe4dbf7/gnocchi.44058b93-1b81-433c-afb0-7b9ffd7cc5c7/1764720000.0_mean_300.0_v3" "txd230136748f54dab9a5a6-00693fc88f" "proxy-server 20" 0.0184 "-" 23 0
Dec 15 08:36:31 np0005559460 container-server[122003]: 172.20.0.103 - - [15/Dec/2025:08:36:31 +0000] "PUT /d1/873/AUTH_2f96e5f995e6442f94f881dabbe4dbf7/gnocchi.5a2b2660-8649-4254-9d78-11df70d10a6b/none_v3" 201 - "PUT http://172.18.0.159:8080/d1/714/AUTH_2f96e5f995e6442f94f881dabbe4dbf7/gnocchi.5a2b2660-8649-4254-9d78-11df70d10a6b/none_v3" "tx7cf6ef20d5cb4c259d7e5-00693fc88f" "object-server 25" 0.0008 "-" 20 0
Dec 15 08:36:31 np0005559460 container-server[122003]: 172.20.0.105 - - [15/Dec/2025:08:36:31 +0000] "PUT /d1/210/AUTH_2f96e5f995e6442f94f881dabbe4dbf7/gnocchi.44058b93-1b81-433c-afb0-7b9ffd7cc5c7/1764720000.0_rate%3Amean_300.0_v3" 201 - "PUT http://172.18.0.159:8080/d1/768/AUTH_2f96e5f995e6442f94f881dabbe4dbf7/gnocchi.44058b93-1b81-433c-afb0-7b9ffd7cc5c7/1764720000.0_rate%3Amean_300.0_v3" "tx202bb95ca9b34de0a8896-00693fc88f" "object-server 22" 0.0005 "-" 20 0
Dec 15 08:36:31 np0005559460 object-server[122305]: 172.20.0.104 - - [15/Dec/2025:08:36:31 +0000] "PUT /d1/714/AUTH_2f96e5f995e6442f94f881dabbe4dbf7/gnocchi.5a2b2660-8649-4254-9d78-11df70d10a6b/none_v3" 201 - "PUT http://172.18.0.159:8080/v1/AUTH_2f96e5f995e6442f94f881dabbe4dbf7/gnocchi.5a2b2660-8649-4254-9d78-11df70d10a6b/none_v3" "tx7cf6ef20d5cb4c259d7e5-00693fc88f" "proxy-server 20" 0.0210 "-" 25 0
Dec 15 08:36:31 np0005559460 object-server[122305]: 172.20.0.103 - - [15/Dec/2025:08:36:31 +0000] "PUT /d1/768/AUTH_2f96e5f995e6442f94f881dabbe4dbf7/gnocchi.44058b93-1b81-433c-afb0-7b9ffd7cc5c7/1764720000.0_rate%3Amean_300.0_v3" 201 - "PUT http://172.18.0.159:8080/v1/AUTH_2f96e5f995e6442f94f881dabbe4dbf7/gnocchi.44058b93-1b81-433c-afb0-7b9ffd7cc5c7/1764720000.0_rate%3Amean_300.0_v3" "tx202bb95ca9b34de0a8896-00693fc88f" "proxy-server 20" 0.0159 "-" 25 0
Dec 15 08:36:31 np0005559460 proxy-server[123880]: 172.18.0.103 172.18.0.104 15/Dec/2025/08/36/31 PUT /v1/AUTH_2f96e5f995e6442f94f881dabbe4dbf7/gnocchi.5a2b2660-8649-4254-9d78-11df70d10a6b/none_v3 HTTP/1.0 201 - python-swiftclient-3.11.1 gAAAAABpP8cB_H8j... 33 - - tx7cf6ef20d5cb4c259d7e5-00693fc88f - 0.0331 - - 1765787791.319275856 1765787791.352421999 0
Dec 15 08:36:31 np0005559460 container-server[122013]: 172.20.0.103 - - [15/Dec/2025:08:36:31 +0000] "GET /d1/951/AUTH_2f96e5f995e6442f94f881dabbe4dbf7/gnocchi.daa01772-468e-4336-96c3-1a0b9614a618" 200 357 "GET http://172.18.0.159:8080/v1/AUTH_2f96e5f995e6442f94f881dabbe4dbf7/gnocchi.daa01772-468e-4336-96c3-1a0b9614a618?format=json&states=listing" "tx0fbbfb055b7a44d48ab54-00693fc88f" "proxy-server 20" 0.0042 "-" 23 0
Dec 15 08:36:31 np0005559460 container-server[122013]: 172.20.0.104 - - [15/Dec/2025:08:36:31 +0000] "PUT /d1/210/AUTH_2f96e5f995e6442f94f881dabbe4dbf7/gnocchi.44058b93-1b81-433c-afb0-7b9ffd7cc5c7/none_v3" 201 - "PUT http://172.18.0.159:8080/d1/570/AUTH_2f96e5f995e6442f94f881dabbe4dbf7/gnocchi.44058b93-1b81-433c-afb0-7b9ffd7cc5c7/none_v3" "tx941e306834e44483bad5e-00693fc88f" "object-server 23" 0.0009 "-" 23 0
Dec 15 08:36:31 np0005559460 object-server[122293]: 172.20.0.104 - - [15/Dec/2025:08:36:31 +0000] "PUT /d1/570/AUTH_2f96e5f995e6442f94f881dabbe4dbf7/gnocchi.44058b93-1b81-433c-afb0-7b9ffd7cc5c7/none_v3" 201 - "PUT http://172.18.0.159:8080/v1/AUTH_2f96e5f995e6442f94f881dabbe4dbf7/gnocchi.44058b93-1b81-433c-afb0-7b9ffd7cc5c7/none_v3" "tx941e306834e44483bad5e-00693fc88f" "proxy-server 20" 0.0181 "-" 23 0
Dec 15 08:36:31 np0005559460 proxy-server[123880]: 172.18.0.159 172.18.0.104 15/Dec/2025/08/36/31 PUT /v1/AUTH_2f96e5f995e6442f94f881dabbe4dbf7/gnocchi.44058b93-1b81-433c-afb0-7b9ffd7cc5c7/none_v3 HTTP/1.0 201 - python-swiftclient-3.11.1 gAAAAABpP8cKWFq0... 34 - - tx941e306834e44483bad5e-00693fc88f - 0.0267 - - 1765787791.358366966 1765787791.385020971 0
Dec 15 08:36:31 np0005559460 container-server[122013]: 172.20.0.105 - - [15/Dec/2025:08:36:31 +0000] "GET /d1/951/AUTH_2f96e5f995e6442f94f881dabbe4dbf7/gnocchi.daa01772-468e-4336-96c3-1a0b9614a618" 200 2 "GET http://172.18.0.159:8080/v1/AUTH_2f96e5f995e6442f94f881dabbe4dbf7/gnocchi.daa01772-468e-4336-96c3-1a0b9614a618?format=json&marker=none_v3&states=listing" "tx8e37fd22bf4f424cba364-00693fc88f" "proxy-server 20" 0.0028 "-" 23 0
Dec 15 08:36:31 np0005559460 object-server[122305]: 172.20.0.103 - - [15/Dec/2025:08:36:31 +0000] "GET /d1/339/AUTH_2f96e5f995e6442f94f881dabbe4dbf7/gnocchi.daa01772-468e-4336-96c3-1a0b9614a618/1764720000.0_mean_300.0_v3" 200 16 "GET http://172.18.0.159:8080/v1/AUTH_2f96e5f995e6442f94f881dabbe4dbf7/gnocchi.daa01772-468e-4336-96c3-1a0b9614a618/1764720000.0_mean_300.0_v3" "tx9a0e9fff1fa24d65a1429-00693fc88f" "proxy-server 20" 0.0011 "-" 25 0
Dec 15 08:36:31 np0005559460 proxy-server[123880]: 172.18.0.159 172.18.0.104 15/Dec/2025/08/36/31 GET /v1/AUTH_2f96e5f995e6442f94f881dabbe4dbf7/gnocchi.6ce0ec4c-233f-4379-ba59-b1de744aaba8/none_v3 HTTP/1.0 200 - python-swiftclient-3.11.1 gAAAAABpP8cKWFq0... - 22 - txeb8f7770362543eeac184-00693fc88f - 0.0154 - - 1765787791.405223131 1765787791.420609474 0
Dec 15 08:36:31 np0005559460 object-server[122297]: 172.20.0.105 - - [15/Dec/2025:08:36:31 +0000] "GET /d1/440/AUTH_2f96e5f995e6442f94f881dabbe4dbf7/gnocchi.daa01772-468e-4336-96c3-1a0b9614a618/1764720000.0_rate%3Amean_300.0_v3" 404 70 "GET http://172.18.0.159:8080/v1/AUTH_2f96e5f995e6442f94f881dabbe4dbf7/gnocchi.daa01772-468e-4336-96c3-1a0b9614a618/1764720000.0_rate%3Amean_300.0_v3" "tx6d75f5f23cfe4552a3b86-00693fc88f" "proxy-server 20" 0.0003 "-" 24 0
Dec 15 08:36:31 np0005559460 container-server[122012]: 172.20.0.103 - - [15/Dec/2025:08:36:31 +0000] "GET /d1/277/AUTH_2f96e5f995e6442f94f881dabbe4dbf7/gnocchi.6ce0ec4c-233f-4379-ba59-b1de744aaba8" 200 357 "GET http://172.18.0.159:8080/v1/AUTH_2f96e5f995e6442f94f881dabbe4dbf7/gnocchi.6ce0ec4c-233f-4379-ba59-b1de744aaba8?format=json&states=listing" "tx2e82add4497c484aae261-00693fc88f" "proxy-server 20" 0.0043 "-" 22 0
Dec 15 08:36:31 np0005559460 container-server[122012]: 172.20.0.105 - - [15/Dec/2025:08:36:31 +0000] "GET /d1/277/AUTH_2f96e5f995e6442f94f881dabbe4dbf7/gnocchi.6ce0ec4c-233f-4379-ba59-b1de744aaba8" 200 2 "GET http://172.18.0.159:8080/v1/AUTH_2f96e5f995e6442f94f881dabbe4dbf7/gnocchi.6ce0ec4c-233f-4379-ba59-b1de744aaba8?format=json&marker=none_v3&states=listing" "tx5b5df60b30aa4bafbe287-00693fc88f" "proxy-server 20" 0.0030 "-" 22 0
Dec 15 08:36:31 np0005559460 container-server[122008]: 172.20.0.104 - - [15/Dec/2025:08:36:31 +0000] "PUT /d1/951/AUTH_2f96e5f995e6442f94f881dabbe4dbf7/gnocchi.daa01772-468e-4336-96c3-1a0b9614a618/1764720000.0_mean_300.0_v3" 201 - "PUT http://172.18.0.159:8080/d1/339/AUTH_2f96e5f995e6442f94f881dabbe4dbf7/gnocchi.daa01772-468e-4336-96c3-1a0b9614a618/1764720000.0_mean_300.0_v3" "tx0880fe14daf54881be4b9-00693fc88f" "object-server 24" 0.0006 "-" 21 0
Dec 15 08:36:31 np0005559460 object-server[122297]: 172.20.0.104 - - [15/Dec/2025:08:36:31 +0000] "PUT /d1/339/AUTH_2f96e5f995e6442f94f881dabbe4dbf7/gnocchi.daa01772-468e-4336-96c3-1a0b9614a618/1764720000.0_mean_300.0_v3" 201 - "PUT http://172.18.0.159:8080/v1/AUTH_2f96e5f995e6442f94f881dabbe4dbf7/gnocchi.daa01772-468e-4336-96c3-1a0b9614a618/1764720000.0_mean_300.0_v3" "tx0880fe14daf54881be4b9-00693fc88f" "proxy-server 20" 0.0214 "-" 24 0
Dec 15 08:36:31 np0005559460 proxy-server[123880]: 172.18.0.105 172.18.0.104 15/Dec/2025/08/36/31 PUT /v1/AUTH_2f96e5f995e6442f94f881dabbe4dbf7/gnocchi.daa01772-468e-4336-96c3-1a0b9614a618/1764720000.0_mean_300.0_v3 HTTP/1.0 201 - python-swiftclient-3.11.1 gAAAAABpP8bDpUSn... 23 - - tx0880fe14daf54881be4b9-00693fc88f - 0.0296 - - 1765787791.432162285 1765787791.461772919 0
Dec 15 08:36:31 np0005559460 object-server[122305]: 172.20.0.103 - - [15/Dec/2025:08:36:31 +0000] "GET /d1/703/AUTH_2f96e5f995e6442f94f881dabbe4dbf7/gnocchi.6ce0ec4c-233f-4379-ba59-b1de744aaba8/1764720000.0_mean_300.0_v3" 200 16 "GET http://172.18.0.159:8080/v1/AUTH_2f96e5f995e6442f94f881dabbe4dbf7/gnocchi.6ce0ec4c-233f-4379-ba59-b1de744aaba8/1764720000.0_mean_300.0_v3" "tx5f06542cb5154532845ae-00693fc88f" "proxy-server 20" 0.0018 "-" 25 0
Dec 15 08:36:31 np0005559460 container-server[122008]: 172.20.0.103 - - [15/Dec/2025:08:36:31 +0000] "PUT /d1/951/AUTH_2f96e5f995e6442f94f881dabbe4dbf7/gnocchi.daa01772-468e-4336-96c3-1a0b9614a618/1764720000.0_rate%3Amean_300.0_v3" 201 - "PUT http://172.18.0.159:8080/d1/440/AUTH_2f96e5f995e6442f94f881dabbe4dbf7/gnocchi.daa01772-468e-4336-96c3-1a0b9614a618/1764720000.0_rate%3Amean_300.0_v3" "tx5cd84660602c4eed887de-00693fc88f" "object-server 25" 0.0008 "-" 21 0
Dec 15 08:36:31 np0005559460 object-server[122283]: 172.20.0.105 - - [15/Dec/2025:08:36:31 +0000] "PUT /d1/440/AUTH_2f96e5f995e6442f94f881dabbe4dbf7/gnocchi.daa01772-468e-4336-96c3-1a0b9614a618/1764720000.0_rate%3Amean_300.0_v3" 201 - "PUT http://172.18.0.159:8080/v1/AUTH_2f96e5f995e6442f94f881dabbe4dbf7/gnocchi.daa01772-468e-4336-96c3-1a0b9614a618/1764720000.0_rate%3Amean_300.0_v3" "tx5cd84660602c4eed887de-00693fc88f" "proxy-server 20" 0.0169 "-" 22 0
Dec 15 08:36:31 np0005559460 object-server[122305]: 172.20.0.104 - - [15/Dec/2025:08:36:31 +0000] "GET /d1/130/AUTH_2f96e5f995e6442f94f881dabbe4dbf7/gnocchi.6ce0ec4c-233f-4379-ba59-b1de744aaba8/1764720000.0_rate%3Amean_300.0_v3" 404 70 "GET http://172.18.0.159:8080/v1/AUTH_2f96e5f995e6442f94f881dabbe4dbf7/gnocchi.6ce0ec4c-233f-4379-ba59-b1de744aaba8/1764720000.0_rate%3Amean_300.0_v3" "tx65b1f48cf3c74e75b9264-00693fc88f" "proxy-server 20" 0.0007 "-" 25 0
Dec 15 08:36:31 np0005559460 proxy-server[123880]: 172.18.0.159 172.18.0.104 15/Dec/2025/08/36/31 GET /v1/AUTH_2f96e5f995e6442f94f881dabbe4dbf7/gnocchi.6ce0ec4c-233f-4379-ba59-b1de744aaba8/1764720000.0_rate%253Amean_300.0_v3 HTTP/1.0 404 - python-swiftclient-3.11.1 gAAAAABpP8cKWFq0... - 70 - tx65b1f48cf3c74e75b9264-00693fc88f - 0.0283 - - 1765787791.481879950 1765787791.510144234 0
Dec 15 08:36:31 np0005559460 container-server[122013]: 172.20.0.103 - - [15/Dec/2025:08:36:31 +0000] "PUT /d1/951/AUTH_2f96e5f995e6442f94f881dabbe4dbf7/gnocchi.daa01772-468e-4336-96c3-1a0b9614a618/none_v3" 201 - "PUT http://172.18.0.159:8080/d1/66/AUTH_2f96e5f995e6442f94f881dabbe4dbf7/gnocchi.daa01772-468e-4336-96c3-1a0b9614a618/none_v3" "tx05605bf204fd48d68acd8-00693fc88f" "object-server 23" 0.0006 "-" 23 0
Dec 15 08:36:31 np0005559460 object-server[122297]: 172.20.0.103 - - [15/Dec/2025:08:36:31 +0000] "PUT /d1/66/AUTH_2f96e5f995e6442f94f881dabbe4dbf7/gnocchi.daa01772-468e-4336-96c3-1a0b9614a618/none_v3" 201 - "PUT http://172.18.0.159:8080/v1/AUTH_2f96e5f995e6442f94f881dabbe4dbf7/gnocchi.daa01772-468e-4336-96c3-1a0b9614a618/none_v3" "tx05605bf204fd48d68acd8-00693fc88f" "proxy-server 20" 0.0175 "-" 24 0
Dec 15 08:36:31 np0005559460 object-server[122305]: 172.20.0.105 - - [15/Dec/2025:08:36:31 +0000] "PUT /d1/703/AUTH_2f96e5f995e6442f94f881dabbe4dbf7/gnocchi.6ce0ec4c-233f-4379-ba59-b1de744aaba8/1764720000.0_mean_300.0_v3" 201 - "PUT http://172.18.0.159:8080/v1/AUTH_2f96e5f995e6442f94f881dabbe4dbf7/gnocchi.6ce0ec4c-233f-4379-ba59-b1de744aaba8/1764720000.0_mean_300.0_v3" "tx7434f859719d4bef95624-00693fc88f" "proxy-server 20" 0.0159 "-" 25 0
Dec 15 08:36:31 np0005559460 object-server[122293]: 172.20.0.104 - - [15/Dec/2025:08:36:31 +0000] "GET /d1/263/AUTH_2f96e5f995e6442f94f881dabbe4dbf7/gnocchi.d36d970f-bfcb-4128-b7da-8b42c64e5836/none_v3" 200 22 "GET http://172.18.0.159:8080/v1/AUTH_2f96e5f995e6442f94f881dabbe4dbf7/gnocchi.d36d970f-bfcb-4128-b7da-8b42c64e5836/none_v3" "tx5941d606a00f4ffa9877d-00693fc88f" "proxy-server 20" 0.0012 "-" 23 0
Dec 15 08:36:31 np0005559460 container-server[122013]: 172.20.0.105 - - [15/Dec/2025:08:36:31 +0000] "PUT /d1/277/AUTH_2f96e5f995e6442f94f881dabbe4dbf7/gnocchi.6ce0ec4c-233f-4379-ba59-b1de744aaba8/1764720000.0_mean_300.0_v3" 201 - "PUT http://172.18.0.159:8080/d1/703/AUTH_2f96e5f995e6442f94f881dabbe4dbf7/gnocchi.6ce0ec4c-233f-4379-ba59-b1de744aaba8/1764720000.0_mean_300.0_v3" "tx7434f859719d4bef95624-00693fc88f" "object-server 23" 0.0007 "-" 23 0
Dec 15 08:36:31 np0005559460 proxy-server[123880]: 172.18.0.103 172.18.0.104 15/Dec/2025/08/36/31 GET /v1/AUTH_2f96e5f995e6442f94f881dabbe4dbf7/gnocchi.d36d970f-bfcb-4128-b7da-8b42c64e5836/none_v3 HTTP/1.0 200 - python-swiftclient-3.11.1 gAAAAABpP8cB_H8j... - 22 - tx5941d606a00f4ffa9877d-00693fc88f - 0.0217 - - 1765787791.530138016 1765787791.551876783 0
Dec 15 08:36:31 np0005559460 container-server[122003]: 172.20.0.105 - - [15/Dec/2025:08:36:31 +0000] "PUT /d1/277/AUTH_2f96e5f995e6442f94f881dabbe4dbf7/gnocchi.6ce0ec4c-233f-4379-ba59-b1de744aaba8/1764720000.0_rate%3Amean_300.0_v3" 201 - "PUT http://172.18.0.159:8080/d1/130/AUTH_2f96e5f995e6442f94f881dabbe4dbf7/gnocchi.6ce0ec4c-233f-4379-ba59-b1de744aaba8/1764720000.0_rate%3Amean_300.0_v3" "tx75c51e441b21405ab4062-00693fc88f" "object-server 25" 0.0008 "-" 20 0
Dec 15 08:36:31 np0005559460 object-server[122293]: 172.20.0.104 - - [15/Dec/2025:08:36:31 +0000] "PUT /d1/130/AUTH_2f96e5f995e6442f94f881dabbe4dbf7/gnocchi.6ce0ec4c-233f-4379-ba59-b1de744aaba8/1764720000.0_rate%3Amean_300.0_v3" 201 - "PUT http://172.18.0.159:8080/v1/AUTH_2f96e5f995e6442f94f881dabbe4dbf7/gnocchi.6ce0ec4c-233f-4379-ba59-b1de744aaba8/1764720000.0_rate%3Amean_300.0_v3" "tx75c51e441b21405ab4062-00693fc88f" "proxy-server 20" 0.0173 "-" 23 0
Dec 15 08:36:31 np0005559460 proxy-server[123880]: 172.18.0.159 172.18.0.104 15/Dec/2025/08/36/31 PUT /v1/AUTH_2f96e5f995e6442f94f881dabbe4dbf7/gnocchi.6ce0ec4c-233f-4379-ba59-b1de744aaba8/1764720000.0_rate%253Amean_300.0_v3 HTTP/1.0 201 - python-swiftclient-3.11.1 gAAAAABpP8cKWFq0... 16 - - tx75c51e441b21405ab4062-00693fc88f - 0.0316 - - 1765787791.557019472 1765787791.588627338 0
Dec 15 08:36:31 np0005559460 object-server[122293]: 172.20.0.103 - - [15/Dec/2025:08:36:31 +0000] "GET /d1/607/AUTH_2f96e5f995e6442f94f881dabbe4dbf7/gnocchi.d36d970f-bfcb-4128-b7da-8b42c64e5836/1764720000.0_rate%3Amean_300.0_v3" 404 70 "GET http://172.18.0.159:8080/v1/AUTH_2f96e5f995e6442f94f881dabbe4dbf7/gnocchi.d36d970f-bfcb-4128-b7da-8b42c64e5836/1764720000.0_rate%3Amean_300.0_v3" "txb831662f1f2c49e4aaf22-00693fc88f" "proxy-server 20" 0.0019 "-" 23 0
Dec 15 08:36:31 np0005559460 container-server[122003]: 172.20.0.103 - - [15/Dec/2025:08:36:31 +0000] "PUT /d1/277/AUTH_2f96e5f995e6442f94f881dabbe4dbf7/gnocchi.6ce0ec4c-233f-4379-ba59-b1de744aaba8/none_v3" 201 - "PUT http://172.18.0.159:8080/d1/611/AUTH_2f96e5f995e6442f94f881dabbe4dbf7/gnocchi.6ce0ec4c-233f-4379-ba59-b1de744aaba8/none_v3" "tx95da3ad71eee42ed840ca-00693fc88f" "object-server 25" 0.0007 "-" 20 0
Dec 15 08:36:31 np0005559460 object-server[122305]: 172.20.0.105 - - [15/Dec/2025:08:36:31 +0000] "PUT /d1/611/AUTH_2f96e5f995e6442f94f881dabbe4dbf7/gnocchi.6ce0ec4c-233f-4379-ba59-b1de744aaba8/none_v3" 201 - "PUT http://172.18.0.159:8080/v1/AUTH_2f96e5f995e6442f94f881dabbe4dbf7/gnocchi.6ce0ec4c-233f-4379-ba59-b1de744aaba8/none_v3" "tx95da3ad71eee42ed840ca-00693fc88f" "proxy-server 20" 0.0120 "-" 25 0
Dec 15 08:36:31 np0005559460 object-server[122293]: 172.20.0.104 - - [15/Dec/2025:08:36:31 +0000] "GET /d1/460/AUTH_2f96e5f995e6442f94f881dabbe4dbf7/gnocchi.d36d970f-bfcb-4128-b7da-8b42c64e5836/1764720000.0_mean_300.0_v3" 200 16 "GET http://172.18.0.159:8080/v1/AUTH_2f96e5f995e6442f94f881dabbe4dbf7/gnocchi.d36d970f-bfcb-4128-b7da-8b42c64e5836/1764720000.0_mean_300.0_v3" "txd0bcc83769154f8488d56-00693fc88f" "proxy-server 20" 0.0009 "-" 23 0
Dec 15 08:36:31 np0005559460 proxy-server[123880]: 172.18.0.103 172.18.0.104 15/Dec/2025/08/36/31 GET /v1/AUTH_2f96e5f995e6442f94f881dabbe4dbf7/gnocchi.d36d970f-bfcb-4128-b7da-8b42c64e5836/1764720000.0_mean_300.0_v3 HTTP/1.0 200 - python-swiftclient-3.11.1 gAAAAABpP8cB_H8j... - 16 - txd0bcc83769154f8488d56-00693fc88f - 0.0082 - - 1765787791.608643293 1765787791.616855383 0
Dec 15 08:36:31 np0005559460 object-server[122297]: 172.20.0.103 - - [15/Dec/2025:08:36:31 +0000] "PUT /d1/607/AUTH_2f96e5f995e6442f94f881dabbe4dbf7/gnocchi.d36d970f-bfcb-4128-b7da-8b42c64e5836/1764720000.0_rate%3Amean_300.0_v3" 201 - "PUT http://172.18.0.159:8080/v1/AUTH_2f96e5f995e6442f94f881dabbe4dbf7/gnocchi.d36d970f-bfcb-4128-b7da-8b42c64e5836/1764720000.0_rate%3Amean_300.0_v3" "tx6004ea980f914e538ae71-00693fc88f" "proxy-server 20" 0.0172 "-" 24 0
Dec 15 08:36:31 np0005559460 container-server[122003]: 172.20.0.105 - - [15/Dec/2025:08:36:31 +0000] "PUT /d1/278/AUTH_2f96e5f995e6442f94f881dabbe4dbf7/gnocchi.d36d970f-bfcb-4128-b7da-8b42c64e5836/1764720000.0_rate%3Amean_300.0_v3" 201 - "PUT http://172.18.0.159:8080/d1/607/AUTH_2f96e5f995e6442f94f881dabbe4dbf7/gnocchi.d36d970f-bfcb-4128-b7da-8b42c64e5836/1764720000.0_rate%3Amean_300.0_v3" "tx6004ea980f914e538ae71-00693fc88f" "object-server 25" 0.0008 "-" 20 0
Dec 15 08:36:31 np0005559460 object-server[122283]: 172.20.0.104 - - [15/Dec/2025:08:36:31 +0000] "PUT /d1/460/AUTH_2f96e5f995e6442f94f881dabbe4dbf7/gnocchi.d36d970f-bfcb-4128-b7da-8b42c64e5836/1764720000.0_mean_300.0_v3" 201 - "PUT http://172.18.0.159:8080/v1/AUTH_2f96e5f995e6442f94f881dabbe4dbf7/gnocchi.d36d970f-bfcb-4128-b7da-8b42c64e5836/1764720000.0_mean_300.0_v3" "tx8cba5915a48948d69994b-00693fc88f" "proxy-server 20" 0.0147 "-" 22 0
Dec 15 08:36:31 np0005559460 container-server[122013]: 172.20.0.103 - - [15/Dec/2025:08:36:31 +0000] "PUT /d1/278/AUTH_2f96e5f995e6442f94f881dabbe4dbf7/gnocchi.d36d970f-bfcb-4128-b7da-8b42c64e5836/1764720000.0_mean_300.0_v3" 201 - "PUT http://172.18.0.159:8080/d1/460/AUTH_2f96e5f995e6442f94f881dabbe4dbf7/gnocchi.d36d970f-bfcb-4128-b7da-8b42c64e5836/1764720000.0_mean_300.0_v3" "tx8cba5915a48948d69994b-00693fc88f" "object-server 22" 0.0010 "-" 23 0
Dec 15 08:36:31 np0005559460 proxy-server[123880]: 172.18.0.103 172.18.0.104 15/Dec/2025/08/36/31 PUT /v1/AUTH_2f96e5f995e6442f94f881dabbe4dbf7/gnocchi.d36d970f-bfcb-4128-b7da-8b42c64e5836/1764720000.0_mean_300.0_v3 HTTP/1.0 201 - python-swiftclient-3.11.1 gAAAAABpP8cB_H8j... 24 - - tx8cba5915a48948d69994b-00693fc88f - 0.0265 - - 1765787791.657786131 1765787791.684286356 0
Dec 15 08:36:31 np0005559460 container-server[122012]: 172.20.0.104 - - [15/Dec/2025:08:36:31 +0000] "GET /d1/415/AUTH_2f96e5f995e6442f94f881dabbe4dbf7/gnocchi.5435b1c7-2c9b-45fb-97c2-3cc129347a44" 200 357 "GET http://172.18.0.159:8080/v1/AUTH_2f96e5f995e6442f94f881dabbe4dbf7/gnocchi.5435b1c7-2c9b-45fb-97c2-3cc129347a44?format=json&states=listing" "txfd651093571f4ac4b41b2-00693fc88f" "proxy-server 20" 0.0058 "-" 22 0
Dec 15 08:36:31 np0005559460 container-server[122003]: 172.20.0.104 - - [15/Dec/2025:08:36:31 +0000] "PUT /d1/278/AUTH_2f96e5f995e6442f94f881dabbe4dbf7/gnocchi.d36d970f-bfcb-4128-b7da-8b42c64e5836/none_v3" 201 - "PUT http://172.18.0.159:8080/d1/263/AUTH_2f96e5f995e6442f94f881dabbe4dbf7/gnocchi.d36d970f-bfcb-4128-b7da-8b42c64e5836/none_v3" "txf1e230808c1f4ab9bca6c-00693fc88f" "object-server 23" 0.0010 "-" 20 0
Dec 15 08:36:31 np0005559460 proxy-server[123880]: 172.18.0.105 172.18.0.104 15/Dec/2025/08/36/31 GET /v1/AUTH_2f96e5f995e6442f94f881dabbe4dbf7/gnocchi.5435b1c7-2c9b-45fb-97c2-3cc129347a44%3Fformat%3Djson%26states%3Dlisting HTTP/1.0 200 - python-swiftclient-3.11.1 gAAAAABpP8bDpUSn... - 357 - txfd651093571f4ac4b41b2-00693fc88f - 0.0225 - - 1765787791.690892220 1765787791.713391781 0
Dec 15 08:36:31 np0005559460 object-server[122293]: 172.20.0.103 - - [15/Dec/2025:08:36:31 +0000] "PUT /d1/263/AUTH_2f96e5f995e6442f94f881dabbe4dbf7/gnocchi.d36d970f-bfcb-4128-b7da-8b42c64e5836/none_v3" 201 - "PUT http://172.18.0.159:8080/v1/AUTH_2f96e5f995e6442f94f881dabbe4dbf7/gnocchi.d36d970f-bfcb-4128-b7da-8b42c64e5836/none_v3" "txf1e230808c1f4ab9bca6c-00693fc88f" "proxy-server 20" 0.0173 "-" 23 0
Dec 15 08:36:31 np0005559460 object-server[122293]: 172.20.0.104 - - [15/Dec/2025:08:36:31 +0000] "GET /d1/678/AUTH_2f96e5f995e6442f94f881dabbe4dbf7/gnocchi.5435b1c7-2c9b-45fb-97c2-3cc129347a44/1764720000.0_mean_300.0_v3" 200 16 "GET http://172.18.0.159:8080/v1/AUTH_2f96e5f995e6442f94f881dabbe4dbf7/gnocchi.5435b1c7-2c9b-45fb-97c2-3cc129347a44/1764720000.0_mean_300.0_v3" "txa55b97470fe7420da9be3-00693fc88f" "proxy-server 20" 0.0016 "-" 23 0
Dec 15 08:36:31 np0005559460 proxy-server[123880]: 172.18.0.105 172.18.0.104 15/Dec/2025/08/36/31 GET /v1/AUTH_2f96e5f995e6442f94f881dabbe4dbf7/gnocchi.5435b1c7-2c9b-45fb-97c2-3cc129347a44/1764720000.0_mean_300.0_v3 HTTP/1.0 200 - python-swiftclient-3.11.1 gAAAAABpP8bDpUSn... - 16 - txa55b97470fe7420da9be3-00693fc88f - 0.0140 - - 1765787791.746843815 1765787791.760798216 0
Dec 15 08:36:31 np0005559460 object-server[122293]: 172.20.0.103 - - [15/Dec/2025:08:36:31 +0000] "GET /d1/39/AUTH_2f96e5f995e6442f94f881dabbe4dbf7/gnocchi.5435b1c7-2c9b-45fb-97c2-3cc129347a44/1764720000.0_rate%3Amean_300.0_v3" 404 70 "GET http://172.18.0.159:8080/v1/AUTH_2f96e5f995e6442f94f881dabbe4dbf7/gnocchi.5435b1c7-2c9b-45fb-97c2-3cc129347a44/1764720000.0_rate%3Amean_300.0_v3" "tx1cca7ff4da404db7b87f9-00693fc88f" "proxy-server 20" 0.0007 "-" 23 0
Dec 15 08:36:31 np0005559460 object-server[122283]: 172.20.0.105 - - [15/Dec/2025:08:36:31 +0000] "GET /d1/390/AUTH_2f96e5f995e6442f94f881dabbe4dbf7/gnocchi.ed7db153-4770-4ae8-a8e1-00a79471f946/none_v3" 200 22 "GET http://172.18.0.159:8080/v1/AUTH_2f96e5f995e6442f94f881dabbe4dbf7/gnocchi.ed7db153-4770-4ae8-a8e1-00a79471f946/none_v3" "tx58c02cd77d674e7496dff-00693fc88f" "proxy-server 20" 0.0011 "-" 22 0
Dec 15 08:36:31 np0005559460 object-server[122283]: 172.20.0.104 - - [15/Dec/2025:08:36:31 +0000] "PUT /d1/678/AUTH_2f96e5f995e6442f94f881dabbe4dbf7/gnocchi.5435b1c7-2c9b-45fb-97c2-3cc129347a44/1764720000.0_mean_300.0_v3" 201 - "PUT http://172.18.0.159:8080/v1/AUTH_2f96e5f995e6442f94f881dabbe4dbf7/gnocchi.5435b1c7-2c9b-45fb-97c2-3cc129347a44/1764720000.0_mean_300.0_v3" "txde16e92ae7fe4e54a52e4-00693fc88f" "proxy-server 20" 0.0118 "-" 22 0
Dec 15 08:36:31 np0005559460 container-server[122012]: 172.20.0.105 - - [15/Dec/2025:08:36:31 +0000] "PUT /d1/415/AUTH_2f96e5f995e6442f94f881dabbe4dbf7/gnocchi.5435b1c7-2c9b-45fb-97c2-3cc129347a44/1764720000.0_mean_300.0_v3" 201 - "PUT http://172.18.0.159:8080/d1/678/AUTH_2f96e5f995e6442f94f881dabbe4dbf7/gnocchi.5435b1c7-2c9b-45fb-97c2-3cc129347a44/1764720000.0_mean_300.0_v3" "txde16e92ae7fe4e54a52e4-00693fc88f" "object-server 23" 0.0008 "-" 22 0
Dec 15 08:36:31 np0005559460 proxy-server[123880]: 172.18.0.105 172.18.0.104 15/Dec/2025/08/36/31 PUT /v1/AUTH_2f96e5f995e6442f94f881dabbe4dbf7/gnocchi.5435b1c7-2c9b-45fb-97c2-3cc129347a44/1764720000.0_mean_300.0_v3 HTTP/1.0 201 - python-swiftclient-3.11.1 gAAAAABpP8bDpUSn... 24 - - txde16e92ae7fe4e54a52e4-00693fc88f - 0.0334 - - 1765787791.791532040 1765787791.824942827 0
Dec 15 08:36:31 np0005559460 container-server[122013]: 172.20.0.105 - - [15/Dec/2025:08:36:31 +0000] "PUT /d1/415/AUTH_2f96e5f995e6442f94f881dabbe4dbf7/gnocchi.5435b1c7-2c9b-45fb-97c2-3cc129347a44/1764720000.0_rate%3Amean_300.0_v3" 201 - "PUT http://172.18.0.159:8080/d1/39/AUTH_2f96e5f995e6442f94f881dabbe4dbf7/gnocchi.5435b1c7-2c9b-45fb-97c2-3cc129347a44/1764720000.0_rate%3Amean_300.0_v3" "tx3dd3b317d2f545499c1b3-00693fc88f" "object-server 19" 0.0008 "-" 23 0
Dec 15 08:36:31 np0005559460 object-server[122293]: 172.20.0.105 - - [15/Dec/2025:08:36:31 +0000] "PUT /d1/39/AUTH_2f96e5f995e6442f94f881dabbe4dbf7/gnocchi.5435b1c7-2c9b-45fb-97c2-3cc129347a44/1764720000.0_rate%3Amean_300.0_v3" 201 - "PUT http://172.18.0.159:8080/v1/AUTH_2f96e5f995e6442f94f881dabbe4dbf7/gnocchi.5435b1c7-2c9b-45fb-97c2-3cc129347a44/1764720000.0_rate%3Amean_300.0_v3" "tx3dd3b317d2f545499c1b3-00693fc88f" "proxy-server 20" 0.0164 "-" 23 0
Dec 15 08:36:31 np0005559460 proxy-server[123880]: 172.18.0.103 172.18.0.104 15/Dec/2025/08/36/31 GET /v1/AUTH_2f96e5f995e6442f94f881dabbe4dbf7/gnocchi.ed7db153-4770-4ae8-a8e1-00a79471f946%3Fformat%3Djson%26marker%3Dnone_v3%26states%3Dlisting HTTP/1.0 200 - python-swiftclient-3.11.1 gAAAAABpP8cB_H8j... - 2 - txc195c7d78a754f9090b98-00693fc88f - 0.0152 - - 1765787791.838929415 1765787791.854152918 0
Dec 15 08:36:31 np0005559460 object-server[122293]: 172.20.0.104 - - [15/Dec/2025:08:36:31 +0000] "GET /d1/139/AUTH_2f96e5f995e6442f94f881dabbe4dbf7/gnocchi.ed7db153-4770-4ae8-a8e1-00a79471f946/1764720000.0_rate%3Amean_300.0_v3" 404 70 "GET http://172.18.0.159:8080/v1/AUTH_2f96e5f995e6442f94f881dabbe4dbf7/gnocchi.ed7db153-4770-4ae8-a8e1-00a79471f946/1764720000.0_rate%3Amean_300.0_v3" "tx2348e06691ec4c54bd113-00693fc88f" "proxy-server 20" 0.0006 "-" 23 0
Dec 15 08:36:31 np0005559460 proxy-server[123880]: 172.18.0.103 172.18.0.104 15/Dec/2025/08/36/31 GET /v1/AUTH_2f96e5f995e6442f94f881dabbe4dbf7/gnocchi.ed7db153-4770-4ae8-a8e1-00a79471f946/1764720000.0_rate%253Amean_300.0_v3 HTTP/1.0 404 - python-swiftclient-3.11.1 gAAAAABpP8cB_H8j... - 70 - tx2348e06691ec4c54bd113-00693fc88f - 0.0244 - - 1765787791.862989664 1765787791.887362242 0
Dec 15 08:36:31 np0005559460 object-server[122305]: 172.20.0.103 - - [15/Dec/2025:08:36:31 +0000] "PUT /d1/443/AUTH_2f96e5f995e6442f94f881dabbe4dbf7/gnocchi.5435b1c7-2c9b-45fb-97c2-3cc129347a44/none_v3" 201 - "PUT http://172.18.0.159:8080/v1/AUTH_2f96e5f995e6442f94f881dabbe4dbf7/gnocchi.5435b1c7-2c9b-45fb-97c2-3cc129347a44/none_v3" "tx4b33a02421b441659439d-00693fc88f" "proxy-server 20" 0.0221 "-" 25 0
Dec 15 08:36:31 np0005559460 object-server[122293]: 172.20.0.105 - - [15/Dec/2025:08:36:31 +0000] "GET /d1/643/AUTH_2f96e5f995e6442f94f881dabbe4dbf7/gnocchi.ed7db153-4770-4ae8-a8e1-00a79471f946/1764720000.0_mean_300.0_v3" 200 16 "GET http://172.18.0.159:8080/v1/AUTH_2f96e5f995e6442f94f881dabbe4dbf7/gnocchi.ed7db153-4770-4ae8-a8e1-00a79471f946/1764720000.0_mean_300.0_v3" "tx027554be192b46c887e21-00693fc88f" "proxy-server 20" 0.0011 "-" 23 0
Dec 15 08:36:31 np0005559460 object-server[122297]: 172.20.0.104 - - [15/Dec/2025:08:36:31 +0000] "PUT /d1/139/AUTH_2f96e5f995e6442f94f881dabbe4dbf7/gnocchi.ed7db153-4770-4ae8-a8e1-00a79471f946/1764720000.0_rate%3Amean_300.0_v3" 201 - "PUT http://172.18.0.159:8080/v1/AUTH_2f96e5f995e6442f94f881dabbe4dbf7/gnocchi.ed7db153-4770-4ae8-a8e1-00a79471f946/1764720000.0_rate%3Amean_300.0_v3" "txcf8970877ddb41b286959-00693fc88f" "proxy-server 20" 0.0151 "-" 24 0
Dec 15 08:36:32 np0005559460 container-server[122013]: 172.20.0.103 - - [15/Dec/2025:08:36:32 +0000] "PUT /d1/415/AUTH_2f96e5f995e6442f94f881dabbe4dbf7/gnocchi.5435b1c7-2c9b-45fb-97c2-3cc129347a44/none_v3" 201 - "PUT http://172.18.0.159:8080/d1/443/AUTH_2f96e5f995e6442f94f881dabbe4dbf7/gnocchi.5435b1c7-2c9b-45fb-97c2-3cc129347a44/none_v3" "tx4b33a02421b441659439d-00693fc88f" "object-server 22" 0.0006 "-" 23 0
Dec 15 08:36:32 np0005559460 container-server[122003]: 172.20.0.103 - - [15/Dec/2025:08:36:32 +0000] "PUT /d1/129/AUTH_2f96e5f995e6442f94f881dabbe4dbf7/gnocchi.ed7db153-4770-4ae8-a8e1-00a79471f946/1764720000.0_rate%3Amean_300.0_v3" 201 - "PUT http://172.18.0.159:8080/d1/139/AUTH_2f96e5f995e6442f94f881dabbe4dbf7/gnocchi.ed7db153-4770-4ae8-a8e1-00a79471f946/1764720000.0_rate%3Amean_300.0_v3" "txcf8970877ddb41b286959-00693fc88f" "object-server 24" 0.0008 "-" 20 0
Dec 15 08:36:32 np0005559460 proxy-server[123880]: 172.18.0.103 172.18.0.104 15/Dec/2025/08/36/32 PUT /v1/AUTH_2f96e5f995e6442f94f881dabbe4dbf7/gnocchi.ed7db153-4770-4ae8-a8e1-00a79471f946/1764720000.0_rate%253Amean_300.0_v3 HTTP/1.0 201 - python-swiftclient-3.11.1 gAAAAABpP8cB_H8j... 16 - - txcf8970877ddb41b286959-00693fc88f - 0.1241 - - 1765787791.914410830 1765787792.038494110 0
Dec 15 08:36:32 np0005559460 container-server[122012]: 172.20.0.104 - - [15/Dec/2025:08:36:32 +0000] "PUT /d1/129/AUTH_2f96e5f995e6442f94f881dabbe4dbf7/gnocchi.ed7db153-4770-4ae8-a8e1-00a79471f946/1764720000.0_mean_300.0_v3" 201 - "PUT http://172.18.0.159:8080/d1/643/AUTH_2f96e5f995e6442f94f881dabbe4dbf7/gnocchi.ed7db153-4770-4ae8-a8e1-00a79471f946/1764720000.0_mean_300.0_v3" "tx4ec9e7c6c98e4628936d3-00693fc890" "object-server 22" 0.0006 "-" 22 0
Dec 15 08:36:32 np0005559460 object-server[122283]: 172.20.0.105 - - [15/Dec/2025:08:36:32 +0000] "PUT /d1/643/AUTH_2f96e5f995e6442f94f881dabbe4dbf7/gnocchi.ed7db153-4770-4ae8-a8e1-00a79471f946/1764720000.0_mean_300.0_v3" 201 - "PUT http://172.18.0.159:8080/v1/AUTH_2f96e5f995e6442f94f881dabbe4dbf7/gnocchi.ed7db153-4770-4ae8-a8e1-00a79471f946/1764720000.0_mean_300.0_v3" "tx4ec9e7c6c98e4628936d3-00693fc890" "proxy-server 20" 0.0269 "-" 22 0
Dec 15 08:36:32 np0005559460 container-server[122003]: 172.20.0.105 - - [15/Dec/2025:08:36:32 +0000] "PUT /d1/129/AUTH_2f96e5f995e6442f94f881dabbe4dbf7/gnocchi.ed7db153-4770-4ae8-a8e1-00a79471f946/none_v3" 201 - "PUT http://172.18.0.159:8080/d1/390/AUTH_2f96e5f995e6442f94f881dabbe4dbf7/gnocchi.ed7db153-4770-4ae8-a8e1-00a79471f946/none_v3" "tx260e176736714e589f87f-00693fc890" "object-server 25" 0.0010 "-" 20 0
Dec 15 08:36:32 np0005559460 object-server[122297]: 172.20.0.103 - - [15/Dec/2025:08:36:32 +0000] "PUT /d1/390/AUTH_2f96e5f995e6442f94f881dabbe4dbf7/gnocchi.ed7db153-4770-4ae8-a8e1-00a79471f946/none_v3" 201 - "PUT http://172.18.0.159:8080/v1/AUTH_2f96e5f995e6442f94f881dabbe4dbf7/gnocchi.ed7db153-4770-4ae8-a8e1-00a79471f946/none_v3" "tx260e176736714e589f87f-00693fc890" "proxy-server 20" 0.0158 "-" 24 0
Dec 15 08:36:32 np0005559460 proxy-server[123880]: 172.18.0.159 172.18.0.104 15/Dec/2025/08/36/32 GET /v1/AUTH_2f96e5f995e6442f94f881dabbe4dbf7/gnocchi.d4be3153-ae97-4616-8b82-58d45ed63c6e/none_v3 HTTP/1.0 200 - python-swiftclient-3.11.1 gAAAAABpP8cKWFq0... - 22 - txd7351cc55e044ffb820f6-00693fc890 - 0.0204 - - 1765787792.114700794 1765787792.135065794 0
Dec 15 08:36:32 np0005559460 proxy-server[123880]: 172.18.0.159 172.18.0.104 15/Dec/2025/08/36/32 GET /v1/AUTH_2f96e5f995e6442f94f881dabbe4dbf7/gnocchi.d4be3153-ae97-4616-8b82-58d45ed63c6e/1764720000.0_mean_300.0_v3 HTTP/1.0 200 - python-swiftclient-3.11.1 gAAAAABpP8cKWFq0... - 16 - txb648cbfc82a6483a8cd44-00693fc890 - 0.0145 - - 1765787792.183069944 1765787792.197538614 0
Dec 15 08:36:32 np0005559460 object-server[122305]: 172.20.0.105 - - [15/Dec/2025:08:36:32 +0000] "GET /d1/413/AUTH_2f96e5f995e6442f94f881dabbe4dbf7/gnocchi.d4be3153-ae97-4616-8b82-58d45ed63c6e/1764720000.0_rate%3Amean_300.0_v3" 404 70 "GET http://172.18.0.159:8080/v1/AUTH_2f96e5f995e6442f94f881dabbe4dbf7/gnocchi.d4be3153-ae97-4616-8b82-58d45ed63c6e/1764720000.0_rate%3Amean_300.0_v3" "txd7436318a57b4ef4aee2d-00693fc890" "proxy-server 20" 0.0004 "-" 25 0
Dec 15 08:36:32 np0005559460 container-server[122008]: 172.20.0.103 - - [15/Dec/2025:08:36:32 +0000] "PUT /d1/50/AUTH_2f96e5f995e6442f94f881dabbe4dbf7/gnocchi.d4be3153-ae97-4616-8b82-58d45ed63c6e/1764720000.0_mean_300.0_v3" 201 - "PUT http://172.18.0.159:8080/d1/607/AUTH_2f96e5f995e6442f94f881dabbe4dbf7/gnocchi.d4be3153-ae97-4616-8b82-58d45ed63c6e/1764720000.0_mean_300.0_v3" "tx073dce05555c427e9879d-00693fc890" "object-server 24" 0.0009 "-" 21 0
Dec 15 08:36:32 np0005559460 object-server[122305]: 172.20.0.103 - - [15/Dec/2025:08:36:32 +0000] "PUT /d1/607/AUTH_2f96e5f995e6442f94f881dabbe4dbf7/gnocchi.d4be3153-ae97-4616-8b82-58d45ed63c6e/1764720000.0_mean_300.0_v3" 201 - "PUT http://172.18.0.159:8080/v1/AUTH_2f96e5f995e6442f94f881dabbe4dbf7/gnocchi.d4be3153-ae97-4616-8b82-58d45ed63c6e/1764720000.0_mean_300.0_v3" "tx073dce05555c427e9879d-00693fc890" "proxy-server 20" 0.1858 "-" 25 0
Dec 15 08:36:32 np0005559460 container-server[122008]: 172.20.0.105 - - [15/Dec/2025:08:36:32 +0000] "PUT /d1/50/AUTH_2f96e5f995e6442f94f881dabbe4dbf7/gnocchi.d4be3153-ae97-4616-8b82-58d45ed63c6e/1764720000.0_rate%3Amean_300.0_v3" 201 - "PUT http://172.18.0.159:8080/d1/413/AUTH_2f96e5f995e6442f94f881dabbe4dbf7/gnocchi.d4be3153-ae97-4616-8b82-58d45ed63c6e/1764720000.0_rate%3Amean_300.0_v3" "tx8531a22e9d5949e9b1a17-00693fc890" "object-server 22" 0.0009 "-" 21 0
Dec 15 08:36:32 np0005559460 object-server[122293]: 172.20.0.104 - - [15/Dec/2025:08:36:32 +0000] "PUT /d1/413/AUTH_2f96e5f995e6442f94f881dabbe4dbf7/gnocchi.d4be3153-ae97-4616-8b82-58d45ed63c6e/1764720000.0_rate%3Amean_300.0_v3" 201 - "PUT http://172.18.0.159:8080/v1/AUTH_2f96e5f995e6442f94f881dabbe4dbf7/gnocchi.d4be3153-ae97-4616-8b82-58d45ed63c6e/1764720000.0_rate%3Amean_300.0_v3" "tx8531a22e9d5949e9b1a17-00693fc890" "proxy-server 20" 0.0967 "-" 23 0
Dec 15 08:36:32 np0005559460 proxy-server[123880]: 172.18.0.159 172.18.0.104 15/Dec/2025/08/36/32 PUT /v1/AUTH_2f96e5f995e6442f94f881dabbe4dbf7/gnocchi.d4be3153-ae97-4616-8b82-58d45ed63c6e/1764720000.0_rate%253Amean_300.0_v3 HTTP/1.0 201 - python-swiftclient-3.11.1 gAAAAABpP8cKWFq0... 16 - - tx8531a22e9d5949e9b1a17-00693fc890 - 0.1116 - - 1765787792.429751396 1765787792.541395664 0
Dec 15 08:36:32 np0005559460 container-server[122013]: 172.20.0.105 - - [15/Dec/2025:08:36:32 +0000] "PUT /d1/50/AUTH_2f96e5f995e6442f94f881dabbe4dbf7/gnocchi.d4be3153-ae97-4616-8b82-58d45ed63c6e/none_v3" 201 - "PUT http://172.18.0.159:8080/d1/495/AUTH_2f96e5f995e6442f94f881dabbe4dbf7/gnocchi.d4be3153-ae97-4616-8b82-58d45ed63c6e/none_v3" "tx4aa7eb4d7c2b4ea2ae5b5-00693fc890" "object-server 19" 0.0008 "-" 23 0
Dec 15 08:36:32 np0005559460 object-server[122305]: 172.20.0.105 - - [15/Dec/2025:08:36:32 +0000] "PUT /d1/495/AUTH_2f96e5f995e6442f94f881dabbe4dbf7/gnocchi.d4be3153-ae97-4616-8b82-58d45ed63c6e/none_v3" 201 - "PUT http://172.18.0.159:8080/v1/AUTH_2f96e5f995e6442f94f881dabbe4dbf7/gnocchi.d4be3153-ae97-4616-8b82-58d45ed63c6e/none_v3" "tx4aa7eb4d7c2b4ea2ae5b5-00693fc890" "proxy-server 20" 0.2930 "-" 25 0
Dec 15 08:36:33 np0005559460 object-server[122090]: Starting object replication pass.
Dec 15 08:36:34 np0005559460 object-server[122090]: 56/56 (100.00%) partitions replicated in 0.96s (58.56/sec, 0s remaining)
Dec 15 08:36:34 np0005559460 object-server[122090]: 112 successes, 0 failures
Dec 15 08:36:34 np0005559460 object-server[122090]: 57 suffixes checked - 26.32% hashed, 0.00% synced
Dec 15 08:36:34 np0005559460 object-server[122090]: Partition times: max 0.0646s, min 0.0072s, med 0.0098s
Dec 15 08:36:34 np0005559460 object-server[122090]: Object replication complete. (0.02 minutes)
Dec 15 08:36:35 np0005559460 container-server[121571]: Beginning replication run
Dec 15 08:36:36 np0005559460 container-server[121571]: Replication run OVER
Dec 15 08:36:36 np0005559460 container-server[121571]: Attempted to replicate 22 dbs in 1.24291 seconds (17.70044/s)
Dec 15 08:36:36 np0005559460 container-server[121571]: Removed 0 dbs
Dec 15 08:36:36 np0005559460 container-server[121571]: 44 successes, 0 failures
Dec 15 08:36:36 np0005559460 container-server[121571]: diff:0 diff_capped:0 empty:0 hashmatch:0 no_change:44 remote_merge:0 rsync:0 ts_repl:0
Dec 15 08:36:40 np0005559460 object-server[247793]: Begin object audit "forever" mode (ZBF)
Dec 15 08:36:40 np0005559460 object-server[247793]: Object audit (ZBF). Since Mon Dec 15 08:36:40 2025: Locally: 1 passed, 0 quarantined, 0 errors, files/sec: 564.05, bytes/sec: 0.00, Total time: 0.00, Auditing time: 0.00, Rate: 0.00
Dec 15 08:36:41 np0005559460 object-server[247793]: Object audit (ZBF) "forever" mode completed: 1.12s. Total quarantined: 0, Total errors: 0, Total files/sec: 50.76, Total bytes/sec: 0.00, Auditing time: 1.10, Rate: 0.98
Dec 15 08:36:50 np0005559460 account-server[121191]: Beginning replication run
Dec 15 08:36:50 np0005559460 account-server[121191]: Replication run OVER
Dec 15 08:36:50 np0005559460 account-server[121191]: Attempted to replicate 1 dbs in 0.01704 seconds (58.67931/s)
Dec 15 08:36:50 np0005559460 account-server[121191]: Removed 0 dbs
Dec 15 08:36:50 np0005559460 account-server[121191]: 2 successes, 0 failures
Dec 15 08:36:50 np0005559460 account-server[121191]: diff:0 diff_capped:0 empty:0 hashmatch:0 no_change:2 remote_merge:0 rsync:0 ts_repl:0
Dec 15 08:37:04 np0005559460 object-server[122090]: Starting object replication pass.
Dec 15 08:37:04 np0005559460 object-server[122090]: 56/56 (100.00%) partitions replicated in 0.50s (111.08/sec, 0s remaining)
Dec 15 08:37:04 np0005559460 object-server[122090]: 112 successes, 0 failures
Dec 15 08:37:04 np0005559460 object-server[122090]: 57 suffixes checked - 0.00% hashed, 0.00% synced
Dec 15 08:37:04 np0005559460 object-server[122090]: Partition times: max 0.0145s, min 0.0057s, med 0.0084s
Dec 15 08:37:04 np0005559460 object-server[122090]: Object replication complete. (0.01 minutes)
Dec 15 08:37:05 np0005559460 container-server[121571]: Beginning replication run
Dec 15 08:37:05 np0005559460 container-server[121571]: Replication run OVER
Dec 15 08:37:05 np0005559460 container-server[121571]: Attempted to replicate 22 dbs in 0.43344 seconds (50.75706/s)
Dec 15 08:37:05 np0005559460 container-server[121571]: Removed 0 dbs
Dec 15 08:37:05 np0005559460 container-server[121571]: 44 successes, 0 failures
