Dec 15 08:30:02 np0005559460 container-server[122012]: 172.20.0.105 - - [15/Dec/2025:08:30:02 +0000] "PUT /d1/284/AUTH_2f96e5f995e6442f94f881dabbe4dbf7/gnocchi.e505e81c-d504-4336-b1d5-99593587132d" 201 - "PUT http://172.18.0.159:8080/v1/AUTH_2f96e5f995e6442f94f881dabbe4dbf7/gnocchi.e505e81c-d504-4336-b1d5-99593587132d" "tx93322503e3cd4f059d8f2-00693fc70a" "proxy-server 20" 0.0160 "-" 22 0
Dec 15 08:30:02 np0005559460 container-server[122012]: 172.20.0.103 - - [15/Dec/2025:08:30:02 +0000] "HEAD /d1/284/AUTH_2f96e5f995e6442f94f881dabbe4dbf7/gnocchi.e505e81c-d504-4336-b1d5-99593587132d" 204 - "HEAD http://172.18.0.159:8080/v1/AUTH_2f96e5f995e6442f94f881dabbe4dbf7/gnocchi.e505e81c-d504-4336-b1d5-99593587132d?format=json&states=listing" "txfee5d2de792a492b9aa42-00693fc70a" "proxy-server 20" 0.0012 "-" 22 0
Dec 15 08:30:02 np0005559460 object-server[122283]: 172.20.0.105 - - [15/Dec/2025:08:30:02 +0000] "GET /d1/894/AUTH_2f96e5f995e6442f94f881dabbe4dbf7/gnocchi.e505e81c-d504-4336-b1d5-99593587132d/1764720000.0_mean_300.0_v3" 404 70 "GET http://172.18.0.159:8080/v1/AUTH_2f96e5f995e6442f94f881dabbe4dbf7/gnocchi.e505e81c-d504-4336-b1d5-99593587132d/1764720000.0_mean_300.0_v3" "tx0d90aaffa8b9482c8bec5-00693fc70a" "proxy-server 20" 0.0007 "-" 22 0
Dec 15 08:30:02 np0005559460 container-server[122012]: 172.20.0.104 - - [15/Dec/2025:08:30:02 +0000] "PUT /d1/444/AUTH_2f96e5f995e6442f94f881dabbe4dbf7/gnocchi.fbb46259-888b-4ded-aa6d-8b0a9a5bab94/1764720000.0_mean_300.0_v3" 201 - "PUT http://172.18.0.159:8080/d1/656/AUTH_2f96e5f995e6442f94f881dabbe4dbf7/gnocchi.fbb46259-888b-4ded-aa6d-8b0a9a5bab94/1764720000.0_mean_300.0_v3" "tx12fe9a1fdd0343d4906f8-00693fc70a" "object-server 25" 0.0006 "-" 22 0
Dec 15 08:30:02 np0005559460 object-server[122305]: 172.20.0.104 - - [15/Dec/2025:08:30:02 +0000] "PUT /d1/656/AUTH_2f96e5f995e6442f94f881dabbe4dbf7/gnocchi.fbb46259-888b-4ded-aa6d-8b0a9a5bab94/1764720000.0_mean_300.0_v3" 201 - "PUT http://172.18.0.159:8080/v1/AUTH_2f96e5f995e6442f94f881dabbe4dbf7/gnocchi.fbb46259-888b-4ded-aa6d-8b0a9a5bab94/1764720000.0_mean_300.0_v3" "tx12fe9a1fdd0343d4906f8-00693fc70a" "proxy-server 20" 0.0129 "-" 25 0
Dec 15 08:30:02 np0005559460 proxy-server[123880]: 172.18.0.105 172.18.0.104 15/Dec/2025/08/30/02 PUT /v1/AUTH_2f96e5f995e6442f94f881dabbe4dbf7/gnocchi.fbb46259-888b-4ded-aa6d-8b0a9a5bab94/1764720000.0_mean_300.0_v3 HTTP/1.0 201 - python-swiftclient-3.11.1 gAAAAABpP8bDpUSn... 16 - - tx12fe9a1fdd0343d4906f8-00693fc70a - 0.0722 - - 1765787402.563044310 1765787402.635212660 0
Dec 15 08:30:02 np0005559460 container-server[122003]: 172.20.0.104 - - [15/Dec/2025:08:30:02 +0000] "PUT /d1/284/AUTH_2f96e5f995e6442f94f881dabbe4dbf7/gnocchi.e505e81c-d504-4336-b1d5-99593587132d/1764720000.0_mean_300.0_v3" 201 - "PUT http://172.18.0.159:8080/d1/894/AUTH_2f96e5f995e6442f94f881dabbe4dbf7/gnocchi.e505e81c-d504-4336-b1d5-99593587132d/1764720000.0_mean_300.0_v3" "tx9fc072bd68574282b47a4-00693fc70a" "object-server 22" 0.0009 "-" 20 0
Dec 15 08:30:02 np0005559460 object-server[122283]: 172.20.0.105 - - [15/Dec/2025:08:30:02 +0000] "PUT /d1/894/AUTH_2f96e5f995e6442f94f881dabbe4dbf7/gnocchi.e505e81c-d504-4336-b1d5-99593587132d/1764720000.0_mean_300.0_v3" 201 - "PUT http://172.18.0.159:8080/v1/AUTH_2f96e5f995e6442f94f881dabbe4dbf7/gnocchi.e505e81c-d504-4336-b1d5-99593587132d/1764720000.0_mean_300.0_v3" "tx9fc072bd68574282b47a4-00693fc70a" "proxy-server 20" 0.0109 "-" 22 0
Dec 15 08:30:02 np0005559460 object-server[122297]: 172.20.0.104 - - [15/Dec/2025:08:30:02 +0000] "PUT /d1/686/AUTH_2f96e5f995e6442f94f881dabbe4dbf7/gnocchi.fbb46259-888b-4ded-aa6d-8b0a9a5bab94/none_v3" 201 - "PUT http://172.18.0.159:8080/v1/AUTH_2f96e5f995e6442f94f881dabbe4dbf7/gnocchi.fbb46259-888b-4ded-aa6d-8b0a9a5bab94/none_v3" "tx5d1a80cf5314404ead1e7-00693fc70a" "proxy-server 20" 0.0130 "-" 24 0
Dec 15 08:30:02 np0005559460 container-server[122012]: 172.20.0.103 - - [15/Dec/2025:08:30:02 +0000] "PUT /d1/444/AUTH_2f96e5f995e6442f94f881dabbe4dbf7/gnocchi.fbb46259-888b-4ded-aa6d-8b0a9a5bab94/none_v3" 201 - "PUT http://172.18.0.159:8080/d1/686/AUTH_2f96e5f995e6442f94f881dabbe4dbf7/gnocchi.fbb46259-888b-4ded-aa6d-8b0a9a5bab94/none_v3" "tx5d1a80cf5314404ead1e7-00693fc70a" "object-server 24" 0.0005 "-" 22 0
Dec 15 08:30:02 np0005559460 proxy-server[123880]: 172.18.0.105 172.18.0.104 15/Dec/2025/08/30/02 PUT /v1/AUTH_2f96e5f995e6442f94f881dabbe4dbf7/gnocchi.fbb46259-888b-4ded-aa6d-8b0a9a5bab94/none_v3 HTTP/1.0 201 - python-swiftclient-3.11.1 gAAAAABpP8bDpUSn... 22 - - tx5d1a80cf5314404ead1e7-00693fc70a - 0.0240 - - 1765787402.638460875 1765787402.662466764 0
Dec 15 08:30:02 np0005559460 container-server[122013]: 172.20.0.104 - - [15/Dec/2025:08:30:02 +0000] "PUT /d1/284/AUTH_2f96e5f995e6442f94f881dabbe4dbf7/gnocchi.e505e81c-d504-4336-b1d5-99593587132d/none_v3" 201 - "PUT http://172.18.0.159:8080/d1/694/AUTH_2f96e5f995e6442f94f881dabbe4dbf7/gnocchi.e505e81c-d504-4336-b1d5-99593587132d/none_v3" "tx66a9717f24bb46c78cef4-00693fc70a" "object-server 22" 0.0008 "-" 23 0
Dec 15 08:30:02 np0005559460 object-server[122283]: 172.20.0.105 - - [15/Dec/2025:08:30:02 +0000] "PUT /d1/694/AUTH_2f96e5f995e6442f94f881dabbe4dbf7/gnocchi.e505e81c-d504-4336-b1d5-99593587132d/none_v3" 201 - "PUT http://172.18.0.159:8080/v1/AUTH_2f96e5f995e6442f94f881dabbe4dbf7/gnocchi.e505e81c-d504-4336-b1d5-99593587132d/none_v3" "tx66a9717f24bb46c78cef4-00693fc70a" "proxy-server 20" 0.0203 "-" 22 0
Dec 15 08:30:02 np0005559460 container-server[122013]: 172.20.0.103 - - [15/Dec/2025:08:30:02 +0000] "HEAD /d1/572/AUTH_2f96e5f995e6442f94f881dabbe4dbf7/gnocchi.26c9b737-5459-4c7e-8b8f-187aa2d75f31" 404 - "HEAD http://172.18.0.159:8080/v1/AUTH_2f96e5f995e6442f94f881dabbe4dbf7/gnocchi.26c9b737-5459-4c7e-8b8f-187aa2d75f31?format=json&states=listing" "tx0f2beb9f45204af49e930-00693fc70a" "proxy-server 20" 0.0004 "-" 23 0
Dec 15 08:30:02 np0005559460 object-server[122283]: 172.20.0.103 - - [15/Dec/2025:08:30:02 +0000] "GET /d1/396/AUTH_2f96e5f995e6442f94f881dabbe4dbf7/gnocchi.26c9b737-5459-4c7e-8b8f-187aa2d75f31/none_v3" 404 70 "GET http://172.18.0.159:8080/v1/AUTH_2f96e5f995e6442f94f881dabbe4dbf7/gnocchi.26c9b737-5459-4c7e-8b8f-187aa2d75f31/none_v3" "tx0f2beb9f45204af49e930-00693fc70a" "proxy-server 20" 0.0003 "-" 22 0
Dec 15 08:30:02 np0005559460 container-server[122012]: 172.20.0.104 - - [15/Dec/2025:08:30:02 +0000] "PUT /d1/572/AUTH_2f96e5f995e6442f94f881dabbe4dbf7/gnocchi.26c9b737-5459-4c7e-8b8f-187aa2d75f31" 201 - "PUT http://172.18.0.159:8080/v1/AUTH_2f96e5f995e6442f94f881dabbe4dbf7/gnocchi.26c9b737-5459-4c7e-8b8f-187aa2d75f31" "tx7f75a49c2f1447d593113-00693fc70a" "proxy-server 20" 0.0153 "-" 22 0
Dec 15 08:30:02 np0005559460 account-server[121629]: 172.20.0.105 - - [15/Dec/2025:08:30:02 +0000] "PUT /d1/500/AUTH_2f96e5f995e6442f94f881dabbe4dbf7/gnocchi.26c9b737-5459-4c7e-8b8f-187aa2d75f31" 201 - "PUT http://172.20.0.105:6001/d1/572/AUTH_2f96e5f995e6442f94f881dabbe4dbf7/gnocchi.26c9b737-5459-4c7e-8b8f-187aa2d75f31" "tx7f75a49c2f1447d593113-00693fc70a" "container-server 23" 0.0064 "-" 23 0
Dec 15 08:30:02 np0005559460 proxy-server[123880]: 172.18.0.159 172.18.0.104 15/Dec/2025/08/30/02 PUT /v1/AUTH_2f96e5f995e6442f94f881dabbe4dbf7/gnocchi.26c9b737-5459-4c7e-8b8f-187aa2d75f31 HTTP/1.0 201 - python-swiftclient-3.11.1 gAAAAABpP8cKWFq0... - - - tx7f75a49c2f1447d593113-00693fc70a - 0.0273 - - 1765787402.722123146 1765787402.749432087 0
Dec 15 08:30:02 np0005559460 object-server[122297]: 172.20.0.103 - - [15/Dec/2025:08:30:02 +0000] "GET /d1/856/AUTH_2f96e5f995e6442f94f881dabbe4dbf7/gnocchi.26c9b737-5459-4c7e-8b8f-187aa2d75f31/1764720000.0_mean_300.0_v3" 404 70 "GET http://172.18.0.159:8080/v1/AUTH_2f96e5f995e6442f94f881dabbe4dbf7/gnocchi.26c9b737-5459-4c7e-8b8f-187aa2d75f31/1764720000.0_mean_300.0_v3" "tx7a9a56e0936946af8674e-00693fc70a" "proxy-server 20" 0.0003 "-" 24 0
Dec 15 08:30:02 np0005559460 container-server[122008]: 172.20.0.105 - - [15/Dec/2025:08:30:02 +0000] "PUT /d1/572/AUTH_2f96e5f995e6442f94f881dabbe4dbf7/gnocchi.26c9b737-5459-4c7e-8b8f-187aa2d75f31/1764720000.0_mean_300.0_v3" 201 - "PUT http://172.18.0.159:8080/d1/856/AUTH_2f96e5f995e6442f94f881dabbe4dbf7/gnocchi.26c9b737-5459-4c7e-8b8f-187aa2d75f31/1764720000.0_mean_300.0_v3" "tx445c19b846c24b45ab5c3-00693fc70a" "object-server 23" 0.0011 "-" 21 0
Dec 15 08:30:02 np0005559460 object-server[122305]: 172.20.0.104 - - [15/Dec/2025:08:30:02 +0000] "PUT /d1/856/AUTH_2f96e5f995e6442f94f881dabbe4dbf7/gnocchi.26c9b737-5459-4c7e-8b8f-187aa2d75f31/1764720000.0_mean_300.0_v3" 201 - "PUT http://172.18.0.159:8080/v1/AUTH_2f96e5f995e6442f94f881dabbe4dbf7/gnocchi.26c9b737-5459-4c7e-8b8f-187aa2d75f31/1764720000.0_mean_300.0_v3" "tx445c19b846c24b45ab5c3-00693fc70a" "proxy-server 20" 0.0140 "-" 25 0
Dec 15 08:30:02 np0005559460 proxy-server[123880]: 172.18.0.159 172.18.0.104 15/Dec/2025/08/30/02 PUT /v1/AUTH_2f96e5f995e6442f94f881dabbe4dbf7/gnocchi.26c9b737-5459-4c7e-8b8f-187aa2d75f31/1764720000.0_mean_300.0_v3 HTTP/1.0 201 - python-swiftclient-3.11.1 gAAAAABpP8cKWFq0... 16 - - tx445c19b846c24b45ab5c3-00693fc70a - 0.0222 - - 1765787402.811640024 1765787402.833867073 0
Dec 15 08:30:02 np0005559460 container-server[122012]: 172.20.0.105 - - [15/Dec/2025:08:30:02 +0000] "PUT /d1/572/AUTH_2f96e5f995e6442f94f881dabbe4dbf7/gnocchi.26c9b737-5459-4c7e-8b8f-187aa2d75f31/none_v3" 201 - "PUT http://172.18.0.159:8080/d1/396/AUTH_2f96e5f995e6442f94f881dabbe4dbf7/gnocchi.26c9b737-5459-4c7e-8b8f-187aa2d75f31/none_v3" "tx8a8ff193036c4ad5bf845-00693fc70a" "object-server 23" 0.0005 "-" 22 0
Dec 15 08:30:02 np0005559460 object-server[122293]: 172.20.0.105 - - [15/Dec/2025:08:30:02 +0000] "PUT /d1/396/AUTH_2f96e5f995e6442f94f881dabbe4dbf7/gnocchi.26c9b737-5459-4c7e-8b8f-187aa2d75f31/none_v3" 201 - "PUT http://172.18.0.159:8080/v1/AUTH_2f96e5f995e6442f94f881dabbe4dbf7/gnocchi.26c9b737-5459-4c7e-8b8f-187aa2d75f31/none_v3" "tx8a8ff193036c4ad5bf845-00693fc70a" "proxy-server 20" 0.0133 "-" 23 0
Dec 15 08:30:04 np0005559460 container-server[121571]: Beginning replication run
Dec 15 08:30:05 np0005559460 container-server[121571]: Replication run OVER
Dec 15 08:30:05 np0005559460 container-server[121571]: Attempted to replicate 8 dbs in 0.41603 seconds (19.22933/s)
Dec 15 08:30:05 np0005559460 container-server[121571]: Removed 0 dbs
Dec 15 08:30:05 np0005559460 container-server[121571]: 16 successes, 0 failures
Dec 15 08:30:05 np0005559460 container-server[121571]: diff:0 diff_capped:0 empty:0 hashmatch:0 no_change:16 remote_merge:0 rsync:0 ts_repl:0
Dec 15 08:30:20 np0005559460 account-server[121191]: Beginning replication run
Dec 15 08:30:20 np0005559460 account-server[121191]: Replication run OVER
Dec 15 08:30:20 np0005559460 account-server[121191]: Attempted to replicate 1 dbs in 0.02374 seconds (42.11723/s)
Dec 15 08:30:20 np0005559460 account-server[121191]: Removed 0 dbs
Dec 15 08:30:20 np0005559460 account-server[121191]: 2 successes, 0 failures
Dec 15 08:30:20 np0005559460 account-server[121191]: diff:0 diff_capped:0 empty:0 hashmatch:0 no_change:2 remote_merge:0 rsync:0 ts_repl:0
Dec 15 08:30:22 np0005559460 account-server[121592]: 172.20.0.104 - - [15/Dec/2025:08:30:22 +0000] "HEAD /d1/700/.expiring_objects" 404 - "HEAD http://localhost/v1/.expiring_objects?format=json" "tx4fecc9895e2748df92d7d-00693fc71e" "proxy-server 2" 0.0006 "-" 20 -
Dec 15 08:30:22 np0005559460 object-expirer[121904]: Pass completed in 0s; 0 objects expired (txn: tx4fecc9895e2748df92d7d-00693fc71e)
Dec 15 08:30:25 np0005559460 account-server[121592]: 172.20.0.104 - - [15/Dec/2025:08:30:25 +0000] "HEAD /d1/700/.expiring_objects" 404 - "HEAD http://localhost/v1/.expiring_objects?format=json" "tx2326997c1c164558babc8-00693fc721" "proxy-server 2" 0.0008 "-" 20 -
Dec 15 08:30:25 np0005559460 object-expirer[121904]: Pass completed in 0s; 0 objects expired (txn: tx2326997c1c164558babc8-00693fc721)
Dec 15 08:30:28 np0005559460 object-server[122090]: Starting object replication pass.
Dec 15 08:30:28 np0005559460 object-server[122090]: 16/16 (100.00%) partitions replicated in 0.19s (83.65/sec, 0s remaining)
Dec 15 08:30:28 np0005559460 object-server[122090]: 32 successes, 0 failures
Dec 15 08:30:28 np0005559460 object-server[122090]: 16 suffixes checked - 0.00% hashed, 0.00% synced
Dec 15 08:30:28 np0005559460 object-server[122090]: Partition times: max 0.0152s, min 0.0087s, med 0.0110s
Dec 15 08:30:28 np0005559460 object-server[122090]: Object replication complete. (0.00 minutes)
Dec 15 08:30:30 np0005559460 object-server[211771]: Begin object audit "forever" mode (ZBF)
Dec 15 08:30:30 np0005559460 object-server[211771]: Object audit (ZBF). Since Mon Dec 15 08:30:30 2025: Locally: 1 passed, 0 quarantined, 0 errors, files/sec: 545.64, bytes/sec: 0.00, Total time: 0.00, Auditing time: 0.00, Rate: 0.00
Dec 15 08:30:30 np0005559460 object-server[211771]: Object audit (ZBF) "forever" mode completed: 0.28s. Total quarantined: 0, Total errors: 0, Total files/sec: 56.53, Total bytes/sec: 0.00, Auditing time: 0.28, Rate: 0.98
Dec 15 08:30:34 np0005559460 container-server[121571]: Beginning replication run
Dec 15 08:30:35 np0005559460 container-server[121571]: Replication run OVER
Dec 15 08:30:35 np0005559460 container-server[121571]: Attempted to replicate 8 dbs in 0.15540 seconds (51.47914/s)
Dec 15 08:30:35 np0005559460 container-server[121571]: Removed 0 dbs
Dec 15 08:30:35 np0005559460 container-server[121571]: 16 successes, 0 failures
Dec 15 08:30:35 np0005559460 container-server[121571]: diff:0 diff_capped:0 empty:0 hashmatch:0 no_change:16 remote_merge:0 rsync:0 ts_repl:0
Dec 15 08:30:50 np0005559460 account-server[121191]: Beginning replication run
Dec 15 08:30:50 np0005559460 account-server[121191]: Replication run OVER
Dec 15 08:30:50 np0005559460 account-server[121191]: Attempted to replicate 1 dbs in 0.01506 seconds (66.40926/s)
Dec 15 08:30:50 np0005559460 account-server[121191]: Removed 0 dbs
Dec 15 08:30:50 np0005559460 account-server[121191]: 2 successes, 0 failures
Dec 15 08:30:50 np0005559460 account-server[121191]: diff:0 diff_capped:0 empty:0 hashmatch:0 no_change:2 remote_merge:0 rsync:0 ts_repl:0
Dec 15 08:30:58 np0005559460 object-server[122090]: Starting object replication pass.
Dec 15 08:30:58 np0005559460 object-server[122090]: 16/16 (100.00%) partitions replicated in 0.15s (105.65/sec, 0s remaining)
Dec 15 08:30:58 np0005559460 object-server[122090]: 32 successes, 0 failures
Dec 15 08:30:58 np0005559460 object-server[122090]: 16 suffixes checked - 0.00% hashed, 0.00% synced
Dec 15 08:30:58 np0005559460 object-server[122090]: Partition times: max 0.0109s, min 0.0070s, med 0.0090s
Dec 15 08:30:58 np0005559460 object-server[122090]: Object replication complete. (0.00 minutes)
Dec 15 08:31:00 np0005559460 object-server[217687]: Begin object audit "forever" mode (ZBF)
Dec 15 08:31:00 np0005559460 object-server[217688]: Begin object audit "forever" mode (ALL)
Dec 15 08:31:00 np0005559460 object-server[217687]: Object audit (ZBF). Since Mon Dec 15 08:31:00 2025: Locally: 1 passed, 0 quarantined, 0 errors, files/sec: 594.52, bytes/sec: 0.00, Total time: 0.00, Auditing time: 0.00, Rate: 0.00
Dec 15 08:31:00 np0005559460 object-server[217688]: Object audit (ALL). Since Mon Dec 15 08:31:00 2025: Locally: 1 passed, 0 quarantined, 0 errors, files/sec: 105.73, bytes/sec: 1691.68, Total time: 0.01, Auditing time: 0.00, Rate: 0.00
Dec 15 08:31:00 np0005559460 object-server[217687]: Object audit (ZBF) "forever" mode completed: 0.28s. Total quarantined: 0, Total errors: 0, Total files/sec: 56.50, Total bytes/sec: 0.00, Auditing time: 0.28, Rate: 0.98
Dec 15 08:31:01 np0005559460 object-server[217688]: Object audit (ALL) "forever" mode completed: 0.71s. Total quarantined: 0, Total errors: 0, Total files/sec: 22.48, Total bytes/sec: 441.21, Auditing time: 0.70, Rate: 0.99
Dec 15 08:31:04 np0005559460 container-server[121571]: Beginning replication run
Dec 15 08:31:05 np0005559460 container-server[121571]: Replication run OVER
Dec 15 08:31:05 np0005559460 container-server[121571]: Attempted to replicate 8 dbs in 0.15782 seconds (50.69117/s)
Dec 15 08:31:05 np0005559460 container-server[121571]: Removed 0 dbs
Dec 15 08:31:05 np0005559460 container-server[121571]: 16 successes, 0 failures
Dec 15 08:31:05 np0005559460 container-server[121571]: diff:0 diff_capped:0 empty:0 hashmatch:0 no_change:16 remote_merge:0 rsync:0 ts_repl:0
Dec 15 08:31:20 np0005559460 account-server[121191]: Beginning replication run
Dec 15 08:31:20 np0005559460 account-server[121191]: Replication run OVER
Dec 15 08:31:20 np0005559460 account-server[121191]: Attempted to replicate 1 dbs in 0.01410 seconds (70.94150/s)
Dec 15 08:31:20 np0005559460 account-server[121191]: Removed 0 dbs
Dec 15 08:31:20 np0005559460 account-server[121191]: 2 successes, 0 failures
Dec 15 08:31:20 np0005559460 account-server[121191]: diff:0 diff_capped:0 empty:0 hashmatch:0 no_change:2 remote_merge:0 rsync:0 ts_repl:0
Dec 15 08:31:23 np0005559460 account-server[121629]: 172.20.0.105 - - [15/Dec/2025:08:31:23 +0000] "HEAD /d1/700/.expiring_objects" 404 - "HEAD http://localhost/v1/.expiring_objects?format=json" "txd9178e0f84cd433bb59db-00693fc75b" "proxy-server 2" 0.0013 "-" 23 -
Dec 15 08:31:28 np0005559460 object-server[122090]: Starting object replication pass.
Dec 15 08:31:29 np0005559460 object-server[122090]: 16/16 (100.00%) partitions replicated in 0.16s (100.45/sec, 0s remaining)
Dec 15 08:31:29 np0005559460 object-server[122090]: 32 successes, 0 failures
Dec 15 08:31:29 np0005559460 object-server[122090]: 16 suffixes checked - 0.00% hashed, 0.00% synced
Dec 15 08:31:29 np0005559460 object-server[122090]: Partition times: max 0.0109s, min 0.0078s, med 0.0095s
Dec 15 08:31:29 np0005559460 object-server[122090]: Object replication complete. (0.00 minutes)
Dec 15 08:31:30 np0005559460 account-server[121627]: 172.20.0.104 - - [15/Dec/2025:08:31:30 +0000] "HEAD /d1/500/AUTH_2f96e5f995e6442f94f881dabbe4dbf7" 204 - "HEAD http://172.18.0.159:8080/v1/AUTH_2f96e5f995e6442f94f881dabbe4dbf7?format=json" "tx81210932ef0443dfac74f-00693fc762" "proxy-server 20" 0.0026 "-" 22 -
Dec 15 08:31:30 np0005559460 account-server[121617]: 172.20.0.103 - - [15/Dec/2025:08:31:30 +0000] "HEAD /d1/500/AUTH_2f96e5f995e6442f94f881dabbe4dbf7" 204 - "HEAD http://172.18.0.159:8080/v1/AUTH_2f96e5f995e6442f94f881dabbe4dbf7?format=json" "txccb05a0aa98942f997280-00693fc762" "proxy-server 20" 0.0023 "-" 21 -
Dec 15 08:31:30 np0005559460 proxy-server[123880]: - - 15/Dec/2025/08/31/30 HEAD /v1/AUTH_2f96e5f995e6442f94f881dabbe4dbf7%3Fformat%3Djson HTTP/1.0 204 - Swift - - - - tx81210932ef0443dfac74f-00693fc762 - 0.0085 RL - 1765787490.555320024 1765787490.563863993 -
Dec 15 08:31:30 np0005559460 container-server[122003]: 172.20.0.105 - - [15/Dec/2025:08:31:30 +0000] "HEAD /d1/50/AUTH_2f96e5f995e6442f94f881dabbe4dbf7/gnocchi.d4be3153-ae97-4616-8b82-58d45ed63c6e" 404 - "HEAD http://172.18.0.159:8080/v1/AUTH_2f96e5f995e6442f94f881dabbe4dbf7/gnocchi.d4be3153-ae97-4616-8b82-58d45ed63c6e?format=json&states=listing" "txffc367fc144b468e94066-00693fc762" "proxy-server 20" 0.0011 "-" 20 0
Dec 15 08:31:30 np0005559460 container-server[122013]: 172.20.0.104 - - [15/Dec/2025:08:31:30 +0000] "HEAD /d1/278/AUTH_2f96e5f995e6442f94f881dabbe4dbf7/gnocchi.d36d970f-bfcb-4128-b7da-8b42c64e5836" 404 - "HEAD http://172.18.0.159:8080/v1/AUTH_2f96e5f995e6442f94f881dabbe4dbf7/gnocchi.d36d970f-bfcb-4128-b7da-8b42c64e5836?format=json&states=listing" "tx81210932ef0443dfac74f-00693fc762" "proxy-server 20" 0.0006 "-" 23 0
Dec 15 08:31:30 np0005559460 container-server[122008]: 172.20.0.103 - - [15/Dec/2025:08:31:30 +0000] "HEAD /d1/989/AUTH_2f96e5f995e6442f94f881dabbe4dbf7/gnocchi.e267590c-bd3b-4f45-a5dc-979be28afdde" 404 - "HEAD http://172.18.0.159:8080/v1/AUTH_2f96e5f995e6442f94f881dabbe4dbf7/gnocchi.e267590c-bd3b-4f45-a5dc-979be28afdde?format=json&states=listing" "txccb05a0aa98942f997280-00693fc762" "proxy-server 20" 0.0005 "-" 21 0
Dec 15 08:31:30 np0005559460 object-server[122293]: 172.20.0.105 - - [15/Dec/2025:08:31:30 +0000] "GET /d1/495/AUTH_2f96e5f995e6442f94f881dabbe4dbf7/gnocchi.d4be3153-ae97-4616-8b82-58d45ed63c6e/none_v3" 404 70 "GET http://172.18.0.159:8080/v1/AUTH_2f96e5f995e6442f94f881dabbe4dbf7/gnocchi.d4be3153-ae97-4616-8b82-58d45ed63c6e/none_v3" "txffc367fc144b468e94066-00693fc762" "proxy-server 20" 0.0005 "-" 23 0
Dec 15 08:31:30 np0005559460 object-server[122283]: 172.20.0.104 - - [15/Dec/2025:08:31:30 +0000] "GET /d1/263/AUTH_2f96e5f995e6442f94f881dabbe4dbf7/gnocchi.d36d970f-bfcb-4128-b7da-8b42c64e5836/none_v3" 404 70 "GET http://172.18.0.159:8080/v1/AUTH_2f96e5f995e6442f94f881dabbe4dbf7/gnocchi.d36d970f-bfcb-4128-b7da-8b42c64e5836/none_v3" "tx81210932ef0443dfac74f-00693fc762" "proxy-server 20" 0.0005 "-" 22 0
Dec 15 08:31:30 np0005559460 object-server[122297]: 172.20.0.103 - - [15/Dec/2025:08:31:30 +0000] "GET /d1/604/AUTH_2f96e5f995e6442f94f881dabbe4dbf7/gnocchi.e267590c-bd3b-4f45-a5dc-979be28afdde/none_v3" 404 70 "GET http://172.18.0.159:8080/v1/AUTH_2f96e5f995e6442f94f881dabbe4dbf7/gnocchi.e267590c-bd3b-4f45-a5dc-979be28afdde/none_v3" "txccb05a0aa98942f997280-00693fc762" "proxy-server 20" 0.0033 "-" 24 0
Dec 15 08:31:30 np0005559460 proxy-server[123880]: 172.18.0.159 172.18.0.104 15/Dec/2025/08/31/30 GET /v1/AUTH_2f96e5f995e6442f94f881dabbe4dbf7/gnocchi.d36d970f-bfcb-4128-b7da-8b42c64e5836/none_v3 HTTP/1.0 404 - python-swiftclient-3.11.1 gAAAAABpP8cKWFq0... - 70 - tx81210932ef0443dfac74f-00693fc762 - 0.0516 - - 1765787490.554028749 1765787490.605594873 0
Dec 15 08:31:30 np0005559460 account-server[121592]: 172.20.0.105 - - [15/Dec/2025:08:31:30 +0000] "PUT /d1/500/AUTH_2f96e5f995e6442f94f881dabbe4dbf7/gnocchi.d4be3153-ae97-4616-8b82-58d45ed63c6e" 201 - "PUT http://172.20.0.105:6001/d1/50/AUTH_2f96e5f995e6442f94f881dabbe4dbf7/gnocchi.d4be3153-ae97-4616-8b82-58d45ed63c6e" "txcb1dfae6e4e642319df12-00693fc762" "container-server 23" 0.0018 "-" 20 0
Dec 15 08:31:30 np0005559460 container-server[122008]: 172.20.0.105 - - [15/Dec/2025:08:31:30 +0000] "PUT /d1/50/AUTH_2f96e5f995e6442f94f881dabbe4dbf7/gnocchi.d4be3153-ae97-4616-8b82-58d45ed63c6e" 201 - "PUT http://172.18.0.159:8080/v1/AUTH_2f96e5f995e6442f94f881dabbe4dbf7/gnocchi.d4be3153-ae97-4616-8b82-58d45ed63c6e" "txcb1dfae6e4e642319df12-00693fc762" "proxy-server 20" 0.0231 "-" 21 0
Dec 15 08:31:30 np0005559460 account-server[121627]: 172.20.0.104 - - [15/Dec/2025:08:31:30 +0000] "PUT /d1/500/AUTH_2f96e5f995e6442f94f881dabbe4dbf7/gnocchi.e267590c-bd3b-4f45-a5dc-979be28afdde" 201 - "PUT http://172.20.0.104:6001/d1/989/AUTH_2f96e5f995e6442f94f881dabbe4dbf7/gnocchi.e267590c-bd3b-4f45-a5dc-979be28afdde" "tx869a3d9703474bacbf019-00693fc762" "container-server 22" 0.0061 "-" 22 0
Dec 15 08:31:30 np0005559460 container-server[122012]: 172.20.0.103 - - [15/Dec/2025:08:31:30 +0000] "PUT /d1/989/AUTH_2f96e5f995e6442f94f881dabbe4dbf7/gnocchi.e267590c-bd3b-4f45-a5dc-979be28afdde" 201 - "PUT http://172.18.0.159:8080/v1/AUTH_2f96e5f995e6442f94f881dabbe4dbf7/gnocchi.e267590c-bd3b-4f45-a5dc-979be28afdde" "tx869a3d9703474bacbf019-00693fc762" "proxy-server 20" 0.0204 "-" 22 0
Dec 15 08:31:30 np0005559460 account-server[121592]: 172.20.0.103 - - [15/Dec/2025:08:31:30 +0000] "PUT /d1/500/AUTH_2f96e5f995e6442f94f881dabbe4dbf7/gnocchi.d36d970f-bfcb-4128-b7da-8b42c64e5836" 201 - "PUT http://172.20.0.103:6001/d1/278/AUTH_2f96e5f995e6442f94f881dabbe4dbf7/gnocchi.d36d970f-bfcb-4128-b7da-8b42c64e5836" "tx0d35e7141e804d0e8f8bb-00693fc762" "container-server 20" 0.0053 "-" 20 0
Dec 15 08:31:30 np0005559460 container-server[122013]: 172.20.0.104 - - [15/Dec/2025:08:31:30 +0000] "PUT /d1/278/AUTH_2f96e5f995e6442f94f881dabbe4dbf7/gnocchi.d36d970f-bfcb-4128-b7da-8b42c64e5836" 201 - "PUT http://172.18.0.159:8080/v1/AUTH_2f96e5f995e6442f94f881dabbe4dbf7/gnocchi.d36d970f-bfcb-4128-b7da-8b42c64e5836" "tx0d35e7141e804d0e8f8bb-00693fc762" "proxy-server 20" 0.0211 "-" 23 0
Dec 15 08:31:30 np0005559460 proxy-server[123880]: 172.18.0.159 172.18.0.104 15/Dec/2025/08/31/30 PUT /v1/AUTH_2f96e5f995e6442f94f881dabbe4dbf7/gnocchi.d36d970f-bfcb-4128-b7da-8b42c64e5836 HTTP/1.0 201 - python-swiftclient-3.11.1 gAAAAABpP8cKWFq0... - - - tx0d35e7141e804d0e8f8bb-00693fc762 - 0.0373 - - 1765787490.610424757 1765787490.647719622 0
Dec 15 08:31:30 np0005559460 proxy-server[123880]: - - 15/Dec/2025/08/31/30 HEAD /v1/AUTH_2f96e5f995e6442f94f881dabbe4dbf7/gnocchi.d36d970f-bfcb-4128-b7da-8b42c64e5836%3Fformat%3Djson%26states%3Dlisting HTTP/1.0 204 - Swift - - - - tx51634fdc0afd4432862a2-00693fc762 - 0.0140 RL - 1765787490.655013323 1765787490.669049501 0
Dec 15 08:31:30 np0005559460 object-server[122305]: 172.20.0.105 - - [15/Dec/2025:08:31:30 +0000] "GET /d1/607/AUTH_2f96e5f995e6442f94f881dabbe4dbf7/gnocchi.d4be3153-ae97-4616-8b82-58d45ed63c6e/1764720000.0_mean_300.0_v3" 404 70 "GET http://172.18.0.159:8080/v1/AUTH_2f96e5f995e6442f94f881dabbe4dbf7/gnocchi.d4be3153-ae97-4616-8b82-58d45ed63c6e/1764720000.0_mean_300.0_v3" "tx26e2f7b77e66411992079-00693fc762" "proxy-server 20" 0.0005 "-" 25 0
Dec 15 08:31:30 np0005559460 proxy-server[123880]: 172.18.0.159 172.18.0.104 15/Dec/2025/08/31/30 GET /v1/AUTH_2f96e5f995e6442f94f881dabbe4dbf7/gnocchi.d36d970f-bfcb-4128-b7da-8b42c64e5836%3Fformat%3Djson%26states%3Dlisting HTTP/1.0 200 - python-swiftclient-3.11.1 gAAAAABpP8cKWFq0... - 2 - tx51634fdc0afd4432862a2-00693fc762 - 0.0327 - - 1765787490.652779341 1765787490.685448647 0
Dec 15 08:31:30 np0005559460 object-server[122283]: 172.20.0.103 - - [15/Dec/2025:08:31:30 +0000] "GET /d1/378/AUTH_2f96e5f995e6442f94f881dabbe4dbf7/gnocchi.e267590c-bd3b-4f45-a5dc-979be28afdde/1764720000.0_mean_300.0_v3" 404 70 "GET http://172.18.0.159:8080/v1/AUTH_2f96e5f995e6442f94f881dabbe4dbf7/gnocchi.e267590c-bd3b-4f45-a5dc-979be28afdde/1764720000.0_mean_300.0_v3" "txb90b3ce08ea1439d850cb-00693fc762" "proxy-server 20" 0.0005 "-" 22 0
Dec 15 08:31:30 np0005559460 object-server[122293]: 172.20.0.105 - - [15/Dec/2025:08:31:30 +0000] "PUT /d1/607/AUTH_2f96e5f995e6442f94f881dabbe4dbf7/gnocchi.d4be3153-ae97-4616-8b82-58d45ed63c6e/1764720000.0_mean_300.0_v3" 201 - "PUT http://172.18.0.159:8080/v1/AUTH_2f96e5f995e6442f94f881dabbe4dbf7/gnocchi.d4be3153-ae97-4616-8b82-58d45ed63c6e/1764720000.0_mean_300.0_v3" "txeb69c98bf5d547af92917-00693fc762" "proxy-server 20" 0.0135 "-" 23 0
Dec 15 08:31:30 np0005559460 container-server[122013]: 172.20.0.103 - - [15/Dec/2025:08:31:30 +0000] "PUT /d1/50/AUTH_2f96e5f995e6442f94f881dabbe4dbf7/gnocchi.d4be3153-ae97-4616-8b82-58d45ed63c6e/1764720000.0_mean_300.0_v3" 201 - "PUT http://172.18.0.159:8080/d1/607/AUTH_2f96e5f995e6442f94f881dabbe4dbf7/gnocchi.d4be3153-ae97-4616-8b82-58d45ed63c6e/1764720000.0_mean_300.0_v3" "txeb69c98bf5d547af92917-00693fc762" "object-server 24" 0.0010 "-" 23 0
Dec 15 08:31:30 np0005559460 object-server[122305]: 172.20.0.104 - - [15/Dec/2025:08:31:30 +0000] "GET /d1/460/AUTH_2f96e5f995e6442f94f881dabbe4dbf7/gnocchi.d36d970f-bfcb-4128-b7da-8b42c64e5836/1764720000.0_mean_300.0_v3" 404 70 "GET http://172.18.0.159:8080/v1/AUTH_2f96e5f995e6442f94f881dabbe4dbf7/gnocchi.d36d970f-bfcb-4128-b7da-8b42c64e5836/1764720000.0_mean_300.0_v3" "tx11da5c90691e491c861c7-00693fc762" "proxy-server 20" 0.0004 "-" 25 0
Dec 15 08:31:30 np0005559460 proxy-server[123880]: 172.18.0.159 172.18.0.104 15/Dec/2025/08/31/30 GET /v1/AUTH_2f96e5f995e6442f94f881dabbe4dbf7/gnocchi.d36d970f-bfcb-4128-b7da-8b42c64e5836/1764720000.0_mean_300.0_v3 HTTP/1.0 404 - python-swiftclient-3.11.1 gAAAAABpP8cKWFq0... - 70 - tx11da5c90691e491c861c7-00693fc762 - 0.0157 - - 1765787490.691261292 1765787490.706930637 0
Dec 15 08:31:30 np0005559460 container-server[122003]: 172.20.0.103 - - [15/Dec/2025:08:31:30 +0000] "PUT /d1/989/AUTH_2f96e5f995e6442f94f881dabbe4dbf7/gnocchi.e267590c-bd3b-4f45-a5dc-979be28afdde/1764720000.0_mean_300.0_v3" 201 - "PUT http://172.18.0.159:8080/d1/378/AUTH_2f96e5f995e6442f94f881dabbe4dbf7/gnocchi.e267590c-bd3b-4f45-a5dc-979be28afdde/1764720000.0_mean_300.0_v3" "txe5a22817245b45b1ad243-00693fc762" "object-server 23" 0.0009 "-" 20 0
Dec 15 08:31:30 np0005559460 object-server[122297]: 172.20.0.103 - - [15/Dec/2025:08:31:30 +0000] "PUT /d1/378/AUTH_2f96e5f995e6442f94f881dabbe4dbf7/gnocchi.e267590c-bd3b-4f45-a5dc-979be28afdde/1764720000.0_mean_300.0_v3" 201 - "PUT http://172.18.0.159:8080/v1/AUTH_2f96e5f995e6442f94f881dabbe4dbf7/gnocchi.e267590c-bd3b-4f45-a5dc-979be28afdde/1764720000.0_mean_300.0_v3" "txe5a22817245b45b1ad243-00693fc762" "proxy-server 20" 0.0146 "-" 24 0
Dec 15 08:31:30 np0005559460 container-server[122012]: 172.20.0.104 - - [15/Dec/2025:08:31:30 +0000] "PUT /d1/50/AUTH_2f96e5f995e6442f94f881dabbe4dbf7/gnocchi.d4be3153-ae97-4616-8b82-58d45ed63c6e/none_v3" 201 - "PUT http://172.18.0.159:8080/d1/495/AUTH_2f96e5f995e6442f94f881dabbe4dbf7/gnocchi.d4be3153-ae97-4616-8b82-58d45ed63c6e/none_v3" "tx34beb4a3a1a142d293aed-00693fc762" "object-server 22" 0.0007 "-" 22 0
Dec 15 08:31:30 np0005559460 object-server[122283]: 172.20.0.105 - - [15/Dec/2025:08:31:30 +0000] "PUT /d1/495/AUTH_2f96e5f995e6442f94f881dabbe4dbf7/gnocchi.d4be3153-ae97-4616-8b82-58d45ed63c6e/none_v3" 201 - "PUT http://172.18.0.159:8080/v1/AUTH_2f96e5f995e6442f94f881dabbe4dbf7/gnocchi.d4be3153-ae97-4616-8b82-58d45ed63c6e/none_v3" "tx34beb4a3a1a142d293aed-00693fc762" "proxy-server 20" 0.0162 "-" 22 0
Dec 15 08:31:30 np0005559460 object-server[122293]: 172.20.0.104 - - [15/Dec/2025:08:31:30 +0000] "PUT /d1/460/AUTH_2f96e5f995e6442f94f881dabbe4dbf7/gnocchi.d36d970f-bfcb-4128-b7da-8b42c64e5836/1764720000.0_mean_300.0_v3" 201 - "PUT http://172.18.0.159:8080/v1/AUTH_2f96e5f995e6442f94f881dabbe4dbf7/gnocchi.d36d970f-bfcb-4128-b7da-8b42c64e5836/1764720000.0_mean_300.0_v3" "txb56848b2e17b46458575b-00693fc762" "proxy-server 20" 0.0118 "-" 23 0
Dec 15 08:31:30 np0005559460 container-server[122012]: 172.20.0.105 - - [15/Dec/2025:08:31:30 +0000] "PUT /d1/278/AUTH_2f96e5f995e6442f94f881dabbe4dbf7/gnocchi.d36d970f-bfcb-4128-b7da-8b42c64e5836/1764720000.0_mean_300.0_v3" 201 - "PUT http://172.18.0.159:8080/d1/460/AUTH_2f96e5f995e6442f94f881dabbe4dbf7/gnocchi.d36d970f-bfcb-4128-b7da-8b42c64e5836/1764720000.0_mean_300.0_v3" "txb56848b2e17b46458575b-00693fc762" "object-server 22" 0.0007 "-" 22 0
Dec 15 08:31:30 np0005559460 proxy-server[123880]: 172.18.0.159 172.18.0.104 15/Dec/2025/08/31/30 PUT /v1/AUTH_2f96e5f995e6442f94f881dabbe4dbf7/gnocchi.d36d970f-bfcb-4128-b7da-8b42c64e5836/1764720000.0_mean_300.0_v3 HTTP/1.0 201 - python-swiftclient-3.11.1 gAAAAABpP8cKWFq0... 16 - - txb56848b2e17b46458575b-00693fc762 - 0.0243 - - 1765787490.711483955 1765787490.735753059 0
Dec 15 08:31:30 np0005559460 container-server[122012]: 172.20.0.104 - - [15/Dec/2025:08:31:30 +0000] "HEAD /d1/277/AUTH_2f96e5f995e6442f94f881dabbe4dbf7/gnocchi.6ce0ec4c-233f-4379-ba59-b1de744aaba8" 404 - "HEAD http://172.18.0.159:8080/v1/AUTH_2f96e5f995e6442f94f881dabbe4dbf7/gnocchi.6ce0ec4c-233f-4379-ba59-b1de744aaba8?format=json&states=listing" "txd907c664cef64437b8e74-00693fc762" "proxy-server 20" 0.0005 "-" 22 0
Dec 15 08:31:30 np0005559460 container-server[122003]: 172.20.0.104 - - [15/Dec/2025:08:31:30 +0000] "PUT /d1/278/AUTH_2f96e5f995e6442f94f881dabbe4dbf7/gnocchi.d36d970f-bfcb-4128-b7da-8b42c64e5836/none_v3" 201 - "PUT http://172.18.0.159:8080/d1/263/AUTH_2f96e5f995e6442f94f881dabbe4dbf7/gnocchi.d36d970f-bfcb-4128-b7da-8b42c64e5836/none_v3" "txdba9bf7595c64803835bb-00693fc762" "object-server 23" 0.0006 "-" 20 0
Dec 15 08:31:30 np0005559460 object-server[122293]: 172.20.0.105 - - [15/Dec/2025:08:31:30 +0000] "PUT /d1/263/AUTH_2f96e5f995e6442f94f881dabbe4dbf7/gnocchi.d36d970f-bfcb-4128-b7da-8b42c64e5836/none_v3" 201 - "PUT http://172.18.0.159:8080/v1/AUTH_2f96e5f995e6442f94f881dabbe4dbf7/gnocchi.d36d970f-bfcb-4128-b7da-8b42c64e5836/none_v3" "txdba9bf7595c64803835bb-00693fc762" "proxy-server 20" 0.0120 "-" 23 0
Dec 15 08:31:30 np0005559460 container-server[122012]: 172.20.0.103 - - [15/Dec/2025:08:31:30 +0000] "PUT /d1/989/AUTH_2f96e5f995e6442f94f881dabbe4dbf7/gnocchi.e267590c-bd3b-4f45-a5dc-979be28afdde/none_v3" 201 - "PUT http://172.18.0.159:8080/d1/604/AUTH_2f96e5f995e6442f94f881dabbe4dbf7/gnocchi.e267590c-bd3b-4f45-a5dc-979be28afdde/none_v3" "tx76026a0571724672ad579-00693fc762" "object-server 22" 0.0008 "-" 22 0
Dec 15 08:31:30 np0005559460 object-server[122305]: 172.20.0.103 - - [15/Dec/2025:08:31:30 +0000] "PUT /d1/604/AUTH_2f96e5f995e6442f94f881dabbe4dbf7/gnocchi.e267590c-bd3b-4f45-a5dc-979be28afdde/none_v3" 201 - "PUT http://172.18.0.159:8080/v1/AUTH_2f96e5f995e6442f94f881dabbe4dbf7/gnocchi.e267590c-bd3b-4f45-a5dc-979be28afdde/none_v3" "tx76026a0571724672ad579-00693fc762" "proxy-server 20" 0.0127 "-" 25 0
Dec 15 08:31:30 np0005559460 object-server[122283]: 172.20.0.104 - - [15/Dec/2025:08:31:30 +0000] "GET /d1/611/AUTH_2f96e5f995e6442f94f881dabbe4dbf7/gnocchi.6ce0ec4c-233f-4379-ba59-b1de744aaba8/none_v3" 404 70 "GET http://172.18.0.159:8080/v1/AUTH_2f96e5f995e6442f94f881dabbe4dbf7/gnocchi.6ce0ec4c-233f-4379-ba59-b1de744aaba8/none_v3" "txd907c664cef64437b8e74-00693fc762" "proxy-server 20" 0.0005 "-" 22 0
Dec 15 08:31:30 np0005559460 proxy-server[123880]: 172.18.0.105 172.18.0.104 15/Dec/2025/08/31/30 GET /v1/AUTH_2f96e5f995e6442f94f881dabbe4dbf7/gnocchi.6ce0ec4c-233f-4379-ba59-b1de744aaba8/none_v3 HTTP/1.0 404 - python-swiftclient-3.11.1 gAAAAABpP8bDpUSn... - 70 - txd907c664cef64437b8e74-00693fc762 - 0.0279 - - 1765787490.747754574 1765787490.775645971 0
Dec 15 08:31:30 np0005559460 container-server[122013]: 172.20.0.104 - - [15/Dec/2025:08:31:30 +0000] "HEAD /d1/412/AUTH_2f96e5f995e6442f94f881dabbe4dbf7/gnocchi.02838bed-d538-42aa-b7bd-83dbf0314c10" 404 - "HEAD http://172.18.0.159:8080/v1/AUTH_2f96e5f995e6442f94f881dabbe4dbf7/gnocchi.02838bed-d538-42aa-b7bd-83dbf0314c10?format=json&states=listing" "tx2fa1c7237de6414fbece9-00693fc762" "proxy-server 20" 0.0006 "-" 23 0
Dec 15 08:31:30 np0005559460 account-server[121617]: 172.20.0.104 - - [15/Dec/2025:08:31:30 +0000] "PUT /d1/500/AUTH_2f96e5f995e6442f94f881dabbe4dbf7/gnocchi.6ce0ec4c-233f-4379-ba59-b1de744aaba8" 201 - "PUT http://172.20.0.104:6001/d1/277/AUTH_2f96e5f995e6442f94f881dabbe4dbf7/gnocchi.6ce0ec4c-233f-4379-ba59-b1de744aaba8" "tx6e7c6912d9154cfea3d8c-00693fc762" "container-server 21" 0.0064 "-" 21 0
Dec 15 08:31:30 np0005559460 container-server[122013]: 172.20.0.103 - - [15/Dec/2025:08:31:30 +0000] "HEAD /d1/148/AUTH_2f96e5f995e6442f94f881dabbe4dbf7/gnocchi.031e09e8-8710-4c61-8dd6-357e8411ed0d" 404 - "HEAD http://172.18.0.159:8080/v1/AUTH_2f96e5f995e6442f94f881dabbe4dbf7/gnocchi.031e09e8-8710-4c61-8dd6-357e8411ed0d?format=json&states=listing" "tx49fe888207954d5694ccc-00693fc762" "proxy-server 20" 0.0007 "-" 23 0
Dec 15 08:31:30 np0005559460 container-server[122008]: 172.20.0.105 - - [15/Dec/2025:08:31:30 +0000] "PUT /d1/277/AUTH_2f96e5f995e6442f94f881dabbe4dbf7/gnocchi.6ce0ec4c-233f-4379-ba59-b1de744aaba8" 201 - "PUT http://172.18.0.159:8080/v1/AUTH_2f96e5f995e6442f94f881dabbe4dbf7/gnocchi.6ce0ec4c-233f-4379-ba59-b1de744aaba8" "tx6e7c6912d9154cfea3d8c-00693fc762" "proxy-server 20" 0.0206 "-" 21 0
Dec 15 08:31:30 np0005559460 object-server[122297]: 172.20.0.104 - - [15/Dec/2025:08:31:30 +0000] "GET /d1/1004/AUTH_2f96e5f995e6442f94f881dabbe4dbf7/gnocchi.02838bed-d538-42aa-b7bd-83dbf0314c10/none_v3" 404 70 "GET http://172.18.0.159:8080/v1/AUTH_2f96e5f995e6442f94f881dabbe4dbf7/gnocchi.02838bed-d538-42aa-b7bd-83dbf0314c10/none_v3" "tx2fa1c7237de6414fbece9-00693fc762" "proxy-server 20" 0.0005 "-" 24 0
Dec 15 08:31:30 np0005559460 proxy-server[123880]: 172.18.0.159 172.18.0.104 15/Dec/2025/08/31/30 GET /v1/AUTH_2f96e5f995e6442f94f881dabbe4dbf7/gnocchi.02838bed-d538-42aa-b7bd-83dbf0314c10/none_v3 HTTP/1.0 404 - python-swiftclient-3.11.1 gAAAAABpP8cKWFq0... - 70 - tx2fa1c7237de6414fbece9-00693fc762 - 0.0293 - - 1765787490.787640333 1765787490.816934824 0
Dec 15 08:31:30 np0005559460 object-server[122305]: 172.20.0.103 - - [15/Dec/2025:08:31:30 +0000] "GET /d1/862/AUTH_2f96e5f995e6442f94f881dabbe4dbf7/gnocchi.031e09e8-8710-4c61-8dd6-357e8411ed0d/none_v3" 404 70 "GET http://172.18.0.159:8080/v1/AUTH_2f96e5f995e6442f94f881dabbe4dbf7/gnocchi.031e09e8-8710-4c61-8dd6-357e8411ed0d/none_v3" "tx49fe888207954d5694ccc-00693fc762" "proxy-server 20" 0.0006 "-" 25 0
Dec 15 08:31:30 np0005559460 container-server[122008]: 172.20.0.105 - - [15/Dec/2025:08:31:30 +0000] "HEAD /d1/277/AUTH_2f96e5f995e6442f94f881dabbe4dbf7/gnocchi.6ce0ec4c-233f-4379-ba59-b1de744aaba8" 204 - "HEAD http://172.18.0.159:8080/v1/AUTH_2f96e5f995e6442f94f881dabbe4dbf7/gnocchi.6ce0ec4c-233f-4379-ba59-b1de744aaba8?format=json&states=listing" "tx4145529cdb9449d2a4cb6-00693fc762" "proxy-server 20" 0.0021 "-" 21 0
Dec 15 08:31:30 np0005559460 object-server[122293]: 172.20.0.105 - - [15/Dec/2025:08:31:30 +0000] "GET /d1/703/AUTH_2f96e5f995e6442f94f881dabbe4dbf7/gnocchi.6ce0ec4c-233f-4379-ba59-b1de744aaba8/1764720000.0_mean_300.0_v3" 404 70 "GET http://172.18.0.159:8080/v1/AUTH_2f96e5f995e6442f94f881dabbe4dbf7/gnocchi.6ce0ec4c-233f-4379-ba59-b1de744aaba8/1764720000.0_mean_300.0_v3" "tx5f62ebe98fe743bcb1426-00693fc762" "proxy-server 20" 0.0006 "-" 23 0
Dec 15 08:31:30 np0005559460 account-server[121592]: 172.20.0.104 - - [15/Dec/2025:08:31:30 +0000] "PUT /d1/500/AUTH_2f96e5f995e6442f94f881dabbe4dbf7/gnocchi.02838bed-d538-42aa-b7bd-83dbf0314c10" 201 - "PUT http://172.20.0.104:6001/d1/412/AUTH_2f96e5f995e6442f94f881dabbe4dbf7/gnocchi.02838bed-d538-42aa-b7bd-83dbf0314c10" "tx1b0a0393e04f4903aa93a-00693fc762" "container-server 20" 0.0081 "-" 20 0
Dec 15 08:31:30 np0005559460 container-server[122003]: 172.20.0.104 - - [15/Dec/2025:08:31:30 +0000] "PUT /d1/412/AUTH_2f96e5f995e6442f94f881dabbe4dbf7/gnocchi.02838bed-d538-42aa-b7bd-83dbf0314c10" 201 - "PUT http://172.18.0.159:8080/v1/AUTH_2f96e5f995e6442f94f881dabbe4dbf7/gnocchi.02838bed-d538-42aa-b7bd-83dbf0314c10" "tx1b0a0393e04f4903aa93a-00693fc762" "proxy-server 20" 0.0225 "-" 20 0
Dec 15 08:31:30 np0005559460 proxy-server[123880]: 172.18.0.159 172.18.0.104 15/Dec/2025/08/31/30 PUT /v1/AUTH_2f96e5f995e6442f94f881dabbe4dbf7/gnocchi.02838bed-d538-42aa-b7bd-83dbf0314c10 HTTP/1.0 201 - python-swiftclient-3.11.1 gAAAAABpP8cKWFq0... - - - tx1b0a0393e04f4903aa93a-00693fc762 - 0.0329 - - 1765787490.820755720 1765787490.853621483 0
Dec 15 08:31:30 np0005559460 account-server[121592]: 172.20.0.103 - - [15/Dec/2025:08:31:30 +0000] "PUT /d1/500/AUTH_2f96e5f995e6442f94f881dabbe4dbf7/gnocchi.031e09e8-8710-4c61-8dd6-357e8411ed0d" 201 - "PUT http://172.20.0.103:6001/d1/148/AUTH_2f96e5f995e6442f94f881dabbe4dbf7/gnocchi.031e09e8-8710-4c61-8dd6-357e8411ed0d" "txf184a7d99372423ea8040-00693fc762" "container-server 23" 0.0057 "-" 20 0
Dec 15 08:31:30 np0005559460 container-server[122003]: 172.20.0.103 - - [15/Dec/2025:08:31:30 +0000] "PUT /d1/148/AUTH_2f96e5f995e6442f94f881dabbe4dbf7/gnocchi.031e09e8-8710-4c61-8dd6-357e8411ed0d" 201 - "PUT http://172.18.0.159:8080/v1/AUTH_2f96e5f995e6442f94f881dabbe4dbf7/gnocchi.031e09e8-8710-4c61-8dd6-357e8411ed0d" "txf184a7d99372423ea8040-00693fc762" "proxy-server 20" 0.0213 "-" 20 0
Dec 15 08:31:30 np0005559460 proxy-server[123880]: - - 15/Dec/2025/08/31/30 HEAD /v1/AUTH_2f96e5f995e6442f94f881dabbe4dbf7/gnocchi.02838bed-d538-42aa-b7bd-83dbf0314c10%3Fformat%3Djson%26states%3Dlisting HTTP/1.0 204 - Swift - - - - tx3b83358b82db4a6786a8d-00693fc762 - 0.0062 RL - 1765787490.861935377 1765787490.868150711 0
Dec 15 08:31:30 np0005559460 container-server[122012]: 172.20.0.105 - - [15/Dec/2025:08:31:30 +0000] "PUT /d1/277/AUTH_2f96e5f995e6442f94f881dabbe4dbf7/gnocchi.6ce0ec4c-233f-4379-ba59-b1de744aaba8/1764720000.0_mean_300.0_v3" 201 - "PUT http://172.18.0.159:8080/d1/703/AUTH_2f96e5f995e6442f94f881dabbe4dbf7/gnocchi.6ce0ec4c-233f-4379-ba59-b1de744aaba8/1764720000.0_mean_300.0_v3" "tx5426b38f9e9442398b0be-00693fc762" "object-server 19" 0.0007 "-" 22 0
Dec 15 08:31:30 np0005559460 object-server[122283]: 172.20.0.105 - - [15/Dec/2025:08:31:30 +0000] "PUT /d1/703/AUTH_2f96e5f995e6442f94f881dabbe4dbf7/gnocchi.6ce0ec4c-233f-4379-ba59-b1de744aaba8/1764720000.0_mean_300.0_v3" 201 - "PUT http://172.18.0.159:8080/v1/AUTH_2f96e5f995e6442f94f881dabbe4dbf7/gnocchi.6ce0ec4c-233f-4379-ba59-b1de744aaba8/1764720000.0_mean_300.0_v3" "tx5426b38f9e9442398b0be-00693fc762" "proxy-server 20" 0.0127 "-" 22 0
Dec 15 08:31:30 np0005559460 proxy-server[123880]: 172.18.0.159 172.18.0.104 15/Dec/2025/08/31/30 GET /v1/AUTH_2f96e5f995e6442f94f881dabbe4dbf7/gnocchi.02838bed-d538-42aa-b7bd-83dbf0314c10%3Fformat%3Djson%26states%3Dlisting HTTP/1.0 200 - python-swiftclient-3.11.1 gAAAAABpP8cKWFq0... - 2 - tx3b83358b82db4a6786a8d-00693fc762 - 0.0246 - - 1765787490.860359192 1765787490.884950876 0
Dec 15 08:31:30 np0005559460 object-server[122283]: 172.20.0.103 - - [15/Dec/2025:08:31:30 +0000] "GET /d1/254/AUTH_2f96e5f995e6442f94f881dabbe4dbf7/gnocchi.031e09e8-8710-4c61-8dd6-357e8411ed0d/1764720000.0_mean_300.0_v3" 404 70 "GET http://172.18.0.159:8080/v1/AUTH_2f96e5f995e6442f94f881dabbe4dbf7/gnocchi.031e09e8-8710-4c61-8dd6-357e8411ed0d/1764720000.0_mean_300.0_v3" "tx5692a00000e94ea38e4e4-00693fc762" "proxy-server 20" 0.0006 "-" 22 0
Dec 15 08:31:30 np0005559460 container-server[122003]: 172.20.0.103 - - [15/Dec/2025:08:31:30 +0000] "PUT /d1/277/AUTH_2f96e5f995e6442f94f881dabbe4dbf7/gnocchi.6ce0ec4c-233f-4379-ba59-b1de744aaba8/none_v3" 201 - "PUT http://172.18.0.159:8080/d1/611/AUTH_2f96e5f995e6442f94f881dabbe4dbf7/gnocchi.6ce0ec4c-233f-4379-ba59-b1de744aaba8/none_v3" "tx8428980caca3454e97895-00693fc762" "object-server 25" 0.0007 "-" 20 0
Dec 15 08:31:30 np0005559460 object-server[122305]: 172.20.0.105 - - [15/Dec/2025:08:31:30 +0000] "PUT /d1/611/AUTH_2f96e5f995e6442f94f881dabbe4dbf7/gnocchi.6ce0ec4c-233f-4379-ba59-b1de744aaba8/none_v3" 201 - "PUT http://172.18.0.159:8080/v1/AUTH_2f96e5f995e6442f94f881dabbe4dbf7/gnocchi.6ce0ec4c-233f-4379-ba59-b1de744aaba8/none_v3" "tx8428980caca3454e97895-00693fc762" "proxy-server 20" 0.0109 "-" 25 0
Dec 15 08:31:30 np0005559460 object-server[122305]: 172.20.0.104 - - [15/Dec/2025:08:31:30 +0000] "GET /d1/938/AUTH_2f96e5f995e6442f94f881dabbe4dbf7/gnocchi.02838bed-d538-42aa-b7bd-83dbf0314c10/1764720000.0_mean_300.0_v3" 404 70 "GET http://172.18.0.159:8080/v1/AUTH_2f96e5f995e6442f94f881dabbe4dbf7/gnocchi.02838bed-d538-42aa-b7bd-83dbf0314c10/1764720000.0_mean_300.0_v3" "tx89e2d30907b645909b717-00693fc762" "proxy-server 20" 0.0004 "-" 25 0
Dec 15 08:31:30 np0005559460 proxy-server[123880]: 172.18.0.159 172.18.0.104 15/Dec/2025/08/31/30 GET /v1/AUTH_2f96e5f995e6442f94f881dabbe4dbf7/gnocchi.02838bed-d538-42aa-b7bd-83dbf0314c10/1764720000.0_mean_300.0_v3 HTTP/1.0 404 - python-swiftclient-3.11.1 gAAAAABpP8cKWFq0... - 70 - tx89e2d30907b645909b717-00693fc762 - 0.0167 - - 1765787490.891543627 1765787490.908285856 0
Dec 15 08:31:30 np0005559460 container-server[122012]: 172.20.0.105 - - [15/Dec/2025:08:31:30 +0000] "PUT /d1/148/AUTH_2f96e5f995e6442f94f881dabbe4dbf7/gnocchi.031e09e8-8710-4c61-8dd6-357e8411ed0d/1764720000.0_mean_300.0_v3" 201 - "PUT http://172.18.0.159:8080/d1/254/AUTH_2f96e5f995e6442f94f881dabbe4dbf7/gnocchi.031e09e8-8710-4c61-8dd6-357e8411ed0d/1764720000.0_mean_300.0_v3" "tx7fa3f5ac8b24403e90ff1-00693fc762" "object-server 25" 0.0007 "-" 22 0
Dec 15 08:31:30 np0005559460 container-server[122008]: 172.20.0.104 - - [15/Dec/2025:08:31:30 +0000] "HEAD /d1/835/AUTH_2f96e5f995e6442f94f881dabbe4dbf7/gnocchi.17fccf1f-2bf0-4420-9d93-34b7e30c033d" 404 - "HEAD http://172.18.0.159:8080/v1/AUTH_2f96e5f995e6442f94f881dabbe4dbf7/gnocchi.17fccf1f-2bf0-4420-9d93-34b7e30c033d?format=json&states=listing" "txef064464bc2742e391394-00693fc762" "proxy-server 20" 0.0007 "-" 21 0
Dec 15 08:31:30 np0005559460 object-server[122293]: 172.20.0.105 - - [15/Dec/2025:08:31:30 +0000] "PUT /d1/254/AUTH_2f96e5f995e6442f94f881dabbe4dbf7/gnocchi.031e09e8-8710-4c61-8dd6-357e8411ed0d/1764720000.0_mean_300.0_v3" 201 - "PUT http://172.18.0.159:8080/v1/AUTH_2f96e5f995e6442f94f881dabbe4dbf7/gnocchi.031e09e8-8710-4c61-8dd6-357e8411ed0d/1764720000.0_mean_300.0_v3" "tx7fa3f5ac8b24403e90ff1-00693fc762" "proxy-server 20" 0.0122 "-" 23 0
Dec 15 08:31:30 np0005559460 object-server[122283]: 172.20.0.104 - - [15/Dec/2025:08:31:30 +0000] "GET /d1/870/AUTH_2f96e5f995e6442f94f881dabbe4dbf7/gnocchi.17fccf1f-2bf0-4420-9d93-34b7e30c033d/none_v3" 404 70 "GET http://172.18.0.159:8080/v1/AUTH_2f96e5f995e6442f94f881dabbe4dbf7/gnocchi.17fccf1f-2bf0-4420-9d93-34b7e30c033d/none_v3" "txef064464bc2742e391394-00693fc762" "proxy-server 20" 0.0004 "-" 22 0
Dec 15 08:31:30 np0005559460 container-server[122012]: 172.20.0.104 - - [15/Dec/2025:08:31:30 +0000] "PUT /d1/412/AUTH_2f96e5f995e6442f94f881dabbe4dbf7/gnocchi.02838bed-d538-42aa-b7bd-83dbf0314c10/1764720000.0_mean_300.0_v3" 201 - "PUT http://172.18.0.159:8080/d1/938/AUTH_2f96e5f995e6442f94f881dabbe4dbf7/gnocchi.02838bed-d538-42aa-b7bd-83dbf0314c10/1764720000.0_mean_300.0_v3" "txc2bf492a1c4a4507b87ba-00693fc762" "object-server 24" 0.0006 "-" 22 0
Dec 15 08:31:30 np0005559460 object-server[122297]: 172.20.0.103 - - [15/Dec/2025:08:31:30 +0000] "PUT /d1/938/AUTH_2f96e5f995e6442f94f881dabbe4dbf7/gnocchi.02838bed-d538-42aa-b7bd-83dbf0314c10/1764720000.0_mean_300.0_v3" 201 - "PUT http://172.18.0.159:8080/v1/AUTH_2f96e5f995e6442f94f881dabbe4dbf7/gnocchi.02838bed-d538-42aa-b7bd-83dbf0314c10/1764720000.0_mean_300.0_v3" "txc2bf492a1c4a4507b87ba-00693fc762" "proxy-server 20" 0.0121 "-" 24 0
Dec 15 08:31:30 np0005559460 proxy-server[123880]: 172.18.0.105 172.18.0.104 15/Dec/2025/08/31/30 GET /v1/AUTH_2f96e5f995e6442f94f881dabbe4dbf7/gnocchi.17fccf1f-2bf0-4420-9d93-34b7e30c033d/none_v3 HTTP/1.0 404 - python-swiftclient-3.11.1 gAAAAABpP8bDpUSn... - 70 - txef064464bc2742e391394-00693fc762 - 0.0256 - - 1765787490.916513443 1765787490.942121744 0
Dec 15 08:31:30 np0005559460 container-server[122013]: 172.20.0.104 - - [15/Dec/2025:08:31:30 +0000] "PUT /d1/148/AUTH_2f96e5f995e6442f94f881dabbe4dbf7/gnocchi.031e09e8-8710-4c61-8dd6-357e8411ed0d/none_v3" 201 - "PUT http://172.18.0.159:8080/d1/862/AUTH_2f96e5f995e6442f94f881dabbe4dbf7/gnocchi.031e09e8-8710-4c61-8dd6-357e8411ed0d/none_v3" "txab33a7c1ad6d48a99f4f4-00693fc762" "object-server 25" 0.0009 "-" 23 0
Dec 15 08:31:30 np0005559460 object-server[122305]: 172.20.0.105 - - [15/Dec/2025:08:31:30 +0000] "PUT /d1/862/AUTH_2f96e5f995e6442f94f881dabbe4dbf7/gnocchi.031e09e8-8710-4c61-8dd6-357e8411ed0d/none_v3" 201 - "PUT http://172.18.0.159:8080/v1/AUTH_2f96e5f995e6442f94f881dabbe4dbf7/gnocchi.031e09e8-8710-4c61-8dd6-357e8411ed0d/none_v3" "txab33a7c1ad6d48a99f4f4-00693fc762" "proxy-server 20" 0.0121 "-" 25 0
Dec 15 08:31:30 np0005559460 account-server[121629]: 172.20.0.103 - - [15/Dec/2025:08:31:30 +0000] "PUT /d1/500/AUTH_2f96e5f995e6442f94f881dabbe4dbf7/gnocchi.17fccf1f-2bf0-4420-9d93-34b7e30c033d" 201 - "PUT http://172.20.0.103:6001/d1/835/AUTH_2f96e5f995e6442f94f881dabbe4dbf7/gnocchi.17fccf1f-2bf0-4420-9d93-34b7e30c033d" "txb38675a30c2b4549843ad-00693fc762" "container-server 20" 0.0055 "-" 23 0
Dec 15 08:31:30 np0005559460 container-server[122013]: 172.20.0.104 - - [15/Dec/2025:08:31:30 +0000] "PUT /d1/412/AUTH_2f96e5f995e6442f94f881dabbe4dbf7/gnocchi.02838bed-d538-42aa-b7bd-83dbf0314c10/none_v3" 201 - "PUT http://172.18.0.159:8080/d1/1004/AUTH_2f96e5f995e6442f94f881dabbe4dbf7/gnocchi.02838bed-d538-42aa-b7bd-83dbf0314c10/none_v3" "tx7f73467f469245ac95b85-00693fc762" "object-server 23" 0.0008 "-" 23 0
Dec 15 08:31:30 np0005559460 object-server[122293]: 172.20.0.103 - - [15/Dec/2025:08:31:30 +0000] "PUT /d1/1004/AUTH_2f96e5f995e6442f94f881dabbe4dbf7/gnocchi.02838bed-d538-42aa-b7bd-83dbf0314c10/none_v3" 201 - "PUT http://172.18.0.159:8080/v1/AUTH_2f96e5f995e6442f94f881dabbe4dbf7/gnocchi.02838bed-d538-42aa-b7bd-83dbf0314c10/none_v3" "tx7f73467f469245ac95b85-00693fc762" "proxy-server 20" 0.0166 "-" 23 0
Dec 15 08:31:30 np0005559460 container-server[122008]: 172.20.0.104 - - [15/Dec/2025:08:31:30 +0000] "PUT /d1/835/AUTH_2f96e5f995e6442f94f881dabbe4dbf7/gnocchi.17fccf1f-2bf0-4420-9d93-34b7e30c033d" 201 - "PUT http://172.18.0.159:8080/v1/AUTH_2f96e5f995e6442f94f881dabbe4dbf7/gnocchi.17fccf1f-2bf0-4420-9d93-34b7e30c033d" "txb38675a30c2b4549843ad-00693fc762" "proxy-server 20" 0.0204 "-" 21 0
Dec 15 08:31:30 np0005559460 proxy-server[123880]: 172.18.0.105 172.18.0.104 15/Dec/2025/08/31/30 PUT /v1/AUTH_2f96e5f995e6442f94f881dabbe4dbf7/gnocchi.17fccf1f-2bf0-4420-9d93-34b7e30c033d HTTP/1.0 201 - python-swiftclient-3.11.1 gAAAAABpP8bDpUSn... - - - txb38675a30c2b4549843ad-00693fc762 - 0.0298 - - 1765787490.947484016 1765787490.977240324 0
Dec 15 08:31:30 np0005559460 object-server[217706]: Begin object audit "forever" mode (ZBF)
Dec 15 08:31:30 np0005559460 container-server[122008]: 172.20.0.105 - - [15/Dec/2025:08:31:30 +0000] "HEAD /d1/210/AUTH_2f96e5f995e6442f94f881dabbe4dbf7/gnocchi.44058b93-1b81-433c-afb0-7b9ffd7cc5c7" 404 - "HEAD http://172.18.0.159:8080/v1/AUTH_2f96e5f995e6442f94f881dabbe4dbf7/gnocchi.44058b93-1b81-433c-afb0-7b9ffd7cc5c7?format=json&states=listing" "txdf281028613e4e07b6156-00693fc762" "proxy-server 20" 0.0005 "-" 21 0
Dec 15 08:31:30 np0005559460 object-server[217706]: Object audit (ZBF). Since Mon Dec 15 08:31:30 2025: Locally: 1 passed, 0 quarantined, 0 errors, files/sec: 624.15, bytes/sec: 0.00, Total time: 0.00, Auditing time: 0.00, Rate: 0.00
Dec 15 08:31:30 np0005559460 object-server[122283]: 172.20.0.105 - - [15/Dec/2025:08:31:30 +0000] "GET /d1/570/AUTH_2f96e5f995e6442f94f881dabbe4dbf7/gnocchi.44058b93-1b81-433c-afb0-7b9ffd7cc5c7/none_v3" 404 70 "GET http://172.18.0.159:8080/v1/AUTH_2f96e5f995e6442f94f881dabbe4dbf7/gnocchi.44058b93-1b81-433c-afb0-7b9ffd7cc5c7/none_v3" "txdf281028613e4e07b6156-00693fc762" "proxy-server 20" 0.0006 "-" 22 0
Dec 15 08:31:31 np0005559460 container-server[122003]: 172.20.0.104 - - [15/Dec/2025:08:31:30 +0000] "HEAD /d1/415/AUTH_2f96e5f995e6442f94f881dabbe4dbf7/gnocchi.5435b1c7-2c9b-45fb-97c2-3cc129347a44" 404 - "HEAD http://172.18.0.159:8080/v1/AUTH_2f96e5f995e6442f94f881dabbe4dbf7/gnocchi.5435b1c7-2c9b-45fb-97c2-3cc129347a44?format=json&states=listing" "tx48e51d3abada4321876f7-00693fc762" "proxy-server 20" 0.0005 "-" 20 0
