Dec 15 08:33:05 np0005559460 container-server[121571]: 44 successes, 0 failures
Dec 15 08:33:05 np0005559460 container-server[121571]: diff:0 diff_capped:0 empty:0 hashmatch:0 no_change:44 remote_merge:0 rsync:0 ts_repl:0
Dec 15 08:33:05 np0005559460 object-server[229488]: Object audit (ALL) "forever" mode completed: 2.16s. Total quarantined: 0, Total errors: 0, Total files/sec: 20.36, Total bytes/sec: 391.55, Auditing time: 2.15, Rate: 0.99
Dec 15 08:33:20 np0005559460 account-server[121191]: Beginning replication run
Dec 15 08:33:20 np0005559460 account-server[121191]: Replication run OVER
Dec 15 08:33:20 np0005559460 account-server[121191]: Attempted to replicate 1 dbs in 0.02190 seconds (45.66053/s)
Dec 15 08:33:20 np0005559460 account-server[121191]: Removed 0 dbs
Dec 15 08:33:20 np0005559460 account-server[121191]: 2 successes, 0 failures
Dec 15 08:33:20 np0005559460 account-server[121191]: diff:0 diff_capped:0 empty:0 hashmatch:0 no_change:2 remote_merge:0 rsync:0 ts_repl:0
Dec 15 08:33:26 np0005559460 container-server[121766]: Begin container update sweep
Dec 15 08:33:26 np0005559460 account-server[121627]: 172.20.0.104 - - [15/Dec/2025:08:33:26 +0000] "PUT /d1/500/AUTH_2f96e5f995e6442f94f881dabbe4dbf7/gnocchi.07d40812-c778-4f29-b696-1477e08c5fa4" 201 - "-" "-" "container-updater 2" 0.0011 "-" 22 0
Dec 15 08:33:26 np0005559460 account-server[121627]: 172.20.0.104 - - [15/Dec/2025:08:33:26 +0000] "PUT /d1/500/AUTH_2f96e5f995e6442f94f881dabbe4dbf7/gnocchi.e267590c-bd3b-4f45-a5dc-979be28afdde" 201 - "-" "-" "container-updater 2" 0.0009 "-" 22 0
Dec 15 08:33:26 np0005559460 account-server[121627]: 172.20.0.104 - - [15/Dec/2025:08:33:26 +0000] "PUT /d1/500/AUTH_2f96e5f995e6442f94f881dabbe4dbf7/gnocchi.5a2b2660-8649-4254-9d78-11df70d10a6b" 201 - "-" "-" "container-updater 2" 0.0007 "-" 22 0
Dec 15 08:33:26 np0005559460 account-server[121592]: 172.20.0.104 - - [15/Dec/2025:08:33:26 +0000] "PUT /d1/500/AUTH_2f96e5f995e6442f94f881dabbe4dbf7/gnocchi.fbb46259-888b-4ded-aa6d-8b0a9a5bab94" 201 - "-" "-" "container-updater 2" 0.0008 "-" 20 0
Dec 15 08:33:26 np0005559460 account-server[121592]: 172.20.0.104 - - [15/Dec/2025:08:33:26 +0000] "PUT /d1/500/AUTH_2f96e5f995e6442f94f881dabbe4dbf7/gnocchi.26c9b737-5459-4c7e-8b8f-187aa2d75f31" 201 - "-" "-" "container-updater 2" 0.0011 "-" 20 0
Dec 15 08:33:26 np0005559460 account-server[121592]: 172.20.0.104 - - [15/Dec/2025:08:33:26 +0000] "PUT /d1/500/AUTH_2f96e5f995e6442f94f881dabbe4dbf7/gnocchi.110f0ff1-ee79-4e01-ada3-3c9636af5015" 201 - "-" "-" "container-updater 2" 0.0007 "-" 20 0
Dec 15 08:33:26 np0005559460 account-server[121617]: 172.20.0.104 - - [15/Dec/2025:08:33:26 +0000] "PUT /d1/500/AUTH_2f96e5f995e6442f94f881dabbe4dbf7/gnocchi.44058b93-1b81-433c-afb0-7b9ffd7cc5c7" 201 - "-" "-" "container-updater 2" 0.0006 "-" 21 0
Dec 15 08:33:26 np0005559460 account-server[121627]: 172.20.0.104 - - [15/Dec/2025:08:33:26 +0000] "PUT /d1/500/AUTH_2f96e5f995e6442f94f881dabbe4dbf7/gnocchi.42f7803c-5d2a-4756-9f97-00cb19feaf08" 201 - "-" "-" "container-updater 2" 0.0005 "-" 22 0
Dec 15 08:33:26 np0005559460 account-server[121629]: 172.20.0.104 - - [15/Dec/2025:08:33:26 +0000] "PUT /d1/500/AUTH_2f96e5f995e6442f94f881dabbe4dbf7/gnocchi.5435b1c7-2c9b-45fb-97c2-3cc129347a44" 201 - "-" "-" "container-updater 2" 0.0005 "-" 23 0
Dec 15 08:33:27 np0005559460 account-server[121617]: 172.20.0.104 - - [15/Dec/2025:08:33:27 +0000] "PUT /d1/500/AUTH_2f96e5f995e6442f94f881dabbe4dbf7/gnocchi.37696d65-2710-4b7d-8243-e18d5e8b5fc2" 201 - "-" "-" "container-updater 2" 0.0006 "-" 21 0
Dec 15 08:33:27 np0005559460 account-server[121627]: 172.20.0.104 - - [15/Dec/2025:08:33:27 +0000] "PUT /d1/500/AUTH_2f96e5f995e6442f94f881dabbe4dbf7/gnocchi.e505e81c-d504-4336-b1d5-99593587132d" 201 - "-" "-" "container-updater 2" 0.0005 "-" 22 0
Dec 15 08:33:27 np0005559460 account-server[121617]: 172.20.0.104 - - [15/Dec/2025:08:33:27 +0000] "PUT /d1/500/AUTH_2f96e5f995e6442f94f881dabbe4dbf7/gnocchi.d36d970f-bfcb-4128-b7da-8b42c64e5836" 201 - "-" "-" "container-updater 2" 0.0006 "-" 21 0
Dec 15 08:33:27 np0005559460 account-server[121617]: 172.20.0.104 - - [15/Dec/2025:08:33:27 +0000] "PUT /d1/500/AUTH_2f96e5f995e6442f94f881dabbe4dbf7/gnocchi.e391eab4-45c2-4a3f-9825-ef2977a93b02" 201 - "-" "-" "container-updater 2" 0.0004 "-" 21 0
Dec 15 08:33:27 np0005559460 account-server[121592]: 172.20.0.104 - - [15/Dec/2025:08:33:27 +0000] "PUT /d1/500/AUTH_2f96e5f995e6442f94f881dabbe4dbf7/gnocchi.d4be3153-ae97-4616-8b82-58d45ed63c6e" 201 - "-" "-" "container-updater 2" 0.0005 "-" 20 0
Dec 15 08:33:27 np0005559460 account-server[121592]: 172.20.0.104 - - [15/Dec/2025:08:33:27 +0000] "PUT /d1/500/AUTH_2f96e5f995e6442f94f881dabbe4dbf7/gnocchi.daa01772-468e-4336-96c3-1a0b9614a618" 201 - "-" "-" "container-updater 2" 0.0006 "-" 20 0
Dec 15 08:33:27 np0005559460 account-server[121627]: 172.20.0.104 - - [15/Dec/2025:08:33:27 +0000] "PUT /d1/500/AUTH_2f96e5f995e6442f94f881dabbe4dbf7/gnocchi.6d422243-1822-42cd-8ec4-0cb3f8476463" 201 - "-" "-" "container-updater 2" 0.0007 "-" 22 0
Dec 15 08:33:27 np0005559460 account-server[121617]: 172.20.0.104 - - [15/Dec/2025:08:33:27 +0000] "PUT /d1/500/AUTH_2f96e5f995e6442f94f881dabbe4dbf7/gnocchi.6ce0ec4c-233f-4379-ba59-b1de744aaba8" 201 - "-" "-" "container-updater 2" 0.0011 "-" 21 0
Dec 15 08:33:27 np0005559460 account-server[121592]: 172.20.0.104 - - [15/Dec/2025:08:33:27 +0000] "PUT /d1/500/AUTH_2f96e5f995e6442f94f881dabbe4dbf7/gnocchi.031e09e8-8710-4c61-8dd6-357e8411ed0d" 201 - "-" "-" "container-updater 2" 0.0007 "-" 20 0
Dec 15 08:33:27 np0005559460 account-server[121627]: 172.20.0.104 - - [15/Dec/2025:08:33:27 +0000] "PUT /d1/500/AUTH_2f96e5f995e6442f94f881dabbe4dbf7/gnocchi.11f89d50-b167-40c1-8548-804f0c620f7b" 201 - "-" "-" "container-updater 2" 0.0007 "-" 22 0
Dec 15 08:33:27 np0005559460 account-server[121629]: 172.20.0.104 - - [15/Dec/2025:08:33:27 +0000] "PUT /d1/500/AUTH_2f96e5f995e6442f94f881dabbe4dbf7/gnocchi.17fccf1f-2bf0-4420-9d93-34b7e30c033d" 201 - "-" "-" "container-updater 2" 0.0007 "-" 23 0
Dec 15 08:33:27 np0005559460 account-server[121592]: 172.20.0.104 - - [15/Dec/2025:08:33:27 +0000] "PUT /d1/500/AUTH_2f96e5f995e6442f94f881dabbe4dbf7/gnocchi.02838bed-d538-42aa-b7bd-83dbf0314c10" 201 - "-" "-" "container-updater 2" 0.0005 "-" 20 0
Dec 15 08:33:27 np0005559460 account-server[121629]: 172.20.0.104 - - [15/Dec/2025:08:33:27 +0000] "PUT /d1/500/AUTH_2f96e5f995e6442f94f881dabbe4dbf7/gnocchi.ed7db153-4770-4ae8-a8e1-00a79471f946" 201 - "-" "-" "container-updater 2" 0.0007 "-" 23 0
Dec 15 08:33:28 np0005559460 container-server[121766]: Container update sweep completed: 1.70s
Dec 15 08:33:30 np0005559460 object-server[122090]: Starting object replication pass.
Dec 15 08:33:30 np0005559460 object-server[122090]: 44/44 (100.00%) partitions replicated in 0.47s (94.17/sec, 0s remaining)
Dec 15 08:33:30 np0005559460 object-server[122090]: 88 successes, 0 failures
Dec 15 08:33:30 np0005559460 object-server[122090]: 44 suffixes checked - 0.00% hashed, 0.00% synced
Dec 15 08:33:30 np0005559460 object-server[122090]: Partition times: max 0.0459s, min 0.0058s, med 0.0094s
Dec 15 08:33:30 np0005559460 object-server[122090]: Object replication complete. (0.01 minutes)
Dec 15 08:33:34 np0005559460 object-server[229621]: Begin object audit "forever" mode (ZBF)
Dec 15 08:33:34 np0005559460 object-server[229621]: Object audit (ZBF). Since Mon Dec 15 08:33:34 2025: Locally: 1 passed, 0 quarantined, 0 errors, files/sec: 569.18, bytes/sec: 0.00, Total time: 0.00, Auditing time: 0.00, Rate: 0.00
Dec 15 08:33:35 np0005559460 container-server[121571]: Beginning replication run
Dec 15 08:33:35 np0005559460 object-server[229621]: Object audit (ZBF) "forever" mode completed: 0.84s. Total quarantined: 0, Total errors: 0, Total files/sec: 52.18, Total bytes/sec: 0.00, Auditing time: 0.83, Rate: 0.99
Dec 15 08:33:35 np0005559460 container-server[121571]: Replication run OVER
Dec 15 08:33:35 np0005559460 container-server[121571]: Attempted to replicate 22 dbs in 0.43518 seconds (50.55393/s)
Dec 15 08:33:35 np0005559460 container-server[121571]: Removed 0 dbs
Dec 15 08:33:35 np0005559460 container-server[121571]: 44 successes, 0 failures
Dec 15 08:33:35 np0005559460 container-server[121571]: diff:0 diff_capped:0 empty:0 hashmatch:0 no_change:44 remote_merge:0 rsync:0 ts_repl:0
Dec 15 08:33:40 np0005559460 account-server[121629]: 172.20.0.103 - - [15/Dec/2025:08:33:40 +0000] "HEAD /d1/700/.expiring_objects" 404 - "HEAD http://localhost/v1/.expiring_objects?format=json" "txb29c950baf9f4877b7450-00693fc7e4" "proxy-server 2" 0.0007 "-" 23 -
Dec 15 08:33:50 np0005559460 account-server[121191]: Beginning replication run
Dec 15 08:33:50 np0005559460 account-server[121191]: Replication run OVER
Dec 15 08:33:50 np0005559460 account-server[121191]: Attempted to replicate 1 dbs in 0.02550 seconds (39.21068/s)
Dec 15 08:33:50 np0005559460 account-server[121191]: Removed 0 dbs
Dec 15 08:33:50 np0005559460 account-server[121191]: 2 successes, 0 failures
Dec 15 08:33:50 np0005559460 account-server[121191]: diff:0 diff_capped:0 empty:0 hashmatch:0 no_change:2 remote_merge:0 rsync:0 ts_repl:0
Dec 15 08:34:00 np0005559460 object-server[122090]: Starting object replication pass.
Dec 15 08:34:01 np0005559460 object-server[122090]: 44/44 (100.00%) partitions replicated in 0.40s (109.62/sec, 0s remaining)
Dec 15 08:34:01 np0005559460 object-server[122090]: 88 successes, 0 failures
Dec 15 08:34:01 np0005559460 object-server[122090]: 44 suffixes checked - 0.00% hashed, 0.00% synced
Dec 15 08:34:01 np0005559460 object-server[122090]: Partition times: max 0.0234s, min 0.0049s, med 0.0078s
Dec 15 08:34:01 np0005559460 object-server[122090]: Object replication complete. (0.01 minutes)
Dec 15 08:34:05 np0005559460 container-server[121571]: Beginning replication run
Dec 15 08:34:05 np0005559460 object-server[235727]: Begin object audit "forever" mode (ZBF)
Dec 15 08:34:05 np0005559460 object-server[235727]: Object audit (ZBF). Since Mon Dec 15 08:34:05 2025: Locally: 1 passed, 0 quarantined, 0 errors, files/sec: 859.66, bytes/sec: 0.00, Total time: 0.00, Auditing time: 0.00, Rate: 0.00
Dec 15 08:34:05 np0005559460 object-server[235728]: Begin object audit "forever" mode (ALL)
Dec 15 08:34:05 np0005559460 object-server[235728]: Object audit (ALL). Since Mon Dec 15 08:34:05 2025: Locally: 1 passed, 0 quarantined, 0 errors, files/sec: 99.95, bytes/sec: 1599.28, Total time: 0.01, Auditing time: 0.00, Rate: 0.00
Dec 15 08:34:05 np0005559460 container-server[121571]: Replication run OVER
Dec 15 08:34:05 np0005559460 container-server[121571]: Attempted to replicate 22 dbs in 0.43509 seconds (50.56426/s)
Dec 15 08:34:05 np0005559460 container-server[121571]: Removed 0 dbs
Dec 15 08:34:05 np0005559460 container-server[121571]: 44 successes, 0 failures
Dec 15 08:34:05 np0005559460 container-server[121571]: diff:0 diff_capped:0 empty:0 hashmatch:0 no_change:44 remote_merge:0 rsync:0 ts_repl:0
Dec 15 08:34:06 np0005559460 object-server[235727]: Object audit (ZBF) "forever" mode completed: 0.84s. Total quarantined: 0, Total errors: 0, Total files/sec: 52.18, Total bytes/sec: 0.00, Auditing time: 0.83, Rate: 0.99
Dec 15 08:34:07 np0005559460 object-server[235728]: Object audit (ALL) "forever" mode completed: 2.11s. Total quarantined: 0, Total errors: 0, Total files/sec: 20.84, Total bytes/sec: 400.70, Auditing time: 2.10, Rate: 0.99
Dec 15 08:34:09 np0005559460 object-server[122171]: Begin object update sweep
Dec 15 08:34:09 np0005559460 object-server[235998]: Object update sweep starting on /srv/node/d1 (pid: 15)
Dec 15 08:34:09 np0005559460 object-server[235998]: Object update sweep completed on /srv/node/d1 in 0.00s seconds:, 0 successes, 0 failures, 0 quarantines, 0 unlinks, 0 errors, 0 redirects (pid: 15)
Dec 15 08:34:09 np0005559460 object-server[235998]: Object update sweep of d1 completed: 0.00s, 0 successes, 0 failures, 0 quarantines, 0 unlinks, 0 errors, 0 redirects
Dec 15 08:34:10 np0005559460 object-server[122171]: Object update sweep completed: 0.09s
Dec 15 08:34:12 np0005559460 account-server[121629]: 172.20.0.105 - - [15/Dec/2025:08:34:12 +0000] "PUT /d1/500/AUTH_2f96e5f995e6442f94f881dabbe4dbf7/gnocchi.6d422243-1822-42cd-8ec4-0cb3f8476463" 201 - "-" "-" "container-updater 2" 0.0008 "-" 23 0
Dec 15 08:34:12 np0005559460 account-server[121627]: 172.20.0.105 - - [15/Dec/2025:08:34:12 +0000] "PUT /d1/500/AUTH_2f96e5f995e6442f94f881dabbe4dbf7/gnocchi.5a2b2660-8649-4254-9d78-11df70d10a6b" 201 - "-" "-" "container-updater 2" 0.0007 "-" 22 0
Dec 15 08:34:12 np0005559460 account-server[121629]: 172.20.0.105 - - [15/Dec/2025:08:34:12 +0000] "PUT /d1/500/AUTH_2f96e5f995e6442f94f881dabbe4dbf7/gnocchi.44058b93-1b81-433c-afb0-7b9ffd7cc5c7" 201 - "-" "-" "container-updater 2" 0.0005 "-" 23 0
Dec 15 08:34:12 np0005559460 account-server[121629]: 172.20.0.105 - - [15/Dec/2025:08:34:12 +0000] "PUT /d1/500/AUTH_2f96e5f995e6442f94f881dabbe4dbf7/gnocchi.ed7db153-4770-4ae8-a8e1-00a79471f946" 201 - "-" "-" "container-updater 2" 0.0005 "-" 23 0
Dec 15 08:34:13 np0005559460 account-server[121617]: 172.20.0.105 - - [15/Dec/2025:08:34:13 +0000] "PUT /d1/500/AUTH_2f96e5f995e6442f94f881dabbe4dbf7/gnocchi.d4be3153-ae97-4616-8b82-58d45ed63c6e" 201 - "-" "-" "container-updater 2" 0.0012 "-" 21 0
Dec 15 08:34:13 np0005559460 account-server[121617]: 172.20.0.105 - - [15/Dec/2025:08:34:13 +0000] "PUT /d1/500/AUTH_2f96e5f995e6442f94f881dabbe4dbf7/gnocchi.110f0ff1-ee79-4e01-ada3-3c9636af5015" 201 - "-" "-" "container-updater 2" 0.0009 "-" 21 0
Dec 15 08:34:13 np0005559460 account-server[121629]: 172.20.0.105 - - [15/Dec/2025:08:34:13 +0000] "PUT /d1/500/AUTH_2f96e5f995e6442f94f881dabbe4dbf7/gnocchi.e505e81c-d504-4336-b1d5-99593587132d" 201 - "-" "-" "container-updater 2" 0.0007 "-" 23 0
Dec 15 08:34:13 np0005559460 account-server[121617]: 172.20.0.105 - - [15/Dec/2025:08:34:13 +0000] "PUT /d1/500/AUTH_2f96e5f995e6442f94f881dabbe4dbf7/gnocchi.11f89d50-b167-40c1-8548-804f0c620f7b" 201 - "-" "-" "container-updater 2" 0.0009 "-" 21 0
Dec 15 08:34:13 np0005559460 account-server[121629]: 172.20.0.105 - - [15/Dec/2025:08:34:13 +0000] "PUT /d1/500/AUTH_2f96e5f995e6442f94f881dabbe4dbf7/gnocchi.e267590c-bd3b-4f45-a5dc-979be28afdde" 201 - "-" "-" "container-updater 2" 0.0007 "-" 23 0
Dec 15 08:34:13 np0005559460 account-server[121629]: 172.20.0.105 - - [15/Dec/2025:08:34:13 +0000] "PUT /d1/500/AUTH_2f96e5f995e6442f94f881dabbe4dbf7/gnocchi.02838bed-d538-42aa-b7bd-83dbf0314c10" 201 - "-" "-" "container-updater 2" 0.0005 "-" 23 0
Dec 15 08:34:13 np0005559460 account-server[121627]: 172.20.0.105 - - [15/Dec/2025:08:34:13 +0000] "PUT /d1/500/AUTH_2f96e5f995e6442f94f881dabbe4dbf7/gnocchi.e391eab4-45c2-4a3f-9825-ef2977a93b02" 201 - "-" "-" "container-updater 2" 0.0005 "-" 22 0
Dec 15 08:34:13 np0005559460 account-server[121627]: 172.20.0.105 - - [15/Dec/2025:08:34:13 +0000] "PUT /d1/500/AUTH_2f96e5f995e6442f94f881dabbe4dbf7/gnocchi.17fccf1f-2bf0-4420-9d93-34b7e30c033d" 201 - "-" "-" "container-updater 2" 0.0007 "-" 22 0
Dec 15 08:34:13 np0005559460 account-server[121617]: 172.20.0.105 - - [15/Dec/2025:08:34:13 +0000] "PUT /d1/500/AUTH_2f96e5f995e6442f94f881dabbe4dbf7/gnocchi.031e09e8-8710-4c61-8dd6-357e8411ed0d" 201 - "-" "-" "container-updater 2" 0.0007 "-" 21 0
Dec 15 08:34:13 np0005559460 account-server[121592]: 172.20.0.105 - - [15/Dec/2025:08:34:13 +0000] "PUT /d1/500/AUTH_2f96e5f995e6442f94f881dabbe4dbf7/gnocchi.42f7803c-5d2a-4756-9f97-00cb19feaf08" 201 - "-" "-" "container-updater 2" 0.0009 "-" 20 0
Dec 15 08:34:13 np0005559460 account-server[121627]: 172.20.0.105 - - [15/Dec/2025:08:34:13 +0000] "PUT /d1/500/AUTH_2f96e5f995e6442f94f881dabbe4dbf7/gnocchi.d36d970f-bfcb-4128-b7da-8b42c64e5836" 201 - "-" "-" "container-updater 2" 0.0007 "-" 22 0
Dec 15 08:34:14 np0005559460 account-server[121629]: 172.20.0.105 - - [15/Dec/2025:08:34:14 +0000] "PUT /d1/500/AUTH_2f96e5f995e6442f94f881dabbe4dbf7/gnocchi.5435b1c7-2c9b-45fb-97c2-3cc129347a44" 201 - "-" "-" "container-updater 2" 0.0006 "-" 23 0
Dec 15 08:34:14 np0005559460 account-server[121627]: 172.20.0.105 - - [15/Dec/2025:08:34:14 +0000] "PUT /d1/500/AUTH_2f96e5f995e6442f94f881dabbe4dbf7/gnocchi.26c9b737-5459-4c7e-8b8f-187aa2d75f31" 201 - "-" "-" "container-updater 2" 0.0009 "-" 22 0
Dec 15 08:34:14 np0005559460 account-server[121629]: 172.20.0.105 - - [15/Dec/2025:08:34:14 +0000] "PUT /d1/500/AUTH_2f96e5f995e6442f94f881dabbe4dbf7/gnocchi.6ce0ec4c-233f-4379-ba59-b1de744aaba8" 201 - "-" "-" "container-updater 2" 0.0005 "-" 23 0
Dec 15 08:34:14 np0005559460 account-server[121617]: 172.20.0.105 - - [15/Dec/2025:08:34:14 +0000] "PUT /d1/500/AUTH_2f96e5f995e6442f94f881dabbe4dbf7/gnocchi.daa01772-468e-4336-96c3-1a0b9614a618" 201 - "-" "-" "container-updater 2" 0.0005 "-" 21 0
Dec 15 08:34:14 np0005559460 account-server[121627]: 172.20.0.105 - - [15/Dec/2025:08:34:14 +0000] "PUT /d1/500/AUTH_2f96e5f995e6442f94f881dabbe4dbf7/gnocchi.fbb46259-888b-4ded-aa6d-8b0a9a5bab94" 201 - "-" "-" "container-updater 2" 0.0006 "-" 22 0
Dec 15 08:34:14 np0005559460 account-server[121629]: 172.20.0.105 - - [15/Dec/2025:08:34:14 +0000] "PUT /d1/500/AUTH_2f96e5f995e6442f94f881dabbe4dbf7/gnocchi.07d40812-c778-4f29-b696-1477e08c5fa4" 201 - "-" "-" "container-updater 2" 0.0007 "-" 23 0
Dec 15 08:34:14 np0005559460 account-server[121592]: 172.20.0.105 - - [15/Dec/2025:08:34:14 +0000] "PUT /d1/500/AUTH_2f96e5f995e6442f94f881dabbe4dbf7/gnocchi.37696d65-2710-4b7d-8243-e18d5e8b5fc2" 201 - "-" "-" "container-updater 2" 0.0009 "-" 20 0
Dec 15 08:34:20 np0005559460 account-server[121191]: Beginning replication run
Dec 15 08:34:20 np0005559460 account-server[121191]: Replication run OVER
Dec 15 08:34:20 np0005559460 account-server[121191]: Attempted to replicate 1 dbs in 0.02144 seconds (46.65085/s)
Dec 15 08:34:20 np0005559460 account-server[121191]: Removed 0 dbs
Dec 15 08:34:20 np0005559460 account-server[121191]: 2 successes, 0 failures
Dec 15 08:34:20 np0005559460 account-server[121191]: diff:0 diff_capped:0 empty:0 hashmatch:0 no_change:2 remote_merge:0 rsync:0 ts_repl:0
Dec 15 08:34:31 np0005559460 object-server[122090]: Starting object replication pass.
Dec 15 08:34:31 np0005559460 object-server[122090]: 44/44 (100.00%) partitions replicated in 0.40s (111.27/sec, 0s remaining)
Dec 15 08:34:31 np0005559460 object-server[122090]: 88 successes, 0 failures
Dec 15 08:34:31 np0005559460 object-server[122090]: 44 suffixes checked - 0.00% hashed, 0.00% synced
Dec 15 08:34:31 np0005559460 object-server[122090]: Partition times: max 0.0132s, min 0.0058s, med 0.0082s
Dec 15 08:34:31 np0005559460 object-server[122090]: Object replication complete. (0.01 minutes)
Dec 15 08:34:35 np0005559460 container-server[121571]: Beginning replication run
Dec 15 08:34:35 np0005559460 container-server[121571]: Replication run OVER
Dec 15 08:34:35 np0005559460 container-server[121571]: Attempted to replicate 22 dbs in 0.43568 seconds (50.49580/s)
Dec 15 08:34:35 np0005559460 container-server[121571]: Removed 0 dbs
Dec 15 08:34:35 np0005559460 container-server[121571]: 44 successes, 0 failures
Dec 15 08:34:35 np0005559460 container-server[121571]: diff:0 diff_capped:0 empty:0 hashmatch:0 no_change:44 remote_merge:0 rsync:0 ts_repl:0
Dec 15 08:34:36 np0005559460 object-server[235761]: Begin object audit "forever" mode (ZBF)
Dec 15 08:34:36 np0005559460 object-server[235761]: Object audit (ZBF). Since Mon Dec 15 08:34:36 2025: Locally: 1 passed, 0 quarantined, 0 errors, files/sec: 597.99, bytes/sec: 0.00, Total time: 0.00, Auditing time: 0.00, Rate: 0.00
Dec 15 08:34:37 np0005559460 object-server[235761]: Object audit (ZBF) "forever" mode completed: 0.84s. Total quarantined: 0, Total errors: 0, Total files/sec: 52.20, Total bytes/sec: 0.00, Auditing time: 0.83, Rate: 0.99
Dec 15 08:34:50 np0005559460 account-server[121191]: Beginning replication run
Dec 15 08:34:50 np0005559460 account-server[121191]: Replication run OVER
Dec 15 08:34:50 np0005559460 account-server[121191]: Attempted to replicate 1 dbs in 0.02233 seconds (44.77534/s)
Dec 15 08:34:50 np0005559460 account-server[121191]: Removed 0 dbs
Dec 15 08:34:50 np0005559460 account-server[121191]: 2 successes, 0 failures
Dec 15 08:34:50 np0005559460 account-server[121191]: diff:0 diff_capped:0 empty:0 hashmatch:0 no_change:2 remote_merge:0 rsync:0 ts_repl:0
Dec 15 08:34:56 np0005559460 account-server[121627]: 172.20.0.103 - - [15/Dec/2025:08:34:56 +0000] "HEAD /d1/700/.expiring_objects" 404 - "HEAD http://localhost/v1/.expiring_objects?format=json" "tx7eb6c715dc7e4be695bb5-00693fc830" "proxy-server 2" 0.0005 "-" 22 -
Dec 15 08:35:01 np0005559460 object-server[122090]: Starting object replication pass.
Dec 15 08:35:02 np0005559460 object-server[122090]: 44/44 (100.00%) partitions replicated in 0.91s (48.12/sec, 0s remaining)
Dec 15 08:35:02 np0005559460 object-server[122090]: 88 successes, 0 failures
Dec 15 08:35:02 np0005559460 object-server[122090]: 44 suffixes checked - 0.00% hashed, 0.00% synced
Dec 15 08:35:02 np0005559460 object-server[122090]: Partition times: max 0.5391s, min 0.0055s, med 0.0081s
Dec 15 08:35:02 np0005559460 object-server[122090]: Object replication complete. (0.02 minutes)
Dec 15 08:35:05 np0005559460 container-server[121571]: Beginning replication run
Dec 15 08:35:05 np0005559460 container-server[121571]: Replication run OVER
Dec 15 08:35:05 np0005559460 container-server[121571]: Attempted to replicate 22 dbs in 0.43031 seconds (51.12583/s)
Dec 15 08:35:05 np0005559460 container-server[121571]: Removed 0 dbs
Dec 15 08:35:05 np0005559460 container-server[121571]: 44 successes, 0 failures
Dec 15 08:35:05 np0005559460 container-server[121571]: diff:0 diff_capped:0 empty:0 hashmatch:0 no_change:44 remote_merge:0 rsync:0 ts_repl:0
Dec 15 08:35:07 np0005559460 object-server[241624]: Begin object audit "forever" mode (ZBF)
Dec 15 08:35:07 np0005559460 object-server[241624]: Object audit (ZBF). Since Mon Dec 15 08:35:07 2025: Locally: 1 passed, 0 quarantined, 0 errors, files/sec: 834.02, bytes/sec: 0.00, Total time: 0.00, Auditing time: 0.00, Rate: 0.00
Dec 15 08:35:07 np0005559460 object-server[241625]: Begin object audit "forever" mode (ALL)
Dec 15 08:35:07 np0005559460 object-server[241625]: Object audit (ALL). Since Mon Dec 15 08:35:07 2025: Locally: 1 passed, 0 quarantined, 0 errors, files/sec: 116.55, bytes/sec: 1864.76, Total time: 0.01, Auditing time: 0.00, Rate: 0.00
Dec 15 08:35:08 np0005559460 object-server[241624]: Object audit (ZBF) "forever" mode completed: 0.84s. Total quarantined: 0, Total errors: 0, Total files/sec: 52.18, Total bytes/sec: 0.00, Auditing time: 0.83, Rate: 0.99
Dec 15 08:35:09 np0005559460 object-server[241625]: Object audit (ALL) "forever" mode completed: 2.11s. Total quarantined: 0, Total errors: 0, Total files/sec: 20.85, Total bytes/sec: 400.91, Auditing time: 2.10, Rate: 0.99
Dec 15 08:35:20 np0005559460 account-server[121191]: Beginning replication run
Dec 15 08:35:20 np0005559460 account-server[121191]: Replication run OVER
Dec 15 08:35:20 np0005559460 account-server[121191]: Attempted to replicate 1 dbs in 0.01535 seconds (65.16697/s)
Dec 15 08:35:20 np0005559460 account-server[121191]: Removed 0 dbs
Dec 15 08:35:20 np0005559460 account-server[121191]: 2 successes, 0 failures
Dec 15 08:35:20 np0005559460 account-server[121191]: diff:0 diff_capped:0 empty:0 hashmatch:0 no_change:2 remote_merge:0 rsync:0 ts_repl:0
Dec 15 08:35:21 np0005559460 container-server[121531]: Begin container audit pass.
Dec 15 08:35:32 np0005559460 object-server[122090]: Starting object replication pass.
Dec 15 08:35:32 np0005559460 object-server[122090]: 44/44 (100.00%) partitions replicated in 0.41s (107.05/sec, 0s remaining)
Dec 15 08:35:32 np0005559460 object-server[122090]: 88 successes, 0 failures
Dec 15 08:35:32 np0005559460 object-server[122090]: 44 suffixes checked - 0.00% hashed, 0.00% synced
Dec 15 08:35:32 np0005559460 object-server[122090]: Partition times: max 0.0139s, min 0.0065s, med 0.0085s
Dec 15 08:35:32 np0005559460 object-server[122090]: Object replication complete. (0.01 minutes)
Dec 15 08:35:35 np0005559460 container-server[121571]: Beginning replication run
Dec 15 08:35:35 np0005559460 container-server[121571]: Replication run OVER
Dec 15 08:35:35 np0005559460 container-server[121571]: Attempted to replicate 22 dbs in 0.42853 seconds (51.33792/s)
Dec 15 08:35:35 np0005559460 container-server[121571]: Removed 0 dbs
Dec 15 08:35:35 np0005559460 container-server[121571]: 44 successes, 0 failures
Dec 15 08:35:35 np0005559460 container-server[121571]: diff:0 diff_capped:0 empty:0 hashmatch:0 no_change:44 remote_merge:0 rsync:0 ts_repl:0
Dec 15 08:35:35 np0005559460 account-server[121044]: Begin account audit pass.
Dec 15 08:35:38 np0005559460 object-server[241651]: Begin object audit "forever" mode (ZBF)
Dec 15 08:35:38 np0005559460 object-server[241651]: Object audit (ZBF). Since Mon Dec 15 08:35:38 2025: Locally: 1 passed, 0 quarantined, 0 errors, files/sec: 1152.28, bytes/sec: 0.00, Total time: 0.00, Auditing time: 0.00, Rate: 0.00
Dec 15 08:35:39 np0005559460 object-server[241651]: Object audit (ZBF) "forever" mode completed: 0.84s. Total quarantined: 0, Total errors: 0, Total files/sec: 52.22, Total bytes/sec: 0.00, Auditing time: 0.83, Rate: 0.99
Dec 15 08:35:50 np0005559460 account-server[121191]: Beginning replication run
Dec 15 08:35:50 np0005559460 account-server[121191]: Replication run OVER
Dec 15 08:35:50 np0005559460 account-server[121191]: Attempted to replicate 1 dbs in 0.01617 seconds (61.83332/s)
Dec 15 08:35:50 np0005559460 account-server[121191]: Removed 0 dbs
Dec 15 08:35:50 np0005559460 account-server[121191]: 2 successes, 0 failures
Dec 15 08:35:50 np0005559460 account-server[121191]: diff:0 diff_capped:0 empty:0 hashmatch:0 no_change:2 remote_merge:0 rsync:0 ts_repl:0
Dec 15 08:36:02 np0005559460 object-server[122090]: Starting object replication pass.
Dec 15 08:36:03 np0005559460 object-server[122090]: 44/44 (100.00%) partitions replicated in 0.46s (96.51/sec, 0s remaining)
Dec 15 08:36:03 np0005559460 object-server[122090]: 88 successes, 0 failures
Dec 15 08:36:03 np0005559460 object-server[122090]: 44 suffixes checked - 0.00% hashed, 0.00% synced
Dec 15 08:36:03 np0005559460 object-server[122090]: Partition times: max 0.0355s, min 0.0062s, med 0.0094s
Dec 15 08:36:03 np0005559460 object-server[122090]: Object replication complete. (0.01 minutes)
Dec 15 08:36:05 np0005559460 container-server[121571]: Beginning replication run
Dec 15 08:36:05 np0005559460 container-server[121571]: Replication run OVER
Dec 15 08:36:05 np0005559460 container-server[121571]: Attempted to replicate 22 dbs in 0.43760 seconds (50.27389/s)
Dec 15 08:36:05 np0005559460 container-server[121571]: Removed 0 dbs
Dec 15 08:36:05 np0005559460 container-server[121571]: 44 successes, 0 failures
Dec 15 08:36:05 np0005559460 container-server[121571]: diff:0 diff_capped:0 empty:0 hashmatch:0 no_change:44 remote_merge:0 rsync:0 ts_repl:0
Dec 15 08:36:09 np0005559460 object-server[247766]: Begin object audit "forever" mode (ZBF)
Dec 15 08:36:09 np0005559460 object-server[247767]: Begin object audit "forever" mode (ALL)
Dec 15 08:36:09 np0005559460 object-server[247766]: Object audit (ZBF). Since Mon Dec 15 08:36:09 2025: Locally: 1 passed, 0 quarantined, 0 errors, files/sec: 716.49, bytes/sec: 0.00, Total time: 0.00, Auditing time: 0.00, Rate: 0.00
Dec 15 08:36:09 np0005559460 object-server[247767]: Object audit (ALL). Since Mon Dec 15 08:36:09 2025: Locally: 1 passed, 0 quarantined, 0 errors, files/sec: 137.61, bytes/sec: 2201.73, Total time: 0.01, Auditing time: 0.00, Rate: 0.00
Dec 15 08:36:10 np0005559460 object-server[247766]: Object audit (ZBF) "forever" mode completed: 0.84s. Total quarantined: 0, Total errors: 0, Total files/sec: 52.19, Total bytes/sec: 0.00, Auditing time: 0.83, Rate: 0.99
Dec 15 08:36:11 np0005559460 object-server[247767]: Object audit (ALL) "forever" mode completed: 2.11s. Total quarantined: 0, Total errors: 0, Total files/sec: 20.86, Total bytes/sec: 401.17, Auditing time: 2.10, Rate: 0.99
Dec 15 08:36:18 np0005559460 account-server[121617]: 172.20.0.105 - - [15/Dec/2025:08:36:18 +0000] "HEAD /d1/700/.expiring_objects" 404 - "HEAD http://localhost/v1/.expiring_objects?format=json" "tx6b9b243514c1461eb2ae3-00693fc882" "proxy-server 2" 0.0009 "-" 21 -
Dec 15 08:36:20 np0005559460 account-server[121191]: Beginning replication run
Dec 15 08:36:20 np0005559460 account-server[121191]: Replication run OVER
Dec 15 08:36:20 np0005559460 account-server[121191]: Attempted to replicate 1 dbs in 0.01331 seconds (75.10560/s)
Dec 15 08:36:20 np0005559460 account-server[121191]: Removed 0 dbs
Dec 15 08:36:20 np0005559460 account-server[121191]: 2 successes, 0 failures
Dec 15 08:36:20 np0005559460 account-server[121191]: diff:0 diff_capped:0 empty:0 hashmatch:0 no_change:2 remote_merge:0 rsync:0 ts_repl:0
Dec 15 08:36:30 np0005559460 account-server[121592]: 172.20.0.104 - - [15/Dec/2025:08:36:30 +0000] "HEAD /d1/500/AUTH_2f96e5f995e6442f94f881dabbe4dbf7" 204 - "HEAD http://172.18.0.159:8080/v1/AUTH_2f96e5f995e6442f94f881dabbe4dbf7?format=json" "tx574a2a32fc214128baf21-00693fc88e" "proxy-server 20" 0.0026 "-" 20 -
Dec 15 08:36:30 np0005559460 proxy-server[123880]: - - 15/Dec/2025/08/36/30 HEAD /v1/AUTH_2f96e5f995e6442f94f881dabbe4dbf7%3Fformat%3Djson HTTP/1.0 204 - Swift - - - - tx574a2a32fc214128baf21-00693fc88e - 0.0107 RL - 1765787790.097003222 1765787790.107661486 -
Dec 15 08:36:30 np0005559460 object-server[122297]: 172.20.0.103 - - [15/Dec/2025:08:36:30 +0000] "GET /d1/870/AUTH_2f96e5f995e6442f94f881dabbe4dbf7/gnocchi.17fccf1f-2bf0-4420-9d93-34b7e30c033d/none_v3" 200 22 "GET http://172.18.0.159:8080/v1/AUTH_2f96e5f995e6442f94f881dabbe4dbf7/gnocchi.17fccf1f-2bf0-4420-9d93-34b7e30c033d/none_v3" "tx0979c0a95c6b4c80bd959-00693fc88e" "proxy-server 20" 0.0018 "-" 24 0
Dec 15 08:36:30 np0005559460 container-server[122008]: 172.20.0.103 - - [15/Dec/2025:08:36:30 +0000] "GET /d1/835/AUTH_2f96e5f995e6442f94f881dabbe4dbf7/gnocchi.17fccf1f-2bf0-4420-9d93-34b7e30c033d" 200 357 "GET http://172.18.0.159:8080/v1/AUTH_2f96e5f995e6442f94f881dabbe4dbf7/gnocchi.17fccf1f-2bf0-4420-9d93-34b7e30c033d?format=json&states=listing" "tx551d348577e54268b0954-00693fc88e" "proxy-server 20" 0.0058 "-" 21 0
Dec 15 08:36:30 np0005559460 object-server[122293]: 172.20.0.103 - - [15/Dec/2025:08:36:30 +0000] "GET /d1/789/AUTH_2f96e5f995e6442f94f881dabbe4dbf7/gnocchi.17fccf1f-2bf0-4420-9d93-34b7e30c033d/1764720000.0_mean_300.0_v3" 200 16 "GET http://172.18.0.159:8080/v1/AUTH_2f96e5f995e6442f94f881dabbe4dbf7/gnocchi.17fccf1f-2bf0-4420-9d93-34b7e30c033d/1764720000.0_mean_300.0_v3" "txdc8a67e300ec43c8a59e4-00693fc88e" "proxy-server 20" 0.0010 "-" 23 0
Dec 15 08:36:30 np0005559460 object-server[122305]: 172.20.0.103 - - [15/Dec/2025:08:36:30 +0000] "GET /d1/399/AUTH_2f96e5f995e6442f94f881dabbe4dbf7/gnocchi.17fccf1f-2bf0-4420-9d93-34b7e30c033d/1764720000.0_rate%3Amean_300.0_v3" 404 70 "GET http://172.18.0.159:8080/v1/AUTH_2f96e5f995e6442f94f881dabbe4dbf7/gnocchi.17fccf1f-2bf0-4420-9d93-34b7e30c033d/1764720000.0_rate%3Amean_300.0_v3" "tx3aeed990a11c419bbe590-00693fc88e" "proxy-server 20" 0.0003 "-" 25 0
Dec 15 08:36:30 np0005559460 container-server[122008]: 172.20.0.104 - - [15/Dec/2025:08:36:30 +0000] "PUT /d1/835/AUTH_2f96e5f995e6442f94f881dabbe4dbf7/gnocchi.17fccf1f-2bf0-4420-9d93-34b7e30c033d/1764720000.0_mean_300.0_v3" 201 - "PUT http://172.18.0.159:8080/d1/789/AUTH_2f96e5f995e6442f94f881dabbe4dbf7/gnocchi.17fccf1f-2bf0-4420-9d93-34b7e30c033d/1764720000.0_mean_300.0_v3" "tx7851f952ef5c43ad9e104-00693fc88e" "object-server 22" 0.0005 "-" 21 0
Dec 15 08:36:30 np0005559460 object-server[122283]: 172.20.0.103 - - [15/Dec/2025:08:36:30 +0000] "PUT /d1/789/AUTH_2f96e5f995e6442f94f881dabbe4dbf7/gnocchi.17fccf1f-2bf0-4420-9d93-34b7e30c033d/1764720000.0_mean_300.0_v3" 201 - "PUT http://172.18.0.159:8080/v1/AUTH_2f96e5f995e6442f94f881dabbe4dbf7/gnocchi.17fccf1f-2bf0-4420-9d93-34b7e30c033d/1764720000.0_mean_300.0_v3" "tx7851f952ef5c43ad9e104-00693fc88e" "proxy-server 20" 0.0093 "-" 22 0
Dec 15 08:36:30 np0005559460 container-server[122013]: 172.20.0.105 - - [15/Dec/2025:08:36:30 +0000] "PUT /d1/835/AUTH_2f96e5f995e6442f94f881dabbe4dbf7/gnocchi.17fccf1f-2bf0-4420-9d93-34b7e30c033d/1764720000.0_rate%3Amean_300.0_v3" 201 - "PUT http://172.18.0.159:8080/d1/399/AUTH_2f96e5f995e6442f94f881dabbe4dbf7/gnocchi.17fccf1f-2bf0-4420-9d93-34b7e30c033d/1764720000.0_rate%3Amean_300.0_v3" "txef2ac1ebab94408ba2e56-00693fc88e" "object-server 25" 0.0007 "-" 23 0
Dec 15 08:36:30 np0005559460 object-server[122297]: 172.20.0.103 - - [15/Dec/2025:08:36:30 +0000] "PUT /d1/399/AUTH_2f96e5f995e6442f94f881dabbe4dbf7/gnocchi.17fccf1f-2bf0-4420-9d93-34b7e30c033d/1764720000.0_rate%3Amean_300.0_v3" 201 - "PUT http://172.18.0.159:8080/v1/AUTH_2f96e5f995e6442f94f881dabbe4dbf7/gnocchi.17fccf1f-2bf0-4420-9d93-34b7e30c033d/1764720000.0_rate%3Amean_300.0_v3" "txef2ac1ebab94408ba2e56-00693fc88e" "proxy-server 20" 0.0166 "-" 24 0
Dec 15 08:36:30 np0005559460 container-server[122013]: 172.20.0.103 - - [15/Dec/2025:08:36:30 +0000] "PUT /d1/835/AUTH_2f96e5f995e6442f94f881dabbe4dbf7/gnocchi.17fccf1f-2bf0-4420-9d93-34b7e30c033d/none_v3" 201 - "PUT http://172.18.0.159:8080/d1/870/AUTH_2f96e5f995e6442f94f881dabbe4dbf7/gnocchi.17fccf1f-2bf0-4420-9d93-34b7e30c033d/none_v3" "txe41ea65f90ea4004ae64c-00693fc88e" "object-server 24" 0.0006 "-" 23 0
Dec 15 08:36:30 np0005559460 object-server[122293]: 172.20.0.103 - - [15/Dec/2025:08:36:30 +0000] "PUT /d1/870/AUTH_2f96e5f995e6442f94f881dabbe4dbf7/gnocchi.17fccf1f-2bf0-4420-9d93-34b7e30c033d/none_v3" 201 - "PUT http://172.18.0.159:8080/v1/AUTH_2f96e5f995e6442f94f881dabbe4dbf7/gnocchi.17fccf1f-2bf0-4420-9d93-34b7e30c033d/none_v3" "txe41ea65f90ea4004ae64c-00693fc88e" "proxy-server 20" 0.0134 "-" 23 0
Dec 15 08:36:30 np0005559460 container-server[122003]: 172.20.0.103 - - [15/Dec/2025:08:36:30 +0000] "HEAD /d1/148/AUTH_2f96e5f995e6442f94f881dabbe4dbf7/gnocchi.031e09e8-8710-4c61-8dd6-357e8411ed0d" 204 - "HEAD http://172.18.0.159:8080/v1/AUTH_2f96e5f995e6442f94f881dabbe4dbf7/gnocchi.031e09e8-8710-4c61-8dd6-357e8411ed0d?format=json&states=listing" "tx0f5c3a9db2ea49e0bae31-00693fc88e" "proxy-server 20" 0.0026 "-" 20 0
Dec 15 08:36:30 np0005559460 object-server[122297]: 172.20.0.103 - - [15/Dec/2025:08:36:30 +0000] "GET /d1/862/AUTH_2f96e5f995e6442f94f881dabbe4dbf7/gnocchi.031e09e8-8710-4c61-8dd6-357e8411ed0d/none_v3" 200 22 "GET http://172.18.0.159:8080/v1/AUTH_2f96e5f995e6442f94f881dabbe4dbf7/gnocchi.031e09e8-8710-4c61-8dd6-357e8411ed0d/none_v3" "tx0f5c3a9db2ea49e0bae31-00693fc88e" "proxy-server 20" 0.0008 "-" 24 0
Dec 15 08:36:30 np0005559460 container-server[122003]: 172.20.0.104 - - [15/Dec/2025:08:36:30 +0000] "PUT /d1/148/AUTH_2f96e5f995e6442f94f881dabbe4dbf7/gnocchi.031e09e8-8710-4c61-8dd6-357e8411ed0d/1764720000.0_mean_300.0_v3" 201 - "PUT http://172.18.0.159:8080/d1/254/AUTH_2f96e5f995e6442f94f881dabbe4dbf7/gnocchi.031e09e8-8710-4c61-8dd6-357e8411ed0d/1764720000.0_mean_300.0_v3" "tx793c9427daf6483c9c710-00693fc88e" "object-server 22" 0.0005 "-" 20 0
Dec 15 08:36:30 np0005559460 object-server[122283]: 172.20.0.103 - - [15/Dec/2025:08:36:30 +0000] "PUT /d1/254/AUTH_2f96e5f995e6442f94f881dabbe4dbf7/gnocchi.031e09e8-8710-4c61-8dd6-357e8411ed0d/1764720000.0_mean_300.0_v3" 201 - "PUT http://172.18.0.159:8080/v1/AUTH_2f96e5f995e6442f94f881dabbe4dbf7/gnocchi.031e09e8-8710-4c61-8dd6-357e8411ed0d/1764720000.0_mean_300.0_v3" "tx793c9427daf6483c9c710-00693fc88e" "proxy-server 20" 0.0092 "-" 22 0
Dec 15 08:36:30 np0005559460 container-server[122012]: 172.20.0.103 - - [15/Dec/2025:08:36:30 +0000] "PUT /d1/148/AUTH_2f96e5f995e6442f94f881dabbe4dbf7/gnocchi.031e09e8-8710-4c61-8dd6-357e8411ed0d/none_v3" 201 - "PUT http://172.18.0.159:8080/d1/862/AUTH_2f96e5f995e6442f94f881dabbe4dbf7/gnocchi.031e09e8-8710-4c61-8dd6-357e8411ed0d/none_v3" "txe16597960d994b13a4f50-00693fc88e" "object-server 23" 0.0005 "-" 22 0
Dec 15 08:36:30 np0005559460 object-server[122305]: 172.20.0.103 - - [15/Dec/2025:08:36:30 +0000] "PUT /d1/862/AUTH_2f96e5f995e6442f94f881dabbe4dbf7/gnocchi.031e09e8-8710-4c61-8dd6-357e8411ed0d/none_v3" 201 - "PUT http://172.18.0.159:8080/v1/AUTH_2f96e5f995e6442f94f881dabbe4dbf7/gnocchi.031e09e8-8710-4c61-8dd6-357e8411ed0d/none_v3" "txe16597960d994b13a4f50-00693fc88e" "proxy-server 20" 0.0141 "-" 25 0
Dec 15 08:36:30 np0005559460 object-server[122293]: 172.20.0.103 - - [15/Dec/2025:08:36:30 +0000] "GET /d1/604/AUTH_2f96e5f995e6442f94f881dabbe4dbf7/gnocchi.e267590c-bd3b-4f45-a5dc-979be28afdde/none_v3" 200 22 "GET http://172.18.0.159:8080/v1/AUTH_2f96e5f995e6442f94f881dabbe4dbf7/gnocchi.e267590c-bd3b-4f45-a5dc-979be28afdde/none_v3" "txb9f036f113f2489aa2a7c-00693fc88e" "proxy-server 20" 0.0011 "-" 23 0
Dec 15 08:36:30 np0005559460 container-server[122013]: 172.20.0.104 - - [15/Dec/2025:08:36:30 +0000] "HEAD /d1/765/AUTH_2f96e5f995e6442f94f881dabbe4dbf7/gnocchi.42f7803c-5d2a-4756-9f97-00cb19feaf08" 204 - "HEAD http://172.18.0.159:8080/v1/AUTH_2f96e5f995e6442f94f881dabbe4dbf7/gnocchi.42f7803c-5d2a-4756-9f97-00cb19feaf08?format=json&states=listing" "tx574a2a32fc214128baf21-00693fc88e" "proxy-server 20" 0.0030 "-" 23 0
Dec 15 08:36:30 np0005559460 container-server[122013]: 172.20.0.103 - - [15/Dec/2025:08:36:30 +0000] "GET /d1/989/AUTH_2f96e5f995e6442f94f881dabbe4dbf7/gnocchi.e267590c-bd3b-4f45-a5dc-979be28afdde" 200 357 "GET http://172.18.0.159:8080/v1/AUTH_2f96e5f995e6442f94f881dabbe4dbf7/gnocchi.e267590c-bd3b-4f45-a5dc-979be28afdde?format=json&states=listing" "txf1313efcdf8844c2adbb8-00693fc88e" "proxy-server 20" 0.0036 "-" 23 0
Dec 15 08:36:30 np0005559460 proxy-server[123880]: 172.18.0.159 172.18.0.104 15/Dec/2025/08/36/30 GET /v1/AUTH_2f96e5f995e6442f94f881dabbe4dbf7/gnocchi.42f7803c-5d2a-4756-9f97-00cb19feaf08/none_v3 HTTP/1.0 200 - python-swiftclient-3.11.1 gAAAAABpP8cKWFq0... - 22 - tx574a2a32fc214128baf21-00693fc88e - 0.6673 - - 1765787790.095137358 1765787790.762475014 0
Dec 15 08:36:30 np0005559460 proxy-server[123880]: 172.18.0.159 172.18.0.104 15/Dec/2025/08/36/30 GET /v1/AUTH_2f96e5f995e6442f94f881dabbe4dbf7/gnocchi.42f7803c-5d2a-4756-9f97-00cb19feaf08%3Fformat%3Djson%26states%3Dlisting HTTP/1.0 200 - python-swiftclient-3.11.1 gAAAAABpP8cKWFq0... - 357 - txfd748c28d98a410fbdbff-00693fc88e - 0.0160 - - 1765787790.769232988 1765787790.785282373 0
Dec 15 08:36:30 np0005559460 proxy-server[123880]: 172.18.0.159 172.18.0.104 15/Dec/2025/08/36/30 GET /v1/AUTH_2f96e5f995e6442f94f881dabbe4dbf7/gnocchi.42f7803c-5d2a-4756-9f97-00cb19feaf08%3Fformat%3Djson%26marker%3Dnone_v3%26states%3Dlisting HTTP/1.0 200 - python-swiftclient-3.11.1 gAAAAABpP8cKWFq0... - 2 - tx8a56f7b7b4c145c38c1e8-00693fc88e - 0.0172 - - 1765787790.790300846 1765787790.807525396 0
Dec 15 08:36:30 np0005559460 object-server[122283]: 172.20.0.103 - - [15/Dec/2025:08:36:30 +0000] "GET /d1/82/AUTH_2f96e5f995e6442f94f881dabbe4dbf7/gnocchi.e267590c-bd3b-4f45-a5dc-979be28afdde/1764720000.0_rate%3Amean_300.0_v3" 404 70 "GET http://172.18.0.159:8080/v1/AUTH_2f96e5f995e6442f94f881dabbe4dbf7/gnocchi.e267590c-bd3b-4f45-a5dc-979be28afdde/1764720000.0_rate%3Amean_300.0_v3" "tx4e26832640664472b6cd5-00693fc88e" "proxy-server 20" 0.0005 "-" 22 0
Dec 15 08:36:30 np0005559460 proxy-server[123880]: 172.18.0.159 172.18.0.104 15/Dec/2025/08/36/30 GET /v1/AUTH_2f96e5f995e6442f94f881dabbe4dbf7/gnocchi.42f7803c-5d2a-4756-9f97-00cb19feaf08/1764720000.0_mean_300.0_v3 HTTP/1.0 200 - python-swiftclient-3.11.1 gAAAAABpP8cKWFq0... - 16 - tx65b738e5a4564d7faf7ab-00693fc88e - 0.0103 - - 1765787790.817003489 1765787790.827268362 0
Dec 15 08:36:30 np0005559460 container-server[122012]: 172.20.0.103 - - [15/Dec/2025:08:36:30 +0000] "PUT /d1/989/AUTH_2f96e5f995e6442f94f881dabbe4dbf7/gnocchi.e267590c-bd3b-4f45-a5dc-979be28afdde/1764720000.0_mean_300.0_v3" 201 - "PUT http://172.18.0.159:8080/d1/378/AUTH_2f96e5f995e6442f94f881dabbe4dbf7/gnocchi.e267590c-bd3b-4f45-a5dc-979be28afdde/1764720000.0_mean_300.0_v3" "txb044ab6822d2483693386-00693fc88e" "object-server 23" 0.0005 "-" 22 0
Dec 15 08:36:30 np0005559460 object-server[122293]: 172.20.0.103 - - [15/Dec/2025:08:36:30 +0000] "PUT /d1/378/AUTH_2f96e5f995e6442f94f881dabbe4dbf7/gnocchi.e267590c-bd3b-4f45-a5dc-979be28afdde/1764720000.0_mean_300.0_v3" 201 - "PUT http://172.18.0.159:8080/v1/AUTH_2f96e5f995e6442f94f881dabbe4dbf7/gnocchi.e267590c-bd3b-4f45-a5dc-979be28afdde/1764720000.0_mean_300.0_v3" "txb044ab6822d2483693386-00693fc88e" "proxy-server 20" 0.0111 "-" 23 0
Dec 15 08:36:30 np0005559460 object-server[122305]: 172.20.0.104 - - [15/Dec/2025:08:36:30 +0000] "GET /d1/467/AUTH_2f96e5f995e6442f94f881dabbe4dbf7/gnocchi.42f7803c-5d2a-4756-9f97-00cb19feaf08/1764720000.0_rate%3Amean_300.0_v3" 404 70 "GET http://172.18.0.159:8080/v1/AUTH_2f96e5f995e6442f94f881dabbe4dbf7/gnocchi.42f7803c-5d2a-4756-9f97-00cb19feaf08/1764720000.0_rate%3Amean_300.0_v3" "txc3d5274b43e04259a6287-00693fc88e" "proxy-server 20" 0.0005 "-" 25 0
Dec 15 08:36:30 np0005559460 proxy-server[123880]: 172.18.0.159 172.18.0.104 15/Dec/2025/08/36/30 GET /v1/AUTH_2f96e5f995e6442f94f881dabbe4dbf7/gnocchi.42f7803c-5d2a-4756-9f97-00cb19feaf08/1764720000.0_rate%253Amean_300.0_v3 HTTP/1.0 404 - python-swiftclient-3.11.1 gAAAAABpP8cKWFq0... - 70 - txc3d5274b43e04259a6287-00693fc88e - 0.0178 - - 1765787790.833938837 1765787790.851726294 0
Dec 15 08:36:30 np0005559460 container-server[122013]: 172.20.0.104 - - [15/Dec/2025:08:36:30 +0000] "PUT /d1/989/AUTH_2f96e5f995e6442f94f881dabbe4dbf7/gnocchi.e267590c-bd3b-4f45-a5dc-979be28afdde/1764720000.0_rate%3Amean_300.0_v3" 201 - "PUT http://172.18.0.159:8080/d1/82/AUTH_2f96e5f995e6442f94f881dabbe4dbf7/gnocchi.e267590c-bd3b-4f45-a5dc-979be28afdde/1764720000.0_rate%3Amean_300.0_v3" "txb31b9d7d9c394f4caf4d2-00693fc88e" "object-server 23" 0.0008 "-" 23 0
Dec 15 08:36:30 np0005559460 object-server[122293]: 172.20.0.103 - - [15/Dec/2025:08:36:30 +0000] "PUT /d1/82/AUTH_2f96e5f995e6442f94f881dabbe4dbf7/gnocchi.e267590c-bd3b-4f45-a5dc-979be28afdde/1764720000.0_rate%3Amean_300.0_v3" 201 - "PUT http://172.18.0.159:8080/v1/AUTH_2f96e5f995e6442f94f881dabbe4dbf7/gnocchi.e267590c-bd3b-4f45-a5dc-979be28afdde/1764720000.0_rate%3Amean_300.0_v3" "txb31b9d7d9c394f4caf4d2-00693fc88e" "proxy-server 20" 0.0136 "-" 23 0
Dec 15 08:36:30 np0005559460 container-server[122003]: 172.20.0.103 - - [15/Dec/2025:08:36:30 +0000] "PUT /d1/765/AUTH_2f96e5f995e6442f94f881dabbe4dbf7/gnocchi.42f7803c-5d2a-4756-9f97-00cb19feaf08/1764720000.0_mean_300.0_v3" 201 - "PUT http://172.18.0.159:8080/d1/0/AUTH_2f96e5f995e6442f94f881dabbe4dbf7/gnocchi.42f7803c-5d2a-4756-9f97-00cb19feaf08/1764720000.0_mean_300.0_v3" "tx823973da45794dcd9d4f4-00693fc88e" "object-server 24" 0.0009 "-" 20 0
Dec 15 08:36:30 np0005559460 object-server[122293]: 172.20.0.104 - - [15/Dec/2025:08:36:30 +0000] "PUT /d1/0/AUTH_2f96e5f995e6442f94f881dabbe4dbf7/gnocchi.42f7803c-5d2a-4756-9f97-00cb19feaf08/1764720000.0_mean_300.0_v3" 201 - "PUT http://172.18.0.159:8080/v1/AUTH_2f96e5f995e6442f94f881dabbe4dbf7/gnocchi.42f7803c-5d2a-4756-9f97-00cb19feaf08/1764720000.0_mean_300.0_v3" "tx823973da45794dcd9d4f4-00693fc88e" "proxy-server 20" 0.0117 "-" 23 0
Dec 15 08:36:30 np0005559460 proxy-server[123880]: 172.18.0.159 172.18.0.104 15/Dec/2025/08/36/30 PUT /v1/AUTH_2f96e5f995e6442f94f881dabbe4dbf7/gnocchi.42f7803c-5d2a-4756-9f97-00cb19feaf08/1764720000.0_mean_300.0_v3 HTTP/1.0 201 - python-swiftclient-3.11.1 gAAAAABpP8cKWFq0... 24 - - tx823973da45794dcd9d4f4-00693fc88e - 0.0229 - - 1765787790.857949734 1765787790.880873919 0
Dec 15 08:36:30 np0005559460 object-server[122283]: 172.20.0.103 - - [15/Dec/2025:08:36:30 +0000] "PUT /d1/604/AUTH_2f96e5f995e6442f94f881dabbe4dbf7/gnocchi.e267590c-bd3b-4f45-a5dc-979be28afdde/none_v3" 201 - "PUT http://172.18.0.159:8080/v1/AUTH_2f96e5f995e6442f94f881dabbe4dbf7/gnocchi.e267590c-bd3b-4f45-a5dc-979be28afdde/none_v3" "tx09f33341a3b343b5b61ed-00693fc88e" "proxy-server 20" 0.0119 "-" 22 0
Dec 15 08:36:30 np0005559460 container-server[122012]: 172.20.0.103 - - [15/Dec/2025:08:36:30 +0000] "PUT /d1/989/AUTH_2f96e5f995e6442f94f881dabbe4dbf7/gnocchi.e267590c-bd3b-4f45-a5dc-979be28afdde/none_v3" 201 - "PUT http://172.18.0.159:8080/d1/604/AUTH_2f96e5f995e6442f94f881dabbe4dbf7/gnocchi.e267590c-bd3b-4f45-a5dc-979be28afdde/none_v3" "tx09f33341a3b343b5b61ed-00693fc88e" "object-server 23" 0.0009 "-" 22 0
Dec 15 08:36:30 np0005559460 container-server[122013]: 172.20.0.105 - - [15/Dec/2025:08:36:30 +0000] "PUT /d1/765/AUTH_2f96e5f995e6442f94f881dabbe4dbf7/gnocchi.42f7803c-5d2a-4756-9f97-00cb19feaf08/1764720000.0_rate%3Amean_300.0_v3" 201 - "PUT http://172.18.0.159:8080/d1/467/AUTH_2f96e5f995e6442f94f881dabbe4dbf7/gnocchi.42f7803c-5d2a-4756-9f97-00cb19feaf08/1764720000.0_rate%3Amean_300.0_v3" "tx85d12f5289874bd9b388a-00693fc88e" "object-server 19" 0.0008 "-" 23 0
Dec 15 08:36:30 np0005559460 object-server[122297]: 172.20.0.104 - - [15/Dec/2025:08:36:30 +0000] "PUT /d1/467/AUTH_2f96e5f995e6442f94f881dabbe4dbf7/gnocchi.42f7803c-5d2a-4756-9f97-00cb19feaf08/1764720000.0_rate%3Amean_300.0_v3" 201 - "PUT http://172.18.0.159:8080/v1/AUTH_2f96e5f995e6442f94f881dabbe4dbf7/gnocchi.42f7803c-5d2a-4756-9f97-00cb19feaf08/1764720000.0_rate%3Amean_300.0_v3" "tx85d12f5289874bd9b388a-00693fc88e" "proxy-server 20" 0.0206 "-" 24 0
Dec 15 08:36:30 np0005559460 proxy-server[123880]: 172.18.0.159 172.18.0.104 15/Dec/2025/08/36/30 PUT /v1/AUTH_2f96e5f995e6442f94f881dabbe4dbf7/gnocchi.42f7803c-5d2a-4756-9f97-00cb19feaf08/1764720000.0_rate%253Amean_300.0_v3 HTTP/1.0 201 - python-swiftclient-3.11.1 gAAAAABpP8cKWFq0... 16 - - tx85d12f5289874bd9b388a-00693fc88e - 0.0329 - - 1765787790.886490822 1765787790.919427156 0
Dec 15 08:36:30 np0005559460 object-server[122297]: 172.20.0.103 - - [15/Dec/2025:08:36:30 +0000] "GET /d1/1004/AUTH_2f96e5f995e6442f94f881dabbe4dbf7/gnocchi.02838bed-d538-42aa-b7bd-83dbf0314c10/none_v3" 200 22 "GET http://172.18.0.159:8080/v1/AUTH_2f96e5f995e6442f94f881dabbe4dbf7/gnocchi.02838bed-d538-42aa-b7bd-83dbf0314c10/none_v3" "tx11fbf2dc50884638b4030-00693fc88e" "proxy-server 20" 0.0011 "-" 24 0
Dec 15 08:36:30 np0005559460 container-server[122012]: 172.20.0.103 - - [15/Dec/2025:08:36:30 +0000] "PUT /d1/765/AUTH_2f96e5f995e6442f94f881dabbe4dbf7/gnocchi.42f7803c-5d2a-4756-9f97-00cb19feaf08/none_v3" 201 - "PUT http://172.18.0.159:8080/d1/757/AUTH_2f96e5f995e6442f94f881dabbe4dbf7/gnocchi.42f7803c-5d2a-4756-9f97-00cb19feaf08/none_v3" "tx60fcbe0bf9de419baa925-00693fc88e" "object-server 25" 0.0005 "-" 22 0
Dec 15 08:36:30 np0005559460 object-server[122293]: 172.20.0.104 - - [15/Dec/2025:08:36:30 +0000] "PUT /d1/757/AUTH_2f96e5f995e6442f94f881dabbe4dbf7/gnocchi.42f7803c-5d2a-4756-9f97-00cb19feaf08/none_v3" 201 - "PUT http://172.18.0.159:8080/v1/AUTH_2f96e5f995e6442f94f881dabbe4dbf7/gnocchi.42f7803c-5d2a-4756-9f97-00cb19feaf08/none_v3" "tx60fcbe0bf9de419baa925-00693fc88e" "proxy-server 20" 0.0113 "-" 23 0
Dec 15 08:36:30 np0005559460 proxy-server[123880]: 172.18.0.159 172.18.0.104 15/Dec/2025/08/36/30 PUT /v1/AUTH_2f96e5f995e6442f94f881dabbe4dbf7/gnocchi.42f7803c-5d2a-4756-9f97-00cb19feaf08/none_v3 HTTP/1.0 201 - python-swiftclient-3.11.1 gAAAAABpP8cKWFq0... 33 - - tx60fcbe0bf9de419baa925-00693fc88e - 0.0262 - - 1765787790.923499346 1765787790.949682713 0
Dec 15 08:36:30 np0005559460 container-server[122013]: 172.20.0.104 - - [15/Dec/2025:08:36:30 +0000] "GET /d1/412/AUTH_2f96e5f995e6442f94f881dabbe4dbf7/gnocchi.02838bed-d538-42aa-b7bd-83dbf0314c10" 200 2 "GET http://172.18.0.159:8080/v1/AUTH_2f96e5f995e6442f94f881dabbe4dbf7/gnocchi.02838bed-d538-42aa-b7bd-83dbf0314c10?format=json&marker=none_v3&states=listing" "txeed46199d21649269886b-00693fc88e" "proxy-server 20" 0.0042 "-" 23 0
Dec 15 08:36:30 np0005559460 proxy-server[123880]: 172.18.0.105 172.18.0.104 15/Dec/2025/08/36/30 GET /v1/AUTH_2f96e5f995e6442f94f881dabbe4dbf7/gnocchi.02838bed-d538-42aa-b7bd-83dbf0314c10%3Fformat%3Djson%26marker%3Dnone_v3%26states%3Dlisting HTTP/1.0 200 - python-swiftclient-3.11.1 gAAAAABpP8bDpUSn... - 2 - txeed46199d21649269886b-00693fc88e - 0.0144 - - 1765787790.969359875 1765787790.983770370 0
Dec 15 08:36:30 np0005559460 container-server[122008]: 172.20.0.103 - - [15/Dec/2025:08:36:30 +0000] "HEAD /d1/541/AUTH_2f96e5f995e6442f94f881dabbe4dbf7/gnocchi.11f89d50-b167-40c1-8548-804f0c620f7b" 204 - "HEAD http://172.18.0.159:8080/v1/AUTH_2f96e5f995e6442f94f881dabbe4dbf7/gnocchi.11f89d50-b167-40c1-8548-804f0c620f7b?format=json&states=listing" "txdee1c5ba60974f5998cf7-00693fc88e" "proxy-server 20" 0.0012 "-" 21 0
Dec 15 08:36:31 np0005559460 proxy-server[123880]: 172.18.0.105 172.18.0.104 15/Dec/2025/08/36/31 GET /v1/AUTH_2f96e5f995e6442f94f881dabbe4dbf7/gnocchi.02838bed-d538-42aa-b7bd-83dbf0314c10/1764720000.0_mean_300.0_v3 HTTP/1.0 200 - python-swiftclient-3.11.1 gAAAAABpP8bDpUSn... - 16 - tx9ee9a206e96748caadd81-00693fc88e - 0.0145 - - 1765787790.991075993 1765787791.005526304 0
Dec 15 08:36:31 np0005559460 object-server[122305]: 172.20.0.104 - - [15/Dec/2025:08:36:31 +0000] "GET /d1/946/AUTH_2f96e5f995e6442f94f881dabbe4dbf7/gnocchi.02838bed-d538-42aa-b7bd-83dbf0314c10/1764720000.0_rate%3Amean_300.0_v3" 404 70 "GET http://172.18.0.159:8080/v1/AUTH_2f96e5f995e6442f94f881dabbe4dbf7/gnocchi.02838bed-d538-42aa-b7bd-83dbf0314c10/1764720000.0_rate%3Amean_300.0_v3" "tx081a1fefdece4ab794e28-00693fc88f" "proxy-server 20" 0.0003 "-" 25 0
Dec 15 08:36:31 np0005559460 container-server[122003]: 172.20.0.103 - - [15/Dec/2025:08:36:31 +0000] "GET /d1/541/AUTH_2f96e5f995e6442f94f881dabbe4dbf7/gnocchi.11f89d50-b167-40c1-8548-804f0c620f7b" 200 357 "GET http://172.18.0.159:8080/v1/AUTH_2f96e5f995e6442f94f881dabbe4dbf7/gnocchi.11f89d50-b167-40c1-8548-804f0c620f7b?format=json&states=listing" "tx973bf54c43f84b6eac4eb-00693fc88f" "proxy-server 20" 0.0026 "-" 20 0
