Dec 15 08:26:50 np0005559460 account-server[121191]: diff:0 diff_capped:0 empty:0 hashmatch:0 no_change:0 remote_merge:0 rsync:0 ts_repl:0
Dec 15 08:26:58 np0005559460 object-server[122090]: Starting object replication pass.
Dec 15 08:26:58 np0005559460 object-server[122090]: Nothing replicated for 0.0035157203674316406 seconds.
Dec 15 08:26:58 np0005559460 object-server[122090]: Object replication complete. (0.00 minutes)
Dec 15 08:26:59 np0005559460 object-server[193920]: Begin object audit "forever" mode (ALL)
Dec 15 08:26:59 np0005559460 object-server[193920]: Object audit (ALL) "forever" mode completed: 0.00s. Total quarantined: 0, Total errors: 0, Total files/sec: 0.00, Total bytes/sec: 0.00, Auditing time: 0.00, Rate: 0.00
Dec 15 08:26:59 np0005559460 object-server[193919]: Begin object audit "forever" mode (ZBF)
Dec 15 08:26:59 np0005559460 object-server[193919]: Object audit (ZBF) "forever" mode completed: 0.00s. Total quarantined: 0, Total errors: 0, Total files/sec: 0.00, Total bytes/sec: 0.00, Auditing time: 0.00, Rate: 0.00
Dec 15 08:27:04 np0005559460 container-server[121571]: Beginning replication run
Dec 15 08:27:04 np0005559460 container-server[121571]: Replication run OVER
Dec 15 08:27:04 np0005559460 container-server[121571]: Attempted to replicate 0 dbs in 0.00164 seconds (0.00000/s)
Dec 15 08:27:04 np0005559460 container-server[121571]: Removed 0 dbs
Dec 15 08:27:04 np0005559460 container-server[121571]: 0 successes, 0 failures
Dec 15 08:27:04 np0005559460 container-server[121571]: diff:0 diff_capped:0 empty:0 hashmatch:0 no_change:0 remote_merge:0 rsync:0 ts_repl:0
Dec 15 08:27:20 np0005559460 account-server[121191]: Beginning replication run
Dec 15 08:27:20 np0005559460 account-server[121191]: Replication run OVER
Dec 15 08:27:20 np0005559460 account-server[121191]: Attempted to replicate 0 dbs in 0.00167 seconds (0.00000/s)
Dec 15 08:27:20 np0005559460 account-server[121191]: Removed 0 dbs
Dec 15 08:27:20 np0005559460 account-server[121191]: 0 successes, 0 failures
Dec 15 08:27:20 np0005559460 account-server[121191]: diff:0 diff_capped:0 empty:0 hashmatch:0 no_change:0 remote_merge:0 rsync:0 ts_repl:0
Dec 15 08:27:28 np0005559460 object-server[122090]: Starting object replication pass.
Dec 15 08:27:28 np0005559460 object-server[122090]: Nothing replicated for 0.0035583972930908203 seconds.
Dec 15 08:27:28 np0005559460 object-server[122090]: Object replication complete. (0.00 minutes)
Dec 15 08:27:29 np0005559460 object-server[193921]: Begin object audit "forever" mode (ZBF)
Dec 15 08:27:29 np0005559460 object-server[193921]: Object audit (ZBF) "forever" mode completed: 0.00s. Total quarantined: 0, Total errors: 0, Total files/sec: 0.00, Total bytes/sec: 0.00, Auditing time: 0.00, Rate: 0.00
Dec 15 08:27:34 np0005559460 container-server[121571]: Beginning replication run
Dec 15 08:27:34 np0005559460 container-server[121571]: Replication run OVER
Dec 15 08:27:34 np0005559460 container-server[121571]: Attempted to replicate 0 dbs in 0.00171 seconds (0.00000/s)
Dec 15 08:27:34 np0005559460 container-server[121571]: Removed 0 dbs
Dec 15 08:27:34 np0005559460 container-server[121571]: 0 successes, 0 failures
Dec 15 08:27:34 np0005559460 container-server[121571]: diff:0 diff_capped:0 empty:0 hashmatch:0 no_change:0 remote_merge:0 rsync:0 ts_repl:0
Dec 15 08:27:43 np0005559460 account-server[121627]: 172.20.0.105 - - [15/Dec/2025:08:27:43 +0000] "HEAD /d1/700/.expiring_objects" 404 - "HEAD http://localhost/v1/.expiring_objects?format=json" "tx9e79467e025047ae80b43-00693fc67f" "proxy-server 2" 0.0008 "-" 22 -
Dec 15 08:27:50 np0005559460 account-server[121191]: Beginning replication run
Dec 15 08:27:50 np0005559460 account-server[121191]: Replication run OVER
Dec 15 08:27:50 np0005559460 account-server[121191]: Attempted to replicate 0 dbs in 0.00198 seconds (0.00000/s)
Dec 15 08:27:50 np0005559460 account-server[121191]: Removed 0 dbs
Dec 15 08:27:50 np0005559460 account-server[121191]: 0 successes, 0 failures
Dec 15 08:27:50 np0005559460 account-server[121191]: diff:0 diff_capped:0 empty:0 hashmatch:0 no_change:0 remote_merge:0 rsync:0 ts_repl:0
Dec 15 08:27:58 np0005559460 object-server[122090]: Starting object replication pass.
Dec 15 08:27:58 np0005559460 object-server[122090]: Nothing replicated for 0.0050585269927978516 seconds.
Dec 15 08:27:58 np0005559460 object-server[122090]: Object replication complete. (0.00 minutes)
Dec 15 08:27:59 np0005559460 object-server[200002]: Begin object audit "forever" mode (ZBF)
Dec 15 08:27:59 np0005559460 object-server[200003]: Begin object audit "forever" mode (ALL)
Dec 15 08:27:59 np0005559460 object-server[200003]: Object audit (ALL) "forever" mode completed: 0.00s. Total quarantined: 0, Total errors: 0, Total files/sec: 0.00, Total bytes/sec: 0.00, Auditing time: 0.00, Rate: 0.00
Dec 15 08:27:59 np0005559460 object-server[200002]: Object audit (ZBF) "forever" mode completed: 0.00s. Total quarantined: 0, Total errors: 0, Total files/sec: 0.00, Total bytes/sec: 0.00, Auditing time: 0.00, Rate: 0.00
Dec 15 08:28:04 np0005559460 container-server[121571]: Beginning replication run
Dec 15 08:28:04 np0005559460 container-server[121571]: Replication run OVER
Dec 15 08:28:04 np0005559460 container-server[121571]: Attempted to replicate 0 dbs in 0.00174 seconds (0.00000/s)
Dec 15 08:28:04 np0005559460 container-server[121571]: Removed 0 dbs
Dec 15 08:28:04 np0005559460 container-server[121571]: 0 successes, 0 failures
Dec 15 08:28:04 np0005559460 container-server[121571]: diff:0 diff_capped:0 empty:0 hashmatch:0 no_change:0 remote_merge:0 rsync:0 ts_repl:0
Dec 15 08:28:18 np0005559460 account-server[121617]: 172.20.0.103 - - [15/Dec/2025:08:28:18 +0000] "HEAD /d1/700/.expiring_objects" 404 - "HEAD http://localhost/v1/.expiring_objects?format=json" "txbd51044ee1064c3dada95-00693fc6a2" "proxy-server 2" 0.0011 "-" 21 -
Dec 15 08:28:20 np0005559460 account-server[121191]: Beginning replication run
Dec 15 08:28:20 np0005559460 account-server[121191]: Replication run OVER
Dec 15 08:28:20 np0005559460 account-server[121191]: Attempted to replicate 0 dbs in 0.00208 seconds (0.00000/s)
Dec 15 08:28:20 np0005559460 account-server[121191]: Removed 0 dbs
Dec 15 08:28:20 np0005559460 account-server[121191]: 0 successes, 0 failures
Dec 15 08:28:20 np0005559460 account-server[121191]: diff:0 diff_capped:0 empty:0 hashmatch:0 no_change:0 remote_merge:0 rsync:0 ts_repl:0
Dec 15 08:28:26 np0005559460 container-server[121766]: Begin container update sweep
Dec 15 08:28:26 np0005559460 container-server[121766]: Container update sweep completed: 0.00s
Dec 15 08:28:28 np0005559460 object-server[122090]: Starting object replication pass.
Dec 15 08:28:28 np0005559460 object-server[122090]: Nothing replicated for 0.003780841827392578 seconds.
Dec 15 08:28:28 np0005559460 object-server[122090]: Object replication complete. (0.00 minutes)
Dec 15 08:28:29 np0005559460 object-server[200004]: Begin object audit "forever" mode (ZBF)
Dec 15 08:28:29 np0005559460 object-server[200004]: Object audit (ZBF) "forever" mode completed: 0.00s. Total quarantined: 0, Total errors: 0, Total files/sec: 0.00, Total bytes/sec: 0.00, Auditing time: 0.00, Rate: 0.00
Dec 15 08:28:34 np0005559460 container-server[121571]: Beginning replication run
Dec 15 08:28:34 np0005559460 container-server[121571]: Replication run OVER
Dec 15 08:28:34 np0005559460 container-server[121571]: Attempted to replicate 0 dbs in 0.00336 seconds (0.00000/s)
Dec 15 08:28:34 np0005559460 container-server[121571]: Removed 0 dbs
Dec 15 08:28:34 np0005559460 container-server[121571]: 0 successes, 0 failures
Dec 15 08:28:34 np0005559460 container-server[121571]: diff:0 diff_capped:0 empty:0 hashmatch:0 no_change:0 remote_merge:0 rsync:0 ts_repl:0
Dec 15 08:28:36 np0005559460 account-server[121627]: 172.20.0.104 - - [15/Dec/2025:08:28:36 +0000] "HEAD /d1/700/.expiring_objects" 404 - "HEAD http://localhost/v1/.expiring_objects?format=json" "txeef818a8ff614aa388b11-00693fc6b4" "proxy-server 2" 0.0005 "-" 22 -
Dec 15 08:28:36 np0005559460 object-expirer[121904]: Pass completed in 0s; 0 objects expired (txn: txeef818a8ff614aa388b11-00693fc6b4)
Dec 15 08:28:40 np0005559460 account-server[121617]: 172.20.0.104 - - [15/Dec/2025:08:28:40 +0000] "HEAD /d1/700/.expiring_objects" 404 - "HEAD http://localhost/v1/.expiring_objects?format=json" "txd4bd8b1c56b44654aee75-00693fc6b8" "proxy-server 2" 0.0007 "-" 21 -
Dec 15 08:28:40 np0005559460 object-expirer[121904]: Pass completed in 0s; 0 objects expired (txn: txd4bd8b1c56b44654aee75-00693fc6b8)
Dec 15 08:28:50 np0005559460 account-server[121191]: Beginning replication run
Dec 15 08:28:50 np0005559460 account-server[121191]: Replication run OVER
Dec 15 08:28:50 np0005559460 account-server[121191]: Attempted to replicate 0 dbs in 0.00161 seconds (0.00000/s)
Dec 15 08:28:50 np0005559460 account-server[121191]: Removed 0 dbs
Dec 15 08:28:50 np0005559460 account-server[121191]: 0 successes, 0 failures
Dec 15 08:28:50 np0005559460 account-server[121191]: diff:0 diff_capped:0 empty:0 hashmatch:0 no_change:0 remote_merge:0 rsync:0 ts_repl:0
Dec 15 08:28:51 np0005559460 account-server[121592]: 172.20.0.103 - - [15/Dec/2025:08:28:51 +0000] "HEAD /d1/500/AUTH_2f96e5f995e6442f94f881dabbe4dbf7" 404 - "HEAD http://172.18.0.159:8080/v1/AUTH_2f96e5f995e6442f94f881dabbe4dbf7?format=json" "tx8b84f1d4ce1b446fbb0f2-00693fc6c3" "proxy-server 20" 0.0008 "-" 20 -
Dec 15 08:28:51 np0005559460 object-server[122305]: 172.20.0.103 - - [15/Dec/2025:08:28:51 +0000] "GET /d1/701/AUTH_2f96e5f995e6442f94f881dabbe4dbf7/gnocchi.6d422243-1822-42cd-8ec4-0cb3f8476463/none_v3" 404 70 "GET http://172.18.0.159:8080/v1/AUTH_2f96e5f995e6442f94f881dabbe4dbf7/gnocchi.6d422243-1822-42cd-8ec4-0cb3f8476463/none_v3" "tx8b84f1d4ce1b446fbb0f2-00693fc6c3" "proxy-server 20" 0.0021 "-" 25 0
Dec 15 08:28:51 np0005559460 account-server[121592]: 172.20.0.104 - - [15/Dec/2025:08:28:51 +0000] "PUT /d1/500/AUTH_2f96e5f995e6442f94f881dabbe4dbf7" 201 - "-" "txc05568228b194c4bae8e4-00693fc6c3" "-" 0.0183 "-" 20 -
Dec 15 08:28:51 np0005559460 proxy-server[123880]: autocreate account '/AUTH_2f96e5f995e6442f94f881dabbe4dbf7' (txn: txc05568228b194c4bae8e4-00693fc6c3)
Dec 15 08:28:51 np0005559460 account-server[121629]: 172.20.0.104 - - [15/Dec/2025:08:28:51 +0000] "PUT /d1/500/AUTH_2f96e5f995e6442f94f881dabbe4dbf7/gnocchi.6d422243-1822-42cd-8ec4-0cb3f8476463" 201 - "PUT http://172.20.0.104:6001/d1/177/AUTH_2f96e5f995e6442f94f881dabbe4dbf7/gnocchi.6d422243-1822-42cd-8ec4-0cb3f8476463" "txc05568228b194c4bae8e4-00693fc6c3" "container-server 23" 0.0031 "-" 23 0
Dec 15 08:28:51 np0005559460 container-server[122013]: 172.20.0.104 - - [15/Dec/2025:08:28:51 +0000] "PUT /d1/177/AUTH_2f96e5f995e6442f94f881dabbe4dbf7/gnocchi.6d422243-1822-42cd-8ec4-0cb3f8476463" 201 - "PUT http://172.18.0.159:8080/v1/AUTH_2f96e5f995e6442f94f881dabbe4dbf7/gnocchi.6d422243-1822-42cd-8ec4-0cb3f8476463" "txc05568228b194c4bae8e4-00693fc6c3" "proxy-server 20" 0.0198 "-" 23 0
Dec 15 08:28:51 np0005559460 proxy-server[123880]: 172.18.0.105 172.18.0.104 15/Dec/2025/08/28/51 PUT /v1/AUTH_2f96e5f995e6442f94f881dabbe4dbf7/gnocchi.6d422243-1822-42cd-8ec4-0cb3f8476463 HTTP/1.0 201 - python-swiftclient-3.11.1 gAAAAABpP8bDpUSn... - - - txc05568228b194c4bae8e4-00693fc6c3 - 0.0668 - - 1765787331.703516006 1765787331.770308018 0
Dec 15 08:28:51 np0005559460 container-server[122013]: 172.20.0.105 - - [15/Dec/2025:08:28:51 +0000] "GET /d1/177/AUTH_2f96e5f995e6442f94f881dabbe4dbf7/gnocchi.6d422243-1822-42cd-8ec4-0cb3f8476463" 200 2 "GET http://172.18.0.159:8080/v1/AUTH_2f96e5f995e6442f94f881dabbe4dbf7/gnocchi.6d422243-1822-42cd-8ec4-0cb3f8476463?format=json&states=listing" "tx6c9e831bddd24820ad415-00693fc6c3" "proxy-server 20" 0.0037 "-" 23 0
Dec 15 08:28:51 np0005559460 object-server[122293]: 172.20.0.103 - - [15/Dec/2025:08:28:51 +0000] "GET /d1/630/AUTH_2f96e5f995e6442f94f881dabbe4dbf7/gnocchi.6d422243-1822-42cd-8ec4-0cb3f8476463/1764720000.0_mean_300.0_v3" 404 70 "GET http://172.18.0.159:8080/v1/AUTH_2f96e5f995e6442f94f881dabbe4dbf7/gnocchi.6d422243-1822-42cd-8ec4-0cb3f8476463/1764720000.0_mean_300.0_v3" "txd87d1c9a729e402f9ccd1-00693fc6c3" "proxy-server 20" 0.0012 "-" 23 0
Dec 15 08:28:51 np0005559460 container-server[122003]: 172.20.0.105 - - [15/Dec/2025:08:28:51 +0000] "PUT /d1/177/AUTH_2f96e5f995e6442f94f881dabbe4dbf7/gnocchi.6d422243-1822-42cd-8ec4-0cb3f8476463/1764720000.0_mean_300.0_v3" 201 - "PUT http://172.18.0.159:8080/d1/630/AUTH_2f96e5f995e6442f94f881dabbe4dbf7/gnocchi.6d422243-1822-42cd-8ec4-0cb3f8476463/1764720000.0_mean_300.0_v3" "txe37e280aa951442fba902-00693fc6c3" "object-server 19" 0.0012 "-" 20 0
Dec 15 08:28:51 np0005559460 object-server[122293]: 172.20.0.104 - - [15/Dec/2025:08:28:51 +0000] "PUT /d1/630/AUTH_2f96e5f995e6442f94f881dabbe4dbf7/gnocchi.6d422243-1822-42cd-8ec4-0cb3f8476463/1764720000.0_mean_300.0_v3" 201 - "PUT http://172.18.0.159:8080/v1/AUTH_2f96e5f995e6442f94f881dabbe4dbf7/gnocchi.6d422243-1822-42cd-8ec4-0cb3f8476463/1764720000.0_mean_300.0_v3" "txe37e280aa951442fba902-00693fc6c3" "proxy-server 20" 0.0383 "-" 23 0
Dec 15 08:28:51 np0005559460 proxy-server[123880]: 172.18.0.105 172.18.0.104 15/Dec/2025/08/28/51 PUT /v1/AUTH_2f96e5f995e6442f94f881dabbe4dbf7/gnocchi.6d422243-1822-42cd-8ec4-0cb3f8476463/1764720000.0_mean_300.0_v3 HTTP/1.0 201 - python-swiftclient-3.11.1 gAAAAABpP8bDpUSn... 16 - - txe37e280aa951442fba902-00693fc6c3 - 0.0529 - - 1765787331.849763155 1765787331.902669430 0
Dec 15 08:28:51 np0005559460 container-server[122008]: 172.20.0.104 - - [15/Dec/2025:08:28:51 +0000] "PUT /d1/177/AUTH_2f96e5f995e6442f94f881dabbe4dbf7/gnocchi.6d422243-1822-42cd-8ec4-0cb3f8476463/none_v3" 201 - "PUT http://172.18.0.159:8080/d1/701/AUTH_2f96e5f995e6442f94f881dabbe4dbf7/gnocchi.6d422243-1822-42cd-8ec4-0cb3f8476463/none_v3" "txf32fefcb32164aba9f4c1-00693fc6c3" "object-server 22" 0.0020 "-" 21 0
Dec 15 08:28:51 np0005559460 object-server[122283]: 172.20.0.105 - - [15/Dec/2025:08:28:51 +0000] "PUT /d1/701/AUTH_2f96e5f995e6442f94f881dabbe4dbf7/gnocchi.6d422243-1822-42cd-8ec4-0cb3f8476463/none_v3" 201 - "PUT http://172.18.0.159:8080/v1/AUTH_2f96e5f995e6442f94f881dabbe4dbf7/gnocchi.6d422243-1822-42cd-8ec4-0cb3f8476463/none_v3" "txf32fefcb32164aba9f4c1-00693fc6c3" "proxy-server 20" 0.0408 "-" 22 0
Dec 15 08:28:58 np0005559460 object-server[122090]: Starting object replication pass.
Dec 15 08:28:58 np0005559460 object-server[122090]: 2/2 (100.00%) partitions replicated in 0.04s (51.95/sec, 0s remaining)
Dec 15 08:28:58 np0005559460 object-server[122090]: 4 successes, 0 failures
Dec 15 08:28:58 np0005559460 object-server[122090]: 2 suffixes checked - 0.00% hashed, 0.00% synced
Dec 15 08:28:58 np0005559460 object-server[122090]: Partition times: max 0.0182s, min 0.0176s, med 0.0182s
Dec 15 08:28:58 np0005559460 object-server[122090]: Object replication complete. (0.00 minutes)
Dec 15 08:28:59 np0005559460 object-server[206022]: Begin object audit "forever" mode (ALL)
Dec 15 08:28:59 np0005559460 object-server[206021]: Begin object audit "forever" mode (ZBF)
Dec 15 08:28:59 np0005559460 object-server[206021]: Object audit (ZBF). Since Mon Dec 15 08:28:59 2025: Locally: 1 passed, 0 quarantined, 0 errors, files/sec: 520.06, bytes/sec: 0.00, Total time: 0.00, Auditing time: 0.00, Rate: 0.00
Dec 15 08:28:59 np0005559460 object-server[206021]: Object audit (ZBF) "forever" mode completed: 0.00s. Total quarantined: 0, Total errors: 0, Total files/sec: 456.22, Total bytes/sec: 0.00, Auditing time: 0.00, Rate: 0.34
Dec 15 08:28:59 np0005559460 object-server[206022]: Object audit (ALL). Since Mon Dec 15 08:28:59 2025: Locally: 1 passed, 0 quarantined, 0 errors, files/sec: 115.86, bytes/sec: 1853.84, Total time: 0.01, Auditing time: 0.00, Rate: 0.00
Dec 15 08:28:59 np0005559460 object-server[206022]: Object audit (ALL) "forever" mode completed: 0.01s. Total quarantined: 0, Total errors: 0, Total files/sec: 152.60, Total bytes/sec: 2899.41, Auditing time: 0.01, Rate: 0.69
Dec 15 08:29:04 np0005559460 container-server[121571]: Beginning replication run
Dec 15 08:29:04 np0005559460 container-server[121571]: Replication run OVER
Dec 15 08:29:04 np0005559460 container-server[121571]: Attempted to replicate 1 dbs in 0.03648 seconds (27.40920/s)
Dec 15 08:29:04 np0005559460 container-server[121571]: Removed 0 dbs
Dec 15 08:29:04 np0005559460 container-server[121571]: 2 successes, 0 failures
Dec 15 08:29:04 np0005559460 container-server[121571]: diff:0 diff_capped:0 empty:0 hashmatch:0 no_change:2 remote_merge:0 rsync:0 ts_repl:0
Dec 15 08:29:09 np0005559460 object-server[122171]: Begin object update sweep
Dec 15 08:29:09 np0005559460 object-server[206775]: Object update sweep starting on /srv/node/d1 (pid: 14)
Dec 15 08:29:09 np0005559460 object-server[206775]: Object update sweep completed on /srv/node/d1 in 0.00s seconds:, 0 successes, 0 failures, 0 quarantines, 0 unlinks, 0 errors, 0 redirects (pid: 14)
Dec 15 08:29:09 np0005559460 object-server[206775]: Object update sweep of d1 completed: 0.00s, 0 successes, 0 failures, 0 quarantines, 0 unlinks, 0 errors, 0 redirects
Dec 15 08:29:09 np0005559460 object-server[122171]: Object update sweep completed: 0.08s
Dec 15 08:29:12 np0005559460 account-server[121592]: 172.20.0.105 - - [15/Dec/2025:08:29:12 +0000] "PUT /d1/500/AUTH_2f96e5f995e6442f94f881dabbe4dbf7/gnocchi.6d422243-1822-42cd-8ec4-0cb3f8476463" 201 - "-" "-" "container-updater 2" 0.0012 "-" 20 0
Dec 15 08:29:20 np0005559460 account-server[121191]: Beginning replication run
Dec 15 08:29:20 np0005559460 account-server[121191]: Replication run OVER
Dec 15 08:29:20 np0005559460 account-server[121191]: Attempted to replicate 1 dbs in 0.02735 seconds (36.56364/s)
Dec 15 08:29:20 np0005559460 account-server[121191]: Removed 0 dbs
Dec 15 08:29:20 np0005559460 account-server[121191]: 2 successes, 0 failures
Dec 15 08:29:20 np0005559460 account-server[121191]: diff:0 diff_capped:0 empty:0 hashmatch:0 no_change:2 remote_merge:0 rsync:0 ts_repl:0
Dec 15 08:29:21 np0005559460 proxy-server[123880]: 172.18.0.105 172.18.0.104 15/Dec/2025/08/29/21 GET /v1/AUTH_2f96e5f995e6442f94f881dabbe4dbf7/gnocchi.6d422243-1822-42cd-8ec4-0cb3f8476463%3Fformat%3Djson%26states%3Dlisting HTTP/1.0 200 - python-swiftclient-3.11.1 gAAAAABpP8bDpUSn... - 357 - txe08d1042ba4c4c4895a59-00693fc6e1 - 0.0163 - - 1765787361.058044910 1765787361.074340582 0
Dec 15 08:29:21 np0005559460 object-server[122305]: 172.20.0.103 - - [15/Dec/2025:08:29:21 +0000] "GET /d1/630/AUTH_2f96e5f995e6442f94f881dabbe4dbf7/gnocchi.6d422243-1822-42cd-8ec4-0cb3f8476463/1764720000.0_mean_300.0_v3" 200 16 "GET http://172.18.0.159:8080/v1/AUTH_2f96e5f995e6442f94f881dabbe4dbf7/gnocchi.6d422243-1822-42cd-8ec4-0cb3f8476463/1764720000.0_mean_300.0_v3" "tx7423af56c012444e86458-00693fc6e1" "proxy-server 20" 0.0017 "-" 25 0
Dec 15 08:29:21 np0005559460 container-server[122012]: 172.20.0.104 - - [15/Dec/2025:08:29:21 +0000] "PUT /d1/177/AUTH_2f96e5f995e6442f94f881dabbe4dbf7/gnocchi.6d422243-1822-42cd-8ec4-0cb3f8476463/1764720000.0_mean_300.0_v3" 201 - "PUT http://172.18.0.159:8080/d1/630/AUTH_2f96e5f995e6442f94f881dabbe4dbf7/gnocchi.6d422243-1822-42cd-8ec4-0cb3f8476463/1764720000.0_mean_300.0_v3" "tx5dea846679a142508fe38-00693fc6e1" "object-server 25" 0.0020 "-" 22 0
Dec 15 08:29:21 np0005559460 object-server[122305]: 172.20.0.104 - - [15/Dec/2025:08:29:21 +0000] "PUT /d1/630/AUTH_2f96e5f995e6442f94f881dabbe4dbf7/gnocchi.6d422243-1822-42cd-8ec4-0cb3f8476463/1764720000.0_mean_300.0_v3" 201 - "PUT http://172.18.0.159:8080/v1/AUTH_2f96e5f995e6442f94f881dabbe4dbf7/gnocchi.6d422243-1822-42cd-8ec4-0cb3f8476463/1764720000.0_mean_300.0_v3" "tx5dea846679a142508fe38-00693fc6e1" "proxy-server 20" 0.0225 "-" 25 0
Dec 15 08:29:21 np0005559460 proxy-server[123880]: 172.18.0.105 172.18.0.104 15/Dec/2025/08/29/21 PUT /v1/AUTH_2f96e5f995e6442f94f881dabbe4dbf7/gnocchi.6d422243-1822-42cd-8ec4-0cb3f8476463/1764720000.0_mean_300.0_v3 HTTP/1.0 201 - python-swiftclient-3.11.1 gAAAAABpP8bDpUSn... 16 - - tx5dea846679a142508fe38-00693fc6e1 - 0.0342 - - 1765787361.160555363 1765787361.194708109 0
Dec 15 08:29:21 np0005559460 container-server[122008]: 172.20.0.104 - - [15/Dec/2025:08:29:21 +0000] "PUT /d1/177/AUTH_2f96e5f995e6442f94f881dabbe4dbf7/gnocchi.6d422243-1822-42cd-8ec4-0cb3f8476463/none_v3" 201 - "PUT http://172.18.0.159:8080/d1/701/AUTH_2f96e5f995e6442f94f881dabbe4dbf7/gnocchi.6d422243-1822-42cd-8ec4-0cb3f8476463/none_v3" "tx0935c5fbcda2465999fa5-00693fc6e1" "object-server 25" 0.0009 "-" 21 0
Dec 15 08:29:21 np0005559460 object-server[122305]: 172.20.0.105 - - [15/Dec/2025:08:29:21 +0000] "PUT /d1/701/AUTH_2f96e5f995e6442f94f881dabbe4dbf7/gnocchi.6d422243-1822-42cd-8ec4-0cb3f8476463/none_v3" 201 - "PUT http://172.18.0.159:8080/v1/AUTH_2f96e5f995e6442f94f881dabbe4dbf7/gnocchi.6d422243-1822-42cd-8ec4-0cb3f8476463/none_v3" "tx0935c5fbcda2465999fa5-00693fc6e1" "proxy-server 20" 0.0133 "-" 25 0
Dec 15 08:29:28 np0005559460 object-server[122090]: Starting object replication pass.
Dec 15 08:29:28 np0005559460 object-server[122090]: 2/2 (100.00%) partitions replicated in 0.03s (79.74/sec, 0s remaining)
Dec 15 08:29:28 np0005559460 object-server[122090]: 4 successes, 0 failures
Dec 15 08:29:28 np0005559460 object-server[122090]: 2 suffixes checked - 0.00% hashed, 0.00% synced
Dec 15 08:29:28 np0005559460 object-server[122090]: Partition times: max 0.0105s, min 0.0104s, med 0.0105s
Dec 15 08:29:28 np0005559460 object-server[122090]: Object replication complete. (0.00 minutes)
Dec 15 08:29:29 np0005559460 object-server[206039]: Begin object audit "forever" mode (ZBF)
Dec 15 08:29:29 np0005559460 object-server[206039]: Object audit (ZBF). Since Mon Dec 15 08:29:29 2025: Locally: 1 passed, 0 quarantined, 0 errors, files/sec: 608.75, bytes/sec: 0.00, Total time: 0.00, Auditing time: 0.00, Rate: 0.00
Dec 15 08:29:29 np0005559460 object-server[206039]: Object audit (ZBF) "forever" mode completed: 0.00s. Total quarantined: 0, Total errors: 0, Total files/sec: 513.35, Total bytes/sec: 0.00, Auditing time: 0.00, Rate: 0.30
Dec 15 08:29:34 np0005559460 container-server[121571]: Beginning replication run
Dec 15 08:29:34 np0005559460 container-server[121571]: Replication run OVER
Dec 15 08:29:34 np0005559460 container-server[121571]: Attempted to replicate 1 dbs in 0.03168 seconds (31.56402/s)
Dec 15 08:29:34 np0005559460 container-server[121571]: Removed 0 dbs
Dec 15 08:29:34 np0005559460 container-server[121571]: 2 successes, 0 failures
Dec 15 08:29:34 np0005559460 container-server[121571]: diff:0 diff_capped:0 empty:0 hashmatch:0 no_change:2 remote_merge:0 rsync:0 ts_repl:0
Dec 15 08:29:50 np0005559460 account-server[121191]: Beginning replication run
Dec 15 08:29:50 np0005559460 account-server[121191]: Replication run OVER
Dec 15 08:29:50 np0005559460 account-server[121191]: Attempted to replicate 1 dbs in 0.01753 seconds (57.04718/s)
Dec 15 08:29:50 np0005559460 account-server[121191]: Removed 0 dbs
Dec 15 08:29:50 np0005559460 account-server[121191]: 2 successes, 0 failures
Dec 15 08:29:50 np0005559460 account-server[121191]: diff:0 diff_capped:0 empty:0 hashmatch:0 no_change:2 remote_merge:0 rsync:0 ts_repl:0
Dec 15 08:29:53 np0005559460 container-server[122008]: 172.20.0.103 - - [15/Dec/2025:08:29:53 +0000] "HEAD /d1/1/AUTH_2f96e5f995e6442f94f881dabbe4dbf7/gnocchi.07d40812-c778-4f29-b696-1477e08c5fa4" 404 - "HEAD http://172.18.0.159:8080/v1/AUTH_2f96e5f995e6442f94f881dabbe4dbf7/gnocchi.07d40812-c778-4f29-b696-1477e08c5fa4?format=json&states=listing" "tx9951fc82220b457fbd9dd-00693fc701" "proxy-server 20" 0.0013 "-" 21 0
Dec 15 08:29:53 np0005559460 object-server[122297]: 172.20.0.103 - - [15/Dec/2025:08:29:53 +0000] "GET /d1/126/AUTH_2f96e5f995e6442f94f881dabbe4dbf7/gnocchi.07d40812-c778-4f29-b696-1477e08c5fa4/none_v3" 404 70 "GET http://172.18.0.159:8080/v1/AUTH_2f96e5f995e6442f94f881dabbe4dbf7/gnocchi.07d40812-c778-4f29-b696-1477e08c5fa4/none_v3" "tx9951fc82220b457fbd9dd-00693fc701" "proxy-server 20" 0.0012 "-" 24 0
Dec 15 08:29:53 np0005559460 container-server[122012]: 172.20.0.104 - - [15/Dec/2025:08:29:53 +0000] "PUT /d1/1/AUTH_2f96e5f995e6442f94f881dabbe4dbf7/gnocchi.07d40812-c778-4f29-b696-1477e08c5fa4" 201 - "PUT http://172.18.0.159:8080/v1/AUTH_2f96e5f995e6442f94f881dabbe4dbf7/gnocchi.07d40812-c778-4f29-b696-1477e08c5fa4" "tx40c1abb61910464182db8-00693fc701" "proxy-server 20" 0.0166 "-" 22 0
Dec 15 08:29:53 np0005559460 account-server[121629]: 172.20.0.103 - - [15/Dec/2025:08:29:53 +0000] "PUT /d1/500/AUTH_2f96e5f995e6442f94f881dabbe4dbf7/gnocchi.07d40812-c778-4f29-b696-1477e08c5fa4" 201 - "PUT http://172.20.0.103:6001/d1/1/AUTH_2f96e5f995e6442f94f881dabbe4dbf7/gnocchi.07d40812-c778-4f29-b696-1477e08c5fa4" "tx40c1abb61910464182db8-00693fc701" "container-server 23" 0.0027 "-" 23 0
Dec 15 08:29:53 np0005559460 proxy-server[123880]: 172.18.0.105 172.18.0.104 15/Dec/2025/08/29/53 PUT /v1/AUTH_2f96e5f995e6442f94f881dabbe4dbf7/gnocchi.07d40812-c778-4f29-b696-1477e08c5fa4 HTTP/1.0 201 - python-swiftclient-3.11.1 gAAAAABpP8bDpUSn... - - - tx40c1abb61910464182db8-00693fc701 - 0.0357 - - 1765787393.417664528 1765787393.453335762 0
Dec 15 08:29:53 np0005559460 container-server[122008]: 172.20.0.105 - - [15/Dec/2025:08:29:53 +0000] "HEAD /d1/1/AUTH_2f96e5f995e6442f94f881dabbe4dbf7/gnocchi.07d40812-c778-4f29-b696-1477e08c5fa4" 204 - "HEAD http://172.18.0.159:8080/v1/AUTH_2f96e5f995e6442f94f881dabbe4dbf7/gnocchi.07d40812-c778-4f29-b696-1477e08c5fa4?format=json&states=listing" "tx322aef1d69de4dcbbd2f0-00693fc701" "proxy-server 20" 0.0039 "-" 21 0
Dec 15 08:29:53 np0005559460 container-server[122012]: 172.20.0.105 - - [15/Dec/2025:08:29:53 +0000] "GET /d1/1/AUTH_2f96e5f995e6442f94f881dabbe4dbf7/gnocchi.07d40812-c778-4f29-b696-1477e08c5fa4" 200 2 "GET http://172.18.0.159:8080/v1/AUTH_2f96e5f995e6442f94f881dabbe4dbf7/gnocchi.07d40812-c778-4f29-b696-1477e08c5fa4?format=json&states=listing" "tx322aef1d69de4dcbbd2f0-00693fc701" "proxy-server 20" 0.0043 "-" 22 0
Dec 15 08:29:53 np0005559460 object-server[122283]: 172.20.0.103 - - [15/Dec/2025:08:29:53 +0000] "GET /d1/590/AUTH_2f96e5f995e6442f94f881dabbe4dbf7/gnocchi.07d40812-c778-4f29-b696-1477e08c5fa4/1764720000.0_mean_300.0_v3" 404 70 "GET http://172.18.0.159:8080/v1/AUTH_2f96e5f995e6442f94f881dabbe4dbf7/gnocchi.07d40812-c778-4f29-b696-1477e08c5fa4/1764720000.0_mean_300.0_v3" "txb67d512b43114030bac7c-00693fc701" "proxy-server 20" 0.0008 "-" 22 0
Dec 15 08:29:53 np0005559460 container-server[122012]: 172.20.0.104 - - [15/Dec/2025:08:29:53 +0000] "PUT /d1/1/AUTH_2f96e5f995e6442f94f881dabbe4dbf7/gnocchi.07d40812-c778-4f29-b696-1477e08c5fa4/1764720000.0_mean_300.0_v3" 201 - "PUT http://172.18.0.159:8080/d1/590/AUTH_2f96e5f995e6442f94f881dabbe4dbf7/gnocchi.07d40812-c778-4f29-b696-1477e08c5fa4/1764720000.0_mean_300.0_v3" "tx0470880dff7e4e6ca7783-00693fc701" "object-server 25" 0.0008 "-" 22 0
Dec 15 08:29:53 np0005559460 object-server[122305]: 172.20.0.104 - - [15/Dec/2025:08:29:53 +0000] "PUT /d1/590/AUTH_2f96e5f995e6442f94f881dabbe4dbf7/gnocchi.07d40812-c778-4f29-b696-1477e08c5fa4/1764720000.0_mean_300.0_v3" 201 - "PUT http://172.18.0.159:8080/v1/AUTH_2f96e5f995e6442f94f881dabbe4dbf7/gnocchi.07d40812-c778-4f29-b696-1477e08c5fa4/1764720000.0_mean_300.0_v3" "tx0470880dff7e4e6ca7783-00693fc701" "proxy-server 20" 0.0185 "-" 25 0
Dec 15 08:29:53 np0005559460 proxy-server[123880]: 172.18.0.105 172.18.0.104 15/Dec/2025/08/29/53 PUT /v1/AUTH_2f96e5f995e6442f94f881dabbe4dbf7/gnocchi.07d40812-c778-4f29-b696-1477e08c5fa4/1764720000.0_mean_300.0_v3 HTTP/1.0 201 - python-swiftclient-3.11.1 gAAAAABpP8bDpUSn... 16 - - tx0470880dff7e4e6ca7783-00693fc701 - 0.0447 - - 1765787393.521300316 1765787393.566024780 0
Dec 15 08:29:53 np0005559460 object-server[122283]: 172.20.0.105 - - [15/Dec/2025:08:29:53 +0000] "PUT /d1/126/AUTH_2f96e5f995e6442f94f881dabbe4dbf7/gnocchi.07d40812-c778-4f29-b696-1477e08c5fa4/none_v3" 201 - "PUT http://172.18.0.159:8080/v1/AUTH_2f96e5f995e6442f94f881dabbe4dbf7/gnocchi.07d40812-c778-4f29-b696-1477e08c5fa4/none_v3" "tx600b035a7d594b5c83f08-00693fc701" "proxy-server 20" 0.0145 "-" 22 0
Dec 15 08:29:53 np0005559460 container-server[122013]: 172.20.0.103 - - [15/Dec/2025:08:29:53 +0000] "PUT /d1/1/AUTH_2f96e5f995e6442f94f881dabbe4dbf7/gnocchi.07d40812-c778-4f29-b696-1477e08c5fa4/none_v3" 201 - "PUT http://172.18.0.159:8080/d1/126/AUTH_2f96e5f995e6442f94f881dabbe4dbf7/gnocchi.07d40812-c778-4f29-b696-1477e08c5fa4/none_v3" "tx600b035a7d594b5c83f08-00693fc701" "object-server 23" 0.0011 "-" 23 0
Dec 15 08:29:53 np0005559460 container-server[122008]: 172.20.0.103 - - [15/Dec/2025:08:29:53 +0000] "HEAD /d1/274/AUTH_2f96e5f995e6442f94f881dabbe4dbf7/gnocchi.110f0ff1-ee79-4e01-ada3-3c9636af5015" 404 - "HEAD http://172.18.0.159:8080/v1/AUTH_2f96e5f995e6442f94f881dabbe4dbf7/gnocchi.110f0ff1-ee79-4e01-ada3-3c9636af5015?format=json&states=listing" "txea1ddd12105b4b3a86173-00693fc701" "proxy-server 20" 0.0005 "-" 21 0
Dec 15 08:29:53 np0005559460 object-server[122297]: 172.20.0.103 - - [15/Dec/2025:08:29:53 +0000] "GET /d1/44/AUTH_2f96e5f995e6442f94f881dabbe4dbf7/gnocchi.110f0ff1-ee79-4e01-ada3-3c9636af5015/none_v3" 404 70 "GET http://172.18.0.159:8080/v1/AUTH_2f96e5f995e6442f94f881dabbe4dbf7/gnocchi.110f0ff1-ee79-4e01-ada3-3c9636af5015/none_v3" "txea1ddd12105b4b3a86173-00693fc701" "proxy-server 20" 0.0006 "-" 24 0
Dec 15 08:29:53 np0005559460 account-server[121627]: 172.20.0.104 - - [15/Dec/2025:08:29:53 +0000] "PUT /d1/500/AUTH_2f96e5f995e6442f94f881dabbe4dbf7/gnocchi.110f0ff1-ee79-4e01-ada3-3c9636af5015" 201 - "PUT http://172.20.0.104:6001/d1/274/AUTH_2f96e5f995e6442f94f881dabbe4dbf7/gnocchi.110f0ff1-ee79-4e01-ada3-3c9636af5015" "txbfaed896b54e452595933-00693fc701" "container-server 22" 0.0080 "-" 22 0
Dec 15 08:29:53 np0005559460 container-server[122012]: 172.20.0.104 - - [15/Dec/2025:08:29:53 +0000] "PUT /d1/274/AUTH_2f96e5f995e6442f94f881dabbe4dbf7/gnocchi.110f0ff1-ee79-4e01-ada3-3c9636af5015" 201 - "PUT http://172.18.0.159:8080/v1/AUTH_2f96e5f995e6442f94f881dabbe4dbf7/gnocchi.110f0ff1-ee79-4e01-ada3-3c9636af5015" "txbfaed896b54e452595933-00693fc701" "proxy-server 20" 0.0235 "-" 22 0
Dec 15 08:29:53 np0005559460 proxy-server[123880]: 172.18.0.103 172.18.0.104 15/Dec/2025/08/29/53 PUT /v1/AUTH_2f96e5f995e6442f94f881dabbe4dbf7/gnocchi.110f0ff1-ee79-4e01-ada3-3c9636af5015 HTTP/1.0 201 - python-swiftclient-3.11.1 gAAAAABpP8cB_H8j... - - - txbfaed896b54e452595933-00693fc701 - 0.0387 - - 1765787393.872368813 1765787393.911040306 0
Dec 15 08:29:53 np0005559460 container-server[122003]: 172.20.0.105 - - [15/Dec/2025:08:29:53 +0000] "HEAD /d1/274/AUTH_2f96e5f995e6442f94f881dabbe4dbf7/gnocchi.110f0ff1-ee79-4e01-ada3-3c9636af5015" 204 - "HEAD http://172.18.0.159:8080/v1/AUTH_2f96e5f995e6442f94f881dabbe4dbf7/gnocchi.110f0ff1-ee79-4e01-ada3-3c9636af5015?format=json&states=listing" "tx38fc409a2ce440e39706f-00693fc701" "proxy-server 20" 0.0046 "-" 20 0
Dec 15 08:29:53 np0005559460 container-server[122013]: 172.20.0.105 - - [15/Dec/2025:08:29:53 +0000] "GET /d1/274/AUTH_2f96e5f995e6442f94f881dabbe4dbf7/gnocchi.110f0ff1-ee79-4e01-ada3-3c9636af5015" 200 2 "GET http://172.18.0.159:8080/v1/AUTH_2f96e5f995e6442f94f881dabbe4dbf7/gnocchi.110f0ff1-ee79-4e01-ada3-3c9636af5015?format=json&states=listing" "tx38fc409a2ce440e39706f-00693fc701" "proxy-server 20" 0.0040 "-" 23 0
Dec 15 08:29:53 np0005559460 object-server[122283]: 172.20.0.103 - - [15/Dec/2025:08:29:53 +0000] "GET /d1/695/AUTH_2f96e5f995e6442f94f881dabbe4dbf7/gnocchi.110f0ff1-ee79-4e01-ada3-3c9636af5015/1764720000.0_mean_300.0_v3" 404 70 "GET http://172.18.0.159:8080/v1/AUTH_2f96e5f995e6442f94f881dabbe4dbf7/gnocchi.110f0ff1-ee79-4e01-ada3-3c9636af5015/1764720000.0_mean_300.0_v3" "txb3372f06d70e49a3858f6-00693fc701" "proxy-server 20" 0.0006 "-" 22 0
Dec 15 08:29:53 np0005559460 container-server[122012]: 172.20.0.104 - - [15/Dec/2025:08:29:53 +0000] "PUT /d1/274/AUTH_2f96e5f995e6442f94f881dabbe4dbf7/gnocchi.110f0ff1-ee79-4e01-ada3-3c9636af5015/1764720000.0_mean_300.0_v3" 201 - "PUT http://172.18.0.159:8080/d1/695/AUTH_2f96e5f995e6442f94f881dabbe4dbf7/gnocchi.110f0ff1-ee79-4e01-ada3-3c9636af5015/1764720000.0_mean_300.0_v3" "tx434bcfc647b0496ca6839-00693fc701" "object-server 25" 0.0009 "-" 22 0
Dec 15 08:29:53 np0005559460 object-server[122305]: 172.20.0.104 - - [15/Dec/2025:08:29:53 +0000] "PUT /d1/695/AUTH_2f96e5f995e6442f94f881dabbe4dbf7/gnocchi.110f0ff1-ee79-4e01-ada3-3c9636af5015/1764720000.0_mean_300.0_v3" 201 - "PUT http://172.18.0.159:8080/v1/AUTH_2f96e5f995e6442f94f881dabbe4dbf7/gnocchi.110f0ff1-ee79-4e01-ada3-3c9636af5015/1764720000.0_mean_300.0_v3" "tx434bcfc647b0496ca6839-00693fc701" "proxy-server 20" 0.0137 "-" 25 0
Dec 15 08:29:54 np0005559460 proxy-server[123880]: 172.18.0.103 172.18.0.104 15/Dec/2025/08/29/54 PUT /v1/AUTH_2f96e5f995e6442f94f881dabbe4dbf7/gnocchi.110f0ff1-ee79-4e01-ada3-3c9636af5015/1764720000.0_mean_300.0_v3 HTTP/1.0 201 - python-swiftclient-3.11.1 gAAAAABpP8cB_H8j... 16 - - tx434bcfc647b0496ca6839-00693fc701 - 0.0263 - - 1765787393.973762751 1765787394.000032425 0
Dec 15 08:29:54 np0005559460 container-server[122003]: 172.20.0.103 - - [15/Dec/2025:08:29:54 +0000] "PUT /d1/274/AUTH_2f96e5f995e6442f94f881dabbe4dbf7/gnocchi.110f0ff1-ee79-4e01-ada3-3c9636af5015/none_v3" 201 - "PUT http://172.18.0.159:8080/d1/44/AUTH_2f96e5f995e6442f94f881dabbe4dbf7/gnocchi.110f0ff1-ee79-4e01-ada3-3c9636af5015/none_v3" "tx24a23c096323494a80ed2-00693fc701" "object-server 22" 0.0012 "-" 20 0
Dec 15 08:29:54 np0005559460 object-server[122283]: 172.20.0.105 - - [15/Dec/2025:08:29:54 +0000] "PUT /d1/44/AUTH_2f96e5f995e6442f94f881dabbe4dbf7/gnocchi.110f0ff1-ee79-4e01-ada3-3c9636af5015/none_v3" 201 - "PUT http://172.18.0.159:8080/v1/AUTH_2f96e5f995e6442f94f881dabbe4dbf7/gnocchi.110f0ff1-ee79-4e01-ada3-3c9636af5015/none_v3" "tx24a23c096323494a80ed2-00693fc701" "proxy-server 20" 0.0159 "-" 22 0
Dec 15 08:29:58 np0005559460 object-server[122090]: Starting object replication pass.
Dec 15 08:29:58 np0005559460 object-server[122090]: 6/6 (100.00%) partitions replicated in 0.07s (86.22/sec, 0s remaining)
Dec 15 08:29:58 np0005559460 object-server[122090]: 12 successes, 0 failures
Dec 15 08:29:58 np0005559460 object-server[122090]: 6 suffixes checked - 0.00% hashed, 0.00% synced
Dec 15 08:29:58 np0005559460 object-server[122090]: Partition times: max 0.0145s, min 0.0087s, med 0.0105s
Dec 15 08:29:58 np0005559460 object-server[122090]: Object replication complete. (0.00 minutes)
Dec 15 08:29:59 np0005559460 object-server[211768]: Begin object audit "forever" mode (ZBF)
Dec 15 08:29:59 np0005559460 object-server[211769]: Begin object audit "forever" mode (ALL)
Dec 15 08:29:59 np0005559460 object-server[211768]: Object audit (ZBF). Since Mon Dec 15 08:29:59 2025: Locally: 1 passed, 0 quarantined, 0 errors, files/sec: 501.95, bytes/sec: 0.00, Total time: 0.00, Auditing time: 0.00, Rate: 0.00
Dec 15 08:29:59 np0005559460 object-server[211769]: Object audit (ALL). Since Mon Dec 15 08:29:59 2025: Locally: 1 passed, 0 quarantined, 0 errors, files/sec: 101.00, bytes/sec: 1616.07, Total time: 0.01, Auditing time: 0.00, Rate: 0.00
Dec 15 08:30:00 np0005559460 object-server[211768]: Object audit (ZBF) "forever" mode completed: 0.08s. Total quarantined: 0, Total errors: 0, Total files/sec: 72.14, Total bytes/sec: 0.00, Auditing time: 0.08, Rate: 0.96
Dec 15 08:30:00 np0005559460 object-server[211769]: Object audit (ALL) "forever" mode completed: 0.21s. Total quarantined: 0, Total errors: 0, Total files/sec: 28.32, Total bytes/sec: 585.32, Auditing time: 0.21, Rate: 0.98
Dec 15 08:30:02 np0005559460 container-server[122013]: 172.20.0.104 - - [15/Dec/2025:08:30:02 +0000] "HEAD /d1/137/AUTH_2f96e5f995e6442f94f881dabbe4dbf7/gnocchi.e391eab4-45c2-4a3f-9825-ef2977a93b02" 404 - "HEAD http://172.18.0.159:8080/v1/AUTH_2f96e5f995e6442f94f881dabbe4dbf7/gnocchi.e391eab4-45c2-4a3f-9825-ef2977a93b02?format=json&states=listing" "tx99182b62f3994281b79ef-00693fc70a" "proxy-server 20" 0.0006 "-" 23 0
Dec 15 08:30:02 np0005559460 container-server[122012]: 172.20.0.103 - - [15/Dec/2025:08:30:02 +0000] "HEAD /d1/934/AUTH_2f96e5f995e6442f94f881dabbe4dbf7/gnocchi.37696d65-2710-4b7d-8243-e18d5e8b5fc2" 404 - "HEAD http://172.18.0.159:8080/v1/AUTH_2f96e5f995e6442f94f881dabbe4dbf7/gnocchi.37696d65-2710-4b7d-8243-e18d5e8b5fc2?format=json&states=listing" "tx8ab6b5096f3042cfb3eb5-00693fc70a" "proxy-server 20" 0.0006 "-" 22 0
Dec 15 08:30:02 np0005559460 object-server[122283]: 172.20.0.103 - - [15/Dec/2025:08:30:02 +0000] "GET /d1/190/AUTH_2f96e5f995e6442f94f881dabbe4dbf7/gnocchi.37696d65-2710-4b7d-8243-e18d5e8b5fc2/none_v3" 404 70 "GET http://172.18.0.159:8080/v1/AUTH_2f96e5f995e6442f94f881dabbe4dbf7/gnocchi.37696d65-2710-4b7d-8243-e18d5e8b5fc2/none_v3" "tx8ab6b5096f3042cfb3eb5-00693fc70a" "proxy-server 20" 0.0009 "-" 22 0
Dec 15 08:30:02 np0005559460 object-server[122305]: 172.20.0.104 - - [15/Dec/2025:08:30:02 +0000] "GET /d1/576/AUTH_2f96e5f995e6442f94f881dabbe4dbf7/gnocchi.e391eab4-45c2-4a3f-9825-ef2977a93b02/none_v3" 404 70 "GET http://172.18.0.159:8080/v1/AUTH_2f96e5f995e6442f94f881dabbe4dbf7/gnocchi.e391eab4-45c2-4a3f-9825-ef2977a93b02/none_v3" "tx99182b62f3994281b79ef-00693fc70a" "proxy-server 20" 0.0004 "-" 25 0
Dec 15 08:30:02 np0005559460 proxy-server[123880]: 172.18.0.105 172.18.0.104 15/Dec/2025/08/30/02 GET /v1/AUTH_2f96e5f995e6442f94f881dabbe4dbf7/gnocchi.e391eab4-45c2-4a3f-9825-ef2977a93b02/none_v3 HTTP/1.0 404 - python-swiftclient-3.11.1 gAAAAABpP8bDpUSn... - 70 - tx99182b62f3994281b79ef-00693fc70a - 0.0378 - - 1765787402.241271973 1765787402.279075146 0
Dec 15 08:30:02 np0005559460 container-server[122003]: 172.20.0.103 - - [15/Dec/2025:08:30:02 +0000] "PUT /d1/137/AUTH_2f96e5f995e6442f94f881dabbe4dbf7/gnocchi.e391eab4-45c2-4a3f-9825-ef2977a93b02" 201 - "PUT http://172.18.0.159:8080/v1/AUTH_2f96e5f995e6442f94f881dabbe4dbf7/gnocchi.e391eab4-45c2-4a3f-9825-ef2977a93b02" "txc1b32cdbefa74c548e2b5-00693fc70a" "proxy-server 20" 0.0223 "-" 20 0
Dec 15 08:30:02 np0005559460 container-server[122012]: 172.20.0.105 - - [15/Dec/2025:08:30:02 +0000] "PUT /d1/934/AUTH_2f96e5f995e6442f94f881dabbe4dbf7/gnocchi.37696d65-2710-4b7d-8243-e18d5e8b5fc2" 201 - "PUT http://172.18.0.159:8080/v1/AUTH_2f96e5f995e6442f94f881dabbe4dbf7/gnocchi.37696d65-2710-4b7d-8243-e18d5e8b5fc2" "tx971eeaeadd0a47c7a66f7-00693fc70a" "proxy-server 20" 0.0279 "-" 22 0
Dec 15 08:30:02 np0005559460 account-server[121629]: 172.20.0.105 - - [15/Dec/2025:08:30:02 +0000] "PUT /d1/500/AUTH_2f96e5f995e6442f94f881dabbe4dbf7/gnocchi.e391eab4-45c2-4a3f-9825-ef2977a93b02" 201 - "PUT http://172.20.0.105:6001/d1/137/AUTH_2f96e5f995e6442f94f881dabbe4dbf7/gnocchi.e391eab4-45c2-4a3f-9825-ef2977a93b02" "txc1b32cdbefa74c548e2b5-00693fc70a" "container-server 20" 0.0063 "-" 23 0
Dec 15 08:30:02 np0005559460 account-server[121592]: 172.20.0.105 - - [15/Dec/2025:08:30:02 +0000] "PUT /d1/500/AUTH_2f96e5f995e6442f94f881dabbe4dbf7/gnocchi.37696d65-2710-4b7d-8243-e18d5e8b5fc2" 201 - "PUT http://172.20.0.105:6001/d1/934/AUTH_2f96e5f995e6442f94f881dabbe4dbf7/gnocchi.37696d65-2710-4b7d-8243-e18d5e8b5fc2" "tx971eeaeadd0a47c7a66f7-00693fc70a" "container-server 20" 0.0175 "-" 20 0
Dec 15 08:30:02 np0005559460 proxy-server[123880]: - - 15/Dec/2025/08/30/02 HEAD /v1/AUTH_2f96e5f995e6442f94f881dabbe4dbf7/gnocchi.e391eab4-45c2-4a3f-9825-ef2977a93b02%3Fformat%3Djson%26states%3Dlisting HTTP/1.0 204 - Swift - - - - tx3d605b08375b4e56a0be1-00693fc70a - 0.0084 RL - 1765787402.339423418 1765787402.347780704 0
Dec 15 08:30:02 np0005559460 container-server[122008]: 172.20.0.103 - - [15/Dec/2025:08:30:02 +0000] "HEAD /d1/934/AUTH_2f96e5f995e6442f94f881dabbe4dbf7/gnocchi.37696d65-2710-4b7d-8243-e18d5e8b5fc2" 204 - "HEAD http://172.18.0.159:8080/v1/AUTH_2f96e5f995e6442f94f881dabbe4dbf7/gnocchi.37696d65-2710-4b7d-8243-e18d5e8b5fc2?format=json&states=listing" "txd87b7967188042049477f-00693fc70a" "proxy-server 20" 0.0015 "-" 21 0
Dec 15 08:30:02 np0005559460 proxy-server[123880]: 172.18.0.105 172.18.0.104 15/Dec/2025/08/30/02 GET /v1/AUTH_2f96e5f995e6442f94f881dabbe4dbf7/gnocchi.e391eab4-45c2-4a3f-9825-ef2977a93b02%3Fformat%3Djson%26states%3Dlisting HTTP/1.0 200 - python-swiftclient-3.11.1 gAAAAABpP8bDpUSn... - 2 - tx3d605b08375b4e56a0be1-00693fc70a - 0.0249 - - 1765787402.336632729 1765787402.361577272 0
Dec 15 08:30:02 np0005559460 object-server[122283]: 172.20.0.105 - - [15/Dec/2025:08:30:02 +0000] "GET /d1/899/AUTH_2f96e5f995e6442f94f881dabbe4dbf7/gnocchi.e391eab4-45c2-4a3f-9825-ef2977a93b02/1764720000.0_mean_300.0_v3" 404 70 "GET http://172.18.0.159:8080/v1/AUTH_2f96e5f995e6442f94f881dabbe4dbf7/gnocchi.e391eab4-45c2-4a3f-9825-ef2977a93b02/1764720000.0_mean_300.0_v3" "tx3cc6896372664d4a91558-00693fc70a" "proxy-server 20" 0.0008 "-" 22 0
Dec 15 08:30:02 np0005559460 object-server[122297]: 172.20.0.104 - - [15/Dec/2025:08:30:02 +0000] "GET /d1/605/AUTH_2f96e5f995e6442f94f881dabbe4dbf7/gnocchi.37696d65-2710-4b7d-8243-e18d5e8b5fc2/1764720000.0_mean_300.0_v3" 404 70 "GET http://172.18.0.159:8080/v1/AUTH_2f96e5f995e6442f94f881dabbe4dbf7/gnocchi.37696d65-2710-4b7d-8243-e18d5e8b5fc2/1764720000.0_mean_300.0_v3" "tx3c08094e13ec4e91a0ad9-00693fc70a" "proxy-server 20" 0.0005 "-" 24 0
Dec 15 08:30:02 np0005559460 proxy-server[123880]: 172.18.0.103 172.18.0.104 15/Dec/2025/08/30/02 GET /v1/AUTH_2f96e5f995e6442f94f881dabbe4dbf7/gnocchi.37696d65-2710-4b7d-8243-e18d5e8b5fc2/1764720000.0_mean_300.0_v3 HTTP/1.0 404 - python-swiftclient-3.11.1 gAAAAABpP8cB_H8j... - 70 - tx3c08094e13ec4e91a0ad9-00693fc70a - 0.0190 - - 1765787402.369497538 1765787402.388525248 0
Dec 15 08:30:02 np0005559460 container-server[122003]: 172.20.0.105 - - [15/Dec/2025:08:30:02 +0000] "PUT /d1/137/AUTH_2f96e5f995e6442f94f881dabbe4dbf7/gnocchi.e391eab4-45c2-4a3f-9825-ef2977a93b02/1764720000.0_mean_300.0_v3" 201 - "PUT http://172.18.0.159:8080/d1/899/AUTH_2f96e5f995e6442f94f881dabbe4dbf7/gnocchi.e391eab4-45c2-4a3f-9825-ef2977a93b02/1764720000.0_mean_300.0_v3" "tx7ba5d41698e84184b2cb6-00693fc70a" "object-server 19" 0.0007 "-" 20 0
Dec 15 08:30:02 np0005559460 object-server[122305]: 172.20.0.103 - - [15/Dec/2025:08:30:02 +0000] "PUT /d1/899/AUTH_2f96e5f995e6442f94f881dabbe4dbf7/gnocchi.e391eab4-45c2-4a3f-9825-ef2977a93b02/1764720000.0_mean_300.0_v3" 201 - "PUT http://172.18.0.159:8080/v1/AUTH_2f96e5f995e6442f94f881dabbe4dbf7/gnocchi.e391eab4-45c2-4a3f-9825-ef2977a93b02/1764720000.0_mean_300.0_v3" "tx7ba5d41698e84184b2cb6-00693fc70a" "proxy-server 20" 0.0156 "-" 25 0
Dec 15 08:30:02 np0005559460 container-server[122003]: 172.20.0.105 - - [15/Dec/2025:08:30:02 +0000] "PUT /d1/934/AUTH_2f96e5f995e6442f94f881dabbe4dbf7/gnocchi.37696d65-2710-4b7d-8243-e18d5e8b5fc2/1764720000.0_mean_300.0_v3" 201 - "PUT http://172.18.0.159:8080/d1/605/AUTH_2f96e5f995e6442f94f881dabbe4dbf7/gnocchi.37696d65-2710-4b7d-8243-e18d5e8b5fc2/1764720000.0_mean_300.0_v3" "txbb008bd6adfc4f99a4603-00693fc70a" "object-server 19" 0.0006 "-" 20 0
Dec 15 08:30:02 np0005559460 object-server[122297]: 172.20.0.105 - - [15/Dec/2025:08:30:02 +0000] "PUT /d1/605/AUTH_2f96e5f995e6442f94f881dabbe4dbf7/gnocchi.37696d65-2710-4b7d-8243-e18d5e8b5fc2/1764720000.0_mean_300.0_v3" 201 - "PUT http://172.18.0.159:8080/v1/AUTH_2f96e5f995e6442f94f881dabbe4dbf7/gnocchi.37696d65-2710-4b7d-8243-e18d5e8b5fc2/1764720000.0_mean_300.0_v3" "txbb008bd6adfc4f99a4603-00693fc70a" "proxy-server 20" 0.0296 "-" 24 0
Dec 15 08:30:02 np0005559460 container-server[122013]: 172.20.0.103 - - [15/Dec/2025:08:30:02 +0000] "PUT /d1/137/AUTH_2f96e5f995e6442f94f881dabbe4dbf7/gnocchi.e391eab4-45c2-4a3f-9825-ef2977a93b02/none_v3" 201 - "PUT http://172.18.0.159:8080/d1/576/AUTH_2f96e5f995e6442f94f881dabbe4dbf7/gnocchi.e391eab4-45c2-4a3f-9825-ef2977a93b02/none_v3" "txe5a8ca9bdb3448648c34f-00693fc70a" "object-server 23" 0.0006 "-" 23 0
Dec 15 08:30:02 np0005559460 object-server[122293]: 172.20.0.104 - - [15/Dec/2025:08:30:02 +0000] "PUT /d1/576/AUTH_2f96e5f995e6442f94f881dabbe4dbf7/gnocchi.e391eab4-45c2-4a3f-9825-ef2977a93b02/none_v3" 201 - "PUT http://172.18.0.159:8080/v1/AUTH_2f96e5f995e6442f94f881dabbe4dbf7/gnocchi.e391eab4-45c2-4a3f-9825-ef2977a93b02/none_v3" "txe5a8ca9bdb3448648c34f-00693fc70a" "proxy-server 20" 0.0113 "-" 23 0
Dec 15 08:30:02 np0005559460 proxy-server[123880]: 172.18.0.105 172.18.0.104 15/Dec/2025/08/30/02 PUT /v1/AUTH_2f96e5f995e6442f94f881dabbe4dbf7/gnocchi.e391eab4-45c2-4a3f-9825-ef2977a93b02/none_v3 HTTP/1.0 201 - python-swiftclient-3.11.1 gAAAAABpP8bDpUSn... 22 - - txe5a8ca9bdb3448648c34f-00693fc70a - 0.0232 - - 1765787402.421664715 1765787402.444901228 0
Dec 15 08:30:02 np0005559460 container-server[122013]: 172.20.0.103 - - [15/Dec/2025:08:30:02 +0000] "PUT /d1/934/AUTH_2f96e5f995e6442f94f881dabbe4dbf7/gnocchi.37696d65-2710-4b7d-8243-e18d5e8b5fc2/none_v3" 201 - "PUT http://172.18.0.159:8080/d1/190/AUTH_2f96e5f995e6442f94f881dabbe4dbf7/gnocchi.37696d65-2710-4b7d-8243-e18d5e8b5fc2/none_v3" "tx9a9a8495644d47b384deb-00693fc70a" "object-server 23" 0.0004 "-" 23 0
Dec 15 08:30:02 np0005559460 object-server[122283]: 172.20.0.103 - - [15/Dec/2025:08:30:02 +0000] "PUT /d1/190/AUTH_2f96e5f995e6442f94f881dabbe4dbf7/gnocchi.37696d65-2710-4b7d-8243-e18d5e8b5fc2/none_v3" 201 - "PUT http://172.18.0.159:8080/v1/AUTH_2f96e5f995e6442f94f881dabbe4dbf7/gnocchi.37696d65-2710-4b7d-8243-e18d5e8b5fc2/none_v3" "tx9a9a8495644d47b384deb-00693fc70a" "proxy-server 20" 0.0102 "-" 22 0
Dec 15 08:30:02 np0005559460 container-server[122013]: 172.20.0.105 - - [15/Dec/2025:08:30:02 +0000] "HEAD /d1/444/AUTH_2f96e5f995e6442f94f881dabbe4dbf7/gnocchi.fbb46259-888b-4ded-aa6d-8b0a9a5bab94" 404 - "HEAD http://172.18.0.159:8080/v1/AUTH_2f96e5f995e6442f94f881dabbe4dbf7/gnocchi.fbb46259-888b-4ded-aa6d-8b0a9a5bab94?format=json&states=listing" "tx0fc30d07241a48c4adb60-00693fc70a" "proxy-server 20" 0.0005 "-" 23 0
Dec 15 08:30:02 np0005559460 object-server[122293]: 172.20.0.105 - - [15/Dec/2025:08:30:02 +0000] "GET /d1/686/AUTH_2f96e5f995e6442f94f881dabbe4dbf7/gnocchi.fbb46259-888b-4ded-aa6d-8b0a9a5bab94/none_v3" 404 70 "GET http://172.18.0.159:8080/v1/AUTH_2f96e5f995e6442f94f881dabbe4dbf7/gnocchi.fbb46259-888b-4ded-aa6d-8b0a9a5bab94/none_v3" "tx0fc30d07241a48c4adb60-00693fc70a" "proxy-server 20" 0.0004 "-" 23 0
Dec 15 08:30:02 np0005559460 container-server[122012]: 172.20.0.104 - - [15/Dec/2025:08:30:02 +0000] "HEAD /d1/284/AUTH_2f96e5f995e6442f94f881dabbe4dbf7/gnocchi.e505e81c-d504-4336-b1d5-99593587132d" 404 - "HEAD http://172.18.0.159:8080/v1/AUTH_2f96e5f995e6442f94f881dabbe4dbf7/gnocchi.e505e81c-d504-4336-b1d5-99593587132d?format=json&states=listing" "txd69791df6cab4cb2bd027-00693fc70a" "proxy-server 20" 0.0003 "-" 22 0
Dec 15 08:30:02 np0005559460 object-server[122283]: 172.20.0.104 - - [15/Dec/2025:08:30:02 +0000] "GET /d1/694/AUTH_2f96e5f995e6442f94f881dabbe4dbf7/gnocchi.e505e81c-d504-4336-b1d5-99593587132d/none_v3" 404 70 "GET http://172.18.0.159:8080/v1/AUTH_2f96e5f995e6442f94f881dabbe4dbf7/gnocchi.e505e81c-d504-4336-b1d5-99593587132d/none_v3" "txd69791df6cab4cb2bd027-00693fc70a" "proxy-server 20" 0.0005 "-" 22 0
Dec 15 08:30:02 np0005559460 proxy-server[123880]: 172.18.0.103 172.18.0.104 15/Dec/2025/08/30/02 GET /v1/AUTH_2f96e5f995e6442f94f881dabbe4dbf7/gnocchi.e505e81c-d504-4336-b1d5-99593587132d/none_v3 HTTP/1.0 404 - python-swiftclient-3.11.1 gAAAAABpP8cB_H8j... - 70 - txd69791df6cab4cb2bd027-00693fc70a - 0.0258 - - 1765787402.469979048 1765787402.495762587 0
Dec 15 08:30:02 np0005559460 container-server[122013]: 172.20.0.103 - - [15/Dec/2025:08:30:02 +0000] "PUT /d1/444/AUTH_2f96e5f995e6442f94f881dabbe4dbf7/gnocchi.fbb46259-888b-4ded-aa6d-8b0a9a5bab94" 201 - "PUT http://172.18.0.159:8080/v1/AUTH_2f96e5f995e6442f94f881dabbe4dbf7/gnocchi.fbb46259-888b-4ded-aa6d-8b0a9a5bab94" "txf648a6d764334fdd92ad1-00693fc70a" "proxy-server 20" 0.0142 "-" 23 0
Dec 15 08:30:02 np0005559460 account-server[121592]: 172.20.0.103 - - [15/Dec/2025:08:30:02 +0000] "PUT /d1/500/AUTH_2f96e5f995e6442f94f881dabbe4dbf7/gnocchi.fbb46259-888b-4ded-aa6d-8b0a9a5bab94" 201 - "PUT http://172.20.0.103:6001/d1/444/AUTH_2f96e5f995e6442f94f881dabbe4dbf7/gnocchi.fbb46259-888b-4ded-aa6d-8b0a9a5bab94" "txf648a6d764334fdd92ad1-00693fc70a" "container-server 21" 0.0045 "-" 20 0
Dec 15 08:30:02 np0005559460 account-server[121592]: 172.20.0.105 - - [15/Dec/2025:08:30:02 +0000] "PUT /d1/500/AUTH_2f96e5f995e6442f94f881dabbe4dbf7/gnocchi.e505e81c-d504-4336-b1d5-99593587132d" 201 - "PUT http://172.20.0.105:6001/d1/284/AUTH_2f96e5f995e6442f94f881dabbe4dbf7/gnocchi.e505e81c-d504-4336-b1d5-99593587132d" "tx93322503e3cd4f059d8f2-00693fc70a" "container-server 21" 0.0041 "-" 20 0
Dec 15 08:30:02 np0005559460 proxy-server[123880]: - - 15/Dec/2025/08/30/02 HEAD /v1/AUTH_2f96e5f995e6442f94f881dabbe4dbf7/gnocchi.fbb46259-888b-4ded-aa6d-8b0a9a5bab94%3Fformat%3Djson%26states%3Dlisting HTTP/1.0 204 - Swift - - - - txc6fa3629d044430ebad3f-00693fc70a - 0.0065 RL - 1765787402.525653601 1765787402.532109499 0
Dec 15 08:30:02 np0005559460 proxy-server[123880]: 172.18.0.105 172.18.0.104 15/Dec/2025/08/30/02 GET /v1/AUTH_2f96e5f995e6442f94f881dabbe4dbf7/gnocchi.fbb46259-888b-4ded-aa6d-8b0a9a5bab94%3Fformat%3Djson%26states%3Dlisting HTTP/1.0 200 - python-swiftclient-3.11.1 gAAAAABpP8bDpUSn... - 2 - txc6fa3629d044430ebad3f-00693fc70a - 0.0170 - - 1765787402.524108648 1765787402.541150570 0
Dec 15 08:30:02 np0005559460 object-server[122305]: 172.20.0.103 - - [15/Dec/2025:08:30:02 +0000] "GET /d1/656/AUTH_2f96e5f995e6442f94f881dabbe4dbf7/gnocchi.fbb46259-888b-4ded-aa6d-8b0a9a5bab94/1764720000.0_mean_300.0_v3" 404 70 "GET http://172.18.0.159:8080/v1/AUTH_2f96e5f995e6442f94f881dabbe4dbf7/gnocchi.fbb46259-888b-4ded-aa6d-8b0a9a5bab94/1764720000.0_mean_300.0_v3" "tx2dc9e25199bf4d00a727e-00693fc70a" "proxy-server 20" 0.0006 "-" 25 0
