Jan 9 00:39:17 standalone container-server[129605]: 172.20.0.100 - - [09/Jan/2026:00:39:17 +0000] "GET /d1/239/AUTH_a7fe78fff745465881bf8c2586285a06/gnocchi.82fab875-be34-4086-9adf-76cd69a60ba3" 200 357 "GET http://172.18.0.2:8080/v1/AUTH_a7fe78fff745465881bf8c2586285a06/gnocchi.82fab875-be34-4086-9adf-76cd69a60ba3?format=json&states=listing" "tx02cf207f6bd143ffb4cc3-0069604e35" "proxy-server 20" 0.4213 "-" 21 0
Jan 9 00:39:17 standalone proxy-server[131758]: 172.18.0.2 172.18.0.100 09/Jan/2026/00/39/17 GET /v1/AUTH_a7fe78fff745465881bf8c2586285a06/gnocchi.82fab875-be34-4086-9adf-76cd69a60ba3%3Fformat%3Djson%26states%3Dlisting HTTP/1.0 200 - python-swiftclient-3.11.1 gAAAAABpYE22aU6Q... - 357 - tx02cf207f6bd143ffb4cc3-0069604e35 - 0.4298 - - 1767919157.247757196 1767919157.677566767 0
Jan 9 00:39:17 standalone container-server[129599]: 172.20.0.100 - - [09/Jan/2026:00:39:17 +0000] "GET /d1/239/AUTH_a7fe78fff745465881bf8c2586285a06/gnocchi.82fab875-be34-4086-9adf-76cd69a60ba3" 200 2 "GET http://172.18.0.2:8080/v1/AUTH_a7fe78fff745465881bf8c2586285a06/gnocchi.82fab875-be34-4086-9adf-76cd69a60ba3?format=json&marker=none_v3&states=listing" "tx11dec961c1684f21b25e6-0069604e35" "proxy-server 20" 0.0040 "-" 18 0
Jan 9 00:39:17 standalone proxy-server[131758]: 172.18.0.2 172.18.0.100 09/Jan/2026/00/39/17 GET /v1/AUTH_a7fe78fff745465881bf8c2586285a06/gnocchi.82fab875-be34-4086-9adf-76cd69a60ba3%3Fformat%3Djson%26marker%3Dnone_v3%26states%3Dlisting HTTP/1.0 200 - python-swiftclient-3.11.1 gAAAAABpYE22aU6Q... - 2 - tx11dec961c1684f21b25e6-0069604e35 - 0.0163 - - 1767919157.682415009 1767919157.698736191 0
Jan 9 00:39:18 standalone account-server[129560]: 172.20.0.100 - - [09/Jan/2026:00:39:18 +0000] "HEAD /d1/366/AUTH_a7fe78fff745465881bf8c2586285a06" 204 - "HEAD http://172.18.0.2:8080/v1/AUTH_a7fe78fff745465881bf8c2586285a06?format=json" "txc1c95f81012c4195bb680-0069604e35" "proxy-server 20" 0.4890 "-" 21 -
Jan 9 00:39:18 standalone proxy-server[131758]: - - 09/Jan/2026/00/39/18 HEAD /v1/AUTH_a7fe78fff745465881bf8c2586285a06%3Fformat%3Djson HTTP/1.0 204 - Swift - - - - txc1c95f81012c4195bb680-0069604e35 - 0.4950 RL - 1767919157.718633175 1767919158.213677645 -
Jan 9 00:39:18 standalone object-server[129764]: 172.20.0.100 - - [09/Jan/2026:00:39:18 +0000] "GET /d1/894/AUTH_a7fe78fff745465881bf8c2586285a06/gnocchi.82fab875-be34-4086-9adf-76cd69a60ba3/1766880000.0_mean_300.0_v3" 200 16 "GET http://172.18.0.2:8080/v1/AUTH_a7fe78fff745465881bf8c2586285a06/gnocchi.82fab875-be34-4086-9adf-76cd69a60ba3/1766880000.0_mean_300.0_v3" "txc1c95f81012c4195bb680-0069604e35" "proxy-server 20" 0.0018 "-" 24 0
Jan 9 00:39:18 standalone proxy-server[131758]: 172.18.0.2 172.18.0.100 09/Jan/2026/00/39/18 GET /v1/AUTH_a7fe78fff745465881bf8c2586285a06/gnocchi.82fab875-be34-4086-9adf-76cd69a60ba3/1766880000.0_mean_300.0_v3 HTTP/1.0 200 - python-swiftclient-3.11.1 gAAAAABpYE22aU6Q... - 16 - txc1c95f81012c4195bb680-0069604e35 - 0.5090 - - 1767919157.717306852 1767919158.226341009 0
Jan 9 00:39:18 standalone container-server[129611]: 172.20.0.100 - - [09/Jan/2026:00:39:18 +0000] "PUT /d1/239/AUTH_a7fe78fff745465881bf8c2586285a06/gnocchi.82fab875-be34-4086-9adf-76cd69a60ba3/1766880000.0_mean_300.0_v3" 201 - "PUT http://172.18.0.2:8080/d1/894/AUTH_a7fe78fff745465881bf8c2586285a06/gnocchi.82fab875-be34-4086-9adf-76cd69a60ba3/1766880000.0_mean_300.0_v3" "txe22c09746b22441998e46-0069604e36" "object-server 21" 0.0017 "-" 22 0
Jan 9 00:39:18 standalone object-server[129758]: 172.20.0.100 - - [09/Jan/2026:00:39:18 +0000] "PUT /d1/894/AUTH_a7fe78fff745465881bf8c2586285a06/gnocchi.82fab875-be34-4086-9adf-76cd69a60ba3/1766880000.0_mean_300.0_v3" 201 - "PUT http://172.18.0.2:8080/v1/AUTH_a7fe78fff745465881bf8c2586285a06/gnocchi.82fab875-be34-4086-9adf-76cd69a60ba3/1766880000.0_mean_300.0_v3" "txe22c09746b22441998e46-0069604e36" "proxy-server 20" 0.5446 "-" 21 0
Jan 9 00:39:18 standalone proxy-server[131758]: 172.18.0.2 172.18.0.100 09/Jan/2026/00/39/18 PUT /v1/AUTH_a7fe78fff745465881bf8c2586285a06/gnocchi.82fab875-be34-4086-9adf-76cd69a60ba3/1766880000.0_mean_300.0_v3 HTTP/1.0 201 - python-swiftclient-3.11.1 gAAAAABpYE22aU6Q... 16 - - txe22c09746b22441998e46-0069604e36 - 0.5545 - - 1767919158.231764555 1767919158.786258698 0
Jan 9 00:39:18 standalone container-server[129599]: 172.20.0.100 - - [09/Jan/2026:00:39:18 +0000] "PUT /d1/239/AUTH_a7fe78fff745465881bf8c2586285a06/gnocchi.82fab875-be34-4086-9adf-76cd69a60ba3/none_v3" 201 - "PUT http://172.18.0.2:8080/d1/803/AUTH_a7fe78fff745465881bf8c2586285a06/gnocchi.82fab875-be34-4086-9adf-76cd69a60ba3/none_v3" "txd973d140afe449d2a3876-0069604e36" "object-server 21" 0.0012 "-" 18 0
Jan 9 00:39:18 standalone object-server[129758]: 172.20.0.100 - - [09/Jan/2026:00:39:18 +0000] "PUT /d1/803/AUTH_a7fe78fff745465881bf8c2586285a06/gnocchi.82fab875-be34-4086-9adf-76cd69a60ba3/none_v3" 201 - "PUT http://172.18.0.2:8080/v1/AUTH_a7fe78fff745465881bf8c2586285a06/gnocchi.82fab875-be34-4086-9adf-76cd69a60ba3/none_v3" "txd973d140afe449d2a3876-0069604e36" "proxy-server 20" 0.0628 "-" 21 0
Jan 9 00:39:18 standalone proxy-server[131758]: 172.18.0.2 172.18.0.100 09/Jan/2026/00/39/18 PUT /v1/AUTH_a7fe78fff745465881bf8c2586285a06/gnocchi.82fab875-be34-4086-9adf-76cd69a60ba3/none_v3 HTTP/1.0 201 - python-swiftclient-3.11.1 gAAAAABpYE22aU6Q... 31 - - txd973d140afe449d2a3876-0069604e36 - 0.0737 - - 1767919158.793253422 1767919158.866944551 0
Jan 9 00:39:25 standalone object-server[129758]: 172.20.0.100 - - [09/Jan/2026:00:39:25 +0000] "GET /d1/7/AUTH_a7fe78fff745465881bf8c2586285a06/gnocchi.1104d8c4-5d26-40c2-bb07-a5a865549a4d/none_v3" 200 31 "GET http://172.18.0.2:8080/v1/AUTH_a7fe78fff745465881bf8c2586285a06/gnocchi.1104d8c4-5d26-40c2-bb07-a5a865549a4d/none_v3" "tx96ee49b121ae441aa35ed-0069604e3d" "proxy-server 20" 0.0012 "-" 21 0
Jan 9 00:39:25 standalone proxy-server[131758]: 172.18.0.2 172.18.0.100 09/Jan/2026/00/39/25 GET /v1/AUTH_a7fe78fff745465881bf8c2586285a06/gnocchi.1104d8c4-5d26-40c2-bb07-a5a865549a4d/none_v3 HTTP/1.0 200 - python-swiftclient-3.11.1 gAAAAABpYE22aU6Q... - 31 - tx96ee49b121ae441aa35ed-0069604e3d - 0.0086 - - 1767919165.749377012 1767919165.758013964 0
Jan 9 00:39:25 standalone container-server[129605]: 172.20.0.100 - - [09/Jan/2026:00:39:25 +0000] "GET /d1/308/AUTH_a7fe78fff745465881bf8c2586285a06/gnocchi.1104d8c4-5d26-40c2-bb07-a5a865549a4d" 200 357 "GET http://172.18.0.2:8080/v1/AUTH_a7fe78fff745465881bf8c2586285a06/gnocchi.1104d8c4-5d26-40c2-bb07-a5a865549a4d?format=json&states=listing" "tx4bf3e0ca4db94820bd852-0069604e3d" "proxy-server 20" 0.0080 "-" 21 0
Jan 9 00:39:25 standalone proxy-server[131758]: 172.18.0.2 172.18.0.100 09/Jan/2026/00/39/25 GET /v1/AUTH_a7fe78fff745465881bf8c2586285a06/gnocchi.1104d8c4-5d26-40c2-bb07-a5a865549a4d%3Fformat%3Djson%26states%3Dlisting HTTP/1.0 200 - python-swiftclient-3.11.1 gAAAAABpYE22aU6Q... - 357 - tx4bf3e0ca4db94820bd852-0069604e3d - 0.0149 - - 1767919165.761405706 1767919165.776270628 0
Jan 9 00:39:25 standalone container-server[129599]: 172.20.0.100 - - [09/Jan/2026:00:39:25 +0000] "GET /d1/308/AUTH_a7fe78fff745465881bf8c2586285a06/gnocchi.1104d8c4-5d26-40c2-bb07-a5a865549a4d" 200 2 "GET http://172.18.0.2:8080/v1/AUTH_a7fe78fff745465881bf8c2586285a06/gnocchi.1104d8c4-5d26-40c2-bb07-a5a865549a4d?format=json&marker=none_v3&states=listing" "txbe446a8be3db416b8b991-0069604e3d" "proxy-server 20" 0.0035 "-" 18 0
Jan 9 00:39:25 standalone proxy-server[131758]: 172.18.0.2 172.18.0.100 09/Jan/2026/00/39/25 GET /v1/AUTH_a7fe78fff745465881bf8c2586285a06/gnocchi.1104d8c4-5d26-40c2-bb07-a5a865549a4d%3Fformat%3Djson%26marker%3Dnone_v3%26states%3Dlisting HTTP/1.0 200 - python-swiftclient-3.11.1 gAAAAABpYE22aU6Q... - 2 - txbe446a8be3db416b8b991-0069604e3d - 0.0106 - - 1767919165.778738976 1767919165.789382696 0
Jan 9 00:39:25 standalone object-server[129757]: 172.20.0.100 - - [09/Jan/2026:00:39:25 +0000] "GET /d1/222/AUTH_a7fe78fff745465881bf8c2586285a06/gnocchi.1104d8c4-5d26-40c2-bb07-a5a865549a4d/1766880000.0_mean_300.0_v3" 200 16 "GET http://172.18.0.2:8080/v1/AUTH_a7fe78fff745465881bf8c2586285a06/gnocchi.1104d8c4-5d26-40c2-bb07-a5a865549a4d/1766880000.0_mean_300.0_v3" "tx8651c967060744f5ac2db-0069604e3d" "proxy-server 20" 0.0012 "-" 20 0
Jan 9 00:39:25 standalone proxy-server[131758]: 172.18.0.2 172.18.0.100 09/Jan/2026/00/39/25 GET /v1/AUTH_a7fe78fff745465881bf8c2586285a06/gnocchi.1104d8c4-5d26-40c2-bb07-a5a865549a4d/1766880000.0_mean_300.0_v3 HTTP/1.0 200 - python-swiftclient-3.11.1 gAAAAABpYE22aU6Q... - 16 - tx8651c967060744f5ac2db-0069604e3d - 0.0074 - - 1767919165.796732664 1767919165.804131031 0
Jan 9 00:39:25 standalone container-server[129597]: 172.20.0.100 - - [09/Jan/2026:00:39:25 +0000] "PUT /d1/308/AUTH_a7fe78fff745465881bf8c2586285a06/gnocchi.1104d8c4-5d26-40c2-bb07-a5a865549a4d/1766880000.0_mean_300.0_v3" 201 - "PUT http://172.18.0.2:8080/d1/222/AUTH_a7fe78fff745465881bf8c2586285a06/gnocchi.1104d8c4-5d26-40c2-bb07-a5a865549a4d/1766880000.0_mean_300.0_v3" "tx8182f14e883a4507827e9-0069604e3d" "object-server 20" 0.0009 "-" 17 0
Jan 9 00:39:25 standalone object-server[129757]: 172.20.0.100 - - [09/Jan/2026:00:39:25 +0000] "PUT /d1/222/AUTH_a7fe78fff745465881bf8c2586285a06/gnocchi.1104d8c4-5d26-40c2-bb07-a5a865549a4d/1766880000.0_mean_300.0_v3" 201 - "PUT http://172.18.0.2:8080/v1/AUTH_a7fe78fff745465881bf8c2586285a06/gnocchi.1104d8c4-5d26-40c2-bb07-a5a865549a4d/1766880000.0_mean_300.0_v3" "tx8182f14e883a4507827e9-0069604e3d" "proxy-server 20" 0.0635 "-" 20 0
Jan 9 00:39:25 standalone proxy-server[131758]: 172.18.0.2 172.18.0.100 09/Jan/2026/00/39/25 PUT /v1/AUTH_a7fe78fff745465881bf8c2586285a06/gnocchi.1104d8c4-5d26-40c2-bb07-a5a865549a4d/1766880000.0_mean_300.0_v3 HTTP/1.0 201 - python-swiftclient-3.11.1 gAAAAABpYE22aU6Q... 16 - - tx8182f14e883a4507827e9-0069604e3d - 0.0690 - - 1767919165.806667328 1767919165.875634193 0
Jan 9 00:39:25 standalone container-server[129597]: 172.20.0.100 - - [09/Jan/2026:00:39:25 +0000] "PUT /d1/308/AUTH_a7fe78fff745465881bf8c2586285a06/gnocchi.1104d8c4-5d26-40c2-bb07-a5a865549a4d/none_v3" 201 - "PUT http://172.18.0.2:8080/d1/7/AUTH_a7fe78fff745465881bf8c2586285a06/gnocchi.1104d8c4-5d26-40c2-bb07-a5a865549a4d/none_v3" "tx30afbb2184944ff5bf90d-0069604e3d" "object-server 20" 0.0007 "-" 17 0
Jan 9 00:39:25 standalone object-server[129757]: 172.20.0.100 - - [09/Jan/2026:00:39:25 +0000] "PUT /d1/7/AUTH_a7fe78fff745465881bf8c2586285a06/gnocchi.1104d8c4-5d26-40c2-bb07-a5a865549a4d/none_v3" 201 - "PUT http://172.18.0.2:8080/v1/AUTH_a7fe78fff745465881bf8c2586285a06/gnocchi.1104d8c4-5d26-40c2-bb07-a5a865549a4d/none_v3" "tx30afbb2184944ff5bf90d-0069604e3d" "proxy-server 20" 0.0096 "-" 20 0
Jan 9 00:39:25 standalone proxy-server[131758]: 172.18.0.2 172.18.0.100 09/Jan/2026/00/39/25 PUT /v1/AUTH_a7fe78fff745465881bf8c2586285a06/gnocchi.1104d8c4-5d26-40c2-bb07-a5a865549a4d/none_v3 HTTP/1.0 201 - python-swiftclient-3.11.1 gAAAAABpYE22aU6Q... 46 - - tx30afbb2184944ff5bf90d-0069604e3d - 0.0150 - - 1767919165.878711700 1767919165.893703699 0
Jan 9 00:39:26 standalone object-server[129756]: 172.20.0.100 - - [09/Jan/2026:00:39:26 +0000] "GET /d1/7/AUTH_a7fe78fff745465881bf8c2586285a06/gnocchi.1104d8c4-5d26-40c2-bb07-a5a865549a4d/none_v3" 200 46 "GET http://172.18.0.2:8080/v1/AUTH_a7fe78fff745465881bf8c2586285a06/gnocchi.1104d8c4-5d26-40c2-bb07-a5a865549a4d/none_v3" "tx3d5cb98fa98541909c9cc-0069604e3e" "proxy-server 20" 0.0010 "-" 19 0
Jan 9 00:39:26 standalone proxy-server[131758]: 172.18.0.2 172.18.0.100 09/Jan/2026/00/39/26 GET /v1/AUTH_a7fe78fff745465881bf8c2586285a06/gnocchi.1104d8c4-5d26-40c2-bb07-a5a865549a4d/none_v3 HTTP/1.0 200 - python-swiftclient-3.11.1 gAAAAABpYE22aU6Q... - 46 - tx3d5cb98fa98541909c9cc-0069604e3e - 0.0079 - - 1767919166.629219770 1767919166.637125015 0
Jan 9 00:39:26 standalone container-server[129599]: 172.20.0.100 - - [09/Jan/2026:00:39:26 +0000] "GET /d1/308/AUTH_a7fe78fff745465881bf8c2586285a06/gnocchi.1104d8c4-5d26-40c2-bb07-a5a865549a4d" 200 357 "GET http://172.18.0.2:8080/v1/AUTH_a7fe78fff745465881bf8c2586285a06/gnocchi.1104d8c4-5d26-40c2-bb07-a5a865549a4d?format=json&states=listing" "tx3788c36be5664d64bb922-0069604e3e" "proxy-server 20" 0.0149 "-" 18 0
Jan 9 00:39:26 standalone proxy-server[131758]: 172.18.0.2 172.18.0.100 09/Jan/2026/00/39/26 GET /v1/AUTH_a7fe78fff745465881bf8c2586285a06/gnocchi.1104d8c4-5d26-40c2-bb07-a5a865549a4d%3Fformat%3Djson%26states%3Dlisting HTTP/1.0 200 - python-swiftclient-3.11.1 gAAAAABpYE22aU6Q... - 357 - tx3788c36be5664d64bb922-0069604e3e - 0.0220 - - 1767919166.640507698 1767919166.662475109 0
Jan 9 00:39:26 standalone container-server[129611]: 172.20.0.100 - - [09/Jan/2026:00:39:26 +0000] "GET /d1/308/AUTH_a7fe78fff745465881bf8c2586285a06/gnocchi.1104d8c4-5d26-40c2-bb07-a5a865549a4d" 200 2 "GET http://172.18.0.2:8080/v1/AUTH_a7fe78fff745465881bf8c2586285a06/gnocchi.1104d8c4-5d26-40c2-bb07-a5a865549a4d?format=json&marker=none_v3&states=listing" "tx27f6c04dd55941059cd75-0069604e3e" "proxy-server 20" 0.0053 "-" 22 0
Jan 9 00:39:26 standalone proxy-server[131758]: 172.18.0.2 172.18.0.100 09/Jan/2026/00/39/26 GET /v1/AUTH_a7fe78fff745465881bf8c2586285a06/gnocchi.1104d8c4-5d26-40c2-bb07-a5a865549a4d%3Fformat%3Djson%26marker%3Dnone_v3%26states%3Dlisting HTTP/1.0 200 - python-swiftclient-3.11.1 gAAAAABpYE22aU6Q... - 2 - tx27f6c04dd55941059cd75-0069604e3e - 0.0126 - - 1767919166.672112226 1767919166.684687853 0
Jan 9 00:39:26 standalone object-server[129758]: 172.20.0.100 - - [09/Jan/2026:00:39:26 +0000] "GET /d1/222/AUTH_a7fe78fff745465881bf8c2586285a06/gnocchi.1104d8c4-5d26-40c2-bb07-a5a865549a4d/1766880000.0_mean_300.0_v3" 200 16 "GET http://172.18.0.2:8080/v1/AUTH_a7fe78fff745465881bf8c2586285a06/gnocchi.1104d8c4-5d26-40c2-bb07-a5a865549a4d/1766880000.0_mean_300.0_v3" "tx6c715e1d755f4a8f8e41e-0069604e3e" "proxy-server 20" 0.0011 "-" 21 0
Jan 9 00:39:26 standalone proxy-server[131758]: 172.18.0.2 172.18.0.100 09/Jan/2026/00/39/26 GET /v1/AUTH_a7fe78fff745465881bf8c2586285a06/gnocchi.1104d8c4-5d26-40c2-bb07-a5a865549a4d/1766880000.0_mean_300.0_v3 HTTP/1.0 200 - python-swiftclient-3.11.1 gAAAAABpYE22aU6Q... - 16 - tx6c715e1d755f4a8f8e41e-0069604e3e - 0.0080 - - 1767919166.687764645 1767919166.695788622 0
Jan 9 00:39:26 standalone container-server[129605]: 172.20.0.100 - - [09/Jan/2026:00:39:26 +0000] "PUT /d1/308/AUTH_a7fe78fff745465881bf8c2586285a06/gnocchi.1104d8c4-5d26-40c2-bb07-a5a865549a4d/1766880000.0_mean_300.0_v3" 201 - "PUT http://172.18.0.2:8080/d1/222/AUTH_a7fe78fff745465881bf8c2586285a06/gnocchi.1104d8c4-5d26-40c2-bb07-a5a865549a4d/1766880000.0_mean_300.0_v3" "txa646431958644fbfadcdf-0069604e3e" "object-server 19" 0.0005 "-" 21 0
Jan 9 00:39:26 standalone object-server[129756]: 172.20.0.100 - - [09/Jan/2026:00:39:26 +0000] "PUT /d1/222/AUTH_a7fe78fff745465881bf8c2586285a06/gnocchi.1104d8c4-5d26-40c2-bb07-a5a865549a4d/1766880000.0_mean_300.0_v3" 201 - "PUT http://172.18.0.2:8080/v1/AUTH_a7fe78fff745465881bf8c2586285a06/gnocchi.1104d8c4-5d26-40c2-bb07-a5a865549a4d/1766880000.0_mean_300.0_v3" "txa646431958644fbfadcdf-0069604e3e" "proxy-server 20" 0.0293 "-" 19 0
Jan 9 00:39:26 standalone proxy-server[131758]: 172.18.0.2 172.18.0.100 09/Jan/2026/00/39/26 PUT /v1/AUTH_a7fe78fff745465881bf8c2586285a06/gnocchi.1104d8c4-5d26-40c2-bb07-a5a865549a4d/1766880000.0_mean_300.0_v3 HTTP/1.0 201 - python-swiftclient-3.11.1 gAAAAABpYE22aU6Q... 16 - - txa646431958644fbfadcdf-0069604e3e - 0.0339 - - 1767919166.698071241 1767919166.731988192 0
Jan 9 00:39:26 standalone container-server[129597]: 172.20.0.100 - - [09/Jan/2026:00:39:26 +0000] "PUT /d1/308/AUTH_a7fe78fff745465881bf8c2586285a06/gnocchi.1104d8c4-5d26-40c2-bb07-a5a865549a4d/none_v3" 201 - "PUT http://172.18.0.2:8080/d1/7/AUTH_a7fe78fff745465881bf8c2586285a06/gnocchi.1104d8c4-5d26-40c2-bb07-a5a865549a4d/none_v3" "txd299003c677f45869cebe-0069604e3e" "object-server 20" 0.0005 "-" 17 0
Jan 9 00:39:26 standalone object-server[129757]: 172.20.0.100 - - [09/Jan/2026:00:39:26 +0000] "PUT /d1/7/AUTH_a7fe78fff745465881bf8c2586285a06/gnocchi.1104d8c4-5d26-40c2-bb07-a5a865549a4d/none_v3" 201 - "PUT http://172.18.0.2:8080/v1/AUTH_a7fe78fff745465881bf8c2586285a06/gnocchi.1104d8c4-5d26-40c2-bb07-a5a865549a4d/none_v3" "txd299003c677f45869cebe-0069604e3e" "proxy-server 20" 0.0358 "-" 20 0
Jan 9 00:39:26 standalone proxy-server[131758]: 172.18.0.2 172.18.0.100 09/Jan/2026/00/39/26 PUT /v1/AUTH_a7fe78fff745465881bf8c2586285a06/gnocchi.1104d8c4-5d26-40c2-bb07-a5a865549a4d/none_v3 HTTP/1.0 201 - python-swiftclient-3.11.1 gAAAAABpYE22aU6Q... 51 - - txd299003c677f45869cebe-0069604e3e - 0.0406 - - 1767919166.734213591 1767919166.774862289 0
Jan 9 00:39:26 standalone object-server[129757]: 172.20.0.100 - - [09/Jan/2026:00:39:26 +0000] "GET /d1/791/AUTH_a7fe78fff745465881bf8c2586285a06/gnocchi.a23ac5e8-9283-40b6-93e8-6c26c8c11279/none_v3" 200 22 "GET http://172.18.0.2:8080/v1/AUTH_a7fe78fff745465881bf8c2586285a06/gnocchi.a23ac5e8-9283-40b6-93e8-6c26c8c11279/none_v3" "tx5fa52e0380ca409b86609-0069604e3e" "proxy-server 20" 0.0009 "-" 20 0
Jan 9 00:39:26 standalone proxy-server[131758]: 172.18.0.2 172.18.0.100 09/Jan/2026/00/39/26 GET /v1/AUTH_a7fe78fff745465881bf8c2586285a06/gnocchi.a23ac5e8-9283-40b6-93e8-6c26c8c11279/none_v3 HTTP/1.0 200 - python-swiftclient-3.11.1 gAAAAABpYE22aU6Q... - 22 - tx5fa52e0380ca409b86609-0069604e3e - 0.0063 - - 1767919166.784129620 1767919166.790423393 0
Jan 9 00:39:26 standalone container-server[129599]: 172.20.0.100 - - [09/Jan/2026:00:39:26 +0000] "GET /d1/819/AUTH_a7fe78fff745465881bf8c2586285a06/gnocchi.a23ac5e8-9283-40b6-93e8-6c26c8c11279" 200 357 "GET http://172.18.0.2:8080/v1/AUTH_a7fe78fff745465881bf8c2586285a06/gnocchi.a23ac5e8-9283-40b6-93e8-6c26c8c11279?format=json&states=listing" "tx5e76d332a20841deb2976-0069604e3e" "proxy-server 20" 0.0237 "-" 18 0
Jan 9 00:39:26 standalone proxy-server[131758]: 172.18.0.2 172.18.0.100 09/Jan/2026/00/39/26 GET /v1/AUTH_a7fe78fff745465881bf8c2586285a06/gnocchi.a23ac5e8-9283-40b6-93e8-6c26c8c11279%3Fformat%3Djson%26states%3Dlisting HTTP/1.0 200 - python-swiftclient-3.11.1 gAAAAABpYE22aU6Q... - 357 - tx5e76d332a20841deb2976-0069604e3e - 0.0297 - - 1767919166.792945147 1767919166.822629213 0
Jan 9 00:39:26 standalone container-server[129605]: 172.20.0.100 - - [09/Jan/2026:00:39:26 +0000] "GET /d1/819/AUTH_a7fe78fff745465881bf8c2586285a06/gnocchi.a23ac5e8-9283-40b6-93e8-6c26c8c11279" 200 2 "GET http://172.18.0.2:8080/v1/AUTH_a7fe78fff745465881bf8c2586285a06/gnocchi.a23ac5e8-9283-40b6-93e8-6c26c8c11279?format=json&marker=none_v3&states=listing" "tx903c738fd75a4b75852fb-0069604e3e" "proxy-server 20" 0.0019 "-" 21 0
Jan 9 00:39:26 standalone proxy-server[131758]: 172.18.0.2 172.18.0.100 09/Jan/2026/00/39/26 GET /v1/AUTH_a7fe78fff745465881bf8c2586285a06/gnocchi.a23ac5e8-9283-40b6-93e8-6c26c8c11279%3Fformat%3Djson%26marker%3Dnone_v3%26states%3Dlisting HTTP/1.0 200 - python-swiftclient-3.11.1 gAAAAABpYE22aU6Q... - 2 - tx903c738fd75a4b75852fb-0069604e3e - 0.0076 - - 1767919166.825465918 1767919166.833033800 0
Jan 9 00:39:26 standalone object-server[129764]: 172.20.0.100 - - [09/Jan/2026:00:39:26 +0000] "GET /d1/779/AUTH_a7fe78fff745465881bf8c2586285a06/gnocchi.a23ac5e8-9283-40b6-93e8-6c26c8c11279/1766880000.0_mean_300.0_v3" 200 16 "GET http://172.18.0.2:8080/v1/AUTH_a7fe78fff745465881bf8c2586285a06/gnocchi.a23ac5e8-9283-40b6-93e8-6c26c8c11279/1766880000.0_mean_300.0_v3" "tx87cf27e25fe140f0a9041-0069604e3e" "proxy-server 20" 0.0007 "-" 24 0
Jan 9 00:39:26 standalone proxy-server[131758]: 172.18.0.2 172.18.0.100 09/Jan/2026/00/39/26 GET /v1/AUTH_a7fe78fff745465881bf8c2586285a06/gnocchi.a23ac5e8-9283-40b6-93e8-6c26c8c11279/1766880000.0_mean_300.0_v3 HTTP/1.0 200 - python-swiftclient-3.11.1 gAAAAABpYE22aU6Q... - 16 - tx87cf27e25fe140f0a9041-0069604e3e - 0.0063 - - 1767919166.836147785 1767919166.842483282 0
Jan 9 00:39:26 standalone container-server[129597]: 172.20.0.100 - - [09/Jan/2026:00:39:26 +0000] "PUT /d1/819/AUTH_a7fe78fff745465881bf8c2586285a06/gnocchi.a23ac5e8-9283-40b6-93e8-6c26c8c11279/1766880000.0_mean_300.0_v3" 201 - "PUT http://172.18.0.2:8080/d1/779/AUTH_a7fe78fff745465881bf8c2586285a06/gnocchi.a23ac5e8-9283-40b6-93e8-6c26c8c11279/1766880000.0_mean_300.0_v3" "tx0f434c3f013241e09c2ff-0069604e3e" "object-server 19" 0.0008 "-" 17 0
Jan 9 00:39:26 standalone object-server[129756]: 172.20.0.100 - - [09/Jan/2026:00:39:26 +0000] "PUT /d1/779/AUTH_a7fe78fff745465881bf8c2586285a06/gnocchi.a23ac5e8-9283-40b6-93e8-6c26c8c11279/1766880000.0_mean_300.0_v3" 201 - "PUT http://172.18.0.2:8080/v1/AUTH_a7fe78fff745465881bf8c2586285a06/gnocchi.a23ac5e8-9283-40b6-93e8-6c26c8c11279/1766880000.0_mean_300.0_v3" "tx0f434c3f013241e09c2ff-0069604e3e" "proxy-server 20" 0.0101 "-" 19 0
Jan 9 00:39:26 standalone proxy-server[131758]: 172.18.0.2 172.18.0.100 09/Jan/2026/00/39/26 PUT /v1/AUTH_a7fe78fff745465881bf8c2586285a06/gnocchi.a23ac5e8-9283-40b6-93e8-6c26c8c11279/1766880000.0_mean_300.0_v3 HTTP/1.0 201 - python-swiftclient-3.11.1 gAAAAABpYE22aU6Q... 16 - - tx0f434c3f013241e09c2ff-0069604e3e - 0.0155 - - 1767919166.845060110 1767919166.860568762 0
Jan 9 00:39:26 standalone container-server[129611]: 172.20.0.100 - - [09/Jan/2026:00:39:26 +0000] "PUT /d1/819/AUTH_a7fe78fff745465881bf8c2586285a06/gnocchi.a23ac5e8-9283-40b6-93e8-6c26c8c11279/none_v3" 201 - "PUT http://172.18.0.2:8080/d1/791/AUTH_a7fe78fff745465881bf8c2586285a06/gnocchi.a23ac5e8-9283-40b6-93e8-6c26c8c11279/none_v3" "txa4878893c8ca46c9be1ea-0069604e3e" "object-server 19" 0.0006 "-" 22 0
Jan 9 00:39:26 standalone object-server[129756]: 172.20.0.100 - - [09/Jan/2026:00:39:26 +0000] "PUT /d1/791/AUTH_a7fe78fff745465881bf8c2586285a06/gnocchi.a23ac5e8-9283-40b6-93e8-6c26c8c11279/none_v3" 201 - "PUT http://172.18.0.2:8080/v1/AUTH_a7fe78fff745465881bf8c2586285a06/gnocchi.a23ac5e8-9283-40b6-93e8-6c26c8c11279/none_v3" "txa4878893c8ca46c9be1ea-0069604e3e" "proxy-server 20" 0.0105 "-" 19 0
Jan 9 00:39:26 standalone proxy-server[131758]: 172.18.0.2 172.18.0.100 09/Jan/2026/00/39/26 PUT /v1/AUTH_a7fe78fff745465881bf8c2586285a06/gnocchi.a23ac5e8-9283-40b6-93e8-6c26c8c11279/none_v3 HTTP/1.0 201 - python-swiftclient-3.11.1 gAAAAABpYE22aU6Q... 32 - - txa4878893c8ca46c9be1ea-0069604e3e - 0.0207 - - 1767919166.863074780 1767919166.883816957 0
Jan 9 00:39:26 standalone object-server[129758]: 172.20.0.100 - - [09/Jan/2026:00:39:26 +0000] "GET /d1/43/AUTH_a7fe78fff745465881bf8c2586285a06/gnocchi.95767215-2a3a-4781-bfb6-5849d2823b84/none_v3" 200 22 "GET http://172.18.0.2:8080/v1/AUTH_a7fe78fff745465881bf8c2586285a06/gnocchi.95767215-2a3a-4781-bfb6-5849d2823b84/none_v3" "tx970721f86186463393a7d-0069604e3e" "proxy-server 20" 0.0008 "-" 21 0
Jan 9 00:39:26 standalone proxy-server[131758]: 172.18.0.2 172.18.0.100 09/Jan/2026/00/39/26 GET /v1/AUTH_a7fe78fff745465881bf8c2586285a06/gnocchi.95767215-2a3a-4781-bfb6-5849d2823b84/none_v3 HTTP/1.0 200 - python-swiftclient-3.11.1 gAAAAABpYE22aU6Q... - 22 - tx970721f86186463393a7d-0069604e3e - 0.0073 - - 1767919166.891899109 1767919166.899149895 0
Jan 9 00:39:26 standalone container-server[129597]: 172.20.0.100 - - [09/Jan/2026:00:39:26 +0000] "GET /d1/89/AUTH_a7fe78fff745465881bf8c2586285a06/gnocchi.95767215-2a3a-4781-bfb6-5849d2823b84" 200 357 "GET http://172.18.0.2:8080/v1/AUTH_a7fe78fff745465881bf8c2586285a06/gnocchi.95767215-2a3a-4781-bfb6-5849d2823b84?format=json&states=listing" "tx71ec603f34894b64821d1-0069604e3e" "proxy-server 20" 0.0103 "-" 17 0
Jan 9 00:39:26 standalone proxy-server[131758]: 172.18.0.2 172.18.0.100 09/Jan/2026/00/39/26 GET /v1/AUTH_a7fe78fff745465881bf8c2586285a06/gnocchi.95767215-2a3a-4781-bfb6-5849d2823b84%3Fformat%3Djson%26states%3Dlisting HTTP/1.0 200 - python-swiftclient-3.11.1 gAAAAABpYE22aU6Q... - 357 - tx71ec603f34894b64821d1-0069604e3e - 0.0187 - - 1767919166.902082443 1767919166.920746803 0
Jan 9 00:39:26 standalone container-server[129611]: 172.20.0.100 - - [09/Jan/2026:00:39:26 +0000] "GET /d1/89/AUTH_a7fe78fff745465881bf8c2586285a06/gnocchi.95767215-2a3a-4781-bfb6-5849d2823b84" 200 2 "GET http://172.18.0.2:8080/v1/AUTH_a7fe78fff745465881bf8c2586285a06/gnocchi.95767215-2a3a-4781-bfb6-5849d2823b84?format=json&marker=none_v3&states=listing" "txf74920fd568c490bacc79-0069604e3e" "proxy-server 20" 0.0021 "-" 22 0
Jan 9 00:39:26 standalone proxy-server[131758]: 172.18.0.2 172.18.0.100 09/Jan/2026/00/39/26 GET /v1/AUTH_a7fe78fff745465881bf8c2586285a06/gnocchi.95767215-2a3a-4781-bfb6-5849d2823b84%3Fformat%3Djson%26marker%3Dnone_v3%26states%3Dlisting HTTP/1.0 200 - python-swiftclient-3.11.1 gAAAAABpYE22aU6Q... - 2 - txf74920fd568c490bacc79-0069604e3e - 0.0089 - - 1767919166.923187494 1767919166.932111025 0
Jan 9 00:39:26 standalone object-server[129758]: 172.20.0.100 - - [09/Jan/2026:00:39:26 +0000] "GET /d1/197/AUTH_a7fe78fff745465881bf8c2586285a06/gnocchi.95767215-2a3a-4781-bfb6-5849d2823b84/1766880000.0_mean_300.0_v3" 200 16 "GET http://172.18.0.2:8080/v1/AUTH_a7fe78fff745465881bf8c2586285a06/gnocchi.95767215-2a3a-4781-bfb6-5849d2823b84/1766880000.0_mean_300.0_v3" "tx4b1e08a92edf42c095ee2-0069604e3e" "proxy-server 20" 0.0013 "-" 21 0
Jan 9 00:39:26 standalone proxy-server[131758]: 172.18.0.2 172.18.0.100 09/Jan/2026/00/39/26 GET /v1/AUTH_a7fe78fff745465881bf8c2586285a06/gnocchi.95767215-2a3a-4781-bfb6-5849d2823b84/1766880000.0_mean_300.0_v3 HTTP/1.0 200 - python-swiftclient-3.11.1 gAAAAABpYE22aU6Q... - 16 - tx4b1e08a92edf42c095ee2-0069604e3e - 0.0080 - - 1767919166.935226202 1767919166.943267822 0
Jan 9 00:39:26 standalone container-server[129605]: 172.20.0.100 - - [09/Jan/2026:00:39:26 +0000] "PUT /d1/89/AUTH_a7fe78fff745465881bf8c2586285a06/gnocchi.95767215-2a3a-4781-bfb6-5849d2823b84/1766880000.0_mean_300.0_v3" 201 - "PUT http://172.18.0.2:8080/d1/197/AUTH_a7fe78fff745465881bf8c2586285a06/gnocchi.95767215-2a3a-4781-bfb6-5849d2823b84/1766880000.0_mean_300.0_v3" "txdba155f79721412e93577-0069604e3e" "object-server 19" 0.0007 "-" 21 0
Jan 9 00:39:26 standalone object-server[129756]: 172.20.0.100 - - [09/Jan/2026:00:39:26 +0000] "PUT /d1/197/AUTH_a7fe78fff745465881bf8c2586285a06/gnocchi.95767215-2a3a-4781-bfb6-5849d2823b84/1766880000.0_mean_300.0_v3" 201 - "PUT http://172.18.0.2:8080/v1/AUTH_a7fe78fff745465881bf8c2586285a06/gnocchi.95767215-2a3a-4781-bfb6-5849d2823b84/1766880000.0_mean_300.0_v3" "txdba155f79721412e93577-0069604e3e" "proxy-server 20" 0.0108 "-" 19 0
Jan 9 00:39:26 standalone proxy-server[131758]: 172.18.0.2 172.18.0.100 09/Jan/2026/00/39/26 PUT /v1/AUTH_a7fe78fff745465881bf8c2586285a06/gnocchi.95767215-2a3a-4781-bfb6-5849d2823b84/1766880000.0_mean_300.0_v3 HTTP/1.0 201 - python-swiftclient-3.11.1 gAAAAABpYE22aU6Q... 16 - - txdba155f79721412e93577-0069604e3e - 0.0162 - - 1767919166.945625305 1767919166.961874485 0
Jan 9 00:39:26 standalone container-server[129605]: 172.20.0.100 - - [09/Jan/2026:00:39:26 +0000] "PUT /d1/89/AUTH_a7fe78fff745465881bf8c2586285a06/gnocchi.95767215-2a3a-4781-bfb6-5849d2823b84/none_v3" 201 - "PUT http://172.18.0.2:8080/d1/43/AUTH_a7fe78fff745465881bf8c2586285a06/gnocchi.95767215-2a3a-4781-bfb6-5849d2823b84/none_v3" "tx1c7e7b4ebb2b4e3784212-0069604e3e" "object-server 19" 0.0005 "-" 21 0
Jan 9 00:39:26 standalone object-server[129756]: 172.20.0.100 - - [09/Jan/2026:00:39:26 +0000] "PUT /d1/43/AUTH_a7fe78fff745465881bf8c2586285a06/gnocchi.95767215-2a3a-4781-bfb6-5849d2823b84/none_v3" 201 - "PUT http://172.18.0.2:8080/v1/AUTH_a7fe78fff745465881bf8c2586285a06/gnocchi.95767215-2a3a-4781-bfb6-5849d2823b84/none_v3" "tx1c7e7b4ebb2b4e3784212-0069604e3e" "proxy-server 20" 0.0102 "-" 19 0
Jan 9 00:39:26 standalone proxy-server[131758]: 172.18.0.2 172.18.0.100 09/Jan/2026/00/39/26 PUT /v1/AUTH_a7fe78fff745465881bf8c2586285a06/gnocchi.95767215-2a3a-4781-bfb6-5849d2823b84/none_v3 HTTP/1.0 201 - python-swiftclient-3.11.1 gAAAAABpYE22aU6Q... 32 - - tx1c7e7b4ebb2b4e3784212-0069604e3e - 0.0156 - - 1767919166.964598417 1767919166.980195522 0
Jan 9 00:39:26 standalone object-server[129757]: 172.20.0.100 - - [09/Jan/2026:00:39:26 +0000] "GET /d1/709/AUTH_a7fe78fff745465881bf8c2586285a06/gnocchi.7a3c160b-c0b2-4763-927e-95a0c7d03e30/none_v3" 200 22 "GET http://172.18.0.2:8080/v1/AUTH_a7fe78fff745465881bf8c2586285a06/gnocchi.7a3c160b-c0b2-4763-927e-95a0c7d03e30/none_v3" "tx778e385b729f479bbcb54-0069604e3e" "proxy-server 20" 0.0007 "-" 20 0
Jan 9 00:39:26 standalone proxy-server[131758]: 172.18.0.2 172.18.0.100 09/Jan/2026/00/39/26 GET /v1/AUTH_a7fe78fff745465881bf8c2586285a06/gnocchi.7a3c160b-c0b2-4763-927e-95a0c7d03e30/none_v3 HTTP/1.0 200 - python-swiftclient-3.11.1 gAAAAABpYE22aU6Q... - 22 - tx778e385b729f479bbcb54-0069604e3e - 0.0058 - - 1767919166.990068197 1767919166.995872259 0
Jan 9 00:39:27 standalone container-server[129599]: 172.20.0.100 - - [09/Jan/2026:00:39:27 +0000] "GET /d1/1012/AUTH_a7fe78fff745465881bf8c2586285a06/gnocchi.7a3c160b-c0b2-4763-927e-95a0c7d03e30" 200 357 "GET http://172.18.0.2:8080/v1/AUTH_a7fe78fff745465881bf8c2586285a06/gnocchi.7a3c160b-c0b2-4763-927e-95a0c7d03e30?format=json&states=listing" "tx623a77cb472146859d03d-0069604e3e" "proxy-server 20" 0.0233 "-" 18 0
Jan 9 00:39:27 standalone proxy-server[131758]: 172.18.0.2 172.18.0.100 09/Jan/2026/00/39/27 GET /v1/AUTH_a7fe78fff745465881bf8c2586285a06/gnocchi.7a3c160b-c0b2-4763-927e-95a0c7d03e30%3Fformat%3Djson%26states%3Dlisting HTTP/1.0 200 - python-swiftclient-3.11.1 gAAAAABpYE22aU6Q... - 357 - tx623a77cb472146859d03d-0069604e3e - 0.0297 - - 1767919166.998433352 1767919167.028097868 0
Jan 9 00:39:27 standalone container-server[129597]: 172.20.0.100 - - [09/Jan/2026:00:39:27 +0000] "GET /d1/1012/AUTH_a7fe78fff745465881bf8c2586285a06/gnocchi.7a3c160b-c0b2-4763-927e-95a0c7d03e30" 200 2 "GET http://172.18.0.2:8080/v1/AUTH_a7fe78fff745465881bf8c2586285a06/gnocchi.7a3c160b-c0b2-4763-927e-95a0c7d03e30?format=json&marker=none_v3&states=listing" "tx11f71e32975b4b75967e8-0069604e3f" "proxy-server 20" 0.0019 "-" 17 0
Jan 9 00:39:27 standalone proxy-server[131758]: 172.18.0.2 172.18.0.100 09/Jan/2026/00/39/27 GET /v1/AUTH_a7fe78fff745465881bf8c2586285a06/gnocchi.7a3c160b-c0b2-4763-927e-95a0c7d03e30%3Fformat%3Djson%26marker%3Dnone_v3%26states%3Dlisting HTTP/1.0 200 - python-swiftclient-3.11.1 gAAAAABpYE22aU6Q... - 2 - tx11f71e32975b4b75967e8-0069604e3f - 0.0094 - - 1767919167.031442881 1767919167.040812254 0
Jan 9 00:39:27 standalone object-server[129764]: 172.20.0.100 - - [09/Jan/2026:00:39:27 +0000] "GET /d1/424/AUTH_a7fe78fff745465881bf8c2586285a06/gnocchi.7a3c160b-c0b2-4763-927e-95a0c7d03e30/1766880000.0_mean_300.0_v3" 200 16 "GET http://172.18.0.2:8080/v1/AUTH_a7fe78fff745465881bf8c2586285a06/gnocchi.7a3c160b-c0b2-4763-927e-95a0c7d03e30/1766880000.0_mean_300.0_v3" "txb3b582a4500e444289203-0069604e3f" "proxy-server 20" 0.0009 "-" 24 0
Jan 9 00:39:27 standalone proxy-server[131758]: 172.18.0.2 172.18.0.100 09/Jan/2026/00/39/27 GET /v1/AUTH_a7fe78fff745465881bf8c2586285a06/gnocchi.7a3c160b-c0b2-4763-927e-95a0c7d03e30/1766880000.0_mean_300.0_v3 HTTP/1.0 200 - python-swiftclient-3.11.1 gAAAAABpYE22aU6Q... - 16 - txb3b582a4500e444289203-0069604e3f - 0.0080 - - 1767919167.049033642 1767919167.056985378 0
Jan 9 00:39:27 standalone container-server[129611]: 172.20.0.100 - - [09/Jan/2026:00:39:27 +0000] "PUT /d1/1012/AUTH_a7fe78fff745465881bf8c2586285a06/gnocchi.7a3c160b-c0b2-4763-927e-95a0c7d03e30/1766880000.0_mean_300.0_v3" 201 - "PUT http://172.18.0.2:8080/d1/424/AUTH_a7fe78fff745465881bf8c2586285a06/gnocchi.7a3c160b-c0b2-4763-927e-95a0c7d03e30/1766880000.0_mean_300.0_v3" "txf95c121af2684c82a109c-0069604e3f" "object-server 19" 0.0010 "-" 22 0
Jan 9 00:39:27 standalone object-server[129756]: 172.20.0.100 - - [09/Jan/2026:00:39:27 +0000] "PUT /d1/424/AUTH_a7fe78fff745465881bf8c2586285a06/gnocchi.7a3c160b-c0b2-4763-927e-95a0c7d03e30/1766880000.0_mean_300.0_v3" 201 - "PUT http://172.18.0.2:8080/v1/AUTH_a7fe78fff745465881bf8c2586285a06/gnocchi.7a3c160b-c0b2-4763-927e-95a0c7d03e30/1766880000.0_mean_300.0_v3" "txf95c121af2684c82a109c-0069604e3f" "proxy-server 20" 0.0923 "-" 19 0
Jan 9 00:39:27 standalone proxy-server[131758]: 172.18.0.2 172.18.0.100 09/Jan/2026/00/39/27 PUT /v1/AUTH_a7fe78fff745465881bf8c2586285a06/gnocchi.7a3c160b-c0b2-4763-927e-95a0c7d03e30/1766880000.0_mean_300.0_v3 HTTP/1.0 201 - python-swiftclient-3.11.1 gAAAAABpYE22aU6Q... 16 - - txf95c121af2684c82a109c-0069604e3f - 0.1016 - - 1767919167.060398340 1767919167.161995173 0
Jan 9 00:39:27 standalone container-server[129599]: 172.20.0.100 - - [09/Jan/2026:00:39:27 +0000] "PUT /d1/1012/AUTH_a7fe78fff745465881bf8c2586285a06/gnocchi.7a3c160b-c0b2-4763-927e-95a0c7d03e30/none_v3" 201 - "PUT http://172.18.0.2:8080/d1/709/AUTH_a7fe78fff745465881bf8c2586285a06/gnocchi.7a3c160b-c0b2-4763-927e-95a0c7d03e30/none_v3" "tx13e3d8844b564d72b0d9d-0069604e3f" "object-server 19" 0.0006 "-" 18 0
Jan 9 00:39:27 standalone object-server[129756]: 172.20.0.100 - - [09/Jan/2026:00:39:27 +0000] "PUT /d1/709/AUTH_a7fe78fff745465881bf8c2586285a06/gnocchi.7a3c160b-c0b2-4763-927e-95a0c7d03e30/none_v3" 201 - "PUT http://172.18.0.2:8080/v1/AUTH_a7fe78fff745465881bf8c2586285a06/gnocchi.7a3c160b-c0b2-4763-927e-95a0c7d03e30/none_v3" "tx13e3d8844b564d72b0d9d-0069604e3f" "proxy-server 20" 0.0139 "-" 19 0
Jan 9 00:39:27 standalone proxy-server[131758]: 172.18.0.2 172.18.0.100 09/Jan/2026/00/39/27 PUT /v1/AUTH_a7fe78fff745465881bf8c2586285a06/gnocchi.7a3c160b-c0b2-4763-927e-95a0c7d03e30/none_v3 HTTP/1.0 201 - python-swiftclient-3.11.1 gAAAAABpYE22aU6Q... 32 - - tx13e3d8844b564d72b0d9d-0069604e3f - 0.0230 - - 1767919167.165931463 1767919167.188940287 0
Jan 9 00:39:27 standalone object-server[129764]: 172.20.0.100 - - [09/Jan/2026:00:39:27 +0000] "GET /d1/164/AUTH_a7fe78fff745465881bf8c2586285a06/gnocchi.92c6f08f-4c29-4b1b-aed6-f2cd93e4d0d7/none_v3" 200 22 "GET http://172.18.0.2:8080/v1/AUTH_a7fe78fff745465881bf8c2586285a06/gnocchi.92c6f08f-4c29-4b1b-aed6-f2cd93e4d0d7/none_v3" "tx988eb584a81d48338d6cf-0069604e3f" "proxy-server 20" 0.0013 "-" 24 0
Jan 9 00:39:27 standalone proxy-server[131758]: 172.18.0.2 172.18.0.100 09/Jan/2026/00/39/27 GET /v1/AUTH_a7fe78fff745465881bf8c2586285a06/gnocchi.92c6f08f-4c29-4b1b-aed6-f2cd93e4d0d7/none_v3 HTTP/1.0 200 - python-swiftclient-3.11.1 gAAAAABpYE22aU6Q... - 22 - tx988eb584a81d48338d6cf-0069604e3f - 0.0095 - - 1767919167.204751730 1767919167.214295149 0
Jan 9 00:39:27 standalone container-server[129597]: 172.20.0.100 - - [09/Jan/2026:00:39:27 +0000] "GET /d1/139/AUTH_a7fe78fff745465881bf8c2586285a06/gnocchi.92c6f08f-4c29-4b1b-aed6-f2cd93e4d0d7" 200 357 "GET http://172.18.0.2:8080/v1/AUTH_a7fe78fff745465881bf8c2586285a06/gnocchi.92c6f08f-4c29-4b1b-aed6-f2cd93e4d0d7?format=json&states=listing" "tx920234569356432bbec8e-0069604e3f" "proxy-server 20" 0.0115 "-" 17 0
Jan 9 00:39:27 standalone proxy-server[131758]: 172.18.0.2 172.18.0.100 09/Jan/2026/00/39/27 GET /v1/AUTH_a7fe78fff745465881bf8c2586285a06/gnocchi.92c6f08f-4c29-4b1b-aed6-f2cd93e4d0d7%3Fformat%3Djson%26states%3Dlisting HTTP/1.0 200 - python-swiftclient-3.11.1 gAAAAABpYE22aU6Q... - 357 - tx920234569356432bbec8e-0069604e3f - 0.0193 - - 1767919167.219233751 1767919167.238578081 0
Jan 9 00:39:27 standalone container-server[129599]: 172.20.0.100 - - [09/Jan/2026:00:39:27 +0000] "GET /d1/139/AUTH_a7fe78fff745465881bf8c2586285a06/gnocchi.92c6f08f-4c29-4b1b-aed6-f2cd93e4d0d7" 200 2 "GET http://172.18.0.2:8080/v1/AUTH_a7fe78fff745465881bf8c2586285a06/gnocchi.92c6f08f-4c29-4b1b-aed6-f2cd93e4d0d7?format=json&marker=none_v3&states=listing" "tx6fb53ef9b6da48bab3da5-0069604e3f" "proxy-server 20" 0.0044 "-" 18 0
Jan 9 00:39:27 standalone proxy-server[131758]: 172.18.0.2 172.18.0.100 09/Jan/2026/00/39/27 GET /v1/AUTH_a7fe78fff745465881bf8c2586285a06/gnocchi.92c6f08f-4c29-4b1b-aed6-f2cd93e4d0d7%3Fformat%3Djson%26marker%3Dnone_v3%26states%3Dlisting HTTP/1.0 200 - python-swiftclient-3.11.1 gAAAAABpYE22aU6Q... - 2 - tx6fb53ef9b6da48bab3da5-0069604e3f - 0.0156 - - 1767919167.244098186 1767919167.259728670 0
Jan 9 00:39:27 standalone object-server[129756]: 172.20.0.100 - - [09/Jan/2026:00:39:27 +0000] "GET /d1/979/AUTH_a7fe78fff745465881bf8c2586285a06/gnocchi.92c6f08f-4c29-4b1b-aed6-f2cd93e4d0d7/1766880000.0_mean_300.0_v3" 200 16 "GET http://172.18.0.2:8080/v1/AUTH_a7fe78fff745465881bf8c2586285a06/gnocchi.92c6f08f-4c29-4b1b-aed6-f2cd93e4d0d7/1766880000.0_mean_300.0_v3" "tx638b170f74b14c26b4fc8-0069604e3f" "proxy-server 20" 0.0007 "-" 19 0
Jan 9 00:39:27 standalone proxy-server[131758]: 172.18.0.2 172.18.0.100 09/Jan/2026/00/39/27 GET /v1/AUTH_a7fe78fff745465881bf8c2586285a06/gnocchi.92c6f08f-4c29-4b1b-aed6-f2cd93e4d0d7/1766880000.0_mean_300.0_v3 HTTP/1.0 200 - python-swiftclient-3.11.1 gAAAAABpYE22aU6Q... - 16 - tx638b170f74b14c26b4fc8-0069604e3f - 0.0074 - - 1767919167.265089989 1767919167.272503138 0
Jan 9 00:39:27 standalone container-server[129599]: 172.20.0.100 - - [09/Jan/2026:00:39:27 +0000] "PUT /d1/139/AUTH_a7fe78fff745465881bf8c2586285a06/gnocchi.92c6f08f-4c29-4b1b-aed6-f2cd93e4d0d7/1766880000.0_mean_300.0_v3" 201 - "PUT http://172.18.0.2:8080/d1/979/AUTH_a7fe78fff745465881bf8c2586285a06/gnocchi.92c6f08f-4c29-4b1b-aed6-f2cd93e4d0d7/1766880000.0_mean_300.0_v3" "tx585d32f1a82043d89d8c4-0069604e3f" "object-server 20" 0.0005 "-" 18 0
Jan 9 00:39:27 standalone object-server[129757]: 172.20.0.100 - - [09/Jan/2026:00:39:27 +0000] "PUT /d1/979/AUTH_a7fe78fff745465881bf8c2586285a06/gnocchi.92c6f08f-4c29-4b1b-aed6-f2cd93e4d0d7/1766880000.0_mean_300.0_v3" 201 - "PUT http://172.18.0.2:8080/v1/AUTH_a7fe78fff745465881bf8c2586285a06/gnocchi.92c6f08f-4c29-4b1b-aed6-f2cd93e4d0d7/1766880000.0_mean_300.0_v3" "tx585d32f1a82043d89d8c4-0069604e3f" "proxy-server 20" 0.0127 "-" 20 0
Jan 9 00:39:27 standalone proxy-server[131758]: 172.18.0.2 172.18.0.100 09/Jan/2026/00/39/27 PUT /v1/AUTH_a7fe78fff745465881bf8c2586285a06/gnocchi.92c6f08f-4c29-4b1b-aed6-f2cd93e4d0d7/1766880000.0_mean_300.0_v3 HTTP/1.0 201 - python-swiftclient-3.11.1 gAAAAABpYE22aU6Q... 16 - - tx585d32f1a82043d89d8c4-0069604e3f - 0.0195 - - 1767919167.278172255 1767919167.297629595 0
Jan 9 00:39:27 standalone container-server[129605]: 172.20.0.100 - - [09/Jan/2026:00:39:27 +0000] "PUT /d1/139/AUTH_a7fe78fff745465881bf8c2586285a06/gnocchi.92c6f08f-4c29-4b1b-aed6-f2cd93e4d0d7/none_v3" 201 - "PUT http://172.18.0.2:8080/d1/164/AUTH_a7fe78fff745465881bf8c2586285a06/gnocchi.92c6f08f-4c29-4b1b-aed6-f2cd93e4d0d7/none_v3" "txb3ee96e90c974d8cab46a-0069604e3f" "object-server 20" 0.0008 "-" 21 0
Jan 9 00:39:27 standalone object-server[129757]: 172.20.0.100 - - [09/Jan/2026:00:39:27 +0000] "PUT /d1/164/AUTH_a7fe78fff745465881bf8c2586285a06/gnocchi.92c6f08f-4c29-4b1b-aed6-f2cd93e4d0d7/none_v3" 201 - "PUT http://172.18.0.2:8080/v1/AUTH_a7fe78fff745465881bf8c2586285a06/gnocchi.92c6f08f-4c29-4b1b-aed6-f2cd93e4d0d7/none_v3" "txb3ee96e90c974d8cab46a-0069604e3f" "proxy-server 20" 0.0094 "-" 20 0
Jan 9 00:39:27 standalone proxy-server[131758]: 172.18.0.2 172.18.0.100 09/Jan/2026/00/39/27 PUT /v1/AUTH_a7fe78fff745465881bf8c2586285a06/gnocchi.92c6f08f-4c29-4b1b-aed6-f2cd93e4d0d7/none_v3 HTTP/1.0 201 - python-swiftclient-3.11.1 gAAAAABpYE22aU6Q... 32 - - txb3ee96e90c974d8cab46a-0069604e3f - 0.0152 - - 1767919167.301433086 1767919167.316624403 0
Jan 9 00:39:30 standalone container-server[129599]: 172.20.0.100 - - [09/Jan/2026:00:39:30 +0000] "HEAD /d1/176/AUTH_a7fe78fff745465881bf8c2586285a06/gnocchi.80770147-efae-4cc7-95dd-99eaa89e01e2" 404 - "HEAD http://172.18.0.2:8080/v1/AUTH_a7fe78fff745465881bf8c2586285a06/gnocchi.80770147-efae-4cc7-95dd-99eaa89e01e2?format=json&states=listing" "txf698edda8ae24e59b017e-0069604e42" "proxy-server 20" 0.0007 "-" 18 0
Jan 9 00:39:30 standalone object-server[129756]: 172.20.0.100 - - [09/Jan/2026:00:39:30 +0000] "GET /d1/207/AUTH_a7fe78fff745465881bf8c2586285a06/gnocchi.80770147-efae-4cc7-95dd-99eaa89e01e2/none_v3" 404 70 "GET http://172.18.0.2:8080/v1/AUTH_a7fe78fff745465881bf8c2586285a06/gnocchi.80770147-efae-4cc7-95dd-99eaa89e01e2/none_v3" "txf698edda8ae24e59b017e-0069604e42" "proxy-server 20" 0.0007 "-" 19 0
Jan 9 00:39:30 standalone proxy-server[131758]: 172.18.0.2 172.18.0.100 09/Jan/2026/00/39/30 GET /v1/AUTH_a7fe78fff745465881bf8c2586285a06/gnocchi.80770147-efae-4cc7-95dd-99eaa89e01e2/none_v3 HTTP/1.0 404 - python-swiftclient-3.11.1 gAAAAABpYE22aU6Q... - 70 - txf698edda8ae24e59b017e-0069604e42 - 0.0106 - - 1767919170.691234350 1767919170.701857567 0
Jan 9 00:39:30 standalone account-server[129560]: 172.20.0.100 - - [09/Jan/2026:00:39:30 +0000] "PUT /d1/366/AUTH_a7fe78fff745465881bf8c2586285a06/gnocchi.80770147-efae-4cc7-95dd-99eaa89e01e2" 201 - "PUT http://172.20.0.100:6001/d1/176/AUTH_a7fe78fff745465881bf8c2586285a06/gnocchi.80770147-efae-4cc7-95dd-99eaa89e01e2" "txb5ffbd2cf63f454daa922-0069604e42" "container-server 17" 0.0016 "-" 21 0
Jan 9 00:39:30 standalone container-server[129597]: 172.20.0.100 - - [09/Jan/2026:00:39:30 +0000] "PUT /d1/176/AUTH_a7fe78fff745465881bf8c2586285a06/gnocchi.80770147-efae-4cc7-95dd-99eaa89e01e2" 201 - "PUT http://172.18.0.2:8080/v1/AUTH_a7fe78fff745465881bf8c2586285a06/gnocchi.80770147-efae-4cc7-95dd-99eaa89e01e2" "txb5ffbd2cf63f454daa922-0069604e42" "proxy-server 20" 0.0163 "-" 17 0
Jan 9 00:39:30 standalone proxy-server[131758]: 172.18.0.2 172.18.0.100 09/Jan/2026/00/39/30 PUT /v1/AUTH_a7fe78fff745465881bf8c2586285a06/gnocchi.80770147-efae-4cc7-95dd-99eaa89e01e2 HTTP/1.0 201 - python-swiftclient-3.11.1 gAAAAABpYE22aU6Q... - - - txb5ffbd2cf63f454daa922-0069604e42 - 0.0238 - - 1767919170.705461264 1767919170.729217768 0
Jan 9 00:39:30 standalone container-server[129605]: 172.20.0.100 - - [09/Jan/2026:00:39:30 +0000] "HEAD /d1/176/AUTH_a7fe78fff745465881bf8c2586285a06/gnocchi.80770147-efae-4cc7-95dd-99eaa89e01e2" 204 - "HEAD http://172.18.0.2:8080/v1/AUTH_a7fe78fff745465881bf8c2586285a06/gnocchi.80770147-efae-4cc7-95dd-99eaa89e01e2?format=json&states=listing" "tx720f5b387271481ea3520-0069604e42" "proxy-server 20" 0.0019 "-" 21 0
Jan 9 00:39:30 standalone proxy-server[131758]: - - 09/Jan/2026/00/39/30 HEAD /v1/AUTH_a7fe78fff745465881bf8c2586285a06/gnocchi.80770147-efae-4cc7-95dd-99eaa89e01e2%3Fformat%3Djson%26states%3Dlisting HTTP/1.0 204 - Swift - - - - tx720f5b387271481ea3520-0069604e42 - 0.0058 RL - 1767919170.734195471 1767919170.739949942 0
Jan 9 00:39:30 standalone container-server[129605]: 172.20.0.100 - - [09/Jan/2026:00:39:30 +0000] "GET /d1/176/AUTH_a7fe78fff745465881bf8c2586285a06/gnocchi.80770147-efae-4cc7-95dd-99eaa89e01e2" 200 2 "GET http://172.18.0.2:8080/v1/AUTH_a7fe78fff745465881bf8c2586285a06/gnocchi.80770147-efae-4cc7-95dd-99eaa89e01e2?format=json&states=listing" "tx720f5b387271481ea3520-0069604e42" "proxy-server 20" 0.0016 "-" 21 0
Jan 9 00:39:30 standalone proxy-server[131758]: 172.18.0.2 172.18.0.100 09/Jan/2026/00/39/30 GET /v1/AUTH_a7fe78fff745465881bf8c2586285a06/gnocchi.80770147-efae-4cc7-95dd-99eaa89e01e2%3Fformat%3Djson%26states%3Dlisting HTTP/1.0 200 - python-swiftclient-3.11.1 gAAAAABpYE22aU6Q... - 2 - tx720f5b387271481ea3520-0069604e42 - 0.0136 - - 1767919170.733151436 1767919170.746726513 0
Jan 9 00:39:30 standalone object-server[129757]: 172.20.0.100 - - [09/Jan/2026:00:39:30 +0000] "GET /d1/2/AUTH_a7fe78fff745465881bf8c2586285a06/gnocchi.80770147-efae-4cc7-95dd-99eaa89e01e2/1766880000.0_mean_300.0_v3" 404 70 "GET http://172.18.0.2:8080/v1/AUTH_a7fe78fff745465881bf8c2586285a06/gnocchi.80770147-efae-4cc7-95dd-99eaa89e01e2/1766880000.0_mean_300.0_v3" "txa394159ad2424b2ab6294-0069604e42" "proxy-server 20" 0.0005 "-" 20 0
Jan 9 00:39:30 standalone proxy-server[131758]: 172.18.0.2 172.18.0.100 09/Jan/2026/00/39/30 GET /v1/AUTH_a7fe78fff745465881bf8c2586285a06/gnocchi.80770147-efae-4cc7-95dd-99eaa89e01e2/1766880000.0_mean_300.0_v3 HTTP/1.0 404 - python-swiftclient-3.11.1 gAAAAABpYE22aU6Q... - 70 - txa394159ad2424b2ab6294-0069604e42 - 0.0064 - - 1767919170.750531912 1767919170.756885290 0
Jan 9 00:39:30 standalone container-server[129599]: 172.20.0.100 - - [09/Jan/2026:00:39:30 +0000] "PUT /d1/176/AUTH_a7fe78fff745465881bf8c2586285a06/gnocchi.80770147-efae-4cc7-95dd-99eaa89e01e2/1766880000.0_mean_300.0_v3" 201 - "PUT http://172.18.0.2:8080/d1/2/AUTH_a7fe78fff745465881bf8c2586285a06/gnocchi.80770147-efae-4cc7-95dd-99eaa89e01e2/1766880000.0_mean_300.0_v3" "txfadc739ff1f84e72a5a2f-0069604e42" "object-server 21" 0.0007 "-" 18 0
Jan 9 00:39:30 standalone object-server[129758]: 172.20.0.100 - - [09/Jan/2026:00:39:30 +0000] "PUT /d1/2/AUTH_a7fe78fff745465881bf8c2586285a06/gnocchi.80770147-efae-4cc7-95dd-99eaa89e01e2/1766880000.0_mean_300.0_v3" 201 - "PUT http://172.18.0.2:8080/v1/AUTH_a7fe78fff745465881bf8c2586285a06/gnocchi.80770147-efae-4cc7-95dd-99eaa89e01e2/1766880000.0_mean_300.0_v3" "txfadc739ff1f84e72a5a2f-0069604e42" "proxy-server 20" 0.0114 "-" 21 0
Jan 9 00:39:30 standalone proxy-server[131758]: 172.18.0.2 172.18.0.100 09/Jan/2026/00/39/30 PUT /v1/AUTH_a7fe78fff745465881bf8c2586285a06/gnocchi.80770147-efae-4cc7-95dd-99eaa89e01e2/1766880000.0_mean_300.0_v3 HTTP/1.0 201 - python-swiftclient-3.11.1 gAAAAABpYE22aU6Q... 16 - - txfadc739ff1f84e72a5a2f-0069604e42 - 0.0191 - - 1767919170.759468555 1767919170.778533220 0
Jan 9 00:39:30 standalone container-server[129599]: 172.20.0.100 - - [09/Jan/2026:00:39:30 +0000] "PUT /d1/176/AUTH_a7fe78fff745465881bf8c2586285a06/gnocchi.80770147-efae-4cc7-95dd-99eaa89e01e2/none_v3" 201 - "PUT http://172.18.0.2:8080/d1/207/AUTH_a7fe78fff745465881bf8c2586285a06/gnocchi.80770147-efae-4cc7-95dd-99eaa89e01e2/none_v3" "tx33688e55418a4d77a06d2-0069604e42" "object-server 21" 0.0007 "-" 18 0
Jan 9 00:39:30 standalone object-server[129758]: 172.20.0.100 - - [09/Jan/2026:00:39:30 +0000] "PUT /d1/207/AUTH_a7fe78fff745465881bf8c2586285a06/gnocchi.80770147-efae-4cc7-95dd-99eaa89e01e2/none_v3" 201 - "PUT http://172.18.0.2:8080/v1/AUTH_a7fe78fff745465881bf8c2586285a06/gnocchi.80770147-efae-4cc7-95dd-99eaa89e01e2/none_v3" "tx33688e55418a4d77a06d2-0069604e42" "proxy-server 20" 0.0120 "-" 21 0
Jan 9 00:39:30 standalone proxy-server[131758]: 172.18.0.2 172.18.0.100 09/Jan/2026/00/39/30 PUT /v1/AUTH_a7fe78fff745465881bf8c2586285a06/gnocchi.80770147-efae-4cc7-95dd-99eaa89e01e2/none_v3 HTTP/1.0 201 - python-swiftclient-3.11.1 gAAAAABpYE22aU6Q... 22 - - tx33688e55418a4d77a06d2-0069604e42 - 0.0174 - - 1767919170.781407118 1767919170.798850060 0
Jan 9 00:39:30 standalone object-server[129756]: 172.20.0.100 - - [09/Jan/2026:00:39:30 +0000] "GET /d1/136/AUTH_a7fe78fff745465881bf8c2586285a06/gnocchi.af089613-1172-48b1-87d8-3fc4a15f42ae/none_v3" 200 33 "GET http://172.18.0.2:8080/v1/AUTH_a7fe78fff745465881bf8c2586285a06/gnocchi.af089613-1172-48b1-87d8-3fc4a15f42ae/none_v3" "txfd7fb470f168464184ded-0069604e42" "proxy-server 20" 0.0010 "-" 19 0
Jan 9 00:39:30 standalone proxy-server[131758]: 172.18.0.2 172.18.0.100 09/Jan/2026/00/39/30 GET /v1/AUTH_a7fe78fff745465881bf8c2586285a06/gnocchi.af089613-1172-48b1-87d8-3fc4a15f42ae/none_v3 HTTP/1.0 200 - python-swiftclient-3.11.1 gAAAAABpYE22aU6Q... - 33 - txfd7fb470f168464184ded-0069604e42 - 0.0091 - - 1767919170.891133070 1767919170.900202513 0
Jan 9 00:39:30 standalone container-server[129599]: 172.20.0.100 - - [09/Jan/2026:00:39:30 +0000] "GET /d1/827/AUTH_a7fe78fff745465881bf8c2586285a06/gnocchi.af089613-1172-48b1-87d8-3fc4a15f42ae" 200 357 "GET http://172.18.0.2:8080/v1/AUTH_a7fe78fff745465881bf8c2586285a06/gnocchi.af089613-1172-48b1-87d8-3fc4a15f42ae?format=json&states=listing" "txcc81bcd35d9f4f3db7f27-0069604e42" "proxy-server 20" 0.0111 "-" 18 0
Jan 9 00:39:30 standalone proxy-server[131758]: 172.18.0.2 172.18.0.100 09/Jan/2026/00/39/30 GET /v1/AUTH_a7fe78fff745465881bf8c2586285a06/gnocchi.af089613-1172-48b1-87d8-3fc4a15f42ae%3Fformat%3Djson%26states%3Dlisting HTTP/1.0 200 - python-swiftclient-3.11.1 gAAAAABpYE22aU6Q... - 357 - txcc81bcd35d9f4f3db7f27-0069604e42 - 0.0191 - - 1767919170.903201580 1767919170.922329664 0
Jan 9 00:39:30 standalone container-server[129597]: 172.20.0.100 - - [09/Jan/2026:00:39:30 +0000] "GET /d1/827/AUTH_a7fe78fff745465881bf8c2586285a06/gnocchi.af089613-1172-48b1-87d8-3fc4a15f42ae" 200 2 "GET http://172.18.0.2:8080/v1/AUTH_a7fe78fff745465881bf8c2586285a06/gnocchi.af089613-1172-48b1-87d8-3fc4a15f42ae?format=json&marker=none_v3&states=listing" "tx647a90c349a843c3b9507-0069604e42" "proxy-server 20" 0.0020 "-" 17 0
Jan 9 00:39:30 standalone proxy-server[131758]: 172.18.0.2 172.18.0.100 09/Jan/2026/00/39/30 GET /v1/AUTH_a7fe78fff745465881bf8c2586285a06/gnocchi.af089613-1172-48b1-87d8-3fc4a15f42ae%3Fformat%3Djson%26marker%3Dnone_v3%26states%3Dlisting HTTP/1.0 200 - python-swiftclient-3.11.1 gAAAAABpYE22aU6Q... - 2 - tx647a90c349a843c3b9507-0069604e42 - 0.0089 - - 1767919170.925652742 1767919170.934596300 0
Jan 9 00:39:30 standalone object-server[129757]: 172.20.0.100 - - [09/Jan/2026:00:39:30 +0000] "GET /d1/569/AUTH_a7fe78fff745465881bf8c2586285a06/gnocchi.af089613-1172-48b1-87d8-3fc4a15f42ae/1766880000.0_mean_300.0_v3" 200 16 "GET http://172.18.0.2:8080/v1/AUTH_a7fe78fff745465881bf8c2586285a06/gnocchi.af089613-1172-48b1-87d8-3fc4a15f42ae/1766880000.0_mean_300.0_v3" "txf6ac808f4df24f4da5ed9-0069604e42" "proxy-server 20" 0.0014 "-" 20 0
Jan 9 00:39:30 standalone proxy-server[131758]: 172.18.0.2 172.18.0.100 09/Jan/2026/00/39/30 GET /v1/AUTH_a7fe78fff745465881bf8c2586285a06/gnocchi.af089613-1172-48b1-87d8-3fc4a15f42ae/1766880000.0_mean_300.0_v3 HTTP/1.0 200 - python-swiftclient-3.11.1 gAAAAABpYE22aU6Q... - 16 - txf6ac808f4df24f4da5ed9-0069604e42 - 0.0073 - - 1767919170.938344002 1767919170.945687532 0
Jan 9 00:39:30 standalone container-server[129599]: 172.20.0.100 - - [09/Jan/2026:00:39:30 +0000] "PUT /d1/827/AUTH_a7fe78fff745465881bf8c2586285a06/gnocchi.af089613-1172-48b1-87d8-3fc4a15f42ae/1766880000.0_mean_300.0_v3" 201 - "PUT http://172.18.0.2:8080/d1/569/AUTH_a7fe78fff745465881bf8c2586285a06/gnocchi.af089613-1172-48b1-87d8-3fc4a15f42ae/1766880000.0_mean_300.0_v3" "tx837ffc5d0b184080a0067-0069604e42" "object-server 24" 0.0006 "-" 18 0
