Jan 9 00:43:51 standalone proxy-server[131758]: 172.18.0.2 172.18.0.100 09/Jan/2026/00/43/51 GET /v1/AUTH_a7fe78fff745465881bf8c2586285a06/gnocchi.ce9e6a5c-62f3-4795-bb6f-78ca50d05890/1766880000.0_rate%253Amean_300.0_v3 HTTP/1.0 404 - python-swiftclient-3.11.1 gAAAAABpYE22aU6Q... - 70 - txa7d9dba0637f421f8b127-0069604f47 - 0.0043 - - 1767919431.693519831 1767919431.697842836 0
Jan 9 00:43:51 standalone container-server[129599]: 172.20.0.100 - - [09/Jan/2026:00:43:51 +0000] "PUT /d1/896/AUTH_a7fe78fff745465881bf8c2586285a06/gnocchi.ce9e6a5c-62f3-4795-bb6f-78ca50d05890/1766880000.0_mean_300.0_v3" 201 - "PUT http://172.18.0.2:8080/d1/923/AUTH_a7fe78fff745465881bf8c2586285a06/gnocchi.ce9e6a5c-62f3-4795-bb6f-78ca50d05890/1766880000.0_mean_300.0_v3" "tx6bdf00debad54b6c80d60-0069604f47" "object-server 24" 0.0007 "-" 18 0
Jan 9 00:43:51 standalone object-server[129764]: 172.20.0.100 - - [09/Jan/2026:00:43:51 +0000] "PUT /d1/923/AUTH_a7fe78fff745465881bf8c2586285a06/gnocchi.ce9e6a5c-62f3-4795-bb6f-78ca50d05890/1766880000.0_mean_300.0_v3" 201 - "PUT http://172.18.0.2:8080/v1/AUTH_a7fe78fff745465881bf8c2586285a06/gnocchi.ce9e6a5c-62f3-4795-bb6f-78ca50d05890/1766880000.0_mean_300.0_v3" "tx6bdf00debad54b6c80d60-0069604f47" "proxy-server 20" 0.0110 "-" 24 0
Jan 9 00:43:51 standalone proxy-server[131758]: 172.18.0.2 172.18.0.100 09/Jan/2026/00/43/51 PUT /v1/AUTH_a7fe78fff745465881bf8c2586285a06/gnocchi.ce9e6a5c-62f3-4795-bb6f-78ca50d05890/1766880000.0_mean_300.0_v3 HTTP/1.0 201 - python-swiftclient-3.11.1 gAAAAABpYE22aU6Q... 24 - - tx6bdf00debad54b6c80d60-0069604f47 - 0.0153 - - 1767919431.700257301 1767919431.715534687 0
Jan 9 00:43:51 standalone container-server[129599]: 172.20.0.100 - - [09/Jan/2026:00:43:51 +0000] "PUT /d1/896/AUTH_a7fe78fff745465881bf8c2586285a06/gnocchi.ce9e6a5c-62f3-4795-bb6f-78ca50d05890/1766880000.0_rate%3Amean_300.0_v3" 201 - "PUT http://172.18.0.2:8080/d1/914/AUTH_a7fe78fff745465881bf8c2586285a06/gnocchi.ce9e6a5c-62f3-4795-bb6f-78ca50d05890/1766880000.0_rate%3Amean_300.0_v3" "tx7141c4176f5a43f29304a-0069604f47" "object-server 19" 0.0006 "-" 18 0
Jan 9 00:43:51 standalone object-server[129756]: 172.20.0.100 - - [09/Jan/2026:00:43:51 +0000] "PUT /d1/914/AUTH_a7fe78fff745465881bf8c2586285a06/gnocchi.ce9e6a5c-62f3-4795-bb6f-78ca50d05890/1766880000.0_rate%3Amean_300.0_v3" 201 - "PUT http://172.18.0.2:8080/v1/AUTH_a7fe78fff745465881bf8c2586285a06/gnocchi.ce9e6a5c-62f3-4795-bb6f-78ca50d05890/1766880000.0_rate%3Amean_300.0_v3" "tx7141c4176f5a43f29304a-0069604f47" "proxy-server 20" 0.0109 "-" 19 0
Jan 9 00:43:51 standalone proxy-server[131758]: 172.18.0.2 172.18.0.100 09/Jan/2026/00/43/51 PUT /v1/AUTH_a7fe78fff745465881bf8c2586285a06/gnocchi.ce9e6a5c-62f3-4795-bb6f-78ca50d05890/1766880000.0_rate%253Amean_300.0_v3 HTTP/1.0 201 - python-swiftclient-3.11.1 gAAAAABpYE22aU6Q... 16 - - tx7141c4176f5a43f29304a-0069604f47 - 0.0173 - - 1767919431.718121767 1767919431.735426188 0
Jan 9 00:43:51 standalone container-server[129599]: 172.20.0.100 - - [09/Jan/2026:00:43:51 +0000] "PUT /d1/896/AUTH_a7fe78fff745465881bf8c2586285a06/gnocchi.ce9e6a5c-62f3-4795-bb6f-78ca50d05890/none_v3" 201 - "PUT http://172.18.0.2:8080/d1/595/AUTH_a7fe78fff745465881bf8c2586285a06/gnocchi.ce9e6a5c-62f3-4795-bb6f-78ca50d05890/none_v3" "tx5a48d2bc99f24f98be9dc-0069604f47" "object-server 24" 0.0003 "-" 18 0
Jan 9 00:43:51 standalone object-server[129764]: 172.20.0.100 - - [09/Jan/2026:00:43:51 +0000] "PUT /d1/595/AUTH_a7fe78fff745465881bf8c2586285a06/gnocchi.ce9e6a5c-62f3-4795-bb6f-78ca50d05890/none_v3" 201 - "PUT http://172.18.0.2:8080/v1/AUTH_a7fe78fff745465881bf8c2586285a06/gnocchi.ce9e6a5c-62f3-4795-bb6f-78ca50d05890/none_v3" "tx5a48d2bc99f24f98be9dc-0069604f47" "proxy-server 20" 0.0099 "-" 24 0
Jan 9 00:43:51 standalone proxy-server[131758]: 172.18.0.2 172.18.0.100 09/Jan/2026/00/43/51 PUT /v1/AUTH_a7fe78fff745465881bf8c2586285a06/gnocchi.ce9e6a5c-62f3-4795-bb6f-78ca50d05890/none_v3 HTTP/1.0 201 - python-swiftclient-3.11.1 gAAAAABpYE22aU6Q... 33 - - tx5a48d2bc99f24f98be9dc-0069604f47 - 0.0150 - - 1767919431.740128994 1767919431.755087852 0
Jan 9 00:43:51 standalone container-server[129605]: 172.20.0.100 - - [09/Jan/2026:00:43:51 +0000] "HEAD /d1/263/AUTH_a7fe78fff745465881bf8c2586285a06/gnocchi.8691ee99-3b65-4215-81a0-a62fecf9a796" 204 - "HEAD http://172.18.0.2:8080/v1/AUTH_a7fe78fff745465881bf8c2586285a06/gnocchi.8691ee99-3b65-4215-81a0-a62fecf9a796?format=json&states=listing" "txfc888bb0b4ee4adeb7be4-0069604f47" "proxy-server 20" 0.0016 "-" 21 0
Jan 9 00:43:51 standalone object-server[129756]: 172.20.0.100 - - [09/Jan/2026:00:43:51 +0000] "GET /d1/942/AUTH_a7fe78fff745465881bf8c2586285a06/gnocchi.8691ee99-3b65-4215-81a0-a62fecf9a796/none_v3" 200 22 "GET http://172.18.0.2:8080/v1/AUTH_a7fe78fff745465881bf8c2586285a06/gnocchi.8691ee99-3b65-4215-81a0-a62fecf9a796/none_v3" "txfc888bb0b4ee4adeb7be4-0069604f47" "proxy-server 20" 0.0014 "-" 19 0
Jan 9 00:43:51 standalone proxy-server[131758]: 172.18.0.2 172.18.0.100 09/Jan/2026/00/43/51 GET /v1/AUTH_a7fe78fff745465881bf8c2586285a06/gnocchi.8691ee99-3b65-4215-81a0-a62fecf9a796/none_v3 HTTP/1.0 200 - python-swiftclient-3.11.1 gAAAAABpYE22aU6Q... - 22 - txfc888bb0b4ee4adeb7be4-0069604f47 - 0.0169 - - 1767919431.769004583 1767919431.785884857 0
Jan 9 00:43:51 standalone container-server[129599]: 172.20.0.100 - - [09/Jan/2026:00:43:51 +0000] "GET /d1/263/AUTH_a7fe78fff745465881bf8c2586285a06/gnocchi.8691ee99-3b65-4215-81a0-a62fecf9a796" 200 357 "GET http://172.18.0.2:8080/v1/AUTH_a7fe78fff745465881bf8c2586285a06/gnocchi.8691ee99-3b65-4215-81a0-a62fecf9a796?format=json&states=listing" "tx057136aac25744efaed62-0069604f47" "proxy-server 20" 0.0049 "-" 18 0
Jan 9 00:43:51 standalone proxy-server[131758]: 172.18.0.2 172.18.0.100 09/Jan/2026/00/43/51 GET /v1/AUTH_a7fe78fff745465881bf8c2586285a06/gnocchi.8691ee99-3b65-4215-81a0-a62fecf9a796%3Fformat%3Djson%26states%3Dlisting HTTP/1.0 200 - python-swiftclient-3.11.1 gAAAAABpYE22aU6Q... - 357 - tx057136aac25744efaed62-0069604f47 - 0.0154 - - 1767919431.791250467 1767919431.806630135 0
Jan 9 00:43:51 standalone container-server[129597]: 172.20.0.100 - - [09/Jan/2026:00:43:51 +0000] "GET /d1/263/AUTH_a7fe78fff745465881bf8c2586285a06/gnocchi.8691ee99-3b65-4215-81a0-a62fecf9a796" 200 2 "GET http://172.18.0.2:8080/v1/AUTH_a7fe78fff745465881bf8c2586285a06/gnocchi.8691ee99-3b65-4215-81a0-a62fecf9a796?format=json&marker=none_v3&states=listing" "txe4d4bad71bf24b5497622-0069604f47" "proxy-server 20" 0.0028 "-" 17 0
Jan 9 00:43:51 standalone proxy-server[131758]: 172.18.0.2 172.18.0.100 09/Jan/2026/00/43/51 GET /v1/AUTH_a7fe78fff745465881bf8c2586285a06/gnocchi.8691ee99-3b65-4215-81a0-a62fecf9a796%3Fformat%3Djson%26marker%3Dnone_v3%26states%3Dlisting HTTP/1.0 200 - python-swiftclient-3.11.1 gAAAAABpYE22aU6Q... - 2 - txe4d4bad71bf24b5497622-0069604f47 - 0.0087 - - 1767919431.810059309 1767919431.818780422 0
Jan 9 00:43:51 standalone object-server[129764]: 172.20.0.100 - - [09/Jan/2026:00:43:51 +0000] "GET /d1/470/AUTH_a7fe78fff745465881bf8c2586285a06/gnocchi.8691ee99-3b65-4215-81a0-a62fecf9a796/1766880000.0_mean_300.0_v3" 200 16 "GET http://172.18.0.2:8080/v1/AUTH_a7fe78fff745465881bf8c2586285a06/gnocchi.8691ee99-3b65-4215-81a0-a62fecf9a796/1766880000.0_mean_300.0_v3" "tx5b23bed58182452fba4df-0069604f47" "proxy-server 20" 0.0012 "-" 24 0
Jan 9 00:43:51 standalone proxy-server[131758]: 172.18.0.2 172.18.0.100 09/Jan/2026/00/43/51 GET /v1/AUTH_a7fe78fff745465881bf8c2586285a06/gnocchi.8691ee99-3b65-4215-81a0-a62fecf9a796/1766880000.0_mean_300.0_v3 HTTP/1.0 200 - python-swiftclient-3.11.1 gAAAAABpYE22aU6Q... - 16 - tx5b23bed58182452fba4df-0069604f47 - 0.0082 - - 1767919431.822371244 1767919431.830579758 0
Jan 9 00:43:51 standalone object-server[129764]: 172.20.0.100 - - [09/Jan/2026:00:43:51 +0000] "GET /d1/831/AUTH_a7fe78fff745465881bf8c2586285a06/gnocchi.8691ee99-3b65-4215-81a0-a62fecf9a796/1766880000.0_rate%3Amean_300.0_v3" 404 70 "GET http://172.18.0.2:8080/v1/AUTH_a7fe78fff745465881bf8c2586285a06/gnocchi.8691ee99-3b65-4215-81a0-a62fecf9a796/1766880000.0_rate%3Amean_300.0_v3" "tx4ec822c26baa4dbea39d6-0069604f47" "proxy-server 20" 0.0005 "-" 24 0
Jan 9 00:43:51 standalone proxy-server[131758]: 172.18.0.2 172.18.0.100 09/Jan/2026/00/43/51 GET /v1/AUTH_a7fe78fff745465881bf8c2586285a06/gnocchi.8691ee99-3b65-4215-81a0-a62fecf9a796/1766880000.0_rate%253Amean_300.0_v3 HTTP/1.0 404 - python-swiftclient-3.11.1 gAAAAABpYE22aU6Q... - 70 - tx4ec822c26baa4dbea39d6-0069604f47 - 0.0071 - - 1767919431.833878756 1767919431.841001034 0
Jan 9 00:43:51 standalone container-server[129611]: 172.20.0.100 - - [09/Jan/2026:00:43:51 +0000] "PUT /d1/263/AUTH_a7fe78fff745465881bf8c2586285a06/gnocchi.8691ee99-3b65-4215-81a0-a62fecf9a796/1766880000.0_mean_300.0_v3" 201 - "PUT http://172.18.0.2:8080/d1/470/AUTH_a7fe78fff745465881bf8c2586285a06/gnocchi.8691ee99-3b65-4215-81a0-a62fecf9a796/1766880000.0_mean_300.0_v3" "tx6ec1f6d1e29146e5822e3-0069604f47" "object-server 20" 0.0015 "-" 22 0
Jan 9 00:43:51 standalone object-server[129757]: 172.20.0.100 - - [09/Jan/2026:00:43:51 +0000] "PUT /d1/470/AUTH_a7fe78fff745465881bf8c2586285a06/gnocchi.8691ee99-3b65-4215-81a0-a62fecf9a796/1766880000.0_mean_300.0_v3" 201 - "PUT http://172.18.0.2:8080/v1/AUTH_a7fe78fff745465881bf8c2586285a06/gnocchi.8691ee99-3b65-4215-81a0-a62fecf9a796/1766880000.0_mean_300.0_v3" "tx6ec1f6d1e29146e5822e3-0069604f47" "proxy-server 20" 0.0167 "-" 20 0
Jan 9 00:43:51 standalone proxy-server[131758]: 172.18.0.2 172.18.0.100 09/Jan/2026/00/43/51 PUT /v1/AUTH_a7fe78fff745465881bf8c2586285a06/gnocchi.8691ee99-3b65-4215-81a0-a62fecf9a796/1766880000.0_mean_300.0_v3 HTTP/1.0 201 - python-swiftclient-3.11.1 gAAAAABpYE22aU6Q... 24 - - tx6ec1f6d1e29146e5822e3-0069604f47 - 0.0247 - - 1767919431.844092846 1767919431.868762732 0
Jan 9 00:43:51 standalone container-server[129597]: 172.20.0.100 - - [09/Jan/2026:00:43:51 +0000] "PUT /d1/263/AUTH_a7fe78fff745465881bf8c2586285a06/gnocchi.8691ee99-3b65-4215-81a0-a62fecf9a796/1766880000.0_rate%3Amean_300.0_v3" 201 - "PUT http://172.18.0.2:8080/d1/831/AUTH_a7fe78fff745465881bf8c2586285a06/gnocchi.8691ee99-3b65-4215-81a0-a62fecf9a796/1766880000.0_rate%3Amean_300.0_v3" "txe47447266a954fc4a0959-0069604f47" "object-server 19" 0.0007 "-" 17 0
Jan 9 00:43:51 standalone object-server[129756]: 172.20.0.100 - - [09/Jan/2026:00:43:51 +0000] "PUT /d1/831/AUTH_a7fe78fff745465881bf8c2586285a06/gnocchi.8691ee99-3b65-4215-81a0-a62fecf9a796/1766880000.0_rate%3Amean_300.0_v3" 201 - "PUT http://172.18.0.2:8080/v1/AUTH_a7fe78fff745465881bf8c2586285a06/gnocchi.8691ee99-3b65-4215-81a0-a62fecf9a796/1766880000.0_rate%3Amean_300.0_v3" "txe47447266a954fc4a0959-0069604f47" "proxy-server 20" 0.0091 "-" 19 0
Jan 9 00:43:51 standalone proxy-server[131758]: 172.18.0.2 172.18.0.100 09/Jan/2026/00/43/51 PUT /v1/AUTH_a7fe78fff745465881bf8c2586285a06/gnocchi.8691ee99-3b65-4215-81a0-a62fecf9a796/1766880000.0_rate%253Amean_300.0_v3 HTTP/1.0 201 - python-swiftclient-3.11.1 gAAAAABpYE22aU6Q... 16 - - txe47447266a954fc4a0959-0069604f47 - 0.0145 - - 1767919431.874471664 1767919431.888958216 0
Jan 9 00:43:51 standalone container-server[129599]: 172.20.0.100 - - [09/Jan/2026:00:43:51 +0000] "PUT /d1/263/AUTH_a7fe78fff745465881bf8c2586285a06/gnocchi.8691ee99-3b65-4215-81a0-a62fecf9a796/none_v3" 201 - "PUT http://172.18.0.2:8080/d1/942/AUTH_a7fe78fff745465881bf8c2586285a06/gnocchi.8691ee99-3b65-4215-81a0-a62fecf9a796/none_v3" "txada3079ce2694c839c179-0069604f47" "object-server 20" 0.0005 "-" 18 0
Jan 9 00:43:51 standalone object-server[129757]: 172.20.0.100 - - [09/Jan/2026:00:43:51 +0000] "PUT /d1/942/AUTH_a7fe78fff745465881bf8c2586285a06/gnocchi.8691ee99-3b65-4215-81a0-a62fecf9a796/none_v3" 201 - "PUT http://172.18.0.2:8080/v1/AUTH_a7fe78fff745465881bf8c2586285a06/gnocchi.8691ee99-3b65-4215-81a0-a62fecf9a796/none_v3" "txada3079ce2694c839c179-0069604f47" "proxy-server 20" 0.0080 "-" 20 0
Jan 9 00:43:51 standalone proxy-server[131758]: 172.18.0.2 172.18.0.100 09/Jan/2026/00/43/51 PUT /v1/AUTH_a7fe78fff745465881bf8c2586285a06/gnocchi.8691ee99-3b65-4215-81a0-a62fecf9a796/none_v3 HTTP/1.0 201 - python-swiftclient-3.11.1 gAAAAABpYE22aU6Q... 33 - - txada3079ce2694c839c179-0069604f47 - 0.0126 - - 1767919431.891621351 1767919431.904184818 0
Jan 9 00:43:51 standalone container-server[129611]: 172.20.0.100 - - [09/Jan/2026:00:43:51 +0000] "HEAD /d1/182/AUTH_a7fe78fff745465881bf8c2586285a06/gnocchi.541eb966-577f-413b-b2c7-9366d0906969" 204 - "HEAD http://172.18.0.2:8080/v1/AUTH_a7fe78fff745465881bf8c2586285a06/gnocchi.541eb966-577f-413b-b2c7-9366d0906969?format=json&states=listing" "txe2c3ff38f3c14ece9db9f-0069604f47" "proxy-server 20" 0.0014 "-" 22 0
Jan 9 00:43:51 standalone object-server[129758]: 172.20.0.100 - - [09/Jan/2026:00:43:51 +0000] "GET /d1/470/AUTH_a7fe78fff745465881bf8c2586285a06/gnocchi.541eb966-577f-413b-b2c7-9366d0906969/none_v3" 200 22 "GET http://172.18.0.2:8080/v1/AUTH_a7fe78fff745465881bf8c2586285a06/gnocchi.541eb966-577f-413b-b2c7-9366d0906969/none_v3" "txe2c3ff38f3c14ece9db9f-0069604f47" "proxy-server 20" 0.0012 "-" 21 0
Jan 9 00:43:51 standalone proxy-server[131758]: 172.18.0.2 172.18.0.100 09/Jan/2026/00/43/51 GET /v1/AUTH_a7fe78fff745465881bf8c2586285a06/gnocchi.541eb966-577f-413b-b2c7-9366d0906969/none_v3 HTTP/1.0 200 - python-swiftclient-3.11.1 gAAAAABpYE22aU6Q... - 22 - txe2c3ff38f3c14ece9db9f-0069604f47 - 0.0112 - - 1767919431.912919283 1767919431.924072981 0
Jan 9 00:43:51 standalone container-server[129597]: 172.20.0.100 - - [09/Jan/2026:00:43:51 +0000] "GET /d1/182/AUTH_a7fe78fff745465881bf8c2586285a06/gnocchi.541eb966-577f-413b-b2c7-9366d0906969" 200 357 "GET http://172.18.0.2:8080/v1/AUTH_a7fe78fff745465881bf8c2586285a06/gnocchi.541eb966-577f-413b-b2c7-9366d0906969?format=json&states=listing" "txfda8baa652db4685bd037-0069604f47" "proxy-server 20" 0.0024 "-" 17 0
Jan 9 00:43:51 standalone proxy-server[131758]: 172.18.0.2 172.18.0.100 09/Jan/2026/00/43/51 GET /v1/AUTH_a7fe78fff745465881bf8c2586285a06/gnocchi.541eb966-577f-413b-b2c7-9366d0906969%3Fformat%3Djson%26states%3Dlisting HTTP/1.0 200 - python-swiftclient-3.11.1 gAAAAABpYE22aU6Q... - 357 - txfda8baa652db4685bd037-0069604f47 - 0.0105 - - 1767919431.926806927 1767919431.937262297 0
Jan 9 00:43:51 standalone container-server[129611]: 172.20.0.100 - - [09/Jan/2026:00:43:51 +0000] "GET /d1/182/AUTH_a7fe78fff745465881bf8c2586285a06/gnocchi.541eb966-577f-413b-b2c7-9366d0906969" 200 2 "GET http://172.18.0.2:8080/v1/AUTH_a7fe78fff745465881bf8c2586285a06/gnocchi.541eb966-577f-413b-b2c7-9366d0906969?format=json&marker=none_v3&states=listing" "tx42b3ed5ca3fd4df0ae88a-0069604f47" "proxy-server 20" 0.0020 "-" 22 0
Jan 9 00:43:51 standalone proxy-server[131758]: 172.18.0.2 172.18.0.100 09/Jan/2026/00/43/51 GET /v1/AUTH_a7fe78fff745465881bf8c2586285a06/gnocchi.541eb966-577f-413b-b2c7-9366d0906969%3Fformat%3Djson%26marker%3Dnone_v3%26states%3Dlisting HTTP/1.0 200 - python-swiftclient-3.11.1 gAAAAABpYE22aU6Q... - 2 - tx42b3ed5ca3fd4df0ae88a-0069604f47 - 0.0081 - - 1767919431.940099478 1767919431.948170424 0
Jan 9 00:43:51 standalone object-server[129756]: 172.20.0.100 - - [09/Jan/2026:00:43:51 +0000] "GET /d1/306/AUTH_a7fe78fff745465881bf8c2586285a06/gnocchi.541eb966-577f-413b-b2c7-9366d0906969/1766880000.0_mean_300.0_v3" 200 16 "GET http://172.18.0.2:8080/v1/AUTH_a7fe78fff745465881bf8c2586285a06/gnocchi.541eb966-577f-413b-b2c7-9366d0906969/1766880000.0_mean_300.0_v3" "txf858a2e124cc42cca4b22-0069604f47" "proxy-server 20" 0.0009 "-" 19 0
Jan 9 00:43:51 standalone proxy-server[131758]: 172.18.0.2 172.18.0.100 09/Jan/2026/00/43/51 GET /v1/AUTH_a7fe78fff745465881bf8c2586285a06/gnocchi.541eb966-577f-413b-b2c7-9366d0906969/1766880000.0_mean_300.0_v3 HTTP/1.0 200 - python-swiftclient-3.11.1 gAAAAABpYE22aU6Q... - 16 - txf858a2e124cc42cca4b22-0069604f47 - 0.0074 - - 1767919431.955928802 1767919431.963333130 0
Jan 9 00:43:51 standalone container-server[129599]: 172.20.0.100 - - [09/Jan/2026:00:43:51 +0000] "PUT /d1/182/AUTH_a7fe78fff745465881bf8c2586285a06/gnocchi.541eb966-577f-413b-b2c7-9366d0906969/1766880000.0_mean_300.0_v3" 201 - "PUT http://172.18.0.2:8080/d1/306/AUTH_a7fe78fff745465881bf8c2586285a06/gnocchi.541eb966-577f-413b-b2c7-9366d0906969/1766880000.0_mean_300.0_v3" "tx7c885d91226e4d3ab3949-0069604f47" "object-server 21" 0.0007 "-" 18 0
Jan 9 00:43:51 standalone object-server[129758]: 172.20.0.100 - - [09/Jan/2026:00:43:51 +0000] "PUT /d1/306/AUTH_a7fe78fff745465881bf8c2586285a06/gnocchi.541eb966-577f-413b-b2c7-9366d0906969/1766880000.0_mean_300.0_v3" 201 - "PUT http://172.18.0.2:8080/v1/AUTH_a7fe78fff745465881bf8c2586285a06/gnocchi.541eb966-577f-413b-b2c7-9366d0906969/1766880000.0_mean_300.0_v3" "tx7c885d91226e4d3ab3949-0069604f47" "proxy-server 20" 0.0125 "-" 21 0
Jan 9 00:43:51 standalone proxy-server[131758]: 172.18.0.2 172.18.0.100 09/Jan/2026/00/43/51 PUT /v1/AUTH_a7fe78fff745465881bf8c2586285a06/gnocchi.541eb966-577f-413b-b2c7-9366d0906969/1766880000.0_mean_300.0_v3 HTTP/1.0 201 - python-swiftclient-3.11.1 gAAAAABpYE22aU6Q... 27 - - tx7c885d91226e4d3ab3949-0069604f47 - 0.0219 - - 1767919431.966816425 1767919431.988685131 0
Jan 9 00:43:52 standalone container-server[129605]: 172.20.0.100 - - [09/Jan/2026:00:43:52 +0000] "PUT /d1/182/AUTH_a7fe78fff745465881bf8c2586285a06/gnocchi.541eb966-577f-413b-b2c7-9366d0906969/none_v3" 201 - "PUT http://172.18.0.2:8080/d1/470/AUTH_a7fe78fff745465881bf8c2586285a06/gnocchi.541eb966-577f-413b-b2c7-9366d0906969/none_v3" "txc0884f57d0444c6285b31-0069604f47" "object-server 24" 0.0011 "-" 21 0
Jan 9 00:43:52 standalone object-server[129764]: 172.20.0.100 - - [09/Jan/2026:00:43:52 +0000] "PUT /d1/470/AUTH_a7fe78fff745465881bf8c2586285a06/gnocchi.541eb966-577f-413b-b2c7-9366d0906969/none_v3" 201 - "PUT http://172.18.0.2:8080/v1/AUTH_a7fe78fff745465881bf8c2586285a06/gnocchi.541eb966-577f-413b-b2c7-9366d0906969/none_v3" "txc0884f57d0444c6285b31-0069604f47" "proxy-server 20" 0.0107 "-" 24 0
Jan 9 00:43:52 standalone proxy-server[131758]: 172.18.0.2 172.18.0.100 09/Jan/2026/00/43/52 PUT /v1/AUTH_a7fe78fff745465881bf8c2586285a06/gnocchi.541eb966-577f-413b-b2c7-9366d0906969/none_v3 HTTP/1.0 201 - python-swiftclient-3.11.1 gAAAAABpYE22aU6Q... 22 - - txc0884f57d0444c6285b31-0069604f47 - 0.0170 - - 1767919431.991049528 1767919432.008059978 0
Jan 9 00:43:52 standalone container-server[129599]: 172.20.0.100 - - [09/Jan/2026:00:43:52 +0000] "HEAD /d1/150/AUTH_a7fe78fff745465881bf8c2586285a06/gnocchi.a9362e38-1dd9-4401-ab1c-7e79f4540eb8" 204 - "HEAD http://172.18.0.2:8080/v1/AUTH_a7fe78fff745465881bf8c2586285a06/gnocchi.a9362e38-1dd9-4401-ab1c-7e79f4540eb8?format=json&states=listing" "txa219122f264542a49513a-0069604f48" "proxy-server 20" 0.0022 "-" 18 0
Jan 9 00:43:52 standalone object-server[129764]: 172.20.0.100 - - [09/Jan/2026:00:43:52 +0000] "GET /d1/597/AUTH_a7fe78fff745465881bf8c2586285a06/gnocchi.a9362e38-1dd9-4401-ab1c-7e79f4540eb8/none_v3" 200 22 "GET http://172.18.0.2:8080/v1/AUTH_a7fe78fff745465881bf8c2586285a06/gnocchi.a9362e38-1dd9-4401-ab1c-7e79f4540eb8/none_v3" "txa219122f264542a49513a-0069604f48" "proxy-server 20" 0.0011 "-" 24 0
Jan 9 00:43:52 standalone proxy-server[131758]: 172.18.0.2 172.18.0.100 09/Jan/2026/00/43/52 GET /v1/AUTH_a7fe78fff745465881bf8c2586285a06/gnocchi.a9362e38-1dd9-4401-ab1c-7e79f4540eb8/none_v3 HTTP/1.0 200 - python-swiftclient-3.11.1 gAAAAABpYE22aU6Q... - 22 - txa219122f264542a49513a-0069604f48 - 0.0142 - - 1767919432.018407583 1767919432.032567501 0
Jan 9 00:43:52 standalone container-server[129611]: 172.20.0.100 - - [09/Jan/2026:00:43:52 +0000] "GET /d1/150/AUTH_a7fe78fff745465881bf8c2586285a06/gnocchi.a9362e38-1dd9-4401-ab1c-7e79f4540eb8" 200 357 "GET http://172.18.0.2:8080/v1/AUTH_a7fe78fff745465881bf8c2586285a06/gnocchi.a9362e38-1dd9-4401-ab1c-7e79f4540eb8?format=json&states=listing" "txc896eefb5509452da0ffd-0069604f48" "proxy-server 20" 0.0027 "-" 22 0
Jan 9 00:43:52 standalone proxy-server[131758]: 172.18.0.2 172.18.0.100 09/Jan/2026/00/43/52 GET /v1/AUTH_a7fe78fff745465881bf8c2586285a06/gnocchi.a9362e38-1dd9-4401-ab1c-7e79f4540eb8%3Fformat%3Djson%26states%3Dlisting HTTP/1.0 200 - python-swiftclient-3.11.1 gAAAAABpYE22aU6Q... - 357 - txc896eefb5509452da0ffd-0069604f48 - 0.0089 - - 1767919432.036759615 1767919432.045675516 0
Jan 9 00:43:52 standalone container-server[129599]: 172.20.0.100 - - [09/Jan/2026:00:43:52 +0000] "GET /d1/150/AUTH_a7fe78fff745465881bf8c2586285a06/gnocchi.a9362e38-1dd9-4401-ab1c-7e79f4540eb8" 200 2 "GET http://172.18.0.2:8080/v1/AUTH_a7fe78fff745465881bf8c2586285a06/gnocchi.a9362e38-1dd9-4401-ab1c-7e79f4540eb8?format=json&marker=none_v3&states=listing" "txd3ca9001edd14066b00b5-0069604f48" "proxy-server 20" 0.0019 "-" 18 0
Jan 9 00:43:52 standalone proxy-server[131758]: 172.18.0.2 172.18.0.100 09/Jan/2026/00/43/52 GET /v1/AUTH_a7fe78fff745465881bf8c2586285a06/gnocchi.a9362e38-1dd9-4401-ab1c-7e79f4540eb8%3Fformat%3Djson%26marker%3Dnone_v3%26states%3Dlisting HTTP/1.0 200 - python-swiftclient-3.11.1 gAAAAABpYE22aU6Q... - 2 - txd3ca9001edd14066b00b5-0069604f48 - 0.0064 - - 1767919432.048076630 1767919432.054451466 0
Jan 9 00:43:52 standalone object-server[129756]: 172.20.0.100 - - [09/Jan/2026:00:43:52 +0000] "GET /d1/672/AUTH_a7fe78fff745465881bf8c2586285a06/gnocchi.a9362e38-1dd9-4401-ab1c-7e79f4540eb8/1766880000.0_mean_300.0_v3" 200 16 "GET http://172.18.0.2:8080/v1/AUTH_a7fe78fff745465881bf8c2586285a06/gnocchi.a9362e38-1dd9-4401-ab1c-7e79f4540eb8/1766880000.0_mean_300.0_v3" "tx53a1f2b116be4109991b6-0069604f48" "proxy-server 20" 0.0008 "-" 19 0
Jan 9 00:43:52 standalone proxy-server[131758]: 172.18.0.2 172.18.0.100 09/Jan/2026/00/43/52 GET /v1/AUTH_a7fe78fff745465881bf8c2586285a06/gnocchi.a9362e38-1dd9-4401-ab1c-7e79f4540eb8/1766880000.0_mean_300.0_v3 HTTP/1.0 200 - python-swiftclient-3.11.1 gAAAAABpYE22aU6Q... - 16 - tx53a1f2b116be4109991b6-0069604f48 - 0.0099 - - 1767919432.057898045 1767919432.067806721 0
Jan 9 00:43:52 standalone object-server[129764]: 172.20.0.100 - - [09/Jan/2026:00:43:52 +0000] "GET /d1/822/AUTH_a7fe78fff745465881bf8c2586285a06/gnocchi.a9362e38-1dd9-4401-ab1c-7e79f4540eb8/1766880000.0_rate%3Amean_300.0_v3" 404 70 "GET http://172.18.0.2:8080/v1/AUTH_a7fe78fff745465881bf8c2586285a06/gnocchi.a9362e38-1dd9-4401-ab1c-7e79f4540eb8/1766880000.0_rate%3Amean_300.0_v3" "tx9defb49f2c394b2d9c7bb-0069604f48" "proxy-server 20" 0.0005 "-" 24 0
Jan 9 00:43:52 standalone proxy-server[131758]: 172.18.0.2 172.18.0.100 09/Jan/2026/00/43/52 GET /v1/AUTH_a7fe78fff745465881bf8c2586285a06/gnocchi.a9362e38-1dd9-4401-ab1c-7e79f4540eb8/1766880000.0_rate%253Amean_300.0_v3 HTTP/1.0 404 - python-swiftclient-3.11.1 gAAAAABpYE22aU6Q... - 70 - tx9defb49f2c394b2d9c7bb-0069604f48 - 0.0053 - - 1767919432.070000410 1767919432.075298548 0
Jan 9 00:43:52 standalone container-server[129611]: 172.20.0.100 - - [09/Jan/2026:00:43:52 +0000] "PUT /d1/150/AUTH_a7fe78fff745465881bf8c2586285a06/gnocchi.a9362e38-1dd9-4401-ab1c-7e79f4540eb8/1766880000.0_mean_300.0_v3" 201 - "PUT http://172.18.0.2:8080/d1/672/AUTH_a7fe78fff745465881bf8c2586285a06/gnocchi.a9362e38-1dd9-4401-ab1c-7e79f4540eb8/1766880000.0_mean_300.0_v3" "txfe91d6acd32845cdabba1-0069604f48" "object-server 20" 0.0006 "-" 22 0
Jan 9 00:43:52 standalone object-server[129757]: 172.20.0.100 - - [09/Jan/2026:00:43:52 +0000] "PUT /d1/672/AUTH_a7fe78fff745465881bf8c2586285a06/gnocchi.a9362e38-1dd9-4401-ab1c-7e79f4540eb8/1766880000.0_mean_300.0_v3" 201 - "PUT http://172.18.0.2:8080/v1/AUTH_a7fe78fff745465881bf8c2586285a06/gnocchi.a9362e38-1dd9-4401-ab1c-7e79f4540eb8/1766880000.0_mean_300.0_v3" "txfe91d6acd32845cdabba1-0069604f48" "proxy-server 20" 0.0106 "-" 20 0
Jan 9 00:43:52 standalone proxy-server[131758]: 172.18.0.2 172.18.0.100 09/Jan/2026/00/43/52 PUT /v1/AUTH_a7fe78fff745465881bf8c2586285a06/gnocchi.a9362e38-1dd9-4401-ab1c-7e79f4540eb8/1766880000.0_mean_300.0_v3 HTTP/1.0 201 - python-swiftclient-3.11.1 gAAAAABpYE22aU6Q... 18 - - txfe91d6acd32845cdabba1-0069604f48 - 0.0159 - - 1767919432.077808142 1767919432.093713522 0
Jan 9 00:43:52 standalone container-server[129611]: 172.20.0.100 - - [09/Jan/2026:00:43:52 +0000] "PUT /d1/150/AUTH_a7fe78fff745465881bf8c2586285a06/gnocchi.a9362e38-1dd9-4401-ab1c-7e79f4540eb8/1766880000.0_rate%3Amean_300.0_v3" 201 - "PUT http://172.18.0.2:8080/d1/822/AUTH_a7fe78fff745465881bf8c2586285a06/gnocchi.a9362e38-1dd9-4401-ab1c-7e79f4540eb8/1766880000.0_rate%3Amean_300.0_v3" "txf1a7bba3f8ea42c190ac9-0069604f48" "object-server 21" 0.0006 "-" 22 0
Jan 9 00:43:52 standalone object-server[129758]: 172.20.0.100 - - [09/Jan/2026:00:43:52 +0000] "PUT /d1/822/AUTH_a7fe78fff745465881bf8c2586285a06/gnocchi.a9362e38-1dd9-4401-ab1c-7e79f4540eb8/1766880000.0_rate%3Amean_300.0_v3" 201 - "PUT http://172.18.0.2:8080/v1/AUTH_a7fe78fff745465881bf8c2586285a06/gnocchi.a9362e38-1dd9-4401-ab1c-7e79f4540eb8/1766880000.0_rate%3Amean_300.0_v3" "txf1a7bba3f8ea42c190ac9-0069604f48" "proxy-server 20" 0.0094 "-" 21 0
Jan 9 00:43:52 standalone proxy-server[131758]: 172.18.0.2 172.18.0.100 09/Jan/2026/00/43/52 PUT /v1/AUTH_a7fe78fff745465881bf8c2586285a06/gnocchi.a9362e38-1dd9-4401-ab1c-7e79f4540eb8/1766880000.0_rate%253Amean_300.0_v3 HTTP/1.0 201 - python-swiftclient-3.11.1 gAAAAABpYE22aU6Q... 16 - - txf1a7bba3f8ea42c190ac9-0069604f48 - 0.0141 - - 1767919432.096201658 1767919432.110295296 0
Jan 9 00:43:52 standalone container-server[129597]: 172.20.0.100 - - [09/Jan/2026:00:43:52 +0000] "PUT /d1/150/AUTH_a7fe78fff745465881bf8c2586285a06/gnocchi.a9362e38-1dd9-4401-ab1c-7e79f4540eb8/none_v3" 201 - "PUT http://172.18.0.2:8080/d1/597/AUTH_a7fe78fff745465881bf8c2586285a06/gnocchi.a9362e38-1dd9-4401-ab1c-7e79f4540eb8/none_v3" "tx4a857c7782f74246b6d4e-0069604f48" "object-server 20" 0.0006 "-" 17 0
Jan 9 00:43:52 standalone object-server[129757]: 172.20.0.100 - - [09/Jan/2026:00:43:52 +0000] "PUT /d1/597/AUTH_a7fe78fff745465881bf8c2586285a06/gnocchi.a9362e38-1dd9-4401-ab1c-7e79f4540eb8/none_v3" 201 - "PUT http://172.18.0.2:8080/v1/AUTH_a7fe78fff745465881bf8c2586285a06/gnocchi.a9362e38-1dd9-4401-ab1c-7e79f4540eb8/none_v3" "tx4a857c7782f74246b6d4e-0069604f48" "proxy-server 20" 0.0128 "-" 20 0
Jan 9 00:43:52 standalone proxy-server[131758]: 172.18.0.2 172.18.0.100 09/Jan/2026/00/43/52 PUT /v1/AUTH_a7fe78fff745465881bf8c2586285a06/gnocchi.a9362e38-1dd9-4401-ab1c-7e79f4540eb8/none_v3 HTTP/1.0 201 - python-swiftclient-3.11.1 gAAAAABpYE22aU6Q... 27 - - tx4a857c7782f74246b6d4e-0069604f48 - 0.0180 - - 1767919432.113073826 1767919432.131083965 0
Jan 9 00:43:52 standalone container-server[129599]: 172.20.0.100 - - [09/Jan/2026:00:43:52 +0000] "HEAD /d1/253/AUTH_a7fe78fff745465881bf8c2586285a06/gnocchi.29f53ebf-a865-4b85-954a-c405d1b8636e" 204 - "HEAD http://172.18.0.2:8080/v1/AUTH_a7fe78fff745465881bf8c2586285a06/gnocchi.29f53ebf-a865-4b85-954a-c405d1b8636e?format=json&states=listing" "tx9f49c873107245cea10cc-0069604f48" "proxy-server 20" 0.0024 "-" 18 0
Jan 9 00:43:52 standalone object-server[129756]: 172.20.0.100 - - [09/Jan/2026:00:43:52 +0000] "GET /d1/569/AUTH_a7fe78fff745465881bf8c2586285a06/gnocchi.29f53ebf-a865-4b85-954a-c405d1b8636e/none_v3" 200 22 "GET http://172.18.0.2:8080/v1/AUTH_a7fe78fff745465881bf8c2586285a06/gnocchi.29f53ebf-a865-4b85-954a-c405d1b8636e/none_v3" "tx9f49c873107245cea10cc-0069604f48" "proxy-server 20" 0.0013 "-" 19 0
Jan 9 00:43:52 standalone proxy-server[131758]: 172.18.0.2 172.18.0.100 09/Jan/2026/00/43/52 GET /v1/AUTH_a7fe78fff745465881bf8c2586285a06/gnocchi.29f53ebf-a865-4b85-954a-c405d1b8636e/none_v3 HTTP/1.0 200 - python-swiftclient-3.11.1 gAAAAABpYE22aU6Q... - 22 - tx9f49c873107245cea10cc-0069604f48 - 0.0130 - - 1767919432.140142441 1767919432.153180361 0
Jan 9 00:43:52 standalone container-server[129597]: 172.20.0.100 - - [09/Jan/2026:00:43:52 +0000] "GET /d1/253/AUTH_a7fe78fff745465881bf8c2586285a06/gnocchi.29f53ebf-a865-4b85-954a-c405d1b8636e" 200 357 "GET http://172.18.0.2:8080/v1/AUTH_a7fe78fff745465881bf8c2586285a06/gnocchi.29f53ebf-a865-4b85-954a-c405d1b8636e?format=json&states=listing" "txda0edc6f938c444eac427-0069604f48" "proxy-server 20" 0.0027 "-" 17 0
Jan 9 00:43:52 standalone proxy-server[131758]: 172.18.0.2 172.18.0.100 09/Jan/2026/00/43/52 GET /v1/AUTH_a7fe78fff745465881bf8c2586285a06/gnocchi.29f53ebf-a865-4b85-954a-c405d1b8636e%3Fformat%3Djson%26states%3Dlisting HTTP/1.0 200 - python-swiftclient-3.11.1 gAAAAABpYE22aU6Q... - 357 - txda0edc6f938c444eac427-0069604f48 - 0.0080 - - 1767919432.156648397 1767919432.164621592 0
Jan 9 00:43:52 standalone container-server[129597]: 172.20.0.100 - - [09/Jan/2026:00:43:52 +0000] "GET /d1/253/AUTH_a7fe78fff745465881bf8c2586285a06/gnocchi.29f53ebf-a865-4b85-954a-c405d1b8636e" 200 2 "GET http://172.18.0.2:8080/v1/AUTH_a7fe78fff745465881bf8c2586285a06/gnocchi.29f53ebf-a865-4b85-954a-c405d1b8636e?format=json&marker=none_v3&states=listing" "tx7f11652d784e4e7e9700d-0069604f48" "proxy-server 20" 0.0027 "-" 17 0
Jan 9 00:43:52 standalone proxy-server[131758]: 172.18.0.2 172.18.0.100 09/Jan/2026/00/43/52 GET /v1/AUTH_a7fe78fff745465881bf8c2586285a06/gnocchi.29f53ebf-a865-4b85-954a-c405d1b8636e%3Fformat%3Djson%26marker%3Dnone_v3%26states%3Dlisting HTTP/1.0 200 - python-swiftclient-3.11.1 gAAAAABpYE22aU6Q... - 2 - tx7f11652d784e4e7e9700d-0069604f48 - 0.0073 - - 1767919432.167007685 1767919432.174298525 0
Jan 9 00:43:52 standalone object-server[129764]: 172.20.0.100 - - [09/Jan/2026:00:43:52 +0000] "GET /d1/127/AUTH_a7fe78fff745465881bf8c2586285a06/gnocchi.29f53ebf-a865-4b85-954a-c405d1b8636e/1766880000.0_mean_300.0_v3" 200 16 "GET http://172.18.0.2:8080/v1/AUTH_a7fe78fff745465881bf8c2586285a06/gnocchi.29f53ebf-a865-4b85-954a-c405d1b8636e/1766880000.0_mean_300.0_v3" "tx4e54e75432354feeb18bd-0069604f48" "proxy-server 20" 0.0013 "-" 24 0
Jan 9 00:43:52 standalone proxy-server[131758]: 172.18.0.2 172.18.0.100 09/Jan/2026/00/43/52 GET /v1/AUTH_a7fe78fff745465881bf8c2586285a06/gnocchi.29f53ebf-a865-4b85-954a-c405d1b8636e/1766880000.0_mean_300.0_v3 HTTP/1.0 200 - python-swiftclient-3.11.1 gAAAAABpYE22aU6Q... - 16 - tx4e54e75432354feeb18bd-0069604f48 - 0.0063 - - 1767919432.177946329 1767919432.184288502 0
Jan 9 00:43:52 standalone object-server[129756]: 172.20.0.100 - - [09/Jan/2026:00:43:52 +0000] "GET /d1/946/AUTH_a7fe78fff745465881bf8c2586285a06/gnocchi.29f53ebf-a865-4b85-954a-c405d1b8636e/1766880000.0_rate%3Amean_300.0_v3" 404 70 "GET http://172.18.0.2:8080/v1/AUTH_a7fe78fff745465881bf8c2586285a06/gnocchi.29f53ebf-a865-4b85-954a-c405d1b8636e/1766880000.0_rate%3Amean_300.0_v3" "tx479353c92b3c492bbb511-0069604f48" "proxy-server 20" 0.0004 "-" 19 0
Jan 9 00:43:52 standalone proxy-server[131758]: 172.18.0.2 172.18.0.100 09/Jan/2026/00/43/52 GET /v1/AUTH_a7fe78fff745465881bf8c2586285a06/gnocchi.29f53ebf-a865-4b85-954a-c405d1b8636e/1766880000.0_rate%253Amean_300.0_v3 HTTP/1.0 404 - python-swiftclient-3.11.1 gAAAAABpYE22aU6Q... - 70 - tx479353c92b3c492bbb511-0069604f48 - 0.0055 - - 1767919432.191042185 1767919432.196546793 0
Jan 9 00:43:52 standalone container-server[129597]: 172.20.0.100 - - [09/Jan/2026:00:43:52 +0000] "PUT /d1/253/AUTH_a7fe78fff745465881bf8c2586285a06/gnocchi.29f53ebf-a865-4b85-954a-c405d1b8636e/1766880000.0_mean_300.0_v3" 201 - "PUT http://172.18.0.2:8080/d1/127/AUTH_a7fe78fff745465881bf8c2586285a06/gnocchi.29f53ebf-a865-4b85-954a-c405d1b8636e/1766880000.0_mean_300.0_v3" "tx854ee986a6354b008fa62-0069604f48" "object-server 20" 0.0006 "-" 17 0
Jan 9 00:43:52 standalone object-server[129757]: 172.20.0.100 - - [09/Jan/2026:00:43:52 +0000] "PUT /d1/127/AUTH_a7fe78fff745465881bf8c2586285a06/gnocchi.29f53ebf-a865-4b85-954a-c405d1b8636e/1766880000.0_mean_300.0_v3" 201 - "PUT http://172.18.0.2:8080/v1/AUTH_a7fe78fff745465881bf8c2586285a06/gnocchi.29f53ebf-a865-4b85-954a-c405d1b8636e/1766880000.0_mean_300.0_v3" "tx854ee986a6354b008fa62-0069604f48" "proxy-server 20" 0.0111 "-" 20 0
Jan 9 00:43:52 standalone proxy-server[131758]: 172.18.0.2 172.18.0.100 09/Jan/2026/00/43/52 PUT /v1/AUTH_a7fe78fff745465881bf8c2586285a06/gnocchi.29f53ebf-a865-4b85-954a-c405d1b8636e/1766880000.0_mean_300.0_v3 HTTP/1.0 201 - python-swiftclient-3.11.1 gAAAAABpYE22aU6Q... 24 - - tx854ee986a6354b008fa62-0069604f48 - 0.0167 - - 1767919432.198742867 1767919432.215482473 0
Jan 9 00:43:52 standalone container-server[129597]: 172.20.0.100 - - [09/Jan/2026:00:43:52 +0000] "PUT /d1/253/AUTH_a7fe78fff745465881bf8c2586285a06/gnocchi.29f53ebf-a865-4b85-954a-c405d1b8636e/1766880000.0_rate%3Amean_300.0_v3" 201 - "PUT http://172.18.0.2:8080/d1/946/AUTH_a7fe78fff745465881bf8c2586285a06/gnocchi.29f53ebf-a865-4b85-954a-c405d1b8636e/1766880000.0_rate%3Amean_300.0_v3" "tx39699a04ae8a4a5081d88-0069604f48" "object-server 20" 0.0005 "-" 17 0
Jan 9 00:43:52 standalone object-server[129757]: 172.20.0.100 - - [09/Jan/2026:00:43:52 +0000] "PUT /d1/946/AUTH_a7fe78fff745465881bf8c2586285a06/gnocchi.29f53ebf-a865-4b85-954a-c405d1b8636e/1766880000.0_rate%3Amean_300.0_v3" 201 - "PUT http://172.18.0.2:8080/v1/AUTH_a7fe78fff745465881bf8c2586285a06/gnocchi.29f53ebf-a865-4b85-954a-c405d1b8636e/1766880000.0_rate%3Amean_300.0_v3" "tx39699a04ae8a4a5081d88-0069604f48" "proxy-server 20" 0.0083 "-" 20 0
Jan 9 00:43:52 standalone proxy-server[131758]: 172.18.0.2 172.18.0.100 09/Jan/2026/00/43/52 PUT /v1/AUTH_a7fe78fff745465881bf8c2586285a06/gnocchi.29f53ebf-a865-4b85-954a-c405d1b8636e/1766880000.0_rate%253Amean_300.0_v3 HTTP/1.0 201 - python-swiftclient-3.11.1 gAAAAABpYE22aU6Q... 16 - - tx39699a04ae8a4a5081d88-0069604f48 - 0.0135 - - 1767919432.218033075 1767919432.231531858 0
Jan 9 00:43:52 standalone container-server[129611]: 172.20.0.100 - - [09/Jan/2026:00:43:52 +0000] "PUT /d1/253/AUTH_a7fe78fff745465881bf8c2586285a06/gnocchi.29f53ebf-a865-4b85-954a-c405d1b8636e/none_v3" 201 - "PUT http://172.18.0.2:8080/d1/569/AUTH_a7fe78fff745465881bf8c2586285a06/gnocchi.29f53ebf-a865-4b85-954a-c405d1b8636e/none_v3" "txf604c8ad1cbc44d0b2e14-0069604f48" "object-server 21" 0.0005 "-" 22 0
Jan 9 00:43:52 standalone object-server[129758]: 172.20.0.100 - - [09/Jan/2026:00:43:52 +0000] "PUT /d1/569/AUTH_a7fe78fff745465881bf8c2586285a06/gnocchi.29f53ebf-a865-4b85-954a-c405d1b8636e/none_v3" 201 - "PUT http://172.18.0.2:8080/v1/AUTH_a7fe78fff745465881bf8c2586285a06/gnocchi.29f53ebf-a865-4b85-954a-c405d1b8636e/none_v3" "txf604c8ad1cbc44d0b2e14-0069604f48" "proxy-server 20" 0.0114 "-" 21 0
Jan 9 00:43:52 standalone proxy-server[131758]: 172.18.0.2 172.18.0.100 09/Jan/2026/00/43/52 PUT /v1/AUTH_a7fe78fff745465881bf8c2586285a06/gnocchi.29f53ebf-a865-4b85-954a-c405d1b8636e/none_v3 HTTP/1.0 201 - python-swiftclient-3.11.1 gAAAAABpYE22aU6Q... 33 - - txf604c8ad1cbc44d0b2e14-0069604f48 - 0.0175 - - 1767919432.235076189 1767919432.252555370 0
Jan 9 00:43:52 standalone container-server[129605]: 172.20.0.100 - - [09/Jan/2026:00:43:52 +0000] "HEAD /d1/178/AUTH_a7fe78fff745465881bf8c2586285a06/gnocchi.3affdd48-bddc-4995-9d52-69fbfdabfaa0" 404 - "HEAD http://172.18.0.2:8080/v1/AUTH_a7fe78fff745465881bf8c2586285a06/gnocchi.3affdd48-bddc-4995-9d52-69fbfdabfaa0?format=json&states=listing" "tx03a64225b9d44f41abfb9-0069604f48" "proxy-server 20" 0.0003 "-" 21 0
Jan 9 00:43:52 standalone object-server[129758]: 172.20.0.100 - - [09/Jan/2026:00:43:52 +0000] "GET /d1/193/AUTH_a7fe78fff745465881bf8c2586285a06/gnocchi.3affdd48-bddc-4995-9d52-69fbfdabfaa0/none_v3" 404 70 "GET http://172.18.0.2:8080/v1/AUTH_a7fe78fff745465881bf8c2586285a06/gnocchi.3affdd48-bddc-4995-9d52-69fbfdabfaa0/none_v3" "tx03a64225b9d44f41abfb9-0069604f48" "proxy-server 20" 0.0004 "-" 21 0
Jan 9 00:43:52 standalone proxy-server[131758]: 172.18.0.2 172.18.0.100 09/Jan/2026/00/43/52 GET /v1/AUTH_a7fe78fff745465881bf8c2586285a06/gnocchi.3affdd48-bddc-4995-9d52-69fbfdabfaa0/none_v3 HTTP/1.0 404 - python-swiftclient-3.11.1 gAAAAABpYE22aU6Q... - 70 - tx03a64225b9d44f41abfb9-0069604f48 - 0.0104 - - 1767919432.261387825 1767919432.271799803 0
Jan 9 00:43:52 standalone account-server[129548]: 172.20.0.100 - - [09/Jan/2026:00:43:52 +0000] "PUT /d1/366/AUTH_a7fe78fff745465881bf8c2586285a06/gnocchi.3affdd48-bddc-4995-9d52-69fbfdabfaa0" 201 - "PUT http://172.20.0.100:6001/d1/178/AUTH_a7fe78fff745465881bf8c2586285a06/gnocchi.3affdd48-bddc-4995-9d52-69fbfdabfaa0" "tx40b0cbc87a7641d39d2d5-0069604f48" "container-server 17" 0.0060 "-" 20 0
Jan 9 00:43:52 standalone container-server[129597]: 172.20.0.100 - - [09/Jan/2026:00:43:52 +0000] "PUT /d1/178/AUTH_a7fe78fff745465881bf8c2586285a06/gnocchi.3affdd48-bddc-4995-9d52-69fbfdabfaa0" 201 - "PUT http://172.18.0.2:8080/v1/AUTH_a7fe78fff745465881bf8c2586285a06/gnocchi.3affdd48-bddc-4995-9d52-69fbfdabfaa0" "tx40b0cbc87a7641d39d2d5-0069604f48" "proxy-server 20" 0.0182 "-" 17 0
Jan 9 00:43:52 standalone proxy-server[131758]: 172.18.0.2 172.18.0.100 09/Jan/2026/00/43/52 PUT /v1/AUTH_a7fe78fff745465881bf8c2586285a06/gnocchi.3affdd48-bddc-4995-9d52-69fbfdabfaa0 HTTP/1.0 201 - python-swiftclient-3.11.1 gAAAAABpYE22aU6Q... - - - tx40b0cbc87a7641d39d2d5-0069604f48 - 0.0230 - - 1767919432.274139881 1767919432.297154665 0
Jan 9 00:43:52 standalone container-server[129611]: 172.20.0.100 - - [09/Jan/2026:00:43:52 +0000] "HEAD /d1/178/AUTH_a7fe78fff745465881bf8c2586285a06/gnocchi.3affdd48-bddc-4995-9d52-69fbfdabfaa0" 204 - "HEAD http://172.18.0.2:8080/v1/AUTH_a7fe78fff745465881bf8c2586285a06/gnocchi.3affdd48-bddc-4995-9d52-69fbfdabfaa0?format=json&states=listing" "txd0cfb90400cf4e17b72b4-0069604f48" "proxy-server 20" 0.0024 "-" 22 0
Jan 9 00:43:52 standalone proxy-server[131758]: - - 09/Jan/2026/00/43/52 HEAD /v1/AUTH_a7fe78fff745465881bf8c2586285a06/gnocchi.3affdd48-bddc-4995-9d52-69fbfdabfaa0%3Fformat%3Djson%26states%3Dlisting HTTP/1.0 204 - Swift - - - - txd0cfb90400cf4e17b72b4-0069604f48 - 0.0070 RL - 1767919432.304405212 1767919432.311387062 0
Jan 9 00:43:52 standalone container-server[129599]: 172.20.0.100 - - [09/Jan/2026:00:43:52 +0000] "GET /d1/178/AUTH_a7fe78fff745465881bf8c2586285a06/gnocchi.3affdd48-bddc-4995-9d52-69fbfdabfaa0" 200 2 "GET http://172.18.0.2:8080/v1/AUTH_a7fe78fff745465881bf8c2586285a06/gnocchi.3affdd48-bddc-4995-9d52-69fbfdabfaa0?format=json&states=listing" "txd0cfb90400cf4e17b72b4-0069604f48" "proxy-server 20" 0.0026 "-" 18 0
Jan 9 00:43:52 standalone proxy-server[131758]: 172.18.0.2 172.18.0.100 09/Jan/2026/00/43/52 GET /v1/AUTH_a7fe78fff745465881bf8c2586285a06/gnocchi.3affdd48-bddc-4995-9d52-69fbfdabfaa0%3Fformat%3Djson%26states%3Dlisting HTTP/1.0 200 - python-swiftclient-3.11.1 gAAAAABpYE22aU6Q... - 2 - txd0cfb90400cf4e17b72b4-0069604f48 - 0.0178 - - 1767919432.302937269 1767919432.320769548 0
Jan 9 00:43:52 standalone object-server[129757]: 172.20.0.100 - - [09/Jan/2026:00:43:52 +0000] "GET /d1/918/AUTH_a7fe78fff745465881bf8c2586285a06/gnocchi.3affdd48-bddc-4995-9d52-69fbfdabfaa0/1766880000.0_mean_300.0_v3" 404 70 "GET http://172.18.0.2:8080/v1/AUTH_a7fe78fff745465881bf8c2586285a06/gnocchi.3affdd48-bddc-4995-9d52-69fbfdabfaa0/1766880000.0_mean_300.0_v3" "txfaa308e6348e4b0183dfd-0069604f48" "proxy-server 20" 0.0006 "-" 20 0
Jan 9 00:43:52 standalone proxy-server[131758]: 172.18.0.2 172.18.0.100 09/Jan/2026/00/43/52 GET /v1/AUTH_a7fe78fff745465881bf8c2586285a06/gnocchi.3affdd48-bddc-4995-9d52-69fbfdabfaa0/1766880000.0_mean_300.0_v3 HTTP/1.0 404 - python-swiftclient-3.11.1 gAAAAABpYE22aU6Q... - 70 - txfaa308e6348e4b0183dfd-0069604f48 - 0.0075 - - 1767919432.324939966 1767919432.332445145 0
Jan 9 00:43:52 standalone container-server[129599]: 172.20.0.100 - - [09/Jan/2026:00:43:52 +0000] "PUT /d1/178/AUTH_a7fe78fff745465881bf8c2586285a06/gnocchi.3affdd48-bddc-4995-9d52-69fbfdabfaa0/1766880000.0_mean_300.0_v3" 201 - "PUT http://172.18.0.2:8080/d1/918/AUTH_a7fe78fff745465881bf8c2586285a06/gnocchi.3affdd48-bddc-4995-9d52-69fbfdabfaa0/1766880000.0_mean_300.0_v3" "tx03582ad7b9f34ae3ae230-0069604f48" "object-server 21" 0.0007 "-" 18 0
Jan 9 00:43:52 standalone object-server[129758]: 172.20.0.100 - - [09/Jan/2026:00:43:52 +0000] "PUT /d1/918/AUTH_a7fe78fff745465881bf8c2586285a06/gnocchi.3affdd48-bddc-4995-9d52-69fbfdabfaa0/1766880000.0_mean_300.0_v3" 201 - "PUT http://172.18.0.2:8080/v1/AUTH_a7fe78fff745465881bf8c2586285a06/gnocchi.3affdd48-bddc-4995-9d52-69fbfdabfaa0/1766880000.0_mean_300.0_v3" "tx03582ad7b9f34ae3ae230-0069604f48" "proxy-server 20" 0.0144 "-" 21 0
Jan 9 00:43:52 standalone proxy-server[131758]: 172.18.0.2 172.18.0.100 09/Jan/2026/00/43/52 PUT /v1/AUTH_a7fe78fff745465881bf8c2586285a06/gnocchi.3affdd48-bddc-4995-9d52-69fbfdabfaa0/1766880000.0_mean_300.0_v3 HTTP/1.0 201 - python-swiftclient-3.11.1 gAAAAABpYE22aU6Q... 16 - - tx03582ad7b9f34ae3ae230-0069604f48 - 0.0219 - - 1767919432.335537672 1767919432.357438564 0
Jan 9 00:43:52 standalone container-server[129605]: 172.20.0.100 - - [09/Jan/2026:00:43:52 +0000] "PUT /d1/178/AUTH_a7fe78fff745465881bf8c2586285a06/gnocchi.3affdd48-bddc-4995-9d52-69fbfdabfaa0/none_v3" 201 - "PUT http://172.18.0.2:8080/d1/193/AUTH_a7fe78fff745465881bf8c2586285a06/gnocchi.3affdd48-bddc-4995-9d52-69fbfdabfaa0/none_v3" "txbbb7b50af11d49fc844ac-0069604f48" "object-server 21" 0.0005 "-" 21 0
Jan 9 00:43:52 standalone object-server[129758]: 172.20.0.100 - - [09/Jan/2026:00:43:52 +0000] "PUT /d1/193/AUTH_a7fe78fff745465881bf8c2586285a06/gnocchi.3affdd48-bddc-4995-9d52-69fbfdabfaa0/none_v3" 201 - "PUT http://172.18.0.2:8080/v1/AUTH_a7fe78fff745465881bf8c2586285a06/gnocchi.3affdd48-bddc-4995-9d52-69fbfdabfaa0/none_v3" "txbbb7b50af11d49fc844ac-0069604f48" "proxy-server 20" 0.0098 "-" 21 0
Jan 9 00:43:52 standalone proxy-server[131758]: 172.18.0.2 172.18.0.100 09/Jan/2026/00/43/52 PUT /v1/AUTH_a7fe78fff745465881bf8c2586285a06/gnocchi.3affdd48-bddc-4995-9d52-69fbfdabfaa0/none_v3 HTTP/1.0 201 - python-swiftclient-3.11.1 gAAAAABpYE22aU6Q... 22 - - txbbb7b50af11d49fc844ac-0069604f48 - 0.0169 - - 1767919432.360658169 1767919432.377571344 0
Jan 9 00:43:52 standalone container-server[129599]: 172.20.0.100 - - [09/Jan/2026:00:43:52 +0000] "HEAD /d1/102/AUTH_a7fe78fff745465881bf8c2586285a06/gnocchi.85c0ac59-ab07-4019-9bb9-9324a0538430" 404 - "HEAD http://172.18.0.2:8080/v1/AUTH_a7fe78fff745465881bf8c2586285a06/gnocchi.85c0ac59-ab07-4019-9bb9-9324a0538430?format=json&states=listing" "tx0e1a5da7c4e14e11b2b5f-0069604f48" "proxy-server 20" 0.0004 "-" 18 0
Jan 9 00:43:52 standalone object-server[129756]: 172.20.0.100 - - [09/Jan/2026:00:43:52 +0000] "GET /d1/212/AUTH_a7fe78fff745465881bf8c2586285a06/gnocchi.85c0ac59-ab07-4019-9bb9-9324a0538430/none_v3" 404 70 "GET http://172.18.0.2:8080/v1/AUTH_a7fe78fff745465881bf8c2586285a06/gnocchi.85c0ac59-ab07-4019-9bb9-9324a0538430/none_v3" "tx0e1a5da7c4e14e11b2b5f-0069604f48" "proxy-server 20" 0.0003 "-" 19 0
Jan 9 00:43:52 standalone proxy-server[131758]: 172.18.0.2 172.18.0.100 09/Jan/2026/00/43/52 GET /v1/AUTH_a7fe78fff745465881bf8c2586285a06/gnocchi.85c0ac59-ab07-4019-9bb9-9324a0538430/none_v3 HTTP/1.0 404 - python-swiftclient-3.11.1 gAAAAABpYE22aU6Q... - 70 - tx0e1a5da7c4e14e11b2b5f-0069604f48 - 0.0087 - - 1767919432.385958433 1767919432.394644022 0
Jan 9 00:43:52 standalone account-server[129564]: 172.20.0.100 - - [09/Jan/2026:00:43:52 +0000] "PUT /d1/366/AUTH_a7fe78fff745465881bf8c2586285a06/gnocchi.85c0ac59-ab07-4019-9bb9-9324a0538430" 201 - "PUT http://172.20.0.100:6001/d1/102/AUTH_a7fe78fff745465881bf8c2586285a06/gnocchi.85c0ac59-ab07-4019-9bb9-9324a0538430" "txff267b3a9a0b4768b151e-0069604f48" "container-server 22" 0.0044 "-" 22 0
Jan 9 00:43:52 standalone container-server[129611]: 172.20.0.100 - - [09/Jan/2026:00:43:52 +0000] "PUT /d1/102/AUTH_a7fe78fff745465881bf8c2586285a06/gnocchi.85c0ac59-ab07-4019-9bb9-9324a0538430" 201 - "PUT http://172.18.0.2:8080/v1/AUTH_a7fe78fff745465881bf8c2586285a06/gnocchi.85c0ac59-ab07-4019-9bb9-9324a0538430" "txff267b3a9a0b4768b151e-0069604f48" "proxy-server 20" 0.0191 "-" 22 0
Jan 9 00:43:52 standalone proxy-server[131758]: 172.18.0.2 172.18.0.100 09/Jan/2026/00/43/52 PUT /v1/AUTH_a7fe78fff745465881bf8c2586285a06/gnocchi.85c0ac59-ab07-4019-9bb9-9324a0538430 HTTP/1.0 201 - python-swiftclient-3.11.1 gAAAAABpYE22aU6Q... - - - txff267b3a9a0b4768b151e-0069604f48 - 0.0270 - - 1767919432.397065639 1767919432.424067736 0
Jan 9 00:43:52 standalone container-server[129611]: 172.20.0.100 - - [09/Jan/2026:00:43:52 +0000] "HEAD /d1/102/AUTH_a7fe78fff745465881bf8c2586285a06/gnocchi.85c0ac59-ab07-4019-9bb9-9324a0538430" 204 - "HEAD http://172.18.0.2:8080/v1/AUTH_a7fe78fff745465881bf8c2586285a06/gnocchi.85c0ac59-ab07-4019-9bb9-9324a0538430?format=json&states=listing" "tx7c030827ddc24f39bb89b-0069604f48" "proxy-server 20" 0.0020 "-" 22 0
Jan 9 00:43:52 standalone proxy-server[131758]: - - 09/Jan/2026/00/43/52 HEAD /v1/AUTH_a7fe78fff745465881bf8c2586285a06/gnocchi.85c0ac59-ab07-4019-9bb9-9324a0538430%3Fformat%3Djson%26states%3Dlisting HTTP/1.0 204 - Swift - - - - tx7c030827ddc24f39bb89b-0069604f48 - 0.0075 RL - 1767919432.430757046 1767919432.438209534 0
Jan 9 00:43:52 standalone container-server[129605]: 172.20.0.100 - - [09/Jan/2026:00:43:52 +0000] "GET /d1/102/AUTH_a7fe78fff745465881bf8c2586285a06/gnocchi.85c0ac59-ab07-4019-9bb9-9324a0538430" 200 2 "GET http://172.18.0.2:8080/v1/AUTH_a7fe78fff745465881bf8c2586285a06/gnocchi.85c0ac59-ab07-4019-9bb9-9324a0538430?format=json&states=listing" "tx7c030827ddc24f39bb89b-0069604f48" "proxy-server 20" 0.0025 "-" 21 0
Jan 9 00:43:52 standalone proxy-server[131758]: 172.18.0.2 172.18.0.100 09/Jan/2026/00/43/52 GET /v1/AUTH_a7fe78fff745465881bf8c2586285a06/gnocchi.85c0ac59-ab07-4019-9bb9-9324a0538430%3Fformat%3Djson%26states%3Dlisting HTTP/1.0 200 - python-swiftclient-3.11.1 gAAAAABpYE22aU6Q... - 2 - tx7c030827ddc24f39bb89b-0069604f48 - 0.0204 - - 1767919432.428925753 1767919432.449336767 0
Jan 9 00:43:52 standalone object-server[129756]: 172.20.0.100 - - [09/Jan/2026:00:43:52 +0000] "GET /d1/110/AUTH_a7fe78fff745465881bf8c2586285a06/gnocchi.85c0ac59-ab07-4019-9bb9-9324a0538430/1766880000.0_mean_300.0_v3" 404 70 "GET http://172.18.0.2:8080/v1/AUTH_a7fe78fff745465881bf8c2586285a06/gnocchi.85c0ac59-ab07-4019-9bb9-9324a0538430/1766880000.0_mean_300.0_v3" "txd6bd1cc220ae4f6198717-0069604f48" "proxy-server 20" 0.0004 "-" 19 0
Jan 9 00:43:52 standalone proxy-server[131758]: 172.18.0.2 172.18.0.100 09/Jan/2026/00/43/52 GET /v1/AUTH_a7fe78fff745465881bf8c2586285a06/gnocchi.85c0ac59-ab07-4019-9bb9-9324a0538430/1766880000.0_mean_300.0_v3 HTTP/1.0 404 - python-swiftclient-3.11.1 gAAAAABpYE22aU6Q... - 70 - txd6bd1cc220ae4f6198717-0069604f48 - 0.0071 - - 1767919432.452737331 1767919432.459832668 0
Jan 9 00:43:52 standalone container-server[129605]: 172.20.0.100 - - [09/Jan/2026:00:43:52 +0000] "PUT /d1/102/AUTH_a7fe78fff745465881bf8c2586285a06/gnocchi.85c0ac59-ab07-4019-9bb9-9324a0538430/1766880000.0_mean_300.0_v3" 201 - "PUT http://172.18.0.2:8080/d1/110/AUTH_a7fe78fff745465881bf8c2586285a06/gnocchi.85c0ac59-ab07-4019-9bb9-9324a0538430/1766880000.0_mean_300.0_v3" "tx6e5b5c261c154cea96e40-0069604f48" "object-server 19" 0.0008 "-" 21 0
Jan 9 00:43:52 standalone object-server[129756]: 172.20.0.100 - - [09/Jan/2026:00:43:52 +0000] "PUT /d1/110/AUTH_a7fe78fff745465881bf8c2586285a06/gnocchi.85c0ac59-ab07-4019-9bb9-9324a0538430/1766880000.0_mean_300.0_v3" 201 - "PUT http://172.18.0.2:8080/v1/AUTH_a7fe78fff745465881bf8c2586285a06/gnocchi.85c0ac59-ab07-4019-9bb9-9324a0538430/1766880000.0_mean_300.0_v3" "tx6e5b5c261c154cea96e40-0069604f48" "proxy-server 20" 0.0102 "-" 19 0
Jan 9 00:43:52 standalone proxy-server[131758]: 172.18.0.2 172.18.0.100 09/Jan/2026/00/43/52 PUT /v1/AUTH_a7fe78fff745465881bf8c2586285a06/gnocchi.85c0ac59-ab07-4019-9bb9-9324a0538430/1766880000.0_mean_300.0_v3 HTTP/1.0 201 - python-swiftclient-3.11.1 gAAAAABpYE22aU6Q... 16 - - tx6e5b5c261c154cea96e40-0069604f48 - 0.0175 - - 1767919432.462577581 1767919432.480116129 0
Jan 9 00:43:52 standalone container-server[129611]: 172.20.0.100 - - [09/Jan/2026:00:43:52 +0000] "PUT /d1/102/AUTH_a7fe78fff745465881bf8c2586285a06/gnocchi.85c0ac59-ab07-4019-9bb9-9324a0538430/none_v3" 201 - "PUT http://172.18.0.2:8080/d1/212/AUTH_a7fe78fff745465881bf8c2586285a06/gnocchi.85c0ac59-ab07-4019-9bb9-9324a0538430/none_v3" "tx98a4ac24daed42f697203-0069604f48" "object-server 20" 0.0012 "-" 22 0
Jan 9 00:43:52 standalone object-server[129757]: 172.20.0.100 - - [09/Jan/2026:00:43:52 +0000] "PUT /d1/212/AUTH_a7fe78fff745465881bf8c2586285a06/gnocchi.85c0ac59-ab07-4019-9bb9-9324a0538430/none_v3" 201 - "PUT http://172.18.0.2:8080/v1/AUTH_a7fe78fff745465881bf8c2586285a06/gnocchi.85c0ac59-ab07-4019-9bb9-9324a0538430/none_v3" "tx98a4ac24daed42f697203-0069604f48" "proxy-server 20" 0.0126 "-" 20 0
Jan 9 00:43:52 standalone proxy-server[131758]: 172.18.0.2 172.18.0.100 09/Jan/2026/00/43/52 PUT /v1/AUTH_a7fe78fff745465881bf8c2586285a06/gnocchi.85c0ac59-ab07-4019-9bb9-9324a0538430/none_v3 HTTP/1.0 201 - python-swiftclient-3.11.1 gAAAAABpYE22aU6Q... 22 - - tx98a4ac24daed42f697203-0069604f48 - 0.0205 - - 1767919432.482637644 1767919432.503169060 0
Jan 9 00:43:52 standalone container-server[129611]: 172.20.0.100 - - [09/Jan/2026:00:43:52 +0000] "HEAD /d1/1009/AUTH_a7fe78fff745465881bf8c2586285a06/gnocchi.0dbab025-9a03-44fc-a550-bc501251243a" 404 - "HEAD http://172.18.0.2:8080/v1/AUTH_a7fe78fff745465881bf8c2586285a06/gnocchi.0dbab025-9a03-44fc-a550-bc501251243a?format=json&states=listing" "txeaffc64edd5e4531a8db5-0069604f48" "proxy-server 20" 0.0008 "-" 22 0
Jan 9 00:43:52 standalone object-server[129764]: 172.20.0.100 - - [09/Jan/2026:00:43:52 +0000] "GET /d1/423/AUTH_a7fe78fff745465881bf8c2586285a06/gnocchi.0dbab025-9a03-44fc-a550-bc501251243a/none_v3" 404 70 "GET http://172.18.0.2:8080/v1/AUTH_a7fe78fff745465881bf8c2586285a06/gnocchi.0dbab025-9a03-44fc-a550-bc501251243a/none_v3" "txeaffc64edd5e4531a8db5-0069604f48" "proxy-server 20" 0.0004 "-" 24 0
Jan 9 00:43:52 standalone proxy-server[131758]: 172.18.0.2 172.18.0.100 09/Jan/2026/00/43/52 GET /v1/AUTH_a7fe78fff745465881bf8c2586285a06/gnocchi.0dbab025-9a03-44fc-a550-bc501251243a/none_v3 HTTP/1.0 404 - python-swiftclient-3.11.1 gAAAAABpYE22aU6Q... - 70 - txeaffc64edd5e4531a8db5-0069604f48 - 0.0128 - - 1767919432.511653662 1767919432.524407625 0
