Jan 9 00:43:52 standalone account-server[129564]: 172.20.0.100 - - [09/Jan/2026:00:43:52 +0000] "PUT /d1/366/AUTH_a7fe78fff745465881bf8c2586285a06/gnocchi.0dbab025-9a03-44fc-a550-bc501251243a" 201 - "PUT http://172.20.0.100:6001/d1/1009/AUTH_a7fe78fff745465881bf8c2586285a06/gnocchi.0dbab025-9a03-44fc-a550-bc501251243a" "tx45655a9fe4bf41f1bb2a3-0069604f48" "container-server 21" 0.0044 "-" 22 0
Jan 9 00:43:52 standalone container-server[129605]: 172.20.0.100 - - [09/Jan/2026:00:43:52 +0000] "PUT /d1/1009/AUTH_a7fe78fff745465881bf8c2586285a06/gnocchi.0dbab025-9a03-44fc-a550-bc501251243a" 201 - "PUT http://172.18.0.2:8080/v1/AUTH_a7fe78fff745465881bf8c2586285a06/gnocchi.0dbab025-9a03-44fc-a550-bc501251243a" "tx45655a9fe4bf41f1bb2a3-0069604f48" "proxy-server 20" 0.0152 "-" 21 0
Jan 9 00:43:52 standalone proxy-server[131758]: 172.18.0.2 172.18.0.100 09/Jan/2026/00/43/52 PUT /v1/AUTH_a7fe78fff745465881bf8c2586285a06/gnocchi.0dbab025-9a03-44fc-a550-bc501251243a HTTP/1.0 201 - python-swiftclient-3.11.1 gAAAAABpYE22aU6Q... - - - tx45655a9fe4bf41f1bb2a3-0069604f48 - 0.0218 - - 1767919432.528616428 1767919432.550428867 0
Jan 9 00:43:52 standalone container-server[129597]: 172.20.0.100 - - [09/Jan/2026:00:43:52 +0000] "HEAD /d1/991/AUTH_a7fe78fff745465881bf8c2586285a06/gnocchi.cbbe86a3-e216-435f-a1a4-8d5c35a4f13a" 404 - "HEAD http://172.18.0.2:8080/v1/AUTH_a7fe78fff745465881bf8c2586285a06/gnocchi.cbbe86a3-e216-435f-a1a4-8d5c35a4f13a?format=json&states=listing" "tx15f11cc92a7f45f8bb1be-0069604f48" "proxy-server 20" 0.0007 "-" 17 0
Jan 9 00:43:52 standalone object-server[129757]: 172.20.0.100 - - [09/Jan/2026:00:43:52 +0000] "GET /d1/128/AUTH_a7fe78fff745465881bf8c2586285a06/gnocchi.cbbe86a3-e216-435f-a1a4-8d5c35a4f13a/none_v3" 404 70 "GET http://172.18.0.2:8080/v1/AUTH_a7fe78fff745465881bf8c2586285a06/gnocchi.cbbe86a3-e216-435f-a1a4-8d5c35a4f13a/none_v3" "tx15f11cc92a7f45f8bb1be-0069604f48" "proxy-server 20" 0.0004 "-" 20 0
Jan 9 00:43:52 standalone proxy-server[131758]: 172.18.0.2 172.18.0.100 09/Jan/2026/00/43/52 GET /v1/AUTH_a7fe78fff745465881bf8c2586285a06/gnocchi.cbbe86a3-e216-435f-a1a4-8d5c35a4f13a/none_v3 HTTP/1.0 404 - python-swiftclient-3.11.1 gAAAAABpYE22aU6Q... - 70 - tx15f11cc92a7f45f8bb1be-0069604f48 - 0.0188 - - 1767919432.556261301 1767919432.575071335 0
Jan 9 00:43:52 standalone account-server[129564]: 172.20.0.100 - - [09/Jan/2026:00:43:52 +0000] "PUT /d1/366/AUTH_a7fe78fff745465881bf8c2586285a06/gnocchi.cbbe86a3-e216-435f-a1a4-8d5c35a4f13a" 201 - "PUT http://172.20.0.100:6001/d1/991/AUTH_a7fe78fff745465881bf8c2586285a06/gnocchi.cbbe86a3-e216-435f-a1a4-8d5c35a4f13a" "txe6e8b1470b0348cea2cad-0069604f48" "container-server 18" 0.0058 "-" 22 0
Jan 9 00:43:52 standalone container-server[129599]: 172.20.0.100 - - [09/Jan/2026:00:43:52 +0000] "PUT /d1/991/AUTH_a7fe78fff745465881bf8c2586285a06/gnocchi.cbbe86a3-e216-435f-a1a4-8d5c35a4f13a" 201 - "PUT http://172.18.0.2:8080/v1/AUTH_a7fe78fff745465881bf8c2586285a06/gnocchi.cbbe86a3-e216-435f-a1a4-8d5c35a4f13a" "txe6e8b1470b0348cea2cad-0069604f48" "proxy-server 20" 0.0173 "-" 18 0
Jan 9 00:43:52 standalone proxy-server[131758]: 172.18.0.2 172.18.0.100 09/Jan/2026/00/43/52 PUT /v1/AUTH_a7fe78fff745465881bf8c2586285a06/gnocchi.cbbe86a3-e216-435f-a1a4-8d5c35a4f13a HTTP/1.0 201 - python-swiftclient-3.11.1 gAAAAABpYE22aU6Q... - - - txe6e8b1470b0348cea2cad-0069604f48 - 0.0242 - - 1767919432.580704927 1767919432.604864597 0
Jan 9 00:43:52 standalone container-server[129605]: 172.20.0.100 - - [09/Jan/2026:00:43:52 +0000] "HEAD /d1/1009/AUTH_a7fe78fff745465881bf8c2586285a06/gnocchi.0dbab025-9a03-44fc-a550-bc501251243a" 204 - "HEAD http://172.18.0.2:8080/v1/AUTH_a7fe78fff745465881bf8c2586285a06/gnocchi.0dbab025-9a03-44fc-a550-bc501251243a?format=json&states=listing" "tx3ebf20bd1aa24ca5be91f-0069604f48" "proxy-server 20" 0.0015 "-" 21 0
Jan 9 00:43:52 standalone proxy-server[131758]: - - 09/Jan/2026/00/43/52 HEAD /v1/AUTH_a7fe78fff745465881bf8c2586285a06/gnocchi.0dbab025-9a03-44fc-a550-bc501251243a%3Fformat%3Djson%26states%3Dlisting HTTP/1.0 204 - Swift - - - - tx3ebf20bd1aa24ca5be91f-0069604f48 - 0.0063 RL - 1767919432.610654831 1767919432.616947651 0
Jan 9 00:43:52 standalone container-server[129605]: 172.20.0.100 - - [09/Jan/2026:00:43:52 +0000] "GET /d1/1009/AUTH_a7fe78fff745465881bf8c2586285a06/gnocchi.0dbab025-9a03-44fc-a550-bc501251243a" 200 2 "GET http://172.18.0.2:8080/v1/AUTH_a7fe78fff745465881bf8c2586285a06/gnocchi.0dbab025-9a03-44fc-a550-bc501251243a?format=json&states=listing" "tx3ebf20bd1aa24ca5be91f-0069604f48" "proxy-server 20" 0.0032 "-" 21 0
Jan 9 00:43:52 standalone proxy-server[131758]: 172.18.0.2 172.18.0.100 09/Jan/2026/00/43/52 GET /v1/AUTH_a7fe78fff745465881bf8c2586285a06/gnocchi.0dbab025-9a03-44fc-a550-bc501251243a%3Fformat%3Djson%26states%3Dlisting HTTP/1.0 200 - python-swiftclient-3.11.1 gAAAAABpYE22aU6Q... - 2 - tx3ebf20bd1aa24ca5be91f-0069604f48 - 0.0195 - - 1767919432.609061003 1767919432.628572941 0
Jan 9 00:43:52 standalone container-server[129611]: 172.20.0.100 - - [09/Jan/2026:00:43:52 +0000] "HEAD /d1/991/AUTH_a7fe78fff745465881bf8c2586285a06/gnocchi.cbbe86a3-e216-435f-a1a4-8d5c35a4f13a" 204 - "HEAD http://172.18.0.2:8080/v1/AUTH_a7fe78fff745465881bf8c2586285a06/gnocchi.cbbe86a3-e216-435f-a1a4-8d5c35a4f13a?format=json&states=listing" "txa89984321a5748a185101-0069604f48" "proxy-server 20" 0.0024 "-" 22 0
Jan 9 00:43:52 standalone proxy-server[131758]: - - 09/Jan/2026/00/43/52 HEAD /v1/AUTH_a7fe78fff745465881bf8c2586285a06/gnocchi.cbbe86a3-e216-435f-a1a4-8d5c35a4f13a%3Fformat%3Djson%26states%3Dlisting HTTP/1.0 204 - Swift - - - - txa89984321a5748a185101-0069604f48 - 0.0071 RL - 1767919432.636402369 1767919432.643488407 0
Jan 9 00:43:52 standalone container-server[129605]: 172.20.0.100 - - [09/Jan/2026:00:43:52 +0000] "GET /d1/991/AUTH_a7fe78fff745465881bf8c2586285a06/gnocchi.cbbe86a3-e216-435f-a1a4-8d5c35a4f13a" 200 2 "GET http://172.18.0.2:8080/v1/AUTH_a7fe78fff745465881bf8c2586285a06/gnocchi.cbbe86a3-e216-435f-a1a4-8d5c35a4f13a?format=json&states=listing" "txa89984321a5748a185101-0069604f48" "proxy-server 20" 0.0016 "-" 21 0
Jan 9 00:43:52 standalone proxy-server[131758]: 172.18.0.2 172.18.0.100 09/Jan/2026/00/43/52 GET /v1/AUTH_a7fe78fff745465881bf8c2586285a06/gnocchi.cbbe86a3-e216-435f-a1a4-8d5c35a4f13a%3Fformat%3Djson%26states%3Dlisting HTTP/1.0 200 - python-swiftclient-3.11.1 gAAAAABpYE22aU6Q... - 2 - txa89984321a5748a185101-0069604f48 - 0.0179 - - 1767919432.634668112 1767919432.652590513 0
Jan 9 00:43:52 standalone object-server[129757]: 172.20.0.100 - - [09/Jan/2026:00:43:52 +0000] "GET /d1/621/AUTH_a7fe78fff745465881bf8c2586285a06/gnocchi.0dbab025-9a03-44fc-a550-bc501251243a/1766880000.0_mean_300.0_v3" 404 70 "GET http://172.18.0.2:8080/v1/AUTH_a7fe78fff745465881bf8c2586285a06/gnocchi.0dbab025-9a03-44fc-a550-bc501251243a/1766880000.0_mean_300.0_v3" "txcd8b9bbc227242c2bbbf7-0069604f48" "proxy-server 20" 0.0004 "-" 20 0
Jan 9 00:43:52 standalone proxy-server[131758]: 172.18.0.2 172.18.0.100 09/Jan/2026/00/43/52 GET /v1/AUTH_a7fe78fff745465881bf8c2586285a06/gnocchi.0dbab025-9a03-44fc-a550-bc501251243a/1766880000.0_mean_300.0_v3 HTTP/1.0 404 - python-swiftclient-3.11.1 gAAAAABpYE22aU6Q... - 70 - txcd8b9bbc227242c2bbbf7-0069604f48 - 0.0074 - - 1767919432.655808210 1767919432.663182259 0
Jan 9 00:43:52 standalone object-server[129764]: 172.20.0.100 - - [09/Jan/2026:00:43:52 +0000] "GET /d1/867/AUTH_a7fe78fff745465881bf8c2586285a06/gnocchi.cbbe86a3-e216-435f-a1a4-8d5c35a4f13a/1766880000.0_mean_300.0_v3" 404 70 "GET http://172.18.0.2:8080/v1/AUTH_a7fe78fff745465881bf8c2586285a06/gnocchi.cbbe86a3-e216-435f-a1a4-8d5c35a4f13a/1766880000.0_mean_300.0_v3" "txc807b49f9f5a41dfab9a8-0069604f48" "proxy-server 20" 0.0005 "-" 24 0
Jan 9 00:43:52 standalone proxy-server[131758]: 172.18.0.2 172.18.0.100 09/Jan/2026/00/43/52 GET /v1/AUTH_a7fe78fff745465881bf8c2586285a06/gnocchi.cbbe86a3-e216-435f-a1a4-8d5c35a4f13a/1766880000.0_mean_300.0_v3 HTTP/1.0 404 - python-swiftclient-3.11.1 gAAAAABpYE22aU6Q... - 70 - txc807b49f9f5a41dfab9a8-0069604f48 - 0.0083 - - 1767919432.666494131 1767919432.674756289 0
Jan 9 00:43:52 standalone container-server[129611]: 172.20.0.100 - - [09/Jan/2026:00:43:52 +0000] "PUT /d1/1009/AUTH_a7fe78fff745465881bf8c2586285a06/gnocchi.0dbab025-9a03-44fc-a550-bc501251243a/1766880000.0_mean_300.0_v3" 201 - "PUT http://172.18.0.2:8080/d1/621/AUTH_a7fe78fff745465881bf8c2586285a06/gnocchi.0dbab025-9a03-44fc-a550-bc501251243a/1766880000.0_mean_300.0_v3" "txf12b97430d6548bcad42e-0069604f48" "object-server 20" 0.0009 "-" 22 0
Jan 9 00:43:52 standalone object-server[129757]: 172.20.0.100 - - [09/Jan/2026:00:43:52 +0000] "PUT /d1/621/AUTH_a7fe78fff745465881bf8c2586285a06/gnocchi.0dbab025-9a03-44fc-a550-bc501251243a/1766880000.0_mean_300.0_v3" 201 - "PUT http://172.18.0.2:8080/v1/AUTH_a7fe78fff745465881bf8c2586285a06/gnocchi.0dbab025-9a03-44fc-a550-bc501251243a/1766880000.0_mean_300.0_v3" "txf12b97430d6548bcad42e-0069604f48" "proxy-server 20" 0.0122 "-" 20 0
Jan 9 00:43:52 standalone proxy-server[131758]: 172.18.0.2 172.18.0.100 09/Jan/2026/00/43/52 PUT /v1/AUTH_a7fe78fff745465881bf8c2586285a06/gnocchi.0dbab025-9a03-44fc-a550-bc501251243a/1766880000.0_mean_300.0_v3 HTTP/1.0 201 - python-swiftclient-3.11.1 gAAAAABpYE22aU6Q... 16 - - txf12b97430d6548bcad42e-0069604f48 - 0.0193 - - 1767919432.678868532 1767919432.698156834 0
Jan 9 00:43:52 standalone container-server[129611]: 172.20.0.100 - - [09/Jan/2026:00:43:52 +0000] "PUT /d1/991/AUTH_a7fe78fff745465881bf8c2586285a06/gnocchi.cbbe86a3-e216-435f-a1a4-8d5c35a4f13a/1766880000.0_mean_300.0_v3" 201 - "PUT http://172.18.0.2:8080/d1/867/AUTH_a7fe78fff745465881bf8c2586285a06/gnocchi.cbbe86a3-e216-435f-a1a4-8d5c35a4f13a/1766880000.0_mean_300.0_v3" "tx6dc6ece80f5c424fb52b8-0069604f48" "object-server 20" 0.0011 "-" 22 0
Jan 9 00:43:52 standalone object-server[129757]: 172.20.0.100 - - [09/Jan/2026:00:43:52 +0000] "PUT /d1/867/AUTH_a7fe78fff745465881bf8c2586285a06/gnocchi.cbbe86a3-e216-435f-a1a4-8d5c35a4f13a/1766880000.0_mean_300.0_v3" 201 - "PUT http://172.18.0.2:8080/v1/AUTH_a7fe78fff745465881bf8c2586285a06/gnocchi.cbbe86a3-e216-435f-a1a4-8d5c35a4f13a/1766880000.0_mean_300.0_v3" "tx6dc6ece80f5c424fb52b8-0069604f48" "proxy-server 20" 0.0125 "-" 20 0
Jan 9 00:43:52 standalone proxy-server[131758]: 172.18.0.2 172.18.0.100 09/Jan/2026/00/43/52 PUT /v1/AUTH_a7fe78fff745465881bf8c2586285a06/gnocchi.cbbe86a3-e216-435f-a1a4-8d5c35a4f13a/1766880000.0_mean_300.0_v3 HTTP/1.0 201 - python-swiftclient-3.11.1 gAAAAABpYE22aU6Q... 16 - - tx6dc6ece80f5c424fb52b8-0069604f48 - 0.0187 - - 1767919432.701871395 1767919432.720619917 0
Jan 9 00:43:52 standalone container-server[129599]: 172.20.0.100 - - [09/Jan/2026:00:43:52 +0000] "PUT /d1/1009/AUTH_a7fe78fff745465881bf8c2586285a06/gnocchi.0dbab025-9a03-44fc-a550-bc501251243a/none_v3" 201 - "PUT http://172.18.0.2:8080/d1/423/AUTH_a7fe78fff745465881bf8c2586285a06/gnocchi.0dbab025-9a03-44fc-a550-bc501251243a/none_v3" "tx4ff0bf817c1b49b586016-0069604f48" "object-server 21" 0.0011 "-" 18 0
Jan 9 00:43:52 standalone object-server[129758]: 172.20.0.100 - - [09/Jan/2026:00:43:52 +0000] "PUT /d1/423/AUTH_a7fe78fff745465881bf8c2586285a06/gnocchi.0dbab025-9a03-44fc-a550-bc501251243a/none_v3" 201 - "PUT http://172.18.0.2:8080/v1/AUTH_a7fe78fff745465881bf8c2586285a06/gnocchi.0dbab025-9a03-44fc-a550-bc501251243a/none_v3" "tx4ff0bf817c1b49b586016-0069604f48" "proxy-server 20" 0.0145 "-" 21 0
Jan 9 00:43:52 standalone proxy-server[131758]: 172.18.0.2 172.18.0.100 09/Jan/2026/00/43/52 PUT /v1/AUTH_a7fe78fff745465881bf8c2586285a06/gnocchi.0dbab025-9a03-44fc-a550-bc501251243a/none_v3 HTTP/1.0 201 - python-swiftclient-3.11.1 gAAAAABpYE22aU6Q... 22 - - tx4ff0bf817c1b49b586016-0069604f48 - 0.0217 - - 1767919432.725178719 1767919432.746837616 0
Jan 9 00:43:52 standalone container-server[129605]: 172.20.0.100 - - [09/Jan/2026:00:43:52 +0000] "PUT /d1/991/AUTH_a7fe78fff745465881bf8c2586285a06/gnocchi.cbbe86a3-e216-435f-a1a4-8d5c35a4f13a/none_v3" 201 - "PUT http://172.18.0.2:8080/d1/128/AUTH_a7fe78fff745465881bf8c2586285a06/gnocchi.cbbe86a3-e216-435f-a1a4-8d5c35a4f13a/none_v3" "txa68fb32eed1743bbaa46c-0069604f48" "object-server 21" 0.0008 "-" 21 0
Jan 9 00:43:52 standalone object-server[129758]: 172.20.0.100 - - [09/Jan/2026:00:43:52 +0000] "PUT /d1/128/AUTH_a7fe78fff745465881bf8c2586285a06/gnocchi.cbbe86a3-e216-435f-a1a4-8d5c35a4f13a/none_v3" 201 - "PUT http://172.18.0.2:8080/v1/AUTH_a7fe78fff745465881bf8c2586285a06/gnocchi.cbbe86a3-e216-435f-a1a4-8d5c35a4f13a/none_v3" "txa68fb32eed1743bbaa46c-0069604f48" "proxy-server 20" 0.0117 "-" 21 0
Jan 9 00:43:52 standalone proxy-server[131758]: 172.18.0.2 172.18.0.100 09/Jan/2026/00/43/52 PUT /v1/AUTH_a7fe78fff745465881bf8c2586285a06/gnocchi.cbbe86a3-e216-435f-a1a4-8d5c35a4f13a/none_v3 HTTP/1.0 201 - python-swiftclient-3.11.1 gAAAAABpYE22aU6Q... 22 - - txa68fb32eed1743bbaa46c-0069604f48 - 0.0179 - - 1767919432.750344992 1767919432.768287420 0
Jan 9 00:44:00 standalone account-server[129548]: 172.20.0.100 - - [09/Jan/2026:00:44:00 +0000] "HEAD /d1/45/.expiring_objects" 404 - "HEAD http://localhost/v1/.expiring_objects?format=json" "tx1eb67cf8e1684565b5cfe-0069604f50" "proxy-server 2" 0.0009 "-" 20 -
Jan 9 00:44:00 standalone object-expirer[129438]: Pass completed in 0s; 0 objects expired (txn: tx1eb67cf8e1684565b5cfe-0069604f50)
Jan 9 00:44:19 standalone container-server[129597]: 172.20.0.100 - - [09/Jan/2026:00:44:19 +0000] "HEAD /d1/892/AUTH_a7fe78fff745465881bf8c2586285a06/gnocchi.78cf0093-347f-4153-a6a0-806c5deed84f" 204 - "HEAD http://172.18.0.2:8080/v1/AUTH_a7fe78fff745465881bf8c2586285a06/gnocchi.78cf0093-347f-4153-a6a0-806c5deed84f?format=json&states=listing" "tx1db5bf64aefe4f0f8bf60-0069604f63" "proxy-server 20" 0.0018 "-" 17 0
Jan 9 00:44:19 standalone object-server[129758]: 172.20.0.100 - - [09/Jan/2026:00:44:19 +0000] "GET /d1/773/AUTH_a7fe78fff745465881bf8c2586285a06/gnocchi.78cf0093-347f-4153-a6a0-806c5deed84f/none_v3" 200 22 "GET http://172.18.0.2:8080/v1/AUTH_a7fe78fff745465881bf8c2586285a06/gnocchi.78cf0093-347f-4153-a6a0-806c5deed84f/none_v3" "tx1db5bf64aefe4f0f8bf60-0069604f63" "proxy-server 20" 0.0012 "-" 21 0
Jan 9 00:44:19 standalone proxy-server[131758]: 172.18.0.2 172.18.0.100 09/Jan/2026/00/44/19 GET /v1/AUTH_a7fe78fff745465881bf8c2586285a06/gnocchi.78cf0093-347f-4153-a6a0-806c5deed84f/none_v3 HTTP/1.0 200 - python-swiftclient-3.11.1 gAAAAABpYE22aU6Q... - 22 - tx1db5bf64aefe4f0f8bf60-0069604f63 - 0.0158 - - 1767919459.133978844 1767919459.149779797 0
Jan 9 00:44:19 standalone container-server[129611]: 172.20.0.100 - - [09/Jan/2026:00:44:19 +0000] "GET /d1/892/AUTH_a7fe78fff745465881bf8c2586285a06/gnocchi.78cf0093-347f-4153-a6a0-806c5deed84f" 200 357 "GET http://172.18.0.2:8080/v1/AUTH_a7fe78fff745465881bf8c2586285a06/gnocchi.78cf0093-347f-4153-a6a0-806c5deed84f?format=json&states=listing" "txbcd4e23044204d3e8909b-0069604f63" "proxy-server 20" 0.0019 "-" 22 0
Jan 9 00:44:19 standalone proxy-server[131758]: 172.18.0.2 172.18.0.100 09/Jan/2026/00/44/19 GET /v1/AUTH_a7fe78fff745465881bf8c2586285a06/gnocchi.78cf0093-347f-4153-a6a0-806c5deed84f%3Fformat%3Djson%26states%3Dlisting HTTP/1.0 200 - python-swiftclient-3.11.1 gAAAAABpYE22aU6Q... - 357 - txbcd4e23044204d3e8909b-0069604f63 - 0.0084 - - 1767919459.152908325 1767919459.161337852 0
Jan 9 00:44:19 standalone container-server[129599]: 172.20.0.100 - - [09/Jan/2026:00:44:19 +0000] "GET /d1/892/AUTH_a7fe78fff745465881bf8c2586285a06/gnocchi.78cf0093-347f-4153-a6a0-806c5deed84f" 200 2 "GET http://172.18.0.2:8080/v1/AUTH_a7fe78fff745465881bf8c2586285a06/gnocchi.78cf0093-347f-4153-a6a0-806c5deed84f?format=json&marker=none_v3&states=listing" "txca712a58c8a6498ba86a1-0069604f63" "proxy-server 20" 0.0041 "-" 18 0
Jan 9 00:44:19 standalone proxy-server[131758]: 172.18.0.2 172.18.0.100 09/Jan/2026/00/44/19 GET /v1/AUTH_a7fe78fff745465881bf8c2586285a06/gnocchi.78cf0093-347f-4153-a6a0-806c5deed84f%3Fformat%3Djson%26marker%3Dnone_v3%26states%3Dlisting HTTP/1.0 200 - python-swiftclient-3.11.1 gAAAAABpYE22aU6Q... - 2 - txca712a58c8a6498ba86a1-0069604f63 - 0.0107 - - 1767919459.163499355 1767919459.174149990 0
Jan 9 00:44:19 standalone object-server[129757]: 172.20.0.100 - - [09/Jan/2026:00:44:19 +0000] "GET /d1/368/AUTH_a7fe78fff745465881bf8c2586285a06/gnocchi.78cf0093-347f-4153-a6a0-806c5deed84f/1766880000.0_mean_300.0_v3" 200 16 "GET http://172.18.0.2:8080/v1/AUTH_a7fe78fff745465881bf8c2586285a06/gnocchi.78cf0093-347f-4153-a6a0-806c5deed84f/1766880000.0_mean_300.0_v3" "tx6989bac3cd9b464390685-0069604f63" "proxy-server 20" 0.0017 "-" 20 0
Jan 9 00:44:19 standalone proxy-server[131758]: 172.18.0.2 172.18.0.100 09/Jan/2026/00/44/19 GET /v1/AUTH_a7fe78fff745465881bf8c2586285a06/gnocchi.78cf0093-347f-4153-a6a0-806c5deed84f/1766880000.0_mean_300.0_v3 HTTP/1.0 200 - python-swiftclient-3.11.1 gAAAAABpYE22aU6Q... - 16 - tx6989bac3cd9b464390685-0069604f63 - 0.0091 - - 1767919459.176929235 1767919459.186072826 0
Jan 9 00:44:19 standalone object-server[129758]: 172.20.0.100 - - [09/Jan/2026:00:44:19 +0000] "GET /d1/664/AUTH_a7fe78fff745465881bf8c2586285a06/gnocchi.78cf0093-347f-4153-a6a0-806c5deed84f/1766880000.0_rate%3Amean_300.0_v3" 404 70 "GET http://172.18.0.2:8080/v1/AUTH_a7fe78fff745465881bf8c2586285a06/gnocchi.78cf0093-347f-4153-a6a0-806c5deed84f/1766880000.0_rate%3Amean_300.0_v3" "txa56a3a3212ed4208b486f-0069604f63" "proxy-server 20" 0.0003 "-" 21 0
Jan 9 00:44:19 standalone proxy-server[131758]: 172.18.0.2 172.18.0.100 09/Jan/2026/00/44/19 GET /v1/AUTH_a7fe78fff745465881bf8c2586285a06/gnocchi.78cf0093-347f-4153-a6a0-806c5deed84f/1766880000.0_rate%253Amean_300.0_v3 HTTP/1.0 404 - python-swiftclient-3.11.1 gAAAAABpYE22aU6Q... - 70 - txa56a3a3212ed4208b486f-0069604f63 - 0.0048 - - 1767919459.189664602 1767919459.194421053 0
Jan 9 00:44:19 standalone container-server[129605]: 172.20.0.100 - - [09/Jan/2026:00:44:19 +0000] "PUT /d1/892/AUTH_a7fe78fff745465881bf8c2586285a06/gnocchi.78cf0093-347f-4153-a6a0-806c5deed84f/1766880000.0_mean_300.0_v3" 201 - "PUT http://172.18.0.2:8080/d1/368/AUTH_a7fe78fff745465881bf8c2586285a06/gnocchi.78cf0093-347f-4153-a6a0-806c5deed84f/1766880000.0_mean_300.0_v3" "tx32b5a8490c0047429ebf8-0069604f63" "object-server 21" 0.0013 "-" 21 0
Jan 9 00:44:19 standalone object-server[129758]: 172.20.0.100 - - [09/Jan/2026:00:44:19 +0000] "PUT /d1/368/AUTH_a7fe78fff745465881bf8c2586285a06/gnocchi.78cf0093-347f-4153-a6a0-806c5deed84f/1766880000.0_mean_300.0_v3" 201 - "PUT http://172.18.0.2:8080/v1/AUTH_a7fe78fff745465881bf8c2586285a06/gnocchi.78cf0093-347f-4153-a6a0-806c5deed84f/1766880000.0_mean_300.0_v3" "tx32b5a8490c0047429ebf8-0069604f63" "proxy-server 20" 0.0134 "-" 21 0
Jan 9 00:44:19 standalone proxy-server[131758]: 172.18.0.2 172.18.0.100 09/Jan/2026/00/44/19 PUT /v1/AUTH_a7fe78fff745465881bf8c2586285a06/gnocchi.78cf0093-347f-4153-a6a0-806c5deed84f/1766880000.0_mean_300.0_v3 HTTP/1.0 201 - python-swiftclient-3.11.1 gAAAAABpYE22aU6Q... 23 - - tx32b5a8490c0047429ebf8-0069604f63 - 0.0181 - - 1767919459.197182178 1767919459.215292215 0
Jan 9 00:44:19 standalone container-server[129605]: 172.20.0.100 - - [09/Jan/2026:00:44:19 +0000] "PUT /d1/892/AUTH_a7fe78fff745465881bf8c2586285a06/gnocchi.78cf0093-347f-4153-a6a0-806c5deed84f/1766880000.0_rate%3Amean_300.0_v3" 201 - "PUT http://172.18.0.2:8080/d1/664/AUTH_a7fe78fff745465881bf8c2586285a06/gnocchi.78cf0093-347f-4153-a6a0-806c5deed84f/1766880000.0_rate%3Amean_300.0_v3" "tx2a53dbcd6d474f728cdde-0069604f63" "object-server 20" 0.0009 "-" 21 0
Jan 9 00:44:19 standalone object-server[129757]: 172.20.0.100 - - [09/Jan/2026:00:44:19 +0000] "PUT /d1/664/AUTH_a7fe78fff745465881bf8c2586285a06/gnocchi.78cf0093-347f-4153-a6a0-806c5deed84f/1766880000.0_rate%3Amean_300.0_v3" 201 - "PUT http://172.18.0.2:8080/v1/AUTH_a7fe78fff745465881bf8c2586285a06/gnocchi.78cf0093-347f-4153-a6a0-806c5deed84f/1766880000.0_rate%3Amean_300.0_v3" "tx2a53dbcd6d474f728cdde-0069604f63" "proxy-server 20" 0.0124 "-" 20 0
Jan 9 00:44:19 standalone proxy-server[131758]: 172.18.0.2 172.18.0.100 09/Jan/2026/00/44/19 PUT /v1/AUTH_a7fe78fff745465881bf8c2586285a06/gnocchi.78cf0093-347f-4153-a6a0-806c5deed84f/1766880000.0_rate%253Amean_300.0_v3 HTTP/1.0 201 - python-swiftclient-3.11.1 gAAAAABpYE22aU6Q... 16 - - tx2a53dbcd6d474f728cdde-0069604f63 - 0.0184 - - 1767919459.219537735 1767919459.237900496 0
Jan 9 00:44:19 standalone container-server[129599]: 172.20.0.100 - - [09/Jan/2026:00:44:19 +0000] "PUT /d1/892/AUTH_a7fe78fff745465881bf8c2586285a06/gnocchi.78cf0093-347f-4153-a6a0-806c5deed84f/none_v3" 201 - "PUT http://172.18.0.2:8080/d1/773/AUTH_a7fe78fff745465881bf8c2586285a06/gnocchi.78cf0093-347f-4153-a6a0-806c5deed84f/none_v3" "tx6e6ac1ea60a1405bad08a-0069604f63" "object-server 20" 0.0011 "-" 18 0
Jan 9 00:44:19 standalone object-server[129757]: 172.20.0.100 - - [09/Jan/2026:00:44:19 +0000] "PUT /d1/773/AUTH_a7fe78fff745465881bf8c2586285a06/gnocchi.78cf0093-347f-4153-a6a0-806c5deed84f/none_v3" 201 - "PUT http://172.18.0.2:8080/v1/AUTH_a7fe78fff745465881bf8c2586285a06/gnocchi.78cf0093-347f-4153-a6a0-806c5deed84f/none_v3" "tx6e6ac1ea60a1405bad08a-0069604f63" "proxy-server 20" 0.0103 "-" 20 0
Jan 9 00:44:19 standalone proxy-server[131758]: 172.18.0.2 172.18.0.100 09/Jan/2026/00/44/19 PUT /v1/AUTH_a7fe78fff745465881bf8c2586285a06/gnocchi.78cf0093-347f-4153-a6a0-806c5deed84f/none_v3 HTTP/1.0 201 - python-swiftclient-3.11.1 gAAAAABpYE22aU6Q... 32 - - tx6e6ac1ea60a1405bad08a-0069604f63 - 0.0188 - - 1767919459.241943121 1767919459.260748386 0
Jan 9 00:45:06 standalone account-server[129531]: 172.20.0.100 - - [09/Jan/2026:00:45:06 +0000] "HEAD /d1/45/.expiring_objects" 404 - "HEAD http://localhost/v1/.expiring_objects?format=json" "tx46f0454a8a41421eb0945-0069604f92" "proxy-server 2" 0.0008 "-" 19 -
Jan 9 00:45:06 standalone object-expirer[129438]: Pass completed in 0s; 0 objects expired (txn: tx46f0454a8a41421eb0945-0069604f92)
Jan 9 00:46:15 standalone account-server[129531]: 172.20.0.100 - - [09/Jan/2026:00:46:15 +0000] "HEAD /d1/45/.expiring_objects" 404 - "HEAD http://localhost/v1/.expiring_objects?format=json" "tx543a6efea4f64a9ab6738-0069604fd7" "proxy-server 2" 0.0005 "-" 19 -
Jan 9 00:46:15 standalone object-expirer[129438]: Pass completed in 0s; 0 objects expired (txn: tx543a6efea4f64a9ab6738-0069604fd7)
Jan 9 00:47:19 standalone object-server[129726]: Begin object update sweep
Jan 9 00:47:19 standalone object-server[292694]: Object update sweep starting on /srv/node/d1 (pid: 16)
Jan 9 00:47:19 standalone object-server[292694]: Object update sweep completed on /srv/node/d1 in 0.00s seconds:, 0 successes, 0 failures, 0 quarantines, 0 unlinks, 0 errors, 0 redirects (pid: 16)
Jan 9 00:47:19 standalone object-server[292694]: Object update sweep of d1 completed: 0.00s, 0 successes, 0 failures, 0 quarantines, 0 unlinks, 0 errors, 0 redirects
Jan 9 00:47:19 standalone object-server[129726]: Object update sweep completed: 0.08s
Jan 9 00:47:36 standalone account-server[129531]: 172.20.0.100 - - [09/Jan/2026:00:47:36 +0000] "HEAD /d1/45/.expiring_objects" 404 - "HEAD http://localhost/v1/.expiring_objects?format=json" "tx93a7db8592014beabb425-0069605028" "proxy-server 2" 0.0004 "-" 19 -
Jan 9 00:47:36 standalone object-expirer[129438]: Pass completed in 0s; 0 objects expired (txn: tx93a7db8592014beabb425-0069605028)
Jan 9 00:47:46 standalone container-server[129446]: Begin container update sweep
Jan 9 00:47:47 standalone account-server[129548]: 172.20.0.100 - - [09/Jan/2026:00:47:47 +0000] "PUT /d1/366/AUTH_a7fe78fff745465881bf8c2586285a06/gnocchi.9ef04dd5-78ba-4652-898d-e69ea3f0d5cf" 201 - "-" "-" "container-updater 2" 0.0008 "-" 20 0
Jan 9 00:47:47 standalone account-server[129564]: 172.20.0.100 - - [09/Jan/2026:00:47:47 +0000] "PUT /d1/366/AUTH_a7fe78fff745465881bf8c2586285a06/gnocchi.29f53ebf-a865-4b85-954a-c405d1b8636e" 201 - "-" "-" "container-updater 2" 0.0006 "-" 22 0
Jan 9 00:47:47 standalone account-server[129531]: 172.20.0.100 - - [09/Jan/2026:00:47:47 +0000] "PUT /d1/366/AUTH_a7fe78fff745465881bf8c2586285a06/gnocchi.3affdd48-bddc-4995-9d52-69fbfdabfaa0" 201 - "-" "-" "container-updater 2" 0.0004 "-" 19 0
Jan 9 00:47:47 standalone account-server[129548]: 172.20.0.100 - - [09/Jan/2026:00:47:47 +0000] "PUT /d1/366/AUTH_a7fe78fff745465881bf8c2586285a06/gnocchi.cbbe86a3-e216-435f-a1a4-8d5c35a4f13a" 201 - "-" "-" "container-updater 2" 0.0006 "-" 20 0
Jan 9 00:47:47 standalone account-server[129564]: 172.20.0.100 - - [09/Jan/2026:00:47:47 +0000] "PUT /d1/366/AUTH_a7fe78fff745465881bf8c2586285a06/gnocchi.e52a98fe-f6f1-4a22-8b1a-1e3b7ee27819" 201 - "-" "-" "container-updater 2" 0.0010 "-" 22 0
Jan 9 00:47:47 standalone account-server[129560]: 172.20.0.100 - - [09/Jan/2026:00:47:47 +0000] "PUT /d1/366/AUTH_a7fe78fff745465881bf8c2586285a06/gnocchi.ce9e6a5c-62f3-4795-bb6f-78ca50d05890" 201 - "-" "-" "container-updater 2" 0.0005 "-" 21 0
Jan 9 00:47:47 standalone account-server[129564]: 172.20.0.100 - - [09/Jan/2026:00:47:47 +0000] "PUT /d1/366/AUTH_a7fe78fff745465881bf8c2586285a06/gnocchi.44c59fa7-208b-4ae0-a12d-9f6690c9a5fb" 201 - "-" "-" "container-updater 2" 0.0004 "-" 22 0
Jan 9 00:47:47 standalone account-server[129560]: 172.20.0.100 - - [09/Jan/2026:00:47:47 +0000] "PUT /d1/366/AUTH_a7fe78fff745465881bf8c2586285a06/gnocchi.d3eed018-9d17-4edc-ae9b-9954d881c0cb" 201 - "-" "-" "container-updater 2" 0.0006 "-" 21 0
Jan 9 00:47:48 standalone account-server[129548]: 172.20.0.100 - - [09/Jan/2026:00:47:48 +0000] "PUT /d1/366/AUTH_a7fe78fff745465881bf8c2586285a06/gnocchi.f856ceb8-fe9c-481a-9a33-677edd15982b" 201 - "-" "-" "container-updater 2" 0.0004 "-" 20 0
Jan 9 00:47:49 standalone account-server[129560]: 172.20.0.100 - - [09/Jan/2026:00:47:49 +0000] "PUT /d1/366/AUTH_a7fe78fff745465881bf8c2586285a06/gnocchi.dd4ffa7f-5b03-45e3-8352-4761fc1f01ab" 201 - "-" "-" "container-updater 2" 0.0011 "-" 21 0
Jan 9 00:47:49 standalone account-server[129564]: 172.20.0.100 - - [09/Jan/2026:00:47:49 +0000] "PUT /d1/366/AUTH_a7fe78fff745465881bf8c2586285a06/gnocchi.e48c79a2-9979-4aa7-979c-dda53b417c75" 201 - "-" "-" "container-updater 2" 0.0005 "-" 22 0
Jan 9 00:47:49 standalone account-server[129531]: 172.20.0.100 - - [09/Jan/2026:00:47:49 +0000] "PUT /d1/366/AUTH_a7fe78fff745465881bf8c2586285a06/gnocchi.0dbab025-9a03-44fc-a550-bc501251243a" 201 - "-" "-" "container-updater 2" 0.0004 "-" 19 0
Jan 9 00:47:49 standalone account-server[129531]: 172.20.0.100 - - [09/Jan/2026:00:47:49 +0000] "PUT /d1/366/AUTH_a7fe78fff745465881bf8c2586285a06/gnocchi.a9362e38-1dd9-4401-ab1c-7e79f4540eb8" 201 - "-" "-" "container-updater 2" 0.0009 "-" 19 0
Jan 9 00:47:49 standalone account-server[129531]: 172.20.0.100 - - [09/Jan/2026:00:47:49 +0000] "PUT /d1/366/AUTH_a7fe78fff745465881bf8c2586285a06/gnocchi.2e7145db-914a-45fe-bf13-3c8f65930bcd" 201 - "-" "-" "container-updater 2" 0.0005 "-" 19 0
Jan 9 00:47:49 standalone account-server[129531]: 172.20.0.100 - - [09/Jan/2026:00:47:49 +0000] "PUT /d1/366/AUTH_a7fe78fff745465881bf8c2586285a06/gnocchi.85c0ac59-ab07-4019-9bb9-9324a0538430" 201 - "-" "-" "container-updater 2" 0.0006 "-" 19 0
Jan 9 00:47:49 standalone account-server[129548]: 172.20.0.100 - - [09/Jan/2026:00:47:49 +0000] "PUT /d1/366/AUTH_a7fe78fff745465881bf8c2586285a06/gnocchi.f93b45fb-7fff-4931-9b03-aa7c0200f3bb" 201 - "-" "-" "container-updater 2" 0.0005 "-" 20 0
Jan 9 00:47:49 standalone account-server[129548]: 172.20.0.100 - - [09/Jan/2026:00:47:49 +0000] "PUT /d1/366/AUTH_a7fe78fff745465881bf8c2586285a06/gnocchi.6e00e1e1-5ff2-486c-a498-00d0349bf6c1" 201 - "-" "-" "container-updater 2" 0.0007 "-" 20 0
Jan 9 00:47:49 standalone account-server[129564]: 172.20.0.100 - - [09/Jan/2026:00:47:49 +0000] "PUT /d1/366/AUTH_a7fe78fff745465881bf8c2586285a06/gnocchi.5f7cb410-bbae-40f2-b21e-d92b45f3be4b" 201 - "-" "-" "container-updater 2" 0.0004 "-" 22 0
Jan 9 00:47:50 standalone account-server[129560]: 172.20.0.100 - - [09/Jan/2026:00:47:50 +0000] "PUT /d1/366/AUTH_a7fe78fff745465881bf8c2586285a06/gnocchi.35334440-b012-4bce-a62d-7af83041be94" 201 - "-" "-" "container-updater 2" 0.0008 "-" 21 0
Jan 9 00:47:50 standalone account-server[129560]: 172.20.0.100 - - [09/Jan/2026:00:47:50 +0000] "PUT /d1/366/AUTH_a7fe78fff745465881bf8c2586285a06/gnocchi.fa16bbb2-a25d-4b73-b994-5faf68ba8139" 201 - "-" "-" "container-updater 2" 0.0006 "-" 21 0
Jan 9 00:47:50 standalone account-server[129564]: 172.20.0.100 - - [09/Jan/2026:00:47:50 +0000] "PUT /d1/366/AUTH_a7fe78fff745465881bf8c2586285a06/gnocchi.aa88d13b-bc94-4944-95ac-cd927ee0fbd7" 201 - "-" "-" "container-updater 2" 0.0007 "-" 22 0
Jan 9 00:47:50 standalone account-server[129560]: 172.20.0.100 - - [09/Jan/2026:00:47:50 +0000] "PUT /d1/366/AUTH_a7fe78fff745465881bf8c2586285a06/gnocchi.08d4995b-c9fd-4fc2-9b2c-d0eea8bfe6d2" 201 - "-" "-" "container-updater 2" 0.0004 "-" 21 0
Jan 9 00:47:50 standalone account-server[129560]: 172.20.0.100 - - [09/Jan/2026:00:47:50 +0000] "PUT /d1/366/AUTH_a7fe78fff745465881bf8c2586285a06/gnocchi.7fa8aa65-2fd8-42cc-bc7f-175ecfd38963" 201 - "-" "-" "container-updater 2" 0.0008 "-" 21 0
Jan 9 00:47:50 standalone account-server[129560]: 172.20.0.100 - - [09/Jan/2026:00:47:50 +0000] "PUT /d1/366/AUTH_a7fe78fff745465881bf8c2586285a06/gnocchi.f04b1980-33bf-43d4-8a6c-535ddab7c764" 201 - "-" "-" "container-updater 2" 0.0008 "-" 21 0
Jan 9 00:47:51 standalone account-server[129560]: 172.20.0.100 - - [09/Jan/2026:00:47:51 +0000] "PUT /d1/366/AUTH_a7fe78fff745465881bf8c2586285a06/gnocchi.fff564a2-1b4b-46cd-8eb5-b64c21429bc3" 201 - "-" "-" "container-updater 2" 0.0005 "-" 21 0
Jan 9 00:47:51 standalone account-server[129531]: 172.20.0.100 - - [09/Jan/2026:00:47:51 +0000] "PUT /d1/366/AUTH_a7fe78fff745465881bf8c2586285a06/gnocchi.8691ee99-3b65-4215-81a0-a62fecf9a796" 201 - "-" "-" "container-updater 2" 0.0012 "-" 19 0
Jan 9 00:47:51 standalone account-server[129531]: 172.20.0.100 - - [09/Jan/2026:00:47:51 +0000] "PUT /d1/366/AUTH_a7fe78fff745465881bf8c2586285a06/gnocchi.160c2fe5-ea7f-40dd-ad6f-61dfd2503c5f" 201 - "-" "-" "container-updater 2" 0.0008 "-" 19 0
Jan 9 00:47:51 standalone account-server[129560]: 172.20.0.100 - - [09/Jan/2026:00:47:51 +0000] "PUT /d1/366/AUTH_a7fe78fff745465881bf8c2586285a06/gnocchi.0b841d17-14e4-4477-8b18-2d57a6efb7ed" 201 - "-" "-" "container-updater 2" 0.0007 "-" 21 0
Jan 9 00:47:51 standalone account-server[129531]: 172.20.0.100 - - [09/Jan/2026:00:47:51 +0000] "PUT /d1/366/AUTH_a7fe78fff745465881bf8c2586285a06/gnocchi.e9264f7c-d673-4617-98d9-7c938f590df1" 201 - "-" "-" "container-updater 2" 0.0006 "-" 19 0
Jan 9 00:47:51 standalone account-server[129560]: 172.20.0.100 - - [09/Jan/2026:00:47:51 +0000] "PUT /d1/366/AUTH_a7fe78fff745465881bf8c2586285a06/gnocchi.78cf0093-347f-4153-a6a0-806c5deed84f" 201 - "-" "-" "container-updater 2" 0.0005 "-" 21 0
Jan 9 00:47:51 standalone account-server[129548]: 172.20.0.100 - - [09/Jan/2026:00:47:51 +0000] "PUT /d1/366/AUTH_a7fe78fff745465881bf8c2586285a06/gnocchi.541eb966-577f-413b-b2c7-9366d0906969" 201 - "-" "-" "container-updater 2" 0.0006 "-" 20 0
Jan 9 00:47:51 standalone account-server[129531]: 172.20.0.100 - - [09/Jan/2026:00:47:51 +0000] "PUT /d1/366/AUTH_a7fe78fff745465881bf8c2586285a06/gnocchi.97394d80-3a2b-4ceb-a08f-7cf7bfc1e615" 201 - "-" "-" "container-updater 2" 0.0007 "-" 19 0
Jan 9 00:47:52 standalone container-server[129446]: Container update sweep completed: 5.08s
Jan 9 00:48:46 standalone account-server[129531]: 172.20.0.100 - - [09/Jan/2026:00:48:46 +0000] "HEAD /d1/45/.expiring_objects" 404 - "HEAD http://localhost/v1/.expiring_objects?format=json" "tx7bdfab4582404100a0cf7-006960506e" "proxy-server 2" 0.0010 "-" 19 -
Jan 9 00:48:46 standalone object-expirer[129438]: Pass completed in 0s; 0 objects expired (txn: tx7bdfab4582404100a0cf7-006960506e)
Jan 9 00:51:03 standalone account-server[129560]: 172.20.0.100 - - [09/Jan/2026:00:51:03 +0000] "HEAD /d1/45/.expiring_objects" 404 - "HEAD http://localhost/v1/.expiring_objects?format=json" "tx438ebb1be6dc4a26be54f-00696050f7" "proxy-server 2" 0.0009 "-" 21 -
Jan 9 00:51:03 standalone object-expirer[129438]: Pass completed in 0s; 0 objects expired (txn: tx438ebb1be6dc4a26be54f-00696050f7)
Jan 9 00:52:19 standalone object-server[129726]: Begin object update sweep
Jan 9 00:52:19 standalone object-server[319599]: Object update sweep starting on /srv/node/d1 (pid: 17)
Jan 9 00:52:19 standalone object-server[319599]: Object update sweep completed on /srv/node/d1 in 0.00s seconds:, 0 successes, 0 failures, 0 quarantines, 0 unlinks, 0 errors, 0 redirects (pid: 17)
Jan 9 00:52:19 standalone object-server[319599]: Object update sweep of d1 completed: 0.00s, 0 successes, 0 failures, 0 quarantines, 0 unlinks, 0 errors, 0 redirects
Jan 9 00:52:19 standalone object-server[129726]: Object update sweep completed: 0.08s
Jan 9 00:52:47 standalone container-server[129446]: Begin container update sweep
Jan 9 00:52:49 standalone container-server[129446]: Container update sweep completed: 2.93s
Jan 9 00:54:58 standalone account-server[129564]: 172.20.0.100 - - [09/Jan/2026:00:54:58 +0000] "HEAD /d1/45/.expiring_objects" 404 - "HEAD http://localhost/v1/.expiring_objects?format=json" "tx4f39189af15a4077b6f99-00696051e2" "proxy-server 2" 0.0008 "-" 22 -
Jan 9 00:54:58 standalone object-expirer[129438]: Pass completed in 0s; 0 objects expired (txn: tx4f39189af15a4077b6f99-00696051e2)
Jan 9 00:57:19 standalone object-server[129726]: Begin object update sweep
Jan 9 00:57:19 standalone object-server[340971]: Object update sweep starting on /srv/node/d1 (pid: 18)
Jan 9 00:57:19 standalone object-server[340971]: Object update sweep completed on /srv/node/d1 in 0.00s seconds:, 0 successes, 0 failures, 0 quarantines, 0 unlinks, 0 errors, 0 redirects (pid: 18)
Jan 9 00:57:19 standalone object-server[340971]: Object update sweep of d1 completed: 0.00s, 0 successes, 0 failures, 0 quarantines, 0 unlinks, 0 errors, 0 redirects
Jan 9 00:57:19 standalone object-server[129726]: Object update sweep completed: 0.09s
Jan 9 00:57:47 standalone container-server[129446]: Begin container update sweep
Jan 9 00:57:50 standalone container-server[129446]: Container update sweep completed: 3.06s
Jan 9 00:59:02 standalone account-server[129548]: 172.20.0.100 - - [09/Jan/2026:00:59:02 +0000] "HEAD /d1/45/.expiring_objects" 404 - "HEAD http://localhost/v1/.expiring_objects?format=json" "tx69b3c518b1cb4be6b32e1-00696052d6" "proxy-server 2" 0.0009 "-" 20 -
Jan 9 00:59:02 standalone object-expirer[129438]: Pass completed in 0s; 0 objects expired (txn: tx69b3c518b1cb4be6b32e1-00696052d6)
Jan 9 01:00:47 standalone account-server[129564]: 172.20.0.100 - - [09/Jan/2026:01:00:47 +0000] "HEAD /d1/45/.expiring_objects" 404 - "HEAD http://localhost/v1/.expiring_objects?format=json" "tx5f8c4cf9f3c040548d17a-006960533f" "proxy-server 2" 0.0017 "-" 22 -
Jan 9 01:00:47 standalone object-expirer[129438]: Pass completed in 0s; 0 objects expired (txn: tx5f8c4cf9f3c040548d17a-006960533f)
Jan 9 01:02:19 standalone object-server[129726]: Begin object update sweep
Jan 9 01:02:19 standalone object-server[362528]: Object update sweep starting on /srv/node/d1 (pid: 19)
Jan 9 01:02:19 standalone object-server[362528]: Object update sweep completed on /srv/node/d1 in 0.00s seconds:, 0 successes, 0 failures, 0 quarantines, 0 unlinks, 0 errors, 0 redirects (pid: 19)
Jan 9 01:02:19 standalone object-server[362528]: Object update sweep of d1 completed: 0.00s, 0 successes, 0 failures, 0 quarantines, 0 unlinks, 0 errors, 0 redirects
Jan 9 01:02:19 standalone object-server[129726]: Object update sweep completed: 0.08s
Jan 9 01:02:47 standalone container-server[129446]: Begin container update sweep
Jan 9 01:02:51 standalone container-server[129446]: Container update sweep completed: 3.78s
Jan 9 01:04:09 standalone account-server[129548]: 172.20.0.100 - - [09/Jan/2026:01:04:09 +0000] "HEAD /d1/45/.expiring_objects" 404 - "HEAD http://localhost/v1/.expiring_objects?format=json" "txa93aaf95369f4464a769b-0069605409" "proxy-server 2" 0.0012 "-" 20 -
Jan 9 01:04:09 standalone object-expirer[129438]: Pass completed in 0s; 0 objects expired (txn: txa93aaf95369f4464a769b-0069605409)
Jan 9 01:06:58 standalone account-server[129531]: 172.20.0.100 - - [09/Jan/2026:01:06:58 +0000] "HEAD /d1/45/.expiring_objects" 404 - "HEAD http://localhost/v1/.expiring_objects?format=json" "tx930feb5031bb44dcaaf71-00696054b2" "proxy-server 2" 0.0007 "-" 19 -
Jan 9 01:06:58 standalone object-expirer[129438]: Pass completed in 0s; 0 objects expired (txn: tx930feb5031bb44dcaaf71-00696054b2)
Jan 9 01:07:19 standalone object-server[129726]: Begin object update sweep
Jan 9 01:07:19 standalone object-server[383189]: Object update sweep starting on /srv/node/d1 (pid: 20)
Jan 9 01:07:19 standalone object-server[383189]: Object update sweep completed on /srv/node/d1 in 0.00s seconds:, 0 successes, 0 failures, 0 quarantines, 0 unlinks, 0 errors, 0 redirects (pid: 20)
Jan 9 01:07:19 standalone object-server[383189]: Object update sweep of d1 completed: 0.00s, 0 successes, 0 failures, 0 quarantines, 0 unlinks, 0 errors, 0 redirects
Jan 9 01:07:19 standalone object-server[129726]: Object update sweep completed: 0.06s
Jan 9 01:07:47 standalone container-server[129446]: Begin container update sweep
Jan 9 01:07:50 standalone container-server[129446]: Container update sweep completed: 3.33s
Jan 9 01:08:03 standalone account-server[129564]: 172.20.0.100 - - [09/Jan/2026:01:08:03 +0000] "HEAD /d1/45/.expiring_objects" 404 - "HEAD http://localhost/v1/.expiring_objects?format=json" "tx0d46b4c13b804155a49cc-00696054f3" "proxy-server 2" 0.0012 "-" 22 -
Jan 9 01:08:03 standalone object-expirer[129438]: Pass completed in 0s; 0 objects expired (txn: tx0d46b4c13b804155a49cc-00696054f3)
Jan 9 01:08:31 standalone account-server[129564]: 172.20.0.100 - - [09/Jan/2026:01:08:31 +0000] "HEAD /d1/45/.expiring_objects" 404 - "HEAD http://localhost/v1/.expiring_objects?format=json" "txeddd0e7e0c0944f2a7eb3-006960550f" "proxy-server 2" 0.0008 "-" 22 -
Jan 9 01:08:31 standalone object-expirer[129438]: Pass completed in 0s; 0 objects expired (txn: txeddd0e7e0c0944f2a7eb3-006960550f)
Jan 9 01:09:17 standalone account-server[129564]: 172.20.0.100 - - [09/Jan/2026:01:09:17 +0000] "HEAD /d1/45/.expiring_objects" 404 - "HEAD http://localhost/v1/.expiring_objects?format=json" "txf88c4002509748ccad2ce-006960553d" "proxy-server 2" 0.0008 "-" 22 -
Jan 9 01:09:17 standalone object-expirer[129438]: Pass completed in 0s; 0 objects expired (txn: txf88c4002509748ccad2ce-006960553d)
Jan 9 01:12:19 standalone object-server[129726]: Begin object update sweep
Jan 9 01:12:19 standalone object-server[394662]: Object update sweep starting on /srv/node/d1 (pid: 21)
Jan 9 01:12:19 standalone object-server[394662]: Object update sweep completed on /srv/node/d1 in 0.00s seconds:, 0 successes, 0 failures, 0 quarantines, 0 unlinks, 0 errors, 0 redirects (pid: 21)
Jan 9 01:12:19 standalone object-server[394662]: Object update sweep of d1 completed: 0.00s, 0 successes, 0 failures, 0 quarantines, 0 unlinks, 0 errors, 0 redirects
Jan 9 01:12:19 standalone object-server[129726]: Object update sweep completed: 0.08s
Jan 9 01:12:47 standalone container-server[129446]: Begin container update sweep
Jan 9 01:12:50 standalone container-server[129446]: Container update sweep completed: 2.82s
Jan 9 01:13:20 standalone account-server[129531]: 172.20.0.100 - - [09/Jan/2026:01:13:20 +0000] "HEAD /d1/45/.expiring_objects" 404 - "HEAD http://localhost/v1/.expiring_objects?format=json" "txc38680354dc74e28b4251-0069605630" "proxy-server 2" 0.0011 "-" 19 -
Jan 9 01:13:20 standalone object-expirer[129438]: Pass completed in 0s; 0 objects expired (txn: txc38680354dc74e28b4251-0069605630)
Jan 9 01:14:05 standalone account-server[129531]: 172.20.0.100 - - [09/Jan/2026:01:14:05 +0000] "HEAD /d1/45/.expiring_objects" 404 - "HEAD http://localhost/v1/.expiring_objects?format=json" "txd32ed03114f341c397bc6-006960565d" "proxy-server 2" 0.0011 "-" 19 -
Jan 9 01:14:05 standalone object-expirer[129438]: Pass completed in 0s; 0 objects expired (txn: txd32ed03114f341c397bc6-006960565d)
Jan 9 01:16:46 standalone proxy-server[131496]: SIGTERM received (2)
Jan 9 01:16:46 standalone proxy-server[131496]: Exited (2)
Jan 9 01:17:19 standalone object-server[129726]: Begin object update sweep
Jan 9 01:17:19 standalone object-server[407211]: Object update sweep starting on /srv/node/d1 (pid: 22)
Jan 9 01:17:19 standalone object-server[407211]: Object update sweep completed on /srv/node/d1 in 0.00s seconds:, 0 successes, 0 failures, 0 quarantines, 0 unlinks, 0 errors, 0 redirects (pid: 22)
Jan 9 01:17:19 standalone object-server[407211]: Object update sweep of d1 completed: 0.00s, 0 successes, 0 failures, 0 quarantines, 0 unlinks, 0 errors, 0 redirects
Jan 9 01:17:20 standalone object-server[129726]: Object update sweep completed: 0.10s
Jan 9 01:17:47 standalone container-server[129446]: Begin container update sweep
Jan 9 01:17:51 standalone container-server[129446]: Container update sweep completed: 3.62s
Jan 9 01:18:31 standalone account-server[129548]: 172.20.0.100 - - [09/Jan/2026:01:18:31 +0000] "HEAD /d1/45/.expiring_objects" 404 - "HEAD http://localhost/v1/.expiring_objects?format=json" "tx65b33b3d7e4048968b571-0069605767" "proxy-server 2" 0.0009 "-" 20 -
Jan 9 01:18:31 standalone object-expirer[129438]: Pass completed in 0s; 0 objects expired (txn: tx65b33b3d7e4048968b571-0069605767)
Jan 9 01:19:27 standalone account-server[129560]: 172.20.0.100 - - [09/Jan/2026:01:19:27 +0000] "HEAD /d1/45/.expiring_objects" 404 - "HEAD http://localhost/v1/.expiring_objects?format=json" "txba0425e373484221956dd-006960579f" "proxy-server 2" 0.0018 "-" 21 -
Jan 9 01:19:27 standalone object-expirer[129438]: Pass completed in 0s; 0 objects expired (txn: txba0425e373484221956dd-006960579f)
Jan 9 01:22:11 standalone account-server[129531]: 172.20.0.100 - - [09/Jan/2026:01:22:11 +0000] "HEAD /d1/45/.expiring_objects" 404 - "HEAD http://localhost/v1/.expiring_objects?format=json" "tx5cfd2a1b14c04b4ab2e13-0069605843" "proxy-server 2" 0.0008 "-" 19 -
Jan 9 01:22:11 standalone object-expirer[129438]: Pass completed in 0s; 0 objects expired (txn: tx5cfd2a1b14c04b4ab2e13-0069605843)
Jan 9 01:22:20 standalone object-server[129726]: Begin object update sweep
Jan 9 01:22:20 standalone object-server[430755]: Object update sweep starting on /srv/node/d1 (pid: 23)
Jan 9 01:22:20 standalone object-server[430755]: Object update sweep completed on /srv/node/d1 in 0.00s seconds:, 0 successes, 0 failures, 0 quarantines, 0 unlinks, 0 errors, 0 redirects (pid: 23)
Jan 9 01:22:20 standalone object-server[430755]: Object update sweep of d1 completed: 0.00s, 0 successes, 0 failures, 0 quarantines, 0 unlinks, 0 errors, 0 redirects
Jan 9 01:22:20 standalone object-server[129726]: Object update sweep completed: 0.08s
Jan 9 01:22:47 standalone container-server[129446]: Begin container update sweep
Jan 9 01:22:50 standalone container-server[129446]: Container update sweep completed: 2.83s
Jan 9 01:25:08 standalone object-expirer[129438]: Unhandled exception: #012Traceback (most recent call last):#012
File "/usr/lib/python3.9/site-packages/swift/obj/expirer.py", line 328, in run_once#012 self.swift.get_account_info(task_account)#012
File "/usr/lib/python3.9/site-packages/swift/common/internal_client.py", line 438, in get_account_info#012 resp = self.make_request('HEAD', path, {}, acceptable_statuses)#012
File "/usr/lib/python3.9/site-packages/swift/common/internal_client.py", line 232, in make_request#012 raise UnexpectedResponse(msg, resp)#012swift.common.internal_client.UnexpectedResponse: Unexpected response: 503 Service Unavailable (txn: txe6a050b9b970404eb0ff6-00696058f3)
Jan 9 01:27:20 standalone object-server[129726]: Begin object update sweep
Jan 9 01:27:20 standalone object-server[450784]: Object update sweep starting on /srv/node/d1 (pid: 24)
Jan 9 01:27:20 standalone object-server[450784]: Object update sweep completed on /srv/node/d1 in 0.00s seconds:, 0 successes, 0 failures, 0 quarantines, 0 unlinks, 0 errors, 0 redirects (pid: 24)
Jan 9 01:27:20 standalone object-server[450784]: Object update sweep of d1 completed: 0.00s, 0 successes, 0 failures, 0 quarantines, 0 unlinks, 0 errors, 0 redirects
Jan 9 01:27:20 standalone object-server[129726]: Object update sweep completed: 0.13s
Jan 9 01:27:47 standalone container-server[129446]: Begin container update sweep
Jan 9 01:27:51 standalone container-server[129446]: Container update sweep completed: 3.66s
Jan 9 01:29:56 standalone account-server[129564]: 172.20.0.100 - - [09/Jan/2026:01:29:56 +0000] "HEAD /d1/45/.expiring_objects" 404 - "HEAD http://localhost/v1/.expiring_objects?format=json" "txa348605ccfa846af94fbb-0069605a14" "proxy-server 2" 0.0006 "-" 22 -
Jan 9 01:29:56 standalone object-expirer[129438]: Pass completed in 0s; 0 objects expired (txn: txa348605ccfa846af94fbb-0069605a14)
Jan 9 01:32:20 standalone object-server[129726]: Begin object update sweep
Jan 9 01:32:20 standalone object-server[474954]: Object update sweep starting on /srv/node/d1 (pid: 25)
Jan 9 01:32:20 standalone object-server[474954]: Object update sweep completed on /srv/node/d1 in 0.00s seconds:, 0 successes, 0 failures, 0 quarantines, 0 unlinks, 0 errors, 0 redirects (pid: 25)
Jan 9 01:32:20 standalone object-server[474954]: Object update sweep of d1 completed: 0.00s, 0 successes, 0 failures, 0 quarantines, 0 unlinks, 0 errors, 0 redirects
Jan 9 01:32:20 standalone object-server[129726]: Object update sweep completed: 0.08s
Jan 9 01:32:22 standalone account-server[129531]: 172.20.0.100 - - [09/Jan/2026:01:32:22 +0000] "HEAD /d1/45/.expiring_objects" 404 - "HEAD http://localhost/v1/.expiring_objects?format=json" "tx69a95fd9d0b14bb0a762f-0069605aa6" "proxy-server 2" 0.0008 "-" 19 -
Jan 9 01:32:22 standalone object-expirer[129438]: Pass completed in 0s; 0 objects expired (txn: tx69a95fd9d0b14bb0a762f-0069605aa6)
Jan 9 01:32:47 standalone container-server[129446]: Begin container update sweep
Jan 9 01:32:51 standalone container-server[129446]: Container update sweep completed: 3.37s
Jan 9 01:35:38 standalone account-server[129094]: Devices pass completed: 0.00s
Jan 9 01:35:42 standalone account-server[129531]: 172.20.0.100 - - [09/Jan/2026:01:35:42 +0000] "HEAD /d1/45/.expiring_objects" 404 - "HEAD http://localhost/v1/.expiring_objects?format=json" "tx217b779953694bd79bf2d-0069605b6e" "proxy-server 2" 0.0005 "-" 19 -
Jan 9 01:35:42 standalone object-expirer[129438]: Pass completed in 0s; 0 objects expired (txn: tx217b779953694bd79bf2d-0069605b6e)
Jan 9 01:37:20 standalone object-server[129726]: Begin object update sweep
Jan 9 01:37:20 standalone object-server[533885]: Object update sweep starting on /srv/node/d1 (pid: 26)
Jan 9 01:37:20 standalone object-server[533885]: Object update sweep completed on /srv/node/d1 in 0.00s seconds:, 0 successes, 0 failures, 0 quarantines, 0 unlinks, 0 errors, 0 redirects (pid: 26)
Jan 9 01:37:20 standalone object-server[533885]: Object update sweep of d1 completed: 0.00s, 0 successes, 0 failures, 0 quarantines, 0 unlinks, 0 errors, 0 redirects
Jan 9 01:37:20 standalone object-server[129726]: Object update sweep completed: 0.10s
Jan 9 01:37:47 standalone container-server[129446]: Begin container update sweep
Jan 9 01:37:50 standalone container-server[129446]: Container update sweep completed: 2.92s
Jan 9 01:37:54 standalone account-server[129560]: 172.20.0.100 - - [09/Jan/2026:01:37:54 +0000] "HEAD /d1/45/.expiring_objects" 404 - "HEAD http://localhost/v1/.expiring_objects?format=json" "tx1f80793c400c4648be2be-0069605bf2" "proxy-server 2" 0.0017 "-" 21 -
Jan 9 01:37:54 standalone object-expirer[129438]: Pass completed in 0s; 0 objects expired (txn: tx1f80793c400c4648be2be-0069605bf2)
Jan 9 01:42:17 standalone account-server[129531]: 172.20.0.100 - - [09/Jan/2026:01:42:17 +0000] "HEAD /d1/45/.expiring_objects" 404 - "HEAD http://localhost/v1/.expiring_objects?format=json" "txfdb5e9633c204c6f98755-0069605cf9" "proxy-server 2" 0.0009 "-" 19 -
Jan 9 01:42:17 standalone object-expirer[129438]: Pass completed in 0s; 0 objects expired (txn: txfdb5e9633c204c6f98755-0069605cf9)
Jan 9 01:42:20 standalone object-server[129726]: Begin object update sweep
Jan 9 01:42:20 standalone object-server[561852]: Object update sweep starting on /srv/node/d1 (pid: 27)
Jan 9 01:42:20 standalone object-server[561852]: Object update sweep completed on /srv/node/d1 in 0.00s seconds:, 0 successes, 0 failures, 0 quarantines, 0 unlinks, 0 errors, 0 redirects (pid: 27)
Jan 9 01:42:20 standalone object-server[561852]: Object update sweep of d1 completed: 0.00s, 0 successes, 0 failures, 0 quarantines, 0 unlinks, 0 errors, 0 redirects
Jan 9 01:42:20 standalone object-server[129726]: Object update sweep completed: 0.08s
Jan 9 01:42:47 standalone container-server[129446]: Begin container update sweep
Jan 9 01:42:51 standalone container-server[129446]: Container update sweep completed: 3.06s
Jan 9 01:44:19 standalone account-server[129564]: 172.20.0.100 - - [09/Jan/2026:01:44:19 +0000] "HEAD /d1/45/.expiring_objects" 404 - "HEAD http://localhost/v1/.expiring_objects?format=json" "txe3a37594620d452b9be66-0069605d73" "proxy-server 2" 0.0009 "-" 22 -
Jan 9 01:44:19 standalone object-expirer[129438]: Pass completed in 0s; 0 objects expired (txn: txe3a37594620d452b9be66-0069605d73)
Jan 9 01:45:13 standalone account-server[129548]: 172.20.0.100 - - [09/Jan/2026:01:45:13 +0000] "HEAD /d1/45/.expiring_objects" 404 - "HEAD http://localhost/v1/.expiring_objects?format=json" "tx43da9b9ef5cc4703a168c-0069605da9" "proxy-server 2" 0.0009 "-" 20 -
Jan 9 01:45:13 standalone object-expirer[129438]: Pass completed in 0s; 0 objects expired (txn: tx43da9b9ef5cc4703a168c-0069605da9)
Jan 9 01:46:25 standalone account-server[129531]: 172.20.0.100 - - [09/Jan/2026:01:46:25 +0000] "HEAD /d1/45/.expiring_objects" 404 - "HEAD http://localhost/v1/.expiring_objects?format=json" "txf9e1a81c6c5042ad96839-0069605df1" "proxy-server 2" 0.0006 "-" 19 -
