Jan 9 00:43:49 standalone container-server[129599]: 172.20.0.100 - - [09/Jan/2026:00:43:49 +0000] "GET /d1/83/AUTH_a7fe78fff745465881bf8c2586285a06/gnocchi.0b841d17-14e4-4477-8b18-2d57a6efb7ed" 200 2 "GET http://172.18.0.2:8080/v1/AUTH_a7fe78fff745465881bf8c2586285a06/gnocchi.0b841d17-14e4-4477-8b18-2d57a6efb7ed?format=json&states=listing" "tx361c112cf67a43ec9527e-0069604f45" "proxy-server 20" 0.0017 "-" 18 0
Jan 9 00:43:49 standalone proxy-server[131758]: 172.18.0.2 172.18.0.100 09/Jan/2026/00/43/49 GET /v1/AUTH_a7fe78fff745465881bf8c2586285a06/gnocchi.0b841d17-14e4-4477-8b18-2d57a6efb7ed%3Fformat%3Djson%26states%3Dlisting HTTP/1.0 200 - python-swiftclient-3.11.1 gAAAAABpYE22aU6Q... - 2 - tx361c112cf67a43ec9527e-0069604f45 - 0.0131 - - 1767919429.090844870 1767919429.103994608 0
Jan 9 00:43:49 standalone object-server[129757]: 172.20.0.100 - - [09/Jan/2026:00:43:49 +0000] "GET /d1/437/AUTH_a7fe78fff745465881bf8c2586285a06/gnocchi.0b841d17-14e4-4477-8b18-2d57a6efb7ed/1766880000.0_mean_300.0_v3" 404 70 "GET http://172.18.0.2:8080/v1/AUTH_a7fe78fff745465881bf8c2586285a06/gnocchi.0b841d17-14e4-4477-8b18-2d57a6efb7ed/1766880000.0_mean_300.0_v3" "tx512ccca5c9c34e64960e6-0069604f45" "proxy-server 20" 0.0003 "-" 20 0
Jan 9 00:43:49 standalone proxy-server[131758]: 172.18.0.2 172.18.0.100 09/Jan/2026/00/43/49 GET /v1/AUTH_a7fe78fff745465881bf8c2586285a06/gnocchi.0b841d17-14e4-4477-8b18-2d57a6efb7ed/1766880000.0_mean_300.0_v3 HTTP/1.0 404 - python-swiftclient-3.11.1 gAAAAABpYE22aU6Q... - 70 - tx512ccca5c9c34e64960e6-0069604f45 - 0.0047 - - 1767919429.107408524 1767919429.112097025 0
Jan 9 00:43:49 standalone container-server[129611]: 172.20.0.100 - - [09/Jan/2026:00:43:49 +0000] "PUT /d1/83/AUTH_a7fe78fff745465881bf8c2586285a06/gnocchi.0b841d17-14e4-4477-8b18-2d57a6efb7ed/1766880000.0_mean_300.0_v3" 201 - "PUT http://172.18.0.2:8080/d1/437/AUTH_a7fe78fff745465881bf8c2586285a06/gnocchi.0b841d17-14e4-4477-8b18-2d57a6efb7ed/1766880000.0_mean_300.0_v3" "tx439165f0886046aa9a0bf-0069604f45" "object-server 20" 0.0008 "-" 22 0
Jan 9 00:43:49 standalone object-server[129757]: 172.20.0.100 - - [09/Jan/2026:00:43:49 +0000] "PUT /d1/437/AUTH_a7fe78fff745465881bf8c2586285a06/gnocchi.0b841d17-14e4-4477-8b18-2d57a6efb7ed/1766880000.0_mean_300.0_v3" 201 - "PUT http://172.18.0.2:8080/v1/AUTH_a7fe78fff745465881bf8c2586285a06/gnocchi.0b841d17-14e4-4477-8b18-2d57a6efb7ed/1766880000.0_mean_300.0_v3" "tx439165f0886046aa9a0bf-0069604f45" "proxy-server 20" 0.0093 "-" 20 0
Jan 9 00:43:49 standalone proxy-server[131758]: 172.18.0.2 172.18.0.100 09/Jan/2026/00/43/49 PUT /v1/AUTH_a7fe78fff745465881bf8c2586285a06/gnocchi.0b841d17-14e4-4477-8b18-2d57a6efb7ed/1766880000.0_mean_300.0_v3 HTTP/1.0 201 - python-swiftclient-3.11.1 gAAAAABpYE22aU6Q... 16 - - tx439165f0886046aa9a0bf-0069604f45 - 0.0137 - - 1767919429.118969917 1767919429.132699251 0
Jan 9 00:43:49 standalone container-server[129611]: 172.20.0.100 - - [09/Jan/2026:00:43:49 +0000] "PUT /d1/83/AUTH_a7fe78fff745465881bf8c2586285a06/gnocchi.0b841d17-14e4-4477-8b18-2d57a6efb7ed/none_v3" 201 - "PUT http://172.18.0.2:8080/d1/377/AUTH_a7fe78fff745465881bf8c2586285a06/gnocchi.0b841d17-14e4-4477-8b18-2d57a6efb7ed/none_v3" "tx40eaf915fa6740ee8bd72-0069604f45" "object-server 20" 0.0005 "-" 22 0
Jan 9 00:43:49 standalone object-server[129757]: 172.20.0.100 - - [09/Jan/2026:00:43:49 +0000] "PUT /d1/377/AUTH_a7fe78fff745465881bf8c2586285a06/gnocchi.0b841d17-14e4-4477-8b18-2d57a6efb7ed/none_v3" 201 - "PUT http://172.18.0.2:8080/v1/AUTH_a7fe78fff745465881bf8c2586285a06/gnocchi.0b841d17-14e4-4477-8b18-2d57a6efb7ed/none_v3" "tx40eaf915fa6740ee8bd72-0069604f45" "proxy-server 20" 0.0094 "-" 20 0
Jan 9 00:43:49 standalone proxy-server[131758]: 172.18.0.2 172.18.0.100 09/Jan/2026/00/43/49 PUT /v1/AUTH_a7fe78fff745465881bf8c2586285a06/gnocchi.0b841d17-14e4-4477-8b18-2d57a6efb7ed/none_v3 HTTP/1.0 201 - python-swiftclient-3.11.1 gAAAAABpYE22aU6Q... 22 - - tx40eaf915fa6740ee8bd72-0069604f45 - 0.0139 - - 1767919429.136318207 1767919429.150192976 0
Jan 9 00:43:49 standalone container-server[129597]: 172.20.0.100 - - [09/Jan/2026:00:43:49 +0000] "HEAD /d1/453/AUTH_a7fe78fff745465881bf8c2586285a06/gnocchi.97394d80-3a2b-4ceb-a08f-7cf7bfc1e615" 404 - "HEAD http://172.18.0.2:8080/v1/AUTH_a7fe78fff745465881bf8c2586285a06/gnocchi.97394d80-3a2b-4ceb-a08f-7cf7bfc1e615?format=json&states=listing" "txd8c4925c314d48c8b9d4b-0069604f45" "proxy-server 20" 0.0003 "-" 17 0
Jan 9 00:43:49 standalone object-server[129756]: 172.20.0.100 - - [09/Jan/2026:00:43:49 +0000] "GET /d1/986/AUTH_a7fe78fff745465881bf8c2586285a06/gnocchi.97394d80-3a2b-4ceb-a08f-7cf7bfc1e615/none_v3" 404 70 "GET http://172.18.0.2:8080/v1/AUTH_a7fe78fff745465881bf8c2586285a06/gnocchi.97394d80-3a2b-4ceb-a08f-7cf7bfc1e615/none_v3" "txd8c4925c314d48c8b9d4b-0069604f45" "proxy-server 20" 0.0003 "-" 19 0
Jan 9 00:43:49 standalone proxy-server[131758]: 172.18.0.2 172.18.0.100 09/Jan/2026/00/43/49 GET /v1/AUTH_a7fe78fff745465881bf8c2586285a06/gnocchi.97394d80-3a2b-4ceb-a08f-7cf7bfc1e615/none_v3 HTTP/1.0 404 - python-swiftclient-3.11.1 gAAAAABpYE22aU6Q... - 70 - txd8c4925c314d48c8b9d4b-0069604f45 - 0.0077 - - 1767919429.160537004 1767919429.168211937 0
Jan 9 00:43:49 standalone account-server[129564]: 172.20.0.100 - - [09/Jan/2026:00:43:49 +0000] "PUT /d1/366/AUTH_a7fe78fff745465881bf8c2586285a06/gnocchi.97394d80-3a2b-4ceb-a08f-7cf7bfc1e615" 201 - "PUT http://172.20.0.100:6001/d1/453/AUTH_a7fe78fff745465881bf8c2586285a06/gnocchi.97394d80-3a2b-4ceb-a08f-7cf7bfc1e615" "tx960c9327a4254396b0abd-0069604f45" "container-server 18" 0.0055 "-" 22 0
Jan 9 00:43:49 standalone container-server[129599]: 172.20.0.100 - - [09/Jan/2026:00:43:49 +0000] "PUT /d1/453/AUTH_a7fe78fff745465881bf8c2586285a06/gnocchi.97394d80-3a2b-4ceb-a08f-7cf7bfc1e615" 201 - "PUT http://172.18.0.2:8080/v1/AUTH_a7fe78fff745465881bf8c2586285a06/gnocchi.97394d80-3a2b-4ceb-a08f-7cf7bfc1e615" "tx960c9327a4254396b0abd-0069604f45" "proxy-server 20" 0.0182 "-" 18 0
Jan 9 00:43:49 standalone proxy-server[131758]: 172.18.0.2 172.18.0.100 09/Jan/2026/00/43/49 PUT /v1/AUTH_a7fe78fff745465881bf8c2586285a06/gnocchi.97394d80-3a2b-4ceb-a08f-7cf7bfc1e615 HTTP/1.0 201 - python-swiftclient-3.11.1 gAAAAABpYE22aU6Q... - - - tx960c9327a4254396b0abd-0069604f45 - 0.0236 - - 1767919429.171430826 1767919429.194982290 0
Jan 9 00:43:49 standalone container-server[129605]: 172.20.0.100 - - [09/Jan/2026:00:43:49 +0000] "HEAD /d1/453/AUTH_a7fe78fff745465881bf8c2586285a06/gnocchi.97394d80-3a2b-4ceb-a08f-7cf7bfc1e615" 204 - "HEAD http://172.18.0.2:8080/v1/AUTH_a7fe78fff745465881bf8c2586285a06/gnocchi.97394d80-3a2b-4ceb-a08f-7cf7bfc1e615?format=json&states=listing" "tx005eeac1986f48eaacb05-0069604f45" "proxy-server 20" 0.0016 "-" 21 0
Jan 9 00:43:49 standalone proxy-server[131758]: - - 09/Jan/2026/00/43/49 HEAD /v1/AUTH_a7fe78fff745465881bf8c2586285a06/gnocchi.97394d80-3a2b-4ceb-a08f-7cf7bfc1e615%3Fformat%3Djson%26states%3Dlisting HTTP/1.0 204 - Swift - - - - tx005eeac1986f48eaacb05-0069604f45 - 0.0063 RL - 1767919429.202218056 1767919429.208526373 0
Jan 9 00:43:49 standalone container-server[129599]: 172.20.0.100 - - [09/Jan/2026:00:43:49 +0000] "GET /d1/453/AUTH_a7fe78fff745465881bf8c2586285a06/gnocchi.97394d80-3a2b-4ceb-a08f-7cf7bfc1e615" 200 2 "GET http://172.18.0.2:8080/v1/AUTH_a7fe78fff745465881bf8c2586285a06/gnocchi.97394d80-3a2b-4ceb-a08f-7cf7bfc1e615?format=json&states=listing" "tx005eeac1986f48eaacb05-0069604f45" "proxy-server 20" 0.0048 "-" 18 0
Jan 9 00:43:49 standalone proxy-server[131758]: 172.18.0.2 172.18.0.100 09/Jan/2026/00/43/49 GET /v1/AUTH_a7fe78fff745465881bf8c2586285a06/gnocchi.97394d80-3a2b-4ceb-a08f-7cf7bfc1e615%3Fformat%3Djson%26states%3Dlisting HTTP/1.0 200 - python-swiftclient-3.11.1 gAAAAABpYE22aU6Q... - 2 - tx005eeac1986f48eaacb05-0069604f45 - 0.0221 - - 1767919429.200717449 1767919429.222807646 0
Jan 9 00:43:49 standalone object-server[129757]: 172.20.0.100 - - [09/Jan/2026:00:43:49 +0000] "GET /d1/974/AUTH_a7fe78fff745465881bf8c2586285a06/gnocchi.97394d80-3a2b-4ceb-a08f-7cf7bfc1e615/1766880000.0_mean_300.0_v3" 404 70 "GET http://172.18.0.2:8080/v1/AUTH_a7fe78fff745465881bf8c2586285a06/gnocchi.97394d80-3a2b-4ceb-a08f-7cf7bfc1e615/1766880000.0_mean_300.0_v3" "tx7885c3399e024690a9b9c-0069604f45" "proxy-server 20" 0.0005 "-" 20 0
Jan 9 00:43:49 standalone proxy-server[131758]: 172.18.0.2 172.18.0.100 09/Jan/2026/00/43/49 GET /v1/AUTH_a7fe78fff745465881bf8c2586285a06/gnocchi.97394d80-3a2b-4ceb-a08f-7cf7bfc1e615/1766880000.0_mean_300.0_v3 HTTP/1.0 404 - python-swiftclient-3.11.1 gAAAAABpYE22aU6Q... - 70 - tx7885c3399e024690a9b9c-0069604f45 - 0.0082 - - 1767919429.228651524 1767919429.236826181 0
Jan 9 00:43:49 standalone container-server[129611]: 172.20.0.100 - - [09/Jan/2026:00:43:49 +0000] "PUT /d1/453/AUTH_a7fe78fff745465881bf8c2586285a06/gnocchi.97394d80-3a2b-4ceb-a08f-7cf7bfc1e615/1766880000.0_mean_300.0_v3" 201 - "PUT http://172.18.0.2:8080/d1/974/AUTH_a7fe78fff745465881bf8c2586285a06/gnocchi.97394d80-3a2b-4ceb-a08f-7cf7bfc1e615/1766880000.0_mean_300.0_v3" "txe6cf2168c3fc490ba2f23-0069604f45" "object-server 19" 0.0007 "-" 22 0
Jan 9 00:43:49 standalone object-server[129756]: 172.20.0.100 - - [09/Jan/2026:00:43:49 +0000] "PUT /d1/974/AUTH_a7fe78fff745465881bf8c2586285a06/gnocchi.97394d80-3a2b-4ceb-a08f-7cf7bfc1e615/1766880000.0_mean_300.0_v3" 201 - "PUT http://172.18.0.2:8080/v1/AUTH_a7fe78fff745465881bf8c2586285a06/gnocchi.97394d80-3a2b-4ceb-a08f-7cf7bfc1e615/1766880000.0_mean_300.0_v3" "txe6cf2168c3fc490ba2f23-0069604f45" "proxy-server 20" 0.0114 "-" 19 0
Jan 9 00:43:49 standalone proxy-server[131758]: 172.18.0.2 172.18.0.100 09/Jan/2026/00/43/49 PUT /v1/AUTH_a7fe78fff745465881bf8c2586285a06/gnocchi.97394d80-3a2b-4ceb-a08f-7cf7bfc1e615/1766880000.0_mean_300.0_v3 HTTP/1.0 201 - python-swiftclient-3.11.1 gAAAAABpYE22aU6Q... 16 - - txe6cf2168c3fc490ba2f23-0069604f45 - 0.0193 - - 1767919429.240712166 1767919429.259992361 0
Jan 9 00:43:49 standalone container-server[129599]: 172.20.0.100 - - [09/Jan/2026:00:43:49 +0000] "PUT /d1/453/AUTH_a7fe78fff745465881bf8c2586285a06/gnocchi.97394d80-3a2b-4ceb-a08f-7cf7bfc1e615/none_v3" 201 - "PUT http://172.18.0.2:8080/d1/986/AUTH_a7fe78fff745465881bf8c2586285a06/gnocchi.97394d80-3a2b-4ceb-a08f-7cf7bfc1e615/none_v3" "tx51f1b669122f4093966fa-0069604f45" "object-server 19" 0.0008 "-" 18 0
Jan 9 00:43:49 standalone object-server[129756]: 172.20.0.100 - - [09/Jan/2026:00:43:49 +0000] "PUT /d1/986/AUTH_a7fe78fff745465881bf8c2586285a06/gnocchi.97394d80-3a2b-4ceb-a08f-7cf7bfc1e615/none_v3" 201 - "PUT http://172.18.0.2:8080/v1/AUTH_a7fe78fff745465881bf8c2586285a06/gnocchi.97394d80-3a2b-4ceb-a08f-7cf7bfc1e615/none_v3" "tx51f1b669122f4093966fa-0069604f45" "proxy-server 20" 0.0136 "-" 19 0
Jan 9 00:43:49 standalone proxy-server[131758]: 172.18.0.2 172.18.0.100 09/Jan/2026/00/43/49 PUT /v1/AUTH_a7fe78fff745465881bf8c2586285a06/gnocchi.97394d80-3a2b-4ceb-a08f-7cf7bfc1e615/none_v3 HTTP/1.0 201 - python-swiftclient-3.11.1 gAAAAABpYE22aU6Q... 22 - - tx51f1b669122f4093966fa-0069604f45 - 0.0208 - - 1767919429.263265371 1767919429.284022093 0
Jan 9 00:43:49 standalone container-server[129611]: 172.20.0.100 - - [09/Jan/2026:00:43:49 +0000] "HEAD /d1/557/AUTH_a7fe78fff745465881bf8c2586285a06/gnocchi.e9264f7c-d673-4617-98d9-7c938f590df1" 404 - "HEAD http://172.18.0.2:8080/v1/AUTH_a7fe78fff745465881bf8c2586285a06/gnocchi.e9264f7c-d673-4617-98d9-7c938f590df1?format=json&states=listing" "tx4668cbd20b9c4334b9503-0069604f45" "proxy-server 20" 0.0004 "-" 22 0
Jan 9 00:43:49 standalone object-server[129757]: 172.20.0.100 - - [09/Jan/2026:00:43:49 +0000] "GET /d1/226/AUTH_a7fe78fff745465881bf8c2586285a06/gnocchi.e9264f7c-d673-4617-98d9-7c938f590df1/none_v3" 404 70 "GET http://172.18.0.2:8080/v1/AUTH_a7fe78fff745465881bf8c2586285a06/gnocchi.e9264f7c-d673-4617-98d9-7c938f590df1/none_v3" "tx4668cbd20b9c4334b9503-0069604f45" "proxy-server 20" 0.0003 "-" 20 0
Jan 9 00:43:49 standalone proxy-server[131758]: 172.18.0.2 172.18.0.100 09/Jan/2026/00/43/49 GET /v1/AUTH_a7fe78fff745465881bf8c2586285a06/gnocchi.e9264f7c-d673-4617-98d9-7c938f590df1/none_v3 HTTP/1.0 404 - python-swiftclient-3.11.1 gAAAAABpYE22aU6Q... - 70 - tx4668cbd20b9c4334b9503-0069604f45 - 0.0120 - - 1767919429.294681549 1767919429.306707621 0
Jan 9 00:43:49 standalone account-server[129531]: 172.20.0.100 - - [09/Jan/2026:00:43:49 +0000] "PUT /d1/366/AUTH_a7fe78fff745465881bf8c2586285a06/gnocchi.e9264f7c-d673-4617-98d9-7c938f590df1" 201 - "PUT http://172.20.0.100:6001/d1/557/AUTH_a7fe78fff745465881bf8c2586285a06/gnocchi.e9264f7c-d673-4617-98d9-7c938f590df1" "tx0c0d5690ff1646cbaf4d1-0069604f45" "container-server 21" 0.0044 "-" 19 0
Jan 9 00:43:49 standalone container-server[129605]: 172.20.0.100 - - [09/Jan/2026:00:43:49 +0000] "PUT /d1/557/AUTH_a7fe78fff745465881bf8c2586285a06/gnocchi.e9264f7c-d673-4617-98d9-7c938f590df1" 201 - "PUT http://172.18.0.2:8080/v1/AUTH_a7fe78fff745465881bf8c2586285a06/gnocchi.e9264f7c-d673-4617-98d9-7c938f590df1" "tx0c0d5690ff1646cbaf4d1-0069604f45" "proxy-server 20" 0.0154 "-" 21 0
Jan 9 00:43:49 standalone proxy-server[131758]: 172.18.0.2 172.18.0.100 09/Jan/2026/00/43/49 PUT /v1/AUTH_a7fe78fff745465881bf8c2586285a06/gnocchi.e9264f7c-d673-4617-98d9-7c938f590df1 HTTP/1.0 201 - python-swiftclient-3.11.1 gAAAAABpYE22aU6Q... - - - tx0c0d5690ff1646cbaf4d1-0069604f45 - 0.0215 - - 1767919429.309919119 1767919429.331467628 0
Jan 9 00:43:49 standalone container-server[129599]: 172.20.0.100 - - [09/Jan/2026:00:43:49 +0000] "HEAD /d1/557/AUTH_a7fe78fff745465881bf8c2586285a06/gnocchi.e9264f7c-d673-4617-98d9-7c938f590df1" 204 - "HEAD http://172.18.0.2:8080/v1/AUTH_a7fe78fff745465881bf8c2586285a06/gnocchi.e9264f7c-d673-4617-98d9-7c938f590df1?format=json&states=listing" "tx5943da1d00ac4ad4bbd21-0069604f45" "proxy-server 20" 0.0022 "-" 18 0
Jan 9 00:43:49 standalone proxy-server[131758]: - - 09/Jan/2026/00/43/49 HEAD /v1/AUTH_a7fe78fff745465881bf8c2586285a06/gnocchi.e9264f7c-d673-4617-98d9-7c938f590df1%3Fformat%3Djson%26states%3Dlisting HTTP/1.0 204 - Swift - - - - tx5943da1d00ac4ad4bbd21-0069604f45 - 0.0059 RL - 1767919429.336162806 1767919429.342099667 0
Jan 9 00:43:49 standalone container-server[129599]: 172.20.0.100 - - [09/Jan/2026:00:43:49 +0000] "GET /d1/557/AUTH_a7fe78fff745465881bf8c2586285a06/gnocchi.e9264f7c-d673-4617-98d9-7c938f590df1" 200 2 "GET http://172.18.0.2:8080/v1/AUTH_a7fe78fff745465881bf8c2586285a06/gnocchi.e9264f7c-d673-4617-98d9-7c938f590df1?format=json&states=listing" "tx5943da1d00ac4ad4bbd21-0069604f45" "proxy-server 20" 0.0030 "-" 18 0
Jan 9 00:43:49 standalone proxy-server[131758]: 172.18.0.2 172.18.0.100 09/Jan/2026/00/43/49 GET /v1/AUTH_a7fe78fff745465881bf8c2586285a06/gnocchi.e9264f7c-d673-4617-98d9-7c938f590df1%3Fformat%3Djson%26states%3Dlisting HTTP/1.0 200 - python-swiftclient-3.11.1 gAAAAABpYE22aU6Q... - 2 - tx5943da1d00ac4ad4bbd21-0069604f45 - 0.0160 - - 1767919429.335075855 1767919429.351054668 0
Jan 9 00:43:49 standalone object-server[129758]: 172.20.0.100 - - [09/Jan/2026:00:43:49 +0000] "GET /d1/775/AUTH_a7fe78fff745465881bf8c2586285a06/gnocchi.e9264f7c-d673-4617-98d9-7c938f590df1/1766880000.0_mean_300.0_v3" 404 70 "GET http://172.18.0.2:8080/v1/AUTH_a7fe78fff745465881bf8c2586285a06/gnocchi.e9264f7c-d673-4617-98d9-7c938f590df1/1766880000.0_mean_300.0_v3" "txcb3f4cf3350545dd9573a-0069604f45" "proxy-server 20" 0.0005 "-" 21 0
Jan 9 00:43:49 standalone proxy-server[131758]: 172.18.0.2 172.18.0.100 09/Jan/2026/00/43/49 GET /v1/AUTH_a7fe78fff745465881bf8c2586285a06/gnocchi.e9264f7c-d673-4617-98d9-7c938f590df1/1766880000.0_mean_300.0_v3 HTTP/1.0 404 - python-swiftclient-3.11.1 gAAAAABpYE22aU6Q... - 70 - txcb3f4cf3350545dd9573a-0069604f45 - 0.0064 - - 1767919429.354615450 1767919429.360989094 0
Jan 9 00:43:49 standalone container-server[129599]: 172.20.0.100 - - [09/Jan/2026:00:43:49 +0000] "PUT /d1/557/AUTH_a7fe78fff745465881bf8c2586285a06/gnocchi.e9264f7c-d673-4617-98d9-7c938f590df1/1766880000.0_mean_300.0_v3" 201 - "PUT http://172.18.0.2:8080/d1/775/AUTH_a7fe78fff745465881bf8c2586285a06/gnocchi.e9264f7c-d673-4617-98d9-7c938f590df1/1766880000.0_mean_300.0_v3" "tx52be340ab33d40378ca70-0069604f45" "object-server 21" 0.0009 "-" 18 0
Jan 9 00:43:49 standalone object-server[129758]: 172.20.0.100 - - [09/Jan/2026:00:43:49 +0000] "PUT /d1/775/AUTH_a7fe78fff745465881bf8c2586285a06/gnocchi.e9264f7c-d673-4617-98d9-7c938f590df1/1766880000.0_mean_300.0_v3" 201 - "PUT http://172.18.0.2:8080/v1/AUTH_a7fe78fff745465881bf8c2586285a06/gnocchi.e9264f7c-d673-4617-98d9-7c938f590df1/1766880000.0_mean_300.0_v3" "tx52be340ab33d40378ca70-0069604f45" "proxy-server 20" 0.0151 "-" 21 0
Jan 9 00:43:49 standalone proxy-server[131758]: 172.18.0.2 172.18.0.100 09/Jan/2026/00/43/49 PUT /v1/AUTH_a7fe78fff745465881bf8c2586285a06/gnocchi.e9264f7c-d673-4617-98d9-7c938f590df1/1766880000.0_mean_300.0_v3 HTTP/1.0 201 - python-swiftclient-3.11.1 gAAAAABpYE22aU6Q... 16 - - tx52be340ab33d40378ca70-0069604f45 - 0.0209 - - 1767919429.364140272 1767919429.385015488 0
Jan 9 00:43:49 standalone container-server[129597]: 172.20.0.100 - - [09/Jan/2026:00:43:49 +0000] "PUT /d1/557/AUTH_a7fe78fff745465881bf8c2586285a06/gnocchi.e9264f7c-d673-4617-98d9-7c938f590df1/none_v3" 201 - "PUT http://172.18.0.2:8080/d1/226/AUTH_a7fe78fff745465881bf8c2586285a06/gnocchi.e9264f7c-d673-4617-98d9-7c938f590df1/none_v3" "txaf3f891e3eae4b08ba7a7-0069604f45" "object-server 19" 0.0006 "-" 17 0
Jan 9 00:43:49 standalone object-server[129756]: 172.20.0.100 - - [09/Jan/2026:00:43:49 +0000] "PUT /d1/226/AUTH_a7fe78fff745465881bf8c2586285a06/gnocchi.e9264f7c-d673-4617-98d9-7c938f590df1/none_v3" 201 - "PUT http://172.18.0.2:8080/v1/AUTH_a7fe78fff745465881bf8c2586285a06/gnocchi.e9264f7c-d673-4617-98d9-7c938f590df1/none_v3" "txaf3f891e3eae4b08ba7a7-0069604f45" "proxy-server 20" 0.0109 "-" 19 0
Jan 9 00:43:49 standalone proxy-server[131758]: 172.18.0.2 172.18.0.100 09/Jan/2026/00/43/49 PUT /v1/AUTH_a7fe78fff745465881bf8c2586285a06/gnocchi.e9264f7c-d673-4617-98d9-7c938f590df1/none_v3 HTTP/1.0 201 - python-swiftclient-3.11.1 gAAAAABpYE22aU6Q... 22 - - txaf3f891e3eae4b08ba7a7-0069604f45 - 0.0160 - - 1767919429.387726307 1767919429.403715849 0
Jan 9 00:43:49 standalone container-server[129599]: 172.20.0.100 - - [09/Jan/2026:00:43:49 +0000] "HEAD /d1/898/AUTH_a7fe78fff745465881bf8c2586285a06/gnocchi.160c2fe5-ea7f-40dd-ad6f-61dfd2503c5f" 404 - "HEAD http://172.18.0.2:8080/v1/AUTH_a7fe78fff745465881bf8c2586285a06/gnocchi.160c2fe5-ea7f-40dd-ad6f-61dfd2503c5f?format=json&states=listing" "tx795796ecc24f4f6e954e2-0069604f45" "proxy-server 20" 0.0005 "-" 18 0
Jan 9 00:43:49 standalone object-server[129756]: 172.20.0.100 - - [09/Jan/2026:00:43:49 +0000] "GET /d1/558/AUTH_a7fe78fff745465881bf8c2586285a06/gnocchi.160c2fe5-ea7f-40dd-ad6f-61dfd2503c5f/none_v3" 404 70 "GET http://172.18.0.2:8080/v1/AUTH_a7fe78fff745465881bf8c2586285a06/gnocchi.160c2fe5-ea7f-40dd-ad6f-61dfd2503c5f/none_v3" "tx795796ecc24f4f6e954e2-0069604f45" "proxy-server 20" 0.0005 "-" 19 0
Jan 9 00:43:49 standalone proxy-server[131758]: 172.18.0.2 172.18.0.100 09/Jan/2026/00/43/49 GET /v1/AUTH_a7fe78fff745465881bf8c2586285a06/gnocchi.160c2fe5-ea7f-40dd-ad6f-61dfd2503c5f/none_v3 HTTP/1.0 404 - python-swiftclient-3.11.1 gAAAAABpYE22aU6Q... - 70 - tx795796ecc24f4f6e954e2-0069604f45 - 0.0103 - - 1767919429.413157463 1767919429.423436642 0
Jan 9 00:43:49 standalone account-server[129560]: 172.20.0.100 - - [09/Jan/2026:00:43:49 +0000] "PUT /d1/366/AUTH_a7fe78fff745465881bf8c2586285a06/gnocchi.160c2fe5-ea7f-40dd-ad6f-61dfd2503c5f" 201 - "PUT http://172.20.0.100:6001/d1/898/AUTH_a7fe78fff745465881bf8c2586285a06/gnocchi.160c2fe5-ea7f-40dd-ad6f-61dfd2503c5f" "txdd6140e19f484ef2add62-0069604f45" "container-server 21" 0.0051 "-" 21 0
Jan 9 00:43:49 standalone container-server[129605]: 172.20.0.100 - - [09/Jan/2026:00:43:49 +0000] "PUT /d1/898/AUTH_a7fe78fff745465881bf8c2586285a06/gnocchi.160c2fe5-ea7f-40dd-ad6f-61dfd2503c5f" 201 - "PUT http://172.18.0.2:8080/v1/AUTH_a7fe78fff745465881bf8c2586285a06/gnocchi.160c2fe5-ea7f-40dd-ad6f-61dfd2503c5f" "txdd6140e19f484ef2add62-0069604f45" "proxy-server 20" 0.0169 "-" 21 0
Jan 9 00:43:49 standalone proxy-server[131758]: 172.18.0.2 172.18.0.100 09/Jan/2026/00/43/49 PUT /v1/AUTH_a7fe78fff745465881bf8c2586285a06/gnocchi.160c2fe5-ea7f-40dd-ad6f-61dfd2503c5f HTTP/1.0 201 - python-swiftclient-3.11.1 gAAAAABpYE22aU6Q... - - - txdd6140e19f484ef2add62-0069604f45 - 0.0216 - - 1767919429.426079750 1767919429.447693110 0
Jan 9 00:43:49 standalone container-server[129597]: 172.20.0.100 - - [09/Jan/2026:00:43:49 +0000] "HEAD /d1/898/AUTH_a7fe78fff745465881bf8c2586285a06/gnocchi.160c2fe5-ea7f-40dd-ad6f-61dfd2503c5f" 204 - "HEAD http://172.18.0.2:8080/v1/AUTH_a7fe78fff745465881bf8c2586285a06/gnocchi.160c2fe5-ea7f-40dd-ad6f-61dfd2503c5f?format=json&states=listing" "txd0ea2e7b350f4e9593fdd-0069604f45" "proxy-server 20" 0.0026 "-" 17 0
Jan 9 00:43:49 standalone proxy-server[131758]: - - 09/Jan/2026/00/43/49 HEAD /v1/AUTH_a7fe78fff745465881bf8c2586285a06/gnocchi.160c2fe5-ea7f-40dd-ad6f-61dfd2503c5f%3Fformat%3Djson%26states%3Dlisting HTTP/1.0 204 - Swift - - - - txd0ea2e7b350f4e9593fdd-0069604f45 - 0.0080 RL - 1767919429.453937054 1767919429.461920023 0
Jan 9 00:43:49 standalone container-server[129611]: 172.20.0.100 - - [09/Jan/2026:00:43:49 +0000] "GET /d1/898/AUTH_a7fe78fff745465881bf8c2586285a06/gnocchi.160c2fe5-ea7f-40dd-ad6f-61dfd2503c5f" 200 2 "GET http://172.18.0.2:8080/v1/AUTH_a7fe78fff745465881bf8c2586285a06/gnocchi.160c2fe5-ea7f-40dd-ad6f-61dfd2503c5f?format=json&states=listing" "txd0ea2e7b350f4e9593fdd-0069604f45" "proxy-server 20" 0.0022 "-" 22 0
Jan 9 00:43:49 standalone proxy-server[131758]: 172.18.0.2 172.18.0.100 09/Jan/2026/00/43/49 GET /v1/AUTH_a7fe78fff745465881bf8c2586285a06/gnocchi.160c2fe5-ea7f-40dd-ad6f-61dfd2503c5f%3Fformat%3Djson%26states%3Dlisting HTTP/1.0 200 - python-swiftclient-3.11.1 gAAAAABpYE22aU6Q... - 2 - txd0ea2e7b350f4e9593fdd-0069604f45 - 0.0189 - - 1767919429.452713013 1767919429.471579552 0
Jan 9 00:43:49 standalone object-server[129756]: 172.20.0.100 - - [09/Jan/2026:00:43:49 +0000] "GET /d1/5/AUTH_a7fe78fff745465881bf8c2586285a06/gnocchi.160c2fe5-ea7f-40dd-ad6f-61dfd2503c5f/1766880000.0_mean_300.0_v3" 404 70 "GET http://172.18.0.2:8080/v1/AUTH_a7fe78fff745465881bf8c2586285a06/gnocchi.160c2fe5-ea7f-40dd-ad6f-61dfd2503c5f/1766880000.0_mean_300.0_v3" "tx168301447df74692b5ac2-0069604f45" "proxy-server 20" 0.0003 "-" 19 0
Jan 9 00:43:49 standalone proxy-server[131758]: 172.18.0.2 172.18.0.100 09/Jan/2026/00/43/49 GET /v1/AUTH_a7fe78fff745465881bf8c2586285a06/gnocchi.160c2fe5-ea7f-40dd-ad6f-61dfd2503c5f/1766880000.0_mean_300.0_v3 HTTP/1.0 404 - python-swiftclient-3.11.1 gAAAAABpYE22aU6Q... - 70 - tx168301447df74692b5ac2-0069604f45 - 0.0066 - - 1767919429.474948645 1767919429.481589317 0
Jan 9 00:43:49 standalone container-server[129611]: 172.20.0.100 - - [09/Jan/2026:00:43:49 +0000] "PUT /d1/898/AUTH_a7fe78fff745465881bf8c2586285a06/gnocchi.160c2fe5-ea7f-40dd-ad6f-61dfd2503c5f/1766880000.0_mean_300.0_v3" 201 - "PUT http://172.18.0.2:8080/d1/5/AUTH_a7fe78fff745465881bf8c2586285a06/gnocchi.160c2fe5-ea7f-40dd-ad6f-61dfd2503c5f/1766880000.0_mean_300.0_v3" "txd2670d8aea164032893b7-0069604f45" "object-server 21" 0.0008 "-" 22 0
Jan 9 00:43:49 standalone object-server[129758]: 172.20.0.100 - - [09/Jan/2026:00:43:49 +0000] "PUT /d1/5/AUTH_a7fe78fff745465881bf8c2586285a06/gnocchi.160c2fe5-ea7f-40dd-ad6f-61dfd2503c5f/1766880000.0_mean_300.0_v3" 201 - "PUT http://172.18.0.2:8080/v1/AUTH_a7fe78fff745465881bf8c2586285a06/gnocchi.160c2fe5-ea7f-40dd-ad6f-61dfd2503c5f/1766880000.0_mean_300.0_v3" "txd2670d8aea164032893b7-0069604f45" "proxy-server 20" 0.0140 "-" 21 0
Jan 9 00:43:49 standalone proxy-server[131758]: 172.18.0.2 172.18.0.100 09/Jan/2026/00/43/49 PUT /v1/AUTH_a7fe78fff745465881bf8c2586285a06/gnocchi.160c2fe5-ea7f-40dd-ad6f-61dfd2503c5f/1766880000.0_mean_300.0_v3 HTTP/1.0 201 - python-swiftclient-3.11.1 gAAAAABpYE22aU6Q... 16 - - txd2670d8aea164032893b7-0069604f45 - 0.0235 - - 1767919429.485338688 1767919429.508820772 0
Jan 9 00:43:49 standalone container-server[129597]: 172.20.0.100 - - [09/Jan/2026:00:43:49 +0000] "PUT /d1/898/AUTH_a7fe78fff745465881bf8c2586285a06/gnocchi.160c2fe5-ea7f-40dd-ad6f-61dfd2503c5f/none_v3" 201 - "PUT http://172.18.0.2:8080/d1/558/AUTH_a7fe78fff745465881bf8c2586285a06/gnocchi.160c2fe5-ea7f-40dd-ad6f-61dfd2503c5f/none_v3" "tx45c928a6a8b3456ba0c5b-0069604f45" "object-server 21" 0.0007 "-" 17 0
Jan 9 00:43:49 standalone object-server[129758]: 172.20.0.100 - - [09/Jan/2026:00:43:49 +0000] "PUT /d1/558/AUTH_a7fe78fff745465881bf8c2586285a06/gnocchi.160c2fe5-ea7f-40dd-ad6f-61dfd2503c5f/none_v3" 201 - "PUT http://172.18.0.2:8080/v1/AUTH_a7fe78fff745465881bf8c2586285a06/gnocchi.160c2fe5-ea7f-40dd-ad6f-61dfd2503c5f/none_v3" "tx45c928a6a8b3456ba0c5b-0069604f45" "proxy-server 20" 0.0121 "-" 21 0
Jan 9 00:43:49 standalone proxy-server[131758]: 172.18.0.2 172.18.0.100 09/Jan/2026/00/43/49 PUT /v1/AUTH_a7fe78fff745465881bf8c2586285a06/gnocchi.160c2fe5-ea7f-40dd-ad6f-61dfd2503c5f/none_v3 HTTP/1.0 201 - python-swiftclient-3.11.1 gAAAAABpYE22aU6Q... 22 - - tx45c928a6a8b3456ba0c5b-0069604f45 - 0.0190 - - 1767919429.512580872 1767919429.531590462 0
Jan 9 00:43:49 standalone container-server[129605]: 172.20.0.100 - - [09/Jan/2026:00:43:49 +0000] "HEAD /d1/776/AUTH_a7fe78fff745465881bf8c2586285a06/gnocchi.fa16bbb2-a25d-4b73-b994-5faf68ba8139" 204 - "HEAD http://172.18.0.2:8080/v1/AUTH_a7fe78fff745465881bf8c2586285a06/gnocchi.fa16bbb2-a25d-4b73-b994-5faf68ba8139?format=json&states=listing" "tx6c6dc6e7f0dd4bcfb85f0-0069604f45" "proxy-server 20" 0.0018 "-" 21 0
Jan 9 00:43:49 standalone object-server[129756]: 172.20.0.100 - - [09/Jan/2026:00:43:49 +0000] "GET /d1/475/AUTH_a7fe78fff745465881bf8c2586285a06/gnocchi.fa16bbb2-a25d-4b73-b994-5faf68ba8139/none_v3" 200 22 "GET http://172.18.0.2:8080/v1/AUTH_a7fe78fff745465881bf8c2586285a06/gnocchi.fa16bbb2-a25d-4b73-b994-5faf68ba8139/none_v3" "tx6c6dc6e7f0dd4bcfb85f0-0069604f45" "proxy-server 20" 0.0008 "-" 19 0
Jan 9 00:43:49 standalone proxy-server[131758]: 172.18.0.2 172.18.0.100 09/Jan/2026/00/43/49 GET /v1/AUTH_a7fe78fff745465881bf8c2586285a06/gnocchi.fa16bbb2-a25d-4b73-b994-5faf68ba8139/none_v3 HTTP/1.0 200 - python-swiftclient-3.11.1 gAAAAABpYE22aU6Q... - 22 - tx6c6dc6e7f0dd4bcfb85f0-0069604f45 - 0.0176 - - 1767919429.542732716 1767919429.560341597 0
Jan 9 00:43:49 standalone container-server[129605]: 172.20.0.100 - - [09/Jan/2026:00:43:49 +0000] "GET /d1/776/AUTH_a7fe78fff745465881bf8c2586285a06/gnocchi.fa16bbb2-a25d-4b73-b994-5faf68ba8139" 200 357 "GET http://172.18.0.2:8080/v1/AUTH_a7fe78fff745465881bf8c2586285a06/gnocchi.fa16bbb2-a25d-4b73-b994-5faf68ba8139?format=json&states=listing" "tx4cff8c969f9148a790f4e-0069604f45" "proxy-server 20" 0.0021 "-" 21 0
Jan 9 00:43:49 standalone proxy-server[131758]: 172.18.0.2 172.18.0.100 09/Jan/2026/00/43/49 GET /v1/AUTH_a7fe78fff745465881bf8c2586285a06/gnocchi.fa16bbb2-a25d-4b73-b994-5faf68ba8139%3Fformat%3Djson%26states%3Dlisting HTTP/1.0 200 - python-swiftclient-3.11.1 gAAAAABpYE22aU6Q... - 357 - tx4cff8c969f9148a790f4e-0069604f45 - 0.0116 - - 1767919429.568321705 1767919429.579935074 0
Jan 9 00:43:49 standalone container-server[129611]: 172.20.0.100 - - [09/Jan/2026:00:43:49 +0000] "GET /d1/776/AUTH_a7fe78fff745465881bf8c2586285a06/gnocchi.fa16bbb2-a25d-4b73-b994-5faf68ba8139" 200 2 "GET http://172.18.0.2:8080/v1/AUTH_a7fe78fff745465881bf8c2586285a06/gnocchi.fa16bbb2-a25d-4b73-b994-5faf68ba8139?format=json&marker=none_v3&states=listing" "tx06e1a412ce2941d6928d1-0069604f45" "proxy-server 20" 0.0032 "-" 22 0
Jan 9 00:43:49 standalone proxy-server[131758]: 172.18.0.2 172.18.0.100 09/Jan/2026/00/43/49 GET /v1/AUTH_a7fe78fff745465881bf8c2586285a06/gnocchi.fa16bbb2-a25d-4b73-b994-5faf68ba8139%3Fformat%3Djson%26marker%3Dnone_v3%26states%3Dlisting HTTP/1.0 200 - python-swiftclient-3.11.1 gAAAAABpYE22aU6Q... - 2 - tx06e1a412ce2941d6928d1-0069604f45 - 0.0120 - - 1767919429.586635590 1767919429.598597050 0
Jan 9 00:43:49 standalone object-server[129764]: 172.20.0.100 - - [09/Jan/2026:00:43:49 +0000] "GET /d1/785/AUTH_a7fe78fff745465881bf8c2586285a06/gnocchi.fa16bbb2-a25d-4b73-b994-5faf68ba8139/1766880000.0_mean_300.0_v3" 200 16 "GET http://172.18.0.2:8080/v1/AUTH_a7fe78fff745465881bf8c2586285a06/gnocchi.fa16bbb2-a25d-4b73-b994-5faf68ba8139/1766880000.0_mean_300.0_v3" "tx12aa06020cc0409caf666-0069604f45" "proxy-server 20" 0.0009 "-" 24 0
Jan 9 00:43:49 standalone proxy-server[131758]: 172.18.0.2 172.18.0.100 09/Jan/2026/00/43/49 GET /v1/AUTH_a7fe78fff745465881bf8c2586285a06/gnocchi.fa16bbb2-a25d-4b73-b994-5faf68ba8139/1766880000.0_mean_300.0_v3 HTTP/1.0 200 - python-swiftclient-3.11.1 gAAAAABpYE22aU6Q... - 16 - tx12aa06020cc0409caf666-0069604f45 - 0.0065 - - 1767919429.604317665 1767919429.610863686 0
Jan 9 00:43:49 standalone object-server[129756]: 172.20.0.100 - - [09/Jan/2026:00:43:49 +0000] "GET /d1/305/AUTH_a7fe78fff745465881bf8c2586285a06/gnocchi.fa16bbb2-a25d-4b73-b994-5faf68ba8139/1766880000.0_rate%3Amean_300.0_v3" 404 70 "GET http://172.18.0.2:8080/v1/AUTH_a7fe78fff745465881bf8c2586285a06/gnocchi.fa16bbb2-a25d-4b73-b994-5faf68ba8139/1766880000.0_rate%3Amean_300.0_v3" "txf5588d702c534fe3b02f1-0069604f45" "proxy-server 20" 0.0004 "-" 19 0
Jan 9 00:43:49 standalone proxy-server[131758]: 172.18.0.2 172.18.0.100 09/Jan/2026/00/43/49 GET /v1/AUTH_a7fe78fff745465881bf8c2586285a06/gnocchi.fa16bbb2-a25d-4b73-b994-5faf68ba8139/1766880000.0_rate%253Amean_300.0_v3 HTTP/1.0 404 - python-swiftclient-3.11.1 gAAAAABpYE22aU6Q... - 70 - txf5588d702c534fe3b02f1-0069604f45 - 0.0065 - - 1767919429.614546537 1767919429.621047497 0
Jan 9 00:43:49 standalone container-server[129599]: 172.20.0.100 - - [09/Jan/2026:00:43:49 +0000] "PUT /d1/776/AUTH_a7fe78fff745465881bf8c2586285a06/gnocchi.fa16bbb2-a25d-4b73-b994-5faf68ba8139/1766880000.0_mean_300.0_v3" 201 - "PUT http://172.18.0.2:8080/d1/785/AUTH_a7fe78fff745465881bf8c2586285a06/gnocchi.fa16bbb2-a25d-4b73-b994-5faf68ba8139/1766880000.0_mean_300.0_v3" "tx1e19e812e25547b0ae01c-0069604f45" "object-server 21" 0.0006 "-" 18 0
Jan 9 00:43:49 standalone object-server[129758]: 172.20.0.100 - - [09/Jan/2026:00:43:49 +0000] "PUT /d1/785/AUTH_a7fe78fff745465881bf8c2586285a06/gnocchi.fa16bbb2-a25d-4b73-b994-5faf68ba8139/1766880000.0_mean_300.0_v3" 201 - "PUT http://172.18.0.2:8080/v1/AUTH_a7fe78fff745465881bf8c2586285a06/gnocchi.fa16bbb2-a25d-4b73-b994-5faf68ba8139/1766880000.0_mean_300.0_v3" "tx1e19e812e25547b0ae01c-0069604f45" "proxy-server 20" 0.0095 "-" 21 0
Jan 9 00:43:49 standalone proxy-server[131758]: 172.18.0.2 172.18.0.100 09/Jan/2026/00/43/49 PUT /v1/AUTH_a7fe78fff745465881bf8c2586285a06/gnocchi.fa16bbb2-a25d-4b73-b994-5faf68ba8139/1766880000.0_mean_300.0_v3 HTTP/1.0 201 - python-swiftclient-3.11.1 gAAAAABpYE22aU6Q... 18 - - tx1e19e812e25547b0ae01c-0069604f45 - 0.0154 - - 1767919429.625398636 1767919429.640796900 0
Jan 9 00:43:49 standalone container-server[129611]: 172.20.0.100 - - [09/Jan/2026:00:43:49 +0000] "PUT /d1/776/AUTH_a7fe78fff745465881bf8c2586285a06/gnocchi.fa16bbb2-a25d-4b73-b994-5faf68ba8139/1766880000.0_rate%3Amean_300.0_v3" 201 - "PUT http://172.18.0.2:8080/d1/305/AUTH_a7fe78fff745465881bf8c2586285a06/gnocchi.fa16bbb2-a25d-4b73-b994-5faf68ba8139/1766880000.0_rate%3Amean_300.0_v3" "tx03c3b0f2eeaa4015a79fd-0069604f45" "object-server 24" 0.0008 "-" 22 0
Jan 9 00:43:49 standalone object-server[129764]: 172.20.0.100 - - [09/Jan/2026:00:43:49 +0000] "PUT /d1/305/AUTH_a7fe78fff745465881bf8c2586285a06/gnocchi.fa16bbb2-a25d-4b73-b994-5faf68ba8139/1766880000.0_rate%3Amean_300.0_v3" 201 - "PUT http://172.18.0.2:8080/v1/AUTH_a7fe78fff745465881bf8c2586285a06/gnocchi.fa16bbb2-a25d-4b73-b994-5faf68ba8139/1766880000.0_rate%3Amean_300.0_v3" "tx03c3b0f2eeaa4015a79fd-0069604f45" "proxy-server 20" 0.0122 "-" 24 0
Jan 9 00:43:49 standalone proxy-server[131758]: 172.18.0.2 172.18.0.100 09/Jan/2026/00/43/49 PUT /v1/AUTH_a7fe78fff745465881bf8c2586285a06/gnocchi.fa16bbb2-a25d-4b73-b994-5faf68ba8139/1766880000.0_rate%253Amean_300.0_v3 HTTP/1.0 201 - python-swiftclient-3.11.1 gAAAAABpYE22aU6Q... 16 - - tx03c3b0f2eeaa4015a79fd-0069604f45 - 0.0173 - - 1767919429.643410206 1767919429.660710812 0
Jan 9 00:43:49 standalone container-server[129605]: 172.20.0.100 - - [09/Jan/2026:00:43:49 +0000] "PUT /d1/776/AUTH_a7fe78fff745465881bf8c2586285a06/gnocchi.fa16bbb2-a25d-4b73-b994-5faf68ba8139/none_v3" 201 - "PUT http://172.18.0.2:8080/d1/475/AUTH_a7fe78fff745465881bf8c2586285a06/gnocchi.fa16bbb2-a25d-4b73-b994-5faf68ba8139/none_v3" "txc06b82aad81948faa72ee-0069604f45" "object-server 21" 0.0005 "-" 21 0
Jan 9 00:43:49 standalone object-server[129758]: 172.20.0.100 - - [09/Jan/2026:00:43:49 +0000] "PUT /d1/475/AUTH_a7fe78fff745465881bf8c2586285a06/gnocchi.fa16bbb2-a25d-4b73-b994-5faf68ba8139/none_v3" 201 - "PUT http://172.18.0.2:8080/v1/AUTH_a7fe78fff745465881bf8c2586285a06/gnocchi.fa16bbb2-a25d-4b73-b994-5faf68ba8139/none_v3" "txc06b82aad81948faa72ee-0069604f45" "proxy-server 20" 0.0174 "-" 21 0
Jan 9 00:43:49 standalone proxy-server[131758]: 172.18.0.2 172.18.0.100 09/Jan/2026/00/43/49 PUT /v1/AUTH_a7fe78fff745465881bf8c2586285a06/gnocchi.fa16bbb2-a25d-4b73-b994-5faf68ba8139/none_v3 HTTP/1.0 201 - python-swiftclient-3.11.1 gAAAAABpYE22aU6Q... 27 - - txc06b82aad81948faa72ee-0069604f45 - 0.0237 - - 1767919429.663536310 1767919429.687240124 0
Jan 9 00:43:49 standalone container-server[129597]: 172.20.0.100 - - [09/Jan/2026:00:43:49 +0000] "HEAD /d1/903/AUTH_a7fe78fff745465881bf8c2586285a06/gnocchi.5f7cb410-bbae-40f2-b21e-d92b45f3be4b" 404 - "HEAD http://172.18.0.2:8080/v1/AUTH_a7fe78fff745465881bf8c2586285a06/gnocchi.5f7cb410-bbae-40f2-b21e-d92b45f3be4b?format=json&states=listing" "tx21be8c35071b404abb3b4-0069604f45" "proxy-server 20" 0.0003 "-" 17 0
Jan 9 00:43:49 standalone object-server[129757]: 172.20.0.100 - - [09/Jan/2026:00:43:49 +0000] "GET /d1/856/AUTH_a7fe78fff745465881bf8c2586285a06/gnocchi.5f7cb410-bbae-40f2-b21e-d92b45f3be4b/none_v3" 404 70 "GET http://172.18.0.2:8080/v1/AUTH_a7fe78fff745465881bf8c2586285a06/gnocchi.5f7cb410-bbae-40f2-b21e-d92b45f3be4b/none_v3" "tx21be8c35071b404abb3b4-0069604f45" "proxy-server 20" 0.0005 "-" 20 0
Jan 9 00:43:49 standalone proxy-server[131758]: 172.18.0.2 172.18.0.100 09/Jan/2026/00/43/49 GET /v1/AUTH_a7fe78fff745465881bf8c2586285a06/gnocchi.5f7cb410-bbae-40f2-b21e-d92b45f3be4b/none_v3 HTTP/1.0 404 - python-swiftclient-3.11.1 gAAAAABpYE22aU6Q... - 70 - tx21be8c35071b404abb3b4-0069604f45 - 0.0135 - - 1767919429.725003242 1767919429.738521814 0
Jan 9 00:43:49 standalone account-server[129548]: 172.20.0.100 - - [09/Jan/2026:00:43:49 +0000] "PUT /d1/366/AUTH_a7fe78fff745465881bf8c2586285a06/gnocchi.5f7cb410-bbae-40f2-b21e-d92b45f3be4b" 201 - "PUT http://172.20.0.100:6001/d1/903/AUTH_a7fe78fff745465881bf8c2586285a06/gnocchi.5f7cb410-bbae-40f2-b21e-d92b45f3be4b" "tx12088579ac7545bab2b98-0069604f45" "container-server 17" 0.0070 "-" 20 0
Jan 9 00:43:49 standalone container-server[129597]: 172.20.0.100 - - [09/Jan/2026:00:43:49 +0000] "PUT /d1/903/AUTH_a7fe78fff745465881bf8c2586285a06/gnocchi.5f7cb410-bbae-40f2-b21e-d92b45f3be4b" 201 - "PUT http://172.18.0.2:8080/v1/AUTH_a7fe78fff745465881bf8c2586285a06/gnocchi.5f7cb410-bbae-40f2-b21e-d92b45f3be4b" "tx12088579ac7545bab2b98-0069604f45" "proxy-server 20" 0.0220 "-" 17 0
Jan 9 00:43:49 standalone proxy-server[131758]: 172.18.0.2 172.18.0.100 09/Jan/2026/00/43/49 PUT /v1/AUTH_a7fe78fff745465881bf8c2586285a06/gnocchi.5f7cb410-bbae-40f2-b21e-d92b45f3be4b HTTP/1.0 201 - python-swiftclient-3.11.1 gAAAAABpYE22aU6Q... - - - tx12088579ac7545bab2b98-0069604f45 - 0.0306 - - 1767919429.745830297 1767919429.776427746 0
Jan 9 00:43:49 standalone container-server[129597]: 172.20.0.100 - - [09/Jan/2026:00:43:49 +0000] "HEAD /d1/365/AUTH_a7fe78fff745465881bf8c2586285a06/gnocchi.d3eed018-9d17-4edc-ae9b-9954d881c0cb" 204 - "HEAD http://172.18.0.2:8080/v1/AUTH_a7fe78fff745465881bf8c2586285a06/gnocchi.d3eed018-9d17-4edc-ae9b-9954d881c0cb?format=json&states=listing" "tx2fd9b0a051b445b3bd23e-0069604f45" "proxy-server 20" 0.0014 "-" 17 0
Jan 9 00:43:49 standalone object-server[129758]: 172.20.0.100 - - [09/Jan/2026:00:43:49 +0000] "GET /d1/23/AUTH_a7fe78fff745465881bf8c2586285a06/gnocchi.d3eed018-9d17-4edc-ae9b-9954d881c0cb/none_v3" 200 22 "GET http://172.18.0.2:8080/v1/AUTH_a7fe78fff745465881bf8c2586285a06/gnocchi.d3eed018-9d17-4edc-ae9b-9954d881c0cb/none_v3" "tx2fd9b0a051b445b3bd23e-0069604f45" "proxy-server 20" 0.0013 "-" 21 0
Jan 9 00:43:49 standalone proxy-server[131758]: 172.18.0.2 172.18.0.100 09/Jan/2026/00/43/49 GET /v1/AUTH_a7fe78fff745465881bf8c2586285a06/gnocchi.d3eed018-9d17-4edc-ae9b-9954d881c0cb/none_v3 HTTP/1.0 200 - python-swiftclient-3.11.1 gAAAAABpYE22aU6Q... - 22 - tx2fd9b0a051b445b3bd23e-0069604f45 - 0.0144 - - 1767919429.780786991 1767919429.795177460 0
Jan 9 00:43:49 standalone container-server[129605]: 172.20.0.100 - - [09/Jan/2026:00:43:49 +0000] "HEAD /d1/903/AUTH_a7fe78fff745465881bf8c2586285a06/gnocchi.5f7cb410-bbae-40f2-b21e-d92b45f3be4b" 204 - "HEAD http://172.18.0.2:8080/v1/AUTH_a7fe78fff745465881bf8c2586285a06/gnocchi.5f7cb410-bbae-40f2-b21e-d92b45f3be4b?format=json&states=listing" "txadea3281c3bc424ca15df-0069604f45" "proxy-server 20" 0.0013 "-" 21 0
Jan 9 00:43:49 standalone proxy-server[131758]: - - 09/Jan/2026/00/43/49 HEAD /v1/AUTH_a7fe78fff745465881bf8c2586285a06/gnocchi.5f7cb410-bbae-40f2-b21e-d92b45f3be4b%3Fformat%3Djson%26states%3Dlisting HTTP/1.0 204 - Swift - - - - txadea3281c3bc424ca15df-0069604f45 - 0.0042 RL - 1767919429.799421787 1767919429.803587437 0
Jan 9 00:43:49 standalone container-server[129599]: 172.20.0.100 - - [09/Jan/2026:00:43:49 +0000] "GET /d1/903/AUTH_a7fe78fff745465881bf8c2586285a06/gnocchi.5f7cb410-bbae-40f2-b21e-d92b45f3be4b" 200 2 "GET http://172.18.0.2:8080/v1/AUTH_a7fe78fff745465881bf8c2586285a06/gnocchi.5f7cb410-bbae-40f2-b21e-d92b45f3be4b?format=json&states=listing" "txadea3281c3bc424ca15df-0069604f45" "proxy-server 20" 0.0019 "-" 18 0
Jan 9 00:43:49 standalone proxy-server[131758]: 172.18.0.2 172.18.0.100 09/Jan/2026/00/43/49 GET /v1/AUTH_a7fe78fff745465881bf8c2586285a06/gnocchi.5f7cb410-bbae-40f2-b21e-d92b45f3be4b%3Fformat%3Djson%26states%3Dlisting HTTP/1.0 200 - python-swiftclient-3.11.1 gAAAAABpYE22aU6Q... - 2 - txadea3281c3bc424ca15df-0069604f45 - 0.0129 - - 1767919429.798240185 1767919429.811138153 0
Jan 9 00:43:49 standalone container-server[129597]: 172.20.0.100 - - [09/Jan/2026:00:43:49 +0000] "GET /d1/365/AUTH_a7fe78fff745465881bf8c2586285a06/gnocchi.d3eed018-9d17-4edc-ae9b-9954d881c0cb" 200 357 "GET http://172.18.0.2:8080/v1/AUTH_a7fe78fff745465881bf8c2586285a06/gnocchi.d3eed018-9d17-4edc-ae9b-9954d881c0cb?format=json&states=listing" "txbe2842114b1d47e5b9e98-0069604f45" "proxy-server 20" 0.0020 "-" 17 0
Jan 9 00:43:49 standalone proxy-server[131758]: 172.18.0.2 172.18.0.100 09/Jan/2026/00/43/49 GET /v1/AUTH_a7fe78fff745465881bf8c2586285a06/gnocchi.d3eed018-9d17-4edc-ae9b-9954d881c0cb%3Fformat%3Djson%26states%3Dlisting HTTP/1.0 200 - python-swiftclient-3.11.1 gAAAAABpYE22aU6Q... - 357 - txbe2842114b1d47e5b9e98-0069604f45 - 0.0078 - - 1767919429.815860987 1767919429.823670626 0
Jan 9 00:43:49 standalone container-server[129597]: 172.20.0.100 - - [09/Jan/2026:00:43:49 +0000] "GET /d1/365/AUTH_a7fe78fff745465881bf8c2586285a06/gnocchi.d3eed018-9d17-4edc-ae9b-9954d881c0cb" 200 2 "GET http://172.18.0.2:8080/v1/AUTH_a7fe78fff745465881bf8c2586285a06/gnocchi.d3eed018-9d17-4edc-ae9b-9954d881c0cb?format=json&marker=none_v3&states=listing" "tx082f1145b9964418af453-0069604f45" "proxy-server 20" 0.0030 "-" 17 0
Jan 9 00:43:49 standalone proxy-server[131758]: 172.18.0.2 172.18.0.100 09/Jan/2026/00/43/49 GET /v1/AUTH_a7fe78fff745465881bf8c2586285a06/gnocchi.d3eed018-9d17-4edc-ae9b-9954d881c0cb%3Fformat%3Djson%26marker%3Dnone_v3%26states%3Dlisting HTTP/1.0 200 - python-swiftclient-3.11.1 gAAAAABpYE22aU6Q... - 2 - tx082f1145b9964418af453-0069604f45 - 0.0108 - - 1767919429.826082706 1767919429.836852789 0
Jan 9 00:43:49 standalone object-server[129756]: 172.20.0.100 - - [09/Jan/2026:00:43:49 +0000] "GET /d1/149/AUTH_a7fe78fff745465881bf8c2586285a06/gnocchi.5f7cb410-bbae-40f2-b21e-d92b45f3be4b/1766880000.0_mean_300.0_v3" 404 70 "GET http://172.18.0.2:8080/v1/AUTH_a7fe78fff745465881bf8c2586285a06/gnocchi.5f7cb410-bbae-40f2-b21e-d92b45f3be4b/1766880000.0_mean_300.0_v3" "txfb50aa78036f45699cb64-0069604f45" "proxy-server 20" 0.0003 "-" 19 0
Jan 9 00:43:49 standalone proxy-server[131758]: 172.18.0.2 172.18.0.100 09/Jan/2026/00/43/49 GET /v1/AUTH_a7fe78fff745465881bf8c2586285a06/gnocchi.5f7cb410-bbae-40f2-b21e-d92b45f3be4b/1766880000.0_mean_300.0_v3 HTTP/1.0 404 - python-swiftclient-3.11.1 gAAAAABpYE22aU6Q... - 70 - txfb50aa78036f45699cb64-0069604f45 - 0.0056 - - 1767919429.842111826 1767919429.847734213 0
Jan 9 00:43:49 standalone object-server[129756]: 172.20.0.100 - - [09/Jan/2026:00:43:49 +0000] "GET /d1/153/AUTH_a7fe78fff745465881bf8c2586285a06/gnocchi.d3eed018-9d17-4edc-ae9b-9954d881c0cb/1766880000.0_mean_300.0_v3" 200 16 "GET http://172.18.0.2:8080/v1/AUTH_a7fe78fff745465881bf8c2586285a06/gnocchi.d3eed018-9d17-4edc-ae9b-9954d881c0cb/1766880000.0_mean_300.0_v3" "txe46477c9f4b54c89988dd-0069604f45" "proxy-server 20" 0.0005 "-" 19 0
Jan 9 00:43:49 standalone proxy-server[131758]: 172.18.0.2 172.18.0.100 09/Jan/2026/00/43/49 GET /v1/AUTH_a7fe78fff745465881bf8c2586285a06/gnocchi.d3eed018-9d17-4edc-ae9b-9954d881c0cb/1766880000.0_mean_300.0_v3 HTTP/1.0 200 - python-swiftclient-3.11.1 gAAAAABpYE22aU6Q... - 16 - txe46477c9f4b54c89988dd-0069604f45 - 0.0050 - - 1767919429.851268053 1767919429.856283665 0
Jan 9 00:43:49 standalone object-server[129757]: 172.20.0.100 - - [09/Jan/2026:00:43:49 +0000] "GET /d1/906/AUTH_a7fe78fff745465881bf8c2586285a06/gnocchi.d3eed018-9d17-4edc-ae9b-9954d881c0cb/1766880000.0_rate%3Amean_300.0_v3" 404 70 "GET http://172.18.0.2:8080/v1/AUTH_a7fe78fff745465881bf8c2586285a06/gnocchi.d3eed018-9d17-4edc-ae9b-9954d881c0cb/1766880000.0_rate%3Amean_300.0_v3" "txfe6ba679a9b14457bddd6-0069604f45" "proxy-server 20" 0.0003 "-" 20 0
Jan 9 00:43:49 standalone proxy-server[131758]: 172.18.0.2 172.18.0.100 09/Jan/2026/00/43/49 GET /v1/AUTH_a7fe78fff745465881bf8c2586285a06/gnocchi.d3eed018-9d17-4edc-ae9b-9954d881c0cb/1766880000.0_rate%253Amean_300.0_v3 HTTP/1.0 404 - python-swiftclient-3.11.1 gAAAAABpYE22aU6Q... - 70 - txfe6ba679a9b14457bddd6-0069604f45 - 0.0043 - - 1767919429.858990192 1767919429.863247395 0
Jan 9 00:43:49 standalone container-server[129611]: 172.20.0.100 - - [09/Jan/2026:00:43:49 +0000] "PUT /d1/903/AUTH_a7fe78fff745465881bf8c2586285a06/gnocchi.5f7cb410-bbae-40f2-b21e-d92b45f3be4b/1766880000.0_mean_300.0_v3" 201 - "PUT http://172.18.0.2:8080/d1/149/AUTH_a7fe78fff745465881bf8c2586285a06/gnocchi.5f7cb410-bbae-40f2-b21e-d92b45f3be4b/1766880000.0_mean_300.0_v3" "tx91ede912a26e4ce282bd2-0069604f45" "object-server 20" 0.0006 "-" 22 0
Jan 9 00:43:49 standalone object-server[129757]: 172.20.0.100 - - [09/Jan/2026:00:43:49 +0000] "PUT /d1/149/AUTH_a7fe78fff745465881bf8c2586285a06/gnocchi.5f7cb410-bbae-40f2-b21e-d92b45f3be4b/1766880000.0_mean_300.0_v3" 201 - "PUT http://172.18.0.2:8080/v1/AUTH_a7fe78fff745465881bf8c2586285a06/gnocchi.5f7cb410-bbae-40f2-b21e-d92b45f3be4b/1766880000.0_mean_300.0_v3" "tx91ede912a26e4ce282bd2-0069604f45" "proxy-server 20" 0.0120 "-" 20 0
Jan 9 00:43:49 standalone proxy-server[131758]: 172.18.0.2 172.18.0.100 09/Jan/2026/00/43/49 PUT /v1/AUTH_a7fe78fff745465881bf8c2586285a06/gnocchi.5f7cb410-bbae-40f2-b21e-d92b45f3be4b/1766880000.0_mean_300.0_v3 HTTP/1.0 201 - python-swiftclient-3.11.1 gAAAAABpYE22aU6Q... 16 - - tx91ede912a26e4ce282bd2-0069604f45 - 0.0169 - - 1767919429.868014812 1767919429.884870052 0
Jan 9 00:43:49 standalone container-server[129597]: 172.20.0.100 - - [09/Jan/2026:00:43:49 +0000] "PUT /d1/365/AUTH_a7fe78fff745465881bf8c2586285a06/gnocchi.d3eed018-9d17-4edc-ae9b-9954d881c0cb/1766880000.0_mean_300.0_v3" 201 - "PUT http://172.18.0.2:8080/d1/153/AUTH_a7fe78fff745465881bf8c2586285a06/gnocchi.d3eed018-9d17-4edc-ae9b-9954d881c0cb/1766880000.0_mean_300.0_v3" "tx44351dcf9424428ab7a65-0069604f45" "object-server 21" 0.0010 "-" 17 0
Jan 9 00:43:49 standalone object-server[129758]: 172.20.0.100 - - [09/Jan/2026:00:43:49 +0000] "PUT /d1/153/AUTH_a7fe78fff745465881bf8c2586285a06/gnocchi.d3eed018-9d17-4edc-ae9b-9954d881c0cb/1766880000.0_mean_300.0_v3" 201 - "PUT http://172.18.0.2:8080/v1/AUTH_a7fe78fff745465881bf8c2586285a06/gnocchi.d3eed018-9d17-4edc-ae9b-9954d881c0cb/1766880000.0_mean_300.0_v3" "tx44351dcf9424428ab7a65-0069604f45" "proxy-server 20" 0.0189 "-" 21 0
Jan 9 00:43:49 standalone proxy-server[131758]: 172.18.0.2 172.18.0.100 09/Jan/2026/00/43/49 PUT /v1/AUTH_a7fe78fff745465881bf8c2586285a06/gnocchi.d3eed018-9d17-4edc-ae9b-9954d881c0cb/1766880000.0_mean_300.0_v3 HTTP/1.0 201 - python-swiftclient-3.11.1 gAAAAABpYE22aU6Q... 24 - - tx44351dcf9424428ab7a65-0069604f45 - 0.0255 - - 1767919429.888025522 1767919429.913491011 0
Jan 9 00:43:49 standalone container-server[129611]: 172.20.0.100 - - [09/Jan/2026:00:43:49 +0000] "PUT /d1/365/AUTH_a7fe78fff745465881bf8c2586285a06/gnocchi.d3eed018-9d17-4edc-ae9b-9954d881c0cb/1766880000.0_rate%3Amean_300.0_v3" 201 - "PUT http://172.18.0.2:8080/d1/906/AUTH_a7fe78fff745465881bf8c2586285a06/gnocchi.d3eed018-9d17-4edc-ae9b-9954d881c0cb/1766880000.0_rate%3Amean_300.0_v3" "txf4e3a34fdfb14cff91523-0069604f45" "object-server 20" 0.0008 "-" 22 0
Jan 9 00:43:49 standalone object-server[129757]: 172.20.0.100 - - [09/Jan/2026:00:43:49 +0000] "PUT /d1/906/AUTH_a7fe78fff745465881bf8c2586285a06/gnocchi.d3eed018-9d17-4edc-ae9b-9954d881c0cb/1766880000.0_rate%3Amean_300.0_v3" 201 - "PUT http://172.18.0.2:8080/v1/AUTH_a7fe78fff745465881bf8c2586285a06/gnocchi.d3eed018-9d17-4edc-ae9b-9954d881c0cb/1766880000.0_rate%3Amean_300.0_v3" "txf4e3a34fdfb14cff91523-0069604f45" "proxy-server 20" 0.0095 "-" 20 0
Jan 9 00:43:49 standalone proxy-server[131758]: 172.18.0.2 172.18.0.100 09/Jan/2026/00/43/49 PUT /v1/AUTH_a7fe78fff745465881bf8c2586285a06/gnocchi.d3eed018-9d17-4edc-ae9b-9954d881c0cb/1766880000.0_rate%253Amean_300.0_v3 HTTP/1.0 201 - python-swiftclient-3.11.1 gAAAAABpYE22aU6Q... 16 - - txf4e3a34fdfb14cff91523-0069604f45 - 0.0155 - - 1767919429.916739941 1767919429.932261229 0
Jan 9 00:43:49 standalone container-server[129605]: 172.20.0.100 - - [09/Jan/2026:00:43:49 +0000] "PUT /d1/903/AUTH_a7fe78fff745465881bf8c2586285a06/gnocchi.5f7cb410-bbae-40f2-b21e-d92b45f3be4b/none_v3" 201 - "PUT http://172.18.0.2:8080/d1/856/AUTH_a7fe78fff745465881bf8c2586285a06/gnocchi.5f7cb410-bbae-40f2-b21e-d92b45f3be4b/none_v3" "txe1847b9dee7b4055ab090-0069604f45" "object-server 20" 0.0005 "-" 21 0
Jan 9 00:43:49 standalone object-server[129757]: 172.20.0.100 - - [09/Jan/2026:00:43:49 +0000] "PUT /d1/856/AUTH_a7fe78fff745465881bf8c2586285a06/gnocchi.5f7cb410-bbae-40f2-b21e-d92b45f3be4b/none_v3" 201 - "PUT http://172.18.0.2:8080/v1/AUTH_a7fe78fff745465881bf8c2586285a06/gnocchi.5f7cb410-bbae-40f2-b21e-d92b45f3be4b/none_v3" "txe1847b9dee7b4055ab090-0069604f45" "proxy-server 20" 0.0115 "-" 20 0
Jan 9 00:43:49 standalone proxy-server[131758]: 172.18.0.2 172.18.0.100 09/Jan/2026/00/43/49 PUT /v1/AUTH_a7fe78fff745465881bf8c2586285a06/gnocchi.5f7cb410-bbae-40f2-b21e-d92b45f3be4b/none_v3 HTTP/1.0 201 - python-swiftclient-3.11.1 gAAAAABpYE22aU6Q... 22 - - txe1847b9dee7b4055ab090-0069604f45 - 0.0166 - - 1767919429.935050726 1767919429.951635361 0
Jan 9 00:43:49 standalone container-server[129599]: 172.20.0.100 - - [09/Jan/2026:00:43:49 +0000] "PUT /d1/365/AUTH_a7fe78fff745465881bf8c2586285a06/gnocchi.d3eed018-9d17-4edc-ae9b-9954d881c0cb/none_v3" 201 - "PUT http://172.18.0.2:8080/d1/23/AUTH_a7fe78fff745465881bf8c2586285a06/gnocchi.d3eed018-9d17-4edc-ae9b-9954d881c0cb/none_v3" "txf9741a23022c4630907d4-0069604f45" "object-server 19" 0.0005 "-" 18 0
Jan 9 00:43:49 standalone object-server[129756]: 172.20.0.100 - - [09/Jan/2026:00:43:49 +0000] "PUT /d1/23/AUTH_a7fe78fff745465881bf8c2586285a06/gnocchi.d3eed018-9d17-4edc-ae9b-9954d881c0cb/none_v3" 201 - "PUT http://172.18.0.2:8080/v1/AUTH_a7fe78fff745465881bf8c2586285a06/gnocchi.d3eed018-9d17-4edc-ae9b-9954d881c0cb/none_v3" "txf9741a23022c4630907d4-0069604f45" "proxy-server 20" 0.0082 "-" 19 0
Jan 9 00:43:49 standalone proxy-server[131758]: 172.18.0.2 172.18.0.100 09/Jan/2026/00/43/49 PUT /v1/AUTH_a7fe78fff745465881bf8c2586285a06/gnocchi.d3eed018-9d17-4edc-ae9b-9954d881c0cb/none_v3 HTTP/1.0 201 - python-swiftclient-3.11.1 gAAAAABpYE22aU6Q... 33 - - txf9741a23022c4630907d4-0069604f45 - 0.0127 - - 1767919429.954487085 1767919429.967170715 0
Jan 9 00:43:49 standalone container-server[129599]: 172.20.0.100 - - [09/Jan/2026:00:43:49 +0000] "HEAD /d1/109/AUTH_a7fe78fff745465881bf8c2586285a06/gnocchi.dd4ffa7f-5b03-45e3-8352-4761fc1f01ab" 404 - "HEAD http://172.18.0.2:8080/v1/AUTH_a7fe78fff745465881bf8c2586285a06/gnocchi.dd4ffa7f-5b03-45e3-8352-4761fc1f01ab?format=json&states=listing" "tx79b8af58eb474447a97a0-0069604f45" "proxy-server 20" 0.0004 "-" 18 0
Jan 9 00:43:49 standalone object-server[129757]: 172.20.0.100 - - [09/Jan/2026:00:43:49 +0000] "GET /d1/816/AUTH_a7fe78fff745465881bf8c2586285a06/gnocchi.dd4ffa7f-5b03-45e3-8352-4761fc1f01ab/none_v3" 404 70 "GET http://172.18.0.2:8080/v1/AUTH_a7fe78fff745465881bf8c2586285a06/gnocchi.dd4ffa7f-5b03-45e3-8352-4761fc1f01ab/none_v3" "tx79b8af58eb474447a97a0-0069604f45" "proxy-server 20" 0.0004 "-" 20 0
Jan 9 00:43:49 standalone proxy-server[131758]: 172.18.0.2 172.18.0.100 09/Jan/2026/00/43/49 GET /v1/AUTH_a7fe78fff745465881bf8c2586285a06/gnocchi.dd4ffa7f-5b03-45e3-8352-4761fc1f01ab/none_v3 HTTP/1.0 404 - python-swiftclient-3.11.1 gAAAAABpYE22aU6Q... - 70 - tx79b8af58eb474447a97a0-0069604f45 - 0.0077 - - 1767919429.977024794 1767919429.984698296 0
