Jan 9 00:23:53 standalone account-server[129094]: Starting 2
Jan 9 00:23:54 standalone account-server[129311]: Started child 19 from parent 2
Jan 9 00:23:54 standalone account-server[129311]: Started child 20 from parent 2
Jan 9 00:23:54 standalone account-server[129311]: Started child 21 from parent 2
Jan 9 00:23:54 standalone account-server[129311]: Started child 22 from parent 2
Jan 9 00:23:54 standalone container-server[129443]: Option allow_versions is deprecated. Configure the versioned_writes middleware in the proxy-server instead. This option will be ignored in a future release.
Jan 9 00:23:54 standalone container-server[129597]: Option allow_versions is deprecated. Configure the versioned_writes middleware in the proxy-server instead. This option will be ignored in a future release.
Jan 9 00:23:54 standalone container-server[129443]: Started child 17 from parent 2
Jan 9 00:23:54 standalone container-server[129599]: Option allow_versions is deprecated. Configure the versioned_writes middleware in the proxy-server instead. This option will be ignored in a future release.
Jan 9 00:23:54 standalone container-server[129443]: Started child 18 from parent 2
Jan 9 00:23:54 standalone container-server[129605]: Option allow_versions is deprecated. Configure the versioned_writes middleware in the proxy-server instead. This option will be ignored in a future release.
Jan 9 00:23:54 standalone container-server[129446]: Starting 2
Jan 9 00:23:54 standalone object-expirer[129438]: Starting 2
Jan 9 00:23:54 standalone object-expirer[129438]: Option auto_create_account_prefix is deprecated. Configure auto_create_account_prefix under the swift-constraints section of swift.conf. This option will be ignored in a future release.
Jan 9 00:23:54 standalone container-server[129443]: Started child 21 from parent 2
Jan 9 00:23:54 standalone container-server[129611]: Option allow_versions is deprecated. Configure the versioned_writes middleware in the proxy-server instead. This option will be ignored in a future release.
Jan 9 00:23:54 standalone container-server[129443]: Started child 22 from parent 2
Jan 9 00:23:55 standalone object-server[129669]: Started child 19 from parent 2
Jan 9 00:23:55 standalone object-server[129669]: Started child 20 from parent 2
Jan 9 00:23:55 standalone object-server[129669]: Started child 21 from parent 2
Jan 9 00:23:55 standalone object-server[129669]: Started child 24 from parent 2
Jan 9 00:23:55 standalone object-server[129726]: Starting 2
Jan 9 00:24:03 standalone proxy-server[131496]: Starting Keystone auth_token middleware
Jan 9 00:24:03 standalone proxy-server[131496]: AuthToken middleware is set with keystone_authtoken.service_token_roles_required set to False. This is backwards compatible but deprecated behaviour. Please set this to True.
Jan 9 00:24:03 standalone proxy-server[131758]: Starting Keystone auth_token middleware
Jan 9 00:24:03 standalone proxy-server[131758]: STDERR: The option "bind_port" is not known to keystonemiddleware
Jan 9 00:24:03 standalone proxy-server[131758]: STDERR: The option "workers" is not known to keystonemiddleware
Jan 9 00:24:03 standalone proxy-server[131758]: STDERR: The option "user" is not known to keystonemiddleware
Jan 9 00:24:03 standalone proxy-server[131758]: STDERR: The option "bind_ip" is not known to keystonemiddleware
Jan 9 00:24:03 standalone proxy-server[131758]: STDERR: The option "log_name" is not known to keystonemiddleware
Jan 9 00:24:03 standalone proxy-server[131758]: STDERR: The option "log_facility" is not known to keystonemiddleware
Jan 9 00:24:03 standalone proxy-server[131758]: STDERR: The option "log_level" is not known to keystonemiddleware
Jan 9 00:24:03 standalone proxy-server[131758]: STDERR: The option "log_headers" is not known to keystonemiddleware
Jan 9 00:24:03 standalone proxy-server[131758]: STDERR: The option "log_address" is not known to keystonemiddleware
Jan 9 00:24:03 standalone proxy-server[131758]: STDERR: The option "project_name" is not known to keystonemiddleware
Jan 9 00:24:03 standalone proxy-server[131758]: STDERR: The option "username" is not known to keystonemiddleware
Jan 9 00:24:03 standalone proxy-server[131758]: STDERR: The option "password" is not known to keystonemiddleware
Jan 9 00:24:03 standalone proxy-server[131758]: STDERR: The option "auth_url" is not known to keystonemiddleware
Jan 9 00:24:03 standalone proxy-server[131758]: STDERR: The option "signing_dir" is not known to keystonemiddleware
Jan 9 00:24:03 standalone proxy-server[131758]: STDERR: The option "project_domain_id" is not known to keystonemiddleware
Jan 9 00:24:03 standalone proxy-server[131758]: STDERR: The option "user_domain_id" is not known to keystonemiddleware
Jan 9 00:24:03 standalone proxy-server[131758]: STDERR: The option "__name__" is not known to keystonemiddleware
Jan 9 00:24:03 standalone proxy-server[131758]: AuthToken middleware is set with keystone_authtoken.service_token_roles_required set to False. This is backwards compatible but deprecated behaviour. Please set this to True.
Jan 9 00:24:03 standalone proxy-server[131496]: Started child 20 from parent 2
Jan 9 00:25:08 standalone account-server[129531]: 172.20.0.100 - - [09/Jan/2026:00:25:08 +0000] "HEAD /d1/45/.expiring_objects" 404 - "HEAD http://localhost/v1/.expiring_objects?format=json" "txdeb2f4015260488ca9f46-0069604ae4" "proxy-server 2" 0.0020 "-" 19 -
Jan 9 00:25:08 standalone object-expirer[129438]: Pass completed in 0s; 0 objects expired (txn: txdeb2f4015260488ca9f46-0069604ae4)
Jan 9 00:26:05 standalone account-server[129560]: 172.20.0.100 - - [09/Jan/2026:00:26:05 +0000] "HEAD /d1/45/.expiring_objects" 404 - "HEAD http://localhost/v1/.expiring_objects?format=json" "tx8acba29b76a74ce481b59-0069604b1d" "proxy-server 2" 0.0012 "-" 21 -
Jan 9 00:26:05 standalone object-expirer[129438]: Pass completed in 0s; 0 objects expired (txn: tx8acba29b76a74ce481b59-0069604b1d)
Jan 9 00:27:19 standalone object-server[129726]: Begin object update sweep
Jan 9 00:27:19 standalone object-server[153924]: Object update sweep starting on /srv/node/d1 (pid: 11)
Jan 9 00:27:19 standalone object-server[153924]: Object update sweep completed on /srv/node/d1 in 0.00s seconds:, 0 successes, 0 failures, 0 quarantines, 0 unlinks, 0 errors, 0 redirects (pid: 11)
Jan 9 00:27:19 standalone object-server[153924]: Object update sweep of d1 completed: 0.00s, 0 successes, 0 failures, 0 quarantines, 0 unlinks, 0 errors, 0 redirects
Jan 9 00:27:19 standalone object-server[129726]: Object update sweep completed: 0.06s
Jan 9 00:27:46 standalone container-server[129446]: Begin container update sweep
Jan 9 00:27:46 standalone container-server[129446]: Container update sweep completed: 0.00s
Jan 9 00:28:45 standalone account-server[129548]: 172.20.0.100 - - [09/Jan/2026:00:28:45 +0000] "HEAD /d1/45/.expiring_objects" 404 - "HEAD http://localhost/v1/.expiring_objects?format=json" "tx82315c6765d14bfbbee1d-0069604bbd" "proxy-server 2" 0.0018 "-" 20 -
Jan 9 00:28:45 standalone object-expirer[129438]: Pass completed in 0s; 0 objects expired (txn: tx82315c6765d14bfbbee1d-0069604bbd)
Jan 9 00:31:15 standalone account-server[129560]: 172.20.0.100 - - [09/Jan/2026:00:31:15 +0000] "HEAD /d1/45/.expiring_objects" 404 - "HEAD http://localhost/v1/.expiring_objects?format=json" "txb0a058f6c5f740ac9779e-0069604c53" "proxy-server 2" 0.0004 "-" 21 -
Jan 9 00:31:15 standalone object-expirer[129438]: Pass completed in 0s; 0 objects expired (txn: txb0a058f6c5f740ac9779e-0069604c53)
Jan 9 00:32:19 standalone object-server[129726]: Begin object update sweep
Jan 9 00:32:19 standalone object-server[191534]: Object update sweep starting on /srv/node/d1 (pid: 13)
Jan 9 00:32:19 standalone object-server[191534]: Object update sweep completed on /srv/node/d1 in 0.00s seconds:, 0 successes, 0 failures, 0 quarantines, 0 unlinks, 0 errors, 0 redirects (pid: 13)
Jan 9 00:32:19 standalone object-server[191534]: Object update sweep of d1 completed: 0.00s, 0 successes, 0 failures, 0 quarantines, 0 unlinks, 0 errors, 0 redirects
Jan 9 00:32:19 standalone object-server[129726]: Object update sweep completed: 0.08s
Jan 9 00:32:46 standalone container-server[129446]: Begin container update sweep
Jan 9 00:32:46 standalone container-server[129446]: Container update sweep completed: 0.00s
Jan 9 00:34:27 standalone account-server[129564]: 172.20.0.100 - - [09/Jan/2026:00:34:27 +0000] "HEAD /d1/45/.expiring_objects" 404 - "HEAD http://localhost/v1/.expiring_objects?format=json" "tx979f0ab7ae224a84a1829-0069604d13" "proxy-server 2" 0.0020 "-" 22 -
Jan 9 00:34:27 standalone object-expirer[129438]: Pass completed in 0s; 0 objects expired (txn: tx979f0ab7ae224a84a1829-0069604d13)
Jan 9 00:34:42 standalone account-server[129560]: 172.20.0.100 - - [09/Jan/2026:00:34:42 +0000] "HEAD /d1/45/.expiring_objects" 404 - "HEAD http://localhost/v1/.expiring_objects?format=json" "tx174847de03ab4ea7b862c-0069604d22" "proxy-server 2" 0.0005 "-" 21 -
Jan 9 00:34:42 standalone object-expirer[129438]: Pass completed in 0s; 0 objects expired (txn: tx174847de03ab4ea7b862c-0069604d22)
Jan 9 00:35:38 standalone account-server[129094]: Devices pass completed: 0.00s
Jan 9 00:37:10 standalone account-server[129564]: 172.20.0.100 - - [09/Jan/2026:00:37:10 +0000] "HEAD /d1/366/AUTH_a7fe78fff745465881bf8c2586285a06" 404 - "HEAD http://172.18.0.2:8080/v1/AUTH_a7fe78fff745465881bf8c2586285a06?format=json" "tx8569a07590fb41cc8e46c-0069604db6" "proxy-server 20" 0.0005 "-" 22 -
Jan 9 00:37:10 standalone proxy-server[131758]: - - 09/Jan/2026/00/37/10 HEAD /v1/AUTH_a7fe78fff745465881bf8c2586285a06%3Fformat%3Djson HTTP/1.0 200 - Swift - - - - tx8569a07590fb41cc8e46c-0069604db6 - 0.0087 RL - 1767919030.830700397 1767919030.839417458 -
Jan 9 00:37:11 standalone object-server[129764]: 172.20.0.100 - - [09/Jan/2026:00:37:11 +0000] "GET /d1/966/AUTH_a7fe78fff745465881bf8c2586285a06/gnocchi.df5caa91-a755-476f-960b-c718dc055278/none_v3" 404 70 "GET http://172.18.0.2:8080/v1/AUTH_a7fe78fff745465881bf8c2586285a06/gnocchi.df5caa91-a755-476f-960b-c718dc055278/none_v3" "tx8569a07590fb41cc8e46c-0069604db6" "proxy-server 20" 0.0009 "-" 24 0
Jan 9 00:37:11 standalone proxy-server[131758]: 172.18.0.2 172.18.0.100 09/Jan/2026/00/37/11 GET /v1/AUTH_a7fe78fff745465881bf8c2586285a06/gnocchi.df5caa91-a755-476f-960b-c718dc055278/none_v3 HTTP/1.0 404 - python-swiftclient-3.11.1 gAAAAABpYE22aU6Q... - 70 - tx8569a07590fb41cc8e46c-0069604db6 - 0.4542 - - 1767919030.825958729 1767919031.280111790 0
Jan 9 00:37:11 standalone account-server[129560]: 172.20.0.100 - - [09/Jan/2026:00:37:11 +0000] "PUT /d1/366/AUTH_a7fe78fff745465881bf8c2586285a06" 201 - "-" "tx960178c7525a42a680751-0069604db7" "-" 0.1771 "-" 21 -
Jan 9 00:37:11 standalone proxy-server[131758]: autocreate account '/AUTH_a7fe78fff745465881bf8c2586285a06' (txn: tx960178c7525a42a680751-0069604db7)
Jan 9 00:37:11 standalone account-server[129531]: 172.20.0.100 - - [09/Jan/2026:00:37:11 +0000] "HEAD /d1/366/AUTH_a7fe78fff745465881bf8c2586285a06" 204 - "HEAD http://172.18.0.2:8080/v1/AUTH_a7fe78fff745465881bf8c2586285a06?format=json" "tx960178c7525a42a680751-0069604db7" "proxy-server 20" 0.0020 "-" 19 -
Jan 9 00:37:11 standalone account-server[129564]: 172.20.0.100 - - [09/Jan/2026:00:37:11 +0000] "PUT /d1/366/AUTH_a7fe78fff745465881bf8c2586285a06/gnocchi.df5caa91-a755-476f-960b-c718dc055278" 201 - "PUT http://172.20.0.100:6001/d1/2/AUTH_a7fe78fff745465881bf8c2586285a06/gnocchi.df5caa91-a755-476f-960b-c718dc055278" "tx960178c7525a42a680751-0069604db7" "container-server 21" 0.0025 "-" 22 0
Jan 9 00:37:11 standalone container-server[129605]: 172.20.0.100 - - [09/Jan/2026:00:37:11 +0000] "PUT /d1/2/AUTH_a7fe78fff745465881bf8c2586285a06/gnocchi.df5caa91-a755-476f-960b-c718dc055278" 201 - "PUT http://172.18.0.2:8080/v1/AUTH_a7fe78fff745465881bf8c2586285a06/gnocchi.df5caa91-a755-476f-960b-c718dc055278" "tx960178c7525a42a680751-0069604db7" "proxy-server 20" 0.2522 "-" 21 0
Jan 9 00:37:11 standalone proxy-server[131758]: 172.18.0.2 172.18.0.100 09/Jan/2026/00/37/11 PUT /v1/AUTH_a7fe78fff745465881bf8c2586285a06/gnocchi.df5caa91-a755-476f-960b-c718dc055278 HTTP/1.0 201 - python-swiftclient-3.11.1 gAAAAABpYE22aU6Q... - - - tx960178c7525a42a680751-0069604db7 - 0.4495 - - 1767919031.283329248 1767919031.732850075 0
Jan 9 00:37:11 standalone container-server[129611]: 172.20.0.100 - - [09/Jan/2026:00:37:11 +0000] "HEAD /d1/2/AUTH_a7fe78fff745465881bf8c2586285a06/gnocchi.df5caa91-a755-476f-960b-c718dc055278" 204 - "HEAD http://172.18.0.2:8080/v1/AUTH_a7fe78fff745465881bf8c2586285a06/gnocchi.df5caa91-a755-476f-960b-c718dc055278?format=json&states=listing" "tx0a37d08af8b74721bff05-0069604db7" "proxy-server 20" 0.0033 "-" 22 0
Jan 9 00:37:11 standalone proxy-server[131758]: - - 09/Jan/2026/00/37/11 HEAD /v1/AUTH_a7fe78fff745465881bf8c2586285a06/gnocchi.df5caa91-a755-476f-960b-c718dc055278%3Fformat%3Djson%26states%3Dlisting HTTP/1.0 204 - Swift - - - - tx0a37d08af8b74721bff05-0069604db7 - 0.0084 RL - 1767919031.740732193 1767919031.749113083 0
Jan 9 00:37:11 standalone container-server[129599]: 172.20.0.100 - - [09/Jan/2026:00:37:11 +0000] "GET /d1/2/AUTH_a7fe78fff745465881bf8c2586285a06/gnocchi.df5caa91-a755-476f-960b-c718dc055278" 200 2 "GET http://172.18.0.2:8080/v1/AUTH_a7fe78fff745465881bf8c2586285a06/gnocchi.df5caa91-a755-476f-960b-c718dc055278?format=json&states=listing" "tx0a37d08af8b74721bff05-0069604db7" "proxy-server 20" 0.0056 "-" 18 0
Jan 9 00:37:11 standalone proxy-server[131758]: 172.18.0.2 172.18.0.100 09/Jan/2026/00/37/11 GET /v1/AUTH_a7fe78fff745465881bf8c2586285a06/gnocchi.df5caa91-a755-476f-960b-c718dc055278%3Fformat%3Djson%26states%3Dlisting HTTP/1.0 200 - python-swiftclient-3.11.1 gAAAAABpYE22aU6Q... - 2 - tx0a37d08af8b74721bff05-0069604db7 - 0.0258 - - 1767919031.738830328 1767919031.764619112 0
Jan 9 00:37:11 standalone object-server[129758]: 172.20.0.100 - - [09/Jan/2026:00:37:11 +0000] "GET /d1/784/AUTH_a7fe78fff745465881bf8c2586285a06/gnocchi.df5caa91-a755-476f-960b-c718dc055278/1766880000.0_mean_300.0_v3" 404 70 "GET http://172.18.0.2:8080/v1/AUTH_a7fe78fff745465881bf8c2586285a06/gnocchi.df5caa91-a755-476f-960b-c718dc055278/1766880000.0_mean_300.0_v3" "txb0ec3fabe07347d9bd5b1-0069604db7" "proxy-server 20" 0.0012 "-" 21 0
Jan 9 00:37:11 standalone proxy-server[131758]: 172.18.0.2 172.18.0.100 09/Jan/2026/00/37/11 GET /v1/AUTH_a7fe78fff745465881bf8c2586285a06/gnocchi.df5caa91-a755-476f-960b-c718dc055278/1766880000.0_mean_300.0_v3 HTTP/1.0 404 - python-swiftclient-3.11.1 gAAAAABpYE22aU6Q... - 70 - txb0ec3fabe07347d9bd5b1-0069604db7 - 0.0095 - - 1767919031.771438360 1767919031.780964851 0
Jan 9 00:37:11 standalone container-server[129597]: 172.20.0.100 - - [09/Jan/2026:00:37:11 +0000] "PUT /d1/2/AUTH_a7fe78fff745465881bf8c2586285a06/gnocchi.df5caa91-a755-476f-960b-c718dc055278/1766880000.0_mean_300.0_v3" 201 - "PUT http://172.18.0.2:8080/d1/784/AUTH_a7fe78fff745465881bf8c2586285a06/gnocchi.df5caa91-a755-476f-960b-c718dc055278/1766880000.0_mean_300.0_v3" "tx80c5b41fa310447ea91e9-0069604db7" "object-server 21" 0.0011 "-" 17 0
Jan 9 00:37:11 standalone object-server[129758]: 172.20.0.100 - - [09/Jan/2026:00:37:11 +0000] "PUT /d1/784/AUTH_a7fe78fff745465881bf8c2586285a06/gnocchi.df5caa91-a755-476f-960b-c718dc055278/1766880000.0_mean_300.0_v3" 201 - "PUT http://172.18.0.2:8080/v1/AUTH_a7fe78fff745465881bf8c2586285a06/gnocchi.df5caa91-a755-476f-960b-c718dc055278/1766880000.0_mean_300.0_v3" "tx80c5b41fa310447ea91e9-0069604db7" "proxy-server 20" 0.1047 "-" 21 0
Jan 9 00:37:11 standalone proxy-server[131758]: 172.18.0.2 172.18.0.100 09/Jan/2026/00/37/11 PUT /v1/AUTH_a7fe78fff745465881bf8c2586285a06/gnocchi.df5caa91-a755-476f-960b-c718dc055278/1766880000.0_mean_300.0_v3 HTTP/1.0 201 - python-swiftclient-3.11.1 gAAAAABpYE22aU6Q... 16 - - tx80c5b41fa310447ea91e9-0069604db7 - 0.1133 - - 1767919031.785767317 1767919031.899043322 0
Jan 9 00:37:11 standalone container-server[129611]: 172.20.0.100 - - [09/Jan/2026:00:37:11 +0000] "PUT /d1/2/AUTH_a7fe78fff745465881bf8c2586285a06/gnocchi.df5caa91-a755-476f-960b-c718dc055278/none_v3" 201 - "PUT http://172.18.0.2:8080/d1/966/AUTH_a7fe78fff745465881bf8c2586285a06/gnocchi.df5caa91-a755-476f-960b-c718dc055278/none_v3" "tx86726f36fc5b4f21919c0-0069604db7" "object-server 21" 0.0007 "-" 22 0
Jan 9 00:37:11 standalone object-server[129758]: 172.20.0.100 - - [09/Jan/2026:00:37:11 +0000] "PUT /d1/966/AUTH_a7fe78fff745465881bf8c2586285a06/gnocchi.df5caa91-a755-476f-960b-c718dc055278/none_v3" 201 - "PUT http://172.18.0.2:8080/v1/AUTH_a7fe78fff745465881bf8c2586285a06/gnocchi.df5caa91-a755-476f-960b-c718dc055278/none_v3" "tx86726f36fc5b4f21919c0-0069604db7" "proxy-server 20" 0.0833 "-" 21 0
Jan 9 00:37:11 standalone proxy-server[131758]: 172.18.0.2 172.18.0.100 09/Jan/2026/00/37/11 PUT /v1/AUTH_a7fe78fff745465881bf8c2586285a06/gnocchi.df5caa91-a755-476f-960b-c718dc055278/none_v3 HTTP/1.0 201 - python-swiftclient-3.11.1 gAAAAABpYE22aU6Q... 32 - - tx86726f36fc5b4f21919c0-0069604db7 - 0.0896 - - 1767919031.902714014 1767919031.992275715 0
Jan 9 00:37:19 standalone object-server[129726]: Begin object update sweep
Jan 9 00:37:19 standalone object-server[228499]: Object update sweep starting on /srv/node/d1 (pid: 14)
Jan 9 00:37:19 standalone object-server[228499]: Object update sweep completed on /srv/node/d1 in 0.00s seconds:, 0 successes, 0 failures, 0 quarantines, 0 unlinks, 0 errors, 0 redirects (pid: 14)
Jan 9 00:37:19 standalone object-server[228499]: Object update sweep of d1 completed: 0.00s, 0 successes, 0 failures, 0 quarantines, 0 unlinks, 0 errors, 0 redirects
Jan 9 00:37:19 standalone object-server[129726]: Object update sweep completed: 0.07s
Jan 9 00:37:46 standalone container-server[129446]: Begin container update sweep
Jan 9 00:37:46 standalone account-server[129548]: 172.20.0.100 - - [09/Jan/2026:00:37:46 +0000] "PUT /d1/366/AUTH_a7fe78fff745465881bf8c2586285a06/gnocchi.df5caa91-a755-476f-960b-c718dc055278" 201 - "-" "-" "container-updater 2" 0.0008 "-" 20 0
Jan 9 00:37:46 standalone container-server[129446]: Container update sweep completed: 0.09s
Jan 9 00:37:58 standalone account-server[129564]: 172.20.0.100 - - [09/Jan/2026:00:37:58 +0000] "HEAD /d1/45/.expiring_objects" 404 - "HEAD http://localhost/v1/.expiring_objects?format=json" "tx8b5de961e2e0438f9dd95-0069604de6" "proxy-server 2" 0.0004 "-" 22 -
Jan 9 00:37:58 standalone object-expirer[129438]: Pass completed in 0s; 0 objects expired (txn: tx8b5de961e2e0438f9dd95-0069604de6)
Jan 9 00:38:03 standalone account-server[129560]: 172.20.0.100 - - [09/Jan/2026:00:38:03 +0000] "HEAD /d1/45/.expiring_objects" 404 - "HEAD http://localhost/v1/.expiring_objects?format=json" "tx2db80f8a41a942688cd28-0069604deb" "proxy-server 2" 0.0006 "-" 21 -
Jan 9 00:38:03 standalone object-expirer[129438]: Pass completed in 0s; 0 objects expired (txn: tx2db80f8a41a942688cd28-0069604deb)
Jan 9 00:38:18 standalone account-server[129531]: 172.20.0.100 - - [09/Jan/2026:00:38:18 +0000] "HEAD /d1/366/AUTH_a7fe78fff745465881bf8c2586285a06" 204 - "HEAD http://172.18.0.2:8080/v1/AUTH_a7fe78fff745465881bf8c2586285a06?format=json" "txe91718152d3c47d9bdf8d-0069604dfa" "proxy-server 20" 0.0083 "-" 19 -
Jan 9 00:38:18 standalone proxy-server[131758]: - - 09/Jan/2026/00/38/18 HEAD /v1/AUTH_a7fe78fff745465881bf8c2586285a06%3Fformat%3Djson HTTP/1.0 204 - Swift - - - - txe91718152d3c47d9bdf8d-0069604dfa - 0.0192 RL - 1767919098.233967304 1767919098.253167391 -
Jan 9 00:38:18 standalone container-server[129611]: 172.20.0.100 - - [09/Jan/2026:00:38:18 +0000] "HEAD /d1/827/AUTH_a7fe78fff745465881bf8c2586285a06/gnocchi.af089613-1172-48b1-87d8-3fc4a15f42ae" 404 - "HEAD http://172.18.0.2:8080/v1/AUTH_a7fe78fff745465881bf8c2586285a06/gnocchi.af089613-1172-48b1-87d8-3fc4a15f42ae?format=json&states=listing" "txe91718152d3c47d9bdf8d-0069604dfa" "proxy-server 20" 0.0008 "-" 22 0
Jan 9 00:38:18 standalone object-server[129757]: 172.20.0.100 - - [09/Jan/2026:00:38:18 +0000] "GET /d1/136/AUTH_a7fe78fff745465881bf8c2586285a06/gnocchi.af089613-1172-48b1-87d8-3fc4a15f42ae/none_v3" 404 70 "GET http://172.18.0.2:8080/v1/AUTH_a7fe78fff745465881bf8c2586285a06/gnocchi.af089613-1172-48b1-87d8-3fc4a15f42ae/none_v3" "txe91718152d3c47d9bdf8d-0069604dfa" "proxy-server 20" 0.0017 "-" 20 0
Jan 9 00:38:18 standalone proxy-server[131758]: 172.18.0.2 172.18.0.100 09/Jan/2026/00/38/18 GET /v1/AUTH_a7fe78fff745465881bf8c2586285a06/gnocchi.af089613-1172-48b1-87d8-3fc4a15f42ae/none_v3 HTTP/1.0 404 - python-swiftclient-3.11.1 gAAAAABpYE22aU6Q... - 70 - txe91718152d3c47d9bdf8d-0069604dfa - 0.0444 - - 1767919098.232608557 1767919098.277003288 0
Jan 9 00:38:21 standalone account-server[129560]: 172.20.0.100 - - [09/Jan/2026:00:38:21 +0000] "PUT /d1/366/AUTH_a7fe78fff745465881bf8c2586285a06/gnocchi.af089613-1172-48b1-87d8-3fc4a15f42ae" 201 - "PUT http://172.20.0.100:6001/d1/827/AUTH_a7fe78fff745465881bf8c2586285a06/gnocchi.af089613-1172-48b1-87d8-3fc4a15f42ae" "tx5c9ad9997f094a00a54af-0069604dfa" "container-server 21" 0.0026 "-" 21 0
Jan 9 00:38:21 standalone container-server[129605]: 172.20.0.100 - - [09/Jan/2026:00:38:21 +0000] "PUT /d1/827/AUTH_a7fe78fff745465881bf8c2586285a06/gnocchi.af089613-1172-48b1-87d8-3fc4a15f42ae" 201 - "PUT http://172.18.0.2:8080/v1/AUTH_a7fe78fff745465881bf8c2586285a06/gnocchi.af089613-1172-48b1-87d8-3fc4a15f42ae" "tx5c9ad9997f094a00a54af-0069604dfa" "proxy-server 20" 3.2721 "-" 21 0
Jan 9 00:38:21 standalone proxy-server[131758]: 172.18.0.2 172.18.0.100 09/Jan/2026/00/38/21 PUT /v1/AUTH_a7fe78fff745465881bf8c2586285a06/gnocchi.af089613-1172-48b1-87d8-3fc4a15f42ae HTTP/1.0 201 - python-swiftclient-3.11.1 gAAAAABpYE22aU6Q... - - - tx5c9ad9997f094a00a54af-0069604dfa - 3.2827 - - 1767919098.286523819 1767919101.569200039 0
Jan 9 00:38:21 standalone container-server[129611]: 172.20.0.100 - - [09/Jan/2026:00:38:21 +0000] "HEAD /d1/827/AUTH_a7fe78fff745465881bf8c2586285a06/gnocchi.af089613-1172-48b1-87d8-3fc4a15f42ae" 204 - "HEAD http://172.18.0.2:8080/v1/AUTH_a7fe78fff745465881bf8c2586285a06/gnocchi.af089613-1172-48b1-87d8-3fc4a15f42ae?format=json&states=listing" "tx02597ad09d6e4fbab4b2e-0069604dfd" "proxy-server 20" 0.0025 "-" 22 0
Jan 9 00:38:21 standalone proxy-server[131758]: - - 09/Jan/2026/00/38/21 HEAD /v1/AUTH_a7fe78fff745465881bf8c2586285a06/gnocchi.af089613-1172-48b1-87d8-3fc4a15f42ae%3Fformat%3Djson%26states%3Dlisting HTTP/1.0 204 - Swift - - - - tx02597ad09d6e4fbab4b2e-0069604dfd - 0.0075 RL - 1767919101.578665972 1767919101.586203814 0
Jan 9 00:38:21 standalone container-server[129599]: 172.20.0.100 - - [09/Jan/2026:00:38:21 +0000] "GET /d1/827/AUTH_a7fe78fff745465881bf8c2586285a06/gnocchi.af089613-1172-48b1-87d8-3fc4a15f42ae" 200 2 "GET http://172.18.0.2:8080/v1/AUTH_a7fe78fff745465881bf8c2586285a06/gnocchi.af089613-1172-48b1-87d8-3fc4a15f42ae?format=json&states=listing" "tx02597ad09d6e4fbab4b2e-0069604dfd" "proxy-server 20" 0.0040 "-" 18 0
Jan 9 00:38:21 standalone proxy-server[131758]: 172.18.0.2 172.18.0.100 09/Jan/2026/00/38/21 GET /v1/AUTH_a7fe78fff745465881bf8c2586285a06/gnocchi.af089613-1172-48b1-87d8-3fc4a15f42ae%3Fformat%3Djson%26states%3Dlisting HTTP/1.0 200 - python-swiftclient-3.11.1 gAAAAABpYE22aU6Q... - 2 - tx02597ad09d6e4fbab4b2e-0069604dfd - 0.0221 - - 1767919101.576912403 1767919101.599024296 0
Jan 9 00:38:21 standalone object-server[129756]: 172.20.0.100 - - [09/Jan/2026:00:38:21 +0000] "GET /d1/569/AUTH_a7fe78fff745465881bf8c2586285a06/gnocchi.af089613-1172-48b1-87d8-3fc4a15f42ae/1766880000.0_mean_300.0_v3" 404 70 "GET http://172.18.0.2:8080/v1/AUTH_a7fe78fff745465881bf8c2586285a06/gnocchi.af089613-1172-48b1-87d8-3fc4a15f42ae/1766880000.0_mean_300.0_v3" "tx7afc2fa3cfab4ad8a42c3-0069604dfd" "proxy-server 20" 0.0015 "-" 19 0
Jan 9 00:38:21 standalone proxy-server[131758]: 172.18.0.2 172.18.0.100 09/Jan/2026/00/38/21 GET /v1/AUTH_a7fe78fff745465881bf8c2586285a06/gnocchi.af089613-1172-48b1-87d8-3fc4a15f42ae/1766880000.0_mean_300.0_v3 HTTP/1.0 404 - python-swiftclient-3.11.1 gAAAAABpYE22aU6Q... - 70 - tx7afc2fa3cfab4ad8a42c3-0069604dfd - 0.0099 - - 1767919101.605630875 1767919101.615503311 0
Jan 9 00:38:21 standalone container-server[129611]: 172.20.0.100 - - [09/Jan/2026:00:38:21 +0000] "PUT /d1/827/AUTH_a7fe78fff745465881bf8c2586285a06/gnocchi.af089613-1172-48b1-87d8-3fc4a15f42ae/1766880000.0_mean_300.0_v3" 201 - "PUT http://172.18.0.2:8080/d1/569/AUTH_a7fe78fff745465881bf8c2586285a06/gnocchi.af089613-1172-48b1-87d8-3fc4a15f42ae/1766880000.0_mean_300.0_v3" "txf1237f8b4b314d30abb33-0069604dfd" "object-server 24" 0.0010 "-" 22 0
Jan 9 00:38:21 standalone object-server[129764]: 172.20.0.100 - - [09/Jan/2026:00:38:21 +0000] "PUT /d1/569/AUTH_a7fe78fff745465881bf8c2586285a06/gnocchi.af089613-1172-48b1-87d8-3fc4a15f42ae/1766880000.0_mean_300.0_v3" 201 - "PUT http://172.18.0.2:8080/v1/AUTH_a7fe78fff745465881bf8c2586285a06/gnocchi.af089613-1172-48b1-87d8-3fc4a15f42ae/1766880000.0_mean_300.0_v3" "txf1237f8b4b314d30abb33-0069604dfd" "proxy-server 20" 0.0636 "-" 24 0
Jan 9 00:38:21 standalone proxy-server[131758]: 172.18.0.2 172.18.0.100 09/Jan/2026/00/38/21 PUT /v1/AUTH_a7fe78fff745465881bf8c2586285a06/gnocchi.af089613-1172-48b1-87d8-3fc4a15f42ae/1766880000.0_mean_300.0_v3 HTTP/1.0 201 - python-swiftclient-3.11.1 gAAAAABpYE22aU6Q... 16 - - txf1237f8b4b314d30abb33-0069604dfd - 0.0736 - - 1767919101.620325804 1767919101.693911791 0
Jan 9 00:38:21 standalone container-server[129599]: 172.20.0.100 - - [09/Jan/2026:00:38:21 +0000] "PUT /d1/827/AUTH_a7fe78fff745465881bf8c2586285a06/gnocchi.af089613-1172-48b1-87d8-3fc4a15f42ae/none_v3" 201 - "PUT http://172.18.0.2:8080/d1/136/AUTH_a7fe78fff745465881bf8c2586285a06/gnocchi.af089613-1172-48b1-87d8-3fc4a15f42ae/none_v3" "txd1bbc9af9fe44572a8843-0069604dfd" "object-server 20" 0.0009 "-" 18 0
Jan 9 00:38:21 standalone object-server[129757]: 172.20.0.100 - - [09/Jan/2026:00:38:21 +0000] "PUT /d1/136/AUTH_a7fe78fff745465881bf8c2586285a06/gnocchi.af089613-1172-48b1-87d8-3fc4a15f42ae/none_v3" 201 - "PUT http://172.18.0.2:8080/v1/AUTH_a7fe78fff745465881bf8c2586285a06/gnocchi.af089613-1172-48b1-87d8-3fc4a15f42ae/none_v3" "txd1bbc9af9fe44572a8843-0069604dfd" "proxy-server 20" 0.0435 "-" 20 0
Jan 9 00:38:21 standalone proxy-server[131758]: 172.18.0.2 172.18.0.100 09/Jan/2026/00/38/21 PUT /v1/AUTH_a7fe78fff745465881bf8c2586285a06/gnocchi.af089613-1172-48b1-87d8-3fc4a15f42ae/none_v3 HTTP/1.0 201 - python-swiftclient-3.11.1 gAAAAABpYE22aU6Q... 22 - - txd1bbc9af9fe44572a8843-0069604dfd - 0.0579 - - 1767919101.710594654 1767919101.768518686 0
Jan 9 00:38:21 standalone container-server[129599]: 172.20.0.100 - - [09/Jan/2026:00:38:21 +0000] "HEAD /d1/765/AUTH_a7fe78fff745465881bf8c2586285a06/gnocchi.157d268a-abf8-42ac-9604-deb2f3d3a7c2" 404 - "HEAD http://172.18.0.2:8080/v1/AUTH_a7fe78fff745465881bf8c2586285a06/gnocchi.157d268a-abf8-42ac-9604-deb2f3d3a7c2?format=json&states=listing" "tx0a3e35cbeac5471a9e9d4-0069604dfd" "proxy-server 20" 0.0005 "-" 18 0
Jan 9 00:38:21 standalone object-server[129764]: 172.20.0.100 - - [09/Jan/2026:00:38:21 +0000] "GET /d1/524/AUTH_a7fe78fff745465881bf8c2586285a06/gnocchi.157d268a-abf8-42ac-9604-deb2f3d3a7c2/none_v3" 404 70 "GET http://172.18.0.2:8080/v1/AUTH_a7fe78fff745465881bf8c2586285a06/gnocchi.157d268a-abf8-42ac-9604-deb2f3d3a7c2/none_v3" "tx0a3e35cbeac5471a9e9d4-0069604dfd" "proxy-server 20" 0.0006 "-" 24 0
Jan 9 00:38:21 standalone proxy-server[131758]: 172.18.0.2 172.18.0.100 09/Jan/2026/00/38/21 GET /v1/AUTH_a7fe78fff745465881bf8c2586285a06/gnocchi.157d268a-abf8-42ac-9604-deb2f3d3a7c2/none_v3 HTTP/1.0 404 - python-swiftclient-3.11.1 gAAAAABpYE22aU6Q... - 70 - tx0a3e35cbeac5471a9e9d4-0069604dfd - 0.0106 - - 1767919101.782071829 1767919101.792650938 0
Jan 9 00:38:21 standalone account-server[129564]: 172.20.0.100 - - [09/Jan/2026:00:38:21 +0000] "PUT /d1/366/AUTH_a7fe78fff745465881bf8c2586285a06/gnocchi.157d268a-abf8-42ac-9604-deb2f3d3a7c2" 201 - "PUT http://172.20.0.100:6001/d1/765/AUTH_a7fe78fff745465881bf8c2586285a06/gnocchi.157d268a-abf8-42ac-9604-deb2f3d3a7c2" "txae471c460d1b47fda6600-0069604dfd" "container-server 18" 0.0053 "-" 22 0
Jan 9 00:38:21 standalone container-server[129599]: 172.20.0.100 - - [09/Jan/2026:00:38:21 +0000] "PUT /d1/765/AUTH_a7fe78fff745465881bf8c2586285a06/gnocchi.157d268a-abf8-42ac-9604-deb2f3d3a7c2" 201 - "PUT http://172.18.0.2:8080/v1/AUTH_a7fe78fff745465881bf8c2586285a06/gnocchi.157d268a-abf8-42ac-9604-deb2f3d3a7c2" "txae471c460d1b47fda6600-0069604dfd" "proxy-server 20" 0.0164 "-" 18 0
Jan 9 00:38:21 standalone proxy-server[131758]: 172.18.0.2 172.18.0.100 09/Jan/2026/00/38/21 PUT /v1/AUTH_a7fe78fff745465881bf8c2586285a06/gnocchi.157d268a-abf8-42ac-9604-deb2f3d3a7c2 HTTP/1.0 201 - python-swiftclient-3.11.1 gAAAAABpYE22aU6Q... - - - txae471c460d1b47fda6600-0069604dfd - 0.0215 - - 1767919101.795731306 1767919101.817218065 0
Jan 9 00:38:21 standalone container-server[129611]: 172.20.0.100 - - [09/Jan/2026:00:38:21 +0000] "HEAD /d1/765/AUTH_a7fe78fff745465881bf8c2586285a06/gnocchi.157d268a-abf8-42ac-9604-deb2f3d3a7c2" 204 - "HEAD http://172.18.0.2:8080/v1/AUTH_a7fe78fff745465881bf8c2586285a06/gnocchi.157d268a-abf8-42ac-9604-deb2f3d3a7c2?format=json&states=listing" "tx283a60ea59e64c52a97ec-0069604dfd" "proxy-server 20" 0.0025 "-" 22 0
Jan 9 00:38:21 standalone proxy-server[131758]: - - 09/Jan/2026/00/38/21 HEAD /v1/AUTH_a7fe78fff745465881bf8c2586285a06/gnocchi.157d268a-abf8-42ac-9604-deb2f3d3a7c2%3Fformat%3Djson%26states%3Dlisting HTTP/1.0 204 - Swift - - - - tx283a60ea59e64c52a97ec-0069604dfd - 0.0061 RL - 1767919101.820924044 1767919101.827014208 0
Jan 9 00:38:21 standalone container-server[129597]: 172.20.0.100 - - [09/Jan/2026:00:38:21 +0000] "GET /d1/765/AUTH_a7fe78fff745465881bf8c2586285a06/gnocchi.157d268a-abf8-42ac-9604-deb2f3d3a7c2" 200 2 "GET http://172.18.0.2:8080/v1/AUTH_a7fe78fff745465881bf8c2586285a06/gnocchi.157d268a-abf8-42ac-9604-deb2f3d3a7c2?format=json&states=listing" "tx283a60ea59e64c52a97ec-0069604dfd" "proxy-server 20" 0.0044 "-" 17 0
Jan 9 00:38:21 standalone proxy-server[131758]: 172.18.0.2 172.18.0.100 09/Jan/2026/00/38/21 GET /v1/AUTH_a7fe78fff745465881bf8c2586285a06/gnocchi.157d268a-abf8-42ac-9604-deb2f3d3a7c2%3Fformat%3Djson%26states%3Dlisting HTTP/1.0 200 - python-swiftclient-3.11.1 gAAAAABpYE22aU6Q... - 2 - tx283a60ea59e64c52a97ec-0069604dfd - 0.0166 - - 1767919101.820124865 1767919101.836724520 0
Jan 9 00:38:21 standalone object-server[129757]: 172.20.0.100 - - [09/Jan/2026:00:38:21 +0000] "GET /d1/557/AUTH_a7fe78fff745465881bf8c2586285a06/gnocchi.157d268a-abf8-42ac-9604-deb2f3d3a7c2/1766880000.0_mean_300.0_v3" 404 70 "GET http://172.18.0.2:8080/v1/AUTH_a7fe78fff745465881bf8c2586285a06/gnocchi.157d268a-abf8-42ac-9604-deb2f3d3a7c2/1766880000.0_mean_300.0_v3" "txc23ec3d27f7c4cf1b0afe-0069604dfd" "proxy-server 20" 0.0003 "-" 20 0
Jan 9 00:38:21 standalone proxy-server[131758]: 172.18.0.2 172.18.0.100 09/Jan/2026/00/38/21 GET /v1/AUTH_a7fe78fff745465881bf8c2586285a06/gnocchi.157d268a-abf8-42ac-9604-deb2f3d3a7c2/1766880000.0_mean_300.0_v3 HTTP/1.0 404 - python-swiftclient-3.11.1 gAAAAABpYE22aU6Q... - 70 - txc23ec3d27f7c4cf1b0afe-0069604dfd - 0.0050 - - 1767919101.839917421 1767919101.844930410 0
Jan 9 00:38:21 standalone container-server[129605]: 172.20.0.100 - - [09/Jan/2026:00:38:21 +0000] "PUT /d1/765/AUTH_a7fe78fff745465881bf8c2586285a06/gnocchi.157d268a-abf8-42ac-9604-deb2f3d3a7c2/1766880000.0_mean_300.0_v3" 201 - "PUT http://172.18.0.2:8080/d1/557/AUTH_a7fe78fff745465881bf8c2586285a06/gnocchi.157d268a-abf8-42ac-9604-deb2f3d3a7c2/1766880000.0_mean_300.0_v3" "txd71e30dd4a644a8eae5bd-0069604dfd" "object-server 19" 0.0009 "-" 21 0
Jan 9 00:38:21 standalone object-server[129756]: 172.20.0.100 - - [09/Jan/2026:00:38:21 +0000] "PUT /d1/557/AUTH_a7fe78fff745465881bf8c2586285a06/gnocchi.157d268a-abf8-42ac-9604-deb2f3d3a7c2/1766880000.0_mean_300.0_v3" 201 - "PUT http://172.18.0.2:8080/v1/AUTH_a7fe78fff745465881bf8c2586285a06/gnocchi.157d268a-abf8-42ac-9604-deb2f3d3a7c2/1766880000.0_mean_300.0_v3" "txd71e30dd4a644a8eae5bd-0069604dfd" "proxy-server 20" 0.0316 "-" 19 0
Jan 9 00:38:21 standalone proxy-server[131758]: 172.18.0.2 172.18.0.100 09/Jan/2026/00/38/21 PUT /v1/AUTH_a7fe78fff745465881bf8c2586285a06/gnocchi.157d268a-abf8-42ac-9604-deb2f3d3a7c2/1766880000.0_mean_300.0_v3 HTTP/1.0 201 - python-swiftclient-3.11.1 gAAAAABpYE22aU6Q... 16 - - txd71e30dd4a644a8eae5bd-0069604dfd - 0.0373 - - 1767919101.847625017 1767919101.884964466 0
Jan 9 00:38:21 standalone container-server[129611]: 172.20.0.100 - - [09/Jan/2026:00:38:21 +0000] "PUT /d1/765/AUTH_a7fe78fff745465881bf8c2586285a06/gnocchi.157d268a-abf8-42ac-9604-deb2f3d3a7c2/none_v3" 201 - "PUT http://172.18.0.2:8080/d1/524/AUTH_a7fe78fff745465881bf8c2586285a06/gnocchi.157d268a-abf8-42ac-9604-deb2f3d3a7c2/none_v3" "tx107825593fec4f12832da-0069604dfd" "object-server 24" 0.0008 "-" 22 0
Jan 9 00:38:21 standalone object-server[129764]: 172.20.0.100 - - [09/Jan/2026:00:38:21 +0000] "PUT /d1/524/AUTH_a7fe78fff745465881bf8c2586285a06/gnocchi.157d268a-abf8-42ac-9604-deb2f3d3a7c2/none_v3" 201 - "PUT http://172.18.0.2:8080/v1/AUTH_a7fe78fff745465881bf8c2586285a06/gnocchi.157d268a-abf8-42ac-9604-deb2f3d3a7c2/none_v3" "tx107825593fec4f12832da-0069604dfd" "proxy-server 20" 0.0098 "-" 24 0
Jan 9 00:38:21 standalone proxy-server[131758]: 172.18.0.2 172.18.0.100 09/Jan/2026/00/38/21 PUT /v1/AUTH_a7fe78fff745465881bf8c2586285a06/gnocchi.157d268a-abf8-42ac-9604-deb2f3d3a7c2/none_v3 HTTP/1.0 201 - python-swiftclient-3.11.1 gAAAAABpYE22aU6Q... 22 - - tx107825593fec4f12832da-0069604dfd - 0.0170 - - 1767919101.891995907 1767919101.908967495 0
Jan 9 00:38:28 standalone container-server[129597]: 172.20.0.100 - - [09/Jan/2026:00:38:28 +0000] "HEAD /d1/1012/AUTH_a7fe78fff745465881bf8c2586285a06/gnocchi.7a3c160b-c0b2-4763-927e-95a0c7d03e30" 404 - "HEAD http://172.18.0.2:8080/v1/AUTH_a7fe78fff745465881bf8c2586285a06/gnocchi.7a3c160b-c0b2-4763-927e-95a0c7d03e30?format=json&states=listing" "tx3d7fb0011ac240d797ff0-0069604e04" "proxy-server 20" 0.0013 "-" 17 0
Jan 9 00:38:28 standalone object-server[129757]: 172.20.0.100 - - [09/Jan/2026:00:38:28 +0000] "GET /d1/709/AUTH_a7fe78fff745465881bf8c2586285a06/gnocchi.7a3c160b-c0b2-4763-927e-95a0c7d03e30/none_v3" 404 70 "GET http://172.18.0.2:8080/v1/AUTH_a7fe78fff745465881bf8c2586285a06/gnocchi.7a3c160b-c0b2-4763-927e-95a0c7d03e30/none_v3" "tx3d7fb0011ac240d797ff0-0069604e04" "proxy-server 20" 0.0009 "-" 20 0
Jan 9 00:38:28 standalone proxy-server[131758]: 172.18.0.2 172.18.0.100 09/Jan/2026/00/38/28 GET /v1/AUTH_a7fe78fff745465881bf8c2586285a06/gnocchi.7a3c160b-c0b2-4763-927e-95a0c7d03e30/none_v3 HTTP/1.0 404 - python-swiftclient-3.11.1 gAAAAABpYE22aU6Q... - 70 - tx3d7fb0011ac240d797ff0-0069604e04 - 0.0151 - - 1767919108.538314581 1767919108.553447723 0
Jan 9 00:38:28 standalone account-server[129548]: 172.20.0.100 - - [09/Jan/2026:00:38:28 +0000] "PUT /d1/366/AUTH_a7fe78fff745465881bf8c2586285a06/gnocchi.7a3c160b-c0b2-4763-927e-95a0c7d03e30" 201 - "PUT http://172.20.0.100:6001/d1/1012/AUTH_a7fe78fff745465881bf8c2586285a06/gnocchi.7a3c160b-c0b2-4763-927e-95a0c7d03e30" "tx656e27918d3944a790ea9-0069604e04" "container-server 18" 0.0085 "-" 20 0
Jan 9 00:38:28 standalone container-server[129599]: 172.20.0.100 - - [09/Jan/2026:00:38:28 +0000] "PUT /d1/1012/AUTH_a7fe78fff745465881bf8c2586285a06/gnocchi.7a3c160b-c0b2-4763-927e-95a0c7d03e30" 201 - "PUT http://172.18.0.2:8080/v1/AUTH_a7fe78fff745465881bf8c2586285a06/gnocchi.7a3c160b-c0b2-4763-927e-95a0c7d03e30" "tx656e27918d3944a790ea9-0069604e04" "proxy-server 20" 0.0303 "-" 18 0
Jan 9 00:38:28 standalone proxy-server[131758]: 172.18.0.2 172.18.0.100 09/Jan/2026/00/38/28 PUT /v1/AUTH_a7fe78fff745465881bf8c2586285a06/gnocchi.7a3c160b-c0b2-4763-927e-95a0c7d03e30 HTTP/1.0 201 - python-swiftclient-3.11.1 gAAAAABpYE22aU6Q... - - - tx656e27918d3944a790ea9-0069604e04 - 0.0368 - - 1767919108.559136152 1767919108.595965624 0
Jan 9 00:38:28 standalone container-server[129605]: 172.20.0.100 - - [09/Jan/2026:00:38:28 +0000] "HEAD /d1/1012/AUTH_a7fe78fff745465881bf8c2586285a06/gnocchi.7a3c160b-c0b2-4763-927e-95a0c7d03e30" 204 - "HEAD http://172.18.0.2:8080/v1/AUTH_a7fe78fff745465881bf8c2586285a06/gnocchi.7a3c160b-c0b2-4763-927e-95a0c7d03e30?format=json&states=listing" "txa26af88a3a26499e8c04a-0069604e04" "proxy-server 20" 0.0034 "-" 21 0
Jan 9 00:38:28 standalone proxy-server[131758]: - - 09/Jan/2026/00/38/28 HEAD /v1/AUTH_a7fe78fff745465881bf8c2586285a06/gnocchi.7a3c160b-c0b2-4763-927e-95a0c7d03e30%3Fformat%3Djson%26states%3Dlisting HTTP/1.0 204 - Swift - - - - txa26af88a3a26499e8c04a-0069604e04 - 0.0076 RL - 1767919108.600895166 1767919108.608458996 0
Jan 9 00:38:28 standalone container-server[129599]: 172.20.0.100 - - [09/Jan/2026:00:38:28 +0000] "GET /d1/1012/AUTH_a7fe78fff745465881bf8c2586285a06/gnocchi.7a3c160b-c0b2-4763-927e-95a0c7d03e30" 200 2 "GET http://172.18.0.2:8080/v1/AUTH_a7fe78fff745465881bf8c2586285a06/gnocchi.7a3c160b-c0b2-4763-927e-95a0c7d03e30?format=json&states=listing" "txa26af88a3a26499e8c04a-0069604e04" "proxy-server 20" 0.0027 "-" 18 0
Jan 9 00:38:28 standalone proxy-server[131758]: 172.18.0.2 172.18.0.100 09/Jan/2026/00/38/28 GET /v1/AUTH_a7fe78fff745465881bf8c2586285a06/gnocchi.7a3c160b-c0b2-4763-927e-95a0c7d03e30%3Fformat%3Djson%26states%3Dlisting HTTP/1.0 200 - python-swiftclient-3.11.1 gAAAAABpYE22aU6Q... - 2 - txa26af88a3a26499e8c04a-0069604e04 - 0.0188 - - 1767919108.599841595 1767919108.618680716 0
Jan 9 00:38:28 standalone object-server[129756]: 172.20.0.100 - - [09/Jan/2026:00:38:28 +0000] "GET /d1/424/AUTH_a7fe78fff745465881bf8c2586285a06/gnocchi.7a3c160b-c0b2-4763-927e-95a0c7d03e30/1766880000.0_mean_300.0_v3" 404 70 "GET http://172.18.0.2:8080/v1/AUTH_a7fe78fff745465881bf8c2586285a06/gnocchi.7a3c160b-c0b2-4763-927e-95a0c7d03e30/1766880000.0_mean_300.0_v3" "tx9398aa3fa8484874bb0c9-0069604e04" "proxy-server 20" 0.0006 "-" 19 0
Jan 9 00:38:28 standalone proxy-server[131758]: 172.18.0.2 172.18.0.100 09/Jan/2026/00/38/28 GET /v1/AUTH_a7fe78fff745465881bf8c2586285a06/gnocchi.7a3c160b-c0b2-4763-927e-95a0c7d03e30/1766880000.0_mean_300.0_v3 HTTP/1.0 404 - python-swiftclient-3.11.1 gAAAAABpYE22aU6Q... - 70 - tx9398aa3fa8484874bb0c9-0069604e04 - 0.0080 - - 1767919108.624854803 1767919108.632815838 0
Jan 9 00:38:28 standalone container-server[129605]: 172.20.0.100 - - [09/Jan/2026:00:38:28 +0000] "PUT /d1/1012/AUTH_a7fe78fff745465881bf8c2586285a06/gnocchi.7a3c160b-c0b2-4763-927e-95a0c7d03e30/1766880000.0_mean_300.0_v3" 201 - "PUT http://172.18.0.2:8080/d1/424/AUTH_a7fe78fff745465881bf8c2586285a06/gnocchi.7a3c160b-c0b2-4763-927e-95a0c7d03e30/1766880000.0_mean_300.0_v3" "tx5909d88771224387a2ee4-0069604e04" "object-server 24" 0.0007 "-" 21 0
Jan 9 00:38:28 standalone object-server[129764]: 172.20.0.100 - - [09/Jan/2026:00:38:28 +0000] "PUT /d1/424/AUTH_a7fe78fff745465881bf8c2586285a06/gnocchi.7a3c160b-c0b2-4763-927e-95a0c7d03e30/1766880000.0_mean_300.0_v3" 201 - "PUT http://172.18.0.2:8080/v1/AUTH_a7fe78fff745465881bf8c2586285a06/gnocchi.7a3c160b-c0b2-4763-927e-95a0c7d03e30/1766880000.0_mean_300.0_v3" "tx5909d88771224387a2ee4-0069604e04" "proxy-server 20" 0.0180 "-" 24 0
Jan 9 00:38:28 standalone proxy-server[131758]: 172.18.0.2 172.18.0.100 09/Jan/2026/00/38/28 PUT /v1/AUTH_a7fe78fff745465881bf8c2586285a06/gnocchi.7a3c160b-c0b2-4763-927e-95a0c7d03e30/1766880000.0_mean_300.0_v3 HTTP/1.0 201 - python-swiftclient-3.11.1 gAAAAABpYE22aU6Q... 16 - - tx5909d88771224387a2ee4-0069604e04 - 0.0260 - - 1767919108.637866259 1767919108.663825512 0
Jan 9 00:38:28 standalone container-server[129605]: 172.20.0.100 - - [09/Jan/2026:00:38:28 +0000] "PUT /d1/1012/AUTH_a7fe78fff745465881bf8c2586285a06/gnocchi.7a3c160b-c0b2-4763-927e-95a0c7d03e30/none_v3" 201 - "PUT http://172.18.0.2:8080/d1/709/AUTH_a7fe78fff745465881bf8c2586285a06/gnocchi.7a3c160b-c0b2-4763-927e-95a0c7d03e30/none_v3" "txf86fb83111764bc2872cd-0069604e04" "object-server 21" 0.0006 "-" 21 0
Jan 9 00:38:28 standalone object-server[129758]: 172.20.0.100 - - [09/Jan/2026:00:38:28 +0000] "PUT /d1/709/AUTH_a7fe78fff745465881bf8c2586285a06/gnocchi.7a3c160b-c0b2-4763-927e-95a0c7d03e30/none_v3" 201 - "PUT http://172.18.0.2:8080/v1/AUTH_a7fe78fff745465881bf8c2586285a06/gnocchi.7a3c160b-c0b2-4763-927e-95a0c7d03e30/none_v3" "txf86fb83111764bc2872cd-0069604e04" "proxy-server 20" 0.0104 "-" 21 0
Jan 9 00:38:28 standalone proxy-server[131758]: 172.18.0.2 172.18.0.100 09/Jan/2026/00/38/28 PUT /v1/AUTH_a7fe78fff745465881bf8c2586285a06/gnocchi.7a3c160b-c0b2-4763-927e-95a0c7d03e30/none_v3 HTTP/1.0 201 - python-swiftclient-3.11.1 gAAAAABpYE22aU6Q... 22 - - txf86fb83111764bc2872cd-0069604e04 - 0.0166 - - 1767919108.667902946 1767919108.684518099 0
Jan 9 00:38:28 standalone container-server[129599]: 172.20.0.100 - - [09/Jan/2026:00:38:28 +0000] "HEAD /d1/139/AUTH_a7fe78fff745465881bf8c2586285a06/gnocchi.92c6f08f-4c29-4b1b-aed6-f2cd93e4d0d7" 404 - "HEAD http://172.18.0.2:8080/v1/AUTH_a7fe78fff745465881bf8c2586285a06/gnocchi.92c6f08f-4c29-4b1b-aed6-f2cd93e4d0d7?format=json&states=listing" "txc80826eccaaa45e0b3e68-0069604e04" "proxy-server 20" 0.0007 "-" 18 0
Jan 9 00:38:28 standalone object-server[129764]: 172.20.0.100 - - [09/Jan/2026:00:38:28 +0000] "GET /d1/164/AUTH_a7fe78fff745465881bf8c2586285a06/gnocchi.92c6f08f-4c29-4b1b-aed6-f2cd93e4d0d7/none_v3" 404 70 "GET http://172.18.0.2:8080/v1/AUTH_a7fe78fff745465881bf8c2586285a06/gnocchi.92c6f08f-4c29-4b1b-aed6-f2cd93e4d0d7/none_v3" "txc80826eccaaa45e0b3e68-0069604e04" "proxy-server 20" 0.0004 "-" 24 0
Jan 9 00:38:28 standalone proxy-server[131758]: 172.18.0.2 172.18.0.100 09/Jan/2026/00/38/28 GET /v1/AUTH_a7fe78fff745465881bf8c2586285a06/gnocchi.92c6f08f-4c29-4b1b-aed6-f2cd93e4d0d7/none_v3 HTTP/1.0 404 - python-swiftclient-3.11.1 gAAAAABpYE22aU6Q... - 70 - txc80826eccaaa45e0b3e68-0069604e04 - 0.0110 - - 1767919108.699620962 1767919108.710645199 0
Jan 9 00:38:28 standalone account-server[129531]: 172.20.0.100 - - [09/Jan/2026:00:38:28 +0000] "PUT /d1/366/AUTH_a7fe78fff745465881bf8c2586285a06/gnocchi.92c6f08f-4c29-4b1b-aed6-f2cd93e4d0d7" 201 - "PUT http://172.20.0.100:6001/d1/139/AUTH_a7fe78fff745465881bf8c2586285a06/gnocchi.92c6f08f-4c29-4b1b-aed6-f2cd93e4d0d7" "tx4ea199e1e7754a0a82694-0069604e04" "container-server 18" 0.0060 "-" 19 0
Jan 9 00:38:28 standalone container-server[129599]: 172.20.0.100 - - [09/Jan/2026:00:38:28 +0000] "PUT /d1/139/AUTH_a7fe78fff745465881bf8c2586285a06/gnocchi.92c6f08f-4c29-4b1b-aed6-f2cd93e4d0d7" 201 - "PUT http://172.18.0.2:8080/v1/AUTH_a7fe78fff745465881bf8c2586285a06/gnocchi.92c6f08f-4c29-4b1b-aed6-f2cd93e4d0d7" "tx4ea199e1e7754a0a82694-0069604e04" "proxy-server 20" 0.0201 "-" 18 0
Jan 9 00:38:28 standalone proxy-server[131758]: 172.18.0.2 172.18.0.100 09/Jan/2026/00/38/28 PUT /v1/AUTH_a7fe78fff745465881bf8c2586285a06/gnocchi.92c6f08f-4c29-4b1b-aed6-f2cd93e4d0d7 HTTP/1.0 201 - python-swiftclient-3.11.1 gAAAAABpYE22aU6Q... - - - tx4ea199e1e7754a0a82694-0069604e04 - 0.0259 - - 1767919108.714334965 1767919108.740194082 0
Jan 9 00:38:28 standalone container-server[129597]: 172.20.0.100 - - [09/Jan/2026:00:38:28 +0000] "HEAD /d1/139/AUTH_a7fe78fff745465881bf8c2586285a06/gnocchi.92c6f08f-4c29-4b1b-aed6-f2cd93e4d0d7" 204 - "HEAD http://172.18.0.2:8080/v1/AUTH_a7fe78fff745465881bf8c2586285a06/gnocchi.92c6f08f-4c29-4b1b-aed6-f2cd93e4d0d7?format=json&states=listing" "txbe054bf1ed184ff788c42-0069604e04" "proxy-server 20" 0.0020 "-" 17 0
Jan 9 00:38:28 standalone proxy-server[131758]: - - 09/Jan/2026/00/38/28 HEAD /v1/AUTH_a7fe78fff745465881bf8c2586285a06/gnocchi.92c6f08f-4c29-4b1b-aed6-f2cd93e4d0d7%3Fformat%3Djson%26states%3Dlisting HTTP/1.0 204 - Swift - - - - txbe054bf1ed184ff788c42-0069604e04 - 0.0066 RL - 1767919108.746026516 1767919108.752614975 0
Jan 9 00:38:28 standalone container-server[129605]: 172.20.0.100 - - [09/Jan/2026:00:38:28 +0000] "GET /d1/139/AUTH_a7fe78fff745465881bf8c2586285a06/gnocchi.92c6f08f-4c29-4b1b-aed6-f2cd93e4d0d7" 200 2 "GET http://172.18.0.2:8080/v1/AUTH_a7fe78fff745465881bf8c2586285a06/gnocchi.92c6f08f-4c29-4b1b-aed6-f2cd93e4d0d7?format=json&states=listing" "txbe054bf1ed184ff788c42-0069604e04" "proxy-server 20" 0.0019 "-" 21 0
Jan 9 00:38:28 standalone proxy-server[131758]: 172.18.0.2 172.18.0.100 09/Jan/2026/00/38/28 GET /v1/AUTH_a7fe78fff745465881bf8c2586285a06/gnocchi.92c6f08f-4c29-4b1b-aed6-f2cd93e4d0d7%3Fformat%3Djson%26states%3Dlisting HTTP/1.0 200 - python-swiftclient-3.11.1 gAAAAABpYE22aU6Q... - 2 - txbe054bf1ed184ff788c42-0069604e04 - 0.0178 - - 1767919108.744623184 1767919108.762448311 0
Jan 9 00:38:28 standalone object-server[129756]: 172.20.0.100 - - [09/Jan/2026:00:38:28 +0000] "GET /d1/979/AUTH_a7fe78fff745465881bf8c2586285a06/gnocchi.92c6f08f-4c29-4b1b-aed6-f2cd93e4d0d7/1766880000.0_mean_300.0_v3" 404 70 "GET http://172.18.0.2:8080/v1/AUTH_a7fe78fff745465881bf8c2586285a06/gnocchi.92c6f08f-4c29-4b1b-aed6-f2cd93e4d0d7/1766880000.0_mean_300.0_v3" "txc6e5b242d4e74405bfef9-0069604e04" "proxy-server 20" 0.0004 "-" 19 0
Jan 9 00:38:28 standalone proxy-server[131758]: 172.18.0.2 172.18.0.100 09/Jan/2026/00/38/28 GET /v1/AUTH_a7fe78fff745465881bf8c2586285a06/gnocchi.92c6f08f-4c29-4b1b-aed6-f2cd93e4d0d7/1766880000.0_mean_300.0_v3 HTTP/1.0 404 - python-swiftclient-3.11.1 gAAAAABpYE22aU6Q... - 70 - txc6e5b242d4e74405bfef9-0069604e04 - 0.0060 - - 1767919108.768295050 1767919108.774332047 0
Jan 9 00:38:28 standalone container-server[129605]: 172.20.0.100 - - [09/Jan/2026:00:38:28 +0000] "PUT /d1/139/AUTH_a7fe78fff745465881bf8c2586285a06/gnocchi.92c6f08f-4c29-4b1b-aed6-f2cd93e4d0d7/1766880000.0_mean_300.0_v3" 201 - "PUT http://172.18.0.2:8080/d1/979/AUTH_a7fe78fff745465881bf8c2586285a06/gnocchi.92c6f08f-4c29-4b1b-aed6-f2cd93e4d0d7/1766880000.0_mean_300.0_v3" "txb2b7f2b09c1542d2b19d3-0069604e04" "object-server 24" 0.0007 "-" 21 0
Jan 9 00:38:28 standalone object-server[129764]: 172.20.0.100 - - [09/Jan/2026:00:38:28 +0000] "PUT /d1/979/AUTH_a7fe78fff745465881bf8c2586285a06/gnocchi.92c6f08f-4c29-4b1b-aed6-f2cd93e4d0d7/1766880000.0_mean_300.0_v3" 201 - "PUT http://172.18.0.2:8080/v1/AUTH_a7fe78fff745465881bf8c2586285a06/gnocchi.92c6f08f-4c29-4b1b-aed6-f2cd93e4d0d7/1766880000.0_mean_300.0_v3" "txb2b7f2b09c1542d2b19d3-0069604e04" "proxy-server 20" 0.0125 "-" 24 0
Jan 9 00:38:28 standalone proxy-server[131758]: 172.18.0.2 172.18.0.100 09/Jan/2026/00/38/28 PUT /v1/AUTH_a7fe78fff745465881bf8c2586285a06/gnocchi.92c6f08f-4c29-4b1b-aed6-f2cd93e4d0d7/1766880000.0_mean_300.0_v3 HTTP/1.0 201 - python-swiftclient-3.11.1 gAAAAABpYE22aU6Q... 16 - - txb2b7f2b09c1542d2b19d3-0069604e04 - 0.0200 - - 1767919108.780747414 1767919108.800733089 0
Jan 9 00:38:28 standalone container-server[129599]: 172.20.0.100 - - [09/Jan/2026:00:38:28 +0000] "PUT /d1/139/AUTH_a7fe78fff745465881bf8c2586285a06/gnocchi.92c6f08f-4c29-4b1b-aed6-f2cd93e4d0d7/none_v3" 201 - "PUT http://172.18.0.2:8080/d1/164/AUTH_a7fe78fff745465881bf8c2586285a06/gnocchi.92c6f08f-4c29-4b1b-aed6-f2cd93e4d0d7/none_v3" "txef75b6bbb2ad4feaa6fa5-0069604e04" "object-server 19" 0.0007 "-" 18 0
Jan 9 00:38:28 standalone object-server[129756]: 172.20.0.100 - - [09/Jan/2026:00:38:28 +0000] "PUT /d1/164/AUTH_a7fe78fff745465881bf8c2586285a06/gnocchi.92c6f08f-4c29-4b1b-aed6-f2cd93e4d0d7/none_v3" 201 - "PUT http://172.18.0.2:8080/v1/AUTH_a7fe78fff745465881bf8c2586285a06/gnocchi.92c6f08f-4c29-4b1b-aed6-f2cd93e4d0d7/none_v3" "txef75b6bbb2ad4feaa6fa5-0069604e04" "proxy-server 20" 0.0113 "-" 19 0
Jan 9 00:38:28 standalone proxy-server[131758]: 172.18.0.2 172.18.0.100 09/Jan/2026/00/38/28 PUT /v1/AUTH_a7fe78fff745465881bf8c2586285a06/gnocchi.92c6f08f-4c29-4b1b-aed6-f2cd93e4d0d7/none_v3 HTTP/1.0 201 - python-swiftclient-3.11.1 gAAAAABpYE22aU6Q... 22 - - txef75b6bbb2ad4feaa6fa5-0069604e04 - 0.0182 - - 1767919108.804516554 1767919108.822704315 0
Jan 9 00:38:28 standalone container-server[129597]: 172.20.0.100 - - [09/Jan/2026:00:38:28 +0000] "HEAD /d1/802/AUTH_a7fe78fff745465881bf8c2586285a06/gnocchi.e4e32568-172a-4929-b6f3-0d29c7b0f3dd" 404 - "HEAD http://172.18.0.2:8080/v1/AUTH_a7fe78fff745465881bf8c2586285a06/gnocchi.e4e32568-172a-4929-b6f3-0d29c7b0f3dd?format=json&states=listing" "txffd6fd174d294a3a919ad-0069604e04" "proxy-server 20" 0.0005 "-" 17 0
Jan 9 00:38:28 standalone object-server[129756]: 172.20.0.100 - - [09/Jan/2026:00:38:28 +0000] "GET /d1/405/AUTH_a7fe78fff745465881bf8c2586285a06/gnocchi.e4e32568-172a-4929-b6f3-0d29c7b0f3dd/none_v3" 404 70 "GET http://172.18.0.2:8080/v1/AUTH_a7fe78fff745465881bf8c2586285a06/gnocchi.e4e32568-172a-4929-b6f3-0d29c7b0f3dd/none_v3" "txffd6fd174d294a3a919ad-0069604e04" "proxy-server 20" 0.0005 "-" 19 0
Jan 9 00:38:28 standalone proxy-server[131758]: 172.18.0.2 172.18.0.100 09/Jan/2026/00/38/28 GET /v1/AUTH_a7fe78fff745465881bf8c2586285a06/gnocchi.e4e32568-172a-4929-b6f3-0d29c7b0f3dd/none_v3 HTTP/1.0 404 - python-swiftclient-3.11.1 gAAAAABpYE22aU6Q... - 70 - txffd6fd174d294a3a919ad-0069604e04 - 0.0146 - - 1767919108.837339163 1767919108.851892710 0
Jan 9 00:38:28 standalone account-server[129560]: 172.20.0.100 - - [09/Jan/2026:00:38:28 +0000] "PUT /d1/366/AUTH_a7fe78fff745465881bf8c2586285a06/gnocchi.e4e32568-172a-4929-b6f3-0d29c7b0f3dd" 201 - "PUT http://172.20.0.100:6001/d1/802/AUTH_a7fe78fff745465881bf8c2586285a06/gnocchi.e4e32568-172a-4929-b6f3-0d29c7b0f3dd" "tx9bad0d98862b45d2b43e9-0069604e04" "container-server 18" 0.0089 "-" 21 0
Jan 9 00:38:28 standalone container-server[129599]: 172.20.0.100 - - [09/Jan/2026:00:38:28 +0000] "PUT /d1/802/AUTH_a7fe78fff745465881bf8c2586285a06/gnocchi.e4e32568-172a-4929-b6f3-0d29c7b0f3dd" 201 - "PUT http://172.18.0.2:8080/v1/AUTH_a7fe78fff745465881bf8c2586285a06/gnocchi.e4e32568-172a-4929-b6f3-0d29c7b0f3dd" "tx9bad0d98862b45d2b43e9-0069604e04" "proxy-server 20" 0.0222 "-" 18 0
Jan 9 00:38:28 standalone proxy-server[131758]: 172.18.0.2 172.18.0.100 09/Jan/2026/00/38/28 PUT /v1/AUTH_a7fe78fff745465881bf8c2586285a06/gnocchi.e4e32568-172a-4929-b6f3-0d29c7b0f3dd HTTP/1.0 201 - python-swiftclient-3.11.1 gAAAAABpYE22aU6Q... - - - tx9bad0d98862b45d2b43e9-0069604e04 - 0.0315 - - 1767919108.855855703 1767919108.887355566 0
