Jan 9 00:39:30 standalone object-server[129764]: 172.20.0.100 - - [09/Jan/2026:00:39:30 +0000] "PUT /d1/569/AUTH_a7fe78fff745465881bf8c2586285a06/gnocchi.af089613-1172-48b1-87d8-3fc4a15f42ae/1766880000.0_mean_300.0_v3" 201 - "PUT http://172.18.0.2:8080/v1/AUTH_a7fe78fff745465881bf8c2586285a06/gnocchi.af089613-1172-48b1-87d8-3fc4a15f42ae/1766880000.0_mean_300.0_v3" "tx837ffc5d0b184080a0067-0069604e42" "proxy-server 20" 0.0120 "-" 24 0
Jan 9 00:39:30 standalone proxy-server[131758]: 172.18.0.2 172.18.0.100 09/Jan/2026/00/39/30 PUT /v1/AUTH_a7fe78fff745465881bf8c2586285a06/gnocchi.af089613-1172-48b1-87d8-3fc4a15f42ae/1766880000.0_mean_300.0_v3 HTTP/1.0 201 - python-swiftclient-3.11.1 gAAAAABpYE22aU6Q... 16 - - tx837ffc5d0b184080a0067-0069604e42 - 0.0174 - - 1767919170.948893070 1767919170.966257095 0
Jan 9 00:39:30 standalone container-server[129599]: 172.20.0.100 - - [09/Jan/2026:00:39:30 +0000] "PUT /d1/827/AUTH_a7fe78fff745465881bf8c2586285a06/gnocchi.af089613-1172-48b1-87d8-3fc4a15f42ae/none_v3" 201 - "PUT http://172.18.0.2:8080/d1/136/AUTH_a7fe78fff745465881bf8c2586285a06/gnocchi.af089613-1172-48b1-87d8-3fc4a15f42ae/none_v3" "tx9955de612a424aa1b03f4-0069604e42" "object-server 21" 0.0005 "-" 18 0
Jan 9 00:39:30 standalone object-server[129758]: 172.20.0.100 - - [09/Jan/2026:00:39:30 +0000] "PUT /d1/136/AUTH_a7fe78fff745465881bf8c2586285a06/gnocchi.af089613-1172-48b1-87d8-3fc4a15f42ae/none_v3" 201 - "PUT http://172.18.0.2:8080/v1/AUTH_a7fe78fff745465881bf8c2586285a06/gnocchi.af089613-1172-48b1-87d8-3fc4a15f42ae/none_v3" "tx9955de612a424aa1b03f4-0069604e42" "proxy-server 20" 0.0094 "-" 21 0
Jan 9 00:39:30 standalone proxy-server[131758]: 172.18.0.2 172.18.0.100 09/Jan/2026/00/39/30 PUT /v1/AUTH_a7fe78fff745465881bf8c2586285a06/gnocchi.af089613-1172-48b1-87d8-3fc4a15f42ae/none_v3 HTTP/1.0 201 - python-swiftclient-3.11.1 gAAAAABpYE22aU6Q... 48 - - tx9955de612a424aa1b03f4-0069604e42 - 0.0142 - - 1767919170.968267679 1767919170.982427597 0
Jan 9 00:39:30 standalone object-server[129764]: 172.20.0.100 - - [09/Jan/2026:00:39:30 +0000] "GET /d1/524/AUTH_a7fe78fff745465881bf8c2586285a06/gnocchi.157d268a-abf8-42ac-9604-deb2f3d3a7c2/none_v3" 200 33 "GET http://172.18.0.2:8080/v1/AUTH_a7fe78fff745465881bf8c2586285a06/gnocchi.157d268a-abf8-42ac-9604-deb2f3d3a7c2/none_v3" "tx90b91eff97c64c51bf9a6-0069604e42" "proxy-server 20" 0.0009 "-" 24 0
Jan 9 00:39:31 standalone proxy-server[131758]: 172.18.0.2 172.18.0.100 09/Jan/2026/00/39/30 GET /v1/AUTH_a7fe78fff745465881bf8c2586285a06/gnocchi.157d268a-abf8-42ac-9604-deb2f3d3a7c2/none_v3 HTTP/1.0 200 - python-swiftclient-3.11.1 gAAAAABpYE22aU6Q... - 33 - tx90b91eff97c64c51bf9a6-0069604e42 - 0.0085 - - 1767919170.991119862 1767919170.999575853 0
Jan 9 00:39:31 standalone container-server[129599]: 172.20.0.100 - - [09/Jan/2026:00:39:31 +0000] "GET /d1/765/AUTH_a7fe78fff745465881bf8c2586285a06/gnocchi.157d268a-abf8-42ac-9604-deb2f3d3a7c2" 200 357 "GET http://172.18.0.2:8080/v1/AUTH_a7fe78fff745465881bf8c2586285a06/gnocchi.157d268a-abf8-42ac-9604-deb2f3d3a7c2?format=json&states=listing" "tx3a4b8f079061462fa67e8-0069604e43" "proxy-server 20" 0.0166 "-" 18 0
Jan 9 00:39:31 standalone proxy-server[131758]: 172.18.0.2 172.18.0.100 09/Jan/2026/00/39/31 GET /v1/AUTH_a7fe78fff745465881bf8c2586285a06/gnocchi.157d268a-abf8-42ac-9604-deb2f3d3a7c2%3Fformat%3Djson%26states%3Dlisting HTTP/1.0 200 - python-swiftclient-3.11.1 gAAAAABpYE22aU6Q... - 357 - tx3a4b8f079061462fa67e8-0069604e43 - 0.0243 - - 1767919171.003502607 1767919171.027841806 0
Jan 9 00:39:31 standalone container-server[129605]: 172.20.0.100 - - [09/Jan/2026:00:39:31 +0000] "GET /d1/765/AUTH_a7fe78fff745465881bf8c2586285a06/gnocchi.157d268a-abf8-42ac-9604-deb2f3d3a7c2" 200 2 "GET http://172.18.0.2:8080/v1/AUTH_a7fe78fff745465881bf8c2586285a06/gnocchi.157d268a-abf8-42ac-9604-deb2f3d3a7c2?format=json&marker=none_v3&states=listing" "txb0fd2fb6bd734a1186135-0069604e43" "proxy-server 20" 0.0029 "-" 21 0
Jan 9 00:39:31 standalone proxy-server[131758]: 172.18.0.2 172.18.0.100 09/Jan/2026/00/39/31 GET /v1/AUTH_a7fe78fff745465881bf8c2586285a06/gnocchi.157d268a-abf8-42ac-9604-deb2f3d3a7c2%3Fformat%3Djson%26marker%3Dnone_v3%26states%3Dlisting HTTP/1.0 200 - python-swiftclient-3.11.1 gAAAAABpYE22aU6Q... - 2 - txb0fd2fb6bd734a1186135-0069604e43 - 0.0108 - - 1767919171.031642199 1767919171.042481661 0
Jan 9 00:39:31 standalone object-server[129764]: 172.20.0.100 - - [09/Jan/2026:00:39:31 +0000] "GET /d1/557/AUTH_a7fe78fff745465881bf8c2586285a06/gnocchi.157d268a-abf8-42ac-9604-deb2f3d3a7c2/1766880000.0_mean_300.0_v3" 200 16 "GET http://172.18.0.2:8080/v1/AUTH_a7fe78fff745465881bf8c2586285a06/gnocchi.157d268a-abf8-42ac-9604-deb2f3d3a7c2/1766880000.0_mean_300.0_v3" "tx523232f3cd1b4ea489723-0069604e43" "proxy-server 20" 0.0009 "-" 24 0
Jan 9 00:39:31 standalone proxy-server[131758]: 172.18.0.2 172.18.0.100 09/Jan/2026/00/39/31 GET /v1/AUTH_a7fe78fff745465881bf8c2586285a06/gnocchi.157d268a-abf8-42ac-9604-deb2f3d3a7c2/1766880000.0_mean_300.0_v3 HTTP/1.0 200 - python-swiftclient-3.11.1 gAAAAABpYE22aU6Q... - 16 - tx523232f3cd1b4ea489723-0069604e43 - 0.0077 - - 1767919171.046806097 1767919171.054545403 0
Jan 9 00:39:31 standalone container-server[129605]: 172.20.0.100 - - [09/Jan/2026:00:39:31 +0000] "PUT /d1/765/AUTH_a7fe78fff745465881bf8c2586285a06/gnocchi.157d268a-abf8-42ac-9604-deb2f3d3a7c2/1766880000.0_mean_300.0_v3" 201 - "PUT http://172.18.0.2:8080/d1/557/AUTH_a7fe78fff745465881bf8c2586285a06/gnocchi.157d268a-abf8-42ac-9604-deb2f3d3a7c2/1766880000.0_mean_300.0_v3" "tx283ec45dde534e4394715-0069604e43" "object-server 19" 0.0006 "-" 21 0
Jan 9 00:39:31 standalone object-server[129756]: 172.20.0.100 - - [09/Jan/2026:00:39:31 +0000] "PUT /d1/557/AUTH_a7fe78fff745465881bf8c2586285a06/gnocchi.157d268a-abf8-42ac-9604-deb2f3d3a7c2/1766880000.0_mean_300.0_v3" 201 - "PUT http://172.18.0.2:8080/v1/AUTH_a7fe78fff745465881bf8c2586285a06/gnocchi.157d268a-abf8-42ac-9604-deb2f3d3a7c2/1766880000.0_mean_300.0_v3" "tx283ec45dde534e4394715-0069604e43" "proxy-server 20" 0.0130 "-" 19 0
Jan 9 00:39:31 standalone proxy-server[131758]: 172.18.0.2 172.18.0.100 09/Jan/2026/00/39/31 PUT /v1/AUTH_a7fe78fff745465881bf8c2586285a06/gnocchi.157d268a-abf8-42ac-9604-deb2f3d3a7c2/1766880000.0_mean_300.0_v3 HTTP/1.0 201 - python-swiftclient-3.11.1 gAAAAABpYE22aU6Q... 16 - - tx283ec45dde534e4394715-0069604e43 - 0.0203 - - 1767919171.058648109 1767919171.078979254 0
Jan 9 00:39:31 standalone container-server[129597]: 172.20.0.100 - - [09/Jan/2026:00:39:31 +0000] "PUT /d1/765/AUTH_a7fe78fff745465881bf8c2586285a06/gnocchi.157d268a-abf8-42ac-9604-deb2f3d3a7c2/none_v3" 201 - "PUT http://172.18.0.2:8080/d1/524/AUTH_a7fe78fff745465881bf8c2586285a06/gnocchi.157d268a-abf8-42ac-9604-deb2f3d3a7c2/none_v3" "txe68e15457f844e65ab80b-0069604e43" "object-server 21" 0.0007 "-" 17 0
Jan 9 00:39:31 standalone object-server[129758]: 172.20.0.100 - - [09/Jan/2026:00:39:31 +0000] "PUT /d1/524/AUTH_a7fe78fff745465881bf8c2586285a06/gnocchi.157d268a-abf8-42ac-9604-deb2f3d3a7c2/none_v3" 201 - "PUT http://172.18.0.2:8080/v1/AUTH_a7fe78fff745465881bf8c2586285a06/gnocchi.157d268a-abf8-42ac-9604-deb2f3d3a7c2/none_v3" "txe68e15457f844e65ab80b-0069604e43" "proxy-server 20" 0.0139 "-" 21 0
Jan 9 00:39:31 standalone proxy-server[131758]: 172.18.0.2 172.18.0.100 09/Jan/2026/00/39/31 PUT /v1/AUTH_a7fe78fff745465881bf8c2586285a06/gnocchi.157d268a-abf8-42ac-9604-deb2f3d3a7c2/none_v3 HTTP/1.0 201 - python-swiftclient-3.11.1 gAAAAABpYE22aU6Q... 48 - - txe68e15457f844e65ab80b-0069604e43 - 0.0188 - - 1767919171.082014799 1767919171.100818157 0
Jan 9 00:39:33 standalone object-server[129758]: 172.20.0.100 - - [09/Jan/2026:00:39:33 +0000] "GET /d1/207/AUTH_a7fe78fff745465881bf8c2586285a06/gnocchi.80770147-efae-4cc7-95dd-99eaa89e01e2/none_v3" 200 22 "GET http://172.18.0.2:8080/v1/AUTH_a7fe78fff745465881bf8c2586285a06/gnocchi.80770147-efae-4cc7-95dd-99eaa89e01e2/none_v3" "tx431aef16754b4d1289ee8-0069604e45" "proxy-server 20" 0.0014 "-" 21 0
Jan 9 00:39:33 standalone proxy-server[131758]: 172.18.0.2 172.18.0.100 09/Jan/2026/00/39/33 GET /v1/AUTH_a7fe78fff745465881bf8c2586285a06/gnocchi.80770147-efae-4cc7-95dd-99eaa89e01e2/none_v3 HTTP/1.0 200 - python-swiftclient-3.11.1 gAAAAABpYE22aU6Q... - 22 - tx431aef16754b4d1289ee8-0069604e45 - 0.0133 - - 1767919173.014290333 1767919173.027584791 0
Jan 9 00:39:33 standalone container-server[129605]: 172.20.0.100 - - [09/Jan/2026:00:39:33 +0000] "GET /d1/176/AUTH_a7fe78fff745465881bf8c2586285a06/gnocchi.80770147-efae-4cc7-95dd-99eaa89e01e2" 200 357 "GET http://172.18.0.2:8080/v1/AUTH_a7fe78fff745465881bf8c2586285a06/gnocchi.80770147-efae-4cc7-95dd-99eaa89e01e2?format=json&states=listing" "txc0dd3470b5ba405198e14-0069604e45" "proxy-server 20" 0.0145 "-" 21 0
Jan 9 00:39:33 standalone proxy-server[131758]: 172.18.0.2 172.18.0.100 09/Jan/2026/00/39/33 GET /v1/AUTH_a7fe78fff745465881bf8c2586285a06/gnocchi.80770147-efae-4cc7-95dd-99eaa89e01e2%3Fformat%3Djson%26states%3Dlisting HTTP/1.0 200 - python-swiftclient-3.11.1 gAAAAABpYE22aU6Q... - 357 - txc0dd3470b5ba405198e14-0069604e45 - 0.0267 - - 1767919173.034212112 1767919173.060944557 0
Jan 9 00:39:33 standalone container-server[129605]: 172.20.0.100 - - [09/Jan/2026:00:39:33 +0000] "GET /d1/176/AUTH_a7fe78fff745465881bf8c2586285a06/gnocchi.80770147-efae-4cc7-95dd-99eaa89e01e2" 200 2 "GET http://172.18.0.2:8080/v1/AUTH_a7fe78fff745465881bf8c2586285a06/gnocchi.80770147-efae-4cc7-95dd-99eaa89e01e2?format=json&marker=none_v3&states=listing" "tx5b338277fa94436380ab0-0069604e45" "proxy-server 20" 0.0049 "-" 21 0
Jan 9 00:39:33 standalone proxy-server[131758]: 172.18.0.2 172.18.0.100 09/Jan/2026/00/39/33 GET /v1/AUTH_a7fe78fff745465881bf8c2586285a06/gnocchi.80770147-efae-4cc7-95dd-99eaa89e01e2%3Fformat%3Djson%26marker%3Dnone_v3%26states%3Dlisting HTTP/1.0 200 - python-swiftclient-3.11.1 gAAAAABpYE22aU6Q... - 2 - tx5b338277fa94436380ab0-0069604e45 - 0.0175 - - 1767919173.066645622 1767919173.084111929 0
Jan 9 00:39:33 standalone object-server[129756]: 172.20.0.100 - - [09/Jan/2026:00:39:33 +0000] "GET /d1/2/AUTH_a7fe78fff745465881bf8c2586285a06/gnocchi.80770147-efae-4cc7-95dd-99eaa89e01e2/1766880000.0_mean_300.0_v3" 200 16 "GET http://172.18.0.2:8080/v1/AUTH_a7fe78fff745465881bf8c2586285a06/gnocchi.80770147-efae-4cc7-95dd-99eaa89e01e2/1766880000.0_mean_300.0_v3" "tx418fc7b2f9534c7abef8d-0069604e45" "proxy-server 20" 0.0011 "-" 19 0
Jan 9 00:39:33 standalone proxy-server[131758]: 172.18.0.2 172.18.0.100 09/Jan/2026/00/39/33 GET /v1/AUTH_a7fe78fff745465881bf8c2586285a06/gnocchi.80770147-efae-4cc7-95dd-99eaa89e01e2/1766880000.0_mean_300.0_v3 HTTP/1.0 200 - python-swiftclient-3.11.1 gAAAAABpYE22aU6Q... - 16 - tx418fc7b2f9534c7abef8d-0069604e45 - 0.0117 - - 1767919173.089125872 1767919173.100840330 0
Jan 9 00:39:33 standalone container-server[129605]: 172.20.0.100 - - [09/Jan/2026:00:39:33 +0000] "PUT /d1/176/AUTH_a7fe78fff745465881bf8c2586285a06/gnocchi.80770147-efae-4cc7-95dd-99eaa89e01e2/1766880000.0_mean_300.0_v3" 201 - "PUT http://172.18.0.2:8080/d1/2/AUTH_a7fe78fff745465881bf8c2586285a06/gnocchi.80770147-efae-4cc7-95dd-99eaa89e01e2/1766880000.0_mean_300.0_v3" "txb04cbdbe7fc44e74ad48e-0069604e45" "object-server 20" 0.0008 "-" 21 0
Jan 9 00:39:33 standalone object-server[129757]: 172.20.0.100 - - [09/Jan/2026:00:39:33 +0000] "PUT /d1/2/AUTH_a7fe78fff745465881bf8c2586285a06/gnocchi.80770147-efae-4cc7-95dd-99eaa89e01e2/1766880000.0_mean_300.0_v3" 201 - "PUT http://172.18.0.2:8080/v1/AUTH_a7fe78fff745465881bf8c2586285a06/gnocchi.80770147-efae-4cc7-95dd-99eaa89e01e2/1766880000.0_mean_300.0_v3" "txb04cbdbe7fc44e74ad48e-0069604e45" "proxy-server 20" 0.0171 "-" 20 0
Jan 9 00:39:33 standalone proxy-server[131758]: 172.18.0.2 172.18.0.100 09/Jan/2026/00/39/33 PUT /v1/AUTH_a7fe78fff745465881bf8c2586285a06/gnocchi.80770147-efae-4cc7-95dd-99eaa89e01e2/1766880000.0_mean_300.0_v3 HTTP/1.0 201 - python-swiftclient-3.11.1 gAAAAABpYE22aU6Q... 16 - - txb04cbdbe7fc44e74ad48e-0069604e45 - 0.0237 - - 1767919173.104675770 1767919173.128384352 0
Jan 9 00:39:33 standalone container-server[129597]: 172.20.0.100 - - [09/Jan/2026:00:39:33 +0000] "PUT /d1/176/AUTH_a7fe78fff745465881bf8c2586285a06/gnocchi.80770147-efae-4cc7-95dd-99eaa89e01e2/none_v3" 201 - "PUT http://172.18.0.2:8080/d1/207/AUTH_a7fe78fff745465881bf8c2586285a06/gnocchi.80770147-efae-4cc7-95dd-99eaa89e01e2/none_v3" "txe35c4581f3f94195ae85d-0069604e45" "object-server 20" 0.0007 "-" 17 0
Jan 9 00:39:33 standalone object-server[129757]: 172.20.0.100 - - [09/Jan/2026:00:39:33 +0000] "PUT /d1/207/AUTH_a7fe78fff745465881bf8c2586285a06/gnocchi.80770147-efae-4cc7-95dd-99eaa89e01e2/none_v3" 201 - "PUT http://172.18.0.2:8080/v1/AUTH_a7fe78fff745465881bf8c2586285a06/gnocchi.80770147-efae-4cc7-95dd-99eaa89e01e2/none_v3" "txe35c4581f3f94195ae85d-0069604e45" "proxy-server 20" 0.0119 "-" 20 0
Jan 9 00:39:33 standalone proxy-server[131758]: 172.18.0.2 172.18.0.100 09/Jan/2026/00/39/33 PUT /v1/AUTH_a7fe78fff745465881bf8c2586285a06/gnocchi.80770147-efae-4cc7-95dd-99eaa89e01e2/none_v3 HTTP/1.0 201 - python-swiftclient-3.11.1 gAAAAABpYE22aU6Q... 31 - - txe35c4581f3f94195ae85d-0069604e45 - 0.0181 - - 1767919173.132081509 1767919173.150138140 0
Jan 9 00:39:40 standalone object-server[129758]: 172.20.0.100 - - [09/Jan/2026:00:39:40 +0000] "GET /d1/207/AUTH_a7fe78fff745465881bf8c2586285a06/gnocchi.80770147-efae-4cc7-95dd-99eaa89e01e2/none_v3" 200 31 "GET http://172.18.0.2:8080/v1/AUTH_a7fe78fff745465881bf8c2586285a06/gnocchi.80770147-efae-4cc7-95dd-99eaa89e01e2/none_v3" "tx60885efc05004ac2a3e32-0069604e4c" "proxy-server 20" 0.0012 "-" 21 0
Jan 9 00:39:40 standalone proxy-server[131758]: 172.18.0.2 172.18.0.100 09/Jan/2026/00/39/40 GET /v1/AUTH_a7fe78fff745465881bf8c2586285a06/gnocchi.80770147-efae-4cc7-95dd-99eaa89e01e2/none_v3 HTTP/1.0 200 - python-swiftclient-3.11.1 gAAAAABpYE22aU6Q... - 31 - tx60885efc05004ac2a3e32-0069604e4c - 0.0109 - - 1767919180.618226290 1767919180.629142523 0
Jan 9 00:39:40 standalone container-server[129599]: 172.20.0.100 - - [09/Jan/2026:00:39:40 +0000] "GET /d1/176/AUTH_a7fe78fff745465881bf8c2586285a06/gnocchi.80770147-efae-4cc7-95dd-99eaa89e01e2" 200 357 "GET http://172.18.0.2:8080/v1/AUTH_a7fe78fff745465881bf8c2586285a06/gnocchi.80770147-efae-4cc7-95dd-99eaa89e01e2?format=json&states=listing" "tx83211b8393c54e6a90d3b-0069604e4c" "proxy-server 20" 0.0077 "-" 18 0
Jan 9 00:39:40 standalone proxy-server[131758]: 172.18.0.2 172.18.0.100 09/Jan/2026/00/39/40 GET /v1/AUTH_a7fe78fff745465881bf8c2586285a06/gnocchi.80770147-efae-4cc7-95dd-99eaa89e01e2%3Fformat%3Djson%26states%3Dlisting HTTP/1.0 200 - python-swiftclient-3.11.1 gAAAAABpYE22aU6Q... - 357 - tx83211b8393c54e6a90d3b-0069604e4c - 0.0191 - - 1767919180.633730412 1767919180.652797699 0
Jan 9 00:39:40 standalone container-server[129611]: 172.20.0.100 - - [09/Jan/2026:00:39:40 +0000] "GET /d1/176/AUTH_a7fe78fff745465881bf8c2586285a06/gnocchi.80770147-efae-4cc7-95dd-99eaa89e01e2" 200 2 "GET http://172.18.0.2:8080/v1/AUTH_a7fe78fff745465881bf8c2586285a06/gnocchi.80770147-efae-4cc7-95dd-99eaa89e01e2?format=json&marker=none_v3&states=listing" "txd3ece6741cdb4901aa5ba-0069604e4c" "proxy-server 20" 0.0021 "-" 22 0
Jan 9 00:39:40 standalone proxy-server[131758]: 172.18.0.2 172.18.0.100 09/Jan/2026/00/39/40 GET /v1/AUTH_a7fe78fff745465881bf8c2586285a06/gnocchi.80770147-efae-4cc7-95dd-99eaa89e01e2%3Fformat%3Djson%26marker%3Dnone_v3%26states%3Dlisting HTTP/1.0 200 - python-swiftclient-3.11.1 gAAAAABpYE22aU6Q... - 2 - txd3ece6741cdb4901aa5ba-0069604e4c - 0.0085 - - 1767919180.658188105 1767919180.666693211 0
Jan 9 00:39:40 standalone object-server[129757]: 172.20.0.100 - - [09/Jan/2026:00:39:40 +0000] "GET /d1/2/AUTH_a7fe78fff745465881bf8c2586285a06/gnocchi.80770147-efae-4cc7-95dd-99eaa89e01e2/1766880000.0_mean_300.0_v3" 200 16 "GET http://172.18.0.2:8080/v1/AUTH_a7fe78fff745465881bf8c2586285a06/gnocchi.80770147-efae-4cc7-95dd-99eaa89e01e2/1766880000.0_mean_300.0_v3" "txb71fe6abf2f34283aa8f3-0069604e4c" "proxy-server 20" 0.0012 "-" 20 0
Jan 9 00:39:40 standalone proxy-server[131758]: 172.18.0.2 172.18.0.100 09/Jan/2026/00/39/40 GET /v1/AUTH_a7fe78fff745465881bf8c2586285a06/gnocchi.80770147-efae-4cc7-95dd-99eaa89e01e2/1766880000.0_mean_300.0_v3 HTTP/1.0 200 - python-swiftclient-3.11.1 gAAAAABpYE22aU6Q... - 16 - txb71fe6abf2f34283aa8f3-0069604e4c - 0.0089 - - 1767919180.670686245 1767919180.679570913 0
Jan 9 00:39:40 standalone container-server[129605]: 172.20.0.100 - - [09/Jan/2026:00:39:40 +0000] "PUT /d1/176/AUTH_a7fe78fff745465881bf8c2586285a06/gnocchi.80770147-efae-4cc7-95dd-99eaa89e01e2/1766880000.0_mean_300.0_v3" 201 - "PUT http://172.18.0.2:8080/d1/2/AUTH_a7fe78fff745465881bf8c2586285a06/gnocchi.80770147-efae-4cc7-95dd-99eaa89e01e2/1766880000.0_mean_300.0_v3" "tx5e9e825101d34152abe12-0069604e4c" "object-server 19" 0.0006 "-" 21 0
Jan 9 00:39:40 standalone object-server[129756]: 172.20.0.100 - - [09/Jan/2026:00:39:40 +0000] "PUT /d1/2/AUTH_a7fe78fff745465881bf8c2586285a06/gnocchi.80770147-efae-4cc7-95dd-99eaa89e01e2/1766880000.0_mean_300.0_v3" 201 - "PUT http://172.18.0.2:8080/v1/AUTH_a7fe78fff745465881bf8c2586285a06/gnocchi.80770147-efae-4cc7-95dd-99eaa89e01e2/1766880000.0_mean_300.0_v3" "tx5e9e825101d34152abe12-0069604e4c" "proxy-server 20" 0.0095 "-" 19 0
Jan 9 00:39:40 standalone proxy-server[131758]: 172.18.0.2 172.18.0.100 09/Jan/2026/00/39/40 PUT /v1/AUTH_a7fe78fff745465881bf8c2586285a06/gnocchi.80770147-efae-4cc7-95dd-99eaa89e01e2/1766880000.0_mean_300.0_v3 HTTP/1.0 201 - python-swiftclient-3.11.1 gAAAAABpYE22aU6Q... 16 - - tx5e9e825101d34152abe12-0069604e4c - 0.0170 - - 1767919180.683435678 1767919180.700465441 0
Jan 9 00:39:40 standalone container-server[129597]: 172.20.0.100 - - [09/Jan/2026:00:39:40 +0000] "PUT /d1/176/AUTH_a7fe78fff745465881bf8c2586285a06/gnocchi.80770147-efae-4cc7-95dd-99eaa89e01e2/none_v3" 201 - "PUT http://172.18.0.2:8080/d1/207/AUTH_a7fe78fff745465881bf8c2586285a06/gnocchi.80770147-efae-4cc7-95dd-99eaa89e01e2/none_v3" "txb755fe27961249a184380-0069604e4c" "object-server 21" 0.0005 "-" 17 0
Jan 9 00:39:40 standalone object-server[129758]: 172.20.0.100 - - [09/Jan/2026:00:39:40 +0000] "PUT /d1/207/AUTH_a7fe78fff745465881bf8c2586285a06/gnocchi.80770147-efae-4cc7-95dd-99eaa89e01e2/none_v3" 201 - "PUT http://172.18.0.2:8080/v1/AUTH_a7fe78fff745465881bf8c2586285a06/gnocchi.80770147-efae-4cc7-95dd-99eaa89e01e2/none_v3" "txb755fe27961249a184380-0069604e4c" "proxy-server 20" 0.0087 "-" 21 0
Jan 9 00:39:40 standalone proxy-server[131758]: 172.18.0.2 172.18.0.100 09/Jan/2026/00/39/40 PUT /v1/AUTH_a7fe78fff745465881bf8c2586285a06/gnocchi.80770147-efae-4cc7-95dd-99eaa89e01e2/none_v3 HTTP/1.0 201 - python-swiftclient-3.11.1 gAAAAABpYE22aU6Q... 46 - - txb755fe27961249a184380-0069604e4c - 0.0138 - - 1767919180.704751015 1767919180.718543053 0
Jan 9 00:39:41 standalone object-server[129764]: 172.20.0.100 - - [09/Jan/2026:00:39:41 +0000] "GET /d1/207/AUTH_a7fe78fff745465881bf8c2586285a06/gnocchi.80770147-efae-4cc7-95dd-99eaa89e01e2/none_v3" 200 46 "GET http://172.18.0.2:8080/v1/AUTH_a7fe78fff745465881bf8c2586285a06/gnocchi.80770147-efae-4cc7-95dd-99eaa89e01e2/none_v3" "tx989b04e579644be8aeca3-0069604e4d" "proxy-server 20" 0.0023 "-" 24 0
Jan 9 00:39:41 standalone proxy-server[131758]: 172.18.0.2 172.18.0.100 09/Jan/2026/00/39/41 GET /v1/AUTH_a7fe78fff745465881bf8c2586285a06/gnocchi.80770147-efae-4cc7-95dd-99eaa89e01e2/none_v3 HTTP/1.0 200 - python-swiftclient-3.11.1 gAAAAABpYE22aU6Q... - 46 - tx989b04e579644be8aeca3-0069604e4d - 0.0147 - - 1767919181.449590206 1767919181.464337587 0
Jan 9 00:39:41 standalone container-server[129597]: 172.20.0.100 - - [09/Jan/2026:00:39:41 +0000] "GET /d1/176/AUTH_a7fe78fff745465881bf8c2586285a06/gnocchi.80770147-efae-4cc7-95dd-99eaa89e01e2" 200 357 "GET http://172.18.0.2:8080/v1/AUTH_a7fe78fff745465881bf8c2586285a06/gnocchi.80770147-efae-4cc7-95dd-99eaa89e01e2?format=json&states=listing" "tx9abc344c38864defb36d6-0069604e4d" "proxy-server 20" 0.0084 "-" 17 0
Jan 9 00:39:41 standalone proxy-server[131758]: 172.18.0.2 172.18.0.100 09/Jan/2026/00/39/41 GET /v1/AUTH_a7fe78fff745465881bf8c2586285a06/gnocchi.80770147-efae-4cc7-95dd-99eaa89e01e2%3Fformat%3Djson%26states%3Dlisting HTTP/1.0 200 - python-swiftclient-3.11.1 gAAAAABpYE22aU6Q... - 357 - tx9abc344c38864defb36d6-0069604e4d - 0.0178 - - 1767919181.468657494 1767919181.486477375 0
Jan 9 00:39:41 standalone container-server[129611]: 172.20.0.100 - - [09/Jan/2026:00:39:41 +0000] "GET /d1/176/AUTH_a7fe78fff745465881bf8c2586285a06/gnocchi.80770147-efae-4cc7-95dd-99eaa89e01e2" 200 2 "GET http://172.18.0.2:8080/v1/AUTH_a7fe78fff745465881bf8c2586285a06/gnocchi.80770147-efae-4cc7-95dd-99eaa89e01e2?format=json&marker=none_v3&states=listing" "tx0f68524ea9ec43ca97b67-0069604e4d" "proxy-server 20" 0.0019 "-" 22 0
Jan 9 00:39:41 standalone proxy-server[131758]: 172.18.0.2 172.18.0.100 09/Jan/2026/00/39/41 GET /v1/AUTH_a7fe78fff745465881bf8c2586285a06/gnocchi.80770147-efae-4cc7-95dd-99eaa89e01e2%3Fformat%3Djson%26marker%3Dnone_v3%26states%3Dlisting HTTP/1.0 200 - python-swiftclient-3.11.1 gAAAAABpYE22aU6Q... - 2 - tx0f68524ea9ec43ca97b67-0069604e4d - 0.0219 - - 1767919181.489480972 1767919181.511382341 0
Jan 9 00:39:41 standalone object-server[129756]: 172.20.0.100 - - [09/Jan/2026:00:39:41 +0000] "GET /d1/2/AUTH_a7fe78fff745465881bf8c2586285a06/gnocchi.80770147-efae-4cc7-95dd-99eaa89e01e2/1766880000.0_mean_300.0_v3" 200 16 "GET http://172.18.0.2:8080/v1/AUTH_a7fe78fff745465881bf8c2586285a06/gnocchi.80770147-efae-4cc7-95dd-99eaa89e01e2/1766880000.0_mean_300.0_v3" "txe4b6aaa2bd444da18f080-0069604e4d" "proxy-server 20" 0.0013 "-" 19 0
Jan 9 00:39:41 standalone proxy-server[131758]: 172.18.0.2 172.18.0.100 09/Jan/2026/00/39/41 GET /v1/AUTH_a7fe78fff745465881bf8c2586285a06/gnocchi.80770147-efae-4cc7-95dd-99eaa89e01e2/1766880000.0_mean_300.0_v3 HTTP/1.0 200 - python-swiftclient-3.11.1 gAAAAABpYE22aU6Q... - 16 - txe4b6aaa2bd444da18f080-0069604e4d - 0.0075 - - 1767919181.514775515 1767919181.522319317 0
Jan 9 00:39:41 standalone container-server[129597]: 172.20.0.100 - - [09/Jan/2026:00:39:41 +0000] "PUT /d1/176/AUTH_a7fe78fff745465881bf8c2586285a06/gnocchi.80770147-efae-4cc7-95dd-99eaa89e01e2/1766880000.0_mean_300.0_v3" 201 - "PUT http://172.18.0.2:8080/d1/2/AUTH_a7fe78fff745465881bf8c2586285a06/gnocchi.80770147-efae-4cc7-95dd-99eaa89e01e2/1766880000.0_mean_300.0_v3" "txeeb5bba308d44faa994ad-0069604e4d" "object-server 24" 0.0007 "-" 17 0
Jan 9 00:39:41 standalone object-server[129764]: 172.20.0.100 - - [09/Jan/2026:00:39:41 +0000] "PUT /d1/2/AUTH_a7fe78fff745465881bf8c2586285a06/gnocchi.80770147-efae-4cc7-95dd-99eaa89e01e2/1766880000.0_mean_300.0_v3" 201 - "PUT http://172.18.0.2:8080/v1/AUTH_a7fe78fff745465881bf8c2586285a06/gnocchi.80770147-efae-4cc7-95dd-99eaa89e01e2/1766880000.0_mean_300.0_v3" "txeeb5bba308d44faa994ad-0069604e4d" "proxy-server 20" 0.0131 "-" 24 0
Jan 9 00:39:41 standalone proxy-server[131758]: 172.18.0.2 172.18.0.100 09/Jan/2026/00/39/41 PUT /v1/AUTH_a7fe78fff745465881bf8c2586285a06/gnocchi.80770147-efae-4cc7-95dd-99eaa89e01e2/1766880000.0_mean_300.0_v3 HTTP/1.0 201 - python-swiftclient-3.11.1 gAAAAABpYE22aU6Q... 16 - - txeeb5bba308d44faa994ad-0069604e4d - 0.0197 - - 1767919181.525829792 1767919181.545576334 0
Jan 9 00:39:41 standalone container-server[129599]: 172.20.0.100 - - [09/Jan/2026:00:39:41 +0000] "PUT /d1/176/AUTH_a7fe78fff745465881bf8c2586285a06/gnocchi.80770147-efae-4cc7-95dd-99eaa89e01e2/none_v3" 201 - "PUT http://172.18.0.2:8080/d1/207/AUTH_a7fe78fff745465881bf8c2586285a06/gnocchi.80770147-efae-4cc7-95dd-99eaa89e01e2/none_v3" "tx0bb67f80406248279c97f-0069604e4d" "object-server 21" 0.0008 "-" 18 0
Jan 9 00:39:41 standalone object-server[129758]: 172.20.0.100 - - [09/Jan/2026:00:39:41 +0000] "PUT /d1/207/AUTH_a7fe78fff745465881bf8c2586285a06/gnocchi.80770147-efae-4cc7-95dd-99eaa89e01e2/none_v3" 201 - "PUT http://172.18.0.2:8080/v1/AUTH_a7fe78fff745465881bf8c2586285a06/gnocchi.80770147-efae-4cc7-95dd-99eaa89e01e2/none_v3" "tx0bb67f80406248279c97f-0069604e4d" "proxy-server 20" 0.0105 "-" 21 0
Jan 9 00:39:41 standalone proxy-server[131758]: 172.18.0.2 172.18.0.100 09/Jan/2026/00/39/41 PUT /v1/AUTH_a7fe78fff745465881bf8c2586285a06/gnocchi.80770147-efae-4cc7-95dd-99eaa89e01e2/none_v3 HTTP/1.0 201 - python-swiftclient-3.11.1 gAAAAABpYE22aU6Q... 51 - - tx0bb67f80406248279c97f-0069604e4d - 0.0165 - - 1767919181.549151897 1767919181.565683365 0
Jan 9 00:39:44 standalone container-server[129597]: 172.20.0.100 - - [09/Jan/2026:00:39:44 +0000] "HEAD /d1/84/AUTH_a7fe78fff745465881bf8c2586285a06/gnocchi.8afa3210-ffe2-4e54-b4e3-0ebc1f68b2b0" 404 - "HEAD http://172.18.0.2:8080/v1/AUTH_a7fe78fff745465881bf8c2586285a06/gnocchi.8afa3210-ffe2-4e54-b4e3-0ebc1f68b2b0?format=json&states=listing" "txce42c41bf17d40da8f3be-0069604e50" "proxy-server 20" 0.0007 "-" 17 0
Jan 9 00:39:44 standalone object-server[129758]: 172.20.0.100 - - [09/Jan/2026:00:39:44 +0000] "GET /d1/662/AUTH_a7fe78fff745465881bf8c2586285a06/gnocchi.8afa3210-ffe2-4e54-b4e3-0ebc1f68b2b0/none_v3" 404 70 "GET http://172.18.0.2:8080/v1/AUTH_a7fe78fff745465881bf8c2586285a06/gnocchi.8afa3210-ffe2-4e54-b4e3-0ebc1f68b2b0/none_v3" "txce42c41bf17d40da8f3be-0069604e50" "proxy-server 20" 0.0004 "-" 21 0
Jan 9 00:39:44 standalone proxy-server[131758]: 172.18.0.2 172.18.0.100 09/Jan/2026/00/39/44 GET /v1/AUTH_a7fe78fff745465881bf8c2586285a06/gnocchi.8afa3210-ffe2-4e54-b4e3-0ebc1f68b2b0/none_v3 HTTP/1.0 404 - python-swiftclient-3.11.1 gAAAAABpYE22aU6Q... - 70 - txce42c41bf17d40da8f3be-0069604e50 - 0.0110 - - 1767919184.319804668 1767919184.330766678 0
Jan 9 00:39:44 standalone account-server[129564]: 172.20.0.100 - - [09/Jan/2026:00:39:44 +0000] "PUT /d1/366/AUTH_a7fe78fff745465881bf8c2586285a06/gnocchi.8afa3210-ffe2-4e54-b4e3-0ebc1f68b2b0" 201 - "PUT http://172.20.0.100:6001/d1/84/AUTH_a7fe78fff745465881bf8c2586285a06/gnocchi.8afa3210-ffe2-4e54-b4e3-0ebc1f68b2b0" "txfe03064d67ef45cfad574-0069604e50" "container-server 21" 0.0068 "-" 22 0
Jan 9 00:39:44 standalone container-server[129605]: 172.20.0.100 - - [09/Jan/2026:00:39:44 +0000] "PUT /d1/84/AUTH_a7fe78fff745465881bf8c2586285a06/gnocchi.8afa3210-ffe2-4e54-b4e3-0ebc1f68b2b0" 201 - "PUT http://172.18.0.2:8080/v1/AUTH_a7fe78fff745465881bf8c2586285a06/gnocchi.8afa3210-ffe2-4e54-b4e3-0ebc1f68b2b0" "txfe03064d67ef45cfad574-0069604e50" "proxy-server 20" 0.0338 "-" 21 0
Jan 9 00:39:44 standalone proxy-server[131758]: 172.18.0.2 172.18.0.100 09/Jan/2026/00/39/44 PUT /v1/AUTH_a7fe78fff745465881bf8c2586285a06/gnocchi.8afa3210-ffe2-4e54-b4e3-0ebc1f68b2b0 HTTP/1.0 201 - python-swiftclient-3.11.1 gAAAAABpYE22aU6Q... - - - txfe03064d67ef45cfad574-0069604e50 - 0.0406 - - 1767919184.336558104 1767919184.377174854 0
Jan 9 00:39:44 standalone container-server[129605]: 172.20.0.100 - - [09/Jan/2026:00:39:44 +0000] "HEAD /d1/84/AUTH_a7fe78fff745465881bf8c2586285a06/gnocchi.8afa3210-ffe2-4e54-b4e3-0ebc1f68b2b0" 204 - "HEAD http://172.18.0.2:8080/v1/AUTH_a7fe78fff745465881bf8c2586285a06/gnocchi.8afa3210-ffe2-4e54-b4e3-0ebc1f68b2b0?format=json&states=listing" "tx0a6f9ebc4df74ac2b1142-0069604e50" "proxy-server 20" 0.0017 "-" 21 0
Jan 9 00:39:44 standalone proxy-server[131758]: - - 09/Jan/2026/00/39/44 HEAD /v1/AUTH_a7fe78fff745465881bf8c2586285a06/gnocchi.8afa3210-ffe2-4e54-b4e3-0ebc1f68b2b0%3Fformat%3Djson%26states%3Dlisting HTTP/1.0 204 - Swift - - - - tx0a6f9ebc4df74ac2b1142-0069604e50 - 0.0085 RL - 1767919184.383427620 1767919184.391963959 0
Jan 9 00:39:44 standalone container-server[129599]: 172.20.0.100 - - [09/Jan/2026:00:39:44 +0000] "GET /d1/84/AUTH_a7fe78fff745465881bf8c2586285a06/gnocchi.8afa3210-ffe2-4e54-b4e3-0ebc1f68b2b0" 200 2 "GET http://172.18.0.2:8080/v1/AUTH_a7fe78fff745465881bf8c2586285a06/gnocchi.8afa3210-ffe2-4e54-b4e3-0ebc1f68b2b0?format=json&states=listing" "tx0a6f9ebc4df74ac2b1142-0069604e50" "proxy-server 20" 0.0028 "-" 18 0
Jan 9 00:39:44 standalone proxy-server[131758]: 172.18.0.2 172.18.0.100 09/Jan/2026/00/39/44 GET /v1/AUTH_a7fe78fff745465881bf8c2586285a06/gnocchi.8afa3210-ffe2-4e54-b4e3-0ebc1f68b2b0%3Fformat%3Djson%26states%3Dlisting HTTP/1.0 200 - python-swiftclient-3.11.1 gAAAAABpYE22aU6Q... - 2 - tx0a6f9ebc4df74ac2b1142-0069604e50 - 0.0221 - - 1767919184.382086039 1767919184.404228449 0
Jan 9 00:39:44 standalone object-server[129756]: 172.20.0.100 - - [09/Jan/2026:00:39:44 +0000] "GET /d1/245/AUTH_a7fe78fff745465881bf8c2586285a06/gnocchi.8afa3210-ffe2-4e54-b4e3-0ebc1f68b2b0/1766880000.0_mean_300.0_v3" 404 70 "GET http://172.18.0.2:8080/v1/AUTH_a7fe78fff745465881bf8c2586285a06/gnocchi.8afa3210-ffe2-4e54-b4e3-0ebc1f68b2b0/1766880000.0_mean_300.0_v3" "tx37365bd19e98484b835cb-0069604e50" "proxy-server 20" 0.0004 "-" 19 0
Jan 9 00:39:44 standalone proxy-server[131758]: 172.18.0.2 172.18.0.100 09/Jan/2026/00/39/44 GET /v1/AUTH_a7fe78fff745465881bf8c2586285a06/gnocchi.8afa3210-ffe2-4e54-b4e3-0ebc1f68b2b0/1766880000.0_mean_300.0_v3 HTTP/1.0 404 - python-swiftclient-3.11.1 gAAAAABpYE22aU6Q... - 70 - tx37365bd19e98484b835cb-0069604e50 - 0.0105 - - 1767919184.409128666 1767919184.419665337 0
Jan 9 00:39:44 standalone container-server[129611]: 172.20.0.100 - - [09/Jan/2026:00:39:44 +0000] "PUT /d1/84/AUTH_a7fe78fff745465881bf8c2586285a06/gnocchi.8afa3210-ffe2-4e54-b4e3-0ebc1f68b2b0/1766880000.0_mean_300.0_v3" 201 - "PUT http://172.18.0.2:8080/d1/245/AUTH_a7fe78fff745465881bf8c2586285a06/gnocchi.8afa3210-ffe2-4e54-b4e3-0ebc1f68b2b0/1766880000.0_mean_300.0_v3" "tx68c6fab4b44f44de9e411-0069604e50" "object-server 24" 0.0006 "-" 22 0
Jan 9 00:39:44 standalone object-server[129764]: 172.20.0.100 - - [09/Jan/2026:00:39:44 +0000] "PUT /d1/245/AUTH_a7fe78fff745465881bf8c2586285a06/gnocchi.8afa3210-ffe2-4e54-b4e3-0ebc1f68b2b0/1766880000.0_mean_300.0_v3" 201 - "PUT http://172.18.0.2:8080/v1/AUTH_a7fe78fff745465881bf8c2586285a06/gnocchi.8afa3210-ffe2-4e54-b4e3-0ebc1f68b2b0/1766880000.0_mean_300.0_v3" "tx68c6fab4b44f44de9e411-0069604e50" "proxy-server 20" 0.0168 "-" 24 0
Jan 9 00:39:44 standalone proxy-server[131758]: 172.18.0.2 172.18.0.100 09/Jan/2026/00/39/44 PUT /v1/AUTH_a7fe78fff745465881bf8c2586285a06/gnocchi.8afa3210-ffe2-4e54-b4e3-0ebc1f68b2b0/1766880000.0_mean_300.0_v3 HTTP/1.0 201 - python-swiftclient-3.11.1 gAAAAABpYE22aU6Q... 16 - - tx68c6fab4b44f44de9e411-0069604e50 - 0.0332 - - 1767919184.432751417 1767919184.465920687 0
Jan 9 00:39:44 standalone container-server[129611]: 172.20.0.100 - - [09/Jan/2026:00:39:44 +0000] "PUT /d1/84/AUTH_a7fe78fff745465881bf8c2586285a06/gnocchi.8afa3210-ffe2-4e54-b4e3-0ebc1f68b2b0/none_v3" 201 - "PUT http://172.18.0.2:8080/d1/662/AUTH_a7fe78fff745465881bf8c2586285a06/gnocchi.8afa3210-ffe2-4e54-b4e3-0ebc1f68b2b0/none_v3" "tx1f80d9fb9f7948cd966cf-0069604e50" "object-server 21" 0.0006 "-" 22 0
Jan 9 00:39:44 standalone object-server[129758]: 172.20.0.100 - - [09/Jan/2026:00:39:44 +0000] "PUT /d1/662/AUTH_a7fe78fff745465881bf8c2586285a06/gnocchi.8afa3210-ffe2-4e54-b4e3-0ebc1f68b2b0/none_v3" 201 - "PUT http://172.18.0.2:8080/v1/AUTH_a7fe78fff745465881bf8c2586285a06/gnocchi.8afa3210-ffe2-4e54-b4e3-0ebc1f68b2b0/none_v3" "tx1f80d9fb9f7948cd966cf-0069604e50" "proxy-server 20" 0.0189 "-" 21 0
Jan 9 00:39:44 standalone proxy-server[131758]: 172.18.0.2 172.18.0.100 09/Jan/2026/00/39/44 PUT /v1/AUTH_a7fe78fff745465881bf8c2586285a06/gnocchi.8afa3210-ffe2-4e54-b4e3-0ebc1f68b2b0/none_v3 HTTP/1.0 201 - python-swiftclient-3.11.1 gAAAAABpYE22aU6Q... 22 - - tx1f80d9fb9f7948cd966cf-0069604e50 - 0.0345 - - 1767919184.468950748 1767919184.503453970 0
Jan 9 00:39:44 standalone container-server[129611]: 172.20.0.100 - - [09/Jan/2026:00:39:44 +0000] "HEAD /d1/681/AUTH_a7fe78fff745465881bf8c2586285a06/gnocchi.5940630d-8805-4348-ba4c-fb654c285c39" 404 - "HEAD http://172.18.0.2:8080/v1/AUTH_a7fe78fff745465881bf8c2586285a06/gnocchi.5940630d-8805-4348-ba4c-fb654c285c39?format=json&states=listing" "tx1b2a012e96614345b8ca5-0069604e50" "proxy-server 20" 0.0004 "-" 22 0
Jan 9 00:39:44 standalone object-server[129758]: 172.20.0.100 - - [09/Jan/2026:00:39:44 +0000] "GET /d1/634/AUTH_a7fe78fff745465881bf8c2586285a06/gnocchi.5940630d-8805-4348-ba4c-fb654c285c39/none_v3" 404 70 "GET http://172.18.0.2:8080/v1/AUTH_a7fe78fff745465881bf8c2586285a06/gnocchi.5940630d-8805-4348-ba4c-fb654c285c39/none_v3" "tx1b2a012e96614345b8ca5-0069604e50" "proxy-server 20" 0.0006 "-" 21 0
Jan 9 00:39:44 standalone proxy-server[131758]: 172.18.0.2 172.18.0.100 09/Jan/2026/00/39/44 GET /v1/AUTH_a7fe78fff745465881bf8c2586285a06/gnocchi.5940630d-8805-4348-ba4c-fb654c285c39/none_v3 HTTP/1.0 404 - python-swiftclient-3.11.1 gAAAAABpYE22aU6Q... - 70 - tx1b2a012e96614345b8ca5-0069604e50 - 0.0151 - - 1767919184.520964146 1767919184.536046743 0
Jan 9 00:39:44 standalone account-server[129560]: 172.20.0.100 - - [09/Jan/2026:00:39:44 +0000] "PUT /d1/366/AUTH_a7fe78fff745465881bf8c2586285a06/gnocchi.5940630d-8805-4348-ba4c-fb654c285c39" 201 - "PUT http://172.20.0.100:6001/d1/681/AUTH_a7fe78fff745465881bf8c2586285a06/gnocchi.5940630d-8805-4348-ba4c-fb654c285c39" "tx29665b6881544b31a3c71-0069604e50" "container-server 22" 0.0122 "-" 21 0
Jan 9 00:39:44 standalone container-server[129611]: 172.20.0.100 - - [09/Jan/2026:00:39:44 +0000] "PUT /d1/681/AUTH_a7fe78fff745465881bf8c2586285a06/gnocchi.5940630d-8805-4348-ba4c-fb654c285c39" 201 - "PUT http://172.18.0.2:8080/v1/AUTH_a7fe78fff745465881bf8c2586285a06/gnocchi.5940630d-8805-4348-ba4c-fb654c285c39" "tx29665b6881544b31a3c71-0069604e50" "proxy-server 20" 0.0358 "-" 22 0
Jan 9 00:39:44 standalone proxy-server[131758]: 172.18.0.2 172.18.0.100 09/Jan/2026/00/39/44 PUT /v1/AUTH_a7fe78fff745465881bf8c2586285a06/gnocchi.5940630d-8805-4348-ba4c-fb654c285c39 HTTP/1.0 201 - python-swiftclient-3.11.1 gAAAAABpYE22aU6Q... - - - tx29665b6881544b31a3c71-0069604e50 - 0.0420 - - 1767919184.539511442 1767919184.581507921 0
Jan 9 00:39:44 standalone container-server[129597]: 172.20.0.100 - - [09/Jan/2026:00:39:44 +0000] "HEAD /d1/681/AUTH_a7fe78fff745465881bf8c2586285a06/gnocchi.5940630d-8805-4348-ba4c-fb654c285c39" 204 - "HEAD http://172.18.0.2:8080/v1/AUTH_a7fe78fff745465881bf8c2586285a06/gnocchi.5940630d-8805-4348-ba4c-fb654c285c39?format=json&states=listing" "tx23ffcb828a7741d793d5a-0069604e50" "proxy-server 20" 0.0021 "-" 17 0
Jan 9 00:39:44 standalone proxy-server[131758]: - - 09/Jan/2026/00/39/44 HEAD /v1/AUTH_a7fe78fff745465881bf8c2586285a06/gnocchi.5940630d-8805-4348-ba4c-fb654c285c39%3Fformat%3Djson%26states%3Dlisting HTTP/1.0 204 - Swift - - - - tx23ffcb828a7741d793d5a-0069604e50 - 0.0062 RL - 1767919184.586950302 1767919184.593142509 0
Jan 9 00:39:44 standalone container-server[129599]: 172.20.0.100 - - [09/Jan/2026:00:39:44 +0000] "GET /d1/681/AUTH_a7fe78fff745465881bf8c2586285a06/gnocchi.5940630d-8805-4348-ba4c-fb654c285c39" 200 2 "GET http://172.18.0.2:8080/v1/AUTH_a7fe78fff745465881bf8c2586285a06/gnocchi.5940630d-8805-4348-ba4c-fb654c285c39?format=json&states=listing" "tx23ffcb828a7741d793d5a-0069604e50" "proxy-server 20" 0.0019 "-" 18 0
Jan 9 00:39:44 standalone proxy-server[131758]: 172.18.0.2 172.18.0.100 09/Jan/2026/00/39/44 GET /v1/AUTH_a7fe78fff745465881bf8c2586285a06/gnocchi.5940630d-8805-4348-ba4c-fb654c285c39%3Fformat%3Djson%26states%3Dlisting HTTP/1.0 200 - python-swiftclient-3.11.1 gAAAAABpYE22aU6Q... - 2 - tx23ffcb828a7741d793d5a-0069604e50 - 0.0172 - - 1767919184.585891485 1767919184.603092194 0
Jan 9 00:39:44 standalone object-server[129764]: 172.20.0.100 - - [09/Jan/2026:00:39:44 +0000] "GET /d1/678/AUTH_a7fe78fff745465881bf8c2586285a06/gnocchi.5940630d-8805-4348-ba4c-fb654c285c39/1766880000.0_mean_300.0_v3" 404 70 "GET http://172.18.0.2:8080/v1/AUTH_a7fe78fff745465881bf8c2586285a06/gnocchi.5940630d-8805-4348-ba4c-fb654c285c39/1766880000.0_mean_300.0_v3" "tx564544e22e224f909a355-0069604e50" "proxy-server 20" 0.0003 "-" 24 0
Jan 9 00:39:44 standalone proxy-server[131758]: 172.18.0.2 172.18.0.100 09/Jan/2026/00/39/44 GET /v1/AUTH_a7fe78fff745465881bf8c2586285a06/gnocchi.5940630d-8805-4348-ba4c-fb654c285c39/1766880000.0_mean_300.0_v3 HTTP/1.0 404 - python-swiftclient-3.11.1 gAAAAABpYE22aU6Q... - 70 - tx564544e22e224f909a355-0069604e50 - 0.0064 - - 1767919184.607248068 1767919184.613624096 0
Jan 9 00:39:44 standalone container-server[129597]: 172.20.0.100 - - [09/Jan/2026:00:39:44 +0000] "PUT /d1/681/AUTH_a7fe78fff745465881bf8c2586285a06/gnocchi.5940630d-8805-4348-ba4c-fb654c285c39/1766880000.0_mean_300.0_v3" 201 - "PUT http://172.18.0.2:8080/d1/678/AUTH_a7fe78fff745465881bf8c2586285a06/gnocchi.5940630d-8805-4348-ba4c-fb654c285c39/1766880000.0_mean_300.0_v3" "txcfa07f7240d2438ebd4d9-0069604e50" "object-server 24" 0.0010 "-" 17 0
Jan 9 00:39:44 standalone object-server[129764]: 172.20.0.100 - - [09/Jan/2026:00:39:44 +0000] "PUT /d1/678/AUTH_a7fe78fff745465881bf8c2586285a06/gnocchi.5940630d-8805-4348-ba4c-fb654c285c39/1766880000.0_mean_300.0_v3" 201 - "PUT http://172.18.0.2:8080/v1/AUTH_a7fe78fff745465881bf8c2586285a06/gnocchi.5940630d-8805-4348-ba4c-fb654c285c39/1766880000.0_mean_300.0_v3" "txcfa07f7240d2438ebd4d9-0069604e50" "proxy-server 20" 0.0199 "-" 24 0
Jan 9 00:39:44 standalone proxy-server[131758]: 172.18.0.2 172.18.0.100 09/Jan/2026/00/39/44 PUT /v1/AUTH_a7fe78fff745465881bf8c2586285a06/gnocchi.5940630d-8805-4348-ba4c-fb654c285c39/1766880000.0_mean_300.0_v3 HTTP/1.0 201 - python-swiftclient-3.11.1 gAAAAABpYE22aU6Q... 16 - - txcfa07f7240d2438ebd4d9-0069604e50 - 0.0289 - - 1767919184.617225409 1767919184.646111965 0
Jan 9 00:39:44 standalone container-server[129611]: 172.20.0.100 - - [09/Jan/2026:00:39:44 +0000] "PUT /d1/681/AUTH_a7fe78fff745465881bf8c2586285a06/gnocchi.5940630d-8805-4348-ba4c-fb654c285c39/none_v3" 201 - "PUT http://172.18.0.2:8080/d1/634/AUTH_a7fe78fff745465881bf8c2586285a06/gnocchi.5940630d-8805-4348-ba4c-fb654c285c39/none_v3" "tx3bcb7103ea704d4b88a4e-0069604e50" "object-server 24" 0.0007 "-" 22 0
Jan 9 00:39:44 standalone object-server[129764]: 172.20.0.100 - - [09/Jan/2026:00:39:44 +0000] "PUT /d1/634/AUTH_a7fe78fff745465881bf8c2586285a06/gnocchi.5940630d-8805-4348-ba4c-fb654c285c39/none_v3" 201 - "PUT http://172.18.0.2:8080/v1/AUTH_a7fe78fff745465881bf8c2586285a06/gnocchi.5940630d-8805-4348-ba4c-fb654c285c39/none_v3" "tx3bcb7103ea704d4b88a4e-0069604e50" "proxy-server 20" 0.0152 "-" 24 0
Jan 9 00:39:44 standalone proxy-server[131758]: 172.18.0.2 172.18.0.100 09/Jan/2026/00/39/44 PUT /v1/AUTH_a7fe78fff745465881bf8c2586285a06/gnocchi.5940630d-8805-4348-ba4c-fb654c285c39/none_v3 HTTP/1.0 201 - python-swiftclient-3.11.1 gAAAAABpYE22aU6Q... 22 - - tx3bcb7103ea704d4b88a4e-0069604e50 - 0.0372 - - 1767919184.649984598 1767919184.687172890 0
Jan 9 00:39:44 standalone container-server[129611]: 172.20.0.100 - - [09/Jan/2026:00:39:44 +0000] "HEAD /d1/836/AUTH_a7fe78fff745465881bf8c2586285a06/gnocchi.ec411f99-db44-4690-9279-d2b4692f3027" 404 - "HEAD http://172.18.0.2:8080/v1/AUTH_a7fe78fff745465881bf8c2586285a06/gnocchi.ec411f99-db44-4690-9279-d2b4692f3027?format=json&states=listing" "tx4b2821abb8d84d7da2c52-0069604e50" "proxy-server 20" 0.0005 "-" 22 0
Jan 9 00:39:44 standalone object-server[129758]: 172.20.0.100 - - [09/Jan/2026:00:39:44 +0000] "GET /d1/223/AUTH_a7fe78fff745465881bf8c2586285a06/gnocchi.ec411f99-db44-4690-9279-d2b4692f3027/none_v3" 404 70 "GET http://172.18.0.2:8080/v1/AUTH_a7fe78fff745465881bf8c2586285a06/gnocchi.ec411f99-db44-4690-9279-d2b4692f3027/none_v3" "tx4b2821abb8d84d7da2c52-0069604e50" "proxy-server 20" 0.0003 "-" 21 0
Jan 9 00:39:44 standalone proxy-server[131758]: 172.18.0.2 172.18.0.100 09/Jan/2026/00/39/44 GET /v1/AUTH_a7fe78fff745465881bf8c2586285a06/gnocchi.ec411f99-db44-4690-9279-d2b4692f3027/none_v3 HTTP/1.0 404 - python-swiftclient-3.11.1 gAAAAABpYE22aU6Q... - 70 - tx4b2821abb8d84d7da2c52-0069604e50 - 0.0126 - - 1767919184.697719812 1767919184.710323811 0
Jan 9 00:39:44 standalone account-server[129564]: 172.20.0.100 - - [09/Jan/2026:00:39:44 +0000] "PUT /d1/366/AUTH_a7fe78fff745465881bf8c2586285a06/gnocchi.ec411f99-db44-4690-9279-d2b4692f3027" 201 - "PUT http://172.20.0.100:6001/d1/836/AUTH_a7fe78fff745465881bf8c2586285a06/gnocchi.ec411f99-db44-4690-9279-d2b4692f3027" "txfb282e5499594506b5d99-0069604e50" "container-server 22" 0.0051 "-" 22 0
Jan 9 00:39:44 standalone container-server[129611]: 172.20.0.100 - - [09/Jan/2026:00:39:44 +0000] "PUT /d1/836/AUTH_a7fe78fff745465881bf8c2586285a06/gnocchi.ec411f99-db44-4690-9279-d2b4692f3027" 201 - "PUT http://172.18.0.2:8080/v1/AUTH_a7fe78fff745465881bf8c2586285a06/gnocchi.ec411f99-db44-4690-9279-d2b4692f3027" "txfb282e5499594506b5d99-0069604e50" "proxy-server 20" 0.0217 "-" 22 0
Jan 9 00:39:44 standalone proxy-server[131758]: 172.18.0.2 172.18.0.100 09/Jan/2026/00/39/44 PUT /v1/AUTH_a7fe78fff745465881bf8c2586285a06/gnocchi.ec411f99-db44-4690-9279-d2b4692f3027 HTTP/1.0 201 - python-swiftclient-3.11.1 gAAAAABpYE22aU6Q... - - - txfb282e5499594506b5d99-0069604e50 - 0.0368 - - 1767919184.713485003 1767919184.750294685 0
Jan 9 00:39:44 standalone container-server[129599]: 172.20.0.100 - - [09/Jan/2026:00:39:44 +0000] "HEAD /d1/836/AUTH_a7fe78fff745465881bf8c2586285a06/gnocchi.ec411f99-db44-4690-9279-d2b4692f3027" 204 - "HEAD http://172.18.0.2:8080/v1/AUTH_a7fe78fff745465881bf8c2586285a06/gnocchi.ec411f99-db44-4690-9279-d2b4692f3027?format=json&states=listing" "txc65e4acca81747689db2f-0069604e50" "proxy-server 20" 0.0016 "-" 18 0
Jan 9 00:39:44 standalone proxy-server[131758]: - - 09/Jan/2026/00/39/44 HEAD /v1/AUTH_a7fe78fff745465881bf8c2586285a06/gnocchi.ec411f99-db44-4690-9279-d2b4692f3027%3Fformat%3Djson%26states%3Dlisting HTTP/1.0 204 - Swift - - - - txc65e4acca81747689db2f-0069604e50 - 0.0055 RL - 1767919184.760052919 1767919184.765504837 0
Jan 9 00:39:44 standalone container-server[129605]: 172.20.0.100 - - [09/Jan/2026:00:39:44 +0000] "GET /d1/836/AUTH_a7fe78fff745465881bf8c2586285a06/gnocchi.ec411f99-db44-4690-9279-d2b4692f3027" 200 2 "GET http://172.18.0.2:8080/v1/AUTH_a7fe78fff745465881bf8c2586285a06/gnocchi.ec411f99-db44-4690-9279-d2b4692f3027?format=json&states=listing" "txc65e4acca81747689db2f-0069604e50" "proxy-server 20" 0.0023 "-" 21 0
Jan 9 00:39:44 standalone proxy-server[131758]: 172.18.0.2 172.18.0.100 09/Jan/2026/00/39/44 GET /v1/AUTH_a7fe78fff745465881bf8c2586285a06/gnocchi.ec411f99-db44-4690-9279-d2b4692f3027%3Fformat%3Djson%26states%3Dlisting HTTP/1.0 200 - python-swiftclient-3.11.1 gAAAAABpYE22aU6Q... - 2 - txc65e4acca81747689db2f-0069604e50 - 0.0149 - - 1767919184.758500814 1767919184.773421049 0
Jan 9 00:39:44 standalone object-server[129764]: 172.20.0.100 - - [09/Jan/2026:00:39:44 +0000] "GET /d1/739/AUTH_a7fe78fff745465881bf8c2586285a06/gnocchi.ec411f99-db44-4690-9279-d2b4692f3027/1766880000.0_mean_300.0_v3" 404 70 "GET http://172.18.0.2:8080/v1/AUTH_a7fe78fff745465881bf8c2586285a06/gnocchi.ec411f99-db44-4690-9279-d2b4692f3027/1766880000.0_mean_300.0_v3" "txb98c82b338874fd49d3b6-0069604e50" "proxy-server 20" 0.0005 "-" 24 0
Jan 9 00:39:44 standalone proxy-server[131758]: 172.18.0.2 172.18.0.100 09/Jan/2026/00/39/44 GET /v1/AUTH_a7fe78fff745465881bf8c2586285a06/gnocchi.ec411f99-db44-4690-9279-d2b4692f3027/1766880000.0_mean_300.0_v3 HTTP/1.0 404 - python-swiftclient-3.11.1 gAAAAABpYE22aU6Q... - 70 - txb98c82b338874fd49d3b6-0069604e50 - 0.0075 - - 1767919184.783810139 1767919184.791270971 0
Jan 9 00:39:44 standalone container-server[129599]: 172.20.0.100 - - [09/Jan/2026:00:39:44 +0000] "PUT /d1/836/AUTH_a7fe78fff745465881bf8c2586285a06/gnocchi.ec411f99-db44-4690-9279-d2b4692f3027/1766880000.0_mean_300.0_v3" 201 - "PUT http://172.18.0.2:8080/d1/739/AUTH_a7fe78fff745465881bf8c2586285a06/gnocchi.ec411f99-db44-4690-9279-d2b4692f3027/1766880000.0_mean_300.0_v3" "tx399e429934f54d928f202-0069604e50" "object-server 19" 0.0010 "-" 18 0
Jan 9 00:39:44 standalone object-server[129756]: 172.20.0.100 - - [09/Jan/2026:00:39:44 +0000] "PUT /d1/739/AUTH_a7fe78fff745465881bf8c2586285a06/gnocchi.ec411f99-db44-4690-9279-d2b4692f3027/1766880000.0_mean_300.0_v3" 201 - "PUT http://172.18.0.2:8080/v1/AUTH_a7fe78fff745465881bf8c2586285a06/gnocchi.ec411f99-db44-4690-9279-d2b4692f3027/1766880000.0_mean_300.0_v3" "tx399e429934f54d928f202-0069604e50" "proxy-server 20" 0.0153 "-" 19 0
Jan 9 00:39:44 standalone proxy-server[131758]: 172.18.0.2 172.18.0.100 09/Jan/2026/00/39/44 PUT /v1/AUTH_a7fe78fff745465881bf8c2586285a06/gnocchi.ec411f99-db44-4690-9279-d2b4692f3027/1766880000.0_mean_300.0_v3 HTTP/1.0 201 - python-swiftclient-3.11.1 gAAAAABpYE22aU6Q... 16 - - tx399e429934f54d928f202-0069604e50 - 0.0250 - - 1767919184.795686960 1767919184.820648670 0
Jan 9 00:39:44 standalone container-server[129611]: 172.20.0.100 - - [09/Jan/2026:00:39:44 +0000] "PUT /d1/836/AUTH_a7fe78fff745465881bf8c2586285a06/gnocchi.ec411f99-db44-4690-9279-d2b4692f3027/none_v3" 201 - "PUT http://172.18.0.2:8080/d1/223/AUTH_a7fe78fff745465881bf8c2586285a06/gnocchi.ec411f99-db44-4690-9279-d2b4692f3027/none_v3" "tx0fee768c43c543608316b-0069604e50" "object-server 24" 0.0005 "-" 22 0
Jan 9 00:39:44 standalone object-server[129764]: 172.20.0.100 - - [09/Jan/2026:00:39:44 +0000] "PUT /d1/223/AUTH_a7fe78fff745465881bf8c2586285a06/gnocchi.ec411f99-db44-4690-9279-d2b4692f3027/none_v3" 201 - "PUT http://172.18.0.2:8080/v1/AUTH_a7fe78fff745465881bf8c2586285a06/gnocchi.ec411f99-db44-4690-9279-d2b4692f3027/none_v3" "tx0fee768c43c543608316b-0069604e50" "proxy-server 20" 0.0156 "-" 24 0
Jan 9 00:39:44 standalone proxy-server[131758]: 172.18.0.2 172.18.0.100 09/Jan/2026/00/39/44 PUT /v1/AUTH_a7fe78fff745465881bf8c2586285a06/gnocchi.ec411f99-db44-4690-9279-d2b4692f3027/none_v3 HTTP/1.0 201 - python-swiftclient-3.11.1 gAAAAABpYE22aU6Q... 22 - - tx0fee768c43c543608316b-0069604e50 - 0.0245 - - 1767919184.825654984 1767919184.850156784 0
Jan 9 00:39:44 standalone container-server[129599]: 172.20.0.100 - - [09/Jan/2026:00:39:44 +0000] "HEAD /d1/467/AUTH_a7fe78fff745465881bf8c2586285a06/gnocchi.32d7c5c8-211c-4727-9c4c-c47b982a9190" 404 - "HEAD http://172.18.0.2:8080/v1/AUTH_a7fe78fff745465881bf8c2586285a06/gnocchi.32d7c5c8-211c-4727-9c4c-c47b982a9190?format=json&states=listing" "txea193854fe6c4d6e8faf0-0069604e50" "proxy-server 20" 0.0006 "-" 18 0
Jan 9 00:39:44 standalone object-server[129756]: 172.20.0.100 - - [09/Jan/2026:00:39:44 +0000] "GET /d1/769/AUTH_a7fe78fff745465881bf8c2586285a06/gnocchi.32d7c5c8-211c-4727-9c4c-c47b982a9190/none_v3" 404 70 "GET http://172.18.0.2:8080/v1/AUTH_a7fe78fff745465881bf8c2586285a06/gnocchi.32d7c5c8-211c-4727-9c4c-c47b982a9190/none_v3" "txea193854fe6c4d6e8faf0-0069604e50" "proxy-server 20" 0.0003 "-" 19 0
Jan 9 00:39:44 standalone proxy-server[131758]: 172.18.0.2 172.18.0.100 09/Jan/2026/00/39/44 GET /v1/AUTH_a7fe78fff745465881bf8c2586285a06/gnocchi.32d7c5c8-211c-4727-9c4c-c47b982a9190/none_v3 HTTP/1.0 404 - python-swiftclient-3.11.1 gAAAAABpYE22aU6Q... - 70 - txea193854fe6c4d6e8faf0-0069604e50 - 0.0147 - - 1767919184.862421989 1767919184.877158403 0
Jan 9 00:39:44 standalone account-server[129560]: 172.20.0.100 - - [09/Jan/2026:00:39:44 +0000] "PUT /d1/366/AUTH_a7fe78fff745465881bf8c2586285a06/gnocchi.32d7c5c8-211c-4727-9c4c-c47b982a9190" 201 - "PUT http://172.20.0.100:6001/d1/467/AUTH_a7fe78fff745465881bf8c2586285a06/gnocchi.32d7c5c8-211c-4727-9c4c-c47b982a9190" "txa16693bfc20b4ff692067-0069604e50" "container-server 18" 0.0075 "-" 21 0
Jan 9 00:39:44 standalone container-server[129599]: 172.20.0.100 - - [09/Jan/2026:00:39:44 +0000] "PUT /d1/467/AUTH_a7fe78fff745465881bf8c2586285a06/gnocchi.32d7c5c8-211c-4727-9c4c-c47b982a9190" 201 - "PUT http://172.18.0.2:8080/v1/AUTH_a7fe78fff745465881bf8c2586285a06/gnocchi.32d7c5c8-211c-4727-9c4c-c47b982a9190" "txa16693bfc20b4ff692067-0069604e50" "proxy-server 20" 0.0243 "-" 18 0
Jan 9 00:39:44 standalone proxy-server[131758]: 172.18.0.2 172.18.0.100 09/Jan/2026/00/39/44 PUT /v1/AUTH_a7fe78fff745465881bf8c2586285a06/gnocchi.32d7c5c8-211c-4727-9c4c-c47b982a9190 HTTP/1.0 201 - python-swiftclient-3.11.1 gAAAAABpYE22aU6Q... - - - txa16693bfc20b4ff692067-0069604e50 - 0.0328 - - 1767919184.880335569 1767919184.913136721 0
Jan 9 00:39:44 standalone container-server[129605]: 172.20.0.100 - - [09/Jan/2026:00:39:44 +0000] "HEAD /d1/467/AUTH_a7fe78fff745465881bf8c2586285a06/gnocchi.32d7c5c8-211c-4727-9c4c-c47b982a9190" 204 - "HEAD http://172.18.0.2:8080/v1/AUTH_a7fe78fff745465881bf8c2586285a06/gnocchi.32d7c5c8-211c-4727-9c4c-c47b982a9190?format=json&states=listing" "tx7809eaaffb244d93a57dc-0069604e50" "proxy-server 20" 0.0021 "-" 21 0
Jan 9 00:39:44 standalone proxy-server[131758]: - - 09/Jan/2026/00/39/44 HEAD /v1/AUTH_a7fe78fff745465881bf8c2586285a06/gnocchi.32d7c5c8-211c-4727-9c4c-c47b982a9190%3Fformat%3Djson%26states%3Dlisting HTTP/1.0 204 - Swift - - - - tx7809eaaffb244d93a57dc-0069604e50 - 0.0065 RL - 1767919184.918678284 1767919184.925203085 0
Jan 9 00:39:44 standalone container-server[129605]: 172.20.0.100 - - [09/Jan/2026:00:39:44 +0000] "GET /d1/467/AUTH_a7fe78fff745465881bf8c2586285a06/gnocchi.32d7c5c8-211c-4727-9c4c-c47b982a9190" 200 2 "GET http://172.18.0.2:8080/v1/AUTH_a7fe78fff745465881bf8c2586285a06/gnocchi.32d7c5c8-211c-4727-9c4c-c47b982a9190?format=json&states=listing" "tx7809eaaffb244d93a57dc-0069604e50" "proxy-server 20" 0.0023 "-" 21 0
Jan 9 00:39:44 standalone proxy-server[131758]: 172.18.0.2 172.18.0.100 09/Jan/2026/00/39/44 GET /v1/AUTH_a7fe78fff745465881bf8c2586285a06/gnocchi.32d7c5c8-211c-4727-9c4c-c47b982a9190%3Fformat%3Djson%26states%3Dlisting HTTP/1.0 200 - python-swiftclient-3.11.1 gAAAAABpYE22aU6Q... - 2 - tx7809eaaffb244d93a57dc-0069604e50 - 0.0184 - - 1767919184.916948557 1767919184.935319901 0
Jan 9 00:39:44 standalone object-server[129757]: 172.20.0.100 - - [09/Jan/2026:00:39:44 +0000] "GET /d1/172/AUTH_a7fe78fff745465881bf8c2586285a06/gnocchi.32d7c5c8-211c-4727-9c4c-c47b982a9190/1766880000.0_mean_300.0_v3" 404 70 "GET http://172.18.0.2:8080/v1/AUTH_a7fe78fff745465881bf8c2586285a06/gnocchi.32d7c5c8-211c-4727-9c4c-c47b982a9190/1766880000.0_mean_300.0_v3" "tx4fa872b2579f436a84655-0069604e50" "proxy-server 20" 0.0004 "-" 20 0
