Jan 9 00:39:44 standalone proxy-server[131758]: 172.18.0.2 172.18.0.100 09/Jan/2026/00/39/44 GET /v1/AUTH_a7fe78fff745465881bf8c2586285a06/gnocchi.32d7c5c8-211c-4727-9c4c-c47b982a9190/1766880000.0_mean_300.0_v3 HTTP/1.0 404 - python-swiftclient-3.11.1 gAAAAABpYE22aU6Q... - 70 - tx4fa872b2579f436a84655-0069604e50 - 0.0070 - - 1767919184.941243172 1767919184.948267460 0
Jan 9 00:39:44 standalone container-server[129605]: 172.20.0.100 - - [09/Jan/2026:00:39:44 +0000] "PUT /d1/467/AUTH_a7fe78fff745465881bf8c2586285a06/gnocchi.32d7c5c8-211c-4727-9c4c-c47b982a9190/1766880000.0_mean_300.0_v3" 201 - "PUT http://172.18.0.2:8080/d1/172/AUTH_a7fe78fff745465881bf8c2586285a06/gnocchi.32d7c5c8-211c-4727-9c4c-c47b982a9190/1766880000.0_mean_300.0_v3" "tx71285d854fa840adb175f-0069604e50" "object-server 24" 0.0007 "-" 21 0
Jan 9 00:39:44 standalone object-server[129764]: 172.20.0.100 - - [09/Jan/2026:00:39:44 +0000] "PUT /d1/172/AUTH_a7fe78fff745465881bf8c2586285a06/gnocchi.32d7c5c8-211c-4727-9c4c-c47b982a9190/1766880000.0_mean_300.0_v3" 201 - "PUT http://172.18.0.2:8080/v1/AUTH_a7fe78fff745465881bf8c2586285a06/gnocchi.32d7c5c8-211c-4727-9c4c-c47b982a9190/1766880000.0_mean_300.0_v3" "tx71285d854fa840adb175f-0069604e50" "proxy-server 20" 0.0125 "-" 24 0
Jan 9 00:39:44 standalone proxy-server[131758]: 172.18.0.2 172.18.0.100 09/Jan/2026/00/39/44 PUT /v1/AUTH_a7fe78fff745465881bf8c2586285a06/gnocchi.32d7c5c8-211c-4727-9c4c-c47b982a9190/1766880000.0_mean_300.0_v3 HTTP/1.0 201 - python-swiftclient-3.11.1 gAAAAABpYE22aU6Q... 16 - - tx71285d854fa840adb175f-0069604e50 - 0.0239 - - 1767919184.952931881 1767919184.976835728 0
Jan 9 00:39:44 standalone container-server[129597]: 172.20.0.100 - - [09/Jan/2026:00:39:44 +0000] "PUT /d1/467/AUTH_a7fe78fff745465881bf8c2586285a06/gnocchi.32d7c5c8-211c-4727-9c4c-c47b982a9190/none_v3" 201 - "PUT http://172.18.0.2:8080/d1/769/AUTH_a7fe78fff745465881bf8c2586285a06/gnocchi.32d7c5c8-211c-4727-9c4c-c47b982a9190/none_v3" "tx48d3a822c98a4229acb04-0069604e50" "object-server 21" 0.0007 "-" 17 0
Jan 9 00:39:44 standalone object-server[129758]: 172.20.0.100 - - [09/Jan/2026:00:39:44 +0000] "PUT /d1/769/AUTH_a7fe78fff745465881bf8c2586285a06/gnocchi.32d7c5c8-211c-4727-9c4c-c47b982a9190/none_v3" 201 - "PUT http://172.18.0.2:8080/v1/AUTH_a7fe78fff745465881bf8c2586285a06/gnocchi.32d7c5c8-211c-4727-9c4c-c47b982a9190/none_v3" "tx48d3a822c98a4229acb04-0069604e50" "proxy-server 20" 0.0122 "-" 21 0
Jan 9 00:39:44 standalone proxy-server[131758]: 172.18.0.2 172.18.0.100 09/Jan/2026/00/39/44 PUT /v1/AUTH_a7fe78fff745465881bf8c2586285a06/gnocchi.32d7c5c8-211c-4727-9c4c-c47b982a9190/none_v3 HTTP/1.0 201 - python-swiftclient-3.11.1 gAAAAABpYE22aU6Q... 22 - - tx48d3a822c98a4229acb04-0069604e50 - 0.0188 - - 1767919184.980304956 1767919184.999070406 0
Jan 9 00:39:45 standalone container-server[129597]: 172.20.0.100 - - [09/Jan/2026:00:39:45 +0000] "HEAD /d1/408/AUTH_a7fe78fff745465881bf8c2586285a06/gnocchi.e056ada6-4775-4255-81f8-629948bdc38a" 404 - "HEAD http://172.18.0.2:8080/v1/AUTH_a7fe78fff745465881bf8c2586285a06/gnocchi.e056ada6-4775-4255-81f8-629948bdc38a?format=json&states=listing" "tx6e63970261a147ec8838f-0069604e51" "proxy-server 20" 0.0012 "-" 17 0
Jan 9 00:39:45 standalone object-server[129756]: 172.20.0.100 - - [09/Jan/2026:00:39:45 +0000] "GET /d1/475/AUTH_a7fe78fff745465881bf8c2586285a06/gnocchi.e056ada6-4775-4255-81f8-629948bdc38a/none_v3" 404 70 "GET http://172.18.0.2:8080/v1/AUTH_a7fe78fff745465881bf8c2586285a06/gnocchi.e056ada6-4775-4255-81f8-629948bdc38a/none_v3" "tx6e63970261a147ec8838f-0069604e51" "proxy-server 20" 0.0004 "-" 19 0
Jan 9 00:39:45 standalone proxy-server[131758]: 172.18.0.2 172.18.0.100 09/Jan/2026/00/39/45 GET /v1/AUTH_a7fe78fff745465881bf8c2586285a06/gnocchi.e056ada6-4775-4255-81f8-629948bdc38a/none_v3 HTTP/1.0 404 - python-swiftclient-3.11.1 gAAAAABpYE22aU6Q... - 70 - tx6e63970261a147ec8838f-0069604e51 - 0.0180 - - 1767919185.049525976 1767919185.067488670 0
Jan 9 00:39:45 standalone account-server[129564]: 172.20.0.100 - - [09/Jan/2026:00:39:45 +0000] "PUT /d1/366/AUTH_a7fe78fff745465881bf8c2586285a06/gnocchi.e056ada6-4775-4255-81f8-629948bdc38a" 201 - "PUT http://172.20.0.100:6001/d1/408/AUTH_a7fe78fff745465881bf8c2586285a06/gnocchi.e056ada6-4775-4255-81f8-629948bdc38a" "tx02d94d9ac94c4a55a4117-0069604e51" "container-server 21" 0.0041 "-" 22 0
Jan 9 00:39:45 standalone container-server[129605]: 172.20.0.100 - - [09/Jan/2026:00:39:45 +0000] "PUT /d1/408/AUTH_a7fe78fff745465881bf8c2586285a06/gnocchi.e056ada6-4775-4255-81f8-629948bdc38a" 201 - "PUT http://172.18.0.2:8080/v1/AUTH_a7fe78fff745465881bf8c2586285a06/gnocchi.e056ada6-4775-4255-81f8-629948bdc38a" "tx02d94d9ac94c4a55a4117-0069604e51" "proxy-server 20" 0.0168 "-" 21 0
Jan 9 00:39:45 standalone proxy-server[131758]: 172.18.0.2 172.18.0.100 09/Jan/2026/00/39/45 PUT /v1/AUTH_a7fe78fff745465881bf8c2586285a06/gnocchi.e056ada6-4775-4255-81f8-629948bdc38a HTTP/1.0 201 - python-swiftclient-3.11.1 gAAAAABpYE22aU6Q... - - - tx02d94d9ac94c4a55a4117-0069604e51 - 0.0253 - - 1767919185.071392298 1767919185.096709490 0
Jan 9 00:39:45 standalone container-server[129599]: 172.20.0.100 - - [09/Jan/2026:00:39:45 +0000] "HEAD /d1/408/AUTH_a7fe78fff745465881bf8c2586285a06/gnocchi.e056ada6-4775-4255-81f8-629948bdc38a" 204 - "HEAD http://172.18.0.2:8080/v1/AUTH_a7fe78fff745465881bf8c2586285a06/gnocchi.e056ada6-4775-4255-81f8-629948bdc38a?format=json&states=listing" "tx623223a08ec54371be608-0069604e51" "proxy-server 20" 0.0018 "-" 18 0
Jan 9 00:39:45 standalone proxy-server[131758]: - - 09/Jan/2026/00/39/45 HEAD /v1/AUTH_a7fe78fff745465881bf8c2586285a06/gnocchi.e056ada6-4775-4255-81f8-629948bdc38a%3Fformat%3Djson%26states%3Dlisting HTTP/1.0 204 - Swift - - - - tx623223a08ec54371be608-0069604e51 - 0.0072 RL - 1767919185.105677128 1767919185.112845421 0
Jan 9 00:39:45 standalone container-server[129611]: 172.20.0.100 - - [09/Jan/2026:00:39:45 +0000] "GET /d1/408/AUTH_a7fe78fff745465881bf8c2586285a06/gnocchi.e056ada6-4775-4255-81f8-629948bdc38a" 200 2 "GET http://172.18.0.2:8080/v1/AUTH_a7fe78fff745465881bf8c2586285a06/gnocchi.e056ada6-4775-4255-81f8-629948bdc38a?format=json&states=listing" "tx623223a08ec54371be608-0069604e51" "proxy-server 20" 0.0017 "-" 22 0
Jan 9 00:39:45 standalone proxy-server[131758]: 172.18.0.2 172.18.0.100 09/Jan/2026/00/39/45 GET /v1/AUTH_a7fe78fff745465881bf8c2586285a06/gnocchi.e056ada6-4775-4255-81f8-629948bdc38a%3Fformat%3Djson%26states%3Dlisting HTTP/1.0 200 - python-swiftclient-3.11.1 gAAAAABpYE22aU6Q... - 2 - tx623223a08ec54371be608-0069604e51 - 0.0231 - - 1767919185.100532293 1767919185.123586655 0
Jan 9 00:39:45 standalone object-server[129756]: 172.20.0.100 - - [09/Jan/2026:00:39:45 +0000] "GET /d1/1001/AUTH_a7fe78fff745465881bf8c2586285a06/gnocchi.e056ada6-4775-4255-81f8-629948bdc38a/1766880000.0_mean_300.0_v3" 404 70 "GET http://172.18.0.2:8080/v1/AUTH_a7fe78fff745465881bf8c2586285a06/gnocchi.e056ada6-4775-4255-81f8-629948bdc38a/1766880000.0_mean_300.0_v3" "txb70cefc24f844cf08e096-0069604e51" "proxy-server 20" 0.0003 "-" 19 0
Jan 9 00:39:45 standalone proxy-server[131758]: 172.18.0.2 172.18.0.100 09/Jan/2026/00/39/45 GET /v1/AUTH_a7fe78fff745465881bf8c2586285a06/gnocchi.e056ada6-4775-4255-81f8-629948bdc38a/1766880000.0_mean_300.0_v3 HTTP/1.0 404 - python-swiftclient-3.11.1 gAAAAABpYE22aU6Q... - 70 - txb70cefc24f844cf08e096-0069604e51 - 0.0069 - - 1767919185.127220631 1767919185.134152412 0
Jan 9 00:39:45 standalone container-server[129605]: 172.20.0.100 - - [09/Jan/2026:00:39:45 +0000] "PUT /d1/408/AUTH_a7fe78fff745465881bf8c2586285a06/gnocchi.e056ada6-4775-4255-81f8-629948bdc38a/1766880000.0_mean_300.0_v3" 201 - "PUT http://172.18.0.2:8080/d1/1001/AUTH_a7fe78fff745465881bf8c2586285a06/gnocchi.e056ada6-4775-4255-81f8-629948bdc38a/1766880000.0_mean_300.0_v3" "tx9d45ebccca124a80903c4-0069604e51" "object-server 19" 0.0008 "-" 21 0
Jan 9 00:39:45 standalone object-server[129756]: 172.20.0.100 - - [09/Jan/2026:00:39:45 +0000] "PUT /d1/1001/AUTH_a7fe78fff745465881bf8c2586285a06/gnocchi.e056ada6-4775-4255-81f8-629948bdc38a/1766880000.0_mean_300.0_v3" 201 - "PUT http://172.18.0.2:8080/v1/AUTH_a7fe78fff745465881bf8c2586285a06/gnocchi.e056ada6-4775-4255-81f8-629948bdc38a/1766880000.0_mean_300.0_v3" "tx9d45ebccca124a80903c4-0069604e51" "proxy-server 20" 0.0113 "-" 19 0
Jan 9 00:39:45 standalone proxy-server[131758]: 172.18.0.2 172.18.0.100 09/Jan/2026/00/39/45 PUT /v1/AUTH_a7fe78fff745465881bf8c2586285a06/gnocchi.e056ada6-4775-4255-81f8-629948bdc38a/1766880000.0_mean_300.0_v3 HTTP/1.0 201 - python-swiftclient-3.11.1 gAAAAABpYE22aU6Q... 16 - - tx9d45ebccca124a80903c4-0069604e51 - 0.0180 - - 1767919185.137977600 1767919185.155992985 0
Jan 9 00:39:45 standalone container-server[129605]: 172.20.0.100 - - [09/Jan/2026:00:39:45 +0000] "PUT /d1/408/AUTH_a7fe78fff745465881bf8c2586285a06/gnocchi.e056ada6-4775-4255-81f8-629948bdc38a/none_v3" 201 - "PUT http://172.18.0.2:8080/d1/475/AUTH_a7fe78fff745465881bf8c2586285a06/gnocchi.e056ada6-4775-4255-81f8-629948bdc38a/none_v3" "tx8124934a82124e2e93cad-0069604e51" "object-server 21" 0.0006 "-" 21 0
Jan 9 00:39:45 standalone object-server[129758]: 172.20.0.100 - - [09/Jan/2026:00:39:45 +0000] "PUT /d1/475/AUTH_a7fe78fff745465881bf8c2586285a06/gnocchi.e056ada6-4775-4255-81f8-629948bdc38a/none_v3" 201 - "PUT http://172.18.0.2:8080/v1/AUTH_a7fe78fff745465881bf8c2586285a06/gnocchi.e056ada6-4775-4255-81f8-629948bdc38a/none_v3" "tx8124934a82124e2e93cad-0069604e51" "proxy-server 20" 0.0135 "-" 21 0
Jan 9 00:39:45 standalone proxy-server[131758]: 172.18.0.2 172.18.0.100 09/Jan/2026/00/39/45 PUT /v1/AUTH_a7fe78fff745465881bf8c2586285a06/gnocchi.e056ada6-4775-4255-81f8-629948bdc38a/none_v3 HTTP/1.0 201 - python-swiftclient-3.11.1 gAAAAABpYE22aU6Q... 22 - - tx8124934a82124e2e93cad-0069604e51 - 0.0224 - - 1767919185.160481691 1767919185.182894945 0
Jan 9 00:39:56 standalone container-server[129611]: 172.20.0.100 - - [09/Jan/2026:00:39:56 +0000] "HEAD /d1/992/AUTH_a7fe78fff745465881bf8c2586285a06/gnocchi.51ac8665-ff46-400a-8687-007f653cb01d" 404 - "HEAD http://172.18.0.2:8080/v1/AUTH_a7fe78fff745465881bf8c2586285a06/gnocchi.51ac8665-ff46-400a-8687-007f653cb01d?format=json&states=listing" "tx1065408fd7b846f1a0eb8-0069604e5c" "proxy-server 20" 0.0010 "-" 22 0
Jan 9 00:39:56 standalone object-server[129758]: 172.20.0.100 - - [09/Jan/2026:00:39:56 +0000] "GET /d1/631/AUTH_a7fe78fff745465881bf8c2586285a06/gnocchi.51ac8665-ff46-400a-8687-007f653cb01d/none_v3" 404 70 "GET http://172.18.0.2:8080/v1/AUTH_a7fe78fff745465881bf8c2586285a06/gnocchi.51ac8665-ff46-400a-8687-007f653cb01d/none_v3" "tx1065408fd7b846f1a0eb8-0069604e5c" "proxy-server 20" 0.0010 "-" 21 0
Jan 9 00:39:56 standalone proxy-server[131758]: 172.18.0.2 172.18.0.100 09/Jan/2026/00/39/56 GET /v1/AUTH_a7fe78fff745465881bf8c2586285a06/gnocchi.51ac8665-ff46-400a-8687-007f653cb01d/none_v3 HTTP/1.0 404 - python-swiftclient-3.11.1 gAAAAABpYE22aU6Q... - 70 - tx1065408fd7b846f1a0eb8-0069604e5c - 0.0149 - - 1767919196.646119118 1767919196.660969257 0
Jan 9 00:39:56 standalone account-server[129548]: 172.20.0.100 - - [09/Jan/2026:00:39:56 +0000] "PUT /d1/366/AUTH_a7fe78fff745465881bf8c2586285a06/gnocchi.51ac8665-ff46-400a-8687-007f653cb01d" 201 - "PUT http://172.20.0.100:6001/d1/992/AUTH_a7fe78fff745465881bf8c2586285a06/gnocchi.51ac8665-ff46-400a-8687-007f653cb01d" "tx4744a5423da243b8a688b-0069604e5c" "container-server 18" 0.0095 "-" 20 0
Jan 9 00:39:56 standalone container-server[129599]: 172.20.0.100 - - [09/Jan/2026:00:39:56 +0000] "PUT /d1/992/AUTH_a7fe78fff745465881bf8c2586285a06/gnocchi.51ac8665-ff46-400a-8687-007f653cb01d" 201 - "PUT http://172.18.0.2:8080/v1/AUTH_a7fe78fff745465881bf8c2586285a06/gnocchi.51ac8665-ff46-400a-8687-007f653cb01d" "tx4744a5423da243b8a688b-0069604e5c" "proxy-server 20" 0.0336 "-" 18 0
Jan 9 00:39:56 standalone proxy-server[131758]: 172.18.0.2 172.18.0.100 09/Jan/2026/00/39/56 PUT /v1/AUTH_a7fe78fff745465881bf8c2586285a06/gnocchi.51ac8665-ff46-400a-8687-007f653cb01d HTTP/1.0 201 - python-swiftclient-3.11.1 gAAAAABpYE22aU6Q... - - - tx4744a5423da243b8a688b-0069604e5c - 0.0449 - - 1767919196.663847923 1767919196.708701372 0
Jan 9 00:39:56 standalone container-server[129599]: 172.20.0.100 - - [09/Jan/2026:00:39:56 +0000] "HEAD /d1/992/AUTH_a7fe78fff745465881bf8c2586285a06/gnocchi.51ac8665-ff46-400a-8687-007f653cb01d" 204 - "HEAD http://172.18.0.2:8080/v1/AUTH_a7fe78fff745465881bf8c2586285a06/gnocchi.51ac8665-ff46-400a-8687-007f653cb01d?format=json&states=listing" "tx2390efd37e1041bf88817-0069604e5c" "proxy-server 20" 0.0017 "-" 18 0
Jan 9 00:39:56 standalone proxy-server[131758]: - - 09/Jan/2026/00/39/56 HEAD /v1/AUTH_a7fe78fff745465881bf8c2586285a06/gnocchi.51ac8665-ff46-400a-8687-007f653cb01d%3Fformat%3Djson%26states%3Dlisting HTTP/1.0 204 - Swift - - - - tx2390efd37e1041bf88817-0069604e5c - 0.0059 RL - 1767919196.715499878 1767919196.721377373 0
Jan 9 00:39:56 standalone container-server[129611]: 172.20.0.100 - - [09/Jan/2026:00:39:56 +0000] "GET /d1/992/AUTH_a7fe78fff745465881bf8c2586285a06/gnocchi.51ac8665-ff46-400a-8687-007f653cb01d" 200 2 "GET http://172.18.0.2:8080/v1/AUTH_a7fe78fff745465881bf8c2586285a06/gnocchi.51ac8665-ff46-400a-8687-007f653cb01d?format=json&states=listing" "tx2390efd37e1041bf88817-0069604e5c" "proxy-server 20" 0.0029 "-" 22 0
Jan 9 00:39:56 standalone proxy-server[131758]: 172.18.0.2 172.18.0.100 09/Jan/2026/00/39/56 GET /v1/AUTH_a7fe78fff745465881bf8c2586285a06/gnocchi.51ac8665-ff46-400a-8687-007f653cb01d%3Fformat%3Djson%26states%3Dlisting HTTP/1.0 200 - python-swiftclient-3.11.1 gAAAAABpYE22aU6Q... - 2 - tx2390efd37e1041bf88817-0069604e5c - 0.0184 - - 1767919196.714013815 1767919196.732447863 0
Jan 9 00:39:56 standalone object-server[129757]: 172.20.0.100 - - [09/Jan/2026:00:39:56 +0000] "GET /d1/111/AUTH_a7fe78fff745465881bf8c2586285a06/gnocchi.51ac8665-ff46-400a-8687-007f653cb01d/1766880000.0_mean_300.0_v3" 404 70 "GET http://172.18.0.2:8080/v1/AUTH_a7fe78fff745465881bf8c2586285a06/gnocchi.51ac8665-ff46-400a-8687-007f653cb01d/1766880000.0_mean_300.0_v3" "tx62087da1807546358a530-0069604e5c" "proxy-server 20" 0.0003 "-" 20 0
Jan 9 00:39:56 standalone proxy-server[131758]: 172.18.0.2 172.18.0.100 09/Jan/2026/00/39/56 GET /v1/AUTH_a7fe78fff745465881bf8c2586285a06/gnocchi.51ac8665-ff46-400a-8687-007f653cb01d/1766880000.0_mean_300.0_v3 HTTP/1.0 404 - python-swiftclient-3.11.1 gAAAAABpYE22aU6Q... - 70 - tx62087da1807546358a530-0069604e5c - 0.0052 - - 1767919196.735522509 1767919196.740697145 0
Jan 9 00:39:56 standalone container-server[129605]: 172.20.0.100 - - [09/Jan/2026:00:39:56 +0000] "PUT /d1/992/AUTH_a7fe78fff745465881bf8c2586285a06/gnocchi.51ac8665-ff46-400a-8687-007f653cb01d/1766880000.0_mean_300.0_v3" 201 - "PUT http://172.18.0.2:8080/d1/111/AUTH_a7fe78fff745465881bf8c2586285a06/gnocchi.51ac8665-ff46-400a-8687-007f653cb01d/1766880000.0_mean_300.0_v3" "tx98f27ebb02f444ad8adc4-0069604e5c" "object-server 21" 0.0007 "-" 21 0
Jan 9 00:39:56 standalone object-server[129758]: 172.20.0.100 - - [09/Jan/2026:00:39:56 +0000] "PUT /d1/111/AUTH_a7fe78fff745465881bf8c2586285a06/gnocchi.51ac8665-ff46-400a-8687-007f653cb01d/1766880000.0_mean_300.0_v3" 201 - "PUT http://172.18.0.2:8080/v1/AUTH_a7fe78fff745465881bf8c2586285a06/gnocchi.51ac8665-ff46-400a-8687-007f653cb01d/1766880000.0_mean_300.0_v3" "tx98f27ebb02f444ad8adc4-0069604e5c" "proxy-server 20" 0.0301 "-" 21 0
Jan 9 00:39:56 standalone proxy-server[131758]: 172.18.0.2 172.18.0.100 09/Jan/2026/00/39/56 PUT /v1/AUTH_a7fe78fff745465881bf8c2586285a06/gnocchi.51ac8665-ff46-400a-8687-007f653cb01d/1766880000.0_mean_300.0_v3 HTTP/1.0 201 - python-swiftclient-3.11.1 gAAAAABpYE22aU6Q... 16 - - tx98f27ebb02f444ad8adc4-0069604e5c - 0.0357 - - 1767919196.745114088 1767919196.780822754 0
Jan 9 00:39:56 standalone container-server[129611]: 172.20.0.100 - - [09/Jan/2026:00:39:56 +0000] "PUT /d1/992/AUTH_a7fe78fff745465881bf8c2586285a06/gnocchi.51ac8665-ff46-400a-8687-007f653cb01d/none_v3" 201 - "PUT http://172.18.0.2:8080/d1/631/AUTH_a7fe78fff745465881bf8c2586285a06/gnocchi.51ac8665-ff46-400a-8687-007f653cb01d/none_v3" "tx21d06fc55b0448f495a87-0069604e5c" "object-server 21" 0.0008 "-" 22 0
Jan 9 00:39:56 standalone object-server[129758]: 172.20.0.100 - - [09/Jan/2026:00:39:56 +0000] "PUT /d1/631/AUTH_a7fe78fff745465881bf8c2586285a06/gnocchi.51ac8665-ff46-400a-8687-007f653cb01d/none_v3" 201 - "PUT http://172.18.0.2:8080/v1/AUTH_a7fe78fff745465881bf8c2586285a06/gnocchi.51ac8665-ff46-400a-8687-007f653cb01d/none_v3" "tx21d06fc55b0448f495a87-0069604e5c" "proxy-server 20" 0.0345 "-" 21 0
Jan 9 00:39:56 standalone proxy-server[131758]: 172.18.0.2 172.18.0.100 09/Jan/2026/00/39/56 PUT /v1/AUTH_a7fe78fff745465881bf8c2586285a06/gnocchi.51ac8665-ff46-400a-8687-007f653cb01d/none_v3 HTTP/1.0 201 - python-swiftclient-3.11.1 gAAAAABpYE22aU6Q... 22 - - tx21d06fc55b0448f495a87-0069604e5c - 0.0430 - - 1767919196.784054279 1767919196.827098608 0
Jan 9 00:40:00 standalone object-server[129758]: 172.20.0.100 - - [09/Jan/2026:00:40:00 +0000] "GET /d1/631/AUTH_a7fe78fff745465881bf8c2586285a06/gnocchi.51ac8665-ff46-400a-8687-007f653cb01d/none_v3" 200 22 "GET http://172.18.0.2:8080/v1/AUTH_a7fe78fff745465881bf8c2586285a06/gnocchi.51ac8665-ff46-400a-8687-007f653cb01d/none_v3" "tx8c8a5ba0579c4c6cba845-0069604e60" "proxy-server 20" 0.0018 "-" 21 0
Jan 9 00:40:00 standalone proxy-server[131758]: 172.18.0.2 172.18.0.100 09/Jan/2026/00/40/00 GET /v1/AUTH_a7fe78fff745465881bf8c2586285a06/gnocchi.51ac8665-ff46-400a-8687-007f653cb01d/none_v3 HTTP/1.0 200 - python-swiftclient-3.11.1 gAAAAABpYE22aU6Q... - 22 - tx8c8a5ba0579c4c6cba845-0069604e60 - 0.0122 - - 1767919200.945449591 1767919200.957686901 0
Jan 9 00:40:00 standalone container-server[129611]: 172.20.0.100 - - [09/Jan/2026:00:40:00 +0000] "GET /d1/992/AUTH_a7fe78fff745465881bf8c2586285a06/gnocchi.51ac8665-ff46-400a-8687-007f653cb01d" 200 357 "GET http://172.18.0.2:8080/v1/AUTH_a7fe78fff745465881bf8c2586285a06/gnocchi.51ac8665-ff46-400a-8687-007f653cb01d?format=json&states=listing" "tx477b2fbfaf11450cb800e-0069604e60" "proxy-server 20" 0.0155 "-" 22 0
Jan 9 00:40:00 standalone proxy-server[131758]: 172.18.0.2 172.18.0.100 09/Jan/2026/00/40/00 GET /v1/AUTH_a7fe78fff745465881bf8c2586285a06/gnocchi.51ac8665-ff46-400a-8687-007f653cb01d%3Fformat%3Djson%26states%3Dlisting HTTP/1.0 200 - python-swiftclient-3.11.1 gAAAAABpYE22aU6Q... - 357 - tx477b2fbfaf11450cb800e-0069604e60 - 0.0243 - - 1767919200.963561773 1767919200.987824202 0
Jan 9 00:40:00 standalone container-server[129611]: 172.20.0.100 - - [09/Jan/2026:00:40:00 +0000] "GET /d1/992/AUTH_a7fe78fff745465881bf8c2586285a06/gnocchi.51ac8665-ff46-400a-8687-007f653cb01d" 200 2 "GET http://172.18.0.2:8080/v1/AUTH_a7fe78fff745465881bf8c2586285a06/gnocchi.51ac8665-ff46-400a-8687-007f653cb01d?format=json&marker=none_v3&states=listing" "txce2b216a45084616a37f3-0069604e60" "proxy-server 20" 0.0024 "-" 22 0
Jan 9 00:40:01 standalone proxy-server[131758]: 172.18.0.2 172.18.0.100 09/Jan/2026/00/40/00 GET /v1/AUTH_a7fe78fff745465881bf8c2586285a06/gnocchi.51ac8665-ff46-400a-8687-007f653cb01d%3Fformat%3Djson%26marker%3Dnone_v3%26states%3Dlisting HTTP/1.0 200 - python-swiftclient-3.11.1 gAAAAABpYE22aU6Q... - 2 - txce2b216a45084616a37f3-0069604e60 - 0.0090 - - 1767919200.990978956 1767919200.999976873 0
Jan 9 00:40:01 standalone object-server[129758]: 172.20.0.100 - - [09/Jan/2026:00:40:01 +0000] "GET /d1/111/AUTH_a7fe78fff745465881bf8c2586285a06/gnocchi.51ac8665-ff46-400a-8687-007f653cb01d/1766880000.0_mean_300.0_v3" 200 16 "GET http://172.18.0.2:8080/v1/AUTH_a7fe78fff745465881bf8c2586285a06/gnocchi.51ac8665-ff46-400a-8687-007f653cb01d/1766880000.0_mean_300.0_v3" "txdc2b336d057b4f9985a34-0069604e61" "proxy-server 20" 0.0011 "-" 21 0
Jan 9 00:40:01 standalone proxy-server[131758]: 172.18.0.2 172.18.0.100 09/Jan/2026/00/40/01 GET /v1/AUTH_a7fe78fff745465881bf8c2586285a06/gnocchi.51ac8665-ff46-400a-8687-007f653cb01d/1766880000.0_mean_300.0_v3 HTTP/1.0 200 - python-swiftclient-3.11.1 gAAAAABpYE22aU6Q... - 16 - txdc2b336d057b4f9985a34-0069604e61 - 0.0073 - - 1767919201.004125118 1767919201.011468649 0
Jan 9 00:40:01 standalone container-server[129611]: 172.20.0.100 - - [09/Jan/2026:00:40:01 +0000] "PUT /d1/992/AUTH_a7fe78fff745465881bf8c2586285a06/gnocchi.51ac8665-ff46-400a-8687-007f653cb01d/1766880000.0_mean_300.0_v3" 201 - "PUT http://172.18.0.2:8080/d1/111/AUTH_a7fe78fff745465881bf8c2586285a06/gnocchi.51ac8665-ff46-400a-8687-007f653cb01d/1766880000.0_mean_300.0_v3" "tx67e2ff29173a4e5d8567e-0069604e61" "object-server 24" 0.0007 "-" 22 0
Jan 9 00:40:01 standalone object-server[129764]: 172.20.0.100 - - [09/Jan/2026:00:40:01 +0000] "PUT /d1/111/AUTH_a7fe78fff745465881bf8c2586285a06/gnocchi.51ac8665-ff46-400a-8687-007f653cb01d/1766880000.0_mean_300.0_v3" 201 - "PUT http://172.18.0.2:8080/v1/AUTH_a7fe78fff745465881bf8c2586285a06/gnocchi.51ac8665-ff46-400a-8687-007f653cb01d/1766880000.0_mean_300.0_v3" "tx67e2ff29173a4e5d8567e-0069604e61" "proxy-server 20" 0.0095 "-" 24 0
Jan 9 00:40:01 standalone proxy-server[131758]: 172.18.0.2 172.18.0.100 09/Jan/2026/00/40/01 PUT /v1/AUTH_a7fe78fff745465881bf8c2586285a06/gnocchi.51ac8665-ff46-400a-8687-007f653cb01d/1766880000.0_mean_300.0_v3 HTTP/1.0 201 - python-swiftclient-3.11.1 gAAAAABpYE22aU6Q... 23 - - tx67e2ff29173a4e5d8567e-0069604e61 - 0.0153 - - 1767919201.015951872 1767919201.031283617 0
Jan 9 00:40:01 standalone container-server[129605]: 172.20.0.100 - - [09/Jan/2026:00:40:01 +0000] "PUT /d1/992/AUTH_a7fe78fff745465881bf8c2586285a06/gnocchi.51ac8665-ff46-400a-8687-007f653cb01d/none_v3" 201 - "PUT http://172.18.0.2:8080/d1/631/AUTH_a7fe78fff745465881bf8c2586285a06/gnocchi.51ac8665-ff46-400a-8687-007f653cb01d/none_v3" "txca07e170c8c74639a619e-0069604e61" "object-server 20" 0.0009 "-" 21 0
Jan 9 00:40:01 standalone object-server[129757]: 172.20.0.100 - - [09/Jan/2026:00:40:01 +0000] "PUT /d1/631/AUTH_a7fe78fff745465881bf8c2586285a06/gnocchi.51ac8665-ff46-400a-8687-007f653cb01d/none_v3" 201 - "PUT http://172.18.0.2:8080/v1/AUTH_a7fe78fff745465881bf8c2586285a06/gnocchi.51ac8665-ff46-400a-8687-007f653cb01d/none_v3" "txca07e170c8c74639a619e-0069604e61" "proxy-server 20" 0.0088 "-" 20 0
Jan 9 00:40:01 standalone proxy-server[131758]: 172.18.0.2 172.18.0.100 09/Jan/2026/00/40/01 PUT /v1/AUTH_a7fe78fff745465881bf8c2586285a06/gnocchi.51ac8665-ff46-400a-8687-007f653cb01d/none_v3 HTTP/1.0 201 - python-swiftclient-3.11.1 gAAAAABpYE22aU6Q... 22 - - txca07e170c8c74639a619e-0069604e61 - 0.0148 - - 1767919201.033849955 1767919201.048615217 0
Jan 9 00:41:36 standalone account-server[129531]: 172.20.0.100 - - [09/Jan/2026:00:41:36 +0000] "HEAD /d1/45/.expiring_objects" 404 - "HEAD http://localhost/v1/.expiring_objects?format=json" "txda57efda1cce408da31a5-0069604ec0" "proxy-server 2" 0.0003 "-" 19 -
Jan 9 00:41:36 standalone object-expirer[129438]: Pass completed in 0s; 0 objects expired (txn: txda57efda1cce408da31a5-0069604ec0)
Jan 9 00:42:19 standalone object-server[129726]: Begin object update sweep
Jan 9 00:42:19 standalone object-server[261467]: Object update sweep starting on /srv/node/d1 (pid: 15)
Jan 9 00:42:19 standalone object-server[261467]: Object update sweep completed on /srv/node/d1 in 0.00s seconds:, 0 successes, 0 failures, 0 quarantines, 0 unlinks, 0 errors, 0 redirects (pid: 15)
Jan 9 00:42:19 standalone object-server[261467]: Object update sweep of d1 completed: 0.00s, 0 successes, 0 failures, 0 quarantines, 0 unlinks, 0 errors, 0 redirects
Jan 9 00:42:19 standalone object-server[129726]: Object update sweep completed: 0.06s
Jan 9 00:42:46 standalone container-server[129446]: Begin container update sweep
Jan 9 00:42:46 standalone account-server[129531]: 172.20.0.100 - - [09/Jan/2026:00:42:46 +0000] "PUT /d1/366/AUTH_a7fe78fff745465881bf8c2586285a06/gnocchi.78cf0093-347f-4153-a6a0-806c5deed84f" 201 - "-" "-" "container-updater 2" 0.0012 "-" 19 0
Jan 9 00:42:47 standalone account-server[129564]: 172.20.0.100 - - [09/Jan/2026:00:42:47 +0000] "PUT /d1/366/AUTH_a7fe78fff745465881bf8c2586285a06/gnocchi.a23ac5e8-9283-40b6-93e8-6c26c8c11279" 201 - "-" "-" "container-updater 2" 0.0008 "-" 22 0
Jan 9 00:42:47 standalone account-server[129560]: 172.20.0.100 - - [09/Jan/2026:00:42:47 +0000] "PUT /d1/366/AUTH_a7fe78fff745465881bf8c2586285a06/gnocchi.e056ada6-4775-4255-81f8-629948bdc38a" 201 - "-" "-" "container-updater 2" 0.0012 "-" 21 0
Jan 9 00:42:47 standalone account-server[129560]: 172.20.0.100 - - [09/Jan/2026:00:42:47 +0000] "PUT /d1/366/AUTH_a7fe78fff745465881bf8c2586285a06/gnocchi.92c6f08f-4c29-4b1b-aed6-f2cd93e4d0d7" 201 - "-" "-" "container-updater 2" 0.0005 "-" 21 0
Jan 9 00:42:47 standalone account-server[129560]: 172.20.0.100 - - [09/Jan/2026:00:42:47 +0000] "PUT /d1/366/AUTH_a7fe78fff745465881bf8c2586285a06/gnocchi.f04b1980-33bf-43d4-8a6c-535ddab7c764" 201 - "-" "-" "container-updater 2" 0.0013 "-" 21 0
Jan 9 00:42:47 standalone account-server[129560]: 172.20.0.100 - - [09/Jan/2026:00:42:47 +0000] "PUT /d1/366/AUTH_a7fe78fff745465881bf8c2586285a06/gnocchi.51ac8665-ff46-400a-8687-007f653cb01d" 201 - "-" "-" "container-updater 2" 0.0008 "-" 21 0
Jan 9 00:42:47 standalone account-server[129564]: 172.20.0.100 - - [09/Jan/2026:00:42:47 +0000] "PUT /d1/366/AUTH_a7fe78fff745465881bf8c2586285a06/gnocchi.8afa3210-ffe2-4e54-b4e3-0ebc1f68b2b0" 201 - "-" "-" "container-updater 2" 0.0012 "-" 22 0
Jan 9 00:42:47 standalone account-server[129560]: 172.20.0.100 - - [09/Jan/2026:00:42:47 +0000] "PUT /d1/366/AUTH_a7fe78fff745465881bf8c2586285a06/gnocchi.80770147-efae-4cc7-95dd-99eaa89e01e2" 201 - "-" "-" "container-updater 2" 0.0004 "-" 21 0
Jan 9 00:42:47 standalone account-server[129564]: 172.20.0.100 - - [09/Jan/2026:00:42:47 +0000] "PUT /d1/366/AUTH_a7fe78fff745465881bf8c2586285a06/gnocchi.8691ee99-3b65-4215-81a0-a62fecf9a796" 201 - "-" "-" "container-updater 2" 0.0007 "-" 22 0
Jan 9 00:42:47 standalone account-server[129564]: 172.20.0.100 - - [09/Jan/2026:00:42:47 +0000] "PUT /d1/366/AUTH_a7fe78fff745465881bf8c2586285a06/gnocchi.a9362e38-1dd9-4401-ab1c-7e79f4540eb8" 201 - "-" "-" "container-updater 2" 0.0005 "-" 22 0
Jan 9 00:42:47 standalone account-server[129548]: 172.20.0.100 - - [09/Jan/2026:00:42:47 +0000] "PUT /d1/366/AUTH_a7fe78fff745465881bf8c2586285a06/gnocchi.5940630d-8805-4348-ba4c-fb654c285c39" 201 - "-" "-" "container-updater 2" 0.0004 "-" 20 0
Jan 9 00:42:48 standalone account-server[129564]: 172.20.0.100 - - [09/Jan/2026:00:42:48 +0000] "PUT /d1/366/AUTH_a7fe78fff745465881bf8c2586285a06/gnocchi.d3eed018-9d17-4edc-ae9b-9954d881c0cb" 201 - "-" "-" "container-updater 2" 0.0007 "-" 22 0
Jan 9 00:42:48 standalone account-server[129564]: 172.20.0.100 - - [09/Jan/2026:00:42:48 +0000] "PUT /d1/366/AUTH_a7fe78fff745465881bf8c2586285a06/gnocchi.1104d8c4-5d26-40c2-bb07-a5a865549a4d" 201 - "-" "-" "container-updater 2" 0.0008 "-" 22 0
Jan 9 00:42:48 standalone account-server[129548]: 172.20.0.100 - - [09/Jan/2026:00:42:48 +0000] "PUT /d1/366/AUTH_a7fe78fff745465881bf8c2586285a06/gnocchi.ce9e6a5c-62f3-4795-bb6f-78ca50d05890" 201 - "-" "-" "container-updater 2" 0.0009 "-" 20 0
Jan 9 00:42:48 standalone account-server[129531]: 172.20.0.100 - - [09/Jan/2026:00:42:48 +0000] "PUT /d1/366/AUTH_a7fe78fff745465881bf8c2586285a06/gnocchi.08d4995b-c9fd-4fc2-9b2c-d0eea8bfe6d2" 201 - "-" "-" "container-updater 2" 0.0004 "-" 19 0
Jan 9 00:42:48 standalone account-server[129531]: 172.20.0.100 - - [09/Jan/2026:00:42:48 +0000] "PUT /d1/366/AUTH_a7fe78fff745465881bf8c2586285a06/gnocchi.e4e32568-172a-4929-b6f3-0d29c7b0f3dd" 201 - "-" "-" "container-updater 2" 0.0005 "-" 19 0
Jan 9 00:42:48 standalone account-server[129531]: 172.20.0.100 - - [09/Jan/2026:00:42:48 +0000] "PUT /d1/366/AUTH_a7fe78fff745465881bf8c2586285a06/gnocchi.7a3c160b-c0b2-4763-927e-95a0c7d03e30" 201 - "-" "-" "container-updater 2" 0.0008 "-" 19 0
Jan 9 00:42:49 standalone account-server[129531]: 172.20.0.100 - - [09/Jan/2026:00:42:49 +0000] "PUT /d1/366/AUTH_a7fe78fff745465881bf8c2586285a06/gnocchi.af089613-1172-48b1-87d8-3fc4a15f42ae" 201 - "-" "-" "container-updater 2" 0.0013 "-" 19 0
Jan 9 00:42:49 standalone account-server[129564]: 172.20.0.100 - - [09/Jan/2026:00:42:49 +0000] "PUT /d1/366/AUTH_a7fe78fff745465881bf8c2586285a06/gnocchi.95767215-2a3a-4781-bfb6-5849d2823b84" 201 - "-" "-" "container-updater 2" 0.0008 "-" 22 0
Jan 9 00:42:49 standalone account-server[129564]: 172.20.0.100 - - [09/Jan/2026:00:42:49 +0000] "PUT /d1/366/AUTH_a7fe78fff745465881bf8c2586285a06/gnocchi.157d268a-abf8-42ac-9604-deb2f3d3a7c2" 201 - "-" "-" "container-updater 2" 0.0006 "-" 22 0
Jan 9 00:42:49 standalone account-server[129531]: 172.20.0.100 - - [09/Jan/2026:00:42:49 +0000] "PUT /d1/366/AUTH_a7fe78fff745465881bf8c2586285a06/gnocchi.fff564a2-1b4b-46cd-8eb5-b64c21429bc3" 201 - "-" "-" "container-updater 2" 0.0006 "-" 19 0
Jan 9 00:42:49 standalone account-server[129564]: 172.20.0.100 - - [09/Jan/2026:00:42:49 +0000] "PUT /d1/366/AUTH_a7fe78fff745465881bf8c2586285a06/gnocchi.f93b45fb-7fff-4931-9b03-aa7c0200f3bb" 201 - "-" "-" "container-updater 2" 0.0007 "-" 22 0
Jan 9 00:42:49 standalone account-server[129564]: 172.20.0.100 - - [09/Jan/2026:00:42:49 +0000] "PUT /d1/366/AUTH_a7fe78fff745465881bf8c2586285a06/gnocchi.82fab875-be34-4086-9adf-76cd69a60ba3" 201 - "-" "-" "container-updater 2" 0.0009 "-" 22 0
Jan 9 00:42:49 standalone account-server[129531]: 172.20.0.100 - - [09/Jan/2026:00:42:49 +0000] "PUT /d1/366/AUTH_a7fe78fff745465881bf8c2586285a06/gnocchi.ec411f99-db44-4690-9279-d2b4692f3027" 201 - "-" "-" "container-updater 2" 0.0006 "-" 19 0
Jan 9 00:42:50 standalone account-server[129560]: 172.20.0.100 - - [09/Jan/2026:00:42:50 +0000] "PUT /d1/366/AUTH_a7fe78fff745465881bf8c2586285a06/gnocchi.e48c79a2-9979-4aa7-979c-dda53b417c75" 201 - "-" "-" "container-updater 2" 0.0007 "-" 21 0
Jan 9 00:42:50 standalone account-server[129560]: 172.20.0.100 - - [09/Jan/2026:00:42:50 +0000] "PUT /d1/366/AUTH_a7fe78fff745465881bf8c2586285a06/gnocchi.fa16bbb2-a25d-4b73-b994-5faf68ba8139" 201 - "-" "-" "container-updater 2" 0.0009 "-" 21 0
Jan 9 00:42:50 standalone account-server[129560]: 172.20.0.100 - - [09/Jan/2026:00:42:50 +0000] "PUT /d1/366/AUTH_a7fe78fff745465881bf8c2586285a06/gnocchi.7fa8aa65-2fd8-42cc-bc7f-175ecfd38963" 201 - "-" "-" "container-updater 2" 0.0005 "-" 21 0
Jan 9 00:42:50 standalone account-server[129531]: 172.20.0.100 - - [09/Jan/2026:00:42:50 +0000] "PUT /d1/366/AUTH_a7fe78fff745465881bf8c2586285a06/gnocchi.32d7c5c8-211c-4727-9c4c-c47b982a9190" 201 - "-" "-" "container-updater 2" 0.0005 "-" 19 0
Jan 9 00:42:50 standalone account-server[129560]: 172.20.0.100 - - [09/Jan/2026:00:42:50 +0000] "PUT /d1/366/AUTH_a7fe78fff745465881bf8c2586285a06/gnocchi.29f53ebf-a865-4b85-954a-c405d1b8636e" 201 - "-" "-" "container-updater 2" 0.0006 "-" 21 0
Jan 9 00:42:50 standalone account-server[129548]: 172.20.0.100 - - [09/Jan/2026:00:42:50 +0000] "PUT /d1/366/AUTH_a7fe78fff745465881bf8c2586285a06/gnocchi.541eb966-577f-413b-b2c7-9366d0906969" 201 - "-" "-" "container-updater 2" 0.0005 "-" 20 0
Jan 9 00:42:50 standalone container-server[129446]: Container update sweep completed: 3.86s
Jan 9 00:43:48 standalone account-server[129560]: 172.20.0.100 - - [09/Jan/2026:00:43:48 +0000] "HEAD /d1/366/AUTH_a7fe78fff745465881bf8c2586285a06" 204 - "HEAD http://172.18.0.2:8080/v1/AUTH_a7fe78fff745465881bf8c2586285a06?format=json" "tx5e61ae05ad6e4382a60ae-0069604f44" "proxy-server 20" 0.0108 "-" 21 -
Jan 9 00:43:48 standalone proxy-server[131758]: - - 09/Jan/2026/00/43/48 HEAD /v1/AUTH_a7fe78fff745465881bf8c2586285a06%3Fformat%3Djson HTTP/1.0 204 - Swift - - - - tx5e61ae05ad6e4382a60ae-0069604f44 - 0.0168 RL - 1767919428.183288336 1767919428.200038910 -
Jan 9 00:43:48 standalone container-server[129599]: 172.20.0.100 - - [09/Jan/2026:00:43:48 +0000] "HEAD /d1/979/AUTH_a7fe78fff745465881bf8c2586285a06/gnocchi.9ef04dd5-78ba-4652-898d-e69ea3f0d5cf" 404 - "HEAD http://172.18.0.2:8080/v1/AUTH_a7fe78fff745465881bf8c2586285a06/gnocchi.9ef04dd5-78ba-4652-898d-e69ea3f0d5cf?format=json&states=listing" "tx5e61ae05ad6e4382a60ae-0069604f44" "proxy-server 20" 0.0007 "-" 18 0
Jan 9 00:43:48 standalone object-server[129758]: 172.20.0.100 - - [09/Jan/2026:00:43:48 +0000] "GET /d1/120/AUTH_a7fe78fff745465881bf8c2586285a06/gnocchi.9ef04dd5-78ba-4652-898d-e69ea3f0d5cf/none_v3" 404 70 "GET http://172.18.0.2:8080/v1/AUTH_a7fe78fff745465881bf8c2586285a06/gnocchi.9ef04dd5-78ba-4652-898d-e69ea3f0d5cf/none_v3" "tx5e61ae05ad6e4382a60ae-0069604f44" "proxy-server 20" 0.0006 "-" 21 0
Jan 9 00:43:48 standalone proxy-server[131758]: 172.18.0.2 172.18.0.100 09/Jan/2026/00/43/48 GET /v1/AUTH_a7fe78fff745465881bf8c2586285a06/gnocchi.9ef04dd5-78ba-4652-898d-e69ea3f0d5cf/none_v3 HTTP/1.0 404 - python-swiftclient-3.11.1 gAAAAABpYE22aU6Q... - 70 - tx5e61ae05ad6e4382a60ae-0069604f44 - 0.6608 - - 1767919428.182447672 1767919428.843255758 0
Jan 9 00:43:48 standalone account-server[129548]: 172.20.0.100 - - [09/Jan/2026:00:43:48 +0000] "PUT /d1/366/AUTH_a7fe78fff745465881bf8c2586285a06/gnocchi.9ef04dd5-78ba-4652-898d-e69ea3f0d5cf" 201 - "PUT http://172.20.0.100:6001/d1/979/AUTH_a7fe78fff745465881bf8c2586285a06/gnocchi.9ef04dd5-78ba-4652-898d-e69ea3f0d5cf" "tx659c9823e27f46f4a2e2a-0069604f44" "container-server 17" 0.0014 "-" 20 0
Jan 9 00:43:48 standalone container-server[129597]: 172.20.0.100 - - [09/Jan/2026:00:43:48 +0000] "PUT /d1/979/AUTH_a7fe78fff745465881bf8c2586285a06/gnocchi.9ef04dd5-78ba-4652-898d-e69ea3f0d5cf" 201 - "PUT http://172.18.0.2:8080/v1/AUTH_a7fe78fff745465881bf8c2586285a06/gnocchi.9ef04dd5-78ba-4652-898d-e69ea3f0d5cf" "tx659c9823e27f46f4a2e2a-0069604f44" "proxy-server 20" 0.0141 "-" 17 0
Jan 9 00:43:48 standalone proxy-server[131758]: 172.18.0.2 172.18.0.100 09/Jan/2026/00/43/48 PUT /v1/AUTH_a7fe78fff745465881bf8c2586285a06/gnocchi.9ef04dd5-78ba-4652-898d-e69ea3f0d5cf HTTP/1.0 201 - python-swiftclient-3.11.1 gAAAAABpYE22aU6Q... - - - tx659c9823e27f46f4a2e2a-0069604f44 - 0.0205 - - 1767919428.847178936 1767919428.867725372 0
Jan 9 00:43:48 standalone container-server[129599]: 172.20.0.100 - - [09/Jan/2026:00:43:48 +0000] "HEAD /d1/979/AUTH_a7fe78fff745465881bf8c2586285a06/gnocchi.9ef04dd5-78ba-4652-898d-e69ea3f0d5cf" 204 - "HEAD http://172.18.0.2:8080/v1/AUTH_a7fe78fff745465881bf8c2586285a06/gnocchi.9ef04dd5-78ba-4652-898d-e69ea3f0d5cf?format=json&states=listing" "tx2f2f0cc470964d5b89fdc-0069604f44" "proxy-server 20" 0.0012 "-" 18 0
Jan 9 00:43:48 standalone proxy-server[131758]: - - 09/Jan/2026/00/43/48 HEAD /v1/AUTH_a7fe78fff745465881bf8c2586285a06/gnocchi.9ef04dd5-78ba-4652-898d-e69ea3f0d5cf%3Fformat%3Djson%26states%3Dlisting HTTP/1.0 204 - Swift - - - - tx2f2f0cc470964d5b89fdc-0069604f44 - 0.0045 RL - 1767919428.871801376 1767919428.876342297 0
Jan 9 00:43:48 standalone container-server[129597]: 172.20.0.100 - - [09/Jan/2026:00:43:48 +0000] "GET /d1/979/AUTH_a7fe78fff745465881bf8c2586285a06/gnocchi.9ef04dd5-78ba-4652-898d-e69ea3f0d5cf" 200 2 "GET http://172.18.0.2:8080/v1/AUTH_a7fe78fff745465881bf8c2586285a06/gnocchi.9ef04dd5-78ba-4652-898d-e69ea3f0d5cf?format=json&states=listing" "tx2f2f0cc470964d5b89fdc-0069604f44" "proxy-server 20" 0.0016 "-" 17 0
Jan 9 00:43:48 standalone proxy-server[131758]: 172.18.0.2 172.18.0.100 09/Jan/2026/00/43/48 GET /v1/AUTH_a7fe78fff745465881bf8c2586285a06/gnocchi.9ef04dd5-78ba-4652-898d-e69ea3f0d5cf%3Fformat%3Djson%26states%3Dlisting HTTP/1.0 200 - python-swiftclient-3.11.1 gAAAAABpYE22aU6Q... - 2 - tx2f2f0cc470964d5b89fdc-0069604f44 - 0.0115 - - 1767919428.870812178 1767919428.882272005 0
Jan 9 00:43:48 standalone object-server[129756]: 172.20.0.100 - - [09/Jan/2026:00:43:48 +0000] "GET /d1/83/AUTH_a7fe78fff745465881bf8c2586285a06/gnocchi.9ef04dd5-78ba-4652-898d-e69ea3f0d5cf/1766880000.0_mean_300.0_v3" 404 70 "GET http://172.18.0.2:8080/v1/AUTH_a7fe78fff745465881bf8c2586285a06/gnocchi.9ef04dd5-78ba-4652-898d-e69ea3f0d5cf/1766880000.0_mean_300.0_v3" "tx720822de976c43f58da3f-0069604f44" "proxy-server 20" 0.0005 "-" 19 0
Jan 9 00:43:48 standalone proxy-server[131758]: 172.18.0.2 172.18.0.100 09/Jan/2026/00/43/48 GET /v1/AUTH_a7fe78fff745465881bf8c2586285a06/gnocchi.9ef04dd5-78ba-4652-898d-e69ea3f0d5cf/1766880000.0_mean_300.0_v3 HTTP/1.0 404 - python-swiftclient-3.11.1 gAAAAABpYE22aU6Q... - 70 - tx720822de976c43f58da3f-0069604f44 - 0.0055 - - 1767919428.885563135 1767919428.891086340 0
Jan 9 00:43:48 standalone container-server[129611]: 172.20.0.100 - - [09/Jan/2026:00:43:48 +0000] "PUT /d1/979/AUTH_a7fe78fff745465881bf8c2586285a06/gnocchi.9ef04dd5-78ba-4652-898d-e69ea3f0d5cf/1766880000.0_mean_300.0_v3" 201 - "PUT http://172.18.0.2:8080/d1/83/AUTH_a7fe78fff745465881bf8c2586285a06/gnocchi.9ef04dd5-78ba-4652-898d-e69ea3f0d5cf/1766880000.0_mean_300.0_v3" "txccc1e9e0a4c04b988c553-0069604f44" "object-server 24" 0.0006 "-" 22 0
Jan 9 00:43:48 standalone object-server[129764]: 172.20.0.100 - - [09/Jan/2026:00:43:48 +0000] "PUT /d1/83/AUTH_a7fe78fff745465881bf8c2586285a06/gnocchi.9ef04dd5-78ba-4652-898d-e69ea3f0d5cf/1766880000.0_mean_300.0_v3" 201 - "PUT http://172.18.0.2:8080/v1/AUTH_a7fe78fff745465881bf8c2586285a06/gnocchi.9ef04dd5-78ba-4652-898d-e69ea3f0d5cf/1766880000.0_mean_300.0_v3" "txccc1e9e0a4c04b988c553-0069604f44" "proxy-server 20" 0.0129 "-" 24 0
Jan 9 00:43:48 standalone proxy-server[131758]: 172.18.0.2 172.18.0.100 09/Jan/2026/00/43/48 PUT /v1/AUTH_a7fe78fff745465881bf8c2586285a06/gnocchi.9ef04dd5-78ba-4652-898d-e69ea3f0d5cf/1766880000.0_mean_300.0_v3 HTTP/1.0 201 - python-swiftclient-3.11.1 gAAAAABpYE22aU6Q... 16 - - txccc1e9e0a4c04b988c553-0069604f44 - 0.0181 - - 1767919428.894044638 1767919428.912107468 0
Jan 9 00:43:48 standalone container-server[129605]: 172.20.0.100 - - [09/Jan/2026:00:43:48 +0000] "PUT /d1/979/AUTH_a7fe78fff745465881bf8c2586285a06/gnocchi.9ef04dd5-78ba-4652-898d-e69ea3f0d5cf/none_v3" 201 - "PUT http://172.18.0.2:8080/d1/120/AUTH_a7fe78fff745465881bf8c2586285a06/gnocchi.9ef04dd5-78ba-4652-898d-e69ea3f0d5cf/none_v3" "txee22b512d1da43dea6242-0069604f44" "object-server 20" 0.0005 "-" 21 0
Jan 9 00:43:48 standalone object-server[129757]: 172.20.0.100 - - [09/Jan/2026:00:43:48 +0000] "PUT /d1/120/AUTH_a7fe78fff745465881bf8c2586285a06/gnocchi.9ef04dd5-78ba-4652-898d-e69ea3f0d5cf/none_v3" 201 - "PUT http://172.18.0.2:8080/v1/AUTH_a7fe78fff745465881bf8c2586285a06/gnocchi.9ef04dd5-78ba-4652-898d-e69ea3f0d5cf/none_v3" "txee22b512d1da43dea6242-0069604f44" "proxy-server 20" 0.0121 "-" 20 0
Jan 9 00:43:48 standalone proxy-server[131758]: 172.18.0.2 172.18.0.100 09/Jan/2026/00/43/48 PUT /v1/AUTH_a7fe78fff745465881bf8c2586285a06/gnocchi.9ef04dd5-78ba-4652-898d-e69ea3f0d5cf/none_v3 HTTP/1.0 201 - python-swiftclient-3.11.1 gAAAAABpYE22aU6Q... 22 - - txee22b512d1da43dea6242-0069604f44 - 0.0179 - - 1767919428.915766239 1767919428.933618546 0
Jan 9 00:43:48 standalone container-server[129611]: 172.20.0.100 - - [09/Jan/2026:00:43:48 +0000] "HEAD /d1/766/AUTH_a7fe78fff745465881bf8c2586285a06/gnocchi.f04b1980-33bf-43d4-8a6c-535ddab7c764" 204 - "HEAD http://172.18.0.2:8080/v1/AUTH_a7fe78fff745465881bf8c2586285a06/gnocchi.f04b1980-33bf-43d4-8a6c-535ddab7c764?format=json&states=listing" "tx53ccedc6466a4fb8b4d0b-0069604f44" "proxy-server 20" 0.0016 "-" 22 0
Jan 9 00:43:48 standalone object-server[129756]: 172.20.0.100 - - [09/Jan/2026:00:43:48 +0000] "GET /d1/990/AUTH_a7fe78fff745465881bf8c2586285a06/gnocchi.f04b1980-33bf-43d4-8a6c-535ddab7c764/none_v3" 200 22 "GET http://172.18.0.2:8080/v1/AUTH_a7fe78fff745465881bf8c2586285a06/gnocchi.f04b1980-33bf-43d4-8a6c-535ddab7c764/none_v3" "tx53ccedc6466a4fb8b4d0b-0069604f44" "proxy-server 20" 0.0007 "-" 19 0
Jan 9 00:43:48 standalone proxy-server[131758]: 172.18.0.2 172.18.0.100 09/Jan/2026/00/43/48 GET /v1/AUTH_a7fe78fff745465881bf8c2586285a06/gnocchi.f04b1980-33bf-43d4-8a6c-535ddab7c764/none_v3 HTTP/1.0 200 - python-swiftclient-3.11.1 gAAAAABpYE22aU6Q... - 22 - tx53ccedc6466a4fb8b4d0b-0069604f44 - 0.0111 - - 1767919428.942695141 1767919428.953779459 0
Jan 9 00:43:48 standalone container-server[129611]: 172.20.0.100 - - [09/Jan/2026:00:43:48 +0000] "GET /d1/766/AUTH_a7fe78fff745465881bf8c2586285a06/gnocchi.f04b1980-33bf-43d4-8a6c-535ddab7c764" 200 357 "GET http://172.18.0.2:8080/v1/AUTH_a7fe78fff745465881bf8c2586285a06/gnocchi.f04b1980-33bf-43d4-8a6c-535ddab7c764?format=json&states=listing" "txd12880842e4d45548b572-0069604f44" "proxy-server 20" 0.0024 "-" 22 0
Jan 9 00:43:48 standalone proxy-server[131758]: 172.18.0.2 172.18.0.100 09/Jan/2026/00/43/48 GET /v1/AUTH_a7fe78fff745465881bf8c2586285a06/gnocchi.f04b1980-33bf-43d4-8a6c-535ddab7c764%3Fformat%3Djson%26states%3Dlisting HTTP/1.0 200 - python-swiftclient-3.11.1 gAAAAABpYE22aU6Q... - 357 - txd12880842e4d45548b572-0069604f44 - 0.0075 - - 1767919428.957158804 1767919428.964624405 0
Jan 9 00:43:48 standalone container-server[129605]: 172.20.0.100 - - [09/Jan/2026:00:43:48 +0000] "GET /d1/766/AUTH_a7fe78fff745465881bf8c2586285a06/gnocchi.f04b1980-33bf-43d4-8a6c-535ddab7c764" 200 2 "GET http://172.18.0.2:8080/v1/AUTH_a7fe78fff745465881bf8c2586285a06/gnocchi.f04b1980-33bf-43d4-8a6c-535ddab7c764?format=json&marker=none_v3&states=listing" "tx8e5254517f994ba3b83a8-0069604f44" "proxy-server 20" 0.0036 "-" 21 0
Jan 9 00:43:48 standalone proxy-server[131758]: 172.18.0.2 172.18.0.100 09/Jan/2026/00/43/48 GET /v1/AUTH_a7fe78fff745465881bf8c2586285a06/gnocchi.f04b1980-33bf-43d4-8a6c-535ddab7c764%3Fformat%3Djson%26marker%3Dnone_v3%26states%3Dlisting HTTP/1.0 200 - python-swiftclient-3.11.1 gAAAAABpYE22aU6Q... - 2 - tx8e5254517f994ba3b83a8-0069604f44 - 0.0094 - - 1767919428.966926813 1767919428.976315737 0
Jan 9 00:43:48 standalone object-server[129764]: 172.20.0.100 - - [09/Jan/2026:00:43:48 +0000] "GET /d1/270/AUTH_a7fe78fff745465881bf8c2586285a06/gnocchi.f04b1980-33bf-43d4-8a6c-535ddab7c764/1766880000.0_mean_300.0_v3" 200 16 "GET http://172.18.0.2:8080/v1/AUTH_a7fe78fff745465881bf8c2586285a06/gnocchi.f04b1980-33bf-43d4-8a6c-535ddab7c764/1766880000.0_mean_300.0_v3" "tx1e0fda839c0f41f490ded-0069604f44" "proxy-server 20" 0.0007 "-" 24 0
Jan 9 00:43:48 standalone proxy-server[131758]: 172.18.0.2 172.18.0.100 09/Jan/2026/00/43/48 GET /v1/AUTH_a7fe78fff745465881bf8c2586285a06/gnocchi.f04b1980-33bf-43d4-8a6c-535ddab7c764/1766880000.0_mean_300.0_v3 HTTP/1.0 200 - python-swiftclient-3.11.1 gAAAAABpYE22aU6Q... - 16 - tx1e0fda839c0f41f490ded-0069604f44 - 0.0054 - - 1767919428.979076385 1767919428.984479904 0
Jan 9 00:43:48 standalone object-server[129756]: 172.20.0.100 - - [09/Jan/2026:00:43:48 +0000] "GET /d1/454/AUTH_a7fe78fff745465881bf8c2586285a06/gnocchi.f04b1980-33bf-43d4-8a6c-535ddab7c764/1766880000.0_rate%3Amean_300.0_v3" 404 70 "GET http://172.18.0.2:8080/v1/AUTH_a7fe78fff745465881bf8c2586285a06/gnocchi.f04b1980-33bf-43d4-8a6c-535ddab7c764/1766880000.0_rate%3Amean_300.0_v3" "txf1d93b70417b41ae828c8-0069604f44" "proxy-server 20" 0.0003 "-" 19 0
Jan 9 00:43:48 standalone proxy-server[131758]: 172.18.0.2 172.18.0.100 09/Jan/2026/00/43/48 GET /v1/AUTH_a7fe78fff745465881bf8c2586285a06/gnocchi.f04b1980-33bf-43d4-8a6c-535ddab7c764/1766880000.0_rate%253Amean_300.0_v3 HTTP/1.0 404 - python-swiftclient-3.11.1 gAAAAABpYE22aU6Q... - 70 - txf1d93b70417b41ae828c8-0069604f44 - 0.0059 - - 1767919428.987311125 1767919428.993237972 0
Jan 9 00:43:49 standalone container-server[129611]: 172.20.0.100 - - [09/Jan/2026:00:43:49 +0000] "PUT /d1/766/AUTH_a7fe78fff745465881bf8c2586285a06/gnocchi.f04b1980-33bf-43d4-8a6c-535ddab7c764/1766880000.0_mean_300.0_v3" 201 - "PUT http://172.18.0.2:8080/d1/270/AUTH_a7fe78fff745465881bf8c2586285a06/gnocchi.f04b1980-33bf-43d4-8a6c-535ddab7c764/1766880000.0_mean_300.0_v3" "tx5de37ec8e7ce40e88a312-0069604f44" "object-server 19" 0.0005 "-" 22 0
Jan 9 00:43:49 standalone object-server[129756]: 172.20.0.100 - - [09/Jan/2026:00:43:49 +0000] "PUT /d1/270/AUTH_a7fe78fff745465881bf8c2586285a06/gnocchi.f04b1980-33bf-43d4-8a6c-535ddab7c764/1766880000.0_mean_300.0_v3" 201 - "PUT http://172.18.0.2:8080/v1/AUTH_a7fe78fff745465881bf8c2586285a06/gnocchi.f04b1980-33bf-43d4-8a6c-535ddab7c764/1766880000.0_mean_300.0_v3" "tx5de37ec8e7ce40e88a312-0069604f44" "proxy-server 20" 0.0092 "-" 19 0
Jan 9 00:43:49 standalone proxy-server[131758]: 172.18.0.2 172.18.0.100 09/Jan/2026/00/43/49 PUT /v1/AUTH_a7fe78fff745465881bf8c2586285a06/gnocchi.f04b1980-33bf-43d4-8a6c-535ddab7c764/1766880000.0_mean_300.0_v3 HTTP/1.0 201 - python-swiftclient-3.11.1 gAAAAABpYE22aU6Q... 27 - - tx5de37ec8e7ce40e88a312-0069604f44 - 0.0138 - - 1767919428.995672226 1767919429.009449959 0
Jan 9 00:43:49 standalone container-server[129597]: 172.20.0.100 - - [09/Jan/2026:00:43:49 +0000] "PUT /d1/766/AUTH_a7fe78fff745465881bf8c2586285a06/gnocchi.f04b1980-33bf-43d4-8a6c-535ddab7c764/1766880000.0_rate%3Amean_300.0_v3" 201 - "PUT http://172.18.0.2:8080/d1/454/AUTH_a7fe78fff745465881bf8c2586285a06/gnocchi.f04b1980-33bf-43d4-8a6c-535ddab7c764/1766880000.0_rate%3Amean_300.0_v3" "tx74cb7d2d2ec6478abc7a5-0069604f45" "object-server 20" 0.0006 "-" 17 0
Jan 9 00:43:49 standalone object-server[129757]: 172.20.0.100 - - [09/Jan/2026:00:43:49 +0000] "PUT /d1/454/AUTH_a7fe78fff745465881bf8c2586285a06/gnocchi.f04b1980-33bf-43d4-8a6c-535ddab7c764/1766880000.0_rate%3Amean_300.0_v3" 201 - "PUT http://172.18.0.2:8080/v1/AUTH_a7fe78fff745465881bf8c2586285a06/gnocchi.f04b1980-33bf-43d4-8a6c-535ddab7c764/1766880000.0_rate%3Amean_300.0_v3" "tx74cb7d2d2ec6478abc7a5-0069604f45" "proxy-server 20" 0.0090 "-" 20 0
Jan 9 00:43:49 standalone proxy-server[131758]: 172.18.0.2 172.18.0.100 09/Jan/2026/00/43/49 PUT /v1/AUTH_a7fe78fff745465881bf8c2586285a06/gnocchi.f04b1980-33bf-43d4-8a6c-535ddab7c764/1766880000.0_rate%253Amean_300.0_v3 HTTP/1.0 201 - python-swiftclient-3.11.1 gAAAAABpYE22aU6Q... 16 - - tx74cb7d2d2ec6478abc7a5-0069604f45 - 0.0147 - - 1767919429.012154341 1767919429.026872635 0
Jan 9 00:43:49 standalone container-server[129597]: 172.20.0.100 - - [09/Jan/2026:00:43:49 +0000] "PUT /d1/766/AUTH_a7fe78fff745465881bf8c2586285a06/gnocchi.f04b1980-33bf-43d4-8a6c-535ddab7c764/none_v3" 201 - "PUT http://172.18.0.2:8080/d1/990/AUTH_a7fe78fff745465881bf8c2586285a06/gnocchi.f04b1980-33bf-43d4-8a6c-535ddab7c764/none_v3" "tx30be9662fac24173bbe1d-0069604f45" "object-server 21" 0.0004 "-" 17 0
Jan 9 00:43:49 standalone object-server[129758]: 172.20.0.100 - - [09/Jan/2026:00:43:49 +0000] "PUT /d1/990/AUTH_a7fe78fff745465881bf8c2586285a06/gnocchi.f04b1980-33bf-43d4-8a6c-535ddab7c764/none_v3" 201 - "PUT http://172.18.0.2:8080/v1/AUTH_a7fe78fff745465881bf8c2586285a06/gnocchi.f04b1980-33bf-43d4-8a6c-535ddab7c764/none_v3" "tx30be9662fac24173bbe1d-0069604f45" "proxy-server 20" 0.0102 "-" 21 0
Jan 9 00:43:49 standalone proxy-server[131758]: 172.18.0.2 172.18.0.100 09/Jan/2026/00/43/49 PUT /v1/AUTH_a7fe78fff745465881bf8c2586285a06/gnocchi.f04b1980-33bf-43d4-8a6c-535ddab7c764/none_v3 HTTP/1.0 201 - python-swiftclient-3.11.1 gAAAAABpYE22aU6Q... 35 - - tx30be9662fac24173bbe1d-0069604f45 - 0.0145 - - 1767919429.029148340 1767919429.043639660 0
Jan 9 00:43:49 standalone container-server[129597]: 172.20.0.100 - - [09/Jan/2026:00:43:49 +0000] "HEAD /d1/83/AUTH_a7fe78fff745465881bf8c2586285a06/gnocchi.0b841d17-14e4-4477-8b18-2d57a6efb7ed" 404 - "HEAD http://172.18.0.2:8080/v1/AUTH_a7fe78fff745465881bf8c2586285a06/gnocchi.0b841d17-14e4-4477-8b18-2d57a6efb7ed?format=json&states=listing" "tx881ee1cea6ff492d801d1-0069604f45" "proxy-server 20" 0.0004 "-" 17 0
Jan 9 00:43:49 standalone object-server[129764]: 172.20.0.100 - - [09/Jan/2026:00:43:49 +0000] "GET /d1/377/AUTH_a7fe78fff745465881bf8c2586285a06/gnocchi.0b841d17-14e4-4477-8b18-2d57a6efb7ed/none_v3" 404 70 "GET http://172.18.0.2:8080/v1/AUTH_a7fe78fff745465881bf8c2586285a06/gnocchi.0b841d17-14e4-4477-8b18-2d57a6efb7ed/none_v3" "tx881ee1cea6ff492d801d1-0069604f45" "proxy-server 20" 0.0003 "-" 24 0
Jan 9 00:43:49 standalone proxy-server[131758]: 172.18.0.2 172.18.0.100 09/Jan/2026/00/43/49 GET /v1/AUTH_a7fe78fff745465881bf8c2586285a06/gnocchi.0b841d17-14e4-4477-8b18-2d57a6efb7ed/none_v3 HTTP/1.0 404 - python-swiftclient-3.11.1 gAAAAABpYE22aU6Q... - 70 - tx881ee1cea6ff492d801d1-0069604f45 - 0.0088 - - 1767919429.053788185 1767919429.062623739 0
Jan 9 00:43:49 standalone account-server[129548]: 172.20.0.100 - - [09/Jan/2026:00:43:49 +0000] "PUT /d1/366/AUTH_a7fe78fff745465881bf8c2586285a06/gnocchi.0b841d17-14e4-4477-8b18-2d57a6efb7ed" 201 - "PUT http://172.20.0.100:6001/d1/83/AUTH_a7fe78fff745465881bf8c2586285a06/gnocchi.0b841d17-14e4-4477-8b18-2d57a6efb7ed" "tx3a37b6eb26ca49c39bc4e-0069604f45" "container-server 17" 0.0078 "-" 20 0
Jan 9 00:43:49 standalone container-server[129597]: 172.20.0.100 - - [09/Jan/2026:00:43:49 +0000] "PUT /d1/83/AUTH_a7fe78fff745465881bf8c2586285a06/gnocchi.0b841d17-14e4-4477-8b18-2d57a6efb7ed" 201 - "PUT http://172.18.0.2:8080/v1/AUTH_a7fe78fff745465881bf8c2586285a06/gnocchi.0b841d17-14e4-4477-8b18-2d57a6efb7ed" "tx3a37b6eb26ca49c39bc4e-0069604f45" "proxy-server 20" 0.0191 "-" 17 0
Jan 9 00:43:49 standalone proxy-server[131758]: 172.18.0.2 172.18.0.100 09/Jan/2026/00/43/49 PUT /v1/AUTH_a7fe78fff745465881bf8c2586285a06/gnocchi.0b841d17-14e4-4477-8b18-2d57a6efb7ed HTTP/1.0 201 - python-swiftclient-3.11.1 gAAAAABpYE22aU6Q... - - - tx3a37b6eb26ca49c39bc4e-0069604f45 - 0.0230 - - 1767919429.064862490 1767919429.087868929 0
Jan 9 00:43:49 standalone container-server[129605]: 172.20.0.100 - - [09/Jan/2026:00:43:49 +0000] "HEAD /d1/83/AUTH_a7fe78fff745465881bf8c2586285a06/gnocchi.0b841d17-14e4-4477-8b18-2d57a6efb7ed" 204 - "HEAD http://172.18.0.2:8080/v1/AUTH_a7fe78fff745465881bf8c2586285a06/gnocchi.0b841d17-14e4-4477-8b18-2d57a6efb7ed?format=json&states=listing" "tx361c112cf67a43ec9527e-0069604f45" "proxy-server 20" 0.0021 "-" 21 0
Jan 9 00:43:49 standalone proxy-server[131758]: - - 09/Jan/2026/00/43/49 HEAD /v1/AUTH_a7fe78fff745465881bf8c2586285a06/gnocchi.0b841d17-14e4-4477-8b18-2d57a6efb7ed%3Fformat%3Djson%26states%3Dlisting HTTP/1.0 204 - Swift - - - - tx361c112cf67a43ec9527e-0069604f45 - 0.0061 RL - 1767919429.091650724 1767919429.097724676 0
