Oct 2 12:28:04 standalone object-server[130036]: 172.20.0.100 - - [02/Oct/2025:12:28:04 +0000] "GET /d1/603/AUTH_a92ac7f26cfc4aa3bc21a398d0527bc2/gnocchi.4285b53a-9148-40ae-9f36-f07b3cc937e5/none_v3" 200 33 "GET http://172.18.0.2:8080/v1/AUTH_a92ac7f26cfc4aa3bc21a398d0527bc2/gnocchi.4285b53a-9148-40ae-9f36-f07b3cc937e5/none_v3" "txf1ecf1f4f5b641a09bb3b-0068de6fd4" "proxy-server 20" 0.0012 "-" 24 0
Oct 2 12:28:04 standalone proxy-server[131748]: 172.18.0.2 172.18.0.100 02/Oct/2025/12/28/04 GET /v1/AUTH_a92ac7f26cfc4aa3bc21a398d0527bc2/gnocchi.4285b53a-9148-40ae-9f36-f07b3cc937e5/none_v3 HTTP/1.0 200 - python-swiftclient-3.11.1 gAAAAABo3m9dGVSB... - 33 - txf1ecf1f4f5b641a09bb3b-0068de6fd4 - 0.0147 - - 1759408084.322277546 1759408084.336930513 0
Oct 2 12:28:04 standalone container-server[129810]: 172.20.0.100 - - [02/Oct/2025:12:28:04 +0000] "GET /d1/106/AUTH_a92ac7f26cfc4aa3bc21a398d0527bc2/gnocchi.4285b53a-9148-40ae-9f36-f07b3cc937e5" 200 357 "GET http://172.18.0.2:8080/v1/AUTH_a92ac7f26cfc4aa3bc21a398d0527bc2/gnocchi.4285b53a-9148-40ae-9f36-f07b3cc937e5?format=json&states=listing" "txe1d1d083d9b942af8b7ee-0068de6fd4" "proxy-server 20" 0.0085 "-" 20 0
Oct 2 12:28:04 standalone proxy-server[131748]: 172.18.0.2 172.18.0.100 02/Oct/2025/12/28/04 GET /v1/AUTH_a92ac7f26cfc4aa3bc21a398d0527bc2/gnocchi.4285b53a-9148-40ae-9f36-f07b3cc937e5%3Fformat%3Djson%26states%3Dlisting HTTP/1.0 200 - python-swiftclient-3.11.1 gAAAAABo3m9dGVSB... - 357 - txe1d1d083d9b942af8b7ee-0068de6fd4 - 0.0203 - - 1759408084.341463327 1759408084.361745119 0
Oct 2 12:28:04 standalone container-server[129822]: 172.20.0.100 - - [02/Oct/2025:12:28:04 +0000] "GET /d1/106/AUTH_a92ac7f26cfc4aa3bc21a398d0527bc2/gnocchi.4285b53a-9148-40ae-9f36-f07b3cc937e5" 200 2 "GET http://172.18.0.2:8080/v1/AUTH_a92ac7f26cfc4aa3bc21a398d0527bc2/gnocchi.4285b53a-9148-40ae-9f36-f07b3cc937e5?format=json&marker=none_v3&states=listing" "tx33dfb26fd26d4fb19603a-0068de6fd4" "proxy-server 20" 0.0025 "-" 23 0
Oct 2 12:28:04 standalone proxy-server[131748]: 172.18.0.2 172.18.0.100 02/Oct/2025/12/28/04 GET /v1/AUTH_a92ac7f26cfc4aa3bc21a398d0527bc2/gnocchi.4285b53a-9148-40ae-9f36-f07b3cc937e5%3Fformat%3Djson%26marker%3Dnone_v3%26states%3Dlisting HTTP/1.0 200 - python-swiftclient-3.11.1 gAAAAABo3m9dGVSB... - 2 - tx33dfb26fd26d4fb19603a-0068de6fd4 - 0.0133 - - 1759408084.366496563 1759408084.379768372 0
Oct 2 12:28:04 standalone object-server[130034]: 172.20.0.100 - - [02/Oct/2025:12:28:04 +0000] "GET /d1/457/AUTH_a92ac7f26cfc4aa3bc21a398d0527bc2/gnocchi.4285b53a-9148-40ae-9f36-f07b3cc937e5/1759320000.0_mean_300.0_v3" 200 16 "GET http://172.18.0.2:8080/v1/AUTH_a92ac7f26cfc4aa3bc21a398d0527bc2/gnocchi.4285b53a-9148-40ae-9f36-f07b3cc937e5/1759320000.0_mean_300.0_v3" "tx9b458089e65a450e93299-0068de6fd4" "proxy-server 20" 0.0008 "-" 23 0
Oct 2 12:28:04 standalone proxy-server[131748]: 172.18.0.2 172.18.0.100 02/Oct/2025/12/28/04 GET /v1/AUTH_a92ac7f26cfc4aa3bc21a398d0527bc2/gnocchi.4285b53a-9148-40ae-9f36-f07b3cc937e5/1759320000.0_mean_300.0_v3 HTTP/1.0 200 - python-swiftclient-3.11.1 gAAAAABo3m9dGVSB... - 16 - tx9b458089e65a450e93299-0068de6fd4 - 0.0227 - - 1759408084.387307405 1759408084.409980297 0
Oct 2 12:28:04 standalone container-server[129822]: 172.20.0.100 - - [02/Oct/2025:12:28:04 +0000] "PUT /d1/106/AUTH_a92ac7f26cfc4aa3bc21a398d0527bc2/gnocchi.4285b53a-9148-40ae-9f36-f07b3cc937e5/1759320000.0_mean_300.0_v3" 201 - "PUT http://172.18.0.2:8080/d1/457/AUTH_a92ac7f26cfc4aa3bc21a398d0527bc2/gnocchi.4285b53a-9148-40ae-9f36-f07b3cc937e5/1759320000.0_mean_300.0_v3" "txbcdd467c9df04a67943ff-0068de6fd4" "object-server 25" 0.0009 "-" 23 0
Oct 2 12:28:04 standalone object-server[130040]: 172.20.0.100 - - [02/Oct/2025:12:28:04 +0000] "PUT /d1/457/AUTH_a92ac7f26cfc4aa3bc21a398d0527bc2/gnocchi.4285b53a-9148-40ae-9f36-f07b3cc937e5/1759320000.0_mean_300.0_v3" 201 - "PUT http://172.18.0.2:8080/v1/AUTH_a92ac7f26cfc4aa3bc21a398d0527bc2/gnocchi.4285b53a-9148-40ae-9f36-f07b3cc937e5/1759320000.0_mean_300.0_v3" "txbcdd467c9df04a67943ff-0068de6fd4" "proxy-server 20" 0.0128 "-" 25 0
Oct 2 12:28:04 standalone proxy-server[131748]: 172.18.0.2 172.18.0.100 02/Oct/2025/12/28/04 PUT /v1/AUTH_a92ac7f26cfc4aa3bc21a398d0527bc2/gnocchi.4285b53a-9148-40ae-9f36-f07b3cc937e5/1759320000.0_mean_300.0_v3 HTTP/1.0 201 - python-swiftclient-3.11.1 gAAAAABo3m9dGVSB... 16 - - txbcdd467c9df04a67943ff-0068de6fd4 - 0.0260 - - 1759408084.417544603 1759408084.443532705 0
Oct 2 12:28:04 standalone container-server[129820]: 172.20.0.100 - - [02/Oct/2025:12:28:04 +0000] "PUT /d1/106/AUTH_a92ac7f26cfc4aa3bc21a398d0527bc2/gnocchi.4285b53a-9148-40ae-9f36-f07b3cc937e5/none_v3" 201 - "PUT http://172.18.0.2:8080/d1/603/AUTH_a92ac7f26cfc4aa3bc21a398d0527bc2/gnocchi.4285b53a-9148-40ae-9f36-f07b3cc937e5/none_v3" "tx656a28d78c7245398b2a8-0068de6fd4" "object-server 23" 0.0008 "-" 22 0
Oct 2 12:28:04 standalone object-server[130034]: 172.20.0.100 - - [02/Oct/2025:12:28:04 +0000] "PUT /d1/603/AUTH_a92ac7f26cfc4aa3bc21a398d0527bc2/gnocchi.4285b53a-9148-40ae-9f36-f07b3cc937e5/none_v3" 201 - "PUT http://172.18.0.2:8080/v1/AUTH_a92ac7f26cfc4aa3bc21a398d0527bc2/gnocchi.4285b53a-9148-40ae-9f36-f07b3cc937e5/none_v3" "tx656a28d78c7245398b2a8-0068de6fd4" "proxy-server 20" 0.0148 "-" 23 0
Oct 2 12:28:04 standalone proxy-server[131748]: 172.18.0.2 172.18.0.100 02/Oct/2025/12/28/04 PUT /v1/AUTH_a92ac7f26cfc4aa3bc21a398d0527bc2/gnocchi.4285b53a-9148-40ae-9f36-f07b3cc937e5/none_v3 HTTP/1.0 201 - python-swiftclient-3.11.1 gAAAAABo3m9dGVSB... 48 - - tx656a28d78c7245398b2a8-0068de6fd4 - 0.0243 - - 1759408084.447515249 1759408084.471825123 0
Oct 2 12:28:04 standalone object-server[130034]: 172.20.0.100 - - [02/Oct/2025:12:28:04 +0000] "GET /d1/896/AUTH_a92ac7f26cfc4aa3bc21a398d0527bc2/gnocchi.19b1ab30-d315-4136-8c63-eb20ee4bb84a/none_v3" 200 33 "GET http://172.18.0.2:8080/v1/AUTH_a92ac7f26cfc4aa3bc21a398d0527bc2/gnocchi.19b1ab30-d315-4136-8c63-eb20ee4bb84a/none_v3" "txf28476b25dd947eea1fad-0068de6fd4" "proxy-server 20" 0.0013 "-" 23 0
Oct 2 12:28:04 standalone proxy-server[131748]: 172.18.0.2 172.18.0.100 02/Oct/2025/12/28/04 GET /v1/AUTH_a92ac7f26cfc4aa3bc21a398d0527bc2/gnocchi.19b1ab30-d315-4136-8c63-eb20ee4bb84a/none_v3 HTTP/1.0 200 - python-swiftclient-3.11.1 gAAAAABo3m9dGVSB... - 33 - txf28476b25dd947eea1fad-0068de6fd4 - 0.0126 - - 1759408084.485973358 1759408084.498588085 0
Oct 2 12:28:04 standalone container-server[129810]: 172.20.0.100 - - [02/Oct/2025:12:28:04 +0000] "GET /d1/222/AUTH_a92ac7f26cfc4aa3bc21a398d0527bc2/gnocchi.19b1ab30-d315-4136-8c63-eb20ee4bb84a" 200 357 "GET http://172.18.0.2:8080/v1/AUTH_a92ac7f26cfc4aa3bc21a398d0527bc2/gnocchi.19b1ab30-d315-4136-8c63-eb20ee4bb84a?format=json&states=listing" "tx19b9577f59b644f6ba58d-0068de6fd4" "proxy-server 20" 0.0108 "-" 20 0
Oct 2 12:28:04 standalone proxy-server[131748]: 172.18.0.2 172.18.0.100 02/Oct/2025/12/28/04 GET /v1/AUTH_a92ac7f26cfc4aa3bc21a398d0527bc2/gnocchi.19b1ab30-d315-4136-8c63-eb20ee4bb84a%3Fformat%3Djson%26states%3Dlisting HTTP/1.0 200 - python-swiftclient-3.11.1 gAAAAABo3m9dGVSB... - 357 - tx19b9577f59b644f6ba58d-0068de6fd4 - 0.0229 - - 1759408084.503613949 1759408084.526546955 0
Oct 2 12:28:04 standalone container-server[129820]: 172.20.0.100 - - [02/Oct/2025:12:28:04 +0000] "GET /d1/222/AUTH_a92ac7f26cfc4aa3bc21a398d0527bc2/gnocchi.19b1ab30-d315-4136-8c63-eb20ee4bb84a" 200 2 "GET http://172.18.0.2:8080/v1/AUTH_a92ac7f26cfc4aa3bc21a398d0527bc2/gnocchi.19b1ab30-d315-4136-8c63-eb20ee4bb84a?format=json&marker=none_v3&states=listing" "tx2ae0b69586e44c6da2f6d-0068de6fd4" "proxy-server 20" 0.0041 "-" 22 0
Oct 2 12:28:04 standalone proxy-server[131748]: 172.18.0.2 172.18.0.100 02/Oct/2025/12/28/04 GET /v1/AUTH_a92ac7f26cfc4aa3bc21a398d0527bc2/gnocchi.19b1ab30-d315-4136-8c63-eb20ee4bb84a%3Fformat%3Djson%26marker%3Dnone_v3%26states%3Dlisting HTTP/1.0 200 - python-swiftclient-3.11.1 gAAAAABo3m9dGVSB... - 2 - tx2ae0b69586e44c6da2f6d-0068de6fd4 - 0.0161 - - 1759408084.531461954 1759408084.547524214 0
Oct 2 12:28:04 standalone object-server[130036]: 172.20.0.100 - - [02/Oct/2025:12:28:04 +0000] "GET /d1/3/AUTH_a92ac7f26cfc4aa3bc21a398d0527bc2/gnocchi.19b1ab30-d315-4136-8c63-eb20ee4bb84a/1759320000.0_mean_300.0_v3" 200 16 "GET http://172.18.0.2:8080/v1/AUTH_a92ac7f26cfc4aa3bc21a398d0527bc2/gnocchi.19b1ab30-d315-4136-8c63-eb20ee4bb84a/1759320000.0_mean_300.0_v3" "tx154adf39a41a40db9d0a3-0068de6fd4" "proxy-server 20" 0.0012 "-" 24 0
Oct 2 12:28:04 standalone proxy-server[131748]: 172.18.0.2 172.18.0.100 02/Oct/2025/12/28/04 GET /v1/AUTH_a92ac7f26cfc4aa3bc21a398d0527bc2/gnocchi.19b1ab30-d315-4136-8c63-eb20ee4bb84a/1759320000.0_mean_300.0_v3 HTTP/1.0 200 - python-swiftclient-3.11.1 gAAAAABo3m9dGVSB... - 16 - tx154adf39a41a40db9d0a3-0068de6fd4 - 0.0112 - - 1759408084.553469419 1759408084.564649582 0
Oct 2 12:28:04 standalone container-server[129822]: 172.20.0.100 - - [02/Oct/2025:12:28:04 +0000] "PUT /d1/222/AUTH_a92ac7f26cfc4aa3bc21a398d0527bc2/gnocchi.19b1ab30-d315-4136-8c63-eb20ee4bb84a/1759320000.0_mean_300.0_v3" 201 - "PUT http://172.18.0.2:8080/d1/3/AUTH_a92ac7f26cfc4aa3bc21a398d0527bc2/gnocchi.19b1ab30-d315-4136-8c63-eb20ee4bb84a/1759320000.0_mean_300.0_v3" "tx1753fccd0fd04df0ade3e-0068de6fd4" "object-server 25" 0.0009 "-" 23 0
Oct 2 12:28:04 standalone object-server[130040]: 172.20.0.100 - - [02/Oct/2025:12:28:04 +0000] "PUT /d1/3/AUTH_a92ac7f26cfc4aa3bc21a398d0527bc2/gnocchi.19b1ab30-d315-4136-8c63-eb20ee4bb84a/1759320000.0_mean_300.0_v3" 201 - "PUT http://172.18.0.2:8080/v1/AUTH_a92ac7f26cfc4aa3bc21a398d0527bc2/gnocchi.19b1ab30-d315-4136-8c63-eb20ee4bb84a/1759320000.0_mean_300.0_v3" "tx1753fccd0fd04df0ade3e-0068de6fd4" "proxy-server 20" 0.0120 "-" 25 0
Oct 2 12:28:04 standalone proxy-server[131748]: 172.18.0.2 172.18.0.100 02/Oct/2025/12/28/04 PUT /v1/AUTH_a92ac7f26cfc4aa3bc21a398d0527bc2/gnocchi.19b1ab30-d315-4136-8c63-eb20ee4bb84a/1759320000.0_mean_300.0_v3 HTTP/1.0 201 - python-swiftclient-3.11.1 gAAAAABo3m9dGVSB... 16 - - tx1753fccd0fd04df0ade3e-0068de6fd4 - 0.0215 - - 1759408084.569973230 1759408084.591490269 0
Oct 2 12:28:04 standalone container-server[129816]: 172.20.0.100 - - [02/Oct/2025:12:28:04 +0000] "PUT /d1/222/AUTH_a92ac7f26cfc4aa3bc21a398d0527bc2/gnocchi.19b1ab30-d315-4136-8c63-eb20ee4bb84a/none_v3" 201 - "PUT http://172.18.0.2:8080/d1/896/AUTH_a92ac7f26cfc4aa3bc21a398d0527bc2/gnocchi.19b1ab30-d315-4136-8c63-eb20ee4bb84a/none_v3" "tx06e88a0311a140aca76ca-0068de6fd4" "object-server 22" 0.0008 "-" 21 0
Oct 2 12:28:04 standalone object-server[130032]: 172.20.0.100 - - [02/Oct/2025:12:28:04 +0000] "PUT /d1/896/AUTH_a92ac7f26cfc4aa3bc21a398d0527bc2/gnocchi.19b1ab30-d315-4136-8c63-eb20ee4bb84a/none_v3" 201 - "PUT http://172.18.0.2:8080/v1/AUTH_a92ac7f26cfc4aa3bc21a398d0527bc2/gnocchi.19b1ab30-d315-4136-8c63-eb20ee4bb84a/none_v3" "tx06e88a0311a140aca76ca-0068de6fd4" "proxy-server 20" 0.0123 "-" 22 0
Oct 2 12:28:04 standalone proxy-server[131748]: 172.18.0.2 172.18.0.100 02/Oct/2025/12/28/04 PUT /v1/AUTH_a92ac7f26cfc4aa3bc21a398d0527bc2/gnocchi.19b1ab30-d315-4136-8c63-eb20ee4bb84a/none_v3 HTTP/1.0 201 - python-swiftclient-3.11.1 gAAAAABo3m9dGVSB... 48 - - tx06e88a0311a140aca76ca-0068de6fd4 - 0.0245 - - 1759408084.595993996 1759408084.620524883 0
Oct 2 12:28:06 standalone account-server[129641]: 172.20.0.100 - - [02/Oct/2025:12:28:06 +0000] "HEAD /d1/287/AUTH_a92ac7f26cfc4aa3bc21a398d0527bc2" 204 - "HEAD http://172.18.0.2:8080/v1/AUTH_a92ac7f26cfc4aa3bc21a398d0527bc2?format=json" "txe6624ebba1ad4ebaa5bd8-0068de6fd6" "proxy-server 20" 0.0060 "-" 22 -
Oct 2 12:28:06 standalone proxy-server[131748]: - - 02/Oct/2025/12/28/06 HEAD /v1/AUTH_a92ac7f26cfc4aa3bc21a398d0527bc2%3Fformat%3Djson HTTP/1.0 204 - Swift - - - - txe6624ebba1ad4ebaa5bd8-0068de6fd6 - 0.0138 RL - 1759408086.090819597 1759408086.104578018 -
Oct 2 12:28:06 standalone object-server[130034]: 172.20.0.100 - - [02/Oct/2025:12:28:06 +0000] "GET /d1/575/AUTH_a92ac7f26cfc4aa3bc21a398d0527bc2/gnocchi.85ad08e4-dee6-4e59-8cb4-61322b9395d0/none_v3" 200 22 "GET http://172.18.0.2:8080/v1/AUTH_a92ac7f26cfc4aa3bc21a398d0527bc2/gnocchi.85ad08e4-dee6-4e59-8cb4-61322b9395d0/none_v3" "txe6624ebba1ad4ebaa5bd8-0068de6fd6" "proxy-server 20" 0.0010 "-" 23 0
Oct 2 12:28:06 standalone proxy-server[131748]: 172.18.0.2 172.18.0.100 02/Oct/2025/12/28/06 GET /v1/AUTH_a92ac7f26cfc4aa3bc21a398d0527bc2/gnocchi.85ad08e4-dee6-4e59-8cb4-61322b9395d0/none_v3 HTTP/1.0 200 - python-swiftclient-3.11.1 gAAAAABo3m9dGVSB... - 22 - txe6624ebba1ad4ebaa5bd8-0068de6fd6 - 0.0260 - - 1759408086.089899302 1759408086.115901947 0
Oct 2 12:28:06 standalone container-server[129816]: 172.20.0.100 - - [02/Oct/2025:12:28:06 +0000] "GET /d1/452/AUTH_a92ac7f26cfc4aa3bc21a398d0527bc2/gnocchi.85ad08e4-dee6-4e59-8cb4-61322b9395d0" 200 357 "GET http://172.18.0.2:8080/v1/AUTH_a92ac7f26cfc4aa3bc21a398d0527bc2/gnocchi.85ad08e4-dee6-4e59-8cb4-61322b9395d0?format=json&states=listing" "tx819af5288e7c424db3bd3-0068de6fd6" "proxy-server 20" 0.0083 "-" 21 0
Oct 2 12:28:06 standalone proxy-server[131748]: 172.18.0.2 172.18.0.100 02/Oct/2025/12/28/06 GET /v1/AUTH_a92ac7f26cfc4aa3bc21a398d0527bc2/gnocchi.85ad08e4-dee6-4e59-8cb4-61322b9395d0%3Fformat%3Djson%26states%3Dlisting HTTP/1.0 200 - python-swiftclient-3.11.1 gAAAAABo3m9dGVSB... - 357 - tx819af5288e7c424db3bd3-0068de6fd6 - 0.0136 - - 1759408086.118880510 1759408086.132452965 0
Oct 2 12:28:06 standalone container-server[129810]: 172.20.0.100 - - [02/Oct/2025:12:28:06 +0000] "GET /d1/452/AUTH_a92ac7f26cfc4aa3bc21a398d0527bc2/gnocchi.85ad08e4-dee6-4e59-8cb4-61322b9395d0" 200 2 "GET http://172.18.0.2:8080/v1/AUTH_a92ac7f26cfc4aa3bc21a398d0527bc2/gnocchi.85ad08e4-dee6-4e59-8cb4-61322b9395d0?format=json&marker=none_v3&states=listing" "txd95e45d9081347b8b3320-0068de6fd6" "proxy-server 20" 0.0017 "-" 20 0
Oct 2 12:28:06 standalone proxy-server[131748]: 172.18.0.2 172.18.0.100 02/Oct/2025/12/28/06 GET /v1/AUTH_a92ac7f26cfc4aa3bc21a398d0527bc2/gnocchi.85ad08e4-dee6-4e59-8cb4-61322b9395d0%3Fformat%3Djson%26marker%3Dnone_v3%26states%3Dlisting HTTP/1.0 200 - python-swiftclient-3.11.1 gAAAAABo3m9dGVSB... - 2 - txd95e45d9081347b8b3320-0068de6fd6 - 0.0060 - - 1759408086.134957314 1759408086.140985966 0
Oct 2 12:28:06 standalone object-server[130032]: 172.20.0.100 - - [02/Oct/2025:12:28:06 +0000] "GET /d1/787/AUTH_a92ac7f26cfc4aa3bc21a398d0527bc2/gnocchi.85ad08e4-dee6-4e59-8cb4-61322b9395d0/1759320000.0_mean_300.0_v3" 200 16 "GET http://172.18.0.2:8080/v1/AUTH_a92ac7f26cfc4aa3bc21a398d0527bc2/gnocchi.85ad08e4-dee6-4e59-8cb4-61322b9395d0/1759320000.0_mean_300.0_v3" "txd8e505d0f9734294ba508-0068de6fd6" "proxy-server 20" 0.0007 "-" 22 0
Oct 2 12:28:06 standalone proxy-server[131748]: 172.18.0.2 172.18.0.100 02/Oct/2025/12/28/06 GET /v1/AUTH_a92ac7f26cfc4aa3bc21a398d0527bc2/gnocchi.85ad08e4-dee6-4e59-8cb4-61322b9395d0/1759320000.0_mean_300.0_v3 HTTP/1.0 200 - python-swiftclient-3.11.1 gAAAAABo3m9dGVSB... - 16 - txd8e505d0f9734294ba508-0068de6fd6 - 0.0047 - - 1759408086.143513441 1759408086.148249626 0
Oct 2 12:28:06 standalone container-server[129810]: 172.20.0.100 - - [02/Oct/2025:12:28:06 +0000] "PUT /d1/452/AUTH_a92ac7f26cfc4aa3bc21a398d0527bc2/gnocchi.85ad08e4-dee6-4e59-8cb4-61322b9395d0/1759320000.0_mean_300.0_v3" 201 - "PUT http://172.18.0.2:8080/d1/787/AUTH_a92ac7f26cfc4aa3bc21a398d0527bc2/gnocchi.85ad08e4-dee6-4e59-8cb4-61322b9395d0/1759320000.0_mean_300.0_v3" "txb570b56dcfb84260aee4d-0068de6fd6" "object-server 25" 0.0005 "-" 20 0
Oct 2 12:28:06 standalone object-server[130040]: 172.20.0.100 - - [02/Oct/2025:12:28:06 +0000] "PUT /d1/787/AUTH_a92ac7f26cfc4aa3bc21a398d0527bc2/gnocchi.85ad08e4-dee6-4e59-8cb4-61322b9395d0/1759320000.0_mean_300.0_v3" 201 - "PUT http://172.18.0.2:8080/v1/AUTH_a92ac7f26cfc4aa3bc21a398d0527bc2/gnocchi.85ad08e4-dee6-4e59-8cb4-61322b9395d0/1759320000.0_mean_300.0_v3" "txb570b56dcfb84260aee4d-0068de6fd6" "proxy-server 20" 0.0160 "-" 25 0
Oct 2 12:28:06 standalone proxy-server[131748]: 172.18.0.2 172.18.0.100 02/Oct/2025/12/28/06 PUT /v1/AUTH_a92ac7f26cfc4aa3bc21a398d0527bc2/gnocchi.85ad08e4-dee6-4e59-8cb4-61322b9395d0/1759320000.0_mean_300.0_v3 HTTP/1.0 201 - python-swiftclient-3.11.1 gAAAAABo3m9dGVSB... 16 - - txb570b56dcfb84260aee4d-0068de6fd6 - 0.0206 - - 1759408086.150478601 1759408086.171036959 0
Oct 2 12:28:06 standalone container-server[129822]: 172.20.0.100 - - [02/Oct/2025:12:28:06 +0000] "PUT /d1/452/AUTH_a92ac7f26cfc4aa3bc21a398d0527bc2/gnocchi.85ad08e4-dee6-4e59-8cb4-61322b9395d0/none_v3" 201 - "PUT http://172.18.0.2:8080/d1/575/AUTH_a92ac7f26cfc4aa3bc21a398d0527bc2/gnocchi.85ad08e4-dee6-4e59-8cb4-61322b9395d0/none_v3" "tx85a0d9c9d2bc4f988ac95-0068de6fd6" "object-server 24" 0.0005 "-" 23 0
Oct 2 12:28:06 standalone object-server[130036]: 172.20.0.100 - - [02/Oct/2025:12:28:06 +0000] "PUT /d1/575/AUTH_a92ac7f26cfc4aa3bc21a398d0527bc2/gnocchi.85ad08e4-dee6-4e59-8cb4-61322b9395d0/none_v3" 201 - "PUT http://172.18.0.2:8080/v1/AUTH_a92ac7f26cfc4aa3bc21a398d0527bc2/gnocchi.85ad08e4-dee6-4e59-8cb4-61322b9395d0/none_v3" "tx85a0d9c9d2bc4f988ac95-0068de6fd6" "proxy-server 20" 0.0088 "-" 24 0
Oct 2 12:28:06 standalone proxy-server[131748]: 172.18.0.2 172.18.0.100 02/Oct/2025/12/28/06 PUT /v1/AUTH_a92ac7f26cfc4aa3bc21a398d0527bc2/gnocchi.85ad08e4-dee6-4e59-8cb4-61322b9395d0/none_v3 HTTP/1.0 201 - python-swiftclient-3.11.1 gAAAAABo3m9dGVSB... 31 - - tx85a0d9c9d2bc4f988ac95-0068de6fd6 - 0.0175 - - 1759408086.173006535 1759408086.190545321 0
Oct 2 12:28:14 standalone object-server[130040]: 172.20.0.100 - - [02/Oct/2025:12:28:14 +0000] "GET /d1/575/AUTH_a92ac7f26cfc4aa3bc21a398d0527bc2/gnocchi.85ad08e4-dee6-4e59-8cb4-61322b9395d0/none_v3" 200 31 "GET http://172.18.0.2:8080/v1/AUTH_a92ac7f26cfc4aa3bc21a398d0527bc2/gnocchi.85ad08e4-dee6-4e59-8cb4-61322b9395d0/none_v3" "txaee1344d65004f49b50e5-0068de6fde" "proxy-server 20" 0.0014 "-" 25 0
Oct 2 12:28:14 standalone proxy-server[131748]: 172.18.0.2 172.18.0.100 02/Oct/2025/12/28/14 GET /v1/AUTH_a92ac7f26cfc4aa3bc21a398d0527bc2/gnocchi.85ad08e4-dee6-4e59-8cb4-61322b9395d0/none_v3 HTTP/1.0 200 - python-swiftclient-3.11.1 gAAAAABo3m9dGVSB... - 31 - txaee1344d65004f49b50e5-0068de6fde - 0.0077 - - 1759408094.066852093 1759408094.074588299 0
Oct 2 12:28:14 standalone container-server[129822]: 172.20.0.100 - - [02/Oct/2025:12:28:14 +0000] "GET /d1/452/AUTH_a92ac7f26cfc4aa3bc21a398d0527bc2/gnocchi.85ad08e4-dee6-4e59-8cb4-61322b9395d0" 200 357 "GET http://172.18.0.2:8080/v1/AUTH_a92ac7f26cfc4aa3bc21a398d0527bc2/gnocchi.85ad08e4-dee6-4e59-8cb4-61322b9395d0?format=json&states=listing" "tx51c17c227875456083ac6-0068de6fde" "proxy-server 20" 0.0066 "-" 23 0
Oct 2 12:28:14 standalone proxy-server[131748]: 172.18.0.2 172.18.0.100 02/Oct/2025/12/28/14 GET /v1/AUTH_a92ac7f26cfc4aa3bc21a398d0527bc2/gnocchi.85ad08e4-dee6-4e59-8cb4-61322b9395d0%3Fformat%3Djson%26states%3Dlisting HTTP/1.0 200 - python-swiftclient-3.11.1 gAAAAABo3m9dGVSB... - 357 - tx51c17c227875456083ac6-0068de6fde - 0.0127 - - 1759408094.078505516 1759408094.091177225 0
Oct 2 12:28:14 standalone container-server[129820]: 172.20.0.100 - - [02/Oct/2025:12:28:14 +0000] "GET /d1/452/AUTH_a92ac7f26cfc4aa3bc21a398d0527bc2/gnocchi.85ad08e4-dee6-4e59-8cb4-61322b9395d0" 200 2 "GET http://172.18.0.2:8080/v1/AUTH_a92ac7f26cfc4aa3bc21a398d0527bc2/gnocchi.85ad08e4-dee6-4e59-8cb4-61322b9395d0?format=json&marker=none_v3&states=listing" "tx95c45a2ca507496cbeda1-0068de6fde" "proxy-server 20" 0.0025 "-" 22 0
Oct 2 12:28:14 standalone proxy-server[131748]: 172.18.0.2 172.18.0.100 02/Oct/2025/12/28/14 GET /v1/AUTH_a92ac7f26cfc4aa3bc21a398d0527bc2/gnocchi.85ad08e4-dee6-4e59-8cb4-61322b9395d0%3Fformat%3Djson%26marker%3Dnone_v3%26states%3Dlisting HTTP/1.0 200 - python-swiftclient-3.11.1 gAAAAABo3m9dGVSB... - 2 - tx95c45a2ca507496cbeda1-0068de6fde - 0.0092 - - 1759408094.094663382 1759408094.103904486 0
Oct 2 12:28:14 standalone object-server[130036]: 172.20.0.100 - - [02/Oct/2025:12:28:14 +0000] "GET /d1/787/AUTH_a92ac7f26cfc4aa3bc21a398d0527bc2/gnocchi.85ad08e4-dee6-4e59-8cb4-61322b9395d0/1759320000.0_mean_300.0_v3" 200 16 "GET http://172.18.0.2:8080/v1/AUTH_a92ac7f26cfc4aa3bc21a398d0527bc2/gnocchi.85ad08e4-dee6-4e59-8cb4-61322b9395d0/1759320000.0_mean_300.0_v3" "tx5d02da300ce94d0aa2d99-0068de6fde" "proxy-server 20" 0.0008 "-" 24 0
Oct 2 12:28:14 standalone proxy-server[131748]: 172.18.0.2 172.18.0.100 02/Oct/2025/12/28/14 GET /v1/AUTH_a92ac7f26cfc4aa3bc21a398d0527bc2/gnocchi.85ad08e4-dee6-4e59-8cb4-61322b9395d0/1759320000.0_mean_300.0_v3 HTTP/1.0 200 - python-swiftclient-3.11.1 gAAAAABo3m9dGVSB... - 16 - tx5d02da300ce94d0aa2d99-0068de6fde - 0.0070 - - 1759408094.107885361 1759408094.114856005 0
Oct 2 12:28:14 standalone container-server[129822]: 172.20.0.100 - - [02/Oct/2025:12:28:14 +0000] "PUT /d1/452/AUTH_a92ac7f26cfc4aa3bc21a398d0527bc2/gnocchi.85ad08e4-dee6-4e59-8cb4-61322b9395d0/1759320000.0_mean_300.0_v3" 201 - "PUT http://172.18.0.2:8080/d1/787/AUTH_a92ac7f26cfc4aa3bc21a398d0527bc2/gnocchi.85ad08e4-dee6-4e59-8cb4-61322b9395d0/1759320000.0_mean_300.0_v3" "tx8df53f6c5d5c4932a4681-0068de6fde" "object-server 22" 0.0006 "-" 23 0
Oct 2 12:28:14 standalone object-server[130032]: 172.20.0.100 - - [02/Oct/2025:12:28:14 +0000] "PUT /d1/787/AUTH_a92ac7f26cfc4aa3bc21a398d0527bc2/gnocchi.85ad08e4-dee6-4e59-8cb4-61322b9395d0/1759320000.0_mean_300.0_v3" 201 - "PUT http://172.18.0.2:8080/v1/AUTH_a92ac7f26cfc4aa3bc21a398d0527bc2/gnocchi.85ad08e4-dee6-4e59-8cb4-61322b9395d0/1759320000.0_mean_300.0_v3" "tx8df53f6c5d5c4932a4681-0068de6fde" "proxy-server 20" 0.0081 "-" 22 0
Oct 2 12:28:14 standalone proxy-server[131748]: 172.18.0.2 172.18.0.100 02/Oct/2025/12/28/14 PUT /v1/AUTH_a92ac7f26cfc4aa3bc21a398d0527bc2/gnocchi.85ad08e4-dee6-4e59-8cb4-61322b9395d0/1759320000.0_mean_300.0_v3 HTTP/1.0 201 - python-swiftclient-3.11.1 gAAAAABo3m9dGVSB... 16 - - tx8df53f6c5d5c4932a4681-0068de6fde - 0.0165 - - 1759408094.118643761 1759408094.135132074 0
Oct 2 12:28:14 standalone container-server[129822]: 172.20.0.100 - - [02/Oct/2025:12:28:14 +0000] "PUT /d1/452/AUTH_a92ac7f26cfc4aa3bc21a398d0527bc2/gnocchi.85ad08e4-dee6-4e59-8cb4-61322b9395d0/none_v3" 201 - "PUT http://172.18.0.2:8080/d1/575/AUTH_a92ac7f26cfc4aa3bc21a398d0527bc2/gnocchi.85ad08e4-dee6-4e59-8cb4-61322b9395d0/none_v3" "tx2ca0b893274345b390dbd-0068de6fde" "object-server 25" 0.0006 "-" 23 0
Oct 2 12:28:14 standalone object-server[130040]: 172.20.0.100 - - [02/Oct/2025:12:28:14 +0000] "PUT /d1/575/AUTH_a92ac7f26cfc4aa3bc21a398d0527bc2/gnocchi.85ad08e4-dee6-4e59-8cb4-61322b9395d0/none_v3" 201 - "PUT http://172.18.0.2:8080/v1/AUTH_a92ac7f26cfc4aa3bc21a398d0527bc2/gnocchi.85ad08e4-dee6-4e59-8cb4-61322b9395d0/none_v3" "tx2ca0b893274345b390dbd-0068de6fde" "proxy-server 20" 0.0093 "-" 25 0
Oct 2 12:28:14 standalone proxy-server[131748]: 172.18.0.2 172.18.0.100 02/Oct/2025/12/28/14 PUT /v1/AUTH_a92ac7f26cfc4aa3bc21a398d0527bc2/gnocchi.85ad08e4-dee6-4e59-8cb4-61322b9395d0/none_v3 HTTP/1.0 201 - python-swiftclient-3.11.1 gAAAAABo3m9dGVSB... 46 - - tx2ca0b893274345b390dbd-0068de6fde - 0.0158 - - 1759408094.139192104 1759408094.154945374 0
Oct 2 12:28:14 standalone object-server[130040]: 172.20.0.100 - - [02/Oct/2025:12:28:14 +0000] "GET /d1/575/AUTH_a92ac7f26cfc4aa3bc21a398d0527bc2/gnocchi.85ad08e4-dee6-4e59-8cb4-61322b9395d0/none_v3" 200 46 "GET http://172.18.0.2:8080/v1/AUTH_a92ac7f26cfc4aa3bc21a398d0527bc2/gnocchi.85ad08e4-dee6-4e59-8cb4-61322b9395d0/none_v3" "tx7579ccb437f14ccfbc8ab-0068de6fde" "proxy-server 20" 0.0032 "-" 25 0
Oct 2 12:28:14 standalone proxy-server[131748]: 172.18.0.2 172.18.0.100 02/Oct/2025/12/28/14 GET /v1/AUTH_a92ac7f26cfc4aa3bc21a398d0527bc2/gnocchi.85ad08e4-dee6-4e59-8cb4-61322b9395d0/none_v3 HTTP/1.0 200 - python-swiftclient-3.11.1 gAAAAABo3m9dGVSB... - 46 - tx7579ccb437f14ccfbc8ab-0068de6fde - 0.0095 - - 1759408094.797947168 1759408094.807429552 0
Oct 2 12:28:14 standalone container-server[129816]: 172.20.0.100 - - [02/Oct/2025:12:28:14 +0000] "GET /d1/452/AUTH_a92ac7f26cfc4aa3bc21a398d0527bc2/gnocchi.85ad08e4-dee6-4e59-8cb4-61322b9395d0" 200 357 "GET http://172.18.0.2:8080/v1/AUTH_a92ac7f26cfc4aa3bc21a398d0527bc2/gnocchi.85ad08e4-dee6-4e59-8cb4-61322b9395d0?format=json&states=listing" "tx1dd5ad8a79a9471fb9c5e-0068de6fde" "proxy-server 20" 0.0063 "-" 21 0
Oct 2 12:28:14 standalone proxy-server[131748]: 172.18.0.2 172.18.0.100 02/Oct/2025/12/28/14 GET /v1/AUTH_a92ac7f26cfc4aa3bc21a398d0527bc2/gnocchi.85ad08e4-dee6-4e59-8cb4-61322b9395d0%3Fformat%3Djson%26states%3Dlisting HTTP/1.0 200 - python-swiftclient-3.11.1 gAAAAABo3m9dGVSB... - 357 - tx1dd5ad8a79a9471fb9c5e-0068de6fde - 0.0116 - - 1759408094.811316252 1759408094.822900295 0
Oct 2 12:28:14 standalone container-server[129816]: 172.20.0.100 - - [02/Oct/2025:12:28:14 +0000] "GET /d1/452/AUTH_a92ac7f26cfc4aa3bc21a398d0527bc2/gnocchi.85ad08e4-dee6-4e59-8cb4-61322b9395d0" 200 2 "GET http://172.18.0.2:8080/v1/AUTH_a92ac7f26cfc4aa3bc21a398d0527bc2/gnocchi.85ad08e4-dee6-4e59-8cb4-61322b9395d0?format=json&marker=none_v3&states=listing" "txb6fb1d33e3074da685610-0068de6fde" "proxy-server 20" 0.0017 "-" 21 0
Oct 2 12:28:14 standalone proxy-server[131748]: 172.18.0.2 172.18.0.100 02/Oct/2025/12/28/14 GET /v1/AUTH_a92ac7f26cfc4aa3bc21a398d0527bc2/gnocchi.85ad08e4-dee6-4e59-8cb4-61322b9395d0%3Fformat%3Djson%26marker%3Dnone_v3%26states%3Dlisting HTTP/1.0 200 - python-swiftclient-3.11.1 gAAAAABo3m9dGVSB... - 2 - txb6fb1d33e3074da685610-0068de6fde - 0.0079 - - 1759408094.825988531 1759408094.833861589 0
Oct 2 12:28:14 standalone object-server[130032]: 172.20.0.100 - - [02/Oct/2025:12:28:14 +0000] "GET /d1/787/AUTH_a92ac7f26cfc4aa3bc21a398d0527bc2/gnocchi.85ad08e4-dee6-4e59-8cb4-61322b9395d0/1759320000.0_mean_300.0_v3" 200 16 "GET http://172.18.0.2:8080/v1/AUTH_a92ac7f26cfc4aa3bc21a398d0527bc2/gnocchi.85ad08e4-dee6-4e59-8cb4-61322b9395d0/1759320000.0_mean_300.0_v3" "tx1c65bc354b7a4ff38f2b4-0068de6fde" "proxy-server 20" 0.0006 "-" 22 0
Oct 2 12:28:14 standalone proxy-server[131748]: 172.18.0.2 172.18.0.100 02/Oct/2025/12/28/14 GET /v1/AUTH_a92ac7f26cfc4aa3bc21a398d0527bc2/gnocchi.85ad08e4-dee6-4e59-8cb4-61322b9395d0/1759320000.0_mean_300.0_v3 HTTP/1.0 200 - python-swiftclient-3.11.1 gAAAAABo3m9dGVSB... - 16 - tx1c65bc354b7a4ff38f2b4-0068de6fde - 0.0064 - - 1759408094.837881327 1759408094.844287157 0
Oct 2 12:28:14 standalone container-server[129822]: 172.20.0.100 - - [02/Oct/2025:12:28:14 +0000] "PUT /d1/452/AUTH_a92ac7f26cfc4aa3bc21a398d0527bc2/gnocchi.85ad08e4-dee6-4e59-8cb4-61322b9395d0/1759320000.0_mean_300.0_v3" 201 - "PUT http://172.18.0.2:8080/d1/787/AUTH_a92ac7f26cfc4aa3bc21a398d0527bc2/gnocchi.85ad08e4-dee6-4e59-8cb4-61322b9395d0/1759320000.0_mean_300.0_v3" "tx4558610714be43e79ee17-0068de6fde" "object-server 23" 0.0004 "-" 23 0
Oct 2 12:28:14 standalone object-server[130034]: 172.20.0.100 - - [02/Oct/2025:12:28:14 +0000] "PUT /d1/787/AUTH_a92ac7f26cfc4aa3bc21a398d0527bc2/gnocchi.85ad08e4-dee6-4e59-8cb4-61322b9395d0/1759320000.0_mean_300.0_v3" 201 - "PUT http://172.18.0.2:8080/v1/AUTH_a92ac7f26cfc4aa3bc21a398d0527bc2/gnocchi.85ad08e4-dee6-4e59-8cb4-61322b9395d0/1759320000.0_mean_300.0_v3" "tx4558610714be43e79ee17-0068de6fde" "proxy-server 20" 0.0076 "-" 23 0
Oct 2 12:28:14 standalone proxy-server[131748]: 172.18.0.2 172.18.0.100 02/Oct/2025/12/28/14 PUT /v1/AUTH_a92ac7f26cfc4aa3bc21a398d0527bc2/gnocchi.85ad08e4-dee6-4e59-8cb4-61322b9395d0/1759320000.0_mean_300.0_v3 HTTP/1.0 201 - python-swiftclient-3.11.1 gAAAAABo3m9dGVSB... 16 - - tx4558610714be43e79ee17-0068de6fde - 0.0138 - - 1759408094.846943855 1759408094.860758305 0
Oct 2 12:28:14 standalone container-server[129820]: 172.20.0.100 - - [02/Oct/2025:12:28:14 +0000] "PUT /d1/452/AUTH_a92ac7f26cfc4aa3bc21a398d0527bc2/gnocchi.85ad08e4-dee6-4e59-8cb4-61322b9395d0/none_v3" 201 - "PUT http://172.18.0.2:8080/d1/575/AUTH_a92ac7f26cfc4aa3bc21a398d0527bc2/gnocchi.85ad08e4-dee6-4e59-8cb4-61322b9395d0/none_v3" "tx93180dc8dd5b44748d418-0068de6fde" "object-server 22" 0.0006 "-" 22 0
Oct 2 12:28:14 standalone object-server[130032]: 172.20.0.100 - - [02/Oct/2025:12:28:14 +0000] "PUT /d1/575/AUTH_a92ac7f26cfc4aa3bc21a398d0527bc2/gnocchi.85ad08e4-dee6-4e59-8cb4-61322b9395d0/none_v3" 201 - "PUT http://172.18.0.2:8080/v1/AUTH_a92ac7f26cfc4aa3bc21a398d0527bc2/gnocchi.85ad08e4-dee6-4e59-8cb4-61322b9395d0/none_v3" "tx93180dc8dd5b44748d418-0068de6fde" "proxy-server 20" 0.0090 "-" 22 0
Oct 2 12:28:14 standalone proxy-server[131748]: 172.18.0.2 172.18.0.100 02/Oct/2025/12/28/14 PUT /v1/AUTH_a92ac7f26cfc4aa3bc21a398d0527bc2/gnocchi.85ad08e4-dee6-4e59-8cb4-61322b9395d0/none_v3 HTTP/1.0 201 - python-swiftclient-3.11.1 gAAAAABo3m9dGVSB... 51 - - tx93180dc8dd5b44748d418-0068de6fde - 0.0149 - - 1759408094.864279747 1759408094.879179001 0
Oct 2 12:28:17 standalone container-server[129820]: 172.20.0.100 - - [02/Oct/2025:12:28:17 +0000] "HEAD /d1/820/AUTH_a92ac7f26cfc4aa3bc21a398d0527bc2/gnocchi.bfa7c8c4-0e3e-4b95-a2b0-89b36e67c50f" 404 - "HEAD http://172.18.0.2:8080/v1/AUTH_a92ac7f26cfc4aa3bc21a398d0527bc2/gnocchi.bfa7c8c4-0e3e-4b95-a2b0-89b36e67c50f?format=json&states=listing" "tx933c7e7c4d174fa79c47b-0068de6fe1" "proxy-server 20" 0.0006 "-" 22 0
Oct 2 12:28:17 standalone object-server[130032]: 172.20.0.100 - - [02/Oct/2025:12:28:17 +0000] "GET /d1/759/AUTH_a92ac7f26cfc4aa3bc21a398d0527bc2/gnocchi.bfa7c8c4-0e3e-4b95-a2b0-89b36e67c50f/none_v3" 404 70 "GET http://172.18.0.2:8080/v1/AUTH_a92ac7f26cfc4aa3bc21a398d0527bc2/gnocchi.bfa7c8c4-0e3e-4b95-a2b0-89b36e67c50f/none_v3" "tx933c7e7c4d174fa79c47b-0068de6fe1" "proxy-server 20" 0.0005 "-" 22 0
Oct 2 12:28:17 standalone proxy-server[131748]: 172.18.0.2 172.18.0.100 02/Oct/2025/12/28/17 GET /v1/AUTH_a92ac7f26cfc4aa3bc21a398d0527bc2/gnocchi.bfa7c8c4-0e3e-4b95-a2b0-89b36e67c50f/none_v3 HTTP/1.0 404 - python-swiftclient-3.11.1 gAAAAABo3m9dGVSB... - 70 - tx933c7e7c4d174fa79c47b-0068de6fe1 - 0.0234 - - 1759408097.858818293 1759408097.882223606 0
Oct 2 12:28:17 standalone account-server[129624]: 172.20.0.100 - - [02/Oct/2025:12:28:17 +0000] "PUT /d1/287/AUTH_a92ac7f26cfc4aa3bc21a398d0527bc2/gnocchi.bfa7c8c4-0e3e-4b95-a2b0-89b36e67c50f" 201 - "PUT http://172.20.0.100:6001/d1/820/AUTH_a92ac7f26cfc4aa3bc21a398d0527bc2/gnocchi.bfa7c8c4-0e3e-4b95-a2b0-89b36e67c50f" "txe36b9e107f2f486eb1933-0068de6fe1" "container-server 21" 0.0021 "-" 21 0
Oct 2 12:28:17 standalone container-server[129816]: 172.20.0.100 - - [02/Oct/2025:12:28:17 +0000] "PUT /d1/820/AUTH_a92ac7f26cfc4aa3bc21a398d0527bc2/gnocchi.bfa7c8c4-0e3e-4b95-a2b0-89b36e67c50f" 201 - "PUT http://172.18.0.2:8080/v1/AUTH_a92ac7f26cfc4aa3bc21a398d0527bc2/gnocchi.bfa7c8c4-0e3e-4b95-a2b0-89b36e67c50f" "txe36b9e107f2f486eb1933-0068de6fe1" "proxy-server 20" 0.0157 "-" 21 0
Oct 2 12:28:17 standalone proxy-server[131748]: 172.18.0.2 172.18.0.100 02/Oct/2025/12/28/17 PUT /v1/AUTH_a92ac7f26cfc4aa3bc21a398d0527bc2/gnocchi.bfa7c8c4-0e3e-4b95-a2b0-89b36e67c50f HTTP/1.0 201 - python-swiftclient-3.11.1 gAAAAABo3m9dGVSB... - - - txe36b9e107f2f486eb1933-0068de6fe1 - 0.0232 - - 1759408097.895698547 1759408097.918856859 0
Oct 2 12:28:17 standalone container-server[129816]: 172.20.0.100 - - [02/Oct/2025:12:28:17 +0000] "HEAD /d1/820/AUTH_a92ac7f26cfc4aa3bc21a398d0527bc2/gnocchi.bfa7c8c4-0e3e-4b95-a2b0-89b36e67c50f" 204 - "HEAD http://172.18.0.2:8080/v1/AUTH_a92ac7f26cfc4aa3bc21a398d0527bc2/gnocchi.bfa7c8c4-0e3e-4b95-a2b0-89b36e67c50f?format=json&states=listing" "tx85e02dd8f091497b9855c-0068de6fe1" "proxy-server 20" 0.0013 "-" 21 0
Oct 2 12:28:17 standalone proxy-server[131748]: - - 02/Oct/2025/12/28/17 HEAD /v1/AUTH_a92ac7f26cfc4aa3bc21a398d0527bc2/gnocchi.bfa7c8c4-0e3e-4b95-a2b0-89b36e67c50f%3Fformat%3Djson%26states%3Dlisting HTTP/1.0 204 - Swift - - - - tx85e02dd8f091497b9855c-0068de6fe1 - 0.0133 RL - 1759408097.929552794 1759408097.942836285 0
Oct 2 12:28:17 standalone container-server[129822]: 172.20.0.100 - - [02/Oct/2025:12:28:17 +0000] "GET /d1/820/AUTH_a92ac7f26cfc4aa3bc21a398d0527bc2/gnocchi.bfa7c8c4-0e3e-4b95-a2b0-89b36e67c50f" 200 2 "GET http://172.18.0.2:8080/v1/AUTH_a92ac7f26cfc4aa3bc21a398d0527bc2/gnocchi.bfa7c8c4-0e3e-4b95-a2b0-89b36e67c50f?format=json&states=listing" "tx85e02dd8f091497b9855c-0068de6fe1" "proxy-server 20" 0.0048 "-" 23 0
Oct 2 12:28:17 standalone proxy-server[131748]: 172.18.0.2 172.18.0.100 02/Oct/2025/12/28/17 GET /v1/AUTH_a92ac7f26cfc4aa3bc21a398d0527bc2/gnocchi.bfa7c8c4-0e3e-4b95-a2b0-89b36e67c50f%3Fformat%3Djson%26states%3Dlisting HTTP/1.0 200 - python-swiftclient-3.11.1 gAAAAABo3m9dGVSB... - 2 - tx85e02dd8f091497b9855c-0068de6fe1 - 0.0313 - - 1759408097.927606106 1759408097.958940983 0
Oct 2 12:28:17 standalone object-server[130040]: 172.20.0.100 - - [02/Oct/2025:12:28:17 +0000] "GET /d1/910/AUTH_a92ac7f26cfc4aa3bc21a398d0527bc2/gnocchi.bfa7c8c4-0e3e-4b95-a2b0-89b36e67c50f/1759320000.0_mean_300.0_v3" 404 70 "GET http://172.18.0.2:8080/v1/AUTH_a92ac7f26cfc4aa3bc21a398d0527bc2/gnocchi.bfa7c8c4-0e3e-4b95-a2b0-89b36e67c50f/1759320000.0_mean_300.0_v3" "txd5eba79e73464cfcad14b-0068de6fe1" "proxy-server 20" 0.0004 "-" 25 0
Oct 2 12:28:17 standalone proxy-server[131748]: 172.18.0.2 172.18.0.100 02/Oct/2025/12/28/17 GET /v1/AUTH_a92ac7f26cfc4aa3bc21a398d0527bc2/gnocchi.bfa7c8c4-0e3e-4b95-a2b0-89b36e67c50f/1759320000.0_mean_300.0_v3 HTTP/1.0 404 - python-swiftclient-3.11.1 gAAAAABo3m9dGVSB... - 70 - txd5eba79e73464cfcad14b-0068de6fe1 - 0.0095 - - 1759408097.969798088 1759408097.979259491 0
Oct 2 12:28:18 standalone container-server[129820]: 172.20.0.100 - - [02/Oct/2025:12:28:18 +0000] "PUT /d1/820/AUTH_a92ac7f26cfc4aa3bc21a398d0527bc2/gnocchi.bfa7c8c4-0e3e-4b95-a2b0-89b36e67c50f/1759320000.0_mean_300.0_v3" 201 - "PUT http://172.18.0.2:8080/d1/910/AUTH_a92ac7f26cfc4aa3bc21a398d0527bc2/gnocchi.bfa7c8c4-0e3e-4b95-a2b0-89b36e67c50f/1759320000.0_mean_300.0_v3" "tx972344b2dbbc45ba8ca41-0068de6fe1" "object-server 23" 0.0009 "-" 22 0
Oct 2 12:28:18 standalone object-server[130034]: 172.20.0.100 - - [02/Oct/2025:12:28:18 +0000] "PUT /d1/910/AUTH_a92ac7f26cfc4aa3bc21a398d0527bc2/gnocchi.bfa7c8c4-0e3e-4b95-a2b0-89b36e67c50f/1759320000.0_mean_300.0_v3" 201 - "PUT http://172.18.0.2:8080/v1/AUTH_a92ac7f26cfc4aa3bc21a398d0527bc2/gnocchi.bfa7c8c4-0e3e-4b95-a2b0-89b36e67c50f/1759320000.0_mean_300.0_v3" "tx972344b2dbbc45ba8ca41-0068de6fe1" "proxy-server 20" 0.0165 "-" 23 0
Oct 2 12:28:18 standalone proxy-server[131748]: 172.18.0.2 172.18.0.100 02/Oct/2025/12/28/18 PUT /v1/AUTH_a92ac7f26cfc4aa3bc21a398d0527bc2/gnocchi.bfa7c8c4-0e3e-4b95-a2b0-89b36e67c50f/1759320000.0_mean_300.0_v3 HTTP/1.0 201 - python-swiftclient-3.11.1 gAAAAABo3m9dGVSB... 16 - - tx972344b2dbbc45ba8ca41-0068de6fe1 - 0.0269 - - 1759408097.987423182 1759408098.014330864 0
Oct 2 12:28:18 standalone container-server[129820]: 172.20.0.100 - - [02/Oct/2025:12:28:18 +0000] "PUT /d1/820/AUTH_a92ac7f26cfc4aa3bc21a398d0527bc2/gnocchi.bfa7c8c4-0e3e-4b95-a2b0-89b36e67c50f/none_v3" 201 - "PUT http://172.18.0.2:8080/d1/759/AUTH_a92ac7f26cfc4aa3bc21a398d0527bc2/gnocchi.bfa7c8c4-0e3e-4b95-a2b0-89b36e67c50f/none_v3" "tx8d58a7fe7f334080939ac-0068de6fe2" "object-server 23" 0.0008 "-" 22 0
Oct 2 12:28:18 standalone object-server[130034]: 172.20.0.100 - - [02/Oct/2025:12:28:18 +0000] "PUT /d1/759/AUTH_a92ac7f26cfc4aa3bc21a398d0527bc2/gnocchi.bfa7c8c4-0e3e-4b95-a2b0-89b36e67c50f/none_v3" 201 - "PUT http://172.18.0.2:8080/v1/AUTH_a92ac7f26cfc4aa3bc21a398d0527bc2/gnocchi.bfa7c8c4-0e3e-4b95-a2b0-89b36e67c50f/none_v3" "tx8d58a7fe7f334080939ac-0068de6fe2" "proxy-server 20" 0.0164 "-" 23 0
Oct 2 12:28:18 standalone proxy-server[131748]: 172.18.0.2 172.18.0.100 02/Oct/2025/12/28/18 PUT /v1/AUTH_a92ac7f26cfc4aa3bc21a398d0527bc2/gnocchi.bfa7c8c4-0e3e-4b95-a2b0-89b36e67c50f/none_v3 HTTP/1.0 201 - python-swiftclient-3.11.1 gAAAAABo3m9dGVSB... 22 - - tx8d58a7fe7f334080939ac-0068de6fe2 - 0.0322 - - 1759408098.021241665 1759408098.053440332 0
Oct 2 12:28:18 standalone container-server[129822]: 172.20.0.100 - - [02/Oct/2025:12:28:18 +0000] "HEAD /d1/640/AUTH_a92ac7f26cfc4aa3bc21a398d0527bc2/gnocchi.f72c803d-6bf1-4785-a6a4-66b50f39d77f" 404 - "HEAD http://172.18.0.2:8080/v1/AUTH_a92ac7f26cfc4aa3bc21a398d0527bc2/gnocchi.f72c803d-6bf1-4785-a6a4-66b50f39d77f?format=json&states=listing" "txf1a0168d76e8477596075-0068de6fe2" "proxy-server 20" 0.0006 "-" 23 0
Oct 2 12:28:18 standalone object-server[130036]: 172.20.0.100 - - [02/Oct/2025:12:28:18 +0000] "GET /d1/379/AUTH_a92ac7f26cfc4aa3bc21a398d0527bc2/gnocchi.f72c803d-6bf1-4785-a6a4-66b50f39d77f/none_v3" 404 70 "GET http://172.18.0.2:8080/v1/AUTH_a92ac7f26cfc4aa3bc21a398d0527bc2/gnocchi.f72c803d-6bf1-4785-a6a4-66b50f39d77f/none_v3" "txf1a0168d76e8477596075-0068de6fe2" "proxy-server 20" 0.0006 "-" 24 0
Oct 2 12:28:18 standalone proxy-server[131748]: 172.18.0.2 172.18.0.100 02/Oct/2025/12/28/18 GET /v1/AUTH_a92ac7f26cfc4aa3bc21a398d0527bc2/gnocchi.f72c803d-6bf1-4785-a6a4-66b50f39d77f/none_v3 HTTP/1.0 404 - python-swiftclient-3.11.1 gAAAAABo3m9dGVSB... - 70 - txf1a0168d76e8477596075-0068de6fe2 - 0.0133 - - 1759408098.069116116 1759408098.082415104 0
Oct 2 12:28:18 standalone account-server[129591]: 172.20.0.100 - - [02/Oct/2025:12:28:18 +0000] "PUT /d1/287/AUTH_a92ac7f26cfc4aa3bc21a398d0527bc2/gnocchi.f72c803d-6bf1-4785-a6a4-66b50f39d77f" 201 - "PUT http://172.20.0.100:6001/d1/640/AUTH_a92ac7f26cfc4aa3bc21a398d0527bc2/gnocchi.f72c803d-6bf1-4785-a6a4-66b50f39d77f" "tx04ccb9e3b0f64e8d85e82-0068de6fe2" "container-server 22" 0.0119 "-" 20 0
Oct 2 12:28:18 standalone container-server[129820]: 172.20.0.100 - - [02/Oct/2025:12:28:18 +0000] "PUT /d1/640/AUTH_a92ac7f26cfc4aa3bc21a398d0527bc2/gnocchi.f72c803d-6bf1-4785-a6a4-66b50f39d77f" 201 - "PUT http://172.18.0.2:8080/v1/AUTH_a92ac7f26cfc4aa3bc21a398d0527bc2/gnocchi.f72c803d-6bf1-4785-a6a4-66b50f39d77f" "tx04ccb9e3b0f64e8d85e82-0068de6fe2" "proxy-server 20" 0.0243 "-" 22 0
Oct 2 12:28:18 standalone proxy-server[131748]: 172.18.0.2 172.18.0.100 02/Oct/2025/12/28/18 PUT /v1/AUTH_a92ac7f26cfc4aa3bc21a398d0527bc2/gnocchi.f72c803d-6bf1-4785-a6a4-66b50f39d77f HTTP/1.0 201 - python-swiftclient-3.11.1 gAAAAABo3m9dGVSB... - - - tx04ccb9e3b0f64e8d85e82-0068de6fe2 - 0.0401 - - 1759408098.087727547 1759408098.127866983 0
Oct 2 12:28:18 standalone container-server[129810]: 172.20.0.100 - - [02/Oct/2025:12:28:18 +0000] "HEAD /d1/640/AUTH_a92ac7f26cfc4aa3bc21a398d0527bc2/gnocchi.f72c803d-6bf1-4785-a6a4-66b50f39d77f" 204 - "HEAD http://172.18.0.2:8080/v1/AUTH_a92ac7f26cfc4aa3bc21a398d0527bc2/gnocchi.f72c803d-6bf1-4785-a6a4-66b50f39d77f?format=json&states=listing" "tx85c038cdadbc4608826c7-0068de6fe2" "proxy-server 20" 0.0124 "-" 20 0
Oct 2 12:28:18 standalone proxy-server[131748]: - - 02/Oct/2025/12/28/18 HEAD /v1/AUTH_a92ac7f26cfc4aa3bc21a398d0527bc2/gnocchi.f72c803d-6bf1-4785-a6a4-66b50f39d77f%3Fformat%3Djson%26states%3Dlisting HTTP/1.0 204 - Swift - - - - tx85c038cdadbc4608826c7-0068de6fe2 - 0.0190 RL - 1759408098.134825230 1759408098.153831482 0
Oct 2 12:28:18 standalone container-server[129810]: 172.20.0.100 - - [02/Oct/2025:12:28:18 +0000] "GET /d1/640/AUTH_a92ac7f26cfc4aa3bc21a398d0527bc2/gnocchi.f72c803d-6bf1-4785-a6a4-66b50f39d77f" 200 2 "GET http://172.18.0.2:8080/v1/AUTH_a92ac7f26cfc4aa3bc21a398d0527bc2/gnocchi.f72c803d-6bf1-4785-a6a4-66b50f39d77f?format=json&states=listing" "tx85c038cdadbc4608826c7-0068de6fe2" "proxy-server 20" 0.0047 "-" 20 0
Oct 2 12:28:18 standalone proxy-server[131748]: 172.18.0.2 172.18.0.100 02/Oct/2025/12/28/18 GET /v1/AUTH_a92ac7f26cfc4aa3bc21a398d0527bc2/gnocchi.f72c803d-6bf1-4785-a6a4-66b50f39d77f%3Fformat%3Djson%26states%3Dlisting HTTP/1.0 200 - python-swiftclient-3.11.1 gAAAAABo3m9dGVSB... - 2 - tx85c038cdadbc4608826c7-0068de6fe2 - 0.0345 - - 1759408098.133389711 1759408098.167857885 0
Oct 2 12:28:18 standalone object-server[130032]: 172.20.0.100 - - [02/Oct/2025:12:28:18 +0000] "GET /d1/759/AUTH_a92ac7f26cfc4aa3bc21a398d0527bc2/gnocchi.f72c803d-6bf1-4785-a6a4-66b50f39d77f/1759320000.0_mean_300.0_v3" 404 70 "GET http://172.18.0.2:8080/v1/AUTH_a92ac7f26cfc4aa3bc21a398d0527bc2/gnocchi.f72c803d-6bf1-4785-a6a4-66b50f39d77f/1759320000.0_mean_300.0_v3" "tx1c1e8c2df693464c9b88e-0068de6fe2" "proxy-server 20" 0.0008 "-" 22 0
Oct 2 12:28:18 standalone proxy-server[131748]: 172.18.0.2 172.18.0.100 02/Oct/2025/12/28/18 GET /v1/AUTH_a92ac7f26cfc4aa3bc21a398d0527bc2/gnocchi.f72c803d-6bf1-4785-a6a4-66b50f39d77f/1759320000.0_mean_300.0_v3 HTTP/1.0 404 - python-swiftclient-3.11.1 gAAAAABo3m9dGVSB... - 70 - tx1c1e8c2df693464c9b88e-0068de6fe2 - 0.0120 - - 1759408098.171254873 1759408098.183261871 0
Oct 2 12:28:18 standalone container-server[129816]: 172.20.0.100 - - [02/Oct/2025:12:28:18 +0000] "PUT /d1/640/AUTH_a92ac7f26cfc4aa3bc21a398d0527bc2/gnocchi.f72c803d-6bf1-4785-a6a4-66b50f39d77f/1759320000.0_mean_300.0_v3" 201 - "PUT http://172.18.0.2:8080/d1/759/AUTH_a92ac7f26cfc4aa3bc21a398d0527bc2/gnocchi.f72c803d-6bf1-4785-a6a4-66b50f39d77f/1759320000.0_mean_300.0_v3" "txd82e600f484540a1b4bf6-0068de6fe2" "object-server 22" 0.0009 "-" 21 0
Oct 2 12:28:18 standalone object-server[130032]: 172.20.0.100 - - [02/Oct/2025:12:28:18 +0000] "PUT /d1/759/AUTH_a92ac7f26cfc4aa3bc21a398d0527bc2/gnocchi.f72c803d-6bf1-4785-a6a4-66b50f39d77f/1759320000.0_mean_300.0_v3" 201 - "PUT http://172.18.0.2:8080/v1/AUTH_a92ac7f26cfc4aa3bc21a398d0527bc2/gnocchi.f72c803d-6bf1-4785-a6a4-66b50f39d77f/1759320000.0_mean_300.0_v3" "txd82e600f484540a1b4bf6-0068de6fe2" "proxy-server 20" 0.0141 "-" 22 0
Oct 2 12:28:18 standalone proxy-server[131748]: 172.18.0.2 172.18.0.100 02/Oct/2025/12/28/18 PUT /v1/AUTH_a92ac7f26cfc4aa3bc21a398d0527bc2/gnocchi.f72c803d-6bf1-4785-a6a4-66b50f39d77f/1759320000.0_mean_300.0_v3 HTTP/1.0 201 - python-swiftclient-3.11.1 gAAAAABo3m9dGVSB... 16 - - txd82e600f484540a1b4bf6-0068de6fe2 - 0.0226 - - 1759408098.188667059 1759408098.211244106 0
Oct 2 12:28:18 standalone container-server[129820]: 172.20.0.100 - - [02/Oct/2025:12:28:18 +0000] "PUT /d1/640/AUTH_a92ac7f26cfc4aa3bc21a398d0527bc2/gnocchi.f72c803d-6bf1-4785-a6a4-66b50f39d77f/none_v3" 201 - "PUT http://172.18.0.2:8080/d1/379/AUTH_a92ac7f26cfc4aa3bc21a398d0527bc2/gnocchi.f72c803d-6bf1-4785-a6a4-66b50f39d77f/none_v3" "txcd53a50d15554450b5c80-0068de6fe2" "object-server 23" 0.0008 "-" 22 0
Oct 2 12:28:18 standalone object-server[130034]: 172.20.0.100 - - [02/Oct/2025:12:28:18 +0000] "PUT /d1/379/AUTH_a92ac7f26cfc4aa3bc21a398d0527bc2/gnocchi.f72c803d-6bf1-4785-a6a4-66b50f39d77f/none_v3" 201 - "PUT http://172.18.0.2:8080/v1/AUTH_a92ac7f26cfc4aa3bc21a398d0527bc2/gnocchi.f72c803d-6bf1-4785-a6a4-66b50f39d77f/none_v3" "txcd53a50d15554450b5c80-0068de6fe2" "proxy-server 20" 0.0112 "-" 23 0
Oct 2 12:28:18 standalone proxy-server[131748]: 172.18.0.2 172.18.0.100 02/Oct/2025/12/28/18 PUT /v1/AUTH_a92ac7f26cfc4aa3bc21a398d0527bc2/gnocchi.f72c803d-6bf1-4785-a6a4-66b50f39d77f/none_v3 HTTP/1.0 201 - python-swiftclient-3.11.1 gAAAAABo3m9dGVSB... 22 - - txcd53a50d15554450b5c80-0068de6fe2 - 0.0188 - - 1759408098.215211630 1759408098.233997345 0
Oct 2 12:28:18 standalone container-server[129822]: 172.20.0.100 - - [02/Oct/2025:12:28:18 +0000] "HEAD /d1/768/AUTH_a92ac7f26cfc4aa3bc21a398d0527bc2/gnocchi.f4d4b89b-6f0a-453a-8bbe-1a15b931f2ab" 404 - "HEAD http://172.18.0.2:8080/v1/AUTH_a92ac7f26cfc4aa3bc21a398d0527bc2/gnocchi.f4d4b89b-6f0a-453a-8bbe-1a15b931f2ab?format=json&states=listing" "txe71f014d08ed487fa3443-0068de6fe2" "proxy-server 20" 0.0005 "-" 23 0
Oct 2 12:28:18 standalone object-server[130040]: 172.20.0.100 - - [02/Oct/2025:12:28:18 +0000] "GET /d1/941/AUTH_a92ac7f26cfc4aa3bc21a398d0527bc2/gnocchi.f4d4b89b-6f0a-453a-8bbe-1a15b931f2ab/none_v3" 404 70 "GET http://172.18.0.2:8080/v1/AUTH_a92ac7f26cfc4aa3bc21a398d0527bc2/gnocchi.f4d4b89b-6f0a-453a-8bbe-1a15b931f2ab/none_v3" "txe71f014d08ed487fa3443-0068de6fe2" "proxy-server 20" 0.0004 "-" 25 0
Oct 2 12:28:18 standalone proxy-server[131748]: 172.18.0.2 172.18.0.100 02/Oct/2025/12/28/18 GET /v1/AUTH_a92ac7f26cfc4aa3bc21a398d0527bc2/gnocchi.f4d4b89b-6f0a-453a-8bbe-1a15b931f2ab/none_v3 HTTP/1.0 404 - python-swiftclient-3.11.1 gAAAAABo3m9dGVSB... - 70 - txe71f014d08ed487fa3443-0068de6fe2 - 0.0136 - - 1759408098.250975132 1759408098.264538765 0
Oct 2 12:28:18 standalone account-server[129581]: 172.20.0.100 - - [02/Oct/2025:12:28:18 +0000] "PUT /d1/287/AUTH_a92ac7f26cfc4aa3bc21a398d0527bc2/gnocchi.f4d4b89b-6f0a-453a-8bbe-1a15b931f2ab" 201 - "PUT http://172.20.0.100:6001/d1/768/AUTH_a92ac7f26cfc4aa3bc21a398d0527bc2/gnocchi.f4d4b89b-6f0a-453a-8bbe-1a15b931f2ab" "tx7e53e7d3edfa405faedfb-0068de6fe2" "container-server 20" 0.0045 "-" 19 0
Oct 2 12:28:18 standalone container-server[129810]: 172.20.0.100 - - [02/Oct/2025:12:28:18 +0000] "PUT /d1/768/AUTH_a92ac7f26cfc4aa3bc21a398d0527bc2/gnocchi.f4d4b89b-6f0a-453a-8bbe-1a15b931f2ab" 201 - "PUT http://172.18.0.2:8080/v1/AUTH_a92ac7f26cfc4aa3bc21a398d0527bc2/gnocchi.f4d4b89b-6f0a-453a-8bbe-1a15b931f2ab" "tx7e53e7d3edfa405faedfb-0068de6fe2" "proxy-server 20" 0.0188 "-" 20 0
Oct 2 12:28:18 standalone proxy-server[131748]: 172.18.0.2 172.18.0.100 02/Oct/2025/12/28/18 PUT /v1/AUTH_a92ac7f26cfc4aa3bc21a398d0527bc2/gnocchi.f4d4b89b-6f0a-453a-8bbe-1a15b931f2ab HTTP/1.0 201 - python-swiftclient-3.11.1 gAAAAABo3m9dGVSB... - - - tx7e53e7d3edfa405faedfb-0068de6fe2 - 0.0248 - - 1759408098.268760204 1759408098.293585777 0
Oct 2 12:28:18 standalone container-server[129822]: 172.20.0.100 - - [02/Oct/2025:12:28:18 +0000] "HEAD /d1/768/AUTH_a92ac7f26cfc4aa3bc21a398d0527bc2/gnocchi.f4d4b89b-6f0a-453a-8bbe-1a15b931f2ab" 204 - "HEAD http://172.18.0.2:8080/v1/AUTH_a92ac7f26cfc4aa3bc21a398d0527bc2/gnocchi.f4d4b89b-6f0a-453a-8bbe-1a15b931f2ab?format=json&states=listing" "tx68a3c7493b96480ca2a2a-0068de6fe2" "proxy-server 20" 0.0011 "-" 23 0
Oct 2 12:28:18 standalone proxy-server[131748]: - - 02/Oct/2025/12/28/18 HEAD /v1/AUTH_a92ac7f26cfc4aa3bc21a398d0527bc2/gnocchi.f4d4b89b-6f0a-453a-8bbe-1a15b931f2ab%3Fformat%3Djson%26states%3Dlisting HTTP/1.0 204 - Swift - - - - tx68a3c7493b96480ca2a2a-0068de6fe2 - 0.0048 RL - 1759408098.299368858 1759408098.304154873 0
Oct 2 12:28:18 standalone container-server[129822]: 172.20.0.100 - - [02/Oct/2025:12:28:18 +0000] "GET /d1/768/AUTH_a92ac7f26cfc4aa3bc21a398d0527bc2/gnocchi.f4d4b89b-6f0a-453a-8bbe-1a15b931f2ab" 200 2 "GET http://172.18.0.2:8080/v1/AUTH_a92ac7f26cfc4aa3bc21a398d0527bc2/gnocchi.f4d4b89b-6f0a-453a-8bbe-1a15b931f2ab?format=json&states=listing" "tx68a3c7493b96480ca2a2a-0068de6fe2" "proxy-server 20" 0.0016 "-" 23 0
Oct 2 12:28:18 standalone proxy-server[131748]: 172.18.0.2 172.18.0.100 02/Oct/2025/12/28/18 GET /v1/AUTH_a92ac7f26cfc4aa3bc21a398d0527bc2/gnocchi.f4d4b89b-6f0a-453a-8bbe-1a15b931f2ab%3Fformat%3Djson%26states%3Dlisting HTTP/1.0 200 - python-swiftclient-3.11.1 gAAAAABo3m9dGVSB... - 2 - tx68a3c7493b96480ca2a2a-0068de6fe2 - 0.0135 - - 1759408098.298336983 1759408098.311843872 0
Oct 2 12:28:18 standalone object-server[130040]: 172.20.0.100 - - [02/Oct/2025:12:28:18 +0000] "GET /d1/561/AUTH_a92ac7f26cfc4aa3bc21a398d0527bc2/gnocchi.f4d4b89b-6f0a-453a-8bbe-1a15b931f2ab/1759320000.0_mean_300.0_v3" 404 70 "GET http://172.18.0.2:8080/v1/AUTH_a92ac7f26cfc4aa3bc21a398d0527bc2/gnocchi.f4d4b89b-6f0a-453a-8bbe-1a15b931f2ab/1759320000.0_mean_300.0_v3" "tx00f35ae9f2d3427cadcd1-0068de6fe2" "proxy-server 20" 0.0004 "-" 25 0
Oct 2 12:28:18 standalone proxy-server[131748]: 172.18.0.2 172.18.0.100 02/Oct/2025/12/28/18 GET /v1/AUTH_a92ac7f26cfc4aa3bc21a398d0527bc2/gnocchi.f4d4b89b-6f0a-453a-8bbe-1a15b931f2ab/1759320000.0_mean_300.0_v3 HTTP/1.0 404 - python-swiftclient-3.11.1 gAAAAABo3m9dGVSB... - 70 - tx00f35ae9f2d3427cadcd1-0068de6fe2 - 0.0052 - - 1759408098.317202091 1759408098.322353601 0
Oct 2 12:28:18 standalone container-server[129810]: 172.20.0.100 - - [02/Oct/2025:12:28:18 +0000] "PUT /d1/768/AUTH_a92ac7f26cfc4aa3bc21a398d0527bc2/gnocchi.f4d4b89b-6f0a-453a-8bbe-1a15b931f2ab/1759320000.0_mean_300.0_v3" 201 - "PUT http://172.18.0.2:8080/d1/561/AUTH_a92ac7f26cfc4aa3bc21a398d0527bc2/gnocchi.f4d4b89b-6f0a-453a-8bbe-1a15b931f2ab/1759320000.0_mean_300.0_v3" "tx5f8d6085e89d450e86430-0068de6fe2" "object-server 23" 0.0012 "-" 20 0
Oct 2 12:28:18 standalone object-server[130034]: 172.20.0.100 - - [02/Oct/2025:12:28:18 +0000] "PUT /d1/561/AUTH_a92ac7f26cfc4aa3bc21a398d0527bc2/gnocchi.f4d4b89b-6f0a-453a-8bbe-1a15b931f2ab/1759320000.0_mean_300.0_v3" 201 - "PUT http://172.18.0.2:8080/v1/AUTH_a92ac7f26cfc4aa3bc21a398d0527bc2/gnocchi.f4d4b89b-6f0a-453a-8bbe-1a15b931f2ab/1759320000.0_mean_300.0_v3" "tx5f8d6085e89d450e86430-0068de6fe2" "proxy-server 20" 0.0118 "-" 23 0
Oct 2 12:28:18 standalone proxy-server[131748]: 172.18.0.2 172.18.0.100 02/Oct/2025/12/28/18 PUT /v1/AUTH_a92ac7f26cfc4aa3bc21a398d0527bc2/gnocchi.f4d4b89b-6f0a-453a-8bbe-1a15b931f2ab/1759320000.0_mean_300.0_v3 HTTP/1.0 201 - python-swiftclient-3.11.1 gAAAAABo3m9dGVSB... 16 - - tx5f8d6085e89d450e86430-0068de6fe2 - 0.0173 - - 1759408098.326613188 1759408098.343879223 0
Oct 2 12:28:18 standalone container-server[129810]: 172.20.0.100 - - [02/Oct/2025:12:28:18 +0000] "PUT /d1/768/AUTH_a92ac7f26cfc4aa3bc21a398d0527bc2/gnocchi.f4d4b89b-6f0a-453a-8bbe-1a15b931f2ab/none_v3" 201 - "PUT http://172.18.0.2:8080/d1/941/AUTH_a92ac7f26cfc4aa3bc21a398d0527bc2/gnocchi.f4d4b89b-6f0a-453a-8bbe-1a15b931f2ab/none_v3" "tx778705519f9a4429b58b3-0068de6fe2" "object-server 22" 0.0009 "-" 20 0
Oct 2 12:28:18 standalone object-server[130032]: 172.20.0.100 - - [02/Oct/2025:12:28:18 +0000] "PUT /d1/941/AUTH_a92ac7f26cfc4aa3bc21a398d0527bc2/gnocchi.f4d4b89b-6f0a-453a-8bbe-1a15b931f2ab/none_v3" 201 - "PUT http://172.18.0.2:8080/v1/AUTH_a92ac7f26cfc4aa3bc21a398d0527bc2/gnocchi.f4d4b89b-6f0a-453a-8bbe-1a15b931f2ab/none_v3" "tx778705519f9a4429b58b3-0068de6fe2" "proxy-server 20" 0.0137 "-" 22 0
Oct 2 12:28:18 standalone proxy-server[131748]: 172.18.0.2 172.18.0.100 02/Oct/2025/12/28/18 PUT /v1/AUTH_a92ac7f26cfc4aa3bc21a398d0527bc2/gnocchi.f4d4b89b-6f0a-453a-8bbe-1a15b931f2ab/none_v3 HTTP/1.0 201 - python-swiftclient-3.11.1 gAAAAABo3m9dGVSB... 22 - - tx778705519f9a4429b58b3-0068de6fe2 - 0.0201 - - 1759408098.348209858 1759408098.368277311 0
