Oct 2 12:28:18 standalone container-server[129822]: 172.20.0.100 - - [02/Oct/2025:12:28:18 +0000] "HEAD /d1/82/AUTH_a92ac7f26cfc4aa3bc21a398d0527bc2/gnocchi.46e98820-4317-4086-adc2-50e00accb65f" 404 - "HEAD http://172.18.0.2:8080/v1/AUTH_a92ac7f26cfc4aa3bc21a398d0527bc2/gnocchi.46e98820-4317-4086-adc2-50e00accb65f?format=json&states=listing" "tx98a2bcd4c29446ac948a2-0068de6fe2" "proxy-server 20" 0.0004 "-" 23 0
Oct 2 12:28:18 standalone object-server[130036]: 172.20.0.100 - - [02/Oct/2025:12:28:18 +0000] "GET /d1/837/AUTH_a92ac7f26cfc4aa3bc21a398d0527bc2/gnocchi.46e98820-4317-4086-adc2-50e00accb65f/none_v3" 404 70 "GET http://172.18.0.2:8080/v1/AUTH_a92ac7f26cfc4aa3bc21a398d0527bc2/gnocchi.46e98820-4317-4086-adc2-50e00accb65f/none_v3" "tx98a2bcd4c29446ac948a2-0068de6fe2" "proxy-server 20" 0.0007 "-" 24 0
Oct 2 12:28:18 standalone proxy-server[131748]: 172.18.0.2 172.18.0.100 02/Oct/2025/12/28/18 GET /v1/AUTH_a92ac7f26cfc4aa3bc21a398d0527bc2/gnocchi.46e98820-4317-4086-adc2-50e00accb65f/none_v3 HTTP/1.0 404 - python-swiftclient-3.11.1 gAAAAABo3m9dGVSB... - 70 - tx98a2bcd4c29446ac948a2-0068de6fe2 - 0.0112 - - 1759408098.384325266 1759408098.395509720 0
Oct 2 12:28:18 standalone account-server[129624]: 172.20.0.100 - - [02/Oct/2025:12:28:18 +0000] "PUT /d1/287/AUTH_a92ac7f26cfc4aa3bc21a398d0527bc2/gnocchi.46e98820-4317-4086-adc2-50e00accb65f" 201 - "PUT http://172.20.0.100:6001/d1/82/AUTH_a92ac7f26cfc4aa3bc21a398d0527bc2/gnocchi.46e98820-4317-4086-adc2-50e00accb65f" "tx0a6a2f6f01ca4f07a6be0-0068de6fe2" "container-server 21" 0.0075 "-" 21 0
Oct 2 12:28:18 standalone container-server[129816]: 172.20.0.100 - - [02/Oct/2025:12:28:18 +0000] "PUT /d1/82/AUTH_a92ac7f26cfc4aa3bc21a398d0527bc2/gnocchi.46e98820-4317-4086-adc2-50e00accb65f" 201 - "PUT http://172.18.0.2:8080/v1/AUTH_a92ac7f26cfc4aa3bc21a398d0527bc2/gnocchi.46e98820-4317-4086-adc2-50e00accb65f" "tx0a6a2f6f01ca4f07a6be0-0068de6fe2" "proxy-server 20" 0.0340 "-" 21 0
Oct 2 12:28:18 standalone proxy-server[131748]: 172.18.0.2 172.18.0.100 02/Oct/2025/12/28/18 PUT /v1/AUTH_a92ac7f26cfc4aa3bc21a398d0527bc2/gnocchi.46e98820-4317-4086-adc2-50e00accb65f HTTP/1.0 201 - python-swiftclient-3.11.1 gAAAAABo3m9dGVSB... - - - tx0a6a2f6f01ca4f07a6be0-0068de6fe2 - 0.0403 - - 1759408098.400836706 1759408098.441123724 0
Oct 2 12:28:18 standalone container-server[129810]: 172.20.0.100 - - [02/Oct/2025:12:28:18 +0000] "HEAD /d1/82/AUTH_a92ac7f26cfc4aa3bc21a398d0527bc2/gnocchi.46e98820-4317-4086-adc2-50e00accb65f" 204 - "HEAD http://172.18.0.2:8080/v1/AUTH_a92ac7f26cfc4aa3bc21a398d0527bc2/gnocchi.46e98820-4317-4086-adc2-50e00accb65f?format=json&states=listing" "txd1ff78be736f4088bcb98-0068de6fe2" "proxy-server 20" 0.0041 "-" 20 0
Oct 2 12:28:18 standalone proxy-server[131748]: - - 02/Oct/2025/12/28/18 HEAD /v1/AUTH_a92ac7f26cfc4aa3bc21a398d0527bc2/gnocchi.46e98820-4317-4086-adc2-50e00accb65f%3Fformat%3Djson%26states%3Dlisting HTTP/1.0 204 - Swift - - - - txd1ff78be736f4088bcb98-0068de6fe2 - 0.0095 RL - 1759408098.447035789 1759408098.456555843 0
Oct 2 12:28:18 standalone container-server[129822]: 172.20.0.100 - - [02/Oct/2025:12:28:18 +0000] "GET /d1/82/AUTH_a92ac7f26cfc4aa3bc21a398d0527bc2/gnocchi.46e98820-4317-4086-adc2-50e00accb65f" 200 2 "GET http://172.18.0.2:8080/v1/AUTH_a92ac7f26cfc4aa3bc21a398d0527bc2/gnocchi.46e98820-4317-4086-adc2-50e00accb65f?format=json&states=listing" "txd1ff78be736f4088bcb98-0068de6fe2" "proxy-server 20" 0.0023 "-" 23 0
Oct 2 12:28:18 standalone proxy-server[131748]: 172.18.0.2 172.18.0.100 02/Oct/2025/12/28/18 GET /v1/AUTH_a92ac7f26cfc4aa3bc21a398d0527bc2/gnocchi.46e98820-4317-4086-adc2-50e00accb65f%3Fformat%3Djson%26states%3Dlisting HTTP/1.0 200 - python-swiftclient-3.11.1 gAAAAABo3m9dGVSB... - 2 - txd1ff78be736f4088bcb98-0068de6fe2 - 0.0191 - - 1759408098.446079016 1759408098.465195179 0
Oct 2 12:28:18 standalone object-server[130036]: 172.20.0.100 - - [02/Oct/2025:12:28:18 +0000] "GET /d1/529/AUTH_a92ac7f26cfc4aa3bc21a398d0527bc2/gnocchi.46e98820-4317-4086-adc2-50e00accb65f/1759320000.0_mean_300.0_v3" 404 70 "GET http://172.18.0.2:8080/v1/AUTH_a92ac7f26cfc4aa3bc21a398d0527bc2/gnocchi.46e98820-4317-4086-adc2-50e00accb65f/1759320000.0_mean_300.0_v3" "txad1737e1a8f64812ae365-0068de6fe2" "proxy-server 20" 0.0005 "-" 24 0
Oct 2 12:28:18 standalone proxy-server[131748]: 172.18.0.2 172.18.0.100 02/Oct/2025/12/28/18 GET /v1/AUTH_a92ac7f26cfc4aa3bc21a398d0527bc2/gnocchi.46e98820-4317-4086-adc2-50e00accb65f/1759320000.0_mean_300.0_v3 HTTP/1.0 404 - python-swiftclient-3.11.1 gAAAAABo3m9dGVSB... - 70 - txad1737e1a8f64812ae365-0068de6fe2 - 0.0069 - - 1759408098.471182346 1759408098.478119612 0
Oct 2 12:28:18 standalone container-server[129820]: 172.20.0.100 - - [02/Oct/2025:12:28:18 +0000] "PUT /d1/82/AUTH_a92ac7f26cfc4aa3bc21a398d0527bc2/gnocchi.46e98820-4317-4086-adc2-50e00accb65f/1759320000.0_mean_300.0_v3" 201 - "PUT http://172.18.0.2:8080/d1/529/AUTH_a92ac7f26cfc4aa3bc21a398d0527bc2/gnocchi.46e98820-4317-4086-adc2-50e00accb65f/1759320000.0_mean_300.0_v3" "tx31bb62503e72459699fdd-0068de6fe2" "object-server 23" 0.0006 "-" 22 0
Oct 2 12:28:18 standalone object-server[130034]: 172.20.0.100 - - [02/Oct/2025:12:28:18 +0000] "PUT /d1/529/AUTH_a92ac7f26cfc4aa3bc21a398d0527bc2/gnocchi.46e98820-4317-4086-adc2-50e00accb65f/1759320000.0_mean_300.0_v3" 201 - "PUT http://172.18.0.2:8080/v1/AUTH_a92ac7f26cfc4aa3bc21a398d0527bc2/gnocchi.46e98820-4317-4086-adc2-50e00accb65f/1759320000.0_mean_300.0_v3" "tx31bb62503e72459699fdd-0068de6fe2" "proxy-server 20" 0.0091 "-" 23 0
Oct 2 12:28:18 standalone proxy-server[131748]: 172.18.0.2 172.18.0.100 02/Oct/2025/12/28/18 PUT /v1/AUTH_a92ac7f26cfc4aa3bc21a398d0527bc2/gnocchi.46e98820-4317-4086-adc2-50e00accb65f/1759320000.0_mean_300.0_v3 HTTP/1.0 201 - python-swiftclient-3.11.1 gAAAAABo3m9dGVSB... 16 - - tx31bb62503e72459699fdd-0068de6fe2 - 0.0165 - - 1759408098.481378317 1759408098.497843504 0
Oct 2 12:28:18 standalone container-server[129810]: 172.20.0.100 - - [02/Oct/2025:12:28:18 +0000] "PUT /d1/82/AUTH_a92ac7f26cfc4aa3bc21a398d0527bc2/gnocchi.46e98820-4317-4086-adc2-50e00accb65f/none_v3" 201 - "PUT http://172.18.0.2:8080/d1/837/AUTH_a92ac7f26cfc4aa3bc21a398d0527bc2/gnocchi.46e98820-4317-4086-adc2-50e00accb65f/none_v3" "tx319b289fa3b1410f9d156-0068de6fe2" "object-server 22" 0.0036 "-" 20 0
Oct 2 12:28:18 standalone object-server[130032]: 172.20.0.100 - - [02/Oct/2025:12:28:18 +0000] "PUT /d1/837/AUTH_a92ac7f26cfc4aa3bc21a398d0527bc2/gnocchi.46e98820-4317-4086-adc2-50e00accb65f/none_v3" 201 - "PUT http://172.18.0.2:8080/v1/AUTH_a92ac7f26cfc4aa3bc21a398d0527bc2/gnocchi.46e98820-4317-4086-adc2-50e00accb65f/none_v3" "tx319b289fa3b1410f9d156-0068de6fe2" "proxy-server 20" 0.0191 "-" 22 0
Oct 2 12:28:18 standalone proxy-server[131748]: 172.18.0.2 172.18.0.100 02/Oct/2025/12/28/18 PUT /v1/AUTH_a92ac7f26cfc4aa3bc21a398d0527bc2/gnocchi.46e98820-4317-4086-adc2-50e00accb65f/none_v3 HTTP/1.0 201 - python-swiftclient-3.11.1 gAAAAABo3m9dGVSB... 22 - - tx319b289fa3b1410f9d156-0068de6fe2 - 0.0292 - - 1759408098.501298666 1759408098.530544043 0
Oct 2 12:28:18 standalone container-server[129816]: 172.20.0.100 - - [02/Oct/2025:12:28:18 +0000] "HEAD /d1/722/AUTH_a92ac7f26cfc4aa3bc21a398d0527bc2/gnocchi.09f8ff75-48a6-4562-8570-4d783a908c5b" 404 - "HEAD http://172.18.0.2:8080/v1/AUTH_a92ac7f26cfc4aa3bc21a398d0527bc2/gnocchi.09f8ff75-48a6-4562-8570-4d783a908c5b?format=json&states=listing" "txb959d506734245bea1db0-0068de6fe2" "proxy-server 20" 0.0011 "-" 21 0
Oct 2 12:28:18 standalone object-server[130036]: 172.20.0.100 - - [02/Oct/2025:12:28:18 +0000] "GET /d1/973/AUTH_a92ac7f26cfc4aa3bc21a398d0527bc2/gnocchi.09f8ff75-48a6-4562-8570-4d783a908c5b/none_v3" 404 70 "GET http://172.18.0.2:8080/v1/AUTH_a92ac7f26cfc4aa3bc21a398d0527bc2/gnocchi.09f8ff75-48a6-4562-8570-4d783a908c5b/none_v3" "txb959d506734245bea1db0-0068de6fe2" "proxy-server 20" 0.0006 "-" 24 0
Oct 2 12:28:18 standalone proxy-server[131748]: 172.18.0.2 172.18.0.100 02/Oct/2025/12/28/18 GET /v1/AUTH_a92ac7f26cfc4aa3bc21a398d0527bc2/gnocchi.09f8ff75-48a6-4562-8570-4d783a908c5b/none_v3 HTTP/1.0 404 - python-swiftclient-3.11.1 gAAAAABo3m9dGVSB... - 70 - txb959d506734245bea1db0-0068de6fe2 - 0.0174 - - 1759408098.552755594 1759408098.570157051 0
Oct 2 12:28:18 standalone account-server[129624]: 172.20.0.100 - - [02/Oct/2025:12:28:18 +0000] "PUT /d1/287/AUTH_a92ac7f26cfc4aa3bc21a398d0527bc2/gnocchi.09f8ff75-48a6-4562-8570-4d783a908c5b" 201 - "PUT http://172.20.0.100:6001/d1/722/AUTH_a92ac7f26cfc4aa3bc21a398d0527bc2/gnocchi.09f8ff75-48a6-4562-8570-4d783a908c5b" "txd791849ec58b45a680a3b-0068de6fe2" "container-server 21" 0.0086 "-" 21 0
Oct 2 12:28:18 standalone container-server[129816]: 172.20.0.100 - - [02/Oct/2025:12:28:18 +0000] "PUT /d1/722/AUTH_a92ac7f26cfc4aa3bc21a398d0527bc2/gnocchi.09f8ff75-48a6-4562-8570-4d783a908c5b" 201 - "PUT http://172.18.0.2:8080/v1/AUTH_a92ac7f26cfc4aa3bc21a398d0527bc2/gnocchi.09f8ff75-48a6-4562-8570-4d783a908c5b" "txd791849ec58b45a680a3b-0068de6fe2" "proxy-server 20" 0.0309 "-" 21 0
Oct 2 12:28:18 standalone proxy-server[131748]: 172.18.0.2 172.18.0.100 02/Oct/2025/12/28/18 PUT /v1/AUTH_a92ac7f26cfc4aa3bc21a398d0527bc2/gnocchi.09f8ff75-48a6-4562-8570-4d783a908c5b HTTP/1.0 201 - python-swiftclient-3.11.1 gAAAAABo3m9dGVSB... - - - txd791849ec58b45a680a3b-0068de6fe2 - 0.0405 - - 1759408098.575293779 1759408098.615774393 0
Oct 2 12:28:18 standalone container-server[129816]: 172.20.0.100 - - [02/Oct/2025:12:28:18 +0000] "HEAD /d1/722/AUTH_a92ac7f26cfc4aa3bc21a398d0527bc2/gnocchi.09f8ff75-48a6-4562-8570-4d783a908c5b" 204 - "HEAD http://172.18.0.2:8080/v1/AUTH_a92ac7f26cfc4aa3bc21a398d0527bc2/gnocchi.09f8ff75-48a6-4562-8570-4d783a908c5b?format=json&states=listing" "txfa182991353740f8a34d8-0068de6fe2" "proxy-server 20" 0.0033 "-" 21 0
Oct 2 12:28:18 standalone proxy-server[131748]: - - 02/Oct/2025/12/28/18 HEAD /v1/AUTH_a92ac7f26cfc4aa3bc21a398d0527bc2/gnocchi.09f8ff75-48a6-4562-8570-4d783a908c5b%3Fformat%3Djson%26states%3Dlisting HTTP/1.0 204 - Swift - - - - txfa182991353740f8a34d8-0068de6fe2 - 0.0093 RL - 1759408098.625427961 1759408098.634720802 0
Oct 2 12:28:18 standalone container-server[129810]: 172.20.0.100 - - [02/Oct/2025:12:28:18 +0000] "GET /d1/722/AUTH_a92ac7f26cfc4aa3bc21a398d0527bc2/gnocchi.09f8ff75-48a6-4562-8570-4d783a908c5b" 200 2 "GET http://172.18.0.2:8080/v1/AUTH_a92ac7f26cfc4aa3bc21a398d0527bc2/gnocchi.09f8ff75-48a6-4562-8570-4d783a908c5b?format=json&states=listing" "txfa182991353740f8a34d8-0068de6fe2" "proxy-server 20" 0.0059 "-" 20 0
Oct 2 12:28:18 standalone proxy-server[131748]: 172.18.0.2 172.18.0.100 02/Oct/2025/12/28/18 GET /v1/AUTH_a92ac7f26cfc4aa3bc21a398d0527bc2/gnocchi.09f8ff75-48a6-4562-8570-4d783a908c5b%3Fformat%3Djson%26states%3Dlisting HTTP/1.0 200 - python-swiftclient-3.11.1 gAAAAABo3m9dGVSB... - 2 - txfa182991353740f8a34d8-0068de6fe2 - 0.0325 - - 1759408098.621861935 1759408098.654393673 0
Oct 2 12:28:18 standalone object-server[130036]: 172.20.0.100 - - [02/Oct/2025:12:28:18 +0000] "GET /d1/976/AUTH_a92ac7f26cfc4aa3bc21a398d0527bc2/gnocchi.09f8ff75-48a6-4562-8570-4d783a908c5b/1759320000.0_mean_300.0_v3" 404 70 "GET http://172.18.0.2:8080/v1/AUTH_a92ac7f26cfc4aa3bc21a398d0527bc2/gnocchi.09f8ff75-48a6-4562-8570-4d783a908c5b/1759320000.0_mean_300.0_v3" "txc25e074ce5ed4a70914ab-0068de6fe2" "proxy-server 20" 0.0007 "-" 24 0
Oct 2 12:28:18 standalone proxy-server[131748]: 172.18.0.2 172.18.0.100 02/Oct/2025/12/28/18 GET /v1/AUTH_a92ac7f26cfc4aa3bc21a398d0527bc2/gnocchi.09f8ff75-48a6-4562-8570-4d783a908c5b/1759320000.0_mean_300.0_v3 HTTP/1.0 404 - python-swiftclient-3.11.1 gAAAAABo3m9dGVSB... - 70 - txc25e074ce5ed4a70914ab-0068de6fe2 - 0.0106 - - 1759408098.661739111 1759408098.672355175 0
Oct 2 12:28:18 standalone container-server[129816]: 172.20.0.100 - - [02/Oct/2025:12:28:18 +0000] "PUT /d1/722/AUTH_a92ac7f26cfc4aa3bc21a398d0527bc2/gnocchi.09f8ff75-48a6-4562-8570-4d783a908c5b/1759320000.0_mean_300.0_v3" 201 - "PUT http://172.18.0.2:8080/d1/976/AUTH_a92ac7f26cfc4aa3bc21a398d0527bc2/gnocchi.09f8ff75-48a6-4562-8570-4d783a908c5b/1759320000.0_mean_300.0_v3" "txbc5839d46c1f4c4182de5-0068de6fe2" "object-server 25" 0.0010 "-" 21 0
Oct 2 12:28:18 standalone object-server[130040]: 172.20.0.100 - - [02/Oct/2025:12:28:18 +0000] "PUT /d1/976/AUTH_a92ac7f26cfc4aa3bc21a398d0527bc2/gnocchi.09f8ff75-48a6-4562-8570-4d783a908c5b/1759320000.0_mean_300.0_v3" 201 - "PUT http://172.18.0.2:8080/v1/AUTH_a92ac7f26cfc4aa3bc21a398d0527bc2/gnocchi.09f8ff75-48a6-4562-8570-4d783a908c5b/1759320000.0_mean_300.0_v3" "txbc5839d46c1f4c4182de5-0068de6fe2" "proxy-server 20" 0.0168 "-" 25 0
Oct 2 12:28:18 standalone proxy-server[131748]: 172.18.0.2 172.18.0.100 02/Oct/2025/12/28/18 PUT /v1/AUTH_a92ac7f26cfc4aa3bc21a398d0527bc2/gnocchi.09f8ff75-48a6-4562-8570-4d783a908c5b/1759320000.0_mean_300.0_v3 HTTP/1.0 201 - python-swiftclient-3.11.1 gAAAAABo3m9dGVSB... 16 - - txbc5839d46c1f4c4182de5-0068de6fe2 - 0.0302 - - 1759408098.686086416 1759408098.716290236 0
Oct 2 12:28:18 standalone container-server[129810]: 172.20.0.100 - - [02/Oct/2025:12:28:18 +0000] "PUT /d1/722/AUTH_a92ac7f26cfc4aa3bc21a398d0527bc2/gnocchi.09f8ff75-48a6-4562-8570-4d783a908c5b/none_v3" 201 - "PUT http://172.18.0.2:8080/d1/973/AUTH_a92ac7f26cfc4aa3bc21a398d0527bc2/gnocchi.09f8ff75-48a6-4562-8570-4d783a908c5b/none_v3" "tx883538c7adc74f3089bc2-0068de6fe2" "object-server 22" 0.0013 "-" 20 0
Oct 2 12:28:18 standalone object-server[130032]: 172.20.0.100 - - [02/Oct/2025:12:28:18 +0000] "PUT /d1/973/AUTH_a92ac7f26cfc4aa3bc21a398d0527bc2/gnocchi.09f8ff75-48a6-4562-8570-4d783a908c5b/none_v3" 201 - "PUT http://172.18.0.2:8080/v1/AUTH_a92ac7f26cfc4aa3bc21a398d0527bc2/gnocchi.09f8ff75-48a6-4562-8570-4d783a908c5b/none_v3" "tx883538c7adc74f3089bc2-0068de6fe2" "proxy-server 20" 0.0178 "-" 22 0
Oct 2 12:28:18 standalone proxy-server[131748]: 172.18.0.2 172.18.0.100 02/Oct/2025/12/28/18 PUT /v1/AUTH_a92ac7f26cfc4aa3bc21a398d0527bc2/gnocchi.09f8ff75-48a6-4562-8570-4d783a908c5b/none_v3 HTTP/1.0 201 - python-swiftclient-3.11.1 gAAAAABo3m9dGVSB... 22 - - tx883538c7adc74f3089bc2-0068de6fe2 - 0.0304 - - 1759408098.721737623 1759408098.752186298 0
Oct 2 12:28:24 standalone container-server[129822]: 172.20.0.100 - - [02/Oct/2025:12:28:24 +0000] "HEAD /d1/110/AUTH_a92ac7f26cfc4aa3bc21a398d0527bc2/gnocchi.7454dadf-cb18-46b9-8d2c-381e76ca2411" 404 - "HEAD http://172.18.0.2:8080/v1/AUTH_a92ac7f26cfc4aa3bc21a398d0527bc2/gnocchi.7454dadf-cb18-46b9-8d2c-381e76ca2411?format=json&states=listing" "tx1479c24b5fb749598e1b6-0068de6fe8" "proxy-server 20" 0.0006 "-" 23 0
Oct 2 12:28:24 standalone object-server[130036]: 172.20.0.100 - - [02/Oct/2025:12:28:24 +0000] "GET /d1/844/AUTH_a92ac7f26cfc4aa3bc21a398d0527bc2/gnocchi.7454dadf-cb18-46b9-8d2c-381e76ca2411/none_v3" 404 70 "GET http://172.18.0.2:8080/v1/AUTH_a92ac7f26cfc4aa3bc21a398d0527bc2/gnocchi.7454dadf-cb18-46b9-8d2c-381e76ca2411/none_v3" "tx1479c24b5fb749598e1b6-0068de6fe8" "proxy-server 20" 0.0005 "-" 24 0
Oct 2 12:28:24 standalone proxy-server[131748]: 172.18.0.2 172.18.0.100 02/Oct/2025/12/28/24 GET /v1/AUTH_a92ac7f26cfc4aa3bc21a398d0527bc2/gnocchi.7454dadf-cb18-46b9-8d2c-381e76ca2411/none_v3 HTTP/1.0 404 - python-swiftclient-3.11.1 gAAAAABo3m9dGVSB... - 70 - tx1479c24b5fb749598e1b6-0068de6fe8 - 0.0144 - - 1759408104.185660124 1759408104.200032473 0
Oct 2 12:28:24 standalone account-server[129641]: 172.20.0.100 - - [02/Oct/2025:12:28:24 +0000] "PUT /d1/287/AUTH_a92ac7f26cfc4aa3bc21a398d0527bc2/gnocchi.7454dadf-cb18-46b9-8d2c-381e76ca2411" 201 - "PUT http://172.20.0.100:6001/d1/110/AUTH_a92ac7f26cfc4aa3bc21a398d0527bc2/gnocchi.7454dadf-cb18-46b9-8d2c-381e76ca2411" "txe7743abdbca04a128872b-0068de6fe8" "container-server 23" 0.0080 "-" 22 0
Oct 2 12:28:24 standalone container-server[129822]: 172.20.0.100 - - [02/Oct/2025:12:28:24 +0000] "PUT /d1/110/AUTH_a92ac7f26cfc4aa3bc21a398d0527bc2/gnocchi.7454dadf-cb18-46b9-8d2c-381e76ca2411" 201 - "PUT http://172.18.0.2:8080/v1/AUTH_a92ac7f26cfc4aa3bc21a398d0527bc2/gnocchi.7454dadf-cb18-46b9-8d2c-381e76ca2411" "txe7743abdbca04a128872b-0068de6fe8" "proxy-server 20" 0.0206 "-" 23 0
Oct 2 12:28:24 standalone proxy-server[131748]: 172.18.0.2 172.18.0.100 02/Oct/2025/12/28/24 PUT /v1/AUTH_a92ac7f26cfc4aa3bc21a398d0527bc2/gnocchi.7454dadf-cb18-46b9-8d2c-381e76ca2411 HTTP/1.0 201 - python-swiftclient-3.11.1 gAAAAABo3m9dGVSB... - - - txe7743abdbca04a128872b-0068de6fe8 - 0.0270 - - 1759408104.203754663 1759408104.230772257 0
Oct 2 12:28:24 standalone container-server[129816]: 172.20.0.100 - - [02/Oct/2025:12:28:24 +0000] "HEAD /d1/110/AUTH_a92ac7f26cfc4aa3bc21a398d0527bc2/gnocchi.7454dadf-cb18-46b9-8d2c-381e76ca2411" 204 - "HEAD http://172.18.0.2:8080/v1/AUTH_a92ac7f26cfc4aa3bc21a398d0527bc2/gnocchi.7454dadf-cb18-46b9-8d2c-381e76ca2411?format=json&states=listing" "tx87acf612a276487e94662-0068de6fe8" "proxy-server 20" 0.0018 "-" 21 0
Oct 2 12:28:24 standalone proxy-server[131748]: - - 02/Oct/2025/12/28/24 HEAD /v1/AUTH_a92ac7f26cfc4aa3bc21a398d0527bc2/gnocchi.7454dadf-cb18-46b9-8d2c-381e76ca2411%3Fformat%3Djson%26states%3Dlisting HTTP/1.0 204 - Swift - - - - tx87acf612a276487e94662-0068de6fe8 - 0.0068 RL - 1759408104.235916376 1759408104.242760658 0
Oct 2 12:28:24 standalone container-server[129810]: 172.20.0.100 - - [02/Oct/2025:12:28:24 +0000] "GET /d1/110/AUTH_a92ac7f26cfc4aa3bc21a398d0527bc2/gnocchi.7454dadf-cb18-46b9-8d2c-381e76ca2411" 200 2 "GET http://172.18.0.2:8080/v1/AUTH_a92ac7f26cfc4aa3bc21a398d0527bc2/gnocchi.7454dadf-cb18-46b9-8d2c-381e76ca2411?format=json&states=listing" "tx87acf612a276487e94662-0068de6fe8" "proxy-server 20" 0.0017 "-" 20 0
Oct 2 12:28:24 standalone proxy-server[131748]: 172.18.0.2 172.18.0.100 02/Oct/2025/12/28/24 GET /v1/AUTH_a92ac7f26cfc4aa3bc21a398d0527bc2/gnocchi.7454dadf-cb18-46b9-8d2c-381e76ca2411%3Fformat%3Djson%26states%3Dlisting HTTP/1.0 200 - python-swiftclient-3.11.1 gAAAAABo3m9dGVSB... - 2 - tx87acf612a276487e94662-0068de6fe8 - 0.0156 - - 1759408104.234867811 1759408104.250470877 0
Oct 2 12:28:24 standalone object-server[130032]: 172.20.0.100 - - [02/Oct/2025:12:28:24 +0000] "GET /d1/928/AUTH_a92ac7f26cfc4aa3bc21a398d0527bc2/gnocchi.7454dadf-cb18-46b9-8d2c-381e76ca2411/1759320000.0_mean_300.0_v3" 404 70 "GET http://172.18.0.2:8080/v1/AUTH_a92ac7f26cfc4aa3bc21a398d0527bc2/gnocchi.7454dadf-cb18-46b9-8d2c-381e76ca2411/1759320000.0_mean_300.0_v3" "tx04910d952de04dae8fcff-0068de6fe8" "proxy-server 20" 0.0003 "-" 22 0
Oct 2 12:28:24 standalone proxy-server[131748]: 172.18.0.2 172.18.0.100 02/Oct/2025/12/28/24 GET /v1/AUTH_a92ac7f26cfc4aa3bc21a398d0527bc2/gnocchi.7454dadf-cb18-46b9-8d2c-381e76ca2411/1759320000.0_mean_300.0_v3 HTTP/1.0 404 - python-swiftclient-3.11.1 gAAAAABo3m9dGVSB... - 70 - tx04910d952de04dae8fcff-0068de6fe8 - 0.0062 - - 1759408104.258752346 1759408104.264998198 0
Oct 2 12:28:24 standalone container-server[129816]: 172.20.0.100 - - [02/Oct/2025:12:28:24 +0000] "PUT /d1/110/AUTH_a92ac7f26cfc4aa3bc21a398d0527bc2/gnocchi.7454dadf-cb18-46b9-8d2c-381e76ca2411/1759320000.0_mean_300.0_v3" 201 - "PUT http://172.18.0.2:8080/d1/928/AUTH_a92ac7f26cfc4aa3bc21a398d0527bc2/gnocchi.7454dadf-cb18-46b9-8d2c-381e76ca2411/1759320000.0_mean_300.0_v3" "tx89a1698dc5e748918ea27-0068de6fe8" "object-server 22" 0.0007 "-" 21 0
Oct 2 12:28:24 standalone object-server[130032]: 172.20.0.100 - - [02/Oct/2025:12:28:24 +0000] "PUT /d1/928/AUTH_a92ac7f26cfc4aa3bc21a398d0527bc2/gnocchi.7454dadf-cb18-46b9-8d2c-381e76ca2411/1759320000.0_mean_300.0_v3" 201 - "PUT http://172.18.0.2:8080/v1/AUTH_a92ac7f26cfc4aa3bc21a398d0527bc2/gnocchi.7454dadf-cb18-46b9-8d2c-381e76ca2411/1759320000.0_mean_300.0_v3" "tx89a1698dc5e748918ea27-0068de6fe8" "proxy-server 20" 0.0087 "-" 22 0
Oct 2 12:28:24 standalone proxy-server[131748]: 172.18.0.2 172.18.0.100 02/Oct/2025/12/28/24 PUT /v1/AUTH_a92ac7f26cfc4aa3bc21a398d0527bc2/gnocchi.7454dadf-cb18-46b9-8d2c-381e76ca2411/1759320000.0_mean_300.0_v3 HTTP/1.0 201 - python-swiftclient-3.11.1 gAAAAABo3m9dGVSB... 16 - - tx89a1698dc5e748918ea27-0068de6fe8 - 0.0145 - - 1759408104.271184683 1759408104.285712242 0
Oct 2 12:28:24 standalone container-server[129816]: 172.20.0.100 - - [02/Oct/2025:12:28:24 +0000] "PUT /d1/110/AUTH_a92ac7f26cfc4aa3bc21a398d0527bc2/gnocchi.7454dadf-cb18-46b9-8d2c-381e76ca2411/none_v3" 201 - "PUT http://172.18.0.2:8080/d1/844/AUTH_a92ac7f26cfc4aa3bc21a398d0527bc2/gnocchi.7454dadf-cb18-46b9-8d2c-381e76ca2411/none_v3" "tx433a557cb86d446fa768c-0068de6fe8" "object-server 25" 0.0006 "-" 21 0
Oct 2 12:28:24 standalone object-server[130040]: 172.20.0.100 - - [02/Oct/2025:12:28:24 +0000] "PUT /d1/844/AUTH_a92ac7f26cfc4aa3bc21a398d0527bc2/gnocchi.7454dadf-cb18-46b9-8d2c-381e76ca2411/none_v3" 201 - "PUT http://172.18.0.2:8080/v1/AUTH_a92ac7f26cfc4aa3bc21a398d0527bc2/gnocchi.7454dadf-cb18-46b9-8d2c-381e76ca2411/none_v3" "tx433a557cb86d446fa768c-0068de6fe8" "proxy-server 20" 0.0158 "-" 25 0
Oct 2 12:28:24 standalone proxy-server[131748]: 172.18.0.2 172.18.0.100 02/Oct/2025/12/28/24 PUT /v1/AUTH_a92ac7f26cfc4aa3bc21a398d0527bc2/gnocchi.7454dadf-cb18-46b9-8d2c-381e76ca2411/none_v3 HTTP/1.0 201 - python-swiftclient-3.11.1 gAAAAABo3m9dGVSB... 22 - - tx433a557cb86d446fa768c-0068de6fe8 - 0.0235 - - 1759408104.289232731 1759408104.312750578 0
Oct 2 12:28:29 standalone object-server[130036]: 172.20.0.100 - - [02/Oct/2025:12:28:29 +0000] "GET /d1/844/AUTH_a92ac7f26cfc4aa3bc21a398d0527bc2/gnocchi.7454dadf-cb18-46b9-8d2c-381e76ca2411/none_v3" 200 22 "GET http://172.18.0.2:8080/v1/AUTH_a92ac7f26cfc4aa3bc21a398d0527bc2/gnocchi.7454dadf-cb18-46b9-8d2c-381e76ca2411/none_v3" "txf5e407693d564b74982ee-0068de6fed" "proxy-server 20" 0.0008 "-" 24 0
Oct 2 12:28:29 standalone proxy-server[131748]: 172.18.0.2 172.18.0.100 02/Oct/2025/12/28/29 GET /v1/AUTH_a92ac7f26cfc4aa3bc21a398d0527bc2/gnocchi.7454dadf-cb18-46b9-8d2c-381e76ca2411/none_v3 HTTP/1.0 200 - python-swiftclient-3.11.1 gAAAAABo3m9dGVSB... - 22 - txf5e407693d564b74982ee-0068de6fed - 0.0066 - - 1759408109.682998896 1759408109.689563751 0
Oct 2 12:28:29 standalone container-server[129816]: 172.20.0.100 - - [02/Oct/2025:12:28:29 +0000] "GET /d1/110/AUTH_a92ac7f26cfc4aa3bc21a398d0527bc2/gnocchi.7454dadf-cb18-46b9-8d2c-381e76ca2411" 200 357 "GET http://172.18.0.2:8080/v1/AUTH_a92ac7f26cfc4aa3bc21a398d0527bc2/gnocchi.7454dadf-cb18-46b9-8d2c-381e76ca2411?format=json&states=listing" "tx580294a126ea457aa6412-0068de6fed" "proxy-server 20" 0.0068 "-" 21 0
Oct 2 12:28:29 standalone proxy-server[131748]: 172.18.0.2 172.18.0.100 02/Oct/2025/12/28/29 GET /v1/AUTH_a92ac7f26cfc4aa3bc21a398d0527bc2/gnocchi.7454dadf-cb18-46b9-8d2c-381e76ca2411%3Fformat%3Djson%26states%3Dlisting HTTP/1.0 200 - python-swiftclient-3.11.1 gAAAAABo3m9dGVSB... - 357 - tx580294a126ea457aa6412-0068de6fed - 0.0166 - - 1759408109.692832708 1759408109.709383965 0
Oct 2 12:28:29 standalone container-server[129822]: 172.20.0.100 - - [02/Oct/2025:12:28:29 +0000] "GET /d1/110/AUTH_a92ac7f26cfc4aa3bc21a398d0527bc2/gnocchi.7454dadf-cb18-46b9-8d2c-381e76ca2411" 200 2 "GET http://172.18.0.2:8080/v1/AUTH_a92ac7f26cfc4aa3bc21a398d0527bc2/gnocchi.7454dadf-cb18-46b9-8d2c-381e76ca2411?format=json&marker=none_v3&states=listing" "tx67353dbec4c04738b0c6b-0068de6fed" "proxy-server 20" 0.0019 "-" 23 0
Oct 2 12:28:29 standalone proxy-server[131748]: 172.18.0.2 172.18.0.100 02/Oct/2025/12/28/29 GET /v1/AUTH_a92ac7f26cfc4aa3bc21a398d0527bc2/gnocchi.7454dadf-cb18-46b9-8d2c-381e76ca2411%3Fformat%3Djson%26marker%3Dnone_v3%26states%3Dlisting HTTP/1.0 200 - python-swiftclient-3.11.1 gAAAAABo3m9dGVSB... - 2 - tx67353dbec4c04738b0c6b-0068de6fed - 0.0092 - - 1759408109.712051153 1759408109.721273422 0
Oct 2 12:28:29 standalone object-server[130040]: 172.20.0.100 - - [02/Oct/2025:12:28:29 +0000] "GET /d1/928/AUTH_a92ac7f26cfc4aa3bc21a398d0527bc2/gnocchi.7454dadf-cb18-46b9-8d2c-381e76ca2411/1759320000.0_mean_300.0_v3" 200 16 "GET http://172.18.0.2:8080/v1/AUTH_a92ac7f26cfc4aa3bc21a398d0527bc2/gnocchi.7454dadf-cb18-46b9-8d2c-381e76ca2411/1759320000.0_mean_300.0_v3" "tx00340a9588e34378ba68e-0068de6fed" "proxy-server 20" 0.0010 "-" 25 0
Oct 2 12:28:29 standalone proxy-server[131748]: 172.18.0.2 172.18.0.100 02/Oct/2025/12/28/29 GET /v1/AUTH_a92ac7f26cfc4aa3bc21a398d0527bc2/gnocchi.7454dadf-cb18-46b9-8d2c-381e76ca2411/1759320000.0_mean_300.0_v3 HTTP/1.0 200 - python-swiftclient-3.11.1 gAAAAABo3m9dGVSB... - 16 - tx00340a9588e34378ba68e-0068de6fed - 0.0087 - - 1759408109.724961042 1759408109.733672142 0
Oct 2 12:28:29 standalone container-server[129822]: 172.20.0.100 - - [02/Oct/2025:12:28:29 +0000] "PUT /d1/110/AUTH_a92ac7f26cfc4aa3bc21a398d0527bc2/gnocchi.7454dadf-cb18-46b9-8d2c-381e76ca2411/1759320000.0_mean_300.0_v3" 201 - "PUT http://172.18.0.2:8080/d1/928/AUTH_a92ac7f26cfc4aa3bc21a398d0527bc2/gnocchi.7454dadf-cb18-46b9-8d2c-381e76ca2411/1759320000.0_mean_300.0_v3" "tx1501caa705a74f5898921-0068de6fed" "object-server 23" 0.0007 "-" 23 0
Oct 2 12:28:29 standalone object-server[130034]: 172.20.0.100 - - [02/Oct/2025:12:28:29 +0000] "PUT /d1/928/AUTH_a92ac7f26cfc4aa3bc21a398d0527bc2/gnocchi.7454dadf-cb18-46b9-8d2c-381e76ca2411/1759320000.0_mean_300.0_v3" 201 - "PUT http://172.18.0.2:8080/v1/AUTH_a92ac7f26cfc4aa3bc21a398d0527bc2/gnocchi.7454dadf-cb18-46b9-8d2c-381e76ca2411/1759320000.0_mean_300.0_v3" "tx1501caa705a74f5898921-0068de6fed" "proxy-server 20" 0.0124 "-" 23 0
Oct 2 12:28:29 standalone proxy-server[131748]: 172.18.0.2 172.18.0.100 02/Oct/2025/12/28/29 PUT /v1/AUTH_a92ac7f26cfc4aa3bc21a398d0527bc2/gnocchi.7454dadf-cb18-46b9-8d2c-381e76ca2411/1759320000.0_mean_300.0_v3 HTTP/1.0 201 - python-swiftclient-3.11.1 gAAAAABo3m9dGVSB... 16 - - tx1501caa705a74f5898921-0068de6fed - 0.0213 - - 1759408109.736301899 1759408109.757584095 0
Oct 2 12:28:29 standalone container-server[129820]: 172.20.0.100 - - [02/Oct/2025:12:28:29 +0000] "PUT /d1/110/AUTH_a92ac7f26cfc4aa3bc21a398d0527bc2/gnocchi.7454dadf-cb18-46b9-8d2c-381e76ca2411/none_v3" 201 - "PUT http://172.18.0.2:8080/d1/844/AUTH_a92ac7f26cfc4aa3bc21a398d0527bc2/gnocchi.7454dadf-cb18-46b9-8d2c-381e76ca2411/none_v3" "txe4f0ee2dc89641dbb7070-0068de6fed" "object-server 24" 0.0005 "-" 22 0
Oct 2 12:28:29 standalone object-server[130036]: 172.20.0.100 - - [02/Oct/2025:12:28:29 +0000] "PUT /d1/844/AUTH_a92ac7f26cfc4aa3bc21a398d0527bc2/gnocchi.7454dadf-cb18-46b9-8d2c-381e76ca2411/none_v3" 201 - "PUT http://172.18.0.2:8080/v1/AUTH_a92ac7f26cfc4aa3bc21a398d0527bc2/gnocchi.7454dadf-cb18-46b9-8d2c-381e76ca2411/none_v3" "txe4f0ee2dc89641dbb7070-0068de6fed" "proxy-server 20" 0.0086 "-" 24 0
Oct 2 12:28:29 standalone proxy-server[131748]: 172.18.0.2 172.18.0.100 02/Oct/2025/12/28/29 PUT /v1/AUTH_a92ac7f26cfc4aa3bc21a398d0527bc2/gnocchi.7454dadf-cb18-46b9-8d2c-381e76ca2411/none_v3 HTTP/1.0 201 - python-swiftclient-3.11.1 gAAAAABo3m9dGVSB... 32 - - txe4f0ee2dc89641dbb7070-0068de6fed - 0.0156 - - 1759408109.761002779 1759408109.776589632 0
Oct 2 12:29:11 standalone account-server[129591]: 172.20.0.100 - - [02/Oct/2025:12:29:11 +0000] "HEAD /d1/287/AUTH_a92ac7f26cfc4aa3bc21a398d0527bc2" 204 - "HEAD http://172.18.0.2:8080/v1/AUTH_a92ac7f26cfc4aa3bc21a398d0527bc2?format=json" "tx121e764d0d71476582494-0068de7016" "proxy-server 20" 0.0063 "-" 20 -
Oct 2 12:29:11 standalone proxy-server[131748]: - - 02/Oct/2025/12/29/11 HEAD /v1/AUTH_a92ac7f26cfc4aa3bc21a398d0527bc2%3Fformat%3Djson HTTP/1.0 204 - Swift - - - - tx121e764d0d71476582494-0068de7016 - 0.0132 RL - 1759408150.992064238 1759408151.005276203 -
Oct 2 12:29:11 standalone container-server[129820]: 172.20.0.100 - - [02/Oct/2025:12:29:11 +0000] "HEAD /d1/72/AUTH_a92ac7f26cfc4aa3bc21a398d0527bc2/gnocchi.cc8797a5-af22-4a3a-ba84-66c748c7a78f" 404 - "HEAD http://172.18.0.2:8080/v1/AUTH_a92ac7f26cfc4aa3bc21a398d0527bc2/gnocchi.cc8797a5-af22-4a3a-ba84-66c748c7a78f?format=json&states=listing" "tx121e764d0d71476582494-0068de7016" "proxy-server 20" 0.0007 "-" 22 0
Oct 2 12:29:11 standalone object-server[130034]: 172.20.0.100 - - [02/Oct/2025:12:29:11 +0000] "GET /d1/173/AUTH_a92ac7f26cfc4aa3bc21a398d0527bc2/gnocchi.cc8797a5-af22-4a3a-ba84-66c748c7a78f/none_v3" 404 70 "GET http://172.18.0.2:8080/v1/AUTH_a92ac7f26cfc4aa3bc21a398d0527bc2/gnocchi.cc8797a5-af22-4a3a-ba84-66c748c7a78f/none_v3" "tx121e764d0d71476582494-0068de7016" "proxy-server 20" 0.0005 "-" 23 0
Oct 2 12:29:11 standalone proxy-server[131748]: 172.18.0.2 172.18.0.100 02/Oct/2025/12/29/11 GET /v1/AUTH_a92ac7f26cfc4aa3bc21a398d0527bc2/gnocchi.cc8797a5-af22-4a3a-ba84-66c748c7a78f/none_v3 HTTP/1.0 404 - python-swiftclient-3.11.1 gAAAAABo3m9dGVSB... - 70 - tx121e764d0d71476582494-0068de7016 - 0.0233 - - 1759408150.991378784 1759408151.014673471 0
Oct 2 12:29:11 standalone account-server[129624]: 172.20.0.100 - - [02/Oct/2025:12:29:11 +0000] "PUT /d1/287/AUTH_a92ac7f26cfc4aa3bc21a398d0527bc2/gnocchi.cc8797a5-af22-4a3a-ba84-66c748c7a78f" 201 - "PUT http://172.20.0.100:6001/d1/72/AUTH_a92ac7f26cfc4aa3bc21a398d0527bc2/gnocchi.cc8797a5-af22-4a3a-ba84-66c748c7a78f" "tx9e638bef31cd40cea32fd-0068de7017" "container-server 21" 0.0014 "-" 21 0
Oct 2 12:29:11 standalone container-server[129816]: 172.20.0.100 - - [02/Oct/2025:12:29:11 +0000] "PUT /d1/72/AUTH_a92ac7f26cfc4aa3bc21a398d0527bc2/gnocchi.cc8797a5-af22-4a3a-ba84-66c748c7a78f" 201 - "PUT http://172.18.0.2:8080/v1/AUTH_a92ac7f26cfc4aa3bc21a398d0527bc2/gnocchi.cc8797a5-af22-4a3a-ba84-66c748c7a78f" "tx9e638bef31cd40cea32fd-0068de7017" "proxy-server 20" 0.0167 "-" 21 0
Oct 2 12:29:11 standalone proxy-server[131748]: 172.18.0.2 172.18.0.100 02/Oct/2025/12/29/11 PUT /v1/AUTH_a92ac7f26cfc4aa3bc21a398d0527bc2/gnocchi.cc8797a5-af22-4a3a-ba84-66c748c7a78f HTTP/1.0 201 - python-swiftclient-3.11.1 gAAAAABo3m9dGVSB... - - - tx9e638bef31cd40cea32fd-0068de7017 - 0.0254 - - 1759408151.018989086 1759408151.044407368 0
Oct 2 12:29:11 standalone container-server[129810]: 172.20.0.100 - - [02/Oct/2025:12:29:11 +0000] "HEAD /d1/72/AUTH_a92ac7f26cfc4aa3bc21a398d0527bc2/gnocchi.cc8797a5-af22-4a3a-ba84-66c748c7a78f" 204 - "HEAD http://172.18.0.2:8080/v1/AUTH_a92ac7f26cfc4aa3bc21a398d0527bc2/gnocchi.cc8797a5-af22-4a3a-ba84-66c748c7a78f?format=json&states=listing" "txf7e0ea170f444f95bd162-0068de7017" "proxy-server 20" 0.0024 "-" 20 0
Oct 2 12:29:11 standalone proxy-server[131748]: - - 02/Oct/2025/12/29/11 HEAD /v1/AUTH_a92ac7f26cfc4aa3bc21a398d0527bc2/gnocchi.cc8797a5-af22-4a3a-ba84-66c748c7a78f%3Fformat%3Djson%26states%3Dlisting HTTP/1.0 204 - Swift - - - - txf7e0ea170f444f95bd162-0068de7017 - 0.0075 RL - 1759408151.049401760 1759408151.056854010 0
Oct 2 12:29:11 standalone container-server[129810]: 172.20.0.100 - - [02/Oct/2025:12:29:11 +0000] "GET /d1/72/AUTH_a92ac7f26cfc4aa3bc21a398d0527bc2/gnocchi.cc8797a5-af22-4a3a-ba84-66c748c7a78f" 200 2 "GET http://172.18.0.2:8080/v1/AUTH_a92ac7f26cfc4aa3bc21a398d0527bc2/gnocchi.cc8797a5-af22-4a3a-ba84-66c748c7a78f?format=json&states=listing" "txf7e0ea170f444f95bd162-0068de7017" "proxy-server 20" 0.0037 "-" 20 0
Oct 2 12:29:11 standalone proxy-server[131748]: 172.18.0.2 172.18.0.100 02/Oct/2025/12/29/11 GET /v1/AUTH_a92ac7f26cfc4aa3bc21a398d0527bc2/gnocchi.cc8797a5-af22-4a3a-ba84-66c748c7a78f%3Fformat%3Djson%26states%3Dlisting HTTP/1.0 200 - python-swiftclient-3.11.1 gAAAAABo3m9dGVSB... - 2 - txf7e0ea170f444f95bd162-0068de7017 - 0.0236 - - 1759408151.048050642 1759408151.071687698 0
Oct 2 12:29:11 standalone object-server[130036]: 172.20.0.100 - - [02/Oct/2025:12:29:11 +0000] "GET /d1/432/AUTH_a92ac7f26cfc4aa3bc21a398d0527bc2/gnocchi.cc8797a5-af22-4a3a-ba84-66c748c7a78f/1759320000.0_mean_300.0_v3" 404 70 "GET http://172.18.0.2:8080/v1/AUTH_a92ac7f26cfc4aa3bc21a398d0527bc2/gnocchi.cc8797a5-af22-4a3a-ba84-66c748c7a78f/1759320000.0_mean_300.0_v3" "tx07366bb4467b44bcac26a-0068de7017" "proxy-server 20" 0.0004 "-" 24 0
Oct 2 12:29:11 standalone proxy-server[131748]: 172.18.0.2 172.18.0.100 02/Oct/2025/12/29/11 GET /v1/AUTH_a92ac7f26cfc4aa3bc21a398d0527bc2/gnocchi.cc8797a5-af22-4a3a-ba84-66c748c7a78f/1759320000.0_mean_300.0_v3 HTTP/1.0 404 - python-swiftclient-3.11.1 gAAAAABo3m9dGVSB... - 70 - tx07366bb4467b44bcac26a-0068de7017 - 0.0089 - - 1759408151.081895828 1759408151.090837717 0
Oct 2 12:29:11 standalone container-server[129820]: 172.20.0.100 - - [02/Oct/2025:12:29:11 +0000] "PUT /d1/72/AUTH_a92ac7f26cfc4aa3bc21a398d0527bc2/gnocchi.cc8797a5-af22-4a3a-ba84-66c748c7a78f/1759320000.0_mean_300.0_v3" 201 - "PUT http://172.18.0.2:8080/d1/432/AUTH_a92ac7f26cfc4aa3bc21a398d0527bc2/gnocchi.cc8797a5-af22-4a3a-ba84-66c748c7a78f/1759320000.0_mean_300.0_v3" "txe3437cf1329b4350b7577-0068de7017" "object-server 22" 0.0006 "-" 22 0
Oct 2 12:29:11 standalone object-server[130032]: 172.20.0.100 - - [02/Oct/2025:12:29:11 +0000] "PUT /d1/432/AUTH_a92ac7f26cfc4aa3bc21a398d0527bc2/gnocchi.cc8797a5-af22-4a3a-ba84-66c748c7a78f/1759320000.0_mean_300.0_v3" 201 - "PUT http://172.18.0.2:8080/v1/AUTH_a92ac7f26cfc4aa3bc21a398d0527bc2/gnocchi.cc8797a5-af22-4a3a-ba84-66c748c7a78f/1759320000.0_mean_300.0_v3" "txe3437cf1329b4350b7577-0068de7017" "proxy-server 20" 0.0143 "-" 22 0
Oct 2 12:29:11 standalone proxy-server[131748]: 172.18.0.2 172.18.0.100 02/Oct/2025/12/29/11 PUT /v1/AUTH_a92ac7f26cfc4aa3bc21a398d0527bc2/gnocchi.cc8797a5-af22-4a3a-ba84-66c748c7a78f/1759320000.0_mean_300.0_v3 HTTP/1.0 201 - python-swiftclient-3.11.1 gAAAAABo3m9dGVSB... 16 - - txe3437cf1329b4350b7577-0068de7017 - 0.0240 - - 1759408151.094976425 1759408151.118966818 0
Oct 2 12:29:11 standalone container-server[129820]: 172.20.0.100 - - [02/Oct/2025:12:29:11 +0000] "PUT /d1/72/AUTH_a92ac7f26cfc4aa3bc21a398d0527bc2/gnocchi.cc8797a5-af22-4a3a-ba84-66c748c7a78f/none_v3" 201 - "PUT http://172.18.0.2:8080/d1/173/AUTH_a92ac7f26cfc4aa3bc21a398d0527bc2/gnocchi.cc8797a5-af22-4a3a-ba84-66c748c7a78f/none_v3" "tx1f504a8cd9ef455291544-0068de7017" "object-server 24" 0.0006 "-" 22 0
Oct 2 12:29:11 standalone object-server[130036]: 172.20.0.100 - - [02/Oct/2025:12:29:11 +0000] "PUT /d1/173/AUTH_a92ac7f26cfc4aa3bc21a398d0527bc2/gnocchi.cc8797a5-af22-4a3a-ba84-66c748c7a78f/none_v3" 201 - "PUT http://172.18.0.2:8080/v1/AUTH_a92ac7f26cfc4aa3bc21a398d0527bc2/gnocchi.cc8797a5-af22-4a3a-ba84-66c748c7a78f/none_v3" "tx1f504a8cd9ef455291544-0068de7017" "proxy-server 20" 0.0107 "-" 24 0
Oct 2 12:29:11 standalone proxy-server[131748]: 172.18.0.2 172.18.0.100 02/Oct/2025/12/29/11 PUT /v1/AUTH_a92ac7f26cfc4aa3bc21a398d0527bc2/gnocchi.cc8797a5-af22-4a3a-ba84-66c748c7a78f/none_v3 HTTP/1.0 201 - python-swiftclient-3.11.1 gAAAAABo3m9dGVSB... 22 - - tx1f504a8cd9ef455291544-0068de7017 - 0.0183 - - 1759408151.123072624 1759408151.141335726 0
Oct 2 12:29:11 standalone container-server[129820]: 172.20.0.100 - - [02/Oct/2025:12:29:11 +0000] "HEAD /d1/139/AUTH_a92ac7f26cfc4aa3bc21a398d0527bc2/gnocchi.965c9c75-a34c-44fe-9204-dd7705d859cf" 404 - "HEAD http://172.18.0.2:8080/v1/AUTH_a92ac7f26cfc4aa3bc21a398d0527bc2/gnocchi.965c9c75-a34c-44fe-9204-dd7705d859cf?format=json&states=listing" "tx450d5e3ac17b47a5ace83-0068de7017" "proxy-server 20" 0.0004 "-" 22 0
Oct 2 12:29:11 standalone object-server[130032]: 172.20.0.100 - - [02/Oct/2025:12:29:11 +0000] "GET /d1/1001/AUTH_a92ac7f26cfc4aa3bc21a398d0527bc2/gnocchi.965c9c75-a34c-44fe-9204-dd7705d859cf/none_v3" 404 70 "GET http://172.18.0.2:8080/v1/AUTH_a92ac7f26cfc4aa3bc21a398d0527bc2/gnocchi.965c9c75-a34c-44fe-9204-dd7705d859cf/none_v3" "tx450d5e3ac17b47a5ace83-0068de7017" "proxy-server 20" 0.0003 "-" 22 0
Oct 2 12:29:11 standalone proxy-server[131748]: 172.18.0.2 172.18.0.100 02/Oct/2025/12/29/11 GET /v1/AUTH_a92ac7f26cfc4aa3bc21a398d0527bc2/gnocchi.965c9c75-a34c-44fe-9204-dd7705d859cf/none_v3 HTTP/1.0 404 - python-swiftclient-3.11.1 gAAAAABo3m9dGVSB... - 70 - tx450d5e3ac17b47a5ace83-0068de7017 - 0.0619 - - 1759408151.155975342 1759408151.217894077 0
Oct 2 12:29:11 standalone account-server[129624]: 172.20.0.100 - - [02/Oct/2025:12:29:11 +0000] "PUT /d1/287/AUTH_a92ac7f26cfc4aa3bc21a398d0527bc2/gnocchi.965c9c75-a34c-44fe-9204-dd7705d859cf" 201 - "PUT http://172.20.0.100:6001/d1/139/AUTH_a92ac7f26cfc4aa3bc21a398d0527bc2/gnocchi.965c9c75-a34c-44fe-9204-dd7705d859cf" "tx85a22101932e42e4aa02f-0068de7017" "container-server 21" 0.0040 "-" 21 0
Oct 2 12:29:11 standalone container-server[129816]: 172.20.0.100 - - [02/Oct/2025:12:29:11 +0000] "PUT /d1/139/AUTH_a92ac7f26cfc4aa3bc21a398d0527bc2/gnocchi.965c9c75-a34c-44fe-9204-dd7705d859cf" 201 - "PUT http://172.18.0.2:8080/v1/AUTH_a92ac7f26cfc4aa3bc21a398d0527bc2/gnocchi.965c9c75-a34c-44fe-9204-dd7705d859cf" "tx85a22101932e42e4aa02f-0068de7017" "proxy-server 20" 0.0120 "-" 21 0
Oct 2 12:29:11 standalone proxy-server[131748]: 172.18.0.2 172.18.0.100 02/Oct/2025/12/29/11 PUT /v1/AUTH_a92ac7f26cfc4aa3bc21a398d0527bc2/gnocchi.965c9c75-a34c-44fe-9204-dd7705d859cf HTTP/1.0 201 - python-swiftclient-3.11.1 gAAAAABo3m9dGVSB... - - - tx85a22101932e42e4aa02f-0068de7017 - 0.0170 - - 1759408151.221293211 1759408151.238279104 0
Oct 2 12:29:11 standalone container-server[129816]: 172.20.0.100 - - [02/Oct/2025:12:29:11 +0000] "HEAD /d1/139/AUTH_a92ac7f26cfc4aa3bc21a398d0527bc2/gnocchi.965c9c75-a34c-44fe-9204-dd7705d859cf" 204 - "HEAD http://172.18.0.2:8080/v1/AUTH_a92ac7f26cfc4aa3bc21a398d0527bc2/gnocchi.965c9c75-a34c-44fe-9204-dd7705d859cf?format=json&states=listing" "tx3af3252cc0764c5f973e7-0068de7017" "proxy-server 20" 0.0012 "-" 21 0
Oct 2 12:29:11 standalone proxy-server[131748]: - - 02/Oct/2025/12/29/11 HEAD /v1/AUTH_a92ac7f26cfc4aa3bc21a398d0527bc2/gnocchi.965c9c75-a34c-44fe-9204-dd7705d859cf%3Fformat%3Djson%26states%3Dlisting HTTP/1.0 204 - Swift - - - - tx3af3252cc0764c5f973e7-0068de7017 - 0.0042 RL - 1759408151.244473457 1759408151.248656034 0
Oct 2 12:29:11 standalone container-server[129820]: 172.20.0.100 - - [02/Oct/2025:12:29:11 +0000] "GET /d1/139/AUTH_a92ac7f26cfc4aa3bc21a398d0527bc2/gnocchi.965c9c75-a34c-44fe-9204-dd7705d859cf" 200 2 "GET http://172.18.0.2:8080/v1/AUTH_a92ac7f26cfc4aa3bc21a398d0527bc2/gnocchi.965c9c75-a34c-44fe-9204-dd7705d859cf?format=json&states=listing" "tx3af3252cc0764c5f973e7-0068de7017" "proxy-server 20" 0.0024 "-" 22 0
Oct 2 12:29:11 standalone proxy-server[131748]: 172.18.0.2 172.18.0.100 02/Oct/2025/12/29/11 GET /v1/AUTH_a92ac7f26cfc4aa3bc21a398d0527bc2/gnocchi.965c9c75-a34c-44fe-9204-dd7705d859cf%3Fformat%3Djson%26states%3Dlisting HTTP/1.0 200 - python-swiftclient-3.11.1 gAAAAABo3m9dGVSB... - 2 - tx3af3252cc0764c5f973e7-0068de7017 - 0.0129 - - 1759408151.242869854 1759408151.255770683 0
Oct 2 12:29:11 standalone object-server[130032]: 172.20.0.100 - - [02/Oct/2025:12:29:11 +0000] "GET /d1/534/AUTH_a92ac7f26cfc4aa3bc21a398d0527bc2/gnocchi.965c9c75-a34c-44fe-9204-dd7705d859cf/1759320000.0_mean_300.0_v3" 404 70 "GET http://172.18.0.2:8080/v1/AUTH_a92ac7f26cfc4aa3bc21a398d0527bc2/gnocchi.965c9c75-a34c-44fe-9204-dd7705d859cf/1759320000.0_mean_300.0_v3" "txcb42696d74e34e64922f8-0068de7017" "proxy-server 20" 0.0004 "-" 22 0
Oct 2 12:29:11 standalone proxy-server[131748]: 172.18.0.2 172.18.0.100 02/Oct/2025/12/29/11 GET /v1/AUTH_a92ac7f26cfc4aa3bc21a398d0527bc2/gnocchi.965c9c75-a34c-44fe-9204-dd7705d859cf/1759320000.0_mean_300.0_v3 HTTP/1.0 404 - python-swiftclient-3.11.1 gAAAAABo3m9dGVSB... - 70 - txcb42696d74e34e64922f8-0068de7017 - 0.0044 - - 1759408151.258348942 1759408151.262741327 0
Oct 2 12:29:11 standalone container-server[129810]: 172.20.0.100 - - [02/Oct/2025:12:29:11 +0000] "PUT /d1/139/AUTH_a92ac7f26cfc4aa3bc21a398d0527bc2/gnocchi.965c9c75-a34c-44fe-9204-dd7705d859cf/1759320000.0_mean_300.0_v3" 201 - "PUT http://172.18.0.2:8080/d1/534/AUTH_a92ac7f26cfc4aa3bc21a398d0527bc2/gnocchi.965c9c75-a34c-44fe-9204-dd7705d859cf/1759320000.0_mean_300.0_v3" "txb9c36611f9554c9983549-0068de7017" "object-server 25" 0.0005 "-" 20 0
Oct 2 12:29:11 standalone object-server[130040]: 172.20.0.100 - - [02/Oct/2025:12:29:11 +0000] "PUT /d1/534/AUTH_a92ac7f26cfc4aa3bc21a398d0527bc2/gnocchi.965c9c75-a34c-44fe-9204-dd7705d859cf/1759320000.0_mean_300.0_v3" 201 - "PUT http://172.18.0.2:8080/v1/AUTH_a92ac7f26cfc4aa3bc21a398d0527bc2/gnocchi.965c9c75-a34c-44fe-9204-dd7705d859cf/1759320000.0_mean_300.0_v3" "txb9c36611f9554c9983549-0068de7017" "proxy-server 20" 0.0085 "-" 25 0
Oct 2 12:29:11 standalone proxy-server[131748]: 172.18.0.2 172.18.0.100 02/Oct/2025/12/29/11 PUT /v1/AUTH_a92ac7f26cfc4aa3bc21a398d0527bc2/gnocchi.965c9c75-a34c-44fe-9204-dd7705d859cf/1759320000.0_mean_300.0_v3 HTTP/1.0 201 - python-swiftclient-3.11.1 gAAAAABo3m9dGVSB... 16 - - txb9c36611f9554c9983549-0068de7017 - 0.0166 - - 1759408151.265238285 1759408151.281830549 0
Oct 2 12:29:11 standalone container-server[129810]: 172.20.0.100 - - [02/Oct/2025:12:29:11 +0000] "PUT /d1/139/AUTH_a92ac7f26cfc4aa3bc21a398d0527bc2/gnocchi.965c9c75-a34c-44fe-9204-dd7705d859cf/none_v3" 201 - "PUT http://172.18.0.2:8080/d1/1001/AUTH_a92ac7f26cfc4aa3bc21a398d0527bc2/gnocchi.965c9c75-a34c-44fe-9204-dd7705d859cf/none_v3" "tx2cd4d9d6ea944aafa2d1e-0068de7017" "object-server 24" 0.0004 "-" 20 0
Oct 2 12:29:11 standalone object-server[130036]: 172.20.0.100 - - [02/Oct/2025:12:29:11 +0000] "PUT /d1/1001/AUTH_a92ac7f26cfc4aa3bc21a398d0527bc2/gnocchi.965c9c75-a34c-44fe-9204-dd7705d859cf/none_v3" 201 - "PUT http://172.18.0.2:8080/v1/AUTH_a92ac7f26cfc4aa3bc21a398d0527bc2/gnocchi.965c9c75-a34c-44fe-9204-dd7705d859cf/none_v3" "tx2cd4d9d6ea944aafa2d1e-0068de7017" "proxy-server 20" 0.0075 "-" 24 0
Oct 2 12:29:11 standalone proxy-server[131748]: 172.18.0.2 172.18.0.100 02/Oct/2025/12/29/11 PUT /v1/AUTH_a92ac7f26cfc4aa3bc21a398d0527bc2/gnocchi.965c9c75-a34c-44fe-9204-dd7705d859cf/none_v3 HTTP/1.0 201 - python-swiftclient-3.11.1 gAAAAABo3m9dGVSB... 22 - - tx2cd4d9d6ea944aafa2d1e-0068de7017 - 0.0129 - - 1759408151.283940792 1759408151.296794415 0
Oct 2 12:29:11 standalone container-server[129822]: 172.20.0.100 - - [02/Oct/2025:12:29:11 +0000] "HEAD /d1/601/AUTH_a92ac7f26cfc4aa3bc21a398d0527bc2/gnocchi.24ac553d-44d7-4f4e-baa7-71bebac03ef8" 404 - "HEAD http://172.18.0.2:8080/v1/AUTH_a92ac7f26cfc4aa3bc21a398d0527bc2/gnocchi.24ac553d-44d7-4f4e-baa7-71bebac03ef8?format=json&states=listing" "tx4065e72543f9402690c7a-0068de7017" "proxy-server 20" 0.0004 "-" 23 0
Oct 2 12:29:11 standalone object-server[130034]: 172.20.0.100 - - [02/Oct/2025:12:29:11 +0000] "GET /d1/613/AUTH_a92ac7f26cfc4aa3bc21a398d0527bc2/gnocchi.24ac553d-44d7-4f4e-baa7-71bebac03ef8/none_v3" 404 70 "GET http://172.18.0.2:8080/v1/AUTH_a92ac7f26cfc4aa3bc21a398d0527bc2/gnocchi.24ac553d-44d7-4f4e-baa7-71bebac03ef8/none_v3" "tx4065e72543f9402690c7a-0068de7017" "proxy-server 20" 0.0003 "-" 23 0
Oct 2 12:29:11 standalone proxy-server[131748]: 172.18.0.2 172.18.0.100 02/Oct/2025/12/29/11 GET /v1/AUTH_a92ac7f26cfc4aa3bc21a398d0527bc2/gnocchi.24ac553d-44d7-4f4e-baa7-71bebac03ef8/none_v3 HTTP/1.0 404 - python-swiftclient-3.11.1 gAAAAABo3m9dGVSB... - 70 - tx4065e72543f9402690c7a-0068de7017 - 0.0085 - - 1759408151.306962252 1759408151.315435410 0
Oct 2 12:29:11 standalone account-server[129624]: 172.20.0.100 - - [02/Oct/2025:12:29:11 +0000] "PUT /d1/287/AUTH_a92ac7f26cfc4aa3bc21a398d0527bc2/gnocchi.24ac553d-44d7-4f4e-baa7-71bebac03ef8" 201 - "PUT http://172.20.0.100:6001/d1/601/AUTH_a92ac7f26cfc4aa3bc21a398d0527bc2/gnocchi.24ac553d-44d7-4f4e-baa7-71bebac03ef8" "tx7543fa629a23491f93ade-0068de7017" "container-server 22" 0.0041 "-" 21 0
Oct 2 12:29:11 standalone container-server[129820]: 172.20.0.100 - - [02/Oct/2025:12:29:11 +0000] "PUT /d1/601/AUTH_a92ac7f26cfc4aa3bc21a398d0527bc2/gnocchi.24ac553d-44d7-4f4e-baa7-71bebac03ef8" 201 - "PUT http://172.18.0.2:8080/v1/AUTH_a92ac7f26cfc4aa3bc21a398d0527bc2/gnocchi.24ac553d-44d7-4f4e-baa7-71bebac03ef8" "tx7543fa629a23491f93ade-0068de7017" "proxy-server 20" 0.0109 "-" 22 0
Oct 2 12:29:11 standalone proxy-server[131748]: 172.18.0.2 172.18.0.100 02/Oct/2025/12/29/11 PUT /v1/AUTH_a92ac7f26cfc4aa3bc21a398d0527bc2/gnocchi.24ac553d-44d7-4f4e-baa7-71bebac03ef8 HTTP/1.0 201 - python-swiftclient-3.11.1 gAAAAABo3m9dGVSB... - - - tx7543fa629a23491f93ade-0068de7017 - 0.0153 - - 1759408151.317164183 1759408151.332472801 0
Oct 2 12:29:11 standalone container-server[129810]: 172.20.0.100 - - [02/Oct/2025:12:29:11 +0000] "HEAD /d1/298/AUTH_a92ac7f26cfc4aa3bc21a398d0527bc2/gnocchi.a2716d7c-05e2-4358-960d-db5925f0aff8" 404 - "HEAD http://172.18.0.2:8080/v1/AUTH_a92ac7f26cfc4aa3bc21a398d0527bc2/gnocchi.a2716d7c-05e2-4358-960d-db5925f0aff8?format=json&states=listing" "txc77535a764284dcc9568d-0068de7017" "proxy-server 20" 0.0003 "-" 20 0
Oct 2 12:29:11 standalone object-server[130040]: 172.20.0.100 - - [02/Oct/2025:12:29:11 +0000] "GET /d1/736/AUTH_a92ac7f26cfc4aa3bc21a398d0527bc2/gnocchi.a2716d7c-05e2-4358-960d-db5925f0aff8/none_v3" 404 70 "GET http://172.18.0.2:8080/v1/AUTH_a92ac7f26cfc4aa3bc21a398d0527bc2/gnocchi.a2716d7c-05e2-4358-960d-db5925f0aff8/none_v3" "txc77535a764284dcc9568d-0068de7017" "proxy-server 20" 0.0005 "-" 25 0
Oct 2 12:29:11 standalone proxy-server[131748]: 172.18.0.2 172.18.0.100 02/Oct/2025/12/29/11 GET /v1/AUTH_a92ac7f26cfc4aa3bc21a398d0527bc2/gnocchi.a2716d7c-05e2-4358-960d-db5925f0aff8/none_v3 HTTP/1.0 404 - python-swiftclient-3.11.1 gAAAAABo3m9dGVSB... - 70 - txc77535a764284dcc9568d-0068de7017 - 0.0092 - - 1759408151.334633589 1759408151.343831301 0
Oct 2 12:29:11 standalone account-server[129591]: 172.20.0.100 - - [02/Oct/2025:12:29:11 +0000] "PUT /d1/287/AUTH_a92ac7f26cfc4aa3bc21a398d0527bc2/gnocchi.a2716d7c-05e2-4358-960d-db5925f0aff8" 201 - "PUT http://172.20.0.100:6001/d1/298/AUTH_a92ac7f26cfc4aa3bc21a398d0527bc2/gnocchi.a2716d7c-05e2-4358-960d-db5925f0aff8" "tx06964e528cc243db9634e-0068de7017" "container-server 22" 0.0039 "-" 20 0
Oct 2 12:29:11 standalone container-server[129820]: 172.20.0.100 - - [02/Oct/2025:12:29:11 +0000] "PUT /d1/298/AUTH_a92ac7f26cfc4aa3bc21a398d0527bc2/gnocchi.a2716d7c-05e2-4358-960d-db5925f0aff8" 201 - "PUT http://172.18.0.2:8080/v1/AUTH_a92ac7f26cfc4aa3bc21a398d0527bc2/gnocchi.a2716d7c-05e2-4358-960d-db5925f0aff8" "tx06964e528cc243db9634e-0068de7017" "proxy-server 20" 0.0117 "-" 22 0
Oct 2 12:29:11 standalone proxy-server[131748]: 172.18.0.2 172.18.0.100 02/Oct/2025/12/29/11 PUT /v1/AUTH_a92ac7f26cfc4aa3bc21a398d0527bc2/gnocchi.a2716d7c-05e2-4358-960d-db5925f0aff8 HTTP/1.0 201 - python-swiftclient-3.11.1 gAAAAABo3m9dGVSB... - - - tx06964e528cc243db9634e-0068de7017 - 0.0153 - - 1759408151.347834349 1759408151.363159657 0
Oct 2 12:29:11 standalone container-server[129820]: 172.20.0.100 - - [02/Oct/2025:12:29:11 +0000] "HEAD /d1/601/AUTH_a92ac7f26cfc4aa3bc21a398d0527bc2/gnocchi.24ac553d-44d7-4f4e-baa7-71bebac03ef8" 204 - "HEAD http://172.18.0.2:8080/v1/AUTH_a92ac7f26cfc4aa3bc21a398d0527bc2/gnocchi.24ac553d-44d7-4f4e-baa7-71bebac03ef8?format=json&states=listing" "tx20b9a20ee51e44abacce6-0068de7017" "proxy-server 20" 0.0009 "-" 22 0
Oct 2 12:29:11 standalone proxy-server[131748]: - - 02/Oct/2025/12/29/11 HEAD /v1/AUTH_a92ac7f26cfc4aa3bc21a398d0527bc2/gnocchi.24ac553d-44d7-4f4e-baa7-71bebac03ef8%3Fformat%3Djson%26states%3Dlisting HTTP/1.0 204 - Swift - - - - tx20b9a20ee51e44abacce6-0068de7017 - 0.0033 RL - 1759408151.367273808 1759408151.370597363 0
Oct 2 12:29:11 standalone container-server[129810]: 172.20.0.100 - - [02/Oct/2025:12:29:11 +0000] "GET /d1/601/AUTH_a92ac7f26cfc4aa3bc21a398d0527bc2/gnocchi.24ac553d-44d7-4f4e-baa7-71bebac03ef8" 200 2 "GET http://172.18.0.2:8080/v1/AUTH_a92ac7f26cfc4aa3bc21a398d0527bc2/gnocchi.24ac553d-44d7-4f4e-baa7-71bebac03ef8?format=json&states=listing" "tx20b9a20ee51e44abacce6-0068de7017" "proxy-server 20" 0.0016 "-" 20 0
Oct 2 12:29:11 standalone proxy-server[131748]: 172.18.0.2 172.18.0.100 02/Oct/2025/12/29/11 GET /v1/AUTH_a92ac7f26cfc4aa3bc21a398d0527bc2/gnocchi.24ac553d-44d7-4f4e-baa7-71bebac03ef8%3Fformat%3Djson%26states%3Dlisting HTTP/1.0 200 - python-swiftclient-3.11.1 gAAAAABo3m9dGVSB... - 2 - tx20b9a20ee51e44abacce6-0068de7017 - 0.0133 - - 1759408151.366297007 1759408151.379613638 0
Oct 2 12:29:11 standalone container-server[129810]: 172.20.0.100 - - [02/Oct/2025:12:29:11 +0000] "HEAD /d1/298/AUTH_a92ac7f26cfc4aa3bc21a398d0527bc2/gnocchi.a2716d7c-05e2-4358-960d-db5925f0aff8" 204 - "HEAD http://172.18.0.2:8080/v1/AUTH_a92ac7f26cfc4aa3bc21a398d0527bc2/gnocchi.a2716d7c-05e2-4358-960d-db5925f0aff8?format=json&states=listing" "tx8549f13afc44403badcd6-0068de7017" "proxy-server 20" 0.0012 "-" 20 0
Oct 2 12:29:11 standalone proxy-server[131748]: - - 02/Oct/2025/12/29/11 HEAD /v1/AUTH_a92ac7f26cfc4aa3bc21a398d0527bc2/gnocchi.a2716d7c-05e2-4358-960d-db5925f0aff8%3Fformat%3Djson%26states%3Dlisting HTTP/1.0 204 - Swift - - - - tx8549f13afc44403badcd6-0068de7017 - 0.0041 RL - 1759408151.386031866 1759408151.390134096 0
Oct 2 12:29:11 standalone container-server[129822]: 172.20.0.100 - - [02/Oct/2025:12:29:11 +0000] "GET /d1/298/AUTH_a92ac7f26cfc4aa3bc21a398d0527bc2/gnocchi.a2716d7c-05e2-4358-960d-db5925f0aff8" 200 2 "GET http://172.18.0.2:8080/v1/AUTH_a92ac7f26cfc4aa3bc21a398d0527bc2/gnocchi.a2716d7c-05e2-4358-960d-db5925f0aff8?format=json&states=listing" "tx8549f13afc44403badcd6-0068de7017" "proxy-server 20" 0.0017 "-" 23 0
Oct 2 12:29:11 standalone proxy-server[131748]: 172.18.0.2 172.18.0.100 02/Oct/2025/12/29/11 GET /v1/AUTH_a92ac7f26cfc4aa3bc21a398d0527bc2/gnocchi.a2716d7c-05e2-4358-960d-db5925f0aff8%3Fformat%3Djson%26states%3Dlisting HTTP/1.0 200 - python-swiftclient-3.11.1 gAAAAABo3m9dGVSB... - 2 - tx8549f13afc44403badcd6-0068de7017 - 0.0118 - - 1759408151.384878874 1759408151.396636009 0
Oct 2 12:29:11 standalone object-server[130034]: 172.20.0.100 - - [02/Oct/2025:12:29:11 +0000] "GET /d1/144/AUTH_a92ac7f26cfc4aa3bc21a398d0527bc2/gnocchi.24ac553d-44d7-4f4e-baa7-71bebac03ef8/1759320000.0_mean_300.0_v3" 404 70 "GET http://172.18.0.2:8080/v1/AUTH_a92ac7f26cfc4aa3bc21a398d0527bc2/gnocchi.24ac553d-44d7-4f4e-baa7-71bebac03ef8/1759320000.0_mean_300.0_v3" "tx76b576847e7643c09f52a-0068de7017" "proxy-server 20" 0.0004 "-" 23 0
Oct 2 12:29:11 standalone proxy-server[131748]: 172.18.0.2 172.18.0.100 02/Oct/2025/12/29/11 GET /v1/AUTH_a92ac7f26cfc4aa3bc21a398d0527bc2/gnocchi.24ac553d-44d7-4f4e-baa7-71bebac03ef8/1759320000.0_mean_300.0_v3 HTTP/1.0 404 - python-swiftclient-3.11.1 gAAAAABo3m9dGVSB... - 70 - tx76b576847e7643c09f52a-0068de7017 - 0.0038 - - 1759408151.400197029 1759408151.403996229 0
