Oct 2 12:14:13 standalone account-server[129378]: Starting 2
Oct 2 12:14:13 standalone account-server[129414]: Started child 19 from parent 2
Oct 2 12:14:13 standalone account-server[129414]: Started child 20 from parent 2
Oct 2 12:14:13 standalone account-server[129414]: Started child 21 from parent 2
Oct 2 12:14:13 standalone account-server[129414]: Started child 22 from parent 2
Oct 2 12:14:13 standalone container-server[129585]: Option allow_versions is deprecated. Configure the versioned_writes middleware in the proxy-server instead. This option will be ignored in a future release.
Oct 2 12:14:14 standalone container-server[129810]: Option allow_versions is deprecated. Configure the versioned_writes middleware in the proxy-server instead. This option will be ignored in a future release.
Oct 2 12:14:14 standalone container-server[129585]: Started child 20 from parent 2
Oct 2 12:14:14 standalone container-server[129816]: Option allow_versions is deprecated. Configure the versioned_writes middleware in the proxy-server instead. This option will be ignored in a future release.
Oct 2 12:14:14 standalone container-server[129585]: Started child 21 from parent 2
Oct 2 12:14:14 standalone container-server[129820]: Option allow_versions is deprecated. Configure the versioned_writes middleware in the proxy-server instead. This option will be ignored in a future release.
Oct 2 12:14:14 standalone container-server[129585]: Started child 22 from parent 2
Oct 2 12:14:14 standalone container-server[129822]: Option allow_versions is deprecated. Configure the versioned_writes middleware in the proxy-server instead. This option will be ignored in a future release.
Oct 2 12:14:14 standalone container-server[129585]: Started child 23 from parent 2
Oct 2 12:14:14 standalone container-server[129710]: Starting 2
Oct 2 12:14:14 standalone object-expirer[129781]: Starting 2
Oct 2 12:14:14 standalone object-expirer[129781]: Option auto_create_account_prefix is deprecated. Configure auto_create_account_prefix under the swift-constraints section of swift.conf. This option will be ignored in a future release.
Oct 2 12:14:14 standalone object-server[129887]: Started child 22 from parent 2
Oct 2 12:14:14 standalone object-server[129887]: Started child 23 from parent 2
Oct 2 12:14:14 standalone object-server[129887]: Started child 24 from parent 2
Oct 2 12:14:14 standalone object-server[129887]: Started child 25 from parent 2
Oct 2 12:14:14 standalone object-server[130004]: Starting 2
Oct 2 12:14:20 standalone proxy-server[131641]: Starting Keystone auth_token middleware
Oct 2 12:14:20 standalone proxy-server[131641]: AuthToken middleware is set with keystone_authtoken.service_token_roles_required set to False. This is backwards compatible but deprecated behaviour. Please set this to True.
Oct 2 12:14:20 standalone proxy-server[131748]: Starting Keystone auth_token middleware
Oct 2 12:14:20 standalone proxy-server[131748]: STDERR: The option "bind_port" is not known to keystonemiddleware
Oct 2 12:14:20 standalone proxy-server[131748]: STDERR: The option "workers" is not known to keystonemiddleware
Oct 2 12:14:20 standalone proxy-server[131748]: STDERR: The option "user" is not known to keystonemiddleware
Oct 2 12:14:20 standalone proxy-server[131748]: STDERR: The option "bind_ip" is not known to keystonemiddleware
Oct 2 12:14:20 standalone proxy-server[131748]: STDERR: The option "log_name" is not known to keystonemiddleware
Oct 2 12:14:20 standalone proxy-server[131748]: STDERR: The option "log_facility" is not known to keystonemiddleware
Oct 2 12:14:20 standalone proxy-server[131748]: STDERR: The option "log_level" is not known to keystonemiddleware
Oct 2 12:14:20 standalone proxy-server[131748]: STDERR: The option "log_headers" is not known to keystonemiddleware
Oct 2 12:14:20 standalone proxy-server[131748]: STDERR: The option "log_address" is not known to keystonemiddleware
Oct 2 12:14:20 standalone proxy-server[131748]: STDERR: The option "project_name" is not known to keystonemiddleware
Oct 2 12:14:20 standalone proxy-server[131748]: STDERR: The option "username" is not known to keystonemiddleware
Oct 2 12:14:20 standalone proxy-server[131748]: STDERR: The option "password" is not known to keystonemiddleware
Oct 2 12:14:20 standalone proxy-server[131748]: STDERR: The option "auth_url" is not known to keystonemiddleware
Oct 2 12:14:20 standalone proxy-server[131748]: STDERR: The option "signing_dir" is not known to keystonemiddleware
Oct 2 12:14:20 standalone proxy-server[131748]: STDERR: The option "project_domain_id" is not known to keystonemiddleware
Oct 2 12:14:20 standalone proxy-server[131748]: STDERR: The option "user_domain_id" is not known to keystonemiddleware
Oct 2 12:14:20 standalone proxy-server[131748]: STDERR: The option "__name__" is not known to keystonemiddleware
Oct 2 12:14:20 standalone proxy-server[131748]: AuthToken middleware is set with keystone_authtoken.service_token_roles_required set to False. This is backwards compatible but deprecated behaviour. Please set this to True.
Oct 2 12:14:20 standalone proxy-server[131641]: Started child 20 from parent 2
Oct 2 12:14:50 standalone container-server[129710]: Begin container update sweep
Oct 2 12:14:50 standalone container-server[129710]: Container update sweep completed: 0.00s
Oct 2 12:15:42 standalone object-server[130004]: Begin object update sweep
Oct 2 12:15:42 standalone object-server[141235]: Object update sweep starting on /srv/node/d1 (pid: 11)
Oct 2 12:15:42 standalone object-server[141235]: Object update sweep completed on /srv/node/d1 in 0.00s seconds:, 0 successes, 0 failures, 0 quarantines, 0 unlinks, 0 errors, 0 redirects (pid: 11)
Oct 2 12:15:42 standalone object-server[141235]: Object update sweep of d1 completed: 0.00s, 0 successes, 0 failures, 0 quarantines, 0 unlinks, 0 errors, 0 redirects
Oct 2 12:15:42 standalone object-server[130004]: Object update sweep completed: 0.06s
Oct 2 12:17:22 standalone account-server[129641]: 172.20.0.100 - - [02/Oct/2025:12:17:22 +0000] "HEAD /d1/660/.expiring_objects" 404 - "HEAD http://localhost/v1/.expiring_objects?format=json" "tx164e10d63da7493891cc3-0068de6d52" "proxy-server 2" 0.0016 "-" 22 -
Oct 2 12:17:22 standalone object-expirer[129781]: Pass completed in 0s; 0 objects expired (txn: tx164e10d63da7493891cc3-0068de6d52)
Oct 2 12:18:51 standalone account-server[129624]: 172.20.0.100 - - [02/Oct/2025:12:18:51 +0000] "HEAD /d1/660/.expiring_objects" 404 - "HEAD http://localhost/v1/.expiring_objects?format=json" "tx5737caa4c3764294aa258-0068de6dab" "proxy-server 2" 0.0017 "-" 21 -
Oct 2 12:18:51 standalone object-expirer[129781]: Pass completed in 0s; 0 objects expired (txn: tx5737caa4c3764294aa258-0068de6dab)
Oct 2 12:19:50 standalone container-server[129710]: Begin container update sweep
Oct 2 12:19:50 standalone container-server[129710]: Container update sweep completed: 0.00s
Oct 2 12:20:42 standalone object-server[130004]: Begin object update sweep
Oct 2 12:20:42 standalone object-server[178826]: Object update sweep starting on /srv/node/d1 (pid: 13)
Oct 2 12:20:42 standalone object-server[178826]: Object update sweep completed on /srv/node/d1 in 0.00s seconds:, 0 successes, 0 failures, 0 quarantines, 0 unlinks, 0 errors, 0 redirects (pid: 13)
Oct 2 12:20:42 standalone object-server[178826]: Object update sweep of d1 completed: 0.00s, 0 successes, 0 failures, 0 quarantines, 0 unlinks, 0 errors, 0 redirects
Oct 2 12:20:42 standalone object-server[130004]: Object update sweep completed: 0.09s
Oct 2 12:23:15 standalone account-server[129581]: 172.20.0.100 - - [02/Oct/2025:12:23:15 +0000] "HEAD /d1/660/.expiring_objects" 404 - "HEAD http://localhost/v1/.expiring_objects?format=json" "tx6d58e86c88c84ef0a621c-0068de6eb3" "proxy-server 2" 0.0013 "-" 19 -
Oct 2 12:23:15 standalone object-expirer[129781]: Pass completed in 0s; 0 objects expired (txn: tx6d58e86c88c84ef0a621c-0068de6eb3)
Oct 2 12:24:50 standalone container-server[129710]: Begin container update sweep
Oct 2 12:24:50 standalone container-server[129710]: Container update sweep completed: 0.00s
Oct 2 12:25:33 standalone account-server[129624]: 172.20.0.100 - - [02/Oct/2025:12:25:33 +0000] "HEAD /d1/660/.expiring_objects" 404 - "HEAD http://localhost/v1/.expiring_objects?format=json" "tx111d20c0d4fa43ceae5d8-0068de6f3d" "proxy-server 2" 0.0003 "-" 21 -
Oct 2 12:25:33 standalone object-expirer[129781]: Pass completed in 0s; 0 objects expired (txn: tx111d20c0d4fa43ceae5d8-0068de6f3d)
Oct 2 12:25:42 standalone object-server[130004]: Begin object update sweep
Oct 2 12:25:42 standalone object-server[218747]: Object update sweep starting on /srv/node/d1 (pid: 14)
Oct 2 12:25:42 standalone object-server[218747]: Object update sweep completed on /srv/node/d1 in 0.00s seconds:, 0 successes, 0 failures, 0 quarantines, 0 unlinks, 0 errors, 0 redirects (pid: 14)
Oct 2 12:25:42 standalone object-server[218747]: Object update sweep of d1 completed: 0.00s, 0 successes, 0 failures, 0 quarantines, 0 unlinks, 0 errors, 0 redirects
Oct 2 12:25:42 standalone object-server[130004]: Object update sweep completed: 0.09s
Oct 2 12:26:05 standalone account-server[129624]: 172.20.0.100 - - [02/Oct/2025:12:26:05 +0000] "HEAD /d1/287/AUTH_a92ac7f26cfc4aa3bc21a398d0527bc2" 404 - "HEAD http://172.18.0.2:8080/v1/AUTH_a92ac7f26cfc4aa3bc21a398d0527bc2?format=json" "tx06e0e6a74a4b482b820a8-0068de6f5d" "proxy-server 20" 0.0007 "-" 21 -
Oct 2 12:26:05 standalone proxy-server[131748]: - - 02/Oct/2025/12/26/05 HEAD /v1/AUTH_a92ac7f26cfc4aa3bc21a398d0527bc2%3Fformat%3Djson HTTP/1.0 200 - Swift - - - - tx06e0e6a74a4b482b820a8-0068de6f5d - 0.0061 RL - 1759407965.431506872 1759407965.437560797 -
Oct 2 12:26:05 standalone object-server[130036]: 172.20.0.100 - - [02/Oct/2025:12:26:05 +0000] "GET /d1/506/AUTH_a92ac7f26cfc4aa3bc21a398d0527bc2/gnocchi.83d8715f-de82-44cf-9d87-ea3e2c725693/none_v3" 404 70 "GET http://172.18.0.2:8080/v1/AUTH_a92ac7f26cfc4aa3bc21a398d0527bc2/gnocchi.83d8715f-de82-44cf-9d87-ea3e2c725693/none_v3" "tx06e0e6a74a4b482b820a8-0068de6f5d" "proxy-server 20" 0.0014 "-" 24 0
Oct 2 12:26:05 standalone proxy-server[131748]: 172.18.0.2 172.18.0.100 02/Oct/2025/12/26/05 GET /v1/AUTH_a92ac7f26cfc4aa3bc21a398d0527bc2/gnocchi.83d8715f-de82-44cf-9d87-ea3e2c725693/none_v3 HTTP/1.0 404 - python-swiftclient-3.11.1 gAAAAABo3m9dGVSB... - 70 - tx06e0e6a74a4b482b820a8-0068de6f5d - 0.3681 - - 1759407965.428627253 1759407965.796750546 0
Oct 2 12:26:05 standalone account-server[129641]: 172.20.0.100 - - [02/Oct/2025:12:26:05 +0000] "PUT /d1/287/AUTH_a92ac7f26cfc4aa3bc21a398d0527bc2" 201 - "-" "txbaad59f99667446dba740-0068de6f5d" "-" 0.0209 "-" 22 -
Oct 2 12:26:05 standalone proxy-server[131748]: autocreate account '/AUTH_a92ac7f26cfc4aa3bc21a398d0527bc2' (txn: txbaad59f99667446dba740-0068de6f5d)
Oct 2 12:26:05 standalone account-server[129581]: 172.20.0.100 - - [02/Oct/2025:12:26:05 +0000] "HEAD /d1/287/AUTH_a92ac7f26cfc4aa3bc21a398d0527bc2" 204 - "HEAD http://172.18.0.2:8080/v1/AUTH_a92ac7f26cfc4aa3bc21a398d0527bc2?format=json" "txbaad59f99667446dba740-0068de6f5d" "proxy-server 20" 0.0055 "-" 19 -
Oct 2 12:26:05 standalone account-server[129591]: 172.20.0.100 - - [02/Oct/2025:12:26:05 +0000] "PUT /d1/287/AUTH_a92ac7f26cfc4aa3bc21a398d0527bc2/gnocchi.83d8715f-de82-44cf-9d87-ea3e2c725693" 201 - "PUT http://172.20.0.100:6001/d1/336/AUTH_a92ac7f26cfc4aa3bc21a398d0527bc2/gnocchi.83d8715f-de82-44cf-9d87-ea3e2c725693" "txbaad59f99667446dba740-0068de6f5d" "container-server 23" 0.0032 "-" 20 0
Oct 2 12:26:05 standalone container-server[129822]: 172.20.0.100 - - [02/Oct/2025:12:26:05 +0000] "PUT /d1/336/AUTH_a92ac7f26cfc4aa3bc21a398d0527bc2/gnocchi.83d8715f-de82-44cf-9d87-ea3e2c725693" 201 - "PUT http://172.18.0.2:8080/v1/AUTH_a92ac7f26cfc4aa3bc21a398d0527bc2/gnocchi.83d8715f-de82-44cf-9d87-ea3e2c725693" "txbaad59f99667446dba740-0068de6f5d" "proxy-server 20" 0.0162 "-" 23 0
Oct 2 12:26:05 standalone proxy-server[131748]: 172.18.0.2 172.18.0.100 02/Oct/2025/12/26/05 PUT /v1/AUTH_a92ac7f26cfc4aa3bc21a398d0527bc2/gnocchi.83d8715f-de82-44cf-9d87-ea3e2c725693 HTTP/1.0 201 - python-swiftclient-3.11.1 gAAAAABo3m9dGVSB... - - - txbaad59f99667446dba740-0068de6f5d - 0.0594 - - 1759407965.799694538 1759407965.859079599 0
Oct 2 12:26:05 standalone container-server[129816]: 172.20.0.100 - - [02/Oct/2025:12:26:05 +0000] "HEAD /d1/336/AUTH_a92ac7f26cfc4aa3bc21a398d0527bc2/gnocchi.83d8715f-de82-44cf-9d87-ea3e2c725693" 204 - "HEAD http://172.18.0.2:8080/v1/AUTH_a92ac7f26cfc4aa3bc21a398d0527bc2/gnocchi.83d8715f-de82-44cf-9d87-ea3e2c725693?format=json&states=listing" "txfa3b54f9f2b64ad391c2e-0068de6f5d" "proxy-server 20" 0.0029 "-" 21 0
Oct 2 12:26:05 standalone proxy-server[131748]: - - 02/Oct/2025/12/26/05 HEAD /v1/AUTH_a92ac7f26cfc4aa3bc21a398d0527bc2/gnocchi.83d8715f-de82-44cf-9d87-ea3e2c725693%3Fformat%3Djson%26states%3Dlisting HTTP/1.0 204 - Swift - - - - txfa3b54f9f2b64ad391c2e-0068de6f5d - 0.0067 RL - 1759407965.864539862 1759407965.871227741 0
Oct 2 12:26:05 standalone container-server[129810]: 172.20.0.100 - - [02/Oct/2025:12:26:05 +0000] "GET /d1/336/AUTH_a92ac7f26cfc4aa3bc21a398d0527bc2/gnocchi.83d8715f-de82-44cf-9d87-ea3e2c725693" 200 2 "GET http://172.18.0.2:8080/v1/AUTH_a92ac7f26cfc4aa3bc21a398d0527bc2/gnocchi.83d8715f-de82-44cf-9d87-ea3e2c725693?format=json&states=listing" "txfa3b54f9f2b64ad391c2e-0068de6f5d" "proxy-server 20" 0.0056 "-" 20 0
Oct 2 12:26:05 standalone proxy-server[131748]: 172.18.0.2 172.18.0.100 02/Oct/2025/12/26/05 GET /v1/AUTH_a92ac7f26cfc4aa3bc21a398d0527bc2/gnocchi.83d8715f-de82-44cf-9d87-ea3e2c725693%3Fformat%3Djson%26states%3Dlisting HTTP/1.0 200 - python-swiftclient-3.11.1 gAAAAABo3m9dGVSB... - 2 - txfa3b54f9f2b64ad391c2e-0068de6f5d - 0.0202 - - 1759407965.863530397 1759407965.883741617 0
Oct 2 12:26:05 standalone object-server[130040]: 172.20.0.100 - - [02/Oct/2025:12:26:05 +0000] "GET /d1/223/AUTH_a92ac7f26cfc4aa3bc21a398d0527bc2/gnocchi.83d8715f-de82-44cf-9d87-ea3e2c725693/1759320000.0_mean_300.0_v3" 404 70 "GET http://172.18.0.2:8080/v1/AUTH_a92ac7f26cfc4aa3bc21a398d0527bc2/gnocchi.83d8715f-de82-44cf-9d87-ea3e2c725693/1759320000.0_mean_300.0_v3" "txb0319b7cb07642f39dbba-0068de6f5d" "proxy-server 20" 0.0008 "-" 25 0
Oct 2 12:26:05 standalone proxy-server[131748]: 172.18.0.2 172.18.0.100 02/Oct/2025/12/26/05 GET /v1/AUTH_a92ac7f26cfc4aa3bc21a398d0527bc2/gnocchi.83d8715f-de82-44cf-9d87-ea3e2c725693/1759320000.0_mean_300.0_v3 HTTP/1.0 404 - python-swiftclient-3.11.1 gAAAAABo3m9dGVSB... - 70 - txb0319b7cb07642f39dbba-0068de6f5d - 0.0062 - - 1759407965.889055729 1759407965.895234823 0
Oct 2 12:26:05 standalone container-server[129810]: 172.20.0.100 - - [02/Oct/2025:12:26:05 +0000] "PUT /d1/336/AUTH_a92ac7f26cfc4aa3bc21a398d0527bc2/gnocchi.83d8715f-de82-44cf-9d87-ea3e2c725693/1759320000.0_mean_300.0_v3" 201 - "PUT http://172.18.0.2:8080/d1/223/AUTH_a92ac7f26cfc4aa3bc21a398d0527bc2/gnocchi.83d8715f-de82-44cf-9d87-ea3e2c725693/1759320000.0_mean_300.0_v3" "txf12bed20408c4fde8bd8d-0068de6f5d" "object-server 25" 0.0010 "-" 20 0
Oct 2 12:26:05 standalone object-server[130040]: 172.20.0.100 - - [02/Oct/2025:12:26:05 +0000] "PUT /d1/223/AUTH_a92ac7f26cfc4aa3bc21a398d0527bc2/gnocchi.83d8715f-de82-44cf-9d87-ea3e2c725693/1759320000.0_mean_300.0_v3" 201 - "PUT http://172.18.0.2:8080/v1/AUTH_a92ac7f26cfc4aa3bc21a398d0527bc2/gnocchi.83d8715f-de82-44cf-9d87-ea3e2c725693/1759320000.0_mean_300.0_v3" "txf12bed20408c4fde8bd8d-0068de6f5d" "proxy-server 20" 0.0284 "-" 25 0
Oct 2 12:26:05 standalone proxy-server[131748]: 172.18.0.2 172.18.0.100 02/Oct/2025/12/26/05 PUT /v1/AUTH_a92ac7f26cfc4aa3bc21a398d0527bc2/gnocchi.83d8715f-de82-44cf-9d87-ea3e2c725693/1759320000.0_mean_300.0_v3 HTTP/1.0 201 - python-swiftclient-3.11.1 gAAAAABo3m9dGVSB... 16 - - txf12bed20408c4fde8bd8d-0068de6f5d - 0.0338 - - 1759407965.898590565 1759407965.932436228 0
Oct 2 12:26:05 standalone container-server[129822]: 172.20.0.100 - - [02/Oct/2025:12:26:05 +0000] "PUT /d1/336/AUTH_a92ac7f26cfc4aa3bc21a398d0527bc2/gnocchi.83d8715f-de82-44cf-9d87-ea3e2c725693/none_v3" 201 - "PUT http://172.18.0.2:8080/d1/506/AUTH_a92ac7f26cfc4aa3bc21a398d0527bc2/gnocchi.83d8715f-de82-44cf-9d87-ea3e2c725693/none_v3" "tx3e07622c7e804fcc85918-0068de6f5d" "object-server 25" 0.0006 "-" 23 0
Oct 2 12:26:05 standalone object-server[130040]: 172.20.0.100 - - [02/Oct/2025:12:26:05 +0000] "PUT /d1/506/AUTH_a92ac7f26cfc4aa3bc21a398d0527bc2/gnocchi.83d8715f-de82-44cf-9d87-ea3e2c725693/none_v3" 201 - "PUT http://172.18.0.2:8080/v1/AUTH_a92ac7f26cfc4aa3bc21a398d0527bc2/gnocchi.83d8715f-de82-44cf-9d87-ea3e2c725693/none_v3" "tx3e07622c7e804fcc85918-0068de6f5d" "proxy-server 20" 0.0100 "-" 25 0
Oct 2 12:26:05 standalone proxy-server[131748]: 172.18.0.2 172.18.0.100 02/Oct/2025/12/26/05 PUT /v1/AUTH_a92ac7f26cfc4aa3bc21a398d0527bc2/gnocchi.83d8715f-de82-44cf-9d87-ea3e2c725693/none_v3 HTTP/1.0 201 - python-swiftclient-3.11.1 gAAAAABo3m9dGVSB... 22 - - tx3e07622c7e804fcc85918-0068de6f5d - 0.0159 - - 1759407965.938800812 1759407965.954698324 0
Oct 2 12:26:35 standalone object-server[130034]: 172.20.0.100 - - [02/Oct/2025:12:26:35 +0000] "GET /d1/506/AUTH_a92ac7f26cfc4aa3bc21a398d0527bc2/gnocchi.83d8715f-de82-44cf-9d87-ea3e2c725693/none_v3" 200 22 "GET http://172.18.0.2:8080/v1/AUTH_a92ac7f26cfc4aa3bc21a398d0527bc2/gnocchi.83d8715f-de82-44cf-9d87-ea3e2c725693/none_v3" "txf981631f715446b3a7199-0068de6f7b" "proxy-server 20" 0.0022 "-" 23 0
Oct 2 12:26:35 standalone proxy-server[131748]: 172.18.0.2 172.18.0.100 02/Oct/2025/12/26/35 GET /v1/AUTH_a92ac7f26cfc4aa3bc21a398d0527bc2/gnocchi.83d8715f-de82-44cf-9d87-ea3e2c725693/none_v3 HTTP/1.0 200 - python-swiftclient-3.11.1 gAAAAABo3m9dGVSB... - 22 - txf981631f715446b3a7199-0068de6f7b - 0.0207 - - 1759407995.109992266 1759407995.130704165 0
Oct 2 12:26:35 standalone container-server[129810]: 172.20.0.100 - - [02/Oct/2025:12:26:35 +0000] "GET /d1/336/AUTH_a92ac7f26cfc4aa3bc21a398d0527bc2/gnocchi.83d8715f-de82-44cf-9d87-ea3e2c725693" 200 357 "GET http://172.18.0.2:8080/v1/AUTH_a92ac7f26cfc4aa3bc21a398d0527bc2/gnocchi.83d8715f-de82-44cf-9d87-ea3e2c725693?format=json&states=listing" "tx565897ed13984df8a9a7e-0068de6f7b" "proxy-server 20" 0.0125 "-" 20 0
Oct 2 12:26:35 standalone proxy-server[131748]: 172.18.0.2 172.18.0.100 02/Oct/2025/12/26/35 GET /v1/AUTH_a92ac7f26cfc4aa3bc21a398d0527bc2/gnocchi.83d8715f-de82-44cf-9d87-ea3e2c725693%3Fformat%3Djson%26states%3Dlisting HTTP/1.0 200 - python-swiftclient-3.11.1 gAAAAABo3m9dGVSB... - 357 - tx565897ed13984df8a9a7e-0068de6f7b - 0.0219 - - 1759407995.134775639 1759407995.156682014 0
Oct 2 12:26:35 standalone container-server[129820]: 172.20.0.100 - - [02/Oct/2025:12:26:35 +0000] "GET /d1/336/AUTH_a92ac7f26cfc4aa3bc21a398d0527bc2/gnocchi.83d8715f-de82-44cf-9d87-ea3e2c725693" 200 2 "GET http://172.18.0.2:8080/v1/AUTH_a92ac7f26cfc4aa3bc21a398d0527bc2/gnocchi.83d8715f-de82-44cf-9d87-ea3e2c725693?format=json&marker=none_v3&states=listing" "tx7e8d1e1379664213ac631-0068de6f7b" "proxy-server 20" 0.0062 "-" 22 0
Oct 2 12:26:35 standalone proxy-server[131748]: 172.18.0.2 172.18.0.100 02/Oct/2025/12/26/35 GET /v1/AUTH_a92ac7f26cfc4aa3bc21a398d0527bc2/gnocchi.83d8715f-de82-44cf-9d87-ea3e2c725693%3Fformat%3Djson%26marker%3Dnone_v3%26states%3Dlisting HTTP/1.0 200 - python-swiftclient-3.11.1 gAAAAABo3m9dGVSB... - 2 - tx7e8d1e1379664213ac631-0068de6f7b - 0.0141 - - 1759407995.159636259 1759407995.173754454 0
Oct 2 12:26:35 standalone object-server[130034]: 172.20.0.100 - - [02/Oct/2025:12:26:35 +0000] "GET /d1/223/AUTH_a92ac7f26cfc4aa3bc21a398d0527bc2/gnocchi.83d8715f-de82-44cf-9d87-ea3e2c725693/1759320000.0_mean_300.0_v3" 200 16 "GET http://172.18.0.2:8080/v1/AUTH_a92ac7f26cfc4aa3bc21a398d0527bc2/gnocchi.83d8715f-de82-44cf-9d87-ea3e2c725693/1759320000.0_mean_300.0_v3" "txcc5cfd5dacc04a338aa1d-0068de6f7b" "proxy-server 20" 0.0009 "-" 23 0
Oct 2 12:26:35 standalone proxy-server[131748]: 172.18.0.2 172.18.0.100 02/Oct/2025/12/26/35 GET /v1/AUTH_a92ac7f26cfc4aa3bc21a398d0527bc2/gnocchi.83d8715f-de82-44cf-9d87-ea3e2c725693/1759320000.0_mean_300.0_v3 HTTP/1.0 200 - python-swiftclient-3.11.1 gAAAAABo3m9dGVSB... - 16 - txcc5cfd5dacc04a338aa1d-0068de6f7b - 0.0065 - - 1759407995.176541805 1759407995.183084249 0
Oct 2 12:26:35 standalone container-server[129810]: 172.20.0.100 - - [02/Oct/2025:12:26:35 +0000] "PUT /d1/336/AUTH_a92ac7f26cfc4aa3bc21a398d0527bc2/gnocchi.83d8715f-de82-44cf-9d87-ea3e2c725693/1759320000.0_mean_300.0_v3" 201 - "PUT http://172.18.0.2:8080/d1/223/AUTH_a92ac7f26cfc4aa3bc21a398d0527bc2/gnocchi.83d8715f-de82-44cf-9d87-ea3e2c725693/1759320000.0_mean_300.0_v3" "tx48c9146ecd214d809a5c0-0068de6f7b" "object-server 25" 0.0007 "-" 20 0
Oct 2 12:26:35 standalone object-server[130040]: 172.20.0.100 - - [02/Oct/2025:12:26:35 +0000] "PUT /d1/223/AUTH_a92ac7f26cfc4aa3bc21a398d0527bc2/gnocchi.83d8715f-de82-44cf-9d87-ea3e2c725693/1759320000.0_mean_300.0_v3" 201 - "PUT http://172.18.0.2:8080/v1/AUTH_a92ac7f26cfc4aa3bc21a398d0527bc2/gnocchi.83d8715f-de82-44cf-9d87-ea3e2c725693/1759320000.0_mean_300.0_v3" "tx48c9146ecd214d809a5c0-0068de6f7b" "proxy-server 20" 0.0093 "-" 25 0
Oct 2 12:26:35 standalone proxy-server[131748]: 172.18.0.2 172.18.0.100 02/Oct/2025/12/26/35 PUT /v1/AUTH_a92ac7f26cfc4aa3bc21a398d0527bc2/gnocchi.83d8715f-de82-44cf-9d87-ea3e2c725693/1759320000.0_mean_300.0_v3 HTTP/1.0 201 - python-swiftclient-3.11.1 gAAAAABo3m9dGVSB... 16 - - tx48c9146ecd214d809a5c0-0068de6f7b - 0.0146 - - 1759407995.185227633 1759407995.199785233 0
Oct 2 12:26:35 standalone container-server[129810]: 172.20.0.100 - - [02/Oct/2025:12:26:35 +0000] "PUT /d1/336/AUTH_a92ac7f26cfc4aa3bc21a398d0527bc2/gnocchi.83d8715f-de82-44cf-9d87-ea3e2c725693/none_v3" 201 - "PUT http://172.18.0.2:8080/d1/506/AUTH_a92ac7f26cfc4aa3bc21a398d0527bc2/gnocchi.83d8715f-de82-44cf-9d87-ea3e2c725693/none_v3" "tx952ef16bde954de487faf-0068de6f7b" "object-server 24" 0.0005 "-" 20 0
Oct 2 12:26:35 standalone object-server[130036]: 172.20.0.100 - - [02/Oct/2025:12:26:35 +0000] "PUT /d1/506/AUTH_a92ac7f26cfc4aa3bc21a398d0527bc2/gnocchi.83d8715f-de82-44cf-9d87-ea3e2c725693/none_v3" 201 - "PUT http://172.18.0.2:8080/v1/AUTH_a92ac7f26cfc4aa3bc21a398d0527bc2/gnocchi.83d8715f-de82-44cf-9d87-ea3e2c725693/none_v3" "tx952ef16bde954de487faf-0068de6f7b" "proxy-server 20" 0.0285 "-" 24 0
Oct 2 12:26:35 standalone proxy-server[131748]: 172.18.0.2 172.18.0.100 02/Oct/2025/12/26/35 PUT /v1/AUTH_a92ac7f26cfc4aa3bc21a398d0527bc2/gnocchi.83d8715f-de82-44cf-9d87-ea3e2c725693/none_v3 HTTP/1.0 201 - python-swiftclient-3.11.1 gAAAAABo3m9dGVSB... 32 - - tx952ef16bde954de487faf-0068de6f7b - 0.0350 - - 1759407995.202444315 1759407995.237420082 0
Oct 2 12:27:04 standalone container-server[129820]: 172.20.0.100 - - [02/Oct/2025:12:27:04 +0000] "HEAD /d1/106/AUTH_a92ac7f26cfc4aa3bc21a398d0527bc2/gnocchi.4285b53a-9148-40ae-9f36-f07b3cc937e5" 404 - "HEAD http://172.18.0.2:8080/v1/AUTH_a92ac7f26cfc4aa3bc21a398d0527bc2/gnocchi.4285b53a-9148-40ae-9f36-f07b3cc937e5?format=json&states=listing" "tx44cd0d2b452942498c93b-0068de6f98" "proxy-server 20" 0.0006 "-" 22 0
Oct 2 12:27:04 standalone object-server[130040]: 172.20.0.100 - - [02/Oct/2025:12:27:04 +0000] "GET /d1/603/AUTH_a92ac7f26cfc4aa3bc21a398d0527bc2/gnocchi.4285b53a-9148-40ae-9f36-f07b3cc937e5/none_v3" 404 70 "GET http://172.18.0.2:8080/v1/AUTH_a92ac7f26cfc4aa3bc21a398d0527bc2/gnocchi.4285b53a-9148-40ae-9f36-f07b3cc937e5/none_v3" "tx44cd0d2b452942498c93b-0068de6f98" "proxy-server 20" 0.0007 "-" 25 0
Oct 2 12:27:04 standalone proxy-server[131748]: 172.18.0.2 172.18.0.100 02/Oct/2025/12/27/04 GET /v1/AUTH_a92ac7f26cfc4aa3bc21a398d0527bc2/gnocchi.4285b53a-9148-40ae-9f36-f07b3cc937e5/none_v3 HTTP/1.0 404 - python-swiftclient-3.11.1 gAAAAABo3m9dGVSB... - 70 - tx44cd0d2b452942498c93b-0068de6f98 - 0.0166 - - 1759408024.956973076 1759408024.973609686 0
Oct 2 12:27:05 standalone account-server[129581]: 172.20.0.100 - - [02/Oct/2025:12:27:05 +0000] "PUT /d1/287/AUTH_a92ac7f26cfc4aa3bc21a398d0527bc2/gnocchi.4285b53a-9148-40ae-9f36-f07b3cc937e5" 201 - "PUT http://172.20.0.100:6001/d1/106/AUTH_a92ac7f26cfc4aa3bc21a398d0527bc2/gnocchi.4285b53a-9148-40ae-9f36-f07b3cc937e5" "txfc8fcec0baa34819b26d0-0068de6f98" "container-server 21" 0.0158 "-" 19 0
Oct 2 12:27:05 standalone container-server[129816]: 172.20.0.100 - - [02/Oct/2025:12:27:05 +0000] "PUT /d1/106/AUTH_a92ac7f26cfc4aa3bc21a398d0527bc2/gnocchi.4285b53a-9148-40ae-9f36-f07b3cc937e5" 201 - "PUT http://172.18.0.2:8080/v1/AUTH_a92ac7f26cfc4aa3bc21a398d0527bc2/gnocchi.4285b53a-9148-40ae-9f36-f07b3cc937e5" "txfc8fcec0baa34819b26d0-0068de6f98" "proxy-server 20" 0.0668 "-" 21 0
Oct 2 12:27:05 standalone proxy-server[131748]: 172.18.0.2 172.18.0.100 02/Oct/2025/12/27/05 PUT /v1/AUTH_a92ac7f26cfc4aa3bc21a398d0527bc2/gnocchi.4285b53a-9148-40ae-9f36-f07b3cc937e5 HTTP/1.0 201 - python-swiftclient-3.11.1 gAAAAABo3m9dGVSB... - - - txfc8fcec0baa34819b26d0-0068de6f98 - 0.0748 - - 1759408024.977339745 1759408025.052173138 0
Oct 2 12:27:05 standalone container-server[129816]: 172.20.0.100 - - [02/Oct/2025:12:27:05 +0000] "HEAD /d1/106/AUTH_a92ac7f26cfc4aa3bc21a398d0527bc2/gnocchi.4285b53a-9148-40ae-9f36-f07b3cc937e5" 204 - "HEAD http://172.18.0.2:8080/v1/AUTH_a92ac7f26cfc4aa3bc21a398d0527bc2/gnocchi.4285b53a-9148-40ae-9f36-f07b3cc937e5?format=json&states=listing" "txa85c3af8ddb244ddbf96a-0068de6f99" "proxy-server 20" 0.0023 "-" 21 0
Oct 2 12:27:05 standalone proxy-server[131748]: - - 02/Oct/2025/12/27/05 HEAD /v1/AUTH_a92ac7f26cfc4aa3bc21a398d0527bc2/gnocchi.4285b53a-9148-40ae-9f36-f07b3cc937e5%3Fformat%3Djson%26states%3Dlisting HTTP/1.0 204 - Swift - - - - txa85c3af8ddb244ddbf96a-0068de6f99 - 0.0082 RL - 1759408025.058399916 1759408025.066616297 0
Oct 2 12:27:05 standalone container-server[129822]: 172.20.0.100 - - [02/Oct/2025:12:27:05 +0000] "GET /d1/106/AUTH_a92ac7f26cfc4aa3bc21a398d0527bc2/gnocchi.4285b53a-9148-40ae-9f36-f07b3cc937e5" 200 2 "GET http://172.18.0.2:8080/v1/AUTH_a92ac7f26cfc4aa3bc21a398d0527bc2/gnocchi.4285b53a-9148-40ae-9f36-f07b3cc937e5?format=json&states=listing" "txa85c3af8ddb244ddbf96a-0068de6f99" "proxy-server 20" 0.0055 "-" 23 0
Oct 2 12:27:05 standalone proxy-server[131748]: 172.18.0.2 172.18.0.100 02/Oct/2025/12/27/05 GET /v1/AUTH_a92ac7f26cfc4aa3bc21a398d0527bc2/gnocchi.4285b53a-9148-40ae-9f36-f07b3cc937e5%3Fformat%3Djson%26states%3Dlisting HTTP/1.0 200 - python-swiftclient-3.11.1 gAAAAABo3m9dGVSB... - 2 - txa85c3af8ddb244ddbf96a-0068de6f99 - 0.0251 - - 1759408025.056619883 1759408025.081719637 0
Oct 2 12:27:05 standalone object-server[130040]: 172.20.0.100 - - [02/Oct/2025:12:27:05 +0000] "GET /d1/457/AUTH_a92ac7f26cfc4aa3bc21a398d0527bc2/gnocchi.4285b53a-9148-40ae-9f36-f07b3cc937e5/1759320000.0_mean_300.0_v3" 404 70 "GET http://172.18.0.2:8080/v1/AUTH_a92ac7f26cfc4aa3bc21a398d0527bc2/gnocchi.4285b53a-9148-40ae-9f36-f07b3cc937e5/1759320000.0_mean_300.0_v3" "tx1f94deac8c7b4496809e1-0068de6f99" "proxy-server 20" 0.0007 "-" 25 0
Oct 2 12:27:05 standalone proxy-server[131748]: 172.18.0.2 172.18.0.100 02/Oct/2025/12/27/05 GET /v1/AUTH_a92ac7f26cfc4aa3bc21a398d0527bc2/gnocchi.4285b53a-9148-40ae-9f36-f07b3cc937e5/1759320000.0_mean_300.0_v3 HTTP/1.0 404 - python-swiftclient-3.11.1 gAAAAABo3m9dGVSB... - 70 - tx1f94deac8c7b4496809e1-0068de6f99 - 0.0102 - - 1759408025.085411787 1759408025.095631361 0
Oct 2 12:27:05 standalone container-server[129810]: 172.20.0.100 - - [02/Oct/2025:12:27:05 +0000] "PUT /d1/106/AUTH_a92ac7f26cfc4aa3bc21a398d0527bc2/gnocchi.4285b53a-9148-40ae-9f36-f07b3cc937e5/1759320000.0_mean_300.0_v3" 201 - "PUT http://172.18.0.2:8080/d1/457/AUTH_a92ac7f26cfc4aa3bc21a398d0527bc2/gnocchi.4285b53a-9148-40ae-9f36-f07b3cc937e5/1759320000.0_mean_300.0_v3" "txc07b632e62da40c195216-0068de6f99" "object-server 25" 0.0010 "-" 20 0
Oct 2 12:27:05 standalone object-server[130040]: 172.20.0.100 - - [02/Oct/2025:12:27:05 +0000] "PUT /d1/457/AUTH_a92ac7f26cfc4aa3bc21a398d0527bc2/gnocchi.4285b53a-9148-40ae-9f36-f07b3cc937e5/1759320000.0_mean_300.0_v3" 201 - "PUT http://172.18.0.2:8080/v1/AUTH_a92ac7f26cfc4aa3bc21a398d0527bc2/gnocchi.4285b53a-9148-40ae-9f36-f07b3cc937e5/1759320000.0_mean_300.0_v3" "txc07b632e62da40c195216-0068de6f99" "proxy-server 20" 0.0222 "-" 25 0
Oct 2 12:27:05 standalone proxy-server[131748]: 172.18.0.2 172.18.0.100 02/Oct/2025/12/27/05 PUT /v1/AUTH_a92ac7f26cfc4aa3bc21a398d0527bc2/gnocchi.4285b53a-9148-40ae-9f36-f07b3cc937e5/1759320000.0_mean_300.0_v3 HTTP/1.0 201 - python-swiftclient-3.11.1 gAAAAABo3m9dGVSB... 16 - - txc07b632e62da40c195216-0068de6f99 - 0.0314 - - 1759408025.099356651 1759408025.130720139 0
Oct 2 12:27:05 standalone container-server[129822]: 172.20.0.100 - - [02/Oct/2025:12:27:05 +0000] "PUT /d1/106/AUTH_a92ac7f26cfc4aa3bc21a398d0527bc2/gnocchi.4285b53a-9148-40ae-9f36-f07b3cc937e5/none_v3" 201 - "PUT http://172.18.0.2:8080/d1/603/AUTH_a92ac7f26cfc4aa3bc21a398d0527bc2/gnocchi.4285b53a-9148-40ae-9f36-f07b3cc937e5/none_v3" "tx4a3dd16a99b84d90802e9-0068de6f99" "object-server 22" 0.0009 "-" 23 0
Oct 2 12:27:05 standalone object-server[130032]: 172.20.0.100 - - [02/Oct/2025:12:27:05 +0000] "PUT /d1/603/AUTH_a92ac7f26cfc4aa3bc21a398d0527bc2/gnocchi.4285b53a-9148-40ae-9f36-f07b3cc937e5/none_v3" 201 - "PUT http://172.18.0.2:8080/v1/AUTH_a92ac7f26cfc4aa3bc21a398d0527bc2/gnocchi.4285b53a-9148-40ae-9f36-f07b3cc937e5/none_v3" "tx4a3dd16a99b84d90802e9-0068de6f99" "proxy-server 20" 0.0562 "-" 22 0
Oct 2 12:27:05 standalone proxy-server[131748]: 172.18.0.2 172.18.0.100 02/Oct/2025/12/27/05 PUT /v1/AUTH_a92ac7f26cfc4aa3bc21a398d0527bc2/gnocchi.4285b53a-9148-40ae-9f36-f07b3cc937e5/none_v3 HTTP/1.0 201 - python-swiftclient-3.11.1 gAAAAABo3m9dGVSB... 22 - - tx4a3dd16a99b84d90802e9-0068de6f99 - 0.0753 - - 1759408025.133939981 1759408025.209272623 0
Oct 2 12:27:05 standalone account-server[129591]: 172.20.0.100 - - [02/Oct/2025:12:27:05 +0000] "HEAD /d1/287/AUTH_a92ac7f26cfc4aa3bc21a398d0527bc2" 204 - "HEAD http://172.18.0.2:8080/v1/AUTH_a92ac7f26cfc4aa3bc21a398d0527bc2?format=json" "tx37ccceae82a04b55b9c0c-0068de6f99" "proxy-server 20" 0.0078 "-" 20 -
Oct 2 12:27:05 standalone proxy-server[131748]: - - 02/Oct/2025/12/27/05 HEAD /v1/AUTH_a92ac7f26cfc4aa3bc21a398d0527bc2%3Fformat%3Djson HTTP/1.0 204 - Swift - - - - tx37ccceae82a04b55b9c0c-0068de6f99 - 0.0130 RL - 1759408025.223334074 1759408025.236339092 -
Oct 2 12:27:05 standalone container-server[129816]: 172.20.0.100 - - [02/Oct/2025:12:27:05 +0000] "HEAD /d1/222/AUTH_a92ac7f26cfc4aa3bc21a398d0527bc2/gnocchi.19b1ab30-d315-4136-8c63-eb20ee4bb84a" 404 - "HEAD http://172.18.0.2:8080/v1/AUTH_a92ac7f26cfc4aa3bc21a398d0527bc2/gnocchi.19b1ab30-d315-4136-8c63-eb20ee4bb84a?format=json&states=listing" "tx37ccceae82a04b55b9c0c-0068de6f99" "proxy-server 20" 0.0003 "-" 21 0
Oct 2 12:27:05 standalone object-server[130032]: 172.20.0.100 - - [02/Oct/2025:12:27:05 +0000] "GET /d1/896/AUTH_a92ac7f26cfc4aa3bc21a398d0527bc2/gnocchi.19b1ab30-d315-4136-8c63-eb20ee4bb84a/none_v3" 404 70 "GET http://172.18.0.2:8080/v1/AUTH_a92ac7f26cfc4aa3bc21a398d0527bc2/gnocchi.19b1ab30-d315-4136-8c63-eb20ee4bb84a/none_v3" "tx37ccceae82a04b55b9c0c-0068de6f99" "proxy-server 20" 0.0005 "-" 22 0
Oct 2 12:27:05 standalone proxy-server[131748]: 172.18.0.2 172.18.0.100 02/Oct/2025/12/27/05 GET /v1/AUTH_a92ac7f26cfc4aa3bc21a398d0527bc2/gnocchi.19b1ab30-d315-4136-8c63-eb20ee4bb84a/none_v3 HTTP/1.0 404 - python-swiftclient-3.11.1 gAAAAABo3m9dGVSB... - 70 - tx37ccceae82a04b55b9c0c-0068de6f99 - 0.0302 - - 1759408025.222191572 1759408025.252358913 0
Oct 2 12:27:05 standalone account-server[129641]: 172.20.0.100 - - [02/Oct/2025:12:27:05 +0000] "PUT /d1/287/AUTH_a92ac7f26cfc4aa3bc21a398d0527bc2/gnocchi.19b1ab30-d315-4136-8c63-eb20ee4bb84a" 201 - "PUT http://172.20.0.100:6001/d1/222/AUTH_a92ac7f26cfc4aa3bc21a398d0527bc2/gnocchi.19b1ab30-d315-4136-8c63-eb20ee4bb84a" "tx10e79f66f0f44c759e379-0068de6f99" "container-server 23" 0.0013 "-" 22 0
Oct 2 12:27:05 standalone container-server[129822]: 172.20.0.100 - - [02/Oct/2025:12:27:05 +0000] "PUT /d1/222/AUTH_a92ac7f26cfc4aa3bc21a398d0527bc2/gnocchi.19b1ab30-d315-4136-8c63-eb20ee4bb84a" 201 - "PUT http://172.18.0.2:8080/v1/AUTH_a92ac7f26cfc4aa3bc21a398d0527bc2/gnocchi.19b1ab30-d315-4136-8c63-eb20ee4bb84a" "tx10e79f66f0f44c759e379-0068de6f99" "proxy-server 20" 0.0105 "-" 23 0
Oct 2 12:27:05 standalone proxy-server[131748]: 172.18.0.2 172.18.0.100 02/Oct/2025/12/27/05 PUT /v1/AUTH_a92ac7f26cfc4aa3bc21a398d0527bc2/gnocchi.19b1ab30-d315-4136-8c63-eb20ee4bb84a HTTP/1.0 201 - python-swiftclient-3.11.1 gAAAAABo3m9dGVSB... - - - tx10e79f66f0f44c759e379-0068de6f99 - 0.0174 - - 1759408025.257442474 1759408025.274858236 0
Oct 2 12:27:05 standalone container-server[129810]: 172.20.0.100 - - [02/Oct/2025:12:27:05 +0000] "HEAD /d1/222/AUTH_a92ac7f26cfc4aa3bc21a398d0527bc2/gnocchi.19b1ab30-d315-4136-8c63-eb20ee4bb84a" 204 - "HEAD http://172.18.0.2:8080/v1/AUTH_a92ac7f26cfc4aa3bc21a398d0527bc2/gnocchi.19b1ab30-d315-4136-8c63-eb20ee4bb84a?format=json&states=listing" "tx23e157d47e8e4e448f308-0068de6f99" "proxy-server 20" 0.0015 "-" 20 0
Oct 2 12:27:05 standalone proxy-server[131748]: - - 02/Oct/2025/12/27/05 HEAD /v1/AUTH_a92ac7f26cfc4aa3bc21a398d0527bc2/gnocchi.19b1ab30-d315-4136-8c63-eb20ee4bb84a%3Fformat%3Djson%26states%3Dlisting HTTP/1.0 204 - Swift - - - - tx23e157d47e8e4e448f308-0068de6f99 - 0.0068 RL - 1759408025.283560991 1759408025.290357590 0
Oct 2 12:27:05 standalone container-server[129816]: 172.20.0.100 - - [02/Oct/2025:12:27:05 +0000] "GET /d1/222/AUTH_a92ac7f26cfc4aa3bc21a398d0527bc2/gnocchi.19b1ab30-d315-4136-8c63-eb20ee4bb84a" 200 2 "GET http://172.18.0.2:8080/v1/AUTH_a92ac7f26cfc4aa3bc21a398d0527bc2/gnocchi.19b1ab30-d315-4136-8c63-eb20ee4bb84a?format=json&states=listing" "tx23e157d47e8e4e448f308-0068de6f99" "proxy-server 20" 0.0020 "-" 21 0
Oct 2 12:27:05 standalone proxy-server[131748]: 172.18.0.2 172.18.0.100 02/Oct/2025/12/27/05 GET /v1/AUTH_a92ac7f26cfc4aa3bc21a398d0527bc2/gnocchi.19b1ab30-d315-4136-8c63-eb20ee4bb84a%3Fformat%3Djson%26states%3Dlisting HTTP/1.0 200 - python-swiftclient-3.11.1 gAAAAABo3m9dGVSB... - 2 - tx23e157d47e8e4e448f308-0068de6f99 - 0.0215 - - 1759408025.281901598 1759408025.303354979 0
Oct 2 12:27:05 standalone object-server[130040]: 172.20.0.100 - - [02/Oct/2025:12:27:05 +0000] "GET /d1/3/AUTH_a92ac7f26cfc4aa3bc21a398d0527bc2/gnocchi.19b1ab30-d315-4136-8c63-eb20ee4bb84a/1759320000.0_mean_300.0_v3" 404 70 "GET http://172.18.0.2:8080/v1/AUTH_a92ac7f26cfc4aa3bc21a398d0527bc2/gnocchi.19b1ab30-d315-4136-8c63-eb20ee4bb84a/1759320000.0_mean_300.0_v3" "tx4645dbb986944570b3141-0068de6f99" "proxy-server 20" 0.0005 "-" 25 0
Oct 2 12:27:05 standalone proxy-server[131748]: 172.18.0.2 172.18.0.100 02/Oct/2025/12/27/05 GET /v1/AUTH_a92ac7f26cfc4aa3bc21a398d0527bc2/gnocchi.19b1ab30-d315-4136-8c63-eb20ee4bb84a/1759320000.0_mean_300.0_v3 HTTP/1.0 404 - python-swiftclient-3.11.1 gAAAAABo3m9dGVSB... - 70 - tx4645dbb986944570b3141-0068de6f99 - 0.0083 - - 1759408025.308736801 1759408025.317049265 0
Oct 2 12:27:05 standalone container-server[129816]: 172.20.0.100 - - [02/Oct/2025:12:27:05 +0000] "PUT /d1/222/AUTH_a92ac7f26cfc4aa3bc21a398d0527bc2/gnocchi.19b1ab30-d315-4136-8c63-eb20ee4bb84a/1759320000.0_mean_300.0_v3" 201 - "PUT http://172.18.0.2:8080/d1/3/AUTH_a92ac7f26cfc4aa3bc21a398d0527bc2/gnocchi.19b1ab30-d315-4136-8c63-eb20ee4bb84a/1759320000.0_mean_300.0_v3" "tx09341baa57414845bc43f-0068de6f99" "object-server 24" 0.0005 "-" 21 0
Oct 2 12:27:05 standalone object-server[130036]: 172.20.0.100 - - [02/Oct/2025:12:27:05 +0000] "PUT /d1/3/AUTH_a92ac7f26cfc4aa3bc21a398d0527bc2/gnocchi.19b1ab30-d315-4136-8c63-eb20ee4bb84a/1759320000.0_mean_300.0_v3" 201 - "PUT http://172.18.0.2:8080/v1/AUTH_a92ac7f26cfc4aa3bc21a398d0527bc2/gnocchi.19b1ab30-d315-4136-8c63-eb20ee4bb84a/1759320000.0_mean_300.0_v3" "tx09341baa57414845bc43f-0068de6f99" "proxy-server 20" 0.0097 "-" 24 0
Oct 2 12:27:05 standalone proxy-server[131748]: 172.18.0.2 172.18.0.100 02/Oct/2025/12/27/05 PUT /v1/AUTH_a92ac7f26cfc4aa3bc21a398d0527bc2/gnocchi.19b1ab30-d315-4136-8c63-eb20ee4bb84a/1759320000.0_mean_300.0_v3 HTTP/1.0 201 - python-swiftclient-3.11.1 gAAAAABo3m9dGVSB... 16 - - tx09341baa57414845bc43f-0068de6f99 - 0.0175 - - 1759408025.321485519 1759408025.339034557 0
Oct 2 12:27:05 standalone container-server[129820]: 172.20.0.100 - - [02/Oct/2025:12:27:05 +0000] "PUT /d1/222/AUTH_a92ac7f26cfc4aa3bc21a398d0527bc2/gnocchi.19b1ab30-d315-4136-8c63-eb20ee4bb84a/none_v3" 201 - "PUT http://172.18.0.2:8080/d1/896/AUTH_a92ac7f26cfc4aa3bc21a398d0527bc2/gnocchi.19b1ab30-d315-4136-8c63-eb20ee4bb84a/none_v3" "tx0e9510874dff467480db0-0068de6f99" "object-server 25" 0.0008 "-" 22 0
Oct 2 12:27:05 standalone object-server[130040]: 172.20.0.100 - - [02/Oct/2025:12:27:05 +0000] "PUT /d1/896/AUTH_a92ac7f26cfc4aa3bc21a398d0527bc2/gnocchi.19b1ab30-d315-4136-8c63-eb20ee4bb84a/none_v3" 201 - "PUT http://172.18.0.2:8080/v1/AUTH_a92ac7f26cfc4aa3bc21a398d0527bc2/gnocchi.19b1ab30-d315-4136-8c63-eb20ee4bb84a/none_v3" "tx0e9510874dff467480db0-0068de6f99" "proxy-server 20" 0.0104 "-" 25 0
Oct 2 12:27:05 standalone proxy-server[131748]: 172.18.0.2 172.18.0.100 02/Oct/2025/12/27/05 PUT /v1/AUTH_a92ac7f26cfc4aa3bc21a398d0527bc2/gnocchi.19b1ab30-d315-4136-8c63-eb20ee4bb84a/none_v3 HTTP/1.0 201 - python-swiftclient-3.11.1 gAAAAABo3m9dGVSB... 22 - - tx0e9510874dff467480db0-0068de6f99 - 0.0188 - - 1759408025.343669653 1759408025.362513065 0
Oct 2 12:27:12 standalone container-server[129820]: 172.20.0.100 - - [02/Oct/2025:12:27:12 +0000] "HEAD /d1/192/AUTH_a92ac7f26cfc4aa3bc21a398d0527bc2/gnocchi.8ecfa243-6e9e-4361-99b4-c1ea2cbba836" 404 - "HEAD http://172.18.0.2:8080/v1/AUTH_a92ac7f26cfc4aa3bc21a398d0527bc2/gnocchi.8ecfa243-6e9e-4361-99b4-c1ea2cbba836?format=json&states=listing" "tx7197058701e5489b8ce5f-0068de6fa0" "proxy-server 20" 0.0009 "-" 22 0
Oct 2 12:27:12 standalone object-server[130040]: 172.20.0.100 - - [02/Oct/2025:12:27:12 +0000] "GET /d1/916/AUTH_a92ac7f26cfc4aa3bc21a398d0527bc2/gnocchi.8ecfa243-6e9e-4361-99b4-c1ea2cbba836/none_v3" 404 70 "GET http://172.18.0.2:8080/v1/AUTH_a92ac7f26cfc4aa3bc21a398d0527bc2/gnocchi.8ecfa243-6e9e-4361-99b4-c1ea2cbba836/none_v3" "tx7197058701e5489b8ce5f-0068de6fa0" "proxy-server 20" 0.0007 "-" 25 0
Oct 2 12:27:12 standalone proxy-server[131748]: 172.18.0.2 172.18.0.100 02/Oct/2025/12/27/12 GET /v1/AUTH_a92ac7f26cfc4aa3bc21a398d0527bc2/gnocchi.8ecfa243-6e9e-4361-99b4-c1ea2cbba836/none_v3 HTTP/1.0 404 - python-swiftclient-3.11.1 gAAAAABo3m9dGVSB... - 70 - tx7197058701e5489b8ce5f-0068de6fa0 - 0.0172 - - 1759408032.947134733 1759408032.964322329 0
Oct 2 12:27:12 standalone account-server[129591]: 172.20.0.100 - - [02/Oct/2025:12:27:12 +0000] "PUT /d1/287/AUTH_a92ac7f26cfc4aa3bc21a398d0527bc2/gnocchi.8ecfa243-6e9e-4361-99b4-c1ea2cbba836" 201 - "PUT http://172.20.0.100:6001/d1/192/AUTH_a92ac7f26cfc4aa3bc21a398d0527bc2/gnocchi.8ecfa243-6e9e-4361-99b4-c1ea2cbba836" "txaeb4ca1e727d40bdb939a-0068de6fa0" "container-server 23" 0.0047 "-" 20 0
Oct 2 12:27:12 standalone container-server[129822]: 172.20.0.100 - - [02/Oct/2025:12:27:12 +0000] "PUT /d1/192/AUTH_a92ac7f26cfc4aa3bc21a398d0527bc2/gnocchi.8ecfa243-6e9e-4361-99b4-c1ea2cbba836" 201 - "PUT http://172.18.0.2:8080/v1/AUTH_a92ac7f26cfc4aa3bc21a398d0527bc2/gnocchi.8ecfa243-6e9e-4361-99b4-c1ea2cbba836" "txaeb4ca1e727d40bdb939a-0068de6fa0" "proxy-server 20" 0.0172 "-" 23 0
Oct 2 12:27:12 standalone proxy-server[131748]: 172.18.0.2 172.18.0.100 02/Oct/2025/12/27/12 PUT /v1/AUTH_a92ac7f26cfc4aa3bc21a398d0527bc2/gnocchi.8ecfa243-6e9e-4361-99b4-c1ea2cbba836 HTTP/1.0 201 - python-swiftclient-3.11.1 gAAAAABo3m9dGVSB... - - - txaeb4ca1e727d40bdb939a-0068de6fa0 - 0.0243 - - 1759408032.967810869 1759408032.992097855 0
Oct 2 12:27:13 standalone container-server[129822]: 172.20.0.100 - - [02/Oct/2025:12:27:13 +0000] "HEAD /d1/192/AUTH_a92ac7f26cfc4aa3bc21a398d0527bc2/gnocchi.8ecfa243-6e9e-4361-99b4-c1ea2cbba836" 204 - "HEAD http://172.18.0.2:8080/v1/AUTH_a92ac7f26cfc4aa3bc21a398d0527bc2/gnocchi.8ecfa243-6e9e-4361-99b4-c1ea2cbba836?format=json&states=listing" "tx6e11a628e0334a7593c1c-0068de6fa0" "proxy-server 20" 0.0024 "-" 23 0
Oct 2 12:27:13 standalone proxy-server[131748]: - - 02/Oct/2025/12/27/13 HEAD /v1/AUTH_a92ac7f26cfc4aa3bc21a398d0527bc2/gnocchi.8ecfa243-6e9e-4361-99b4-c1ea2cbba836%3Fformat%3Djson%26states%3Dlisting HTTP/1.0 204 - Swift - - - - tx6e11a628e0334a7593c1c-0068de6fa0 - 0.0058 RL - 1759408032.996093512 1759408033.001877308 0
Oct 2 12:27:13 standalone container-server[129816]: 172.20.0.100 - - [02/Oct/2025:12:27:13 +0000] "GET /d1/192/AUTH_a92ac7f26cfc4aa3bc21a398d0527bc2/gnocchi.8ecfa243-6e9e-4361-99b4-c1ea2cbba836" 200 2 "GET http://172.18.0.2:8080/v1/AUTH_a92ac7f26cfc4aa3bc21a398d0527bc2/gnocchi.8ecfa243-6e9e-4361-99b4-c1ea2cbba836?format=json&states=listing" "tx6e11a628e0334a7593c1c-0068de6fa0" "proxy-server 20" 0.0017 "-" 21 0
Oct 2 12:27:13 standalone proxy-server[131748]: 172.18.0.2 172.18.0.100 02/Oct/2025/12/27/13 GET /v1/AUTH_a92ac7f26cfc4aa3bc21a398d0527bc2/gnocchi.8ecfa243-6e9e-4361-99b4-c1ea2cbba836%3Fformat%3Djson%26states%3Dlisting HTTP/1.0 200 - python-swiftclient-3.11.1 gAAAAABo3m9dGVSB... - 2 - tx6e11a628e0334a7593c1c-0068de6fa0 - 0.0129 - - 1759408032.995236158 1759408033.008159399 0
Oct 2 12:27:13 standalone object-server[130034]: 172.20.0.100 - - [02/Oct/2025:12:27:13 +0000] "GET /d1/445/AUTH_a92ac7f26cfc4aa3bc21a398d0527bc2/gnocchi.8ecfa243-6e9e-4361-99b4-c1ea2cbba836/1759320000.0_mean_300.0_v3" 404 70 "GET http://172.18.0.2:8080/v1/AUTH_a92ac7f26cfc4aa3bc21a398d0527bc2/gnocchi.8ecfa243-6e9e-4361-99b4-c1ea2cbba836/1759320000.0_mean_300.0_v3" "tx8c300a31871a4635babac-0068de6fa1" "proxy-server 20" 0.0006 "-" 23 0
Oct 2 12:27:13 standalone proxy-server[131748]: 172.18.0.2 172.18.0.100 02/Oct/2025/12/27/13 GET /v1/AUTH_a92ac7f26cfc4aa3bc21a398d0527bc2/gnocchi.8ecfa243-6e9e-4361-99b4-c1ea2cbba836/1759320000.0_mean_300.0_v3 HTTP/1.0 404 - python-swiftclient-3.11.1 gAAAAABo3m9dGVSB... - 70 - tx8c300a31871a4635babac-0068de6fa1 - 0.0054 - - 1759408033.010782480 1759408033.016191483 0
Oct 2 12:27:13 standalone container-server[129822]: 172.20.0.100 - - [02/Oct/2025:12:27:13 +0000] "PUT /d1/192/AUTH_a92ac7f26cfc4aa3bc21a398d0527bc2/gnocchi.8ecfa243-6e9e-4361-99b4-c1ea2cbba836/1759320000.0_mean_300.0_v3" 201 - "PUT http://172.18.0.2:8080/d1/445/AUTH_a92ac7f26cfc4aa3bc21a398d0527bc2/gnocchi.8ecfa243-6e9e-4361-99b4-c1ea2cbba836/1759320000.0_mean_300.0_v3" "tx7b51805c0ea94634aea83-0068de6fa1" "object-server 23" 0.0009 "-" 23 0
Oct 2 12:27:13 standalone object-server[130034]: 172.20.0.100 - - [02/Oct/2025:12:27:13 +0000] "PUT /d1/445/AUTH_a92ac7f26cfc4aa3bc21a398d0527bc2/gnocchi.8ecfa243-6e9e-4361-99b4-c1ea2cbba836/1759320000.0_mean_300.0_v3" 201 - "PUT http://172.18.0.2:8080/v1/AUTH_a92ac7f26cfc4aa3bc21a398d0527bc2/gnocchi.8ecfa243-6e9e-4361-99b4-c1ea2cbba836/1759320000.0_mean_300.0_v3" "tx7b51805c0ea94634aea83-0068de6fa1" "proxy-server 20" 0.0201 "-" 23 0
Oct 2 12:27:13 standalone proxy-server[131748]: 172.18.0.2 172.18.0.100 02/Oct/2025/12/27/13 PUT /v1/AUTH_a92ac7f26cfc4aa3bc21a398d0527bc2/gnocchi.8ecfa243-6e9e-4361-99b4-c1ea2cbba836/1759320000.0_mean_300.0_v3 HTTP/1.0 201 - python-swiftclient-3.11.1 gAAAAABo3m9dGVSB... 16 - - tx7b51805c0ea94634aea83-0068de6fa1 - 0.0267 - - 1759408033.018354893 1759408033.045086384 0
Oct 2 12:27:13 standalone container-server[129810]: 172.20.0.100 - - [02/Oct/2025:12:27:13 +0000] "PUT /d1/192/AUTH_a92ac7f26cfc4aa3bc21a398d0527bc2/gnocchi.8ecfa243-6e9e-4361-99b4-c1ea2cbba836/none_v3" 201 - "PUT http://172.18.0.2:8080/d1/916/AUTH_a92ac7f26cfc4aa3bc21a398d0527bc2/gnocchi.8ecfa243-6e9e-4361-99b4-c1ea2cbba836/none_v3" "tx3673cca2a3dc4a55ba1b0-0068de6fa1" "object-server 22" 0.0008 "-" 20 0
Oct 2 12:27:13 standalone object-server[130032]: 172.20.0.100 - - [02/Oct/2025:12:27:13 +0000] "PUT /d1/916/AUTH_a92ac7f26cfc4aa3bc21a398d0527bc2/gnocchi.8ecfa243-6e9e-4361-99b4-c1ea2cbba836/none_v3" 201 - "PUT http://172.18.0.2:8080/v1/AUTH_a92ac7f26cfc4aa3bc21a398d0527bc2/gnocchi.8ecfa243-6e9e-4361-99b4-c1ea2cbba836/none_v3" "tx3673cca2a3dc4a55ba1b0-0068de6fa1" "proxy-server 20" 0.0120 "-" 22 0
Oct 2 12:27:13 standalone proxy-server[131748]: 172.18.0.2 172.18.0.100 02/Oct/2025/12/27/13 PUT /v1/AUTH_a92ac7f26cfc4aa3bc21a398d0527bc2/gnocchi.8ecfa243-6e9e-4361-99b4-c1ea2cbba836/none_v3 HTTP/1.0 201 - python-swiftclient-3.11.1 gAAAAABo3m9dGVSB... 22 - - tx3673cca2a3dc4a55ba1b0-0068de6fa1 - 0.0194 - - 1759408033.047908545 1759408033.067318201 0
Oct 2 12:27:13 standalone container-server[129810]: 172.20.0.100 - - [02/Oct/2025:12:27:13 +0000] "HEAD /d1/916/AUTH_a92ac7f26cfc4aa3bc21a398d0527bc2/gnocchi.19e1a975-75b5-445e-b20a-a513ffd0c5bb" 404 - "HEAD http://172.18.0.2:8080/v1/AUTH_a92ac7f26cfc4aa3bc21a398d0527bc2/gnocchi.19e1a975-75b5-445e-b20a-a513ffd0c5bb?format=json&states=listing" "tx3cf78602c14244c2a8d4c-0068de6fa1" "proxy-server 20" 0.0005 "-" 20 0
Oct 2 12:27:13 standalone object-server[130040]: 172.20.0.100 - - [02/Oct/2025:12:27:13 +0000] "GET /d1/888/AUTH_a92ac7f26cfc4aa3bc21a398d0527bc2/gnocchi.19e1a975-75b5-445e-b20a-a513ffd0c5bb/none_v3" 404 70 "GET http://172.18.0.2:8080/v1/AUTH_a92ac7f26cfc4aa3bc21a398d0527bc2/gnocchi.19e1a975-75b5-445e-b20a-a513ffd0c5bb/none_v3" "tx3cf78602c14244c2a8d4c-0068de6fa1" "proxy-server 20" 0.0003 "-" 25 0
Oct 2 12:27:13 standalone proxy-server[131748]: 172.18.0.2 172.18.0.100 02/Oct/2025/12/27/13 GET /v1/AUTH_a92ac7f26cfc4aa3bc21a398d0527bc2/gnocchi.19e1a975-75b5-445e-b20a-a513ffd0c5bb/none_v3 HTTP/1.0 404 - python-swiftclient-3.11.1 gAAAAABo3m9dGVSB... - 70 - tx3cf78602c14244c2a8d4c-0068de6fa1 - 0.0098 - - 1759408033.083062887 1759408033.092813969 0
Oct 2 12:27:13 standalone account-server[129591]: 172.20.0.100 - - [02/Oct/2025:12:27:13 +0000] "PUT /d1/287/AUTH_a92ac7f26cfc4aa3bc21a398d0527bc2/gnocchi.19e1a975-75b5-445e-b20a-a513ffd0c5bb" 201 - "PUT http://172.20.0.100:6001/d1/916/AUTH_a92ac7f26cfc4aa3bc21a398d0527bc2/gnocchi.19e1a975-75b5-445e-b20a-a513ffd0c5bb" "txc4c216a2237b43728255e-0068de6fa1" "container-server 23" 0.0061 "-" 20 0
Oct 2 12:27:13 standalone container-server[129822]: 172.20.0.100 - - [02/Oct/2025:12:27:13 +0000] "PUT /d1/916/AUTH_a92ac7f26cfc4aa3bc21a398d0527bc2/gnocchi.19e1a975-75b5-445e-b20a-a513ffd0c5bb" 201 - "PUT http://172.18.0.2:8080/v1/AUTH_a92ac7f26cfc4aa3bc21a398d0527bc2/gnocchi.19e1a975-75b5-445e-b20a-a513ffd0c5bb" "txc4c216a2237b43728255e-0068de6fa1" "proxy-server 20" 0.0239 "-" 23 0
Oct 2 12:27:13 standalone proxy-server[131748]: 172.18.0.2 172.18.0.100 02/Oct/2025/12/27/13 PUT /v1/AUTH_a92ac7f26cfc4aa3bc21a398d0527bc2/gnocchi.19e1a975-75b5-445e-b20a-a513ffd0c5bb HTTP/1.0 201 - python-swiftclient-3.11.1 gAAAAABo3m9dGVSB... - - - txc4c216a2237b43728255e-0068de6fa1 - 0.0385 - - 1759408033.095617771 1759408033.134167194 0
Oct 2 12:27:13 standalone container-server[129816]: 172.20.0.100 - - [02/Oct/2025:12:27:13 +0000] "HEAD /d1/916/AUTH_a92ac7f26cfc4aa3bc21a398d0527bc2/gnocchi.19e1a975-75b5-445e-b20a-a513ffd0c5bb" 204 - "HEAD http://172.18.0.2:8080/v1/AUTH_a92ac7f26cfc4aa3bc21a398d0527bc2/gnocchi.19e1a975-75b5-445e-b20a-a513ffd0c5bb?format=json&states=listing" "txa479b5d743a647fc8bd57-0068de6fa1" "proxy-server 20" 0.0012 "-" 21 0
Oct 2 12:27:13 standalone proxy-server[131748]: - - 02/Oct/2025/12/27/13 HEAD /v1/AUTH_a92ac7f26cfc4aa3bc21a398d0527bc2/gnocchi.19e1a975-75b5-445e-b20a-a513ffd0c5bb%3Fformat%3Djson%26states%3Dlisting HTTP/1.0 204 - Swift - - - - txa479b5d743a647fc8bd57-0068de6fa1 - 0.0060 RL - 1759408033.140906811 1759408033.146951437 0
Oct 2 12:27:13 standalone container-server[129810]: 172.20.0.100 - - [02/Oct/2025:12:27:13 +0000] "GET /d1/916/AUTH_a92ac7f26cfc4aa3bc21a398d0527bc2/gnocchi.19e1a975-75b5-445e-b20a-a513ffd0c5bb" 200 2 "GET http://172.18.0.2:8080/v1/AUTH_a92ac7f26cfc4aa3bc21a398d0527bc2/gnocchi.19e1a975-75b5-445e-b20a-a513ffd0c5bb?format=json&states=listing" "txa479b5d743a647fc8bd57-0068de6fa1" "proxy-server 20" 0.0025 "-" 20 0
Oct 2 12:27:13 standalone proxy-server[131748]: 172.18.0.2 172.18.0.100 02/Oct/2025/12/27/13 GET /v1/AUTH_a92ac7f26cfc4aa3bc21a398d0527bc2/gnocchi.19e1a975-75b5-445e-b20a-a513ffd0c5bb%3Fformat%3Djson%26states%3Dlisting HTTP/1.0 200 - python-swiftclient-3.11.1 gAAAAABo3m9dGVSB... - 2 - txa479b5d743a647fc8bd57-0068de6fa1 - 0.0193 - - 1759408033.139246225 1759408033.158537626 0
Oct 2 12:27:13 standalone object-server[130034]: 172.20.0.100 - - [02/Oct/2025:12:27:13 +0000] "GET /d1/557/AUTH_a92ac7f26cfc4aa3bc21a398d0527bc2/gnocchi.19e1a975-75b5-445e-b20a-a513ffd0c5bb/1759320000.0_mean_300.0_v3" 404 70 "GET http://172.18.0.2:8080/v1/AUTH_a92ac7f26cfc4aa3bc21a398d0527bc2/gnocchi.19e1a975-75b5-445e-b20a-a513ffd0c5bb/1759320000.0_mean_300.0_v3" "tx4bdfafd99b334851a7f5f-0068de6fa1" "proxy-server 20" 0.0012 "-" 23 0
Oct 2 12:27:13 standalone proxy-server[131748]: 172.18.0.2 172.18.0.100 02/Oct/2025/12/27/13 GET /v1/AUTH_a92ac7f26cfc4aa3bc21a398d0527bc2/gnocchi.19e1a975-75b5-445e-b20a-a513ffd0c5bb/1759320000.0_mean_300.0_v3 HTTP/1.0 404 - python-swiftclient-3.11.1 gAAAAABo3m9dGVSB... - 70 - tx4bdfafd99b334851a7f5f-0068de6fa1 - 0.0538 - - 1759408033.163308859 1759408033.217132092 0
Oct 2 12:27:13 standalone container-server[129822]: 172.20.0.100 - - [02/Oct/2025:12:27:13 +0000] "PUT /d1/916/AUTH_a92ac7f26cfc4aa3bc21a398d0527bc2/gnocchi.19e1a975-75b5-445e-b20a-a513ffd0c5bb/1759320000.0_mean_300.0_v3" 201 - "PUT http://172.18.0.2:8080/d1/557/AUTH_a92ac7f26cfc4aa3bc21a398d0527bc2/gnocchi.19e1a975-75b5-445e-b20a-a513ffd0c5bb/1759320000.0_mean_300.0_v3" "txecc55d4b59a842f798ee0-0068de6fa1" "object-server 22" 0.0007 "-" 23 0
Oct 2 12:27:13 standalone object-server[130032]: 172.20.0.100 - - [02/Oct/2025:12:27:13 +0000] "PUT /d1/557/AUTH_a92ac7f26cfc4aa3bc21a398d0527bc2/gnocchi.19e1a975-75b5-445e-b20a-a513ffd0c5bb/1759320000.0_mean_300.0_v3" 201 - "PUT http://172.18.0.2:8080/v1/AUTH_a92ac7f26cfc4aa3bc21a398d0527bc2/gnocchi.19e1a975-75b5-445e-b20a-a513ffd0c5bb/1759320000.0_mean_300.0_v3" "txecc55d4b59a842f798ee0-0068de6fa1" "proxy-server 20" 0.0094 "-" 22 0
