Oct 2 12:29:12 standalone proxy-server[131748]: 172.18.0.2 172.18.0.100 02/Oct/2025/12/29/12 GET /v1/AUTH_a92ac7f26cfc4aa3bc21a398d0527bc2/gnocchi.6ff71b21-bf9a-44f8-a807-e2c0c3bc89d2/1759320000.0_mean_300.0_v3 HTTP/1.0 404 - python-swiftclient-3.11.1 gAAAAABo3m9dGVSB... - 70 - tx92b786e4913344499cc23-0068de7018 - 0.0060 - - 1759408152.359607220 1759408152.365622997 0
Oct 2 12:29:12 standalone container-server[129822]: 172.20.0.100 - - [02/Oct/2025:12:29:12 +0000] "PUT /d1/394/AUTH_a92ac7f26cfc4aa3bc21a398d0527bc2/gnocchi.41fe6a24-8396-4448-9f99-2b1701313f52/1759320000.0_mean_300.0_v3" 201 - "PUT http://172.18.0.2:8080/d1/368/AUTH_a92ac7f26cfc4aa3bc21a398d0527bc2/gnocchi.41fe6a24-8396-4448-9f99-2b1701313f52/1759320000.0_mean_300.0_v3" "tx45cda7b7cce6430fa7711-0068de7018" "object-server 23" 0.0006 "-" 23 0
Oct 2 12:29:12 standalone object-server[130034]: 172.20.0.100 - - [02/Oct/2025:12:29:12 +0000] "PUT /d1/368/AUTH_a92ac7f26cfc4aa3bc21a398d0527bc2/gnocchi.41fe6a24-8396-4448-9f99-2b1701313f52/1759320000.0_mean_300.0_v3" 201 - "PUT http://172.18.0.2:8080/v1/AUTH_a92ac7f26cfc4aa3bc21a398d0527bc2/gnocchi.41fe6a24-8396-4448-9f99-2b1701313f52/1759320000.0_mean_300.0_v3" "tx45cda7b7cce6430fa7711-0068de7018" "proxy-server 20" 0.0090 "-" 23 0
Oct 2 12:29:12 standalone proxy-server[131748]: 172.18.0.2 172.18.0.100 02/Oct/2025/12/29/12 PUT /v1/AUTH_a92ac7f26cfc4aa3bc21a398d0527bc2/gnocchi.41fe6a24-8396-4448-9f99-2b1701313f52/1759320000.0_mean_300.0_v3 HTTP/1.0 201 - python-swiftclient-3.11.1 gAAAAABo3m9dGVSB... 16 - - tx45cda7b7cce6430fa7711-0068de7018 - 0.0143 - - 1759408152.368346691 1759408152.382681847 0
Oct 2 12:29:12 standalone container-server[129822]: 172.20.0.100 - - [02/Oct/2025:12:29:12 +0000] "PUT /d1/482/AUTH_a92ac7f26cfc4aa3bc21a398d0527bc2/gnocchi.6ff71b21-bf9a-44f8-a807-e2c0c3bc89d2/1759320000.0_mean_300.0_v3" 201 - "PUT http://172.18.0.2:8080/d1/982/AUTH_a92ac7f26cfc4aa3bc21a398d0527bc2/gnocchi.6ff71b21-bf9a-44f8-a807-e2c0c3bc89d2/1759320000.0_mean_300.0_v3" "tx164dbbb31db34cbaacbce-0068de7018" "object-server 25" 0.0006 "-" 23 0
Oct 2 12:29:12 standalone object-server[130040]: 172.20.0.100 - - [02/Oct/2025:12:29:12 +0000] "PUT /d1/982/AUTH_a92ac7f26cfc4aa3bc21a398d0527bc2/gnocchi.6ff71b21-bf9a-44f8-a807-e2c0c3bc89d2/1759320000.0_mean_300.0_v3" 201 - "PUT http://172.18.0.2:8080/v1/AUTH_a92ac7f26cfc4aa3bc21a398d0527bc2/gnocchi.6ff71b21-bf9a-44f8-a807-e2c0c3bc89d2/1759320000.0_mean_300.0_v3" "tx164dbbb31db34cbaacbce-0068de7018" "proxy-server 20" 0.0112 "-" 25 0
Oct 2 12:29:12 standalone proxy-server[131748]: 172.18.0.2 172.18.0.100 02/Oct/2025/12/29/12 PUT /v1/AUTH_a92ac7f26cfc4aa3bc21a398d0527bc2/gnocchi.6ff71b21-bf9a-44f8-a807-e2c0c3bc89d2/1759320000.0_mean_300.0_v3 HTTP/1.0 201 - python-swiftclient-3.11.1 gAAAAABo3m9dGVSB... 16 - - tx164dbbb31db34cbaacbce-0068de7018 - 0.0184 - - 1759408152.385558367 1759408152.403990984 0
Oct 2 12:29:12 standalone container-server[129810]: 172.20.0.100 - - [02/Oct/2025:12:29:12 +0000] "PUT /d1/394/AUTH_a92ac7f26cfc4aa3bc21a398d0527bc2/gnocchi.41fe6a24-8396-4448-9f99-2b1701313f52/none_v3" 201 - "PUT http://172.18.0.2:8080/d1/35/AUTH_a92ac7f26cfc4aa3bc21a398d0527bc2/gnocchi.41fe6a24-8396-4448-9f99-2b1701313f52/none_v3" "tx33edfa85608647279c6e9-0068de7018" "object-server 23" 0.0005 "-" 20 0
Oct 2 12:29:12 standalone object-server[130034]: 172.20.0.100 - - [02/Oct/2025:12:29:12 +0000] "PUT /d1/35/AUTH_a92ac7f26cfc4aa3bc21a398d0527bc2/gnocchi.41fe6a24-8396-4448-9f99-2b1701313f52/none_v3" 201 - "PUT http://172.18.0.2:8080/v1/AUTH_a92ac7f26cfc4aa3bc21a398d0527bc2/gnocchi.41fe6a24-8396-4448-9f99-2b1701313f52/none_v3" "tx33edfa85608647279c6e9-0068de7018" "proxy-server 20" 0.0157 "-" 23 0
Oct 2 12:29:12 standalone proxy-server[131748]: 172.18.0.2 172.18.0.100 02/Oct/2025/12/29/12 PUT /v1/AUTH_a92ac7f26cfc4aa3bc21a398d0527bc2/gnocchi.41fe6a24-8396-4448-9f99-2b1701313f52/none_v3 HTTP/1.0 201 - python-swiftclient-3.11.1 gAAAAABo3m9dGVSB... 22 - - tx33edfa85608647279c6e9-0068de7018 - 0.0220 - - 1759408152.407186031 1759408152.429200172 0
Oct 2 12:29:12 standalone container-server[129810]: 172.20.0.100 - - [02/Oct/2025:12:29:12 +0000] "PUT /d1/482/AUTH_a92ac7f26cfc4aa3bc21a398d0527bc2/gnocchi.6ff71b21-bf9a-44f8-a807-e2c0c3bc89d2/none_v3" 201 - "PUT http://172.18.0.2:8080/d1/366/AUTH_a92ac7f26cfc4aa3bc21a398d0527bc2/gnocchi.6ff71b21-bf9a-44f8-a807-e2c0c3bc89d2/none_v3" "txc250e88bcdf442ffbe4bf-0068de7018" "object-server 23" 0.0007 "-" 20 0
Oct 2 12:29:12 standalone object-server[130034]: 172.20.0.100 - - [02/Oct/2025:12:29:12 +0000] "PUT /d1/366/AUTH_a92ac7f26cfc4aa3bc21a398d0527bc2/gnocchi.6ff71b21-bf9a-44f8-a807-e2c0c3bc89d2/none_v3" 201 - "PUT http://172.18.0.2:8080/v1/AUTH_a92ac7f26cfc4aa3bc21a398d0527bc2/gnocchi.6ff71b21-bf9a-44f8-a807-e2c0c3bc89d2/none_v3" "txc250e88bcdf442ffbe4bf-0068de7018" "proxy-server 20" 0.0230 "-" 23 0
Oct 2 12:29:12 standalone proxy-server[131748]: 172.18.0.2 172.18.0.100 02/Oct/2025/12/29/12 PUT /v1/AUTH_a92ac7f26cfc4aa3bc21a398d0527bc2/gnocchi.6ff71b21-bf9a-44f8-a807-e2c0c3bc89d2/none_v3 HTTP/1.0 201 - python-swiftclient-3.11.1 gAAAAABo3m9dGVSB... 22 - - txc250e88bcdf442ffbe4bf-0068de7018 - 0.0300 - - 1759408152.432510138 1759408152.462469339 0
Oct 2 12:29:12 standalone container-server[129810]: 172.20.0.100 - - [02/Oct/2025:12:29:12 +0000] "HEAD /d1/355/AUTH_a92ac7f26cfc4aa3bc21a398d0527bc2/gnocchi.35e9a935-0098-4bde-8752-3166a4dee2fb" 404 - "HEAD http://172.18.0.2:8080/v1/AUTH_a92ac7f26cfc4aa3bc21a398d0527bc2/gnocchi.35e9a935-0098-4bde-8752-3166a4dee2fb?format=json&states=listing" "tx3225b79acfc9444381fe9-0068de7018" "proxy-server 20" 0.0004 "-" 20 0
Oct 2 12:29:12 standalone object-server[130034]: 172.20.0.100 - - [02/Oct/2025:12:29:12 +0000] "GET /d1/494/AUTH_a92ac7f26cfc4aa3bc21a398d0527bc2/gnocchi.35e9a935-0098-4bde-8752-3166a4dee2fb/none_v3" 404 70 "GET http://172.18.0.2:8080/v1/AUTH_a92ac7f26cfc4aa3bc21a398d0527bc2/gnocchi.35e9a935-0098-4bde-8752-3166a4dee2fb/none_v3" "tx3225b79acfc9444381fe9-0068de7018" "proxy-server 20" 0.0005 "-" 23 0
Oct 2 12:29:12 standalone proxy-server[131748]: 172.18.0.2 172.18.0.100 02/Oct/2025/12/29/12 GET /v1/AUTH_a92ac7f26cfc4aa3bc21a398d0527bc2/gnocchi.35e9a935-0098-4bde-8752-3166a4dee2fb/none_v3 HTTP/1.0 404 - python-swiftclient-3.11.1 gAAAAABo3m9dGVSB... - 70 - tx3225b79acfc9444381fe9-0068de7018 - 0.0105 - - 1759408152.473692894 1759408152.484201670 0
Oct 2 12:29:12 standalone account-server[129624]: 172.20.0.100 - - [02/Oct/2025:12:29:12 +0000] "PUT /d1/287/AUTH_a92ac7f26cfc4aa3bc21a398d0527bc2/gnocchi.35e9a935-0098-4bde-8752-3166a4dee2fb" 201 - "PUT http://172.20.0.100:6001/d1/355/AUTH_a92ac7f26cfc4aa3bc21a398d0527bc2/gnocchi.35e9a935-0098-4bde-8752-3166a4dee2fb" "txb987d89bf3df47efb9f18-0068de7018" "container-server 20" 0.0063 "-" 21 0
Oct 2 12:29:12 standalone container-server[129810]: 172.20.0.100 - - [02/Oct/2025:12:29:12 +0000] "PUT /d1/355/AUTH_a92ac7f26cfc4aa3bc21a398d0527bc2/gnocchi.35e9a935-0098-4bde-8752-3166a4dee2fb" 201 - "PUT http://172.18.0.2:8080/v1/AUTH_a92ac7f26cfc4aa3bc21a398d0527bc2/gnocchi.35e9a935-0098-4bde-8752-3166a4dee2fb" "txb987d89bf3df47efb9f18-0068de7018" "proxy-server 20" 0.0185 "-" 20 0
Oct 2 12:29:12 standalone proxy-server[131748]: 172.18.0.2 172.18.0.100 02/Oct/2025/12/29/12 PUT /v1/AUTH_a92ac7f26cfc4aa3bc21a398d0527bc2/gnocchi.35e9a935-0098-4bde-8752-3166a4dee2fb HTTP/1.0 201 - python-swiftclient-3.11.1 gAAAAABo3m9dGVSB... - - - txb987d89bf3df47efb9f18-0068de7018 - 0.0241 - - 1759408152.487010479 1759408152.511133671 0
Oct 2 12:29:12 standalone container-server[129816]: 172.20.0.100 - - [02/Oct/2025:12:29:12 +0000] "HEAD /d1/355/AUTH_a92ac7f26cfc4aa3bc21a398d0527bc2/gnocchi.35e9a935-0098-4bde-8752-3166a4dee2fb" 204 - "HEAD http://172.18.0.2:8080/v1/AUTH_a92ac7f26cfc4aa3bc21a398d0527bc2/gnocchi.35e9a935-0098-4bde-8752-3166a4dee2fb?format=json&states=listing" "tx5627d7f1343b45eb9e58b-0068de7018" "proxy-server 20" 0.0026 "-" 21 0
Oct 2 12:29:12 standalone proxy-server[131748]: - - 02/Oct/2025/12/29/12 HEAD /v1/AUTH_a92ac7f26cfc4aa3bc21a398d0527bc2/gnocchi.35e9a935-0098-4bde-8752-3166a4dee2fb%3Fformat%3Djson%26states%3Dlisting HTTP/1.0 204 - Swift - - - - tx5627d7f1343b45eb9e58b-0068de7018 - 0.0070 RL - 1759408152.516927242 1759408152.523926497 0
Oct 2 12:29:12 standalone container-server[129816]: 172.20.0.100 - - [02/Oct/2025:12:29:12 +0000] "GET /d1/355/AUTH_a92ac7f26cfc4aa3bc21a398d0527bc2/gnocchi.35e9a935-0098-4bde-8752-3166a4dee2fb" 200 2 "GET http://172.18.0.2:8080/v1/AUTH_a92ac7f26cfc4aa3bc21a398d0527bc2/gnocchi.35e9a935-0098-4bde-8752-3166a4dee2fb?format=json&states=listing" "tx5627d7f1343b45eb9e58b-0068de7018" "proxy-server 20" 0.0035 "-" 21 0
Oct 2 12:29:12 standalone proxy-server[131748]: 172.18.0.2 172.18.0.100 02/Oct/2025/12/29/12 GET /v1/AUTH_a92ac7f26cfc4aa3bc21a398d0527bc2/gnocchi.35e9a935-0098-4bde-8752-3166a4dee2fb%3Fformat%3Djson%26states%3Dlisting HTTP/1.0 200 - python-swiftclient-3.11.1 gAAAAABo3m9dGVSB... - 2 - tx5627d7f1343b45eb9e58b-0068de7018 - 0.0183 - - 1759408152.515470266 1759408152.533741713 0
Oct 2 12:29:12 standalone object-server[130032]: 172.20.0.100 - - [02/Oct/2025:12:29:12 +0000] "GET /d1/448/AUTH_a92ac7f26cfc4aa3bc21a398d0527bc2/gnocchi.35e9a935-0098-4bde-8752-3166a4dee2fb/1759320000.0_mean_300.0_v3" 404 70 "GET http://172.18.0.2:8080/v1/AUTH_a92ac7f26cfc4aa3bc21a398d0527bc2/gnocchi.35e9a935-0098-4bde-8752-3166a4dee2fb/1759320000.0_mean_300.0_v3" "txa9ea8c2b42ce40b59453a-0068de7018" "proxy-server 20" 0.0004 "-" 22 0
Oct 2 12:29:12 standalone proxy-server[131748]: 172.18.0.2 172.18.0.100 02/Oct/2025/12/29/12 GET /v1/AUTH_a92ac7f26cfc4aa3bc21a398d0527bc2/gnocchi.35e9a935-0098-4bde-8752-3166a4dee2fb/1759320000.0_mean_300.0_v3 HTTP/1.0 404 - python-swiftclient-3.11.1 gAAAAABo3m9dGVSB... - 70 - txa9ea8c2b42ce40b59453a-0068de7018 - 0.0067 - - 1759408152.537360907 1759408152.544056416 0
Oct 2 12:29:12 standalone container-server[129820]: 172.20.0.100 - - [02/Oct/2025:12:29:12 +0000] "PUT /d1/355/AUTH_a92ac7f26cfc4aa3bc21a398d0527bc2/gnocchi.35e9a935-0098-4bde-8752-3166a4dee2fb/1759320000.0_mean_300.0_v3" 201 - "PUT http://172.18.0.2:8080/d1/448/AUTH_a92ac7f26cfc4aa3bc21a398d0527bc2/gnocchi.35e9a935-0098-4bde-8752-3166a4dee2fb/1759320000.0_mean_300.0_v3" "txa22fa61718a04df2ad852-0068de7018" "object-server 24" 0.0006 "-" 22 0
Oct 2 12:29:12 standalone object-server[130036]: 172.20.0.100 - - [02/Oct/2025:12:29:12 +0000] "PUT /d1/448/AUTH_a92ac7f26cfc4aa3bc21a398d0527bc2/gnocchi.35e9a935-0098-4bde-8752-3166a4dee2fb/1759320000.0_mean_300.0_v3" 201 - "PUT http://172.18.0.2:8080/v1/AUTH_a92ac7f26cfc4aa3bc21a398d0527bc2/gnocchi.35e9a935-0098-4bde-8752-3166a4dee2fb/1759320000.0_mean_300.0_v3" "txa22fa61718a04df2ad852-0068de7018" "proxy-server 20" 0.0098 "-" 24 0
Oct 2 12:29:12 standalone proxy-server[131748]: 172.18.0.2 172.18.0.100 02/Oct/2025/12/29/12 PUT /v1/AUTH_a92ac7f26cfc4aa3bc21a398d0527bc2/gnocchi.35e9a935-0098-4bde-8752-3166a4dee2fb/1759320000.0_mean_300.0_v3 HTTP/1.0 201 - python-swiftclient-3.11.1 gAAAAABo3m9dGVSB... 16 - - txa22fa61718a04df2ad852-0068de7018 - 0.0178 - - 1759408152.547619820 1759408152.565436363 0
Oct 2 12:29:12 standalone container-server[129816]: 172.20.0.100 - - [02/Oct/2025:12:29:12 +0000] "PUT /d1/355/AUTH_a92ac7f26cfc4aa3bc21a398d0527bc2/gnocchi.35e9a935-0098-4bde-8752-3166a4dee2fb/none_v3" 201 - "PUT http://172.18.0.2:8080/d1/494/AUTH_a92ac7f26cfc4aa3bc21a398d0527bc2/gnocchi.35e9a935-0098-4bde-8752-3166a4dee2fb/none_v3" "tx87a4b462e2684e8abfa73-0068de7018" "object-server 25" 0.0008 "-" 21 0
Oct 2 12:29:12 standalone object-server[130040]: 172.20.0.100 - - [02/Oct/2025:12:29:12 +0000] "PUT /d1/494/AUTH_a92ac7f26cfc4aa3bc21a398d0527bc2/gnocchi.35e9a935-0098-4bde-8752-3166a4dee2fb/none_v3" 201 - "PUT http://172.18.0.2:8080/v1/AUTH_a92ac7f26cfc4aa3bc21a398d0527bc2/gnocchi.35e9a935-0098-4bde-8752-3166a4dee2fb/none_v3" "tx87a4b462e2684e8abfa73-0068de7018" "proxy-server 20" 0.0124 "-" 25 0
Oct 2 12:29:12 standalone proxy-server[131748]: 172.18.0.2 172.18.0.100 02/Oct/2025/12/29/12 PUT /v1/AUTH_a92ac7f26cfc4aa3bc21a398d0527bc2/gnocchi.35e9a935-0098-4bde-8752-3166a4dee2fb/none_v3 HTTP/1.0 201 - python-swiftclient-3.11.1 gAAAAABo3m9dGVSB... 22 - - tx87a4b462e2684e8abfa73-0068de7018 - 0.0203 - - 1759408152.568492889 1759408152.588797092 0
Oct 2 12:29:12 standalone container-server[129816]: 172.20.0.100 - - [02/Oct/2025:12:29:12 +0000] "HEAD /d1/639/AUTH_a92ac7f26cfc4aa3bc21a398d0527bc2/gnocchi.1a20262e-580e-49d6-beef-8078bc47c2b6" 404 - "HEAD http://172.18.0.2:8080/v1/AUTH_a92ac7f26cfc4aa3bc21a398d0527bc2/gnocchi.1a20262e-580e-49d6-beef-8078bc47c2b6?format=json&states=listing" "tx7e5a90f0c9db4d76b6906-0068de7018" "proxy-server 20" 0.0007 "-" 21 0
Oct 2 12:29:12 standalone object-server[130036]: 172.20.0.100 - - [02/Oct/2025:12:29:12 +0000] "GET /d1/738/AUTH_a92ac7f26cfc4aa3bc21a398d0527bc2/gnocchi.1a20262e-580e-49d6-beef-8078bc47c2b6/none_v3" 404 70 "GET http://172.18.0.2:8080/v1/AUTH_a92ac7f26cfc4aa3bc21a398d0527bc2/gnocchi.1a20262e-580e-49d6-beef-8078bc47c2b6/none_v3" "tx7e5a90f0c9db4d76b6906-0068de7018" "proxy-server 20" 0.0006 "-" 24 0
Oct 2 12:29:12 standalone proxy-server[131748]: 172.18.0.2 172.18.0.100 02/Oct/2025/12/29/12 GET /v1/AUTH_a92ac7f26cfc4aa3bc21a398d0527bc2/gnocchi.1a20262e-580e-49d6-beef-8078bc47c2b6/none_v3 HTTP/1.0 404 - python-swiftclient-3.11.1 gAAAAABo3m9dGVSB... - 70 - tx7e5a90f0c9db4d76b6906-0068de7018 - 0.0138 - - 1759408152.604600906 1759408152.618399143 0
Oct 2 12:29:12 standalone account-server[129641]: 172.20.0.100 - - [02/Oct/2025:12:29:12 +0000] "PUT /d1/287/AUTH_a92ac7f26cfc4aa3bc21a398d0527bc2/gnocchi.1a20262e-580e-49d6-beef-8078bc47c2b6" 201 - "PUT http://172.20.0.100:6001/d1/639/AUTH_a92ac7f26cfc4aa3bc21a398d0527bc2/gnocchi.1a20262e-580e-49d6-beef-8078bc47c2b6" "txcc57eacd15184a7da33a1-0068de7018" "container-server 20" 0.0061 "-" 22 0
Oct 2 12:29:12 standalone container-server[129810]: 172.20.0.100 - - [02/Oct/2025:12:29:12 +0000] "PUT /d1/639/AUTH_a92ac7f26cfc4aa3bc21a398d0527bc2/gnocchi.1a20262e-580e-49d6-beef-8078bc47c2b6" 201 - "PUT http://172.18.0.2:8080/v1/AUTH_a92ac7f26cfc4aa3bc21a398d0527bc2/gnocchi.1a20262e-580e-49d6-beef-8078bc47c2b6" "txcc57eacd15184a7da33a1-0068de7018" "proxy-server 20" 0.0202 "-" 20 0
Oct 2 12:29:12 standalone proxy-server[131748]: 172.18.0.2 172.18.0.100 02/Oct/2025/12/29/12 PUT /v1/AUTH_a92ac7f26cfc4aa3bc21a398d0527bc2/gnocchi.1a20262e-580e-49d6-beef-8078bc47c2b6 HTTP/1.0 201 - python-swiftclient-3.11.1 gAAAAABo3m9dGVSB... - - - txcc57eacd15184a7da33a1-0068de7018 - 0.0268 - - 1759408152.622065067 1759408152.648883343 0
Oct 2 12:29:12 standalone container-server[129820]: 172.20.0.100 - - [02/Oct/2025:12:29:12 +0000] "HEAD /d1/639/AUTH_a92ac7f26cfc4aa3bc21a398d0527bc2/gnocchi.1a20262e-580e-49d6-beef-8078bc47c2b6" 204 - "HEAD http://172.18.0.2:8080/v1/AUTH_a92ac7f26cfc4aa3bc21a398d0527bc2/gnocchi.1a20262e-580e-49d6-beef-8078bc47c2b6?format=json&states=listing" "txf4c99ec4c8714e7690a0f-0068de7018" "proxy-server 20" 0.0022 "-" 22 0
Oct 2 12:29:12 standalone proxy-server[131748]: - - 02/Oct/2025/12/29/12 HEAD /v1/AUTH_a92ac7f26cfc4aa3bc21a398d0527bc2/gnocchi.1a20262e-580e-49d6-beef-8078bc47c2b6%3Fformat%3Djson%26states%3Dlisting HTTP/1.0 204 - Swift - - - - txf4c99ec4c8714e7690a0f-0068de7018 - 0.0068 RL - 1759408152.655038357 1759408152.661874533 0
Oct 2 12:29:12 standalone container-server[129810]: 172.20.0.100 - - [02/Oct/2025:12:29:12 +0000] "GET /d1/639/AUTH_a92ac7f26cfc4aa3bc21a398d0527bc2/gnocchi.1a20262e-580e-49d6-beef-8078bc47c2b6" 200 2 "GET http://172.18.0.2:8080/v1/AUTH_a92ac7f26cfc4aa3bc21a398d0527bc2/gnocchi.1a20262e-580e-49d6-beef-8078bc47c2b6?format=json&states=listing" "txf4c99ec4c8714e7690a0f-0068de7018" "proxy-server 20" 0.0031 "-" 20 0
Oct 2 12:29:12 standalone proxy-server[131748]: 172.18.0.2 172.18.0.100 02/Oct/2025/12/29/12 GET /v1/AUTH_a92ac7f26cfc4aa3bc21a398d0527bc2/gnocchi.1a20262e-580e-49d6-beef-8078bc47c2b6%3Fformat%3Djson%26states%3Dlisting HTTP/1.0 200 - python-swiftclient-3.11.1 gAAAAABo3m9dGVSB... - 2 - txf4c99ec4c8714e7690a0f-0068de7018 - 0.0198 - - 1759408152.653548002 1759408152.673347950 0
Oct 2 12:29:12 standalone object-server[130040]: 172.20.0.100 - - [02/Oct/2025:12:29:12 +0000] "GET /d1/734/AUTH_a92ac7f26cfc4aa3bc21a398d0527bc2/gnocchi.1a20262e-580e-49d6-beef-8078bc47c2b6/1759320000.0_mean_300.0_v3" 404 70 "GET http://172.18.0.2:8080/v1/AUTH_a92ac7f26cfc4aa3bc21a398d0527bc2/gnocchi.1a20262e-580e-49d6-beef-8078bc47c2b6/1759320000.0_mean_300.0_v3" "txa8684d59fc5347b0a6605-0068de7018" "proxy-server 20" 0.0007 "-" 25 0
Oct 2 12:29:12 standalone proxy-server[131748]: 172.18.0.2 172.18.0.100 02/Oct/2025/12/29/12 GET /v1/AUTH_a92ac7f26cfc4aa3bc21a398d0527bc2/gnocchi.1a20262e-580e-49d6-beef-8078bc47c2b6/1759320000.0_mean_300.0_v3 HTTP/1.0 404 - python-swiftclient-3.11.1 gAAAAABo3m9dGVSB... - 70 - txa8684d59fc5347b0a6605-0068de7018 - 0.0093 - - 1759408152.677877426 1759408152.687198639 0
Oct 2 12:29:12 standalone container-server[129810]: 172.20.0.100 - - [02/Oct/2025:12:29:12 +0000] "PUT /d1/639/AUTH_a92ac7f26cfc4aa3bc21a398d0527bc2/gnocchi.1a20262e-580e-49d6-beef-8078bc47c2b6/1759320000.0_mean_300.0_v3" 201 - "PUT http://172.18.0.2:8080/d1/734/AUTH_a92ac7f26cfc4aa3bc21a398d0527bc2/gnocchi.1a20262e-580e-49d6-beef-8078bc47c2b6/1759320000.0_mean_300.0_v3" "txf82bfb22ed184940847eb-0068de7018" "object-server 24" 0.0009 "-" 20 0
Oct 2 12:29:12 standalone object-server[130036]: 172.20.0.100 - - [02/Oct/2025:12:29:12 +0000] "PUT /d1/734/AUTH_a92ac7f26cfc4aa3bc21a398d0527bc2/gnocchi.1a20262e-580e-49d6-beef-8078bc47c2b6/1759320000.0_mean_300.0_v3" 201 - "PUT http://172.18.0.2:8080/v1/AUTH_a92ac7f26cfc4aa3bc21a398d0527bc2/gnocchi.1a20262e-580e-49d6-beef-8078bc47c2b6/1759320000.0_mean_300.0_v3" "txf82bfb22ed184940847eb-0068de7018" "proxy-server 20" 0.0137 "-" 24 0
Oct 2 12:29:12 standalone proxy-server[131748]: 172.18.0.2 172.18.0.100 02/Oct/2025/12/29/12 PUT /v1/AUTH_a92ac7f26cfc4aa3bc21a398d0527bc2/gnocchi.1a20262e-580e-49d6-beef-8078bc47c2b6/1759320000.0_mean_300.0_v3 HTTP/1.0 201 - python-swiftclient-3.11.1 gAAAAABo3m9dGVSB... 16 - - txf82bfb22ed184940847eb-0068de7018 - 0.0236 - - 1759408152.691012383 1759408152.714596272 0
Oct 2 12:29:12 standalone container-server[129820]: 172.20.0.100 - - [02/Oct/2025:12:29:12 +0000] "PUT /d1/639/AUTH_a92ac7f26cfc4aa3bc21a398d0527bc2/gnocchi.1a20262e-580e-49d6-beef-8078bc47c2b6/none_v3" 201 - "PUT http://172.18.0.2:8080/d1/738/AUTH_a92ac7f26cfc4aa3bc21a398d0527bc2/gnocchi.1a20262e-580e-49d6-beef-8078bc47c2b6/none_v3" "txdfcef2190de3428495baa-0068de7018" "object-server 24" 0.0007 "-" 22 0
Oct 2 12:29:12 standalone object-server[130036]: 172.20.0.100 - - [02/Oct/2025:12:29:12 +0000] "PUT /d1/738/AUTH_a92ac7f26cfc4aa3bc21a398d0527bc2/gnocchi.1a20262e-580e-49d6-beef-8078bc47c2b6/none_v3" 201 - "PUT http://172.18.0.2:8080/v1/AUTH_a92ac7f26cfc4aa3bc21a398d0527bc2/gnocchi.1a20262e-580e-49d6-beef-8078bc47c2b6/none_v3" "txdfcef2190de3428495baa-0068de7018" "proxy-server 20" 0.0107 "-" 24 0
Oct 2 12:29:12 standalone proxy-server[131748]: 172.18.0.2 172.18.0.100 02/Oct/2025/12/29/12 PUT /v1/AUTH_a92ac7f26cfc4aa3bc21a398d0527bc2/gnocchi.1a20262e-580e-49d6-beef-8078bc47c2b6/none_v3 HTTP/1.0 201 - python-swiftclient-3.11.1 gAAAAABo3m9dGVSB... 22 - - txdfcef2190de3428495baa-0068de7018 - 0.0179 - - 1759408152.718563318 1759408152.736463547 0
Oct 2 12:29:12 standalone container-server[129820]: 172.20.0.100 - - [02/Oct/2025:12:29:12 +0000] "HEAD /d1/895/AUTH_a92ac7f26cfc4aa3bc21a398d0527bc2/gnocchi.549e8c16-be9c-41cc-985b-309d77ff95d1" 404 - "HEAD http://172.18.0.2:8080/v1/AUTH_a92ac7f26cfc4aa3bc21a398d0527bc2/gnocchi.549e8c16-be9c-41cc-985b-309d77ff95d1?format=json&states=listing" "tx42234e03402c4265b3d1d-0068de7018" "proxy-server 20" 0.0005 "-" 22 0
Oct 2 12:29:12 standalone object-server[130032]: 172.20.0.100 - - [02/Oct/2025:12:29:12 +0000] "GET /d1/53/AUTH_a92ac7f26cfc4aa3bc21a398d0527bc2/gnocchi.549e8c16-be9c-41cc-985b-309d77ff95d1/none_v3" 404 70 "GET http://172.18.0.2:8080/v1/AUTH_a92ac7f26cfc4aa3bc21a398d0527bc2/gnocchi.549e8c16-be9c-41cc-985b-309d77ff95d1/none_v3" "tx42234e03402c4265b3d1d-0068de7018" "proxy-server 20" 0.0006 "-" 22 0
Oct 2 12:29:12 standalone proxy-server[131748]: 172.18.0.2 172.18.0.100 02/Oct/2025/12/29/12 GET /v1/AUTH_a92ac7f26cfc4aa3bc21a398d0527bc2/gnocchi.549e8c16-be9c-41cc-985b-309d77ff95d1/none_v3 HTTP/1.0 404 - python-swiftclient-3.11.1 gAAAAABo3m9dGVSB... - 70 - tx42234e03402c4265b3d1d-0068de7018 - 0.0107 - - 1759408152.745778084 1759408152.756447792 0
Oct 2 12:29:12 standalone account-server[129581]: 172.20.0.100 - - [02/Oct/2025:12:29:12 +0000] "PUT /d1/287/AUTH_a92ac7f26cfc4aa3bc21a398d0527bc2/gnocchi.549e8c16-be9c-41cc-985b-309d77ff95d1" 201 - "PUT http://172.20.0.100:6001/d1/895/AUTH_a92ac7f26cfc4aa3bc21a398d0527bc2/gnocchi.549e8c16-be9c-41cc-985b-309d77ff95d1" "tx6d869b04f57a469e8dabe-0068de7018" "container-server 22" 0.0045 "-" 19 0
Oct 2 12:29:12 standalone container-server[129820]: 172.20.0.100 - - [02/Oct/2025:12:29:12 +0000] "PUT /d1/895/AUTH_a92ac7f26cfc4aa3bc21a398d0527bc2/gnocchi.549e8c16-be9c-41cc-985b-309d77ff95d1" 201 - "PUT http://172.18.0.2:8080/v1/AUTH_a92ac7f26cfc4aa3bc21a398d0527bc2/gnocchi.549e8c16-be9c-41cc-985b-309d77ff95d1" "tx6d869b04f57a469e8dabe-0068de7018" "proxy-server 20" 0.0180 "-" 22 0
Oct 2 12:29:12 standalone proxy-server[131748]: 172.18.0.2 172.18.0.100 02/Oct/2025/12/29/12 PUT /v1/AUTH_a92ac7f26cfc4aa3bc21a398d0527bc2/gnocchi.549e8c16-be9c-41cc-985b-309d77ff95d1 HTTP/1.0 201 - python-swiftclient-3.11.1 gAAAAABo3m9dGVSB... - - - tx6d869b04f57a469e8dabe-0068de7018 - 0.0231 - - 1759408152.759240866 1759408152.782307625 0
Oct 2 12:29:12 standalone container-server[129810]: 172.20.0.100 - - [02/Oct/2025:12:29:12 +0000] "HEAD /d1/895/AUTH_a92ac7f26cfc4aa3bc21a398d0527bc2/gnocchi.549e8c16-be9c-41cc-985b-309d77ff95d1" 204 - "HEAD http://172.18.0.2:8080/v1/AUTH_a92ac7f26cfc4aa3bc21a398d0527bc2/gnocchi.549e8c16-be9c-41cc-985b-309d77ff95d1?format=json&states=listing" "txeb01612cd71f4ae0aecd0-0068de7018" "proxy-server 20" 0.0023 "-" 20 0
Oct 2 12:29:12 standalone proxy-server[131748]: - - 02/Oct/2025/12/29/12 HEAD /v1/AUTH_a92ac7f26cfc4aa3bc21a398d0527bc2/gnocchi.549e8c16-be9c-41cc-985b-309d77ff95d1%3Fformat%3Djson%26states%3Dlisting HTTP/1.0 204 - Swift - - - - txeb01612cd71f4ae0aecd0-0068de7018 - 0.0069 RL - 1759408152.787604332 1759408152.794527054 0
Oct 2 12:29:12 standalone container-server[129820]: 172.20.0.100 - - [02/Oct/2025:12:29:12 +0000] "GET /d1/895/AUTH_a92ac7f26cfc4aa3bc21a398d0527bc2/gnocchi.549e8c16-be9c-41cc-985b-309d77ff95d1" 200 2 "GET http://172.18.0.2:8080/v1/AUTH_a92ac7f26cfc4aa3bc21a398d0527bc2/gnocchi.549e8c16-be9c-41cc-985b-309d77ff95d1?format=json&states=listing" "txeb01612cd71f4ae0aecd0-0068de7018" "proxy-server 20" 0.0035 "-" 22 0
Oct 2 12:29:12 standalone proxy-server[131748]: 172.18.0.2 172.18.0.100 02/Oct/2025/12/29/12 GET /v1/AUTH_a92ac7f26cfc4aa3bc21a398d0527bc2/gnocchi.549e8c16-be9c-41cc-985b-309d77ff95d1%3Fformat%3Djson%26states%3Dlisting HTTP/1.0 200 - python-swiftclient-3.11.1 gAAAAABo3m9dGVSB... - 2 - txeb01612cd71f4ae0aecd0-0068de7018 - 0.0203 - - 1759408152.786483288 1759408152.806743145 0
Oct 2 12:29:12 standalone object-server[130036]: 172.20.0.100 - - [02/Oct/2025:12:29:12 +0000] "GET /d1/205/AUTH_a92ac7f26cfc4aa3bc21a398d0527bc2/gnocchi.549e8c16-be9c-41cc-985b-309d77ff95d1/1759320000.0_mean_300.0_v3" 404 70 "GET http://172.18.0.2:8080/v1/AUTH_a92ac7f26cfc4aa3bc21a398d0527bc2/gnocchi.549e8c16-be9c-41cc-985b-309d77ff95d1/1759320000.0_mean_300.0_v3" "tx2f0adf708c92468cb1f80-0068de7018" "proxy-server 20" 0.0006 "-" 24 0
Oct 2 12:29:12 standalone proxy-server[131748]: 172.18.0.2 172.18.0.100 02/Oct/2025/12/29/12 GET /v1/AUTH_a92ac7f26cfc4aa3bc21a398d0527bc2/gnocchi.549e8c16-be9c-41cc-985b-309d77ff95d1/1759320000.0_mean_300.0_v3 HTTP/1.0 404 - python-swiftclient-3.11.1 gAAAAABo3m9dGVSB... - 70 - tx2f0adf708c92468cb1f80-0068de7018 - 0.0079 - - 1759408152.811924934 1759408152.819796324 0
Oct 2 12:29:12 standalone container-server[129820]: 172.20.0.100 - - [02/Oct/2025:12:29:12 +0000] "PUT /d1/895/AUTH_a92ac7f26cfc4aa3bc21a398d0527bc2/gnocchi.549e8c16-be9c-41cc-985b-309d77ff95d1/1759320000.0_mean_300.0_v3" 201 - "PUT http://172.18.0.2:8080/d1/205/AUTH_a92ac7f26cfc4aa3bc21a398d0527bc2/gnocchi.549e8c16-be9c-41cc-985b-309d77ff95d1/1759320000.0_mean_300.0_v3" "txe296515f28b14c81a08a3-0068de7018" "object-server 25" 0.0009 "-" 22 0
Oct 2 12:29:12 standalone object-server[130040]: 172.20.0.100 - - [02/Oct/2025:12:29:12 +0000] "PUT /d1/205/AUTH_a92ac7f26cfc4aa3bc21a398d0527bc2/gnocchi.549e8c16-be9c-41cc-985b-309d77ff95d1/1759320000.0_mean_300.0_v3" 201 - "PUT http://172.18.0.2:8080/v1/AUTH_a92ac7f26cfc4aa3bc21a398d0527bc2/gnocchi.549e8c16-be9c-41cc-985b-309d77ff95d1/1759320000.0_mean_300.0_v3" "txe296515f28b14c81a08a3-0068de7018" "proxy-server 20" 0.0132 "-" 25 0
Oct 2 12:29:12 standalone proxy-server[131748]: 172.18.0.2 172.18.0.100 02/Oct/2025/12/29/12 PUT /v1/AUTH_a92ac7f26cfc4aa3bc21a398d0527bc2/gnocchi.549e8c16-be9c-41cc-985b-309d77ff95d1/1759320000.0_mean_300.0_v3 HTTP/1.0 201 - python-swiftclient-3.11.1 gAAAAABo3m9dGVSB... 16 - - txe296515f28b14c81a08a3-0068de7018 - 0.0207 - - 1759408152.823605537 1759408152.844258785 0
Oct 2 12:29:12 standalone container-server[129822]: 172.20.0.100 - - [02/Oct/2025:12:29:12 +0000] "PUT /d1/895/AUTH_a92ac7f26cfc4aa3bc21a398d0527bc2/gnocchi.549e8c16-be9c-41cc-985b-309d77ff95d1/none_v3" 201 - "PUT http://172.18.0.2:8080/d1/53/AUTH_a92ac7f26cfc4aa3bc21a398d0527bc2/gnocchi.549e8c16-be9c-41cc-985b-309d77ff95d1/none_v3" "tx609841cf71d641218b665-0068de7018" "object-server 23" 0.0008 "-" 23 0
Oct 2 12:29:12 standalone object-server[130034]: 172.20.0.100 - - [02/Oct/2025:12:29:12 +0000] "PUT /d1/53/AUTH_a92ac7f26cfc4aa3bc21a398d0527bc2/gnocchi.549e8c16-be9c-41cc-985b-309d77ff95d1/none_v3" 201 - "PUT http://172.18.0.2:8080/v1/AUTH_a92ac7f26cfc4aa3bc21a398d0527bc2/gnocchi.549e8c16-be9c-41cc-985b-309d77ff95d1/none_v3" "tx609841cf71d641218b665-0068de7018" "proxy-server 20" 0.0102 "-" 23 0
Oct 2 12:29:12 standalone proxy-server[131748]: 172.18.0.2 172.18.0.100 02/Oct/2025/12/29/12 PUT /v1/AUTH_a92ac7f26cfc4aa3bc21a398d0527bc2/gnocchi.549e8c16-be9c-41cc-985b-309d77ff95d1/none_v3 HTTP/1.0 201 - python-swiftclient-3.11.1 gAAAAABo3m9dGVSB... 22 - - tx609841cf71d641218b665-0068de7018 - 0.0162 - - 1759408152.848161697 1759408152.864393473 0
Oct 2 12:29:12 standalone container-server[129822]: 172.20.0.100 - - [02/Oct/2025:12:29:12 +0000] "HEAD /d1/678/AUTH_a92ac7f26cfc4aa3bc21a398d0527bc2/gnocchi.ddd0a6b1-7bbe-419b-aa43-653b3daf2fc8" 404 - "HEAD http://172.18.0.2:8080/v1/AUTH_a92ac7f26cfc4aa3bc21a398d0527bc2/gnocchi.ddd0a6b1-7bbe-419b-aa43-653b3daf2fc8?format=json&states=listing" "tx3a1114ec77864d9da7e1f-0068de7018" "proxy-server 20" 0.0005 "-" 23 0
Oct 2 12:29:12 standalone object-server[130036]: 172.20.0.100 - - [02/Oct/2025:12:29:12 +0000] "GET /d1/156/AUTH_a92ac7f26cfc4aa3bc21a398d0527bc2/gnocchi.ddd0a6b1-7bbe-419b-aa43-653b3daf2fc8/none_v3" 404 70 "GET http://172.18.0.2:8080/v1/AUTH_a92ac7f26cfc4aa3bc21a398d0527bc2/gnocchi.ddd0a6b1-7bbe-419b-aa43-653b3daf2fc8/none_v3" "tx3a1114ec77864d9da7e1f-0068de7018" "proxy-server 20" 0.0005 "-" 24 0
Oct 2 12:29:12 standalone proxy-server[131748]: 172.18.0.2 172.18.0.100 02/Oct/2025/12/29/12 GET /v1/AUTH_a92ac7f26cfc4aa3bc21a398d0527bc2/gnocchi.ddd0a6b1-7bbe-419b-aa43-653b3daf2fc8/none_v3 HTTP/1.0 404 - python-swiftclient-3.11.1 gAAAAABo3m9dGVSB... - 70 - tx3a1114ec77864d9da7e1f-0068de7018 - 0.0104 - - 1759408152.876887321 1759408152.887297630 0
Oct 2 12:29:12 standalone account-server[129581]: 172.20.0.100 - - [02/Oct/2025:12:29:12 +0000] "PUT /d1/287/AUTH_a92ac7f26cfc4aa3bc21a398d0527bc2/gnocchi.ddd0a6b1-7bbe-419b-aa43-653b3daf2fc8" 201 - "PUT http://172.20.0.100:6001/d1/678/AUTH_a92ac7f26cfc4aa3bc21a398d0527bc2/gnocchi.ddd0a6b1-7bbe-419b-aa43-653b3daf2fc8" "tx48f9dbc3b159454db1754-0068de7018" "container-server 20" 0.0047 "-" 19 0
Oct 2 12:29:12 standalone container-server[129810]: 172.20.0.100 - - [02/Oct/2025:12:29:12 +0000] "PUT /d1/678/AUTH_a92ac7f26cfc4aa3bc21a398d0527bc2/gnocchi.ddd0a6b1-7bbe-419b-aa43-653b3daf2fc8" 201 - "PUT http://172.18.0.2:8080/v1/AUTH_a92ac7f26cfc4aa3bc21a398d0527bc2/gnocchi.ddd0a6b1-7bbe-419b-aa43-653b3daf2fc8" "tx48f9dbc3b159454db1754-0068de7018" "proxy-server 20" 0.0176 "-" 20 0
Oct 2 12:29:12 standalone proxy-server[131748]: 172.18.0.2 172.18.0.100 02/Oct/2025/12/29/12 PUT /v1/AUTH_a92ac7f26cfc4aa3bc21a398d0527bc2/gnocchi.ddd0a6b1-7bbe-419b-aa43-653b3daf2fc8 HTTP/1.0 201 - python-swiftclient-3.11.1 gAAAAABo3m9dGVSB... - - - tx48f9dbc3b159454db1754-0068de7018 - 0.0238 - - 1759408152.890499830 1759408152.914329052 0
Oct 2 12:29:12 standalone container-server[129816]: 172.20.0.100 - - [02/Oct/2025:12:29:12 +0000] "HEAD /d1/678/AUTH_a92ac7f26cfc4aa3bc21a398d0527bc2/gnocchi.ddd0a6b1-7bbe-419b-aa43-653b3daf2fc8" 204 - "HEAD http://172.18.0.2:8080/v1/AUTH_a92ac7f26cfc4aa3bc21a398d0527bc2/gnocchi.ddd0a6b1-7bbe-419b-aa43-653b3daf2fc8?format=json&states=listing" "tx01ef7e1991bc4d99b495e-0068de7018" "proxy-server 20" 0.0025 "-" 21 0
Oct 2 12:29:12 standalone proxy-server[131748]: - - 02/Oct/2025/12/29/12 HEAD /v1/AUTH_a92ac7f26cfc4aa3bc21a398d0527bc2/gnocchi.ddd0a6b1-7bbe-419b-aa43-653b3daf2fc8%3Fformat%3Djson%26states%3Dlisting HTTP/1.0 204 - Swift - - - - tx01ef7e1991bc4d99b495e-0068de7018 - 0.0069 RL - 1759408152.920849085 1759408152.927748442 0
Oct 2 12:29:12 standalone container-server[129822]: 172.20.0.100 - - [02/Oct/2025:12:29:12 +0000] "GET /d1/678/AUTH_a92ac7f26cfc4aa3bc21a398d0527bc2/gnocchi.ddd0a6b1-7bbe-419b-aa43-653b3daf2fc8" 200 2 "GET http://172.18.0.2:8080/v1/AUTH_a92ac7f26cfc4aa3bc21a398d0527bc2/gnocchi.ddd0a6b1-7bbe-419b-aa43-653b3daf2fc8?format=json&states=listing" "tx01ef7e1991bc4d99b495e-0068de7018" "proxy-server 20" 0.0040 "-" 23 0
Oct 2 12:29:12 standalone proxy-server[131748]: 172.18.0.2 172.18.0.100 02/Oct/2025/12/29/12 GET /v1/AUTH_a92ac7f26cfc4aa3bc21a398d0527bc2/gnocchi.ddd0a6b1-7bbe-419b-aa43-653b3daf2fc8%3Fformat%3Djson%26states%3Dlisting HTTP/1.0 200 - python-swiftclient-3.11.1 gAAAAABo3m9dGVSB... - 2 - tx01ef7e1991bc4d99b495e-0068de7018 - 0.0196 - - 1759408152.919377089 1759408152.938981295 0
Oct 2 12:29:12 standalone object-server[130032]: 172.20.0.100 - - [02/Oct/2025:12:29:12 +0000] "GET /d1/894/AUTH_a92ac7f26cfc4aa3bc21a398d0527bc2/gnocchi.ddd0a6b1-7bbe-419b-aa43-653b3daf2fc8/1759320000.0_mean_300.0_v3" 404 70 "GET http://172.18.0.2:8080/v1/AUTH_a92ac7f26cfc4aa3bc21a398d0527bc2/gnocchi.ddd0a6b1-7bbe-419b-aa43-653b3daf2fc8/1759320000.0_mean_300.0_v3" "tx237ca9b364cf49f3b4ebf-0068de7018" "proxy-server 20" 0.0005 "-" 22 0
Oct 2 12:29:12 standalone proxy-server[131748]: 172.18.0.2 172.18.0.100 02/Oct/2025/12/29/12 GET /v1/AUTH_a92ac7f26cfc4aa3bc21a398d0527bc2/gnocchi.ddd0a6b1-7bbe-419b-aa43-653b3daf2fc8/1759320000.0_mean_300.0_v3 HTTP/1.0 404 - python-swiftclient-3.11.1 gAAAAABo3m9dGVSB... - 70 - tx237ca9b364cf49f3b4ebf-0068de7018 - 0.0068 - - 1759408152.943715572 1759408152.950523376 0
Oct 2 12:29:12 standalone container-server[129810]: 172.20.0.100 - - [02/Oct/2025:12:29:12 +0000] "PUT /d1/678/AUTH_a92ac7f26cfc4aa3bc21a398d0527bc2/gnocchi.ddd0a6b1-7bbe-419b-aa43-653b3daf2fc8/1759320000.0_mean_300.0_v3" 201 - "PUT http://172.18.0.2:8080/d1/894/AUTH_a92ac7f26cfc4aa3bc21a398d0527bc2/gnocchi.ddd0a6b1-7bbe-419b-aa43-653b3daf2fc8/1759320000.0_mean_300.0_v3" "tx9dee8ca3525c431d88521-0068de7018" "object-server 25" 0.0011 "-" 20 0
Oct 2 12:29:12 standalone object-server[130040]: 172.20.0.100 - - [02/Oct/2025:12:29:12 +0000] "PUT /d1/894/AUTH_a92ac7f26cfc4aa3bc21a398d0527bc2/gnocchi.ddd0a6b1-7bbe-419b-aa43-653b3daf2fc8/1759320000.0_mean_300.0_v3" 201 - "PUT http://172.18.0.2:8080/v1/AUTH_a92ac7f26cfc4aa3bc21a398d0527bc2/gnocchi.ddd0a6b1-7bbe-419b-aa43-653b3daf2fc8/1759320000.0_mean_300.0_v3" "tx9dee8ca3525c431d88521-0068de7018" "proxy-server 20" 0.0126 "-" 25 0
Oct 2 12:29:12 standalone proxy-server[131748]: 172.18.0.2 172.18.0.100 02/Oct/2025/12/29/12 PUT /v1/AUTH_a92ac7f26cfc4aa3bc21a398d0527bc2/gnocchi.ddd0a6b1-7bbe-419b-aa43-653b3daf2fc8/1759320000.0_mean_300.0_v3 HTTP/1.0 201 - python-swiftclient-3.11.1 gAAAAABo3m9dGVSB... 16 - - tx9dee8ca3525c431d88521-0068de7018 - 0.0197 - - 1759408152.954338312 1759408152.973999500 0
Oct 2 12:29:12 standalone container-server[129810]: 172.20.0.100 - - [02/Oct/2025:12:29:12 +0000] "PUT /d1/678/AUTH_a92ac7f26cfc4aa3bc21a398d0527bc2/gnocchi.ddd0a6b1-7bbe-419b-aa43-653b3daf2fc8/none_v3" 201 - "PUT http://172.18.0.2:8080/d1/156/AUTH_a92ac7f26cfc4aa3bc21a398d0527bc2/gnocchi.ddd0a6b1-7bbe-419b-aa43-653b3daf2fc8/none_v3" "txcea83333607746adb671c-0068de7018" "object-server 25" 0.0006 "-" 20 0
Oct 2 12:29:12 standalone object-server[130040]: 172.20.0.100 - - [02/Oct/2025:12:29:12 +0000] "PUT /d1/156/AUTH_a92ac7f26cfc4aa3bc21a398d0527bc2/gnocchi.ddd0a6b1-7bbe-419b-aa43-653b3daf2fc8/none_v3" 201 - "PUT http://172.18.0.2:8080/v1/AUTH_a92ac7f26cfc4aa3bc21a398d0527bc2/gnocchi.ddd0a6b1-7bbe-419b-aa43-653b3daf2fc8/none_v3" "txcea83333607746adb671c-0068de7018" "proxy-server 20" 0.0117 "-" 25 0
Oct 2 12:29:12 standalone proxy-server[131748]: 172.18.0.2 172.18.0.100 02/Oct/2025/12/29/12 PUT /v1/AUTH_a92ac7f26cfc4aa3bc21a398d0527bc2/gnocchi.ddd0a6b1-7bbe-419b-aa43-653b3daf2fc8/none_v3 HTTP/1.0 201 - python-swiftclient-3.11.1 gAAAAABo3m9dGVSB... 22 - - txcea83333607746adb671c-0068de7018 - 0.0202 - - 1759408152.978811026 1759408152.999040365 0
Oct 2 12:29:13 standalone container-server[129810]: 172.20.0.100 - - [02/Oct/2025:12:29:13 +0000] "HEAD /d1/47/AUTH_a92ac7f26cfc4aa3bc21a398d0527bc2/gnocchi.24fc8186-6ec3-4f14-b352-f3f76470932c" 404 - "HEAD http://172.18.0.2:8080/v1/AUTH_a92ac7f26cfc4aa3bc21a398d0527bc2/gnocchi.24fc8186-6ec3-4f14-b352-f3f76470932c?format=json&states=listing" "txf4dac11757204299a9bb3-0068de7019" "proxy-server 20" 0.0006 "-" 20 0
Oct 2 12:29:13 standalone object-server[130034]: 172.20.0.100 - - [02/Oct/2025:12:29:13 +0000] "GET /d1/448/AUTH_a92ac7f26cfc4aa3bc21a398d0527bc2/gnocchi.24fc8186-6ec3-4f14-b352-f3f76470932c/none_v3" 404 70 "GET http://172.18.0.2:8080/v1/AUTH_a92ac7f26cfc4aa3bc21a398d0527bc2/gnocchi.24fc8186-6ec3-4f14-b352-f3f76470932c/none_v3" "txf4dac11757204299a9bb3-0068de7019" "proxy-server 20" 0.0006 "-" 23 0
Oct 2 12:29:13 standalone proxy-server[131748]: 172.18.0.2 172.18.0.100 02/Oct/2025/12/29/13 GET /v1/AUTH_a92ac7f26cfc4aa3bc21a398d0527bc2/gnocchi.24fc8186-6ec3-4f14-b352-f3f76470932c/none_v3 HTTP/1.0 404 - python-swiftclient-3.11.1 gAAAAABo3m9dGVSB... - 70 - txf4dac11757204299a9bb3-0068de7019 - 0.0156 - - 1759408153.015070438 1759408153.030646801 0
Oct 2 12:29:13 standalone account-server[129624]: 172.20.0.100 - - [02/Oct/2025:12:29:13 +0000] "PUT /d1/287/AUTH_a92ac7f26cfc4aa3bc21a398d0527bc2/gnocchi.24fc8186-6ec3-4f14-b352-f3f76470932c" 201 - "PUT http://172.20.0.100:6001/d1/47/AUTH_a92ac7f26cfc4aa3bc21a398d0527bc2/gnocchi.24fc8186-6ec3-4f14-b352-f3f76470932c" "tx8fb152cebbd0454eac4e3-0068de7019" "container-server 20" 0.0072 "-" 21 0
Oct 2 12:29:13 standalone container-server[129810]: 172.20.0.100 - - [02/Oct/2025:12:29:13 +0000] "PUT /d1/47/AUTH_a92ac7f26cfc4aa3bc21a398d0527bc2/gnocchi.24fc8186-6ec3-4f14-b352-f3f76470932c" 201 - "PUT http://172.18.0.2:8080/v1/AUTH_a92ac7f26cfc4aa3bc21a398d0527bc2/gnocchi.24fc8186-6ec3-4f14-b352-f3f76470932c" "tx8fb152cebbd0454eac4e3-0068de7019" "proxy-server 20" 0.0208 "-" 20 0
Oct 2 12:29:13 standalone proxy-server[131748]: 172.18.0.2 172.18.0.100 02/Oct/2025/12/29/13 PUT /v1/AUTH_a92ac7f26cfc4aa3bc21a398d0527bc2/gnocchi.24fc8186-6ec3-4f14-b352-f3f76470932c HTTP/1.0 201 - python-swiftclient-3.11.1 gAAAAABo3m9dGVSB... - - - tx8fb152cebbd0454eac4e3-0068de7019 - 0.0278 - - 1759408153.034573317 1759408153.062419176 0
Oct 2 12:29:13 standalone container-server[129816]: 172.20.0.100 - - [02/Oct/2025:12:29:13 +0000] "HEAD /d1/47/AUTH_a92ac7f26cfc4aa3bc21a398d0527bc2/gnocchi.24fc8186-6ec3-4f14-b352-f3f76470932c" 204 - "HEAD http://172.18.0.2:8080/v1/AUTH_a92ac7f26cfc4aa3bc21a398d0527bc2/gnocchi.24fc8186-6ec3-4f14-b352-f3f76470932c?format=json&states=listing" "txba45c6c7976b4700ba2c6-0068de7019" "proxy-server 20" 0.0026 "-" 21 0
Oct 2 12:29:13 standalone proxy-server[131748]: - - 02/Oct/2025/12/29/13 HEAD /v1/AUTH_a92ac7f26cfc4aa3bc21a398d0527bc2/gnocchi.24fc8186-6ec3-4f14-b352-f3f76470932c%3Fformat%3Djson%26states%3Dlisting HTTP/1.0 204 - Swift - - - - txba45c6c7976b4700ba2c6-0068de7019 - 0.0118 RL - 1759408153.072023392 1759408153.083780766 0
Oct 2 12:29:13 standalone container-server[129820]: 172.20.0.100 - - [02/Oct/2025:12:29:13 +0000] "GET /d1/47/AUTH_a92ac7f26cfc4aa3bc21a398d0527bc2/gnocchi.24fc8186-6ec3-4f14-b352-f3f76470932c" 200 2 "GET http://172.18.0.2:8080/v1/AUTH_a92ac7f26cfc4aa3bc21a398d0527bc2/gnocchi.24fc8186-6ec3-4f14-b352-f3f76470932c?format=json&states=listing" "txba45c6c7976b4700ba2c6-0068de7019" "proxy-server 20" 0.0046 "-" 22 0
Oct 2 12:29:13 standalone proxy-server[131748]: 172.18.0.2 172.18.0.100 02/Oct/2025/12/29/13 GET /v1/AUTH_a92ac7f26cfc4aa3bc21a398d0527bc2/gnocchi.24fc8186-6ec3-4f14-b352-f3f76470932c%3Fformat%3Djson%26states%3Dlisting HTTP/1.0 200 - python-swiftclient-3.11.1 gAAAAABo3m9dGVSB... - 2 - txba45c6c7976b4700ba2c6-0068de7019 - 0.0309 - - 1759408153.070698738 1759408153.101604939 0
Oct 2 12:29:13 standalone object-server[130034]: 172.20.0.100 - - [02/Oct/2025:12:29:13 +0000] "GET /d1/499/AUTH_a92ac7f26cfc4aa3bc21a398d0527bc2/gnocchi.24fc8186-6ec3-4f14-b352-f3f76470932c/1759320000.0_mean_300.0_v3" 404 70 "GET http://172.18.0.2:8080/v1/AUTH_a92ac7f26cfc4aa3bc21a398d0527bc2/gnocchi.24fc8186-6ec3-4f14-b352-f3f76470932c/1759320000.0_mean_300.0_v3" "txf417211a67c1423ea1075-0068de7019" "proxy-server 20" 0.0005 "-" 23 0
Oct 2 12:29:13 standalone proxy-server[131748]: 172.18.0.2 172.18.0.100 02/Oct/2025/12/29/13 GET /v1/AUTH_a92ac7f26cfc4aa3bc21a398d0527bc2/gnocchi.24fc8186-6ec3-4f14-b352-f3f76470932c/1759320000.0_mean_300.0_v3 HTTP/1.0 404 - python-swiftclient-3.11.1 gAAAAABo3m9dGVSB... - 70 - txf417211a67c1423ea1075-0068de7019 - 0.0143 - - 1759408153.110725641 1759408153.125028610 0
Oct 2 12:29:13 standalone container-server[129816]: 172.20.0.100 - - [02/Oct/2025:12:29:13 +0000] "PUT /d1/47/AUTH_a92ac7f26cfc4aa3bc21a398d0527bc2/gnocchi.24fc8186-6ec3-4f14-b352-f3f76470932c/1759320000.0_mean_300.0_v3" 201 - "PUT http://172.18.0.2:8080/d1/499/AUTH_a92ac7f26cfc4aa3bc21a398d0527bc2/gnocchi.24fc8186-6ec3-4f14-b352-f3f76470932c/1759320000.0_mean_300.0_v3" "txd07ab06a56e5464c9460e-0068de7019" "object-server 24" 0.0007 "-" 21 0
Oct 2 12:29:13 standalone object-server[130036]: 172.20.0.100 - - [02/Oct/2025:12:29:13 +0000] "PUT /d1/499/AUTH_a92ac7f26cfc4aa3bc21a398d0527bc2/gnocchi.24fc8186-6ec3-4f14-b352-f3f76470932c/1759320000.0_mean_300.0_v3" 201 - "PUT http://172.18.0.2:8080/v1/AUTH_a92ac7f26cfc4aa3bc21a398d0527bc2/gnocchi.24fc8186-6ec3-4f14-b352-f3f76470932c/1759320000.0_mean_300.0_v3" "txd07ab06a56e5464c9460e-0068de7019" "proxy-server 20" 0.0111 "-" 24 0
Oct 2 12:29:13 standalone proxy-server[131748]: 172.18.0.2 172.18.0.100 02/Oct/2025/12/29/13 PUT /v1/AUTH_a92ac7f26cfc4aa3bc21a398d0527bc2/gnocchi.24fc8186-6ec3-4f14-b352-f3f76470932c/1759320000.0_mean_300.0_v3 HTTP/1.0 201 - python-swiftclient-3.11.1 gAAAAABo3m9dGVSB... 16 - - txd07ab06a56e5464c9460e-0068de7019 - 0.0203 - - 1759408153.131222963 1759408153.151496172 0
Oct 2 12:29:13 standalone container-server[129810]: 172.20.0.100 - - [02/Oct/2025:12:29:13 +0000] "PUT /d1/47/AUTH_a92ac7f26cfc4aa3bc21a398d0527bc2/gnocchi.24fc8186-6ec3-4f14-b352-f3f76470932c/none_v3" 201 - "PUT http://172.18.0.2:8080/d1/448/AUTH_a92ac7f26cfc4aa3bc21a398d0527bc2/gnocchi.24fc8186-6ec3-4f14-b352-f3f76470932c/none_v3" "txe553cf5f1a7b4ae6aebff-0068de7019" "object-server 24" 0.0005 "-" 20 0
Oct 2 12:29:13 standalone object-server[130036]: 172.20.0.100 - - [02/Oct/2025:12:29:13 +0000] "PUT /d1/448/AUTH_a92ac7f26cfc4aa3bc21a398d0527bc2/gnocchi.24fc8186-6ec3-4f14-b352-f3f76470932c/none_v3" 201 - "PUT http://172.18.0.2:8080/v1/AUTH_a92ac7f26cfc4aa3bc21a398d0527bc2/gnocchi.24fc8186-6ec3-4f14-b352-f3f76470932c/none_v3" "txe553cf5f1a7b4ae6aebff-0068de7019" "proxy-server 20" 0.0097 "-" 24 0
Oct 2 12:29:13 standalone proxy-server[131748]: 172.18.0.2 172.18.0.100 02/Oct/2025/12/29/13 PUT /v1/AUTH_a92ac7f26cfc4aa3bc21a398d0527bc2/gnocchi.24fc8186-6ec3-4f14-b352-f3f76470932c/none_v3 HTTP/1.0 201 - python-swiftclient-3.11.1 gAAAAABo3m9dGVSB... 22 - - txe553cf5f1a7b4ae6aebff-0068de7019 - 0.0182 - - 1759408153.155620098 1759408153.173787832 0
Oct 2 12:29:13 standalone container-server[129816]: 172.20.0.100 - - [02/Oct/2025:12:29:13 +0000] "HEAD /d1/259/AUTH_a92ac7f26cfc4aa3bc21a398d0527bc2/gnocchi.2186540f-bc14-4b61-84bd-0719951e01d5" 404 - "HEAD http://172.18.0.2:8080/v1/AUTH_a92ac7f26cfc4aa3bc21a398d0527bc2/gnocchi.2186540f-bc14-4b61-84bd-0719951e01d5?format=json&states=listing" "txa2aa5642fbfb4629ab183-0068de7019" "proxy-server 20" 0.0005 "-" 21 0
Oct 2 12:29:13 standalone object-server[130040]: 172.20.0.100 - - [02/Oct/2025:12:29:13 +0000] "GET /d1/250/AUTH_a92ac7f26cfc4aa3bc21a398d0527bc2/gnocchi.2186540f-bc14-4b61-84bd-0719951e01d5/none_v3" 404 70 "GET http://172.18.0.2:8080/v1/AUTH_a92ac7f26cfc4aa3bc21a398d0527bc2/gnocchi.2186540f-bc14-4b61-84bd-0719951e01d5/none_v3" "txa2aa5642fbfb4629ab183-0068de7019" "proxy-server 20" 0.0005 "-" 25 0
Oct 2 12:29:13 standalone proxy-server[131748]: 172.18.0.2 172.18.0.100 02/Oct/2025/12/29/13 GET /v1/AUTH_a92ac7f26cfc4aa3bc21a398d0527bc2/gnocchi.2186540f-bc14-4b61-84bd-0719951e01d5/none_v3 HTTP/1.0 404 - python-swiftclient-3.11.1 gAAAAABo3m9dGVSB... - 70 - txa2aa5642fbfb4629ab183-0068de7019 - 0.0139 - - 1759408153.187988281 1759408153.201882601 0
Oct 2 12:29:13 standalone account-server[129581]: 172.20.0.100 - - [02/Oct/2025:12:29:13 +0000] "PUT /d1/287/AUTH_a92ac7f26cfc4aa3bc21a398d0527bc2/gnocchi.2186540f-bc14-4b61-84bd-0719951e01d5" 201 - "PUT http://172.20.0.100:6001/d1/259/AUTH_a92ac7f26cfc4aa3bc21a398d0527bc2/gnocchi.2186540f-bc14-4b61-84bd-0719951e01d5" "tx3e3a0bf1d7d9448c8c28b-0068de7019" "container-server 20" 0.0061 "-" 19 0
Oct 2 12:29:13 standalone container-server[129810]: 172.20.0.100 - - [02/Oct/2025:12:29:13 +0000] "PUT /d1/259/AUTH_a92ac7f26cfc4aa3bc21a398d0527bc2/gnocchi.2186540f-bc14-4b61-84bd-0719951e01d5" 201 - "PUT http://172.18.0.2:8080/v1/AUTH_a92ac7f26cfc4aa3bc21a398d0527bc2/gnocchi.2186540f-bc14-4b61-84bd-0719951e01d5" "tx3e3a0bf1d7d9448c8c28b-0068de7019" "proxy-server 20" 0.0171 "-" 20 0
Oct 2 12:29:13 standalone proxy-server[131748]: 172.18.0.2 172.18.0.100 02/Oct/2025/12/29/13 PUT /v1/AUTH_a92ac7f26cfc4aa3bc21a398d0527bc2/gnocchi.2186540f-bc14-4b61-84bd-0719951e01d5 HTTP/1.0 201 - python-swiftclient-3.11.1 gAAAAABo3m9dGVSB... - - - tx3e3a0bf1d7d9448c8c28b-0068de7019 - 0.0244 - - 1759408153.205773354 1759408153.230135441 0
Oct 2 12:29:13 standalone container-server[129822]: 172.20.0.100 - - [02/Oct/2025:12:29:13 +0000] "HEAD /d1/259/AUTH_a92ac7f26cfc4aa3bc21a398d0527bc2/gnocchi.2186540f-bc14-4b61-84bd-0719951e01d5" 204 - "HEAD http://172.18.0.2:8080/v1/AUTH_a92ac7f26cfc4aa3bc21a398d0527bc2/gnocchi.2186540f-bc14-4b61-84bd-0719951e01d5?format=json&states=listing" "tx74d9de83d447490ab579c-0068de7019" "proxy-server 20" 0.0024 "-" 23 0
Oct 2 12:29:13 standalone proxy-server[131748]: - - 02/Oct/2025/12/29/13 HEAD /v1/AUTH_a92ac7f26cfc4aa3bc21a398d0527bc2/gnocchi.2186540f-bc14-4b61-84bd-0719951e01d5%3Fformat%3Djson%26states%3Dlisting HTTP/1.0 204 - Swift - - - - tx74d9de83d447490ab579c-0068de7019 - 0.0071 RL - 1759408153.237361431 1759408153.244442940 0
Oct 2 12:29:13 standalone container-server[129810]: 172.20.0.100 - - [02/Oct/2025:12:29:13 +0000] "GET /d1/259/AUTH_a92ac7f26cfc4aa3bc21a398d0527bc2/gnocchi.2186540f-bc14-4b61-84bd-0719951e01d5" 200 2 "GET http://172.18.0.2:8080/v1/AUTH_a92ac7f26cfc4aa3bc21a398d0527bc2/gnocchi.2186540f-bc14-4b61-84bd-0719951e01d5?format=json&states=listing" "tx74d9de83d447490ab579c-0068de7019" "proxy-server 20" 0.0035 "-" 20 0
Oct 2 12:29:13 standalone proxy-server[131748]: 172.18.0.2 172.18.0.100 02/Oct/2025/12/29/13 GET /v1/AUTH_a92ac7f26cfc4aa3bc21a398d0527bc2/gnocchi.2186540f-bc14-4b61-84bd-0719951e01d5%3Fformat%3Djson%26states%3Dlisting HTTP/1.0 200 - python-swiftclient-3.11.1 gAAAAABo3m9dGVSB... - 2 - tx74d9de83d447490ab579c-0068de7019 - 0.0211 - - 1759408153.235783100 1759408153.256886721 0
Oct 2 12:29:13 standalone object-server[130036]: 172.20.0.100 - - [02/Oct/2025:12:29:13 +0000] "GET /d1/872/AUTH_a92ac7f26cfc4aa3bc21a398d0527bc2/gnocchi.2186540f-bc14-4b61-84bd-0719951e01d5/1759320000.0_mean_300.0_v3" 404 70 "GET http://172.18.0.2:8080/v1/AUTH_a92ac7f26cfc4aa3bc21a398d0527bc2/gnocchi.2186540f-bc14-4b61-84bd-0719951e01d5/1759320000.0_mean_300.0_v3" "txdbb498810e924772b4011-0068de7019" "proxy-server 20" 0.0004 "-" 24 0
Oct 2 12:29:13 standalone proxy-server[131748]: 172.18.0.2 172.18.0.100 02/Oct/2025/12/29/13 GET /v1/AUTH_a92ac7f26cfc4aa3bc21a398d0527bc2/gnocchi.2186540f-bc14-4b61-84bd-0719951e01d5/1759320000.0_mean_300.0_v3 HTTP/1.0 404 - python-swiftclient-3.11.1 gAAAAABo3m9dGVSB... - 70 - txdbb498810e924772b4011-0068de7019 - 0.0072 - - 1759408153.261662483 1759408153.268884182 0
Oct 2 12:29:13 standalone container-server[129820]: 172.20.0.100 - - [02/Oct/2025:12:29:13 +0000] "PUT /d1/259/AUTH_a92ac7f26cfc4aa3bc21a398d0527bc2/gnocchi.2186540f-bc14-4b61-84bd-0719951e01d5/1759320000.0_mean_300.0_v3" 201 - "PUT http://172.18.0.2:8080/d1/872/AUTH_a92ac7f26cfc4aa3bc21a398d0527bc2/gnocchi.2186540f-bc14-4b61-84bd-0719951e01d5/1759320000.0_mean_300.0_v3" "tx6ac4c29599274e87b8052-0068de7019" "object-server 22" 0.0010 "-" 22 0
Oct 2 12:29:13 standalone object-server[130032]: 172.20.0.100 - - [02/Oct/2025:12:29:13 +0000] "PUT /d1/872/AUTH_a92ac7f26cfc4aa3bc21a398d0527bc2/gnocchi.2186540f-bc14-4b61-84bd-0719951e01d5/1759320000.0_mean_300.0_v3" 201 - "PUT http://172.18.0.2:8080/v1/AUTH_a92ac7f26cfc4aa3bc21a398d0527bc2/gnocchi.2186540f-bc14-4b61-84bd-0719951e01d5/1759320000.0_mean_300.0_v3" "tx6ac4c29599274e87b8052-0068de7019" "proxy-server 20" 0.0114 "-" 22 0
Oct 2 12:29:13 standalone proxy-server[131748]: 172.18.0.2 172.18.0.100 02/Oct/2025/12/29/13 PUT /v1/AUTH_a92ac7f26cfc4aa3bc21a398d0527bc2/gnocchi.2186540f-bc14-4b61-84bd-0719951e01d5/1759320000.0_mean_300.0_v3 HTTP/1.0 201 - python-swiftclient-3.11.1 gAAAAABo3m9dGVSB... 16 - - tx6ac4c29599274e87b8052-0068de7019 - 0.0193 - - 1759408153.272323132 1759408153.291656017 0
Oct 2 12:29:13 standalone container-server[129816]: 172.20.0.100 - - [02/Oct/2025:12:29:13 +0000] "PUT /d1/259/AUTH_a92ac7f26cfc4aa3bc21a398d0527bc2/gnocchi.2186540f-bc14-4b61-84bd-0719951e01d5/none_v3" 201 - "PUT http://172.18.0.2:8080/d1/250/AUTH_a92ac7f26cfc4aa3bc21a398d0527bc2/gnocchi.2186540f-bc14-4b61-84bd-0719951e01d5/none_v3" "tx71ffc415277e4ff9ab6e4-0068de7019" "object-server 22" 0.0006 "-" 21 0
Oct 2 12:29:13 standalone object-server[130032]: 172.20.0.100 - - [02/Oct/2025:12:29:13 +0000] "PUT /d1/250/AUTH_a92ac7f26cfc4aa3bc21a398d0527bc2/gnocchi.2186540f-bc14-4b61-84bd-0719951e01d5/none_v3" 201 - "PUT http://172.18.0.2:8080/v1/AUTH_a92ac7f26cfc4aa3bc21a398d0527bc2/gnocchi.2186540f-bc14-4b61-84bd-0719951e01d5/none_v3" "tx71ffc415277e4ff9ab6e4-0068de7019" "proxy-server 20" 0.0121 "-" 22 0
Oct 2 12:29:13 standalone proxy-server[131748]: 172.18.0.2 172.18.0.100 02/Oct/2025/12/29/13 PUT /v1/AUTH_a92ac7f26cfc4aa3bc21a398d0527bc2/gnocchi.2186540f-bc14-4b61-84bd-0719951e01d5/none_v3 HTTP/1.0 201 - python-swiftclient-3.11.1 gAAAAABo3m9dGVSB... 22 - - tx71ffc415277e4ff9ab6e4-0068de7019 - 0.0197 - - 1759408153.295160294 1759408153.314841032 0
Oct 2 12:29:13 standalone container-server[129816]: 172.20.0.100 - - [02/Oct/2025:12:29:13 +0000] "HEAD /d1/683/AUTH_a92ac7f26cfc4aa3bc21a398d0527bc2/gnocchi.600a1b96-26b3-4a35-8279-996ba275af60" 404 - "HEAD http://172.18.0.2:8080/v1/AUTH_a92ac7f26cfc4aa3bc21a398d0527bc2/gnocchi.600a1b96-26b3-4a35-8279-996ba275af60?format=json&states=listing" "txea04785441de4ccda5560-0068de7019" "proxy-server 20" 0.0004 "-" 21 0
Oct 2 12:29:13 standalone object-server[130036]: 172.20.0.100 - - [02/Oct/2025:12:29:13 +0000] "GET /d1/847/AUTH_a92ac7f26cfc4aa3bc21a398d0527bc2/gnocchi.600a1b96-26b3-4a35-8279-996ba275af60/none_v3" 404 70 "GET http://172.18.0.2:8080/v1/AUTH_a92ac7f26cfc4aa3bc21a398d0527bc2/gnocchi.600a1b96-26b3-4a35-8279-996ba275af60/none_v3" "txea04785441de4ccda5560-0068de7019" "proxy-server 20" 0.0005 "-" 24 0
Oct 2 12:29:13 standalone proxy-server[131748]: 172.18.0.2 172.18.0.100 02/Oct/2025/12/29/13 GET /v1/AUTH_a92ac7f26cfc4aa3bc21a398d0527bc2/gnocchi.600a1b96-26b3-4a35-8279-996ba275af60/none_v3 HTTP/1.0 404 - python-swiftclient-3.11.1 gAAAAABo3m9dGVSB... - 70 - txea04785441de4ccda5560-0068de7019 - 0.0101 - - 1759408153.324623585 1759408153.334730387 0
Oct 2 12:29:13 standalone account-server[129591]: 172.20.0.100 - - [02/Oct/2025:12:29:13 +0000] "PUT /d1/287/AUTH_a92ac7f26cfc4aa3bc21a398d0527bc2/gnocchi.600a1b96-26b3-4a35-8279-996ba275af60" 201 - "PUT http://172.20.0.100:6001/d1/683/AUTH_a92ac7f26cfc4aa3bc21a398d0527bc2/gnocchi.600a1b96-26b3-4a35-8279-996ba275af60" "tx8712e06f783c4d5a97974-0068de7019" "container-server 23" 0.0039 "-" 20 0
Oct 2 12:29:13 standalone container-server[129822]: 172.20.0.100 - - [02/Oct/2025:12:29:13 +0000] "PUT /d1/683/AUTH_a92ac7f26cfc4aa3bc21a398d0527bc2/gnocchi.600a1b96-26b3-4a35-8279-996ba275af60" 201 - "PUT http://172.18.0.2:8080/v1/AUTH_a92ac7f26cfc4aa3bc21a398d0527bc2/gnocchi.600a1b96-26b3-4a35-8279-996ba275af60" "tx8712e06f783c4d5a97974-0068de7019" "proxy-server 20" 0.0148 "-" 23 0
Oct 2 12:29:13 standalone proxy-server[131748]: 172.18.0.2 172.18.0.100 02/Oct/2025/12/29/13 PUT /v1/AUTH_a92ac7f26cfc4aa3bc21a398d0527bc2/gnocchi.600a1b96-26b3-4a35-8279-996ba275af60 HTTP/1.0 201 - python-swiftclient-3.11.1 gAAAAABo3m9dGVSB... - - - tx8712e06f783c4d5a97974-0068de7019 - 0.0205 - - 1759408153.337783098 1759408153.358298779 0
