Nov 28 14:49:26 standalone proxy-server[129334]: 172.18.0.2 172.18.0.100 28/Nov/2025/14/49/26 PUT /v1/AUTH_45ed45c34a424f09ae062475496b278a/gnocchi.72df2eea-7b05-45d4-9e43-beb5607985ae HTTP/1.0 201 - python-swiftclient-3.11.1 gAAAAABpKbYGFW-r... - - - tx825eb53e51f94c12ae2f5-006929b676 - 0.0309 - - 1764341366.931412220 1764341366.962306023 0
Nov 28 14:49:26 standalone container-server[127397]: 172.20.0.100 - - [28/Nov/2025:14:49:26 +0000] "HEAD /d1/257/AUTH_45ed45c34a424f09ae062475496b278a/gnocchi.72df2eea-7b05-45d4-9e43-beb5607985ae" 204 - "HEAD http://172.18.0.2:8080/v1/AUTH_45ed45c34a424f09ae062475496b278a/gnocchi.72df2eea-7b05-45d4-9e43-beb5607985ae?format=json&states=listing" "tx4ec401fc3e6746ddaad61-006929b676" "proxy-server 12" 0.0028 "-" 20 0
Nov 28 14:49:26 standalone proxy-server[129334]: - - 28/Nov/2025/14/49/26 HEAD /v1/AUTH_45ed45c34a424f09ae062475496b278a/gnocchi.72df2eea-7b05-45d4-9e43-beb5607985ae%3Fformat%3Djson%26states%3Dlisting HTTP/1.0 204 - Swift - - - - tx4ec401fc3e6746ddaad61-006929b676 - 0.0146 RL - 1764341366.967090130 1764341366.981723070 0
Nov 28 14:49:26 standalone container-server[127388]: 172.20.0.100 - - [28/Nov/2025:14:49:26 +0000] "GET /d1/257/AUTH_45ed45c34a424f09ae062475496b278a/gnocchi.72df2eea-7b05-45d4-9e43-beb5607985ae" 200 2 "GET http://172.18.0.2:8080/v1/AUTH_45ed45c34a424f09ae062475496b278a/gnocchi.72df2eea-7b05-45d4-9e43-beb5607985ae?format=json&states=listing" "tx4ec401fc3e6746ddaad61-006929b676" "proxy-server 12" 0.0034 "-" 17 0
Nov 28 14:49:26 standalone proxy-server[129334]: 172.18.0.2 172.18.0.100 28/Nov/2025/14/49/26 GET /v1/AUTH_45ed45c34a424f09ae062475496b278a/gnocchi.72df2eea-7b05-45d4-9e43-beb5607985ae%3Fformat%3Djson%26states%3Dlisting HTTP/1.0 200 - python-swiftclient-3.11.1 gAAAAABpKbYGFW-r... - 2 - tx4ec401fc3e6746ddaad61-006929b676 - 0.0282 - - 1764341366.965646029 1764341366.993865252 0
Nov 28 14:49:27 standalone object-server[127584]: 172.20.0.100 - - [28/Nov/2025:14:49:27 +0000] "GET /d1/674/AUTH_45ed45c34a424f09ae062475496b278a/gnocchi.72df2eea-7b05-45d4-9e43-beb5607985ae/1763640000.0_mean_300.0_v3" 404 70 "GET http://172.18.0.2:8080/v1/AUTH_45ed45c34a424f09ae062475496b278a/gnocchi.72df2eea-7b05-45d4-9e43-beb5607985ae/1763640000.0_mean_300.0_v3" "txdf5720d27cb448e18e3ae-006929b676" "proxy-server 12" 0.0005 "-" 24 0
Nov 28 14:49:27 standalone proxy-server[129334]: 172.18.0.2 172.18.0.100 28/Nov/2025/14/49/27 GET /v1/AUTH_45ed45c34a424f09ae062475496b278a/gnocchi.72df2eea-7b05-45d4-9e43-beb5607985ae/1763640000.0_mean_300.0_v3 HTTP/1.0 404 - python-swiftclient-3.11.1 gAAAAABpKbYGFW-r... - 70 - txdf5720d27cb448e18e3ae-006929b676 - 0.0078 - - 1764341366.997424841 1764341367.005243540 0
Nov 28 14:49:27 standalone container-server[127388]: 172.20.0.100 - - [28/Nov/2025:14:49:27 +0000] "PUT /d1/257/AUTH_45ed45c34a424f09ae062475496b278a/gnocchi.72df2eea-7b05-45d4-9e43-beb5607985ae/1763640000.0_mean_300.0_v3" 201 - "PUT http://172.18.0.2:8080/d1/674/AUTH_45ed45c34a424f09ae062475496b278a/gnocchi.72df2eea-7b05-45d4-9e43-beb5607985ae/1763640000.0_mean_300.0_v3" "tx055b08356bc048d69af3a-006929b677" "object-server 24" 0.0011 "-" 17 0
Nov 28 14:49:27 standalone object-server[127584]: 172.20.0.100 - - [28/Nov/2025:14:49:27 +0000] "PUT /d1/674/AUTH_45ed45c34a424f09ae062475496b278a/gnocchi.72df2eea-7b05-45d4-9e43-beb5607985ae/1763640000.0_mean_300.0_v3" 201 - "PUT http://172.18.0.2:8080/v1/AUTH_45ed45c34a424f09ae062475496b278a/gnocchi.72df2eea-7b05-45d4-9e43-beb5607985ae/1763640000.0_mean_300.0_v3" "tx055b08356bc048d69af3a-006929b677" "proxy-server 12" 0.0120 "-" 24 0
Nov 28 14:49:27 standalone proxy-server[129334]: 172.18.0.2 172.18.0.100 28/Nov/2025/14/49/27 PUT /v1/AUTH_45ed45c34a424f09ae062475496b278a/gnocchi.72df2eea-7b05-45d4-9e43-beb5607985ae/1763640000.0_mean_300.0_v3 HTTP/1.0 201 - python-swiftclient-3.11.1 gAAAAABpKbYGFW-r... 16 - - tx055b08356bc048d69af3a-006929b677 - 0.0187 - - 1764341367.008196831 1764341367.026871443 0
Nov 28 14:49:27 standalone container-server[127402]: 172.20.0.100 - - [28/Nov/2025:14:49:27 +0000] "PUT /d1/257/AUTH_45ed45c34a424f09ae062475496b278a/gnocchi.72df2eea-7b05-45d4-9e43-beb5607985ae/none_v3" 201 - "PUT http://172.18.0.2:8080/d1/954/AUTH_45ed45c34a424f09ae062475496b278a/gnocchi.72df2eea-7b05-45d4-9e43-beb5607985ae/none_v3" "tx2a75e2da11fc4ef4869d4-006929b677" "object-server 24" 0.0015 "-" 21 0
Nov 28 14:49:27 standalone object-server[127584]: 172.20.0.100 - - [28/Nov/2025:14:49:27 +0000] "PUT /d1/954/AUTH_45ed45c34a424f09ae062475496b278a/gnocchi.72df2eea-7b05-45d4-9e43-beb5607985ae/none_v3" 201 - "PUT http://172.18.0.2:8080/v1/AUTH_45ed45c34a424f09ae062475496b278a/gnocchi.72df2eea-7b05-45d4-9e43-beb5607985ae/none_v3" "tx2a75e2da11fc4ef4869d4-006929b677" "proxy-server 12" 0.0155 "-" 24 0
Nov 28 14:49:27 standalone proxy-server[129334]: 172.18.0.2 172.18.0.100 28/Nov/2025/14/49/27 PUT /v1/AUTH_45ed45c34a424f09ae062475496b278a/gnocchi.72df2eea-7b05-45d4-9e43-beb5607985ae/none_v3 HTTP/1.0 201 - python-swiftclient-3.11.1 gAAAAABpKbYGFW-r... 22 - - tx2a75e2da11fc4ef4869d4-006929b677 - 0.0225 - - 1764341367.030020714 1764341367.052539587 0
Nov 28 14:49:27 standalone object-server[127584]: 172.20.0.100 - - [28/Nov/2025:14:49:27 +0000] "GET /d1/954/AUTH_45ed45c34a424f09ae062475496b278a/gnocchi.72df2eea-7b05-45d4-9e43-beb5607985ae/none_v3" 200 22 "GET http://172.18.0.2:8080/v1/AUTH_45ed45c34a424f09ae062475496b278a/gnocchi.72df2eea-7b05-45d4-9e43-beb5607985ae/none_v3" "tx00cdfc4b426347c1a2c2b-006929b677" "proxy-server 12" 0.0017 "-" 24 0
Nov 28 14:49:27 standalone proxy-server[129334]: 172.18.0.2 172.18.0.100 28/Nov/2025/14/49/27 GET /v1/AUTH_45ed45c34a424f09ae062475496b278a/gnocchi.72df2eea-7b05-45d4-9e43-beb5607985ae/none_v3 HTTP/1.0 200 - python-swiftclient-3.11.1 gAAAAABpKbYGFW-r... - 22 - tx00cdfc4b426347c1a2c2b-006929b677 - 0.0136 - - 1764341367.972776651 1764341367.986357450 0
Nov 28 14:49:28 standalone container-server[127402]: 172.20.0.100 - - [28/Nov/2025:14:49:28 +0000] "GET /d1/257/AUTH_45ed45c34a424f09ae062475496b278a/gnocchi.72df2eea-7b05-45d4-9e43-beb5607985ae" 200 357 "GET http://172.18.0.2:8080/v1/AUTH_45ed45c34a424f09ae062475496b278a/gnocchi.72df2eea-7b05-45d4-9e43-beb5607985ae?format=json&states=listing" "txca34143940d9445b84963-006929b677" "proxy-server 12" 0.0100 "-" 21 0
Nov 28 14:49:28 standalone proxy-server[129334]: 172.18.0.2 172.18.0.100 28/Nov/2025/14/49/28 GET /v1/AUTH_45ed45c34a424f09ae062475496b278a/gnocchi.72df2eea-7b05-45d4-9e43-beb5607985ae%3Fformat%3Djson%26states%3Dlisting HTTP/1.0 200 - python-swiftclient-3.11.1 gAAAAABpKbYGFW-r... - 357 - txca34143940d9445b84963-006929b677 - 0.0192 - - 1764341367.992074251 1764341368.011276960 0
Nov 28 14:49:28 standalone container-server[127388]: 172.20.0.100 - - [28/Nov/2025:14:49:28 +0000] "GET /d1/257/AUTH_45ed45c34a424f09ae062475496b278a/gnocchi.72df2eea-7b05-45d4-9e43-beb5607985ae" 200 2 "GET http://172.18.0.2:8080/v1/AUTH_45ed45c34a424f09ae062475496b278a/gnocchi.72df2eea-7b05-45d4-9e43-beb5607985ae?format=json&marker=none_v3&states=listing" "tx5475fe431a604eb3aab7c-006929b678" "proxy-server 12" 0.0041 "-" 17 0
Nov 28 14:49:28 standalone proxy-server[129334]: 172.18.0.2 172.18.0.100 28/Nov/2025/14/49/28 GET /v1/AUTH_45ed45c34a424f09ae062475496b278a/gnocchi.72df2eea-7b05-45d4-9e43-beb5607985ae%3Fformat%3Djson%26marker%3Dnone_v3%26states%3Dlisting HTTP/1.0 200 - python-swiftclient-3.11.1 gAAAAABpKbYGFW-r... - 2 - tx5475fe431a604eb3aab7c-006929b678 - 0.0143 - - 1764341368.015082836 1764341368.029347897 0
Nov 28 14:49:28 standalone object-server[127585]: 172.20.0.100 - - [28/Nov/2025:14:49:28 +0000] "GET /d1/674/AUTH_45ed45c34a424f09ae062475496b278a/gnocchi.72df2eea-7b05-45d4-9e43-beb5607985ae/1763640000.0_mean_300.0_v3" 200 16 "GET http://172.18.0.2:8080/v1/AUTH_45ed45c34a424f09ae062475496b278a/gnocchi.72df2eea-7b05-45d4-9e43-beb5607985ae/1763640000.0_mean_300.0_v3" "tx67fd5d09ecaa4aca8c21e-006929b678" "proxy-server 12" 0.0012 "-" 25 0
Nov 28 14:49:28 standalone proxy-server[129334]: 172.18.0.2 172.18.0.100 28/Nov/2025/14/49/28 GET /v1/AUTH_45ed45c34a424f09ae062475496b278a/gnocchi.72df2eea-7b05-45d4-9e43-beb5607985ae/1763640000.0_mean_300.0_v3 HTTP/1.0 200 - python-swiftclient-3.11.1 gAAAAABpKbYGFW-r... - 16 - tx67fd5d09ecaa4aca8c21e-006929b678 - 0.0106 - - 1764341368.034238815 1764341368.044801950 0
Nov 28 14:49:28 standalone container-server[127388]: 172.20.0.100 - - [28/Nov/2025:14:49:28 +0000] "PUT /d1/257/AUTH_45ed45c34a424f09ae062475496b278a/gnocchi.72df2eea-7b05-45d4-9e43-beb5607985ae/1763640000.0_mean_300.0_v3" 201 - "PUT http://172.18.0.2:8080/d1/674/AUTH_45ed45c34a424f09ae062475496b278a/gnocchi.72df2eea-7b05-45d4-9e43-beb5607985ae/1763640000.0_mean_300.0_v3" "tx6743c84fa5e5487a8a7eb-006929b678" "object-server 24" 0.0007 "-" 17 0
Nov 28 14:49:28 standalone object-server[127584]: 172.20.0.100 - - [28/Nov/2025:14:49:28 +0000] "PUT /d1/674/AUTH_45ed45c34a424f09ae062475496b278a/gnocchi.72df2eea-7b05-45d4-9e43-beb5607985ae/1763640000.0_mean_300.0_v3" 201 - "PUT http://172.18.0.2:8080/v1/AUTH_45ed45c34a424f09ae062475496b278a/gnocchi.72df2eea-7b05-45d4-9e43-beb5607985ae/1763640000.0_mean_300.0_v3" "tx6743c84fa5e5487a8a7eb-006929b678" "proxy-server 12" 0.0176 "-" 24 0
Nov 28 14:49:28 standalone proxy-server[129334]: 172.18.0.2 172.18.0.100 28/Nov/2025/14/49/28 PUT /v1/AUTH_45ed45c34a424f09ae062475496b278a/gnocchi.72df2eea-7b05-45d4-9e43-beb5607985ae/1763640000.0_mean_300.0_v3 HTTP/1.0 201 - python-swiftclient-3.11.1 gAAAAABpKbYGFW-r... 16 - - tx6743c84fa5e5487a8a7eb-006929b678 - 0.0254 - - 1764341368.048904419 1764341368.074322939 0
Nov 28 14:49:28 standalone container-server[127388]: 172.20.0.100 - - [28/Nov/2025:14:49:28 +0000] "PUT /d1/257/AUTH_45ed45c34a424f09ae062475496b278a/gnocchi.72df2eea-7b05-45d4-9e43-beb5607985ae/none_v3" 201 - "PUT http://172.18.0.2:8080/d1/954/AUTH_45ed45c34a424f09ae062475496b278a/gnocchi.72df2eea-7b05-45d4-9e43-beb5607985ae/none_v3" "txd73c9d053371444288c0e-006929b678" "object-server 23" 0.0006 "-" 17 0
Nov 28 14:49:28 standalone object-server[127583]: 172.20.0.100 - - [28/Nov/2025:14:49:28 +0000] "PUT /d1/954/AUTH_45ed45c34a424f09ae062475496b278a/gnocchi.72df2eea-7b05-45d4-9e43-beb5607985ae/none_v3" 201 - "PUT http://172.18.0.2:8080/v1/AUTH_45ed45c34a424f09ae062475496b278a/gnocchi.72df2eea-7b05-45d4-9e43-beb5607985ae/none_v3" "txd73c9d053371444288c0e-006929b678" "proxy-server 12" 0.0123 "-" 23 0
Nov 28 14:49:28 standalone proxy-server[129334]: 172.18.0.2 172.18.0.100 28/Nov/2025/14/49/28 PUT /v1/AUTH_45ed45c34a424f09ae062475496b278a/gnocchi.72df2eea-7b05-45d4-9e43-beb5607985ae/none_v3 HTTP/1.0 201 - python-swiftclient-3.11.1 gAAAAABpKbYGFW-r... 31 - - txd73c9d053371444288c0e-006929b678 - 0.0201 - - 1764341368.079839945 1764341368.099955797 0
Nov 28 14:49:36 standalone account-server[127222]: 172.20.0.100 - - [28/Nov/2025:14:49:36 +0000] "HEAD /d1/103/AUTH_45ed45c34a424f09ae062475496b278a" 204 - "HEAD http://172.18.0.2:8080/v1/AUTH_45ed45c34a424f09ae062475496b278a?format=json" "txd1ab42514c114dc3af08a-006929b680" "proxy-server 12" 0.0056 "-" 20 -
Nov 28 14:49:36 standalone proxy-server[129334]: - - 28/Nov/2025/14/49/36 HEAD /v1/AUTH_45ed45c34a424f09ae062475496b278a%3Fformat%3Djson HTTP/1.0 204 - Swift - - - - txd1ab42514c114dc3af08a-006929b680 - 0.0095 RL - 1764341376.473712206 1764341376.483241796 -
Nov 28 14:49:36 standalone object-server[127585]: 172.20.0.100 - - [28/Nov/2025:14:49:36 +0000] "GET /d1/882/AUTH_45ed45c34a424f09ae062475496b278a/gnocchi.1662acba-eb15-4e61-9ffc-b1b92a3a5b5f/none_v3" 200 31 "GET http://172.18.0.2:8080/v1/AUTH_45ed45c34a424f09ae062475496b278a/gnocchi.1662acba-eb15-4e61-9ffc-b1b92a3a5b5f/none_v3" "txd1ab42514c114dc3af08a-006929b680" "proxy-server 12" 0.0010 "-" 25 0
Nov 28 14:49:36 standalone proxy-server[129334]: 172.18.0.2 172.18.0.100 28/Nov/2025/14/49/36 GET /v1/AUTH_45ed45c34a424f09ae062475496b278a/gnocchi.1662acba-eb15-4e61-9ffc-b1b92a3a5b5f/none_v3 HTTP/1.0 200 - python-swiftclient-3.11.1 gAAAAABpKbYGFW-r... - 31 - txd1ab42514c114dc3af08a-006929b680 - 0.0174 - - 1764341376.472786903 1764341376.490180492 0
Nov 28 14:49:36 standalone container-server[127402]: 172.20.0.100 - - [28/Nov/2025:14:49:36 +0000] "GET /d1/905/AUTH_45ed45c34a424f09ae062475496b278a/gnocchi.1662acba-eb15-4e61-9ffc-b1b92a3a5b5f" 200 357 "GET http://172.18.0.2:8080/v1/AUTH_45ed45c34a424f09ae062475496b278a/gnocchi.1662acba-eb15-4e61-9ffc-b1b92a3a5b5f?format=json&states=listing" "tx60ead77d27ee4db2ad13f-006929b680" "proxy-server 12" 0.0141 "-" 21 0
Nov 28 14:49:36 standalone proxy-server[129334]: 172.18.0.2 172.18.0.100 28/Nov/2025/14/49/36 GET /v1/AUTH_45ed45c34a424f09ae062475496b278a/gnocchi.1662acba-eb15-4e61-9ffc-b1b92a3a5b5f%3Fformat%3Djson%26states%3Dlisting HTTP/1.0 200 - python-swiftclient-3.11.1 gAAAAABpKbYGFW-r... - 357 - tx60ead77d27ee4db2ad13f-006929b680 - 0.0211 - - 1764341376.494328737 1764341376.515379667 0
Nov 28 14:49:36 standalone container-server[127397]: 172.20.0.100 - - [28/Nov/2025:14:49:36 +0000] "GET /d1/905/AUTH_45ed45c34a424f09ae062475496b278a/gnocchi.1662acba-eb15-4e61-9ffc-b1b92a3a5b5f" 200 2 "GET http://172.18.0.2:8080/v1/AUTH_45ed45c34a424f09ae062475496b278a/gnocchi.1662acba-eb15-4e61-9ffc-b1b92a3a5b5f?format=json&marker=none_v3&states=listing" "tx229f2c66668144ad9fd68-006929b680" "proxy-server 12" 0.0036 "-" 20 0
Nov 28 14:49:36 standalone proxy-server[129334]: 172.18.0.2 172.18.0.100 28/Nov/2025/14/49/36 GET /v1/AUTH_45ed45c34a424f09ae062475496b278a/gnocchi.1662acba-eb15-4e61-9ffc-b1b92a3a5b5f%3Fformat%3Djson%26marker%3Dnone_v3%26states%3Dlisting HTTP/1.0 200 - python-swiftclient-3.11.1 gAAAAABpKbYGFW-r... - 2 - tx229f2c66668144ad9fd68-006929b680 - 0.0130 - - 1764341376.519252539 1764341376.532271862 0
Nov 28 14:49:36 standalone object-server[127584]: 172.20.0.100 - - [28/Nov/2025:14:49:36 +0000] "GET /d1/562/AUTH_45ed45c34a424f09ae062475496b278a/gnocchi.1662acba-eb15-4e61-9ffc-b1b92a3a5b5f/1763640000.0_mean_300.0_v3" 200 16 "GET http://172.18.0.2:8080/v1/AUTH_45ed45c34a424f09ae062475496b278a/gnocchi.1662acba-eb15-4e61-9ffc-b1b92a3a5b5f/1763640000.0_mean_300.0_v3" "tx54c2ff3613b6412d959ee-006929b680" "proxy-server 12" 0.0010 "-" 24 0
Nov 28 14:49:36 standalone proxy-server[129334]: 172.18.0.2 172.18.0.100 28/Nov/2025/14/49/36 GET /v1/AUTH_45ed45c34a424f09ae062475496b278a/gnocchi.1662acba-eb15-4e61-9ffc-b1b92a3a5b5f/1763640000.0_mean_300.0_v3 HTTP/1.0 200 - python-swiftclient-3.11.1 gAAAAABpKbYGFW-r... - 16 - tx54c2ff3613b6412d959ee-006929b680 - 0.0096 - - 1764341376.536567450 1764341376.546199322 0
Nov 28 14:49:36 standalone container-server[127397]: 172.20.0.100 - - [28/Nov/2025:14:49:36 +0000] "PUT /d1/905/AUTH_45ed45c34a424f09ae062475496b278a/gnocchi.1662acba-eb15-4e61-9ffc-b1b92a3a5b5f/1763640000.0_mean_300.0_v3" 201 - "PUT http://172.18.0.2:8080/d1/562/AUTH_45ed45c34a424f09ae062475496b278a/gnocchi.1662acba-eb15-4e61-9ffc-b1b92a3a5b5f/1763640000.0_mean_300.0_v3" "tx2585ddbabf6c4e0d93e8e-006929b680" "object-server 24" 0.0007 "-" 20 0
Nov 28 14:49:36 standalone object-server[127584]: 172.20.0.100 - - [28/Nov/2025:14:49:36 +0000] "PUT /d1/562/AUTH_45ed45c34a424f09ae062475496b278a/gnocchi.1662acba-eb15-4e61-9ffc-b1b92a3a5b5f/1763640000.0_mean_300.0_v3" 201 - "PUT http://172.18.0.2:8080/v1/AUTH_45ed45c34a424f09ae062475496b278a/gnocchi.1662acba-eb15-4e61-9ffc-b1b92a3a5b5f/1763640000.0_mean_300.0_v3" "tx2585ddbabf6c4e0d93e8e-006929b680" "proxy-server 12" 0.0087 "-" 24 0
Nov 28 14:49:36 standalone proxy-server[129334]: 172.18.0.2 172.18.0.100 28/Nov/2025/14/49/36 PUT /v1/AUTH_45ed45c34a424f09ae062475496b278a/gnocchi.1662acba-eb15-4e61-9ffc-b1b92a3a5b5f/1763640000.0_mean_300.0_v3 HTTP/1.0 201 - python-swiftclient-3.11.1 gAAAAABpKbYGFW-r... 16 - - tx2585ddbabf6c4e0d93e8e-006929b680 - 0.0128 - - 1764341376.550150394 1764341376.562947512 0
Nov 28 14:49:36 standalone container-server[127408]: 172.20.0.100 - - [28/Nov/2025:14:49:36 +0000] "PUT /d1/905/AUTH_45ed45c34a424f09ae062475496b278a/gnocchi.1662acba-eb15-4e61-9ffc-b1b92a3a5b5f/none_v3" 201 - "PUT http://172.18.0.2:8080/d1/882/AUTH_45ed45c34a424f09ae062475496b278a/gnocchi.1662acba-eb15-4e61-9ffc-b1b92a3a5b5f/none_v3" "tx0d9ed8c4803f4ebe94c35-006929b680" "object-server 24" 0.0007 "-" 22 0
Nov 28 14:49:36 standalone object-server[127584]: 172.20.0.100 - - [28/Nov/2025:14:49:36 +0000] "PUT /d1/882/AUTH_45ed45c34a424f09ae062475496b278a/gnocchi.1662acba-eb15-4e61-9ffc-b1b92a3a5b5f/none_v3" 201 - "PUT http://172.18.0.2:8080/v1/AUTH_45ed45c34a424f09ae062475496b278a/gnocchi.1662acba-eb15-4e61-9ffc-b1b92a3a5b5f/none_v3" "tx0d9ed8c4803f4ebe94c35-006929b680" "proxy-server 12" 0.0209 "-" 24 0
Nov 28 14:49:36 standalone proxy-server[129334]: 172.18.0.2 172.18.0.100 28/Nov/2025/14/49/36 PUT /v1/AUTH_45ed45c34a424f09ae062475496b278a/gnocchi.1662acba-eb15-4e61-9ffc-b1b92a3a5b5f/none_v3 HTTP/1.0 201 - python-swiftclient-3.11.1 gAAAAABpKbYGFW-r... 46 - - tx0d9ed8c4803f4ebe94c35-006929b680 - 0.0259 - - 1764341376.565737009 1764341376.591600418 0
Nov 28 14:49:37 standalone object-server[127584]: 172.20.0.100 - - [28/Nov/2025:14:49:37 +0000] "GET /d1/882/AUTH_45ed45c34a424f09ae062475496b278a/gnocchi.1662acba-eb15-4e61-9ffc-b1b92a3a5b5f/none_v3" 200 46 "GET http://172.18.0.2:8080/v1/AUTH_45ed45c34a424f09ae062475496b278a/gnocchi.1662acba-eb15-4e61-9ffc-b1b92a3a5b5f/none_v3" "txfe53601494594cd0be9b9-006929b681" "proxy-server 12" 0.0011 "-" 24 0
Nov 28 14:49:37 standalone proxy-server[129334]: 172.18.0.2 172.18.0.100 28/Nov/2025/14/49/37 GET /v1/AUTH_45ed45c34a424f09ae062475496b278a/gnocchi.1662acba-eb15-4e61-9ffc-b1b92a3a5b5f/none_v3 HTTP/1.0 200 - python-swiftclient-3.11.1 gAAAAABpKbYGFW-r... - 46 - txfe53601494594cd0be9b9-006929b681 - 0.0125 - - 1764341377.376902103 1764341377.389367819 0
Nov 28 14:49:37 standalone container-server[127408]: 172.20.0.100 - - [28/Nov/2025:14:49:37 +0000] "GET /d1/905/AUTH_45ed45c34a424f09ae062475496b278a/gnocchi.1662acba-eb15-4e61-9ffc-b1b92a3a5b5f" 200 357 "GET http://172.18.0.2:8080/v1/AUTH_45ed45c34a424f09ae062475496b278a/gnocchi.1662acba-eb15-4e61-9ffc-b1b92a3a5b5f?format=json&states=listing" "tx9d2767233e8f4b4ea82f2-006929b681" "proxy-server 12" 0.0099 "-" 22 0
Nov 28 14:49:37 standalone proxy-server[129334]: 172.18.0.2 172.18.0.100 28/Nov/2025/14/49/37 GET /v1/AUTH_45ed45c34a424f09ae062475496b278a/gnocchi.1662acba-eb15-4e61-9ffc-b1b92a3a5b5f%3Fformat%3Djson%26states%3Dlisting HTTP/1.0 200 - python-swiftclient-3.11.1 gAAAAABpKbYGFW-r... - 357 - tx9d2767233e8f4b4ea82f2-006929b681 - 0.0216 - - 1764341377.393709898 1764341377.415288925 0
Nov 28 14:49:37 standalone container-server[127402]: 172.20.0.100 - - [28/Nov/2025:14:49:37 +0000] "GET /d1/905/AUTH_45ed45c34a424f09ae062475496b278a/gnocchi.1662acba-eb15-4e61-9ffc-b1b92a3a5b5f" 200 2 "GET http://172.18.0.2:8080/v1/AUTH_45ed45c34a424f09ae062475496b278a/gnocchi.1662acba-eb15-4e61-9ffc-b1b92a3a5b5f?format=json&marker=none_v3&states=listing" "txe98c1bd61cfc40f4a7a16-006929b681" "proxy-server 12" 0.0032 "-" 21 0
Nov 28 14:49:37 standalone proxy-server[129334]: 172.18.0.2 172.18.0.100 28/Nov/2025/14/49/37 GET /v1/AUTH_45ed45c34a424f09ae062475496b278a/gnocchi.1662acba-eb15-4e61-9ffc-b1b92a3a5b5f%3Fformat%3Djson%26marker%3Dnone_v3%26states%3Dlisting HTTP/1.0 200 - python-swiftclient-3.11.1 gAAAAABpKbYGFW-r... - 2 - txe98c1bd61cfc40f4a7a16-006929b681 - 0.0118 - - 1764341377.418600082 1764341377.430384636 0
Nov 28 14:49:37 standalone object-server[127585]: 172.20.0.100 - - [28/Nov/2025:14:49:37 +0000] "GET /d1/562/AUTH_45ed45c34a424f09ae062475496b278a/gnocchi.1662acba-eb15-4e61-9ffc-b1b92a3a5b5f/1763640000.0_mean_300.0_v3" 200 16 "GET http://172.18.0.2:8080/v1/AUTH_45ed45c34a424f09ae062475496b278a/gnocchi.1662acba-eb15-4e61-9ffc-b1b92a3a5b5f/1763640000.0_mean_300.0_v3" "txd54e49eeca8f4bb384417-006929b681" "proxy-server 12" 0.0011 "-" 25 0
Nov 28 14:49:37 standalone proxy-server[129334]: 172.18.0.2 172.18.0.100 28/Nov/2025/14/49/37 GET /v1/AUTH_45ed45c34a424f09ae062475496b278a/gnocchi.1662acba-eb15-4e61-9ffc-b1b92a3a5b5f/1763640000.0_mean_300.0_v3 HTTP/1.0 200 - python-swiftclient-3.11.1 gAAAAABpKbYGFW-r... - 16 - txd54e49eeca8f4bb384417-006929b681 - 0.0114 - - 1764341377.434228182 1764341377.445634365 0
Nov 28 14:49:37 standalone container-server[127388]: 172.20.0.100 - - [28/Nov/2025:14:49:37 +0000] "PUT /d1/905/AUTH_45ed45c34a424f09ae062475496b278a/gnocchi.1662acba-eb15-4e61-9ffc-b1b92a3a5b5f/1763640000.0_mean_300.0_v3" 201 - "PUT http://172.18.0.2:8080/d1/562/AUTH_45ed45c34a424f09ae062475496b278a/gnocchi.1662acba-eb15-4e61-9ffc-b1b92a3a5b5f/1763640000.0_mean_300.0_v3" "tx2704112d8ff84a689f50b-006929b681" "object-server 23" 0.0015 "-" 17 0
Nov 28 14:49:37 standalone object-server[127583]: 172.20.0.100 - - [28/Nov/2025:14:49:37 +0000] "PUT /d1/562/AUTH_45ed45c34a424f09ae062475496b278a/gnocchi.1662acba-eb15-4e61-9ffc-b1b92a3a5b5f/1763640000.0_mean_300.0_v3" 201 - "PUT http://172.18.0.2:8080/v1/AUTH_45ed45c34a424f09ae062475496b278a/gnocchi.1662acba-eb15-4e61-9ffc-b1b92a3a5b5f/1763640000.0_mean_300.0_v3" "tx2704112d8ff84a689f50b-006929b681" "proxy-server 12" 0.0131 "-" 23 0
Nov 28 14:49:37 standalone proxy-server[129334]: 172.18.0.2 172.18.0.100 28/Nov/2025/14/49/37 PUT /v1/AUTH_45ed45c34a424f09ae062475496b278a/gnocchi.1662acba-eb15-4e61-9ffc-b1b92a3a5b5f/1763640000.0_mean_300.0_v3 HTTP/1.0 201 - python-swiftclient-3.11.1 gAAAAABpKbYGFW-r... 16 - - tx2704112d8ff84a689f50b-006929b681 - 0.0218 - - 1764341377.449324131 1764341377.471091032 0
Nov 28 14:49:37 standalone container-server[127397]: 172.20.0.100 - - [28/Nov/2025:14:49:37 +0000] "PUT /d1/905/AUTH_45ed45c34a424f09ae062475496b278a/gnocchi.1662acba-eb15-4e61-9ffc-b1b92a3a5b5f/none_v3" 201 - "PUT http://172.18.0.2:8080/d1/882/AUTH_45ed45c34a424f09ae062475496b278a/gnocchi.1662acba-eb15-4e61-9ffc-b1b92a3a5b5f/none_v3" "txa8ea0c4bc0e54d169098b-006929b681" "object-server 25" 0.0005 "-" 20 0
Nov 28 14:49:37 standalone object-server[127585]: 172.20.0.100 - - [28/Nov/2025:14:49:37 +0000] "PUT /d1/882/AUTH_45ed45c34a424f09ae062475496b278a/gnocchi.1662acba-eb15-4e61-9ffc-b1b92a3a5b5f/none_v3" 201 - "PUT http://172.18.0.2:8080/v1/AUTH_45ed45c34a424f09ae062475496b278a/gnocchi.1662acba-eb15-4e61-9ffc-b1b92a3a5b5f/none_v3" "txa8ea0c4bc0e54d169098b-006929b681" "proxy-server 12" 0.0108 "-" 25 0
Nov 28 14:49:37 standalone proxy-server[129334]: 172.18.0.2 172.18.0.100 28/Nov/2025/14/49/37 PUT /v1/AUTH_45ed45c34a424f09ae062475496b278a/gnocchi.1662acba-eb15-4e61-9ffc-b1b92a3a5b5f/none_v3 HTTP/1.0 201 - python-swiftclient-3.11.1 gAAAAABpKbYGFW-r... 51 - - txa8ea0c4bc0e54d169098b-006929b681 - 0.0206 - - 1764341377.474580050 1764341377.495175362 0
Nov 28 14:49:37 standalone object-server[127583]: 172.20.0.100 - - [28/Nov/2025:14:49:37 +0000] "GET /d1/1020/AUTH_45ed45c34a424f09ae062475496b278a/gnocchi.4d24042a-4fc8-4ad6-970d-12bed2d317d0/none_v3" 200 22 "GET http://172.18.0.2:8080/v1/AUTH_45ed45c34a424f09ae062475496b278a/gnocchi.4d24042a-4fc8-4ad6-970d-12bed2d317d0/none_v3" "tx835f6364350e4efe824bd-006929b681" "proxy-server 12" 0.0009 "-" 23 0
Nov 28 14:49:37 standalone proxy-server[129334]: 172.18.0.2 172.18.0.100 28/Nov/2025/14/49/37 GET /v1/AUTH_45ed45c34a424f09ae062475496b278a/gnocchi.4d24042a-4fc8-4ad6-970d-12bed2d317d0/none_v3 HTTP/1.0 200 - python-swiftclient-3.11.1 gAAAAABpKbYGFW-r... - 22 - tx835f6364350e4efe824bd-006929b681 - 0.0069 - - 1764341377.505904913 1764341377.512814283 0
Nov 28 14:49:37 standalone container-server[127408]: 172.20.0.100 - - [28/Nov/2025:14:49:37 +0000] "GET /d1/644/AUTH_45ed45c34a424f09ae062475496b278a/gnocchi.4d24042a-4fc8-4ad6-970d-12bed2d317d0" 200 357 "GET http://172.18.0.2:8080/v1/AUTH_45ed45c34a424f09ae062475496b278a/gnocchi.4d24042a-4fc8-4ad6-970d-12bed2d317d0?format=json&states=listing" "tx2142e3bb30954aa9b4151-006929b681" "proxy-server 12" 0.0098 "-" 22 0
Nov 28 14:49:37 standalone proxy-server[129334]: 172.18.0.2 172.18.0.100 28/Nov/2025/14/49/37 GET /v1/AUTH_45ed45c34a424f09ae062475496b278a/gnocchi.4d24042a-4fc8-4ad6-970d-12bed2d317d0%3Fformat%3Djson%26states%3Dlisting HTTP/1.0 200 - python-swiftclient-3.11.1 gAAAAABpKbYGFW-r... - 357 - tx2142e3bb30954aa9b4151-006929b681 - 0.0159 - - 1764341377.515513897 1764341377.531451941 0
Nov 28 14:49:37 standalone container-server[127402]: 172.20.0.100 - - [28/Nov/2025:14:49:37 +0000] "GET /d1/644/AUTH_45ed45c34a424f09ae062475496b278a/gnocchi.4d24042a-4fc8-4ad6-970d-12bed2d317d0" 200 2 "GET http://172.18.0.2:8080/v1/AUTH_45ed45c34a424f09ae062475496b278a/gnocchi.4d24042a-4fc8-4ad6-970d-12bed2d317d0?format=json&marker=none_v3&states=listing" "tx54cdd26a73d44477a3928-006929b681" "proxy-server 12" 0.0026 "-" 21 0
Nov 28 14:49:37 standalone proxy-server[129334]: 172.18.0.2 172.18.0.100 28/Nov/2025/14/49/37 GET /v1/AUTH_45ed45c34a424f09ae062475496b278a/gnocchi.4d24042a-4fc8-4ad6-970d-12bed2d317d0%3Fformat%3Djson%26marker%3Dnone_v3%26states%3Dlisting HTTP/1.0 200 - python-swiftclient-3.11.1 gAAAAABpKbYGFW-r... - 2 - tx54cdd26a73d44477a3928-006929b681 - 0.0092 - - 1764341377.534274817 1764341377.543511391 0
Nov 28 14:49:37 standalone object-server[127584]: 172.20.0.100 - - [28/Nov/2025:14:49:37 +0000] "GET /d1/922/AUTH_45ed45c34a424f09ae062475496b278a/gnocchi.4d24042a-4fc8-4ad6-970d-12bed2d317d0/1763640000.0_mean_300.0_v3" 200 16 "GET http://172.18.0.2:8080/v1/AUTH_45ed45c34a424f09ae062475496b278a/gnocchi.4d24042a-4fc8-4ad6-970d-12bed2d317d0/1763640000.0_mean_300.0_v3" "tx2e0ea98a9c264acdba699-006929b681" "proxy-server 12" 0.0011 "-" 24 0
Nov 28 14:49:37 standalone proxy-server[129334]: 172.18.0.2 172.18.0.100 28/Nov/2025/14/49/37 GET /v1/AUTH_45ed45c34a424f09ae062475496b278a/gnocchi.4d24042a-4fc8-4ad6-970d-12bed2d317d0/1763640000.0_mean_300.0_v3 HTTP/1.0 200 - python-swiftclient-3.11.1 gAAAAABpKbYGFW-r... - 16 - tx2e0ea98a9c264acdba699-006929b681 - 0.0063 - - 1764341377.546060085 1764341377.552405357 0
Nov 28 14:49:37 standalone container-server[127408]: 172.20.0.100 - - [28/Nov/2025:14:49:37 +0000] "PUT /d1/644/AUTH_45ed45c34a424f09ae062475496b278a/gnocchi.4d24042a-4fc8-4ad6-970d-12bed2d317d0/1763640000.0_mean_300.0_v3" 201 - "PUT http://172.18.0.2:8080/d1/922/AUTH_45ed45c34a424f09ae062475496b278a/gnocchi.4d24042a-4fc8-4ad6-970d-12bed2d317d0/1763640000.0_mean_300.0_v3" "tx5219d04cd11543c6b82a8-006929b681" "object-server 22" 0.0009 "-" 22 0
Nov 28 14:49:37 standalone object-server[127582]: 172.20.0.100 - - [28/Nov/2025:14:49:37 +0000] "PUT /d1/922/AUTH_45ed45c34a424f09ae062475496b278a/gnocchi.4d24042a-4fc8-4ad6-970d-12bed2d317d0/1763640000.0_mean_300.0_v3" 201 - "PUT http://172.18.0.2:8080/v1/AUTH_45ed45c34a424f09ae062475496b278a/gnocchi.4d24042a-4fc8-4ad6-970d-12bed2d317d0/1763640000.0_mean_300.0_v3" "tx5219d04cd11543c6b82a8-006929b681" "proxy-server 12" 0.0139 "-" 22 0
Nov 28 14:49:37 standalone proxy-server[129334]: 172.18.0.2 172.18.0.100 28/Nov/2025/14/49/37 PUT /v1/AUTH_45ed45c34a424f09ae062475496b278a/gnocchi.4d24042a-4fc8-4ad6-970d-12bed2d317d0/1763640000.0_mean_300.0_v3 HTTP/1.0 201 - python-swiftclient-3.11.1 gAAAAABpKbYGFW-r... 16 - - tx5219d04cd11543c6b82a8-006929b681 - 0.0184 - - 1764341377.554519653 1764341377.572949171 0
Nov 28 14:49:37 standalone container-server[127402]: 172.20.0.100 - - [28/Nov/2025:14:49:37 +0000] "PUT /d1/644/AUTH_45ed45c34a424f09ae062475496b278a/gnocchi.4d24042a-4fc8-4ad6-970d-12bed2d317d0/none_v3" 201 - "PUT http://172.18.0.2:8080/d1/1020/AUTH_45ed45c34a424f09ae062475496b278a/gnocchi.4d24042a-4fc8-4ad6-970d-12bed2d317d0/none_v3" "tx4a9773acf61842d38f058-006929b681" "object-server 24" 0.0004 "-" 21 0
Nov 28 14:49:37 standalone object-server[127584]: 172.20.0.100 - - [28/Nov/2025:14:49:37 +0000] "PUT /d1/1020/AUTH_45ed45c34a424f09ae062475496b278a/gnocchi.4d24042a-4fc8-4ad6-970d-12bed2d317d0/none_v3" 201 - "PUT http://172.18.0.2:8080/v1/AUTH_45ed45c34a424f09ae062475496b278a/gnocchi.4d24042a-4fc8-4ad6-970d-12bed2d317d0/none_v3" "tx4a9773acf61842d38f058-006929b681" "proxy-server 12" 0.0099 "-" 24 0
Nov 28 14:49:37 standalone proxy-server[129334]: 172.18.0.2 172.18.0.100 28/Nov/2025/14/49/37 PUT /v1/AUTH_45ed45c34a424f09ae062475496b278a/gnocchi.4d24042a-4fc8-4ad6-970d-12bed2d317d0/none_v3 HTTP/1.0 201 - python-swiftclient-3.11.1 gAAAAABpKbYGFW-r... 32 - - tx4a9773acf61842d38f058-006929b681 - 0.0145 - - 1764341377.575875521 1764341377.590394735 0
Nov 28 14:49:37 standalone object-server[127582]: 172.20.0.100 - - [28/Nov/2025:14:49:37 +0000] "GET /d1/295/AUTH_45ed45c34a424f09ae062475496b278a/gnocchi.d4da2931-d0c0-4e3d-9840-337b2b7519a4/none_v3" 200 22 "GET http://172.18.0.2:8080/v1/AUTH_45ed45c34a424f09ae062475496b278a/gnocchi.d4da2931-d0c0-4e3d-9840-337b2b7519a4/none_v3" "txd99e4e73c61e415ab7118-006929b681" "proxy-server 12" 0.0006 "-" 22 0
Nov 28 14:49:37 standalone proxy-server[129334]: 172.18.0.2 172.18.0.100 28/Nov/2025/14/49/37 GET /v1/AUTH_45ed45c34a424f09ae062475496b278a/gnocchi.d4da2931-d0c0-4e3d-9840-337b2b7519a4/none_v3 HTTP/1.0 200 - python-swiftclient-3.11.1 gAAAAABpKbYGFW-r... - 22 - txd99e4e73c61e415ab7118-006929b681 - 0.0045 - - 1764341377.601287127 1764341377.605814695 0
Nov 28 14:49:37 standalone container-server[127388]: 172.20.0.100 - - [28/Nov/2025:14:49:37 +0000] "GET /d1/123/AUTH_45ed45c34a424f09ae062475496b278a/gnocchi.d4da2931-d0c0-4e3d-9840-337b2b7519a4" 200 357 "GET http://172.18.0.2:8080/v1/AUTH_45ed45c34a424f09ae062475496b278a/gnocchi.d4da2931-d0c0-4e3d-9840-337b2b7519a4?format=json&states=listing" "tx4b4cd580f72b423f96b57-006929b681" "proxy-server 12" 0.0074 "-" 17 0
Nov 28 14:49:37 standalone proxy-server[129334]: 172.18.0.2 172.18.0.100 28/Nov/2025/14/49/37 GET /v1/AUTH_45ed45c34a424f09ae062475496b278a/gnocchi.d4da2931-d0c0-4e3d-9840-337b2b7519a4%3Fformat%3Djson%26states%3Dlisting HTTP/1.0 200 - python-swiftclient-3.11.1 gAAAAABpKbYGFW-r... - 357 - tx4b4cd580f72b423f96b57-006929b681 - 0.0135 - - 1764341377.609761953 1764341377.623243570 0
Nov 28 14:49:37 standalone container-server[127397]: 172.20.0.100 - - [28/Nov/2025:14:49:37 +0000] "GET /d1/123/AUTH_45ed45c34a424f09ae062475496b278a/gnocchi.d4da2931-d0c0-4e3d-9840-337b2b7519a4" 200 2 "GET http://172.18.0.2:8080/v1/AUTH_45ed45c34a424f09ae062475496b278a/gnocchi.d4da2931-d0c0-4e3d-9840-337b2b7519a4?format=json&marker=none_v3&states=listing" "txdce703e0ab804a528a1b8-006929b681" "proxy-server 12" 0.0024 "-" 20 0
Nov 28 14:49:37 standalone proxy-server[129334]: 172.18.0.2 172.18.0.100 28/Nov/2025/14/49/37 GET /v1/AUTH_45ed45c34a424f09ae062475496b278a/gnocchi.d4da2931-d0c0-4e3d-9840-337b2b7519a4%3Fformat%3Djson%26marker%3Dnone_v3%26states%3Dlisting HTTP/1.0 200 - python-swiftclient-3.11.1 gAAAAABpKbYGFW-r... - 2 - txdce703e0ab804a528a1b8-006929b681 - 0.0068 - - 1764341377.626122236 1764341377.632902861 0
Nov 28 14:49:37 standalone object-server[127584]: 172.20.0.100 - - [28/Nov/2025:14:49:37 +0000] "GET /d1/589/AUTH_45ed45c34a424f09ae062475496b278a/gnocchi.d4da2931-d0c0-4e3d-9840-337b2b7519a4/1763640000.0_mean_300.0_v3" 200 16 "GET http://172.18.0.2:8080/v1/AUTH_45ed45c34a424f09ae062475496b278a/gnocchi.d4da2931-d0c0-4e3d-9840-337b2b7519a4/1763640000.0_mean_300.0_v3" "txb8538325ea1543149e0db-006929b681" "proxy-server 12" 0.0010 "-" 24 0
Nov 28 14:49:37 standalone proxy-server[129334]: 172.18.0.2 172.18.0.100 28/Nov/2025/14/49/37 GET /v1/AUTH_45ed45c34a424f09ae062475496b278a/gnocchi.d4da2931-d0c0-4e3d-9840-337b2b7519a4/1763640000.0_mean_300.0_v3 HTTP/1.0 200 - python-swiftclient-3.11.1 gAAAAABpKbYGFW-r... - 16 - txb8538325ea1543149e0db-006929b681 - 0.0057 - - 1764341377.636669636 1764341377.642338037 0
Nov 28 14:49:37 standalone container-server[127388]: 172.20.0.100 - - [28/Nov/2025:14:49:37 +0000] "PUT /d1/123/AUTH_45ed45c34a424f09ae062475496b278a/gnocchi.d4da2931-d0c0-4e3d-9840-337b2b7519a4/1763640000.0_mean_300.0_v3" 201 - "PUT http://172.18.0.2:8080/d1/589/AUTH_45ed45c34a424f09ae062475496b278a/gnocchi.d4da2931-d0c0-4e3d-9840-337b2b7519a4/1763640000.0_mean_300.0_v3" "tx51525f9ac9f04f3486a04-006929b681" "object-server 23" 0.0003 "-" 17 0
Nov 28 14:49:37 standalone object-server[127583]: 172.20.0.100 - - [28/Nov/2025:14:49:37 +0000] "PUT /d1/589/AUTH_45ed45c34a424f09ae062475496b278a/gnocchi.d4da2931-d0c0-4e3d-9840-337b2b7519a4/1763640000.0_mean_300.0_v3" 201 - "PUT http://172.18.0.2:8080/v1/AUTH_45ed45c34a424f09ae062475496b278a/gnocchi.d4da2931-d0c0-4e3d-9840-337b2b7519a4/1763640000.0_mean_300.0_v3" "tx51525f9ac9f04f3486a04-006929b681" "proxy-server 12" 0.0067 "-" 23 0
Nov 28 14:49:37 standalone proxy-server[129334]: 172.18.0.2 172.18.0.100 28/Nov/2025/14/49/37 PUT /v1/AUTH_45ed45c34a424f09ae062475496b278a/gnocchi.d4da2931-d0c0-4e3d-9840-337b2b7519a4/1763640000.0_mean_300.0_v3 HTTP/1.0 201 - python-swiftclient-3.11.1 gAAAAABpKbYGFW-r... 16 - - tx51525f9ac9f04f3486a04-006929b681 - 0.0104 - - 1764341377.645459414 1764341377.655872345 0
Nov 28 14:49:37 standalone container-server[127397]: 172.20.0.100 - - [28/Nov/2025:14:49:37 +0000] "PUT /d1/123/AUTH_45ed45c34a424f09ae062475496b278a/gnocchi.d4da2931-d0c0-4e3d-9840-337b2b7519a4/none_v3" 201 - "PUT http://172.18.0.2:8080/d1/295/AUTH_45ed45c34a424f09ae062475496b278a/gnocchi.d4da2931-d0c0-4e3d-9840-337b2b7519a4/none_v3" "tx6ee126b79a2c41c383195-006929b681" "object-server 23" 0.0006 "-" 20 0
Nov 28 14:49:37 standalone object-server[127583]: 172.20.0.100 - - [28/Nov/2025:14:49:37 +0000] "PUT /d1/295/AUTH_45ed45c34a424f09ae062475496b278a/gnocchi.d4da2931-d0c0-4e3d-9840-337b2b7519a4/none_v3" 201 - "PUT http://172.18.0.2:8080/v1/AUTH_45ed45c34a424f09ae062475496b278a/gnocchi.d4da2931-d0c0-4e3d-9840-337b2b7519a4/none_v3" "tx6ee126b79a2c41c383195-006929b681" "proxy-server 12" 0.0078 "-" 23 0
Nov 28 14:49:37 standalone proxy-server[129334]: 172.18.0.2 172.18.0.100 28/Nov/2025/14/49/37 PUT /v1/AUTH_45ed45c34a424f09ae062475496b278a/gnocchi.d4da2931-d0c0-4e3d-9840-337b2b7519a4/none_v3 HTTP/1.0 201 - python-swiftclient-3.11.1 gAAAAABpKbYGFW-r... 32 - - tx6ee126b79a2c41c383195-006929b681 - 0.0114 - - 1764341377.658509016 1764341377.669883728 0
Nov 28 14:49:37 standalone object-server[127582]: 172.20.0.100 - - [28/Nov/2025:14:49:37 +0000] "GET /d1/855/AUTH_45ed45c34a424f09ae062475496b278a/gnocchi.96a616c3-7286-4fd7-98fe-96a32d605502/none_v3" 200 22 "GET http://172.18.0.2:8080/v1/AUTH_45ed45c34a424f09ae062475496b278a/gnocchi.96a616c3-7286-4fd7-98fe-96a32d605502/none_v3" "tx95af94c5f8f04bb1996a3-006929b681" "proxy-server 12" 0.0005 "-" 22 0
Nov 28 14:49:37 standalone proxy-server[129334]: 172.18.0.2 172.18.0.100 28/Nov/2025/14/49/37 GET /v1/AUTH_45ed45c34a424f09ae062475496b278a/gnocchi.96a616c3-7286-4fd7-98fe-96a32d605502/none_v3 HTTP/1.0 200 - python-swiftclient-3.11.1 gAAAAABpKbYGFW-r... - 22 - tx95af94c5f8f04bb1996a3-006929b681 - 0.0040 - - 1764341377.680496454 1764341377.684477806 0
Nov 28 14:49:37 standalone container-server[127397]: 172.20.0.100 - - [28/Nov/2025:14:49:37 +0000] "GET /d1/318/AUTH_45ed45c34a424f09ae062475496b278a/gnocchi.96a616c3-7286-4fd7-98fe-96a32d605502" 200 357 "GET http://172.18.0.2:8080/v1/AUTH_45ed45c34a424f09ae062475496b278a/gnocchi.96a616c3-7286-4fd7-98fe-96a32d605502?format=json&states=listing" "tx218f93d68a204dd9b5705-006929b681" "proxy-server 12" 0.0161 "-" 20 0
Nov 28 14:49:37 standalone proxy-server[129334]: 172.18.0.2 172.18.0.100 28/Nov/2025/14/49/37 GET /v1/AUTH_45ed45c34a424f09ae062475496b278a/gnocchi.96a616c3-7286-4fd7-98fe-96a32d605502%3Fformat%3Djson%26states%3Dlisting HTTP/1.0 200 - python-swiftclient-3.11.1 gAAAAABpKbYGFW-r... - 357 - tx218f93d68a204dd9b5705-006929b681 - 0.0213 - - 1764341377.688294172 1764341377.709582090 0
Nov 28 14:49:37 standalone container-server[127402]: 172.20.0.100 - - [28/Nov/2025:14:49:37 +0000] "GET /d1/318/AUTH_45ed45c34a424f09ae062475496b278a/gnocchi.96a616c3-7286-4fd7-98fe-96a32d605502" 200 2 "GET http://172.18.0.2:8080/v1/AUTH_45ed45c34a424f09ae062475496b278a/gnocchi.96a616c3-7286-4fd7-98fe-96a32d605502?format=json&marker=none_v3&states=listing" "tx2753d1ef38774e0cb199b-006929b681" "proxy-server 12" 0.0035 "-" 21 0
Nov 28 14:49:37 standalone proxy-server[129334]: 172.18.0.2 172.18.0.100 28/Nov/2025/14/49/37 GET /v1/AUTH_45ed45c34a424f09ae062475496b278a/gnocchi.96a616c3-7286-4fd7-98fe-96a32d605502%3Fformat%3Djson%26marker%3Dnone_v3%26states%3Dlisting HTTP/1.0 200 - python-swiftclient-3.11.1 gAAAAABpKbYGFW-r... - 2 - tx2753d1ef38774e0cb199b-006929b681 - 0.0167 - - 1764341377.712546349 1764341377.729231119 0
Nov 28 14:49:37 standalone object-server[127584]: 172.20.0.100 - - [28/Nov/2025:14:49:37 +0000] "GET /d1/676/AUTH_45ed45c34a424f09ae062475496b278a/gnocchi.96a616c3-7286-4fd7-98fe-96a32d605502/1763640000.0_mean_300.0_v3" 200 16 "GET http://172.18.0.2:8080/v1/AUTH_45ed45c34a424f09ae062475496b278a/gnocchi.96a616c3-7286-4fd7-98fe-96a32d605502/1763640000.0_mean_300.0_v3" "tx9911cd9438a940639d283-006929b681" "proxy-server 12" 0.0012 "-" 24 0
Nov 28 14:49:37 standalone proxy-server[129334]: 172.18.0.2 172.18.0.100 28/Nov/2025/14/49/37 GET /v1/AUTH_45ed45c34a424f09ae062475496b278a/gnocchi.96a616c3-7286-4fd7-98fe-96a32d605502/1763640000.0_mean_300.0_v3 HTTP/1.0 200 - python-swiftclient-3.11.1 gAAAAABpKbYGFW-r... - 16 - tx9911cd9438a940639d283-006929b681 - 0.0059 - - 1764341377.732861757 1764341377.738741159 0
Nov 28 14:49:37 standalone container-server[127397]: 172.20.0.100 - - [28/Nov/2025:14:49:37 +0000] "PUT /d1/318/AUTH_45ed45c34a424f09ae062475496b278a/gnocchi.96a616c3-7286-4fd7-98fe-96a32d605502/1763640000.0_mean_300.0_v3" 201 - "PUT http://172.18.0.2:8080/d1/676/AUTH_45ed45c34a424f09ae062475496b278a/gnocchi.96a616c3-7286-4fd7-98fe-96a32d605502/1763640000.0_mean_300.0_v3" "tx11ce7566f615436d917d0-006929b681" "object-server 23" 0.0011 "-" 20 0
Nov 28 14:49:37 standalone object-server[127583]: 172.20.0.100 - - [28/Nov/2025:14:49:37 +0000] "PUT /d1/676/AUTH_45ed45c34a424f09ae062475496b278a/gnocchi.96a616c3-7286-4fd7-98fe-96a32d605502/1763640000.0_mean_300.0_v3" 201 - "PUT http://172.18.0.2:8080/v1/AUTH_45ed45c34a424f09ae062475496b278a/gnocchi.96a616c3-7286-4fd7-98fe-96a32d605502/1763640000.0_mean_300.0_v3" "tx11ce7566f615436d917d0-006929b681" "proxy-server 12" 0.0132 "-" 23 0
Nov 28 14:49:37 standalone proxy-server[129334]: 172.18.0.2 172.18.0.100 28/Nov/2025/14/49/37 PUT /v1/AUTH_45ed45c34a424f09ae062475496b278a/gnocchi.96a616c3-7286-4fd7-98fe-96a32d605502/1763640000.0_mean_300.0_v3 HTTP/1.0 201 - python-swiftclient-3.11.1 gAAAAABpKbYGFW-r... 16 - - tx11ce7566f615436d917d0-006929b681 - 0.0187 - - 1764341377.741790056 1764341377.760457993 0
Nov 28 14:49:37 standalone container-server[127388]: 172.20.0.100 - - [28/Nov/2025:14:49:37 +0000] "PUT /d1/318/AUTH_45ed45c34a424f09ae062475496b278a/gnocchi.96a616c3-7286-4fd7-98fe-96a32d605502/none_v3" 201 - "PUT http://172.18.0.2:8080/d1/855/AUTH_45ed45c34a424f09ae062475496b278a/gnocchi.96a616c3-7286-4fd7-98fe-96a32d605502/none_v3" "tx2aee1b7a68ce4b269b57d-006929b681" "object-server 25" 0.0006 "-" 17 0
Nov 28 14:49:37 standalone object-server[127585]: 172.20.0.100 - - [28/Nov/2025:14:49:37 +0000] "PUT /d1/855/AUTH_45ed45c34a424f09ae062475496b278a/gnocchi.96a616c3-7286-4fd7-98fe-96a32d605502/none_v3" 201 - "PUT http://172.18.0.2:8080/v1/AUTH_45ed45c34a424f09ae062475496b278a/gnocchi.96a616c3-7286-4fd7-98fe-96a32d605502/none_v3" "tx2aee1b7a68ce4b269b57d-006929b681" "proxy-server 12" 0.0087 "-" 25 0
Nov 28 14:49:37 standalone proxy-server[129334]: 172.18.0.2 172.18.0.100 28/Nov/2025/14/49/37 PUT /v1/AUTH_45ed45c34a424f09ae062475496b278a/gnocchi.96a616c3-7286-4fd7-98fe-96a32d605502/none_v3 HTTP/1.0 201 - python-swiftclient-3.11.1 gAAAAABpKbYGFW-r... 32 - - tx2aee1b7a68ce4b269b57d-006929b681 - 0.0124 - - 1764341377.764489651 1764341377.776877880 0
Nov 28 14:49:37 standalone object-server[127585]: 172.20.0.100 - - [28/Nov/2025:14:49:37 +0000] "GET /d1/54/AUTH_45ed45c34a424f09ae062475496b278a/gnocchi.3131770d-ff52-4e78-a04b-bfb0e7890397/none_v3" 200 22 "GET http://172.18.0.2:8080/v1/AUTH_45ed45c34a424f09ae062475496b278a/gnocchi.3131770d-ff52-4e78-a04b-bfb0e7890397/none_v3" "tx43870c5465c0449894a8e-006929b681" "proxy-server 12" 0.0006 "-" 25 0
Nov 28 14:49:37 standalone proxy-server[129334]: 172.18.0.2 172.18.0.100 28/Nov/2025/14/49/37 GET /v1/AUTH_45ed45c34a424f09ae062475496b278a/gnocchi.3131770d-ff52-4e78-a04b-bfb0e7890397/none_v3 HTTP/1.0 200 - python-swiftclient-3.11.1 gAAAAABpKbYGFW-r... - 22 - tx43870c5465c0449894a8e-006929b681 - 0.0044 - - 1764341377.787885427 1764341377.792242289 0
Nov 28 14:49:37 standalone container-server[127388]: 172.20.0.100 - - [28/Nov/2025:14:49:37 +0000] "GET /d1/311/AUTH_45ed45c34a424f09ae062475496b278a/gnocchi.3131770d-ff52-4e78-a04b-bfb0e7890397" 200 357 "GET http://172.18.0.2:8080/v1/AUTH_45ed45c34a424f09ae062475496b278a/gnocchi.3131770d-ff52-4e78-a04b-bfb0e7890397?format=json&states=listing" "tx06cefbe847c64b5da4a85-006929b681" "proxy-server 12" 0.0061 "-" 17 0
Nov 28 14:49:37 standalone proxy-server[129334]: 172.18.0.2 172.18.0.100 28/Nov/2025/14/49/37 GET /v1/AUTH_45ed45c34a424f09ae062475496b278a/gnocchi.3131770d-ff52-4e78-a04b-bfb0e7890397%3Fformat%3Djson%26states%3Dlisting HTTP/1.0 200 - python-swiftclient-3.11.1 gAAAAABpKbYGFW-r... - 357 - tx06cefbe847c64b5da4a85-006929b681 - 0.0101 - - 1764341377.795680761 1764341377.805797577 0
Nov 28 14:49:37 standalone container-server[127388]: 172.20.0.100 - - [28/Nov/2025:14:49:37 +0000] "GET /d1/311/AUTH_45ed45c34a424f09ae062475496b278a/gnocchi.3131770d-ff52-4e78-a04b-bfb0e7890397" 200 2 "GET http://172.18.0.2:8080/v1/AUTH_45ed45c34a424f09ae062475496b278a/gnocchi.3131770d-ff52-4e78-a04b-bfb0e7890397?format=json&marker=none_v3&states=listing" "tx590c2b1f2e9d46d6a3eea-006929b681" "proxy-server 12" 0.0016 "-" 17 0
Nov 28 14:49:37 standalone proxy-server[129334]: 172.18.0.2 172.18.0.100 28/Nov/2025/14/49/37 GET /v1/AUTH_45ed45c34a424f09ae062475496b278a/gnocchi.3131770d-ff52-4e78-a04b-bfb0e7890397%3Fformat%3Djson%26marker%3Dnone_v3%26states%3Dlisting HTTP/1.0 200 - python-swiftclient-3.11.1 gAAAAABpKbYGFW-r... - 2 - tx590c2b1f2e9d46d6a3eea-006929b681 - 0.0052 - - 1764341377.808452606 1764341377.813667297 0
Nov 28 14:49:37 standalone object-server[127584]: 172.20.0.100 - - [28/Nov/2025:14:49:37 +0000] "GET /d1/641/AUTH_45ed45c34a424f09ae062475496b278a/gnocchi.3131770d-ff52-4e78-a04b-bfb0e7890397/1763640000.0_mean_300.0_v3" 200 16 "GET http://172.18.0.2:8080/v1/AUTH_45ed45c34a424f09ae062475496b278a/gnocchi.3131770d-ff52-4e78-a04b-bfb0e7890397/1763640000.0_mean_300.0_v3" "txd7e61f70665440a29639d-006929b681" "proxy-server 12" 0.0012 "-" 24 0
Nov 28 14:49:37 standalone proxy-server[129334]: 172.18.0.2 172.18.0.100 28/Nov/2025/14/49/37 GET /v1/AUTH_45ed45c34a424f09ae062475496b278a/gnocchi.3131770d-ff52-4e78-a04b-bfb0e7890397/1763640000.0_mean_300.0_v3 HTTP/1.0 200 - python-swiftclient-3.11.1 gAAAAABpKbYGFW-r... - 16 - txd7e61f70665440a29639d-006929b681 - 0.0056 - - 1764341377.817232370 1764341377.822866678 0
Nov 28 14:49:37 standalone container-server[127388]: 172.20.0.100 - - [28/Nov/2025:14:49:37 +0000] "PUT /d1/311/AUTH_45ed45c34a424f09ae062475496b278a/gnocchi.3131770d-ff52-4e78-a04b-bfb0e7890397/1763640000.0_mean_300.0_v3" 201 - "PUT http://172.18.0.2:8080/d1/641/AUTH_45ed45c34a424f09ae062475496b278a/gnocchi.3131770d-ff52-4e78-a04b-bfb0e7890397/1763640000.0_mean_300.0_v3" "tx839a3022a8bc441f9f3b3-006929b681" "object-server 24" 0.0005 "-" 17 0
Nov 28 14:49:37 standalone object-server[127584]: 172.20.0.100 - - [28/Nov/2025:14:49:37 +0000] "PUT /d1/641/AUTH_45ed45c34a424f09ae062475496b278a/gnocchi.3131770d-ff52-4e78-a04b-bfb0e7890397/1763640000.0_mean_300.0_v3" 201 - "PUT http://172.18.0.2:8080/v1/AUTH_45ed45c34a424f09ae062475496b278a/gnocchi.3131770d-ff52-4e78-a04b-bfb0e7890397/1763640000.0_mean_300.0_v3" "tx839a3022a8bc441f9f3b3-006929b681" "proxy-server 12" 0.0109 "-" 24 0
Nov 28 14:49:37 standalone proxy-server[129334]: 172.18.0.2 172.18.0.100 28/Nov/2025/14/49/37 PUT /v1/AUTH_45ed45c34a424f09ae062475496b278a/gnocchi.3131770d-ff52-4e78-a04b-bfb0e7890397/1763640000.0_mean_300.0_v3 HTTP/1.0 201 - python-swiftclient-3.11.1 gAAAAABpKbYGFW-r... 16 - - tx839a3022a8bc441f9f3b3-006929b681 - 0.0150 - - 1764341377.825946808 1764341377.840918779 0
Nov 28 14:49:37 standalone container-server[127397]: 172.20.0.100 - - [28/Nov/2025:14:49:37 +0000] "PUT /d1/311/AUTH_45ed45c34a424f09ae062475496b278a/gnocchi.3131770d-ff52-4e78-a04b-bfb0e7890397/none_v3" 201 - "PUT http://172.18.0.2:8080/d1/54/AUTH_45ed45c34a424f09ae062475496b278a/gnocchi.3131770d-ff52-4e78-a04b-bfb0e7890397/none_v3" "tx93f7c6a6bad248b0956b3-006929b681" "object-server 24" 0.0006 "-" 20 0
Nov 28 14:49:37 standalone object-server[127584]: 172.20.0.100 - - [28/Nov/2025:14:49:37 +0000] "PUT /d1/54/AUTH_45ed45c34a424f09ae062475496b278a/gnocchi.3131770d-ff52-4e78-a04b-bfb0e7890397/none_v3" 201 - "PUT http://172.18.0.2:8080/v1/AUTH_45ed45c34a424f09ae062475496b278a/gnocchi.3131770d-ff52-4e78-a04b-bfb0e7890397/none_v3" "tx93f7c6a6bad248b0956b3-006929b681" "proxy-server 12" 0.0093 "-" 24 0
Nov 28 14:49:37 standalone proxy-server[129334]: 172.18.0.2 172.18.0.100 28/Nov/2025/14/49/37 PUT /v1/AUTH_45ed45c34a424f09ae062475496b278a/gnocchi.3131770d-ff52-4e78-a04b-bfb0e7890397/none_v3 HTTP/1.0 201 - python-swiftclient-3.11.1 gAAAAABpKbYGFW-r... 32 - - tx93f7c6a6bad248b0956b3-006929b681 - 0.0134 - - 1764341377.843503475 1764341377.856873751 0
Nov 28 14:49:41 standalone container-server[127397]: 172.20.0.100 - - [28/Nov/2025:14:49:41 +0000] "HEAD /d1/349/AUTH_45ed45c34a424f09ae062475496b278a/gnocchi.e6322dbc-1dcd-4deb-80c8-e7d50c54a991" 404 - "HEAD http://172.18.0.2:8080/v1/AUTH_45ed45c34a424f09ae062475496b278a/gnocchi.e6322dbc-1dcd-4deb-80c8-e7d50c54a991?format=json&states=listing" "tx737f0434df9c49eb9be18-006929b685" "proxy-server 12" 0.0010 "-" 20 0
Nov 28 14:49:41 standalone object-server[127584]: 172.20.0.100 - - [28/Nov/2025:14:49:41 +0000] "GET /d1/736/AUTH_45ed45c34a424f09ae062475496b278a/gnocchi.e6322dbc-1dcd-4deb-80c8-e7d50c54a991/none_v3" 404 70 "GET http://172.18.0.2:8080/v1/AUTH_45ed45c34a424f09ae062475496b278a/gnocchi.e6322dbc-1dcd-4deb-80c8-e7d50c54a991/none_v3" "tx737f0434df9c49eb9be18-006929b685" "proxy-server 12" 0.0011 "-" 24 0
Nov 28 14:49:41 standalone proxy-server[129334]: 172.18.0.2 172.18.0.100 28/Nov/2025/14/49/41 GET /v1/AUTH_45ed45c34a424f09ae062475496b278a/gnocchi.e6322dbc-1dcd-4deb-80c8-e7d50c54a991/none_v3 HTTP/1.0 404 - python-swiftclient-3.11.1 gAAAAABpKbYGFW-r... - 70 - tx737f0434df9c49eb9be18-006929b685 - 0.0190 - - 1764341381.325645208 1764341381.344603539 0
Nov 28 14:49:41 standalone account-server[127222]: 172.20.0.100 - - [28/Nov/2025:14:49:41 +0000] "PUT /d1/103/AUTH_45ed45c34a424f09ae062475496b278a/gnocchi.e6322dbc-1dcd-4deb-80c8-e7d50c54a991" 201 - "PUT http://172.20.0.100:6001/d1/349/AUTH_45ed45c34a424f09ae062475496b278a/gnocchi.e6322dbc-1dcd-4deb-80c8-e7d50c54a991" "tx2164905d6b9a41f2b7b7b-006929b685" "container-server 21" 0.0014 "-" 20 0
Nov 28 14:49:41 standalone container-server[127402]: 172.20.0.100 - - [28/Nov/2025:14:49:41 +0000] "PUT /d1/349/AUTH_45ed45c34a424f09ae062475496b278a/gnocchi.e6322dbc-1dcd-4deb-80c8-e7d50c54a991" 201 - "PUT http://172.18.0.2:8080/v1/AUTH_45ed45c34a424f09ae062475496b278a/gnocchi.e6322dbc-1dcd-4deb-80c8-e7d50c54a991" "tx2164905d6b9a41f2b7b7b-006929b685" "proxy-server 12" 0.0155 "-" 21 0
Nov 28 14:49:41 standalone proxy-server[129334]: 172.18.0.2 172.18.0.100 28/Nov/2025/14/49/41 PUT /v1/AUTH_45ed45c34a424f09ae062475496b278a/gnocchi.e6322dbc-1dcd-4deb-80c8-e7d50c54a991 HTTP/1.0 201 - python-swiftclient-3.11.1 gAAAAABpKbYGFW-r... - - - tx2164905d6b9a41f2b7b7b-006929b685 - 0.0231 - - 1764341381.349367619 1764341381.372420788 0
Nov 28 14:49:41 standalone container-server[127397]: 172.20.0.100 - - [28/Nov/2025:14:49:41 +0000] "HEAD /d1/349/AUTH_45ed45c34a424f09ae062475496b278a/gnocchi.e6322dbc-1dcd-4deb-80c8-e7d50c54a991" 204 - "HEAD http://172.18.0.2:8080/v1/AUTH_45ed45c34a424f09ae062475496b278a/gnocchi.e6322dbc-1dcd-4deb-80c8-e7d50c54a991?format=json&states=listing" "txeca6e45a1f0646c2b5c3c-006929b685" "proxy-server 12" 0.0011 "-" 20 0
Nov 28 14:49:41 standalone proxy-server[129334]: - - 28/Nov/2025/14/49/41 HEAD /v1/AUTH_45ed45c34a424f09ae062475496b278a/gnocchi.e6322dbc-1dcd-4deb-80c8-e7d50c54a991%3Fformat%3Djson%26states%3Dlisting HTTP/1.0 204 - Swift - - - - txeca6e45a1f0646c2b5c3c-006929b685 - 0.0056 RL - 1764341381.378689051 1764341381.384254456 0
Nov 28 14:49:41 standalone container-server[127388]: 172.20.0.100 - - [28/Nov/2025:14:49:41 +0000] "GET /d1/349/AUTH_45ed45c34a424f09ae062475496b278a/gnocchi.e6322dbc-1dcd-4deb-80c8-e7d50c54a991" 200 2 "GET http://172.18.0.2:8080/v1/AUTH_45ed45c34a424f09ae062475496b278a/gnocchi.e6322dbc-1dcd-4deb-80c8-e7d50c54a991?format=json&states=listing" "txeca6e45a1f0646c2b5c3c-006929b685" "proxy-server 12" 0.0040 "-" 17 0
Nov 28 14:49:41 standalone proxy-server[129334]: 172.18.0.2 172.18.0.100 28/Nov/2025/14/49/41 GET /v1/AUTH_45ed45c34a424f09ae062475496b278a/gnocchi.e6322dbc-1dcd-4deb-80c8-e7d50c54a991%3Fformat%3Djson%26states%3Dlisting HTTP/1.0 200 - python-swiftclient-3.11.1 gAAAAABpKbYGFW-r... - 2 - txeca6e45a1f0646c2b5c3c-006929b685 - 0.0209 - - 1764341381.377003193 1764341381.397877932 0
Nov 28 14:49:41 standalone object-server[127585]: 172.20.0.100 - - [28/Nov/2025:14:49:41 +0000] "GET /d1/184/AUTH_45ed45c34a424f09ae062475496b278a/gnocchi.e6322dbc-1dcd-4deb-80c8-e7d50c54a991/1763640000.0_mean_300.0_v3" 404 70 "GET http://172.18.0.2:8080/v1/AUTH_45ed45c34a424f09ae062475496b278a/gnocchi.e6322dbc-1dcd-4deb-80c8-e7d50c54a991/1763640000.0_mean_300.0_v3" "tx31442be77223490e9214f-006929b685" "proxy-server 12" 0.0006 "-" 25 0
Nov 28 14:49:41 standalone proxy-server[129334]: 172.18.0.2 172.18.0.100 28/Nov/2025/14/49/41 GET /v1/AUTH_45ed45c34a424f09ae062475496b278a/gnocchi.e6322dbc-1dcd-4deb-80c8-e7d50c54a991/1763640000.0_mean_300.0_v3 HTTP/1.0 404 - python-swiftclient-3.11.1 gAAAAABpKbYGFW-r... - 70 - tx31442be77223490e9214f-006929b685 - 0.0087 - - 1764341381.402016401 1764341381.410723925 0
