Nov 28 14:35:16 standalone account-server[126912]: Starting 2
Nov 28 14:35:16 standalone account-server[127010]: Started child 20 from parent 2
Nov 28 14:35:16 standalone account-server[127010]: Started child 21 from parent 2
Nov 28 14:35:16 standalone account-server[127010]: Started child 22 from parent 2
Nov 28 14:35:16 standalone account-server[127010]: Started child 23 from parent 2
Nov 28 14:35:17 standalone container-server[127122]: Starting 2
Nov 28 14:35:17 standalone container-server[127226]: Option allow_versions is deprecated. Configure the versioned_writes middleware in the proxy-server instead. This option will be ignored in a future release.
Nov 28 14:35:17 standalone container-server[127388]: Option allow_versions is deprecated. Configure the versioned_writes middleware in the proxy-server instead. This option will be ignored in a future release.
Nov 28 14:35:17 standalone container-server[127226]: Started child 17 from parent 2
Nov 28 14:35:17 standalone container-server[127397]: Option allow_versions is deprecated. Configure the versioned_writes middleware in the proxy-server instead. This option will be ignored in a future release.
Nov 28 14:35:17 standalone container-server[127226]: Started child 20 from parent 2
Nov 28 14:35:17 standalone container-server[127402]: Option allow_versions is deprecated. Configure the versioned_writes middleware in the proxy-server instead. This option will be ignored in a future release.
Nov 28 14:35:17 standalone container-server[127226]: Started child 21 from parent 2
Nov 28 14:35:17 standalone container-server[127408]: Option allow_versions is deprecated. Configure the versioned_writes middleware in the proxy-server instead. This option will be ignored in a future release.
Nov 28 14:35:17 standalone container-server[127226]: Started child 22 from parent 2
Nov 28 14:35:17 standalone object-expirer[127320]: Starting 2
Nov 28 14:35:17 standalone object-expirer[127320]: Option auto_create_account_prefix is deprecated. Configure auto_create_account_prefix under the swift-constraints section of swift.conf. This option will be ignored in a future release.
Nov 28 14:35:17 standalone object-server[127454]: Starting 2
Nov 28 14:35:18 standalone object-server[127459]: Started child 22 from parent 2
Nov 28 14:35:18 standalone object-server[127459]: Started child 23 from parent 2
Nov 28 14:35:18 standalone object-server[127459]: Started child 24 from parent 2
Nov 28 14:35:18 standalone object-server[127459]: Started child 25 from parent 2
Nov 28 14:35:24 standalone proxy-server[129059]: Starting Keystone auth_token middleware
Nov 28 14:35:24 standalone proxy-server[129059]: AuthToken middleware is set with keystone_authtoken.service_token_roles_required set to False. This is backwards compatible but deprecated behaviour. Please set this to True.
Nov 28 14:35:24 standalone proxy-server[129334]: Starting Keystone auth_token middleware
Nov 28 14:35:24 standalone proxy-server[129334]: STDERR: The option "bind_port" is not known to keystonemiddleware
Nov 28 14:35:24 standalone proxy-server[129334]: STDERR: The option "workers" is not known to keystonemiddleware
Nov 28 14:35:24 standalone proxy-server[129334]: STDERR: The option "user" is not known to keystonemiddleware
Nov 28 14:35:24 standalone proxy-server[129334]: STDERR: The option "bind_ip" is not known to keystonemiddleware
Nov 28 14:35:24 standalone proxy-server[129334]: STDERR: The option "log_name" is not known to keystonemiddleware
Nov 28 14:35:24 standalone proxy-server[129334]: STDERR: The option "log_facility" is not known to keystonemiddleware
Nov 28 14:35:24 standalone proxy-server[129334]: STDERR: The option "log_level" is not known to keystonemiddleware
Nov 28 14:35:24 standalone proxy-server[129334]: STDERR: The option "log_headers" is not known to keystonemiddleware
Nov 28 14:35:24 standalone proxy-server[129334]: STDERR: The option "log_address" is not known to keystonemiddleware
Nov 28 14:35:24 standalone proxy-server[129334]: STDERR: The option "project_name" is not known to keystonemiddleware
Nov 28 14:35:24 standalone proxy-server[129334]: STDERR: The option "username" is not known to keystonemiddleware
Nov 28 14:35:24 standalone proxy-server[129334]: STDERR: The option "password" is not known to keystonemiddleware
Nov 28 14:35:24 standalone proxy-server[129334]: STDERR: The option "auth_url" is not known to keystonemiddleware
Nov 28 14:35:24 standalone proxy-server[129334]: STDERR: The option "signing_dir" is not known to keystonemiddleware
Nov 28 14:35:24 standalone proxy-server[129334]: STDERR: The option "project_domain_id" is not known to keystonemiddleware
Nov 28 14:35:24 standalone proxy-server[129334]: STDERR: The option "user_domain_id" is not known to keystonemiddleware
Nov 28 14:35:24 standalone proxy-server[129334]: STDERR: The option "__name__" is not known to keystonemiddleware
Nov 28 14:35:24 standalone proxy-server[129334]: AuthToken middleware is set with keystone_authtoken.service_token_roles_required set to False. This is backwards compatible but deprecated behaviour. Please set this to True.
Nov 28 14:35:24 standalone proxy-server[129059]: Started child 12 from parent 2
Nov 28 14:36:23 standalone container-server[127122]: Begin container update sweep
Nov 28 14:36:23 standalone container-server[127122]: Container update sweep completed: 0.00s
Nov 28 14:36:48 standalone account-server[127255]: 172.20.0.100 - - [28/Nov/2025:14:36:48 +0000] "HEAD /d1/860/.expiring_objects" 404 - "HEAD http://localhost/v1/.expiring_objects?format=json" "txac8cc3453e6a422d8e440-006929b380" "proxy-server 2" 0.0017 "-" 23 -
Nov 28 14:36:48 standalone object-expirer[127320]: Pass completed in 0s; 0 objects expired (txn: txac8cc3453e6a422d8e440-006929b380)
Nov 28 14:38:11 standalone object-server[127454]: Begin object update sweep
Nov 28 14:38:12 standalone object-server[148091]: Object update sweep starting on /srv/node/d1 (pid: 11)
Nov 28 14:38:12 standalone object-server[148091]: Object update sweep completed on /srv/node/d1 in 0.00s seconds:, 0 successes, 0 failures, 0 quarantines, 0 unlinks, 0 errors, 0 redirects (pid: 11)
Nov 28 14:38:12 standalone object-server[148091]: Object update sweep of d1 completed: 0.00s, 0 successes, 0 failures, 0 quarantines, 0 unlinks, 0 errors, 0 redirects
Nov 28 14:38:12 standalone object-server[127454]: Object update sweep completed: 0.08s
Nov 28 14:39:29 standalone account-server[127255]: 172.20.0.100 - - [28/Nov/2025:14:39:29 +0000] "HEAD /d1/860/.expiring_objects" 404 - "HEAD http://localhost/v1/.expiring_objects?format=json" "txda2d73f0cb5443de8d531-006929b421" "proxy-server 2" 0.0005 "-" 23 -
Nov 28 14:39:29 standalone object-expirer[127320]: Pass completed in 0s; 0 objects expired (txn: txda2d73f0cb5443de8d531-006929b421)
Nov 28 14:39:39 standalone account-server[127245]: 172.20.0.100 - - [28/Nov/2025:14:39:39 +0000] "HEAD /d1/860/.expiring_objects" 404 - "HEAD http://localhost/v1/.expiring_objects?format=json" "tx9ea4adb6fa1e4b0ca9cd2-006929b42b" "proxy-server 2" 0.0010 "-" 22 -
Nov 28 14:39:39 standalone object-expirer[127320]: Pass completed in 0s; 0 objects expired (txn: tx9ea4adb6fa1e4b0ca9cd2-006929b42b)
Nov 28 14:41:18 standalone account-server[127240]: 172.20.0.100 - - [28/Nov/2025:14:41:18 +0000] "HEAD /d1/860/.expiring_objects" 404 - "HEAD http://localhost/v1/.expiring_objects?format=json" "tx23c404a03c6e4886a8343-006929b48e" "proxy-server 2" 0.0012 "-" 21 -
Nov 28 14:41:18 standalone object-expirer[127320]: Pass completed in 0s; 0 objects expired (txn: tx23c404a03c6e4886a8343-006929b48e)
Nov 28 14:41:23 standalone container-server[127122]: Begin container update sweep
Nov 28 14:41:23 standalone container-server[127122]: Container update sweep completed: 0.00s
Nov 28 14:43:12 standalone object-server[127454]: Begin object update sweep
Nov 28 14:43:12 standalone object-server[188074]: Object update sweep starting on /srv/node/d1 (pid: 13)
Nov 28 14:43:12 standalone object-server[188074]: Object update sweep completed on /srv/node/d1 in 0.00s seconds:, 0 successes, 0 failures, 0 quarantines, 0 unlinks, 0 errors, 0 redirects (pid: 13)
Nov 28 14:43:12 standalone object-server[188074]: Object update sweep of d1 completed: 0.00s, 0 successes, 0 failures, 0 quarantines, 0 unlinks, 0 errors, 0 redirects
Nov 28 14:43:12 standalone object-server[127454]: Object update sweep completed: 0.09s
Nov 28 14:44:07 standalone account-server[127245]: 172.20.0.100 - - [28/Nov/2025:14:44:07 +0000] "HEAD /d1/860/.expiring_objects" 404 - "HEAD http://localhost/v1/.expiring_objects?format=json" "tx7466fe2ba1d94b22a96be-006929b537" "proxy-server 2" 0.0004 "-" 22 -
Nov 28 14:44:07 standalone object-expirer[127320]: Pass completed in 0s; 0 objects expired (txn: tx7466fe2ba1d94b22a96be-006929b537)
Nov 28 14:45:57 standalone account-server[127245]: 172.20.0.100 - - [28/Nov/2025:14:45:57 +0000] "HEAD /d1/860/.expiring_objects" 404 - "HEAD http://localhost/v1/.expiring_objects?format=json" "tx274ac1cfd29740eeb28d6-006929b5a5" "proxy-server 2" 0.0006 "-" 22 -
Nov 28 14:45:57 standalone object-expirer[127320]: Pass completed in 0s; 0 objects expired (txn: tx274ac1cfd29740eeb28d6-006929b5a5)
Nov 28 14:46:23 standalone container-server[127122]: Begin container update sweep
Nov 28 14:46:23 standalone container-server[127122]: Container update sweep completed: 0.00s
Nov 28 14:47:34 standalone account-server[127222]: 172.20.0.100 - - [28/Nov/2025:14:47:34 +0000] "HEAD /d1/103/AUTH_45ed45c34a424f09ae062475496b278a" 404 - "HEAD http://172.18.0.2:8080/v1/AUTH_45ed45c34a424f09ae062475496b278a?format=json" "tx6019e3982b974a4e81b60-006929b606" "proxy-server 12" 0.0012 "-" 20 -
Nov 28 14:47:34 standalone proxy-server[129334]: - - 28/Nov/2025/14/47/34 HEAD /v1/AUTH_45ed45c34a424f09ae062475496b278a%3Fformat%3Djson HTTP/1.0 200 - Swift - - - - tx6019e3982b974a4e81b60-006929b606 - 0.0074 RL - 1764341254.123491764 1764341254.130861282 -
Nov 28 14:47:34 standalone object-server[127584]: 172.20.0.100 - - [28/Nov/2025:14:47:34 +0000] "GET /d1/950/AUTH_45ed45c34a424f09ae062475496b278a/gnocchi.e7dbaf3b-4ac9-4fca-a219-10d29081dbc1/none_v3" 404 70 "GET http://172.18.0.2:8080/v1/AUTH_45ed45c34a424f09ae062475496b278a/gnocchi.e7dbaf3b-4ac9-4fca-a219-10d29081dbc1/none_v3" "tx6019e3982b974a4e81b60-006929b606" "proxy-server 12" 0.0016 "-" 24 0
Nov 28 14:47:34 standalone proxy-server[129334]: 172.18.0.2 172.18.0.100 28/Nov/2025/14/47/34 GET /v1/AUTH_45ed45c34a424f09ae062475496b278a/gnocchi.e7dbaf3b-4ac9-4fca-a219-10d29081dbc1/none_v3 HTTP/1.0 404 - python-swiftclient-3.11.1 gAAAAABpKbYGFW-r... - 70 - tx6019e3982b974a4e81b60-006929b606 - 0.4069 - - 1764341254.119648218 1764341254.526590347 0
Nov 28 14:47:34 standalone account-server[127255]: 172.20.0.100 - - [28/Nov/2025:14:47:34 +0000] "PUT /d1/103/AUTH_45ed45c34a424f09ae062475496b278a" 201 - "-" "tx2f3a3b4c369e4cbd9f359-006929b606" "-" 0.0154 "-" 23 -
Nov 28 14:47:34 standalone proxy-server[129334]: autocreate account '/AUTH_45ed45c34a424f09ae062475496b278a' (txn: tx2f3a3b4c369e4cbd9f359-006929b606)
Nov 28 14:47:34 standalone account-server[127240]: 172.20.0.100 - - [28/Nov/2025:14:47:34 +0000] "HEAD /d1/103/AUTH_45ed45c34a424f09ae062475496b278a" 204 - "HEAD http://172.18.0.2:8080/v1/AUTH_45ed45c34a424f09ae062475496b278a?format=json" "tx2f3a3b4c369e4cbd9f359-006929b606" "proxy-server 12" 0.0031 "-" 21 -
Nov 28 14:47:34 standalone account-server[127222]: 172.20.0.100 - - [28/Nov/2025:14:47:34 +0000] "PUT /d1/103/AUTH_45ed45c34a424f09ae062475496b278a/gnocchi.e7dbaf3b-4ac9-4fca-a219-10d29081dbc1" 201 - "PUT http://172.20.0.100:6001/d1/961/AUTH_45ed45c34a424f09ae062475496b278a/gnocchi.e7dbaf3b-4ac9-4fca-a219-10d29081dbc1" "tx2f3a3b4c369e4cbd9f359-006929b606" "container-server 17" 0.0029 "-" 20 0
Nov 28 14:47:34 standalone container-server[127388]: 172.20.0.100 - - [28/Nov/2025:14:47:34 +0000] "PUT /d1/961/AUTH_45ed45c34a424f09ae062475496b278a/gnocchi.e7dbaf3b-4ac9-4fca-a219-10d29081dbc1" 201 - "PUT http://172.18.0.2:8080/v1/AUTH_45ed45c34a424f09ae062475496b278a/gnocchi.e7dbaf3b-4ac9-4fca-a219-10d29081dbc1" "tx2f3a3b4c369e4cbd9f359-006929b606" "proxy-server 12" 0.0208 "-" 17 0
Nov 28 14:47:34 standalone proxy-server[129334]: 172.18.0.2 172.18.0.100 28/Nov/2025/14/47/34 PUT /v1/AUTH_45ed45c34a424f09ae062475496b278a/gnocchi.e7dbaf3b-4ac9-4fca-a219-10d29081dbc1 HTTP/1.0 201 - python-swiftclient-3.11.1 gAAAAABpKbYGFW-r... - - - tx2f3a3b4c369e4cbd9f359-006929b606 - 0.0556 - - 1764341254.533790112 1764341254.589360952 0
Nov 28 14:47:34 standalone container-server[127388]: 172.20.0.100 - - [28/Nov/2025:14:47:34 +0000] "HEAD /d1/961/AUTH_45ed45c34a424f09ae062475496b278a/gnocchi.e7dbaf3b-4ac9-4fca-a219-10d29081dbc1" 204 - "HEAD http://172.18.0.2:8080/v1/AUTH_45ed45c34a424f09ae062475496b278a/gnocchi.e7dbaf3b-4ac9-4fca-a219-10d29081dbc1?format=json&states=listing" "tx6f4a595f66364afdb1bdd-006929b606" "proxy-server 12" 0.0029 "-" 17 0
Nov 28 14:47:34 standalone proxy-server[129334]: - - 28/Nov/2025/14/47/34 HEAD /v1/AUTH_45ed45c34a424f09ae062475496b278a/gnocchi.e7dbaf3b-4ac9-4fca-a219-10d29081dbc1%3Fformat%3Djson%26states%3Dlisting HTTP/1.0 204 - Swift - - - - tx6f4a595f66364afdb1bdd-006929b606 - 0.0078 RL - 1764341254.596792459 1764341254.604585171 0
Nov 28 14:47:34 standalone container-server[127388]: 172.20.0.100 - - [28/Nov/2025:14:47:34 +0000] "GET /d1/961/AUTH_45ed45c34a424f09ae062475496b278a/gnocchi.e7dbaf3b-4ac9-4fca-a219-10d29081dbc1" 200 2 "GET http://172.18.0.2:8080/v1/AUTH_45ed45c34a424f09ae062475496b278a/gnocchi.e7dbaf3b-4ac9-4fca-a219-10d29081dbc1?format=json&states=listing" "tx6f4a595f66364afdb1bdd-006929b606" "proxy-server 12" 0.0036 "-" 17 0
Nov 28 14:47:34 standalone proxy-server[129334]: 172.18.0.2 172.18.0.100 28/Nov/2025/14/47/34 GET /v1/AUTH_45ed45c34a424f09ae062475496b278a/gnocchi.e7dbaf3b-4ac9-4fca-a219-10d29081dbc1%3Fformat%3Djson%26states%3Dlisting HTTP/1.0 200 - python-swiftclient-3.11.1 gAAAAABpKbYGFW-r... - 2 - tx6f4a595f66364afdb1bdd-006929b606 - 0.0219 - - 1764341254.595098257 1764341254.616970778 0
Nov 28 14:47:34 standalone object-server[127585]: 172.20.0.100 - - [28/Nov/2025:14:47:34 +0000] "GET /d1/685/AUTH_45ed45c34a424f09ae062475496b278a/gnocchi.e7dbaf3b-4ac9-4fca-a219-10d29081dbc1/1763640000.0_mean_300.0_v3" 404 70 "GET http://172.18.0.2:8080/v1/AUTH_45ed45c34a424f09ae062475496b278a/gnocchi.e7dbaf3b-4ac9-4fca-a219-10d29081dbc1/1763640000.0_mean_300.0_v3" "txd3680bccf0ee4442ab973-006929b606" "proxy-server 12" 0.0014 "-" 25 0
Nov 28 14:47:34 standalone proxy-server[129334]: 172.18.0.2 172.18.0.100 28/Nov/2025/14/47/34 GET /v1/AUTH_45ed45c34a424f09ae062475496b278a/gnocchi.e7dbaf3b-4ac9-4fca-a219-10d29081dbc1/1763640000.0_mean_300.0_v3 HTTP/1.0 404 - python-swiftclient-3.11.1 gAAAAABpKbYGFW-r... - 70 - txd3680bccf0ee4442ab973-006929b606 - 0.0102 - - 1764341254.622721195 1764341254.632961988 0
Nov 28 14:47:34 standalone container-server[127397]: 172.20.0.100 - - [28/Nov/2025:14:47:34 +0000] "PUT /d1/961/AUTH_45ed45c34a424f09ae062475496b278a/gnocchi.e7dbaf3b-4ac9-4fca-a219-10d29081dbc1/1763640000.0_mean_300.0_v3" 201 - "PUT http://172.18.0.2:8080/d1/685/AUTH_45ed45c34a424f09ae062475496b278a/gnocchi.e7dbaf3b-4ac9-4fca-a219-10d29081dbc1/1763640000.0_mean_300.0_v3" "tx8d86c70b5a3b4d8bb971c-006929b606" "object-server 23" 0.0016 "-" 20 0
Nov 28 14:47:34 standalone object-server[127583]: 172.20.0.100 - - [28/Nov/2025:14:47:34 +0000] "PUT /d1/685/AUTH_45ed45c34a424f09ae062475496b278a/gnocchi.e7dbaf3b-4ac9-4fca-a219-10d29081dbc1/1763640000.0_mean_300.0_v3" 201 - "PUT http://172.18.0.2:8080/v1/AUTH_45ed45c34a424f09ae062475496b278a/gnocchi.e7dbaf3b-4ac9-4fca-a219-10d29081dbc1/1763640000.0_mean_300.0_v3" "tx8d86c70b5a3b4d8bb971c-006929b606" "proxy-server 12" 0.0350 "-" 23 0
Nov 28 14:47:34 standalone proxy-server[129334]: 172.18.0.2 172.18.0.100 28/Nov/2025/14/47/34 PUT /v1/AUTH_45ed45c34a424f09ae062475496b278a/gnocchi.e7dbaf3b-4ac9-4fca-a219-10d29081dbc1/1763640000.0_mean_300.0_v3 HTTP/1.0 201 - python-swiftclient-3.11.1 gAAAAABpKbYGFW-r... 16 - - tx8d86c70b5a3b4d8bb971c-006929b606 - 0.0441 - - 1764341254.637233257 1764341254.681365252 0
Nov 28 14:47:34 standalone container-server[127397]: 172.20.0.100 - - [28/Nov/2025:14:47:34 +0000] "PUT /d1/961/AUTH_45ed45c34a424f09ae062475496b278a/gnocchi.e7dbaf3b-4ac9-4fca-a219-10d29081dbc1/none_v3" 201 - "PUT http://172.18.0.2:8080/d1/950/AUTH_45ed45c34a424f09ae062475496b278a/gnocchi.e7dbaf3b-4ac9-4fca-a219-10d29081dbc1/none_v3" "tx84ed3835bf6a4a9594c67-006929b606" "object-server 22" 0.0009 "-" 20 0
Nov 28 14:47:34 standalone object-server[127582]: 172.20.0.100 - - [28/Nov/2025:14:47:34 +0000] "PUT /d1/950/AUTH_45ed45c34a424f09ae062475496b278a/gnocchi.e7dbaf3b-4ac9-4fca-a219-10d29081dbc1/none_v3" 201 - "PUT http://172.18.0.2:8080/v1/AUTH_45ed45c34a424f09ae062475496b278a/gnocchi.e7dbaf3b-4ac9-4fca-a219-10d29081dbc1/none_v3" "tx84ed3835bf6a4a9594c67-006929b606" "proxy-server 12" 0.0322 "-" 22 0
Nov 28 14:47:34 standalone proxy-server[129334]: 172.18.0.2 172.18.0.100 28/Nov/2025/14/47/34 PUT /v1/AUTH_45ed45c34a424f09ae062475496b278a/gnocchi.e7dbaf3b-4ac9-4fca-a219-10d29081dbc1/none_v3 HTTP/1.0 201 - python-swiftclient-3.11.1 gAAAAABpKbYGFW-r... 22 - - tx84ed3835bf6a4a9594c67-006929b606 - 0.0412 - - 1764341254.686616898 1764341254.727847576 0
Nov 28 14:48:03 standalone object-server[127584]: 172.20.0.100 - - [28/Nov/2025:14:48:03 +0000] "GET /d1/950/AUTH_45ed45c34a424f09ae062475496b278a/gnocchi.e7dbaf3b-4ac9-4fca-a219-10d29081dbc1/none_v3" 200 22 "GET http://172.18.0.2:8080/v1/AUTH_45ed45c34a424f09ae062475496b278a/gnocchi.e7dbaf3b-4ac9-4fca-a219-10d29081dbc1/none_v3" "txd4409fedfb9b4f209e34c-006929b623" "proxy-server 12" 0.0008 "-" 24 0
Nov 28 14:48:03 standalone proxy-server[129334]: 172.18.0.2 172.18.0.100 28/Nov/2025/14/48/03 GET /v1/AUTH_45ed45c34a424f09ae062475496b278a/gnocchi.e7dbaf3b-4ac9-4fca-a219-10d29081dbc1/none_v3 HTTP/1.0 200 - python-swiftclient-3.11.1 gAAAAABpKbYGFW-r... - 22 - txd4409fedfb9b4f209e34c-006929b623 - 0.0147 - - 1764341283.843699932 1764341283.858372211 0
Nov 28 14:48:03 standalone container-server[127408]: 172.20.0.100 - - [28/Nov/2025:14:48:03 +0000] "GET /d1/961/AUTH_45ed45c34a424f09ae062475496b278a/gnocchi.e7dbaf3b-4ac9-4fca-a219-10d29081dbc1" 200 357 "GET http://172.18.0.2:8080/v1/AUTH_45ed45c34a424f09ae062475496b278a/gnocchi.e7dbaf3b-4ac9-4fca-a219-10d29081dbc1?format=json&states=listing" "tx24dde144897c4b26b84d3-006929b623" "proxy-server 12" 0.0205 "-" 22 0
Nov 28 14:48:03 standalone proxy-server[129334]: 172.18.0.2 172.18.0.100 28/Nov/2025/14/48/03 GET /v1/AUTH_45ed45c34a424f09ae062475496b278a/gnocchi.e7dbaf3b-4ac9-4fca-a219-10d29081dbc1%3Fformat%3Djson%26states%3Dlisting HTTP/1.0 200 - python-swiftclient-3.11.1 gAAAAABpKbYGFW-r... - 357 - tx24dde144897c4b26b84d3-006929b623 - 0.0361 - - 1764341283.863726616 1764341283.899796247 0
Nov 28 14:48:03 standalone container-server[127408]: 172.20.0.100 - - [28/Nov/2025:14:48:03 +0000] "GET /d1/961/AUTH_45ed45c34a424f09ae062475496b278a/gnocchi.e7dbaf3b-4ac9-4fca-a219-10d29081dbc1" 200 2 "GET http://172.18.0.2:8080/v1/AUTH_45ed45c34a424f09ae062475496b278a/gnocchi.e7dbaf3b-4ac9-4fca-a219-10d29081dbc1?format=json&marker=none_v3&states=listing" "txf0ab2c3a8c2e4a979e8d3-006929b623" "proxy-server 12" 0.0029 "-" 22 0
Nov 28 14:48:03 standalone proxy-server[129334]: 172.18.0.2 172.18.0.100 28/Nov/2025/14/48/03 GET /v1/AUTH_45ed45c34a424f09ae062475496b278a/gnocchi.e7dbaf3b-4ac9-4fca-a219-10d29081dbc1%3Fformat%3Djson%26marker%3Dnone_v3%26states%3Dlisting HTTP/1.0 200 - python-swiftclient-3.11.1 gAAAAABpKbYGFW-r... - 2 - txf0ab2c3a8c2e4a979e8d3-006929b623 - 0.0118 - - 1764341283.904225111 1764341283.916003466 0
Nov 28 14:48:03 standalone object-server[127582]: 172.20.0.100 - - [28/Nov/2025:14:48:03 +0000] "GET /d1/685/AUTH_45ed45c34a424f09ae062475496b278a/gnocchi.e7dbaf3b-4ac9-4fca-a219-10d29081dbc1/1763640000.0_mean_300.0_v3" 200 16 "GET http://172.18.0.2:8080/v1/AUTH_45ed45c34a424f09ae062475496b278a/gnocchi.e7dbaf3b-4ac9-4fca-a219-10d29081dbc1/1763640000.0_mean_300.0_v3" "tx668271a4b60a42e694613-006929b623" "proxy-server 12" 0.0011 "-" 22 0
Nov 28 14:48:03 standalone proxy-server[129334]: 172.18.0.2 172.18.0.100 28/Nov/2025/14/48/03 GET /v1/AUTH_45ed45c34a424f09ae062475496b278a/gnocchi.e7dbaf3b-4ac9-4fca-a219-10d29081dbc1/1763640000.0_mean_300.0_v3 HTTP/1.0 200 - python-swiftclient-3.11.1 gAAAAABpKbYGFW-r... - 16 - tx668271a4b60a42e694613-006929b623 - 0.0096 - - 1764341283.921031713 1764341283.930665255 0
Nov 28 14:48:03 standalone container-server[127408]: 172.20.0.100 - - [28/Nov/2025:14:48:03 +0000] "PUT /d1/961/AUTH_45ed45c34a424f09ae062475496b278a/gnocchi.e7dbaf3b-4ac9-4fca-a219-10d29081dbc1/1763640000.0_mean_300.0_v3" 201 - "PUT http://172.18.0.2:8080/d1/685/AUTH_45ed45c34a424f09ae062475496b278a/gnocchi.e7dbaf3b-4ac9-4fca-a219-10d29081dbc1/1763640000.0_mean_300.0_v3" "tx224872e958fe43ca9fa35-006929b623" "object-server 25" 0.0013 "-" 22 0
Nov 28 14:48:03 standalone object-server[127585]: 172.20.0.100 - - [28/Nov/2025:14:48:03 +0000] "PUT /d1/685/AUTH_45ed45c34a424f09ae062475496b278a/gnocchi.e7dbaf3b-4ac9-4fca-a219-10d29081dbc1/1763640000.0_mean_300.0_v3" 201 - "PUT http://172.18.0.2:8080/v1/AUTH_45ed45c34a424f09ae062475496b278a/gnocchi.e7dbaf3b-4ac9-4fca-a219-10d29081dbc1/1763640000.0_mean_300.0_v3" "tx224872e958fe43ca9fa35-006929b623" "proxy-server 12" 0.0317 "-" 25 0
Nov 28 14:48:03 standalone proxy-server[129334]: 172.18.0.2 172.18.0.100 28/Nov/2025/14/48/03 PUT /v1/AUTH_45ed45c34a424f09ae062475496b278a/gnocchi.e7dbaf3b-4ac9-4fca-a219-10d29081dbc1/1763640000.0_mean_300.0_v3 HTTP/1.0 201 - python-swiftclient-3.11.1 gAAAAABpKbYGFW-r... 16 - - tx224872e958fe43ca9fa35-006929b623 - 0.0372 - - 1764341283.935019255 1764341283.972220659 0
Nov 28 14:48:03 standalone container-server[127388]: 172.20.0.100 - - [28/Nov/2025:14:48:03 +0000] "PUT /d1/961/AUTH_45ed45c34a424f09ae062475496b278a/gnocchi.e7dbaf3b-4ac9-4fca-a219-10d29081dbc1/none_v3" 201 - "PUT http://172.18.0.2:8080/d1/950/AUTH_45ed45c34a424f09ae062475496b278a/gnocchi.e7dbaf3b-4ac9-4fca-a219-10d29081dbc1/none_v3" "txdcdbe307985a48b4a3589-006929b623" "object-server 23" 0.0009 "-" 17 0
Nov 28 14:48:03 standalone object-server[127583]: 172.20.0.100 - - [28/Nov/2025:14:48:03 +0000] "PUT /d1/950/AUTH_45ed45c34a424f09ae062475496b278a/gnocchi.e7dbaf3b-4ac9-4fca-a219-10d29081dbc1/none_v3" 201 - "PUT http://172.18.0.2:8080/v1/AUTH_45ed45c34a424f09ae062475496b278a/gnocchi.e7dbaf3b-4ac9-4fca-a219-10d29081dbc1/none_v3" "txdcdbe307985a48b4a3589-006929b623" "proxy-server 12" 0.0110 "-" 23 0
Nov 28 14:48:03 standalone proxy-server[129334]: 172.18.0.2 172.18.0.100 28/Nov/2025/14/48/03 PUT /v1/AUTH_45ed45c34a424f09ae062475496b278a/gnocchi.e7dbaf3b-4ac9-4fca-a219-10d29081dbc1/none_v3 HTTP/1.0 201 - python-swiftclient-3.11.1 gAAAAABpKbYGFW-r... 32 - - txdcdbe307985a48b4a3589-006929b623 - 0.0162 - - 1764341283.976434708 1764341283.992643356 0
Nov 28 14:48:12 standalone object-server[127454]: Begin object update sweep
Nov 28 14:48:12 standalone object-server[225872]: Object update sweep starting on /srv/node/d1 (pid: 14)
Nov 28 14:48:12 standalone object-server[225872]: Object update sweep completed on /srv/node/d1 in 0.00s seconds:, 0 successes, 0 failures, 0 quarantines, 0 unlinks, 0 errors, 0 redirects (pid: 14)
Nov 28 14:48:12 standalone object-server[225872]: Object update sweep of d1 completed: 0.00s, 0 successes, 0 failures, 0 quarantines, 0 unlinks, 0 errors, 0 redirects
Nov 28 14:48:12 standalone object-server[127454]: Object update sweep completed: 0.08s
Nov 28 14:48:36 standalone account-server[127240]: 172.20.0.100 - - [28/Nov/2025:14:48:36 +0000] "HEAD /d1/103/AUTH_45ed45c34a424f09ae062475496b278a" 204 - "HEAD http://172.18.0.2:8080/v1/AUTH_45ed45c34a424f09ae062475496b278a?format=json" "tx9e0985fd11684285936ef-006929b644" "proxy-server 12" 0.0073 "-" 21 -
Nov 28 14:48:36 standalone proxy-server[129334]: - - 28/Nov/2025/14/48/36 HEAD /v1/AUTH_45ed45c34a424f09ae062475496b278a%3Fformat%3Djson HTTP/1.0 204 - Swift - - - - tx9e0985fd11684285936ef-006929b644 - 0.0121 RL - 1764341316.501342535 1764341316.513444424 -
Nov 28 14:48:36 standalone container-server[127408]: 172.20.0.100 - - [28/Nov/2025:14:48:36 +0000] "HEAD /d1/819/AUTH_45ed45c34a424f09ae062475496b278a/gnocchi.a665e4d7-0dc9-4c15-9460-c1e39af773a6" 404 - "HEAD http://172.18.0.2:8080/v1/AUTH_45ed45c34a424f09ae062475496b278a/gnocchi.a665e4d7-0dc9-4c15-9460-c1e39af773a6?format=json&states=listing" "tx9e0985fd11684285936ef-006929b644" "proxy-server 12" 0.0009 "-" 22 0
Nov 28 14:48:36 standalone object-server[127584]: 172.20.0.100 - - [28/Nov/2025:14:48:36 +0000] "GET /d1/872/AUTH_45ed45c34a424f09ae062475496b278a/gnocchi.a665e4d7-0dc9-4c15-9460-c1e39af773a6/none_v3" 404 70 "GET http://172.18.0.2:8080/v1/AUTH_45ed45c34a424f09ae062475496b278a/gnocchi.a665e4d7-0dc9-4c15-9460-c1e39af773a6/none_v3" "tx9e0985fd11684285936ef-006929b644" "proxy-server 12" 0.0008 "-" 24 0
Nov 28 14:48:36 standalone proxy-server[129334]: 172.18.0.2 172.18.0.100 28/Nov/2025/14/48/36 GET /v1/AUTH_45ed45c34a424f09ae062475496b278a/gnocchi.a665e4d7-0dc9-4c15-9460-c1e39af773a6/none_v3 HTTP/1.0 404 - python-swiftclient-3.11.1 gAAAAABpKbYGFW-r... - 70 - tx9e0985fd11684285936ef-006929b644 - 0.0247 - - 1764341316.500607252 1764341316.525335789 0
Nov 28 14:48:36 standalone account-server[127240]: 172.20.0.100 - - [28/Nov/2025:14:48:36 +0000] "PUT /d1/103/AUTH_45ed45c34a424f09ae062475496b278a/gnocchi.a665e4d7-0dc9-4c15-9460-c1e39af773a6" 201 - "PUT http://172.20.0.100:6001/d1/819/AUTH_45ed45c34a424f09ae062475496b278a/gnocchi.a665e4d7-0dc9-4c15-9460-c1e39af773a6" "tx3797a399d79443a2803bc-006929b644" "container-server 22" 0.0015 "-" 21 0
Nov 28 14:48:36 standalone container-server[127408]: 172.20.0.100 - - [28/Nov/2025:14:48:36 +0000] "PUT /d1/819/AUTH_45ed45c34a424f09ae062475496b278a/gnocchi.a665e4d7-0dc9-4c15-9460-c1e39af773a6" 201 - "PUT http://172.18.0.2:8080/v1/AUTH_45ed45c34a424f09ae062475496b278a/gnocchi.a665e4d7-0dc9-4c15-9460-c1e39af773a6" "tx3797a399d79443a2803bc-006929b644" "proxy-server 12" 0.0156 "-" 22 0
Nov 28 14:48:36 standalone proxy-server[129334]: 172.18.0.2 172.18.0.100 28/Nov/2025/14/48/36 PUT /v1/AUTH_45ed45c34a424f09ae062475496b278a/gnocchi.a665e4d7-0dc9-4c15-9460-c1e39af773a6 HTTP/1.0 201 - python-swiftclient-3.11.1 gAAAAABpKbYGFW-r... - - - tx3797a399d79443a2803bc-006929b644 - 0.0204 - - 1764341316.528725147 1764341316.549094439 0
Nov 28 14:48:36 standalone container-server[127402]: 172.20.0.100 - - [28/Nov/2025:14:48:36 +0000] "HEAD /d1/819/AUTH_45ed45c34a424f09ae062475496b278a/gnocchi.a665e4d7-0dc9-4c15-9460-c1e39af773a6" 204 - "HEAD http://172.18.0.2:8080/v1/AUTH_45ed45c34a424f09ae062475496b278a/gnocchi.a665e4d7-0dc9-4c15-9460-c1e39af773a6?format=json&states=listing" "tx74e51d1da72b4a5eb5e4e-006929b644" "proxy-server 12" 0.0028 "-" 21 0
Nov 28 14:48:36 standalone proxy-server[129334]: - - 28/Nov/2025/14/48/36 HEAD /v1/AUTH_45ed45c34a424f09ae062475496b278a/gnocchi.a665e4d7-0dc9-4c15-9460-c1e39af773a6%3Fformat%3Djson%26states%3Dlisting HTTP/1.0 204 - Swift - - - - tx74e51d1da72b4a5eb5e4e-006929b644 - 0.0062 RL - 1764341316.553716898 1764341316.559942007 0
Nov 28 14:48:36 standalone container-server[127397]: 172.20.0.100 - - [28/Nov/2025:14:48:36 +0000] "GET /d1/819/AUTH_45ed45c34a424f09ae062475496b278a/gnocchi.a665e4d7-0dc9-4c15-9460-c1e39af773a6" 200 2 "GET http://172.18.0.2:8080/v1/AUTH_45ed45c34a424f09ae062475496b278a/gnocchi.a665e4d7-0dc9-4c15-9460-c1e39af773a6?format=json&states=listing" "tx74e51d1da72b4a5eb5e4e-006929b644" "proxy-server 12" 0.0056 "-" 20 0
Nov 28 14:48:36 standalone proxy-server[129334]: 172.18.0.2 172.18.0.100 28/Nov/2025/14/48/36 GET /v1/AUTH_45ed45c34a424f09ae062475496b278a/gnocchi.a665e4d7-0dc9-4c15-9460-c1e39af773a6%3Fformat%3Djson%26states%3Dlisting HTTP/1.0 200 - python-swiftclient-3.11.1 gAAAAABpKbYGFW-r... - 2 - tx74e51d1da72b4a5eb5e4e-006929b644 - 0.0180 - - 1764341316.552906513 1764341316.570946217 0
Nov 28 14:48:36 standalone object-server[127582]: 172.20.0.100 - - [28/Nov/2025:14:48:36 +0000] "GET /d1/526/AUTH_45ed45c34a424f09ae062475496b278a/gnocchi.a665e4d7-0dc9-4c15-9460-c1e39af773a6/1763640000.0_mean_300.0_v3" 404 70 "GET http://172.18.0.2:8080/v1/AUTH_45ed45c34a424f09ae062475496b278a/gnocchi.a665e4d7-0dc9-4c15-9460-c1e39af773a6/1763640000.0_mean_300.0_v3" "txaef950e985cd44ed87026-006929b644" "proxy-server 12" 0.0005 "-" 22 0
Nov 28 14:48:36 standalone proxy-server[129334]: 172.18.0.2 172.18.0.100 28/Nov/2025/14/48/36 GET /v1/AUTH_45ed45c34a424f09ae062475496b278a/gnocchi.a665e4d7-0dc9-4c15-9460-c1e39af773a6/1763640000.0_mean_300.0_v3 HTTP/1.0 404 - python-swiftclient-3.11.1 gAAAAABpKbYGFW-r... - 70 - txaef950e985cd44ed87026-006929b644 - 0.0051 - - 1764341316.574655771 1764341316.579789877 0
Nov 28 14:48:36 standalone container-server[127408]: 172.20.0.100 - - [28/Nov/2025:14:48:36 +0000] "PUT /d1/819/AUTH_45ed45c34a424f09ae062475496b278a/gnocchi.a665e4d7-0dc9-4c15-9460-c1e39af773a6/1763640000.0_mean_300.0_v3" 201 - "PUT http://172.18.0.2:8080/d1/526/AUTH_45ed45c34a424f09ae062475496b278a/gnocchi.a665e4d7-0dc9-4c15-9460-c1e39af773a6/1763640000.0_mean_300.0_v3" "tx1d1c4ff084b8401fbacb9-006929b644" "object-server 25" 0.0009 "-" 22 0
Nov 28 14:48:36 standalone object-server[127585]: 172.20.0.100 - - [28/Nov/2025:14:48:36 +0000] "PUT /d1/526/AUTH_45ed45c34a424f09ae062475496b278a/gnocchi.a665e4d7-0dc9-4c15-9460-c1e39af773a6/1763640000.0_mean_300.0_v3" 201 - "PUT http://172.18.0.2:8080/v1/AUTH_45ed45c34a424f09ae062475496b278a/gnocchi.a665e4d7-0dc9-4c15-9460-c1e39af773a6/1763640000.0_mean_300.0_v3" "tx1d1c4ff084b8401fbacb9-006929b644" "proxy-server 12" 0.0193 "-" 25 0
Nov 28 14:48:36 standalone proxy-server[129334]: 172.18.0.2 172.18.0.100 28/Nov/2025/14/48/36 PUT /v1/AUTH_45ed45c34a424f09ae062475496b278a/gnocchi.a665e4d7-0dc9-4c15-9460-c1e39af773a6/1763640000.0_mean_300.0_v3 HTTP/1.0 201 - python-swiftclient-3.11.1 gAAAAABpKbYGFW-r... 16 - - tx1d1c4ff084b8401fbacb9-006929b644 - 0.0235 - - 1764341316.582839489 1764341316.606362343 0
Nov 28 14:48:36 standalone container-server[127397]: 172.20.0.100 - - [28/Nov/2025:14:48:36 +0000] "PUT /d1/819/AUTH_45ed45c34a424f09ae062475496b278a/gnocchi.a665e4d7-0dc9-4c15-9460-c1e39af773a6/none_v3" 201 - "PUT http://172.18.0.2:8080/d1/872/AUTH_45ed45c34a424f09ae062475496b278a/gnocchi.a665e4d7-0dc9-4c15-9460-c1e39af773a6/none_v3" "tx7184a1933a31462aab452-006929b644" "object-server 23" 0.0007 "-" 20 0
Nov 28 14:48:36 standalone object-server[127583]: 172.20.0.100 - - [28/Nov/2025:14:48:36 +0000] "PUT /d1/872/AUTH_45ed45c34a424f09ae062475496b278a/gnocchi.a665e4d7-0dc9-4c15-9460-c1e39af773a6/none_v3" 201 - "PUT http://172.18.0.2:8080/v1/AUTH_45ed45c34a424f09ae062475496b278a/gnocchi.a665e4d7-0dc9-4c15-9460-c1e39af773a6/none_v3" "tx7184a1933a31462aab452-006929b644" "proxy-server 12" 0.0272 "-" 23 0
Nov 28 14:48:36 standalone proxy-server[129334]: 172.18.0.2 172.18.0.100 28/Nov/2025/14/48/36 PUT /v1/AUTH_45ed45c34a424f09ae062475496b278a/gnocchi.a665e4d7-0dc9-4c15-9460-c1e39af773a6/none_v3 HTTP/1.0 201 - python-swiftclient-3.11.1 gAAAAABpKbYGFW-r... 22 - - tx7184a1933a31462aab452-006929b644 - 0.0323 - - 1764341316.609525919 1764341316.641792297 0
Nov 28 14:48:36 standalone container-server[127402]: 172.20.0.100 - - [28/Nov/2025:14:48:36 +0000] "HEAD /d1/47/AUTH_45ed45c34a424f09ae062475496b278a/gnocchi.3e3eeea4-a055-459b-9d5b-86094b9acda5" 404 - "HEAD http://172.18.0.2:8080/v1/AUTH_45ed45c34a424f09ae062475496b278a/gnocchi.3e3eeea4-a055-459b-9d5b-86094b9acda5?format=json&states=listing" "tx1192df37b750423294721-006929b644" "proxy-server 12" 0.0005 "-" 21 0
Nov 28 14:48:36 standalone object-server[127582]: 172.20.0.100 - - [28/Nov/2025:14:48:36 +0000] "GET /d1/880/AUTH_45ed45c34a424f09ae062475496b278a/gnocchi.3e3eeea4-a055-459b-9d5b-86094b9acda5/none_v3" 404 70 "GET http://172.18.0.2:8080/v1/AUTH_45ed45c34a424f09ae062475496b278a/gnocchi.3e3eeea4-a055-459b-9d5b-86094b9acda5/none_v3" "tx1192df37b750423294721-006929b644" "proxy-server 12" 0.0005 "-" 22 0
Nov 28 14:48:36 standalone proxy-server[129334]: 172.18.0.2 172.18.0.100 28/Nov/2025/14/48/36 GET /v1/AUTH_45ed45c34a424f09ae062475496b278a/gnocchi.3e3eeea4-a055-459b-9d5b-86094b9acda5/none_v3 HTTP/1.0 404 - python-swiftclient-3.11.1 gAAAAABpKbYGFW-r... - 70 - tx1192df37b750423294721-006929b644 - 0.0090 - - 1764341316.655313730 1764341316.664353132 0
Nov 28 14:48:36 standalone account-server[127240]: 172.20.0.100 - - [28/Nov/2025:14:48:36 +0000] "PUT /d1/103/AUTH_45ed45c34a424f09ae062475496b278a/gnocchi.3e3eeea4-a055-459b-9d5b-86094b9acda5" 201 - "PUT http://172.20.0.100:6001/d1/47/AUTH_45ed45c34a424f09ae062475496b278a/gnocchi.3e3eeea4-a055-459b-9d5b-86094b9acda5" "tx50e45d3bd31a42db83f96-006929b644" "container-server 21" 0.0136 "-" 21 0
Nov 28 14:48:36 standalone container-server[127402]: 172.20.0.100 - - [28/Nov/2025:14:48:36 +0000] "PUT /d1/47/AUTH_45ed45c34a424f09ae062475496b278a/gnocchi.3e3eeea4-a055-459b-9d5b-86094b9acda5" 201 - "PUT http://172.18.0.2:8080/v1/AUTH_45ed45c34a424f09ae062475496b278a/gnocchi.3e3eeea4-a055-459b-9d5b-86094b9acda5" "tx50e45d3bd31a42db83f96-006929b644" "proxy-server 12" 0.0511 "-" 21 0
Nov 28 14:48:36 standalone proxy-server[129334]: 172.18.0.2 172.18.0.100 28/Nov/2025/14/48/36 PUT /v1/AUTH_45ed45c34a424f09ae062475496b278a/gnocchi.3e3eeea4-a055-459b-9d5b-86094b9acda5 HTTP/1.0 201 - python-swiftclient-3.11.1 gAAAAABpKbYGFW-r... - - - tx50e45d3bd31a42db83f96-006929b644 - 0.0598 - - 1764341316.667318583 1764341316.727116346 0
Nov 28 14:48:36 standalone container-server[127397]: 172.20.0.100 - - [28/Nov/2025:14:48:36 +0000] "HEAD /d1/47/AUTH_45ed45c34a424f09ae062475496b278a/gnocchi.3e3eeea4-a055-459b-9d5b-86094b9acda5" 204 - "HEAD http://172.18.0.2:8080/v1/AUTH_45ed45c34a424f09ae062475496b278a/gnocchi.3e3eeea4-a055-459b-9d5b-86094b9acda5?format=json&states=listing" "txd56fa732cddd4c9c8a1e4-006929b644" "proxy-server 12" 0.0028 "-" 20 0
Nov 28 14:48:36 standalone proxy-server[129334]: - - 28/Nov/2025/14/48/36 HEAD /v1/AUTH_45ed45c34a424f09ae062475496b278a/gnocchi.3e3eeea4-a055-459b-9d5b-86094b9acda5%3Fformat%3Djson%26states%3Dlisting HTTP/1.0 204 - Swift - - - - txd56fa732cddd4c9c8a1e4-006929b644 - 0.0065 RL - 1764341316.734844208 1764341316.741350889 0
Nov 28 14:48:36 standalone container-server[127388]: 172.20.0.100 - - [28/Nov/2025:14:48:36 +0000] "GET /d1/47/AUTH_45ed45c34a424f09ae062475496b278a/gnocchi.3e3eeea4-a055-459b-9d5b-86094b9acda5" 200 2 "GET http://172.18.0.2:8080/v1/AUTH_45ed45c34a424f09ae062475496b278a/gnocchi.3e3eeea4-a055-459b-9d5b-86094b9acda5?format=json&states=listing" "txd56fa732cddd4c9c8a1e4-006929b644" "proxy-server 12" 0.0026 "-" 17 0
Nov 28 14:48:36 standalone proxy-server[129334]: 172.18.0.2 172.18.0.100 28/Nov/2025/14/48/36 GET /v1/AUTH_45ed45c34a424f09ae062475496b278a/gnocchi.3e3eeea4-a055-459b-9d5b-86094b9acda5%3Fformat%3Djson%26states%3Dlisting HTTP/1.0 200 - python-swiftclient-3.11.1 gAAAAABpKbYGFW-r... - 2 - txd56fa732cddd4c9c8a1e4-006929b644 - 0.0192 - - 1764341316.733837605 1764341316.753017664 0
Nov 28 14:48:36 standalone object-server[127583]: 172.20.0.100 - - [28/Nov/2025:14:48:36 +0000] "GET /d1/536/AUTH_45ed45c34a424f09ae062475496b278a/gnocchi.3e3eeea4-a055-459b-9d5b-86094b9acda5/1763640000.0_mean_300.0_v3" 404 70 "GET http://172.18.0.2:8080/v1/AUTH_45ed45c34a424f09ae062475496b278a/gnocchi.3e3eeea4-a055-459b-9d5b-86094b9acda5/1763640000.0_mean_300.0_v3" "tx0bd0354da78f4dc0aaf82-006929b644" "proxy-server 12" 0.0004 "-" 23 0
Nov 28 14:48:36 standalone proxy-server[129334]: 172.18.0.2 172.18.0.100 28/Nov/2025/14/48/36 GET /v1/AUTH_45ed45c34a424f09ae062475496b278a/gnocchi.3e3eeea4-a055-459b-9d5b-86094b9acda5/1763640000.0_mean_300.0_v3 HTTP/1.0 404 - python-swiftclient-3.11.1 gAAAAABpKbYGFW-r... - 70 - tx0bd0354da78f4dc0aaf82-006929b644 - 0.0063 - - 1764341316.757601976 1764341316.763928890 0
Nov 28 14:48:36 standalone container-server[127402]: 172.20.0.100 - - [28/Nov/2025:14:48:36 +0000] "PUT /d1/47/AUTH_45ed45c34a424f09ae062475496b278a/gnocchi.3e3eeea4-a055-459b-9d5b-86094b9acda5/1763640000.0_mean_300.0_v3" 201 - "PUT http://172.18.0.2:8080/d1/536/AUTH_45ed45c34a424f09ae062475496b278a/gnocchi.3e3eeea4-a055-459b-9d5b-86094b9acda5/1763640000.0_mean_300.0_v3" "tx0df684f182bd4203b5d3d-006929b644" "object-server 24" 0.0008 "-" 21 0
Nov 28 14:48:36 standalone object-server[127584]: 172.20.0.100 - - [28/Nov/2025:14:48:36 +0000] "PUT /d1/536/AUTH_45ed45c34a424f09ae062475496b278a/gnocchi.3e3eeea4-a055-459b-9d5b-86094b9acda5/1763640000.0_mean_300.0_v3" 201 - "PUT http://172.18.0.2:8080/v1/AUTH_45ed45c34a424f09ae062475496b278a/gnocchi.3e3eeea4-a055-459b-9d5b-86094b9acda5/1763640000.0_mean_300.0_v3" "tx0df684f182bd4203b5d3d-006929b644" "proxy-server 12" 0.0449 "-" 24 0
Nov 28 14:48:36 standalone proxy-server[129334]: 172.18.0.2 172.18.0.100 28/Nov/2025/14/48/36 PUT /v1/AUTH_45ed45c34a424f09ae062475496b278a/gnocchi.3e3eeea4-a055-459b-9d5b-86094b9acda5/1763640000.0_mean_300.0_v3 HTTP/1.0 201 - python-swiftclient-3.11.1 gAAAAABpKbYGFW-r... 16 - - tx0df684f182bd4203b5d3d-006929b644 - 0.0511 - - 1764341316.768547297 1764341316.819678545 0
Nov 28 14:48:36 standalone container-server[127388]: 172.20.0.100 - - [28/Nov/2025:14:48:36 +0000] "PUT /d1/47/AUTH_45ed45c34a424f09ae062475496b278a/gnocchi.3e3eeea4-a055-459b-9d5b-86094b9acda5/none_v3" 201 - "PUT http://172.18.0.2:8080/d1/880/AUTH_45ed45c34a424f09ae062475496b278a/gnocchi.3e3eeea4-a055-459b-9d5b-86094b9acda5/none_v3" "txb4d0b2c0c14144d4b3a41-006929b644" "object-server 22" 0.0006 "-" 17 0
Nov 28 14:48:36 standalone object-server[127582]: 172.20.0.100 - - [28/Nov/2025:14:48:36 +0000] "PUT /d1/880/AUTH_45ed45c34a424f09ae062475496b278a/gnocchi.3e3eeea4-a055-459b-9d5b-86094b9acda5/none_v3" 201 - "PUT http://172.18.0.2:8080/v1/AUTH_45ed45c34a424f09ae062475496b278a/gnocchi.3e3eeea4-a055-459b-9d5b-86094b9acda5/none_v3" "txb4d0b2c0c14144d4b3a41-006929b644" "proxy-server 12" 0.0317 "-" 22 0
Nov 28 14:48:36 standalone proxy-server[129334]: 172.18.0.2 172.18.0.100 28/Nov/2025/14/48/36 PUT /v1/AUTH_45ed45c34a424f09ae062475496b278a/gnocchi.3e3eeea4-a055-459b-9d5b-86094b9acda5/none_v3 HTTP/1.0 201 - python-swiftclient-3.11.1 gAAAAABpKbYGFW-r... 22 - - txb4d0b2c0c14144d4b3a41-006929b644 - 0.0389 - - 1764341316.823436737 1764341316.862309456 0
Nov 28 14:48:44 standalone container-server[127408]: 172.20.0.100 - - [28/Nov/2025:14:48:44 +0000] "HEAD /d1/644/AUTH_45ed45c34a424f09ae062475496b278a/gnocchi.4d24042a-4fc8-4ad6-970d-12bed2d317d0" 404 - "HEAD http://172.18.0.2:8080/v1/AUTH_45ed45c34a424f09ae062475496b278a/gnocchi.4d24042a-4fc8-4ad6-970d-12bed2d317d0?format=json&states=listing" "tx94bfd1041b5c4fa3886fe-006929b64c" "proxy-server 12" 0.0009 "-" 22 0
Nov 28 14:48:44 standalone object-server[127585]: 172.20.0.100 - - [28/Nov/2025:14:48:44 +0000] "GET /d1/1020/AUTH_45ed45c34a424f09ae062475496b278a/gnocchi.4d24042a-4fc8-4ad6-970d-12bed2d317d0/none_v3" 404 70 "GET http://172.18.0.2:8080/v1/AUTH_45ed45c34a424f09ae062475496b278a/gnocchi.4d24042a-4fc8-4ad6-970d-12bed2d317d0/none_v3" "tx94bfd1041b5c4fa3886fe-006929b64c" "proxy-server 12" 0.0007 "-" 25 0
Nov 28 14:48:44 standalone proxy-server[129334]: 172.18.0.2 172.18.0.100 28/Nov/2025/14/48/44 GET /v1/AUTH_45ed45c34a424f09ae062475496b278a/gnocchi.4d24042a-4fc8-4ad6-970d-12bed2d317d0/none_v3 HTTP/1.0 404 - python-swiftclient-3.11.1 gAAAAABpKbYGFW-r... - 70 - tx94bfd1041b5c4fa3886fe-006929b64c - 0.0151 - - 1764341324.155225277 1764341324.170366287 0
Nov 28 14:48:44 standalone account-server[127255]: 172.20.0.100 - - [28/Nov/2025:14:48:44 +0000] "PUT /d1/103/AUTH_45ed45c34a424f09ae062475496b278a/gnocchi.4d24042a-4fc8-4ad6-970d-12bed2d317d0" 201 - "PUT http://172.20.0.100:6001/d1/644/AUTH_45ed45c34a424f09ae062475496b278a/gnocchi.4d24042a-4fc8-4ad6-970d-12bed2d317d0" "tx007a095df8ed4fcd80b64-006929b64c" "container-server 22" 0.0072 "-" 23 0
Nov 28 14:48:44 standalone container-server[127408]: 172.20.0.100 - - [28/Nov/2025:14:48:44 +0000] "PUT /d1/644/AUTH_45ed45c34a424f09ae062475496b278a/gnocchi.4d24042a-4fc8-4ad6-970d-12bed2d317d0" 201 - "PUT http://172.18.0.2:8080/v1/AUTH_45ed45c34a424f09ae062475496b278a/gnocchi.4d24042a-4fc8-4ad6-970d-12bed2d317d0" "tx007a095df8ed4fcd80b64-006929b64c" "proxy-server 12" 0.0213 "-" 22 0
Nov 28 14:48:44 standalone proxy-server[129334]: 172.18.0.2 172.18.0.100 28/Nov/2025/14/48/44 PUT /v1/AUTH_45ed45c34a424f09ae062475496b278a/gnocchi.4d24042a-4fc8-4ad6-970d-12bed2d317d0 HTTP/1.0 201 - python-swiftclient-3.11.1 gAAAAABpKbYGFW-r... - - - tx007a095df8ed4fcd80b64-006929b64c - 0.0276 - - 1764341324.173141003 1764341324.200779438 0
Nov 28 14:48:44 standalone container-server[127408]: 172.20.0.100 - - [28/Nov/2025:14:48:44 +0000] "HEAD /d1/644/AUTH_45ed45c34a424f09ae062475496b278a/gnocchi.4d24042a-4fc8-4ad6-970d-12bed2d317d0" 204 - "HEAD http://172.18.0.2:8080/v1/AUTH_45ed45c34a424f09ae062475496b278a/gnocchi.4d24042a-4fc8-4ad6-970d-12bed2d317d0?format=json&states=listing" "tx48d5992b805f4adebbee5-006929b64c" "proxy-server 12" 0.0020 "-" 22 0
Nov 28 14:48:44 standalone proxy-server[129334]: - - 28/Nov/2025/14/48/44 HEAD /v1/AUTH_45ed45c34a424f09ae062475496b278a/gnocchi.4d24042a-4fc8-4ad6-970d-12bed2d317d0%3Fformat%3Djson%26states%3Dlisting HTTP/1.0 204 - Swift - - - - tx48d5992b805f4adebbee5-006929b64c - 0.0127 RL - 1764341324.206791162 1764341324.219457865 0
Nov 28 14:48:44 standalone container-server[127408]: 172.20.0.100 - - [28/Nov/2025:14:48:44 +0000] "GET /d1/644/AUTH_45ed45c34a424f09ae062475496b278a/gnocchi.4d24042a-4fc8-4ad6-970d-12bed2d317d0" 200 2 "GET http://172.18.0.2:8080/v1/AUTH_45ed45c34a424f09ae062475496b278a/gnocchi.4d24042a-4fc8-4ad6-970d-12bed2d317d0?format=json&states=listing" "tx48d5992b805f4adebbee5-006929b64c" "proxy-server 12" 0.0040 "-" 22 0
Nov 28 14:48:44 standalone proxy-server[129334]: 172.18.0.2 172.18.0.100 28/Nov/2025/14/48/44 GET /v1/AUTH_45ed45c34a424f09ae062475496b278a/gnocchi.4d24042a-4fc8-4ad6-970d-12bed2d317d0%3Fformat%3Djson%26states%3Dlisting HTTP/1.0 200 - python-swiftclient-3.11.1 gAAAAABpKbYGFW-r... - 2 - tx48d5992b805f4adebbee5-006929b64c - 0.0281 - - 1764341324.204954147 1764341324.233051062 0
Nov 28 14:48:44 standalone object-server[127583]: 172.20.0.100 - - [28/Nov/2025:14:48:44 +0000] "GET /d1/922/AUTH_45ed45c34a424f09ae062475496b278a/gnocchi.4d24042a-4fc8-4ad6-970d-12bed2d317d0/1763640000.0_mean_300.0_v3" 404 70 "GET http://172.18.0.2:8080/v1/AUTH_45ed45c34a424f09ae062475496b278a/gnocchi.4d24042a-4fc8-4ad6-970d-12bed2d317d0/1763640000.0_mean_300.0_v3" "txee5d08a4f2534962b59e1-006929b64c" "proxy-server 12" 0.0005 "-" 23 0
Nov 28 14:48:44 standalone proxy-server[129334]: 172.18.0.2 172.18.0.100 28/Nov/2025/14/48/44 GET /v1/AUTH_45ed45c34a424f09ae062475496b278a/gnocchi.4d24042a-4fc8-4ad6-970d-12bed2d317d0/1763640000.0_mean_300.0_v3 HTTP/1.0 404 - python-swiftclient-3.11.1 gAAAAABpKbYGFW-r... - 70 - txee5d08a4f2534962b59e1-006929b64c - 0.0068 - - 1764341324.236171722 1764341324.242955208 0
Nov 28 14:48:44 standalone container-server[127402]: 172.20.0.100 - - [28/Nov/2025:14:48:44 +0000] "PUT /d1/644/AUTH_45ed45c34a424f09ae062475496b278a/gnocchi.4d24042a-4fc8-4ad6-970d-12bed2d317d0/1763640000.0_mean_300.0_v3" 201 - "PUT http://172.18.0.2:8080/d1/922/AUTH_45ed45c34a424f09ae062475496b278a/gnocchi.4d24042a-4fc8-4ad6-970d-12bed2d317d0/1763640000.0_mean_300.0_v3" "tx09b111b224aa459e9bf83-006929b64c" "object-server 24" 0.0007 "-" 21 0
Nov 28 14:48:44 standalone object-server[127584]: 172.20.0.100 - - [28/Nov/2025:14:48:44 +0000] "PUT /d1/922/AUTH_45ed45c34a424f09ae062475496b278a/gnocchi.4d24042a-4fc8-4ad6-970d-12bed2d317d0/1763640000.0_mean_300.0_v3" 201 - "PUT http://172.18.0.2:8080/v1/AUTH_45ed45c34a424f09ae062475496b278a/gnocchi.4d24042a-4fc8-4ad6-970d-12bed2d317d0/1763640000.0_mean_300.0_v3" "tx09b111b224aa459e9bf83-006929b64c" "proxy-server 12" 0.0103 "-" 24 0
Nov 28 14:48:44 standalone proxy-server[129334]: 172.18.0.2 172.18.0.100 28/Nov/2025/14/48/44 PUT /v1/AUTH_45ed45c34a424f09ae062475496b278a/gnocchi.4d24042a-4fc8-4ad6-970d-12bed2d317d0/1763640000.0_mean_300.0_v3 HTTP/1.0 201 - python-swiftclient-3.11.1 gAAAAABpKbYGFW-r... 16 - - tx09b111b224aa459e9bf83-006929b64c - 0.0155 - - 1764341324.244982958 1764341324.260467052 0
Nov 28 14:48:44 standalone container-server[127402]: 172.20.0.100 - - [28/Nov/2025:14:48:44 +0000] "PUT /d1/644/AUTH_45ed45c34a424f09ae062475496b278a/gnocchi.4d24042a-4fc8-4ad6-970d-12bed2d317d0/none_v3" 201 - "PUT http://172.18.0.2:8080/d1/1020/AUTH_45ed45c34a424f09ae062475496b278a/gnocchi.4d24042a-4fc8-4ad6-970d-12bed2d317d0/none_v3" "txc98f1828e8c34f229d585-006929b64c" "object-server 25" 0.0004 "-" 21 0
Nov 28 14:48:44 standalone object-server[127585]: 172.20.0.100 - - [28/Nov/2025:14:48:44 +0000] "PUT /d1/1020/AUTH_45ed45c34a424f09ae062475496b278a/gnocchi.4d24042a-4fc8-4ad6-970d-12bed2d317d0/none_v3" 201 - "PUT http://172.18.0.2:8080/v1/AUTH_45ed45c34a424f09ae062475496b278a/gnocchi.4d24042a-4fc8-4ad6-970d-12bed2d317d0/none_v3" "txc98f1828e8c34f229d585-006929b64c" "proxy-server 12" 0.0095 "-" 25 0
Nov 28 14:48:44 standalone proxy-server[129334]: 172.18.0.2 172.18.0.100 28/Nov/2025/14/48/44 PUT /v1/AUTH_45ed45c34a424f09ae062475496b278a/gnocchi.4d24042a-4fc8-4ad6-970d-12bed2d317d0/none_v3 HTTP/1.0 201 - python-swiftclient-3.11.1 gAAAAABpKbYGFW-r... 22 - - txc98f1828e8c34f229d585-006929b64c - 0.0155 - - 1764341324.262638807 1764341324.278114796 0
Nov 28 14:48:44 standalone container-server[127408]: 172.20.0.100 - - [28/Nov/2025:14:48:44 +0000] "HEAD /d1/123/AUTH_45ed45c34a424f09ae062475496b278a/gnocchi.d4da2931-d0c0-4e3d-9840-337b2b7519a4" 404 - "HEAD http://172.18.0.2:8080/v1/AUTH_45ed45c34a424f09ae062475496b278a/gnocchi.d4da2931-d0c0-4e3d-9840-337b2b7519a4?format=json&states=listing" "txca8ebc04b7894f30b27b5-006929b64c" "proxy-server 12" 0.0005 "-" 22 0
Nov 28 14:48:44 standalone object-server[127582]: 172.20.0.100 - - [28/Nov/2025:14:48:44 +0000] "GET /d1/295/AUTH_45ed45c34a424f09ae062475496b278a/gnocchi.d4da2931-d0c0-4e3d-9840-337b2b7519a4/none_v3" 404 70 "GET http://172.18.0.2:8080/v1/AUTH_45ed45c34a424f09ae062475496b278a/gnocchi.d4da2931-d0c0-4e3d-9840-337b2b7519a4/none_v3" "txca8ebc04b7894f30b27b5-006929b64c" "proxy-server 12" 0.0005 "-" 22 0
Nov 28 14:48:44 standalone proxy-server[129334]: 172.18.0.2 172.18.0.100 28/Nov/2025/14/48/44 GET /v1/AUTH_45ed45c34a424f09ae062475496b278a/gnocchi.d4da2931-d0c0-4e3d-9840-337b2b7519a4/none_v3 HTTP/1.0 404 - python-swiftclient-3.11.1 gAAAAABpKbYGFW-r... - 70 - txca8ebc04b7894f30b27b5-006929b64c - 0.0587 - - 1764341324.288861990 1764341324.347521067 0
Nov 28 14:48:44 standalone account-server[127240]: 172.20.0.100 - - [28/Nov/2025:14:48:44 +0000] "PUT /d1/103/AUTH_45ed45c34a424f09ae062475496b278a/gnocchi.d4da2931-d0c0-4e3d-9840-337b2b7519a4" 201 - "PUT http://172.20.0.100:6001/d1/123/AUTH_45ed45c34a424f09ae062475496b278a/gnocchi.d4da2931-d0c0-4e3d-9840-337b2b7519a4" "tx3236a8fc31764163babec-006929b64c" "container-server 22" 0.0067 "-" 21 0
Nov 28 14:48:44 standalone container-server[127408]: 172.20.0.100 - - [28/Nov/2025:14:48:44 +0000] "PUT /d1/123/AUTH_45ed45c34a424f09ae062475496b278a/gnocchi.d4da2931-d0c0-4e3d-9840-337b2b7519a4" 201 - "PUT http://172.18.0.2:8080/v1/AUTH_45ed45c34a424f09ae062475496b278a/gnocchi.d4da2931-d0c0-4e3d-9840-337b2b7519a4" "tx3236a8fc31764163babec-006929b64c" "proxy-server 12" 0.0249 "-" 22 0
Nov 28 14:48:44 standalone proxy-server[129334]: 172.18.0.2 172.18.0.100 28/Nov/2025/14/48/44 PUT /v1/AUTH_45ed45c34a424f09ae062475496b278a/gnocchi.d4da2931-d0c0-4e3d-9840-337b2b7519a4 HTTP/1.0 201 - python-swiftclient-3.11.1 gAAAAABpKbYGFW-r... - - - tx3236a8fc31764163babec-006929b64c - 0.0311 - - 1764341324.353471279 1764341324.384562016 0
Nov 28 14:48:44 standalone container-server[127402]: 172.20.0.100 - - [28/Nov/2025:14:48:44 +0000] "HEAD /d1/123/AUTH_45ed45c34a424f09ae062475496b278a/gnocchi.d4da2931-d0c0-4e3d-9840-337b2b7519a4" 204 - "HEAD http://172.18.0.2:8080/v1/AUTH_45ed45c34a424f09ae062475496b278a/gnocchi.d4da2931-d0c0-4e3d-9840-337b2b7519a4?format=json&states=listing" "tx2c27eb7336d64e0da19dd-006929b64c" "proxy-server 12" 0.0018 "-" 21 0
Nov 28 14:48:44 standalone proxy-server[129334]: - - 28/Nov/2025/14/48/44 HEAD /v1/AUTH_45ed45c34a424f09ae062475496b278a/gnocchi.d4da2931-d0c0-4e3d-9840-337b2b7519a4%3Fformat%3Djson%26states%3Dlisting HTTP/1.0 204 - Swift - - - - tx2c27eb7336d64e0da19dd-006929b64c - 0.0057 RL - 1764341324.389383078 1764341324.395057201 0
Nov 28 14:48:44 standalone container-server[127388]: 172.20.0.100 - - [28/Nov/2025:14:48:44 +0000] "GET /d1/123/AUTH_45ed45c34a424f09ae062475496b278a/gnocchi.d4da2931-d0c0-4e3d-9840-337b2b7519a4" 200 2 "GET http://172.18.0.2:8080/v1/AUTH_45ed45c34a424f09ae062475496b278a/gnocchi.d4da2931-d0c0-4e3d-9840-337b2b7519a4?format=json&states=listing" "tx2c27eb7336d64e0da19dd-006929b64c" "proxy-server 12" 0.0038 "-" 17 0
Nov 28 14:48:44 standalone proxy-server[129334]: 172.18.0.2 172.18.0.100 28/Nov/2025/14/48/44 GET /v1/AUTH_45ed45c34a424f09ae062475496b278a/gnocchi.d4da2931-d0c0-4e3d-9840-337b2b7519a4%3Fformat%3Djson%26states%3Dlisting HTTP/1.0 200 - python-swiftclient-3.11.1 gAAAAABpKbYGFW-r... - 2 - tx2c27eb7336d64e0da19dd-006929b64c - 0.0179 - - 1764341324.388335705 1764341324.406225920 0
Nov 28 14:48:44 standalone object-server[127583]: 172.20.0.100 - - [28/Nov/2025:14:48:44 +0000] "GET /d1/589/AUTH_45ed45c34a424f09ae062475496b278a/gnocchi.d4da2931-d0c0-4e3d-9840-337b2b7519a4/1763640000.0_mean_300.0_v3" 404 70 "GET http://172.18.0.2:8080/v1/AUTH_45ed45c34a424f09ae062475496b278a/gnocchi.d4da2931-d0c0-4e3d-9840-337b2b7519a4/1763640000.0_mean_300.0_v3" "tx132627c10d184b31b21f3-006929b64c" "proxy-server 12" 0.0003 "-" 23 0
Nov 28 14:48:44 standalone proxy-server[129334]: 172.18.0.2 172.18.0.100 28/Nov/2025/14/48/44 GET /v1/AUTH_45ed45c34a424f09ae062475496b278a/gnocchi.d4da2931-d0c0-4e3d-9840-337b2b7519a4/1763640000.0_mean_300.0_v3 HTTP/1.0 404 - python-swiftclient-3.11.1 gAAAAABpKbYGFW-r... - 70 - tx132627c10d184b31b21f3-006929b64c - 0.0078 - - 1764341324.410941124 1764341324.418710470 0
