Nov 28 14:50:13 standalone container-server[127388]: 172.20.0.100 - - [28/Nov/2025:14:50:13 +0000] "HEAD /d1/564/AUTH_45ed45c34a424f09ae062475496b278a/gnocchi.865eab39-77b3-462c-8b74-457b394ba88b" 404 - "HEAD http://172.18.0.2:8080/v1/AUTH_45ed45c34a424f09ae062475496b278a/gnocchi.865eab39-77b3-462c-8b74-457b394ba88b?format=json&states=listing" "tx9487415bc0b44158a02e5-006929b6a5" "proxy-server 12" 0.0004 "-" 17 0
Nov 28 14:50:13 standalone object-server[127583]: 172.20.0.100 - - [28/Nov/2025:14:50:13 +0000] "GET /d1/723/AUTH_45ed45c34a424f09ae062475496b278a/gnocchi.865eab39-77b3-462c-8b74-457b394ba88b/none_v3" 404 70 "GET http://172.18.0.2:8080/v1/AUTH_45ed45c34a424f09ae062475496b278a/gnocchi.865eab39-77b3-462c-8b74-457b394ba88b/none_v3" "tx9487415bc0b44158a02e5-006929b6a5" "proxy-server 12" 0.0005 "-" 23 0
Nov 28 14:50:13 standalone proxy-server[129334]: 172.18.0.2 172.18.0.100 28/Nov/2025/14/50/13 GET /v1/AUTH_45ed45c34a424f09ae062475496b278a/gnocchi.865eab39-77b3-462c-8b74-457b394ba88b/none_v3 HTTP/1.0 404 - python-swiftclient-3.11.1 gAAAAABpKbYGFW-r... - 70 - tx9487415bc0b44158a02e5-006929b6a5 - 0.0150 - - 1764341413.594380379 1764341413.609413862 0
Nov 28 14:50:13 standalone account-server[127222]: 172.20.0.100 - - [28/Nov/2025:14:50:13 +0000] "PUT /d1/103/AUTH_45ed45c34a424f09ae062475496b278a/gnocchi.865eab39-77b3-462c-8b74-457b394ba88b" 201 - "PUT http://172.20.0.100:6001/d1/564/AUTH_45ed45c34a424f09ae062475496b278a/gnocchi.865eab39-77b3-462c-8b74-457b394ba88b" "tx9ac63c9b54bd46b0b4e65-006929b6a5" "container-server 22" 0.0042 "-" 20 0
Nov 28 14:50:13 standalone container-server[127408]: 172.20.0.100 - - [28/Nov/2025:14:50:13 +0000] "PUT /d1/564/AUTH_45ed45c34a424f09ae062475496b278a/gnocchi.865eab39-77b3-462c-8b74-457b394ba88b" 201 - "PUT http://172.18.0.2:8080/v1/AUTH_45ed45c34a424f09ae062475496b278a/gnocchi.865eab39-77b3-462c-8b74-457b394ba88b" "tx9ac63c9b54bd46b0b4e65-006929b6a5" "proxy-server 12" 0.0149 "-" 22 0
Nov 28 14:50:13 standalone proxy-server[129334]: 172.18.0.2 172.18.0.100 28/Nov/2025/14/50/13 PUT /v1/AUTH_45ed45c34a424f09ae062475496b278a/gnocchi.865eab39-77b3-462c-8b74-457b394ba88b HTTP/1.0 201 - python-swiftclient-3.11.1 gAAAAABpKbYGFW-r... - - - tx9ac63c9b54bd46b0b4e65-006929b6a5 - 0.0207 - - 1764341413.612264633 1764341413.632937431 0
Nov 28 14:50:13 standalone container-server[127402]: 172.20.0.100 - - [28/Nov/2025:14:50:13 +0000] "HEAD /d1/564/AUTH_45ed45c34a424f09ae062475496b278a/gnocchi.865eab39-77b3-462c-8b74-457b394ba88b" 204 - "HEAD http://172.18.0.2:8080/v1/AUTH_45ed45c34a424f09ae062475496b278a/gnocchi.865eab39-77b3-462c-8b74-457b394ba88b?format=json&states=listing" "tx2d9d7e4f74304ca2ba6c2-006929b6a5" "proxy-server 12" 0.0010 "-" 21 0
Nov 28 14:50:13 standalone proxy-server[129334]: - - 28/Nov/2025/14/50/13 HEAD /v1/AUTH_45ed45c34a424f09ae062475496b278a/gnocchi.865eab39-77b3-462c-8b74-457b394ba88b%3Fformat%3Djson%26states%3Dlisting HTTP/1.0 204 - Swift - - - - tx2d9d7e4f74304ca2ba6c2-006929b6a5 - 0.0048 RL - 1764341413.637827396 1764341413.642663002 0
Nov 28 14:50:13 standalone container-server[127388]: 172.20.0.100 - - [28/Nov/2025:14:50:13 +0000] "GET /d1/564/AUTH_45ed45c34a424f09ae062475496b278a/gnocchi.865eab39-77b3-462c-8b74-457b394ba88b" 200 2 "GET http://172.18.0.2:8080/v1/AUTH_45ed45c34a424f09ae062475496b278a/gnocchi.865eab39-77b3-462c-8b74-457b394ba88b?format=json&states=listing" "tx2d9d7e4f74304ca2ba6c2-006929b6a5" "proxy-server 12" 0.0029 "-" 17 0
Nov 28 14:50:13 standalone proxy-server[129334]: 172.18.0.2 172.18.0.100 28/Nov/2025/14/50/13 GET /v1/AUTH_45ed45c34a424f09ae062475496b278a/gnocchi.865eab39-77b3-462c-8b74-457b394ba88b%3Fformat%3Djson%26states%3Dlisting HTTP/1.0 200 - python-swiftclient-3.11.1 gAAAAABpKbYGFW-r... - 2 - tx2d9d7e4f74304ca2ba6c2-006929b6a5 - 0.0175 - - 1764341413.636390448 1764341413.653867722 0
Nov 28 14:50:13 standalone object-server[127583]: 172.20.0.100 - - [28/Nov/2025:14:50:13 +0000] "GET /d1/491/AUTH_45ed45c34a424f09ae062475496b278a/gnocchi.865eab39-77b3-462c-8b74-457b394ba88b/1763640000.0_mean_300.0_v3" 404 70 "GET http://172.18.0.2:8080/v1/AUTH_45ed45c34a424f09ae062475496b278a/gnocchi.865eab39-77b3-462c-8b74-457b394ba88b/1763640000.0_mean_300.0_v3" "tx9d975797dc6441bd80fcd-006929b6a5" "proxy-server 12" 0.0004 "-" 23 0
Nov 28 14:50:13 standalone proxy-server[129334]: 172.18.0.2 172.18.0.100 28/Nov/2025/14/50/13 GET /v1/AUTH_45ed45c34a424f09ae062475496b278a/gnocchi.865eab39-77b3-462c-8b74-457b394ba88b/1763640000.0_mean_300.0_v3 HTTP/1.0 404 - python-swiftclient-3.11.1 gAAAAABpKbYGFW-r... - 70 - tx9d975797dc6441bd80fcd-006929b6a5 - 0.0075 - - 1764341413.658654213 1764341413.666187525 0
Nov 28 14:50:13 standalone container-server[127388]: 172.20.0.100 - - [28/Nov/2025:14:50:13 +0000] "PUT /d1/564/AUTH_45ed45c34a424f09ae062475496b278a/gnocchi.865eab39-77b3-462c-8b74-457b394ba88b/1763640000.0_mean_300.0_v3" 201 - "PUT http://172.18.0.2:8080/d1/491/AUTH_45ed45c34a424f09ae062475496b278a/gnocchi.865eab39-77b3-462c-8b74-457b394ba88b/1763640000.0_mean_300.0_v3" "txbe916f80fc004229acdc4-006929b6a5" "object-server 24" 0.0006 "-" 17 0
Nov 28 14:50:13 standalone object-server[127584]: 172.20.0.100 - - [28/Nov/2025:14:50:13 +0000] "PUT /d1/491/AUTH_45ed45c34a424f09ae062475496b278a/gnocchi.865eab39-77b3-462c-8b74-457b394ba88b/1763640000.0_mean_300.0_v3" 201 - "PUT http://172.18.0.2:8080/v1/AUTH_45ed45c34a424f09ae062475496b278a/gnocchi.865eab39-77b3-462c-8b74-457b394ba88b/1763640000.0_mean_300.0_v3" "txbe916f80fc004229acdc4-006929b6a5" "proxy-server 12" 0.0110 "-" 24 0
Nov 28 14:50:13 standalone proxy-server[129334]: 172.18.0.2 172.18.0.100 28/Nov/2025/14/50/13 PUT /v1/AUTH_45ed45c34a424f09ae062475496b278a/gnocchi.865eab39-77b3-462c-8b74-457b394ba88b/1763640000.0_mean_300.0_v3 HTTP/1.0 201 - python-swiftclient-3.11.1 gAAAAABpKbYGFW-r... 16 - - txbe916f80fc004229acdc4-006929b6a5 - 0.0184 - - 1764341413.669281483 1764341413.687667370 0
Nov 28 14:50:13 standalone container-server[127408]: 172.20.0.100 - - [28/Nov/2025:14:50:13 +0000] "PUT /d1/564/AUTH_45ed45c34a424f09ae062475496b278a/gnocchi.865eab39-77b3-462c-8b74-457b394ba88b/none_v3" 201 - "PUT http://172.18.0.2:8080/d1/723/AUTH_45ed45c34a424f09ae062475496b278a/gnocchi.865eab39-77b3-462c-8b74-457b394ba88b/none_v3" "txec091c1a65d84e2b94c50-006929b6a5" "object-server 24" 0.0004 "-" 22 0
Nov 28 14:50:13 standalone object-server[127584]: 172.20.0.100 - - [28/Nov/2025:14:50:13 +0000] "PUT /d1/723/AUTH_45ed45c34a424f09ae062475496b278a/gnocchi.865eab39-77b3-462c-8b74-457b394ba88b/none_v3" 201 - "PUT http://172.18.0.2:8080/v1/AUTH_45ed45c34a424f09ae062475496b278a/gnocchi.865eab39-77b3-462c-8b74-457b394ba88b/none_v3" "txec091c1a65d84e2b94c50-006929b6a5" "proxy-server 12" 0.0108 "-" 24 0
Nov 28 14:50:13 standalone proxy-server[129334]: 172.18.0.2 172.18.0.100 28/Nov/2025/14/50/13 PUT /v1/AUTH_45ed45c34a424f09ae062475496b278a/gnocchi.865eab39-77b3-462c-8b74-457b394ba88b/none_v3 HTTP/1.0 201 - python-swiftclient-3.11.1 gAAAAABpKbYGFW-r... 22 - - txec091c1a65d84e2b94c50-006929b6a5 - 0.0178 - - 1764341413.692843676 1764341413.710652828 0
Nov 28 14:50:13 standalone container-server[127402]: 172.20.0.100 - - [28/Nov/2025:14:50:13 +0000] "HEAD /d1/418/AUTH_45ed45c34a424f09ae062475496b278a/gnocchi.65866083-5330-48e8-a21e-a42a02f6730c" 404 - "HEAD http://172.18.0.2:8080/v1/AUTH_45ed45c34a424f09ae062475496b278a/gnocchi.65866083-5330-48e8-a21e-a42a02f6730c?format=json&states=listing" "tx72ba621c8282492f8b8ef-006929b6a5" "proxy-server 12" 0.0002 "-" 21 0
Nov 28 14:50:13 standalone object-server[127583]: 172.20.0.100 - - [28/Nov/2025:14:50:13 +0000] "GET /d1/867/AUTH_45ed45c34a424f09ae062475496b278a/gnocchi.65866083-5330-48e8-a21e-a42a02f6730c/none_v3" 404 70 "GET http://172.18.0.2:8080/v1/AUTH_45ed45c34a424f09ae062475496b278a/gnocchi.65866083-5330-48e8-a21e-a42a02f6730c/none_v3" "tx72ba621c8282492f8b8ef-006929b6a5" "proxy-server 12" 0.0004 "-" 23 0
Nov 28 14:50:13 standalone proxy-server[129334]: 172.18.0.2 172.18.0.100 28/Nov/2025/14/50/13 GET /v1/AUTH_45ed45c34a424f09ae062475496b278a/gnocchi.65866083-5330-48e8-a21e-a42a02f6730c/none_v3 HTTP/1.0 404 - python-swiftclient-3.11.1 gAAAAABpKbYGFW-r... - 70 - tx72ba621c8282492f8b8ef-006929b6a5 - 0.0108 - - 1764341413.720053911 1764341413.730847120 0
Nov 28 14:50:13 standalone account-server[127255]: 172.20.0.100 - - [28/Nov/2025:14:50:13 +0000] "PUT /d1/103/AUTH_45ed45c34a424f09ae062475496b278a/gnocchi.65866083-5330-48e8-a21e-a42a02f6730c" 201 - "PUT http://172.20.0.100:6001/d1/418/AUTH_45ed45c34a424f09ae062475496b278a/gnocchi.65866083-5330-48e8-a21e-a42a02f6730c" "tx21f60821fbec448b8e6f8-006929b6a5" "container-server 20" 0.0053 "-" 23 0
Nov 28 14:50:13 standalone container-server[127397]: 172.20.0.100 - - [28/Nov/2025:14:50:13 +0000] "PUT /d1/418/AUTH_45ed45c34a424f09ae062475496b278a/gnocchi.65866083-5330-48e8-a21e-a42a02f6730c" 201 - "PUT http://172.18.0.2:8080/v1/AUTH_45ed45c34a424f09ae062475496b278a/gnocchi.65866083-5330-48e8-a21e-a42a02f6730c" "tx21f60821fbec448b8e6f8-006929b6a5" "proxy-server 12" 0.0192 "-" 20 0
Nov 28 14:50:13 standalone proxy-server[129334]: 172.18.0.2 172.18.0.100 28/Nov/2025/14/50/13 PUT /v1/AUTH_45ed45c34a424f09ae062475496b278a/gnocchi.65866083-5330-48e8-a21e-a42a02f6730c HTTP/1.0 201 - python-swiftclient-3.11.1 gAAAAABpKbYGFW-r... - - - tx21f60821fbec448b8e6f8-006929b6a5 - 0.0253 - - 1764341413.733597517 1764341413.758862257 0
Nov 28 14:50:13 standalone container-server[127408]: 172.20.0.100 - - [28/Nov/2025:14:50:13 +0000] "HEAD /d1/418/AUTH_45ed45c34a424f09ae062475496b278a/gnocchi.65866083-5330-48e8-a21e-a42a02f6730c" 204 - "HEAD http://172.18.0.2:8080/v1/AUTH_45ed45c34a424f09ae062475496b278a/gnocchi.65866083-5330-48e8-a21e-a42a02f6730c?format=json&states=listing" "tx5bc9da8568af406eb7231-006929b6a5" "proxy-server 12" 0.0010 "-" 22 0
Nov 28 14:50:13 standalone proxy-server[129334]: - - 28/Nov/2025/14/50/13 HEAD /v1/AUTH_45ed45c34a424f09ae062475496b278a/gnocchi.65866083-5330-48e8-a21e-a42a02f6730c%3Fformat%3Djson%26states%3Dlisting HTTP/1.0 204 - Swift - - - - tx5bc9da8568af406eb7231-006929b6a5 - 0.0044 RL - 1764341413.763735533 1764341413.768183947 0
Nov 28 14:50:13 standalone container-server[127388]: 172.20.0.100 - - [28/Nov/2025:14:50:13 +0000] "GET /d1/418/AUTH_45ed45c34a424f09ae062475496b278a/gnocchi.65866083-5330-48e8-a21e-a42a02f6730c" 200 2 "GET http://172.18.0.2:8080/v1/AUTH_45ed45c34a424f09ae062475496b278a/gnocchi.65866083-5330-48e8-a21e-a42a02f6730c?format=json&states=listing" "tx5bc9da8568af406eb7231-006929b6a5" "proxy-server 12" 0.0030 "-" 17 0
Nov 28 14:50:13 standalone proxy-server[129334]: 172.18.0.2 172.18.0.100 28/Nov/2025/14/50/13 GET /v1/AUTH_45ed45c34a424f09ae062475496b278a/gnocchi.65866083-5330-48e8-a21e-a42a02f6730c%3Fformat%3Djson%26states%3Dlisting HTTP/1.0 200 - python-swiftclient-3.11.1 gAAAAABpKbYGFW-r... - 2 - tx5bc9da8568af406eb7231-006929b6a5 - 0.0169 - - 1764341413.762269735 1764341413.779172659 0
Nov 28 14:50:13 standalone object-server[127585]: 172.20.0.100 - - [28/Nov/2025:14:50:13 +0000] "GET /d1/507/AUTH_45ed45c34a424f09ae062475496b278a/gnocchi.65866083-5330-48e8-a21e-a42a02f6730c/1763640000.0_mean_300.0_v3" 404 70 "GET http://172.18.0.2:8080/v1/AUTH_45ed45c34a424f09ae062475496b278a/gnocchi.65866083-5330-48e8-a21e-a42a02f6730c/1763640000.0_mean_300.0_v3" "txb107da95e40e44679bbeb-006929b6a5" "proxy-server 12" 0.0003 "-" 25 0
Nov 28 14:50:13 standalone proxy-server[129334]: 172.18.0.2 172.18.0.100 28/Nov/2025/14/50/13 GET /v1/AUTH_45ed45c34a424f09ae062475496b278a/gnocchi.65866083-5330-48e8-a21e-a42a02f6730c/1763640000.0_mean_300.0_v3 HTTP/1.0 404 - python-swiftclient-3.11.1 gAAAAABpKbYGFW-r... - 70 - txb107da95e40e44679bbeb-006929b6a5 - 0.0068 - - 1764341413.782628298 1764341413.789401054 0
Nov 28 14:50:13 standalone container-server[127408]: 172.20.0.100 - - [28/Nov/2025:14:50:13 +0000] "PUT /d1/418/AUTH_45ed45c34a424f09ae062475496b278a/gnocchi.65866083-5330-48e8-a21e-a42a02f6730c/1763640000.0_mean_300.0_v3" 201 - "PUT http://172.18.0.2:8080/d1/507/AUTH_45ed45c34a424f09ae062475496b278a/gnocchi.65866083-5330-48e8-a21e-a42a02f6730c/1763640000.0_mean_300.0_v3" "tx187d97c5b31d426ca63ac-006929b6a5" "object-server 24" 0.0003 "-" 22 0
Nov 28 14:50:13 standalone object-server[127584]: 172.20.0.100 - - [28/Nov/2025:14:50:13 +0000] "PUT /d1/507/AUTH_45ed45c34a424f09ae062475496b278a/gnocchi.65866083-5330-48e8-a21e-a42a02f6730c/1763640000.0_mean_300.0_v3" 201 - "PUT http://172.18.0.2:8080/v1/AUTH_45ed45c34a424f09ae062475496b278a/gnocchi.65866083-5330-48e8-a21e-a42a02f6730c/1763640000.0_mean_300.0_v3" "tx187d97c5b31d426ca63ac-006929b6a5" "proxy-server 12" 0.0104 "-" 24 0
Nov 28 14:50:13 standalone proxy-server[129334]: 172.18.0.2 172.18.0.100 28/Nov/2025/14/50/13 PUT /v1/AUTH_45ed45c34a424f09ae062475496b278a/gnocchi.65866083-5330-48e8-a21e-a42a02f6730c/1763640000.0_mean_300.0_v3 HTTP/1.0 201 - python-swiftclient-3.11.1 gAAAAABpKbYGFW-r... 16 - - tx187d97c5b31d426ca63ac-006929b6a5 - 0.0176 - - 1764341413.792389393 1764341413.810004711 0
Nov 28 14:50:13 standalone container-server[127388]: 172.20.0.100 - - [28/Nov/2025:14:50:13 +0000] "PUT /d1/418/AUTH_45ed45c34a424f09ae062475496b278a/gnocchi.65866083-5330-48e8-a21e-a42a02f6730c/none_v3" 201 - "PUT http://172.18.0.2:8080/d1/867/AUTH_45ed45c34a424f09ae062475496b278a/gnocchi.65866083-5330-48e8-a21e-a42a02f6730c/none_v3" "txd9bf6e29f70645298db6d-006929b6a5" "object-server 22" 0.0006 "-" 17 0
Nov 28 14:50:13 standalone object-server[127582]: 172.20.0.100 - - [28/Nov/2025:14:50:13 +0000] "PUT /d1/867/AUTH_45ed45c34a424f09ae062475496b278a/gnocchi.65866083-5330-48e8-a21e-a42a02f6730c/none_v3" 201 - "PUT http://172.18.0.2:8080/v1/AUTH_45ed45c34a424f09ae062475496b278a/gnocchi.65866083-5330-48e8-a21e-a42a02f6730c/none_v3" "txd9bf6e29f70645298db6d-006929b6a5" "proxy-server 12" 0.0109 "-" 22 0
Nov 28 14:50:13 standalone proxy-server[129334]: 172.18.0.2 172.18.0.100 28/Nov/2025/14/50/13 PUT /v1/AUTH_45ed45c34a424f09ae062475496b278a/gnocchi.65866083-5330-48e8-a21e-a42a02f6730c/none_v3 HTTP/1.0 201 - python-swiftclient-3.11.1 gAAAAABpKbYGFW-r... 22 - - txd9bf6e29f70645298db6d-006929b6a5 - 0.0189 - - 1764341413.812916994 1764341413.831795692 0
Nov 28 14:50:13 standalone container-server[127402]: 172.20.0.100 - - [28/Nov/2025:14:50:13 +0000] "HEAD /d1/46/AUTH_45ed45c34a424f09ae062475496b278a/gnocchi.fc4348ea-2ea2-4db5-baae-6a9a63677218" 404 - "HEAD http://172.18.0.2:8080/v1/AUTH_45ed45c34a424f09ae062475496b278a/gnocchi.fc4348ea-2ea2-4db5-baae-6a9a63677218?format=json&states=listing" "txffd4e4a99b02498b85970-006929b6a5" "proxy-server 12" 0.0002 "-" 21 0
Nov 28 14:50:13 standalone object-server[127584]: 172.20.0.100 - - [28/Nov/2025:14:50:13 +0000] "GET /d1/457/AUTH_45ed45c34a424f09ae062475496b278a/gnocchi.fc4348ea-2ea2-4db5-baae-6a9a63677218/none_v3" 404 70 "GET http://172.18.0.2:8080/v1/AUTH_45ed45c34a424f09ae062475496b278a/gnocchi.fc4348ea-2ea2-4db5-baae-6a9a63677218/none_v3" "txffd4e4a99b02498b85970-006929b6a5" "proxy-server 12" 0.0004 "-" 24 0
Nov 28 14:50:13 standalone proxy-server[129334]: 172.18.0.2 172.18.0.100 28/Nov/2025/14/50/13 GET /v1/AUTH_45ed45c34a424f09ae062475496b278a/gnocchi.fc4348ea-2ea2-4db5-baae-6a9a63677218/none_v3 HTTP/1.0 404 - python-swiftclient-3.11.1 gAAAAABpKbYGFW-r... - 70 - txffd4e4a99b02498b85970-006929b6a5 - 0.0118 - - 1764341413.853341341 1764341413.865138769 0
Nov 28 14:50:13 standalone account-server[127222]: 172.20.0.100 - - [28/Nov/2025:14:50:13 +0000] "PUT /d1/103/AUTH_45ed45c34a424f09ae062475496b278a/gnocchi.fc4348ea-2ea2-4db5-baae-6a9a63677218" 201 - "PUT http://172.20.0.100:6001/d1/46/AUTH_45ed45c34a424f09ae062475496b278a/gnocchi.fc4348ea-2ea2-4db5-baae-6a9a63677218" "txc212ccdde0c1462da064e-006929b6a5" "container-server 17" 0.0049 "-" 20 0
Nov 28 14:50:13 standalone container-server[127388]: 172.20.0.100 - - [28/Nov/2025:14:50:13 +0000] "PUT /d1/46/AUTH_45ed45c34a424f09ae062475496b278a/gnocchi.fc4348ea-2ea2-4db5-baae-6a9a63677218" 201 - "PUT http://172.18.0.2:8080/v1/AUTH_45ed45c34a424f09ae062475496b278a/gnocchi.fc4348ea-2ea2-4db5-baae-6a9a63677218" "txc212ccdde0c1462da064e-006929b6a5" "proxy-server 12" 0.0169 "-" 17 0
Nov 28 14:50:13 standalone proxy-server[129334]: 172.18.0.2 172.18.0.100 28/Nov/2025/14/50/13 PUT /v1/AUTH_45ed45c34a424f09ae062475496b278a/gnocchi.fc4348ea-2ea2-4db5-baae-6a9a63677218 HTTP/1.0 201 - python-swiftclient-3.11.1 gAAAAABpKbYGFW-r... - - - txc212ccdde0c1462da064e-006929b6a5 - 0.0229 - - 1764341413.868269205 1764341413.891214371 0
Nov 28 14:50:13 standalone container-server[127388]: 172.20.0.100 - - [28/Nov/2025:14:50:13 +0000] "HEAD /d1/46/AUTH_45ed45c34a424f09ae062475496b278a/gnocchi.fc4348ea-2ea2-4db5-baae-6a9a63677218" 204 - "HEAD http://172.18.0.2:8080/v1/AUTH_45ed45c34a424f09ae062475496b278a/gnocchi.fc4348ea-2ea2-4db5-baae-6a9a63677218?format=json&states=listing" "tx407764d044664cc090802-006929b6a5" "proxy-server 12" 0.0018 "-" 17 0
Nov 28 14:50:13 standalone proxy-server[129334]: - - 28/Nov/2025/14/50/13 HEAD /v1/AUTH_45ed45c34a424f09ae062475496b278a/gnocchi.fc4348ea-2ea2-4db5-baae-6a9a63677218%3Fformat%3Djson%26states%3Dlisting HTTP/1.0 204 - Swift - - - - tx407764d044664cc090802-006929b6a5 - 0.0059 RL - 1764341413.896133423 1764341413.902029276 0
Nov 28 14:50:13 standalone container-server[127388]: 172.20.0.100 - - [28/Nov/2025:14:50:13 +0000] "GET /d1/46/AUTH_45ed45c34a424f09ae062475496b278a/gnocchi.fc4348ea-2ea2-4db5-baae-6a9a63677218" 200 2 "GET http://172.18.0.2:8080/v1/AUTH_45ed45c34a424f09ae062475496b278a/gnocchi.fc4348ea-2ea2-4db5-baae-6a9a63677218?format=json&states=listing" "tx407764d044664cc090802-006929b6a5" "proxy-server 12" 0.0029 "-" 17 0
Nov 28 14:50:13 standalone proxy-server[129334]: 172.18.0.2 172.18.0.100 28/Nov/2025/14/50/13 GET /v1/AUTH_45ed45c34a424f09ae062475496b278a/gnocchi.fc4348ea-2ea2-4db5-baae-6a9a63677218%3Fformat%3Djson%26states%3Dlisting HTTP/1.0 200 - python-swiftclient-3.11.1 gAAAAABpKbYGFW-r... - 2 - tx407764d044664cc090802-006929b6a5 - 0.0181 - - 1764341413.894631863 1764341413.912772655 0
Nov 28 14:50:13 standalone object-server[127584]: 172.20.0.100 - - [28/Nov/2025:14:50:13 +0000] "GET /d1/399/AUTH_45ed45c34a424f09ae062475496b278a/gnocchi.fc4348ea-2ea2-4db5-baae-6a9a63677218/1763640000.0_mean_300.0_v3" 404 70 "GET http://172.18.0.2:8080/v1/AUTH_45ed45c34a424f09ae062475496b278a/gnocchi.fc4348ea-2ea2-4db5-baae-6a9a63677218/1763640000.0_mean_300.0_v3" "txd3969429d3d548f3aab98-006929b6a5" "proxy-server 12" 0.0005 "-" 24 0
Nov 28 14:50:13 standalone proxy-server[129334]: 172.18.0.2 172.18.0.100 28/Nov/2025/14/50/13 GET /v1/AUTH_45ed45c34a424f09ae062475496b278a/gnocchi.fc4348ea-2ea2-4db5-baae-6a9a63677218/1763640000.0_mean_300.0_v3 HTTP/1.0 404 - python-swiftclient-3.11.1 gAAAAABpKbYGFW-r... - 70 - txd3969429d3d548f3aab98-006929b6a5 - 0.0069 - - 1764341413.916438103 1764341413.923288345 0
Nov 28 14:50:13 standalone container-server[127402]: 172.20.0.100 - - [28/Nov/2025:14:50:13 +0000] "PUT /d1/46/AUTH_45ed45c34a424f09ae062475496b278a/gnocchi.fc4348ea-2ea2-4db5-baae-6a9a63677218/1763640000.0_mean_300.0_v3" 201 - "PUT http://172.18.0.2:8080/d1/399/AUTH_45ed45c34a424f09ae062475496b278a/gnocchi.fc4348ea-2ea2-4db5-baae-6a9a63677218/1763640000.0_mean_300.0_v3" "tx00a7291c7dd0474a90f77-006929b6a5" "object-server 23" 0.0004 "-" 21 0
Nov 28 14:50:13 standalone object-server[127583]: 172.20.0.100 - - [28/Nov/2025:14:50:13 +0000] "PUT /d1/399/AUTH_45ed45c34a424f09ae062475496b278a/gnocchi.fc4348ea-2ea2-4db5-baae-6a9a63677218/1763640000.0_mean_300.0_v3" 201 - "PUT http://172.18.0.2:8080/v1/AUTH_45ed45c34a424f09ae062475496b278a/gnocchi.fc4348ea-2ea2-4db5-baae-6a9a63677218/1763640000.0_mean_300.0_v3" "tx00a7291c7dd0474a90f77-006929b6a5" "proxy-server 12" 0.0087 "-" 23 0
Nov 28 14:50:13 standalone proxy-server[129334]: 172.18.0.2 172.18.0.100 28/Nov/2025/14/50/13 PUT /v1/AUTH_45ed45c34a424f09ae062475496b278a/gnocchi.fc4348ea-2ea2-4db5-baae-6a9a63677218/1763640000.0_mean_300.0_v3 HTTP/1.0 201 - python-swiftclient-3.11.1 gAAAAABpKbYGFW-r... 16 - - tx00a7291c7dd0474a90f77-006929b6a5 - 0.0157 - - 1764341413.926327705 1764341413.942069054 0
Nov 28 14:50:13 standalone container-server[127402]: 172.20.0.100 - - [28/Nov/2025:14:50:13 +0000] "PUT /d1/46/AUTH_45ed45c34a424f09ae062475496b278a/gnocchi.fc4348ea-2ea2-4db5-baae-6a9a63677218/none_v3" 201 - "PUT http://172.18.0.2:8080/d1/457/AUTH_45ed45c34a424f09ae062475496b278a/gnocchi.fc4348ea-2ea2-4db5-baae-6a9a63677218/none_v3" "tx2319d56495e14135a3532-006929b6a5" "object-server 24" 0.0002 "-" 21 0
Nov 28 14:50:13 standalone object-server[127584]: 172.20.0.100 - - [28/Nov/2025:14:50:13 +0000] "PUT /d1/457/AUTH_45ed45c34a424f09ae062475496b278a/gnocchi.fc4348ea-2ea2-4db5-baae-6a9a63677218/none_v3" 201 - "PUT http://172.18.0.2:8080/v1/AUTH_45ed45c34a424f09ae062475496b278a/gnocchi.fc4348ea-2ea2-4db5-baae-6a9a63677218/none_v3" "tx2319d56495e14135a3532-006929b6a5" "proxy-server 12" 0.0134 "-" 24 0
Nov 28 14:50:13 standalone proxy-server[129334]: 172.18.0.2 172.18.0.100 28/Nov/2025/14/50/13 PUT /v1/AUTH_45ed45c34a424f09ae062475496b278a/gnocchi.fc4348ea-2ea2-4db5-baae-6a9a63677218/none_v3 HTTP/1.0 201 - python-swiftclient-3.11.1 gAAAAABpKbYGFW-r... 22 - - tx2319d56495e14135a3532-006929b6a5 - 0.0204 - - 1764341413.944871426 1764341413.965289831 0
Nov 28 14:50:13 standalone container-server[127388]: 172.20.0.100 - - [28/Nov/2025:14:50:13 +0000] "HEAD /d1/621/AUTH_45ed45c34a424f09ae062475496b278a/gnocchi.6de0dbb8-793c-491a-862a-690f763a339e" 404 - "HEAD http://172.18.0.2:8080/v1/AUTH_45ed45c34a424f09ae062475496b278a/gnocchi.6de0dbb8-793c-491a-862a-690f763a339e?format=json&states=listing" "txe227be675b2b4794b55de-006929b6a5" "proxy-server 12" 0.0004 "-" 17 0
Nov 28 14:50:13 standalone object-server[127585]: 172.20.0.100 - - [28/Nov/2025:14:50:13 +0000] "GET /d1/363/AUTH_45ed45c34a424f09ae062475496b278a/gnocchi.6de0dbb8-793c-491a-862a-690f763a339e/none_v3" 404 70 "GET http://172.18.0.2:8080/v1/AUTH_45ed45c34a424f09ae062475496b278a/gnocchi.6de0dbb8-793c-491a-862a-690f763a339e/none_v3" "txe227be675b2b4794b55de-006929b6a5" "proxy-server 12" 0.0003 "-" 25 0
Nov 28 14:50:13 standalone proxy-server[129334]: 172.18.0.2 172.18.0.100 28/Nov/2025/14/50/13 GET /v1/AUTH_45ed45c34a424f09ae062475496b278a/gnocchi.6de0dbb8-793c-491a-862a-690f763a339e/none_v3 HTTP/1.0 404 - python-swiftclient-3.11.1 gAAAAABpKbYGFW-r... - 70 - txe227be675b2b4794b55de-006929b6a5 - 0.0136 - - 1764341413.981133461 1764341413.994726658 0
Nov 28 14:50:14 standalone account-server[127240]: 172.20.0.100 - - [28/Nov/2025:14:50:14 +0000] "PUT /d1/103/AUTH_45ed45c34a424f09ae062475496b278a/gnocchi.6de0dbb8-793c-491a-862a-690f763a339e" 201 - "PUT http://172.20.0.100:6001/d1/621/AUTH_45ed45c34a424f09ae062475496b278a/gnocchi.6de0dbb8-793c-491a-862a-690f763a339e" "tx30bf10e3930042ea95b59-006929b6a5" "container-server 20" 0.0050 "-" 21 0
Nov 28 14:50:14 standalone container-server[127397]: 172.20.0.100 - - [28/Nov/2025:14:50:14 +0000] "PUT /d1/621/AUTH_45ed45c34a424f09ae062475496b278a/gnocchi.6de0dbb8-793c-491a-862a-690f763a339e" 201 - "PUT http://172.18.0.2:8080/v1/AUTH_45ed45c34a424f09ae062475496b278a/gnocchi.6de0dbb8-793c-491a-862a-690f763a339e" "tx30bf10e3930042ea95b59-006929b6a5" "proxy-server 12" 0.0210 "-" 20 0
Nov 28 14:50:14 standalone proxy-server[129334]: 172.18.0.2 172.18.0.100 28/Nov/2025/14/50/14 PUT /v1/AUTH_45ed45c34a424f09ae062475496b278a/gnocchi.6de0dbb8-793c-491a-862a-690f763a339e HTTP/1.0 201 - python-swiftclient-3.11.1 gAAAAABpKbYGFW-r... - - - tx30bf10e3930042ea95b59-006929b6a5 - 0.0295 - - 1764341413.998017550 1764341414.027540684 0
Nov 28 14:50:14 standalone container-server[127402]: 172.20.0.100 - - [28/Nov/2025:14:50:14 +0000] "HEAD /d1/621/AUTH_45ed45c34a424f09ae062475496b278a/gnocchi.6de0dbb8-793c-491a-862a-690f763a339e" 204 - "HEAD http://172.18.0.2:8080/v1/AUTH_45ed45c34a424f09ae062475496b278a/gnocchi.6de0dbb8-793c-491a-862a-690f763a339e?format=json&states=listing" "tx52b4ce1a9a1843e589ed6-006929b6a6" "proxy-server 12" 0.0012 "-" 21 0
Nov 28 14:50:14 standalone proxy-server[129334]: - - 28/Nov/2025/14/50/14 HEAD /v1/AUTH_45ed45c34a424f09ae062475496b278a/gnocchi.6de0dbb8-793c-491a-862a-690f763a339e%3Fformat%3Djson%26states%3Dlisting HTTP/1.0 204 - Swift - - - - tx52b4ce1a9a1843e589ed6-006929b6a6 - 0.0057 RL - 1764341414.036905050 1764341414.042653799 0
Nov 28 14:50:14 standalone container-server[127388]: 172.20.0.100 - - [28/Nov/2025:14:50:14 +0000] "GET /d1/621/AUTH_45ed45c34a424f09ae062475496b278a/gnocchi.6de0dbb8-793c-491a-862a-690f763a339e" 200 2 "GET http://172.18.0.2:8080/v1/AUTH_45ed45c34a424f09ae062475496b278a/gnocchi.6de0dbb8-793c-491a-862a-690f763a339e?format=json&states=listing" "tx52b4ce1a9a1843e589ed6-006929b6a6" "proxy-server 12" 0.0031 "-" 17 0
Nov 28 14:50:14 standalone proxy-server[129334]: 172.18.0.2 172.18.0.100 28/Nov/2025/14/50/14 GET /v1/AUTH_45ed45c34a424f09ae062475496b278a/gnocchi.6de0dbb8-793c-491a-862a-690f763a339e%3Fformat%3Djson%26states%3Dlisting HTTP/1.0 200 - python-swiftclient-3.11.1 gAAAAABpKbYGFW-r... - 2 - tx52b4ce1a9a1843e589ed6-006929b6a6 - 0.0191 - - 1764341414.035371304 1764341414.054473877 0
Nov 28 14:50:14 standalone object-server[127585]: 172.20.0.100 - - [28/Nov/2025:14:50:14 +0000] "GET /d1/774/AUTH_45ed45c34a424f09ae062475496b278a/gnocchi.6de0dbb8-793c-491a-862a-690f763a339e/1763640000.0_mean_300.0_v3" 404 70 "GET http://172.18.0.2:8080/v1/AUTH_45ed45c34a424f09ae062475496b278a/gnocchi.6de0dbb8-793c-491a-862a-690f763a339e/1763640000.0_mean_300.0_v3" "txe9d3116f598947e9a4e00-006929b6a6" "proxy-server 12" 0.0003 "-" 25 0
Nov 28 14:50:14 standalone proxy-server[129334]: 172.18.0.2 172.18.0.100 28/Nov/2025/14/50/14 GET /v1/AUTH_45ed45c34a424f09ae062475496b278a/gnocchi.6de0dbb8-793c-491a-862a-690f763a339e/1763640000.0_mean_300.0_v3 HTTP/1.0 404 - python-swiftclient-3.11.1 gAAAAABpKbYGFW-r... - 70 - txe9d3116f598947e9a4e00-006929b6a6 - 0.0064 - - 1764341414.058032274 1764341414.064445496 0
Nov 28 14:50:14 standalone container-server[127388]: 172.20.0.100 - - [28/Nov/2025:14:50:14 +0000] "PUT /d1/621/AUTH_45ed45c34a424f09ae062475496b278a/gnocchi.6de0dbb8-793c-491a-862a-690f763a339e/1763640000.0_mean_300.0_v3" 201 - "PUT http://172.18.0.2:8080/d1/774/AUTH_45ed45c34a424f09ae062475496b278a/gnocchi.6de0dbb8-793c-491a-862a-690f763a339e/1763640000.0_mean_300.0_v3" "tx5aaf1f116da14735899b3-006929b6a6" "object-server 22" 0.0007 "-" 17 0
Nov 28 14:50:14 standalone object-server[127582]: 172.20.0.100 - - [28/Nov/2025:14:50:14 +0000] "PUT /d1/774/AUTH_45ed45c34a424f09ae062475496b278a/gnocchi.6de0dbb8-793c-491a-862a-690f763a339e/1763640000.0_mean_300.0_v3" 201 - "PUT http://172.18.0.2:8080/v1/AUTH_45ed45c34a424f09ae062475496b278a/gnocchi.6de0dbb8-793c-491a-862a-690f763a339e/1763640000.0_mean_300.0_v3" "tx5aaf1f116da14735899b3-006929b6a6" "proxy-server 12" 0.0137 "-" 22 0
Nov 28 14:50:14 standalone proxy-server[129334]: 172.18.0.2 172.18.0.100 28/Nov/2025/14/50/14 PUT /v1/AUTH_45ed45c34a424f09ae062475496b278a/gnocchi.6de0dbb8-793c-491a-862a-690f763a339e/1763640000.0_mean_300.0_v3 HTTP/1.0 201 - python-swiftclient-3.11.1 gAAAAABpKbYGFW-r... 16 - - tx5aaf1f116da14735899b3-006929b6a6 - 0.0225 - - 1764341414.067897320 1764341414.090391159 0
Nov 28 14:50:14 standalone container-server[127397]: 172.20.0.100 - - [28/Nov/2025:14:50:14 +0000] "PUT /d1/621/AUTH_45ed45c34a424f09ae062475496b278a/gnocchi.6de0dbb8-793c-491a-862a-690f763a339e/none_v3" 201 - "PUT http://172.18.0.2:8080/d1/363/AUTH_45ed45c34a424f09ae062475496b278a/gnocchi.6de0dbb8-793c-491a-862a-690f763a339e/none_v3" "txeb9cbbd82d3642358c3e7-006929b6a6" "object-server 24" 0.0007 "-" 20 0
Nov 28 14:50:14 standalone object-server[127584]: 172.20.0.100 - - [28/Nov/2025:14:50:14 +0000] "PUT /d1/363/AUTH_45ed45c34a424f09ae062475496b278a/gnocchi.6de0dbb8-793c-491a-862a-690f763a339e/none_v3" 201 - "PUT http://172.18.0.2:8080/v1/AUTH_45ed45c34a424f09ae062475496b278a/gnocchi.6de0dbb8-793c-491a-862a-690f763a339e/none_v3" "txeb9cbbd82d3642358c3e7-006929b6a6" "proxy-server 12" 0.0391 "-" 24 0
Nov 28 14:50:14 standalone proxy-server[129334]: 172.18.0.2 172.18.0.100 28/Nov/2025/14/50/14 PUT /v1/AUTH_45ed45c34a424f09ae062475496b278a/gnocchi.6de0dbb8-793c-491a-862a-690f763a339e/none_v3 HTTP/1.0 201 - python-swiftclient-3.11.1 gAAAAABpKbYGFW-r... 22 - - txeb9cbbd82d3642358c3e7-006929b6a6 - 0.0467 - - 1764341414.093331099 1764341414.140022039 0
Nov 28 14:50:14 standalone container-server[127408]: 172.20.0.100 - - [28/Nov/2025:14:50:14 +0000] "HEAD /d1/249/AUTH_45ed45c34a424f09ae062475496b278a/gnocchi.f88bd4f7-0a41-4bb7-bb7a-a81310b0aa2a" 404 - "HEAD http://172.18.0.2:8080/v1/AUTH_45ed45c34a424f09ae062475496b278a/gnocchi.f88bd4f7-0a41-4bb7-bb7a-a81310b0aa2a?format=json&states=listing" "tx8f99f445ab75433ea8ed0-006929b6a6" "proxy-server 12" 0.0006 "-" 22 0
Nov 28 14:50:14 standalone object-server[127582]: 172.20.0.100 - - [28/Nov/2025:14:50:14 +0000] "GET /d1/798/AUTH_45ed45c34a424f09ae062475496b278a/gnocchi.f88bd4f7-0a41-4bb7-bb7a-a81310b0aa2a/none_v3" 404 70 "GET http://172.18.0.2:8080/v1/AUTH_45ed45c34a424f09ae062475496b278a/gnocchi.f88bd4f7-0a41-4bb7-bb7a-a81310b0aa2a/none_v3" "tx8f99f445ab75433ea8ed0-006929b6a6" "proxy-server 12" 0.0005 "-" 22 0
Nov 28 14:50:14 standalone proxy-server[129334]: 172.18.0.2 172.18.0.100 28/Nov/2025/14/50/14 GET /v1/AUTH_45ed45c34a424f09ae062475496b278a/gnocchi.f88bd4f7-0a41-4bb7-bb7a-a81310b0aa2a/none_v3 HTTP/1.0 404 - python-swiftclient-3.11.1 gAAAAABpKbYGFW-r... - 70 - tx8f99f445ab75433ea8ed0-006929b6a6 - 0.0137 - - 1764341414.162532330 1764341414.176277399 0
Nov 28 14:50:14 standalone account-server[127240]: 172.20.0.100 - - [28/Nov/2025:14:50:14 +0000] "PUT /d1/103/AUTH_45ed45c34a424f09ae062475496b278a/gnocchi.f88bd4f7-0a41-4bb7-bb7a-a81310b0aa2a" 201 - "PUT http://172.20.0.100:6001/d1/249/AUTH_45ed45c34a424f09ae062475496b278a/gnocchi.f88bd4f7-0a41-4bb7-bb7a-a81310b0aa2a" "tx508af019b6704a15bd133-006929b6a6" "container-server 20" 0.0050 "-" 21 0
Nov 28 14:50:14 standalone container-server[127397]: 172.20.0.100 - - [28/Nov/2025:14:50:14 +0000] "PUT /d1/249/AUTH_45ed45c34a424f09ae062475496b278a/gnocchi.f88bd4f7-0a41-4bb7-bb7a-a81310b0aa2a" 201 - "PUT http://172.18.0.2:8080/v1/AUTH_45ed45c34a424f09ae062475496b278a/gnocchi.f88bd4f7-0a41-4bb7-bb7a-a81310b0aa2a" "tx508af019b6704a15bd133-006929b6a6" "proxy-server 12" 0.0163 "-" 20 0
Nov 28 14:50:14 standalone proxy-server[129334]: 172.18.0.2 172.18.0.100 28/Nov/2025/14/50/14 PUT /v1/AUTH_45ed45c34a424f09ae062475496b278a/gnocchi.f88bd4f7-0a41-4bb7-bb7a-a81310b0aa2a HTTP/1.0 201 - python-swiftclient-3.11.1 gAAAAABpKbYGFW-r... - - - tx508af019b6704a15bd133-006929b6a6 - 0.0221 - - 1764341414.179172277 1764341414.201308966 0
Nov 28 14:50:14 standalone container-server[127402]: 172.20.0.100 - - [28/Nov/2025:14:50:14 +0000] "HEAD /d1/249/AUTH_45ed45c34a424f09ae062475496b278a/gnocchi.f88bd4f7-0a41-4bb7-bb7a-a81310b0aa2a" 204 - "HEAD http://172.18.0.2:8080/v1/AUTH_45ed45c34a424f09ae062475496b278a/gnocchi.f88bd4f7-0a41-4bb7-bb7a-a81310b0aa2a?format=json&states=listing" "tx4450d355803445e69c86c-006929b6a6" "proxy-server 12" 0.0012 "-" 21 0
Nov 28 14:50:14 standalone proxy-server[129334]: - - 28/Nov/2025/14/50/14 HEAD /v1/AUTH_45ed45c34a424f09ae062475496b278a/gnocchi.f88bd4f7-0a41-4bb7-bb7a-a81310b0aa2a%3Fformat%3Djson%26states%3Dlisting HTTP/1.0 204 - Swift - - - - tx4450d355803445e69c86c-006929b6a6 - 0.0053 RL - 1764341414.206693649 1764341414.211961031 0
Nov 28 14:50:14 standalone container-server[127408]: 172.20.0.100 - - [28/Nov/2025:14:50:14 +0000] "GET /d1/249/AUTH_45ed45c34a424f09ae062475496b278a/gnocchi.f88bd4f7-0a41-4bb7-bb7a-a81310b0aa2a" 200 2 "GET http://172.18.0.2:8080/v1/AUTH_45ed45c34a424f09ae062475496b278a/gnocchi.f88bd4f7-0a41-4bb7-bb7a-a81310b0aa2a?format=json&states=listing" "tx4450d355803445e69c86c-006929b6a6" "proxy-server 12" 0.0033 "-" 22 0
Nov 28 14:50:14 standalone proxy-server[129334]: 172.18.0.2 172.18.0.100 28/Nov/2025/14/50/14 GET /v1/AUTH_45ed45c34a424f09ae062475496b278a/gnocchi.f88bd4f7-0a41-4bb7-bb7a-a81310b0aa2a%3Fformat%3Djson%26states%3Dlisting HTTP/1.0 200 - python-swiftclient-3.11.1 gAAAAABpKbYGFW-r... - 2 - tx4450d355803445e69c86c-006929b6a6 - 0.0220 - - 1764341414.205273390 1764341414.227233171 0
Nov 28 14:50:14 standalone object-server[127582]: 172.20.0.100 - - [28/Nov/2025:14:50:14 +0000] "GET /d1/926/AUTH_45ed45c34a424f09ae062475496b278a/gnocchi.f88bd4f7-0a41-4bb7-bb7a-a81310b0aa2a/1763640000.0_mean_300.0_v3" 404 70 "GET http://172.18.0.2:8080/v1/AUTH_45ed45c34a424f09ae062475496b278a/gnocchi.f88bd4f7-0a41-4bb7-bb7a-a81310b0aa2a/1763640000.0_mean_300.0_v3" "tx66c1277ac909451d9b937-006929b6a6" "proxy-server 12" 0.0006 "-" 22 0
Nov 28 14:50:14 standalone proxy-server[129334]: 172.18.0.2 172.18.0.100 28/Nov/2025/14/50/14 GET /v1/AUTH_45ed45c34a424f09ae062475496b278a/gnocchi.f88bd4f7-0a41-4bb7-bb7a-a81310b0aa2a/1763640000.0_mean_300.0_v3 HTTP/1.0 404 - python-swiftclient-3.11.1 gAAAAABpKbYGFW-r... - 70 - tx66c1277ac909451d9b937-006929b6a6 - 0.0087 - - 1764341414.231259584 1764341414.239959002 0
Nov 28 14:50:14 standalone container-server[127388]: 172.20.0.100 - - [28/Nov/2025:14:50:14 +0000] "PUT /d1/249/AUTH_45ed45c34a424f09ae062475496b278a/gnocchi.f88bd4f7-0a41-4bb7-bb7a-a81310b0aa2a/1763640000.0_mean_300.0_v3" 201 - "PUT http://172.18.0.2:8080/d1/926/AUTH_45ed45c34a424f09ae062475496b278a/gnocchi.f88bd4f7-0a41-4bb7-bb7a-a81310b0aa2a/1763640000.0_mean_300.0_v3" "txd43867f5b3274a95b05a2-006929b6a6" "object-server 25" 0.0007 "-" 17 0
Nov 28 14:50:14 standalone object-server[127585]: 172.20.0.100 - - [28/Nov/2025:14:50:14 +0000] "PUT /d1/926/AUTH_45ed45c34a424f09ae062475496b278a/gnocchi.f88bd4f7-0a41-4bb7-bb7a-a81310b0aa2a/1763640000.0_mean_300.0_v3" 201 - "PUT http://172.18.0.2:8080/v1/AUTH_45ed45c34a424f09ae062475496b278a/gnocchi.f88bd4f7-0a41-4bb7-bb7a-a81310b0aa2a/1763640000.0_mean_300.0_v3" "txd43867f5b3274a95b05a2-006929b6a6" "proxy-server 12" 0.0094 "-" 25 0
Nov 28 14:50:14 standalone proxy-server[129334]: 172.18.0.2 172.18.0.100 28/Nov/2025/14/50/14 PUT /v1/AUTH_45ed45c34a424f09ae062475496b278a/gnocchi.f88bd4f7-0a41-4bb7-bb7a-a81310b0aa2a/1763640000.0_mean_300.0_v3 HTTP/1.0 201 - python-swiftclient-3.11.1 gAAAAABpKbYGFW-r... 16 - - txd43867f5b3274a95b05a2-006929b6a6 - 0.0157 - - 1764341414.242948771 1764341414.258614779 0
Nov 28 14:50:14 standalone container-server[127397]: 172.20.0.100 - - [28/Nov/2025:14:50:14 +0000] "PUT /d1/249/AUTH_45ed45c34a424f09ae062475496b278a/gnocchi.f88bd4f7-0a41-4bb7-bb7a-a81310b0aa2a/none_v3" 201 - "PUT http://172.18.0.2:8080/d1/798/AUTH_45ed45c34a424f09ae062475496b278a/gnocchi.f88bd4f7-0a41-4bb7-bb7a-a81310b0aa2a/none_v3" "txa2dd0469a23349feb8793-006929b6a6" "object-server 24" 0.0006 "-" 20 0
Nov 28 14:50:14 standalone object-server[127584]: 172.20.0.100 - - [28/Nov/2025:14:50:14 +0000] "PUT /d1/798/AUTH_45ed45c34a424f09ae062475496b278a/gnocchi.f88bd4f7-0a41-4bb7-bb7a-a81310b0aa2a/none_v3" 201 - "PUT http://172.18.0.2:8080/v1/AUTH_45ed45c34a424f09ae062475496b278a/gnocchi.f88bd4f7-0a41-4bb7-bb7a-a81310b0aa2a/none_v3" "txa2dd0469a23349feb8793-006929b6a6" "proxy-server 12" 0.0105 "-" 24 0
Nov 28 14:50:14 standalone proxy-server[129334]: 172.18.0.2 172.18.0.100 28/Nov/2025/14/50/14 PUT /v1/AUTH_45ed45c34a424f09ae062475496b278a/gnocchi.f88bd4f7-0a41-4bb7-bb7a-a81310b0aa2a/none_v3 HTTP/1.0 201 - python-swiftclient-3.11.1 gAAAAABpKbYGFW-r... 22 - - txa2dd0469a23349feb8793-006929b6a6 - 0.0175 - - 1764341414.261434555 1764341414.278971672 0
Nov 28 14:50:14 standalone container-server[127397]: 172.20.0.100 - - [28/Nov/2025:14:50:14 +0000] "HEAD /d1/381/AUTH_45ed45c34a424f09ae062475496b278a/gnocchi.ce02a89d-ff60-49b6-b4ea-6f2f72c3832b" 404 - "HEAD http://172.18.0.2:8080/v1/AUTH_45ed45c34a424f09ae062475496b278a/gnocchi.ce02a89d-ff60-49b6-b4ea-6f2f72c3832b?format=json&states=listing" "tx113cc4c00c8349c4b024e-006929b6a6" "proxy-server 12" 0.0005 "-" 20 0
Nov 28 14:50:14 standalone object-server[127584]: 172.20.0.100 - - [28/Nov/2025:14:50:14 +0000] "GET /d1/680/AUTH_45ed45c34a424f09ae062475496b278a/gnocchi.ce02a89d-ff60-49b6-b4ea-6f2f72c3832b/none_v3" 404 70 "GET http://172.18.0.2:8080/v1/AUTH_45ed45c34a424f09ae062475496b278a/gnocchi.ce02a89d-ff60-49b6-b4ea-6f2f72c3832b/none_v3" "tx113cc4c00c8349c4b024e-006929b6a6" "proxy-server 12" 0.0004 "-" 24 0
Nov 28 14:50:14 standalone proxy-server[129334]: 172.18.0.2 172.18.0.100 28/Nov/2025/14/50/14 GET /v1/AUTH_45ed45c34a424f09ae062475496b278a/gnocchi.ce02a89d-ff60-49b6-b4ea-6f2f72c3832b/none_v3 HTTP/1.0 404 - python-swiftclient-3.11.1 gAAAAABpKbYGFW-r... - 70 - tx113cc4c00c8349c4b024e-006929b6a6 - 0.0119 - - 1764341414.288967609 1764341414.300912380 0
Nov 28 14:50:14 standalone account-server[127255]: 172.20.0.100 - - [28/Nov/2025:14:50:14 +0000] "PUT /d1/103/AUTH_45ed45c34a424f09ae062475496b278a/gnocchi.ce02a89d-ff60-49b6-b4ea-6f2f72c3832b" 201 - "PUT http://172.20.0.100:6001/d1/381/AUTH_45ed45c34a424f09ae062475496b278a/gnocchi.ce02a89d-ff60-49b6-b4ea-6f2f72c3832b" "tx65ef4eeb90314868875a8-006929b6a6" "container-server 17" 0.0081 "-" 23 0
Nov 28 14:50:14 standalone container-server[127388]: 172.20.0.100 - - [28/Nov/2025:14:50:14 +0000] "PUT /d1/381/AUTH_45ed45c34a424f09ae062475496b278a/gnocchi.ce02a89d-ff60-49b6-b4ea-6f2f72c3832b" 201 - "PUT http://172.18.0.2:8080/v1/AUTH_45ed45c34a424f09ae062475496b278a/gnocchi.ce02a89d-ff60-49b6-b4ea-6f2f72c3832b" "tx65ef4eeb90314868875a8-006929b6a6" "proxy-server 12" 0.0207 "-" 17 0
Nov 28 14:50:14 standalone proxy-server[129334]: 172.18.0.2 172.18.0.100 28/Nov/2025/14/50/14 PUT /v1/AUTH_45ed45c34a424f09ae062475496b278a/gnocchi.ce02a89d-ff60-49b6-b4ea-6f2f72c3832b HTTP/1.0 201 - python-swiftclient-3.11.1 gAAAAABpKbYGFW-r... - - - tx65ef4eeb90314868875a8-006929b6a6 - 0.0298 - - 1764341414.303673744 1764341414.333476543 0
Nov 28 14:50:14 standalone container-server[127397]: 172.20.0.100 - - [28/Nov/2025:14:50:14 +0000] "HEAD /d1/381/AUTH_45ed45c34a424f09ae062475496b278a/gnocchi.ce02a89d-ff60-49b6-b4ea-6f2f72c3832b" 204 - "HEAD http://172.18.0.2:8080/v1/AUTH_45ed45c34a424f09ae062475496b278a/gnocchi.ce02a89d-ff60-49b6-b4ea-6f2f72c3832b?format=json&states=listing" "tx3e44bf875d0f43ada9148-006929b6a6" "proxy-server 12" 0.0018 "-" 20 0
Nov 28 14:50:14 standalone proxy-server[129334]: - - 28/Nov/2025/14/50/14 HEAD /v1/AUTH_45ed45c34a424f09ae062475496b278a/gnocchi.ce02a89d-ff60-49b6-b4ea-6f2f72c3832b%3Fformat%3Djson%26states%3Dlisting HTTP/1.0 204 - Swift - - - - tx3e44bf875d0f43ada9148-006929b6a6 - 0.0059 RL - 1764341414.338490009 1764341414.344392300 0
Nov 28 14:50:14 standalone container-server[127408]: 172.20.0.100 - - [28/Nov/2025:14:50:14 +0000] "GET /d1/381/AUTH_45ed45c34a424f09ae062475496b278a/gnocchi.ce02a89d-ff60-49b6-b4ea-6f2f72c3832b" 200 2 "GET http://172.18.0.2:8080/v1/AUTH_45ed45c34a424f09ae062475496b278a/gnocchi.ce02a89d-ff60-49b6-b4ea-6f2f72c3832b?format=json&states=listing" "tx3e44bf875d0f43ada9148-006929b6a6" "proxy-server 12" 0.0030 "-" 22 0
Nov 28 14:50:14 standalone proxy-server[129334]: 172.18.0.2 172.18.0.100 28/Nov/2025/14/50/14 GET /v1/AUTH_45ed45c34a424f09ae062475496b278a/gnocchi.ce02a89d-ff60-49b6-b4ea-6f2f72c3832b%3Fformat%3Djson%26states%3Dlisting HTTP/1.0 200 - python-swiftclient-3.11.1 gAAAAABpKbYGFW-r... - 2 - tx3e44bf875d0f43ada9148-006929b6a6 - 0.0186 - - 1764341414.337054968 1764341414.355668068 0
Nov 28 14:50:14 standalone object-server[127582]: 172.20.0.100 - - [28/Nov/2025:14:50:14 +0000] "GET /d1/442/AUTH_45ed45c34a424f09ae062475496b278a/gnocchi.ce02a89d-ff60-49b6-b4ea-6f2f72c3832b/1763640000.0_mean_300.0_v3" 404 70 "GET http://172.18.0.2:8080/v1/AUTH_45ed45c34a424f09ae062475496b278a/gnocchi.ce02a89d-ff60-49b6-b4ea-6f2f72c3832b/1763640000.0_mean_300.0_v3" "tx3ddac3315b4a489db58bc-006929b6a6" "proxy-server 12" 0.0007 "-" 22 0
Nov 28 14:50:14 standalone proxy-server[129334]: 172.18.0.2 172.18.0.100 28/Nov/2025/14/50/14 GET /v1/AUTH_45ed45c34a424f09ae062475496b278a/gnocchi.ce02a89d-ff60-49b6-b4ea-6f2f72c3832b/1763640000.0_mean_300.0_v3 HTTP/1.0 404 - python-swiftclient-3.11.1 gAAAAABpKbYGFW-r... - 70 - tx3ddac3315b4a489db58bc-006929b6a6 - 0.0097 - - 1764341414.359064817 1764341414.368792295 0
Nov 28 14:50:14 standalone container-server[127397]: 172.20.0.100 - - [28/Nov/2025:14:50:14 +0000] "PUT /d1/381/AUTH_45ed45c34a424f09ae062475496b278a/gnocchi.ce02a89d-ff60-49b6-b4ea-6f2f72c3832b/1763640000.0_mean_300.0_v3" 201 - "PUT http://172.18.0.2:8080/d1/442/AUTH_45ed45c34a424f09ae062475496b278a/gnocchi.ce02a89d-ff60-49b6-b4ea-6f2f72c3832b/1763640000.0_mean_300.0_v3" "tx68df034c5aba4985902b9-006929b6a6" "object-server 23" 0.0008 "-" 20 0
Nov 28 14:50:14 standalone object-server[127583]: 172.20.0.100 - - [28/Nov/2025:14:50:14 +0000] "PUT /d1/442/AUTH_45ed45c34a424f09ae062475496b278a/gnocchi.ce02a89d-ff60-49b6-b4ea-6f2f72c3832b/1763640000.0_mean_300.0_v3" 201 - "PUT http://172.18.0.2:8080/v1/AUTH_45ed45c34a424f09ae062475496b278a/gnocchi.ce02a89d-ff60-49b6-b4ea-6f2f72c3832b/1763640000.0_mean_300.0_v3" "tx68df034c5aba4985902b9-006929b6a6" "proxy-server 12" 0.0130 "-" 23 0
Nov 28 14:50:14 standalone proxy-server[129334]: 172.18.0.2 172.18.0.100 28/Nov/2025/14/50/14 PUT /v1/AUTH_45ed45c34a424f09ae062475496b278a/gnocchi.ce02a89d-ff60-49b6-b4ea-6f2f72c3832b/1763640000.0_mean_300.0_v3 HTTP/1.0 201 - python-swiftclient-3.11.1 gAAAAABpKbYGFW-r... 16 - - tx68df034c5aba4985902b9-006929b6a6 - 0.0238 - - 1764341414.373142719 1764341414.396914959 0
Nov 28 14:50:14 standalone container-server[127408]: 172.20.0.100 - - [28/Nov/2025:14:50:14 +0000] "PUT /d1/381/AUTH_45ed45c34a424f09ae062475496b278a/gnocchi.ce02a89d-ff60-49b6-b4ea-6f2f72c3832b/none_v3" 201 - "PUT http://172.18.0.2:8080/d1/680/AUTH_45ed45c34a424f09ae062475496b278a/gnocchi.ce02a89d-ff60-49b6-b4ea-6f2f72c3832b/none_v3" "tx8681a4c522f941018aad3-006929b6a6" "object-server 24" 0.0007 "-" 22 0
Nov 28 14:50:14 standalone object-server[127584]: 172.20.0.100 - - [28/Nov/2025:14:50:14 +0000] "PUT /d1/680/AUTH_45ed45c34a424f09ae062475496b278a/gnocchi.ce02a89d-ff60-49b6-b4ea-6f2f72c3832b/none_v3" 201 - "PUT http://172.18.0.2:8080/v1/AUTH_45ed45c34a424f09ae062475496b278a/gnocchi.ce02a89d-ff60-49b6-b4ea-6f2f72c3832b/none_v3" "tx8681a4c522f941018aad3-006929b6a6" "proxy-server 12" 0.0125 "-" 24 0
Nov 28 14:50:14 standalone proxy-server[129334]: 172.18.0.2 172.18.0.100 28/Nov/2025/14/50/14 PUT /v1/AUTH_45ed45c34a424f09ae062475496b278a/gnocchi.ce02a89d-ff60-49b6-b4ea-6f2f72c3832b/none_v3 HTTP/1.0 201 - python-swiftclient-3.11.1 gAAAAABpKbYGFW-r... 22 - - tx8681a4c522f941018aad3-006929b6a6 - 0.0205 - - 1764341414.400861740 1764341414.421410799 0
Nov 28 14:50:14 standalone container-server[127388]: 172.20.0.100 - - [28/Nov/2025:14:50:14 +0000] "HEAD /d1/470/AUTH_45ed45c34a424f09ae062475496b278a/gnocchi.2eddbd15-2c97-4bc4-865e-b315f77fc430" 404 - "HEAD http://172.18.0.2:8080/v1/AUTH_45ed45c34a424f09ae062475496b278a/gnocchi.2eddbd15-2c97-4bc4-865e-b315f77fc430?format=json&states=listing" "tx7c6cc3b3e3c7442a93f5c-006929b6a6" "proxy-server 12" 0.0006 "-" 17 0
Nov 28 14:50:14 standalone object-server[127583]: 172.20.0.100 - - [28/Nov/2025:14:50:14 +0000] "GET /d1/126/AUTH_45ed45c34a424f09ae062475496b278a/gnocchi.2eddbd15-2c97-4bc4-865e-b315f77fc430/none_v3" 404 70 "GET http://172.18.0.2:8080/v1/AUTH_45ed45c34a424f09ae062475496b278a/gnocchi.2eddbd15-2c97-4bc4-865e-b315f77fc430/none_v3" "tx7c6cc3b3e3c7442a93f5c-006929b6a6" "proxy-server 12" 0.0006 "-" 23 0
Nov 28 14:50:14 standalone proxy-server[129334]: 172.18.0.2 172.18.0.100 28/Nov/2025/14/50/14 GET /v1/AUTH_45ed45c34a424f09ae062475496b278a/gnocchi.2eddbd15-2c97-4bc4-865e-b315f77fc430/none_v3 HTTP/1.0 404 - python-swiftclient-3.11.1 gAAAAABpKbYGFW-r... - 70 - tx7c6cc3b3e3c7442a93f5c-006929b6a6 - 0.0130 - - 1764341414.444157124 1764341414.457196474 0
Nov 28 14:50:14 standalone account-server[127255]: 172.20.0.100 - - [28/Nov/2025:14:50:14 +0000] "PUT /d1/103/AUTH_45ed45c34a424f09ae062475496b278a/gnocchi.2eddbd15-2c97-4bc4-865e-b315f77fc430" 201 - "PUT http://172.20.0.100:6001/d1/470/AUTH_45ed45c34a424f09ae062475496b278a/gnocchi.2eddbd15-2c97-4bc4-865e-b315f77fc430" "tx2861ddc3b8e848089f793-006929b6a6" "container-server 17" 0.0076 "-" 23 0
Nov 28 14:50:14 standalone container-server[127388]: 172.20.0.100 - - [28/Nov/2025:14:50:14 +0000] "PUT /d1/470/AUTH_45ed45c34a424f09ae062475496b278a/gnocchi.2eddbd15-2c97-4bc4-865e-b315f77fc430" 201 - "PUT http://172.18.0.2:8080/v1/AUTH_45ed45c34a424f09ae062475496b278a/gnocchi.2eddbd15-2c97-4bc4-865e-b315f77fc430" "tx2861ddc3b8e848089f793-006929b6a6" "proxy-server 12" 0.0201 "-" 17 0
Nov 28 14:50:14 standalone proxy-server[129334]: 172.18.0.2 172.18.0.100 28/Nov/2025/14/50/14 PUT /v1/AUTH_45ed45c34a424f09ae062475496b278a/gnocchi.2eddbd15-2c97-4bc4-865e-b315f77fc430 HTTP/1.0 201 - python-swiftclient-3.11.1 gAAAAABpKbYGFW-r... - - - tx2861ddc3b8e848089f793-006929b6a6 - 0.0265 - - 1764341414.461346626 1764341414.487890005 0
Nov 28 14:50:14 standalone container-server[127408]: 172.20.0.100 - - [28/Nov/2025:14:50:14 +0000] "HEAD /d1/470/AUTH_45ed45c34a424f09ae062475496b278a/gnocchi.2eddbd15-2c97-4bc4-865e-b315f77fc430" 204 - "HEAD http://172.18.0.2:8080/v1/AUTH_45ed45c34a424f09ae062475496b278a/gnocchi.2eddbd15-2c97-4bc4-865e-b315f77fc430?format=json&states=listing" "txcbde6d8cd2dd43b5a6716-006929b6a6" "proxy-server 12" 0.0019 "-" 22 0
Nov 28 14:50:14 standalone proxy-server[129334]: - - 28/Nov/2025/14/50/14 HEAD /v1/AUTH_45ed45c34a424f09ae062475496b278a/gnocchi.2eddbd15-2c97-4bc4-865e-b315f77fc430%3Fformat%3Djson%26states%3Dlisting HTTP/1.0 204 - Swift - - - - txcbde6d8cd2dd43b5a6716-006929b6a6 - 0.0062 RL - 1764341414.495598555 1764341414.501752853 0
Nov 28 14:50:14 standalone container-server[127402]: 172.20.0.100 - - [28/Nov/2025:14:50:14 +0000] "GET /d1/470/AUTH_45ed45c34a424f09ae062475496b278a/gnocchi.2eddbd15-2c97-4bc4-865e-b315f77fc430" 200 2 "GET http://172.18.0.2:8080/v1/AUTH_45ed45c34a424f09ae062475496b278a/gnocchi.2eddbd15-2c97-4bc4-865e-b315f77fc430?format=json&states=listing" "txcbde6d8cd2dd43b5a6716-006929b6a6" "proxy-server 12" 0.0035 "-" 21 0
Nov 28 14:50:14 standalone proxy-server[129334]: 172.18.0.2 172.18.0.100 28/Nov/2025/14/50/14 GET /v1/AUTH_45ed45c34a424f09ae062475496b278a/gnocchi.2eddbd15-2c97-4bc4-865e-b315f77fc430%3Fformat%3Djson%26states%3Dlisting HTTP/1.0 200 - python-swiftclient-3.11.1 gAAAAABpKbYGFW-r... - 2 - txcbde6d8cd2dd43b5a6716-006929b6a6 - 0.0187 - - 1764341414.494017839 1764341414.512668610 0
Nov 28 14:50:14 standalone object-server[127583]: 172.20.0.100 - - [28/Nov/2025:14:50:14 +0000] "GET /d1/766/AUTH_45ed45c34a424f09ae062475496b278a/gnocchi.2eddbd15-2c97-4bc4-865e-b315f77fc430/1763640000.0_mean_300.0_v3" 404 70 "GET http://172.18.0.2:8080/v1/AUTH_45ed45c34a424f09ae062475496b278a/gnocchi.2eddbd15-2c97-4bc4-865e-b315f77fc430/1763640000.0_mean_300.0_v3" "tx97a3b8c5904946859ca60-006929b6a6" "proxy-server 12" 0.0006 "-" 23 0
Nov 28 14:50:14 standalone proxy-server[129334]: 172.18.0.2 172.18.0.100 28/Nov/2025/14/50/14 GET /v1/AUTH_45ed45c34a424f09ae062475496b278a/gnocchi.2eddbd15-2c97-4bc4-865e-b315f77fc430/1763640000.0_mean_300.0_v3 HTTP/1.0 404 - python-swiftclient-3.11.1 gAAAAABpKbYGFW-r... - 70 - tx97a3b8c5904946859ca60-006929b6a6 - 0.0088 - - 1764341414.518177986 1764341414.526936531 0
Nov 28 14:50:14 standalone container-server[127402]: 172.20.0.100 - - [28/Nov/2025:14:50:14 +0000] "PUT /d1/470/AUTH_45ed45c34a424f09ae062475496b278a/gnocchi.2eddbd15-2c97-4bc4-865e-b315f77fc430/1763640000.0_mean_300.0_v3" 201 - "PUT http://172.18.0.2:8080/d1/766/AUTH_45ed45c34a424f09ae062475496b278a/gnocchi.2eddbd15-2c97-4bc4-865e-b315f77fc430/1763640000.0_mean_300.0_v3" "txe777d51719e84ea68dcd3-006929b6a6" "object-server 25" 0.0011 "-" 21 0
Nov 28 14:50:14 standalone object-server[127585]: 172.20.0.100 - - [28/Nov/2025:14:50:14 +0000] "PUT /d1/766/AUTH_45ed45c34a424f09ae062475496b278a/gnocchi.2eddbd15-2c97-4bc4-865e-b315f77fc430/1763640000.0_mean_300.0_v3" 201 - "PUT http://172.18.0.2:8080/v1/AUTH_45ed45c34a424f09ae062475496b278a/gnocchi.2eddbd15-2c97-4bc4-865e-b315f77fc430/1763640000.0_mean_300.0_v3" "txe777d51719e84ea68dcd3-006929b6a6" "proxy-server 12" 0.0153 "-" 25 0
Nov 28 14:50:14 standalone proxy-server[129334]: 172.18.0.2 172.18.0.100 28/Nov/2025/14/50/14 PUT /v1/AUTH_45ed45c34a424f09ae062475496b278a/gnocchi.2eddbd15-2c97-4bc4-865e-b315f77fc430/1763640000.0_mean_300.0_v3 HTTP/1.0 201 - python-swiftclient-3.11.1 gAAAAABpKbYGFW-r... 16 - - txe777d51719e84ea68dcd3-006929b6a6 - 0.0231 - - 1764341414.531013012 1764341414.554064751 0
Nov 28 14:50:14 standalone container-server[127408]: 172.20.0.100 - - [28/Nov/2025:14:50:14 +0000] "PUT /d1/470/AUTH_45ed45c34a424f09ae062475496b278a/gnocchi.2eddbd15-2c97-4bc4-865e-b315f77fc430/none_v3" 201 - "PUT http://172.18.0.2:8080/d1/126/AUTH_45ed45c34a424f09ae062475496b278a/gnocchi.2eddbd15-2c97-4bc4-865e-b315f77fc430/none_v3" "txb82e9e4405f64dfb90070-006929b6a6" "object-server 24" 0.0007 "-" 22 0
Nov 28 14:50:14 standalone object-server[127584]: 172.20.0.100 - - [28/Nov/2025:14:50:14 +0000] "PUT /d1/126/AUTH_45ed45c34a424f09ae062475496b278a/gnocchi.2eddbd15-2c97-4bc4-865e-b315f77fc430/none_v3" 201 - "PUT http://172.18.0.2:8080/v1/AUTH_45ed45c34a424f09ae062475496b278a/gnocchi.2eddbd15-2c97-4bc4-865e-b315f77fc430/none_v3" "txb82e9e4405f64dfb90070-006929b6a6" "proxy-server 12" 0.0115 "-" 24 0
Nov 28 14:50:14 standalone proxy-server[129334]: 172.18.0.2 172.18.0.100 28/Nov/2025/14/50/14 PUT /v1/AUTH_45ed45c34a424f09ae062475496b278a/gnocchi.2eddbd15-2c97-4bc4-865e-b315f77fc430/none_v3 HTTP/1.0 201 - python-swiftclient-3.11.1 gAAAAABpKbYGFW-r... 22 - - txb82e9e4405f64dfb90070-006929b6a6 - 0.0192 - - 1764341414.557538033 1764341414.576703787 0
Nov 28 14:50:14 standalone container-server[127408]: 172.20.0.100 - - [28/Nov/2025:14:50:14 +0000] "HEAD /d1/416/AUTH_45ed45c34a424f09ae062475496b278a/gnocchi.7955bc99-0d82-4786-b317-95ea5ab23237" 404 - "HEAD http://172.18.0.2:8080/v1/AUTH_45ed45c34a424f09ae062475496b278a/gnocchi.7955bc99-0d82-4786-b317-95ea5ab23237?format=json&states=listing" "txb2f465ec48fe4030a0870-006929b6a6" "proxy-server 12" 0.0004 "-" 22 0
