Nov 28 14:48:44 standalone container-server[127408]: 172.20.0.100 - - [28/Nov/2025:14:48:44 +0000] "PUT /d1/123/AUTH_45ed45c34a424f09ae062475496b278a/gnocchi.d4da2931-d0c0-4e3d-9840-337b2b7519a4/1763640000.0_mean_300.0_v3" 201 - "PUT http://172.18.0.2:8080/d1/589/AUTH_45ed45c34a424f09ae062475496b278a/gnocchi.d4da2931-d0c0-4e3d-9840-337b2b7519a4/1763640000.0_mean_300.0_v3" "txdcfdb672cdd046b587a33-006929b64c" "object-server 23" 0.0004 "-" 22 0
Nov 28 14:48:44 standalone object-server[127583]: 172.20.0.100 - - [28/Nov/2025:14:48:44 +0000] "PUT /d1/589/AUTH_45ed45c34a424f09ae062475496b278a/gnocchi.d4da2931-d0c0-4e3d-9840-337b2b7519a4/1763640000.0_mean_300.0_v3" 201 - "PUT http://172.18.0.2:8080/v1/AUTH_45ed45c34a424f09ae062475496b278a/gnocchi.d4da2931-d0c0-4e3d-9840-337b2b7519a4/1763640000.0_mean_300.0_v3" "txdcfdb672cdd046b587a33-006929b64c" "proxy-server 12" 0.0093 "-" 23 0
Nov 28 14:48:44 standalone proxy-server[129334]: 172.18.0.2 172.18.0.100 28/Nov/2025/14/48/44 PUT /v1/AUTH_45ed45c34a424f09ae062475496b278a/gnocchi.d4da2931-d0c0-4e3d-9840-337b2b7519a4/1763640000.0_mean_300.0_v3 HTTP/1.0 201 - python-swiftclient-3.11.1 gAAAAABpKbYGFW-r... 16 - - txdcfdb672cdd046b587a33-006929b64c - 0.0149 - - 1764341324.423518419 1764341324.438448429 0
Nov 28 14:48:44 standalone container-server[127402]: 172.20.0.100 - - [28/Nov/2025:14:48:44 +0000] "PUT /d1/123/AUTH_45ed45c34a424f09ae062475496b278a/gnocchi.d4da2931-d0c0-4e3d-9840-337b2b7519a4/none_v3" 201 - "PUT http://172.18.0.2:8080/d1/295/AUTH_45ed45c34a424f09ae062475496b278a/gnocchi.d4da2931-d0c0-4e3d-9840-337b2b7519a4/none_v3" "tx6eb99b0dfe654a29840b7-006929b64c" "object-server 23" 0.0006 "-" 21 0
Nov 28 14:48:44 standalone object-server[127583]: 172.20.0.100 - - [28/Nov/2025:14:48:44 +0000] "PUT /d1/295/AUTH_45ed45c34a424f09ae062475496b278a/gnocchi.d4da2931-d0c0-4e3d-9840-337b2b7519a4/none_v3" 201 - "PUT http://172.18.0.2:8080/v1/AUTH_45ed45c34a424f09ae062475496b278a/gnocchi.d4da2931-d0c0-4e3d-9840-337b2b7519a4/none_v3" "tx6eb99b0dfe654a29840b7-006929b64c" "proxy-server 12" 0.0087 "-" 23 0
Nov 28 14:48:44 standalone proxy-server[129334]: 172.18.0.2 172.18.0.100 28/Nov/2025/14/48/44 PUT /v1/AUTH_45ed45c34a424f09ae062475496b278a/gnocchi.d4da2931-d0c0-4e3d-9840-337b2b7519a4/none_v3 HTTP/1.0 201 - python-swiftclient-3.11.1 gAAAAABpKbYGFW-r... 22 - - tx6eb99b0dfe654a29840b7-006929b64c - 0.0130 - - 1764341324.441593170 1764341324.454604626 0
Nov 28 14:48:44 standalone container-server[127408]: 172.20.0.100 - - [28/Nov/2025:14:48:44 +0000] "HEAD /d1/455/AUTH_45ed45c34a424f09ae062475496b278a/gnocchi.e200b459-00bc-441f-bd83-9a9fddb44c8b" 404 - "HEAD http://172.18.0.2:8080/v1/AUTH_45ed45c34a424f09ae062475496b278a/gnocchi.e200b459-00bc-441f-bd83-9a9fddb44c8b?format=json&states=listing" "txd1357c7d42614f659ad82-006929b64c" "proxy-server 12" 0.0006 "-" 22 0
Nov 28 14:48:44 standalone object-server[127582]: 172.20.0.100 - - [28/Nov/2025:14:48:44 +0000] "GET /d1/76/AUTH_45ed45c34a424f09ae062475496b278a/gnocchi.e200b459-00bc-441f-bd83-9a9fddb44c8b/none_v3" 404 70 "GET http://172.18.0.2:8080/v1/AUTH_45ed45c34a424f09ae062475496b278a/gnocchi.e200b459-00bc-441f-bd83-9a9fddb44c8b/none_v3" "txd1357c7d42614f659ad82-006929b64c" "proxy-server 12" 0.0004 "-" 22 0
Nov 28 14:48:44 standalone proxy-server[129334]: 172.18.0.2 172.18.0.100 28/Nov/2025/14/48/44 GET /v1/AUTH_45ed45c34a424f09ae062475496b278a/gnocchi.e200b459-00bc-441f-bd83-9a9fddb44c8b/none_v3 HTTP/1.0 404 - python-swiftclient-3.11.1 gAAAAABpKbYGFW-r... - 70 - txd1357c7d42614f659ad82-006929b64c - 0.0101 - - 1764341324.469468355 1764341324.479594469 0
Nov 28 14:48:44 standalone account-server[127245]: 172.20.0.100 - - [28/Nov/2025:14:48:44 +0000] "PUT /d1/103/AUTH_45ed45c34a424f09ae062475496b278a/gnocchi.e200b459-00bc-441f-bd83-9a9fddb44c8b" 201 - "PUT http://172.20.0.100:6001/d1/455/AUTH_45ed45c34a424f09ae062475496b278a/gnocchi.e200b459-00bc-441f-bd83-9a9fddb44c8b" "tx4f9a8035c3454a6794f5a-006929b64c" "container-server 21" 0.0080 "-" 22 0
Nov 28 14:48:44 standalone container-server[127402]: 172.20.0.100 - - [28/Nov/2025:14:48:44 +0000] "PUT /d1/455/AUTH_45ed45c34a424f09ae062475496b278a/gnocchi.e200b459-00bc-441f-bd83-9a9fddb44c8b" 201 - "PUT http://172.18.0.2:8080/v1/AUTH_45ed45c34a424f09ae062475496b278a/gnocchi.e200b459-00bc-441f-bd83-9a9fddb44c8b" "tx4f9a8035c3454a6794f5a-006929b64c" "proxy-server 12" 0.0207 "-" 21 0
Nov 28 14:48:44 standalone proxy-server[129334]: 172.18.0.2 172.18.0.100 28/Nov/2025/14/48/44 PUT /v1/AUTH_45ed45c34a424f09ae062475496b278a/gnocchi.e200b459-00bc-441f-bd83-9a9fddb44c8b HTTP/1.0 201 - python-swiftclient-3.11.1 gAAAAABpKbYGFW-r... - - - tx4f9a8035c3454a6794f5a-006929b64c - 0.0253 - - 1764341324.484963894 1764341324.510298967 0
Nov 28 14:48:44 standalone container-server[127397]: 172.20.0.100 - - [28/Nov/2025:14:48:44 +0000] "HEAD /d1/455/AUTH_45ed45c34a424f09ae062475496b278a/gnocchi.e200b459-00bc-441f-bd83-9a9fddb44c8b" 204 - "HEAD http://172.18.0.2:8080/v1/AUTH_45ed45c34a424f09ae062475496b278a/gnocchi.e200b459-00bc-441f-bd83-9a9fddb44c8b?format=json&states=listing" "tx0b1f86014a494ad69c318-006929b64c" "proxy-server 12" 0.0026 "-" 20 0
Nov 28 14:48:44 standalone proxy-server[129334]: - - 28/Nov/2025/14/48/44 HEAD /v1/AUTH_45ed45c34a424f09ae062475496b278a/gnocchi.e200b459-00bc-441f-bd83-9a9fddb44c8b%3Fformat%3Djson%26states%3Dlisting HTTP/1.0 204 - Swift - - - - tx0b1f86014a494ad69c318-006929b64c - 0.0064 RL - 1764341324.516098022 1764341324.522485971 0
Nov 28 14:48:44 standalone container-server[127408]: 172.20.0.100 - - [28/Nov/2025:14:48:44 +0000] "GET /d1/455/AUTH_45ed45c34a424f09ae062475496b278a/gnocchi.e200b459-00bc-441f-bd83-9a9fddb44c8b" 200 2 "GET http://172.18.0.2:8080/v1/AUTH_45ed45c34a424f09ae062475496b278a/gnocchi.e200b459-00bc-441f-bd83-9a9fddb44c8b?format=json&states=listing" "tx0b1f86014a494ad69c318-006929b64c" "proxy-server 12" 0.0046 "-" 22 0
Nov 28 14:48:44 standalone proxy-server[129334]: 172.18.0.2 172.18.0.100 28/Nov/2025/14/48/44 GET /v1/AUTH_45ed45c34a424f09ae062475496b278a/gnocchi.e200b459-00bc-441f-bd83-9a9fddb44c8b%3Fformat%3Djson%26states%3Dlisting HTTP/1.0 200 - python-swiftclient-3.11.1 gAAAAABpKbYGFW-r... - 2 - tx0b1f86014a494ad69c318-006929b64c - 0.0188 - - 1764341324.515162945 1764341324.533920050 0
Nov 28 14:48:44 standalone object-server[127585]: 172.20.0.100 - - [28/Nov/2025:14:48:44 +0000] "GET /d1/68/AUTH_45ed45c34a424f09ae062475496b278a/gnocchi.e200b459-00bc-441f-bd83-9a9fddb44c8b/1763640000.0_mean_300.0_v3" 404 70 "GET http://172.18.0.2:8080/v1/AUTH_45ed45c34a424f09ae062475496b278a/gnocchi.e200b459-00bc-441f-bd83-9a9fddb44c8b/1763640000.0_mean_300.0_v3" "tx6ad81227ba81481793fc8-006929b64c" "proxy-server 12" 0.0004 "-" 25 0
Nov 28 14:48:44 standalone proxy-server[129334]: 172.18.0.2 172.18.0.100 28/Nov/2025/14/48/44 GET /v1/AUTH_45ed45c34a424f09ae062475496b278a/gnocchi.e200b459-00bc-441f-bd83-9a9fddb44c8b/1763640000.0_mean_300.0_v3 HTTP/1.0 404 - python-swiftclient-3.11.1 gAAAAABpKbYGFW-r... - 70 - tx6ad81227ba81481793fc8-006929b64c - 0.0072 - - 1764341324.540027857 1764341324.547199011 0
Nov 28 14:48:44 standalone container-server[127402]: 172.20.0.100 - - [28/Nov/2025:14:48:44 +0000] "PUT /d1/455/AUTH_45ed45c34a424f09ae062475496b278a/gnocchi.e200b459-00bc-441f-bd83-9a9fddb44c8b/1763640000.0_mean_300.0_v3" 201 - "PUT http://172.18.0.2:8080/d1/68/AUTH_45ed45c34a424f09ae062475496b278a/gnocchi.e200b459-00bc-441f-bd83-9a9fddb44c8b/1763640000.0_mean_300.0_v3" "tx3bf8eaff309142dc8dc1e-006929b64c" "object-server 25" 0.0007 "-" 21 0
Nov 28 14:48:44 standalone object-server[127585]: 172.20.0.100 - - [28/Nov/2025:14:48:44 +0000] "PUT /d1/68/AUTH_45ed45c34a424f09ae062475496b278a/gnocchi.e200b459-00bc-441f-bd83-9a9fddb44c8b/1763640000.0_mean_300.0_v3" 201 - "PUT http://172.18.0.2:8080/v1/AUTH_45ed45c34a424f09ae062475496b278a/gnocchi.e200b459-00bc-441f-bd83-9a9fddb44c8b/1763640000.0_mean_300.0_v3" "tx3bf8eaff309142dc8dc1e-006929b64c" "proxy-server 12" 0.0129 "-" 25 0
Nov 28 14:48:44 standalone proxy-server[129334]: 172.18.0.2 172.18.0.100 28/Nov/2025/14/48/44 PUT /v1/AUTH_45ed45c34a424f09ae062475496b278a/gnocchi.e200b459-00bc-441f-bd83-9a9fddb44c8b/1763640000.0_mean_300.0_v3 HTTP/1.0 201 - python-swiftclient-3.11.1 gAAAAABpKbYGFW-r... 16 - - tx3bf8eaff309142dc8dc1e-006929b64c - 0.0189 - - 1764341324.550835609 1764341324.569705009 0
Nov 28 14:48:44 standalone container-server[127402]: 172.20.0.100 - - [28/Nov/2025:14:48:44 +0000] "PUT /d1/455/AUTH_45ed45c34a424f09ae062475496b278a/gnocchi.e200b459-00bc-441f-bd83-9a9fddb44c8b/none_v3" 201 - "PUT http://172.18.0.2:8080/d1/76/AUTH_45ed45c34a424f09ae062475496b278a/gnocchi.e200b459-00bc-441f-bd83-9a9fddb44c8b/none_v3" "txa7e9e81c39944d018bf79-006929b64c" "object-server 22" 0.0006 "-" 21 0
Nov 28 14:48:44 standalone object-server[127582]: 172.20.0.100 - - [28/Nov/2025:14:48:44 +0000] "PUT /d1/76/AUTH_45ed45c34a424f09ae062475496b278a/gnocchi.e200b459-00bc-441f-bd83-9a9fddb44c8b/none_v3" 201 - "PUT http://172.18.0.2:8080/v1/AUTH_45ed45c34a424f09ae062475496b278a/gnocchi.e200b459-00bc-441f-bd83-9a9fddb44c8b/none_v3" "txa7e9e81c39944d018bf79-006929b64c" "proxy-server 12" 0.0086 "-" 22 0
Nov 28 14:48:44 standalone proxy-server[129334]: 172.18.0.2 172.18.0.100 28/Nov/2025/14/48/44 PUT /v1/AUTH_45ed45c34a424f09ae062475496b278a/gnocchi.e200b459-00bc-441f-bd83-9a9fddb44c8b/none_v3 HTTP/1.0 201 - python-swiftclient-3.11.1 gAAAAABpKbYGFW-r... 22 - - txa7e9e81c39944d018bf79-006929b64c - 0.0143 - - 1764341324.574541092 1764341324.588829756 0
Nov 28 14:48:44 standalone container-server[127408]: 172.20.0.100 - - [28/Nov/2025:14:48:44 +0000] "HEAD /d1/318/AUTH_45ed45c34a424f09ae062475496b278a/gnocchi.96a616c3-7286-4fd7-98fe-96a32d605502" 404 - "HEAD http://172.18.0.2:8080/v1/AUTH_45ed45c34a424f09ae062475496b278a/gnocchi.96a616c3-7286-4fd7-98fe-96a32d605502?format=json&states=listing" "tx0c2b0fe9e4394e1f80001-006929b64c" "proxy-server 12" 0.0005 "-" 22 0
Nov 28 14:48:44 standalone object-server[127582]: 172.20.0.100 - - [28/Nov/2025:14:48:44 +0000] "GET /d1/855/AUTH_45ed45c34a424f09ae062475496b278a/gnocchi.96a616c3-7286-4fd7-98fe-96a32d605502/none_v3" 404 70 "GET http://172.18.0.2:8080/v1/AUTH_45ed45c34a424f09ae062475496b278a/gnocchi.96a616c3-7286-4fd7-98fe-96a32d605502/none_v3" "tx0c2b0fe9e4394e1f80001-006929b64c" "proxy-server 12" 0.0003 "-" 22 0
Nov 28 14:48:44 standalone proxy-server[129334]: 172.18.0.2 172.18.0.100 28/Nov/2025/14/48/44 GET /v1/AUTH_45ed45c34a424f09ae062475496b278a/gnocchi.96a616c3-7286-4fd7-98fe-96a32d605502/none_v3 HTTP/1.0 404 - python-swiftclient-3.11.1 gAAAAABpKbYGFW-r... - 70 - tx0c2b0fe9e4394e1f80001-006929b64c - 0.0082 - - 1764341324.609844685 1764341324.618077517 0
Nov 28 14:48:44 standalone account-server[127245]: 172.20.0.100 - - [28/Nov/2025:14:48:44 +0000] "PUT /d1/103/AUTH_45ed45c34a424f09ae062475496b278a/gnocchi.96a616c3-7286-4fd7-98fe-96a32d605502" 201 - "PUT http://172.20.0.100:6001/d1/318/AUTH_45ed45c34a424f09ae062475496b278a/gnocchi.96a616c3-7286-4fd7-98fe-96a32d605502" "tx6c592d21a6b44819bf45c-006929b64c" "container-server 21" 0.0099 "-" 22 0
Nov 28 14:48:44 standalone container-server[127402]: 172.20.0.100 - - [28/Nov/2025:14:48:44 +0000] "PUT /d1/318/AUTH_45ed45c34a424f09ae062475496b278a/gnocchi.96a616c3-7286-4fd7-98fe-96a32d605502" 201 - "PUT http://172.18.0.2:8080/v1/AUTH_45ed45c34a424f09ae062475496b278a/gnocchi.96a616c3-7286-4fd7-98fe-96a32d605502" "tx6c592d21a6b44819bf45c-006929b64c" "proxy-server 12" 0.0208 "-" 21 0
Nov 28 14:48:44 standalone proxy-server[129334]: 172.18.0.2 172.18.0.100 28/Nov/2025/14/48/44 PUT /v1/AUTH_45ed45c34a424f09ae062475496b278a/gnocchi.96a616c3-7286-4fd7-98fe-96a32d605502 HTTP/1.0 201 - python-swiftclient-3.11.1 gAAAAABpKbYGFW-r... - - - tx6c592d21a6b44819bf45c-006929b64c - 0.0269 - - 1764341324.623464823 1764341324.650345564 0
Nov 28 14:48:44 standalone container-server[127397]: 172.20.0.100 - - [28/Nov/2025:14:48:44 +0000] "HEAD /d1/318/AUTH_45ed45c34a424f09ae062475496b278a/gnocchi.96a616c3-7286-4fd7-98fe-96a32d605502" 204 - "HEAD http://172.18.0.2:8080/v1/AUTH_45ed45c34a424f09ae062475496b278a/gnocchi.96a616c3-7286-4fd7-98fe-96a32d605502?format=json&states=listing" "tx336826536b584c4c9f007-006929b64c" "proxy-server 12" 0.0014 "-" 20 0
Nov 28 14:48:44 standalone proxy-server[129334]: - - 28/Nov/2025/14/48/44 HEAD /v1/AUTH_45ed45c34a424f09ae062475496b278a/gnocchi.96a616c3-7286-4fd7-98fe-96a32d605502%3Fformat%3Djson%26states%3Dlisting HTTP/1.0 204 - Swift - - - - tx336826536b584c4c9f007-006929b64c - 0.0074 RL - 1764341324.657914162 1764341324.665275335 0
Nov 28 14:48:44 standalone container-server[127408]: 172.20.0.100 - - [28/Nov/2025:14:48:44 +0000] "GET /d1/318/AUTH_45ed45c34a424f09ae062475496b278a/gnocchi.96a616c3-7286-4fd7-98fe-96a32d605502" 200 2 "GET http://172.18.0.2:8080/v1/AUTH_45ed45c34a424f09ae062475496b278a/gnocchi.96a616c3-7286-4fd7-98fe-96a32d605502?format=json&states=listing" "tx336826536b584c4c9f007-006929b64c" "proxy-server 12" 0.0032 "-" 22 0
Nov 28 14:48:44 standalone proxy-server[129334]: 172.18.0.2 172.18.0.100 28/Nov/2025/14/48/44 GET /v1/AUTH_45ed45c34a424f09ae062475496b278a/gnocchi.96a616c3-7286-4fd7-98fe-96a32d605502%3Fformat%3Djson%26states%3Dlisting HTTP/1.0 200 - python-swiftclient-3.11.1 gAAAAABpKbYGFW-r... - 2 - tx336826536b584c4c9f007-006929b64c - 0.0219 - - 1764341324.656417608 1764341324.678282261 0
Nov 28 14:48:44 standalone object-server[127582]: 172.20.0.100 - - [28/Nov/2025:14:48:44 +0000] "GET /d1/676/AUTH_45ed45c34a424f09ae062475496b278a/gnocchi.96a616c3-7286-4fd7-98fe-96a32d605502/1763640000.0_mean_300.0_v3" 404 70 "GET http://172.18.0.2:8080/v1/AUTH_45ed45c34a424f09ae062475496b278a/gnocchi.96a616c3-7286-4fd7-98fe-96a32d605502/1763640000.0_mean_300.0_v3" "txec8f9b0aa01843a99543c-006929b64c" "proxy-server 12" 0.0003 "-" 22 0
Nov 28 14:48:44 standalone proxy-server[129334]: 172.18.0.2 172.18.0.100 28/Nov/2025/14/48/44 GET /v1/AUTH_45ed45c34a424f09ae062475496b278a/gnocchi.96a616c3-7286-4fd7-98fe-96a32d605502/1763640000.0_mean_300.0_v3 HTTP/1.0 404 - python-swiftclient-3.11.1 gAAAAABpKbYGFW-r... - 70 - txec8f9b0aa01843a99543c-006929b64c - 0.0107 - - 1764341324.687180996 1764341324.697877407 0
Nov 28 14:48:44 standalone container-server[127388]: 172.20.0.100 - - [28/Nov/2025:14:48:44 +0000] "PUT /d1/318/AUTH_45ed45c34a424f09ae062475496b278a/gnocchi.96a616c3-7286-4fd7-98fe-96a32d605502/1763640000.0_mean_300.0_v3" 201 - "PUT http://172.18.0.2:8080/d1/676/AUTH_45ed45c34a424f09ae062475496b278a/gnocchi.96a616c3-7286-4fd7-98fe-96a32d605502/1763640000.0_mean_300.0_v3" "txd9ee299b7a134ce9a7783-006929b64c" "object-server 24" 0.0009 "-" 17 0
Nov 28 14:48:44 standalone object-server[127584]: 172.20.0.100 - - [28/Nov/2025:14:48:44 +0000] "PUT /d1/676/AUTH_45ed45c34a424f09ae062475496b278a/gnocchi.96a616c3-7286-4fd7-98fe-96a32d605502/1763640000.0_mean_300.0_v3" 201 - "PUT http://172.18.0.2:8080/v1/AUTH_45ed45c34a424f09ae062475496b278a/gnocchi.96a616c3-7286-4fd7-98fe-96a32d605502/1763640000.0_mean_300.0_v3" "txd9ee299b7a134ce9a7783-006929b64c" "proxy-server 12" 0.0143 "-" 24 0
Nov 28 14:48:44 standalone proxy-server[129334]: 172.18.0.2 172.18.0.100 28/Nov/2025/14/48/44 PUT /v1/AUTH_45ed45c34a424f09ae062475496b278a/gnocchi.96a616c3-7286-4fd7-98fe-96a32d605502/1763640000.0_mean_300.0_v3 HTTP/1.0 201 - python-swiftclient-3.11.1 gAAAAABpKbYGFW-r... 16 - - txd9ee299b7a134ce9a7783-006929b64c - 0.0219 - - 1764341324.702039957 1764341324.723936319 0
Nov 28 14:48:44 standalone container-server[127397]: 172.20.0.100 - - [28/Nov/2025:14:48:44 +0000] "PUT /d1/318/AUTH_45ed45c34a424f09ae062475496b278a/gnocchi.96a616c3-7286-4fd7-98fe-96a32d605502/none_v3" 201 - "PUT http://172.18.0.2:8080/d1/855/AUTH_45ed45c34a424f09ae062475496b278a/gnocchi.96a616c3-7286-4fd7-98fe-96a32d605502/none_v3" "tx2fc0318e288f4e53aa2a1-006929b64c" "object-server 25" 0.0007 "-" 20 0
Nov 28 14:48:44 standalone object-server[127585]: 172.20.0.100 - - [28/Nov/2025:14:48:44 +0000] "PUT /d1/855/AUTH_45ed45c34a424f09ae062475496b278a/gnocchi.96a616c3-7286-4fd7-98fe-96a32d605502/none_v3" 201 - "PUT http://172.18.0.2:8080/v1/AUTH_45ed45c34a424f09ae062475496b278a/gnocchi.96a616c3-7286-4fd7-98fe-96a32d605502/none_v3" "tx2fc0318e288f4e53aa2a1-006929b64c" "proxy-server 12" 0.0159 "-" 25 0
Nov 28 14:48:44 standalone proxy-server[129334]: 172.18.0.2 172.18.0.100 28/Nov/2025/14/48/44 PUT /v1/AUTH_45ed45c34a424f09ae062475496b278a/gnocchi.96a616c3-7286-4fd7-98fe-96a32d605502/none_v3 HTTP/1.0 201 - python-swiftclient-3.11.1 gAAAAABpKbYGFW-r... 22 - - tx2fc0318e288f4e53aa2a1-006929b64c - 0.0263 - - 1764341324.728914738 1764341324.755223036 0
Nov 28 14:48:44 standalone container-server[127402]: 172.20.0.100 - - [28/Nov/2025:14:48:44 +0000] "HEAD /d1/311/AUTH_45ed45c34a424f09ae062475496b278a/gnocchi.3131770d-ff52-4e78-a04b-bfb0e7890397" 404 - "HEAD http://172.18.0.2:8080/v1/AUTH_45ed45c34a424f09ae062475496b278a/gnocchi.3131770d-ff52-4e78-a04b-bfb0e7890397?format=json&states=listing" "tx0b50b71b2d11402fa2d27-006929b64c" "proxy-server 12" 0.0005 "-" 21 0
Nov 28 14:48:44 standalone object-server[127584]: 172.20.0.100 - - [28/Nov/2025:14:48:44 +0000] "GET /d1/54/AUTH_45ed45c34a424f09ae062475496b278a/gnocchi.3131770d-ff52-4e78-a04b-bfb0e7890397/none_v3" 404 70 "GET http://172.18.0.2:8080/v1/AUTH_45ed45c34a424f09ae062475496b278a/gnocchi.3131770d-ff52-4e78-a04b-bfb0e7890397/none_v3" "tx0b50b71b2d11402fa2d27-006929b64c" "proxy-server 12" 0.0009 "-" 24 0
Nov 28 14:48:44 standalone proxy-server[129334]: 172.18.0.2 172.18.0.100 28/Nov/2025/14/48/44 GET /v1/AUTH_45ed45c34a424f09ae062475496b278a/gnocchi.3131770d-ff52-4e78-a04b-bfb0e7890397/none_v3 HTTP/1.0 404 - python-swiftclient-3.11.1 gAAAAABpKbYGFW-r... - 70 - tx0b50b71b2d11402fa2d27-006929b64c - 0.0157 - - 1764341324.772319317 1764341324.787985802 0
Nov 28 14:48:44 standalone account-server[127240]: 172.20.0.100 - - [28/Nov/2025:14:48:44 +0000] "PUT /d1/103/AUTH_45ed45c34a424f09ae062475496b278a/gnocchi.3131770d-ff52-4e78-a04b-bfb0e7890397" 201 - "PUT http://172.20.0.100:6001/d1/311/AUTH_45ed45c34a424f09ae062475496b278a/gnocchi.3131770d-ff52-4e78-a04b-bfb0e7890397" "txb6152369dad74b14aa526-006929b64c" "container-server 22" 0.0061 "-" 21 0
Nov 28 14:48:44 standalone container-server[127408]: 172.20.0.100 - - [28/Nov/2025:14:48:44 +0000] "PUT /d1/311/AUTH_45ed45c34a424f09ae062475496b278a/gnocchi.3131770d-ff52-4e78-a04b-bfb0e7890397" 201 - "PUT http://172.18.0.2:8080/v1/AUTH_45ed45c34a424f09ae062475496b278a/gnocchi.3131770d-ff52-4e78-a04b-bfb0e7890397" "txb6152369dad74b14aa526-006929b64c" "proxy-server 12" 0.0208 "-" 22 0
Nov 28 14:48:44 standalone proxy-server[129334]: 172.18.0.2 172.18.0.100 28/Nov/2025/14/48/44 PUT /v1/AUTH_45ed45c34a424f09ae062475496b278a/gnocchi.3131770d-ff52-4e78-a04b-bfb0e7890397 HTTP/1.0 201 - python-swiftclient-3.11.1 gAAAAABpKbYGFW-r... - - - txb6152369dad74b14aa526-006929b64c - 0.0280 - - 1764341324.791872263 1764341324.819920301 0
Nov 28 14:48:44 standalone container-server[127408]: 172.20.0.100 - - [28/Nov/2025:14:48:44 +0000] "HEAD /d1/311/AUTH_45ed45c34a424f09ae062475496b278a/gnocchi.3131770d-ff52-4e78-a04b-bfb0e7890397" 204 - "HEAD http://172.18.0.2:8080/v1/AUTH_45ed45c34a424f09ae062475496b278a/gnocchi.3131770d-ff52-4e78-a04b-bfb0e7890397?format=json&states=listing" "txf9611265d7cf42a38c79d-006929b64c" "proxy-server 12" 0.0031 "-" 22 0
Nov 28 14:48:44 standalone proxy-server[129334]: - - 28/Nov/2025/14/48/44 HEAD /v1/AUTH_45ed45c34a424f09ae062475496b278a/gnocchi.3131770d-ff52-4e78-a04b-bfb0e7890397%3Fformat%3Djson%26states%3Dlisting HTTP/1.0 204 - Swift - - - - txf9611265d7cf42a38c79d-006929b64c - 0.0096 RL - 1764341324.832647085 1764341324.842278242 0
Nov 28 14:48:44 standalone container-server[127402]: 172.20.0.100 - - [28/Nov/2025:14:48:44 +0000] "GET /d1/311/AUTH_45ed45c34a424f09ae062475496b278a/gnocchi.3131770d-ff52-4e78-a04b-bfb0e7890397" 200 2 "GET http://172.18.0.2:8080/v1/AUTH_45ed45c34a424f09ae062475496b278a/gnocchi.3131770d-ff52-4e78-a04b-bfb0e7890397?format=json&states=listing" "txf9611265d7cf42a38c79d-006929b64c" "proxy-server 12" 0.0058 "-" 21 0
Nov 28 14:48:44 standalone proxy-server[129334]: 172.18.0.2 172.18.0.100 28/Nov/2025/14/48/44 GET /v1/AUTH_45ed45c34a424f09ae062475496b278a/gnocchi.3131770d-ff52-4e78-a04b-bfb0e7890397%3Fformat%3Djson%26states%3Dlisting HTTP/1.0 200 - python-swiftclient-3.11.1 gAAAAABpKbYGFW-r... - 2 - txf9611265d7cf42a38c79d-006929b64c - 0.0226 - - 1764341324.831078768 1764341324.853686810 0
Nov 28 14:48:44 standalone object-server[127584]: 172.20.0.100 - - [28/Nov/2025:14:48:44 +0000] "GET /d1/641/AUTH_45ed45c34a424f09ae062475496b278a/gnocchi.3131770d-ff52-4e78-a04b-bfb0e7890397/1763640000.0_mean_300.0_v3" 404 70 "GET http://172.18.0.2:8080/v1/AUTH_45ed45c34a424f09ae062475496b278a/gnocchi.3131770d-ff52-4e78-a04b-bfb0e7890397/1763640000.0_mean_300.0_v3" "tx56316a4e775c418ba2906-006929b64c" "proxy-server 12" 0.0005 "-" 24 0
Nov 28 14:48:44 standalone proxy-server[129334]: 172.18.0.2 172.18.0.100 28/Nov/2025/14/48/44 GET /v1/AUTH_45ed45c34a424f09ae062475496b278a/gnocchi.3131770d-ff52-4e78-a04b-bfb0e7890397/1763640000.0_mean_300.0_v3 HTTP/1.0 404 - python-swiftclient-3.11.1 gAAAAABpKbYGFW-r... - 70 - tx56316a4e775c418ba2906-006929b64c - 0.0052 - - 1764341324.857876301 1764341324.863065004 0
Nov 28 14:48:44 standalone container-server[127388]: 172.20.0.100 - - [28/Nov/2025:14:48:44 +0000] "PUT /d1/311/AUTH_45ed45c34a424f09ae062475496b278a/gnocchi.3131770d-ff52-4e78-a04b-bfb0e7890397/1763640000.0_mean_300.0_v3" 201 - "PUT http://172.18.0.2:8080/d1/641/AUTH_45ed45c34a424f09ae062475496b278a/gnocchi.3131770d-ff52-4e78-a04b-bfb0e7890397/1763640000.0_mean_300.0_v3" "tx7e557bc0425d4ab2ac233-006929b64c" "object-server 22" 0.0009 "-" 17 0
Nov 28 14:48:44 standalone object-server[127582]: 172.20.0.100 - - [28/Nov/2025:14:48:44 +0000] "PUT /d1/641/AUTH_45ed45c34a424f09ae062475496b278a/gnocchi.3131770d-ff52-4e78-a04b-bfb0e7890397/1763640000.0_mean_300.0_v3" 201 - "PUT http://172.18.0.2:8080/v1/AUTH_45ed45c34a424f09ae062475496b278a/gnocchi.3131770d-ff52-4e78-a04b-bfb0e7890397/1763640000.0_mean_300.0_v3" "tx7e557bc0425d4ab2ac233-006929b64c" "proxy-server 12" 0.0129 "-" 22 0
Nov 28 14:48:44 standalone proxy-server[129334]: 172.18.0.2 172.18.0.100 28/Nov/2025/14/48/44 PUT /v1/AUTH_45ed45c34a424f09ae062475496b278a/gnocchi.3131770d-ff52-4e78-a04b-bfb0e7890397/1763640000.0_mean_300.0_v3 HTTP/1.0 201 - python-swiftclient-3.11.1 gAAAAABpKbYGFW-r... 16 - - tx7e557bc0425d4ab2ac233-006929b64c - 0.0193 - - 1764341324.865940332 1764341324.885197878 0
Nov 28 14:48:44 standalone container-server[127397]: 172.20.0.100 - - [28/Nov/2025:14:48:44 +0000] "PUT /d1/311/AUTH_45ed45c34a424f09ae062475496b278a/gnocchi.3131770d-ff52-4e78-a04b-bfb0e7890397/none_v3" 201 - "PUT http://172.18.0.2:8080/d1/54/AUTH_45ed45c34a424f09ae062475496b278a/gnocchi.3131770d-ff52-4e78-a04b-bfb0e7890397/none_v3" "tx169d8f4fe0ff4d5cbbc54-006929b64c" "object-server 25" 0.0010 "-" 20 0
Nov 28 14:48:44 standalone object-server[127585]: 172.20.0.100 - - [28/Nov/2025:14:48:44 +0000] "PUT /d1/54/AUTH_45ed45c34a424f09ae062475496b278a/gnocchi.3131770d-ff52-4e78-a04b-bfb0e7890397/none_v3" 201 - "PUT http://172.18.0.2:8080/v1/AUTH_45ed45c34a424f09ae062475496b278a/gnocchi.3131770d-ff52-4e78-a04b-bfb0e7890397/none_v3" "tx169d8f4fe0ff4d5cbbc54-006929b64c" "proxy-server 12" 0.0142 "-" 25 0
Nov 28 14:48:44 standalone proxy-server[129334]: 172.18.0.2 172.18.0.100 28/Nov/2025/14/48/44 PUT /v1/AUTH_45ed45c34a424f09ae062475496b278a/gnocchi.3131770d-ff52-4e78-a04b-bfb0e7890397/none_v3 HTTP/1.0 201 - python-swiftclient-3.11.1 gAAAAABpKbYGFW-r... 22 - - tx169d8f4fe0ff4d5cbbc54-006929b64c - 0.0245 - - 1764341324.888743401 1764341324.913244486 0
Nov 28 14:48:46 standalone account-server[127240]: 172.20.0.100 - - [28/Nov/2025:14:48:46 +0000] "HEAD /d1/860/.expiring_objects" 404 - "HEAD http://localhost/v1/.expiring_objects?format=json" "tx47c6fd30b2b84c7a96856-006929b64e" "proxy-server 2" 0.0008 "-" 21 -
Nov 28 14:48:46 standalone object-expirer[127320]: Pass completed in 0s; 0 objects expired (txn: tx47c6fd30b2b84c7a96856-006929b64e)
Nov 28 14:49:12 standalone container-server[127402]: 172.20.0.100 - - [28/Nov/2025:14:49:12 +0000] "HEAD /d1/905/AUTH_45ed45c34a424f09ae062475496b278a/gnocchi.1662acba-eb15-4e61-9ffc-b1b92a3a5b5f" 404 - "HEAD http://172.18.0.2:8080/v1/AUTH_45ed45c34a424f09ae062475496b278a/gnocchi.1662acba-eb15-4e61-9ffc-b1b92a3a5b5f?format=json&states=listing" "tx6125aa3996a54a849aafe-006929b668" "proxy-server 12" 0.0007 "-" 21 0
Nov 28 14:49:12 standalone object-server[127584]: 172.20.0.100 - - [28/Nov/2025:14:49:12 +0000] "GET /d1/882/AUTH_45ed45c34a424f09ae062475496b278a/gnocchi.1662acba-eb15-4e61-9ffc-b1b92a3a5b5f/none_v3" 404 70 "GET http://172.18.0.2:8080/v1/AUTH_45ed45c34a424f09ae062475496b278a/gnocchi.1662acba-eb15-4e61-9ffc-b1b92a3a5b5f/none_v3" "tx6125aa3996a54a849aafe-006929b668" "proxy-server 12" 0.0005 "-" 24 0
Nov 28 14:49:12 standalone proxy-server[129334]: 172.18.0.2 172.18.0.100 28/Nov/2025/14/49/12 GET /v1/AUTH_45ed45c34a424f09ae062475496b278a/gnocchi.1662acba-eb15-4e61-9ffc-b1b92a3a5b5f/none_v3 HTTP/1.0 404 - python-swiftclient-3.11.1 gAAAAABpKbYGFW-r... - 70 - tx6125aa3996a54a849aafe-006929b668 - 0.0139 - - 1764341352.209715128 1764341352.223587036 0
Nov 28 14:49:12 standalone account-server[127255]: 172.20.0.100 - - [28/Nov/2025:14:49:12 +0000] "PUT /d1/103/AUTH_45ed45c34a424f09ae062475496b278a/gnocchi.1662acba-eb15-4e61-9ffc-b1b92a3a5b5f" 201 - "PUT http://172.20.0.100:6001/d1/905/AUTH_45ed45c34a424f09ae062475496b278a/gnocchi.1662acba-eb15-4e61-9ffc-b1b92a3a5b5f" "tx24d0ae5126f042afafa2f-006929b668" "container-server 21" 0.0053 "-" 23 0
Nov 28 14:49:12 standalone container-server[127402]: 172.20.0.100 - - [28/Nov/2025:14:49:12 +0000] "PUT /d1/905/AUTH_45ed45c34a424f09ae062475496b278a/gnocchi.1662acba-eb15-4e61-9ffc-b1b92a3a5b5f" 201 - "PUT http://172.18.0.2:8080/v1/AUTH_45ed45c34a424f09ae062475496b278a/gnocchi.1662acba-eb15-4e61-9ffc-b1b92a3a5b5f" "tx24d0ae5126f042afafa2f-006929b668" "proxy-server 12" 0.0136 "-" 21 0
Nov 28 14:49:12 standalone proxy-server[129334]: 172.18.0.2 172.18.0.100 28/Nov/2025/14/49/12 PUT /v1/AUTH_45ed45c34a424f09ae062475496b278a/gnocchi.1662acba-eb15-4e61-9ffc-b1b92a3a5b5f HTTP/1.0 201 - python-swiftclient-3.11.1 gAAAAABpKbYGFW-r... - - - tx24d0ae5126f042afafa2f-006929b668 - 0.0174 - - 1764341352.226304770 1764341352.243728876 0
Nov 28 14:49:12 standalone container-server[127388]: 172.20.0.100 - - [28/Nov/2025:14:49:12 +0000] "HEAD /d1/905/AUTH_45ed45c34a424f09ae062475496b278a/gnocchi.1662acba-eb15-4e61-9ffc-b1b92a3a5b5f" 204 - "HEAD http://172.18.0.2:8080/v1/AUTH_45ed45c34a424f09ae062475496b278a/gnocchi.1662acba-eb15-4e61-9ffc-b1b92a3a5b5f?format=json&states=listing" "tx9b604129b44048e5ba5de-006929b668" "proxy-server 12" 0.0011 "-" 17 0
Nov 28 14:49:12 standalone proxy-server[129334]: - - 28/Nov/2025/14/49/12 HEAD /v1/AUTH_45ed45c34a424f09ae062475496b278a/gnocchi.1662acba-eb15-4e61-9ffc-b1b92a3a5b5f%3Fformat%3Djson%26states%3Dlisting HTTP/1.0 204 - Swift - - - - tx9b604129b44048e5ba5de-006929b668 - 0.0034 RL - 1764341352.246710062 1764341352.250115633 0
Nov 28 14:49:12 standalone container-server[127408]: 172.20.0.100 - - [28/Nov/2025:14:49:12 +0000] "GET /d1/905/AUTH_45ed45c34a424f09ae062475496b278a/gnocchi.1662acba-eb15-4e61-9ffc-b1b92a3a5b5f" 200 2 "GET http://172.18.0.2:8080/v1/AUTH_45ed45c34a424f09ae062475496b278a/gnocchi.1662acba-eb15-4e61-9ffc-b1b92a3a5b5f?format=json&states=listing" "tx9b604129b44048e5ba5de-006929b668" "proxy-server 12" 0.0018 "-" 22 0
Nov 28 14:49:12 standalone proxy-server[129334]: 172.18.0.2 172.18.0.100 28/Nov/2025/14/49/12 GET /v1/AUTH_45ed45c34a424f09ae062475496b278a/gnocchi.1662acba-eb15-4e61-9ffc-b1b92a3a5b5f%3Fformat%3Djson%26states%3Dlisting HTTP/1.0 200 - python-swiftclient-3.11.1 gAAAAABpKbYGFW-r... - 2 - tx9b604129b44048e5ba5de-006929b668 - 0.0123 - - 1764341352.245866537 1764341352.258211374 0
Nov 28 14:49:12 standalone object-server[127583]: 172.20.0.100 - - [28/Nov/2025:14:49:12 +0000] "GET /d1/562/AUTH_45ed45c34a424f09ae062475496b278a/gnocchi.1662acba-eb15-4e61-9ffc-b1b92a3a5b5f/1763640000.0_mean_300.0_v3" 404 70 "GET http://172.18.0.2:8080/v1/AUTH_45ed45c34a424f09ae062475496b278a/gnocchi.1662acba-eb15-4e61-9ffc-b1b92a3a5b5f/1763640000.0_mean_300.0_v3" "tx920ab54d52ea48149821f-006929b668" "proxy-server 12" 0.0003 "-" 23 0
Nov 28 14:49:12 standalone proxy-server[129334]: 172.18.0.2 172.18.0.100 28/Nov/2025/14/49/12 GET /v1/AUTH_45ed45c34a424f09ae062475496b278a/gnocchi.1662acba-eb15-4e61-9ffc-b1b92a3a5b5f/1763640000.0_mean_300.0_v3 HTTP/1.0 404 - python-swiftclient-3.11.1 gAAAAABpKbYGFW-r... - 70 - tx920ab54d52ea48149821f-006929b668 - 0.0051 - - 1764341352.260890484 1764341352.265955210 0
Nov 28 14:49:12 standalone container-server[127402]: 172.20.0.100 - - [28/Nov/2025:14:49:12 +0000] "PUT /d1/905/AUTH_45ed45c34a424f09ae062475496b278a/gnocchi.1662acba-eb15-4e61-9ffc-b1b92a3a5b5f/1763640000.0_mean_300.0_v3" 201 - "PUT http://172.18.0.2:8080/d1/562/AUTH_45ed45c34a424f09ae062475496b278a/gnocchi.1662acba-eb15-4e61-9ffc-b1b92a3a5b5f/1763640000.0_mean_300.0_v3" "txf6346e7ad4164bca9993d-006929b668" "object-server 25" 0.0005 "-" 21 0
Nov 28 14:49:12 standalone object-server[127585]: 172.20.0.100 - - [28/Nov/2025:14:49:12 +0000] "PUT /d1/562/AUTH_45ed45c34a424f09ae062475496b278a/gnocchi.1662acba-eb15-4e61-9ffc-b1b92a3a5b5f/1763640000.0_mean_300.0_v3" 201 - "PUT http://172.18.0.2:8080/v1/AUTH_45ed45c34a424f09ae062475496b278a/gnocchi.1662acba-eb15-4e61-9ffc-b1b92a3a5b5f/1763640000.0_mean_300.0_v3" "txf6346e7ad4164bca9993d-006929b668" "proxy-server 12" 0.0078 "-" 25 0
Nov 28 14:49:12 standalone proxy-server[129334]: 172.18.0.2 172.18.0.100 28/Nov/2025/14/49/12 PUT /v1/AUTH_45ed45c34a424f09ae062475496b278a/gnocchi.1662acba-eb15-4e61-9ffc-b1b92a3a5b5f/1763640000.0_mean_300.0_v3 HTTP/1.0 201 - python-swiftclient-3.11.1 gAAAAABpKbYGFW-r... 16 - - txf6346e7ad4164bca9993d-006929b668 - 0.0116 - - 1764341352.267741680 1764341352.279356241 0
Nov 28 14:49:12 standalone container-server[127397]: 172.20.0.100 - - [28/Nov/2025:14:49:12 +0000] "PUT /d1/905/AUTH_45ed45c34a424f09ae062475496b278a/gnocchi.1662acba-eb15-4e61-9ffc-b1b92a3a5b5f/none_v3" 201 - "PUT http://172.18.0.2:8080/d1/882/AUTH_45ed45c34a424f09ae062475496b278a/gnocchi.1662acba-eb15-4e61-9ffc-b1b92a3a5b5f/none_v3" "tx6629183afc1246158ca19-006929b668" "object-server 22" 0.0004 "-" 20 0
Nov 28 14:49:12 standalone object-server[127582]: 172.20.0.100 - - [28/Nov/2025:14:49:12 +0000] "PUT /d1/882/AUTH_45ed45c34a424f09ae062475496b278a/gnocchi.1662acba-eb15-4e61-9ffc-b1b92a3a5b5f/none_v3" 201 - "PUT http://172.18.0.2:8080/v1/AUTH_45ed45c34a424f09ae062475496b278a/gnocchi.1662acba-eb15-4e61-9ffc-b1b92a3a5b5f/none_v3" "tx6629183afc1246158ca19-006929b668" "proxy-server 12" 0.0115 "-" 22 0
Nov 28 14:49:12 standalone proxy-server[129334]: 172.18.0.2 172.18.0.100 28/Nov/2025/14/49/12 PUT /v1/AUTH_45ed45c34a424f09ae062475496b278a/gnocchi.1662acba-eb15-4e61-9ffc-b1b92a3a5b5f/none_v3 HTTP/1.0 201 - python-swiftclient-3.11.1 gAAAAABpKbYGFW-r... 22 - - tx6629183afc1246158ca19-006929b668 - 0.0158 - - 1764341352.284801006 1764341352.300589085 0
Nov 28 14:49:12 standalone object-server[127582]: 172.20.0.100 - - [28/Nov/2025:14:49:12 +0000] "GET /d1/880/AUTH_45ed45c34a424f09ae062475496b278a/gnocchi.3e3eeea4-a055-459b-9d5b-86094b9acda5/none_v3" 200 22 "GET http://172.18.0.2:8080/v1/AUTH_45ed45c34a424f09ae062475496b278a/gnocchi.3e3eeea4-a055-459b-9d5b-86094b9acda5/none_v3" "txa7521e42b10d43b19e9be-006929b668" "proxy-server 12" 0.0010 "-" 22 0
Nov 28 14:49:12 standalone proxy-server[129334]: 172.18.0.2 172.18.0.100 28/Nov/2025/14/49/12 GET /v1/AUTH_45ed45c34a424f09ae062475496b278a/gnocchi.3e3eeea4-a055-459b-9d5b-86094b9acda5/none_v3 HTTP/1.0 200 - python-swiftclient-3.11.1 gAAAAABpKbYGFW-r... - 22 - txa7521e42b10d43b19e9be-006929b668 - 0.0077 - - 1764341352.356502771 1764341352.364210844 0
Nov 28 14:49:12 standalone container-server[127388]: 172.20.0.100 - - [28/Nov/2025:14:49:12 +0000] "GET /d1/47/AUTH_45ed45c34a424f09ae062475496b278a/gnocchi.3e3eeea4-a055-459b-9d5b-86094b9acda5" 200 357 "GET http://172.18.0.2:8080/v1/AUTH_45ed45c34a424f09ae062475496b278a/gnocchi.3e3eeea4-a055-459b-9d5b-86094b9acda5?format=json&states=listing" "txcf078b16077f4f0daca19-006929b668" "proxy-server 12" 0.0132 "-" 17 0
Nov 28 14:49:12 standalone proxy-server[129334]: 172.18.0.2 172.18.0.100 28/Nov/2025/14/49/12 GET /v1/AUTH_45ed45c34a424f09ae062475496b278a/gnocchi.3e3eeea4-a055-459b-9d5b-86094b9acda5%3Fformat%3Djson%26states%3Dlisting HTTP/1.0 200 - python-swiftclient-3.11.1 gAAAAABpKbYGFW-r... - 357 - txcf078b16077f4f0daca19-006929b668 - 0.0178 - - 1764341352.367550373 1764341352.385341167 0
Nov 28 14:49:12 standalone container-server[127402]: 172.20.0.100 - - [28/Nov/2025:14:49:12 +0000] "GET /d1/47/AUTH_45ed45c34a424f09ae062475496b278a/gnocchi.3e3eeea4-a055-459b-9d5b-86094b9acda5" 200 2 "GET http://172.18.0.2:8080/v1/AUTH_45ed45c34a424f09ae062475496b278a/gnocchi.3e3eeea4-a055-459b-9d5b-86094b9acda5?format=json&marker=none_v3&states=listing" "tx963a0e085668411cb3728-006929b668" "proxy-server 12" 0.0016 "-" 21 0
Nov 28 14:49:12 standalone proxy-server[129334]: 172.18.0.2 172.18.0.100 28/Nov/2025/14/49/12 GET /v1/AUTH_45ed45c34a424f09ae062475496b278a/gnocchi.3e3eeea4-a055-459b-9d5b-86094b9acda5%3Fformat%3Djson%26marker%3Dnone_v3%26states%3Dlisting HTTP/1.0 200 - python-swiftclient-3.11.1 gAAAAABpKbYGFW-r... - 2 - tx963a0e085668411cb3728-006929b668 - 0.0059 - - 1764341352.387615681 1764341352.393487215 0
Nov 28 14:49:12 standalone object-server[127584]: 172.20.0.100 - - [28/Nov/2025:14:49:12 +0000] "GET /d1/536/AUTH_45ed45c34a424f09ae062475496b278a/gnocchi.3e3eeea4-a055-459b-9d5b-86094b9acda5/1763640000.0_mean_300.0_v3" 200 16 "GET http://172.18.0.2:8080/v1/AUTH_45ed45c34a424f09ae062475496b278a/gnocchi.3e3eeea4-a055-459b-9d5b-86094b9acda5/1763640000.0_mean_300.0_v3" "tx3effaabc77a146a9a3a1c-006929b668" "proxy-server 12" 0.0007 "-" 24 0
Nov 28 14:49:12 standalone proxy-server[129334]: 172.18.0.2 172.18.0.100 28/Nov/2025/14/49/12 GET /v1/AUTH_45ed45c34a424f09ae062475496b278a/gnocchi.3e3eeea4-a055-459b-9d5b-86094b9acda5/1763640000.0_mean_300.0_v3 HTTP/1.0 200 - python-swiftclient-3.11.1 gAAAAABpKbYGFW-r... - 16 - tx3effaabc77a146a9a3a1c-006929b668 - 0.0048 - - 1764341352.396179914 1764341352.400933981 0
Nov 28 14:49:12 standalone container-server[127408]: 172.20.0.100 - - [28/Nov/2025:14:49:12 +0000] "PUT /d1/47/AUTH_45ed45c34a424f09ae062475496b278a/gnocchi.3e3eeea4-a055-459b-9d5b-86094b9acda5/1763640000.0_mean_300.0_v3" 201 - "PUT http://172.18.0.2:8080/d1/536/AUTH_45ed45c34a424f09ae062475496b278a/gnocchi.3e3eeea4-a055-459b-9d5b-86094b9acda5/1763640000.0_mean_300.0_v3" "tx93eadd2f9f0d4b538edea-006929b668" "object-server 25" 0.0011 "-" 22 0
Nov 28 14:49:12 standalone object-server[127585]: 172.20.0.100 - - [28/Nov/2025:14:49:12 +0000] "PUT /d1/536/AUTH_45ed45c34a424f09ae062475496b278a/gnocchi.3e3eeea4-a055-459b-9d5b-86094b9acda5/1763640000.0_mean_300.0_v3" 201 - "PUT http://172.18.0.2:8080/v1/AUTH_45ed45c34a424f09ae062475496b278a/gnocchi.3e3eeea4-a055-459b-9d5b-86094b9acda5/1763640000.0_mean_300.0_v3" "tx93eadd2f9f0d4b538edea-006929b668" "proxy-server 12" 0.0121 "-" 25 0
Nov 28 14:49:12 standalone proxy-server[129334]: 172.18.0.2 172.18.0.100 28/Nov/2025/14/49/12 PUT /v1/AUTH_45ed45c34a424f09ae062475496b278a/gnocchi.3e3eeea4-a055-459b-9d5b-86094b9acda5/1763640000.0_mean_300.0_v3 HTTP/1.0 201 - python-swiftclient-3.11.1 gAAAAABpKbYGFW-r... 16 - - tx93eadd2f9f0d4b538edea-006929b668 - 0.0162 - - 1764341352.403800249 1764341352.420031786 0
Nov 28 14:49:12 standalone container-server[127388]: 172.20.0.100 - - [28/Nov/2025:14:49:12 +0000] "PUT /d1/47/AUTH_45ed45c34a424f09ae062475496b278a/gnocchi.3e3eeea4-a055-459b-9d5b-86094b9acda5/none_v3" 201 - "PUT http://172.18.0.2:8080/d1/880/AUTH_45ed45c34a424f09ae062475496b278a/gnocchi.3e3eeea4-a055-459b-9d5b-86094b9acda5/none_v3" "txbd207b8878b447c8ad55a-006929b668" "object-server 24" 0.0004 "-" 17 0
Nov 28 14:49:12 standalone object-server[127584]: 172.20.0.100 - - [28/Nov/2025:14:49:12 +0000] "PUT /d1/880/AUTH_45ed45c34a424f09ae062475496b278a/gnocchi.3e3eeea4-a055-459b-9d5b-86094b9acda5/none_v3" 201 - "PUT http://172.18.0.2:8080/v1/AUTH_45ed45c34a424f09ae062475496b278a/gnocchi.3e3eeea4-a055-459b-9d5b-86094b9acda5/none_v3" "txbd207b8878b447c8ad55a-006929b668" "proxy-server 12" 0.0082 "-" 24 0
Nov 28 14:49:12 standalone proxy-server[129334]: 172.18.0.2 172.18.0.100 28/Nov/2025/14/49/12 PUT /v1/AUTH_45ed45c34a424f09ae062475496b278a/gnocchi.3e3eeea4-a055-459b-9d5b-86094b9acda5/none_v3 HTTP/1.0 201 - python-swiftclient-3.11.1 gAAAAABpKbYGFW-r... 33 - - txbd207b8878b447c8ad55a-006929b668 - 0.0117 - - 1764341352.422804832 1764341352.434551239 0
Nov 28 14:49:12 standalone object-server[127585]: 172.20.0.100 - - [28/Nov/2025:14:49:12 +0000] "GET /d1/872/AUTH_45ed45c34a424f09ae062475496b278a/gnocchi.a665e4d7-0dc9-4c15-9460-c1e39af773a6/none_v3" 200 22 "GET http://172.18.0.2:8080/v1/AUTH_45ed45c34a424f09ae062475496b278a/gnocchi.a665e4d7-0dc9-4c15-9460-c1e39af773a6/none_v3" "txf40e5e1dd0c14ec483c8e-006929b668" "proxy-server 12" 0.0009 "-" 25 0
Nov 28 14:49:12 standalone proxy-server[129334]: 172.18.0.2 172.18.0.100 28/Nov/2025/14/49/12 GET /v1/AUTH_45ed45c34a424f09ae062475496b278a/gnocchi.a665e4d7-0dc9-4c15-9460-c1e39af773a6/none_v3 HTTP/1.0 200 - python-swiftclient-3.11.1 gAAAAABpKbYGFW-r... - 22 - txf40e5e1dd0c14ec483c8e-006929b668 - 0.0054 - - 1764341352.445753336 1764341352.451168537 0
Nov 28 14:49:12 standalone container-server[127402]: 172.20.0.100 - - [28/Nov/2025:14:49:12 +0000] "GET /d1/819/AUTH_45ed45c34a424f09ae062475496b278a/gnocchi.a665e4d7-0dc9-4c15-9460-c1e39af773a6" 200 357 "GET http://172.18.0.2:8080/v1/AUTH_45ed45c34a424f09ae062475496b278a/gnocchi.a665e4d7-0dc9-4c15-9460-c1e39af773a6?format=json&states=listing" "tx9cdee87ab601404dbde01-006929b668" "proxy-server 12" 0.0137 "-" 21 0
Nov 28 14:49:12 standalone proxy-server[129334]: 172.18.0.2 172.18.0.100 28/Nov/2025/14/49/12 GET /v1/AUTH_45ed45c34a424f09ae062475496b278a/gnocchi.a665e4d7-0dc9-4c15-9460-c1e39af773a6%3Fformat%3Djson%26states%3Dlisting HTTP/1.0 200 - python-swiftclient-3.11.1 gAAAAABpKbYGFW-r... - 357 - tx9cdee87ab601404dbde01-006929b668 - 0.0180 - - 1764341352.454761267 1764341352.472735643 0
Nov 28 14:49:12 standalone container-server[127397]: 172.20.0.100 - - [28/Nov/2025:14:49:12 +0000] "GET /d1/819/AUTH_45ed45c34a424f09ae062475496b278a/gnocchi.a665e4d7-0dc9-4c15-9460-c1e39af773a6" 200 2 "GET http://172.18.0.2:8080/v1/AUTH_45ed45c34a424f09ae062475496b278a/gnocchi.a665e4d7-0dc9-4c15-9460-c1e39af773a6?format=json&marker=none_v3&states=listing" "tx860a9a58e3cf4ebe84c40-006929b668" "proxy-server 12" 0.0017 "-" 20 0
Nov 28 14:49:12 standalone proxy-server[129334]: 172.18.0.2 172.18.0.100 28/Nov/2025/14/49/12 GET /v1/AUTH_45ed45c34a424f09ae062475496b278a/gnocchi.a665e4d7-0dc9-4c15-9460-c1e39af773a6%3Fformat%3Djson%26marker%3Dnone_v3%26states%3Dlisting HTTP/1.0 200 - python-swiftclient-3.11.1 gAAAAABpKbYGFW-r... - 2 - tx860a9a58e3cf4ebe84c40-006929b668 - 0.0058 - - 1764341352.475580454 1764341352.481354952 0
Nov 28 14:49:12 standalone object-server[127583]: 172.20.0.100 - - [28/Nov/2025:14:49:12 +0000] "GET /d1/526/AUTH_45ed45c34a424f09ae062475496b278a/gnocchi.a665e4d7-0dc9-4c15-9460-c1e39af773a6/1763640000.0_mean_300.0_v3" 200 16 "GET http://172.18.0.2:8080/v1/AUTH_45ed45c34a424f09ae062475496b278a/gnocchi.a665e4d7-0dc9-4c15-9460-c1e39af773a6/1763640000.0_mean_300.0_v3" "tx2c7a4ba4f6784aba97fb6-006929b668" "proxy-server 12" 0.0016 "-" 23 0
Nov 28 14:49:12 standalone proxy-server[129334]: 172.18.0.2 172.18.0.100 28/Nov/2025/14/49/12 GET /v1/AUTH_45ed45c34a424f09ae062475496b278a/gnocchi.a665e4d7-0dc9-4c15-9460-c1e39af773a6/1763640000.0_mean_300.0_v3 HTTP/1.0 200 - python-swiftclient-3.11.1 gAAAAABpKbYGFW-r... - 16 - tx2c7a4ba4f6784aba97fb6-006929b668 - 0.0072 - - 1764341352.485193729 1764341352.492418051 0
Nov 28 14:49:12 standalone container-server[127397]: 172.20.0.100 - - [28/Nov/2025:14:49:12 +0000] "PUT /d1/819/AUTH_45ed45c34a424f09ae062475496b278a/gnocchi.a665e4d7-0dc9-4c15-9460-c1e39af773a6/1763640000.0_mean_300.0_v3" 201 - "PUT http://172.18.0.2:8080/d1/526/AUTH_45ed45c34a424f09ae062475496b278a/gnocchi.a665e4d7-0dc9-4c15-9460-c1e39af773a6/1763640000.0_mean_300.0_v3" "tx5867949be1a648dab59bc-006929b668" "object-server 24" 0.0003 "-" 20 0
Nov 28 14:49:12 standalone object-server[127584]: 172.20.0.100 - - [28/Nov/2025:14:49:12 +0000] "PUT /d1/526/AUTH_45ed45c34a424f09ae062475496b278a/gnocchi.a665e4d7-0dc9-4c15-9460-c1e39af773a6/1763640000.0_mean_300.0_v3" 201 - "PUT http://172.18.0.2:8080/v1/AUTH_45ed45c34a424f09ae062475496b278a/gnocchi.a665e4d7-0dc9-4c15-9460-c1e39af773a6/1763640000.0_mean_300.0_v3" "tx5867949be1a648dab59bc-006929b668" "proxy-server 12" 0.0068 "-" 24 0
Nov 28 14:49:12 standalone proxy-server[129334]: 172.18.0.2 172.18.0.100 28/Nov/2025/14/49/12 PUT /v1/AUTH_45ed45c34a424f09ae062475496b278a/gnocchi.a665e4d7-0dc9-4c15-9460-c1e39af773a6/1763640000.0_mean_300.0_v3 HTTP/1.0 201 - python-swiftclient-3.11.1 gAAAAABpKbYGFW-r... 16 - - tx5867949be1a648dab59bc-006929b668 - 0.0106 - - 1764341352.495525599 1764341352.506097078 0
Nov 28 14:49:12 standalone container-server[127408]: 172.20.0.100 - - [28/Nov/2025:14:49:12 +0000] "PUT /d1/819/AUTH_45ed45c34a424f09ae062475496b278a/gnocchi.a665e4d7-0dc9-4c15-9460-c1e39af773a6/none_v3" 201 - "PUT http://172.18.0.2:8080/d1/872/AUTH_45ed45c34a424f09ae062475496b278a/gnocchi.a665e4d7-0dc9-4c15-9460-c1e39af773a6/none_v3" "tx0811b58270db4411a17cb-006929b668" "object-server 24" 0.0007 "-" 22 0
Nov 28 14:49:12 standalone object-server[127584]: 172.20.0.100 - - [28/Nov/2025:14:49:12 +0000] "PUT /d1/872/AUTH_45ed45c34a424f09ae062475496b278a/gnocchi.a665e4d7-0dc9-4c15-9460-c1e39af773a6/none_v3" 201 - "PUT http://172.18.0.2:8080/v1/AUTH_45ed45c34a424f09ae062475496b278a/gnocchi.a665e4d7-0dc9-4c15-9460-c1e39af773a6/none_v3" "tx0811b58270db4411a17cb-006929b668" "proxy-server 12" 0.0074 "-" 24 0
Nov 28 14:49:12 standalone proxy-server[129334]: 172.18.0.2 172.18.0.100 28/Nov/2025/14/49/12 PUT /v1/AUTH_45ed45c34a424f09ae062475496b278a/gnocchi.a665e4d7-0dc9-4c15-9460-c1e39af773a6/none_v3 HTTP/1.0 201 - python-swiftclient-3.11.1 gAAAAABpKbYGFW-r... 33 - - tx0811b58270db4411a17cb-006929b668 - 0.0106 - - 1764341352.508949280 1764341352.519511700 0
Nov 28 14:49:16 standalone object-server[127584]: 172.20.0.100 - - [28/Nov/2025:14:49:16 +0000] "GET /d1/882/AUTH_45ed45c34a424f09ae062475496b278a/gnocchi.1662acba-eb15-4e61-9ffc-b1b92a3a5b5f/none_v3" 200 22 "GET http://172.18.0.2:8080/v1/AUTH_45ed45c34a424f09ae062475496b278a/gnocchi.1662acba-eb15-4e61-9ffc-b1b92a3a5b5f/none_v3" "tx9811f442632d4a949dc8d-006929b66c" "proxy-server 12" 0.0018 "-" 24 0
Nov 28 14:49:16 standalone proxy-server[129334]: 172.18.0.2 172.18.0.100 28/Nov/2025/14/49/16 GET /v1/AUTH_45ed45c34a424f09ae062475496b278a/gnocchi.1662acba-eb15-4e61-9ffc-b1b92a3a5b5f/none_v3 HTTP/1.0 200 - python-swiftclient-3.11.1 gAAAAABpKbYGFW-r... - 22 - tx9811f442632d4a949dc8d-006929b66c - 0.0122 - - 1764341356.248986006 1764341356.261166096 0
Nov 28 14:49:16 standalone container-server[127402]: 172.20.0.100 - - [28/Nov/2025:14:49:16 +0000] "GET /d1/905/AUTH_45ed45c34a424f09ae062475496b278a/gnocchi.1662acba-eb15-4e61-9ffc-b1b92a3a5b5f" 200 357 "GET http://172.18.0.2:8080/v1/AUTH_45ed45c34a424f09ae062475496b278a/gnocchi.1662acba-eb15-4e61-9ffc-b1b92a3a5b5f?format=json&states=listing" "txb435c6892a954fefa9a35-006929b66c" "proxy-server 12" 0.0123 "-" 21 0
Nov 28 14:49:16 standalone proxy-server[129334]: 172.18.0.2 172.18.0.100 28/Nov/2025/14/49/16 GET /v1/AUTH_45ed45c34a424f09ae062475496b278a/gnocchi.1662acba-eb15-4e61-9ffc-b1b92a3a5b5f%3Fformat%3Djson%26states%3Dlisting HTTP/1.0 200 - python-swiftclient-3.11.1 gAAAAABpKbYGFW-r... - 357 - txb435c6892a954fefa9a35-006929b66c - 0.0189 - - 1764341356.265721083 1764341356.284624577 0
Nov 28 14:49:16 standalone container-server[127408]: 172.20.0.100 - - [28/Nov/2025:14:49:16 +0000] "GET /d1/905/AUTH_45ed45c34a424f09ae062475496b278a/gnocchi.1662acba-eb15-4e61-9ffc-b1b92a3a5b5f" 200 2 "GET http://172.18.0.2:8080/v1/AUTH_45ed45c34a424f09ae062475496b278a/gnocchi.1662acba-eb15-4e61-9ffc-b1b92a3a5b5f?format=json&marker=none_v3&states=listing" "txd3103e4991ad4d0aa81f4-006929b66c" "proxy-server 12" 0.0037 "-" 22 0
Nov 28 14:49:16 standalone proxy-server[129334]: 172.18.0.2 172.18.0.100 28/Nov/2025/14/49/16 GET /v1/AUTH_45ed45c34a424f09ae062475496b278a/gnocchi.1662acba-eb15-4e61-9ffc-b1b92a3a5b5f%3Fformat%3Djson%26marker%3Dnone_v3%26states%3Dlisting HTTP/1.0 200 - python-swiftclient-3.11.1 gAAAAABpKbYGFW-r... - 2 - txd3103e4991ad4d0aa81f4-006929b66c - 0.0127 - - 1764341356.287772179 1764341356.300461531 0
Nov 28 14:49:16 standalone object-server[127582]: 172.20.0.100 - - [28/Nov/2025:14:49:16 +0000] "GET /d1/562/AUTH_45ed45c34a424f09ae062475496b278a/gnocchi.1662acba-eb15-4e61-9ffc-b1b92a3a5b5f/1763640000.0_mean_300.0_v3" 200 16 "GET http://172.18.0.2:8080/v1/AUTH_45ed45c34a424f09ae062475496b278a/gnocchi.1662acba-eb15-4e61-9ffc-b1b92a3a5b5f/1763640000.0_mean_300.0_v3" "tx851013a335cd4747a52f0-006929b66c" "proxy-server 12" 0.0012 "-" 22 0
Nov 28 14:49:16 standalone proxy-server[129334]: 172.18.0.2 172.18.0.100 28/Nov/2025/14/49/16 GET /v1/AUTH_45ed45c34a424f09ae062475496b278a/gnocchi.1662acba-eb15-4e61-9ffc-b1b92a3a5b5f/1763640000.0_mean_300.0_v3 HTTP/1.0 200 - python-swiftclient-3.11.1 gAAAAABpKbYGFW-r... - 16 - tx851013a335cd4747a52f0-006929b66c - 0.0070 - - 1764341356.304745197 1764341356.311787844 0
Nov 28 14:49:16 standalone container-server[127388]: 172.20.0.100 - - [28/Nov/2025:14:49:16 +0000] "PUT /d1/905/AUTH_45ed45c34a424f09ae062475496b278a/gnocchi.1662acba-eb15-4e61-9ffc-b1b92a3a5b5f/1763640000.0_mean_300.0_v3" 201 - "PUT http://172.18.0.2:8080/d1/562/AUTH_45ed45c34a424f09ae062475496b278a/gnocchi.1662acba-eb15-4e61-9ffc-b1b92a3a5b5f/1763640000.0_mean_300.0_v3" "txca299feeda86419e95153-006929b66c" "object-server 23" 0.0009 "-" 17 0
Nov 28 14:49:16 standalone object-server[127583]: 172.20.0.100 - - [28/Nov/2025:14:49:16 +0000] "PUT /d1/562/AUTH_45ed45c34a424f09ae062475496b278a/gnocchi.1662acba-eb15-4e61-9ffc-b1b92a3a5b5f/1763640000.0_mean_300.0_v3" 201 - "PUT http://172.18.0.2:8080/v1/AUTH_45ed45c34a424f09ae062475496b278a/gnocchi.1662acba-eb15-4e61-9ffc-b1b92a3a5b5f/1763640000.0_mean_300.0_v3" "txca299feeda86419e95153-006929b66c" "proxy-server 12" 0.0118 "-" 23 0
Nov 28 14:49:16 standalone proxy-server[129334]: 172.18.0.2 172.18.0.100 28/Nov/2025/14/49/16 PUT /v1/AUTH_45ed45c34a424f09ae062475496b278a/gnocchi.1662acba-eb15-4e61-9ffc-b1b92a3a5b5f/1763640000.0_mean_300.0_v3 HTTP/1.0 201 - python-swiftclient-3.11.1 gAAAAABpKbYGFW-r... 16 - - txca299feeda86419e95153-006929b66c - 0.0175 - - 1764341356.315155983 1764341356.332638979 0
Nov 28 14:49:16 standalone container-server[127388]: 172.20.0.100 - - [28/Nov/2025:14:49:16 +0000] "PUT /d1/905/AUTH_45ed45c34a424f09ae062475496b278a/gnocchi.1662acba-eb15-4e61-9ffc-b1b92a3a5b5f/none_v3" 201 - "PUT http://172.18.0.2:8080/d1/882/AUTH_45ed45c34a424f09ae062475496b278a/gnocchi.1662acba-eb15-4e61-9ffc-b1b92a3a5b5f/none_v3" "txfc69b7cb9f564a6ca756f-006929b66c" "object-server 24" 0.0009 "-" 17 0
Nov 28 14:49:16 standalone object-server[127584]: 172.20.0.100 - - [28/Nov/2025:14:49:16 +0000] "PUT /d1/882/AUTH_45ed45c34a424f09ae062475496b278a/gnocchi.1662acba-eb15-4e61-9ffc-b1b92a3a5b5f/none_v3" 201 - "PUT http://172.18.0.2:8080/v1/AUTH_45ed45c34a424f09ae062475496b278a/gnocchi.1662acba-eb15-4e61-9ffc-b1b92a3a5b5f/none_v3" "txfc69b7cb9f564a6ca756f-006929b66c" "proxy-server 12" 0.0122 "-" 24 0
Nov 28 14:49:16 standalone proxy-server[129334]: 172.18.0.2 172.18.0.100 28/Nov/2025/14/49/16 PUT /v1/AUTH_45ed45c34a424f09ae062475496b278a/gnocchi.1662acba-eb15-4e61-9ffc-b1b92a3a5b5f/none_v3 HTTP/1.0 201 - python-swiftclient-3.11.1 gAAAAABpKbYGFW-r... 31 - - txfc69b7cb9f564a6ca756f-006929b66c - 0.0174 - - 1764341356.335747242 1764341356.353098869 0
Nov 28 14:49:26 standalone container-server[127388]: 172.20.0.100 - - [28/Nov/2025:14:49:26 +0000] "HEAD /d1/257/AUTH_45ed45c34a424f09ae062475496b278a/gnocchi.72df2eea-7b05-45d4-9e43-beb5607985ae" 404 - "HEAD http://172.18.0.2:8080/v1/AUTH_45ed45c34a424f09ae062475496b278a/gnocchi.72df2eea-7b05-45d4-9e43-beb5607985ae?format=json&states=listing" "tx24199a56ec974739bb00c-006929b676" "proxy-server 12" 0.0010 "-" 17 0
Nov 28 14:49:26 standalone object-server[127583]: 172.20.0.100 - - [28/Nov/2025:14:49:26 +0000] "GET /d1/954/AUTH_45ed45c34a424f09ae062475496b278a/gnocchi.72df2eea-7b05-45d4-9e43-beb5607985ae/none_v3" 404 70 "GET http://172.18.0.2:8080/v1/AUTH_45ed45c34a424f09ae062475496b278a/gnocchi.72df2eea-7b05-45d4-9e43-beb5607985ae/none_v3" "tx24199a56ec974739bb00c-006929b676" "proxy-server 12" 0.0009 "-" 23 0
Nov 28 14:49:26 standalone proxy-server[129334]: 172.18.0.2 172.18.0.100 28/Nov/2025/14/49/26 GET /v1/AUTH_45ed45c34a424f09ae062475496b278a/gnocchi.72df2eea-7b05-45d4-9e43-beb5607985ae/none_v3 HTTP/1.0 404 - python-swiftclient-3.11.1 gAAAAABpKbYGFW-r... - 70 - tx24199a56ec974739bb00c-006929b676 - 0.0157 - - 1764341366.912249565 1764341366.927959204 0
Nov 28 14:49:26 standalone account-server[127222]: 172.20.0.100 - - [28/Nov/2025:14:49:26 +0000] "PUT /d1/103/AUTH_45ed45c34a424f09ae062475496b278a/gnocchi.72df2eea-7b05-45d4-9e43-beb5607985ae" 201 - "PUT http://172.20.0.100:6001/d1/257/AUTH_45ed45c34a424f09ae062475496b278a/gnocchi.72df2eea-7b05-45d4-9e43-beb5607985ae" "tx825eb53e51f94c12ae2f5-006929b676" "container-server 17" 0.0083 "-" 20 0
Nov 28 14:49:26 standalone container-server[127388]: 172.20.0.100 - - [28/Nov/2025:14:49:26 +0000] "PUT /d1/257/AUTH_45ed45c34a424f09ae062475496b278a/gnocchi.72df2eea-7b05-45d4-9e43-beb5607985ae" 201 - "PUT http://172.18.0.2:8080/v1/AUTH_45ed45c34a424f09ae062475496b278a/gnocchi.72df2eea-7b05-45d4-9e43-beb5607985ae" "tx825eb53e51f94c12ae2f5-006929b676" "proxy-server 12" 0.0242 "-" 17 0
