Mar 10 07:50:06 standalone account-server[115504]: Starting 2
Mar 10 07:50:06 standalone account-server[115463]: Started child 20 from parent 2
Mar 10 07:50:06 standalone account-server[115463]: Started child 21 from parent 2
Mar 10 07:50:06 standalone account-server[115463]: Started child 22 from parent 2
Mar 10 07:50:06 standalone account-server[115463]: Started child 23 from parent 2
Mar 10 07:50:06 standalone container-server[115563]: Starting 2
Mar 10 07:50:07 standalone container-server[115532]: Option allow_versions is deprecated. Configure the versioned_writes middleware in the proxy-server instead. This option will be ignored in a future release.
Mar 10 07:50:07 standalone container-server[115786]: Option allow_versions is deprecated. Configure the versioned_writes middleware in the proxy-server instead. This option will be ignored in a future release.
Mar 10 07:50:07 standalone container-server[115532]: Started child 20 from parent 2
Mar 10 07:50:07 standalone container-server[115791]: Option allow_versions is deprecated. Configure the versioned_writes middleware in the proxy-server instead. This option will be ignored in a future release.
Mar 10 07:50:07 standalone container-server[115532]: Started child 21 from parent 2
Mar 10 07:50:07 standalone container-server[115793]: Option allow_versions is deprecated. Configure the versioned_writes middleware in the proxy-server instead. This option will be ignored in a future release.
Mar 10 07:50:07 standalone container-server[115532]: Started child 22 from parent 2
Mar 10 07:50:07 standalone container-server[115802]: Option allow_versions is deprecated. Configure the versioned_writes middleware in the proxy-server instead. This option will be ignored in a future release.
Mar 10 07:50:07 standalone container-server[115532]: Started child 23 from parent 2
Mar 10 07:50:07 standalone object-expirer[115809]: Starting 2
Mar 10 07:50:07 standalone object-expirer[115809]: Option auto_create_account_prefix is deprecated. Configure auto_create_account_prefix under the swift-constraints section of swift.conf. This option will be ignored in a future release.
Mar 10 07:50:07 standalone object-server[115826]: Started child 22 from parent 2
Mar 10 07:50:07 standalone object-server[115826]: Started child 23 from parent 2
Mar 10 07:50:07 standalone object-server[115826]: Started child 24 from parent 2
Mar 10 07:50:07 standalone object-server[115855]: Starting 2
Mar 10 07:50:07 standalone object-server[115826]: Started child 25 from parent 2
Mar 10 07:50:12 standalone proxy-server[117461]: Starting Keystone auth_token middleware
Mar 10 07:50:12 standalone proxy-server[117461]: AuthToken middleware is set with keystone_authtoken.service_token_roles_required set to False. This is backwards compatible but deprecated behaviour. Please set this to True.
Mar 10 07:50:12 standalone proxy-server[117663]: Starting Keystone auth_token middleware
Mar 10 07:50:12 standalone proxy-server[117663]: STDERR: The option "bind_port" is not known to keystonemiddleware
Mar 10 07:50:12 standalone proxy-server[117663]: STDERR: The option "workers" is not known to keystonemiddleware
Mar 10 07:50:12 standalone proxy-server[117663]: STDERR: The option "user" is not known to keystonemiddleware
Mar 10 07:50:12 standalone proxy-server[117663]: STDERR: The option "bind_ip" is not known to keystonemiddleware
Mar 10 07:50:12 standalone proxy-server[117663]: STDERR: The option "log_name" is not known to keystonemiddleware
Mar 10 07:50:12 standalone proxy-server[117663]: STDERR: The option "log_facility" is not known to keystonemiddleware
Mar 10 07:50:12 standalone proxy-server[117663]: STDERR: The option "log_level" is not known to keystonemiddleware
Mar 10 07:50:12 standalone proxy-server[117663]: STDERR: The option "log_headers" is not known to keystonemiddleware
Mar 10 07:50:12 standalone proxy-server[117663]: STDERR: The option "log_address" is not known to keystonemiddleware
Mar 10 07:50:12 standalone proxy-server[117663]: STDERR: The option "project_name" is not known to keystonemiddleware
Mar 10 07:50:12 standalone proxy-server[117663]: STDERR: The option "username" is not known to keystonemiddleware
Mar 10 07:50:12 standalone proxy-server[117663]: STDERR: The option "password" is not known to keystonemiddleware
Mar 10 07:50:12 standalone proxy-server[117663]: STDERR: The option "auth_url" is not known to keystonemiddleware
Mar 10 07:50:12 standalone proxy-server[117663]: STDERR: The option "signing_dir" is not known to keystonemiddleware
Mar 10 07:50:12 standalone proxy-server[117663]: STDERR: The option "project_domain_id" is not known to keystonemiddleware
Mar 10 07:50:12 standalone proxy-server[117663]: STDERR: The option "user_domain_id" is not known to keystonemiddleware
Mar 10 07:50:12 standalone proxy-server[117663]: STDERR: The option "__name__" is not known to keystonemiddleware
Mar 10 07:50:12 standalone proxy-server[117663]: AuthToken middleware is set with keystone_authtoken.service_token_roles_required set to False. This is backwards compatible but deprecated behaviour. Please set this to True.
Mar 10 07:50:13 standalone proxy-server[117461]: Started child 21 from parent 2
Mar 10 07:54:11 standalone container-server[115563]: Begin container update sweep
Mar 10 07:54:11 standalone container-server[115563]: Container update sweep completed: 0.00s
Mar 10 07:54:22 standalone account-server[115689]: 172.20.0.100 - - [10/Mar/2026:07:54:22 +0000] "HEAD /d1/427/.expiring_objects" 404 - "HEAD http://localhost/v1/.expiring_objects?format=json" "txb41439e3675142f0a9f5b-0069afce2e" "proxy-server 2" 0.0021 "-" 20 -
Mar 10 07:54:23 standalone object-expirer[115809]: Pass completed in 0s; 0 objects expired (txn: txb41439e3675142f0a9f5b-0069afce2e)
Mar 10 07:54:34 standalone object-server[115855]: Begin object update sweep
Mar 10 07:54:34 standalone object-server[144486]: Object update sweep starting on /srv/node/d1 (pid: 12)
Mar 10 07:54:34 standalone object-server[144486]: Object update sweep completed on /srv/node/d1 in 0.00s seconds:, 0 successes, 0 failures, 0 quarantines, 0 unlinks, 0 errors, 0 redirects (pid: 12)
Mar 10 07:54:34 standalone object-server[144486]: Object update sweep of d1 completed: 0.00s, 0 successes, 0 failures, 0 quarantines, 0 unlinks, 0 errors, 0 redirects
Mar 10 07:54:34 standalone object-server[115855]: Object update sweep completed: 0.08s
Mar 10 07:55:39 standalone account-server[115694]: 172.20.0.100 - - [10/Mar/2026:07:55:39 +0000] "HEAD /d1/427/.expiring_objects" 404 - "HEAD http://localhost/v1/.expiring_objects?format=json" "txfec3e61f082743238aa02-0069afce7b" "proxy-server 2" 0.0020 "-" 22 -
Mar 10 07:55:39 standalone object-expirer[115809]: Pass completed in 0s; 0 objects expired (txn: txfec3e61f082743238aa02-0069afce7b)
Mar 10 07:56:02 standalone proxy-server[117663]: 172.21.0.2 ::1 10/Mar/2026/07/56/02 GET /info HTTP/1.0 200 - python-urllib3/1.26.5 gAAAAABpr86PgxWa... - 1671 - tx79434bd2e51048beb9b8c-0069afce91 - 0.4800 - - 1773129361.727735996 1773129362.207712173 -
Mar 10 07:56:07 standalone account-server[115704]: 172.20.0.100 - - [10/Mar/2026:07:56:07 +0000] "HEAD /d1/674/AUTH_763f7b3ebd7b498e957e4d1819d59a86" 404 - "HEAD http://localhost:8080/v1/AUTH_763f7b3ebd7b498e957e4d1819d59a86?format=json" "txb672b1af3e234396b7192-0069afce97" "proxy-server 21" 0.0012 "-" 23 -
Mar 10 07:56:07 standalone proxy-server[117663]: - - 10/Mar/2026/07/56/07 HEAD /v1/AUTH_763f7b3ebd7b498e957e4d1819d59a86%3Fformat%3Djson HTTP/1.0 200 - Swift - - - - txb672b1af3e234396b7192-0069afce97 - 0.0059 RL - 1773129367.501020670 1773129367.506946325 -
Mar 10 07:56:07 standalone proxy-server[117663]: 172.18.0.2 ::1 10/Mar/2026/07/56/07 HEAD /v1/AUTH_763f7b3ebd7b498e957e4d1819d59a86/glance%3Fformat%3Djson HTTP/1.0 404 - python-swiftclient-3.11.1 gAAAAABpr86X8QrA... - - - txb672b1af3e234396b7192-0069afce97 - 0.0754 - - 1773129367.500171423 1773129367.575534105 -
Mar 10 07:56:07 standalone account-server[115689]: 172.20.0.100 - - [10/Mar/2026:07:56:07 +0000] "PUT /d1/674/AUTH_763f7b3ebd7b498e957e4d1819d59a86" 201 - "-" "tx955e642a87b249bf83056-0069afce97" "-" 0.0136 "-" 20 -
Mar 10 07:56:07 standalone proxy-server[117663]: autocreate account '/AUTH_763f7b3ebd7b498e957e4d1819d59a86' (txn: tx955e642a87b249bf83056-0069afce97)
Mar 10 07:56:07 standalone account-server[115689]: 172.20.0.100 - - [10/Mar/2026:07:56:07 +0000] "HEAD /d1/674/AUTH_763f7b3ebd7b498e957e4d1819d59a86" 204 - "HEAD http://localhost:8080/v1/AUTH_763f7b3ebd7b498e957e4d1819d59a86?format=json" "tx955e642a87b249bf83056-0069afce97" "proxy-server 21" 0.0010 "-" 20 -
Mar 10 07:56:07 standalone account-server[115693]: 172.20.0.100 - - [10/Mar/2026:07:56:07 +0000] "PUT /d1/674/AUTH_763f7b3ebd7b498e957e4d1819d59a86/glance" 201 - "PUT http://172.20.0.100:6001/d1/741/AUTH_763f7b3ebd7b498e957e4d1819d59a86/glance" "tx955e642a87b249bf83056-0069afce97" "container-server 20" 0.0035 "-" 21 0
Mar 10 07:56:07 standalone container-server[115786]: 172.20.0.100 - - [10/Mar/2026:07:56:07 +0000] "PUT /d1/741/AUTH_763f7b3ebd7b498e957e4d1819d59a86/glance" 201 - "PUT http://localhost:8080/v1/AUTH_763f7b3ebd7b498e957e4d1819d59a86/glance" "tx955e642a87b249bf83056-0069afce97" "proxy-server 21" 0.0135 "-" 20 0
Mar 10 07:56:07 standalone proxy-server[117663]: 172.18.0.2 ::1 10/Mar/2026/07/56/07 PUT /v1/AUTH_763f7b3ebd7b498e957e4d1819d59a86/glance HTTP/1.0 201 - python-swiftclient-3.11.1 gAAAAABpr86X8QrA... - - - tx955e642a87b249bf83056-0069afce97 - 0.0376 - - 1773129367.581214190 1773129367.618765831 0
Mar 10 07:56:07 standalone container-server[115786]: 172.20.0.100 - - [10/Mar/2026:07:56:07 +0000] "HEAD /d1/741/AUTH_763f7b3ebd7b498e957e4d1819d59a86/glance" 204 - "HEAD http://localhost:8080/v1/AUTH_763f7b3ebd7b498e957e4d1819d59a86/glance?format=json&states=listing" "txb504ba23fa0048d4b4bfe-0069afce97" "proxy-server 21" 0.0013 "-" 20 0
Mar 10 07:56:07 standalone proxy-server[117663]: - - 10/Mar/2026/07/56/07 HEAD /v1/AUTH_763f7b3ebd7b498e957e4d1819d59a86/glance%3Fformat%3Djson%26states%3Dlisting HTTP/1.0 204 - Swift - - - - txb504ba23fa0048d4b4bfe-0069afce97 - 0.0046 RL - 1773129367.627027512 1773129367.631587029 0
Mar 10 07:56:07 standalone container-server[115786]: 172.20.0.100 - - [10/Mar/2026:07:56:07 +0000] "PUT /d1/741/AUTH_763f7b3ebd7b498e957e4d1819d59a86/glance/7cd854cc-f1c9-4aa4-8ee7-3d6736df671c-00001" 201 - "PUT http://localhost:8080/d1/613/AUTH_763f7b3ebd7b498e957e4d1819d59a86/glance/7cd854cc-f1c9-4aa4-8ee7-3d6736df671c-00001" "txb504ba23fa0048d4b4bfe-0069afce97" "object-server 23" 0.0005 "-" 20 0
Mar 10 07:56:07 standalone object-server[115956]: 172.20.0.100 - - [10/Mar/2026:07:56:07 +0000] "PUT /d1/613/AUTH_763f7b3ebd7b498e957e4d1819d59a86/glance/7cd854cc-f1c9-4aa4-8ee7-3d6736df671c-00001" 201 - "PUT http://localhost:8080/v1/AUTH_763f7b3ebd7b498e957e4d1819d59a86/glance/7cd854cc-f1c9-4aa4-8ee7-3d6736df671c-00001" "txb504ba23fa0048d4b4bfe-0069afce97" "proxy-server 21" 0.1799 "-" 23 0
Mar 10 07:56:07 standalone proxy-server[117663]: 172.18.0.2 ::1 10/Mar/2026/07/56/07 PUT /v1/AUTH_763f7b3ebd7b498e957e4d1819d59a86/glance/7cd854cc-f1c9-4aa4-8ee7-3d6736df671c-00001 HTTP/1.0 201 - python-swiftclient-3.11.1 gAAAAABpr86X8QrA... 16300544 - - txb504ba23fa0048d4b4bfe-0069afce97 - 0.1929 - - 1773129367.625840902 1773129367.818734169 0
Mar 10 07:56:07 standalone container-server[115791]: 172.20.0.100 - - [10/Mar/2026:07:56:07 +0000] "PUT /d1/741/AUTH_763f7b3ebd7b498e957e4d1819d59a86/glance/7cd854cc-f1c9-4aa4-8ee7-3d6736df671c" 201 - "PUT http://localhost:8080/d1/287/AUTH_763f7b3ebd7b498e957e4d1819d59a86/glance/7cd854cc-f1c9-4aa4-8ee7-3d6736df671c" "tx242b65bbe18246c7b67f8-0069afce97" "object-server 22" 0.0011 "-" 21 0
Mar 10 07:56:07 standalone object-server[115951]: 172.20.0.100 - - [10/Mar/2026:07:56:07 +0000] "PUT /d1/287/AUTH_763f7b3ebd7b498e957e4d1819d59a86/glance/7cd854cc-f1c9-4aa4-8ee7-3d6736df671c" 201 - "PUT http://localhost:8080/v1/AUTH_763f7b3ebd7b498e957e4d1819d59a86/glance/7cd854cc-f1c9-4aa4-8ee7-3d6736df671c" "tx242b65bbe18246c7b67f8-0069afce97" "proxy-server 21" 0.0204 "-" 22 0
Mar 10 07:56:07 standalone proxy-server[117663]: 172.18.0.2 ::1 10/Mar/2026/07/56/07 PUT /v1/AUTH_763f7b3ebd7b498e957e4d1819d59a86/glance/7cd854cc-f1c9-4aa4-8ee7-3d6736df671c HTTP/1.0 201 - python-swiftclient-3.11.1 gAAAAABpr86X8QrA... - - - tx242b65bbe18246c7b67f8-0069afce97 - 0.0253 - - 1773129367.826172113 1773129367.851464033 0
Mar 10 07:56:08 standalone container-server[115802]: 172.20.0.100 - - [10/Mar/2026:07:56:08 +0000] "HEAD /d1/741/AUTH_763f7b3ebd7b498e957e4d1819d59a86/glance" 204 - "HEAD http://localhost:8080/v1/AUTH_763f7b3ebd7b498e957e4d1819d59a86/glance?format=json&states=listing" "tx2914ca11999f49d391718-0069afce98" "proxy-server 21" 0.0206 "-" 23 0
Mar 10 07:56:08 standalone proxy-server[117663]: 172.18.0.2 ::1 10/Mar/2026/07/56/08 HEAD /v1/AUTH_763f7b3ebd7b498e957e4d1819d59a86/glance%3Fformat%3Djson%26states%3Dlisting HTTP/1.0 204 - python-swiftclient-3.11.1 gAAAAABpr86Y4x6e... - - - tx2914ca11999f49d391718-0069afce98 - 0.0774 - - 1773129368.538729906 1773129368.616095066 0
Mar 10 07:56:08 standalone container-server[115786]: 172.20.0.100 - - [10/Mar/2026:07:56:08 +0000] "PUT /d1/741/AUTH_763f7b3ebd7b498e957e4d1819d59a86/glance/f9de3f96-ca9f-4430-923c-d3c915431d5d-00001" 201 - "PUT http://localhost:8080/d1/640/AUTH_763f7b3ebd7b498e957e4d1819d59a86/glance/f9de3f96-ca9f-4430-923c-d3c915431d5d-00001" "txff8c55537edb4dda845e6-0069afce98" "object-server 23" 0.0005 "-" 20 0
Mar 10 07:56:08 standalone object-server[115956]: 172.20.0.100 - - [10/Mar/2026:07:56:08 +0000] "PUT /d1/640/AUTH_763f7b3ebd7b498e957e4d1819d59a86/glance/f9de3f96-ca9f-4430-923c-d3c915431d5d-00001" 201 - "PUT http://localhost:8080/v1/AUTH_763f7b3ebd7b498e957e4d1819d59a86/glance/f9de3f96-ca9f-4430-923c-d3c915431d5d-00001" "txff8c55537edb4dda845e6-0069afce98" "proxy-server 21" 0.1995 "-" 23 0
Mar 10 07:56:08 standalone proxy-server[117663]: 172.18.0.2 ::1 10/Mar/2026/07/56/08 PUT /v1/AUTH_763f7b3ebd7b498e957e4d1819d59a86/glance/f9de3f96-ca9f-4430-923c-d3c915431d5d-00001 HTTP/1.0 201 - python-swiftclient-3.11.1 gAAAAABpr86Y4x6e... 16300544 - - txff8c55537edb4dda845e6-0069afce98 - 0.2097 - - 1773129368.624910593 1773129368.834585667 0
Mar 10 07:56:08 standalone container-server[115786]: 172.20.0.100 - - [10/Mar/2026:07:56:08 +0000] "PUT /d1/741/AUTH_763f7b3ebd7b498e957e4d1819d59a86/glance/f9de3f96-ca9f-4430-923c-d3c915431d5d" 201 - "PUT http://localhost:8080/d1/668/AUTH_763f7b3ebd7b498e957e4d1819d59a86/glance/f9de3f96-ca9f-4430-923c-d3c915431d5d" "tx5b2ee9cc4e0f4051aad7e-0069afce98" "object-server 24" 0.0005 "-" 20 0
Mar 10 07:56:08 standalone object-server[115960]: 172.20.0.100 - - [10/Mar/2026:07:56:08 +0000] "PUT /d1/668/AUTH_763f7b3ebd7b498e957e4d1819d59a86/glance/f9de3f96-ca9f-4430-923c-d3c915431d5d" 201 - "PUT http://localhost:8080/v1/AUTH_763f7b3ebd7b498e957e4d1819d59a86/glance/f9de3f96-ca9f-4430-923c-d3c915431d5d" "tx5b2ee9cc4e0f4051aad7e-0069afce98" "proxy-server 21" 0.0398 "-" 24 0
Mar 10 07:56:08 standalone proxy-server[117663]: 172.18.0.2 ::1 10/Mar/2026/07/56/08 PUT /v1/AUTH_763f7b3ebd7b498e957e4d1819d59a86/glance/f9de3f96-ca9f-4430-923c-d3c915431d5d HTTP/1.0 201 - python-swiftclient-3.11.1 gAAAAABpr86Y4x6e... - - - tx5b2ee9cc4e0f4051aad7e-0069afce98 - 0.0491 - - 1773129368.846163750 1773129368.895279169 0
Mar 10 07:58:40 standalone account-server[115689]: 172.20.0.100 - - [10/Mar/2026:07:58:40 +0000] "HEAD /d1/427/.expiring_objects" 404 - "HEAD http://localhost/v1/.expiring_objects?format=json" "tx63addc58a8d44f04a270a-0069afcf30" "proxy-server 2" 0.0009 "-" 20 -
Mar 10 07:58:40 standalone object-expirer[115809]: Pass completed in 0s; 0 objects expired (txn: tx63addc58a8d44f04a270a-0069afcf30)
Mar 10 07:59:11 standalone container-server[115563]: Begin container update sweep
Mar 10 07:59:11 standalone account-server[115694]: 172.20.0.100 - - [10/Mar/2026:07:59:11 +0000] "PUT /d1/674/AUTH_763f7b3ebd7b498e957e4d1819d59a86/glance" 201 - "-" "-" "container-updater 2" 0.0013 "-" 22 0
Mar 10 07:59:11 standalone container-server[115563]: Container update sweep completed: 0.08s
Mar 10 07:59:34 standalone object-server[115855]: Begin object update sweep
Mar 10 07:59:34 standalone object-server[170469]: Object update sweep starting on /srv/node/d1 (pid: 13)
Mar 10 07:59:34 standalone object-server[170469]: Object update sweep completed on /srv/node/d1 in 0.00s seconds:, 0 successes, 0 failures, 0 quarantines, 0 unlinks, 0 errors, 0 redirects (pid: 13)
Mar 10 07:59:34 standalone object-server[170469]: Object update sweep of d1 completed: 0.00s, 0 successes, 0 failures, 0 quarantines, 0 unlinks, 0 errors, 0 redirects
Mar 10 07:59:34 standalone object-server[115855]: Object update sweep completed: 0.08s
Mar 10 08:00:41 standalone account-server[115689]: 172.20.0.100 - - [10/Mar/2026:08:00:41 +0000] "HEAD /d1/674/AUTH_763f7b3ebd7b498e957e4d1819d59a86" 204 - "HEAD http://localhost:8080/v1/AUTH_763f7b3ebd7b498e957e4d1819d59a86?format=json" "tx46b64f5fe9684606b9cc2-0069afcfa9" "proxy-server 21" 0.0062 "-" 20 -
Mar 10 08:00:41 standalone proxy-server[117663]: - - 10/Mar/2026/08/00/41 HEAD /v1/AUTH_763f7b3ebd7b498e957e4d1819d59a86%3Fformat%3Djson HTTP/1.0 204 - Swift - - - - tx46b64f5fe9684606b9cc2-0069afcfa9 - 0.0096 RL - 1773129641.706513882 1773129641.716144562 -
Mar 10 08:00:41 standalone container-server[115786]: 172.20.0.100 - - [10/Mar/2026:08:00:41 +0000] "HEAD /d1/741/AUTH_763f7b3ebd7b498e957e4d1819d59a86/glance" 204 - "HEAD http://localhost:8080/v1/AUTH_763f7b3ebd7b498e957e4d1819d59a86/glance?format=json&states=listing" "tx46b64f5fe9684606b9cc2-0069afcfa9" "proxy-server 21" 0.0016 "-" 20 0
Mar 10 08:00:41 standalone proxy-server[117663]: 172.18.0.2 ::1 10/Mar/2026/08/00/41 HEAD /v1/AUTH_763f7b3ebd7b498e957e4d1819d59a86/glance%3Fformat%3Djson%26states%3Dlisting HTTP/1.0 204 - python-swiftclient-3.11.1 gAAAAABpr8-peYLf... - - - tx46b64f5fe9684606b9cc2-0069afcfa9 - 0.1590 - - 1773129641.705839396 1773129641.864838123 0
Mar 10 08:00:45 standalone container-server[115802]: 172.20.0.100 - - [10/Mar/2026:08:00:45 +0000] "PUT /d1/741/AUTH_763f7b3ebd7b498e957e4d1819d59a86/glance/3b0c8c92-3b67-4e7d-9faa-b079697828ba-00001" 201 - "PUT http://localhost:8080/d1/313/AUTH_763f7b3ebd7b498e957e4d1819d59a86/glance/3b0c8c92-3b67-4e7d-9faa-b079697828ba-00001" "tx76a26efee04a4fb7b8608-0069afcfa9" "object-server 23" 0.0007 "-" 23 0
Mar 10 08:00:45 standalone object-server[115956]: 172.20.0.100 - - [10/Mar/2026:08:00:45 +0000] "PUT /d1/313/AUTH_763f7b3ebd7b498e957e4d1819d59a86/glance/3b0c8c92-3b67-4e7d-9faa-b079697828ba-00001" 201 - "PUT http://localhost:8080/v1/AUTH_763f7b3ebd7b498e957e4d1819d59a86/glance/3b0c8c92-3b67-4e7d-9faa-b079697828ba-00001" "tx76a26efee04a4fb7b8608-0069afcfa9" "proxy-server 21" 3.1558 "-" 23 0
Mar 10 08:00:45 standalone proxy-server[117663]: 172.18.0.2 ::1 10/Mar/2026/08/00/45 PUT /v1/AUTH_763f7b3ebd7b498e957e4d1819d59a86/glance/3b0c8c92-3b67-4e7d-9faa-b079697828ba-00001 HTTP/1.0 201 - python-swiftclient-3.11.1 gAAAAABpr8-peYLf... 21692416 - - tx76a26efee04a4fb7b8608-0069afcfa9 - 3.1624 - - 1773129641.873441935 1773129645.035792589 0
Mar 10 08:00:45 standalone container-server[115793]: 172.20.0.100 - - [10/Mar/2026:08:00:45 +0000] "PUT /d1/741/AUTH_763f7b3ebd7b498e957e4d1819d59a86/glance/3b0c8c92-3b67-4e7d-9faa-b079697828ba" 201 - "PUT http://localhost:8080/d1/227/AUTH_763f7b3ebd7b498e957e4d1819d59a86/glance/3b0c8c92-3b67-4e7d-9faa-b079697828ba" "txc4e6f82584f14699be8d3-0069afcfad" "object-server 24" 0.0010 "-" 22 0
Mar 10 08:00:45 standalone object-server[115960]: 172.20.0.100 - - [10/Mar/2026:08:00:45 +0000] "PUT /d1/227/AUTH_763f7b3ebd7b498e957e4d1819d59a86/glance/3b0c8c92-3b67-4e7d-9faa-b079697828ba" 201 - "PUT http://localhost:8080/v1/AUTH_763f7b3ebd7b498e957e4d1819d59a86/glance/3b0c8c92-3b67-4e7d-9faa-b079697828ba" "txc4e6f82584f14699be8d3-0069afcfad" "proxy-server 21" 0.0078 "-" 24 0
Mar 10 08:00:45 standalone proxy-server[117663]: 172.18.0.2 ::1 10/Mar/2026/08/00/45 PUT /v1/AUTH_763f7b3ebd7b498e957e4d1819d59a86/glance/3b0c8c92-3b67-4e7d-9faa-b079697828ba HTTP/1.0 201 - python-swiftclient-3.11.1 gAAAAABpr8-peYLf... - - - txc4e6f82584f14699be8d3-0069afcfad - 0.0131 - - 1773129645.041030884 1773129645.054101944 0
Mar 10 08:01:05 standalone account-server[115689]: 172.20.0.100 - - [10/Mar/2026:08:01:05 +0000] "HEAD /d1/427/.expiring_objects" 404 - "HEAD http://localhost/v1/.expiring_objects?format=json" "tx9e2e1cc8986d4d7ea6498-0069afcfc1" "proxy-server 2" 0.0007 "-" 20 -
Mar 10 08:01:05 standalone object-expirer[115809]: Pass completed in 0s; 0 objects expired (txn: tx9e2e1cc8986d4d7ea6498-0069afcfc1)
Mar 10 08:01:49 standalone account-server[115689]: 172.20.0.100 - - [10/Mar/2026:08:01:49 +0000] "HEAD /d1/674/AUTH_763f7b3ebd7b498e957e4d1819d59a86" 204 - "HEAD http://localhost:8080/v1/AUTH_763f7b3ebd7b498e957e4d1819d59a86?format=json" "txad7af68c95154a4ca13b4-0069afcfed" "proxy-server 21" 0.0025 "-" 20 -
Mar 10 08:01:49 standalone proxy-server[117663]: - - 10/Mar/2026/08/01/49 HEAD /v1/AUTH_763f7b3ebd7b498e957e4d1819d59a86%3Fformat%3Djson HTTP/1.0 204 - Swift - - - - txad7af68c95154a4ca13b4-0069afcfed - 0.0083 RL - 1773129709.469979763 1773129709.478240967 -
Mar 10 08:01:50 standalone container-server[115793]: 172.20.0.100 - - [10/Mar/2026:08:01:50 +0000] "HEAD /d1/741/AUTH_763f7b3ebd7b498e957e4d1819d59a86/glance" 204 - "HEAD http://localhost:8080/v1/AUTH_763f7b3ebd7b498e957e4d1819d59a86/glance?format=json&states=listing" "txad7af68c95154a4ca13b4-0069afcfed" "proxy-server 21" 0.0163 "-" 22 0
Mar 10 08:01:50 standalone object-server[115951]: 172.20.0.100 - - [10/Mar/2026:08:01:50 +0000] "GET /d1/227/AUTH_763f7b3ebd7b498e957e4d1819d59a86/glance/3b0c8c92-3b67-4e7d-9faa-b079697828ba" 200 - "GET http://localhost:8080/v1/AUTH_763f7b3ebd7b498e957e4d1819d59a86/glance/3b0c8c92-3b67-4e7d-9faa-b079697828ba" "txad7af68c95154a4ca13b4-0069afcfed" "proxy-server 21" 0.0011 "-" 22 0
Mar 10 08:01:50 standalone container-server[115791]: 172.20.0.100 - - [10/Mar/2026:08:01:50 +0000] "GET /d1/741/AUTH_763f7b3ebd7b498e957e4d1819d59a86/glance" 200 210 "GET http://localhost:8080/v1/AUTH_763f7b3ebd7b498e957e4d1819d59a86/glance?prefix=3b0c8c92-3b67-4e7d-9faa-b079697828ba-&format=json&states=listing" "txad7af68c95154a4ca13b4-0069afcfed" "proxy-server 21" 0.0037 "-" 21 0
Mar 10 08:01:50 standalone proxy-server[117663]: - - 10/Mar/2026/08/01/50 GET /v1/AUTH_763f7b3ebd7b498e957e4d1819d59a86/glance%3Fprefix%3D3b0c8c92-3b67-4e7d-9faa-b079697828ba-%26format%3Djson%26states%3Dlisting HTTP/1.0 200 - python-swiftclient-3.11.1%20DLO%20MultipartGET gAAAAABpr8_tii0H... - 210 - txad7af68c95154a4ca13b4-0069afcfed - 0.0075 DLO - 1773129710.166596174 1773129710.174084663 0
Mar 10 08:01:50 standalone object-server[115956]: 172.20.0.100 - - [10/Mar/2026:08:01:50 +0000] "GET /d1/313/AUTH_763f7b3ebd7b498e957e4d1819d59a86/glance/3b0c8c92-3b67-4e7d-9faa-b079697828ba-00001" 200 21692416 "GET http://localhost:8080/v1/AUTH_763f7b3ebd7b498e957e4d1819d59a86/glance/3b0c8c92-3b67-4e7d-9faa-b079697828ba-00001?multipart-manifest=get" "txad7af68c95154a4ca13b4-0069afcfed" "proxy-server 21" 0.0013 "-" 23 0
Mar 10 08:01:50 standalone proxy-server[117663]: - - 10/Mar/2026/08/01/50 GET /v1/AUTH_763f7b3ebd7b498e957e4d1819d59a86/glance/3b0c8c92-3b67-4e7d-9faa-b079697828ba-00001%3Fmultipart-manifest%3Dget HTTP/1.0 200 - python-swiftclient-3.11.1%20%20DLO%20MultipartGET gAAAAABpr8_tii0H... - 21692416 - txad7af68c95154a4ca13b4-0069afcfed - 0.1229 DLO - 1773129710.174947739 1773129710.297856331 0
Mar 10 08:01:50 standalone proxy-server[117663]: 172.18.0.2 ::1 10/Mar/2026/08/01/50 GET /v1/AUTH_763f7b3ebd7b498e957e4d1819d59a86/glance/3b0c8c92-3b67-4e7d-9faa-b079697828ba HTTP/1.0 200 - python-swiftclient-3.11.1 gAAAAABpr8_tii0H... - 21692416 - txad7af68c95154a4ca13b4-0069afcfed - 0.8299 - - 1773129709.468468666 1773129710.298326492 0
Mar 10 08:04:11 standalone container-server[115563]: Begin container update sweep
Mar 10 08:04:11 standalone account-server[115689]: 172.20.0.100 - - [10/Mar/2026:08:04:11 +0000] "PUT /d1/674/AUTH_763f7b3ebd7b498e957e4d1819d59a86/glance" 201 - "-" "-" "container-updater 2" 0.0011 "-" 20 0
Mar 10 08:04:11 standalone container-server[115563]: Container update sweep completed: 0.10s
Mar 10 08:04:34 standalone object-server[115855]: Begin object update sweep
Mar 10 08:04:34 standalone object-server[196707]: Object update sweep starting on /srv/node/d1 (pid: 14)
Mar 10 08:04:34 standalone object-server[196707]: Object update sweep completed on /srv/node/d1 in 0.00s seconds:, 0 successes, 0 failures, 0 quarantines, 0 unlinks, 0 errors, 0 redirects (pid: 14)
Mar 10 08:04:34 standalone object-server[196707]: Object update sweep of d1 completed: 0.00s, 0 successes, 0 failures, 0 quarantines, 0 unlinks, 0 errors, 0 redirects
Mar 10 08:04:34 standalone object-server[115855]: Object update sweep completed: 0.08s
Mar 10 08:05:32 standalone account-server[115689]: 172.20.0.100 - - [10/Mar/2026:08:05:32 +0000] "HEAD /d1/427/.expiring_objects" 404 - "HEAD http://localhost/v1/.expiring_objects?format=json" "tx61111309bc764a0aac844-0069afd0cc" "proxy-server 2" 0.0006 "-" 20 -
Mar 10 08:05:32 standalone object-expirer[115809]: Pass completed in 0s; 0 objects expired (txn: tx61111309bc764a0aac844-0069afd0cc)
Mar 10 08:06:22 standalone account-server[115694]: 172.20.0.100 - - [10/Mar/2026:08:06:22 +0000] "HEAD /d1/427/.expiring_objects" 404 - "HEAD http://localhost/v1/.expiring_objects?format=json" "txbbfb83a18dd247d4980a0-0069afd0fe" "proxy-server 2" 0.0007 "-" 22 -
Mar 10 08:06:22 standalone object-expirer[115809]: Pass completed in 0s; 0 objects expired (txn: txbbfb83a18dd247d4980a0-0069afd0fe)
Mar 10 08:07:14 standalone account-server[115694]: 172.20.0.100 - - [10/Mar/2026:08:07:14 +0000] "HEAD /d1/427/.expiring_objects" 404 - "HEAD http://localhost/v1/.expiring_objects?format=json" "txf07a3de5580d4c26bef4e-0069afd132" "proxy-server 2" 0.0008 "-" 22 -
Mar 10 08:07:14 standalone object-expirer[115809]: Pass completed in 0s; 0 objects expired (txn: txf07a3de5580d4c26bef4e-0069afd132)
Mar 10 08:09:11 standalone container-server[115563]: Begin container update sweep
Mar 10 08:09:11 standalone container-server[115563]: Container update sweep completed: 0.07s
Mar 10 08:09:34 standalone object-server[115855]: Begin object update sweep
Mar 10 08:09:34 standalone object-server[222962]: Object update sweep starting on /srv/node/d1 (pid: 15)
Mar 10 08:09:34 standalone object-server[222962]: Object update sweep completed on /srv/node/d1 in 0.00s seconds:, 0 successes, 0 failures, 0 quarantines, 0 unlinks, 0 errors, 0 redirects (pid: 15)
Mar 10 08:09:34 standalone object-server[222962]: Object update sweep of d1 completed: 0.00s, 0 successes, 0 failures, 0 quarantines, 0 unlinks, 0 errors, 0 redirects
Mar 10 08:09:34 standalone object-server[115855]: Object update sweep completed: 0.08s
Mar 10 08:11:53 standalone account-server[115704]: 172.20.0.100 - - [10/Mar/2026:08:11:53 +0000] "HEAD /d1/427/.expiring_objects" 404 - "HEAD http://localhost/v1/.expiring_objects?format=json" "tx951296e104ba4dd489914-0069afd249" "proxy-server 2" 0.0009 "-" 23 -
Mar 10 08:11:53 standalone object-expirer[115809]: Pass completed in 0s; 0 objects expired (txn: tx951296e104ba4dd489914-0069afd249)
Mar 10 08:13:52 standalone account-server[115693]: 172.20.0.100 - - [10/Mar/2026:08:13:52 +0000] "HEAD /d1/427/.expiring_objects" 404 - "HEAD http://localhost/v1/.expiring_objects?format=json" "txbeea2f48fa7d467687063-0069afd2c0" "proxy-server 2" 0.0013 "-" 21 -
Mar 10 08:13:52 standalone object-expirer[115809]: Pass completed in 0s; 0 objects expired (txn: txbeea2f48fa7d467687063-0069afd2c0)
Mar 10 08:14:03 standalone account-server[115689]: 172.20.0.100 - - [10/Mar/2026:08:14:03 +0000] "HEAD /d1/427/.expiring_objects" 404 - "HEAD http://localhost/v1/.expiring_objects?format=json" "tx9fe913d09386415ab9f26-0069afd2cb" "proxy-server 2" 0.0006 "-" 20 -
Mar 10 08:14:03 standalone object-expirer[115809]: Pass completed in 0s; 0 objects expired (txn: tx9fe913d09386415ab9f26-0069afd2cb)
Mar 10 08:14:11 standalone container-server[115563]: Begin container update sweep
Mar 10 08:14:11 standalone container-server[115563]: Container update sweep completed: 0.08s
Mar 10 08:14:14 standalone account-server[115689]: 172.20.0.31 - - [10/Mar/2026:08:14:14 +0000] "HEAD /d1/175/AUTH_f6932f9dfaa940beb630761c8ae645b3" 404 - "HEAD http://swift-public-openstack.apps-crc.testing/v1/AUTH_f6932f9dfaa940beb630761c8ae645b3?format=json" "txafc529e8a76b4cf5b9ba9-0069afd2d6" "proxy-server 8" 0.0007 "-" 20 -
Mar 10 08:14:15 standalone account-server[115694]: 172.20.0.31 - - [10/Mar/2026:08:14:15 +0000] "GET /d1/175/AUTH_f6932f9dfaa940beb630761c8ae645b3" 404 - "GET http://swift-public-openstack.apps-crc.testing/v1/AUTH_f6932f9dfaa940beb630761c8ae645b3?format=json" "txafc529e8a76b4cf5b9ba9-0069afd2d6" "proxy-server 8" 0.0003 "-" 22 -
Mar 10 08:14:34 standalone object-server[115855]: Begin object update sweep
Mar 10 08:14:34 standalone object-server[242650]: Object update sweep starting on /srv/node/d1 (pid: 16)
Mar 10 08:14:34 standalone object-server[242650]: Object update sweep completed on /srv/node/d1 in 0.00s seconds:, 0 successes, 0 failures, 0 quarantines, 0 unlinks, 0 errors, 0 redirects (pid: 16)
Mar 10 08:14:34 standalone object-server[242650]: Object update sweep of d1 completed: 0.00s, 0 successes, 0 failures, 0 quarantines, 0 unlinks, 0 errors, 0 redirects
Mar 10 08:14:34 standalone object-server[115855]: Object update sweep completed: 0.09s
Mar 10 08:17:12 standalone account-server[115704]: 172.20.0.100 - - [10/Mar/2026:08:17:12 +0000] "HEAD /d1/427/.expiring_objects" 404 - "HEAD http://localhost/v1/.expiring_objects?format=json" "txc8aa0e3f68c84e7f80264-0069afd388" "proxy-server 2" 0.0010 "-" 23 -
Mar 10 08:17:12 standalone object-expirer[115809]: Pass completed in 0s; 0 objects expired (txn: txc8aa0e3f68c84e7f80264-0069afd388)
Mar 10 08:19:11 standalone container-server[115563]: Begin container update sweep
Mar 10 08:19:11 standalone container-server[115563]: Container update sweep completed: 0.09s
Mar 10 08:19:35 standalone object-server[115855]: Begin object update sweep
Mar 10 08:19:35 standalone object-server[262201]: Object update sweep starting on /srv/node/d1 (pid: 17)
Mar 10 08:19:35 standalone object-server[262201]: Object update sweep completed on /srv/node/d1 in 0.00s seconds:, 0 successes, 0 failures, 0 quarantines, 0 unlinks, 0 errors, 0 redirects (pid: 17)
Mar 10 08:19:35 standalone object-server[262201]: Object update sweep of d1 completed: 0.00s, 0 successes, 0 failures, 0 quarantines, 0 unlinks, 0 errors, 0 redirects
Mar 10 08:19:35 standalone object-server[115855]: Object update sweep completed: 0.09s
Mar 10 08:19:49 standalone account-server[115694]: 172.20.0.100 - - [10/Mar/2026:08:19:49 +0000] "HEAD /d1/427/.expiring_objects" 404 - "HEAD http://localhost/v1/.expiring_objects?format=json" "tx35c69b24d01140b5b1274-0069afd425" "proxy-server 2" 0.0006 "-" 22 -
Mar 10 08:19:49 standalone object-expirer[115809]: Pass completed in 0s; 0 objects expired (txn: tx35c69b24d01140b5b1274-0069afd425)
Mar 10 08:20:12 standalone account-server[115693]: 172.20.0.100 - - [10/Mar/2026:08:20:12 +0000] "HEAD /d1/427/.expiring_objects" 404 - "HEAD http://localhost/v1/.expiring_objects?format=json" "tx1b97545c64fb43d985ab0-0069afd43c" "proxy-server 2" 0.0006 "-" 21 -
Mar 10 08:20:12 standalone object-expirer[115809]: Pass completed in 0s; 0 objects expired (txn: tx1b97545c64fb43d985ab0-0069afd43c)
Mar 10 08:22:11 standalone account-server[115704]: 172.20.0.100 - - [10/Mar/2026:08:22:11 +0000] "HEAD /d1/427/.expiring_objects" 404 - "HEAD http://localhost/v1/.expiring_objects?format=json" "tx1e8bc62b7fed47a994d7c-0069afd4b3" "proxy-server 2" 0.0005 "-" 23 -
Mar 10 08:22:11 standalone object-expirer[115809]: Pass completed in 0s; 0 objects expired (txn: tx1e8bc62b7fed47a994d7c-0069afd4b3)
Mar 10 08:24:11 standalone container-server[115563]: Begin container update sweep
Mar 10 08:24:11 standalone container-server[115563]: Container update sweep completed: 0.08s
Mar 10 08:24:29 standalone account-server[115689]: 172.20.0.100 - - [10/Mar/2026:08:24:29 +0000] "HEAD /d1/427/.expiring_objects" 404 - "HEAD http://localhost/v1/.expiring_objects?format=json" "tx7f4ef75f7a6548ddb9ace-0069afd53d" "proxy-server 2" 0.0006 "-" 20 -
Mar 10 08:24:29 standalone object-expirer[115809]: Pass completed in 0s; 0 objects expired (txn: tx7f4ef75f7a6548ddb9ace-0069afd53d)
Mar 10 08:24:35 standalone object-server[115855]: Begin object update sweep
Mar 10 08:24:35 standalone object-server[281453]: Object update sweep starting on /srv/node/d1 (pid: 18)
Mar 10 08:24:35 standalone object-server[281453]: Object update sweep completed on /srv/node/d1 in 0.00s seconds:, 0 successes, 0 failures, 0 quarantines, 0 unlinks, 0 errors, 0 redirects (pid: 18)
Mar 10 08:24:35 standalone object-server[281453]: Object update sweep of d1 completed: 0.00s, 0 successes, 0 failures, 0 quarantines, 0 unlinks, 0 errors, 0 redirects
Mar 10 08:24:35 standalone object-server[115855]: Object update sweep completed: 0.11s
Mar 10 08:24:44 standalone account-server[115704]: 172.20.0.31 - - [10/Mar/2026:08:24:44 +0000] "HEAD /d1/414/AUTH_559f0870105049ccaae0b6d1ac404e4c" 404 - "HEAD http://swift-internal.openstack.svc:8080/v1/AUTH_559f0870105049ccaae0b6d1ac404e4c?format=json" "tx62197ac3a0064f588fbd8-0069afd54c" "proxy-server 10" 0.0008 "-" 23 -
Mar 10 08:24:44 standalone account-server[115694]: 172.20.0.31 - - [10/Mar/2026:08:24:44 +0000] "HEAD /d1/414/AUTH_559f0870105049ccaae0b6d1ac404e4c" 404 - "HEAD http://swift-internal.openstack.svc:8080/v1/AUTH_559f0870105049ccaae0b6d1ac404e4c?format=json" "tx62197ac3a0064f588fbd8-0069afd54c" "proxy-server 10" 0.0005 "-" 22 -
Mar 10 08:24:45 standalone account-server[115704]: 172.20.0.31 - - [10/Mar/2026:08:24:45 +0000] "HEAD /d1/890/AUTH_684f3595bf9c4a72aea41919a86f5739" 404 - "HEAD http://swift-internal.openstack.svc:8080/v1/AUTH_684f3595bf9c4a72aea41919a86f5739?format=json" "txe3ca72d7ced64137929b3-0069afd54c" "proxy-server 5" 0.0016 "-" 23 -
Mar 10 08:24:45 standalone account-server[115694]: 172.20.0.31 - - [10/Mar/2026:08:24:45 +0000] "HEAD /d1/890/AUTH_684f3595bf9c4a72aea41919a86f5739" 404 - "HEAD http://swift-internal.openstack.svc:8080/v1/AUTH_684f3595bf9c4a72aea41919a86f5739?format=json" "txe3ca72d7ced64137929b3-0069afd54c" "proxy-server 5" 0.0005 "-" 22 -
Mar 10 08:24:45 standalone account-server[115694]: 172.20.0.31 - - [10/Mar/2026:08:24:45 +0000] "HEAD /d1/674/AUTH_763f7b3ebd7b498e957e4d1819d59a86" 204 - "HEAD http://swift-internal.openstack.svc:8080/v1/AUTH_763f7b3ebd7b498e957e4d1819d59a86?format=json" "tx2803fa64a0274919af867-0069afd54d" "proxy-server 5" 0.0101 "-" 22 -
Mar 10 08:24:45 standalone account-server[115694]: 172.20.0.31 - - [10/Mar/2026:08:24:45 +0000] "HEAD /d1/674/AUTH_763f7b3ebd7b498e957e4d1819d59a86" 204 - "HEAD http://swift-internal.openstack.svc:8080/v1/AUTH_763f7b3ebd7b498e957e4d1819d59a86?format=json" "tx2803fa64a0274919af867-0069afd54d" "proxy-server 5" 0.0023 "-" 22 -
Mar 10 08:24:45 standalone account-server[115693]: 172.20.0.31 - - [10/Mar/2026:08:24:45 +0000] "HEAD /d1/175/AUTH_f6932f9dfaa940beb630761c8ae645b3" 404 - "HEAD http://swift-internal.openstack.svc:8080/v1/AUTH_f6932f9dfaa940beb630761c8ae645b3?format=json" "txd43cafa6a35743dca309c-0069afd54d" "proxy-server 10" 0.0009 "-" 21 -
Mar 10 08:24:45 standalone account-server[115694]: 172.20.0.31 - - [10/Mar/2026:08:24:45 +0000] "HEAD /d1/175/AUTH_f6932f9dfaa940beb630761c8ae645b3" 404 - "HEAD http://swift-internal.openstack.svc:8080/v1/AUTH_f6932f9dfaa940beb630761c8ae645b3?format=json" "txd43cafa6a35743dca309c-0069afd54d" "proxy-server 10" 0.0004 "-" 22 -
Mar 10 08:24:45 standalone account-server[115704]: 172.20.0.31 - - [10/Mar/2026:08:24:45 +0000] "GET /d1/414/AUTH_559f0870105049ccaae0b6d1ac404e4c" 404 - "GET http://swift-internal.openstack.svc:8080/v1/AUTH_559f0870105049ccaae0b6d1ac404e4c?format=json" "tx4f681766b6fe400299c7b-0069afd54d" "proxy-server 10" 0.0004 "-" 23 -
Mar 10 08:24:46 standalone account-server[115694]: 172.20.0.31 - - [10/Mar/2026:08:24:46 +0000] "GET /d1/890/AUTH_684f3595bf9c4a72aea41919a86f5739" 404 - "GET http://swift-internal.openstack.svc:8080/v1/AUTH_684f3595bf9c4a72aea41919a86f5739?format=json" "txc2086a543a494cb0b9f87-0069afd54d" "proxy-server 12" 0.0005 "-" 22 -
Mar 10 08:24:46 standalone account-server[115704]: 172.20.0.31 - - [10/Mar/2026:08:24:46 +0000] "GET /d1/674/AUTH_763f7b3ebd7b498e957e4d1819d59a86" 200 98 "GET http://swift-internal.openstack.svc:8080/v1/AUTH_763f7b3ebd7b498e957e4d1819d59a86?format=json" "txa975510fe9914911a0e3b-0069afd54e" "proxy-server 12" 0.0050 "-" 23 -
Mar 10 08:24:46 standalone account-server[115694]: 172.20.0.31 - - [10/Mar/2026:08:24:46 +0000] "GET /d1/175/AUTH_f6932f9dfaa940beb630761c8ae645b3" 404 - "GET http://swift-internal.openstack.svc:8080/v1/AUTH_f6932f9dfaa940beb630761c8ae645b3?format=json" "tx867f8cf176844e9bba363-0069afd54e" "proxy-server 15" 0.0005 "-" 22 -
Mar 10 08:25:18 standalone account-server[115704]: 172.20.0.31 - - [10/Mar/2026:08:25:18 +0000] "HEAD /d1/414/AUTH_559f0870105049ccaae0b6d1ac404e4c" 404 - "HEAD http://swift-internal.openstack.svc:8080/v1/AUTH_559f0870105049ccaae0b6d1ac404e4c?format=json" "txbb0250fadc6f4cf482019-0069afd56e" "proxy-server 12" 0.0008 "-" 23 -
Mar 10 08:25:18 standalone account-server[115693]: 172.20.0.31 - - [10/Mar/2026:08:25:18 +0000] "HEAD /d1/890/AUTH_684f3595bf9c4a72aea41919a86f5739" 404 - "HEAD http://swift-internal.openstack.svc:8080/v1/AUTH_684f3595bf9c4a72aea41919a86f5739?format=json" "tx25fa3177dd2c4e04a98a4-0069afd56e" "proxy-server 12" 0.0005 "-" 21 -
Mar 10 08:25:18 standalone account-server[115694]: 172.20.0.31 - - [10/Mar/2026:08:25:18 +0000] "HEAD /d1/674/AUTH_763f7b3ebd7b498e957e4d1819d59a86" 204 - "HEAD http://swift-internal.openstack.svc:8080/v1/AUTH_763f7b3ebd7b498e957e4d1819d59a86?format=json" "txfc80f2257322496785767-0069afd56e" "proxy-server 12" 0.0013 "-" 22 -
Mar 10 08:25:19 standalone account-server[115694]: 172.20.0.31 - - [10/Mar/2026:08:25:19 +0000] "HEAD /d1/175/AUTH_f6932f9dfaa940beb630761c8ae645b3" 404 - "HEAD http://swift-internal.openstack.svc:8080/v1/AUTH_f6932f9dfaa940beb630761c8ae645b3?format=json" "tx072e9cae74ff425682b34-0069afd56e" "proxy-server 16" 0.0005 "-" 22 -
Mar 10 08:25:20 standalone account-server[115704]: 172.20.0.31 - - [10/Mar/2026:08:25:20 +0000] "GET /d1/414/AUTH_559f0870105049ccaae0b6d1ac404e4c" 404 - "GET http://swift-internal.openstack.svc:8080/v1/AUTH_559f0870105049ccaae0b6d1ac404e4c?format=json" "tx0a1260ace0cb458c9b16f-0069afd570" "proxy-server 16" 0.0006 "-" 23 -
Mar 10 08:25:20 standalone account-server[115693]: 172.20.0.31 - - [10/Mar/2026:08:25:20 +0000] "GET /d1/890/AUTH_684f3595bf9c4a72aea41919a86f5739" 404 - "GET http://swift-internal.openstack.svc:8080/v1/AUTH_684f3595bf9c4a72aea41919a86f5739?format=json" "tx0cd3d47d92dd4a5ab8a1c-0069afd570" "proxy-server 16" 0.0005 "-" 21 -
Mar 10 08:25:20 standalone account-server[115689]: 172.20.0.31 - - [10/Mar/2026:08:25:20 +0000] "GET /d1/674/AUTH_763f7b3ebd7b498e957e4d1819d59a86" 200 98 "GET http://swift-internal.openstack.svc:8080/v1/AUTH_763f7b3ebd7b498e957e4d1819d59a86?format=json" "tx6a9c458ff1d04cbb91e04-0069afd570" "proxy-server 16" 0.0031 "-" 20 -
Mar 10 08:25:20 standalone account-server[115704]: 172.20.0.31 - - [10/Mar/2026:08:25:20 +0000] "GET /d1/175/AUTH_f6932f9dfaa940beb630761c8ae645b3" 404 - "GET http://swift-internal.openstack.svc:8080/v1/AUTH_f6932f9dfaa940beb630761c8ae645b3?format=json" "txc3e441726ce945f7adc74-0069afd570" "proxy-server 8" 0.0005 "-" 23 -
Mar 10 08:25:28 standalone account-server[115693]: 172.20.0.31 - - [10/Mar/2026:08:25:28 +0000] "GET /d1/414/AUTH_559f0870105049ccaae0b6d1ac404e4c" 404 - "GET http://swift-internal.openstack.svc:8080/v1/AUTH_559f0870105049ccaae0b6d1ac404e4c?format=json" "tx368500d29e964064b1f40-0069afd578" "proxy-server 10" 0.0009 "-" 21 -
Mar 10 08:25:28 standalone account-server[115689]: 172.20.0.31 - - [10/Mar/2026:08:25:28 +0000] "GET /d1/890/AUTH_684f3595bf9c4a72aea41919a86f5739" 404 - "GET http://swift-internal.openstack.svc:8080/v1/AUTH_684f3595bf9c4a72aea41919a86f5739?format=json" "txc938095b06764ab9861c7-0069afd578" "proxy-server 16" 0.0006 "-" 20 -
Mar 10 08:25:28 standalone account-server[115689]: 172.20.0.31 - - [10/Mar/2026:08:25:28 +0000] "GET /d1/674/AUTH_763f7b3ebd7b498e957e4d1819d59a86" 200 98 "GET http://swift-internal.openstack.svc:8080/v1/AUTH_763f7b3ebd7b498e957e4d1819d59a86?format=json" "txfc430c3e66c645798d764-0069afd578" "proxy-server 10" 0.0030 "-" 20 -
Mar 10 08:25:28 standalone account-server[115689]: 172.20.0.31 - - [10/Mar/2026:08:25:28 +0000] "GET /d1/175/AUTH_f6932f9dfaa940beb630761c8ae645b3" 404 - "GET http://swift-internal.openstack.svc:8080/v1/AUTH_f6932f9dfaa940beb630761c8ae645b3?format=json" "tx3de8eae7edd340c2aa811-0069afd578" "proxy-server 16" 0.0004 "-" 20 -
Mar 10 08:25:29 standalone account-server[115693]: 172.20.0.31 - - [10/Mar/2026:08:25:29 +0000] "HEAD /d1/414/AUTH_559f0870105049ccaae0b6d1ac404e4c" 404 - "HEAD http://swift-internal.openstack.svc:8080/v1/AUTH_559f0870105049ccaae0b6d1ac404e4c?format=json" "tx0f7b6611104642f2a4582-0069afd579" "proxy-server 10" 0.0003 "-" 21 -
Mar 10 08:25:29 standalone account-server[115689]: 172.20.0.31 - - [10/Mar/2026:08:25:29 +0000] "HEAD /d1/890/AUTH_684f3595bf9c4a72aea41919a86f5739" 404 - "HEAD http://swift-internal.openstack.svc:8080/v1/AUTH_684f3595bf9c4a72aea41919a86f5739?format=json" "tx0fa792c158484d7689ea1-0069afd579" "proxy-server 10" 0.0007 "-" 20 -
Mar 10 08:25:29 standalone account-server[115704]: 172.20.0.31 - - [10/Mar/2026:08:25:29 +0000] "HEAD /d1/674/AUTH_763f7b3ebd7b498e957e4d1819d59a86" 204 - "HEAD http://swift-internal.openstack.svc:8080/v1/AUTH_763f7b3ebd7b498e957e4d1819d59a86?format=json" "tx00651ba3a79c4dbda83a1-0069afd579" "proxy-server 16" 0.0025 "-" 23 -
Mar 10 08:25:29 standalone account-server[115704]: 172.20.0.31 - - [10/Mar/2026:08:25:29 +0000] "HEAD /d1/175/AUTH_f6932f9dfaa940beb630761c8ae645b3" 404 - "HEAD http://swift-internal.openstack.svc:8080/v1/AUTH_f6932f9dfaa940beb630761c8ae645b3?format=json" "tx891af051ed1041a0bb3bf-0069afd579" "proxy-server 16" 0.0004 "-" 23 -
Mar 10 08:26:59 standalone account-server[115689]: 172.20.0.100 - - [10/Mar/2026:08:26:59 +0000] "HEAD /d1/427/.expiring_objects" 404 - "HEAD http://localhost/v1/.expiring_objects?format=json" "txacbb71d2fd4e49d897b91-0069afd5d3" "proxy-server 2" 0.0009 "-" 20 -
Mar 10 08:26:59 standalone object-expirer[115809]: Pass completed in 0s; 0 objects expired (txn: txacbb71d2fd4e49d897b91-0069afd5d3)
Mar 10 08:27:28 standalone account-server[115694]: 172.20.0.100 - - [10/Mar/2026:08:27:28 +0000] "HEAD /d1/427/.expiring_objects" 404 - "HEAD http://localhost/v1/.expiring_objects?format=json" "tx7cab48adf4734495bc961-0069afd5f0" "proxy-server 2" 0.0008 "-" 22 -
Mar 10 08:27:28 standalone object-expirer[115809]: Pass completed in 0s; 0 objects expired (txn: tx7cab48adf4734495bc961-0069afd5f0)
Mar 10 08:29:11 standalone container-server[115563]: Begin container update sweep
Mar 10 08:29:12 standalone container-server[115563]: Container update sweep completed: 0.09s
Mar 10 08:29:35 standalone object-server[115855]: Begin object update sweep
Mar 10 08:29:35 standalone object-server[294471]: Object update sweep starting on /srv/node/d1 (pid: 19)
Mar 10 08:29:35 standalone object-server[294471]: Object update sweep completed on /srv/node/d1 in 0.00s seconds:, 0 successes, 0 failures, 0 quarantines, 0 unlinks, 0 errors, 0 redirects (pid: 19)
Mar 10 08:29:35 standalone object-server[294471]: Object update sweep of d1 completed: 0.00s, 0 successes, 0 failures, 0 quarantines, 0 unlinks, 0 errors, 0 redirects
Mar 10 08:29:35 standalone object-server[115855]: Object update sweep completed: 0.07s
Mar 10 08:30:26 standalone account-server[115694]: 172.20.0.31 - - [10/Mar/2026:08:30:26 +0000] "HEAD /d1/414/AUTH_559f0870105049ccaae0b6d1ac404e4c" 404 - "HEAD http://swift-internal.openstack.svc:8080/v1/AUTH_559f0870105049ccaae0b6d1ac404e4c?format=json" "tx00e9a00412ea4729a8446-0069afd6a2" "proxy-server 9" 0.0006 "-" 22 -
Mar 10 08:30:27 standalone account-server[115704]: 172.20.0.31 - - [10/Mar/2026:08:30:27 +0000] "GET /d1/414/AUTH_559f0870105049ccaae0b6d1ac404e4c" 404 - "GET http://swift-internal.openstack.svc:8080/v1/AUTH_559f0870105049ccaae0b6d1ac404e4c?format=json" "tx00e9a00412ea4729a8446-0069afd6a2" "proxy-server 9" 0.0006 "-" 23 -
Mar 10 08:30:27 standalone account-server[115694]: 172.20.0.31 - - [10/Mar/2026:08:30:27 +0000] "HEAD /d1/890/AUTH_684f3595bf9c4a72aea41919a86f5739" 404 - "HEAD http://swift-internal.openstack.svc:8080/v1/AUTH_684f3595bf9c4a72aea41919a86f5739?format=json" "txbccceee3e2bb4ae9adf5e-0069afd6a3" "proxy-server 9" 0.0006 "-" 22 -
Mar 10 08:30:27 standalone account-server[115704]: 172.20.0.31 - - [10/Mar/2026:08:30:27 +0000] "GET /d1/890/AUTH_684f3595bf9c4a72aea41919a86f5739" 404 - "GET http://swift-internal.openstack.svc:8080/v1/AUTH_684f3595bf9c4a72aea41919a86f5739?format=json" "txbccceee3e2bb4ae9adf5e-0069afd6a3" "proxy-server 9" 0.0011 "-" 23 -
Mar 10 08:30:27 standalone account-server[115694]: 172.20.0.31 - - [10/Mar/2026:08:30:27 +0000] "HEAD /d1/674/AUTH_763f7b3ebd7b498e957e4d1819d59a86" 204 - "HEAD http://swift-internal.openstack.svc:8080/v1/AUTH_763f7b3ebd7b498e957e4d1819d59a86?format=json" "tx1bcf78f3f8c6468da0544-0069afd6a3" "proxy-server 9" 0.0016 "-" 22 -
Mar 10 08:30:27 standalone account-server[115689]: 172.20.0.31 - - [10/Mar/2026:08:30:27 +0000] "GET /d1/674/AUTH_763f7b3ebd7b498e957e4d1819d59a86" 200 98 "GET http://swift-internal.openstack.svc:8080/v1/AUTH_763f7b3ebd7b498e957e4d1819d59a86?format=json" "tx1bcf78f3f8c6468da0544-0069afd6a3" "proxy-server 9" 0.0018 "-" 20 -
Mar 10 08:30:27 standalone account-server[115689]: 172.20.0.31 - - [10/Mar/2026:08:30:27 +0000] "HEAD /d1/175/AUTH_f6932f9dfaa940beb630761c8ae645b3" 404 - "HEAD http://swift-internal.openstack.svc:8080/v1/AUTH_f6932f9dfaa940beb630761c8ae645b3?format=json" "tx6cd4a55ea1b240efafcd4-0069afd6a3" "proxy-server 9" 0.0004 "-" 20 -
Mar 10 08:30:27 standalone account-server[115689]: 172.20.0.31 - - [10/Mar/2026:08:30:27 +0000] "GET /d1/175/AUTH_f6932f9dfaa940beb630761c8ae645b3" 404 - "GET http://swift-internal.openstack.svc:8080/v1/AUTH_f6932f9dfaa940beb630761c8ae645b3?format=json" "tx6cd4a55ea1b240efafcd4-0069afd6a3" "proxy-server 9" 0.0002 "-" 20 -
Mar 10 08:30:28 standalone account-server[115689]: 172.20.0.31 - - [10/Mar/2026:08:30:28 +0000] "HEAD /d1/414/AUTH_559f0870105049ccaae0b6d1ac404e4c" 404 - "HEAD http://swift-internal.openstack.svc:8080/v1/AUTH_559f0870105049ccaae0b6d1ac404e4c?format=json" "txe3b1ccf0937a4a69a76a2-0069afd6a4" "proxy-server 9" 0.0003 "-" 20 -
Mar 10 08:30:28 standalone account-server[115693]: 172.20.0.31 - - [10/Mar/2026:08:30:28 +0000] "HEAD /d1/890/AUTH_684f3595bf9c4a72aea41919a86f5739" 404 - "HEAD http://swift-internal.openstack.svc:8080/v1/AUTH_684f3595bf9c4a72aea41919a86f5739?format=json" "txd925cc140ba044ed8d07b-0069afd6a4" "proxy-server 15" 0.0004 "-" 21 -
Mar 10 08:30:28 standalone account-server[115694]: 172.20.0.31 - - [10/Mar/2026:08:30:28 +0000] "HEAD /d1/674/AUTH_763f7b3ebd7b498e957e4d1819d59a86" 204 - "HEAD http://swift-internal.openstack.svc:8080/v1/AUTH_763f7b3ebd7b498e957e4d1819d59a86?format=json" "tx8e1ea89686eb4e0f8a230-0069afd6a4" "proxy-server 15" 0.0022 "-" 22 -
Mar 10 08:30:28 standalone account-server[115689]: 172.20.0.31 - - [10/Mar/2026:08:30:28 +0000] "HEAD /d1/175/AUTH_f6932f9dfaa940beb630761c8ae645b3" 404 - "HEAD http://swift-internal.openstack.svc:8080/v1/AUTH_f6932f9dfaa940beb630761c8ae645b3?format=json" "txe9e88034e49943049e190-0069afd6a4" "proxy-server 15" 0.0005 "-" 20 -
Mar 10 08:32:15 standalone account-server[115704]: 172.20.0.100 - - [10/Mar/2026:08:32:15 +0000] "HEAD /d1/427/.expiring_objects" 404 - "HEAD http://localhost/v1/.expiring_objects?format=json" "tx29f58201c4164d8db1371-0069afd70f" "proxy-server 2" 0.0006 "-" 23 -
Mar 10 08:32:15 standalone object-expirer[115809]: Pass completed in 0s; 0 objects expired (txn: tx29f58201c4164d8db1371-0069afd70f)
Mar 10 08:34:12 standalone container-server[115563]: Begin container update sweep
Mar 10 08:34:12 standalone container-server[115563]: Container update sweep completed: 0.10s
Mar 10 08:34:35 standalone object-server[115855]: Begin object update sweep
Mar 10 08:34:35 standalone object-server[298507]: Object update sweep starting on /srv/node/d1 (pid: 20)
Mar 10 08:34:35 standalone object-server[298507]: Object update sweep completed on /srv/node/d1 in 0.00s seconds:, 0 successes, 0 failures, 0 quarantines, 0 unlinks, 0 errors, 0 redirects (pid: 20)
Mar 10 08:34:35 standalone object-server[298507]: Object update sweep of d1 completed: 0.00s, 0 successes, 0 failures, 0 quarantines, 0 unlinks, 0 errors, 0 redirects
Mar 10 08:34:35 standalone object-server[115855]: Object update sweep completed: 0.11s
Mar 10 08:35:12 standalone proxy-server[117461]: SIGTERM received (2)
Mar 10 08:35:12 standalone proxy-server[117461]: Exited (2)
Mar 10 08:35:26 standalone account-server[115689]: 172.20.0.31 - - [10/Mar/2026:08:35:26 +0000] "HEAD /d1/414/AUTH_559f0870105049ccaae0b6d1ac404e4c" 404 - "HEAD http://swift-internal.openstack.svc:8080/v1/AUTH_559f0870105049ccaae0b6d1ac404e4c?format=json" "txac7528ac3ad94f219d13b-0069afd7ce" "proxy-server 15" 0.0006 "-" 20 -
Mar 10 08:35:27 standalone account-server[115694]: 172.20.0.31 - - [10/Mar/2026:08:35:27 +0000] "GET /d1/414/AUTH_559f0870105049ccaae0b6d1ac404e4c" 404 - "GET http://swift-internal.openstack.svc:8080/v1/AUTH_559f0870105049ccaae0b6d1ac404e4c?format=json" "txac7528ac3ad94f219d13b-0069afd7ce" "proxy-server 15" 0.0004 "-" 22 -
