Mar 10 09:12:38 standalone container-server[115786]: 172.20.0.100 - - [10/Mar/2026:09:12:38 +0000] "DELETE /d1/741/AUTH_763f7b3ebd7b498e957e4d1819d59a86/glance/4b882fd4-6b5d-412c-b498-c117d790f420-00001" 204 - "DELETE http://swift-internal.openstack.svc:8080/d1/235/AUTH_763f7b3ebd7b498e957e4d1819d59a86/glance/4b882fd4-6b5d-412c-b498-c117d790f420-00001" "tx9790d4ade0954a259ee12-0069afe086" "object-server 23" 0.0007 "-" 20 0
Mar 10 09:12:38 standalone object-server[115956]: 172.20.0.31 - - [10/Mar/2026:09:12:38 +0000] "DELETE /d1/235/AUTH_763f7b3ebd7b498e957e4d1819d59a86/glance/4b882fd4-6b5d-412c-b498-c117d790f420-00001" 204 - "DELETE http://swift-internal.openstack.svc:8080/v1/AUTH_763f7b3ebd7b498e957e4d1819d59a86/glance/4b882fd4-6b5d-412c-b498-c117d790f420-00001" "tx9790d4ade0954a259ee12-0069afe086" "proxy-server 15" 0.0095 "-" 23 0
Mar 10 09:12:38 standalone container-server[115786]: 172.20.0.100 - - [10/Mar/2026:09:12:38 +0000] "DELETE /d1/741/AUTH_763f7b3ebd7b498e957e4d1819d59a86/glance/4b882fd4-6b5d-412c-b498-c117d790f420" 204 - "DELETE http://swift-internal.openstack.svc:8080/d1/862/AUTH_763f7b3ebd7b498e957e4d1819d59a86/glance/4b882fd4-6b5d-412c-b498-c117d790f420" "tx320de439737a47beb0114-0069afe086" "object-server 23" 0.0006 "-" 20 0
Mar 10 09:12:38 standalone object-server[115956]: 172.20.0.31 - - [10/Mar/2026:09:12:38 +0000] "DELETE /d1/862/AUTH_763f7b3ebd7b498e957e4d1819d59a86/glance/4b882fd4-6b5d-412c-b498-c117d790f420" 204 - "DELETE http://swift-internal.openstack.svc:8080/v1/AUTH_763f7b3ebd7b498e957e4d1819d59a86/glance/4b882fd4-6b5d-412c-b498-c117d790f420" "tx320de439737a47beb0114-0069afe086" "proxy-server 15" 0.0077 "-" 23 0
Mar 10 09:12:39 standalone container-server[115786]: 172.20.0.31 - - [10/Mar/2026:09:12:39 +0000] "HEAD /d1/741/AUTH_763f7b3ebd7b498e957e4d1819d59a86/glance" 204 - "HEAD http://swift-internal.openstack.svc:8080/v1/AUTH_763f7b3ebd7b498e957e4d1819d59a86/glance?format=json&states=listing" "tx819fe359db0c431cb4c55-0069afe087" "proxy-server 15" 0.0080 "-" 20 0
Mar 10 09:12:39 standalone container-server[115786]: 172.20.0.100 - - [10/Mar/2026:09:12:39 +0000] "PUT /d1/741/AUTH_763f7b3ebd7b498e957e4d1819d59a86/glance/64bc6249-d34f-43ab-969e-cbaf3fef9d9c-00001" 201 - "PUT http://swift-internal.openstack.svc:8080/d1/496/AUTH_763f7b3ebd7b498e957e4d1819d59a86/glance/64bc6249-d34f-43ab-969e-cbaf3fef9d9c-00001" "tx50e51581ecf945d79cc6e-0069afe087" "object-server 24" 0.0009 "-" 20 0
Mar 10 09:12:39 standalone object-server[115960]: 172.20.0.31 - - [10/Mar/2026:09:12:39 +0000] "PUT /d1/496/AUTH_763f7b3ebd7b498e957e4d1819d59a86/glance/64bc6249-d34f-43ab-969e-cbaf3fef9d9c-00001" 201 - "PUT http://swift-internal.openstack.svc:8080/v1/AUTH_763f7b3ebd7b498e957e4d1819d59a86/glance/64bc6249-d34f-43ab-969e-cbaf3fef9d9c-00001" "tx50e51581ecf945d79cc6e-0069afe087" "proxy-server 15" 0.0204 "-" 24 0
Mar 10 09:12:39 standalone container-server[115791]: 172.20.0.100 - - [10/Mar/2026:09:12:39 +0000] "PUT /d1/741/AUTH_763f7b3ebd7b498e957e4d1819d59a86/glance/64bc6249-d34f-43ab-969e-cbaf3fef9d9c" 201 - "PUT http://swift-internal.openstack.svc:8080/d1/901/AUTH_763f7b3ebd7b498e957e4d1819d59a86/glance/64bc6249-d34f-43ab-969e-cbaf3fef9d9c" "txafee18a3e8a64344ad537-0069afe087" "object-server 23" 0.0007 "-" 21 0
Mar 10 09:12:39 standalone object-server[115956]: 172.20.0.31 - - [10/Mar/2026:09:12:39 +0000] "PUT /d1/901/AUTH_763f7b3ebd7b498e957e4d1819d59a86/glance/64bc6249-d34f-43ab-969e-cbaf3fef9d9c" 201 - "PUT http://swift-internal.openstack.svc:8080/v1/AUTH_763f7b3ebd7b498e957e4d1819d59a86/glance/64bc6249-d34f-43ab-969e-cbaf3fef9d9c" "txafee18a3e8a64344ad537-0069afe087" "proxy-server 15" 0.0100 "-" 23 0
Mar 10 09:12:43 standalone object-server[115964]: 172.20.0.31 - - [10/Mar/2026:09:12:43 +0000] "HEAD /d1/901/AUTH_763f7b3ebd7b498e957e4d1819d59a86/glance/64bc6249-d34f-43ab-969e-cbaf3fef9d9c" 200 - "HEAD http://swift-internal.openstack.svc:8080/v1/AUTH_763f7b3ebd7b498e957e4d1819d59a86/glance/64bc6249-d34f-43ab-969e-cbaf3fef9d9c" "tx61d27d7202c14c43b3e01-0069afe08b" "proxy-server 15" 0.0012 "-" 25 0
Mar 10 09:12:43 standalone container-server[115786]: 172.20.0.31 - - [10/Mar/2026:09:12:43 +0000] "GET /d1/741/AUTH_763f7b3ebd7b498e957e4d1819d59a86/glance" 200 206 "GET http://swift-internal.openstack.svc:8080/v1/AUTH_763f7b3ebd7b498e957e4d1819d59a86/glance?prefix=64bc6249-d34f-43ab-969e-cbaf3fef9d9c-&format=json&states=listing" "tx61d27d7202c14c43b3e01-0069afe08b" "proxy-server 15" 0.0099 "-" 20 0
Mar 10 09:12:43 standalone container-server[115793]: 172.20.0.31 - - [10/Mar/2026:09:12:43 +0000] "GET /d1/741/AUTH_763f7b3ebd7b498e957e4d1819d59a86/glance" 200 206 "GET http://swift-internal.openstack.svc:8080/v1/AUTH_763f7b3ebd7b498e957e4d1819d59a86/glance?format=json&prefix=64bc6249-d34f-43ab-969e-cbaf3fef9d9c-&states=listing" "tx23d7b84f497a4a91ba119-0069afe08b" "proxy-server 15" 0.0036 "-" 22 0
Mar 10 09:12:43 standalone container-server[115786]: 172.20.0.100 - - [10/Mar/2026:09:12:43 +0000] "DELETE /d1/741/AUTH_763f7b3ebd7b498e957e4d1819d59a86/glance/64bc6249-d34f-43ab-969e-cbaf3fef9d9c-00001" 204 - "DELETE http://swift-internal.openstack.svc:8080/d1/496/AUTH_763f7b3ebd7b498e957e4d1819d59a86/glance/64bc6249-d34f-43ab-969e-cbaf3fef9d9c-00001" "txb5e8c3a228ca46d689e49-0069afe08b" "object-server 23" 0.0006 "-" 20 0
Mar 10 09:12:43 standalone object-server[115956]: 172.20.0.31 - - [10/Mar/2026:09:12:43 +0000] "DELETE /d1/496/AUTH_763f7b3ebd7b498e957e4d1819d59a86/glance/64bc6249-d34f-43ab-969e-cbaf3fef9d9c-00001" 204 - "DELETE http://swift-internal.openstack.svc:8080/v1/AUTH_763f7b3ebd7b498e957e4d1819d59a86/glance/64bc6249-d34f-43ab-969e-cbaf3fef9d9c-00001" "txb5e8c3a228ca46d689e49-0069afe08b" "proxy-server 15" 0.0078 "-" 23 0
Mar 10 09:12:44 standalone container-server[115786]: 172.20.0.100 - - [10/Mar/2026:09:12:44 +0000] "DELETE /d1/741/AUTH_763f7b3ebd7b498e957e4d1819d59a86/glance/64bc6249-d34f-43ab-969e-cbaf3fef9d9c" 204 - "DELETE http://swift-internal.openstack.svc:8080/d1/901/AUTH_763f7b3ebd7b498e957e4d1819d59a86/glance/64bc6249-d34f-43ab-969e-cbaf3fef9d9c" "tx108a7d83c0024c139569f-0069afe08b" "object-server 22" 0.0009 "-" 20 0
Mar 10 09:12:44 standalone object-server[115951]: 172.20.0.31 - - [10/Mar/2026:09:12:44 +0000] "DELETE /d1/901/AUTH_763f7b3ebd7b498e957e4d1819d59a86/glance/64bc6249-d34f-43ab-969e-cbaf3fef9d9c" 204 - "DELETE http://swift-internal.openstack.svc:8080/v1/AUTH_763f7b3ebd7b498e957e4d1819d59a86/glance/64bc6249-d34f-43ab-969e-cbaf3fef9d9c" "tx108a7d83c0024c139569f-0069afe08b" "proxy-server 15" 0.0090 "-" 22 0
Mar 10 09:14:12 standalone container-server[115563]: Begin container update sweep
Mar 10 09:14:12 standalone account-server[115704]: 172.20.0.100 - - [10/Mar/2026:09:14:12 +0000] "PUT /d1/674/AUTH_763f7b3ebd7b498e957e4d1819d59a86/glance" 201 - "-" "-" "container-updater 2" 0.0011 "-" 23 0
Mar 10 09:14:12 standalone container-server[115563]: Container update sweep completed: 0.14s
Mar 10 09:14:36 standalone object-server[115855]: Begin object update sweep
Mar 10 09:14:36 standalone object-server[492669]: Object update sweep starting on /srv/node/d1 (pid: 28)
Mar 10 09:14:36 standalone object-server[492669]: Object update sweep completed on /srv/node/d1 in 0.00s seconds:, 0 successes, 0 failures, 0 quarantines, 0 unlinks, 0 errors, 0 redirects (pid: 28)
Mar 10 09:14:36 standalone object-server[492669]: Object update sweep of d1 completed: 0.00s, 0 successes, 0 failures, 0 quarantines, 0 unlinks, 0 errors, 0 redirects
Mar 10 09:14:36 standalone object-server[115855]: Object update sweep completed: 0.10s
Mar 10 09:15:26 standalone account-server[115693]: 172.20.0.31 - - [10/Mar/2026:09:15:26 +0000] "HEAD /d1/257/AUTH_2d1bbdc84a3743b39961204f9f625922" 404 - "HEAD http://swift-internal.openstack.svc:8080/v1/AUTH_2d1bbdc84a3743b39961204f9f625922?format=json" "tx84d08fa44384426784d96-0069afe12e" "proxy-server 5" 0.0008 "-" 21 -
Mar 10 09:15:27 standalone account-server[115704]: 172.20.0.31 - - [10/Mar/2026:09:15:27 +0000] "GET /d1/257/AUTH_2d1bbdc84a3743b39961204f9f625922" 404 - "GET http://swift-internal.openstack.svc:8080/v1/AUTH_2d1bbdc84a3743b39961204f9f625922?format=json" "tx84d08fa44384426784d96-0069afe12e" "proxy-server 5" 0.0004 "-" 23 -
Mar 10 09:15:27 standalone account-server[115704]: 172.20.0.31 - - [10/Mar/2026:09:15:27 +0000] "HEAD /d1/97/AUTH_32ef0f51c34a40fb9a4ebb85db7d5244" 404 - "HEAD http://swift-internal.openstack.svc:8080/v1/AUTH_32ef0f51c34a40fb9a4ebb85db7d5244?format=json" "tx500c6bbcd95f4dd68bbcc-0069afe12f" "proxy-server 8" 0.0003 "-" 23 -
Mar 10 09:15:27 standalone account-server[115689]: 172.20.0.31 - - [10/Mar/2026:09:15:27 +0000] "GET /d1/97/AUTH_32ef0f51c34a40fb9a4ebb85db7d5244" 404 - "GET http://swift-internal.openstack.svc:8080/v1/AUTH_32ef0f51c34a40fb9a4ebb85db7d5244?format=json" "tx500c6bbcd95f4dd68bbcc-0069afe12f" "proxy-server 8" 0.0007 "-" 20 -
Mar 10 09:15:27 standalone account-server[115689]: 172.20.0.31 - - [10/Mar/2026:09:15:27 +0000] "HEAD /d1/786/AUTH_349b4c6473ff42ca830db5e1c62d073e" 404 - "HEAD http://swift-internal.openstack.svc:8080/v1/AUTH_349b4c6473ff42ca830db5e1c62d073e?format=json" "tx308fe1ff85eb406b84768-0069afe12f" "proxy-server 8" 0.0006 "-" 20 -
Mar 10 09:15:27 standalone account-server[115704]: 172.20.0.31 - - [10/Mar/2026:09:15:27 +0000] "GET /d1/786/AUTH_349b4c6473ff42ca830db5e1c62d073e" 404 - "GET http://swift-internal.openstack.svc:8080/v1/AUTH_349b4c6473ff42ca830db5e1c62d073e?format=json" "tx308fe1ff85eb406b84768-0069afe12f" "proxy-server 8" 0.0005 "-" 23 -
Mar 10 09:15:27 standalone account-server[115704]: 172.20.0.31 - - [10/Mar/2026:09:15:27 +0000] "HEAD /d1/910/AUTH_3f934899fff04ae59ed3c71b24bd75df" 404 - "HEAD http://swift-internal.openstack.svc:8080/v1/AUTH_3f934899fff04ae59ed3c71b24bd75df?format=json" "txaedf83c05e204d70b4be8-0069afe12f" "proxy-server 8" 0.0004 "-" 23 -
Mar 10 09:15:27 standalone account-server[115693]: 172.20.0.31 - - [10/Mar/2026:09:15:27 +0000] "GET /d1/910/AUTH_3f934899fff04ae59ed3c71b24bd75df" 404 - "GET http://swift-internal.openstack.svc:8080/v1/AUTH_3f934899fff04ae59ed3c71b24bd75df?format=json" "txaedf83c05e204d70b4be8-0069afe12f" "proxy-server 8" 0.0005 "-" 21 -
Mar 10 09:15:27 standalone account-server[115704]: 172.20.0.31 - - [10/Mar/2026:09:15:27 +0000] "HEAD /d1/483/AUTH_5197c9e1ae1242149dd5a1b05255c7d0" 404 - "HEAD http://swift-internal.openstack.svc:8080/v1/AUTH_5197c9e1ae1242149dd5a1b05255c7d0?format=json" "tx94b3061430de4c6cbe94a-0069afe12f" "proxy-server 8" 0.0005 "-" 23 -
Mar 10 09:15:27 standalone account-server[115689]: 172.20.0.31 - - [10/Mar/2026:09:15:27 +0000] "GET /d1/483/AUTH_5197c9e1ae1242149dd5a1b05255c7d0" 404 - "GET http://swift-internal.openstack.svc:8080/v1/AUTH_5197c9e1ae1242149dd5a1b05255c7d0?format=json" "tx94b3061430de4c6cbe94a-0069afe12f" "proxy-server 8" 0.0004 "-" 20 -
Mar 10 09:15:27 standalone account-server[115694]: 172.20.0.31 - - [10/Mar/2026:09:15:27 +0000] "HEAD /d1/414/AUTH_559f0870105049ccaae0b6d1ac404e4c" 404 - "HEAD http://swift-internal.openstack.svc:8080/v1/AUTH_559f0870105049ccaae0b6d1ac404e4c?format=json" "tx99df00a417e4460bb5940-0069afe12f" "proxy-server 5" 0.0005 "-" 22 -
Mar 10 09:15:27 standalone account-server[115704]: 172.20.0.31 - - [10/Mar/2026:09:15:27 +0000] "GET /d1/414/AUTH_559f0870105049ccaae0b6d1ac404e4c" 404 - "GET http://swift-internal.openstack.svc:8080/v1/AUTH_559f0870105049ccaae0b6d1ac404e4c?format=json" "tx99df00a417e4460bb5940-0069afe12f" "proxy-server 5" 0.0004 "-" 23 -
Mar 10 09:15:27 standalone account-server[115689]: 172.20.0.31 - - [10/Mar/2026:09:15:27 +0000] "HEAD /d1/890/AUTH_684f3595bf9c4a72aea41919a86f5739" 404 - "HEAD http://swift-internal.openstack.svc:8080/v1/AUTH_684f3595bf9c4a72aea41919a86f5739?format=json" "tx44a95b83481242ce95db3-0069afe12f" "proxy-server 8" 0.0004 "-" 20 -
Mar 10 09:15:27 standalone account-server[115689]: 172.20.0.31 - - [10/Mar/2026:09:15:27 +0000] "GET /d1/890/AUTH_684f3595bf9c4a72aea41919a86f5739" 404 - "GET http://swift-internal.openstack.svc:8080/v1/AUTH_684f3595bf9c4a72aea41919a86f5739?format=json" "tx44a95b83481242ce95db3-0069afe12f" "proxy-server 8" 0.0003 "-" 20 -
Mar 10 09:15:27 standalone account-server[115689]: 172.20.0.31 - - [10/Mar/2026:09:15:27 +0000] "HEAD /d1/674/AUTH_763f7b3ebd7b498e957e4d1819d59a86" 204 - "HEAD http://swift-internal.openstack.svc:8080/v1/AUTH_763f7b3ebd7b498e957e4d1819d59a86?format=json" "tx5e6ab83dab434e869a52d-0069afe12f" "proxy-server 5" 0.0064 "-" 20 -
Mar 10 09:15:27 standalone account-server[115694]: 172.20.0.31 - - [10/Mar/2026:09:15:27 +0000] "GET /d1/674/AUTH_763f7b3ebd7b498e957e4d1819d59a86" 200 99 "GET http://swift-internal.openstack.svc:8080/v1/AUTH_763f7b3ebd7b498e957e4d1819d59a86?format=json" "tx5e6ab83dab434e869a52d-0069afe12f" "proxy-server 5" 0.0026 "-" 22 -
Mar 10 09:15:27 standalone account-server[115693]: 172.20.0.31 - - [10/Mar/2026:09:15:27 +0000] "HEAD /d1/481/AUTH_91e76912a9b441e99cec5c180cee7a31" 404 - "HEAD http://swift-internal.openstack.svc:8080/v1/AUTH_91e76912a9b441e99cec5c180cee7a31?format=json" "txfaabcd36e86f41418f12f-0069afe12f" "proxy-server 8" 0.0004 "-" 21 -
Mar 10 09:15:27 standalone account-server[115694]: 172.20.0.31 - - [10/Mar/2026:09:15:27 +0000] "GET /d1/481/AUTH_91e76912a9b441e99cec5c180cee7a31" 404 - "GET http://swift-internal.openstack.svc:8080/v1/AUTH_91e76912a9b441e99cec5c180cee7a31?format=json" "txfaabcd36e86f41418f12f-0069afe12f" "proxy-server 8" 0.0005 "-" 22 -
Mar 10 09:15:27 standalone account-server[115704]: 172.20.0.31 - - [10/Mar/2026:09:15:27 +0000] "HEAD /d1/662/AUTH_b54078b92307442398365c00b9ca45c6" 404 - "HEAD http://swift-internal.openstack.svc:8080/v1/AUTH_b54078b92307442398365c00b9ca45c6?format=json" "tx970d65848bbe44658b6c5-0069afe12f" "proxy-server 5" 0.0005 "-" 23 -
Mar 10 09:15:27 standalone account-server[115689]: 172.20.0.31 - - [10/Mar/2026:09:15:27 +0000] "GET /d1/662/AUTH_b54078b92307442398365c00b9ca45c6" 404 - "GET http://swift-internal.openstack.svc:8080/v1/AUTH_b54078b92307442398365c00b9ca45c6?format=json" "tx970d65848bbe44658b6c5-0069afe12f" "proxy-server 5" 0.0004 "-" 20 -
Mar 10 09:15:27 standalone account-server[115693]: 172.20.0.31 - - [10/Mar/2026:09:15:27 +0000] "HEAD /d1/43/AUTH_bbbd350ab8a0457ea1b4ebadd31a8467" 404 - "HEAD http://swift-internal.openstack.svc:8080/v1/AUTH_bbbd350ab8a0457ea1b4ebadd31a8467?format=json" "tx320e73f0416e441ca0c2e-0069afe12f" "proxy-server 8" 0.0005 "-" 21 -
Mar 10 09:15:27 standalone account-server[115704]: 172.20.0.31 - - [10/Mar/2026:09:15:27 +0000] "GET /d1/43/AUTH_bbbd350ab8a0457ea1b4ebadd31a8467" 404 - "GET http://swift-internal.openstack.svc:8080/v1/AUTH_bbbd350ab8a0457ea1b4ebadd31a8467?format=json" "tx320e73f0416e441ca0c2e-0069afe12f" "proxy-server 8" 0.0004 "-" 23 -
Mar 10 09:15:27 standalone account-server[115704]: 172.20.0.31 - - [10/Mar/2026:09:15:27 +0000] "HEAD /d1/774/AUTH_c206bd7907ba4277a645c762eaa57ed8" 404 - "HEAD http://swift-internal.openstack.svc:8080/v1/AUTH_c206bd7907ba4277a645c762eaa57ed8?format=json" "txbed63ec52cf54d029b98f-0069afe12f" "proxy-server 8" 0.0006 "-" 23 -
Mar 10 09:15:27 standalone account-server[115704]: 172.20.0.31 - - [10/Mar/2026:09:15:27 +0000] "GET /d1/774/AUTH_c206bd7907ba4277a645c762eaa57ed8" 404 - "GET http://swift-internal.openstack.svc:8080/v1/AUTH_c206bd7907ba4277a645c762eaa57ed8?format=json" "txbed63ec52cf54d029b98f-0069afe12f" "proxy-server 8" 0.0003 "-" 23 -
Mar 10 09:15:27 standalone account-server[115694]: 172.20.0.31 - - [10/Mar/2026:09:15:27 +0000] "HEAD /d1/175/AUTH_f6932f9dfaa940beb630761c8ae645b3" 404 - "HEAD http://swift-internal.openstack.svc:8080/v1/AUTH_f6932f9dfaa940beb630761c8ae645b3?format=json" "tx7366a9aa26264ee3b11ed-0069afe12f" "proxy-server 5" 0.0007 "-" 22 -
Mar 10 09:15:27 standalone account-server[115704]: 172.20.0.31 - - [10/Mar/2026:09:15:27 +0000] "GET /d1/175/AUTH_f6932f9dfaa940beb630761c8ae645b3" 404 - "GET http://swift-internal.openstack.svc:8080/v1/AUTH_f6932f9dfaa940beb630761c8ae645b3?format=json" "tx7366a9aa26264ee3b11ed-0069afe12f" "proxy-server 5" 0.0003 "-" 23 -
Mar 10 09:15:27 standalone account-server[115693]: 172.20.0.31 - - [10/Mar/2026:09:15:27 +0000] "HEAD /d1/257/AUTH_2d1bbdc84a3743b39961204f9f625922" 404 - "HEAD http://swift-internal.openstack.svc:8080/v1/AUTH_2d1bbdc84a3743b39961204f9f625922?format=json" "txc13ec3082b4540718accc-0069afe12f" "proxy-server 8" 0.0009 "-" 21 -
Mar 10 09:15:27 standalone account-server[115689]: 172.20.0.31 - - [10/Mar/2026:09:15:27 +0000] "HEAD /d1/97/AUTH_32ef0f51c34a40fb9a4ebb85db7d5244" 404 - "HEAD http://swift-internal.openstack.svc:8080/v1/AUTH_32ef0f51c34a40fb9a4ebb85db7d5244?format=json" "tx58703fba7718435f86d84-0069afe12f" "proxy-server 5" 0.0004 "-" 20 -
Mar 10 09:15:27 standalone account-server[115704]: 172.20.0.31 - - [10/Mar/2026:09:15:27 +0000] "HEAD /d1/786/AUTH_349b4c6473ff42ca830db5e1c62d073e" 404 - "HEAD http://swift-internal.openstack.svc:8080/v1/AUTH_349b4c6473ff42ca830db5e1c62d073e?format=json" "tx716f6e5851e64a90a6643-0069afe12f" "proxy-server 8" 0.0005 "-" 23 -
Mar 10 09:15:27 standalone account-server[115693]: 172.20.0.31 - - [10/Mar/2026:09:15:27 +0000] "HEAD /d1/910/AUTH_3f934899fff04ae59ed3c71b24bd75df" 404 - "HEAD http://swift-internal.openstack.svc:8080/v1/AUTH_3f934899fff04ae59ed3c71b24bd75df?format=json" "txaeb7f36b9b6e490eb524b-0069afe12f" "proxy-server 5" 0.0005 "-" 21 -
Mar 10 09:15:27 standalone account-server[115689]: 172.20.0.31 - - [10/Mar/2026:09:15:27 +0000] "HEAD /d1/483/AUTH_5197c9e1ae1242149dd5a1b05255c7d0" 404 - "HEAD http://swift-internal.openstack.svc:8080/v1/AUTH_5197c9e1ae1242149dd5a1b05255c7d0?format=json" "tx088e737307554e8ab7b71-0069afe12f" "proxy-server 8" 0.0004 "-" 20 -
Mar 10 09:15:27 standalone account-server[115704]: 172.20.0.31 - - [10/Mar/2026:09:15:27 +0000] "HEAD /d1/414/AUTH_559f0870105049ccaae0b6d1ac404e4c" 404 - "HEAD http://swift-internal.openstack.svc:8080/v1/AUTH_559f0870105049ccaae0b6d1ac404e4c?format=json" "tx1ed0c9fa8ba44474b226f-0069afe12f" "proxy-server 5" 0.0004 "-" 23 -
Mar 10 09:15:27 standalone account-server[115693]: 172.20.0.31 - - [10/Mar/2026:09:15:27 +0000] "HEAD /d1/890/AUTH_684f3595bf9c4a72aea41919a86f5739" 404 - "HEAD http://swift-internal.openstack.svc:8080/v1/AUTH_684f3595bf9c4a72aea41919a86f5739?format=json" "tx127ed56fe9de4b76b0cd4-0069afe12f" "proxy-server 8" 0.0003 "-" 21 -
Mar 10 09:15:27 standalone account-server[115704]: 172.20.0.31 - - [10/Mar/2026:09:15:27 +0000] "HEAD /d1/674/AUTH_763f7b3ebd7b498e957e4d1819d59a86" 204 - "HEAD http://swift-internal.openstack.svc:8080/v1/AUTH_763f7b3ebd7b498e957e4d1819d59a86?format=json" "tx9bef44bc9e2d4014a2f7d-0069afe12f" "proxy-server 8" 0.0023 "-" 23 -
Mar 10 09:15:27 standalone account-server[115689]: 172.20.0.31 - - [10/Mar/2026:09:15:27 +0000] "HEAD /d1/481/AUTH_91e76912a9b441e99cec5c180cee7a31" 404 - "HEAD http://swift-internal.openstack.svc:8080/v1/AUTH_91e76912a9b441e99cec5c180cee7a31?format=json" "txb0a275c1aa354b46bb65f-0069afe12f" "proxy-server 5" 0.0005 "-" 20 -
Mar 10 09:15:27 standalone account-server[115689]: 172.20.0.31 - - [10/Mar/2026:09:15:27 +0000] "HEAD /d1/662/AUTH_b54078b92307442398365c00b9ca45c6" 404 - "HEAD http://swift-internal.openstack.svc:8080/v1/AUTH_b54078b92307442398365c00b9ca45c6?format=json" "tx728628f824e44e378523b-0069afe12f" "proxy-server 5" 0.0007 "-" 20 -
Mar 10 09:15:28 standalone account-server[115689]: 172.20.0.31 - - [10/Mar/2026:09:15:28 +0000] "HEAD /d1/43/AUTH_bbbd350ab8a0457ea1b4ebadd31a8467" 404 - "HEAD http://swift-internal.openstack.svc:8080/v1/AUTH_bbbd350ab8a0457ea1b4ebadd31a8467?format=json" "txf926311a423e4e65ad2aa-0069afe130" "proxy-server 8" 0.0004 "-" 20 -
Mar 10 09:15:28 standalone account-server[115704]: 172.20.0.31 - - [10/Mar/2026:09:15:28 +0000] "HEAD /d1/774/AUTH_c206bd7907ba4277a645c762eaa57ed8" 404 - "HEAD http://swift-internal.openstack.svc:8080/v1/AUTH_c206bd7907ba4277a645c762eaa57ed8?format=json" "tx5e0ced9ec4e7493b88b4b-0069afe130" "proxy-server 8" 0.0006 "-" 23 -
Mar 10 09:15:28 standalone account-server[115689]: 172.20.0.31 - - [10/Mar/2026:09:15:28 +0000] "HEAD /d1/175/AUTH_f6932f9dfaa940beb630761c8ae645b3" 404 - "HEAD http://swift-internal.openstack.svc:8080/v1/AUTH_f6932f9dfaa940beb630761c8ae645b3?format=json" "tx48395596ed354ffca5309-0069afe130" "proxy-server 8" 0.0005 "-" 20 -
Mar 10 09:16:30 standalone account-server[115693]: 172.20.0.100 - - [10/Mar/2026:09:16:30 +0000] "HEAD /d1/427/.expiring_objects" 404 - "HEAD http://localhost/v1/.expiring_objects?format=json" "txc76bde2525d44f49b779b-0069afe16e" "proxy-server 2" 0.0007 "-" 21 -
Mar 10 09:16:30 standalone object-expirer[115809]: Pass completed in 0s; 0 objects expired (txn: txc76bde2525d44f49b779b-0069afe16e)
Mar 10 09:18:28 standalone account-server[115704]: 172.20.0.31 - - [10/Mar/2026:09:18:28 +0000] "HEAD /d1/674/AUTH_763f7b3ebd7b498e957e4d1819d59a86" 204 - "HEAD http://swift-internal.openstack.svc:8080/v1/AUTH_763f7b3ebd7b498e957e4d1819d59a86?format=json" "tx9a6ee1c782b949738c07e-0069afe1e4" "proxy-server 8" 0.0027 "-" 23 -
Mar 10 09:18:29 standalone container-server[115791]: 172.20.0.31 - - [10/Mar/2026:09:18:28 +0000] "HEAD /d1/741/AUTH_763f7b3ebd7b498e957e4d1819d59a86/glance" 204 - "HEAD http://swift-internal.openstack.svc:8080/v1/AUTH_763f7b3ebd7b498e957e4d1819d59a86/glance?format=json&states=listing" "tx9a6ee1c782b949738c07e-0069afe1e4" "proxy-server 8" 0.0014 "-" 21 0
Mar 10 09:18:29 standalone container-server[115786]: 172.20.0.100 - - [10/Mar/2026:09:18:29 +0000] "PUT /d1/741/AUTH_763f7b3ebd7b498e957e4d1819d59a86/glance/4fe469f9-f768-4029-a159-10b6f7925b19-00001" 201 - "PUT http://swift-internal.openstack.svc:8080/d1/576/AUTH_763f7b3ebd7b498e957e4d1819d59a86/glance/4fe469f9-f768-4029-a159-10b6f7925b19-00001" "tx3e51459ecb2242bdbf63d-0069afe1e5" "object-server 25" 0.0009 "-" 20 0
Mar 10 09:18:29 standalone object-server[115964]: 172.20.0.31 - - [10/Mar/2026:09:18:29 +0000] "PUT /d1/576/AUTH_763f7b3ebd7b498e957e4d1819d59a86/glance/4fe469f9-f768-4029-a159-10b6f7925b19-00001" 201 - "PUT http://swift-internal.openstack.svc:8080/v1/AUTH_763f7b3ebd7b498e957e4d1819d59a86/glance/4fe469f9-f768-4029-a159-10b6f7925b19-00001" "tx3e51459ecb2242bdbf63d-0069afe1e5" "proxy-server 8" 0.2371 "-" 25 0
Mar 10 09:18:29 standalone container-server[115791]: 172.20.0.100 - - [10/Mar/2026:09:18:29 +0000] "PUT /d1/741/AUTH_763f7b3ebd7b498e957e4d1819d59a86/glance/4fe469f9-f768-4029-a159-10b6f7925b19" 201 - "PUT http://swift-internal.openstack.svc:8080/d1/989/AUTH_763f7b3ebd7b498e957e4d1819d59a86/glance/4fe469f9-f768-4029-a159-10b6f7925b19" "txa0dea408da7d4463b1a0b-0069afe1e5" "object-server 24" 0.0005 "-" 21 0
Mar 10 09:18:29 standalone object-server[115960]: 172.20.0.31 - - [10/Mar/2026:09:18:29 +0000] "PUT /d1/989/AUTH_763f7b3ebd7b498e957e4d1819d59a86/glance/4fe469f9-f768-4029-a159-10b6f7925b19" 201 - "PUT http://swift-internal.openstack.svc:8080/v1/AUTH_763f7b3ebd7b498e957e4d1819d59a86/glance/4fe469f9-f768-4029-a159-10b6f7925b19" "txa0dea408da7d4463b1a0b-0069afe1e5" "proxy-server 8" 0.0088 "-" 24 0
Mar 10 09:18:29 standalone object-server[115951]: 172.20.0.31 - - [10/Mar/2026:09:18:29 +0000] "HEAD /d1/989/AUTH_763f7b3ebd7b498e957e4d1819d59a86/glance/4fe469f9-f768-4029-a159-10b6f7925b19" 200 - "HEAD http://swift-internal.openstack.svc:8080/v1/AUTH_763f7b3ebd7b498e957e4d1819d59a86/glance/4fe469f9-f768-4029-a159-10b6f7925b19" "txcb9f3399746841cc8fa49-0069afe1e5" "proxy-server 13" 0.0007 "-" 22 0
Mar 10 09:18:29 standalone container-server[115786]: 172.20.0.31 - - [10/Mar/2026:09:18:29 +0000] "GET /d1/741/AUTH_763f7b3ebd7b498e957e4d1819d59a86/glance" 200 210 "GET http://swift-internal.openstack.svc:8080/v1/AUTH_763f7b3ebd7b498e957e4d1819d59a86/glance?prefix=4fe469f9-f768-4029-a159-10b6f7925b19-&format=json&states=listing" "txcb9f3399746841cc8fa49-0069afe1e5" "proxy-server 13" 0.0080 "-" 20 0
Mar 10 09:18:29 standalone container-server[115802]: 172.20.0.31 - - [10/Mar/2026:09:18:29 +0000] "GET /d1/741/AUTH_763f7b3ebd7b498e957e4d1819d59a86/glance" 200 210 "GET http://swift-internal.openstack.svc:8080/v1/AUTH_763f7b3ebd7b498e957e4d1819d59a86/glance?format=json&prefix=4fe469f9-f768-4029-a159-10b6f7925b19-&states=listing" "txb76b0f93c22e4c5987082-0069afe1e5" "proxy-server 13" 0.0028 "-" 23 0
Mar 10 09:18:29 standalone container-server[115793]: 172.20.0.100 - - [10/Mar/2026:09:18:29 +0000] "DELETE /d1/741/AUTH_763f7b3ebd7b498e957e4d1819d59a86/glance/4fe469f9-f768-4029-a159-10b6f7925b19-00001" 204 - "DELETE http://swift-internal.openstack.svc:8080/d1/576/AUTH_763f7b3ebd7b498e957e4d1819d59a86/glance/4fe469f9-f768-4029-a159-10b6f7925b19-00001" "tx45dc5a7438a04d3b8af09-0069afe1e5" "object-server 22" 0.0006 "-" 22 0
Mar 10 09:18:29 standalone object-server[115951]: 172.20.0.31 - - [10/Mar/2026:09:18:29 +0000] "DELETE /d1/576/AUTH_763f7b3ebd7b498e957e4d1819d59a86/glance/4fe469f9-f768-4029-a159-10b6f7925b19-00001" 204 - "DELETE http://swift-internal.openstack.svc:8080/v1/AUTH_763f7b3ebd7b498e957e4d1819d59a86/glance/4fe469f9-f768-4029-a159-10b6f7925b19-00001" "tx45dc5a7438a04d3b8af09-0069afe1e5" "proxy-server 13" 0.0068 "-" 22 0
Mar 10 09:18:29 standalone container-server[115793]: 172.20.0.100 - - [10/Mar/2026:09:18:29 +0000] "DELETE /d1/741/AUTH_763f7b3ebd7b498e957e4d1819d59a86/glance/4fe469f9-f768-4029-a159-10b6f7925b19" 204 - "DELETE http://swift-internal.openstack.svc:8080/d1/989/AUTH_763f7b3ebd7b498e957e4d1819d59a86/glance/4fe469f9-f768-4029-a159-10b6f7925b19" "txe036f80159ce4e9ba4971-0069afe1e5" "object-server 22" 0.0005 "-" 22 0
Mar 10 09:18:29 standalone object-server[115951]: 172.20.0.31 - - [10/Mar/2026:09:18:29 +0000] "DELETE /d1/989/AUTH_763f7b3ebd7b498e957e4d1819d59a86/glance/4fe469f9-f768-4029-a159-10b6f7925b19" 204 - "DELETE http://swift-internal.openstack.svc:8080/v1/AUTH_763f7b3ebd7b498e957e4d1819d59a86/glance/4fe469f9-f768-4029-a159-10b6f7925b19" "txe036f80159ce4e9ba4971-0069afe1e5" "proxy-server 13" 0.0062 "-" 22 0
Mar 10 09:19:12 standalone container-server[115563]: Begin container update sweep
Mar 10 09:19:12 standalone container-server[115563]: Container update sweep completed: 0.13s
Mar 10 09:19:36 standalone object-server[115855]: Begin object update sweep
Mar 10 09:19:36 standalone object-server[523252]: Object update sweep starting on /srv/node/d1 (pid: 29)
Mar 10 09:19:36 standalone object-server[523252]: Object update sweep completed on /srv/node/d1 in 0.00s seconds:, 0 successes, 0 failures, 0 quarantines, 0 unlinks, 0 errors, 0 redirects (pid: 29)
Mar 10 09:19:36 standalone object-server[523252]: Object update sweep of d1 completed: 0.00s, 0 successes, 0 failures, 0 quarantines, 0 unlinks, 0 errors, 0 redirects
Mar 10 09:19:36 standalone object-server[115855]: Object update sweep completed: 0.08s
Mar 10 09:20:26 standalone account-server[115704]: 172.20.0.31 - - [10/Mar/2026:09:20:26 +0000] "HEAD /d1/529/AUTH_22f0866072a14e109b162ba2a5cbce4f" 404 - "HEAD http://swift-internal.openstack.svc:8080/v1/AUTH_22f0866072a14e109b162ba2a5cbce4f?format=json" "tx3856514a0b064b27b4557-0069afe25a" "proxy-server 5" 0.0007 "-" 23 -
Mar 10 09:20:27 standalone account-server[115694]: 172.20.0.31 - - [10/Mar/2026:09:20:27 +0000] "HEAD /d1/529/AUTH_22f0866072a14e109b162ba2a5cbce4f" 404 - "HEAD http://swift-internal.openstack.svc:8080/v1/AUTH_22f0866072a14e109b162ba2a5cbce4f?format=json" "tx3856514a0b064b27b4557-0069afe25a" "proxy-server 5" 0.0005 "-" 22 -
Mar 10 09:20:27 standalone account-server[115704]: 172.20.0.31 - - [10/Mar/2026:09:20:27 +0000] "HEAD /d1/708/AUTH_4df670f2feea467f8260e8ddb154ea1f" 404 - "HEAD http://swift-internal.openstack.svc:8080/v1/AUTH_4df670f2feea467f8260e8ddb154ea1f?format=json" "tx6a769355f56f440a9849a-0069afe25b" "proxy-server 8" 0.0005 "-" 23 -
Mar 10 09:20:27 standalone account-server[115689]: 172.20.0.31 - - [10/Mar/2026:09:20:27 +0000] "HEAD /d1/708/AUTH_4df670f2feea467f8260e8ddb154ea1f" 404 - "HEAD http://swift-internal.openstack.svc:8080/v1/AUTH_4df670f2feea467f8260e8ddb154ea1f?format=json" "tx6a769355f56f440a9849a-0069afe25b" "proxy-server 8" 0.0005 "-" 20 -
Mar 10 09:20:27 standalone account-server[115689]: 172.20.0.31 - - [10/Mar/2026:09:20:27 +0000] "HEAD /d1/414/AUTH_559f0870105049ccaae0b6d1ac404e4c" 404 - "HEAD http://swift-internal.openstack.svc:8080/v1/AUTH_559f0870105049ccaae0b6d1ac404e4c?format=json" "tx21cd42408a9447588c5c5-0069afe25b" "proxy-server 15" 0.0004 "-" 20 -
Mar 10 09:20:27 standalone account-server[115689]: 172.20.0.31 - - [10/Mar/2026:09:20:27 +0000] "HEAD /d1/414/AUTH_559f0870105049ccaae0b6d1ac404e4c" 404 - "HEAD http://swift-internal.openstack.svc:8080/v1/AUTH_559f0870105049ccaae0b6d1ac404e4c?format=json" "tx21cd42408a9447588c5c5-0069afe25b" "proxy-server 15" 0.0043 "-" 20 -
Mar 10 09:20:27 standalone account-server[115694]: 172.20.0.31 - - [10/Mar/2026:09:20:27 +0000] "HEAD /d1/890/AUTH_684f3595bf9c4a72aea41919a86f5739" 404 - "HEAD http://swift-internal.openstack.svc:8080/v1/AUTH_684f3595bf9c4a72aea41919a86f5739?format=json" "txff3ed104a8e44ca780435-0069afe25b" "proxy-server 15" 0.0005 "-" 22 -
Mar 10 09:20:27 standalone account-server[115694]: 172.20.0.31 - - [10/Mar/2026:09:20:27 +0000] "HEAD /d1/890/AUTH_684f3595bf9c4a72aea41919a86f5739" 404 - "HEAD http://swift-internal.openstack.svc:8080/v1/AUTH_684f3595bf9c4a72aea41919a86f5739?format=json" "txff3ed104a8e44ca780435-0069afe25b" "proxy-server 15" 0.0003 "-" 22 -
Mar 10 09:20:27 standalone account-server[115693]: 172.20.0.31 - - [10/Mar/2026:09:20:27 +0000] "HEAD /d1/674/AUTH_763f7b3ebd7b498e957e4d1819d59a86" 204 - "HEAD http://swift-internal.openstack.svc:8080/v1/AUTH_763f7b3ebd7b498e957e4d1819d59a86?format=json" "tx4dd378cf53244fd3862b3-0069afe25b" "proxy-server 8" 0.0023 "-" 21 -
Mar 10 09:20:27 standalone account-server[115689]: 172.20.0.31 - - [10/Mar/2026:09:20:27 +0000] "HEAD /d1/674/AUTH_763f7b3ebd7b498e957e4d1819d59a86" 204 - "HEAD http://swift-internal.openstack.svc:8080/v1/AUTH_763f7b3ebd7b498e957e4d1819d59a86?format=json" "tx4dd378cf53244fd3862b3-0069afe25b" "proxy-server 8" 0.0015 "-" 20 -
Mar 10 09:20:27 standalone account-server[115693]: 172.20.0.31 - - [10/Mar/2026:09:20:27 +0000] "HEAD /d1/175/AUTH_f6932f9dfaa940beb630761c8ae645b3" 404 - "HEAD http://swift-internal.openstack.svc:8080/v1/AUTH_f6932f9dfaa940beb630761c8ae645b3?format=json" "tx003774b8c0f440dd8329d-0069afe25b" "proxy-server 5" 0.0004 "-" 21 -
Mar 10 09:20:27 standalone account-server[115689]: 172.20.0.31 - - [10/Mar/2026:09:20:27 +0000] "HEAD /d1/175/AUTH_f6932f9dfaa940beb630761c8ae645b3" 404 - "HEAD http://swift-internal.openstack.svc:8080/v1/AUTH_f6932f9dfaa940beb630761c8ae645b3?format=json" "tx003774b8c0f440dd8329d-0069afe25b" "proxy-server 5" 0.0003 "-" 20 -
Mar 10 09:20:27 standalone account-server[115689]: 172.20.0.31 - - [10/Mar/2026:09:20:27 +0000] "GET /d1/529/AUTH_22f0866072a14e109b162ba2a5cbce4f" 404 - "GET http://swift-internal.openstack.svc:8080/v1/AUTH_22f0866072a14e109b162ba2a5cbce4f?format=json" "txf00c450da3ec4df19e0b7-0069afe25b" "proxy-server 5" 0.0005 "-" 20 -
Mar 10 09:20:27 standalone account-server[115704]: 172.20.0.31 - - [10/Mar/2026:09:20:27 +0000] "GET /d1/708/AUTH_4df670f2feea467f8260e8ddb154ea1f" 404 - "GET http://swift-internal.openstack.svc:8080/v1/AUTH_4df670f2feea467f8260e8ddb154ea1f?format=json" "tx6354492341734bdf90498-0069afe25b" "proxy-server 15" 0.0005 "-" 23 -
Mar 10 09:20:27 standalone account-server[115693]: 172.20.0.31 - - [10/Mar/2026:09:20:27 +0000] "GET /d1/414/AUTH_559f0870105049ccaae0b6d1ac404e4c" 404 - "GET http://swift-internal.openstack.svc:8080/v1/AUTH_559f0870105049ccaae0b6d1ac404e4c?format=json" "tx23772b3023b24f48ada54-0069afe25b" "proxy-server 5" 0.0005 "-" 21 -
Mar 10 09:20:27 standalone account-server[115694]: 172.20.0.31 - - [10/Mar/2026:09:20:27 +0000] "GET /d1/890/AUTH_684f3595bf9c4a72aea41919a86f5739" 404 - "GET http://swift-internal.openstack.svc:8080/v1/AUTH_684f3595bf9c4a72aea41919a86f5739?format=json" "txf00620d894e44112b9365-0069afe25b" "proxy-server 5" 0.0006 "-" 22 -
Mar 10 09:20:27 standalone account-server[115689]: 172.20.0.31 - - [10/Mar/2026:09:20:27 +0000] "GET /d1/674/AUTH_763f7b3ebd7b498e957e4d1819d59a86" 200 99 "GET http://swift-internal.openstack.svc:8080/v1/AUTH_763f7b3ebd7b498e957e4d1819d59a86?format=json" "tx2fccd21e9f3c4858aa364-0069afe25b" "proxy-server 15" 0.0031 "-" 20 -
Mar 10 09:20:27 standalone account-server[115693]: 172.20.0.31 - - [10/Mar/2026:09:20:27 +0000] "GET /d1/175/AUTH_f6932f9dfaa940beb630761c8ae645b3" 404 - "GET http://swift-internal.openstack.svc:8080/v1/AUTH_f6932f9dfaa940beb630761c8ae645b3?format=json" "tx7b391f2ba8e74be7bc988-0069afe25b" "proxy-server 8" 0.0005 "-" 21 -
Mar 10 09:20:34 standalone account-server[115704]: 172.20.0.100 - - [10/Mar/2026:09:20:34 +0000] "HEAD /d1/427/.expiring_objects" 404 - "HEAD http://localhost/v1/.expiring_objects?format=json" "txaee6328484644921aa0db-0069afe262" "proxy-server 2" 0.0006 "-" 23 -
Mar 10 09:20:34 standalone object-expirer[115809]: Pass completed in 0s; 0 objects expired (txn: txaee6328484644921aa0db-0069afe262)