Mar 13 15:25:27 standalone proxy-server[129036]: 172.18.0.2 172.18.0.100 13/Mar/2026/15/25/27 GET /v1/AUTH_d78639bec5b44e99b50f1e2a62a13861/gnocchi.538a0654-2c67-4eaa-9aff-ad07652a589f%3Fformat%3Djson%26marker%3Dnone_v3%26states%3Dlisting HTTP/1.0 200 - python-swiftclient-3.11.1 gAAAAABptCvUN87_... - 2 - tx320753de8b4c4a57b3ab9-0069b42c67 - 0.0103 - - 1773415527.978343964 1773415527.988637686 0
Mar 13 15:25:28 standalone object-server[127453]: 172.20.0.100 - - [13/Mar/2026:15:25:28 +0000] "GET /d1/323/AUTH_d78639bec5b44e99b50f1e2a62a13861/gnocchi.538a0654-2c67-4eaa-9aff-ad07652a589f/1773360000.0_mean_300.0_v3" 200 16 "GET http://172.18.0.2:8080/v1/AUTH_d78639bec5b44e99b50f1e2a62a13861/gnocchi.538a0654-2c67-4eaa-9aff-ad07652a589f/1773360000.0_mean_300.0_v3" "tx4fad2c08b23a4cff85bf3-0069b42c68" "proxy-server 20" 0.0013 "-" 24 0
Mar 13 15:25:28 standalone proxy-server[129036]: 172.18.0.2 172.18.0.100 13/Mar/2026/15/25/28 GET /v1/AUTH_d78639bec5b44e99b50f1e2a62a13861/gnocchi.538a0654-2c67-4eaa-9aff-ad07652a589f/1773360000.0_mean_300.0_v3 HTTP/1.0 200 - python-swiftclient-3.11.1 gAAAAABptCvUN87_... - 16 - tx4fad2c08b23a4cff85bf3-0069b42c68 - 0.0098 - - 1773415528.006797552 1773415528.016640663 0
Mar 13 15:25:28 standalone container-server[127075]: 172.20.0.100 - - [13/Mar/2026:15:25:28 +0000] "PUT /d1/18/AUTH_d78639bec5b44e99b50f1e2a62a13861/gnocchi.538a0654-2c67-4eaa-9aff-ad07652a589f/1773360000.0_mean_300.0_v3" 201 - "PUT http://172.18.0.2:8080/d1/323/AUTH_d78639bec5b44e99b50f1e2a62a13861/gnocchi.538a0654-2c67-4eaa-9aff-ad07652a589f/1773360000.0_mean_300.0_v3" "txb3b2ad4487bc47ab965c6-0069b42c68" "object-server 24" 0.0008 "-" 22 0
Mar 13 15:25:28 standalone object-server[127453]: 172.20.0.100 - - [13/Mar/2026:15:25:28 +0000] "PUT /d1/323/AUTH_d78639bec5b44e99b50f1e2a62a13861/gnocchi.538a0654-2c67-4eaa-9aff-ad07652a589f/1773360000.0_mean_300.0_v3" 201 - "PUT http://172.18.0.2:8080/v1/AUTH_d78639bec5b44e99b50f1e2a62a13861/gnocchi.538a0654-2c67-4eaa-9aff-ad07652a589f/1773360000.0_mean_300.0_v3" "txb3b2ad4487bc47ab965c6-0069b42c68" "proxy-server 20" 0.0318 "-" 24 0
Mar 13 15:25:28 standalone proxy-server[129036]: 172.18.0.2 172.18.0.100 13/Mar/2026/15/25/28 PUT /v1/AUTH_d78639bec5b44e99b50f1e2a62a13861/gnocchi.538a0654-2c67-4eaa-9aff-ad07652a589f/1773360000.0_mean_300.0_v3 HTTP/1.0 201 - python-swiftclient-3.11.1 gAAAAABptCvUN87_... 16 - - txb3b2ad4487bc47ab965c6-0069b42c68 - 0.0485 - - 1773415528.020941019 1773415528.069425821 0
Mar 13 15:25:28 standalone container-server[127079]: 172.20.0.100 - - [13/Mar/2026:15:25:28 +0000] "PUT /d1/18/AUTH_d78639bec5b44e99b50f1e2a62a13861/gnocchi.538a0654-2c67-4eaa-9aff-ad07652a589f/none_v3" 201 - "PUT http://172.18.0.2:8080/d1/558/AUTH_d78639bec5b44e99b50f1e2a62a13861/gnocchi.538a0654-2c67-4eaa-9aff-ad07652a589f/none_v3" "tx87243775535c477ba55b3-0069b42c68" "object-server 24" 0.0007 "-" 23 0
Mar 13 15:25:28 standalone object-server[127453]: 172.20.0.100 - - [13/Mar/2026:15:25:28 +0000] "PUT /d1/558/AUTH_d78639bec5b44e99b50f1e2a62a13861/gnocchi.538a0654-2c67-4eaa-9aff-ad07652a589f/none_v3" 201 - "PUT http://172.18.0.2:8080/v1/AUTH_d78639bec5b44e99b50f1e2a62a13861/gnocchi.538a0654-2c67-4eaa-9aff-ad07652a589f/none_v3" "tx87243775535c477ba55b3-0069b42c68" "proxy-server 20" 0.0412 "-" 24 0
Mar 13 15:25:28 standalone proxy-server[129036]: 172.18.0.2 172.18.0.100 13/Mar/2026/15/25/28 PUT /v1/AUTH_d78639bec5b44e99b50f1e2a62a13861/gnocchi.538a0654-2c67-4eaa-9aff-ad07652a589f/none_v3 HTTP/1.0 201 - python-swiftclient-3.11.1 gAAAAABptCvUN87_... 51 - - tx87243775535c477ba55b3-0069b42c68 - 0.0556 - - 1773415528.074639559 1773415528.130249739 0
Mar 13 15:25:30 standalone container-server[127062]: 172.20.0.100 - - [13/Mar/2026:15:25:30 +0000] "HEAD /d1/53/AUTH_d78639bec5b44e99b50f1e2a62a13861/gnocchi.71ba7ab7-2409-4805-99e6-9a5838d8d251" 404 - "HEAD http://172.18.0.2:8080/v1/AUTH_d78639bec5b44e99b50f1e2a62a13861/gnocchi.71ba7ab7-2409-4805-99e6-9a5838d8d251?format=json&states=listing" "tx8d5d0b7ef7c149118b809-0069b42c6a" "proxy-server 20" 0.0009 "-" 20 0
Mar 13 15:25:30 standalone object-server[127456]: 172.20.0.100 - - [13/Mar/2026:15:25:30 +0000] "GET /d1/944/AUTH_d78639bec5b44e99b50f1e2a62a13861/gnocchi.71ba7ab7-2409-4805-99e6-9a5838d8d251/none_v3" 404 70 "GET http://172.18.0.2:8080/v1/AUTH_d78639bec5b44e99b50f1e2a62a13861/gnocchi.71ba7ab7-2409-4805-99e6-9a5838d8d251/none_v3" "tx8d5d0b7ef7c149118b809-0069b42c6a" "proxy-server 20" 0.0007 "-" 25 0
Mar 13 15:25:30 standalone proxy-server[129036]: 172.18.0.2 172.18.0.100 13/Mar/2026/15/25/30 GET /v1/AUTH_d78639bec5b44e99b50f1e2a62a13861/gnocchi.71ba7ab7-2409-4805-99e6-9a5838d8d251/none_v3 HTTP/1.0 404 - python-swiftclient-3.11.1 gAAAAABptCvUN87_... - 70 - tx8d5d0b7ef7c149118b809-0069b42c6a - 0.0117 - - 1773415530.107456923 1773415530.119196892 0
Mar 13 15:25:30 standalone account-server[127012]: 172.20.0.100 - - [13/Mar/2026:15:25:30 +0000] "PUT /d1/208/AUTH_d78639bec5b44e99b50f1e2a62a13861/gnocchi.71ba7ab7-2409-4805-99e6-9a5838d8d251" 201 - "PUT http://172.20.0.100:6001/d1/53/AUTH_d78639bec5b44e99b50f1e2a62a13861/gnocchi.71ba7ab7-2409-4805-99e6-9a5838d8d251" "tx5860b8083fca462e8e556-0069b42c6a" "container-server 22" 0.0125 "-" 20 0
Mar 13 15:25:30 standalone container-server[127075]: 172.20.0.100 - - [13/Mar/2026:15:25:30 +0000] "PUT /d1/53/AUTH_d78639bec5b44e99b50f1e2a62a13861/gnocchi.71ba7ab7-2409-4805-99e6-9a5838d8d251" 201 - "PUT http://172.18.0.2:8080/v1/AUTH_d78639bec5b44e99b50f1e2a62a13861/gnocchi.71ba7ab7-2409-4805-99e6-9a5838d8d251" "tx5860b8083fca462e8e556-0069b42c6a" "proxy-server 20" 0.0358 "-" 22 0
Mar 13 15:25:30 standalone proxy-server[129036]: 172.18.0.2 172.18.0.100 13/Mar/2026/15/25/30 PUT /v1/AUTH_d78639bec5b44e99b50f1e2a62a13861/gnocchi.71ba7ab7-2409-4805-99e6-9a5838d8d251 HTTP/1.0 201 - python-swiftclient-3.11.1 gAAAAABptCvUN87_... - - - tx5860b8083fca462e8e556-0069b42c6a - 0.0412 - - 1773415530.123078823 1773415530.164242029 0
Mar 13 15:25:30 standalone container-server[127075]: 172.20.0.100 - - [13/Mar/2026:15:25:30 +0000] "HEAD /d1/53/AUTH_d78639bec5b44e99b50f1e2a62a13861/gnocchi.71ba7ab7-2409-4805-99e6-9a5838d8d251" 204 - "HEAD http://172.18.0.2:8080/v1/AUTH_d78639bec5b44e99b50f1e2a62a13861/gnocchi.71ba7ab7-2409-4805-99e6-9a5838d8d251?format=json&states=listing" "tx94b1e81ab5e34b1b80019-0069b42c6a" "proxy-server 20" 0.0022 "-" 22 0
Mar 13 15:25:30 standalone proxy-server[129036]: - - 13/Mar/2026/15/25/30 HEAD /v1/AUTH_d78639bec5b44e99b50f1e2a62a13861/gnocchi.71ba7ab7-2409-4805-99e6-9a5838d8d251%3Fformat%3Djson%26states%3Dlisting HTTP/1.0 204 - Swift - - - - tx94b1e81ab5e34b1b80019-0069b42c6a - 0.0081 RL - 1773415530.169005871 1773415530.177137613 0
Mar 13 15:25:30 standalone container-server[127079]: 172.20.0.100 - - [13/Mar/2026:15:25:30 +0000] "GET /d1/53/AUTH_d78639bec5b44e99b50f1e2a62a13861/gnocchi.71ba7ab7-2409-4805-99e6-9a5838d8d251" 200 2 "GET http://172.18.0.2:8080/v1/AUTH_d78639bec5b44e99b50f1e2a62a13861/gnocchi.71ba7ab7-2409-4805-99e6-9a5838d8d251?format=json&states=listing" "tx94b1e81ab5e34b1b80019-0069b42c6a" "proxy-server 20" 0.0037 "-" 23 0
Mar 13 15:25:30 standalone proxy-server[129036]: 172.18.0.2 172.18.0.100 13/Mar/2026/15/25/30 GET /v1/AUTH_d78639bec5b44e99b50f1e2a62a13861/gnocchi.71ba7ab7-2409-4805-99e6-9a5838d8d251%3Fformat%3Djson%26states%3Dlisting HTTP/1.0 200 - python-swiftclient-3.11.1 gAAAAABptCvUN87_... - 2 - tx94b1e81ab5e34b1b80019-0069b42c6a - 0.0261 - - 1773415530.168029547 1773415530.194116116 0
Mar 13 15:25:30 standalone object-server[127448]: 172.20.0.100 - - [13/Mar/2026:15:25:30 +0000] "GET /d1/533/AUTH_d78639bec5b44e99b50f1e2a62a13861/gnocchi.71ba7ab7-2409-4805-99e6-9a5838d8d251/1773360000.0_mean_300.0_v3" 404 70 "GET http://172.18.0.2:8080/v1/AUTH_d78639bec5b44e99b50f1e2a62a13861/gnocchi.71ba7ab7-2409-4805-99e6-9a5838d8d251/1773360000.0_mean_300.0_v3" "tx7533292d9d9e4ff8a5a99-0069b42c6a" "proxy-server 20" 0.0004 "-" 23 0
Mar 13 15:25:30 standalone proxy-server[129036]: 172.18.0.2 172.18.0.100 13/Mar/2026/15/25/30 GET /v1/AUTH_d78639bec5b44e99b50f1e2a62a13861/gnocchi.71ba7ab7-2409-4805-99e6-9a5838d8d251/1773360000.0_mean_300.0_v3 HTTP/1.0 404 - python-swiftclient-3.11.1 gAAAAABptCvUN87_... - 70 - tx7533292d9d9e4ff8a5a99-0069b42c6a - 0.0059 - - 1773415530.203433514 1773415530.209317207 0
Mar 13 15:25:30 standalone container-server[127062]: 172.20.0.100 - - [13/Mar/2026:15:25:30 +0000] "PUT /d1/53/AUTH_d78639bec5b44e99b50f1e2a62a13861/gnocchi.71ba7ab7-2409-4805-99e6-9a5838d8d251/1773360000.0_mean_300.0_v3" 201 - "PUT http://172.18.0.2:8080/d1/533/AUTH_d78639bec5b44e99b50f1e2a62a13861/gnocchi.71ba7ab7-2409-4805-99e6-9a5838d8d251/1773360000.0_mean_300.0_v3" "tx445b60ce6f994e68ad9a0-0069b42c6a" "object-server 22" 0.0007 "-" 20 0
Mar 13 15:25:30 standalone object-server[127445]: 172.20.0.100 - - [13/Mar/2026:15:25:30 +0000] "PUT /d1/533/AUTH_d78639bec5b44e99b50f1e2a62a13861/gnocchi.71ba7ab7-2409-4805-99e6-9a5838d8d251/1773360000.0_mean_300.0_v3" 201 - "PUT http://172.18.0.2:8080/v1/AUTH_d78639bec5b44e99b50f1e2a62a13861/gnocchi.71ba7ab7-2409-4805-99e6-9a5838d8d251/1773360000.0_mean_300.0_v3" "tx445b60ce6f994e68ad9a0-0069b42c6a" "proxy-server 20" 0.0563 "-" 22 0
Mar 13 15:25:30 standalone proxy-server[129036]: 172.18.0.2 172.18.0.100 13/Mar/2026/15/25/30 PUT /v1/AUTH_d78639bec5b44e99b50f1e2a62a13861/gnocchi.71ba7ab7-2409-4805-99e6-9a5838d8d251/1773360000.0_mean_300.0_v3 HTTP/1.0 201 - python-swiftclient-3.11.1 gAAAAABptCvUN87_... 16 - - tx445b60ce6f994e68ad9a0-0069b42c6a - 0.0671 - - 1773415530.219171762 1773415530.286283255 0
Mar 13 15:25:30 standalone container-server[127075]: 172.20.0.100 - - [13/Mar/2026:15:25:30 +0000] "PUT /d1/53/AUTH_d78639bec5b44e99b50f1e2a62a13861/gnocchi.71ba7ab7-2409-4805-99e6-9a5838d8d251/none_v3" 201 - "PUT http://172.18.0.2:8080/d1/944/AUTH_d78639bec5b44e99b50f1e2a62a13861/gnocchi.71ba7ab7-2409-4805-99e6-9a5838d8d251/none_v3" "txe69ad4c7763d4760a3c4c-0069b42c6a" "object-server 22" 0.0013 "-" 22 0
Mar 13 15:25:30 standalone object-server[127445]: 172.20.0.100 - - [13/Mar/2026:15:25:30 +0000] "PUT /d1/944/AUTH_d78639bec5b44e99b50f1e2a62a13861/gnocchi.71ba7ab7-2409-4805-99e6-9a5838d8d251/none_v3" 201 - "PUT http://172.18.0.2:8080/v1/AUTH_d78639bec5b44e99b50f1e2a62a13861/gnocchi.71ba7ab7-2409-4805-99e6-9a5838d8d251/none_v3" "txe69ad4c7763d4760a3c4c-0069b42c6a" "proxy-server 20" 0.0185 "-" 22 0
Mar 13 15:25:30 standalone proxy-server[129036]: 172.18.0.2 172.18.0.100 13/Mar/2026/15/25/30 PUT /v1/AUTH_d78639bec5b44e99b50f1e2a62a13861/gnocchi.71ba7ab7-2409-4805-99e6-9a5838d8d251/none_v3 HTTP/1.0 201 - python-swiftclient-3.11.1 gAAAAABptCvUN87_... 22 - - txe69ad4c7763d4760a3c4c-0069b42c6a - 0.0263 - - 1773415530.290054321 1773415530.316368818 0
Mar 13 15:25:30 standalone container-server[127075]: 172.20.0.100 - - [13/Mar/2026:15:25:30 +0000] "HEAD /d1/514/AUTH_d78639bec5b44e99b50f1e2a62a13861/gnocchi.27030a8a-f203-498a-9be4-ed007a5834cf" 404 - "HEAD http://172.18.0.2:8080/v1/AUTH_d78639bec5b44e99b50f1e2a62a13861/gnocchi.27030a8a-f203-498a-9be4-ed007a5834cf?format=json&states=listing" "txe0caf9f3a6a74867ae5bc-0069b42c6a" "proxy-server 20" 0.0014 "-" 22 0
Mar 13 15:25:30 standalone object-server[127453]: 172.20.0.100 - - [13/Mar/2026:15:25:30 +0000] "GET /d1/537/AUTH_d78639bec5b44e99b50f1e2a62a13861/gnocchi.27030a8a-f203-498a-9be4-ed007a5834cf/none_v3" 404 70 "GET http://172.18.0.2:8080/v1/AUTH_d78639bec5b44e99b50f1e2a62a13861/gnocchi.27030a8a-f203-498a-9be4-ed007a5834cf/none_v3" "txe0caf9f3a6a74867ae5bc-0069b42c6a" "proxy-server 20" 0.0029 "-" 24 0
Mar 13 15:25:30 standalone proxy-server[129036]: 172.18.0.2 172.18.0.100 13/Mar/2026/15/25/30 GET /v1/AUTH_d78639bec5b44e99b50f1e2a62a13861/gnocchi.27030a8a-f203-498a-9be4-ed007a5834cf/none_v3 HTTP/1.0 404 - python-swiftclient-3.11.1 gAAAAABptCvUN87_... - 70 - txe0caf9f3a6a74867ae5bc-0069b42c6a - 0.0196 - - 1773415530.329952717 1773415530.349539042 0
Mar 13 15:25:30 standalone account-server[127039]: 172.20.0.100 - - [13/Mar/2026:15:25:30 +0000] "PUT /d1/208/AUTH_d78639bec5b44e99b50f1e2a62a13861/gnocchi.27030a8a-f203-498a-9be4-ed007a5834cf" 201 - "PUT http://172.20.0.100:6001/d1/514/AUTH_d78639bec5b44e99b50f1e2a62a13861/gnocchi.27030a8a-f203-498a-9be4-ed007a5834cf" "tx80f2bc189b974e728c2ca-0069b42c6a" "container-server 23" 0.0072 "-" 21 0
Mar 13 15:25:30 standalone container-server[127079]: 172.20.0.100 - - [13/Mar/2026:15:25:30 +0000] "PUT /d1/514/AUTH_d78639bec5b44e99b50f1e2a62a13861/gnocchi.27030a8a-f203-498a-9be4-ed007a5834cf" 201 - "PUT http://172.18.0.2:8080/v1/AUTH_d78639bec5b44e99b50f1e2a62a13861/gnocchi.27030a8a-f203-498a-9be4-ed007a5834cf" "tx80f2bc189b974e728c2ca-0069b42c6a" "proxy-server 20" 0.0371 "-" 23 0
Mar 13 15:25:30 standalone proxy-server[129036]: 172.18.0.2 172.18.0.100 13/Mar/2026/15/25/30 PUT /v1/AUTH_d78639bec5b44e99b50f1e2a62a13861/gnocchi.27030a8a-f203-498a-9be4-ed007a5834cf HTTP/1.0 201 - python-swiftclient-3.11.1 gAAAAABptCvUN87_... - - - tx80f2bc189b974e728c2ca-0069b42c6a - 0.0560 - - 1773415530.354979277 1773415530.410975456 0
Mar 13 15:25:30 standalone container-server[127069]: 172.20.0.100 - - [13/Mar/2026:15:25:30 +0000] "HEAD /d1/514/AUTH_d78639bec5b44e99b50f1e2a62a13861/gnocchi.27030a8a-f203-498a-9be4-ed007a5834cf" 204 - "HEAD http://172.18.0.2:8080/v1/AUTH_d78639bec5b44e99b50f1e2a62a13861/gnocchi.27030a8a-f203-498a-9be4-ed007a5834cf?format=json&states=listing" "tx4c265008d5cf43b79eb52-0069b42c6a" "proxy-server 20" 0.0025 "-" 21 0
Mar 13 15:25:30 standalone proxy-server[129036]: - - 13/Mar/2026/15/25/30 HEAD /v1/AUTH_d78639bec5b44e99b50f1e2a62a13861/gnocchi.27030a8a-f203-498a-9be4-ed007a5834cf%3Fformat%3Djson%26states%3Dlisting HTTP/1.0 204 - Swift - - - - tx4c265008d5cf43b79eb52-0069b42c6a - 0.0112 RL - 1773415530.422588825 1773415530.433747292 0
Mar 13 15:25:30 standalone container-server[127069]: 172.20.0.100 - - [13/Mar/2026:15:25:30 +0000] "GET /d1/514/AUTH_d78639bec5b44e99b50f1e2a62a13861/gnocchi.27030a8a-f203-498a-9be4-ed007a5834cf" 200 2 "GET http://172.18.0.2:8080/v1/AUTH_d78639bec5b44e99b50f1e2a62a13861/gnocchi.27030a8a-f203-498a-9be4-ed007a5834cf?format=json&states=listing" "tx4c265008d5cf43b79eb52-0069b42c6a" "proxy-server 20" 0.0032 "-" 21 0
Mar 13 15:25:30 standalone proxy-server[129036]: 172.18.0.2 172.18.0.100 13/Mar/2026/15/25/30 GET /v1/AUTH_d78639bec5b44e99b50f1e2a62a13861/gnocchi.27030a8a-f203-498a-9be4-ed007a5834cf%3Fformat%3Djson%26states%3Dlisting HTTP/1.0 200 - python-swiftclient-3.11.1 gAAAAABptCvUN87_... - 2 - tx4c265008d5cf43b79eb52-0069b42c6a - 0.0288 - - 1773415530.418941975 1773415530.447751284 0
Mar 13 15:25:30 standalone object-server[127456]: 172.20.0.100 - - [13/Mar/2026:15:25:30 +0000] "GET /d1/405/AUTH_d78639bec5b44e99b50f1e2a62a13861/gnocchi.27030a8a-f203-498a-9be4-ed007a5834cf/1773360000.0_mean_300.0_v3" 404 70 "GET http://172.18.0.2:8080/v1/AUTH_d78639bec5b44e99b50f1e2a62a13861/gnocchi.27030a8a-f203-498a-9be4-ed007a5834cf/1773360000.0_mean_300.0_v3" "tx19aa2b9a9cc747d88c454-0069b42c6a" "proxy-server 20" 0.0005 "-" 25 0
Mar 13 15:25:30 standalone proxy-server[129036]: 172.18.0.2 172.18.0.100 13/Mar/2026/15/25/30 GET /v1/AUTH_d78639bec5b44e99b50f1e2a62a13861/gnocchi.27030a8a-f203-498a-9be4-ed007a5834cf/1773360000.0_mean_300.0_v3 HTTP/1.0 404 - python-swiftclient-3.11.1 gAAAAABptCvUN87_... - 70 - tx19aa2b9a9cc747d88c454-0069b42c6a - 0.0085 - - 1773415530.452599287 1773415530.461086750 0
Mar 13 15:25:30 standalone container-server[127079]: 172.20.0.100 - - [13/Mar/2026:15:25:30 +0000] "PUT /d1/514/AUTH_d78639bec5b44e99b50f1e2a62a13861/gnocchi.27030a8a-f203-498a-9be4-ed007a5834cf/1773360000.0_mean_300.0_v3" 201 - "PUT http://172.18.0.2:8080/d1/405/AUTH_d78639bec5b44e99b50f1e2a62a13861/gnocchi.27030a8a-f203-498a-9be4-ed007a5834cf/1773360000.0_mean_300.0_v3" "txdb020d1eb7a442938bf45-0069b42c6a" "object-server 22" 0.0006 "-" 23 0
Mar 13 15:25:30 standalone object-server[127445]: 172.20.0.100 - - [13/Mar/2026:15:25:30 +0000] "PUT /d1/405/AUTH_d78639bec5b44e99b50f1e2a62a13861/gnocchi.27030a8a-f203-498a-9be4-ed007a5834cf/1773360000.0_mean_300.0_v3" 201 - "PUT http://172.18.0.2:8080/v1/AUTH_d78639bec5b44e99b50f1e2a62a13861/gnocchi.27030a8a-f203-498a-9be4-ed007a5834cf/1773360000.0_mean_300.0_v3" "txdb020d1eb7a442938bf45-0069b42c6a" "proxy-server 20" 0.0142 "-" 22 0
Mar 13 15:25:30 standalone proxy-server[129036]: 172.18.0.2 172.18.0.100 13/Mar/2026/15/25/30 PUT /v1/AUTH_d78639bec5b44e99b50f1e2a62a13861/gnocchi.27030a8a-f203-498a-9be4-ed007a5834cf/1773360000.0_mean_300.0_v3 HTTP/1.0 201 - python-swiftclient-3.11.1 gAAAAABptCvUN87_... 16 - - txdb020d1eb7a442938bf45-0069b42c6a - 0.0208 - - 1773415530.468379974 1773415530.489193916 0
Mar 13 15:25:30 standalone container-server[127062]: 172.20.0.100 - - [13/Mar/2026:15:25:30 +0000] "PUT /d1/514/AUTH_d78639bec5b44e99b50f1e2a62a13861/gnocchi.27030a8a-f203-498a-9be4-ed007a5834cf/none_v3" 201 - "PUT http://172.18.0.2:8080/d1/537/AUTH_d78639bec5b44e99b50f1e2a62a13861/gnocchi.27030a8a-f203-498a-9be4-ed007a5834cf/none_v3" "tx8600e0e1c75147ff9b37e-0069b42c6a" "object-server 25" 0.0010 "-" 20 0
Mar 13 15:25:30 standalone object-server[127456]: 172.20.0.100 - - [13/Mar/2026:15:25:30 +0000] "PUT /d1/537/AUTH_d78639bec5b44e99b50f1e2a62a13861/gnocchi.27030a8a-f203-498a-9be4-ed007a5834cf/none_v3" 201 - "PUT http://172.18.0.2:8080/v1/AUTH_d78639bec5b44e99b50f1e2a62a13861/gnocchi.27030a8a-f203-498a-9be4-ed007a5834cf/none_v3" "tx8600e0e1c75147ff9b37e-0069b42c6a" "proxy-server 20" 0.0217 "-" 25 0
Mar 13 15:25:30 standalone proxy-server[129036]: 172.18.0.2 172.18.0.100 13/Mar/2026/15/25/30 PUT /v1/AUTH_d78639bec5b44e99b50f1e2a62a13861/gnocchi.27030a8a-f203-498a-9be4-ed007a5834cf/none_v3 HTTP/1.0 201 - python-swiftclient-3.11.1 gAAAAABptCvUN87_... 22 - - tx8600e0e1c75147ff9b37e-0069b42c6a - 0.0306 - - 1773415530.492582083 1773415530.523215771 0
Mar 13 15:25:30 standalone container-server[127075]: 172.20.0.100 - - [13/Mar/2026:15:25:30 +0000] "HEAD /d1/663/AUTH_d78639bec5b44e99b50f1e2a62a13861/gnocchi.00a37741-4f0c-487c-b37e-44ceea8c720f" 404 - "HEAD http://172.18.0.2:8080/v1/AUTH_d78639bec5b44e99b50f1e2a62a13861/gnocchi.00a37741-4f0c-487c-b37e-44ceea8c720f?format=json&states=listing" "tx0c6d727a6e1b471fa20dd-0069b42c6a" "proxy-server 20" 0.0004 "-" 22 0
Mar 13 15:25:30 standalone object-server[127456]: 172.20.0.100 - - [13/Mar/2026:15:25:30 +0000] "GET /d1/601/AUTH_d78639bec5b44e99b50f1e2a62a13861/gnocchi.00a37741-4f0c-487c-b37e-44ceea8c720f/none_v3" 404 70 "GET http://172.18.0.2:8080/v1/AUTH_d78639bec5b44e99b50f1e2a62a13861/gnocchi.00a37741-4f0c-487c-b37e-44ceea8c720f/none_v3" "tx0c6d727a6e1b471fa20dd-0069b42c6a" "proxy-server 20" 0.0011 "-" 25 0
Mar 13 15:25:30 standalone proxy-server[129036]: 172.18.0.2 172.18.0.100 13/Mar/2026/15/25/30 GET /v1/AUTH_d78639bec5b44e99b50f1e2a62a13861/gnocchi.00a37741-4f0c-487c-b37e-44ceea8c720f/none_v3 HTTP/1.0 404 - python-swiftclient-3.11.1 gAAAAABptCvUN87_... - 70 - tx0c6d727a6e1b471fa20dd-0069b42c6a - 0.0135 - - 1773415530.537427425 1773415530.550892353 0
Mar 13 15:25:30 standalone account-server[127071]: 172.20.0.100 - - [13/Mar/2026:15:25:30 +0000] "PUT /d1/208/AUTH_d78639bec5b44e99b50f1e2a62a13861/gnocchi.00a37741-4f0c-487c-b37e-44ceea8c720f" 201 - "PUT http://172.20.0.100:6001/d1/663/AUTH_d78639bec5b44e99b50f1e2a62a13861/gnocchi.00a37741-4f0c-487c-b37e-44ceea8c720f" "txf118d9772c4749c9b40c6-0069b42c6a" "container-server 22" 0.0066 "-" 23 0
Mar 13 15:25:30 standalone container-server[127075]: 172.20.0.100 - - [13/Mar/2026:15:25:30 +0000] "PUT /d1/663/AUTH_d78639bec5b44e99b50f1e2a62a13861/gnocchi.00a37741-4f0c-487c-b37e-44ceea8c720f" 201 - "PUT http://172.18.0.2:8080/v1/AUTH_d78639bec5b44e99b50f1e2a62a13861/gnocchi.00a37741-4f0c-487c-b37e-44ceea8c720f" "txf118d9772c4749c9b40c6-0069b42c6a" "proxy-server 20" 0.0209 "-" 22 0
Mar 13 15:25:30 standalone proxy-server[129036]: 172.18.0.2 172.18.0.100 13/Mar/2026/15/25/30 PUT /v1/AUTH_d78639bec5b44e99b50f1e2a62a13861/gnocchi.00a37741-4f0c-487c-b37e-44ceea8c720f HTTP/1.0 201 - python-swiftclient-3.11.1 gAAAAABptCvUN87_... - - - txf118d9772c4749c9b40c6-0069b42c6a - 0.0282 - - 1773415530.554784775 1773415530.582951307 0
Mar 13 15:25:30 standalone container-server[127062]: 172.20.0.100 - - [13/Mar/2026:15:25:30 +0000] "HEAD /d1/663/AUTH_d78639bec5b44e99b50f1e2a62a13861/gnocchi.00a37741-4f0c-487c-b37e-44ceea8c720f" 204 - "HEAD http://172.18.0.2:8080/v1/AUTH_d78639bec5b44e99b50f1e2a62a13861/gnocchi.00a37741-4f0c-487c-b37e-44ceea8c720f?format=json&states=listing" "txc348acabbaab4cefb0c6e-0069b42c6a" "proxy-server 20" 0.0033 "-" 20 0
Mar 13 15:25:30 standalone proxy-server[129036]: - - 13/Mar/2026/15/25/30 HEAD /v1/AUTH_d78639bec5b44e99b50f1e2a62a13861/gnocchi.00a37741-4f0c-487c-b37e-44ceea8c720f%3Fformat%3Djson%26states%3Dlisting HTTP/1.0 204 - Swift - - - - txc348acabbaab4cefb0c6e-0069b42c6a - 0.0084 RL - 1773415530.591430902 1773415530.599797487 0
Mar 13 15:25:30 standalone container-server[127069]: 172.20.0.100 - - [13/Mar/2026:15:25:30 +0000] "GET /d1/663/AUTH_d78639bec5b44e99b50f1e2a62a13861/gnocchi.00a37741-4f0c-487c-b37e-44ceea8c720f" 200 2 "GET http://172.18.0.2:8080/v1/AUTH_d78639bec5b44e99b50f1e2a62a13861/gnocchi.00a37741-4f0c-487c-b37e-44ceea8c720f?format=json&states=listing" "txc348acabbaab4cefb0c6e-0069b42c6a" "proxy-server 20" 0.0053 "-" 21 0
Mar 13 15:25:30 standalone proxy-server[129036]: 172.18.0.2 172.18.0.100 13/Mar/2026/15/25/30 GET /v1/AUTH_d78639bec5b44e99b50f1e2a62a13861/gnocchi.00a37741-4f0c-487c-b37e-44ceea8c720f%3Fformat%3Djson%26states%3Dlisting HTTP/1.0 200 - python-swiftclient-3.11.1 gAAAAABptCvUN87_... - 2 - txc348acabbaab4cefb0c6e-0069b42c6a - 0.0255 - - 1773415530.588955402 1773415530.614413977 0
Mar 13 15:25:30 standalone object-server[127456]: 172.20.0.100 - - [13/Mar/2026:15:25:30 +0000] "GET /d1/815/AUTH_d78639bec5b44e99b50f1e2a62a13861/gnocchi.00a37741-4f0c-487c-b37e-44ceea8c720f/1773360000.0_mean_300.0_v3" 404 70 "GET http://172.18.0.2:8080/v1/AUTH_d78639bec5b44e99b50f1e2a62a13861/gnocchi.00a37741-4f0c-487c-b37e-44ceea8c720f/1773360000.0_mean_300.0_v3" "txb621643b931545078524b-0069b42c6a" "proxy-server 20" 0.0007 "-" 25 0
Mar 13 15:25:30 standalone proxy-server[129036]: 172.18.0.2 172.18.0.100 13/Mar/2026/15/25/30 GET /v1/AUTH_d78639bec5b44e99b50f1e2a62a13861/gnocchi.00a37741-4f0c-487c-b37e-44ceea8c720f/1773360000.0_mean_300.0_v3 HTTP/1.0 404 - python-swiftclient-3.11.1 gAAAAABptCvUN87_... - 70 - txb621643b931545078524b-0069b42c6a - 0.0214 - - 1773415530.620709181 1773415530.642103195 0
Mar 13 15:25:30 standalone container-server[127079]: 172.20.0.100 - - [13/Mar/2026:15:25:30 +0000] "PUT /d1/663/AUTH_d78639bec5b44e99b50f1e2a62a13861/gnocchi.00a37741-4f0c-487c-b37e-44ceea8c720f/1773360000.0_mean_300.0_v3" 201 - "PUT http://172.18.0.2:8080/d1/815/AUTH_d78639bec5b44e99b50f1e2a62a13861/gnocchi.00a37741-4f0c-487c-b37e-44ceea8c720f/1773360000.0_mean_300.0_v3" "tx9a81e10e02a5466aadda2-0069b42c6a" "object-server 22" 0.0014 "-" 23 0
Mar 13 15:25:30 standalone object-server[127445]: 172.20.0.100 - - [13/Mar/2026:15:25:30 +0000] "PUT /d1/815/AUTH_d78639bec5b44e99b50f1e2a62a13861/gnocchi.00a37741-4f0c-487c-b37e-44ceea8c720f/1773360000.0_mean_300.0_v3" 201 - "PUT http://172.18.0.2:8080/v1/AUTH_d78639bec5b44e99b50f1e2a62a13861/gnocchi.00a37741-4f0c-487c-b37e-44ceea8c720f/1773360000.0_mean_300.0_v3" "tx9a81e10e02a5466aadda2-0069b42c6a" "proxy-server 20" 0.0119 "-" 22 0
Mar 13 15:25:30 standalone proxy-server[129036]: 172.18.0.2 172.18.0.100 13/Mar/2026/15/25/30 PUT /v1/AUTH_d78639bec5b44e99b50f1e2a62a13861/gnocchi.00a37741-4f0c-487c-b37e-44ceea8c720f/1773360000.0_mean_300.0_v3 HTTP/1.0 201 - python-swiftclient-3.11.1 gAAAAABptCvUN87_... 16 - - tx9a81e10e02a5466aadda2-0069b42c6a - 0.0218 - - 1773415530.649985790 1773415530.671742439 0
Mar 13 15:25:30 standalone container-server[127079]: 172.20.0.100 - - [13/Mar/2026:15:25:30 +0000] "PUT /d1/663/AUTH_d78639bec5b44e99b50f1e2a62a13861/gnocchi.00a37741-4f0c-487c-b37e-44ceea8c720f/none_v3" 201 - "PUT http://172.18.0.2:8080/d1/601/AUTH_d78639bec5b44e99b50f1e2a62a13861/gnocchi.00a37741-4f0c-487c-b37e-44ceea8c720f/none_v3" "tx6b87a5c2166449438cba3-0069b42c6a" "object-server 23" 0.0007 "-" 23 0
Mar 13 15:25:30 standalone object-server[127448]: 172.20.0.100 - - [13/Mar/2026:15:25:30 +0000] "PUT /d1/601/AUTH_d78639bec5b44e99b50f1e2a62a13861/gnocchi.00a37741-4f0c-487c-b37e-44ceea8c720f/none_v3" 201 - "PUT http://172.18.0.2:8080/v1/AUTH_d78639bec5b44e99b50f1e2a62a13861/gnocchi.00a37741-4f0c-487c-b37e-44ceea8c720f/none_v3" "tx6b87a5c2166449438cba3-0069b42c6a" "proxy-server 20" 0.0126 "-" 23 0
Mar 13 15:25:30 standalone proxy-server[129036]: 172.18.0.2 172.18.0.100 13/Mar/2026/15/25/30 PUT /v1/AUTH_d78639bec5b44e99b50f1e2a62a13861/gnocchi.00a37741-4f0c-487c-b37e-44ceea8c720f/none_v3 HTTP/1.0 201 - python-swiftclient-3.11.1 gAAAAABptCvUN87_... 22 - - tx6b87a5c2166449438cba3-0069b42c6a - 0.0239 - - 1773415530.678124189 1773415530.701996088 0
Mar 13 15:25:30 standalone container-server[127079]: 172.20.0.100 - - [13/Mar/2026:15:25:30 +0000] "HEAD /d1/149/AUTH_d78639bec5b44e99b50f1e2a62a13861/gnocchi.4e890b62-866a-4d2a-bceb-c21e34f10c75" 404 - "HEAD http://172.18.0.2:8080/v1/AUTH_d78639bec5b44e99b50f1e2a62a13861/gnocchi.4e890b62-866a-4d2a-bceb-c21e34f10c75?format=json&states=listing" "tx4ffeb257a581420e95be6-0069b42c6a" "proxy-server 20" 0.0005 "-" 23 0
Mar 13 15:25:30 standalone object-server[127456]: 172.20.0.100 - - [13/Mar/2026:15:25:30 +0000] "GET /d1/206/AUTH_d78639bec5b44e99b50f1e2a62a13861/gnocchi.4e890b62-866a-4d2a-bceb-c21e34f10c75/none_v3" 404 70 "GET http://172.18.0.2:8080/v1/AUTH_d78639bec5b44e99b50f1e2a62a13861/gnocchi.4e890b62-866a-4d2a-bceb-c21e34f10c75/none_v3" "tx4ffeb257a581420e95be6-0069b42c6a" "proxy-server 20" 0.0013 "-" 25 0
Mar 13 15:25:30 standalone proxy-server[129036]: 172.18.0.2 172.18.0.100 13/Mar/2026/15/25/30 GET /v1/AUTH_d78639bec5b44e99b50f1e2a62a13861/gnocchi.4e890b62-866a-4d2a-bceb-c21e34f10c75/none_v3 HTTP/1.0 404 - python-swiftclient-3.11.1 gAAAAABptCvUN87_... - 70 - tx4ffeb257a581420e95be6-0069b42c6a - 0.0146 - - 1773415530.727186918 1773415530.741751194 0
Mar 13 15:25:30 standalone account-server[127039]: 172.20.0.100 - - [13/Mar/2026:15:25:30 +0000] "PUT /d1/208/AUTH_d78639bec5b44e99b50f1e2a62a13861/gnocchi.4e890b62-866a-4d2a-bceb-c21e34f10c75" 201 - "PUT http://172.20.0.100:6001/d1/149/AUTH_d78639bec5b44e99b50f1e2a62a13861/gnocchi.4e890b62-866a-4d2a-bceb-c21e34f10c75" "txece37d38497f429caf9ae-0069b42c6a" "container-server 23" 0.0076 "-" 21 0
Mar 13 15:25:30 standalone container-server[127079]: 172.20.0.100 - - [13/Mar/2026:15:25:30 +0000] "PUT /d1/149/AUTH_d78639bec5b44e99b50f1e2a62a13861/gnocchi.4e890b62-866a-4d2a-bceb-c21e34f10c75" 201 - "PUT http://172.18.0.2:8080/v1/AUTH_d78639bec5b44e99b50f1e2a62a13861/gnocchi.4e890b62-866a-4d2a-bceb-c21e34f10c75" "txece37d38497f429caf9ae-0069b42c6a" "proxy-server 20" 0.0187 "-" 23 0
Mar 13 15:25:30 standalone proxy-server[129036]: 172.18.0.2 172.18.0.100 13/Mar/2026/15/25/30 PUT /v1/AUTH_d78639bec5b44e99b50f1e2a62a13861/gnocchi.4e890b62-866a-4d2a-bceb-c21e34f10c75 HTTP/1.0 201 - python-swiftclient-3.11.1 gAAAAABptCvUN87_... - - - txece37d38497f429caf9ae-0069b42c6a - 0.0250 - - 1773415530.746022701 1773415530.771024227 0
Mar 13 15:25:30 standalone container-server[127069]: 172.20.0.100 - - [13/Mar/2026:15:25:30 +0000] "HEAD /d1/149/AUTH_d78639bec5b44e99b50f1e2a62a13861/gnocchi.4e890b62-866a-4d2a-bceb-c21e34f10c75" 204 - "HEAD http://172.18.0.2:8080/v1/AUTH_d78639bec5b44e99b50f1e2a62a13861/gnocchi.4e890b62-866a-4d2a-bceb-c21e34f10c75?format=json&states=listing" "tx525de6c13b97446b8bc80-0069b42c6a" "proxy-server 20" 0.0039 "-" 21 0
Mar 13 15:25:30 standalone proxy-server[129036]: - - 13/Mar/2026/15/25/30 HEAD /v1/AUTH_d78639bec5b44e99b50f1e2a62a13861/gnocchi.4e890b62-866a-4d2a-bceb-c21e34f10c75%3Fformat%3Djson%26states%3Dlisting HTTP/1.0 204 - Swift - - - - tx525de6c13b97446b8bc80-0069b42c6a - 0.0101 RL - 1773415530.781826258 1773415530.791941643 0
Mar 13 15:25:30 standalone container-server[127075]: 172.20.0.100 - - [13/Mar/2026:15:25:30 +0000] "GET /d1/149/AUTH_d78639bec5b44e99b50f1e2a62a13861/gnocchi.4e890b62-866a-4d2a-bceb-c21e34f10c75" 200 2 "GET http://172.18.0.2:8080/v1/AUTH_d78639bec5b44e99b50f1e2a62a13861/gnocchi.4e890b62-866a-4d2a-bceb-c21e34f10c75?format=json&states=listing" "tx525de6c13b97446b8bc80-0069b42c6a" "proxy-server 20" 0.0042 "-" 22 0
Mar 13 15:25:30 standalone proxy-server[129036]: 172.18.0.2 172.18.0.100 13/Mar/2026/15/25/30 GET /v1/AUTH_d78639bec5b44e99b50f1e2a62a13861/gnocchi.4e890b62-866a-4d2a-bceb-c21e34f10c75%3Fformat%3Djson%26states%3Dlisting HTTP/1.0 200 - python-swiftclient-3.11.1 gAAAAABptCvUN87_... - 2 - tx525de6c13b97446b8bc80-0069b42c6a - 0.0268 - - 1773415530.779831648 1773415530.806591749 0
Mar 13 15:25:30 standalone object-server[127453]: 172.20.0.100 - - [13/Mar/2026:15:25:30 +0000] "GET /d1/763/AUTH_d78639bec5b44e99b50f1e2a62a13861/gnocchi.4e890b62-866a-4d2a-bceb-c21e34f10c75/1773360000.0_mean_300.0_v3" 404 70 "GET http://172.18.0.2:8080/v1/AUTH_d78639bec5b44e99b50f1e2a62a13861/gnocchi.4e890b62-866a-4d2a-bceb-c21e34f10c75/1773360000.0_mean_300.0_v3" "tx89d47646231e4670bacb9-0069b42c6a" "proxy-server 20" 0.0007 "-" 24 0
Mar 13 15:25:30 standalone proxy-server[129036]: 172.18.0.2 172.18.0.100 13/Mar/2026/15/25/30 GET /v1/AUTH_d78639bec5b44e99b50f1e2a62a13861/gnocchi.4e890b62-866a-4d2a-bceb-c21e34f10c75/1773360000.0_mean_300.0_v3 HTTP/1.0 404 - python-swiftclient-3.11.1 gAAAAABptCvUN87_... - 70 - tx89d47646231e4670bacb9-0069b42c6a - 0.0101 - - 1773415530.816997528 1773415530.827119827 0
Mar 13 15:25:30 standalone container-server[127079]: 172.20.0.100 - - [13/Mar/2026:15:25:30 +0000] "PUT /d1/149/AUTH_d78639bec5b44e99b50f1e2a62a13861/gnocchi.4e890b62-866a-4d2a-bceb-c21e34f10c75/1773360000.0_mean_300.0_v3" 201 - "PUT http://172.18.0.2:8080/d1/763/AUTH_d78639bec5b44e99b50f1e2a62a13861/gnocchi.4e890b62-866a-4d2a-bceb-c21e34f10c75/1773360000.0_mean_300.0_v3" "tx1bdc676c5fe0454bbf93c-0069b42c6a" "object-server 23" 0.0007 "-" 23 0
Mar 13 15:25:30 standalone object-server[127448]: 172.20.0.100 - - [13/Mar/2026:15:25:30 +0000] "PUT /d1/763/AUTH_d78639bec5b44e99b50f1e2a62a13861/gnocchi.4e890b62-866a-4d2a-bceb-c21e34f10c75/1773360000.0_mean_300.0_v3" 201 - "PUT http://172.18.0.2:8080/v1/AUTH_d78639bec5b44e99b50f1e2a62a13861/gnocchi.4e890b62-866a-4d2a-bceb-c21e34f10c75/1773360000.0_mean_300.0_v3" "tx1bdc676c5fe0454bbf93c-0069b42c6a" "proxy-server 20" 0.0115 "-" 23 0
Mar 13 15:25:30 standalone proxy-server[129036]: 172.18.0.2 172.18.0.100 13/Mar/2026/15/25/30 PUT /v1/AUTH_d78639bec5b44e99b50f1e2a62a13861/gnocchi.4e890b62-866a-4d2a-bceb-c21e34f10c75/1773360000.0_mean_300.0_v3 HTTP/1.0 201 - python-swiftclient-3.11.1 gAAAAABptCvUN87_... 16 - - tx1bdc676c5fe0454bbf93c-0069b42c6a - 0.0188 - - 1773415530.833824158 1773415530.852625608 0
Mar 13 15:25:30 standalone container-server[127069]: 172.20.0.100 - - [13/Mar/2026:15:25:30 +0000] "PUT /d1/149/AUTH_d78639bec5b44e99b50f1e2a62a13861/gnocchi.4e890b62-866a-4d2a-bceb-c21e34f10c75/none_v3" 201 - "PUT http://172.18.0.2:8080/d1/206/AUTH_d78639bec5b44e99b50f1e2a62a13861/gnocchi.4e890b62-866a-4d2a-bceb-c21e34f10c75/none_v3" "tx29752a2ab7e1470791c97-0069b42c6a" "object-server 25" 0.0017 "-" 21 0
Mar 13 15:25:30 standalone object-server[127456]: 172.20.0.100 - - [13/Mar/2026:15:25:30 +0000] "PUT /d1/206/AUTH_d78639bec5b44e99b50f1e2a62a13861/gnocchi.4e890b62-866a-4d2a-bceb-c21e34f10c75/none_v3" 201 - "PUT http://172.18.0.2:8080/v1/AUTH_d78639bec5b44e99b50f1e2a62a13861/gnocchi.4e890b62-866a-4d2a-bceb-c21e34f10c75/none_v3" "tx29752a2ab7e1470791c97-0069b42c6a" "proxy-server 20" 0.0219 "-" 25 0
Mar 13 15:25:30 standalone proxy-server[129036]: 172.18.0.2 172.18.0.100 13/Mar/2026/15/25/30 PUT /v1/AUTH_d78639bec5b44e99b50f1e2a62a13861/gnocchi.4e890b62-866a-4d2a-bceb-c21e34f10c75/none_v3 HTTP/1.0 201 - python-swiftclient-3.11.1 gAAAAABptCvUN87_... 22 - - tx29752a2ab7e1470791c97-0069b42c6a - 0.0309 - - 1773415530.858439922 1773415530.889304161 0
Mar 13 15:25:30 standalone container-server[127062]: 172.20.0.100 - - [13/Mar/2026:15:25:30 +0000] "HEAD /d1/1018/AUTH_d78639bec5b44e99b50f1e2a62a13861/gnocchi.048eea7a-1209-43ed-83a9-d4332b47b32d" 404 - "HEAD http://172.18.0.2:8080/v1/AUTH_d78639bec5b44e99b50f1e2a62a13861/gnocchi.048eea7a-1209-43ed-83a9-d4332b47b32d?format=json&states=listing" "tx9a443405aca5427f94cf1-0069b42c6a" "proxy-server 20" 0.0005 "-" 20 0
Mar 13 15:25:30 standalone object-server[127453]: 172.20.0.100 - - [13/Mar/2026:15:25:30 +0000] "GET /d1/132/AUTH_d78639bec5b44e99b50f1e2a62a13861/gnocchi.048eea7a-1209-43ed-83a9-d4332b47b32d/none_v3" 404 70 "GET http://172.18.0.2:8080/v1/AUTH_d78639bec5b44e99b50f1e2a62a13861/gnocchi.048eea7a-1209-43ed-83a9-d4332b47b32d/none_v3" "tx9a443405aca5427f94cf1-0069b42c6a" "proxy-server 20" 0.0004 "-" 24 0
Mar 13 15:25:30 standalone proxy-server[129036]: 172.18.0.2 172.18.0.100 13/Mar/2026/15/25/30 GET /v1/AUTH_d78639bec5b44e99b50f1e2a62a13861/gnocchi.048eea7a-1209-43ed-83a9-d4332b47b32d/none_v3 HTTP/1.0 404 - python-swiftclient-3.11.1 gAAAAABptCvUN87_... - 70 - tx9a443405aca5427f94cf1-0069b42c6a - 0.0107 - - 1773415530.909433126 1773415530.920160055 0
Mar 13 15:25:30 standalone account-server[127063]: 172.20.0.100 - - [13/Mar/2026:15:25:30 +0000] "PUT /d1/208/AUTH_d78639bec5b44e99b50f1e2a62a13861/gnocchi.048eea7a-1209-43ed-83a9-d4332b47b32d" 201 - "PUT http://172.20.0.100:6001/d1/1018/AUTH_d78639bec5b44e99b50f1e2a62a13861/gnocchi.048eea7a-1209-43ed-83a9-d4332b47b32d" "tx84abae3aa71d457d9179b-0069b42c6a" "container-server 21" 0.0044 "-" 22 0
Mar 13 15:25:30 standalone container-server[127069]: 172.20.0.100 - - [13/Mar/2026:15:25:30 +0000] "PUT /d1/1018/AUTH_d78639bec5b44e99b50f1e2a62a13861/gnocchi.048eea7a-1209-43ed-83a9-d4332b47b32d" 201 - "PUT http://172.18.0.2:8080/v1/AUTH_d78639bec5b44e99b50f1e2a62a13861/gnocchi.048eea7a-1209-43ed-83a9-d4332b47b32d" "tx84abae3aa71d457d9179b-0069b42c6a" "proxy-server 20" 0.0243 "-" 21 0
Mar 13 15:25:30 standalone proxy-server[129036]: 172.18.0.2 172.18.0.100 13/Mar/2026/15/25/30 PUT /v1/AUTH_d78639bec5b44e99b50f1e2a62a13861/gnocchi.048eea7a-1209-43ed-83a9-d4332b47b32d HTTP/1.0 201 - python-swiftclient-3.11.1 gAAAAABptCvUN87_... - - - tx84abae3aa71d457d9179b-0069b42c6a - 0.0308 - - 1773415530.923916340 1773415530.954744816 0
Mar 13 15:25:30 standalone container-server[127062]: 172.20.0.100 - - [13/Mar/2026:15:25:30 +0000] "HEAD /d1/1018/AUTH_d78639bec5b44e99b50f1e2a62a13861/gnocchi.048eea7a-1209-43ed-83a9-d4332b47b32d" 204 - "HEAD http://172.18.0.2:8080/v1/AUTH_d78639bec5b44e99b50f1e2a62a13861/gnocchi.048eea7a-1209-43ed-83a9-d4332b47b32d?format=json&states=listing" "txa59d4e7729854cfbbe9fe-0069b42c6a" "proxy-server 20" 0.0014 "-" 20 0
Mar 13 15:25:30 standalone proxy-server[129036]: - - 13/Mar/2026/15/25/30 HEAD /v1/AUTH_d78639bec5b44e99b50f1e2a62a13861/gnocchi.048eea7a-1209-43ed-83a9-d4332b47b32d%3Fformat%3Djson%26states%3Dlisting HTTP/1.0 204 - Swift - - - - txa59d4e7729854cfbbe9fe-0069b42c6a - 0.0045 RL - 1773415530.960157871 1773415530.964706659 0
Mar 13 15:25:30 standalone container-server[127062]: 172.20.0.100 - - [13/Mar/2026:15:25:30 +0000] "GET /d1/1018/AUTH_d78639bec5b44e99b50f1e2a62a13861/gnocchi.048eea7a-1209-43ed-83a9-d4332b47b32d" 200 2 "GET http://172.18.0.2:8080/v1/AUTH_d78639bec5b44e99b50f1e2a62a13861/gnocchi.048eea7a-1209-43ed-83a9-d4332b47b32d?format=json&states=listing" "txa59d4e7729854cfbbe9fe-0069b42c6a" "proxy-server 20" 0.0020 "-" 20 0
Mar 13 15:25:30 standalone proxy-server[129036]: 172.18.0.2 172.18.0.100 13/Mar/2026/15/25/30 GET /v1/AUTH_d78639bec5b44e99b50f1e2a62a13861/gnocchi.048eea7a-1209-43ed-83a9-d4332b47b32d%3Fformat%3Djson%26states%3Dlisting HTTP/1.0 200 - python-swiftclient-3.11.1 gAAAAABptCvUN87_... - 2 - txa59d4e7729854cfbbe9fe-0069b42c6a - 0.0142 - - 1773415530.958847761 1773415530.973053932 0
Mar 13 15:25:30 standalone object-server[127445]: 172.20.0.100 - - [13/Mar/2026:15:25:30 +0000] "GET /d1/188/AUTH_d78639bec5b44e99b50f1e2a62a13861/gnocchi.048eea7a-1209-43ed-83a9-d4332b47b32d/1773360000.0_mean_300.0_v3" 404 70 "GET http://172.18.0.2:8080/v1/AUTH_d78639bec5b44e99b50f1e2a62a13861/gnocchi.048eea7a-1209-43ed-83a9-d4332b47b32d/1773360000.0_mean_300.0_v3" "tx4c9e86136b0b419a906a2-0069b42c6a" "proxy-server 20" 0.0011 "-" 22 0
Mar 13 15:25:30 standalone proxy-server[129036]: 172.18.0.2 172.18.0.100 13/Mar/2026/15/25/30 GET /v1/AUTH_d78639bec5b44e99b50f1e2a62a13861/gnocchi.048eea7a-1209-43ed-83a9-d4332b47b32d/1773360000.0_mean_300.0_v3 HTTP/1.0 404 - python-swiftclient-3.11.1 gAAAAABptCvUN87_... - 70 - tx4c9e86136b0b419a906a2-0069b42c6a - 0.0119 - - 1773415530.978761196 1773415530.990643263 0
Mar 13 15:25:31 standalone container-server[127062]: 172.20.0.100 - - [13/Mar/2026:15:25:31 +0000] "PUT /d1/1018/AUTH_d78639bec5b44e99b50f1e2a62a13861/gnocchi.048eea7a-1209-43ed-83a9-d4332b47b32d/1773360000.0_mean_300.0_v3" 201 - "PUT http://172.18.0.2:8080/d1/188/AUTH_d78639bec5b44e99b50f1e2a62a13861/gnocchi.048eea7a-1209-43ed-83a9-d4332b47b32d/1773360000.0_mean_300.0_v3" "tx53229026d8744852859c1-0069b42c6a" "object-server 24" 0.0007 "-" 20 0
Mar 13 15:25:31 standalone object-server[127453]: 172.20.0.100 - - [13/Mar/2026:15:25:31 +0000] "PUT /d1/188/AUTH_d78639bec5b44e99b50f1e2a62a13861/gnocchi.048eea7a-1209-43ed-83a9-d4332b47b32d/1773360000.0_mean_300.0_v3" 201 - "PUT http://172.18.0.2:8080/v1/AUTH_d78639bec5b44e99b50f1e2a62a13861/gnocchi.048eea7a-1209-43ed-83a9-d4332b47b32d/1773360000.0_mean_300.0_v3" "tx53229026d8744852859c1-0069b42c6a" "proxy-server 20" 0.0136 "-" 24 0
Mar 13 15:25:31 standalone proxy-server[129036]: 172.18.0.2 172.18.0.100 13/Mar/2026/15/25/31 PUT /v1/AUTH_d78639bec5b44e99b50f1e2a62a13861/gnocchi.048eea7a-1209-43ed-83a9-d4332b47b32d/1773360000.0_mean_300.0_v3 HTTP/1.0 201 - python-swiftclient-3.11.1 gAAAAABptCvUN87_... 16 - - tx53229026d8744852859c1-0069b42c6a - 0.0243 - - 1773415530.997476816 1773415531.021731377 0
Mar 13 15:25:31 standalone container-server[127075]: 172.20.0.100 - - [13/Mar/2026:15:25:31 +0000] "PUT /d1/1018/AUTH_d78639bec5b44e99b50f1e2a62a13861/gnocchi.048eea7a-1209-43ed-83a9-d4332b47b32d/none_v3" 201 - "PUT http://172.18.0.2:8080/d1/132/AUTH_d78639bec5b44e99b50f1e2a62a13861/gnocchi.048eea7a-1209-43ed-83a9-d4332b47b32d/none_v3" "tx2ff13c50f99b4be3aee0c-0069b42c6b" "object-server 22" 0.0008 "-" 22 0
Mar 13 15:25:31 standalone object-server[127445]: 172.20.0.100 - - [13/Mar/2026:15:25:31 +0000] "PUT /d1/132/AUTH_d78639bec5b44e99b50f1e2a62a13861/gnocchi.048eea7a-1209-43ed-83a9-d4332b47b32d/none_v3" 201 - "PUT http://172.18.0.2:8080/v1/AUTH_d78639bec5b44e99b50f1e2a62a13861/gnocchi.048eea7a-1209-43ed-83a9-d4332b47b32d/none_v3" "tx2ff13c50f99b4be3aee0c-0069b42c6b" "proxy-server 20" 0.0153 "-" 22 0
Mar 13 15:25:31 standalone proxy-server[129036]: 172.18.0.2 172.18.0.100 13/Mar/2026/15/25/31 PUT /v1/AUTH_d78639bec5b44e99b50f1e2a62a13861/gnocchi.048eea7a-1209-43ed-83a9-d4332b47b32d/none_v3 HTTP/1.0 201 - python-swiftclient-3.11.1 gAAAAABptCvUN87_... 22 - - tx2ff13c50f99b4be3aee0c-0069b42c6b - 0.0240 - - 1773415531.027175903 1773415531.051182032 0
Mar 13 15:25:39 standalone account-server[127063]: 172.20.0.100 - - [13/Mar/2026:15:25:39 +0000] "HEAD /d1/539/.expiring_objects" 404 - "HEAD http://localhost/v1/.expiring_objects?format=json" "tx9d84a570685341528b122-0069b42c73" "proxy-server 2" 0.0006 "-" 22 -
Mar 13 15:25:39 standalone object-expirer[127106]: Pass completed in 0s; 0 objects expired (txn: tx9d84a570685341528b122-0069b42c73)
Mar 13 15:25:41 standalone container-server[127069]: 172.20.0.100 - - [13/Mar/2026:15:25:41 +0000] "HEAD /d1/340/AUTH_d78639bec5b44e99b50f1e2a62a13861/gnocchi.11399a56-52ad-411b-b10c-5bfa1ababb3b" 404 - "HEAD http://172.18.0.2:8080/v1/AUTH_d78639bec5b44e99b50f1e2a62a13861/gnocchi.11399a56-52ad-411b-b10c-5bfa1ababb3b?format=json&states=listing" "txcab446ed8fd74c808c1a9-0069b42c75" "proxy-server 20" 0.0007 "-" 21 0
Mar 13 15:25:41 standalone object-server[127445]: 172.20.0.100 - - [13/Mar/2026:15:25:41 +0000] "GET /d1/1005/AUTH_d78639bec5b44e99b50f1e2a62a13861/gnocchi.11399a56-52ad-411b-b10c-5bfa1ababb3b/none_v3" 404 70 "GET http://172.18.0.2:8080/v1/AUTH_d78639bec5b44e99b50f1e2a62a13861/gnocchi.11399a56-52ad-411b-b10c-5bfa1ababb3b/none_v3" "txcab446ed8fd74c808c1a9-0069b42c75" "proxy-server 20" 0.0008 "-" 22 0
Mar 13 15:25:41 standalone proxy-server[129036]: 172.18.0.2 172.18.0.100 13/Mar/2026/15/25/41 GET /v1/AUTH_d78639bec5b44e99b50f1e2a62a13861/gnocchi.11399a56-52ad-411b-b10c-5bfa1ababb3b/none_v3 HTTP/1.0 404 - python-swiftclient-3.11.1 gAAAAABptCvUN87_... - 70 - txcab446ed8fd74c808c1a9-0069b42c75 - 0.0193 - - 1773415541.223844051 1773415541.243139982 0
Mar 13 15:25:41 standalone account-server[127071]: 172.20.0.100 - - [13/Mar/2026:15:25:41 +0000] "PUT /d1/208/AUTH_d78639bec5b44e99b50f1e2a62a13861/gnocchi.11399a56-52ad-411b-b10c-5bfa1ababb3b" 201 - "PUT http://172.20.0.100:6001/d1/340/AUTH_d78639bec5b44e99b50f1e2a62a13861/gnocchi.11399a56-52ad-411b-b10c-5bfa1ababb3b" "tx3dcc21ea40d54854bc538-0069b42c75" "container-server 23" 0.0089 "-" 23 0
Mar 13 15:25:41 standalone container-server[127079]: 172.20.0.100 - - [13/Mar/2026:15:25:41 +0000] "PUT /d1/340/AUTH_d78639bec5b44e99b50f1e2a62a13861/gnocchi.11399a56-52ad-411b-b10c-5bfa1ababb3b" 201 - "PUT http://172.18.0.2:8080/v1/AUTH_d78639bec5b44e99b50f1e2a62a13861/gnocchi.11399a56-52ad-411b-b10c-5bfa1ababb3b" "tx3dcc21ea40d54854bc538-0069b42c75" "proxy-server 20" 0.0185 "-" 23 0
Mar 13 15:25:41 standalone proxy-server[129036]: 172.18.0.2 172.18.0.100 13/Mar/2026/15/25/41 PUT /v1/AUTH_d78639bec5b44e99b50f1e2a62a13861/gnocchi.11399a56-52ad-411b-b10c-5bfa1ababb3b HTTP/1.0 201 - python-swiftclient-3.11.1 gAAAAABptCvUN87_... - - - tx3dcc21ea40d54854bc538-0069b42c75 - 0.0226 - - 1773415541.246890306 1773415541.269477606 0
Mar 13 15:25:41 standalone container-server[127075]: 172.20.0.100 - - [13/Mar/2026:15:25:41 +0000] "HEAD /d1/340/AUTH_d78639bec5b44e99b50f1e2a62a13861/gnocchi.11399a56-52ad-411b-b10c-5bfa1ababb3b" 204 - "HEAD http://172.18.0.2:8080/v1/AUTH_d78639bec5b44e99b50f1e2a62a13861/gnocchi.11399a56-52ad-411b-b10c-5bfa1ababb3b?format=json&states=listing" "tx1aa41801bd6747a9848b9-0069b42c75" "proxy-server 20" 0.0028 "-" 22 0
Mar 13 15:25:41 standalone proxy-server[129036]: - - 13/Mar/2026/15/25/41 HEAD /v1/AUTH_d78639bec5b44e99b50f1e2a62a13861/gnocchi.11399a56-52ad-411b-b10c-5bfa1ababb3b%3Fformat%3Djson%26states%3Dlisting HTTP/1.0 204 - Swift - - - - tx1aa41801bd6747a9848b9-0069b42c75 - 0.0085 RL - 1773415541.273205042 1773415541.281690836 0
Mar 13 15:25:41 standalone container-server[127062]: 172.20.0.100 - - [13/Mar/2026:15:25:41 +0000] "GET /d1/340/AUTH_d78639bec5b44e99b50f1e2a62a13861/gnocchi.11399a56-52ad-411b-b10c-5bfa1ababb3b" 200 2 "GET http://172.18.0.2:8080/v1/AUTH_d78639bec5b44e99b50f1e2a62a13861/gnocchi.11399a56-52ad-411b-b10c-5bfa1ababb3b?format=json&states=listing" "tx1aa41801bd6747a9848b9-0069b42c75" "proxy-server 20" 0.0020 "-" 20 0
Mar 13 15:25:41 standalone proxy-server[129036]: 172.18.0.2 172.18.0.100 13/Mar/2026/15/25/41 GET /v1/AUTH_d78639bec5b44e99b50f1e2a62a13861/gnocchi.11399a56-52ad-411b-b10c-5bfa1ababb3b%3Fformat%3Djson%26states%3Dlisting HTTP/1.0 200 - python-swiftclient-3.11.1 gAAAAABptCvUN87_... - 2 - tx1aa41801bd6747a9848b9-0069b42c75 - 0.0161 - - 1773415541.272436142 1773415541.288542509 0
Mar 13 15:25:41 standalone object-server[127448]: 172.20.0.100 - - [13/Mar/2026:15:25:41 +0000] "GET /d1/318/AUTH_d78639bec5b44e99b50f1e2a62a13861/gnocchi.11399a56-52ad-411b-b10c-5bfa1ababb3b/1773360000.0_mean_300.0_v3" 404 70 "GET http://172.18.0.2:8080/v1/AUTH_d78639bec5b44e99b50f1e2a62a13861/gnocchi.11399a56-52ad-411b-b10c-5bfa1ababb3b/1773360000.0_mean_300.0_v3" "tx4fa9fa3049a2429a85f65-0069b42c75" "proxy-server 20" 0.0004 "-" 23 0
Mar 13 15:25:41 standalone proxy-server[129036]: 172.18.0.2 172.18.0.100 13/Mar/2026/15/25/41 GET /v1/AUTH_d78639bec5b44e99b50f1e2a62a13861/gnocchi.11399a56-52ad-411b-b10c-5bfa1ababb3b/1773360000.0_mean_300.0_v3 HTTP/1.0 404 - python-swiftclient-3.11.1 gAAAAABptCvUN87_... - 70 - tx4fa9fa3049a2429a85f65-0069b42c75 - 0.0044 - - 1773415541.291827440 1773415541.296191216 0
Mar 13 15:25:41 standalone container-server[127079]: 172.20.0.100 - - [13/Mar/2026:15:25:41 +0000] "PUT /d1/340/AUTH_d78639bec5b44e99b50f1e2a62a13861/gnocchi.11399a56-52ad-411b-b10c-5bfa1ababb3b/1773360000.0_mean_300.0_v3" 201 - "PUT http://172.18.0.2:8080/d1/318/AUTH_d78639bec5b44e99b50f1e2a62a13861/gnocchi.11399a56-52ad-411b-b10c-5bfa1ababb3b/1773360000.0_mean_300.0_v3" "txc786610d4c6b48de905c4-0069b42c75" "object-server 24" 0.0007 "-" 23 0
Mar 13 15:25:41 standalone object-server[127453]: 172.20.0.100 - - [13/Mar/2026:15:25:41 +0000] "PUT /d1/318/AUTH_d78639bec5b44e99b50f1e2a62a13861/gnocchi.11399a56-52ad-411b-b10c-5bfa1ababb3b/1773360000.0_mean_300.0_v3" 201 - "PUT http://172.18.0.2:8080/v1/AUTH_d78639bec5b44e99b50f1e2a62a13861/gnocchi.11399a56-52ad-411b-b10c-5bfa1ababb3b/1773360000.0_mean_300.0_v3" "txc786610d4c6b48de905c4-0069b42c75" "proxy-server 20" 0.0141 "-" 24 0
Mar 13 15:25:41 standalone proxy-server[129036]: 172.18.0.2 172.18.0.100 13/Mar/2026/15/25/41 PUT /v1/AUTH_d78639bec5b44e99b50f1e2a62a13861/gnocchi.11399a56-52ad-411b-b10c-5bfa1ababb3b/1773360000.0_mean_300.0_v3 HTTP/1.0 201 - python-swiftclient-3.11.1 gAAAAABptCvUN87_... 16 - - txc786610d4c6b48de905c4-0069b42c75 - 0.0198 - - 1773415541.298566103 1773415541.318338633 0
Mar 13 15:25:41 standalone container-server[127075]: 172.20.0.100 - - [13/Mar/2026:15:25:41 +0000] "PUT /d1/340/AUTH_d78639bec5b44e99b50f1e2a62a13861/gnocchi.11399a56-52ad-411b-b10c-5bfa1ababb3b/none_v3" 201 - "PUT http://172.18.0.2:8080/d1/1005/AUTH_d78639bec5b44e99b50f1e2a62a13861/gnocchi.11399a56-52ad-411b-b10c-5bfa1ababb3b/none_v3" "tx56059cd4783b4a3088934-0069b42c75" "object-server 22" 0.0012 "-" 22 0
Mar 13 15:25:41 standalone object-server[127445]: 172.20.0.100 - - [13/Mar/2026:15:25:41 +0000] "PUT /d1/1005/AUTH_d78639bec5b44e99b50f1e2a62a13861/gnocchi.11399a56-52ad-411b-b10c-5bfa1ababb3b/none_v3" 201 - "PUT http://172.18.0.2:8080/v1/AUTH_d78639bec5b44e99b50f1e2a62a13861/gnocchi.11399a56-52ad-411b-b10c-5bfa1ababb3b/none_v3" "tx56059cd4783b4a3088934-0069b42c75" "proxy-server 20" 0.0140 "-" 22 0
Mar 13 15:25:41 standalone proxy-server[129036]: 172.18.0.2 172.18.0.100 13/Mar/2026/15/25/41 PUT /v1/AUTH_d78639bec5b44e99b50f1e2a62a13861/gnocchi.11399a56-52ad-411b-b10c-5bfa1ababb3b/none_v3 HTTP/1.0 201 - python-swiftclient-3.11.1 gAAAAABptCvUN87_... 22 - - tx56059cd4783b4a3088934-0069b42c75 - 0.0202 - - 1773415541.320470572 1773415541.340706110 0
Mar 13 15:25:47 standalone object-server[127456]: 172.20.0.100 - - [13/Mar/2026:15:25:47 +0000] "GET /d1/1005/AUTH_d78639bec5b44e99b50f1e2a62a13861/gnocchi.11399a56-52ad-411b-b10c-5bfa1ababb3b/none_v3" 200 22 "GET http://172.18.0.2:8080/v1/AUTH_d78639bec5b44e99b50f1e2a62a13861/gnocchi.11399a56-52ad-411b-b10c-5bfa1ababb3b/none_v3" "txbacf9a7f8a27418f85dc5-0069b42c7b" "proxy-server 20" 0.0018 "-" 25 0
Mar 13 15:25:47 standalone proxy-server[129036]: 172.18.0.2 172.18.0.100 13/Mar/2026/15/25/47 GET /v1/AUTH_d78639bec5b44e99b50f1e2a62a13861/gnocchi.11399a56-52ad-411b-b10c-5bfa1ababb3b/none_v3 HTTP/1.0 200 - python-swiftclient-3.11.1 gAAAAABptCvUN87_... - 22 - txbacf9a7f8a27418f85dc5-0069b42c7b - 0.0141 - - 1773415547.174207449 1773415547.188298941 0
Mar 13 15:25:47 standalone container-server[127079]: 172.20.0.100 - - [13/Mar/2026:15:25:47 +0000] "GET /d1/340/AUTH_d78639bec5b44e99b50f1e2a62a13861/gnocchi.11399a56-52ad-411b-b10c-5bfa1ababb3b" 200 357 "GET http://172.18.0.2:8080/v1/AUTH_d78639bec5b44e99b50f1e2a62a13861/gnocchi.11399a56-52ad-411b-b10c-5bfa1ababb3b?format=json&states=listing" "tx937ff317e8a64428b7b43-0069b42c7b" "proxy-server 20" 0.0096 "-" 23 0
Mar 13 15:25:47 standalone proxy-server[129036]: 172.18.0.2 172.18.0.100 13/Mar/2026/15/25/47 GET /v1/AUTH_d78639bec5b44e99b50f1e2a62a13861/gnocchi.11399a56-52ad-411b-b10c-5bfa1ababb3b%3Fformat%3Djson%26states%3Dlisting HTTP/1.0 200 - python-swiftclient-3.11.1 gAAAAABptCvUN87_... - 357 - tx937ff317e8a64428b7b43-0069b42c7b - 0.0190 - - 1773415547.193823338 1773415547.212794781 0
Mar 13 15:25:47 standalone container-server[127062]: 172.20.0.100 - - [13/Mar/2026:15:25:47 +0000] "GET /d1/340/AUTH_d78639bec5b44e99b50f1e2a62a13861/gnocchi.11399a56-52ad-411b-b10c-5bfa1ababb3b" 200 2 "GET http://172.18.0.2:8080/v1/AUTH_d78639bec5b44e99b50f1e2a62a13861/gnocchi.11399a56-52ad-411b-b10c-5bfa1ababb3b?format=json&marker=none_v3&states=listing" "txb62c8453db814fd9a67f9-0069b42c7b" "proxy-server 20" 0.0044 "-" 20 0
Mar 13 15:25:47 standalone proxy-server[129036]: 172.18.0.2 172.18.0.100 13/Mar/2026/15/25/47 GET /v1/AUTH_d78639bec5b44e99b50f1e2a62a13861/gnocchi.11399a56-52ad-411b-b10c-5bfa1ababb3b%3Fformat%3Djson%26marker%3Dnone_v3%26states%3Dlisting HTTP/1.0 200 - python-swiftclient-3.11.1 gAAAAABptCvUN87_... - 2 - txb62c8453db814fd9a67f9-0069b42c7b - 0.0134 - - 1773415547.216420174 1773415547.229868650 0
Mar 13 15:25:47 standalone object-server[127456]: 172.20.0.100 - - [13/Mar/2026:15:25:47 +0000] "GET /d1/318/AUTH_d78639bec5b44e99b50f1e2a62a13861/gnocchi.11399a56-52ad-411b-b10c-5bfa1ababb3b/1773360000.0_mean_300.0_v3" 200 16 "GET http://172.18.0.2:8080/v1/AUTH_d78639bec5b44e99b50f1e2a62a13861/gnocchi.11399a56-52ad-411b-b10c-5bfa1ababb3b/1773360000.0_mean_300.0_v3" "tx0095925684824d4aa3192-0069b42c7b" "proxy-server 20" 0.0011 "-" 25 0
Mar 13 15:25:47 standalone proxy-server[129036]: 172.18.0.2 172.18.0.100 13/Mar/2026/15/25/47 GET /v1/AUTH_d78639bec5b44e99b50f1e2a62a13861/gnocchi.11399a56-52ad-411b-b10c-5bfa1ababb3b/1773360000.0_mean_300.0_v3 HTTP/1.0 200 - python-swiftclient-3.11.1 gAAAAABptCvUN87_... - 16 - tx0095925684824d4aa3192-0069b42c7b - 0.0094 - - 1773415547.235318899 1773415547.244760752 0
