Mar 13 15:10:28 standalone account-server[126645]: Starting 2
Mar 13 15:10:28 standalone container-server[126743]: Starting 2
Mar 13 15:10:28 standalone account-server[126706]: Started child 20 from parent 2
Mar 13 15:10:28 standalone container-server[126742]: Option allow_versions is deprecated. Configure the versioned_writes middleware in the proxy-server instead. This option will be ignored in a future release.
Mar 13 15:10:28 standalone account-server[126706]: Started child 21 from parent 2
Mar 13 15:10:28 standalone container-server[127062]: Option allow_versions is deprecated. Configure the versioned_writes middleware in the proxy-server instead. This option will be ignored in a future release.
Mar 13 15:10:28 standalone container-server[126742]: Started child 20 from parent 2
Mar 13 15:10:28 standalone account-server[126706]: Started child 22 from parent 2
Mar 13 15:10:28 standalone account-server[126706]: Started child 23 from parent 2
Mar 13 15:10:28 standalone container-server[127069]: Option allow_versions is deprecated. Configure the versioned_writes middleware in the proxy-server instead. This option will be ignored in a future release.
Mar 13 15:10:28 standalone container-server[126742]: Started child 21 from parent 2
Mar 13 15:10:28 standalone container-server[127075]: Option allow_versions is deprecated. Configure the versioned_writes middleware in the proxy-server instead. This option will be ignored in a future release.
Mar 13 15:10:28 standalone container-server[126742]: Started child 22 from parent 2
Mar 13 15:10:28 standalone container-server[127079]: Option allow_versions is deprecated. Configure the versioned_writes middleware in the proxy-server instead. This option will be ignored in a future release.
Mar 13 15:10:28 standalone container-server[126742]: Started child 23 from parent 2
Mar 13 15:10:29 standalone object-expirer[127106]: Starting 2
Mar 13 15:10:29 standalone object-expirer[127106]: Option auto_create_account_prefix is deprecated. Configure auto_create_account_prefix under the swift-constraints section of swift.conf. This option will be ignored in a future release.
Mar 13 15:10:29 standalone object-server[127184]: Starting 2
Mar 13 15:10:29 standalone object-server[127231]: Started child 22 from parent 2
Mar 13 15:10:29 standalone object-server[127231]: Started child 23 from parent 2
Mar 13 15:10:29 standalone object-server[127231]: Started child 24 from parent 2
Mar 13 15:10:29 standalone object-server[127231]: Started child 25 from parent 2
Mar 13 15:10:35 standalone proxy-server[128795]: Starting Keystone auth_token middleware
Mar 13 15:10:35 standalone proxy-server[128795]: AuthToken middleware is set with keystone_authtoken.service_token_roles_required set to False. This is backwards compatible but deprecated behaviour. Please set this to True.
Mar 13 15:10:35 standalone proxy-server[129036]: Starting Keystone auth_token middleware
Mar 13 15:10:35 standalone proxy-server[129036]: STDERR: The option "bind_port" is not known to keystonemiddleware
Mar 13 15:10:35 standalone proxy-server[129036]: STDERR: The option "workers" is not known to keystonemiddleware
Mar 13 15:10:35 standalone proxy-server[129036]: STDERR: The option "user" is not known to keystonemiddleware
Mar 13 15:10:35 standalone proxy-server[129036]: STDERR: The option "bind_ip" is not known to keystonemiddleware
Mar 13 15:10:35 standalone proxy-server[129036]: STDERR: The option "log_name" is not known to keystonemiddleware
Mar 13 15:10:35 standalone proxy-server[129036]: STDERR: The option "log_facility" is not known to keystonemiddleware
Mar 13 15:10:35 standalone proxy-server[129036]: STDERR: The option "log_level" is not known to keystonemiddleware
Mar 13 15:10:35 standalone proxy-server[129036]: STDERR: The option "log_headers" is not known to keystonemiddleware
Mar 13 15:10:35 standalone proxy-server[129036]: STDERR: The option "log_address" is not known to keystonemiddleware
Mar 13 15:10:35 standalone proxy-server[129036]: STDERR: The option "project_name" is not known to keystonemiddleware
Mar 13 15:10:35 standalone proxy-server[129036]: STDERR: The option "username" is not known to keystonemiddleware
Mar 13 15:10:35 standalone proxy-server[129036]: STDERR: The option "password" is not known to keystonemiddleware
Mar 13 15:10:35 standalone proxy-server[129036]: STDERR: The option "auth_url" is not known to keystonemiddleware
Mar 13 15:10:35 standalone proxy-server[129036]: STDERR: The option "signing_dir" is not known to keystonemiddleware
Mar 13 15:10:35 standalone proxy-server[129036]: STDERR: The option "project_domain_id" is not known to keystonemiddleware
Mar 13 15:10:35 standalone proxy-server[129036]: STDERR: The option "user_domain_id" is not known to keystonemiddleware
Mar 13 15:10:35 standalone proxy-server[129036]: STDERR: The option "__name__" is not known to keystonemiddleware
Mar 13 15:10:35 standalone proxy-server[129036]: AuthToken middleware is set with keystone_authtoken.service_token_roles_required set to False. This is backwards compatible but deprecated behaviour. Please set this to True.
Mar 13 15:10:35 standalone proxy-server[128795]: Started child 20 from parent 2
Mar 13 15:11:37 standalone account-server[126645]: Devices pass completed: 0.00s
Mar 13 15:12:43 standalone container-server[126743]: Begin container update sweep
Mar 13 15:12:43 standalone container-server[126743]: Container update sweep completed: 0.00s
Mar 13 15:13:52 standalone account-server[127071]: 172.20.0.100 - - [13/Mar/2026:15:13:52 +0000] "HEAD /d1/539/.expiring_objects" 404 - "HEAD http://localhost/v1/.expiring_objects?format=json" "txf07665947cba46e88e5bd-0069b429b0" "proxy-server 2" 0.0016 "-" 23 -
Mar 13 15:13:52 standalone object-expirer[127106]: Pass completed in 0s; 0 objects expired (txn: txf07665947cba46e88e5bd-0069b429b0)
Mar 13 15:13:58 standalone object-server[127184]: Begin object update sweep
Mar 13 15:13:58 standalone object-server[152455]: Object update sweep starting on /srv/node/d1 (pid: 11)
Mar 13 15:13:58 standalone object-server[152455]: Object update sweep completed on /srv/node/d1 in 0.00s seconds:, 0 successes, 0 failures, 0 quarantines, 0 unlinks, 0 errors, 0 redirects (pid: 11)
Mar 13 15:13:58 standalone object-server[152455]: Object update sweep of d1 completed: 0.00s, 0 successes, 0 failures, 0 quarantines, 0 unlinks, 0 errors, 0 redirects
Mar 13 15:13:58 standalone object-server[127184]: Object update sweep completed: 0.08s
Mar 13 15:14:04 standalone account-server[127063]: 172.20.0.100 - - [13/Mar/2026:15:14:04 +0000] "HEAD /d1/539/.expiring_objects" 404 - "HEAD http://localhost/v1/.expiring_objects?format=json" "tx3a9187feb2d446408b82d-0069b429bc" "proxy-server 2" 0.0009 "-" 22 -
Mar 13 15:14:04 standalone object-expirer[127106]: Pass completed in 0s; 0 objects expired (txn: tx3a9187feb2d446408b82d-0069b429bc)
Mar 13 15:17:43 standalone container-server[126743]: Begin container update sweep
Mar 13 15:17:43 standalone container-server[126743]: Container update sweep completed: 0.00s
Mar 13 15:18:58 standalone object-server[127184]: Begin object update sweep
Mar 13 15:18:58 standalone object-server[193241]: Object update sweep starting on /srv/node/d1 (pid: 13)
Mar 13 15:18:58 standalone object-server[193241]: Object update sweep completed on /srv/node/d1 in 0.00s seconds:, 0 successes, 0 failures, 0 quarantines, 0 unlinks, 0 errors, 0 redirects (pid: 13)
Mar 13 15:18:58 standalone object-server[193241]: Object update sweep of d1 completed: 0.00s, 0 successes, 0 failures, 0 quarantines, 0 unlinks, 0 errors, 0 redirects
Mar 13 15:18:58 standalone object-server[127184]: Object update sweep completed: 0.09s
Mar 13 15:19:02 standalone account-server[127063]: 172.20.0.100 - - [13/Mar/2026:15:19:02 +0000] "HEAD /d1/539/.expiring_objects" 404 - "HEAD http://localhost/v1/.expiring_objects?format=json" "tx9522f9b6af8e4b4891196-0069b42ae6" "proxy-server 2" 0.0008 "-" 22 -
Mar 13 15:19:02 standalone object-expirer[127106]: Pass completed in 0s; 0 objects expired (txn: tx9522f9b6af8e4b4891196-0069b42ae6)
Mar 13 15:20:10 standalone account-server[127063]: 172.20.0.100 - - [13/Mar/2026:15:20:10 +0000] "HEAD /d1/539/.expiring_objects" 404 - "HEAD http://localhost/v1/.expiring_objects?format=json" "tx346ae08548044c87bf7ad-0069b42b2a" "proxy-server 2" 0.0009 "-" 22 -
Mar 13 15:20:10 standalone object-expirer[127106]: Pass completed in 0s; 0 objects expired (txn: tx346ae08548044c87bf7ad-0069b42b2a)
Mar 13 15:22:43 standalone container-server[126743]: Begin container update sweep
Mar 13 15:22:43 standalone container-server[126743]: Container update sweep completed: 0.00s
Mar 13 15:23:00 standalone account-server[127071]: 172.20.0.100 - - [13/Mar/2026:15:23:00 +0000] "HEAD /d1/208/AUTH_d78639bec5b44e99b50f1e2a62a13861" 404 - "HEAD http://172.18.0.2:8080/v1/AUTH_d78639bec5b44e99b50f1e2a62a13861?format=json" "tx2af140457b5b4f468d2e9-0069b42bd4" "proxy-server 20" 0.0009 "-" 23 -
Mar 13 15:23:00 standalone proxy-server[129036]: - - 13/Mar/2026/15/23/00 HEAD /v1/AUTH_d78639bec5b44e99b50f1e2a62a13861%3Fformat%3Djson HTTP/1.0 200 - Swift - - - - tx2af140457b5b4f468d2e9-0069b42bd4 - 0.0088 RL - 1773415380.201653957 1773415380.210471153 -
Mar 13 15:23:00 standalone object-server[127456]: 172.20.0.100 - - [13/Mar/2026:15:23:00 +0000] "GET /d1/679/AUTH_d78639bec5b44e99b50f1e2a62a13861/gnocchi.8491d6cd-294b-4054-8919-de7947e5ade5/none_v3" 404 70 "GET http://172.18.0.2:8080/v1/AUTH_d78639bec5b44e99b50f1e2a62a13861/gnocchi.8491d6cd-294b-4054-8919-de7947e5ade5/none_v3" "tx2af140457b5b4f468d2e9-0069b42bd4" "proxy-server 20" 0.0014 "-" 25 0
Mar 13 15:23:00 standalone proxy-server[129036]: 172.18.0.2 172.18.0.100 13/Mar/2026/15/23/00 GET /v1/AUTH_d78639bec5b44e99b50f1e2a62a13861/gnocchi.8491d6cd-294b-4054-8919-de7947e5ade5/none_v3 HTTP/1.0 404 - python-swiftclient-3.11.1 gAAAAABptCvUN87_... - 70 - tx2af140457b5b4f468d2e9-0069b42bd4 - 0.4143 - - 1773415380.197221041 1773415380.611479044 0
Mar 13 15:23:00 standalone account-server[127063]: 172.20.0.100 - - [13/Mar/2026:15:23:00 +0000] "PUT /d1/208/AUTH_d78639bec5b44e99b50f1e2a62a13861" 201 - "-" "tx4d886f318cd549eb8c3d5-0069b42bd4" "-" 0.0184 "-" 22 -
Mar 13 15:23:00 standalone proxy-server[129036]: autocreate account '/AUTH_d78639bec5b44e99b50f1e2a62a13861' (txn: tx4d886f318cd549eb8c3d5-0069b42bd4)
Mar 13 15:23:00 standalone account-server[127071]: 172.20.0.100 - - [13/Mar/2026:15:23:00 +0000] "HEAD /d1/208/AUTH_d78639bec5b44e99b50f1e2a62a13861" 204 - "HEAD http://172.18.0.2:8080/v1/AUTH_d78639bec5b44e99b50f1e2a62a13861?format=json" "tx4d886f318cd549eb8c3d5-0069b42bd4" "proxy-server 20" 0.0033 "-" 23 -
Mar 13 15:23:00 standalone account-server[127063]: 172.20.0.100 - - [13/Mar/2026:15:23:00 +0000] "PUT /d1/208/AUTH_d78639bec5b44e99b50f1e2a62a13861/gnocchi.8491d6cd-294b-4054-8919-de7947e5ade5" 201 - "PUT http://172.20.0.100:6001/d1/910/AUTH_d78639bec5b44e99b50f1e2a62a13861/gnocchi.8491d6cd-294b-4054-8919-de7947e5ade5" "tx4d886f318cd549eb8c3d5-0069b42bd4" "container-server 21" 0.0026 "-" 22 0
Mar 13 15:23:00 standalone container-server[127069]: 172.20.0.100 - - [13/Mar/2026:15:23:00 +0000] "PUT /d1/910/AUTH_d78639bec5b44e99b50f1e2a62a13861/gnocchi.8491d6cd-294b-4054-8919-de7947e5ade5" 201 - "PUT http://172.18.0.2:8080/v1/AUTH_d78639bec5b44e99b50f1e2a62a13861/gnocchi.8491d6cd-294b-4054-8919-de7947e5ade5" "tx4d886f318cd549eb8c3d5-0069b42bd4" "proxy-server 20" 0.0191 "-" 21 0
Mar 13 15:23:00 standalone proxy-server[129036]: 172.18.0.2 172.18.0.100 13/Mar/2026/15/23/00 PUT /v1/AUTH_d78639bec5b44e99b50f1e2a62a13861/gnocchi.8491d6cd-294b-4054-8919-de7947e5ade5 HTTP/1.0 201 - python-swiftclient-3.11.1 gAAAAABptCvUN87_... - - - tx4d886f318cd549eb8c3d5-0069b42bd4 - 0.0614 - - 1773415380.616022825 1773415380.677380085 0
Mar 13 15:23:00 standalone container-server[127079]: 172.20.0.100 - - [13/Mar/2026:15:23:00 +0000] "HEAD /d1/910/AUTH_d78639bec5b44e99b50f1e2a62a13861/gnocchi.8491d6cd-294b-4054-8919-de7947e5ade5" 204 - "HEAD http://172.18.0.2:8080/v1/AUTH_d78639bec5b44e99b50f1e2a62a13861/gnocchi.8491d6cd-294b-4054-8919-de7947e5ade5?format=json&states=listing" "tx1f23efa2c1904fab86626-0069b42bd4" "proxy-server 20" 0.0043 "-" 23 0
Mar 13 15:23:00 standalone proxy-server[129036]: - - 13/Mar/2026/15/23/00 HEAD /v1/AUTH_d78639bec5b44e99b50f1e2a62a13861/gnocchi.8491d6cd-294b-4054-8919-de7947e5ade5%3Fformat%3Djson%26states%3Dlisting HTTP/1.0 204 - Swift - - - - tx1f23efa2c1904fab86626-0069b42bd4 - 0.0097 RL - 1773415380.684450865 1773415380.694147587 0
Mar 13 15:23:00 standalone container-server[127062]: 172.20.0.100 - - [13/Mar/2026:15:23:00 +0000] "GET /d1/910/AUTH_d78639bec5b44e99b50f1e2a62a13861/gnocchi.8491d6cd-294b-4054-8919-de7947e5ade5" 200 2 "GET http://172.18.0.2:8080/v1/AUTH_d78639bec5b44e99b50f1e2a62a13861/gnocchi.8491d6cd-294b-4054-8919-de7947e5ade5?format=json&states=listing" "tx1f23efa2c1904fab86626-0069b42bd4" "proxy-server 20" 0.0060 "-" 20 0
Mar 13 15:23:00 standalone proxy-server[129036]: 172.18.0.2 172.18.0.100 13/Mar/2026/15/23/00 GET /v1/AUTH_d78639bec5b44e99b50f1e2a62a13861/gnocchi.8491d6cd-294b-4054-8919-de7947e5ade5%3Fformat%3Djson%26states%3Dlisting HTTP/1.0 200 - python-swiftclient-3.11.1 gAAAAABptCvUN87_... - 2 - tx1f23efa2c1904fab86626-0069b42bd4 - 0.0274 - - 1773415380.682824850 1773415380.710244417 0
Mar 13 15:23:00 standalone object-server[127445]: 172.20.0.100 - - [13/Mar/2026:15:23:00 +0000] "GET /d1/376/AUTH_d78639bec5b44e99b50f1e2a62a13861/gnocchi.8491d6cd-294b-4054-8919-de7947e5ade5/1773360000.0_mean_300.0_v3" 404 70 "GET http://172.18.0.2:8080/v1/AUTH_d78639bec5b44e99b50f1e2a62a13861/gnocchi.8491d6cd-294b-4054-8919-de7947e5ade5/1773360000.0_mean_300.0_v3" "tx2365b380dd3348babacce-0069b42bd4" "proxy-server 20" 0.0012 "-" 22 0
Mar 13 15:23:00 standalone proxy-server[129036]: 172.18.0.2 172.18.0.100 13/Mar/2026/15/23/00 GET /v1/AUTH_d78639bec5b44e99b50f1e2a62a13861/gnocchi.8491d6cd-294b-4054-8919-de7947e5ade5/1773360000.0_mean_300.0_v3 HTTP/1.0 404 - python-swiftclient-3.11.1 gAAAAABptCvUN87_... - 70 - tx2365b380dd3348babacce-0069b42bd4 - 0.0098 - - 1773415380.717361212 1773415380.727149248 0
Mar 13 15:23:00 standalone container-server[127062]: 172.20.0.100 - - [13/Mar/2026:15:23:00 +0000] "PUT /d1/910/AUTH_d78639bec5b44e99b50f1e2a62a13861/gnocchi.8491d6cd-294b-4054-8919-de7947e5ade5/1773360000.0_mean_300.0_v3" 201 - "PUT http://172.18.0.2:8080/d1/376/AUTH_d78639bec5b44e99b50f1e2a62a13861/gnocchi.8491d6cd-294b-4054-8919-de7947e5ade5/1773360000.0_mean_300.0_v3" "tx2918c0d006ea44fca41af-0069b42bd4" "object-server 24" 0.0010 "-" 20 0
Mar 13 15:23:00 standalone object-server[127453]: 172.20.0.100 - - [13/Mar/2026:15:23:00 +0000] "PUT /d1/376/AUTH_d78639bec5b44e99b50f1e2a62a13861/gnocchi.8491d6cd-294b-4054-8919-de7947e5ade5/1773360000.0_mean_300.0_v3" 201 - "PUT http://172.18.0.2:8080/v1/AUTH_d78639bec5b44e99b50f1e2a62a13861/gnocchi.8491d6cd-294b-4054-8919-de7947e5ade5/1773360000.0_mean_300.0_v3" "tx2918c0d006ea44fca41af-0069b42bd4" "proxy-server 20" 0.0372 "-" 24 0
Mar 13 15:23:00 standalone proxy-server[129036]: 172.18.0.2 172.18.0.100 13/Mar/2026/15/23/00 PUT /v1/AUTH_d78639bec5b44e99b50f1e2a62a13861/gnocchi.8491d6cd-294b-4054-8919-de7947e5ade5/1773360000.0_mean_300.0_v3 HTTP/1.0 201 - python-swiftclient-3.11.1 gAAAAABptCvUN87_... 16 - - tx2918c0d006ea44fca41af-0069b42bd4 - 0.0472 - - 1773415380.731487513 1773415380.778668880 0
Mar 13 15:23:00 standalone container-server[127079]: 172.20.0.100 - - [13/Mar/2026:15:23:00 +0000] "PUT /d1/910/AUTH_d78639bec5b44e99b50f1e2a62a13861/gnocchi.8491d6cd-294b-4054-8919-de7947e5ade5/none_v3" 201 - "PUT http://172.18.0.2:8080/d1/679/AUTH_d78639bec5b44e99b50f1e2a62a13861/gnocchi.8491d6cd-294b-4054-8919-de7947e5ade5/none_v3" "txca76ddc75d8c46428ce28-0069b42bd4" "object-server 22" 0.0010 "-" 23 0
Mar 13 15:23:00 standalone object-server[127445]: 172.20.0.100 - - [13/Mar/2026:15:23:00 +0000] "PUT /d1/679/AUTH_d78639bec5b44e99b50f1e2a62a13861/gnocchi.8491d6cd-294b-4054-8919-de7947e5ade5/none_v3" 201 - "PUT http://172.18.0.2:8080/v1/AUTH_d78639bec5b44e99b50f1e2a62a13861/gnocchi.8491d6cd-294b-4054-8919-de7947e5ade5/none_v3" "txca76ddc75d8c46428ce28-0069b42bd4" "proxy-server 20" 0.0338 "-" 22 0
Mar 13 15:23:00 standalone proxy-server[129036]: 172.18.0.2 172.18.0.100 13/Mar/2026/15/23/00 PUT /v1/AUTH_d78639bec5b44e99b50f1e2a62a13861/gnocchi.8491d6cd-294b-4054-8919-de7947e5ade5/none_v3 HTTP/1.0 201 - python-swiftclient-3.11.1 gAAAAABptCvUN87_... 22 - - txca76ddc75d8c46428ce28-0069b42bd4 - 0.0424 - - 1773415380.782359123 1773415380.824761152 0
Mar 13 15:23:02 standalone account-server[127012]: 172.20.0.100 - - [13/Mar/2026:15:23:02 +0000] "HEAD /d1/539/.expiring_objects" 404 - "HEAD http://localhost/v1/.expiring_objects?format=json" "txa38c66fe2c0b4a3f90c43-0069b42bd6" "proxy-server 2" 0.0019 "-" 20 -
Mar 13 15:23:02 standalone object-expirer[127106]: Pass completed in 0s; 0 objects expired (txn: txa38c66fe2c0b4a3f90c43-0069b42bd6)
Mar 13 15:23:29 standalone object-server[127456]: 172.20.0.100 - - [13/Mar/2026:15:23:29 +0000] "GET /d1/679/AUTH_d78639bec5b44e99b50f1e2a62a13861/gnocchi.8491d6cd-294b-4054-8919-de7947e5ade5/none_v3" 200 22 "GET http://172.18.0.2:8080/v1/AUTH_d78639bec5b44e99b50f1e2a62a13861/gnocchi.8491d6cd-294b-4054-8919-de7947e5ade5/none_v3" "txee390d8dce194fc38c3fc-0069b42bf1" "proxy-server 20" 0.0016 "-" 25 0
Mar 13 15:23:29 standalone proxy-server[129036]: 172.18.0.2 172.18.0.100 13/Mar/2026/15/23/29 GET /v1/AUTH_d78639bec5b44e99b50f1e2a62a13861/gnocchi.8491d6cd-294b-4054-8919-de7947e5ade5/none_v3 HTTP/1.0 200 - python-swiftclient-3.11.1 gAAAAABptCvUN87_... - 22 - txee390d8dce194fc38c3fc-0069b42bf1 - 0.0174 - - 1773415409.972671747 1773415409.990081549 0
Mar 13 15:23:30 standalone container-server[127075]: 172.20.0.100 - - [13/Mar/2026:15:23:30 +0000] "GET /d1/910/AUTH_d78639bec5b44e99b50f1e2a62a13861/gnocchi.8491d6cd-294b-4054-8919-de7947e5ade5" 200 357 "GET http://172.18.0.2:8080/v1/AUTH_d78639bec5b44e99b50f1e2a62a13861/gnocchi.8491d6cd-294b-4054-8919-de7947e5ade5?format=json&states=listing" "tx5f86be6dba8c439999216-0069b42bf1" "proxy-server 20" 0.0149 "-" 22 0
Mar 13 15:23:30 standalone proxy-server[129036]: 172.18.0.2 172.18.0.100 13/Mar/2026/15/23/30 GET /v1/AUTH_d78639bec5b44e99b50f1e2a62a13861/gnocchi.8491d6cd-294b-4054-8919-de7947e5ade5%3Fformat%3Djson%26states%3Dlisting HTTP/1.0 200 - python-swiftclient-3.11.1 gAAAAABptCvUN87_... - 357 - tx5f86be6dba8c439999216-0069b42bf1 - 0.0245 - - 1773415409.995706320 1773415410.020201206 0
Mar 13 15:23:30 standalone container-server[127062]: 172.20.0.100 - - [13/Mar/2026:15:23:30 +0000] "GET /d1/910/AUTH_d78639bec5b44e99b50f1e2a62a13861/gnocchi.8491d6cd-294b-4054-8919-de7947e5ade5" 200 2 "GET http://172.18.0.2:8080/v1/AUTH_d78639bec5b44e99b50f1e2a62a13861/gnocchi.8491d6cd-294b-4054-8919-de7947e5ade5?format=json&marker=none_v3&states=listing" "tx7e0602321e8e420aa22bb-0069b42bf2" "proxy-server 20" 0.0027 "-" 20 0
Mar 13 15:23:30 standalone proxy-server[129036]: 172.18.0.2 172.18.0.100 13/Mar/2026/15/23/30 GET /v1/AUTH_d78639bec5b44e99b50f1e2a62a13861/gnocchi.8491d6cd-294b-4054-8919-de7947e5ade5%3Fformat%3Djson%26marker%3Dnone_v3%26states%3Dlisting HTTP/1.0 200 - python-swiftclient-3.11.1 gAAAAABptCvUN87_... - 2 - tx7e0602321e8e420aa22bb-0069b42bf2 - 0.0118 - - 1773415410.024578094 1773415410.036368132 0
Mar 13 15:23:30 standalone object-server[127445]: 172.20.0.100 - - [13/Mar/2026:15:23:30 +0000] "GET /d1/376/AUTH_d78639bec5b44e99b50f1e2a62a13861/gnocchi.8491d6cd-294b-4054-8919-de7947e5ade5/1773360000.0_mean_300.0_v3" 200 16 "GET http://172.18.0.2:8080/v1/AUTH_d78639bec5b44e99b50f1e2a62a13861/gnocchi.8491d6cd-294b-4054-8919-de7947e5ade5/1773360000.0_mean_300.0_v3" "tx03bc33c42b3342d186b5a-0069b42bf2" "proxy-server 20" 0.0014 "-" 22 0
Mar 13 15:23:30 standalone proxy-server[129036]: 172.18.0.2 172.18.0.100 13/Mar/2026/15/23/30 GET /v1/AUTH_d78639bec5b44e99b50f1e2a62a13861/gnocchi.8491d6cd-294b-4054-8919-de7947e5ade5/1773360000.0_mean_300.0_v3 HTTP/1.0 200 - python-swiftclient-3.11.1 gAAAAABptCvUN87_... - 16 - tx03bc33c42b3342d186b5a-0069b42bf2 - 0.0113 - - 1773415410.041668177 1773415410.052934170 0
Mar 13 15:23:30 standalone container-server[127079]: 172.20.0.100 - - [13/Mar/2026:15:23:30 +0000] "PUT /d1/910/AUTH_d78639bec5b44e99b50f1e2a62a13861/gnocchi.8491d6cd-294b-4054-8919-de7947e5ade5/1773360000.0_mean_300.0_v3" 201 - "PUT http://172.18.0.2:8080/d1/376/AUTH_d78639bec5b44e99b50f1e2a62a13861/gnocchi.8491d6cd-294b-4054-8919-de7947e5ade5/1773360000.0_mean_300.0_v3" "tx5407e0628fbf4fb5afd02-0069b42bf2" "object-server 22" 0.0006 "-" 23 0
Mar 13 15:23:30 standalone object-server[127445]: 172.20.0.100 - - [13/Mar/2026:15:23:30 +0000] "PUT /d1/376/AUTH_d78639bec5b44e99b50f1e2a62a13861/gnocchi.8491d6cd-294b-4054-8919-de7947e5ade5/1773360000.0_mean_300.0_v3" 201 - "PUT http://172.18.0.2:8080/v1/AUTH_d78639bec5b44e99b50f1e2a62a13861/gnocchi.8491d6cd-294b-4054-8919-de7947e5ade5/1773360000.0_mean_300.0_v3" "tx5407e0628fbf4fb5afd02-0069b42bf2" "proxy-server 20" 0.0121 "-" 22 0
Mar 13 15:23:30 standalone proxy-server[129036]: 172.18.0.2 172.18.0.100 13/Mar/2026/15/23/30 PUT /v1/AUTH_d78639bec5b44e99b50f1e2a62a13861/gnocchi.8491d6cd-294b-4054-8919-de7947e5ade5/1773360000.0_mean_300.0_v3 HTTP/1.0 201 - python-swiftclient-3.11.1 gAAAAABptCvUN87_... 16 - - tx5407e0628fbf4fb5afd02-0069b42bf2 - 0.0201 - - 1773415410.057161570 1773415410.077268362 0
Mar 13 15:23:30 standalone container-server[127079]: 172.20.0.100 - - [13/Mar/2026:15:23:30 +0000] "PUT /d1/910/AUTH_d78639bec5b44e99b50f1e2a62a13861/gnocchi.8491d6cd-294b-4054-8919-de7947e5ade5/none_v3" 201 - "PUT http://172.18.0.2:8080/d1/679/AUTH_d78639bec5b44e99b50f1e2a62a13861/gnocchi.8491d6cd-294b-4054-8919-de7947e5ade5/none_v3" "txce11ece244fd49b8a8c67-0069b42bf2" "object-server 22" 0.0005 "-" 23 0
Mar 13 15:23:30 standalone object-server[127445]: 172.20.0.100 - - [13/Mar/2026:15:23:30 +0000] "PUT /d1/679/AUTH_d78639bec5b44e99b50f1e2a62a13861/gnocchi.8491d6cd-294b-4054-8919-de7947e5ade5/none_v3" 201 - "PUT http://172.18.0.2:8080/v1/AUTH_d78639bec5b44e99b50f1e2a62a13861/gnocchi.8491d6cd-294b-4054-8919-de7947e5ade5/none_v3" "txce11ece244fd49b8a8c67-0069b42bf2" "proxy-server 20" 0.0096 "-" 22 0
Mar 13 15:23:30 standalone proxy-server[129036]: 172.18.0.2 172.18.0.100 13/Mar/2026/15/23/30 PUT /v1/AUTH_d78639bec5b44e99b50f1e2a62a13861/gnocchi.8491d6cd-294b-4054-8919-de7947e5ade5/none_v3 HTTP/1.0 201 - python-swiftclient-3.11.1 gAAAAABptCvUN87_... 32 - - txce11ece244fd49b8a8c67-0069b42bf2 - 0.0178 - - 1773415410.081413269 1773415410.099181890 0
Mar 13 15:23:58 standalone object-server[127184]: Begin object update sweep
Mar 13 15:23:58 standalone object-server[229030]: Object update sweep starting on /srv/node/d1 (pid: 14)
Mar 13 15:23:58 standalone object-server[229030]: Object update sweep completed on /srv/node/d1 in 0.00s seconds:, 0 successes, 0 failures, 0 quarantines, 0 unlinks, 0 errors, 0 redirects (pid: 14)
Mar 13 15:23:58 standalone object-server[229030]: Object update sweep of d1 completed: 0.00s, 0 successes, 0 failures, 0 quarantines, 0 unlinks, 0 errors, 0 redirects
Mar 13 15:23:58 standalone object-server[127184]: Object update sweep completed: 0.07s
Mar 13 15:24:02 standalone account-server[127012]: 172.20.0.100 - - [13/Mar/2026:15:24:02 +0000] "HEAD /d1/208/AUTH_d78639bec5b44e99b50f1e2a62a13861" 204 - "HEAD http://172.18.0.2:8080/v1/AUTH_d78639bec5b44e99b50f1e2a62a13861?format=json" "tx09f80a01788448b6a602e-0069b42c12" "proxy-server 20" 0.0085 "-" 20 -
Mar 13 15:24:02 standalone proxy-server[129036]: - - 13/Mar/2026/15/24/02 HEAD /v1/AUTH_d78639bec5b44e99b50f1e2a62a13861%3Fformat%3Djson HTTP/1.0 204 - Swift - - - - tx09f80a01788448b6a602e-0069b42c12 - 0.0151 RL - 1773415442.488204241 1773415442.503263235 -
Mar 13 15:24:02 standalone container-server[127069]: 172.20.0.100 - - [13/Mar/2026:15:24:02 +0000] "HEAD /d1/162/AUTH_d78639bec5b44e99b50f1e2a62a13861/gnocchi.2b8c669c-4b6c-4b6c-aad5-19618dc4491f" 404 - "HEAD http://172.18.0.2:8080/v1/AUTH_d78639bec5b44e99b50f1e2a62a13861/gnocchi.2b8c669c-4b6c-4b6c-aad5-19618dc4491f?format=json&states=listing" "tx09f80a01788448b6a602e-0069b42c12" "proxy-server 20" 0.0012 "-" 21 0
Mar 13 15:24:02 standalone object-server[127445]: 172.20.0.100 - - [13/Mar/2026:15:24:02 +0000] "GET /d1/375/AUTH_d78639bec5b44e99b50f1e2a62a13861/gnocchi.2b8c669c-4b6c-4b6c-aad5-19618dc4491f/none_v3" 404 70 "GET http://172.18.0.2:8080/v1/AUTH_d78639bec5b44e99b50f1e2a62a13861/gnocchi.2b8c669c-4b6c-4b6c-aad5-19618dc4491f/none_v3" "tx09f80a01788448b6a602e-0069b42c12" "proxy-server 20" 0.0008 "-" 22 0
Mar 13 15:24:02 standalone proxy-server[129036]: 172.18.0.2 172.18.0.100 13/Mar/2026/15/24/02 GET /v1/AUTH_d78639bec5b44e99b50f1e2a62a13861/gnocchi.2b8c669c-4b6c-4b6c-aad5-19618dc4491f/none_v3 HTTP/1.0 404 - python-swiftclient-3.11.1 gAAAAABptCvUN87_... - 70 - tx09f80a01788448b6a602e-0069b42c12 - 0.0336 - - 1773415442.487006426 1773415442.520621300 0
Mar 13 15:24:02 standalone account-server[127012]: 172.20.0.100 - - [13/Mar/2026:15:24:02 +0000] "PUT /d1/208/AUTH_d78639bec5b44e99b50f1e2a62a13861/gnocchi.2b8c669c-4b6c-4b6c-aad5-19618dc4491f" 201 - "PUT http://172.20.0.100:6001/d1/162/AUTH_d78639bec5b44e99b50f1e2a62a13861/gnocchi.2b8c669c-4b6c-4b6c-aad5-19618dc4491f" "tx75952546ffe9461bb29f9-0069b42c12" "container-server 22" 0.0018 "-" 20 0
Mar 13 15:24:02 standalone container-server[127075]: 172.20.0.100 - - [13/Mar/2026:15:24:02 +0000] "PUT /d1/162/AUTH_d78639bec5b44e99b50f1e2a62a13861/gnocchi.2b8c669c-4b6c-4b6c-aad5-19618dc4491f" 201 - "PUT http://172.18.0.2:8080/v1/AUTH_d78639bec5b44e99b50f1e2a62a13861/gnocchi.2b8c669c-4b6c-4b6c-aad5-19618dc4491f" "tx75952546ffe9461bb29f9-0069b42c12" "proxy-server 20" 0.0177 "-" 22 0
Mar 13 15:24:02 standalone proxy-server[129036]: 172.18.0.2 172.18.0.100 13/Mar/2026/15/24/02 PUT /v1/AUTH_d78639bec5b44e99b50f1e2a62a13861/gnocchi.2b8c669c-4b6c-4b6c-aad5-19618dc4491f HTTP/1.0 201 - python-swiftclient-3.11.1 gAAAAABptCvUN87_... - - - tx75952546ffe9461bb29f9-0069b42c12 - 0.0256 - - 1773415442.525795698 1773415442.551354885 0
Mar 13 15:24:02 standalone container-server[127079]: 172.20.0.100 - - [13/Mar/2026:15:24:02 +0000] "HEAD /d1/162/AUTH_d78639bec5b44e99b50f1e2a62a13861/gnocchi.2b8c669c-4b6c-4b6c-aad5-19618dc4491f" 204 - "HEAD http://172.18.0.2:8080/v1/AUTH_d78639bec5b44e99b50f1e2a62a13861/gnocchi.2b8c669c-4b6c-4b6c-aad5-19618dc4491f?format=json&states=listing" "tx4598aa428c504483bc15e-0069b42c12" "proxy-server 20" 0.0028 "-" 23 0
Mar 13 15:24:02 standalone proxy-server[129036]: - - 13/Mar/2026/15/24/02 HEAD /v1/AUTH_d78639bec5b44e99b50f1e2a62a13861/gnocchi.2b8c669c-4b6c-4b6c-aad5-19618dc4491f%3Fformat%3Djson%26states%3Dlisting HTTP/1.0 204 - Swift - - - - tx4598aa428c504483bc15e-0069b42c12 - 0.0107 RL - 1773415442.559159517 1773415442.569892645 0
Mar 13 15:24:02 standalone container-server[127079]: 172.20.0.100 - - [13/Mar/2026:15:24:02 +0000] "GET /d1/162/AUTH_d78639bec5b44e99b50f1e2a62a13861/gnocchi.2b8c669c-4b6c-4b6c-aad5-19618dc4491f" 200 2 "GET http://172.18.0.2:8080/v1/AUTH_d78639bec5b44e99b50f1e2a62a13861/gnocchi.2b8c669c-4b6c-4b6c-aad5-19618dc4491f?format=json&states=listing" "tx4598aa428c504483bc15e-0069b42c12" "proxy-server 20" 0.0030 "-" 23 0
Mar 13 15:24:02 standalone proxy-server[129036]: 172.18.0.2 172.18.0.100 13/Mar/2026/15/24/02 GET /v1/AUTH_d78639bec5b44e99b50f1e2a62a13861/gnocchi.2b8c669c-4b6c-4b6c-aad5-19618dc4491f%3Fformat%3Djson%26states%3Dlisting HTTP/1.0 200 - python-swiftclient-3.11.1 gAAAAABptCvUN87_... - 2 - tx4598aa428c504483bc15e-0069b42c12 - 0.0246 - - 1773415442.557439566 1773415442.582006454 0
Mar 13 15:24:02 standalone object-server[127456]: 172.20.0.100 - - [13/Mar/2026:15:24:02 +0000] "GET /d1/376/AUTH_d78639bec5b44e99b50f1e2a62a13861/gnocchi.2b8c669c-4b6c-4b6c-aad5-19618dc4491f/1773360000.0_mean_300.0_v3" 404 70 "GET http://172.18.0.2:8080/v1/AUTH_d78639bec5b44e99b50f1e2a62a13861/gnocchi.2b8c669c-4b6c-4b6c-aad5-19618dc4491f/1773360000.0_mean_300.0_v3" "tx48f54fc3aa3a4c3794542-0069b42c12" "proxy-server 20" 0.0005 "-" 25 0
Mar 13 15:24:02 standalone proxy-server[129036]: 172.18.0.2 172.18.0.100 13/Mar/2026/15/24/02 GET /v1/AUTH_d78639bec5b44e99b50f1e2a62a13861/gnocchi.2b8c669c-4b6c-4b6c-aad5-19618dc4491f/1773360000.0_mean_300.0_v3 HTTP/1.0 404 - python-swiftclient-3.11.1 gAAAAABptCvUN87_... - 70 - tx48f54fc3aa3a4c3794542-0069b42c12 - 0.0062 - - 1773415442.588067055 1773415442.594295979 0
Mar 13 15:24:02 standalone container-server[127069]: 172.20.0.100 - - [13/Mar/2026:15:24:02 +0000] "PUT /d1/162/AUTH_d78639bec5b44e99b50f1e2a62a13861/gnocchi.2b8c669c-4b6c-4b6c-aad5-19618dc4491f/1773360000.0_mean_300.0_v3" 201 - "PUT http://172.18.0.2:8080/d1/376/AUTH_d78639bec5b44e99b50f1e2a62a13861/gnocchi.2b8c669c-4b6c-4b6c-aad5-19618dc4491f/1773360000.0_mean_300.0_v3" "tx5aecf8f14edd47df8b668-0069b42c12" "object-server 22" 0.0007 "-" 21 0
Mar 13 15:24:02 standalone object-server[127445]: 172.20.0.100 - - [13/Mar/2026:15:24:02 +0000] "PUT /d1/376/AUTH_d78639bec5b44e99b50f1e2a62a13861/gnocchi.2b8c669c-4b6c-4b6c-aad5-19618dc4491f/1773360000.0_mean_300.0_v3" 201 - "PUT http://172.18.0.2:8080/v1/AUTH_d78639bec5b44e99b50f1e2a62a13861/gnocchi.2b8c669c-4b6c-4b6c-aad5-19618dc4491f/1773360000.0_mean_300.0_v3" "tx5aecf8f14edd47df8b668-0069b42c12" "proxy-server 20" 0.0117 "-" 22 0
Mar 13 15:24:02 standalone proxy-server[129036]: 172.18.0.2 172.18.0.100 13/Mar/2026/15/24/02 PUT /v1/AUTH_d78639bec5b44e99b50f1e2a62a13861/gnocchi.2b8c669c-4b6c-4b6c-aad5-19618dc4491f/1773360000.0_mean_300.0_v3 HTTP/1.0 201 - python-swiftclient-3.11.1 gAAAAABptCvUN87_... 16 - - tx5aecf8f14edd47df8b668-0069b42c12 - 0.0176 - - 1773415442.598685980 1773415442.616298914 0
Mar 13 15:24:02 standalone container-server[127069]: 172.20.0.100 - - [13/Mar/2026:15:24:02 +0000] "PUT /d1/162/AUTH_d78639bec5b44e99b50f1e2a62a13861/gnocchi.2b8c669c-4b6c-4b6c-aad5-19618dc4491f/none_v3" 201 - "PUT http://172.18.0.2:8080/d1/375/AUTH_d78639bec5b44e99b50f1e2a62a13861/gnocchi.2b8c669c-4b6c-4b6c-aad5-19618dc4491f/none_v3" "tx0b600dce68b64d5e9a257-0069b42c12" "object-server 24" 0.0004 "-" 21 0
Mar 13 15:24:02 standalone object-server[127453]: 172.20.0.100 - - [13/Mar/2026:15:24:02 +0000] "PUT /d1/375/AUTH_d78639bec5b44e99b50f1e2a62a13861/gnocchi.2b8c669c-4b6c-4b6c-aad5-19618dc4491f/none_v3" 201 - "PUT http://172.18.0.2:8080/v1/AUTH_d78639bec5b44e99b50f1e2a62a13861/gnocchi.2b8c669c-4b6c-4b6c-aad5-19618dc4491f/none_v3" "tx0b600dce68b64d5e9a257-0069b42c12" "proxy-server 20" 0.0108 "-" 24 0
Mar 13 15:24:02 standalone proxy-server[129036]: 172.18.0.2 172.18.0.100 13/Mar/2026/15/24/02 PUT /v1/AUTH_d78639bec5b44e99b50f1e2a62a13861/gnocchi.2b8c669c-4b6c-4b6c-aad5-19618dc4491f/none_v3 HTTP/1.0 201 - python-swiftclient-3.11.1 gAAAAABptCvUN87_... 22 - - tx0b600dce68b64d5e9a257-0069b42c12 - 0.0174 - - 1773415442.625628710 1773415442.642997980 0
Mar 13 15:24:02 standalone container-server[127079]: 172.20.0.100 - - [13/Mar/2026:15:24:02 +0000] "HEAD /d1/120/AUTH_d78639bec5b44e99b50f1e2a62a13861/gnocchi.daf7c0b0-42ae-4d9b-96e8-2a89432b6b45" 404 - "HEAD http://172.18.0.2:8080/v1/AUTH_d78639bec5b44e99b50f1e2a62a13861/gnocchi.daf7c0b0-42ae-4d9b-96e8-2a89432b6b45?format=json&states=listing" "txa19c34510a7744d5a94bb-0069b42c12" "proxy-server 20" 0.0017 "-" 23 0
Mar 13 15:24:02 standalone object-server[127453]: 172.20.0.100 - - [13/Mar/2026:15:24:02 +0000] "GET /d1/655/AUTH_d78639bec5b44e99b50f1e2a62a13861/gnocchi.daf7c0b0-42ae-4d9b-96e8-2a89432b6b45/none_v3" 404 70 "GET http://172.18.0.2:8080/v1/AUTH_d78639bec5b44e99b50f1e2a62a13861/gnocchi.daf7c0b0-42ae-4d9b-96e8-2a89432b6b45/none_v3" "txa19c34510a7744d5a94bb-0069b42c12" "proxy-server 20" 0.0005 "-" 24 0
Mar 13 15:24:02 standalone proxy-server[129036]: 172.18.0.2 172.18.0.100 13/Mar/2026/15/24/02 GET /v1/AUTH_d78639bec5b44e99b50f1e2a62a13861/gnocchi.daf7c0b0-42ae-4d9b-96e8-2a89432b6b45/none_v3 HTTP/1.0 404 - python-swiftclient-3.11.1 gAAAAABptCvUN87_... - 70 - txa19c34510a7744d5a94bb-0069b42c12 - 0.0224 - - 1773415442.660469294 1773415442.682821989 0
Mar 13 15:24:02 standalone account-server[127063]: 172.20.0.100 - - [13/Mar/2026:15:24:02 +0000] "PUT /d1/208/AUTH_d78639bec5b44e99b50f1e2a62a13861/gnocchi.daf7c0b0-42ae-4d9b-96e8-2a89432b6b45" 201 - "PUT http://172.20.0.100:6001/d1/120/AUTH_d78639bec5b44e99b50f1e2a62a13861/gnocchi.daf7c0b0-42ae-4d9b-96e8-2a89432b6b45" "tx6b47cface0334d9485b65-0069b42c12" "container-server 22" 0.0141 "-" 22 0
Mar 13 15:24:02 standalone container-server[127075]: 172.20.0.100 - - [13/Mar/2026:15:24:02 +0000] "PUT /d1/120/AUTH_d78639bec5b44e99b50f1e2a62a13861/gnocchi.daf7c0b0-42ae-4d9b-96e8-2a89432b6b45" 201 - "PUT http://172.18.0.2:8080/v1/AUTH_d78639bec5b44e99b50f1e2a62a13861/gnocchi.daf7c0b0-42ae-4d9b-96e8-2a89432b6b45" "tx6b47cface0334d9485b65-0069b42c12" "proxy-server 20" 0.0367 "-" 22 0
Mar 13 15:24:02 standalone proxy-server[129036]: 172.18.0.2 172.18.0.100 13/Mar/2026/15/24/02 PUT /v1/AUTH_d78639bec5b44e99b50f1e2a62a13861/gnocchi.daf7c0b0-42ae-4d9b-96e8-2a89432b6b45 HTTP/1.0 201 - python-swiftclient-3.11.1 gAAAAABptCvUN87_... - - - tx6b47cface0334d9485b65-0069b42c12 - 0.0447 - - 1773415442.690355778 1773415442.735060453 0
Mar 13 15:24:02 standalone container-server[127075]: 172.20.0.100 - - [13/Mar/2026:15:24:02 +0000] "HEAD /d1/120/AUTH_d78639bec5b44e99b50f1e2a62a13861/gnocchi.daf7c0b0-42ae-4d9b-96e8-2a89432b6b45" 204 - "HEAD http://172.18.0.2:8080/v1/AUTH_d78639bec5b44e99b50f1e2a62a13861/gnocchi.daf7c0b0-42ae-4d9b-96e8-2a89432b6b45?format=json&states=listing" "txf2798a59c9ca4bc080c14-0069b42c12" "proxy-server 20" 0.0016 "-" 22 0
Mar 13 15:24:02 standalone proxy-server[129036]: - - 13/Mar/2026/15/24/02 HEAD /v1/AUTH_d78639bec5b44e99b50f1e2a62a13861/gnocchi.daf7c0b0-42ae-4d9b-96e8-2a89432b6b45%3Fformat%3Djson%26states%3Dlisting HTTP/1.0 204 - Swift - - - - txf2798a59c9ca4bc080c14-0069b42c12 - 0.0065 RL - 1773415442.741484404 1773415442.747940063 0
Mar 13 15:24:02 standalone container-server[127079]: 172.20.0.100 - - [13/Mar/2026:15:24:02 +0000] "GET /d1/120/AUTH_d78639bec5b44e99b50f1e2a62a13861/gnocchi.daf7c0b0-42ae-4d9b-96e8-2a89432b6b45" 200 2 "GET http://172.18.0.2:8080/v1/AUTH_d78639bec5b44e99b50f1e2a62a13861/gnocchi.daf7c0b0-42ae-4d9b-96e8-2a89432b6b45?format=json&states=listing" "txf2798a59c9ca4bc080c14-0069b42c12" "proxy-server 20" 0.0024 "-" 23 0
Mar 13 15:24:02 standalone proxy-server[129036]: 172.18.0.2 172.18.0.100 13/Mar/2026/15/24/02 GET /v1/AUTH_d78639bec5b44e99b50f1e2a62a13861/gnocchi.daf7c0b0-42ae-4d9b-96e8-2a89432b6b45%3Fformat%3Djson%26states%3Dlisting HTTP/1.0 200 - python-swiftclient-3.11.1 gAAAAABptCvUN87_... - 2 - txf2798a59c9ca4bc080c14-0069b42c12 - 0.0187 - - 1773415442.738906145 1773415442.757560253 0
Mar 13 15:24:02 standalone object-server[127445]: 172.20.0.100 - - [13/Mar/2026:15:24:02 +0000] "GET /d1/268/AUTH_d78639bec5b44e99b50f1e2a62a13861/gnocchi.daf7c0b0-42ae-4d9b-96e8-2a89432b6b45/1773360000.0_mean_300.0_v3" 404 70 "GET http://172.18.0.2:8080/v1/AUTH_d78639bec5b44e99b50f1e2a62a13861/gnocchi.daf7c0b0-42ae-4d9b-96e8-2a89432b6b45/1773360000.0_mean_300.0_v3" "tx0dd49a0f384c4f8c8eb25-0069b42c12" "proxy-server 20" 0.0007 "-" 22 0
Mar 13 15:24:02 standalone proxy-server[129036]: 172.18.0.2 172.18.0.100 13/Mar/2026/15/24/02 GET /v1/AUTH_d78639bec5b44e99b50f1e2a62a13861/gnocchi.daf7c0b0-42ae-4d9b-96e8-2a89432b6b45/1773360000.0_mean_300.0_v3 HTTP/1.0 404 - python-swiftclient-3.11.1 gAAAAABptCvUN87_... - 70 - tx0dd49a0f384c4f8c8eb25-0069b42c12 - 0.0075 - - 1773415442.765112400 1773415442.772647381 0
Mar 13 15:24:02 standalone container-server[127069]: 172.20.0.100 - - [13/Mar/2026:15:24:02 +0000] "PUT /d1/120/AUTH_d78639bec5b44e99b50f1e2a62a13861/gnocchi.daf7c0b0-42ae-4d9b-96e8-2a89432b6b45/1773360000.0_mean_300.0_v3" 201 - "PUT http://172.18.0.2:8080/d1/268/AUTH_d78639bec5b44e99b50f1e2a62a13861/gnocchi.daf7c0b0-42ae-4d9b-96e8-2a89432b6b45/1773360000.0_mean_300.0_v3" "tx5788c16e01a649aead463-0069b42c12" "object-server 22" 0.0010 "-" 21 0
Mar 13 15:24:02 standalone object-server[127445]: 172.20.0.100 - - [13/Mar/2026:15:24:02 +0000] "PUT /d1/268/AUTH_d78639bec5b44e99b50f1e2a62a13861/gnocchi.daf7c0b0-42ae-4d9b-96e8-2a89432b6b45/1773360000.0_mean_300.0_v3" 201 - "PUT http://172.18.0.2:8080/v1/AUTH_d78639bec5b44e99b50f1e2a62a13861/gnocchi.daf7c0b0-42ae-4d9b-96e8-2a89432b6b45/1773360000.0_mean_300.0_v3" "tx5788c16e01a649aead463-0069b42c12" "proxy-server 20" 0.0198 "-" 22 0
Mar 13 15:24:02 standalone proxy-server[129036]: 172.18.0.2 172.18.0.100 13/Mar/2026/15/24/02 PUT /v1/AUTH_d78639bec5b44e99b50f1e2a62a13861/gnocchi.daf7c0b0-42ae-4d9b-96e8-2a89432b6b45/1773360000.0_mean_300.0_v3 HTTP/1.0 201 - python-swiftclient-3.11.1 gAAAAABptCvUN87_... 16 - - tx5788c16e01a649aead463-0069b42c12 - 0.0272 - - 1773415442.776527643 1773415442.803705692 0
Mar 13 15:24:02 standalone container-server[127079]: 172.20.0.100 - - [13/Mar/2026:15:24:02 +0000] "PUT /d1/120/AUTH_d78639bec5b44e99b50f1e2a62a13861/gnocchi.daf7c0b0-42ae-4d9b-96e8-2a89432b6b45/none_v3" 201 - "PUT http://172.18.0.2:8080/d1/655/AUTH_d78639bec5b44e99b50f1e2a62a13861/gnocchi.daf7c0b0-42ae-4d9b-96e8-2a89432b6b45/none_v3" "tx1078f153cb944996ac699-0069b42c12" "object-server 22" 0.0008 "-" 23 0
Mar 13 15:24:02 standalone object-server[127445]: 172.20.0.100 - - [13/Mar/2026:15:24:02 +0000] "PUT /d1/655/AUTH_d78639bec5b44e99b50f1e2a62a13861/gnocchi.daf7c0b0-42ae-4d9b-96e8-2a89432b6b45/none_v3" 201 - "PUT http://172.18.0.2:8080/v1/AUTH_d78639bec5b44e99b50f1e2a62a13861/gnocchi.daf7c0b0-42ae-4d9b-96e8-2a89432b6b45/none_v3" "tx1078f153cb944996ac699-0069b42c12" "proxy-server 20" 0.0225 "-" 22 0
Mar 13 15:24:02 standalone proxy-server[129036]: 172.18.0.2 172.18.0.100 13/Mar/2026/15/24/02 PUT /v1/AUTH_d78639bec5b44e99b50f1e2a62a13861/gnocchi.daf7c0b0-42ae-4d9b-96e8-2a89432b6b45/none_v3 HTTP/1.0 201 - python-swiftclient-3.11.1 gAAAAABptCvUN87_... 22 - - tx1078f153cb944996ac699-0069b42c12 - 0.0293 - - 1773415442.808778763 1773415442.838115692 0
Mar 13 15:24:11 standalone container-server[127079]: 172.20.0.100 - - [13/Mar/2026:15:24:11 +0000] "HEAD /d1/891/AUTH_d78639bec5b44e99b50f1e2a62a13861/gnocchi.bbbd2996-39d2-4506-8b34-3ca82b63793c" 404 - "HEAD http://172.18.0.2:8080/v1/AUTH_d78639bec5b44e99b50f1e2a62a13861/gnocchi.bbbd2996-39d2-4506-8b34-3ca82b63793c?format=json&states=listing" "txe222e4244077490bb6dc6-0069b42c1b" "proxy-server 20" 0.0007 "-" 23 0
Mar 13 15:24:11 standalone object-server[127453]: 172.20.0.100 - - [13/Mar/2026:15:24:11 +0000] "GET /d1/5/AUTH_d78639bec5b44e99b50f1e2a62a13861/gnocchi.bbbd2996-39d2-4506-8b34-3ca82b63793c/none_v3" 404 70 "GET http://172.18.0.2:8080/v1/AUTH_d78639bec5b44e99b50f1e2a62a13861/gnocchi.bbbd2996-39d2-4506-8b34-3ca82b63793c/none_v3" "txe222e4244077490bb6dc6-0069b42c1b" "proxy-server 20" 0.0006 "-" 24 0
Mar 13 15:24:11 standalone proxy-server[129036]: 172.18.0.2 172.18.0.100 13/Mar/2026/15/24/11 GET /v1/AUTH_d78639bec5b44e99b50f1e2a62a13861/gnocchi.bbbd2996-39d2-4506-8b34-3ca82b63793c/none_v3 HTTP/1.0 404 - python-swiftclient-3.11.1 gAAAAABptCvUN87_... - 70 - txe222e4244077490bb6dc6-0069b42c1b - 0.0236 - - 1773415451.484135151 1773415451.507761002 0
Mar 13 15:24:11 standalone account-server[127012]: 172.20.0.100 - - [13/Mar/2026:15:24:11 +0000] "PUT /d1/208/AUTH_d78639bec5b44e99b50f1e2a62a13861/gnocchi.bbbd2996-39d2-4506-8b34-3ca82b63793c" 201 - "PUT http://172.20.0.100:6001/d1/891/AUTH_d78639bec5b44e99b50f1e2a62a13861/gnocchi.bbbd2996-39d2-4506-8b34-3ca82b63793c" "tx73dec69c8e624a0183de6-0069b42c1b" "container-server 21" 0.0044 "-" 20 0
Mar 13 15:24:11 standalone container-server[127069]: 172.20.0.100 - - [13/Mar/2026:15:24:11 +0000] "PUT /d1/891/AUTH_d78639bec5b44e99b50f1e2a62a13861/gnocchi.bbbd2996-39d2-4506-8b34-3ca82b63793c" 201 - "PUT http://172.18.0.2:8080/v1/AUTH_d78639bec5b44e99b50f1e2a62a13861/gnocchi.bbbd2996-39d2-4506-8b34-3ca82b63793c" "tx73dec69c8e624a0183de6-0069b42c1b" "proxy-server 20" 0.0196 "-" 21 0
Mar 13 15:24:11 standalone proxy-server[129036]: 172.18.0.2 172.18.0.100 13/Mar/2026/15/24/11 PUT /v1/AUTH_d78639bec5b44e99b50f1e2a62a13861/gnocchi.bbbd2996-39d2-4506-8b34-3ca82b63793c HTTP/1.0 201 - python-swiftclient-3.11.1 gAAAAABptCvUN87_... - - - tx73dec69c8e624a0183de6-0069b42c1b - 0.0320 - - 1773415451.513461828 1773415451.545427084 0
Mar 13 15:24:11 standalone container-server[127079]: 172.20.0.100 - - [13/Mar/2026:15:24:11 +0000] "HEAD /d1/891/AUTH_d78639bec5b44e99b50f1e2a62a13861/gnocchi.bbbd2996-39d2-4506-8b34-3ca82b63793c" 204 - "HEAD http://172.18.0.2:8080/v1/AUTH_d78639bec5b44e99b50f1e2a62a13861/gnocchi.bbbd2996-39d2-4506-8b34-3ca82b63793c?format=json&states=listing" "tx4fcc025a530c42059f649-0069b42c1b" "proxy-server 20" 0.0013 "-" 23 0
Mar 13 15:24:11 standalone proxy-server[129036]: - - 13/Mar/2026/15/24/11 HEAD /v1/AUTH_d78639bec5b44e99b50f1e2a62a13861/gnocchi.bbbd2996-39d2-4506-8b34-3ca82b63793c%3Fformat%3Djson%26states%3Dlisting HTTP/1.0 204 - Swift - - - - tx4fcc025a530c42059f649-0069b42c1b - 0.0064 RL - 1773415451.552751303 1773415451.559131861 0
Mar 13 15:24:11 standalone container-server[127079]: 172.20.0.100 - - [13/Mar/2026:15:24:11 +0000] "GET /d1/891/AUTH_d78639bec5b44e99b50f1e2a62a13861/gnocchi.bbbd2996-39d2-4506-8b34-3ca82b63793c" 200 2 "GET http://172.18.0.2:8080/v1/AUTH_d78639bec5b44e99b50f1e2a62a13861/gnocchi.bbbd2996-39d2-4506-8b34-3ca82b63793c?format=json&states=listing" "tx4fcc025a530c42059f649-0069b42c1b" "proxy-server 20" 0.0026 "-" 23 0
Mar 13 15:24:11 standalone proxy-server[129036]: 172.18.0.2 172.18.0.100 13/Mar/2026/15/24/11 GET /v1/AUTH_d78639bec5b44e99b50f1e2a62a13861/gnocchi.bbbd2996-39d2-4506-8b34-3ca82b63793c%3Fformat%3Djson%26states%3Dlisting HTTP/1.0 200 - python-swiftclient-3.11.1 gAAAAABptCvUN87_... - 2 - tx4fcc025a530c42059f649-0069b42c1b - 0.0360 - - 1773415451.550743818 1773415451.586728096 0
Mar 13 15:24:11 standalone object-server[127453]: 172.20.0.100 - - [13/Mar/2026:15:24:11 +0000] "GET /d1/513/AUTH_d78639bec5b44e99b50f1e2a62a13861/gnocchi.bbbd2996-39d2-4506-8b34-3ca82b63793c/1773360000.0_mean_300.0_v3" 404 70 "GET http://172.18.0.2:8080/v1/AUTH_d78639bec5b44e99b50f1e2a62a13861/gnocchi.bbbd2996-39d2-4506-8b34-3ca82b63793c/1773360000.0_mean_300.0_v3" "tx2a31f07d9b1e4bf49c69c-0069b42c1b" "proxy-server 20" 0.0005 "-" 24 0
Mar 13 15:24:11 standalone proxy-server[129036]: 172.18.0.2 172.18.0.100 13/Mar/2026/15/24/11 GET /v1/AUTH_d78639bec5b44e99b50f1e2a62a13861/gnocchi.bbbd2996-39d2-4506-8b34-3ca82b63793c/1773360000.0_mean_300.0_v3 HTTP/1.0 404 - python-swiftclient-3.11.1 gAAAAABptCvUN87_... - 70 - tx2a31f07d9b1e4bf49c69c-0069b42c1b - 0.0070 - - 1773415451.590649605 1773415451.597624779 0
Mar 13 15:24:11 standalone container-server[127075]: 172.20.0.100 - - [13/Mar/2026:15:24:11 +0000] "PUT /d1/891/AUTH_d78639bec5b44e99b50f1e2a62a13861/gnocchi.bbbd2996-39d2-4506-8b34-3ca82b63793c/1773360000.0_mean_300.0_v3" 201 - "PUT http://172.18.0.2:8080/d1/513/AUTH_d78639bec5b44e99b50f1e2a62a13861/gnocchi.bbbd2996-39d2-4506-8b34-3ca82b63793c/1773360000.0_mean_300.0_v3" "tx17f562b0e844483388847-0069b42c1b" "object-server 25" 0.0006 "-" 22 0
Mar 13 15:24:11 standalone object-server[127456]: 172.20.0.100 - - [13/Mar/2026:15:24:11 +0000] "PUT /d1/513/AUTH_d78639bec5b44e99b50f1e2a62a13861/gnocchi.bbbd2996-39d2-4506-8b34-3ca82b63793c/1773360000.0_mean_300.0_v3" 201 - "PUT http://172.18.0.2:8080/v1/AUTH_d78639bec5b44e99b50f1e2a62a13861/gnocchi.bbbd2996-39d2-4506-8b34-3ca82b63793c/1773360000.0_mean_300.0_v3" "tx17f562b0e844483388847-0069b42c1b" "proxy-server 20" 0.0246 "-" 25 0
Mar 13 15:24:11 standalone proxy-server[129036]: 172.18.0.2 172.18.0.100 13/Mar/2026/15/24/11 PUT /v1/AUTH_d78639bec5b44e99b50f1e2a62a13861/gnocchi.bbbd2996-39d2-4506-8b34-3ca82b63793c/1773360000.0_mean_300.0_v3 HTTP/1.0 201 - python-swiftclient-3.11.1 gAAAAABptCvUN87_... 16 - - tx17f562b0e844483388847-0069b42c1b - 0.0312 - - 1773415451.600284576 1773415451.631532192 0
Mar 13 15:24:11 standalone container-server[127062]: 172.20.0.100 - - [13/Mar/2026:15:24:11 +0000] "PUT /d1/891/AUTH_d78639bec5b44e99b50f1e2a62a13861/gnocchi.bbbd2996-39d2-4506-8b34-3ca82b63793c/none_v3" 201 - "PUT http://172.18.0.2:8080/d1/5/AUTH_d78639bec5b44e99b50f1e2a62a13861/gnocchi.bbbd2996-39d2-4506-8b34-3ca82b63793c/none_v3" "txe20ebb1f2d324378bcce6-0069b42c1b" "object-server 25" 0.0005 "-" 20 0
Mar 13 15:24:11 standalone object-server[127456]: 172.20.0.100 - - [13/Mar/2026:15:24:11 +0000] "PUT /d1/5/AUTH_d78639bec5b44e99b50f1e2a62a13861/gnocchi.bbbd2996-39d2-4506-8b34-3ca82b63793c/none_v3" 201 - "PUT http://172.18.0.2:8080/v1/AUTH_d78639bec5b44e99b50f1e2a62a13861/gnocchi.bbbd2996-39d2-4506-8b34-3ca82b63793c/none_v3" "txe20ebb1f2d324378bcce6-0069b42c1b" "proxy-server 20" 0.0183 "-" 25 0
Mar 13 15:24:11 standalone proxy-server[129036]: 172.18.0.2 172.18.0.100 13/Mar/2026/15/24/11 PUT /v1/AUTH_d78639bec5b44e99b50f1e2a62a13861/gnocchi.bbbd2996-39d2-4506-8b34-3ca82b63793c/none_v3 HTTP/1.0 201 - python-swiftclient-3.11.1 gAAAAABptCvUN87_... 22 - - txe20ebb1f2d324378bcce6-0069b42c1b - 0.0253 - - 1773415451.636288404 1773415451.661568880 0
Mar 13 15:24:11 standalone container-server[127069]: 172.20.0.100 - - [13/Mar/2026:15:24:11 +0000] "HEAD /d1/164/AUTH_d78639bec5b44e99b50f1e2a62a13861/gnocchi.f7b5a80f-61a6-4cfd-9bbe-712f9f15d256" 404 - "HEAD http://172.18.0.2:8080/v1/AUTH_d78639bec5b44e99b50f1e2a62a13861/gnocchi.f7b5a80f-61a6-4cfd-9bbe-712f9f15d256?format=json&states=listing" "tx7319b641990242e7af64e-0069b42c1b" "proxy-server 20" 0.0004 "-" 21 0
Mar 13 15:24:11 standalone object-server[127453]: 172.20.0.100 - - [13/Mar/2026:15:24:11 +0000] "GET /d1/81/AUTH_d78639bec5b44e99b50f1e2a62a13861/gnocchi.f7b5a80f-61a6-4cfd-9bbe-712f9f15d256/none_v3" 404 70 "GET http://172.18.0.2:8080/v1/AUTH_d78639bec5b44e99b50f1e2a62a13861/gnocchi.f7b5a80f-61a6-4cfd-9bbe-712f9f15d256/none_v3" "tx7319b641990242e7af64e-0069b42c1b" "proxy-server 20" 0.0003 "-" 24 0
Mar 13 15:24:11 standalone proxy-server[129036]: 172.18.0.2 172.18.0.100 13/Mar/2026/15/24/11 GET /v1/AUTH_d78639bec5b44e99b50f1e2a62a13861/gnocchi.f7b5a80f-61a6-4cfd-9bbe-712f9f15d256/none_v3 HTTP/1.0 404 - python-swiftclient-3.11.1 gAAAAABptCvUN87_... - 70 - tx7319b641990242e7af64e-0069b42c1b - 0.0169 - - 1773415451.669909000 1773415451.686779499 0
Mar 13 15:24:11 standalone account-server[127063]: 172.20.0.100 - - [13/Mar/2026:15:24:11 +0000] "PUT /d1/208/AUTH_d78639bec5b44e99b50f1e2a62a13861/gnocchi.f7b5a80f-61a6-4cfd-9bbe-712f9f15d256" 201 - "PUT http://172.20.0.100:6001/d1/164/AUTH_d78639bec5b44e99b50f1e2a62a13861/gnocchi.f7b5a80f-61a6-4cfd-9bbe-712f9f15d256" "txaf0308d76bc9409a819ed-0069b42c1b" "container-server 22" 0.0050 "-" 22 0
Mar 13 15:24:11 standalone container-server[127075]: 172.20.0.100 - - [13/Mar/2026:15:24:11 +0000] "PUT /d1/164/AUTH_d78639bec5b44e99b50f1e2a62a13861/gnocchi.f7b5a80f-61a6-4cfd-9bbe-712f9f15d256" 201 - "PUT http://172.18.0.2:8080/v1/AUTH_d78639bec5b44e99b50f1e2a62a13861/gnocchi.f7b5a80f-61a6-4cfd-9bbe-712f9f15d256" "txaf0308d76bc9409a819ed-0069b42c1b" "proxy-server 20" 0.0148 "-" 22 0
Mar 13 15:24:11 standalone proxy-server[129036]: 172.18.0.2 172.18.0.100 13/Mar/2026/15/24/11 PUT /v1/AUTH_d78639bec5b44e99b50f1e2a62a13861/gnocchi.f7b5a80f-61a6-4cfd-9bbe-712f9f15d256 HTTP/1.0 201 - python-swiftclient-3.11.1 gAAAAABptCvUN87_... - - - txaf0308d76bc9409a819ed-0069b42c1b - 0.0461 - - 1773415451.689643621 1773415451.735699892 0
Mar 13 15:24:11 standalone container-server[127075]: 172.20.0.100 - - [13/Mar/2026:15:24:11 +0000] "HEAD /d1/164/AUTH_d78639bec5b44e99b50f1e2a62a13861/gnocchi.f7b5a80f-61a6-4cfd-9bbe-712f9f15d256" 204 - "HEAD http://172.18.0.2:8080/v1/AUTH_d78639bec5b44e99b50f1e2a62a13861/gnocchi.f7b5a80f-61a6-4cfd-9bbe-712f9f15d256?format=json&states=listing" "tx6c2abd6ad0f14ebdafba2-0069b42c1b" "proxy-server 20" 0.0012 "-" 22 0
Mar 13 15:24:11 standalone proxy-server[129036]: - - 13/Mar/2026/15/24/11 HEAD /v1/AUTH_d78639bec5b44e99b50f1e2a62a13861/gnocchi.f7b5a80f-61a6-4cfd-9bbe-712f9f15d256%3Fformat%3Djson%26states%3Dlisting HTTP/1.0 204 - Swift - - - - tx6c2abd6ad0f14ebdafba2-0069b42c1b - 0.0043 RL - 1773415451.740583658 1773415451.744890213 0
Mar 13 15:24:11 standalone container-server[127079]: 172.20.0.100 - - [13/Mar/2026:15:24:11 +0000] "GET /d1/164/AUTH_d78639bec5b44e99b50f1e2a62a13861/gnocchi.f7b5a80f-61a6-4cfd-9bbe-712f9f15d256" 200 2 "GET http://172.18.0.2:8080/v1/AUTH_d78639bec5b44e99b50f1e2a62a13861/gnocchi.f7b5a80f-61a6-4cfd-9bbe-712f9f15d256?format=json&states=listing" "tx6c2abd6ad0f14ebdafba2-0069b42c1b" "proxy-server 20" 0.0019 "-" 23 0
Mar 13 15:24:11 standalone proxy-server[129036]: 172.18.0.2 172.18.0.100 13/Mar/2026/15/24/11 GET /v1/AUTH_d78639bec5b44e99b50f1e2a62a13861/gnocchi.f7b5a80f-61a6-4cfd-9bbe-712f9f15d256%3Fformat%3Djson%26states%3Dlisting HTTP/1.0 200 - python-swiftclient-3.11.1 gAAAAABptCvUN87_... - 2 - tx6c2abd6ad0f14ebdafba2-0069b42c1b - 0.0568 - - 1773415451.739588976 1773415451.796347857 0
Mar 13 15:24:11 standalone object-server[127456]: 172.20.0.100 - - [13/Mar/2026:15:24:11 +0000] "GET /d1/615/AUTH_d78639bec5b44e99b50f1e2a62a13861/gnocchi.f7b5a80f-61a6-4cfd-9bbe-712f9f15d256/1773360000.0_mean_300.0_v3" 404 70 "GET http://172.18.0.2:8080/v1/AUTH_d78639bec5b44e99b50f1e2a62a13861/gnocchi.f7b5a80f-61a6-4cfd-9bbe-712f9f15d256/1773360000.0_mean_300.0_v3" "tx2851d796688240cd993ee-0069b42c1b" "proxy-server 20" 0.0003 "-" 25 0
Mar 13 15:24:11 standalone proxy-server[129036]: 172.18.0.2 172.18.0.100 13/Mar/2026/15/24/11 GET /v1/AUTH_d78639bec5b44e99b50f1e2a62a13861/gnocchi.f7b5a80f-61a6-4cfd-9bbe-712f9f15d256/1773360000.0_mean_300.0_v3 HTTP/1.0 404 - python-swiftclient-3.11.1 gAAAAABptCvUN87_... - 70 - tx2851d796688240cd993ee-0069b42c1b - 0.0078 - - 1773415451.811108828 1773415451.818928242 0
