Mar 13 15:25:26 standalone container-server[127062]: 172.20.0.100 - - [13/Mar/2026:15:25:26 +0000] "PUT /d1/597/AUTH_d78639bec5b44e99b50f1e2a62a13861/gnocchi.c41617fa-90f9-4b26-91fb-9ff35b40d2b4" 201 - "PUT http://172.18.0.2:8080/v1/AUTH_d78639bec5b44e99b50f1e2a62a13861/gnocchi.c41617fa-90f9-4b26-91fb-9ff35b40d2b4" "tx7ab67d6f1e544c62a3d19-0069b42c66" "proxy-server 20" 0.0191 "-" 20 0
Mar 13 15:25:26 standalone proxy-server[129036]: 172.18.0.2 172.18.0.100 13/Mar/2026/15/25/26 PUT /v1/AUTH_d78639bec5b44e99b50f1e2a62a13861/gnocchi.c41617fa-90f9-4b26-91fb-9ff35b40d2b4 HTTP/1.0 201 - python-swiftclient-3.11.1 gAAAAABptCvUN87_... - - - tx7ab67d6f1e544c62a3d19-0069b42c66 - 0.0245 - - 1773415526.792512417 1773415526.816999197 0
Mar 13 15:25:26 standalone container-server[127069]: 172.20.0.100 - - [13/Mar/2026:15:25:26 +0000] "HEAD /d1/597/AUTH_d78639bec5b44e99b50f1e2a62a13861/gnocchi.c41617fa-90f9-4b26-91fb-9ff35b40d2b4" 204 - "HEAD http://172.18.0.2:8080/v1/AUTH_d78639bec5b44e99b50f1e2a62a13861/gnocchi.c41617fa-90f9-4b26-91fb-9ff35b40d2b4?format=json&states=listing" "tx44eff9ded434443287431-0069b42c66" "proxy-server 20" 0.0051 "-" 21 0
Mar 13 15:25:26 standalone proxy-server[129036]: - - 13/Mar/2026/15/25/26 HEAD /v1/AUTH_d78639bec5b44e99b50f1e2a62a13861/gnocchi.c41617fa-90f9-4b26-91fb-9ff35b40d2b4%3Fformat%3Djson%26states%3Dlisting HTTP/1.0 204 - Swift - - - - tx44eff9ded434443287431-0069b42c66 - 0.0136 RL - 1773415526.825295210 1773415526.838889360 0
Mar 13 15:25:26 standalone container-server[127079]: 172.20.0.100 - - [13/Mar/2026:15:25:26 +0000] "GET /d1/597/AUTH_d78639bec5b44e99b50f1e2a62a13861/gnocchi.c41617fa-90f9-4b26-91fb-9ff35b40d2b4" 200 2 "GET http://172.18.0.2:8080/v1/AUTH_d78639bec5b44e99b50f1e2a62a13861/gnocchi.c41617fa-90f9-4b26-91fb-9ff35b40d2b4?format=json&states=listing" "tx44eff9ded434443287431-0069b42c66" "proxy-server 20" 0.0045 "-" 23 0
Mar 13 15:25:26 standalone proxy-server[129036]: 172.18.0.2 172.18.0.100 13/Mar/2026/15/25/26 GET /v1/AUTH_d78639bec5b44e99b50f1e2a62a13861/gnocchi.c41617fa-90f9-4b26-91fb-9ff35b40d2b4%3Fformat%3Djson%26states%3Dlisting HTTP/1.0 200 - python-swiftclient-3.11.1 gAAAAABptCvUN87_... - 2 - tx44eff9ded434443287431-0069b42c66 - 0.0314 - - 1773415526.823180199 1773415526.854569197 0
Mar 13 15:25:26 standalone object-server[127445]: 172.20.0.100 - - [13/Mar/2026:15:25:26 +0000] "GET /d1/736/AUTH_d78639bec5b44e99b50f1e2a62a13861/gnocchi.c41617fa-90f9-4b26-91fb-9ff35b40d2b4/1773360000.0_mean_300.0_v3" 404 70 "GET http://172.18.0.2:8080/v1/AUTH_d78639bec5b44e99b50f1e2a62a13861/gnocchi.c41617fa-90f9-4b26-91fb-9ff35b40d2b4/1773360000.0_mean_300.0_v3" "tx8d904a8e69f54e1b9cf75-0069b42c66" "proxy-server 20" 0.0007 "-" 22 0
Mar 13 15:25:26 standalone proxy-server[129036]: 172.18.0.2 172.18.0.100 13/Mar/2026/15/25/26 GET /v1/AUTH_d78639bec5b44e99b50f1e2a62a13861/gnocchi.c41617fa-90f9-4b26-91fb-9ff35b40d2b4/1773360000.0_mean_300.0_v3 HTTP/1.0 404 - python-swiftclient-3.11.1 gAAAAABptCvUN87_... - 70 - tx8d904a8e69f54e1b9cf75-0069b42c66 - 0.0074 - - 1773415526.861272812 1773415526.868708611 0
Mar 13 15:25:26 standalone container-server[127075]: 172.20.0.100 - - [13/Mar/2026:15:25:26 +0000] "PUT /d1/597/AUTH_d78639bec5b44e99b50f1e2a62a13861/gnocchi.c41617fa-90f9-4b26-91fb-9ff35b40d2b4/1773360000.0_mean_300.0_v3" 201 - "PUT http://172.18.0.2:8080/d1/736/AUTH_d78639bec5b44e99b50f1e2a62a13861/gnocchi.c41617fa-90f9-4b26-91fb-9ff35b40d2b4/1773360000.0_mean_300.0_v3" "tx04781cd78be64336aebc6-0069b42c66" "object-server 25" 0.0009 "-" 22 0
Mar 13 15:25:26 standalone object-server[127456]: 172.20.0.100 - - [13/Mar/2026:15:25:26 +0000] "PUT /d1/736/AUTH_d78639bec5b44e99b50f1e2a62a13861/gnocchi.c41617fa-90f9-4b26-91fb-9ff35b40d2b4/1773360000.0_mean_300.0_v3" 201 - "PUT http://172.18.0.2:8080/v1/AUTH_d78639bec5b44e99b50f1e2a62a13861/gnocchi.c41617fa-90f9-4b26-91fb-9ff35b40d2b4/1773360000.0_mean_300.0_v3" "tx04781cd78be64336aebc6-0069b42c66" "proxy-server 20" 0.0159 "-" 25 0
Mar 13 15:25:26 standalone proxy-server[129036]: 172.18.0.2 172.18.0.100 13/Mar/2026/15/25/26 PUT /v1/AUTH_d78639bec5b44e99b50f1e2a62a13861/gnocchi.c41617fa-90f9-4b26-91fb-9ff35b40d2b4/1773360000.0_mean_300.0_v3 HTTP/1.0 201 - python-swiftclient-3.11.1 gAAAAABptCvUN87_... 16 - - tx04781cd78be64336aebc6-0069b42c66 - 0.0249 - - 1773415526.872560740 1773415526.897452831 0
Mar 13 15:25:26 standalone container-server[127079]: 172.20.0.100 - - [13/Mar/2026:15:25:26 +0000] "PUT /d1/597/AUTH_d78639bec5b44e99b50f1e2a62a13861/gnocchi.c41617fa-90f9-4b26-91fb-9ff35b40d2b4/none_v3" 201 - "PUT http://172.18.0.2:8080/d1/323/AUTH_d78639bec5b44e99b50f1e2a62a13861/gnocchi.c41617fa-90f9-4b26-91fb-9ff35b40d2b4/none_v3" "txc3fa533b548c4453bb22d-0069b42c66" "object-server 24" 0.0010 "-" 23 0
Mar 13 15:25:26 standalone object-server[127453]: 172.20.0.100 - - [13/Mar/2026:15:25:26 +0000] "PUT /d1/323/AUTH_d78639bec5b44e99b50f1e2a62a13861/gnocchi.c41617fa-90f9-4b26-91fb-9ff35b40d2b4/none_v3" 201 - "PUT http://172.18.0.2:8080/v1/AUTH_d78639bec5b44e99b50f1e2a62a13861/gnocchi.c41617fa-90f9-4b26-91fb-9ff35b40d2b4/none_v3" "txc3fa533b548c4453bb22d-0069b42c66" "proxy-server 20" 0.0129 "-" 24 0
Mar 13 15:25:26 standalone proxy-server[129036]: 172.18.0.2 172.18.0.100 13/Mar/2026/15/25/26 PUT /v1/AUTH_d78639bec5b44e99b50f1e2a62a13861/gnocchi.c41617fa-90f9-4b26-91fb-9ff35b40d2b4/none_v3 HTTP/1.0 201 - python-swiftclient-3.11.1 gAAAAABptCvUN87_... 22 - - txc3fa533b548c4453bb22d-0069b42c66 - 0.0219 - - 1773415526.901623726 1773415526.923474073 0
Mar 13 15:25:26 standalone container-server[127079]: 172.20.0.100 - - [13/Mar/2026:15:25:26 +0000] "HEAD /d1/618/AUTH_d78639bec5b44e99b50f1e2a62a13861/gnocchi.ad8f02ad-93f4-42f6-8879-7f2bd5f33b2e" 404 - "HEAD http://172.18.0.2:8080/v1/AUTH_d78639bec5b44e99b50f1e2a62a13861/gnocchi.ad8f02ad-93f4-42f6-8879-7f2bd5f33b2e?format=json&states=listing" "tx90c9f4e4e7f1498e93278-0069b42c66" "proxy-server 20" 0.0008 "-" 23 0
Mar 13 15:25:26 standalone object-server[127456]: 172.20.0.100 - - [13/Mar/2026:15:25:26 +0000] "GET /d1/849/AUTH_d78639bec5b44e99b50f1e2a62a13861/gnocchi.ad8f02ad-93f4-42f6-8879-7f2bd5f33b2e/none_v3" 404 70 "GET http://172.18.0.2:8080/v1/AUTH_d78639bec5b44e99b50f1e2a62a13861/gnocchi.ad8f02ad-93f4-42f6-8879-7f2bd5f33b2e/none_v3" "tx90c9f4e4e7f1498e93278-0069b42c66" "proxy-server 20" 0.0004 "-" 25 0
Mar 13 15:25:26 standalone proxy-server[129036]: 172.18.0.2 172.18.0.100 13/Mar/2026/15/25/26 GET /v1/AUTH_d78639bec5b44e99b50f1e2a62a13861/gnocchi.ad8f02ad-93f4-42f6-8879-7f2bd5f33b2e/none_v3 HTTP/1.0 404 - python-swiftclient-3.11.1 gAAAAABptCvUN87_... - 70 - tx90c9f4e4e7f1498e93278-0069b42c66 - 0.0184 - - 1773415526.940559626 1773415526.958931208 0
Mar 13 15:25:26 standalone account-server[127063]: 172.20.0.100 - - [13/Mar/2026:15:25:26 +0000] "PUT /d1/208/AUTH_d78639bec5b44e99b50f1e2a62a13861/gnocchi.ad8f02ad-93f4-42f6-8879-7f2bd5f33b2e" 201 - "PUT http://172.20.0.100:6001/d1/618/AUTH_d78639bec5b44e99b50f1e2a62a13861/gnocchi.ad8f02ad-93f4-42f6-8879-7f2bd5f33b2e" "txa4be462b2d69429bb485a-0069b42c66" "container-server 21" 0.0062 "-" 22 0
Mar 13 15:25:26 standalone container-server[127069]: 172.20.0.100 - - [13/Mar/2026:15:25:26 +0000] "PUT /d1/618/AUTH_d78639bec5b44e99b50f1e2a62a13861/gnocchi.ad8f02ad-93f4-42f6-8879-7f2bd5f33b2e" 201 - "PUT http://172.18.0.2:8080/v1/AUTH_d78639bec5b44e99b50f1e2a62a13861/gnocchi.ad8f02ad-93f4-42f6-8879-7f2bd5f33b2e" "txa4be462b2d69429bb485a-0069b42c66" "proxy-server 20" 0.0215 "-" 21 0
Mar 13 15:25:26 standalone proxy-server[129036]: 172.18.0.2 172.18.0.100 13/Mar/2026/15/25/26 PUT /v1/AUTH_d78639bec5b44e99b50f1e2a62a13861/gnocchi.ad8f02ad-93f4-42f6-8879-7f2bd5f33b2e HTTP/1.0 201 - python-swiftclient-3.11.1 gAAAAABptCvUN87_... - - - txa4be462b2d69429bb485a-0069b42c66 - 0.0314 - - 1773415526.962764025 1773415526.994129658 0
Mar 13 15:25:27 standalone container-server[127062]: 172.20.0.100 - - [13/Mar/2026:15:25:27 +0000] "HEAD /d1/618/AUTH_d78639bec5b44e99b50f1e2a62a13861/gnocchi.ad8f02ad-93f4-42f6-8879-7f2bd5f33b2e" 204 - "HEAD http://172.18.0.2:8080/v1/AUTH_d78639bec5b44e99b50f1e2a62a13861/gnocchi.ad8f02ad-93f4-42f6-8879-7f2bd5f33b2e?format=json&states=listing" "txa8491274f6114a03a6be1-0069b42c66" "proxy-server 20" 0.0015 "-" 20 0
Mar 13 15:25:27 standalone proxy-server[129036]: - - 13/Mar/2026/15/25/27 HEAD /v1/AUTH_d78639bec5b44e99b50f1e2a62a13861/gnocchi.ad8f02ad-93f4-42f6-8879-7f2bd5f33b2e%3Fformat%3Djson%26states%3Dlisting HTTP/1.0 204 - Swift - - - - txa8491274f6114a03a6be1-0069b42c66 - 0.0061 RL - 1773415526.999807596 1773415527.005878448 0
Mar 13 15:25:27 standalone container-server[127075]: 172.20.0.100 - - [13/Mar/2026:15:25:27 +0000] "GET /d1/618/AUTH_d78639bec5b44e99b50f1e2a62a13861/gnocchi.ad8f02ad-93f4-42f6-8879-7f2bd5f33b2e" 200 2 "GET http://172.18.0.2:8080/v1/AUTH_d78639bec5b44e99b50f1e2a62a13861/gnocchi.ad8f02ad-93f4-42f6-8879-7f2bd5f33b2e?format=json&states=listing" "txa8491274f6114a03a6be1-0069b42c66" "proxy-server 20" 0.0022 "-" 22 0
Mar 13 15:25:27 standalone proxy-server[129036]: 172.18.0.2 172.18.0.100 13/Mar/2026/15/25/27 GET /v1/AUTH_d78639bec5b44e99b50f1e2a62a13861/gnocchi.ad8f02ad-93f4-42f6-8879-7f2bd5f33b2e%3Fformat%3Djson%26states%3Dlisting HTTP/1.0 200 - python-swiftclient-3.11.1 gAAAAABptCvUN87_... - 2 - txa8491274f6114a03a6be1-0069b42c66 - 0.0194 - - 1773415526.998206139 1773415527.017610312 0
Mar 13 15:25:27 standalone object-server[127453]: 172.20.0.100 - - [13/Mar/2026:15:25:27 +0000] "GET /d1/669/AUTH_d78639bec5b44e99b50f1e2a62a13861/gnocchi.ad8f02ad-93f4-42f6-8879-7f2bd5f33b2e/1773360000.0_mean_300.0_v3" 404 70 "GET http://172.18.0.2:8080/v1/AUTH_d78639bec5b44e99b50f1e2a62a13861/gnocchi.ad8f02ad-93f4-42f6-8879-7f2bd5f33b2e/1773360000.0_mean_300.0_v3" "txb525f3c149d54220aed4c-0069b42c67" "proxy-server 20" 0.0004 "-" 24 0
Mar 13 15:25:27 standalone proxy-server[129036]: 172.18.0.2 172.18.0.100 13/Mar/2026/15/25/27 GET /v1/AUTH_d78639bec5b44e99b50f1e2a62a13861/gnocchi.ad8f02ad-93f4-42f6-8879-7f2bd5f33b2e/1773360000.0_mean_300.0_v3 HTTP/1.0 404 - python-swiftclient-3.11.1 gAAAAABptCvUN87_... - 70 - txb525f3c149d54220aed4c-0069b42c67 - 0.0072 - - 1773415527.021481752 1773415527.028685331 0
Mar 13 15:25:27 standalone container-server[127075]: 172.20.0.100 - - [13/Mar/2026:15:25:27 +0000] "PUT /d1/618/AUTH_d78639bec5b44e99b50f1e2a62a13861/gnocchi.ad8f02ad-93f4-42f6-8879-7f2bd5f33b2e/1773360000.0_mean_300.0_v3" 201 - "PUT http://172.18.0.2:8080/d1/669/AUTH_d78639bec5b44e99b50f1e2a62a13861/gnocchi.ad8f02ad-93f4-42f6-8879-7f2bd5f33b2e/1773360000.0_mean_300.0_v3" "tx0c3118c1fcf244fcb1314-0069b42c67" "object-server 24" 0.0008 "-" 22 0
Mar 13 15:25:27 standalone object-server[127453]: 172.20.0.100 - - [13/Mar/2026:15:25:27 +0000] "PUT /d1/669/AUTH_d78639bec5b44e99b50f1e2a62a13861/gnocchi.ad8f02ad-93f4-42f6-8879-7f2bd5f33b2e/1773360000.0_mean_300.0_v3" 201 - "PUT http://172.18.0.2:8080/v1/AUTH_d78639bec5b44e99b50f1e2a62a13861/gnocchi.ad8f02ad-93f4-42f6-8879-7f2bd5f33b2e/1773360000.0_mean_300.0_v3" "tx0c3118c1fcf244fcb1314-0069b42c67" "proxy-server 20" 0.0107 "-" 24 0
Mar 13 15:25:27 standalone proxy-server[129036]: 172.18.0.2 172.18.0.100 13/Mar/2026/15/25/27 PUT /v1/AUTH_d78639bec5b44e99b50f1e2a62a13861/gnocchi.ad8f02ad-93f4-42f6-8879-7f2bd5f33b2e/1773360000.0_mean_300.0_v3 HTTP/1.0 201 - python-swiftclient-3.11.1 gAAAAABptCvUN87_... 16 - - tx0c3118c1fcf244fcb1314-0069b42c67 - 0.0183 - - 1773415527.031871796 1773415527.050154686 0
Mar 13 15:25:27 standalone container-server[127079]: 172.20.0.100 - - [13/Mar/2026:15:25:27 +0000] "PUT /d1/618/AUTH_d78639bec5b44e99b50f1e2a62a13861/gnocchi.ad8f02ad-93f4-42f6-8879-7f2bd5f33b2e/none_v3" 201 - "PUT http://172.18.0.2:8080/d1/849/AUTH_d78639bec5b44e99b50f1e2a62a13861/gnocchi.ad8f02ad-93f4-42f6-8879-7f2bd5f33b2e/none_v3" "tx0c62203eece545ec997a5-0069b42c67" "object-server 23" 0.0010 "-" 23 0
Mar 13 15:25:27 standalone object-server[127448]: 172.20.0.100 - - [13/Mar/2026:15:25:27 +0000] "PUT /d1/849/AUTH_d78639bec5b44e99b50f1e2a62a13861/gnocchi.ad8f02ad-93f4-42f6-8879-7f2bd5f33b2e/none_v3" 201 - "PUT http://172.18.0.2:8080/v1/AUTH_d78639bec5b44e99b50f1e2a62a13861/gnocchi.ad8f02ad-93f4-42f6-8879-7f2bd5f33b2e/none_v3" "tx0c62203eece545ec997a5-0069b42c67" "proxy-server 20" 0.0175 "-" 23 0
Mar 13 15:25:27 standalone proxy-server[129036]: 172.18.0.2 172.18.0.100 13/Mar/2026/15/25/27 PUT /v1/AUTH_d78639bec5b44e99b50f1e2a62a13861/gnocchi.ad8f02ad-93f4-42f6-8879-7f2bd5f33b2e/none_v3 HTTP/1.0 201 - python-swiftclient-3.11.1 gAAAAABptCvUN87_... 22 - - tx0c62203eece545ec997a5-0069b42c67 - 0.0295 - - 1773415527.053816557 1773415527.083284855 0
Mar 13 15:25:27 standalone container-server[127075]: 172.20.0.100 - - [13/Mar/2026:15:25:27 +0000] "HEAD /d1/262/AUTH_d78639bec5b44e99b50f1e2a62a13861/gnocchi.3ee425f1-2011-4c5e-8b9d-a5073a56e011" 404 - "HEAD http://172.18.0.2:8080/v1/AUTH_d78639bec5b44e99b50f1e2a62a13861/gnocchi.3ee425f1-2011-4c5e-8b9d-a5073a56e011?format=json&states=listing" "tx703a428c77bb4dc8aaebf-0069b42c67" "proxy-server 20" 0.0004 "-" 22 0
Mar 13 15:25:27 standalone object-server[127456]: 172.20.0.100 - - [13/Mar/2026:15:25:27 +0000] "GET /d1/894/AUTH_d78639bec5b44e99b50f1e2a62a13861/gnocchi.3ee425f1-2011-4c5e-8b9d-a5073a56e011/none_v3" 404 70 "GET http://172.18.0.2:8080/v1/AUTH_d78639bec5b44e99b50f1e2a62a13861/gnocchi.3ee425f1-2011-4c5e-8b9d-a5073a56e011/none_v3" "tx703a428c77bb4dc8aaebf-0069b42c67" "proxy-server 20" 0.0003 "-" 25 0
Mar 13 15:25:27 standalone proxy-server[129036]: 172.18.0.2 172.18.0.100 13/Mar/2026/15/25/27 GET /v1/AUTH_d78639bec5b44e99b50f1e2a62a13861/gnocchi.3ee425f1-2011-4c5e-8b9d-a5073a56e011/none_v3 HTTP/1.0 404 - python-swiftclient-3.11.1 gAAAAABptCvUN87_... - 70 - tx703a428c77bb4dc8aaebf-0069b42c67 - 0.0092 - - 1773415527.094204187 1773415527.103443384 0
Mar 13 15:25:27 standalone account-server[127071]: 172.20.0.100 - - [13/Mar/2026:15:25:27 +0000] "PUT /d1/208/AUTH_d78639bec5b44e99b50f1e2a62a13861/gnocchi.3ee425f1-2011-4c5e-8b9d-a5073a56e011" 201 - "PUT http://172.20.0.100:6001/d1/262/AUTH_d78639bec5b44e99b50f1e2a62a13861/gnocchi.3ee425f1-2011-4c5e-8b9d-a5073a56e011" "tx03ee997f324b488c8efc7-0069b42c67" "container-server 20" 0.0122 "-" 23 0
Mar 13 15:25:27 standalone container-server[127062]: 172.20.0.100 - - [13/Mar/2026:15:25:27 +0000] "PUT /d1/262/AUTH_d78639bec5b44e99b50f1e2a62a13861/gnocchi.3ee425f1-2011-4c5e-8b9d-a5073a56e011" 201 - "PUT http://172.18.0.2:8080/v1/AUTH_d78639bec5b44e99b50f1e2a62a13861/gnocchi.3ee425f1-2011-4c5e-8b9d-a5073a56e011" "tx03ee997f324b488c8efc7-0069b42c67" "proxy-server 20" 0.0273 "-" 20 0
Mar 13 15:25:27 standalone proxy-server[129036]: 172.18.0.2 172.18.0.100 13/Mar/2026/15/25/27 PUT /v1/AUTH_d78639bec5b44e99b50f1e2a62a13861/gnocchi.3ee425f1-2011-4c5e-8b9d-a5073a56e011 HTTP/1.0 201 - python-swiftclient-3.11.1 gAAAAABptCvUN87_... - - - tx03ee997f324b488c8efc7-0069b42c67 - 0.0328 - - 1773415527.106237650 1773415527.138994932 0
Mar 13 15:25:27 standalone container-server[127069]: 172.20.0.100 - - [13/Mar/2026:15:25:27 +0000] "HEAD /d1/67/AUTH_d78639bec5b44e99b50f1e2a62a13861/gnocchi.ddf09d82-b8ed-4d13-9dd3-9c76910c3311" 404 - "HEAD http://172.18.0.2:8080/v1/AUTH_d78639bec5b44e99b50f1e2a62a13861/gnocchi.ddf09d82-b8ed-4d13-9dd3-9c76910c3311?format=json&states=listing" "tx149fa2541be24fa58e41f-0069b42c67" "proxy-server 20" 0.0004 "-" 21 0
Mar 13 15:25:27 standalone object-server[127456]: 172.20.0.100 - - [13/Mar/2026:15:25:27 +0000] "GET /d1/335/AUTH_d78639bec5b44e99b50f1e2a62a13861/gnocchi.ddf09d82-b8ed-4d13-9dd3-9c76910c3311/none_v3" 404 70 "GET http://172.18.0.2:8080/v1/AUTH_d78639bec5b44e99b50f1e2a62a13861/gnocchi.ddf09d82-b8ed-4d13-9dd3-9c76910c3311/none_v3" "tx149fa2541be24fa58e41f-0069b42c67" "proxy-server 20" 0.0004 "-" 25 0
Mar 13 15:25:27 standalone proxy-server[129036]: 172.18.0.2 172.18.0.100 13/Mar/2026/15/25/27 GET /v1/AUTH_d78639bec5b44e99b50f1e2a62a13861/gnocchi.ddf09d82-b8ed-4d13-9dd3-9c76910c3311/none_v3 HTTP/1.0 404 - python-swiftclient-3.11.1 gAAAAABptCvUN87_... - 70 - tx149fa2541be24fa58e41f-0069b42c67 - 0.0121 - - 1773415527.143535376 1773415527.155586481 0
Mar 13 15:25:27 standalone account-server[127039]: 172.20.0.100 - - [13/Mar/2026:15:25:27 +0000] "PUT /d1/208/AUTH_d78639bec5b44e99b50f1e2a62a13861/gnocchi.ddf09d82-b8ed-4d13-9dd3-9c76910c3311" 201 - "PUT http://172.20.0.100:6001/d1/67/AUTH_d78639bec5b44e99b50f1e2a62a13861/gnocchi.ddf09d82-b8ed-4d13-9dd3-9c76910c3311" "tx91c266fceab946d1809e8-0069b42c67" "container-server 21" 0.0063 "-" 21 0
Mar 13 15:25:27 standalone container-server[127069]: 172.20.0.100 - - [13/Mar/2026:15:25:27 +0000] "PUT /d1/67/AUTH_d78639bec5b44e99b50f1e2a62a13861/gnocchi.ddf09d82-b8ed-4d13-9dd3-9c76910c3311" 201 - "PUT http://172.18.0.2:8080/v1/AUTH_d78639bec5b44e99b50f1e2a62a13861/gnocchi.ddf09d82-b8ed-4d13-9dd3-9c76910c3311" "tx91c266fceab946d1809e8-0069b42c67" "proxy-server 20" 0.0159 "-" 21 0
Mar 13 15:25:27 standalone proxy-server[129036]: 172.18.0.2 172.18.0.100 13/Mar/2026/15/25/27 PUT /v1/AUTH_d78639bec5b44e99b50f1e2a62a13861/gnocchi.ddf09d82-b8ed-4d13-9dd3-9c76910c3311 HTTP/1.0 201 - python-swiftclient-3.11.1 gAAAAABptCvUN87_... - - - tx91c266fceab946d1809e8-0069b42c67 - 0.0225 - - 1773415527.160327196 1773415527.182818890 0
Mar 13 15:25:27 standalone container-server[127075]: 172.20.0.100 - - [13/Mar/2026:15:25:27 +0000] "HEAD /d1/262/AUTH_d78639bec5b44e99b50f1e2a62a13861/gnocchi.3ee425f1-2011-4c5e-8b9d-a5073a56e011" 204 - "HEAD http://172.18.0.2:8080/v1/AUTH_d78639bec5b44e99b50f1e2a62a13861/gnocchi.3ee425f1-2011-4c5e-8b9d-a5073a56e011?format=json&states=listing" "txc1b77b0f920948f98f523-0069b42c67" "proxy-server 20" 0.0013 "-" 22 0
Mar 13 15:25:27 standalone proxy-server[129036]: - - 13/Mar/2026/15/25/27 HEAD /v1/AUTH_d78639bec5b44e99b50f1e2a62a13861/gnocchi.3ee425f1-2011-4c5e-8b9d-a5073a56e011%3Fformat%3Djson%26states%3Dlisting HTTP/1.0 204 - Swift - - - - txc1b77b0f920948f98f523-0069b42c67 - 0.0050 RL - 1773415527.188757420 1773415527.193805456 0
Mar 13 15:25:27 standalone container-server[127069]: 172.20.0.100 - - [13/Mar/2026:15:25:27 +0000] "GET /d1/262/AUTH_d78639bec5b44e99b50f1e2a62a13861/gnocchi.3ee425f1-2011-4c5e-8b9d-a5073a56e011" 200 2 "GET http://172.18.0.2:8080/v1/AUTH_d78639bec5b44e99b50f1e2a62a13861/gnocchi.3ee425f1-2011-4c5e-8b9d-a5073a56e011?format=json&states=listing" "txc1b77b0f920948f98f523-0069b42c67" "proxy-server 20" 0.0023 "-" 21 0
Mar 13 15:25:27 standalone proxy-server[129036]: 172.18.0.2 172.18.0.100 13/Mar/2026/15/25/27 GET /v1/AUTH_d78639bec5b44e99b50f1e2a62a13861/gnocchi.3ee425f1-2011-4c5e-8b9d-a5073a56e011%3Fformat%3Djson%26states%3Dlisting HTTP/1.0 200 - python-swiftclient-3.11.1 gAAAAABptCvUN87_... - 2 - txc1b77b0f920948f98f523-0069b42c67 - 0.0151 - - 1773415527.187031746 1773415527.202180862 0
Mar 13 15:25:27 standalone container-server[127079]: 172.20.0.100 - - [13/Mar/2026:15:25:27 +0000] "HEAD /d1/67/AUTH_d78639bec5b44e99b50f1e2a62a13861/gnocchi.ddf09d82-b8ed-4d13-9dd3-9c76910c3311" 204 - "HEAD http://172.18.0.2:8080/v1/AUTH_d78639bec5b44e99b50f1e2a62a13861/gnocchi.ddf09d82-b8ed-4d13-9dd3-9c76910c3311?format=json&states=listing" "txbac1d83da9ff4b9ea7501-0069b42c67" "proxy-server 20" 0.0018 "-" 23 0
Mar 13 15:25:27 standalone proxy-server[129036]: - - 13/Mar/2026/15/25/27 HEAD /v1/AUTH_d78639bec5b44e99b50f1e2a62a13861/gnocchi.ddf09d82-b8ed-4d13-9dd3-9c76910c3311%3Fformat%3Djson%26states%3Dlisting HTTP/1.0 204 - Swift - - - - txbac1d83da9ff4b9ea7501-0069b42c67 - 0.0061 RL - 1773415527.206653118 1773415527.212711334 0
Mar 13 15:25:27 standalone container-server[127062]: 172.20.0.100 - - [13/Mar/2026:15:25:27 +0000] "GET /d1/67/AUTH_d78639bec5b44e99b50f1e2a62a13861/gnocchi.ddf09d82-b8ed-4d13-9dd3-9c76910c3311" 200 2 "GET http://172.18.0.2:8080/v1/AUTH_d78639bec5b44e99b50f1e2a62a13861/gnocchi.ddf09d82-b8ed-4d13-9dd3-9c76910c3311?format=json&states=listing" "txbac1d83da9ff4b9ea7501-0069b42c67" "proxy-server 20" 0.0018 "-" 20 0
Mar 13 15:25:27 standalone proxy-server[129036]: 172.18.0.2 172.18.0.100 13/Mar/2026/15/25/27 GET /v1/AUTH_d78639bec5b44e99b50f1e2a62a13861/gnocchi.ddf09d82-b8ed-4d13-9dd3-9c76910c3311%3Fformat%3Djson%26states%3Dlisting HTTP/1.0 200 - python-swiftclient-3.11.1 gAAAAABptCvUN87_... - 2 - txbac1d83da9ff4b9ea7501-0069b42c67 - 0.0141 - - 1773415527.205766439 1773415527.219875574 0
Mar 13 15:25:27 standalone object-server[127448]: 172.20.0.100 - - [13/Mar/2026:15:25:27 +0000] "GET /d1/788/AUTH_d78639bec5b44e99b50f1e2a62a13861/gnocchi.3ee425f1-2011-4c5e-8b9d-a5073a56e011/1773360000.0_mean_300.0_v3" 404 70 "GET http://172.18.0.2:8080/v1/AUTH_d78639bec5b44e99b50f1e2a62a13861/gnocchi.3ee425f1-2011-4c5e-8b9d-a5073a56e011/1773360000.0_mean_300.0_v3" "tx0779919f18a64718b956f-0069b42c67" "proxy-server 20" 0.0004 "-" 23 0
Mar 13 15:25:27 standalone proxy-server[129036]: 172.18.0.2 172.18.0.100 13/Mar/2026/15/25/27 GET /v1/AUTH_d78639bec5b44e99b50f1e2a62a13861/gnocchi.3ee425f1-2011-4c5e-8b9d-a5073a56e011/1773360000.0_mean_300.0_v3 HTTP/1.0 404 - python-swiftclient-3.11.1 gAAAAABptCvUN87_... - 70 - tx0779919f18a64718b956f-0069b42c67 - 0.0046 - - 1773415527.223253727 1773415527.227805614 0
Mar 13 15:25:27 standalone object-server[127448]: 172.20.0.100 - - [13/Mar/2026:15:25:27 +0000] "GET /d1/417/AUTH_d78639bec5b44e99b50f1e2a62a13861/gnocchi.ddf09d82-b8ed-4d13-9dd3-9c76910c3311/1773360000.0_mean_300.0_v3" 404 70 "GET http://172.18.0.2:8080/v1/AUTH_d78639bec5b44e99b50f1e2a62a13861/gnocchi.ddf09d82-b8ed-4d13-9dd3-9c76910c3311/1773360000.0_mean_300.0_v3" "txe44f500453ad4b578e9b9-0069b42c67" "proxy-server 20" 0.0006 "-" 23 0
Mar 13 15:25:27 standalone proxy-server[129036]: 172.18.0.2 172.18.0.100 13/Mar/2026/15/25/27 GET /v1/AUTH_d78639bec5b44e99b50f1e2a62a13861/gnocchi.ddf09d82-b8ed-4d13-9dd3-9c76910c3311/1773360000.0_mean_300.0_v3 HTTP/1.0 404 - python-swiftclient-3.11.1 gAAAAABptCvUN87_... - 70 - txe44f500453ad4b578e9b9-0069b42c67 - 0.0059 - - 1773415527.231410265 1773415527.237324238 0
Mar 13 15:25:27 standalone container-server[127079]: 172.20.0.100 - - [13/Mar/2026:15:25:27 +0000] "PUT /d1/262/AUTH_d78639bec5b44e99b50f1e2a62a13861/gnocchi.3ee425f1-2011-4c5e-8b9d-a5073a56e011/1773360000.0_mean_300.0_v3" 201 - "PUT http://172.18.0.2:8080/d1/788/AUTH_d78639bec5b44e99b50f1e2a62a13861/gnocchi.3ee425f1-2011-4c5e-8b9d-a5073a56e011/1773360000.0_mean_300.0_v3" "txce6fd641362d4ded99073-0069b42c67" "object-server 24" 0.0008 "-" 23 0
Mar 13 15:25:27 standalone object-server[127453]: 172.20.0.100 - - [13/Mar/2026:15:25:27 +0000] "PUT /d1/788/AUTH_d78639bec5b44e99b50f1e2a62a13861/gnocchi.3ee425f1-2011-4c5e-8b9d-a5073a56e011/1773360000.0_mean_300.0_v3" 201 - "PUT http://172.18.0.2:8080/v1/AUTH_d78639bec5b44e99b50f1e2a62a13861/gnocchi.3ee425f1-2011-4c5e-8b9d-a5073a56e011/1773360000.0_mean_300.0_v3" "txce6fd641362d4ded99073-0069b42c67" "proxy-server 20" 0.0087 "-" 24 0
Mar 13 15:25:27 standalone proxy-server[129036]: 172.18.0.2 172.18.0.100 13/Mar/2026/15/25/27 PUT /v1/AUTH_d78639bec5b44e99b50f1e2a62a13861/gnocchi.3ee425f1-2011-4c5e-8b9d-a5073a56e011/1773360000.0_mean_300.0_v3 HTTP/1.0 201 - python-swiftclient-3.11.1 gAAAAABptCvUN87_... 16 - - txce6fd641362d4ded99073-0069b42c67 - 0.0174 - - 1773415527.241311073 1773415527.258724213 0
Mar 13 15:25:27 standalone container-server[127069]: 172.20.0.100 - - [13/Mar/2026:15:25:27 +0000] "PUT /d1/67/AUTH_d78639bec5b44e99b50f1e2a62a13861/gnocchi.ddf09d82-b8ed-4d13-9dd3-9c76910c3311/1773360000.0_mean_300.0_v3" 201 - "PUT http://172.18.0.2:8080/d1/417/AUTH_d78639bec5b44e99b50f1e2a62a13861/gnocchi.ddf09d82-b8ed-4d13-9dd3-9c76910c3311/1773360000.0_mean_300.0_v3" "txa0fb78b4d3b349998a182-0069b42c67" "object-server 24" 0.0006 "-" 21 0
Mar 13 15:25:27 standalone object-server[127453]: 172.20.0.100 - - [13/Mar/2026:15:25:27 +0000] "PUT /d1/417/AUTH_d78639bec5b44e99b50f1e2a62a13861/gnocchi.ddf09d82-b8ed-4d13-9dd3-9c76910c3311/1773360000.0_mean_300.0_v3" 201 - "PUT http://172.18.0.2:8080/v1/AUTH_d78639bec5b44e99b50f1e2a62a13861/gnocchi.ddf09d82-b8ed-4d13-9dd3-9c76910c3311/1773360000.0_mean_300.0_v3" "txa0fb78b4d3b349998a182-0069b42c67" "proxy-server 20" 0.0085 "-" 24 0
Mar 13 15:25:27 standalone proxy-server[129036]: 172.18.0.2 172.18.0.100 13/Mar/2026/15/25/27 PUT /v1/AUTH_d78639bec5b44e99b50f1e2a62a13861/gnocchi.ddf09d82-b8ed-4d13-9dd3-9c76910c3311/1773360000.0_mean_300.0_v3 HTTP/1.0 201 - python-swiftclient-3.11.1 gAAAAABptCvUN87_... 16 - - txa0fb78b4d3b349998a182-0069b42c67 - 0.0135 - - 1773415527.261795521 1773415527.275310993 0
Mar 13 15:25:27 standalone container-server[127079]: 172.20.0.100 - - [13/Mar/2026:15:25:27 +0000] "PUT /d1/262/AUTH_d78639bec5b44e99b50f1e2a62a13861/gnocchi.3ee425f1-2011-4c5e-8b9d-a5073a56e011/none_v3" 201 - "PUT http://172.18.0.2:8080/d1/894/AUTH_d78639bec5b44e99b50f1e2a62a13861/gnocchi.3ee425f1-2011-4c5e-8b9d-a5073a56e011/none_v3" "tx27c8af6a97bc4abd9b535-0069b42c67" "object-server 25" 0.0007 "-" 23 0
Mar 13 15:25:27 standalone object-server[127456]: 172.20.0.100 - - [13/Mar/2026:15:25:27 +0000] "PUT /d1/894/AUTH_d78639bec5b44e99b50f1e2a62a13861/gnocchi.3ee425f1-2011-4c5e-8b9d-a5073a56e011/none_v3" 201 - "PUT http://172.18.0.2:8080/v1/AUTH_d78639bec5b44e99b50f1e2a62a13861/gnocchi.3ee425f1-2011-4c5e-8b9d-a5073a56e011/none_v3" "tx27c8af6a97bc4abd9b535-0069b42c67" "proxy-server 20" 0.0116 "-" 25 0
Mar 13 15:25:27 standalone proxy-server[129036]: 172.18.0.2 172.18.0.100 13/Mar/2026/15/25/27 PUT /v1/AUTH_d78639bec5b44e99b50f1e2a62a13861/gnocchi.3ee425f1-2011-4c5e-8b9d-a5073a56e011/none_v3 HTTP/1.0 201 - python-swiftclient-3.11.1 gAAAAABptCvUN87_... 22 - - tx27c8af6a97bc4abd9b535-0069b42c67 - 0.0187 - - 1773415527.278007984 1773415527.296743870 0
Mar 13 15:25:27 standalone container-server[127075]: 172.20.0.100 - - [13/Mar/2026:15:25:27 +0000] "PUT /d1/67/AUTH_d78639bec5b44e99b50f1e2a62a13861/gnocchi.ddf09d82-b8ed-4d13-9dd3-9c76910c3311/none_v3" 201 - "PUT http://172.18.0.2:8080/d1/335/AUTH_d78639bec5b44e99b50f1e2a62a13861/gnocchi.ddf09d82-b8ed-4d13-9dd3-9c76910c3311/none_v3" "tx6bd9a52894ab4874b973f-0069b42c67" "object-server 23" 0.0014 "-" 22 0
Mar 13 15:25:27 standalone object-server[127448]: 172.20.0.100 - - [13/Mar/2026:15:25:27 +0000] "PUT /d1/335/AUTH_d78639bec5b44e99b50f1e2a62a13861/gnocchi.ddf09d82-b8ed-4d13-9dd3-9c76910c3311/none_v3" 201 - "PUT http://172.18.0.2:8080/v1/AUTH_d78639bec5b44e99b50f1e2a62a13861/gnocchi.ddf09d82-b8ed-4d13-9dd3-9c76910c3311/none_v3" "tx6bd9a52894ab4874b973f-0069b42c67" "proxy-server 20" 0.0122 "-" 23 0
Mar 13 15:25:27 standalone proxy-server[129036]: 172.18.0.2 172.18.0.100 13/Mar/2026/15/25/27 PUT /v1/AUTH_d78639bec5b44e99b50f1e2a62a13861/gnocchi.ddf09d82-b8ed-4d13-9dd3-9c76910c3311/none_v3 HTTP/1.0 201 - python-swiftclient-3.11.1 gAAAAABptCvUN87_... 22 - - tx6bd9a52894ab4874b973f-0069b42c67 - 0.0175 - - 1773415527.299524069 1773415527.317043304 0
Mar 13 15:25:27 standalone container-server[127075]: 172.20.0.100 - - [13/Mar/2026:15:25:27 +0000] "HEAD /d1/190/AUTH_d78639bec5b44e99b50f1e2a62a13861/gnocchi.f1642b15-93fd-4364-bf40-8ba0be08a74c" 404 - "HEAD http://172.18.0.2:8080/v1/AUTH_d78639bec5b44e99b50f1e2a62a13861/gnocchi.f1642b15-93fd-4364-bf40-8ba0be08a74c?format=json&states=listing" "tx5cb0628175ec45e5b5fe8-0069b42c67" "proxy-server 20" 0.0005 "-" 22 0
Mar 13 15:25:27 standalone object-server[127456]: 172.20.0.100 - - [13/Mar/2026:15:25:27 +0000] "GET /d1/712/AUTH_d78639bec5b44e99b50f1e2a62a13861/gnocchi.f1642b15-93fd-4364-bf40-8ba0be08a74c/none_v3" 404 70 "GET http://172.18.0.2:8080/v1/AUTH_d78639bec5b44e99b50f1e2a62a13861/gnocchi.f1642b15-93fd-4364-bf40-8ba0be08a74c/none_v3" "tx5cb0628175ec45e5b5fe8-0069b42c67" "proxy-server 20" 0.0004 "-" 25 0
Mar 13 15:25:27 standalone proxy-server[129036]: 172.18.0.2 172.18.0.100 13/Mar/2026/15/25/27 GET /v1/AUTH_d78639bec5b44e99b50f1e2a62a13861/gnocchi.f1642b15-93fd-4364-bf40-8ba0be08a74c/none_v3 HTTP/1.0 404 - python-swiftclient-3.11.1 gAAAAABptCvUN87_... - 70 - tx5cb0628175ec45e5b5fe8-0069b42c67 - 0.0392 - - 1773415527.327768087 1773415527.366919518 0
Mar 13 15:25:27 standalone account-server[127012]: 172.20.0.100 - - [13/Mar/2026:15:25:27 +0000] "PUT /d1/208/AUTH_d78639bec5b44e99b50f1e2a62a13861/gnocchi.f1642b15-93fd-4364-bf40-8ba0be08a74c" 201 - "PUT http://172.20.0.100:6001/d1/190/AUTH_d78639bec5b44e99b50f1e2a62a13861/gnocchi.f1642b15-93fd-4364-bf40-8ba0be08a74c" "tx341514fb90084ba5b2900-0069b42c67" "container-server 21" 0.0048 "-" 20 0
Mar 13 15:25:27 standalone container-server[127069]: 172.20.0.100 - - [13/Mar/2026:15:25:27 +0000] "PUT /d1/190/AUTH_d78639bec5b44e99b50f1e2a62a13861/gnocchi.f1642b15-93fd-4364-bf40-8ba0be08a74c" 201 - "PUT http://172.18.0.2:8080/v1/AUTH_d78639bec5b44e99b50f1e2a62a13861/gnocchi.f1642b15-93fd-4364-bf40-8ba0be08a74c" "tx341514fb90084ba5b2900-0069b42c67" "proxy-server 20" 0.0196 "-" 21 0
Mar 13 15:25:27 standalone proxy-server[129036]: 172.18.0.2 172.18.0.100 13/Mar/2026/15/25/27 PUT /v1/AUTH_d78639bec5b44e99b50f1e2a62a13861/gnocchi.f1642b15-93fd-4364-bf40-8ba0be08a74c HTTP/1.0 201 - python-swiftclient-3.11.1 gAAAAABptCvUN87_... - - - tx341514fb90084ba5b2900-0069b42c67 - 0.0266 - - 1773415527.371606588 1773415527.398184299 0
Mar 13 15:25:27 standalone container-server[127075]: 172.20.0.100 - - [13/Mar/2026:15:25:27 +0000] "HEAD /d1/190/AUTH_d78639bec5b44e99b50f1e2a62a13861/gnocchi.f1642b15-93fd-4364-bf40-8ba0be08a74c" 204 - "HEAD http://172.18.0.2:8080/v1/AUTH_d78639bec5b44e99b50f1e2a62a13861/gnocchi.f1642b15-93fd-4364-bf40-8ba0be08a74c?format=json&states=listing" "txad15f5e6af3e49048ec48-0069b42c67" "proxy-server 20" 0.0012 "-" 22 0
Mar 13 15:25:27 standalone proxy-server[129036]: - - 13/Mar/2026/15/25/27 HEAD /v1/AUTH_d78639bec5b44e99b50f1e2a62a13861/gnocchi.f1642b15-93fd-4364-bf40-8ba0be08a74c%3Fformat%3Djson%26states%3Dlisting HTTP/1.0 204 - Swift - - - - txad15f5e6af3e49048ec48-0069b42c67 - 0.0061 RL - 1773415527.405927896 1773415527.412025928 0
Mar 13 15:25:27 standalone container-server[127075]: 172.20.0.100 - - [13/Mar/2026:15:25:27 +0000] "GET /d1/190/AUTH_d78639bec5b44e99b50f1e2a62a13861/gnocchi.f1642b15-93fd-4364-bf40-8ba0be08a74c" 200 2 "GET http://172.18.0.2:8080/v1/AUTH_d78639bec5b44e99b50f1e2a62a13861/gnocchi.f1642b15-93fd-4364-bf40-8ba0be08a74c?format=json&states=listing" "txad15f5e6af3e49048ec48-0069b42c67" "proxy-server 20" 0.0034 "-" 22 0
Mar 13 15:25:27 standalone proxy-server[129036]: 172.18.0.2 172.18.0.100 13/Mar/2026/15/25/27 GET /v1/AUTH_d78639bec5b44e99b50f1e2a62a13861/gnocchi.f1642b15-93fd-4364-bf40-8ba0be08a74c%3Fformat%3Djson%26states%3Dlisting HTTP/1.0 200 - python-swiftclient-3.11.1 gAAAAABptCvUN87_... - 2 - txad15f5e6af3e49048ec48-0069b42c67 - 0.0209 - - 1773415527.404127598 1773415527.424984932 0
Mar 13 15:25:27 standalone object-server[127453]: 172.20.0.100 - - [13/Mar/2026:15:25:27 +0000] "GET /d1/527/AUTH_d78639bec5b44e99b50f1e2a62a13861/gnocchi.f1642b15-93fd-4364-bf40-8ba0be08a74c/1773360000.0_mean_300.0_v3" 404 70 "GET http://172.18.0.2:8080/v1/AUTH_d78639bec5b44e99b50f1e2a62a13861/gnocchi.f1642b15-93fd-4364-bf40-8ba0be08a74c/1773360000.0_mean_300.0_v3" "txfc3737a2cde54472a7408-0069b42c67" "proxy-server 20" 0.0005 "-" 24 0
Mar 13 15:25:27 standalone proxy-server[129036]: 172.18.0.2 172.18.0.100 13/Mar/2026/15/25/27 GET /v1/AUTH_d78639bec5b44e99b50f1e2a62a13861/gnocchi.f1642b15-93fd-4364-bf40-8ba0be08a74c/1773360000.0_mean_300.0_v3 HTTP/1.0 404 - python-swiftclient-3.11.1 gAAAAABptCvUN87_... - 70 - txfc3737a2cde54472a7408-0069b42c67 - 0.0083 - - 1773415527.430676460 1773415527.439017296 0
Mar 13 15:25:27 standalone container-server[127079]: 172.20.0.100 - - [13/Mar/2026:15:25:27 +0000] "PUT /d1/190/AUTH_d78639bec5b44e99b50f1e2a62a13861/gnocchi.f1642b15-93fd-4364-bf40-8ba0be08a74c/1773360000.0_mean_300.0_v3" 201 - "PUT http://172.18.0.2:8080/d1/527/AUTH_d78639bec5b44e99b50f1e2a62a13861/gnocchi.f1642b15-93fd-4364-bf40-8ba0be08a74c/1773360000.0_mean_300.0_v3" "tx7921c81da36c44bda9b28-0069b42c67" "object-server 24" 0.0008 "-" 23 0
Mar 13 15:25:27 standalone object-server[127453]: 172.20.0.100 - - [13/Mar/2026:15:25:27 +0000] "PUT /d1/527/AUTH_d78639bec5b44e99b50f1e2a62a13861/gnocchi.f1642b15-93fd-4364-bf40-8ba0be08a74c/1773360000.0_mean_300.0_v3" 201 - "PUT http://172.18.0.2:8080/v1/AUTH_d78639bec5b44e99b50f1e2a62a13861/gnocchi.f1642b15-93fd-4364-bf40-8ba0be08a74c/1773360000.0_mean_300.0_v3" "tx7921c81da36c44bda9b28-0069b42c67" "proxy-server 20" 0.0123 "-" 24 0
Mar 13 15:25:27 standalone proxy-server[129036]: 172.18.0.2 172.18.0.100 13/Mar/2026/15/25/27 PUT /v1/AUTH_d78639bec5b44e99b50f1e2a62a13861/gnocchi.f1642b15-93fd-4364-bf40-8ba0be08a74c/1773360000.0_mean_300.0_v3 HTTP/1.0 201 - python-swiftclient-3.11.1 gAAAAABptCvUN87_... 16 - - tx7921c81da36c44bda9b28-0069b42c67 - 0.0210 - - 1773415527.443702936 1773415527.464660168 0
Mar 13 15:25:27 standalone container-server[127075]: 172.20.0.100 - - [13/Mar/2026:15:25:27 +0000] "PUT /d1/190/AUTH_d78639bec5b44e99b50f1e2a62a13861/gnocchi.f1642b15-93fd-4364-bf40-8ba0be08a74c/none_v3" 201 - "PUT http://172.18.0.2:8080/d1/712/AUTH_d78639bec5b44e99b50f1e2a62a13861/gnocchi.f1642b15-93fd-4364-bf40-8ba0be08a74c/none_v3" "tx3ca1662fcd36459da7cd8-0069b42c67" "object-server 25" 0.0008 "-" 22 0
Mar 13 15:25:27 standalone object-server[127456]: 172.20.0.100 - - [13/Mar/2026:15:25:27 +0000] "PUT /d1/712/AUTH_d78639bec5b44e99b50f1e2a62a13861/gnocchi.f1642b15-93fd-4364-bf40-8ba0be08a74c/none_v3" 201 - "PUT http://172.18.0.2:8080/v1/AUTH_d78639bec5b44e99b50f1e2a62a13861/gnocchi.f1642b15-93fd-4364-bf40-8ba0be08a74c/none_v3" "tx3ca1662fcd36459da7cd8-0069b42c67" "proxy-server 20" 0.0125 "-" 25 0
Mar 13 15:25:27 standalone proxy-server[129036]: 172.18.0.2 172.18.0.100 13/Mar/2026/15/25/27 PUT /v1/AUTH_d78639bec5b44e99b50f1e2a62a13861/gnocchi.f1642b15-93fd-4364-bf40-8ba0be08a74c/none_v3 HTTP/1.0 201 - python-swiftclient-3.11.1 gAAAAABptCvUN87_... 22 - - tx3ca1662fcd36459da7cd8-0069b42c67 - 0.0228 - - 1773415527.474313498 1773415527.497159481 0
Mar 13 15:25:27 standalone container-server[127069]: 172.20.0.100 - - [13/Mar/2026:15:25:27 +0000] "HEAD /d1/315/AUTH_d78639bec5b44e99b50f1e2a62a13861/gnocchi.1cded755-e723-4576-a5f1-c8d67e07e389" 404 - "HEAD http://172.18.0.2:8080/v1/AUTH_d78639bec5b44e99b50f1e2a62a13861/gnocchi.1cded755-e723-4576-a5f1-c8d67e07e389?format=json&states=listing" "tx5fee0b7b29d54d39945ca-0069b42c67" "proxy-server 20" 0.0006 "-" 21 0
Mar 13 15:25:27 standalone object-server[127448]: 172.20.0.100 - - [13/Mar/2026:15:25:27 +0000] "GET /d1/92/AUTH_d78639bec5b44e99b50f1e2a62a13861/gnocchi.1cded755-e723-4576-a5f1-c8d67e07e389/none_v3" 404 70 "GET http://172.18.0.2:8080/v1/AUTH_d78639bec5b44e99b50f1e2a62a13861/gnocchi.1cded755-e723-4576-a5f1-c8d67e07e389/none_v3" "tx5fee0b7b29d54d39945ca-0069b42c67" "proxy-server 20" 0.0004 "-" 23 0
Mar 13 15:25:27 standalone proxy-server[129036]: 172.18.0.2 172.18.0.100 13/Mar/2026/15/25/27 GET /v1/AUTH_d78639bec5b44e99b50f1e2a62a13861/gnocchi.1cded755-e723-4576-a5f1-c8d67e07e389/none_v3 HTTP/1.0 404 - python-swiftclient-3.11.1 gAAAAABptCvUN87_... - 70 - tx5fee0b7b29d54d39945ca-0069b42c67 - 0.0225 - - 1773415527.515892029 1773415527.538379669 0
Mar 13 15:25:27 standalone account-server[127071]: 172.20.0.100 - - [13/Mar/2026:15:25:27 +0000] "PUT /d1/208/AUTH_d78639bec5b44e99b50f1e2a62a13861/gnocchi.1cded755-e723-4576-a5f1-c8d67e07e389" 201 - "PUT http://172.20.0.100:6001/d1/315/AUTH_d78639bec5b44e99b50f1e2a62a13861/gnocchi.1cded755-e723-4576-a5f1-c8d67e07e389" "tx0afce25295f2421d80169-0069b42c67" "container-server 23" 0.0072 "-" 23 0
Mar 13 15:25:27 standalone container-server[127079]: 172.20.0.100 - - [13/Mar/2026:15:25:27 +0000] "PUT /d1/315/AUTH_d78639bec5b44e99b50f1e2a62a13861/gnocchi.1cded755-e723-4576-a5f1-c8d67e07e389" 201 - "PUT http://172.18.0.2:8080/v1/AUTH_d78639bec5b44e99b50f1e2a62a13861/gnocchi.1cded755-e723-4576-a5f1-c8d67e07e389" "tx0afce25295f2421d80169-0069b42c67" "proxy-server 20" 0.0501 "-" 23 0
Mar 13 15:25:27 standalone proxy-server[129036]: 172.18.0.2 172.18.0.100 13/Mar/2026/15/25/27 PUT /v1/AUTH_d78639bec5b44e99b50f1e2a62a13861/gnocchi.1cded755-e723-4576-a5f1-c8d67e07e389 HTTP/1.0 201 - python-swiftclient-3.11.1 gAAAAABptCvUN87_... - - - tx0afce25295f2421d80169-0069b42c67 - 0.0584 - - 1773415527.544268131 1773415527.602669001 0
Mar 13 15:25:27 standalone container-server[127075]: 172.20.0.100 - - [13/Mar/2026:15:25:27 +0000] "HEAD /d1/315/AUTH_d78639bec5b44e99b50f1e2a62a13861/gnocchi.1cded755-e723-4576-a5f1-c8d67e07e389" 204 - "HEAD http://172.18.0.2:8080/v1/AUTH_d78639bec5b44e99b50f1e2a62a13861/gnocchi.1cded755-e723-4576-a5f1-c8d67e07e389?format=json&states=listing" "txa26e9959c73b41a2ac795-0069b42c67" "proxy-server 20" 0.0024 "-" 22 0
Mar 13 15:25:27 standalone proxy-server[129036]: - - 13/Mar/2026/15/25/27 HEAD /v1/AUTH_d78639bec5b44e99b50f1e2a62a13861/gnocchi.1cded755-e723-4576-a5f1-c8d67e07e389%3Fformat%3Djson%26states%3Dlisting HTTP/1.0 204 - Swift - - - - txa26e9959c73b41a2ac795-0069b42c67 - 0.0109 RL - 1773415527.607985497 1773415527.618909359 0
Mar 13 15:25:27 standalone container-server[127062]: 172.20.0.100 - - [13/Mar/2026:15:25:27 +0000] "GET /d1/315/AUTH_d78639bec5b44e99b50f1e2a62a13861/gnocchi.1cded755-e723-4576-a5f1-c8d67e07e389" 200 2 "GET http://172.18.0.2:8080/v1/AUTH_d78639bec5b44e99b50f1e2a62a13861/gnocchi.1cded755-e723-4576-a5f1-c8d67e07e389?format=json&states=listing" "txa26e9959c73b41a2ac795-0069b42c67" "proxy-server 20" 0.0019 "-" 20 0
Mar 13 15:25:27 standalone proxy-server[129036]: 172.18.0.2 172.18.0.100 13/Mar/2026/15/25/27 GET /v1/AUTH_d78639bec5b44e99b50f1e2a62a13861/gnocchi.1cded755-e723-4576-a5f1-c8d67e07e389%3Fformat%3Djson%26states%3Dlisting HTTP/1.0 200 - python-swiftclient-3.11.1 gAAAAABptCvUN87_... - 2 - txa26e9959c73b41a2ac795-0069b42c67 - 0.0286 - - 1773415527.606236458 1773415527.634860754 0
Mar 13 15:25:27 standalone object-server[127448]: 172.20.0.100 - - [13/Mar/2026:15:25:27 +0000] "GET /d1/137/AUTH_d78639bec5b44e99b50f1e2a62a13861/gnocchi.1cded755-e723-4576-a5f1-c8d67e07e389/1773360000.0_mean_300.0_v3" 404 70 "GET http://172.18.0.2:8080/v1/AUTH_d78639bec5b44e99b50f1e2a62a13861/gnocchi.1cded755-e723-4576-a5f1-c8d67e07e389/1773360000.0_mean_300.0_v3" "tx369229bc81f34ffaba5ca-0069b42c67" "proxy-server 20" 0.0006 "-" 23 0
Mar 13 15:25:27 standalone proxy-server[129036]: 172.18.0.2 172.18.0.100 13/Mar/2026/15/25/27 GET /v1/AUTH_d78639bec5b44e99b50f1e2a62a13861/gnocchi.1cded755-e723-4576-a5f1-c8d67e07e389/1773360000.0_mean_300.0_v3 HTTP/1.0 404 - python-swiftclient-3.11.1 gAAAAABptCvUN87_... - 70 - tx369229bc81f34ffaba5ca-0069b42c67 - 0.0109 - - 1773415527.647616148 1773415527.658551216 0
Mar 13 15:25:27 standalone container-server[127075]: 172.20.0.100 - - [13/Mar/2026:15:25:27 +0000] "PUT /d1/315/AUTH_d78639bec5b44e99b50f1e2a62a13861/gnocchi.1cded755-e723-4576-a5f1-c8d67e07e389/1773360000.0_mean_300.0_v3" 201 - "PUT http://172.18.0.2:8080/d1/137/AUTH_d78639bec5b44e99b50f1e2a62a13861/gnocchi.1cded755-e723-4576-a5f1-c8d67e07e389/1773360000.0_mean_300.0_v3" "tx16b316548af8473ea87c1-0069b42c67" "object-server 23" 0.0018 "-" 22 0
Mar 13 15:25:27 standalone object-server[127448]: 172.20.0.100 - - [13/Mar/2026:15:25:27 +0000] "PUT /d1/137/AUTH_d78639bec5b44e99b50f1e2a62a13861/gnocchi.1cded755-e723-4576-a5f1-c8d67e07e389/1773360000.0_mean_300.0_v3" 201 - "PUT http://172.18.0.2:8080/v1/AUTH_d78639bec5b44e99b50f1e2a62a13861/gnocchi.1cded755-e723-4576-a5f1-c8d67e07e389/1773360000.0_mean_300.0_v3" "tx16b316548af8473ea87c1-0069b42c67" "proxy-server 20" 0.0146 "-" 23 0
Mar 13 15:25:27 standalone proxy-server[129036]: 172.18.0.2 172.18.0.100 13/Mar/2026/15/25/27 PUT /v1/AUTH_d78639bec5b44e99b50f1e2a62a13861/gnocchi.1cded755-e723-4576-a5f1-c8d67e07e389/1773360000.0_mean_300.0_v3 HTTP/1.0 201 - python-swiftclient-3.11.1 gAAAAABptCvUN87_... 16 - - tx16b316548af8473ea87c1-0069b42c67 - 0.0297 - - 1773415527.666769266 1773415527.696495533 0
Mar 13 15:25:27 standalone container-server[127079]: 172.20.0.100 - - [13/Mar/2026:15:25:27 +0000] "PUT /d1/315/AUTH_d78639bec5b44e99b50f1e2a62a13861/gnocchi.1cded755-e723-4576-a5f1-c8d67e07e389/none_v3" 201 - "PUT http://172.18.0.2:8080/d1/92/AUTH_d78639bec5b44e99b50f1e2a62a13861/gnocchi.1cded755-e723-4576-a5f1-c8d67e07e389/none_v3" "txbc0d9c09d8c049a684884-0069b42c67" "object-server 22" 0.0008 "-" 23 0
Mar 13 15:25:27 standalone object-server[127445]: 172.20.0.100 - - [13/Mar/2026:15:25:27 +0000] "PUT /d1/92/AUTH_d78639bec5b44e99b50f1e2a62a13861/gnocchi.1cded755-e723-4576-a5f1-c8d67e07e389/none_v3" 201 - "PUT http://172.18.0.2:8080/v1/AUTH_d78639bec5b44e99b50f1e2a62a13861/gnocchi.1cded755-e723-4576-a5f1-c8d67e07e389/none_v3" "txbc0d9c09d8c049a684884-0069b42c67" "proxy-server 20" 0.0130 "-" 22 0
Mar 13 15:25:27 standalone proxy-server[129036]: 172.18.0.2 172.18.0.100 13/Mar/2026/15/25/27 PUT /v1/AUTH_d78639bec5b44e99b50f1e2a62a13861/gnocchi.1cded755-e723-4576-a5f1-c8d67e07e389/none_v3 HTTP/1.0 201 - python-swiftclient-3.11.1 gAAAAABptCvUN87_... 22 - - txbc0d9c09d8c049a684884-0069b42c67 - 0.0252 - - 1773415527.702868462 1773415527.728076220 0
Mar 13 15:25:27 standalone container-server[127069]: 172.20.0.100 - - [13/Mar/2026:15:25:27 +0000] "HEAD /d1/70/AUTH_d78639bec5b44e99b50f1e2a62a13861/gnocchi.626aa8a8-b94e-4eb7-aecd-de71dd30a9f0" 404 - "HEAD http://172.18.0.2:8080/v1/AUTH_d78639bec5b44e99b50f1e2a62a13861/gnocchi.626aa8a8-b94e-4eb7-aecd-de71dd30a9f0?format=json&states=listing" "tx234906d0a0464cf58c18b-0069b42c67" "proxy-server 20" 0.0005 "-" 21 0
Mar 13 15:25:27 standalone object-server[127448]: 172.20.0.100 - - [13/Mar/2026:15:25:27 +0000] "GET /d1/720/AUTH_d78639bec5b44e99b50f1e2a62a13861/gnocchi.626aa8a8-b94e-4eb7-aecd-de71dd30a9f0/none_v3" 404 70 "GET http://172.18.0.2:8080/v1/AUTH_d78639bec5b44e99b50f1e2a62a13861/gnocchi.626aa8a8-b94e-4eb7-aecd-de71dd30a9f0/none_v3" "tx234906d0a0464cf58c18b-0069b42c67" "proxy-server 20" 0.0005 "-" 23 0
Mar 13 15:25:27 standalone proxy-server[129036]: 172.18.0.2 172.18.0.100 13/Mar/2026/15/25/27 GET /v1/AUTH_d78639bec5b44e99b50f1e2a62a13861/gnocchi.626aa8a8-b94e-4eb7-aecd-de71dd30a9f0/none_v3 HTTP/1.0 404 - python-swiftclient-3.11.1 gAAAAABptCvUN87_... - 70 - tx234906d0a0464cf58c18b-0069b42c67 - 0.0227 - - 1773415527.743833780 1773415527.766570568 0
Mar 13 15:25:27 standalone account-server[127063]: 172.20.0.100 - - [13/Mar/2026:15:25:27 +0000] "PUT /d1/208/AUTH_d78639bec5b44e99b50f1e2a62a13861/gnocchi.626aa8a8-b94e-4eb7-aecd-de71dd30a9f0" 201 - "PUT http://172.20.0.100:6001/d1/70/AUTH_d78639bec5b44e99b50f1e2a62a13861/gnocchi.626aa8a8-b94e-4eb7-aecd-de71dd30a9f0" "txc853719be2b941efa9753-0069b42c67" "container-server 21" 0.0064 "-" 22 0
Mar 13 15:25:27 standalone container-server[127069]: 172.20.0.100 - - [13/Mar/2026:15:25:27 +0000] "PUT /d1/70/AUTH_d78639bec5b44e99b50f1e2a62a13861/gnocchi.626aa8a8-b94e-4eb7-aecd-de71dd30a9f0" 201 - "PUT http://172.18.0.2:8080/v1/AUTH_d78639bec5b44e99b50f1e2a62a13861/gnocchi.626aa8a8-b94e-4eb7-aecd-de71dd30a9f0" "txc853719be2b941efa9753-0069b42c67" "proxy-server 20" 0.0221 "-" 21 0
Mar 13 15:25:27 standalone proxy-server[129036]: 172.18.0.2 172.18.0.100 13/Mar/2026/15/25/27 PUT /v1/AUTH_d78639bec5b44e99b50f1e2a62a13861/gnocchi.626aa8a8-b94e-4eb7-aecd-de71dd30a9f0 HTTP/1.0 201 - python-swiftclient-3.11.1 gAAAAABptCvUN87_... - - - txc853719be2b941efa9753-0069b42c67 - 0.0300 - - 1773415527.770929575 1773415527.800913095 0
Mar 13 15:25:27 standalone container-server[127069]: 172.20.0.100 - - [13/Mar/2026:15:25:27 +0000] "HEAD /d1/70/AUTH_d78639bec5b44e99b50f1e2a62a13861/gnocchi.626aa8a8-b94e-4eb7-aecd-de71dd30a9f0" 204 - "HEAD http://172.18.0.2:8080/v1/AUTH_d78639bec5b44e99b50f1e2a62a13861/gnocchi.626aa8a8-b94e-4eb7-aecd-de71dd30a9f0?format=json&states=listing" "tx8504ce029a1e45e3b677f-0069b42c67" "proxy-server 20" 0.0024 "-" 21 0
Mar 13 15:25:27 standalone proxy-server[129036]: - - 13/Mar/2026/15/25/27 HEAD /v1/AUTH_d78639bec5b44e99b50f1e2a62a13861/gnocchi.626aa8a8-b94e-4eb7-aecd-de71dd30a9f0%3Fformat%3Djson%26states%3Dlisting HTTP/1.0 204 - Swift - - - - tx8504ce029a1e45e3b677f-0069b42c67 - 0.0086 RL - 1773415527.810198784 1773415527.818800449 0
Mar 13 15:25:27 standalone container-server[127075]: 172.20.0.100 - - [13/Mar/2026:15:25:27 +0000] "GET /d1/70/AUTH_d78639bec5b44e99b50f1e2a62a13861/gnocchi.626aa8a8-b94e-4eb7-aecd-de71dd30a9f0" 200 2 "GET http://172.18.0.2:8080/v1/AUTH_d78639bec5b44e99b50f1e2a62a13861/gnocchi.626aa8a8-b94e-4eb7-aecd-de71dd30a9f0?format=json&states=listing" "tx8504ce029a1e45e3b677f-0069b42c67" "proxy-server 20" 0.0037 "-" 22 0
Mar 13 15:25:27 standalone proxy-server[129036]: 172.18.0.2 172.18.0.100 13/Mar/2026/15/25/27 GET /v1/AUTH_d78639bec5b44e99b50f1e2a62a13861/gnocchi.626aa8a8-b94e-4eb7-aecd-de71dd30a9f0%3Fformat%3Djson%26states%3Dlisting HTTP/1.0 200 - python-swiftclient-3.11.1 gAAAAABptCvUN87_... - 2 - tx8504ce029a1e45e3b677f-0069b42c67 - 0.0266 - - 1773415527.808145761 1773415527.834743738 0
Mar 13 15:25:27 standalone object-server[127445]: 172.20.0.100 - - [13/Mar/2026:15:25:27 +0000] "GET /d1/729/AUTH_d78639bec5b44e99b50f1e2a62a13861/gnocchi.626aa8a8-b94e-4eb7-aecd-de71dd30a9f0/1773360000.0_mean_300.0_v3" 404 70 "GET http://172.18.0.2:8080/v1/AUTH_d78639bec5b44e99b50f1e2a62a13861/gnocchi.626aa8a8-b94e-4eb7-aecd-de71dd30a9f0/1773360000.0_mean_300.0_v3" "tx3696a431caec47bd935a4-0069b42c67" "proxy-server 20" 0.0005 "-" 22 0
Mar 13 15:25:27 standalone proxy-server[129036]: 172.18.0.2 172.18.0.100 13/Mar/2026/15/25/27 GET /v1/AUTH_d78639bec5b44e99b50f1e2a62a13861/gnocchi.626aa8a8-b94e-4eb7-aecd-de71dd30a9f0/1773360000.0_mean_300.0_v3 HTTP/1.0 404 - python-swiftclient-3.11.1 gAAAAABptCvUN87_... - 70 - tx3696a431caec47bd935a4-0069b42c67 - 0.0129 - - 1773415527.841178656 1773415527.854063272 0
Mar 13 15:25:27 standalone container-server[127069]: 172.20.0.100 - - [13/Mar/2026:15:25:27 +0000] "PUT /d1/70/AUTH_d78639bec5b44e99b50f1e2a62a13861/gnocchi.626aa8a8-b94e-4eb7-aecd-de71dd30a9f0/1773360000.0_mean_300.0_v3" 201 - "PUT http://172.18.0.2:8080/d1/729/AUTH_d78639bec5b44e99b50f1e2a62a13861/gnocchi.626aa8a8-b94e-4eb7-aecd-de71dd30a9f0/1773360000.0_mean_300.0_v3" "tx3528182e94d34f42a40ab-0069b42c67" "object-server 25" 0.0010 "-" 21 0
Mar 13 15:25:27 standalone object-server[127456]: 172.20.0.100 - - [13/Mar/2026:15:25:27 +0000] "PUT /d1/729/AUTH_d78639bec5b44e99b50f1e2a62a13861/gnocchi.626aa8a8-b94e-4eb7-aecd-de71dd30a9f0/1773360000.0_mean_300.0_v3" 201 - "PUT http://172.18.0.2:8080/v1/AUTH_d78639bec5b44e99b50f1e2a62a13861/gnocchi.626aa8a8-b94e-4eb7-aecd-de71dd30a9f0/1773360000.0_mean_300.0_v3" "tx3528182e94d34f42a40ab-0069b42c67" "proxy-server 20" 0.0139 "-" 25 0
Mar 13 15:25:27 standalone proxy-server[129036]: 172.18.0.2 172.18.0.100 13/Mar/2026/15/25/27 PUT /v1/AUTH_d78639bec5b44e99b50f1e2a62a13861/gnocchi.626aa8a8-b94e-4eb7-aecd-de71dd30a9f0/1773360000.0_mean_300.0_v3 HTTP/1.0 201 - python-swiftclient-3.11.1 gAAAAABptCvUN87_... 16 - - tx3528182e94d34f42a40ab-0069b42c67 - 0.0231 - - 1773415527.859854698 1773415527.882934093 0
Mar 13 15:25:27 standalone container-server[127075]: 172.20.0.100 - - [13/Mar/2026:15:25:27 +0000] "PUT /d1/70/AUTH_d78639bec5b44e99b50f1e2a62a13861/gnocchi.626aa8a8-b94e-4eb7-aecd-de71dd30a9f0/none_v3" 201 - "PUT http://172.18.0.2:8080/d1/720/AUTH_d78639bec5b44e99b50f1e2a62a13861/gnocchi.626aa8a8-b94e-4eb7-aecd-de71dd30a9f0/none_v3" "tx1263d08474124e1dbc115-0069b42c67" "object-server 22" 0.0008 "-" 22 0
Mar 13 15:25:27 standalone object-server[127445]: 172.20.0.100 - - [13/Mar/2026:15:25:27 +0000] "PUT /d1/720/AUTH_d78639bec5b44e99b50f1e2a62a13861/gnocchi.626aa8a8-b94e-4eb7-aecd-de71dd30a9f0/none_v3" 201 - "PUT http://172.18.0.2:8080/v1/AUTH_d78639bec5b44e99b50f1e2a62a13861/gnocchi.626aa8a8-b94e-4eb7-aecd-de71dd30a9f0/none_v3" "tx1263d08474124e1dbc115-0069b42c67" "proxy-server 20" 0.0187 "-" 22 0
Mar 13 15:25:27 standalone proxy-server[129036]: 172.18.0.2 172.18.0.100 13/Mar/2026/15/25/27 PUT /v1/AUTH_d78639bec5b44e99b50f1e2a62a13861/gnocchi.626aa8a8-b94e-4eb7-aecd-de71dd30a9f0/none_v3 HTTP/1.0 201 - python-swiftclient-3.11.1 gAAAAABptCvUN87_... 22 - - tx1263d08474124e1dbc115-0069b42c67 - 0.0294 - - 1773415527.887413025 1773415527.916825533 0
Mar 13 15:25:27 standalone object-server[127453]: 172.20.0.100 - - [13/Mar/2026:15:25:27 +0000] "GET /d1/558/AUTH_d78639bec5b44e99b50f1e2a62a13861/gnocchi.538a0654-2c67-4eaa-9aff-ad07652a589f/none_v3" 200 31 "GET http://172.18.0.2:8080/v1/AUTH_d78639bec5b44e99b50f1e2a62a13861/gnocchi.538a0654-2c67-4eaa-9aff-ad07652a589f/none_v3" "txc8c14680861c49dd985a8-0069b42c67" "proxy-server 20" 0.0011 "-" 24 0
Mar 13 15:25:27 standalone proxy-server[129036]: 172.18.0.2 172.18.0.100 13/Mar/2026/15/25/27 GET /v1/AUTH_d78639bec5b44e99b50f1e2a62a13861/gnocchi.538a0654-2c67-4eaa-9aff-ad07652a589f/none_v3 HTTP/1.0 200 - python-swiftclient-3.11.1 gAAAAABptCvUN87_... - 31 - txc8c14680861c49dd985a8-0069b42c67 - 0.0115 - - 1773415527.939619541 1773415527.951085091 0
Mar 13 15:25:27 standalone container-server[127069]: 172.20.0.100 - - [13/Mar/2026:15:25:27 +0000] "GET /d1/18/AUTH_d78639bec5b44e99b50f1e2a62a13861/gnocchi.538a0654-2c67-4eaa-9aff-ad07652a589f" 200 357 "GET http://172.18.0.2:8080/v1/AUTH_d78639bec5b44e99b50f1e2a62a13861/gnocchi.538a0654-2c67-4eaa-9aff-ad07652a589f?format=json&states=listing" "txbbcaecccc283416e81de5-0069b42c67" "proxy-server 20" 0.0126 "-" 21 0
Mar 13 15:25:27 standalone proxy-server[129036]: 172.18.0.2 172.18.0.100 13/Mar/2026/15/25/27 GET /v1/AUTH_d78639bec5b44e99b50f1e2a62a13861/gnocchi.538a0654-2c67-4eaa-9aff-ad07652a589f%3Fformat%3Djson%26states%3Dlisting HTTP/1.0 200 - python-swiftclient-3.11.1 gAAAAABptCvUN87_... - 357 - txbbcaecccc283416e81de5-0069b42c67 - 0.0196 - - 1773415527.955213308 1773415527.974823952 0
Mar 13 15:25:27 standalone container-server[127075]: 172.20.0.100 - - [13/Mar/2026:15:25:27 +0000] "GET /d1/18/AUTH_d78639bec5b44e99b50f1e2a62a13861/gnocchi.538a0654-2c67-4eaa-9aff-ad07652a589f" 200 2 "GET http://172.18.0.2:8080/v1/AUTH_d78639bec5b44e99b50f1e2a62a13861/gnocchi.538a0654-2c67-4eaa-9aff-ad07652a589f?format=json&marker=none_v3&states=listing" "tx320753de8b4c4a57b3ab9-0069b42c67" "proxy-server 20" 0.0026 "-" 22 0
