Mar 13 15:25:00 standalone container-server[127062]: 172.20.0.100 - - [13/Mar/2026:15:25:00 +0000] "HEAD /d1/798/AUTH_d78639bec5b44e99b50f1e2a62a13861/gnocchi.761f7439-9563-493d-a034-1a75e7038fde" 204 - "HEAD http://172.18.0.2:8080/v1/AUTH_d78639bec5b44e99b50f1e2a62a13861/gnocchi.761f7439-9563-493d-a034-1a75e7038fde?format=json&states=listing" "tx462aa43f415b42cc9c5ac-0069b42c4c" "proxy-server 20" 0.0016 "-" 20 0
Mar 13 15:25:00 standalone proxy-server[129036]: - - 13/Mar/2026/15/25/00 HEAD /v1/AUTH_d78639bec5b44e99b50f1e2a62a13861/gnocchi.761f7439-9563-493d-a034-1a75e7038fde%3Fformat%3Djson%26states%3Dlisting HTTP/1.0 204 - Swift - - - - tx462aa43f415b42cc9c5ac-0069b42c4c - 0.0063 RL - 1773415500.322426558 1773415500.328774452 0
Mar 13 15:25:00 standalone container-server[127075]: 172.20.0.100 - - [13/Mar/2026:15:25:00 +0000] "GET /d1/798/AUTH_d78639bec5b44e99b50f1e2a62a13861/gnocchi.761f7439-9563-493d-a034-1a75e7038fde" 200 2 "GET http://172.18.0.2:8080/v1/AUTH_d78639bec5b44e99b50f1e2a62a13861/gnocchi.761f7439-9563-493d-a034-1a75e7038fde?format=json&states=listing" "tx462aa43f415b42cc9c5ac-0069b42c4c" "proxy-server 20" 0.0033 "-" 22 0
Mar 13 15:25:00 standalone proxy-server[129036]: 172.18.0.2 172.18.0.100 13/Mar/2026/15/25/00 GET /v1/AUTH_d78639bec5b44e99b50f1e2a62a13861/gnocchi.761f7439-9563-493d-a034-1a75e7038fde%3Fformat%3Djson%26states%3Dlisting HTTP/1.0 200 - python-swiftclient-3.11.1 gAAAAABptCvUN87_... - 2 - tx462aa43f415b42cc9c5ac-0069b42c4c - 0.0215 - - 1773415500.320631027 1773415500.342165709 0
Mar 13 15:25:00 standalone object-server[127448]: 172.20.0.100 - - [13/Mar/2026:15:25:00 +0000] "GET /d1/918/AUTH_d78639bec5b44e99b50f1e2a62a13861/gnocchi.761f7439-9563-493d-a034-1a75e7038fde/1773360000.0_mean_300.0_v3" 404 70 "GET http://172.18.0.2:8080/v1/AUTH_d78639bec5b44e99b50f1e2a62a13861/gnocchi.761f7439-9563-493d-a034-1a75e7038fde/1773360000.0_mean_300.0_v3" "txc84ba9d928a6490aadf19-0069b42c4c" "proxy-server 20" 0.0005 "-" 23 0
Mar 13 15:25:00 standalone proxy-server[129036]: 172.18.0.2 172.18.0.100 13/Mar/2026/15/25/00 GET /v1/AUTH_d78639bec5b44e99b50f1e2a62a13861/gnocchi.761f7439-9563-493d-a034-1a75e7038fde/1773360000.0_mean_300.0_v3 HTTP/1.0 404 - python-swiftclient-3.11.1 gAAAAABptCvUN87_... - 70 - txc84ba9d928a6490aadf19-0069b42c4c - 0.0080 - - 1773415500.347308636 1773415500.355338097 0
Mar 13 15:25:00 standalone container-server[127069]: 172.20.0.100 - - [13/Mar/2026:15:25:00 +0000] "PUT /d1/798/AUTH_d78639bec5b44e99b50f1e2a62a13861/gnocchi.761f7439-9563-493d-a034-1a75e7038fde/1773360000.0_mean_300.0_v3" 201 - "PUT http://172.18.0.2:8080/d1/918/AUTH_d78639bec5b44e99b50f1e2a62a13861/gnocchi.761f7439-9563-493d-a034-1a75e7038fde/1773360000.0_mean_300.0_v3" "tx3b2cfebddfee41e0ab868-0069b42c4c" "object-server 25" 0.0008 "-" 21 0
Mar 13 15:25:00 standalone object-server[127456]: 172.20.0.100 - - [13/Mar/2026:15:25:00 +0000] "PUT /d1/918/AUTH_d78639bec5b44e99b50f1e2a62a13861/gnocchi.761f7439-9563-493d-a034-1a75e7038fde/1773360000.0_mean_300.0_v3" 201 - "PUT http://172.18.0.2:8080/v1/AUTH_d78639bec5b44e99b50f1e2a62a13861/gnocchi.761f7439-9563-493d-a034-1a75e7038fde/1773360000.0_mean_300.0_v3" "tx3b2cfebddfee41e0ab868-0069b42c4c" "proxy-server 20" 0.0139 "-" 25 0
Mar 13 15:25:00 standalone proxy-server[129036]: 172.18.0.2 172.18.0.100 13/Mar/2026/15/25/00 PUT /v1/AUTH_d78639bec5b44e99b50f1e2a62a13861/gnocchi.761f7439-9563-493d-a034-1a75e7038fde/1773360000.0_mean_300.0_v3 HTTP/1.0 201 - python-swiftclient-3.11.1 gAAAAABptCvUN87_... 16 - - tx3b2cfebddfee41e0ab868-0069b42c4c - 0.0214 - - 1773415500.359474897 1773415500.380829334 0
Mar 13 15:25:00 standalone container-server[127062]: 172.20.0.100 - - [13/Mar/2026:15:25:00 +0000] "PUT /d1/798/AUTH_d78639bec5b44e99b50f1e2a62a13861/gnocchi.761f7439-9563-493d-a034-1a75e7038fde/none_v3" 201 - "PUT http://172.18.0.2:8080/d1/889/AUTH_d78639bec5b44e99b50f1e2a62a13861/gnocchi.761f7439-9563-493d-a034-1a75e7038fde/none_v3" "tx82619246664140cda2bd4-0069b42c4c" "object-server 24" 0.0007 "-" 20 0
Mar 13 15:25:00 standalone object-server[127453]: 172.20.0.100 - - [13/Mar/2026:15:25:00 +0000] "PUT /d1/889/AUTH_d78639bec5b44e99b50f1e2a62a13861/gnocchi.761f7439-9563-493d-a034-1a75e7038fde/none_v3" 201 - "PUT http://172.18.0.2:8080/v1/AUTH_d78639bec5b44e99b50f1e2a62a13861/gnocchi.761f7439-9563-493d-a034-1a75e7038fde/none_v3" "tx82619246664140cda2bd4-0069b42c4c" "proxy-server 20" 0.0108 "-" 24 0
Mar 13 15:25:00 standalone proxy-server[129036]: 172.18.0.2 172.18.0.100 13/Mar/2026/15/25/00 PUT /v1/AUTH_d78639bec5b44e99b50f1e2a62a13861/gnocchi.761f7439-9563-493d-a034-1a75e7038fde/none_v3 HTTP/1.0 201 - python-swiftclient-3.11.1 gAAAAABptCvUN87_... 22 - - tx82619246664140cda2bd4-0069b42c4c - 0.0182 - - 1773415500.384795904 1773415500.402996778 0
Mar 13 15:25:00 standalone object-server[127445]: 172.20.0.100 - - [13/Mar/2026:15:25:00 +0000] "GET /d1/889/AUTH_d78639bec5b44e99b50f1e2a62a13861/gnocchi.761f7439-9563-493d-a034-1a75e7038fde/none_v3" 200 22 "GET http://172.18.0.2:8080/v1/AUTH_d78639bec5b44e99b50f1e2a62a13861/gnocchi.761f7439-9563-493d-a034-1a75e7038fde/none_v3" "tx7850cd167cd4405a88c9e-0069b42c4c" "proxy-server 20" 0.0016 "-" 22 0
Mar 13 15:25:00 standalone proxy-server[129036]: 172.18.0.2 172.18.0.100 13/Mar/2026/15/25/00 GET /v1/AUTH_d78639bec5b44e99b50f1e2a62a13861/gnocchi.761f7439-9563-493d-a034-1a75e7038fde/none_v3 HTTP/1.0 200 - python-swiftclient-3.11.1 gAAAAABptCvUN87_... - 22 - tx7850cd167cd4405a88c9e-0069b42c4c - 0.0112 - - 1773415500.821401834 1773415500.832611561 0
Mar 13 15:25:00 standalone container-server[127079]: 172.20.0.100 - - [13/Mar/2026:15:25:00 +0000] "GET /d1/798/AUTH_d78639bec5b44e99b50f1e2a62a13861/gnocchi.761f7439-9563-493d-a034-1a75e7038fde" 200 357 "GET http://172.18.0.2:8080/v1/AUTH_d78639bec5b44e99b50f1e2a62a13861/gnocchi.761f7439-9563-493d-a034-1a75e7038fde?format=json&states=listing" "tx33aabc63eccc4dfaab6c7-0069b42c4c" "proxy-server 20" 0.0123 "-" 23 0
Mar 13 15:25:00 standalone proxy-server[129036]: 172.18.0.2 172.18.0.100 13/Mar/2026/15/25/00 GET /v1/AUTH_d78639bec5b44e99b50f1e2a62a13861/gnocchi.761f7439-9563-493d-a034-1a75e7038fde%3Fformat%3Djson%26states%3Dlisting HTTP/1.0 200 - python-swiftclient-3.11.1 gAAAAABptCvUN87_... - 357 - tx33aabc63eccc4dfaab6c7-0069b42c4c - 0.0224 - - 1773415500.837631941 1773415500.860047102 0
Mar 13 15:25:00 standalone container-server[127069]: 172.20.0.100 - - [13/Mar/2026:15:25:00 +0000] "GET /d1/798/AUTH_d78639bec5b44e99b50f1e2a62a13861/gnocchi.761f7439-9563-493d-a034-1a75e7038fde" 200 2 "GET http://172.18.0.2:8080/v1/AUTH_d78639bec5b44e99b50f1e2a62a13861/gnocchi.761f7439-9563-493d-a034-1a75e7038fde?format=json&marker=none_v3&states=listing" "txdd05c2ca5ef2480f85916-0069b42c4c" "proxy-server 20" 0.0038 "-" 21 0
Mar 13 15:25:00 standalone proxy-server[129036]: 172.18.0.2 172.18.0.100 13/Mar/2026/15/25/00 GET /v1/AUTH_d78639bec5b44e99b50f1e2a62a13861/gnocchi.761f7439-9563-493d-a034-1a75e7038fde%3Fformat%3Djson%26marker%3Dnone_v3%26states%3Dlisting HTTP/1.0 200 - python-swiftclient-3.11.1 gAAAAABptCvUN87_... - 2 - txdd05c2ca5ef2480f85916-0069b42c4c - 0.0124 - - 1773415500.869401932 1773415500.881804228 0
Mar 13 15:25:00 standalone object-server[127445]: 172.20.0.100 - - [13/Mar/2026:15:25:00 +0000] "GET /d1/918/AUTH_d78639bec5b44e99b50f1e2a62a13861/gnocchi.761f7439-9563-493d-a034-1a75e7038fde/1773360000.0_mean_300.0_v3" 200 16 "GET http://172.18.0.2:8080/v1/AUTH_d78639bec5b44e99b50f1e2a62a13861/gnocchi.761f7439-9563-493d-a034-1a75e7038fde/1773360000.0_mean_300.0_v3" "txcc67f8fdff624a9ebe609-0069b42c4c" "proxy-server 20" 0.0010 "-" 22 0
Mar 13 15:25:00 standalone proxy-server[129036]: 172.18.0.2 172.18.0.100 13/Mar/2026/15/25/00 GET /v1/AUTH_d78639bec5b44e99b50f1e2a62a13861/gnocchi.761f7439-9563-493d-a034-1a75e7038fde/1773360000.0_mean_300.0_v3 HTTP/1.0 200 - python-swiftclient-3.11.1 gAAAAABptCvUN87_... - 16 - txcc67f8fdff624a9ebe609-0069b42c4c - 0.0094 - - 1773415500.886835098 1773415500.896275520 0
Mar 13 15:25:00 standalone container-server[127079]: 172.20.0.100 - - [13/Mar/2026:15:25:00 +0000] "PUT /d1/798/AUTH_d78639bec5b44e99b50f1e2a62a13861/gnocchi.761f7439-9563-493d-a034-1a75e7038fde/1773360000.0_mean_300.0_v3" 201 - "PUT http://172.18.0.2:8080/d1/918/AUTH_d78639bec5b44e99b50f1e2a62a13861/gnocchi.761f7439-9563-493d-a034-1a75e7038fde/1773360000.0_mean_300.0_v3" "tx5dfdd645e7c6410d970a6-0069b42c4c" "object-server 24" 0.0009 "-" 23 0
Mar 13 15:25:00 standalone object-server[127453]: 172.20.0.100 - - [13/Mar/2026:15:25:00 +0000] "PUT /d1/918/AUTH_d78639bec5b44e99b50f1e2a62a13861/gnocchi.761f7439-9563-493d-a034-1a75e7038fde/1773360000.0_mean_300.0_v3" 201 - "PUT http://172.18.0.2:8080/v1/AUTH_d78639bec5b44e99b50f1e2a62a13861/gnocchi.761f7439-9563-493d-a034-1a75e7038fde/1773360000.0_mean_300.0_v3" "tx5dfdd645e7c6410d970a6-0069b42c4c" "proxy-server 20" 0.0113 "-" 24 0
Mar 13 15:25:00 standalone proxy-server[129036]: 172.18.0.2 172.18.0.100 13/Mar/2026/15/25/00 PUT /v1/AUTH_d78639bec5b44e99b50f1e2a62a13861/gnocchi.761f7439-9563-493d-a034-1a75e7038fde/1773360000.0_mean_300.0_v3 HTTP/1.0 201 - python-swiftclient-3.11.1 gAAAAABptCvUN87_... 16 - - tx5dfdd645e7c6410d970a6-0069b42c4c - 0.0219 - - 1773415500.900286913 1773415500.922177076 0
Mar 13 15:25:00 standalone container-server[127062]: 172.20.0.100 - - [13/Mar/2026:15:25:00 +0000] "PUT /d1/798/AUTH_d78639bec5b44e99b50f1e2a62a13861/gnocchi.761f7439-9563-493d-a034-1a75e7038fde/none_v3" 201 - "PUT http://172.18.0.2:8080/d1/889/AUTH_d78639bec5b44e99b50f1e2a62a13861/gnocchi.761f7439-9563-493d-a034-1a75e7038fde/none_v3" "txb9694029ddbf440681259-0069b42c4c" "object-server 25" 0.0009 "-" 20 0
Mar 13 15:25:00 standalone object-server[127456]: 172.20.0.100 - - [13/Mar/2026:15:25:00 +0000] "PUT /d1/889/AUTH_d78639bec5b44e99b50f1e2a62a13861/gnocchi.761f7439-9563-493d-a034-1a75e7038fde/none_v3" 201 - "PUT http://172.18.0.2:8080/v1/AUTH_d78639bec5b44e99b50f1e2a62a13861/gnocchi.761f7439-9563-493d-a034-1a75e7038fde/none_v3" "txb9694029ddbf440681259-0069b42c4c" "proxy-server 20" 0.0118 "-" 25 0
Mar 13 15:25:00 standalone proxy-server[129036]: 172.18.0.2 172.18.0.100 13/Mar/2026/15/25/00 PUT /v1/AUTH_d78639bec5b44e99b50f1e2a62a13861/gnocchi.761f7439-9563-493d-a034-1a75e7038fde/none_v3 HTTP/1.0 201 - python-swiftclient-3.11.1 gAAAAABptCvUN87_... 31 - - txb9694029ddbf440681259-0069b42c4c - 0.0198 - - 1773415500.925100565 1773415500.944872856 0
Mar 13 15:25:10 standalone account-server[127063]: 172.20.0.100 - - [13/Mar/2026:15:25:10 +0000] "HEAD /d1/208/AUTH_d78639bec5b44e99b50f1e2a62a13861" 204 - "HEAD http://172.18.0.2:8080/v1/AUTH_d78639bec5b44e99b50f1e2a62a13861?format=json" "txb0b3b8970b2744feb48e0-0069b42c56" "proxy-server 20" 0.0052 "-" 22 -
Mar 13 15:25:10 standalone proxy-server[129036]: - - 13/Mar/2026/15/25/10 HEAD /v1/AUTH_d78639bec5b44e99b50f1e2a62a13861%3Fformat%3Djson HTTP/1.0 204 - Swift - - - - txb0b3b8970b2744feb48e0-0069b42c56 - 0.0087 RL - 1773415510.604344130 1773415510.613027334 -
Mar 13 15:25:10 standalone object-server[127445]: 172.20.0.100 - - [13/Mar/2026:15:25:10 +0000] "GET /d1/396/AUTH_d78639bec5b44e99b50f1e2a62a13861/gnocchi.b94202b9-dfe0-4c95-8fde-5cb33c9f784b/none_v3" 200 32 "GET http://172.18.0.2:8080/v1/AUTH_d78639bec5b44e99b50f1e2a62a13861/gnocchi.b94202b9-dfe0-4c95-8fde-5cb33c9f784b/none_v3" "txb0b3b8970b2744feb48e0-0069b42c56" "proxy-server 20" 0.0014 "-" 22 0
Mar 13 15:25:10 standalone proxy-server[129036]: 172.18.0.2 172.18.0.100 13/Mar/2026/15/25/10 GET /v1/AUTH_d78639bec5b44e99b50f1e2a62a13861/gnocchi.b94202b9-dfe0-4c95-8fde-5cb33c9f784b/none_v3 HTTP/1.0 200 - python-swiftclient-3.11.1 gAAAAABptCvUN87_... - 32 - txb0b3b8970b2744feb48e0-0069b42c56 - 0.0181 - - 1773415510.603480101 1773415510.621560097 0
Mar 13 15:25:10 standalone container-server[127069]: 172.20.0.100 - - [13/Mar/2026:15:25:10 +0000] "GET /d1/443/AUTH_d78639bec5b44e99b50f1e2a62a13861/gnocchi.b94202b9-dfe0-4c95-8fde-5cb33c9f784b" 200 357 "GET http://172.18.0.2:8080/v1/AUTH_d78639bec5b44e99b50f1e2a62a13861/gnocchi.b94202b9-dfe0-4c95-8fde-5cb33c9f784b?format=json&states=listing" "txd1e4040f66b04957bf5d5-0069b42c56" "proxy-server 20" 0.0211 "-" 21 0
Mar 13 15:25:10 standalone proxy-server[129036]: 172.18.0.2 172.18.0.100 13/Mar/2026/15/25/10 GET /v1/AUTH_d78639bec5b44e99b50f1e2a62a13861/gnocchi.b94202b9-dfe0-4c95-8fde-5cb33c9f784b%3Fformat%3Djson%26states%3Dlisting HTTP/1.0 200 - python-swiftclient-3.11.1 gAAAAABptCvUN87_... - 357 - txd1e4040f66b04957bf5d5-0069b42c56 - 0.0334 - - 1773415510.625865221 1773415510.659297466 0
Mar 13 15:25:10 standalone container-server[127079]: 172.20.0.100 - - [13/Mar/2026:15:25:10 +0000] "GET /d1/443/AUTH_d78639bec5b44e99b50f1e2a62a13861/gnocchi.b94202b9-dfe0-4c95-8fde-5cb33c9f784b" 200 2 "GET http://172.18.0.2:8080/v1/AUTH_d78639bec5b44e99b50f1e2a62a13861/gnocchi.b94202b9-dfe0-4c95-8fde-5cb33c9f784b?format=json&marker=none_v3&states=listing" "tx789bef29d0ee4fd79a63c-0069b42c56" "proxy-server 20" 0.0020 "-" 23 0
Mar 13 15:25:10 standalone proxy-server[129036]: 172.18.0.2 172.18.0.100 13/Mar/2026/15/25/10 GET /v1/AUTH_d78639bec5b44e99b50f1e2a62a13861/gnocchi.b94202b9-dfe0-4c95-8fde-5cb33c9f784b%3Fformat%3Djson%26marker%3Dnone_v3%26states%3Dlisting HTTP/1.0 200 - python-swiftclient-3.11.1 gAAAAABptCvUN87_... - 2 - tx789bef29d0ee4fd79a63c-0069b42c56 - 0.0103 - - 1773415510.664437056 1773415510.674732685 0
Mar 13 15:25:10 standalone object-server[127448]: 172.20.0.100 - - [13/Mar/2026:15:25:10 +0000] "GET /d1/30/AUTH_d78639bec5b44e99b50f1e2a62a13861/gnocchi.b94202b9-dfe0-4c95-8fde-5cb33c9f784b/1773360000.0_mean_300.0_v3" 200 16 "GET http://172.18.0.2:8080/v1/AUTH_d78639bec5b44e99b50f1e2a62a13861/gnocchi.b94202b9-dfe0-4c95-8fde-5cb33c9f784b/1773360000.0_mean_300.0_v3" "txd505ca826fc24098b6fb8-0069b42c56" "proxy-server 20" 0.0006 "-" 23 0
Mar 13 15:25:10 standalone proxy-server[129036]: 172.18.0.2 172.18.0.100 13/Mar/2026/15/25/10 GET /v1/AUTH_d78639bec5b44e99b50f1e2a62a13861/gnocchi.b94202b9-dfe0-4c95-8fde-5cb33c9f784b/1773360000.0_mean_300.0_v3 HTTP/1.0 200 - python-swiftclient-3.11.1 gAAAAABptCvUN87_... - 16 - txd505ca826fc24098b6fb8-0069b42c56 - 0.0081 - - 1773415510.679848433 1773415510.687914610 0
Mar 13 15:25:10 standalone container-server[127075]: 172.20.0.100 - - [13/Mar/2026:15:25:10 +0000] "PUT /d1/443/AUTH_d78639bec5b44e99b50f1e2a62a13861/gnocchi.b94202b9-dfe0-4c95-8fde-5cb33c9f784b/1773360000.0_mean_300.0_v3" 201 - "PUT http://172.18.0.2:8080/d1/30/AUTH_d78639bec5b44e99b50f1e2a62a13861/gnocchi.b94202b9-dfe0-4c95-8fde-5cb33c9f784b/1773360000.0_mean_300.0_v3" "tx018ade579ab2450f98c75-0069b42c56" "object-server 22" 0.0008 "-" 22 0
Mar 13 15:25:10 standalone object-server[127445]: 172.20.0.100 - - [13/Mar/2026:15:25:10 +0000] "PUT /d1/30/AUTH_d78639bec5b44e99b50f1e2a62a13861/gnocchi.b94202b9-dfe0-4c95-8fde-5cb33c9f784b/1773360000.0_mean_300.0_v3" 201 - "PUT http://172.18.0.2:8080/v1/AUTH_d78639bec5b44e99b50f1e2a62a13861/gnocchi.b94202b9-dfe0-4c95-8fde-5cb33c9f784b/1773360000.0_mean_300.0_v3" "tx018ade579ab2450f98c75-0069b42c56" "proxy-server 20" 0.0168 "-" 22 0
Mar 13 15:25:10 standalone proxy-server[129036]: 172.18.0.2 172.18.0.100 13/Mar/2026/15/25/10 PUT /v1/AUTH_d78639bec5b44e99b50f1e2a62a13861/gnocchi.b94202b9-dfe0-4c95-8fde-5cb33c9f784b/1773360000.0_mean_300.0_v3 HTTP/1.0 201 - python-swiftclient-3.11.1 gAAAAABptCvUN87_... 23 - - tx018ade579ab2450f98c75-0069b42c56 - 0.0247 - - 1773415510.690691233 1773415510.715411425 0
Mar 13 15:25:10 standalone container-server[127069]: 172.20.0.100 - - [13/Mar/2026:15:25:10 +0000] "PUT /d1/443/AUTH_d78639bec5b44e99b50f1e2a62a13861/gnocchi.b94202b9-dfe0-4c95-8fde-5cb33c9f784b/none_v3" 201 - "PUT http://172.18.0.2:8080/d1/396/AUTH_d78639bec5b44e99b50f1e2a62a13861/gnocchi.b94202b9-dfe0-4c95-8fde-5cb33c9f784b/none_v3" "txe75d105e716a4312a984a-0069b42c56" "object-server 23" 0.0007 "-" 21 0
Mar 13 15:25:10 standalone object-server[127448]: 172.20.0.100 - - [13/Mar/2026:15:25:10 +0000] "PUT /d1/396/AUTH_d78639bec5b44e99b50f1e2a62a13861/gnocchi.b94202b9-dfe0-4c95-8fde-5cb33c9f784b/none_v3" 201 - "PUT http://172.18.0.2:8080/v1/AUTH_d78639bec5b44e99b50f1e2a62a13861/gnocchi.b94202b9-dfe0-4c95-8fde-5cb33c9f784b/none_v3" "txe75d105e716a4312a984a-0069b42c56" "proxy-server 20" 0.0145 "-" 23 0
Mar 13 15:25:10 standalone proxy-server[129036]: 172.18.0.2 172.18.0.100 13/Mar/2026/15/25/10 PUT /v1/AUTH_d78639bec5b44e99b50f1e2a62a13861/gnocchi.b94202b9-dfe0-4c95-8fde-5cb33c9f784b/none_v3 HTTP/1.0 201 - python-swiftclient-3.11.1 gAAAAABptCvUN87_... 22 - - txe75d105e716a4312a984a-0069b42c56 - 0.0246 - - 1773415510.718572378 1773415510.743134737 0
Mar 13 15:25:11 standalone container-server[127075]: 172.20.0.100 - - [13/Mar/2026:15:25:11 +0000] "HEAD /d1/332/AUTH_d78639bec5b44e99b50f1e2a62a13861/gnocchi.af35fb61-61b1-4cc8-9184-e3175cf123a3" 204 - "HEAD http://172.18.0.2:8080/v1/AUTH_d78639bec5b44e99b50f1e2a62a13861/gnocchi.af35fb61-61b1-4cc8-9184-e3175cf123a3?format=json&states=listing" "tx445d3af3be4c499f85491-0069b42c57" "proxy-server 20" 0.0071 "-" 22 0
Mar 13 15:25:11 standalone object-server[127453]: 172.20.0.100 - - [13/Mar/2026:15:25:11 +0000] "GET /d1/626/AUTH_d78639bec5b44e99b50f1e2a62a13861/gnocchi.af35fb61-61b1-4cc8-9184-e3175cf123a3/none_v3" 200 22 "GET http://172.18.0.2:8080/v1/AUTH_d78639bec5b44e99b50f1e2a62a13861/gnocchi.af35fb61-61b1-4cc8-9184-e3175cf123a3/none_v3" "tx445d3af3be4c499f85491-0069b42c57" "proxy-server 20" 0.0006 "-" 24 0
Mar 13 15:25:11 standalone proxy-server[129036]: 172.18.0.2 172.18.0.100 13/Mar/2026/15/25/11 GET /v1/AUTH_d78639bec5b44e99b50f1e2a62a13861/gnocchi.af35fb61-61b1-4cc8-9184-e3175cf123a3/none_v3 HTTP/1.0 200 - python-swiftclient-3.11.1 gAAAAABptCvUN87_... - 22 - tx445d3af3be4c499f85491-0069b42c57 - 0.0184 - - 1773415511.712775707 1773415511.731171131 0
Mar 13 15:25:11 standalone container-server[127069]: 172.20.0.100 - - [13/Mar/2026:15:25:11 +0000] "GET /d1/332/AUTH_d78639bec5b44e99b50f1e2a62a13861/gnocchi.af35fb61-61b1-4cc8-9184-e3175cf123a3" 200 357 "GET http://172.18.0.2:8080/v1/AUTH_d78639bec5b44e99b50f1e2a62a13861/gnocchi.af35fb61-61b1-4cc8-9184-e3175cf123a3?format=json&states=listing" "tx0d043ebc3a234af09871f-0069b42c57" "proxy-server 20" 0.0028 "-" 21 0
Mar 13 15:25:11 standalone proxy-server[129036]: 172.18.0.2 172.18.0.100 13/Mar/2026/15/25/11 GET /v1/AUTH_d78639bec5b44e99b50f1e2a62a13861/gnocchi.af35fb61-61b1-4cc8-9184-e3175cf123a3%3Fformat%3Djson%26states%3Dlisting HTTP/1.0 200 - python-swiftclient-3.11.1 gAAAAABptCvUN87_... - 357 - tx0d043ebc3a234af09871f-0069b42c57 - 0.0089 - - 1773415511.735633135 1773415511.744488001 0
Mar 13 15:25:11 standalone container-server[127069]: 172.20.0.100 - - [13/Mar/2026:15:25:11 +0000] "GET /d1/332/AUTH_d78639bec5b44e99b50f1e2a62a13861/gnocchi.af35fb61-61b1-4cc8-9184-e3175cf123a3" 200 2 "GET http://172.18.0.2:8080/v1/AUTH_d78639bec5b44e99b50f1e2a62a13861/gnocchi.af35fb61-61b1-4cc8-9184-e3175cf123a3?format=json&marker=none_v3&states=listing" "tx828aba4ee22f4ad58dca0-0069b42c57" "proxy-server 20" 0.0018 "-" 21 0
Mar 13 15:25:11 standalone proxy-server[129036]: 172.18.0.2 172.18.0.100 13/Mar/2026/15/25/11 GET /v1/AUTH_d78639bec5b44e99b50f1e2a62a13861/gnocchi.af35fb61-61b1-4cc8-9184-e3175cf123a3%3Fformat%3Djson%26marker%3Dnone_v3%26states%3Dlisting HTTP/1.0 200 - python-swiftclient-3.11.1 gAAAAABptCvUN87_... - 2 - tx828aba4ee22f4ad58dca0-0069b42c57 - 0.0076 - - 1773415511.747758865 1773415511.755353689 0
Mar 13 15:25:11 standalone object-server[127448]: 172.20.0.100 - - [13/Mar/2026:15:25:11 +0000] "GET /d1/906/AUTH_d78639bec5b44e99b50f1e2a62a13861/gnocchi.af35fb61-61b1-4cc8-9184-e3175cf123a3/1773360000.0_mean_300.0_v3" 200 16 "GET http://172.18.0.2:8080/v1/AUTH_d78639bec5b44e99b50f1e2a62a13861/gnocchi.af35fb61-61b1-4cc8-9184-e3175cf123a3/1773360000.0_mean_300.0_v3" "tx84f7031f274344e39723e-0069b42c57" "proxy-server 20" 0.0011 "-" 23 0
Mar 13 15:25:11 standalone proxy-server[129036]: 172.18.0.2 172.18.0.100 13/Mar/2026/15/25/11 GET /v1/AUTH_d78639bec5b44e99b50f1e2a62a13861/gnocchi.af35fb61-61b1-4cc8-9184-e3175cf123a3/1773360000.0_mean_300.0_v3 HTTP/1.0 200 - python-swiftclient-3.11.1 gAAAAABptCvUN87_... - 16 - tx84f7031f274344e39723e-0069b42c57 - 0.0070 - - 1773415511.759604931 1773415511.766590118 0
Mar 13 15:25:11 standalone container-server[127062]: 172.20.0.100 - - [13/Mar/2026:15:25:11 +0000] "PUT /d1/332/AUTH_d78639bec5b44e99b50f1e2a62a13861/gnocchi.af35fb61-61b1-4cc8-9184-e3175cf123a3/1773360000.0_mean_300.0_v3" 201 - "PUT http://172.18.0.2:8080/d1/906/AUTH_d78639bec5b44e99b50f1e2a62a13861/gnocchi.af35fb61-61b1-4cc8-9184-e3175cf123a3/1773360000.0_mean_300.0_v3" "txc999c587b2f8493891349-0069b42c57" "object-server 24" 0.0005 "-" 20 0
Mar 13 15:25:11 standalone object-server[127453]: 172.20.0.100 - - [13/Mar/2026:15:25:11 +0000] "PUT /d1/906/AUTH_d78639bec5b44e99b50f1e2a62a13861/gnocchi.af35fb61-61b1-4cc8-9184-e3175cf123a3/1773360000.0_mean_300.0_v3" 201 - "PUT http://172.18.0.2:8080/v1/AUTH_d78639bec5b44e99b50f1e2a62a13861/gnocchi.af35fb61-61b1-4cc8-9184-e3175cf123a3/1773360000.0_mean_300.0_v3" "txc999c587b2f8493891349-0069b42c57" "proxy-server 20" 0.0095 "-" 24 0
Mar 13 15:25:11 standalone proxy-server[129036]: 172.18.0.2 172.18.0.100 13/Mar/2026/15/25/11 PUT /v1/AUTH_d78639bec5b44e99b50f1e2a62a13861/gnocchi.af35fb61-61b1-4cc8-9184-e3175cf123a3/1773360000.0_mean_300.0_v3 HTTP/1.0 201 - python-swiftclient-3.11.1 gAAAAABptCvUN87_... 23 - - txc999c587b2f8493891349-0069b42c57 - 0.0143 - - 1773415511.770080090 1773415511.784357786 0
Mar 13 15:25:11 standalone container-server[127079]: 172.20.0.100 - - [13/Mar/2026:15:25:11 +0000] "PUT /d1/332/AUTH_d78639bec5b44e99b50f1e2a62a13861/gnocchi.af35fb61-61b1-4cc8-9184-e3175cf123a3/none_v3" 201 - "PUT http://172.18.0.2:8080/d1/626/AUTH_d78639bec5b44e99b50f1e2a62a13861/gnocchi.af35fb61-61b1-4cc8-9184-e3175cf123a3/none_v3" "txeea96d4de6964439a3b4a-0069b42c57" "object-server 24" 0.0005 "-" 23 0
Mar 13 15:25:11 standalone object-server[127453]: 172.20.0.100 - - [13/Mar/2026:15:25:11 +0000] "PUT /d1/626/AUTH_d78639bec5b44e99b50f1e2a62a13861/gnocchi.af35fb61-61b1-4cc8-9184-e3175cf123a3/none_v3" 201 - "PUT http://172.18.0.2:8080/v1/AUTH_d78639bec5b44e99b50f1e2a62a13861/gnocchi.af35fb61-61b1-4cc8-9184-e3175cf123a3/none_v3" "txeea96d4de6964439a3b4a-0069b42c57" "proxy-server 20" 0.0091 "-" 24 0
Mar 13 15:25:11 standalone proxy-server[129036]: 172.18.0.2 172.18.0.100 13/Mar/2026/15/25/11 PUT /v1/AUTH_d78639bec5b44e99b50f1e2a62a13861/gnocchi.af35fb61-61b1-4cc8-9184-e3175cf123a3/none_v3 HTTP/1.0 201 - python-swiftclient-3.11.1 gAAAAABptCvUN87_... 22 - - txeea96d4de6964439a3b4a-0069b42c57 - 0.0138 - - 1773415511.787170649 1773415511.800990105 0
Mar 13 15:25:11 standalone container-server[127075]: 172.20.0.100 - - [13/Mar/2026:15:25:11 +0000] "HEAD /d1/227/AUTH_d78639bec5b44e99b50f1e2a62a13861/gnocchi.87aee736-ace8-4870-aa43-e8010f1398b6" 204 - "HEAD http://172.18.0.2:8080/v1/AUTH_d78639bec5b44e99b50f1e2a62a13861/gnocchi.87aee736-ace8-4870-aa43-e8010f1398b6?format=json&states=listing" "tx50e00564275d4da7a87d5-0069b42c57" "proxy-server 20" 0.0061 "-" 22 0
Mar 13 15:25:11 standalone object-server[127453]: 172.20.0.100 - - [13/Mar/2026:15:25:11 +0000] "GET /d1/439/AUTH_d78639bec5b44e99b50f1e2a62a13861/gnocchi.87aee736-ace8-4870-aa43-e8010f1398b6/none_v3" 200 22 "GET http://172.18.0.2:8080/v1/AUTH_d78639bec5b44e99b50f1e2a62a13861/gnocchi.87aee736-ace8-4870-aa43-e8010f1398b6/none_v3" "tx50e00564275d4da7a87d5-0069b42c57" "proxy-server 20" 0.0006 "-" 24 0
Mar 13 15:25:11 standalone proxy-server[129036]: 172.18.0.2 172.18.0.100 13/Mar/2026/15/25/11 GET /v1/AUTH_d78639bec5b44e99b50f1e2a62a13861/gnocchi.87aee736-ace8-4870-aa43-e8010f1398b6/none_v3 HTTP/1.0 200 - python-swiftclient-3.11.1 gAAAAABptCvUN87_... - 22 - tx50e00564275d4da7a87d5-0069b42c57 - 0.0147 - - 1773415511.828469038 1773415511.843122482 0
Mar 13 15:25:11 standalone container-server[127079]: 172.20.0.100 - - [13/Mar/2026:15:25:11 +0000] "GET /d1/227/AUTH_d78639bec5b44e99b50f1e2a62a13861/gnocchi.87aee736-ace8-4870-aa43-e8010f1398b6" 200 357 "GET http://172.18.0.2:8080/v1/AUTH_d78639bec5b44e99b50f1e2a62a13861/gnocchi.87aee736-ace8-4870-aa43-e8010f1398b6?format=json&states=listing" "txc030a9a590844cb196756-0069b42c57" "proxy-server 20" 0.0021 "-" 23 0
Mar 13 15:25:11 standalone proxy-server[129036]: 172.18.0.2 172.18.0.100 13/Mar/2026/15/25/11 GET /v1/AUTH_d78639bec5b44e99b50f1e2a62a13861/gnocchi.87aee736-ace8-4870-aa43-e8010f1398b6%3Fformat%3Djson%26states%3Dlisting HTTP/1.0 200 - python-swiftclient-3.11.1 gAAAAABptCvUN87_... - 357 - txc030a9a590844cb196756-0069b42c57 - 0.0068 - - 1773415511.846060753 1773415511.852819681 0
Mar 13 15:25:11 standalone container-server[127069]: 172.20.0.100 - - [13/Mar/2026:15:25:11 +0000] "GET /d1/227/AUTH_d78639bec5b44e99b50f1e2a62a13861/gnocchi.87aee736-ace8-4870-aa43-e8010f1398b6" 200 2 "GET http://172.18.0.2:8080/v1/AUTH_d78639bec5b44e99b50f1e2a62a13861/gnocchi.87aee736-ace8-4870-aa43-e8010f1398b6?format=json&marker=none_v3&states=listing" "txf39a6cc3bba34012adb87-0069b42c57" "proxy-server 20" 0.0066 "-" 21 0
Mar 13 15:25:11 standalone proxy-server[129036]: 172.18.0.2 172.18.0.100 13/Mar/2026/15/25/11 GET /v1/AUTH_d78639bec5b44e99b50f1e2a62a13861/gnocchi.87aee736-ace8-4870-aa43-e8010f1398b6%3Fformat%3Djson%26marker%3Dnone_v3%26states%3Dlisting HTTP/1.0 200 - python-swiftclient-3.11.1 gAAAAABptCvUN87_... - 2 - txf39a6cc3bba34012adb87-0069b42c57 - 0.0127 - - 1773415511.854717731 1773415511.867400646 0
Mar 13 15:25:11 standalone object-server[127448]: 172.20.0.100 - - [13/Mar/2026:15:25:11 +0000] "GET /d1/845/AUTH_d78639bec5b44e99b50f1e2a62a13861/gnocchi.87aee736-ace8-4870-aa43-e8010f1398b6/1773360000.0_mean_300.0_v3" 200 16 "GET http://172.18.0.2:8080/v1/AUTH_d78639bec5b44e99b50f1e2a62a13861/gnocchi.87aee736-ace8-4870-aa43-e8010f1398b6/1773360000.0_mean_300.0_v3" "txaae255956eee4a41a76e2-0069b42c57" "proxy-server 20" 0.0007 "-" 23 0
Mar 13 15:25:11 standalone proxy-server[129036]: 172.18.0.2 172.18.0.100 13/Mar/2026/15/25/11 GET /v1/AUTH_d78639bec5b44e99b50f1e2a62a13861/gnocchi.87aee736-ace8-4870-aa43-e8010f1398b6/1773360000.0_mean_300.0_v3 HTTP/1.0 200 - python-swiftclient-3.11.1 gAAAAABptCvUN87_... - 16 - txaae255956eee4a41a76e2-0069b42c57 - 0.0071 - - 1773415511.871347427 1773415511.878496408 0
Mar 13 15:25:11 standalone container-server[127069]: 172.20.0.100 - - [13/Mar/2026:15:25:11 +0000] "PUT /d1/227/AUTH_d78639bec5b44e99b50f1e2a62a13861/gnocchi.87aee736-ace8-4870-aa43-e8010f1398b6/1773360000.0_mean_300.0_v3" 201 - "PUT http://172.18.0.2:8080/d1/845/AUTH_d78639bec5b44e99b50f1e2a62a13861/gnocchi.87aee736-ace8-4870-aa43-e8010f1398b6/1773360000.0_mean_300.0_v3" "txc53f472c04734d71bb2da-0069b42c57" "object-server 25" 0.0008 "-" 21 0
Mar 13 15:25:11 standalone object-server[127456]: 172.20.0.100 - - [13/Mar/2026:15:25:11 +0000] "PUT /d1/845/AUTH_d78639bec5b44e99b50f1e2a62a13861/gnocchi.87aee736-ace8-4870-aa43-e8010f1398b6/1773360000.0_mean_300.0_v3" 201 - "PUT http://172.18.0.2:8080/v1/AUTH_d78639bec5b44e99b50f1e2a62a13861/gnocchi.87aee736-ace8-4870-aa43-e8010f1398b6/1773360000.0_mean_300.0_v3" "txc53f472c04734d71bb2da-0069b42c57" "proxy-server 20" 0.0102 "-" 25 0
Mar 13 15:25:11 standalone proxy-server[129036]: 172.18.0.2 172.18.0.100 13/Mar/2026/15/25/11 PUT /v1/AUTH_d78639bec5b44e99b50f1e2a62a13861/gnocchi.87aee736-ace8-4870-aa43-e8010f1398b6/1773360000.0_mean_300.0_v3 HTTP/1.0 201 - python-swiftclient-3.11.1 gAAAAABptCvUN87_... 23 - - txc53f472c04734d71bb2da-0069b42c57 - 0.0171 - - 1773415511.881228209 1773415511.898286343 0
Mar 13 15:25:11 standalone container-server[127062]: 172.20.0.100 - - [13/Mar/2026:15:25:11 +0000] "PUT /d1/227/AUTH_d78639bec5b44e99b50f1e2a62a13861/gnocchi.87aee736-ace8-4870-aa43-e8010f1398b6/none_v3" 201 - "PUT http://172.18.0.2:8080/d1/439/AUTH_d78639bec5b44e99b50f1e2a62a13861/gnocchi.87aee736-ace8-4870-aa43-e8010f1398b6/none_v3" "tx947c7b922b624036bbfeb-0069b42c57" "object-server 22" 0.0006 "-" 20 0
Mar 13 15:25:11 standalone object-server[127445]: 172.20.0.100 - - [13/Mar/2026:15:25:11 +0000] "PUT /d1/439/AUTH_d78639bec5b44e99b50f1e2a62a13861/gnocchi.87aee736-ace8-4870-aa43-e8010f1398b6/none_v3" 201 - "PUT http://172.18.0.2:8080/v1/AUTH_d78639bec5b44e99b50f1e2a62a13861/gnocchi.87aee736-ace8-4870-aa43-e8010f1398b6/none_v3" "tx947c7b922b624036bbfeb-0069b42c57" "proxy-server 20" 0.0112 "-" 22 0
Mar 13 15:25:11 standalone proxy-server[129036]: 172.18.0.2 172.18.0.100 13/Mar/2026/15/25/11 PUT /v1/AUTH_d78639bec5b44e99b50f1e2a62a13861/gnocchi.87aee736-ace8-4870-aa43-e8010f1398b6/none_v3 HTTP/1.0 201 - python-swiftclient-3.11.1 gAAAAABptCvUN87_... 22 - - tx947c7b922b624036bbfeb-0069b42c57 - 0.0177 - - 1773415511.900816917 1773415511.918467283 0
Mar 13 15:25:11 standalone object-server[127448]: 172.20.0.100 - - [13/Mar/2026:15:25:11 +0000] "GET /d1/396/AUTH_d78639bec5b44e99b50f1e2a62a13861/gnocchi.b94202b9-dfe0-4c95-8fde-5cb33c9f784b/none_v3" 200 22 "GET http://172.18.0.2:8080/v1/AUTH_d78639bec5b44e99b50f1e2a62a13861/gnocchi.b94202b9-dfe0-4c95-8fde-5cb33c9f784b/none_v3" "txa4cabc6f586c4d75887d0-0069b42c57" "proxy-server 20" 0.0009 "-" 23 0
Mar 13 15:25:11 standalone proxy-server[129036]: 172.18.0.2 172.18.0.100 13/Mar/2026/15/25/11 GET /v1/AUTH_d78639bec5b44e99b50f1e2a62a13861/gnocchi.b94202b9-dfe0-4c95-8fde-5cb33c9f784b/none_v3 HTTP/1.0 200 - python-swiftclient-3.11.1 gAAAAABptCvUN87_... - 22 - txa4cabc6f586c4d75887d0-0069b42c57 - 0.0084 - - 1773415511.959444523 1773415511.967795134 0
Mar 13 15:25:11 standalone container-server[127079]: 172.20.0.100 - - [13/Mar/2026:15:25:11 +0000] "GET /d1/443/AUTH_d78639bec5b44e99b50f1e2a62a13861/gnocchi.b94202b9-dfe0-4c95-8fde-5cb33c9f784b" 200 357 "GET http://172.18.0.2:8080/v1/AUTH_d78639bec5b44e99b50f1e2a62a13861/gnocchi.b94202b9-dfe0-4c95-8fde-5cb33c9f784b?format=json&states=listing" "tx4f3835ec247d4fc5b88b7-0069b42c57" "proxy-server 20" 0.0078 "-" 23 0
Mar 13 15:25:11 standalone proxy-server[129036]: 172.18.0.2 172.18.0.100 13/Mar/2026/15/25/11 GET /v1/AUTH_d78639bec5b44e99b50f1e2a62a13861/gnocchi.b94202b9-dfe0-4c95-8fde-5cb33c9f784b%3Fformat%3Djson%26states%3Dlisting HTTP/1.0 200 - python-swiftclient-3.11.1 gAAAAABptCvUN87_... - 357 - tx4f3835ec247d4fc5b88b7-0069b42c57 - 0.0149 - - 1773415511.973023653 1773415511.987895012 0
Mar 13 15:25:12 standalone container-server[127069]: 172.20.0.100 - - [13/Mar/2026:15:25:12 +0000] "GET /d1/443/AUTH_d78639bec5b44e99b50f1e2a62a13861/gnocchi.b94202b9-dfe0-4c95-8fde-5cb33c9f784b" 200 2 "GET http://172.18.0.2:8080/v1/AUTH_d78639bec5b44e99b50f1e2a62a13861/gnocchi.b94202b9-dfe0-4c95-8fde-5cb33c9f784b?format=json&marker=none_v3&states=listing" "txd4ceb78a1d3b45588b911-0069b42c57" "proxy-server 20" 0.0036 "-" 21 0
Mar 13 15:25:12 standalone proxy-server[129036]: 172.18.0.2 172.18.0.100 13/Mar/2026/15/25/12 GET /v1/AUTH_d78639bec5b44e99b50f1e2a62a13861/gnocchi.b94202b9-dfe0-4c95-8fde-5cb33c9f784b%3Fformat%3Djson%26marker%3Dnone_v3%26states%3Dlisting HTTP/1.0 200 - python-swiftclient-3.11.1 gAAAAABptCvUN87_... - 2 - txd4ceb78a1d3b45588b911-0069b42c57 - 0.0091 - - 1773415511.992673635 1773415512.001799822 0
Mar 13 15:25:12 standalone object-server[127448]: 172.20.0.100 - - [13/Mar/2026:15:25:12 +0000] "GET /d1/30/AUTH_d78639bec5b44e99b50f1e2a62a13861/gnocchi.b94202b9-dfe0-4c95-8fde-5cb33c9f784b/1773360000.0_mean_300.0_v3" 200 23 "GET http://172.18.0.2:8080/v1/AUTH_d78639bec5b44e99b50f1e2a62a13861/gnocchi.b94202b9-dfe0-4c95-8fde-5cb33c9f784b/1773360000.0_mean_300.0_v3" "tx855aa7baa7074d8c9a41c-0069b42c58" "proxy-server 20" 0.0006 "-" 23 0
Mar 13 15:25:12 standalone proxy-server[129036]: 172.18.0.2 172.18.0.100 13/Mar/2026/15/25/12 GET /v1/AUTH_d78639bec5b44e99b50f1e2a62a13861/gnocchi.b94202b9-dfe0-4c95-8fde-5cb33c9f784b/1773360000.0_mean_300.0_v3 HTTP/1.0 200 - python-swiftclient-3.11.1 gAAAAABptCvUN87_... - 23 - tx855aa7baa7074d8c9a41c-0069b42c58 - 0.0058 - - 1773415512.007269144 1773415512.013046265 0
Mar 13 15:25:12 standalone container-server[127079]: 172.20.0.100 - - [13/Mar/2026:15:25:12 +0000] "PUT /d1/443/AUTH_d78639bec5b44e99b50f1e2a62a13861/gnocchi.b94202b9-dfe0-4c95-8fde-5cb33c9f784b/1773360000.0_mean_300.0_v3" 201 - "PUT http://172.18.0.2:8080/d1/30/AUTH_d78639bec5b44e99b50f1e2a62a13861/gnocchi.b94202b9-dfe0-4c95-8fde-5cb33c9f784b/1773360000.0_mean_300.0_v3" "txcf2ee991e26c42b4be19d-0069b42c58" "object-server 23" 0.0006 "-" 23 0
Mar 13 15:25:12 standalone object-server[127448]: 172.20.0.100 - - [13/Mar/2026:15:25:12 +0000] "PUT /d1/30/AUTH_d78639bec5b44e99b50f1e2a62a13861/gnocchi.b94202b9-dfe0-4c95-8fde-5cb33c9f784b/1773360000.0_mean_300.0_v3" 201 - "PUT http://172.18.0.2:8080/v1/AUTH_d78639bec5b44e99b50f1e2a62a13861/gnocchi.b94202b9-dfe0-4c95-8fde-5cb33c9f784b/1773360000.0_mean_300.0_v3" "txcf2ee991e26c42b4be19d-0069b42c58" "proxy-server 20" 0.0099 "-" 23 0
Mar 13 15:25:12 standalone proxy-server[129036]: 172.18.0.2 172.18.0.100 13/Mar/2026/15/25/12 PUT /v1/AUTH_d78639bec5b44e99b50f1e2a62a13861/gnocchi.b94202b9-dfe0-4c95-8fde-5cb33c9f784b/1773360000.0_mean_300.0_v3 HTTP/1.0 201 - python-swiftclient-3.11.1 gAAAAABptCvUN87_... 23 - - txcf2ee991e26c42b4be19d-0069b42c58 - 0.0140 - - 1773415512.016353130 1773415512.030318737 0
Mar 13 15:25:12 standalone container-server[127079]: 172.20.0.100 - - [13/Mar/2026:15:25:12 +0000] "PUT /d1/443/AUTH_d78639bec5b44e99b50f1e2a62a13861/gnocchi.b94202b9-dfe0-4c95-8fde-5cb33c9f784b/none_v3" 201 - "PUT http://172.18.0.2:8080/d1/396/AUTH_d78639bec5b44e99b50f1e2a62a13861/gnocchi.b94202b9-dfe0-4c95-8fde-5cb33c9f784b/none_v3" "txed08460c16964f1587a8d-0069b42c58" "object-server 25" 0.0005 "-" 23 0
Mar 13 15:25:12 standalone object-server[127456]: 172.20.0.100 - - [13/Mar/2026:15:25:12 +0000] "PUT /d1/396/AUTH_d78639bec5b44e99b50f1e2a62a13861/gnocchi.b94202b9-dfe0-4c95-8fde-5cb33c9f784b/none_v3" 201 - "PUT http://172.18.0.2:8080/v1/AUTH_d78639bec5b44e99b50f1e2a62a13861/gnocchi.b94202b9-dfe0-4c95-8fde-5cb33c9f784b/none_v3" "txed08460c16964f1587a8d-0069b42c58" "proxy-server 20" 0.0089 "-" 25 0
Mar 13 15:25:12 standalone proxy-server[129036]: 172.18.0.2 172.18.0.100 13/Mar/2026/15/25/12 PUT /v1/AUTH_d78639bec5b44e99b50f1e2a62a13861/gnocchi.b94202b9-dfe0-4c95-8fde-5cb33c9f784b/none_v3 HTTP/1.0 201 - python-swiftclient-3.11.1 gAAAAABptCvUN87_... 31 - - txed08460c16964f1587a8d-0069b42c58 - 0.0131 - - 1773415512.033842087 1773415512.046902180 0
Mar 13 15:25:12 standalone container-server[127079]: 172.20.0.100 - - [13/Mar/2026:15:25:12 +0000] "HEAD /d1/164/AUTH_d78639bec5b44e99b50f1e2a62a13861/gnocchi.f7b5a80f-61a6-4cfd-9bbe-712f9f15d256" 204 - "HEAD http://172.18.0.2:8080/v1/AUTH_d78639bec5b44e99b50f1e2a62a13861/gnocchi.f7b5a80f-61a6-4cfd-9bbe-712f9f15d256?format=json&states=listing" "txe9aec9c4c8ad49b8ab3ed-0069b42c58" "proxy-server 20" 0.0067 "-" 23 0
Mar 13 15:25:12 standalone object-server[127445]: 172.20.0.100 - - [13/Mar/2026:15:25:12 +0000] "GET /d1/81/AUTH_d78639bec5b44e99b50f1e2a62a13861/gnocchi.f7b5a80f-61a6-4cfd-9bbe-712f9f15d256/none_v3" 200 22 "GET http://172.18.0.2:8080/v1/AUTH_d78639bec5b44e99b50f1e2a62a13861/gnocchi.f7b5a80f-61a6-4cfd-9bbe-712f9f15d256/none_v3" "txe9aec9c4c8ad49b8ab3ed-0069b42c58" "proxy-server 20" 0.0008 "-" 22 0
Mar 13 15:25:12 standalone proxy-server[129036]: 172.18.0.2 172.18.0.100 13/Mar/2026/15/25/12 GET /v1/AUTH_d78639bec5b44e99b50f1e2a62a13861/gnocchi.f7b5a80f-61a6-4cfd-9bbe-712f9f15d256/none_v3 HTTP/1.0 200 - python-swiftclient-3.11.1 gAAAAABptCvUN87_... - 22 - txe9aec9c4c8ad49b8ab3ed-0069b42c58 - 0.0156 - - 1773415512.078925133 1773415512.094542027 0
Mar 13 15:25:12 standalone container-server[127062]: 172.20.0.100 - - [13/Mar/2026:15:25:12 +0000] "GET /d1/164/AUTH_d78639bec5b44e99b50f1e2a62a13861/gnocchi.f7b5a80f-61a6-4cfd-9bbe-712f9f15d256" 200 357 "GET http://172.18.0.2:8080/v1/AUTH_d78639bec5b44e99b50f1e2a62a13861/gnocchi.f7b5a80f-61a6-4cfd-9bbe-712f9f15d256?format=json&states=listing" "tx8cc5103e52de4d55a1115-0069b42c58" "proxy-server 20" 0.0043 "-" 20 0
Mar 13 15:25:12 standalone proxy-server[129036]: 172.18.0.2 172.18.0.100 13/Mar/2026/15/25/12 GET /v1/AUTH_d78639bec5b44e99b50f1e2a62a13861/gnocchi.f7b5a80f-61a6-4cfd-9bbe-712f9f15d256%3Fformat%3Djson%26states%3Dlisting HTTP/1.0 200 - python-swiftclient-3.11.1 gAAAAABptCvUN87_... - 357 - tx8cc5103e52de4d55a1115-0069b42c58 - 0.0115 - - 1773415512.097556591 1773415512.109007597 0
Mar 13 15:25:12 standalone container-server[127062]: 172.20.0.100 - - [13/Mar/2026:15:25:12 +0000] "GET /d1/164/AUTH_d78639bec5b44e99b50f1e2a62a13861/gnocchi.f7b5a80f-61a6-4cfd-9bbe-712f9f15d256" 200 2 "GET http://172.18.0.2:8080/v1/AUTH_d78639bec5b44e99b50f1e2a62a13861/gnocchi.f7b5a80f-61a6-4cfd-9bbe-712f9f15d256?format=json&marker=none_v3&states=listing" "txa375287d56124d2a8a203-0069b42c58" "proxy-server 20" 0.0045 "-" 20 0
Mar 13 15:25:12 standalone proxy-server[129036]: 172.18.0.2 172.18.0.100 13/Mar/2026/15/25/12 GET /v1/AUTH_d78639bec5b44e99b50f1e2a62a13861/gnocchi.f7b5a80f-61a6-4cfd-9bbe-712f9f15d256%3Fformat%3Djson%26marker%3Dnone_v3%26states%3Dlisting HTTP/1.0 200 - python-swiftclient-3.11.1 gAAAAABptCvUN87_... - 2 - txa375287d56124d2a8a203-0069b42c58 - 0.0148 - - 1773415512.111419678 1773415512.126201630 0
Mar 13 15:25:12 standalone object-server[127456]: 172.20.0.100 - - [13/Mar/2026:15:25:12 +0000] "GET /d1/615/AUTH_d78639bec5b44e99b50f1e2a62a13861/gnocchi.f7b5a80f-61a6-4cfd-9bbe-712f9f15d256/1773360000.0_mean_300.0_v3" 200 16 "GET http://172.18.0.2:8080/v1/AUTH_d78639bec5b44e99b50f1e2a62a13861/gnocchi.f7b5a80f-61a6-4cfd-9bbe-712f9f15d256/1773360000.0_mean_300.0_v3" "tx193d6417ee1645fd8cc56-0069b42c58" "proxy-server 20" 0.0014 "-" 25 0
Mar 13 15:25:12 standalone proxy-server[129036]: 172.18.0.2 172.18.0.100 13/Mar/2026/15/25/12 GET /v1/AUTH_d78639bec5b44e99b50f1e2a62a13861/gnocchi.f7b5a80f-61a6-4cfd-9bbe-712f9f15d256/1773360000.0_mean_300.0_v3 HTTP/1.0 200 - python-swiftclient-3.11.1 gAAAAABptCvUN87_... - 16 - tx193d6417ee1645fd8cc56-0069b42c58 - 0.0127 - - 1773415512.130300045 1773415512.143010855 0
Mar 13 15:25:12 standalone container-server[127062]: 172.20.0.100 - - [13/Mar/2026:15:25:12 +0000] "PUT /d1/164/AUTH_d78639bec5b44e99b50f1e2a62a13861/gnocchi.f7b5a80f-61a6-4cfd-9bbe-712f9f15d256/1773360000.0_mean_300.0_v3" 201 - "PUT http://172.18.0.2:8080/d1/615/AUTH_d78639bec5b44e99b50f1e2a62a13861/gnocchi.f7b5a80f-61a6-4cfd-9bbe-712f9f15d256/1773360000.0_mean_300.0_v3" "txc984a990115b49119a50c-0069b42c58" "object-server 22" 0.0009 "-" 20 0
Mar 13 15:25:12 standalone object-server[127445]: 172.20.0.100 - - [13/Mar/2026:15:25:12 +0000] "PUT /d1/615/AUTH_d78639bec5b44e99b50f1e2a62a13861/gnocchi.f7b5a80f-61a6-4cfd-9bbe-712f9f15d256/1773360000.0_mean_300.0_v3" 201 - "PUT http://172.18.0.2:8080/v1/AUTH_d78639bec5b44e99b50f1e2a62a13861/gnocchi.f7b5a80f-61a6-4cfd-9bbe-712f9f15d256/1773360000.0_mean_300.0_v3" "txc984a990115b49119a50c-0069b42c58" "proxy-server 20" 0.0163 "-" 22 0
Mar 13 15:25:12 standalone proxy-server[129036]: 172.18.0.2 172.18.0.100 13/Mar/2026/15/25/12 PUT /v1/AUTH_d78639bec5b44e99b50f1e2a62a13861/gnocchi.f7b5a80f-61a6-4cfd-9bbe-712f9f15d256/1773360000.0_mean_300.0_v3 HTTP/1.0 201 - python-swiftclient-3.11.1 gAAAAABptCvUN87_... 23 - - txc984a990115b49119a50c-0069b42c58 - 0.0248 - - 1773415512.146455526 1773415512.171232462 0
Mar 13 15:25:12 standalone container-server[127075]: 172.20.0.100 - - [13/Mar/2026:15:25:12 +0000] "PUT /d1/164/AUTH_d78639bec5b44e99b50f1e2a62a13861/gnocchi.f7b5a80f-61a6-4cfd-9bbe-712f9f15d256/none_v3" 201 - "PUT http://172.18.0.2:8080/d1/81/AUTH_d78639bec5b44e99b50f1e2a62a13861/gnocchi.f7b5a80f-61a6-4cfd-9bbe-712f9f15d256/none_v3" "tx231255f18a984babbbe27-0069b42c58" "object-server 24" 0.0008 "-" 22 0
Mar 13 15:25:12 standalone object-server[127453]: 172.20.0.100 - - [13/Mar/2026:15:25:12 +0000] "PUT /d1/81/AUTH_d78639bec5b44e99b50f1e2a62a13861/gnocchi.f7b5a80f-61a6-4cfd-9bbe-712f9f15d256/none_v3" 201 - "PUT http://172.18.0.2:8080/v1/AUTH_d78639bec5b44e99b50f1e2a62a13861/gnocchi.f7b5a80f-61a6-4cfd-9bbe-712f9f15d256/none_v3" "tx231255f18a984babbbe27-0069b42c58" "proxy-server 20" 0.0143 "-" 24 0
Mar 13 15:25:12 standalone proxy-server[129036]: 172.18.0.2 172.18.0.100 13/Mar/2026/15/25/12 PUT /v1/AUTH_d78639bec5b44e99b50f1e2a62a13861/gnocchi.f7b5a80f-61a6-4cfd-9bbe-712f9f15d256/none_v3 HTTP/1.0 201 - python-swiftclient-3.11.1 gAAAAABptCvUN87_... 22 - - tx231255f18a984babbbe27-0069b42c58 - 0.0242 - - 1773415512.173769951 1773415512.197986126 0
Mar 13 15:25:12 standalone container-server[127062]: 172.20.0.100 - - [13/Mar/2026:15:25:12 +0000] "HEAD /d1/177/AUTH_d78639bec5b44e99b50f1e2a62a13861/gnocchi.25d0a3ef-e6a3-4f4c-8d6c-ab57341f3a1c" 204 - "HEAD http://172.18.0.2:8080/v1/AUTH_d78639bec5b44e99b50f1e2a62a13861/gnocchi.25d0a3ef-e6a3-4f4c-8d6c-ab57341f3a1c?format=json&states=listing" "txa23a6491083448869d8e4-0069b42c58" "proxy-server 20" 0.0144 "-" 20 0
Mar 13 15:25:12 standalone object-server[127453]: 172.20.0.100 - - [13/Mar/2026:15:25:12 +0000] "GET /d1/4/AUTH_d78639bec5b44e99b50f1e2a62a13861/gnocchi.25d0a3ef-e6a3-4f4c-8d6c-ab57341f3a1c/none_v3" 200 22 "GET http://172.18.0.2:8080/v1/AUTH_d78639bec5b44e99b50f1e2a62a13861/gnocchi.25d0a3ef-e6a3-4f4c-8d6c-ab57341f3a1c/none_v3" "txa23a6491083448869d8e4-0069b42c58" "proxy-server 20" 0.0012 "-" 24 0
Mar 13 15:25:12 standalone proxy-server[129036]: 172.18.0.2 172.18.0.100 13/Mar/2026/15/25/12 GET /v1/AUTH_d78639bec5b44e99b50f1e2a62a13861/gnocchi.25d0a3ef-e6a3-4f4c-8d6c-ab57341f3a1c/none_v3 HTTP/1.0 200 - python-swiftclient-3.11.1 gAAAAABptCvUN87_... - 22 - txa23a6491083448869d8e4-0069b42c58 - 0.0376 - - 1773415512.263695717 1773415512.301301479 0
Mar 13 15:25:12 standalone container-server[127062]: 172.20.0.100 - - [13/Mar/2026:15:25:12 +0000] "GET /d1/177/AUTH_d78639bec5b44e99b50f1e2a62a13861/gnocchi.25d0a3ef-e6a3-4f4c-8d6c-ab57341f3a1c" 200 357 "GET http://172.18.0.2:8080/v1/AUTH_d78639bec5b44e99b50f1e2a62a13861/gnocchi.25d0a3ef-e6a3-4f4c-8d6c-ab57341f3a1c?format=json&states=listing" "tx80989fdbb3a54bf390b87-0069b42c58" "proxy-server 20" 0.0047 "-" 20 0
Mar 13 15:25:12 standalone proxy-server[129036]: 172.18.0.2 172.18.0.100 13/Mar/2026/15/25/12 GET /v1/AUTH_d78639bec5b44e99b50f1e2a62a13861/gnocchi.25d0a3ef-e6a3-4f4c-8d6c-ab57341f3a1c%3Fformat%3Djson%26states%3Dlisting HTTP/1.0 200 - python-swiftclient-3.11.1 gAAAAABptCvUN87_... - 357 - tx80989fdbb3a54bf390b87-0069b42c58 - 0.0151 - - 1773415512.305319786 1773415512.320402384 0
Mar 13 15:25:12 standalone container-server[127062]: 172.20.0.100 - - [13/Mar/2026:15:25:12 +0000] "GET /d1/177/AUTH_d78639bec5b44e99b50f1e2a62a13861/gnocchi.25d0a3ef-e6a3-4f4c-8d6c-ab57341f3a1c" 200 2 "GET http://172.18.0.2:8080/v1/AUTH_d78639bec5b44e99b50f1e2a62a13861/gnocchi.25d0a3ef-e6a3-4f4c-8d6c-ab57341f3a1c?format=json&marker=none_v3&states=listing" "tx7ec44a9dd4ba48f0b52e8-0069b42c58" "proxy-server 20" 0.0041 "-" 20 0
Mar 13 15:25:12 standalone proxy-server[129036]: 172.18.0.2 172.18.0.100 13/Mar/2026/15/25/12 GET /v1/AUTH_d78639bec5b44e99b50f1e2a62a13861/gnocchi.25d0a3ef-e6a3-4f4c-8d6c-ab57341f3a1c%3Fformat%3Djson%26marker%3Dnone_v3%26states%3Dlisting HTTP/1.0 200 - python-swiftclient-3.11.1 gAAAAABptCvUN87_... - 2 - tx7ec44a9dd4ba48f0b52e8-0069b42c58 - 0.0131 - - 1773415512.323470592 1773415512.336606264 0
Mar 13 15:25:12 standalone object-server[127445]: 172.20.0.100 - - [13/Mar/2026:15:25:12 +0000] "GET /d1/955/AUTH_d78639bec5b44e99b50f1e2a62a13861/gnocchi.25d0a3ef-e6a3-4f4c-8d6c-ab57341f3a1c/1773360000.0_mean_300.0_v3" 200 16 "GET http://172.18.0.2:8080/v1/AUTH_d78639bec5b44e99b50f1e2a62a13861/gnocchi.25d0a3ef-e6a3-4f4c-8d6c-ab57341f3a1c/1773360000.0_mean_300.0_v3" "tx6356185c60f349708c223-0069b42c58" "proxy-server 20" 0.0011 "-" 22 0
Mar 13 15:25:12 standalone proxy-server[129036]: 172.18.0.2 172.18.0.100 13/Mar/2026/15/25/12 GET /v1/AUTH_d78639bec5b44e99b50f1e2a62a13861/gnocchi.25d0a3ef-e6a3-4f4c-8d6c-ab57341f3a1c/1773360000.0_mean_300.0_v3 HTTP/1.0 200 - python-swiftclient-3.11.1 gAAAAABptCvUN87_... - 16 - tx6356185c60f349708c223-0069b42c58 - 0.0102 - - 1773415512.341265917 1773415512.351454496 0
Mar 13 15:25:12 standalone container-server[127079]: 172.20.0.100 - - [13/Mar/2026:15:25:12 +0000] "PUT /d1/177/AUTH_d78639bec5b44e99b50f1e2a62a13861/gnocchi.25d0a3ef-e6a3-4f4c-8d6c-ab57341f3a1c/1773360000.0_mean_300.0_v3" 201 - "PUT http://172.18.0.2:8080/d1/955/AUTH_d78639bec5b44e99b50f1e2a62a13861/gnocchi.25d0a3ef-e6a3-4f4c-8d6c-ab57341f3a1c/1773360000.0_mean_300.0_v3" "tx820c864b8ae543bab4964-0069b42c58" "object-server 23" 0.0012 "-" 23 0
Mar 13 15:25:12 standalone object-server[127448]: 172.20.0.100 - - [13/Mar/2026:15:25:12 +0000] "PUT /d1/955/AUTH_d78639bec5b44e99b50f1e2a62a13861/gnocchi.25d0a3ef-e6a3-4f4c-8d6c-ab57341f3a1c/1773360000.0_mean_300.0_v3" 201 - "PUT http://172.18.0.2:8080/v1/AUTH_d78639bec5b44e99b50f1e2a62a13861/gnocchi.25d0a3ef-e6a3-4f4c-8d6c-ab57341f3a1c/1773360000.0_mean_300.0_v3" "tx820c864b8ae543bab4964-0069b42c58" "proxy-server 20" 0.0115 "-" 23 0
Mar 13 15:25:12 standalone proxy-server[129036]: 172.18.0.2 172.18.0.100 13/Mar/2026/15/25/12 PUT /v1/AUTH_d78639bec5b44e99b50f1e2a62a13861/gnocchi.25d0a3ef-e6a3-4f4c-8d6c-ab57341f3a1c/1773360000.0_mean_300.0_v3 HTTP/1.0 201 - python-swiftclient-3.11.1 gAAAAABptCvUN87_... 23 - - tx820c864b8ae543bab4964-0069b42c58 - 0.0219 - - 1773415512.360676289 1773415512.382604122 0
Mar 13 15:25:12 standalone container-server[127075]: 172.20.0.100 - - [13/Mar/2026:15:25:12 +0000] "PUT /d1/177/AUTH_d78639bec5b44e99b50f1e2a62a13861/gnocchi.25d0a3ef-e6a3-4f4c-8d6c-ab57341f3a1c/none_v3" 201 - "PUT http://172.18.0.2:8080/d1/4/AUTH_d78639bec5b44e99b50f1e2a62a13861/gnocchi.25d0a3ef-e6a3-4f4c-8d6c-ab57341f3a1c/none_v3" "txa35aa37c6e2548108fc68-0069b42c58" "object-server 23" 0.0009 "-" 22 0
Mar 13 15:25:12 standalone object-server[127448]: 172.20.0.100 - - [13/Mar/2026:15:25:12 +0000] "PUT /d1/4/AUTH_d78639bec5b44e99b50f1e2a62a13861/gnocchi.25d0a3ef-e6a3-4f4c-8d6c-ab57341f3a1c/none_v3" 201 - "PUT http://172.18.0.2:8080/v1/AUTH_d78639bec5b44e99b50f1e2a62a13861/gnocchi.25d0a3ef-e6a3-4f4c-8d6c-ab57341f3a1c/none_v3" "txa35aa37c6e2548108fc68-0069b42c58" "proxy-server 20" 0.0104 "-" 23 0
Mar 13 15:25:12 standalone proxy-server[129036]: 172.18.0.2 172.18.0.100 13/Mar/2026/15/25/12 PUT /v1/AUTH_d78639bec5b44e99b50f1e2a62a13861/gnocchi.25d0a3ef-e6a3-4f4c-8d6c-ab57341f3a1c/none_v3 HTTP/1.0 201 - python-swiftclient-3.11.1 gAAAAABptCvUN87_... 22 - - txa35aa37c6e2548108fc68-0069b42c58 - 0.0183 - - 1773415512.386660099 1773415512.405009508 0
Mar 13 15:25:15 standalone container-server[127079]: 172.20.0.100 - - [13/Mar/2026:15:25:15 +0000] "HEAD /d1/18/AUTH_d78639bec5b44e99b50f1e2a62a13861/gnocchi.538a0654-2c67-4eaa-9aff-ad07652a589f" 404 - "HEAD http://172.18.0.2:8080/v1/AUTH_d78639bec5b44e99b50f1e2a62a13861/gnocchi.538a0654-2c67-4eaa-9aff-ad07652a589f?format=json&states=listing" "txdffb4cfd6b1943f199213-0069b42c5b" "proxy-server 20" 0.0005 "-" 23 0
Mar 13 15:25:15 standalone object-server[127456]: 172.20.0.100 - - [13/Mar/2026:15:25:15 +0000] "GET /d1/558/AUTH_d78639bec5b44e99b50f1e2a62a13861/gnocchi.538a0654-2c67-4eaa-9aff-ad07652a589f/none_v3" 404 70 "GET http://172.18.0.2:8080/v1/AUTH_d78639bec5b44e99b50f1e2a62a13861/gnocchi.538a0654-2c67-4eaa-9aff-ad07652a589f/none_v3" "txdffb4cfd6b1943f199213-0069b42c5b" "proxy-server 20" 0.0006 "-" 25 0
Mar 13 15:25:15 standalone proxy-server[129036]: 172.18.0.2 172.18.0.100 13/Mar/2026/15/25/15 GET /v1/AUTH_d78639bec5b44e99b50f1e2a62a13861/gnocchi.538a0654-2c67-4eaa-9aff-ad07652a589f/none_v3 HTTP/1.0 404 - python-swiftclient-3.11.1 gAAAAABptCvUN87_... - 70 - txdffb4cfd6b1943f199213-0069b42c5b - 0.0111 - - 1773415515.357885122 1773415515.368937254 0
Mar 13 15:25:15 standalone account-server[127039]: 172.20.0.100 - - [13/Mar/2026:15:25:15 +0000] "PUT /d1/208/AUTH_d78639bec5b44e99b50f1e2a62a13861/gnocchi.538a0654-2c67-4eaa-9aff-ad07652a589f" 201 - "PUT http://172.20.0.100:6001/d1/18/AUTH_d78639bec5b44e99b50f1e2a62a13861/gnocchi.538a0654-2c67-4eaa-9aff-ad07652a589f" "txdc0c9804132f46e984271-0069b42c5b" "container-server 21" 0.0021 "-" 21 0
Mar 13 15:25:15 standalone container-server[127069]: 172.20.0.100 - - [13/Mar/2026:15:25:15 +0000] "PUT /d1/18/AUTH_d78639bec5b44e99b50f1e2a62a13861/gnocchi.538a0654-2c67-4eaa-9aff-ad07652a589f" 201 - "PUT http://172.18.0.2:8080/v1/AUTH_d78639bec5b44e99b50f1e2a62a13861/gnocchi.538a0654-2c67-4eaa-9aff-ad07652a589f" "txdc0c9804132f46e984271-0069b42c5b" "proxy-server 20" 0.0146 "-" 21 0
Mar 13 15:25:15 standalone proxy-server[129036]: 172.18.0.2 172.18.0.100 13/Mar/2026/15/25/15 PUT /v1/AUTH_d78639bec5b44e99b50f1e2a62a13861/gnocchi.538a0654-2c67-4eaa-9aff-ad07652a589f HTTP/1.0 201 - python-swiftclient-3.11.1 gAAAAABptCvUN87_... - - - txdc0c9804132f46e984271-0069b42c5b - 0.0190 - - 1773415515.372764587 1773415515.391733170 0
Mar 13 15:25:15 standalone container-server[127079]: 172.20.0.100 - - [13/Mar/2026:15:25:15 +0000] "HEAD /d1/18/AUTH_d78639bec5b44e99b50f1e2a62a13861/gnocchi.538a0654-2c67-4eaa-9aff-ad07652a589f" 204 - "HEAD http://172.18.0.2:8080/v1/AUTH_d78639bec5b44e99b50f1e2a62a13861/gnocchi.538a0654-2c67-4eaa-9aff-ad07652a589f?format=json&states=listing" "txe2ccfa4769644fe2a0fdd-0069b42c5b" "proxy-server 20" 0.0015 "-" 23 0
Mar 13 15:25:15 standalone proxy-server[129036]: - - 13/Mar/2026/15/25/15 HEAD /v1/AUTH_d78639bec5b44e99b50f1e2a62a13861/gnocchi.538a0654-2c67-4eaa-9aff-ad07652a589f%3Fformat%3Djson%26states%3Dlisting HTTP/1.0 204 - Swift - - - - txe2ccfa4769644fe2a0fdd-0069b42c5b - 0.0049 RL - 1773415515.398324966 1773415515.403206825 0
Mar 13 15:25:15 standalone container-server[127075]: 172.20.0.100 - - [13/Mar/2026:15:25:15 +0000] "GET /d1/18/AUTH_d78639bec5b44e99b50f1e2a62a13861/gnocchi.538a0654-2c67-4eaa-9aff-ad07652a589f" 200 2 "GET http://172.18.0.2:8080/v1/AUTH_d78639bec5b44e99b50f1e2a62a13861/gnocchi.538a0654-2c67-4eaa-9aff-ad07652a589f?format=json&states=listing" "txe2ccfa4769644fe2a0fdd-0069b42c5b" "proxy-server 20" 0.0038 "-" 22 0
