Mar 8 20:49:00 standalone container-server[127773]: 172.20.0.100 - - [08/Mar/2026:20:49:00 +0000] "PUT /d1/306/AUTH_0d5484f449ee4a65a496c89062dbe7cb/gnocchi.1a82a262-4a5f-4850-adc1-2563eea1dead/none_v3" 201 - "PUT http://172.18.0.2:8080/d1/498/AUTH_0d5484f449ee4a65a496c89062dbe7cb/gnocchi.1a82a262-4a5f-4850-adc1-2563eea1dead/none_v3" "txca4b5d0b485f4a41820c0-0069ade0bc" "object-server 24" 0.0010 "-" 22 0
Mar 8 20:49:00 standalone object-server[127894]: 172.20.0.100 - - [08/Mar/2026:20:49:00 +0000] "PUT /d1/498/AUTH_0d5484f449ee4a65a496c89062dbe7cb/gnocchi.1a82a262-4a5f-4850-adc1-2563eea1dead/none_v3" 201 - "PUT http://172.18.0.2:8080/v1/AUTH_0d5484f449ee4a65a496c89062dbe7cb/gnocchi.1a82a262-4a5f-4850-adc1-2563eea1dead/none_v3" "txca4b5d0b485f4a41820c0-0069ade0bc" "proxy-server 12" 0.0125 "-" 24 0
Mar 8 20:49:00 standalone proxy-server[129565]: 172.18.0.2 172.18.0.100 08/Mar/2026/20/49/00 PUT /v1/AUTH_0d5484f449ee4a65a496c89062dbe7cb/gnocchi.1a82a262-4a5f-4850-adc1-2563eea1dead/none_v3 HTTP/1.0 201 - python-swiftclient-3.11.1 gAAAAABpreB27b5N... 22 - - txca4b5d0b485f4a41820c0-0069ade0bc - 0.0200 - - 1773002940.400212049 1773002940.420243979 0
Mar 8 20:49:00 standalone container-server[127766]: 172.20.0.100 - - [08/Mar/2026:20:49:00 +0000] "HEAD /d1/273/AUTH_0d5484f449ee4a65a496c89062dbe7cb/gnocchi.41933eaf-7f87-430b-ab2c-c82644de024a" 404 - "HEAD http://172.18.0.2:8080/v1/AUTH_0d5484f449ee4a65a496c89062dbe7cb/gnocchi.41933eaf-7f87-430b-ab2c-c82644de024a?format=json&states=listing" "txd44d6d5309ce4b0884a13-0069ade0bc" "proxy-server 12" 0.0005 "-" 21 0
Mar 8 20:49:00 standalone object-server[127892]: 172.20.0.100 - - [08/Mar/2026:20:49:00 +0000] "GET /d1/530/AUTH_0d5484f449ee4a65a496c89062dbe7cb/gnocchi.41933eaf-7f87-430b-ab2c-c82644de024a/none_v3" 404 70 "GET http://172.18.0.2:8080/v1/AUTH_0d5484f449ee4a65a496c89062dbe7cb/gnocchi.41933eaf-7f87-430b-ab2c-c82644de024a/none_v3" "txd44d6d5309ce4b0884a13-0069ade0bc" "proxy-server 12" 0.0005 "-" 23 0
Mar 8 20:49:00 standalone proxy-server[129565]: 172.18.0.2 172.18.0.100 08/Mar/2026/20/49/00 GET /v1/AUTH_0d5484f449ee4a65a496c89062dbe7cb/gnocchi.41933eaf-7f87-430b-ab2c-c82644de024a/none_v3 HTTP/1.0 404 - python-swiftclient-3.11.1 gAAAAABpreB27b5N... - 70 - txd44d6d5309ce4b0884a13-0069ade0bc - 0.0104 - - 1773002940.438618422 1773002940.449008465 0
Mar 8 20:49:00 standalone account-server[127660]: 172.20.0.100 - - [08/Mar/2026:20:49:00 +0000] "PUT /d1/712/AUTH_0d5484f449ee4a65a496c89062dbe7cb/gnocchi.41933eaf-7f87-430b-ab2c-c82644de024a" 201 - "PUT http://172.20.0.100:6001/d1/273/AUTH_0d5484f449ee4a65a496c89062dbe7cb/gnocchi.41933eaf-7f87-430b-ab2c-c82644de024a" "tx41f8963b56954b7ca1501-0069ade0bc" "container-server 22" 0.0088 "-" 23 0
Mar 8 20:49:00 standalone container-server[127773]: 172.20.0.100 - - [08/Mar/2026:20:49:00 +0000] "PUT /d1/273/AUTH_0d5484f449ee4a65a496c89062dbe7cb/gnocchi.41933eaf-7f87-430b-ab2c-c82644de024a" 201 - "PUT http://172.18.0.2:8080/v1/AUTH_0d5484f449ee4a65a496c89062dbe7cb/gnocchi.41933eaf-7f87-430b-ab2c-c82644de024a" "tx41f8963b56954b7ca1501-0069ade0bc" "proxy-server 12" 0.0277 "-" 22 0
Mar 8 20:49:00 standalone proxy-server[129565]: 172.18.0.2 172.18.0.100 08/Mar/2026/20/49/00 PUT /v1/AUTH_0d5484f449ee4a65a496c89062dbe7cb/gnocchi.41933eaf-7f87-430b-ab2c-c82644de024a HTTP/1.0 201 - python-swiftclient-3.11.1 gAAAAABpreB27b5N... - - - tx41f8963b56954b7ca1501-0069ade0bc - 0.0332 - - 1773002940.452044725 1773002940.485281229 0
Mar 8 20:49:00 standalone container-server[127776]: 172.20.0.100 - - [08/Mar/2026:20:49:00 +0000] "HEAD /d1/273/AUTH_0d5484f449ee4a65a496c89062dbe7cb/gnocchi.41933eaf-7f87-430b-ab2c-c82644de024a" 204 - "HEAD http://172.18.0.2:8080/v1/AUTH_0d5484f449ee4a65a496c89062dbe7cb/gnocchi.41933eaf-7f87-430b-ab2c-c82644de024a?format=json&states=listing" "txbdd4c495840d4b1ebde3f-0069ade0bc" "proxy-server 12" 0.0033 "-" 23 0
Mar 8 20:49:00 standalone proxy-server[129565]: - - 08/Mar/2026/20/49/00 HEAD /v1/AUTH_0d5484f449ee4a65a496c89062dbe7cb/gnocchi.41933eaf-7f87-430b-ab2c-c82644de024a%3Fformat%3Djson%26states%3Dlisting HTTP/1.0 204 - Swift - - - - txbdd4c495840d4b1ebde3f-0069ade0bc - 0.0083 RL - 1773002940.492842436 1773002940.501186132 0
Mar 8 20:49:00 standalone container-server[127773]: 172.20.0.100 - - [08/Mar/2026:20:49:00 +0000] "GET /d1/273/AUTH_0d5484f449ee4a65a496c89062dbe7cb/gnocchi.41933eaf-7f87-430b-ab2c-c82644de024a" 200 2 "GET http://172.18.0.2:8080/v1/AUTH_0d5484f449ee4a65a496c89062dbe7cb/gnocchi.41933eaf-7f87-430b-ab2c-c82644de024a?format=json&states=listing" "txbdd4c495840d4b1ebde3f-0069ade0bc" "proxy-server 12" 0.0042 "-" 22 0
Mar 8 20:49:00 standalone proxy-server[129565]: 172.18.0.2 172.18.0.100 08/Mar/2026/20/49/00 GET /v1/AUTH_0d5484f449ee4a65a496c89062dbe7cb/gnocchi.41933eaf-7f87-430b-ab2c-c82644de024a%3Fformat%3Djson%26states%3Dlisting HTTP/1.0 200 - python-swiftclient-3.11.1 gAAAAABpreB27b5N... - 2 - txbdd4c495840d4b1ebde3f-0069ade0bc - 0.0228 - - 1773002940.491314411 1773002940.514106512 0
Mar 8 20:49:00 standalone object-server[127894]: 172.20.0.100 - - [08/Mar/2026:20:49:00 +0000] "GET /d1/316/AUTH_0d5484f449ee4a65a496c89062dbe7cb/gnocchi.41933eaf-7f87-430b-ab2c-c82644de024a/1772280000.0_mean_300.0_v3" 404 70 "GET http://172.18.0.2:8080/v1/AUTH_0d5484f449ee4a65a496c89062dbe7cb/gnocchi.41933eaf-7f87-430b-ab2c-c82644de024a/1772280000.0_mean_300.0_v3" "txbcf65fca522a4816ad26e-0069ade0bc" "proxy-server 12" 0.0005 "-" 24 0
Mar 8 20:49:00 standalone proxy-server[129565]: 172.18.0.2 172.18.0.100 08/Mar/2026/20/49/00 GET /v1/AUTH_0d5484f449ee4a65a496c89062dbe7cb/gnocchi.41933eaf-7f87-430b-ab2c-c82644de024a/1772280000.0_mean_300.0_v3 HTTP/1.0 404 - python-swiftclient-3.11.1 gAAAAABpreB27b5N... - 70 - txbcf65fca522a4816ad26e-0069ade0bc - 0.0070 - - 1773002940.522195101 1773002940.529206514 0
Mar 8 20:49:00 standalone container-server[127776]: 172.20.0.100 - - [08/Mar/2026:20:49:00 +0000] "PUT /d1/273/AUTH_0d5484f449ee4a65a496c89062dbe7cb/gnocchi.41933eaf-7f87-430b-ab2c-c82644de024a/1772280000.0_mean_300.0_v3" 201 - "PUT http://172.18.0.2:8080/d1/316/AUTH_0d5484f449ee4a65a496c89062dbe7cb/gnocchi.41933eaf-7f87-430b-ab2c-c82644de024a/1772280000.0_mean_300.0_v3" "tx7ed218cda90a4b4489e99-0069ade0bc" "object-server 24" 0.0014 "-" 23 0
Mar 8 20:49:00 standalone object-server[127894]: 172.20.0.100 - - [08/Mar/2026:20:49:00 +0000] "PUT /d1/316/AUTH_0d5484f449ee4a65a496c89062dbe7cb/gnocchi.41933eaf-7f87-430b-ab2c-c82644de024a/1772280000.0_mean_300.0_v3" 201 - "PUT http://172.18.0.2:8080/v1/AUTH_0d5484f449ee4a65a496c89062dbe7cb/gnocchi.41933eaf-7f87-430b-ab2c-c82644de024a/1772280000.0_mean_300.0_v3" "tx7ed218cda90a4b4489e99-0069ade0bc" "proxy-server 12" 0.0163 "-" 24 0
Mar 8 20:49:00 standalone proxy-server[129565]: 172.18.0.2 172.18.0.100 08/Mar/2026/20/49/00 PUT /v1/AUTH_0d5484f449ee4a65a496c89062dbe7cb/gnocchi.41933eaf-7f87-430b-ab2c-c82644de024a/1772280000.0_mean_300.0_v3 HTTP/1.0 201 - python-swiftclient-3.11.1 gAAAAABpreB27b5N... 16 - - tx7ed218cda90a4b4489e99-0069ade0bc - 0.0237 - - 1773002940.534932137 1773002940.558624983 0
Mar 8 20:49:00 standalone container-server[127773]: 172.20.0.100 - - [08/Mar/2026:20:49:00 +0000] "PUT /d1/273/AUTH_0d5484f449ee4a65a496c89062dbe7cb/gnocchi.41933eaf-7f87-430b-ab2c-c82644de024a/none_v3" 201 - "PUT http://172.18.0.2:8080/d1/530/AUTH_0d5484f449ee4a65a496c89062dbe7cb/gnocchi.41933eaf-7f87-430b-ab2c-c82644de024a/none_v3" "tx350a67ffb8fa454c92f9f-0069ade0bc" "object-server 24" 0.0009 "-" 22 0
Mar 8 20:49:00 standalone object-server[127894]: 172.20.0.100 - - [08/Mar/2026:20:49:00 +0000] "PUT /d1/530/AUTH_0d5484f449ee4a65a496c89062dbe7cb/gnocchi.41933eaf-7f87-430b-ab2c-c82644de024a/none_v3" 201 - "PUT http://172.18.0.2:8080/v1/AUTH_0d5484f449ee4a65a496c89062dbe7cb/gnocchi.41933eaf-7f87-430b-ab2c-c82644de024a/none_v3" "tx350a67ffb8fa454c92f9f-0069ade0bc" "proxy-server 12" 0.0127 "-" 24 0
Mar 8 20:49:00 standalone proxy-server[129565]: 172.18.0.2 172.18.0.100 08/Mar/2026/20/49/00 PUT /v1/AUTH_0d5484f449ee4a65a496c89062dbe7cb/gnocchi.41933eaf-7f87-430b-ab2c-c82644de024a/none_v3 HTTP/1.0 201 - python-swiftclient-3.11.1 gAAAAABpreB27b5N... 22 - - tx350a67ffb8fa454c92f9f-0069ade0bc - 0.0198 - - 1773002940.564463854 1773002940.584270477 0
Mar 8 20:49:00 standalone container-server[127776]: 172.20.0.100 - - [08/Mar/2026:20:49:00 +0000] "HEAD /d1/892/AUTH_0d5484f449ee4a65a496c89062dbe7cb/gnocchi.a3174d00-1aa0-4860-baad-85e7f3461ae2" 404 - "HEAD http://172.18.0.2:8080/v1/AUTH_0d5484f449ee4a65a496c89062dbe7cb/gnocchi.a3174d00-1aa0-4860-baad-85e7f3461ae2?format=json&states=listing" "tx557794ea0b884a8b9ddeb-0069ade0bc" "proxy-server 12" 0.0009 "-" 23 0
Mar 8 20:49:00 standalone object-server[127892]: 172.20.0.100 - - [08/Mar/2026:20:49:00 +0000] "GET /d1/26/AUTH_0d5484f449ee4a65a496c89062dbe7cb/gnocchi.a3174d00-1aa0-4860-baad-85e7f3461ae2/none_v3" 404 70 "GET http://172.18.0.2:8080/v1/AUTH_0d5484f449ee4a65a496c89062dbe7cb/gnocchi.a3174d00-1aa0-4860-baad-85e7f3461ae2/none_v3" "tx557794ea0b884a8b9ddeb-0069ade0bc" "proxy-server 12" 0.0005 "-" 23 0
Mar 8 20:49:00 standalone proxy-server[129565]: 172.18.0.2 172.18.0.100 08/Mar/2026/20/49/00 GET /v1/AUTH_0d5484f449ee4a65a496c89062dbe7cb/gnocchi.a3174d00-1aa0-4860-baad-85e7f3461ae2/none_v3 HTTP/1.0 404 - python-swiftclient-3.11.1 gAAAAABpreB27b5N... - 70 - tx557794ea0b884a8b9ddeb-0069ade0bc - 0.0155 - - 1773002940.603731155 1773002940.619274855 0
Mar 8 20:49:00 standalone account-server[127650]: 172.20.0.100 - - [08/Mar/2026:20:49:00 +0000] "PUT /d1/712/AUTH_0d5484f449ee4a65a496c89062dbe7cb/gnocchi.a3174d00-1aa0-4860-baad-85e7f3461ae2" 201 - "PUT http://172.20.0.100:6001/d1/892/AUTH_0d5484f449ee4a65a496c89062dbe7cb/gnocchi.a3174d00-1aa0-4860-baad-85e7f3461ae2" "tx8e9830f990b4497a91d2b-0069ade0bc" "container-server 23" 0.0136 "-" 22 0
Mar 8 20:49:00 standalone container-server[127776]: 172.20.0.100 - - [08/Mar/2026:20:49:00 +0000] "PUT /d1/892/AUTH_0d5484f449ee4a65a496c89062dbe7cb/gnocchi.a3174d00-1aa0-4860-baad-85e7f3461ae2" 201 - "PUT http://172.18.0.2:8080/v1/AUTH_0d5484f449ee4a65a496c89062dbe7cb/gnocchi.a3174d00-1aa0-4860-baad-85e7f3461ae2" "tx8e9830f990b4497a91d2b-0069ade0bc" "proxy-server 12" 0.0341 "-" 23 0
Mar 8 20:49:00 standalone proxy-server[129565]: 172.18.0.2 172.18.0.100 08/Mar/2026/20/49/00 PUT /v1/AUTH_0d5484f449ee4a65a496c89062dbe7cb/gnocchi.a3174d00-1aa0-4860-baad-85e7f3461ae2 HTTP/1.0 201 - python-swiftclient-3.11.1 gAAAAABpreB27b5N... - - - tx8e9830f990b4497a91d2b-0069ade0bc - 0.0399 - - 1773002940.623984337 1773002940.663864851 0
Mar 8 20:49:00 standalone container-server[127773]: 172.20.0.100 - - [08/Mar/2026:20:49:00 +0000] "HEAD /d1/892/AUTH_0d5484f449ee4a65a496c89062dbe7cb/gnocchi.a3174d00-1aa0-4860-baad-85e7f3461ae2" 204 - "HEAD http://172.18.0.2:8080/v1/AUTH_0d5484f449ee4a65a496c89062dbe7cb/gnocchi.a3174d00-1aa0-4860-baad-85e7f3461ae2?format=json&states=listing" "txc676f392e08e483c8cf26-0069ade0bc" "proxy-server 12" 0.0022 "-" 22 0
Mar 8 20:49:00 standalone proxy-server[129565]: - - 08/Mar/2026/20/49/00 HEAD /v1/AUTH_0d5484f449ee4a65a496c89062dbe7cb/gnocchi.a3174d00-1aa0-4860-baad-85e7f3461ae2%3Fformat%3Djson%26states%3Dlisting HTTP/1.0 204 - Swift - - - - txc676f392e08e483c8cf26-0069ade0bc - 0.0065 RL - 1773002940.671509027 1773002940.678010941 0
Mar 8 20:49:00 standalone container-server[127773]: 172.20.0.100 - - [08/Mar/2026:20:49:00 +0000] "GET /d1/892/AUTH_0d5484f449ee4a65a496c89062dbe7cb/gnocchi.a3174d00-1aa0-4860-baad-85e7f3461ae2" 200 2 "GET http://172.18.0.2:8080/v1/AUTH_0d5484f449ee4a65a496c89062dbe7cb/gnocchi.a3174d00-1aa0-4860-baad-85e7f3461ae2?format=json&states=listing" "txc676f392e08e483c8cf26-0069ade0bc" "proxy-server 12" 0.0031 "-" 22 0
Mar 8 20:49:00 standalone proxy-server[129565]: 172.18.0.2 172.18.0.100 08/Mar/2026/20/49/00 GET /v1/AUTH_0d5484f449ee4a65a496c89062dbe7cb/gnocchi.a3174d00-1aa0-4860-baad-85e7f3461ae2%3Fformat%3Djson%26states%3Dlisting HTTP/1.0 200 - python-swiftclient-3.11.1 gAAAAABpreB27b5N... - 2 - txc676f392e08e483c8cf26-0069ade0bc - 0.0196 - - 1773002940.670208454 1773002940.689766169 0
Mar 8 20:49:00 standalone object-server[127894]: 172.20.0.100 - - [08/Mar/2026:20:49:00 +0000] "GET /d1/586/AUTH_0d5484f449ee4a65a496c89062dbe7cb/gnocchi.a3174d00-1aa0-4860-baad-85e7f3461ae2/1772280000.0_mean_300.0_v3" 404 70 "GET http://172.18.0.2:8080/v1/AUTH_0d5484f449ee4a65a496c89062dbe7cb/gnocchi.a3174d00-1aa0-4860-baad-85e7f3461ae2/1772280000.0_mean_300.0_v3" "tx12b323f33233448ea9534-0069ade0bc" "proxy-server 12" 0.0004 "-" 24 0
Mar 8 20:49:00 standalone proxy-server[129565]: 172.18.0.2 172.18.0.100 08/Mar/2026/20/49/00 GET /v1/AUTH_0d5484f449ee4a65a496c89062dbe7cb/gnocchi.a3174d00-1aa0-4860-baad-85e7f3461ae2/1772280000.0_mean_300.0_v3 HTTP/1.0 404 - python-swiftclient-3.11.1 gAAAAABpreB27b5N... - 70 - tx12b323f33233448ea9534-0069ade0bc - 0.0078 - - 1773002940.693969727 1773002940.701776981 0
Mar 8 20:49:00 standalone container-server[127766]: 172.20.0.100 - - [08/Mar/2026:20:49:00 +0000] "PUT /d1/892/AUTH_0d5484f449ee4a65a496c89062dbe7cb/gnocchi.a3174d00-1aa0-4860-baad-85e7f3461ae2/1772280000.0_mean_300.0_v3" 201 - "PUT http://172.18.0.2:8080/d1/586/AUTH_0d5484f449ee4a65a496c89062dbe7cb/gnocchi.a3174d00-1aa0-4860-baad-85e7f3461ae2/1772280000.0_mean_300.0_v3" "txd28b4f7f1e784c0aba0f1-0069ade0bc" "object-server 22" 0.0007 "-" 21 0
Mar 8 20:49:00 standalone object-server[127890]: 172.20.0.100 - - [08/Mar/2026:20:49:00 +0000] "PUT /d1/586/AUTH_0d5484f449ee4a65a496c89062dbe7cb/gnocchi.a3174d00-1aa0-4860-baad-85e7f3461ae2/1772280000.0_mean_300.0_v3" 201 - "PUT http://172.18.0.2:8080/v1/AUTH_0d5484f449ee4a65a496c89062dbe7cb/gnocchi.a3174d00-1aa0-4860-baad-85e7f3461ae2/1772280000.0_mean_300.0_v3" "txd28b4f7f1e784c0aba0f1-0069ade0bc" "proxy-server 12" 0.0149 "-" 22 0
Mar 8 20:49:00 standalone proxy-server[129565]: 172.18.0.2 172.18.0.100 08/Mar/2026/20/49/00 PUT /v1/AUTH_0d5484f449ee4a65a496c89062dbe7cb/gnocchi.a3174d00-1aa0-4860-baad-85e7f3461ae2/1772280000.0_mean_300.0_v3 HTTP/1.0 201 - python-swiftclient-3.11.1 gAAAAABpreB27b5N... 16 - - txd28b4f7f1e784c0aba0f1-0069ade0bc - 0.0213 - - 1773002940.704568386 1773002940.725828171 0
Mar 8 20:49:00 standalone container-server[127766]: 172.20.0.100 - - [08/Mar/2026:20:49:00 +0000] "PUT /d1/892/AUTH_0d5484f449ee4a65a496c89062dbe7cb/gnocchi.a3174d00-1aa0-4860-baad-85e7f3461ae2/none_v3" 201 - "PUT http://172.18.0.2:8080/d1/26/AUTH_0d5484f449ee4a65a496c89062dbe7cb/gnocchi.a3174d00-1aa0-4860-baad-85e7f3461ae2/none_v3" "txec374e561ab54b3fa38c7-0069ade0bc" "object-server 22" 0.0006 "-" 21 0
Mar 8 20:49:00 standalone object-server[127890]: 172.20.0.100 - - [08/Mar/2026:20:49:00 +0000] "PUT /d1/26/AUTH_0d5484f449ee4a65a496c89062dbe7cb/gnocchi.a3174d00-1aa0-4860-baad-85e7f3461ae2/none_v3" 201 - "PUT http://172.18.0.2:8080/v1/AUTH_0d5484f449ee4a65a496c89062dbe7cb/gnocchi.a3174d00-1aa0-4860-baad-85e7f3461ae2/none_v3" "txec374e561ab54b3fa38c7-0069ade0bc" "proxy-server 12" 0.0166 "-" 22 0
Mar 8 20:49:00 standalone proxy-server[129565]: 172.18.0.2 172.18.0.100 08/Mar/2026/20/49/00 PUT /v1/AUTH_0d5484f449ee4a65a496c89062dbe7cb/gnocchi.a3174d00-1aa0-4860-baad-85e7f3461ae2/none_v3 HTTP/1.0 201 - python-swiftclient-3.11.1 gAAAAABpreB27b5N... 22 - - txec374e561ab54b3fa38c7-0069ade0bc - 0.0219 - - 1773002940.729073048 1773002940.750973701 0
Mar 8 20:49:00 standalone container-server[127766]: 172.20.0.100 - - [08/Mar/2026:20:49:00 +0000] "HEAD /d1/254/AUTH_0d5484f449ee4a65a496c89062dbe7cb/gnocchi.37ee1488-c4fb-48cd-92ef-9ed9bf365173" 404 - "HEAD http://172.18.0.2:8080/v1/AUTH_0d5484f449ee4a65a496c89062dbe7cb/gnocchi.37ee1488-c4fb-48cd-92ef-9ed9bf365173?format=json&states=listing" "tx32e8e5551b96453abac8d-0069ade0bc" "proxy-server 12" 0.0004 "-" 21 0
Mar 8 20:49:00 standalone object-server[127890]: 172.20.0.100 - - [08/Mar/2026:20:49:00 +0000] "GET /d1/454/AUTH_0d5484f449ee4a65a496c89062dbe7cb/gnocchi.37ee1488-c4fb-48cd-92ef-9ed9bf365173/none_v3" 404 70 "GET http://172.18.0.2:8080/v1/AUTH_0d5484f449ee4a65a496c89062dbe7cb/gnocchi.37ee1488-c4fb-48cd-92ef-9ed9bf365173/none_v3" "tx32e8e5551b96453abac8d-0069ade0bc" "proxy-server 12" 0.0005 "-" 22 0
Mar 8 20:49:00 standalone proxy-server[129565]: 172.18.0.2 172.18.0.100 08/Mar/2026/20/49/00 GET /v1/AUTH_0d5484f449ee4a65a496c89062dbe7cb/gnocchi.37ee1488-c4fb-48cd-92ef-9ed9bf365173/none_v3 HTTP/1.0 404 - python-swiftclient-3.11.1 gAAAAABpreB27b5N... - 70 - tx32e8e5551b96453abac8d-0069ade0bc - 0.0119 - - 1773002940.762803793 1773002940.774717331 0
Mar 8 20:49:00 standalone account-server[127660]: 172.20.0.100 - - [08/Mar/2026:20:49:00 +0000] "PUT /d1/712/AUTH_0d5484f449ee4a65a496c89062dbe7cb/gnocchi.37ee1488-c4fb-48cd-92ef-9ed9bf365173" 201 - "PUT http://172.20.0.100:6001/d1/254/AUTH_0d5484f449ee4a65a496c89062dbe7cb/gnocchi.37ee1488-c4fb-48cd-92ef-9ed9bf365173" "tx212a35afd8fb46e99eb82-0069ade0bc" "container-server 21" 0.0058 "-" 23 0
Mar 8 20:49:00 standalone container-server[127766]: 172.20.0.100 - - [08/Mar/2026:20:49:00 +0000] "PUT /d1/254/AUTH_0d5484f449ee4a65a496c89062dbe7cb/gnocchi.37ee1488-c4fb-48cd-92ef-9ed9bf365173" 201 - "PUT http://172.18.0.2:8080/v1/AUTH_0d5484f449ee4a65a496c89062dbe7cb/gnocchi.37ee1488-c4fb-48cd-92ef-9ed9bf365173" "tx212a35afd8fb46e99eb82-0069ade0bc" "proxy-server 12" 0.0192 "-" 21 0
Mar 8 20:49:00 standalone proxy-server[129565]: 172.18.0.2 172.18.0.100 08/Mar/2026/20/49/00 PUT /v1/AUTH_0d5484f449ee4a65a496c89062dbe7cb/gnocchi.37ee1488-c4fb-48cd-92ef-9ed9bf365173 HTTP/1.0 201 - python-swiftclient-3.11.1 gAAAAABpreB27b5N... - - - tx212a35afd8fb46e99eb82-0069ade0bc - 0.0237 - - 1773002940.777601719 1773002940.801253557 0
Mar 8 20:49:00 standalone container-server[127766]: 172.20.0.100 - - [08/Mar/2026:20:49:00 +0000] "HEAD /d1/254/AUTH_0d5484f449ee4a65a496c89062dbe7cb/gnocchi.37ee1488-c4fb-48cd-92ef-9ed9bf365173" 204 - "HEAD http://172.18.0.2:8080/v1/AUTH_0d5484f449ee4a65a496c89062dbe7cb/gnocchi.37ee1488-c4fb-48cd-92ef-9ed9bf365173?format=json&states=listing" "tx0f0b4db2af5d44eebb563-0069ade0bc" "proxy-server 12" 0.0014 "-" 21 0
Mar 8 20:49:00 standalone proxy-server[129565]: - - 08/Mar/2026/20/49/00 HEAD /v1/AUTH_0d5484f449ee4a65a496c89062dbe7cb/gnocchi.37ee1488-c4fb-48cd-92ef-9ed9bf365173%3Fformat%3Djson%26states%3Dlisting HTTP/1.0 204 - Swift - - - - tx0f0b4db2af5d44eebb563-0069ade0bc - 0.0057 RL - 1773002940.807633638 1773002940.813323498 0
Mar 8 20:49:00 standalone container-server[127773]: 172.20.0.100 - - [08/Mar/2026:20:49:00 +0000] "GET /d1/254/AUTH_0d5484f449ee4a65a496c89062dbe7cb/gnocchi.37ee1488-c4fb-48cd-92ef-9ed9bf365173" 200 2 "GET http://172.18.0.2:8080/v1/AUTH_0d5484f449ee4a65a496c89062dbe7cb/gnocchi.37ee1488-c4fb-48cd-92ef-9ed9bf365173?format=json&states=listing" "tx0f0b4db2af5d44eebb563-0069ade0bc" "proxy-server 12" 0.0035 "-" 22 0
Mar 8 20:49:00 standalone proxy-server[129565]: 172.18.0.2 172.18.0.100 08/Mar/2026/20/49/00 GET /v1/AUTH_0d5484f449ee4a65a496c89062dbe7cb/gnocchi.37ee1488-c4fb-48cd-92ef-9ed9bf365173%3Fformat%3Djson%26states%3Dlisting HTTP/1.0 200 - python-swiftclient-3.11.1 gAAAAABpreB27b5N... - 2 - tx0f0b4db2af5d44eebb563-0069ade0bc - 0.0176 - - 1773002940.806686401 1773002940.824245214 0
Mar 8 20:49:00 standalone object-server[127892]: 172.20.0.100 - - [08/Mar/2026:20:49:00 +0000] "GET /d1/1004/AUTH_0d5484f449ee4a65a496c89062dbe7cb/gnocchi.37ee1488-c4fb-48cd-92ef-9ed9bf365173/1772280000.0_mean_300.0_v3" 404 70 "GET http://172.18.0.2:8080/v1/AUTH_0d5484f449ee4a65a496c89062dbe7cb/gnocchi.37ee1488-c4fb-48cd-92ef-9ed9bf365173/1772280000.0_mean_300.0_v3" "tx5e88fb5340dd464aa6647-0069ade0bc" "proxy-server 12" 0.0007 "-" 23 0
Mar 8 20:49:00 standalone proxy-server[129565]: 172.18.0.2 172.18.0.100 08/Mar/2026/20/49/00 GET /v1/AUTH_0d5484f449ee4a65a496c89062dbe7cb/gnocchi.37ee1488-c4fb-48cd-92ef-9ed9bf365173/1772280000.0_mean_300.0_v3 HTTP/1.0 404 - python-swiftclient-3.11.1 gAAAAABpreB27b5N... - 70 - tx5e88fb5340dd464aa6647-0069ade0bc - 0.0093 - - 1773002940.828501940 1773002940.837822199 0
Mar 8 20:49:00 standalone container-server[127766]: 172.20.0.100 - - [08/Mar/2026:20:49:00 +0000] "PUT /d1/254/AUTH_0d5484f449ee4a65a496c89062dbe7cb/gnocchi.37ee1488-c4fb-48cd-92ef-9ed9bf365173/1772280000.0_mean_300.0_v3" 201 - "PUT http://172.18.0.2:8080/d1/1004/AUTH_0d5484f449ee4a65a496c89062dbe7cb/gnocchi.37ee1488-c4fb-48cd-92ef-9ed9bf365173/1772280000.0_mean_300.0_v3" "tx16285339889a44f9bac27-0069ade0bc" "object-server 23" 0.0008 "-" 21 0
Mar 8 20:49:00 standalone object-server[127892]: 172.20.0.100 - - [08/Mar/2026:20:49:00 +0000] "PUT /d1/1004/AUTH_0d5484f449ee4a65a496c89062dbe7cb/gnocchi.37ee1488-c4fb-48cd-92ef-9ed9bf365173/1772280000.0_mean_300.0_v3" 201 - "PUT http://172.18.0.2:8080/v1/AUTH_0d5484f449ee4a65a496c89062dbe7cb/gnocchi.37ee1488-c4fb-48cd-92ef-9ed9bf365173/1772280000.0_mean_300.0_v3" "tx16285339889a44f9bac27-0069ade0bc" "proxy-server 12" 0.0250 "-" 23 0
Mar 8 20:49:00 standalone proxy-server[129565]: 172.18.0.2 172.18.0.100 08/Mar/2026/20/49/00 PUT /v1/AUTH_0d5484f449ee4a65a496c89062dbe7cb/gnocchi.37ee1488-c4fb-48cd-92ef-9ed9bf365173/1772280000.0_mean_300.0_v3 HTTP/1.0 201 - python-swiftclient-3.11.1 gAAAAABpreB27b5N... 16 - - tx16285339889a44f9bac27-0069ade0bc - 0.0332 - - 1773002940.841254473 1773002940.874420643 0
Mar 8 20:49:00 standalone container-server[127773]: 172.20.0.100 - - [08/Mar/2026:20:49:00 +0000] "PUT /d1/254/AUTH_0d5484f449ee4a65a496c89062dbe7cb/gnocchi.37ee1488-c4fb-48cd-92ef-9ed9bf365173/none_v3" 201 - "PUT http://172.18.0.2:8080/d1/454/AUTH_0d5484f449ee4a65a496c89062dbe7cb/gnocchi.37ee1488-c4fb-48cd-92ef-9ed9bf365173/none_v3" "tx3bf3322ff5b34b5cbad0a-0069ade0bc" "object-server 22" 0.0008 "-" 22 0
Mar 8 20:49:00 standalone object-server[127890]: 172.20.0.100 - - [08/Mar/2026:20:49:00 +0000] "PUT /d1/454/AUTH_0d5484f449ee4a65a496c89062dbe7cb/gnocchi.37ee1488-c4fb-48cd-92ef-9ed9bf365173/none_v3" 201 - "PUT http://172.18.0.2:8080/v1/AUTH_0d5484f449ee4a65a496c89062dbe7cb/gnocchi.37ee1488-c4fb-48cd-92ef-9ed9bf365173/none_v3" "tx3bf3322ff5b34b5cbad0a-0069ade0bc" "proxy-server 12" 0.0104 "-" 22 0
Mar 8 20:49:00 standalone proxy-server[129565]: 172.18.0.2 172.18.0.100 08/Mar/2026/20/49/00 PUT /v1/AUTH_0d5484f449ee4a65a496c89062dbe7cb/gnocchi.37ee1488-c4fb-48cd-92ef-9ed9bf365173/none_v3 HTTP/1.0 201 - python-swiftclient-3.11.1 gAAAAABpreB27b5N... 22 - - tx3bf3322ff5b34b5cbad0a-0069ade0bc - 0.0173 - - 1773002940.878002167 1773002940.895313501 0
Mar 8 20:49:27 standalone container-server[127776]: 172.20.0.100 - - [08/Mar/2026:20:49:27 +0000] "HEAD /d1/632/AUTH_0d5484f449ee4a65a496c89062dbe7cb/gnocchi.77f2c83c-616a-4c1e-9d53-4349648dbe9e" 404 - "HEAD http://172.18.0.2:8080/v1/AUTH_0d5484f449ee4a65a496c89062dbe7cb/gnocchi.77f2c83c-616a-4c1e-9d53-4349648dbe9e?format=json&states=listing" "tx84aea194c1964cbca2d04-0069ade0d7" "proxy-server 12" 0.0008 "-" 23 0
Mar 8 20:49:27 standalone object-server[127894]: 172.20.0.100 - - [08/Mar/2026:20:49:27 +0000] "GET /d1/155/AUTH_0d5484f449ee4a65a496c89062dbe7cb/gnocchi.77f2c83c-616a-4c1e-9d53-4349648dbe9e/none_v3" 404 70 "GET http://172.18.0.2:8080/v1/AUTH_0d5484f449ee4a65a496c89062dbe7cb/gnocchi.77f2c83c-616a-4c1e-9d53-4349648dbe9e/none_v3" "tx84aea194c1964cbca2d04-0069ade0d7" "proxy-server 12" 0.0005 "-" 24 0
Mar 8 20:49:27 standalone proxy-server[129565]: 172.18.0.2 172.18.0.100 08/Mar/2026/20/49/27 GET /v1/AUTH_0d5484f449ee4a65a496c89062dbe7cb/gnocchi.77f2c83c-616a-4c1e-9d53-4349648dbe9e/none_v3 HTTP/1.0 404 - python-swiftclient-3.11.1 gAAAAABpreB27b5N... - 70 - tx84aea194c1964cbca2d04-0069ade0d7 - 0.0097 - - 1773002967.034826517 1773002967.044567823 0
Mar 8 20:49:27 standalone account-server[127637]: 172.20.0.100 - - [08/Mar/2026:20:49:27 +0000] "PUT /d1/712/AUTH_0d5484f449ee4a65a496c89062dbe7cb/gnocchi.77f2c83c-616a-4c1e-9d53-4349648dbe9e" 201 - "PUT http://172.20.0.100:6001/d1/632/AUTH_0d5484f449ee4a65a496c89062dbe7cb/gnocchi.77f2c83c-616a-4c1e-9d53-4349648dbe9e" "tx00babfcc496d4032815c9-0069ade0d7" "container-server 23" 0.0055 "-" 20 0
Mar 8 20:49:27 standalone container-server[127776]: 172.20.0.100 - - [08/Mar/2026:20:49:27 +0000] "PUT /d1/632/AUTH_0d5484f449ee4a65a496c89062dbe7cb/gnocchi.77f2c83c-616a-4c1e-9d53-4349648dbe9e" 201 - "PUT http://172.18.0.2:8080/v1/AUTH_0d5484f449ee4a65a496c89062dbe7cb/gnocchi.77f2c83c-616a-4c1e-9d53-4349648dbe9e" "tx00babfcc496d4032815c9-0069ade0d7" "proxy-server 12" 0.0146 "-" 23 0
Mar 8 20:49:27 standalone proxy-server[129565]: 172.18.0.2 172.18.0.100 08/Mar/2026/20/49/27 PUT /v1/AUTH_0d5484f449ee4a65a496c89062dbe7cb/gnocchi.77f2c83c-616a-4c1e-9d53-4349648dbe9e HTTP/1.0 201 - python-swiftclient-3.11.1 gAAAAABpreB27b5N... - - - tx00babfcc496d4032815c9-0069ade0d7 - 0.0185 - - 1773002967.047415018 1773002967.065916300 0
Mar 8 20:49:27 standalone container-server[127776]: 172.20.0.100 - - [08/Mar/2026:20:49:27 +0000] "HEAD /d1/632/AUTH_0d5484f449ee4a65a496c89062dbe7cb/gnocchi.77f2c83c-616a-4c1e-9d53-4349648dbe9e" 204 - "HEAD http://172.18.0.2:8080/v1/AUTH_0d5484f449ee4a65a496c89062dbe7cb/gnocchi.77f2c83c-616a-4c1e-9d53-4349648dbe9e?format=json&states=listing" "txf51f32166ae740f38ff53-0069ade0d7" "proxy-server 12" 0.0013 "-" 23 0
Mar 8 20:49:27 standalone proxy-server[129565]: - - 08/Mar/2026/20/49/27 HEAD /v1/AUTH_0d5484f449ee4a65a496c89062dbe7cb/gnocchi.77f2c83c-616a-4c1e-9d53-4349648dbe9e%3Fformat%3Djson%26states%3Dlisting HTTP/1.0 204 - Swift - - - - txf51f32166ae740f38ff53-0069ade0d7 - 0.0037 RL - 1773002967.069552422 1773002967.073283911 0
Mar 8 20:49:27 standalone container-server[127766]: 172.20.0.100 - - [08/Mar/2026:20:49:27 +0000] "GET /d1/632/AUTH_0d5484f449ee4a65a496c89062dbe7cb/gnocchi.77f2c83c-616a-4c1e-9d53-4349648dbe9e" 200 2 "GET http://172.18.0.2:8080/v1/AUTH_0d5484f449ee4a65a496c89062dbe7cb/gnocchi.77f2c83c-616a-4c1e-9d53-4349648dbe9e?format=json&states=listing" "txf51f32166ae740f38ff53-0069ade0d7" "proxy-server 12" 0.0019 "-" 21 0
Mar 8 20:49:27 standalone proxy-server[129565]: 172.18.0.2 172.18.0.100 08/Mar/2026/20/49/27 GET /v1/AUTH_0d5484f449ee4a65a496c89062dbe7cb/gnocchi.77f2c83c-616a-4c1e-9d53-4349648dbe9e%3Fformat%3Djson%26states%3Dlisting HTTP/1.0 200 - python-swiftclient-3.11.1 gAAAAABpreB27b5N... - 2 - txf51f32166ae740f38ff53-0069ade0d7 - 0.0109 - - 1773002967.068733215 1773002967.079615831 0
Mar 8 20:49:27 standalone object-server[127892]: 172.20.0.100 - - [08/Mar/2026:20:49:27 +0000] "GET /d1/5/AUTH_0d5484f449ee4a65a496c89062dbe7cb/gnocchi.77f2c83c-616a-4c1e-9d53-4349648dbe9e/1772280000.0_mean_300.0_v3" 404 70 "GET http://172.18.0.2:8080/v1/AUTH_0d5484f449ee4a65a496c89062dbe7cb/gnocchi.77f2c83c-616a-4c1e-9d53-4349648dbe9e/1772280000.0_mean_300.0_v3" "txa319d8ad6a1c4e8d8cb40-0069ade0d7" "proxy-server 12" 0.0004 "-" 23 0
Mar 8 20:49:27 standalone proxy-server[129565]: 172.18.0.2 172.18.0.100 08/Mar/2026/20/49/27 GET /v1/AUTH_0d5484f449ee4a65a496c89062dbe7cb/gnocchi.77f2c83c-616a-4c1e-9d53-4349648dbe9e/1772280000.0_mean_300.0_v3 HTTP/1.0 404 - python-swiftclient-3.11.1 gAAAAABpreB27b5N... - 70 - txa319d8ad6a1c4e8d8cb40-0069ade0d7 - 0.0093 - - 1773002967.082386017 1773002967.091735601 0
Mar 8 20:49:27 standalone container-server[127766]: 172.20.0.100 - - [08/Mar/2026:20:49:27 +0000] "PUT /d1/632/AUTH_0d5484f449ee4a65a496c89062dbe7cb/gnocchi.77f2c83c-616a-4c1e-9d53-4349648dbe9e/1772280000.0_mean_300.0_v3" 201 - "PUT http://172.18.0.2:8080/d1/5/AUTH_0d5484f449ee4a65a496c89062dbe7cb/gnocchi.77f2c83c-616a-4c1e-9d53-4349648dbe9e/1772280000.0_mean_300.0_v3" "txfa55151aaf0e4130b7b6a-0069ade0d7" "object-server 22" 0.0005 "-" 21 0
Mar 8 20:49:27 standalone object-server[127890]: 172.20.0.100 - - [08/Mar/2026:20:49:27 +0000] "PUT /d1/5/AUTH_0d5484f449ee4a65a496c89062dbe7cb/gnocchi.77f2c83c-616a-4c1e-9d53-4349648dbe9e/1772280000.0_mean_300.0_v3" 201 - "PUT http://172.18.0.2:8080/v1/AUTH_0d5484f449ee4a65a496c89062dbe7cb/gnocchi.77f2c83c-616a-4c1e-9d53-4349648dbe9e/1772280000.0_mean_300.0_v3" "txfa55151aaf0e4130b7b6a-0069ade0d7" "proxy-server 12" 0.0085 "-" 22 0
Mar 8 20:49:27 standalone proxy-server[129565]: 172.18.0.2 172.18.0.100 08/Mar/2026/20/49/27 PUT /v1/AUTH_0d5484f449ee4a65a496c89062dbe7cb/gnocchi.77f2c83c-616a-4c1e-9d53-4349648dbe9e/1772280000.0_mean_300.0_v3 HTTP/1.0 201 - python-swiftclient-3.11.1 gAAAAABpreB27b5N... 16 - - txfa55151aaf0e4130b7b6a-0069ade0d7 - 0.0134 - - 1773002967.093698263 1773002967.107129097 0
Mar 8 20:49:27 standalone container-server[127747]: 172.20.0.100 - - [08/Mar/2026:20:49:27 +0000] "PUT /d1/632/AUTH_0d5484f449ee4a65a496c89062dbe7cb/gnocchi.77f2c83c-616a-4c1e-9d53-4349648dbe9e/none_v3" 201 - "PUT http://172.18.0.2:8080/d1/155/AUTH_0d5484f449ee4a65a496c89062dbe7cb/gnocchi.77f2c83c-616a-4c1e-9d53-4349648dbe9e/none_v3" "txdc3972572a25469e8a7b4-0069ade0d7" "object-server 25" 0.0007 "-" 20 0
Mar 8 20:49:27 standalone object-server[127895]: 172.20.0.100 - - [08/Mar/2026:20:49:27 +0000] "PUT /d1/155/AUTH_0d5484f449ee4a65a496c89062dbe7cb/gnocchi.77f2c83c-616a-4c1e-9d53-4349648dbe9e/none_v3" 201 - "PUT http://172.18.0.2:8080/v1/AUTH_0d5484f449ee4a65a496c89062dbe7cb/gnocchi.77f2c83c-616a-4c1e-9d53-4349648dbe9e/none_v3" "txdc3972572a25469e8a7b4-0069ade0d7" "proxy-server 12" 0.0080 "-" 25 0
Mar 8 20:49:27 standalone proxy-server[129565]: 172.18.0.2 172.18.0.100 08/Mar/2026/20/49/27 PUT /v1/AUTH_0d5484f449ee4a65a496c89062dbe7cb/gnocchi.77f2c83c-616a-4c1e-9d53-4349648dbe9e/none_v3 HTTP/1.0 201 - python-swiftclient-3.11.1 gAAAAABpreB27b5N... 22 - - txdc3972572a25469e8a7b4-0069ade0d7 - 0.0131 - - 1773002967.109514236 1773002967.122618914 0
Mar 8 20:49:27 standalone object-server[127895]: 172.20.0.100 - - [08/Mar/2026:20:49:27 +0000] "GET /d1/665/AUTH_0d5484f449ee4a65a496c89062dbe7cb/gnocchi.15a77c8a-ef78-470f-846a-62247f6ae4c2/none_v3" 200 22 "GET http://172.18.0.2:8080/v1/AUTH_0d5484f449ee4a65a496c89062dbe7cb/gnocchi.15a77c8a-ef78-470f-846a-62247f6ae4c2/none_v3" "txbe483e28a88941ccb8943-0069ade0d7" "proxy-server 12" 0.0009 "-" 25 0
Mar 8 20:49:27 standalone proxy-server[129565]: 172.18.0.2 172.18.0.100 08/Mar/2026/20/49/27 GET /v1/AUTH_0d5484f449ee4a65a496c89062dbe7cb/gnocchi.15a77c8a-ef78-470f-846a-62247f6ae4c2/none_v3 HTTP/1.0 200 - python-swiftclient-3.11.1 gAAAAABpreB27b5N... - 22 - txbe483e28a88941ccb8943-0069ade0d7 - 0.0060 - - 1773002967.183128595 1773002967.189143658 0
Mar 8 20:49:27 standalone container-server[127747]: 172.20.0.100 - - [08/Mar/2026:20:49:27 +0000] "GET /d1/76/AUTH_0d5484f449ee4a65a496c89062dbe7cb/gnocchi.15a77c8a-ef78-470f-846a-62247f6ae4c2" 200 357 "GET http://172.18.0.2:8080/v1/AUTH_0d5484f449ee4a65a496c89062dbe7cb/gnocchi.15a77c8a-ef78-470f-846a-62247f6ae4c2?format=json&states=listing" "tx1230e390e8374a8ca4345-0069ade0d7" "proxy-server 12" 0.0171 "-" 20 0
Mar 8 20:49:27 standalone proxy-server[129565]: 172.18.0.2 172.18.0.100 08/Mar/2026/20/49/27 GET /v1/AUTH_0d5484f449ee4a65a496c89062dbe7cb/gnocchi.15a77c8a-ef78-470f-846a-62247f6ae4c2%3Fformat%3Djson%26states%3Dlisting HTTP/1.0 200 - python-swiftclient-3.11.1 gAAAAABpreB27b5N... - 357 - tx1230e390e8374a8ca4345-0069ade0d7 - 0.0228 - - 1773002967.192139864 1773002967.214972019 0
Mar 8 20:49:27 standalone container-server[127776]: 172.20.0.100 - - [08/Mar/2026:20:49:27 +0000] "GET /d1/76/AUTH_0d5484f449ee4a65a496c89062dbe7cb/gnocchi.15a77c8a-ef78-470f-846a-62247f6ae4c2" 200 2 "GET http://172.18.0.2:8080/v1/AUTH_0d5484f449ee4a65a496c89062dbe7cb/gnocchi.15a77c8a-ef78-470f-846a-62247f6ae4c2?format=json&marker=none_v3&states=listing" "txd67a23d5f2f94f1b95715-0069ade0d7" "proxy-server 12" 0.0026 "-" 23 0
Mar 8 20:49:27 standalone proxy-server[129565]: 172.18.0.2 172.18.0.100 08/Mar/2026/20/49/27 GET /v1/AUTH_0d5484f449ee4a65a496c89062dbe7cb/gnocchi.15a77c8a-ef78-470f-846a-62247f6ae4c2%3Fformat%3Djson%26marker%3Dnone_v3%26states%3Dlisting HTTP/1.0 200 - python-swiftclient-3.11.1 gAAAAABpreB27b5N... - 2 - txd67a23d5f2f94f1b95715-0069ade0d7 - 0.0092 - - 1773002967.217708826 1773002967.226933479 0
Mar 8 20:49:27 standalone object-server[127892]: 172.20.0.100 - - [08/Mar/2026:20:49:27 +0000] "GET /d1/210/AUTH_0d5484f449ee4a65a496c89062dbe7cb/gnocchi.15a77c8a-ef78-470f-846a-62247f6ae4c2/1772280000.0_mean_300.0_v3" 200 16 "GET http://172.18.0.2:8080/v1/AUTH_0d5484f449ee4a65a496c89062dbe7cb/gnocchi.15a77c8a-ef78-470f-846a-62247f6ae4c2/1772280000.0_mean_300.0_v3" "tx16e9eaa6a29c4b6e92bab-0069ade0d7" "proxy-server 12" 0.0009 "-" 23 0
Mar 8 20:49:27 standalone proxy-server[129565]: 172.18.0.2 172.18.0.100 08/Mar/2026/20/49/27 GET /v1/AUTH_0d5484f449ee4a65a496c89062dbe7cb/gnocchi.15a77c8a-ef78-470f-846a-62247f6ae4c2/1772280000.0_mean_300.0_v3 HTTP/1.0 200 - python-swiftclient-3.11.1 gAAAAABpreB27b5N... - 16 - tx16e9eaa6a29c4b6e92bab-0069ade0d7 - 0.0059 - - 1773002967.229977369 1773002967.235842466 0
Mar 8 20:49:27 standalone container-server[127773]: 172.20.0.100 - - [08/Mar/2026:20:49:27 +0000] "PUT /d1/76/AUTH_0d5484f449ee4a65a496c89062dbe7cb/gnocchi.15a77c8a-ef78-470f-846a-62247f6ae4c2/1772280000.0_mean_300.0_v3" 201 - "PUT http://172.18.0.2:8080/d1/210/AUTH_0d5484f449ee4a65a496c89062dbe7cb/gnocchi.15a77c8a-ef78-470f-846a-62247f6ae4c2/1772280000.0_mean_300.0_v3" "txe5d57a39a9b641ef86771-0069ade0d7" "object-server 25" 0.0007 "-" 22 0
Mar 8 20:49:27 standalone object-server[127895]: 172.20.0.100 - - [08/Mar/2026:20:49:27 +0000] "PUT /d1/210/AUTH_0d5484f449ee4a65a496c89062dbe7cb/gnocchi.15a77c8a-ef78-470f-846a-62247f6ae4c2/1772280000.0_mean_300.0_v3" 201 - "PUT http://172.18.0.2:8080/v1/AUTH_0d5484f449ee4a65a496c89062dbe7cb/gnocchi.15a77c8a-ef78-470f-846a-62247f6ae4c2/1772280000.0_mean_300.0_v3" "txe5d57a39a9b641ef86771-0069ade0d7" "proxy-server 12" 0.0101 "-" 25 0
Mar 8 20:49:27 standalone proxy-server[129565]: 172.18.0.2 172.18.0.100 08/Mar/2026/20/49/27 PUT /v1/AUTH_0d5484f449ee4a65a496c89062dbe7cb/gnocchi.15a77c8a-ef78-470f-846a-62247f6ae4c2/1772280000.0_mean_300.0_v3 HTTP/1.0 201 - python-swiftclient-3.11.1 gAAAAABpreB27b5N... 16 - - txe5d57a39a9b641ef86771-0069ade0d7 - 0.0142 - - 1773002967.238193750 1773002967.252417803 0
Mar 8 20:49:27 standalone container-server[127766]: 172.20.0.100 - - [08/Mar/2026:20:49:27 +0000] "PUT /d1/76/AUTH_0d5484f449ee4a65a496c89062dbe7cb/gnocchi.15a77c8a-ef78-470f-846a-62247f6ae4c2/none_v3" 201 - "PUT http://172.18.0.2:8080/d1/665/AUTH_0d5484f449ee4a65a496c89062dbe7cb/gnocchi.15a77c8a-ef78-470f-846a-62247f6ae4c2/none_v3" "tx7c3de73dfc4a4d10bf8e6-0069ade0d7" "object-server 23" 0.0006 "-" 21 0
Mar 8 20:49:27 standalone object-server[127892]: 172.20.0.100 - - [08/Mar/2026:20:49:27 +0000] "PUT /d1/665/AUTH_0d5484f449ee4a65a496c89062dbe7cb/gnocchi.15a77c8a-ef78-470f-846a-62247f6ae4c2/none_v3" 201 - "PUT http://172.18.0.2:8080/v1/AUTH_0d5484f449ee4a65a496c89062dbe7cb/gnocchi.15a77c8a-ef78-470f-846a-62247f6ae4c2/none_v3" "tx7c3de73dfc4a4d10bf8e6-0069ade0d7" "proxy-server 12" 0.0128 "-" 23 0
Mar 8 20:49:27 standalone proxy-server[129565]: 172.18.0.2 172.18.0.100 08/Mar/2026/20/49/27 PUT /v1/AUTH_0d5484f449ee4a65a496c89062dbe7cb/gnocchi.15a77c8a-ef78-470f-846a-62247f6ae4c2/none_v3 HTTP/1.0 201 - python-swiftclient-3.11.1 gAAAAABpreB27b5N... 33 - - tx7c3de73dfc4a4d10bf8e6-0069ade0d7 - 0.0171 - - 1773002967.254482269 1773002967.271533728 0
Mar 8 20:49:27 standalone object-server[127892]: 172.20.0.100 - - [08/Mar/2026:20:49:27 +0000] "GET /d1/494/AUTH_0d5484f449ee4a65a496c89062dbe7cb/gnocchi.91cd67e7-c53f-4037-bf97-9ffaa3116d1b/none_v3" 200 22 "GET http://172.18.0.2:8080/v1/AUTH_0d5484f449ee4a65a496c89062dbe7cb/gnocchi.91cd67e7-c53f-4037-bf97-9ffaa3116d1b/none_v3" "txfe4a854b8bca4ecfbdf7e-0069ade0d7" "proxy-server 12" 0.0006 "-" 23 0
Mar 8 20:49:27 standalone proxy-server[129565]: 172.18.0.2 172.18.0.100 08/Mar/2026/20/49/27 GET /v1/AUTH_0d5484f449ee4a65a496c89062dbe7cb/gnocchi.91cd67e7-c53f-4037-bf97-9ffaa3116d1b/none_v3 HTTP/1.0 200 - python-swiftclient-3.11.1 gAAAAABpreB27b5N... - 22 - txfe4a854b8bca4ecfbdf7e-0069ade0d7 - 0.0071 - - 1773002967.378950119 1773002967.386041880 0
Mar 8 20:49:27 standalone container-server[127766]: 172.20.0.100 - - [08/Mar/2026:20:49:27 +0000] "GET /d1/759/AUTH_0d5484f449ee4a65a496c89062dbe7cb/gnocchi.91cd67e7-c53f-4037-bf97-9ffaa3116d1b" 200 357 "GET http://172.18.0.2:8080/v1/AUTH_0d5484f449ee4a65a496c89062dbe7cb/gnocchi.91cd67e7-c53f-4037-bf97-9ffaa3116d1b?format=json&states=listing" "txd6954886e2494cb691f0f-0069ade0d7" "proxy-server 12" 0.0159 "-" 21 0
Mar 8 20:49:27 standalone proxy-server[129565]: 172.18.0.2 172.18.0.100 08/Mar/2026/20/49/27 GET /v1/AUTH_0d5484f449ee4a65a496c89062dbe7cb/gnocchi.91cd67e7-c53f-4037-bf97-9ffaa3116d1b%3Fformat%3Djson%26states%3Dlisting HTTP/1.0 200 - python-swiftclient-3.11.1 gAAAAABpreB27b5N... - 357 - txd6954886e2494cb691f0f-0069ade0d7 - 0.0218 - - 1773002967.389250755 1773002967.411059380 0
Mar 8 20:49:27 standalone container-server[127747]: 172.20.0.100 - - [08/Mar/2026:20:49:27 +0000] "GET /d1/759/AUTH_0d5484f449ee4a65a496c89062dbe7cb/gnocchi.91cd67e7-c53f-4037-bf97-9ffaa3116d1b" 200 2 "GET http://172.18.0.2:8080/v1/AUTH_0d5484f449ee4a65a496c89062dbe7cb/gnocchi.91cd67e7-c53f-4037-bf97-9ffaa3116d1b?format=json&marker=none_v3&states=listing" "txe6a0e957f8a348aeab0d1-0069ade0d7" "proxy-server 12" 0.0122 "-" 20 0
Mar 8 20:49:27 standalone proxy-server[129565]: 172.18.0.2 172.18.0.100 08/Mar/2026/20/49/27 GET /v1/AUTH_0d5484f449ee4a65a496c89062dbe7cb/gnocchi.91cd67e7-c53f-4037-bf97-9ffaa3116d1b%3Fformat%3Djson%26marker%3Dnone_v3%26states%3Dlisting HTTP/1.0 200 - python-swiftclient-3.11.1 gAAAAABpreB27b5N... - 2 - txe6a0e957f8a348aeab0d1-0069ade0d7 - 0.0186 - - 1773002967.417599201 1773002967.436219692 0
Mar 8 20:49:27 standalone object-server[127890]: 172.20.0.100 - - [08/Mar/2026:20:49:27 +0000] "GET /d1/910/AUTH_0d5484f449ee4a65a496c89062dbe7cb/gnocchi.91cd67e7-c53f-4037-bf97-9ffaa3116d1b/1772280000.0_mean_300.0_v3" 200 16 "GET http://172.18.0.2:8080/v1/AUTH_0d5484f449ee4a65a496c89062dbe7cb/gnocchi.91cd67e7-c53f-4037-bf97-9ffaa3116d1b/1772280000.0_mean_300.0_v3" "tx62ad491785984f00a4184-0069ade0d7" "proxy-server 12" 0.0008 "-" 22 0
Mar 8 20:49:27 standalone proxy-server[129565]: 172.18.0.2 172.18.0.100 08/Mar/2026/20/49/27 GET /v1/AUTH_0d5484f449ee4a65a496c89062dbe7cb/gnocchi.91cd67e7-c53f-4037-bf97-9ffaa3116d1b/1772280000.0_mean_300.0_v3 HTTP/1.0 200 - python-swiftclient-3.11.1 gAAAAABpreB27b5N... - 16 - tx62ad491785984f00a4184-0069ade0d7 - 0.0059 - - 1773002967.439977407 1773002967.445894957 0
Mar 8 20:49:27 standalone container-server[127766]: 172.20.0.100 - - [08/Mar/2026:20:49:27 +0000] "PUT /d1/759/AUTH_0d5484f449ee4a65a496c89062dbe7cb/gnocchi.91cd67e7-c53f-4037-bf97-9ffaa3116d1b/1772280000.0_mean_300.0_v3" 201 - "PUT http://172.18.0.2:8080/d1/910/AUTH_0d5484f449ee4a65a496c89062dbe7cb/gnocchi.91cd67e7-c53f-4037-bf97-9ffaa3116d1b/1772280000.0_mean_300.0_v3" "tx03d6749256d04f5aa5ac4-0069ade0d7" "object-server 24" 0.0008 "-" 21 0
Mar 8 20:49:27 standalone object-server[127894]: 172.20.0.100 - - [08/Mar/2026:20:49:27 +0000] "PUT /d1/910/AUTH_0d5484f449ee4a65a496c89062dbe7cb/gnocchi.91cd67e7-c53f-4037-bf97-9ffaa3116d1b/1772280000.0_mean_300.0_v3" 201 - "PUT http://172.18.0.2:8080/v1/AUTH_0d5484f449ee4a65a496c89062dbe7cb/gnocchi.91cd67e7-c53f-4037-bf97-9ffaa3116d1b/1772280000.0_mean_300.0_v3" "tx03d6749256d04f5aa5ac4-0069ade0d7" "proxy-server 12" 0.0165 "-" 24 0
Mar 8 20:49:27 standalone proxy-server[129565]: 172.18.0.2 172.18.0.100 08/Mar/2026/20/49/27 PUT /v1/AUTH_0d5484f449ee4a65a496c89062dbe7cb/gnocchi.91cd67e7-c53f-4037-bf97-9ffaa3116d1b/1772280000.0_mean_300.0_v3 HTTP/1.0 201 - python-swiftclient-3.11.1 gAAAAABpreB27b5N... 16 - - tx03d6749256d04f5aa5ac4-0069ade0d7 - 0.0221 - - 1773002967.448413849 1773002967.470503092 0
Mar 8 20:49:27 standalone container-server[127776]: 172.20.0.100 - - [08/Mar/2026:20:49:27 +0000] "PUT /d1/759/AUTH_0d5484f449ee4a65a496c89062dbe7cb/gnocchi.91cd67e7-c53f-4037-bf97-9ffaa3116d1b/none_v3" 201 - "PUT http://172.18.0.2:8080/d1/494/AUTH_0d5484f449ee4a65a496c89062dbe7cb/gnocchi.91cd67e7-c53f-4037-bf97-9ffaa3116d1b/none_v3" "tx00553e0d133a44e6a4664-0069ade0d7" "object-server 22" 0.0005 "-" 23 0
Mar 8 20:49:27 standalone object-server[127890]: 172.20.0.100 - - [08/Mar/2026:20:49:27 +0000] "PUT /d1/494/AUTH_0d5484f449ee4a65a496c89062dbe7cb/gnocchi.91cd67e7-c53f-4037-bf97-9ffaa3116d1b/none_v3" 201 - "PUT http://172.18.0.2:8080/v1/AUTH_0d5484f449ee4a65a496c89062dbe7cb/gnocchi.91cd67e7-c53f-4037-bf97-9ffaa3116d1b/none_v3" "tx00553e0d133a44e6a4664-0069ade0d7" "proxy-server 12" 0.0183 "-" 22 0
Mar 8 20:49:27 standalone proxy-server[129565]: 172.18.0.2 172.18.0.100 08/Mar/2026/20/49/27 PUT /v1/AUTH_0d5484f449ee4a65a496c89062dbe7cb/gnocchi.91cd67e7-c53f-4037-bf97-9ffaa3116d1b/none_v3 HTTP/1.0 201 - python-swiftclient-3.11.1 gAAAAABpreB27b5N... 33 - - tx00553e0d133a44e6a4664-0069ade0d7 - 0.0261 - - 1773002967.473532915 1773002967.499633312 0
Mar 8 20:49:31 standalone object-server[127892]: 172.20.0.100 - - [08/Mar/2026:20:49:31 +0000] "GET /d1/155/AUTH_0d5484f449ee4a65a496c89062dbe7cb/gnocchi.77f2c83c-616a-4c1e-9d53-4349648dbe9e/none_v3" 200 22 "GET http://172.18.0.2:8080/v1/AUTH_0d5484f449ee4a65a496c89062dbe7cb/gnocchi.77f2c83c-616a-4c1e-9d53-4349648dbe9e/none_v3" "tx06ffb3204d0b414496e66-0069ade0db" "proxy-server 12" 0.0016 "-" 23 0
Mar 8 20:49:31 standalone proxy-server[129565]: 172.18.0.2 172.18.0.100 08/Mar/2026/20/49/31 GET /v1/AUTH_0d5484f449ee4a65a496c89062dbe7cb/gnocchi.77f2c83c-616a-4c1e-9d53-4349648dbe9e/none_v3 HTTP/1.0 200 - python-swiftclient-3.11.1 gAAAAABpreB27b5N... - 22 - tx06ffb3204d0b414496e66-0069ade0db - 0.0120 - - 1773002971.958200932 1773002971.970158339 0
Mar 8 20:49:31 standalone container-server[127747]: 172.20.0.100 - - [08/Mar/2026:20:49:31 +0000] "GET /d1/632/AUTH_0d5484f449ee4a65a496c89062dbe7cb/gnocchi.77f2c83c-616a-4c1e-9d53-4349648dbe9e" 200 357 "GET http://172.18.0.2:8080/v1/AUTH_0d5484f449ee4a65a496c89062dbe7cb/gnocchi.77f2c83c-616a-4c1e-9d53-4349648dbe9e?format=json&states=listing" "tx04511100cba04cc8b38cd-0069ade0db" "proxy-server 12" 0.0110 "-" 20 0
Mar 8 20:49:31 standalone proxy-server[129565]: 172.18.0.2 172.18.0.100 08/Mar/2026/20/49/31 GET /v1/AUTH_0d5484f449ee4a65a496c89062dbe7cb/gnocchi.77f2c83c-616a-4c1e-9d53-4349648dbe9e%3Fformat%3Djson%26states%3Dlisting HTTP/1.0 200 - python-swiftclient-3.11.1 gAAAAABpreB27b5N... - 357 - tx04511100cba04cc8b38cd-0069ade0db - 0.0212 - - 1773002971.975817442 1773002971.996968746 0
Mar 8 20:49:32 standalone container-server[127747]: 172.20.0.100 - - [08/Mar/2026:20:49:32 +0000] "GET /d1/632/AUTH_0d5484f449ee4a65a496c89062dbe7cb/gnocchi.77f2c83c-616a-4c1e-9d53-4349648dbe9e" 200 2 "GET http://172.18.0.2:8080/v1/AUTH_0d5484f449ee4a65a496c89062dbe7cb/gnocchi.77f2c83c-616a-4c1e-9d53-4349648dbe9e?format=json&marker=none_v3&states=listing" "tx94834d8cb35f4840821cb-0069ade0dc" "proxy-server 12" 0.0033 "-" 20 0
Mar 8 20:49:32 standalone proxy-server[129565]: 172.18.0.2 172.18.0.100 08/Mar/2026/20/49/32 GET /v1/AUTH_0d5484f449ee4a65a496c89062dbe7cb/gnocchi.77f2c83c-616a-4c1e-9d53-4349648dbe9e%3Fformat%3Djson%26marker%3Dnone_v3%26states%3Dlisting HTTP/1.0 200 - python-swiftclient-3.11.1 gAAAAABpreB27b5N... - 2 - tx94834d8cb35f4840821cb-0069ade0dc - 0.0112 - - 1773002972.001437187 1773002972.012660265 0
Mar 8 20:49:32 standalone object-server[127894]: 172.20.0.100 - - [08/Mar/2026:20:49:32 +0000] "GET /d1/5/AUTH_0d5484f449ee4a65a496c89062dbe7cb/gnocchi.77f2c83c-616a-4c1e-9d53-4349648dbe9e/1772280000.0_mean_300.0_v3" 200 16 "GET http://172.18.0.2:8080/v1/AUTH_0d5484f449ee4a65a496c89062dbe7cb/gnocchi.77f2c83c-616a-4c1e-9d53-4349648dbe9e/1772280000.0_mean_300.0_v3" "tx91c89daa9ed24784ac2af-0069ade0dc" "proxy-server 12" 0.0012 "-" 24 0
Mar 8 20:49:32 standalone proxy-server[129565]: 172.18.0.2 172.18.0.100 08/Mar/2026/20/49/32 GET /v1/AUTH_0d5484f449ee4a65a496c89062dbe7cb/gnocchi.77f2c83c-616a-4c1e-9d53-4349648dbe9e/1772280000.0_mean_300.0_v3 HTTP/1.0 200 - python-swiftclient-3.11.1 gAAAAABpreB27b5N... - 16 - tx91c89daa9ed24784ac2af-0069ade0dc - 0.0097 - - 1773002972.017748833 1773002972.027431726 0
Mar 8 20:49:32 standalone container-server[127773]: 172.20.0.100 - - [08/Mar/2026:20:49:32 +0000] "PUT /d1/632/AUTH_0d5484f449ee4a65a496c89062dbe7cb/gnocchi.77f2c83c-616a-4c1e-9d53-4349648dbe9e/1772280000.0_mean_300.0_v3" 201 - "PUT http://172.18.0.2:8080/d1/5/AUTH_0d5484f449ee4a65a496c89062dbe7cb/gnocchi.77f2c83c-616a-4c1e-9d53-4349648dbe9e/1772280000.0_mean_300.0_v3" "tx9f5c9f4cc4974850ad40e-0069ade0dc" "object-server 23" 0.0005 "-" 22 0
Mar 8 20:49:32 standalone object-server[127892]: 172.20.0.100 - - [08/Mar/2026:20:49:32 +0000] "PUT /d1/5/AUTH_0d5484f449ee4a65a496c89062dbe7cb/gnocchi.77f2c83c-616a-4c1e-9d53-4349648dbe9e/1772280000.0_mean_300.0_v3" 201 - "PUT http://172.18.0.2:8080/v1/AUTH_0d5484f449ee4a65a496c89062dbe7cb/gnocchi.77f2c83c-616a-4c1e-9d53-4349648dbe9e/1772280000.0_mean_300.0_v3" "tx9f5c9f4cc4974850ad40e-0069ade0dc" "proxy-server 12" 0.0107 "-" 23 0
Mar 8 20:49:32 standalone proxy-server[129565]: 172.18.0.2 172.18.0.100 08/Mar/2026/20/49/32 PUT /v1/AUTH_0d5484f449ee4a65a496c89062dbe7cb/gnocchi.77f2c83c-616a-4c1e-9d53-4349648dbe9e/1772280000.0_mean_300.0_v3 HTTP/1.0 201 - python-swiftclient-3.11.1 gAAAAABpreB27b5N... 16 - - tx9f5c9f4cc4974850ad40e-0069ade0dc - 0.0183 - - 1773002972.031242609 1773002972.049521685 0
Mar 8 20:49:32 standalone container-server[127766]: 172.20.0.100 - - [08/Mar/2026:20:49:32 +0000] "PUT /d1/632/AUTH_0d5484f449ee4a65a496c89062dbe7cb/gnocchi.77f2c83c-616a-4c1e-9d53-4349648dbe9e/none_v3" 201 - "PUT http://172.18.0.2:8080/d1/155/AUTH_0d5484f449ee4a65a496c89062dbe7cb/gnocchi.77f2c83c-616a-4c1e-9d53-4349648dbe9e/none_v3" "txc401b30e7fef43f9891ff-0069ade0dc" "object-server 22" 0.0008 "-" 21 0
Mar 8 20:49:32 standalone object-server[127890]: 172.20.0.100 - - [08/Mar/2026:20:49:32 +0000] "PUT /d1/155/AUTH_0d5484f449ee4a65a496c89062dbe7cb/gnocchi.77f2c83c-616a-4c1e-9d53-4349648dbe9e/none_v3" 201 - "PUT http://172.18.0.2:8080/v1/AUTH_0d5484f449ee4a65a496c89062dbe7cb/gnocchi.77f2c83c-616a-4c1e-9d53-4349648dbe9e/none_v3" "txc401b30e7fef43f9891ff-0069ade0dc" "proxy-server 12" 0.0114 "-" 22 0
Mar 8 20:49:32 standalone proxy-server[129565]: 172.18.0.2 172.18.0.100 08/Mar/2026/20/49/32 PUT /v1/AUTH_0d5484f449ee4a65a496c89062dbe7cb/gnocchi.77f2c83c-616a-4c1e-9d53-4349648dbe9e/none_v3 HTTP/1.0 201 - python-swiftclient-3.11.1 gAAAAABpreB27b5N... 32 - - txc401b30e7fef43f9891ff-0069ade0dc - 0.0189 - - 1773002972.053233862 1773002972.072164059 0
Mar 8 20:49:41 standalone container-server[127766]: 172.20.0.100 - - [08/Mar/2026:20:49:41 +0000] "HEAD /d1/258/AUTH_0d5484f449ee4a65a496c89062dbe7cb/gnocchi.173c247b-ad03-4a82-ba3e-6e09e1aa2850" 404 - "HEAD http://172.18.0.2:8080/v1/AUTH_0d5484f449ee4a65a496c89062dbe7cb/gnocchi.173c247b-ad03-4a82-ba3e-6e09e1aa2850?format=json&states=listing" "tx114343f0b03e4ab48667e-0069ade0e5" "proxy-server 12" 0.0006 "-" 21 0
Mar 8 20:49:41 standalone object-server[127894]: 172.20.0.100 - - [08/Mar/2026:20:49:41 +0000] "GET /d1/193/AUTH_0d5484f449ee4a65a496c89062dbe7cb/gnocchi.173c247b-ad03-4a82-ba3e-6e09e1aa2850/none_v3" 404 70 "GET http://172.18.0.2:8080/v1/AUTH_0d5484f449ee4a65a496c89062dbe7cb/gnocchi.173c247b-ad03-4a82-ba3e-6e09e1aa2850/none_v3" "tx114343f0b03e4ab48667e-0069ade0e5" "proxy-server 12" 0.0003 "-" 24 0
Mar 8 20:49:41 standalone proxy-server[129565]: 172.18.0.2 172.18.0.100 08/Mar/2026/20/49/41 GET /v1/AUTH_0d5484f449ee4a65a496c89062dbe7cb/gnocchi.173c247b-ad03-4a82-ba3e-6e09e1aa2850/none_v3 HTTP/1.0 404 - python-swiftclient-3.11.1 gAAAAABpreB27b5N... - 70 - tx114343f0b03e4ab48667e-0069ade0e5 - 0.0086 - - 1773002981.712203264 1773002981.720766306 0
Mar 8 20:49:41 standalone account-server[127637]: 172.20.0.100 - - [08/Mar/2026:20:49:41 +0000] "PUT /d1/712/AUTH_0d5484f449ee4a65a496c89062dbe7cb/gnocchi.173c247b-ad03-4a82-ba3e-6e09e1aa2850" 201 - "PUT http://172.20.0.100:6001/d1/258/AUTH_0d5484f449ee4a65a496c89062dbe7cb/gnocchi.173c247b-ad03-4a82-ba3e-6e09e1aa2850" "txe01df90acfb74552874b9-0069ade0e5" "container-server 21" 0.0079 "-" 20 0
Mar 8 20:49:41 standalone container-server[127766]: 172.20.0.100 - - [08/Mar/2026:20:49:41 +0000] "PUT /d1/258/AUTH_0d5484f449ee4a65a496c89062dbe7cb/gnocchi.173c247b-ad03-4a82-ba3e-6e09e1aa2850" 201 - "PUT http://172.18.0.2:8080/v1/AUTH_0d5484f449ee4a65a496c89062dbe7cb/gnocchi.173c247b-ad03-4a82-ba3e-6e09e1aa2850" "txe01df90acfb74552874b9-0069ade0e5" "proxy-server 12" 0.0188 "-" 21 0
Mar 8 20:49:41 standalone proxy-server[129565]: 172.18.0.2 172.18.0.100 08/Mar/2026/20/49/41 PUT /v1/AUTH_0d5484f449ee4a65a496c89062dbe7cb/gnocchi.173c247b-ad03-4a82-ba3e-6e09e1aa2850 HTTP/1.0 201 - python-swiftclient-3.11.1 gAAAAABpreB27b5N... - - - txe01df90acfb74552874b9-0069ade0e5 - 0.0234 - - 1773002981.722792387 1773002981.746201754 0
Mar 8 20:49:41 standalone container-server[127776]: 172.20.0.100 - - [08/Mar/2026:20:49:41 +0000] "HEAD /d1/258/AUTH_0d5484f449ee4a65a496c89062dbe7cb/gnocchi.173c247b-ad03-4a82-ba3e-6e09e1aa2850" 204 - "HEAD http://172.18.0.2:8080/v1/AUTH_0d5484f449ee4a65a496c89062dbe7cb/gnocchi.173c247b-ad03-4a82-ba3e-6e09e1aa2850?format=json&states=listing" "txf6f506995aa248ca84c7f-0069ade0e5" "proxy-server 12" 0.0011 "-" 23 0
Mar 8 20:49:41 standalone proxy-server[129565]: - - 08/Mar/2026/20/49/41 HEAD /v1/AUTH_0d5484f449ee4a65a496c89062dbe7cb/gnocchi.173c247b-ad03-4a82-ba3e-6e09e1aa2850%3Fformat%3Djson%26states%3Dlisting HTTP/1.0 204 - Swift - - - - txf6f506995aa248ca84c7f-0069ade0e5 - 0.0037 RL - 1773002981.752774477 1773002981.756500006 0
Mar 8 20:49:41 standalone container-server[127773]: 172.20.0.100 - - [08/Mar/2026:20:49:41 +0000] "GET /d1/258/AUTH_0d5484f449ee4a65a496c89062dbe7cb/gnocchi.173c247b-ad03-4a82-ba3e-6e09e1aa2850" 200 2 "GET http://172.18.0.2:8080/v1/AUTH_0d5484f449ee4a65a496c89062dbe7cb/gnocchi.173c247b-ad03-4a82-ba3e-6e09e1aa2850?format=json&states=listing" "txf6f506995aa248ca84c7f-0069ade0e5" "proxy-server 12" 0.0017 "-" 22 0
Mar 8 20:49:41 standalone proxy-server[129565]: 172.18.0.2 172.18.0.100 08/Mar/2026/20/49/41 GET /v1/AUTH_0d5484f449ee4a65a496c89062dbe7cb/gnocchi.173c247b-ad03-4a82-ba3e-6e09e1aa2850%3Fformat%3Djson%26states%3Dlisting HTTP/1.0 200 - python-swiftclient-3.11.1 gAAAAABpreB27b5N... - 2 - txf6f506995aa248ca84c7f-0069ade0e5 - 0.0109 - - 1773002981.751849174 1773002981.762717485 0
