Mar 8 20:50:11 standalone container-server[127747]: 172.20.0.100 - - [08/Mar/2026:20:50:11 +0000] "HEAD /d1/814/AUTH_0d5484f449ee4a65a496c89062dbe7cb/gnocchi.58dd46b6-99ab-4718-ab6c-6ffbf989457c" 404 - "HEAD http://172.18.0.2:8080/v1/AUTH_0d5484f449ee4a65a496c89062dbe7cb/gnocchi.58dd46b6-99ab-4718-ab6c-6ffbf989457c?format=json&states=listing" "tx3ed610e93e1d48f88db42-0069ade103" "proxy-server 12" 0.0003 "-" 20 0
Mar 8 20:50:11 standalone object-server[127895]: 172.20.0.100 - - [08/Mar/2026:20:50:11 +0000] "GET /d1/328/AUTH_0d5484f449ee4a65a496c89062dbe7cb/gnocchi.58dd46b6-99ab-4718-ab6c-6ffbf989457c/none_v3" 404 70 "GET http://172.18.0.2:8080/v1/AUTH_0d5484f449ee4a65a496c89062dbe7cb/gnocchi.58dd46b6-99ab-4718-ab6c-6ffbf989457c/none_v3" "tx3ed610e93e1d48f88db42-0069ade103" "proxy-server 12" 0.0004 "-" 25 0
Mar 8 20:50:11 standalone proxy-server[129565]: 172.18.0.2 172.18.0.100 08/Mar/2026/20/50/11 GET /v1/AUTH_0d5484f449ee4a65a496c89062dbe7cb/gnocchi.58dd46b6-99ab-4718-ab6c-6ffbf989457c/none_v3 HTTP/1.0 404 - python-swiftclient-3.11.1 gAAAAABpreB27b5N... - 70 - tx3ed610e93e1d48f88db42-0069ade103 - 0.0214 - - 1773003011.348540783 1773003011.369952917 0
Mar 8 20:50:11 standalone account-server[127637]: 172.20.0.100 - - [08/Mar/2026:20:50:11 +0000] "PUT /d1/712/AUTH_0d5484f449ee4a65a496c89062dbe7cb/gnocchi.58dd46b6-99ab-4718-ab6c-6ffbf989457c" 201 - "PUT http://172.20.0.100:6001/d1/814/AUTH_0d5484f449ee4a65a496c89062dbe7cb/gnocchi.58dd46b6-99ab-4718-ab6c-6ffbf989457c" "tx61e04f4116964912abc89-0069ade103" "container-server 20" 0.0054 "-" 20 0
Mar 8 20:50:11 standalone container-server[127747]: 172.20.0.100 - - [08/Mar/2026:20:50:11 +0000] "PUT /d1/814/AUTH_0d5484f449ee4a65a496c89062dbe7cb/gnocchi.58dd46b6-99ab-4718-ab6c-6ffbf989457c" 201 - "PUT http://172.18.0.2:8080/v1/AUTH_0d5484f449ee4a65a496c89062dbe7cb/gnocchi.58dd46b6-99ab-4718-ab6c-6ffbf989457c" "tx61e04f4116964912abc89-0069ade103" "proxy-server 12" 0.0181 "-" 20 0
Mar 8 20:50:11 standalone proxy-server[129565]: 172.18.0.2 172.18.0.100 08/Mar/2026/20/50/11 PUT /v1/AUTH_0d5484f449ee4a65a496c89062dbe7cb/gnocchi.58dd46b6-99ab-4718-ab6c-6ffbf989457c HTTP/1.0 201 - python-swiftclient-3.11.1 gAAAAABpreB27b5N... - - - tx61e04f4116964912abc89-0069ade103 - 0.0236 - - 1773003011.375133753 1773003011.398777962 0
Mar 8 20:50:11 standalone container-server[127747]: 172.20.0.100 - - [08/Mar/2026:20:50:11 +0000] "HEAD /d1/814/AUTH_0d5484f449ee4a65a496c89062dbe7cb/gnocchi.58dd46b6-99ab-4718-ab6c-6ffbf989457c" 204 - "HEAD http://172.18.0.2:8080/v1/AUTH_0d5484f449ee4a65a496c89062dbe7cb/gnocchi.58dd46b6-99ab-4718-ab6c-6ffbf989457c?format=json&states=listing" "tx7a1a60773efe49028ebd8-0069ade103" "proxy-server 12" 0.0012 "-" 20 0
Mar 8 20:50:11 standalone proxy-server[129565]: - - 08/Mar/2026/20/50/11 HEAD /v1/AUTH_0d5484f449ee4a65a496c89062dbe7cb/gnocchi.58dd46b6-99ab-4718-ab6c-6ffbf989457c%3Fformat%3Djson%26states%3Dlisting HTTP/1.0 204 - Swift - - - - tx7a1a60773efe49028ebd8-0069ade103 - 0.0040 RL - 1773003011.403566360 1773003011.407584429 0
Mar 8 20:50:11 standalone container-server[127766]: 172.20.0.100 - - [08/Mar/2026:20:50:11 +0000] "GET /d1/814/AUTH_0d5484f449ee4a65a496c89062dbe7cb/gnocchi.58dd46b6-99ab-4718-ab6c-6ffbf989457c" 200 2 "GET http://172.18.0.2:8080/v1/AUTH_0d5484f449ee4a65a496c89062dbe7cb/gnocchi.58dd46b6-99ab-4718-ab6c-6ffbf989457c?format=json&states=listing" "tx7a1a60773efe49028ebd8-0069ade103" "proxy-server 12" 0.0018 "-" 21 0
Mar 8 20:50:11 standalone proxy-server[129565]: 172.18.0.2 172.18.0.100 08/Mar/2026/20/50/11 GET /v1/AUTH_0d5484f449ee4a65a496c89062dbe7cb/gnocchi.58dd46b6-99ab-4718-ab6c-6ffbf989457c%3Fformat%3Djson%26states%3Dlisting HTTP/1.0 200 - python-swiftclient-3.11.1 gAAAAABpreB27b5N... - 2 - tx7a1a60773efe49028ebd8-0069ade103 - 0.0121 - - 1773003011.402608156 1773003011.414718866 0
Mar 8 20:50:11 standalone object-server[127892]: 172.20.0.100 - - [08/Mar/2026:20:50:11 +0000] "GET /d1/103/AUTH_0d5484f449ee4a65a496c89062dbe7cb/gnocchi.58dd46b6-99ab-4718-ab6c-6ffbf989457c/1772280000.0_mean_300.0_v3" 404 70 "GET http://172.18.0.2:8080/v1/AUTH_0d5484f449ee4a65a496c89062dbe7cb/gnocchi.58dd46b6-99ab-4718-ab6c-6ffbf989457c/1772280000.0_mean_300.0_v3" "tx03492bdb7d164c55ab148-0069ade103" "proxy-server 12" 0.0003 "-" 23 0
Mar 8 20:50:11 standalone proxy-server[129565]: 172.18.0.2 172.18.0.100 08/Mar/2026/20/50/11 GET /v1/AUTH_0d5484f449ee4a65a496c89062dbe7cb/gnocchi.58dd46b6-99ab-4718-ab6c-6ffbf989457c/1772280000.0_mean_300.0_v3 HTTP/1.0 404 - python-swiftclient-3.11.1 gAAAAABpreB27b5N... - 70 - tx03492bdb7d164c55ab148-0069ade103 - 0.0061 - - 1773003011.418390274 1773003011.424446821 0
Mar 8 20:50:11 standalone container-server[127747]: 172.20.0.100 - - [08/Mar/2026:20:50:11 +0000] "PUT /d1/814/AUTH_0d5484f449ee4a65a496c89062dbe7cb/gnocchi.58dd46b6-99ab-4718-ab6c-6ffbf989457c/1772280000.0_mean_300.0_v3" 201 - "PUT http://172.18.0.2:8080/d1/103/AUTH_0d5484f449ee4a65a496c89062dbe7cb/gnocchi.58dd46b6-99ab-4718-ab6c-6ffbf989457c/1772280000.0_mean_300.0_v3" "tx733ceb690ccd4def9fa28-0069ade103" "object-server 23" 0.0006 "-" 20 0
Mar 8 20:50:11 standalone object-server[127892]: 172.20.0.100 - - [08/Mar/2026:20:50:11 +0000] "PUT /d1/103/AUTH_0d5484f449ee4a65a496c89062dbe7cb/gnocchi.58dd46b6-99ab-4718-ab6c-6ffbf989457c/1772280000.0_mean_300.0_v3" 201 - "PUT http://172.18.0.2:8080/v1/AUTH_0d5484f449ee4a65a496c89062dbe7cb/gnocchi.58dd46b6-99ab-4718-ab6c-6ffbf989457c/1772280000.0_mean_300.0_v3" "tx733ceb690ccd4def9fa28-0069ade103" "proxy-server 12" 0.0078 "-" 23 0
Mar 8 20:50:11 standalone proxy-server[129565]: 172.18.0.2 172.18.0.100 08/Mar/2026/20/50/11 PUT /v1/AUTH_0d5484f449ee4a65a496c89062dbe7cb/gnocchi.58dd46b6-99ab-4718-ab6c-6ffbf989457c/1772280000.0_mean_300.0_v3 HTTP/1.0 201 - python-swiftclient-3.11.1 gAAAAABpreB27b5N... 16 - - tx733ceb690ccd4def9fa28-0069ade103 - 0.0134 - - 1773003011.427439213 1773003011.440848351 0
Mar 8 20:50:11 standalone container-server[127773]: 172.20.0.100 - - [08/Mar/2026:20:50:11 +0000] "PUT /d1/814/AUTH_0d5484f449ee4a65a496c89062dbe7cb/gnocchi.58dd46b6-99ab-4718-ab6c-6ffbf989457c/none_v3" 201 - "PUT http://172.18.0.2:8080/d1/328/AUTH_0d5484f449ee4a65a496c89062dbe7cb/gnocchi.58dd46b6-99ab-4718-ab6c-6ffbf989457c/none_v3" "tx8940004bb4404066b13e4-0069ade103" "object-server 22" 0.0005 "-" 22 0
Mar 8 20:50:11 standalone object-server[127890]: 172.20.0.100 - - [08/Mar/2026:20:50:11 +0000] "PUT /d1/328/AUTH_0d5484f449ee4a65a496c89062dbe7cb/gnocchi.58dd46b6-99ab-4718-ab6c-6ffbf989457c/none_v3" 201 - "PUT http://172.18.0.2:8080/v1/AUTH_0d5484f449ee4a65a496c89062dbe7cb/gnocchi.58dd46b6-99ab-4718-ab6c-6ffbf989457c/none_v3" "tx8940004bb4404066b13e4-0069ade103" "proxy-server 12" 0.0112 "-" 22 0
Mar 8 20:50:11 standalone proxy-server[129565]: 172.18.0.2 172.18.0.100 08/Mar/2026/20/50/11 PUT /v1/AUTH_0d5484f449ee4a65a496c89062dbe7cb/gnocchi.58dd46b6-99ab-4718-ab6c-6ffbf989457c/none_v3 HTTP/1.0 201 - python-swiftclient-3.11.1 gAAAAABpreB27b5N... 22 - - tx8940004bb4404066b13e4-0069ade103 - 0.0165 - - 1773003011.445436239 1773003011.461983204 0
Mar 8 20:50:11 standalone container-server[127747]: 172.20.0.100 - - [08/Mar/2026:20:50:11 +0000] "HEAD /d1/740/AUTH_0d5484f449ee4a65a496c89062dbe7cb/gnocchi.173a1abf-e6de-4988-b6b7-5e1274cf0f81" 404 - "HEAD http://172.18.0.2:8080/v1/AUTH_0d5484f449ee4a65a496c89062dbe7cb/gnocchi.173a1abf-e6de-4988-b6b7-5e1274cf0f81?format=json&states=listing" "txabd1ebef72db4b95a1ee7-0069ade103" "proxy-server 12" 0.0003 "-" 20 0
Mar 8 20:50:11 standalone object-server[127895]: 172.20.0.100 - - [08/Mar/2026:20:50:11 +0000] "GET /d1/452/AUTH_0d5484f449ee4a65a496c89062dbe7cb/gnocchi.173a1abf-e6de-4988-b6b7-5e1274cf0f81/none_v3" 404 70 "GET http://172.18.0.2:8080/v1/AUTH_0d5484f449ee4a65a496c89062dbe7cb/gnocchi.173a1abf-e6de-4988-b6b7-5e1274cf0f81/none_v3" "txabd1ebef72db4b95a1ee7-0069ade103" "proxy-server 12" 0.0004 "-" 25 0
Mar 8 20:50:11 standalone proxy-server[129565]: 172.18.0.2 172.18.0.100 08/Mar/2026/20/50/11 GET /v1/AUTH_0d5484f449ee4a65a496c89062dbe7cb/gnocchi.173a1abf-e6de-4988-b6b7-5e1274cf0f81/none_v3 HTTP/1.0 404 - python-swiftclient-3.11.1 gAAAAABpreB27b5N... - 70 - txabd1ebef72db4b95a1ee7-0069ade103 - 0.0116 - - 1773003011.474140644 1773003011.485757351 0
Mar 8 20:50:11 standalone account-server[127650]: 172.20.0.100 - - [08/Mar/2026:20:50:11 +0000] "PUT /d1/712/AUTH_0d5484f449ee4a65a496c89062dbe7cb/gnocchi.173a1abf-e6de-4988-b6b7-5e1274cf0f81" 201 - "PUT http://172.20.0.100:6001/d1/740/AUTH_0d5484f449ee4a65a496c89062dbe7cb/gnocchi.173a1abf-e6de-4988-b6b7-5e1274cf0f81" "txf3830b279dc5417c9ff92-0069ade103" "container-server 21" 0.0042 "-" 22 0
Mar 8 20:50:11 standalone container-server[127766]: 172.20.0.100 - - [08/Mar/2026:20:50:11 +0000] "PUT /d1/740/AUTH_0d5484f449ee4a65a496c89062dbe7cb/gnocchi.173a1abf-e6de-4988-b6b7-5e1274cf0f81" 201 - "PUT http://172.18.0.2:8080/v1/AUTH_0d5484f449ee4a65a496c89062dbe7cb/gnocchi.173a1abf-e6de-4988-b6b7-5e1274cf0f81" "txf3830b279dc5417c9ff92-0069ade103" "proxy-server 12" 0.0157 "-" 21 0
Mar 8 20:50:11 standalone proxy-server[129565]: 172.18.0.2 172.18.0.100 08/Mar/2026/20/50/11 PUT /v1/AUTH_0d5484f449ee4a65a496c89062dbe7cb/gnocchi.173a1abf-e6de-4988-b6b7-5e1274cf0f81 HTTP/1.0 201 - python-swiftclient-3.11.1 gAAAAABpreB27b5N... - - - txf3830b279dc5417c9ff92-0069ade103 - 0.0206 - - 1773003011.488732815 1773003011.509284973 0
Mar 8 20:50:11 standalone container-server[127776]: 172.20.0.100 - - [08/Mar/2026:20:50:11 +0000] "HEAD /d1/740/AUTH_0d5484f449ee4a65a496c89062dbe7cb/gnocchi.173a1abf-e6de-4988-b6b7-5e1274cf0f81" 204 - "HEAD http://172.18.0.2:8080/v1/AUTH_0d5484f449ee4a65a496c89062dbe7cb/gnocchi.173a1abf-e6de-4988-b6b7-5e1274cf0f81?format=json&states=listing" "tx1ce77dde6a8a45e19bd53-0069ade103" "proxy-server 12" 0.0024 "-" 23 0
Mar 8 20:50:11 standalone proxy-server[129565]: - - 08/Mar/2026/20/50/11 HEAD /v1/AUTH_0d5484f449ee4a65a496c89062dbe7cb/gnocchi.173a1abf-e6de-4988-b6b7-5e1274cf0f81%3Fformat%3Djson%26states%3Dlisting HTTP/1.0 204 - Swift - - - - tx1ce77dde6a8a45e19bd53-0069ade103 - 0.0065 RL - 1773003011.512701273 1773003011.519191980 0
Mar 8 20:50:11 standalone container-server[127776]: 172.20.0.100 - - [08/Mar/2026:20:50:11 +0000] "GET /d1/740/AUTH_0d5484f449ee4a65a496c89062dbe7cb/gnocchi.173a1abf-e6de-4988-b6b7-5e1274cf0f81" 200 2 "GET http://172.18.0.2:8080/v1/AUTH_0d5484f449ee4a65a496c89062dbe7cb/gnocchi.173a1abf-e6de-4988-b6b7-5e1274cf0f81?format=json&states=listing" "tx1ce77dde6a8a45e19bd53-0069ade103" "proxy-server 12" 0.0017 "-" 23 0
Mar 8 20:50:11 standalone proxy-server[129565]: 172.18.0.2 172.18.0.100 08/Mar/2026/20/50/11 GET /v1/AUTH_0d5484f449ee4a65a496c89062dbe7cb/gnocchi.173a1abf-e6de-4988-b6b7-5e1274cf0f81%3Fformat%3Djson%26states%3Dlisting HTTP/1.0 200 - python-swiftclient-3.11.1 gAAAAABpreB27b5N... - 2 - tx1ce77dde6a8a45e19bd53-0069ade103 - 0.0145 - - 1773003011.511931181 1773003011.526415110 0
Mar 8 20:50:11 standalone object-server[127892]: 172.20.0.100 - - [08/Mar/2026:20:50:11 +0000] "GET /d1/840/AUTH_0d5484f449ee4a65a496c89062dbe7cb/gnocchi.173a1abf-e6de-4988-b6b7-5e1274cf0f81/1772280000.0_mean_300.0_v3" 404 70 "GET http://172.18.0.2:8080/v1/AUTH_0d5484f449ee4a65a496c89062dbe7cb/gnocchi.173a1abf-e6de-4988-b6b7-5e1274cf0f81/1772280000.0_mean_300.0_v3" "tx031bffd2a5484a03906fb-0069ade103" "proxy-server 12" 0.0003 "-" 23 0
Mar 8 20:50:11 standalone proxy-server[129565]: 172.18.0.2 172.18.0.100 08/Mar/2026/20/50/11 GET /v1/AUTH_0d5484f449ee4a65a496c89062dbe7cb/gnocchi.173a1abf-e6de-4988-b6b7-5e1274cf0f81/1772280000.0_mean_300.0_v3 HTTP/1.0 404 - python-swiftclient-3.11.1 gAAAAABpreB27b5N... - 70 - tx031bffd2a5484a03906fb-0069ade103 - 0.0046 - - 1773003011.529370070 1773003011.534016371 0
Mar 8 20:50:11 standalone container-server[127766]: 172.20.0.100 - - [08/Mar/2026:20:50:11 +0000] "PUT /d1/740/AUTH_0d5484f449ee4a65a496c89062dbe7cb/gnocchi.173a1abf-e6de-4988-b6b7-5e1274cf0f81/1772280000.0_mean_300.0_v3" 201 - "PUT http://172.18.0.2:8080/d1/840/AUTH_0d5484f449ee4a65a496c89062dbe7cb/gnocchi.173a1abf-e6de-4988-b6b7-5e1274cf0f81/1772280000.0_mean_300.0_v3" "txecf160bc427147f7b4903-0069ade103" "object-server 22" 0.0006 "-" 21 0
Mar 8 20:50:11 standalone object-server[127890]: 172.20.0.100 - - [08/Mar/2026:20:50:11 +0000] "PUT /d1/840/AUTH_0d5484f449ee4a65a496c89062dbe7cb/gnocchi.173a1abf-e6de-4988-b6b7-5e1274cf0f81/1772280000.0_mean_300.0_v3" 201 - "PUT http://172.18.0.2:8080/v1/AUTH_0d5484f449ee4a65a496c89062dbe7cb/gnocchi.173a1abf-e6de-4988-b6b7-5e1274cf0f81/1772280000.0_mean_300.0_v3" "txecf160bc427147f7b4903-0069ade103" "proxy-server 12" 0.0155 "-" 22 0
Mar 8 20:50:11 standalone proxy-server[129565]: 172.18.0.2 172.18.0.100 08/Mar/2026/20/50/11 PUT /v1/AUTH_0d5484f449ee4a65a496c89062dbe7cb/gnocchi.173a1abf-e6de-4988-b6b7-5e1274cf0f81/1772280000.0_mean_300.0_v3 HTTP/1.0 201 - python-swiftclient-3.11.1 gAAAAABpreB27b5N... 16 - - txecf160bc427147f7b4903-0069ade103 - 0.0207 - - 1773003011.537009001 1773003011.557680845 0
Mar 8 20:50:11 standalone container-server[127776]: 172.20.0.100 - - [08/Mar/2026:20:50:11 +0000] "PUT /d1/740/AUTH_0d5484f449ee4a65a496c89062dbe7cb/gnocchi.173a1abf-e6de-4988-b6b7-5e1274cf0f81/none_v3" 201 - "PUT http://172.18.0.2:8080/d1/452/AUTH_0d5484f449ee4a65a496c89062dbe7cb/gnocchi.173a1abf-e6de-4988-b6b7-5e1274cf0f81/none_v3" "tx5e692430e5774c3089722-0069ade103" "object-server 25" 0.0008 "-" 23 0
Mar 8 20:50:11 standalone object-server[127895]: 172.20.0.100 - - [08/Mar/2026:20:50:11 +0000] "PUT /d1/452/AUTH_0d5484f449ee4a65a496c89062dbe7cb/gnocchi.173a1abf-e6de-4988-b6b7-5e1274cf0f81/none_v3" 201 - "PUT http://172.18.0.2:8080/v1/AUTH_0d5484f449ee4a65a496c89062dbe7cb/gnocchi.173a1abf-e6de-4988-b6b7-5e1274cf0f81/none_v3" "tx5e692430e5774c3089722-0069ade103" "proxy-server 12" 0.0167 "-" 25 0
Mar 8 20:50:11 standalone proxy-server[129565]: 172.18.0.2 172.18.0.100 08/Mar/2026/20/50/11 PUT /v1/AUTH_0d5484f449ee4a65a496c89062dbe7cb/gnocchi.173a1abf-e6de-4988-b6b7-5e1274cf0f81/none_v3 HTTP/1.0 201 - python-swiftclient-3.11.1 gAAAAABpreB27b5N... 22 - - tx5e692430e5774c3089722-0069ade103 - 0.0229 - - 1773003011.564292431 1773003011.587157488 0
Mar 8 20:50:21 standalone container-server[127776]: 172.20.0.100 - - [08/Mar/2026:20:50:21 +0000] "HEAD /d1/1001/AUTH_0d5484f449ee4a65a496c89062dbe7cb/gnocchi.caa02e0a-246e-4003-82c6-eb8451dd7663" 404 - "HEAD http://172.18.0.2:8080/v1/AUTH_0d5484f449ee4a65a496c89062dbe7cb/gnocchi.caa02e0a-246e-4003-82c6-eb8451dd7663?format=json&states=listing" "txb9d61fa9caa3490db687c-0069ade10d" "proxy-server 12" 0.0006 "-" 23 0
Mar 8 20:50:21 standalone object-server[127894]: 172.20.0.100 - - [08/Mar/2026:20:50:21 +0000] "GET /d1/749/AUTH_0d5484f449ee4a65a496c89062dbe7cb/gnocchi.caa02e0a-246e-4003-82c6-eb8451dd7663/none_v3" 404 70 "GET http://172.18.0.2:8080/v1/AUTH_0d5484f449ee4a65a496c89062dbe7cb/gnocchi.caa02e0a-246e-4003-82c6-eb8451dd7663/none_v3" "txb9d61fa9caa3490db687c-0069ade10d" "proxy-server 12" 0.0009 "-" 24 0
Mar 8 20:50:21 standalone proxy-server[129565]: 172.18.0.2 172.18.0.100 08/Mar/2026/20/50/21 GET /v1/AUTH_0d5484f449ee4a65a496c89062dbe7cb/gnocchi.caa02e0a-246e-4003-82c6-eb8451dd7663/none_v3 HTTP/1.0 404 - python-swiftclient-3.11.1 gAAAAABpreB27b5N... - 70 - txb9d61fa9caa3490db687c-0069ade10d - 0.0198 - - 1773003021.919404984 1773003021.939247608 0
Mar 8 20:50:21 standalone account-server[127650]: 172.20.0.100 - - [08/Mar/2026:20:50:21 +0000] "PUT /d1/712/AUTH_0d5484f449ee4a65a496c89062dbe7cb/gnocchi.caa02e0a-246e-4003-82c6-eb8451dd7663" 201 - "PUT http://172.20.0.100:6001/d1/1001/AUTH_0d5484f449ee4a65a496c89062dbe7cb/gnocchi.caa02e0a-246e-4003-82c6-eb8451dd7663" "txa446ab18ae1147ddba474-0069ade10d" "container-server 20" 0.0143 "-" 22 0
Mar 8 20:50:21 standalone container-server[127747]: 172.20.0.100 - - [08/Mar/2026:20:50:21 +0000] "PUT /d1/1001/AUTH_0d5484f449ee4a65a496c89062dbe7cb/gnocchi.caa02e0a-246e-4003-82c6-eb8451dd7663" 201 - "PUT http://172.18.0.2:8080/v1/AUTH_0d5484f449ee4a65a496c89062dbe7cb/gnocchi.caa02e0a-246e-4003-82c6-eb8451dd7663" "txa446ab18ae1147ddba474-0069ade10d" "proxy-server 12" 0.0321 "-" 20 0
Mar 8 20:50:21 standalone proxy-server[129565]: 172.18.0.2 172.18.0.100 08/Mar/2026/20/50/21 PUT /v1/AUTH_0d5484f449ee4a65a496c89062dbe7cb/gnocchi.caa02e0a-246e-4003-82c6-eb8451dd7663 HTTP/1.0 201 - python-swiftclient-3.11.1 gAAAAABpreB27b5N... - - - txa446ab18ae1147ddba474-0069ade10d - 0.0394 - - 1773003021.946127653 1773003021.985537529 0
Mar 8 20:50:21 standalone container-server[127766]: 172.20.0.100 - - [08/Mar/2026:20:50:21 +0000] "HEAD /d1/1001/AUTH_0d5484f449ee4a65a496c89062dbe7cb/gnocchi.caa02e0a-246e-4003-82c6-eb8451dd7663" 204 - "HEAD http://172.18.0.2:8080/v1/AUTH_0d5484f449ee4a65a496c89062dbe7cb/gnocchi.caa02e0a-246e-4003-82c6-eb8451dd7663?format=json&states=listing" "tx376795ff377d478db6ba6-0069ade10d" "proxy-server 12" 0.0024 "-" 21 0
Mar 8 20:50:21 standalone proxy-server[129565]: - - 08/Mar/2026/20/50/21 HEAD /v1/AUTH_0d5484f449ee4a65a496c89062dbe7cb/gnocchi.caa02e0a-246e-4003-82c6-eb8451dd7663%3Fformat%3Djson%26states%3Dlisting HTTP/1.0 204 - Swift - - - - tx376795ff377d478db6ba6-0069ade10d - 0.0066 RL - 1773003021.991959095 1773003021.998572588 0
Mar 8 20:50:22 standalone container-server[127747]: 172.20.0.100 - - [08/Mar/2026:20:50:22 +0000] "GET /d1/1001/AUTH_0d5484f449ee4a65a496c89062dbe7cb/gnocchi.caa02e0a-246e-4003-82c6-eb8451dd7663" 200 2 "GET http://172.18.0.2:8080/v1/AUTH_0d5484f449ee4a65a496c89062dbe7cb/gnocchi.caa02e0a-246e-4003-82c6-eb8451dd7663?format=json&states=listing" "tx376795ff377d478db6ba6-0069ade10d" "proxy-server 12" 0.0044 "-" 20 0
Mar 8 20:50:22 standalone proxy-server[129565]: 172.18.0.2 172.18.0.100 08/Mar/2026/20/50/22 GET /v1/AUTH_0d5484f449ee4a65a496c89062dbe7cb/gnocchi.caa02e0a-246e-4003-82c6-eb8451dd7663%3Fformat%3Djson%26states%3Dlisting HTTP/1.0 200 - python-swiftclient-3.11.1 gAAAAABpreB27b5N... - 2 - tx376795ff377d478db6ba6-0069ade10d - 0.0252 - - 1773003021.990650177 1773003022.015824318 0
Mar 8 20:50:22 standalone object-server[127890]: 172.20.0.100 - - [08/Mar/2026:20:50:22 +0000] "GET /d1/1006/AUTH_0d5484f449ee4a65a496c89062dbe7cb/gnocchi.caa02e0a-246e-4003-82c6-eb8451dd7663/1772280000.0_mean_300.0_v3" 404 70 "GET http://172.18.0.2:8080/v1/AUTH_0d5484f449ee4a65a496c89062dbe7cb/gnocchi.caa02e0a-246e-4003-82c6-eb8451dd7663/1772280000.0_mean_300.0_v3" "tx208cc63bf35d42449e56f-0069ade10e" "proxy-server 12" 0.0009 "-" 22 0
Mar 8 20:50:22 standalone proxy-server[129565]: 172.18.0.2 172.18.0.100 08/Mar/2026/20/50/22 GET /v1/AUTH_0d5484f449ee4a65a496c89062dbe7cb/gnocchi.caa02e0a-246e-4003-82c6-eb8451dd7663/1772280000.0_mean_300.0_v3 HTTP/1.0 404 - python-swiftclient-3.11.1 gAAAAABpreB27b5N... - 70 - tx208cc63bf35d42449e56f-0069ade10e - 0.0081 - - 1773003022.021851540 1773003022.029974699 0
Mar 8 20:50:22 standalone container-server[127773]: 172.20.0.100 - - [08/Mar/2026:20:50:22 +0000] "PUT /d1/1001/AUTH_0d5484f449ee4a65a496c89062dbe7cb/gnocchi.caa02e0a-246e-4003-82c6-eb8451dd7663/1772280000.0_mean_300.0_v3" 201 - "PUT http://172.18.0.2:8080/d1/1006/AUTH_0d5484f449ee4a65a496c89062dbe7cb/gnocchi.caa02e0a-246e-4003-82c6-eb8451dd7663/1772280000.0_mean_300.0_v3" "txc60cd7917e30432dac95a-0069ade10e" "object-server 25" 0.0017 "-" 22 0
Mar 8 20:50:22 standalone object-server[127895]: 172.20.0.100 - - [08/Mar/2026:20:50:22 +0000] "PUT /d1/1006/AUTH_0d5484f449ee4a65a496c89062dbe7cb/gnocchi.caa02e0a-246e-4003-82c6-eb8451dd7663/1772280000.0_mean_300.0_v3" 201 - "PUT http://172.18.0.2:8080/v1/AUTH_0d5484f449ee4a65a496c89062dbe7cb/gnocchi.caa02e0a-246e-4003-82c6-eb8451dd7663/1772280000.0_mean_300.0_v3" "txc60cd7917e30432dac95a-0069ade10e" "proxy-server 12" 0.0128 "-" 25 0
Mar 8 20:50:22 standalone proxy-server[129565]: 172.18.0.2 172.18.0.100 08/Mar/2026/20/50/22 PUT /v1/AUTH_0d5484f449ee4a65a496c89062dbe7cb/gnocchi.caa02e0a-246e-4003-82c6-eb8451dd7663/1772280000.0_mean_300.0_v3 HTTP/1.0 201 - python-swiftclient-3.11.1 gAAAAABpreB27b5N... 16 - - txc60cd7917e30432dac95a-0069ade10e - 0.0221 - - 1773003022.034947872 1773003022.057054758 0
Mar 8 20:50:22 standalone container-server[127747]: 172.20.0.100 - - [08/Mar/2026:20:50:22 +0000] "PUT /d1/1001/AUTH_0d5484f449ee4a65a496c89062dbe7cb/gnocchi.caa02e0a-246e-4003-82c6-eb8451dd7663/none_v3" 201 - "PUT http://172.18.0.2:8080/d1/749/AUTH_0d5484f449ee4a65a496c89062dbe7cb/gnocchi.caa02e0a-246e-4003-82c6-eb8451dd7663/none_v3" "tx43f3797e93bb40e1880cc-0069ade10e" "object-server 22" 0.0009 "-" 20 0
Mar 8 20:50:22 standalone object-server[127890]: 172.20.0.100 - - [08/Mar/2026:20:50:22 +0000] "PUT /d1/749/AUTH_0d5484f449ee4a65a496c89062dbe7cb/gnocchi.caa02e0a-246e-4003-82c6-eb8451dd7663/none_v3" 201 - "PUT http://172.18.0.2:8080/v1/AUTH_0d5484f449ee4a65a496c89062dbe7cb/gnocchi.caa02e0a-246e-4003-82c6-eb8451dd7663/none_v3" "tx43f3797e93bb40e1880cc-0069ade10e" "proxy-server 12" 0.0105 "-" 22 0
Mar 8 20:50:22 standalone proxy-server[129565]: 172.18.0.2 172.18.0.100 08/Mar/2026/20/50/22 PUT /v1/AUTH_0d5484f449ee4a65a496c89062dbe7cb/gnocchi.caa02e0a-246e-4003-82c6-eb8451dd7663/none_v3 HTTP/1.0 201 - python-swiftclient-3.11.1 gAAAAABpreB27b5N... 22 - - tx43f3797e93bb40e1880cc-0069ade10e - 0.0254 - - 1773003022.068355322 1773003022.093776464 0
Mar 8 20:50:24 standalone container-server[127594]: Begin container update sweep
Mar 8 20:50:24 standalone account-server[127647]: 172.20.0.100 - - [08/Mar/2026:20:50:24 +0000] "PUT /d1/712/AUTH_0d5484f449ee4a65a496c89062dbe7cb/gnocchi.173c247b-ad03-4a82-ba3e-6e09e1aa2850" 201 - "-" "-" "container-updater 2" 0.0010 "-" 21 0
Mar 8 20:50:24 standalone account-server[127637]: 172.20.0.100 - - [08/Mar/2026:20:50:24 +0000] "PUT /d1/712/AUTH_0d5484f449ee4a65a496c89062dbe7cb/gnocchi.173a1abf-e6de-4988-b6b7-5e1274cf0f81" 201 - "-" "-" "container-updater 2" 0.0007 "-" 20 0
Mar 8 20:50:24 standalone account-server[127650]: 172.20.0.100 - - [08/Mar/2026:20:50:24 +0000] "PUT /d1/712/AUTH_0d5484f449ee4a65a496c89062dbe7cb/gnocchi.41933eaf-7f87-430b-ab2c-c82644de024a" 201 - "-" "-" "container-updater 2" 0.0003 "-" 22 0
Mar 8 20:50:25 standalone account-server[127637]: 172.20.0.100 - - [08/Mar/2026:20:50:25 +0000] "PUT /d1/712/AUTH_0d5484f449ee4a65a496c89062dbe7cb/gnocchi.1358036e-65e7-46ef-b2c0-397b366e957c" 201 - "-" "-" "container-updater 2" 0.0006 "-" 20 0
Mar 8 20:50:25 standalone account-server[127650]: 172.20.0.100 - - [08/Mar/2026:20:50:25 +0000] "PUT /d1/712/AUTH_0d5484f449ee4a65a496c89062dbe7cb/gnocchi.ba99fbc9-b99e-40c5-a541-96438523cb8b" 201 - "-" "-" "container-updater 2" 0.0004 "-" 22 0
Mar 8 20:50:25 standalone account-server[127647]: 172.20.0.100 - - [08/Mar/2026:20:50:25 +0000] "PUT /d1/712/AUTH_0d5484f449ee4a65a496c89062dbe7cb/gnocchi.15a77c8a-ef78-470f-846a-62247f6ae4c2" 201 - "-" "-" "container-updater 2" 0.0013 "-" 21 0
Mar 8 20:50:25 standalone account-server[127637]: 172.20.0.100 - - [08/Mar/2026:20:50:25 +0000] "PUT /d1/712/AUTH_0d5484f449ee4a65a496c89062dbe7cb/gnocchi.caa02e0a-246e-4003-82c6-eb8451dd7663" 201 - "-" "-" "container-updater 2" 0.0006 "-" 20 0
Mar 8 20:50:25 standalone account-server[127650]: 172.20.0.100 - - [08/Mar/2026:20:50:25 +0000] "PUT /d1/712/AUTH_0d5484f449ee4a65a496c89062dbe7cb/gnocchi.37ee1488-c4fb-48cd-92ef-9ed9bf365173" 201 - "-" "-" "container-updater 2" 0.0006 "-" 22 0
Mar 8 20:50:25 standalone account-server[127650]: 172.20.0.100 - - [08/Mar/2026:20:50:25 +0000] "PUT /d1/712/AUTH_0d5484f449ee4a65a496c89062dbe7cb/gnocchi.49522ebb-dd65-4caf-bec1-b1b7843d5809" 201 - "-" "-" "container-updater 2" 0.0007 "-" 22 0
Mar 8 20:50:25 standalone account-server[127647]: 172.20.0.100 - - [08/Mar/2026:20:50:25 +0000] "PUT /d1/712/AUTH_0d5484f449ee4a65a496c89062dbe7cb/gnocchi.91cd67e7-c53f-4037-bf97-9ffaa3116d1b" 201 - "-" "-" "container-updater 2" 0.0007 "-" 21 0
Mar 8 20:50:25 standalone account-server[127650]: 172.20.0.100 - - [08/Mar/2026:20:50:25 +0000] "PUT /d1/712/AUTH_0d5484f449ee4a65a496c89062dbe7cb/gnocchi.a3174d00-1aa0-4860-baad-85e7f3461ae2" 201 - "-" "-" "container-updater 2" 0.0006 "-" 22 0
Mar 8 20:50:25 standalone account-server[127650]: 172.20.0.100 - - [08/Mar/2026:20:50:25 +0000] "PUT /d1/712/AUTH_0d5484f449ee4a65a496c89062dbe7cb/gnocchi.58dd46b6-99ab-4718-ab6c-6ffbf989457c" 201 - "-" "-" "container-updater 2" 0.0005 "-" 22 0
Mar 8 20:50:25 standalone account-server[127637]: 172.20.0.100 - - [08/Mar/2026:20:50:25 +0000] "PUT /d1/712/AUTH_0d5484f449ee4a65a496c89062dbe7cb/gnocchi.77f2c83c-616a-4c1e-9d53-4349648dbe9e" 201 - "-" "-" "container-updater 2" 0.0004 "-" 20 0
Mar 8 20:50:26 standalone account-server[127637]: 172.20.0.100 - - [08/Mar/2026:20:50:26 +0000] "PUT /d1/712/AUTH_0d5484f449ee4a65a496c89062dbe7cb/gnocchi.62a0ec5d-361b-4f3c-8266-88720758f23e" 201 - "-" "-" "container-updater 2" 0.0010 "-" 20 0
Mar 8 20:50:26 standalone account-server[127650]: 172.20.0.100 - - [08/Mar/2026:20:50:26 +0000] "PUT /d1/712/AUTH_0d5484f449ee4a65a496c89062dbe7cb/gnocchi.1a82a262-4a5f-4850-adc1-2563eea1dead" 201 - "-" "-" "container-updater 2" 0.0006 "-" 22 0
Mar 8 20:50:26 standalone account-server[127650]: 172.20.0.100 - - [08/Mar/2026:20:50:26 +0000] "PUT /d1/712/AUTH_0d5484f449ee4a65a496c89062dbe7cb/gnocchi.7d116d46-8914-4b0c-a7ad-aa94abce5140" 201 - "-" "-" "container-updater 2" 0.0009 "-" 22 0
Mar 8 20:50:26 standalone account-server[127650]: 172.20.0.100 - - [08/Mar/2026:20:50:26 +0000] "PUT /d1/712/AUTH_0d5484f449ee4a65a496c89062dbe7cb/gnocchi.4f8ae64f-dd90-48fa-998d-ab0f520d5aa3" 201 - "-" "-" "container-updater 2" 0.0008 "-" 22 0
Mar 8 20:50:26 standalone container-server[127594]: Container update sweep completed: 1.76s
Mar 8 20:50:27 standalone object-server[127894]: 172.20.0.100 - - [08/Mar/2026:20:50:27 +0000] "GET /d1/749/AUTH_0d5484f449ee4a65a496c89062dbe7cb/gnocchi.caa02e0a-246e-4003-82c6-eb8451dd7663/none_v3" 200 22 "GET http://172.18.0.2:8080/v1/AUTH_0d5484f449ee4a65a496c89062dbe7cb/gnocchi.caa02e0a-246e-4003-82c6-eb8451dd7663/none_v3" "tx7ca96b25176243a8b1a2d-0069ade113" "proxy-server 12" 0.0012 "-" 24 0
Mar 8 20:50:27 standalone proxy-server[129565]: 172.18.0.2 172.18.0.100 08/Mar/2026/20/50/27 GET /v1/AUTH_0d5484f449ee4a65a496c89062dbe7cb/gnocchi.caa02e0a-246e-4003-82c6-eb8451dd7663/none_v3 HTTP/1.0 200 - python-swiftclient-3.11.1 gAAAAABpreB27b5N... - 22 - tx7ca96b25176243a8b1a2d-0069ade113 - 0.0079 - - 1773003027.588322401 1773003027.596261740 0
Mar 8 20:50:27 standalone container-server[127766]: 172.20.0.100 - - [08/Mar/2026:20:50:27 +0000] "GET /d1/1001/AUTH_0d5484f449ee4a65a496c89062dbe7cb/gnocchi.caa02e0a-246e-4003-82c6-eb8451dd7663" 200 357 "GET http://172.18.0.2:8080/v1/AUTH_0d5484f449ee4a65a496c89062dbe7cb/gnocchi.caa02e0a-246e-4003-82c6-eb8451dd7663?format=json&states=listing" "tx78a22bc504764ccd8d080-0069ade113" "proxy-server 12" 0.0028 "-" 21 0
Mar 8 20:50:27 standalone proxy-server[129565]: 172.18.0.2 172.18.0.100 08/Mar/2026/20/50/27 GET /v1/AUTH_0d5484f449ee4a65a496c89062dbe7cb/gnocchi.caa02e0a-246e-4003-82c6-eb8451dd7663%3Fformat%3Djson%26states%3Dlisting HTTP/1.0 200 - python-swiftclient-3.11.1 gAAAAABpreB27b5N... - 357 - tx78a22bc504764ccd8d080-0069ade113 - 0.0102 - - 1773003027.599934101 1773003027.610122919 0
Mar 8 20:50:27 standalone container-server[127776]: 172.20.0.100 - - [08/Mar/2026:20:50:27 +0000] "GET /d1/1001/AUTH_0d5484f449ee4a65a496c89062dbe7cb/gnocchi.caa02e0a-246e-4003-82c6-eb8451dd7663" 200 2 "GET http://172.18.0.2:8080/v1/AUTH_0d5484f449ee4a65a496c89062dbe7cb/gnocchi.caa02e0a-246e-4003-82c6-eb8451dd7663?format=json&marker=none_v3&states=listing" "txe99afa89822b44baabda5-0069ade113" "proxy-server 12" 0.0023 "-" 23 0
Mar 8 20:50:27 standalone proxy-server[129565]: 172.18.0.2 172.18.0.100 08/Mar/2026/20/50/27 GET /v1/AUTH_0d5484f449ee4a65a496c89062dbe7cb/gnocchi.caa02e0a-246e-4003-82c6-eb8451dd7663%3Fformat%3Djson%26marker%3Dnone_v3%26states%3Dlisting HTTP/1.0 200 - python-swiftclient-3.11.1 gAAAAABpreB27b5N... - 2 - txe99afa89822b44baabda5-0069ade113 - 0.0083 - - 1773003027.612785816 1773003027.621036530 0
Mar 8 20:50:27 standalone object-server[127890]: 172.20.0.100 - - [08/Mar/2026:20:50:27 +0000] "GET /d1/1006/AUTH_0d5484f449ee4a65a496c89062dbe7cb/gnocchi.caa02e0a-246e-4003-82c6-eb8451dd7663/1772280000.0_mean_300.0_v3" 200 16 "GET http://172.18.0.2:8080/v1/AUTH_0d5484f449ee4a65a496c89062dbe7cb/gnocchi.caa02e0a-246e-4003-82c6-eb8451dd7663/1772280000.0_mean_300.0_v3" "tx792a7f4faca14b24873f6-0069ade113" "proxy-server 12" 0.0007 "-" 22 0
Mar 8 20:50:27 standalone proxy-server[129565]: 172.18.0.2 172.18.0.100 08/Mar/2026/20/50/27 GET /v1/AUTH_0d5484f449ee4a65a496c89062dbe7cb/gnocchi.caa02e0a-246e-4003-82c6-eb8451dd7663/1772280000.0_mean_300.0_v3 HTTP/1.0 200 - python-swiftclient-3.11.1 gAAAAABpreB27b5N... - 16 - tx792a7f4faca14b24873f6-0069ade113 - 0.0062 - - 1773003027.624218464 1773003027.630453348 0
Mar 8 20:50:27 standalone container-server[127747]: 172.20.0.100 - - [08/Mar/2026:20:50:27 +0000] "PUT /d1/1001/AUTH_0d5484f449ee4a65a496c89062dbe7cb/gnocchi.caa02e0a-246e-4003-82c6-eb8451dd7663/1772280000.0_mean_300.0_v3" 201 - "PUT http://172.18.0.2:8080/d1/1006/AUTH_0d5484f449ee4a65a496c89062dbe7cb/gnocchi.caa02e0a-246e-4003-82c6-eb8451dd7663/1772280000.0_mean_300.0_v3" "txfe4f615278934c638b3f8-0069ade113" "object-server 23" 0.0005 "-" 20 0
Mar 8 20:50:27 standalone object-server[127892]: 172.20.0.100 - - [08/Mar/2026:20:50:27 +0000] "PUT /d1/1006/AUTH_0d5484f449ee4a65a496c89062dbe7cb/gnocchi.caa02e0a-246e-4003-82c6-eb8451dd7663/1772280000.0_mean_300.0_v3" 201 - "PUT http://172.18.0.2:8080/v1/AUTH_0d5484f449ee4a65a496c89062dbe7cb/gnocchi.caa02e0a-246e-4003-82c6-eb8451dd7663/1772280000.0_mean_300.0_v3" "txfe4f615278934c638b3f8-0069ade113" "proxy-server 12" 0.0094 "-" 23 0
Mar 8 20:50:27 standalone proxy-server[129565]: 172.18.0.2 172.18.0.100 08/Mar/2026/20/50/27 PUT /v1/AUTH_0d5484f449ee4a65a496c89062dbe7cb/gnocchi.caa02e0a-246e-4003-82c6-eb8451dd7663/1772280000.0_mean_300.0_v3 HTTP/1.0 201 - python-swiftclient-3.11.1 gAAAAABpreB27b5N... 16 - - txfe4f615278934c638b3f8-0069ade113 - 0.0151 - - 1773003027.633082867 1773003027.648138762 0
Mar 8 20:50:27 standalone container-server[127747]: 172.20.0.100 - - [08/Mar/2026:20:50:27 +0000] "PUT /d1/1001/AUTH_0d5484f449ee4a65a496c89062dbe7cb/gnocchi.caa02e0a-246e-4003-82c6-eb8451dd7663/none_v3" 201 - "PUT http://172.18.0.2:8080/d1/749/AUTH_0d5484f449ee4a65a496c89062dbe7cb/gnocchi.caa02e0a-246e-4003-82c6-eb8451dd7663/none_v3" "txa34754cf88e540e193d4b-0069ade113" "object-server 25" 0.0003 "-" 20 0
Mar 8 20:50:27 standalone object-server[127895]: 172.20.0.100 - - [08/Mar/2026:20:50:27 +0000] "PUT /d1/749/AUTH_0d5484f449ee4a65a496c89062dbe7cb/gnocchi.caa02e0a-246e-4003-82c6-eb8451dd7663/none_v3" 201 - "PUT http://172.18.0.2:8080/v1/AUTH_0d5484f449ee4a65a496c89062dbe7cb/gnocchi.caa02e0a-246e-4003-82c6-eb8451dd7663/none_v3" "txa34754cf88e540e193d4b-0069ade113" "proxy-server 12" 0.0112 "-" 25 0
Mar 8 20:50:27 standalone proxy-server[129565]: 172.18.0.2 172.18.0.100 08/Mar/2026/20/50/27 PUT /v1/AUTH_0d5484f449ee4a65a496c89062dbe7cb/gnocchi.caa02e0a-246e-4003-82c6-eb8451dd7663/none_v3 HTTP/1.0 201 - python-swiftclient-3.11.1 gAAAAABpreB27b5N... 32 - - txa34754cf88e540e193d4b-0069ade113 - 0.0184 - - 1773003027.651247501 1773003027.669654608 0
Mar 8 20:50:40 standalone container-server[127776]: 172.20.0.100 - - [08/Mar/2026:20:50:40 +0000] "HEAD /d1/147/AUTH_0d5484f449ee4a65a496c89062dbe7cb/gnocchi.8b028fae-ba83-4015-bc6a-8cdf8b1f4ecd" 404 - "HEAD http://172.18.0.2:8080/v1/AUTH_0d5484f449ee4a65a496c89062dbe7cb/gnocchi.8b028fae-ba83-4015-bc6a-8cdf8b1f4ecd?format=json&states=listing" "tx796e516d574045498125c-0069ade120" "proxy-server 12" 0.0004 "-" 23 0
Mar 8 20:50:40 standalone object-server[127890]: 172.20.0.100 - - [08/Mar/2026:20:50:40 +0000] "GET /d1/1012/AUTH_0d5484f449ee4a65a496c89062dbe7cb/gnocchi.8b028fae-ba83-4015-bc6a-8cdf8b1f4ecd/none_v3" 404 70 "GET http://172.18.0.2:8080/v1/AUTH_0d5484f449ee4a65a496c89062dbe7cb/gnocchi.8b028fae-ba83-4015-bc6a-8cdf8b1f4ecd/none_v3" "tx796e516d574045498125c-0069ade120" "proxy-server 12" 0.0006 "-" 22 0
Mar 8 20:50:40 standalone proxy-server[129565]: 172.18.0.2 172.18.0.100 08/Mar/2026/20/50/40 GET /v1/AUTH_0d5484f449ee4a65a496c89062dbe7cb/gnocchi.8b028fae-ba83-4015-bc6a-8cdf8b1f4ecd/none_v3 HTTP/1.0 404 - python-swiftclient-3.11.1 gAAAAABpreB27b5N... - 70 - tx796e516d574045498125c-0069ade120 - 0.0113 - - 1773003040.033057451 1773003040.044381380 0
Mar 8 20:50:40 standalone account-server[127637]: 172.20.0.100 - - [08/Mar/2026:20:50:40 +0000] "PUT /d1/712/AUTH_0d5484f449ee4a65a496c89062dbe7cb/gnocchi.8b028fae-ba83-4015-bc6a-8cdf8b1f4ecd" 201 - "PUT http://172.20.0.100:6001/d1/147/AUTH_0d5484f449ee4a65a496c89062dbe7cb/gnocchi.8b028fae-ba83-4015-bc6a-8cdf8b1f4ecd" "txf6cbebafa7574a12b8828-0069ade120" "container-server 21" 0.0081 "-" 20 0
Mar 8 20:50:40 standalone container-server[127766]: 172.20.0.100 - - [08/Mar/2026:20:50:40 +0000] "PUT /d1/147/AUTH_0d5484f449ee4a65a496c89062dbe7cb/gnocchi.8b028fae-ba83-4015-bc6a-8cdf8b1f4ecd" 201 - "PUT http://172.18.0.2:8080/v1/AUTH_0d5484f449ee4a65a496c89062dbe7cb/gnocchi.8b028fae-ba83-4015-bc6a-8cdf8b1f4ecd" "txf6cbebafa7574a12b8828-0069ade120" "proxy-server 12" 0.0183 "-" 21 0
Mar 8 20:50:40 standalone proxy-server[129565]: 172.18.0.2 172.18.0.100 08/Mar/2026/20/50/40 PUT /v1/AUTH_0d5484f449ee4a65a496c89062dbe7cb/gnocchi.8b028fae-ba83-4015-bc6a-8cdf8b1f4ecd HTTP/1.0 201 - python-swiftclient-3.11.1 gAAAAABpreB27b5N... - - - txf6cbebafa7574a12b8828-0069ade120 - 0.0230 - - 1773003040.047247648 1773003040.070293188 0
Mar 8 20:50:40 standalone container-server[127776]: 172.20.0.100 - - [08/Mar/2026:20:50:40 +0000] "HEAD /d1/147/AUTH_0d5484f449ee4a65a496c89062dbe7cb/gnocchi.8b028fae-ba83-4015-bc6a-8cdf8b1f4ecd" 204 - "HEAD http://172.18.0.2:8080/v1/AUTH_0d5484f449ee4a65a496c89062dbe7cb/gnocchi.8b028fae-ba83-4015-bc6a-8cdf8b1f4ecd?format=json&states=listing" "tx6c19338cdeed4718b900e-0069ade120" "proxy-server 12" 0.0012 "-" 23 0
Mar 8 20:50:40 standalone proxy-server[129565]: - - 08/Mar/2026/20/50/40 HEAD /v1/AUTH_0d5484f449ee4a65a496c89062dbe7cb/gnocchi.8b028fae-ba83-4015-bc6a-8cdf8b1f4ecd%3Fformat%3Djson%26states%3Dlisting HTTP/1.0 204 - Swift - - - - tx6c19338cdeed4718b900e-0069ade120 - 0.0047 RL - 1773003040.074348211 1773003040.079074621 0
Mar 8 20:50:40 standalone container-server[127747]: 172.20.0.100 - - [08/Mar/2026:20:50:40 +0000] "GET /d1/147/AUTH_0d5484f449ee4a65a496c89062dbe7cb/gnocchi.8b028fae-ba83-4015-bc6a-8cdf8b1f4ecd" 200 2 "GET http://172.18.0.2:8080/v1/AUTH_0d5484f449ee4a65a496c89062dbe7cb/gnocchi.8b028fae-ba83-4015-bc6a-8cdf8b1f4ecd?format=json&states=listing" "tx6c19338cdeed4718b900e-0069ade120" "proxy-server 12" 0.0032 "-" 20 0
Mar 8 20:50:40 standalone proxy-server[129565]: 172.18.0.2 172.18.0.100 08/Mar/2026/20/50/40 GET /v1/AUTH_0d5484f449ee4a65a496c89062dbe7cb/gnocchi.8b028fae-ba83-4015-bc6a-8cdf8b1f4ecd%3Fformat%3Djson%26states%3Dlisting HTTP/1.0 200 - python-swiftclient-3.11.1 gAAAAABpreB27b5N... - 2 - tx6c19338cdeed4718b900e-0069ade120 - 0.0144 - - 1773003040.073050022 1773003040.087453127 0
Mar 8 20:50:40 standalone object-server[127894]: 172.20.0.100 - - [08/Mar/2026:20:50:40 +0000] "GET /d1/617/AUTH_0d5484f449ee4a65a496c89062dbe7cb/gnocchi.8b028fae-ba83-4015-bc6a-8cdf8b1f4ecd/1772280000.0_mean_300.0_v3" 404 70 "GET http://172.18.0.2:8080/v1/AUTH_0d5484f449ee4a65a496c89062dbe7cb/gnocchi.8b028fae-ba83-4015-bc6a-8cdf8b1f4ecd/1772280000.0_mean_300.0_v3" "tx2fbc067a27ea45ee86f18-0069ade120" "proxy-server 12" 0.0004 "-" 24 0
Mar 8 20:50:40 standalone proxy-server[129565]: 172.18.0.2 172.18.0.100 08/Mar/2026/20/50/40 GET /v1/AUTH_0d5484f449ee4a65a496c89062dbe7cb/gnocchi.8b028fae-ba83-4015-bc6a-8cdf8b1f4ecd/1772280000.0_mean_300.0_v3 HTTP/1.0 404 - python-swiftclient-3.11.1 gAAAAABpreB27b5N... - 70 - tx2fbc067a27ea45ee86f18-0069ade120 - 0.0064 - - 1773003040.090642929 1773003040.097085476 0
Mar 8 20:50:40 standalone container-server[127747]: 172.20.0.100 - - [08/Mar/2026:20:50:40 +0000] "PUT /d1/147/AUTH_0d5484f449ee4a65a496c89062dbe7cb/gnocchi.8b028fae-ba83-4015-bc6a-8cdf8b1f4ecd/1772280000.0_mean_300.0_v3" 201 - "PUT http://172.18.0.2:8080/d1/617/AUTH_0d5484f449ee4a65a496c89062dbe7cb/gnocchi.8b028fae-ba83-4015-bc6a-8cdf8b1f4ecd/1772280000.0_mean_300.0_v3" "txd30504d6ab22477c82d55-0069ade120" "object-server 25" 0.0007 "-" 20 0
Mar 8 20:50:40 standalone object-server[127895]: 172.20.0.100 - - [08/Mar/2026:20:50:40 +0000] "PUT /d1/617/AUTH_0d5484f449ee4a65a496c89062dbe7cb/gnocchi.8b028fae-ba83-4015-bc6a-8cdf8b1f4ecd/1772280000.0_mean_300.0_v3" 201 - "PUT http://172.18.0.2:8080/v1/AUTH_0d5484f449ee4a65a496c89062dbe7cb/gnocchi.8b028fae-ba83-4015-bc6a-8cdf8b1f4ecd/1772280000.0_mean_300.0_v3" "txd30504d6ab22477c82d55-0069ade120" "proxy-server 12" 0.0092 "-" 25 0
Mar 8 20:50:40 standalone proxy-server[129565]: 172.18.0.2 172.18.0.100 08/Mar/2026/20/50/40 PUT /v1/AUTH_0d5484f449ee4a65a496c89062dbe7cb/gnocchi.8b028fae-ba83-4015-bc6a-8cdf8b1f4ecd/1772280000.0_mean_300.0_v3 HTTP/1.0 201 - python-swiftclient-3.11.1 gAAAAABpreB27b5N... 16 - - txd30504d6ab22477c82d55-0069ade120 - 0.0141 - - 1773003040.099747419 1773003040.113851070 0
Mar 8 20:50:40 standalone container-server[127776]: 172.20.0.100 - - [08/Mar/2026:20:50:40 +0000] "PUT /d1/147/AUTH_0d5484f449ee4a65a496c89062dbe7cb/gnocchi.8b028fae-ba83-4015-bc6a-8cdf8b1f4ecd/none_v3" 201 - "PUT http://172.18.0.2:8080/d1/1012/AUTH_0d5484f449ee4a65a496c89062dbe7cb/gnocchi.8b028fae-ba83-4015-bc6a-8cdf8b1f4ecd/none_v3" "tx6c42a1493817467a843c2-0069ade120" "object-server 22" 0.0004 "-" 23 0
Mar 8 20:50:40 standalone object-server[127890]: 172.20.0.100 - - [08/Mar/2026:20:50:40 +0000] "PUT /d1/1012/AUTH_0d5484f449ee4a65a496c89062dbe7cb/gnocchi.8b028fae-ba83-4015-bc6a-8cdf8b1f4ecd/none_v3" 201 - "PUT http://172.18.0.2:8080/v1/AUTH_0d5484f449ee4a65a496c89062dbe7cb/gnocchi.8b028fae-ba83-4015-bc6a-8cdf8b1f4ecd/none_v3" "tx6c42a1493817467a843c2-0069ade120" "proxy-server 12" 0.0102 "-" 22 0
Mar 8 20:50:40 standalone proxy-server[129565]: 172.18.0.2 172.18.0.100 08/Mar/2026/20/50/40 PUT /v1/AUTH_0d5484f449ee4a65a496c89062dbe7cb/gnocchi.8b028fae-ba83-4015-bc6a-8cdf8b1f4ecd/none_v3 HTTP/1.0 201 - python-swiftclient-3.11.1 gAAAAABpreB27b5N... 22 - - tx6c42a1493817467a843c2-0069ade120 - 0.0149 - - 1773003040.116705179 1773003040.131618977 0
Mar 8 20:50:40 standalone container-server[127773]: 172.20.0.100 - - [08/Mar/2026:20:50:40 +0000] "HEAD /d1/911/AUTH_0d5484f449ee4a65a496c89062dbe7cb/gnocchi.3461ed87-c818-4c13-b24a-50ea75a2914e" 404 - "HEAD http://172.18.0.2:8080/v1/AUTH_0d5484f449ee4a65a496c89062dbe7cb/gnocchi.3461ed87-c818-4c13-b24a-50ea75a2914e?format=json&states=listing" "txc33121542ecb4b78b2715-0069ade120" "proxy-server 12" 0.0003 "-" 22 0
Mar 8 20:50:40 standalone object-server[127890]: 172.20.0.100 - - [08/Mar/2026:20:50:40 +0000] "GET /d1/611/AUTH_0d5484f449ee4a65a496c89062dbe7cb/gnocchi.3461ed87-c818-4c13-b24a-50ea75a2914e/none_v3" 404 70 "GET http://172.18.0.2:8080/v1/AUTH_0d5484f449ee4a65a496c89062dbe7cb/gnocchi.3461ed87-c818-4c13-b24a-50ea75a2914e/none_v3" "txc33121542ecb4b78b2715-0069ade120" "proxy-server 12" 0.0003 "-" 22 0
Mar 8 20:50:40 standalone proxy-server[129565]: 172.18.0.2 172.18.0.100 08/Mar/2026/20/50/40 GET /v1/AUTH_0d5484f449ee4a65a496c89062dbe7cb/gnocchi.3461ed87-c818-4c13-b24a-50ea75a2914e/none_v3 HTTP/1.0 404 - python-swiftclient-3.11.1 gAAAAABpreB27b5N... - 70 - txc33121542ecb4b78b2715-0069ade120 - 0.0068 - - 1773003040.138818979 1773003040.145615339 0
Mar 8 20:50:40 standalone account-server[127660]: 172.20.0.100 - - [08/Mar/2026:20:50:40 +0000] "PUT /d1/712/AUTH_0d5484f449ee4a65a496c89062dbe7cb/gnocchi.3461ed87-c818-4c13-b24a-50ea75a2914e" 201 - "PUT http://172.20.0.100:6001/d1/911/AUTH_0d5484f449ee4a65a496c89062dbe7cb/gnocchi.3461ed87-c818-4c13-b24a-50ea75a2914e" "tx2000a74c4c684f0384d97-0069ade120" "container-server 22" 0.0070 "-" 23 0
Mar 8 20:50:40 standalone container-server[127773]: 172.20.0.100 - - [08/Mar/2026:20:50:40 +0000] "PUT /d1/911/AUTH_0d5484f449ee4a65a496c89062dbe7cb/gnocchi.3461ed87-c818-4c13-b24a-50ea75a2914e" 201 - "PUT http://172.18.0.2:8080/v1/AUTH_0d5484f449ee4a65a496c89062dbe7cb/gnocchi.3461ed87-c818-4c13-b24a-50ea75a2914e" "tx2000a74c4c684f0384d97-0069ade120" "proxy-server 12" 0.0167 "-" 22 0
Mar 8 20:50:40 standalone proxy-server[129565]: 172.18.0.2 172.18.0.100 08/Mar/2026/20/50/40 PUT /v1/AUTH_0d5484f449ee4a65a496c89062dbe7cb/gnocchi.3461ed87-c818-4c13-b24a-50ea75a2914e HTTP/1.0 201 - python-swiftclient-3.11.1 gAAAAABpreB27b5N... - - - tx2000a74c4c684f0384d97-0069ade120 - 0.0206 - - 1773003040.147667646 1773003040.168277740 0
Mar 8 20:50:40 standalone container-server[127773]: 172.20.0.100 - - [08/Mar/2026:20:50:40 +0000] "HEAD /d1/911/AUTH_0d5484f449ee4a65a496c89062dbe7cb/gnocchi.3461ed87-c818-4c13-b24a-50ea75a2914e" 204 - "HEAD http://172.18.0.2:8080/v1/AUTH_0d5484f449ee4a65a496c89062dbe7cb/gnocchi.3461ed87-c818-4c13-b24a-50ea75a2914e?format=json&states=listing" "tx02d17c0eb3f344f58c378-0069ade120" "proxy-server 12" 0.0023 "-" 22 0
Mar 8 20:50:40 standalone proxy-server[129565]: - - 08/Mar/2026/20/50/40 HEAD /v1/AUTH_0d5484f449ee4a65a496c89062dbe7cb/gnocchi.3461ed87-c818-4c13-b24a-50ea75a2914e%3Fformat%3Djson%26states%3Dlisting HTTP/1.0 204 - Swift - - - - tx02d17c0eb3f344f58c378-0069ade120 - 0.0053 RL - 1773003040.172446728 1773003040.177747011 0
Mar 8 20:50:40 standalone container-server[127747]: 172.20.0.100 - - [08/Mar/2026:20:50:40 +0000] "GET /d1/911/AUTH_0d5484f449ee4a65a496c89062dbe7cb/gnocchi.3461ed87-c818-4c13-b24a-50ea75a2914e" 200 2 "GET http://172.18.0.2:8080/v1/AUTH_0d5484f449ee4a65a496c89062dbe7cb/gnocchi.3461ed87-c818-4c13-b24a-50ea75a2914e?format=json&states=listing" "tx02d17c0eb3f344f58c378-0069ade120" "proxy-server 12" 0.0028 "-" 20 0
Mar 8 20:50:40 standalone proxy-server[129565]: 172.18.0.2 172.18.0.100 08/Mar/2026/20/50/40 GET /v1/AUTH_0d5484f449ee4a65a496c89062dbe7cb/gnocchi.3461ed87-c818-4c13-b24a-50ea75a2914e%3Fformat%3Djson%26states%3Dlisting HTTP/1.0 200 - python-swiftclient-3.11.1 gAAAAABpreB27b5N... - 2 - tx02d17c0eb3f344f58c378-0069ade120 - 0.0160 - - 1773003040.171458960 1773003040.187492132 0
Mar 8 20:50:40 standalone object-server[127895]: 172.20.0.100 - - [08/Mar/2026:20:50:40 +0000] "GET /d1/459/AUTH_0d5484f449ee4a65a496c89062dbe7cb/gnocchi.3461ed87-c818-4c13-b24a-50ea75a2914e/1772280000.0_mean_300.0_v3" 404 70 "GET http://172.18.0.2:8080/v1/AUTH_0d5484f449ee4a65a496c89062dbe7cb/gnocchi.3461ed87-c818-4c13-b24a-50ea75a2914e/1772280000.0_mean_300.0_v3" "tx0297c4f0624d42a1b8fc6-0069ade120" "proxy-server 12" 0.0003 "-" 25 0
Mar 8 20:50:40 standalone proxy-server[129565]: 172.18.0.2 172.18.0.100 08/Mar/2026/20/50/40 GET /v1/AUTH_0d5484f449ee4a65a496c89062dbe7cb/gnocchi.3461ed87-c818-4c13-b24a-50ea75a2914e/1772280000.0_mean_300.0_v3 HTTP/1.0 404 - python-swiftclient-3.11.1 gAAAAABpreB27b5N... - 70 - tx0297c4f0624d42a1b8fc6-0069ade120 - 0.0045 - - 1773003040.190325975 1773003040.194816113 0
Mar 8 20:50:40 standalone container-server[127773]: 172.20.0.100 - - [08/Mar/2026:20:50:40 +0000] "PUT /d1/911/AUTH_0d5484f449ee4a65a496c89062dbe7cb/gnocchi.3461ed87-c818-4c13-b24a-50ea75a2914e/1772280000.0_mean_300.0_v3" 201 - "PUT http://172.18.0.2:8080/d1/459/AUTH_0d5484f449ee4a65a496c89062dbe7cb/gnocchi.3461ed87-c818-4c13-b24a-50ea75a2914e/1772280000.0_mean_300.0_v3" "tx87ac585842014744bcb5a-0069ade120" "object-server 24" 0.0009 "-" 22 0
Mar 8 20:50:40 standalone object-server[127894]: 172.20.0.100 - - [08/Mar/2026:20:50:40 +0000] "PUT /d1/459/AUTH_0d5484f449ee4a65a496c89062dbe7cb/gnocchi.3461ed87-c818-4c13-b24a-50ea75a2914e/1772280000.0_mean_300.0_v3" 201 - "PUT http://172.18.0.2:8080/v1/AUTH_0d5484f449ee4a65a496c89062dbe7cb/gnocchi.3461ed87-c818-4c13-b24a-50ea75a2914e/1772280000.0_mean_300.0_v3" "tx87ac585842014744bcb5a-0069ade120" "proxy-server 12" 0.0101 "-" 24 0
Mar 8 20:50:40 standalone proxy-server[129565]: 172.18.0.2 172.18.0.100 08/Mar/2026/20/50/40 PUT /v1/AUTH_0d5484f449ee4a65a496c89062dbe7cb/gnocchi.3461ed87-c818-4c13-b24a-50ea75a2914e/1772280000.0_mean_300.0_v3 HTTP/1.0 201 - python-swiftclient-3.11.1 gAAAAABpreB27b5N... 16 - - tx87ac585842014744bcb5a-0069ade120 - 0.0144 - - 1773003040.196847439 1773003040.211237431 0
Mar 8 20:50:40 standalone container-server[127776]: 172.20.0.100 - - [08/Mar/2026:20:50:40 +0000] "PUT /d1/911/AUTH_0d5484f449ee4a65a496c89062dbe7cb/gnocchi.3461ed87-c818-4c13-b24a-50ea75a2914e/none_v3" 201 - "PUT http://172.18.0.2:8080/d1/611/AUTH_0d5484f449ee4a65a496c89062dbe7cb/gnocchi.3461ed87-c818-4c13-b24a-50ea75a2914e/none_v3" "txd67a2406ba914310874eb-0069ade120" "object-server 25" 0.0006 "-" 23 0
Mar 8 20:50:40 standalone object-server[127895]: 172.20.0.100 - - [08/Mar/2026:20:50:40 +0000] "PUT /d1/611/AUTH_0d5484f449ee4a65a496c89062dbe7cb/gnocchi.3461ed87-c818-4c13-b24a-50ea75a2914e/none_v3" 201 - "PUT http://172.18.0.2:8080/v1/AUTH_0d5484f449ee4a65a496c89062dbe7cb/gnocchi.3461ed87-c818-4c13-b24a-50ea75a2914e/none_v3" "txd67a2406ba914310874eb-0069ade120" "proxy-server 12" 0.0119 "-" 25 0
Mar 8 20:50:40 standalone proxy-server[129565]: 172.18.0.2 172.18.0.100 08/Mar/2026/20/50/40 PUT /v1/AUTH_0d5484f449ee4a65a496c89062dbe7cb/gnocchi.3461ed87-c818-4c13-b24a-50ea75a2914e/none_v3 HTTP/1.0 201 - python-swiftclient-3.11.1 gAAAAABpreB27b5N... 22 - - txd67a2406ba914310874eb-0069ade120 - 0.0221 - - 1773003040.213237286 1773003040.235350847 0
Mar 8 20:50:40 standalone container-server[127747]: 172.20.0.100 - - [08/Mar/2026:20:50:40 +0000] "HEAD /d1/874/AUTH_0d5484f449ee4a65a496c89062dbe7cb/gnocchi.d4a6d4ae-3970-4a3f-ab41-8ba6534067d3" 404 - "HEAD http://172.18.0.2:8080/v1/AUTH_0d5484f449ee4a65a496c89062dbe7cb/gnocchi.d4a6d4ae-3970-4a3f-ab41-8ba6534067d3?format=json&states=listing" "tx676f0996745c44f7a6b3d-0069ade120" "proxy-server 12" 0.0003 "-" 20 0
Mar 8 20:50:40 standalone object-server[127892]: 172.20.0.100 - - [08/Mar/2026:20:50:40 +0000] "GET /d1/635/AUTH_0d5484f449ee4a65a496c89062dbe7cb/gnocchi.d4a6d4ae-3970-4a3f-ab41-8ba6534067d3/none_v3" 404 70 "GET http://172.18.0.2:8080/v1/AUTH_0d5484f449ee4a65a496c89062dbe7cb/gnocchi.d4a6d4ae-3970-4a3f-ab41-8ba6534067d3/none_v3" "tx676f0996745c44f7a6b3d-0069ade120" "proxy-server 12" 0.0003 "-" 23 0
Mar 8 20:50:40 standalone proxy-server[129565]: 172.18.0.2 172.18.0.100 08/Mar/2026/20/50/40 GET /v1/AUTH_0d5484f449ee4a65a496c89062dbe7cb/gnocchi.d4a6d4ae-3970-4a3f-ab41-8ba6534067d3/none_v3 HTTP/1.0 404 - python-swiftclient-3.11.1 gAAAAABpreB27b5N... - 70 - tx676f0996745c44f7a6b3d-0069ade120 - 0.0078 - - 1773003040.246208191 1773003040.253958464 0
Mar 8 20:50:40 standalone account-server[127650]: 172.20.0.100 - - [08/Mar/2026:20:50:40 +0000] "PUT /d1/712/AUTH_0d5484f449ee4a65a496c89062dbe7cb/gnocchi.d4a6d4ae-3970-4a3f-ab41-8ba6534067d3" 201 - "PUT http://172.20.0.100:6001/d1/874/AUTH_0d5484f449ee4a65a496c89062dbe7cb/gnocchi.d4a6d4ae-3970-4a3f-ab41-8ba6534067d3" "tx9bc370051c934d79a14b3-0069ade120" "container-server 21" 0.0050 "-" 22 0
Mar 8 20:50:40 standalone container-server[127766]: 172.20.0.100 - - [08/Mar/2026:20:50:40 +0000] "PUT /d1/874/AUTH_0d5484f449ee4a65a496c89062dbe7cb/gnocchi.d4a6d4ae-3970-4a3f-ab41-8ba6534067d3" 201 - "PUT http://172.18.0.2:8080/v1/AUTH_0d5484f449ee4a65a496c89062dbe7cb/gnocchi.d4a6d4ae-3970-4a3f-ab41-8ba6534067d3" "tx9bc370051c934d79a14b3-0069ade120" "proxy-server 12" 0.0159 "-" 21 0
Mar 8 20:50:40 standalone proxy-server[129565]: 172.18.0.2 172.18.0.100 08/Mar/2026/20/50/40 PUT /v1/AUTH_0d5484f449ee4a65a496c89062dbe7cb/gnocchi.d4a6d4ae-3970-4a3f-ab41-8ba6534067d3 HTTP/1.0 201 - python-swiftclient-3.11.1 gAAAAABpreB27b5N... - - - tx9bc370051c934d79a14b3-0069ade120 - 0.0200 - - 1773003040.256042480 1773003040.276089668 0
Mar 8 20:50:40 standalone container-server[127747]: 172.20.0.100 - - [08/Mar/2026:20:50:40 +0000] "HEAD /d1/874/AUTH_0d5484f449ee4a65a496c89062dbe7cb/gnocchi.d4a6d4ae-3970-4a3f-ab41-8ba6534067d3" 204 - "HEAD http://172.18.0.2:8080/v1/AUTH_0d5484f449ee4a65a496c89062dbe7cb/gnocchi.d4a6d4ae-3970-4a3f-ab41-8ba6534067d3?format=json&states=listing" "txec794a2c09594e11a6777-0069ade120" "proxy-server 12" 0.0012 "-" 20 0
Mar 8 20:50:40 standalone proxy-server[129565]: - - 08/Mar/2026/20/50/40 HEAD /v1/AUTH_0d5484f449ee4a65a496c89062dbe7cb/gnocchi.d4a6d4ae-3970-4a3f-ab41-8ba6534067d3%3Fformat%3Djson%26states%3Dlisting HTTP/1.0 204 - Swift - - - - txec794a2c09594e11a6777-0069ade120 - 0.0054 RL - 1773003040.281295300 1773003040.286674738 0
Mar 8 20:50:40 standalone container-server[127773]: 172.20.0.100 - - [08/Mar/2026:20:50:40 +0000] "GET /d1/874/AUTH_0d5484f449ee4a65a496c89062dbe7cb/gnocchi.d4a6d4ae-3970-4a3f-ab41-8ba6534067d3" 200 2 "GET http://172.18.0.2:8080/v1/AUTH_0d5484f449ee4a65a496c89062dbe7cb/gnocchi.d4a6d4ae-3970-4a3f-ab41-8ba6534067d3?format=json&states=listing" "txec794a2c09594e11a6777-0069ade120" "proxy-server 12" 0.0036 "-" 22 0
Mar 8 20:50:40 standalone proxy-server[129565]: 172.18.0.2 172.18.0.100 08/Mar/2026/20/50/40 GET /v1/AUTH_0d5484f449ee4a65a496c89062dbe7cb/gnocchi.d4a6d4ae-3970-4a3f-ab41-8ba6534067d3%3Fformat%3Djson%26states%3Dlisting HTTP/1.0 200 - python-swiftclient-3.11.1 gAAAAABpreB27b5N... - 2 - txec794a2c09594e11a6777-0069ade120 - 0.0183 - - 1773003040.279522419 1773003040.297810316 0
Mar 8 20:50:40 standalone object-server[127895]: 172.20.0.100 - - [08/Mar/2026:20:50:40 +0000] "GET /d1/969/AUTH_0d5484f449ee4a65a496c89062dbe7cb/gnocchi.d4a6d4ae-3970-4a3f-ab41-8ba6534067d3/1772280000.0_mean_300.0_v3" 404 70 "GET http://172.18.0.2:8080/v1/AUTH_0d5484f449ee4a65a496c89062dbe7cb/gnocchi.d4a6d4ae-3970-4a3f-ab41-8ba6534067d3/1772280000.0_mean_300.0_v3" "tx1afd85dd6cb64dd18582c-0069ade120" "proxy-server 12" 0.0006 "-" 25 0
Mar 8 20:50:40 standalone proxy-server[129565]: 172.18.0.2 172.18.0.100 08/Mar/2026/20/50/40 GET /v1/AUTH_0d5484f449ee4a65a496c89062dbe7cb/gnocchi.d4a6d4ae-3970-4a3f-ab41-8ba6534067d3/1772280000.0_mean_300.0_v3 HTTP/1.0 404 - python-swiftclient-3.11.1 gAAAAABpreB27b5N... - 70 - tx1afd85dd6cb64dd18582c-0069ade120 - 0.0073 - - 1773003040.301281691 1773003040.308589458 0
