Mar 8 20:50:42 standalone object-server[127894]: 172.20.0.100 - - [08/Mar/2026:20:50:42 +0000] "PUT /d1/933/AUTH_0d5484f449ee4a65a496c89062dbe7cb/gnocchi.db89fbe5-890b-4249-865f-5c07e243492d/none_v3" 201 - "PUT http://172.18.0.2:8080/v1/AUTH_0d5484f449ee4a65a496c89062dbe7cb/gnocchi.db89fbe5-890b-4249-865f-5c07e243492d/none_v3" "tx41ddd71aa5a9416381ed1-0069ade122" "proxy-server 12" 0.0147 "-" 24 0
Mar 8 20:50:42 standalone proxy-server[129565]: 172.18.0.2 172.18.0.100 08/Mar/2026/20/50/42 PUT /v1/AUTH_0d5484f449ee4a65a496c89062dbe7cb/gnocchi.db89fbe5-890b-4249-865f-5c07e243492d/none_v3 HTTP/1.0 201 - python-swiftclient-3.11.1 gAAAAABpreB27b5N... 22 - - tx41ddd71aa5a9416381ed1-0069ade122 - 0.0231 - - 1773003042.902504206 1773003042.925581932 0
Mar 8 20:50:42 standalone container-server[127773]: 172.20.0.100 - - [08/Mar/2026:20:50:42 +0000] "HEAD /d1/350/AUTH_0d5484f449ee4a65a496c89062dbe7cb/gnocchi.8c12d669-b3b2-4a8d-9b89-fa24bcae2f19" 404 - "HEAD http://172.18.0.2:8080/v1/AUTH_0d5484f449ee4a65a496c89062dbe7cb/gnocchi.8c12d669-b3b2-4a8d-9b89-fa24bcae2f19?format=json&states=listing" "txc5989914b038461db286a-0069ade122" "proxy-server 12" 0.0003 "-" 22 0
Mar 8 20:50:42 standalone object-server[127894]: 172.20.0.100 - - [08/Mar/2026:20:50:42 +0000] "GET /d1/27/AUTH_0d5484f449ee4a65a496c89062dbe7cb/gnocchi.8c12d669-b3b2-4a8d-9b89-fa24bcae2f19/none_v3" 404 70 "GET http://172.18.0.2:8080/v1/AUTH_0d5484f449ee4a65a496c89062dbe7cb/gnocchi.8c12d669-b3b2-4a8d-9b89-fa24bcae2f19/none_v3" "txc5989914b038461db286a-0069ade122" "proxy-server 12" 0.0002 "-" 24 0
Mar 8 20:50:42 standalone proxy-server[129565]: 172.18.0.2 172.18.0.100 08/Mar/2026/20/50/42 GET /v1/AUTH_0d5484f449ee4a65a496c89062dbe7cb/gnocchi.8c12d669-b3b2-4a8d-9b89-fa24bcae2f19/none_v3 HTTP/1.0 404 - python-swiftclient-3.11.1 gAAAAABpreB27b5N... - 70 - txc5989914b038461db286a-0069ade122 - 0.0104 - - 1773003042.937404394 1773003042.947849035 0
Mar 8 20:50:42 standalone account-server[127637]: 172.20.0.100 - - [08/Mar/2026:20:50:42 +0000] "PUT /d1/712/AUTH_0d5484f449ee4a65a496c89062dbe7cb/gnocchi.8c12d669-b3b2-4a8d-9b89-fa24bcae2f19" 201 - "PUT http://172.20.0.100:6001/d1/350/AUTH_0d5484f449ee4a65a496c89062dbe7cb/gnocchi.8c12d669-b3b2-4a8d-9b89-fa24bcae2f19" "tx407ca851fb26470080825-0069ade122" "container-server 22" 0.0062 "-" 20 0
Mar 8 20:50:42 standalone container-server[127773]: 172.20.0.100 - - [08/Mar/2026:20:50:42 +0000] "PUT /d1/350/AUTH_0d5484f449ee4a65a496c89062dbe7cb/gnocchi.8c12d669-b3b2-4a8d-9b89-fa24bcae2f19" 201 - "PUT http://172.18.0.2:8080/v1/AUTH_0d5484f449ee4a65a496c89062dbe7cb/gnocchi.8c12d669-b3b2-4a8d-9b89-fa24bcae2f19" "tx407ca851fb26470080825-0069ade122" "proxy-server 12" 0.0181 "-" 22 0
Mar 8 20:50:42 standalone proxy-server[129565]: 172.18.0.2 172.18.0.100 08/Mar/2026/20/50/42 PUT /v1/AUTH_0d5484f449ee4a65a496c89062dbe7cb/gnocchi.8c12d669-b3b2-4a8d-9b89-fa24bcae2f19 HTTP/1.0 201 - python-swiftclient-3.11.1 gAAAAABpreB27b5N... - - - tx407ca851fb26470080825-0069ade122 - 0.0241 - - 1773003042.951319695 1773003042.975458384 0
Mar 8 20:50:42 standalone container-server[127776]: 172.20.0.100 - - [08/Mar/2026:20:50:42 +0000] "HEAD /d1/350/AUTH_0d5484f449ee4a65a496c89062dbe7cb/gnocchi.8c12d669-b3b2-4a8d-9b89-fa24bcae2f19" 204 - "HEAD http://172.18.0.2:8080/v1/AUTH_0d5484f449ee4a65a496c89062dbe7cb/gnocchi.8c12d669-b3b2-4a8d-9b89-fa24bcae2f19?format=json&states=listing" "tx1f1d2e3b67cb4f7a9e396-0069ade122" "proxy-server 12" 0.0022 "-" 23 0
Mar 8 20:50:42 standalone proxy-server[129565]: - - 08/Mar/2026/20/50/42 HEAD /v1/AUTH_0d5484f449ee4a65a496c89062dbe7cb/gnocchi.8c12d669-b3b2-4a8d-9b89-fa24bcae2f19%3Fformat%3Djson%26states%3Dlisting HTTP/1.0 204 - Swift - - - - tx1f1d2e3b67cb4f7a9e396-0069ade122 - 0.0068 RL - 1773003042.981281042 1773003042.988065481 0
Mar 8 20:50:42 standalone container-server[127766]: 172.20.0.100 - - [08/Mar/2026:20:50:42 +0000] "GET /d1/350/AUTH_0d5484f449ee4a65a496c89062dbe7cb/gnocchi.8c12d669-b3b2-4a8d-9b89-fa24bcae2f19" 200 2 "GET http://172.18.0.2:8080/v1/AUTH_0d5484f449ee4a65a496c89062dbe7cb/gnocchi.8c12d669-b3b2-4a8d-9b89-fa24bcae2f19?format=json&states=listing" "tx1f1d2e3b67cb4f7a9e396-0069ade122" "proxy-server 12" 0.0037 "-" 21 0
Mar 8 20:50:43 standalone proxy-server[129565]: 172.18.0.2 172.18.0.100 08/Mar/2026/20/50/43 GET /v1/AUTH_0d5484f449ee4a65a496c89062dbe7cb/gnocchi.8c12d669-b3b2-4a8d-9b89-fa24bcae2f19%3Fformat%3Djson%26states%3Dlisting HTTP/1.0 200 - python-swiftclient-3.11.1 gAAAAABpreB27b5N... - 2 - tx1f1d2e3b67cb4f7a9e396-0069ade122 - 0.0215 - - 1773003042.979741335 1773003043.001234293 0
Mar 8 20:50:43 standalone object-server[127892]: 172.20.0.100 - - [08/Mar/2026:20:50:43 +0000] "GET /d1/336/AUTH_0d5484f449ee4a65a496c89062dbe7cb/gnocchi.8c12d669-b3b2-4a8d-9b89-fa24bcae2f19/1772280000.0_mean_300.0_v3" 404 70 "GET http://172.18.0.2:8080/v1/AUTH_0d5484f449ee4a65a496c89062dbe7cb/gnocchi.8c12d669-b3b2-4a8d-9b89-fa24bcae2f19/1772280000.0_mean_300.0_v3" "tx46c6f68051554a27ad8dc-0069ade123" "proxy-server 12" 0.0004 "-" 23 0
Mar 8 20:50:43 standalone proxy-server[129565]: 172.18.0.2 172.18.0.100 08/Mar/2026/20/50/43 GET /v1/AUTH_0d5484f449ee4a65a496c89062dbe7cb/gnocchi.8c12d669-b3b2-4a8d-9b89-fa24bcae2f19/1772280000.0_mean_300.0_v3 HTTP/1.0 404 - python-swiftclient-3.11.1 gAAAAABpreB27b5N... - 70 - tx46c6f68051554a27ad8dc-0069ade123 - 0.0077 - - 1773003043.005675793 1773003043.013403416 0
Mar 8 20:50:43 standalone container-server[127773]: 172.20.0.100 - - [08/Mar/2026:20:50:43 +0000] "PUT /d1/350/AUTH_0d5484f449ee4a65a496c89062dbe7cb/gnocchi.8c12d669-b3b2-4a8d-9b89-fa24bcae2f19/1772280000.0_mean_300.0_v3" 201 - "PUT http://172.18.0.2:8080/d1/336/AUTH_0d5484f449ee4a65a496c89062dbe7cb/gnocchi.8c12d669-b3b2-4a8d-9b89-fa24bcae2f19/1772280000.0_mean_300.0_v3" "tx0bcc972d77a64f2b9878b-0069ade123" "object-server 22" 0.0008 "-" 22 0
Mar 8 20:50:43 standalone object-server[127890]: 172.20.0.100 - - [08/Mar/2026:20:50:43 +0000] "PUT /d1/336/AUTH_0d5484f449ee4a65a496c89062dbe7cb/gnocchi.8c12d669-b3b2-4a8d-9b89-fa24bcae2f19/1772280000.0_mean_300.0_v3" 201 - "PUT http://172.18.0.2:8080/v1/AUTH_0d5484f449ee4a65a496c89062dbe7cb/gnocchi.8c12d669-b3b2-4a8d-9b89-fa24bcae2f19/1772280000.0_mean_300.0_v3" "tx0bcc972d77a64f2b9878b-0069ade123" "proxy-server 12" 0.0149 "-" 22 0
Mar 8 20:50:43 standalone proxy-server[129565]: 172.18.0.2 172.18.0.100 08/Mar/2026/20/50/43 PUT /v1/AUTH_0d5484f449ee4a65a496c89062dbe7cb/gnocchi.8c12d669-b3b2-4a8d-9b89-fa24bcae2f19/1772280000.0_mean_300.0_v3 HTTP/1.0 201 - python-swiftclient-3.11.1 gAAAAABpreB27b5N... 16 - - tx0bcc972d77a64f2b9878b-0069ade123 - 0.0226 - - 1773003043.017094135 1773003043.039689302 0
Mar 8 20:50:43 standalone container-server[127776]: 172.20.0.100 - - [08/Mar/2026:20:50:43 +0000] "PUT /d1/350/AUTH_0d5484f449ee4a65a496c89062dbe7cb/gnocchi.8c12d669-b3b2-4a8d-9b89-fa24bcae2f19/none_v3" 201 - "PUT http://172.18.0.2:8080/d1/27/AUTH_0d5484f449ee4a65a496c89062dbe7cb/gnocchi.8c12d669-b3b2-4a8d-9b89-fa24bcae2f19/none_v3" "txf08301b2b6784f94bff51-0069ade123" "object-server 23" 0.0007 "-" 23 0
Mar 8 20:50:43 standalone object-server[127892]: 172.20.0.100 - - [08/Mar/2026:20:50:43 +0000] "PUT /d1/27/AUTH_0d5484f449ee4a65a496c89062dbe7cb/gnocchi.8c12d669-b3b2-4a8d-9b89-fa24bcae2f19/none_v3" 201 - "PUT http://172.18.0.2:8080/v1/AUTH_0d5484f449ee4a65a496c89062dbe7cb/gnocchi.8c12d669-b3b2-4a8d-9b89-fa24bcae2f19/none_v3" "txf08301b2b6784f94bff51-0069ade123" "proxy-server 12" 0.0102 "-" 23 0
Mar 8 20:50:43 standalone proxy-server[129565]: 172.18.0.2 172.18.0.100 08/Mar/2026/20/50/43 PUT /v1/AUTH_0d5484f449ee4a65a496c89062dbe7cb/gnocchi.8c12d669-b3b2-4a8d-9b89-fa24bcae2f19/none_v3 HTTP/1.0 201 - python-swiftclient-3.11.1 gAAAAABpreB27b5N... 22 - - txf08301b2b6784f94bff51-0069ade123 - 0.0178 - - 1773003043.043217659 1773003043.061012983 0
Mar 8 20:50:43 standalone container-server[127773]: 172.20.0.100 - - [08/Mar/2026:20:50:43 +0000] "HEAD /d1/911/AUTH_0d5484f449ee4a65a496c89062dbe7cb/gnocchi.ebadeddd-233d-4679-b286-ac6abf7d4125" 404 - "HEAD http://172.18.0.2:8080/v1/AUTH_0d5484f449ee4a65a496c89062dbe7cb/gnocchi.ebadeddd-233d-4679-b286-ac6abf7d4125?format=json&states=listing" "tx6cf95c0bd5e94632b5e58-0069ade123" "proxy-server 12" 0.0006 "-" 22 0
Mar 8 20:50:43 standalone object-server[127894]: 172.20.0.100 - - [08/Mar/2026:20:50:43 +0000] "GET /d1/14/AUTH_0d5484f449ee4a65a496c89062dbe7cb/gnocchi.ebadeddd-233d-4679-b286-ac6abf7d4125/none_v3" 404 70 "GET http://172.18.0.2:8080/v1/AUTH_0d5484f449ee4a65a496c89062dbe7cb/gnocchi.ebadeddd-233d-4679-b286-ac6abf7d4125/none_v3" "tx6cf95c0bd5e94632b5e58-0069ade123" "proxy-server 12" 0.0005 "-" 24 0
Mar 8 20:50:43 standalone proxy-server[129565]: 172.18.0.2 172.18.0.100 08/Mar/2026/20/50/43 GET /v1/AUTH_0d5484f449ee4a65a496c89062dbe7cb/gnocchi.ebadeddd-233d-4679-b286-ac6abf7d4125/none_v3 HTTP/1.0 404 - python-swiftclient-3.11.1 gAAAAABpreB27b5N... - 70 - tx6cf95c0bd5e94632b5e58-0069ade123 - 0.0133 - - 1773003043.072774887 1773003043.086042166 0
Mar 8 20:50:43 standalone account-server[127647]: 172.20.0.100 - - [08/Mar/2026:20:50:43 +0000] "PUT /d1/712/AUTH_0d5484f449ee4a65a496c89062dbe7cb/gnocchi.ebadeddd-233d-4679-b286-ac6abf7d4125" 201 - "PUT http://172.20.0.100:6001/d1/911/AUTH_0d5484f449ee4a65a496c89062dbe7cb/gnocchi.ebadeddd-233d-4679-b286-ac6abf7d4125" "tx9b29502bee2144cb81c58-0069ade123" "container-server 20" 0.0065 "-" 21 0
Mar 8 20:50:43 standalone container-server[127747]: 172.20.0.100 - - [08/Mar/2026:20:50:43 +0000] "PUT /d1/911/AUTH_0d5484f449ee4a65a496c89062dbe7cb/gnocchi.ebadeddd-233d-4679-b286-ac6abf7d4125" 201 - "PUT http://172.18.0.2:8080/v1/AUTH_0d5484f449ee4a65a496c89062dbe7cb/gnocchi.ebadeddd-233d-4679-b286-ac6abf7d4125" "tx9b29502bee2144cb81c58-0069ade123" "proxy-server 12" 0.0187 "-" 20 0
Mar 8 20:50:43 standalone proxy-server[129565]: 172.18.0.2 172.18.0.100 08/Mar/2026/20/50/43 PUT /v1/AUTH_0d5484f449ee4a65a496c89062dbe7cb/gnocchi.ebadeddd-233d-4679-b286-ac6abf7d4125 HTTP/1.0 201 - python-swiftclient-3.11.1 gAAAAABpreB27b5N... - - - tx9b29502bee2144cb81c58-0069ade123 - 0.0254 - - 1773003043.089921713 1773003043.115343809 0
Mar 8 20:50:43 standalone container-server[127776]: 172.20.0.100 - - [08/Mar/2026:20:50:43 +0000] "HEAD /d1/911/AUTH_0d5484f449ee4a65a496c89062dbe7cb/gnocchi.ebadeddd-233d-4679-b286-ac6abf7d4125" 204 - "HEAD http://172.18.0.2:8080/v1/AUTH_0d5484f449ee4a65a496c89062dbe7cb/gnocchi.ebadeddd-233d-4679-b286-ac6abf7d4125?format=json&states=listing" "tx4f54d55a8e3e482d95e69-0069ade123" "proxy-server 12" 0.0020 "-" 23 0
Mar 8 20:50:43 standalone proxy-server[129565]: - - 08/Mar/2026/20/50/43 HEAD /v1/AUTH_0d5484f449ee4a65a496c89062dbe7cb/gnocchi.ebadeddd-233d-4679-b286-ac6abf7d4125%3Fformat%3Djson%26states%3Dlisting HTTP/1.0 204 - Swift - - - - tx4f54d55a8e3e482d95e69-0069ade123 - 0.0067 RL - 1773003043.121370077 1773003043.128113747 0
Mar 8 20:50:43 standalone container-server[127773]: 172.20.0.100 - - [08/Mar/2026:20:50:43 +0000] "GET /d1/911/AUTH_0d5484f449ee4a65a496c89062dbe7cb/gnocchi.ebadeddd-233d-4679-b286-ac6abf7d4125" 200 2 "GET http://172.18.0.2:8080/v1/AUTH_0d5484f449ee4a65a496c89062dbe7cb/gnocchi.ebadeddd-233d-4679-b286-ac6abf7d4125?format=json&states=listing" "tx4f54d55a8e3e482d95e69-0069ade123" "proxy-server 12" 0.0034 "-" 22 0
Mar 8 20:50:43 standalone proxy-server[129565]: 172.18.0.2 172.18.0.100 08/Mar/2026/20/50/43 GET /v1/AUTH_0d5484f449ee4a65a496c89062dbe7cb/gnocchi.ebadeddd-233d-4679-b286-ac6abf7d4125%3Fformat%3Djson%26states%3Dlisting HTTP/1.0 200 - python-swiftclient-3.11.1 gAAAAABpreB27b5N... - 2 - tx4f54d55a8e3e482d95e69-0069ade123 - 0.0218 - - 1773003043.119670868 1773003043.141462088 0
Mar 8 20:50:43 standalone object-server[127895]: 172.20.0.100 - - [08/Mar/2026:20:50:43 +0000] "GET /d1/970/AUTH_0d5484f449ee4a65a496c89062dbe7cb/gnocchi.ebadeddd-233d-4679-b286-ac6abf7d4125/1772280000.0_mean_300.0_v3" 404 70 "GET http://172.18.0.2:8080/v1/AUTH_0d5484f449ee4a65a496c89062dbe7cb/gnocchi.ebadeddd-233d-4679-b286-ac6abf7d4125/1772280000.0_mean_300.0_v3" "tx9c106a6282144d288cc2c-0069ade123" "proxy-server 12" 0.0004 "-" 25 0
Mar 8 20:50:43 standalone proxy-server[129565]: 172.18.0.2 172.18.0.100 08/Mar/2026/20/50/43 GET /v1/AUTH_0d5484f449ee4a65a496c89062dbe7cb/gnocchi.ebadeddd-233d-4679-b286-ac6abf7d4125/1772280000.0_mean_300.0_v3 HTTP/1.0 404 - python-swiftclient-3.11.1 gAAAAABpreB27b5N... - 70 - tx9c106a6282144d288cc2c-0069ade123 - 0.0077 - - 1773003043.146080256 1773003043.153764009 0
Mar 8 20:50:43 standalone container-server[127773]: 172.20.0.100 - - [08/Mar/2026:20:50:43 +0000] "PUT /d1/911/AUTH_0d5484f449ee4a65a496c89062dbe7cb/gnocchi.ebadeddd-233d-4679-b286-ac6abf7d4125/1772280000.0_mean_300.0_v3" 201 - "PUT http://172.18.0.2:8080/d1/970/AUTH_0d5484f449ee4a65a496c89062dbe7cb/gnocchi.ebadeddd-233d-4679-b286-ac6abf7d4125/1772280000.0_mean_300.0_v3" "tx2842f6f627ac4a70a8854-0069ade123" "object-server 24" 0.0008 "-" 22 0
Mar 8 20:50:43 standalone object-server[127894]: 172.20.0.100 - - [08/Mar/2026:20:50:43 +0000] "PUT /d1/970/AUTH_0d5484f449ee4a65a496c89062dbe7cb/gnocchi.ebadeddd-233d-4679-b286-ac6abf7d4125/1772280000.0_mean_300.0_v3" 201 - "PUT http://172.18.0.2:8080/v1/AUTH_0d5484f449ee4a65a496c89062dbe7cb/gnocchi.ebadeddd-233d-4679-b286-ac6abf7d4125/1772280000.0_mean_300.0_v3" "tx2842f6f627ac4a70a8854-0069ade123" "proxy-server 12" 0.0115 "-" 24 0
Mar 8 20:50:43 standalone proxy-server[129565]: 172.18.0.2 172.18.0.100 08/Mar/2026/20/50/43 PUT /v1/AUTH_0d5484f449ee4a65a496c89062dbe7cb/gnocchi.ebadeddd-233d-4679-b286-ac6abf7d4125/1772280000.0_mean_300.0_v3 HTTP/1.0 201 - python-swiftclient-3.11.1 gAAAAABpreB27b5N... 16 - - tx2842f6f627ac4a70a8854-0069ade123 - 0.0198 - - 1773003043.157661676 1773003043.177497625 0
Mar 8 20:50:43 standalone container-server[127766]: 172.20.0.100 - - [08/Mar/2026:20:50:43 +0000] "PUT /d1/911/AUTH_0d5484f449ee4a65a496c89062dbe7cb/gnocchi.ebadeddd-233d-4679-b286-ac6abf7d4125/none_v3" 201 - "PUT http://172.18.0.2:8080/d1/14/AUTH_0d5484f449ee4a65a496c89062dbe7cb/gnocchi.ebadeddd-233d-4679-b286-ac6abf7d4125/none_v3" "tx272013412b9d4cdf93823-0069ade123" "object-server 22" 0.0008 "-" 21 0
Mar 8 20:50:43 standalone object-server[127890]: 172.20.0.100 - - [08/Mar/2026:20:50:43 +0000] "PUT /d1/14/AUTH_0d5484f449ee4a65a496c89062dbe7cb/gnocchi.ebadeddd-233d-4679-b286-ac6abf7d4125/none_v3" 201 - "PUT http://172.18.0.2:8080/v1/AUTH_0d5484f449ee4a65a496c89062dbe7cb/gnocchi.ebadeddd-233d-4679-b286-ac6abf7d4125/none_v3" "tx272013412b9d4cdf93823-0069ade123" "proxy-server 12" 0.0115 "-" 22 0
Mar 8 20:50:43 standalone proxy-server[129565]: 172.18.0.2 172.18.0.100 08/Mar/2026/20/50/43 PUT /v1/AUTH_0d5484f449ee4a65a496c89062dbe7cb/gnocchi.ebadeddd-233d-4679-b286-ac6abf7d4125/none_v3 HTTP/1.0 201 - python-swiftclient-3.11.1 gAAAAABpreB27b5N... 22 - - tx272013412b9d4cdf93823-0069ade123 - 0.0201 - - 1773003043.180863380 1773003043.200984478 0
Mar 8 20:50:43 standalone container-server[127776]: 172.20.0.100 - - [08/Mar/2026:20:50:43 +0000] "HEAD /d1/633/AUTH_0d5484f449ee4a65a496c89062dbe7cb/gnocchi.ac07ec69-91fe-4a86-9ebe-987d19e1e2c8" 404 - "HEAD http://172.18.0.2:8080/v1/AUTH_0d5484f449ee4a65a496c89062dbe7cb/gnocchi.ac07ec69-91fe-4a86-9ebe-987d19e1e2c8?format=json&states=listing" "txa1af200ccf294e819c91d-0069ade123" "proxy-server 12" 0.0006 "-" 23 0
Mar 8 20:50:43 standalone object-server[127892]: 172.20.0.100 - - [08/Mar/2026:20:50:43 +0000] "GET /d1/156/AUTH_0d5484f449ee4a65a496c89062dbe7cb/gnocchi.ac07ec69-91fe-4a86-9ebe-987d19e1e2c8/none_v3" 404 70 "GET http://172.18.0.2:8080/v1/AUTH_0d5484f449ee4a65a496c89062dbe7cb/gnocchi.ac07ec69-91fe-4a86-9ebe-987d19e1e2c8/none_v3" "txa1af200ccf294e819c91d-0069ade123" "proxy-server 12" 0.0006 "-" 23 0
Mar 8 20:50:43 standalone proxy-server[129565]: 172.18.0.2 172.18.0.100 08/Mar/2026/20/50/43 GET /v1/AUTH_0d5484f449ee4a65a496c89062dbe7cb/gnocchi.ac07ec69-91fe-4a86-9ebe-987d19e1e2c8/none_v3 HTTP/1.0 404 - python-swiftclient-3.11.1 gAAAAABpreB27b5N... - 70 - txa1af200ccf294e819c91d-0069ade123 - 0.0107 - - 1773003043.215139389 1773003043.225813389 0
Mar 8 20:50:43 standalone account-server[127637]: 172.20.0.100 - - [08/Mar/2026:20:50:43 +0000] "PUT /d1/712/AUTH_0d5484f449ee4a65a496c89062dbe7cb/gnocchi.ac07ec69-91fe-4a86-9ebe-987d19e1e2c8" 201 - "PUT http://172.20.0.100:6001/d1/633/AUTH_0d5484f449ee4a65a496c89062dbe7cb/gnocchi.ac07ec69-91fe-4a86-9ebe-987d19e1e2c8" "tx5b7cf337ba6d46f785a7b-0069ade123" "container-server 22" 0.0078 "-" 20 0
Mar 8 20:50:43 standalone container-server[127773]: 172.20.0.100 - - [08/Mar/2026:20:50:43 +0000] "PUT /d1/633/AUTH_0d5484f449ee4a65a496c89062dbe7cb/gnocchi.ac07ec69-91fe-4a86-9ebe-987d19e1e2c8" 201 - "PUT http://172.18.0.2:8080/v1/AUTH_0d5484f449ee4a65a496c89062dbe7cb/gnocchi.ac07ec69-91fe-4a86-9ebe-987d19e1e2c8" "tx5b7cf337ba6d46f785a7b-0069ade123" "proxy-server 12" 0.0198 "-" 22 0
Mar 8 20:50:43 standalone proxy-server[129565]: 172.18.0.2 172.18.0.100 08/Mar/2026/20/50/43 PUT /v1/AUTH_0d5484f449ee4a65a496c89062dbe7cb/gnocchi.ac07ec69-91fe-4a86-9ebe-987d19e1e2c8 HTTP/1.0 201 - python-swiftclient-3.11.1 gAAAAABpreB27b5N... - - - tx5b7cf337ba6d46f785a7b-0069ade123 - 0.0251 - - 1773003043.228956461 1773003043.254088163 0
Mar 8 20:50:43 standalone container-server[127766]: 172.20.0.100 - - [08/Mar/2026:20:50:43 +0000] "HEAD /d1/633/AUTH_0d5484f449ee4a65a496c89062dbe7cb/gnocchi.ac07ec69-91fe-4a86-9ebe-987d19e1e2c8" 204 - "HEAD http://172.18.0.2:8080/v1/AUTH_0d5484f449ee4a65a496c89062dbe7cb/gnocchi.ac07ec69-91fe-4a86-9ebe-987d19e1e2c8?format=json&states=listing" "tx2a7c52c0d3a345ffa9d7c-0069ade123" "proxy-server 12" 0.0023 "-" 21 0
Mar 8 20:50:43 standalone proxy-server[129565]: - - 08/Mar/2026/20/50/43 HEAD /v1/AUTH_0d5484f449ee4a65a496c89062dbe7cb/gnocchi.ac07ec69-91fe-4a86-9ebe-987d19e1e2c8%3Fformat%3Djson%26states%3Dlisting HTTP/1.0 204 - Swift - - - - tx2a7c52c0d3a345ffa9d7c-0069ade123 - 0.0076 RL - 1773003043.261222363 1773003043.268780470 0
Mar 8 20:50:43 standalone container-server[127747]: 172.20.0.100 - - [08/Mar/2026:20:50:43 +0000] "GET /d1/633/AUTH_0d5484f449ee4a65a496c89062dbe7cb/gnocchi.ac07ec69-91fe-4a86-9ebe-987d19e1e2c8" 200 2 "GET http://172.18.0.2:8080/v1/AUTH_0d5484f449ee4a65a496c89062dbe7cb/gnocchi.ac07ec69-91fe-4a86-9ebe-987d19e1e2c8?format=json&states=listing" "tx2a7c52c0d3a345ffa9d7c-0069ade123" "proxy-server 12" 0.0034 "-" 20 0
Mar 8 20:50:43 standalone proxy-server[129565]: 172.18.0.2 172.18.0.100 08/Mar/2026/20/50/43 GET /v1/AUTH_0d5484f449ee4a65a496c89062dbe7cb/gnocchi.ac07ec69-91fe-4a86-9ebe-987d19e1e2c8%3Fformat%3Djson%26states%3Dlisting HTTP/1.0 200 - python-swiftclient-3.11.1 gAAAAABpreB27b5N... - 2 - tx2a7c52c0d3a345ffa9d7c-0069ade123 - 0.0219 - - 1773003043.260144472 1773003043.282010555 0
Mar 8 20:50:43 standalone object-server[127895]: 172.20.0.100 - - [08/Mar/2026:20:50:43 +0000] "GET /d1/511/AUTH_0d5484f449ee4a65a496c89062dbe7cb/gnocchi.ac07ec69-91fe-4a86-9ebe-987d19e1e2c8/1772280000.0_mean_300.0_v3" 404 70 "GET http://172.18.0.2:8080/v1/AUTH_0d5484f449ee4a65a496c89062dbe7cb/gnocchi.ac07ec69-91fe-4a86-9ebe-987d19e1e2c8/1772280000.0_mean_300.0_v3" "tx20b7b731cc874d7b9c4ba-0069ade123" "proxy-server 12" 0.0004 "-" 25 0
Mar 8 20:50:43 standalone proxy-server[129565]: 172.18.0.2 172.18.0.100 08/Mar/2026/20/50/43 GET /v1/AUTH_0d5484f449ee4a65a496c89062dbe7cb/gnocchi.ac07ec69-91fe-4a86-9ebe-987d19e1e2c8/1772280000.0_mean_300.0_v3 HTTP/1.0 404 - python-swiftclient-3.11.1 gAAAAABpreB27b5N... - 70 - tx20b7b731cc874d7b9c4ba-0069ade123 - 0.0074 - - 1773003043.287270546 1773003043.294683456 0
Mar 8 20:50:43 standalone container-server[127776]: 172.20.0.100 - - [08/Mar/2026:20:50:43 +0000] "PUT /d1/633/AUTH_0d5484f449ee4a65a496c89062dbe7cb/gnocchi.ac07ec69-91fe-4a86-9ebe-987d19e1e2c8/1772280000.0_mean_300.0_v3" 201 - "PUT http://172.18.0.2:8080/d1/511/AUTH_0d5484f449ee4a65a496c89062dbe7cb/gnocchi.ac07ec69-91fe-4a86-9ebe-987d19e1e2c8/1772280000.0_mean_300.0_v3" "txd41dc65754674faa90fe0-0069ade123" "object-server 24" 0.0008 "-" 23 0
Mar 8 20:50:43 standalone object-server[127894]: 172.20.0.100 - - [08/Mar/2026:20:50:43 +0000] "PUT /d1/511/AUTH_0d5484f449ee4a65a496c89062dbe7cb/gnocchi.ac07ec69-91fe-4a86-9ebe-987d19e1e2c8/1772280000.0_mean_300.0_v3" 201 - "PUT http://172.18.0.2:8080/v1/AUTH_0d5484f449ee4a65a496c89062dbe7cb/gnocchi.ac07ec69-91fe-4a86-9ebe-987d19e1e2c8/1772280000.0_mean_300.0_v3" "txd41dc65754674faa90fe0-0069ade123" "proxy-server 12" 0.0124 "-" 24 0
Mar 8 20:50:43 standalone proxy-server[129565]: 172.18.0.2 172.18.0.100 08/Mar/2026/20/50/43 PUT /v1/AUTH_0d5484f449ee4a65a496c89062dbe7cb/gnocchi.ac07ec69-91fe-4a86-9ebe-987d19e1e2c8/1772280000.0_mean_300.0_v3 HTTP/1.0 201 - python-swiftclient-3.11.1 gAAAAABpreB27b5N... 16 - - txd41dc65754674faa90fe0-0069ade123 - 0.0209 - - 1773003043.299225330 1773003043.320108891 0
Mar 8 20:50:43 standalone container-server[127776]: 172.20.0.100 - - [08/Mar/2026:20:50:43 +0000] "PUT /d1/633/AUTH_0d5484f449ee4a65a496c89062dbe7cb/gnocchi.ac07ec69-91fe-4a86-9ebe-987d19e1e2c8/none_v3" 201 - "PUT http://172.18.0.2:8080/d1/156/AUTH_0d5484f449ee4a65a496c89062dbe7cb/gnocchi.ac07ec69-91fe-4a86-9ebe-987d19e1e2c8/none_v3" "tx2dae8221642547eaa9131-0069ade123" "object-server 23" 0.0008 "-" 23 0
Mar 8 20:50:43 standalone object-server[127892]: 172.20.0.100 - - [08/Mar/2026:20:50:43 +0000] "PUT /d1/156/AUTH_0d5484f449ee4a65a496c89062dbe7cb/gnocchi.ac07ec69-91fe-4a86-9ebe-987d19e1e2c8/none_v3" 201 - "PUT http://172.18.0.2:8080/v1/AUTH_0d5484f449ee4a65a496c89062dbe7cb/gnocchi.ac07ec69-91fe-4a86-9ebe-987d19e1e2c8/none_v3" "tx2dae8221642547eaa9131-0069ade123" "proxy-server 12" 0.0109 "-" 23 0
Mar 8 20:50:43 standalone proxy-server[129565]: 172.18.0.2 172.18.0.100 08/Mar/2026/20/50/43 PUT /v1/AUTH_0d5484f449ee4a65a496c89062dbe7cb/gnocchi.ac07ec69-91fe-4a86-9ebe-987d19e1e2c8/none_v3 HTTP/1.0 201 - python-swiftclient-3.11.1 gAAAAABpreB27b5N... 22 - - tx2dae8221642547eaa9131-0069ade123 - 0.0209 - - 1773003043.323758364 1773003043.344673395 0
Mar 8 20:50:43 standalone container-server[127776]: 172.20.0.100 - - [08/Mar/2026:20:50:43 +0000] "HEAD /d1/452/AUTH_0d5484f449ee4a65a496c89062dbe7cb/gnocchi.f9542d82-b5bc-4387-b2e3-39e69bf8e794" 404 - "HEAD http://172.18.0.2:8080/v1/AUTH_0d5484f449ee4a65a496c89062dbe7cb/gnocchi.f9542d82-b5bc-4387-b2e3-39e69bf8e794?format=json&states=listing" "txd4f2f206661f4666b5937-0069ade123" "proxy-server 12" 0.0006 "-" 23 0
Mar 8 20:50:43 standalone object-server[127894]: 172.20.0.100 - - [08/Mar/2026:20:50:43 +0000] "GET /d1/71/AUTH_0d5484f449ee4a65a496c89062dbe7cb/gnocchi.f9542d82-b5bc-4387-b2e3-39e69bf8e794/none_v3" 404 70 "GET http://172.18.0.2:8080/v1/AUTH_0d5484f449ee4a65a496c89062dbe7cb/gnocchi.f9542d82-b5bc-4387-b2e3-39e69bf8e794/none_v3" "txd4f2f206661f4666b5937-0069ade123" "proxy-server 12" 0.0005 "-" 24 0
Mar 8 20:50:43 standalone proxy-server[129565]: 172.18.0.2 172.18.0.100 08/Mar/2026/20/50/43 GET /v1/AUTH_0d5484f449ee4a65a496c89062dbe7cb/gnocchi.f9542d82-b5bc-4387-b2e3-39e69bf8e794/none_v3 HTTP/1.0 404 - python-swiftclient-3.11.1 gAAAAABpreB27b5N... - 70 - txd4f2f206661f4666b5937-0069ade123 - 0.0134 - - 1773003043.357194662 1773003043.370565414 0
Mar 8 20:50:43 standalone account-server[127647]: 172.20.0.100 - - [08/Mar/2026:20:50:43 +0000] "PUT /d1/712/AUTH_0d5484f449ee4a65a496c89062dbe7cb/gnocchi.f9542d82-b5bc-4387-b2e3-39e69bf8e794" 201 - "PUT http://172.20.0.100:6001/d1/452/AUTH_0d5484f449ee4a65a496c89062dbe7cb/gnocchi.f9542d82-b5bc-4387-b2e3-39e69bf8e794" "tx834ce71831ed484e88e83-0069ade123" "container-server 23" 0.0067 "-" 21 0
Mar 8 20:50:43 standalone container-server[127776]: 172.20.0.100 - - [08/Mar/2026:20:50:43 +0000] "PUT /d1/452/AUTH_0d5484f449ee4a65a496c89062dbe7cb/gnocchi.f9542d82-b5bc-4387-b2e3-39e69bf8e794" 201 - "PUT http://172.18.0.2:8080/v1/AUTH_0d5484f449ee4a65a496c89062dbe7cb/gnocchi.f9542d82-b5bc-4387-b2e3-39e69bf8e794" "tx834ce71831ed484e88e83-0069ade123" "proxy-server 12" 0.0204 "-" 23 0
Mar 8 20:50:43 standalone proxy-server[129565]: 172.18.0.2 172.18.0.100 08/Mar/2026/20/50/43 PUT /v1/AUTH_0d5484f449ee4a65a496c89062dbe7cb/gnocchi.f9542d82-b5bc-4387-b2e3-39e69bf8e794 HTTP/1.0 201 - python-swiftclient-3.11.1 gAAAAABpreB27b5N... - - - tx834ce71831ed484e88e83-0069ade123 - 0.0276 - - 1773003043.374400616 1773003043.401999712 0
Mar 8 20:50:43 standalone container-server[127747]: 172.20.0.100 - - [08/Mar/2026:20:50:43 +0000] "HEAD /d1/452/AUTH_0d5484f449ee4a65a496c89062dbe7cb/gnocchi.f9542d82-b5bc-4387-b2e3-39e69bf8e794" 204 - "HEAD http://172.18.0.2:8080/v1/AUTH_0d5484f449ee4a65a496c89062dbe7cb/gnocchi.f9542d82-b5bc-4387-b2e3-39e69bf8e794?format=json&states=listing" "tx3af89ef26949488990a06-0069ade123" "proxy-server 12" 0.0032 "-" 20 0
Mar 8 20:50:43 standalone proxy-server[129565]: - - 08/Mar/2026/20/50/43 HEAD /v1/AUTH_0d5484f449ee4a65a496c89062dbe7cb/gnocchi.f9542d82-b5bc-4387-b2e3-39e69bf8e794%3Fformat%3Djson%26states%3Dlisting HTTP/1.0 204 - Swift - - - - tx3af89ef26949488990a06-0069ade123 - 0.0085 RL - 1773003043.408388138 1773003043.416870356 0
Mar 8 20:50:43 standalone container-server[127747]: 172.20.0.100 - - [08/Mar/2026:20:50:43 +0000] "GET /d1/452/AUTH_0d5484f449ee4a65a496c89062dbe7cb/gnocchi.f9542d82-b5bc-4387-b2e3-39e69bf8e794" 200 2 "GET http://172.18.0.2:8080/v1/AUTH_0d5484f449ee4a65a496c89062dbe7cb/gnocchi.f9542d82-b5bc-4387-b2e3-39e69bf8e794?format=json&states=listing" "tx3af89ef26949488990a06-0069ade123" "proxy-server 12" 0.0044 "-" 20 0
Mar 8 20:50:43 standalone proxy-server[129565]: 172.18.0.2 172.18.0.100 08/Mar/2026/20/50/43 GET /v1/AUTH_0d5484f449ee4a65a496c89062dbe7cb/gnocchi.f9542d82-b5bc-4387-b2e3-39e69bf8e794%3Fformat%3Djson%26states%3Dlisting HTTP/1.0 200 - python-swiftclient-3.11.1 gAAAAABpreB27b5N... - 2 - tx3af89ef26949488990a06-0069ade123 - 0.0255 - - 1773003043.406834841 1773003043.432286501 0
Mar 8 20:50:43 standalone object-server[127890]: 172.20.0.100 - - [08/Mar/2026:20:50:43 +0000] "GET /d1/918/AUTH_0d5484f449ee4a65a496c89062dbe7cb/gnocchi.f9542d82-b5bc-4387-b2e3-39e69bf8e794/1772280000.0_mean_300.0_v3" 404 70 "GET http://172.18.0.2:8080/v1/AUTH_0d5484f449ee4a65a496c89062dbe7cb/gnocchi.f9542d82-b5bc-4387-b2e3-39e69bf8e794/1772280000.0_mean_300.0_v3" "tx99336a35439041ecab4e1-0069ade123" "proxy-server 12" 0.0005 "-" 22 0
Mar 8 20:50:43 standalone proxy-server[129565]: 172.18.0.2 172.18.0.100 08/Mar/2026/20/50/43 GET /v1/AUTH_0d5484f449ee4a65a496c89062dbe7cb/gnocchi.f9542d82-b5bc-4387-b2e3-39e69bf8e794/1772280000.0_mean_300.0_v3 HTTP/1.0 404 - python-swiftclient-3.11.1 gAAAAABpreB27b5N... - 70 - tx99336a35439041ecab4e1-0069ade123 - 0.0083 - - 1773003043.438988209 1773003043.447311640 0
Mar 8 20:50:43 standalone container-server[127747]: 172.20.0.100 - - [08/Mar/2026:20:50:43 +0000] "PUT /d1/452/AUTH_0d5484f449ee4a65a496c89062dbe7cb/gnocchi.f9542d82-b5bc-4387-b2e3-39e69bf8e794/1772280000.0_mean_300.0_v3" 201 - "PUT http://172.18.0.2:8080/d1/918/AUTH_0d5484f449ee4a65a496c89062dbe7cb/gnocchi.f9542d82-b5bc-4387-b2e3-39e69bf8e794/1772280000.0_mean_300.0_v3" "tx58b7bca6daf8412d93ed3-0069ade123" "object-server 23" 0.0011 "-" 20 0
Mar 8 20:50:43 standalone object-server[127892]: 172.20.0.100 - - [08/Mar/2026:20:50:43 +0000] "PUT /d1/918/AUTH_0d5484f449ee4a65a496c89062dbe7cb/gnocchi.f9542d82-b5bc-4387-b2e3-39e69bf8e794/1772280000.0_mean_300.0_v3" 201 - "PUT http://172.18.0.2:8080/v1/AUTH_0d5484f449ee4a65a496c89062dbe7cb/gnocchi.f9542d82-b5bc-4387-b2e3-39e69bf8e794/1772280000.0_mean_300.0_v3" "tx58b7bca6daf8412d93ed3-0069ade123" "proxy-server 12" 0.0133 "-" 23 0
Mar 8 20:50:43 standalone proxy-server[129565]: 172.18.0.2 172.18.0.100 08/Mar/2026/20/50/43 PUT /v1/AUTH_0d5484f449ee4a65a496c89062dbe7cb/gnocchi.f9542d82-b5bc-4387-b2e3-39e69bf8e794/1772280000.0_mean_300.0_v3 HTTP/1.0 201 - python-swiftclient-3.11.1 gAAAAABpreB27b5N... 16 - - tx58b7bca6daf8412d93ed3-0069ade123 - 0.0229 - - 1773003043.452820063 1773003043.475725889 0
Mar 8 20:50:43 standalone container-server[127766]: 172.20.0.100 - - [08/Mar/2026:20:50:43 +0000] "PUT /d1/452/AUTH_0d5484f449ee4a65a496c89062dbe7cb/gnocchi.f9542d82-b5bc-4387-b2e3-39e69bf8e794/none_v3" 201 - "PUT http://172.18.0.2:8080/d1/71/AUTH_0d5484f449ee4a65a496c89062dbe7cb/gnocchi.f9542d82-b5bc-4387-b2e3-39e69bf8e794/none_v3" "tx0d6645ca81f8423b8fbfb-0069ade123" "object-server 23" 0.0007 "-" 21 0
Mar 8 20:50:43 standalone object-server[127892]: 172.20.0.100 - - [08/Mar/2026:20:50:43 +0000] "PUT /d1/71/AUTH_0d5484f449ee4a65a496c89062dbe7cb/gnocchi.f9542d82-b5bc-4387-b2e3-39e69bf8e794/none_v3" 201 - "PUT http://172.18.0.2:8080/v1/AUTH_0d5484f449ee4a65a496c89062dbe7cb/gnocchi.f9542d82-b5bc-4387-b2e3-39e69bf8e794/none_v3" "tx0d6645ca81f8423b8fbfb-0069ade123" "proxy-server 12" 0.0113 "-" 23 0
Mar 8 20:50:43 standalone proxy-server[129565]: 172.18.0.2 172.18.0.100 08/Mar/2026/20/50/43 PUT /v1/AUTH_0d5484f449ee4a65a496c89062dbe7cb/gnocchi.f9542d82-b5bc-4387-b2e3-39e69bf8e794/none_v3 HTTP/1.0 201 - python-swiftclient-3.11.1 gAAAAABpreB27b5N... 22 - - tx0d6645ca81f8423b8fbfb-0069ade123 - 0.0189 - - 1773003043.479867220 1773003043.498806715 0
Mar 8 20:50:43 standalone container-server[127776]: 172.20.0.100 - - [08/Mar/2026:20:50:43 +0000] "HEAD /d1/674/AUTH_0d5484f449ee4a65a496c89062dbe7cb/gnocchi.95715458-1bdc-421e-97a3-f79e030b7f1d" 404 - "HEAD http://172.18.0.2:8080/v1/AUTH_0d5484f449ee4a65a496c89062dbe7cb/gnocchi.95715458-1bdc-421e-97a3-f79e030b7f1d?format=json&states=listing" "txcbe8a511ffde423b94e61-0069ade123" "proxy-server 12" 0.0006 "-" 23 0
Mar 8 20:50:43 standalone object-server[127890]: 172.20.0.100 - - [08/Mar/2026:20:50:43 +0000] "GET /d1/44/AUTH_0d5484f449ee4a65a496c89062dbe7cb/gnocchi.95715458-1bdc-421e-97a3-f79e030b7f1d/none_v3" 404 70 "GET http://172.18.0.2:8080/v1/AUTH_0d5484f449ee4a65a496c89062dbe7cb/gnocchi.95715458-1bdc-421e-97a3-f79e030b7f1d/none_v3" "txcbe8a511ffde423b94e61-0069ade123" "proxy-server 12" 0.0003 "-" 22 0
Mar 8 20:50:43 standalone proxy-server[129565]: 172.18.0.2 172.18.0.100 08/Mar/2026/20/50/43 GET /v1/AUTH_0d5484f449ee4a65a496c89062dbe7cb/gnocchi.95715458-1bdc-421e-97a3-f79e030b7f1d/none_v3 HTTP/1.0 404 - python-swiftclient-3.11.1 gAAAAABpreB27b5N... - 70 - txcbe8a511ffde423b94e61-0069ade123 - 0.0127 - - 1773003043.541848183 1773003043.554587841 0
Mar 8 20:50:43 standalone account-server[127650]: 172.20.0.100 - - [08/Mar/2026:20:50:43 +0000] "PUT /d1/712/AUTH_0d5484f449ee4a65a496c89062dbe7cb/gnocchi.95715458-1bdc-421e-97a3-f79e030b7f1d" 201 - "PUT http://172.20.0.100:6001/d1/674/AUTH_0d5484f449ee4a65a496c89062dbe7cb/gnocchi.95715458-1bdc-421e-97a3-f79e030b7f1d" "txa026ac3d8b404b28a4877-0069ade123" "container-server 22" 0.0073 "-" 22 0
Mar 8 20:50:43 standalone container-server[127773]: 172.20.0.100 - - [08/Mar/2026:20:50:43 +0000] "PUT /d1/674/AUTH_0d5484f449ee4a65a496c89062dbe7cb/gnocchi.95715458-1bdc-421e-97a3-f79e030b7f1d" 201 - "PUT http://172.18.0.2:8080/v1/AUTH_0d5484f449ee4a65a496c89062dbe7cb/gnocchi.95715458-1bdc-421e-97a3-f79e030b7f1d" "txa026ac3d8b404b28a4877-0069ade123" "proxy-server 12" 0.0228 "-" 22 0
Mar 8 20:50:43 standalone proxy-server[129565]: 172.18.0.2 172.18.0.100 08/Mar/2026/20/50/43 PUT /v1/AUTH_0d5484f449ee4a65a496c89062dbe7cb/gnocchi.95715458-1bdc-421e-97a3-f79e030b7f1d HTTP/1.0 201 - python-swiftclient-3.11.1 gAAAAABpreB27b5N... - - - txa026ac3d8b404b28a4877-0069ade123 - 0.0301 - - 1773003043.557202101 1773003043.587280035 0
Mar 8 20:50:43 standalone container-server[127773]: 172.20.0.100 - - [08/Mar/2026:20:50:43 +0000] "HEAD /d1/674/AUTH_0d5484f449ee4a65a496c89062dbe7cb/gnocchi.95715458-1bdc-421e-97a3-f79e030b7f1d" 204 - "HEAD http://172.18.0.2:8080/v1/AUTH_0d5484f449ee4a65a496c89062dbe7cb/gnocchi.95715458-1bdc-421e-97a3-f79e030b7f1d?format=json&states=listing" "tx6f1cefa7ff854ab2a90af-0069ade123" "proxy-server 12" 0.0022 "-" 22 0
Mar 8 20:50:43 standalone proxy-server[129565]: - - 08/Mar/2026/20/50/43 HEAD /v1/AUTH_0d5484f449ee4a65a496c89062dbe7cb/gnocchi.95715458-1bdc-421e-97a3-f79e030b7f1d%3Fformat%3Djson%26states%3Dlisting HTTP/1.0 204 - Swift - - - - tx6f1cefa7ff854ab2a90af-0069ade123 - 0.0066 RL - 1773003043.591695786 1773003043.598283768 0
Mar 8 20:50:43 standalone container-server[127747]: 172.20.0.100 - - [08/Mar/2026:20:50:43 +0000] "GET /d1/674/AUTH_0d5484f449ee4a65a496c89062dbe7cb/gnocchi.95715458-1bdc-421e-97a3-f79e030b7f1d" 200 2 "GET http://172.18.0.2:8080/v1/AUTH_0d5484f449ee4a65a496c89062dbe7cb/gnocchi.95715458-1bdc-421e-97a3-f79e030b7f1d?format=json&states=listing" "tx6f1cefa7ff854ab2a90af-0069ade123" "proxy-server 12" 0.0039 "-" 20 0
Mar 8 20:50:43 standalone proxy-server[129565]: 172.18.0.2 172.18.0.100 08/Mar/2026/20/50/43 GET /v1/AUTH_0d5484f449ee4a65a496c89062dbe7cb/gnocchi.95715458-1bdc-421e-97a3-f79e030b7f1d%3Fformat%3Djson%26states%3Dlisting HTTP/1.0 200 - python-swiftclient-3.11.1 gAAAAABpreB27b5N... - 2 - tx6f1cefa7ff854ab2a90af-0069ade123 - 0.0206 - - 1773003043.590198278 1773003043.610832691 0
Mar 8 20:50:43 standalone object-server[127895]: 172.20.0.100 - - [08/Mar/2026:20:50:43 +0000] "GET /d1/918/AUTH_0d5484f449ee4a65a496c89062dbe7cb/gnocchi.95715458-1bdc-421e-97a3-f79e030b7f1d/1772280000.0_mean_300.0_v3" 404 70 "GET http://172.18.0.2:8080/v1/AUTH_0d5484f449ee4a65a496c89062dbe7cb/gnocchi.95715458-1bdc-421e-97a3-f79e030b7f1d/1772280000.0_mean_300.0_v3" "tx224af452e8a74b51b3b96-0069ade123" "proxy-server 12" 0.0003 "-" 25 0
Mar 8 20:50:43 standalone proxy-server[129565]: 172.18.0.2 172.18.0.100 08/Mar/2026/20/50/43 GET /v1/AUTH_0d5484f449ee4a65a496c89062dbe7cb/gnocchi.95715458-1bdc-421e-97a3-f79e030b7f1d/1772280000.0_mean_300.0_v3 HTTP/1.0 404 - python-swiftclient-3.11.1 gAAAAABpreB27b5N... - 70 - tx224af452e8a74b51b3b96-0069ade123 - 0.0062 - - 1773003043.613956928 1773003043.620192051 0
Mar 8 20:50:43 standalone container-server[127747]: 172.20.0.100 - - [08/Mar/2026:20:50:43 +0000] "PUT /d1/674/AUTH_0d5484f449ee4a65a496c89062dbe7cb/gnocchi.95715458-1bdc-421e-97a3-f79e030b7f1d/1772280000.0_mean_300.0_v3" 201 - "PUT http://172.18.0.2:8080/d1/918/AUTH_0d5484f449ee4a65a496c89062dbe7cb/gnocchi.95715458-1bdc-421e-97a3-f79e030b7f1d/1772280000.0_mean_300.0_v3" "txd310fb83b3c640148cfb2-0069ade123" "object-server 22" 0.0007 "-" 20 0
Mar 8 20:50:43 standalone object-server[127890]: 172.20.0.100 - - [08/Mar/2026:20:50:43 +0000] "PUT /d1/918/AUTH_0d5484f449ee4a65a496c89062dbe7cb/gnocchi.95715458-1bdc-421e-97a3-f79e030b7f1d/1772280000.0_mean_300.0_v3" 201 - "PUT http://172.18.0.2:8080/v1/AUTH_0d5484f449ee4a65a496c89062dbe7cb/gnocchi.95715458-1bdc-421e-97a3-f79e030b7f1d/1772280000.0_mean_300.0_v3" "txd310fb83b3c640148cfb2-0069ade123" "proxy-server 12" 0.0093 "-" 22 0
Mar 8 20:50:43 standalone proxy-server[129565]: 172.18.0.2 172.18.0.100 08/Mar/2026/20/50/43 PUT /v1/AUTH_0d5484f449ee4a65a496c89062dbe7cb/gnocchi.95715458-1bdc-421e-97a3-f79e030b7f1d/1772280000.0_mean_300.0_v3 HTTP/1.0 201 - python-swiftclient-3.11.1 gAAAAABpreB27b5N... 16 - - txd310fb83b3c640148cfb2-0069ade123 - 0.0155 - - 1773003043.622730255 1773003043.638242245 0
Mar 8 20:50:43 standalone container-server[127766]: 172.20.0.100 - - [08/Mar/2026:20:50:43 +0000] "PUT /d1/674/AUTH_0d5484f449ee4a65a496c89062dbe7cb/gnocchi.95715458-1bdc-421e-97a3-f79e030b7f1d/none_v3" 201 - "PUT http://172.18.0.2:8080/d1/44/AUTH_0d5484f449ee4a65a496c89062dbe7cb/gnocchi.95715458-1bdc-421e-97a3-f79e030b7f1d/none_v3" "txe9b2ea378ce842589362c-0069ade123" "object-server 22" 0.0008 "-" 21 0
Mar 8 20:50:43 standalone object-server[127890]: 172.20.0.100 - - [08/Mar/2026:20:50:43 +0000] "PUT /d1/44/AUTH_0d5484f449ee4a65a496c89062dbe7cb/gnocchi.95715458-1bdc-421e-97a3-f79e030b7f1d/none_v3" 201 - "PUT http://172.18.0.2:8080/v1/AUTH_0d5484f449ee4a65a496c89062dbe7cb/gnocchi.95715458-1bdc-421e-97a3-f79e030b7f1d/none_v3" "txe9b2ea378ce842589362c-0069ade123" "proxy-server 12" 0.0105 "-" 22 0
Mar 8 20:50:43 standalone proxy-server[129565]: 172.18.0.2 172.18.0.100 08/Mar/2026/20/50/43 PUT /v1/AUTH_0d5484f449ee4a65a496c89062dbe7cb/gnocchi.95715458-1bdc-421e-97a3-f79e030b7f1d/none_v3 HTTP/1.0 201 - python-swiftclient-3.11.1 gAAAAABpreB27b5N... 22 - - txe9b2ea378ce842589362c-0069ade123 - 0.0168 - - 1773003043.640606403 1773003043.657379150 0
Mar 8 20:50:43 standalone container-server[127776]: 172.20.0.100 - - [08/Mar/2026:20:50:43 +0000] "HEAD /d1/738/AUTH_0d5484f449ee4a65a496c89062dbe7cb/gnocchi.c773973b-f1a8-415e-8bb2-be8c2006b930" 404 - "HEAD http://172.18.0.2:8080/v1/AUTH_0d5484f449ee4a65a496c89062dbe7cb/gnocchi.c773973b-f1a8-415e-8bb2-be8c2006b930?format=json&states=listing" "tx478aaca6fe0347ecac15c-0069ade123" "proxy-server 12" 0.0005 "-" 23 0
Mar 8 20:50:43 standalone object-server[127895]: 172.20.0.100 - - [08/Mar/2026:20:50:43 +0000] "GET /d1/136/AUTH_0d5484f449ee4a65a496c89062dbe7cb/gnocchi.c773973b-f1a8-415e-8bb2-be8c2006b930/none_v3" 404 70 "GET http://172.18.0.2:8080/v1/AUTH_0d5484f449ee4a65a496c89062dbe7cb/gnocchi.c773973b-f1a8-415e-8bb2-be8c2006b930/none_v3" "tx478aaca6fe0347ecac15c-0069ade123" "proxy-server 12" 0.0003 "-" 25 0
Mar 8 20:50:43 standalone proxy-server[129565]: 172.18.0.2 172.18.0.100 08/Mar/2026/20/50/43 GET /v1/AUTH_0d5484f449ee4a65a496c89062dbe7cb/gnocchi.c773973b-f1a8-415e-8bb2-be8c2006b930/none_v3 HTTP/1.0 404 - python-swiftclient-3.11.1 gAAAAABpreB27b5N... - 70 - tx478aaca6fe0347ecac15c-0069ade123 - 0.0111 - - 1773003043.665534496 1773003043.676627636 0
Mar 8 20:50:43 standalone account-server[127637]: 172.20.0.100 - - [08/Mar/2026:20:50:43 +0000] "PUT /d1/712/AUTH_0d5484f449ee4a65a496c89062dbe7cb/gnocchi.c773973b-f1a8-415e-8bb2-be8c2006b930" 201 - "PUT http://172.20.0.100:6001/d1/738/AUTH_0d5484f449ee4a65a496c89062dbe7cb/gnocchi.c773973b-f1a8-415e-8bb2-be8c2006b930" "txf043846a72934ae0a8795-0069ade123" "container-server 23" 0.0058 "-" 20 0
Mar 8 20:50:43 standalone container-server[127776]: 172.20.0.100 - - [08/Mar/2026:20:50:43 +0000] "PUT /d1/738/AUTH_0d5484f449ee4a65a496c89062dbe7cb/gnocchi.c773973b-f1a8-415e-8bb2-be8c2006b930" 201 - "PUT http://172.18.0.2:8080/v1/AUTH_0d5484f449ee4a65a496c89062dbe7cb/gnocchi.c773973b-f1a8-415e-8bb2-be8c2006b930" "txf043846a72934ae0a8795-0069ade123" "proxy-server 12" 0.0190 "-" 23 0
Mar 8 20:50:43 standalone proxy-server[129565]: 172.18.0.2 172.18.0.100 08/Mar/2026/20/50/43 PUT /v1/AUTH_0d5484f449ee4a65a496c89062dbe7cb/gnocchi.c773973b-f1a8-415e-8bb2-be8c2006b930 HTTP/1.0 201 - python-swiftclient-3.11.1 gAAAAABpreB27b5N... - - - txf043846a72934ae0a8795-0069ade123 - 0.0252 - - 1773003043.678955793 1773003043.704192400 0
Mar 8 20:50:43 standalone container-server[127747]: 172.20.0.100 - - [08/Mar/2026:20:50:43 +0000] "HEAD /d1/738/AUTH_0d5484f449ee4a65a496c89062dbe7cb/gnocchi.c773973b-f1a8-415e-8bb2-be8c2006b930" 204 - "HEAD http://172.18.0.2:8080/v1/AUTH_0d5484f449ee4a65a496c89062dbe7cb/gnocchi.c773973b-f1a8-415e-8bb2-be8c2006b930?format=json&states=listing" "tx5bdecb20f5354a9695827-0069ade123" "proxy-server 12" 0.0022 "-" 20 0
Mar 8 20:50:43 standalone proxy-server[129565]: - - 08/Mar/2026/20/50/43 HEAD /v1/AUTH_0d5484f449ee4a65a496c89062dbe7cb/gnocchi.c773973b-f1a8-415e-8bb2-be8c2006b930%3Fformat%3Djson%26states%3Dlisting HTTP/1.0 204 - Swift - - - - tx5bdecb20f5354a9695827-0069ade123 - 0.0067 RL - 1773003043.709040642 1773003043.715765715 0
Mar 8 20:50:43 standalone container-server[127747]: 172.20.0.100 - - [08/Mar/2026:20:50:43 +0000] "GET /d1/738/AUTH_0d5484f449ee4a65a496c89062dbe7cb/gnocchi.c773973b-f1a8-415e-8bb2-be8c2006b930" 200 2 "GET http://172.18.0.2:8080/v1/AUTH_0d5484f449ee4a65a496c89062dbe7cb/gnocchi.c773973b-f1a8-415e-8bb2-be8c2006b930?format=json&states=listing" "tx5bdecb20f5354a9695827-0069ade123" "proxy-server 12" 0.0032 "-" 20 0
Mar 8 20:50:43 standalone proxy-server[129565]: 172.18.0.2 172.18.0.100 08/Mar/2026/20/50/43 GET /v1/AUTH_0d5484f449ee4a65a496c89062dbe7cb/gnocchi.c773973b-f1a8-415e-8bb2-be8c2006b930%3Fformat%3Djson%26states%3Dlisting HTTP/1.0 200 - python-swiftclient-3.11.1 gAAAAABpreB27b5N... - 2 - tx5bdecb20f5354a9695827-0069ade123 - 0.0199 - - 1773003043.707604647 1773003043.727508068 0
Mar 8 20:50:43 standalone object-server[127892]: 172.20.0.100 - - [08/Mar/2026:20:50:43 +0000] "GET /d1/843/AUTH_0d5484f449ee4a65a496c89062dbe7cb/gnocchi.c773973b-f1a8-415e-8bb2-be8c2006b930/1772280000.0_mean_300.0_v3" 404 70 "GET http://172.18.0.2:8080/v1/AUTH_0d5484f449ee4a65a496c89062dbe7cb/gnocchi.c773973b-f1a8-415e-8bb2-be8c2006b930/1772280000.0_mean_300.0_v3" "txaf6175b8290f4270bc0b1-0069ade123" "proxy-server 12" 0.0005 "-" 23 0
Mar 8 20:50:43 standalone proxy-server[129565]: 172.18.0.2 172.18.0.100 08/Mar/2026/20/50/43 GET /v1/AUTH_0d5484f449ee4a65a496c89062dbe7cb/gnocchi.c773973b-f1a8-415e-8bb2-be8c2006b930/1772280000.0_mean_300.0_v3 HTTP/1.0 404 - python-swiftclient-3.11.1 gAAAAABpreB27b5N... - 70 - txaf6175b8290f4270bc0b1-0069ade123 - 0.0085 - - 1773003043.731135607 1773003043.739628553 0
Mar 8 20:50:43 standalone container-server[127776]: 172.20.0.100 - - [08/Mar/2026:20:50:43 +0000] "PUT /d1/738/AUTH_0d5484f449ee4a65a496c89062dbe7cb/gnocchi.c773973b-f1a8-415e-8bb2-be8c2006b930/1772280000.0_mean_300.0_v3" 201 - "PUT http://172.18.0.2:8080/d1/843/AUTH_0d5484f449ee4a65a496c89062dbe7cb/gnocchi.c773973b-f1a8-415e-8bb2-be8c2006b930/1772280000.0_mean_300.0_v3" "txa29b074dfb344f4fb7736-0069ade123" "object-server 22" 0.0009 "-" 23 0
Mar 8 20:50:43 standalone object-server[127890]: 172.20.0.100 - - [08/Mar/2026:20:50:43 +0000] "PUT /d1/843/AUTH_0d5484f449ee4a65a496c89062dbe7cb/gnocchi.c773973b-f1a8-415e-8bb2-be8c2006b930/1772280000.0_mean_300.0_v3" 201 - "PUT http://172.18.0.2:8080/v1/AUTH_0d5484f449ee4a65a496c89062dbe7cb/gnocchi.c773973b-f1a8-415e-8bb2-be8c2006b930/1772280000.0_mean_300.0_v3" "txa29b074dfb344f4fb7736-0069ade123" "proxy-server 12" 0.0108 "-" 22 0
Mar 8 20:50:43 standalone proxy-server[129565]: 172.18.0.2 172.18.0.100 08/Mar/2026/20/50/43 PUT /v1/AUTH_0d5484f449ee4a65a496c89062dbe7cb/gnocchi.c773973b-f1a8-415e-8bb2-be8c2006b930/1772280000.0_mean_300.0_v3 HTTP/1.0 201 - python-swiftclient-3.11.1 gAAAAABpreB27b5N... 16 - - txa29b074dfb344f4fb7736-0069ade123 - 0.0178 - - 1773003043.742779255 1773003043.760620356 0
Mar 8 20:50:43 standalone container-server[127766]: 172.20.0.100 - - [08/Mar/2026:20:50:43 +0000] "PUT /d1/738/AUTH_0d5484f449ee4a65a496c89062dbe7cb/gnocchi.c773973b-f1a8-415e-8bb2-be8c2006b930/none_v3" 201 - "PUT http://172.18.0.2:8080/d1/136/AUTH_0d5484f449ee4a65a496c89062dbe7cb/gnocchi.c773973b-f1a8-415e-8bb2-be8c2006b930/none_v3" "tx5b3aecbdac3840b5a7727-0069ade123" "object-server 22" 0.0008 "-" 21 0
Mar 8 20:50:43 standalone object-server[127890]: 172.20.0.100 - - [08/Mar/2026:20:50:43 +0000] "PUT /d1/136/AUTH_0d5484f449ee4a65a496c89062dbe7cb/gnocchi.c773973b-f1a8-415e-8bb2-be8c2006b930/none_v3" 201 - "PUT http://172.18.0.2:8080/v1/AUTH_0d5484f449ee4a65a496c89062dbe7cb/gnocchi.c773973b-f1a8-415e-8bb2-be8c2006b930/none_v3" "tx5b3aecbdac3840b5a7727-0069ade123" "proxy-server 12" 0.0102 "-" 22 0
Mar 8 20:50:43 standalone proxy-server[129565]: 172.18.0.2 172.18.0.100 08/Mar/2026/20/50/43 PUT /v1/AUTH_0d5484f449ee4a65a496c89062dbe7cb/gnocchi.c773973b-f1a8-415e-8bb2-be8c2006b930/none_v3 HTTP/1.0 201 - python-swiftclient-3.11.1 gAAAAABpreB27b5N... 22 - - tx5b3aecbdac3840b5a7727-0069ade123 - 0.0170 - - 1773003043.763571739 1773003043.780559778 0
Mar 8 20:50:43 standalone container-server[127776]: 172.20.0.100 - - [08/Mar/2026:20:50:43 +0000] "HEAD /d1/133/AUTH_0d5484f449ee4a65a496c89062dbe7cb/gnocchi.a478b36e-2179-4c4a-83c8-b8422177ce9f" 404 - "HEAD http://172.18.0.2:8080/v1/AUTH_0d5484f449ee4a65a496c89062dbe7cb/gnocchi.a478b36e-2179-4c4a-83c8-b8422177ce9f?format=json&states=listing" "tx7c471c4a029f44fe9da25-0069ade123" "proxy-server 12" 0.0005 "-" 23 0
Mar 8 20:50:43 standalone object-server[127890]: 172.20.0.100 - - [08/Mar/2026:20:50:43 +0000] "GET /d1/403/AUTH_0d5484f449ee4a65a496c89062dbe7cb/gnocchi.a478b36e-2179-4c4a-83c8-b8422177ce9f/none_v3" 404 70 "GET http://172.18.0.2:8080/v1/AUTH_0d5484f449ee4a65a496c89062dbe7cb/gnocchi.a478b36e-2179-4c4a-83c8-b8422177ce9f/none_v3" "tx7c471c4a029f44fe9da25-0069ade123" "proxy-server 12" 0.0003 "-" 22 0
Mar 8 20:50:43 standalone proxy-server[129565]: 172.18.0.2 172.18.0.100 08/Mar/2026/20/50/43 GET /v1/AUTH_0d5484f449ee4a65a496c89062dbe7cb/gnocchi.a478b36e-2179-4c4a-83c8-b8422177ce9f/none_v3 HTTP/1.0 404 - python-swiftclient-3.11.1 gAAAAABpreB27b5N... - 70 - tx7c471c4a029f44fe9da25-0069ade123 - 0.0117 - - 1773003043.791257858 1773003043.802985668 0
Mar 8 20:50:43 standalone account-server[127647]: 172.20.0.100 - - [08/Mar/2026:20:50:43 +0000] "PUT /d1/712/AUTH_0d5484f449ee4a65a496c89062dbe7cb/gnocchi.a478b36e-2179-4c4a-83c8-b8422177ce9f" 201 - "PUT http://172.20.0.100:6001/d1/133/AUTH_0d5484f449ee4a65a496c89062dbe7cb/gnocchi.a478b36e-2179-4c4a-83c8-b8422177ce9f" "tx5bad3dd1b0b747a093365-0069ade123" "container-server 20" 0.0060 "-" 21 0
Mar 8 20:50:43 standalone container-server[127747]: 172.20.0.100 - - [08/Mar/2026:20:50:43 +0000] "PUT /d1/133/AUTH_0d5484f449ee4a65a496c89062dbe7cb/gnocchi.a478b36e-2179-4c4a-83c8-b8422177ce9f" 201 - "PUT http://172.18.0.2:8080/v1/AUTH_0d5484f449ee4a65a496c89062dbe7cb/gnocchi.a478b36e-2179-4c4a-83c8-b8422177ce9f" "tx5bad3dd1b0b747a093365-0069ade123" "proxy-server 12" 0.0211 "-" 20 0
Mar 8 20:50:43 standalone proxy-server[129565]: 172.18.0.2 172.18.0.100 08/Mar/2026/20/50/43 PUT /v1/AUTH_0d5484f449ee4a65a496c89062dbe7cb/gnocchi.a478b36e-2179-4c4a-83c8-b8422177ce9f HTTP/1.0 201 - python-swiftclient-3.11.1 gAAAAABpreB27b5N... - - - tx5bad3dd1b0b747a093365-0069ade123 - 0.0285 - - 1773003043.805666208 1773003043.834145069 0
Mar 8 20:50:43 standalone container-server[127776]: 172.20.0.100 - - [08/Mar/2026:20:50:43 +0000] "HEAD /d1/133/AUTH_0d5484f449ee4a65a496c89062dbe7cb/gnocchi.a478b36e-2179-4c4a-83c8-b8422177ce9f" 204 - "HEAD http://172.18.0.2:8080/v1/AUTH_0d5484f449ee4a65a496c89062dbe7cb/gnocchi.a478b36e-2179-4c4a-83c8-b8422177ce9f?format=json&states=listing" "txa773411034f246be863b5-0069ade123" "proxy-server 12" 0.0021 "-" 23 0
Mar 8 20:50:43 standalone proxy-server[129565]: - - 08/Mar/2026/20/50/43 HEAD /v1/AUTH_0d5484f449ee4a65a496c89062dbe7cb/gnocchi.a478b36e-2179-4c4a-83c8-b8422177ce9f%3Fformat%3Djson%26states%3Dlisting HTTP/1.0 204 - Swift - - - - txa773411034f246be863b5-0069ade123 - 0.0075 RL - 1773003043.840515375 1773003043.848016024 0
Mar 8 20:50:43 standalone container-server[127773]: 172.20.0.100 - - [08/Mar/2026:20:50:43 +0000] "GET /d1/133/AUTH_0d5484f449ee4a65a496c89062dbe7cb/gnocchi.a478b36e-2179-4c4a-83c8-b8422177ce9f" 200 2 "GET http://172.18.0.2:8080/v1/AUTH_0d5484f449ee4a65a496c89062dbe7cb/gnocchi.a478b36e-2179-4c4a-83c8-b8422177ce9f?format=json&states=listing" "txa773411034f246be863b5-0069ade123" "proxy-server 12" 0.0025 "-" 22 0
Mar 8 20:50:43 standalone proxy-server[129565]: 172.18.0.2 172.18.0.100 08/Mar/2026/20/50/43 GET /v1/AUTH_0d5484f449ee4a65a496c89062dbe7cb/gnocchi.a478b36e-2179-4c4a-83c8-b8422177ce9f%3Fformat%3Djson%26states%3Dlisting HTTP/1.0 200 - python-swiftclient-3.11.1 gAAAAABpreB27b5N... - 2 - txa773411034f246be863b5-0069ade123 - 0.0203 - - 1773003043.838822365 1773003043.859149456 0
Mar 8 20:50:43 standalone object-server[127890]: 172.20.0.100 - - [08/Mar/2026:20:50:43 +0000] "GET /d1/292/AUTH_0d5484f449ee4a65a496c89062dbe7cb/gnocchi.a478b36e-2179-4c4a-83c8-b8422177ce9f/1772280000.0_mean_300.0_v3" 404 70 "GET http://172.18.0.2:8080/v1/AUTH_0d5484f449ee4a65a496c89062dbe7cb/gnocchi.a478b36e-2179-4c4a-83c8-b8422177ce9f/1772280000.0_mean_300.0_v3" "txb7d11ffa47724d8e87217-0069ade123" "proxy-server 12" 0.0004 "-" 22 0
Mar 8 20:50:43 standalone proxy-server[129565]: 172.18.0.2 172.18.0.100 08/Mar/2026/20/50/43 GET /v1/AUTH_0d5484f449ee4a65a496c89062dbe7cb/gnocchi.a478b36e-2179-4c4a-83c8-b8422177ce9f/1772280000.0_mean_300.0_v3 HTTP/1.0 404 - python-swiftclient-3.11.1 gAAAAABpreB27b5N... - 70 - txb7d11ffa47724d8e87217-0069ade123 - 0.0077 - - 1773003043.863574743 1773003043.871276140 0
Mar 8 20:50:43 standalone container-server[127747]: 172.20.0.100 - - [08/Mar/2026:20:50:43 +0000] "PUT /d1/133/AUTH_0d5484f449ee4a65a496c89062dbe7cb/gnocchi.a478b36e-2179-4c4a-83c8-b8422177ce9f/1772280000.0_mean_300.0_v3" 201 - "PUT http://172.18.0.2:8080/d1/292/AUTH_0d5484f449ee4a65a496c89062dbe7cb/gnocchi.a478b36e-2179-4c4a-83c8-b8422177ce9f/1772280000.0_mean_300.0_v3" "tx61265f658e8947d696d26-0069ade123" "object-server 23" 0.0008 "-" 20 0
Mar 8 20:50:43 standalone object-server[127892]: 172.20.0.100 - - [08/Mar/2026:20:50:43 +0000] "PUT /d1/292/AUTH_0d5484f449ee4a65a496c89062dbe7cb/gnocchi.a478b36e-2179-4c4a-83c8-b8422177ce9f/1772280000.0_mean_300.0_v3" 201 - "PUT http://172.18.0.2:8080/v1/AUTH_0d5484f449ee4a65a496c89062dbe7cb/gnocchi.a478b36e-2179-4c4a-83c8-b8422177ce9f/1772280000.0_mean_300.0_v3" "tx61265f658e8947d696d26-0069ade123" "proxy-server 12" 0.0112 "-" 23 0
Mar 8 20:50:43 standalone proxy-server[129565]: 172.18.0.2 172.18.0.100 08/Mar/2026/20/50/43 PUT /v1/AUTH_0d5484f449ee4a65a496c89062dbe7cb/gnocchi.a478b36e-2179-4c4a-83c8-b8422177ce9f/1772280000.0_mean_300.0_v3 HTTP/1.0 201 - python-swiftclient-3.11.1 gAAAAABpreB27b5N... 16 - - tx61265f658e8947d696d26-0069ade123 - 0.0195 - - 1773003043.878153324 1773003043.897637129 0
Mar 8 20:50:43 standalone container-server[127776]: 172.20.0.100 - - [08/Mar/2026:20:50:43 +0000] "PUT /d1/133/AUTH_0d5484f449ee4a65a496c89062dbe7cb/gnocchi.a478b36e-2179-4c4a-83c8-b8422177ce9f/none_v3" 201 - "PUT http://172.18.0.2:8080/d1/403/AUTH_0d5484f449ee4a65a496c89062dbe7cb/gnocchi.a478b36e-2179-4c4a-83c8-b8422177ce9f/none_v3" "txe226578c7210451ca43e6-0069ade123" "object-server 24" 0.0007 "-" 23 0
Mar 8 20:50:43 standalone object-server[127894]: 172.20.0.100 - - [08/Mar/2026:20:50:43 +0000] "PUT /d1/403/AUTH_0d5484f449ee4a65a496c89062dbe7cb/gnocchi.a478b36e-2179-4c4a-83c8-b8422177ce9f/none_v3" 201 - "PUT http://172.18.0.2:8080/v1/AUTH_0d5484f449ee4a65a496c89062dbe7cb/gnocchi.a478b36e-2179-4c4a-83c8-b8422177ce9f/none_v3" "txe226578c7210451ca43e6-0069ade123" "proxy-server 12" 0.0109 "-" 24 0
