Mar 8 20:49:41 standalone object-server[127892]: 172.20.0.100 - - [08/Mar/2026:20:49:41 +0000] "GET /d1/849/AUTH_0d5484f449ee4a65a496c89062dbe7cb/gnocchi.173c247b-ad03-4a82-ba3e-6e09e1aa2850/1772280000.0_mean_300.0_v3" 404 70 "GET http://172.18.0.2:8080/v1/AUTH_0d5484f449ee4a65a496c89062dbe7cb/gnocchi.173c247b-ad03-4a82-ba3e-6e09e1aa2850/1772280000.0_mean_300.0_v3" "tx11f429749f9948e09caf3-0069ade0e5" "proxy-server 12" 0.0005 "-" 23 0
Mar 8 20:49:41 standalone proxy-server[129565]: 172.18.0.2 172.18.0.100 08/Mar/2026/20/49/41 GET /v1/AUTH_0d5484f449ee4a65a496c89062dbe7cb/gnocchi.173c247b-ad03-4a82-ba3e-6e09e1aa2850/1772280000.0_mean_300.0_v3 HTTP/1.0 404 - python-swiftclient-3.11.1 gAAAAABpreB27b5N... - 70 - tx11f429749f9948e09caf3-0069ade0e5 - 0.0051 - - 1773002981.766676903 1773002981.771761656 0
Mar 8 20:49:41 standalone container-server[127766]: 172.20.0.100 - - [08/Mar/2026:20:49:41 +0000] "PUT /d1/258/AUTH_0d5484f449ee4a65a496c89062dbe7cb/gnocchi.173c247b-ad03-4a82-ba3e-6e09e1aa2850/1772280000.0_mean_300.0_v3" 201 - "PUT http://172.18.0.2:8080/d1/849/AUTH_0d5484f449ee4a65a496c89062dbe7cb/gnocchi.173c247b-ad03-4a82-ba3e-6e09e1aa2850/1772280000.0_mean_300.0_v3" "tx8f68682dcae046ec9c65b-0069ade0e5" "object-server 22" 0.0005 "-" 21 0
Mar 8 20:49:41 standalone object-server[127890]: 172.20.0.100 - - [08/Mar/2026:20:49:41 +0000] "PUT /d1/849/AUTH_0d5484f449ee4a65a496c89062dbe7cb/gnocchi.173c247b-ad03-4a82-ba3e-6e09e1aa2850/1772280000.0_mean_300.0_v3" 201 - "PUT http://172.18.0.2:8080/v1/AUTH_0d5484f449ee4a65a496c89062dbe7cb/gnocchi.173c247b-ad03-4a82-ba3e-6e09e1aa2850/1772280000.0_mean_300.0_v3" "tx8f68682dcae046ec9c65b-0069ade0e5" "proxy-server 12" 0.0101 "-" 22 0
Mar 8 20:49:41 standalone proxy-server[129565]: 172.18.0.2 172.18.0.100 08/Mar/2026/20/49/41 PUT /v1/AUTH_0d5484f449ee4a65a496c89062dbe7cb/gnocchi.173c247b-ad03-4a82-ba3e-6e09e1aa2850/1772280000.0_mean_300.0_v3 HTTP/1.0 201 - python-swiftclient-3.11.1 gAAAAABpreB27b5N... 16 - - tx8f68682dcae046ec9c65b-0069ade0e5 - 0.0152 - - 1773002981.775071144 1773002981.790265799 0
Mar 8 20:49:41 standalone container-server[127776]: 172.20.0.100 - - [08/Mar/2026:20:49:41 +0000] "PUT /d1/258/AUTH_0d5484f449ee4a65a496c89062dbe7cb/gnocchi.173c247b-ad03-4a82-ba3e-6e09e1aa2850/none_v3" 201 - "PUT http://172.18.0.2:8080/d1/193/AUTH_0d5484f449ee4a65a496c89062dbe7cb/gnocchi.173c247b-ad03-4a82-ba3e-6e09e1aa2850/none_v3" "txff149c125e3e472ebded5-0069ade0e5" "object-server 23" 0.0003 "-" 23 0
Mar 8 20:49:41 standalone object-server[127892]: 172.20.0.100 - - [08/Mar/2026:20:49:41 +0000] "PUT /d1/193/AUTH_0d5484f449ee4a65a496c89062dbe7cb/gnocchi.173c247b-ad03-4a82-ba3e-6e09e1aa2850/none_v3" 201 - "PUT http://172.18.0.2:8080/v1/AUTH_0d5484f449ee4a65a496c89062dbe7cb/gnocchi.173c247b-ad03-4a82-ba3e-6e09e1aa2850/none_v3" "txff149c125e3e472ebded5-0069ade0e5" "proxy-server 12" 0.0095 "-" 23 0
Mar 8 20:49:41 standalone proxy-server[129565]: 172.18.0.2 172.18.0.100 08/Mar/2026/20/49/41 PUT /v1/AUTH_0d5484f449ee4a65a496c89062dbe7cb/gnocchi.173c247b-ad03-4a82-ba3e-6e09e1aa2850/none_v3 HTTP/1.0 201 - python-swiftclient-3.11.1 gAAAAABpreB27b5N... 22 - - txff149c125e3e472ebded5-0069ade0e5 - 0.0143 - - 1773002981.793099165 1773002981.807400465 0
Mar 8 20:49:42 standalone object-server[127892]: 172.20.0.100 - - [08/Mar/2026:20:49:42 +0000] "GET /d1/193/AUTH_0d5484f449ee4a65a496c89062dbe7cb/gnocchi.173c247b-ad03-4a82-ba3e-6e09e1aa2850/none_v3" 200 22 "GET http://172.18.0.2:8080/v1/AUTH_0d5484f449ee4a65a496c89062dbe7cb/gnocchi.173c247b-ad03-4a82-ba3e-6e09e1aa2850/none_v3" "tx6f5b455863ab46c0a0bcc-0069ade0e6" "proxy-server 12" 0.0014 "-" 23 0
Mar 8 20:49:42 standalone proxy-server[129565]: 172.18.0.2 172.18.0.100 08/Mar/2026/20/49/42 GET /v1/AUTH_0d5484f449ee4a65a496c89062dbe7cb/gnocchi.173c247b-ad03-4a82-ba3e-6e09e1aa2850/none_v3 HTTP/1.0 200 - python-swiftclient-3.11.1 gAAAAABpreB27b5N... - 22 - tx6f5b455863ab46c0a0bcc-0069ade0e6 - 0.0090 - - 1773002982.372151613 1773002982.381181955 0
Mar 8 20:49:42 standalone container-server[127766]: 172.20.0.100 - - [08/Mar/2026:20:49:42 +0000] "GET /d1/258/AUTH_0d5484f449ee4a65a496c89062dbe7cb/gnocchi.173c247b-ad03-4a82-ba3e-6e09e1aa2850" 200 357 "GET http://172.18.0.2:8080/v1/AUTH_0d5484f449ee4a65a496c89062dbe7cb/gnocchi.173c247b-ad03-4a82-ba3e-6e09e1aa2850?format=json&states=listing" "txbe6cceb44522438f86816-0069ade0e6" "proxy-server 12" 0.0104 "-" 21 0
Mar 8 20:49:42 standalone proxy-server[129565]: 172.18.0.2 172.18.0.100 08/Mar/2026/20/49/42 GET /v1/AUTH_0d5484f449ee4a65a496c89062dbe7cb/gnocchi.173c247b-ad03-4a82-ba3e-6e09e1aa2850%3Fformat%3Djson%26states%3Dlisting HTTP/1.0 200 - python-swiftclient-3.11.1 gAAAAABpreB27b5N... - 357 - txbe6cceb44522438f86816-0069ade0e6 - 0.0188 - - 1773002982.385921955 1773002982.404706955 0
Mar 8 20:49:42 standalone container-server[127776]: 172.20.0.100 - - [08/Mar/2026:20:49:42 +0000] "GET /d1/258/AUTH_0d5484f449ee4a65a496c89062dbe7cb/gnocchi.173c247b-ad03-4a82-ba3e-6e09e1aa2850" 200 2 "GET http://172.18.0.2:8080/v1/AUTH_0d5484f449ee4a65a496c89062dbe7cb/gnocchi.173c247b-ad03-4a82-ba3e-6e09e1aa2850?format=json&marker=none_v3&states=listing" "tx1c3e125b01c04bd88ebcb-0069ade0e6" "proxy-server 12" 0.0036 "-" 23 0
Mar 8 20:49:42 standalone proxy-server[129565]: 172.18.0.2 172.18.0.100 08/Mar/2026/20/49/42 GET /v1/AUTH_0d5484f449ee4a65a496c89062dbe7cb/gnocchi.173c247b-ad03-4a82-ba3e-6e09e1aa2850%3Fformat%3Djson%26marker%3Dnone_v3%26states%3Dlisting HTTP/1.0 200 - python-swiftclient-3.11.1 gAAAAABpreB27b5N... - 2 - tx1c3e125b01c04bd88ebcb-0069ade0e6 - 0.0131 - - 1773002982.408868551 1773002982.421927452 0
Mar 8 20:49:42 standalone object-server[127890]: 172.20.0.100 - - [08/Mar/2026:20:49:42 +0000] "GET /d1/849/AUTH_0d5484f449ee4a65a496c89062dbe7cb/gnocchi.173c247b-ad03-4a82-ba3e-6e09e1aa2850/1772280000.0_mean_300.0_v3" 200 16 "GET http://172.18.0.2:8080/v1/AUTH_0d5484f449ee4a65a496c89062dbe7cb/gnocchi.173c247b-ad03-4a82-ba3e-6e09e1aa2850/1772280000.0_mean_300.0_v3" "txa99f5292999e4c868381c-0069ade0e6" "proxy-server 12" 0.0006 "-" 22 0
Mar 8 20:49:42 standalone proxy-server[129565]: 172.18.0.2 172.18.0.100 08/Mar/2026/20/49/42 GET /v1/AUTH_0d5484f449ee4a65a496c89062dbe7cb/gnocchi.173c247b-ad03-4a82-ba3e-6e09e1aa2850/1772280000.0_mean_300.0_v3 HTTP/1.0 200 - python-swiftclient-3.11.1 gAAAAABpreB27b5N... - 16 - txa99f5292999e4c868381c-0069ade0e6 - 0.0086 - - 1773002982.426913261 1773002982.435523272 0
Mar 8 20:49:42 standalone container-server[127747]: 172.20.0.100 - - [08/Mar/2026:20:49:42 +0000] "PUT /d1/258/AUTH_0d5484f449ee4a65a496c89062dbe7cb/gnocchi.173c247b-ad03-4a82-ba3e-6e09e1aa2850/1772280000.0_mean_300.0_v3" 201 - "PUT http://172.18.0.2:8080/d1/849/AUTH_0d5484f449ee4a65a496c89062dbe7cb/gnocchi.173c247b-ad03-4a82-ba3e-6e09e1aa2850/1772280000.0_mean_300.0_v3" "tx37342c8868d14e618215f-0069ade0e6" "object-server 25" 0.0009 "-" 20 0
Mar 8 20:49:42 standalone object-server[127895]: 172.20.0.100 - - [08/Mar/2026:20:49:42 +0000] "PUT /d1/849/AUTH_0d5484f449ee4a65a496c89062dbe7cb/gnocchi.173c247b-ad03-4a82-ba3e-6e09e1aa2850/1772280000.0_mean_300.0_v3" 201 - "PUT http://172.18.0.2:8080/v1/AUTH_0d5484f449ee4a65a496c89062dbe7cb/gnocchi.173c247b-ad03-4a82-ba3e-6e09e1aa2850/1772280000.0_mean_300.0_v3" "tx37342c8868d14e618215f-0069ade0e6" "proxy-server 12" 0.0121 "-" 25 0
Mar 8 20:49:42 standalone proxy-server[129565]: 172.18.0.2 172.18.0.100 08/Mar/2026/20/49/42 PUT /v1/AUTH_0d5484f449ee4a65a496c89062dbe7cb/gnocchi.173c247b-ad03-4a82-ba3e-6e09e1aa2850/1772280000.0_mean_300.0_v3 HTTP/1.0 201 - python-swiftclient-3.11.1 gAAAAABpreB27b5N... 16 - - tx37342c8868d14e618215f-0069ade0e6 - 0.0194 - - 1773002982.439655066 1773002982.459050417 0
Mar 8 20:49:42 standalone container-server[127747]: 172.20.0.100 - - [08/Mar/2026:20:49:42 +0000] "PUT /d1/258/AUTH_0d5484f449ee4a65a496c89062dbe7cb/gnocchi.173c247b-ad03-4a82-ba3e-6e09e1aa2850/none_v3" 201 - "PUT http://172.18.0.2:8080/d1/193/AUTH_0d5484f449ee4a65a496c89062dbe7cb/gnocchi.173c247b-ad03-4a82-ba3e-6e09e1aa2850/none_v3" "tx1f42326f7a314bfb80d0c-0069ade0e6" "object-server 23" 0.0007 "-" 20 0
Mar 8 20:49:42 standalone object-server[127892]: 172.20.0.100 - - [08/Mar/2026:20:49:42 +0000] "PUT /d1/193/AUTH_0d5484f449ee4a65a496c89062dbe7cb/gnocchi.173c247b-ad03-4a82-ba3e-6e09e1aa2850/none_v3" 201 - "PUT http://172.18.0.2:8080/v1/AUTH_0d5484f449ee4a65a496c89062dbe7cb/gnocchi.173c247b-ad03-4a82-ba3e-6e09e1aa2850/none_v3" "tx1f42326f7a314bfb80d0c-0069ade0e6" "proxy-server 12" 0.0110 "-" 23 0
Mar 8 20:49:42 standalone proxy-server[129565]: 172.18.0.2 172.18.0.100 08/Mar/2026/20/49/42 PUT /v1/AUTH_0d5484f449ee4a65a496c89062dbe7cb/gnocchi.173c247b-ad03-4a82-ba3e-6e09e1aa2850/none_v3 HTTP/1.0 201 - python-swiftclient-3.11.1 gAAAAABpreB27b5N... 31 - - tx1f42326f7a314bfb80d0c-0069ade0e6 - 0.0191 - - 1773002982.462936640 1773002982.482011080 0
Mar 8 20:49:50 standalone object-server[127825]: Begin object update sweep
Mar 8 20:49:50 standalone object-server[234555]: Object update sweep starting on /srv/node/d1 (pid: 14)
Mar 8 20:49:50 standalone object-server[234555]: Object update sweep completed on /srv/node/d1 in 0.00s seconds:, 0 successes, 0 failures, 0 quarantines, 0 unlinks, 0 errors, 0 redirects (pid: 14)
Mar 8 20:49:50 standalone object-server[234555]: Object update sweep of d1 completed: 0.00s, 0 successes, 0 failures, 0 quarantines, 0 unlinks, 0 errors, 0 redirects
Mar 8 20:49:50 standalone object-server[127825]: Object update sweep completed: 0.07s
Mar 8 20:49:51 standalone object-server[127890]: 172.20.0.100 - - [08/Mar/2026:20:49:51 +0000] "GET /d1/155/AUTH_0d5484f449ee4a65a496c89062dbe7cb/gnocchi.77f2c83c-616a-4c1e-9d53-4349648dbe9e/none_v3" 200 32 "GET http://172.18.0.2:8080/v1/AUTH_0d5484f449ee4a65a496c89062dbe7cb/gnocchi.77f2c83c-616a-4c1e-9d53-4349648dbe9e/none_v3" "tx01f2c5415cae41f5979b7-0069ade0ef" "proxy-server 12" 0.0018 "-" 22 0
Mar 8 20:49:51 standalone proxy-server[129565]: 172.18.0.2 172.18.0.100 08/Mar/2026/20/49/51 GET /v1/AUTH_0d5484f449ee4a65a496c89062dbe7cb/gnocchi.77f2c83c-616a-4c1e-9d53-4349648dbe9e/none_v3 HTTP/1.0 200 - python-swiftclient-3.11.1 gAAAAABpreB27b5N... - 32 - tx01f2c5415cae41f5979b7-0069ade0ef - 0.0134 - - 1773002991.343156338 1773002991.356547356 0
Mar 8 20:49:51 standalone container-server[127776]: 172.20.0.100 - - [08/Mar/2026:20:49:51 +0000] "GET /d1/632/AUTH_0d5484f449ee4a65a496c89062dbe7cb/gnocchi.77f2c83c-616a-4c1e-9d53-4349648dbe9e" 200 357 "GET http://172.18.0.2:8080/v1/AUTH_0d5484f449ee4a65a496c89062dbe7cb/gnocchi.77f2c83c-616a-4c1e-9d53-4349648dbe9e?format=json&states=listing" "txf4b1af429e224c29a66f5-0069ade0ef" "proxy-server 12" 0.0094 "-" 23 0
Mar 8 20:49:51 standalone proxy-server[129565]: 172.18.0.2 172.18.0.100 08/Mar/2026/20/49/51 GET /v1/AUTH_0d5484f449ee4a65a496c89062dbe7cb/gnocchi.77f2c83c-616a-4c1e-9d53-4349648dbe9e%3Fformat%3Djson%26states%3Dlisting HTTP/1.0 200 - python-swiftclient-3.11.1 gAAAAABpreB27b5N... - 357 - txf4b1af429e224c29a66f5-0069ade0ef - 0.0190 - - 1773002991.362264395 1773002991.381216764 0
Mar 8 20:49:51 standalone container-server[127766]: 172.20.0.100 - - [08/Mar/2026:20:49:51 +0000] "GET /d1/632/AUTH_0d5484f449ee4a65a496c89062dbe7cb/gnocchi.77f2c83c-616a-4c1e-9d53-4349648dbe9e" 200 2 "GET http://172.18.0.2:8080/v1/AUTH_0d5484f449ee4a65a496c89062dbe7cb/gnocchi.77f2c83c-616a-4c1e-9d53-4349648dbe9e?format=json&marker=none_v3&states=listing" "tx102f08daedde4250b4563-0069ade0ef" "proxy-server 12" 0.0040 "-" 21 0
Mar 8 20:49:51 standalone proxy-server[129565]: 172.18.0.2 172.18.0.100 08/Mar/2026/20/49/51 GET /v1/AUTH_0d5484f449ee4a65a496c89062dbe7cb/gnocchi.77f2c83c-616a-4c1e-9d53-4349648dbe9e%3Fformat%3Djson%26marker%3Dnone_v3%26states%3Dlisting HTTP/1.0 200 - python-swiftclient-3.11.1 gAAAAABpreB27b5N... - 2 - tx102f08daedde4250b4563-0069ade0ef - 0.0131 - - 1773002991.385341406 1773002991.398434639 0
Mar 8 20:49:51 standalone object-server[127894]: 172.20.0.100 - - [08/Mar/2026:20:49:51 +0000] "GET /d1/5/AUTH_0d5484f449ee4a65a496c89062dbe7cb/gnocchi.77f2c83c-616a-4c1e-9d53-4349648dbe9e/1772280000.0_mean_300.0_v3" 200 16 "GET http://172.18.0.2:8080/v1/AUTH_0d5484f449ee4a65a496c89062dbe7cb/gnocchi.77f2c83c-616a-4c1e-9d53-4349648dbe9e/1772280000.0_mean_300.0_v3" "tx3ea19f06de67449f991db-0069ade0ef" "proxy-server 12" 0.0007 "-" 24 0
Mar 8 20:49:51 standalone proxy-server[129565]: 172.18.0.2 172.18.0.100 08/Mar/2026/20/49/51 GET /v1/AUTH_0d5484f449ee4a65a496c89062dbe7cb/gnocchi.77f2c83c-616a-4c1e-9d53-4349648dbe9e/1772280000.0_mean_300.0_v3 HTTP/1.0 200 - python-swiftclient-3.11.1 gAAAAABpreB27b5N... - 16 - tx3ea19f06de67449f991db-0069ade0ef - 0.0075 - - 1773002991.404003382 1773002991.411479473 0
Mar 8 20:49:51 standalone container-server[127747]: 172.20.0.100 - - [08/Mar/2026:20:49:51 +0000] "PUT /d1/632/AUTH_0d5484f449ee4a65a496c89062dbe7cb/gnocchi.77f2c83c-616a-4c1e-9d53-4349648dbe9e/1772280000.0_mean_300.0_v3" 201 - "PUT http://172.18.0.2:8080/d1/5/AUTH_0d5484f449ee4a65a496c89062dbe7cb/gnocchi.77f2c83c-616a-4c1e-9d53-4349648dbe9e/1772280000.0_mean_300.0_v3" "txa934c48cd2da4b029147e-0069ade0ef" "object-server 24" 0.0009 "-" 20 0
Mar 8 20:49:51 standalone object-server[127894]: 172.20.0.100 - - [08/Mar/2026:20:49:51 +0000] "PUT /d1/5/AUTH_0d5484f449ee4a65a496c89062dbe7cb/gnocchi.77f2c83c-616a-4c1e-9d53-4349648dbe9e/1772280000.0_mean_300.0_v3" 201 - "PUT http://172.18.0.2:8080/v1/AUTH_0d5484f449ee4a65a496c89062dbe7cb/gnocchi.77f2c83c-616a-4c1e-9d53-4349648dbe9e/1772280000.0_mean_300.0_v3" "txa934c48cd2da4b029147e-0069ade0ef" "proxy-server 12" 0.0110 "-" 24 0
Mar 8 20:49:51 standalone proxy-server[129565]: 172.18.0.2 172.18.0.100 08/Mar/2026/20/49/51 PUT /v1/AUTH_0d5484f449ee4a65a496c89062dbe7cb/gnocchi.77f2c83c-616a-4c1e-9d53-4349648dbe9e/1772280000.0_mean_300.0_v3 HTTP/1.0 201 - python-swiftclient-3.11.1 gAAAAABpreB27b5N... 16 - - txa934c48cd2da4b029147e-0069ade0ef - 0.0175 - - 1773002991.415628195 1773002991.433177948 0
Mar 8 20:49:51 standalone container-server[127747]: 172.20.0.100 - - [08/Mar/2026:20:49:51 +0000] "PUT /d1/632/AUTH_0d5484f449ee4a65a496c89062dbe7cb/gnocchi.77f2c83c-616a-4c1e-9d53-4349648dbe9e/none_v3" 201 - "PUT http://172.18.0.2:8080/d1/155/AUTH_0d5484f449ee4a65a496c89062dbe7cb/gnocchi.77f2c83c-616a-4c1e-9d53-4349648dbe9e/none_v3" "txdaceeb719fca4e0787af6-0069ade0ef" "object-server 25" 0.0007 "-" 20 0
Mar 8 20:49:51 standalone object-server[127895]: 172.20.0.100 - - [08/Mar/2026:20:49:51 +0000] "PUT /d1/155/AUTH_0d5484f449ee4a65a496c89062dbe7cb/gnocchi.77f2c83c-616a-4c1e-9d53-4349648dbe9e/none_v3" 201 - "PUT http://172.18.0.2:8080/v1/AUTH_0d5484f449ee4a65a496c89062dbe7cb/gnocchi.77f2c83c-616a-4c1e-9d53-4349648dbe9e/none_v3" "txdaceeb719fca4e0787af6-0069ade0ef" "proxy-server 12" 0.0128 "-" 25 0
Mar 8 20:49:51 standalone proxy-server[129565]: 172.18.0.2 172.18.0.100 08/Mar/2026/20/49/51 PUT /v1/AUTH_0d5484f449ee4a65a496c89062dbe7cb/gnocchi.77f2c83c-616a-4c1e-9d53-4349648dbe9e/none_v3 HTTP/1.0 201 - python-swiftclient-3.11.1 gAAAAABpreB27b5N... 46 - - txdaceeb719fca4e0787af6-0069ade0ef - 0.0236 - - 1773002991.437488794 1773002991.461137772 0
Mar 8 20:49:52 standalone account-server[127650]: 172.20.0.100 - - [08/Mar/2026:20:49:52 +0000] "HEAD /d1/712/AUTH_0d5484f449ee4a65a496c89062dbe7cb" 204 - "HEAD http://172.18.0.2:8080/v1/AUTH_0d5484f449ee4a65a496c89062dbe7cb?format=json" "tx4e648c4825514c31befaa-0069ade0f0" "proxy-server 12" 0.0088 "-" 22 -
Mar 8 20:49:52 standalone proxy-server[129565]: - - 08/Mar/2026/20/49/52 HEAD /v1/AUTH_0d5484f449ee4a65a496c89062dbe7cb%3Fformat%3Djson HTTP/1.0 204 - Swift - - - - tx4e648c4825514c31befaa-0069ade0f0 - 0.0142 RL - 1773002992.252683401 1773002992.266838789 -
Mar 8 20:49:52 standalone object-server[127892]: 172.20.0.100 - - [08/Mar/2026:20:49:52 +0000] "GET /d1/155/AUTH_0d5484f449ee4a65a496c89062dbe7cb/gnocchi.77f2c83c-616a-4c1e-9d53-4349648dbe9e/none_v3" 200 46 "GET http://172.18.0.2:8080/v1/AUTH_0d5484f449ee4a65a496c89062dbe7cb/gnocchi.77f2c83c-616a-4c1e-9d53-4349648dbe9e/none_v3" "tx4e648c4825514c31befaa-0069ade0f0" "proxy-server 12" 0.0012 "-" 23 0
Mar 8 20:49:52 standalone proxy-server[129565]: 172.18.0.2 172.18.0.100 08/Mar/2026/20/49/52 GET /v1/AUTH_0d5484f449ee4a65a496c89062dbe7cb/gnocchi.77f2c83c-616a-4c1e-9d53-4349648dbe9e/none_v3 HTTP/1.0 200 - python-swiftclient-3.11.1 gAAAAABpreB27b5N... - 46 - tx4e648c4825514c31befaa-0069ade0f0 - 0.0267 - - 1773002992.251410007 1773002992.278064728 0
Mar 8 20:49:52 standalone container-server[127747]: 172.20.0.100 - - [08/Mar/2026:20:49:52 +0000] "GET /d1/632/AUTH_0d5484f449ee4a65a496c89062dbe7cb/gnocchi.77f2c83c-616a-4c1e-9d53-4349648dbe9e" 200 357 "GET http://172.18.0.2:8080/v1/AUTH_0d5484f449ee4a65a496c89062dbe7cb/gnocchi.77f2c83c-616a-4c1e-9d53-4349648dbe9e?format=json&states=listing" "txb6cf11b0bdc846c8bd630-0069ade0f0" "proxy-server 12" 0.0098 "-" 20 0
Mar 8 20:49:52 standalone proxy-server[129565]: 172.18.0.2 172.18.0.100 08/Mar/2026/20/49/52 GET /v1/AUTH_0d5484f449ee4a65a496c89062dbe7cb/gnocchi.77f2c83c-616a-4c1e-9d53-4349648dbe9e%3Fformat%3Djson%26states%3Dlisting HTTP/1.0 200 - python-swiftclient-3.11.1 gAAAAABpreB27b5N... - 357 - txb6cf11b0bdc846c8bd630-0069ade0f0 - 0.0194 - - 1773002992.283402920 1773002992.302811384 0
Mar 8 20:49:52 standalone container-server[127776]: 172.20.0.100 - - [08/Mar/2026:20:49:52 +0000] "GET /d1/632/AUTH_0d5484f449ee4a65a496c89062dbe7cb/gnocchi.77f2c83c-616a-4c1e-9d53-4349648dbe9e" 200 2 "GET http://172.18.0.2:8080/v1/AUTH_0d5484f449ee4a65a496c89062dbe7cb/gnocchi.77f2c83c-616a-4c1e-9d53-4349648dbe9e?format=json&marker=none_v3&states=listing" "txa57bf55a93f14116972b8-0069ade0f0" "proxy-server 12" 0.0018 "-" 23 0
Mar 8 20:49:52 standalone proxy-server[129565]: 172.18.0.2 172.18.0.100 08/Mar/2026/20/49/52 GET /v1/AUTH_0d5484f449ee4a65a496c89062dbe7cb/gnocchi.77f2c83c-616a-4c1e-9d53-4349648dbe9e%3Fformat%3Djson%26marker%3Dnone_v3%26states%3Dlisting HTTP/1.0 200 - python-swiftclient-3.11.1 gAAAAABpreB27b5N... - 2 - txa57bf55a93f14116972b8-0069ade0f0 - 0.0124 - - 1773002992.307259798 1773002992.319684267 0
Mar 8 20:49:52 standalone object-server[127894]: 172.20.0.100 - - [08/Mar/2026:20:49:52 +0000] "GET /d1/5/AUTH_0d5484f449ee4a65a496c89062dbe7cb/gnocchi.77f2c83c-616a-4c1e-9d53-4349648dbe9e/1772280000.0_mean_300.0_v3" 200 16 "GET http://172.18.0.2:8080/v1/AUTH_0d5484f449ee4a65a496c89062dbe7cb/gnocchi.77f2c83c-616a-4c1e-9d53-4349648dbe9e/1772280000.0_mean_300.0_v3" "txa06175cfa8034db2aeec4-0069ade0f0" "proxy-server 12" 0.0008 "-" 24 0
Mar 8 20:49:52 standalone proxy-server[129565]: 172.18.0.2 172.18.0.100 08/Mar/2026/20/49/52 GET /v1/AUTH_0d5484f449ee4a65a496c89062dbe7cb/gnocchi.77f2c83c-616a-4c1e-9d53-4349648dbe9e/1772280000.0_mean_300.0_v3 HTTP/1.0 200 - python-swiftclient-3.11.1 gAAAAABpreB27b5N... - 16 - txa06175cfa8034db2aeec4-0069ade0f0 - 0.0092 - - 1773002992.324804783 1773002992.333974838 0
Mar 8 20:49:52 standalone container-server[127747]: 172.20.0.100 - - [08/Mar/2026:20:49:52 +0000] "PUT /d1/632/AUTH_0d5484f449ee4a65a496c89062dbe7cb/gnocchi.77f2c83c-616a-4c1e-9d53-4349648dbe9e/1772280000.0_mean_300.0_v3" 201 - "PUT http://172.18.0.2:8080/d1/5/AUTH_0d5484f449ee4a65a496c89062dbe7cb/gnocchi.77f2c83c-616a-4c1e-9d53-4349648dbe9e/1772280000.0_mean_300.0_v3" "txb0ad9ca323784a84aaa02-0069ade0f0" "object-server 22" 0.0009 "-" 20 0
Mar 8 20:49:52 standalone object-server[127890]: 172.20.0.100 - - [08/Mar/2026:20:49:52 +0000] "PUT /d1/5/AUTH_0d5484f449ee4a65a496c89062dbe7cb/gnocchi.77f2c83c-616a-4c1e-9d53-4349648dbe9e/1772280000.0_mean_300.0_v3" 201 - "PUT http://172.18.0.2:8080/v1/AUTH_0d5484f449ee4a65a496c89062dbe7cb/gnocchi.77f2c83c-616a-4c1e-9d53-4349648dbe9e/1772280000.0_mean_300.0_v3" "txb0ad9ca323784a84aaa02-0069ade0f0" "proxy-server 12" 0.0119 "-" 22 0
Mar 8 20:49:52 standalone proxy-server[129565]: 172.18.0.2 172.18.0.100 08/Mar/2026/20/49/52 PUT /v1/AUTH_0d5484f449ee4a65a496c89062dbe7cb/gnocchi.77f2c83c-616a-4c1e-9d53-4349648dbe9e/1772280000.0_mean_300.0_v3 HTTP/1.0 201 - python-swiftclient-3.11.1 gAAAAABpreB27b5N... 16 - - txb0ad9ca323784a84aaa02-0069ade0f0 - 0.0211 - - 1773002992.338144541 1773002992.359248161 0
Mar 8 20:49:52 standalone container-server[127773]: 172.20.0.100 - - [08/Mar/2026:20:49:52 +0000] "PUT /d1/632/AUTH_0d5484f449ee4a65a496c89062dbe7cb/gnocchi.77f2c83c-616a-4c1e-9d53-4349648dbe9e/none_v3" 201 - "PUT http://172.18.0.2:8080/d1/155/AUTH_0d5484f449ee4a65a496c89062dbe7cb/gnocchi.77f2c83c-616a-4c1e-9d53-4349648dbe9e/none_v3" "tx1f27f09843fa4954a2238-0069ade0f0" "object-server 24" 0.0008 "-" 22 0
Mar 8 20:49:52 standalone object-server[127894]: 172.20.0.100 - - [08/Mar/2026:20:49:52 +0000] "PUT /d1/155/AUTH_0d5484f449ee4a65a496c89062dbe7cb/gnocchi.77f2c83c-616a-4c1e-9d53-4349648dbe9e/none_v3" 201 - "PUT http://172.18.0.2:8080/v1/AUTH_0d5484f449ee4a65a496c89062dbe7cb/gnocchi.77f2c83c-616a-4c1e-9d53-4349648dbe9e/none_v3" "tx1f27f09843fa4954a2238-0069ade0f0" "proxy-server 12" 0.0100 "-" 24 0
Mar 8 20:49:52 standalone proxy-server[129565]: 172.18.0.2 172.18.0.100 08/Mar/2026/20/49/52 PUT /v1/AUTH_0d5484f449ee4a65a496c89062dbe7cb/gnocchi.77f2c83c-616a-4c1e-9d53-4349648dbe9e/none_v3 HTTP/1.0 201 - python-swiftclient-3.11.1 gAAAAABpreB27b5N... 51 - - tx1f27f09843fa4954a2238-0069ade0f0 - 0.0169 - - 1773002992.363215208 1773002992.380099773 0
Mar 8 20:49:52 standalone object-server[127895]: 172.20.0.100 - - [08/Mar/2026:20:49:52 +0000] "GET /d1/530/AUTH_0d5484f449ee4a65a496c89062dbe7cb/gnocchi.41933eaf-7f87-430b-ab2c-c82644de024a/none_v3" 200 22 "GET http://172.18.0.2:8080/v1/AUTH_0d5484f449ee4a65a496c89062dbe7cb/gnocchi.41933eaf-7f87-430b-ab2c-c82644de024a/none_v3" "tx83c2f26071bd4fcfa5714-0069ade0f0" "proxy-server 12" 0.0011 "-" 25 0
Mar 8 20:49:52 standalone proxy-server[129565]: 172.18.0.2 172.18.0.100 08/Mar/2026/20/49/52 GET /v1/AUTH_0d5484f449ee4a65a496c89062dbe7cb/gnocchi.41933eaf-7f87-430b-ab2c-c82644de024a/none_v3 HTTP/1.0 200 - python-swiftclient-3.11.1 gAAAAABpreB27b5N... - 22 - tx83c2f26071bd4fcfa5714-0069ade0f0 - 0.0097 - - 1773002992.393827915 1773002992.403516769 0
Mar 8 20:49:52 standalone container-server[127747]: 172.20.0.100 - - [08/Mar/2026:20:49:52 +0000] "GET /d1/273/AUTH_0d5484f449ee4a65a496c89062dbe7cb/gnocchi.41933eaf-7f87-430b-ab2c-c82644de024a" 200 357 "GET http://172.18.0.2:8080/v1/AUTH_0d5484f449ee4a65a496c89062dbe7cb/gnocchi.41933eaf-7f87-430b-ab2c-c82644de024a?format=json&states=listing" "txf933ff36f5c54952b9b08-0069ade0f0" "proxy-server 12" 0.0095 "-" 20 0
Mar 8 20:49:52 standalone proxy-server[129565]: 172.18.0.2 172.18.0.100 08/Mar/2026/20/49/52 GET /v1/AUTH_0d5484f449ee4a65a496c89062dbe7cb/gnocchi.41933eaf-7f87-430b-ab2c-c82644de024a%3Fformat%3Djson%26states%3Dlisting HTTP/1.0 200 - python-swiftclient-3.11.1 gAAAAABpreB27b5N... - 357 - txf933ff36f5c54952b9b08-0069ade0f0 - 0.0186 - - 1773002992.408113718 1773002992.426667452 0
Mar 8 20:49:52 standalone container-server[127776]: 172.20.0.100 - - [08/Mar/2026:20:49:52 +0000] "GET /d1/273/AUTH_0d5484f449ee4a65a496c89062dbe7cb/gnocchi.41933eaf-7f87-430b-ab2c-c82644de024a" 200 2 "GET http://172.18.0.2:8080/v1/AUTH_0d5484f449ee4a65a496c89062dbe7cb/gnocchi.41933eaf-7f87-430b-ab2c-c82644de024a?format=json&marker=none_v3&states=listing" "tx85d7efca7bd74f66aa9f0-0069ade0f0" "proxy-server 12" 0.0021 "-" 23 0
Mar 8 20:49:52 standalone proxy-server[129565]: 172.18.0.2 172.18.0.100 08/Mar/2026/20/49/52 GET /v1/AUTH_0d5484f449ee4a65a496c89062dbe7cb/gnocchi.41933eaf-7f87-430b-ab2c-c82644de024a%3Fformat%3Djson%26marker%3Dnone_v3%26states%3Dlisting HTTP/1.0 200 - python-swiftclient-3.11.1 gAAAAABpreB27b5N... - 2 - tx85d7efca7bd74f66aa9f0-0069ade0f0 - 0.0102 - - 1773002992.430516005 1773002992.440667868 0
Mar 8 20:49:52 standalone object-server[127895]: 172.20.0.100 - - [08/Mar/2026:20:49:52 +0000] "GET /d1/316/AUTH_0d5484f449ee4a65a496c89062dbe7cb/gnocchi.41933eaf-7f87-430b-ab2c-c82644de024a/1772280000.0_mean_300.0_v3" 200 16 "GET http://172.18.0.2:8080/v1/AUTH_0d5484f449ee4a65a496c89062dbe7cb/gnocchi.41933eaf-7f87-430b-ab2c-c82644de024a/1772280000.0_mean_300.0_v3" "tx5f5c4bc09cc44b9196c9a-0069ade0f0" "proxy-server 12" 0.0008 "-" 25 0
Mar 8 20:49:52 standalone proxy-server[129565]: 172.18.0.2 172.18.0.100 08/Mar/2026/20/49/52 GET /v1/AUTH_0d5484f449ee4a65a496c89062dbe7cb/gnocchi.41933eaf-7f87-430b-ab2c-c82644de024a/1772280000.0_mean_300.0_v3 HTTP/1.0 200 - python-swiftclient-3.11.1 gAAAAABpreB27b5N... - 16 - tx5f5c4bc09cc44b9196c9a-0069ade0f0 - 0.0131 - - 1773002992.445551634 1773002992.458672047 0
Mar 8 20:49:52 standalone container-server[127766]: 172.20.0.100 - - [08/Mar/2026:20:49:52 +0000] "PUT /d1/273/AUTH_0d5484f449ee4a65a496c89062dbe7cb/gnocchi.41933eaf-7f87-430b-ab2c-c82644de024a/1772280000.0_mean_300.0_v3" 201 - "PUT http://172.18.0.2:8080/d1/316/AUTH_0d5484f449ee4a65a496c89062dbe7cb/gnocchi.41933eaf-7f87-430b-ab2c-c82644de024a/1772280000.0_mean_300.0_v3" "txbccf6081469141438fa0c-0069ade0f0" "object-server 25" 0.0005 "-" 21 0
Mar 8 20:49:52 standalone object-server[127895]: 172.20.0.100 - - [08/Mar/2026:20:49:52 +0000] "PUT /d1/316/AUTH_0d5484f449ee4a65a496c89062dbe7cb/gnocchi.41933eaf-7f87-430b-ab2c-c82644de024a/1772280000.0_mean_300.0_v3" 201 - "PUT http://172.18.0.2:8080/v1/AUTH_0d5484f449ee4a65a496c89062dbe7cb/gnocchi.41933eaf-7f87-430b-ab2c-c82644de024a/1772280000.0_mean_300.0_v3" "txbccf6081469141438fa0c-0069ade0f0" "proxy-server 12" 0.0114 "-" 25 0
Mar 8 20:49:52 standalone proxy-server[129565]: 172.18.0.2 172.18.0.100 08/Mar/2026/20/49/52 PUT /v1/AUTH_0d5484f449ee4a65a496c89062dbe7cb/gnocchi.41933eaf-7f87-430b-ab2c-c82644de024a/1772280000.0_mean_300.0_v3 HTTP/1.0 201 - python-swiftclient-3.11.1 gAAAAABpreB27b5N... 16 - - txbccf6081469141438fa0c-0069ade0f0 - 0.0191 - - 1773002992.463085413 1773002992.482144117 0
Mar 8 20:49:52 standalone container-server[127747]: 172.20.0.100 - - [08/Mar/2026:20:49:52 +0000] "PUT /d1/273/AUTH_0d5484f449ee4a65a496c89062dbe7cb/gnocchi.41933eaf-7f87-430b-ab2c-c82644de024a/none_v3" 201 - "PUT http://172.18.0.2:8080/d1/530/AUTH_0d5484f449ee4a65a496c89062dbe7cb/gnocchi.41933eaf-7f87-430b-ab2c-c82644de024a/none_v3" "tx68baaf8169f24a7c91ccf-0069ade0f0" "object-server 23" 0.0008 "-" 20 0
Mar 8 20:49:52 standalone object-server[127892]: 172.20.0.100 - - [08/Mar/2026:20:49:52 +0000] "PUT /d1/530/AUTH_0d5484f449ee4a65a496c89062dbe7cb/gnocchi.41933eaf-7f87-430b-ab2c-c82644de024a/none_v3" 201 - "PUT http://172.18.0.2:8080/v1/AUTH_0d5484f449ee4a65a496c89062dbe7cb/gnocchi.41933eaf-7f87-430b-ab2c-c82644de024a/none_v3" "tx68baaf8169f24a7c91ccf-0069ade0f0" "proxy-server 12" 0.0116 "-" 23 0
Mar 8 20:49:52 standalone proxy-server[129565]: 172.18.0.2 172.18.0.100 08/Mar/2026/20/49/52 PUT /v1/AUTH_0d5484f449ee4a65a496c89062dbe7cb/gnocchi.41933eaf-7f87-430b-ab2c-c82644de024a/none_v3 HTTP/1.0 201 - python-swiftclient-3.11.1 gAAAAABpreB27b5N... 32 - - tx68baaf8169f24a7c91ccf-0069ade0f0 - 0.0197 - - 1773002992.485829115 1773002992.505490780 0
Mar 8 20:49:52 standalone object-server[127892]: 172.20.0.100 - - [08/Mar/2026:20:49:52 +0000] "GET /d1/377/AUTH_0d5484f449ee4a65a496c89062dbe7cb/gnocchi.1358036e-65e7-46ef-b2c0-397b366e957c/none_v3" 200 22 "GET http://172.18.0.2:8080/v1/AUTH_0d5484f449ee4a65a496c89062dbe7cb/gnocchi.1358036e-65e7-46ef-b2c0-397b366e957c/none_v3" "tx3ffe7cef2c1a423c93d94-0069ade0f0" "proxy-server 12" 0.0010 "-" 23 0
Mar 8 20:49:52 standalone proxy-server[129565]: 172.18.0.2 172.18.0.100 08/Mar/2026/20/49/52 GET /v1/AUTH_0d5484f449ee4a65a496c89062dbe7cb/gnocchi.1358036e-65e7-46ef-b2c0-397b366e957c/none_v3 HTTP/1.0 200 - python-swiftclient-3.11.1 gAAAAABpreB27b5N... - 22 - tx3ffe7cef2c1a423c93d94-0069ade0f0 - 0.0095 - - 1773002992.518221855 1773002992.527722597 0
Mar 8 20:49:52 standalone container-server[127766]: 172.20.0.100 - - [08/Mar/2026:20:49:52 +0000] "GET /d1/906/AUTH_0d5484f449ee4a65a496c89062dbe7cb/gnocchi.1358036e-65e7-46ef-b2c0-397b366e957c" 200 357 "GET http://172.18.0.2:8080/v1/AUTH_0d5484f449ee4a65a496c89062dbe7cb/gnocchi.1358036e-65e7-46ef-b2c0-397b366e957c?format=json&states=listing" "tx660a4d12403c452983455-0069ade0f0" "proxy-server 12" 0.0075 "-" 21 0
Mar 8 20:49:52 standalone proxy-server[129565]: 172.18.0.2 172.18.0.100 08/Mar/2026/20/49/52 GET /v1/AUTH_0d5484f449ee4a65a496c89062dbe7cb/gnocchi.1358036e-65e7-46ef-b2c0-397b366e957c%3Fformat%3Djson%26states%3Dlisting HTTP/1.0 200 - python-swiftclient-3.11.1 gAAAAABpreB27b5N... - 357 - tx660a4d12403c452983455-0069ade0f0 - 0.0151 - - 1773002992.532470703 1773002992.547612190 0
Mar 8 20:49:52 standalone container-server[127766]: 172.20.0.100 - - [08/Mar/2026:20:49:52 +0000] "GET /d1/906/AUTH_0d5484f449ee4a65a496c89062dbe7cb/gnocchi.1358036e-65e7-46ef-b2c0-397b366e957c" 200 2 "GET http://172.18.0.2:8080/v1/AUTH_0d5484f449ee4a65a496c89062dbe7cb/gnocchi.1358036e-65e7-46ef-b2c0-397b366e957c?format=json&marker=none_v3&states=listing" "tx35ff86fe954747889743b-0069ade0f0" "proxy-server 12" 0.0015 "-" 21 0
Mar 8 20:49:52 standalone proxy-server[129565]: 172.18.0.2 172.18.0.100 08/Mar/2026/20/49/52 GET /v1/AUTH_0d5484f449ee4a65a496c89062dbe7cb/gnocchi.1358036e-65e7-46ef-b2c0-397b366e957c%3Fformat%3Djson%26marker%3Dnone_v3%26states%3Dlisting HTTP/1.0 200 - python-swiftclient-3.11.1 gAAAAABpreB27b5N... - 2 - tx35ff86fe954747889743b-0069ade0f0 - 0.0092 - - 1773002992.553298235 1773002992.562514544 0
Mar 8 20:49:52 standalone object-server[127892]: 172.20.0.100 - - [08/Mar/2026:20:49:52 +0000] "GET /d1/259/AUTH_0d5484f449ee4a65a496c89062dbe7cb/gnocchi.1358036e-65e7-46ef-b2c0-397b366e957c/1772280000.0_mean_300.0_v3" 200 16 "GET http://172.18.0.2:8080/v1/AUTH_0d5484f449ee4a65a496c89062dbe7cb/gnocchi.1358036e-65e7-46ef-b2c0-397b366e957c/1772280000.0_mean_300.0_v3" "tx389988ff78d041779efbf-0069ade0f0" "proxy-server 12" 0.0010 "-" 23 0
Mar 8 20:49:52 standalone proxy-server[129565]: 172.18.0.2 172.18.0.100 08/Mar/2026/20/49/52 GET /v1/AUTH_0d5484f449ee4a65a496c89062dbe7cb/gnocchi.1358036e-65e7-46ef-b2c0-397b366e957c/1772280000.0_mean_300.0_v3 HTTP/1.0 200 - python-swiftclient-3.11.1 gAAAAABpreB27b5N... - 16 - tx389988ff78d041779efbf-0069ade0f0 - 0.0090 - - 1773002992.567521572 1773002992.576509237 0
Mar 8 20:49:52 standalone container-server[127773]: 172.20.0.100 - - [08/Mar/2026:20:49:52 +0000] "PUT /d1/906/AUTH_0d5484f449ee4a65a496c89062dbe7cb/gnocchi.1358036e-65e7-46ef-b2c0-397b366e957c/1772280000.0_mean_300.0_v3" 201 - "PUT http://172.18.0.2:8080/d1/259/AUTH_0d5484f449ee4a65a496c89062dbe7cb/gnocchi.1358036e-65e7-46ef-b2c0-397b366e957c/1772280000.0_mean_300.0_v3" "tx41c783febda14085aaa0a-0069ade0f0" "object-server 23" 0.0008 "-" 22 0
Mar 8 20:49:52 standalone object-server[127892]: 172.20.0.100 - - [08/Mar/2026:20:49:52 +0000] "PUT /d1/259/AUTH_0d5484f449ee4a65a496c89062dbe7cb/gnocchi.1358036e-65e7-46ef-b2c0-397b366e957c/1772280000.0_mean_300.0_v3" 201 - "PUT http://172.18.0.2:8080/v1/AUTH_0d5484f449ee4a65a496c89062dbe7cb/gnocchi.1358036e-65e7-46ef-b2c0-397b366e957c/1772280000.0_mean_300.0_v3" "tx41c783febda14085aaa0a-0069ade0f0" "proxy-server 12" 0.0113 "-" 23 0
Mar 8 20:49:52 standalone proxy-server[129565]: 172.18.0.2 172.18.0.100 08/Mar/2026/20/49/52 PUT /v1/AUTH_0d5484f449ee4a65a496c89062dbe7cb/gnocchi.1358036e-65e7-46ef-b2c0-397b366e957c/1772280000.0_mean_300.0_v3 HTTP/1.0 201 - python-swiftclient-3.11.1 gAAAAABpreB27b5N... 16 - - tx41c783febda14085aaa0a-0069ade0f0 - 0.0183 - - 1773002992.580717564 1773002992.599038124 0
Mar 8 20:49:52 standalone container-server[127776]: 172.20.0.100 - - [08/Mar/2026:20:49:52 +0000] "PUT /d1/906/AUTH_0d5484f449ee4a65a496c89062dbe7cb/gnocchi.1358036e-65e7-46ef-b2c0-397b366e957c/none_v3" 201 - "PUT http://172.18.0.2:8080/d1/377/AUTH_0d5484f449ee4a65a496c89062dbe7cb/gnocchi.1358036e-65e7-46ef-b2c0-397b366e957c/none_v3" "tx80d3a566c26d450495329-0069ade0f0" "object-server 23" 0.0006 "-" 23 0
Mar 8 20:49:52 standalone object-server[127892]: 172.20.0.100 - - [08/Mar/2026:20:49:52 +0000] "PUT /d1/377/AUTH_0d5484f449ee4a65a496c89062dbe7cb/gnocchi.1358036e-65e7-46ef-b2c0-397b366e957c/none_v3" 201 - "PUT http://172.18.0.2:8080/v1/AUTH_0d5484f449ee4a65a496c89062dbe7cb/gnocchi.1358036e-65e7-46ef-b2c0-397b366e957c/none_v3" "tx80d3a566c26d450495329-0069ade0f0" "proxy-server 12" 0.0107 "-" 23 0
Mar 8 20:49:52 standalone proxy-server[129565]: 172.18.0.2 172.18.0.100 08/Mar/2026/20/49/52 PUT /v1/AUTH_0d5484f449ee4a65a496c89062dbe7cb/gnocchi.1358036e-65e7-46ef-b2c0-397b366e957c/none_v3 HTTP/1.0 201 - python-swiftclient-3.11.1 gAAAAABpreB27b5N... 32 - - tx80d3a566c26d450495329-0069ade0f0 - 0.0199 - - 1773002992.602800846 1773002992.622741461 0
Mar 8 20:49:52 standalone object-server[127895]: 172.20.0.100 - - [08/Mar/2026:20:49:52 +0000] "GET /d1/498/AUTH_0d5484f449ee4a65a496c89062dbe7cb/gnocchi.1a82a262-4a5f-4850-adc1-2563eea1dead/none_v3" 200 22 "GET http://172.18.0.2:8080/v1/AUTH_0d5484f449ee4a65a496c89062dbe7cb/gnocchi.1a82a262-4a5f-4850-adc1-2563eea1dead/none_v3" "tx2f933cbf9bcf46b2affe5-0069ade0f0" "proxy-server 12" 0.0010 "-" 25 0
Mar 8 20:49:52 standalone proxy-server[129565]: 172.18.0.2 172.18.0.100 08/Mar/2026/20/49/52 GET /v1/AUTH_0d5484f449ee4a65a496c89062dbe7cb/gnocchi.1a82a262-4a5f-4850-adc1-2563eea1dead/none_v3 HTTP/1.0 200 - python-swiftclient-3.11.1 gAAAAABpreB27b5N... - 22 - tx2f933cbf9bcf46b2affe5-0069ade0f0 - 0.0091 - - 1773002992.635932207 1773002992.645056009 0
Mar 8 20:49:52 standalone container-server[127773]: 172.20.0.100 - - [08/Mar/2026:20:49:52 +0000] "GET /d1/306/AUTH_0d5484f449ee4a65a496c89062dbe7cb/gnocchi.1a82a262-4a5f-4850-adc1-2563eea1dead" 200 357 "GET http://172.18.0.2:8080/v1/AUTH_0d5484f449ee4a65a496c89062dbe7cb/gnocchi.1a82a262-4a5f-4850-adc1-2563eea1dead?format=json&states=listing" "tx54623369d7244c7b88b58-0069ade0f0" "proxy-server 12" 0.0167 "-" 22 0
Mar 8 20:49:52 standalone proxy-server[129565]: 172.18.0.2 172.18.0.100 08/Mar/2026/20/49/52 GET /v1/AUTH_0d5484f449ee4a65a496c89062dbe7cb/gnocchi.1a82a262-4a5f-4850-adc1-2563eea1dead%3Fformat%3Djson%26states%3Dlisting HTTP/1.0 200 - python-swiftclient-3.11.1 gAAAAABpreB27b5N... - 357 - tx54623369d7244c7b88b58-0069ade0f0 - 0.0257 - - 1773002992.649483681 1773002992.675176859 0
Mar 8 20:49:52 standalone container-server[127766]: 172.20.0.100 - - [08/Mar/2026:20:49:52 +0000] "GET /d1/306/AUTH_0d5484f449ee4a65a496c89062dbe7cb/gnocchi.1a82a262-4a5f-4850-adc1-2563eea1dead" 200 2 "GET http://172.18.0.2:8080/v1/AUTH_0d5484f449ee4a65a496c89062dbe7cb/gnocchi.1a82a262-4a5f-4850-adc1-2563eea1dead?format=json&marker=none_v3&states=listing" "tx8e3949e076dd4c5ebfe92-0069ade0f0" "proxy-server 12" 0.0020 "-" 21 0
Mar 8 20:49:52 standalone proxy-server[129565]: 172.18.0.2 172.18.0.100 08/Mar/2026/20/49/52 GET /v1/AUTH_0d5484f449ee4a65a496c89062dbe7cb/gnocchi.1a82a262-4a5f-4850-adc1-2563eea1dead%3Fformat%3Djson%26marker%3Dnone_v3%26states%3Dlisting HTTP/1.0 200 - python-swiftclient-3.11.1 gAAAAABpreB27b5N... - 2 - tx8e3949e076dd4c5ebfe92-0069ade0f0 - 0.0096 - - 1773002992.679073572 1773002992.688703537 0
Mar 8 20:49:52 standalone object-server[127894]: 172.20.0.100 - - [08/Mar/2026:20:49:52 +0000] "GET /d1/913/AUTH_0d5484f449ee4a65a496c89062dbe7cb/gnocchi.1a82a262-4a5f-4850-adc1-2563eea1dead/1772280000.0_mean_300.0_v3" 200 16 "GET http://172.18.0.2:8080/v1/AUTH_0d5484f449ee4a65a496c89062dbe7cb/gnocchi.1a82a262-4a5f-4850-adc1-2563eea1dead/1772280000.0_mean_300.0_v3" "txafe9c78f16ca433b85e05-0069ade0f0" "proxy-server 12" 0.0006 "-" 24 0
Mar 8 20:49:52 standalone proxy-server[129565]: 172.18.0.2 172.18.0.100 08/Mar/2026/20/49/52 GET /v1/AUTH_0d5484f449ee4a65a496c89062dbe7cb/gnocchi.1a82a262-4a5f-4850-adc1-2563eea1dead/1772280000.0_mean_300.0_v3 HTTP/1.0 200 - python-swiftclient-3.11.1 gAAAAABpreB27b5N... - 16 - txafe9c78f16ca433b85e05-0069ade0f0 - 0.0083 - - 1773002992.693428040 1773002992.701699257 0
Mar 8 20:49:52 standalone container-server[127773]: 172.20.0.100 - - [08/Mar/2026:20:49:52 +0000] "PUT /d1/306/AUTH_0d5484f449ee4a65a496c89062dbe7cb/gnocchi.1a82a262-4a5f-4850-adc1-2563eea1dead/1772280000.0_mean_300.0_v3" 201 - "PUT http://172.18.0.2:8080/d1/913/AUTH_0d5484f449ee4a65a496c89062dbe7cb/gnocchi.1a82a262-4a5f-4850-adc1-2563eea1dead/1772280000.0_mean_300.0_v3" "txd9b75359d3854c2b8fe1d-0069ade0f0" "object-server 23" 0.0016 "-" 22 0
Mar 8 20:49:52 standalone object-server[127892]: 172.20.0.100 - - [08/Mar/2026:20:49:52 +0000] "PUT /d1/913/AUTH_0d5484f449ee4a65a496c89062dbe7cb/gnocchi.1a82a262-4a5f-4850-adc1-2563eea1dead/1772280000.0_mean_300.0_v3" 201 - "PUT http://172.18.0.2:8080/v1/AUTH_0d5484f449ee4a65a496c89062dbe7cb/gnocchi.1a82a262-4a5f-4850-adc1-2563eea1dead/1772280000.0_mean_300.0_v3" "txd9b75359d3854c2b8fe1d-0069ade0f0" "proxy-server 12" 0.0128 "-" 23 0
Mar 8 20:49:52 standalone proxy-server[129565]: 172.18.0.2 172.18.0.100 08/Mar/2026/20/49/52 PUT /v1/AUTH_0d5484f449ee4a65a496c89062dbe7cb/gnocchi.1a82a262-4a5f-4850-adc1-2563eea1dead/1772280000.0_mean_300.0_v3 HTTP/1.0 201 - python-swiftclient-3.11.1 gAAAAABpreB27b5N... 16 - - txd9b75359d3854c2b8fe1d-0069ade0f0 - 0.0226 - - 1773002992.705806494 1773002992.728440523 0
Mar 8 20:49:52 standalone container-server[127766]: 172.20.0.100 - - [08/Mar/2026:20:49:52 +0000] "PUT /d1/306/AUTH_0d5484f449ee4a65a496c89062dbe7cb/gnocchi.1a82a262-4a5f-4850-adc1-2563eea1dead/none_v3" 201 - "PUT http://172.18.0.2:8080/d1/498/AUTH_0d5484f449ee4a65a496c89062dbe7cb/gnocchi.1a82a262-4a5f-4850-adc1-2563eea1dead/none_v3" "txb4b219ac7a414751a3b7e-0069ade0f0" "object-server 23" 0.0003 "-" 21 0
Mar 8 20:49:52 standalone object-server[127892]: 172.20.0.100 - - [08/Mar/2026:20:49:52 +0000] "PUT /d1/498/AUTH_0d5484f449ee4a65a496c89062dbe7cb/gnocchi.1a82a262-4a5f-4850-adc1-2563eea1dead/none_v3" 201 - "PUT http://172.18.0.2:8080/v1/AUTH_0d5484f449ee4a65a496c89062dbe7cb/gnocchi.1a82a262-4a5f-4850-adc1-2563eea1dead/none_v3" "txb4b219ac7a414751a3b7e-0069ade0f0" "proxy-server 12" 0.0107 "-" 23 0
Mar 8 20:49:52 standalone proxy-server[129565]: 172.18.0.2 172.18.0.100 08/Mar/2026/20/49/52 PUT /v1/AUTH_0d5484f449ee4a65a496c89062dbe7cb/gnocchi.1a82a262-4a5f-4850-adc1-2563eea1dead/none_v3 HTTP/1.0 201 - python-swiftclient-3.11.1 gAAAAABpreB27b5N... 32 - - txb4b219ac7a414751a3b7e-0069ade0f0 - 0.0195 - - 1773002992.732184172 1773002992.751642704 0
Mar 8 20:49:52 standalone object-server[127894]: 172.20.0.100 - - [08/Mar/2026:20:49:52 +0000] "GET /d1/454/AUTH_0d5484f449ee4a65a496c89062dbe7cb/gnocchi.37ee1488-c4fb-48cd-92ef-9ed9bf365173/none_v3" 200 22 "GET http://172.18.0.2:8080/v1/AUTH_0d5484f449ee4a65a496c89062dbe7cb/gnocchi.37ee1488-c4fb-48cd-92ef-9ed9bf365173/none_v3" "tx0b9c99bb6ed74dbe84e33-0069ade0f0" "proxy-server 12" 0.0006 "-" 24 0
Mar 8 20:49:52 standalone proxy-server[129565]: 172.18.0.2 172.18.0.100 08/Mar/2026/20/49/52 GET /v1/AUTH_0d5484f449ee4a65a496c89062dbe7cb/gnocchi.37ee1488-c4fb-48cd-92ef-9ed9bf365173/none_v3 HTTP/1.0 200 - python-swiftclient-3.11.1 gAAAAABpreB27b5N... - 22 - tx0b9c99bb6ed74dbe84e33-0069ade0f0 - 0.0110 - - 1773002992.765250444 1773002992.776217937 0
Mar 8 20:49:52 standalone container-server[127776]: 172.20.0.100 - - [08/Mar/2026:20:49:52 +0000] "GET /d1/254/AUTH_0d5484f449ee4a65a496c89062dbe7cb/gnocchi.37ee1488-c4fb-48cd-92ef-9ed9bf365173" 200 357 "GET http://172.18.0.2:8080/v1/AUTH_0d5484f449ee4a65a496c89062dbe7cb/gnocchi.37ee1488-c4fb-48cd-92ef-9ed9bf365173?format=json&states=listing" "txa23570475d5242588bd86-0069ade0f0" "proxy-server 12" 0.0084 "-" 23 0
Mar 8 20:49:52 standalone proxy-server[129565]: 172.18.0.2 172.18.0.100 08/Mar/2026/20/49/52 GET /v1/AUTH_0d5484f449ee4a65a496c89062dbe7cb/gnocchi.37ee1488-c4fb-48cd-92ef-9ed9bf365173%3Fformat%3Djson%26states%3Dlisting HTTP/1.0 200 - python-swiftclient-3.11.1 gAAAAABpreB27b5N... - 357 - txa23570475d5242588bd86-0069ade0f0 - 0.0176 - - 1773002992.781405687 1773002992.799052238 0
Mar 8 20:49:52 standalone container-server[127773]: 172.20.0.100 - - [08/Mar/2026:20:49:52 +0000] "GET /d1/254/AUTH_0d5484f449ee4a65a496c89062dbe7cb/gnocchi.37ee1488-c4fb-48cd-92ef-9ed9bf365173" 200 2 "GET http://172.18.0.2:8080/v1/AUTH_0d5484f449ee4a65a496c89062dbe7cb/gnocchi.37ee1488-c4fb-48cd-92ef-9ed9bf365173?format=json&marker=none_v3&states=listing" "txd9eed65cbb7848b3a9c55-0069ade0f0" "proxy-server 12" 0.0037 "-" 22 0
Mar 8 20:49:52 standalone proxy-server[129565]: 172.18.0.2 172.18.0.100 08/Mar/2026/20/49/52 GET /v1/AUTH_0d5484f449ee4a65a496c89062dbe7cb/gnocchi.37ee1488-c4fb-48cd-92ef-9ed9bf365173%3Fformat%3Djson%26marker%3Dnone_v3%26states%3Dlisting HTTP/1.0 200 - python-swiftclient-3.11.1 gAAAAABpreB27b5N... - 2 - txd9eed65cbb7848b3a9c55-0069ade0f0 - 0.0139 - - 1773002992.802634001 1773002992.816498995 0
Mar 8 20:49:52 standalone object-server[127895]: 172.20.0.100 - - [08/Mar/2026:20:49:52 +0000] "GET /d1/1004/AUTH_0d5484f449ee4a65a496c89062dbe7cb/gnocchi.37ee1488-c4fb-48cd-92ef-9ed9bf365173/1772280000.0_mean_300.0_v3" 200 16 "GET http://172.18.0.2:8080/v1/AUTH_0d5484f449ee4a65a496c89062dbe7cb/gnocchi.37ee1488-c4fb-48cd-92ef-9ed9bf365173/1772280000.0_mean_300.0_v3" "tx6cb1498b0c914d979617c-0069ade0f0" "proxy-server 12" 0.0010 "-" 25 0
Mar 8 20:49:52 standalone proxy-server[129565]: 172.18.0.2 172.18.0.100 08/Mar/2026/20/49/52 GET /v1/AUTH_0d5484f449ee4a65a496c89062dbe7cb/gnocchi.37ee1488-c4fb-48cd-92ef-9ed9bf365173/1772280000.0_mean_300.0_v3 HTTP/1.0 200 - python-swiftclient-3.11.1 gAAAAABpreB27b5N... - 16 - tx6cb1498b0c914d979617c-0069ade0f0 - 0.0090 - - 1773002992.821044445 1773002992.830091000 0
Mar 8 20:49:52 standalone container-server[127776]: 172.20.0.100 - - [08/Mar/2026:20:49:52 +0000] "PUT /d1/254/AUTH_0d5484f449ee4a65a496c89062dbe7cb/gnocchi.37ee1488-c4fb-48cd-92ef-9ed9bf365173/1772280000.0_mean_300.0_v3" 201 - "PUT http://172.18.0.2:8080/d1/1004/AUTH_0d5484f449ee4a65a496c89062dbe7cb/gnocchi.37ee1488-c4fb-48cd-92ef-9ed9bf365173/1772280000.0_mean_300.0_v3" "tx40f5ee42336c4e1bb1b89-0069ade0f0" "object-server 24" 0.0005 "-" 23 0
Mar 8 20:49:52 standalone object-server[127894]: 172.20.0.100 - - [08/Mar/2026:20:49:52 +0000] "PUT /d1/1004/AUTH_0d5484f449ee4a65a496c89062dbe7cb/gnocchi.37ee1488-c4fb-48cd-92ef-9ed9bf365173/1772280000.0_mean_300.0_v3" 201 - "PUT http://172.18.0.2:8080/v1/AUTH_0d5484f449ee4a65a496c89062dbe7cb/gnocchi.37ee1488-c4fb-48cd-92ef-9ed9bf365173/1772280000.0_mean_300.0_v3" "tx40f5ee42336c4e1bb1b89-0069ade0f0" "proxy-server 12" 0.0092 "-" 24 0
Mar 8 20:49:52 standalone proxy-server[129565]: 172.18.0.2 172.18.0.100 08/Mar/2026/20/49/52 PUT /v1/AUTH_0d5484f449ee4a65a496c89062dbe7cb/gnocchi.37ee1488-c4fb-48cd-92ef-9ed9bf365173/1772280000.0_mean_300.0_v3 HTTP/1.0 201 - python-swiftclient-3.11.1 gAAAAABpreB27b5N... 16 - - tx40f5ee42336c4e1bb1b89-0069ade0f0 - 0.0162 - - 1773002992.834027529 1773002992.850266218 0
Mar 8 20:49:52 standalone container-server[127776]: 172.20.0.100 - - [08/Mar/2026:20:49:52 +0000] "PUT /d1/254/AUTH_0d5484f449ee4a65a496c89062dbe7cb/gnocchi.37ee1488-c4fb-48cd-92ef-9ed9bf365173/none_v3" 201 - "PUT http://172.18.0.2:8080/d1/454/AUTH_0d5484f449ee4a65a496c89062dbe7cb/gnocchi.37ee1488-c4fb-48cd-92ef-9ed9bf365173/none_v3" "tx68b2eb40bd0840e399a0e-0069ade0f0" "object-server 22" 0.0003 "-" 23 0
Mar 8 20:49:52 standalone object-server[127890]: 172.20.0.100 - - [08/Mar/2026:20:49:52 +0000] "PUT /d1/454/AUTH_0d5484f449ee4a65a496c89062dbe7cb/gnocchi.37ee1488-c4fb-48cd-92ef-9ed9bf365173/none_v3" 201 - "PUT http://172.18.0.2:8080/v1/AUTH_0d5484f449ee4a65a496c89062dbe7cb/gnocchi.37ee1488-c4fb-48cd-92ef-9ed9bf365173/none_v3" "tx68b2eb40bd0840e399a0e-0069ade0f0" "proxy-server 12" 0.0093 "-" 22 0
Mar 8 20:49:52 standalone proxy-server[129565]: 172.18.0.2 172.18.0.100 08/Mar/2026/20/49/52 PUT /v1/AUTH_0d5484f449ee4a65a496c89062dbe7cb/gnocchi.37ee1488-c4fb-48cd-92ef-9ed9bf365173/none_v3 HTTP/1.0 201 - python-swiftclient-3.11.1 gAAAAABpreB27b5N... 32 - - tx68b2eb40bd0840e399a0e-0069ade0f0 - 0.0172 - - 1773002992.854656219 1773002992.871812344 0
Mar 8 20:49:55 standalone container-server[127776]: 172.20.0.100 - - [08/Mar/2026:20:49:55 +0000] "HEAD /d1/83/AUTH_0d5484f449ee4a65a496c89062dbe7cb/gnocchi.62a0ec5d-361b-4f3c-8266-88720758f23e" 404 - "HEAD http://172.18.0.2:8080/v1/AUTH_0d5484f449ee4a65a496c89062dbe7cb/gnocchi.62a0ec5d-361b-4f3c-8266-88720758f23e?format=json&states=listing" "txa2790564c7394f06bb4c9-0069ade0f3" "proxy-server 12" 0.0005 "-" 23 0
Mar 8 20:49:55 standalone object-server[127890]: 172.20.0.100 - - [08/Mar/2026:20:49:55 +0000] "GET /d1/535/AUTH_0d5484f449ee4a65a496c89062dbe7cb/gnocchi.62a0ec5d-361b-4f3c-8266-88720758f23e/none_v3" 404 70 "GET http://172.18.0.2:8080/v1/AUTH_0d5484f449ee4a65a496c89062dbe7cb/gnocchi.62a0ec5d-361b-4f3c-8266-88720758f23e/none_v3" "txa2790564c7394f06bb4c9-0069ade0f3" "proxy-server 12" 0.0006 "-" 22 0
Mar 8 20:49:55 standalone proxy-server[129565]: 172.18.0.2 172.18.0.100 08/Mar/2026/20/49/55 GET /v1/AUTH_0d5484f449ee4a65a496c89062dbe7cb/gnocchi.62a0ec5d-361b-4f3c-8266-88720758f23e/none_v3 HTTP/1.0 404 - python-swiftclient-3.11.1 gAAAAABpreB27b5N... - 70 - txa2790564c7394f06bb4c9-0069ade0f3 - 0.0103 - - 1773002995.936563969 1773002995.946829557 0
Mar 8 20:49:55 standalone account-server[127650]: 172.20.0.100 - - [08/Mar/2026:20:49:55 +0000] "PUT /d1/712/AUTH_0d5484f449ee4a65a496c89062dbe7cb/gnocchi.62a0ec5d-361b-4f3c-8266-88720758f23e" 201 - "PUT http://172.20.0.100:6001/d1/83/AUTH_0d5484f449ee4a65a496c89062dbe7cb/gnocchi.62a0ec5d-361b-4f3c-8266-88720758f23e" "tx541ee1b5ff094fa681e9c-0069ade0f3" "container-server 23" 0.0013 "-" 22 0
Mar 8 20:49:55 standalone container-server[127776]: 172.20.0.100 - - [08/Mar/2026:20:49:55 +0000] "PUT /d1/83/AUTH_0d5484f449ee4a65a496c89062dbe7cb/gnocchi.62a0ec5d-361b-4f3c-8266-88720758f23e" 201 - "PUT http://172.18.0.2:8080/v1/AUTH_0d5484f449ee4a65a496c89062dbe7cb/gnocchi.62a0ec5d-361b-4f3c-8266-88720758f23e" "tx541ee1b5ff094fa681e9c-0069ade0f3" "proxy-server 12" 0.0110 "-" 23 0
Mar 8 20:49:55 standalone proxy-server[129565]: 172.18.0.2 172.18.0.100 08/Mar/2026/20/49/55 PUT /v1/AUTH_0d5484f449ee4a65a496c89062dbe7cb/gnocchi.62a0ec5d-361b-4f3c-8266-88720758f23e HTTP/1.0 201 - python-swiftclient-3.11.1 gAAAAABpreB27b5N... - - - tx541ee1b5ff094fa681e9c-0069ade0f3 - 0.0158 - - 1773002995.949704409 1773002995.965493202 0
Mar 8 20:49:55 standalone container-server[127766]: 172.20.0.100 - - [08/Mar/2026:20:49:55 +0000] "HEAD /d1/83/AUTH_0d5484f449ee4a65a496c89062dbe7cb/gnocchi.62a0ec5d-361b-4f3c-8266-88720758f23e" 204 - "HEAD http://172.18.0.2:8080/v1/AUTH_0d5484f449ee4a65a496c89062dbe7cb/gnocchi.62a0ec5d-361b-4f3c-8266-88720758f23e?format=json&states=listing" "tx8e25e6a4b5af4532b45ad-0069ade0f3" "proxy-server 12" 0.0012 "-" 21 0
Mar 8 20:49:55 standalone proxy-server[129565]: - - 08/Mar/2026/20/49/55 HEAD /v1/AUTH_0d5484f449ee4a65a496c89062dbe7cb/gnocchi.62a0ec5d-361b-4f3c-8266-88720758f23e%3Fformat%3Djson%26states%3Dlisting HTTP/1.0 204 - Swift - - - - tx8e25e6a4b5af4532b45ad-0069ade0f3 - 0.0039 RL - 1773002995.969287634 1773002995.973176003 0
Mar 8 20:49:55 standalone container-server[127776]: 172.20.0.100 - - [08/Mar/2026:20:49:55 +0000] "GET /d1/83/AUTH_0d5484f449ee4a65a496c89062dbe7cb/gnocchi.62a0ec5d-361b-4f3c-8266-88720758f23e" 200 2 "GET http://172.18.0.2:8080/v1/AUTH_0d5484f449ee4a65a496c89062dbe7cb/gnocchi.62a0ec5d-361b-4f3c-8266-88720758f23e?format=json&states=listing" "tx8e25e6a4b5af4532b45ad-0069ade0f3" "proxy-server 12" 0.0028 "-" 23 0
Mar 8 20:49:55 standalone proxy-server[129565]: 172.18.0.2 172.18.0.100 08/Mar/2026/20/49/55 GET /v1/AUTH_0d5484f449ee4a65a496c89062dbe7cb/gnocchi.62a0ec5d-361b-4f3c-8266-88720758f23e%3Fformat%3Djson%26states%3Dlisting HTTP/1.0 200 - python-swiftclient-3.11.1 gAAAAABpreB27b5N... - 2 - tx8e25e6a4b5af4532b45ad-0069ade0f3 - 0.0184 - - 1773002995.968463898 1773002995.986850739 0
Mar 8 20:49:55 standalone object-server[127894]: 172.20.0.100 - - [08/Mar/2026:20:49:55 +0000] "GET /d1/749/AUTH_0d5484f449ee4a65a496c89062dbe7cb/gnocchi.62a0ec5d-361b-4f3c-8266-88720758f23e/1772280000.0_mean_300.0_v3" 404 70 "GET http://172.18.0.2:8080/v1/AUTH_0d5484f449ee4a65a496c89062dbe7cb/gnocchi.62a0ec5d-361b-4f3c-8266-88720758f23e/1772280000.0_mean_300.0_v3" "tx282c9bc95c15482489e7b-0069ade0f3" "proxy-server 12" 0.0003 "-" 24 0
Mar 8 20:49:55 standalone proxy-server[129565]: 172.18.0.2 172.18.0.100 08/Mar/2026/20/49/55 GET /v1/AUTH_0d5484f449ee4a65a496c89062dbe7cb/gnocchi.62a0ec5d-361b-4f3c-8266-88720758f23e/1772280000.0_mean_300.0_v3 HTTP/1.0 404 - python-swiftclient-3.11.1 gAAAAABpreB27b5N... - 70 - tx282c9bc95c15482489e7b-0069ade0f3 - 0.0056 - - 1773002995.990122080 1773002995.995763540 0
Mar 8 20:49:56 standalone container-server[127766]: 172.20.0.100 - - [08/Mar/2026:20:49:56 +0000] "PUT /d1/83/AUTH_0d5484f449ee4a65a496c89062dbe7cb/gnocchi.62a0ec5d-361b-4f3c-8266-88720758f23e/1772280000.0_mean_300.0_v3" 201 - "PUT http://172.18.0.2:8080/d1/749/AUTH_0d5484f449ee4a65a496c89062dbe7cb/gnocchi.62a0ec5d-361b-4f3c-8266-88720758f23e/1772280000.0_mean_300.0_v3" "tx492d29dece6649deb8925-0069ade0f3" "object-server 24" 0.0006 "-" 21 0
Mar 8 20:49:56 standalone object-server[127894]: 172.20.0.100 - - [08/Mar/2026:20:49:56 +0000] "PUT /d1/749/AUTH_0d5484f449ee4a65a496c89062dbe7cb/gnocchi.62a0ec5d-361b-4f3c-8266-88720758f23e/1772280000.0_mean_300.0_v3" 201 - "PUT http://172.18.0.2:8080/v1/AUTH_0d5484f449ee4a65a496c89062dbe7cb/gnocchi.62a0ec5d-361b-4f3c-8266-88720758f23e/1772280000.0_mean_300.0_v3" "tx492d29dece6649deb8925-0069ade0f3" "proxy-server 12" 0.0089 "-" 24 0
Mar 8 20:49:56 standalone proxy-server[129565]: 172.18.0.2 172.18.0.100 08/Mar/2026/20/49/56 PUT /v1/AUTH_0d5484f449ee4a65a496c89062dbe7cb/gnocchi.62a0ec5d-361b-4f3c-8266-88720758f23e/1772280000.0_mean_300.0_v3 HTTP/1.0 201 - python-swiftclient-3.11.1 gAAAAABpreB27b5N... 16 - - tx492d29dece6649deb8925-0069ade0f3 - 0.0159 - - 1773002995.999058247 1773002996.014948606 0
Mar 8 20:49:56 standalone container-server[127776]: 172.20.0.100 - - [08/Mar/2026:20:49:56 +0000] "PUT /d1/83/AUTH_0d5484f449ee4a65a496c89062dbe7cb/gnocchi.62a0ec5d-361b-4f3c-8266-88720758f23e/none_v3" 201 - "PUT http://172.18.0.2:8080/d1/535/AUTH_0d5484f449ee4a65a496c89062dbe7cb/gnocchi.62a0ec5d-361b-4f3c-8266-88720758f23e/none_v3" "tx53798edf3444416da0750-0069ade0f4" "object-server 24" 0.0005 "-" 23 0
