Mar 8 20:35:43 standalone account-server[127225]: Starting 2
Mar 8 20:35:43 standalone account-server[127252]: Started child 20 from parent 2
Mar 8 20:35:43 standalone account-server[127252]: Started child 21 from parent 2
Mar 8 20:35:43 standalone account-server[127252]: Started child 22 from parent 2
Mar 8 20:35:43 standalone account-server[127252]: Started child 23 from parent 2
Mar 8 20:35:43 standalone container-server[127298]: Option allow_versions is deprecated. Configure the versioned_writes middleware in the proxy-server instead. This option will be ignored in a future release.
Mar 8 20:35:43 standalone container-server[127747]: Option allow_versions is deprecated. Configure the versioned_writes middleware in the proxy-server instead. This option will be ignored in a future release.
Mar 8 20:35:43 standalone container-server[127298]: Started child 20 from parent 2
Mar 8 20:35:43 standalone container-server[127766]: Option allow_versions is deprecated. Configure the versioned_writes middleware in the proxy-server instead. This option will be ignored in a future release.
Mar 8 20:35:43 standalone container-server[127298]: Started child 21 from parent 2
Mar 8 20:35:43 standalone container-server[127773]: Option allow_versions is deprecated. Configure the versioned_writes middleware in the proxy-server instead. This option will be ignored in a future release.
Mar 8 20:35:43 standalone container-server[127298]: Started child 22 from parent 2
Mar 8 20:35:44 standalone container-server[127776]: Option allow_versions is deprecated. Configure the versioned_writes middleware in the proxy-server instead. This option will be ignored in a future release.
Mar 8 20:35:44 standalone container-server[127298]: Started child 23 from parent 2
Mar 8 20:35:44 standalone container-server[127594]: Starting 2
Mar 8 20:35:44 standalone object-expirer[127741]: Starting 2
Mar 8 20:35:44 standalone object-expirer[127741]: Option auto_create_account_prefix is deprecated. Configure auto_create_account_prefix under the swift-constraints section of swift.conf. This option will be ignored in a future release.
Mar 8 20:35:44 standalone object-server[127825]: Starting 2
Mar 8 20:35:44 standalone object-server[127767]: Started child 22 from parent 2
Mar 8 20:35:44 standalone object-server[127767]: Started child 23 from parent 2
Mar 8 20:35:44 standalone object-server[127767]: Started child 24 from parent 2
Mar 8 20:35:44 standalone object-server[127767]: Started child 25 from parent 2
Mar 8 20:35:50 standalone proxy-server[129344]: Starting Keystone auth_token middleware
Mar 8 20:35:50 standalone proxy-server[129344]: AuthToken middleware is set with keystone_authtoken.service_token_roles_required set to False. This is backwards compatible but deprecated behaviour. Please set this to True.
Mar 8 20:35:51 standalone proxy-server[129565]: Starting Keystone auth_token middleware
Mar 8 20:35:51 standalone proxy-server[129565]: STDERR: The option "bind_port" is not known to keystonemiddleware
Mar 8 20:35:51 standalone proxy-server[129565]: STDERR: The option "workers" is not known to keystonemiddleware
Mar 8 20:35:51 standalone proxy-server[129565]: STDERR: The option "user" is not known to keystonemiddleware
Mar 8 20:35:51 standalone proxy-server[129565]: STDERR: The option "bind_ip" is not known to keystonemiddleware
Mar 8 20:35:51 standalone proxy-server[129565]: STDERR: The option "log_name" is not known to keystonemiddleware
Mar 8 20:35:51 standalone proxy-server[129565]: STDERR: The option "log_facility" is not known to keystonemiddleware
Mar 8 20:35:51 standalone proxy-server[129565]: STDERR: The option "log_level" is not known to keystonemiddleware
Mar 8 20:35:51 standalone proxy-server[129565]: STDERR: The option "log_headers" is not known to keystonemiddleware
Mar 8 20:35:51 standalone proxy-server[129565]: STDERR: The option "log_address" is not known to keystonemiddleware
Mar 8 20:35:51 standalone proxy-server[129565]: STDERR: The option "project_name" is not known to keystonemiddleware
Mar 8 20:35:51 standalone proxy-server[129565]: STDERR: The option "username" is not known to keystonemiddleware
Mar 8 20:35:51 standalone proxy-server[129565]: STDERR: The option "password" is not known to keystonemiddleware
Mar 8 20:35:51 standalone proxy-server[129565]: STDERR: The option "auth_url" is not known to keystonemiddleware
Mar 8 20:35:51 standalone proxy-server[129565]: STDERR: The option "signing_dir" is not known to keystonemiddleware
Mar 8 20:35:51 standalone proxy-server[129565]: STDERR: The option "project_domain_id" is not known to keystonemiddleware
Mar 8 20:35:51 standalone proxy-server[129565]: STDERR: The option "user_domain_id" is not known to keystonemiddleware
Mar 8 20:35:51 standalone proxy-server[129565]: STDERR: The option "__name__" is not known to keystonemiddleware
Mar 8 20:35:51 standalone proxy-server[129565]: AuthToken middleware is set with keystone_authtoken.service_token_roles_required set to False. This is backwards compatible but deprecated behaviour. Please set this to True.
Mar 8 20:35:51 standalone proxy-server[129344]: Started child 12 from parent 2
Mar 8 20:38:12 standalone account-server[127650]: 172.20.0.100 - - [08/Mar/2026:20:38:12 +0000] "HEAD /d1/719/.expiring_objects" 404 - "HEAD http://localhost/v1/.expiring_objects?format=json" "txbab673b105e24ef790dba-0069adde34" "proxy-server 2" 0.0009 "-" 22 -
Mar 8 20:38:12 standalone object-expirer[127741]: Pass completed in 0s; 0 objects expired (txn: txbab673b105e24ef790dba-0069adde34)
Mar 8 20:38:18 standalone account-server[127225]: Devices pass completed: 0.00s
Mar 8 20:39:50 standalone object-server[127825]: Begin object update sweep
Mar 8 20:39:50 standalone object-server[157633]: Object update sweep starting on /srv/node/d1 (pid: 12)
Mar 8 20:39:50 standalone object-server[157633]: Object update sweep completed on /srv/node/d1 in 0.00s seconds:, 0 successes, 0 failures, 0 quarantines, 0 unlinks, 0 errors, 0 redirects (pid: 12)
Mar 8 20:39:50 standalone object-server[157633]: Object update sweep of d1 completed: 0.00s, 0 successes, 0 failures, 0 quarantines, 0 unlinks, 0 errors, 0 redirects
Mar 8 20:39:50 standalone object-server[127825]: Object update sweep completed: 0.08s
Mar 8 20:40:01 standalone account-server[127637]: 172.20.0.100 - - [08/Mar/2026:20:40:01 +0000] "HEAD /d1/719/.expiring_objects" 404 - "HEAD http://localhost/v1/.expiring_objects?format=json" "tx8644e7aedeaf423c9b7d8-0069addea1" "proxy-server 2" 0.0011 "-" 20 -
Mar 8 20:40:01 standalone object-expirer[127741]: Pass completed in 0s; 0 objects expired (txn: tx8644e7aedeaf423c9b7d8-0069addea1)
Mar 8 20:40:24 standalone container-server[127594]: Begin container update sweep
Mar 8 20:40:24 standalone container-server[127594]: Container update sweep completed: 0.00s
Mar 8 20:40:27 standalone account-server[127637]: 172.20.0.100 - - [08/Mar/2026:20:40:27 +0000] "HEAD /d1/719/.expiring_objects" 404 - "HEAD http://localhost/v1/.expiring_objects?format=json" "tx4d88dd6006c94a8d80ca6-0069addebb" "proxy-server 2" 0.0007 "-" 20 -
Mar 8 20:40:27 standalone object-expirer[127741]: Pass completed in 0s; 0 objects expired (txn: tx4d88dd6006c94a8d80ca6-0069addebb)
Mar 8 20:43:55 standalone account-server[127637]: 172.20.0.100 - - [08/Mar/2026:20:43:55 +0000] "HEAD /d1/719/.expiring_objects" 404 - "HEAD http://localhost/v1/.expiring_objects?format=json" "txf3154ed28cfb41209c92d-0069addf8b" "proxy-server 2" 0.0007 "-" 20 -
Mar 8 20:43:55 standalone object-expirer[127741]: Pass completed in 0s; 0 objects expired (txn: txf3154ed28cfb41209c92d-0069addf8b)
Mar 8 20:44:50 standalone object-server[127825]: Begin object update sweep
Mar 8 20:44:50 standalone object-server[199562]: Object update sweep starting on /srv/node/d1 (pid: 13)
Mar 8 20:44:50 standalone object-server[199562]: Object update sweep completed on /srv/node/d1 in 0.00s seconds:, 0 successes, 0 failures, 0 quarantines, 0 unlinks, 0 errors, 0 redirects (pid: 13)
Mar 8 20:44:50 standalone object-server[199562]: Object update sweep of d1 completed: 0.00s, 0 successes, 0 failures, 0 quarantines, 0 unlinks, 0 errors, 0 redirects
Mar 8 20:44:50 standalone object-server[127825]: Object update sweep completed: 0.09s
Mar 8 20:45:24 standalone container-server[127594]: Begin container update sweep
Mar 8 20:45:24 standalone container-server[127594]: Container update sweep completed: 0.00s
Mar 8 20:47:50 standalone account-server[127637]: 172.20.0.100 - - [08/Mar/2026:20:47:50 +0000] "HEAD /d1/712/AUTH_0d5484f449ee4a65a496c89062dbe7cb" 404 - "HEAD http://172.18.0.2:8080/v1/AUTH_0d5484f449ee4a65a496c89062dbe7cb?format=json" "txca3559b29dc84abcb8ebc-0069ade076" "proxy-server 12" 0.0005 "-" 20 -
Mar 8 20:47:50 standalone proxy-server[129565]: - - 08/Mar/2026/20/47/50 HEAD /v1/AUTH_0d5484f449ee4a65a496c89062dbe7cb%3Fformat%3Djson HTTP/1.0 200 - Swift - - - - txca3559b29dc84abcb8ebc-0069ade076 - 0.0072 RL - 1773002870.707779646 1773002870.715027094 -
Mar 8 20:47:51 standalone object-server[127892]: 172.20.0.100 - - [08/Mar/2026:20:47:51 +0000] "GET /d1/452/AUTH_0d5484f449ee4a65a496c89062dbe7cb/gnocchi.49522ebb-dd65-4caf-bec1-b1b7843d5809/none_v3" 404 70 "GET http://172.18.0.2:8080/v1/AUTH_0d5484f449ee4a65a496c89062dbe7cb/gnocchi.49522ebb-dd65-4caf-bec1-b1b7843d5809/none_v3" "txca3559b29dc84abcb8ebc-0069ade076" "proxy-server 12" 0.0013 "-" 23 0
Mar 8 20:47:51 standalone proxy-server[129565]: 172.18.0.2 172.18.0.100 08/Mar/2026/20/47/51 GET /v1/AUTH_0d5484f449ee4a65a496c89062dbe7cb/gnocchi.49522ebb-dd65-4caf-bec1-b1b7843d5809/none_v3 HTTP/1.0 404 - python-swiftclient-3.11.1 gAAAAABpreB27b5N... - 70 - txca3559b29dc84abcb8ebc-0069ade076 - 0.3881 - - 1773002870.704222202 1773002871.092278481 0
Mar 8 20:47:51 standalone account-server[127660]: 172.20.0.100 - - [08/Mar/2026:20:47:51 +0000] "PUT /d1/712/AUTH_0d5484f449ee4a65a496c89062dbe7cb" 201 - "-" "tx01752e5c36c34ba3af685-0069ade077" "-" 0.0202 "-" 23 -
Mar 8 20:47:51 standalone proxy-server[129565]: autocreate account '/AUTH_0d5484f449ee4a65a496c89062dbe7cb' (txn: tx01752e5c36c34ba3af685-0069ade077)
Mar 8 20:47:51 standalone account-server[127650]: 172.20.0.100 - - [08/Mar/2026:20:47:51 +0000] "HEAD /d1/712/AUTH_0d5484f449ee4a65a496c89062dbe7cb" 204 - "HEAD http://172.18.0.2:8080/v1/AUTH_0d5484f449ee4a65a496c89062dbe7cb?format=json" "tx01752e5c36c34ba3af685-0069ade077" "proxy-server 12" 0.0032 "-" 22 -
Mar 8 20:47:51 standalone account-server[127650]: 172.20.0.100 - - [08/Mar/2026:20:47:51 +0000] "PUT /d1/712/AUTH_0d5484f449ee4a65a496c89062dbe7cb/gnocchi.49522ebb-dd65-4caf-bec1-b1b7843d5809" 201 - "PUT http://172.20.0.100:6001/d1/538/AUTH_0d5484f449ee4a65a496c89062dbe7cb/gnocchi.49522ebb-dd65-4caf-bec1-b1b7843d5809" "tx01752e5c36c34ba3af685-0069ade077" "container-server 23" 0.0019 "-" 22 0
Mar 8 20:47:51 standalone container-server[127776]: 172.20.0.100 - - [08/Mar/2026:20:47:51 +0000] "PUT /d1/538/AUTH_0d5484f449ee4a65a496c89062dbe7cb/gnocchi.49522ebb-dd65-4caf-bec1-b1b7843d5809" 201 - "PUT http://172.18.0.2:8080/v1/AUTH_0d5484f449ee4a65a496c89062dbe7cb/gnocchi.49522ebb-dd65-4caf-bec1-b1b7843d5809" "tx01752e5c36c34ba3af685-0069ade077" "proxy-server 12" 0.0193 "-" 23 0
Mar 8 20:47:51 standalone proxy-server[129565]: 172.18.0.2 172.18.0.100 08/Mar/2026/20/47/51 PUT /v1/AUTH_0d5484f449ee4a65a496c89062dbe7cb/gnocchi.49522ebb-dd65-4caf-bec1-b1b7843d5809 HTTP/1.0 201 - python-swiftclient-3.11.1 gAAAAABpreB27b5N... - - - tx01752e5c36c34ba3af685-0069ade077 - 0.0603 - - 1773002871.095573425 1773002871.155837774 0
Mar 8 20:47:51 standalone container-server[127773]: 172.20.0.100 - - [08/Mar/2026:20:47:51 +0000] "HEAD /d1/538/AUTH_0d5484f449ee4a65a496c89062dbe7cb/gnocchi.49522ebb-dd65-4caf-bec1-b1b7843d5809" 204 - "HEAD http://172.18.0.2:8080/v1/AUTH_0d5484f449ee4a65a496c89062dbe7cb/gnocchi.49522ebb-dd65-4caf-bec1-b1b7843d5809?format=json&states=listing" "txbea6d5f4d2e24ba4beb99-0069ade077" "proxy-server 12" 0.0032 "-" 22 0
Mar 8 20:47:51 standalone proxy-server[129565]: - - 08/Mar/2026/20/47/51 HEAD /v1/AUTH_0d5484f449ee4a65a496c89062dbe7cb/gnocchi.49522ebb-dd65-4caf-bec1-b1b7843d5809%3Fformat%3Djson%26states%3Dlisting HTTP/1.0 204 - Swift - - - - txbea6d5f4d2e24ba4beb99-0069ade077 - 0.0071 RL - 1773002871.164508820 1773002871.171581745 0
Mar 8 20:47:51 standalone container-server[127747]: 172.20.0.100 - - [08/Mar/2026:20:47:51 +0000] "GET /d1/538/AUTH_0d5484f449ee4a65a496c89062dbe7cb/gnocchi.49522ebb-dd65-4caf-bec1-b1b7843d5809" 200 2 "GET http://172.18.0.2:8080/v1/AUTH_0d5484f449ee4a65a496c89062dbe7cb/gnocchi.49522ebb-dd65-4caf-bec1-b1b7843d5809?format=json&states=listing" "txbea6d5f4d2e24ba4beb99-0069ade077" "proxy-server 12" 0.0036 "-" 20 0
Mar 8 20:47:51 standalone proxy-server[129565]: 172.18.0.2 172.18.0.100 08/Mar/2026/20/47/51 GET /v1/AUTH_0d5484f449ee4a65a496c89062dbe7cb/gnocchi.49522ebb-dd65-4caf-bec1-b1b7843d5809%3Fformat%3Djson%26states%3Dlisting HTTP/1.0 200 - python-swiftclient-3.11.1 gAAAAABpreB27b5N... - 2 - txbea6d5f4d2e24ba4beb99-0069ade077 - 0.0218 - - 1773002871.160156488 1773002871.181935310 0
Mar 8 20:47:51 standalone object-server[127894]: 172.20.0.100 - - [08/Mar/2026:20:47:51 +0000] "GET /d1/1018/AUTH_0d5484f449ee4a65a496c89062dbe7cb/gnocchi.49522ebb-dd65-4caf-bec1-b1b7843d5809/1772280000.0_mean_300.0_v3" 404 70 "GET http://172.18.0.2:8080/v1/AUTH_0d5484f449ee4a65a496c89062dbe7cb/gnocchi.49522ebb-dd65-4caf-bec1-b1b7843d5809/1772280000.0_mean_300.0_v3" "txb9662fb751404fd0951cd-0069ade077" "proxy-server 12" 0.0013 "-" 24 0
Mar 8 20:47:51 standalone proxy-server[129565]: 172.18.0.2 172.18.0.100 08/Mar/2026/20/47/51 GET /v1/AUTH_0d5484f449ee4a65a496c89062dbe7cb/gnocchi.49522ebb-dd65-4caf-bec1-b1b7843d5809/1772280000.0_mean_300.0_v3 HTTP/1.0 404 - python-swiftclient-3.11.1 gAAAAABpreB27b5N... - 70 - txb9662fb751404fd0951cd-0069ade077 - 0.0071 - - 1773002871.188027859 1773002871.195165396 0
Mar 8 20:47:51 standalone container-server[127773]: 172.20.0.100 - - [08/Mar/2026:20:47:51 +0000] "PUT /d1/538/AUTH_0d5484f449ee4a65a496c89062dbe7cb/gnocchi.49522ebb-dd65-4caf-bec1-b1b7843d5809/1772280000.0_mean_300.0_v3" 201 - "PUT http://172.18.0.2:8080/d1/1018/AUTH_0d5484f449ee4a65a496c89062dbe7cb/gnocchi.49522ebb-dd65-4caf-bec1-b1b7843d5809/1772280000.0_mean_300.0_v3" "txa9cacb0e4048474ebd402-0069ade077" "object-server 23" 0.0008 "-" 22 0
Mar 8 20:47:51 standalone object-server[127892]: 172.20.0.100 - - [08/Mar/2026:20:47:51 +0000] "PUT /d1/1018/AUTH_0d5484f449ee4a65a496c89062dbe7cb/gnocchi.49522ebb-dd65-4caf-bec1-b1b7843d5809/1772280000.0_mean_300.0_v3" 201 - "PUT http://172.18.0.2:8080/v1/AUTH_0d5484f449ee4a65a496c89062dbe7cb/gnocchi.49522ebb-dd65-4caf-bec1-b1b7843d5809/1772280000.0_mean_300.0_v3" "txa9cacb0e4048474ebd402-0069ade077" "proxy-server 12" 0.0310 "-" 23 0
Mar 8 20:47:51 standalone proxy-server[129565]: 172.18.0.2 172.18.0.100 08/Mar/2026/20/47/51 PUT /v1/AUTH_0d5484f449ee4a65a496c89062dbe7cb/gnocchi.49522ebb-dd65-4caf-bec1-b1b7843d5809/1772280000.0_mean_300.0_v3 HTTP/1.0 201 - python-swiftclient-3.11.1 gAAAAABpreB27b5N... 16 - - txa9cacb0e4048474ebd402-0069ade077 - 0.0369 - - 1773002871.199379921 1773002871.236303806 0
Mar 8 20:47:51 standalone container-server[127747]: 172.20.0.100 - - [08/Mar/2026:20:47:51 +0000] "PUT /d1/538/AUTH_0d5484f449ee4a65a496c89062dbe7cb/gnocchi.49522ebb-dd65-4caf-bec1-b1b7843d5809/none_v3" 201 - "PUT http://172.18.0.2:8080/d1/452/AUTH_0d5484f449ee4a65a496c89062dbe7cb/gnocchi.49522ebb-dd65-4caf-bec1-b1b7843d5809/none_v3" "tx1fc81d853866413aa9ad3-0069ade077" "object-server 22" 0.0006 "-" 20 0
Mar 8 20:47:51 standalone object-server[127890]: 172.20.0.100 - - [08/Mar/2026:20:47:51 +0000] "PUT /d1/452/AUTH_0d5484f449ee4a65a496c89062dbe7cb/gnocchi.49522ebb-dd65-4caf-bec1-b1b7843d5809/none_v3" 201 - "PUT http://172.18.0.2:8080/v1/AUTH_0d5484f449ee4a65a496c89062dbe7cb/gnocchi.49522ebb-dd65-4caf-bec1-b1b7843d5809/none_v3" "tx1fc81d853866413aa9ad3-0069ade077" "proxy-server 12" 0.0297 "-" 22 0
Mar 8 20:47:51 standalone proxy-server[129565]: 172.18.0.2 172.18.0.100 08/Mar/2026/20/47/51 PUT /v1/AUTH_0d5484f449ee4a65a496c89062dbe7cb/gnocchi.49522ebb-dd65-4caf-bec1-b1b7843d5809/none_v3 HTTP/1.0 201 - python-swiftclient-3.11.1 gAAAAABpreB27b5N... 22 - - tx1fc81d853866413aa9ad3-0069ade077 - 0.0361 - - 1773002871.240200758 1773002871.276261091 0
Mar 8 20:48:20 standalone object-server[127892]: 172.20.0.100 - - [08/Mar/2026:20:48:20 +0000] "GET /d1/452/AUTH_0d5484f449ee4a65a496c89062dbe7cb/gnocchi.49522ebb-dd65-4caf-bec1-b1b7843d5809/none_v3" 200 22 "GET http://172.18.0.2:8080/v1/AUTH_0d5484f449ee4a65a496c89062dbe7cb/gnocchi.49522ebb-dd65-4caf-bec1-b1b7843d5809/none_v3" "txe61973e9322944069c777-0069ade094" "proxy-server 12" 0.0016 "-" 23 0
Mar 8 20:48:20 standalone proxy-server[129565]: 172.18.0.2 172.18.0.100 08/Mar/2026/20/48/20 GET /v1/AUTH_0d5484f449ee4a65a496c89062dbe7cb/gnocchi.49522ebb-dd65-4caf-bec1-b1b7843d5809/none_v3 HTTP/1.0 200 - python-swiftclient-3.11.1 gAAAAABpreB27b5N... - 22 - txe61973e9322944069c777-0069ade094 - 0.0133 - - 1773002900.355857849 1773002900.369188070 0
Mar 8 20:48:20 standalone container-server[127776]: 172.20.0.100 - - [08/Mar/2026:20:48:20 +0000] "GET /d1/538/AUTH_0d5484f449ee4a65a496c89062dbe7cb/gnocchi.49522ebb-dd65-4caf-bec1-b1b7843d5809" 200 357 "GET http://172.18.0.2:8080/v1/AUTH_0d5484f449ee4a65a496c89062dbe7cb/gnocchi.49522ebb-dd65-4caf-bec1-b1b7843d5809?format=json&states=listing" "tx7a595d951c7d4395abbdb-0069ade094" "proxy-server 12" 0.0249 "-" 23 0
Mar 8 20:48:20 standalone proxy-server[129565]: 172.18.0.2 172.18.0.100 08/Mar/2026/20/48/20 GET /v1/AUTH_0d5484f449ee4a65a496c89062dbe7cb/gnocchi.49522ebb-dd65-4caf-bec1-b1b7843d5809%3Fformat%3Djson%26states%3Dlisting HTTP/1.0 200 - python-swiftclient-3.11.1 gAAAAABpreB27b5N... - 357 - tx7a595d951c7d4395abbdb-0069ade094 - 0.0359 - - 1773002900.376099825 1773002900.411997080 0
Mar 8 20:48:20 standalone container-server[127766]: 172.20.0.100 - - [08/Mar/2026:20:48:20 +0000] "GET /d1/538/AUTH_0d5484f449ee4a65a496c89062dbe7cb/gnocchi.49522ebb-dd65-4caf-bec1-b1b7843d5809" 200 2 "GET http://172.18.0.2:8080/v1/AUTH_0d5484f449ee4a65a496c89062dbe7cb/gnocchi.49522ebb-dd65-4caf-bec1-b1b7843d5809?format=json&marker=none_v3&states=listing" "txe4e0d5964d434cbca44c8-0069ade094" "proxy-server 12" 0.0031 "-" 21 0
Mar 8 20:48:20 standalone proxy-server[129565]: 172.18.0.2 172.18.0.100 08/Mar/2026/20/48/20 GET /v1/AUTH_0d5484f449ee4a65a496c89062dbe7cb/gnocchi.49522ebb-dd65-4caf-bec1-b1b7843d5809%3Fformat%3Djson%26marker%3Dnone_v3%26states%3Dlisting HTTP/1.0 200 - python-swiftclient-3.11.1 gAAAAABpreB27b5N... - 2 - txe4e0d5964d434cbca44c8-0069ade094 - 0.0108 - - 1773002900.416275740 1773002900.427049160 0
Mar 8 20:48:20 standalone object-server[127890]: 172.20.0.100 - - [08/Mar/2026:20:48:20 +0000] "GET /d1/1018/AUTH_0d5484f449ee4a65a496c89062dbe7cb/gnocchi.49522ebb-dd65-4caf-bec1-b1b7843d5809/1772280000.0_mean_300.0_v3" 200 16 "GET http://172.18.0.2:8080/v1/AUTH_0d5484f449ee4a65a496c89062dbe7cb/gnocchi.49522ebb-dd65-4caf-bec1-b1b7843d5809/1772280000.0_mean_300.0_v3" "tx3bdf4e41768448309a2f6-0069ade094" "proxy-server 12" 0.0013 "-" 22 0
Mar 8 20:48:20 standalone proxy-server[129565]: 172.18.0.2 172.18.0.100 08/Mar/2026/20/48/20 GET /v1/AUTH_0d5484f449ee4a65a496c89062dbe7cb/gnocchi.49522ebb-dd65-4caf-bec1-b1b7843d5809/1772280000.0_mean_300.0_v3 HTTP/1.0 200 - python-swiftclient-3.11.1 gAAAAABpreB27b5N... - 16 - tx3bdf4e41768448309a2f6-0069ade094 - 0.0094 - - 1773002900.431763887 1773002900.441133261 0
Mar 8 20:48:20 standalone container-server[127766]: 172.20.0.100 - - [08/Mar/2026:20:48:20 +0000] "PUT /d1/538/AUTH_0d5484f449ee4a65a496c89062dbe7cb/gnocchi.49522ebb-dd65-4caf-bec1-b1b7843d5809/1772280000.0_mean_300.0_v3" 201 - "PUT http://172.18.0.2:8080/d1/1018/AUTH_0d5484f449ee4a65a496c89062dbe7cb/gnocchi.49522ebb-dd65-4caf-bec1-b1b7843d5809/1772280000.0_mean_300.0_v3" "tx29b384e300834ab0a71b7-0069ade094" "object-server 24" 0.0012 "-" 21 0
Mar 8 20:48:20 standalone object-server[127894]: 172.20.0.100 - - [08/Mar/2026:20:48:20 +0000] "PUT /d1/1018/AUTH_0d5484f449ee4a65a496c89062dbe7cb/gnocchi.49522ebb-dd65-4caf-bec1-b1b7843d5809/1772280000.0_mean_300.0_v3" 201 - "PUT http://172.18.0.2:8080/v1/AUTH_0d5484f449ee4a65a496c89062dbe7cb/gnocchi.49522ebb-dd65-4caf-bec1-b1b7843d5809/1772280000.0_mean_300.0_v3" "tx29b384e300834ab0a71b7-0069ade094" "proxy-server 12" 0.0321 "-" 24 0
Mar 8 20:48:20 standalone proxy-server[129565]: 172.18.0.2 172.18.0.100 08/Mar/2026/20/48/20 PUT /v1/AUTH_0d5484f449ee4a65a496c89062dbe7cb/gnocchi.49522ebb-dd65-4caf-bec1-b1b7843d5809/1772280000.0_mean_300.0_v3 HTTP/1.0 201 - python-swiftclient-3.11.1 gAAAAABpreB27b5N... 16 - - tx29b384e300834ab0a71b7-0069ade094 - 0.0403 - - 1773002900.445744276 1773002900.486080885 0
Mar 8 20:48:20 standalone container-server[127766]: 172.20.0.100 - - [08/Mar/2026:20:48:20 +0000] "PUT /d1/538/AUTH_0d5484f449ee4a65a496c89062dbe7cb/gnocchi.49522ebb-dd65-4caf-bec1-b1b7843d5809/none_v3" 201 - "PUT http://172.18.0.2:8080/d1/452/AUTH_0d5484f449ee4a65a496c89062dbe7cb/gnocchi.49522ebb-dd65-4caf-bec1-b1b7843d5809/none_v3" "txfb3bf233afa34114b4770-0069ade094" "object-server 25" 0.0006 "-" 21 0
Mar 8 20:48:20 standalone object-server[127895]: 172.20.0.100 - - [08/Mar/2026:20:48:20 +0000] "PUT /d1/452/AUTH_0d5484f449ee4a65a496c89062dbe7cb/gnocchi.49522ebb-dd65-4caf-bec1-b1b7843d5809/none_v3" 201 - "PUT http://172.18.0.2:8080/v1/AUTH_0d5484f449ee4a65a496c89062dbe7cb/gnocchi.49522ebb-dd65-4caf-bec1-b1b7843d5809/none_v3" "txfb3bf233afa34114b4770-0069ade094" "proxy-server 12" 0.0312 "-" 25 0
Mar 8 20:48:20 standalone proxy-server[129565]: 172.18.0.2 172.18.0.100 08/Mar/2026/20/48/20 PUT /v1/AUTH_0d5484f449ee4a65a496c89062dbe7cb/gnocchi.49522ebb-dd65-4caf-bec1-b1b7843d5809/none_v3 HTTP/1.0 201 - python-swiftclient-3.11.1 gAAAAABpreB27b5N... 32 - - txfb3bf233afa34114b4770-0069ade094 - 0.0402 - - 1773002900.490122318 1773002900.530319214 0
Mar 8 20:48:41 standalone account-server[127647]: 172.20.0.100 - - [08/Mar/2026:20:48:41 +0000] "HEAD /d1/719/.expiring_objects" 404 - "HEAD http://localhost/v1/.expiring_objects?format=json" "tx32ee80631e934535b8efb-0069ade0a9" "proxy-server 2" 0.0008 "-" 21 -
Mar 8 20:48:41 standalone object-expirer[127741]: Pass completed in 0s; 0 objects expired (txn: tx32ee80631e934535b8efb-0069ade0a9)
Mar 8 20:48:52 standalone account-server[127647]: 172.20.0.100 - - [08/Mar/2026:20:48:52 +0000] "HEAD /d1/712/AUTH_0d5484f449ee4a65a496c89062dbe7cb" 204 - "HEAD http://172.18.0.2:8080/v1/AUTH_0d5484f449ee4a65a496c89062dbe7cb?format=json" "txba0f1681e310486ab19d9-0069ade0b4" "proxy-server 12" 0.0106 "-" 21 -
Mar 8 20:48:52 standalone proxy-server[129565]: - - 08/Mar/2026/20/48/52 HEAD /v1/AUTH_0d5484f449ee4a65a496c89062dbe7cb%3Fformat%3Djson HTTP/1.0 204 - Swift - - - - txba0f1681e310486ab19d9-0069ade0b4 - 0.0184 RL - 1773002932.139317513 1773002932.157742023 -
Mar 8 20:48:52 standalone container-server[127773]: 172.20.0.100 - - [08/Mar/2026:20:48:52 +0000] "HEAD /d1/759/AUTH_0d5484f449ee4a65a496c89062dbe7cb/gnocchi.91cd67e7-c53f-4037-bf97-9ffaa3116d1b" 404 - "HEAD http://172.18.0.2:8080/v1/AUTH_0d5484f449ee4a65a496c89062dbe7cb/gnocchi.91cd67e7-c53f-4037-bf97-9ffaa3116d1b?format=json&states=listing" "txba0f1681e310486ab19d9-0069ade0b4" "proxy-server 12" 0.0007 "-" 22 0
Mar 8 20:48:52 standalone object-server[127894]: 172.20.0.100 - - [08/Mar/2026:20:48:52 +0000] "GET /d1/494/AUTH_0d5484f449ee4a65a496c89062dbe7cb/gnocchi.91cd67e7-c53f-4037-bf97-9ffaa3116d1b/none_v3" 404 70 "GET http://172.18.0.2:8080/v1/AUTH_0d5484f449ee4a65a496c89062dbe7cb/gnocchi.91cd67e7-c53f-4037-bf97-9ffaa3116d1b/none_v3" "txba0f1681e310486ab19d9-0069ade0b4" "proxy-server 12" 0.0006 "-" 24 0
Mar 8 20:48:52 standalone proxy-server[129565]: 172.18.0.2 172.18.0.100 08/Mar/2026/20/48/52 GET /v1/AUTH_0d5484f449ee4a65a496c89062dbe7cb/gnocchi.91cd67e7-c53f-4037-bf97-9ffaa3116d1b/none_v3 HTTP/1.0 404 - python-swiftclient-3.11.1 gAAAAABpreB27b5N... - 70 - txba0f1681e310486ab19d9-0069ade0b4 - 0.0352 - - 1773002932.138021708 1773002932.173225164 0
Mar 8 20:48:52 standalone account-server[127660]: 172.20.0.100 - - [08/Mar/2026:20:48:52 +0000] "PUT /d1/712/AUTH_0d5484f449ee4a65a496c89062dbe7cb/gnocchi.91cd67e7-c53f-4037-bf97-9ffaa3116d1b" 201 - "PUT http://172.20.0.100:6001/d1/759/AUTH_0d5484f449ee4a65a496c89062dbe7cb/gnocchi.91cd67e7-c53f-4037-bf97-9ffaa3116d1b" "txc3aca176975e4e579fac2-0069ade0b4" "container-server 21" 0.0016 "-" 23 0
Mar 8 20:48:52 standalone container-server[127766]: 172.20.0.100 - - [08/Mar/2026:20:48:52 +0000] "PUT /d1/759/AUTH_0d5484f449ee4a65a496c89062dbe7cb/gnocchi.91cd67e7-c53f-4037-bf97-9ffaa3116d1b" 201 - "PUT http://172.18.0.2:8080/v1/AUTH_0d5484f449ee4a65a496c89062dbe7cb/gnocchi.91cd67e7-c53f-4037-bf97-9ffaa3116d1b" "txc3aca176975e4e579fac2-0069ade0b4" "proxy-server 12" 0.0117 "-" 21 0
Mar 8 20:48:52 standalone proxy-server[129565]: 172.18.0.2 172.18.0.100 08/Mar/2026/20/48/52 PUT /v1/AUTH_0d5484f449ee4a65a496c89062dbe7cb/gnocchi.91cd67e7-c53f-4037-bf97-9ffaa3116d1b HTTP/1.0 201 - python-swiftclient-3.11.1 gAAAAABpreB27b5N... - - - txc3aca176975e4e579fac2-0069ade0b4 - 0.0186 - - 1773002932.176406622 1773002932.194973469 0
Mar 8 20:48:52 standalone container-server[127773]: 172.20.0.100 - - [08/Mar/2026:20:48:52 +0000] "HEAD /d1/759/AUTH_0d5484f449ee4a65a496c89062dbe7cb/gnocchi.91cd67e7-c53f-4037-bf97-9ffaa3116d1b" 204 - "HEAD http://172.18.0.2:8080/v1/AUTH_0d5484f449ee4a65a496c89062dbe7cb/gnocchi.91cd67e7-c53f-4037-bf97-9ffaa3116d1b?format=json&states=listing" "txdd2ab61b9d834566acf5d-0069ade0b4" "proxy-server 12" 0.0018 "-" 22 0
Mar 8 20:48:52 standalone proxy-server[129565]: - - 08/Mar/2026/20/48/52 HEAD /v1/AUTH_0d5484f449ee4a65a496c89062dbe7cb/gnocchi.91cd67e7-c53f-4037-bf97-9ffaa3116d1b%3Fformat%3Djson%26states%3Dlisting HTTP/1.0 204 - Swift - - - - txdd2ab61b9d834566acf5d-0069ade0b4 - 0.0065 RL - 1773002932.200401306 1773002932.206943035 0
Mar 8 20:48:52 standalone container-server[127766]: 172.20.0.100 - - [08/Mar/2026:20:48:52 +0000] "GET /d1/759/AUTH_0d5484f449ee4a65a496c89062dbe7cb/gnocchi.91cd67e7-c53f-4037-bf97-9ffaa3116d1b" 200 2 "GET http://172.18.0.2:8080/v1/AUTH_0d5484f449ee4a65a496c89062dbe7cb/gnocchi.91cd67e7-c53f-4037-bf97-9ffaa3116d1b?format=json&states=listing" "txdd2ab61b9d834566acf5d-0069ade0b4" "proxy-server 12" 0.0025 "-" 21 0
Mar 8 20:48:52 standalone proxy-server[129565]: 172.18.0.2 172.18.0.100 08/Mar/2026/20/48/52 GET /v1/AUTH_0d5484f449ee4a65a496c89062dbe7cb/gnocchi.91cd67e7-c53f-4037-bf97-9ffaa3116d1b%3Fformat%3Djson%26states%3Dlisting HTTP/1.0 200 - python-swiftclient-3.11.1 gAAAAABpreB27b5N... - 2 - txdd2ab61b9d834566acf5d-0069ade0b4 - 0.0203 - - 1773002932.198804140 1773002932.219149828 0
Mar 8 20:48:52 standalone object-server[127892]: 172.20.0.100 - - [08/Mar/2026:20:48:52 +0000] "GET /d1/910/AUTH_0d5484f449ee4a65a496c89062dbe7cb/gnocchi.91cd67e7-c53f-4037-bf97-9ffaa3116d1b/1772280000.0_mean_300.0_v3" 404 70 "GET http://172.18.0.2:8080/v1/AUTH_0d5484f449ee4a65a496c89062dbe7cb/gnocchi.91cd67e7-c53f-4037-bf97-9ffaa3116d1b/1772280000.0_mean_300.0_v3" "txa0743254f9534703b9471-0069ade0b4" "proxy-server 12" 0.0004 "-" 23 0
Mar 8 20:48:52 standalone proxy-server[129565]: 172.18.0.2 172.18.0.100 08/Mar/2026/20/48/52 GET /v1/AUTH_0d5484f449ee4a65a496c89062dbe7cb/gnocchi.91cd67e7-c53f-4037-bf97-9ffaa3116d1b/1772280000.0_mean_300.0_v3 HTTP/1.0 404 - python-swiftclient-3.11.1 gAAAAABpreB27b5N... - 70 - txa0743254f9534703b9471-0069ade0b4 - 0.0078 - - 1773002932.223139763 1773002932.230981350 0
Mar 8 20:48:52 standalone container-server[127766]: 172.20.0.100 - - [08/Mar/2026:20:48:52 +0000] "PUT /d1/759/AUTH_0d5484f449ee4a65a496c89062dbe7cb/gnocchi.91cd67e7-c53f-4037-bf97-9ffaa3116d1b/1772280000.0_mean_300.0_v3" 201 - "PUT http://172.18.0.2:8080/d1/910/AUTH_0d5484f449ee4a65a496c89062dbe7cb/gnocchi.91cd67e7-c53f-4037-bf97-9ffaa3116d1b/1772280000.0_mean_300.0_v3" "tx05775fc739f24a07817c2-0069ade0b4" "object-server 25" 0.0005 "-" 21 0
Mar 8 20:48:52 standalone object-server[127895]: 172.20.0.100 - - [08/Mar/2026:20:48:52 +0000] "PUT /d1/910/AUTH_0d5484f449ee4a65a496c89062dbe7cb/gnocchi.91cd67e7-c53f-4037-bf97-9ffaa3116d1b/1772280000.0_mean_300.0_v3" 201 - "PUT http://172.18.0.2:8080/v1/AUTH_0d5484f449ee4a65a496c89062dbe7cb/gnocchi.91cd67e7-c53f-4037-bf97-9ffaa3116d1b/1772280000.0_mean_300.0_v3" "tx05775fc739f24a07817c2-0069ade0b4" "proxy-server 12" 0.0116 "-" 25 0
Mar 8 20:48:52 standalone proxy-server[129565]: 172.18.0.2 172.18.0.100 08/Mar/2026/20/48/52 PUT /v1/AUTH_0d5484f449ee4a65a496c89062dbe7cb/gnocchi.91cd67e7-c53f-4037-bf97-9ffaa3116d1b/1772280000.0_mean_300.0_v3 HTTP/1.0 201 - python-swiftclient-3.11.1 gAAAAABpreB27b5N... 16 - - tx05775fc739f24a07817c2-0069ade0b4 - 0.0249 - - 1773002932.234373093 1773002932.259283304 0
Mar 8 20:48:52 standalone container-server[127773]: 172.20.0.100 - - [08/Mar/2026:20:48:52 +0000] "PUT /d1/759/AUTH_0d5484f449ee4a65a496c89062dbe7cb/gnocchi.91cd67e7-c53f-4037-bf97-9ffaa3116d1b/none_v3" 201 - "PUT http://172.18.0.2:8080/d1/494/AUTH_0d5484f449ee4a65a496c89062dbe7cb/gnocchi.91cd67e7-c53f-4037-bf97-9ffaa3116d1b/none_v3" "txc7110c72b9504564b9d52-0069ade0b4" "object-server 25" 0.0007 "-" 22 0
Mar 8 20:48:52 standalone object-server[127895]: 172.20.0.100 - - [08/Mar/2026:20:48:52 +0000] "PUT /d1/494/AUTH_0d5484f449ee4a65a496c89062dbe7cb/gnocchi.91cd67e7-c53f-4037-bf97-9ffaa3116d1b/none_v3" 201 - "PUT http://172.18.0.2:8080/v1/AUTH_0d5484f449ee4a65a496c89062dbe7cb/gnocchi.91cd67e7-c53f-4037-bf97-9ffaa3116d1b/none_v3" "txc7110c72b9504564b9d52-0069ade0b4" "proxy-server 12" 0.0232 "-" 25 0
Mar 8 20:48:52 standalone proxy-server[129565]: 172.18.0.2 172.18.0.100 08/Mar/2026/20/48/52 PUT /v1/AUTH_0d5484f449ee4a65a496c89062dbe7cb/gnocchi.91cd67e7-c53f-4037-bf97-9ffaa3116d1b/none_v3 HTTP/1.0 201 - python-swiftclient-3.11.1 gAAAAABpreB27b5N... 22 - - txc7110c72b9504564b9d52-0069ade0b4 - 0.0294 - - 1773002932.261890650 1773002932.291262865 0
Mar 8 20:48:52 standalone container-server[127747]: 172.20.0.100 - - [08/Mar/2026:20:48:52 +0000] "HEAD /d1/76/AUTH_0d5484f449ee4a65a496c89062dbe7cb/gnocchi.15a77c8a-ef78-470f-846a-62247f6ae4c2" 404 - "HEAD http://172.18.0.2:8080/v1/AUTH_0d5484f449ee4a65a496c89062dbe7cb/gnocchi.15a77c8a-ef78-470f-846a-62247f6ae4c2?format=json&states=listing" "tx8705bcbc6568431c9703e-0069ade0b4" "proxy-server 12" 0.0005 "-" 20 0
Mar 8 20:48:52 standalone object-server[127895]: 172.20.0.100 - - [08/Mar/2026:20:48:52 +0000] "GET /d1/665/AUTH_0d5484f449ee4a65a496c89062dbe7cb/gnocchi.15a77c8a-ef78-470f-846a-62247f6ae4c2/none_v3" 404 70 "GET http://172.18.0.2:8080/v1/AUTH_0d5484f449ee4a65a496c89062dbe7cb/gnocchi.15a77c8a-ef78-470f-846a-62247f6ae4c2/none_v3" "tx8705bcbc6568431c9703e-0069ade0b4" "proxy-server 12" 0.0004 "-" 25 0
Mar 8 20:48:52 standalone proxy-server[129565]: 172.18.0.2 172.18.0.100 08/Mar/2026/20/48/52 GET /v1/AUTH_0d5484f449ee4a65a496c89062dbe7cb/gnocchi.15a77c8a-ef78-470f-846a-62247f6ae4c2/none_v3 HTTP/1.0 404 - python-swiftclient-3.11.1 gAAAAABpreB27b5N... - 70 - tx8705bcbc6568431c9703e-0069ade0b4 - 0.0094 - - 1773002932.300367117 1773002932.309747934 0
Mar 8 20:48:52 standalone account-server[127660]: 172.20.0.100 - - [08/Mar/2026:20:48:52 +0000] "PUT /d1/712/AUTH_0d5484f449ee4a65a496c89062dbe7cb/gnocchi.15a77c8a-ef78-470f-846a-62247f6ae4c2" 201 - "PUT http://172.20.0.100:6001/d1/76/AUTH_0d5484f449ee4a65a496c89062dbe7cb/gnocchi.15a77c8a-ef78-470f-846a-62247f6ae4c2" "txcdea8e623d7c44a1a2b0d-0069ade0b4" "container-server 22" 0.0178 "-" 23 0
Mar 8 20:48:52 standalone container-server[127773]: 172.20.0.100 - - [08/Mar/2026:20:48:52 +0000] "PUT /d1/76/AUTH_0d5484f449ee4a65a496c89062dbe7cb/gnocchi.15a77c8a-ef78-470f-846a-62247f6ae4c2" 201 - "PUT http://172.18.0.2:8080/v1/AUTH_0d5484f449ee4a65a496c89062dbe7cb/gnocchi.15a77c8a-ef78-470f-846a-62247f6ae4c2" "txcdea8e623d7c44a1a2b0d-0069ade0b4" "proxy-server 12" 0.0520 "-" 22 0
Mar 8 20:48:52 standalone proxy-server[129565]: 172.18.0.2 172.18.0.100 08/Mar/2026/20/48/52 PUT /v1/AUTH_0d5484f449ee4a65a496c89062dbe7cb/gnocchi.15a77c8a-ef78-470f-846a-62247f6ae4c2 HTTP/1.0 201 - python-swiftclient-3.11.1 gAAAAABpreB27b5N... - - - txcdea8e623d7c44a1a2b0d-0069ade0b4 - 0.0573 - - 1773002932.312174082 1773002932.369520903 0
Mar 8 20:48:52 standalone container-server[127773]: 172.20.0.100 - - [08/Mar/2026:20:48:52 +0000] "HEAD /d1/76/AUTH_0d5484f449ee4a65a496c89062dbe7cb/gnocchi.15a77c8a-ef78-470f-846a-62247f6ae4c2" 204 - "HEAD http://172.18.0.2:8080/v1/AUTH_0d5484f449ee4a65a496c89062dbe7cb/gnocchi.15a77c8a-ef78-470f-846a-62247f6ae4c2?format=json&states=listing" "txd5951b967305436d9fa77-0069ade0b4" "proxy-server 12" 0.0013 "-" 22 0
Mar 8 20:48:52 standalone proxy-server[129565]: - - 08/Mar/2026/20/48/52 HEAD /v1/AUTH_0d5484f449ee4a65a496c89062dbe7cb/gnocchi.15a77c8a-ef78-470f-846a-62247f6ae4c2%3Fformat%3Djson%26states%3Dlisting HTTP/1.0 204 - Swift - - - - txd5951b967305436d9fa77-0069ade0b4 - 0.0047 RL - 1773002932.376559973 1773002932.381251574 0
Mar 8 20:48:52 standalone container-server[127766]: 172.20.0.100 - - [08/Mar/2026:20:48:52 +0000] "GET /d1/76/AUTH_0d5484f449ee4a65a496c89062dbe7cb/gnocchi.15a77c8a-ef78-470f-846a-62247f6ae4c2" 200 2 "GET http://172.18.0.2:8080/v1/AUTH_0d5484f449ee4a65a496c89062dbe7cb/gnocchi.15a77c8a-ef78-470f-846a-62247f6ae4c2?format=json&states=listing" "txd5951b967305436d9fa77-0069ade0b4" "proxy-server 12" 0.0073 "-" 21 0
Mar 8 20:48:52 standalone proxy-server[129565]: 172.18.0.2 172.18.0.100 08/Mar/2026/20/48/52 GET /v1/AUTH_0d5484f449ee4a65a496c89062dbe7cb/gnocchi.15a77c8a-ef78-470f-846a-62247f6ae4c2%3Fformat%3Djson%26states%3Dlisting HTTP/1.0 200 - python-swiftclient-3.11.1 gAAAAABpreB27b5N... - 2 - txd5951b967305436d9fa77-0069ade0b4 - 0.0213 - - 1773002932.375207424 1773002932.396463633 0
Mar 8 20:48:52 standalone object-server[127895]: 172.20.0.100 - - [08/Mar/2026:20:48:52 +0000] "GET /d1/210/AUTH_0d5484f449ee4a65a496c89062dbe7cb/gnocchi.15a77c8a-ef78-470f-846a-62247f6ae4c2/1772280000.0_mean_300.0_v3" 404 70 "GET http://172.18.0.2:8080/v1/AUTH_0d5484f449ee4a65a496c89062dbe7cb/gnocchi.15a77c8a-ef78-470f-846a-62247f6ae4c2/1772280000.0_mean_300.0_v3" "txa487750b1f62496d8e17e-0069ade0b4" "proxy-server 12" 0.0003 "-" 25 0
Mar 8 20:48:52 standalone proxy-server[129565]: 172.18.0.2 172.18.0.100 08/Mar/2026/20/48/52 GET /v1/AUTH_0d5484f449ee4a65a496c89062dbe7cb/gnocchi.15a77c8a-ef78-470f-846a-62247f6ae4c2/1772280000.0_mean_300.0_v3 HTTP/1.0 404 - python-swiftclient-3.11.1 gAAAAABpreB27b5N... - 70 - txa487750b1f62496d8e17e-0069ade0b4 - 0.0052 - - 1773002932.401541948 1773002932.406790257 0
Mar 8 20:48:52 standalone container-server[127773]: 172.20.0.100 - - [08/Mar/2026:20:48:52 +0000] "PUT /d1/76/AUTH_0d5484f449ee4a65a496c89062dbe7cb/gnocchi.15a77c8a-ef78-470f-846a-62247f6ae4c2/1772280000.0_mean_300.0_v3" 201 - "PUT http://172.18.0.2:8080/d1/210/AUTH_0d5484f449ee4a65a496c89062dbe7cb/gnocchi.15a77c8a-ef78-470f-846a-62247f6ae4c2/1772280000.0_mean_300.0_v3" "txc8c0bd7186e34c69bfbdc-0069ade0b4" "object-server 25" 0.0007 "-" 22 0
Mar 8 20:48:52 standalone object-server[127895]: 172.20.0.100 - - [08/Mar/2026:20:48:52 +0000] "PUT /d1/210/AUTH_0d5484f449ee4a65a496c89062dbe7cb/gnocchi.15a77c8a-ef78-470f-846a-62247f6ae4c2/1772280000.0_mean_300.0_v3" 201 - "PUT http://172.18.0.2:8080/v1/AUTH_0d5484f449ee4a65a496c89062dbe7cb/gnocchi.15a77c8a-ef78-470f-846a-62247f6ae4c2/1772280000.0_mean_300.0_v3" "txc8c0bd7186e34c69bfbdc-0069ade0b4" "proxy-server 12" 0.0247 "-" 25 0
Mar 8 20:48:52 standalone proxy-server[129565]: 172.18.0.2 172.18.0.100 08/Mar/2026/20/48/52 PUT /v1/AUTH_0d5484f449ee4a65a496c89062dbe7cb/gnocchi.15a77c8a-ef78-470f-846a-62247f6ae4c2/1772280000.0_mean_300.0_v3 HTTP/1.0 201 - python-swiftclient-3.11.1 gAAAAABpreB27b5N... 16 - - txc8c0bd7186e34c69bfbdc-0069ade0b4 - 0.0289 - - 1773002932.410934925 1773002932.439861298 0
Mar 8 20:48:52 standalone container-server[127766]: 172.20.0.100 - - [08/Mar/2026:20:48:52 +0000] "PUT /d1/76/AUTH_0d5484f449ee4a65a496c89062dbe7cb/gnocchi.15a77c8a-ef78-470f-846a-62247f6ae4c2/none_v3" 201 - "PUT http://172.18.0.2:8080/d1/665/AUTH_0d5484f449ee4a65a496c89062dbe7cb/gnocchi.15a77c8a-ef78-470f-846a-62247f6ae4c2/none_v3" "tx273c8a1902684fda9666e-0069ade0b4" "object-server 24" 0.0008 "-" 21 0
Mar 8 20:48:52 standalone object-server[127894]: 172.20.0.100 - - [08/Mar/2026:20:48:52 +0000] "PUT /d1/665/AUTH_0d5484f449ee4a65a496c89062dbe7cb/gnocchi.15a77c8a-ef78-470f-846a-62247f6ae4c2/none_v3" 201 - "PUT http://172.18.0.2:8080/v1/AUTH_0d5484f449ee4a65a496c89062dbe7cb/gnocchi.15a77c8a-ef78-470f-846a-62247f6ae4c2/none_v3" "tx273c8a1902684fda9666e-0069ade0b4" "proxy-server 12" 0.0213 "-" 24 0
Mar 8 20:48:52 standalone proxy-server[129565]: 172.18.0.2 172.18.0.100 08/Mar/2026/20/48/52 PUT /v1/AUTH_0d5484f449ee4a65a496c89062dbe7cb/gnocchi.15a77c8a-ef78-470f-846a-62247f6ae4c2/none_v3 HTTP/1.0 201 - python-swiftclient-3.11.1 gAAAAABpreB27b5N... 22 - - tx273c8a1902684fda9666e-0069ade0b4 - 0.0271 - - 1773002932.443219423 1773002932.470286369 0
Mar 8 20:49:00 standalone container-server[127773]: 172.20.0.100 - - [08/Mar/2026:20:49:00 +0000] "HEAD /d1/906/AUTH_0d5484f449ee4a65a496c89062dbe7cb/gnocchi.1358036e-65e7-46ef-b2c0-397b366e957c" 404 - "HEAD http://172.18.0.2:8080/v1/AUTH_0d5484f449ee4a65a496c89062dbe7cb/gnocchi.1358036e-65e7-46ef-b2c0-397b366e957c?format=json&states=listing" "tx06df3a7ea82a46bf8b050-0069ade0bc" "proxy-server 12" 0.0011 "-" 22 0
Mar 8 20:49:00 standalone object-server[127890]: 172.20.0.100 - - [08/Mar/2026:20:49:00 +0000] "GET /d1/377/AUTH_0d5484f449ee4a65a496c89062dbe7cb/gnocchi.1358036e-65e7-46ef-b2c0-397b366e957c/none_v3" 404 70 "GET http://172.18.0.2:8080/v1/AUTH_0d5484f449ee4a65a496c89062dbe7cb/gnocchi.1358036e-65e7-46ef-b2c0-397b366e957c/none_v3" "tx06df3a7ea82a46bf8b050-0069ade0bc" "proxy-server 12" 0.0006 "-" 22 0
Mar 8 20:49:00 standalone proxy-server[129565]: 172.18.0.2 172.18.0.100 08/Mar/2026/20/49/00 GET /v1/AUTH_0d5484f449ee4a65a496c89062dbe7cb/gnocchi.1358036e-65e7-46ef-b2c0-397b366e957c/none_v3 HTTP/1.0 404 - python-swiftclient-3.11.1 gAAAAABpreB27b5N... - 70 - tx06df3a7ea82a46bf8b050-0069ade0bc - 0.0178 - - 1773002940.039538860 1773002940.057343960 0
Mar 8 20:49:00 standalone account-server[127660]: 172.20.0.100 - - [08/Mar/2026:20:49:00 +0000] "PUT /d1/712/AUTH_0d5484f449ee4a65a496c89062dbe7cb/gnocchi.1358036e-65e7-46ef-b2c0-397b366e957c" 201 - "PUT http://172.20.0.100:6001/d1/906/AUTH_0d5484f449ee4a65a496c89062dbe7cb/gnocchi.1358036e-65e7-46ef-b2c0-397b366e957c" "txa7efcd8369e147a186e58-0069ade0bc" "container-server 21" 0.0073 "-" 23 0
Mar 8 20:49:00 standalone container-server[127766]: 172.20.0.100 - - [08/Mar/2026:20:49:00 +0000] "PUT /d1/906/AUTH_0d5484f449ee4a65a496c89062dbe7cb/gnocchi.1358036e-65e7-46ef-b2c0-397b366e957c" 201 - "PUT http://172.18.0.2:8080/v1/AUTH_0d5484f449ee4a65a496c89062dbe7cb/gnocchi.1358036e-65e7-46ef-b2c0-397b366e957c" "txa7efcd8369e147a186e58-0069ade0bc" "proxy-server 12" 0.0276 "-" 21 0
Mar 8 20:49:00 standalone proxy-server[129565]: 172.18.0.2 172.18.0.100 08/Mar/2026/20/49/00 PUT /v1/AUTH_0d5484f449ee4a65a496c89062dbe7cb/gnocchi.1358036e-65e7-46ef-b2c0-397b366e957c HTTP/1.0 201 - python-swiftclient-3.11.1 gAAAAABpreB27b5N... - - - txa7efcd8369e147a186e58-0069ade0bc - 0.0365 - - 1773002940.062657118 1773002940.099189520 0
Mar 8 20:49:00 standalone container-server[127776]: 172.20.0.100 - - [08/Mar/2026:20:49:00 +0000] "HEAD /d1/906/AUTH_0d5484f449ee4a65a496c89062dbe7cb/gnocchi.1358036e-65e7-46ef-b2c0-397b366e957c" 204 - "HEAD http://172.18.0.2:8080/v1/AUTH_0d5484f449ee4a65a496c89062dbe7cb/gnocchi.1358036e-65e7-46ef-b2c0-397b366e957c?format=json&states=listing" "tx6f445f997a174f828cfc0-0069ade0bc" "proxy-server 12" 0.0031 "-" 23 0
Mar 8 20:49:00 standalone proxy-server[129565]: - - 08/Mar/2026/20/49/00 HEAD /v1/AUTH_0d5484f449ee4a65a496c89062dbe7cb/gnocchi.1358036e-65e7-46ef-b2c0-397b366e957c%3Fformat%3Djson%26states%3Dlisting HTTP/1.0 204 - Swift - - - - tx6f445f997a174f828cfc0-0069ade0bc - 0.0095 RL - 1773002940.108638525 1773002940.118099451 0
Mar 8 20:49:00 standalone container-server[127773]: 172.20.0.100 - - [08/Mar/2026:20:49:00 +0000] "GET /d1/906/AUTH_0d5484f449ee4a65a496c89062dbe7cb/gnocchi.1358036e-65e7-46ef-b2c0-397b366e957c" 200 2 "GET http://172.18.0.2:8080/v1/AUTH_0d5484f449ee4a65a496c89062dbe7cb/gnocchi.1358036e-65e7-46ef-b2c0-397b366e957c?format=json&states=listing" "tx6f445f997a174f828cfc0-0069ade0bc" "proxy-server 12" 0.0039 "-" 22 0
Mar 8 20:49:00 standalone proxy-server[129565]: 172.18.0.2 172.18.0.100 08/Mar/2026/20/49/00 GET /v1/AUTH_0d5484f449ee4a65a496c89062dbe7cb/gnocchi.1358036e-65e7-46ef-b2c0-397b366e957c%3Fformat%3Djson%26states%3Dlisting HTTP/1.0 200 - python-swiftclient-3.11.1 gAAAAABpreB27b5N... - 2 - tx6f445f997a174f828cfc0-0069ade0bc - 0.0274 - - 1773002940.106375933 1773002940.133798122 0
Mar 8 20:49:00 standalone object-server[127894]: 172.20.0.100 - - [08/Mar/2026:20:49:00 +0000] "GET /d1/259/AUTH_0d5484f449ee4a65a496c89062dbe7cb/gnocchi.1358036e-65e7-46ef-b2c0-397b366e957c/1772280000.0_mean_300.0_v3" 404 70 "GET http://172.18.0.2:8080/v1/AUTH_0d5484f449ee4a65a496c89062dbe7cb/gnocchi.1358036e-65e7-46ef-b2c0-397b366e957c/1772280000.0_mean_300.0_v3" "txe2d14e79ae76473bbbb55-0069ade0bc" "proxy-server 12" 0.0004 "-" 24 0
Mar 8 20:49:00 standalone proxy-server[129565]: 172.18.0.2 172.18.0.100 08/Mar/2026/20/49/00 GET /v1/AUTH_0d5484f449ee4a65a496c89062dbe7cb/gnocchi.1358036e-65e7-46ef-b2c0-397b366e957c/1772280000.0_mean_300.0_v3 HTTP/1.0 404 - python-swiftclient-3.11.1 gAAAAABpreB27b5N... - 70 - txe2d14e79ae76473bbbb55-0069ade0bc - 0.0117 - - 1773002940.140836000 1773002940.152566433 0
Mar 8 20:49:00 standalone container-server[127766]: 172.20.0.100 - - [08/Mar/2026:20:49:00 +0000] "PUT /d1/906/AUTH_0d5484f449ee4a65a496c89062dbe7cb/gnocchi.1358036e-65e7-46ef-b2c0-397b366e957c/1772280000.0_mean_300.0_v3" 201 - "PUT http://172.18.0.2:8080/d1/259/AUTH_0d5484f449ee4a65a496c89062dbe7cb/gnocchi.1358036e-65e7-46ef-b2c0-397b366e957c/1772280000.0_mean_300.0_v3" "txb9a851518aa94f5e9f93c-0069ade0bc" "object-server 25" 0.0014 "-" 21 0
Mar 8 20:49:00 standalone object-server[127895]: 172.20.0.100 - - [08/Mar/2026:20:49:00 +0000] "PUT /d1/259/AUTH_0d5484f449ee4a65a496c89062dbe7cb/gnocchi.1358036e-65e7-46ef-b2c0-397b366e957c/1772280000.0_mean_300.0_v3" 201 - "PUT http://172.18.0.2:8080/v1/AUTH_0d5484f449ee4a65a496c89062dbe7cb/gnocchi.1358036e-65e7-46ef-b2c0-397b366e957c/1772280000.0_mean_300.0_v3" "txb9a851518aa94f5e9f93c-0069ade0bc" "proxy-server 12" 0.0148 "-" 25 0
Mar 8 20:49:00 standalone proxy-server[129565]: 172.18.0.2 172.18.0.100 08/Mar/2026/20/49/00 PUT /v1/AUTH_0d5484f449ee4a65a496c89062dbe7cb/gnocchi.1358036e-65e7-46ef-b2c0-397b366e957c/1772280000.0_mean_300.0_v3 HTTP/1.0 201 - python-swiftclient-3.11.1 gAAAAABpreB27b5N... 16 - - txb9a851518aa94f5e9f93c-0069ade0bc - 0.0262 - - 1773002940.159822702 1773002940.186020374 0
Mar 8 20:49:00 standalone container-server[127747]: 172.20.0.100 - - [08/Mar/2026:20:49:00 +0000] "PUT /d1/906/AUTH_0d5484f449ee4a65a496c89062dbe7cb/gnocchi.1358036e-65e7-46ef-b2c0-397b366e957c/none_v3" 201 - "PUT http://172.18.0.2:8080/d1/377/AUTH_0d5484f449ee4a65a496c89062dbe7cb/gnocchi.1358036e-65e7-46ef-b2c0-397b366e957c/none_v3" "txfb7f78d819d14e7b977b3-0069ade0bc" "object-server 25" 0.0009 "-" 20 0
Mar 8 20:49:00 standalone object-server[127895]: 172.20.0.100 - - [08/Mar/2026:20:49:00 +0000] "PUT /d1/377/AUTH_0d5484f449ee4a65a496c89062dbe7cb/gnocchi.1358036e-65e7-46ef-b2c0-397b366e957c/none_v3" 201 - "PUT http://172.18.0.2:8080/v1/AUTH_0d5484f449ee4a65a496c89062dbe7cb/gnocchi.1358036e-65e7-46ef-b2c0-397b366e957c/none_v3" "txfb7f78d819d14e7b977b3-0069ade0bc" "proxy-server 12" 0.0118 "-" 25 0
Mar 8 20:49:00 standalone proxy-server[129565]: 172.18.0.2 172.18.0.100 08/Mar/2026/20/49/00 PUT /v1/AUTH_0d5484f449ee4a65a496c89062dbe7cb/gnocchi.1358036e-65e7-46ef-b2c0-397b366e957c/none_v3 HTTP/1.0 201 - python-swiftclient-3.11.1 gAAAAABpreB27b5N... 22 - - txfb7f78d819d14e7b977b3-0069ade0bc - 0.0208 - - 1773002940.191818476 1773002940.212656498 0
Mar 8 20:49:00 standalone container-server[127776]: 172.20.0.100 - - [08/Mar/2026:20:49:00 +0000] "HEAD /d1/306/AUTH_0d5484f449ee4a65a496c89062dbe7cb/gnocchi.1a82a262-4a5f-4850-adc1-2563eea1dead" 404 - "HEAD http://172.18.0.2:8080/v1/AUTH_0d5484f449ee4a65a496c89062dbe7cb/gnocchi.1a82a262-4a5f-4850-adc1-2563eea1dead?format=json&states=listing" "tx0a25a05b779d41c4a2a2d-0069ade0bc" "proxy-server 12" 0.0008 "-" 23 0
Mar 8 20:49:00 standalone object-server[127894]: 172.20.0.100 - - [08/Mar/2026:20:49:00 +0000] "GET /d1/498/AUTH_0d5484f449ee4a65a496c89062dbe7cb/gnocchi.1a82a262-4a5f-4850-adc1-2563eea1dead/none_v3" 404 70 "GET http://172.18.0.2:8080/v1/AUTH_0d5484f449ee4a65a496c89062dbe7cb/gnocchi.1a82a262-4a5f-4850-adc1-2563eea1dead/none_v3" "tx0a25a05b779d41c4a2a2d-0069ade0bc" "proxy-server 12" 0.0005 "-" 24 0
Mar 8 20:49:00 standalone proxy-server[129565]: 172.18.0.2 172.18.0.100 08/Mar/2026/20/49/00 GET /v1/AUTH_0d5484f449ee4a65a496c89062dbe7cb/gnocchi.1a82a262-4a5f-4850-adc1-2563eea1dead/none_v3 HTTP/1.0 404 - python-swiftclient-3.11.1 gAAAAABpreB27b5N... - 70 - tx0a25a05b779d41c4a2a2d-0069ade0bc - 0.0185 - - 1773002940.231639385 1773002940.250123501 0
Mar 8 20:49:00 standalone account-server[127650]: 172.20.0.100 - - [08/Mar/2026:20:49:00 +0000] "PUT /d1/712/AUTH_0d5484f449ee4a65a496c89062dbe7cb/gnocchi.1a82a262-4a5f-4850-adc1-2563eea1dead" 201 - "PUT http://172.20.0.100:6001/d1/306/AUTH_0d5484f449ee4a65a496c89062dbe7cb/gnocchi.1a82a262-4a5f-4850-adc1-2563eea1dead" "tx284380681f2e4b5988845-0069ade0bc" "container-server 20" 0.0078 "-" 22 0
Mar 8 20:49:00 standalone container-server[127747]: 172.20.0.100 - - [08/Mar/2026:20:49:00 +0000] "PUT /d1/306/AUTH_0d5484f449ee4a65a496c89062dbe7cb/gnocchi.1a82a262-4a5f-4850-adc1-2563eea1dead" 201 - "PUT http://172.18.0.2:8080/v1/AUTH_0d5484f449ee4a65a496c89062dbe7cb/gnocchi.1a82a262-4a5f-4850-adc1-2563eea1dead" "tx284380681f2e4b5988845-0069ade0bc" "proxy-server 12" 0.0255 "-" 20 0
Mar 8 20:49:00 standalone proxy-server[129565]: 172.18.0.2 172.18.0.100 08/Mar/2026/20/49/00 PUT /v1/AUTH_0d5484f449ee4a65a496c89062dbe7cb/gnocchi.1a82a262-4a5f-4850-adc1-2563eea1dead HTTP/1.0 201 - python-swiftclient-3.11.1 gAAAAABpreB27b5N... - - - tx284380681f2e4b5988845-0069ade0bc - 0.0327 - - 1773002940.254000902 1773002940.286734343 0
Mar 8 20:49:00 standalone container-server[127747]: 172.20.0.100 - - [08/Mar/2026:20:49:00 +0000] "HEAD /d1/306/AUTH_0d5484f449ee4a65a496c89062dbe7cb/gnocchi.1a82a262-4a5f-4850-adc1-2563eea1dead" 204 - "HEAD http://172.18.0.2:8080/v1/AUTH_0d5484f449ee4a65a496c89062dbe7cb/gnocchi.1a82a262-4a5f-4850-adc1-2563eea1dead?format=json&states=listing" "txcef7b75281df48c7a37bd-0069ade0bc" "proxy-server 12" 0.0018 "-" 20 0
Mar 8 20:49:00 standalone proxy-server[129565]: - - 08/Mar/2026/20/49/00 HEAD /v1/AUTH_0d5484f449ee4a65a496c89062dbe7cb/gnocchi.1a82a262-4a5f-4850-adc1-2563eea1dead%3Fformat%3Djson%26states%3Dlisting HTTP/1.0 204 - Swift - - - - txcef7b75281df48c7a37bd-0069ade0bc - 0.0073 RL - 1773002940.295737267 1773002940.302988529 0
Mar 8 20:49:00 standalone container-server[127766]: 172.20.0.100 - - [08/Mar/2026:20:49:00 +0000] "GET /d1/306/AUTH_0d5484f449ee4a65a496c89062dbe7cb/gnocchi.1a82a262-4a5f-4850-adc1-2563eea1dead" 200 2 "GET http://172.18.0.2:8080/v1/AUTH_0d5484f449ee4a65a496c89062dbe7cb/gnocchi.1a82a262-4a5f-4850-adc1-2563eea1dead?format=json&states=listing" "txcef7b75281df48c7a37bd-0069ade0bc" "proxy-server 12" 0.0041 "-" 21 0
Mar 8 20:49:00 standalone proxy-server[129565]: 172.18.0.2 172.18.0.100 08/Mar/2026/20/49/00 GET /v1/AUTH_0d5484f449ee4a65a496c89062dbe7cb/gnocchi.1a82a262-4a5f-4850-adc1-2563eea1dead%3Fformat%3Djson%26states%3Dlisting HTTP/1.0 200 - python-swiftclient-3.11.1 gAAAAABpreB27b5N... - 2 - txcef7b75281df48c7a37bd-0069ade0bc - 0.0695 - - 1773002940.293369293 1773002940.362832069 0
Mar 8 20:49:00 standalone object-server[127894]: 172.20.0.100 - - [08/Mar/2026:20:49:00 +0000] "GET /d1/913/AUTH_0d5484f449ee4a65a496c89062dbe7cb/gnocchi.1a82a262-4a5f-4850-adc1-2563eea1dead/1772280000.0_mean_300.0_v3" 404 70 "GET http://172.18.0.2:8080/v1/AUTH_0d5484f449ee4a65a496c89062dbe7cb/gnocchi.1a82a262-4a5f-4850-adc1-2563eea1dead/1772280000.0_mean_300.0_v3" "txf656802666f74612ad54a-0069ade0bc" "proxy-server 12" 0.0006 "-" 24 0
Mar 8 20:49:00 standalone proxy-server[129565]: 172.18.0.2 172.18.0.100 08/Mar/2026/20/49/00 GET /v1/AUTH_0d5484f449ee4a65a496c89062dbe7cb/gnocchi.1a82a262-4a5f-4850-adc1-2563eea1dead/1772280000.0_mean_300.0_v3 HTTP/1.0 404 - python-swiftclient-3.11.1 gAAAAABpreB27b5N... - 70 - txf656802666f74612ad54a-0069ade0bc - 0.0079 - - 1773002940.368494272 1773002940.376374722 0
Mar 8 20:49:00 standalone container-server[127747]: 172.20.0.100 - - [08/Mar/2026:20:49:00 +0000] "PUT /d1/306/AUTH_0d5484f449ee4a65a496c89062dbe7cb/gnocchi.1a82a262-4a5f-4850-adc1-2563eea1dead/1772280000.0_mean_300.0_v3" 201 - "PUT http://172.18.0.2:8080/d1/913/AUTH_0d5484f449ee4a65a496c89062dbe7cb/gnocchi.1a82a262-4a5f-4850-adc1-2563eea1dead/1772280000.0_mean_300.0_v3" "tx2b54779af41e456aa639e-0069ade0bc" "object-server 22" 0.0008 "-" 20 0
Mar 8 20:49:00 standalone object-server[127890]: 172.20.0.100 - - [08/Mar/2026:20:49:00 +0000] "PUT /d1/913/AUTH_0d5484f449ee4a65a496c89062dbe7cb/gnocchi.1a82a262-4a5f-4850-adc1-2563eea1dead/1772280000.0_mean_300.0_v3" 201 - "PUT http://172.18.0.2:8080/v1/AUTH_0d5484f449ee4a65a496c89062dbe7cb/gnocchi.1a82a262-4a5f-4850-adc1-2563eea1dead/1772280000.0_mean_300.0_v3" "tx2b54779af41e456aa639e-0069ade0bc" "proxy-server 12" 0.0107 "-" 22 0
Mar 8 20:49:00 standalone proxy-server[129565]: 172.18.0.2 172.18.0.100 08/Mar/2026/20/49/00 PUT /v1/AUTH_0d5484f449ee4a65a496c89062dbe7cb/gnocchi.1a82a262-4a5f-4850-adc1-2563eea1dead/1772280000.0_mean_300.0_v3 HTTP/1.0 201 - python-swiftclient-3.11.1 gAAAAABpreB27b5N... 16 - - tx2b54779af41e456aa639e-0069ade0bc - 0.0159 - - 1773002940.379894018 1773002940.395814419 0
