+ mkdir -p /var/www/cgi-bin/ironic + cp -a /usr/bin/ironic-api-wsgi /var/www/cgi-bin/ironic/app INFO:__main__:Loading config file at /var/lib/kolla/config_files/config.json INFO:__main__:Validating config file INFO:__main__:Kolla config strategy set to: COPY_ALWAYS INFO:__main__:Copying service configuration files INFO:__main__:Deleting /etc/ironic/ironic.conf INFO:__main__:Copying /var/lib/config-data/default/ironic.conf to /etc/ironic/ironic.conf INFO:__main__:Setting permission for /etc/ironic/ironic.conf INFO:__main__:Copying /var/lib/config-data/default/01-api.conf to /etc/ironic/ironic.conf.d/01-api.conf INFO:__main__:Setting permission for /etc/ironic/ironic.conf.d/01-api.conf INFO:__main__:Copying /var/lib/config-data/custom/02-ironic-custom.conf to /etc/ironic/ironic.conf.d/02-ironic-custom.conf INFO:__main__:Setting permission for /etc/ironic/ironic.conf.d/02-ironic-custom.conf INFO:__main__:Copying /var/lib/config-data/default/03-api-custom.conf to /etc/ironic/ironic.conf.d/03-api-custom.conf INFO:__main__:Setting permission for /etc/ironic/ironic.conf.d/03-api-custom.conf INFO:__main__:Deleting /etc/httpd/conf/httpd.conf INFO:__main__:Copying /var/lib/config-data/default/ironic-api-httpd.conf to /etc/httpd/conf/httpd.conf INFO:__main__:Setting permission for /etc/httpd/conf/httpd.conf INFO:__main__:Deleting /etc/httpd/conf.d/ssl.conf INFO:__main__:Copying /var/lib/config-data/default/ssl.conf to /etc/httpd/conf.d/ssl.conf INFO:__main__:Setting permission for /etc/httpd/conf.d/ssl.conf INFO:__main__:Copying /var/lib/config-data/tls/certs/public.crt to /etc/pki/tls/certs/public.crt INFO:__main__:Setting permission for /etc/pki/tls/certs/public.crt INFO:__main__:Copying /var/lib/config-data/tls/certs/internal.crt to /etc/pki/tls/certs/internal.crt INFO:__main__:Setting permission for /etc/pki/tls/certs/internal.crt INFO:__main__:Copying /var/lib/config-data/tls/private/internal.key to /etc/pki/tls/private/internal.key INFO:__main__:Setting permission for /etc/pki/tls/private/internal.key INFO:__main__:Copying /var/lib/config-data/tls/private/public.key to /etc/pki/tls/private/public.key INFO:__main__:Setting permission for /etc/pki/tls/private/public.key INFO:__main__:Copying /var/lib/config-data/default/my.cnf to /etc/my.cnf INFO:__main__:Setting permission for /etc/my.cnf INFO:__main__:Writing out command to execute INFO:__main__:Setting permission for /var/log/ironic + sudo -E kolla_set_configs sudo: unable to send audit message: Operation not permitted INFO:__main__:Loading config file at /var/lib/kolla/config_files/config.json INFO:__main__:Validating config file INFO:__main__:Kolla config strategy set to: COPY_ALWAYS INFO:__main__:Copying service configuration files INFO:__main__:Deleting /etc/ironic/ironic.conf INFO:__main__:Copying /var/lib/config-data/default/ironic.conf to /etc/ironic/ironic.conf INFO:__main__:Setting permission for /etc/ironic/ironic.conf INFO:__main__:Deleting /etc/ironic/ironic.conf.d/01-api.conf INFO:__main__:Copying /var/lib/config-data/default/01-api.conf to /etc/ironic/ironic.conf.d/01-api.conf INFO:__main__:Setting permission for /etc/ironic/ironic.conf.d/01-api.conf INFO:__main__:Deleting /etc/ironic/ironic.conf.d/02-ironic-custom.conf INFO:__main__:Copying /var/lib/config-data/custom/02-ironic-custom.conf to /etc/ironic/ironic.conf.d/02-ironic-custom.conf INFO:__main__:Setting permission for /etc/ironic/ironic.conf.d/02-ironic-custom.conf INFO:__main__:Deleting /etc/ironic/ironic.conf.d/03-api-custom.conf INFO:__main__:Copying /var/lib/config-data/default/03-api-custom.conf to /etc/ironic/ironic.conf.d/03-api-custom.conf INFO:__main__:Setting permission for /etc/ironic/ironic.conf.d/03-api-custom.conf INFO:__main__:Deleting /etc/httpd/conf/httpd.conf INFO:__main__:Copying /var/lib/config-data/default/ironic-api-httpd.conf to /etc/httpd/conf/httpd.conf INFO:__main__:Setting permission for /etc/httpd/conf/httpd.conf INFO:__main__:Deleting /etc/httpd/conf.d/ssl.conf INFO:__main__:Copying /var/lib/config-data/default/ssl.conf to /etc/httpd/conf.d/ssl.conf INFO:__main__:Setting permission for /etc/httpd/conf.d/ssl.conf INFO:__main__:Deleting /etc/pki/tls/certs/public.crt INFO:__main__:Copying /var/lib/config-data/tls/certs/public.crt to /etc/pki/tls/certs/public.crt INFO:__main__:Setting permission for /etc/pki/tls/certs/public.crt INFO:__main__:Deleting /etc/pki/tls/certs/internal.crt INFO:__main__:Copying /var/lib/config-data/tls/certs/internal.crt to /etc/pki/tls/certs/internal.crt INFO:__main__:Setting permission for /etc/pki/tls/certs/internal.crt INFO:__main__:Deleting /etc/pki/tls/private/internal.key INFO:__main__:Copying /var/lib/config-data/tls/private/internal.key to /etc/pki/tls/private/internal.key INFO:__main__:Setting permission for /etc/pki/tls/private/internal.key INFO:__main__:Deleting /etc/pki/tls/private/public.key INFO:__main__:Copying /var/lib/config-data/tls/private/public.key to /etc/pki/tls/private/public.key INFO:__main__:Setting permission for /etc/pki/tls/private/public.key INFO:__main__:Deleting /etc/my.cnf INFO:__main__:Copying /var/lib/config-data/default/my.cnf to /etc/my.cnf INFO:__main__:Setting permission for /etc/my.cnf INFO:__main__:Writing out command to execute INFO:__main__:Setting permission for /var/log/ironic ++ cat /run_command + CMD='/usr/sbin/httpd -DFOREGROUND' + ARGS= + sudo kolla_copy_cacerts sudo: unable to send audit message: Operation not permitted + [[ ! -n '' ]] + . kolla_extend_start + echo 'Running command: '\''/usr/sbin/httpd -DFOREGROUND'\''' Running command: '/usr/sbin/httpd -DFOREGROUND' + umask 0022 + exec /usr/sbin/httpd -DFOREGROUND [Thu Dec 04 22:35:46.383241 2025] [suexec:notice] [pid 1:tid 1] AH01232: suEXEC mechanism enabled (wrapper: /usr/sbin/suexec) [Thu Dec 04 22:35:46.410007 2025] [lbmethod_heartbeat:notice] [pid 1:tid 1] AH02282: No slotmem from mod_heartmonitor [Thu Dec 04 22:35:46.417092 2025] [mpm_event:notice] [pid 1:tid 1] AH00489: Apache/2.4.62 (CentOS Stream) OpenSSL/3.5.1 mod_wsgi/4.7.1 Python/3.9 configured -- resuming normal operations [Thu Dec 04 22:35:46.417123 2025] [core:notice] [pid 1:tid 1] AH00094: Command line: '/usr/sbin/httpd -D FOREGROUND'
10.128.0.2 - - [04/Dec/2025:22:35:51 +0000] "GET /v1 HTTP/1.1" 200 1029 "-" "kube-probe/1.31"
10.128.0.2 - - [04/Dec/2025:22:35:51 +0000] "GET /v1 HTTP/1.1" 200 1029 "-" "kube-probe/1.31"
10.128.0.2 - - [04/Dec/2025:22:35:56 +0000] "GET /v1 HTTP/1.1" 200 1029 "-" "kube-probe/1.31"
10.128.0.2 - - [04/Dec/2025:22:35:56 +0000] "GET /v1 HTTP/1.1" 200 1029 "-" "kube-probe/1.31"
10.128.0.2 - - [04/Dec/2025:22:36:01 +0000] "GET /v1 HTTP/1.1" 200 1029 "-" "kube-probe/1.31"
10.128.0.2 - - [04/Dec/2025:22:36:01 +0000] "GET /v1 HTTP/1.1" 200 1029 "-" "kube-probe/1.31"
10.128.0.2 - - [04/Dec/2025:22:36:06 +0000] "GET /v1 HTTP/1.1" 200 1029 "-" "kube-probe/1.31"
10.128.0.2 - - [04/Dec/2025:22:36:06 +0000] "GET /v1 HTTP/1.1" 200 1029 "-" "kube-probe/1.31"
10.128.0.2 - - [04/Dec/2025:22:36:11 +0000] "GET /v1 HTTP/1.1" 200 1029 "-" "kube-probe/1.31"
10.128.0.2 - - [04/Dec/2025:22:36:11 +0000] "GET /v1 HTTP/1.1" 200 1029 "-" "kube-probe/1.31"
10.128.0.2 - - [04/Dec/2025:22:36:16 +0000] "GET /v1 HTTP/1.1" 200 1029 "-" "kube-probe/1.31"
10.128.0.2 - - [04/Dec/2025:22:36:16 +0000] "GET /v1 HTTP/1.1" 200 1029 "-" "kube-probe/1.31"
10.128.0.2 - - [04/Dec/2025:22:36:21 +0000] "GET /v1 HTTP/1.1" 200 1029 "-" "kube-probe/1.31"
10.128.0.2 - - [04/Dec/2025:22:36:21 +0000] "GET /v1 HTTP/1.1" 200 1029 "-" "kube-probe/1.31"
10.128.0.2 - - [04/Dec/2025:22:36:26 +0000] "GET /v1 HTTP/1.1" 200 1029 "-" "kube-probe/1.31"
10.128.0.2 - - [04/Dec/2025:22:36:26 +0000] "GET /v1 HTTP/1.1" 200 1029 "-" "kube-probe/1.31"
10.128.0.2 - - [04/Dec/2025:22:36:31 +0000] "GET /v1 HTTP/1.1" 200 1029 "-" "kube-probe/1.31"
10.128.0.2 - - [04/Dec/2025:22:36:31 +0000] "GET /v1 HTTP/1.1" 200 1029 "-" "kube-probe/1.31"
10.128.0.2 - - [04/Dec/2025:22:36:36 +0000] "GET /v1 HTTP/1.1" 200 1029 "-" "kube-probe/1.31"
10.128.0.2 - - [04/Dec/2025:22:36:36 +0000] "GET /v1 HTTP/1.1" 200 1029 "-" "kube-probe/1.31"
10.128.0.252 - - [04/Dec/2025:22:36:40 +0000] "GET / HTTP/1.1" 200 504 "-" "ironic-inspector keystoneauth1/5.1.3 python-requests/2.25.1 CPython/3.9.23"
10.128.0.252 - - [04/Dec/2025:22:36:40 +0000] "GET /v1/ports?fields=address%2Cextra HTTP/1.1" 200 13 "-" "ironic-inspector keystoneauth1/5.1.3 python-requests/2.25.1 CPython/3.9.23"
10.128.0.252 - - [04/Dec/2025:22:36:41 +0000] "GET /v1/ports?fields=address%2Cextra HTTP/1.1" 200 13 "-" "ironic-inspector keystoneauth1/5.1.3 python-requests/2.25.1 CPython/3.9.23"
10.128.0.2 - - [04/Dec/2025:22:36:41 +0000] "GET /v1 HTTP/1.1" 200 1029 "-" "kube-probe/1.31"
10.128.0.2 - - [04/Dec/2025:22:36:41 +0000] "GET /v1 HTTP/1.1" 200 1029 "-" "kube-probe/1.31"
10.128.0.2 - - [04/Dec/2025:22:36:46 +0000] "GET /v1 HTTP/1.1" 200 1029 "-" "kube-probe/1.31"
10.128.0.2 - - [04/Dec/2025:22:36:46 +0000] "GET /v1 HTTP/1.1" 200 1029 "-" "kube-probe/1.31"
10.128.0.229 - - [04/Dec/2025:22:36:49 +0000] "GET / HTTP/1.1" 200 528 "-" "ironic-neutron-agent keystoneauth1/5.1.3 python-requests/2.25.1 CPython/3.9.23"
10.128.0.2 - - [04/Dec/2025:22:36:51 +0000] "GET /v1 HTTP/1.1" 200 1029 "-" "kube-probe/1.31"
10.128.0.2 - - [04/Dec/2025:22:36:51 +0000] "GET /v1 HTTP/1.1" 200 1029 "-" "kube-probe/1.31"
10.128.0.252 - - [04/Dec/2025:22:36:56 +0000] "GET /v1/ports?fields=address%2Cextra HTTP/1.1" 200 13 "-" "ironic-inspector keystoneauth1/5.1.3 python-requests/2.25.1 CPython/3.9.23"
10.128.0.252 - - [04/Dec/2025:22:36:56 +0000] "GET /v1/ports?fields=address%2Cextra HTTP/1.1" 200 13 "-" "ironic-inspector keystoneauth1/5.1.3 python-requests/2.25.1 CPython/3.9.23"
10.128.0.2 - - [04/Dec/2025:22:36:56 +0000] "GET /v1 HTTP/1.1" 200 1029 "-" "kube-probe/1.31"
10.128.0.2 - - [04/Dec/2025:22:36:56 +0000] "GET /v1 HTTP/1.1" 200 1029 "-" "kube-probe/1.31"
10.128.0.2 - - [04/Dec/2025:22:37:01 +0000] "GET /v1 HTTP/1.1" 200 1029 "-" "kube-probe/1.31"
10.128.0.2 - - [04/Dec/2025:22:37:01 +0000] "GET /v1 HTTP/1.1" 200 1029 "-" "kube-probe/1.31"
10.128.0.2 - - [04/Dec/2025:22:37:06 +0000] "GET /v1 HTTP/1.1" 200 1029 "-" "kube-probe/1.31"
10.128.0.2 - - [04/Dec/2025:22:37:06 +0000] "GET /v1 HTTP/1.1" 200 1029 "-" "kube-probe/1.31"
10.128.0.252 - - [04/Dec/2025:22:37:11 +0000] "GET /v1/ports?fields=address%2Cextra HTTP/1.1" 200 13 "-" "ironic-inspector keystoneauth1/5.1.3 python-requests/2.25.1 CPython/3.9.23"
10.128.0.252 - - [04/Dec/2025:22:37:11 +0000] "GET /v1/ports?fields=address%2Cextra HTTP/1.1" 200 13 "-" "ironic-inspector keystoneauth1/5.1.3 python-requests/2.25.1 CPython/3.9.23"
10.128.0.2 - - [04/Dec/2025:22:37:11 +0000] "GET /v1 HTTP/1.1" 200 1029 "-" "kube-probe/1.31"
10.128.0.2 - - [04/Dec/2025:22:37:11 +0000] "GET /v1 HTTP/1.1" 200 1029 "-" "kube-probe/1.31"
10.128.0.2 - - [04/Dec/2025:22:37:16 +0000] "GET /v1 HTTP/1.1" 200 1029 "-" "kube-probe/1.31"
10.128.0.2 - - [04/Dec/2025:22:37:16 +0000] "GET /v1 HTTP/1.1" 200 1029 "-" "kube-probe/1.31"
10.128.0.229 - - [04/Dec/2025:22:37:19 +0000] "GET /v1/ports/detail HTTP/1.1" 200 13 "-" "ironic-neutron-agent keystoneauth1/5.1.3 python-requests/2.25.1 CPython/3.9.23"
10.128.0.2 - - [04/Dec/2025:22:37:21 +0000] "GET /v1 HTTP/1.1" 200 1029 "-" "kube-probe/1.31"
10.128.0.2 - - [04/Dec/2025:22:37:21 +0000] "GET /v1 HTTP/1.1" 200 1029 "-" "kube-probe/1.31"
10.128.0.252 - - [04/Dec/2025:22:37:26 +0000] "GET /v1/ports?fields=address%2Cextra HTTP/1.1" 200 13 "-" "ironic-inspector keystoneauth1/5.1.3 python-requests/2.25.1 CPython/3.9.23"
10.128.0.252 - - [04/Dec/2025:22:37:26 +0000] "GET /v1/ports?fields=address%2Cextra HTTP/1.1" 200 13 "-" "ironic-inspector keystoneauth1/5.1.3 python-requests/2.25.1 CPython/3.9.23"
10.128.0.2 - - [04/Dec/2025:22:37:26 +0000] "GET /v1 HTTP/1.1" 200 1029 "-" "kube-probe/1.31"
10.128.0.2 - - [04/Dec/2025:22:37:26 +0000] "GET /v1 HTTP/1.1" 200 1029 "-" "kube-probe/1.31"
10.128.0.2 - - [04/Dec/2025:22:37:31 +0000] "GET /v1 HTTP/1.1" 200 1029 "-" "kube-probe/1.31"
10.128.0.2 - - [04/Dec/2025:22:37:31 +0000] "GET /v1 HTTP/1.1" 200 1029 "-" "kube-probe/1.31"
10.128.1.0 - - [04/Dec/2025:22:37:31 +0000] "GET / HTTP/1.1" 200 504 "-" "nova-compute keystoneauth1/5.1.3 python-requests/2.25.1 CPython/3.9.23"
10.128.1.0 - - [04/Dec/2025:22:37:31 +0000] "GET /v1/nodes?fields=uuid%2Cpower_state%2Ctarget_power_state%2Cprovision_state%2Ctarget_provision_state%2Clast_error%2Cmaintenance%2Cproperties%2Cinstance_uuid%2Ctraits%2Cresource_class HTTP/1.1" 200 13 "-" "nova-compute keystoneauth1/5.1.3 python-requests/2.25.1 CPython/3.9.23"
10.128.1.0 - - [04/Dec/2025:22:37:32 +0000] "GET /v1/nodes?fields=uuid%2Cpower_state%2Ctarget_power_state%2Cprovision_state%2Ctarget_provision_state%2Clast_error%2Cmaintenance%2Cproperties%2Cinstance_uuid%2Ctraits%2Cresource_class HTTP/1.1" 200 13 "-" "nova-compute keystoneauth1/5.1.3 python-requests/2.25.1 CPython/3.9.23"
10.128.0.2 - - [04/Dec/2025:22:37:36 +0000] "GET /v1 HTTP/1.1" 200 1029 "-" "kube-probe/1.31"
10.128.0.2 - - [04/Dec/2025:22:37:36 +0000] "GET /v1 HTTP/1.1" 200 1029 "-" "kube-probe/1.31"
10.128.0.252 - - [04/Dec/2025:22:37:41 +0000] "GET /v1/ports?fields=address%2Cextra HTTP/1.1" 200 13 "-" "ironic-inspector keystoneauth1/5.1.3 python-requests/2.25.1 CPython/3.9.23"
10.128.0.252 - - [04/Dec/2025:22:37:41 +0000] "GET /v1/ports?fields=address%2Cextra HTTP/1.1" 200 13 "-" "ironic-inspector keystoneauth1/5.1.3 python-requests/2.25.1 CPython/3.9.23"
10.128.0.252 - - [04/Dec/2025:22:37:41 +0000] "GET /v1/nodes?fields=uuid HTTP/1.1" 200 13 "-" "ironic-inspector keystoneauth1/5.1.3 python-requests/2.25.1 CPython/3.9.23"
10.128.0.2 - - [04/Dec/2025:22:37:41 +0000] "GET /v1 HTTP/1.1" 200 1029 "-" "kube-probe/1.31"
10.128.0.2 - - [04/Dec/2025:22:37:41 +0000] "GET /v1 HTTP/1.1" 200 1029 "-" "kube-probe/1.31"
10.128.0.2 - - [04/Dec/2025:22:37:46 +0000] "GET /v1 HTTP/1.1" 200 1029 "-" "kube-probe/1.31"
10.128.0.2 - - [04/Dec/2025:22:37:46 +0000] "GET /v1 HTTP/1.1" 200 1029 "-" "kube-probe/1.31"
10.128.0.229 - - [04/Dec/2025:22:37:49 +0000] "GET /v1/ports/detail HTTP/1.1" 200 13 "-" "ironic-neutron-agent keystoneauth1/5.1.3 python-requests/2.25.1 CPython/3.9.23"
10.128.0.2 - - [04/Dec/2025:22:37:51 +0000] "GET /v1 HTTP/1.1" 200 1029 "-" "kube-probe/1.31"
10.128.0.2 - - [04/Dec/2025:22:37:51 +0000] "GET /v1 HTTP/1.1" 200 1029 "-" "kube-probe/1.31"
10.128.0.252 - - [04/Dec/2025:22:37:56 +0000] "GET /v1/ports?fields=address%2Cextra HTTP/1.1" 200 13 "-" "ironic-inspector keystoneauth1/5.1.3 python-requests/2.25.1 CPython/3.9.23"
10.128.0.252 - - [04/Dec/2025:22:37:56 +0000] "GET /v1/ports?fields=address%2Cextra HTTP/1.1" 200 13 "-" "ironic-inspector keystoneauth1/5.1.3 python-requests/2.25.1 CPython/3.9.23"
10.128.0.2 - - [04/Dec/2025:22:37:56 +0000] "GET /v1 HTTP/1.1" 200 1029 "-" "kube-probe/1.31"
10.128.0.2 - - [04/Dec/2025:22:37:56 +0000] "GET /v1 HTTP/1.1" 200 1029 "-" "kube-probe/1.31"
10.128.0.2 - - [04/Dec/2025:22:38:01 +0000] "GET /v1 HTTP/1.1" 200 1029 "-" "kube-probe/1.31"
10.128.0.2 - - [04/Dec/2025:22:38:01 +0000] "GET /v1 HTTP/1.1" 200 1029 "-" "kube-probe/1.31"
10.128.0.2 - - [04/Dec/2025:22:38:06 +0000] "GET /v1 HTTP/1.1" 200 1029 "-" "kube-probe/1.31"
10.128.0.2 - - [04/Dec/2025:22:38:06 +0000] "GET /v1 HTTP/1.1" 200 1029 "-" "kube-probe/1.31"
10.128.1.0 - - [04/Dec/2025:22:38:06 +0000] "GET /v1/nodes?fields=uuid%2Cpower_state%2Ctarget_power_state%2Cprovision_state%2Ctarget_provision_state%2Clast_error%2Cmaintenance%2Cproperties%2Cinstance_uuid%2Ctraits%2Cresource_class HTTP/1.1" 200 13 "-" "nova-compute keystoneauth1/5.1.3 python-requests/2.25.1 CPython/3.9.23"
10.128.1.0 - - [04/Dec/2025:22:38:06 +0000] "GET /v1/nodes?fields=uuid%2Cpower_state%2Ctarget_power_state%2Cprovision_state%2Ctarget_provision_state%2Clast_error%2Cmaintenance%2Cproperties%2Cinstance_uuid%2Ctraits%2Cresource_class HTTP/1.1" 200 13 "-" "nova-compute keystoneauth1/5.1.3 python-requests/2.25.1 CPython/3.9.23"
10.128.0.252 - - [04/Dec/2025:22:38:11 +0000] "GET /v1/ports?fields=address%2Cextra HTTP/1.1" 200 13 "-" "ironic-inspector keystoneauth1/5.1.3 python-requests/2.25.1 CPython/3.9.23"
10.128.0.252 - - [04/Dec/2025:22:38:11 +0000] "GET /v1/ports?fields=address%2Cextra HTTP/1.1" 200 13 "-" "ironic-inspector keystoneauth1/5.1.3 python-requests/2.25.1 CPython/3.9.23"
10.128.0.2 - - [04/Dec/2025:22:38:11 +0000] "GET /v1 HTTP/1.1" 200 1029 "-" "kube-probe/1.31"
10.128.0.2 - - [04/Dec/2025:22:38:11 +0000] "GET /v1 HTTP/1.1" 200 1029 "-" "kube-probe/1.31"
10.128.0.2 - - [04/Dec/2025:22:38:16 +0000] "GET /v1 HTTP/1.1" 200 1029 "-" "kube-probe/1.31"
10.128.0.2 - - [04/Dec/2025:22:38:16 +0000] "GET /v1 HTTP/1.1" 200 1029 "-" "kube-probe/1.31"
10.128.0.229 - - [04/Dec/2025:22:38:19 +0000] "GET /v1/ports/detail HTTP/1.1" 200 13 "-" "ironic-neutron-agent keystoneauth1/5.1.3 python-requests/2.25.1 CPython/3.9.23"
10.128.1.0 - - [04/Dec/2025:22:38:20 +0000] "GET /v1/nodes?fields=uuid%2Cpower_state%2Ctarget_power_state%2Cprovision_state%2Ctarget_provision_state%2Clast_error%2Cmaintenance%2Cproperties%2Cinstance_uuid%2Ctraits%2Cresource_class HTTP/1.1" 200 13 "-" "nova-compute keystoneauth1/5.1.3 python-requests/2.25.1 CPython/3.9.23"
10.128.0.2 - - [04/Dec/2025:22:38:21 +0000] "GET /v1 HTTP/1.1" 200 1029 "-" "kube-probe/1.31"
10.128.0.2 - - [04/Dec/2025:22:38:21 +0000] "GET /v1 HTTP/1.1" 200 1029 "-" "kube-probe/1.31"
10.128.0.252 - - [04/Dec/2025:22:38:26 +0000] "GET /v1/ports?fields=address%2Cextra HTTP/1.1" 200 13 "-" "ironic-inspector keystoneauth1/5.1.3 python-requests/2.25.1 CPython/3.9.23"
10.128.0.252 - - [04/Dec/2025:22:38:26 +0000] "GET /v1/ports?fields=address%2Cextra HTTP/1.1" 200 13 "-" "ironic-inspector keystoneauth1/5.1.3 python-requests/2.25.1 CPython/3.9.23"
10.128.0.2 - - [04/Dec/2025:22:38:26 +0000] "GET /v1 HTTP/1.1" 200 1029 "-" "kube-probe/1.31"
10.128.0.2 - - [04/Dec/2025:22:38:26 +0000] "GET /v1 HTTP/1.1" 200 1029 "-" "kube-probe/1.31"
10.128.0.2 - - [04/Dec/2025:22:38:31 +0000] "GET /v1 HTTP/1.1" 200 1029 "-" "kube-probe/1.31"
10.128.0.2 - - [04/Dec/2025:22:38:31 +0000] "GET /v1 HTTP/1.1" 200 1029 "-" "kube-probe/1.31"
10.128.0.2 - - [04/Dec/2025:22:38:36 +0000] "GET /v1 HTTP/1.1" 200 1029 "-" "kube-probe/1.31"
10.128.0.2 - - [04/Dec/2025:22:38:36 +0000] "GET /v1 HTTP/1.1" 200 1029 "-" "kube-probe/1.31"
10.128.0.252 - - [04/Dec/2025:22:38:41 +0000] "GET /v1/ports?fields=address%2Cextra HTTP/1.1" 200 13 "-" "ironic-inspector keystoneauth1/5.1.3 python-requests/2.25.1 CPython/3.9.23"
10.128.0.252 - - [04/Dec/2025:22:38:41 +0000] "GET /v1/nodes?fields=uuid HTTP/1.1" 200 13 "-" "ironic-inspector keystoneauth1/5.1.3 python-requests/2.25.1 CPython/3.9.23"
10.128.0.252 - - [04/Dec/2025:22:38:41 +0000] "GET /v1/ports?fields=address%2Cextra HTTP/1.1" 200 13 "-" "ironic-inspector keystoneauth1/5.1.3 python-requests/2.25.1 CPython/3.9.23"
10.128.0.2 - - [04/Dec/2025:22:38:41 +0000] "GET /v1 HTTP/1.1" 200 1029 "-" "kube-probe/1.31"
10.128.0.2 - - [04/Dec/2025:22:38:41 +0000] "GET /v1 HTTP/1.1" 200 1029 "-" "kube-probe/1.31"
10.128.0.2 - - [04/Dec/2025:22:38:46 +0000] "GET /v1 HTTP/1.1" 200 1029 "-" "kube-probe/1.31"
10.128.0.2 - - [04/Dec/2025:22:38:46 +0000] "GET /v1 HTTP/1.1" 200 1029 "-" "kube-probe/1.31"
10.128.0.229 - - [04/Dec/2025:22:38:49 +0000] "GET /v1/ports/detail HTTP/1.1" 200 13 "-" "ironic-neutron-agent keystoneauth1/5.1.3 python-requests/2.25.1 CPython/3.9.23"
10.128.0.2 - - [04/Dec/2025:22:38:51 +0000] "GET /v1 HTTP/1.1" 200 1029 "-" "kube-probe/1.31"
10.128.0.2 - - [04/Dec/2025:22:38:51 +0000] "GET /v1 HTTP/1.1" 200 1029 "-" "kube-probe/1.31"
10.128.0.252 - - [04/Dec/2025:22:38:56 +0000] "GET /v1/ports?fields=address%2Cextra HTTP/1.1" 200 13 "-" "ironic-inspector keystoneauth1/5.1.3 python-requests/2.25.1 CPython/3.9.23"
10.128.0.252 - - [04/Dec/2025:22:38:56 +0000] "GET /v1/ports?fields=address%2Cextra HTTP/1.1" 200 13 "-" "ironic-inspector keystoneauth1/5.1.3 python-requests/2.25.1 CPython/3.9.23"
10.128.0.2 - - [04/Dec/2025:22:38:56 +0000] "GET /v1 HTTP/1.1" 200 1029 "-" "kube-probe/1.31"
10.128.0.2 - - [04/Dec/2025:22:38:56 +0000] "GET /v1 HTTP/1.1" 200 1029 "-" "kube-probe/1.31"
10.128.0.2 - - [04/Dec/2025:22:39:01 +0000] "GET /v1 HTTP/1.1" 200 1029 "-" "kube-probe/1.31"
10.128.0.2 - - [04/Dec/2025:22:39:01 +0000] "GET /v1 HTTP/1.1" 200 1029 "-" "kube-probe/1.31"
10.128.0.2 - - [04/Dec/2025:22:39:06 +0000] "GET /v1 HTTP/1.1" 200 1029 "-" "kube-probe/1.31"
10.128.0.2 - - [04/Dec/2025:22:39:06 +0000] "GET /v1 HTTP/1.1" 200 1029 "-" "kube-probe/1.31"
10.128.0.252 - - [04/Dec/2025:22:39:11 +0000] "GET /v1/ports?fields=address%2Cextra HTTP/1.1" 200 13 "-" "ironic-inspector keystoneauth1/5.1.3 python-requests/2.25.1 CPython/3.9.23"
10.128.0.252 - - [04/Dec/2025:22:39:11 +0000] "GET /v1/ports?fields=address%2Cextra HTTP/1.1" 200 13 "-" "ironic-inspector keystoneauth1/5.1.3 python-requests/2.25.1 CPython/3.9.23"
10.128.0.2 - - [04/Dec/2025:22:39:11 +0000] "GET /v1 HTTP/1.1" 200 1029 "-" "kube-probe/1.31"
10.128.0.2 - - [04/Dec/2025:22:39:11 +0000] "GET /v1 HTTP/1.1" 200 1029 "-" "kube-probe/1.31"
10.128.0.2 - - [04/Dec/2025:22:39:16 +0000] "GET /v1 HTTP/1.1" 200 1029 "-" "kube-probe/1.31"
10.128.0.2 - - [04/Dec/2025:22:39:16 +0000] "GET /v1 HTTP/1.1" 200 1029 "-" "kube-probe/1.31"
10.128.0.229 - - [04/Dec/2025:22:39:19 +0000] "GET /v1/ports/detail HTTP/1.1" 200 13 "-" "ironic-neutron-agent keystoneauth1/5.1.3 python-requests/2.25.1 CPython/3.9.23"
10.128.1.0 - - [04/Dec/2025:22:39:21 +0000] "GET /v1/nodes?fields=uuid%2Cpower_state%2Ctarget_power_state%2Cprovision_state%2Ctarget_provision_state%2Clast_error%2Cmaintenance%2Cproperties%2Cinstance_uuid%2Ctraits%2Cresource_class HTTP/1.1" 200 13 "-" "nova-compute keystoneauth1/5.1.3 python-requests/2.25.1 CPython/3.9.23"
10.128.0.2 - - [04/Dec/2025:22:39:21 +0000] "GET /v1 HTTP/1.1" 200 1029 "-" "kube-probe/1.31"
10.128.0.2 - - [04/Dec/2025:22:39:21 +0000] "GET /v1 HTTP/1.1" 200 1029 "-" "kube-probe/1.31"
10.128.0.252 - - [04/Dec/2025:22:39:26 +0000] "GET /v1/ports?fields=address%2Cextra HTTP/1.1" 200 13 "-" "ironic-inspector keystoneauth1/5.1.3 python-requests/2.25.1 CPython/3.9.23"
10.128.0.252 - - [04/Dec/2025:22:39:26 +0000] "GET /v1/ports?fields=address%2Cextra HTTP/1.1" 200 13 "-" "ironic-inspector keystoneauth1/5.1.3 python-requests/2.25.1 CPython/3.9.23"
10.128.0.2 - - [04/Dec/2025:22:39:26 +0000] "GET /v1 HTTP/1.1" 200 1029 "-" "kube-probe/1.31"
10.128.0.2 - - [04/Dec/2025:22:39:26 +0000] "GET /v1 HTTP/1.1" 200 1029 "-" "kube-probe/1.31"
10.128.0.2 - - [04/Dec/2025:22:39:31 +0000] "GET /v1 HTTP/1.1" 200 1029 "-" "kube-probe/1.31"
10.128.0.2 - - [04/Dec/2025:22:39:31 +0000] "GET /v1 HTTP/1.1" 200 1029 "-" "kube-probe/1.31"
10.128.0.2 - - [04/Dec/2025:22:39:36 +0000] "GET /v1 HTTP/1.1" 200 1029 "-" "kube-probe/1.31"
10.128.0.2 - - [04/Dec/2025:22:39:36 +0000] "GET /v1 HTTP/1.1" 200 1029 "-" "kube-probe/1.31"
10.128.0.252 - - [04/Dec/2025:22:39:41 +0000] "GET /v1/nodes?fields=uuid HTTP/1.1" 200 13 "-" "ironic-inspector keystoneauth1/5.1.3 python-requests/2.25.1 CPython/3.9.23"
10.128.0.252 - - [04/Dec/2025:22:39:41 +0000] "GET /v1/ports?fields=address%2Cextra HTTP/1.1" 200 13 "-" "ironic-inspector keystoneauth1/5.1.3 python-requests/2.25.1 CPython/3.9.23"
10.128.0.252 - - [04/Dec/2025:22:39:41 +0000] "GET /v1/ports?fields=address%2Cextra HTTP/1.1" 200 13 "-" "ironic-inspector keystoneauth1/5.1.3 python-requests/2.25.1 CPython/3.9.23"
10.128.0.2 - - [04/Dec/2025:22:39:41 +0000] "GET /v1 HTTP/1.1" 200 1029 "-" "kube-probe/1.31"
10.128.0.2 - - [04/Dec/2025:22:39:41 +0000] "GET /v1 HTTP/1.1" 200 1029 "-" "kube-probe/1.31"
10.128.0.2 - - [04/Dec/2025:22:39:46 +0000] "GET /v1 HTTP/1.1" 200 1029 "-" "kube-probe/1.31"
10.128.0.2 - - [04/Dec/2025:22:39:46 +0000] "GET /v1 HTTP/1.1" 200 1029 "-" "kube-probe/1.31"
10.128.0.229 - - [04/Dec/2025:22:39:49 +0000] "GET /v1/ports/detail HTTP/1.1" 200 13 "-" "ironic-neutron-agent keystoneauth1/5.1.3 python-requests/2.25.1 CPython/3.9.23"
10.128.0.2 - - [04/Dec/2025:22:39:51 +0000] "GET /v1 HTTP/1.1" 200 1029 "-" "kube-probe/1.31"
10.128.0.2 - - [04/Dec/2025:22:39:51 +0000] "GET /v1 HTTP/1.1" 200 1029 "-" "kube-probe/1.31"
10.128.0.2 - - [04/Dec/2025:22:39:56 +0000] "GET /v1 HTTP/1.1" 200 1029 "-" "kube-probe/1.31"
10.128.0.2 - - [04/Dec/2025:22:39:56 +0000] "GET /v1 HTTP/1.1" 200 1029 "-" "kube-probe/1.31"
10.128.0.252 - - [04/Dec/2025:22:39:56 +0000] "GET /v1/ports?fields=address%2Cextra HTTP/1.1" 200 13 "-" "ironic-inspector keystoneauth1/5.1.3 python-requests/2.25.1 CPython/3.9.23"
10.128.0.252 - - [04/Dec/2025:22:39:56 +0000] "GET /v1/ports?fields=address%2Cextra HTTP/1.1" 200 13 "-" "ironic-inspector keystoneauth1/5.1.3 python-requests/2.25.1 CPython/3.9.23"
10.128.0.2 - - [04/Dec/2025:22:40:01 +0000] "GET /v1 HTTP/1.1" 200 1029 "-" "kube-probe/1.31"
10.128.0.2 - - [04/Dec/2025:22:40:01 +0000] "GET /v1 HTTP/1.1" 200 1029 "-" "kube-probe/1.31"
10.128.0.2 - - [04/Dec/2025:22:40:06 +0000] "GET /v1 HTTP/1.1" 200 1029 "-" "kube-probe/1.31"
10.128.0.2 - - [04/Dec/2025:22:40:06 +0000] "GET /v1 HTTP/1.1" 200 1029 "-" "kube-probe/1.31"
10.128.0.252 - - [04/Dec/2025:22:40:11 +0000] "GET /v1/ports?fields=address%2Cextra HTTP/1.1" 200 13 "-" "ironic-inspector keystoneauth1/5.1.3 python-requests/2.25.1 CPython/3.9.23"
10.128.0.252 - - [04/Dec/2025:22:40:11 +0000] "GET /v1/ports?fields=address%2Cextra HTTP/1.1" 200 13 "-" "ironic-inspector keystoneauth1/5.1.3 python-requests/2.25.1 CPython/3.9.23"
10.128.0.2 - - [04/Dec/2025:22:40:11 +0000] "GET /v1 HTTP/1.1" 200 1029 "-" "kube-probe/1.31"
10.128.0.2 - - [04/Dec/2025:22:40:11 +0000] "GET /v1 HTTP/1.1" 200 1029 "-" "kube-probe/1.31"
10.128.0.240 - - [04/Dec/2025:22:40:15 +0000] "POST /v1/nodes HTTP/1.1" 201 3102 "-" "python-ironicclient"
10.128.0.240 - - [04/Dec/2025:22:40:15 +0000] "POST /v1/ports HTTP/1.1" 201 626 "-" "python-ironicclient"
10.128.0.240 - - [04/Dec/2025:22:40:16 +0000] "POST /v1/nodes HTTP/1.1" 201 3102 "-" "python-ironicclient"
10.128.0.240 - - [04/Dec/2025:22:40:16 +0000] "POST /v1/ports HTTP/1.1" 201 626 "-" "python-ironicclient"
10.128.0.2 - - [04/Dec/2025:22:40:16 +0000] "GET /v1 HTTP/1.1" 200 1029 "-" "kube-probe/1.31"
10.128.0.2 - - [04/Dec/2025:22:40:16 +0000] "GET /v1 HTTP/1.1" 200 1029 "-" "kube-probe/1.31"
10.128.0.229 - - [04/Dec/2025:22:40:19 +0000] "GET /v1/ports/detail HTTP/1.1" 200 1223 "-" "ironic-neutron-agent keystoneauth1/5.1.3 python-requests/2.25.1 CPython/3.9.23"
10.128.0.240 - - [04/Dec/2025:22:40:20 +0000] "GET /v1/nodes HTTP/1.1" 200 879 "-" "python-ironicclient"
10.128.0.2 - - [04/Dec/2025:22:40:21 +0000] "GET /v1 HTTP/1.1" 200 1029 "-" "kube-probe/1.31"
10.128.0.2 - - [04/Dec/2025:22:40:21 +0000] "GET /v1 HTTP/1.1" 200 1029 "-" "kube-probe/1.31"
10.128.1.0 - - [04/Dec/2025:22:40:22 +0000] "GET /v1/nodes?fields=uuid%2Cpower_state%2Ctarget_power_state%2Cprovision_state%2Ctarget_provision_state%2Clast_error%2Cmaintenance%2Cproperties%2Cinstance_uuid%2Ctraits%2Cresource_class HTTP/1.1" 200 1079 "-" "nova-compute keystoneauth1/5.1.3 python-requests/2.25.1 CPython/3.9.23"
10.128.0.240 - - [04/Dec/2025:22:40:24 +0000] "PUT /v1/nodes/ironic0/states/provision HTTP/1.1" 202 - "-" "python-ironicclient"
10.128.0.252 - - [04/Dec/2025:22:40:26 +0000] "GET /v1/ports?fields=address%2Cextra HTTP/1.1" 200 597 "-" "ironic-inspector keystoneauth1/5.1.3 python-requests/2.25.1 CPython/3.9.23"
10.128.0.2 - - [04/Dec/2025:22:40:26 +0000] "GET /v1 HTTP/1.1" 200 1029 "-" "kube-probe/1.31"
10.128.0.2 - - [04/Dec/2025:22:40:26 +0000] "GET /v1 HTTP/1.1" 200 1029 "-" "kube-probe/1.31"
10.128.0.252 - - [04/Dec/2025:22:40:26 +0000] "GET /v1/ports?fields=address%2Cextra HTTP/1.1" 200 597 "-" "ironic-inspector keystoneauth1/5.1.3 python-requests/2.25.1 CPython/3.9.23"
10.128.0.240 - - [04/Dec/2025:22:40:26 +0000] "PUT /v1/nodes/ironic1/states/provision HTTP/1.1" 202 - "-" "python-ironicclient"
10.128.0.240 - - [04/Dec/2025:22:40:30 +0000] "GET /v1/nodes HTTP/1.1" 200 899 "-" "python-ironicclient"
10.128.0.2 - - [04/Dec/2025:22:40:31 +0000] "GET /v1 HTTP/1.1" 200 1029 "-" "kube-probe/1.31"
10.128.0.2 - - [04/Dec/2025:22:40:31 +0000] "GET /v1 HTTP/1.1" 200 1029 "-" "kube-probe/1.31"
10.128.0.240 - - [04/Dec/2025:22:40:33 +0000] "PUT /v1/nodes/ironic0/states/power HTTP/1.1" 202 - "-" "python-ironicclient"
10.128.0.2 - - [04/Dec/2025:22:40:36 +0000] "GET /v1 HTTP/1.1" 200 1029 "-" "kube-probe/1.31"
10.128.0.2 - - [04/Dec/2025:22:40:36 +0000] "GET /v1 HTTP/1.1" 200 1029 "-" "kube-probe/1.31"
10.128.0.240 - - [04/Dec/2025:22:40:36 +0000] "PUT /v1/nodes/ironic1/states/power HTTP/1.1" 202 - "-" "python-ironicclient"
10.128.0.240 - - [04/Dec/2025:22:40:39 +0000] "GET /v1/nodes HTTP/1.1" 200 899 "-" "python-ironicclient"
10.128.0.252 - - [04/Dec/2025:22:40:41 +0000] "GET /v1/nodes?fields=uuid HTTP/1.1" 200 603 "-" "ironic-inspector keystoneauth1/5.1.3 python-requests/2.25.1 CPython/3.9.23"
10.128.0.252 - - [04/Dec/2025:22:40:41 +0000] "GET /v1/ports?fields=address%2Cextra HTTP/1.1" 200 597 "-" "ironic-inspector keystoneauth1/5.1.3 python-requests/2.25.1 CPython/3.9.23"
10.128.0.2 - - [04/Dec/2025:22:40:41 +0000] "GET /v1 HTTP/1.1" 200 1029 "-" "kube-probe/1.31"
10.128.0.2 - - [04/Dec/2025:22:40:41 +0000] "GET /v1 HTTP/1.1" 200 1029 "-" "kube-probe/1.31"
10.128.0.252 - - [04/Dec/2025:22:40:41 +0000] "GET /v1/ports?fields=address%2Cextra HTTP/1.1" 200 597 "-" "ironic-inspector keystoneauth1/5.1.3 python-requests/2.25.1 CPython/3.9.23"
10.128.0.2 - - [04/Dec/2025:22:40:46 +0000] "GET /v1 HTTP/1.1" 200 1029 "-" "kube-probe/1.31"
10.128.0.2 - - [04/Dec/2025:22:40:46 +0000] "GET /v1 HTTP/1.1" 200 1029 "-" "kube-probe/1.31"
10.128.0.229 - - [04/Dec/2025:22:40:49 +0000] "GET /v1/ports/detail HTTP/1.1" 200 1223 "-" "ironic-neutron-agent keystoneauth1/5.1.3 python-requests/2.25.1 CPython/3.9.23"
10.128.0.2 - - [04/Dec/2025:22:40:51 +0000] "GET /v1 HTTP/1.1" 200 1029 "-" "kube-probe/1.31"
10.128.0.2 - - [04/Dec/2025:22:40:51 +0000] "GET /v1 HTTP/1.1" 200 1029 "-" "kube-probe/1.31"
10.128.0.240 - - [04/Dec/2025:22:40:51 +0000] "GET /v1/nodes HTTP/1.1" 200 901 "-" "python-ironicclient"
10.128.0.240 - - [04/Dec/2025:22:40:55 +0000] "PATCH /v1/nodes/ironic0 HTTP/1.1" 200 3293 "-" "python-ironicclient"
10.128.0.252 - - [04/Dec/2025:22:40:56 +0000] "GET /v1/ports?fields=address%2Cextra HTTP/1.1" 200 597 "-" "ironic-inspector keystoneauth1/5.1.3 python-requests/2.25.1 CPython/3.9.23"
10.128.0.2 - - [04/Dec/2025:22:40:56 +0000] "GET /v1 HTTP/1.1" 200 1029 "-" "kube-probe/1.31"
10.128.0.2 - - [04/Dec/2025:22:40:56 +0000] "GET /v1 HTTP/1.1" 200 1029 "-" "kube-probe/1.31"
10.128.0.252 - - [04/Dec/2025:22:40:56 +0000] "GET /v1/ports?fields=address%2Cextra HTTP/1.1" 200 597 "-" "ironic-inspector keystoneauth1/5.1.3 python-requests/2.25.1 CPython/3.9.23"
10.128.0.240 - - [04/Dec/2025:22:40:57 +0000] "PATCH /v1/nodes/ironic1 HTTP/1.1" 200 3293 "-" "python-ironicclient"
10.128.0.240 - - [04/Dec/2025:22:41:01 +0000] "PUT /v1/nodes/ironic0/states/provision HTTP/1.1" 202 - "-" "python-ironicclient"
10.128.0.2 - - [04/Dec/2025:22:41:01 +0000] "GET /v1 HTTP/1.1" 200 1029 "-" "kube-probe/1.31"
10.128.0.2 - - [04/Dec/2025:22:41:01 +0000] "GET /v1 HTTP/1.1" 200 1029 "-" "kube-probe/1.31"
10.128.0.240 - - [04/Dec/2025:22:41:03 +0000] "PUT /v1/nodes/ironic1/states/provision HTTP/1.1" 202 - "-" "python-ironicclient"
10.128.0.2 - - [04/Dec/2025:22:41:06 +0000] "GET /v1 HTTP/1.1" 200 1029 "-" "kube-probe/1.31"
10.128.0.2 - - [04/Dec/2025:22:41:06 +0000] "GET /v1 HTTP/1.1" 200 1029 "-" "kube-probe/1.31"
10.128.0.240 - - [04/Dec/2025:22:41:06 +0000] "GET /v1/nodes HTTP/1.1" 200 897 "-" "python-ironicclient"
10.128.0.252 - - [04/Dec/2025:22:41:11 +0000] "GET /v1/ports?fields=address%2Cextra HTTP/1.1" 200 597 "-" "ironic-inspector keystoneauth1/5.1.3 python-requests/2.25.1 CPython/3.9.23"
10.128.0.2 - - [04/Dec/2025:22:41:11 +0000] "GET /v1 HTTP/1.1" 200 1029 "-" "kube-probe/1.31"
10.128.0.2 - - [04/Dec/2025:22:41:11 +0000] "GET /v1 HTTP/1.1" 200 1029 "-" "kube-probe/1.31"
10.128.0.252 - - [04/Dec/2025:22:41:11 +0000] "GET /v1/ports?fields=address%2Cextra HTTP/1.1" 200 597 "-" "ironic-inspector keystoneauth1/5.1.3 python-requests/2.25.1 CPython/3.9.23"
10.128.0.2 - - [04/Dec/2025:22:41:16 +0000] "GET /v1 HTTP/1.1" 200 1029 "-" "kube-probe/1.31"
10.128.0.2 - - [04/Dec/2025:22:41:16 +0000] "GET /v1 HTTP/1.1" 200 1029 "-" "kube-probe/1.31"
10.128.0.240 - - [04/Dec/2025:22:41:19 +0000] "GET /v1/nodes HTTP/1.1" 200 897 "-" "python-ironicclient"
10.128.0.229 - - [04/Dec/2025:22:41:19 +0000] "GET /v1/ports/detail HTTP/1.1" 200 1393 "-" "ironic-neutron-agent keystoneauth1/5.1.3 python-requests/2.25.1 CPython/3.9.23"
10.128.0.2 - - [04/Dec/2025:22:41:21 +0000] "GET /v1 HTTP/1.1" 200 1029 "-" "kube-probe/1.31"
10.128.0.2 - - [04/Dec/2025:22:41:21 +0000] "GET /v1 HTTP/1.1" 200 1029 "-" "kube-probe/1.31"
10.128.1.0 - - [04/Dec/2025:22:41:23 +0000] "GET /v1/nodes?fields=uuid%2Cpower_state%2Ctarget_power_state%2Cprovision_state%2Ctarget_provision_state%2Clast_error%2Cmaintenance%2Cproperties%2Cinstance_uuid%2Ctraits%2Cresource_class HTTP/1.1" 200 1231 "-" "nova-compute keystoneauth1/5.1.3 python-requests/2.25.1 CPython/3.9.23"
10.128.0.252 - - [04/Dec/2025:22:41:26 +0000] "GET /v1/ports?fields=address%2Cextra HTTP/1.1" 200 597 "-" "ironic-inspector keystoneauth1/5.1.3 python-requests/2.25.1 CPython/3.9.23"
10.128.0.2 - - [04/Dec/2025:22:41:26 +0000] "GET /v1 HTTP/1.1" 200 1029 "-" "kube-probe/1.31"
10.128.0.252 - - [04/Dec/2025:22:41:26 +0000] "GET /v1/ports?fields=address%2Cextra HTTP/1.1" 200 597 "-" "ironic-inspector keystoneauth1/5.1.3 python-requests/2.25.1 CPython/3.9.23"
10.128.0.2 - - [04/Dec/2025:22:41:26 +0000] "GET /v1 HTTP/1.1" 200 1029 "-" "kube-probe/1.31"
10.128.0.2 - - [04/Dec/2025:22:41:31 +0000] "GET /v1 HTTP/1.1" 200 1029 "-" "kube-probe/1.31"
10.128.0.2 - - [04/Dec/2025:22:41:31 +0000] "GET /v1 HTTP/1.1" 200 1029 "-" "kube-probe/1.31"
10.128.0.240 - - [04/Dec/2025:22:41:31 +0000] "GET /v1/nodes HTTP/1.1" 200 897 "-" "python-ironicclient"
10.128.0.2 - - [04/Dec/2025:22:41:36 +0000] "GET /v1 HTTP/1.1" 200 1029 "-" "kube-probe/1.31"
10.128.0.2 - - [04/Dec/2025:22:41:36 +0000] "GET /v1 HTTP/1.1" 200 1029 "-" "kube-probe/1.31"
10.128.0.2 - - [04/Dec/2025:22:41:41 +0000] "GET /v1 HTTP/1.1" 200 1029 "-" "kube-probe/1.31"
10.128.0.2 - - [04/Dec/2025:22:41:41 +0000] "GET /v1 HTTP/1.1" 200 1029 "-" "kube-probe/1.31"
10.128.0.252 - - [04/Dec/2025:22:41:41 +0000] "GET /v1/nodes?fields=uuid HTTP/1.1" 200 603 "-" "ironic-inspector keystoneauth1/5.1.3 python-requests/2.25.1 CPython/3.9.23"
10.128.0.252 - - [04/Dec/2025:22:41:41 +0000] "GET /v1/ports?fields=address%2Cextra HTTP/1.1" 200 597 "-" "ironic-inspector keystoneauth1/5.1.3 python-requests/2.25.1 CPython/3.9.23"
10.128.0.252 - - [04/Dec/2025:22:41:41 +0000] "GET /v1/ports?fields=address%2Cextra HTTP/1.1" 200 597 "-" "ironic-inspector keystoneauth1/5.1.3 python-requests/2.25.1 CPython/3.9.23"
10.128.0.240 - - [04/Dec/2025:22:41:43 +0000] "GET /v1/nodes HTTP/1.1" 200 897 "-" "python-ironicclient"
10.128.0.2 - - [04/Dec/2025:22:41:46 +0000] "GET /v1 HTTP/1.1" 200 1029 "-" "kube-probe/1.31"
10.128.0.2 - - [04/Dec/2025:22:41:46 +0000] "GET /v1 HTTP/1.1" 200 1029 "-" "kube-probe/1.31"
10.128.0.229 - - [04/Dec/2025:22:41:49 +0000] "GET /v1/ports/detail HTTP/1.1" 200 1393 "-" "ironic-neutron-agent keystoneauth1/5.1.3 python-requests/2.25.1 CPython/3.9.23"
10.128.0.2 - - [04/Dec/2025:22:41:51 +0000] "GET /v1 HTTP/1.1" 200 1029 "-" "kube-probe/1.31"
10.128.0.2 - - [04/Dec/2025:22:41:51 +0000] "GET /v1 HTTP/1.1" 200 1029 "-" "kube-probe/1.31"
10.128.0.240 - - [04/Dec/2025:22:41:55 +0000] "GET /v1/nodes HTTP/1.1" 200 897 "-" "python-ironicclient"
10.128.0.252 - - [04/Dec/2025:22:41:56 +0000] "GET /v1/ports?fields=address%2Cextra HTTP/1.1" 200 597 "-" "ironic-inspector keystoneauth1/5.1.3 python-requests/2.25.1 CPython/3.9.23"
10.128.0.2 - - [04/Dec/2025:22:41:56 +0000] "GET /v1 HTTP/1.1" 200 1029 "-" "kube-probe/1.31"
10.128.0.2 - - [04/Dec/2025:22:41:56 +0000] "GET /v1 HTTP/1.1" 200 1029 "-" "kube-probe/1.31"
10.128.0.252 - - [04/Dec/2025:22:41:56 +0000] "GET /v1/ports?fields=address%2Cextra HTTP/1.1" 200 597 "-" "ironic-inspector keystoneauth1/5.1.3 python-requests/2.25.1 CPython/3.9.23"
10.128.0.2 - - [04/Dec/2025:22:42:01 +0000] "GET /v1 HTTP/1.1" 200 1029 "-" "kube-probe/1.31"
10.128.0.2 - - [04/Dec/2025:22:42:01 +0000] "GET /v1 HTTP/1.1" 200 1029 "-" "kube-probe/1.31"
10.128.0.2 - - [04/Dec/2025:22:42:06 +0000] "GET /v1 HTTP/1.1" 200 1029 "-" "kube-probe/1.31"
10.128.0.2 - - [04/Dec/2025:22:42:06 +0000] "GET /v1 HTTP/1.1" 200 1029 "-" "kube-probe/1.31"
10.128.0.240 - - [04/Dec/2025:22:42:07 +0000] "GET /v1/nodes HTTP/1.1" 200 897 "-" "python-ironicclient"
10.128.0.252 - - [04/Dec/2025:22:42:11 +0000] "GET /v1/ports?fields=address%2Cextra HTTP/1.1" 200 597 "-" "ironic-inspector keystoneauth1/5.1.3 python-requests/2.25.1 CPython/3.9.23"
10.128.0.2 - - [04/Dec/2025:22:42:11 +0000] "GET /v1 HTTP/1.1" 200 1029 "-" "kube-probe/1.31"
10.128.0.2 - - [04/Dec/2025:22:42:11 +0000] "GET /v1 HTTP/1.1" 200 1029 "-" "kube-probe/1.31"
10.128.0.252 - - [04/Dec/2025:22:42:11 +0000] "GET /v1/ports?fields=address%2Cextra HTTP/1.1" 200 597 "-" "ironic-inspector keystoneauth1/5.1.3 python-requests/2.25.1 CPython/3.9.23"
10.128.0.2 - - [04/Dec/2025:22:42:16 +0000] "GET /v1 HTTP/1.1" 200 1029 "-" "kube-probe/1.31"
10.128.0.2 - - [04/Dec/2025:22:42:16 +0000] "GET /v1 HTTP/1.1" 200 1029 "-" "kube-probe/1.31"
10.128.0.229 - - [04/Dec/2025:22:42:19 +0000] "GET /v1/ports/detail HTTP/1.1" 200 1393 "-" "ironic-neutron-agent keystoneauth1/5.1.3 python-requests/2.25.1 CPython/3.9.23"
10.128.0.240 - - [04/Dec/2025:22:42:19 +0000] "GET /v1/nodes HTTP/1.1" 200 897 "-" "python-ironicclient"
10.128.0.2 - - [04/Dec/2025:22:42:21 +0000] "GET /v1 HTTP/1.1" 200 1029 "-" "kube-probe/1.31"
10.128.0.2 - - [04/Dec/2025:22:42:21 +0000] "GET /v1 HTTP/1.1" 200 1029 "-" "kube-probe/1.31"
10.128.1.0 - - [04/Dec/2025:22:42:23 +0000] "GET /v1/nodes?fields=uuid%2Cpower_state%2Ctarget_power_state%2Cprovision_state%2Ctarget_provision_state%2Clast_error%2Cmaintenance%2Cproperties%2Cinstance_uuid%2Ctraits%2Cresource_class HTTP/1.1" 200 1238 "-" "nova-compute keystoneauth1/5.1.3 python-requests/2.25.1 CPython/3.9.23"
10.128.0.2 - - [04/Dec/2025:22:42:26 +0000] "GET /v1 HTTP/1.1" 200 1029 "-" "kube-probe/1.31"
10.128.0.2 - - [04/Dec/2025:22:42:26 +0000] "GET /v1 HTTP/1.1" 200 1029 "-" "kube-probe/1.31"
10.128.0.252 - - [04/Dec/2025:22:42:26 +0000] "GET /v1/ports?fields=address%2Cextra HTTP/1.1" 200 597 "-" "ironic-inspector keystoneauth1/5.1.3 python-requests/2.25.1 CPython/3.9.23"
10.128.0.252 - - [04/Dec/2025:22:42:26 +0000] "GET /v1/ports?fields=address%2Cextra HTTP/1.1" 200 597 "-" "ironic-inspector keystoneauth1/5.1.3 python-requests/2.25.1 CPython/3.9.23"
10.128.0.2 - - [04/Dec/2025:22:42:31 +0000] "GET /v1 HTTP/1.1" 200 1029 "-" "kube-probe/1.31"
10.128.0.2 - - [04/Dec/2025:22:42:31 +0000] "GET /v1 HTTP/1.1" 200 1029 "-" "kube-probe/1.31"
10.128.0.240 - - [04/Dec/2025:22:42:31 +0000] "GET /v1/nodes HTTP/1.1" 200 898 "-" "python-ironicclient"
10.128.0.2 - - [04/Dec/2025:22:42:36 +0000] "GET /v1 HTTP/1.1" 200 1029 "-" "kube-probe/1.31"
10.128.0.2 - - [04/Dec/2025:22:42:36 +0000] "GET /v1 HTTP/1.1" 200 1029 "-" "kube-probe/1.31"
10.128.0.252 - - [04/Dec/2025:22:42:41 +0000] "GET /v1/nodes?fields=uuid HTTP/1.1" 200 603 "-" "ironic-inspector keystoneauth1/5.1.3 python-requests/2.25.1 CPython/3.9.23"
10.128.0.252 - - [04/Dec/2025:22:42:41 +0000] "GET /v1/ports?fields=address%2Cextra HTTP/1.1" 200 597 "-" "ironic-inspector keystoneauth1/5.1.3 python-requests/2.25.1 CPython/3.9.23"
10.128.0.252 - - [04/Dec/2025:22:42:41 +0000] "GET /v1/ports?fields=address%2Cextra HTTP/1.1" 200 597 "-" "ironic-inspector keystoneauth1/5.1.3 python-requests/2.25.1 CPython/3.9.23"
10.128.0.2 - - [04/Dec/2025:22:42:41 +0000] "GET /v1 HTTP/1.1" 200 1029 "-" "kube-probe/1.31"
10.128.0.2 - - [04/Dec/2025:22:42:41 +0000] "GET /v1 HTTP/1.1" 200 1029 "-" "kube-probe/1.31"
10.128.0.240 - - [04/Dec/2025:22:42:44 +0000] "GET /v1/nodes HTTP/1.1" 200 899 "-" "python-ironicclient"
10.128.0.2 - - [04/Dec/2025:22:42:46 +0000] "GET /v1 HTTP/1.1" 200 1029 "-" "kube-probe/1.31"
10.128.0.2 - - [04/Dec/2025:22:42:46 +0000] "GET /v1 HTTP/1.1" 200 1029 "-" "kube-probe/1.31"
10.128.0.229 - - [04/Dec/2025:22:42:49 +0000] "GET /v1/ports/detail HTTP/1.1" 200 1393 "-" "ironic-neutron-agent keystoneauth1/5.1.3 python-requests/2.25.1 CPython/3.9.23"
10.128.0.2 - - [04/Dec/2025:22:42:51 +0000] "GET /v1 HTTP/1.1" 200 1029 "-" "kube-probe/1.31"
10.128.0.2 - - [04/Dec/2025:22:42:51 +0000] "GET /v1 HTTP/1.1" 200 1029 "-" "kube-probe/1.31"
10.128.0.252 - - [04/Dec/2025:22:42:56 +0000] "GET /v1/ports?fields=address%2Cextra HTTP/1.1" 200 597 "-" "ironic-inspector keystoneauth1/5.1.3 python-requests/2.25.1 CPython/3.9.23"
10.128.0.2 - - [04/Dec/2025:22:42:56 +0000] "GET /v1 HTTP/1.1" 200 1029 "-" "kube-probe/1.31"
10.128.0.2 - - [04/Dec/2025:22:42:56 +0000] "GET /v1 HTTP/1.1" 200 1029 "-" "kube-probe/1.31"
10.128.0.252 - - [04/Dec/2025:22:42:56 +0000] "GET /v1/ports?fields=address%2Cextra HTTP/1.1" 200 597 "-" "ironic-inspector keystoneauth1/5.1.3 python-requests/2.25.1 CPython/3.9.23"
10.128.0.240 - - [04/Dec/2025:22:42:56 +0000] "GET /v1/nodes HTTP/1.1" 200 899 "-" "python-ironicclient"
10.128.0.2 - - [04/Dec/2025:22:43:01 +0000] "GET /v1 HTTP/1.1" 200 1029 "-" "kube-probe/1.31"
10.128.0.2 - - [04/Dec/2025:22:43:01 +0000] "GET /v1 HTTP/1.1" 200 1029 "-" "kube-probe/1.31"
10.128.0.2 - - [04/Dec/2025:22:43:06 +0000] "GET /v1 HTTP/1.1" 200 1029 "-" "kube-probe/1.31"
10.128.0.2 - - [04/Dec/2025:22:43:06 +0000] "GET /v1 HTTP/1.1" 200 1029 "-" "kube-probe/1.31"
10.128.0.240 - - [04/Dec/2025:22:43:08 +0000] "GET /v1/nodes HTTP/1.1" 200 899 "-" "python-ironicclient"
10.128.0.252 - - [04/Dec/2025:22:43:11 +0000] "GET /v1/ports?fields=address%2Cextra HTTP/1.1" 200 597 "-" "ironic-inspector keystoneauth1/5.1.3 python-requests/2.25.1 CPython/3.9.23"
10.128.0.2 - - [04/Dec/2025:22:43:11 +0000] "GET /v1 HTTP/1.1" 200 1029 "-" "kube-probe/1.31"
10.128.0.2 - - [04/Dec/2025:22:43:11 +0000] "GET /v1 HTTP/1.1" 200 1029 "-" "kube-probe/1.31"
10.128.0.252 - - [04/Dec/2025:22:43:11 +0000] "GET /v1/ports?fields=address%2Cextra HTTP/1.1" 200 597 "-" "ironic-inspector keystoneauth1/5.1.3 python-requests/2.25.1 CPython/3.9.23"
10.128.0.2 - - [04/Dec/2025:22:43:16 +0000] "GET /v1 HTTP/1.1" 200 1029 "-" "kube-probe/1.31"
10.128.0.2 - - [04/Dec/2025:22:43:16 +0000] "GET /v1 HTTP/1.1" 200 1029 "-" "kube-probe/1.31"
10.128.0.229 - - [04/Dec/2025:22:43:19 +0000] "GET /v1/ports/detail HTTP/1.1" 200 1393 "-" "ironic-neutron-agent keystoneauth1/5.1.3 python-requests/2.25.1 CPython/3.9.23"
10.128.0.240 - - [04/Dec/2025:22:43:20 +0000] "GET /v1/nodes HTTP/1.1" 200 899 "-" "python-ironicclient"
10.128.0.2 - - [04/Dec/2025:22:43:21 +0000] "GET /v1 HTTP/1.1" 200 1029 "-" "kube-probe/1.31"
10.128.0.2 - - [04/Dec/2025:22:43:21 +0000] "GET /v1 HTTP/1.1" 200 1029 "-" "kube-probe/1.31"
10.128.1.0 - - [04/Dec/2025:22:43:23 +0000] "GET /v1/nodes?fields=uuid%2Cpower_state%2Ctarget_power_state%2Cprovision_state%2Ctarget_provision_state%2Clast_error%2Cmaintenance%2Cproperties%2Cinstance_uuid%2Ctraits%2Cresource_class HTTP/1.1" 200 1233 "-" "nova-compute keystoneauth1/5.1.3 python-requests/2.25.1 CPython/3.9.23"
10.128.0.252 - - [04/Dec/2025:22:43:26 +0000] "GET /v1/ports?fields=address%2Cextra HTTP/1.1" 200 597 "-" "ironic-inspector keystoneauth1/5.1.3 python-requests/2.25.1 CPython/3.9.23"
10.128.0.2 - - [04/Dec/2025:22:43:26 +0000] "GET /v1 HTTP/1.1" 200 1029 "-" "kube-probe/1.31"
10.128.0.2 - - [04/Dec/2025:22:43:26 +0000] "GET /v1 HTTP/1.1" 200 1029 "-" "kube-probe/1.31"
10.128.0.252 - - [04/Dec/2025:22:43:26 +0000] "GET /v1/ports?fields=address%2Cextra HTTP/1.1" 200 597 "-" "ironic-inspector keystoneauth1/5.1.3 python-requests/2.25.1 CPython/3.9.23"
10.128.0.2 - - [04/Dec/2025:22:43:31 +0000] "GET /v1 HTTP/1.1" 200 1029 "-" "kube-probe/1.31"
10.128.0.2 - - [04/Dec/2025:22:43:31 +0000] "GET /v1 HTTP/1.1" 200 1029 "-" "kube-probe/1.31"
10.128.0.240 - - [04/Dec/2025:22:43:32 +0000] "GET /v1/nodes HTTP/1.1" 200 899 "-" "python-ironicclient"
10.128.0.2 - - [04/Dec/2025:22:43:36 +0000] "GET /v1 HTTP/1.1" 200 1029 "-" "kube-probe/1.31"
10.128.0.2 - - [04/Dec/2025:22:43:36 +0000] "GET /v1 HTTP/1.1" 200 1029 "-" "kube-probe/1.31"
10.128.0.252 - - [04/Dec/2025:22:43:41 +0000] "GET /v1/nodes?fields=uuid HTTP/1.1" 200 603 "-" "ironic-inspector keystoneauth1/5.1.3 python-requests/2.25.1 CPython/3.9.23"
10.128.0.252 - - [04/Dec/2025:22:43:41 +0000] "GET /v1/ports?fields=address%2Cextra HTTP/1.1" 200 597 "-" "ironic-inspector keystoneauth1/5.1.3 python-requests/2.25.1 CPython/3.9.23"
10.128.0.2 - - [04/Dec/2025:22:43:41 +0000] "GET /v1 HTTP/1.1" 200 1029 "-" "kube-probe/1.31"
10.128.0.2 - - [04/Dec/2025:22:43:41 +0000] "GET /v1 HTTP/1.1" 200 1029 "-" "kube-probe/1.31"
10.128.0.252 - - [04/Dec/2025:22:43:41 +0000] "GET /v1/ports?fields=address%2Cextra HTTP/1.1" 200 597 "-" "ironic-inspector keystoneauth1/5.1.3 python-requests/2.25.1 CPython/3.9.23"
10.128.0.240 - - [04/Dec/2025:22:43:45 +0000] "GET /v1/nodes HTTP/1.1" 200 899 "-" "python-ironicclient"
10.128.0.2 - - [04/Dec/2025:22:43:46 +0000] "GET /v1 HTTP/1.1" 200 1029 "-" "kube-probe/1.31"
10.128.0.2 - - [04/Dec/2025:22:43:46 +0000] "GET /v1 HTTP/1.1" 200 1029 "-" "kube-probe/1.31"
10.128.0.229 - - [04/Dec/2025:22:43:49 +0000] "GET /v1/ports/detail HTTP/1.1" 200 1393 "-" "ironic-neutron-agent keystoneauth1/5.1.3 python-requests/2.25.1 CPython/3.9.23"
10.128.0.2 - - [04/Dec/2025:22:43:51 +0000] "GET /v1 HTTP/1.1" 200 1029 "-" "kube-probe/1.31"
10.128.0.2 - - [04/Dec/2025:22:43:51 +0000] "GET /v1 HTTP/1.1" 200 1029 "-" "kube-probe/1.31"
10.128.0.252 - - [04/Dec/2025:22:43:56 +0000] "GET /v1/ports?fields=address%2Cextra HTTP/1.1" 200 597 "-" "ironic-inspector keystoneauth1/5.1.3 python-requests/2.25.1 CPython/3.9.23"
10.128.0.2 - - [04/Dec/2025:22:43:56 +0000] "GET /v1 HTTP/1.1" 200 1029 "-" "kube-probe/1.31"
10.128.0.2 - - [04/Dec/2025:22:43:56 +0000] "GET /v1 HTTP/1.1" 200 1029 "-" "kube-probe/1.31"
10.128.0.252 - - [04/Dec/2025:22:43:56 +0000] "GET /v1/ports?fields=address%2Cextra HTTP/1.1" 200 597 "-" "ironic-inspector keystoneauth1/5.1.3 python-requests/2.25.1 CPython/3.9.23"
10.128.0.240 - - [04/Dec/2025:22:43:57 +0000] "GET /v1/nodes HTTP/1.1" 200 899 "-" "python-ironicclient"
10.128.0.2 - - [04/Dec/2025:22:44:01 +0000] "GET /v1 HTTP/1.1" 200 1029 "-" "kube-probe/1.31"
10.128.0.2 - - [04/Dec/2025:22:44:01 +0000] "GET /v1 HTTP/1.1" 200 1029 "-" "kube-probe/1.31"
10.128.0.2 - - [04/Dec/2025:22:44:06 +0000] "GET /v1 HTTP/1.1" 200 1029 "-" "kube-probe/1.31"
10.128.0.2 - - [04/Dec/2025:22:44:06 +0000] "GET /v1 HTTP/1.1" 200 1029 "-" "kube-probe/1.31"
10.128.0.240 - - [04/Dec/2025:22:44:09 +0000] "GET /v1/nodes HTTP/1.1" 200 899 "-" "python-ironicclient"
10.128.0.252 - - [04/Dec/2025:22:44:11 +0000] "GET /v1/ports?fields=address%2Cextra HTTP/1.1" 200 597 "-" "ironic-inspector keystoneauth1/5.1.3 python-requests/2.25.1 CPython/3.9.23"
10.128.0.2 - - [04/Dec/2025:22:44:11 +0000] "GET /v1 HTTP/1.1" 200 1029 "-" "kube-probe/1.31"
10.128.0.2 - - [04/Dec/2025:22:44:11 +0000] "GET /v1 HTTP/1.1" 200 1029 "-" "kube-probe/1.31"
10.128.0.252 - - [04/Dec/2025:22:44:11 +0000] "GET /v1/ports?fields=address%2Cextra HTTP/1.1" 200 597 "-" "ironic-inspector keystoneauth1/5.1.3 python-requests/2.25.1 CPython/3.9.23"
10.128.0.2 - - [04/Dec/2025:22:44:16 +0000] "GET /v1 HTTP/1.1" 200 1029 "-" "kube-probe/1.31"
10.128.0.2 - - [04/Dec/2025:22:44:16 +0000] "GET /v1 HTTP/1.1" 200 1029 "-" "kube-probe/1.31"
10.128.0.229 - - [04/Dec/2025:22:44:19 +0000] "GET /v1/ports/detail HTTP/1.1" 200 1393 "-" "ironic-neutron-agent keystoneauth1/5.1.3 python-requests/2.25.1 CPython/3.9.23"
10.128.0.2 - - [04/Dec/2025:22:44:21 +0000] "GET /v1 HTTP/1.1" 200 1029 "-" "kube-probe/1.31"
10.128.0.2 - - [04/Dec/2025:22:44:21 +0000] "GET /v1 HTTP/1.1" 200 1029 "-" "kube-probe/1.31"
10.128.0.240 - - [04/Dec/2025:22:44:21 +0000] "GET /v1/nodes HTTP/1.1" 200 899 "-" "python-ironicclient"
10.128.1.0 - - [04/Dec/2025:22:44:24 +0000] "GET /v1/nodes?fields=uuid%2Cpower_state%2Ctarget_power_state%2Cprovision_state%2Ctarget_provision_state%2Clast_error%2Cmaintenance%2Cproperties%2Cinstance_uuid%2Ctraits%2Cresource_class HTTP/1.1" 200 1233 "-" "nova-compute keystoneauth1/5.1.3 python-requests/2.25.1 CPython/3.9.23"
10.128.0.252 - - [04/Dec/2025:22:44:26 +0000] "GET /v1/ports?fields=address%2Cextra HTTP/1.1" 200 597 "-" "ironic-inspector keystoneauth1/5.1.3 python-requests/2.25.1 CPython/3.9.23"
10.128.0.2 - - [04/Dec/2025:22:44:26 +0000] "GET /v1 HTTP/1.1" 200 1029 "-" "kube-probe/1.31"
10.128.0.2 - - [04/Dec/2025:22:44:26 +0000] "GET /v1 HTTP/1.1" 200 1029 "-" "kube-probe/1.31"
10.128.0.252 - - [04/Dec/2025:22:44:26 +0000] "GET /v1/ports?fields=address%2Cextra HTTP/1.1" 200 597 "-" "ironic-inspector keystoneauth1/5.1.3 python-requests/2.25.1 CPython/3.9.23"
10.128.0.2 - - [04/Dec/2025:22:44:31 +0000] "GET /v1 HTTP/1.1" 200 1029 "-" "kube-probe/1.31"
10.128.0.2 - - [04/Dec/2025:22:44:31 +0000] "GET /v1 HTTP/1.1" 200 1029 "-" "kube-probe/1.31"
10.128.0.240 - - [04/Dec/2025:22:44:33 +0000] "GET /v1/nodes HTTP/1.1" 200 899 "-" "python-ironicclient"
10.128.0.2 - - [04/Dec/2025:22:44:36 +0000] "GET /v1 HTTP/1.1" 200 1029 "-" "kube-probe/1.31"
10.128.0.2 - - [04/Dec/2025:22:44:36 +0000] "GET /v1 HTTP/1.1" 200 1029 "-" "kube-probe/1.31"
10.128.0.252 - - [04/Dec/2025:22:44:41 +0000] "GET /v1/nodes?fields=uuid HTTP/1.1" 200 603 "-" "ironic-inspector keystoneauth1/5.1.3 python-requests/2.25.1 CPython/3.9.23"
10.128.0.252 - - [04/Dec/2025:22:44:41 +0000] "GET /v1/ports?fields=address%2Cextra HTTP/1.1" 200 597 "-" "ironic-inspector keystoneauth1/5.1.3 python-requests/2.25.1 CPython/3.9.23"
10.128.0.2 - - [04/Dec/2025:22:44:41 +0000] "GET /v1 HTTP/1.1" 200 1029 "-" "kube-probe/1.31"
10.128.0.2 - - [04/Dec/2025:22:44:41 +0000] "GET /v1 HTTP/1.1" 200 1029 "-" "kube-probe/1.31"
