Dec 1 11:24:12 standalone container-server[135758]: 172.20.0.100 - - [01/Dec/2025:11:24:12 +0000] "GET /d1/789/AUTH_76a9511b028f439e984de0e9d18049b6/gnocchi.516f2e9e-83b2-4a71-84b9-b492f9623cd1" 200 2 "GET http://172.18.0.2:8080/v1/AUTH_76a9511b028f439e984de0e9d18049b6/gnocchi.516f2e9e-83b2-4a71-84b9-b492f9623cd1?format=json&states=listing" "tx7f955eb1284444daab4b1-00692d7adc" "proxy-server 20" 0.0020 "-" 21 0
Dec 1 11:24:12 standalone proxy-server[138016]: 172.18.0.2 172.18.0.100 01/Dec/2025/11/24/12 GET /v1/AUTH_76a9511b028f439e984de0e9d18049b6/gnocchi.516f2e9e-83b2-4a71-84b9-b492f9623cd1%3Fformat%3Djson%26states%3Dlisting HTTP/1.0 200 - python-swiftclient-3.11.1 gAAAAABpLXpNhVq7... - 2 - tx7f955eb1284444daab4b1-00692d7adc - 0.0196 - - 1764588252.388588190 1764588252.408149719 0
Dec 1 11:24:12 standalone object-server[136085]: 172.20.0.100 - - [01/Dec/2025:11:24:12 +0000] "GET /d1/93/AUTH_76a9511b028f439e984de0e9d18049b6/gnocchi.516f2e9e-83b2-4a71-84b9-b492f9623cd1/1763640000.0_mean_300.0_v3" 404 70 "GET http://172.18.0.2:8080/v1/AUTH_76a9511b028f439e984de0e9d18049b6/gnocchi.516f2e9e-83b2-4a71-84b9-b492f9623cd1/1763640000.0_mean_300.0_v3" "tx8ad21e2062e5441798540-00692d7adc" "proxy-server 20" 0.0004 "-" 24 0
Dec 1 11:24:12 standalone proxy-server[138016]: 172.18.0.2 172.18.0.100 01/Dec/2025/11/24/12 GET /v1/AUTH_76a9511b028f439e984de0e9d18049b6/gnocchi.516f2e9e-83b2-4a71-84b9-b492f9623cd1/1763640000.0_mean_300.0_v3 HTTP/1.0 404 - python-swiftclient-3.11.1 gAAAAABpLXpNhVq7... - 70 - tx8ad21e2062e5441798540-00692d7adc - 0.0143 - - 1764588252.416664600 1764588252.430916071 0
Dec 1 11:24:12 standalone container-server[135783]: 172.20.0.100 - - [01/Dec/2025:11:24:12 +0000] "PUT /d1/789/AUTH_76a9511b028f439e984de0e9d18049b6/gnocchi.516f2e9e-83b2-4a71-84b9-b492f9623cd1/1763640000.0_mean_300.0_v3" 201 - "PUT http://172.18.0.2:8080/d1/93/AUTH_76a9511b028f439e984de0e9d18049b6/gnocchi.516f2e9e-83b2-4a71-84b9-b492f9623cd1/1763640000.0_mean_300.0_v3" "tx276ae6fa99be4b0a8ab61-00692d7adc" "object-server 23" 0.0009 "-" 23 0
Dec 1 11:24:12 standalone object-server[136084]: 172.20.0.100 - - [01/Dec/2025:11:24:12 +0000] "PUT /d1/93/AUTH_76a9511b028f439e984de0e9d18049b6/gnocchi.516f2e9e-83b2-4a71-84b9-b492f9623cd1/1763640000.0_mean_300.0_v3" 201 - "PUT http://172.18.0.2:8080/v1/AUTH_76a9511b028f439e984de0e9d18049b6/gnocchi.516f2e9e-83b2-4a71-84b9-b492f9623cd1/1763640000.0_mean_300.0_v3" "tx276ae6fa99be4b0a8ab61-00692d7adc" "proxy-server 20" 0.0119 "-" 23 0
Dec 1 11:24:12 standalone proxy-server[138016]: 172.18.0.2 172.18.0.100 01/Dec/2025/11/24/12 PUT /v1/AUTH_76a9511b028f439e984de0e9d18049b6/gnocchi.516f2e9e-83b2-4a71-84b9-b492f9623cd1/1763640000.0_mean_300.0_v3 HTTP/1.0 201 - python-swiftclient-3.11.1 gAAAAABpLXpNhVq7... 16 - - tx276ae6fa99be4b0a8ab61-00692d7adc - 0.0202 - - 1764588252.435698032 1764588252.455913544 0
Dec 1 11:24:12 standalone container-server[135756]: 172.20.0.100 - - [01/Dec/2025:11:24:12 +0000] "PUT /d1/789/AUTH_76a9511b028f439e984de0e9d18049b6/gnocchi.516f2e9e-83b2-4a71-84b9-b492f9623cd1/none_v3" 201 - "PUT http://172.18.0.2:8080/d1/684/AUTH_76a9511b028f439e984de0e9d18049b6/gnocchi.516f2e9e-83b2-4a71-84b9-b492f9623cd1/none_v3" "tx65acd33e226d492ea4cf4-00692d7adc" "object-server 23" 0.0008 "-" 19 0
Dec 1 11:24:12 standalone object-server[136084]: 172.20.0.100 - - [01/Dec/2025:11:24:12 +0000] "PUT /d1/684/AUTH_76a9511b028f439e984de0e9d18049b6/gnocchi.516f2e9e-83b2-4a71-84b9-b492f9623cd1/none_v3" 201 - "PUT http://172.18.0.2:8080/v1/AUTH_76a9511b028f439e984de0e9d18049b6/gnocchi.516f2e9e-83b2-4a71-84b9-b492f9623cd1/none_v3" "tx65acd33e226d492ea4cf4-00692d7adc" "proxy-server 20" 0.0133 "-" 23 0
Dec 1 11:24:12 standalone proxy-server[138016]: 172.18.0.2 172.18.0.100 01/Dec/2025/11/24/12 PUT /v1/AUTH_76a9511b028f439e984de0e9d18049b6/gnocchi.516f2e9e-83b2-4a71-84b9-b492f9623cd1/none_v3 HTTP/1.0 201 - python-swiftclient-3.11.1 gAAAAABpLXpNhVq7... 22 - - tx65acd33e226d492ea4cf4-00692d7adc - 0.0195 - - 1764588252.459371805 1764588252.478861570 0
Dec 1 11:24:12 standalone container-server[135756]: 172.20.0.100 - - [01/Dec/2025:11:24:12 +0000] "HEAD /d1/823/AUTH_76a9511b028f439e984de0e9d18049b6/gnocchi.789b59a5-4cd4-4d13-b073-ebbd0ad7c33a" 404 - "HEAD http://172.18.0.2:8080/v1/AUTH_76a9511b028f439e984de0e9d18049b6/gnocchi.789b59a5-4cd4-4d13-b073-ebbd0ad7c33a?format=json&states=listing" "tx75e3c5b6bec340418140a-00692d7adc" "proxy-server 20" 0.0003 "-" 19 0
Dec 1 11:24:12 standalone object-server[136083]: 172.20.0.100 - - [01/Dec/2025:11:24:12 +0000] "GET /d1/252/AUTH_76a9511b028f439e984de0e9d18049b6/gnocchi.789b59a5-4cd4-4d13-b073-ebbd0ad7c33a/none_v3" 404 70 "GET http://172.18.0.2:8080/v1/AUTH_76a9511b028f439e984de0e9d18049b6/gnocchi.789b59a5-4cd4-4d13-b073-ebbd0ad7c33a/none_v3" "tx75e3c5b6bec340418140a-00692d7adc" "proxy-server 20" 0.0008 "-" 22 0
Dec 1 11:24:12 standalone proxy-server[138016]: 172.18.0.2 172.18.0.100 01/Dec/2025/11/24/12 GET /v1/AUTH_76a9511b028f439e984de0e9d18049b6/gnocchi.789b59a5-4cd4-4d13-b073-ebbd0ad7c33a/none_v3 HTTP/1.0 404 - python-swiftclient-3.11.1 gAAAAABpLXpNhVq7... - 70 - tx75e3c5b6bec340418140a-00692d7adc - 0.0109 - - 1764588252.490891933 1764588252.501761198 0
Dec 1 11:24:12 standalone account-server[135712]: 172.20.0.100 - - [01/Dec/2025:11:24:12 +0000] "PUT /d1/701/AUTH_76a9511b028f439e984de0e9d18049b6/gnocchi.789b59a5-4cd4-4d13-b073-ebbd0ad7c33a" 201 - "PUT http://172.20.0.100:6001/d1/823/AUTH_76a9511b028f439e984de0e9d18049b6/gnocchi.789b59a5-4cd4-4d13-b073-ebbd0ad7c33a" "txf9f68f4487e042a5bfab7-00692d7adc" "container-server 21" 0.0062 "-" 19 0
Dec 1 11:24:12 standalone container-server[135758]: 172.20.0.100 - - [01/Dec/2025:11:24:12 +0000] "PUT /d1/823/AUTH_76a9511b028f439e984de0e9d18049b6/gnocchi.789b59a5-4cd4-4d13-b073-ebbd0ad7c33a" 201 - "PUT http://172.18.0.2:8080/v1/AUTH_76a9511b028f439e984de0e9d18049b6/gnocchi.789b59a5-4cd4-4d13-b073-ebbd0ad7c33a" "txf9f68f4487e042a5bfab7-00692d7adc" "proxy-server 20" 0.0182 "-" 21 0
Dec 1 11:24:12 standalone proxy-server[138016]: 172.18.0.2 172.18.0.100 01/Dec/2025/11/24/12 PUT /v1/AUTH_76a9511b028f439e984de0e9d18049b6/gnocchi.789b59a5-4cd4-4d13-b073-ebbd0ad7c33a HTTP/1.0 201 - python-swiftclient-3.11.1 gAAAAABpLXpNhVq7... - - - txf9f68f4487e042a5bfab7-00692d7adc - 0.0253 - - 1764588252.505075216 1764588252.530398369 0
Dec 1 11:24:12 standalone container-server[135756]: 172.20.0.100 - - [01/Dec/2025:11:24:12 +0000] "HEAD /d1/823/AUTH_76a9511b028f439e984de0e9d18049b6/gnocchi.789b59a5-4cd4-4d13-b073-ebbd0ad7c33a" 204 - "HEAD http://172.18.0.2:8080/v1/AUTH_76a9511b028f439e984de0e9d18049b6/gnocchi.789b59a5-4cd4-4d13-b073-ebbd0ad7c33a?format=json&states=listing" "tx9431cd2afebb46c1b95bc-00692d7adc" "proxy-server 20" 0.0017 "-" 19 0
Dec 1 11:24:12 standalone proxy-server[138016]: - - 01/Dec/2025/11/24/12 HEAD /v1/AUTH_76a9511b028f439e984de0e9d18049b6/gnocchi.789b59a5-4cd4-4d13-b073-ebbd0ad7c33a%3Fformat%3Djson%26states%3Dlisting HTTP/1.0 204 - Swift - - - - tx9431cd2afebb46c1b95bc-00692d7adc - 0.0075 RL - 1764588252.536211252 1764588252.543736219 0
Dec 1 11:24:12 standalone container-server[135758]: 172.20.0.100 - - [01/Dec/2025:11:24:12 +0000] "GET /d1/823/AUTH_76a9511b028f439e984de0e9d18049b6/gnocchi.789b59a5-4cd4-4d13-b073-ebbd0ad7c33a" 200 2 "GET http://172.18.0.2:8080/v1/AUTH_76a9511b028f439e984de0e9d18049b6/gnocchi.789b59a5-4cd4-4d13-b073-ebbd0ad7c33a?format=json&states=listing" "tx9431cd2afebb46c1b95bc-00692d7adc" "proxy-server 20" 0.0027 "-" 21 0
Dec 1 11:24:12 standalone proxy-server[138016]: 172.18.0.2 172.18.0.100 01/Dec/2025/11/24/12 GET /v1/AUTH_76a9511b028f439e984de0e9d18049b6/gnocchi.789b59a5-4cd4-4d13-b073-ebbd0ad7c33a%3Fformat%3Djson%26states%3Dlisting HTTP/1.0 200 - python-swiftclient-3.11.1 gAAAAABpLXpNhVq7... - 2 - tx9431cd2afebb46c1b95bc-00692d7adc - 0.0200 - - 1764588252.534920454 1764588252.554961920 0
Dec 1 11:24:12 standalone object-server[136084]: 172.20.0.100 - - [01/Dec/2025:11:24:12 +0000] "GET /d1/723/AUTH_76a9511b028f439e984de0e9d18049b6/gnocchi.789b59a5-4cd4-4d13-b073-ebbd0ad7c33a/1763640000.0_mean_300.0_v3" 404 70 "GET http://172.18.0.2:8080/v1/AUTH_76a9511b028f439e984de0e9d18049b6/gnocchi.789b59a5-4cd4-4d13-b073-ebbd0ad7c33a/1763640000.0_mean_300.0_v3" "tx4fb2eef15a95479e80ab6-00692d7adc" "proxy-server 20" 0.0005 "-" 23 0
Dec 1 11:24:12 standalone proxy-server[138016]: 172.18.0.2 172.18.0.100 01/Dec/2025/11/24/12 GET /v1/AUTH_76a9511b028f439e984de0e9d18049b6/gnocchi.789b59a5-4cd4-4d13-b073-ebbd0ad7c33a/1763640000.0_mean_300.0_v3 HTTP/1.0 404 - python-swiftclient-3.11.1 gAAAAABpLXpNhVq7... - 70 - tx4fb2eef15a95479e80ab6-00692d7adc - 0.0079 - - 1764588252.560443640 1764588252.568335772 0
Dec 1 11:24:12 standalone container-server[135758]: 172.20.0.100 - - [01/Dec/2025:11:24:12 +0000] "PUT /d1/823/AUTH_76a9511b028f439e984de0e9d18049b6/gnocchi.789b59a5-4cd4-4d13-b073-ebbd0ad7c33a/1763640000.0_mean_300.0_v3" 201 - "PUT http://172.18.0.2:8080/d1/723/AUTH_76a9511b028f439e984de0e9d18049b6/gnocchi.789b59a5-4cd4-4d13-b073-ebbd0ad7c33a/1763640000.0_mean_300.0_v3" "tx504f7794c6b4438b9568b-00692d7adc" "object-server 23" 0.0008 "-" 21 0
Dec 1 11:24:12 standalone object-server[136084]: 172.20.0.100 - - [01/Dec/2025:11:24:12 +0000] "PUT /d1/723/AUTH_76a9511b028f439e984de0e9d18049b6/gnocchi.789b59a5-4cd4-4d13-b073-ebbd0ad7c33a/1763640000.0_mean_300.0_v3" 201 - "PUT http://172.18.0.2:8080/v1/AUTH_76a9511b028f439e984de0e9d18049b6/gnocchi.789b59a5-4cd4-4d13-b073-ebbd0ad7c33a/1763640000.0_mean_300.0_v3" "tx504f7794c6b4438b9568b-00692d7adc" "proxy-server 20" 0.0097 "-" 23 0
Dec 1 11:24:12 standalone proxy-server[138016]: 172.18.0.2 172.18.0.100 01/Dec/2025/11/24/12 PUT /v1/AUTH_76a9511b028f439e984de0e9d18049b6/gnocchi.789b59a5-4cd4-4d13-b073-ebbd0ad7c33a/1763640000.0_mean_300.0_v3 HTTP/1.0 201 - python-swiftclient-3.11.1 gAAAAABpLXpNhVq7... 16 - - tx504f7794c6b4438b9568b-00692d7adc - 0.0155 - - 1764588252.572057962 1764588252.587570667 0
Dec 1 11:24:12 standalone container-server[135783]: 172.20.0.100 - - [01/Dec/2025:11:24:12 +0000] "PUT /d1/823/AUTH_76a9511b028f439e984de0e9d18049b6/gnocchi.789b59a5-4cd4-4d13-b073-ebbd0ad7c33a/none_v3" 201 - "PUT http://172.18.0.2:8080/d1/252/AUTH_76a9511b028f439e984de0e9d18049b6/gnocchi.789b59a5-4cd4-4d13-b073-ebbd0ad7c33a/none_v3" "txcdaeea15a17f44398c3ca-00692d7adc" "object-server 24" 0.0009 "-" 23 0
Dec 1 11:24:12 standalone object-server[136085]: 172.20.0.100 - - [01/Dec/2025:11:24:12 +0000] "PUT /d1/252/AUTH_76a9511b028f439e984de0e9d18049b6/gnocchi.789b59a5-4cd4-4d13-b073-ebbd0ad7c33a/none_v3" 201 - "PUT http://172.18.0.2:8080/v1/AUTH_76a9511b028f439e984de0e9d18049b6/gnocchi.789b59a5-4cd4-4d13-b073-ebbd0ad7c33a/none_v3" "txcdaeea15a17f44398c3ca-00692d7adc" "proxy-server 20" 0.0108 "-" 24 0
Dec 1 11:24:12 standalone proxy-server[138016]: 172.18.0.2 172.18.0.100 01/Dec/2025/11/24/12 PUT /v1/AUTH_76a9511b028f439e984de0e9d18049b6/gnocchi.789b59a5-4cd4-4d13-b073-ebbd0ad7c33a/none_v3 HTTP/1.0 201 - python-swiftclient-3.11.1 gAAAAABpLXpNhVq7... 22 - - txcdaeea15a17f44398c3ca-00692d7adc - 0.0187 - - 1764588252.592676640 1764588252.611350060 0
Dec 1 11:24:12 standalone container-server[135756]: 172.20.0.100 - - [01/Dec/2025:11:24:12 +0000] "HEAD /d1/980/AUTH_76a9511b028f439e984de0e9d18049b6/gnocchi.39419cc4-2aaf-45af-8ef8-0e6fda8e9059" 404 - "HEAD http://172.18.0.2:8080/v1/AUTH_76a9511b028f439e984de0e9d18049b6/gnocchi.39419cc4-2aaf-45af-8ef8-0e6fda8e9059?format=json&states=listing" "txd1abb755e5194cbebccc4-00692d7adc" "proxy-server 20" 0.0005 "-" 19 0
Dec 1 11:24:12 standalone object-server[136084]: 172.20.0.100 - - [01/Dec/2025:11:24:12 +0000] "GET /d1/203/AUTH_76a9511b028f439e984de0e9d18049b6/gnocchi.39419cc4-2aaf-45af-8ef8-0e6fda8e9059/none_v3" 404 70 "GET http://172.18.0.2:8080/v1/AUTH_76a9511b028f439e984de0e9d18049b6/gnocchi.39419cc4-2aaf-45af-8ef8-0e6fda8e9059/none_v3" "txd1abb755e5194cbebccc4-00692d7adc" "proxy-server 20" 0.0004 "-" 23 0
Dec 1 11:24:12 standalone proxy-server[138016]: 172.18.0.2 172.18.0.100 01/Dec/2025/11/24/12 GET /v1/AUTH_76a9511b028f439e984de0e9d18049b6/gnocchi.39419cc4-2aaf-45af-8ef8-0e6fda8e9059/none_v3 HTTP/1.0 404 - python-swiftclient-3.11.1 gAAAAABpLXpNhVq7... - 70 - txd1abb755e5194cbebccc4-00692d7adc - 0.0133 - - 1764588252.623664618 1764588252.636988401 0
Dec 1 11:24:12 standalone account-server[135712]: 172.20.0.100 - - [01/Dec/2025:11:24:12 +0000] "PUT /d1/701/AUTH_76a9511b028f439e984de0e9d18049b6/gnocchi.39419cc4-2aaf-45af-8ef8-0e6fda8e9059" 201 - "PUT http://172.20.0.100:6001/d1/980/AUTH_76a9511b028f439e984de0e9d18049b6/gnocchi.39419cc4-2aaf-45af-8ef8-0e6fda8e9059" "txe0fa239b45e64202aa1b0-00692d7adc" "container-server 23" 0.0047 "-" 19 0
Dec 1 11:24:12 standalone container-server[135783]: 172.20.0.100 - - [01/Dec/2025:11:24:12 +0000] "PUT /d1/980/AUTH_76a9511b028f439e984de0e9d18049b6/gnocchi.39419cc4-2aaf-45af-8ef8-0e6fda8e9059" 201 - "PUT http://172.18.0.2:8080/v1/AUTH_76a9511b028f439e984de0e9d18049b6/gnocchi.39419cc4-2aaf-45af-8ef8-0e6fda8e9059" "txe0fa239b45e64202aa1b0-00692d7adc" "proxy-server 20" 0.0241 "-" 23 0
Dec 1 11:24:12 standalone proxy-server[138016]: 172.18.0.2 172.18.0.100 01/Dec/2025/11/24/12 PUT /v1/AUTH_76a9511b028f439e984de0e9d18049b6/gnocchi.39419cc4-2aaf-45af-8ef8-0e6fda8e9059 HTTP/1.0 201 - python-swiftclient-3.11.1 gAAAAABpLXpNhVq7... - - - txe0fa239b45e64202aa1b0-00692d7adc - 0.0324 - - 1764588252.640251160 1764588252.672605515 0
Dec 1 11:24:12 standalone container-server[135783]: 172.20.0.100 - - [01/Dec/2025:11:24:12 +0000] "HEAD /d1/980/AUTH_76a9511b028f439e984de0e9d18049b6/gnocchi.39419cc4-2aaf-45af-8ef8-0e6fda8e9059" 204 - "HEAD http://172.18.0.2:8080/v1/AUTH_76a9511b028f439e984de0e9d18049b6/gnocchi.39419cc4-2aaf-45af-8ef8-0e6fda8e9059?format=json&states=listing" "tx59f93ba2aaec4ba29b459-00692d7adc" "proxy-server 20" 0.0022 "-" 23 0
Dec 1 11:24:12 standalone proxy-server[138016]: - - 01/Dec/2025/11/24/12 HEAD /v1/AUTH_76a9511b028f439e984de0e9d18049b6/gnocchi.39419cc4-2aaf-45af-8ef8-0e6fda8e9059%3Fformat%3Djson%26states%3Dlisting HTTP/1.0 204 - Swift - - - - tx59f93ba2aaec4ba29b459-00692d7adc - 0.0065 RL - 1764588252.690068245 1764588252.696532726 0
Dec 1 11:24:12 standalone container-server[135783]: 172.20.0.100 - - [01/Dec/2025:11:24:12 +0000] "GET /d1/980/AUTH_76a9511b028f439e984de0e9d18049b6/gnocchi.39419cc4-2aaf-45af-8ef8-0e6fda8e9059" 200 2 "GET http://172.18.0.2:8080/v1/AUTH_76a9511b028f439e984de0e9d18049b6/gnocchi.39419cc4-2aaf-45af-8ef8-0e6fda8e9059?format=json&states=listing" "tx59f93ba2aaec4ba29b459-00692d7adc" "proxy-server 20" 0.0041 "-" 23 0
Dec 1 11:24:12 standalone proxy-server[138016]: 172.18.0.2 172.18.0.100 01/Dec/2025/11/24/12 GET /v1/AUTH_76a9511b028f439e984de0e9d18049b6/gnocchi.39419cc4-2aaf-45af-8ef8-0e6fda8e9059%3Fformat%3Djson%26states%3Dlisting HTTP/1.0 200 - python-swiftclient-3.11.1 gAAAAABpLXpNhVq7... - 2 - tx59f93ba2aaec4ba29b459-00692d7adc - 0.0217 - - 1764588252.688390970 1764588252.710092068 0
Dec 1 11:24:12 standalone object-server[136084]: 172.20.0.100 - - [01/Dec/2025:11:24:12 +0000] "GET /d1/158/AUTH_76a9511b028f439e984de0e9d18049b6/gnocchi.39419cc4-2aaf-45af-8ef8-0e6fda8e9059/1763640000.0_mean_300.0_v3" 404 70 "GET http://172.18.0.2:8080/v1/AUTH_76a9511b028f439e984de0e9d18049b6/gnocchi.39419cc4-2aaf-45af-8ef8-0e6fda8e9059/1763640000.0_mean_300.0_v3" "tx6c9ab903e1ea410880ae2-00692d7adc" "proxy-server 20" 0.0005 "-" 23 0
Dec 1 11:24:12 standalone proxy-server[138016]: 172.18.0.2 172.18.0.100 01/Dec/2025/11/24/12 GET /v1/AUTH_76a9511b028f439e984de0e9d18049b6/gnocchi.39419cc4-2aaf-45af-8ef8-0e6fda8e9059/1763640000.0_mean_300.0_v3 HTTP/1.0 404 - python-swiftclient-3.11.1 gAAAAABpLXpNhVq7... - 70 - tx6c9ab903e1ea410880ae2-00692d7adc - 0.0067 - - 1764588252.716597557 1764588252.723254442 0
Dec 1 11:24:12 standalone container-server[135783]: 172.20.0.100 - - [01/Dec/2025:11:24:12 +0000] "PUT /d1/980/AUTH_76a9511b028f439e984de0e9d18049b6/gnocchi.39419cc4-2aaf-45af-8ef8-0e6fda8e9059/1763640000.0_mean_300.0_v3" 201 - "PUT http://172.18.0.2:8080/d1/158/AUTH_76a9511b028f439e984de0e9d18049b6/gnocchi.39419cc4-2aaf-45af-8ef8-0e6fda8e9059/1763640000.0_mean_300.0_v3" "tx466ffe6a31f6472f970a8-00692d7adc" "object-server 22" 0.0009 "-" 23 0
Dec 1 11:24:12 standalone object-server[136083]: 172.20.0.100 - - [01/Dec/2025:11:24:12 +0000] "PUT /d1/158/AUTH_76a9511b028f439e984de0e9d18049b6/gnocchi.39419cc4-2aaf-45af-8ef8-0e6fda8e9059/1763640000.0_mean_300.0_v3" 201 - "PUT http://172.18.0.2:8080/v1/AUTH_76a9511b028f439e984de0e9d18049b6/gnocchi.39419cc4-2aaf-45af-8ef8-0e6fda8e9059/1763640000.0_mean_300.0_v3" "tx466ffe6a31f6472f970a8-00692d7adc" "proxy-server 20" 0.0183 "-" 22 0
Dec 1 11:24:12 standalone proxy-server[138016]: 172.18.0.2 172.18.0.100 01/Dec/2025/11/24/12 PUT /v1/AUTH_76a9511b028f439e984de0e9d18049b6/gnocchi.39419cc4-2aaf-45af-8ef8-0e6fda8e9059/1763640000.0_mean_300.0_v3 HTTP/1.0 201 - python-swiftclient-3.11.1 gAAAAABpLXpNhVq7... 16 - - tx466ffe6a31f6472f970a8-00692d7adc - 0.0283 - - 1764588252.727844715 1764588252.756140232 0
Dec 1 11:24:12 standalone container-server[135758]: 172.20.0.100 - - [01/Dec/2025:11:24:12 +0000] "PUT /d1/980/AUTH_76a9511b028f439e984de0e9d18049b6/gnocchi.39419cc4-2aaf-45af-8ef8-0e6fda8e9059/none_v3" 201 - "PUT http://172.18.0.2:8080/d1/203/AUTH_76a9511b028f439e984de0e9d18049b6/gnocchi.39419cc4-2aaf-45af-8ef8-0e6fda8e9059/none_v3" "txe55e14a23d454f0c89006-00692d7adc" "object-server 25" 0.0007 "-" 21 0
Dec 1 11:24:12 standalone object-server[136086]: 172.20.0.100 - - [01/Dec/2025:11:24:12 +0000] "PUT /d1/203/AUTH_76a9511b028f439e984de0e9d18049b6/gnocchi.39419cc4-2aaf-45af-8ef8-0e6fda8e9059/none_v3" 201 - "PUT http://172.18.0.2:8080/v1/AUTH_76a9511b028f439e984de0e9d18049b6/gnocchi.39419cc4-2aaf-45af-8ef8-0e6fda8e9059/none_v3" "txe55e14a23d454f0c89006-00692d7adc" "proxy-server 20" 0.0106 "-" 25 0
Dec 1 11:24:12 standalone proxy-server[138016]: 172.18.0.2 172.18.0.100 01/Dec/2025/11/24/12 PUT /v1/AUTH_76a9511b028f439e984de0e9d18049b6/gnocchi.39419cc4-2aaf-45af-8ef8-0e6fda8e9059/none_v3 HTTP/1.0 201 - python-swiftclient-3.11.1 gAAAAABpLXpNhVq7... 22 - - txe55e14a23d454f0c89006-00692d7adc - 0.0180 - - 1764588252.761623621 1764588252.779665947 0
Dec 1 11:24:12 standalone container-server[135783]: 172.20.0.100 - - [01/Dec/2025:11:24:12 +0000] "HEAD /d1/891/AUTH_76a9511b028f439e984de0e9d18049b6/gnocchi.ca494fcf-14ed-4fc7-874a-a9a8ed64e186" 404 - "HEAD http://172.18.0.2:8080/v1/AUTH_76a9511b028f439e984de0e9d18049b6/gnocchi.ca494fcf-14ed-4fc7-874a-a9a8ed64e186?format=json&states=listing" "txf57948119a1047e6a7efe-00692d7adc" "proxy-server 20" 0.0006 "-" 23 0
Dec 1 11:24:12 standalone object-server[136083]: 172.20.0.100 - - [01/Dec/2025:11:24:12 +0000] "GET /d1/1020/AUTH_76a9511b028f439e984de0e9d18049b6/gnocchi.ca494fcf-14ed-4fc7-874a-a9a8ed64e186/none_v3" 404 70 "GET http://172.18.0.2:8080/v1/AUTH_76a9511b028f439e984de0e9d18049b6/gnocchi.ca494fcf-14ed-4fc7-874a-a9a8ed64e186/none_v3" "txf57948119a1047e6a7efe-00692d7adc" "proxy-server 20" 0.0006 "-" 22 0
Dec 1 11:24:12 standalone proxy-server[138016]: 172.18.0.2 172.18.0.100 01/Dec/2025/11/24/12 GET /v1/AUTH_76a9511b028f439e984de0e9d18049b6/gnocchi.ca494fcf-14ed-4fc7-874a-a9a8ed64e186/none_v3 HTTP/1.0 404 - python-swiftclient-3.11.1 gAAAAABpLXpNhVq7... - 70 - txf57948119a1047e6a7efe-00692d7adc - 0.0098 - - 1764588252.804277182 1764588252.814071655 0
Dec 1 11:24:12 standalone account-server[135743]: 172.20.0.100 - - [01/Dec/2025:11:24:12 +0000] "PUT /d1/701/AUTH_76a9511b028f439e984de0e9d18049b6/gnocchi.ca494fcf-14ed-4fc7-874a-a9a8ed64e186" 201 - "PUT http://172.20.0.100:6001/d1/891/AUTH_76a9511b028f439e984de0e9d18049b6/gnocchi.ca494fcf-14ed-4fc7-874a-a9a8ed64e186" "txfcfd12ba85c944b3b045e-00692d7adc" "container-server 23" 0.0058 "-" 23 0
Dec 1 11:24:12 standalone container-server[135783]: 172.20.0.100 - - [01/Dec/2025:11:24:12 +0000] "PUT /d1/891/AUTH_76a9511b028f439e984de0e9d18049b6/gnocchi.ca494fcf-14ed-4fc7-874a-a9a8ed64e186" 201 - "PUT http://172.18.0.2:8080/v1/AUTH_76a9511b028f439e984de0e9d18049b6/gnocchi.ca494fcf-14ed-4fc7-874a-a9a8ed64e186" "txfcfd12ba85c944b3b045e-00692d7adc" "proxy-server 20" 0.0163 "-" 23 0
Dec 1 11:24:12 standalone proxy-server[138016]: 172.18.0.2 172.18.0.100 01/Dec/2025/11/24/12 PUT /v1/AUTH_76a9511b028f439e984de0e9d18049b6/gnocchi.ca494fcf-14ed-4fc7-874a-a9a8ed64e186 HTTP/1.0 201 - python-swiftclient-3.11.1 gAAAAABpLXpNhVq7... - - - txfcfd12ba85c944b3b045e-00692d7adc - 0.0232 - - 1764588252.817538023 1764588252.840689898 0
Dec 1 11:24:12 standalone container-server[135783]: 172.20.0.100 - - [01/Dec/2025:11:24:12 +0000] "HEAD /d1/891/AUTH_76a9511b028f439e984de0e9d18049b6/gnocchi.ca494fcf-14ed-4fc7-874a-a9a8ed64e186" 204 - "HEAD http://172.18.0.2:8080/v1/AUTH_76a9511b028f439e984de0e9d18049b6/gnocchi.ca494fcf-14ed-4fc7-874a-a9a8ed64e186?format=json&states=listing" "tx441209614bf14c0890362-00692d7adc" "proxy-server 20" 0.0012 "-" 23 0
Dec 1 11:24:12 standalone proxy-server[138016]: - - 01/Dec/2025/11/24/12 HEAD /v1/AUTH_76a9511b028f439e984de0e9d18049b6/gnocchi.ca494fcf-14ed-4fc7-874a-a9a8ed64e186%3Fformat%3Djson%26states%3Dlisting HTTP/1.0 204 - Swift - - - - tx441209614bf14c0890362-00692d7adc - 0.0074 RL - 1764588252.855671883 1764588252.863031387 0
Dec 1 11:24:12 standalone container-server[135783]: 172.20.0.100 - - [01/Dec/2025:11:24:12 +0000] "GET /d1/891/AUTH_76a9511b028f439e984de0e9d18049b6/gnocchi.ca494fcf-14ed-4fc7-874a-a9a8ed64e186" 200 2 "GET http://172.18.0.2:8080/v1/AUTH_76a9511b028f439e984de0e9d18049b6/gnocchi.ca494fcf-14ed-4fc7-874a-a9a8ed64e186?format=json&states=listing" "tx441209614bf14c0890362-00692d7adc" "proxy-server 20" 0.0019 "-" 23 0
Dec 1 11:24:12 standalone proxy-server[138016]: 172.18.0.2 172.18.0.100 01/Dec/2025/11/24/12 GET /v1/AUTH_76a9511b028f439e984de0e9d18049b6/gnocchi.ca494fcf-14ed-4fc7-874a-a9a8ed64e186%3Fformat%3Djson%26states%3Dlisting HTTP/1.0 200 - python-swiftclient-3.11.1 gAAAAABpLXpNhVq7... - 2 - tx441209614bf14c0890362-00692d7adc - 0.0265 - - 1764588252.850808144 1764588252.877295017 0
Dec 1 11:24:12 standalone object-server[136083]: 172.20.0.100 - - [01/Dec/2025:11:24:12 +0000] "GET /d1/34/AUTH_76a9511b028f439e984de0e9d18049b6/gnocchi.ca494fcf-14ed-4fc7-874a-a9a8ed64e186/1763640000.0_mean_300.0_v3" 404 70 "GET http://172.18.0.2:8080/v1/AUTH_76a9511b028f439e984de0e9d18049b6/gnocchi.ca494fcf-14ed-4fc7-874a-a9a8ed64e186/1763640000.0_mean_300.0_v3" "tx6c11b674681a44399842f-00692d7adc" "proxy-server 20" 0.0010 "-" 22 0
Dec 1 11:24:12 standalone proxy-server[138016]: 172.18.0.2 172.18.0.100 01/Dec/2025/11/24/12 GET /v1/AUTH_76a9511b028f439e984de0e9d18049b6/gnocchi.ca494fcf-14ed-4fc7-874a-a9a8ed64e186/1763640000.0_mean_300.0_v3 HTTP/1.0 404 - python-swiftclient-3.11.1 gAAAAABpLXpNhVq7... - 70 - tx6c11b674681a44399842f-00692d7adc - 0.0106 - - 1764588252.883817673 1764588252.894408703 0
Dec 1 11:24:12 standalone container-server[135783]: 172.20.0.100 - - [01/Dec/2025:11:24:12 +0000] "PUT /d1/891/AUTH_76a9511b028f439e984de0e9d18049b6/gnocchi.ca494fcf-14ed-4fc7-874a-a9a8ed64e186/1763640000.0_mean_300.0_v3" 201 - "PUT http://172.18.0.2:8080/d1/34/AUTH_76a9511b028f439e984de0e9d18049b6/gnocchi.ca494fcf-14ed-4fc7-874a-a9a8ed64e186/1763640000.0_mean_300.0_v3" "txe2c52cc064b143ed97008-00692d7adc" "object-server 25" 0.0009 "-" 23 0
Dec 1 11:24:12 standalone object-server[136086]: 172.20.0.100 - - [01/Dec/2025:11:24:12 +0000] "PUT /d1/34/AUTH_76a9511b028f439e984de0e9d18049b6/gnocchi.ca494fcf-14ed-4fc7-874a-a9a8ed64e186/1763640000.0_mean_300.0_v3" 201 - "PUT http://172.18.0.2:8080/v1/AUTH_76a9511b028f439e984de0e9d18049b6/gnocchi.ca494fcf-14ed-4fc7-874a-a9a8ed64e186/1763640000.0_mean_300.0_v3" "txe2c52cc064b143ed97008-00692d7adc" "proxy-server 20" 0.0134 "-" 25 0
Dec 1 11:24:12 standalone proxy-server[138016]: 172.18.0.2 172.18.0.100 01/Dec/2025/11/24/12 PUT /v1/AUTH_76a9511b028f439e984de0e9d18049b6/gnocchi.ca494fcf-14ed-4fc7-874a-a9a8ed64e186/1763640000.0_mean_300.0_v3 HTTP/1.0 201 - python-swiftclient-3.11.1 gAAAAABpLXpNhVq7... 16 - - txe2c52cc064b143ed97008-00692d7adc - 0.0204 - - 1764588252.898381710 1764588252.918779850 0
Dec 1 11:24:12 standalone container-server[135758]: 172.20.0.100 - - [01/Dec/2025:11:24:12 +0000] "PUT /d1/891/AUTH_76a9511b028f439e984de0e9d18049b6/gnocchi.ca494fcf-14ed-4fc7-874a-a9a8ed64e186/none_v3" 201 - "PUT http://172.18.0.2:8080/d1/1020/AUTH_76a9511b028f439e984de0e9d18049b6/gnocchi.ca494fcf-14ed-4fc7-874a-a9a8ed64e186/none_v3" "tx80a36e5c25c74f53bfacf-00692d7adc" "object-server 25" 0.0006 "-" 21 0
Dec 1 11:24:12 standalone object-server[136086]: 172.20.0.100 - - [01/Dec/2025:11:24:12 +0000] "PUT /d1/1020/AUTH_76a9511b028f439e984de0e9d18049b6/gnocchi.ca494fcf-14ed-4fc7-874a-a9a8ed64e186/none_v3" 201 - "PUT http://172.18.0.2:8080/v1/AUTH_76a9511b028f439e984de0e9d18049b6/gnocchi.ca494fcf-14ed-4fc7-874a-a9a8ed64e186/none_v3" "tx80a36e5c25c74f53bfacf-00692d7adc" "proxy-server 20" 0.0120 "-" 25 0
Dec 1 11:24:12 standalone proxy-server[138016]: 172.18.0.2 172.18.0.100 01/Dec/2025/11/24/12 PUT /v1/AUTH_76a9511b028f439e984de0e9d18049b6/gnocchi.ca494fcf-14ed-4fc7-874a-a9a8ed64e186/none_v3 HTTP/1.0 201 - python-swiftclient-3.11.1 gAAAAABpLXpNhVq7... 22 - - tx80a36e5c25c74f53bfacf-00692d7adc - 0.0277 - - 1764588252.922653675 1764588252.950306892 0
Dec 1 11:24:12 standalone container-server[135776]: 172.20.0.100 - - [01/Dec/2025:11:24:12 +0000] "HEAD /d1/132/AUTH_76a9511b028f439e984de0e9d18049b6/gnocchi.5e6e1ae7-71fb-4176-a50d-1b6987a22016" 404 - "HEAD http://172.18.0.2:8080/v1/AUTH_76a9511b028f439e984de0e9d18049b6/gnocchi.5e6e1ae7-71fb-4176-a50d-1b6987a22016?format=json&states=listing" "tx8424a546b54c44769b241-00692d7adc" "proxy-server 20" 0.0007 "-" 22 0
Dec 1 11:24:12 standalone object-server[136083]: 172.20.0.100 - - [01/Dec/2025:11:24:12 +0000] "GET /d1/291/AUTH_76a9511b028f439e984de0e9d18049b6/gnocchi.5e6e1ae7-71fb-4176-a50d-1b6987a22016/none_v3" 404 70 "GET http://172.18.0.2:8080/v1/AUTH_76a9511b028f439e984de0e9d18049b6/gnocchi.5e6e1ae7-71fb-4176-a50d-1b6987a22016/none_v3" "tx8424a546b54c44769b241-00692d7adc" "proxy-server 20" 0.0006 "-" 22 0
Dec 1 11:24:12 standalone proxy-server[138016]: 172.18.0.2 172.18.0.100 01/Dec/2025/11/24/12 GET /v1/AUTH_76a9511b028f439e984de0e9d18049b6/gnocchi.5e6e1ae7-71fb-4176-a50d-1b6987a22016/none_v3 HTTP/1.0 404 - python-swiftclient-3.11.1 gAAAAABpLXpNhVq7... - 70 - tx8424a546b54c44769b241-00692d7adc - 0.0117 - - 1764588252.965315104 1764588252.977042437 0
Dec 1 11:24:13 standalone account-server[135735]: 172.20.0.100 - - [01/Dec/2025:11:24:13 +0000] "PUT /d1/701/AUTH_76a9511b028f439e984de0e9d18049b6/gnocchi.5e6e1ae7-71fb-4176-a50d-1b6987a22016" 201 - "PUT http://172.20.0.100:6001/d1/132/AUTH_76a9511b028f439e984de0e9d18049b6/gnocchi.5e6e1ae7-71fb-4176-a50d-1b6987a22016" "tx950d3d3092f447b898138-00692d7adc" "container-server 22" 0.0072 "-" 20 0
Dec 1 11:24:13 standalone container-server[135776]: 172.20.0.100 - - [01/Dec/2025:11:24:13 +0000] "PUT /d1/132/AUTH_76a9511b028f439e984de0e9d18049b6/gnocchi.5e6e1ae7-71fb-4176-a50d-1b6987a22016" 201 - "PUT http://172.18.0.2:8080/v1/AUTH_76a9511b028f439e984de0e9d18049b6/gnocchi.5e6e1ae7-71fb-4176-a50d-1b6987a22016" "tx950d3d3092f447b898138-00692d7adc" "proxy-server 20" 0.0231 "-" 22 0
Dec 1 11:24:13 standalone proxy-server[138016]: 172.18.0.2 172.18.0.100 01/Dec/2025/11/24/13 PUT /v1/AUTH_76a9511b028f439e984de0e9d18049b6/gnocchi.5e6e1ae7-71fb-4176-a50d-1b6987a22016 HTTP/1.0 201 - python-swiftclient-3.11.1 gAAAAABpLXpNhVq7... - - - tx950d3d3092f447b898138-00692d7adc - 0.0323 - - 1764588252.982218266 1764588253.014504194 0
Dec 1 11:24:13 standalone container-server[135783]: 172.20.0.100 - - [01/Dec/2025:11:24:13 +0000] "HEAD /d1/132/AUTH_76a9511b028f439e984de0e9d18049b6/gnocchi.5e6e1ae7-71fb-4176-a50d-1b6987a22016" 204 - "HEAD http://172.18.0.2:8080/v1/AUTH_76a9511b028f439e984de0e9d18049b6/gnocchi.5e6e1ae7-71fb-4176-a50d-1b6987a22016?format=json&states=listing" "txd62b77adc24a4e2bb1ee6-00692d7add" "proxy-server 20" 0.0022 "-" 23 0
Dec 1 11:24:13 standalone proxy-server[138016]: - - 01/Dec/2025/11/24/13 HEAD /v1/AUTH_76a9511b028f439e984de0e9d18049b6/gnocchi.5e6e1ae7-71fb-4176-a50d-1b6987a22016%3Fformat%3Djson%26states%3Dlisting HTTP/1.0 204 - Swift - - - - txd62b77adc24a4e2bb1ee6-00692d7add - 0.0063 RL - 1764588253.021886349 1764588253.028171539 0
Dec 1 11:24:13 standalone container-server[135758]: 172.20.0.100 - - [01/Dec/2025:11:24:13 +0000] "GET /d1/132/AUTH_76a9511b028f439e984de0e9d18049b6/gnocchi.5e6e1ae7-71fb-4176-a50d-1b6987a22016" 200 2 "GET http://172.18.0.2:8080/v1/AUTH_76a9511b028f439e984de0e9d18049b6/gnocchi.5e6e1ae7-71fb-4176-a50d-1b6987a22016?format=json&states=listing" "txd62b77adc24a4e2bb1ee6-00692d7add" "proxy-server 20" 0.0025 "-" 21 0
Dec 1 11:24:13 standalone proxy-server[138016]: 172.18.0.2 172.18.0.100 01/Dec/2025/11/24/13 GET /v1/AUTH_76a9511b028f439e984de0e9d18049b6/gnocchi.5e6e1ae7-71fb-4176-a50d-1b6987a22016%3Fformat%3Djson%26states%3Dlisting HTTP/1.0 200 - python-swiftclient-3.11.1 gAAAAABpLXpNhVq7... - 2 - txd62b77adc24a4e2bb1ee6-00692d7add - 0.0171 - - 1764588253.020610571 1764588253.037703753 0
Dec 1 11:24:13 standalone object-server[136085]: 172.20.0.100 - - [01/Dec/2025:11:24:13 +0000] "GET /d1/588/AUTH_76a9511b028f439e984de0e9d18049b6/gnocchi.5e6e1ae7-71fb-4176-a50d-1b6987a22016/1763640000.0_mean_300.0_v3" 404 70 "GET http://172.18.0.2:8080/v1/AUTH_76a9511b028f439e984de0e9d18049b6/gnocchi.5e6e1ae7-71fb-4176-a50d-1b6987a22016/1763640000.0_mean_300.0_v3" "txb4249b94941643a9809cb-00692d7add" "proxy-server 20" 0.0005 "-" 24 0
Dec 1 11:24:13 standalone proxy-server[138016]: 172.18.0.2 172.18.0.100 01/Dec/2025/11/24/13 GET /v1/AUTH_76a9511b028f439e984de0e9d18049b6/gnocchi.5e6e1ae7-71fb-4176-a50d-1b6987a22016/1763640000.0_mean_300.0_v3 HTTP/1.0 404 - python-swiftclient-3.11.1 gAAAAABpLXpNhVq7... - 70 - txb4249b94941643a9809cb-00692d7add - 0.0088 - - 1764588253.044850111 1764588253.053677797 0
Dec 1 11:24:13 standalone container-server[135758]: 172.20.0.100 - - [01/Dec/2025:11:24:13 +0000] "PUT /d1/132/AUTH_76a9511b028f439e984de0e9d18049b6/gnocchi.5e6e1ae7-71fb-4176-a50d-1b6987a22016/1763640000.0_mean_300.0_v3" 201 - "PUT http://172.18.0.2:8080/d1/588/AUTH_76a9511b028f439e984de0e9d18049b6/gnocchi.5e6e1ae7-71fb-4176-a50d-1b6987a22016/1763640000.0_mean_300.0_v3" "txb1c77eaa160b431393866-00692d7add" "object-server 23" 0.0007 "-" 21 0
Dec 1 11:24:13 standalone object-server[136084]: 172.20.0.100 - - [01/Dec/2025:11:24:13 +0000] "PUT /d1/588/AUTH_76a9511b028f439e984de0e9d18049b6/gnocchi.5e6e1ae7-71fb-4176-a50d-1b6987a22016/1763640000.0_mean_300.0_v3" 201 - "PUT http://172.18.0.2:8080/v1/AUTH_76a9511b028f439e984de0e9d18049b6/gnocchi.5e6e1ae7-71fb-4176-a50d-1b6987a22016/1763640000.0_mean_300.0_v3" "txb1c77eaa160b431393866-00692d7add" "proxy-server 20" 0.0121 "-" 23 0
Dec 1 11:24:13 standalone proxy-server[138016]: 172.18.0.2 172.18.0.100 01/Dec/2025/11/24/13 PUT /v1/AUTH_76a9511b028f439e984de0e9d18049b6/gnocchi.5e6e1ae7-71fb-4176-a50d-1b6987a22016/1763640000.0_mean_300.0_v3 HTTP/1.0 201 - python-swiftclient-3.11.1 gAAAAABpLXpNhVq7... 16 - - txb1c77eaa160b431393866-00692d7add - 0.0212 - - 1764588253.058646679 1764588253.079844713 0
Dec 1 11:24:13 standalone container-server[135758]: 172.20.0.100 - - [01/Dec/2025:11:24:13 +0000] "PUT /d1/132/AUTH_76a9511b028f439e984de0e9d18049b6/gnocchi.5e6e1ae7-71fb-4176-a50d-1b6987a22016/none_v3" 201 - "PUT http://172.18.0.2:8080/d1/291/AUTH_76a9511b028f439e984de0e9d18049b6/gnocchi.5e6e1ae7-71fb-4176-a50d-1b6987a22016/none_v3" "tx2fac31815d6041e48be1c-00692d7add" "object-server 24" 0.0005 "-" 21 0
Dec 1 11:24:13 standalone object-server[136085]: 172.20.0.100 - - [01/Dec/2025:11:24:13 +0000] "PUT /d1/291/AUTH_76a9511b028f439e984de0e9d18049b6/gnocchi.5e6e1ae7-71fb-4176-a50d-1b6987a22016/none_v3" 201 - "PUT http://172.18.0.2:8080/v1/AUTH_76a9511b028f439e984de0e9d18049b6/gnocchi.5e6e1ae7-71fb-4176-a50d-1b6987a22016/none_v3" "tx2fac31815d6041e48be1c-00692d7add" "proxy-server 20" 0.0096 "-" 24 0
Dec 1 11:24:13 standalone proxy-server[138016]: 172.18.0.2 172.18.0.100 01/Dec/2025/11/24/13 PUT /v1/AUTH_76a9511b028f439e984de0e9d18049b6/gnocchi.5e6e1ae7-71fb-4176-a50d-1b6987a22016/none_v3 HTTP/1.0 201 - python-swiftclient-3.11.1 gAAAAABpLXpNhVq7... 22 - - tx2fac31815d6041e48be1c-00692d7add - 0.0169 - - 1764588253.084095955 1764588253.100960255 0
Dec 1 11:24:13 standalone container-server[135756]: 172.20.0.100 - - [01/Dec/2025:11:24:13 +0000] "HEAD /d1/569/AUTH_76a9511b028f439e984de0e9d18049b6/gnocchi.ff88023c-2639-46d7-835d-669d77fcab83" 404 - "HEAD http://172.18.0.2:8080/v1/AUTH_76a9511b028f439e984de0e9d18049b6/gnocchi.ff88023c-2639-46d7-835d-669d77fcab83?format=json&states=listing" "tx1602b07ccd8a4b30be75f-00692d7add" "proxy-server 20" 0.0007 "-" 19 0
Dec 1 11:24:13 standalone object-server[136086]: 172.20.0.100 - - [01/Dec/2025:11:24:13 +0000] "GET /d1/654/AUTH_76a9511b028f439e984de0e9d18049b6/gnocchi.ff88023c-2639-46d7-835d-669d77fcab83/none_v3" 404 70 "GET http://172.18.0.2:8080/v1/AUTH_76a9511b028f439e984de0e9d18049b6/gnocchi.ff88023c-2639-46d7-835d-669d77fcab83/none_v3" "tx1602b07ccd8a4b30be75f-00692d7add" "proxy-server 20" 0.0005 "-" 25 0
Dec 1 11:24:13 standalone proxy-server[138016]: 172.18.0.2 172.18.0.100 01/Dec/2025/11/24/13 GET /v1/AUTH_76a9511b028f439e984de0e9d18049b6/gnocchi.ff88023c-2639-46d7-835d-669d77fcab83/none_v3 HTTP/1.0 404 - python-swiftclient-3.11.1 gAAAAABpLXpNhVq7... - 70 - tx1602b07ccd8a4b30be75f-00692d7add - 0.0107 - - 1764588253.121294737 1764588253.132016659 0
Dec 1 11:24:13 standalone account-server[135735]: 172.20.0.100 - - [01/Dec/2025:11:24:13 +0000] "PUT /d1/701/AUTH_76a9511b028f439e984de0e9d18049b6/gnocchi.ff88023c-2639-46d7-835d-669d77fcab83" 201 - "PUT http://172.20.0.100:6001/d1/569/AUTH_76a9511b028f439e984de0e9d18049b6/gnocchi.ff88023c-2639-46d7-835d-669d77fcab83" "txa7f43cbc9a5c405997e9f-00692d7add" "container-server 22" 0.0110 "-" 20 0
Dec 1 11:24:13 standalone container-server[135776]: 172.20.0.100 - - [01/Dec/2025:11:24:13 +0000] "PUT /d1/569/AUTH_76a9511b028f439e984de0e9d18049b6/gnocchi.ff88023c-2639-46d7-835d-669d77fcab83" 201 - "PUT http://172.18.0.2:8080/v1/AUTH_76a9511b028f439e984de0e9d18049b6/gnocchi.ff88023c-2639-46d7-835d-669d77fcab83" "txa7f43cbc9a5c405997e9f-00692d7add" "proxy-server 20" 0.0265 "-" 22 0
Dec 1 11:24:13 standalone proxy-server[138016]: 172.18.0.2 172.18.0.100 01/Dec/2025/11/24/13 PUT /v1/AUTH_76a9511b028f439e984de0e9d18049b6/gnocchi.ff88023c-2639-46d7-835d-669d77fcab83 HTTP/1.0 201 - python-swiftclient-3.11.1 gAAAAABpLXpNhVq7... - - - txa7f43cbc9a5c405997e9f-00692d7add - 0.0314 - - 1764588253.135425568 1764588253.166813135 0
Dec 1 11:24:13 standalone container-server[135756]: 172.20.0.100 - - [01/Dec/2025:11:24:13 +0000] "HEAD /d1/569/AUTH_76a9511b028f439e984de0e9d18049b6/gnocchi.ff88023c-2639-46d7-835d-669d77fcab83" 204 - "HEAD http://172.18.0.2:8080/v1/AUTH_76a9511b028f439e984de0e9d18049b6/gnocchi.ff88023c-2639-46d7-835d-669d77fcab83?format=json&states=listing" "tx08e4c02df32a4c8b808a5-00692d7add" "proxy-server 20" 0.0025 "-" 19 0
Dec 1 11:24:13 standalone proxy-server[138016]: - - 01/Dec/2025/11/24/13 HEAD /v1/AUTH_76a9511b028f439e984de0e9d18049b6/gnocchi.ff88023c-2639-46d7-835d-669d77fcab83%3Fformat%3Djson%26states%3Dlisting HTTP/1.0 204 - Swift - - - - tx08e4c02df32a4c8b808a5-00692d7add - 0.0058 RL - 1764588253.171678543 1764588253.177525520 0
Dec 1 11:24:13 standalone container-server[135783]: 172.20.0.100 - - [01/Dec/2025:11:24:13 +0000] "GET /d1/569/AUTH_76a9511b028f439e984de0e9d18049b6/gnocchi.ff88023c-2639-46d7-835d-669d77fcab83" 200 2 "GET http://172.18.0.2:8080/v1/AUTH_76a9511b028f439e984de0e9d18049b6/gnocchi.ff88023c-2639-46d7-835d-669d77fcab83?format=json&states=listing" "tx08e4c02df32a4c8b808a5-00692d7add" "proxy-server 20" 0.0037 "-" 23 0
Dec 1 11:24:13 standalone proxy-server[138016]: 172.18.0.2 172.18.0.100 01/Dec/2025/11/24/13 GET /v1/AUTH_76a9511b028f439e984de0e9d18049b6/gnocchi.ff88023c-2639-46d7-835d-669d77fcab83%3Fformat%3Djson%26states%3Dlisting HTTP/1.0 200 - python-swiftclient-3.11.1 gAAAAABpLXpNhVq7... - 2 - tx08e4c02df32a4c8b808a5-00692d7add - 0.0157 - - 1764588253.170883894 1764588253.186565161 0
Dec 1 11:24:13 standalone object-server[136086]: 172.20.0.100 - - [01/Dec/2025:11:24:13 +0000] "GET /d1/267/AUTH_76a9511b028f439e984de0e9d18049b6/gnocchi.ff88023c-2639-46d7-835d-669d77fcab83/1763640000.0_mean_300.0_v3" 404 70 "GET http://172.18.0.2:8080/v1/AUTH_76a9511b028f439e984de0e9d18049b6/gnocchi.ff88023c-2639-46d7-835d-669d77fcab83/1763640000.0_mean_300.0_v3" "tx93d6a8d94a6c4deb97496-00692d7add" "proxy-server 20" 0.0006 "-" 25 0
Dec 1 11:24:13 standalone proxy-server[138016]: 172.18.0.2 172.18.0.100 01/Dec/2025/11/24/13 GET /v1/AUTH_76a9511b028f439e984de0e9d18049b6/gnocchi.ff88023c-2639-46d7-835d-669d77fcab83/1763640000.0_mean_300.0_v3 HTTP/1.0 404 - python-swiftclient-3.11.1 gAAAAABpLXpNhVq7... - 70 - tx93d6a8d94a6c4deb97496-00692d7add - 0.0059 - - 1764588253.190695286 1764588253.196555614 0
Dec 1 11:24:13 standalone container-server[135756]: 172.20.0.100 - - [01/Dec/2025:11:24:13 +0000] "PUT /d1/569/AUTH_76a9511b028f439e984de0e9d18049b6/gnocchi.ff88023c-2639-46d7-835d-669d77fcab83/1763640000.0_mean_300.0_v3" 201 - "PUT http://172.18.0.2:8080/d1/267/AUTH_76a9511b028f439e984de0e9d18049b6/gnocchi.ff88023c-2639-46d7-835d-669d77fcab83/1763640000.0_mean_300.0_v3" "txc3b7530f927e43b4b6d83-00692d7add" "object-server 23" 0.0012 "-" 19 0
Dec 1 11:24:13 standalone object-server[136084]: 172.20.0.100 - - [01/Dec/2025:11:24:13 +0000] "PUT /d1/267/AUTH_76a9511b028f439e984de0e9d18049b6/gnocchi.ff88023c-2639-46d7-835d-669d77fcab83/1763640000.0_mean_300.0_v3" 201 - "PUT http://172.18.0.2:8080/v1/AUTH_76a9511b028f439e984de0e9d18049b6/gnocchi.ff88023c-2639-46d7-835d-669d77fcab83/1763640000.0_mean_300.0_v3" "txc3b7530f927e43b4b6d83-00692d7add" "proxy-server 20" 0.0165 "-" 23 0
Dec 1 11:24:13 standalone proxy-server[138016]: 172.18.0.2 172.18.0.100 01/Dec/2025/11/24/13 PUT /v1/AUTH_76a9511b028f439e984de0e9d18049b6/gnocchi.ff88023c-2639-46d7-835d-669d77fcab83/1763640000.0_mean_300.0_v3 HTTP/1.0 201 - python-swiftclient-3.11.1 gAAAAABpLXpNhVq7... 16 - - txc3b7530f927e43b4b6d83-00692d7add - 0.0221 - - 1764588253.199950218 1764588253.222030401 0
Dec 1 11:24:13 standalone container-server[135776]: 172.20.0.100 - - [01/Dec/2025:11:24:13 +0000] "PUT /d1/569/AUTH_76a9511b028f439e984de0e9d18049b6/gnocchi.ff88023c-2639-46d7-835d-669d77fcab83/none_v3" 201 - "PUT http://172.18.0.2:8080/d1/654/AUTH_76a9511b028f439e984de0e9d18049b6/gnocchi.ff88023c-2639-46d7-835d-669d77fcab83/none_v3" "tx2eed94592a6a4588a8759-00692d7add" "object-server 25" 0.0016 "-" 22 0
Dec 1 11:24:13 standalone object-server[136086]: 172.20.0.100 - - [01/Dec/2025:11:24:13 +0000] "PUT /d1/654/AUTH_76a9511b028f439e984de0e9d18049b6/gnocchi.ff88023c-2639-46d7-835d-669d77fcab83/none_v3" 201 - "PUT http://172.18.0.2:8080/v1/AUTH_76a9511b028f439e984de0e9d18049b6/gnocchi.ff88023c-2639-46d7-835d-669d77fcab83/none_v3" "tx2eed94592a6a4588a8759-00692d7add" "proxy-server 20" 0.0146 "-" 25 0
Dec 1 11:24:13 standalone proxy-server[138016]: 172.18.0.2 172.18.0.100 01/Dec/2025/11/24/13 PUT /v1/AUTH_76a9511b028f439e984de0e9d18049b6/gnocchi.ff88023c-2639-46d7-835d-669d77fcab83/none_v3 HTTP/1.0 201 - python-swiftclient-3.11.1 gAAAAABpLXpNhVq7... 22 - - tx2eed94592a6a4588a8759-00692d7add - 0.0219 - - 1764588253.227435589 1764588253.249306917 0
Dec 1 11:24:13 standalone container-server[135756]: 172.20.0.100 - - [01/Dec/2025:11:24:13 +0000] "HEAD /d1/206/AUTH_76a9511b028f439e984de0e9d18049b6/gnocchi.cfb85206-d909-4db6-8ccf-a1880a0a6132" 404 - "HEAD http://172.18.0.2:8080/v1/AUTH_76a9511b028f439e984de0e9d18049b6/gnocchi.cfb85206-d909-4db6-8ccf-a1880a0a6132?format=json&states=listing" "tx473905358c274bb7b1368-00692d7add" "proxy-server 20" 0.0014 "-" 19 0
Dec 1 11:24:13 standalone object-server[136085]: 172.20.0.100 - - [01/Dec/2025:11:24:13 +0000] "GET /d1/980/AUTH_76a9511b028f439e984de0e9d18049b6/gnocchi.cfb85206-d909-4db6-8ccf-a1880a0a6132/none_v3" 404 70 "GET http://172.18.0.2:8080/v1/AUTH_76a9511b028f439e984de0e9d18049b6/gnocchi.cfb85206-d909-4db6-8ccf-a1880a0a6132/none_v3" "tx473905358c274bb7b1368-00692d7add" "proxy-server 20" 0.0006 "-" 24 0
Dec 1 11:24:13 standalone proxy-server[138016]: 172.18.0.2 172.18.0.100 01/Dec/2025/11/24/13 GET /v1/AUTH_76a9511b028f439e984de0e9d18049b6/gnocchi.cfb85206-d909-4db6-8ccf-a1880a0a6132/none_v3 HTTP/1.0 404 - python-swiftclient-3.11.1 gAAAAABpLXpNhVq7... - 70 - tx473905358c274bb7b1368-00692d7add - 0.0113 - - 1764588253.268737555 1764588253.280033827 0
Dec 1 11:24:13 standalone account-server[135712]: 172.20.0.100 - - [01/Dec/2025:11:24:13 +0000] "PUT /d1/701/AUTH_76a9511b028f439e984de0e9d18049b6/gnocchi.cfb85206-d909-4db6-8ccf-a1880a0a6132" 201 - "PUT http://172.20.0.100:6001/d1/206/AUTH_76a9511b028f439e984de0e9d18049b6/gnocchi.cfb85206-d909-4db6-8ccf-a1880a0a6132" "txd23bcb11a4c74f44a5c73-00692d7add" "container-server 19" 0.0054 "-" 19 0
Dec 1 11:24:13 standalone container-server[135756]: 172.20.0.100 - - [01/Dec/2025:11:24:13 +0000] "PUT /d1/206/AUTH_76a9511b028f439e984de0e9d18049b6/gnocchi.cfb85206-d909-4db6-8ccf-a1880a0a6132" 201 - "PUT http://172.18.0.2:8080/v1/AUTH_76a9511b028f439e984de0e9d18049b6/gnocchi.cfb85206-d909-4db6-8ccf-a1880a0a6132" "txd23bcb11a4c74f44a5c73-00692d7add" "proxy-server 20" 0.0196 "-" 19 0
Dec 1 11:24:13 standalone proxy-server[138016]: 172.18.0.2 172.18.0.100 01/Dec/2025/11/24/13 PUT /v1/AUTH_76a9511b028f439e984de0e9d18049b6/gnocchi.cfb85206-d909-4db6-8ccf-a1880a0a6132 HTTP/1.0 201 - python-swiftclient-3.11.1 gAAAAABpLXpNhVq7... - - - txd23bcb11a4c74f44a5c73-00692d7add - 0.0236 - - 1764588253.283602953 1764588253.307231665 0
Dec 1 11:24:13 standalone container-server[135758]: 172.20.0.100 - - [01/Dec/2025:11:24:13 +0000] "HEAD /d1/206/AUTH_76a9511b028f439e984de0e9d18049b6/gnocchi.cfb85206-d909-4db6-8ccf-a1880a0a6132" 204 - "HEAD http://172.18.0.2:8080/v1/AUTH_76a9511b028f439e984de0e9d18049b6/gnocchi.cfb85206-d909-4db6-8ccf-a1880a0a6132?format=json&states=listing" "tx036bc3fc46e94d6ba38c1-00692d7add" "proxy-server 20" 0.0066 "-" 21 0
Dec 1 11:24:13 standalone proxy-server[138016]: - - 01/Dec/2025/11/24/13 HEAD /v1/AUTH_76a9511b028f439e984de0e9d18049b6/gnocchi.cfb85206-d909-4db6-8ccf-a1880a0a6132%3Fformat%3Djson%26states%3Dlisting HTTP/1.0 204 - Swift - - - - tx036bc3fc46e94d6ba38c1-00692d7add - 0.0101 RL - 1764588253.312579870 1764588253.322656870 0
Dec 1 11:24:13 standalone container-server[135756]: 172.20.0.100 - - [01/Dec/2025:11:24:13 +0000] "GET /d1/206/AUTH_76a9511b028f439e984de0e9d18049b6/gnocchi.cfb85206-d909-4db6-8ccf-a1880a0a6132" 200 2 "GET http://172.18.0.2:8080/v1/AUTH_76a9511b028f439e984de0e9d18049b6/gnocchi.cfb85206-d909-4db6-8ccf-a1880a0a6132?format=json&states=listing" "tx036bc3fc46e94d6ba38c1-00692d7add" "proxy-server 20" 0.0032 "-" 19 0
Dec 1 11:24:13 standalone proxy-server[138016]: 172.18.0.2 172.18.0.100 01/Dec/2025/11/24/13 GET /v1/AUTH_76a9511b028f439e984de0e9d18049b6/gnocchi.cfb85206-d909-4db6-8ccf-a1880a0a6132%3Fformat%3Djson%26states%3Dlisting HTTP/1.0 200 - python-swiftclient-3.11.1 gAAAAABpLXpNhVq7... - 2 - tx036bc3fc46e94d6ba38c1-00692d7add - 0.0197 - - 1764588253.311525345 1764588253.331211567 0
Dec 1 11:24:13 standalone object-server[136083]: 172.20.0.100 - - [01/Dec/2025:11:24:13 +0000] "GET /d1/536/AUTH_76a9511b028f439e984de0e9d18049b6/gnocchi.cfb85206-d909-4db6-8ccf-a1880a0a6132/1763640000.0_mean_300.0_v3" 404 70 "GET http://172.18.0.2:8080/v1/AUTH_76a9511b028f439e984de0e9d18049b6/gnocchi.cfb85206-d909-4db6-8ccf-a1880a0a6132/1763640000.0_mean_300.0_v3" "tx3c06a744d49a44fcab9b8-00692d7add" "proxy-server 20" 0.0007 "-" 22 0
Dec 1 11:24:13 standalone proxy-server[138016]: 172.18.0.2 172.18.0.100 01/Dec/2025/11/24/13 GET /v1/AUTH_76a9511b028f439e984de0e9d18049b6/gnocchi.cfb85206-d909-4db6-8ccf-a1880a0a6132/1763640000.0_mean_300.0_v3 HTTP/1.0 404 - python-swiftclient-3.11.1 gAAAAABpLXpNhVq7... - 70 - tx3c06a744d49a44fcab9b8-00692d7add - 0.0063 - - 1764588253.335534334 1764588253.341855526 0
Dec 1 11:24:13 standalone container-server[135783]: 172.20.0.100 - - [01/Dec/2025:11:24:13 +0000] "PUT /d1/206/AUTH_76a9511b028f439e984de0e9d18049b6/gnocchi.cfb85206-d909-4db6-8ccf-a1880a0a6132/1763640000.0_mean_300.0_v3" 201 - "PUT http://172.18.0.2:8080/d1/536/AUTH_76a9511b028f439e984de0e9d18049b6/gnocchi.cfb85206-d909-4db6-8ccf-a1880a0a6132/1763640000.0_mean_300.0_v3" "tx132f214002b642c5abade-00692d7add" "object-server 22" 0.0010 "-" 23 0
Dec 1 11:24:13 standalone object-server[136083]: 172.20.0.100 - - [01/Dec/2025:11:24:13 +0000] "PUT /d1/536/AUTH_76a9511b028f439e984de0e9d18049b6/gnocchi.cfb85206-d909-4db6-8ccf-a1880a0a6132/1763640000.0_mean_300.0_v3" 201 - "PUT http://172.18.0.2:8080/v1/AUTH_76a9511b028f439e984de0e9d18049b6/gnocchi.cfb85206-d909-4db6-8ccf-a1880a0a6132/1763640000.0_mean_300.0_v3" "tx132f214002b642c5abade-00692d7add" "proxy-server 20" 0.0119 "-" 22 0
Dec 1 11:24:13 standalone proxy-server[138016]: 172.18.0.2 172.18.0.100 01/Dec/2025/11/24/13 PUT /v1/AUTH_76a9511b028f439e984de0e9d18049b6/gnocchi.cfb85206-d909-4db6-8ccf-a1880a0a6132/1763640000.0_mean_300.0_v3 HTTP/1.0 201 - python-swiftclient-3.11.1 gAAAAABpLXpNhVq7... 16 - - tx132f214002b642c5abade-00692d7add - 0.0175 - - 1764588253.345264912 1764588253.362804174 0
Dec 1 11:24:13 standalone container-server[135756]: 172.20.0.100 - - [01/Dec/2025:11:24:13 +0000] "PUT /d1/206/AUTH_76a9511b028f439e984de0e9d18049b6/gnocchi.cfb85206-d909-4db6-8ccf-a1880a0a6132/none_v3" 201 - "PUT http://172.18.0.2:8080/d1/980/AUTH_76a9511b028f439e984de0e9d18049b6/gnocchi.cfb85206-d909-4db6-8ccf-a1880a0a6132/none_v3" "tx4bd4dc19153a48e6ad1fa-00692d7add" "object-server 23" 0.0040 "-" 19 0
Dec 1 11:24:13 standalone object-server[136084]: 172.20.0.100 - - [01/Dec/2025:11:24:13 +0000] "PUT /d1/980/AUTH_76a9511b028f439e984de0e9d18049b6/gnocchi.cfb85206-d909-4db6-8ccf-a1880a0a6132/none_v3" 201 - "PUT http://172.18.0.2:8080/v1/AUTH_76a9511b028f439e984de0e9d18049b6/gnocchi.cfb85206-d909-4db6-8ccf-a1880a0a6132/none_v3" "tx4bd4dc19153a48e6ad1fa-00692d7add" "proxy-server 20" 0.0179 "-" 23 0
Dec 1 11:24:13 standalone proxy-server[138016]: 172.18.0.2 172.18.0.100 01/Dec/2025/11/24/13 PUT /v1/AUTH_76a9511b028f439e984de0e9d18049b6/gnocchi.cfb85206-d909-4db6-8ccf-a1880a0a6132/none_v3 HTTP/1.0 201 - python-swiftclient-3.11.1 gAAAAABpLXpNhVq7... 22 - - tx4bd4dc19153a48e6ad1fa-00692d7add - 0.0299 - - 1764588253.366735697 1764588253.396669149 0
Dec 1 11:24:21 standalone object-server[135921]: Begin object update sweep
Dec 1 11:24:21 standalone object-server[248416]: Object update sweep starting on /srv/node/d1 (pid: 15)
Dec 1 11:24:21 standalone object-server[248416]: Object update sweep completed on /srv/node/d1 in 0.00s seconds:, 0 successes, 0 failures, 0 quarantines, 0 unlinks, 0 errors, 0 redirects (pid: 15)
Dec 1 11:24:21 standalone object-server[248416]: Object update sweep of d1 completed: 0.00s, 0 successes, 0 failures, 0 quarantines, 0 unlinks, 0 errors, 0 redirects
Dec 1 11:24:21 standalone object-server[135921]: Object update sweep completed: 0.10s
Dec 1 11:24:21 standalone object-server[136086]: 172.20.0.100 - - [01/Dec/2025:11:24:21 +0000] "GET /d1/365/AUTH_76a9511b028f439e984de0e9d18049b6/gnocchi.b20f8792-fb4f-4cf5-95af-b81d25c856ce/none_v3" 200 31 "GET http://172.18.0.2:8080/v1/AUTH_76a9511b028f439e984de0e9d18049b6/gnocchi.b20f8792-fb4f-4cf5-95af-b81d25c856ce/none_v3" "txd5baabb806ec477e9d7b6-00692d7ae5" "proxy-server 20" 0.0022 "-" 25 0
Dec 1 11:24:21 standalone proxy-server[138016]: 172.18.0.2 172.18.0.100 01/Dec/2025/11/24/21 GET /v1/AUTH_76a9511b028f439e984de0e9d18049b6/gnocchi.b20f8792-fb4f-4cf5-95af-b81d25c856ce/none_v3 HTTP/1.0 200 - python-swiftclient-3.11.1 gAAAAABpLXpNhVq7... - 31 - txd5baabb806ec477e9d7b6-00692d7ae5 - 0.0142 - - 1764588261.488585234 1764588261.502816200 0
Dec 1 11:24:21 standalone container-server[135783]: 172.20.0.100 - - [01/Dec/2025:11:24:21 +0000] "GET /d1/139/AUTH_76a9511b028f439e984de0e9d18049b6/gnocchi.b20f8792-fb4f-4cf5-95af-b81d25c856ce" 200 357 "GET http://172.18.0.2:8080/v1/AUTH_76a9511b028f439e984de0e9d18049b6/gnocchi.b20f8792-fb4f-4cf5-95af-b81d25c856ce?format=json&states=listing" "tx1193c874245a40e6bba90-00692d7ae5" "proxy-server 20" 0.0150 "-" 23 0
Dec 1 11:24:21 standalone proxy-server[138016]: 172.18.0.2 172.18.0.100 01/Dec/2025/11/24/21 GET /v1/AUTH_76a9511b028f439e984de0e9d18049b6/gnocchi.b20f8792-fb4f-4cf5-95af-b81d25c856ce%3Fformat%3Djson%26states%3Dlisting HTTP/1.0 200 - python-swiftclient-3.11.1 gAAAAABpLXpNhVq7... - 357 - tx1193c874245a40e6bba90-00692d7ae5 - 0.0245 - - 1764588261.508872271 1764588261.533362389 0
Dec 1 11:24:21 standalone container-server[135758]: 172.20.0.100 - - [01/Dec/2025:11:24:21 +0000] "GET /d1/139/AUTH_76a9511b028f439e984de0e9d18049b6/gnocchi.b20f8792-fb4f-4cf5-95af-b81d25c856ce" 200 2 "GET http://172.18.0.2:8080/v1/AUTH_76a9511b028f439e984de0e9d18049b6/gnocchi.b20f8792-fb4f-4cf5-95af-b81d25c856ce?format=json&marker=none_v3&states=listing" "txe47038082338403faa589-00692d7ae5" "proxy-server 20" 0.0043 "-" 21 0
Dec 1 11:24:21 standalone proxy-server[138016]: 172.18.0.2 172.18.0.100 01/Dec/2025/11/24/21 GET /v1/AUTH_76a9511b028f439e984de0e9d18049b6/gnocchi.b20f8792-fb4f-4cf5-95af-b81d25c856ce%3Fformat%3Djson%26marker%3Dnone_v3%26states%3Dlisting HTTP/1.0 200 - python-swiftclient-3.11.1 gAAAAABpLXpNhVq7... - 2 - txe47038082338403faa589-00692d7ae5 - 0.0131 - - 1764588261.539196730 1764588261.552315712 0
Dec 1 11:24:21 standalone object-server[136085]: 172.20.0.100 - - [01/Dec/2025:11:24:21 +0000] "GET /d1/784/AUTH_76a9511b028f439e984de0e9d18049b6/gnocchi.b20f8792-fb4f-4cf5-95af-b81d25c856ce/1763640000.0_mean_300.0_v3" 200 16 "GET http://172.18.0.2:8080/v1/AUTH_76a9511b028f439e984de0e9d18049b6/gnocchi.b20f8792-fb4f-4cf5-95af-b81d25c856ce/1763640000.0_mean_300.0_v3" "tx80bd6c8fc6364ff497abb-00692d7ae5" "proxy-server 20" 0.0015 "-" 24 0
