Dec 1 11:23:47 standalone proxy-server[138016]: 172.18.0.2 172.18.0.100 01/Dec/2025/11/23/47 PUT /v1/AUTH_76a9511b028f439e984de0e9d18049b6/gnocchi.e02f7c6c-c83e-4df8-8b56-7100f8fa712b HTTP/1.0 201 - python-swiftclient-3.11.1 gAAAAABpLXpNhVq7... - - - tx1ab0df39b564448d8c900-00692d7ac3 - 0.0263 - - 1764588227.263065338 1764588227.289391518 0
Dec 1 11:23:47 standalone container-server[135783]: 172.20.0.100 - - [01/Dec/2025:11:23:47 +0000] "HEAD /d1/542/AUTH_76a9511b028f439e984de0e9d18049b6/gnocchi.e02f7c6c-c83e-4df8-8b56-7100f8fa712b" 204 - "HEAD http://172.18.0.2:8080/v1/AUTH_76a9511b028f439e984de0e9d18049b6/gnocchi.e02f7c6c-c83e-4df8-8b56-7100f8fa712b?format=json&states=listing" "tx43cadadfee234e16a3a9c-00692d7ac3" "proxy-server 20" 0.0017 "-" 23 0
Dec 1 11:23:47 standalone proxy-server[138016]: - - 01/Dec/2025/11/23/47 HEAD /v1/AUTH_76a9511b028f439e984de0e9d18049b6/gnocchi.e02f7c6c-c83e-4df8-8b56-7100f8fa712b%3Fformat%3Djson%26states%3Dlisting HTTP/1.0 204 - Swift - - - - tx43cadadfee234e16a3a9c-00692d7ac3 - 0.0049 RL - 1764588227.293627739 1764588227.298543930 0
Dec 1 11:23:47 standalone container-server[135758]: 172.20.0.100 - - [01/Dec/2025:11:23:47 +0000] "GET /d1/542/AUTH_76a9511b028f439e984de0e9d18049b6/gnocchi.e02f7c6c-c83e-4df8-8b56-7100f8fa712b" 200 2 "GET http://172.18.0.2:8080/v1/AUTH_76a9511b028f439e984de0e9d18049b6/gnocchi.e02f7c6c-c83e-4df8-8b56-7100f8fa712b?format=json&states=listing" "tx43cadadfee234e16a3a9c-00692d7ac3" "proxy-server 20" 0.0025 "-" 21 0
Dec 1 11:23:47 standalone proxy-server[138016]: 172.18.0.2 172.18.0.100 01/Dec/2025/11/23/47 GET /v1/AUTH_76a9511b028f439e984de0e9d18049b6/gnocchi.e02f7c6c-c83e-4df8-8b56-7100f8fa712b%3Fformat%3Djson%26states%3Dlisting HTTP/1.0 200 - python-swiftclient-3.11.1 gAAAAABpLXpNhVq7... - 2 - tx43cadadfee234e16a3a9c-00692d7ac3 - 0.0152 - - 1764588227.292739630 1764588227.307935238 0
Dec 1 11:23:47 standalone object-server[136085]: 172.20.0.100 - - [01/Dec/2025:11:23:47 +0000] "GET /d1/618/AUTH_76a9511b028f439e984de0e9d18049b6/gnocchi.e02f7c6c-c83e-4df8-8b56-7100f8fa712b/1763640000.0_mean_300.0_v3" 404 70 "GET http://172.18.0.2:8080/v1/AUTH_76a9511b028f439e984de0e9d18049b6/gnocchi.e02f7c6c-c83e-4df8-8b56-7100f8fa712b/1763640000.0_mean_300.0_v3" "tx0ff83144d030428a85a07-00692d7ac3" "proxy-server 20" 0.0007 "-" 24 0
Dec 1 11:23:47 standalone proxy-server[138016]: 172.18.0.2 172.18.0.100 01/Dec/2025/11/23/47 GET /v1/AUTH_76a9511b028f439e984de0e9d18049b6/gnocchi.e02f7c6c-c83e-4df8-8b56-7100f8fa712b/1763640000.0_mean_300.0_v3 HTTP/1.0 404 - python-swiftclient-3.11.1 gAAAAABpLXpNhVq7... - 70 - tx0ff83144d030428a85a07-00692d7ac3 - 0.0052 - - 1764588227.312746763 1764588227.317963839 0
Dec 1 11:23:47 standalone container-server[135756]: 172.20.0.100 - - [01/Dec/2025:11:23:47 +0000] "PUT /d1/542/AUTH_76a9511b028f439e984de0e9d18049b6/gnocchi.e02f7c6c-c83e-4df8-8b56-7100f8fa712b/1763640000.0_mean_300.0_v3" 201 - "PUT http://172.18.0.2:8080/d1/618/AUTH_76a9511b028f439e984de0e9d18049b6/gnocchi.e02f7c6c-c83e-4df8-8b56-7100f8fa712b/1763640000.0_mean_300.0_v3" "txb2d66a4e2cdc4b358e6d9-00692d7ac3" "object-server 24" 0.0009 "-" 19 0
Dec 1 11:23:47 standalone object-server[136085]: 172.20.0.100 - - [01/Dec/2025:11:23:47 +0000] "PUT /d1/618/AUTH_76a9511b028f439e984de0e9d18049b6/gnocchi.e02f7c6c-c83e-4df8-8b56-7100f8fa712b/1763640000.0_mean_300.0_v3" 201 - "PUT http://172.18.0.2:8080/v1/AUTH_76a9511b028f439e984de0e9d18049b6/gnocchi.e02f7c6c-c83e-4df8-8b56-7100f8fa712b/1763640000.0_mean_300.0_v3" "txb2d66a4e2cdc4b358e6d9-00692d7ac3" "proxy-server 20" 0.0109 "-" 24 0
Dec 1 11:23:47 standalone proxy-server[138016]: 172.18.0.2 172.18.0.100 01/Dec/2025/11/23/47 PUT /v1/AUTH_76a9511b028f439e984de0e9d18049b6/gnocchi.e02f7c6c-c83e-4df8-8b56-7100f8fa712b/1763640000.0_mean_300.0_v3 HTTP/1.0 201 - python-swiftclient-3.11.1 gAAAAABpLXpNhVq7... 16 - - txb2d66a4e2cdc4b358e6d9-00692d7ac3 - 0.0159 - - 1764588227.320008516 1764588227.335876465 0
Dec 1 11:23:47 standalone container-server[135776]: 172.20.0.100 - - [01/Dec/2025:11:23:47 +0000] "PUT /d1/542/AUTH_76a9511b028f439e984de0e9d18049b6/gnocchi.e02f7c6c-c83e-4df8-8b56-7100f8fa712b/none_v3" 201 - "PUT http://172.18.0.2:8080/d1/810/AUTH_76a9511b028f439e984de0e9d18049b6/gnocchi.e02f7c6c-c83e-4df8-8b56-7100f8fa712b/none_v3" "txd04585471264489e95fb5-00692d7ac3" "object-server 22" 0.0009 "-" 22 0
Dec 1 11:23:47 standalone object-server[136083]: 172.20.0.100 - - [01/Dec/2025:11:23:47 +0000] "PUT /d1/810/AUTH_76a9511b028f439e984de0e9d18049b6/gnocchi.e02f7c6c-c83e-4df8-8b56-7100f8fa712b/none_v3" 201 - "PUT http://172.18.0.2:8080/v1/AUTH_76a9511b028f439e984de0e9d18049b6/gnocchi.e02f7c6c-c83e-4df8-8b56-7100f8fa712b/none_v3" "txd04585471264489e95fb5-00692d7ac3" "proxy-server 20" 0.0612 "-" 22 0
Dec 1 11:23:47 standalone proxy-server[138016]: 172.18.0.2 172.18.0.100 01/Dec/2025/11/23/47 PUT /v1/AUTH_76a9511b028f439e984de0e9d18049b6/gnocchi.e02f7c6c-c83e-4df8-8b56-7100f8fa712b/none_v3 HTTP/1.0 201 - python-swiftclient-3.11.1 gAAAAABpLXpNhVq7... 22 - - txd04585471264489e95fb5-00692d7ac3 - 0.0679 - - 1764588227.338272333 1764588227.406126499 0
Dec 1 11:23:47 standalone object-server[136084]: 172.20.0.100 - - [01/Dec/2025:11:23:47 +0000] "GET /d1/810/AUTH_76a9511b028f439e984de0e9d18049b6/gnocchi.e02f7c6c-c83e-4df8-8b56-7100f8fa712b/none_v3" 200 22 "GET http://172.18.0.2:8080/v1/AUTH_76a9511b028f439e984de0e9d18049b6/gnocchi.e02f7c6c-c83e-4df8-8b56-7100f8fa712b/none_v3" "tx191a6c767c8d4eaeb4a2c-00692d7ac3" "proxy-server 20" 0.0011 "-" 23 0
Dec 1 11:23:47 standalone proxy-server[138016]: 172.18.0.2 172.18.0.100 01/Dec/2025/11/23/47 GET /v1/AUTH_76a9511b028f439e984de0e9d18049b6/gnocchi.e02f7c6c-c83e-4df8-8b56-7100f8fa712b/none_v3 HTTP/1.0 200 - python-swiftclient-3.11.1 gAAAAABpLXpNhVq7... - 22 - tx191a6c767c8d4eaeb4a2c-00692d7ac3 - 0.0065 - - 1764588227.759662390 1764588227.766180754 0
Dec 1 11:23:47 standalone container-server[135783]: 172.20.0.100 - - [01/Dec/2025:11:23:47 +0000] "GET /d1/542/AUTH_76a9511b028f439e984de0e9d18049b6/gnocchi.e02f7c6c-c83e-4df8-8b56-7100f8fa712b" 200 357 "GET http://172.18.0.2:8080/v1/AUTH_76a9511b028f439e984de0e9d18049b6/gnocchi.e02f7c6c-c83e-4df8-8b56-7100f8fa712b?format=json&states=listing" "txf3a50615b6924e228a098-00692d7ac3" "proxy-server 20" 0.0098 "-" 23 0
Dec 1 11:23:47 standalone proxy-server[138016]: 172.18.0.2 172.18.0.100 01/Dec/2025/11/23/47 GET /v1/AUTH_76a9511b028f439e984de0e9d18049b6/gnocchi.e02f7c6c-c83e-4df8-8b56-7100f8fa712b%3Fformat%3Djson%26states%3Dlisting HTTP/1.0 200 - python-swiftclient-3.11.1 gAAAAABpLXpNhVq7... - 357 - txf3a50615b6924e228a098-00692d7ac3 - 0.0147 - - 1764588227.769080400 1764588227.783734322 0
Dec 1 11:23:47 standalone container-server[135783]: 172.20.0.100 - - [01/Dec/2025:11:23:47 +0000] "GET /d1/542/AUTH_76a9511b028f439e984de0e9d18049b6/gnocchi.e02f7c6c-c83e-4df8-8b56-7100f8fa712b" 200 2 "GET http://172.18.0.2:8080/v1/AUTH_76a9511b028f439e984de0e9d18049b6/gnocchi.e02f7c6c-c83e-4df8-8b56-7100f8fa712b?format=json&marker=none_v3&states=listing" "tx3075e86be0e34d9a97073-00692d7ac3" "proxy-server 20" 0.0015 "-" 23 0
Dec 1 11:23:47 standalone proxy-server[138016]: 172.18.0.2 172.18.0.100 01/Dec/2025/11/23/47 GET /v1/AUTH_76a9511b028f439e984de0e9d18049b6/gnocchi.e02f7c6c-c83e-4df8-8b56-7100f8fa712b%3Fformat%3Djson%26marker%3Dnone_v3%26states%3Dlisting HTTP/1.0 200 - python-swiftclient-3.11.1 gAAAAABpLXpNhVq7... - 2 - tx3075e86be0e34d9a97073-00692d7ac3 - 0.0053 - - 1764588227.785687208 1764588227.790994644 0
Dec 1 11:23:47 standalone object-server[136083]: 172.20.0.100 - - [01/Dec/2025:11:23:47 +0000] "GET /d1/618/AUTH_76a9511b028f439e984de0e9d18049b6/gnocchi.e02f7c6c-c83e-4df8-8b56-7100f8fa712b/1763640000.0_mean_300.0_v3" 200 16 "GET http://172.18.0.2:8080/v1/AUTH_76a9511b028f439e984de0e9d18049b6/gnocchi.e02f7c6c-c83e-4df8-8b56-7100f8fa712b/1763640000.0_mean_300.0_v3" "txfec8eafbc8b041cdba38b-00692d7ac3" "proxy-server 20" 0.0007 "-" 22 0
Dec 1 11:23:47 standalone proxy-server[138016]: 172.18.0.2 172.18.0.100 01/Dec/2025/11/23/47 GET /v1/AUTH_76a9511b028f439e984de0e9d18049b6/gnocchi.e02f7c6c-c83e-4df8-8b56-7100f8fa712b/1763640000.0_mean_300.0_v3 HTTP/1.0 200 - python-swiftclient-3.11.1 gAAAAABpLXpNhVq7... - 16 - txfec8eafbc8b041cdba38b-00692d7ac3 - 0.0046 - - 1764588227.793386936 1764588227.798000574 0
Dec 1 11:23:47 standalone container-server[135758]: 172.20.0.100 - - [01/Dec/2025:11:23:47 +0000] "PUT /d1/542/AUTH_76a9511b028f439e984de0e9d18049b6/gnocchi.e02f7c6c-c83e-4df8-8b56-7100f8fa712b/1763640000.0_mean_300.0_v3" 201 - "PUT http://172.18.0.2:8080/d1/618/AUTH_76a9511b028f439e984de0e9d18049b6/gnocchi.e02f7c6c-c83e-4df8-8b56-7100f8fa712b/1763640000.0_mean_300.0_v3" "tx4030e75f08ac4e86a3fcc-00692d7ac3" "object-server 25" 0.0005 "-" 21 0
Dec 1 11:23:47 standalone object-server[136086]: 172.20.0.100 - - [01/Dec/2025:11:23:47 +0000] "PUT /d1/618/AUTH_76a9511b028f439e984de0e9d18049b6/gnocchi.e02f7c6c-c83e-4df8-8b56-7100f8fa712b/1763640000.0_mean_300.0_v3" 201 - "PUT http://172.18.0.2:8080/v1/AUTH_76a9511b028f439e984de0e9d18049b6/gnocchi.e02f7c6c-c83e-4df8-8b56-7100f8fa712b/1763640000.0_mean_300.0_v3" "tx4030e75f08ac4e86a3fcc-00692d7ac3" "proxy-server 20" 0.0087 "-" 25 0
Dec 1 11:23:47 standalone proxy-server[138016]: 172.18.0.2 172.18.0.100 01/Dec/2025/11/23/47 PUT /v1/AUTH_76a9511b028f439e984de0e9d18049b6/gnocchi.e02f7c6c-c83e-4df8-8b56-7100f8fa712b/1763640000.0_mean_300.0_v3 HTTP/1.0 201 - python-swiftclient-3.11.1 gAAAAABpLXpNhVq7... 16 - - tx4030e75f08ac4e86a3fcc-00692d7ac3 - 0.0126 - - 1764588227.800118446 1764588227.812698841 0
Dec 1 11:23:47 standalone container-server[135776]: 172.20.0.100 - - [01/Dec/2025:11:23:47 +0000] "PUT /d1/542/AUTH_76a9511b028f439e984de0e9d18049b6/gnocchi.e02f7c6c-c83e-4df8-8b56-7100f8fa712b/none_v3" 201 - "PUT http://172.18.0.2:8080/d1/810/AUTH_76a9511b028f439e984de0e9d18049b6/gnocchi.e02f7c6c-c83e-4df8-8b56-7100f8fa712b/none_v3" "txeef840cd5fd6414990c38-00692d7ac3" "object-server 24" 0.0006 "-" 22 0
Dec 1 11:23:47 standalone object-server[136085]: 172.20.0.100 - - [01/Dec/2025:11:23:47 +0000] "PUT /d1/810/AUTH_76a9511b028f439e984de0e9d18049b6/gnocchi.e02f7c6c-c83e-4df8-8b56-7100f8fa712b/none_v3" 201 - "PUT http://172.18.0.2:8080/v1/AUTH_76a9511b028f439e984de0e9d18049b6/gnocchi.e02f7c6c-c83e-4df8-8b56-7100f8fa712b/none_v3" "txeef840cd5fd6414990c38-00692d7ac3" "proxy-server 20" 0.0081 "-" 24 0
Dec 1 11:23:47 standalone proxy-server[138016]: 172.18.0.2 172.18.0.100 01/Dec/2025/11/23/47 PUT /v1/AUTH_76a9511b028f439e984de0e9d18049b6/gnocchi.e02f7c6c-c83e-4df8-8b56-7100f8fa712b/none_v3 HTTP/1.0 201 - python-swiftclient-3.11.1 gAAAAABpLXpNhVq7... 31 - - txeef840cd5fd6414990c38-00692d7ac3 - 0.0119 - - 1764588227.814507008 1764588227.826409578 0
Dec 1 11:23:57 standalone account-server[135743]: 172.20.0.100 - - [01/Dec/2025:11:23:57 +0000] "HEAD /d1/701/AUTH_76a9511b028f439e984de0e9d18049b6" 204 - "HEAD http://172.18.0.2:8080/v1/AUTH_76a9511b028f439e984de0e9d18049b6?format=json" "txd950ded7673b45d3b9ca8-00692d7acd" "proxy-server 20" 0.0100 "-" 23 -
Dec 1 11:23:57 standalone proxy-server[138016]: - - 01/Dec/2025/11/23/57 HEAD /v1/AUTH_76a9511b028f439e984de0e9d18049b6%3Fformat%3Djson HTTP/1.0 204 - Swift - - - - txd950ded7673b45d3b9ca8-00692d7acd - 0.0184 RL - 1764588237.630132914 1764588237.648496389 -
Dec 1 11:23:57 standalone object-server[136083]: 172.20.0.100 - - [01/Dec/2025:11:23:57 +0000] "GET /d1/889/AUTH_76a9511b028f439e984de0e9d18049b6/gnocchi.9719a739-628b-418e-b440-741077fcde4a/none_v3" 200 32 "GET http://172.18.0.2:8080/v1/AUTH_76a9511b028f439e984de0e9d18049b6/gnocchi.9719a739-628b-418e-b440-741077fcde4a/none_v3" "txd950ded7673b45d3b9ca8-00692d7acd" "proxy-server 20" 0.0015 "-" 22 0
Dec 1 11:23:57 standalone proxy-server[138016]: 172.18.0.2 172.18.0.100 01/Dec/2025/11/23/57 GET /v1/AUTH_76a9511b028f439e984de0e9d18049b6/gnocchi.9719a739-628b-418e-b440-741077fcde4a/none_v3 HTTP/1.0 200 - python-swiftclient-3.11.1 gAAAAABpLXpNhVq7... - 32 - txd950ded7673b45d3b9ca8-00692d7acd - 0.0320 - - 1764588237.628846884 1764588237.660872221 0
Dec 1 11:23:57 standalone container-server[135758]: 172.20.0.100 - - [01/Dec/2025:11:23:57 +0000] "GET /d1/583/AUTH_76a9511b028f439e984de0e9d18049b6/gnocchi.9719a739-628b-418e-b440-741077fcde4a" 200 357 "GET http://172.18.0.2:8080/v1/AUTH_76a9511b028f439e984de0e9d18049b6/gnocchi.9719a739-628b-418e-b440-741077fcde4a?format=json&states=listing" "tx7c0ab47031db46d6b029b-00692d7acd" "proxy-server 20" 0.0121 "-" 21 0
Dec 1 11:23:57 standalone proxy-server[138016]: 172.18.0.2 172.18.0.100 01/Dec/2025/11/23/57 GET /v1/AUTH_76a9511b028f439e984de0e9d18049b6/gnocchi.9719a739-628b-418e-b440-741077fcde4a%3Fformat%3Djson%26states%3Dlisting HTTP/1.0 200 - python-swiftclient-3.11.1 gAAAAABpLXpNhVq7... - 357 - tx7c0ab47031db46d6b029b-00692d7acd - 0.0227 - - 1764588237.668506861 1764588237.691190004 0
Dec 1 11:23:57 standalone container-server[135783]: 172.20.0.100 - - [01/Dec/2025:11:23:57 +0000] "GET /d1/583/AUTH_76a9511b028f439e984de0e9d18049b6/gnocchi.9719a739-628b-418e-b440-741077fcde4a" 200 2 "GET http://172.18.0.2:8080/v1/AUTH_76a9511b028f439e984de0e9d18049b6/gnocchi.9719a739-628b-418e-b440-741077fcde4a?format=json&marker=none_v3&states=listing" "tx50df3f2cb4d04907b6bc4-00692d7acd" "proxy-server 20" 0.0043 "-" 23 0
Dec 1 11:23:57 standalone proxy-server[138016]: 172.18.0.2 172.18.0.100 01/Dec/2025/11/23/57 GET /v1/AUTH_76a9511b028f439e984de0e9d18049b6/gnocchi.9719a739-628b-418e-b440-741077fcde4a%3Fformat%3Djson%26marker%3Dnone_v3%26states%3Dlisting HTTP/1.0 200 - python-swiftclient-3.11.1 gAAAAABpLXpNhVq7... - 2 - tx50df3f2cb4d04907b6bc4-00692d7acd - 0.0137 - - 1764588237.695855141 1764588237.709547520 0
Dec 1 11:23:57 standalone object-server[136086]: 172.20.0.100 - - [01/Dec/2025:11:23:57 +0000] "GET /d1/212/AUTH_76a9511b028f439e984de0e9d18049b6/gnocchi.9719a739-628b-418e-b440-741077fcde4a/1763640000.0_mean_300.0_v3" 200 16 "GET http://172.18.0.2:8080/v1/AUTH_76a9511b028f439e984de0e9d18049b6/gnocchi.9719a739-628b-418e-b440-741077fcde4a/1763640000.0_mean_300.0_v3" "tx54b679bd0c9045c2b8a1c-00692d7acd" "proxy-server 20" 0.0009 "-" 25 0
Dec 1 11:23:57 standalone proxy-server[138016]: 172.18.0.2 172.18.0.100 01/Dec/2025/11/23/57 GET /v1/AUTH_76a9511b028f439e984de0e9d18049b6/gnocchi.9719a739-628b-418e-b440-741077fcde4a/1763640000.0_mean_300.0_v3 HTTP/1.0 200 - python-swiftclient-3.11.1 gAAAAABpLXpNhVq7... - 16 - tx54b679bd0c9045c2b8a1c-00692d7acd - 0.0085 - - 1764588237.715631723 1764588237.724152327 0
Dec 1 11:23:57 standalone container-server[135758]: 172.20.0.100 - - [01/Dec/2025:11:23:57 +0000] "PUT /d1/583/AUTH_76a9511b028f439e984de0e9d18049b6/gnocchi.9719a739-628b-418e-b440-741077fcde4a/1763640000.0_mean_300.0_v3" 201 - "PUT http://172.18.0.2:8080/d1/212/AUTH_76a9511b028f439e984de0e9d18049b6/gnocchi.9719a739-628b-418e-b440-741077fcde4a/1763640000.0_mean_300.0_v3" "txe355ec346289465da319c-00692d7acd" "object-server 22" 0.0006 "-" 21 0
Dec 1 11:23:57 standalone object-server[136083]: 172.20.0.100 - - [01/Dec/2025:11:23:57 +0000] "PUT /d1/212/AUTH_76a9511b028f439e984de0e9d18049b6/gnocchi.9719a739-628b-418e-b440-741077fcde4a/1763640000.0_mean_300.0_v3" 201 - "PUT http://172.18.0.2:8080/v1/AUTH_76a9511b028f439e984de0e9d18049b6/gnocchi.9719a739-628b-418e-b440-741077fcde4a/1763640000.0_mean_300.0_v3" "txe355ec346289465da319c-00692d7acd" "proxy-server 20" 0.0110 "-" 22 0
Dec 1 11:23:57 standalone proxy-server[138016]: 172.18.0.2 172.18.0.100 01/Dec/2025/11/23/57 PUT /v1/AUTH_76a9511b028f439e984de0e9d18049b6/gnocchi.9719a739-628b-418e-b440-741077fcde4a/1763640000.0_mean_300.0_v3 HTTP/1.0 201 - python-swiftclient-3.11.1 gAAAAABpLXpNhVq7... 16 - - txe355ec346289465da319c-00692d7acd - 0.0211 - - 1764588237.728806257 1764588237.749908924 0
Dec 1 11:23:57 standalone container-server[135758]: 172.20.0.100 - - [01/Dec/2025:11:23:57 +0000] "PUT /d1/583/AUTH_76a9511b028f439e984de0e9d18049b6/gnocchi.9719a739-628b-418e-b440-741077fcde4a/none_v3" 201 - "PUT http://172.18.0.2:8080/d1/889/AUTH_76a9511b028f439e984de0e9d18049b6/gnocchi.9719a739-628b-418e-b440-741077fcde4a/none_v3" "tx73a9f956bc234a53b6c7c-00692d7acd" "object-server 25" 0.0004 "-" 21 0
Dec 1 11:23:57 standalone object-server[136086]: 172.20.0.100 - - [01/Dec/2025:11:23:57 +0000] "PUT /d1/889/AUTH_76a9511b028f439e984de0e9d18049b6/gnocchi.9719a739-628b-418e-b440-741077fcde4a/none_v3" 201 - "PUT http://172.18.0.2:8080/v1/AUTH_76a9511b028f439e984de0e9d18049b6/gnocchi.9719a739-628b-418e-b440-741077fcde4a/none_v3" "tx73a9f956bc234a53b6c7c-00692d7acd" "proxy-server 20" 0.0083 "-" 25 0
Dec 1 11:23:57 standalone proxy-server[138016]: 172.18.0.2 172.18.0.100 01/Dec/2025/11/23/57 PUT /v1/AUTH_76a9511b028f439e984de0e9d18049b6/gnocchi.9719a739-628b-418e-b440-741077fcde4a/none_v3 HTTP/1.0 201 - python-swiftclient-3.11.1 gAAAAABpLXpNhVq7... 46 - - tx73a9f956bc234a53b6c7c-00692d7acd - 0.0151 - - 1764588237.754552603 1764588237.769620180 0
Dec 1 11:23:58 standalone object-server[136083]: 172.20.0.100 - - [01/Dec/2025:11:23:58 +0000] "GET /d1/889/AUTH_76a9511b028f439e984de0e9d18049b6/gnocchi.9719a739-628b-418e-b440-741077fcde4a/none_v3" 200 46 "GET http://172.18.0.2:8080/v1/AUTH_76a9511b028f439e984de0e9d18049b6/gnocchi.9719a739-628b-418e-b440-741077fcde4a/none_v3" "txa04e5c0a71c3454a9edf6-00692d7ace" "proxy-server 20" 0.0012 "-" 22 0
Dec 1 11:23:58 standalone proxy-server[138016]: 172.18.0.2 172.18.0.100 01/Dec/2025/11/23/58 GET /v1/AUTH_76a9511b028f439e984de0e9d18049b6/gnocchi.9719a739-628b-418e-b440-741077fcde4a/none_v3 HTTP/1.0 200 - python-swiftclient-3.11.1 gAAAAABpLXpNhVq7... - 46 - txa04e5c0a71c3454a9edf6-00692d7ace - 0.0104 - - 1764588238.633933783 1764588238.644347906 0
Dec 1 11:23:58 standalone container-server[135756]: 172.20.0.100 - - [01/Dec/2025:11:23:58 +0000] "GET /d1/583/AUTH_76a9511b028f439e984de0e9d18049b6/gnocchi.9719a739-628b-418e-b440-741077fcde4a" 200 357 "GET http://172.18.0.2:8080/v1/AUTH_76a9511b028f439e984de0e9d18049b6/gnocchi.9719a739-628b-418e-b440-741077fcde4a?format=json&states=listing" "tx06fbb962a8ae44b18ce04-00692d7ace" "proxy-server 20" 0.0209 "-" 19 0
Dec 1 11:23:58 standalone proxy-server[138016]: 172.18.0.2 172.18.0.100 01/Dec/2025/11/23/58 GET /v1/AUTH_76a9511b028f439e984de0e9d18049b6/gnocchi.9719a739-628b-418e-b440-741077fcde4a%3Fformat%3Djson%26states%3Dlisting HTTP/1.0 200 - python-swiftclient-3.11.1 gAAAAABpLXpNhVq7... - 357 - tx06fbb962a8ae44b18ce04-00692d7ace - 0.0335 - - 1764588238.650389671 1764588238.683932304 0
Dec 1 11:23:58 standalone container-server[135756]: 172.20.0.100 - - [01/Dec/2025:11:23:58 +0000] "GET /d1/583/AUTH_76a9511b028f439e984de0e9d18049b6/gnocchi.9719a739-628b-418e-b440-741077fcde4a" 200 2 "GET http://172.18.0.2:8080/v1/AUTH_76a9511b028f439e984de0e9d18049b6/gnocchi.9719a739-628b-418e-b440-741077fcde4a?format=json&marker=none_v3&states=listing" "tx5e8e4cbcdcd945f29213a-00692d7ace" "proxy-server 20" 0.0021 "-" 19 0
Dec 1 11:23:58 standalone proxy-server[138016]: 172.18.0.2 172.18.0.100 01/Dec/2025/11/23/58 GET /v1/AUTH_76a9511b028f439e984de0e9d18049b6/gnocchi.9719a739-628b-418e-b440-741077fcde4a%3Fformat%3Djson%26marker%3Dnone_v3%26states%3Dlisting HTTP/1.0 200 - python-swiftclient-3.11.1 gAAAAABpLXpNhVq7... - 2 - tx5e8e4cbcdcd945f29213a-00692d7ace - 0.0108 - - 1764588238.688187838 1764588238.699022055 0
Dec 1 11:23:58 standalone object-server[136084]: 172.20.0.100 - - [01/Dec/2025:11:23:58 +0000] "GET /d1/212/AUTH_76a9511b028f439e984de0e9d18049b6/gnocchi.9719a739-628b-418e-b440-741077fcde4a/1763640000.0_mean_300.0_v3" 200 16 "GET http://172.18.0.2:8080/v1/AUTH_76a9511b028f439e984de0e9d18049b6/gnocchi.9719a739-628b-418e-b440-741077fcde4a/1763640000.0_mean_300.0_v3" "txf99d3711241445c190148-00692d7ace" "proxy-server 20" 0.0007 "-" 23 0
Dec 1 11:23:58 standalone proxy-server[138016]: 172.18.0.2 172.18.0.100 01/Dec/2025/11/23/58 GET /v1/AUTH_76a9511b028f439e984de0e9d18049b6/gnocchi.9719a739-628b-418e-b440-741077fcde4a/1763640000.0_mean_300.0_v3 HTTP/1.0 200 - python-swiftclient-3.11.1 gAAAAABpLXpNhVq7... - 16 - txf99d3711241445c190148-00692d7ace - 0.0082 - - 1764588238.704692364 1764588238.712895393 0
Dec 1 11:23:58 standalone container-server[135776]: 172.20.0.100 - - [01/Dec/2025:11:23:58 +0000] "PUT /d1/583/AUTH_76a9511b028f439e984de0e9d18049b6/gnocchi.9719a739-628b-418e-b440-741077fcde4a/1763640000.0_mean_300.0_v3" 201 - "PUT http://172.18.0.2:8080/d1/212/AUTH_76a9511b028f439e984de0e9d18049b6/gnocchi.9719a739-628b-418e-b440-741077fcde4a/1763640000.0_mean_300.0_v3" "tx750869647ba84caca57b3-00692d7ace" "object-server 24" 0.0010 "-" 22 0
Dec 1 11:23:58 standalone object-server[136085]: 172.20.0.100 - - [01/Dec/2025:11:23:58 +0000] "PUT /d1/212/AUTH_76a9511b028f439e984de0e9d18049b6/gnocchi.9719a739-628b-418e-b440-741077fcde4a/1763640000.0_mean_300.0_v3" 201 - "PUT http://172.18.0.2:8080/v1/AUTH_76a9511b028f439e984de0e9d18049b6/gnocchi.9719a739-628b-418e-b440-741077fcde4a/1763640000.0_mean_300.0_v3" "tx750869647ba84caca57b3-00692d7ace" "proxy-server 20" 0.0142 "-" 24 0
Dec 1 11:23:58 standalone proxy-server[138016]: 172.18.0.2 172.18.0.100 01/Dec/2025/11/23/58 PUT /v1/AUTH_76a9511b028f439e984de0e9d18049b6/gnocchi.9719a739-628b-418e-b440-741077fcde4a/1763640000.0_mean_300.0_v3 HTTP/1.0 201 - python-swiftclient-3.11.1 gAAAAABpLXpNhVq7... 16 - - tx750869647ba84caca57b3-00692d7ace - 0.0231 - - 1764588238.717131376 1764588238.740278006 0
Dec 1 11:23:58 standalone container-server[135776]: 172.20.0.100 - - [01/Dec/2025:11:23:58 +0000] "PUT /d1/583/AUTH_76a9511b028f439e984de0e9d18049b6/gnocchi.9719a739-628b-418e-b440-741077fcde4a/none_v3" 201 - "PUT http://172.18.0.2:8080/d1/889/AUTH_76a9511b028f439e984de0e9d18049b6/gnocchi.9719a739-628b-418e-b440-741077fcde4a/none_v3" "tx476a288bedc041d9a0f5a-00692d7ace" "object-server 25" 0.0014 "-" 22 0
Dec 1 11:23:58 standalone object-server[136086]: 172.20.0.100 - - [01/Dec/2025:11:23:58 +0000] "PUT /d1/889/AUTH_76a9511b028f439e984de0e9d18049b6/gnocchi.9719a739-628b-418e-b440-741077fcde4a/none_v3" 201 - "PUT http://172.18.0.2:8080/v1/AUTH_76a9511b028f439e984de0e9d18049b6/gnocchi.9719a739-628b-418e-b440-741077fcde4a/none_v3" "tx476a288bedc041d9a0f5a-00692d7ace" "proxy-server 20" 0.0131 "-" 25 0
Dec 1 11:23:58 standalone proxy-server[138016]: 172.18.0.2 172.18.0.100 01/Dec/2025/11/23/58 PUT /v1/AUTH_76a9511b028f439e984de0e9d18049b6/gnocchi.9719a739-628b-418e-b440-741077fcde4a/none_v3 HTTP/1.0 201 - python-swiftclient-3.11.1 gAAAAABpLXpNhVq7... 51 - - tx476a288bedc041d9a0f5a-00692d7ace - 0.0243 - - 1764588238.747962475 1764588238.772227287 0
Dec 1 11:23:58 standalone object-server[136083]: 172.20.0.100 - - [01/Dec/2025:11:23:58 +0000] "GET /d1/273/AUTH_76a9511b028f439e984de0e9d18049b6/gnocchi.1cc2ec43-555a-4ad6-92d5-cd63f35c233f/none_v3" 200 22 "GET http://172.18.0.2:8080/v1/AUTH_76a9511b028f439e984de0e9d18049b6/gnocchi.1cc2ec43-555a-4ad6-92d5-cd63f35c233f/none_v3" "tx1f76d595aa6740c6b1b59-00692d7ace" "proxy-server 20" 0.0014 "-" 22 0
Dec 1 11:23:58 standalone proxy-server[138016]: 172.18.0.2 172.18.0.100 01/Dec/2025/11/23/58 GET /v1/AUTH_76a9511b028f439e984de0e9d18049b6/gnocchi.1cc2ec43-555a-4ad6-92d5-cd63f35c233f/none_v3 HTTP/1.0 200 - python-swiftclient-3.11.1 gAAAAABpLXpNhVq7... - 22 - tx1f76d595aa6740c6b1b59-00692d7ace - 0.0102 - - 1764588238.794620514 1764588238.804801941 0
Dec 1 11:23:58 standalone container-server[135783]: 172.20.0.100 - - [01/Dec/2025:11:23:58 +0000] "GET /d1/768/AUTH_76a9511b028f439e984de0e9d18049b6/gnocchi.1cc2ec43-555a-4ad6-92d5-cd63f35c233f" 200 357 "GET http://172.18.0.2:8080/v1/AUTH_76a9511b028f439e984de0e9d18049b6/gnocchi.1cc2ec43-555a-4ad6-92d5-cd63f35c233f?format=json&states=listing" "tx8280f9727f46404d90b04-00692d7ace" "proxy-server 20" 0.0097 "-" 23 0
Dec 1 11:23:58 standalone proxy-server[138016]: 172.18.0.2 172.18.0.100 01/Dec/2025/11/23/58 GET /v1/AUTH_76a9511b028f439e984de0e9d18049b6/gnocchi.1cc2ec43-555a-4ad6-92d5-cd63f35c233f%3Fformat%3Djson%26states%3Dlisting HTTP/1.0 200 - python-swiftclient-3.11.1 gAAAAABpLXpNhVq7... - 357 - tx8280f9727f46404d90b04-00692d7ace - 0.0169 - - 1764588238.809532642 1764588238.826448679 0
Dec 1 11:23:58 standalone container-server[135776]: 172.20.0.100 - - [01/Dec/2025:11:23:58 +0000] "GET /d1/768/AUTH_76a9511b028f439e984de0e9d18049b6/gnocchi.1cc2ec43-555a-4ad6-92d5-cd63f35c233f" 200 2 "GET http://172.18.0.2:8080/v1/AUTH_76a9511b028f439e984de0e9d18049b6/gnocchi.1cc2ec43-555a-4ad6-92d5-cd63f35c233f?format=json&marker=none_v3&states=listing" "txd36df7bf8cc642ec90e1a-00692d7ace" "proxy-server 20" 0.0038 "-" 22 0
Dec 1 11:23:58 standalone proxy-server[138016]: 172.18.0.2 172.18.0.100 01/Dec/2025/11/23/58 GET /v1/AUTH_76a9511b028f439e984de0e9d18049b6/gnocchi.1cc2ec43-555a-4ad6-92d5-cd63f35c233f%3Fformat%3Djson%26marker%3Dnone_v3%26states%3Dlisting HTTP/1.0 200 - python-swiftclient-3.11.1 gAAAAABpLXpNhVq7... - 2 - txd36df7bf8cc642ec90e1a-00692d7ace - 0.0112 - - 1764588238.829918146 1764588238.841070890 0
Dec 1 11:23:58 standalone object-server[136083]: 172.20.0.100 - - [01/Dec/2025:11:23:58 +0000] "GET /d1/26/AUTH_76a9511b028f439e984de0e9d18049b6/gnocchi.1cc2ec43-555a-4ad6-92d5-cd63f35c233f/1763640000.0_mean_300.0_v3" 200 16 "GET http://172.18.0.2:8080/v1/AUTH_76a9511b028f439e984de0e9d18049b6/gnocchi.1cc2ec43-555a-4ad6-92d5-cd63f35c233f/1763640000.0_mean_300.0_v3" "tx8a95fd9c01ba46e1aa1cd-00692d7ace" "proxy-server 20" 0.0014 "-" 22 0
Dec 1 11:23:58 standalone proxy-server[138016]: 172.18.0.2 172.18.0.100 01/Dec/2025/11/23/58 GET /v1/AUTH_76a9511b028f439e984de0e9d18049b6/gnocchi.1cc2ec43-555a-4ad6-92d5-cd63f35c233f/1763640000.0_mean_300.0_v3 HTTP/1.0 200 - python-swiftclient-3.11.1 gAAAAABpLXpNhVq7... - 16 - tx8a95fd9c01ba46e1aa1cd-00692d7ace - 0.0087 - - 1764588238.846054316 1764588238.854795694 0
Dec 1 11:23:58 standalone container-server[135756]: 172.20.0.100 - - [01/Dec/2025:11:23:58 +0000] "PUT /d1/768/AUTH_76a9511b028f439e984de0e9d18049b6/gnocchi.1cc2ec43-555a-4ad6-92d5-cd63f35c233f/1763640000.0_mean_300.0_v3" 201 - "PUT http://172.18.0.2:8080/d1/26/AUTH_76a9511b028f439e984de0e9d18049b6/gnocchi.1cc2ec43-555a-4ad6-92d5-cd63f35c233f/1763640000.0_mean_300.0_v3" "txcd364d7ed66843dc8a283-00692d7ace" "object-server 23" 0.0011 "-" 19 0
Dec 1 11:23:58 standalone object-server[136084]: 172.20.0.100 - - [01/Dec/2025:11:23:58 +0000] "PUT /d1/26/AUTH_76a9511b028f439e984de0e9d18049b6/gnocchi.1cc2ec43-555a-4ad6-92d5-cd63f35c233f/1763640000.0_mean_300.0_v3" 201 - "PUT http://172.18.0.2:8080/v1/AUTH_76a9511b028f439e984de0e9d18049b6/gnocchi.1cc2ec43-555a-4ad6-92d5-cd63f35c233f/1763640000.0_mean_300.0_v3" "txcd364d7ed66843dc8a283-00692d7ace" "proxy-server 20" 0.0114 "-" 23 0
Dec 1 11:23:58 standalone proxy-server[138016]: 172.18.0.2 172.18.0.100 01/Dec/2025/11/23/58 PUT /v1/AUTH_76a9511b028f439e984de0e9d18049b6/gnocchi.1cc2ec43-555a-4ad6-92d5-cd63f35c233f/1763640000.0_mean_300.0_v3 HTTP/1.0 201 - python-swiftclient-3.11.1 gAAAAABpLXpNhVq7... 16 - - txcd364d7ed66843dc8a283-00692d7ace - 0.0167 - - 1764588238.858602285 1764588238.875252962 0
Dec 1 11:23:58 standalone container-server[135776]: 172.20.0.100 - - [01/Dec/2025:11:23:58 +0000] "PUT /d1/768/AUTH_76a9511b028f439e984de0e9d18049b6/gnocchi.1cc2ec43-555a-4ad6-92d5-cd63f35c233f/none_v3" 201 - "PUT http://172.18.0.2:8080/d1/273/AUTH_76a9511b028f439e984de0e9d18049b6/gnocchi.1cc2ec43-555a-4ad6-92d5-cd63f35c233f/none_v3" "txcd576a56bf2f4f9d96433-00692d7ace" "object-server 23" 0.0010 "-" 22 0
Dec 1 11:23:58 standalone object-server[136084]: 172.20.0.100 - - [01/Dec/2025:11:23:58 +0000] "PUT /d1/273/AUTH_76a9511b028f439e984de0e9d18049b6/gnocchi.1cc2ec43-555a-4ad6-92d5-cd63f35c233f/none_v3" 201 - "PUT http://172.18.0.2:8080/v1/AUTH_76a9511b028f439e984de0e9d18049b6/gnocchi.1cc2ec43-555a-4ad6-92d5-cd63f35c233f/none_v3" "txcd576a56bf2f4f9d96433-00692d7ace" "proxy-server 20" 0.0106 "-" 23 0
Dec 1 11:23:58 standalone proxy-server[138016]: 172.18.0.2 172.18.0.100 01/Dec/2025/11/23/58 PUT /v1/AUTH_76a9511b028f439e984de0e9d18049b6/gnocchi.1cc2ec43-555a-4ad6-92d5-cd63f35c233f/none_v3 HTTP/1.0 201 - python-swiftclient-3.11.1 gAAAAABpLXpNhVq7... 32 - - txcd576a56bf2f4f9d96433-00692d7ace - 0.0150 - - 1764588238.878615379 1764588238.893662930 0
Dec 1 11:23:58 standalone object-server[136083]: 172.20.0.100 - - [01/Dec/2025:11:23:58 +0000] "GET /d1/228/AUTH_76a9511b028f439e984de0e9d18049b6/gnocchi.4da72721-52bd-49a1-b471-8028787f5e47/none_v3" 200 22 "GET http://172.18.0.2:8080/v1/AUTH_76a9511b028f439e984de0e9d18049b6/gnocchi.4da72721-52bd-49a1-b471-8028787f5e47/none_v3" "tx1633152536d74d14855dc-00692d7ace" "proxy-server 20" 0.0013 "-" 22 0
Dec 1 11:23:58 standalone proxy-server[138016]: 172.18.0.2 172.18.0.100 01/Dec/2025/11/23/58 GET /v1/AUTH_76a9511b028f439e984de0e9d18049b6/gnocchi.4da72721-52bd-49a1-b471-8028787f5e47/none_v3 HTTP/1.0 200 - python-swiftclient-3.11.1 gAAAAABpLXpNhVq7... - 22 - tx1633152536d74d14855dc-00692d7ace - 0.0163 - - 1764588238.908478498 1764588238.924778461 0
Dec 1 11:23:58 standalone container-server[135783]: 172.20.0.100 - - [01/Dec/2025:11:23:58 +0000] "GET /d1/172/AUTH_76a9511b028f439e984de0e9d18049b6/gnocchi.4da72721-52bd-49a1-b471-8028787f5e47" 200 357 "GET http://172.18.0.2:8080/v1/AUTH_76a9511b028f439e984de0e9d18049b6/gnocchi.4da72721-52bd-49a1-b471-8028787f5e47?format=json&states=listing" "txf795e8e1726c4b378c3c0-00692d7ace" "proxy-server 20" 0.0107 "-" 23 0
Dec 1 11:23:58 standalone proxy-server[138016]: 172.18.0.2 172.18.0.100 01/Dec/2025/11/23/58 GET /v1/AUTH_76a9511b028f439e984de0e9d18049b6/gnocchi.4da72721-52bd-49a1-b471-8028787f5e47%3Fformat%3Djson%26states%3Dlisting HTTP/1.0 200 - python-swiftclient-3.11.1 gAAAAABpLXpNhVq7... - 357 - txf795e8e1726c4b378c3c0-00692d7ace - 0.0218 - - 1764588238.930118084 1764588238.951897621 0
Dec 1 11:23:58 standalone container-server[135758]: 172.20.0.100 - - [01/Dec/2025:11:23:58 +0000] "GET /d1/172/AUTH_76a9511b028f439e984de0e9d18049b6/gnocchi.4da72721-52bd-49a1-b471-8028787f5e47" 200 2 "GET http://172.18.0.2:8080/v1/AUTH_76a9511b028f439e984de0e9d18049b6/gnocchi.4da72721-52bd-49a1-b471-8028787f5e47?format=json&marker=none_v3&states=listing" "tx25d103db6e904258a1d45-00692d7ace" "proxy-server 20" 0.0038 "-" 21 0
Dec 1 11:23:58 standalone proxy-server[138016]: 172.18.0.2 172.18.0.100 01/Dec/2025/11/23/58 GET /v1/AUTH_76a9511b028f439e984de0e9d18049b6/gnocchi.4da72721-52bd-49a1-b471-8028787f5e47%3Fformat%3Djson%26marker%3Dnone_v3%26states%3Dlisting HTTP/1.0 200 - python-swiftclient-3.11.1 gAAAAABpLXpNhVq7... - 2 - tx25d103db6e904258a1d45-00692d7ace - 0.0160 - - 1764588238.958860874 1764588238.974909544 0
Dec 1 11:23:58 standalone object-server[136086]: 172.20.0.100 - - [01/Dec/2025:11:23:58 +0000] "GET /d1/751/AUTH_76a9511b028f439e984de0e9d18049b6/gnocchi.4da72721-52bd-49a1-b471-8028787f5e47/1763640000.0_mean_300.0_v3" 200 16 "GET http://172.18.0.2:8080/v1/AUTH_76a9511b028f439e984de0e9d18049b6/gnocchi.4da72721-52bd-49a1-b471-8028787f5e47/1763640000.0_mean_300.0_v3" "tx4a5fb6e1b0a64059a1ef0-00692d7ace" "proxy-server 20" 0.0019 "-" 25 0
Dec 1 11:23:58 standalone proxy-server[138016]: 172.18.0.2 172.18.0.100 01/Dec/2025/11/23/58 GET /v1/AUTH_76a9511b028f439e984de0e9d18049b6/gnocchi.4da72721-52bd-49a1-b471-8028787f5e47/1763640000.0_mean_300.0_v3 HTTP/1.0 200 - python-swiftclient-3.11.1 gAAAAABpLXpNhVq7... - 16 - tx4a5fb6e1b0a64059a1ef0-00692d7ace - 0.0114 - - 1764588238.982891560 1764588238.994243145 0
Dec 1 11:23:59 standalone container-server[135783]: 172.20.0.100 - - [01/Dec/2025:11:23:59 +0000] "PUT /d1/172/AUTH_76a9511b028f439e984de0e9d18049b6/gnocchi.4da72721-52bd-49a1-b471-8028787f5e47/1763640000.0_mean_300.0_v3" 201 - "PUT http://172.18.0.2:8080/d1/751/AUTH_76a9511b028f439e984de0e9d18049b6/gnocchi.4da72721-52bd-49a1-b471-8028787f5e47/1763640000.0_mean_300.0_v3" "txa6d9d1944b27416a8356a-00692d7ace" "object-server 25" 0.0010 "-" 23 0
Dec 1 11:23:59 standalone object-server[136086]: 172.20.0.100 - - [01/Dec/2025:11:23:59 +0000] "PUT /d1/751/AUTH_76a9511b028f439e984de0e9d18049b6/gnocchi.4da72721-52bd-49a1-b471-8028787f5e47/1763640000.0_mean_300.0_v3" 201 - "PUT http://172.18.0.2:8080/v1/AUTH_76a9511b028f439e984de0e9d18049b6/gnocchi.4da72721-52bd-49a1-b471-8028787f5e47/1763640000.0_mean_300.0_v3" "txa6d9d1944b27416a8356a-00692d7ace" "proxy-server 20" 0.0119 "-" 25 0
Dec 1 11:23:59 standalone proxy-server[138016]: 172.18.0.2 172.18.0.100 01/Dec/2025/11/23/59 PUT /v1/AUTH_76a9511b028f439e984de0e9d18049b6/gnocchi.4da72721-52bd-49a1-b471-8028787f5e47/1763640000.0_mean_300.0_v3 HTTP/1.0 201 - python-swiftclient-3.11.1 gAAAAABpLXpNhVq7... 16 - - txa6d9d1944b27416a8356a-00692d7ace - 0.0200 - - 1764588238.998635292 1764588239.018631697 0
Dec 1 11:23:59 standalone container-server[135756]: 172.20.0.100 - - [01/Dec/2025:11:23:59 +0000] "PUT /d1/172/AUTH_76a9511b028f439e984de0e9d18049b6/gnocchi.4da72721-52bd-49a1-b471-8028787f5e47/none_v3" 201 - "PUT http://172.18.0.2:8080/d1/228/AUTH_76a9511b028f439e984de0e9d18049b6/gnocchi.4da72721-52bd-49a1-b471-8028787f5e47/none_v3" "tx2417470d018b47b9b2644-00692d7acf" "object-server 23" 0.0010 "-" 19 0
Dec 1 11:23:59 standalone object-server[136084]: 172.20.0.100 - - [01/Dec/2025:11:23:59 +0000] "PUT /d1/228/AUTH_76a9511b028f439e984de0e9d18049b6/gnocchi.4da72721-52bd-49a1-b471-8028787f5e47/none_v3" 201 - "PUT http://172.18.0.2:8080/v1/AUTH_76a9511b028f439e984de0e9d18049b6/gnocchi.4da72721-52bd-49a1-b471-8028787f5e47/none_v3" "tx2417470d018b47b9b2644-00692d7acf" "proxy-server 20" 0.0136 "-" 23 0
Dec 1 11:23:59 standalone proxy-server[138016]: 172.18.0.2 172.18.0.100 01/Dec/2025/11/23/59 PUT /v1/AUTH_76a9511b028f439e984de0e9d18049b6/gnocchi.4da72721-52bd-49a1-b471-8028787f5e47/none_v3 HTTP/1.0 201 - python-swiftclient-3.11.1 gAAAAABpLXpNhVq7... 32 - - tx2417470d018b47b9b2644-00692d7acf - 0.0236 - - 1764588239.022881031 1764588239.046523809 0
Dec 1 11:23:59 standalone object-server[136084]: 172.20.0.100 - - [01/Dec/2025:11:23:59 +0000] "GET /d1/40/AUTH_76a9511b028f439e984de0e9d18049b6/gnocchi.8f811b2d-ee97-4304-8e90-d8fee4e8eac9/none_v3" 200 22 "GET http://172.18.0.2:8080/v1/AUTH_76a9511b028f439e984de0e9d18049b6/gnocchi.8f811b2d-ee97-4304-8e90-d8fee4e8eac9/none_v3" "tx0497bcb14ed04b5bbca56-00692d7acf" "proxy-server 20" 0.0013 "-" 23 0
Dec 1 11:23:59 standalone proxy-server[138016]: 172.18.0.2 172.18.0.100 01/Dec/2025/11/23/59 GET /v1/AUTH_76a9511b028f439e984de0e9d18049b6/gnocchi.8f811b2d-ee97-4304-8e90-d8fee4e8eac9/none_v3 HTTP/1.0 200 - python-swiftclient-3.11.1 gAAAAABpLXpNhVq7... - 22 - tx0497bcb14ed04b5bbca56-00692d7acf - 0.0123 - - 1764588239.063159466 1764588239.075424671 0
Dec 1 11:23:59 standalone container-server[135776]: 172.20.0.100 - - [01/Dec/2025:11:23:59 +0000] "GET /d1/225/AUTH_76a9511b028f439e984de0e9d18049b6/gnocchi.8f811b2d-ee97-4304-8e90-d8fee4e8eac9" 200 357 "GET http://172.18.0.2:8080/v1/AUTH_76a9511b028f439e984de0e9d18049b6/gnocchi.8f811b2d-ee97-4304-8e90-d8fee4e8eac9?format=json&states=listing" "txf443dc985f8840719fa42-00692d7acf" "proxy-server 20" 0.0104 "-" 22 0
Dec 1 11:23:59 standalone proxy-server[138016]: 172.18.0.2 172.18.0.100 01/Dec/2025/11/23/59 GET /v1/AUTH_76a9511b028f439e984de0e9d18049b6/gnocchi.8f811b2d-ee97-4304-8e90-d8fee4e8eac9%3Fformat%3Djson%26states%3Dlisting HTTP/1.0 200 - python-swiftclient-3.11.1 gAAAAABpLXpNhVq7... - 357 - txf443dc985f8840719fa42-00692d7acf - 0.0217 - - 1764588239.081835985 1764588239.103536606 0
Dec 1 11:23:59 standalone container-server[135756]: 172.20.0.100 - - [01/Dec/2025:11:23:59 +0000] "GET /d1/225/AUTH_76a9511b028f439e984de0e9d18049b6/gnocchi.8f811b2d-ee97-4304-8e90-d8fee4e8eac9" 200 2 "GET http://172.18.0.2:8080/v1/AUTH_76a9511b028f439e984de0e9d18049b6/gnocchi.8f811b2d-ee97-4304-8e90-d8fee4e8eac9?format=json&marker=none_v3&states=listing" "tx5f310dfdf409443b851fc-00692d7acf" "proxy-server 20" 0.0047 "-" 19 0
Dec 1 11:23:59 standalone proxy-server[138016]: 172.18.0.2 172.18.0.100 01/Dec/2025/11/23/59 GET /v1/AUTH_76a9511b028f439e984de0e9d18049b6/gnocchi.8f811b2d-ee97-4304-8e90-d8fee4e8eac9%3Fformat%3Djson%26marker%3Dnone_v3%26states%3Dlisting HTTP/1.0 200 - python-swiftclient-3.11.1 gAAAAABpLXpNhVq7... - 2 - tx5f310dfdf409443b851fc-00692d7acf - 0.0145 - - 1764588239.107774496 1764588239.122320890 0
Dec 1 11:23:59 standalone object-server[136083]: 172.20.0.100 - - [01/Dec/2025:11:23:59 +0000] "GET /d1/970/AUTH_76a9511b028f439e984de0e9d18049b6/gnocchi.8f811b2d-ee97-4304-8e90-d8fee4e8eac9/1763640000.0_mean_300.0_v3" 200 16 "GET http://172.18.0.2:8080/v1/AUTH_76a9511b028f439e984de0e9d18049b6/gnocchi.8f811b2d-ee97-4304-8e90-d8fee4e8eac9/1763640000.0_mean_300.0_v3" "tx116a13520fdc4bc88ed7c-00692d7acf" "proxy-server 20" 0.0012 "-" 22 0
Dec 1 11:23:59 standalone proxy-server[138016]: 172.18.0.2 172.18.0.100 01/Dec/2025/11/23/59 GET /v1/AUTH_76a9511b028f439e984de0e9d18049b6/gnocchi.8f811b2d-ee97-4304-8e90-d8fee4e8eac9/1763640000.0_mean_300.0_v3 HTTP/1.0 200 - python-swiftclient-3.11.1 gAAAAABpLXpNhVq7... - 16 - tx116a13520fdc4bc88ed7c-00692d7acf - 0.0107 - - 1764588239.130582809 1764588239.141275883 0
Dec 1 11:23:59 standalone container-server[135756]: 172.20.0.100 - - [01/Dec/2025:11:23:59 +0000] "PUT /d1/225/AUTH_76a9511b028f439e984de0e9d18049b6/gnocchi.8f811b2d-ee97-4304-8e90-d8fee4e8eac9/1763640000.0_mean_300.0_v3" 201 - "PUT http://172.18.0.2:8080/d1/970/AUTH_76a9511b028f439e984de0e9d18049b6/gnocchi.8f811b2d-ee97-4304-8e90-d8fee4e8eac9/1763640000.0_mean_300.0_v3" "tx71f8a911223e414c90945-00692d7acf" "object-server 25" 0.0009 "-" 19 0
Dec 1 11:23:59 standalone object-server[136086]: 172.20.0.100 - - [01/Dec/2025:11:23:59 +0000] "PUT /d1/970/AUTH_76a9511b028f439e984de0e9d18049b6/gnocchi.8f811b2d-ee97-4304-8e90-d8fee4e8eac9/1763640000.0_mean_300.0_v3" 201 - "PUT http://172.18.0.2:8080/v1/AUTH_76a9511b028f439e984de0e9d18049b6/gnocchi.8f811b2d-ee97-4304-8e90-d8fee4e8eac9/1763640000.0_mean_300.0_v3" "tx71f8a911223e414c90945-00692d7acf" "proxy-server 20" 0.0127 "-" 25 0
Dec 1 11:23:59 standalone proxy-server[138016]: 172.18.0.2 172.18.0.100 01/Dec/2025/11/23/59 PUT /v1/AUTH_76a9511b028f439e984de0e9d18049b6/gnocchi.8f811b2d-ee97-4304-8e90-d8fee4e8eac9/1763640000.0_mean_300.0_v3 HTTP/1.0 201 - python-swiftclient-3.11.1 gAAAAABpLXpNhVq7... 16 - - tx71f8a911223e414c90945-00692d7acf - 0.0241 - - 1764588239.147617102 1764588239.171667814 0
Dec 1 11:23:59 standalone container-server[135783]: 172.20.0.100 - - [01/Dec/2025:11:23:59 +0000] "PUT /d1/225/AUTH_76a9511b028f439e984de0e9d18049b6/gnocchi.8f811b2d-ee97-4304-8e90-d8fee4e8eac9/none_v3" 201 - "PUT http://172.18.0.2:8080/d1/40/AUTH_76a9511b028f439e984de0e9d18049b6/gnocchi.8f811b2d-ee97-4304-8e90-d8fee4e8eac9/none_v3" "tx216e3ad53df64097a174d-00692d7acf" "object-server 25" 0.0008 "-" 23 0
Dec 1 11:23:59 standalone object-server[136086]: 172.20.0.100 - - [01/Dec/2025:11:23:59 +0000] "PUT /d1/40/AUTH_76a9511b028f439e984de0e9d18049b6/gnocchi.8f811b2d-ee97-4304-8e90-d8fee4e8eac9/none_v3" 201 - "PUT http://172.18.0.2:8080/v1/AUTH_76a9511b028f439e984de0e9d18049b6/gnocchi.8f811b2d-ee97-4304-8e90-d8fee4e8eac9/none_v3" "tx216e3ad53df64097a174d-00692d7acf" "proxy-server 20" 0.0148 "-" 25 0
Dec 1 11:23:59 standalone proxy-server[138016]: 172.18.0.2 172.18.0.100 01/Dec/2025/11/23/59 PUT /v1/AUTH_76a9511b028f439e984de0e9d18049b6/gnocchi.8f811b2d-ee97-4304-8e90-d8fee4e8eac9/none_v3 HTTP/1.0 201 - python-swiftclient-3.11.1 gAAAAABpLXpNhVq7... 32 - - tx216e3ad53df64097a174d-00692d7acf - 0.0238 - - 1764588239.176362514 1764588239.200148582 0
Dec 1 11:23:59 standalone object-server[136086]: 172.20.0.100 - - [01/Dec/2025:11:23:59 +0000] "GET /d1/113/AUTH_76a9511b028f439e984de0e9d18049b6/gnocchi.6d0f42bd-5642-4a5d-86e9-52d09823e0aa/none_v3" 200 22 "GET http://172.18.0.2:8080/v1/AUTH_76a9511b028f439e984de0e9d18049b6/gnocchi.6d0f42bd-5642-4a5d-86e9-52d09823e0aa/none_v3" "tx1dae8e8fcdbc4041865b9-00692d7acf" "proxy-server 20" 0.0020 "-" 25 0
Dec 1 11:23:59 standalone proxy-server[138016]: 172.18.0.2 172.18.0.100 01/Dec/2025/11/23/59 GET /v1/AUTH_76a9511b028f439e984de0e9d18049b6/gnocchi.6d0f42bd-5642-4a5d-86e9-52d09823e0aa/none_v3 HTTP/1.0 200 - python-swiftclient-3.11.1 gAAAAABpLXpNhVq7... - 22 - tx1dae8e8fcdbc4041865b9-00692d7acf - 0.0137 - - 1764588239.218857288 1764588239.232509613 0
Dec 1 11:23:59 standalone container-server[135776]: 172.20.0.100 - - [01/Dec/2025:11:23:59 +0000] "GET /d1/447/AUTH_76a9511b028f439e984de0e9d18049b6/gnocchi.6d0f42bd-5642-4a5d-86e9-52d09823e0aa" 200 357 "GET http://172.18.0.2:8080/v1/AUTH_76a9511b028f439e984de0e9d18049b6/gnocchi.6d0f42bd-5642-4a5d-86e9-52d09823e0aa?format=json&states=listing" "tx3ff2be46e5d34cdfb78be-00692d7acf" "proxy-server 20" 0.0107 "-" 22 0
Dec 1 11:23:59 standalone proxy-server[138016]: 172.18.0.2 172.18.0.100 01/Dec/2025/11/23/59 GET /v1/AUTH_76a9511b028f439e984de0e9d18049b6/gnocchi.6d0f42bd-5642-4a5d-86e9-52d09823e0aa%3Fformat%3Djson%26states%3Dlisting HTTP/1.0 200 - python-swiftclient-3.11.1 gAAAAABpLXpNhVq7... - 357 - tx3ff2be46e5d34cdfb78be-00692d7acf - 0.0207 - - 1764588239.239582539 1764588239.260282516 0
Dec 1 11:23:59 standalone container-server[135783]: 172.20.0.100 - - [01/Dec/2025:11:23:59 +0000] "GET /d1/447/AUTH_76a9511b028f439e984de0e9d18049b6/gnocchi.6d0f42bd-5642-4a5d-86e9-52d09823e0aa" 200 2 "GET http://172.18.0.2:8080/v1/AUTH_76a9511b028f439e984de0e9d18049b6/gnocchi.6d0f42bd-5642-4a5d-86e9-52d09823e0aa?format=json&marker=none_v3&states=listing" "tx62bf6a5850c549d1b583b-00692d7acf" "proxy-server 20" 0.0026 "-" 23 0
Dec 1 11:23:59 standalone proxy-server[138016]: 172.18.0.2 172.18.0.100 01/Dec/2025/11/23/59 GET /v1/AUTH_76a9511b028f439e984de0e9d18049b6/gnocchi.6d0f42bd-5642-4a5d-86e9-52d09823e0aa%3Fformat%3Djson%26marker%3Dnone_v3%26states%3Dlisting HTTP/1.0 200 - python-swiftclient-3.11.1 gAAAAABpLXpNhVq7... - 2 - tx62bf6a5850c549d1b583b-00692d7acf - 0.0118 - - 1764588239.264221430 1764588239.276044369 0
Dec 1 11:23:59 standalone object-server[136084]: 172.20.0.100 - - [01/Dec/2025:11:23:59 +0000] "GET /d1/61/AUTH_76a9511b028f439e984de0e9d18049b6/gnocchi.6d0f42bd-5642-4a5d-86e9-52d09823e0aa/1763640000.0_mean_300.0_v3" 200 16 "GET http://172.18.0.2:8080/v1/AUTH_76a9511b028f439e984de0e9d18049b6/gnocchi.6d0f42bd-5642-4a5d-86e9-52d09823e0aa/1763640000.0_mean_300.0_v3" "tx01d9a0bd84f049beb206d-00692d7acf" "proxy-server 20" 0.0014 "-" 23 0
Dec 1 11:23:59 standalone proxy-server[138016]: 172.18.0.2 172.18.0.100 01/Dec/2025/11/23/59 GET /v1/AUTH_76a9511b028f439e984de0e9d18049b6/gnocchi.6d0f42bd-5642-4a5d-86e9-52d09823e0aa/1763640000.0_mean_300.0_v3 HTTP/1.0 200 - python-swiftclient-3.11.1 gAAAAABpLXpNhVq7... - 16 - tx01d9a0bd84f049beb206d-00692d7acf - 0.0109 - - 1764588239.280165434 1764588239.291027308 0
Dec 1 11:23:59 standalone container-server[135776]: 172.20.0.100 - - [01/Dec/2025:11:23:59 +0000] "PUT /d1/447/AUTH_76a9511b028f439e984de0e9d18049b6/gnocchi.6d0f42bd-5642-4a5d-86e9-52d09823e0aa/1763640000.0_mean_300.0_v3" 201 - "PUT http://172.18.0.2:8080/d1/61/AUTH_76a9511b028f439e984de0e9d18049b6/gnocchi.6d0f42bd-5642-4a5d-86e9-52d09823e0aa/1763640000.0_mean_300.0_v3" "tx5f181ab145de4ef88d9d5-00692d7acf" "object-server 25" 0.0009 "-" 22 0
Dec 1 11:23:59 standalone object-server[136086]: 172.20.0.100 - - [01/Dec/2025:11:23:59 +0000] "PUT /d1/61/AUTH_76a9511b028f439e984de0e9d18049b6/gnocchi.6d0f42bd-5642-4a5d-86e9-52d09823e0aa/1763640000.0_mean_300.0_v3" 201 - "PUT http://172.18.0.2:8080/v1/AUTH_76a9511b028f439e984de0e9d18049b6/gnocchi.6d0f42bd-5642-4a5d-86e9-52d09823e0aa/1763640000.0_mean_300.0_v3" "tx5f181ab145de4ef88d9d5-00692d7acf" "proxy-server 20" 0.0155 "-" 25 0
Dec 1 11:23:59 standalone proxy-server[138016]: 172.18.0.2 172.18.0.100 01/Dec/2025/11/23/59 PUT /v1/AUTH_76a9511b028f439e984de0e9d18049b6/gnocchi.6d0f42bd-5642-4a5d-86e9-52d09823e0aa/1763640000.0_mean_300.0_v3 HTTP/1.0 201 - python-swiftclient-3.11.1 gAAAAABpLXpNhVq7... 16 - - tx5f181ab145de4ef88d9d5-00692d7acf - 0.0262 - - 1764588239.296031952 1764588239.322203875 0
Dec 1 11:23:59 standalone container-server[135758]: 172.20.0.100 - - [01/Dec/2025:11:23:59 +0000] "PUT /d1/447/AUTH_76a9511b028f439e984de0e9d18049b6/gnocchi.6d0f42bd-5642-4a5d-86e9-52d09823e0aa/none_v3" 201 - "PUT http://172.18.0.2:8080/d1/113/AUTH_76a9511b028f439e984de0e9d18049b6/gnocchi.6d0f42bd-5642-4a5d-86e9-52d09823e0aa/none_v3" "txc30035549ebb4ab4957b5-00692d7acf" "object-server 25" 0.0010 "-" 21 0
Dec 1 11:23:59 standalone object-server[136086]: 172.20.0.100 - - [01/Dec/2025:11:23:59 +0000] "PUT /d1/113/AUTH_76a9511b028f439e984de0e9d18049b6/gnocchi.6d0f42bd-5642-4a5d-86e9-52d09823e0aa/none_v3" 201 - "PUT http://172.18.0.2:8080/v1/AUTH_76a9511b028f439e984de0e9d18049b6/gnocchi.6d0f42bd-5642-4a5d-86e9-52d09823e0aa/none_v3" "txc30035549ebb4ab4957b5-00692d7acf" "proxy-server 20" 0.0136 "-" 25 0
Dec 1 11:23:59 standalone proxy-server[138016]: 172.18.0.2 172.18.0.100 01/Dec/2025/11/23/59 PUT /v1/AUTH_76a9511b028f439e984de0e9d18049b6/gnocchi.6d0f42bd-5642-4a5d-86e9-52d09823e0aa/none_v3 HTTP/1.0 201 - python-swiftclient-3.11.1 gAAAAABpLXpNhVq7... 32 - - txc30035549ebb4ab4957b5-00692d7acf - 0.0191 - - 1764588239.327785254 1764588239.346859455 0
Dec 1 11:24:02 standalone container-server[135756]: 172.20.0.100 - - [01/Dec/2025:11:24:02 +0000] "HEAD /d1/139/AUTH_76a9511b028f439e984de0e9d18049b6/gnocchi.b20f8792-fb4f-4cf5-95af-b81d25c856ce" 404 - "HEAD http://172.18.0.2:8080/v1/AUTH_76a9511b028f439e984de0e9d18049b6/gnocchi.b20f8792-fb4f-4cf5-95af-b81d25c856ce?format=json&states=listing" "tx6fc4270b558f438e9248e-00692d7ad2" "proxy-server 20" 0.0006 "-" 19 0
Dec 1 11:24:02 standalone object-server[136083]: 172.20.0.100 - - [01/Dec/2025:11:24:02 +0000] "GET /d1/365/AUTH_76a9511b028f439e984de0e9d18049b6/gnocchi.b20f8792-fb4f-4cf5-95af-b81d25c856ce/none_v3" 404 70 "GET http://172.18.0.2:8080/v1/AUTH_76a9511b028f439e984de0e9d18049b6/gnocchi.b20f8792-fb4f-4cf5-95af-b81d25c856ce/none_v3" "tx6fc4270b558f438e9248e-00692d7ad2" "proxy-server 20" 0.0006 "-" 22 0
Dec 1 11:24:02 standalone proxy-server[138016]: 172.18.0.2 172.18.0.100 01/Dec/2025/11/24/02 GET /v1/AUTH_76a9511b028f439e984de0e9d18049b6/gnocchi.b20f8792-fb4f-4cf5-95af-b81d25c856ce/none_v3 HTTP/1.0 404 - python-swiftclient-3.11.1 gAAAAABpLXpNhVq7... - 70 - tx6fc4270b558f438e9248e-00692d7ad2 - 0.0157 - - 1764588242.951339006 1764588242.967008829 0
Dec 1 11:24:02 standalone account-server[135712]: 172.20.0.100 - - [01/Dec/2025:11:24:02 +0000] "PUT /d1/701/AUTH_76a9511b028f439e984de0e9d18049b6/gnocchi.b20f8792-fb4f-4cf5-95af-b81d25c856ce" 201 - "PUT http://172.20.0.100:6001/d1/139/AUTH_76a9511b028f439e984de0e9d18049b6/gnocchi.b20f8792-fb4f-4cf5-95af-b81d25c856ce" "tx63ce0274573e4475a02ed-00692d7ad2" "container-server 21" 0.0018 "-" 19 0
Dec 1 11:24:02 standalone container-server[135758]: 172.20.0.100 - - [01/Dec/2025:11:24:02 +0000] "PUT /d1/139/AUTH_76a9511b028f439e984de0e9d18049b6/gnocchi.b20f8792-fb4f-4cf5-95af-b81d25c856ce" 201 - "PUT http://172.18.0.2:8080/v1/AUTH_76a9511b028f439e984de0e9d18049b6/gnocchi.b20f8792-fb4f-4cf5-95af-b81d25c856ce" "tx63ce0274573e4475a02ed-00692d7ad2" "proxy-server 20" 0.0135 "-" 21 0
Dec 1 11:24:02 standalone proxy-server[138016]: 172.18.0.2 172.18.0.100 01/Dec/2025/11/24/02 PUT /v1/AUTH_76a9511b028f439e984de0e9d18049b6/gnocchi.b20f8792-fb4f-4cf5-95af-b81d25c856ce HTTP/1.0 201 - python-swiftclient-3.11.1 gAAAAABpLXpNhVq7... - - - tx63ce0274573e4475a02ed-00692d7ad2 - 0.0241 - - 1764588242.971419573 1764588242.995519400 0
Dec 1 11:24:03 standalone container-server[135783]: 172.20.0.100 - - [01/Dec/2025:11:24:03 +0000] "HEAD /d1/139/AUTH_76a9511b028f439e984de0e9d18049b6/gnocchi.b20f8792-fb4f-4cf5-95af-b81d25c856ce" 204 - "HEAD http://172.18.0.2:8080/v1/AUTH_76a9511b028f439e984de0e9d18049b6/gnocchi.b20f8792-fb4f-4cf5-95af-b81d25c856ce?format=json&states=listing" "tx500e0d1f32634b7ea9f1a-00692d7ad3" "proxy-server 20" 0.0013 "-" 23 0
Dec 1 11:24:03 standalone proxy-server[138016]: - - 01/Dec/2025/11/24/03 HEAD /v1/AUTH_76a9511b028f439e984de0e9d18049b6/gnocchi.b20f8792-fb4f-4cf5-95af-b81d25c856ce%3Fformat%3Djson%26states%3Dlisting HTTP/1.0 204 - Swift - - - - tx500e0d1f32634b7ea9f1a-00692d7ad3 - 0.0058 RL - 1764588243.001988173 1764588243.007836342 0
Dec 1 11:24:03 standalone container-server[135776]: 172.20.0.100 - - [01/Dec/2025:11:24:03 +0000] "GET /d1/139/AUTH_76a9511b028f439e984de0e9d18049b6/gnocchi.b20f8792-fb4f-4cf5-95af-b81d25c856ce" 200 2 "GET http://172.18.0.2:8080/v1/AUTH_76a9511b028f439e984de0e9d18049b6/gnocchi.b20f8792-fb4f-4cf5-95af-b81d25c856ce?format=json&states=listing" "tx500e0d1f32634b7ea9f1a-00692d7ad3" "proxy-server 20" 0.0018 "-" 22 0
Dec 1 11:24:03 standalone proxy-server[138016]: 172.18.0.2 172.18.0.100 01/Dec/2025/11/24/03 GET /v1/AUTH_76a9511b028f439e984de0e9d18049b6/gnocchi.b20f8792-fb4f-4cf5-95af-b81d25c856ce%3Fformat%3Djson%26states%3Dlisting HTTP/1.0 200 - python-swiftclient-3.11.1 gAAAAABpLXpNhVq7... - 2 - tx500e0d1f32634b7ea9f1a-00692d7ad3 - 0.0184 - - 1764588243.000252485 1764588243.018645287 0
Dec 1 11:24:03 standalone object-server[136086]: 172.20.0.100 - - [01/Dec/2025:11:24:03 +0000] "GET /d1/784/AUTH_76a9511b028f439e984de0e9d18049b6/gnocchi.b20f8792-fb4f-4cf5-95af-b81d25c856ce/1763640000.0_mean_300.0_v3" 404 70 "GET http://172.18.0.2:8080/v1/AUTH_76a9511b028f439e984de0e9d18049b6/gnocchi.b20f8792-fb4f-4cf5-95af-b81d25c856ce/1763640000.0_mean_300.0_v3" "tx0b6b1d706e4944ab8de94-00692d7ad3" "proxy-server 20" 0.0006 "-" 25 0
Dec 1 11:24:03 standalone proxy-server[138016]: 172.18.0.2 172.18.0.100 01/Dec/2025/11/24/03 GET /v1/AUTH_76a9511b028f439e984de0e9d18049b6/gnocchi.b20f8792-fb4f-4cf5-95af-b81d25c856ce/1763640000.0_mean_300.0_v3 HTTP/1.0 404 - python-swiftclient-3.11.1 gAAAAABpLXpNhVq7... - 70 - tx0b6b1d706e4944ab8de94-00692d7ad3 - 0.0111 - - 1764588243.023225546 1764588243.034320831 0
Dec 1 11:24:03 standalone container-server[135776]: 172.20.0.100 - - [01/Dec/2025:11:24:03 +0000] "PUT /d1/139/AUTH_76a9511b028f439e984de0e9d18049b6/gnocchi.b20f8792-fb4f-4cf5-95af-b81d25c856ce/1763640000.0_mean_300.0_v3" 201 - "PUT http://172.18.0.2:8080/d1/784/AUTH_76a9511b028f439e984de0e9d18049b6/gnocchi.b20f8792-fb4f-4cf5-95af-b81d25c856ce/1763640000.0_mean_300.0_v3" "tx7e2070ce3ffb4657ae5dd-00692d7ad3" "object-server 22" 0.0033 "-" 22 0
