Dec 1 11:09:13 standalone account-server[135201]: Starting 2
Dec 1 11:09:14 standalone account-server[135347]: Started child 19 from parent 2
Dec 1 11:09:14 standalone account-server[135347]: Started child 20 from parent 2
Dec 1 11:09:14 standalone account-server[135347]: Started child 22 from parent 2
Dec 1 11:09:14 standalone account-server[135347]: Started child 23 from parent 2
Dec 1 11:09:14 standalone container-server[135362]: Option allow_versions is deprecated. Configure the versioned_writes middleware in the proxy-server instead. This option will be ignored in a future release.
Dec 1 11:09:14 standalone container-server[135756]: Option allow_versions is deprecated. Configure the versioned_writes middleware in the proxy-server instead. This option will be ignored in a future release.
Dec 1 11:09:14 standalone container-server[135362]: Started child 19 from parent 2
Dec 1 11:09:14 standalone container-server[135758]: Option allow_versions is deprecated. Configure the versioned_writes middleware in the proxy-server instead. This option will be ignored in a future release.
Dec 1 11:09:14 standalone container-server[135362]: Started child 21 from parent 2
Dec 1 11:09:14 standalone container-server[135776]: Option allow_versions is deprecated. Configure the versioned_writes middleware in the proxy-server instead. This option will be ignored in a future release.
Dec 1 11:09:14 standalone container-server[135362]: Started child 22 from parent 2
Dec 1 11:09:14 standalone container-server[135783]: Option allow_versions is deprecated. Configure the versioned_writes middleware in the proxy-server instead. This option will be ignored in a future release.
Dec 1 11:09:14 standalone container-server[135362]: Started child 23 from parent 2
Dec 1 11:09:14 standalone container-server[135594]: Starting 2
Dec 1 11:09:15 standalone object-expirer[135747]: Starting 2
Dec 1 11:09:15 standalone object-expirer[135747]: Option auto_create_account_prefix is deprecated. Configure auto_create_account_prefix under the swift-constraints section of swift.conf. This option will be ignored in a future release.
Dec 1 11:09:15 standalone object-server[135921]: Starting 2
Dec 1 11:09:15 standalone object-server[135908]: Started child 22 from parent 2
Dec 1 11:09:15 standalone object-server[135908]: Started child 23 from parent 2
Dec 1 11:09:15 standalone object-server[135908]: Started child 24 from parent 2
Dec 1 11:09:15 standalone object-server[135908]: Started child 25 from parent 2
Dec 1 11:09:21 standalone object-server[135921]: Begin object update sweep
Dec 1 11:09:21 standalone object-server[137607]: Object update sweep starting on /srv/node/d1 (pid: 11)
Dec 1 11:09:21 standalone object-server[137607]: Object update sweep completed on /srv/node/d1 in 0.00s seconds:, 0 successes, 0 failures, 0 quarantines, 0 unlinks, 0 errors, 0 redirects (pid: 11)
Dec 1 11:09:21 standalone object-server[137607]: Object update sweep of d1 completed: 0.00s, 0 successes, 0 failures, 0 quarantines, 0 unlinks, 0 errors, 0 redirects
Dec 1 11:09:21 standalone object-server[135921]: Object update sweep completed: 0.17s
Dec 1 11:09:22 standalone proxy-server[137752]: Starting Keystone auth_token middleware
Dec 1 11:09:22 standalone proxy-server[137752]: AuthToken middleware is set with keystone_authtoken.service_token_roles_required set to False. This is backwards compatible but deprecated behaviour. Please set this to True.
Dec 1 11:09:22 standalone proxy-server[138016]: Starting Keystone auth_token middleware
Dec 1 11:09:22 standalone proxy-server[138016]: STDERR: The option "bind_port" is not known to keystonemiddleware
Dec 1 11:09:22 standalone proxy-server[138016]: STDERR: The option "workers" is not known to keystonemiddleware
Dec 1 11:09:22 standalone proxy-server[138016]: STDERR: The option "user" is not known to keystonemiddleware
Dec 1 11:09:22 standalone proxy-server[138016]: STDERR: The option "bind_ip" is not known to keystonemiddleware
Dec 1 11:09:22 standalone proxy-server[138016]: STDERR: The option "log_name" is not known to keystonemiddleware
Dec 1 11:09:22 standalone proxy-server[138016]: STDERR: The option "log_facility" is not known to keystonemiddleware
Dec 1 11:09:22 standalone proxy-server[138016]: STDERR: The option "log_level" is not known to keystonemiddleware
Dec 1 11:09:22 standalone proxy-server[138016]: STDERR: The option "log_headers" is not known to keystonemiddleware
Dec 1 11:09:22 standalone proxy-server[138016]: STDERR: The option "log_address" is not known to keystonemiddleware
Dec 1 11:09:22 standalone proxy-server[138016]: STDERR: The option "project_name" is not known to keystonemiddleware
Dec 1 11:09:22 standalone proxy-server[138016]: STDERR: The option "username" is not known to keystonemiddleware
Dec 1 11:09:22 standalone proxy-server[138016]: STDERR: The option "password" is not known to keystonemiddleware
Dec 1 11:09:22 standalone proxy-server[138016]: STDERR: The option "auth_url" is not known to keystonemiddleware
Dec 1 11:09:22 standalone proxy-server[138016]: STDERR: The option "signing_dir" is not known to keystonemiddleware
Dec 1 11:09:22 standalone proxy-server[138016]: STDERR: The option "project_domain_id" is not known to keystonemiddleware
Dec 1 11:09:22 standalone proxy-server[138016]: STDERR: The option "user_domain_id" is not known to keystonemiddleware
Dec 1 11:09:22 standalone proxy-server[138016]: STDERR: The option "__name__" is not known to keystonemiddleware
Dec 1 11:09:22 standalone proxy-server[138016]: AuthToken middleware is set with keystone_authtoken.service_token_roles_required set to False. This is backwards compatible but deprecated behaviour. Please set this to True.
Dec 1 11:09:22 standalone proxy-server[137752]: Started child 20 from parent 2
Dec 1 11:09:36 standalone container-server[135594]: Begin container update sweep
Dec 1 11:09:36 standalone container-server[135594]: Container update sweep completed: 0.00s
Dec 1 11:12:12 standalone account-server[135741]: 172.20.0.100 - - [01/Dec/2025:11:12:12 +0000] "HEAD /d1/160/.expiring_objects" 404 - "HEAD http://localhost/v1/.expiring_objects?format=json" "txa1db02494a3c4cad8f1e9-00692d780c" "proxy-server 2" 0.0018 "-" 22 -
Dec 1 11:12:12 standalone object-expirer[135747]: Pass completed in 0s; 0 objects expired (txn: txa1db02494a3c4cad8f1e9-00692d780c)
Dec 1 11:14:21 standalone object-server[135921]: Begin object update sweep
Dec 1 11:14:21 standalone object-server[172911]: Object update sweep starting on /srv/node/d1 (pid: 13)
Dec 1 11:14:21 standalone object-server[172911]: Object update sweep completed on /srv/node/d1 in 0.00s seconds:, 0 successes, 0 failures, 0 quarantines, 0 unlinks, 0 errors, 0 redirects (pid: 13)
Dec 1 11:14:21 standalone object-server[172911]: Object update sweep of d1 completed: 0.00s, 0 successes, 0 failures, 0 quarantines, 0 unlinks, 0 errors, 0 redirects
Dec 1 11:14:21 standalone object-server[135921]: Object update sweep completed: 0.08s
Dec 1 11:14:36 standalone container-server[135594]: Begin container update sweep
Dec 1 11:14:36 standalone container-server[135594]: Container update sweep completed: 0.00s
Dec 1 11:16:56 standalone account-server[135712]: 172.20.0.100 - - [01/Dec/2025:11:16:56 +0000] "HEAD /d1/160/.expiring_objects" 404 - "HEAD http://localhost/v1/.expiring_objects?format=json" "tx2fb376887e2a4723b8efc-00692d7928" "proxy-server 2" 0.0013 "-" 19 -
Dec 1 11:16:56 standalone object-expirer[135747]: Pass completed in 0s; 0 objects expired (txn: tx2fb376887e2a4723b8efc-00692d7928)
Dec 1 11:18:15 standalone account-server[135741]: 172.20.0.100 - - [01/Dec/2025:11:18:15 +0000] "HEAD /d1/160/.expiring_objects" 404 - "HEAD http://localhost/v1/.expiring_objects?format=json" "txe3368bc9db964da480785-00692d7977" "proxy-server 2" 0.0010 "-" 22 -
Dec 1 11:18:15 standalone object-expirer[135747]: Pass completed in 0s; 0 objects expired (txn: txe3368bc9db964da480785-00692d7977)
Dec 1 11:18:38 standalone account-server[135743]: 172.20.0.100 - - [01/Dec/2025:11:18:38 +0000] "HEAD /d1/160/.expiring_objects" 404 - "HEAD http://localhost/v1/.expiring_objects?format=json" "txe5df5562e7374cb786ee4-00692d798e" "proxy-server 2" 0.0011 "-" 23 -
Dec 1 11:18:38 standalone object-expirer[135747]: Pass completed in 0s; 0 objects expired (txn: txe5df5562e7374cb786ee4-00692d798e)
Dec 1 11:19:21 standalone object-server[135921]: Begin object update sweep
Dec 1 11:19:21 standalone object-server[214361]: Object update sweep starting on /srv/node/d1 (pid: 14)
Dec 1 11:19:21 standalone object-server[214361]: Object update sweep completed on /srv/node/d1 in 0.00s seconds:, 0 successes, 0 failures, 0 quarantines, 0 unlinks, 0 errors, 0 redirects (pid: 14)
Dec 1 11:19:21 standalone object-server[214361]: Object update sweep of d1 completed: 0.00s, 0 successes, 0 failures, 0 quarantines, 0 unlinks, 0 errors, 0 redirects
Dec 1 11:19:21 standalone object-server[135921]: Object update sweep completed: 0.08s
Dec 1 11:19:36 standalone container-server[135594]: Begin container update sweep
Dec 1 11:19:36 standalone container-server[135594]: Container update sweep completed: 0.00s
Dec 1 11:21:01 standalone account-server[135712]: 172.20.0.100 - - [01/Dec/2025:11:21:01 +0000] "HEAD /d1/160/.expiring_objects" 404 - "HEAD http://localhost/v1/.expiring_objects?format=json" "tx86c939606f704760a3012-00692d7a1d" "proxy-server 2" 0.0008 "-" 19 -
Dec 1 11:21:01 standalone object-expirer[135747]: Pass completed in 0s; 0 objects expired (txn: tx86c939606f704760a3012-00692d7a1d)
Dec 1 11:21:49 standalone account-server[135741]: 172.20.0.100 - - [01/Dec/2025:11:21:49 +0000] "HEAD /d1/701/AUTH_76a9511b028f439e984de0e9d18049b6" 404 - "HEAD http://172.18.0.2:8080/v1/AUTH_76a9511b028f439e984de0e9d18049b6?format=json" "tx7927b877ae9d4a49bd0e9-00692d7a4d" "proxy-server 20" 0.0009 "-" 22 -
Dec 1 11:21:49 standalone proxy-server[138016]: - - 01/Dec/2025/11/21/49 HEAD /v1/AUTH_76a9511b028f439e984de0e9d18049b6%3Fformat%3Djson HTTP/1.0 200 - Swift - - - - tx7927b877ae9d4a49bd0e9-00692d7a4d - 0.0090 RL - 1764588109.025393963 1764588109.034409523 -
Dec 1 11:21:49 standalone object-server[136085]: 172.20.0.100 - - [01/Dec/2025:11:21:49 +0000] "GET /d1/417/AUTH_76a9511b028f439e984de0e9d18049b6/gnocchi.6bc96440-b384-4710-8538-e558de296d6a/none_v3" 404 70 "GET http://172.18.0.2:8080/v1/AUTH_76a9511b028f439e984de0e9d18049b6/gnocchi.6bc96440-b384-4710-8538-e558de296d6a/none_v3" "tx7927b877ae9d4a49bd0e9-00692d7a4d" "proxy-server 20" 0.0013 "-" 24 0
Dec 1 11:21:49 standalone proxy-server[138016]: 172.18.0.2 172.18.0.100 01/Dec/2025/11/21/49 GET /v1/AUTH_76a9511b028f439e984de0e9d18049b6/gnocchi.6bc96440-b384-4710-8538-e558de296d6a/none_v3 HTTP/1.0 404 - python-swiftclient-3.11.1 gAAAAABpLXpNhVq7... - 70 - tx7927b877ae9d4a49bd0e9-00692d7a4d - 0.4505 - - 1764588109.019901991 1764588109.470434904 0
Dec 1 11:21:49 standalone account-server[135735]: 172.20.0.100 - - [01/Dec/2025:11:21:49 +0000] "PUT /d1/701/AUTH_76a9511b028f439e984de0e9d18049b6" 201 - "-" "tx48cb1f552052480aa4c2a-00692d7a4d" "-" 0.0158 "-" 20 -
Dec 1 11:21:49 standalone proxy-server[138016]: autocreate account '/AUTH_76a9511b028f439e984de0e9d18049b6' (txn: tx48cb1f552052480aa4c2a-00692d7a4d)
Dec 1 11:21:49 standalone account-server[135712]: 172.20.0.100 - - [01/Dec/2025:11:21:49 +0000] "HEAD /d1/701/AUTH_76a9511b028f439e984de0e9d18049b6" 204 - "HEAD http://172.18.0.2:8080/v1/AUTH_76a9511b028f439e984de0e9d18049b6?format=json" "tx48cb1f552052480aa4c2a-00692d7a4d" "proxy-server 20" 0.0019 "-" 19 -
Dec 1 11:21:49 standalone account-server[135743]: 172.20.0.100 - - [01/Dec/2025:11:21:49 +0000] "PUT /d1/701/AUTH_76a9511b028f439e984de0e9d18049b6/gnocchi.6bc96440-b384-4710-8538-e558de296d6a" 201 - "PUT http://172.20.0.100:6001/d1/860/AUTH_76a9511b028f439e984de0e9d18049b6/gnocchi.6bc96440-b384-4710-8538-e558de296d6a" "tx48cb1f552052480aa4c2a-00692d7a4d" "container-server 19" 0.0051 "-" 23 0
Dec 1 11:21:49 standalone container-server[135756]: 172.20.0.100 - - [01/Dec/2025:11:21:49 +0000] "PUT /d1/860/AUTH_76a9511b028f439e984de0e9d18049b6/gnocchi.6bc96440-b384-4710-8538-e558de296d6a" 201 - "PUT http://172.18.0.2:8080/v1/AUTH_76a9511b028f439e984de0e9d18049b6/gnocchi.6bc96440-b384-4710-8538-e558de296d6a" "tx48cb1f552052480aa4c2a-00692d7a4d" "proxy-server 20" 0.0232 "-" 19 0
Dec 1 11:21:49 standalone proxy-server[138016]: 172.18.0.2 172.18.0.100 01/Dec/2025/11/21/49 PUT /v1/AUTH_76a9511b028f439e984de0e9d18049b6/gnocchi.6bc96440-b384-4710-8538-e558de296d6a HTTP/1.0 201 - python-swiftclient-3.11.1 gAAAAABpLXpNhVq7... - - - tx48cb1f552052480aa4c2a-00692d7a4d - 0.0579 - - 1764588109.474824667 1764588109.532753229 0
Dec 1 11:21:49 standalone container-server[135776]: 172.20.0.100 - - [01/Dec/2025:11:21:49 +0000] "HEAD /d1/860/AUTH_76a9511b028f439e984de0e9d18049b6/gnocchi.6bc96440-b384-4710-8538-e558de296d6a" 204 - "HEAD http://172.18.0.2:8080/v1/AUTH_76a9511b028f439e984de0e9d18049b6/gnocchi.6bc96440-b384-4710-8538-e558de296d6a?format=json&states=listing" "tx6633e23394ff4d798a712-00692d7a4d" "proxy-server 20" 0.0048 "-" 22 0
Dec 1 11:21:49 standalone proxy-server[138016]: - - 01/Dec/2025/11/21/49 HEAD /v1/AUTH_76a9511b028f439e984de0e9d18049b6/gnocchi.6bc96440-b384-4710-8538-e558de296d6a%3Fformat%3Djson%26states%3Dlisting HTTP/1.0 204 - Swift - - - - tx6633e23394ff4d798a712-00692d7a4d - 0.0095 RL - 1764588109.540362597 1764588109.549852610 0
Dec 1 11:21:49 standalone container-server[135783]: 172.20.0.100 - - [01/Dec/2025:11:21:49 +0000] "GET /d1/860/AUTH_76a9511b028f439e984de0e9d18049b6/gnocchi.6bc96440-b384-4710-8538-e558de296d6a" 200 2 "GET http://172.18.0.2:8080/v1/AUTH_76a9511b028f439e984de0e9d18049b6/gnocchi.6bc96440-b384-4710-8538-e558de296d6a?format=json&states=listing" "tx6633e23394ff4d798a712-00692d7a4d" "proxy-server 20" 0.0043 "-" 23 0
Dec 1 11:21:49 standalone proxy-server[138016]: 172.18.0.2 172.18.0.100 01/Dec/2025/11/21/49 GET /v1/AUTH_76a9511b028f439e984de0e9d18049b6/gnocchi.6bc96440-b384-4710-8538-e558de296d6a%3Fformat%3Djson%26states%3Dlisting HTTP/1.0 200 - python-swiftclient-3.11.1 gAAAAABpLXpNhVq7... - 2 - tx6633e23394ff4d798a712-00692d7a4d - 0.0219 - - 1764588109.539125443 1764588109.561022520 0
Dec 1 11:21:49 standalone object-server[136086]: 172.20.0.100 - - [01/Dec/2025:11:21:49 +0000] "GET /d1/806/AUTH_76a9511b028f439e984de0e9d18049b6/gnocchi.6bc96440-b384-4710-8538-e558de296d6a/1763640000.0_mean_300.0_v3" 404 70 "GET http://172.18.0.2:8080/v1/AUTH_76a9511b028f439e984de0e9d18049b6/gnocchi.6bc96440-b384-4710-8538-e558de296d6a/1763640000.0_mean_300.0_v3" "tx00d4b90896a048fc8d03b-00692d7a4d" "proxy-server 20" 0.0011 "-" 25 0
Dec 1 11:21:49 standalone proxy-server[138016]: 172.18.0.2 172.18.0.100 01/Dec/2025/11/21/49 GET /v1/AUTH_76a9511b028f439e984de0e9d18049b6/gnocchi.6bc96440-b384-4710-8538-e558de296d6a/1763640000.0_mean_300.0_v3 HTTP/1.0 404 - python-swiftclient-3.11.1 gAAAAABpLXpNhVq7... - 70 - tx00d4b90896a048fc8d03b-00692d7a4d - 0.0074 - - 1764588109.565480232 1764588109.572896004 0
Dec 1 11:21:49 standalone container-server[135756]: 172.20.0.100 - - [01/Dec/2025:11:21:49 +0000] "PUT /d1/860/AUTH_76a9511b028f439e984de0e9d18049b6/gnocchi.6bc96440-b384-4710-8538-e558de296d6a/1763640000.0_mean_300.0_v3" 201 - "PUT http://172.18.0.2:8080/d1/806/AUTH_76a9511b028f439e984de0e9d18049b6/gnocchi.6bc96440-b384-4710-8538-e558de296d6a/1763640000.0_mean_300.0_v3" "tx0e3c8e8ec61a48e991762-00692d7a4d" "object-server 25" 0.0010 "-" 19 0
Dec 1 11:21:49 standalone object-server[136086]: 172.20.0.100 - - [01/Dec/2025:11:21:49 +0000] "PUT /d1/806/AUTH_76a9511b028f439e984de0e9d18049b6/gnocchi.6bc96440-b384-4710-8538-e558de296d6a/1763640000.0_mean_300.0_v3" 201 - "PUT http://172.18.0.2:8080/v1/AUTH_76a9511b028f439e984de0e9d18049b6/gnocchi.6bc96440-b384-4710-8538-e558de296d6a/1763640000.0_mean_300.0_v3" "tx0e3c8e8ec61a48e991762-00692d7a4d" "proxy-server 20" 0.0333 "-" 25 0
Dec 1 11:21:49 standalone proxy-server[138016]: 172.18.0.2 172.18.0.100 01/Dec/2025/11/21/49 PUT /v1/AUTH_76a9511b028f439e984de0e9d18049b6/gnocchi.6bc96440-b384-4710-8538-e558de296d6a/1763640000.0_mean_300.0_v3 HTTP/1.0 201 - python-swiftclient-3.11.1 gAAAAABpLXpNhVq7... 16 - - tx0e3c8e8ec61a48e991762-00692d7a4d - 0.0409 - - 1764588109.575856447 1764588109.616781235 0
Dec 1 11:21:49 standalone container-server[135776]: 172.20.0.100 - - [01/Dec/2025:11:21:49 +0000] "PUT /d1/860/AUTH_76a9511b028f439e984de0e9d18049b6/gnocchi.6bc96440-b384-4710-8538-e558de296d6a/none_v3" 201 - "PUT http://172.18.0.2:8080/d1/417/AUTH_76a9511b028f439e984de0e9d18049b6/gnocchi.6bc96440-b384-4710-8538-e558de296d6a/none_v3" "txedd33c0b7cdd408c87559-00692d7a4d" "object-server 22" 0.0009 "-" 22 0
Dec 1 11:21:49 standalone object-server[136083]: 172.20.0.100 - - [01/Dec/2025:11:21:49 +0000] "PUT /d1/417/AUTH_76a9511b028f439e984de0e9d18049b6/gnocchi.6bc96440-b384-4710-8538-e558de296d6a/none_v3" 201 - "PUT http://172.18.0.2:8080/v1/AUTH_76a9511b028f439e984de0e9d18049b6/gnocchi.6bc96440-b384-4710-8538-e558de296d6a/none_v3" "txedd33c0b7cdd408c87559-00692d7a4d" "proxy-server 20" 0.0296 "-" 22 0
Dec 1 11:21:49 standalone proxy-server[138016]: 172.18.0.2 172.18.0.100 01/Dec/2025/11/21/49 PUT /v1/AUTH_76a9511b028f439e984de0e9d18049b6/gnocchi.6bc96440-b384-4710-8538-e558de296d6a/none_v3 HTTP/1.0 201 - python-swiftclient-3.11.1 gAAAAABpLXpNhVq7... 22 - - txedd33c0b7cdd408c87559-00692d7a4d - 0.0390 - - 1764588109.620616198 1764588109.659587145 0
Dec 1 11:22:08 standalone account-server[135743]: 172.20.0.100 - - [01/Dec/2025:11:22:08 +0000] "HEAD /d1/160/.expiring_objects" 404 - "HEAD http://localhost/v1/.expiring_objects?format=json" "txc947d8e02eb14c3498977-00692d7a60" "proxy-server 2" 0.0014 "-" 23 -
Dec 1 11:22:08 standalone object-expirer[135747]: Pass completed in 0s; 0 objects expired (txn: txc947d8e02eb14c3498977-00692d7a60)
Dec 1 11:22:18 standalone object-server[136084]: 172.20.0.100 - - [01/Dec/2025:11:22:18 +0000] "GET /d1/417/AUTH_76a9511b028f439e984de0e9d18049b6/gnocchi.6bc96440-b384-4710-8538-e558de296d6a/none_v3" 200 22 "GET http://172.18.0.2:8080/v1/AUTH_76a9511b028f439e984de0e9d18049b6/gnocchi.6bc96440-b384-4710-8538-e558de296d6a/none_v3" "tx4bae5d2fa6f4412b9384f-00692d7a6a" "proxy-server 20" 0.0029 "-" 23 0
Dec 1 11:22:18 standalone proxy-server[138016]: 172.18.0.2 172.18.0.100 01/Dec/2025/11/22/18 GET /v1/AUTH_76a9511b028f439e984de0e9d18049b6/gnocchi.6bc96440-b384-4710-8538-e558de296d6a/none_v3 HTTP/1.0 200 - python-swiftclient-3.11.1 gAAAAABpLXpNhVq7... - 22 - tx4bae5d2fa6f4412b9384f-00692d7a6a - 0.0232 - - 1764588138.807962656 1764588138.831212282 0
Dec 1 11:22:18 standalone container-server[135758]: 172.20.0.100 - - [01/Dec/2025:11:22:18 +0000] "GET /d1/860/AUTH_76a9511b028f439e984de0e9d18049b6/gnocchi.6bc96440-b384-4710-8538-e558de296d6a" 200 357 "GET http://172.18.0.2:8080/v1/AUTH_76a9511b028f439e984de0e9d18049b6/gnocchi.6bc96440-b384-4710-8538-e558de296d6a?format=json&states=listing" "tx28f14ff0958b4130aa66e-00692d7a6a" "proxy-server 20" 0.0198 "-" 21 0
Dec 1 11:22:18 standalone proxy-server[138016]: 172.18.0.2 172.18.0.100 01/Dec/2025/11/22/18 GET /v1/AUTH_76a9511b028f439e984de0e9d18049b6/gnocchi.6bc96440-b384-4710-8538-e558de296d6a%3Fformat%3Djson%26states%3Dlisting HTTP/1.0 200 - python-swiftclient-3.11.1 gAAAAABpLXpNhVq7... - 357 - tx28f14ff0958b4130aa66e-00692d7a6a - 0.0279 - - 1764588138.837458611 1764588138.865338326 0
Dec 1 11:22:18 standalone container-server[135756]: 172.20.0.100 - - [01/Dec/2025:11:22:18 +0000] "GET /d1/860/AUTH_76a9511b028f439e984de0e9d18049b6/gnocchi.6bc96440-b384-4710-8538-e558de296d6a" 200 2 "GET http://172.18.0.2:8080/v1/AUTH_76a9511b028f439e984de0e9d18049b6/gnocchi.6bc96440-b384-4710-8538-e558de296d6a?format=json&marker=none_v3&states=listing" "txffe6379007db4d5488305-00692d7a6a" "proxy-server 20" 0.0050 "-" 19 0
Dec 1 11:22:18 standalone proxy-server[138016]: 172.18.0.2 172.18.0.100 01/Dec/2025/11/22/18 GET /v1/AUTH_76a9511b028f439e984de0e9d18049b6/gnocchi.6bc96440-b384-4710-8538-e558de296d6a%3Fformat%3Djson%26marker%3Dnone_v3%26states%3Dlisting HTTP/1.0 200 - python-swiftclient-3.11.1 gAAAAABpLXpNhVq7... - 2 - txffe6379007db4d5488305-00692d7a6a - 0.0122 - - 1764588138.869900703 1764588138.882117987 0
Dec 1 11:22:18 standalone object-server[136085]: 172.20.0.100 - - [01/Dec/2025:11:22:18 +0000] "GET /d1/806/AUTH_76a9511b028f439e984de0e9d18049b6/gnocchi.6bc96440-b384-4710-8538-e558de296d6a/1763640000.0_mean_300.0_v3" 200 16 "GET http://172.18.0.2:8080/v1/AUTH_76a9511b028f439e984de0e9d18049b6/gnocchi.6bc96440-b384-4710-8538-e558de296d6a/1763640000.0_mean_300.0_v3" "txdbaa456679e042f8862e2-00692d7a6a" "proxy-server 20" 0.0011 "-" 24 0
Dec 1 11:22:18 standalone proxy-server[138016]: 172.18.0.2 172.18.0.100 01/Dec/2025/11/22/18 GET /v1/AUTH_76a9511b028f439e984de0e9d18049b6/gnocchi.6bc96440-b384-4710-8538-e558de296d6a/1763640000.0_mean_300.0_v3 HTTP/1.0 200 - python-swiftclient-3.11.1 gAAAAABpLXpNhVq7... - 16 - txdbaa456679e042f8862e2-00692d7a6a - 0.0232 - - 1764588138.885535955 1764588138.908734798 0
Dec 1 11:22:18 standalone container-server[135756]: 172.20.0.100 - - [01/Dec/2025:11:22:18 +0000] "PUT /d1/860/AUTH_76a9511b028f439e984de0e9d18049b6/gnocchi.6bc96440-b384-4710-8538-e558de296d6a/1763640000.0_mean_300.0_v3" 201 - "PUT http://172.18.0.2:8080/d1/806/AUTH_76a9511b028f439e984de0e9d18049b6/gnocchi.6bc96440-b384-4710-8538-e558de296d6a/1763640000.0_mean_300.0_v3" "txb93adf9dd170408abc18e-00692d7a6a" "object-server 23" 0.0011 "-" 19 0
Dec 1 11:22:18 standalone object-server[136084]: 172.20.0.100 - - [01/Dec/2025:11:22:18 +0000] "PUT /d1/806/AUTH_76a9511b028f439e984de0e9d18049b6/gnocchi.6bc96440-b384-4710-8538-e558de296d6a/1763640000.0_mean_300.0_v3" 201 - "PUT http://172.18.0.2:8080/v1/AUTH_76a9511b028f439e984de0e9d18049b6/gnocchi.6bc96440-b384-4710-8538-e558de296d6a/1763640000.0_mean_300.0_v3" "txb93adf9dd170408abc18e-00692d7a6a" "proxy-server 20" 0.0624 "-" 23 0
Dec 1 11:22:18 standalone proxy-server[138016]: 172.18.0.2 172.18.0.100 01/Dec/2025/11/22/18 PUT /v1/AUTH_76a9511b028f439e984de0e9d18049b6/gnocchi.6bc96440-b384-4710-8538-e558de296d6a/1763640000.0_mean_300.0_v3 HTTP/1.0 201 - python-swiftclient-3.11.1 gAAAAABpLXpNhVq7... 16 - - txb93adf9dd170408abc18e-00692d7a6a - 0.0734 - - 1764588138.915710926 1764588138.989065647 0
Dec 1 11:22:19 standalone container-server[135756]: 172.20.0.100 - - [01/Dec/2025:11:22:19 +0000] "PUT /d1/860/AUTH_76a9511b028f439e984de0e9d18049b6/gnocchi.6bc96440-b384-4710-8538-e558de296d6a/none_v3" 201 - "PUT http://172.18.0.2:8080/d1/417/AUTH_76a9511b028f439e984de0e9d18049b6/gnocchi.6bc96440-b384-4710-8538-e558de296d6a/none_v3" "tx405c9b02fa6f4ff48b456-00692d7a6a" "object-server 25" 0.0007 "-" 19 0
Dec 1 11:22:19 standalone object-server[136086]: 172.20.0.100 - - [01/Dec/2025:11:22:19 +0000] "PUT /d1/417/AUTH_76a9511b028f439e984de0e9d18049b6/gnocchi.6bc96440-b384-4710-8538-e558de296d6a/none_v3" 201 - "PUT http://172.18.0.2:8080/v1/AUTH_76a9511b028f439e984de0e9d18049b6/gnocchi.6bc96440-b384-4710-8538-e558de296d6a/none_v3" "tx405c9b02fa6f4ff48b456-00692d7a6a" "proxy-server 20" 0.0144 "-" 25 0
Dec 1 11:22:19 standalone proxy-server[138016]: 172.18.0.2 172.18.0.100 01/Dec/2025/11/22/19 PUT /v1/AUTH_76a9511b028f439e984de0e9d18049b6/gnocchi.6bc96440-b384-4710-8538-e558de296d6a/none_v3 HTTP/1.0 201 - python-swiftclient-3.11.1 gAAAAABpLXpNhVq7... 32 - - tx405c9b02fa6f4ff48b456-00692d7a6a - 0.0248 - - 1764588138.994975328 1764588139.019799709 0
Dec 1 11:22:53 standalone account-server[135712]: 172.20.0.100 - - [01/Dec/2025:11:22:53 +0000] "HEAD /d1/160/.expiring_objects" 404 - "HEAD http://localhost/v1/.expiring_objects?format=json" "txa603efe046454116a4877-00692d7a8d" "proxy-server 2" 0.0005 "-" 19 -
Dec 1 11:22:53 standalone object-expirer[135747]: Pass completed in 0s; 0 objects expired (txn: txa603efe046454116a4877-00692d7a8d)
Dec 1 11:22:54 standalone account-server[135712]: 172.20.0.100 - - [01/Dec/2025:11:22:54 +0000] "HEAD /d1/701/AUTH_76a9511b028f439e984de0e9d18049b6" 204 - "HEAD http://172.18.0.2:8080/v1/AUTH_76a9511b028f439e984de0e9d18049b6?format=json" "tx12efbc44892846c39ef22-00692d7a8e" "proxy-server 20" 0.0047 "-" 19 -
Dec 1 11:22:54 standalone proxy-server[138016]: - - 01/Dec/2025/11/22/54 HEAD /v1/AUTH_76a9511b028f439e984de0e9d18049b6%3Fformat%3Djson HTTP/1.0 204 - Swift - - - - tx12efbc44892846c39ef22-00692d7a8e - 0.0080 RL - 1764588174.939569473 1764588174.947578430 -
Dec 1 11:22:54 standalone container-server[135756]: 172.20.0.100 - - [01/Dec/2025:11:22:54 +0000] "HEAD /d1/601/AUTH_76a9511b028f439e984de0e9d18049b6/gnocchi.acc2015c-2289-4d57-8fd7-2e76f22c686f" 404 - "HEAD http://172.18.0.2:8080/v1/AUTH_76a9511b028f439e984de0e9d18049b6/gnocchi.acc2015c-2289-4d57-8fd7-2e76f22c686f?format=json&states=listing" "tx12efbc44892846c39ef22-00692d7a8e" "proxy-server 20" 0.0008 "-" 19 0
Dec 1 11:22:54 standalone object-server[136083]: 172.20.0.100 - - [01/Dec/2025:11:22:54 +0000] "GET /d1/646/AUTH_76a9511b028f439e984de0e9d18049b6/gnocchi.acc2015c-2289-4d57-8fd7-2e76f22c686f/none_v3" 404 70 "GET http://172.18.0.2:8080/v1/AUTH_76a9511b028f439e984de0e9d18049b6/gnocchi.acc2015c-2289-4d57-8fd7-2e76f22c686f/none_v3" "tx12efbc44892846c39ef22-00692d7a8e" "proxy-server 20" 0.0009 "-" 22 0
Dec 1 11:22:54 standalone proxy-server[138016]: 172.18.0.2 172.18.0.100 01/Dec/2025/11/22/54 GET /v1/AUTH_76a9511b028f439e984de0e9d18049b6/gnocchi.acc2015c-2289-4d57-8fd7-2e76f22c686f/none_v3 HTTP/1.0 404 - python-swiftclient-3.11.1 gAAAAABpLXpNhVq7... - 70 - tx12efbc44892846c39ef22-00692d7a8e - 0.0204 - - 1764588174.938745737 1764588174.959135056 0
Dec 1 11:22:54 standalone account-server[135735]: 172.20.0.100 - - [01/Dec/2025:11:22:54 +0000] "PUT /d1/701/AUTH_76a9511b028f439e984de0e9d18049b6/gnocchi.acc2015c-2289-4d57-8fd7-2e76f22c686f" 201 - "PUT http://172.20.0.100:6001/d1/601/AUTH_76a9511b028f439e984de0e9d18049b6/gnocchi.acc2015c-2289-4d57-8fd7-2e76f22c686f" "tx69890d965d064d26b97a1-00692d7a8e" "container-server 21" 0.0014 "-" 20 0
Dec 1 11:22:54 standalone container-server[135758]: 172.20.0.100 - - [01/Dec/2025:11:22:54 +0000] "PUT /d1/601/AUTH_76a9511b028f439e984de0e9d18049b6/gnocchi.acc2015c-2289-4d57-8fd7-2e76f22c686f" 201 - "PUT http://172.18.0.2:8080/v1/AUTH_76a9511b028f439e984de0e9d18049b6/gnocchi.acc2015c-2289-4d57-8fd7-2e76f22c686f" "tx69890d965d064d26b97a1-00692d7a8e" "proxy-server 20" 0.0125 "-" 21 0
Dec 1 11:22:54 standalone proxy-server[138016]: 172.18.0.2 172.18.0.100 01/Dec/2025/11/22/54 PUT /v1/AUTH_76a9511b028f439e984de0e9d18049b6/gnocchi.acc2015c-2289-4d57-8fd7-2e76f22c686f HTTP/1.0 201 - python-swiftclient-3.11.1 gAAAAABpLXpNhVq7... - - - tx69890d965d064d26b97a1-00692d7a8e - 0.0175 - - 1764588174.961529016 1764588174.979074001 0
Dec 1 11:22:54 standalone container-server[135756]: 172.20.0.100 - - [01/Dec/2025:11:22:54 +0000] "HEAD /d1/601/AUTH_76a9511b028f439e984de0e9d18049b6/gnocchi.acc2015c-2289-4d57-8fd7-2e76f22c686f" 204 - "HEAD http://172.18.0.2:8080/v1/AUTH_76a9511b028f439e984de0e9d18049b6/gnocchi.acc2015c-2289-4d57-8fd7-2e76f22c686f?format=json&states=listing" "tx709b707cbc254fef9eb4f-00692d7a8e" "proxy-server 20" 0.0021 "-" 19 0
Dec 1 11:22:54 standalone proxy-server[138016]: - - 01/Dec/2025/11/22/54 HEAD /v1/AUTH_76a9511b028f439e984de0e9d18049b6/gnocchi.acc2015c-2289-4d57-8fd7-2e76f22c686f%3Fformat%3Djson%26states%3Dlisting HTTP/1.0 204 - Swift - - - - tx709b707cbc254fef9eb4f-00692d7a8e - 0.0056 RL - 1764588174.986121416 1764588174.991672754 0
Dec 1 11:22:54 standalone container-server[135756]: 172.20.0.100 - - [01/Dec/2025:11:22:54 +0000] "GET /d1/601/AUTH_76a9511b028f439e984de0e9d18049b6/gnocchi.acc2015c-2289-4d57-8fd7-2e76f22c686f" 200 2 "GET http://172.18.0.2:8080/v1/AUTH_76a9511b028f439e984de0e9d18049b6/gnocchi.acc2015c-2289-4d57-8fd7-2e76f22c686f?format=json&states=listing" "tx709b707cbc254fef9eb4f-00692d7a8e" "proxy-server 20" 0.0022 "-" 19 0
Dec 1 11:22:54 standalone proxy-server[138016]: 172.18.0.2 172.18.0.100 01/Dec/2025/11/22/54 GET /v1/AUTH_76a9511b028f439e984de0e9d18049b6/gnocchi.acc2015c-2289-4d57-8fd7-2e76f22c686f%3Fformat%3Djson%26states%3Dlisting HTTP/1.0 200 - python-swiftclient-3.11.1 gAAAAABpLXpNhVq7... - 2 - tx709b707cbc254fef9eb4f-00692d7a8e - 0.0130 - - 1764588174.985348701 1764588174.998308897 0
Dec 1 11:22:55 standalone object-server[136084]: 172.20.0.100 - - [01/Dec/2025:11:22:55 +0000] "GET /d1/946/AUTH_76a9511b028f439e984de0e9d18049b6/gnocchi.acc2015c-2289-4d57-8fd7-2e76f22c686f/1763640000.0_mean_300.0_v3" 404 70 "GET http://172.18.0.2:8080/v1/AUTH_76a9511b028f439e984de0e9d18049b6/gnocchi.acc2015c-2289-4d57-8fd7-2e76f22c686f/1763640000.0_mean_300.0_v3" "tx74d71fb2ba1a40ffa3ddd-00692d7a8f" "proxy-server 20" 0.0004 "-" 23 0
Dec 1 11:22:55 standalone proxy-server[138016]: 172.18.0.2 172.18.0.100 01/Dec/2025/11/22/55 GET /v1/AUTH_76a9511b028f439e984de0e9d18049b6/gnocchi.acc2015c-2289-4d57-8fd7-2e76f22c686f/1763640000.0_mean_300.0_v3 HTTP/1.0 404 - python-swiftclient-3.11.1 gAAAAABpLXpNhVq7... - 70 - tx74d71fb2ba1a40ffa3ddd-00692d7a8f - 0.0041 - - 1764588175.001026869 1764588175.005126476 0
Dec 1 11:22:55 standalone container-server[135783]: 172.20.0.100 - - [01/Dec/2025:11:22:55 +0000] "PUT /d1/601/AUTH_76a9511b028f439e984de0e9d18049b6/gnocchi.acc2015c-2289-4d57-8fd7-2e76f22c686f/1763640000.0_mean_300.0_v3" 201 - "PUT http://172.18.0.2:8080/d1/946/AUTH_76a9511b028f439e984de0e9d18049b6/gnocchi.acc2015c-2289-4d57-8fd7-2e76f22c686f/1763640000.0_mean_300.0_v3" "tx217056159221445f871ef-00692d7a8f" "object-server 25" 0.0007 "-" 23 0
Dec 1 11:22:55 standalone object-server[136086]: 172.20.0.100 - - [01/Dec/2025:11:22:55 +0000] "PUT /d1/946/AUTH_76a9511b028f439e984de0e9d18049b6/gnocchi.acc2015c-2289-4d57-8fd7-2e76f22c686f/1763640000.0_mean_300.0_v3" 201 - "PUT http://172.18.0.2:8080/v1/AUTH_76a9511b028f439e984de0e9d18049b6/gnocchi.acc2015c-2289-4d57-8fd7-2e76f22c686f/1763640000.0_mean_300.0_v3" "tx217056159221445f871ef-00692d7a8f" "proxy-server 20" 0.0114 "-" 25 0
Dec 1 11:22:55 standalone proxy-server[138016]: 172.18.0.2 172.18.0.100 01/Dec/2025/11/22/55 PUT /v1/AUTH_76a9511b028f439e984de0e9d18049b6/gnocchi.acc2015c-2289-4d57-8fd7-2e76f22c686f/1763640000.0_mean_300.0_v3 HTTP/1.0 201 - python-swiftclient-3.11.1 gAAAAABpLXpNhVq7... 16 - - tx217056159221445f871ef-00692d7a8f - 0.0251 - - 1764588175.014181852 1764588175.039294243 0
Dec 1 11:22:55 standalone container-server[135756]: 172.20.0.100 - - [01/Dec/2025:11:22:55 +0000] "PUT /d1/601/AUTH_76a9511b028f439e984de0e9d18049b6/gnocchi.acc2015c-2289-4d57-8fd7-2e76f22c686f/none_v3" 201 - "PUT http://172.18.0.2:8080/d1/646/AUTH_76a9511b028f439e984de0e9d18049b6/gnocchi.acc2015c-2289-4d57-8fd7-2e76f22c686f/none_v3" "txfdf2bcc104474b2d98b76-00692d7a8f" "object-server 24" 0.0010 "-" 19 0
Dec 1 11:22:55 standalone object-server[136085]: 172.20.0.100 - - [01/Dec/2025:11:22:55 +0000] "PUT /d1/646/AUTH_76a9511b028f439e984de0e9d18049b6/gnocchi.acc2015c-2289-4d57-8fd7-2e76f22c686f/none_v3" 201 - "PUT http://172.18.0.2:8080/v1/AUTH_76a9511b028f439e984de0e9d18049b6/gnocchi.acc2015c-2289-4d57-8fd7-2e76f22c686f/none_v3" "txfdf2bcc104474b2d98b76-00692d7a8f" "proxy-server 20" 0.0268 "-" 24 0
Dec 1 11:22:55 standalone proxy-server[138016]: 172.18.0.2 172.18.0.100 01/Dec/2025/11/22/55 PUT /v1/AUTH_76a9511b028f439e984de0e9d18049b6/gnocchi.acc2015c-2289-4d57-8fd7-2e76f22c686f/none_v3 HTTP/1.0 201 - python-swiftclient-3.11.1 gAAAAABpLXpNhVq7... 22 - - txfdf2bcc104474b2d98b76-00692d7a8f - 0.0372 - - 1764588175.042798042 1764588175.080001116 0
Dec 1 11:22:55 standalone container-server[135756]: 172.20.0.100 - - [01/Dec/2025:11:22:55 +0000] "HEAD /d1/163/AUTH_76a9511b028f439e984de0e9d18049b6/gnocchi.a535dd79-ffc9-4bb1-94e5-3e3a3279f9a7" 404 - "HEAD http://172.18.0.2:8080/v1/AUTH_76a9511b028f439e984de0e9d18049b6/gnocchi.a535dd79-ffc9-4bb1-94e5-3e3a3279f9a7?format=json&states=listing" "txbea0ee74377a4e049079d-00692d7a8f" "proxy-server 20" 0.0005 "-" 19 0
Dec 1 11:22:55 standalone object-server[136083]: 172.20.0.100 - - [01/Dec/2025:11:22:55 +0000] "GET /d1/918/AUTH_76a9511b028f439e984de0e9d18049b6/gnocchi.a535dd79-ffc9-4bb1-94e5-3e3a3279f9a7/none_v3" 404 70 "GET http://172.18.0.2:8080/v1/AUTH_76a9511b028f439e984de0e9d18049b6/gnocchi.a535dd79-ffc9-4bb1-94e5-3e3a3279f9a7/none_v3" "txbea0ee74377a4e049079d-00692d7a8f" "proxy-server 20" 0.0005 "-" 22 0
Dec 1 11:22:55 standalone proxy-server[138016]: 172.18.0.2 172.18.0.100 01/Dec/2025/11/22/55 GET /v1/AUTH_76a9511b028f439e984de0e9d18049b6/gnocchi.a535dd79-ffc9-4bb1-94e5-3e3a3279f9a7/none_v3 HTTP/1.0 404 - python-swiftclient-3.11.1 gAAAAABpLXpNhVq7... - 70 - txbea0ee74377a4e049079d-00692d7a8f - 0.0133 - - 1764588175.096514463 1764588175.109790564 0
Dec 1 11:22:55 standalone account-server[135712]: 172.20.0.100 - - [01/Dec/2025:11:22:55 +0000] "PUT /d1/701/AUTH_76a9511b028f439e984de0e9d18049b6/gnocchi.a535dd79-ffc9-4bb1-94e5-3e3a3279f9a7" 201 - "PUT http://172.20.0.100:6001/d1/163/AUTH_76a9511b028f439e984de0e9d18049b6/gnocchi.a535dd79-ffc9-4bb1-94e5-3e3a3279f9a7" "tx5ee5a3775574423e96996-00692d7a8f" "container-server 23" 0.0044 "-" 19 0
Dec 1 11:22:55 standalone container-server[135783]: 172.20.0.100 - - [01/Dec/2025:11:22:55 +0000] "PUT /d1/163/AUTH_76a9511b028f439e984de0e9d18049b6/gnocchi.a535dd79-ffc9-4bb1-94e5-3e3a3279f9a7" 201 - "PUT http://172.18.0.2:8080/v1/AUTH_76a9511b028f439e984de0e9d18049b6/gnocchi.a535dd79-ffc9-4bb1-94e5-3e3a3279f9a7" "tx5ee5a3775574423e96996-00692d7a8f" "proxy-server 20" 0.0149 "-" 23 0
Dec 1 11:22:55 standalone proxy-server[138016]: 172.18.0.2 172.18.0.100 01/Dec/2025/11/22/55 PUT /v1/AUTH_76a9511b028f439e984de0e9d18049b6/gnocchi.a535dd79-ffc9-4bb1-94e5-3e3a3279f9a7 HTTP/1.0 201 - python-swiftclient-3.11.1 gAAAAABpLXpNhVq7... - - - tx5ee5a3775574423e96996-00692d7a8f - 0.0214 - - 1764588175.113079309 1764588175.134526253 0
Dec 1 11:22:55 standalone container-server[135756]: 172.20.0.100 - - [01/Dec/2025:11:22:55 +0000] "HEAD /d1/163/AUTH_76a9511b028f439e984de0e9d18049b6/gnocchi.a535dd79-ffc9-4bb1-94e5-3e3a3279f9a7" 204 - "HEAD http://172.18.0.2:8080/v1/AUTH_76a9511b028f439e984de0e9d18049b6/gnocchi.a535dd79-ffc9-4bb1-94e5-3e3a3279f9a7?format=json&states=listing" "txc0e66ddea4ef45b2905d0-00692d7a8f" "proxy-server 20" 0.0024 "-" 19 0
Dec 1 11:22:55 standalone proxy-server[138016]: - - 01/Dec/2025/11/22/55 HEAD /v1/AUTH_76a9511b028f439e984de0e9d18049b6/gnocchi.a535dd79-ffc9-4bb1-94e5-3e3a3279f9a7%3Fformat%3Djson%26states%3Dlisting HTTP/1.0 204 - Swift - - - - txc0e66ddea4ef45b2905d0-00692d7a8f - 0.0068 RL - 1764588175.139324665 1764588175.146111965 0
Dec 1 11:22:55 standalone container-server[135783]: 172.20.0.100 - - [01/Dec/2025:11:22:55 +0000] "GET /d1/163/AUTH_76a9511b028f439e984de0e9d18049b6/gnocchi.a535dd79-ffc9-4bb1-94e5-3e3a3279f9a7" 200 2 "GET http://172.18.0.2:8080/v1/AUTH_76a9511b028f439e984de0e9d18049b6/gnocchi.a535dd79-ffc9-4bb1-94e5-3e3a3279f9a7?format=json&states=listing" "txc0e66ddea4ef45b2905d0-00692d7a8f" "proxy-server 20" 0.0015 "-" 23 0
Dec 1 11:22:55 standalone proxy-server[138016]: 172.18.0.2 172.18.0.100 01/Dec/2025/11/22/55 GET /v1/AUTH_76a9511b028f439e984de0e9d18049b6/gnocchi.a535dd79-ffc9-4bb1-94e5-3e3a3279f9a7%3Fformat%3Djson%26states%3Dlisting HTTP/1.0 200 - python-swiftclient-3.11.1 gAAAAABpLXpNhVq7... - 2 - txc0e66ddea4ef45b2905d0-00692d7a8f - 0.0169 - - 1764588175.137879848 1764588175.154788971 0
Dec 1 11:22:55 standalone object-server[136086]: 172.20.0.100 - - [01/Dec/2025:11:22:55 +0000] "GET /d1/599/AUTH_76a9511b028f439e984de0e9d18049b6/gnocchi.a535dd79-ffc9-4bb1-94e5-3e3a3279f9a7/1763640000.0_mean_300.0_v3" 404 70 "GET http://172.18.0.2:8080/v1/AUTH_76a9511b028f439e984de0e9d18049b6/gnocchi.a535dd79-ffc9-4bb1-94e5-3e3a3279f9a7/1763640000.0_mean_300.0_v3" "txd7b8f3e212174483864da-00692d7a8f" "proxy-server 20" 0.0004 "-" 25 0
Dec 1 11:22:55 standalone proxy-server[138016]: 172.18.0.2 172.18.0.100 01/Dec/2025/11/22/55 GET /v1/AUTH_76a9511b028f439e984de0e9d18049b6/gnocchi.a535dd79-ffc9-4bb1-94e5-3e3a3279f9a7/1763640000.0_mean_300.0_v3 HTTP/1.0 404 - python-swiftclient-3.11.1 gAAAAABpLXpNhVq7... - 70 - txd7b8f3e212174483864da-00692d7a8f - 0.0065 - - 1764588175.158210039 1764588175.164741516 0
Dec 1 11:22:55 standalone container-server[135758]: 172.20.0.100 - - [01/Dec/2025:11:22:55 +0000] "PUT /d1/163/AUTH_76a9511b028f439e984de0e9d18049b6/gnocchi.a535dd79-ffc9-4bb1-94e5-3e3a3279f9a7/1763640000.0_mean_300.0_v3" 201 - "PUT http://172.18.0.2:8080/d1/599/AUTH_76a9511b028f439e984de0e9d18049b6/gnocchi.a535dd79-ffc9-4bb1-94e5-3e3a3279f9a7/1763640000.0_mean_300.0_v3" "txd15de82eec0243b98514d-00692d7a8f" "object-server 22" 0.0009 "-" 21 0
Dec 1 11:22:55 standalone object-server[136083]: 172.20.0.100 - - [01/Dec/2025:11:22:55 +0000] "PUT /d1/599/AUTH_76a9511b028f439e984de0e9d18049b6/gnocchi.a535dd79-ffc9-4bb1-94e5-3e3a3279f9a7/1763640000.0_mean_300.0_v3" 201 - "PUT http://172.18.0.2:8080/v1/AUTH_76a9511b028f439e984de0e9d18049b6/gnocchi.a535dd79-ffc9-4bb1-94e5-3e3a3279f9a7/1763640000.0_mean_300.0_v3" "txd15de82eec0243b98514d-00692d7a8f" "proxy-server 20" 0.0128 "-" 22 0
Dec 1 11:22:55 standalone proxy-server[138016]: 172.18.0.2 172.18.0.100 01/Dec/2025/11/22/55 PUT /v1/AUTH_76a9511b028f439e984de0e9d18049b6/gnocchi.a535dd79-ffc9-4bb1-94e5-3e3a3279f9a7/1763640000.0_mean_300.0_v3 HTTP/1.0 201 - python-swiftclient-3.11.1 gAAAAABpLXpNhVq7... 16 - - txd15de82eec0243b98514d-00692d7a8f - 0.0212 - - 1764588175.167367220 1764588175.188614607 0
Dec 1 11:22:55 standalone container-server[135776]: 172.20.0.100 - - [01/Dec/2025:11:22:55 +0000] "PUT /d1/163/AUTH_76a9511b028f439e984de0e9d18049b6/gnocchi.a535dd79-ffc9-4bb1-94e5-3e3a3279f9a7/none_v3" 201 - "PUT http://172.18.0.2:8080/d1/918/AUTH_76a9511b028f439e984de0e9d18049b6/gnocchi.a535dd79-ffc9-4bb1-94e5-3e3a3279f9a7/none_v3" "txec71f4ddabb842bc80fe5-00692d7a8f" "object-server 24" 0.0010 "-" 22 0
Dec 1 11:22:55 standalone object-server[136085]: 172.20.0.100 - - [01/Dec/2025:11:22:55 +0000] "PUT /d1/918/AUTH_76a9511b028f439e984de0e9d18049b6/gnocchi.a535dd79-ffc9-4bb1-94e5-3e3a3279f9a7/none_v3" 201 - "PUT http://172.18.0.2:8080/v1/AUTH_76a9511b028f439e984de0e9d18049b6/gnocchi.a535dd79-ffc9-4bb1-94e5-3e3a3279f9a7/none_v3" "txec71f4ddabb842bc80fe5-00692d7a8f" "proxy-server 20" 0.0128 "-" 24 0
Dec 1 11:22:55 standalone proxy-server[138016]: 172.18.0.2 172.18.0.100 01/Dec/2025/11/22/55 PUT /v1/AUTH_76a9511b028f439e984de0e9d18049b6/gnocchi.a535dd79-ffc9-4bb1-94e5-3e3a3279f9a7/none_v3 HTTP/1.0 201 - python-swiftclient-3.11.1 gAAAAABpLXpNhVq7... 22 - - txec71f4ddabb842bc80fe5-00692d7a8f - 0.0217 - - 1764588175.191858292 1764588175.213518381 0
Dec 1 11:23:02 standalone container-server[135776]: 172.20.0.100 - - [01/Dec/2025:11:23:02 +0000] "HEAD /d1/768/AUTH_76a9511b028f439e984de0e9d18049b6/gnocchi.1cc2ec43-555a-4ad6-92d5-cd63f35c233f" 404 - "HEAD http://172.18.0.2:8080/v1/AUTH_76a9511b028f439e984de0e9d18049b6/gnocchi.1cc2ec43-555a-4ad6-92d5-cd63f35c233f?format=json&states=listing" "txaf00800f0c694fdfab348-00692d7a96" "proxy-server 20" 0.0029 "-" 22 0
Dec 1 11:23:02 standalone object-server[136086]: 172.20.0.100 - - [01/Dec/2025:11:23:02 +0000] "GET /d1/273/AUTH_76a9511b028f439e984de0e9d18049b6/gnocchi.1cc2ec43-555a-4ad6-92d5-cd63f35c233f/none_v3" 404 70 "GET http://172.18.0.2:8080/v1/AUTH_76a9511b028f439e984de0e9d18049b6/gnocchi.1cc2ec43-555a-4ad6-92d5-cd63f35c233f/none_v3" "txaf00800f0c694fdfab348-00692d7a96" "proxy-server 20" 0.0008 "-" 25 0
Dec 1 11:23:02 standalone proxy-server[138016]: 172.18.0.2 172.18.0.100 01/Dec/2025/11/23/02 GET /v1/AUTH_76a9511b028f439e984de0e9d18049b6/gnocchi.1cc2ec43-555a-4ad6-92d5-cd63f35c233f/none_v3 HTTP/1.0 404 - python-swiftclient-3.11.1 gAAAAABpLXpNhVq7... - 70 - txaf00800f0c694fdfab348-00692d7a96 - 0.0319 - - 1764588182.042505741 1764588182.074455738 0
Dec 1 11:23:02 standalone account-server[135735]: 172.20.0.100 - - [01/Dec/2025:11:23:02 +0000] "PUT /d1/701/AUTH_76a9511b028f439e984de0e9d18049b6/gnocchi.1cc2ec43-555a-4ad6-92d5-cd63f35c233f" 201 - "PUT http://172.20.0.100:6001/d1/768/AUTH_76a9511b028f439e984de0e9d18049b6/gnocchi.1cc2ec43-555a-4ad6-92d5-cd63f35c233f" "txe264e2ecfb42426eacd37-00692d7a96" "container-server 21" 0.0104 "-" 20 0
Dec 1 11:23:02 standalone container-server[135758]: 172.20.0.100 - - [01/Dec/2025:11:23:02 +0000] "PUT /d1/768/AUTH_76a9511b028f439e984de0e9d18049b6/gnocchi.1cc2ec43-555a-4ad6-92d5-cd63f35c233f" 201 - "PUT http://172.18.0.2:8080/v1/AUTH_76a9511b028f439e984de0e9d18049b6/gnocchi.1cc2ec43-555a-4ad6-92d5-cd63f35c233f" "txe264e2ecfb42426eacd37-00692d7a96" "proxy-server 20" 0.0261 "-" 21 0
Dec 1 11:23:02 standalone proxy-server[138016]: 172.18.0.2 172.18.0.100 01/Dec/2025/11/23/02 PUT /v1/AUTH_76a9511b028f439e984de0e9d18049b6/gnocchi.1cc2ec43-555a-4ad6-92d5-cd63f35c233f HTTP/1.0 201 - python-swiftclient-3.11.1 gAAAAABpLXpNhVq7... - - - txe264e2ecfb42426eacd37-00692d7a96 - 0.0395 - - 1764588182.080082655 1764588182.119613409 0
Dec 1 11:23:02 standalone container-server[135758]: 172.20.0.100 - - [01/Dec/2025:11:23:02 +0000] "HEAD /d1/768/AUTH_76a9511b028f439e984de0e9d18049b6/gnocchi.1cc2ec43-555a-4ad6-92d5-cd63f35c233f" 204 - "HEAD http://172.18.0.2:8080/v1/AUTH_76a9511b028f439e984de0e9d18049b6/gnocchi.1cc2ec43-555a-4ad6-92d5-cd63f35c233f?format=json&states=listing" "txb7d1c2b814794796a0cdb-00692d7a96" "proxy-server 20" 0.0021 "-" 21 0
Dec 1 11:23:02 standalone proxy-server[138016]: - - 01/Dec/2025/11/23/02 HEAD /v1/AUTH_76a9511b028f439e984de0e9d18049b6/gnocchi.1cc2ec43-555a-4ad6-92d5-cd63f35c233f%3Fformat%3Djson%26states%3Dlisting HTTP/1.0 204 - Swift - - - - txb7d1c2b814794796a0cdb-00692d7a96 - 0.0085 RL - 1764588182.127843380 1764588182.136345148 0
Dec 1 11:23:02 standalone container-server[135776]: 172.20.0.100 - - [01/Dec/2025:11:23:02 +0000] "GET /d1/768/AUTH_76a9511b028f439e984de0e9d18049b6/gnocchi.1cc2ec43-555a-4ad6-92d5-cd63f35c233f" 200 2 "GET http://172.18.0.2:8080/v1/AUTH_76a9511b028f439e984de0e9d18049b6/gnocchi.1cc2ec43-555a-4ad6-92d5-cd63f35c233f?format=json&states=listing" "txb7d1c2b814794796a0cdb-00692d7a96" "proxy-server 20" 0.0026 "-" 22 0
Dec 1 11:23:02 standalone proxy-server[138016]: 172.18.0.2 172.18.0.100 01/Dec/2025/11/23/02 GET /v1/AUTH_76a9511b028f439e984de0e9d18049b6/gnocchi.1cc2ec43-555a-4ad6-92d5-cd63f35c233f%3Fformat%3Djson%26states%3Dlisting HTTP/1.0 200 - python-swiftclient-3.11.1 gAAAAABpLXpNhVq7... - 2 - txb7d1c2b814794796a0cdb-00692d7a96 - 0.0234 - - 1764588182.125745773 1764588182.149117231 0
Dec 1 11:23:02 standalone object-server[136086]: 172.20.0.100 - - [01/Dec/2025:11:23:02 +0000] "GET /d1/26/AUTH_76a9511b028f439e984de0e9d18049b6/gnocchi.1cc2ec43-555a-4ad6-92d5-cd63f35c233f/1763640000.0_mean_300.0_v3" 404 70 "GET http://172.18.0.2:8080/v1/AUTH_76a9511b028f439e984de0e9d18049b6/gnocchi.1cc2ec43-555a-4ad6-92d5-cd63f35c233f/1763640000.0_mean_300.0_v3" "txf39c4ed21a4d4645ae88f-00692d7a96" "proxy-server 20" 0.0005 "-" 25 0
Dec 1 11:23:02 standalone proxy-server[138016]: 172.18.0.2 172.18.0.100 01/Dec/2025/11/23/02 GET /v1/AUTH_76a9511b028f439e984de0e9d18049b6/gnocchi.1cc2ec43-555a-4ad6-92d5-cd63f35c233f/1763640000.0_mean_300.0_v3 HTTP/1.0 404 - python-swiftclient-3.11.1 gAAAAABpLXpNhVq7... - 70 - txf39c4ed21a4d4645ae88f-00692d7a96 - 0.0081 - - 1764588182.153102160 1764588182.161186457 0
Dec 1 11:23:02 standalone container-server[135756]: 172.20.0.100 - - [01/Dec/2025:11:23:02 +0000] "PUT /d1/768/AUTH_76a9511b028f439e984de0e9d18049b6/gnocchi.1cc2ec43-555a-4ad6-92d5-cd63f35c233f/1763640000.0_mean_300.0_v3" 201 - "PUT http://172.18.0.2:8080/d1/26/AUTH_76a9511b028f439e984de0e9d18049b6/gnocchi.1cc2ec43-555a-4ad6-92d5-cd63f35c233f/1763640000.0_mean_300.0_v3" "tx18bafbc06c044597874be-00692d7a96" "object-server 22" 0.0010 "-" 19 0
Dec 1 11:23:02 standalone object-server[136083]: 172.20.0.100 - - [01/Dec/2025:11:23:02 +0000] "PUT /d1/26/AUTH_76a9511b028f439e984de0e9d18049b6/gnocchi.1cc2ec43-555a-4ad6-92d5-cd63f35c233f/1763640000.0_mean_300.0_v3" 201 - "PUT http://172.18.0.2:8080/v1/AUTH_76a9511b028f439e984de0e9d18049b6/gnocchi.1cc2ec43-555a-4ad6-92d5-cd63f35c233f/1763640000.0_mean_300.0_v3" "tx18bafbc06c044597874be-00692d7a96" "proxy-server 20" 0.0261 "-" 22 0
Dec 1 11:23:02 standalone proxy-server[138016]: 172.18.0.2 172.18.0.100 01/Dec/2025/11/23/02 PUT /v1/AUTH_76a9511b028f439e984de0e9d18049b6/gnocchi.1cc2ec43-555a-4ad6-92d5-cd63f35c233f/1763640000.0_mean_300.0_v3 HTTP/1.0 201 - python-swiftclient-3.11.1 gAAAAABpLXpNhVq7... 16 - - tx18bafbc06c044597874be-00692d7a96 - 0.0338 - - 1764588182.166010380 1764588182.199764967 0
Dec 1 11:23:02 standalone container-server[135783]: 172.20.0.100 - - [01/Dec/2025:11:23:02 +0000] "PUT /d1/768/AUTH_76a9511b028f439e984de0e9d18049b6/gnocchi.1cc2ec43-555a-4ad6-92d5-cd63f35c233f/none_v3" 201 - "PUT http://172.18.0.2:8080/d1/273/AUTH_76a9511b028f439e984de0e9d18049b6/gnocchi.1cc2ec43-555a-4ad6-92d5-cd63f35c233f/none_v3" "txbb0f33be3d6546af8287c-00692d7a96" "object-server 24" 0.0007 "-" 23 0
Dec 1 11:23:02 standalone object-server[136085]: 172.20.0.100 - - [01/Dec/2025:11:23:02 +0000] "PUT /d1/273/AUTH_76a9511b028f439e984de0e9d18049b6/gnocchi.1cc2ec43-555a-4ad6-92d5-cd63f35c233f/none_v3" 201 - "PUT http://172.18.0.2:8080/v1/AUTH_76a9511b028f439e984de0e9d18049b6/gnocchi.1cc2ec43-555a-4ad6-92d5-cd63f35c233f/none_v3" "txbb0f33be3d6546af8287c-00692d7a96" "proxy-server 20" 0.0172 "-" 24 0
Dec 1 11:23:02 standalone proxy-server[138016]: 172.18.0.2 172.18.0.100 01/Dec/2025/11/23/02 PUT /v1/AUTH_76a9511b028f439e984de0e9d18049b6/gnocchi.1cc2ec43-555a-4ad6-92d5-cd63f35c233f/none_v3 HTTP/1.0 201 - python-swiftclient-3.11.1 gAAAAABpLXpNhVq7... 22 - - txbb0f33be3d6546af8287c-00692d7a96 - 0.0284 - - 1764588182.206058979 1764588182.234409332 0
Dec 1 11:23:02 standalone container-server[135756]: 172.20.0.100 - - [01/Dec/2025:11:23:02 +0000] "HEAD /d1/406/AUTH_76a9511b028f439e984de0e9d18049b6/gnocchi.bc2911b1-4cbe-4243-ab49-2a8d20623dd9" 404 - "HEAD http://172.18.0.2:8080/v1/AUTH_76a9511b028f439e984de0e9d18049b6/gnocchi.bc2911b1-4cbe-4243-ab49-2a8d20623dd9?format=json&states=listing" "tx83ec8020d8544bf79727a-00692d7a96" "proxy-server 20" 0.0007 "-" 19 0
Dec 1 11:23:02 standalone object-server[136086]: 172.20.0.100 - - [01/Dec/2025:11:23:02 +0000] "GET /d1/922/AUTH_76a9511b028f439e984de0e9d18049b6/gnocchi.bc2911b1-4cbe-4243-ab49-2a8d20623dd9/none_v3" 404 70 "GET http://172.18.0.2:8080/v1/AUTH_76a9511b028f439e984de0e9d18049b6/gnocchi.bc2911b1-4cbe-4243-ab49-2a8d20623dd9/none_v3" "tx83ec8020d8544bf79727a-00692d7a96" "proxy-server 20" 0.0004 "-" 25 0
Dec 1 11:23:02 standalone proxy-server[138016]: 172.18.0.2 172.18.0.100 01/Dec/2025/11/23/02 GET /v1/AUTH_76a9511b028f439e984de0e9d18049b6/gnocchi.bc2911b1-4cbe-4243-ab49-2a8d20623dd9/none_v3 HTTP/1.0 404 - python-swiftclient-3.11.1 gAAAAABpLXpNhVq7... - 70 - tx83ec8020d8544bf79727a-00692d7a96 - 0.0131 - - 1764588182.275889874 1764588182.288949013 0
Dec 1 11:23:02 standalone account-server[135735]: 172.20.0.100 - - [01/Dec/2025:11:23:02 +0000] "PUT /d1/701/AUTH_76a9511b028f439e984de0e9d18049b6/gnocchi.bc2911b1-4cbe-4243-ab49-2a8d20623dd9" 201 - "PUT http://172.20.0.100:6001/d1/406/AUTH_76a9511b028f439e984de0e9d18049b6/gnocchi.bc2911b1-4cbe-4243-ab49-2a8d20623dd9" "tx9dc704a7b30f49da8f6a0-00692d7a96" "container-server 23" 0.0065 "-" 20 0
Dec 1 11:23:02 standalone container-server[135783]: 172.20.0.100 - - [01/Dec/2025:11:23:02 +0000] "PUT /d1/406/AUTH_76a9511b028f439e984de0e9d18049b6/gnocchi.bc2911b1-4cbe-4243-ab49-2a8d20623dd9" 201 - "PUT http://172.18.0.2:8080/v1/AUTH_76a9511b028f439e984de0e9d18049b6/gnocchi.bc2911b1-4cbe-4243-ab49-2a8d20623dd9" "tx9dc704a7b30f49da8f6a0-00692d7a96" "proxy-server 20" 0.0221 "-" 23 0
Dec 1 11:23:02 standalone proxy-server[138016]: 172.18.0.2 172.18.0.100 01/Dec/2025/11/23/02 PUT /v1/AUTH_76a9511b028f439e984de0e9d18049b6/gnocchi.bc2911b1-4cbe-4243-ab49-2a8d20623dd9 HTTP/1.0 201 - python-swiftclient-3.11.1 gAAAAABpLXpNhVq7... - - - tx9dc704a7b30f49da8f6a0-00692d7a96 - 0.0301 - - 1764588182.294140339 1764588182.324282408 0
Dec 1 11:23:02 standalone container-server[135776]: 172.20.0.100 - - [01/Dec/2025:11:23:02 +0000] "HEAD /d1/406/AUTH_76a9511b028f439e984de0e9d18049b6/gnocchi.bc2911b1-4cbe-4243-ab49-2a8d20623dd9" 204 - "HEAD http://172.18.0.2:8080/v1/AUTH_76a9511b028f439e984de0e9d18049b6/gnocchi.bc2911b1-4cbe-4243-ab49-2a8d20623dd9?format=json&states=listing" "txca7273c4463f4d3299ed5-00692d7a96" "proxy-server 20" 0.0013 "-" 22 0
Dec 1 11:23:02 standalone proxy-server[138016]: - - 01/Dec/2025/11/23/02 HEAD /v1/AUTH_76a9511b028f439e984de0e9d18049b6/gnocchi.bc2911b1-4cbe-4243-ab49-2a8d20623dd9%3Fformat%3Djson%26states%3Dlisting HTTP/1.0 204 - Swift - - - - txca7273c4463f4d3299ed5-00692d7a96 - 0.0111 RL - 1764588182.329296827 1764588182.340363503 0
Dec 1 11:23:02 standalone container-server[135783]: 172.20.0.100 - - [01/Dec/2025:11:23:02 +0000] "GET /d1/406/AUTH_76a9511b028f439e984de0e9d18049b6/gnocchi.bc2911b1-4cbe-4243-ab49-2a8d20623dd9" 200 2 "GET http://172.18.0.2:8080/v1/AUTH_76a9511b028f439e984de0e9d18049b6/gnocchi.bc2911b1-4cbe-4243-ab49-2a8d20623dd9?format=json&states=listing" "txca7273c4463f4d3299ed5-00692d7a96" "proxy-server 20" 0.0027 "-" 23 0
Dec 1 11:23:02 standalone proxy-server[138016]: 172.18.0.2 172.18.0.100 01/Dec/2025/11/23/02 GET /v1/AUTH_76a9511b028f439e984de0e9d18049b6/gnocchi.bc2911b1-4cbe-4243-ab49-2a8d20623dd9%3Fformat%3Djson%26states%3Dlisting HTTP/1.0 200 - python-swiftclient-3.11.1 gAAAAABpLXpNhVq7... - 2 - txca7273c4463f4d3299ed5-00692d7a96 - 0.0924 - - 1764588182.328240156 1764588182.420639753 0
Dec 1 11:23:02 standalone object-server[136083]: 172.20.0.100 - - [01/Dec/2025:11:23:02 +0000] "GET /d1/590/AUTH_76a9511b028f439e984de0e9d18049b6/gnocchi.bc2911b1-4cbe-4243-ab49-2a8d20623dd9/1763640000.0_mean_300.0_v3" 404 70 "GET http://172.18.0.2:8080/v1/AUTH_76a9511b028f439e984de0e9d18049b6/gnocchi.bc2911b1-4cbe-4243-ab49-2a8d20623dd9/1763640000.0_mean_300.0_v3" "txec97ec53daf44341a73eb-00692d7a96" "proxy-server 20" 0.0004 "-" 22 0
