Dec 1 11:24:11 standalone object-server[136084]: 172.20.0.100 - - [01/Dec/2025:11:24:11 +0000] "GET /d1/904/AUTH_76a9511b028f439e984de0e9d18049b6/gnocchi.ddaf8d69-5917-4e20-b0c5-a2b28639e535/none_v3" 404 70 "GET http://172.18.0.2:8080/v1/AUTH_76a9511b028f439e984de0e9d18049b6/gnocchi.ddaf8d69-5917-4e20-b0c5-a2b28639e535/none_v3" "tx543cad97788647ed98d3c-00692d7adb" "proxy-server 20" 0.0005 "-" 23 0
Dec 1 11:24:11 standalone proxy-server[138016]: 172.18.0.2 172.18.0.100 01/Dec/2025/11/24/11 GET /v1/AUTH_76a9511b028f439e984de0e9d18049b6/gnocchi.ddaf8d69-5917-4e20-b0c5-a2b28639e535/none_v3 HTTP/1.0 404 - python-swiftclient-3.11.1 gAAAAABpLXpNhVq7... - 70 - tx543cad97788647ed98d3c-00692d7adb - 0.0199 - - 1764588251.285325527 1764588251.305205107 0
Dec 1 11:24:11 standalone account-server[135712]: 172.20.0.100 - - [01/Dec/2025:11:24:11 +0000] "PUT /d1/701/AUTH_76a9511b028f439e984de0e9d18049b6/gnocchi.ddaf8d69-5917-4e20-b0c5-a2b28639e535" 201 - "PUT http://172.20.0.100:6001/d1/462/AUTH_76a9511b028f439e984de0e9d18049b6/gnocchi.ddaf8d69-5917-4e20-b0c5-a2b28639e535" "tx3455fd1105ad413cba7a5-00692d7adb" "container-server 21" 0.0065 "-" 19 0
Dec 1 11:24:11 standalone container-server[135758]: 172.20.0.100 - - [01/Dec/2025:11:24:11 +0000] "PUT /d1/462/AUTH_76a9511b028f439e984de0e9d18049b6/gnocchi.ddaf8d69-5917-4e20-b0c5-a2b28639e535" 201 - "PUT http://172.18.0.2:8080/v1/AUTH_76a9511b028f439e984de0e9d18049b6/gnocchi.ddaf8d69-5917-4e20-b0c5-a2b28639e535" "tx3455fd1105ad413cba7a5-00692d7adb" "proxy-server 20" 0.0242 "-" 21 0
Dec 1 11:24:11 standalone proxy-server[138016]: 172.18.0.2 172.18.0.100 01/Dec/2025/11/24/11 PUT /v1/AUTH_76a9511b028f439e984de0e9d18049b6/gnocchi.ddaf8d69-5917-4e20-b0c5-a2b28639e535 HTTP/1.0 201 - python-swiftclient-3.11.1 gAAAAABpLXpNhVq7... - - - tx3455fd1105ad413cba7a5-00692d7adb - 0.0331 - - 1764588251.315060854 1764588251.348156452 0
Dec 1 11:24:11 standalone container-server[135758]: 172.20.0.100 - - [01/Dec/2025:11:24:11 +0000] "HEAD /d1/871/AUTH_76a9511b028f439e984de0e9d18049b6/gnocchi.39b16c9e-789f-4fa6-b362-e1089e0ba9b5" 204 - "HEAD http://172.18.0.2:8080/v1/AUTH_76a9511b028f439e984de0e9d18049b6/gnocchi.39b16c9e-789f-4fa6-b362-e1089e0ba9b5?format=json&states=listing" "tx7f6cded85fc54f74b9535-00692d7adb" "proxy-server 20" 0.0020 "-" 21 0
Dec 1 11:24:11 standalone proxy-server[138016]: - - 01/Dec/2025/11/24/11 HEAD /v1/AUTH_76a9511b028f439e984de0e9d18049b6/gnocchi.39b16c9e-789f-4fa6-b362-e1089e0ba9b5%3Fformat%3Djson%26states%3Dlisting HTTP/1.0 204 - Swift - - - - tx7f6cded85fc54f74b9535-00692d7adb - 0.0071 RL - 1764588251.355557442 1764588251.362667322 0
Dec 1 11:24:11 standalone container-server[135758]: 172.20.0.100 - - [01/Dec/2025:11:24:11 +0000] "GET /d1/871/AUTH_76a9511b028f439e984de0e9d18049b6/gnocchi.39b16c9e-789f-4fa6-b362-e1089e0ba9b5" 200 2 "GET http://172.18.0.2:8080/v1/AUTH_76a9511b028f439e984de0e9d18049b6/gnocchi.39b16c9e-789f-4fa6-b362-e1089e0ba9b5?format=json&states=listing" "tx7f6cded85fc54f74b9535-00692d7adb" "proxy-server 20" 0.0031 "-" 21 0
Dec 1 11:24:11 standalone proxy-server[138016]: 172.18.0.2 172.18.0.100 01/Dec/2025/11/24/11 GET /v1/AUTH_76a9511b028f439e984de0e9d18049b6/gnocchi.39b16c9e-789f-4fa6-b362-e1089e0ba9b5%3Fformat%3Djson%26states%3Dlisting HTTP/1.0 200 - python-swiftclient-3.11.1 gAAAAABpLXpNhVq7... - 2 - tx7f6cded85fc54f74b9535-00692d7adb - 0.0206 - - 1764588251.353828192 1764588251.374417305 0
Dec 1 11:24:11 standalone container-server[135776]: 172.20.0.100 - - [01/Dec/2025:11:24:11 +0000] "HEAD /d1/462/AUTH_76a9511b028f439e984de0e9d18049b6/gnocchi.ddaf8d69-5917-4e20-b0c5-a2b28639e535" 204 - "HEAD http://172.18.0.2:8080/v1/AUTH_76a9511b028f439e984de0e9d18049b6/gnocchi.ddaf8d69-5917-4e20-b0c5-a2b28639e535?format=json&states=listing" "txe656a0731c9f44499cfd6-00692d7adb" "proxy-server 20" 0.0024 "-" 22 0
Dec 1 11:24:11 standalone proxy-server[138016]: - - 01/Dec/2025/11/24/11 HEAD /v1/AUTH_76a9511b028f439e984de0e9d18049b6/gnocchi.ddaf8d69-5917-4e20-b0c5-a2b28639e535%3Fformat%3Djson%26states%3Dlisting HTTP/1.0 204 - Swift - - - - txe656a0731c9f44499cfd6-00692d7adb - 0.0072 RL - 1764588251.381269932 1764588251.388507843 0
Dec 1 11:24:11 standalone container-server[135758]: 172.20.0.100 - - [01/Dec/2025:11:24:11 +0000] "GET /d1/462/AUTH_76a9511b028f439e984de0e9d18049b6/gnocchi.ddaf8d69-5917-4e20-b0c5-a2b28639e535" 200 2 "GET http://172.18.0.2:8080/v1/AUTH_76a9511b028f439e984de0e9d18049b6/gnocchi.ddaf8d69-5917-4e20-b0c5-a2b28639e535?format=json&states=listing" "txe656a0731c9f44499cfd6-00692d7adb" "proxy-server 20" 0.0030 "-" 21 0
Dec 1 11:24:11 standalone proxy-server[138016]: 172.18.0.2 172.18.0.100 01/Dec/2025/11/24/11 GET /v1/AUTH_76a9511b028f439e984de0e9d18049b6/gnocchi.ddaf8d69-5917-4e20-b0c5-a2b28639e535%3Fformat%3Djson%26states%3Dlisting HTTP/1.0 200 - python-swiftclient-3.11.1 gAAAAABpLXpNhVq7... - 2 - txe656a0731c9f44499cfd6-00692d7adb - 0.0200 - - 1764588251.379850388 1764588251.399874926 0
Dec 1 11:24:11 standalone object-server[136086]: 172.20.0.100 - - [01/Dec/2025:11:24:11 +0000] "GET /d1/226/AUTH_76a9511b028f439e984de0e9d18049b6/gnocchi.39b16c9e-789f-4fa6-b362-e1089e0ba9b5/1763640000.0_mean_300.0_v3" 404 70 "GET http://172.18.0.2:8080/v1/AUTH_76a9511b028f439e984de0e9d18049b6/gnocchi.39b16c9e-789f-4fa6-b362-e1089e0ba9b5/1763640000.0_mean_300.0_v3" "tx4157d159055d4f59b6492-00692d7adb" "proxy-server 20" 0.0006 "-" 25 0
Dec 1 11:24:11 standalone proxy-server[138016]: 172.18.0.2 172.18.0.100 01/Dec/2025/11/24/11 GET /v1/AUTH_76a9511b028f439e984de0e9d18049b6/gnocchi.39b16c9e-789f-4fa6-b362-e1089e0ba9b5/1763640000.0_mean_300.0_v3 HTTP/1.0 404 - python-swiftclient-3.11.1 gAAAAABpLXpNhVq7... - 70 - tx4157d159055d4f59b6492-00692d7adb - 0.0093 - - 1764588251.404624701 1764588251.413942337 0
Dec 1 11:24:11 standalone object-server[136085]: 172.20.0.100 - - [01/Dec/2025:11:24:11 +0000] "GET /d1/722/AUTH_76a9511b028f439e984de0e9d18049b6/gnocchi.ddaf8d69-5917-4e20-b0c5-a2b28639e535/1763640000.0_mean_300.0_v3" 404 70 "GET http://172.18.0.2:8080/v1/AUTH_76a9511b028f439e984de0e9d18049b6/gnocchi.ddaf8d69-5917-4e20-b0c5-a2b28639e535/1763640000.0_mean_300.0_v3" "tx2c7dd34412d241c99b9f8-00692d7adb" "proxy-server 20" 0.0008 "-" 24 0
Dec 1 11:24:11 standalone proxy-server[138016]: 172.18.0.2 172.18.0.100 01/Dec/2025/11/24/11 GET /v1/AUTH_76a9511b028f439e984de0e9d18049b6/gnocchi.ddaf8d69-5917-4e20-b0c5-a2b28639e535/1763640000.0_mean_300.0_v3 HTTP/1.0 404 - python-swiftclient-3.11.1 gAAAAABpLXpNhVq7... - 70 - tx2c7dd34412d241c99b9f8-00692d7adb - 0.0089 - - 1764588251.417584896 1764588251.426511765 0
Dec 1 11:24:11 standalone container-server[135758]: 172.20.0.100 - - [01/Dec/2025:11:24:11 +0000] "PUT /d1/871/AUTH_76a9511b028f439e984de0e9d18049b6/gnocchi.39b16c9e-789f-4fa6-b362-e1089e0ba9b5/1763640000.0_mean_300.0_v3" 201 - "PUT http://172.18.0.2:8080/d1/226/AUTH_76a9511b028f439e984de0e9d18049b6/gnocchi.39b16c9e-789f-4fa6-b362-e1089e0ba9b5/1763640000.0_mean_300.0_v3" "tx994cff50a6a648c08f244-00692d7adb" "object-server 23" 0.0011 "-" 21 0
Dec 1 11:24:11 standalone object-server[136084]: 172.20.0.100 - - [01/Dec/2025:11:24:11 +0000] "PUT /d1/226/AUTH_76a9511b028f439e984de0e9d18049b6/gnocchi.39b16c9e-789f-4fa6-b362-e1089e0ba9b5/1763640000.0_mean_300.0_v3" 201 - "PUT http://172.18.0.2:8080/v1/AUTH_76a9511b028f439e984de0e9d18049b6/gnocchi.39b16c9e-789f-4fa6-b362-e1089e0ba9b5/1763640000.0_mean_300.0_v3" "tx994cff50a6a648c08f244-00692d7adb" "proxy-server 20" 0.0156 "-" 23 0
Dec 1 11:24:11 standalone proxy-server[138016]: 172.18.0.2 172.18.0.100 01/Dec/2025/11/24/11 PUT /v1/AUTH_76a9511b028f439e984de0e9d18049b6/gnocchi.39b16c9e-789f-4fa6-b362-e1089e0ba9b5/1763640000.0_mean_300.0_v3 HTTP/1.0 201 - python-swiftclient-3.11.1 gAAAAABpLXpNhVq7... 16 - - tx994cff50a6a648c08f244-00692d7adb - 0.0237 - - 1764588251.431211233 1764588251.454872608 0
Dec 1 11:24:11 standalone container-server[135756]: 172.20.0.100 - - [01/Dec/2025:11:24:11 +0000] "PUT /d1/462/AUTH_76a9511b028f439e984de0e9d18049b6/gnocchi.ddaf8d69-5917-4e20-b0c5-a2b28639e535/1763640000.0_mean_300.0_v3" 201 - "PUT http://172.18.0.2:8080/d1/722/AUTH_76a9511b028f439e984de0e9d18049b6/gnocchi.ddaf8d69-5917-4e20-b0c5-a2b28639e535/1763640000.0_mean_300.0_v3" "txf8ebfbae9ce04468ab1b3-00692d7adb" "object-server 25" 0.0011 "-" 19 0
Dec 1 11:24:11 standalone object-server[136086]: 172.20.0.100 - - [01/Dec/2025:11:24:11 +0000] "PUT /d1/722/AUTH_76a9511b028f439e984de0e9d18049b6/gnocchi.ddaf8d69-5917-4e20-b0c5-a2b28639e535/1763640000.0_mean_300.0_v3" 201 - "PUT http://172.18.0.2:8080/v1/AUTH_76a9511b028f439e984de0e9d18049b6/gnocchi.ddaf8d69-5917-4e20-b0c5-a2b28639e535/1763640000.0_mean_300.0_v3" "txf8ebfbae9ce04468ab1b3-00692d7adb" "proxy-server 20" 0.0128 "-" 25 0
Dec 1 11:24:11 standalone proxy-server[138016]: 172.18.0.2 172.18.0.100 01/Dec/2025/11/24/11 PUT /v1/AUTH_76a9511b028f439e984de0e9d18049b6/gnocchi.ddaf8d69-5917-4e20-b0c5-a2b28639e535/1763640000.0_mean_300.0_v3 HTTP/1.0 201 - python-swiftclient-3.11.1 gAAAAABpLXpNhVq7... 16 - - txf8ebfbae9ce04468ab1b3-00692d7adb - 0.0212 - - 1764588251.459646940 1764588251.480808496 0
Dec 1 11:24:11 standalone container-server[135776]: 172.20.0.100 - - [01/Dec/2025:11:24:11 +0000] "PUT /d1/871/AUTH_76a9511b028f439e984de0e9d18049b6/gnocchi.39b16c9e-789f-4fa6-b362-e1089e0ba9b5/none_v3" 201 - "PUT http://172.18.0.2:8080/d1/769/AUTH_76a9511b028f439e984de0e9d18049b6/gnocchi.39b16c9e-789f-4fa6-b362-e1089e0ba9b5/none_v3" "tx93ab5d30282b4c31bfd99-00692d7adb" "object-server 23" 0.0010 "-" 22 0
Dec 1 11:24:11 standalone object-server[136084]: 172.20.0.100 - - [01/Dec/2025:11:24:11 +0000] "PUT /d1/769/AUTH_76a9511b028f439e984de0e9d18049b6/gnocchi.39b16c9e-789f-4fa6-b362-e1089e0ba9b5/none_v3" 201 - "PUT http://172.18.0.2:8080/v1/AUTH_76a9511b028f439e984de0e9d18049b6/gnocchi.39b16c9e-789f-4fa6-b362-e1089e0ba9b5/none_v3" "tx93ab5d30282b4c31bfd99-00692d7adb" "proxy-server 20" 0.0132 "-" 23 0
Dec 1 11:24:11 standalone proxy-server[138016]: 172.18.0.2 172.18.0.100 01/Dec/2025/11/24/11 PUT /v1/AUTH_76a9511b028f439e984de0e9d18049b6/gnocchi.39b16c9e-789f-4fa6-b362-e1089e0ba9b5/none_v3 HTTP/1.0 201 - python-swiftclient-3.11.1 gAAAAABpLXpNhVq7... 22 - - tx93ab5d30282b4c31bfd99-00692d7adb - 0.0217 - - 1764588251.485220909 1764588251.506883860 0
Dec 1 11:24:11 standalone container-server[135776]: 172.20.0.100 - - [01/Dec/2025:11:24:11 +0000] "PUT /d1/462/AUTH_76a9511b028f439e984de0e9d18049b6/gnocchi.ddaf8d69-5917-4e20-b0c5-a2b28639e535/none_v3" 201 - "PUT http://172.18.0.2:8080/d1/904/AUTH_76a9511b028f439e984de0e9d18049b6/gnocchi.ddaf8d69-5917-4e20-b0c5-a2b28639e535/none_v3" "txa3dc1fe7f7b8445094af2-00692d7adb" "object-server 23" 0.0008 "-" 22 0
Dec 1 11:24:11 standalone object-server[136084]: 172.20.0.100 - - [01/Dec/2025:11:24:11 +0000] "PUT /d1/904/AUTH_76a9511b028f439e984de0e9d18049b6/gnocchi.ddaf8d69-5917-4e20-b0c5-a2b28639e535/none_v3" 201 - "PUT http://172.18.0.2:8080/v1/AUTH_76a9511b028f439e984de0e9d18049b6/gnocchi.ddaf8d69-5917-4e20-b0c5-a2b28639e535/none_v3" "txa3dc1fe7f7b8445094af2-00692d7adb" "proxy-server 20" 0.0116 "-" 23 0
Dec 1 11:24:11 standalone proxy-server[138016]: 172.18.0.2 172.18.0.100 01/Dec/2025/11/24/11 PUT /v1/AUTH_76a9511b028f439e984de0e9d18049b6/gnocchi.ddaf8d69-5917-4e20-b0c5-a2b28639e535/none_v3 HTTP/1.0 201 - python-swiftclient-3.11.1 gAAAAABpLXpNhVq7... 22 - - txa3dc1fe7f7b8445094af2-00692d7adb - 0.0198 - - 1764588251.511634111 1764588251.531404018 0
Dec 1 11:24:11 standalone container-server[135783]: 172.20.0.100 - - [01/Dec/2025:11:24:11 +0000] "HEAD /d1/671/AUTH_76a9511b028f439e984de0e9d18049b6/gnocchi.ad110087-fa6f-4d99-b4b1-199aa9e91644" 404 - "HEAD http://172.18.0.2:8080/v1/AUTH_76a9511b028f439e984de0e9d18049b6/gnocchi.ad110087-fa6f-4d99-b4b1-199aa9e91644?format=json&states=listing" "tx62516df2e4a344dea003f-00692d7adb" "proxy-server 20" 0.0008 "-" 23 0
Dec 1 11:24:11 standalone object-server[136083]: 172.20.0.100 - - [01/Dec/2025:11:24:11 +0000] "GET /d1/814/AUTH_76a9511b028f439e984de0e9d18049b6/gnocchi.ad110087-fa6f-4d99-b4b1-199aa9e91644/none_v3" 404 70 "GET http://172.18.0.2:8080/v1/AUTH_76a9511b028f439e984de0e9d18049b6/gnocchi.ad110087-fa6f-4d99-b4b1-199aa9e91644/none_v3" "tx62516df2e4a344dea003f-00692d7adb" "proxy-server 20" 0.0007 "-" 22 0
Dec 1 11:24:11 standalone proxy-server[138016]: 172.18.0.2 172.18.0.100 01/Dec/2025/11/24/11 GET /v1/AUTH_76a9511b028f439e984de0e9d18049b6/gnocchi.ad110087-fa6f-4d99-b4b1-199aa9e91644/none_v3 HTTP/1.0 404 - python-swiftclient-3.11.1 gAAAAABpLXpNhVq7... - 70 - tx62516df2e4a344dea003f-00692d7adb - 0.0165 - - 1764588251.550797939 1764588251.567278624 0
Dec 1 11:24:11 standalone account-server[135735]: 172.20.0.100 - - [01/Dec/2025:11:24:11 +0000] "PUT /d1/701/AUTH_76a9511b028f439e984de0e9d18049b6/gnocchi.ad110087-fa6f-4d99-b4b1-199aa9e91644" 201 - "PUT http://172.20.0.100:6001/d1/671/AUTH_76a9511b028f439e984de0e9d18049b6/gnocchi.ad110087-fa6f-4d99-b4b1-199aa9e91644" "tx9bffe6a4c43748c38deb5-00692d7adb" "container-server 19" 0.0066 "-" 20 0
Dec 1 11:24:11 standalone container-server[135756]: 172.20.0.100 - - [01/Dec/2025:11:24:11 +0000] "PUT /d1/671/AUTH_76a9511b028f439e984de0e9d18049b6/gnocchi.ad110087-fa6f-4d99-b4b1-199aa9e91644" 201 - "PUT http://172.18.0.2:8080/v1/AUTH_76a9511b028f439e984de0e9d18049b6/gnocchi.ad110087-fa6f-4d99-b4b1-199aa9e91644" "tx9bffe6a4c43748c38deb5-00692d7adb" "proxy-server 20" 0.0304 "-" 19 0
Dec 1 11:24:11 standalone proxy-server[138016]: 172.18.0.2 172.18.0.100 01/Dec/2025/11/24/11 PUT /v1/AUTH_76a9511b028f439e984de0e9d18049b6/gnocchi.ad110087-fa6f-4d99-b4b1-199aa9e91644 HTTP/1.0 201 - python-swiftclient-3.11.1 gAAAAABpLXpNhVq7... - - - tx9bffe6a4c43748c38deb5-00692d7adb - 0.0386 - - 1764588251.572622776 1764588251.611250162 0
Dec 1 11:24:11 standalone container-server[135756]: 172.20.0.100 - - [01/Dec/2025:11:24:11 +0000] "HEAD /d1/671/AUTH_76a9511b028f439e984de0e9d18049b6/gnocchi.ad110087-fa6f-4d99-b4b1-199aa9e91644" 204 - "HEAD http://172.18.0.2:8080/v1/AUTH_76a9511b028f439e984de0e9d18049b6/gnocchi.ad110087-fa6f-4d99-b4b1-199aa9e91644?format=json&states=listing" "tx1387020954ea41e89c9d1-00692d7adb" "proxy-server 20" 0.0026 "-" 19 0
Dec 1 11:24:11 standalone proxy-server[138016]: - - 01/Dec/2025/11/24/11 HEAD /v1/AUTH_76a9511b028f439e984de0e9d18049b6/gnocchi.ad110087-fa6f-4d99-b4b1-199aa9e91644%3Fformat%3Djson%26states%3Dlisting HTTP/1.0 204 - Swift - - - - tx1387020954ea41e89c9d1-00692d7adb - 0.0082 RL - 1764588251.619129419 1764588251.627306700 0
Dec 1 11:24:11 standalone container-server[135756]: 172.20.0.100 - - [01/Dec/2025:11:24:11 +0000] "GET /d1/671/AUTH_76a9511b028f439e984de0e9d18049b6/gnocchi.ad110087-fa6f-4d99-b4b1-199aa9e91644" 200 2 "GET http://172.18.0.2:8080/v1/AUTH_76a9511b028f439e984de0e9d18049b6/gnocchi.ad110087-fa6f-4d99-b4b1-199aa9e91644?format=json&states=listing" "tx1387020954ea41e89c9d1-00692d7adb" "proxy-server 20" 0.0033 "-" 19 0
Dec 1 11:24:11 standalone proxy-server[138016]: 172.18.0.2 172.18.0.100 01/Dec/2025/11/24/11 GET /v1/AUTH_76a9511b028f439e984de0e9d18049b6/gnocchi.ad110087-fa6f-4d99-b4b1-199aa9e91644%3Fformat%3Djson%26states%3Dlisting HTTP/1.0 200 - python-swiftclient-3.11.1 gAAAAABpLXpNhVq7... - 2 - tx1387020954ea41e89c9d1-00692d7adb - 0.0244 - - 1764588251.617220640 1764588251.641659737 0
Dec 1 11:24:11 standalone object-server[136085]: 172.20.0.100 - - [01/Dec/2025:11:24:11 +0000] "GET /d1/456/AUTH_76a9511b028f439e984de0e9d18049b6/gnocchi.ad110087-fa6f-4d99-b4b1-199aa9e91644/1763640000.0_mean_300.0_v3" 404 70 "GET http://172.18.0.2:8080/v1/AUTH_76a9511b028f439e984de0e9d18049b6/gnocchi.ad110087-fa6f-4d99-b4b1-199aa9e91644/1763640000.0_mean_300.0_v3" "txec6f6a616a524df89d84b-00692d7adb" "proxy-server 20" 0.0004 "-" 24 0
Dec 1 11:24:11 standalone proxy-server[138016]: 172.18.0.2 172.18.0.100 01/Dec/2025/11/24/11 GET /v1/AUTH_76a9511b028f439e984de0e9d18049b6/gnocchi.ad110087-fa6f-4d99-b4b1-199aa9e91644/1763640000.0_mean_300.0_v3 HTTP/1.0 404 - python-swiftclient-3.11.1 gAAAAABpLXpNhVq7... - 70 - txec6f6a616a524df89d84b-00692d7adb - 0.0080 - - 1764588251.647261143 1764588251.655216932 0
Dec 1 11:24:11 standalone container-server[135756]: 172.20.0.100 - - [01/Dec/2025:11:24:11 +0000] "PUT /d1/671/AUTH_76a9511b028f439e984de0e9d18049b6/gnocchi.ad110087-fa6f-4d99-b4b1-199aa9e91644/1763640000.0_mean_300.0_v3" 201 - "PUT http://172.18.0.2:8080/d1/456/AUTH_76a9511b028f439e984de0e9d18049b6/gnocchi.ad110087-fa6f-4d99-b4b1-199aa9e91644/1763640000.0_mean_300.0_v3" "tx83734c853c7143d4b15b6-00692d7adb" "object-server 22" 0.0012 "-" 19 0
Dec 1 11:24:11 standalone object-server[136083]: 172.20.0.100 - - [01/Dec/2025:11:24:11 +0000] "PUT /d1/456/AUTH_76a9511b028f439e984de0e9d18049b6/gnocchi.ad110087-fa6f-4d99-b4b1-199aa9e91644/1763640000.0_mean_300.0_v3" 201 - "PUT http://172.18.0.2:8080/v1/AUTH_76a9511b028f439e984de0e9d18049b6/gnocchi.ad110087-fa6f-4d99-b4b1-199aa9e91644/1763640000.0_mean_300.0_v3" "tx83734c853c7143d4b15b6-00692d7adb" "proxy-server 20" 0.0153 "-" 22 0
Dec 1 11:24:11 standalone proxy-server[138016]: 172.18.0.2 172.18.0.100 01/Dec/2025/11/24/11 PUT /v1/AUTH_76a9511b028f439e984de0e9d18049b6/gnocchi.ad110087-fa6f-4d99-b4b1-199aa9e91644/1763640000.0_mean_300.0_v3 HTTP/1.0 201 - python-swiftclient-3.11.1 gAAAAABpLXpNhVq7... 16 - - tx83734c853c7143d4b15b6-00692d7adb - 0.0240 - - 1764588251.659660816 1764588251.683644533 0
Dec 1 11:24:11 standalone container-server[135783]: 172.20.0.100 - - [01/Dec/2025:11:24:11 +0000] "PUT /d1/671/AUTH_76a9511b028f439e984de0e9d18049b6/gnocchi.ad110087-fa6f-4d99-b4b1-199aa9e91644/none_v3" 201 - "PUT http://172.18.0.2:8080/d1/814/AUTH_76a9511b028f439e984de0e9d18049b6/gnocchi.ad110087-fa6f-4d99-b4b1-199aa9e91644/none_v3" "tx57ee161027644617a0dd0-00692d7adb" "object-server 25" 0.0010 "-" 23 0
Dec 1 11:24:11 standalone object-server[136086]: 172.20.0.100 - - [01/Dec/2025:11:24:11 +0000] "PUT /d1/814/AUTH_76a9511b028f439e984de0e9d18049b6/gnocchi.ad110087-fa6f-4d99-b4b1-199aa9e91644/none_v3" 201 - "PUT http://172.18.0.2:8080/v1/AUTH_76a9511b028f439e984de0e9d18049b6/gnocchi.ad110087-fa6f-4d99-b4b1-199aa9e91644/none_v3" "tx57ee161027644617a0dd0-00692d7adb" "proxy-server 20" 0.0107 "-" 25 0
Dec 1 11:24:11 standalone proxy-server[138016]: 172.18.0.2 172.18.0.100 01/Dec/2025/11/24/11 PUT /v1/AUTH_76a9511b028f439e984de0e9d18049b6/gnocchi.ad110087-fa6f-4d99-b4b1-199aa9e91644/none_v3 HTTP/1.0 201 - python-swiftclient-3.11.1 gAAAAABpLXpNhVq7... 22 - - tx57ee161027644617a0dd0-00692d7adb - 0.0179 - - 1764588251.687677383 1764588251.705551386 0
Dec 1 11:24:11 standalone container-server[135776]: 172.20.0.100 - - [01/Dec/2025:11:24:11 +0000] "HEAD /d1/1007/AUTH_76a9511b028f439e984de0e9d18049b6/gnocchi.ef2c472e-1e0f-4553-80d2-798c4fb1037e" 404 - "HEAD http://172.18.0.2:8080/v1/AUTH_76a9511b028f439e984de0e9d18049b6/gnocchi.ef2c472e-1e0f-4553-80d2-798c4fb1037e?format=json&states=listing" "tx0928d64ad713490a818a1-00692d7adb" "proxy-server 20" 0.0010 "-" 22 0
Dec 1 11:24:11 standalone object-server[136085]: 172.20.0.100 - - [01/Dec/2025:11:24:11 +0000] "GET /d1/213/AUTH_76a9511b028f439e984de0e9d18049b6/gnocchi.ef2c472e-1e0f-4553-80d2-798c4fb1037e/none_v3" 404 70 "GET http://172.18.0.2:8080/v1/AUTH_76a9511b028f439e984de0e9d18049b6/gnocchi.ef2c472e-1e0f-4553-80d2-798c4fb1037e/none_v3" "tx0928d64ad713490a818a1-00692d7adb" "proxy-server 20" 0.0004 "-" 24 0
Dec 1 11:24:11 standalone proxy-server[138016]: 172.18.0.2 172.18.0.100 01/Dec/2025/11/24/11 GET /v1/AUTH_76a9511b028f439e984de0e9d18049b6/gnocchi.ef2c472e-1e0f-4553-80d2-798c4fb1037e/none_v3 HTTP/1.0 404 - python-swiftclient-3.11.1 gAAAAABpLXpNhVq7... - 70 - tx0928d64ad713490a818a1-00692d7adb - 0.0112 - - 1764588251.720058918 1764588251.731249809 0
Dec 1 11:24:11 standalone account-server[135712]: 172.20.0.100 - - [01/Dec/2025:11:24:11 +0000] "PUT /d1/701/AUTH_76a9511b028f439e984de0e9d18049b6/gnocchi.ef2c472e-1e0f-4553-80d2-798c4fb1037e" 201 - "PUT http://172.20.0.100:6001/d1/1007/AUTH_76a9511b028f439e984de0e9d18049b6/gnocchi.ef2c472e-1e0f-4553-80d2-798c4fb1037e" "tx8085b129a4cf4db491371-00692d7adb" "container-server 22" 0.0058 "-" 19 0
Dec 1 11:24:11 standalone container-server[135776]: 172.20.0.100 - - [01/Dec/2025:11:24:11 +0000] "PUT /d1/1007/AUTH_76a9511b028f439e984de0e9d18049b6/gnocchi.ef2c472e-1e0f-4553-80d2-798c4fb1037e" 201 - "PUT http://172.18.0.2:8080/v1/AUTH_76a9511b028f439e984de0e9d18049b6/gnocchi.ef2c472e-1e0f-4553-80d2-798c4fb1037e" "tx8085b129a4cf4db491371-00692d7adb" "proxy-server 20" 0.0233 "-" 22 0
Dec 1 11:24:11 standalone proxy-server[138016]: 172.18.0.2 172.18.0.100 01/Dec/2025/11/24/11 PUT /v1/AUTH_76a9511b028f439e984de0e9d18049b6/gnocchi.ef2c472e-1e0f-4553-80d2-798c4fb1037e HTTP/1.0 201 - python-swiftclient-3.11.1 gAAAAABpLXpNhVq7... - - - tx8085b129a4cf4db491371-00692d7adb - 0.0292 - - 1764588251.734386921 1764588251.763631105 0
Dec 1 11:24:11 standalone container-server[135758]: 172.20.0.100 - - [01/Dec/2025:11:24:11 +0000] "HEAD /d1/1007/AUTH_76a9511b028f439e984de0e9d18049b6/gnocchi.ef2c472e-1e0f-4553-80d2-798c4fb1037e" 204 - "HEAD http://172.18.0.2:8080/v1/AUTH_76a9511b028f439e984de0e9d18049b6/gnocchi.ef2c472e-1e0f-4553-80d2-798c4fb1037e?format=json&states=listing" "txf89de52815ff4354a81b3-00692d7adb" "proxy-server 20" 0.0026 "-" 21 0
Dec 1 11:24:11 standalone proxy-server[138016]: - - 01/Dec/2025/11/24/11 HEAD /v1/AUTH_76a9511b028f439e984de0e9d18049b6/gnocchi.ef2c472e-1e0f-4553-80d2-798c4fb1037e%3Fformat%3Djson%26states%3Dlisting HTTP/1.0 204 - Swift - - - - txf89de52815ff4354a81b3-00692d7adb - 0.0092 RL - 1764588251.769479513 1764588251.778639078 0
Dec 1 11:24:11 standalone container-server[135783]: 172.20.0.100 - - [01/Dec/2025:11:24:11 +0000] "GET /d1/1007/AUTH_76a9511b028f439e984de0e9d18049b6/gnocchi.ef2c472e-1e0f-4553-80d2-798c4fb1037e" 200 2 "GET http://172.18.0.2:8080/v1/AUTH_76a9511b028f439e984de0e9d18049b6/gnocchi.ef2c472e-1e0f-4553-80d2-798c4fb1037e?format=json&states=listing" "txf89de52815ff4354a81b3-00692d7adb" "proxy-server 20" 0.0050 "-" 23 0
Dec 1 11:24:11 standalone proxy-server[138016]: 172.18.0.2 172.18.0.100 01/Dec/2025/11/24/11 GET /v1/AUTH_76a9511b028f439e984de0e9d18049b6/gnocchi.ef2c472e-1e0f-4553-80d2-798c4fb1037e%3Fformat%3Djson%26states%3Dlisting HTTP/1.0 200 - python-swiftclient-3.11.1 gAAAAABpLXpNhVq7... - 2 - txf89de52815ff4354a81b3-00692d7adb - 0.0251 - - 1764588251.768038511 1764588251.793161631 0
Dec 1 11:24:11 standalone object-server[136085]: 172.20.0.100 - - [01/Dec/2025:11:24:11 +0000] "GET /d1/582/AUTH_76a9511b028f439e984de0e9d18049b6/gnocchi.ef2c472e-1e0f-4553-80d2-798c4fb1037e/1763640000.0_mean_300.0_v3" 404 70 "GET http://172.18.0.2:8080/v1/AUTH_76a9511b028f439e984de0e9d18049b6/gnocchi.ef2c472e-1e0f-4553-80d2-798c4fb1037e/1763640000.0_mean_300.0_v3" "tx4dfcde6021714dfc9758d-00692d7adb" "proxy-server 20" 0.0004 "-" 24 0
Dec 1 11:24:11 standalone proxy-server[138016]: 172.18.0.2 172.18.0.100 01/Dec/2025/11/24/11 GET /v1/AUTH_76a9511b028f439e984de0e9d18049b6/gnocchi.ef2c472e-1e0f-4553-80d2-798c4fb1037e/1763640000.0_mean_300.0_v3 HTTP/1.0 404 - python-swiftclient-3.11.1 gAAAAABpLXpNhVq7... - 70 - tx4dfcde6021714dfc9758d-00692d7adb - 0.0072 - - 1764588251.797837257 1764588251.805063486 0
Dec 1 11:24:11 standalone container-server[135758]: 172.20.0.100 - - [01/Dec/2025:11:24:11 +0000] "PUT /d1/1007/AUTH_76a9511b028f439e984de0e9d18049b6/gnocchi.ef2c472e-1e0f-4553-80d2-798c4fb1037e/1763640000.0_mean_300.0_v3" 201 - "PUT http://172.18.0.2:8080/d1/582/AUTH_76a9511b028f439e984de0e9d18049b6/gnocchi.ef2c472e-1e0f-4553-80d2-798c4fb1037e/1763640000.0_mean_300.0_v3" "txdc40ccce1ab544c696b00-00692d7adb" "object-server 24" 0.0009 "-" 21 0
Dec 1 11:24:11 standalone object-server[136085]: 172.20.0.100 - - [01/Dec/2025:11:24:11 +0000] "PUT /d1/582/AUTH_76a9511b028f439e984de0e9d18049b6/gnocchi.ef2c472e-1e0f-4553-80d2-798c4fb1037e/1763640000.0_mean_300.0_v3" 201 - "PUT http://172.18.0.2:8080/v1/AUTH_76a9511b028f439e984de0e9d18049b6/gnocchi.ef2c472e-1e0f-4553-80d2-798c4fb1037e/1763640000.0_mean_300.0_v3" "txdc40ccce1ab544c696b00-00692d7adb" "proxy-server 20" 0.0110 "-" 24 0
Dec 1 11:24:11 standalone proxy-server[138016]: 172.18.0.2 172.18.0.100 01/Dec/2025/11/24/11 PUT /v1/AUTH_76a9511b028f439e984de0e9d18049b6/gnocchi.ef2c472e-1e0f-4553-80d2-798c4fb1037e/1763640000.0_mean_300.0_v3 HTTP/1.0 201 - python-swiftclient-3.11.1 gAAAAABpLXpNhVq7... 16 - - txdc40ccce1ab544c696b00-00692d7adb - 0.0183 - - 1764588251.809373856 1764588251.827653646 0
Dec 1 11:24:11 standalone container-server[135758]: 172.20.0.100 - - [01/Dec/2025:11:24:11 +0000] "PUT /d1/1007/AUTH_76a9511b028f439e984de0e9d18049b6/gnocchi.ef2c472e-1e0f-4553-80d2-798c4fb1037e/none_v3" 201 - "PUT http://172.18.0.2:8080/d1/213/AUTH_76a9511b028f439e984de0e9d18049b6/gnocchi.ef2c472e-1e0f-4553-80d2-798c4fb1037e/none_v3" "tx641842f0ec91492d8ed03-00692d7adb" "object-server 24" 0.0007 "-" 21 0
Dec 1 11:24:11 standalone object-server[136085]: 172.20.0.100 - - [01/Dec/2025:11:24:11 +0000] "PUT /d1/213/AUTH_76a9511b028f439e984de0e9d18049b6/gnocchi.ef2c472e-1e0f-4553-80d2-798c4fb1037e/none_v3" 201 - "PUT http://172.18.0.2:8080/v1/AUTH_76a9511b028f439e984de0e9d18049b6/gnocchi.ef2c472e-1e0f-4553-80d2-798c4fb1037e/none_v3" "tx641842f0ec91492d8ed03-00692d7adb" "proxy-server 20" 0.0101 "-" 24 0
Dec 1 11:24:11 standalone proxy-server[138016]: 172.18.0.2 172.18.0.100 01/Dec/2025/11/24/11 PUT /v1/AUTH_76a9511b028f439e984de0e9d18049b6/gnocchi.ef2c472e-1e0f-4553-80d2-798c4fb1037e/none_v3 HTTP/1.0 201 - python-swiftclient-3.11.1 gAAAAABpLXpNhVq7... 22 - - tx641842f0ec91492d8ed03-00692d7adb - 0.0170 - - 1764588251.831051350 1764588251.848033428 0
Dec 1 11:24:11 standalone container-server[135756]: 172.20.0.100 - - [01/Dec/2025:11:24:11 +0000] "HEAD /d1/445/AUTH_76a9511b028f439e984de0e9d18049b6/gnocchi.0a979eb4-ee39-4465-b2f6-e82579dd198f" 404 - "HEAD http://172.18.0.2:8080/v1/AUTH_76a9511b028f439e984de0e9d18049b6/gnocchi.0a979eb4-ee39-4465-b2f6-e82579dd198f?format=json&states=listing" "tx8c86ebf1781c4f39b2e39-00692d7adb" "proxy-server 20" 0.0008 "-" 19 0
Dec 1 11:24:11 standalone object-server[136086]: 172.20.0.100 - - [01/Dec/2025:11:24:11 +0000] "GET /d1/519/AUTH_76a9511b028f439e984de0e9d18049b6/gnocchi.0a979eb4-ee39-4465-b2f6-e82579dd198f/none_v3" 404 70 "GET http://172.18.0.2:8080/v1/AUTH_76a9511b028f439e984de0e9d18049b6/gnocchi.0a979eb4-ee39-4465-b2f6-e82579dd198f/none_v3" "tx8c86ebf1781c4f39b2e39-00692d7adb" "proxy-server 20" 0.0006 "-" 25 0
Dec 1 11:24:11 standalone proxy-server[138016]: 172.18.0.2 172.18.0.100 01/Dec/2025/11/24/11 GET /v1/AUTH_76a9511b028f439e984de0e9d18049b6/gnocchi.0a979eb4-ee39-4465-b2f6-e82579dd198f/none_v3 HTTP/1.0 404 - python-swiftclient-3.11.1 gAAAAABpLXpNhVq7... - 70 - tx8c86ebf1781c4f39b2e39-00692d7adb - 0.0153 - - 1764588251.867347002 1764588251.882671356 0
Dec 1 11:24:11 standalone account-server[135741]: 172.20.0.100 - - [01/Dec/2025:11:24:11 +0000] "PUT /d1/701/AUTH_76a9511b028f439e984de0e9d18049b6/gnocchi.0a979eb4-ee39-4465-b2f6-e82579dd198f" 201 - "PUT http://172.20.0.100:6001/d1/445/AUTH_76a9511b028f439e984de0e9d18049b6/gnocchi.0a979eb4-ee39-4465-b2f6-e82579dd198f" "txc221d827aad94ba29fbd3-00692d7adb" "container-server 23" 0.0080 "-" 22 0
Dec 1 11:24:11 standalone container-server[135783]: 172.20.0.100 - - [01/Dec/2025:11:24:11 +0000] "PUT /d1/445/AUTH_76a9511b028f439e984de0e9d18049b6/gnocchi.0a979eb4-ee39-4465-b2f6-e82579dd198f" 201 - "PUT http://172.18.0.2:8080/v1/AUTH_76a9511b028f439e984de0e9d18049b6/gnocchi.0a979eb4-ee39-4465-b2f6-e82579dd198f" "txc221d827aad94ba29fbd3-00692d7adb" "proxy-server 20" 0.0211 "-" 23 0
Dec 1 11:24:11 standalone proxy-server[138016]: 172.18.0.2 172.18.0.100 01/Dec/2025/11/24/11 PUT /v1/AUTH_76a9511b028f439e984de0e9d18049b6/gnocchi.0a979eb4-ee39-4465-b2f6-e82579dd198f HTTP/1.0 201 - python-swiftclient-3.11.1 gAAAAABpLXpNhVq7... - - - txc221d827aad94ba29fbd3-00692d7adb - 0.0277 - - 1764588251.886762142 1764588251.914485216 0
Dec 1 11:24:11 standalone container-server[135776]: 172.20.0.100 - - [01/Dec/2025:11:24:11 +0000] "HEAD /d1/445/AUTH_76a9511b028f439e984de0e9d18049b6/gnocchi.0a979eb4-ee39-4465-b2f6-e82579dd198f" 204 - "HEAD http://172.18.0.2:8080/v1/AUTH_76a9511b028f439e984de0e9d18049b6/gnocchi.0a979eb4-ee39-4465-b2f6-e82579dd198f?format=json&states=listing" "tx3e0cf516aca84c28ab4f2-00692d7adb" "proxy-server 20" 0.0018 "-" 22 0
Dec 1 11:24:11 standalone proxy-server[138016]: - - 01/Dec/2025/11/24/11 HEAD /v1/AUTH_76a9511b028f439e984de0e9d18049b6/gnocchi.0a979eb4-ee39-4465-b2f6-e82579dd198f%3Fformat%3Djson%26states%3Dlisting HTTP/1.0 204 - Swift - - - - tx3e0cf516aca84c28ab4f2-00692d7adb - 0.0064 RL - 1764588251.921565294 1764588251.927938700 0
Dec 1 11:24:11 standalone container-server[135776]: 172.20.0.100 - - [01/Dec/2025:11:24:11 +0000] "GET /d1/445/AUTH_76a9511b028f439e984de0e9d18049b6/gnocchi.0a979eb4-ee39-4465-b2f6-e82579dd198f" 200 2 "GET http://172.18.0.2:8080/v1/AUTH_76a9511b028f439e984de0e9d18049b6/gnocchi.0a979eb4-ee39-4465-b2f6-e82579dd198f?format=json&states=listing" "tx3e0cf516aca84c28ab4f2-00692d7adb" "proxy-server 20" 0.0023 "-" 22 0
Dec 1 11:24:11 standalone proxy-server[138016]: 172.18.0.2 172.18.0.100 01/Dec/2025/11/24/11 GET /v1/AUTH_76a9511b028f439e984de0e9d18049b6/gnocchi.0a979eb4-ee39-4465-b2f6-e82579dd198f%3Fformat%3Djson%26states%3Dlisting HTTP/1.0 200 - python-swiftclient-3.11.1 gAAAAABpLXpNhVq7... - 2 - tx3e0cf516aca84c28ab4f2-00692d7adb - 0.0177 - - 1764588251.919982433 1764588251.937676430 0
Dec 1 11:24:11 standalone object-server[136083]: 172.20.0.100 - - [01/Dec/2025:11:24:11 +0000] "GET /d1/787/AUTH_76a9511b028f439e984de0e9d18049b6/gnocchi.0a979eb4-ee39-4465-b2f6-e82579dd198f/1763640000.0_mean_300.0_v3" 404 70 "GET http://172.18.0.2:8080/v1/AUTH_76a9511b028f439e984de0e9d18049b6/gnocchi.0a979eb4-ee39-4465-b2f6-e82579dd198f/1763640000.0_mean_300.0_v3" "txae82925990d04f558d77f-00692d7adb" "proxy-server 20" 0.0005 "-" 22 0
Dec 1 11:24:11 standalone proxy-server[138016]: 172.18.0.2 172.18.0.100 01/Dec/2025/11/24/11 GET /v1/AUTH_76a9511b028f439e984de0e9d18049b6/gnocchi.0a979eb4-ee39-4465-b2f6-e82579dd198f/1763640000.0_mean_300.0_v3 HTTP/1.0 404 - python-swiftclient-3.11.1 gAAAAABpLXpNhVq7... - 70 - txae82925990d04f558d77f-00692d7adb - 0.0088 - - 1764588251.943375587 1764588251.952166319 0
Dec 1 11:24:11 standalone container-server[135756]: 172.20.0.100 - - [01/Dec/2025:11:24:11 +0000] "PUT /d1/445/AUTH_76a9511b028f439e984de0e9d18049b6/gnocchi.0a979eb4-ee39-4465-b2f6-e82579dd198f/1763640000.0_mean_300.0_v3" 201 - "PUT http://172.18.0.2:8080/d1/787/AUTH_76a9511b028f439e984de0e9d18049b6/gnocchi.0a979eb4-ee39-4465-b2f6-e82579dd198f/1763640000.0_mean_300.0_v3" "txf087316f00c94ba6aa154-00692d7adb" "object-server 25" 0.0013 "-" 19 0
Dec 1 11:24:11 standalone object-server[136086]: 172.20.0.100 - - [01/Dec/2025:11:24:11 +0000] "PUT /d1/787/AUTH_76a9511b028f439e984de0e9d18049b6/gnocchi.0a979eb4-ee39-4465-b2f6-e82579dd198f/1763640000.0_mean_300.0_v3" 201 - "PUT http://172.18.0.2:8080/v1/AUTH_76a9511b028f439e984de0e9d18049b6/gnocchi.0a979eb4-ee39-4465-b2f6-e82579dd198f/1763640000.0_mean_300.0_v3" "txf087316f00c94ba6aa154-00692d7adb" "proxy-server 20" 0.0140 "-" 25 0
Dec 1 11:24:11 standalone proxy-server[138016]: 172.18.0.2 172.18.0.100 01/Dec/2025/11/24/11 PUT /v1/AUTH_76a9511b028f439e984de0e9d18049b6/gnocchi.0a979eb4-ee39-4465-b2f6-e82579dd198f/1763640000.0_mean_300.0_v3 HTTP/1.0 201 - python-swiftclient-3.11.1 gAAAAABpLXpNhVq7... 16 - - txf087316f00c94ba6aa154-00692d7adb - 0.0223 - - 1764588251.956772566 1764588251.979083538 0
Dec 1 11:24:12 standalone container-server[135776]: 172.20.0.100 - - [01/Dec/2025:11:24:12 +0000] "PUT /d1/445/AUTH_76a9511b028f439e984de0e9d18049b6/gnocchi.0a979eb4-ee39-4465-b2f6-e82579dd198f/none_v3" 201 - "PUT http://172.18.0.2:8080/d1/519/AUTH_76a9511b028f439e984de0e9d18049b6/gnocchi.0a979eb4-ee39-4465-b2f6-e82579dd198f/none_v3" "txaabc663509db4665bfffa-00692d7adb" "object-server 22" 0.0006 "-" 22 0
Dec 1 11:24:12 standalone object-server[136083]: 172.20.0.100 - - [01/Dec/2025:11:24:12 +0000] "PUT /d1/519/AUTH_76a9511b028f439e984de0e9d18049b6/gnocchi.0a979eb4-ee39-4465-b2f6-e82579dd198f/none_v3" 201 - "PUT http://172.18.0.2:8080/v1/AUTH_76a9511b028f439e984de0e9d18049b6/gnocchi.0a979eb4-ee39-4465-b2f6-e82579dd198f/none_v3" "txaabc663509db4665bfffa-00692d7adb" "proxy-server 20" 0.0103 "-" 22 0
Dec 1 11:24:12 standalone proxy-server[138016]: 172.18.0.2 172.18.0.100 01/Dec/2025/11/24/12 PUT /v1/AUTH_76a9511b028f439e984de0e9d18049b6/gnocchi.0a979eb4-ee39-4465-b2f6-e82579dd198f/none_v3 HTTP/1.0 201 - python-swiftclient-3.11.1 gAAAAABpLXpNhVq7... 22 - - txaabc663509db4665bfffa-00692d7adb - 0.0187 - - 1764588251.984202385 1764588252.002883434 0
Dec 1 11:24:12 standalone container-server[135758]: 172.20.0.100 - - [01/Dec/2025:11:24:12 +0000] "HEAD /d1/357/AUTH_76a9511b028f439e984de0e9d18049b6/gnocchi.8e482473-b5da-45a0-abaa-94435aa3a450" 404 - "HEAD http://172.18.0.2:8080/v1/AUTH_76a9511b028f439e984de0e9d18049b6/gnocchi.8e482473-b5da-45a0-abaa-94435aa3a450?format=json&states=listing" "tx8a878d00bc4048a9a545d-00692d7adc" "proxy-server 20" 0.0008 "-" 21 0
Dec 1 11:24:12 standalone object-server[136085]: 172.20.0.100 - - [01/Dec/2025:11:24:12 +0000] "GET /d1/75/AUTH_76a9511b028f439e984de0e9d18049b6/gnocchi.8e482473-b5da-45a0-abaa-94435aa3a450/none_v3" 404 70 "GET http://172.18.0.2:8080/v1/AUTH_76a9511b028f439e984de0e9d18049b6/gnocchi.8e482473-b5da-45a0-abaa-94435aa3a450/none_v3" "tx8a878d00bc4048a9a545d-00692d7adc" "proxy-server 20" 0.0007 "-" 24 0
Dec 1 11:24:12 standalone proxy-server[138016]: 172.18.0.2 172.18.0.100 01/Dec/2025/11/24/12 GET /v1/AUTH_76a9511b028f439e984de0e9d18049b6/gnocchi.8e482473-b5da-45a0-abaa-94435aa3a450/none_v3 HTTP/1.0 404 - python-swiftclient-3.11.1 gAAAAABpLXpNhVq7... - 70 - tx8a878d00bc4048a9a545d-00692d7adc - 0.0168 - - 1764588252.017455816 1764588252.034275532 0
Dec 1 11:24:12 standalone account-server[135735]: 172.20.0.100 - - [01/Dec/2025:11:24:12 +0000] "PUT /d1/701/AUTH_76a9511b028f439e984de0e9d18049b6/gnocchi.8e482473-b5da-45a0-abaa-94435aa3a450" 201 - "PUT http://172.20.0.100:6001/d1/357/AUTH_76a9511b028f439e984de0e9d18049b6/gnocchi.8e482473-b5da-45a0-abaa-94435aa3a450" "tx4dd711c59d9143cabe241-00692d7adc" "container-server 21" 0.0056 "-" 20 0
Dec 1 11:24:12 standalone container-server[135758]: 172.20.0.100 - - [01/Dec/2025:11:24:12 +0000] "PUT /d1/357/AUTH_76a9511b028f439e984de0e9d18049b6/gnocchi.8e482473-b5da-45a0-abaa-94435aa3a450" 201 - "PUT http://172.18.0.2:8080/v1/AUTH_76a9511b028f439e984de0e9d18049b6/gnocchi.8e482473-b5da-45a0-abaa-94435aa3a450" "tx4dd711c59d9143cabe241-00692d7adc" "proxy-server 20" 0.0218 "-" 21 0
Dec 1 11:24:12 standalone proxy-server[138016]: 172.18.0.2 172.18.0.100 01/Dec/2025/11/24/12 PUT /v1/AUTH_76a9511b028f439e984de0e9d18049b6/gnocchi.8e482473-b5da-45a0-abaa-94435aa3a450 HTTP/1.0 201 - python-swiftclient-3.11.1 gAAAAABpLXpNhVq7... - - - tx4dd711c59d9143cabe241-00692d7adc - 0.0302 - - 1764588252.038268566 1764588252.068476200 0
Dec 1 11:24:12 standalone container-server[135756]: 172.20.0.100 - - [01/Dec/2025:11:24:12 +0000] "HEAD /d1/357/AUTH_76a9511b028f439e984de0e9d18049b6/gnocchi.8e482473-b5da-45a0-abaa-94435aa3a450" 204 - "HEAD http://172.18.0.2:8080/v1/AUTH_76a9511b028f439e984de0e9d18049b6/gnocchi.8e482473-b5da-45a0-abaa-94435aa3a450?format=json&states=listing" "txdab02e7968f64523bd065-00692d7adc" "proxy-server 20" 0.0025 "-" 19 0
Dec 1 11:24:12 standalone proxy-server[138016]: - - 01/Dec/2025/11/24/12 HEAD /v1/AUTH_76a9511b028f439e984de0e9d18049b6/gnocchi.8e482473-b5da-45a0-abaa-94435aa3a450%3Fformat%3Djson%26states%3Dlisting HTTP/1.0 204 - Swift - - - - txdab02e7968f64523bd065-00692d7adc - 0.0084 RL - 1764588252.074601412 1764588252.082983017 0
Dec 1 11:24:12 standalone container-server[135783]: 172.20.0.100 - - [01/Dec/2025:11:24:12 +0000] "GET /d1/357/AUTH_76a9511b028f439e984de0e9d18049b6/gnocchi.8e482473-b5da-45a0-abaa-94435aa3a450" 200 2 "GET http://172.18.0.2:8080/v1/AUTH_76a9511b028f439e984de0e9d18049b6/gnocchi.8e482473-b5da-45a0-abaa-94435aa3a450?format=json&states=listing" "txdab02e7968f64523bd065-00692d7adc" "proxy-server 20" 0.0036 "-" 23 0
Dec 1 11:24:12 standalone proxy-server[138016]: 172.18.0.2 172.18.0.100 01/Dec/2025/11/24/12 GET /v1/AUTH_76a9511b028f439e984de0e9d18049b6/gnocchi.8e482473-b5da-45a0-abaa-94435aa3a450%3Fformat%3Djson%26states%3Dlisting HTTP/1.0 200 - python-swiftclient-3.11.1 gAAAAABpLXpNhVq7... - 2 - txdab02e7968f64523bd065-00692d7adc - 0.0230 - - 1764588252.072379112 1764588252.095413208 0
Dec 1 11:24:12 standalone object-server[136086]: 172.20.0.100 - - [01/Dec/2025:11:24:12 +0000] "GET /d1/495/AUTH_76a9511b028f439e984de0e9d18049b6/gnocchi.8e482473-b5da-45a0-abaa-94435aa3a450/1763640000.0_mean_300.0_v3" 404 70 "GET http://172.18.0.2:8080/v1/AUTH_76a9511b028f439e984de0e9d18049b6/gnocchi.8e482473-b5da-45a0-abaa-94435aa3a450/1763640000.0_mean_300.0_v3" "tx70feb4f393404507920be-00692d7adc" "proxy-server 20" 0.0007 "-" 25 0
Dec 1 11:24:12 standalone proxy-server[138016]: 172.18.0.2 172.18.0.100 01/Dec/2025/11/24/12 GET /v1/AUTH_76a9511b028f439e984de0e9d18049b6/gnocchi.8e482473-b5da-45a0-abaa-94435aa3a450/1763640000.0_mean_300.0_v3 HTTP/1.0 404 - python-swiftclient-3.11.1 gAAAAABpLXpNhVq7... - 70 - tx70feb4f393404507920be-00692d7adc - 0.0135 - - 1764588252.100156784 1764588252.113644600 0
Dec 1 11:24:12 standalone container-server[135776]: 172.20.0.100 - - [01/Dec/2025:11:24:12 +0000] "PUT /d1/357/AUTH_76a9511b028f439e984de0e9d18049b6/gnocchi.8e482473-b5da-45a0-abaa-94435aa3a450/1763640000.0_mean_300.0_v3" 201 - "PUT http://172.18.0.2:8080/d1/495/AUTH_76a9511b028f439e984de0e9d18049b6/gnocchi.8e482473-b5da-45a0-abaa-94435aa3a450/1763640000.0_mean_300.0_v3" "txd2b3bc0dcef2417ebe2f7-00692d7adc" "object-server 24" 0.0010 "-" 22 0
Dec 1 11:24:12 standalone object-server[136085]: 172.20.0.100 - - [01/Dec/2025:11:24:12 +0000] "PUT /d1/495/AUTH_76a9511b028f439e984de0e9d18049b6/gnocchi.8e482473-b5da-45a0-abaa-94435aa3a450/1763640000.0_mean_300.0_v3" 201 - "PUT http://172.18.0.2:8080/v1/AUTH_76a9511b028f439e984de0e9d18049b6/gnocchi.8e482473-b5da-45a0-abaa-94435aa3a450/1763640000.0_mean_300.0_v3" "txd2b3bc0dcef2417ebe2f7-00692d7adc" "proxy-server 20" 0.0122 "-" 24 0
Dec 1 11:24:12 standalone proxy-server[138016]: 172.18.0.2 172.18.0.100 01/Dec/2025/11/24/12 PUT /v1/AUTH_76a9511b028f439e984de0e9d18049b6/gnocchi.8e482473-b5da-45a0-abaa-94435aa3a450/1763640000.0_mean_300.0_v3 HTTP/1.0 201 - python-swiftclient-3.11.1 gAAAAABpLXpNhVq7... 16 - - txd2b3bc0dcef2417ebe2f7-00692d7adc - 0.0209 - - 1764588252.117561102 1764588252.138471365 0
Dec 1 11:24:12 standalone container-server[135758]: 172.20.0.100 - - [01/Dec/2025:11:24:12 +0000] "PUT /d1/357/AUTH_76a9511b028f439e984de0e9d18049b6/gnocchi.8e482473-b5da-45a0-abaa-94435aa3a450/none_v3" 201 - "PUT http://172.18.0.2:8080/d1/75/AUTH_76a9511b028f439e984de0e9d18049b6/gnocchi.8e482473-b5da-45a0-abaa-94435aa3a450/none_v3" "tx3a8b1fa6251e450c8d942-00692d7adc" "object-server 22" 0.0009 "-" 21 0
Dec 1 11:24:12 standalone object-server[136083]: 172.20.0.100 - - [01/Dec/2025:11:24:12 +0000] "PUT /d1/75/AUTH_76a9511b028f439e984de0e9d18049b6/gnocchi.8e482473-b5da-45a0-abaa-94435aa3a450/none_v3" 201 - "PUT http://172.18.0.2:8080/v1/AUTH_76a9511b028f439e984de0e9d18049b6/gnocchi.8e482473-b5da-45a0-abaa-94435aa3a450/none_v3" "tx3a8b1fa6251e450c8d942-00692d7adc" "proxy-server 20" 0.0105 "-" 22 0
Dec 1 11:24:12 standalone proxy-server[138016]: 172.18.0.2 172.18.0.100 01/Dec/2025/11/24/12 PUT /v1/AUTH_76a9511b028f439e984de0e9d18049b6/gnocchi.8e482473-b5da-45a0-abaa-94435aa3a450/none_v3 HTTP/1.0 201 - python-swiftclient-3.11.1 gAAAAABpLXpNhVq7... 22 - - tx3a8b1fa6251e450c8d942-00692d7adc - 0.0179 - - 1764588252.142326355 1764588252.160211802 0
Dec 1 11:24:12 standalone container-server[135756]: 172.20.0.100 - - [01/Dec/2025:11:24:12 +0000] "HEAD /d1/283/AUTH_76a9511b028f439e984de0e9d18049b6/gnocchi.fdf23b03-9815-4b35-bd0d-2145b8f4917b" 404 - "HEAD http://172.18.0.2:8080/v1/AUTH_76a9511b028f439e984de0e9d18049b6/gnocchi.fdf23b03-9815-4b35-bd0d-2145b8f4917b?format=json&states=listing" "tx6f030bd76da24628a17d0-00692d7adc" "proxy-server 20" 0.0007 "-" 19 0
Dec 1 11:24:12 standalone object-server[136084]: 172.20.0.100 - - [01/Dec/2025:11:24:12 +0000] "GET /d1/806/AUTH_76a9511b028f439e984de0e9d18049b6/gnocchi.fdf23b03-9815-4b35-bd0d-2145b8f4917b/none_v3" 404 70 "GET http://172.18.0.2:8080/v1/AUTH_76a9511b028f439e984de0e9d18049b6/gnocchi.fdf23b03-9815-4b35-bd0d-2145b8f4917b/none_v3" "tx6f030bd76da24628a17d0-00692d7adc" "proxy-server 20" 0.0006 "-" 23 0
Dec 1 11:24:12 standalone proxy-server[138016]: 172.18.0.2 172.18.0.100 01/Dec/2025/11/24/12 GET /v1/AUTH_76a9511b028f439e984de0e9d18049b6/gnocchi.fdf23b03-9815-4b35-bd0d-2145b8f4917b/none_v3 HTTP/1.0 404 - python-swiftclient-3.11.1 gAAAAABpLXpNhVq7... - 70 - tx6f030bd76da24628a17d0-00692d7adc - 0.0146 - - 1764588252.173228979 1764588252.187861919 0
Dec 1 11:24:12 standalone account-server[135741]: 172.20.0.100 - - [01/Dec/2025:11:24:12 +0000] "PUT /d1/701/AUTH_76a9511b028f439e984de0e9d18049b6/gnocchi.fdf23b03-9815-4b35-bd0d-2145b8f4917b" 201 - "PUT http://172.20.0.100:6001/d1/283/AUTH_76a9511b028f439e984de0e9d18049b6/gnocchi.fdf23b03-9815-4b35-bd0d-2145b8f4917b" "tx2adc7bd75d404e2790404-00692d7adc" "container-server 23" 0.0078 "-" 22 0
Dec 1 11:24:12 standalone container-server[135783]: 172.20.0.100 - - [01/Dec/2025:11:24:12 +0000] "PUT /d1/283/AUTH_76a9511b028f439e984de0e9d18049b6/gnocchi.fdf23b03-9815-4b35-bd0d-2145b8f4917b" 201 - "PUT http://172.18.0.2:8080/v1/AUTH_76a9511b028f439e984de0e9d18049b6/gnocchi.fdf23b03-9815-4b35-bd0d-2145b8f4917b" "tx2adc7bd75d404e2790404-00692d7adc" "proxy-server 20" 0.0184 "-" 23 0
Dec 1 11:24:12 standalone proxy-server[138016]: 172.18.0.2 172.18.0.100 01/Dec/2025/11/24/12 PUT /v1/AUTH_76a9511b028f439e984de0e9d18049b6/gnocchi.fdf23b03-9815-4b35-bd0d-2145b8f4917b HTTP/1.0 201 - python-swiftclient-3.11.1 gAAAAABpLXpNhVq7... - - - tx2adc7bd75d404e2790404-00692d7adc - 0.0248 - - 1764588252.191287279 1764588252.216105938 0
Dec 1 11:24:12 standalone container-server[135776]: 172.20.0.100 - - [01/Dec/2025:11:24:12 +0000] "HEAD /d1/283/AUTH_76a9511b028f439e984de0e9d18049b6/gnocchi.fdf23b03-9815-4b35-bd0d-2145b8f4917b" 204 - "HEAD http://172.18.0.2:8080/v1/AUTH_76a9511b028f439e984de0e9d18049b6/gnocchi.fdf23b03-9815-4b35-bd0d-2145b8f4917b?format=json&states=listing" "txee5242bdb9dc451383cca-00692d7adc" "proxy-server 20" 0.0013 "-" 22 0
Dec 1 11:24:12 standalone proxy-server[138016]: - - 01/Dec/2025/11/24/12 HEAD /v1/AUTH_76a9511b028f439e984de0e9d18049b6/gnocchi.fdf23b03-9815-4b35-bd0d-2145b8f4917b%3Fformat%3Djson%26states%3Dlisting HTTP/1.0 204 - Swift - - - - txee5242bdb9dc451383cca-00692d7adc - 0.0056 RL - 1764588252.221998930 1764588252.227562904 0
Dec 1 11:24:12 standalone container-server[135783]: 172.20.0.100 - - [01/Dec/2025:11:24:12 +0000] "GET /d1/283/AUTH_76a9511b028f439e984de0e9d18049b6/gnocchi.fdf23b03-9815-4b35-bd0d-2145b8f4917b" 200 2 "GET http://172.18.0.2:8080/v1/AUTH_76a9511b028f439e984de0e9d18049b6/gnocchi.fdf23b03-9815-4b35-bd0d-2145b8f4917b?format=json&states=listing" "txee5242bdb9dc451383cca-00692d7adc" "proxy-server 20" 0.0019 "-" 23 0
Dec 1 11:24:12 standalone proxy-server[138016]: 172.18.0.2 172.18.0.100 01/Dec/2025/11/24/12 GET /v1/AUTH_76a9511b028f439e984de0e9d18049b6/gnocchi.fdf23b03-9815-4b35-bd0d-2145b8f4917b%3Fformat%3Djson%26states%3Dlisting HTTP/1.0 200 - python-swiftclient-3.11.1 gAAAAABpLXpNhVq7... - 2 - txee5242bdb9dc451383cca-00692d7adc - 0.0179 - - 1764588252.220399380 1764588252.238279581 0
Dec 1 11:24:12 standalone object-server[136086]: 172.20.0.100 - - [01/Dec/2025:11:24:12 +0000] "GET /d1/178/AUTH_76a9511b028f439e984de0e9d18049b6/gnocchi.fdf23b03-9815-4b35-bd0d-2145b8f4917b/1763640000.0_mean_300.0_v3" 404 70 "GET http://172.18.0.2:8080/v1/AUTH_76a9511b028f439e984de0e9d18049b6/gnocchi.fdf23b03-9815-4b35-bd0d-2145b8f4917b/1763640000.0_mean_300.0_v3" "tx85ad89a885e1426484118-00692d7adc" "proxy-server 20" 0.0006 "-" 25 0
Dec 1 11:24:12 standalone proxy-server[138016]: 172.18.0.2 172.18.0.100 01/Dec/2025/11/24/12 GET /v1/AUTH_76a9511b028f439e984de0e9d18049b6/gnocchi.fdf23b03-9815-4b35-bd0d-2145b8f4917b/1763640000.0_mean_300.0_v3 HTTP/1.0 404 - python-swiftclient-3.11.1 gAAAAABpLXpNhVq7... - 70 - tx85ad89a885e1426484118-00692d7adc - 0.0085 - - 1764588252.242671728 1764588252.251167774 0
Dec 1 11:24:12 standalone container-server[135776]: 172.20.0.100 - - [01/Dec/2025:11:24:12 +0000] "PUT /d1/283/AUTH_76a9511b028f439e984de0e9d18049b6/gnocchi.fdf23b03-9815-4b35-bd0d-2145b8f4917b/1763640000.0_mean_300.0_v3" 201 - "PUT http://172.18.0.2:8080/d1/178/AUTH_76a9511b028f439e984de0e9d18049b6/gnocchi.fdf23b03-9815-4b35-bd0d-2145b8f4917b/1763640000.0_mean_300.0_v3" "tx2ad81e2a9c8b4a98a5490-00692d7adc" "object-server 23" 0.0009 "-" 22 0
Dec 1 11:24:12 standalone object-server[136084]: 172.20.0.100 - - [01/Dec/2025:11:24:12 +0000] "PUT /d1/178/AUTH_76a9511b028f439e984de0e9d18049b6/gnocchi.fdf23b03-9815-4b35-bd0d-2145b8f4917b/1763640000.0_mean_300.0_v3" 201 - "PUT http://172.18.0.2:8080/v1/AUTH_76a9511b028f439e984de0e9d18049b6/gnocchi.fdf23b03-9815-4b35-bd0d-2145b8f4917b/1763640000.0_mean_300.0_v3" "tx2ad81e2a9c8b4a98a5490-00692d7adc" "proxy-server 20" 0.0101 "-" 23 0
Dec 1 11:24:12 standalone proxy-server[138016]: 172.18.0.2 172.18.0.100 01/Dec/2025/11/24/12 PUT /v1/AUTH_76a9511b028f439e984de0e9d18049b6/gnocchi.fdf23b03-9815-4b35-bd0d-2145b8f4917b/1763640000.0_mean_300.0_v3 HTTP/1.0 201 - python-swiftclient-3.11.1 gAAAAABpLXpNhVq7... 16 - - tx2ad81e2a9c8b4a98a5490-00692d7adc - 0.0157 - - 1764588252.254951954 1764588252.270654917 0
Dec 1 11:24:12 standalone container-server[135758]: 172.20.0.100 - - [01/Dec/2025:11:24:12 +0000] "PUT /d1/283/AUTH_76a9511b028f439e984de0e9d18049b6/gnocchi.fdf23b03-9815-4b35-bd0d-2145b8f4917b/none_v3" 201 - "PUT http://172.18.0.2:8080/d1/806/AUTH_76a9511b028f439e984de0e9d18049b6/gnocchi.fdf23b03-9815-4b35-bd0d-2145b8f4917b/none_v3" "tx66e35c6ca72744e5a0ea7-00692d7adc" "object-server 22" 0.0008 "-" 21 0
Dec 1 11:24:12 standalone object-server[136083]: 172.20.0.100 - - [01/Dec/2025:11:24:12 +0000] "PUT /d1/806/AUTH_76a9511b028f439e984de0e9d18049b6/gnocchi.fdf23b03-9815-4b35-bd0d-2145b8f4917b/none_v3" 201 - "PUT http://172.18.0.2:8080/v1/AUTH_76a9511b028f439e984de0e9d18049b6/gnocchi.fdf23b03-9815-4b35-bd0d-2145b8f4917b/none_v3" "tx66e35c6ca72744e5a0ea7-00692d7adc" "proxy-server 20" 0.0134 "-" 22 0
Dec 1 11:24:12 standalone proxy-server[138016]: 172.18.0.2 172.18.0.100 01/Dec/2025/11/24/12 PUT /v1/AUTH_76a9511b028f439e984de0e9d18049b6/gnocchi.fdf23b03-9815-4b35-bd0d-2145b8f4917b/none_v3 HTTP/1.0 201 - python-swiftclient-3.11.1 gAAAAABpLXpNhVq7... 22 - - tx66e35c6ca72744e5a0ea7-00692d7adc - 0.0374 - - 1764588252.274220228 1764588252.311603308 0
Dec 1 11:24:12 standalone container-server[135783]: 172.20.0.100 - - [01/Dec/2025:11:24:12 +0000] "HEAD /d1/789/AUTH_76a9511b028f439e984de0e9d18049b6/gnocchi.516f2e9e-83b2-4a71-84b9-b492f9623cd1" 404 - "HEAD http://172.18.0.2:8080/v1/AUTH_76a9511b028f439e984de0e9d18049b6/gnocchi.516f2e9e-83b2-4a71-84b9-b492f9623cd1?format=json&states=listing" "tx00684edfa8d04c108b679-00692d7adc" "proxy-server 20" 0.0005 "-" 23 0
Dec 1 11:24:12 standalone object-server[136083]: 172.20.0.100 - - [01/Dec/2025:11:24:12 +0000] "GET /d1/684/AUTH_76a9511b028f439e984de0e9d18049b6/gnocchi.516f2e9e-83b2-4a71-84b9-b492f9623cd1/none_v3" 404 70 "GET http://172.18.0.2:8080/v1/AUTH_76a9511b028f439e984de0e9d18049b6/gnocchi.516f2e9e-83b2-4a71-84b9-b492f9623cd1/none_v3" "tx00684edfa8d04c108b679-00692d7adc" "proxy-server 20" 0.0011 "-" 22 0
Dec 1 11:24:12 standalone proxy-server[138016]: 172.18.0.2 172.18.0.100 01/Dec/2025/11/24/12 GET /v1/AUTH_76a9511b028f439e984de0e9d18049b6/gnocchi.516f2e9e-83b2-4a71-84b9-b492f9623cd1/none_v3 HTTP/1.0 404 - python-swiftclient-3.11.1 gAAAAABpLXpNhVq7... - 70 - tx00684edfa8d04c108b679-00692d7adc - 0.0179 - - 1764588252.327398062 1764588252.345316887 0
Dec 1 11:24:12 standalone account-server[135741]: 172.20.0.100 - - [01/Dec/2025:11:24:12 +0000] "PUT /d1/701/AUTH_76a9511b028f439e984de0e9d18049b6/gnocchi.516f2e9e-83b2-4a71-84b9-b492f9623cd1" 201 - "PUT http://172.20.0.100:6001/d1/789/AUTH_76a9511b028f439e984de0e9d18049b6/gnocchi.516f2e9e-83b2-4a71-84b9-b492f9623cd1" "tx382b3a9acd734c6da98cf-00692d7adc" "container-server 22" 0.0065 "-" 22 0
Dec 1 11:24:12 standalone container-server[135776]: 172.20.0.100 - - [01/Dec/2025:11:24:12 +0000] "PUT /d1/789/AUTH_76a9511b028f439e984de0e9d18049b6/gnocchi.516f2e9e-83b2-4a71-84b9-b492f9623cd1" 201 - "PUT http://172.18.0.2:8080/v1/AUTH_76a9511b028f439e984de0e9d18049b6/gnocchi.516f2e9e-83b2-4a71-84b9-b492f9623cd1" "tx382b3a9acd734c6da98cf-00692d7adc" "proxy-server 20" 0.0243 "-" 22 0
Dec 1 11:24:12 standalone proxy-server[138016]: 172.18.0.2 172.18.0.100 01/Dec/2025/11/24/12 PUT /v1/AUTH_76a9511b028f439e984de0e9d18049b6/gnocchi.516f2e9e-83b2-4a71-84b9-b492f9623cd1 HTTP/1.0 201 - python-swiftclient-3.11.1 gAAAAABpLXpNhVq7... - - - tx382b3a9acd734c6da98cf-00692d7adc - 0.0335 - - 1764588252.348913431 1764588252.382364273 0
Dec 1 11:24:12 standalone container-server[135758]: 172.20.0.100 - - [01/Dec/2025:11:24:12 +0000] "HEAD /d1/789/AUTH_76a9511b028f439e984de0e9d18049b6/gnocchi.516f2e9e-83b2-4a71-84b9-b492f9623cd1" 204 - "HEAD http://172.18.0.2:8080/v1/AUTH_76a9511b028f439e984de0e9d18049b6/gnocchi.516f2e9e-83b2-4a71-84b9-b492f9623cd1?format=json&states=listing" "tx7f955eb1284444daab4b1-00692d7adc" "proxy-server 20" 0.0023 "-" 21 0
Dec 1 11:24:12 standalone proxy-server[138016]: - - 01/Dec/2025/11/24/12 HEAD /v1/AUTH_76a9511b028f439e984de0e9d18049b6/gnocchi.516f2e9e-83b2-4a71-84b9-b492f9623cd1%3Fformat%3Djson%26states%3Dlisting HTTP/1.0 204 - Swift - - - - tx7f955eb1284444daab4b1-00692d7adc - 0.0075 RL - 1764588252.389842749 1764588252.397347689 0
