Dec 9 04:32:35 standalone proxy-server[130416]: 172.18.0.2 172.18.0.100 09/Dec/2025/04/32/35 GET /v1/AUTH_7aa4261a7cb74a7cb6dc3ff6f37c2f8c/gnocchi.dbfa301c-1098-40c9-ba87-2407b8461550%3Fformat%3Djson%26states%3Dlisting HTTP/1.0 200 - python-swiftclient-3.11.1 gAAAAABpN6Xpi1Ur... - 2 - tx8448035abb5242d5a1efd-006937a663 - 0.0135 - - 1765254755.772011757 1765254755.785483599 0
Dec 9 04:32:35 standalone object-server[128587]: 172.20.0.100 - - [09/Dec/2025:04:32:35 +0000] "GET /d1/191/AUTH_7aa4261a7cb74a7cb6dc3ff6f37c2f8c/gnocchi.dbfa301c-1098-40c9-ba87-2407b8461550/1764720000.0_mean_300.0_v3" 404 70 "GET http://172.18.0.2:8080/v1/AUTH_7aa4261a7cb74a7cb6dc3ff6f37c2f8c/gnocchi.dbfa301c-1098-40c9-ba87-2407b8461550/1764720000.0_mean_300.0_v3" "txbbabbdb4c3cd417fa1061-006937a663" "proxy-server 12" 0.0005 "-" 25 0
Dec 9 04:32:35 standalone proxy-server[130416]: 172.18.0.2 172.18.0.100 09/Dec/2025/04/32/35 GET /v1/AUTH_7aa4261a7cb74a7cb6dc3ff6f37c2f8c/gnocchi.dbfa301c-1098-40c9-ba87-2407b8461550/1764720000.0_mean_300.0_v3 HTTP/1.0 404 - python-swiftclient-3.11.1 gAAAAABpN6Xpi1Ur... - 70 - txbbabbdb4c3cd417fa1061-006937a663 - 0.0043 - - 1765254755.788841724 1765254755.793117523 0
Dec 9 04:32:35 standalone container-server[128386]: 172.20.0.100 - - [09/Dec/2025:04:32:35 +0000] "PUT /d1/927/AUTH_7aa4261a7cb74a7cb6dc3ff6f37c2f8c/gnocchi.dbfa301c-1098-40c9-ba87-2407b8461550/1764720000.0_mean_300.0_v3" 201 - "PUT http://172.18.0.2:8080/d1/191/AUTH_7aa4261a7cb74a7cb6dc3ff6f37c2f8c/gnocchi.dbfa301c-1098-40c9-ba87-2407b8461550/1764720000.0_mean_300.0_v3" "tx38a7d11f4d1e43478a79e-006937a663" "object-server 24" 0.0007 "-" 21 0
Dec 9 04:32:35 standalone object-server[128585]: 172.20.0.100 - - [09/Dec/2025:04:32:35 +0000] "PUT /d1/191/AUTH_7aa4261a7cb74a7cb6dc3ff6f37c2f8c/gnocchi.dbfa301c-1098-40c9-ba87-2407b8461550/1764720000.0_mean_300.0_v3" 201 - "PUT http://172.18.0.2:8080/v1/AUTH_7aa4261a7cb74a7cb6dc3ff6f37c2f8c/gnocchi.dbfa301c-1098-40c9-ba87-2407b8461550/1764720000.0_mean_300.0_v3" "tx38a7d11f4d1e43478a79e-006937a663" "proxy-server 12" 0.0091 "-" 24 0
Dec 9 04:32:35 standalone proxy-server[130416]: 172.18.0.2 172.18.0.100 09/Dec/2025/04/32/35 PUT /v1/AUTH_7aa4261a7cb74a7cb6dc3ff6f37c2f8c/gnocchi.dbfa301c-1098-40c9-ba87-2407b8461550/1764720000.0_mean_300.0_v3 HTTP/1.0 201 - python-swiftclient-3.11.1 gAAAAABpN6Xpi1Ur... 16 - - tx38a7d11f4d1e43478a79e-006937a663 - 0.0131 - - 1765254755.794937611 1765254755.808019400 0
Dec 9 04:32:35 standalone container-server[128386]: 172.20.0.100 - - [09/Dec/2025:04:32:35 +0000] "PUT /d1/927/AUTH_7aa4261a7cb74a7cb6dc3ff6f37c2f8c/gnocchi.dbfa301c-1098-40c9-ba87-2407b8461550/none_v3" 201 - "PUT http://172.18.0.2:8080/d1/439/AUTH_7aa4261a7cb74a7cb6dc3ff6f37c2f8c/gnocchi.dbfa301c-1098-40c9-ba87-2407b8461550/none_v3" "tx68856d3e67374525995dd-006937a663" "object-server 25" 0.0003 "-" 21 0
Dec 9 04:32:35 standalone object-server[128587]: 172.20.0.100 - - [09/Dec/2025:04:32:35 +0000] "PUT /d1/439/AUTH_7aa4261a7cb74a7cb6dc3ff6f37c2f8c/gnocchi.dbfa301c-1098-40c9-ba87-2407b8461550/none_v3" 201 - "PUT http://172.18.0.2:8080/v1/AUTH_7aa4261a7cb74a7cb6dc3ff6f37c2f8c/gnocchi.dbfa301c-1098-40c9-ba87-2407b8461550/none_v3" "tx68856d3e67374525995dd-006937a663" "proxy-server 12" 0.0103 "-" 25 0
Dec 9 04:32:35 standalone proxy-server[130416]: 172.18.0.2 172.18.0.100 09/Dec/2025/04/32/35 PUT /v1/AUTH_7aa4261a7cb74a7cb6dc3ff6f37c2f8c/gnocchi.dbfa301c-1098-40c9-ba87-2407b8461550/none_v3 HTTP/1.0 201 - python-swiftclient-3.11.1 gAAAAABpN6Xpi1Ur... 22 - - tx68856d3e67374525995dd-006937a663 - 0.0145 - - 1765254755.810029268 1765254755.824487686 0
Dec 9 04:32:36 standalone object-server[128585]: 172.20.0.100 - - [09/Dec/2025:04:32:36 +0000] "GET /d1/439/AUTH_7aa4261a7cb74a7cb6dc3ff6f37c2f8c/gnocchi.dbfa301c-1098-40c9-ba87-2407b8461550/none_v3" 200 22 "GET http://172.18.0.2:8080/v1/AUTH_7aa4261a7cb74a7cb6dc3ff6f37c2f8c/gnocchi.dbfa301c-1098-40c9-ba87-2407b8461550/none_v3" "txcb77421ccb1048f1a3d1f-006937a664" "proxy-server 12" 0.0012 "-" 24 0
Dec 9 04:32:36 standalone proxy-server[130416]: 172.18.0.2 172.18.0.100 09/Dec/2025/04/32/36 GET /v1/AUTH_7aa4261a7cb74a7cb6dc3ff6f37c2f8c/gnocchi.dbfa301c-1098-40c9-ba87-2407b8461550/none_v3 HTTP/1.0 200 - python-swiftclient-3.11.1 gAAAAABpN6Xpi1Ur... - 22 - txcb77421ccb1048f1a3d1f-006937a664 - 0.0084 - - 1765254756.077573538 1765254756.086013079 0
Dec 9 04:32:36 standalone container-server[128381]: 172.20.0.100 - - [09/Dec/2025:04:32:36 +0000] "GET /d1/927/AUTH_7aa4261a7cb74a7cb6dc3ff6f37c2f8c/gnocchi.dbfa301c-1098-40c9-ba87-2407b8461550" 200 357 "GET http://172.18.0.2:8080/v1/AUTH_7aa4261a7cb74a7cb6dc3ff6f37c2f8c/gnocchi.dbfa301c-1098-40c9-ba87-2407b8461550?format=json&states=listing" "tx59fe35619e3c4548a0c41-006937a664" "proxy-server 12" 0.0095 "-" 20 0
Dec 9 04:32:36 standalone proxy-server[130416]: 172.18.0.2 172.18.0.100 09/Dec/2025/04/32/36 GET /v1/AUTH_7aa4261a7cb74a7cb6dc3ff6f37c2f8c/gnocchi.dbfa301c-1098-40c9-ba87-2407b8461550%3Fformat%3Djson%26states%3Dlisting HTTP/1.0 200 - python-swiftclient-3.11.1 gAAAAABpN6Xpi1Ur... - 357 - tx59fe35619e3c4548a0c41-006937a664 - 0.0170 - - 1765254756.089766026 1765254756.106739759 0
Dec 9 04:32:36 standalone container-server[128381]: 172.20.0.100 - - [09/Dec/2025:04:32:36 +0000] "GET /d1/927/AUTH_7aa4261a7cb74a7cb6dc3ff6f37c2f8c/gnocchi.dbfa301c-1098-40c9-ba87-2407b8461550" 200 2 "GET http://172.18.0.2:8080/v1/AUTH_7aa4261a7cb74a7cb6dc3ff6f37c2f8c/gnocchi.dbfa301c-1098-40c9-ba87-2407b8461550?format=json&marker=none_v3&states=listing" "tx93b3c8f6845e4de9bd16c-006937a664" "proxy-server 12" 0.0021 "-" 20 0
Dec 9 04:32:36 standalone proxy-server[130416]: 172.18.0.2 172.18.0.100 09/Dec/2025/04/32/36 GET /v1/AUTH_7aa4261a7cb74a7cb6dc3ff6f37c2f8c/gnocchi.dbfa301c-1098-40c9-ba87-2407b8461550%3Fformat%3Djson%26marker%3Dnone_v3%26states%3Dlisting HTTP/1.0 200 - python-swiftclient-3.11.1 gAAAAABpN6Xpi1Ur... - 2 - tx93b3c8f6845e4de9bd16c-006937a664 - 0.0075 - - 1765254756.110653639 1765254756.118154049 0
Dec 9 04:32:36 standalone object-server[128583]: 172.20.0.100 - - [09/Dec/2025:04:32:36 +0000] "GET /d1/191/AUTH_7aa4261a7cb74a7cb6dc3ff6f37c2f8c/gnocchi.dbfa301c-1098-40c9-ba87-2407b8461550/1764720000.0_mean_300.0_v3" 200 16 "GET http://172.18.0.2:8080/v1/AUTH_7aa4261a7cb74a7cb6dc3ff6f37c2f8c/gnocchi.dbfa301c-1098-40c9-ba87-2407b8461550/1764720000.0_mean_300.0_v3" "tx5e1b1e5d88ff4fc5bd5a9-006937a664" "proxy-server 12" 0.0009 "-" 23 0
Dec 9 04:32:36 standalone proxy-server[130416]: 172.18.0.2 172.18.0.100 09/Dec/2025/04/32/36 GET /v1/AUTH_7aa4261a7cb74a7cb6dc3ff6f37c2f8c/gnocchi.dbfa301c-1098-40c9-ba87-2407b8461550/1764720000.0_mean_300.0_v3 HTTP/1.0 200 - python-swiftclient-3.11.1 gAAAAABpN6Xpi1Ur... - 16 - tx5e1b1e5d88ff4fc5bd5a9-006937a664 - 0.0082 - - 1765254756.123144150 1765254756.131301165 0
Dec 9 04:32:36 standalone container-server[128394]: 172.20.0.100 - - [09/Dec/2025:04:32:36 +0000] "PUT /d1/927/AUTH_7aa4261a7cb74a7cb6dc3ff6f37c2f8c/gnocchi.dbfa301c-1098-40c9-ba87-2407b8461550/1764720000.0_mean_300.0_v3" 201 - "PUT http://172.18.0.2:8080/d1/191/AUTH_7aa4261a7cb74a7cb6dc3ff6f37c2f8c/gnocchi.dbfa301c-1098-40c9-ba87-2407b8461550/1764720000.0_mean_300.0_v3" "txa6a6af5817a64b789a4d6-006937a664" "object-server 24" 0.0007 "-" 22 0
Dec 9 04:32:36 standalone object-server[128585]: 172.20.0.100 - - [09/Dec/2025:04:32:36 +0000] "PUT /d1/191/AUTH_7aa4261a7cb74a7cb6dc3ff6f37c2f8c/gnocchi.dbfa301c-1098-40c9-ba87-2407b8461550/1764720000.0_mean_300.0_v3" 201 - "PUT http://172.18.0.2:8080/v1/AUTH_7aa4261a7cb74a7cb6dc3ff6f37c2f8c/gnocchi.dbfa301c-1098-40c9-ba87-2407b8461550/1764720000.0_mean_300.0_v3" "txa6a6af5817a64b789a4d6-006937a664" "proxy-server 12" 0.0165 "-" 24 0
Dec 9 04:32:36 standalone proxy-server[130416]: 172.18.0.2 172.18.0.100 09/Dec/2025/04/32/36 PUT /v1/AUTH_7aa4261a7cb74a7cb6dc3ff6f37c2f8c/gnocchi.dbfa301c-1098-40c9-ba87-2407b8461550/1764720000.0_mean_300.0_v3 HTTP/1.0 201 - python-swiftclient-3.11.1 gAAAAABpN6Xpi1Ur... 16 - - txa6a6af5817a64b789a4d6-006937a664 - 0.0223 - - 1765254756.133562326 1765254756.155879498 0
Dec 9 04:32:36 standalone container-server[128386]: 172.20.0.100 - - [09/Dec/2025:04:32:36 +0000] "PUT /d1/927/AUTH_7aa4261a7cb74a7cb6dc3ff6f37c2f8c/gnocchi.dbfa301c-1098-40c9-ba87-2407b8461550/none_v3" 201 - "PUT http://172.18.0.2:8080/d1/439/AUTH_7aa4261a7cb74a7cb6dc3ff6f37c2f8c/gnocchi.dbfa301c-1098-40c9-ba87-2407b8461550/none_v3" "tx597d88a9426148f692457-006937a664" "object-server 23" 0.0008 "-" 21 0
Dec 9 04:32:36 standalone object-server[128583]: 172.20.0.100 - - [09/Dec/2025:04:32:36 +0000] "PUT /d1/439/AUTH_7aa4261a7cb74a7cb6dc3ff6f37c2f8c/gnocchi.dbfa301c-1098-40c9-ba87-2407b8461550/none_v3" 201 - "PUT http://172.18.0.2:8080/v1/AUTH_7aa4261a7cb74a7cb6dc3ff6f37c2f8c/gnocchi.dbfa301c-1098-40c9-ba87-2407b8461550/none_v3" "tx597d88a9426148f692457-006937a664" "proxy-server 12" 0.0096 "-" 23 0
Dec 9 04:32:36 standalone proxy-server[130416]: 172.18.0.2 172.18.0.100 09/Dec/2025/04/32/36 PUT /v1/AUTH_7aa4261a7cb74a7cb6dc3ff6f37c2f8c/gnocchi.dbfa301c-1098-40c9-ba87-2407b8461550/none_v3 HTTP/1.0 201 - python-swiftclient-3.11.1 gAAAAABpN6Xpi1Ur... 31 - - tx597d88a9426148f692457-006937a664 - 0.0165 - - 1765254756.159581184 1765254756.176086426 0
Dec 9 04:32:44 standalone account-server[128286]: 172.20.0.100 - - [09/Dec/2025:04:32:44 +0000] "HEAD /d1/515/AUTH_7aa4261a7cb74a7cb6dc3ff6f37c2f8c" 204 - "HEAD http://172.18.0.2:8080/v1/AUTH_7aa4261a7cb74a7cb6dc3ff6f37c2f8c?format=json" "tx590288ece21d4f0795be5-006937a66c" "proxy-server 12" 0.0058 "-" 20 -
Dec 9 04:32:44 standalone proxy-server[130416]: - - 09/Dec/2025/04/32/44 HEAD /v1/AUTH_7aa4261a7cb74a7cb6dc3ff6f37c2f8c%3Fformat%3Djson HTTP/1.0 204 - Swift - - - - tx590288ece21d4f0795be5-006937a66c - 0.0099 RL - 1765254764.075829983 1765254764.085754156 -
Dec 9 04:32:44 standalone container-server[128398]: 172.20.0.100 - - [09/Dec/2025:04:32:44 +0000] "HEAD /d1/240/AUTH_7aa4261a7cb74a7cb6dc3ff6f37c2f8c/gnocchi.619cdb71-99df-41a8-aff5-a640e81dbe45" 404 - "HEAD http://172.18.0.2:8080/v1/AUTH_7aa4261a7cb74a7cb6dc3ff6f37c2f8c/gnocchi.619cdb71-99df-41a8-aff5-a640e81dbe45?format=json&states=listing" "tx590288ece21d4f0795be5-006937a66c" "proxy-server 12" 0.0007 "-" 23 0
Dec 9 04:32:44 standalone object-server[128582]: 172.20.0.100 - - [09/Dec/2025:04:32:44 +0000] "GET /d1/469/AUTH_7aa4261a7cb74a7cb6dc3ff6f37c2f8c/gnocchi.619cdb71-99df-41a8-aff5-a640e81dbe45/none_v3" 404 70 "GET http://172.18.0.2:8080/v1/AUTH_7aa4261a7cb74a7cb6dc3ff6f37c2f8c/gnocchi.619cdb71-99df-41a8-aff5-a640e81dbe45/none_v3" "tx590288ece21d4f0795be5-006937a66c" "proxy-server 12" 0.0010 "-" 22 0
Dec 9 04:32:44 standalone proxy-server[130416]: 172.18.0.2 172.18.0.100 09/Dec/2025/04/32/44 GET /v1/AUTH_7aa4261a7cb74a7cb6dc3ff6f37c2f8c/gnocchi.619cdb71-99df-41a8-aff5-a640e81dbe45/none_v3 HTTP/1.0 404 - python-swiftclient-3.11.1 gAAAAABpN6Xpi1Ur... - 70 - tx590288ece21d4f0795be5-006937a66c - 0.0247 - - 1765254764.074885845 1765254764.099563122 0
Dec 9 04:32:44 standalone account-server[128286]: 172.20.0.100 - - [09/Dec/2025:04:32:44 +0000] "PUT /d1/515/AUTH_7aa4261a7cb74a7cb6dc3ff6f37c2f8c/gnocchi.619cdb71-99df-41a8-aff5-a640e81dbe45" 201 - "PUT http://172.20.0.100:6001/d1/240/AUTH_7aa4261a7cb74a7cb6dc3ff6f37c2f8c/gnocchi.619cdb71-99df-41a8-aff5-a640e81dbe45" "txeac12ee32ef2428e9578d-006937a66c" "container-server 20" 0.0014 "-" 20 0
Dec 9 04:32:44 standalone container-server[128381]: 172.20.0.100 - - [09/Dec/2025:04:32:44 +0000] "PUT /d1/240/AUTH_7aa4261a7cb74a7cb6dc3ff6f37c2f8c/gnocchi.619cdb71-99df-41a8-aff5-a640e81dbe45" 201 - "PUT http://172.18.0.2:8080/v1/AUTH_7aa4261a7cb74a7cb6dc3ff6f37c2f8c/gnocchi.619cdb71-99df-41a8-aff5-a640e81dbe45" "txeac12ee32ef2428e9578d-006937a66c" "proxy-server 12" 0.0118 "-" 20 0
Dec 9 04:32:44 standalone proxy-server[130416]: 172.18.0.2 172.18.0.100 09/Dec/2025/04/32/44 PUT /v1/AUTH_7aa4261a7cb74a7cb6dc3ff6f37c2f8c/gnocchi.619cdb71-99df-41a8-aff5-a640e81dbe45 HTTP/1.0 201 - python-swiftclient-3.11.1 gAAAAABpN6Xpi1Ur... - - - txeac12ee32ef2428e9578d-006937a66c - 0.0173 - - 1765254764.104251623 1765254764.121555805 0
Dec 9 04:32:44 standalone container-server[128386]: 172.20.0.100 - - [09/Dec/2025:04:32:44 +0000] "HEAD /d1/240/AUTH_7aa4261a7cb74a7cb6dc3ff6f37c2f8c/gnocchi.619cdb71-99df-41a8-aff5-a640e81dbe45" 204 - "HEAD http://172.18.0.2:8080/v1/AUTH_7aa4261a7cb74a7cb6dc3ff6f37c2f8c/gnocchi.619cdb71-99df-41a8-aff5-a640e81dbe45?format=json&states=listing" "txffc1d620857e4e9e9b4ac-006937a66c" "proxy-server 12" 0.0014 "-" 21 0
Dec 9 04:32:44 standalone proxy-server[130416]: - - 09/Dec/2025/04/32/44 HEAD /v1/AUTH_7aa4261a7cb74a7cb6dc3ff6f37c2f8c/gnocchi.619cdb71-99df-41a8-aff5-a640e81dbe45%3Fformat%3Djson%26states%3Dlisting HTTP/1.0 204 - Swift - - - - txffc1d620857e4e9e9b4ac-006937a66c - 0.0047 RL - 1765254764.129816771 1765254764.134533644 0
Dec 9 04:32:44 standalone container-server[128394]: 172.20.0.100 - - [09/Dec/2025:04:32:44 +0000] "GET /d1/240/AUTH_7aa4261a7cb74a7cb6dc3ff6f37c2f8c/gnocchi.619cdb71-99df-41a8-aff5-a640e81dbe45" 200 2 "GET http://172.18.0.2:8080/v1/AUTH_7aa4261a7cb74a7cb6dc3ff6f37c2f8c/gnocchi.619cdb71-99df-41a8-aff5-a640e81dbe45?format=json&states=listing" "txffc1d620857e4e9e9b4ac-006937a66c" "proxy-server 12" 0.0025 "-" 22 0
Dec 9 04:32:44 standalone proxy-server[130416]: 172.18.0.2 172.18.0.100 09/Dec/2025/04/32/44 GET /v1/AUTH_7aa4261a7cb74a7cb6dc3ff6f37c2f8c/gnocchi.619cdb71-99df-41a8-aff5-a640e81dbe45%3Fformat%3Djson%26states%3Dlisting HTTP/1.0 200 - python-swiftclient-3.11.1 gAAAAABpN6Xpi1Ur... - 2 - txffc1d620857e4e9e9b4ac-006937a66c - 0.0156 - - 1765254764.127899647 1765254764.143501520 0
Dec 9 04:32:44 standalone object-server[128587]: 172.20.0.100 - - [09/Dec/2025:04:32:44 +0000] "GET /d1/934/AUTH_7aa4261a7cb74a7cb6dc3ff6f37c2f8c/gnocchi.619cdb71-99df-41a8-aff5-a640e81dbe45/1764720000.0_mean_300.0_v3" 404 70 "GET http://172.18.0.2:8080/v1/AUTH_7aa4261a7cb74a7cb6dc3ff6f37c2f8c/gnocchi.619cdb71-99df-41a8-aff5-a640e81dbe45/1764720000.0_mean_300.0_v3" "tx68c878f24d714784aa8f5-006937a66c" "proxy-server 12" 0.0004 "-" 25 0
Dec 9 04:32:44 standalone proxy-server[130416]: 172.18.0.2 172.18.0.100 09/Dec/2025/04/32/44 GET /v1/AUTH_7aa4261a7cb74a7cb6dc3ff6f37c2f8c/gnocchi.619cdb71-99df-41a8-aff5-a640e81dbe45/1764720000.0_mean_300.0_v3 HTTP/1.0 404 - python-swiftclient-3.11.1 gAAAAABpN6Xpi1Ur... - 70 - tx68c878f24d714784aa8f5-006937a66c - 0.0063 - - 1765254764.149304628 1765254764.155575275 0
Dec 9 04:32:44 standalone container-server[128381]: 172.20.0.100 - - [09/Dec/2025:04:32:44 +0000] "PUT /d1/240/AUTH_7aa4261a7cb74a7cb6dc3ff6f37c2f8c/gnocchi.619cdb71-99df-41a8-aff5-a640e81dbe45/1764720000.0_mean_300.0_v3" 201 - "PUT http://172.18.0.2:8080/d1/934/AUTH_7aa4261a7cb74a7cb6dc3ff6f37c2f8c/gnocchi.619cdb71-99df-41a8-aff5-a640e81dbe45/1764720000.0_mean_300.0_v3" "txe0835fdfcf3043ad93351-006937a66c" "object-server 25" 0.0007 "-" 20 0
Dec 9 04:32:44 standalone object-server[128587]: 172.20.0.100 - - [09/Dec/2025:04:32:44 +0000] "PUT /d1/934/AUTH_7aa4261a7cb74a7cb6dc3ff6f37c2f8c/gnocchi.619cdb71-99df-41a8-aff5-a640e81dbe45/1764720000.0_mean_300.0_v3" 201 - "PUT http://172.18.0.2:8080/v1/AUTH_7aa4261a7cb74a7cb6dc3ff6f37c2f8c/gnocchi.619cdb71-99df-41a8-aff5-a640e81dbe45/1764720000.0_mean_300.0_v3" "txe0835fdfcf3043ad93351-006937a66c" "proxy-server 12" 0.0087 "-" 25 0
Dec 9 04:32:44 standalone proxy-server[130416]: 172.18.0.2 172.18.0.100 09/Dec/2025/04/32/44 PUT /v1/AUTH_7aa4261a7cb74a7cb6dc3ff6f37c2f8c/gnocchi.619cdb71-99df-41a8-aff5-a640e81dbe45/1764720000.0_mean_300.0_v3 HTTP/1.0 201 - python-swiftclient-3.11.1 gAAAAABpN6Xpi1Ur... 16 - - txe0835fdfcf3043ad93351-006937a66c - 0.0128 - - 1765254764.159321070 1765254764.172124147 0
Dec 9 04:32:44 standalone container-server[128398]: 172.20.0.100 - - [09/Dec/2025:04:32:44 +0000] "PUT /d1/240/AUTH_7aa4261a7cb74a7cb6dc3ff6f37c2f8c/gnocchi.619cdb71-99df-41a8-aff5-a640e81dbe45/none_v3" 201 - "PUT http://172.18.0.2:8080/d1/469/AUTH_7aa4261a7cb74a7cb6dc3ff6f37c2f8c/gnocchi.619cdb71-99df-41a8-aff5-a640e81dbe45/none_v3" "tx3a0f9f59ad3c4ced91744-006937a66c" "object-server 25" 0.0006 "-" 23 0
Dec 9 04:32:44 standalone object-server[128587]: 172.20.0.100 - - [09/Dec/2025:04:32:44 +0000] "PUT /d1/469/AUTH_7aa4261a7cb74a7cb6dc3ff6f37c2f8c/gnocchi.619cdb71-99df-41a8-aff5-a640e81dbe45/none_v3" 201 - "PUT http://172.18.0.2:8080/v1/AUTH_7aa4261a7cb74a7cb6dc3ff6f37c2f8c/gnocchi.619cdb71-99df-41a8-aff5-a640e81dbe45/none_v3" "tx3a0f9f59ad3c4ced91744-006937a66c" "proxy-server 12" 0.0078 "-" 25 0
Dec 9 04:32:44 standalone proxy-server[130416]: 172.18.0.2 172.18.0.100 09/Dec/2025/04/32/44 PUT /v1/AUTH_7aa4261a7cb74a7cb6dc3ff6f37c2f8c/gnocchi.619cdb71-99df-41a8-aff5-a640e81dbe45/none_v3 HTTP/1.0 201 - python-swiftclient-3.11.1 gAAAAABpN6Xpi1Ur... 22 - - tx3a0f9f59ad3c4ced91744-006937a66c - 0.0117 - - 1765254764.175488949 1765254764.187199116 0
Dec 9 04:32:44 standalone container-server[128398]: 172.20.0.100 - - [09/Dec/2025:04:32:44 +0000] "HEAD /d1/486/AUTH_7aa4261a7cb74a7cb6dc3ff6f37c2f8c/gnocchi.d1952213-8bb4-4f83-b3f8-47c4ccb7e6e0" 404 - "HEAD http://172.18.0.2:8080/v1/AUTH_7aa4261a7cb74a7cb6dc3ff6f37c2f8c/gnocchi.d1952213-8bb4-4f83-b3f8-47c4ccb7e6e0?format=json&states=listing" "tx0636b8576ef04b6c8c192-006937a66c" "proxy-server 12" 0.0003 "-" 23 0
Dec 9 04:32:44 standalone object-server[128587]: 172.20.0.100 - - [09/Dec/2025:04:32:44 +0000] "GET /d1/692/AUTH_7aa4261a7cb74a7cb6dc3ff6f37c2f8c/gnocchi.d1952213-8bb4-4f83-b3f8-47c4ccb7e6e0/none_v3" 404 70 "GET http://172.18.0.2:8080/v1/AUTH_7aa4261a7cb74a7cb6dc3ff6f37c2f8c/gnocchi.d1952213-8bb4-4f83-b3f8-47c4ccb7e6e0/none_v3" "tx0636b8576ef04b6c8c192-006937a66c" "proxy-server 12" 0.0001 "-" 25 0
Dec 9 04:32:44 standalone proxy-server[130416]: 172.18.0.2 172.18.0.100 09/Dec/2025/04/32/44 GET /v1/AUTH_7aa4261a7cb74a7cb6dc3ff6f37c2f8c/gnocchi.d1952213-8bb4-4f83-b3f8-47c4ccb7e6e0/none_v3 HTTP/1.0 404 - python-swiftclient-3.11.1 gAAAAABpN6Xpi1Ur... - 70 - tx0636b8576ef04b6c8c192-006937a66c - 0.0074 - - 1765254764.200222254 1765254764.207594395 0
Dec 9 04:32:44 standalone account-server[128286]: 172.20.0.100 - - [09/Dec/2025:04:32:44 +0000] "PUT /d1/515/AUTH_7aa4261a7cb74a7cb6dc3ff6f37c2f8c/gnocchi.d1952213-8bb4-4f83-b3f8-47c4ccb7e6e0" 201 - "PUT http://172.20.0.100:6001/d1/486/AUTH_7aa4261a7cb74a7cb6dc3ff6f37c2f8c/gnocchi.d1952213-8bb4-4f83-b3f8-47c4ccb7e6e0" "txfd1b1482910746e3bf64e-006937a66c" "container-server 22" 0.0051 "-" 20 0
Dec 9 04:32:44 standalone container-server[128394]: 172.20.0.100 - - [09/Dec/2025:04:32:44 +0000] "PUT /d1/486/AUTH_7aa4261a7cb74a7cb6dc3ff6f37c2f8c/gnocchi.d1952213-8bb4-4f83-b3f8-47c4ccb7e6e0" 201 - "PUT http://172.18.0.2:8080/v1/AUTH_7aa4261a7cb74a7cb6dc3ff6f37c2f8c/gnocchi.d1952213-8bb4-4f83-b3f8-47c4ccb7e6e0" "txfd1b1482910746e3bf64e-006937a66c" "proxy-server 12" 0.0167 "-" 22 0
Dec 9 04:32:44 standalone proxy-server[130416]: 172.18.0.2 172.18.0.100 09/Dec/2025/04/32/44 PUT /v1/AUTH_7aa4261a7cb74a7cb6dc3ff6f37c2f8c/gnocchi.d1952213-8bb4-4f83-b3f8-47c4ccb7e6e0 HTTP/1.0 201 - python-swiftclient-3.11.1 gAAAAABpN6Xpi1Ur... - - - txfd1b1482910746e3bf64e-006937a66c - 0.0217 - - 1765254764.212184668 1765254764.233854294 0
Dec 9 04:32:44 standalone container-server[128398]: 172.20.0.100 - - [09/Dec/2025:04:32:44 +0000] "HEAD /d1/486/AUTH_7aa4261a7cb74a7cb6dc3ff6f37c2f8c/gnocchi.d1952213-8bb4-4f83-b3f8-47c4ccb7e6e0" 204 - "HEAD http://172.18.0.2:8080/v1/AUTH_7aa4261a7cb74a7cb6dc3ff6f37c2f8c/gnocchi.d1952213-8bb4-4f83-b3f8-47c4ccb7e6e0?format=json&states=listing" "tx5bf35de703c940bfbe295-006937a66c" "proxy-server 12" 0.0015 "-" 23 0
Dec 9 04:32:44 standalone proxy-server[130416]: - - 09/Dec/2025/04/32/44 HEAD /v1/AUTH_7aa4261a7cb74a7cb6dc3ff6f37c2f8c/gnocchi.d1952213-8bb4-4f83-b3f8-47c4ccb7e6e0%3Fformat%3Djson%26states%3Dlisting HTTP/1.0 204 - Swift - - - - tx5bf35de703c940bfbe295-006937a66c - 0.0046 RL - 1765254764.239191294 1765254764.243836164 0
Dec 9 04:32:44 standalone container-server[128381]: 172.20.0.100 - - [09/Dec/2025:04:32:44 +0000] "GET /d1/486/AUTH_7aa4261a7cb74a7cb6dc3ff6f37c2f8c/gnocchi.d1952213-8bb4-4f83-b3f8-47c4ccb7e6e0" 200 2 "GET http://172.18.0.2:8080/v1/AUTH_7aa4261a7cb74a7cb6dc3ff6f37c2f8c/gnocchi.d1952213-8bb4-4f83-b3f8-47c4ccb7e6e0?format=json&states=listing" "tx5bf35de703c940bfbe295-006937a66c" "proxy-server 12" 0.0040 "-" 20 0
Dec 9 04:32:44 standalone proxy-server[130416]: 172.18.0.2 172.18.0.100 09/Dec/2025/04/32/44 GET /v1/AUTH_7aa4261a7cb74a7cb6dc3ff6f37c2f8c/gnocchi.d1952213-8bb4-4f83-b3f8-47c4ccb7e6e0%3Fformat%3Djson%26states%3Dlisting HTTP/1.0 200 - python-swiftclient-3.11.1 gAAAAABpN6Xpi1Ur... - 2 - tx5bf35de703c940bfbe295-006937a66c - 0.0161 - - 1765254764.238058805 1765254764.254173756 0
Dec 9 04:32:44 standalone object-server[128582]: 172.20.0.100 - - [09/Dec/2025:04:32:44 +0000] "GET /d1/527/AUTH_7aa4261a7cb74a7cb6dc3ff6f37c2f8c/gnocchi.d1952213-8bb4-4f83-b3f8-47c4ccb7e6e0/1764720000.0_mean_300.0_v3" 404 70 "GET http://172.18.0.2:8080/v1/AUTH_7aa4261a7cb74a7cb6dc3ff6f37c2f8c/gnocchi.d1952213-8bb4-4f83-b3f8-47c4ccb7e6e0/1764720000.0_mean_300.0_v3" "txaeec42511c094e768f9cb-006937a66c" "proxy-server 12" 0.0007 "-" 22 0
Dec 9 04:32:44 standalone proxy-server[130416]: 172.18.0.2 172.18.0.100 09/Dec/2025/04/32/44 GET /v1/AUTH_7aa4261a7cb74a7cb6dc3ff6f37c2f8c/gnocchi.d1952213-8bb4-4f83-b3f8-47c4ccb7e6e0/1764720000.0_mean_300.0_v3 HTTP/1.0 404 - python-swiftclient-3.11.1 gAAAAABpN6Xpi1Ur... - 70 - txaeec42511c094e768f9cb-006937a66c - 0.0065 - - 1765254764.258709908 1765254764.265235662 0
Dec 9 04:32:44 standalone container-server[128394]: 172.20.0.100 - - [09/Dec/2025:04:32:44 +0000] "PUT /d1/486/AUTH_7aa4261a7cb74a7cb6dc3ff6f37c2f8c/gnocchi.d1952213-8bb4-4f83-b3f8-47c4ccb7e6e0/1764720000.0_mean_300.0_v3" 201 - "PUT http://172.18.0.2:8080/d1/527/AUTH_7aa4261a7cb74a7cb6dc3ff6f37c2f8c/gnocchi.d1952213-8bb4-4f83-b3f8-47c4ccb7e6e0/1764720000.0_mean_300.0_v3" "tx26f8d91952bb4c02826fb-006937a66c" "object-server 24" 0.0006 "-" 22 0
Dec 9 04:32:44 standalone object-server[128585]: 172.20.0.100 - - [09/Dec/2025:04:32:44 +0000] "PUT /d1/527/AUTH_7aa4261a7cb74a7cb6dc3ff6f37c2f8c/gnocchi.d1952213-8bb4-4f83-b3f8-47c4ccb7e6e0/1764720000.0_mean_300.0_v3" 201 - "PUT http://172.18.0.2:8080/v1/AUTH_7aa4261a7cb74a7cb6dc3ff6f37c2f8c/gnocchi.d1952213-8bb4-4f83-b3f8-47c4ccb7e6e0/1764720000.0_mean_300.0_v3" "tx26f8d91952bb4c02826fb-006937a66c" "proxy-server 12" 0.0090 "-" 24 0
Dec 9 04:32:44 standalone proxy-server[130416]: 172.18.0.2 172.18.0.100 09/Dec/2025/04/32/44 PUT /v1/AUTH_7aa4261a7cb74a7cb6dc3ff6f37c2f8c/gnocchi.d1952213-8bb4-4f83-b3f8-47c4ccb7e6e0/1764720000.0_mean_300.0_v3 HTTP/1.0 201 - python-swiftclient-3.11.1 gAAAAABpN6Xpi1Ur... 16 - - tx26f8d91952bb4c02826fb-006937a66c - 0.0195 - - 1765254764.271435261 1765254764.290899277 0
Dec 9 04:32:44 standalone container-server[128386]: 172.20.0.100 - - [09/Dec/2025:04:32:44 +0000] "PUT /d1/486/AUTH_7aa4261a7cb74a7cb6dc3ff6f37c2f8c/gnocchi.d1952213-8bb4-4f83-b3f8-47c4ccb7e6e0/none_v3" 201 - "PUT http://172.18.0.2:8080/d1/692/AUTH_7aa4261a7cb74a7cb6dc3ff6f37c2f8c/gnocchi.d1952213-8bb4-4f83-b3f8-47c4ccb7e6e0/none_v3" "txf44093e675df4dd882601-006937a66c" "object-server 25" 0.0006 "-" 21 0
Dec 9 04:32:44 standalone object-server[128587]: 172.20.0.100 - - [09/Dec/2025:04:32:44 +0000] "PUT /d1/692/AUTH_7aa4261a7cb74a7cb6dc3ff6f37c2f8c/gnocchi.d1952213-8bb4-4f83-b3f8-47c4ccb7e6e0/none_v3" 201 - "PUT http://172.18.0.2:8080/v1/AUTH_7aa4261a7cb74a7cb6dc3ff6f37c2f8c/gnocchi.d1952213-8bb4-4f83-b3f8-47c4ccb7e6e0/none_v3" "txf44093e675df4dd882601-006937a66c" "proxy-server 12" 0.0088 "-" 25 0
Dec 9 04:32:44 standalone proxy-server[130416]: 172.18.0.2 172.18.0.100 09/Dec/2025/04/32/44 PUT /v1/AUTH_7aa4261a7cb74a7cb6dc3ff6f37c2f8c/gnocchi.d1952213-8bb4-4f83-b3f8-47c4ccb7e6e0/none_v3 HTTP/1.0 201 - python-swiftclient-3.11.1 gAAAAABpN6Xpi1Ur... 22 - - txf44093e675df4dd882601-006937a66c - 0.0132 - - 1765254764.294081688 1765254764.307272911 0
Dec 9 04:32:44 standalone container-server[128398]: 172.20.0.100 - - [09/Dec/2025:04:32:44 +0000] "HEAD /d1/650/AUTH_7aa4261a7cb74a7cb6dc3ff6f37c2f8c/gnocchi.50c5707a-e36b-499d-98ad-8f82d5ef9d94" 404 - "HEAD http://172.18.0.2:8080/v1/AUTH_7aa4261a7cb74a7cb6dc3ff6f37c2f8c/gnocchi.50c5707a-e36b-499d-98ad-8f82d5ef9d94?format=json&states=listing" "tx924bef603719414f81072-006937a66c" "proxy-server 12" 0.0005 "-" 23 0
Dec 9 04:32:44 standalone object-server[128583]: 172.20.0.100 - - [09/Dec/2025:04:32:44 +0000] "GET /d1/680/AUTH_7aa4261a7cb74a7cb6dc3ff6f37c2f8c/gnocchi.50c5707a-e36b-499d-98ad-8f82d5ef9d94/none_v3" 404 70 "GET http://172.18.0.2:8080/v1/AUTH_7aa4261a7cb74a7cb6dc3ff6f37c2f8c/gnocchi.50c5707a-e36b-499d-98ad-8f82d5ef9d94/none_v3" "tx924bef603719414f81072-006937a66c" "proxy-server 12" 0.0006 "-" 23 0
Dec 9 04:32:44 standalone proxy-server[130416]: 172.18.0.2 172.18.0.100 09/Dec/2025/04/32/44 GET /v1/AUTH_7aa4261a7cb74a7cb6dc3ff6f37c2f8c/gnocchi.50c5707a-e36b-499d-98ad-8f82d5ef9d94/none_v3 HTTP/1.0 404 - python-swiftclient-3.11.1 gAAAAABpN6Xpi1Ur... - 70 - tx924bef603719414f81072-006937a66c - 0.0101 - - 1765254764.320669889 1765254764.330724001 0
Dec 9 04:32:44 standalone account-server[128294]: 172.20.0.100 - - [09/Dec/2025:04:32:44 +0000] "PUT /d1/515/AUTH_7aa4261a7cb74a7cb6dc3ff6f37c2f8c/gnocchi.50c5707a-e36b-499d-98ad-8f82d5ef9d94" 201 - "PUT http://172.20.0.100:6001/d1/650/AUTH_7aa4261a7cb74a7cb6dc3ff6f37c2f8c/gnocchi.50c5707a-e36b-499d-98ad-8f82d5ef9d94" "tx80524cbc51c446fdab479-006937a66c" "container-server 21" 0.0097 "-" 21 0
Dec 9 04:32:44 standalone container-server[128386]: 172.20.0.100 - - [09/Dec/2025:04:32:44 +0000] "PUT /d1/650/AUTH_7aa4261a7cb74a7cb6dc3ff6f37c2f8c/gnocchi.50c5707a-e36b-499d-98ad-8f82d5ef9d94" 201 - "PUT http://172.18.0.2:8080/v1/AUTH_7aa4261a7cb74a7cb6dc3ff6f37c2f8c/gnocchi.50c5707a-e36b-499d-98ad-8f82d5ef9d94" "tx80524cbc51c446fdab479-006937a66c" "proxy-server 12" 0.0205 "-" 21 0
Dec 9 04:32:44 standalone proxy-server[130416]: 172.18.0.2 172.18.0.100 09/Dec/2025/04/32/44 PUT /v1/AUTH_7aa4261a7cb74a7cb6dc3ff6f37c2f8c/gnocchi.50c5707a-e36b-499d-98ad-8f82d5ef9d94 HTTP/1.0 201 - python-swiftclient-3.11.1 gAAAAABpN6Xpi1Ur... - - - tx80524cbc51c446fdab479-006937a66c - 0.0245 - - 1765254764.333866358 1765254764.358412027 0
Dec 9 04:32:44 standalone container-server[128398]: 172.20.0.100 - - [09/Dec/2025:04:32:44 +0000] "HEAD /d1/472/AUTH_7aa4261a7cb74a7cb6dc3ff6f37c2f8c/gnocchi.c03adb86-a8cc-4da2-88e4-093cf5492e94" 404 - "HEAD http://172.18.0.2:8080/v1/AUTH_7aa4261a7cb74a7cb6dc3ff6f37c2f8c/gnocchi.c03adb86-a8cc-4da2-88e4-093cf5492e94?format=json&states=listing" "tx27bf0c911e25458cb1662-006937a66c" "proxy-server 12" 0.0004 "-" 23 0
Dec 9 04:32:44 standalone object-server[128585]: 172.20.0.100 - - [09/Dec/2025:04:32:44 +0000] "GET /d1/249/AUTH_7aa4261a7cb74a7cb6dc3ff6f37c2f8c/gnocchi.c03adb86-a8cc-4da2-88e4-093cf5492e94/none_v3" 404 70 "GET http://172.18.0.2:8080/v1/AUTH_7aa4261a7cb74a7cb6dc3ff6f37c2f8c/gnocchi.c03adb86-a8cc-4da2-88e4-093cf5492e94/none_v3" "tx27bf0c911e25458cb1662-006937a66c" "proxy-server 12" 0.0004 "-" 24 0
Dec 9 04:32:44 standalone proxy-server[130416]: 172.18.0.2 172.18.0.100 09/Dec/2025/04/32/44 GET /v1/AUTH_7aa4261a7cb74a7cb6dc3ff6f37c2f8c/gnocchi.c03adb86-a8cc-4da2-88e4-093cf5492e94/none_v3 HTTP/1.0 404 - python-swiftclient-3.11.1 gAAAAABpN6Xpi1Ur... - 70 - tx27bf0c911e25458cb1662-006937a66c - 0.0092 - - 1765254764.361379147 1765254764.370607615 0
Dec 9 04:32:44 standalone account-server[128318]: 172.20.0.100 - - [09/Dec/2025:04:32:44 +0000] "PUT /d1/515/AUTH_7aa4261a7cb74a7cb6dc3ff6f37c2f8c/gnocchi.c03adb86-a8cc-4da2-88e4-093cf5492e94" 201 - "PUT http://172.20.0.100:6001/d1/472/AUTH_7aa4261a7cb74a7cb6dc3ff6f37c2f8c/gnocchi.c03adb86-a8cc-4da2-88e4-093cf5492e94" "tx7dba2d03bc3a4f6593fae-006937a66c" "container-server 22" 0.0054 "-" 23 0
Dec 9 04:32:44 standalone container-server[128394]: 172.20.0.100 - - [09/Dec/2025:04:32:44 +0000] "PUT /d1/472/AUTH_7aa4261a7cb74a7cb6dc3ff6f37c2f8c/gnocchi.c03adb86-a8cc-4da2-88e4-093cf5492e94" 201 - "PUT http://172.18.0.2:8080/v1/AUTH_7aa4261a7cb74a7cb6dc3ff6f37c2f8c/gnocchi.c03adb86-a8cc-4da2-88e4-093cf5492e94" "tx7dba2d03bc3a4f6593fae-006937a66c" "proxy-server 12" 0.0160 "-" 22 0
Dec 9 04:32:44 standalone proxy-server[130416]: 172.18.0.2 172.18.0.100 09/Dec/2025/04/32/44 PUT /v1/AUTH_7aa4261a7cb74a7cb6dc3ff6f37c2f8c/gnocchi.c03adb86-a8cc-4da2-88e4-093cf5492e94 HTTP/1.0 201 - python-swiftclient-3.11.1 gAAAAABpN6Xpi1Ur... - - - tx7dba2d03bc3a4f6593fae-006937a66c - 0.0218 - - 1765254764.378657341 1765254764.400449753 0
Dec 9 04:32:44 standalone container-server[128398]: 172.20.0.100 - - [09/Dec/2025:04:32:44 +0000] "HEAD /d1/650/AUTH_7aa4261a7cb74a7cb6dc3ff6f37c2f8c/gnocchi.50c5707a-e36b-499d-98ad-8f82d5ef9d94" 204 - "HEAD http://172.18.0.2:8080/v1/AUTH_7aa4261a7cb74a7cb6dc3ff6f37c2f8c/gnocchi.50c5707a-e36b-499d-98ad-8f82d5ef9d94?format=json&states=listing" "tx580230daa71043c49e7e0-006937a66c" "proxy-server 12" 0.0022 "-" 23 0
Dec 9 04:32:44 standalone proxy-server[130416]: - - 09/Dec/2025/04/32/44 HEAD /v1/AUTH_7aa4261a7cb74a7cb6dc3ff6f37c2f8c/gnocchi.50c5707a-e36b-499d-98ad-8f82d5ef9d94%3Fformat%3Djson%26states%3Dlisting HTTP/1.0 204 - Swift - - - - tx580230daa71043c49e7e0-006937a66c - 0.0069 RL - 1765254764.407242537 1765254764.414101601 0
Dec 9 04:32:44 standalone container-server[128398]: 172.20.0.100 - - [09/Dec/2025:04:32:44 +0000] "GET /d1/650/AUTH_7aa4261a7cb74a7cb6dc3ff6f37c2f8c/gnocchi.50c5707a-e36b-499d-98ad-8f82d5ef9d94" 200 2 "GET http://172.18.0.2:8080/v1/AUTH_7aa4261a7cb74a7cb6dc3ff6f37c2f8c/gnocchi.50c5707a-e36b-499d-98ad-8f82d5ef9d94?format=json&states=listing" "tx580230daa71043c49e7e0-006937a66c" "proxy-server 12" 0.0036 "-" 23 0
Dec 9 04:32:44 standalone proxy-server[130416]: 172.18.0.2 172.18.0.100 09/Dec/2025/04/32/44 GET /v1/AUTH_7aa4261a7cb74a7cb6dc3ff6f37c2f8c/gnocchi.50c5707a-e36b-499d-98ad-8f82d5ef9d94%3Fformat%3Djson%26states%3Dlisting HTTP/1.0 200 - python-swiftclient-3.11.1 gAAAAABpN6Xpi1Ur... - 2 - tx580230daa71043c49e7e0-006937a66c - 0.0206 - - 1765254764.405648232 1765254764.426210880 0
Dec 9 04:32:44 standalone container-server[128386]: 172.20.0.100 - - [09/Dec/2025:04:32:44 +0000] "HEAD /d1/472/AUTH_7aa4261a7cb74a7cb6dc3ff6f37c2f8c/gnocchi.c03adb86-a8cc-4da2-88e4-093cf5492e94" 204 - "HEAD http://172.18.0.2:8080/v1/AUTH_7aa4261a7cb74a7cb6dc3ff6f37c2f8c/gnocchi.c03adb86-a8cc-4da2-88e4-093cf5492e94?format=json&states=listing" "txfc7bfc6273254709b581a-006937a66c" "proxy-server 12" 0.0012 "-" 21 0
Dec 9 04:32:44 standalone proxy-server[130416]: - - 09/Dec/2025/04/32/44 HEAD /v1/AUTH_7aa4261a7cb74a7cb6dc3ff6f37c2f8c/gnocchi.c03adb86-a8cc-4da2-88e4-093cf5492e94%3Fformat%3Djson%26states%3Dlisting HTTP/1.0 204 - Swift - - - - txfc7bfc6273254709b581a-006937a66c - 0.0054 RL - 1765254764.433028936 1765254764.438472509 0
Dec 9 04:32:44 standalone container-server[128394]: 172.20.0.100 - - [09/Dec/2025:04:32:44 +0000] "GET /d1/472/AUTH_7aa4261a7cb74a7cb6dc3ff6f37c2f8c/gnocchi.c03adb86-a8cc-4da2-88e4-093cf5492e94" 200 2 "GET http://172.18.0.2:8080/v1/AUTH_7aa4261a7cb74a7cb6dc3ff6f37c2f8c/gnocchi.c03adb86-a8cc-4da2-88e4-093cf5492e94?format=json&states=listing" "txfc7bfc6273254709b581a-006937a66c" "proxy-server 12" 0.0034 "-" 22 0
Dec 9 04:32:44 standalone proxy-server[130416]: 172.18.0.2 172.18.0.100 09/Dec/2025/04/32/44 GET /v1/AUTH_7aa4261a7cb74a7cb6dc3ff6f37c2f8c/gnocchi.c03adb86-a8cc-4da2-88e4-093cf5492e94%3Fformat%3Djson%26states%3Dlisting HTTP/1.0 200 - python-swiftclient-3.11.1 gAAAAABpN6Xpi1Ur... - 2 - txfc7bfc6273254709b581a-006937a66c - 0.0191 - - 1765254764.431330442 1765254764.450441360 0
Dec 9 04:32:44 standalone object-server[128585]: 172.20.0.100 - - [09/Dec/2025:04:32:44 +0000] "GET /d1/726/AUTH_7aa4261a7cb74a7cb6dc3ff6f37c2f8c/gnocchi.50c5707a-e36b-499d-98ad-8f82d5ef9d94/1764720000.0_mean_300.0_v3" 404 70 "GET http://172.18.0.2:8080/v1/AUTH_7aa4261a7cb74a7cb6dc3ff6f37c2f8c/gnocchi.50c5707a-e36b-499d-98ad-8f82d5ef9d94/1764720000.0_mean_300.0_v3" "txb93bdfa4feb24906ace87-006937a66c" "proxy-server 12" 0.0006 "-" 24 0
Dec 9 04:32:44 standalone proxy-server[130416]: 172.18.0.2 172.18.0.100 09/Dec/2025/04/32/44 GET /v1/AUTH_7aa4261a7cb74a7cb6dc3ff6f37c2f8c/gnocchi.50c5707a-e36b-499d-98ad-8f82d5ef9d94/1764720000.0_mean_300.0_v3 HTTP/1.0 404 - python-swiftclient-3.11.1 gAAAAABpN6Xpi1Ur... - 70 - txb93bdfa4feb24906ace87-006937a66c - 0.0095 - - 1765254764.455745459 1765254764.465255499 0
Dec 9 04:32:44 standalone object-server[128587]: 172.20.0.100 - - [09/Dec/2025:04:32:44 +0000] "GET /d1/280/AUTH_7aa4261a7cb74a7cb6dc3ff6f37c2f8c/gnocchi.c03adb86-a8cc-4da2-88e4-093cf5492e94/1764720000.0_mean_300.0_v3" 404 70 "GET http://172.18.0.2:8080/v1/AUTH_7aa4261a7cb74a7cb6dc3ff6f37c2f8c/gnocchi.c03adb86-a8cc-4da2-88e4-093cf5492e94/1764720000.0_mean_300.0_v3" "tx8d3eb059c72943908db0d-006937a66c" "proxy-server 12" 0.0003 "-" 25 0
Dec 9 04:32:44 standalone proxy-server[130416]: 172.18.0.2 172.18.0.100 09/Dec/2025/04/32/44 GET /v1/AUTH_7aa4261a7cb74a7cb6dc3ff6f37c2f8c/gnocchi.c03adb86-a8cc-4da2-88e4-093cf5492e94/1764720000.0_mean_300.0_v3 HTTP/1.0 404 - python-swiftclient-3.11.1 gAAAAABpN6Xpi1Ur... - 70 - tx8d3eb059c72943908db0d-006937a66c - 0.0062 - - 1765254764.468937159 1765254764.475150824 0
Dec 9 04:32:44 standalone container-server[128381]: 172.20.0.100 - - [09/Dec/2025:04:32:44 +0000] "PUT /d1/650/AUTH_7aa4261a7cb74a7cb6dc3ff6f37c2f8c/gnocchi.50c5707a-e36b-499d-98ad-8f82d5ef9d94/1764720000.0_mean_300.0_v3" 201 - "PUT http://172.18.0.2:8080/d1/726/AUTH_7aa4261a7cb74a7cb6dc3ff6f37c2f8c/gnocchi.50c5707a-e36b-499d-98ad-8f82d5ef9d94/1764720000.0_mean_300.0_v3" "tx102384e7facc4062bdd23-006937a66c" "object-server 22" 0.0011 "-" 20 0
Dec 9 04:32:44 standalone object-server[128582]: 172.20.0.100 - - [09/Dec/2025:04:32:44 +0000] "PUT /d1/726/AUTH_7aa4261a7cb74a7cb6dc3ff6f37c2f8c/gnocchi.50c5707a-e36b-499d-98ad-8f82d5ef9d94/1764720000.0_mean_300.0_v3" 201 - "PUT http://172.18.0.2:8080/v1/AUTH_7aa4261a7cb74a7cb6dc3ff6f37c2f8c/gnocchi.50c5707a-e36b-499d-98ad-8f82d5ef9d94/1764720000.0_mean_300.0_v3" "tx102384e7facc4062bdd23-006937a66c" "proxy-server 12" 0.0141 "-" 22 0
Dec 9 04:32:44 standalone proxy-server[130416]: 172.18.0.2 172.18.0.100 09/Dec/2025/04/32/44 PUT /v1/AUTH_7aa4261a7cb74a7cb6dc3ff6f37c2f8c/gnocchi.50c5707a-e36b-499d-98ad-8f82d5ef9d94/1764720000.0_mean_300.0_v3 HTTP/1.0 201 - python-swiftclient-3.11.1 gAAAAABpN6Xpi1Ur... 16 - - tx102384e7facc4062bdd23-006937a66c - 0.0221 - - 1765254764.479066372 1765254764.501124382 0
Dec 9 04:32:44 standalone container-server[128394]: 172.20.0.100 - - [09/Dec/2025:04:32:44 +0000] "PUT /d1/472/AUTH_7aa4261a7cb74a7cb6dc3ff6f37c2f8c/gnocchi.c03adb86-a8cc-4da2-88e4-093cf5492e94/1764720000.0_mean_300.0_v3" 201 - "PUT http://172.18.0.2:8080/d1/280/AUTH_7aa4261a7cb74a7cb6dc3ff6f37c2f8c/gnocchi.c03adb86-a8cc-4da2-88e4-093cf5492e94/1764720000.0_mean_300.0_v3" "tx5ea9f1c121ff4be18bc58-006937a66c" "object-server 24" 0.0009 "-" 22 0
Dec 9 04:32:44 standalone object-server[128585]: 172.20.0.100 - - [09/Dec/2025:04:32:44 +0000] "PUT /d1/280/AUTH_7aa4261a7cb74a7cb6dc3ff6f37c2f8c/gnocchi.c03adb86-a8cc-4da2-88e4-093cf5492e94/1764720000.0_mean_300.0_v3" 201 - "PUT http://172.18.0.2:8080/v1/AUTH_7aa4261a7cb74a7cb6dc3ff6f37c2f8c/gnocchi.c03adb86-a8cc-4da2-88e4-093cf5492e94/1764720000.0_mean_300.0_v3" "tx5ea9f1c121ff4be18bc58-006937a66c" "proxy-server 12" 0.0123 "-" 24 0
Dec 9 04:32:44 standalone proxy-server[130416]: 172.18.0.2 172.18.0.100 09/Dec/2025/04/32/44 PUT /v1/AUTH_7aa4261a7cb74a7cb6dc3ff6f37c2f8c/gnocchi.c03adb86-a8cc-4da2-88e4-093cf5492e94/1764720000.0_mean_300.0_v3 HTTP/1.0 201 - python-swiftclient-3.11.1 gAAAAABpN6Xpi1Ur... 16 - - tx5ea9f1c121ff4be18bc58-006937a66c - 0.0193 - - 1765254764.504657984 1765254764.523944378 0
Dec 9 04:32:44 standalone container-server[128381]: 172.20.0.100 - - [09/Dec/2025:04:32:44 +0000] "PUT /d1/650/AUTH_7aa4261a7cb74a7cb6dc3ff6f37c2f8c/gnocchi.50c5707a-e36b-499d-98ad-8f82d5ef9d94/none_v3" 201 - "PUT http://172.18.0.2:8080/d1/680/AUTH_7aa4261a7cb74a7cb6dc3ff6f37c2f8c/gnocchi.50c5707a-e36b-499d-98ad-8f82d5ef9d94/none_v3" "tx4f4bdf280ee04d059ce1a-006937a66c" "object-server 23" 0.0008 "-" 20 0
Dec 9 04:32:44 standalone object-server[128583]: 172.20.0.100 - - [09/Dec/2025:04:32:44 +0000] "PUT /d1/680/AUTH_7aa4261a7cb74a7cb6dc3ff6f37c2f8c/gnocchi.50c5707a-e36b-499d-98ad-8f82d5ef9d94/none_v3" 201 - "PUT http://172.18.0.2:8080/v1/AUTH_7aa4261a7cb74a7cb6dc3ff6f37c2f8c/gnocchi.50c5707a-e36b-499d-98ad-8f82d5ef9d94/none_v3" "tx4f4bdf280ee04d059ce1a-006937a66c" "proxy-server 12" 0.0119 "-" 23 0
Dec 9 04:32:44 standalone proxy-server[130416]: 172.18.0.2 172.18.0.100 09/Dec/2025/04/32/44 PUT /v1/AUTH_7aa4261a7cb74a7cb6dc3ff6f37c2f8c/gnocchi.50c5707a-e36b-499d-98ad-8f82d5ef9d94/none_v3 HTTP/1.0 201 - python-swiftclient-3.11.1 gAAAAABpN6Xpi1Ur... 22 - - tx4f4bdf280ee04d059ce1a-006937a66c - 0.0236 - - 1765254764.530362844 1765254764.553952217 0
Dec 9 04:32:44 standalone container-server[128394]: 172.20.0.100 - - [09/Dec/2025:04:32:44 +0000] "PUT /d1/472/AUTH_7aa4261a7cb74a7cb6dc3ff6f37c2f8c/gnocchi.c03adb86-a8cc-4da2-88e4-093cf5492e94/none_v3" 201 - "PUT http://172.18.0.2:8080/d1/249/AUTH_7aa4261a7cb74a7cb6dc3ff6f37c2f8c/gnocchi.c03adb86-a8cc-4da2-88e4-093cf5492e94/none_v3" "tx3848d2508357426aa9230-006937a66c" "object-server 23" 0.0010 "-" 22 0
Dec 9 04:32:44 standalone object-server[128583]: 172.20.0.100 - - [09/Dec/2025:04:32:44 +0000] "PUT /d1/249/AUTH_7aa4261a7cb74a7cb6dc3ff6f37c2f8c/gnocchi.c03adb86-a8cc-4da2-88e4-093cf5492e94/none_v3" 201 - "PUT http://172.18.0.2:8080/v1/AUTH_7aa4261a7cb74a7cb6dc3ff6f37c2f8c/gnocchi.c03adb86-a8cc-4da2-88e4-093cf5492e94/none_v3" "tx3848d2508357426aa9230-006937a66c" "proxy-server 12" 0.0145 "-" 23 0
Dec 9 04:32:44 standalone proxy-server[130416]: 172.18.0.2 172.18.0.100 09/Dec/2025/04/32/44 PUT /v1/AUTH_7aa4261a7cb74a7cb6dc3ff6f37c2f8c/gnocchi.c03adb86-a8cc-4da2-88e4-093cf5492e94/none_v3 HTTP/1.0 201 - python-swiftclient-3.11.1 gAAAAABpN6Xpi1Ur... 22 - - tx3848d2508357426aa9230-006937a66c - 0.0221 - - 1765254764.558257818 1765254764.580360174 0
Dec 9 04:32:44 standalone container-server[128398]: 172.20.0.100 - - [09/Dec/2025:04:32:44 +0000] "HEAD /d1/817/AUTH_7aa4261a7cb74a7cb6dc3ff6f37c2f8c/gnocchi.5c30367d-32b3-449f-bc3f-d3e8c9be3026" 404 - "HEAD http://172.18.0.2:8080/v1/AUTH_7aa4261a7cb74a7cb6dc3ff6f37c2f8c/gnocchi.5c30367d-32b3-449f-bc3f-d3e8c9be3026?format=json&states=listing" "tx5af38959c2124e139baa4-006937a66c" "proxy-server 12" 0.0006 "-" 23 0
Dec 9 04:32:44 standalone object-server[128587]: 172.20.0.100 - - [09/Dec/2025:04:32:44 +0000] "GET /d1/300/AUTH_7aa4261a7cb74a7cb6dc3ff6f37c2f8c/gnocchi.5c30367d-32b3-449f-bc3f-d3e8c9be3026/none_v3" 404 70 "GET http://172.18.0.2:8080/v1/AUTH_7aa4261a7cb74a7cb6dc3ff6f37c2f8c/gnocchi.5c30367d-32b3-449f-bc3f-d3e8c9be3026/none_v3" "tx5af38959c2124e139baa4-006937a66c" "proxy-server 12" 0.0003 "-" 25 0
Dec 9 04:32:44 standalone proxy-server[130416]: 172.18.0.2 172.18.0.100 09/Dec/2025/04/32/44 GET /v1/AUTH_7aa4261a7cb74a7cb6dc3ff6f37c2f8c/gnocchi.5c30367d-32b3-449f-bc3f-d3e8c9be3026/none_v3 HTTP/1.0 404 - python-swiftclient-3.11.1 gAAAAABpN6Xpi1Ur... - 70 - tx5af38959c2124e139baa4-006937a66c - 0.0122 - - 1765254764.593448162 1765254764.605612516 0
Dec 9 04:32:44 standalone account-server[128305]: 172.20.0.100 - - [09/Dec/2025:04:32:44 +0000] "PUT /d1/515/AUTH_7aa4261a7cb74a7cb6dc3ff6f37c2f8c/gnocchi.5c30367d-32b3-449f-bc3f-d3e8c9be3026" 201 - "PUT http://172.20.0.100:6001/d1/817/AUTH_7aa4261a7cb74a7cb6dc3ff6f37c2f8c/gnocchi.5c30367d-32b3-449f-bc3f-d3e8c9be3026" "tx3ac0754fb49d430db5950-006937a66c" "container-server 22" 0.0064 "-" 22 0
Dec 9 04:32:44 standalone container-server[128394]: 172.20.0.100 - - [09/Dec/2025:04:32:44 +0000] "PUT /d1/817/AUTH_7aa4261a7cb74a7cb6dc3ff6f37c2f8c/gnocchi.5c30367d-32b3-449f-bc3f-d3e8c9be3026" 201 - "PUT http://172.18.0.2:8080/v1/AUTH_7aa4261a7cb74a7cb6dc3ff6f37c2f8c/gnocchi.5c30367d-32b3-449f-bc3f-d3e8c9be3026" "tx3ac0754fb49d430db5950-006937a66c" "proxy-server 12" 0.0219 "-" 22 0
Dec 9 04:32:44 standalone proxy-server[130416]: 172.18.0.2 172.18.0.100 09/Dec/2025/04/32/44 PUT /v1/AUTH_7aa4261a7cb74a7cb6dc3ff6f37c2f8c/gnocchi.5c30367d-32b3-449f-bc3f-d3e8c9be3026 HTTP/1.0 201 - python-swiftclient-3.11.1 gAAAAABpN6Xpi1Ur... - - - tx3ac0754fb49d430db5950-006937a66c - 0.0310 - - 1765254764.609582424 1765254764.640545845 0
Dec 9 04:32:44 standalone container-server[128398]: 172.20.0.100 - - [09/Dec/2025:04:32:44 +0000] "HEAD /d1/817/AUTH_7aa4261a7cb74a7cb6dc3ff6f37c2f8c/gnocchi.5c30367d-32b3-449f-bc3f-d3e8c9be3026" 204 - "HEAD http://172.18.0.2:8080/v1/AUTH_7aa4261a7cb74a7cb6dc3ff6f37c2f8c/gnocchi.5c30367d-32b3-449f-bc3f-d3e8c9be3026?format=json&states=listing" "tx56ee01f3c8054202bdcc4-006937a66c" "proxy-server 12" 0.0017 "-" 23 0
Dec 9 04:32:44 standalone proxy-server[130416]: - - 09/Dec/2025/04/32/44 HEAD /v1/AUTH_7aa4261a7cb74a7cb6dc3ff6f37c2f8c/gnocchi.5c30367d-32b3-449f-bc3f-d3e8c9be3026%3Fformat%3Djson%26states%3Dlisting HTTP/1.0 204 - Swift - - - - tx56ee01f3c8054202bdcc4-006937a66c - 0.0063 RL - 1765254764.647150517 1765254764.653476238 0
Dec 9 04:32:44 standalone container-server[128394]: 172.20.0.100 - - [09/Dec/2025:04:32:44 +0000] "GET /d1/817/AUTH_7aa4261a7cb74a7cb6dc3ff6f37c2f8c/gnocchi.5c30367d-32b3-449f-bc3f-d3e8c9be3026" 200 2 "GET http://172.18.0.2:8080/v1/AUTH_7aa4261a7cb74a7cb6dc3ff6f37c2f8c/gnocchi.5c30367d-32b3-449f-bc3f-d3e8c9be3026?format=json&states=listing" "tx56ee01f3c8054202bdcc4-006937a66c" "proxy-server 12" 0.0038 "-" 22 0
Dec 9 04:32:44 standalone proxy-server[130416]: 172.18.0.2 172.18.0.100 09/Dec/2025/04/32/44 GET /v1/AUTH_7aa4261a7cb74a7cb6dc3ff6f37c2f8c/gnocchi.5c30367d-32b3-449f-bc3f-d3e8c9be3026%3Fformat%3Djson%26states%3Dlisting HTTP/1.0 200 - python-swiftclient-3.11.1 gAAAAABpN6Xpi1Ur... - 2 - tx56ee01f3c8054202bdcc4-006937a66c - 0.0211 - - 1765254764.644995213 1765254764.666141748 0
Dec 9 04:32:44 standalone object-server[128587]: 172.20.0.100 - - [09/Dec/2025:04:32:44 +0000] "GET /d1/715/AUTH_7aa4261a7cb74a7cb6dc3ff6f37c2f8c/gnocchi.5c30367d-32b3-449f-bc3f-d3e8c9be3026/1764720000.0_mean_300.0_v3" 404 70 "GET http://172.18.0.2:8080/v1/AUTH_7aa4261a7cb74a7cb6dc3ff6f37c2f8c/gnocchi.5c30367d-32b3-449f-bc3f-d3e8c9be3026/1764720000.0_mean_300.0_v3" "tx27db681c572f4f4a9dfa4-006937a66c" "proxy-server 12" 0.0003 "-" 25 0
Dec 9 04:32:44 standalone proxy-server[130416]: 172.18.0.2 172.18.0.100 09/Dec/2025/04/32/44 GET /v1/AUTH_7aa4261a7cb74a7cb6dc3ff6f37c2f8c/gnocchi.5c30367d-32b3-449f-bc3f-d3e8c9be3026/1764720000.0_mean_300.0_v3 HTTP/1.0 404 - python-swiftclient-3.11.1 gAAAAABpN6Xpi1Ur... - 70 - tx27db681c572f4f4a9dfa4-006937a66c - 0.0058 - - 1765254764.670252800 1765254764.676070690 0
Dec 9 04:32:44 standalone container-server[128381]: 172.20.0.100 - - [09/Dec/2025:04:32:44 +0000] "PUT /d1/817/AUTH_7aa4261a7cb74a7cb6dc3ff6f37c2f8c/gnocchi.5c30367d-32b3-449f-bc3f-d3e8c9be3026/1764720000.0_mean_300.0_v3" 201 - "PUT http://172.18.0.2:8080/d1/715/AUTH_7aa4261a7cb74a7cb6dc3ff6f37c2f8c/gnocchi.5c30367d-32b3-449f-bc3f-d3e8c9be3026/1764720000.0_mean_300.0_v3" "tx0b4af640333d48b78a9b4-006937a66c" "object-server 22" 0.0010 "-" 20 0
Dec 9 04:32:44 standalone object-server[128582]: 172.20.0.100 - - [09/Dec/2025:04:32:44 +0000] "PUT /d1/715/AUTH_7aa4261a7cb74a7cb6dc3ff6f37c2f8c/gnocchi.5c30367d-32b3-449f-bc3f-d3e8c9be3026/1764720000.0_mean_300.0_v3" 201 - "PUT http://172.18.0.2:8080/v1/AUTH_7aa4261a7cb74a7cb6dc3ff6f37c2f8c/gnocchi.5c30367d-32b3-449f-bc3f-d3e8c9be3026/1764720000.0_mean_300.0_v3" "tx0b4af640333d48b78a9b4-006937a66c" "proxy-server 12" 0.0158 "-" 22 0
Dec 9 04:32:44 standalone proxy-server[130416]: 172.18.0.2 172.18.0.100 09/Dec/2025/04/32/44 PUT /v1/AUTH_7aa4261a7cb74a7cb6dc3ff6f37c2f8c/gnocchi.5c30367d-32b3-449f-bc3f-d3e8c9be3026/1764720000.0_mean_300.0_v3 HTTP/1.0 201 - python-swiftclient-3.11.1 gAAAAABpN6Xpi1Ur... 16 - - tx0b4af640333d48b78a9b4-006937a66c - 0.0236 - - 1765254764.679277897 1765254764.702906847 0
Dec 9 04:32:44 standalone container-server[128381]: 172.20.0.100 - - [09/Dec/2025:04:32:44 +0000] "PUT /d1/817/AUTH_7aa4261a7cb74a7cb6dc3ff6f37c2f8c/gnocchi.5c30367d-32b3-449f-bc3f-d3e8c9be3026/none_v3" 201 - "PUT http://172.18.0.2:8080/d1/300/AUTH_7aa4261a7cb74a7cb6dc3ff6f37c2f8c/gnocchi.5c30367d-32b3-449f-bc3f-d3e8c9be3026/none_v3" "txf71ea1a1e7fb410f8a76d-006937a66c" "object-server 25" 0.0014 "-" 20 0
Dec 9 04:32:44 standalone object-server[128587]: 172.20.0.100 - - [09/Dec/2025:04:32:44 +0000] "PUT /d1/300/AUTH_7aa4261a7cb74a7cb6dc3ff6f37c2f8c/gnocchi.5c30367d-32b3-449f-bc3f-d3e8c9be3026/none_v3" 201 - "PUT http://172.18.0.2:8080/v1/AUTH_7aa4261a7cb74a7cb6dc3ff6f37c2f8c/gnocchi.5c30367d-32b3-449f-bc3f-d3e8c9be3026/none_v3" "txf71ea1a1e7fb410f8a76d-006937a66c" "proxy-server 12" 0.0127 "-" 25 0
Dec 9 04:32:44 standalone proxy-server[130416]: 172.18.0.2 172.18.0.100 09/Dec/2025/04/32/44 PUT /v1/AUTH_7aa4261a7cb74a7cb6dc3ff6f37c2f8c/gnocchi.5c30367d-32b3-449f-bc3f-d3e8c9be3026/none_v3 HTTP/1.0 201 - python-swiftclient-3.11.1 gAAAAABpN6Xpi1Ur... 22 - - txf71ea1a1e7fb410f8a76d-006937a66c - 0.0300 - - 1765254764.706316471 1765254764.736357450 0
Dec 9 04:32:44 standalone container-server[128386]: 172.20.0.100 - - [09/Dec/2025:04:32:44 +0000] "HEAD /d1/265/AUTH_7aa4261a7cb74a7cb6dc3ff6f37c2f8c/gnocchi.ab8e46e3-d1a3-4a11-b50b-1e157a1ac6c0" 404 - "HEAD http://172.18.0.2:8080/v1/AUTH_7aa4261a7cb74a7cb6dc3ff6f37c2f8c/gnocchi.ab8e46e3-d1a3-4a11-b50b-1e157a1ac6c0?format=json&states=listing" "tx4b73940a1b0b45069eb39-006937a66c" "proxy-server 12" 0.0007 "-" 21 0
Dec 9 04:32:44 standalone object-server[128583]: 172.20.0.100 - - [09/Dec/2025:04:32:44 +0000] "GET /d1/430/AUTH_7aa4261a7cb74a7cb6dc3ff6f37c2f8c/gnocchi.ab8e46e3-d1a3-4a11-b50b-1e157a1ac6c0/none_v3" 404 70 "GET http://172.18.0.2:8080/v1/AUTH_7aa4261a7cb74a7cb6dc3ff6f37c2f8c/gnocchi.ab8e46e3-d1a3-4a11-b50b-1e157a1ac6c0/none_v3" "tx4b73940a1b0b45069eb39-006937a66c" "proxy-server 12" 0.0007 "-" 23 0
Dec 9 04:32:44 standalone proxy-server[130416]: 172.18.0.2 172.18.0.100 09/Dec/2025/04/32/44 GET /v1/AUTH_7aa4261a7cb74a7cb6dc3ff6f37c2f8c/gnocchi.ab8e46e3-d1a3-4a11-b50b-1e157a1ac6c0/none_v3 HTTP/1.0 404 - python-swiftclient-3.11.1 gAAAAABpN6Xpi1Ur... - 70 - tx4b73940a1b0b45069eb39-006937a66c - 0.0173 - - 1765254764.752233982 1765254764.769548655 0
Dec 9 04:32:44 standalone account-server[128305]: 172.20.0.100 - - [09/Dec/2025:04:32:44 +0000] "PUT /d1/515/AUTH_7aa4261a7cb74a7cb6dc3ff6f37c2f8c/gnocchi.ab8e46e3-d1a3-4a11-b50b-1e157a1ac6c0" 201 - "PUT http://172.20.0.100:6001/d1/265/AUTH_7aa4261a7cb74a7cb6dc3ff6f37c2f8c/gnocchi.ab8e46e3-d1a3-4a11-b50b-1e157a1ac6c0" "tx6feea19109734cfba88f3-006937a66c" "container-server 20" 0.0071 "-" 22 0
Dec 9 04:32:44 standalone container-server[128381]: 172.20.0.100 - - [09/Dec/2025:04:32:44 +0000] "PUT /d1/265/AUTH_7aa4261a7cb74a7cb6dc3ff6f37c2f8c/gnocchi.ab8e46e3-d1a3-4a11-b50b-1e157a1ac6c0" 201 - "PUT http://172.18.0.2:8080/v1/AUTH_7aa4261a7cb74a7cb6dc3ff6f37c2f8c/gnocchi.ab8e46e3-d1a3-4a11-b50b-1e157a1ac6c0" "tx6feea19109734cfba88f3-006937a66c" "proxy-server 12" 0.0221 "-" 20 0
Dec 9 04:32:44 standalone proxy-server[130416]: 172.18.0.2 172.18.0.100 09/Dec/2025/04/32/44 PUT /v1/AUTH_7aa4261a7cb74a7cb6dc3ff6f37c2f8c/gnocchi.ab8e46e3-d1a3-4a11-b50b-1e157a1ac6c0 HTTP/1.0 201 - python-swiftclient-3.11.1 gAAAAABpN6Xpi1Ur... - - - tx6feea19109734cfba88f3-006937a66c - 0.0358 - - 1765254764.773438692 1765254764.809204578 0
Dec 9 04:32:44 standalone container-server[128394]: 172.20.0.100 - - [09/Dec/2025:04:32:44 +0000] "HEAD /d1/265/AUTH_7aa4261a7cb74a7cb6dc3ff6f37c2f8c/gnocchi.ab8e46e3-d1a3-4a11-b50b-1e157a1ac6c0" 204 - "HEAD http://172.18.0.2:8080/v1/AUTH_7aa4261a7cb74a7cb6dc3ff6f37c2f8c/gnocchi.ab8e46e3-d1a3-4a11-b50b-1e157a1ac6c0?format=json&states=listing" "tx2eb88810cd91472490ea8-006937a66c" "proxy-server 12" 0.0024 "-" 22 0
Dec 9 04:32:44 standalone proxy-server[130416]: - - 09/Dec/2025/04/32/44 HEAD /v1/AUTH_7aa4261a7cb74a7cb6dc3ff6f37c2f8c/gnocchi.ab8e46e3-d1a3-4a11-b50b-1e157a1ac6c0%3Fformat%3Djson%26states%3Dlisting HTTP/1.0 204 - Swift - - - - tx2eb88810cd91472490ea8-006937a66c - 0.0063 RL - 1765254764.815978050 1765254764.822230816 0
Dec 9 04:32:44 standalone container-server[128386]: 172.20.0.100 - - [09/Dec/2025:04:32:44 +0000] "GET /d1/265/AUTH_7aa4261a7cb74a7cb6dc3ff6f37c2f8c/gnocchi.ab8e46e3-d1a3-4a11-b50b-1e157a1ac6c0" 200 2 "GET http://172.18.0.2:8080/v1/AUTH_7aa4261a7cb74a7cb6dc3ff6f37c2f8c/gnocchi.ab8e46e3-d1a3-4a11-b50b-1e157a1ac6c0?format=json&states=listing" "tx2eb88810cd91472490ea8-006937a66c" "proxy-server 12" 0.0040 "-" 21 0
Dec 9 04:32:44 standalone proxy-server[130416]: 172.18.0.2 172.18.0.100 09/Dec/2025/04/32/44 GET /v1/AUTH_7aa4261a7cb74a7cb6dc3ff6f37c2f8c/gnocchi.ab8e46e3-d1a3-4a11-b50b-1e157a1ac6c0%3Fformat%3Djson%26states%3Dlisting HTTP/1.0 200 - python-swiftclient-3.11.1 gAAAAABpN6Xpi1Ur... - 2 - tx2eb88810cd91472490ea8-006937a66c - 0.0185 - - 1765254764.814730167 1765254764.833186388 0
Dec 9 04:32:44 standalone object-server[128587]: 172.20.0.100 - - [09/Dec/2025:04:32:44 +0000] "GET /d1/402/AUTH_7aa4261a7cb74a7cb6dc3ff6f37c2f8c/gnocchi.ab8e46e3-d1a3-4a11-b50b-1e157a1ac6c0/1764720000.0_mean_300.0_v3" 404 70 "GET http://172.18.0.2:8080/v1/AUTH_7aa4261a7cb74a7cb6dc3ff6f37c2f8c/gnocchi.ab8e46e3-d1a3-4a11-b50b-1e157a1ac6c0/1764720000.0_mean_300.0_v3" "txe4105f3c2f7c49d9a6855-006937a66c" "proxy-server 12" 0.0004 "-" 25 0
Dec 9 04:32:44 standalone proxy-server[130416]: 172.18.0.2 172.18.0.100 09/Dec/2025/04/32/44 GET /v1/AUTH_7aa4261a7cb74a7cb6dc3ff6f37c2f8c/gnocchi.ab8e46e3-d1a3-4a11-b50b-1e157a1ac6c0/1764720000.0_mean_300.0_v3 HTTP/1.0 404 - python-swiftclient-3.11.1 gAAAAABpN6Xpi1Ur... - 70 - txe4105f3c2f7c49d9a6855-006937a66c - 0.0047 - - 1765254764.837079525 1765254764.841731071 0
