Dec 9 04:33:07 standalone object-server[128583]: 172.20.0.100 - - [09/Dec/2025:04:33:07 +0000] "PUT /d1/574/AUTH_7aa4261a7cb74a7cb6dc3ff6f37c2f8c/gnocchi.9d94b524-2488-445e-9b4a-649e79ff5d99/none_v3" 201 - "PUT http://172.18.0.2:8080/v1/AUTH_7aa4261a7cb74a7cb6dc3ff6f37c2f8c/gnocchi.9d94b524-2488-445e-9b4a-649e79ff5d99/none_v3" "txa9c4a0bc706748b7a3e05-006937a683" "proxy-server 12" 0.0128 "-" 23 0
Dec 9 04:33:07 standalone proxy-server[130416]: 172.18.0.2 172.18.0.100 09/Dec/2025/04/33/07 PUT /v1/AUTH_7aa4261a7cb74a7cb6dc3ff6f37c2f8c/gnocchi.9d94b524-2488-445e-9b4a-649e79ff5d99/none_v3 HTTP/1.0 201 - python-swiftclient-3.11.1 gAAAAABpN6Xpi1Ur... 22 - - txa9c4a0bc706748b7a3e05-006937a683 - 0.0239 - - 1765254787.397493601 1765254787.421371460 0
Dec 9 04:33:07 standalone container-server[128386]: 172.20.0.100 - - [09/Dec/2025:04:33:07 +0000] "HEAD /d1/772/AUTH_7aa4261a7cb74a7cb6dc3ff6f37c2f8c/gnocchi.843c621a-15b8-44a9-b3f1-d3c300de0fd9" 404 - "HEAD http://172.18.0.2:8080/v1/AUTH_7aa4261a7cb74a7cb6dc3ff6f37c2f8c/gnocchi.843c621a-15b8-44a9-b3f1-d3c300de0fd9?format=json&states=listing" "tx6fcc7c8c0b9545ebb8e2b-006937a683" "proxy-server 12" 0.0007 "-" 21 0
Dec 9 04:33:07 standalone object-server[128587]: 172.20.0.100 - - [09/Dec/2025:04:33:07 +0000] "GET /d1/602/AUTH_7aa4261a7cb74a7cb6dc3ff6f37c2f8c/gnocchi.843c621a-15b8-44a9-b3f1-d3c300de0fd9/none_v3" 404 70 "GET http://172.18.0.2:8080/v1/AUTH_7aa4261a7cb74a7cb6dc3ff6f37c2f8c/gnocchi.843c621a-15b8-44a9-b3f1-d3c300de0fd9/none_v3" "tx6fcc7c8c0b9545ebb8e2b-006937a683" "proxy-server 12" 0.0005 "-" 25 0
Dec 9 04:33:07 standalone proxy-server[130416]: 172.18.0.2 172.18.0.100 09/Dec/2025/04/33/07 GET /v1/AUTH_7aa4261a7cb74a7cb6dc3ff6f37c2f8c/gnocchi.843c621a-15b8-44a9-b3f1-d3c300de0fd9/none_v3 HTTP/1.0 404 - python-swiftclient-3.11.1 gAAAAABpN6Xpi1Ur... - 70 - tx6fcc7c8c0b9545ebb8e2b-006937a683 - 0.0131 - - 1765254787.434670925 1765254787.447756290 0
Dec 9 04:33:07 standalone account-server[128318]: 172.20.0.100 - - [09/Dec/2025:04:33:07 +0000] "PUT /d1/515/AUTH_7aa4261a7cb74a7cb6dc3ff6f37c2f8c/gnocchi.843c621a-15b8-44a9-b3f1-d3c300de0fd9" 201 - "PUT http://172.20.0.100:6001/d1/772/AUTH_7aa4261a7cb74a7cb6dc3ff6f37c2f8c/gnocchi.843c621a-15b8-44a9-b3f1-d3c300de0fd9" "txfd2e8cf3f5b04b11bbe0b-006937a683" "container-server 22" 0.0093 "-" 23 0
Dec 9 04:33:07 standalone container-server[128394]: 172.20.0.100 - - [09/Dec/2025:04:33:07 +0000] "PUT /d1/772/AUTH_7aa4261a7cb74a7cb6dc3ff6f37c2f8c/gnocchi.843c621a-15b8-44a9-b3f1-d3c300de0fd9" 201 - "PUT http://172.18.0.2:8080/v1/AUTH_7aa4261a7cb74a7cb6dc3ff6f37c2f8c/gnocchi.843c621a-15b8-44a9-b3f1-d3c300de0fd9" "txfd2e8cf3f5b04b11bbe0b-006937a683" "proxy-server 12" 0.0312 "-" 22 0
Dec 9 04:33:07 standalone proxy-server[130416]: 172.18.0.2 172.18.0.100 09/Dec/2025/04/33/07 PUT /v1/AUTH_7aa4261a7cb74a7cb6dc3ff6f37c2f8c/gnocchi.843c621a-15b8-44a9-b3f1-d3c300de0fd9 HTTP/1.0 201 - python-swiftclient-3.11.1 gAAAAABpN6Xpi1Ur... - - - txfd2e8cf3f5b04b11bbe0b-006937a683 - 0.0426 - - 1765254787.450609446 1765254787.493168354 0
Dec 9 04:33:07 standalone container-server[128394]: 172.20.0.100 - - [09/Dec/2025:04:33:07 +0000] "HEAD /d1/772/AUTH_7aa4261a7cb74a7cb6dc3ff6f37c2f8c/gnocchi.843c621a-15b8-44a9-b3f1-d3c300de0fd9" 204 - "HEAD http://172.18.0.2:8080/v1/AUTH_7aa4261a7cb74a7cb6dc3ff6f37c2f8c/gnocchi.843c621a-15b8-44a9-b3f1-d3c300de0fd9?format=json&states=listing" "tx815b578fcbea430e9fd5b-006937a683" "proxy-server 12" 0.0052 "-" 22 0
Dec 9 04:33:07 standalone proxy-server[130416]: - - 09/Dec/2025/04/33/07 HEAD /v1/AUTH_7aa4261a7cb74a7cb6dc3ff6f37c2f8c/gnocchi.843c621a-15b8-44a9-b3f1-d3c300de0fd9%3Fformat%3Djson%26states%3Dlisting HTTP/1.0 204 - Swift - - - - tx815b578fcbea430e9fd5b-006937a683 - 0.0225 RL - 1765254787.503733397 1765254787.526270866 0
Dec 9 04:33:07 standalone container-server[128394]: 172.20.0.100 - - [09/Dec/2025:04:33:07 +0000] "GET /d1/772/AUTH_7aa4261a7cb74a7cb6dc3ff6f37c2f8c/gnocchi.843c621a-15b8-44a9-b3f1-d3c300de0fd9" 200 2 "GET http://172.18.0.2:8080/v1/AUTH_7aa4261a7cb74a7cb6dc3ff6f37c2f8c/gnocchi.843c621a-15b8-44a9-b3f1-d3c300de0fd9?format=json&states=listing" "tx815b578fcbea430e9fd5b-006937a683" "proxy-server 12" 0.0058 "-" 22 0
Dec 9 04:33:07 standalone proxy-server[130416]: 172.18.0.2 172.18.0.100 09/Dec/2025/04/33/07 GET /v1/AUTH_7aa4261a7cb74a7cb6dc3ff6f37c2f8c/gnocchi.843c621a-15b8-44a9-b3f1-d3c300de0fd9%3Fformat%3Djson%26states%3Dlisting HTTP/1.0 200 - python-swiftclient-3.11.1 gAAAAABpN6Xpi1Ur... - 2 - tx815b578fcbea430e9fd5b-006937a683 - 0.0457 - - 1765254787.500783920 1765254787.546517849 0
Dec 9 04:33:07 standalone object-server[128582]: 172.20.0.100 - - [09/Dec/2025:04:33:07 +0000] "GET /d1/434/AUTH_7aa4261a7cb74a7cb6dc3ff6f37c2f8c/gnocchi.843c621a-15b8-44a9-b3f1-d3c300de0fd9/1764720000.0_mean_300.0_v3" 404 70 "GET http://172.18.0.2:8080/v1/AUTH_7aa4261a7cb74a7cb6dc3ff6f37c2f8c/gnocchi.843c621a-15b8-44a9-b3f1-d3c300de0fd9/1764720000.0_mean_300.0_v3" "tx080f44c796184bc7ab7cf-006937a683" "proxy-server 12" 0.0005 "-" 22 0
Dec 9 04:33:07 standalone proxy-server[130416]: 172.18.0.2 172.18.0.100 09/Dec/2025/04/33/07 GET /v1/AUTH_7aa4261a7cb74a7cb6dc3ff6f37c2f8c/gnocchi.843c621a-15b8-44a9-b3f1-d3c300de0fd9/1764720000.0_mean_300.0_v3 HTTP/1.0 404 - python-swiftclient-3.11.1 gAAAAABpN6Xpi1Ur... - 70 - tx080f44c796184bc7ab7cf-006937a683 - 0.0093 - - 1765254787.552580118 1765254787.561846256 0
Dec 9 04:33:07 standalone container-server[128386]: 172.20.0.100 - - [09/Dec/2025:04:33:07 +0000] "PUT /d1/772/AUTH_7aa4261a7cb74a7cb6dc3ff6f37c2f8c/gnocchi.843c621a-15b8-44a9-b3f1-d3c300de0fd9/1764720000.0_mean_300.0_v3" 201 - "PUT http://172.18.0.2:8080/d1/434/AUTH_7aa4261a7cb74a7cb6dc3ff6f37c2f8c/gnocchi.843c621a-15b8-44a9-b3f1-d3c300de0fd9/1764720000.0_mean_300.0_v3" "txa766555c448e4669a1200-006937a683" "object-server 23" 0.0013 "-" 21 0
Dec 9 04:33:07 standalone object-server[128583]: 172.20.0.100 - - [09/Dec/2025:04:33:07 +0000] "PUT /d1/434/AUTH_7aa4261a7cb74a7cb6dc3ff6f37c2f8c/gnocchi.843c621a-15b8-44a9-b3f1-d3c300de0fd9/1764720000.0_mean_300.0_v3" 201 - "PUT http://172.18.0.2:8080/v1/AUTH_7aa4261a7cb74a7cb6dc3ff6f37c2f8c/gnocchi.843c621a-15b8-44a9-b3f1-d3c300de0fd9/1764720000.0_mean_300.0_v3" "txa766555c448e4669a1200-006937a683" "proxy-server 12" 0.0180 "-" 23 0
Dec 9 04:33:07 standalone proxy-server[130416]: 172.18.0.2 172.18.0.100 09/Dec/2025/04/33/07 PUT /v1/AUTH_7aa4261a7cb74a7cb6dc3ff6f37c2f8c/gnocchi.843c621a-15b8-44a9-b3f1-d3c300de0fd9/1764720000.0_mean_300.0_v3 HTTP/1.0 201 - python-swiftclient-3.11.1 gAAAAABpN6Xpi1Ur... 16 - - txa766555c448e4669a1200-006937a683 - 0.0294 - - 1765254787.568866730 1765254787.598293781 0
Dec 9 04:33:07 standalone container-server[128386]: 172.20.0.100 - - [09/Dec/2025:04:33:07 +0000] "PUT /d1/772/AUTH_7aa4261a7cb74a7cb6dc3ff6f37c2f8c/gnocchi.843c621a-15b8-44a9-b3f1-d3c300de0fd9/none_v3" 201 - "PUT http://172.18.0.2:8080/d1/602/AUTH_7aa4261a7cb74a7cb6dc3ff6f37c2f8c/gnocchi.843c621a-15b8-44a9-b3f1-d3c300de0fd9/none_v3" "tx7adb8a97469c492baf169-006937a683" "object-server 24" 0.0011 "-" 21 0
Dec 9 04:33:07 standalone object-server[128585]: 172.20.0.100 - - [09/Dec/2025:04:33:07 +0000] "PUT /d1/602/AUTH_7aa4261a7cb74a7cb6dc3ff6f37c2f8c/gnocchi.843c621a-15b8-44a9-b3f1-d3c300de0fd9/none_v3" 201 - "PUT http://172.18.0.2:8080/v1/AUTH_7aa4261a7cb74a7cb6dc3ff6f37c2f8c/gnocchi.843c621a-15b8-44a9-b3f1-d3c300de0fd9/none_v3" "tx7adb8a97469c492baf169-006937a683" "proxy-server 12" 0.0130 "-" 24 0
Dec 9 04:33:07 standalone proxy-server[130416]: 172.18.0.2 172.18.0.100 09/Dec/2025/04/33/07 PUT /v1/AUTH_7aa4261a7cb74a7cb6dc3ff6f37c2f8c/gnocchi.843c621a-15b8-44a9-b3f1-d3c300de0fd9/none_v3 HTTP/1.0 201 - python-swiftclient-3.11.1 gAAAAABpN6Xpi1Ur... 22 - - tx7adb8a97469c492baf169-006937a683 - 0.0212 - - 1765254787.602875948 1765254787.624086380 0
Dec 9 04:33:07 standalone container-server[128386]: 172.20.0.100 - - [09/Dec/2025:04:33:07 +0000] "HEAD /d1/921/AUTH_7aa4261a7cb74a7cb6dc3ff6f37c2f8c/gnocchi.8f1d9fc6-a71b-4de9-8411-998582b4a8f8" 404 - "HEAD http://172.18.0.2:8080/v1/AUTH_7aa4261a7cb74a7cb6dc3ff6f37c2f8c/gnocchi.8f1d9fc6-a71b-4de9-8411-998582b4a8f8?format=json&states=listing" "txa6a3b0d5ee3d4db18c52c-006937a683" "proxy-server 12" 0.0008 "-" 21 0
Dec 9 04:33:07 standalone object-server[128582]: 172.20.0.100 - - [09/Dec/2025:04:33:07 +0000] "GET /d1/255/AUTH_7aa4261a7cb74a7cb6dc3ff6f37c2f8c/gnocchi.8f1d9fc6-a71b-4de9-8411-998582b4a8f8/none_v3" 404 70 "GET http://172.18.0.2:8080/v1/AUTH_7aa4261a7cb74a7cb6dc3ff6f37c2f8c/gnocchi.8f1d9fc6-a71b-4de9-8411-998582b4a8f8/none_v3" "txa6a3b0d5ee3d4db18c52c-006937a683" "proxy-server 12" 0.0004 "-" 22 0
Dec 9 04:33:07 standalone proxy-server[130416]: 172.18.0.2 172.18.0.100 09/Dec/2025/04/33/07 GET /v1/AUTH_7aa4261a7cb74a7cb6dc3ff6f37c2f8c/gnocchi.8f1d9fc6-a71b-4de9-8411-998582b4a8f8/none_v3 HTTP/1.0 404 - python-swiftclient-3.11.1 gAAAAABpN6Xpi1Ur... - 70 - txa6a3b0d5ee3d4db18c52c-006937a683 - 0.0179 - - 1765254787.642504930 1765254787.660423994 0
Dec 9 04:33:07 standalone account-server[128286]: 172.20.0.100 - - [09/Dec/2025:04:33:07 +0000] "PUT /d1/515/AUTH_7aa4261a7cb74a7cb6dc3ff6f37c2f8c/gnocchi.8f1d9fc6-a71b-4de9-8411-998582b4a8f8" 201 - "PUT http://172.20.0.100:6001/d1/921/AUTH_7aa4261a7cb74a7cb6dc3ff6f37c2f8c/gnocchi.8f1d9fc6-a71b-4de9-8411-998582b4a8f8" "tx520e0e4742ac49688c972-006937a683" "container-server 23" 0.0077 "-" 20 0
Dec 9 04:33:07 standalone container-server[128398]: 172.20.0.100 - - [09/Dec/2025:04:33:07 +0000] "PUT /d1/921/AUTH_7aa4261a7cb74a7cb6dc3ff6f37c2f8c/gnocchi.8f1d9fc6-a71b-4de9-8411-998582b4a8f8" 201 - "PUT http://172.18.0.2:8080/v1/AUTH_7aa4261a7cb74a7cb6dc3ff6f37c2f8c/gnocchi.8f1d9fc6-a71b-4de9-8411-998582b4a8f8" "tx520e0e4742ac49688c972-006937a683" "proxy-server 12" 0.0278 "-" 23 0
Dec 9 04:33:07 standalone proxy-server[130416]: 172.18.0.2 172.18.0.100 09/Dec/2025/04/33/07 PUT /v1/AUTH_7aa4261a7cb74a7cb6dc3ff6f37c2f8c/gnocchi.8f1d9fc6-a71b-4de9-8411-998582b4a8f8 HTTP/1.0 201 - python-swiftclient-3.11.1 gAAAAABpN6Xpi1Ur... - - - tx520e0e4742ac49688c972-006937a683 - 0.0345 - - 1765254787.663447380 1765254787.697971344 0
Dec 9 04:33:07 standalone container-server[128394]: 172.20.0.100 - - [09/Dec/2025:04:33:07 +0000] "HEAD /d1/921/AUTH_7aa4261a7cb74a7cb6dc3ff6f37c2f8c/gnocchi.8f1d9fc6-a71b-4de9-8411-998582b4a8f8" 204 - "HEAD http://172.18.0.2:8080/v1/AUTH_7aa4261a7cb74a7cb6dc3ff6f37c2f8c/gnocchi.8f1d9fc6-a71b-4de9-8411-998582b4a8f8?format=json&states=listing" "tx265c67addda1479085716-006937a683" "proxy-server 12" 0.0026 "-" 22 0
Dec 9 04:33:07 standalone proxy-server[130416]: - - 09/Dec/2025/04/33/07 HEAD /v1/AUTH_7aa4261a7cb74a7cb6dc3ff6f37c2f8c/gnocchi.8f1d9fc6-a71b-4de9-8411-998582b4a8f8%3Fformat%3Djson%26states%3Dlisting HTTP/1.0 204 - Swift - - - - tx265c67addda1479085716-006937a683 - 0.0067 RL - 1765254787.703832626 1765254787.710515022 0
Dec 9 04:33:07 standalone container-server[128381]: 172.20.0.100 - - [09/Dec/2025:04:33:07 +0000] "GET /d1/921/AUTH_7aa4261a7cb74a7cb6dc3ff6f37c2f8c/gnocchi.8f1d9fc6-a71b-4de9-8411-998582b4a8f8" 200 2 "GET http://172.18.0.2:8080/v1/AUTH_7aa4261a7cb74a7cb6dc3ff6f37c2f8c/gnocchi.8f1d9fc6-a71b-4de9-8411-998582b4a8f8?format=json&states=listing" "tx265c67addda1479085716-006937a683" "proxy-server 12" 0.0120 "-" 20 0
Dec 9 04:33:07 standalone proxy-server[130416]: 172.18.0.2 172.18.0.100 09/Dec/2025/04/33/07 GET /v1/AUTH_7aa4261a7cb74a7cb6dc3ff6f37c2f8c/gnocchi.8f1d9fc6-a71b-4de9-8411-998582b4a8f8%3Fformat%3Djson%26states%3Dlisting HTTP/1.0 200 - python-swiftclient-3.11.1 gAAAAABpN6Xpi1Ur... - 2 - tx265c67addda1479085716-006937a683 - 0.0346 - - 1765254787.702798843 1765254787.737421036 0
Dec 9 04:33:07 standalone object-server[128585]: 172.20.0.100 - - [09/Dec/2025:04:33:07 +0000] "GET /d1/137/AUTH_7aa4261a7cb74a7cb6dc3ff6f37c2f8c/gnocchi.8f1d9fc6-a71b-4de9-8411-998582b4a8f8/1764720000.0_mean_300.0_v3" 404 70 "GET http://172.18.0.2:8080/v1/AUTH_7aa4261a7cb74a7cb6dc3ff6f37c2f8c/gnocchi.8f1d9fc6-a71b-4de9-8411-998582b4a8f8/1764720000.0_mean_300.0_v3" "tx36b484852087479ab5d76-006937a683" "proxy-server 12" 0.0005 "-" 24 0
Dec 9 04:33:07 standalone proxy-server[130416]: 172.18.0.2 172.18.0.100 09/Dec/2025/04/33/07 GET /v1/AUTH_7aa4261a7cb74a7cb6dc3ff6f37c2f8c/gnocchi.8f1d9fc6-a71b-4de9-8411-998582b4a8f8/1764720000.0_mean_300.0_v3 HTTP/1.0 404 - python-swiftclient-3.11.1 gAAAAABpN6Xpi1Ur... - 70 - tx36b484852087479ab5d76-006937a683 - 0.0101 - - 1765254787.744934797 1765254787.755056620 0
Dec 9 04:33:07 standalone container-server[128394]: 172.20.0.100 - - [09/Dec/2025:04:33:07 +0000] "PUT /d1/921/AUTH_7aa4261a7cb74a7cb6dc3ff6f37c2f8c/gnocchi.8f1d9fc6-a71b-4de9-8411-998582b4a8f8/1764720000.0_mean_300.0_v3" 201 - "PUT http://172.18.0.2:8080/d1/137/AUTH_7aa4261a7cb74a7cb6dc3ff6f37c2f8c/gnocchi.8f1d9fc6-a71b-4de9-8411-998582b4a8f8/1764720000.0_mean_300.0_v3" "tx490d6e53ff914e02acd0d-006937a683" "object-server 23" 0.0030 "-" 22 0
Dec 9 04:33:07 standalone object-server[128583]: 172.20.0.100 - - [09/Dec/2025:04:33:07 +0000] "PUT /d1/137/AUTH_7aa4261a7cb74a7cb6dc3ff6f37c2f8c/gnocchi.8f1d9fc6-a71b-4de9-8411-998582b4a8f8/1764720000.0_mean_300.0_v3" 201 - "PUT http://172.18.0.2:8080/v1/AUTH_7aa4261a7cb74a7cb6dc3ff6f37c2f8c/gnocchi.8f1d9fc6-a71b-4de9-8411-998582b4a8f8/1764720000.0_mean_300.0_v3" "tx490d6e53ff914e02acd0d-006937a683" "proxy-server 12" 0.0240 "-" 23 0
Dec 9 04:33:07 standalone proxy-server[130416]: 172.18.0.2 172.18.0.100 09/Dec/2025/04/33/07 PUT /v1/AUTH_7aa4261a7cb74a7cb6dc3ff6f37c2f8c/gnocchi.8f1d9fc6-a71b-4de9-8411-998582b4a8f8/1764720000.0_mean_300.0_v3 HTTP/1.0 201 - python-swiftclient-3.11.1 gAAAAABpN6Xpi1Ur... 16 - - tx490d6e53ff914e02acd0d-006937a683 - 0.0333 - - 1765254787.762294769 1765254787.795610428 0
Dec 9 04:33:07 standalone container-server[128394]: 172.20.0.100 - - [09/Dec/2025:04:33:07 +0000] "PUT /d1/921/AUTH_7aa4261a7cb74a7cb6dc3ff6f37c2f8c/gnocchi.8f1d9fc6-a71b-4de9-8411-998582b4a8f8/none_v3" 201 - "PUT http://172.18.0.2:8080/d1/255/AUTH_7aa4261a7cb74a7cb6dc3ff6f37c2f8c/gnocchi.8f1d9fc6-a71b-4de9-8411-998582b4a8f8/none_v3" "tx11b79cf959e1458bb370a-006937a683" "object-server 24" 0.0017 "-" 22 0
Dec 9 04:33:07 standalone object-server[128585]: 172.20.0.100 - - [09/Dec/2025:04:33:07 +0000] "PUT /d1/255/AUTH_7aa4261a7cb74a7cb6dc3ff6f37c2f8c/gnocchi.8f1d9fc6-a71b-4de9-8411-998582b4a8f8/none_v3" 201 - "PUT http://172.18.0.2:8080/v1/AUTH_7aa4261a7cb74a7cb6dc3ff6f37c2f8c/gnocchi.8f1d9fc6-a71b-4de9-8411-998582b4a8f8/none_v3" "tx11b79cf959e1458bb370a-006937a683" "proxy-server 12" 0.0168 "-" 24 0
Dec 9 04:33:07 standalone proxy-server[130416]: 172.18.0.2 172.18.0.100 09/Dec/2025/04/33/07 PUT /v1/AUTH_7aa4261a7cb74a7cb6dc3ff6f37c2f8c/gnocchi.8f1d9fc6-a71b-4de9-8411-998582b4a8f8/none_v3 HTTP/1.0 201 - python-swiftclient-3.11.1 gAAAAABpN6Xpi1Ur... 22 - - tx11b79cf959e1458bb370a-006937a683 - 0.0263 - - 1765254787.800272703 1765254787.826620817 0
Dec 9 04:33:10 standalone object-server[128513]: Begin object update sweep
Dec 9 04:33:10 standalone object-server[243229]: Object update sweep starting on /srv/node/d1 (pid: 15)
Dec 9 04:33:10 standalone object-server[243229]: Object update sweep completed on /srv/node/d1 in 0.00s seconds:, 0 successes, 0 failures, 0 quarantines, 0 unlinks, 0 errors, 0 redirects (pid: 15)
Dec 9 04:33:10 standalone object-server[243229]: Object update sweep of d1 completed: 0.00s, 0 successes, 0 failures, 0 quarantines, 0 unlinks, 0 errors, 0 redirects
Dec 9 04:33:11 standalone object-server[128513]: Object update sweep completed: 0.12s
Dec 9 04:33:12 standalone account-server[128318]: 172.20.0.100 - - [09/Dec/2025:04:33:12 +0000] "HEAD /d1/619/.expiring_objects" 404 - "HEAD http://localhost/v1/.expiring_objects?format=json" "tx7d75401932c74aa78b4fe-006937a688" "proxy-server 2" 0.0006 "-" 23 -
Dec 9 04:33:12 standalone object-expirer[128401]: Pass completed in 0s; 0 objects expired (txn: tx7d75401932c74aa78b4fe-006937a688)
Dec 9 04:33:18 standalone container-server[128398]: 172.20.0.100 - - [09/Dec/2025:04:33:18 +0000] "HEAD /d1/582/AUTH_7aa4261a7cb74a7cb6dc3ff6f37c2f8c/gnocchi.ce613d1e-d5f5-4697-a4ee-3d8da6adb902" 404 - "HEAD http://172.18.0.2:8080/v1/AUTH_7aa4261a7cb74a7cb6dc3ff6f37c2f8c/gnocchi.ce613d1e-d5f5-4697-a4ee-3d8da6adb902?format=json&states=listing" "txbd7cf2516fb94251b40b7-006937a68e" "proxy-server 12" 0.0012 "-" 23 0
Dec 9 04:33:18 standalone object-server[128587]: 172.20.0.100 - - [09/Dec/2025:04:33:18 +0000] "GET /d1/765/AUTH_7aa4261a7cb74a7cb6dc3ff6f37c2f8c/gnocchi.ce613d1e-d5f5-4697-a4ee-3d8da6adb902/none_v3" 404 70 "GET http://172.18.0.2:8080/v1/AUTH_7aa4261a7cb74a7cb6dc3ff6f37c2f8c/gnocchi.ce613d1e-d5f5-4697-a4ee-3d8da6adb902/none_v3" "txbd7cf2516fb94251b40b7-006937a68e" "proxy-server 12" 0.0008 "-" 25 0
Dec 9 04:33:18 standalone proxy-server[130416]: 172.18.0.2 172.18.0.100 09/Dec/2025/04/33/18 GET /v1/AUTH_7aa4261a7cb74a7cb6dc3ff6f37c2f8c/gnocchi.ce613d1e-d5f5-4697-a4ee-3d8da6adb902/none_v3 HTTP/1.0 404 - python-swiftclient-3.11.1 gAAAAABpN6Xpi1Ur... - 70 - txbd7cf2516fb94251b40b7-006937a68e - 0.0159 - - 1765254798.192463398 1765254798.208371401 0
Dec 9 04:33:18 standalone account-server[128294]: 172.20.0.100 - - [09/Dec/2025:04:33:18 +0000] "PUT /d1/515/AUTH_7aa4261a7cb74a7cb6dc3ff6f37c2f8c/gnocchi.ce613d1e-d5f5-4697-a4ee-3d8da6adb902" 201 - "PUT http://172.20.0.100:6001/d1/582/AUTH_7aa4261a7cb74a7cb6dc3ff6f37c2f8c/gnocchi.ce613d1e-d5f5-4697-a4ee-3d8da6adb902" "tx3bee042d1d40414aaccdf-006937a68e" "container-server 21" 0.0050 "-" 21 0
Dec 9 04:33:18 standalone container-server[128386]: 172.20.0.100 - - [09/Dec/2025:04:33:18 +0000] "PUT /d1/582/AUTH_7aa4261a7cb74a7cb6dc3ff6f37c2f8c/gnocchi.ce613d1e-d5f5-4697-a4ee-3d8da6adb902" 201 - "PUT http://172.18.0.2:8080/v1/AUTH_7aa4261a7cb74a7cb6dc3ff6f37c2f8c/gnocchi.ce613d1e-d5f5-4697-a4ee-3d8da6adb902" "tx3bee042d1d40414aaccdf-006937a68e" "proxy-server 12" 0.0237 "-" 21 0
Dec 9 04:33:18 standalone proxy-server[130416]: 172.18.0.2 172.18.0.100 09/Dec/2025/04/33/18 PUT /v1/AUTH_7aa4261a7cb74a7cb6dc3ff6f37c2f8c/gnocchi.ce613d1e-d5f5-4697-a4ee-3d8da6adb902 HTTP/1.0 201 - python-swiftclient-3.11.1 gAAAAABpN6Xpi1Ur... - - - tx3bee042d1d40414aaccdf-006937a68e - 0.0334 - - 1765254798.212826729 1765254798.246274710 0
Dec 9 04:33:18 standalone container-server[128394]: 172.20.0.100 - - [09/Dec/2025:04:33:18 +0000] "HEAD /d1/582/AUTH_7aa4261a7cb74a7cb6dc3ff6f37c2f8c/gnocchi.ce613d1e-d5f5-4697-a4ee-3d8da6adb902" 204 - "HEAD http://172.18.0.2:8080/v1/AUTH_7aa4261a7cb74a7cb6dc3ff6f37c2f8c/gnocchi.ce613d1e-d5f5-4697-a4ee-3d8da6adb902?format=json&states=listing" "tx2b28d745b62a4d46bf359-006937a68e" "proxy-server 12" 0.0028 "-" 22 0
Dec 9 04:33:18 standalone proxy-server[130416]: - - 09/Dec/2025/04/33/18 HEAD /v1/AUTH_7aa4261a7cb74a7cb6dc3ff6f37c2f8c/gnocchi.ce613d1e-d5f5-4697-a4ee-3d8da6adb902%3Fformat%3Djson%26states%3Dlisting HTTP/1.0 204 - Swift - - - - tx2b28d745b62a4d46bf359-006937a68e - 0.0093 RL - 1765254798.253536224 1765254798.262856722 0
Dec 9 04:33:18 standalone container-server[128398]: 172.20.0.100 - - [09/Dec/2025:04:33:18 +0000] "GET /d1/582/AUTH_7aa4261a7cb74a7cb6dc3ff6f37c2f8c/gnocchi.ce613d1e-d5f5-4697-a4ee-3d8da6adb902" 200 2 "GET http://172.18.0.2:8080/v1/AUTH_7aa4261a7cb74a7cb6dc3ff6f37c2f8c/gnocchi.ce613d1e-d5f5-4697-a4ee-3d8da6adb902?format=json&states=listing" "tx2b28d745b62a4d46bf359-006937a68e" "proxy-server 12" 0.0040 "-" 23 0
Dec 9 04:33:18 standalone proxy-server[130416]: 172.18.0.2 172.18.0.100 09/Dec/2025/04/33/18 GET /v1/AUTH_7aa4261a7cb74a7cb6dc3ff6f37c2f8c/gnocchi.ce613d1e-d5f5-4697-a4ee-3d8da6adb902%3Fformat%3Djson%26states%3Dlisting HTTP/1.0 200 - python-swiftclient-3.11.1 gAAAAABpN6Xpi1Ur... - 2 - tx2b28d745b62a4d46bf359-006937a68e - 0.0257 - - 1765254798.251107693 1765254798.276792288 0
Dec 9 04:33:18 standalone object-server[128583]: 172.20.0.100 - - [09/Dec/2025:04:33:18 +0000] "GET /d1/498/AUTH_7aa4261a7cb74a7cb6dc3ff6f37c2f8c/gnocchi.ce613d1e-d5f5-4697-a4ee-3d8da6adb902/1764720000.0_mean_300.0_v3" 404 70 "GET http://172.18.0.2:8080/v1/AUTH_7aa4261a7cb74a7cb6dc3ff6f37c2f8c/gnocchi.ce613d1e-d5f5-4697-a4ee-3d8da6adb902/1764720000.0_mean_300.0_v3" "txa205e378c16c4b45a81b4-006937a68e" "proxy-server 12" 0.0009 "-" 23 0
Dec 9 04:33:18 standalone proxy-server[130416]: 172.18.0.2 172.18.0.100 09/Dec/2025/04/33/18 GET /v1/AUTH_7aa4261a7cb74a7cb6dc3ff6f37c2f8c/gnocchi.ce613d1e-d5f5-4697-a4ee-3d8da6adb902/1764720000.0_mean_300.0_v3 HTTP/1.0 404 - python-swiftclient-3.11.1 gAAAAABpN6Xpi1Ur... - 70 - txa205e378c16c4b45a81b4-006937a68e - 0.0110 - - 1765254798.280613899 1765254798.291637421 0
Dec 9 04:33:18 standalone container-server[128386]: 172.20.0.100 - - [09/Dec/2025:04:33:18 +0000] "PUT /d1/582/AUTH_7aa4261a7cb74a7cb6dc3ff6f37c2f8c/gnocchi.ce613d1e-d5f5-4697-a4ee-3d8da6adb902/1764720000.0_mean_300.0_v3" 201 - "PUT http://172.18.0.2:8080/d1/498/AUTH_7aa4261a7cb74a7cb6dc3ff6f37c2f8c/gnocchi.ce613d1e-d5f5-4697-a4ee-3d8da6adb902/1764720000.0_mean_300.0_v3" "tx6f2a273b029a417495c3f-006937a68e" "object-server 24" 0.0010 "-" 21 0
Dec 9 04:33:18 standalone object-server[128585]: 172.20.0.100 - - [09/Dec/2025:04:33:18 +0000] "PUT /d1/498/AUTH_7aa4261a7cb74a7cb6dc3ff6f37c2f8c/gnocchi.ce613d1e-d5f5-4697-a4ee-3d8da6adb902/1764720000.0_mean_300.0_v3" 201 - "PUT http://172.18.0.2:8080/v1/AUTH_7aa4261a7cb74a7cb6dc3ff6f37c2f8c/gnocchi.ce613d1e-d5f5-4697-a4ee-3d8da6adb902/1764720000.0_mean_300.0_v3" "tx6f2a273b029a417495c3f-006937a68e" "proxy-server 12" 0.0132 "-" 24 0
Dec 9 04:33:18 standalone proxy-server[130416]: 172.18.0.2 172.18.0.100 09/Dec/2025/04/33/18 PUT /v1/AUTH_7aa4261a7cb74a7cb6dc3ff6f37c2f8c/gnocchi.ce613d1e-d5f5-4697-a4ee-3d8da6adb902/1764720000.0_mean_300.0_v3 HTTP/1.0 201 - python-swiftclient-3.11.1 gAAAAABpN6Xpi1Ur... 16 - - tx6f2a273b029a417495c3f-006937a68e - 0.0223 - - 1765254798.294744492 1765254798.317046165 0
Dec 9 04:33:18 standalone container-server[128398]: 172.20.0.100 - - [09/Dec/2025:04:33:18 +0000] "PUT /d1/582/AUTH_7aa4261a7cb74a7cb6dc3ff6f37c2f8c/gnocchi.ce613d1e-d5f5-4697-a4ee-3d8da6adb902/none_v3" 201 - "PUT http://172.18.0.2:8080/d1/765/AUTH_7aa4261a7cb74a7cb6dc3ff6f37c2f8c/gnocchi.ce613d1e-d5f5-4697-a4ee-3d8da6adb902/none_v3" "txfa29c3e0a9524505a2ae5-006937a68e" "object-server 24" 0.0009 "-" 23 0
Dec 9 04:33:18 standalone object-server[128585]: 172.20.0.100 - - [09/Dec/2025:04:33:18 +0000] "PUT /d1/765/AUTH_7aa4261a7cb74a7cb6dc3ff6f37c2f8c/gnocchi.ce613d1e-d5f5-4697-a4ee-3d8da6adb902/none_v3" 201 - "PUT http://172.18.0.2:8080/v1/AUTH_7aa4261a7cb74a7cb6dc3ff6f37c2f8c/gnocchi.ce613d1e-d5f5-4697-a4ee-3d8da6adb902/none_v3" "txfa29c3e0a9524505a2ae5-006937a68e" "proxy-server 12" 0.0093 "-" 24 0
Dec 9 04:33:18 standalone proxy-server[130416]: 172.18.0.2 172.18.0.100 09/Dec/2025/04/33/18 PUT /v1/AUTH_7aa4261a7cb74a7cb6dc3ff6f37c2f8c/gnocchi.ce613d1e-d5f5-4697-a4ee-3d8da6adb902/none_v3 HTTP/1.0 201 - python-swiftclient-3.11.1 gAAAAABpN6Xpi1Ur... 22 - - txfa29c3e0a9524505a2ae5-006937a68e - 0.0196 - - 1765254798.321167469 1765254798.340755463 0
Dec 9 04:33:23 standalone object-server[128585]: 172.20.0.100 - - [09/Dec/2025:04:33:23 +0000] "GET /d1/765/AUTH_7aa4261a7cb74a7cb6dc3ff6f37c2f8c/gnocchi.ce613d1e-d5f5-4697-a4ee-3d8da6adb902/none_v3" 200 22 "GET http://172.18.0.2:8080/v1/AUTH_7aa4261a7cb74a7cb6dc3ff6f37c2f8c/gnocchi.ce613d1e-d5f5-4697-a4ee-3d8da6adb902/none_v3" "txf95ee9781d1c4d348c10a-006937a693" "proxy-server 12" 0.0014 "-" 24 0
Dec 9 04:33:23 standalone proxy-server[130416]: 172.18.0.2 172.18.0.100 09/Dec/2025/04/33/23 GET /v1/AUTH_7aa4261a7cb74a7cb6dc3ff6f37c2f8c/gnocchi.ce613d1e-d5f5-4697-a4ee-3d8da6adb902/none_v3 HTTP/1.0 200 - python-swiftclient-3.11.1 gAAAAABpN6Xpi1Ur... - 22 - txf95ee9781d1c4d348c10a-006937a693 - 0.0242 - - 1765254803.333122730 1765254803.357349873 0
Dec 9 04:33:23 standalone container-server[128386]: 172.20.0.100 - - [09/Dec/2025:04:33:23 +0000] "GET /d1/582/AUTH_7aa4261a7cb74a7cb6dc3ff6f37c2f8c/gnocchi.ce613d1e-d5f5-4697-a4ee-3d8da6adb902" 200 357 "GET http://172.18.0.2:8080/v1/AUTH_7aa4261a7cb74a7cb6dc3ff6f37c2f8c/gnocchi.ce613d1e-d5f5-4697-a4ee-3d8da6adb902?format=json&states=listing" "txebc05f3644924c509f7db-006937a693" "proxy-server 12" 0.0120 "-" 21 0
Dec 9 04:33:23 standalone proxy-server[130416]: 172.18.0.2 172.18.0.100 09/Dec/2025/04/33/23 GET /v1/AUTH_7aa4261a7cb74a7cb6dc3ff6f37c2f8c/gnocchi.ce613d1e-d5f5-4697-a4ee-3d8da6adb902%3Fformat%3Djson%26states%3Dlisting HTTP/1.0 200 - python-swiftclient-3.11.1 gAAAAABpN6Xpi1Ur... - 357 - txebc05f3644924c509f7db-006937a693 - 0.0220 - - 1765254803.362877369 1765254803.384918928 0
Dec 9 04:33:23 standalone container-server[128386]: 172.20.0.100 - - [09/Dec/2025:04:33:23 +0000] "GET /d1/582/AUTH_7aa4261a7cb74a7cb6dc3ff6f37c2f8c/gnocchi.ce613d1e-d5f5-4697-a4ee-3d8da6adb902" 200 2 "GET http://172.18.0.2:8080/v1/AUTH_7aa4261a7cb74a7cb6dc3ff6f37c2f8c/gnocchi.ce613d1e-d5f5-4697-a4ee-3d8da6adb902?format=json&marker=none_v3&states=listing" "tx2a12921cfff143a0a1aeb-006937a693" "proxy-server 12" 0.0033 "-" 21 0
Dec 9 04:33:23 standalone proxy-server[130416]: 172.18.0.2 172.18.0.100 09/Dec/2025/04/33/23 GET /v1/AUTH_7aa4261a7cb74a7cb6dc3ff6f37c2f8c/gnocchi.ce613d1e-d5f5-4697-a4ee-3d8da6adb902%3Fformat%3Djson%26marker%3Dnone_v3%26states%3Dlisting HTTP/1.0 200 - python-swiftclient-3.11.1 gAAAAABpN6Xpi1Ur... - 2 - tx2a12921cfff143a0a1aeb-006937a693 - 0.0103 - - 1765254803.389443159 1765254803.399787426 0
Dec 9 04:33:23 standalone object-server[128583]: 172.20.0.100 - - [09/Dec/2025:04:33:23 +0000] "GET /d1/498/AUTH_7aa4261a7cb74a7cb6dc3ff6f37c2f8c/gnocchi.ce613d1e-d5f5-4697-a4ee-3d8da6adb902/1764720000.0_mean_300.0_v3" 200 16 "GET http://172.18.0.2:8080/v1/AUTH_7aa4261a7cb74a7cb6dc3ff6f37c2f8c/gnocchi.ce613d1e-d5f5-4697-a4ee-3d8da6adb902/1764720000.0_mean_300.0_v3" "tx8f230ed5aa7246ecb4e4d-006937a693" "proxy-server 12" 0.0013 "-" 23 0
Dec 9 04:33:23 standalone proxy-server[130416]: 172.18.0.2 172.18.0.100 09/Dec/2025/04/33/23 GET /v1/AUTH_7aa4261a7cb74a7cb6dc3ff6f37c2f8c/gnocchi.ce613d1e-d5f5-4697-a4ee-3d8da6adb902/1764720000.0_mean_300.0_v3 HTTP/1.0 200 - python-swiftclient-3.11.1 gAAAAABpN6Xpi1Ur... - 16 - tx8f230ed5aa7246ecb4e4d-006937a693 - 0.0088 - - 1765254803.404937267 1765254803.413732290 0
Dec 9 04:33:23 standalone container-server[128381]: 172.20.0.100 - - [09/Dec/2025:04:33:23 +0000] "PUT /d1/582/AUTH_7aa4261a7cb74a7cb6dc3ff6f37c2f8c/gnocchi.ce613d1e-d5f5-4697-a4ee-3d8da6adb902/1764720000.0_mean_300.0_v3" 201 - "PUT http://172.18.0.2:8080/d1/498/AUTH_7aa4261a7cb74a7cb6dc3ff6f37c2f8c/gnocchi.ce613d1e-d5f5-4697-a4ee-3d8da6adb902/1764720000.0_mean_300.0_v3" "tx62f8e93dd37d4069ae2a4-006937a693" "object-server 25" 0.0009 "-" 20 0
Dec 9 04:33:23 standalone object-server[128587]: 172.20.0.100 - - [09/Dec/2025:04:33:23 +0000] "PUT /d1/498/AUTH_7aa4261a7cb74a7cb6dc3ff6f37c2f8c/gnocchi.ce613d1e-d5f5-4697-a4ee-3d8da6adb902/1764720000.0_mean_300.0_v3" 201 - "PUT http://172.18.0.2:8080/v1/AUTH_7aa4261a7cb74a7cb6dc3ff6f37c2f8c/gnocchi.ce613d1e-d5f5-4697-a4ee-3d8da6adb902/1764720000.0_mean_300.0_v3" "tx62f8e93dd37d4069ae2a4-006937a693" "proxy-server 12" 0.0146 "-" 25 0
Dec 9 04:33:23 standalone proxy-server[130416]: 172.18.0.2 172.18.0.100 09/Dec/2025/04/33/23 PUT /v1/AUTH_7aa4261a7cb74a7cb6dc3ff6f37c2f8c/gnocchi.ce613d1e-d5f5-4697-a4ee-3d8da6adb902/1764720000.0_mean_300.0_v3 HTTP/1.0 201 - python-swiftclient-3.11.1 gAAAAABpN6Xpi1Ur... 16 - - tx62f8e93dd37d4069ae2a4-006937a693 - 0.0232 - - 1765254803.420656681 1765254803.443817377 0
Dec 9 04:33:23 standalone container-server[128398]: 172.20.0.100 - - [09/Dec/2025:04:33:23 +0000] "PUT /d1/582/AUTH_7aa4261a7cb74a7cb6dc3ff6f37c2f8c/gnocchi.ce613d1e-d5f5-4697-a4ee-3d8da6adb902/none_v3" 201 - "PUT http://172.18.0.2:8080/d1/765/AUTH_7aa4261a7cb74a7cb6dc3ff6f37c2f8c/gnocchi.ce613d1e-d5f5-4697-a4ee-3d8da6adb902/none_v3" "tx4ccce67247f14fc783011-006937a693" "object-server 24" 0.0011 "-" 23 0
Dec 9 04:33:23 standalone object-server[128585]: 172.20.0.100 - - [09/Dec/2025:04:33:23 +0000] "PUT /d1/765/AUTH_7aa4261a7cb74a7cb6dc3ff6f37c2f8c/gnocchi.ce613d1e-d5f5-4697-a4ee-3d8da6adb902/none_v3" 201 - "PUT http://172.18.0.2:8080/v1/AUTH_7aa4261a7cb74a7cb6dc3ff6f37c2f8c/gnocchi.ce613d1e-d5f5-4697-a4ee-3d8da6adb902/none_v3" "tx4ccce67247f14fc783011-006937a693" "proxy-server 12" 0.0119 "-" 24 0
Dec 9 04:33:23 standalone proxy-server[130416]: 172.18.0.2 172.18.0.100 09/Dec/2025/04/33/23 PUT /v1/AUTH_7aa4261a7cb74a7cb6dc3ff6f37c2f8c/gnocchi.ce613d1e-d5f5-4697-a4ee-3d8da6adb902/none_v3 HTTP/1.0 201 - python-swiftclient-3.11.1 gAAAAABpN6Xpi1Ur... 32 - - tx4ccce67247f14fc783011-006937a693 - 0.0188 - - 1765254803.447775602 1765254803.466620922 0
Dec 9 04:34:38 standalone container-server[128449]: Begin container update sweep
Dec 9 04:34:38 standalone account-server[128318]: 172.20.0.100 - - [09/Dec/2025:04:34:38 +0000] "PUT /d1/515/AUTH_7aa4261a7cb74a7cb6dc3ff6f37c2f8c/gnocchi.3253639b-91da-4834-b663-17a7fb144880" 201 - "-" "-" "container-updater 2" 0.0010 "-" 23 0
Dec 9 04:34:38 standalone account-server[128305]: 172.20.0.100 - - [09/Dec/2025:04:34:38 +0000] "PUT /d1/515/AUTH_7aa4261a7cb74a7cb6dc3ff6f37c2f8c/gnocchi.8421e713-f2f3-40ff-807a-2b69625758ab" 201 - "-" "-" "container-updater 2" 0.0009 "-" 22 0
Dec 9 04:34:38 standalone account-server[128286]: 172.20.0.100 - - [09/Dec/2025:04:34:38 +0000] "PUT /d1/515/AUTH_7aa4261a7cb74a7cb6dc3ff6f37c2f8c/gnocchi.d1a571af-9a61-437c-ad77-00517a1af344" 201 - "-" "-" "container-updater 2" 0.0009 "-" 20 0
Dec 9 04:34:38 standalone account-server[128318]: 172.20.0.100 - - [09/Dec/2025:04:34:38 +0000] "PUT /d1/515/AUTH_7aa4261a7cb74a7cb6dc3ff6f37c2f8c/gnocchi.5c30367d-32b3-449f-bc3f-d3e8c9be3026" 201 - "-" "-" "container-updater 2" 0.0005 "-" 23 0
Dec 9 04:34:39 standalone account-server[128286]: 172.20.0.100 - - [09/Dec/2025:04:34:39 +0000] "PUT /d1/515/AUTH_7aa4261a7cb74a7cb6dc3ff6f37c2f8c/gnocchi.21769dca-cd7e-417f-b8fb-68ffe6733584" 201 - "-" "-" "container-updater 2" 0.0009 "-" 20 0
Dec 9 04:34:39 standalone account-server[128294]: 172.20.0.100 - - [09/Dec/2025:04:34:39 +0000] "PUT /d1/515/AUTH_7aa4261a7cb74a7cb6dc3ff6f37c2f8c/gnocchi.42ab7672-06e1-4f7a-a5a0-42d5f5d7f5b7" 201 - "-" "-" "container-updater 2" 0.0007 "-" 21 0
Dec 9 04:34:39 standalone account-server[128318]: 172.20.0.100 - - [09/Dec/2025:04:34:39 +0000] "PUT /d1/515/AUTH_7aa4261a7cb74a7cb6dc3ff6f37c2f8c/gnocchi.619cdb71-99df-41a8-aff5-a640e81dbe45" 201 - "-" "-" "container-updater 2" 0.0009 "-" 23 0
Dec 9 04:34:40 standalone account-server[128318]: 172.20.0.100 - - [09/Dec/2025:04:34:40 +0000] "PUT /d1/515/AUTH_7aa4261a7cb74a7cb6dc3ff6f37c2f8c/gnocchi.bcd28543-a0e6-45b5-8e6c-dd712ebefef3" 201 - "-" "-" "container-updater 2" 0.0007 "-" 23 0
Dec 9 04:34:40 standalone account-server[128318]: 172.20.0.100 - - [09/Dec/2025:04:34:40 +0000] "PUT /d1/515/AUTH_7aa4261a7cb74a7cb6dc3ff6f37c2f8c/gnocchi.ce613d1e-d5f5-4697-a4ee-3d8da6adb902" 201 - "-" "-" "container-updater 2" 0.0005 "-" 23 0
Dec 9 04:34:40 standalone account-server[128294]: 172.20.0.100 - - [09/Dec/2025:04:34:40 +0000] "PUT /d1/515/AUTH_7aa4261a7cb74a7cb6dc3ff6f37c2f8c/gnocchi.cb671023-cd48-4819-ac7b-80cb96975950" 201 - "-" "-" "container-updater 2" 0.0012 "-" 21 0
Dec 9 04:34:40 standalone account-server[128305]: 172.20.0.100 - - [09/Dec/2025:04:34:40 +0000] "PUT /d1/515/AUTH_7aa4261a7cb74a7cb6dc3ff6f37c2f8c/gnocchi.9c95888a-c319-4a2a-938b-86d21658300c" 201 - "-" "-" "container-updater 2" 0.0009 "-" 22 0
Dec 9 04:34:40 standalone account-server[128318]: 172.20.0.100 - - [09/Dec/2025:04:34:40 +0000] "PUT /d1/515/AUTH_7aa4261a7cb74a7cb6dc3ff6f37c2f8c/gnocchi.a41927be-e5d7-49dc-9e72-2c25da4b2cc1" 201 - "-" "-" "container-updater 2" 0.0007 "-" 23 0
Dec 9 04:34:40 standalone account-server[128305]: 172.20.0.100 - - [09/Dec/2025:04:34:40 +0000] "PUT /d1/515/AUTH_7aa4261a7cb74a7cb6dc3ff6f37c2f8c/gnocchi.546b3901-c22a-41e7-82a7-eda751247928" 201 - "-" "-" "container-updater 2" 0.0006 "-" 22 0
Dec 9 04:34:40 standalone account-server[128305]: 172.20.0.100 - - [09/Dec/2025:04:34:40 +0000] "PUT /d1/515/AUTH_7aa4261a7cb74a7cb6dc3ff6f37c2f8c/gnocchi.3f877dee-e913-4a9f-9d74-1bcf27cdf938" 201 - "-" "-" "container-updater 2" 0.0006 "-" 22 0
Dec 9 04:34:40 standalone account-server[128318]: 172.20.0.100 - - [09/Dec/2025:04:34:40 +0000] "PUT /d1/515/AUTH_7aa4261a7cb74a7cb6dc3ff6f37c2f8c/gnocchi.3040ba6e-9076-47c6-8e60-ed36ad62c8ca" 201 - "-" "-" "container-updater 2" 0.0009 "-" 23 0
Dec 9 04:34:40 standalone account-server[128305]: 172.20.0.100 - - [09/Dec/2025:04:34:40 +0000] "PUT /d1/515/AUTH_7aa4261a7cb74a7cb6dc3ff6f37c2f8c/gnocchi.aee3e8db-7c22-4d52-b374-d97fa7e3c94f" 201 - "-" "-" "container-updater 2" 0.0006 "-" 22 0
Dec 9 04:34:41 standalone account-server[128318]: 172.20.0.100 - - [09/Dec/2025:04:34:41 +0000] "PUT /d1/515/AUTH_7aa4261a7cb74a7cb6dc3ff6f37c2f8c/gnocchi.6f0c8fb3-adcd-4895-80d5-653722336d92" 201 - "-" "-" "container-updater 2" 0.0008 "-" 23 0
Dec 9 04:34:41 standalone account-server[128286]: 172.20.0.100 - - [09/Dec/2025:04:34:41 +0000] "PUT /d1/515/AUTH_7aa4261a7cb74a7cb6dc3ff6f37c2f8c/gnocchi.1d40024c-f670-430a-96a7-3943daace6b4" 201 - "-" "-" "container-updater 2" 0.0008 "-" 20 0
Dec 9 04:34:41 standalone account-server[128286]: 172.20.0.100 - - [09/Dec/2025:04:34:41 +0000] "PUT /d1/515/AUTH_7aa4261a7cb74a7cb6dc3ff6f37c2f8c/gnocchi.50c5707a-e36b-499d-98ad-8f82d5ef9d94" 201 - "-" "-" "container-updater 2" 0.0009 "-" 20 0
Dec 9 04:34:41 standalone account-server[128318]: 172.20.0.100 - - [09/Dec/2025:04:34:41 +0000] "PUT /d1/515/AUTH_7aa4261a7cb74a7cb6dc3ff6f37c2f8c/gnocchi.8f1d9fc6-a71b-4de9-8411-998582b4a8f8" 201 - "-" "-" "container-updater 2" 0.0008 "-" 23 0
Dec 9 04:34:41 standalone account-server[128294]: 172.20.0.100 - - [09/Dec/2025:04:34:41 +0000] "PUT /d1/515/AUTH_7aa4261a7cb74a7cb6dc3ff6f37c2f8c/gnocchi.9d94b524-2488-445e-9b4a-649e79ff5d99" 201 - "-" "-" "container-updater 2" 0.0011 "-" 21 0
Dec 9 04:34:41 standalone account-server[128305]: 172.20.0.100 - - [09/Dec/2025:04:34:41 +0000] "PUT /d1/515/AUTH_7aa4261a7cb74a7cb6dc3ff6f37c2f8c/gnocchi.f83cf14b-cbc2-4393-ac4d-3b4195dc0b8a" 201 - "-" "-" "container-updater 2" 0.0009 "-" 22 0
Dec 9 04:34:41 standalone account-server[128305]: 172.20.0.100 - - [09/Dec/2025:04:34:41 +0000] "PUT /d1/515/AUTH_7aa4261a7cb74a7cb6dc3ff6f37c2f8c/gnocchi.c03adb86-a8cc-4da2-88e4-093cf5492e94" 201 - "-" "-" "container-updater 2" 0.0008 "-" 22 0
Dec 9 04:34:41 standalone account-server[128294]: 172.20.0.100 - - [09/Dec/2025:04:34:41 +0000] "PUT /d1/515/AUTH_7aa4261a7cb74a7cb6dc3ff6f37c2f8c/gnocchi.dbfa301c-1098-40c9-ba87-2407b8461550" 201 - "-" "-" "container-updater 2" 0.0007 "-" 21 0
Dec 9 04:34:42 standalone account-server[128318]: 172.20.0.100 - - [09/Dec/2025:04:34:42 +0000] "PUT /d1/515/AUTH_7aa4261a7cb74a7cb6dc3ff6f37c2f8c/gnocchi.e4453b96-cf2b-47fa-8e74-9b9ca3af41f9" 201 - "-" "-" "container-updater 2" 0.0009 "-" 23 0
Dec 9 04:34:42 standalone account-server[128294]: 172.20.0.100 - - [09/Dec/2025:04:34:42 +0000] "PUT /d1/515/AUTH_7aa4261a7cb74a7cb6dc3ff6f37c2f8c/gnocchi.afa3722e-d692-4135-83b9-7461fa0d0c7f" 201 - "-" "-" "container-updater 2" 0.0008 "-" 21 0
Dec 9 04:34:42 standalone account-server[128318]: 172.20.0.100 - - [09/Dec/2025:04:34:42 +0000] "PUT /d1/515/AUTH_7aa4261a7cb74a7cb6dc3ff6f37c2f8c/gnocchi.ab8e46e3-d1a3-4a11-b50b-1e157a1ac6c0" 201 - "-" "-" "container-updater 2" 0.0008 "-" 23 0
Dec 9 04:34:42 standalone account-server[128286]: 172.20.0.100 - - [09/Dec/2025:04:34:42 +0000] "PUT /d1/515/AUTH_7aa4261a7cb74a7cb6dc3ff6f37c2f8c/gnocchi.aa7c1c28-5195-4fed-80b4-81acc996ca0b" 201 - "-" "-" "container-updater 2" 0.0008 "-" 20 0
Dec 9 04:34:42 standalone account-server[128318]: 172.20.0.100 - - [09/Dec/2025:04:34:42 +0000] "PUT /d1/515/AUTH_7aa4261a7cb74a7cb6dc3ff6f37c2f8c/gnocchi.843c621a-15b8-44a9-b3f1-d3c300de0fd9" 201 - "-" "-" "container-updater 2" 0.0008 "-" 23 0
Dec 9 04:34:42 standalone account-server[128318]: 172.20.0.100 - - [09/Dec/2025:04:34:42 +0000] "PUT /d1/515/AUTH_7aa4261a7cb74a7cb6dc3ff6f37c2f8c/gnocchi.1646ecc2-3401-4388-9c1e-912eeeed1ac8" 201 - "-" "-" "container-updater 2" 0.0009 "-" 23 0
Dec 9 04:34:42 standalone account-server[128294]: 172.20.0.100 - - [09/Dec/2025:04:34:42 +0000] "PUT /d1/515/AUTH_7aa4261a7cb74a7cb6dc3ff6f37c2f8c/gnocchi.d1952213-8bb4-4f83-b3f8-47c4ccb7e6e0" 201 - "-" "-" "container-updater 2" 0.0008 "-" 21 0
Dec 9 04:34:42 standalone container-server[128449]: Container update sweep completed: 4.60s
Dec 9 04:36:51 standalone account-server[128286]: 172.20.0.100 - - [09/Dec/2025:04:36:51 +0000] "HEAD /d1/619/.expiring_objects" 404 - "HEAD http://localhost/v1/.expiring_objects?format=json" "tx096d00aaa5394b5aaa3ef-006937a763" "proxy-server 2" 0.0010 "-" 20 -
Dec 9 04:36:51 standalone object-expirer[128401]: Pass completed in 0s; 0 objects expired (txn: tx096d00aaa5394b5aaa3ef-006937a763)
Dec 9 04:37:09 standalone account-server[128074]: Devices pass completed: 0.00s
Dec 9 04:38:11 standalone object-server[128513]: Begin object update sweep
Dec 9 04:38:11 standalone object-server[275287]: Object update sweep starting on /srv/node/d1 (pid: 16)
Dec 9 04:38:11 standalone object-server[275287]: Object update sweep completed on /srv/node/d1 in 0.00s seconds:, 0 successes, 0 failures, 0 quarantines, 0 unlinks, 0 errors, 0 redirects (pid: 16)
Dec 9 04:38:11 standalone object-server[275287]: Object update sweep of d1 completed: 0.00s, 0 successes, 0 failures, 0 quarantines, 0 unlinks, 0 errors, 0 redirects
Dec 9 04:38:11 standalone object-server[128513]: Object update sweep completed: 0.09s
Dec 9 04:39:38 standalone container-server[128449]: Begin container update sweep
Dec 9 04:39:41 standalone container-server[128449]: Container update sweep completed: 2.62s
Dec 9 04:41:37 standalone account-server[128294]: 172.20.0.100 - - [09/Dec/2025:04:41:37 +0000] "HEAD /d1/619/.expiring_objects" 404 - "HEAD http://localhost/v1/.expiring_objects?format=json" "tx21def76d5de04dad98a3e-006937a881" "proxy-server 2" 0.0010 "-" 21 -
Dec 9 04:41:37 standalone object-expirer[128401]: Pass completed in 0s; 0 objects expired (txn: tx21def76d5de04dad98a3e-006937a881)
Dec 9 04:43:11 standalone object-server[128513]: Begin object update sweep
Dec 9 04:43:11 standalone object-server[302819]: Object update sweep starting on /srv/node/d1 (pid: 17)
Dec 9 04:43:11 standalone object-server[302819]: Object update sweep completed on /srv/node/d1 in 0.00s seconds:, 0 successes, 0 failures, 0 quarantines, 0 unlinks, 0 errors, 0 redirects (pid: 17)
Dec 9 04:43:11 standalone object-server[302819]: Object update sweep of d1 completed: 0.00s, 0 successes, 0 failures, 0 quarantines, 0 unlinks, 0 errors, 0 redirects
Dec 9 04:43:11 standalone object-server[128513]: Object update sweep completed: 0.10s
Dec 9 04:43:50 standalone account-server[128286]: 172.20.0.100 - - [09/Dec/2025:04:43:50 +0000] "HEAD /d1/619/.expiring_objects" 404 - "HEAD http://localhost/v1/.expiring_objects?format=json" "tx7975b6cfdae74dbe82344-006937a906" "proxy-server 2" 0.0013 "-" 20 -
Dec 9 04:43:50 standalone object-expirer[128401]: Pass completed in 0s; 0 objects expired (txn: tx7975b6cfdae74dbe82344-006937a906)
Dec 9 04:44:38 standalone container-server[128449]: Begin container update sweep
Dec 9 04:44:41 standalone container-server[128449]: Container update sweep completed: 2.63s
Dec 9 04:46:39 standalone account-server[128286]: 172.20.0.100 - - [09/Dec/2025:04:46:39 +0000] "HEAD /d1/619/.expiring_objects" 404 - "HEAD http://localhost/v1/.expiring_objects?format=json" "tx5c37c514986b487f80950-006937a9af" "proxy-server 2" 0.0011 "-" 20 -
Dec 9 04:46:39 standalone object-expirer[128401]: Pass completed in 0s; 0 objects expired (txn: tx5c37c514986b487f80950-006937a9af)
Dec 9 04:48:11 standalone object-server[128513]: Begin object update sweep
Dec 9 04:48:11 standalone object-server[326679]: Object update sweep starting on /srv/node/d1 (pid: 18)
Dec 9 04:48:11 standalone object-server[326679]: Object update sweep completed on /srv/node/d1 in 0.00s seconds:, 0 successes, 0 failures, 0 quarantines, 0 unlinks, 0 errors, 0 redirects (pid: 18)
Dec 9 04:48:11 standalone object-server[326679]: Object update sweep of d1 completed: 0.00s, 0 successes, 0 failures, 0 quarantines, 0 unlinks, 0 errors, 0 redirects
Dec 9 04:48:11 standalone object-server[128513]: Object update sweep completed: 0.09s
Dec 9 04:49:38 standalone container-server[128449]: Begin container update sweep
Dec 9 04:49:40 standalone container-server[128449]: Container update sweep completed: 2.38s
Dec 9 04:50:09 standalone account-server[128286]: 172.20.0.100 - - [09/Dec/2025:04:50:09 +0000] "HEAD /d1/619/.expiring_objects" 404 - "HEAD http://localhost/v1/.expiring_objects?format=json" "txe4c9057e86a849aeb7f17-006937aa81" "proxy-server 2" 0.0005 "-" 20 -
Dec 9 04:50:09 standalone object-expirer[128401]: Pass completed in 0s; 0 objects expired (txn: txe4c9057e86a849aeb7f17-006937aa81)
Dec 9 04:50:38 standalone account-server[128318]: 172.20.0.100 - - [09/Dec/2025:04:50:38 +0000] "HEAD /d1/619/.expiring_objects" 404 - "HEAD http://localhost/v1/.expiring_objects?format=json" "txc79cac1de2074fed92c7e-006937aa9e" "proxy-server 2" 0.0008 "-" 23 -
Dec 9 04:50:38 standalone object-expirer[128401]: Pass completed in 0s; 0 objects expired (txn: txc79cac1de2074fed92c7e-006937aa9e)
Dec 9 04:51:00 standalone account-server[128294]: 172.20.0.100 - - [09/Dec/2025:04:51:00 +0000] "HEAD /d1/619/.expiring_objects" 404 - "HEAD http://localhost/v1/.expiring_objects?format=json" "txdf2a6f8305c64c93be309-006937aab4" "proxy-server 2" 0.0017 "-" 21 -
Dec 9 04:51:00 standalone object-expirer[128401]: Pass completed in 0s; 0 objects expired (txn: txdf2a6f8305c64c93be309-006937aab4)
Dec 9 04:53:11 standalone object-server[128513]: Begin object update sweep
Dec 9 04:53:11 standalone object-server[347612]: Object update sweep starting on /srv/node/d1 (pid: 19)
Dec 9 04:53:11 standalone object-server[347612]: Object update sweep completed on /srv/node/d1 in 0.00s seconds:, 0 successes, 0 failures, 0 quarantines, 0 unlinks, 0 errors, 0 redirects (pid: 19)
Dec 9 04:53:11 standalone object-server[347612]: Object update sweep of d1 completed: 0.00s, 0 successes, 0 failures, 0 quarantines, 0 unlinks, 0 errors, 0 redirects
Dec 9 04:53:11 standalone object-server[128513]: Object update sweep completed: 0.09s
Dec 9 04:54:38 standalone container-server[128449]: Begin container update sweep
Dec 9 04:54:41 standalone container-server[128449]: Container update sweep completed: 2.68s
Dec 9 04:54:48 standalone account-server[128305]: 172.20.0.100 - - [09/Dec/2025:04:54:48 +0000] "HEAD /d1/619/.expiring_objects" 404 - "HEAD http://localhost/v1/.expiring_objects?format=json" "tx028f4050758b4d18bc8cf-006937ab98" "proxy-server 2" 0.0007 "-" 22 -
Dec 9 04:54:48 standalone object-expirer[128401]: Pass completed in 0s; 0 objects expired (txn: tx028f4050758b4d18bc8cf-006937ab98)
Dec 9 04:55:05 standalone account-server[128318]: 172.20.0.100 - - [09/Dec/2025:04:55:05 +0000] "HEAD /d1/619/.expiring_objects" 404 - "HEAD http://localhost/v1/.expiring_objects?format=json" "tx10d5cf6e2d1b4e22947e2-006937aba9" "proxy-server 2" 0.0006 "-" 23 -
Dec 9 04:55:05 standalone object-expirer[128401]: Pass completed in 0s; 0 objects expired (txn: tx10d5cf6e2d1b4e22947e2-006937aba9)
Dec 9 04:57:40 standalone account-server[128318]: 172.20.0.100 - - [09/Dec/2025:04:57:40 +0000] "HEAD /d1/619/.expiring_objects" 404 - "HEAD http://localhost/v1/.expiring_objects?format=json" "tx9bc0690c5fb5477f96356-006937ac44" "proxy-server 2" 0.0010 "-" 23 -
Dec 9 04:57:40 standalone object-expirer[128401]: Pass completed in 0s; 0 objects expired (txn: tx9bc0690c5fb5477f96356-006937ac44)
Dec 9 04:58:11 standalone object-server[128513]: Begin object update sweep
Dec 9 04:58:11 standalone object-server[369014]: Object update sweep starting on /srv/node/d1 (pid: 20)
Dec 9 04:58:11 standalone object-server[369014]: Object update sweep completed on /srv/node/d1 in 0.00s seconds:, 0 successes, 0 failures, 0 quarantines, 0 unlinks, 0 errors, 0 redirects (pid: 20)
Dec 9 04:58:11 standalone object-server[369014]: Object update sweep of d1 completed: 0.00s, 0 successes, 0 failures, 0 quarantines, 0 unlinks, 0 errors, 0 redirects
Dec 9 04:58:11 standalone object-server[128513]: Object update sweep completed: 0.07s
Dec 9 04:59:38 standalone container-server[128449]: Begin container update sweep
Dec 9 04:59:41 standalone container-server[128449]: Container update sweep completed: 2.72s
Dec 9 05:01:08 standalone account-server[128294]: 172.20.0.100 - - [09/Dec/2025:05:01:08 +0000] "HEAD /d1/619/.expiring_objects" 404 - "HEAD http://localhost/v1/.expiring_objects?format=json" "tx6f329e2d49d44fbaaea08-006937ad14" "proxy-server 2" 0.0017 "-" 21 -
Dec 9 05:01:08 standalone object-expirer[128401]: Pass completed in 0s; 0 objects expired (txn: tx6f329e2d49d44fbaaea08-006937ad14)
Dec 9 05:03:11 standalone object-server[128513]: Begin object update sweep
Dec 9 05:03:11 standalone object-server[386794]: Object update sweep starting on /srv/node/d1 (pid: 21)
Dec 9 05:03:11 standalone object-server[386794]: Object update sweep completed on /srv/node/d1 in 0.00s seconds:, 0 successes, 0 failures, 0 quarantines, 0 unlinks, 0 errors, 0 redirects (pid: 21)
Dec 9 05:03:11 standalone object-server[386794]: Object update sweep of d1 completed: 0.00s, 0 successes, 0 failures, 0 quarantines, 0 unlinks, 0 errors, 0 redirects
Dec 9 05:03:11 standalone object-server[128513]: Object update sweep completed: 0.09s
Dec 9 05:04:38 standalone container-server[128449]: Begin container update sweep
Dec 9 05:04:41 standalone container-server[128449]: Container update sweep completed: 2.17s
Dec 9 05:05:39 standalone account-server[128305]: 172.20.0.100 - - [09/Dec/2025:05:05:39 +0000] "HEAD /d1/619/.expiring_objects" 404 - "HEAD http://localhost/v1/.expiring_objects?format=json" "tx26745e0fcf834bb7a7215-006937ae23" "proxy-server 2" 0.0009 "-" 22 -
Dec 9 05:05:39 standalone object-expirer[128401]: Pass completed in 0s; 0 objects expired (txn: tx26745e0fcf834bb7a7215-006937ae23)
Dec 9 05:08:07 standalone account-server[128305]: 172.20.0.100 - - [09/Dec/2025:05:08:07 +0000] "HEAD /d1/619/.expiring_objects" 404 - "HEAD http://localhost/v1/.expiring_objects?format=json" "tx062c0bdf4fa24d58928a1-006937aeb7" "proxy-server 2" 0.0006 "-" 22 -
Dec 9 05:08:07 standalone object-expirer[128401]: Pass completed in 0s; 0 objects expired (txn: tx062c0bdf4fa24d58928a1-006937aeb7)
Dec 9 05:08:11 standalone object-server[128513]: Begin object update sweep
Dec 9 05:08:11 standalone object-server[393662]: Object update sweep starting on /srv/node/d1 (pid: 22)
Dec 9 05:08:11 standalone object-server[393662]: Object update sweep completed on /srv/node/d1 in 0.00s seconds:, 0 successes, 0 failures, 0 quarantines, 0 unlinks, 0 errors, 0 redirects (pid: 22)
Dec 9 05:08:11 standalone object-server[393662]: Object update sweep of d1 completed: 0.00s, 0 successes, 0 failures, 0 quarantines, 0 unlinks, 0 errors, 0 redirects
Dec 9 05:08:11 standalone object-server[128513]: Object update sweep completed: 0.10s
Dec 9 05:09:38 standalone container-server[128449]: Begin container update sweep
Dec 9 05:09:41 standalone container-server[128449]: Container update sweep completed: 2.43s
Dec 9 05:10:05 standalone proxy-server[130142]: SIGTERM received (2)
Dec 9 05:10:05 standalone proxy-server[130142]: Exited (2)
Dec 9 05:11:41 standalone account-server[128305]: 172.20.0.100 - - [09/Dec/2025:05:11:41 +0000] "HEAD /d1/619/.expiring_objects" 404 - "HEAD http://localhost/v1/.expiring_objects?format=json" "txa30d75cb347d4549bafb4-006937af8d" "proxy-server 2" 0.0018 "-" 22 -
Dec 9 05:11:41 standalone object-expirer[128401]: Pass completed in 0s; 0 objects expired (txn: txa30d75cb347d4549bafb4-006937af8d)
Dec 9 05:13:11 standalone object-server[128513]: Begin object update sweep
Dec 9 05:13:11 standalone object-server[418983]: Object update sweep starting on /srv/node/d1 (pid: 23)
Dec 9 05:13:11 standalone object-server[418983]: Object update sweep completed on /srv/node/d1 in 0.00s seconds:, 0 successes, 0 failures, 0 quarantines, 0 unlinks, 0 errors, 0 redirects (pid: 23)
Dec 9 05:13:11 standalone object-server[418983]: Object update sweep of d1 completed: 0.00s, 0 successes, 0 failures, 0 quarantines, 0 unlinks, 0 errors, 0 redirects
Dec 9 05:13:11 standalone object-server[128513]: Object update sweep completed: 0.07s
Dec 9 05:14:39 standalone container-server[128449]: Begin container update sweep
Dec 9 05:14:41 standalone container-server[128449]: Container update sweep completed: 2.52s
Dec 9 05:14:42 standalone account-server[128318]: 172.20.0.100 - - [09/Dec/2025:05:14:42 +0000] "HEAD /d1/619/.expiring_objects" 404 - "HEAD http://localhost/v1/.expiring_objects?format=json" "tx99c5c461eb49482fa41a4-006937b042" "proxy-server 2" 0.0010 "-" 23 -
Dec 9 05:14:42 standalone object-expirer[128401]: Pass completed in 0s; 0 objects expired (txn: tx99c5c461eb49482fa41a4-006937b042)
Dec 9 05:17:05 standalone account-server[128305]: 172.20.0.100 - - [09/Dec/2025:05:17:05 +0000] "HEAD /d1/619/.expiring_objects" 404 - "HEAD http://localhost/v1/.expiring_objects?format=json" "txc9906dd219a24efb8093e-006937b0d1" "proxy-server 2" 0.0006 "-" 22 -
Dec 9 05:17:05 standalone object-expirer[128401]: Pass completed in 0s; 0 objects expired (txn: txc9906dd219a24efb8093e-006937b0d1)
Dec 9 05:18:00 standalone account-server[128305]: 172.20.0.100 - - [09/Dec/2025:05:18:00 +0000] "HEAD /d1/619/.expiring_objects" 404 - "HEAD http://localhost/v1/.expiring_objects?format=json" "txa92e24138f9d452aa0e37-006937b108" "proxy-server 2" 0.0009 "-" 22 -
Dec 9 05:18:00 standalone object-expirer[128401]: Pass completed in 0s; 0 objects expired (txn: txa92e24138f9d452aa0e37-006937b108)
Dec 9 05:18:11 standalone object-server[128513]: Begin object update sweep
Dec 9 05:18:11 standalone object-server[433617]: Object update sweep starting on /srv/node/d1 (pid: 24)
Dec 9 05:18:11 standalone object-server[433617]: Object update sweep completed on /srv/node/d1 in 0.00s seconds:, 0 successes, 0 failures, 0 quarantines, 0 unlinks, 0 errors, 0 redirects (pid: 24)
