Dec 9 04:32:44 standalone container-server[128398]: 172.20.0.100 - - [09/Dec/2025:04:32:44 +0000] "PUT /d1/265/AUTH_7aa4261a7cb74a7cb6dc3ff6f37c2f8c/gnocchi.ab8e46e3-d1a3-4a11-b50b-1e157a1ac6c0/1764720000.0_mean_300.0_v3" 201 - "PUT http://172.18.0.2:8080/d1/402/AUTH_7aa4261a7cb74a7cb6dc3ff6f37c2f8c/gnocchi.ab8e46e3-d1a3-4a11-b50b-1e157a1ac6c0/1764720000.0_mean_300.0_v3" "txadaff3c44bc34f10b7923-006937a66c" "object-server 23" 0.0009 "-" 23 0
Dec 9 04:32:44 standalone object-server[128583]: 172.20.0.100 - - [09/Dec/2025:04:32:44 +0000] "PUT /d1/402/AUTH_7aa4261a7cb74a7cb6dc3ff6f37c2f8c/gnocchi.ab8e46e3-d1a3-4a11-b50b-1e157a1ac6c0/1764720000.0_mean_300.0_v3" 201 - "PUT http://172.18.0.2:8080/v1/AUTH_7aa4261a7cb74a7cb6dc3ff6f37c2f8c/gnocchi.ab8e46e3-d1a3-4a11-b50b-1e157a1ac6c0/1764720000.0_mean_300.0_v3" "txadaff3c44bc34f10b7923-006937a66c" "proxy-server 12" 0.0129 "-" 23 0
Dec 9 04:32:44 standalone proxy-server[130416]: 172.18.0.2 172.18.0.100 09/Dec/2025/04/32/44 PUT /v1/AUTH_7aa4261a7cb74a7cb6dc3ff6f37c2f8c/gnocchi.ab8e46e3-d1a3-4a11-b50b-1e157a1ac6c0/1764720000.0_mean_300.0_v3 HTTP/1.0 201 - python-swiftclient-3.11.1 gAAAAABpN6Xpi1Ur... 16 - - txadaff3c44bc34f10b7923-006937a66c - 0.0185 - - 1765254764.844805002 1765254764.863294601 0
Dec 9 04:32:44 standalone container-server[128394]: 172.20.0.100 - - [09/Dec/2025:04:32:44 +0000] "PUT /d1/265/AUTH_7aa4261a7cb74a7cb6dc3ff6f37c2f8c/gnocchi.ab8e46e3-d1a3-4a11-b50b-1e157a1ac6c0/none_v3" 201 - "PUT http://172.18.0.2:8080/d1/430/AUTH_7aa4261a7cb74a7cb6dc3ff6f37c2f8c/gnocchi.ab8e46e3-d1a3-4a11-b50b-1e157a1ac6c0/none_v3" "tx641420bc3ad64b6588665-006937a66c" "object-server 22" 0.0008 "-" 22 0
Dec 9 04:32:44 standalone object-server[128582]: 172.20.0.100 - - [09/Dec/2025:04:32:44 +0000] "PUT /d1/430/AUTH_7aa4261a7cb74a7cb6dc3ff6f37c2f8c/gnocchi.ab8e46e3-d1a3-4a11-b50b-1e157a1ac6c0/none_v3" 201 - "PUT http://172.18.0.2:8080/v1/AUTH_7aa4261a7cb74a7cb6dc3ff6f37c2f8c/gnocchi.ab8e46e3-d1a3-4a11-b50b-1e157a1ac6c0/none_v3" "tx641420bc3ad64b6588665-006937a66c" "proxy-server 12" 0.0186 "-" 22 0
Dec 9 04:32:44 standalone proxy-server[130416]: 172.18.0.2 172.18.0.100 09/Dec/2025/04/32/44 PUT /v1/AUTH_7aa4261a7cb74a7cb6dc3ff6f37c2f8c/gnocchi.ab8e46e3-d1a3-4a11-b50b-1e157a1ac6c0/none_v3 HTTP/1.0 201 - python-swiftclient-3.11.1 gAAAAABpN6Xpi1Ur... 22 - - tx641420bc3ad64b6588665-006937a66c - 0.0241 - - 1765254764.866274118 1765254764.890331984 0
Dec 9 04:32:44 standalone container-server[128386]: 172.20.0.100 - - [09/Dec/2025:04:32:44 +0000] "HEAD /d1/794/AUTH_7aa4261a7cb74a7cb6dc3ff6f37c2f8c/gnocchi.afa3722e-d692-4135-83b9-7461fa0d0c7f" 404 - "HEAD http://172.18.0.2:8080/v1/AUTH_7aa4261a7cb74a7cb6dc3ff6f37c2f8c/gnocchi.afa3722e-d692-4135-83b9-7461fa0d0c7f?format=json&states=listing" "tx43e55d9cad094c4d93698-006937a66c" "proxy-server 12" 0.0005 "-" 21 0
Dec 9 04:32:44 standalone object-server[128583]: 172.20.0.100 - - [09/Dec/2025:04:32:44 +0000] "GET /d1/671/AUTH_7aa4261a7cb74a7cb6dc3ff6f37c2f8c/gnocchi.afa3722e-d692-4135-83b9-7461fa0d0c7f/none_v3" 404 70 "GET http://172.18.0.2:8080/v1/AUTH_7aa4261a7cb74a7cb6dc3ff6f37c2f8c/gnocchi.afa3722e-d692-4135-83b9-7461fa0d0c7f/none_v3" "tx43e55d9cad094c4d93698-006937a66c" "proxy-server 12" 0.0005 "-" 23 0
Dec 9 04:32:44 standalone proxy-server[130416]: 172.18.0.2 172.18.0.100 09/Dec/2025/04/32/44 GET /v1/AUTH_7aa4261a7cb74a7cb6dc3ff6f37c2f8c/gnocchi.afa3722e-d692-4135-83b9-7461fa0d0c7f/none_v3 HTTP/1.0 404 - python-swiftclient-3.11.1 gAAAAABpN6Xpi1Ur... - 70 - tx43e55d9cad094c4d93698-006937a66c - 0.0087 - - 1765254764.902808905 1765254764.911497355 0
Dec 9 04:32:44 standalone account-server[128318]: 172.20.0.100 - - [09/Dec/2025:04:32:44 +0000] "PUT /d1/515/AUTH_7aa4261a7cb74a7cb6dc3ff6f37c2f8c/gnocchi.afa3722e-d692-4135-83b9-7461fa0d0c7f" 201 - "PUT http://172.20.0.100:6001/d1/794/AUTH_7aa4261a7cb74a7cb6dc3ff6f37c2f8c/gnocchi.afa3722e-d692-4135-83b9-7461fa0d0c7f" "txc63f78cc15d4441983e5d-006937a66c" "container-server 23" 0.0048 "-" 23 0
Dec 9 04:32:44 standalone container-server[128398]: 172.20.0.100 - - [09/Dec/2025:04:32:44 +0000] "PUT /d1/794/AUTH_7aa4261a7cb74a7cb6dc3ff6f37c2f8c/gnocchi.afa3722e-d692-4135-83b9-7461fa0d0c7f" 201 - "PUT http://172.18.0.2:8080/v1/AUTH_7aa4261a7cb74a7cb6dc3ff6f37c2f8c/gnocchi.afa3722e-d692-4135-83b9-7461fa0d0c7f" "txc63f78cc15d4441983e5d-006937a66c" "proxy-server 12" 0.0176 "-" 23 0
Dec 9 04:32:44 standalone proxy-server[130416]: 172.18.0.2 172.18.0.100 09/Dec/2025/04/32/44 PUT /v1/AUTH_7aa4261a7cb74a7cb6dc3ff6f37c2f8c/gnocchi.afa3722e-d692-4135-83b9-7461fa0d0c7f HTTP/1.0 201 - python-swiftclient-3.11.1 gAAAAABpN6Xpi1Ur... - - - txc63f78cc15d4441983e5d-006937a66c - 0.0217 - - 1765254764.914158106 1765254764.935903072 0
Dec 9 04:32:44 standalone container-server[128394]: 172.20.0.100 - - [09/Dec/2025:04:32:44 +0000] "HEAD /d1/794/AUTH_7aa4261a7cb74a7cb6dc3ff6f37c2f8c/gnocchi.afa3722e-d692-4135-83b9-7461fa0d0c7f" 204 - "HEAD http://172.18.0.2:8080/v1/AUTH_7aa4261a7cb74a7cb6dc3ff6f37c2f8c/gnocchi.afa3722e-d692-4135-83b9-7461fa0d0c7f?format=json&states=listing" "tx878683bdc23447239a923-006937a66c" "proxy-server 12" 0.0022 "-" 22 0
Dec 9 04:32:44 standalone proxy-server[130416]: - - 09/Dec/2025/04/32/44 HEAD /v1/AUTH_7aa4261a7cb74a7cb6dc3ff6f37c2f8c/gnocchi.afa3722e-d692-4135-83b9-7461fa0d0c7f%3Fformat%3Djson%26states%3Dlisting HTTP/1.0 204 - Swift - - - - tx878683bdc23447239a923-006937a66c - 0.0054 RL - 1765254764.941095829 1765254764.946469784 0
Dec 9 04:32:44 standalone container-server[128386]: 172.20.0.100 - - [09/Dec/2025:04:32:44 +0000] "GET /d1/794/AUTH_7aa4261a7cb74a7cb6dc3ff6f37c2f8c/gnocchi.afa3722e-d692-4135-83b9-7461fa0d0c7f" 200 2 "GET http://172.18.0.2:8080/v1/AUTH_7aa4261a7cb74a7cb6dc3ff6f37c2f8c/gnocchi.afa3722e-d692-4135-83b9-7461fa0d0c7f?format=json&states=listing" "tx878683bdc23447239a923-006937a66c" "proxy-server 12" 0.0044 "-" 21 0
Dec 9 04:32:44 standalone proxy-server[130416]: 172.18.0.2 172.18.0.100 09/Dec/2025/04/32/44 GET /v1/AUTH_7aa4261a7cb74a7cb6dc3ff6f37c2f8c/gnocchi.afa3722e-d692-4135-83b9-7461fa0d0c7f%3Fformat%3Djson%26states%3Dlisting HTTP/1.0 200 - python-swiftclient-3.11.1 gAAAAABpN6Xpi1Ur... - 2 - tx878683bdc23447239a923-006937a66c - 0.0167 - - 1765254764.940099955 1765254764.956848621 0
Dec 9 04:32:44 standalone object-server[128582]: 172.20.0.100 - - [09/Dec/2025:04:32:44 +0000] "GET /d1/391/AUTH_7aa4261a7cb74a7cb6dc3ff6f37c2f8c/gnocchi.afa3722e-d692-4135-83b9-7461fa0d0c7f/1764720000.0_mean_300.0_v3" 404 70 "GET http://172.18.0.2:8080/v1/AUTH_7aa4261a7cb74a7cb6dc3ff6f37c2f8c/gnocchi.afa3722e-d692-4135-83b9-7461fa0d0c7f/1764720000.0_mean_300.0_v3" "txb42af2679de047a5b5997-006937a66c" "proxy-server 12" 0.0007 "-" 22 0
Dec 9 04:32:44 standalone proxy-server[130416]: 172.18.0.2 172.18.0.100 09/Dec/2025/04/32/44 GET /v1/AUTH_7aa4261a7cb74a7cb6dc3ff6f37c2f8c/gnocchi.afa3722e-d692-4135-83b9-7461fa0d0c7f/1764720000.0_mean_300.0_v3 HTTP/1.0 404 - python-swiftclient-3.11.1 gAAAAABpN6Xpi1Ur... - 70 - txb42af2679de047a5b5997-006937a66c - 0.0064 - - 1765254764.960658550 1765254764.967026949 0
Dec 9 04:32:44 standalone container-server[128381]: 172.20.0.100 - - [09/Dec/2025:04:32:44 +0000] "PUT /d1/794/AUTH_7aa4261a7cb74a7cb6dc3ff6f37c2f8c/gnocchi.afa3722e-d692-4135-83b9-7461fa0d0c7f/1764720000.0_mean_300.0_v3" 201 - "PUT http://172.18.0.2:8080/d1/391/AUTH_7aa4261a7cb74a7cb6dc3ff6f37c2f8c/gnocchi.afa3722e-d692-4135-83b9-7461fa0d0c7f/1764720000.0_mean_300.0_v3" "txe24e51e90aff4458a7ec6-006937a66c" "object-server 25" 0.0010 "-" 20 0
Dec 9 04:32:44 standalone object-server[128587]: 172.20.0.100 - - [09/Dec/2025:04:32:44 +0000] "PUT /d1/391/AUTH_7aa4261a7cb74a7cb6dc3ff6f37c2f8c/gnocchi.afa3722e-d692-4135-83b9-7461fa0d0c7f/1764720000.0_mean_300.0_v3" 201 - "PUT http://172.18.0.2:8080/v1/AUTH_7aa4261a7cb74a7cb6dc3ff6f37c2f8c/gnocchi.afa3722e-d692-4135-83b9-7461fa0d0c7f/1764720000.0_mean_300.0_v3" "txe24e51e90aff4458a7ec6-006937a66c" "proxy-server 12" 0.0117 "-" 25 0
Dec 9 04:32:44 standalone proxy-server[130416]: 172.18.0.2 172.18.0.100 09/Dec/2025/04/32/44 PUT /v1/AUTH_7aa4261a7cb74a7cb6dc3ff6f37c2f8c/gnocchi.afa3722e-d692-4135-83b9-7461fa0d0c7f/1764720000.0_mean_300.0_v3 HTTP/1.0 201 - python-swiftclient-3.11.1 gAAAAABpN6Xpi1Ur... 16 - - txe24e51e90aff4458a7ec6-006937a66c - 0.0162 - - 1765254764.970158815 1765254764.986341953 0
Dec 9 04:32:45 standalone container-server[128381]: 172.20.0.100 - - [09/Dec/2025:04:32:45 +0000] "PUT /d1/794/AUTH_7aa4261a7cb74a7cb6dc3ff6f37c2f8c/gnocchi.afa3722e-d692-4135-83b9-7461fa0d0c7f/none_v3" 201 - "PUT http://172.18.0.2:8080/d1/671/AUTH_7aa4261a7cb74a7cb6dc3ff6f37c2f8c/gnocchi.afa3722e-d692-4135-83b9-7461fa0d0c7f/none_v3" "txfa6e453d3dde474ca1308-006937a66c" "object-server 22" 0.0006 "-" 20 0
Dec 9 04:32:45 standalone object-server[128582]: 172.20.0.100 - - [09/Dec/2025:04:32:45 +0000] "PUT /d1/671/AUTH_7aa4261a7cb74a7cb6dc3ff6f37c2f8c/gnocchi.afa3722e-d692-4135-83b9-7461fa0d0c7f/none_v3" 201 - "PUT http://172.18.0.2:8080/v1/AUTH_7aa4261a7cb74a7cb6dc3ff6f37c2f8c/gnocchi.afa3722e-d692-4135-83b9-7461fa0d0c7f/none_v3" "txfa6e453d3dde474ca1308-006937a66c" "proxy-server 12" 0.0137 "-" 22 0
Dec 9 04:32:45 standalone proxy-server[130416]: 172.18.0.2 172.18.0.100 09/Dec/2025/04/32/45 PUT /v1/AUTH_7aa4261a7cb74a7cb6dc3ff6f37c2f8c/gnocchi.afa3722e-d692-4135-83b9-7461fa0d0c7f/none_v3 HTTP/1.0 201 - python-swiftclient-3.11.1 gAAAAABpN6Xpi1Ur... 22 - - txfa6e453d3dde474ca1308-006937a66c - 0.0184 - - 1765254764.989138603 1765254765.007497549 0
Dec 9 04:32:45 standalone container-server[128381]: 172.20.0.100 - - [09/Dec/2025:04:32:45 +0000] "HEAD /d1/162/AUTH_7aa4261a7cb74a7cb6dc3ff6f37c2f8c/gnocchi.cb671023-cd48-4819-ac7b-80cb96975950" 404 - "HEAD http://172.18.0.2:8080/v1/AUTH_7aa4261a7cb74a7cb6dc3ff6f37c2f8c/gnocchi.cb671023-cd48-4819-ac7b-80cb96975950?format=json&states=listing" "tx0578f53c44f149439004c-006937a66d" "proxy-server 12" 0.0005 "-" 20 0
Dec 9 04:32:45 standalone object-server[128587]: 172.20.0.100 - - [09/Dec/2025:04:32:45 +0000] "GET /d1/845/AUTH_7aa4261a7cb74a7cb6dc3ff6f37c2f8c/gnocchi.cb671023-cd48-4819-ac7b-80cb96975950/none_v3" 404 70 "GET http://172.18.0.2:8080/v1/AUTH_7aa4261a7cb74a7cb6dc3ff6f37c2f8c/gnocchi.cb671023-cd48-4819-ac7b-80cb96975950/none_v3" "tx0578f53c44f149439004c-006937a66d" "proxy-server 12" 0.0006 "-" 25 0
Dec 9 04:32:45 standalone proxy-server[130416]: 172.18.0.2 172.18.0.100 09/Dec/2025/04/32/45 GET /v1/AUTH_7aa4261a7cb74a7cb6dc3ff6f37c2f8c/gnocchi.cb671023-cd48-4819-ac7b-80cb96975950/none_v3 HTTP/1.0 404 - python-swiftclient-3.11.1 gAAAAABpN6Xpi1Ur... - 70 - tx0578f53c44f149439004c-006937a66d - 0.0082 - - 1765254765.018713713 1765254765.026883841 0
Dec 9 04:32:45 standalone account-server[128294]: 172.20.0.100 - - [09/Dec/2025:04:32:45 +0000] "PUT /d1/515/AUTH_7aa4261a7cb74a7cb6dc3ff6f37c2f8c/gnocchi.cb671023-cd48-4819-ac7b-80cb96975950" 201 - "PUT http://172.20.0.100:6001/d1/162/AUTH_7aa4261a7cb74a7cb6dc3ff6f37c2f8c/gnocchi.cb671023-cd48-4819-ac7b-80cb96975950" "txaddf8c36ab3e429b9ea75-006937a66d" "container-server 20" 0.0067 "-" 21 0
Dec 9 04:32:45 standalone container-server[128381]: 172.20.0.100 - - [09/Dec/2025:04:32:45 +0000] "PUT /d1/162/AUTH_7aa4261a7cb74a7cb6dc3ff6f37c2f8c/gnocchi.cb671023-cd48-4819-ac7b-80cb96975950" 201 - "PUT http://172.18.0.2:8080/v1/AUTH_7aa4261a7cb74a7cb6dc3ff6f37c2f8c/gnocchi.cb671023-cd48-4819-ac7b-80cb96975950" "txaddf8c36ab3e429b9ea75-006937a66d" "proxy-server 12" 0.0203 "-" 20 0
Dec 9 04:32:45 standalone proxy-server[130416]: 172.18.0.2 172.18.0.100 09/Dec/2025/04/32/45 PUT /v1/AUTH_7aa4261a7cb74a7cb6dc3ff6f37c2f8c/gnocchi.cb671023-cd48-4819-ac7b-80cb96975950 HTTP/1.0 201 - python-swiftclient-3.11.1 gAAAAABpN6Xpi1Ur... - - - txaddf8c36ab3e429b9ea75-006937a66d - 0.0243 - - 1765254765.029947758 1765254765.054220200 0
Dec 9 04:32:45 standalone container-server[128386]: 172.20.0.100 - - [09/Dec/2025:04:32:45 +0000] "HEAD /d1/162/AUTH_7aa4261a7cb74a7cb6dc3ff6f37c2f8c/gnocchi.cb671023-cd48-4819-ac7b-80cb96975950" 204 - "HEAD http://172.18.0.2:8080/v1/AUTH_7aa4261a7cb74a7cb6dc3ff6f37c2f8c/gnocchi.cb671023-cd48-4819-ac7b-80cb96975950?format=json&states=listing" "txfff18909579d41a087db8-006937a66d" "proxy-server 12" 0.0026 "-" 21 0
Dec 9 04:32:45 standalone proxy-server[130416]: - - 09/Dec/2025/04/32/45 HEAD /v1/AUTH_7aa4261a7cb74a7cb6dc3ff6f37c2f8c/gnocchi.cb671023-cd48-4819-ac7b-80cb96975950%3Fformat%3Djson%26states%3Dlisting HTTP/1.0 204 - Swift - - - - txfff18909579d41a087db8-006937a66d - 0.0065 RL - 1765254765.059701204 1765254765.066184282 0
Dec 9 04:32:45 standalone container-server[128394]: 172.20.0.100 - - [09/Dec/2025:04:32:45 +0000] "GET /d1/162/AUTH_7aa4261a7cb74a7cb6dc3ff6f37c2f8c/gnocchi.cb671023-cd48-4819-ac7b-80cb96975950" 200 2 "GET http://172.18.0.2:8080/v1/AUTH_7aa4261a7cb74a7cb6dc3ff6f37c2f8c/gnocchi.cb671023-cd48-4819-ac7b-80cb96975950?format=json&states=listing" "txfff18909579d41a087db8-006937a66d" "proxy-server 12" 0.0033 "-" 22 0
Dec 9 04:32:45 standalone proxy-server[130416]: 172.18.0.2 172.18.0.100 09/Dec/2025/04/32/45 GET /v1/AUTH_7aa4261a7cb74a7cb6dc3ff6f37c2f8c/gnocchi.cb671023-cd48-4819-ac7b-80cb96975950%3Fformat%3Djson%26states%3Dlisting HTTP/1.0 200 - python-swiftclient-3.11.1 gAAAAABpN6Xpi1Ur... - 2 - txfff18909579d41a087db8-006937a66d - 0.0165 - - 1765254765.058899164 1765254765.075366735 0
Dec 9 04:32:45 standalone object-server[128587]: 172.20.0.100 - - [09/Dec/2025:04:32:45 +0000] "GET /d1/166/AUTH_7aa4261a7cb74a7cb6dc3ff6f37c2f8c/gnocchi.cb671023-cd48-4819-ac7b-80cb96975950/1764720000.0_mean_300.0_v3" 404 70 "GET http://172.18.0.2:8080/v1/AUTH_7aa4261a7cb74a7cb6dc3ff6f37c2f8c/gnocchi.cb671023-cd48-4819-ac7b-80cb96975950/1764720000.0_mean_300.0_v3" "tx6f99991f1f8144d9ac35e-006937a66d" "proxy-server 12" 0.0006 "-" 25 0
Dec 9 04:32:45 standalone proxy-server[130416]: 172.18.0.2 172.18.0.100 09/Dec/2025/04/32/45 GET /v1/AUTH_7aa4261a7cb74a7cb6dc3ff6f37c2f8c/gnocchi.cb671023-cd48-4819-ac7b-80cb96975950/1764720000.0_mean_300.0_v3 HTTP/1.0 404 - python-swiftclient-3.11.1 gAAAAABpN6Xpi1Ur... - 70 - tx6f99991f1f8144d9ac35e-006937a66d - 0.0064 - - 1765254765.079460382 1765254765.085898638 0
Dec 9 04:32:45 standalone container-server[128386]: 172.20.0.100 - - [09/Dec/2025:04:32:45 +0000] "PUT /d1/162/AUTH_7aa4261a7cb74a7cb6dc3ff6f37c2f8c/gnocchi.cb671023-cd48-4819-ac7b-80cb96975950/1764720000.0_mean_300.0_v3" 201 - "PUT http://172.18.0.2:8080/d1/166/AUTH_7aa4261a7cb74a7cb6dc3ff6f37c2f8c/gnocchi.cb671023-cd48-4819-ac7b-80cb96975950/1764720000.0_mean_300.0_v3" "txdaa3be89cd024d93b61cb-006937a66d" "object-server 24" 0.0008 "-" 21 0
Dec 9 04:32:45 standalone object-server[128585]: 172.20.0.100 - - [09/Dec/2025:04:32:45 +0000] "PUT /d1/166/AUTH_7aa4261a7cb74a7cb6dc3ff6f37c2f8c/gnocchi.cb671023-cd48-4819-ac7b-80cb96975950/1764720000.0_mean_300.0_v3" 201 - "PUT http://172.18.0.2:8080/v1/AUTH_7aa4261a7cb74a7cb6dc3ff6f37c2f8c/gnocchi.cb671023-cd48-4819-ac7b-80cb96975950/1764720000.0_mean_300.0_v3" "txdaa3be89cd024d93b61cb-006937a66d" "proxy-server 12" 0.0158 "-" 24 0
Dec 9 04:32:45 standalone proxy-server[130416]: 172.18.0.2 172.18.0.100 09/Dec/2025/04/32/45 PUT /v1/AUTH_7aa4261a7cb74a7cb6dc3ff6f37c2f8c/gnocchi.cb671023-cd48-4819-ac7b-80cb96975950/1764720000.0_mean_300.0_v3 HTTP/1.0 201 - python-swiftclient-3.11.1 gAAAAABpN6Xpi1Ur... 16 - - txdaa3be89cd024d93b61cb-006937a66d - 0.0206 - - 1765254765.089126348 1765254765.109707594 0
Dec 9 04:32:45 standalone container-server[128394]: 172.20.0.100 - - [09/Dec/2025:04:32:45 +0000] "PUT /d1/162/AUTH_7aa4261a7cb74a7cb6dc3ff6f37c2f8c/gnocchi.cb671023-cd48-4819-ac7b-80cb96975950/none_v3" 201 - "PUT http://172.18.0.2:8080/d1/845/AUTH_7aa4261a7cb74a7cb6dc3ff6f37c2f8c/gnocchi.cb671023-cd48-4819-ac7b-80cb96975950/none_v3" "txa51754f29ce54023addb6-006937a66d" "object-server 23" 0.0009 "-" 22 0
Dec 9 04:32:45 standalone object-server[128583]: 172.20.0.100 - - [09/Dec/2025:04:32:45 +0000] "PUT /d1/845/AUTH_7aa4261a7cb74a7cb6dc3ff6f37c2f8c/gnocchi.cb671023-cd48-4819-ac7b-80cb96975950/none_v3" 201 - "PUT http://172.18.0.2:8080/v1/AUTH_7aa4261a7cb74a7cb6dc3ff6f37c2f8c/gnocchi.cb671023-cd48-4819-ac7b-80cb96975950/none_v3" "txa51754f29ce54023addb6-006937a66d" "proxy-server 12" 0.0119 "-" 23 0
Dec 9 04:32:45 standalone proxy-server[130416]: 172.18.0.2 172.18.0.100 09/Dec/2025/04/32/45 PUT /v1/AUTH_7aa4261a7cb74a7cb6dc3ff6f37c2f8c/gnocchi.cb671023-cd48-4819-ac7b-80cb96975950/none_v3 HTTP/1.0 201 - python-swiftclient-3.11.1 gAAAAABpN6Xpi1Ur... 22 - - txa51754f29ce54023addb6-006937a66d - 0.0176 - - 1765254765.113531590 1765254765.131121397 0
Dec 9 04:32:45 standalone container-server[128398]: 172.20.0.100 - - [09/Dec/2025:04:32:45 +0000] "HEAD /d1/652/AUTH_7aa4261a7cb74a7cb6dc3ff6f37c2f8c/gnocchi.aa7c1c28-5195-4fed-80b4-81acc996ca0b" 404 - "HEAD http://172.18.0.2:8080/v1/AUTH_7aa4261a7cb74a7cb6dc3ff6f37c2f8c/gnocchi.aa7c1c28-5195-4fed-80b4-81acc996ca0b?format=json&states=listing" "tx6b540a9acca04946abcbb-006937a66d" "proxy-server 12" 0.0006 "-" 23 0
Dec 9 04:32:45 standalone object-server[128582]: 172.20.0.100 - - [09/Dec/2025:04:32:45 +0000] "GET /d1/962/AUTH_7aa4261a7cb74a7cb6dc3ff6f37c2f8c/gnocchi.aa7c1c28-5195-4fed-80b4-81acc996ca0b/none_v3" 404 70 "GET http://172.18.0.2:8080/v1/AUTH_7aa4261a7cb74a7cb6dc3ff6f37c2f8c/gnocchi.aa7c1c28-5195-4fed-80b4-81acc996ca0b/none_v3" "tx6b540a9acca04946abcbb-006937a66d" "proxy-server 12" 0.0007 "-" 22 0
Dec 9 04:32:45 standalone proxy-server[130416]: 172.18.0.2 172.18.0.100 09/Dec/2025/04/32/45 GET /v1/AUTH_7aa4261a7cb74a7cb6dc3ff6f37c2f8c/gnocchi.aa7c1c28-5195-4fed-80b4-81acc996ca0b/none_v3 HTTP/1.0 404 - python-swiftclient-3.11.1 gAAAAABpN6Xpi1Ur... - 70 - tx6b540a9acca04946abcbb-006937a66d - 0.0098 - - 1765254765.141654253 1765254765.151446819 0
Dec 9 04:32:45 standalone account-server[128305]: 172.20.0.100 - - [09/Dec/2025:04:32:45 +0000] "PUT /d1/515/AUTH_7aa4261a7cb74a7cb6dc3ff6f37c2f8c/gnocchi.aa7c1c28-5195-4fed-80b4-81acc996ca0b" 201 - "PUT http://172.20.0.100:6001/d1/652/AUTH_7aa4261a7cb74a7cb6dc3ff6f37c2f8c/gnocchi.aa7c1c28-5195-4fed-80b4-81acc996ca0b" "txe98bc82a13084e8b87dbf-006937a66d" "container-server 20" 0.0058 "-" 22 0
Dec 9 04:32:45 standalone container-server[128381]: 172.20.0.100 - - [09/Dec/2025:04:32:45 +0000] "PUT /d1/652/AUTH_7aa4261a7cb74a7cb6dc3ff6f37c2f8c/gnocchi.aa7c1c28-5195-4fed-80b4-81acc996ca0b" 201 - "PUT http://172.18.0.2:8080/v1/AUTH_7aa4261a7cb74a7cb6dc3ff6f37c2f8c/gnocchi.aa7c1c28-5195-4fed-80b4-81acc996ca0b" "txe98bc82a13084e8b87dbf-006937a66d" "proxy-server 12" 0.0206 "-" 20 0
Dec 9 04:32:45 standalone proxy-server[130416]: 172.18.0.2 172.18.0.100 09/Dec/2025/04/32/45 PUT /v1/AUTH_7aa4261a7cb74a7cb6dc3ff6f37c2f8c/gnocchi.aa7c1c28-5195-4fed-80b4-81acc996ca0b HTTP/1.0 201 - python-swiftclient-3.11.1 gAAAAABpN6Xpi1Ur... - - - txe98bc82a13084e8b87dbf-006937a66d - 0.0281 - - 1765254765.153457642 1765254765.181572437 0
Dec 9 04:32:45 standalone container-server[128394]: 172.20.0.100 - - [09/Dec/2025:04:32:45 +0000] "HEAD /d1/652/AUTH_7aa4261a7cb74a7cb6dc3ff6f37c2f8c/gnocchi.aa7c1c28-5195-4fed-80b4-81acc996ca0b" 204 - "HEAD http://172.18.0.2:8080/v1/AUTH_7aa4261a7cb74a7cb6dc3ff6f37c2f8c/gnocchi.aa7c1c28-5195-4fed-80b4-81acc996ca0b?format=json&states=listing" "tx47cfa6e81d1c47b99d8fe-006937a66d" "proxy-server 12" 0.0021 "-" 22 0
Dec 9 04:32:45 standalone proxy-server[130416]: - - 09/Dec/2025/04/32/45 HEAD /v1/AUTH_7aa4261a7cb74a7cb6dc3ff6f37c2f8c/gnocchi.aa7c1c28-5195-4fed-80b4-81acc996ca0b%3Fformat%3Djson%26states%3Dlisting HTTP/1.0 204 - Swift - - - - tx47cfa6e81d1c47b99d8fe-006937a66d - 0.0052 RL - 1765254765.185187101 1765254765.190425396 0
Dec 9 04:32:45 standalone container-server[128386]: 172.20.0.100 - - [09/Dec/2025:04:32:45 +0000] "GET /d1/652/AUTH_7aa4261a7cb74a7cb6dc3ff6f37c2f8c/gnocchi.aa7c1c28-5195-4fed-80b4-81acc996ca0b" 200 2 "GET http://172.18.0.2:8080/v1/AUTH_7aa4261a7cb74a7cb6dc3ff6f37c2f8c/gnocchi.aa7c1c28-5195-4fed-80b4-81acc996ca0b?format=json&states=listing" "tx47cfa6e81d1c47b99d8fe-006937a66d" "proxy-server 12" 0.0040 "-" 21 0
Dec 9 04:32:45 standalone proxy-server[130416]: 172.18.0.2 172.18.0.100 09/Dec/2025/04/32/45 GET /v1/AUTH_7aa4261a7cb74a7cb6dc3ff6f37c2f8c/gnocchi.aa7c1c28-5195-4fed-80b4-81acc996ca0b%3Fformat%3Djson%26states%3Dlisting HTTP/1.0 200 - python-swiftclient-3.11.1 gAAAAABpN6Xpi1Ur... - 2 - tx47cfa6e81d1c47b99d8fe-006937a66d - 0.0158 - - 1765254765.184540272 1765254765.200330734 0
Dec 9 04:32:45 standalone object-server[128587]: 172.20.0.100 - - [09/Dec/2025:04:32:45 +0000] "GET /d1/765/AUTH_7aa4261a7cb74a7cb6dc3ff6f37c2f8c/gnocchi.aa7c1c28-5195-4fed-80b4-81acc996ca0b/1764720000.0_mean_300.0_v3" 404 70 "GET http://172.18.0.2:8080/v1/AUTH_7aa4261a7cb74a7cb6dc3ff6f37c2f8c/gnocchi.aa7c1c28-5195-4fed-80b4-81acc996ca0b/1764720000.0_mean_300.0_v3" "txa8f3c15c66f5434d9d141-006937a66d" "proxy-server 12" 0.0006 "-" 25 0
Dec 9 04:32:45 standalone proxy-server[130416]: 172.18.0.2 172.18.0.100 09/Dec/2025/04/32/45 GET /v1/AUTH_7aa4261a7cb74a7cb6dc3ff6f37c2f8c/gnocchi.aa7c1c28-5195-4fed-80b4-81acc996ca0b/1764720000.0_mean_300.0_v3 HTTP/1.0 404 - python-swiftclient-3.11.1 gAAAAABpN6Xpi1Ur... - 70 - txa8f3c15c66f5434d9d141-006937a66d - 0.0053 - - 1765254765.202695608 1765254765.207958460 0
Dec 9 04:32:45 standalone container-server[128394]: 172.20.0.100 - - [09/Dec/2025:04:32:45 +0000] "PUT /d1/652/AUTH_7aa4261a7cb74a7cb6dc3ff6f37c2f8c/gnocchi.aa7c1c28-5195-4fed-80b4-81acc996ca0b/1764720000.0_mean_300.0_v3" 201 - "PUT http://172.18.0.2:8080/d1/765/AUTH_7aa4261a7cb74a7cb6dc3ff6f37c2f8c/gnocchi.aa7c1c28-5195-4fed-80b4-81acc996ca0b/1764720000.0_mean_300.0_v3" "txb454d8392b2d4d44977bb-006937a66d" "object-server 25" 0.0007 "-" 22 0
Dec 9 04:32:45 standalone object-server[128587]: 172.20.0.100 - - [09/Dec/2025:04:32:45 +0000] "PUT /d1/765/AUTH_7aa4261a7cb74a7cb6dc3ff6f37c2f8c/gnocchi.aa7c1c28-5195-4fed-80b4-81acc996ca0b/1764720000.0_mean_300.0_v3" 201 - "PUT http://172.18.0.2:8080/v1/AUTH_7aa4261a7cb74a7cb6dc3ff6f37c2f8c/gnocchi.aa7c1c28-5195-4fed-80b4-81acc996ca0b/1764720000.0_mean_300.0_v3" "txb454d8392b2d4d44977bb-006937a66d" "proxy-server 12" 0.0113 "-" 25 0
Dec 9 04:32:45 standalone proxy-server[130416]: 172.18.0.2 172.18.0.100 09/Dec/2025/04/32/45 PUT /v1/AUTH_7aa4261a7cb74a7cb6dc3ff6f37c2f8c/gnocchi.aa7c1c28-5195-4fed-80b4-81acc996ca0b/1764720000.0_mean_300.0_v3 HTTP/1.0 201 - python-swiftclient-3.11.1 gAAAAABpN6Xpi1Ur... 16 - - txb454d8392b2d4d44977bb-006937a66d - 0.0155 - - 1765254765.209922075 1765254765.225385666 0
Dec 9 04:32:45 standalone container-server[128386]: 172.20.0.100 - - [09/Dec/2025:04:32:45 +0000] "PUT /d1/652/AUTH_7aa4261a7cb74a7cb6dc3ff6f37c2f8c/gnocchi.aa7c1c28-5195-4fed-80b4-81acc996ca0b/none_v3" 201 - "PUT http://172.18.0.2:8080/d1/962/AUTH_7aa4261a7cb74a7cb6dc3ff6f37c2f8c/gnocchi.aa7c1c28-5195-4fed-80b4-81acc996ca0b/none_v3" "tx286d576ec4414296a2ad9-006937a66d" "object-server 24" 0.0007 "-" 21 0
Dec 9 04:32:45 standalone object-server[128585]: 172.20.0.100 - - [09/Dec/2025:04:32:45 +0000] "PUT /d1/962/AUTH_7aa4261a7cb74a7cb6dc3ff6f37c2f8c/gnocchi.aa7c1c28-5195-4fed-80b4-81acc996ca0b/none_v3" 201 - "PUT http://172.18.0.2:8080/v1/AUTH_7aa4261a7cb74a7cb6dc3ff6f37c2f8c/gnocchi.aa7c1c28-5195-4fed-80b4-81acc996ca0b/none_v3" "tx286d576ec4414296a2ad9-006937a66d" "proxy-server 12" 0.0125 "-" 24 0
Dec 9 04:32:45 standalone proxy-server[130416]: 172.18.0.2 172.18.0.100 09/Dec/2025/04/32/45 PUT /v1/AUTH_7aa4261a7cb74a7cb6dc3ff6f37c2f8c/gnocchi.aa7c1c28-5195-4fed-80b4-81acc996ca0b/none_v3 HTTP/1.0 201 - python-swiftclient-3.11.1 gAAAAABpN6Xpi1Ur... 22 - - tx286d576ec4414296a2ad9-006937a66d - 0.0171 - - 1765254765.227345228 1765254765.244492769 0
Dec 9 04:32:45 standalone container-server[128398]: 172.20.0.100 - - [09/Dec/2025:04:32:45 +0000] "HEAD /d1/156/AUTH_7aa4261a7cb74a7cb6dc3ff6f37c2f8c/gnocchi.1d40024c-f670-430a-96a7-3943daace6b4" 404 - "HEAD http://172.18.0.2:8080/v1/AUTH_7aa4261a7cb74a7cb6dc3ff6f37c2f8c/gnocchi.1d40024c-f670-430a-96a7-3943daace6b4?format=json&states=listing" "tx5d0343bb4ef54ec4a9092-006937a66d" "proxy-server 12" 0.0007 "-" 23 0
Dec 9 04:32:45 standalone object-server[128583]: 172.20.0.100 - - [09/Dec/2025:04:32:45 +0000] "GET /d1/284/AUTH_7aa4261a7cb74a7cb6dc3ff6f37c2f8c/gnocchi.1d40024c-f670-430a-96a7-3943daace6b4/none_v3" 404 70 "GET http://172.18.0.2:8080/v1/AUTH_7aa4261a7cb74a7cb6dc3ff6f37c2f8c/gnocchi.1d40024c-f670-430a-96a7-3943daace6b4/none_v3" "tx5d0343bb4ef54ec4a9092-006937a66d" "proxy-server 12" 0.0006 "-" 23 0
Dec 9 04:32:45 standalone proxy-server[130416]: 172.18.0.2 172.18.0.100 09/Dec/2025/04/32/45 GET /v1/AUTH_7aa4261a7cb74a7cb6dc3ff6f37c2f8c/gnocchi.1d40024c-f670-430a-96a7-3943daace6b4/none_v3 HTTP/1.0 404 - python-swiftclient-3.11.1 gAAAAABpN6Xpi1Ur... - 70 - tx5d0343bb4ef54ec4a9092-006937a66d - 0.0155 - - 1765254765.288833618 1765254765.304308176 0
Dec 9 04:32:45 standalone account-server[128294]: 172.20.0.100 - - [09/Dec/2025:04:32:45 +0000] "PUT /d1/515/AUTH_7aa4261a7cb74a7cb6dc3ff6f37c2f8c/gnocchi.1d40024c-f670-430a-96a7-3943daace6b4" 201 - "PUT http://172.20.0.100:6001/d1/156/AUTH_7aa4261a7cb74a7cb6dc3ff6f37c2f8c/gnocchi.1d40024c-f670-430a-96a7-3943daace6b4" "tx931552d110fc42d8914ea-006937a66d" "container-server 21" 0.0064 "-" 21 0
Dec 9 04:32:45 standalone container-server[128386]: 172.20.0.100 - - [09/Dec/2025:04:32:45 +0000] "PUT /d1/156/AUTH_7aa4261a7cb74a7cb6dc3ff6f37c2f8c/gnocchi.1d40024c-f670-430a-96a7-3943daace6b4" 201 - "PUT http://172.18.0.2:8080/v1/AUTH_7aa4261a7cb74a7cb6dc3ff6f37c2f8c/gnocchi.1d40024c-f670-430a-96a7-3943daace6b4" "tx931552d110fc42d8914ea-006937a66d" "proxy-server 12" 0.0209 "-" 21 0
Dec 9 04:32:45 standalone proxy-server[130416]: 172.18.0.2 172.18.0.100 09/Dec/2025/04/32/45 PUT /v1/AUTH_7aa4261a7cb74a7cb6dc3ff6f37c2f8c/gnocchi.1d40024c-f670-430a-96a7-3943daace6b4 HTTP/1.0 201 - python-swiftclient-3.11.1 gAAAAABpN6Xpi1Ur... - - - tx931552d110fc42d8914ea-006937a66d - 0.0286 - - 1765254765.309133053 1765254765.337707043 0
Dec 9 04:32:45 standalone container-server[128381]: 172.20.0.100 - - [09/Dec/2025:04:32:45 +0000] "HEAD /d1/156/AUTH_7aa4261a7cb74a7cb6dc3ff6f37c2f8c/gnocchi.1d40024c-f670-430a-96a7-3943daace6b4" 204 - "HEAD http://172.18.0.2:8080/v1/AUTH_7aa4261a7cb74a7cb6dc3ff6f37c2f8c/gnocchi.1d40024c-f670-430a-96a7-3943daace6b4?format=json&states=listing" "tx9a5446351e4245669cdd7-006937a66d" "proxy-server 12" 0.0026 "-" 20 0
Dec 9 04:32:45 standalone proxy-server[130416]: - - 09/Dec/2025/04/32/45 HEAD /v1/AUTH_7aa4261a7cb74a7cb6dc3ff6f37c2f8c/gnocchi.1d40024c-f670-430a-96a7-3943daace6b4%3Fformat%3Djson%26states%3Dlisting HTTP/1.0 204 - Swift - - - - tx9a5446351e4245669cdd7-006937a66d - 0.0095 RL - 1765254765.344642162 1765254765.354180098 0
Dec 9 04:32:45 standalone container-server[128398]: 172.20.0.100 - - [09/Dec/2025:04:32:45 +0000] "GET /d1/156/AUTH_7aa4261a7cb74a7cb6dc3ff6f37c2f8c/gnocchi.1d40024c-f670-430a-96a7-3943daace6b4" 200 2 "GET http://172.18.0.2:8080/v1/AUTH_7aa4261a7cb74a7cb6dc3ff6f37c2f8c/gnocchi.1d40024c-f670-430a-96a7-3943daace6b4?format=json&states=listing" "tx9a5446351e4245669cdd7-006937a66d" "proxy-server 12" 0.0030 "-" 23 0
Dec 9 04:32:45 standalone proxy-server[130416]: 172.18.0.2 172.18.0.100 09/Dec/2025/04/32/45 GET /v1/AUTH_7aa4261a7cb74a7cb6dc3ff6f37c2f8c/gnocchi.1d40024c-f670-430a-96a7-3943daace6b4%3Fformat%3Djson%26states%3Dlisting HTTP/1.0 200 - python-swiftclient-3.11.1 gAAAAABpN6Xpi1Ur... - 2 - tx9a5446351e4245669cdd7-006937a66d - 0.0254 - - 1765254765.342578888 1765254765.367971420 0
Dec 9 04:32:45 standalone object-server[128582]: 172.20.0.100 - - [09/Dec/2025:04:32:45 +0000] "GET /d1/171/AUTH_7aa4261a7cb74a7cb6dc3ff6f37c2f8c/gnocchi.1d40024c-f670-430a-96a7-3943daace6b4/1764720000.0_mean_300.0_v3" 404 70 "GET http://172.18.0.2:8080/v1/AUTH_7aa4261a7cb74a7cb6dc3ff6f37c2f8c/gnocchi.1d40024c-f670-430a-96a7-3943daace6b4/1764720000.0_mean_300.0_v3" "tx796267cdf3dc446a80849-006937a66d" "proxy-server 12" 0.0004 "-" 22 0
Dec 9 04:32:45 standalone proxy-server[130416]: 172.18.0.2 172.18.0.100 09/Dec/2025/04/32/45 GET /v1/AUTH_7aa4261a7cb74a7cb6dc3ff6f37c2f8c/gnocchi.1d40024c-f670-430a-96a7-3943daace6b4/1764720000.0_mean_300.0_v3 HTTP/1.0 404 - python-swiftclient-3.11.1 gAAAAABpN6Xpi1Ur... - 70 - tx796267cdf3dc446a80849-006937a66d - 0.0081 - - 1765254765.370988131 1765254765.379074812 0
Dec 9 04:32:45 standalone container-server[128386]: 172.20.0.100 - - [09/Dec/2025:04:32:45 +0000] "PUT /d1/156/AUTH_7aa4261a7cb74a7cb6dc3ff6f37c2f8c/gnocchi.1d40024c-f670-430a-96a7-3943daace6b4/1764720000.0_mean_300.0_v3" 201 - "PUT http://172.18.0.2:8080/d1/171/AUTH_7aa4261a7cb74a7cb6dc3ff6f37c2f8c/gnocchi.1d40024c-f670-430a-96a7-3943daace6b4/1764720000.0_mean_300.0_v3" "tx31ee57bed82d4f06b0f1d-006937a66d" "object-server 25" 0.0009 "-" 21 0
Dec 9 04:32:45 standalone object-server[128587]: 172.20.0.100 - - [09/Dec/2025:04:32:45 +0000] "PUT /d1/171/AUTH_7aa4261a7cb74a7cb6dc3ff6f37c2f8c/gnocchi.1d40024c-f670-430a-96a7-3943daace6b4/1764720000.0_mean_300.0_v3" 201 - "PUT http://172.18.0.2:8080/v1/AUTH_7aa4261a7cb74a7cb6dc3ff6f37c2f8c/gnocchi.1d40024c-f670-430a-96a7-3943daace6b4/1764720000.0_mean_300.0_v3" "tx31ee57bed82d4f06b0f1d-006937a66d" "proxy-server 12" 0.0128 "-" 25 0
Dec 9 04:32:45 standalone proxy-server[130416]: 172.18.0.2 172.18.0.100 09/Dec/2025/04/32/45 PUT /v1/AUTH_7aa4261a7cb74a7cb6dc3ff6f37c2f8c/gnocchi.1d40024c-f670-430a-96a7-3943daace6b4/1764720000.0_mean_300.0_v3 HTTP/1.0 201 - python-swiftclient-3.11.1 gAAAAABpN6Xpi1Ur... 16 - - tx31ee57bed82d4f06b0f1d-006937a66d - 0.0208 - - 1765254765.381640434 1765254765.402432680 0
Dec 9 04:32:45 standalone container-server[128386]: 172.20.0.100 - - [09/Dec/2025:04:32:45 +0000] "PUT /d1/156/AUTH_7aa4261a7cb74a7cb6dc3ff6f37c2f8c/gnocchi.1d40024c-f670-430a-96a7-3943daace6b4/none_v3" 201 - "PUT http://172.18.0.2:8080/d1/284/AUTH_7aa4261a7cb74a7cb6dc3ff6f37c2f8c/gnocchi.1d40024c-f670-430a-96a7-3943daace6b4/none_v3" "tx630d3b99d66b4d3d95cd5-006937a66d" "object-server 25" 0.0004 "-" 21 0
Dec 9 04:32:45 standalone object-server[128587]: 172.20.0.100 - - [09/Dec/2025:04:32:45 +0000] "PUT /d1/284/AUTH_7aa4261a7cb74a7cb6dc3ff6f37c2f8c/gnocchi.1d40024c-f670-430a-96a7-3943daace6b4/none_v3" 201 - "PUT http://172.18.0.2:8080/v1/AUTH_7aa4261a7cb74a7cb6dc3ff6f37c2f8c/gnocchi.1d40024c-f670-430a-96a7-3943daace6b4/none_v3" "tx630d3b99d66b4d3d95cd5-006937a66d" "proxy-server 12" 0.0114 "-" 25 0
Dec 9 04:32:45 standalone proxy-server[130416]: 172.18.0.2 172.18.0.100 09/Dec/2025/04/32/45 PUT /v1/AUTH_7aa4261a7cb74a7cb6dc3ff6f37c2f8c/gnocchi.1d40024c-f670-430a-96a7-3943daace6b4/none_v3 HTTP/1.0 201 - python-swiftclient-3.11.1 gAAAAABpN6Xpi1Ur... 22 - - tx630d3b99d66b4d3d95cd5-006937a66d - 0.0189 - - 1765254765.404761076 1765254765.423692226 0
Dec 9 04:32:45 standalone container-server[128381]: 172.20.0.100 - - [09/Dec/2025:04:32:45 +0000] "HEAD /d1/813/AUTH_7aa4261a7cb74a7cb6dc3ff6f37c2f8c/gnocchi.a41927be-e5d7-49dc-9e72-2c25da4b2cc1" 404 - "HEAD http://172.18.0.2:8080/v1/AUTH_7aa4261a7cb74a7cb6dc3ff6f37c2f8c/gnocchi.a41927be-e5d7-49dc-9e72-2c25da4b2cc1?format=json&states=listing" "txef865cd654a44bfeb2b93-006937a66d" "proxy-server 12" 0.0007 "-" 20 0
Dec 9 04:32:45 standalone object-server[128583]: 172.20.0.100 - - [09/Dec/2025:04:32:45 +0000] "GET /d1/468/AUTH_7aa4261a7cb74a7cb6dc3ff6f37c2f8c/gnocchi.a41927be-e5d7-49dc-9e72-2c25da4b2cc1/none_v3" 404 70 "GET http://172.18.0.2:8080/v1/AUTH_7aa4261a7cb74a7cb6dc3ff6f37c2f8c/gnocchi.a41927be-e5d7-49dc-9e72-2c25da4b2cc1/none_v3" "txef865cd654a44bfeb2b93-006937a66d" "proxy-server 12" 0.0006 "-" 23 0
Dec 9 04:32:45 standalone proxy-server[130416]: 172.18.0.2 172.18.0.100 09/Dec/2025/04/32/45 GET /v1/AUTH_7aa4261a7cb74a7cb6dc3ff6f37c2f8c/gnocchi.a41927be-e5d7-49dc-9e72-2c25da4b2cc1/none_v3 HTTP/1.0 404 - python-swiftclient-3.11.1 gAAAAABpN6Xpi1Ur... - 70 - txef865cd654a44bfeb2b93-006937a66d - 0.0133 - - 1765254765.432294846 1765254765.445572853 0
Dec 9 04:32:45 standalone account-server[128318]: 172.20.0.100 - - [09/Dec/2025:04:32:45 +0000] "PUT /d1/515/AUTH_7aa4261a7cb74a7cb6dc3ff6f37c2f8c/gnocchi.a41927be-e5d7-49dc-9e72-2c25da4b2cc1" 201 - "PUT http://172.20.0.100:6001/d1/813/AUTH_7aa4261a7cb74a7cb6dc3ff6f37c2f8c/gnocchi.a41927be-e5d7-49dc-9e72-2c25da4b2cc1" "txfb6e59df57a5411da7691-006937a66d" "container-server 21" 0.0047 "-" 23 0
Dec 9 04:32:45 standalone container-server[128386]: 172.20.0.100 - - [09/Dec/2025:04:32:45 +0000] "PUT /d1/813/AUTH_7aa4261a7cb74a7cb6dc3ff6f37c2f8c/gnocchi.a41927be-e5d7-49dc-9e72-2c25da4b2cc1" 201 - "PUT http://172.18.0.2:8080/v1/AUTH_7aa4261a7cb74a7cb6dc3ff6f37c2f8c/gnocchi.a41927be-e5d7-49dc-9e72-2c25da4b2cc1" "txfb6e59df57a5411da7691-006937a66d" "proxy-server 12" 0.0149 "-" 21 0
Dec 9 04:32:45 standalone proxy-server[130416]: 172.18.0.2 172.18.0.100 09/Dec/2025/04/32/45 PUT /v1/AUTH_7aa4261a7cb74a7cb6dc3ff6f37c2f8c/gnocchi.a41927be-e5d7-49dc-9e72-2c25da4b2cc1 HTTP/1.0 201 - python-swiftclient-3.11.1 gAAAAABpN6Xpi1Ur... - - - txfb6e59df57a5411da7691-006937a66d - 0.0210 - - 1765254765.448203564 1765254765.469213486 0
Dec 9 04:32:45 standalone container-server[128381]: 172.20.0.100 - - [09/Dec/2025:04:32:45 +0000] "HEAD /d1/813/AUTH_7aa4261a7cb74a7cb6dc3ff6f37c2f8c/gnocchi.a41927be-e5d7-49dc-9e72-2c25da4b2cc1" 204 - "HEAD http://172.18.0.2:8080/v1/AUTH_7aa4261a7cb74a7cb6dc3ff6f37c2f8c/gnocchi.a41927be-e5d7-49dc-9e72-2c25da4b2cc1?format=json&states=listing" "txecfa2e12dd0e45b2a9e2b-006937a66d" "proxy-server 12" 0.0023 "-" 20 0
Dec 9 04:32:45 standalone proxy-server[130416]: - - 09/Dec/2025/04/32/45 HEAD /v1/AUTH_7aa4261a7cb74a7cb6dc3ff6f37c2f8c/gnocchi.a41927be-e5d7-49dc-9e72-2c25da4b2cc1%3Fformat%3Djson%26states%3Dlisting HTTP/1.0 204 - Swift - - - - txecfa2e12dd0e45b2a9e2b-006937a66d - 0.0066 RL - 1765254765.473376989 1765254765.479961634 0
Dec 9 04:32:45 standalone container-server[128381]: 172.20.0.100 - - [09/Dec/2025:04:32:45 +0000] "GET /d1/813/AUTH_7aa4261a7cb74a7cb6dc3ff6f37c2f8c/gnocchi.a41927be-e5d7-49dc-9e72-2c25da4b2cc1" 200 2 "GET http://172.18.0.2:8080/v1/AUTH_7aa4261a7cb74a7cb6dc3ff6f37c2f8c/gnocchi.a41927be-e5d7-49dc-9e72-2c25da4b2cc1?format=json&states=listing" "txecfa2e12dd0e45b2a9e2b-006937a66d" "proxy-server 12" 0.0033 "-" 20 0
Dec 9 04:32:45 standalone proxy-server[130416]: 172.18.0.2 172.18.0.100 09/Dec/2025/04/32/45 GET /v1/AUTH_7aa4261a7cb74a7cb6dc3ff6f37c2f8c/gnocchi.a41927be-e5d7-49dc-9e72-2c25da4b2cc1%3Fformat%3Djson%26states%3Dlisting HTTP/1.0 200 - python-swiftclient-3.11.1 gAAAAABpN6Xpi1Ur... - 2 - txecfa2e12dd0e45b2a9e2b-006937a66d - 0.0191 - - 1765254765.472084999 1765254765.491135836 0
Dec 9 04:32:45 standalone object-server[128583]: 172.20.0.100 - - [09/Dec/2025:04:32:45 +0000] "GET /d1/809/AUTH_7aa4261a7cb74a7cb6dc3ff6f37c2f8c/gnocchi.a41927be-e5d7-49dc-9e72-2c25da4b2cc1/1764720000.0_mean_300.0_v3" 404 70 "GET http://172.18.0.2:8080/v1/AUTH_7aa4261a7cb74a7cb6dc3ff6f37c2f8c/gnocchi.a41927be-e5d7-49dc-9e72-2c25da4b2cc1/1764720000.0_mean_300.0_v3" "tx48bbdc2556664e119b6d6-006937a66d" "proxy-server 12" 0.0004 "-" 23 0
Dec 9 04:32:45 standalone proxy-server[130416]: 172.18.0.2 172.18.0.100 09/Dec/2025/04/32/45 GET /v1/AUTH_7aa4261a7cb74a7cb6dc3ff6f37c2f8c/gnocchi.a41927be-e5d7-49dc-9e72-2c25da4b2cc1/1764720000.0_mean_300.0_v3 HTTP/1.0 404 - python-swiftclient-3.11.1 gAAAAABpN6Xpi1Ur... - 70 - tx48bbdc2556664e119b6d6-006937a66d - 0.0093 - - 1765254765.495800734 1765254765.505098581 0
Dec 9 04:32:45 standalone container-server[128386]: 172.20.0.100 - - [09/Dec/2025:04:32:45 +0000] "PUT /d1/813/AUTH_7aa4261a7cb74a7cb6dc3ff6f37c2f8c/gnocchi.a41927be-e5d7-49dc-9e72-2c25da4b2cc1/1764720000.0_mean_300.0_v3" 201 - "PUT http://172.18.0.2:8080/d1/809/AUTH_7aa4261a7cb74a7cb6dc3ff6f37c2f8c/gnocchi.a41927be-e5d7-49dc-9e72-2c25da4b2cc1/1764720000.0_mean_300.0_v3" "tx004fb59b3725427dafe64-006937a66d" "object-server 24" 0.0010 "-" 21 0
Dec 9 04:32:45 standalone object-server[128585]: 172.20.0.100 - - [09/Dec/2025:04:32:45 +0000] "PUT /d1/809/AUTH_7aa4261a7cb74a7cb6dc3ff6f37c2f8c/gnocchi.a41927be-e5d7-49dc-9e72-2c25da4b2cc1/1764720000.0_mean_300.0_v3" 201 - "PUT http://172.18.0.2:8080/v1/AUTH_7aa4261a7cb74a7cb6dc3ff6f37c2f8c/gnocchi.a41927be-e5d7-49dc-9e72-2c25da4b2cc1/1764720000.0_mean_300.0_v3" "tx004fb59b3725427dafe64-006937a66d" "proxy-server 12" 0.0139 "-" 24 0
Dec 9 04:32:45 standalone proxy-server[130416]: 172.18.0.2 172.18.0.100 09/Dec/2025/04/32/45 PUT /v1/AUTH_7aa4261a7cb74a7cb6dc3ff6f37c2f8c/gnocchi.a41927be-e5d7-49dc-9e72-2c25da4b2cc1/1764720000.0_mean_300.0_v3 HTTP/1.0 201 - python-swiftclient-3.11.1 gAAAAABpN6Xpi1Ur... 16 - - tx004fb59b3725427dafe64-006937a66d - 0.0232 - - 1765254765.509622812 1765254765.532844543 0
Dec 9 04:32:45 standalone container-server[128381]: 172.20.0.100 - - [09/Dec/2025:04:32:45 +0000] "PUT /d1/813/AUTH_7aa4261a7cb74a7cb6dc3ff6f37c2f8c/gnocchi.a41927be-e5d7-49dc-9e72-2c25da4b2cc1/none_v3" 201 - "PUT http://172.18.0.2:8080/d1/468/AUTH_7aa4261a7cb74a7cb6dc3ff6f37c2f8c/gnocchi.a41927be-e5d7-49dc-9e72-2c25da4b2cc1/none_v3" "txfc7cbfe4dd87452d9418c-006937a66d" "object-server 25" 0.0008 "-" 20 0
Dec 9 04:32:45 standalone object-server[128587]: 172.20.0.100 - - [09/Dec/2025:04:32:45 +0000] "PUT /d1/468/AUTH_7aa4261a7cb74a7cb6dc3ff6f37c2f8c/gnocchi.a41927be-e5d7-49dc-9e72-2c25da4b2cc1/none_v3" 201 - "PUT http://172.18.0.2:8080/v1/AUTH_7aa4261a7cb74a7cb6dc3ff6f37c2f8c/gnocchi.a41927be-e5d7-49dc-9e72-2c25da4b2cc1/none_v3" "txfc7cbfe4dd87452d9418c-006937a66d" "proxy-server 12" 0.0132 "-" 25 0
Dec 9 04:32:45 standalone proxy-server[130416]: 172.18.0.2 172.18.0.100 09/Dec/2025/04/32/45 PUT /v1/AUTH_7aa4261a7cb74a7cb6dc3ff6f37c2f8c/gnocchi.a41927be-e5d7-49dc-9e72-2c25da4b2cc1/none_v3 HTTP/1.0 201 - python-swiftclient-3.11.1 gAAAAABpN6Xpi1Ur... 22 - - txfc7cbfe4dd87452d9418c-006937a66d - 0.0234 - - 1765254765.536819696 1765254765.560234547 0
Dec 9 04:32:45 standalone container-server[128394]: 172.20.0.100 - - [09/Dec/2025:04:32:45 +0000] "HEAD /d1/536/AUTH_7aa4261a7cb74a7cb6dc3ff6f37c2f8c/gnocchi.6f0c8fb3-adcd-4895-80d5-653722336d92" 404 - "HEAD http://172.18.0.2:8080/v1/AUTH_7aa4261a7cb74a7cb6dc3ff6f37c2f8c/gnocchi.6f0c8fb3-adcd-4895-80d5-653722336d92?format=json&states=listing" "tx359739f8810e4868ac07f-006937a66d" "proxy-server 12" 0.0007 "-" 22 0
Dec 9 04:32:45 standalone object-server[128587]: 172.20.0.100 - - [09/Dec/2025:04:32:45 +0000] "GET /d1/847/AUTH_7aa4261a7cb74a7cb6dc3ff6f37c2f8c/gnocchi.6f0c8fb3-adcd-4895-80d5-653722336d92/none_v3" 404 70 "GET http://172.18.0.2:8080/v1/AUTH_7aa4261a7cb74a7cb6dc3ff6f37c2f8c/gnocchi.6f0c8fb3-adcd-4895-80d5-653722336d92/none_v3" "tx359739f8810e4868ac07f-006937a66d" "proxy-server 12" 0.0005 "-" 25 0
Dec 9 04:32:45 standalone proxy-server[130416]: 172.18.0.2 172.18.0.100 09/Dec/2025/04/32/45 GET /v1/AUTH_7aa4261a7cb74a7cb6dc3ff6f37c2f8c/gnocchi.6f0c8fb3-adcd-4895-80d5-653722336d92/none_v3 HTTP/1.0 404 - python-swiftclient-3.11.1 gAAAAABpN6Xpi1Ur... - 70 - tx359739f8810e4868ac07f-006937a66d - 0.0153 - - 1765254765.573704481 1765254765.589030027 0
Dec 9 04:32:45 standalone account-server[128286]: 172.20.0.100 - - [09/Dec/2025:04:32:45 +0000] "PUT /d1/515/AUTH_7aa4261a7cb74a7cb6dc3ff6f37c2f8c/gnocchi.6f0c8fb3-adcd-4895-80d5-653722336d92" 201 - "PUT http://172.20.0.100:6001/d1/536/AUTH_7aa4261a7cb74a7cb6dc3ff6f37c2f8c/gnocchi.6f0c8fb3-adcd-4895-80d5-653722336d92" "txf0588d9a9bdf4465ae966-006937a66d" "container-server 21" 0.0053 "-" 20 0
Dec 9 04:32:45 standalone container-server[128386]: 172.20.0.100 - - [09/Dec/2025:04:32:45 +0000] "PUT /d1/536/AUTH_7aa4261a7cb74a7cb6dc3ff6f37c2f8c/gnocchi.6f0c8fb3-adcd-4895-80d5-653722336d92" 201 - "PUT http://172.18.0.2:8080/v1/AUTH_7aa4261a7cb74a7cb6dc3ff6f37c2f8c/gnocchi.6f0c8fb3-adcd-4895-80d5-653722336d92" "txf0588d9a9bdf4465ae966-006937a66d" "proxy-server 12" 0.0269 "-" 21 0
Dec 9 04:32:45 standalone proxy-server[130416]: 172.18.0.2 172.18.0.100 09/Dec/2025/04/32/45 PUT /v1/AUTH_7aa4261a7cb74a7cb6dc3ff6f37c2f8c/gnocchi.6f0c8fb3-adcd-4895-80d5-653722336d92 HTTP/1.0 201 - python-swiftclient-3.11.1 gAAAAABpN6Xpi1Ur... - - - txf0588d9a9bdf4465ae966-006937a66d - 0.0343 - - 1765254765.594244719 1765254765.628587961 0
Dec 9 04:32:45 standalone container-server[128394]: 172.20.0.100 - - [09/Dec/2025:04:32:45 +0000] "HEAD /d1/536/AUTH_7aa4261a7cb74a7cb6dc3ff6f37c2f8c/gnocchi.6f0c8fb3-adcd-4895-80d5-653722336d92" 204 - "HEAD http://172.18.0.2:8080/v1/AUTH_7aa4261a7cb74a7cb6dc3ff6f37c2f8c/gnocchi.6f0c8fb3-adcd-4895-80d5-653722336d92?format=json&states=listing" "txf84be5c6fa4f4e45a10f9-006937a66d" "proxy-server 12" 0.0025 "-" 22 0
Dec 9 04:32:45 standalone proxy-server[130416]: - - 09/Dec/2025/04/32/45 HEAD /v1/AUTH_7aa4261a7cb74a7cb6dc3ff6f37c2f8c/gnocchi.6f0c8fb3-adcd-4895-80d5-653722336d92%3Fformat%3Djson%26states%3Dlisting HTTP/1.0 204 - Swift - - - - txf84be5c6fa4f4e45a10f9-006937a66d - 0.0067 RL - 1765254765.636672497 1765254765.643349648 0
Dec 9 04:32:45 standalone container-server[128398]: 172.20.0.100 - - [09/Dec/2025:04:32:45 +0000] "GET /d1/536/AUTH_7aa4261a7cb74a7cb6dc3ff6f37c2f8c/gnocchi.6f0c8fb3-adcd-4895-80d5-653722336d92" 200 2 "GET http://172.18.0.2:8080/v1/AUTH_7aa4261a7cb74a7cb6dc3ff6f37c2f8c/gnocchi.6f0c8fb3-adcd-4895-80d5-653722336d92?format=json&states=listing" "txf84be5c6fa4f4e45a10f9-006937a66d" "proxy-server 12" 0.0019 "-" 23 0
Dec 9 04:32:45 standalone proxy-server[130416]: 172.18.0.2 172.18.0.100 09/Dec/2025/04/32/45 GET /v1/AUTH_7aa4261a7cb74a7cb6dc3ff6f37c2f8c/gnocchi.6f0c8fb3-adcd-4895-80d5-653722336d92%3Fformat%3Djson%26states%3Dlisting HTTP/1.0 200 - python-swiftclient-3.11.1 gAAAAABpN6Xpi1Ur... - 2 - txf84be5c6fa4f4e45a10f9-006937a66d - 0.0146 - - 1765254765.635501385 1765254765.650146723 0
Dec 9 04:32:45 standalone object-server[128582]: 172.20.0.100 - - [09/Dec/2025:04:32:45 +0000] "GET /d1/195/AUTH_7aa4261a7cb74a7cb6dc3ff6f37c2f8c/gnocchi.6f0c8fb3-adcd-4895-80d5-653722336d92/1764720000.0_mean_300.0_v3" 404 70 "GET http://172.18.0.2:8080/v1/AUTH_7aa4261a7cb74a7cb6dc3ff6f37c2f8c/gnocchi.6f0c8fb3-adcd-4895-80d5-653722336d92/1764720000.0_mean_300.0_v3" "txe979e32bd141412aa7c23-006937a66d" "proxy-server 12" 0.0006 "-" 22 0
Dec 9 04:32:45 standalone proxy-server[130416]: 172.18.0.2 172.18.0.100 09/Dec/2025/04/32/45 GET /v1/AUTH_7aa4261a7cb74a7cb6dc3ff6f37c2f8c/gnocchi.6f0c8fb3-adcd-4895-80d5-653722336d92/1764720000.0_mean_300.0_v3 HTTP/1.0 404 - python-swiftclient-3.11.1 gAAAAABpN6Xpi1Ur... - 70 - txe979e32bd141412aa7c23-006937a66d - 0.0056 - - 1765254765.655361176 1765254765.660935163 0
Dec 9 04:32:45 standalone container-server[128398]: 172.20.0.100 - - [09/Dec/2025:04:32:45 +0000] "PUT /d1/536/AUTH_7aa4261a7cb74a7cb6dc3ff6f37c2f8c/gnocchi.6f0c8fb3-adcd-4895-80d5-653722336d92/1764720000.0_mean_300.0_v3" 201 - "PUT http://172.18.0.2:8080/d1/195/AUTH_7aa4261a7cb74a7cb6dc3ff6f37c2f8c/gnocchi.6f0c8fb3-adcd-4895-80d5-653722336d92/1764720000.0_mean_300.0_v3" "tx9d287b94c3f04dfcaaac4-006937a66d" "object-server 23" 0.0004 "-" 23 0
Dec 9 04:32:45 standalone object-server[128583]: 172.20.0.100 - - [09/Dec/2025:04:32:45 +0000] "PUT /d1/195/AUTH_7aa4261a7cb74a7cb6dc3ff6f37c2f8c/gnocchi.6f0c8fb3-adcd-4895-80d5-653722336d92/1764720000.0_mean_300.0_v3" 201 - "PUT http://172.18.0.2:8080/v1/AUTH_7aa4261a7cb74a7cb6dc3ff6f37c2f8c/gnocchi.6f0c8fb3-adcd-4895-80d5-653722336d92/1764720000.0_mean_300.0_v3" "tx9d287b94c3f04dfcaaac4-006937a66d" "proxy-server 12" 0.0090 "-" 23 0
Dec 9 04:32:45 standalone proxy-server[130416]: 172.18.0.2 172.18.0.100 09/Dec/2025/04/32/45 PUT /v1/AUTH_7aa4261a7cb74a7cb6dc3ff6f37c2f8c/gnocchi.6f0c8fb3-adcd-4895-80d5-653722336d92/1764720000.0_mean_300.0_v3 HTTP/1.0 201 - python-swiftclient-3.11.1 gAAAAABpN6Xpi1Ur... 16 - - tx9d287b94c3f04dfcaaac4-006937a66d - 0.0138 - - 1765254765.666200399 1765254765.679979563 0
Dec 9 04:32:45 standalone container-server[128398]: 172.20.0.100 - - [09/Dec/2025:04:32:45 +0000] "PUT /d1/536/AUTH_7aa4261a7cb74a7cb6dc3ff6f37c2f8c/gnocchi.6f0c8fb3-adcd-4895-80d5-653722336d92/none_v3" 201 - "PUT http://172.18.0.2:8080/d1/847/AUTH_7aa4261a7cb74a7cb6dc3ff6f37c2f8c/gnocchi.6f0c8fb3-adcd-4895-80d5-653722336d92/none_v3" "tx58c7d64d2e1f475b8067e-006937a66d" "object-server 22" 0.0003 "-" 23 0
Dec 9 04:32:45 standalone object-server[128582]: 172.20.0.100 - - [09/Dec/2025:04:32:45 +0000] "PUT /d1/847/AUTH_7aa4261a7cb74a7cb6dc3ff6f37c2f8c/gnocchi.6f0c8fb3-adcd-4895-80d5-653722336d92/none_v3" 201 - "PUT http://172.18.0.2:8080/v1/AUTH_7aa4261a7cb74a7cb6dc3ff6f37c2f8c/gnocchi.6f0c8fb3-adcd-4895-80d5-653722336d92/none_v3" "tx58c7d64d2e1f475b8067e-006937a66d" "proxy-server 12" 0.0091 "-" 22 0
Dec 9 04:32:45 standalone proxy-server[130416]: 172.18.0.2 172.18.0.100 09/Dec/2025/04/32/45 PUT /v1/AUTH_7aa4261a7cb74a7cb6dc3ff6f37c2f8c/gnocchi.6f0c8fb3-adcd-4895-80d5-653722336d92/none_v3 HTTP/1.0 201 - python-swiftclient-3.11.1 gAAAAABpN6Xpi1Ur... 22 - - tx58c7d64d2e1f475b8067e-006937a66d - 0.0143 - - 1765254765.682917833 1765254765.697217703 0
Dec 9 04:32:45 standalone container-server[128398]: 172.20.0.100 - - [09/Dec/2025:04:32:45 +0000] "HEAD /d1/731/AUTH_7aa4261a7cb74a7cb6dc3ff6f37c2f8c/gnocchi.21769dca-cd7e-417f-b8fb-68ffe6733584" 404 - "HEAD http://172.18.0.2:8080/v1/AUTH_7aa4261a7cb74a7cb6dc3ff6f37c2f8c/gnocchi.21769dca-cd7e-417f-b8fb-68ffe6733584?format=json&states=listing" "txdf5a35deede74ba583a15-006937a66d" "proxy-server 12" 0.0003 "-" 23 0
Dec 9 04:32:45 standalone object-server[128583]: 172.20.0.100 - - [09/Dec/2025:04:32:45 +0000] "GET /d1/1/AUTH_7aa4261a7cb74a7cb6dc3ff6f37c2f8c/gnocchi.21769dca-cd7e-417f-b8fb-68ffe6733584/none_v3" 404 70 "GET http://172.18.0.2:8080/v1/AUTH_7aa4261a7cb74a7cb6dc3ff6f37c2f8c/gnocchi.21769dca-cd7e-417f-b8fb-68ffe6733584/none_v3" "txdf5a35deede74ba583a15-006937a66d" "proxy-server 12" 0.0004 "-" 23 0
Dec 9 04:32:45 standalone proxy-server[130416]: 172.18.0.2 172.18.0.100 09/Dec/2025/04/32/45 GET /v1/AUTH_7aa4261a7cb74a7cb6dc3ff6f37c2f8c/gnocchi.21769dca-cd7e-417f-b8fb-68ffe6733584/none_v3 HTTP/1.0 404 - python-swiftclient-3.11.1 gAAAAABpN6Xpi1Ur... - 70 - txdf5a35deede74ba583a15-006937a66d - 0.0084 - - 1765254765.712009907 1765254765.720434189 0
Dec 9 04:32:45 standalone account-server[128318]: 172.20.0.100 - - [09/Dec/2025:04:32:45 +0000] "PUT /d1/515/AUTH_7aa4261a7cb74a7cb6dc3ff6f37c2f8c/gnocchi.21769dca-cd7e-417f-b8fb-68ffe6733584" 201 - "PUT http://172.20.0.100:6001/d1/731/AUTH_7aa4261a7cb74a7cb6dc3ff6f37c2f8c/gnocchi.21769dca-cd7e-417f-b8fb-68ffe6733584" "tx486aea5f68ea4aeb911f6-006937a66d" "container-server 21" 0.0062 "-" 23 0
Dec 9 04:32:45 standalone container-server[128386]: 172.20.0.100 - - [09/Dec/2025:04:32:45 +0000] "PUT /d1/731/AUTH_7aa4261a7cb74a7cb6dc3ff6f37c2f8c/gnocchi.21769dca-cd7e-417f-b8fb-68ffe6733584" 201 - "PUT http://172.18.0.2:8080/v1/AUTH_7aa4261a7cb74a7cb6dc3ff6f37c2f8c/gnocchi.21769dca-cd7e-417f-b8fb-68ffe6733584" "tx486aea5f68ea4aeb911f6-006937a66d" "proxy-server 12" 0.0192 "-" 21 0
Dec 9 04:32:45 standalone proxy-server[130416]: 172.18.0.2 172.18.0.100 09/Dec/2025/04/32/45 PUT /v1/AUTH_7aa4261a7cb74a7cb6dc3ff6f37c2f8c/gnocchi.21769dca-cd7e-417f-b8fb-68ffe6733584 HTTP/1.0 201 - python-swiftclient-3.11.1 gAAAAABpN6Xpi1Ur... - - - tx486aea5f68ea4aeb911f6-006937a66d - 0.0240 - - 1765254765.723280668 1765254765.747237921 0
Dec 9 04:32:45 standalone container-server[128386]: 172.20.0.100 - - [09/Dec/2025:04:32:45 +0000] "HEAD /d1/731/AUTH_7aa4261a7cb74a7cb6dc3ff6f37c2f8c/gnocchi.21769dca-cd7e-417f-b8fb-68ffe6733584" 204 - "HEAD http://172.18.0.2:8080/v1/AUTH_7aa4261a7cb74a7cb6dc3ff6f37c2f8c/gnocchi.21769dca-cd7e-417f-b8fb-68ffe6733584?format=json&states=listing" "tx66fa1fb5c51b4875a9288-006937a66d" "proxy-server 12" 0.0020 "-" 21 0
Dec 9 04:32:45 standalone proxy-server[130416]: - - 09/Dec/2025/04/32/45 HEAD /v1/AUTH_7aa4261a7cb74a7cb6dc3ff6f37c2f8c/gnocchi.21769dca-cd7e-417f-b8fb-68ffe6733584%3Fformat%3Djson%26states%3Dlisting HTTP/1.0 204 - Swift - - - - tx66fa1fb5c51b4875a9288-006937a66d - 0.0049 RL - 1765254765.752103090 1765254765.756958723 0
Dec 9 04:32:45 standalone container-server[128381]: 172.20.0.100 - - [09/Dec/2025:04:32:45 +0000] "GET /d1/731/AUTH_7aa4261a7cb74a7cb6dc3ff6f37c2f8c/gnocchi.21769dca-cd7e-417f-b8fb-68ffe6733584" 200 2 "GET http://172.18.0.2:8080/v1/AUTH_7aa4261a7cb74a7cb6dc3ff6f37c2f8c/gnocchi.21769dca-cd7e-417f-b8fb-68ffe6733584?format=json&states=listing" "tx66fa1fb5c51b4875a9288-006937a66d" "proxy-server 12" 0.0020 "-" 20 0
Dec 9 04:32:45 standalone proxy-server[130416]: 172.18.0.2 172.18.0.100 09/Dec/2025/04/32/45 GET /v1/AUTH_7aa4261a7cb74a7cb6dc3ff6f37c2f8c/gnocchi.21769dca-cd7e-417f-b8fb-68ffe6733584%3Fformat%3Djson%26states%3Dlisting HTTP/1.0 200 - python-swiftclient-3.11.1 gAAAAABpN6Xpi1Ur... - 2 - tx66fa1fb5c51b4875a9288-006937a66d - 0.0147 - - 1765254765.751221418 1765254765.765966654 0
Dec 9 04:32:45 standalone object-server[128587]: 172.20.0.100 - - [09/Dec/2025:04:32:45 +0000] "GET /d1/527/AUTH_7aa4261a7cb74a7cb6dc3ff6f37c2f8c/gnocchi.21769dca-cd7e-417f-b8fb-68ffe6733584/1764720000.0_mean_300.0_v3" 404 70 "GET http://172.18.0.2:8080/v1/AUTH_7aa4261a7cb74a7cb6dc3ff6f37c2f8c/gnocchi.21769dca-cd7e-417f-b8fb-68ffe6733584/1764720000.0_mean_300.0_v3" "txaa609e753a27423a8f94f-006937a66d" "proxy-server 12" 0.0003 "-" 25 0
Dec 9 04:32:45 standalone proxy-server[130416]: 172.18.0.2 172.18.0.100 09/Dec/2025/04/32/45 GET /v1/AUTH_7aa4261a7cb74a7cb6dc3ff6f37c2f8c/gnocchi.21769dca-cd7e-417f-b8fb-68ffe6733584/1764720000.0_mean_300.0_v3 HTTP/1.0 404 - python-swiftclient-3.11.1 gAAAAABpN6Xpi1Ur... - 70 - txaa609e753a27423a8f94f-006937a66d - 0.0075 - - 1765254765.770870447 1765254765.778363466 0
Dec 9 04:32:45 standalone container-server[128398]: 172.20.0.100 - - [09/Dec/2025:04:32:45 +0000] "PUT /d1/731/AUTH_7aa4261a7cb74a7cb6dc3ff6f37c2f8c/gnocchi.21769dca-cd7e-417f-b8fb-68ffe6733584/1764720000.0_mean_300.0_v3" 201 - "PUT http://172.18.0.2:8080/d1/527/AUTH_7aa4261a7cb74a7cb6dc3ff6f37c2f8c/gnocchi.21769dca-cd7e-417f-b8fb-68ffe6733584/1764720000.0_mean_300.0_v3" "txa67dc165c1ba4b7687adb-006937a66d" "object-server 23" 0.0010 "-" 23 0
