Dec 9 04:17:47 standalone account-server[128074]: Starting 2
Dec 9 04:17:47 standalone account-server[128121]: Started child 20 from parent 2
Dec 9 04:17:47 standalone account-server[128121]: Started child 21 from parent 2
Dec 9 04:17:47 standalone account-server[128121]: Started child 22 from parent 2
Dec 9 04:17:47 standalone account-server[128121]: Started child 23 from parent 2
Dec 9 04:17:48 standalone container-server[128096]: Option allow_versions is deprecated. Configure the versioned_writes middleware in the proxy-server instead. This option will be ignored in a future release.
Dec 9 04:17:48 standalone container-server[128381]: Option allow_versions is deprecated. Configure the versioned_writes middleware in the proxy-server instead. This option will be ignored in a future release.
Dec 9 04:17:48 standalone container-server[128096]: Started child 20 from parent 2
Dec 9 04:17:48 standalone container-server[128386]: Option allow_versions is deprecated. Configure the versioned_writes middleware in the proxy-server instead. This option will be ignored in a future release.
Dec 9 04:17:48 standalone container-server[128096]: Started child 21 from parent 2
Dec 9 04:17:48 standalone container-server[128394]: Option allow_versions is deprecated. Configure the versioned_writes middleware in the proxy-server instead. This option will be ignored in a future release.
Dec 9 04:17:48 standalone container-server[128096]: Started child 22 from parent 2
Dec 9 04:17:48 standalone container-server[128398]: Option allow_versions is deprecated. Configure the versioned_writes middleware in the proxy-server instead. This option will be ignored in a future release.
Dec 9 04:17:48 standalone container-server[128096]: Started child 23 from parent 2
Dec 9 04:17:48 standalone container-server[128449]: Starting 2
Dec 9 04:17:48 standalone object-expirer[128401]: Starting 2
Dec 9 04:17:48 standalone object-expirer[128401]: Option auto_create_account_prefix is deprecated. Configure auto_create_account_prefix under the swift-constraints section of swift.conf. This option will be ignored in a future release.
Dec 9 04:17:49 standalone object-server[128513]: Starting 2
Dec 9 04:17:49 standalone object-server[128441]: Started child 22 from parent 2
Dec 9 04:17:49 standalone object-server[128441]: Started child 23 from parent 2
Dec 9 04:17:49 standalone object-server[128441]: Started child 24 from parent 2
Dec 9 04:17:49 standalone object-server[128441]: Started child 25 from parent 2
Dec 9 04:17:55 standalone proxy-server[130142]: Starting Keystone auth_token middleware
Dec 9 04:17:55 standalone proxy-server[130142]: AuthToken middleware is set with keystone_authtoken.service_token_roles_required set to False. This is backwards compatible but deprecated behaviour. Please set this to True.
Dec 9 04:17:56 standalone proxy-server[130416]: Starting Keystone auth_token middleware
Dec 9 04:17:56 standalone proxy-server[130416]: STDERR: The option "bind_port" is not known to keystonemiddleware
Dec 9 04:17:56 standalone proxy-server[130416]: STDERR: The option "workers" is not known to keystonemiddleware
Dec 9 04:17:56 standalone proxy-server[130416]: STDERR: The option "user" is not known to keystonemiddleware
Dec 9 04:17:56 standalone proxy-server[130416]: STDERR: The option "bind_ip" is not known to keystonemiddleware
Dec 9 04:17:56 standalone proxy-server[130416]: STDERR: The option "log_name" is not known to keystonemiddleware
Dec 9 04:17:56 standalone proxy-server[130416]: STDERR: The option "log_facility" is not known to keystonemiddleware
Dec 9 04:17:56 standalone proxy-server[130416]: STDERR: The option "log_level" is not known to keystonemiddleware
Dec 9 04:17:56 standalone proxy-server[130416]: STDERR: The option "log_headers" is not known to keystonemiddleware
Dec 9 04:17:56 standalone proxy-server[130416]: STDERR: The option "log_address" is not known to keystonemiddleware
Dec 9 04:17:56 standalone proxy-server[130416]: STDERR: The option "project_name" is not known to keystonemiddleware
Dec 9 04:17:56 standalone proxy-server[130416]: STDERR: The option "username" is not known to keystonemiddleware
Dec 9 04:17:56 standalone proxy-server[130416]: STDERR: The option "password" is not known to keystonemiddleware
Dec 9 04:17:56 standalone proxy-server[130416]: STDERR: The option "auth_url" is not known to keystonemiddleware
Dec 9 04:17:56 standalone proxy-server[130416]: STDERR: The option "signing_dir" is not known to keystonemiddleware
Dec 9 04:17:56 standalone proxy-server[130416]: STDERR: The option "project_domain_id" is not known to keystonemiddleware
Dec 9 04:17:56 standalone proxy-server[130416]: STDERR: The option "user_domain_id" is not known to keystonemiddleware
Dec 9 04:17:56 standalone proxy-server[130416]: STDERR: The option "__name__" is not known to keystonemiddleware
Dec 9 04:17:56 standalone proxy-server[130416]: AuthToken middleware is set with keystone_authtoken.service_token_roles_required set to False. This is backwards compatible but deprecated behaviour. Please set this to True.
Dec 9 04:17:56 standalone proxy-server[130142]: Started child 12 from parent 2
Dec 9 04:18:10 standalone object-server[128513]: Begin object update sweep
Dec 9 04:18:10 standalone object-server[131847]: Object update sweep starting on /srv/node/d1 (pid: 11)
Dec 9 04:18:10 standalone object-server[131847]: Object update sweep completed on /srv/node/d1 in 0.00s seconds:, 0 successes, 0 failures, 0 quarantines, 0 unlinks, 0 errors, 0 redirects (pid: 11)
Dec 9 04:18:10 standalone object-server[131847]: Object update sweep of d1 completed: 0.00s, 0 successes, 0 failures, 0 quarantines, 0 unlinks, 0 errors, 0 redirects
Dec 9 04:18:10 standalone object-server[128513]: Object update sweep completed: 0.09s
Dec 9 04:19:38 standalone container-server[128449]: Begin container update sweep
Dec 9 04:19:38 standalone container-server[128449]: Container update sweep completed: 0.00s
Dec 9 04:22:48 standalone account-server[128305]: 172.20.0.100 - - [09/Dec/2025:04:22:48 +0000] "HEAD /d1/619/.expiring_objects" 404 - "HEAD http://localhost/v1/.expiring_objects?format=json" "tx0230c795a233427989dce-006937a418" "proxy-server 2" 0.0016 "-" 22 -
Dec 9 04:22:48 standalone object-expirer[128401]: Pass completed in 0s; 0 objects expired (txn: tx0230c795a233427989dce-006937a418)
Dec 9 04:23:10 standalone object-server[128513]: Begin object update sweep
Dec 9 04:23:10 standalone object-server[167121]: Object update sweep starting on /srv/node/d1 (pid: 13)
Dec 9 04:23:10 standalone object-server[167121]: Object update sweep completed on /srv/node/d1 in 0.00s seconds:, 0 successes, 0 failures, 0 quarantines, 0 unlinks, 0 errors, 0 redirects (pid: 13)
Dec 9 04:23:10 standalone object-server[167121]: Object update sweep of d1 completed: 0.00s, 0 successes, 0 failures, 0 quarantines, 0 unlinks, 0 errors, 0 redirects
Dec 9 04:23:10 standalone object-server[128513]: Object update sweep completed: 0.08s
Dec 9 04:24:38 standalone container-server[128449]: Begin container update sweep
Dec 9 04:24:38 standalone container-server[128449]: Container update sweep completed: 0.00s
Dec 9 04:25:12 standalone account-server[128286]: 172.20.0.100 - - [09/Dec/2025:04:25:12 +0000] "HEAD /d1/619/.expiring_objects" 404 - "HEAD http://localhost/v1/.expiring_objects?format=json" "txa2a5b0c100ec46f8b9722-006937a4a8" "proxy-server 2" 0.0011 "-" 20 -
Dec 9 04:25:12 standalone object-expirer[128401]: Pass completed in 0s; 0 objects expired (txn: txa2a5b0c100ec46f8b9722-006937a4a8)
Dec 9 04:26:11 standalone account-server[128305]: 172.20.0.100 - - [09/Dec/2025:04:26:11 +0000] "HEAD /d1/619/.expiring_objects" 404 - "HEAD http://localhost/v1/.expiring_objects?format=json" "tx65dd7400c58843d59dc1c-006937a4e3" "proxy-server 2" 0.0007 "-" 22 -
Dec 9 04:26:11 standalone object-expirer[128401]: Pass completed in 0s; 0 objects expired (txn: tx65dd7400c58843d59dc1c-006937a4e3)
Dec 9 04:28:10 standalone object-server[128513]: Begin object update sweep
Dec 9 04:28:10 standalone object-server[208848]: Object update sweep starting on /srv/node/d1 (pid: 14)
Dec 9 04:28:10 standalone object-server[208848]: Object update sweep completed on /srv/node/d1 in 0.00s seconds:, 0 successes, 0 failures, 0 quarantines, 0 unlinks, 0 errors, 0 redirects (pid: 14)
Dec 9 04:28:10 standalone object-server[208848]: Object update sweep of d1 completed: 0.00s, 0 successes, 0 failures, 0 quarantines, 0 unlinks, 0 errors, 0 redirects
Dec 9 04:28:10 standalone object-server[128513]: Object update sweep completed: 0.10s
Dec 9 04:29:38 standalone container-server[128449]: Begin container update sweep
Dec 9 04:29:38 standalone container-server[128449]: Container update sweep completed: 0.00s
Dec 9 04:30:26 standalone account-server[128318]: 172.20.0.100 - - [09/Dec/2025:04:30:26 +0000] "HEAD /d1/619/.expiring_objects" 404 - "HEAD http://localhost/v1/.expiring_objects?format=json" "tx1523b997ab4c474dbf7c2-006937a5e2" "proxy-server 2" 0.0017 "-" 23 -
Dec 9 04:30:26 standalone object-expirer[128401]: Pass completed in 0s; 0 objects expired (txn: tx1523b997ab4c474dbf7c2-006937a5e2)
Dec 9 04:30:33 standalone account-server[128318]: 172.20.0.100 - - [09/Dec/2025:04:30:33 +0000] "HEAD /d1/515/AUTH_7aa4261a7cb74a7cb6dc3ff6f37c2f8c" 404 - "HEAD http://172.18.0.2:8080/v1/AUTH_7aa4261a7cb74a7cb6dc3ff6f37c2f8c?format=json" "tx1d48e6dbee714fbc84e06-006937a5e9" "proxy-server 12" 0.0008 "-" 23 -
Dec 9 04:30:33 standalone proxy-server[130416]: - - 09/Dec/2025/04/30/33 HEAD /v1/AUTH_7aa4261a7cb74a7cb6dc3ff6f37c2f8c%3Fformat%3Djson HTTP/1.0 200 - Swift - - - - tx1d48e6dbee714fbc84e06-006937a5e9 - 0.0065 RL - 1765254633.405543327 1765254633.412007570 -
Dec 9 04:30:33 standalone object-server[128585]: 172.20.0.100 - - [09/Dec/2025:04:30:33 +0000] "GET /d1/457/AUTH_7aa4261a7cb74a7cb6dc3ff6f37c2f8c/gnocchi.8421e713-f2f3-40ff-807a-2b69625758ab/none_v3" 404 70 "GET http://172.18.0.2:8080/v1/AUTH_7aa4261a7cb74a7cb6dc3ff6f37c2f8c/gnocchi.8421e713-f2f3-40ff-807a-2b69625758ab/none_v3" "tx1d48e6dbee714fbc84e06-006937a5e9" "proxy-server 12" 0.0017 "-" 24 0
Dec 9 04:30:33 standalone proxy-server[130416]: 172.18.0.2 172.18.0.100 09/Dec/2025/04/30/33 GET /v1/AUTH_7aa4261a7cb74a7cb6dc3ff6f37c2f8c/gnocchi.8421e713-f2f3-40ff-807a-2b69625758ab/none_v3 HTTP/1.0 404 - python-swiftclient-3.11.1 gAAAAABpN6Xpi1Ur... - 70 - tx1d48e6dbee714fbc84e06-006937a5e9 - 0.3883 - - 1765254633.401938438 1765254633.790199518 0
Dec 9 04:30:33 standalone account-server[128294]: 172.20.0.100 - - [09/Dec/2025:04:30:33 +0000] "PUT /d1/515/AUTH_7aa4261a7cb74a7cb6dc3ff6f37c2f8c" 201 - "-" "tx218b1406f5ce4d838ec4e-006937a5e9" "-" 0.0183 "-" 21 -
Dec 9 04:30:33 standalone proxy-server[130416]: autocreate account '/AUTH_7aa4261a7cb74a7cb6dc3ff6f37c2f8c' (txn: tx218b1406f5ce4d838ec4e-006937a5e9)
Dec 9 04:30:33 standalone account-server[128294]: 172.20.0.100 - - [09/Dec/2025:04:30:33 +0000] "HEAD /d1/515/AUTH_7aa4261a7cb74a7cb6dc3ff6f37c2f8c" 204 - "HEAD http://172.18.0.2:8080/v1/AUTH_7aa4261a7cb74a7cb6dc3ff6f37c2f8c?format=json" "tx218b1406f5ce4d838ec4e-006937a5e9" "proxy-server 12" 0.0025 "-" 21 -
Dec 9 04:30:33 standalone account-server[128294]: 172.20.0.100 - - [09/Dec/2025:04:30:33 +0000] "PUT /d1/515/AUTH_7aa4261a7cb74a7cb6dc3ff6f37c2f8c/gnocchi.8421e713-f2f3-40ff-807a-2b69625758ab" 201 - "PUT http://172.20.0.100:6001/d1/733/AUTH_7aa4261a7cb74a7cb6dc3ff6f37c2f8c/gnocchi.8421e713-f2f3-40ff-807a-2b69625758ab" "tx218b1406f5ce4d838ec4e-006937a5e9" "container-server 23" 0.0017 "-" 21 0
Dec 9 04:30:33 standalone container-server[128398]: 172.20.0.100 - - [09/Dec/2025:04:30:33 +0000] "PUT /d1/733/AUTH_7aa4261a7cb74a7cb6dc3ff6f37c2f8c/gnocchi.8421e713-f2f3-40ff-807a-2b69625758ab" 201 - "PUT http://172.18.0.2:8080/v1/AUTH_7aa4261a7cb74a7cb6dc3ff6f37c2f8c/gnocchi.8421e713-f2f3-40ff-807a-2b69625758ab" "tx218b1406f5ce4d838ec4e-006937a5e9" "proxy-server 12" 0.0184 "-" 23 0
Dec 9 04:30:33 standalone proxy-server[130416]: 172.18.0.2 172.18.0.100 09/Dec/2025/04/30/33 PUT /v1/AUTH_7aa4261a7cb74a7cb6dc3ff6f37c2f8c/gnocchi.8421e713-f2f3-40ff-807a-2b69625758ab HTTP/1.0 201 - python-swiftclient-3.11.1 gAAAAABpN6Xpi1Ur... - - - tx218b1406f5ce4d838ec4e-006937a5e9 - 0.0568 - - 1765254633.796019554 1765254633.852833748 0
Dec 9 04:30:33 standalone container-server[128381]: 172.20.0.100 - - [09/Dec/2025:04:30:33 +0000] "HEAD /d1/733/AUTH_7aa4261a7cb74a7cb6dc3ff6f37c2f8c/gnocchi.8421e713-f2f3-40ff-807a-2b69625758ab" 204 - "HEAD http://172.18.0.2:8080/v1/AUTH_7aa4261a7cb74a7cb6dc3ff6f37c2f8c/gnocchi.8421e713-f2f3-40ff-807a-2b69625758ab?format=json&states=listing" "tx877b00405e194be489b5b-006937a5e9" "proxy-server 12" 0.0045 "-" 20 0
Dec 9 04:30:33 standalone proxy-server[130416]: - - 09/Dec/2025/04/30/33 HEAD /v1/AUTH_7aa4261a7cb74a7cb6dc3ff6f37c2f8c/gnocchi.8421e713-f2f3-40ff-807a-2b69625758ab%3Fformat%3Djson%26states%3Dlisting HTTP/1.0 204 - Swift - - - - tx877b00405e194be489b5b-006937a5e9 - 0.0097 RL - 1765254633.859550714 1765254633.869208574 0
Dec 9 04:30:33 standalone container-server[128394]: 172.20.0.100 - - [09/Dec/2025:04:30:33 +0000] "GET /d1/733/AUTH_7aa4261a7cb74a7cb6dc3ff6f37c2f8c/gnocchi.8421e713-f2f3-40ff-807a-2b69625758ab" 200 2 "GET http://172.18.0.2:8080/v1/AUTH_7aa4261a7cb74a7cb6dc3ff6f37c2f8c/gnocchi.8421e713-f2f3-40ff-807a-2b69625758ab?format=json&states=listing" "tx877b00405e194be489b5b-006937a5e9" "proxy-server 12" 0.0069 "-" 22 0
Dec 9 04:30:33 standalone proxy-server[130416]: 172.18.0.2 172.18.0.100 09/Dec/2025/04/30/33 GET /v1/AUTH_7aa4261a7cb74a7cb6dc3ff6f37c2f8c/gnocchi.8421e713-f2f3-40ff-807a-2b69625758ab%3Fformat%3Djson%26states%3Dlisting HTTP/1.0 200 - python-swiftclient-3.11.1 gAAAAABpN6Xpi1Ur... - 2 - tx877b00405e194be489b5b-006937a5e9 - 0.0276 - - 1765254633.858131886 1765254633.885719776 0
Dec 9 04:30:33 standalone object-server[128585]: 172.20.0.100 - - [09/Dec/2025:04:30:33 +0000] "GET /d1/951/AUTH_7aa4261a7cb74a7cb6dc3ff6f37c2f8c/gnocchi.8421e713-f2f3-40ff-807a-2b69625758ab/1764720000.0_mean_300.0_v3" 404 70 "GET http://172.18.0.2:8080/v1/AUTH_7aa4261a7cb74a7cb6dc3ff6f37c2f8c/gnocchi.8421e713-f2f3-40ff-807a-2b69625758ab/1764720000.0_mean_300.0_v3" "tx9bf88dc1009a401399f38-006937a5e9" "proxy-server 12" 0.0006 "-" 24 0
Dec 9 04:30:33 standalone proxy-server[130416]: 172.18.0.2 172.18.0.100 09/Dec/2025/04/30/33 GET /v1/AUTH_7aa4261a7cb74a7cb6dc3ff6f37c2f8c/gnocchi.8421e713-f2f3-40ff-807a-2b69625758ab/1764720000.0_mean_300.0_v3 HTTP/1.0 404 - python-swiftclient-3.11.1 gAAAAABpN6Xpi1Ur... - 70 - tx9bf88dc1009a401399f38-006937a5e9 - 0.0088 - - 1765254633.892306805 1765254633.901059866 0
Dec 9 04:30:33 standalone container-server[128381]: 172.20.0.100 - - [09/Dec/2025:04:30:33 +0000] "PUT /d1/733/AUTH_7aa4261a7cb74a7cb6dc3ff6f37c2f8c/gnocchi.8421e713-f2f3-40ff-807a-2b69625758ab/1764720000.0_mean_300.0_v3" 201 - "PUT http://172.18.0.2:8080/d1/951/AUTH_7aa4261a7cb74a7cb6dc3ff6f37c2f8c/gnocchi.8421e713-f2f3-40ff-807a-2b69625758ab/1764720000.0_mean_300.0_v3" "txb95b166a2f1b430dae627-006937a5e9" "object-server 23" 0.0010 "-" 20 0
Dec 9 04:30:33 standalone object-server[128583]: 172.20.0.100 - - [09/Dec/2025:04:30:33 +0000] "PUT /d1/951/AUTH_7aa4261a7cb74a7cb6dc3ff6f37c2f8c/gnocchi.8421e713-f2f3-40ff-807a-2b69625758ab/1764720000.0_mean_300.0_v3" 201 - "PUT http://172.18.0.2:8080/v1/AUTH_7aa4261a7cb74a7cb6dc3ff6f37c2f8c/gnocchi.8421e713-f2f3-40ff-807a-2b69625758ab/1764720000.0_mean_300.0_v3" "txb95b166a2f1b430dae627-006937a5e9" "proxy-server 12" 0.0399 "-" 23 0
Dec 9 04:30:33 standalone proxy-server[130416]: 172.18.0.2 172.18.0.100 09/Dec/2025/04/30/33 PUT /v1/AUTH_7aa4261a7cb74a7cb6dc3ff6f37c2f8c/gnocchi.8421e713-f2f3-40ff-807a-2b69625758ab/1764720000.0_mean_300.0_v3 HTTP/1.0 201 - python-swiftclient-3.11.1 gAAAAABpN6Xpi1Ur... 16 - - txb95b166a2f1b430dae627-006937a5e9 - 0.0488 - - 1765254633.905112982 1765254633.953882456 0
Dec 9 04:30:33 standalone container-server[128381]: 172.20.0.100 - - [09/Dec/2025:04:30:33 +0000] "PUT /d1/733/AUTH_7aa4261a7cb74a7cb6dc3ff6f37c2f8c/gnocchi.8421e713-f2f3-40ff-807a-2b69625758ab/none_v3" 201 - "PUT http://172.18.0.2:8080/d1/457/AUTH_7aa4261a7cb74a7cb6dc3ff6f37c2f8c/gnocchi.8421e713-f2f3-40ff-807a-2b69625758ab/none_v3" "tx7a7dff9976b246abaff7f-006937a5e9" "object-server 24" 0.0008 "-" 20 0
Dec 9 04:30:34 standalone object-server[128585]: 172.20.0.100 - - [09/Dec/2025:04:30:34 +0000] "PUT /d1/457/AUTH_7aa4261a7cb74a7cb6dc3ff6f37c2f8c/gnocchi.8421e713-f2f3-40ff-807a-2b69625758ab/none_v3" 201 - "PUT http://172.18.0.2:8080/v1/AUTH_7aa4261a7cb74a7cb6dc3ff6f37c2f8c/gnocchi.8421e713-f2f3-40ff-807a-2b69625758ab/none_v3" "tx7a7dff9976b246abaff7f-006937a5e9" "proxy-server 12" 0.0385 "-" 24 0
Dec 9 04:30:34 standalone proxy-server[130416]: 172.18.0.2 172.18.0.100 09/Dec/2025/04/30/34 PUT /v1/AUTH_7aa4261a7cb74a7cb6dc3ff6f37c2f8c/gnocchi.8421e713-f2f3-40ff-807a-2b69625758ab/none_v3 HTTP/1.0 201 - python-swiftclient-3.11.1 gAAAAABpN6Xpi1Ur... 22 - - tx7a7dff9976b246abaff7f-006937a5e9 - 0.0459 - - 1765254633.957516909 1765254634.003385782 0
Dec 9 04:31:03 standalone object-server[128583]: 172.20.0.100 - - [09/Dec/2025:04:31:03 +0000] "GET /d1/457/AUTH_7aa4261a7cb74a7cb6dc3ff6f37c2f8c/gnocchi.8421e713-f2f3-40ff-807a-2b69625758ab/none_v3" 200 22 "GET http://172.18.0.2:8080/v1/AUTH_7aa4261a7cb74a7cb6dc3ff6f37c2f8c/gnocchi.8421e713-f2f3-40ff-807a-2b69625758ab/none_v3" "txaba4b8d13b854db3916df-006937a607" "proxy-server 12" 0.0012 "-" 23 0
Dec 9 04:31:03 standalone proxy-server[130416]: 172.18.0.2 172.18.0.100 09/Dec/2025/04/31/03 GET /v1/AUTH_7aa4261a7cb74a7cb6dc3ff6f37c2f8c/gnocchi.8421e713-f2f3-40ff-807a-2b69625758ab/none_v3 HTTP/1.0 200 - python-swiftclient-3.11.1 gAAAAABpN6Xpi1Ur... - 22 - txaba4b8d13b854db3916df-006937a607 - 0.0098 - - 1765254663.078023434 1765254663.087804556 0
Dec 9 04:31:03 standalone container-server[128386]: 172.20.0.100 - - [09/Dec/2025:04:31:03 +0000] "GET /d1/733/AUTH_7aa4261a7cb74a7cb6dc3ff6f37c2f8c/gnocchi.8421e713-f2f3-40ff-807a-2b69625758ab" 200 357 "GET http://172.18.0.2:8080/v1/AUTH_7aa4261a7cb74a7cb6dc3ff6f37c2f8c/gnocchi.8421e713-f2f3-40ff-807a-2b69625758ab?format=json&states=listing" "tx0460d2d04c5842f18d6b1-006937a607" "proxy-server 12" 0.0320 "-" 21 0
Dec 9 04:31:03 standalone proxy-server[130416]: 172.18.0.2 172.18.0.100 09/Dec/2025/04/31/03 GET /v1/AUTH_7aa4261a7cb74a7cb6dc3ff6f37c2f8c/gnocchi.8421e713-f2f3-40ff-807a-2b69625758ab%3Fformat%3Djson%26states%3Dlisting HTTP/1.0 200 - python-swiftclient-3.11.1 gAAAAABpN6Xpi1Ur... - 357 - tx0460d2d04c5842f18d6b1-006937a607 - 0.0390 - - 1765254663.093487501 1765254663.132452726 0
Dec 9 04:31:03 standalone container-server[128398]: 172.20.0.100 - - [09/Dec/2025:04:31:03 +0000] "GET /d1/733/AUTH_7aa4261a7cb74a7cb6dc3ff6f37c2f8c/gnocchi.8421e713-f2f3-40ff-807a-2b69625758ab" 200 2 "GET http://172.18.0.2:8080/v1/AUTH_7aa4261a7cb74a7cb6dc3ff6f37c2f8c/gnocchi.8421e713-f2f3-40ff-807a-2b69625758ab?format=json&marker=none_v3&states=listing" "tx5031cb2b50e14985a57b8-006937a607" "proxy-server 12" 0.0037 "-" 23 0
Dec 9 04:31:03 standalone proxy-server[130416]: 172.18.0.2 172.18.0.100 09/Dec/2025/04/31/03 GET /v1/AUTH_7aa4261a7cb74a7cb6dc3ff6f37c2f8c/gnocchi.8421e713-f2f3-40ff-807a-2b69625758ab%3Fformat%3Djson%26marker%3Dnone_v3%26states%3Dlisting HTTP/1.0 200 - python-swiftclient-3.11.1 gAAAAABpN6Xpi1Ur... - 2 - tx5031cb2b50e14985a57b8-006937a607 - 0.0108 - - 1765254663.135339737 1765254663.146106720 0
Dec 9 04:31:03 standalone object-server[128582]: 172.20.0.100 - - [09/Dec/2025:04:31:03 +0000] "GET /d1/951/AUTH_7aa4261a7cb74a7cb6dc3ff6f37c2f8c/gnocchi.8421e713-f2f3-40ff-807a-2b69625758ab/1764720000.0_mean_300.0_v3" 200 16 "GET http://172.18.0.2:8080/v1/AUTH_7aa4261a7cb74a7cb6dc3ff6f37c2f8c/gnocchi.8421e713-f2f3-40ff-807a-2b69625758ab/1764720000.0_mean_300.0_v3" "tx9aab401100654944bb925-006937a607" "proxy-server 12" 0.0016 "-" 22 0
Dec 9 04:31:03 standalone proxy-server[130416]: 172.18.0.2 172.18.0.100 09/Dec/2025/04/31/03 GET /v1/AUTH_7aa4261a7cb74a7cb6dc3ff6f37c2f8c/gnocchi.8421e713-f2f3-40ff-807a-2b69625758ab/1764720000.0_mean_300.0_v3 HTTP/1.0 200 - python-swiftclient-3.11.1 gAAAAABpN6Xpi1Ur... - 16 - tx9aab401100654944bb925-006937a607 - 0.0147 - - 1765254663.152117491 1765254663.166801691 0
Dec 9 04:31:03 standalone container-server[128398]: 172.20.0.100 - - [09/Dec/2025:04:31:03 +0000] "PUT /d1/733/AUTH_7aa4261a7cb74a7cb6dc3ff6f37c2f8c/gnocchi.8421e713-f2f3-40ff-807a-2b69625758ab/1764720000.0_mean_300.0_v3" 201 - "PUT http://172.18.0.2:8080/d1/951/AUTH_7aa4261a7cb74a7cb6dc3ff6f37c2f8c/gnocchi.8421e713-f2f3-40ff-807a-2b69625758ab/1764720000.0_mean_300.0_v3" "tx137e4602cf4c4be8a1510-006937a607" "object-server 23" 0.0007 "-" 23 0
Dec 9 04:31:03 standalone object-server[128583]: 172.20.0.100 - - [09/Dec/2025:04:31:03 +0000] "PUT /d1/951/AUTH_7aa4261a7cb74a7cb6dc3ff6f37c2f8c/gnocchi.8421e713-f2f3-40ff-807a-2b69625758ab/1764720000.0_mean_300.0_v3" 201 - "PUT http://172.18.0.2:8080/v1/AUTH_7aa4261a7cb74a7cb6dc3ff6f37c2f8c/gnocchi.8421e713-f2f3-40ff-807a-2b69625758ab/1764720000.0_mean_300.0_v3" "tx137e4602cf4c4be8a1510-006937a607" "proxy-server 12" 0.0132 "-" 23 0
Dec 9 04:31:03 standalone proxy-server[130416]: 172.18.0.2 172.18.0.100 09/Dec/2025/04/31/03 PUT /v1/AUTH_7aa4261a7cb74a7cb6dc3ff6f37c2f8c/gnocchi.8421e713-f2f3-40ff-807a-2b69625758ab/1764720000.0_mean_300.0_v3 HTTP/1.0 201 - python-swiftclient-3.11.1 gAAAAABpN6Xpi1Ur... 16 - - tx137e4602cf4c4be8a1510-006937a607 - 0.0178 - - 1765254663.168797970 1765254663.186634541 0
Dec 9 04:31:03 standalone container-server[128386]: 172.20.0.100 - - [09/Dec/2025:04:31:03 +0000] "PUT /d1/733/AUTH_7aa4261a7cb74a7cb6dc3ff6f37c2f8c/gnocchi.8421e713-f2f3-40ff-807a-2b69625758ab/none_v3" 201 - "PUT http://172.18.0.2:8080/d1/457/AUTH_7aa4261a7cb74a7cb6dc3ff6f37c2f8c/gnocchi.8421e713-f2f3-40ff-807a-2b69625758ab/none_v3" "tx15b530d214ca4c37bb1ac-006937a607" "object-server 22" 0.0013 "-" 21 0
Dec 9 04:31:03 standalone object-server[128582]: 172.20.0.100 - - [09/Dec/2025:04:31:03 +0000] "PUT /d1/457/AUTH_7aa4261a7cb74a7cb6dc3ff6f37c2f8c/gnocchi.8421e713-f2f3-40ff-807a-2b69625758ab/none_v3" 201 - "PUT http://172.18.0.2:8080/v1/AUTH_7aa4261a7cb74a7cb6dc3ff6f37c2f8c/gnocchi.8421e713-f2f3-40ff-807a-2b69625758ab/none_v3" "tx15b530d214ca4c37bb1ac-006937a607" "proxy-server 12" 0.0474 "-" 22 0
Dec 9 04:31:03 standalone proxy-server[130416]: 172.18.0.2 172.18.0.100 09/Dec/2025/04/31/03 PUT /v1/AUTH_7aa4261a7cb74a7cb6dc3ff6f37c2f8c/gnocchi.8421e713-f2f3-40ff-807a-2b69625758ab/none_v3 HTTP/1.0 201 - python-swiftclient-3.11.1 gAAAAABpN6Xpi1Ur... 32 - - tx15b530d214ca4c37bb1ac-006937a607 - 0.0542 - - 1765254663.189133644 1765254663.243318081 0
Dec 9 04:31:38 standalone account-server[128294]: 172.20.0.100 - - [09/Dec/2025:04:31:38 +0000] "HEAD /d1/515/AUTH_7aa4261a7cb74a7cb6dc3ff6f37c2f8c" 204 - "HEAD http://172.18.0.2:8080/v1/AUTH_7aa4261a7cb74a7cb6dc3ff6f37c2f8c?format=json" "tx56f8d5c41e94464e9aa65-006937a62a" "proxy-server 12" 0.0046 "-" 21 -
Dec 9 04:31:38 standalone proxy-server[130416]: - - 09/Dec/2025/04/31/38 HEAD /v1/AUTH_7aa4261a7cb74a7cb6dc3ff6f37c2f8c%3Fformat%3Djson HTTP/1.0 204 - Swift - - - - tx56f8d5c41e94464e9aa65-006937a62a - 0.0084 RL - 1765254698.318521023 1765254698.326929808 -
Dec 9 04:31:38 standalone container-server[128381]: 172.20.0.100 - - [09/Dec/2025:04:31:38 +0000] "HEAD /d1/140/AUTH_7aa4261a7cb74a7cb6dc3ff6f37c2f8c/gnocchi.3253639b-91da-4834-b663-17a7fb144880" 404 - "HEAD http://172.18.0.2:8080/v1/AUTH_7aa4261a7cb74a7cb6dc3ff6f37c2f8c/gnocchi.3253639b-91da-4834-b663-17a7fb144880?format=json&states=listing" "tx56f8d5c41e94464e9aa65-006937a62a" "proxy-server 12" 0.0008 "-" 20 0
Dec 9 04:31:38 standalone object-server[128585]: 172.20.0.100 - - [09/Dec/2025:04:31:38 +0000] "GET /d1/425/AUTH_7aa4261a7cb74a7cb6dc3ff6f37c2f8c/gnocchi.3253639b-91da-4834-b663-17a7fb144880/none_v3" 404 70 "GET http://172.18.0.2:8080/v1/AUTH_7aa4261a7cb74a7cb6dc3ff6f37c2f8c/gnocchi.3253639b-91da-4834-b663-17a7fb144880/none_v3" "tx56f8d5c41e94464e9aa65-006937a62a" "proxy-server 12" 0.0005 "-" 24 0
Dec 9 04:31:38 standalone proxy-server[130416]: 172.18.0.2 172.18.0.100 09/Dec/2025/04/31/38 GET /v1/AUTH_7aa4261a7cb74a7cb6dc3ff6f37c2f8c/gnocchi.3253639b-91da-4834-b663-17a7fb144880/none_v3 HTTP/1.0 404 - python-swiftclient-3.11.1 gAAAAABpN6Xpi1Ur... - 70 - tx56f8d5c41e94464e9aa65-006937a62a - 0.0217 - - 1765254698.317576647 1765254698.339277267 0
Dec 9 04:31:38 standalone account-server[128294]: 172.20.0.100 - - [09/Dec/2025:04:31:38 +0000] "PUT /d1/515/AUTH_7aa4261a7cb74a7cb6dc3ff6f37c2f8c/gnocchi.3253639b-91da-4834-b663-17a7fb144880" 201 - "PUT http://172.20.0.100:6001/d1/140/AUTH_7aa4261a7cb74a7cb6dc3ff6f37c2f8c/gnocchi.3253639b-91da-4834-b663-17a7fb144880" "tx22feba74f5b24c3780892-006937a62a" "container-server 22" 0.0012 "-" 21 0
Dec 9 04:31:38 standalone container-server[128394]: 172.20.0.100 - - [09/Dec/2025:04:31:38 +0000] "PUT /d1/140/AUTH_7aa4261a7cb74a7cb6dc3ff6f37c2f8c/gnocchi.3253639b-91da-4834-b663-17a7fb144880" 201 - "PUT http://172.18.0.2:8080/v1/AUTH_7aa4261a7cb74a7cb6dc3ff6f37c2f8c/gnocchi.3253639b-91da-4834-b663-17a7fb144880" "tx22feba74f5b24c3780892-006937a62a" "proxy-server 12" 0.0130 "-" 22 0
Dec 9 04:31:38 standalone proxy-server[130416]: 172.18.0.2 172.18.0.100 09/Dec/2025/04/31/38 PUT /v1/AUTH_7aa4261a7cb74a7cb6dc3ff6f37c2f8c/gnocchi.3253639b-91da-4834-b663-17a7fb144880 HTTP/1.0 201 - python-swiftclient-3.11.1 gAAAAABpN6Xpi1Ur... - - - tx22feba74f5b24c3780892-006937a62a - 0.0168 - - 1765254698.341811419 1765254698.358588219 0
Dec 9 04:31:38 standalone container-server[128386]: 172.20.0.100 - - [09/Dec/2025:04:31:38 +0000] "HEAD /d1/140/AUTH_7aa4261a7cb74a7cb6dc3ff6f37c2f8c/gnocchi.3253639b-91da-4834-b663-17a7fb144880" 204 - "HEAD http://172.18.0.2:8080/v1/AUTH_7aa4261a7cb74a7cb6dc3ff6f37c2f8c/gnocchi.3253639b-91da-4834-b663-17a7fb144880?format=json&states=listing" "tx0816063ad8f140368e488-006937a62a" "proxy-server 12" 0.0017 "-" 21 0
Dec 9 04:31:38 standalone proxy-server[130416]: - - 09/Dec/2025/04/31/38 HEAD /v1/AUTH_7aa4261a7cb74a7cb6dc3ff6f37c2f8c/gnocchi.3253639b-91da-4834-b663-17a7fb144880%3Fformat%3Djson%26states%3Dlisting HTTP/1.0 204 - Swift - - - - tx0816063ad8f140368e488-006937a62a - 0.0044 RL - 1765254698.362472773 1765254698.366887569 0
Dec 9 04:31:38 standalone container-server[128394]: 172.20.0.100 - - [09/Dec/2025:04:31:38 +0000] "GET /d1/140/AUTH_7aa4261a7cb74a7cb6dc3ff6f37c2f8c/gnocchi.3253639b-91da-4834-b663-17a7fb144880" 200 2 "GET http://172.18.0.2:8080/v1/AUTH_7aa4261a7cb74a7cb6dc3ff6f37c2f8c/gnocchi.3253639b-91da-4834-b663-17a7fb144880?format=json&states=listing" "tx0816063ad8f140368e488-006937a62a" "proxy-server 12" 0.0017 "-" 22 0
Dec 9 04:31:38 standalone proxy-server[130416]: 172.18.0.2 172.18.0.100 09/Dec/2025/04/31/38 GET /v1/AUTH_7aa4261a7cb74a7cb6dc3ff6f37c2f8c/gnocchi.3253639b-91da-4834-b663-17a7fb144880%3Fformat%3Djson%26states%3Dlisting HTTP/1.0 200 - python-swiftclient-3.11.1 gAAAAABpN6Xpi1Ur... - 2 - tx0816063ad8f140368e488-006937a62a - 0.0105 - - 1765254698.361787081 1765254698.372251034 0
Dec 9 04:31:38 standalone object-server[128583]: 172.20.0.100 - - [09/Dec/2025:04:31:38 +0000] "GET /d1/779/AUTH_7aa4261a7cb74a7cb6dc3ff6f37c2f8c/gnocchi.3253639b-91da-4834-b663-17a7fb144880/1764720000.0_mean_300.0_v3" 404 70 "GET http://172.18.0.2:8080/v1/AUTH_7aa4261a7cb74a7cb6dc3ff6f37c2f8c/gnocchi.3253639b-91da-4834-b663-17a7fb144880/1764720000.0_mean_300.0_v3" "tx92e53aff7bd64563ab2ea-006937a62a" "proxy-server 12" 0.0005 "-" 23 0
Dec 9 04:31:38 standalone proxy-server[130416]: 172.18.0.2 172.18.0.100 09/Dec/2025/04/31/38 GET /v1/AUTH_7aa4261a7cb74a7cb6dc3ff6f37c2f8c/gnocchi.3253639b-91da-4834-b663-17a7fb144880/1764720000.0_mean_300.0_v3 HTTP/1.0 404 - python-swiftclient-3.11.1 gAAAAABpN6Xpi1Ur... - 70 - tx92e53aff7bd64563ab2ea-006937a62a - 0.0076 - - 1765254698.376163006 1765254698.383807421 0
Dec 9 04:31:38 standalone container-server[128386]: 172.20.0.100 - - [09/Dec/2025:04:31:38 +0000] "PUT /d1/140/AUTH_7aa4261a7cb74a7cb6dc3ff6f37c2f8c/gnocchi.3253639b-91da-4834-b663-17a7fb144880/1764720000.0_mean_300.0_v3" 201 - "PUT http://172.18.0.2:8080/d1/779/AUTH_7aa4261a7cb74a7cb6dc3ff6f37c2f8c/gnocchi.3253639b-91da-4834-b663-17a7fb144880/1764720000.0_mean_300.0_v3" "tx5219833650b44351b9dd8-006937a62a" "object-server 23" 0.0006 "-" 21 0
Dec 9 04:31:38 standalone object-server[128583]: 172.20.0.100 - - [09/Dec/2025:04:31:38 +0000] "PUT /d1/779/AUTH_7aa4261a7cb74a7cb6dc3ff6f37c2f8c/gnocchi.3253639b-91da-4834-b663-17a7fb144880/1764720000.0_mean_300.0_v3" 201 - "PUT http://172.18.0.2:8080/v1/AUTH_7aa4261a7cb74a7cb6dc3ff6f37c2f8c/gnocchi.3253639b-91da-4834-b663-17a7fb144880/1764720000.0_mean_300.0_v3" "tx5219833650b44351b9dd8-006937a62a" "proxy-server 12" 0.0104 "-" 23 0
Dec 9 04:31:38 standalone proxy-server[130416]: 172.18.0.2 172.18.0.100 09/Dec/2025/04/31/38 PUT /v1/AUTH_7aa4261a7cb74a7cb6dc3ff6f37c2f8c/gnocchi.3253639b-91da-4834-b663-17a7fb144880/1764720000.0_mean_300.0_v3 HTTP/1.0 201 - python-swiftclient-3.11.1 gAAAAABpN6Xpi1Ur... 16 - - tx5219833650b44351b9dd8-006937a62a - 0.0162 - - 1765254698.387367964 1765254698.403546810 0
Dec 9 04:31:38 standalone container-server[128381]: 172.20.0.100 - - [09/Dec/2025:04:31:38 +0000] "PUT /d1/140/AUTH_7aa4261a7cb74a7cb6dc3ff6f37c2f8c/gnocchi.3253639b-91da-4834-b663-17a7fb144880/none_v3" 201 - "PUT http://172.18.0.2:8080/d1/425/AUTH_7aa4261a7cb74a7cb6dc3ff6f37c2f8c/gnocchi.3253639b-91da-4834-b663-17a7fb144880/none_v3" "tx7b04c857b3964eec9288f-006937a62a" "object-server 25" 0.0007 "-" 20 0
Dec 9 04:31:38 standalone object-server[128587]: 172.20.0.100 - - [09/Dec/2025:04:31:38 +0000] "PUT /d1/425/AUTH_7aa4261a7cb74a7cb6dc3ff6f37c2f8c/gnocchi.3253639b-91da-4834-b663-17a7fb144880/none_v3" 201 - "PUT http://172.18.0.2:8080/v1/AUTH_7aa4261a7cb74a7cb6dc3ff6f37c2f8c/gnocchi.3253639b-91da-4834-b663-17a7fb144880/none_v3" "tx7b04c857b3964eec9288f-006937a62a" "proxy-server 12" 0.0593 "-" 25 0
Dec 9 04:31:38 standalone proxy-server[130416]: 172.18.0.2 172.18.0.100 09/Dec/2025/04/31/38 PUT /v1/AUTH_7aa4261a7cb74a7cb6dc3ff6f37c2f8c/gnocchi.3253639b-91da-4834-b663-17a7fb144880/none_v3 HTTP/1.0 201 - python-swiftclient-3.11.1 gAAAAABpN6Xpi1Ur... 22 - - tx7b04c857b3964eec9288f-006937a62a - 0.0676 - - 1765254698.406991959 1765254698.474622011 0
Dec 9 04:31:38 standalone container-server[128398]: 172.20.0.100 - - [09/Dec/2025:04:31:38 +0000] "HEAD /d1/517/AUTH_7aa4261a7cb74a7cb6dc3ff6f37c2f8c/gnocchi.d1a571af-9a61-437c-ad77-00517a1af344" 404 - "HEAD http://172.18.0.2:8080/v1/AUTH_7aa4261a7cb74a7cb6dc3ff6f37c2f8c/gnocchi.d1a571af-9a61-437c-ad77-00517a1af344?format=json&states=listing" "txa3a56fb472214e2db2dd0-006937a62a" "proxy-server 12" 0.0004 "-" 23 0
Dec 9 04:31:38 standalone object-server[128583]: 172.20.0.100 - - [09/Dec/2025:04:31:38 +0000] "GET /d1/912/AUTH_7aa4261a7cb74a7cb6dc3ff6f37c2f8c/gnocchi.d1a571af-9a61-437c-ad77-00517a1af344/none_v3" 404 70 "GET http://172.18.0.2:8080/v1/AUTH_7aa4261a7cb74a7cb6dc3ff6f37c2f8c/gnocchi.d1a571af-9a61-437c-ad77-00517a1af344/none_v3" "txa3a56fb472214e2db2dd0-006937a62a" "proxy-server 12" 0.0004 "-" 23 0
Dec 9 04:31:38 standalone proxy-server[130416]: 172.18.0.2 172.18.0.100 09/Dec/2025/04/31/38 GET /v1/AUTH_7aa4261a7cb74a7cb6dc3ff6f37c2f8c/gnocchi.d1a571af-9a61-437c-ad77-00517a1af344/none_v3 HTTP/1.0 404 - python-swiftclient-3.11.1 gAAAAABpN6Xpi1Ur... - 70 - txa3a56fb472214e2db2dd0-006937a62a - 0.0105 - - 1765254698.486227751 1765254698.496719599 0
Dec 9 04:31:38 standalone account-server[128286]: 172.20.0.100 - - [09/Dec/2025:04:31:38 +0000] "PUT /d1/515/AUTH_7aa4261a7cb74a7cb6dc3ff6f37c2f8c/gnocchi.d1a571af-9a61-437c-ad77-00517a1af344" 201 - "PUT http://172.20.0.100:6001/d1/517/AUTH_7aa4261a7cb74a7cb6dc3ff6f37c2f8c/gnocchi.d1a571af-9a61-437c-ad77-00517a1af344" "tx0c7564ea36c549c2a109a-006937a62a" "container-server 20" 0.0205 "-" 20 0
Dec 9 04:31:38 standalone container-server[128381]: 172.20.0.100 - - [09/Dec/2025:04:31:38 +0000] "PUT /d1/517/AUTH_7aa4261a7cb74a7cb6dc3ff6f37c2f8c/gnocchi.d1a571af-9a61-437c-ad77-00517a1af344" 201 - "PUT http://172.18.0.2:8080/v1/AUTH_7aa4261a7cb74a7cb6dc3ff6f37c2f8c/gnocchi.d1a571af-9a61-437c-ad77-00517a1af344" "tx0c7564ea36c549c2a109a-006937a62a" "proxy-server 12" 0.0671 "-" 20 0
Dec 9 04:31:38 standalone proxy-server[130416]: 172.18.0.2 172.18.0.100 09/Dec/2025/04/31/38 PUT /v1/AUTH_7aa4261a7cb74a7cb6dc3ff6f37c2f8c/gnocchi.d1a571af-9a61-437c-ad77-00517a1af344 HTTP/1.0 201 - python-swiftclient-3.11.1 gAAAAABpN6Xpi1Ur... - - - tx0c7564ea36c549c2a109a-006937a62a - 0.0725 - - 1765254698.499613047 1765254698.572154522 0
Dec 9 04:31:38 standalone container-server[128386]: 172.20.0.100 - - [09/Dec/2025:04:31:38 +0000] "HEAD /d1/517/AUTH_7aa4261a7cb74a7cb6dc3ff6f37c2f8c/gnocchi.d1a571af-9a61-437c-ad77-00517a1af344" 204 - "HEAD http://172.18.0.2:8080/v1/AUTH_7aa4261a7cb74a7cb6dc3ff6f37c2f8c/gnocchi.d1a571af-9a61-437c-ad77-00517a1af344?format=json&states=listing" "tx06c7aee02cd04346b87c8-006937a62a" "proxy-server 12" 0.0024 "-" 21 0
Dec 9 04:31:38 standalone proxy-server[130416]: - - 09/Dec/2025/04/31/38 HEAD /v1/AUTH_7aa4261a7cb74a7cb6dc3ff6f37c2f8c/gnocchi.d1a571af-9a61-437c-ad77-00517a1af344%3Fformat%3Djson%26states%3Dlisting HTTP/1.0 204 - Swift - - - - tx06c7aee02cd04346b87c8-006937a62a - 0.0088 RL - 1765254698.579333782 1765254698.588125467 0
Dec 9 04:31:38 standalone container-server[128381]: 172.20.0.100 - - [09/Dec/2025:04:31:38 +0000] "GET /d1/517/AUTH_7aa4261a7cb74a7cb6dc3ff6f37c2f8c/gnocchi.d1a571af-9a61-437c-ad77-00517a1af344" 200 2 "GET http://172.18.0.2:8080/v1/AUTH_7aa4261a7cb74a7cb6dc3ff6f37c2f8c/gnocchi.d1a571af-9a61-437c-ad77-00517a1af344?format=json&states=listing" "tx06c7aee02cd04346b87c8-006937a62a" "proxy-server 12" 0.0036 "-" 20 0
Dec 9 04:31:38 standalone proxy-server[130416]: 172.18.0.2 172.18.0.100 09/Dec/2025/04/31/38 GET /v1/AUTH_7aa4261a7cb74a7cb6dc3ff6f37c2f8c/gnocchi.d1a571af-9a61-437c-ad77-00517a1af344%3Fformat%3Djson%26states%3Dlisting HTTP/1.0 200 - python-swiftclient-3.11.1 gAAAAABpN6Xpi1Ur... - 2 - tx06c7aee02cd04346b87c8-006937a62a - 0.0234 - - 1765254698.577462673 1765254698.600815058 0
Dec 9 04:31:38 standalone object-server[128582]: 172.20.0.100 - - [09/Dec/2025:04:31:38 +0000] "GET /d1/631/AUTH_7aa4261a7cb74a7cb6dc3ff6f37c2f8c/gnocchi.d1a571af-9a61-437c-ad77-00517a1af344/1764720000.0_mean_300.0_v3" 404 70 "GET http://172.18.0.2:8080/v1/AUTH_7aa4261a7cb74a7cb6dc3ff6f37c2f8c/gnocchi.d1a571af-9a61-437c-ad77-00517a1af344/1764720000.0_mean_300.0_v3" "tx3eb7677a036e428eb7aec-006937a62a" "proxy-server 12" 0.0005 "-" 22 0
Dec 9 04:31:38 standalone proxy-server[130416]: 172.18.0.2 172.18.0.100 09/Dec/2025/04/31/38 GET /v1/AUTH_7aa4261a7cb74a7cb6dc3ff6f37c2f8c/gnocchi.d1a571af-9a61-437c-ad77-00517a1af344/1764720000.0_mean_300.0_v3 HTTP/1.0 404 - python-swiftclient-3.11.1 gAAAAABpN6Xpi1Ur... - 70 - tx3eb7677a036e428eb7aec-006937a62a - 0.0093 - - 1765254698.606433630 1765254698.615741014 0
Dec 9 04:31:38 standalone container-server[128386]: 172.20.0.100 - - [09/Dec/2025:04:31:38 +0000] "PUT /d1/517/AUTH_7aa4261a7cb74a7cb6dc3ff6f37c2f8c/gnocchi.d1a571af-9a61-437c-ad77-00517a1af344/1764720000.0_mean_300.0_v3" 201 - "PUT http://172.18.0.2:8080/d1/631/AUTH_7aa4261a7cb74a7cb6dc3ff6f37c2f8c/gnocchi.d1a571af-9a61-437c-ad77-00517a1af344/1764720000.0_mean_300.0_v3" "txdfffeeb56fe24148a28f4-006937a62a" "object-server 24" 0.0010 "-" 21 0
Dec 9 04:31:38 standalone object-server[128585]: 172.20.0.100 - - [09/Dec/2025:04:31:38 +0000] "PUT /d1/631/AUTH_7aa4261a7cb74a7cb6dc3ff6f37c2f8c/gnocchi.d1a571af-9a61-437c-ad77-00517a1af344/1764720000.0_mean_300.0_v3" 201 - "PUT http://172.18.0.2:8080/v1/AUTH_7aa4261a7cb74a7cb6dc3ff6f37c2f8c/gnocchi.d1a571af-9a61-437c-ad77-00517a1af344/1764720000.0_mean_300.0_v3" "txdfffeeb56fe24148a28f4-006937a62a" "proxy-server 12" 0.0344 "-" 24 0
Dec 9 04:31:38 standalone proxy-server[130416]: 172.18.0.2 172.18.0.100 09/Dec/2025/04/31/38 PUT /v1/AUTH_7aa4261a7cb74a7cb6dc3ff6f37c2f8c/gnocchi.d1a571af-9a61-437c-ad77-00517a1af344/1764720000.0_mean_300.0_v3 HTTP/1.0 201 - python-swiftclient-3.11.1 gAAAAABpN6Xpi1Ur... 16 - - txdfffeeb56fe24148a28f4-006937a62a - 0.0445 - - 1765254698.619824886 1765254698.664314508 0
Dec 9 04:31:38 standalone container-server[128386]: 172.20.0.100 - - [09/Dec/2025:04:31:38 +0000] "PUT /d1/517/AUTH_7aa4261a7cb74a7cb6dc3ff6f37c2f8c/gnocchi.d1a571af-9a61-437c-ad77-00517a1af344/none_v3" 201 - "PUT http://172.18.0.2:8080/d1/912/AUTH_7aa4261a7cb74a7cb6dc3ff6f37c2f8c/gnocchi.d1a571af-9a61-437c-ad77-00517a1af344/none_v3" "txb936a9d048c94959be8aa-006937a62a" "object-server 22" 0.0005 "-" 21 0
Dec 9 04:31:38 standalone object-server[128582]: 172.20.0.100 - - [09/Dec/2025:04:31:38 +0000] "PUT /d1/912/AUTH_7aa4261a7cb74a7cb6dc3ff6f37c2f8c/gnocchi.d1a571af-9a61-437c-ad77-00517a1af344/none_v3" 201 - "PUT http://172.18.0.2:8080/v1/AUTH_7aa4261a7cb74a7cb6dc3ff6f37c2f8c/gnocchi.d1a571af-9a61-437c-ad77-00517a1af344/none_v3" "txb936a9d048c94959be8aa-006937a62a" "proxy-server 12" 0.0140 "-" 22 0
Dec 9 04:31:38 standalone proxy-server[130416]: 172.18.0.2 172.18.0.100 09/Dec/2025/04/31/38 PUT /v1/AUTH_7aa4261a7cb74a7cb6dc3ff6f37c2f8c/gnocchi.d1a571af-9a61-437c-ad77-00517a1af344/none_v3 HTTP/1.0 201 - python-swiftclient-3.11.1 gAAAAABpN6Xpi1Ur... 22 - - txb936a9d048c94959be8aa-006937a62a - 0.0250 - - 1765254698.668921232 1765254698.693928719 0
Dec 9 04:31:46 standalone container-server[128386]: 172.20.0.100 - - [09/Dec/2025:04:31:46 +0000] "HEAD /d1/127/AUTH_7aa4261a7cb74a7cb6dc3ff6f37c2f8c/gnocchi.3f877dee-e913-4a9f-9d74-1bcf27cdf938" 404 - "HEAD http://172.18.0.2:8080/v1/AUTH_7aa4261a7cb74a7cb6dc3ff6f37c2f8c/gnocchi.3f877dee-e913-4a9f-9d74-1bcf27cdf938?format=json&states=listing" "tx9098e5c823b440aeaa693-006937a632" "proxy-server 12" 0.0007 "-" 21 0
Dec 9 04:31:46 standalone object-server[128587]: 172.20.0.100 - - [09/Dec/2025:04:31:46 +0000] "GET /d1/662/AUTH_7aa4261a7cb74a7cb6dc3ff6f37c2f8c/gnocchi.3f877dee-e913-4a9f-9d74-1bcf27cdf938/none_v3" 404 70 "GET http://172.18.0.2:8080/v1/AUTH_7aa4261a7cb74a7cb6dc3ff6f37c2f8c/gnocchi.3f877dee-e913-4a9f-9d74-1bcf27cdf938/none_v3" "tx9098e5c823b440aeaa693-006937a632" "proxy-server 12" 0.0008 "-" 25 0
Dec 9 04:31:46 standalone proxy-server[130416]: 172.18.0.2 172.18.0.100 09/Dec/2025/04/31/46 GET /v1/AUTH_7aa4261a7cb74a7cb6dc3ff6f37c2f8c/gnocchi.3f877dee-e913-4a9f-9d74-1bcf27cdf938/none_v3 HTTP/1.0 404 - python-swiftclient-3.11.1 gAAAAABpN6Xpi1Ur... - 70 - tx9098e5c823b440aeaa693-006937a632 - 0.0239 - - 1765254706.746029854 1765254706.769888163 0
Dec 9 04:31:46 standalone account-server[128318]: 172.20.0.100 - - [09/Dec/2025:04:31:46 +0000] "PUT /d1/515/AUTH_7aa4261a7cb74a7cb6dc3ff6f37c2f8c/gnocchi.3f877dee-e913-4a9f-9d74-1bcf27cdf938" 201 - "PUT http://172.20.0.100:6001/d1/127/AUTH_7aa4261a7cb74a7cb6dc3ff6f37c2f8c/gnocchi.3f877dee-e913-4a9f-9d74-1bcf27cdf938" "tx7605068553674d99b7339-006937a632" "container-server 21" 0.0058 "-" 23 0
Dec 9 04:31:46 standalone container-server[128386]: 172.20.0.100 - - [09/Dec/2025:04:31:46 +0000] "PUT /d1/127/AUTH_7aa4261a7cb74a7cb6dc3ff6f37c2f8c/gnocchi.3f877dee-e913-4a9f-9d74-1bcf27cdf938" 201 - "PUT http://172.18.0.2:8080/v1/AUTH_7aa4261a7cb74a7cb6dc3ff6f37c2f8c/gnocchi.3f877dee-e913-4a9f-9d74-1bcf27cdf938" "tx7605068553674d99b7339-006937a632" "proxy-server 12" 0.0180 "-" 21 0
Dec 9 04:31:46 standalone proxy-server[130416]: 172.18.0.2 172.18.0.100 09/Dec/2025/04/31/46 PUT /v1/AUTH_7aa4261a7cb74a7cb6dc3ff6f37c2f8c/gnocchi.3f877dee-e913-4a9f-9d74-1bcf27cdf938 HTTP/1.0 201 - python-swiftclient-3.11.1 gAAAAABpN6Xpi1Ur... - - - tx7605068553674d99b7339-006937a632 - 0.0299 - - 1765254706.779291153 1765254706.809144497 0
Dec 9 04:31:46 standalone container-server[128398]: 172.20.0.100 - - [09/Dec/2025:04:31:46 +0000] "HEAD /d1/127/AUTH_7aa4261a7cb74a7cb6dc3ff6f37c2f8c/gnocchi.3f877dee-e913-4a9f-9d74-1bcf27cdf938" 204 - "HEAD http://172.18.0.2:8080/v1/AUTH_7aa4261a7cb74a7cb6dc3ff6f37c2f8c/gnocchi.3f877dee-e913-4a9f-9d74-1bcf27cdf938?format=json&states=listing" "tx2d9f9548848b4e5daa413-006937a632" "proxy-server 12" 0.0020 "-" 23 0
Dec 9 04:31:46 standalone proxy-server[130416]: - - 09/Dec/2025/04/31/46 HEAD /v1/AUTH_7aa4261a7cb74a7cb6dc3ff6f37c2f8c/gnocchi.3f877dee-e913-4a9f-9d74-1bcf27cdf938%3Fformat%3Djson%26states%3Dlisting HTTP/1.0 204 - Swift - - - - tx2d9f9548848b4e5daa413-006937a632 - 0.0076 RL - 1765254706.814977884 1765254706.822615147 0
Dec 9 04:31:46 standalone container-server[128394]: 172.20.0.100 - - [09/Dec/2025:04:31:46 +0000] "GET /d1/127/AUTH_7aa4261a7cb74a7cb6dc3ff6f37c2f8c/gnocchi.3f877dee-e913-4a9f-9d74-1bcf27cdf938" 200 2 "GET http://172.18.0.2:8080/v1/AUTH_7aa4261a7cb74a7cb6dc3ff6f37c2f8c/gnocchi.3f877dee-e913-4a9f-9d74-1bcf27cdf938?format=json&states=listing" "tx2d9f9548848b4e5daa413-006937a632" "proxy-server 12" 0.0027 "-" 22 0
Dec 9 04:31:46 standalone proxy-server[130416]: 172.18.0.2 172.18.0.100 09/Dec/2025/04/31/46 GET /v1/AUTH_7aa4261a7cb74a7cb6dc3ff6f37c2f8c/gnocchi.3f877dee-e913-4a9f-9d74-1bcf27cdf938%3Fformat%3Djson%26states%3Dlisting HTTP/1.0 200 - python-swiftclient-3.11.1 gAAAAABpN6Xpi1Ur... - 2 - tx2d9f9548848b4e5daa413-006937a632 - 0.0213 - - 1765254706.813812256 1765254706.835105419 0
Dec 9 04:31:46 standalone object-server[128587]: 172.20.0.100 - - [09/Dec/2025:04:31:46 +0000] "GET /d1/333/AUTH_7aa4261a7cb74a7cb6dc3ff6f37c2f8c/gnocchi.3f877dee-e913-4a9f-9d74-1bcf27cdf938/1764720000.0_mean_300.0_v3" 404 70 "GET http://172.18.0.2:8080/v1/AUTH_7aa4261a7cb74a7cb6dc3ff6f37c2f8c/gnocchi.3f877dee-e913-4a9f-9d74-1bcf27cdf938/1764720000.0_mean_300.0_v3" "txde5b578b50984a0bb93bb-006937a632" "proxy-server 12" 0.0004 "-" 25 0
Dec 9 04:31:46 standalone proxy-server[130416]: 172.18.0.2 172.18.0.100 09/Dec/2025/04/31/46 GET /v1/AUTH_7aa4261a7cb74a7cb6dc3ff6f37c2f8c/gnocchi.3f877dee-e913-4a9f-9d74-1bcf27cdf938/1764720000.0_mean_300.0_v3 HTTP/1.0 404 - python-swiftclient-3.11.1 gAAAAABpN6Xpi1Ur... - 70 - txde5b578b50984a0bb93bb-006937a632 - 0.0060 - - 1765254706.838572502 1765254706.844568491 0
Dec 9 04:31:46 standalone container-server[128394]: 172.20.0.100 - - [09/Dec/2025:04:31:46 +0000] "PUT /d1/127/AUTH_7aa4261a7cb74a7cb6dc3ff6f37c2f8c/gnocchi.3f877dee-e913-4a9f-9d74-1bcf27cdf938/1764720000.0_mean_300.0_v3" 201 - "PUT http://172.18.0.2:8080/d1/333/AUTH_7aa4261a7cb74a7cb6dc3ff6f37c2f8c/gnocchi.3f877dee-e913-4a9f-9d74-1bcf27cdf938/1764720000.0_mean_300.0_v3" "tx06842d2b2fdb4ac1a4235-006937a632" "object-server 24" 0.0009 "-" 22 0
Dec 9 04:31:46 standalone object-server[128585]: 172.20.0.100 - - [09/Dec/2025:04:31:46 +0000] "PUT /d1/333/AUTH_7aa4261a7cb74a7cb6dc3ff6f37c2f8c/gnocchi.3f877dee-e913-4a9f-9d74-1bcf27cdf938/1764720000.0_mean_300.0_v3" 201 - "PUT http://172.18.0.2:8080/v1/AUTH_7aa4261a7cb74a7cb6dc3ff6f37c2f8c/gnocchi.3f877dee-e913-4a9f-9d74-1bcf27cdf938/1764720000.0_mean_300.0_v3" "tx06842d2b2fdb4ac1a4235-006937a632" "proxy-server 12" 0.0119 "-" 24 0
Dec 9 04:31:46 standalone proxy-server[130416]: 172.18.0.2 172.18.0.100 09/Dec/2025/04/31/46 PUT /v1/AUTH_7aa4261a7cb74a7cb6dc3ff6f37c2f8c/gnocchi.3f877dee-e913-4a9f-9d74-1bcf27cdf938/1764720000.0_mean_300.0_v3 HTTP/1.0 201 - python-swiftclient-3.11.1 gAAAAABpN6Xpi1Ur... 16 - - tx06842d2b2fdb4ac1a4235-006937a632 - 0.0178 - - 1765254706.846780300 1765254706.864593506 0
Dec 9 04:31:46 standalone container-server[128398]: 172.20.0.100 - - [09/Dec/2025:04:31:46 +0000] "PUT /d1/127/AUTH_7aa4261a7cb74a7cb6dc3ff6f37c2f8c/gnocchi.3f877dee-e913-4a9f-9d74-1bcf27cdf938/none_v3" 201 - "PUT http://172.18.0.2:8080/d1/662/AUTH_7aa4261a7cb74a7cb6dc3ff6f37c2f8c/gnocchi.3f877dee-e913-4a9f-9d74-1bcf27cdf938/none_v3" "tx31bd6f7e106e4f8bb70f5-006937a632" "object-server 23" 0.0012 "-" 23 0
Dec 9 04:31:46 standalone object-server[128583]: 172.20.0.100 - - [09/Dec/2025:04:31:46 +0000] "PUT /d1/662/AUTH_7aa4261a7cb74a7cb6dc3ff6f37c2f8c/gnocchi.3f877dee-e913-4a9f-9d74-1bcf27cdf938/none_v3" 201 - "PUT http://172.18.0.2:8080/v1/AUTH_7aa4261a7cb74a7cb6dc3ff6f37c2f8c/gnocchi.3f877dee-e913-4a9f-9d74-1bcf27cdf938/none_v3" "tx31bd6f7e106e4f8bb70f5-006937a632" "proxy-server 12" 0.0126 "-" 23 0
Dec 9 04:31:46 standalone proxy-server[130416]: 172.18.0.2 172.18.0.100 09/Dec/2025/04/31/46 PUT /v1/AUTH_7aa4261a7cb74a7cb6dc3ff6f37c2f8c/gnocchi.3f877dee-e913-4a9f-9d74-1bcf27cdf938/none_v3 HTTP/1.0 201 - python-swiftclient-3.11.1 gAAAAABpN6Xpi1Ur... 22 - - tx31bd6f7e106e4f8bb70f5-006937a632 - 0.0197 - - 1765254706.867112875 1765254706.886810303 0
Dec 9 04:31:46 standalone container-server[128386]: 172.20.0.100 - - [09/Dec/2025:04:31:46 +0000] "HEAD /d1/516/AUTH_7aa4261a7cb74a7cb6dc3ff6f37c2f8c/gnocchi.1646ecc2-3401-4388-9c1e-912eeeed1ac8" 404 - "HEAD http://172.18.0.2:8080/v1/AUTH_7aa4261a7cb74a7cb6dc3ff6f37c2f8c/gnocchi.1646ecc2-3401-4388-9c1e-912eeeed1ac8?format=json&states=listing" "tx6f663b8c4784448a826e9-006937a632" "proxy-server 12" 0.0006 "-" 21 0
Dec 9 04:31:46 standalone object-server[128585]: 172.20.0.100 - - [09/Dec/2025:04:31:46 +0000] "GET /d1/834/AUTH_7aa4261a7cb74a7cb6dc3ff6f37c2f8c/gnocchi.1646ecc2-3401-4388-9c1e-912eeeed1ac8/none_v3" 404 70 "GET http://172.18.0.2:8080/v1/AUTH_7aa4261a7cb74a7cb6dc3ff6f37c2f8c/gnocchi.1646ecc2-3401-4388-9c1e-912eeeed1ac8/none_v3" "tx6f663b8c4784448a826e9-006937a632" "proxy-server 12" 0.0004 "-" 24 0
Dec 9 04:31:46 standalone proxy-server[130416]: 172.18.0.2 172.18.0.100 09/Dec/2025/04/31/46 GET /v1/AUTH_7aa4261a7cb74a7cb6dc3ff6f37c2f8c/gnocchi.1646ecc2-3401-4388-9c1e-912eeeed1ac8/none_v3 HTTP/1.0 404 - python-swiftclient-3.11.1 gAAAAABpN6Xpi1Ur... - 70 - tx6f663b8c4784448a826e9-006937a632 - 0.0105 - - 1765254706.900799274 1765254706.911275148 0
Dec 9 04:31:46 standalone account-server[128305]: 172.20.0.100 - - [09/Dec/2025:04:31:46 +0000] "PUT /d1/515/AUTH_7aa4261a7cb74a7cb6dc3ff6f37c2f8c/gnocchi.1646ecc2-3401-4388-9c1e-912eeeed1ac8" 201 - "PUT http://172.20.0.100:6001/d1/516/AUTH_7aa4261a7cb74a7cb6dc3ff6f37c2f8c/gnocchi.1646ecc2-3401-4388-9c1e-912eeeed1ac8" "tx8f7bba59234e41d9ab6cd-006937a632" "container-server 23" 0.0099 "-" 22 0
Dec 9 04:31:46 standalone container-server[128398]: 172.20.0.100 - - [09/Dec/2025:04:31:46 +0000] "PUT /d1/516/AUTH_7aa4261a7cb74a7cb6dc3ff6f37c2f8c/gnocchi.1646ecc2-3401-4388-9c1e-912eeeed1ac8" 201 - "PUT http://172.18.0.2:8080/v1/AUTH_7aa4261a7cb74a7cb6dc3ff6f37c2f8c/gnocchi.1646ecc2-3401-4388-9c1e-912eeeed1ac8" "tx8f7bba59234e41d9ab6cd-006937a632" "proxy-server 12" 0.0239 "-" 23 0
Dec 9 04:31:46 standalone proxy-server[130416]: 172.18.0.2 172.18.0.100 09/Dec/2025/04/31/46 PUT /v1/AUTH_7aa4261a7cb74a7cb6dc3ff6f37c2f8c/gnocchi.1646ecc2-3401-4388-9c1e-912eeeed1ac8 HTTP/1.0 201 - python-swiftclient-3.11.1 gAAAAABpN6Xpi1Ur... - - - tx8f7bba59234e41d9ab6cd-006937a632 - 0.0289 - - 1765254706.913553238 1765254706.942483425 0
Dec 9 04:31:46 standalone container-server[128386]: 172.20.0.100 - - [09/Dec/2025:04:31:46 +0000] "HEAD /d1/516/AUTH_7aa4261a7cb74a7cb6dc3ff6f37c2f8c/gnocchi.1646ecc2-3401-4388-9c1e-912eeeed1ac8" 204 - "HEAD http://172.18.0.2:8080/v1/AUTH_7aa4261a7cb74a7cb6dc3ff6f37c2f8c/gnocchi.1646ecc2-3401-4388-9c1e-912eeeed1ac8?format=json&states=listing" "txc61b0ec013c24e0badf71-006937a632" "proxy-server 12" 0.0017 "-" 21 0
Dec 9 04:31:46 standalone proxy-server[130416]: - - 09/Dec/2025/04/31/46 HEAD /v1/AUTH_7aa4261a7cb74a7cb6dc3ff6f37c2f8c/gnocchi.1646ecc2-3401-4388-9c1e-912eeeed1ac8%3Fformat%3Djson%26states%3Dlisting HTTP/1.0 204 - Swift - - - - txc61b0ec013c24e0badf71-006937a632 - 0.0075 RL - 1765254706.947324514 1765254706.954797506 0
Dec 9 04:31:46 standalone container-server[128381]: 172.20.0.100 - - [09/Dec/2025:04:31:46 +0000] "GET /d1/516/AUTH_7aa4261a7cb74a7cb6dc3ff6f37c2f8c/gnocchi.1646ecc2-3401-4388-9c1e-912eeeed1ac8" 200 2 "GET http://172.18.0.2:8080/v1/AUTH_7aa4261a7cb74a7cb6dc3ff6f37c2f8c/gnocchi.1646ecc2-3401-4388-9c1e-912eeeed1ac8?format=json&states=listing" "txc61b0ec013c24e0badf71-006937a632" "proxy-server 12" 0.0054 "-" 20 0
Dec 9 04:31:47 standalone proxy-server[130416]: 172.18.0.2 172.18.0.100 09/Dec/2025/04/31/47 GET /v1/AUTH_7aa4261a7cb74a7cb6dc3ff6f37c2f8c/gnocchi.1646ecc2-3401-4388-9c1e-912eeeed1ac8%3Fformat%3Djson%26states%3Dlisting HTTP/1.0 200 - python-swiftclient-3.11.1 gAAAAABpN6Xpi1Ur... - 2 - txc61b0ec013c24e0badf71-006937a632 - 0.0862 - - 1765254706.946275473 1765254707.032441378 0
Dec 9 04:31:47 standalone object-server[128582]: 172.20.0.100 - - [09/Dec/2025:04:31:47 +0000] "GET /d1/72/AUTH_7aa4261a7cb74a7cb6dc3ff6f37c2f8c/gnocchi.1646ecc2-3401-4388-9c1e-912eeeed1ac8/1764720000.0_mean_300.0_v3" 404 70 "GET http://172.18.0.2:8080/v1/AUTH_7aa4261a7cb74a7cb6dc3ff6f37c2f8c/gnocchi.1646ecc2-3401-4388-9c1e-912eeeed1ac8/1764720000.0_mean_300.0_v3" "txe80143875b7448628142f-006937a633" "proxy-server 12" 0.0008 "-" 22 0
Dec 9 04:31:47 standalone proxy-server[130416]: 172.18.0.2 172.18.0.100 09/Dec/2025/04/31/47 GET /v1/AUTH_7aa4261a7cb74a7cb6dc3ff6f37c2f8c/gnocchi.1646ecc2-3401-4388-9c1e-912eeeed1ac8/1764720000.0_mean_300.0_v3 HTTP/1.0 404 - python-swiftclient-3.11.1 gAAAAABpN6Xpi1Ur... - 70 - txe80143875b7448628142f-006937a633 - 0.0068 - - 1765254707.038472176 1765254707.045318842 0
Dec 9 04:31:47 standalone container-server[128398]: 172.20.0.100 - - [09/Dec/2025:04:31:47 +0000] "PUT /d1/516/AUTH_7aa4261a7cb74a7cb6dc3ff6f37c2f8c/gnocchi.1646ecc2-3401-4388-9c1e-912eeeed1ac8/1764720000.0_mean_300.0_v3" 201 - "PUT http://172.18.0.2:8080/d1/72/AUTH_7aa4261a7cb74a7cb6dc3ff6f37c2f8c/gnocchi.1646ecc2-3401-4388-9c1e-912eeeed1ac8/1764720000.0_mean_300.0_v3" "txcebbb187ac574fb9a4aef-006937a633" "object-server 23" 0.0013 "-" 23 0
Dec 9 04:31:47 standalone object-server[128583]: 172.20.0.100 - - [09/Dec/2025:04:31:47 +0000] "PUT /d1/72/AUTH_7aa4261a7cb74a7cb6dc3ff6f37c2f8c/gnocchi.1646ecc2-3401-4388-9c1e-912eeeed1ac8/1764720000.0_mean_300.0_v3" 201 - "PUT http://172.18.0.2:8080/v1/AUTH_7aa4261a7cb74a7cb6dc3ff6f37c2f8c/gnocchi.1646ecc2-3401-4388-9c1e-912eeeed1ac8/1764720000.0_mean_300.0_v3" "txcebbb187ac574fb9a4aef-006937a633" "proxy-server 12" 0.0186 "-" 23 0
