Nov 24 14:36:56.742965 np0005533992.novalocal devstack@g-api.service[123918]: WARNING glance.api.v2.images [None req-c8a04985-d5ba-4de8-863a-43a7a1494f28 tempest-VolumesActionsTest-452999304 tempest-VolumesActionsTest-452999304-project-member] After upload to backend, deletion of staged image data has failed because it cannot be found at /tmp/staging//d961a43f-b849-48c4-9c0e-b6f7781c8f3d
Nov 24 14:36:56.743735 np0005533992.novalocal devstack@g-api.service[123918]: DEBUG glance_store.backend [None req-c8a04985-d5ba-4de8-863a-43a7a1494f28 tempest-VolumesActionsTest-452999304 tempest-VolumesActionsTest-452999304-project-member] Attempting to import store swift {{(pid=123918) _load_store /usr/local/lib/python3.12/site-packages/glance_store/backend.py:215}}
Nov 24 14:36:56.745882 np0005533992.novalocal devstack@g-api.service[123918]: DEBUG glance_store.capabilities [None req-c8a04985-d5ba-4de8-863a-43a7a1494f28 tempest-VolumesActionsTest-452999304 tempest-VolumesActionsTest-452999304-project-member] Store glance_store._drivers.swift.store.SingleTenantStore doesn't support updating dynamic storage capabilities. Please overwrite 'update_capabilities' method of the store to implement updating logics if needed. {{(pid=123918) update_capabilities /usr/local/lib/python3.12/site-packages/glance_store/capabilities.py:91}}
Nov 24 14:36:56.746088 np0005533992.novalocal devstack@g-api.service[123918]: DEBUG glance_store.driver [None req-c8a04985-d5ba-4de8-863a-43a7a1494f28 tempest-VolumesActionsTest-452999304 tempest-VolumesActionsTest-452999304-project-member] Late loading location class glance_store._drivers.swift.store.StoreLocation {{(pid=123918) get_store_location_class /usr/local/lib/python3.12/site-packages/glance_store/driver.py:134}}
Nov 24 14:36:56.746265 np0005533992.novalocal devstack@g-api.service[123918]: DEBUG glance_store.location [None req-c8a04985-d5ba-4de8-863a-43a7a1494f28 tempest-VolumesActionsTest-452999304 tempest-VolumesActionsTest-452999304-project-member] Registering scheme swift+https with {'store': , 'location_class': , 'store_entry': 'swift'} {{(pid=123918) register_scheme_map /usr/local/lib/python3.12/site-packages/glance_store/location.py:146}}
Nov 24 14:36:56.746411 np0005533992.novalocal devstack@g-api.service[123918]: DEBUG glance_store.location [None req-c8a04985-d5ba-4de8-863a-43a7a1494f28 tempest-VolumesActionsTest-452999304 tempest-VolumesActionsTest-452999304-project-member] Registering scheme swift+https with {'store': , 'location_class': , 'store_entry': 'swift'} {{(pid=123918) register_scheme_map /usr/local/lib/python3.12/site-packages/glance_store/location.py:146}}
Nov 24 14:36:56.746558 np0005533992.novalocal devstack@g-api.service[123918]: DEBUG glance_store.location [None req-c8a04985-d5ba-4de8-863a-43a7a1494f28 tempest-VolumesActionsTest-452999304 tempest-VolumesActionsTest-452999304-project-member] Registering scheme swift with {'store': , 'location_class': , 'store_entry': 'swift'} {{(pid=123918) register_scheme_map /usr/local/lib/python3.12/site-packages/glance_store/location.py:146}}
Nov 24 14:36:56.746742 np0005533992.novalocal devstack@g-api.service[123918]: DEBUG glance_store.location [None req-c8a04985-d5ba-4de8-863a-43a7a1494f28 tempest-VolumesActionsTest-452999304 tempest-VolumesActionsTest-452999304-project-member] Registering scheme swift+https with {'store': , 'location_class': , 'store_entry': 'swift'} {{(pid=123918) register_scheme_map /usr/local/lib/python3.12/site-packages/glance_store/location.py:146}}
Nov 24 14:36:56.746888 np0005533992.novalocal devstack@g-api.service[123918]: DEBUG glance_store.location [None req-c8a04985-d5ba-4de8-863a-43a7a1494f28 tempest-VolumesActionsTest-452999304 tempest-VolumesActionsTest-452999304-project-member] Registering scheme swift with {'store': , 'location_class': , 'store_entry': 'swift'} {{(pid=123918) register_scheme_map /usr/local/lib/python3.12/site-packages/glance_store/location.py:146}}
Nov 24 14:36:56.747034 np0005533992.novalocal devstack@g-api.service[123918]: DEBUG glance_store.location [None req-c8a04985-d5ba-4de8-863a-43a7a1494f28 tempest-VolumesActionsTest-452999304 tempest-VolumesActionsTest-452999304-project-member] Registering scheme swift+http with {'store': , 'location_class': , 'store_entry': 'swift'} {{(pid=123918) register_scheme_map /usr/local/lib/python3.12/site-packages/glance_store/location.py:146}}
Nov 24 14:36:56.747181 np0005533992.novalocal devstack@g-api.service[123918]: DEBUG glance_store.location [None req-c8a04985-d5ba-4de8-863a-43a7a1494f28 tempest-VolumesActionsTest-452999304 tempest-VolumesActionsTest-452999304-project-member] Registering scheme swift+https with {'store': , 'location_class': , 'store_entry': 'swift'} {{(pid=123918) register_scheme_map /usr/local/lib/python3.12/site-packages/glance_store/location.py:146}}
Nov 24 14:36:56.747452 np0005533992.novalocal devstack@g-api.service[123918]: DEBUG glance_store.location [None req-c8a04985-d5ba-4de8-863a-43a7a1494f28 tempest-VolumesActionsTest-452999304 tempest-VolumesActionsTest-452999304-project-member] Registering scheme swift with {'store': , 'location_class': , 'store_entry': 'swift'} {{(pid=123918) register_scheme_map /usr/local/lib/python3.12/site-packages/glance_store/location.py:146}}
Nov 24 14:36:56.747654 np0005533992.novalocal devstack@g-api.service[123918]: DEBUG glance_store.location [None req-c8a04985-d5ba-4de8-863a-43a7a1494f28 tempest-VolumesActionsTest-452999304 tempest-VolumesActionsTest-452999304-project-member] Registering scheme swift+http with {'store': , 'location_class': , 'store_entry': 'swift'} {{(pid=123918) register_scheme_map /usr/local/lib/python3.12/site-packages/glance_store/location.py:146}}
Nov 24 14:36:56.747810 np0005533992.novalocal devstack@g-api.service[123918]: DEBUG glance_store.location [None req-c8a04985-d5ba-4de8-863a-43a7a1494f28 tempest-VolumesActionsTest-452999304 tempest-VolumesActionsTest-452999304-project-member] Registering scheme swift+config with {'store': , 'location_class': , 'store_entry': 'swift'} {{(pid=123918) register_scheme_map /usr/local/lib/python3.12/site-packages/glance_store/location.py:146}}
Nov 24 14:36:56.748956 np0005533992.novalocal devstack@g-api.service[123918]: DEBUG keystoneclient.auth.identity.v3.base [None req-c8a04985-d5ba-4de8-863a-43a7a1494f28 tempest-VolumesActionsTest-452999304 tempest-VolumesActionsTest-452999304-project-member] Making authentication request to https://38.102.83.12/identity/v3/auth/tokens {{(pid=123918) get_auth_ref /usr/local/lib/python3.12/site-packages/keystoneclient/auth/identity/v3/base.py:185}}
Nov 24 14:36:56.793790 np0005533992.novalocal devstack@g-api.service[123917]: [pid: 123917|app: 0|req: 714/1466] 127.0.0.1 () {42 vars in 858 bytes} [Mon Nov 24 14:36:56 2025] POST /v2/metadefs/namespaces => generated 386 bytes in 148 msecs (HTTP/1.1 201) 5 headers in 247 bytes (1 switches on core 0)
Nov 24 14:36:56.802084 np0005533992.novalocal devstack@g-api.service[123917]: DEBUG glance.api.middleware.version_negotiation [None req-47c9697a-6ca6-41c9-819d-8beae4de96cb tempest-MetadataNamespaceTagsTest-1979605091 tempest-MetadataNamespaceTagsTest-1979605091-project-admin] Determining version of request: POST /v2/metadefs/namespaces/tempest-test-ns-1679654682/tags Accept: application/json {{(pid=123917) process_request /opt/stack/glance/glance/api/middleware/version_negotiation.py:44}}
Nov 24 14:36:56.802084 np0005533992.novalocal devstack@g-api.service[123917]: DEBUG glance.api.middleware.version_negotiation [None req-47c9697a-6ca6-41c9-819d-8beae4de96cb tempest-MetadataNamespaceTagsTest-1979605091 tempest-MetadataNamespaceTagsTest-1979605091-project-admin] Using url versioning {{(pid=123917) process_request /opt/stack/glance/glance/api/middleware/version_negotiation.py:57}}
Nov 24 14:36:56.802084 np0005533992.novalocal devstack@g-api.service[123917]: DEBUG glance.api.middleware.version_negotiation [None req-47c9697a-6ca6-41c9-819d-8beae4de96cb tempest-MetadataNamespaceTagsTest-1979605091 tempest-MetadataNamespaceTagsTest-1979605091-project-admin] Matched version: v2 {{(pid=123917) process_request /opt/stack/glance/glance/api/middleware/version_negotiation.py:69}}
Nov 24 14:36:56.802084 np0005533992.novalocal devstack@g-api.service[123917]: DEBUG glance.api.middleware.version_negotiation [None req-47c9697a-6ca6-41c9-819d-8beae4de96cb tempest-MetadataNamespaceTagsTest-1979605091 tempest-MetadataNamespaceTagsTest-1979605091-project-admin] new path /v2/metadefs/namespaces/tempest-test-ns-1679654682/tags {{(pid=123917) process_request /opt/stack/glance/glance/api/middleware/version_negotiation.py:70}}
Nov 24 14:36:56.803503 np0005533992.novalocal devstack@g-api.service[123918]: DEBUG keystoneclient.auth.identity.v3.base [None req-c8a04985-d5ba-4de8-863a-43a7a1494f28 tempest-VolumesActionsTest-452999304 tempest-VolumesActionsTest-452999304-project-member] {"token": {"methods": ["password"], "user": {"domain": {"id": "default", "name": "Default"}, "id": "caa608662252404d82cdb40152e23c74", "name": "glance-swift", "password_expires_at": null}, "audit_ids": ["VhLe5CVMS2mDNMDLN6dX0g"], "expires_at": "2025-11-24T20:36:56.000000Z", "issued_at": "2025-11-24T19:36:56.000000Z", "project": {"domain": {"id": "default", "name": "Default"}, "id": "5c08b7b85f444695ba0ba401342c7909", "name": "service"}, "is_domain": false, "roles": [{"id": "28262a17a25640928bc849a28461399b", "name": "ResellerAdmin"}, {"id": "71b971d328114e39ac9fad6c5d3a63b1", "name": "service"}], "catalog": [{"endpoints": [{"id": "a4edff8bbf6a416ca9c4cbf0c9b60514", "interface": "public", "region_id": "RegionOne", "url": "https://38.102.83.12/placement", "region": "RegionOne"}], "id": "267e667ddd5447eda4944c5de2629dc9", "type": "placement", "name": "placement"}, {"endpoints": [{"id": "e0ba4d6107094742866ea091e2e13eee", "interface": "public", "region_id": "RegionOne", "url": "https://38.102.83.12/image", "region": "RegionOne"}], "id": "557813dd8cd7445aa9e913f875abcf20", "type": "image", "name": "glance"}, {"endpoints": [{"id": "989aa73e96f54665afe3662e2a64660a", "interface": "public", "region_id": "RegionOne", "url": "https://38.102.83.12/volume/v3", "region": "RegionOne"}], "id": "66153b2cd0384818b6c60d6bf016cab8", "type": "block-storage", "name": "cinder"}, {"endpoints": [{"id": "cbc82151f28e46e9bd48b70878552cd3", "interface": "admin", "region_id": "RegionOne", "url": "https://38.102.83.12:8080", "region": "RegionOne"}, {"id": "e5464306cd8f4e17851c9fba6349c1bb", "interface": "public", "region_id": "RegionOne", "url": "https://38.102.83.12:8080/v1/AUTH_5c08b7b85f444695ba0ba401342c7909", "region": "RegionOne"}], "id": "a1447d103d2c4593aa430fae1f33b038", "type": "object-store", "name": "swift"}, {"endpoints": [{"id": "557d16119232497192cc7d338ddc7604", "interface": "public", "region_id": "RegionOne", "url": "https://38.102.83.12/identity", "region": "RegionOne"}], "id": "b4592866306c4d2d89a4e8c9480b68ac", "type": "identity", "name": "keystone"}, {"endpoints": [{"id": "17e52c418bd4486c885916b1b92bea92", "interface": "public", "region_id": "RegionOne", "url": "https://38.102.83.12/compute/v2/5c08b7b85f444695ba0ba401342c7909", "region": "RegionOne"}], "id": "e97e43d9d0314d7a92c2e8c2ce7e7294", "type": "compute_legacy", "name": "nova_legacy"}, {"endpoints": [{"id": "a278c85ad80b4a3b882e255f5211afd8", "interface": "public", "region_id": "RegionOne", "url": "https://38.102.83.12/compute/v2.1", "region": "RegionOne"}], "id": "ef21cd6c5546415bad74534e44ca5e68", "type": "compute", "name": "nova"}, {"endpoints": [{"id": "256a46fb6a7647de8b6d2e0891f981c6", "interface": "public", "region_id": "RegionOne", "url": "https://38.102.83.12/networking", "region": "RegionOne"}], "id": "f8d214e24ac444349f6d457282ca8e03", "type": "network", "name": "neutron"}]}} {{(pid=123918) get_auth_ref /usr/local/lib/python3.12/site-packages/keystoneclient/auth/identity/v3/base.py:190}}
Nov 24 14:36:56.803981 np0005533992.novalocal devstack@g-api.service[123918]: DEBUG keystoneclient.httpclient [None req-c8a04985-d5ba-4de8-863a-43a7a1494f28 tempest-VolumesActionsTest-452999304 tempest-VolumesActionsTest-452999304-project-member] Failed to find endpoint for management url admin endpoint for identity service not found {{(pid=123918) _process_management_url /usr/local/lib/python3.12/site-packages/keystoneclient/httpclient.py:670}}
Nov 24 14:36:56.831028 np0005533992.novalocal devstack@g-api.service[123917]: [pid: 123917|app: 0|req: 715/1467] 127.0.0.1 () {42 vars in 921 bytes} [Mon Nov 24 14:36:56 2025] POST /v2/metadefs/namespaces/tempest-test-ns-1679654682/tags => generated 85 bytes in 29 msecs (HTTP/1.1 201) 4 headers in 161 bytes (1 switches on core 0)
Nov 24 14:36:56.842868 np0005533992.novalocal devstack@g-api.service[123917]: DEBUG glance.api.middleware.version_negotiation [None req-b9f2b9a1-8efb-42b4-bc36-1a6e58c0f925 tempest-MetadataNamespaceTagsTest-1979605091 tempest-MetadataNamespaceTagsTest-1979605091-project-admin] Determining version of request: GET /v2/metadefs/namespaces/tempest-test-ns-1679654682/tags Accept: application/json {{(pid=123917) process_request /opt/stack/glance/glance/api/middleware/version_negotiation.py:44}}
Nov 24 14:36:56.842989 np0005533992.novalocal devstack@g-api.service[123917]: DEBUG glance.api.middleware.version_negotiation [None req-b9f2b9a1-8efb-42b4-bc36-1a6e58c0f925 tempest-MetadataNamespaceTagsTest-1979605091 tempest-MetadataNamespaceTagsTest-1979605091-project-admin] Using url versioning {{(pid=123917) process_request /opt/stack/glance/glance/api/middleware/version_negotiation.py:57}}
Nov 24 14:36:56.843154 np0005533992.novalocal devstack@g-api.service[123917]: DEBUG glance.api.middleware.version_negotiation [None req-b9f2b9a1-8efb-42b4-bc36-1a6e58c0f925 tempest-MetadataNamespaceTagsTest-1979605091 tempest-MetadataNamespaceTagsTest-1979605091-project-admin] Matched version: v2 {{(pid=123917) process_request /opt/stack/glance/glance/api/middleware/version_negotiation.py:69}}
Nov 24 14:36:56.843262 np0005533992.novalocal devstack@g-api.service[123917]: DEBUG glance.api.middleware.version_negotiation [None req-b9f2b9a1-8efb-42b4-bc36-1a6e58c0f925 tempest-MetadataNamespaceTagsTest-1979605091 tempest-MetadataNamespaceTagsTest-1979605091-project-admin] new path /v2/metadefs/namespaces/tempest-test-ns-1679654682/tags {{(pid=123917) process_request /opt/stack/glance/glance/api/middleware/version_negotiation.py:70}}
Nov 24 14:36:56.854134 np0005533992.novalocal devstack@g-api.service[123917]: [pid: 123917|app: 0|req: 716/1468] 127.0.0.1 () {40 vars in 900 bytes} [Mon Nov 24 14:36:56 2025] GET /v2/metadefs/namespaces/tempest-test-ns-1679654682/tags => generated 85 bytes in 11 msecs (HTTP/1.1 200) 4 headers in 156 bytes (1 switches on core 0)
Nov 24 14:36:56.865289 np0005533992.novalocal devstack@g-api.service[123917]: DEBUG glance.api.middleware.version_negotiation [None req-1b171f8f-e2fd-40d9-8b03-eafc4838e7fa tempest-MetadataNamespaceTagsTest-1979605091 tempest-MetadataNamespaceTagsTest-1979605091-project-admin] Determining version of request: DELETE /v2/metadefs/namespaces/tempest-test-ns-1679654682/tags Accept: application/json {{(pid=123917) process_request /opt/stack/glance/glance/api/middleware/version_negotiation.py:44}}
Nov 24 14:36:56.865534 np0005533992.novalocal devstack@g-api.service[123917]: DEBUG glance.api.middleware.version_negotiation [None req-1b171f8f-e2fd-40d9-8b03-eafc4838e7fa tempest-MetadataNamespaceTagsTest-1979605091 tempest-MetadataNamespaceTagsTest-1979605091-project-admin] Using url versioning {{(pid=123917) process_request /opt/stack/glance/glance/api/middleware/version_negotiation.py:57}}
Nov 24 14:36:56.865808 np0005533992.novalocal devstack@g-api.service[123917]: DEBUG glance.api.middleware.version_negotiation [None req-1b171f8f-e2fd-40d9-8b03-eafc4838e7fa tempest-MetadataNamespaceTagsTest-1979605091 tempest-MetadataNamespaceTagsTest-1979605091-project-admin] Matched version: v2 {{(pid=123917) process_request /opt/stack/glance/glance/api/middleware/version_negotiation.py:69}}
Nov 24 14:36:56.865980 np0005533992.novalocal devstack@g-api.service[123917]: DEBUG glance.api.middleware.version_negotiation [None req-1b171f8f-e2fd-40d9-8b03-eafc4838e7fa tempest-MetadataNamespaceTagsTest-1979605091 tempest-MetadataNamespaceTagsTest-1979605091-project-admin] new path /v2/metadefs/namespaces/tempest-test-ns-1679654682/tags {{(pid=123917) process_request /opt/stack/glance/glance/api/middleware/version_negotiation.py:70}}
Nov 24 14:36:56.879801 np0005533992.novalocal devstack@g-api.service[123917]: [pid: 123917|app: 0|req: 717/1469] 127.0.0.1 () {40 vars in 903 bytes} [Mon Nov 24 14:36:56 2025] DELETE /v2/metadefs/namespaces/tempest-test-ns-1679654682/tags => generated 0 bytes in 15 msecs (HTTP/1.1 204) 4 headers in 171 bytes (1 switches on core 0)
Nov 24 14:36:56.890512 np0005533992.novalocal devstack@g-api.service[123917]: DEBUG glance.api.middleware.version_negotiation [None req-76eddd1f-df64-44c1-b178-4e9b83218dd7 tempest-MetadataNamespaceTagsTest-1979605091 tempest-MetadataNamespaceTagsTest-1979605091-project-admin] Determining version of request: GET /v2/metadefs/namespaces/tempest-test-ns-1679654682/tags Accept: application/json {{(pid=123917) process_request /opt/stack/glance/glance/api/middleware/version_negotiation.py:44}}
Nov 24 14:36:56.890761 np0005533992.novalocal devstack@g-api.service[123917]: DEBUG glance.api.middleware.version_negotiation [None req-76eddd1f-df64-44c1-b178-4e9b83218dd7 tempest-MetadataNamespaceTagsTest-1979605091 tempest-MetadataNamespaceTagsTest-1979605091-project-admin] Using url versioning {{(pid=123917) process_request /opt/stack/glance/glance/api/middleware/version_negotiation.py:57}}
Nov 24 14:36:56.890982 np0005533992.novalocal devstack@g-api.service[123917]: DEBUG glance.api.middleware.version_negotiation [None req-76eddd1f-df64-44c1-b178-4e9b83218dd7 tempest-MetadataNamespaceTagsTest-1979605091 tempest-MetadataNamespaceTagsTest-1979605091-project-admin] Matched version: v2 {{(pid=123917) process_request /opt/stack/glance/glance/api/middleware/version_negotiation.py:69}}
Nov 24 14:36:56.891161 np0005533992.novalocal devstack@g-api.service[123917]: DEBUG glance.api.middleware.version_negotiation [None req-76eddd1f-df64-44c1-b178-4e9b83218dd7 tempest-MetadataNamespaceTagsTest-1979605091 tempest-MetadataNamespaceTagsTest-1979605091-project-admin] new path /v2/metadefs/namespaces/tempest-test-ns-1679654682/tags {{(pid=123917) process_request /opt/stack/glance/glance/api/middleware/version_negotiation.py:70}}
Nov 24 14:36:56.905314 np0005533992.novalocal devstack@g-api.service[123917]: [pid: 123917|app: 0|req: 718/1470] 127.0.0.1 () {40 vars in 900 bytes} [Mon Nov 24 14:36:56 2025] GET /v2/metadefs/namespaces/tempest-test-ns-1679654682/tags => generated 12 bytes in 15 msecs (HTTP/1.1 200) 4 headers in 156 bytes (1 switches on core 0)
Nov 24 14:36:56.905362 np0005533992.novalocal devstack@g-api.service[123918]: DEBUG swiftclient [None req-c8a04985-d5ba-4de8-863a-43a7a1494f28 tempest-VolumesActionsTest-452999304 tempest-VolumesActionsTest-452999304-project-member] REQ: curl -i https://38.102.83.12:8080/v1/AUTH_5c08b7b85f444695ba0ba401342c7909/glance/d961a43f-b849-48c4-9c0e-b6f7781c8f3d -I -H "X-Auth-Token: gAAAAABpJLPYbfEo..." {{(pid=123918) http_log /usr/local/lib/python3.12/site-packages/swiftclient/client.py:160}}
Nov 24 14:36:56.905519 np0005533992.novalocal devstack@g-api.service[123918]: DEBUG swiftclient [None req-c8a04985-d5ba-4de8-863a-43a7a1494f28 tempest-VolumesActionsTest-452999304 tempest-VolumesActionsTest-452999304-project-member] RESP STATUS: 200 OK {{(pid=123918) http_log /usr/local/lib/python3.12/site-packages/swiftclient/client.py:161}}
Nov 24 14:36:56.905792 np0005533992.novalocal devstack@g-api.service[123918]: DEBUG swiftclient [None req-c8a04985-d5ba-4de8-863a-43a7a1494f28 tempest-VolumesActionsTest-452999304 tempest-VolumesActionsTest-452999304-project-member] RESP HEADERS: {'Date': 'Mon, 24 Nov 2025 19:36:56 GMT', 'Server': 'Apache/2.4.63 (CentOS Stream) OpenSSL/3.5.1 mod_wsgi/5.0.0 Python/3.12', 'Content-Type': 'application/octet-stream', 'Content-Length': '197120', 'X-Object-Manifest': 'glance/d961a43f-b849-48c4-9c0e-b6f7781c8f3d-', 'Last-Modified': 'Mon, 24 Nov 2025 19:36:56 GMT', 'X-Timestamp': '1764013015.61102', 'Accept-Ranges': 'bytes', 'Etag': '"5a4398e4aa5fee4b4fe314a7c47aa547"', 'X-Trans-Id': 'txb9cc1d98b2824564ab2fc-006924b3d8', 'X-Openstack-Request-Id': 'txb9cc1d98b2824564ab2fc-006924b3d8', 'Connection': 'close'} {{(pid=123918) http_log /usr/local/lib/python3.12/site-packages/swiftclient/client.py:162}}
Nov 24 14:36:56.914311 np0005533992.novalocal devstack@g-api.service[123917]: DEBUG glance.api.middleware.version_negotiation [None req-e6d3fdb2-9da9-4c47-8086-56902eec214c tempest-MetadataNamespaceTagsTest-1979605091 tempest-MetadataNamespaceTagsTest-1979605091-project-admin] Determining version of request: DELETE /v2/metadefs/namespaces/tempest-test-ns-1679654682/tags Accept: application/json {{(pid=123917) process_request /opt/stack/glance/glance/api/middleware/version_negotiation.py:44}}
Nov 24 14:36:56.914617 np0005533992.novalocal devstack@g-api.service[123917]: DEBUG glance.api.middleware.version_negotiation [None req-e6d3fdb2-9da9-4c47-8086-56902eec214c tempest-MetadataNamespaceTagsTest-1979605091 tempest-MetadataNamespaceTagsTest-1979605091-project-admin] Using url versioning {{(pid=123917) process_request /opt/stack/glance/glance/api/middleware/version_negotiation.py:57}}
Nov 24 14:36:56.914832 np0005533992.novalocal devstack@g-api.service[123917]: DEBUG glance.api.middleware.version_negotiation [None req-e6d3fdb2-9da9-4c47-8086-56902eec214c tempest-MetadataNamespaceTagsTest-1979605091 tempest-MetadataNamespaceTagsTest-1979605091-project-admin] Matched version: v2 {{(pid=123917) process_request /opt/stack/glance/glance/api/middleware/version_negotiation.py:69}}
Nov 24 14:36:56.915000 np0005533992.novalocal devstack@g-api.service[123917]: DEBUG glance.api.middleware.version_negotiation [None req-e6d3fdb2-9da9-4c47-8086-56902eec214c tempest-MetadataNamespaceTagsTest-1979605091 tempest-MetadataNamespaceTagsTest-1979605091-project-admin] new path /v2/metadefs/namespaces/tempest-test-ns-1679654682/tags {{(pid=123917) process_request /opt/stack/glance/glance/api/middleware/version_negotiation.py:70}}
Nov 24 14:36:56.925518 np0005533992.novalocal devstack@g-api.service[123917]: [pid: 123917|app: 0|req: 719/1471] 127.0.0.1 () {40 vars in 903 bytes} [Mon Nov 24 14:36:56 2025] DELETE /v2/metadefs/namespaces/tempest-test-ns-1679654682/tags => generated 0 bytes in 11 msecs (HTTP/1.1 204) 4 headers in 171 bytes (1 switches on core 0)
Nov 24 14:36:56.927153 np0005533992.novalocal devstack@g-api.service[123918]: DEBUG swiftclient [None req-c8a04985-d5ba-4de8-863a-43a7a1494f28 tempest-VolumesActionsTest-452999304 tempest-VolumesActionsTest-452999304-project-member] REQ: curl -i https://38.102.83.12:8080/v1/AUTH_5c08b7b85f444695ba0ba401342c7909/glance?format=json&prefix=d961a43f-b849-48c4-9c0e-b6f7781c8f3d- -X GET -H "X-Auth-Token: gAAAAABpJLPYbfEo..." -H "Accept-Encoding: gzip" {{(pid=123918) http_log /usr/local/lib/python3.12/site-packages/swiftclient/client.py:160}}
Nov 24 14:36:56.927315 np0005533992.novalocal devstack@g-api.service[123918]: DEBUG swiftclient [None req-c8a04985-d5ba-4de8-863a-43a7a1494f28 tempest-VolumesActionsTest-452999304 tempest-VolumesActionsTest-452999304-project-member] RESP STATUS: 200 OK {{(pid=123918) http_log /usr/local/lib/python3.12/site-packages/swiftclient/client.py:161}}
Nov 24 14:36:56.927577 np0005533992.novalocal devstack@g-api.service[123918]: DEBUG swiftclient [None req-c8a04985-d5ba-4de8-863a-43a7a1494f28 tempest-VolumesActionsTest-452999304 tempest-VolumesActionsTest-452999304-project-member] RESP HEADERS: {'Date': 'Mon, 24 Nov 2025 19:36:56 GMT', 'Server': 'Apache/2.4.63 (CentOS Stream) OpenSSL/3.5.1 mod_wsgi/5.0.0 Python/3.12', 'Content-Type': 'application/json; charset=utf-8', 'Content-Length': '208', 'X-Container-Object-Count': '10', 'X-Container-Bytes-Used': '1138295296', 'X-Timestamp': '1764011508.46599', 'Last-Modified': 'Mon, 24 Nov 2025 19:11:49 GMT', 'Accept-Ranges': 'bytes', 'X-Storage-Policy': 'Policy-0', 'X-Container-Sharding': 'False', 'X-Trans-Id': 'tx08306392aa9e435e8753f-006924b3d8', 'X-Openstack-Request-Id': 'tx08306392aa9e435e8753f-006924b3d8', 'Connection': 'close'} {{(pid=123918) http_log /usr/local/lib/python3.12/site-packages/swiftclient/client.py:162}}
Nov 24 14:36:56.927842 np0005533992.novalocal devstack@g-api.service[123918]: DEBUG swiftclient [None req-c8a04985-d5ba-4de8-863a-43a7a1494f28 tempest-VolumesActionsTest-452999304 tempest-VolumesActionsTest-452999304-project-member] RESP BODY: b'[{"bytes": 197120, "hash": "c68439d39a2d449547b4c010d7f01866", "name": "d961a43f-b849-48c4-9c0e-b6f7781c8f3d-00001", "content_type": "application/octet-stream", "last_modified": "2025-11-24T19:36:55.574660"}]' {{(pid=123918) http_log /usr/local/lib/python3.12/site-packages/swiftclient/client.py:166}}
Nov 24 14:36:56.934716 np0005533992.novalocal devstack@g-api.service[123917]: DEBUG glance.api.middleware.version_negotiation [None req-d28801f1-a1ed-49e3-aeb8-be468c8c81b0 tempest-MetadataNamespaceTagsTest-1979605091 tempest-MetadataNamespaceTagsTest-1979605091-project-admin] Determining version of request: DELETE /v2/metadefs/namespaces/tempest-test-ns-1679654682 Accept: application/json {{(pid=123917) process_request /opt/stack/glance/glance/api/middleware/version_negotiation.py:44}}
Nov 24 14:36:56.934981 np0005533992.novalocal devstack@g-api.service[123917]: DEBUG glance.api.middleware.version_negotiation [None req-d28801f1-a1ed-49e3-aeb8-be468c8c81b0 tempest-MetadataNamespaceTagsTest-1979605091 tempest-MetadataNamespaceTagsTest-1979605091-project-admin] Using url versioning {{(pid=123917) process_request /opt/stack/glance/glance/api/middleware/version_negotiation.py:57}}
Nov 24 14:36:56.935187 np0005533992.novalocal devstack@g-api.service[123917]: DEBUG glance.api.middleware.version_negotiation [None req-d28801f1-a1ed-49e3-aeb8-be468c8c81b0 tempest-MetadataNamespaceTagsTest-1979605091 tempest-MetadataNamespaceTagsTest-1979605091-project-admin] Matched version: v2 {{(pid=123917) process_request /opt/stack/glance/glance/api/middleware/version_negotiation.py:69}}
Nov 24 14:36:56.935366 np0005533992.novalocal devstack@g-api.service[123917]: DEBUG glance.api.middleware.version_negotiation [None req-d28801f1-a1ed-49e3-aeb8-be468c8c81b0 tempest-MetadataNamespaceTagsTest-1979605091 tempest-MetadataNamespaceTagsTest-1979605091-project-admin] new path /v2/metadefs/namespaces/tempest-test-ns-1679654682 {{(pid=123917) process_request /opt/stack/glance/glance/api/middleware/version_negotiation.py:70}}
Nov 24 14:36:56.954053 np0005533992.novalocal devstack@g-api.service[123917]: [pid: 123917|app: 0|req: 720/1472] 127.0.0.1 () {40 vars in 893 bytes} [Mon Nov 24 14:36:56 2025] DELETE /v2/metadefs/namespaces/tempest-test-ns-1679654682 => generated 0 bytes in 19 msecs (HTTP/1.1 204) 4 headers in 171 bytes (1 switches on core 0)
Nov 24 14:36:56.956506 np0005533992.novalocal devstack@g-api.service[123918]: DEBUG swiftclient [None req-c8a04985-d5ba-4de8-863a-43a7a1494f28 tempest-VolumesActionsTest-452999304 tempest-VolumesActionsTest-452999304-project-member] REQ: curl -i https://38.102.83.12:8080/v1/AUTH_5c08b7b85f444695ba0ba401342c7909/glance/d961a43f-b849-48c4-9c0e-b6f7781c8f3d-00001 DELETE -H "X-Auth-Token: gAAAAABpJLPYbfEo..." {{(pid=123918) http_log /usr/local/lib/python3.12/site-packages/swiftclient/client.py:160}}
Nov 24 14:36:56.956701 np0005533992.novalocal devstack@g-api.service[123918]: DEBUG swiftclient [None req-c8a04985-d5ba-4de8-863a-43a7a1494f28 tempest-VolumesActionsTest-452999304 tempest-VolumesActionsTest-452999304-project-member] RESP STATUS: 204 No Content {{(pid=123918) http_log /usr/local/lib/python3.12/site-packages/swiftclient/client.py:161}}
Nov 24 14:36:56.957160 np0005533992.novalocal devstack@g-api.service[123918]: DEBUG swiftclient [None req-c8a04985-d5ba-4de8-863a-43a7a1494f28 tempest-VolumesActionsTest-452999304 tempest-VolumesActionsTest-452999304-project-member] RESP HEADERS: {'Date': 'Mon, 24 Nov 2025 19:36:56 GMT', 'Server': 'Apache/2.4.63 (CentOS Stream) OpenSSL/3.5.1 mod_wsgi/5.0.0 Python/3.12', 'Content-Type': 'text/html; charset=UTF-8', 'X-Trans-Id': 'txe717ca441da74da6a6efa-006924b3d8', 'X-Openstack-Request-Id': 'txe717ca441da74da6a6efa-006924b3d8', 'Connection': 'close'} {{(pid=123918) http_log /usr/local/lib/python3.12/site-packages/swiftclient/client.py:162}}
Nov 24 14:36:56.963645 np0005533992.novalocal devstack@g-api.service[123917]: DEBUG glance.api.middleware.version_negotiation [None req-4f09b54c-0884-4ef4-8df0-013f4cd0e7fc tempest-MetadataNamespaceTagsTest-1979605091 tempest-MetadataNamespaceTagsTest-1979605091-project-admin] Determining version of request: POST /v2/metadefs/namespaces Accept: application/json {{(pid=123917) process_request /opt/stack/glance/glance/api/middleware/version_negotiation.py:44}}
Nov 24 14:36:56.963793 np0005533992.novalocal devstack@g-api.service[123917]: DEBUG glance.api.middleware.version_negotiation [None req-4f09b54c-0884-4ef4-8df0-013f4cd0e7fc tempest-MetadataNamespaceTagsTest-1979605091 tempest-MetadataNamespaceTagsTest-1979605091-project-admin] Using url versioning {{(pid=123917) process_request /opt/stack/glance/glance/api/middleware/version_negotiation.py:57}}
Nov 24 14:36:56.963924 np0005533992.novalocal devstack@g-api.service[123917]: DEBUG glance.api.middleware.version_negotiation [None req-4f09b54c-0884-4ef4-8df0-013f4cd0e7fc tempest-MetadataNamespaceTagsTest-1979605091 tempest-MetadataNamespaceTagsTest-1979605091-project-admin] Matched version: v2 {{(pid=123917) process_request /opt/stack/glance/glance/api/middleware/version_negotiation.py:69}}
Nov 24 14:36:56.964033 np0005533992.novalocal devstack@g-api.service[123917]: DEBUG glance.api.middleware.version_negotiation [None req-4f09b54c-0884-4ef4-8df0-013f4cd0e7fc tempest-MetadataNamespaceTagsTest-1979605091 tempest-MetadataNamespaceTagsTest-1979605091-project-admin] new path /v2/metadefs/namespaces {{(pid=123917) process_request /opt/stack/glance/glance/api/middleware/version_negotiation.py:70}}
Nov 24 14:36:56.983672 np0005533992.novalocal devstack@g-api.service[123918]: DEBUG swiftclient [None req-c8a04985-d5ba-4de8-863a-43a7a1494f28 tempest-VolumesActionsTest-452999304 tempest-VolumesActionsTest-452999304-project-member] REQ: curl -i https://38.102.83.12:8080/v1/AUTH_5c08b7b85f444695ba0ba401342c7909/glance/d961a43f-b849-48c4-9c0e-b6f7781c8f3d DELETE -H "X-Auth-Token: gAAAAABpJLPYbfEo..." {{(pid=123918) http_log /usr/local/lib/python3.12/site-packages/swiftclient/client.py:160}}
Nov 24 14:36:56.983839 np0005533992.novalocal devstack@g-api.service[123918]: DEBUG swiftclient [None req-c8a04985-d5ba-4de8-863a-43a7a1494f28 tempest-VolumesActionsTest-452999304 tempest-VolumesActionsTest-452999304-project-member] RESP STATUS: 204 No Content {{(pid=123918) http_log /usr/local/lib/python3.12/site-packages/swiftclient/client.py:161}}
Nov 24 14:36:56.984055 np0005533992.novalocal devstack@g-api.service[123918]: DEBUG swiftclient [None req-c8a04985-d5ba-4de8-863a-43a7a1494f28 tempest-VolumesActionsTest-452999304 tempest-VolumesActionsTest-452999304-project-member] RESP HEADERS: {'Date': 'Mon, 24 Nov 2025 19:36:56 GMT', 'Server': 'Apache/2.4.63 (CentOS Stream) OpenSSL/3.5.1 mod_wsgi/5.0.0 Python/3.12', 'Content-Type': 'text/html; charset=UTF-8', 'X-Trans-Id': 'tx0c4a721b696845b8a098d-006924b3d8', 'X-Openstack-Request-Id': 'tx0c4a721b696845b8a098d-006924b3d8', 'Connection': 'close'} {{(pid=123918) http_log /usr/local/lib/python3.12/site-packages/swiftclient/client.py:162}}
Nov 24 14:36:56.995921 np0005533992.novalocal devstack@g-api.service[123917]: [pid: 123917|app: 0|req: 721/1473] 127.0.0.1 () {42 vars in 858 bytes} [Mon Nov 24 14:36:56 2025] POST /v2/metadefs/namespaces => generated 386 bytes in 32 msecs (HTTP/1.1 201) 5 headers in 247 bytes (1 switches on core 0)
Nov 24 14:36:57.005737 np0005533992.novalocal devstack@g-api.service[123917]: DEBUG glance.api.middleware.version_negotiation [None req-6e991383-4bd6-4334-8d10-4bf843606db1 tempest-MetadataNamespaceTagsTest-1979605091 tempest-MetadataNamespaceTagsTest-1979605091-project-admin] Determining version of request: POST /v2/metadefs/namespaces/tempest-test-ns-1304898743/tags Accept: application/json {{(pid=123917) process_request /opt/stack/glance/glance/api/middleware/version_negotiation.py:44}}
Nov 24 14:36:57.005880 np0005533992.novalocal devstack@g-api.service[123917]: DEBUG glance.api.middleware.version_negotiation [None req-6e991383-4bd6-4334-8d10-4bf843606db1 tempest-MetadataNamespaceTagsTest-1979605091 tempest-MetadataNamespaceTagsTest-1979605091-project-admin] Using url versioning {{(pid=123917) process_request /opt/stack/glance/glance/api/middleware/version_negotiation.py:57}}
Nov 24 14:36:57.006009 np0005533992.novalocal devstack@g-api.service[123917]: DEBUG glance.api.middleware.version_negotiation [None req-6e991383-4bd6-4334-8d10-4bf843606db1 tempest-MetadataNamespaceTagsTest-1979605091 tempest-MetadataNamespaceTagsTest-1979605091-project-admin] Matched version: v2 {{(pid=123917) process_request /opt/stack/glance/glance/api/middleware/version_negotiation.py:69}}
Nov 24 14:36:57.006115 np0005533992.novalocal devstack@g-api.service[123917]: DEBUG glance.api.middleware.version_negotiation [None req-6e991383-4bd6-4334-8d10-4bf843606db1 tempest-MetadataNamespaceTagsTest-1979605091 tempest-MetadataNamespaceTagsTest-1979605091-project-admin] new path /v2/metadefs/namespaces/tempest-test-ns-1304898743/tags {{(pid=123917) process_request /opt/stack/glance/glance/api/middleware/version_negotiation.py:70}}
Nov 24 14:36:57.021930 np0005533992.novalocal devstack@g-api.service[123917]: [pid: 123917|app: 0|req: 722/1474] 127.0.0.1 () {42 vars in 921 bytes} [Mon Nov 24 14:36:57 2025] POST /v2/metadefs/namespaces/tempest-test-ns-1304898743/tags => generated 85 bytes in 16 msecs (HTTP/1.1 201) 4 headers in 161 bytes (1 switches on core 0)
Nov 24 14:36:57.027064 np0005533992.novalocal devstack@g-api.service[123918]: [pid: 123918|app: 0|req: 753/1475] 127.0.0.1 () {40 vars in 887 bytes} [Mon Nov 24 14:36:56 2025] DELETE /v2/images/d961a43f-b849-48c4-9c0e-b6f7781c8f3d => generated 0 bytes in 295 msecs (HTTP/1.1 204) 4 headers in 171 bytes (1 switches on core 0)
Nov 24 14:36:57.030615 np0005533992.novalocal devstack@g-api.service[123917]: DEBUG glance.api.middleware.version_negotiation [None req-fa5b838e-4cf7-4aa7-9510-1a3d31d33a8b tempest-MetadataNamespaceTagsTest-1979605091 tempest-MetadataNamespaceTagsTest-1979605091-project-admin] Determining version of request: POST /v2/metadefs/namespaces/tempest-test-ns-1304898743/tags/tempest-tag_name-77992847 Accept: application/json {{(pid=123917) process_request /opt/stack/glance/glance/api/middleware/version_negotiation.py:44}}
Nov 24 14:36:57.030762 np0005533992.novalocal devstack@g-api.service[123917]: DEBUG glance.api.middleware.version_negotiation [None req-fa5b838e-4cf7-4aa7-9510-1a3d31d33a8b tempest-MetadataNamespaceTagsTest-1979605091 tempest-MetadataNamespaceTagsTest-1979605091-project-admin] Using url versioning {{(pid=123917) process_request /opt/stack/glance/glance/api/middleware/version_negotiation.py:57}}
Nov 24 14:36:57.030899 np0005533992.novalocal devstack@g-api.service[123917]: DEBUG glance.api.middleware.version_negotiation [None req-fa5b838e-4cf7-4aa7-9510-1a3d31d33a8b tempest-MetadataNamespaceTagsTest-1979605091 tempest-MetadataNamespaceTagsTest-1979605091-project-admin] Matched version: v2 {{(pid=123917) process_request /opt/stack/glance/glance/api/middleware/version_negotiation.py:69}}
Nov 24 14:36:57.031006 np0005533992.novalocal devstack@g-api.service[123917]: DEBUG glance.api.middleware.version_negotiation [None req-fa5b838e-4cf7-4aa7-9510-1a3d31d33a8b tempest-MetadataNamespaceTagsTest-1979605091 tempest-MetadataNamespaceTagsTest-1979605091-project-admin] new path /v2/metadefs/namespaces/tempest-test-ns-1304898743/tags/tempest-tag_name-77992847 {{(pid=123917) process_request /opt/stack/glance/glance/api/middleware/version_negotiation.py:70}}
Nov 24 14:36:57.034338 np0005533992.novalocal devstack@g-api.service[123918]: DEBUG glance.api.middleware.version_negotiation [None req-c8a04985-d5ba-4de8-863a-43a7a1494f28 tempest-VolumesActionsTest-452999304 tempest-VolumesActionsTest-452999304-project-member] Determining version of request: DELETE /v2/images/93da20bd-1e2f-4253-89a1-b7b8c0abfc03 Accept: application/json {{(pid=123918) process_request /opt/stack/glance/glance/api/middleware/version_negotiation.py:44}}
Nov 24 14:36:57.034619 np0005533992.novalocal devstack@g-api.service[123918]: DEBUG glance.api.middleware.version_negotiation [None req-c8a04985-d5ba-4de8-863a-43a7a1494f28 tempest-VolumesActionsTest-452999304 tempest-VolumesActionsTest-452999304-project-member] Using url versioning {{(pid=123918) process_request /opt/stack/glance/glance/api/middleware/version_negotiation.py:57}}
Nov 24 14:36:57.034839 np0005533992.novalocal devstack@g-api.service[123918]: DEBUG glance.api.middleware.version_negotiation [None req-c8a04985-d5ba-4de8-863a-43a7a1494f28 tempest-VolumesActionsTest-452999304 tempest-VolumesActionsTest-452999304-project-member] Matched version: v2 {{(pid=123918) process_request /opt/stack/glance/glance/api/middleware/version_negotiation.py:69}}
Nov 24 14:36:57.035018 np0005533992.novalocal devstack@g-api.service[123918]: DEBUG glance.api.middleware.version_negotiation [None req-c8a04985-d5ba-4de8-863a-43a7a1494f28 tempest-VolumesActionsTest-452999304 tempest-VolumesActionsTest-452999304-project-member] new path /v2/images/93da20bd-1e2f-4253-89a1-b7b8c0abfc03 {{(pid=123918) process_request /opt/stack/glance/glance/api/middleware/version_negotiation.py:70}}
Nov 24 14:36:57.041773 np0005533992.novalocal devstack@g-api.service[123917]: [pid: 123917|app: 0|req: 723/1476] 127.0.0.1 () {42 vars in 972 bytes} [Mon Nov 24 14:36:57 2025] POST /v2/metadefs/namespaces/tempest-test-ns-1304898743/tags/tempest-tag_name-77992847 => generated 113 bytes in 11 msecs (HTTP/1.1 201) 4 headers in 162 bytes (1 switches on core 0)
Nov 24 14:36:57.045488 np0005533992.novalocal devstack@g-api.service[123918]: WARNING glance.api.v2.images [None req-b05bdb68-6040-47ce-894f-0ae7bc6095bb tempest-VolumesActionsTest-452999304 tempest-VolumesActionsTest-452999304-project-member] After upload to backend, deletion of staged image data has failed because it cannot be found at /tmp/staging//93da20bd-1e2f-4253-89a1-b7b8c0abfc03
Nov 24 14:36:57.046275 np0005533992.novalocal devstack@g-api.service[123918]: DEBUG glance_store.backend [None req-b05bdb68-6040-47ce-894f-0ae7bc6095bb tempest-VolumesActionsTest-452999304 tempest-VolumesActionsTest-452999304-project-member] Attempting to import store swift {{(pid=123918) _load_store /usr/local/lib/python3.12/site-packages/glance_store/backend.py:215}}
Nov 24 14:36:57.048315 np0005533992.novalocal devstack@g-api.service[123918]: DEBUG glance_store.capabilities [None req-b05bdb68-6040-47ce-894f-0ae7bc6095bb tempest-VolumesActionsTest-452999304 tempest-VolumesActionsTest-452999304-project-member] Store glance_store._drivers.swift.store.SingleTenantStore doesn't support updating dynamic storage capabilities. Please overwrite 'update_capabilities' method of the store to implement updating logics if needed. {{(pid=123918) update_capabilities /usr/local/lib/python3.12/site-packages/glance_store/capabilities.py:91}}
Nov 24 14:36:57.048484 np0005533992.novalocal devstack@g-api.service[123918]: DEBUG glance_store.driver [None req-b05bdb68-6040-47ce-894f-0ae7bc6095bb tempest-VolumesActionsTest-452999304 tempest-VolumesActionsTest-452999304-project-member] Late loading location class glance_store._drivers.swift.store.StoreLocation {{(pid=123918) get_store_location_class /usr/local/lib/python3.12/site-packages/glance_store/driver.py:134}}
Nov 24 14:36:57.048703 np0005533992.novalocal devstack@g-api.service[123918]: DEBUG glance_store.location [None req-b05bdb68-6040-47ce-894f-0ae7bc6095bb tempest-VolumesActionsTest-452999304 tempest-VolumesActionsTest-452999304-project-member] Registering scheme swift+https with {'store': , 'location_class': , 'store_entry': 'swift'} {{(pid=123918) register_scheme_map /usr/local/lib/python3.12/site-packages/glance_store/location.py:146}}
Nov 24 14:36:57.049170 np0005533992.novalocal devstack@g-api.service[123918]: DEBUG glance_store.location [None req-b05bdb68-6040-47ce-894f-0ae7bc6095bb tempest-VolumesActionsTest-452999304 tempest-VolumesActionsTest-452999304-project-member] Registering scheme swift+https with {'store': , 'location_class': , 'store_entry': 'swift'} {{(pid=123918) register_scheme_map /usr/local/lib/python3.12/site-packages/glance_store/location.py:146}}
Nov 24 14:36:57.049170 np0005533992.novalocal devstack@g-api.service[123918]: DEBUG glance_store.location [None req-b05bdb68-6040-47ce-894f-0ae7bc6095bb tempest-VolumesActionsTest-452999304 tempest-VolumesActionsTest-452999304-project-member] Registering scheme swift with {'store': , 'location_class': , 'store_entry': 'swift'} {{(pid=123918) register_scheme_map /usr/local/lib/python3.12/site-packages/glance_store/location.py:146}}
Nov 24 14:36:57.049170 np0005533992.novalocal devstack@g-api.service[123918]: DEBUG glance_store.location [None req-b05bdb68-6040-47ce-894f-0ae7bc6095bb tempest-VolumesActionsTest-452999304 tempest-VolumesActionsTest-452999304-project-member] Registering scheme swift+https with {'store': , 'location_class': , 'store_entry': 'swift'} {{(pid=123918) register_scheme_map /usr/local/lib/python3.12/site-packages/glance_store/location.py:146}}
Nov 24 14:36:57.049262 np0005533992.novalocal devstack@g-api.service[123918]: DEBUG glance_store.location [None req-b05bdb68-6040-47ce-894f-0ae7bc6095bb tempest-VolumesActionsTest-452999304 tempest-VolumesActionsTest-452999304-project-member] Registering scheme swift with {'store': , 'location_class': , 'store_entry': 'swift'} {{(pid=123918) register_scheme_map /usr/local/lib/python3.12/site-packages/glance_store/location.py:146}}
Nov 24 14:36:57.049412 np0005533992.novalocal devstack@g-api.service[123918]: DEBUG glance_store.location [None req-b05bdb68-6040-47ce-894f-0ae7bc6095bb tempest-VolumesActionsTest-452999304 tempest-VolumesActionsTest-452999304-project-member] Registering scheme swift+http with {'store': , 'location_class': , 'store_entry': 'swift'} {{(pid=123918) register_scheme_map /usr/local/lib/python3.12/site-packages/glance_store/location.py:146}}
Nov 24 14:36:57.049832 np0005533992.novalocal devstack@g-api.service[123918]: DEBUG glance_store.location [None req-b05bdb68-6040-47ce-894f-0ae7bc6095bb tempest-VolumesActionsTest-452999304 tempest-VolumesActionsTest-452999304-project-member] Registering scheme swift+https with {'store': , 'location_class': , 'store_entry': 'swift'} {{(pid=123918) register_scheme_map /usr/local/lib/python3.12/site-packages/glance_store/location.py:146}}
Nov 24 14:36:57.049832 np0005533992.novalocal devstack@g-api.service[123918]: DEBUG glance_store.location [None req-b05bdb68-6040-47ce-894f-0ae7bc6095bb tempest-VolumesActionsTest-452999304 tempest-VolumesActionsTest-452999304-project-member] Registering scheme swift with {'store': , 'location_class': , 'store_entry': 'swift'} {{(pid=123918) register_scheme_map /usr/local/lib/python3.12/site-packages/glance_store/location.py:146}}
Nov 24 14:36:57.049907 np0005533992.novalocal devstack@g-api.service[123918]: DEBUG glance_store.location [None req-b05bdb68-6040-47ce-894f-0ae7bc6095bb tempest-VolumesActionsTest-452999304 tempest-VolumesActionsTest-452999304-project-member] Registering scheme swift+http with {'store': , 'location_class': , 'store_entry': 'swift'} {{(pid=123918) register_scheme_map /usr/local/lib/python3.12/site-packages/glance_store/location.py:146}}
Nov 24 14:36:57.049999 np0005533992.novalocal devstack@g-api.service[123918]: DEBUG glance_store.location [None req-b05bdb68-6040-47ce-894f-0ae7bc6095bb tempest-VolumesActionsTest-452999304 tempest-VolumesActionsTest-452999304-project-member] Registering scheme swift+config with {'store': , 'location_class': , 'store_entry': 'swift'} {{(pid=123918) register_scheme_map /usr/local/lib/python3.12/site-packages/glance_store/location.py:146}}
Nov 24 14:36:57.050687 np0005533992.novalocal devstack@g-api.service[123917]: DEBUG glance.api.middleware.version_negotiation [None req-b042acc0-373b-4ed6-a39e-4f0ed1914828 tempest-MetadataNamespaceTagsTest-1979605091 tempest-MetadataNamespaceTagsTest-1979605091-project-admin] Determining version of request: GET /v2/metadefs/namespaces/tempest-test-ns-1304898743/tags/tempest-tag_name-77992847 Accept: application/json {{(pid=123917) process_request /opt/stack/glance/glance/api/middleware/version_negotiation.py:44}}
Nov 24 14:36:57.050776 np0005533992.novalocal devstack@g-api.service[123918]: DEBUG keystoneclient.auth.identity.v3.base [None req-b05bdb68-6040-47ce-894f-0ae7bc6095bb tempest-VolumesActionsTest-452999304 tempest-VolumesActionsTest-452999304-project-member] Making authentication request to https://38.102.83.12/identity/v3/auth/tokens {{(pid=123918) get_auth_ref /usr/local/lib/python3.12/site-packages/keystoneclient/auth/identity/v3/base.py:185}}
Nov 24 14:36:57.050827 np0005533992.novalocal devstack@g-api.service[123917]: DEBUG glance.api.middleware.version_negotiation [None req-b042acc0-373b-4ed6-a39e-4f0ed1914828 tempest-MetadataNamespaceTagsTest-1979605091 tempest-MetadataNamespaceTagsTest-1979605091-project-admin] Using url versioning {{(pid=123917) process_request /opt/stack/glance/glance/api/middleware/version_negotiation.py:57}}
Nov 24 14:36:57.050956 np0005533992.novalocal devstack@g-api.service[123917]: DEBUG glance.api.middleware.version_negotiation [None req-b042acc0-373b-4ed6-a39e-4f0ed1914828 tempest-MetadataNamespaceTagsTest-1979605091 tempest-MetadataNamespaceTagsTest-1979605091-project-admin] Matched version: v2 {{(pid=123917) process_request /opt/stack/glance/glance/api/middleware/version_negotiation.py:69}}
Nov 24 14:36:57.051063 np0005533992.novalocal devstack@g-api.service[123917]: DEBUG glance.api.middleware.version_negotiation [None req-b042acc0-373b-4ed6-a39e-4f0ed1914828 tempest-MetadataNamespaceTagsTest-1979605091 tempest-MetadataNamespaceTagsTest-1979605091-project-admin] new path /v2/metadefs/namespaces/tempest-test-ns-1304898743/tags/tempest-tag_name-77992847 {{(pid=123917) process_request /opt/stack/glance/glance/api/middleware/version_negotiation.py:70}}
Nov 24 14:36:57.059787 np0005533992.novalocal devstack@g-api.service[123917]: [pid: 123917|app: 0|req: 724/1477] 127.0.0.1 () {40 vars in 952 bytes} [Mon Nov 24 14:36:57 2025] GET /v2/metadefs/namespaces/tempest-test-ns-1304898743/tags/tempest-tag_name-77992847 => generated 113 bytes in 9 msecs (HTTP/1.1 200) 4 headers in 157 bytes (1 switches on core 0)
Nov 24 14:36:57.097421 np0005533992.novalocal devstack@g-api.service[123917]: DEBUG glance.api.middleware.version_negotiation [None req-1de778c6-2a6b-41d9-86ae-66ccac89b417 tempest-MetadataNamespaceTagsTest-1979605091 tempest-MetadataNamespaceTagsTest-1979605091-project-admin] Determining version of request: PUT /v2/metadefs/namespaces/tempest-test-ns-1304898743/tags/tempest-tag_name-77992847 Accept: application/json {{(pid=123917) process_request /opt/stack/glance/glance/api/middleware/version_negotiation.py:44}}
Nov 24 14:36:57.098347 np0005533992.novalocal devstack@g-api.service[123917]: DEBUG glance.api.middleware.version_negotiation [None req-1de778c6-2a6b-41d9-86ae-66ccac89b417 tempest-MetadataNamespaceTagsTest-1979605091 tempest-MetadataNamespaceTagsTest-1979605091-project-admin] Using url versioning {{(pid=123917) process_request /opt/stack/glance/glance/api/middleware/version_negotiation.py:57}}
Nov 24 14:36:57.098621 np0005533992.novalocal devstack@g-api.service[123917]: DEBUG glance.api.middleware.version_negotiation [None req-1de778c6-2a6b-41d9-86ae-66ccac89b417 tempest-MetadataNamespaceTagsTest-1979605091 tempest-MetadataNamespaceTagsTest-1979605091-project-admin] Matched version: v2 {{(pid=123917) process_request /opt/stack/glance/glance/api/middleware/version_negotiation.py:69}}
Nov 24 14:36:57.098694 np0005533992.novalocal devstack@g-api.service[123917]: DEBUG glance.api.middleware.version_negotiation [None req-1de778c6-2a6b-41d9-86ae-66ccac89b417 tempest-MetadataNamespaceTagsTest-1979605091 tempest-MetadataNamespaceTagsTest-1979605091-project-admin] new path /v2/metadefs/namespaces/tempest-test-ns-1304898743/tags/tempest-tag_name-77992847 {{(pid=123917) process_request /opt/stack/glance/glance/api/middleware/version_negotiation.py:70}}
Nov 24 14:36:57.111503 np0005533992.novalocal devstack@g-api.service[123917]: [pid: 123917|app: 0|req: 725/1478] 127.0.0.1 () {42 vars in 972 bytes} [Mon Nov 24 14:36:57 2025] PUT /v2/metadefs/namespaces/tempest-test-ns-1304898743/tags/tempest-tag_name-77992847 => generated 117 bytes in 14 msecs (HTTP/1.1 200) 4 headers in 157 bytes (1 switches on core 0)
Nov 24 14:36:57.118001 np0005533992.novalocal devstack@g-api.service[123917]: DEBUG glance.api.middleware.version_negotiation [None req-1a38fca9-0f7a-4547-8c3c-c86c3fbf2d55 tempest-MetadataNamespaceTagsTest-1979605091 tempest-MetadataNamespaceTagsTest-1979605091-project-admin] Determining version of request: DELETE /v2/metadefs/namespaces/tempest-test-ns-1304898743/tags/tempest-update-tag-1078943099 Accept: application/json {{(pid=123917) process_request /opt/stack/glance/glance/api/middleware/version_negotiation.py:44}}
