Nov 24 14:31:50.181650 np0005533992.novalocal cinder-volume[123157]: DEBUG cinder.volume.manager [None req-ccb35ca6-9771-4e8c-aee1-7248a23d3aef tempest-AttachVolumeMultiAttachTest-82396310 None] Task 'cinder.volume.flows.manager.create_volume.NotifyVolumeActionTask;volume:create, create.start' (2265f72c-8a7a-49e0-9389-1c00dc182842) transitioned into state 'SUCCESS' from state 'RUNNING' with result 'None' {{(pid=123157) _task_receiver /usr/local/lib/python3.12/site-packages/taskflow/listeners/logging.py:182}}
Nov 24 14:31:50.184504 np0005533992.novalocal cinder-volume[123157]: DEBUG cinder.volume.manager [None req-ccb35ca6-9771-4e8c-aee1-7248a23d3aef tempest-AttachVolumeMultiAttachTest-82396310 None] Task 'cinder.volume.flows.manager.create_volume.CreateVolumeFromSpecTask;volume:create' (b4eae6cd-585c-4993-9d97-b461a126101f) transitioned into state 'RUNNING' from state 'PENDING' {{(pid=123157) _task_receiver /usr/local/lib/python3.12/site-packages/taskflow/listeners/logging.py:194}}
Nov 24 14:31:50.184617 np0005533992.novalocal cinder-volume[123157]: INFO cinder.volume.flows.manager.create_volume [None req-ccb35ca6-9771-4e8c-aee1-7248a23d3aef tempest-AttachVolumeMultiAttachTest-82396310 None] Volume 2b1c571e-8fec-4c9d-b458-e82ae3ad3a4a: being created as image with specification: {'status': 'creating', 'volume_name': 'volume-2b1c571e-8fec-4c9d-b458-e82ae3ad3a4a', 'volume_size': 1, 'image_id': 'bfe30d4b-f478-4b3d-b058-80ea56840f0b', 'image_location': (None, [{'url': 'swift+config://ref1/glance/bfe30d4b-f478-4b3d-b058-80ea56840f0b', 'metadata': {}}]), 'image_meta': {'name': 'cirros-0.6.3-x86_64-disk', 'disk_format': 'qcow2', 'container_format': 'bare', 'visibility': 'public', 'size': 21692416, 'virtual_size': 117440512, 'status': 'active', 'checksum': '87617e24a5e30cb3b87fda8c0764838f', 'protected': False, 'min_ram': 0, 'min_disk': 0, 'owner': '506aa82048ac4be380b28a72fe34e91d', 'os_hidden': False, 'os_hash_algo': 'sha512', 'os_hash_value': '9a9bce0083a00939ec17c11febbfc767aa211aaa54f51e75c5a8b271a9b5637c77205a518b7a2007cb391d23cceb01e0e4e8d64832317151bc85b734b92a7be0', 'id': 'bfe30d4b-f478-4b3d-b058-80ea56840f0b', 'created_at': datetime.datetime(2025, 11, 24, 19, 11, 52, tzinfo=datetime.timezone.utc), 'updated_at': datetime.datetime(2025, 11, 24, 19, 11, 55, tzinfo=datetime.timezone.utc), 'tags': [], 'file': '/v2/images/bfe30d4b-f478-4b3d-b058-80ea56840f0b/file', 'properties': {'hw_rng_model': 'virtio', 'owner_specified.openstack.md5': '', 'owner_specified.openstack.sha256': '', 'owner_specified.openstack.object': 'images/cirros-0.6.3-x86_64-disk', 'os_glance_importing_to_stores': '', 'os_glance_failed_import': ''}}, 'image_service': }
Nov 24 14:31:50.184617 np0005533992.novalocal cinder-volume[123157]: DEBUG cinder.volume.flows.manager.create_volume [None req-ccb35ca6-9771-4e8c-aee1-7248a23d3aef tempest-AttachVolumeMultiAttachTest-82396310 None] Cloning 2b1c571e-8fec-4c9d-b458-e82ae3ad3a4a from image bfe30d4b-f478-4b3d-b058-80ea56840f0b at location (None, [{'url': 'swift+config://ref1/glance/bfe30d4b-f478-4b3d-b058-80ea56840f0b', 'metadata': {}}]). {{(pid=123157) _create_from_image /opt/stack/cinder/cinder/volume/flows/manager/create_volume.py:1082}}
Nov 24 14:31:50.184775 np0005533992.novalocal cinder-volume[123157]: DEBUG cinder.coordination [None req-ccb35ca6-9771-4e8c-aee1-7248a23d3aef tempest-AttachVolumeMultiAttachTest-82396310 None] Acquiring lock "cinder-bfe30d4b-f478-4b3d-b058-80ea56840f0b" by "_prepare_image_cache_entry" {{(pid=123157) __acquire /opt/stack/cinder/cinder/coordination.py:143}}
Nov 24 14:31:50.191447 np0005533992.novalocal cinder-volume[123157]: DEBUG cinder.coordination [None req-ccb35ca6-9771-4e8c-aee1-7248a23d3aef tempest-AttachVolumeMultiAttachTest-82396310 None] Lock "cinder-bfe30d4b-f478-4b3d-b058-80ea56840f0b" acquired by "_prepare_image_cache_entry" :: waited 0.007s {{(pid=123157) __acquire /opt/stack/cinder/cinder/coordination.py:146}}
Nov 24 14:31:50.201120 np0005533992.novalocal cinder-volume[123157]: DEBUG cinder.image.cache [None req-ccb35ca6-9771-4e8c-aee1-7248a23d3aef tempest-AttachVolumeMultiAttachTest-82396310 None] Found image-volume cache entry: {'id': 1, 'image_id': 'bfe30d4b-f478-4b3d-b058-80ea56840f0b', 'volume_id': '99b17366-b3fa-4ed3-abb4-bbe7d5766530', 'host': 'np0005533992.novalocal@lvmdriver-1#lvmdriver-1', 'size': 1, 'image_updated_at': datetime.datetime(2025, 11, 24, 19, 11, 55), 'last_used': datetime.datetime(2025, 11, 24, 19, 31, 50, 196731)}. {{(pid=123157) get_entry /opt/stack/cinder/cinder/image/cache.py:84}}
Nov 24 14:31:50.201310 np0005533992.novalocal cinder-volume[123157]: DEBUG cinder.image.cache [None req-ccb35ca6-9771-4e8c-aee1-7248a23d3aef tempest-AttachVolumeMultiAttachTest-82396310 None] Image-volume cache entry image_update_at = 2025-11-24 19:11:55+00:00, requested image updated_at = 2025-11-24 19:11:55+00:00. {{(pid=123157) _should_update_entry /opt/stack/cinder/cinder/image/cache.py:267}}
Nov 24 14:31:50.201483 np0005533992.novalocal cinder-volume[123157]: DEBUG cinder.volume.flows.manager.create_volume [None req-ccb35ca6-9771-4e8c-aee1-7248a23d3aef tempest-AttachVolumeMultiAttachTest-82396310 None] Found cache entry for image = bfe30d4b-f478-4b3d-b058-80ea56840f0b on host np0005533992.novalocal@lvmdriver-1#lvmdriver-1. {{(pid=123157) _prepare_image_cache_entry /opt/stack/cinder/cinder/volume/flows/manager/create_volume.py:897}}
Nov 24 14:31:50.204063 np0005533992.novalocal cinder-volume[123157]: DEBUG cinder.coordination [None req-ccb35ca6-9771-4e8c-aee1-7248a23d3aef tempest-AttachVolumeMultiAttachTest-82396310 None] Lock "cinder-bfe30d4b-f478-4b3d-b058-80ea56840f0b" released by "_prepare_image_cache_entry" :: held 0.013s {{(pid=123157) __release /opt/stack/cinder/cinder/coordination.py:157}}
Nov 24 14:31:50.205490 np0005533992.novalocal cinder-volume[123157]: DEBUG cinder.volume.flows.manager.create_volume [None req-ccb35ca6-9771-4e8c-aee1-7248a23d3aef tempest-AttachVolumeMultiAttachTest-82396310 None] Attempting to retrieve cache entry for image = bfe30d4b-f478-4b3d-b058-80ea56840f0b on host np0005533992.novalocal@lvmdriver-1#lvmdriver-1. {{(pid=123157) _create_from_image_cache /opt/stack/cinder/cinder/volume/flows/manager/create_volume.py:836}}
Nov 24 14:31:50.207380 np0005533992.novalocal cinder-volume[123157]: DEBUG cinder.image.cache [None req-ccb35ca6-9771-4e8c-aee1-7248a23d3aef tempest-AttachVolumeMultiAttachTest-82396310 None] Found image-volume cache entry: {'id': 1, 'image_id': 'bfe30d4b-f478-4b3d-b058-80ea56840f0b', 'volume_id': '99b17366-b3fa-4ed3-abb4-bbe7d5766530', 'host': 'np0005533992.novalocal@lvmdriver-1#lvmdriver-1', 'size': 1, 'image_updated_at': datetime.datetime(2025, 11, 24, 19, 11, 55), 'last_used': datetime.datetime(2025, 11, 24, 19, 31, 50, 206034)}. {{(pid=123157) get_entry /opt/stack/cinder/cinder/image/cache.py:84}}
Nov 24 14:31:50.207599 np0005533992.novalocal cinder-volume[123157]: DEBUG cinder.image.cache [None req-ccb35ca6-9771-4e8c-aee1-7248a23d3aef tempest-AttachVolumeMultiAttachTest-82396310 None] Image-volume cache entry image_update_at = 2025-11-24 19:11:55+00:00, requested image updated_at = 2025-11-24 19:11:55+00:00. {{(pid=123157) _should_update_entry /opt/stack/cinder/cinder/image/cache.py:267}}
Nov 24 14:31:50.207774 np0005533992.novalocal cinder-volume[123157]: DEBUG cinder.volume.flows.manager.create_volume [None req-ccb35ca6-9771-4e8c-aee1-7248a23d3aef tempest-AttachVolumeMultiAttachTest-82396310 None] Creating from source image-volume 99b17366-b3fa-4ed3-abb4-bbe7d5766530 {{(pid=123157) _create_from_image_cache /opt/stack/cinder/cinder/volume/flows/manager/create_volume.py:850}}
Nov 24 14:31:50.220916 np0005533992.novalocal cinder-volume[123157]: DEBUG oslo_concurrency.processutils [None req-ccb35ca6-9771-4e8c-aee1-7248a23d3aef tempest-AttachVolumeMultiAttachTest-82396310 None] Running cmd (subprocess): sudo cinder-rootwrap /etc/cinder/rootwrap.conf env LC_ALL=C lvs --noheadings --unit=g -o vg_name,name,size --nosuffix --readonly stack-volumes-lvmdriver-1/volume-99b17366-b3fa-4ed3-abb4-bbe7d5766530 {{(pid=123157) execute /usr/local/lib/python3.12/site-packages/oslo_concurrency/processutils.py:349}}
Nov 24 14:31:50.249773 np0005533992.novalocal sudo[155048]: stack : PWD=/ ; USER=root ; COMMAND=/usr/local/bin/cinder-rootwrap /etc/cinder/rootwrap.conf env LC_ALL=C lvs --noheadings --unit=g -o vg_name,name,size --nosuffix --readonly stack-volumes-lvmdriver-1/volume-99b17366-b3fa-4ed3-abb4-bbe7d5766530
Nov 24 14:31:50.636768 np0005533992.novalocal cinder-volume[123157]: DEBUG oslo_concurrency.processutils [None req-ccb35ca6-9771-4e8c-aee1-7248a23d3aef tempest-AttachVolumeMultiAttachTest-82396310 None] CMD "sudo cinder-rootwrap /etc/cinder/rootwrap.conf env LC_ALL=C lvs --noheadings --unit=g -o vg_name,name,size --nosuffix --readonly stack-volumes-lvmdriver-1/volume-99b17366-b3fa-4ed3-abb4-bbe7d5766530" returned: 0 in 0.416s {{(pid=123157) execute /usr/local/lib/python3.12/site-packages/oslo_concurrency/processutils.py:372}}
Nov 24 14:31:50.637580 np0005533992.novalocal cinder-volume[123157]: DEBUG oslo_concurrency.processutils [None req-ccb35ca6-9771-4e8c-aee1-7248a23d3aef tempest-AttachVolumeMultiAttachTest-82396310 None] Running cmd (subprocess): sudo cinder-rootwrap /etc/cinder/rootwrap.conf env LC_ALL=C lvcreate --name volume-2b1c571e-8fec-4c9d-b458-e82ae3ad3a4a --snapshot stack-volumes-lvmdriver-1/volume-99b17366-b3fa-4ed3-abb4-bbe7d5766530 {{(pid=123157) execute /usr/local/lib/python3.12/site-packages/oslo_concurrency/processutils.py:349}}
Nov 24 14:31:50.657250 np0005533992.novalocal sudo[155053]: stack : PWD=/ ; USER=root ; COMMAND=/usr/local/bin/cinder-rootwrap /etc/cinder/rootwrap.conf env LC_ALL=C lvcreate --name volume-2b1c571e-8fec-4c9d-b458-e82ae3ad3a4a --snapshot stack-volumes-lvmdriver-1/volume-99b17366-b3fa-4ed3-abb4-bbe7d5766530
Nov 24 14:31:51.092308 np0005533992.novalocal cinder-volume[123157]: DEBUG oslo_concurrency.processutils [None req-ccb35ca6-9771-4e8c-aee1-7248a23d3aef tempest-AttachVolumeMultiAttachTest-82396310 None] CMD "sudo cinder-rootwrap /etc/cinder/rootwrap.conf env LC_ALL=C lvcreate --name volume-2b1c571e-8fec-4c9d-b458-e82ae3ad3a4a --snapshot stack-volumes-lvmdriver-1/volume-99b17366-b3fa-4ed3-abb4-bbe7d5766530" returned: 0 in 0.454s {{(pid=123157) execute /usr/local/lib/python3.12/site-packages/oslo_concurrency/processutils.py:372}}
Nov 24 14:31:51.094112 np0005533992.novalocal cinder-volume[123157]: DEBUG oslo_concurrency.processutils [None req-ccb35ca6-9771-4e8c-aee1-7248a23d3aef tempest-AttachVolumeMultiAttachTest-82396310 None] Running cmd (subprocess): sudo cinder-rootwrap /etc/cinder/rootwrap.conf lvchange -a y --yes -k n stack-volumes-lvmdriver-1/volume-2b1c571e-8fec-4c9d-b458-e82ae3ad3a4a {{(pid=123157) execute /usr/local/lib/python3.12/site-packages/oslo_concurrency/processutils.py:349}}
Nov 24 14:31:51.123505 np0005533992.novalocal sudo[155065]: stack : PWD=/ ; USER=root ; COMMAND=/usr/local/bin/cinder-rootwrap /etc/cinder/rootwrap.conf lvchange -a y --yes -k n stack-volumes-lvmdriver-1/volume-2b1c571e-8fec-4c9d-b458-e82ae3ad3a4a
Nov 24 14:31:51.248220 np0005533992.novalocal cinder-volume[123157]: DEBUG oslo_concurrency.processutils [req-941922c1-307d-454f-ad5b-65c0f7aee4f4 req-07c139ef-0f3a-49db-ab65-12d86e9be5a8 tempest-ImageDependencyTests-931001487 None] Running cmd (subprocess): sudo cinder-rootwrap /etc/cinder/rootwrap.conf env LC_ALL=C lvs --noheadings --unit=g -o vg_name,name,size --nosuffix --readonly stack-volumes-lvmdriver-1/volume-6a731d24-d803-4c70-9d7c-21412976bd30 {{(pid=123157) execute /usr/local/lib/python3.12/site-packages/oslo_concurrency/processutils.py:349}}
Nov 24 14:31:51.271764 np0005533992.novalocal sudo[155074]: stack : PWD=/ ; USER=root ; COMMAND=/usr/local/bin/cinder-rootwrap /etc/cinder/rootwrap.conf env LC_ALL=C lvs --noheadings --unit=g -o vg_name,name,size --nosuffix --readonly stack-volumes-lvmdriver-1/volume-6a731d24-d803-4c70-9d7c-21412976bd30
Nov 24 14:31:51.571577 np0005533992.novalocal cinder-volume[123157]: DEBUG oslo_concurrency.processutils [None req-ccb35ca6-9771-4e8c-aee1-7248a23d3aef tempest-AttachVolumeMultiAttachTest-82396310 None] CMD "sudo cinder-rootwrap /etc/cinder/rootwrap.conf lvchange -a y --yes -k n stack-volumes-lvmdriver-1/volume-2b1c571e-8fec-4c9d-b458-e82ae3ad3a4a" returned: 0 in 0.475s {{(pid=123157) execute /usr/local/lib/python3.12/site-packages/oslo_concurrency/processutils.py:372}}
Nov 24 14:31:51.571577 np0005533992.novalocal cinder-volume[123157]: DEBUG cinder.volume.volume_utils [None req-ccb35ca6-9771-4e8c-aee1-7248a23d3aef tempest-AttachVolumeMultiAttachTest-82396310 None] Marking volume 2b1c571e-8fec-4c9d-b458-e82ae3ad3a4a as bootable. {{(pid=123157) enable_bootable_flag /opt/stack/cinder/cinder/volume/volume_utils.py:1138}}
Nov 24 14:31:51.578210 np0005533992.novalocal cinder-volume[123157]: DEBUG cinder.volume.flows.manager.create_volume [None req-ccb35ca6-9771-4e8c-aee1-7248a23d3aef tempest-AttachVolumeMultiAttachTest-82396310 None] Copying metadata from image bfe30d4b-f478-4b3d-b058-80ea56840f0b to 2b1c571e-8fec-4c9d-b458-e82ae3ad3a4a. {{(pid=123157) _handle_bootable_volume_glance_meta /opt/stack/cinder/cinder/volume/flows/manager/create_volume.py:450}}
Nov 24 14:31:51.578513 np0005533992.novalocal cinder-volume[123157]: DEBUG cinder.volume.flows.manager.create_volume [None req-ccb35ca6-9771-4e8c-aee1-7248a23d3aef tempest-AttachVolumeMultiAttachTest-82396310 None] Creating volume glance metadata for volume 2b1c571e-8fec-4c9d-b458-e82ae3ad3a4a backed by image bfe30d4b-f478-4b3d-b058-80ea56840f0b with: {'hw_rng_model': 'virtio', 'owner_specified.openstack.md5': '', 'owner_specified.openstack.sha256': '', 'owner_specified.openstack.object': 'images/cirros-0.6.3-x86_64-disk', 'os_glance_importing_to_stores': '', 'os_glance_failed_import': '', 'image_id': 'bfe30d4b-f478-4b3d-b058-80ea56840f0b', 'image_name': 'cirros-0.6.3-x86_64-disk', 'checksum': '87617e24a5e30cb3b87fda8c0764838f', 'container_format': 'bare', 'disk_format': 'qcow2', 'min_disk': 0, 'min_ram': 0, 'size': 21692416}. {{(pid=123157) _capture_volume_image_metadata /opt/stack/cinder/cinder/volume/flows/manager/create_volume.py:682}}
Nov 24 14:31:51.611723 np0005533992.novalocal cinder-volume[123157]: DEBUG cinder.volume.manager [None req-ccb35ca6-9771-4e8c-aee1-7248a23d3aef tempest-AttachVolumeMultiAttachTest-82396310 None] Task 'cinder.volume.flows.manager.create_volume.CreateVolumeFromSpecTask;volume:create' (b4eae6cd-585c-4993-9d97-b461a126101f) transitioned into state 'SUCCESS' from state 'RUNNING' with result '{'status': 'creating', 'volume_name': 'volume-2b1c571e-8fec-4c9d-b458-e82ae3ad3a4a', 'volume_size': 1, 'image_id': 'bfe30d4b-f478-4b3d-b058-80ea56840f0b', 'image_location': (None, [{'url': 'swift+config://ref1/glance/bfe30d4b-f478-4b3d-b058-80ea56840f0b', 'metadata': {}}]), 'image_meta': {'name': 'cirros-0.6.3-x86_64-disk', 'disk_format': 'qcow2', 'container_format': 'bare', 'visibility': 'public', 'size': 21692416, 'virtual_size': 117440512, 'status': 'active', 'checksum': '87617e24a5e30cb3b87fda8c0764838f', 'protected': False, 'min_ram': 0, 'min_disk': 0, 'owner': '506aa82048ac4be380b28a72fe34e91d', 'os_hidden': False, 'os_hash_algo': 'sha512', 'os_hash_value': '9a9bce0083a00939ec17c11febbfc767aa211aaa54f51e75c5a8b271a9b5637c77205a518b7a2007cb391d23cceb01e0e4e8d64832317151bc85b734b92a7be0', 'id': 'bfe30d4b-f478-4b3d-b058-80ea56840f0b', 'created_at': datetime.datetime(2025, 11, 24, 19, 11, 52, tzinfo=datetime.timezone.utc), 'updated_at': datetime.datetime(2025, 11, 24, 19, 11, 55, tzinfo=datetime.timezone.utc), 'tags': [], 'file': '/v2/images/bfe30d4b-f478-4b3d-b058-80ea56840f0b/file', 'properties': {'hw_rng_model': 'virtio', 'owner_specified.openstack.md5': '', 'owner_specified.openstack.sha256': '', 'owner_specified.openstack.object': 'images/cirros-0.6.3-x86_64-disk', 'os_glance_importing_to_stores': '', 'os_glance_failed_import': ''}}, 'image_service': }' {{(pid=123157) _task_receiver /usr/local/lib/python3.12/site-packages/taskflow/listeners/logging.py:182}}
Nov 24 14:31:51.613904 np0005533992.novalocal cinder-volume[123157]: DEBUG cinder.volume.manager [None req-ccb35ca6-9771-4e8c-aee1-7248a23d3aef tempest-AttachVolumeMultiAttachTest-82396310 None] Task 'cinder.volume.flows.manager.create_volume.CreateVolumeOnFinishTask;volume:create, create.end' (8728f35b-2543-40e8-92f9-1b92700e3318) transitioned into state 'RUNNING' from state 'PENDING' {{(pid=123157) _task_receiver /usr/local/lib/python3.12/site-packages/taskflow/listeners/logging.py:194}}
Nov 24 14:31:51.621406 np0005533992.novalocal cinder-volume[123157]: INFO cinder.volume.flows.manager.create_volume [None req-ccb35ca6-9771-4e8c-aee1-7248a23d3aef tempest-AttachVolumeMultiAttachTest-82396310 None] Volume volume-2b1c571e-8fec-4c9d-b458-e82ae3ad3a4a (2b1c571e-8fec-4c9d-b458-e82ae3ad3a4a): created successfully
Nov 24 14:31:51.621406 np0005533992.novalocal cinder-volume[123157]: DEBUG cinder.volume.manager [None req-ccb35ca6-9771-4e8c-aee1-7248a23d3aef tempest-AttachVolumeMultiAttachTest-82396310 None] Task 'cinder.volume.flows.manager.create_volume.CreateVolumeOnFinishTask;volume:create, create.end' (8728f35b-2543-40e8-92f9-1b92700e3318) transitioned into state 'SUCCESS' from state 'RUNNING' with result 'None' {{(pid=123157) _task_receiver /usr/local/lib/python3.12/site-packages/taskflow/listeners/logging.py:182}}
Nov 24 14:31:51.622609 np0005533992.novalocal cinder-volume[123157]: DEBUG cinder.volume.manager [None req-ccb35ca6-9771-4e8c-aee1-7248a23d3aef tempest-AttachVolumeMultiAttachTest-82396310 None] Flow 'volume_create_manager' (c9180948-2ee6-45db-b0be-62e738de11a4) transitioned into state 'SUCCESS' from state 'RUNNING' {{(pid=123157) _flow_receiver /usr/local/lib/python3.12/site-packages/taskflow/listeners/logging.py:145}}
Nov 24 14:31:51.626865 np0005533992.novalocal cinder-volume[123157]: INFO cinder.volume.manager [None req-ccb35ca6-9771-4e8c-aee1-7248a23d3aef tempest-AttachVolumeMultiAttachTest-82396310 None] Created volume successfully.
Nov 24 14:31:51.657401 np0005533992.novalocal cinder-volume[123157]: DEBUG oslo_concurrency.processutils [req-941922c1-307d-454f-ad5b-65c0f7aee4f4 req-07c139ef-0f3a-49db-ab65-12d86e9be5a8 tempest-ImageDependencyTests-931001487 None] CMD "sudo cinder-rootwrap /etc/cinder/rootwrap.conf env LC_ALL=C lvs --noheadings --unit=g -o vg_name,name,size --nosuffix --readonly stack-volumes-lvmdriver-1/volume-6a731d24-d803-4c70-9d7c-21412976bd30" returned: 0 in 0.410s {{(pid=123157) execute /usr/local/lib/python3.12/site-packages/oslo_concurrency/processutils.py:372}}
Nov 24 14:31:51.658241 np0005533992.novalocal cinder-volume[123157]: DEBUG oslo_concurrency.processutils [req-941922c1-307d-454f-ad5b-65c0f7aee4f4 req-07c139ef-0f3a-49db-ab65-12d86e9be5a8 tempest-ImageDependencyTests-931001487 None] Running cmd (subprocess): sudo cinder-rootwrap /etc/cinder/rootwrap.conf env LC_ALL=C lvcreate --name _snapshot-111b91e1-ef14-4511-b9c6-c3473f6ac098 --snapshot stack-volumes-lvmdriver-1/volume-6a731d24-d803-4c70-9d7c-21412976bd30 {{(pid=123157) execute /usr/local/lib/python3.12/site-packages/oslo_concurrency/processutils.py:349}}
Nov 24 14:31:51.678932 np0005533992.novalocal sudo[155111]: stack : PWD=/ ; USER=root ; COMMAND=/usr/local/bin/cinder-rootwrap /etc/cinder/rootwrap.conf env LC_ALL=C lvcreate --name _snapshot-111b91e1-ef14-4511-b9c6-c3473f6ac098 --snapshot stack-volumes-lvmdriver-1/volume-6a731d24-d803-4c70-9d7c-21412976bd30
Nov 24 14:31:52.067018 np0005533992.novalocal cinder-volume[123157]: DEBUG oslo_concurrency.processutils [req-941922c1-307d-454f-ad5b-65c0f7aee4f4 req-07c139ef-0f3a-49db-ab65-12d86e9be5a8 tempest-ImageDependencyTests-931001487 None] CMD "sudo cinder-rootwrap /etc/cinder/rootwrap.conf env LC_ALL=C lvcreate --name _snapshot-111b91e1-ef14-4511-b9c6-c3473f6ac098 --snapshot stack-volumes-lvmdriver-1/volume-6a731d24-d803-4c70-9d7c-21412976bd30" returned: 0 in 0.408s {{(pid=123157) execute /usr/local/lib/python3.12/site-packages/oslo_concurrency/processutils.py:372}}
Nov 24 14:31:52.118889 np0005533992.novalocal cinder-volume[123157]: INFO cinder.volume.manager [req-941922c1-307d-454f-ad5b-65c0f7aee4f4 req-07c139ef-0f3a-49db-ab65-12d86e9be5a8 tempest-ImageDependencyTests-931001487 None] Create snapshot completed successfully
Nov 24 14:31:53.290491 np0005533992.novalocal cinder-volume[123157]: DEBUG cinder.coordination [None req-1b0db2e5-4304-4a9f-a79e-fc06e1a61376 tempest-ImageDependencyTests-931001487 None] Acquiring lock "cinder-111b91e1-ef14-4511-b9c6-c3473f6ac098-delete_snapshot" by "delete_snapshot" {{(pid=123157) __acquire /opt/stack/cinder/cinder/coordination.py:143}}
Nov 24 14:31:53.296943 np0005533992.novalocal cinder-volume[123157]: DEBUG cinder.coordination [None req-1b0db2e5-4304-4a9f-a79e-fc06e1a61376 tempest-ImageDependencyTests-931001487 None] Lock "cinder-111b91e1-ef14-4511-b9c6-c3473f6ac098-delete_snapshot" acquired by "delete_snapshot" :: waited 0.007s {{(pid=123157) __acquire /opt/stack/cinder/cinder/coordination.py:146}}
Nov 24 14:31:53.297674 np0005533992.novalocal cinder-volume[123157]: DEBUG oslo_concurrency.processutils [None req-1b0db2e5-4304-4a9f-a79e-fc06e1a61376 tempest-ImageDependencyTests-931001487 None] Running cmd (subprocess): sudo cinder-rootwrap /etc/cinder/rootwrap.conf env LC_ALL=C lvs --noheadings --unit=g -o vg_name,name,size --nosuffix --readonly stack-volumes-lvmdriver-1/_snapshot-111b91e1-ef14-4511-b9c6-c3473f6ac098 {{(pid=123157) execute /usr/local/lib/python3.12/site-packages/oslo_concurrency/processutils.py:349}}
Nov 24 14:31:53.314694 np0005533992.novalocal sudo[155139]: stack : PWD=/ ; USER=root ; COMMAND=/usr/local/bin/cinder-rootwrap /etc/cinder/rootwrap.conf env LC_ALL=C lvs --noheadings --unit=g -o vg_name,name,size --nosuffix --readonly stack-volumes-lvmdriver-1/_snapshot-111b91e1-ef14-4511-b9c6-c3473f6ac098
Nov 24 14:31:53.650943 np0005533992.novalocal cinder-volume[123157]: DEBUG oslo_concurrency.processutils [None req-1b0db2e5-4304-4a9f-a79e-fc06e1a61376 tempest-ImageDependencyTests-931001487 None] CMD "sudo cinder-rootwrap /etc/cinder/rootwrap.conf env LC_ALL=C lvs --noheadings --unit=g -o vg_name,name,size --nosuffix --readonly stack-volumes-lvmdriver-1/_snapshot-111b91e1-ef14-4511-b9c6-c3473f6ac098" returned: 0 in 0.353s {{(pid=123157) execute /usr/local/lib/python3.12/site-packages/oslo_concurrency/processutils.py:372}}
Nov 24 14:31:53.651610 np0005533992.novalocal cinder-volume[123157]: DEBUG oslo_concurrency.processutils [None req-1b0db2e5-4304-4a9f-a79e-fc06e1a61376 tempest-ImageDependencyTests-931001487 None] Running cmd (subprocess): sudo cinder-rootwrap /etc/cinder/rootwrap.conf lvremove --config activation { retry_deactivation = 1} -f stack-volumes-lvmdriver-1/_snapshot-111b91e1-ef14-4511-b9c6-c3473f6ac098 {{(pid=123157) execute /usr/local/lib/python3.12/site-packages/oslo_concurrency/processutils.py:349}}
Nov 24 14:31:53.666119 np0005533992.novalocal sudo[155144]: stack : PWD=/ ; USER=root ; COMMAND=/usr/local/bin/cinder-rootwrap /etc/cinder/rootwrap.conf lvremove --config 'activation { retry_deactivation = 1} ' -f stack-volumes-lvmdriver-1/_snapshot-111b91e1-ef14-4511-b9c6-c3473f6ac098
Nov 24 14:31:54.021647 np0005533992.novalocal cinder-volume[123157]: DEBUG oslo_concurrency.processutils [None req-1b0db2e5-4304-4a9f-a79e-fc06e1a61376 tempest-ImageDependencyTests-931001487 None] CMD "sudo cinder-rootwrap /etc/cinder/rootwrap.conf lvremove --config activation { retry_deactivation = 1} -f stack-volumes-lvmdriver-1/_snapshot-111b91e1-ef14-4511-b9c6-c3473f6ac098" returned: 0 in 0.369s {{(pid=123157) execute /usr/local/lib/python3.12/site-packages/oslo_concurrency/processutils.py:372}}
Nov 24 14:31:54.055005 np0005533992.novalocal cinder-volume[123157]: WARNING cinder.quota [None req-1b0db2e5-4304-4a9f-a79e-fc06e1a61376 tempest-ImageDependencyTests-931001487 None] Deprecated: Default quota for resource: snapshots_lvmdriver-1 is set by the default quota flag: quota_snapshots_lvmdriver-1, it is now deprecated. Please use the default quota class for default quota.
Nov 24 14:31:54.071435 np0005533992.novalocal cinder-volume[123157]: DEBUG cinder.quota [None req-1b0db2e5-4304-4a9f-a79e-fc06e1a61376 tempest-ImageDependencyTests-931001487 None] Created reservations ['62519571-581a-457a-ac94-a44025d6059d', 'b1b7218d-2466-4f94-be07-1c4e33abd3e0', '3dd123b6-2e23-42b1-84e6-b5319af6288d', '7f3ae619-7175-4bb0-aa82-af43929e1c56'] {{(pid=123157) reserve /opt/stack/cinder/cinder/quota.py:752}}
Nov 24 14:31:54.116516 np0005533992.novalocal cinder-volume[123157]: INFO cinder.volume.manager [None req-1b0db2e5-4304-4a9f-a79e-fc06e1a61376 tempest-ImageDependencyTests-931001487 None] Delete snapshot completed successfully.
Nov 24 14:31:54.119599 np0005533992.novalocal cinder-volume[123157]: DEBUG cinder.coordination [None req-1b0db2e5-4304-4a9f-a79e-fc06e1a61376 tempest-ImageDependencyTests-931001487 None] Lock "cinder-111b91e1-ef14-4511-b9c6-c3473f6ac098-delete_snapshot" released by "delete_snapshot" :: held 0.823s {{(pid=123157) __release /opt/stack/cinder/cinder/coordination.py:157}}
Nov 24 14:31:59.355497 np0005533992.novalocal cinder-volume[123157]: DEBUG oslo_concurrency.processutils [req-98f3c396-a3d0-48ba-a15e-9fc3f29244ef req-bb7e24a7-af67-41c5-9636-6dfd8e460001 tempest-AttachVolumeMultiAttachTest-82396310 None] Running cmd (subprocess): sudo cinder-rootwrap /etc/cinder/rootwrap.conf lvchange -a y --yes -K stack-volumes-lvmdriver-1/volume-2b1c571e-8fec-4c9d-b458-e82ae3ad3a4a {{(pid=123157) execute /usr/local/lib/python3.12/site-packages/oslo_concurrency/processutils.py:349}}
Nov 24 14:31:59.396046 np0005533992.novalocal sudo[155190]: stack : PWD=/ ; USER=root ; COMMAND=/usr/local/bin/cinder-rootwrap /etc/cinder/rootwrap.conf lvchange -a y --yes -K stack-volumes-lvmdriver-1/volume-2b1c571e-8fec-4c9d-b458-e82ae3ad3a4a
Nov 24 14:31:59.780822 np0005533992.novalocal cinder-volume[123157]: DEBUG oslo_concurrency.processutils [req-98f3c396-a3d0-48ba-a15e-9fc3f29244ef req-bb7e24a7-af67-41c5-9636-6dfd8e460001 tempest-AttachVolumeMultiAttachTest-82396310 None] CMD "sudo cinder-rootwrap /etc/cinder/rootwrap.conf lvchange -a y --yes -K stack-volumes-lvmdriver-1/volume-2b1c571e-8fec-4c9d-b458-e82ae3ad3a4a" returned: 0 in 0.425s {{(pid=123157) execute /usr/local/lib/python3.12/site-packages/oslo_concurrency/processutils.py:372}}
Nov 24 14:31:59.801332 np0005533992.novalocal cinder-volume[123157]: INFO cinder.volume.targets.lio [req-98f3c396-a3d0-48ba-a15e-9fc3f29244ef req-bb7e24a7-af67-41c5-9636-6dfd8e460001 tempest-AttachVolumeMultiAttachTest-82396310 None] Creating iscsi_target for volume: volume-2b1c571e-8fec-4c9d-b458-e82ae3ad3a4a
Nov 24 14:31:59.801531 np0005533992.novalocal cinder-volume[123157]: DEBUG oslo_concurrency.lockutils [req-98f3c396-a3d0-48ba-a15e-9fc3f29244ef req-bb7e24a7-af67-41c5-9636-6dfd8e460001 tempest-AttachVolumeMultiAttachTest-82396310 None] Acquiring lock "lioadm" by "cinder.volume.targets.lio.LioAdm._execute" {{(pid=123157) inner /usr/local/lib/python3.12/site-packages/oslo_concurrency/lockutils.py:405}}
Nov 24 14:31:59.802069 np0005533992.novalocal cinder-volume[123157]: DEBUG oslo_concurrency.lockutils [req-98f3c396-a3d0-48ba-a15e-9fc3f29244ef req-bb7e24a7-af67-41c5-9636-6dfd8e460001 tempest-AttachVolumeMultiAttachTest-82396310 None] Lock "lioadm" acquired by "cinder.volume.targets.lio.LioAdm._execute" :: waited 0.000s {{(pid=123157) inner /usr/local/lib/python3.12/site-packages/oslo_concurrency/lockutils.py:410}}
Nov 24 14:31:59.802526 np0005533992.novalocal cinder-volume[123157]: DEBUG oslo_concurrency.processutils [req-98f3c396-a3d0-48ba-a15e-9fc3f29244ef req-bb7e24a7-af67-41c5-9636-6dfd8e460001 tempest-AttachVolumeMultiAttachTest-82396310 None] Running cmd (subprocess): sudo cinder-rootwrap /etc/cinder/rootwrap.conf cinder-rtstool create /dev/stack-volumes-lvmdriver-1/volume-2b1c571e-8fec-4c9d-b458-e82ae3ad3a4a iqn.2010-10.org.openstack:volume-2b1c571e-8fec-4c9d-b458-e82ae3ad3a4a pTcSbfaip3vuRoSPDL3Y yREP8gXPeUEFmPCm False -p3260 -a38.102.83.12 {{(pid=123157) execute /usr/local/lib/python3.12/site-packages/oslo_concurrency/processutils.py:349}}
Nov 24 14:31:59.827353 np0005533992.novalocal sudo[155195]: stack : PWD=/ ; USER=root ; COMMAND=/usr/local/bin/cinder-rootwrap /etc/cinder/rootwrap.conf cinder-rtstool create /dev/stack-volumes-lvmdriver-1/volume-2b1c571e-8fec-4c9d-b458-e82ae3ad3a4a iqn.2010-10.org.openstack:volume-2b1c571e-8fec-4c9d-b458-e82ae3ad3a4a pTcSbfaip3vuRoSPDL3Y yREP8gXPeUEFmPCm False -p3260 -a38.102.83.12
Nov 24 14:32:00.311701 np0005533992.novalocal cinder-volume[123157]: DEBUG oslo_concurrency.processutils [req-98f3c396-a3d0-48ba-a15e-9fc3f29244ef req-bb7e24a7-af67-41c5-9636-6dfd8e460001 tempest-AttachVolumeMultiAttachTest-82396310 None] CMD "sudo cinder-rootwrap /etc/cinder/rootwrap.conf cinder-rtstool create /dev/stack-volumes-lvmdriver-1/volume-2b1c571e-8fec-4c9d-b458-e82ae3ad3a4a iqn.2010-10.org.openstack:volume-2b1c571e-8fec-4c9d-b458-e82ae3ad3a4a pTcSbfaip3vuRoSPDL3Y yREP8gXPeUEFmPCm False -p3260 -a38.102.83.12" returned: 0 in 0.509s {{(pid=123157) execute /usr/local/lib/python3.12/site-packages/oslo_concurrency/processutils.py:372}}
Nov 24 14:32:00.312306 np0005533992.novalocal cinder-volume[123157]: DEBUG oslo_concurrency.lockutils [req-98f3c396-a3d0-48ba-a15e-9fc3f29244ef req-bb7e24a7-af67-41c5-9636-6dfd8e460001 tempest-AttachVolumeMultiAttachTest-82396310 None] Lock "lioadm" "released" by "cinder.volume.targets.lio.LioAdm._execute" :: held 0.510s {{(pid=123157) inner /usr/local/lib/python3.12/site-packages/oslo_concurrency/lockutils.py:424}}
Nov 24 14:32:00.312617 np0005533992.novalocal cinder-volume[123157]: DEBUG oslo_concurrency.lockutils [req-98f3c396-a3d0-48ba-a15e-9fc3f29244ef req-bb7e24a7-af67-41c5-9636-6dfd8e460001 tempest-AttachVolumeMultiAttachTest-82396310 None] Acquiring lock "lioadm" by "cinder.volume.targets.lio.LioAdm._execute" {{(pid=123157) inner /usr/local/lib/python3.12/site-packages/oslo_concurrency/lockutils.py:405}}
Nov 24 14:32:00.313229 np0005533992.novalocal cinder-volume[123157]: DEBUG oslo_concurrency.lockutils [req-98f3c396-a3d0-48ba-a15e-9fc3f29244ef req-bb7e24a7-af67-41c5-9636-6dfd8e460001 tempest-AttachVolumeMultiAttachTest-82396310 None] Lock "lioadm" acquired by "cinder.volume.targets.lio.LioAdm._execute" :: waited 0.001s {{(pid=123157) inner /usr/local/lib/python3.12/site-packages/oslo_concurrency/lockutils.py:410}}
Nov 24 14:32:00.314030 np0005533992.novalocal cinder-volume[123157]: DEBUG oslo_concurrency.processutils [req-98f3c396-a3d0-48ba-a15e-9fc3f29244ef req-bb7e24a7-af67-41c5-9636-6dfd8e460001 tempest-AttachVolumeMultiAttachTest-82396310 None] Running cmd (subprocess): sudo cinder-rootwrap /etc/cinder/rootwrap.conf cinder-rtstool get-targets {{(pid=123157) execute /usr/local/lib/python3.12/site-packages/oslo_concurrency/processutils.py:349}}
Nov 24 14:32:00.338598 np0005533992.novalocal sudo[155201]: stack : PWD=/ ; USER=root ; COMMAND=/usr/local/bin/cinder-rootwrap /etc/cinder/rootwrap.conf cinder-rtstool get-targets
Nov 24 14:32:00.882220 np0005533992.novalocal cinder-volume[123157]: DEBUG oslo_concurrency.processutils [req-98f3c396-a3d0-48ba-a15e-9fc3f29244ef req-bb7e24a7-af67-41c5-9636-6dfd8e460001 tempest-AttachVolumeMultiAttachTest-82396310 None] CMD "sudo cinder-rootwrap /etc/cinder/rootwrap.conf cinder-rtstool get-targets" returned: 0 in 0.568s {{(pid=123157) execute /usr/local/lib/python3.12/site-packages/oslo_concurrency/processutils.py:372}}
Nov 24 14:32:00.882692 np0005533992.novalocal cinder-volume[123157]: DEBUG oslo_concurrency.lockutils [req-98f3c396-a3d0-48ba-a15e-9fc3f29244ef req-bb7e24a7-af67-41c5-9636-6dfd8e460001 tempest-AttachVolumeMultiAttachTest-82396310 None] Lock "lioadm" "released" by "cinder.volume.targets.lio.LioAdm._execute" :: held 0.569s {{(pid=123157) inner /usr/local/lib/python3.12/site-packages/oslo_concurrency/lockutils.py:424}}
Nov 24 14:32:00.882849 np0005533992.novalocal cinder-volume[123157]: DEBUG oslo_concurrency.lockutils [req-98f3c396-a3d0-48ba-a15e-9fc3f29244ef req-bb7e24a7-af67-41c5-9636-6dfd8e460001 tempest-AttachVolumeMultiAttachTest-82396310 None] Acquiring lock "lioadm" by "cinder.volume.targets.lio.LioAdm._execute" {{(pid=123157) inner /usr/local/lib/python3.12/site-packages/oslo_concurrency/lockutils.py:405}}
Nov 24 14:32:00.883327 np0005533992.novalocal cinder-volume[123157]: DEBUG oslo_concurrency.lockutils [req-98f3c396-a3d0-48ba-a15e-9fc3f29244ef req-bb7e24a7-af67-41c5-9636-6dfd8e460001 tempest-AttachVolumeMultiAttachTest-82396310 None] Lock "lioadm" acquired by "cinder.volume.targets.lio.LioAdm._execute" :: waited 0.000s {{(pid=123157) inner /usr/local/lib/python3.12/site-packages/oslo_concurrency/lockutils.py:410}}
Nov 24 14:32:00.883686 np0005533992.novalocal cinder-volume[123157]: DEBUG oslo_concurrency.processutils [req-98f3c396-a3d0-48ba-a15e-9fc3f29244ef req-bb7e24a7-af67-41c5-9636-6dfd8e460001 tempest-AttachVolumeMultiAttachTest-82396310 None] Running cmd (subprocess): sudo cinder-rootwrap /etc/cinder/rootwrap.conf cinder-rtstool save {{(pid=123157) execute /usr/local/lib/python3.12/site-packages/oslo_concurrency/processutils.py:349}}
Nov 24 14:32:00.912413 np0005533992.novalocal sudo[155207]: stack : PWD=/ ; USER=root ; COMMAND=/usr/local/bin/cinder-rootwrap /etc/cinder/rootwrap.conf cinder-rtstool save
Nov 24 14:32:01.508839 np0005533992.novalocal cinder-volume[123157]: DEBUG oslo_concurrency.processutils [req-98f3c396-a3d0-48ba-a15e-9fc3f29244ef req-bb7e24a7-af67-41c5-9636-6dfd8e460001 tempest-AttachVolumeMultiAttachTest-82396310 None] CMD "sudo cinder-rootwrap /etc/cinder/rootwrap.conf cinder-rtstool save" returned: 0 in 0.625s {{(pid=123157) execute /usr/local/lib/python3.12/site-packages/oslo_concurrency/processutils.py:372}}
Nov 24 14:32:01.509365 np0005533992.novalocal cinder-volume[123157]: DEBUG oslo_concurrency.lockutils [req-98f3c396-a3d0-48ba-a15e-9fc3f29244ef req-bb7e24a7-af67-41c5-9636-6dfd8e460001 tempest-AttachVolumeMultiAttachTest-82396310 None] Lock "lioadm" "released" by "cinder.volume.targets.lio.LioAdm._execute" :: held 0.626s {{(pid=123157) inner /usr/local/lib/python3.12/site-packages/oslo_concurrency/lockutils.py:424}}
Nov 24 14:32:01.509863 np0005533992.novalocal cinder-volume[123157]: DEBUG cinder.volume.targets.iscsi [req-98f3c396-a3d0-48ba-a15e-9fc3f29244ef req-bb7e24a7-af67-41c5-9636-6dfd8e460001 tempest-AttachVolumeMultiAttachTest-82396310 None] Set provider_location to: 38.102.83.12:3260,iqn.2010-10.org.openstack:volume-2b1c571e-8fec-4c9d-b458-e82ae3ad3a4a iqn.2010-10.org.openstack:volume-2b1c571e-8fec-4c9d-b458-e82ae3ad3a4a 0 {{(pid=123157) create_export /opt/stack/cinder/cinder/volume/targets/iscsi.py:205}}
Nov 24 14:32:01.524237 np0005533992.novalocal cinder-volume[123157]: DEBUG dbcounter [-] [123157] Writing DB stats cinder:SELECT=56,cinder:UPDATE=24,cinder:INSERT=28,cinder:DELETE=2 {{(pid=123157) stat_writer /usr/local/lib/python3.12/site-packages/dbcounter.py:115}}
Nov 24 14:32:01.533197 np0005533992.novalocal cinder-volume[123157]: DEBUG oslo_concurrency.lockutils [req-98f3c396-a3d0-48ba-a15e-9fc3f29244ef req-bb7e24a7-af67-41c5-9636-6dfd8e460001 tempest-AttachVolumeMultiAttachTest-82396310 None] Acquiring lock "lioadm" by "cinder.volume.targets.lio.LioAdm._execute" {{(pid=123157) inner /usr/local/lib/python3.12/site-packages/oslo_concurrency/lockutils.py:405}}
Nov 24 14:32:01.533887 np0005533992.novalocal cinder-volume[123157]: DEBUG oslo_concurrency.lockutils [req-98f3c396-a3d0-48ba-a15e-9fc3f29244ef req-bb7e24a7-af67-41c5-9636-6dfd8e460001 tempest-AttachVolumeMultiAttachTest-82396310 None] Lock "lioadm" acquired by "cinder.volume.targets.lio.LioAdm._execute" :: waited 0.001s {{(pid=123157) inner /usr/local/lib/python3.12/site-packages/oslo_concurrency/lockutils.py:410}}
Nov 24 14:32:01.534615 np0005533992.novalocal cinder-volume[123157]: DEBUG oslo_concurrency.processutils [req-98f3c396-a3d0-48ba-a15e-9fc3f29244ef req-bb7e24a7-af67-41c5-9636-6dfd8e460001 tempest-AttachVolumeMultiAttachTest-82396310 None] Running cmd (subprocess): sudo cinder-rootwrap /etc/cinder/rootwrap.conf cinder-rtstool add-initiator iqn.2010-10.org.openstack:volume-2b1c571e-8fec-4c9d-b458-e82ae3ad3a4a pTcSbfaip3vuRoSPDL3Y yREP8gXPeUEFmPCm iqn.1994-05.com.redhat:5b9c7bcf3f78 {{(pid=123157) execute /usr/local/lib/python3.12/site-packages/oslo_concurrency/processutils.py:349}}
Nov 24 14:32:01.565197 np0005533992.novalocal sudo[155221]: stack : PWD=/ ; USER=root ; COMMAND=/usr/local/bin/cinder-rootwrap /etc/cinder/rootwrap.conf cinder-rtstool add-initiator iqn.2010-10.org.openstack:volume-2b1c571e-8fec-4c9d-b458-e82ae3ad3a4a pTcSbfaip3vuRoSPDL3Y yREP8gXPeUEFmPCm iqn.1994-05.com.redhat:5b9c7bcf3f78
Nov 24 14:32:02.174657 np0005533992.novalocal cinder-volume[123157]: DEBUG oslo_concurrency.processutils [req-98f3c396-a3d0-48ba-a15e-9fc3f29244ef req-bb7e24a7-af67-41c5-9636-6dfd8e460001 tempest-AttachVolumeMultiAttachTest-82396310 None] CMD "sudo cinder-rootwrap /etc/cinder/rootwrap.conf cinder-rtstool add-initiator iqn.2010-10.org.openstack:volume-2b1c571e-8fec-4c9d-b458-e82ae3ad3a4a pTcSbfaip3vuRoSPDL3Y yREP8gXPeUEFmPCm iqn.1994-05.com.redhat:5b9c7bcf3f78" returned: 0 in 0.636s {{(pid=123157) execute /usr/local/lib/python3.12/site-packages/oslo_concurrency/processutils.py:372}}
Nov 24 14:32:02.175294 np0005533992.novalocal cinder-volume[123157]: DEBUG oslo_concurrency.lockutils [req-98f3c396-a3d0-48ba-a15e-9fc3f29244ef req-bb7e24a7-af67-41c5-9636-6dfd8e460001 tempest-AttachVolumeMultiAttachTest-82396310 None] Lock "lioadm" "released" by "cinder.volume.targets.lio.LioAdm._execute" :: held 0.641s {{(pid=123157) inner /usr/local/lib/python3.12/site-packages/oslo_concurrency/lockutils.py:424}}
Nov 24 14:32:02.175636 np0005533992.novalocal cinder-volume[123157]: DEBUG oslo_concurrency.lockutils [req-98f3c396-a3d0-48ba-a15e-9fc3f29244ef req-bb7e24a7-af67-41c5-9636-6dfd8e460001 tempest-AttachVolumeMultiAttachTest-82396310 None] Acquiring lock "lioadm" by "cinder.volume.targets.lio.LioAdm._execute" {{(pid=123157) inner /usr/local/lib/python3.12/site-packages/oslo_concurrency/lockutils.py:405}}
Nov 24 14:32:02.176244 np0005533992.novalocal cinder-volume[123157]: DEBUG oslo_concurrency.lockutils [req-98f3c396-a3d0-48ba-a15e-9fc3f29244ef req-bb7e24a7-af67-41c5-9636-6dfd8e460001 tempest-AttachVolumeMultiAttachTest-82396310 None] Lock "lioadm" acquired by "cinder.volume.targets.lio.LioAdm._execute" :: waited 0.001s {{(pid=123157) inner /usr/local/lib/python3.12/site-packages/oslo_concurrency/lockutils.py:410}}
Nov 24 14:32:02.177842 np0005533992.novalocal cinder-volume[123157]: DEBUG oslo_concurrency.processutils [req-98f3c396-a3d0-48ba-a15e-9fc3f29244ef req-bb7e24a7-af67-41c5-9636-6dfd8e460001 tempest-AttachVolumeMultiAttachTest-82396310 None] Running cmd (subprocess): sudo cinder-rootwrap /etc/cinder/rootwrap.conf cinder-rtstool save {{(pid=123157) execute /usr/local/lib/python3.12/site-packages/oslo_concurrency/processutils.py:349}}
Nov 24 14:32:02.198998 np0005533992.novalocal sudo[155227]: stack : PWD=/ ; USER=root ; COMMAND=/usr/local/bin/cinder-rootwrap /etc/cinder/rootwrap.conf cinder-rtstool save
Nov 24 14:32:02.777269 np0005533992.novalocal cinder-volume[123157]: DEBUG oslo_concurrency.processutils [req-98f3c396-a3d0-48ba-a15e-9fc3f29244ef req-bb7e24a7-af67-41c5-9636-6dfd8e460001 tempest-AttachVolumeMultiAttachTest-82396310 None] CMD "sudo cinder-rootwrap /etc/cinder/rootwrap.conf cinder-rtstool save" returned: 0 in 0.600s {{(pid=123157) execute /usr/local/lib/python3.12/site-packages/oslo_concurrency/processutils.py:372}}
Nov 24 14:32:02.780428 np0005533992.novalocal cinder-volume[123157]: DEBUG oslo_concurrency.lockutils [req-98f3c396-a3d0-48ba-a15e-9fc3f29244ef req-bb7e24a7-af67-41c5-9636-6dfd8e460001 tempest-AttachVolumeMultiAttachTest-82396310 None] Lock "lioadm" "released" by "cinder.volume.targets.lio.LioAdm._execute" :: held 0.602s {{(pid=123157) inner /usr/local/lib/python3.12/site-packages/oslo_concurrency/lockutils.py:424}}
Nov 24 14:32:02.786509 np0005533992.novalocal cinder-volume[123157]: DEBUG dbcounter [-] [123157] Writing DB stats cinder:SELECT=59,cinder:UPDATE=27,cinder:INSERT=16,cinder:DELETE=2 {{(pid=123157) stat_writer /usr/local/lib/python3.12/site-packages/dbcounter.py:115}}
Nov 24 14:32:02.805341 np0005533992.novalocal cinder-volume[123157]: DEBUG cinder.volume.manager [req-98f3c396-a3d0-48ba-a15e-9fc3f29244ef req-bb7e24a7-af67-41c5-9636-6dfd8e460001 tempest-AttachVolumeMultiAttachTest-82396310 None] Connection info returned from driver {'target_discovered': False, 'target_portal': '38.102.83.12:3260', 'target_iqn': 'iqn.2010-10.org.openstack:volume-2b1c571e-8fec-4c9d-b458-e82ae3ad3a4a', 'target_lun': 0, 'volume_id': '2b1c571e-8fec-4c9d-b458-e82ae3ad3a4a', 'auth_method': 'CHAP', 'auth_username': 'pTcSbfaip3vuRoSPDL3Y', 'auth_password': '***', 'encrypted': False, 'qos_specs': None, 'access_mode': 'rw', 'cacheable': False, 'driver_volume_type': 'iscsi', 'attachment_id': 'beb6392c-788f-47f8-aa4a-4b322e1df885', 'enforce_multipath': True} {{(pid=123157) _connection_create /opt/stack/cinder/cinder/volume/manager.py:4892}}
Nov 24 14:32:02.845365 np0005533992.novalocal cinder-volume[123157]: INFO cinder.volume.manager [req-98f3c396-a3d0-48ba-a15e-9fc3f29244ef req-bb7e24a7-af67-41c5-9636-6dfd8e460001 tempest-AttachVolumeMultiAttachTest-82396310 None] attachment_update completed successfully.
Nov 24 14:32:12.841511 np0005533992.novalocal cinder-volume[123157]: DEBUG dbcounter [-] [123157] Writing DB stats cinder:UPDATE=2,cinder:SELECT=3 {{(pid=123157) stat_writer /usr/local/lib/python3.12/site-packages/dbcounter.py:115}}
Nov 24 14:32:12.845937 np0005533992.novalocal cinder-volume[123157]: DEBUG dbcounter [-] [123157] Writing DB stats cinder:SELECT=5,cinder:UPDATE=1 {{(pid=123157) stat_writer /usr/local/lib/python3.12/site-packages/dbcounter.py:115}}
Nov 24 14:32:15.771495 np0005533992.novalocal cinder-volume[123157]: DEBUG oslo_concurrency.processutils [req-80721238-e700-4130-bf31-06a0c3f61564 req-d5cedbc3-f369-4bfc-9713-60f48d2d8768 tempest-AttachVolumeMultiAttachTest-82396310 None] Running cmd (subprocess): sudo cinder-rootwrap /etc/cinder/rootwrap.conf env LC_ALL=C lvs --noheadings --unit=g -o vg_name,name,size --nosuffix --readonly stack-volumes-lvmdriver-1/volume-2b1c571e-8fec-4c9d-b458-e82ae3ad3a4a {{(pid=123157) execute /usr/local/lib/python3.12/site-packages/oslo_concurrency/processutils.py:349}}
Nov 24 14:32:15.793191 np0005533992.novalocal sudo[155464]: stack : PWD=/ ; USER=root ; COMMAND=/usr/local/bin/cinder-rootwrap /etc/cinder/rootwrap.conf env LC_ALL=C lvs --noheadings --unit=g -o vg_name,name,size --nosuffix --readonly stack-volumes-lvmdriver-1/volume-2b1c571e-8fec-4c9d-b458-e82ae3ad3a4a
Nov 24 14:32:16.152249 np0005533992.novalocal cinder-volume[123157]: DEBUG oslo_concurrency.processutils [req-80721238-e700-4130-bf31-06a0c3f61564 req-d5cedbc3-f369-4bfc-9713-60f48d2d8768 tempest-AttachVolumeMultiAttachTest-82396310 None] CMD "sudo cinder-rootwrap /etc/cinder/rootwrap.conf env LC_ALL=C lvs --noheadings --unit=g -o vg_name,name,size --nosuffix --readonly stack-volumes-lvmdriver-1/volume-2b1c571e-8fec-4c9d-b458-e82ae3ad3a4a" returned: 0 in 0.381s {{(pid=123157) execute /usr/local/lib/python3.12/site-packages/oslo_concurrency/processutils.py:372}}
Nov 24 14:32:16.152872 np0005533992.novalocal cinder-volume[123157]: DEBUG oslo_concurrency.processutils [req-80721238-e700-4130-bf31-06a0c3f61564 req-d5cedbc3-f369-4bfc-9713-60f48d2d8768 tempest-AttachVolumeMultiAttachTest-82396310 None] Running cmd (subprocess): sudo cinder-rootwrap /etc/cinder/rootwrap.conf env LC_ALL=C lvcreate --name _snapshot-a4f6316d-d212-49fe-8667-f8a38719ef69 --snapshot stack-volumes-lvmdriver-1/volume-2b1c571e-8fec-4c9d-b458-e82ae3ad3a4a {{(pid=123157) execute /usr/local/lib/python3.12/site-packages/oslo_concurrency/processutils.py:349}}
Nov 24 14:32:16.173298 np0005533992.novalocal sudo[155469]: stack : PWD=/ ; USER=root ; COMMAND=/usr/local/bin/cinder-rootwrap /etc/cinder/rootwrap.conf env LC_ALL=C lvcreate --name _snapshot-a4f6316d-d212-49fe-8667-f8a38719ef69 --snapshot stack-volumes-lvmdriver-1/volume-2b1c571e-8fec-4c9d-b458-e82ae3ad3a4a
Nov 24 14:32:16.550491 np0005533992.novalocal cinder-volume[123157]: DEBUG oslo_concurrency.processutils [req-80721238-e700-4130-bf31-06a0c3f61564 req-d5cedbc3-f369-4bfc-9713-60f48d2d8768 tempest-AttachVolumeMultiAttachTest-82396310 None] CMD "sudo cinder-rootwrap /etc/cinder/rootwrap.conf env LC_ALL=C lvcreate --name _snapshot-a4f6316d-d212-49fe-8667-f8a38719ef69 --snapshot stack-volumes-lvmdriver-1/volume-2b1c571e-8fec-4c9d-b458-e82ae3ad3a4a" returned: 0 in 0.397s {{(pid=123157) execute /usr/local/lib/python3.12/site-packages/oslo_concurrency/processutils.py:372}}
Nov 24 14:32:16.606332 np0005533992.novalocal cinder-volume[123157]: INFO cinder.volume.manager [req-80721238-e700-4130-bf31-06a0c3f61564 req-d5cedbc3-f369-4bfc-9713-60f48d2d8768 tempest-AttachVolumeMultiAttachTest-82396310 None] Create snapshot completed successfully
Nov 24 14:32:21.630914 np0005533992.novalocal cinder-volume[123157]: DEBUG oslo_concurrency.lockutils [req-06d48359-298f-4965-8e83-613868e209e9 req-1c62fe0e-90db-460f-9ebd-fbc429e7ee9e tempest-AttachVolumeMultiAttachTest-82396310 None] Acquiring lock "lioadm" by "cinder.volume.targets.lio.LioAdm._execute" {{(pid=123157) inner /usr/local/lib/python3.12/site-packages/oslo_concurrency/lockutils.py:405}}
Nov 24 14:32:21.631636 np0005533992.novalocal cinder-volume[123157]: DEBUG oslo_concurrency.lockutils [req-06d48359-298f-4965-8e83-613868e209e9 req-1c62fe0e-90db-460f-9ebd-fbc429e7ee9e tempest-AttachVolumeMultiAttachTest-82396310 None] Lock "lioadm" acquired by "cinder.volume.targets.lio.LioAdm._execute" :: waited 0.001s {{(pid=123157) inner /usr/local/lib/python3.12/site-packages/oslo_concurrency/lockutils.py:410}}
Nov 24 14:32:21.632262 np0005533992.novalocal cinder-volume[123157]: DEBUG oslo_concurrency.processutils [req-06d48359-298f-4965-8e83-613868e209e9 req-1c62fe0e-90db-460f-9ebd-fbc429e7ee9e tempest-AttachVolumeMultiAttachTest-82396310 None] Running cmd (subprocess): sudo cinder-rootwrap /etc/cinder/rootwrap.conf cinder-rtstool delete-initiator iqn.2010-10.org.openstack:volume-2b1c571e-8fec-4c9d-b458-e82ae3ad3a4a iqn.1994-05.com.redhat:5b9c7bcf3f78 {{(pid=123157) execute /usr/local/lib/python3.12/site-packages/oslo_concurrency/processutils.py:349}}
Nov 24 14:32:21.661449 np0005533992.novalocal sudo[155630]: stack : PWD=/ ; USER=root ; COMMAND=/usr/local/bin/cinder-rootwrap /etc/cinder/rootwrap.conf cinder-rtstool delete-initiator iqn.2010-10.org.openstack:volume-2b1c571e-8fec-4c9d-b458-e82ae3ad3a4a iqn.1994-05.com.redhat:5b9c7bcf3f78
Nov 24 14:32:22.207686 np0005533992.novalocal cinder-volume[123157]: DEBUG oslo_concurrency.processutils [req-06d48359-298f-4965-8e83-613868e209e9 req-1c62fe0e-90db-460f-9ebd-fbc429e7ee9e tempest-AttachVolumeMultiAttachTest-82396310 None] CMD "sudo cinder-rootwrap /etc/cinder/rootwrap.conf cinder-rtstool delete-initiator iqn.2010-10.org.openstack:volume-2b1c571e-8fec-4c9d-b458-e82ae3ad3a4a iqn.1994-05.com.redhat:5b9c7bcf3f78" returned: 0 in 0.574s {{(pid=123157) execute /usr/local/lib/python3.12/site-packages/oslo_concurrency/processutils.py:372}}
Nov 24 14:32:22.207686 np0005533992.novalocal cinder-volume[123157]: DEBUG oslo_concurrency.lockutils [req-06d48359-298f-4965-8e83-613868e209e9 req-1c62fe0e-90db-460f-9ebd-fbc429e7ee9e tempest-AttachVolumeMultiAttachTest-82396310 None] Lock "lioadm" "released" by "cinder.volume.targets.lio.LioAdm._execute" :: held 0.575s {{(pid=123157) inner /usr/local/lib/python3.12/site-packages/oslo_concurrency/lockutils.py:424}}
Nov 24 14:32:22.207686 np0005533992.novalocal cinder-volume[123157]: DEBUG oslo_concurrency.lockutils [req-06d48359-298f-4965-8e83-613868e209e9 req-1c62fe0e-90db-460f-9ebd-fbc429e7ee9e tempest-AttachVolumeMultiAttachTest-82396310 None] Acquiring lock "lioadm" by "cinder.volume.targets.lio.LioAdm._execute" {{(pid=123157) inner /usr/local/lib/python3.12/site-packages/oslo_concurrency/lockutils.py:405}}
Nov 24 14:32:22.208061 np0005533992.novalocal cinder-volume[123157]: DEBUG oslo_concurrency.lockutils [req-06d48359-298f-4965-8e83-613868e209e9 req-1c62fe0e-90db-460f-9ebd-fbc429e7ee9e tempest-AttachVolumeMultiAttachTest-82396310 None] Lock "lioadm" acquired by "cinder.volume.targets.lio.LioAdm._execute" :: waited 0.001s {{(pid=123157) inner /usr/local/lib/python3.12/site-packages/oslo_concurrency/lockutils.py:410}}
Nov 24 14:32:22.208845 np0005533992.novalocal cinder-volume[123157]: DEBUG oslo_concurrency.processutils [req-06d48359-298f-4965-8e83-613868e209e9 req-1c62fe0e-90db-460f-9ebd-fbc429e7ee9e tempest-AttachVolumeMultiAttachTest-82396310 None] Running cmd (subprocess): sudo cinder-rootwrap /etc/cinder/rootwrap.conf cinder-rtstool save {{(pid=123157) execute /usr/local/lib/python3.12/site-packages/oslo_concurrency/processutils.py:349}}
Nov 24 14:32:22.225815 np0005533992.novalocal sudo[155636]: stack : PWD=/ ; USER=root ; COMMAND=/usr/local/bin/cinder-rootwrap /etc/cinder/rootwrap.conf cinder-rtstool save
Nov 24 14:32:22.796824 np0005533992.novalocal cinder-volume[123157]: DEBUG oslo_concurrency.processutils [req-06d48359-298f-4965-8e83-613868e209e9 req-1c62fe0e-90db-460f-9ebd-fbc429e7ee9e tempest-AttachVolumeMultiAttachTest-82396310 None] CMD "sudo cinder-rootwrap /etc/cinder/rootwrap.conf cinder-rtstool save" returned: 0 in 0.587s {{(pid=123157) execute /usr/local/lib/python3.12/site-packages/oslo_concurrency/processutils.py:372}}
Nov 24 14:32:22.796824 np0005533992.novalocal cinder-volume[123157]: DEBUG oslo_concurrency.lockutils [req-06d48359-298f-4965-8e83-613868e209e9 req-1c62fe0e-90db-460f-9ebd-fbc429e7ee9e tempest-AttachVolumeMultiAttachTest-82396310 None] Lock "lioadm" "released" by "cinder.volume.targets.lio.LioAdm._execute" :: held 0.588s {{(pid=123157) inner /usr/local/lib/python3.12/site-packages/oslo_concurrency/lockutils.py:424}}
