Nov 24 14:32:53.458015 np0005533992.novalocal cinder-volume[123157]: DEBUG oslo_concurrency.processutils [None req-e0ef2527-f863-408c-9bdc-ff03b0b2ef6e tempest-AttachVolumeMultiAttachTest-82396310 None] CMD "sudo cinder-rootwrap /etc/cinder/rootwrap.conf env LC_ALL=C lvs --noheadings --unit=g -o vg_name,name,size --nosuffix --readonly stack-volumes-lvmdriver-1" returned: 0 in 0.394s {{(pid=123157) execute /usr/local/lib/python3.12/site-packages/oslo_concurrency/processutils.py:372}}
Nov 24 14:32:53.458015 np0005533992.novalocal cinder-volume[123157]: DEBUG cinder.manager [None req-e0ef2527-f863-408c-9bdc-ff03b0b2ef6e tempest-AttachVolumeMultiAttachTest-82396310 None] Notifying Schedulers of capabilities ... {{(pid=123157) _publish_service_capabilities /opt/stack/cinder/cinder/manager.py:202}}
Nov 24 14:32:53.462142 np0005533992.novalocal cinder-volume[123157]: INFO cinder.volume.manager [None req-e0ef2527-f863-408c-9bdc-ff03b0b2ef6e tempest-AttachVolumeMultiAttachTest-82396310 None] Deleted volume successfully.
Nov 24 14:32:53.475702 np0005533992.novalocal cinder-volume[123157]: DEBUG cinder.coordination [None req-e0ef2527-f863-408c-9bdc-ff03b0b2ef6e tempest-AttachVolumeMultiAttachTest-82396310 None] Lock "cinder-04f3069f-0f08-4c27-8bcd-38805bcb60f7-delete_volume" released by "delete_volume" :: held 3.576s {{(pid=123157) __release /opt/stack/cinder/cinder/coordination.py:157}}
Nov 24 14:32:53.684065 np0005533992.novalocal cinder-volume[123157]: DEBUG oslo_concurrency.processutils [None req-55597c5b-f3a7-4ec9-ab8e-a3cd855b637d tempest-VolumesSnapshotListTestJSON-2140956340 None] CMD "sudo cinder-rootwrap /etc/cinder/rootwrap.conf env LC_ALL=C lvcreate --name _snapshot-8ae0e809-ad16-4c93-8741-857f5e1d742d --snapshot stack-volumes-lvmdriver-1/volume-af87367d-0d29-4ea5-93b0-2a0b987d6720" returned: 0 in 0.403s {{(pid=123157) execute /usr/local/lib/python3.12/site-packages/oslo_concurrency/processutils.py:372}}
Nov 24 14:32:53.711326 np0005533992.novalocal cinder-volume[123157]: INFO cinder.volume.manager [None req-55597c5b-f3a7-4ec9-ab8e-a3cd855b637d tempest-VolumesSnapshotListTestJSON-2140956340 None] Create snapshot completed successfully
Nov 24 14:32:54.090940 np0005533992.novalocal cinder-volume[123157]: DEBUG oslo_concurrency.processutils [None req-04f8d505-0d03-427c-a2a4-43d646a9919e tempest-VolumesSnapshotListTestJSON-2140956340 None] Running cmd (subprocess): sudo cinder-rootwrap /etc/cinder/rootwrap.conf env LC_ALL=C lvs --noheadings --unit=g -o vg_name,name,size --nosuffix --readonly stack-volumes-lvmdriver-1/volume-af87367d-0d29-4ea5-93b0-2a0b987d6720 {{(pid=123157) execute /usr/local/lib/python3.12/site-packages/oslo_concurrency/processutils.py:349}}
Nov 24 14:32:54.110878 np0005533992.novalocal sudo[156544]: stack : PWD=/ ; USER=root ; COMMAND=/usr/local/bin/cinder-rootwrap /etc/cinder/rootwrap.conf env LC_ALL=C lvs --noheadings --unit=g -o vg_name,name,size --nosuffix --readonly stack-volumes-lvmdriver-1/volume-af87367d-0d29-4ea5-93b0-2a0b987d6720
Nov 24 14:32:54.453308 np0005533992.novalocal cinder-volume[123157]: DEBUG oslo_concurrency.processutils [None req-04f8d505-0d03-427c-a2a4-43d646a9919e tempest-VolumesSnapshotListTestJSON-2140956340 None] CMD "sudo cinder-rootwrap /etc/cinder/rootwrap.conf env LC_ALL=C lvs --noheadings --unit=g -o vg_name,name,size --nosuffix --readonly stack-volumes-lvmdriver-1/volume-af87367d-0d29-4ea5-93b0-2a0b987d6720" returned: 0 in 0.362s {{(pid=123157) execute /usr/local/lib/python3.12/site-packages/oslo_concurrency/processutils.py:372}}
Nov 24 14:32:54.455384 np0005533992.novalocal cinder-volume[123157]: DEBUG oslo_concurrency.processutils [None req-04f8d505-0d03-427c-a2a4-43d646a9919e tempest-VolumesSnapshotListTestJSON-2140956340 None] Running cmd (subprocess): sudo cinder-rootwrap /etc/cinder/rootwrap.conf env LC_ALL=C lvcreate --name _snapshot-459313b4-c827-4dc8-891f-4de4af5767d1 --snapshot stack-volumes-lvmdriver-1/volume-af87367d-0d29-4ea5-93b0-2a0b987d6720 {{(pid=123157) execute /usr/local/lib/python3.12/site-packages/oslo_concurrency/processutils.py:349}}
Nov 24 14:32:54.474797 np0005533992.novalocal sudo[156550]: stack : PWD=/ ; USER=root ; COMMAND=/usr/local/bin/cinder-rootwrap /etc/cinder/rootwrap.conf env LC_ALL=C lvcreate --name _snapshot-459313b4-c827-4dc8-891f-4de4af5767d1 --snapshot stack-volumes-lvmdriver-1/volume-af87367d-0d29-4ea5-93b0-2a0b987d6720
Nov 24 14:32:54.912590 np0005533992.novalocal cinder-volume[123157]: DEBUG oslo_concurrency.processutils [None req-04f8d505-0d03-427c-a2a4-43d646a9919e tempest-VolumesSnapshotListTestJSON-2140956340 None] CMD "sudo cinder-rootwrap /etc/cinder/rootwrap.conf env LC_ALL=C lvcreate --name _snapshot-459313b4-c827-4dc8-891f-4de4af5767d1 --snapshot stack-volumes-lvmdriver-1/volume-af87367d-0d29-4ea5-93b0-2a0b987d6720" returned: 0 in 0.454s {{(pid=123157) execute /usr/local/lib/python3.12/site-packages/oslo_concurrency/processutils.py:372}}
Nov 24 14:32:54.931381 np0005533992.novalocal cinder-volume[123157]: INFO cinder.volume.manager [None req-04f8d505-0d03-427c-a2a4-43d646a9919e tempest-VolumesSnapshotListTestJSON-2140956340 None] Create snapshot completed successfully
Nov 24 14:32:55.245224 np0005533992.novalocal cinder-volume[123157]: DEBUG oslo_concurrency.processutils [None req-b79ae911-1487-462d-ba15-a4f6805566f1 tempest-VolumesSnapshotListTestJSON-2140956340 None] Running cmd (subprocess): sudo cinder-rootwrap /etc/cinder/rootwrap.conf env LC_ALL=C lvs --noheadings --unit=g -o vg_name,name,size --nosuffix --readonly stack-volumes-lvmdriver-1/volume-af87367d-0d29-4ea5-93b0-2a0b987d6720 {{(pid=123157) execute /usr/local/lib/python3.12/site-packages/oslo_concurrency/processutils.py:349}}
Nov 24 14:32:55.270248 np0005533992.novalocal sudo[156562]: stack : PWD=/ ; USER=root ; COMMAND=/usr/local/bin/cinder-rootwrap /etc/cinder/rootwrap.conf env LC_ALL=C lvs --noheadings --unit=g -o vg_name,name,size --nosuffix --readonly stack-volumes-lvmdriver-1/volume-af87367d-0d29-4ea5-93b0-2a0b987d6720
Nov 24 14:32:55.615746 np0005533992.novalocal cinder-volume[123157]: DEBUG oslo_concurrency.processutils [None req-b79ae911-1487-462d-ba15-a4f6805566f1 tempest-VolumesSnapshotListTestJSON-2140956340 None] CMD "sudo cinder-rootwrap /etc/cinder/rootwrap.conf env LC_ALL=C lvs --noheadings --unit=g -o vg_name,name,size --nosuffix --readonly stack-volumes-lvmdriver-1/volume-af87367d-0d29-4ea5-93b0-2a0b987d6720" returned: 0 in 0.370s {{(pid=123157) execute /usr/local/lib/python3.12/site-packages/oslo_concurrency/processutils.py:372}}
Nov 24 14:32:55.617203 np0005533992.novalocal cinder-volume[123157]: DEBUG oslo_concurrency.processutils [None req-b79ae911-1487-462d-ba15-a4f6805566f1 tempest-VolumesSnapshotListTestJSON-2140956340 None] Running cmd (subprocess): sudo cinder-rootwrap /etc/cinder/rootwrap.conf env LC_ALL=C lvcreate --name _snapshot-7a467ef2-c75b-4a8b-8131-4a513066712d --snapshot stack-volumes-lvmdriver-1/volume-af87367d-0d29-4ea5-93b0-2a0b987d6720 {{(pid=123157) execute /usr/local/lib/python3.12/site-packages/oslo_concurrency/processutils.py:349}}
Nov 24 14:32:55.634352 np0005533992.novalocal sudo[156568]: stack : PWD=/ ; USER=root ; COMMAND=/usr/local/bin/cinder-rootwrap /etc/cinder/rootwrap.conf env LC_ALL=C lvcreate --name _snapshot-7a467ef2-c75b-4a8b-8131-4a513066712d --snapshot stack-volumes-lvmdriver-1/volume-af87367d-0d29-4ea5-93b0-2a0b987d6720
Nov 24 14:32:56.075894 np0005533992.novalocal cinder-volume[123157]: DEBUG oslo_concurrency.processutils [None req-b79ae911-1487-462d-ba15-a4f6805566f1 tempest-VolumesSnapshotListTestJSON-2140956340 None] CMD "sudo cinder-rootwrap /etc/cinder/rootwrap.conf env LC_ALL=C lvcreate --name _snapshot-7a467ef2-c75b-4a8b-8131-4a513066712d --snapshot stack-volumes-lvmdriver-1/volume-af87367d-0d29-4ea5-93b0-2a0b987d6720" returned: 0 in 0.457s {{(pid=123157) execute /usr/local/lib/python3.12/site-packages/oslo_concurrency/processutils.py:372}}
Nov 24 14:32:56.098397 np0005533992.novalocal cinder-volume[123157]: INFO cinder.volume.manager [None req-b79ae911-1487-462d-ba15-a4f6805566f1 tempest-VolumesSnapshotListTestJSON-2140956340 None] Create snapshot completed successfully
Nov 24 14:32:56.843966 np0005533992.novalocal cinder-volume[123157]: DEBUG cinder.coordination [None req-64dd6806-89b7-488e-9a52-8ca7120ddf49 tempest-VolumesSnapshotListTestJSON-2140956340 None] Acquiring lock "cinder-7a467ef2-c75b-4a8b-8131-4a513066712d-delete_snapshot" by "delete_snapshot" {{(pid=123157) __acquire /opt/stack/cinder/cinder/coordination.py:143}}
Nov 24 14:32:56.854505 np0005533992.novalocal cinder-volume[123157]: DEBUG cinder.coordination [None req-64dd6806-89b7-488e-9a52-8ca7120ddf49 tempest-VolumesSnapshotListTestJSON-2140956340 None] Lock "cinder-7a467ef2-c75b-4a8b-8131-4a513066712d-delete_snapshot" acquired by "delete_snapshot" :: waited 0.011s {{(pid=123157) __acquire /opt/stack/cinder/cinder/coordination.py:146}}
Nov 24 14:32:56.856068 np0005533992.novalocal cinder-volume[123157]: DEBUG oslo_concurrency.processutils [None req-64dd6806-89b7-488e-9a52-8ca7120ddf49 tempest-VolumesSnapshotListTestJSON-2140956340 None] Running cmd (subprocess): sudo cinder-rootwrap /etc/cinder/rootwrap.conf env LC_ALL=C lvs --noheadings --unit=g -o vg_name,name,size --nosuffix --readonly stack-volumes-lvmdriver-1/_snapshot-7a467ef2-c75b-4a8b-8131-4a513066712d {{(pid=123157) execute /usr/local/lib/python3.12/site-packages/oslo_concurrency/processutils.py:349}}
Nov 24 14:32:56.885488 np0005533992.novalocal sudo[156579]: stack : PWD=/ ; USER=root ; COMMAND=/usr/local/bin/cinder-rootwrap /etc/cinder/rootwrap.conf env LC_ALL=C lvs --noheadings --unit=g -o vg_name,name,size --nosuffix --readonly stack-volumes-lvmdriver-1/_snapshot-7a467ef2-c75b-4a8b-8131-4a513066712d
Nov 24 14:32:57.198395 np0005533992.novalocal cinder-volume[123157]: DEBUG oslo_concurrency.processutils [None req-64dd6806-89b7-488e-9a52-8ca7120ddf49 tempest-VolumesSnapshotListTestJSON-2140956340 None] CMD "sudo cinder-rootwrap /etc/cinder/rootwrap.conf env LC_ALL=C lvs --noheadings --unit=g -o vg_name,name,size --nosuffix --readonly stack-volumes-lvmdriver-1/_snapshot-7a467ef2-c75b-4a8b-8131-4a513066712d" returned: 0 in 0.342s {{(pid=123157) execute /usr/local/lib/python3.12/site-packages/oslo_concurrency/processutils.py:372}}
Nov 24 14:32:57.199772 np0005533992.novalocal cinder-volume[123157]: DEBUG oslo_concurrency.processutils [None req-64dd6806-89b7-488e-9a52-8ca7120ddf49 tempest-VolumesSnapshotListTestJSON-2140956340 None] Running cmd (subprocess): sudo cinder-rootwrap /etc/cinder/rootwrap.conf lvremove --config activation { retry_deactivation = 1} -f stack-volumes-lvmdriver-1/_snapshot-7a467ef2-c75b-4a8b-8131-4a513066712d {{(pid=123157) execute /usr/local/lib/python3.12/site-packages/oslo_concurrency/processutils.py:349}}
Nov 24 14:32:57.216242 np0005533992.novalocal sudo[156584]: stack : PWD=/ ; USER=root ; COMMAND=/usr/local/bin/cinder-rootwrap /etc/cinder/rootwrap.conf lvremove --config 'activation { retry_deactivation = 1} ' -f stack-volumes-lvmdriver-1/_snapshot-7a467ef2-c75b-4a8b-8131-4a513066712d
Nov 24 14:32:57.555923 np0005533992.novalocal cinder-volume[123157]: DEBUG oslo_concurrency.processutils [None req-64dd6806-89b7-488e-9a52-8ca7120ddf49 tempest-VolumesSnapshotListTestJSON-2140956340 None] CMD "sudo cinder-rootwrap /etc/cinder/rootwrap.conf lvremove --config activation { retry_deactivation = 1} -f stack-volumes-lvmdriver-1/_snapshot-7a467ef2-c75b-4a8b-8131-4a513066712d" returned: 0 in 0.356s {{(pid=123157) execute /usr/local/lib/python3.12/site-packages/oslo_concurrency/processutils.py:372}}
Nov 24 14:32:57.600946 np0005533992.novalocal cinder-volume[123157]: DEBUG cinder.quota [None req-64dd6806-89b7-488e-9a52-8ca7120ddf49 tempest-VolumesSnapshotListTestJSON-2140956340 None] Created reservations ['d9027b7c-c71e-4e8f-9944-e90e1639404b', '1580cf18-a30b-4d9e-a664-e2308eade8a7', '8a44f74e-fecc-4cb6-8d84-da35b75d4586', '5890b3f9-4212-45af-9ffa-cf7d5cecc051'] {{(pid=123157) reserve /opt/stack/cinder/cinder/quota.py:752}}
Nov 24 14:32:57.622035 np0005533992.novalocal cinder-volume[123157]: INFO cinder.volume.manager [None req-64dd6806-89b7-488e-9a52-8ca7120ddf49 tempest-VolumesSnapshotListTestJSON-2140956340 None] Delete snapshot completed successfully.
Nov 24 14:32:57.625224 np0005533992.novalocal cinder-volume[123157]: DEBUG cinder.coordination [None req-64dd6806-89b7-488e-9a52-8ca7120ddf49 tempest-VolumesSnapshotListTestJSON-2140956340 None] Lock "cinder-7a467ef2-c75b-4a8b-8131-4a513066712d-delete_snapshot" released by "delete_snapshot" :: held 0.771s {{(pid=123157) __release /opt/stack/cinder/cinder/coordination.py:157}}
Nov 24 14:32:57.932300 np0005533992.novalocal cinder-volume[123157]: DEBUG cinder.coordination [None req-d66534bd-458e-41c2-923d-4fc50862682d tempest-VolumesSnapshotListTestJSON-2140956340 None] Acquiring lock "cinder-459313b4-c827-4dc8-891f-4de4af5767d1-delete_snapshot" by "delete_snapshot" {{(pid=123157) __acquire /opt/stack/cinder/cinder/coordination.py:143}}
Nov 24 14:32:57.941107 np0005533992.novalocal cinder-volume[123157]: DEBUG cinder.coordination [None req-d66534bd-458e-41c2-923d-4fc50862682d tempest-VolumesSnapshotListTestJSON-2140956340 None] Lock "cinder-459313b4-c827-4dc8-891f-4de4af5767d1-delete_snapshot" acquired by "delete_snapshot" :: waited 0.009s {{(pid=123157) __acquire /opt/stack/cinder/cinder/coordination.py:146}}
Nov 24 14:32:57.942779 np0005533992.novalocal cinder-volume[123157]: DEBUG oslo_concurrency.processutils [None req-d66534bd-458e-41c2-923d-4fc50862682d tempest-VolumesSnapshotListTestJSON-2140956340 None] Running cmd (subprocess): sudo cinder-rootwrap /etc/cinder/rootwrap.conf env LC_ALL=C lvs --noheadings --unit=g -o vg_name,name,size --nosuffix --readonly stack-volumes-lvmdriver-1/_snapshot-459313b4-c827-4dc8-891f-4de4af5767d1 {{(pid=123157) execute /usr/local/lib/python3.12/site-packages/oslo_concurrency/processutils.py:349}}
Nov 24 14:32:57.964811 np0005533992.novalocal sudo[156590]: stack : PWD=/ ; USER=root ; COMMAND=/usr/local/bin/cinder-rootwrap /etc/cinder/rootwrap.conf env LC_ALL=C lvs --noheadings --unit=g -o vg_name,name,size --nosuffix --readonly stack-volumes-lvmdriver-1/_snapshot-459313b4-c827-4dc8-891f-4de4af5767d1
Nov 24 14:32:58.330127 np0005533992.novalocal cinder-volume[123157]: DEBUG oslo_concurrency.processutils [None req-d66534bd-458e-41c2-923d-4fc50862682d tempest-VolumesSnapshotListTestJSON-2140956340 None] CMD "sudo cinder-rootwrap /etc/cinder/rootwrap.conf env LC_ALL=C lvs --noheadings --unit=g -o vg_name,name,size --nosuffix --readonly stack-volumes-lvmdriver-1/_snapshot-459313b4-c827-4dc8-891f-4de4af5767d1" returned: 0 in 0.387s {{(pid=123157) execute /usr/local/lib/python3.12/site-packages/oslo_concurrency/processutils.py:372}}
Nov 24 14:32:58.331436 np0005533992.novalocal cinder-volume[123157]: DEBUG oslo_concurrency.processutils [None req-d66534bd-458e-41c2-923d-4fc50862682d tempest-VolumesSnapshotListTestJSON-2140956340 None] Running cmd (subprocess): sudo cinder-rootwrap /etc/cinder/rootwrap.conf lvremove --config activation { retry_deactivation = 1} -f stack-volumes-lvmdriver-1/_snapshot-459313b4-c827-4dc8-891f-4de4af5767d1 {{(pid=123157) execute /usr/local/lib/python3.12/site-packages/oslo_concurrency/processutils.py:349}}
Nov 24 14:32:58.353819 np0005533992.novalocal sudo[156595]: stack : PWD=/ ; USER=root ; COMMAND=/usr/local/bin/cinder-rootwrap /etc/cinder/rootwrap.conf lvremove --config 'activation { retry_deactivation = 1} ' -f stack-volumes-lvmdriver-1/_snapshot-459313b4-c827-4dc8-891f-4de4af5767d1
Nov 24 14:32:58.727953 np0005533992.novalocal cinder-volume[123157]: DEBUG oslo_concurrency.processutils [None req-d66534bd-458e-41c2-923d-4fc50862682d tempest-VolumesSnapshotListTestJSON-2140956340 None] CMD "sudo cinder-rootwrap /etc/cinder/rootwrap.conf lvremove --config activation { retry_deactivation = 1} -f stack-volumes-lvmdriver-1/_snapshot-459313b4-c827-4dc8-891f-4de4af5767d1" returned: 0 in 0.396s {{(pid=123157) execute /usr/local/lib/python3.12/site-packages/oslo_concurrency/processutils.py:372}}
Nov 24 14:32:58.786012 np0005533992.novalocal cinder-volume[123157]: DEBUG cinder.quota [None req-d66534bd-458e-41c2-923d-4fc50862682d tempest-VolumesSnapshotListTestJSON-2140956340 None] Created reservations ['65f886ba-b59a-45c3-acc9-2c2f72689d34', '72d3d857-afb4-4f83-a77e-cf9d8d73f5a7', 'd36e5f2b-f255-4ead-abfa-737b7e52ce98', '7682c960-3d20-4f0e-932c-0a90f1436dbf'] {{(pid=123157) reserve /opt/stack/cinder/cinder/quota.py:752}}
Nov 24 14:32:58.808466 np0005533992.novalocal cinder-volume[123157]: INFO cinder.volume.manager [None req-d66534bd-458e-41c2-923d-4fc50862682d tempest-VolumesSnapshotListTestJSON-2140956340 None] Delete snapshot completed successfully.
Nov 24 14:32:58.814153 np0005533992.novalocal cinder-volume[123157]: DEBUG cinder.coordination [None req-d66534bd-458e-41c2-923d-4fc50862682d tempest-VolumesSnapshotListTestJSON-2140956340 None] Lock "cinder-459313b4-c827-4dc8-891f-4de4af5767d1-delete_snapshot" released by "delete_snapshot" :: held 0.873s {{(pid=123157) __release /opt/stack/cinder/cinder/coordination.py:157}}
Nov 24 14:32:59.046839 np0005533992.novalocal cinder-volume[123157]: DEBUG cinder.coordination [None req-615da88e-8e9c-4f69-8fe8-6609808f20d1 tempest-VolumesSnapshotListTestJSON-2140956340 None] Acquiring lock "cinder-8ae0e809-ad16-4c93-8741-857f5e1d742d-delete_snapshot" by "delete_snapshot" {{(pid=123157) __acquire /opt/stack/cinder/cinder/coordination.py:143}}
Nov 24 14:32:59.058416 np0005533992.novalocal cinder-volume[123157]: DEBUG cinder.coordination [None req-615da88e-8e9c-4f69-8fe8-6609808f20d1 tempest-VolumesSnapshotListTestJSON-2140956340 None] Lock "cinder-8ae0e809-ad16-4c93-8741-857f5e1d742d-delete_snapshot" acquired by "delete_snapshot" :: waited 0.013s {{(pid=123157) __acquire /opt/stack/cinder/cinder/coordination.py:146}}
Nov 24 14:32:59.059844 np0005533992.novalocal cinder-volume[123157]: DEBUG oslo_concurrency.processutils [None req-615da88e-8e9c-4f69-8fe8-6609808f20d1 tempest-VolumesSnapshotListTestJSON-2140956340 None] Running cmd (subprocess): sudo cinder-rootwrap /etc/cinder/rootwrap.conf env LC_ALL=C lvs --noheadings --unit=g -o vg_name,name,size --nosuffix --readonly stack-volumes-lvmdriver-1/_snapshot-8ae0e809-ad16-4c93-8741-857f5e1d742d {{(pid=123157) execute /usr/local/lib/python3.12/site-packages/oslo_concurrency/processutils.py:349}}
Nov 24 14:32:59.084938 np0005533992.novalocal sudo[156603]: stack : PWD=/ ; USER=root ; COMMAND=/usr/local/bin/cinder-rootwrap /etc/cinder/rootwrap.conf env LC_ALL=C lvs --noheadings --unit=g -o vg_name,name,size --nosuffix --readonly stack-volumes-lvmdriver-1/_snapshot-8ae0e809-ad16-4c93-8741-857f5e1d742d
Nov 24 14:32:59.417100 np0005533992.novalocal cinder-volume[123157]: DEBUG oslo_concurrency.processutils [None req-615da88e-8e9c-4f69-8fe8-6609808f20d1 tempest-VolumesSnapshotListTestJSON-2140956340 None] CMD "sudo cinder-rootwrap /etc/cinder/rootwrap.conf env LC_ALL=C lvs --noheadings --unit=g -o vg_name,name,size --nosuffix --readonly stack-volumes-lvmdriver-1/_snapshot-8ae0e809-ad16-4c93-8741-857f5e1d742d" returned: 0 in 0.357s {{(pid=123157) execute /usr/local/lib/python3.12/site-packages/oslo_concurrency/processutils.py:372}}
Nov 24 14:32:59.418406 np0005533992.novalocal cinder-volume[123157]: DEBUG oslo_concurrency.processutils [None req-615da88e-8e9c-4f69-8fe8-6609808f20d1 tempest-VolumesSnapshotListTestJSON-2140956340 None] Running cmd (subprocess): sudo cinder-rootwrap /etc/cinder/rootwrap.conf lvremove --config activation { retry_deactivation = 1} -f stack-volumes-lvmdriver-1/_snapshot-8ae0e809-ad16-4c93-8741-857f5e1d742d {{(pid=123157) execute /usr/local/lib/python3.12/site-packages/oslo_concurrency/processutils.py:349}}
Nov 24 14:32:59.436910 np0005533992.novalocal sudo[156608]: stack : PWD=/ ; USER=root ; COMMAND=/usr/local/bin/cinder-rootwrap /etc/cinder/rootwrap.conf lvremove --config 'activation { retry_deactivation = 1} ' -f stack-volumes-lvmdriver-1/_snapshot-8ae0e809-ad16-4c93-8741-857f5e1d742d
Nov 24 14:32:59.854500 np0005533992.novalocal cinder-volume[123157]: DEBUG oslo_concurrency.processutils [None req-615da88e-8e9c-4f69-8fe8-6609808f20d1 tempest-VolumesSnapshotListTestJSON-2140956340 None] CMD "sudo cinder-rootwrap /etc/cinder/rootwrap.conf lvremove --config activation { retry_deactivation = 1} -f stack-volumes-lvmdriver-1/_snapshot-8ae0e809-ad16-4c93-8741-857f5e1d742d" returned: 0 in 0.436s {{(pid=123157) execute /usr/local/lib/python3.12/site-packages/oslo_concurrency/processutils.py:372}}
Nov 24 14:32:59.911224 np0005533992.novalocal cinder-volume[123157]: DEBUG cinder.quota [None req-615da88e-8e9c-4f69-8fe8-6609808f20d1 tempest-VolumesSnapshotListTestJSON-2140956340 None] Created reservations ['11374c2e-42b9-4266-83d9-909e630ae6bf', '4f1eb4e9-eeac-463c-88fd-8e2234e71ab1', '032d0036-4a1f-4435-90c8-09edfddf1f66', '09ea9c14-e6a3-4e9b-b1d8-95d47e21531d'] {{(pid=123157) reserve /opt/stack/cinder/cinder/quota.py:752}}
Nov 24 14:32:59.942870 np0005533992.novalocal cinder-volume[123157]: INFO cinder.volume.manager [None req-615da88e-8e9c-4f69-8fe8-6609808f20d1 tempest-VolumesSnapshotListTestJSON-2140956340 None] Delete snapshot completed successfully.
Nov 24 14:32:59.947521 np0005533992.novalocal cinder-volume[123157]: DEBUG cinder.coordination [None req-615da88e-8e9c-4f69-8fe8-6609808f20d1 tempest-VolumesSnapshotListTestJSON-2140956340 None] Lock "cinder-8ae0e809-ad16-4c93-8741-857f5e1d742d-delete_snapshot" released by "delete_snapshot" :: held 0.889s {{(pid=123157) __release /opt/stack/cinder/cinder/coordination.py:157}}
Nov 24 14:33:00.197166 np0005533992.novalocal cinder-volume[123157]: DEBUG cinder.coordination [None req-fce24705-0919-4890-b94d-b660310628c7 tempest-VolumesSnapshotListTestJSON-2140956340 None] Acquiring lock "cinder-af87367d-0d29-4ea5-93b0-2a0b987d6720-delete_volume" by "delete_volume" {{(pid=123157) __acquire /opt/stack/cinder/cinder/coordination.py:143}}
Nov 24 14:33:00.207945 np0005533992.novalocal cinder-volume[123157]: DEBUG cinder.coordination [None req-fce24705-0919-4890-b94d-b660310628c7 tempest-VolumesSnapshotListTestJSON-2140956340 None] Lock "cinder-af87367d-0d29-4ea5-93b0-2a0b987d6720-delete_volume" acquired by "delete_volume" :: waited 0.010s {{(pid=123157) __acquire /opt/stack/cinder/cinder/coordination.py:146}}
Nov 24 14:33:00.224599 np0005533992.novalocal cinder-volume[123157]: INFO cinder.volume.targets.iscsi [None req-fce24705-0919-4890-b94d-b660310628c7 tempest-VolumesSnapshotListTestJSON-2140956340 None] Skipping remove_export. No iscsi_target is presently exported for volume: af87367d-0d29-4ea5-93b0-2a0b987d6720
Nov 24 14:33:00.224599 np0005533992.novalocal cinder-volume[123157]: DEBUG oslo_concurrency.processutils [None req-fce24705-0919-4890-b94d-b660310628c7 tempest-VolumesSnapshotListTestJSON-2140956340 None] Running cmd (subprocess): sudo cinder-rootwrap /etc/cinder/rootwrap.conf env LC_ALL=C lvs --noheadings --unit=g -o vg_name,name,size --nosuffix --readonly stack-volumes-lvmdriver-1/volume-af87367d-0d29-4ea5-93b0-2a0b987d6720 {{(pid=123157) execute /usr/local/lib/python3.12/site-packages/oslo_concurrency/processutils.py:349}}
Nov 24 14:33:00.248069 np0005533992.novalocal sudo[156665]: stack : PWD=/ ; USER=root ; COMMAND=/usr/local/bin/cinder-rootwrap /etc/cinder/rootwrap.conf env LC_ALL=C lvs --noheadings --unit=g -o vg_name,name,size --nosuffix --readonly stack-volumes-lvmdriver-1/volume-af87367d-0d29-4ea5-93b0-2a0b987d6720
Nov 24 14:33:00.590303 np0005533992.novalocal cinder-volume[123157]: DEBUG oslo_concurrency.processutils [None req-fce24705-0919-4890-b94d-b660310628c7 tempest-VolumesSnapshotListTestJSON-2140956340 None] CMD "sudo cinder-rootwrap /etc/cinder/rootwrap.conf env LC_ALL=C lvs --noheadings --unit=g -o vg_name,name,size --nosuffix --readonly stack-volumes-lvmdriver-1/volume-af87367d-0d29-4ea5-93b0-2a0b987d6720" returned: 0 in 0.362s {{(pid=123157) execute /usr/local/lib/python3.12/site-packages/oslo_concurrency/processutils.py:372}}
Nov 24 14:33:00.590303 np0005533992.novalocal cinder-volume[123157]: DEBUG oslo_concurrency.processutils [None req-fce24705-0919-4890-b94d-b660310628c7 tempest-VolumesSnapshotListTestJSON-2140956340 None] Running cmd (subprocess): sudo cinder-rootwrap /etc/cinder/rootwrap.conf env LC_ALL=C lvdisplay --noheading -C -o Attr --readonly stack-volumes-lvmdriver-1/volume-af87367d-0d29-4ea5-93b0-2a0b987d6720 {{(pid=123157) execute /usr/local/lib/python3.12/site-packages/oslo_concurrency/processutils.py:349}}
Nov 24 14:33:00.616030 np0005533992.novalocal sudo[156675]: stack : PWD=/ ; USER=root ; COMMAND=/usr/local/bin/cinder-rootwrap /etc/cinder/rootwrap.conf env LC_ALL=C lvdisplay --noheading -C -o Attr --readonly stack-volumes-lvmdriver-1/volume-af87367d-0d29-4ea5-93b0-2a0b987d6720
Nov 24 14:33:00.947509 np0005533992.novalocal cinder-volume[123157]: DEBUG oslo_concurrency.processutils [None req-fce24705-0919-4890-b94d-b660310628c7 tempest-VolumesSnapshotListTestJSON-2140956340 None] CMD "sudo cinder-rootwrap /etc/cinder/rootwrap.conf env LC_ALL=C lvdisplay --noheading -C -o Attr --readonly stack-volumes-lvmdriver-1/volume-af87367d-0d29-4ea5-93b0-2a0b987d6720" returned: 0 in 0.358s {{(pid=123157) execute /usr/local/lib/python3.12/site-packages/oslo_concurrency/processutils.py:372}}
Nov 24 14:33:00.948159 np0005533992.novalocal cinder-volume[123157]: DEBUG oslo_concurrency.processutils [None req-fce24705-0919-4890-b94d-b660310628c7 tempest-VolumesSnapshotListTestJSON-2140956340 None] Running cmd (subprocess): sudo cinder-rootwrap /etc/cinder/rootwrap.conf lvremove --config activation { retry_deactivation = 1} -f stack-volumes-lvmdriver-1/volume-af87367d-0d29-4ea5-93b0-2a0b987d6720 {{(pid=123157) execute /usr/local/lib/python3.12/site-packages/oslo_concurrency/processutils.py:349}}
Nov 24 14:33:00.967157 np0005533992.novalocal sudo[156680]: stack : PWD=/ ; USER=root ; COMMAND=/usr/local/bin/cinder-rootwrap /etc/cinder/rootwrap.conf lvremove --config 'activation { retry_deactivation = 1} ' -f stack-volumes-lvmdriver-1/volume-af87367d-0d29-4ea5-93b0-2a0b987d6720
Nov 24 14:33:01.327293 np0005533992.novalocal cinder-volume[123157]: DEBUG oslo_concurrency.processutils [None req-fce24705-0919-4890-b94d-b660310628c7 tempest-VolumesSnapshotListTestJSON-2140956340 None] CMD "sudo cinder-rootwrap /etc/cinder/rootwrap.conf lvremove --config activation { retry_deactivation = 1} -f stack-volumes-lvmdriver-1/volume-af87367d-0d29-4ea5-93b0-2a0b987d6720" returned: 0 in 0.379s {{(pid=123157) execute /usr/local/lib/python3.12/site-packages/oslo_concurrency/processutils.py:372}}
Nov 24 14:33:01.327753 np0005533992.novalocal cinder-volume[123157]: INFO cinder.volume.drivers.lvm [None req-fce24705-0919-4890-b94d-b660310628c7 tempest-VolumesSnapshotListTestJSON-2140956340 None] Successfully deleted volume: af87367d-0d29-4ea5-93b0-2a0b987d6720
Nov 24 14:33:01.362186 np0005533992.novalocal cinder-volume[123157]: DEBUG cinder.quota [None req-fce24705-0919-4890-b94d-b660310628c7 tempest-VolumesSnapshotListTestJSON-2140956340 None] Created reservations ['962c78fc-169b-45db-8d24-7c07880df00e', '7c17f002-e2dc-46fb-b92b-d9042a5afb9e', '518ff9ff-3471-4583-b2e1-d57ee8d7d09e', 'da97cbc5-5468-4deb-886d-caf7554b3c3a'] {{(pid=123157) reserve /opt/stack/cinder/cinder/quota.py:752}}
Nov 24 14:33:01.392081 np0005533992.novalocal cinder-volume[123157]: DEBUG cinder.volume.drivers.lvm [None req-fce24705-0919-4890-b94d-b660310628c7 tempest-VolumesSnapshotListTestJSON-2140956340 None] Updating volume stats {{(pid=123157) _update_volume_stats /opt/stack/cinder/cinder/volume/drivers/lvm.py:228}}
Nov 24 14:33:01.392358 np0005533992.novalocal cinder-volume[123157]: DEBUG oslo_concurrency.processutils [None req-fce24705-0919-4890-b94d-b660310628c7 tempest-VolumesSnapshotListTestJSON-2140956340 None] Running cmd (subprocess): sudo cinder-rootwrap /etc/cinder/rootwrap.conf env LC_ALL=C vgs --noheadings --unit=g -o name,size,free,lv_count,uuid --separator : --nosuffix stack-volumes-lvmdriver-1 {{(pid=123157) execute /usr/local/lib/python3.12/site-packages/oslo_concurrency/processutils.py:349}}
Nov 24 14:33:01.413664 np0005533992.novalocal sudo[156687]: stack : PWD=/ ; USER=root ; COMMAND=/usr/local/bin/cinder-rootwrap /etc/cinder/rootwrap.conf env LC_ALL=C vgs --noheadings --unit=g -o name,size,free,lv_count,uuid --separator : --nosuffix stack-volumes-lvmdriver-1
Nov 24 14:33:01.745517 np0005533992.novalocal cinder-volume[123157]: DEBUG oslo_concurrency.processutils [None req-fce24705-0919-4890-b94d-b660310628c7 tempest-VolumesSnapshotListTestJSON-2140956340 None] CMD "sudo cinder-rootwrap /etc/cinder/rootwrap.conf env LC_ALL=C vgs --noheadings --unit=g -o name,size,free,lv_count,uuid --separator : --nosuffix stack-volumes-lvmdriver-1" returned: 0 in 0.353s {{(pid=123157) execute /usr/local/lib/python3.12/site-packages/oslo_concurrency/processutils.py:372}}
Nov 24 14:33:01.746794 np0005533992.novalocal cinder-volume[123157]: DEBUG oslo_concurrency.processutils [None req-fce24705-0919-4890-b94d-b660310628c7 tempest-VolumesSnapshotListTestJSON-2140956340 None] Running cmd (subprocess): sudo cinder-rootwrap /etc/cinder/rootwrap.conf env LC_ALL=C lvs --noheadings --unit=g -o vg_name,name,size --nosuffix --readonly stack-volumes-lvmdriver-1 {{(pid=123157) execute /usr/local/lib/python3.12/site-packages/oslo_concurrency/processutils.py:349}}
Nov 24 14:33:01.763936 np0005533992.novalocal sudo[156696]: stack : PWD=/ ; USER=root ; COMMAND=/usr/local/bin/cinder-rootwrap /etc/cinder/rootwrap.conf env LC_ALL=C lvs --noheadings --unit=g -o vg_name,name,size --nosuffix --readonly stack-volumes-lvmdriver-1
Nov 24 14:33:02.059051 np0005533992.novalocal cinder-volume[123157]: DEBUG oslo_concurrency.processutils [None req-fce24705-0919-4890-b94d-b660310628c7 tempest-VolumesSnapshotListTestJSON-2140956340 None] CMD "sudo cinder-rootwrap /etc/cinder/rootwrap.conf env LC_ALL=C lvs --noheadings --unit=g -o vg_name,name,size --nosuffix --readonly stack-volumes-lvmdriver-1" returned: 0 in 0.312s {{(pid=123157) execute /usr/local/lib/python3.12/site-packages/oslo_concurrency/processutils.py:372}}
Nov 24 14:33:02.059826 np0005533992.novalocal cinder-volume[123157]: DEBUG oslo_concurrency.processutils [None req-fce24705-0919-4890-b94d-b660310628c7 tempest-VolumesSnapshotListTestJSON-2140956340 None] Running cmd (subprocess): sudo cinder-rootwrap /etc/cinder/rootwrap.conf env LC_ALL=C lvs --noheadings --unit=g -o size,data_percent --separator : --nosuffix /dev/stack-volumes-lvmdriver-1/stack-volumes-lvmdriver-1-pool {{(pid=123157) execute /usr/local/lib/python3.12/site-packages/oslo_concurrency/processutils.py:349}}
Nov 24 14:33:02.085200 np0005533992.novalocal sudo[156701]: stack : PWD=/ ; USER=root ; COMMAND=/usr/local/bin/cinder-rootwrap /etc/cinder/rootwrap.conf env LC_ALL=C lvs --noheadings --unit=g -o size,data_percent --separator : --nosuffix /dev/stack-volumes-lvmdriver-1/stack-volumes-lvmdriver-1-pool
Nov 24 14:33:02.434596 np0005533992.novalocal cinder-volume[123157]: DEBUG oslo_concurrency.processutils [None req-fce24705-0919-4890-b94d-b660310628c7 tempest-VolumesSnapshotListTestJSON-2140956340 None] CMD "sudo cinder-rootwrap /etc/cinder/rootwrap.conf env LC_ALL=C lvs --noheadings --unit=g -o size,data_percent --separator : --nosuffix /dev/stack-volumes-lvmdriver-1/stack-volumes-lvmdriver-1-pool" returned: 0 in 0.374s {{(pid=123157) execute /usr/local/lib/python3.12/site-packages/oslo_concurrency/processutils.py:372}}
Nov 24 14:33:02.436146 np0005533992.novalocal cinder-volume[123157]: DEBUG oslo_concurrency.processutils [None req-fce24705-0919-4890-b94d-b660310628c7 tempest-VolumesSnapshotListTestJSON-2140956340 None] Running cmd (subprocess): sudo cinder-rootwrap /etc/cinder/rootwrap.conf env LC_ALL=C lvs --noheadings --unit=g -o vg_name,name,size --nosuffix --readonly stack-volumes-lvmdriver-1 {{(pid=123157) execute /usr/local/lib/python3.12/site-packages/oslo_concurrency/processutils.py:349}}
Nov 24 14:33:02.457113 np0005533992.novalocal sudo[156706]: stack : PWD=/ ; USER=root ; COMMAND=/usr/local/bin/cinder-rootwrap /etc/cinder/rootwrap.conf env LC_ALL=C lvs --noheadings --unit=g -o vg_name,name,size --nosuffix --readonly stack-volumes-lvmdriver-1
Nov 24 14:33:02.805287 np0005533992.novalocal cinder-volume[123157]: DEBUG oslo_concurrency.processutils [None req-fce24705-0919-4890-b94d-b660310628c7 tempest-VolumesSnapshotListTestJSON-2140956340 None] CMD "sudo cinder-rootwrap /etc/cinder/rootwrap.conf env LC_ALL=C lvs --noheadings --unit=g -o vg_name,name,size --nosuffix --readonly stack-volumes-lvmdriver-1" returned: 0 in 0.369s {{(pid=123157) execute /usr/local/lib/python3.12/site-packages/oslo_concurrency/processutils.py:372}}
Nov 24 14:33:02.806920 np0005533992.novalocal cinder-volume[123157]: DEBUG cinder.manager [None req-fce24705-0919-4890-b94d-b660310628c7 tempest-VolumesSnapshotListTestJSON-2140956340 None] Notifying Schedulers of capabilities ... {{(pid=123157) _publish_service_capabilities /opt/stack/cinder/cinder/manager.py:202}}
Nov 24 14:33:02.813053 np0005533992.novalocal cinder-volume[123157]: INFO cinder.volume.manager [None req-fce24705-0919-4890-b94d-b660310628c7 tempest-VolumesSnapshotListTestJSON-2140956340 None] Deleted volume successfully.
Nov 24 14:33:02.827473 np0005533992.novalocal cinder-volume[123157]: DEBUG cinder.coordination [None req-fce24705-0919-4890-b94d-b660310628c7 tempest-VolumesSnapshotListTestJSON-2140956340 None] Lock "cinder-af87367d-0d29-4ea5-93b0-2a0b987d6720-delete_volume" released by "delete_volume" :: held 2.620s {{(pid=123157) __release /opt/stack/cinder/cinder/coordination.py:157}}
Nov 24 14:33:09.451778 np0005533992.novalocal cinder-volume[123157]: DEBUG oslo_concurrency.lockutils [req-8007725a-6f9a-44cb-ae99-62212019504e req-07eca0e1-b2e2-413b-bbdd-1d70059016c3 tempest-AttachVolumeMultiAttachTest-82396310 None] Acquiring lock "lioadm" by "cinder.volume.targets.lio.LioAdm._execute" {{(pid=123157) inner /usr/local/lib/python3.12/site-packages/oslo_concurrency/lockutils.py:405}}
Nov 24 14:33:09.452473 np0005533992.novalocal cinder-volume[123157]: DEBUG oslo_concurrency.lockutils [req-8007725a-6f9a-44cb-ae99-62212019504e req-07eca0e1-b2e2-413b-bbdd-1d70059016c3 tempest-AttachVolumeMultiAttachTest-82396310 None] Lock "lioadm" acquired by "cinder.volume.targets.lio.LioAdm._execute" :: waited 0.001s {{(pid=123157) inner /usr/local/lib/python3.12/site-packages/oslo_concurrency/lockutils.py:410}}
Nov 24 14:33:09.453654 np0005533992.novalocal cinder-volume[123157]: DEBUG oslo_concurrency.processutils [req-8007725a-6f9a-44cb-ae99-62212019504e req-07eca0e1-b2e2-413b-bbdd-1d70059016c3 tempest-AttachVolumeMultiAttachTest-82396310 None] Running cmd (subprocess): sudo cinder-rootwrap /etc/cinder/rootwrap.conf cinder-rtstool delete-initiator iqn.2010-10.org.openstack:volume-034dedbc-30a9-4d8b-ae44-472d0c75407b iqn.1994-05.com.redhat:5b9c7bcf3f78 {{(pid=123157) execute /usr/local/lib/python3.12/site-packages/oslo_concurrency/processutils.py:349}}
Nov 24 14:33:09.492343 np0005533992.novalocal sudo[156849]: stack : PWD=/ ; USER=root ; COMMAND=/usr/local/bin/cinder-rootwrap /etc/cinder/rootwrap.conf cinder-rtstool delete-initiator iqn.2010-10.org.openstack:volume-034dedbc-30a9-4d8b-ae44-472d0c75407b iqn.1994-05.com.redhat:5b9c7bcf3f78
Nov 24 14:33:09.978766 np0005533992.novalocal cinder-volume[123157]: DEBUG oslo_concurrency.processutils [req-8007725a-6f9a-44cb-ae99-62212019504e req-07eca0e1-b2e2-413b-bbdd-1d70059016c3 tempest-AttachVolumeMultiAttachTest-82396310 None] CMD "sudo cinder-rootwrap /etc/cinder/rootwrap.conf cinder-rtstool delete-initiator iqn.2010-10.org.openstack:volume-034dedbc-30a9-4d8b-ae44-472d0c75407b iqn.1994-05.com.redhat:5b9c7bcf3f78" returned: 0 in 0.525s {{(pid=123157) execute /usr/local/lib/python3.12/site-packages/oslo_concurrency/processutils.py:372}}
Nov 24 14:33:09.979308 np0005533992.novalocal cinder-volume[123157]: DEBUG oslo_concurrency.lockutils [req-8007725a-6f9a-44cb-ae99-62212019504e req-07eca0e1-b2e2-413b-bbdd-1d70059016c3 tempest-AttachVolumeMultiAttachTest-82396310 None] Lock "lioadm" "released" by "cinder.volume.targets.lio.LioAdm._execute" :: held 0.527s {{(pid=123157) inner /usr/local/lib/python3.12/site-packages/oslo_concurrency/lockutils.py:424}}
Nov 24 14:33:09.980010 np0005533992.novalocal cinder-volume[123157]: DEBUG oslo_concurrency.lockutils [req-8007725a-6f9a-44cb-ae99-62212019504e req-07eca0e1-b2e2-413b-bbdd-1d70059016c3 tempest-AttachVolumeMultiAttachTest-82396310 None] Acquiring lock "lioadm" by "cinder.volume.targets.lio.LioAdm._execute" {{(pid=123157) inner /usr/local/lib/python3.12/site-packages/oslo_concurrency/lockutils.py:405}}
Nov 24 14:33:09.980778 np0005533992.novalocal cinder-volume[123157]: DEBUG oslo_concurrency.lockutils [req-8007725a-6f9a-44cb-ae99-62212019504e req-07eca0e1-b2e2-413b-bbdd-1d70059016c3 tempest-AttachVolumeMultiAttachTest-82396310 None] Lock "lioadm" acquired by "cinder.volume.targets.lio.LioAdm._execute" :: waited 0.001s {{(pid=123157) inner /usr/local/lib/python3.12/site-packages/oslo_concurrency/lockutils.py:410}}
Nov 24 14:33:09.982135 np0005533992.novalocal cinder-volume[123157]: DEBUG oslo_concurrency.processutils [req-8007725a-6f9a-44cb-ae99-62212019504e req-07eca0e1-b2e2-413b-bbdd-1d70059016c3 tempest-AttachVolumeMultiAttachTest-82396310 None] Running cmd (subprocess): sudo cinder-rootwrap /etc/cinder/rootwrap.conf cinder-rtstool save {{(pid=123157) execute /usr/local/lib/python3.12/site-packages/oslo_concurrency/processutils.py:349}}
Nov 24 14:33:10.003591 np0005533992.novalocal sudo[156899]: stack : PWD=/ ; USER=root ; COMMAND=/usr/local/bin/cinder-rootwrap /etc/cinder/rootwrap.conf cinder-rtstool save
Nov 24 14:33:10.546426 np0005533992.novalocal cinder-volume[123157]: DEBUG oslo_concurrency.processutils [req-8007725a-6f9a-44cb-ae99-62212019504e req-07eca0e1-b2e2-413b-bbdd-1d70059016c3 tempest-AttachVolumeMultiAttachTest-82396310 None] CMD "sudo cinder-rootwrap /etc/cinder/rootwrap.conf cinder-rtstool save" returned: 0 in 0.565s {{(pid=123157) execute /usr/local/lib/python3.12/site-packages/oslo_concurrency/processutils.py:372}}
Nov 24 14:33:10.546812 np0005533992.novalocal cinder-volume[123157]: DEBUG oslo_concurrency.lockutils [req-8007725a-6f9a-44cb-ae99-62212019504e req-07eca0e1-b2e2-413b-bbdd-1d70059016c3 tempest-AttachVolumeMultiAttachTest-82396310 None] Lock "lioadm" "released" by "cinder.volume.targets.lio.LioAdm._execute" :: held 0.566s {{(pid=123157) inner /usr/local/lib/python3.12/site-packages/oslo_concurrency/lockutils.py:424}}
Nov 24 14:33:10.547219 np0005533992.novalocal cinder-volume[123157]: INFO cinder.volume.manager [req-8007725a-6f9a-44cb-ae99-62212019504e req-07eca0e1-b2e2-413b-bbdd-1d70059016c3 tempest-AttachVolumeMultiAttachTest-82396310 None] Terminate volume connection completed successfully.
Nov 24 14:33:10.547219 np0005533992.novalocal cinder-volume[123157]: DEBUG cinder.volume.manager [req-8007725a-6f9a-44cb-ae99-62212019504e req-07eca0e1-b2e2-413b-bbdd-1d70059016c3 tempest-AttachVolumeMultiAttachTest-82396310 None] Deleting attachment d02ef45b-6930-4193-ad06-dea0dba9ad2e. {{(pid=123157) attachment_delete /opt/stack/cinder/cinder/volume/manager.py:5023}}
Nov 24 14:33:10.547622 np0005533992.novalocal cinder-volume[123157]: DEBUG oslo_concurrency.lockutils [req-8007725a-6f9a-44cb-ae99-62212019504e req-07eca0e1-b2e2-413b-bbdd-1d70059016c3 tempest-AttachVolumeMultiAttachTest-82396310 None] Acquiring lock "lioadm" by "cinder.volume.targets.lio.LioAdm._execute" {{(pid=123157) inner /usr/local/lib/python3.12/site-packages/oslo_concurrency/lockutils.py:405}}
Nov 24 14:33:10.548032 np0005533992.novalocal cinder-volume[123157]: DEBUG oslo_concurrency.lockutils [req-8007725a-6f9a-44cb-ae99-62212019504e req-07eca0e1-b2e2-413b-bbdd-1d70059016c3 tempest-AttachVolumeMultiAttachTest-82396310 None] Lock "lioadm" acquired by "cinder.volume.targets.lio.LioAdm._execute" :: waited 0.000s {{(pid=123157) inner /usr/local/lib/python3.12/site-packages/oslo_concurrency/lockutils.py:410}}
Nov 24 14:33:10.548411 np0005533992.novalocal cinder-volume[123157]: DEBUG oslo_concurrency.processutils [req-8007725a-6f9a-44cb-ae99-62212019504e req-07eca0e1-b2e2-413b-bbdd-1d70059016c3 tempest-AttachVolumeMultiAttachTest-82396310 None] Running cmd (subprocess): sudo cinder-rootwrap /etc/cinder/rootwrap.conf cinder-rtstool get-targets {{(pid=123157) execute /usr/local/lib/python3.12/site-packages/oslo_concurrency/processutils.py:349}}
Nov 24 14:33:10.573604 np0005533992.novalocal sudo[156905]: stack : PWD=/ ; USER=root ; COMMAND=/usr/local/bin/cinder-rootwrap /etc/cinder/rootwrap.conf cinder-rtstool get-targets
Nov 24 14:33:11.054031 np0005533992.novalocal cinder-volume[123157]: DEBUG oslo_concurrency.processutils [req-8007725a-6f9a-44cb-ae99-62212019504e req-07eca0e1-b2e2-413b-bbdd-1d70059016c3 tempest-AttachVolumeMultiAttachTest-82396310 None] CMD "sudo cinder-rootwrap /etc/cinder/rootwrap.conf cinder-rtstool get-targets" returned: 0 in 0.505s {{(pid=123157) execute /usr/local/lib/python3.12/site-packages/oslo_concurrency/processutils.py:372}}
Nov 24 14:33:11.054500 np0005533992.novalocal cinder-volume[123157]: DEBUG oslo_concurrency.lockutils [req-8007725a-6f9a-44cb-ae99-62212019504e req-07eca0e1-b2e2-413b-bbdd-1d70059016c3 tempest-AttachVolumeMultiAttachTest-82396310 None] Lock "lioadm" "released" by "cinder.volume.targets.lio.LioAdm._execute" :: held 0.506s {{(pid=123157) inner /usr/local/lib/python3.12/site-packages/oslo_concurrency/lockutils.py:424}}
Nov 24 14:33:11.054500 np0005533992.novalocal cinder-volume[123157]: INFO cinder.volume.targets.lio [req-8007725a-6f9a-44cb-ae99-62212019504e req-07eca0e1-b2e2-413b-bbdd-1d70059016c3 tempest-AttachVolumeMultiAttachTest-82396310 None] Removing iscsi_target: 034dedbc-30a9-4d8b-ae44-472d0c75407b
Nov 24 14:33:11.054792 np0005533992.novalocal cinder-volume[123157]: DEBUG oslo_concurrency.lockutils [req-8007725a-6f9a-44cb-ae99-62212019504e req-07eca0e1-b2e2-413b-bbdd-1d70059016c3 tempest-AttachVolumeMultiAttachTest-82396310 None] Acquiring lock "lioadm" by "cinder.volume.targets.lio.LioAdm._execute" {{(pid=123157) inner /usr/local/lib/python3.12/site-packages/oslo_concurrency/lockutils.py:405}}
Nov 24 14:33:11.055043 np0005533992.novalocal cinder-volume[123157]: DEBUG oslo_concurrency.lockutils [req-8007725a-6f9a-44cb-ae99-62212019504e req-07eca0e1-b2e2-413b-bbdd-1d70059016c3 tempest-AttachVolumeMultiAttachTest-82396310 None] Lock "lioadm" acquired by "cinder.volume.targets.lio.LioAdm._execute" :: waited 0.000s {{(pid=123157) inner /usr/local/lib/python3.12/site-packages/oslo_concurrency/lockutils.py:410}}
Nov 24 14:33:11.055310 np0005533992.novalocal cinder-volume[123157]: DEBUG oslo_concurrency.processutils [req-8007725a-6f9a-44cb-ae99-62212019504e req-07eca0e1-b2e2-413b-bbdd-1d70059016c3 tempest-AttachVolumeMultiAttachTest-82396310 None] Running cmd (subprocess): sudo cinder-rootwrap /etc/cinder/rootwrap.conf cinder-rtstool delete iqn.2010-10.org.openstack:volume-034dedbc-30a9-4d8b-ae44-472d0c75407b {{(pid=123157) execute /usr/local/lib/python3.12/site-packages/oslo_concurrency/processutils.py:349}}
Nov 24 14:33:11.074322 np0005533992.novalocal sudo[156912]: stack : PWD=/ ; USER=root ; COMMAND=/usr/local/bin/cinder-rootwrap /etc/cinder/rootwrap.conf cinder-rtstool delete iqn.2010-10.org.openstack:volume-034dedbc-30a9-4d8b-ae44-472d0c75407b
Nov 24 14:33:11.653808 np0005533992.novalocal cinder-volume[123157]: DEBUG oslo_concurrency.processutils [req-8007725a-6f9a-44cb-ae99-62212019504e req-07eca0e1-b2e2-413b-bbdd-1d70059016c3 tempest-AttachVolumeMultiAttachTest-82396310 None] CMD "sudo cinder-rootwrap /etc/cinder/rootwrap.conf cinder-rtstool delete iqn.2010-10.org.openstack:volume-034dedbc-30a9-4d8b-ae44-472d0c75407b" returned: 0 in 0.596s {{(pid=123157) execute /usr/local/lib/python3.12/site-packages/oslo_concurrency/processutils.py:372}}
Nov 24 14:33:11.653808 np0005533992.novalocal cinder-volume[123157]: DEBUG oslo_concurrency.lockutils [req-8007725a-6f9a-44cb-ae99-62212019504e req-07eca0e1-b2e2-413b-bbdd-1d70059016c3 tempest-AttachVolumeMultiAttachTest-82396310 None] Lock "lioadm" "released" by "cinder.volume.targets.lio.LioAdm._execute" :: held 0.597s {{(pid=123157) inner /usr/local/lib/python3.12/site-packages/oslo_concurrency/lockutils.py:424}}
Nov 24 14:33:11.653808 np0005533992.novalocal cinder-volume[123157]: DEBUG oslo_concurrency.lockutils [req-8007725a-6f9a-44cb-ae99-62212019504e req-07eca0e1-b2e2-413b-bbdd-1d70059016c3 tempest-AttachVolumeMultiAttachTest-82396310 None] Acquiring lock "lioadm" by "cinder.volume.targets.lio.LioAdm._execute" {{(pid=123157) inner /usr/local/lib/python3.12/site-packages/oslo_concurrency/lockutils.py:405}}
Nov 24 14:33:11.653808 np0005533992.novalocal cinder-volume[123157]: DEBUG oslo_concurrency.lockutils [req-8007725a-6f9a-44cb-ae99-62212019504e req-07eca0e1-b2e2-413b-bbdd-1d70059016c3 tempest-AttachVolumeMultiAttachTest-82396310 None] Lock "lioadm" acquired by "cinder.volume.targets.lio.LioAdm._execute" :: waited 0.000s {{(pid=123157) inner /usr/local/lib/python3.12/site-packages/oslo_concurrency/lockutils.py:410}}
Nov 24 14:33:11.653808 np0005533992.novalocal cinder-volume[123157]: DEBUG oslo_concurrency.processutils [req-8007725a-6f9a-44cb-ae99-62212019504e req-07eca0e1-b2e2-413b-bbdd-1d70059016c3 tempest-AttachVolumeMultiAttachTest-82396310 None] Running cmd (subprocess): sudo cinder-rootwrap /etc/cinder/rootwrap.conf cinder-rtstool save {{(pid=123157) execute /usr/local/lib/python3.12/site-packages/oslo_concurrency/processutils.py:349}}
Nov 24 14:33:11.676338 np0005533992.novalocal sudo[156918]: stack : PWD=/ ; USER=root ; COMMAND=/usr/local/bin/cinder-rootwrap /etc/cinder/rootwrap.conf cinder-rtstool save
Nov 24 14:33:12.162108 np0005533992.novalocal cinder-volume[123157]: DEBUG oslo_concurrency.processutils [req-8007725a-6f9a-44cb-ae99-62212019504e req-07eca0e1-b2e2-413b-bbdd-1d70059016c3 tempest-AttachVolumeMultiAttachTest-82396310 None] CMD "sudo cinder-rootwrap /etc/cinder/rootwrap.conf cinder-rtstool save" returned: 0 in 0.507s {{(pid=123157) execute /usr/local/lib/python3.12/site-packages/oslo_concurrency/processutils.py:372}}
Nov 24 14:33:12.162108 np0005533992.novalocal cinder-volume[123157]: DEBUG oslo_concurrency.lockutils [req-8007725a-6f9a-44cb-ae99-62212019504e req-07eca0e1-b2e2-413b-bbdd-1d70059016c3 tempest-AttachVolumeMultiAttachTest-82396310 None] Lock "lioadm" "released" by "cinder.volume.targets.lio.LioAdm._execute" :: held 0.509s {{(pid=123157) inner /usr/local/lib/python3.12/site-packages/oslo_concurrency/lockutils.py:424}}
Nov 24 14:33:14.921801 np0005533992.novalocal cinder-volume[123157]: DEBUG cinder.coordination [None req-28abf0f4-e343-47c9-9829-7f16775faf09 tempest-AttachVolumeMultiAttachTest-82396310 None] Acquiring lock "cinder-034dedbc-30a9-4d8b-ae44-472d0c75407b-delete_volume" by "delete_volume" {{(pid=123157) __acquire /opt/stack/cinder/cinder/coordination.py:143}}
Nov 24 14:33:14.930266 np0005533992.novalocal cinder-volume[123157]: DEBUG cinder.coordination [None req-28abf0f4-e343-47c9-9829-7f16775faf09 tempest-AttachVolumeMultiAttachTest-82396310 None] Lock "cinder-034dedbc-30a9-4d8b-ae44-472d0c75407b-delete_volume" acquired by "delete_volume" :: waited 0.010s {{(pid=123157) __acquire /opt/stack/cinder/cinder/coordination.py:146}}
Nov 24 14:33:14.935090 np0005533992.novalocal cinder-volume[123157]: DEBUG dbcounter [-] [123157] Writing DB stats cinder:SELECT=94,cinder:INSERT=31,cinder:UPDATE=122,cinder:DELETE=9 {{(pid=123157) stat_writer /usr/local/lib/python3.12/site-packages/dbcounter.py:115}}
Nov 24 14:33:14.944222 np0005533992.novalocal cinder-volume[123157]: DEBUG dbcounter [-] [123157] Writing DB stats cinder:UPDATE=110,cinder:SELECT=100,cinder:INSERT=43,cinder:DELETE=10 {{(pid=123157) stat_writer /usr/local/lib/python3.12/site-packages/dbcounter.py:115}}
Nov 24 14:33:14.967345 np0005533992.novalocal cinder-volume[123157]: DEBUG oslo_concurrency.lockutils [None req-28abf0f4-e343-47c9-9829-7f16775faf09 tempest-AttachVolumeMultiAttachTest-82396310 None] Acquiring lock "lioadm" by "cinder.volume.targets.lio.LioAdm._execute" {{(pid=123157) inner /usr/local/lib/python3.12/site-packages/oslo_concurrency/lockutils.py:405}}
Nov 24 14:33:14.968081 np0005533992.novalocal cinder-volume[123157]: DEBUG oslo_concurrency.lockutils [None req-28abf0f4-e343-47c9-9829-7f16775faf09 tempest-AttachVolumeMultiAttachTest-82396310 None] Lock "lioadm" acquired by "cinder.volume.targets.lio.LioAdm._execute" :: waited 0.001s {{(pid=123157) inner /usr/local/lib/python3.12/site-packages/oslo_concurrency/lockutils.py:410}}
Nov 24 14:33:14.969076 np0005533992.novalocal cinder-volume[123157]: DEBUG oslo_concurrency.processutils [None req-28abf0f4-e343-47c9-9829-7f16775faf09 tempest-AttachVolumeMultiAttachTest-82396310 None] Running cmd (subprocess): sudo cinder-rootwrap /etc/cinder/rootwrap.conf cinder-rtstool get-targets {{(pid=123157) execute /usr/local/lib/python3.12/site-packages/oslo_concurrency/processutils.py:349}}
Nov 24 14:33:14.995905 np0005533992.novalocal sudo[156937]: stack : PWD=/ ; USER=root ; COMMAND=/usr/local/bin/cinder-rootwrap /etc/cinder/rootwrap.conf cinder-rtstool get-targets
Nov 24 14:33:15.484927 np0005533992.novalocal cinder-volume[123157]: DEBUG oslo_concurrency.processutils [None req-28abf0f4-e343-47c9-9829-7f16775faf09 tempest-AttachVolumeMultiAttachTest-82396310 None] CMD "sudo cinder-rootwrap /etc/cinder/rootwrap.conf cinder-rtstool get-targets" returned: 0 in 0.516s {{(pid=123157) execute /usr/local/lib/python3.12/site-packages/oslo_concurrency/processutils.py:372}}
