Nov 24 14:34:44.340479 np0005533992.novalocal cinder-volume[123157]: DEBUG oslo_concurrency.processutils [None req-32da9d7c-aa0e-4edc-9fd4-9e4ae31c3ffa None None] Running cmd (subprocess): sudo cinder-rootwrap /etc/cinder/rootwrap.conf env LC_ALL=C lvs --noheadings --unit=g -o size,data_percent --separator : --nosuffix /dev/stack-volumes-lvmdriver-1/stack-volumes-lvmdriver-1-pool {{(pid=123157) execute /usr/local/lib/python3.12/site-packages/oslo_concurrency/processutils.py:349}}
Nov 24 14:34:44.358891 np0005533992.novalocal sudo[158068]: stack : PWD=/ ; USER=root ; COMMAND=/usr/local/bin/cinder-rootwrap /etc/cinder/rootwrap.conf env LC_ALL=C lvs --noheadings --unit=g -o size,data_percent --separator : --nosuffix /dev/stack-volumes-lvmdriver-1/stack-volumes-lvmdriver-1-pool
Nov 24 14:34:44.764794 np0005533992.novalocal cinder-volume[123157]: DEBUG oslo_concurrency.processutils [None req-32da9d7c-aa0e-4edc-9fd4-9e4ae31c3ffa None None] CMD "sudo cinder-rootwrap /etc/cinder/rootwrap.conf env LC_ALL=C lvs --noheadings --unit=g -o size,data_percent --separator : --nosuffix /dev/stack-volumes-lvmdriver-1/stack-volumes-lvmdriver-1-pool" returned: 0 in 0.424s {{(pid=123157) execute /usr/local/lib/python3.12/site-packages/oslo_concurrency/processutils.py:372}}
Nov 24 14:34:44.766291 np0005533992.novalocal cinder-volume[123157]: DEBUG oslo_concurrency.processutils [None req-32da9d7c-aa0e-4edc-9fd4-9e4ae31c3ffa None None] Running cmd (subprocess): sudo cinder-rootwrap /etc/cinder/rootwrap.conf env LC_ALL=C lvs --noheadings --unit=g -o vg_name,name,size --nosuffix --readonly stack-volumes-lvmdriver-1 {{(pid=123157) execute /usr/local/lib/python3.12/site-packages/oslo_concurrency/processutils.py:349}}
Nov 24 14:34:44.793006 np0005533992.novalocal sudo[158073]: stack : PWD=/ ; USER=root ; COMMAND=/usr/local/bin/cinder-rootwrap /etc/cinder/rootwrap.conf env LC_ALL=C lvs --noheadings --unit=g -o vg_name,name,size --nosuffix --readonly stack-volumes-lvmdriver-1
Nov 24 14:34:45.106171 np0005533992.novalocal cinder-volume[123157]: DEBUG oslo_concurrency.processutils [None req-32da9d7c-aa0e-4edc-9fd4-9e4ae31c3ffa None None] CMD "sudo cinder-rootwrap /etc/cinder/rootwrap.conf env LC_ALL=C lvs --noheadings --unit=g -o vg_name,name,size --nosuffix --readonly stack-volumes-lvmdriver-1" returned: 0 in 0.340s {{(pid=123157) execute /usr/local/lib/python3.12/site-packages/oslo_concurrency/processutils.py:372}}
Nov 24 14:34:45.106997 np0005533992.novalocal cinder-volume[123157]: DEBUG cinder.manager [None req-32da9d7c-aa0e-4edc-9fd4-9e4ae31c3ffa None None] Notifying Schedulers of capabilities ... {{(pid=123157) _publish_service_capabilities /opt/stack/cinder/cinder/manager.py:202}}
Nov 24 14:34:47.943666 np0005533992.novalocal cinder-volume[123157]: DEBUG dbcounter [-] [123157] Writing DB stats cinder:SELECT=20,cinder:UPDATE=6,cinder:DELETE=2 {{(pid=123157) stat_writer /usr/local/lib/python3.12/site-packages/dbcounter.py:115}}
Nov 24 14:34:47.950958 np0005533992.novalocal cinder-volume[123157]: DEBUG dbcounter [-] [123157] Writing DB stats cinder:SELECT=16,cinder:UPDATE=8 {{(pid=123157) stat_writer /usr/local/lib/python3.12/site-packages/dbcounter.py:115}}
Nov 24 14:34:52.171594 np0005533992.novalocal cinder-volume[123157]: DEBUG cinder.coordination [None req-2d1ee653-51df-4c2b-90d2-71f4a9a52a62 tempest-AttachVolumeTestJSON-2131066074 None] Acquiring lock "cinder-afc59382-c00b-411f-aa59-9b45280a0e29-delete_volume" by "delete_volume" {{(pid=123157) __acquire /opt/stack/cinder/cinder/coordination.py:143}}
Nov 24 14:34:52.182779 np0005533992.novalocal cinder-volume[123157]: DEBUG cinder.coordination [None req-2d1ee653-51df-4c2b-90d2-71f4a9a52a62 tempest-AttachVolumeTestJSON-2131066074 None] Lock "cinder-afc59382-c00b-411f-aa59-9b45280a0e29-delete_volume" acquired by "delete_volume" :: waited 0.012s {{(pid=123157) __acquire /opt/stack/cinder/cinder/coordination.py:146}}
Nov 24 14:34:52.203652 np0005533992.novalocal cinder-volume[123157]: DEBUG oslo_concurrency.lockutils [None req-2d1ee653-51df-4c2b-90d2-71f4a9a52a62 tempest-AttachVolumeTestJSON-2131066074 None] Acquiring lock "lioadm" by "cinder.volume.targets.lio.LioAdm._execute" {{(pid=123157) inner /usr/local/lib/python3.12/site-packages/oslo_concurrency/lockutils.py:405}}
Nov 24 14:34:52.204487 np0005533992.novalocal cinder-volume[123157]: DEBUG oslo_concurrency.lockutils [None req-2d1ee653-51df-4c2b-90d2-71f4a9a52a62 tempest-AttachVolumeTestJSON-2131066074 None] Lock "lioadm" acquired by "cinder.volume.targets.lio.LioAdm._execute" :: waited 0.001s {{(pid=123157) inner /usr/local/lib/python3.12/site-packages/oslo_concurrency/lockutils.py:410}}
Nov 24 14:34:52.205061 np0005533992.novalocal cinder-volume[123157]: DEBUG oslo_concurrency.processutils [None req-2d1ee653-51df-4c2b-90d2-71f4a9a52a62 tempest-AttachVolumeTestJSON-2131066074 None] Running cmd (subprocess): sudo cinder-rootwrap /etc/cinder/rootwrap.conf cinder-rtstool get-targets {{(pid=123157) execute /usr/local/lib/python3.12/site-packages/oslo_concurrency/processutils.py:349}}
Nov 24 14:34:52.234780 np0005533992.novalocal sudo[158106]: stack : PWD=/ ; USER=root ; COMMAND=/usr/local/bin/cinder-rootwrap /etc/cinder/rootwrap.conf cinder-rtstool get-targets
Nov 24 14:34:52.769815 np0005533992.novalocal cinder-volume[123157]: DEBUG oslo_concurrency.processutils [None req-2d1ee653-51df-4c2b-90d2-71f4a9a52a62 tempest-AttachVolumeTestJSON-2131066074 None] CMD "sudo cinder-rootwrap /etc/cinder/rootwrap.conf cinder-rtstool get-targets" returned: 0 in 0.564s {{(pid=123157) execute /usr/local/lib/python3.12/site-packages/oslo_concurrency/processutils.py:372}}
Nov 24 14:34:52.770334 np0005533992.novalocal cinder-volume[123157]: DEBUG oslo_concurrency.lockutils [None req-2d1ee653-51df-4c2b-90d2-71f4a9a52a62 tempest-AttachVolumeTestJSON-2131066074 None] Lock "lioadm" "released" by "cinder.volume.targets.lio.LioAdm._execute" :: held 0.566s {{(pid=123157) inner /usr/local/lib/python3.12/site-packages/oslo_concurrency/lockutils.py:424}}
Nov 24 14:34:52.770771 np0005533992.novalocal cinder-volume[123157]: INFO cinder.volume.targets.iscsi [None req-2d1ee653-51df-4c2b-90d2-71f4a9a52a62 tempest-AttachVolumeTestJSON-2131066074 None] Skipping remove_export. No iscsi_target is presently exported for volume: afc59382-c00b-411f-aa59-9b45280a0e29
Nov 24 14:34:52.771607 np0005533992.novalocal cinder-volume[123157]: DEBUG oslo_concurrency.processutils [None req-2d1ee653-51df-4c2b-90d2-71f4a9a52a62 tempest-AttachVolumeTestJSON-2131066074 None] Running cmd (subprocess): sudo cinder-rootwrap /etc/cinder/rootwrap.conf env LC_ALL=C lvs --noheadings --unit=g -o vg_name,name,size --nosuffix --readonly stack-volumes-lvmdriver-1/volume-afc59382-c00b-411f-aa59-9b45280a0e29 {{(pid=123157) execute /usr/local/lib/python3.12/site-packages/oslo_concurrency/processutils.py:349}}
Nov 24 14:34:52.797925 np0005533992.novalocal sudo[158113]: stack : PWD=/ ; USER=root ; COMMAND=/usr/local/bin/cinder-rootwrap /etc/cinder/rootwrap.conf env LC_ALL=C lvs --noheadings --unit=g -o vg_name,name,size --nosuffix --readonly stack-volumes-lvmdriver-1/volume-afc59382-c00b-411f-aa59-9b45280a0e29
Nov 24 14:34:53.133502 np0005533992.novalocal cinder-volume[123157]: DEBUG oslo_concurrency.processutils [None req-2d1ee653-51df-4c2b-90d2-71f4a9a52a62 tempest-AttachVolumeTestJSON-2131066074 None] CMD "sudo cinder-rootwrap /etc/cinder/rootwrap.conf env LC_ALL=C lvs --noheadings --unit=g -o vg_name,name,size --nosuffix --readonly stack-volumes-lvmdriver-1/volume-afc59382-c00b-411f-aa59-9b45280a0e29" returned: 0 in 0.361s {{(pid=123157) execute /usr/local/lib/python3.12/site-packages/oslo_concurrency/processutils.py:372}}
Nov 24 14:34:53.134904 np0005533992.novalocal cinder-volume[123157]: DEBUG oslo_concurrency.processutils [None req-2d1ee653-51df-4c2b-90d2-71f4a9a52a62 tempest-AttachVolumeTestJSON-2131066074 None] Running cmd (subprocess): sudo cinder-rootwrap /etc/cinder/rootwrap.conf env LC_ALL=C lvdisplay --noheading -C -o Attr --readonly stack-volumes-lvmdriver-1/volume-afc59382-c00b-411f-aa59-9b45280a0e29 {{(pid=123157) execute /usr/local/lib/python3.12/site-packages/oslo_concurrency/processutils.py:349}}
Nov 24 14:34:53.162050 np0005533992.novalocal sudo[158118]: stack : PWD=/ ; USER=root ; COMMAND=/usr/local/bin/cinder-rootwrap /etc/cinder/rootwrap.conf env LC_ALL=C lvdisplay --noheading -C -o Attr --readonly stack-volumes-lvmdriver-1/volume-afc59382-c00b-411f-aa59-9b45280a0e29
Nov 24 14:34:53.528448 np0005533992.novalocal cinder-volume[123157]: DEBUG oslo_concurrency.processutils [None req-2d1ee653-51df-4c2b-90d2-71f4a9a52a62 tempest-AttachVolumeTestJSON-2131066074 None] CMD "sudo cinder-rootwrap /etc/cinder/rootwrap.conf env LC_ALL=C lvdisplay --noheading -C -o Attr --readonly stack-volumes-lvmdriver-1/volume-afc59382-c00b-411f-aa59-9b45280a0e29" returned: 0 in 0.393s {{(pid=123157) execute /usr/local/lib/python3.12/site-packages/oslo_concurrency/processutils.py:372}}
Nov 24 14:34:53.529190 np0005533992.novalocal cinder-volume[123157]: DEBUG oslo_concurrency.processutils [None req-2d1ee653-51df-4c2b-90d2-71f4a9a52a62 tempest-AttachVolumeTestJSON-2131066074 None] Running cmd (subprocess): sudo cinder-rootwrap /etc/cinder/rootwrap.conf lvremove --config activation { retry_deactivation = 1} -f stack-volumes-lvmdriver-1/volume-afc59382-c00b-411f-aa59-9b45280a0e29 {{(pid=123157) execute /usr/local/lib/python3.12/site-packages/oslo_concurrency/processutils.py:349}}
Nov 24 14:34:53.554705 np0005533992.novalocal sudo[158126]: stack : PWD=/ ; USER=root ; COMMAND=/usr/local/bin/cinder-rootwrap /etc/cinder/rootwrap.conf lvremove --config 'activation { retry_deactivation = 1} ' -f stack-volumes-lvmdriver-1/volume-afc59382-c00b-411f-aa59-9b45280a0e29
Nov 24 14:34:53.945618 np0005533992.novalocal cinder-volume[123157]: DEBUG oslo_concurrency.processutils [None req-2d1ee653-51df-4c2b-90d2-71f4a9a52a62 tempest-AttachVolumeTestJSON-2131066074 None] CMD "sudo cinder-rootwrap /etc/cinder/rootwrap.conf lvremove --config activation { retry_deactivation = 1} -f stack-volumes-lvmdriver-1/volume-afc59382-c00b-411f-aa59-9b45280a0e29" returned: 0 in 0.416s {{(pid=123157) execute /usr/local/lib/python3.12/site-packages/oslo_concurrency/processutils.py:372}}
Nov 24 14:34:53.946191 np0005533992.novalocal cinder-volume[123157]: INFO cinder.volume.drivers.lvm [None req-2d1ee653-51df-4c2b-90d2-71f4a9a52a62 tempest-AttachVolumeTestJSON-2131066074 None] Successfully deleted volume: afc59382-c00b-411f-aa59-9b45280a0e29
Nov 24 14:34:53.976293 np0005533992.novalocal cinder-volume[123157]: DEBUG cinder.quota [None req-2d1ee653-51df-4c2b-90d2-71f4a9a52a62 tempest-AttachVolumeTestJSON-2131066074 None] Created reservations ['67dd5738-4f6c-45ee-b300-bb2112597bec', 'a51b3f66-80d9-4fec-a396-c7659bd48315', '00f65174-4b93-4381-b988-d1f6350cbd9b', 'b4f6adcb-aa40-4ac5-8d71-c113536c366f'] {{(pid=123157) reserve /opt/stack/cinder/cinder/quota.py:752}}
Nov 24 14:34:54.015616 np0005533992.novalocal cinder-volume[123157]: DEBUG cinder.volume.drivers.lvm [None req-2d1ee653-51df-4c2b-90d2-71f4a9a52a62 tempest-AttachVolumeTestJSON-2131066074 None] Updating volume stats {{(pid=123157) _update_volume_stats /opt/stack/cinder/cinder/volume/drivers/lvm.py:228}}
Nov 24 14:34:54.015984 np0005533992.novalocal cinder-volume[123157]: DEBUG oslo_concurrency.processutils [None req-2d1ee653-51df-4c2b-90d2-71f4a9a52a62 tempest-AttachVolumeTestJSON-2131066074 None] Running cmd (subprocess): sudo cinder-rootwrap /etc/cinder/rootwrap.conf env LC_ALL=C vgs --noheadings --unit=g -o name,size,free,lv_count,uuid --separator : --nosuffix stack-volumes-lvmdriver-1 {{(pid=123157) execute /usr/local/lib/python3.12/site-packages/oslo_concurrency/processutils.py:349}}
Nov 24 14:34:54.043886 np0005533992.novalocal sudo[158135]: stack : PWD=/ ; USER=root ; COMMAND=/usr/local/bin/cinder-rootwrap /etc/cinder/rootwrap.conf env LC_ALL=C vgs --noheadings --unit=g -o name,size,free,lv_count,uuid --separator : --nosuffix stack-volumes-lvmdriver-1
Nov 24 14:34:54.359438 np0005533992.novalocal cinder-volume[123157]: DEBUG cinder.coordination [None req-360b3369-ba4a-493c-be99-3318e7a3bf8e tempest-AttachVolumeTestJSON-2131066074 None] Acquiring lock "cinder-b1ba42fa-d044-4f05-b2a5-5bebce7be1a7-delete_volume" by "delete_volume" {{(pid=123157) __acquire /opt/stack/cinder/cinder/coordination.py:143}}
Nov 24 14:34:54.367070 np0005533992.novalocal cinder-volume[123157]: DEBUG cinder.coordination [None req-360b3369-ba4a-493c-be99-3318e7a3bf8e tempest-AttachVolumeTestJSON-2131066074 None] Lock "cinder-b1ba42fa-d044-4f05-b2a5-5bebce7be1a7-delete_volume" acquired by "delete_volume" :: waited 0.008s {{(pid=123157) __acquire /opt/stack/cinder/cinder/coordination.py:146}}
Nov 24 14:34:54.384503 np0005533992.novalocal cinder-volume[123157]: DEBUG oslo_concurrency.lockutils [None req-360b3369-ba4a-493c-be99-3318e7a3bf8e tempest-AttachVolumeTestJSON-2131066074 None] Acquiring lock "lioadm" by "cinder.volume.targets.lio.LioAdm._execute" {{(pid=123157) inner /usr/local/lib/python3.12/site-packages/oslo_concurrency/lockutils.py:405}}
Nov 24 14:34:54.385064 np0005533992.novalocal cinder-volume[123157]: DEBUG oslo_concurrency.lockutils [None req-360b3369-ba4a-493c-be99-3318e7a3bf8e tempest-AttachVolumeTestJSON-2131066074 None] Lock "lioadm" acquired by "cinder.volume.targets.lio.LioAdm._execute" :: waited 0.001s {{(pid=123157) inner /usr/local/lib/python3.12/site-packages/oslo_concurrency/lockutils.py:410}}
Nov 24 14:34:54.385459 np0005533992.novalocal cinder-volume[123157]: DEBUG oslo_concurrency.processutils [None req-360b3369-ba4a-493c-be99-3318e7a3bf8e tempest-AttachVolumeTestJSON-2131066074 None] Running cmd (subprocess): sudo cinder-rootwrap /etc/cinder/rootwrap.conf cinder-rtstool get-targets {{(pid=123157) execute /usr/local/lib/python3.12/site-packages/oslo_concurrency/processutils.py:349}}
Nov 24 14:34:54.415001 np0005533992.novalocal sudo[158140]: stack : PWD=/ ; USER=root ; COMMAND=/usr/local/bin/cinder-rootwrap /etc/cinder/rootwrap.conf cinder-rtstool get-targets
Nov 24 14:34:54.423400 np0005533992.novalocal cinder-volume[123157]: DEBUG oslo_concurrency.processutils [None req-2d1ee653-51df-4c2b-90d2-71f4a9a52a62 tempest-AttachVolumeTestJSON-2131066074 None] CMD "sudo cinder-rootwrap /etc/cinder/rootwrap.conf env LC_ALL=C vgs --noheadings --unit=g -o name,size,free,lv_count,uuid --separator : --nosuffix stack-volumes-lvmdriver-1" returned: 0 in 0.407s {{(pid=123157) execute /usr/local/lib/python3.12/site-packages/oslo_concurrency/processutils.py:372}}
Nov 24 14:34:54.424095 np0005533992.novalocal cinder-volume[123157]: DEBUG oslo_concurrency.processutils [None req-2d1ee653-51df-4c2b-90d2-71f4a9a52a62 tempest-AttachVolumeTestJSON-2131066074 None] Running cmd (subprocess): sudo cinder-rootwrap /etc/cinder/rootwrap.conf env LC_ALL=C lvs --noheadings --unit=g -o vg_name,name,size --nosuffix --readonly stack-volumes-lvmdriver-1 {{(pid=123157) execute /usr/local/lib/python3.12/site-packages/oslo_concurrency/processutils.py:349}}
Nov 24 14:34:54.447813 np0005533992.novalocal sudo[158142]: stack : PWD=/ ; USER=root ; COMMAND=/usr/local/bin/cinder-rootwrap /etc/cinder/rootwrap.conf env LC_ALL=C lvs --noheadings --unit=g -o vg_name,name,size --nosuffix --readonly stack-volumes-lvmdriver-1
Nov 24 14:34:54.825354 np0005533992.novalocal cinder-volume[123157]: DEBUG oslo_concurrency.processutils [None req-2d1ee653-51df-4c2b-90d2-71f4a9a52a62 tempest-AttachVolumeTestJSON-2131066074 None] CMD "sudo cinder-rootwrap /etc/cinder/rootwrap.conf env LC_ALL=C lvs --noheadings --unit=g -o vg_name,name,size --nosuffix --readonly stack-volumes-lvmdriver-1" returned: 0 in 0.401s {{(pid=123157) execute /usr/local/lib/python3.12/site-packages/oslo_concurrency/processutils.py:372}}
Nov 24 14:34:54.826617 np0005533992.novalocal cinder-volume[123157]: DEBUG oslo_concurrency.processutils [None req-2d1ee653-51df-4c2b-90d2-71f4a9a52a62 tempest-AttachVolumeTestJSON-2131066074 None] Running cmd (subprocess): sudo cinder-rootwrap /etc/cinder/rootwrap.conf env LC_ALL=C lvs --noheadings --unit=g -o size,data_percent --separator : --nosuffix /dev/stack-volumes-lvmdriver-1/stack-volumes-lvmdriver-1-pool {{(pid=123157) execute /usr/local/lib/python3.12/site-packages/oslo_concurrency/processutils.py:349}}
Nov 24 14:34:54.845379 np0005533992.novalocal sudo[158151]: stack : PWD=/ ; USER=root ; COMMAND=/usr/local/bin/cinder-rootwrap /etc/cinder/rootwrap.conf env LC_ALL=C lvs --noheadings --unit=g -o size,data_percent --separator : --nosuffix /dev/stack-volumes-lvmdriver-1/stack-volumes-lvmdriver-1-pool
Nov 24 14:34:54.925963 np0005533992.novalocal cinder-volume[123157]: DEBUG oslo_concurrency.processutils [None req-360b3369-ba4a-493c-be99-3318e7a3bf8e tempest-AttachVolumeTestJSON-2131066074 None] CMD "sudo cinder-rootwrap /etc/cinder/rootwrap.conf cinder-rtstool get-targets" returned: 0 in 0.540s {{(pid=123157) execute /usr/local/lib/python3.12/site-packages/oslo_concurrency/processutils.py:372}}
Nov 24 14:34:54.926357 np0005533992.novalocal cinder-volume[123157]: DEBUG oslo_concurrency.lockutils [None req-360b3369-ba4a-493c-be99-3318e7a3bf8e tempest-AttachVolumeTestJSON-2131066074 None] Lock "lioadm" "released" by "cinder.volume.targets.lio.LioAdm._execute" :: held 0.541s {{(pid=123157) inner /usr/local/lib/python3.12/site-packages/oslo_concurrency/lockutils.py:424}}
Nov 24 14:34:54.926652 np0005533992.novalocal cinder-volume[123157]: INFO cinder.volume.targets.iscsi [None req-360b3369-ba4a-493c-be99-3318e7a3bf8e tempest-AttachVolumeTestJSON-2131066074 None] Skipping remove_export. No iscsi_target is presently exported for volume: b1ba42fa-d044-4f05-b2a5-5bebce7be1a7
Nov 24 14:34:54.927370 np0005533992.novalocal cinder-volume[123157]: DEBUG oslo_concurrency.processutils [None req-360b3369-ba4a-493c-be99-3318e7a3bf8e tempest-AttachVolumeTestJSON-2131066074 None] Running cmd (subprocess): sudo cinder-rootwrap /etc/cinder/rootwrap.conf env LC_ALL=C lvs --noheadings --unit=g -o vg_name,name,size --nosuffix --readonly stack-volumes-lvmdriver-1/volume-b1ba42fa-d044-4f05-b2a5-5bebce7be1a7 {{(pid=123157) execute /usr/local/lib/python3.12/site-packages/oslo_concurrency/processutils.py:349}}
Nov 24 14:34:54.946254 np0005533992.novalocal sudo[158155]: stack : PWD=/ ; USER=root ; COMMAND=/usr/local/bin/cinder-rootwrap /etc/cinder/rootwrap.conf env LC_ALL=C lvs --noheadings --unit=g -o vg_name,name,size --nosuffix --readonly stack-volumes-lvmdriver-1/volume-b1ba42fa-d044-4f05-b2a5-5bebce7be1a7
Nov 24 14:34:55.230812 np0005533992.novalocal cinder-volume[123157]: DEBUG oslo_concurrency.processutils [None req-2d1ee653-51df-4c2b-90d2-71f4a9a52a62 tempest-AttachVolumeTestJSON-2131066074 None] CMD "sudo cinder-rootwrap /etc/cinder/rootwrap.conf env LC_ALL=C lvs --noheadings --unit=g -o size,data_percent --separator : --nosuffix /dev/stack-volumes-lvmdriver-1/stack-volumes-lvmdriver-1-pool" returned: 0 in 0.404s {{(pid=123157) execute /usr/local/lib/python3.12/site-packages/oslo_concurrency/processutils.py:372}}
Nov 24 14:34:55.231637 np0005533992.novalocal cinder-volume[123157]: DEBUG oslo_concurrency.processutils [None req-2d1ee653-51df-4c2b-90d2-71f4a9a52a62 tempest-AttachVolumeTestJSON-2131066074 None] Running cmd (subprocess): sudo cinder-rootwrap /etc/cinder/rootwrap.conf env LC_ALL=C lvs --noheadings --unit=g -o vg_name,name,size --nosuffix --readonly stack-volumes-lvmdriver-1 {{(pid=123157) execute /usr/local/lib/python3.12/site-packages/oslo_concurrency/processutils.py:349}}
Nov 24 14:34:55.262800 np0005533992.novalocal sudo[158161]: stack : PWD=/ ; USER=root ; COMMAND=/usr/local/bin/cinder-rootwrap /etc/cinder/rootwrap.conf env LC_ALL=C lvs --noheadings --unit=g -o vg_name,name,size --nosuffix --readonly stack-volumes-lvmdriver-1
Nov 24 14:34:55.292816 np0005533992.novalocal cinder-volume[123157]: DEBUG oslo_concurrency.processutils [None req-360b3369-ba4a-493c-be99-3318e7a3bf8e tempest-AttachVolumeTestJSON-2131066074 None] CMD "sudo cinder-rootwrap /etc/cinder/rootwrap.conf env LC_ALL=C lvs --noheadings --unit=g -o vg_name,name,size --nosuffix --readonly stack-volumes-lvmdriver-1/volume-b1ba42fa-d044-4f05-b2a5-5bebce7be1a7" returned: 0 in 0.365s {{(pid=123157) execute /usr/local/lib/python3.12/site-packages/oslo_concurrency/processutils.py:372}}
Nov 24 14:34:55.294040 np0005533992.novalocal cinder-volume[123157]: DEBUG oslo_concurrency.processutils [None req-360b3369-ba4a-493c-be99-3318e7a3bf8e tempest-AttachVolumeTestJSON-2131066074 None] Running cmd (subprocess): sudo cinder-rootwrap /etc/cinder/rootwrap.conf env LC_ALL=C lvdisplay --noheading -C -o Attr --readonly stack-volumes-lvmdriver-1/volume-b1ba42fa-d044-4f05-b2a5-5bebce7be1a7 {{(pid=123157) execute /usr/local/lib/python3.12/site-packages/oslo_concurrency/processutils.py:349}}
Nov 24 14:34:55.318898 np0005533992.novalocal sudo[158165]: stack : PWD=/ ; USER=root ; COMMAND=/usr/local/bin/cinder-rootwrap /etc/cinder/rootwrap.conf env LC_ALL=C lvdisplay --noheading -C -o Attr --readonly stack-volumes-lvmdriver-1/volume-b1ba42fa-d044-4f05-b2a5-5bebce7be1a7
Nov 24 14:34:55.569705 np0005533992.novalocal cinder-volume[123157]: DEBUG oslo_concurrency.processutils [None req-2d1ee653-51df-4c2b-90d2-71f4a9a52a62 tempest-AttachVolumeTestJSON-2131066074 None] CMD "sudo cinder-rootwrap /etc/cinder/rootwrap.conf env LC_ALL=C lvs --noheadings --unit=g -o vg_name,name,size --nosuffix --readonly stack-volumes-lvmdriver-1" returned: 0 in 0.338s {{(pid=123157) execute /usr/local/lib/python3.12/site-packages/oslo_concurrency/processutils.py:372}}
Nov 24 14:34:55.570361 np0005533992.novalocal cinder-volume[123157]: DEBUG cinder.manager [None req-2d1ee653-51df-4c2b-90d2-71f4a9a52a62 tempest-AttachVolumeTestJSON-2131066074 None] Notifying Schedulers of capabilities ... {{(pid=123157) _publish_service_capabilities /opt/stack/cinder/cinder/manager.py:202}}
Nov 24 14:34:55.574866 np0005533992.novalocal cinder-volume[123157]: INFO cinder.volume.manager [None req-2d1ee653-51df-4c2b-90d2-71f4a9a52a62 tempest-AttachVolumeTestJSON-2131066074 None] Deleted volume successfully.
Nov 24 14:34:55.584768 np0005533992.novalocal cinder-volume[123157]: DEBUG cinder.coordination [None req-2d1ee653-51df-4c2b-90d2-71f4a9a52a62 tempest-AttachVolumeTestJSON-2131066074 None] Lock "cinder-afc59382-c00b-411f-aa59-9b45280a0e29-delete_volume" released by "delete_volume" :: held 3.402s {{(pid=123157) __release /opt/stack/cinder/cinder/coordination.py:157}}
Nov 24 14:34:55.699828 np0005533992.novalocal cinder-volume[123157]: DEBUG oslo_concurrency.processutils [None req-360b3369-ba4a-493c-be99-3318e7a3bf8e tempest-AttachVolumeTestJSON-2131066074 None] CMD "sudo cinder-rootwrap /etc/cinder/rootwrap.conf env LC_ALL=C lvdisplay --noheading -C -o Attr --readonly stack-volumes-lvmdriver-1/volume-b1ba42fa-d044-4f05-b2a5-5bebce7be1a7" returned: 0 in 0.406s {{(pid=123157) execute /usr/local/lib/python3.12/site-packages/oslo_concurrency/processutils.py:372}}
Nov 24 14:34:55.700430 np0005533992.novalocal cinder-volume[123157]: DEBUG oslo_concurrency.processutils [None req-360b3369-ba4a-493c-be99-3318e7a3bf8e tempest-AttachVolumeTestJSON-2131066074 None] Running cmd (subprocess): sudo cinder-rootwrap /etc/cinder/rootwrap.conf lvremove --config activation { retry_deactivation = 1} -f stack-volumes-lvmdriver-1/volume-b1ba42fa-d044-4f05-b2a5-5bebce7be1a7 {{(pid=123157) execute /usr/local/lib/python3.12/site-packages/oslo_concurrency/processutils.py:349}}
Nov 24 14:34:55.722186 np0005533992.novalocal sudo[158188]: stack : PWD=/ ; USER=root ; COMMAND=/usr/local/bin/cinder-rootwrap /etc/cinder/rootwrap.conf lvremove --config 'activation { retry_deactivation = 1} ' -f stack-volumes-lvmdriver-1/volume-b1ba42fa-d044-4f05-b2a5-5bebce7be1a7
Nov 24 14:34:56.104069 np0005533992.novalocal cinder-volume[123157]: DEBUG oslo_concurrency.processutils [None req-360b3369-ba4a-493c-be99-3318e7a3bf8e tempest-AttachVolumeTestJSON-2131066074 None] CMD "sudo cinder-rootwrap /etc/cinder/rootwrap.conf lvremove --config activation { retry_deactivation = 1} -f stack-volumes-lvmdriver-1/volume-b1ba42fa-d044-4f05-b2a5-5bebce7be1a7" returned: 0 in 0.399s {{(pid=123157) execute /usr/local/lib/python3.12/site-packages/oslo_concurrency/processutils.py:372}}
Nov 24 14:34:56.104069 np0005533992.novalocal cinder-volume[123157]: INFO cinder.volume.drivers.lvm [None req-360b3369-ba4a-493c-be99-3318e7a3bf8e tempest-AttachVolumeTestJSON-2131066074 None] Successfully deleted volume: b1ba42fa-d044-4f05-b2a5-5bebce7be1a7
Nov 24 14:34:56.138072 np0005533992.novalocal cinder-volume[123157]: DEBUG cinder.quota [None req-360b3369-ba4a-493c-be99-3318e7a3bf8e tempest-AttachVolumeTestJSON-2131066074 None] Created reservations ['88501fe5-1c83-4049-8648-09259b8d1dd4', 'b84e1de5-bc5c-43f3-a71b-b451b4fc6dcc', '05620c97-7103-46f7-8bf2-44640be1260f', '7db6776e-5435-4999-9d8c-eb34ca7d15bc'] {{(pid=123157) reserve /opt/stack/cinder/cinder/quota.py:752}}
Nov 24 14:34:56.177305 np0005533992.novalocal cinder-volume[123157]: DEBUG cinder.volume.drivers.lvm [None req-360b3369-ba4a-493c-be99-3318e7a3bf8e tempest-AttachVolumeTestJSON-2131066074 None] Updating volume stats {{(pid=123157) _update_volume_stats /opt/stack/cinder/cinder/volume/drivers/lvm.py:228}}
Nov 24 14:34:56.177682 np0005533992.novalocal cinder-volume[123157]: DEBUG oslo_concurrency.processutils [None req-360b3369-ba4a-493c-be99-3318e7a3bf8e tempest-AttachVolumeTestJSON-2131066074 None] Running cmd (subprocess): sudo cinder-rootwrap /etc/cinder/rootwrap.conf env LC_ALL=C vgs --noheadings --unit=g -o name,size,free,lv_count,uuid --separator : --nosuffix stack-volumes-lvmdriver-1 {{(pid=123157) execute /usr/local/lib/python3.12/site-packages/oslo_concurrency/processutils.py:349}}
Nov 24 14:34:56.201243 np0005533992.novalocal sudo[158220]: stack : PWD=/ ; USER=root ; COMMAND=/usr/local/bin/cinder-rootwrap /etc/cinder/rootwrap.conf env LC_ALL=C vgs --noheadings --unit=g -o name,size,free,lv_count,uuid --separator : --nosuffix stack-volumes-lvmdriver-1
Nov 24 14:34:56.614200 np0005533992.novalocal cinder-volume[123157]: DEBUG oslo_concurrency.processutils [None req-360b3369-ba4a-493c-be99-3318e7a3bf8e tempest-AttachVolumeTestJSON-2131066074 None] CMD "sudo cinder-rootwrap /etc/cinder/rootwrap.conf env LC_ALL=C vgs --noheadings --unit=g -o name,size,free,lv_count,uuid --separator : --nosuffix stack-volumes-lvmdriver-1" returned: 0 in 0.435s {{(pid=123157) execute /usr/local/lib/python3.12/site-packages/oslo_concurrency/processutils.py:372}}
Nov 24 14:34:56.615187 np0005533992.novalocal cinder-volume[123157]: DEBUG oslo_concurrency.processutils [None req-360b3369-ba4a-493c-be99-3318e7a3bf8e tempest-AttachVolumeTestJSON-2131066074 None] Running cmd (subprocess): sudo cinder-rootwrap /etc/cinder/rootwrap.conf env LC_ALL=C lvs --noheadings --unit=g -o vg_name,name,size --nosuffix --readonly stack-volumes-lvmdriver-1 {{(pid=123157) execute /usr/local/lib/python3.12/site-packages/oslo_concurrency/processutils.py:349}}
Nov 24 14:34:56.652076 np0005533992.novalocal sudo[158225]: stack : PWD=/ ; USER=root ; COMMAND=/usr/local/bin/cinder-rootwrap /etc/cinder/rootwrap.conf env LC_ALL=C lvs --noheadings --unit=g -o vg_name,name,size --nosuffix --readonly stack-volumes-lvmdriver-1
Nov 24 14:34:56.987477 np0005533992.novalocal cinder-volume[123157]: DEBUG oslo_concurrency.processutils [None req-360b3369-ba4a-493c-be99-3318e7a3bf8e tempest-AttachVolumeTestJSON-2131066074 None] CMD "sudo cinder-rootwrap /etc/cinder/rootwrap.conf env LC_ALL=C lvs --noheadings --unit=g -o vg_name,name,size --nosuffix --readonly stack-volumes-lvmdriver-1" returned: 0 in 0.372s {{(pid=123157) execute /usr/local/lib/python3.12/site-packages/oslo_concurrency/processutils.py:372}}
Nov 24 14:34:56.988673 np0005533992.novalocal cinder-volume[123157]: DEBUG oslo_concurrency.processutils [None req-360b3369-ba4a-493c-be99-3318e7a3bf8e tempest-AttachVolumeTestJSON-2131066074 None] Running cmd (subprocess): sudo cinder-rootwrap /etc/cinder/rootwrap.conf env LC_ALL=C lvs --noheadings --unit=g -o size,data_percent --separator : --nosuffix /dev/stack-volumes-lvmdriver-1/stack-volumes-lvmdriver-1-pool {{(pid=123157) execute /usr/local/lib/python3.12/site-packages/oslo_concurrency/processutils.py:349}}
Nov 24 14:34:57.006385 np0005533992.novalocal sudo[158230]: stack : PWD=/ ; USER=root ; COMMAND=/usr/local/bin/cinder-rootwrap /etc/cinder/rootwrap.conf env LC_ALL=C lvs --noheadings --unit=g -o size,data_percent --separator : --nosuffix /dev/stack-volumes-lvmdriver-1/stack-volumes-lvmdriver-1-pool
Nov 24 14:34:57.302951 np0005533992.novalocal cinder-volume[123157]: DEBUG oslo_concurrency.processutils [None req-360b3369-ba4a-493c-be99-3318e7a3bf8e tempest-AttachVolumeTestJSON-2131066074 None] CMD "sudo cinder-rootwrap /etc/cinder/rootwrap.conf env LC_ALL=C lvs --noheadings --unit=g -o size,data_percent --separator : --nosuffix /dev/stack-volumes-lvmdriver-1/stack-volumes-lvmdriver-1-pool" returned: 0 in 0.311s {{(pid=123157) execute /usr/local/lib/python3.12/site-packages/oslo_concurrency/processutils.py:372}}
Nov 24 14:34:57.303531 np0005533992.novalocal cinder-volume[123157]: DEBUG oslo_concurrency.processutils [None req-360b3369-ba4a-493c-be99-3318e7a3bf8e tempest-AttachVolumeTestJSON-2131066074 None] Running cmd (subprocess): sudo cinder-rootwrap /etc/cinder/rootwrap.conf env LC_ALL=C lvs --noheadings --unit=g -o vg_name,name,size --nosuffix --readonly stack-volumes-lvmdriver-1 {{(pid=123157) execute /usr/local/lib/python3.12/site-packages/oslo_concurrency/processutils.py:349}}
Nov 24 14:34:57.326867 np0005533992.novalocal sudo[158236]: stack : PWD=/ ; USER=root ; COMMAND=/usr/local/bin/cinder-rootwrap /etc/cinder/rootwrap.conf env LC_ALL=C lvs --noheadings --unit=g -o vg_name,name,size --nosuffix --readonly stack-volumes-lvmdriver-1
Nov 24 14:34:57.637090 np0005533992.novalocal cinder-volume[123157]: DEBUG oslo_concurrency.processutils [None req-360b3369-ba4a-493c-be99-3318e7a3bf8e tempest-AttachVolumeTestJSON-2131066074 None] CMD "sudo cinder-rootwrap /etc/cinder/rootwrap.conf env LC_ALL=C lvs --noheadings --unit=g -o vg_name,name,size --nosuffix --readonly stack-volumes-lvmdriver-1" returned: 0 in 0.334s {{(pid=123157) execute /usr/local/lib/python3.12/site-packages/oslo_concurrency/processutils.py:372}}
Nov 24 14:34:57.640813 np0005533992.novalocal cinder-volume[123157]: DEBUG cinder.manager [None req-360b3369-ba4a-493c-be99-3318e7a3bf8e tempest-AttachVolumeTestJSON-2131066074 None] Notifying Schedulers of capabilities ... {{(pid=123157) _publish_service_capabilities /opt/stack/cinder/cinder/manager.py:202}}
Nov 24 14:34:57.645897 np0005533992.novalocal cinder-volume[123157]: INFO cinder.volume.manager [None req-360b3369-ba4a-493c-be99-3318e7a3bf8e tempest-AttachVolumeTestJSON-2131066074 None] Deleted volume successfully.
Nov 24 14:34:57.657592 np0005533992.novalocal cinder-volume[123157]: DEBUG cinder.coordination [None req-360b3369-ba4a-493c-be99-3318e7a3bf8e tempest-AttachVolumeTestJSON-2131066074 None] Lock "cinder-b1ba42fa-d044-4f05-b2a5-5bebce7be1a7-delete_volume" released by "delete_volume" :: held 3.290s {{(pid=123157) __release /opt/stack/cinder/cinder/coordination.py:157}}
Nov 24 14:34:59.966852 np0005533992.novalocal cinder-volume[123157]: DEBUG cinder.volume.flows.manager.create_volume [req-014e2668-f254-4070-ab59-4a451d507445 req-e75aacf4-97e2-4bd8-b67f-4a7922841094 tempest-VolumesSnapshotsTestJSON-2101050523 None] Volume reschedule parameters: True retry: {'num_attempts': 1, 'backends': ['np0005533992.novalocal@lvmdriver-1#lvmdriver-1'], 'hosts': ['np0005533992.novalocal@lvmdriver-1#lvmdriver-1']} {{(pid=123157) get_flow /opt/stack/cinder/cinder/volume/flows/manager/create_volume.py:1384}}
Nov 24 14:34:59.984775 np0005533992.novalocal cinder-volume[123157]: DEBUG cinder.volume.manager [req-014e2668-f254-4070-ab59-4a451d507445 req-e75aacf4-97e2-4bd8-b67f-4a7922841094 tempest-VolumesSnapshotsTestJSON-2101050523 None] Flow 'volume_create_manager' (6c0c4234-1144-460b-a9a8-1dda377723eb) transitioned into state 'RUNNING' from state 'PENDING' {{(pid=123157) _flow_receiver /usr/local/lib/python3.12/site-packages/taskflow/listeners/logging.py:145}}
Nov 24 14:34:59.987981 np0005533992.novalocal cinder-volume[123157]: DEBUG cinder.volume.manager [req-014e2668-f254-4070-ab59-4a451d507445 req-e75aacf4-97e2-4bd8-b67f-4a7922841094 tempest-VolumesSnapshotsTestJSON-2101050523 None] Task 'cinder.volume.flows.manager.create_volume.ExtractVolumeRefTask;volume:create' (02ee943e-5363-44c8-8df2-662cb414b2f0) transitioned into state 'RUNNING' from state 'PENDING' {{(pid=123157) _task_receiver /usr/local/lib/python3.12/site-packages/taskflow/listeners/logging.py:194}}
Nov 24 14:34:59.997281 np0005533992.novalocal cinder-volume[123157]: DEBUG cinder.volume.manager [req-014e2668-f254-4070-ab59-4a451d507445 req-e75aacf4-97e2-4bd8-b67f-4a7922841094 tempest-VolumesSnapshotsTestJSON-2101050523 None] Task 'cinder.volume.flows.manager.create_volume.ExtractVolumeRefTask;volume:create' (02ee943e-5363-44c8-8df2-662cb414b2f0) transitioned into state 'SUCCESS' from state 'RUNNING' with result 'Volume(_name_id=None,admin_metadata=,attach_status='detached',availability_zone='nova',bootable=False,cluster=,cluster_name=None,consistencygroup=,consistencygroup_id=None,created_at=2025-11-24T19:34:59Z,deleted=False,deleted_at=None,display_description=None,display_name='tempest-VolumesSnapshotsTestJSON-volume-1769107747',ec2_id=None,encryption_key_id=None,glance_metadata=,group=,group_id=None,host='np0005533992.novalocal@lvmdriver-1#lvmdriver-1',id=f48a40b1-98b1-4bca-96a8-c8b117ecb8bc,launched_at=None,metadata={},migration_status=None,multiattach=False,previous_status=None,project_id='fb4195ca0874495b906ddfd0a86700ad',provider_auth=None,provider_geometry=None,provider_id=None,provider_location=None,replication_driver_data=None,replication_extended_status=None,replication_status=None,scheduled_at=2025-11-24T19:34:59Z,service_uuid=None,shared_targets=True,size=1,snapshot_id=None,snapshots=,source_volid=None,status='creating',terminated_at=None,updated_at=2025-11-24T19:34:59Z,use_quota=True,user_id='22d489b94b414b2fb02f0a35c2abd702',volume_attachment=VolumeAttachmentList,volume_type=VolumeType(1f8776b6-c527-4643-876a-506285adfc66),volume_type_id=1f8776b6-c527-4643-876a-506285adfc66)' {{(pid=123157) _task_receiver /usr/local/lib/python3.12/site-packages/taskflow/listeners/logging.py:182}}
Nov 24 14:34:59.999949 np0005533992.novalocal cinder-volume[123157]: DEBUG cinder.volume.manager [req-014e2668-f254-4070-ab59-4a451d507445 req-e75aacf4-97e2-4bd8-b67f-4a7922841094 tempest-VolumesSnapshotsTestJSON-2101050523 None] Task 'cinder.volume.flows.manager.create_volume.OnFailureRescheduleTask;volume:create' (548b46a0-54f3-4f06-b60a-13a298edc801) transitioned into state 'RUNNING' from state 'PENDING' {{(pid=123157) _task_receiver /usr/local/lib/python3.12/site-packages/taskflow/listeners/logging.py:194}}
Nov 24 14:35:00.001503 np0005533992.novalocal cinder-volume[123157]: DEBUG cinder.volume.manager [req-014e2668-f254-4070-ab59-4a451d507445 req-e75aacf4-97e2-4bd8-b67f-4a7922841094 tempest-VolumesSnapshotsTestJSON-2101050523 None] Task 'cinder.volume.flows.manager.create_volume.OnFailureRescheduleTask;volume:create' (548b46a0-54f3-4f06-b60a-13a298edc801) transitioned into state 'SUCCESS' from state 'RUNNING' with result 'None' {{(pid=123157) _task_receiver /usr/local/lib/python3.12/site-packages/taskflow/listeners/logging.py:182}}
Nov 24 14:35:00.003714 np0005533992.novalocal cinder-volume[123157]: DEBUG cinder.volume.manager [req-014e2668-f254-4070-ab59-4a451d507445 req-e75aacf4-97e2-4bd8-b67f-4a7922841094 tempest-VolumesSnapshotsTestJSON-2101050523 None] Task 'cinder.volume.flows.manager.create_volume.ExtractVolumeSpecTask;volume:create' (11678775-cf12-4f57-84ef-4c74945bd729) transitioned into state 'RUNNING' from state 'PENDING' {{(pid=123157) _task_receiver /usr/local/lib/python3.12/site-packages/taskflow/listeners/logging.py:194}}
Nov 24 14:35:00.005928 np0005533992.novalocal cinder-volume[123157]: DEBUG cinder.volume.manager [req-014e2668-f254-4070-ab59-4a451d507445 req-e75aacf4-97e2-4bd8-b67f-4a7922841094 tempest-VolumesSnapshotsTestJSON-2101050523 None] Task 'cinder.volume.flows.manager.create_volume.ExtractVolumeSpecTask;volume:create' (11678775-cf12-4f57-84ef-4c74945bd729) transitioned into state 'SUCCESS' from state 'RUNNING' with result '{'status': 'creating', 'type': 'raw', 'volume_id': 'f48a40b1-98b1-4bca-96a8-c8b117ecb8bc', 'volume_name': 'volume-f48a40b1-98b1-4bca-96a8-c8b117ecb8bc', 'volume_size': 1}' {{(pid=123157) _task_receiver /usr/local/lib/python3.12/site-packages/taskflow/listeners/logging.py:182}}
Nov 24 14:35:00.007764 np0005533992.novalocal cinder-volume[123157]: DEBUG cinder.volume.manager [req-014e2668-f254-4070-ab59-4a451d507445 req-e75aacf4-97e2-4bd8-b67f-4a7922841094 tempest-VolumesSnapshotsTestJSON-2101050523 None] Task 'cinder.volume.flows.manager.create_volume.NotifyVolumeActionTask;volume:create, create.start' (a049e7ea-93ca-479f-8b73-444cff07d0cc) transitioned into state 'RUNNING' from state 'PENDING' {{(pid=123157) _task_receiver /usr/local/lib/python3.12/site-packages/taskflow/listeners/logging.py:194}}
Nov 24 14:35:00.009707 np0005533992.novalocal cinder-volume[123157]: DEBUG cinder.volume.manager [req-014e2668-f254-4070-ab59-4a451d507445 req-e75aacf4-97e2-4bd8-b67f-4a7922841094 tempest-VolumesSnapshotsTestJSON-2101050523 None] Task 'cinder.volume.flows.manager.create_volume.NotifyVolumeActionTask;volume:create, create.start' (a049e7ea-93ca-479f-8b73-444cff07d0cc) transitioned into state 'SUCCESS' from state 'RUNNING' with result 'None' {{(pid=123157) _task_receiver /usr/local/lib/python3.12/site-packages/taskflow/listeners/logging.py:182}}
Nov 24 14:35:00.011510 np0005533992.novalocal cinder-volume[123157]: DEBUG cinder.volume.manager [req-014e2668-f254-4070-ab59-4a451d507445 req-e75aacf4-97e2-4bd8-b67f-4a7922841094 tempest-VolumesSnapshotsTestJSON-2101050523 None] Task 'cinder.volume.flows.manager.create_volume.CreateVolumeFromSpecTask;volume:create' (66496c95-adac-49d5-bd9c-c9f8b0de3a49) transitioned into state 'RUNNING' from state 'PENDING' {{(pid=123157) _task_receiver /usr/local/lib/python3.12/site-packages/taskflow/listeners/logging.py:194}}
Nov 24 14:35:00.011973 np0005533992.novalocal cinder-volume[123157]: INFO cinder.volume.flows.manager.create_volume [req-014e2668-f254-4070-ab59-4a451d507445 req-e75aacf4-97e2-4bd8-b67f-4a7922841094 tempest-VolumesSnapshotsTestJSON-2101050523 None] Volume f48a40b1-98b1-4bca-96a8-c8b117ecb8bc: being created as raw with specification: {'status': 'creating', 'volume_name': 'volume-f48a40b1-98b1-4bca-96a8-c8b117ecb8bc', 'volume_size': 1}
Nov 24 14:35:00.012588 np0005533992.novalocal cinder-volume[123157]: DEBUG oslo_concurrency.processutils [req-014e2668-f254-4070-ab59-4a451d507445 req-e75aacf4-97e2-4bd8-b67f-4a7922841094 tempest-VolumesSnapshotsTestJSON-2101050523 None] Running cmd (subprocess): sudo cinder-rootwrap /etc/cinder/rootwrap.conf env LC_ALL=C lvcreate -T -V 1g -n volume-f48a40b1-98b1-4bca-96a8-c8b117ecb8bc stack-volumes-lvmdriver-1/stack-volumes-lvmdriver-1-pool {{(pid=123157) execute /usr/local/lib/python3.12/site-packages/oslo_concurrency/processutils.py:349}}
Nov 24 14:35:00.042495 np0005533992.novalocal sudo[158277]: stack : PWD=/ ; USER=root ; COMMAND=/usr/local/bin/cinder-rootwrap /etc/cinder/rootwrap.conf env LC_ALL=C lvcreate -T -V 1g -n volume-f48a40b1-98b1-4bca-96a8-c8b117ecb8bc stack-volumes-lvmdriver-1/stack-volumes-lvmdriver-1-pool
Nov 24 14:35:00.517097 np0005533992.novalocal cinder-volume[123157]: DEBUG oslo_concurrency.processutils [req-014e2668-f254-4070-ab59-4a451d507445 req-e75aacf4-97e2-4bd8-b67f-4a7922841094 tempest-VolumesSnapshotsTestJSON-2101050523 None] CMD "sudo cinder-rootwrap /etc/cinder/rootwrap.conf env LC_ALL=C lvcreate -T -V 1g -n volume-f48a40b1-98b1-4bca-96a8-c8b117ecb8bc stack-volumes-lvmdriver-1/stack-volumes-lvmdriver-1-pool" returned: 0 in 0.502s {{(pid=123157) execute /usr/local/lib/python3.12/site-packages/oslo_concurrency/processutils.py:372}}
Nov 24 14:35:00.523629 np0005533992.novalocal cinder-volume[123157]: DEBUG cinder.volume.manager [req-014e2668-f254-4070-ab59-4a451d507445 req-e75aacf4-97e2-4bd8-b67f-4a7922841094 tempest-VolumesSnapshotsTestJSON-2101050523 None] Task 'cinder.volume.flows.manager.create_volume.CreateVolumeFromSpecTask;volume:create' (66496c95-adac-49d5-bd9c-c9f8b0de3a49) transitioned into state 'SUCCESS' from state 'RUNNING' with result '{'status': 'creating', 'volume_name': 'volume-f48a40b1-98b1-4bca-96a8-c8b117ecb8bc', 'volume_size': 1}' {{(pid=123157) _task_receiver /usr/local/lib/python3.12/site-packages/taskflow/listeners/logging.py:182}}
Nov 24 14:35:00.526647 np0005533992.novalocal cinder-volume[123157]: DEBUG cinder.volume.manager [req-014e2668-f254-4070-ab59-4a451d507445 req-e75aacf4-97e2-4bd8-b67f-4a7922841094 tempest-VolumesSnapshotsTestJSON-2101050523 None] Task 'cinder.volume.flows.manager.create_volume.CreateVolumeOnFinishTask;volume:create, create.end' (a319c5e8-0866-4918-b96e-1c71f46c70d0) transitioned into state 'RUNNING' from state 'PENDING' {{(pid=123157) _task_receiver /usr/local/lib/python3.12/site-packages/taskflow/listeners/logging.py:194}}
Nov 24 14:35:00.537484 np0005533992.novalocal cinder-volume[123157]: INFO cinder.volume.flows.manager.create_volume [req-014e2668-f254-4070-ab59-4a451d507445 req-e75aacf4-97e2-4bd8-b67f-4a7922841094 tempest-VolumesSnapshotsTestJSON-2101050523 None] Volume volume-f48a40b1-98b1-4bca-96a8-c8b117ecb8bc (f48a40b1-98b1-4bca-96a8-c8b117ecb8bc): created successfully
Nov 24 14:35:00.540032 np0005533992.novalocal cinder-volume[123157]: DEBUG cinder.volume.manager [req-014e2668-f254-4070-ab59-4a451d507445 req-e75aacf4-97e2-4bd8-b67f-4a7922841094 tempest-VolumesSnapshotsTestJSON-2101050523 None] Task 'cinder.volume.flows.manager.create_volume.CreateVolumeOnFinishTask;volume:create, create.end' (a319c5e8-0866-4918-b96e-1c71f46c70d0) transitioned into state 'SUCCESS' from state 'RUNNING' with result 'None' {{(pid=123157) _task_receiver /usr/local/lib/python3.12/site-packages/taskflow/listeners/logging.py:182}}
Nov 24 14:35:00.543684 np0005533992.novalocal cinder-volume[123157]: DEBUG cinder.volume.manager [req-014e2668-f254-4070-ab59-4a451d507445 req-e75aacf4-97e2-4bd8-b67f-4a7922841094 tempest-VolumesSnapshotsTestJSON-2101050523 None] Flow 'volume_create_manager' (6c0c4234-1144-460b-a9a8-1dda377723eb) transitioned into state 'SUCCESS' from state 'RUNNING' {{(pid=123157) _flow_receiver /usr/local/lib/python3.12/site-packages/taskflow/listeners/logging.py:145}}
Nov 24 14:35:00.549833 np0005533992.novalocal cinder-volume[123157]: INFO cinder.volume.manager [req-014e2668-f254-4070-ab59-4a451d507445 req-e75aacf4-97e2-4bd8-b67f-4a7922841094 tempest-VolumesSnapshotsTestJSON-2101050523 None] Created volume successfully.
Nov 24 14:35:01.178864 np0005533992.novalocal cinder-volume[123157]: DEBUG oslo_concurrency.processutils [req-ef007709-7048-4ad0-a49b-99b5e0a1a874 req-a45e712d-77ea-43d2-ab84-a372221c2ca5 tempest-VolumesSnapshotsTestJSON-2101050523 None] Running cmd (subprocess): sudo cinder-rootwrap /etc/cinder/rootwrap.conf env LC_ALL=C lvs --noheadings --unit=g -o vg_name,name,size --nosuffix --readonly stack-volumes-lvmdriver-1/volume-f48a40b1-98b1-4bca-96a8-c8b117ecb8bc {{(pid=123157) execute /usr/local/lib/python3.12/site-packages/oslo_concurrency/processutils.py:349}}
Nov 24 14:35:01.205462 np0005533992.novalocal sudo[158289]: stack : PWD=/ ; USER=root ; COMMAND=/usr/local/bin/cinder-rootwrap /etc/cinder/rootwrap.conf env LC_ALL=C lvs --noheadings --unit=g -o vg_name,name,size --nosuffix --readonly stack-volumes-lvmdriver-1/volume-f48a40b1-98b1-4bca-96a8-c8b117ecb8bc
Nov 24 14:35:01.651844 np0005533992.novalocal cinder-volume[123157]: DEBUG oslo_concurrency.processutils [req-ef007709-7048-4ad0-a49b-99b5e0a1a874 req-a45e712d-77ea-43d2-ab84-a372221c2ca5 tempest-VolumesSnapshotsTestJSON-2101050523 None] CMD "sudo cinder-rootwrap /etc/cinder/rootwrap.conf env LC_ALL=C lvs --noheadings --unit=g -o vg_name,name,size --nosuffix --readonly stack-volumes-lvmdriver-1/volume-f48a40b1-98b1-4bca-96a8-c8b117ecb8bc" returned: 0 in 0.473s {{(pid=123157) execute /usr/local/lib/python3.12/site-packages/oslo_concurrency/processutils.py:372}}
Nov 24 14:35:01.654472 np0005533992.novalocal cinder-volume[123157]: DEBUG oslo_concurrency.processutils [req-ef007709-7048-4ad0-a49b-99b5e0a1a874 req-a45e712d-77ea-43d2-ab84-a372221c2ca5 tempest-VolumesSnapshotsTestJSON-2101050523 None] Running cmd (subprocess): sudo cinder-rootwrap /etc/cinder/rootwrap.conf env LC_ALL=C lvcreate --name _snapshot-521cd6f8-03b3-4d2a-a9d3-2c38894c3339 --snapshot stack-volumes-lvmdriver-1/volume-f48a40b1-98b1-4bca-96a8-c8b117ecb8bc {{(pid=123157) execute /usr/local/lib/python3.12/site-packages/oslo_concurrency/processutils.py:349}}
Nov 24 14:35:01.676914 np0005533992.novalocal sudo[158294]: stack : PWD=/ ; USER=root ; COMMAND=/usr/local/bin/cinder-rootwrap /etc/cinder/rootwrap.conf env LC_ALL=C lvcreate --name _snapshot-521cd6f8-03b3-4d2a-a9d3-2c38894c3339 --snapshot stack-volumes-lvmdriver-1/volume-f48a40b1-98b1-4bca-96a8-c8b117ecb8bc
Nov 24 14:35:02.103267 np0005533992.novalocal cinder-volume[123157]: DEBUG oslo_concurrency.processutils [req-ef007709-7048-4ad0-a49b-99b5e0a1a874 req-a45e712d-77ea-43d2-ab84-a372221c2ca5 tempest-VolumesSnapshotsTestJSON-2101050523 None] CMD "sudo cinder-rootwrap /etc/cinder/rootwrap.conf env LC_ALL=C lvcreate --name _snapshot-521cd6f8-03b3-4d2a-a9d3-2c38894c3339 --snapshot stack-volumes-lvmdriver-1/volume-f48a40b1-98b1-4bca-96a8-c8b117ecb8bc" returned: 0 in 0.450s {{(pid=123157) execute /usr/local/lib/python3.12/site-packages/oslo_concurrency/processutils.py:372}}
Nov 24 14:35:02.128061 np0005533992.novalocal cinder-volume[123157]: INFO cinder.volume.manager [req-ef007709-7048-4ad0-a49b-99b5e0a1a874 req-a45e712d-77ea-43d2-ab84-a372221c2ca5 tempest-VolumesSnapshotsTestJSON-2101050523 None] Create snapshot completed successfully
Nov 24 14:35:02.411677 np0005533992.novalocal cinder-volume[123157]: DEBUG cinder.coordination [req-f7c16386-6ac7-4133-9623-3bfcc8a0864c req-d0b26d90-5382-4e8b-a062-b98adf871fdc tempest-VolumesSnapshotsTestJSON-2101050523 None] Acquiring lock "cinder-521cd6f8-03b3-4d2a-a9d3-2c38894c3339-delete_snapshot" by "delete_snapshot" {{(pid=123157) __acquire /opt/stack/cinder/cinder/coordination.py:143}}
Nov 24 14:35:02.419784 np0005533992.novalocal cinder-volume[123157]: DEBUG cinder.coordination [req-f7c16386-6ac7-4133-9623-3bfcc8a0864c req-d0b26d90-5382-4e8b-a062-b98adf871fdc tempest-VolumesSnapshotsTestJSON-2101050523 None] Lock "cinder-521cd6f8-03b3-4d2a-a9d3-2c38894c3339-delete_snapshot" acquired by "delete_snapshot" :: waited 0.008s {{(pid=123157) __acquire /opt/stack/cinder/cinder/coordination.py:146}}
Nov 24 14:35:02.422829 np0005533992.novalocal cinder-volume[123157]: DEBUG oslo_concurrency.processutils [req-f7c16386-6ac7-4133-9623-3bfcc8a0864c req-d0b26d90-5382-4e8b-a062-b98adf871fdc tempest-VolumesSnapshotsTestJSON-2101050523 None] Running cmd (subprocess): sudo cinder-rootwrap /etc/cinder/rootwrap.conf env LC_ALL=C lvs --noheadings --unit=g -o vg_name,name,size --nosuffix --readonly stack-volumes-lvmdriver-1/_snapshot-521cd6f8-03b3-4d2a-a9d3-2c38894c3339 {{(pid=123157) execute /usr/local/lib/python3.12/site-packages/oslo_concurrency/processutils.py:349}}
Nov 24 14:35:02.457598 np0005533992.novalocal sudo[158306]: stack : PWD=/ ; USER=root ; COMMAND=/usr/local/bin/cinder-rootwrap /etc/cinder/rootwrap.conf env LC_ALL=C lvs --noheadings --unit=g -o vg_name,name,size --nosuffix --readonly stack-volumes-lvmdriver-1/_snapshot-521cd6f8-03b3-4d2a-a9d3-2c38894c3339
Nov 24 14:35:02.815577 np0005533992.novalocal cinder-volume[123157]: DEBUG oslo_concurrency.processutils [req-f7c16386-6ac7-4133-9623-3bfcc8a0864c req-d0b26d90-5382-4e8b-a062-b98adf871fdc tempest-VolumesSnapshotsTestJSON-2101050523 None] CMD "sudo cinder-rootwrap /etc/cinder/rootwrap.conf env LC_ALL=C lvs --noheadings --unit=g -o vg_name,name,size --nosuffix --readonly stack-volumes-lvmdriver-1/_snapshot-521cd6f8-03b3-4d2a-a9d3-2c38894c3339" returned: 0 in 0.394s {{(pid=123157) execute /usr/local/lib/python3.12/site-packages/oslo_concurrency/processutils.py:372}}
Nov 24 14:35:02.817280 np0005533992.novalocal cinder-volume[123157]: DEBUG oslo_concurrency.processutils [req-f7c16386-6ac7-4133-9623-3bfcc8a0864c req-d0b26d90-5382-4e8b-a062-b98adf871fdc tempest-VolumesSnapshotsTestJSON-2101050523 None] Running cmd (subprocess): sudo cinder-rootwrap /etc/cinder/rootwrap.conf lvremove --config activation { retry_deactivation = 1} -f stack-volumes-lvmdriver-1/_snapshot-521cd6f8-03b3-4d2a-a9d3-2c38894c3339 {{(pid=123157) execute /usr/local/lib/python3.12/site-packages/oslo_concurrency/processutils.py:349}}
Nov 24 14:35:02.842340 np0005533992.novalocal sudo[158312]: stack : PWD=/ ; USER=root ; COMMAND=/usr/local/bin/cinder-rootwrap /etc/cinder/rootwrap.conf lvremove --config 'activation { retry_deactivation = 1} ' -f stack-volumes-lvmdriver-1/_snapshot-521cd6f8-03b3-4d2a-a9d3-2c38894c3339
Nov 24 14:35:03.234400 np0005533992.novalocal cinder-volume[123157]: DEBUG oslo_concurrency.processutils [req-f7c16386-6ac7-4133-9623-3bfcc8a0864c req-d0b26d90-5382-4e8b-a062-b98adf871fdc tempest-VolumesSnapshotsTestJSON-2101050523 None] CMD "sudo cinder-rootwrap /etc/cinder/rootwrap.conf lvremove --config activation { retry_deactivation = 1} -f stack-volumes-lvmdriver-1/_snapshot-521cd6f8-03b3-4d2a-a9d3-2c38894c3339" returned: 0 in 0.417s {{(pid=123157) execute /usr/local/lib/python3.12/site-packages/oslo_concurrency/processutils.py:372}}
