Mar 13 16:16:02 standalone account-server[124592]: Starting 2
Mar 13 16:16:02 standalone account-server[124566]: Started child 20 from parent 2
Mar 13 16:16:02 standalone account-server[124566]: Started child 21 from parent 2
Mar 13 16:16:02 standalone account-server[124566]: Started child 22 from parent 2
Mar 13 16:16:02 standalone account-server[124566]: Started child 23 from parent 2
Mar 13 16:16:02 standalone container-server[124842]: Starting 2
Mar 13 16:16:03 standalone container-server[124881]: Option allow_versions is deprecated. Configure the versioned_writes middleware in the proxy-server instead. This option will be ignored in a future release.
Mar 13 16:16:03 standalone container-server[125032]: Option allow_versions is deprecated. Configure the versioned_writes middleware in the proxy-server instead. This option will be ignored in a future release.
Mar 13 16:16:03 standalone container-server[124881]: Started child 20 from parent 2
Mar 13 16:16:03 standalone container-server[125036]: Option allow_versions is deprecated. Configure the versioned_writes middleware in the proxy-server instead. This option will be ignored in a future release.
Mar 13 16:16:03 standalone container-server[124881]: Started child 21 from parent 2
Mar 13 16:16:03 standalone container-server[125043]: Option allow_versions is deprecated. Configure the versioned_writes middleware in the proxy-server instead. This option will be ignored in a future release.
Mar 13 16:16:03 standalone container-server[124881]: Started child 22 from parent 2
Mar 13 16:16:03 standalone container-server[125044]: Option allow_versions is deprecated. Configure the versioned_writes middleware in the proxy-server instead. This option will be ignored in a future release.
Mar 13 16:16:03 standalone container-server[124881]: Started child 23 from parent 2
Mar 13 16:16:03 standalone object-expirer[124997]: Starting 2
Mar 13 16:16:03 standalone object-expirer[124997]: Option auto_create_account_prefix is deprecated. Configure auto_create_account_prefix under the swift-constraints section of swift.conf. This option will be ignored in a future release.
Mar 13 16:16:03 standalone object-server[125068]: Starting 2
Mar 13 16:16:04 standalone object-server[125136]: Started child 22 from parent 2
Mar 13 16:16:04 standalone object-server[125136]: Started child 23 from parent 2
Mar 13 16:16:04 standalone object-server[125136]: Started child 24 from parent 2
Mar 13 16:16:04 standalone object-server[125136]: Started child 25 from parent 2
Mar 13 16:16:10 standalone proxy-server[126976]: Starting Keystone auth_token middleware
Mar 13 16:16:10 standalone proxy-server[126976]: AuthToken middleware is set with keystone_authtoken.service_token_roles_required set to False. This is backwards compatible but deprecated behaviour. Please set this to True.
Mar 13 16:16:10 standalone proxy-server[127105]: Starting Keystone auth_token middleware
Mar 13 16:16:10 standalone proxy-server[127105]: STDERR: The option "bind_port" is not known to keystonemiddleware
Mar 13 16:16:10 standalone proxy-server[127105]: STDERR: The option "workers" is not known to keystonemiddleware
Mar 13 16:16:10 standalone proxy-server[127105]: STDERR: The option "user" is not known to keystonemiddleware
Mar 13 16:16:10 standalone proxy-server[127105]: STDERR: The option "bind_ip" is not known to keystonemiddleware
Mar 13 16:16:10 standalone proxy-server[127105]: STDERR: The option "log_name" is not known to keystonemiddleware
Mar 13 16:16:10 standalone proxy-server[127105]: STDERR: The option "log_facility" is not known to keystonemiddleware
Mar 13 16:16:10 standalone proxy-server[127105]: STDERR: The option "log_level" is not known to keystonemiddleware
Mar 13 16:16:10 standalone proxy-server[127105]: STDERR: The option "log_headers" is not known to keystonemiddleware
Mar 13 16:16:10 standalone proxy-server[127105]: STDERR: The option "log_address" is not known to keystonemiddleware
Mar 13 16:16:10 standalone proxy-server[127105]: STDERR: The option "project_name" is not known to keystonemiddleware
Mar 13 16:16:10 standalone proxy-server[127105]: STDERR: The option "username" is not known to keystonemiddleware
Mar 13 16:16:10 standalone proxy-server[127105]: STDERR: The option "password" is not known to keystonemiddleware
Mar 13 16:16:10 standalone proxy-server[127105]: STDERR: The option "auth_url" is not known to keystonemiddleware
Mar 13 16:16:10 standalone proxy-server[127105]: STDERR: The option "signing_dir" is not known to keystonemiddleware
Mar 13 16:16:10 standalone proxy-server[127105]: STDERR: The option "project_domain_id" is not known to keystonemiddleware
Mar 13 16:16:10 standalone proxy-server[127105]: STDERR: The option "user_domain_id" is not known to keystonemiddleware
Mar 13 16:16:10 standalone proxy-server[127105]: STDERR: The option "__name__" is not known to keystonemiddleware
Mar 13 16:16:10 standalone proxy-server[127105]: AuthToken middleware is set with keystone_authtoken.service_token_roles_required set to False. This is backwards compatible but deprecated behaviour. Please set this to True.
Mar 13 16:16:10 standalone proxy-server[126976]: Started child 21 from parent 2
Mar 13 16:17:15 standalone container-server[124842]: Begin container update sweep
Mar 13 16:17:15 standalone container-server[124842]: Container update sweep completed: 0.00s
Mar 13 16:18:00 standalone account-server[124871]: 172.20.0.100 - - [13/Mar/2026:16:18:00 +0000] "HEAD /d1/415/.expiring_objects" 404 - "HEAD http://localhost/v1/.expiring_objects?format=json" "tx75140e704276496e8090f-0069b438b8" "proxy-server 2" 0.0020 "-" 22 -
Mar 13 16:18:00 standalone object-expirer[124997]: Pass completed in 0s; 0 objects expired (txn: tx75140e704276496e8090f-0069b438b8)
Mar 13 16:19:27 standalone account-server[124853]: 172.20.0.100 - - [13/Mar/2026:16:19:27 +0000] "HEAD /d1/415/.expiring_objects" 404 - "HEAD http://localhost/v1/.expiring_objects?format=json" "tx573342e4b6244e3ba837d-0069b4390f" "proxy-server 2" 0.0016 "-" 20 -
Mar 13 16:19:27 standalone object-expirer[124997]: Pass completed in 0s; 0 objects expired (txn: tx573342e4b6244e3ba837d-0069b4390f)
Mar 13 16:19:41 standalone object-server[125068]: Begin object update sweep
Mar 13 16:19:41 standalone object-server[150225]: Object update sweep starting on /srv/node/d1 (pid: 11)
Mar 13 16:19:41 standalone object-server[150225]: Object update sweep completed on /srv/node/d1 in 0.00s seconds:, 0 successes, 0 failures, 0 quarantines, 0 unlinks, 0 errors, 0 redirects (pid: 11)
Mar 13 16:19:41 standalone object-server[150225]: Object update sweep of d1 completed: 0.00s, 0 successes, 0 failures, 0 quarantines, 0 unlinks, 0 errors, 0 redirects
Mar 13 16:19:41 standalone object-server[125068]: Object update sweep completed: 0.08s
Mar 13 16:19:50 standalone account-server[124592]: Devices pass completed: 0.00s
Mar 13 16:21:11 standalone account-server[124853]: 172.20.0.100 - - [13/Mar/2026:16:21:11 +0000] "HEAD /d1/415/.expiring_objects" 404 - "HEAD http://localhost/v1/.expiring_objects?format=json" "tx69ab3246d0de4b8d9fba9-0069b43977" "proxy-server 2" 0.0005 "-" 20 -
Mar 13 16:21:11 standalone object-expirer[124997]: Pass completed in 0s; 0 objects expired (txn: tx69ab3246d0de4b8d9fba9-0069b43977)
Mar 13 16:21:14 standalone account-server[124871]: 172.20.0.100 - - [13/Mar/2026:16:21:14 +0000] "HEAD /d1/415/.expiring_objects" 404 - "HEAD http://localhost/v1/.expiring_objects?format=json" "tx8caf42b1314c4dc1b591d-0069b4397a" "proxy-server 2" 0.0007 "-" 22 -
Mar 13 16:21:14 standalone object-expirer[124997]: Pass completed in 0s; 0 objects expired (txn: tx8caf42b1314c4dc1b591d-0069b4397a)
Mar 13 16:21:25 standalone account-server[124878]: 172.20.0.100 - - [13/Mar/2026:16:21:25 +0000] "HEAD /d1/415/.expiring_objects" 404 - "HEAD http://localhost/v1/.expiring_objects?format=json" "txa6958eda3e884454b48e7-0069b43985" "proxy-server 2" 0.0017 "-" 23 -
Mar 13 16:21:25 standalone object-expirer[124997]: Pass completed in 0s; 0 objects expired (txn: txa6958eda3e884454b48e7-0069b43985)
Mar 13 16:22:15 standalone container-server[124842]: Begin container update sweep
Mar 13 16:22:15 standalone container-server[124842]: Container update sweep completed: 0.00s
Mar 13 16:23:01 standalone account-server[124853]: 172.20.0.100 - - [13/Mar/2026:16:23:01 +0000] "HEAD /d1/322/AUTH_935697089ce9463e8c1739c47616b730" 404 - "HEAD http://localhost:8080/v1/AUTH_935697089ce9463e8c1739c47616b730?format=json" "tx2f0e77a931c045f98296a-0069b439e5" "proxy-server 21" 0.0005 "-" 20 -
Mar 13 16:23:01 standalone proxy-server[127105]: - - 13/Mar/2026/16/23/01 HEAD /v1/AUTH_935697089ce9463e8c1739c47616b730%3Fformat%3Djson HTTP/1.0 200 - Swift - - - - tx2f0e77a931c045f98296a-0069b439e5 - 0.0051 RL - 1773418981.924837828 1773418981.929929256 -
Mar 13 16:23:02 standalone proxy-server[127105]: 172.18.0.2 ::1 13/Mar/2026/16/23/02 HEAD /v1/AUTH_935697089ce9463e8c1739c47616b730/glance%3Fformat%3Djson HTTP/1.0 404 - python-swiftclient-3.11.1 gAAAAABptDnlDsAK... - - - tx2f0e77a931c045f98296a-0069b439e5 - 0.4314 - - 1773418981.918591738 1773418982.349949360 -
Mar 13 16:23:02 standalone account-server[124871]: 172.20.0.100 - - [13/Mar/2026:16:23:02 +0000] "PUT /d1/322/AUTH_935697089ce9463e8c1739c47616b730" 201 - "-" "txae13e6333af14783839ef-0069b439e6" "-" 0.0249 "-" 22 -
Mar 13 16:23:02 standalone proxy-server[127105]: autocreate account '/AUTH_935697089ce9463e8c1739c47616b730' (txn: txae13e6333af14783839ef-0069b439e6)
Mar 13 16:23:02 standalone account-server[124878]: 172.20.0.100 - - [13/Mar/2026:16:23:02 +0000] "HEAD /d1/322/AUTH_935697089ce9463e8c1739c47616b730" 204 - "HEAD http://localhost:8080/v1/AUTH_935697089ce9463e8c1739c47616b730?format=json" "txae13e6333af14783839ef-0069b439e6" "proxy-server 21" 0.0019 "-" 23 -
Mar 13 16:23:02 standalone account-server[124871]: 172.20.0.100 - - [13/Mar/2026:16:23:02 +0000] "PUT /d1/322/AUTH_935697089ce9463e8c1739c47616b730/glance" 201 - "PUT http://172.20.0.100:6001/d1/314/AUTH_935697089ce9463e8c1739c47616b730/glance" "txae13e6333af14783839ef-0069b439e6" "container-server 23" 0.0021 "-" 22 0
Mar 13 16:23:02 standalone container-server[125044]: 172.20.0.100 - - [13/Mar/2026:16:23:02 +0000] "PUT /d1/314/AUTH_935697089ce9463e8c1739c47616b730/glance" 201 - "PUT http://localhost:8080/v1/AUTH_935697089ce9463e8c1739c47616b730/glance" "txae13e6333af14783839ef-0069b439e6" "proxy-server 21" 0.0168 "-" 23 0
Mar 13 16:23:02 standalone proxy-server[127105]: 172.18.0.2 ::1 13/Mar/2026/16/23/02 PUT /v1/AUTH_935697089ce9463e8c1739c47616b730/glance HTTP/1.0 201 - python-swiftclient-3.11.1 gAAAAABptDnlDsAK... - - - txae13e6333af14783839ef-0069b439e6 - 0.0577 - - 1773418982.354007006 1773418982.411672354 0
Mar 13 16:23:02 standalone container-server[125036]: 172.20.0.100 - - [13/Mar/2026:16:23:02 +0000] "HEAD /d1/314/AUTH_935697089ce9463e8c1739c47616b730/glance" 204 - "HEAD http://localhost:8080/v1/AUTH_935697089ce9463e8c1739c47616b730/glance?format=json&states=listing" "txa3695806dacb4e2daeb9d-0069b439e6" "proxy-server 21" 0.0045 "-" 21 0
Mar 13 16:23:02 standalone proxy-server[127105]: - - 13/Mar/2026/16/23/02 HEAD /v1/AUTH_935697089ce9463e8c1739c47616b730/glance%3Fformat%3Djson%26states%3Dlisting HTTP/1.0 204 - Swift - - - - txa3695806dacb4e2daeb9d-0069b439e6 - 0.0155 RL - 1773418982.427256823 1773418982.442726374 0
Mar 13 16:23:20 standalone container-server[125043]: 172.20.0.100 - - [13/Mar/2026:16:23:20 +0000] "PUT /d1/314/AUTH_935697089ce9463e8c1739c47616b730/glance/9ce4cdec-2151-41a6-98b8-1a9b34fabf82" 201 - "PUT http://localhost:8080/d1/820/AUTH_935697089ce9463e8c1739c47616b730/glance/9ce4cdec-2151-41a6-98b8-1a9b34fabf82" "txa3695806dacb4e2daeb9d-0069b439e6" "object-server 22" 0.0010 "-" 22 0
Mar 13 16:23:20 standalone object-server[125329]: 172.20.0.100 - - [13/Mar/2026:16:23:20 +0000] "PUT /d1/820/AUTH_935697089ce9463e8c1739c47616b730/glance/9ce4cdec-2151-41a6-98b8-1a9b34fabf82" 201 - "PUT http://localhost:8080/v1/AUTH_935697089ce9463e8c1739c47616b730/glance/9ce4cdec-2151-41a6-98b8-1a9b34fabf82" "txa3695806dacb4e2daeb9d-0069b439e6" "proxy-server 21" 18.0064 "-" 22 0
Mar 13 16:23:20 standalone proxy-server[127105]: 172.18.0.2 ::1 13/Mar/2026/16/23/20 PUT /v1/AUTH_935697089ce9463e8c1739c47616b730/glance/9ce4cdec-2151-41a6-98b8-1a9b34fabf82 HTTP/1.0 201 - python-swiftclient-3.11.1 gAAAAABptDnlDsAK... 1481900032 - - txa3695806dacb4e2daeb9d-0069b439e6 - 18.0393 - - 1773418982.417298079 1773419000.456562996 0
Mar 13 16:23:32 standalone account-server[124871]: 172.20.0.100 - - [13/Mar/2026:16:23:32 +0000] "HEAD /d1/415/.expiring_objects" 404 - "HEAD http://localhost/v1/.expiring_objects?format=json" "tx499dacb16de64260a6b11-0069b43a04" "proxy-server 2" 0.0005 "-" 22 -
Mar 13 16:23:32 standalone object-expirer[124997]: Pass completed in 0s; 0 objects expired (txn: tx499dacb16de64260a6b11-0069b43a04)
Mar 13 16:24:41 standalone object-server[125068]: Begin object update sweep
Mar 13 16:24:41 standalone object-server[189683]: Object update sweep starting on /srv/node/d1 (pid: 13)
Mar 13 16:24:41 standalone object-server[189683]: Object update sweep completed on /srv/node/d1 in 0.00s seconds:, 0 successes, 0 failures, 0 quarantines, 0 unlinks, 0 errors, 0 redirects (pid: 13)
Mar 13 16:24:41 standalone object-server[189683]: Object update sweep of d1 completed: 0.00s, 0 successes, 0 failures, 0 quarantines, 0 unlinks, 0 errors, 0 redirects
Mar 13 16:24:41 standalone object-server[125068]: Object update sweep completed: 0.07s
Mar 13 16:27:15 standalone container-server[124842]: Begin container update sweep
Mar 13 16:27:15 standalone account-server[124871]: 172.20.0.100 - - [13/Mar/2026:16:27:15 +0000] "PUT /d1/322/AUTH_935697089ce9463e8c1739c47616b730/glance" 201 - "-" "-" "container-updater 2" 0.0012 "-" 22 0
Mar 13 16:27:15 standalone container-server[124842]: Container update sweep completed: 0.11s
Mar 13 16:28:04 standalone account-server[124853]: 172.20.0.100 - - [13/Mar/2026:16:28:04 +0000] "HEAD /d1/322/AUTH_935697089ce9463e8c1739c47616b730" 204 - "HEAD http://localhost:8080/v1/AUTH_935697089ce9463e8c1739c47616b730?format=json" "txa402b4459c3c4577ba22c-0069b43b14" "proxy-server 21" 0.0092 "-" 20 -
Mar 13 16:28:04 standalone proxy-server[127105]: - - 13/Mar/2026/16/28/04 HEAD /v1/AUTH_935697089ce9463e8c1739c47616b730%3Fformat%3Djson HTTP/1.0 204 - Swift - - - - txa402b4459c3c4577ba22c-0069b43b14 - 0.0143 RL - 1773419284.436608076 1773419284.450888634 -
Mar 13 16:28:04 standalone container-server[125044]: 172.20.0.100 - - [13/Mar/2026:16:28:04 +0000] "HEAD /d1/314/AUTH_935697089ce9463e8c1739c47616b730/glance" 204 - "HEAD http://localhost:8080/v1/AUTH_935697089ce9463e8c1739c47616b730/glance?format=json&states=listing" "txa402b4459c3c4577ba22c-0069b43b14" "proxy-server 21" 0.0033 "-" 23 0
Mar 13 16:28:04 standalone proxy-server[127105]: 172.18.0.2 ::1 13/Mar/2026/16/28/04 HEAD /v1/AUTH_935697089ce9463e8c1739c47616b730/glance%3Fformat%3Djson%26states%3Dlisting HTTP/1.0 204 - python-swiftclient-3.11.1 gAAAAABptDsU41Rt... - - - txa402b4459c3c4577ba22c-0069b43b14 - 0.1029 - - 1773419284.435700893 1773419284.538621664 0
Mar 13 16:28:07 standalone container-server[125036]: 172.20.0.100 - - [13/Mar/2026:16:28:07 +0000] "PUT /d1/314/AUTH_935697089ce9463e8c1739c47616b730/glance/5aafeaf9-159d-4b88-bbd1-0b6384ea6302-00001" 201 - "PUT http://localhost:8080/d1/706/AUTH_935697089ce9463e8c1739c47616b730/glance/5aafeaf9-159d-4b88-bbd1-0b6384ea6302-00001" "txf60cbcb5a86f4ef6b6cf1-0069b43b14" "object-server 22" 0.0008 "-" 21 0
Mar 13 16:28:07 standalone object-server[125329]: 172.20.0.100 - - [13/Mar/2026:16:28:07 +0000] "PUT /d1/706/AUTH_935697089ce9463e8c1739c47616b730/glance/5aafeaf9-159d-4b88-bbd1-0b6384ea6302-00001" 201 - "PUT http://localhost:8080/v1/AUTH_935697089ce9463e8c1739c47616b730/glance/5aafeaf9-159d-4b88-bbd1-0b6384ea6302-00001" "txf60cbcb5a86f4ef6b6cf1-0069b43b14" "proxy-server 21" 2.7169 "-" 22 0
Mar 13 16:28:07 standalone proxy-server[127105]: 172.18.0.2 ::1 13/Mar/2026/16/28/07 PUT /v1/AUTH_935697089ce9463e8c1739c47616b730/glance/5aafeaf9-159d-4b88-bbd1-0b6384ea6302-00001 HTTP/1.0 201 - python-swiftclient-3.11.1 gAAAAABptDsU41Rt... 21692416 - - txf60cbcb5a86f4ef6b6cf1-0069b43b14 - 2.7277 - - 1773419284.554344654 1773419287.282058716 0
Mar 13 16:28:07 standalone container-server[125043]: 172.20.0.100 - - [13/Mar/2026:16:28:07 +0000] "PUT /d1/314/AUTH_935697089ce9463e8c1739c47616b730/glance/5aafeaf9-159d-4b88-bbd1-0b6384ea6302" 201 - "PUT http://localhost:8080/d1/268/AUTH_935697089ce9463e8c1739c47616b730/glance/5aafeaf9-159d-4b88-bbd1-0b6384ea6302" "tx9a23a0816e8147fe8435c-0069b43b17" "object-server 22" 0.0007 "-" 22 0
Mar 13 16:28:07 standalone object-server[125329]: 172.20.0.100 - - [13/Mar/2026:16:28:07 +0000] "PUT /d1/268/AUTH_935697089ce9463e8c1739c47616b730/glance/5aafeaf9-159d-4b88-bbd1-0b6384ea6302" 201 - "PUT http://localhost:8080/v1/AUTH_935697089ce9463e8c1739c47616b730/glance/5aafeaf9-159d-4b88-bbd1-0b6384ea6302" "tx9a23a0816e8147fe8435c-0069b43b17" "proxy-server 21" 0.0101 "-" 22 0
Mar 13 16:28:07 standalone proxy-server[127105]: 172.18.0.2 ::1 13/Mar/2026/16/28/07 PUT /v1/AUTH_935697089ce9463e8c1739c47616b730/glance/5aafeaf9-159d-4b88-bbd1-0b6384ea6302 HTTP/1.0 201 - python-swiftclient-3.11.1 gAAAAABptDsU41Rt... - - - tx9a23a0816e8147fe8435c-0069b43b17 - 0.0198 - - 1773419287.287379026 1773419287.307201624 0
Mar 13 16:28:08 standalone container-server[125032]: 172.20.0.100 - - [13/Mar/2026:16:28:08 +0000] "HEAD /d1/312/AUTH_935697089ce9463e8c1739c47616b730/gnocchi.c2aa5a51-e6bb-4632-ba19-6af20e9fa3c6" 404 - "HEAD http://localhost:8080/v1/AUTH_935697089ce9463e8c1739c47616b730/gnocchi.c2aa5a51-e6bb-4632-ba19-6af20e9fa3c6?format=json&states=listing" "tx01e1d021a85d4eefaa637-0069b43b18" "proxy-server 21" 0.0017 "-" 20 0
Mar 13 16:28:08 standalone object-server[125340]: 172.20.0.100 - - [13/Mar/2026:16:28:08 +0000] "GET /d1/899/AUTH_935697089ce9463e8c1739c47616b730/gnocchi.c2aa5a51-e6bb-4632-ba19-6af20e9fa3c6/none_v3" 404 70 "GET http://localhost:8080/v1/AUTH_935697089ce9463e8c1739c47616b730/gnocchi.c2aa5a51-e6bb-4632-ba19-6af20e9fa3c6/none_v3" "tx01e1d021a85d4eefaa637-0069b43b18" "proxy-server 21" 0.0012 "-" 23 0
Mar 13 16:28:08 standalone proxy-server[127105]: 172.18.0.2 ::1 13/Mar/2026/16/28/08 GET /v1/AUTH_935697089ce9463e8c1739c47616b730/gnocchi.c2aa5a51-e6bb-4632-ba19-6af20e9fa3c6/none_v3 HTTP/1.0 404 - python-swiftclient-3.11.1 gAAAAABptDsXUp2K... - 70 - tx01e1d021a85d4eefaa637-0069b43b18 - 0.0547 - - 1773419288.008804321 1773419288.063487530 0
Mar 13 16:28:08 standalone account-server[124866]: 172.20.0.100 - - [13/Mar/2026:16:28:08 +0000] "PUT /d1/322/AUTH_935697089ce9463e8c1739c47616b730/gnocchi.c2aa5a51-e6bb-4632-ba19-6af20e9fa3c6" 201 - "PUT http://172.20.0.100:6001/d1/312/AUTH_935697089ce9463e8c1739c47616b730/gnocchi.c2aa5a51-e6bb-4632-ba19-6af20e9fa3c6" "txfcc5ffdf19eb4659b9c36-0069b43b18" "container-server 22" 0.0035 "-" 21 0
Mar 13 16:28:08 standalone container-server[125043]: 172.20.0.100 - - [13/Mar/2026:16:28:08 +0000] "PUT /d1/312/AUTH_935697089ce9463e8c1739c47616b730/gnocchi.c2aa5a51-e6bb-4632-ba19-6af20e9fa3c6" 201 - "PUT http://localhost:8080/v1/AUTH_935697089ce9463e8c1739c47616b730/gnocchi.c2aa5a51-e6bb-4632-ba19-6af20e9fa3c6" "txfcc5ffdf19eb4659b9c36-0069b43b18" "proxy-server 21" 0.0192 "-" 22 0
Mar 13 16:28:08 standalone proxy-server[127105]: 172.18.0.2 ::1 13/Mar/2026/16/28/08 PUT /v1/AUTH_935697089ce9463e8c1739c47616b730/gnocchi.c2aa5a51-e6bb-4632-ba19-6af20e9fa3c6 HTTP/1.0 201 - python-swiftclient-3.11.1 gAAAAABptDsXUp2K... - - - txfcc5ffdf19eb4659b9c36-0069b43b18 - 0.0264 - - 1773419288.068853140 1773419288.095283508 0
Mar 13 16:28:08 standalone container-server[125043]: 172.20.0.100 - - [13/Mar/2026:16:28:08 +0000] "HEAD /d1/312/AUTH_935697089ce9463e8c1739c47616b730/gnocchi.c2aa5a51-e6bb-4632-ba19-6af20e9fa3c6" 204 - "HEAD http://localhost:8080/v1/AUTH_935697089ce9463e8c1739c47616b730/gnocchi.c2aa5a51-e6bb-4632-ba19-6af20e9fa3c6?format=json&states=listing" "tx5253afd40a384300ae31b-0069b43b18" "proxy-server 21" 0.0024 "-" 22 0
Mar 13 16:28:08 standalone proxy-server[127105]: - - 13/Mar/2026/16/28/08 HEAD /v1/AUTH_935697089ce9463e8c1739c47616b730/gnocchi.c2aa5a51-e6bb-4632-ba19-6af20e9fa3c6%3Fformat%3Djson%26states%3Dlisting HTTP/1.0 204 - Swift - - - - tx5253afd40a384300ae31b-0069b43b18 - 0.0110 RL - 1773419288.106122971 1773419288.117091894 0
Mar 13 16:28:08 standalone container-server[125036]: 172.20.0.100 - - [13/Mar/2026:16:28:08 +0000] "GET /d1/312/AUTH_935697089ce9463e8c1739c47616b730/gnocchi.c2aa5a51-e6bb-4632-ba19-6af20e9fa3c6" 200 2 "GET http://localhost:8080/v1/AUTH_935697089ce9463e8c1739c47616b730/gnocchi.c2aa5a51-e6bb-4632-ba19-6af20e9fa3c6?format=json&states=listing" "tx5253afd40a384300ae31b-0069b43b18" "proxy-server 21" 0.0039 "-" 21 0
Mar 13 16:28:08 standalone proxy-server[127105]: 172.18.0.2 ::1 13/Mar/2026/16/28/08 GET /v1/AUTH_935697089ce9463e8c1739c47616b730/gnocchi.c2aa5a51-e6bb-4632-ba19-6af20e9fa3c6%3Fformat%3Djson%26states%3Dlisting HTTP/1.0 200 - python-swiftclient-3.11.1 gAAAAABptDsXUp2K... - 2 - tx5253afd40a384300ae31b-0069b43b18 - 0.0252 - - 1773419288.104447126 1773419288.129667282 0
Mar 13 16:28:08 standalone object-server[125358]: 172.20.0.100 - - [13/Mar/2026:16:28:08 +0000] "GET /d1/6/AUTH_935697089ce9463e8c1739c47616b730/gnocchi.c2aa5a51-e6bb-4632-ba19-6af20e9fa3c6/1773360000.0_mean_300.0_v3" 404 70 "GET http://localhost:8080/v1/AUTH_935697089ce9463e8c1739c47616b730/gnocchi.c2aa5a51-e6bb-4632-ba19-6af20e9fa3c6/1773360000.0_mean_300.0_v3" "tx06baa4cd711946039caf1-0069b43b18" "proxy-server 21" 0.0011 "-" 25 0
Mar 13 16:28:08 standalone proxy-server[127105]: 172.18.0.2 ::1 13/Mar/2026/16/28/08 GET /v1/AUTH_935697089ce9463e8c1739c47616b730/gnocchi.c2aa5a51-e6bb-4632-ba19-6af20e9fa3c6/1773360000.0_mean_300.0_v3 HTTP/1.0 404 - python-swiftclient-3.11.1 gAAAAABptDsXUp2K... - 70 - tx06baa4cd711946039caf1-0069b43b18 - 0.0086 - - 1773419288.135285616 1773419288.143933296 0
Mar 13 16:28:08 standalone container-server[125043]: 172.20.0.100 - - [13/Mar/2026:16:28:08 +0000] "PUT /d1/312/AUTH_935697089ce9463e8c1739c47616b730/gnocchi.c2aa5a51-e6bb-4632-ba19-6af20e9fa3c6/1773360000.0_mean_300.0_v3" 201 - "PUT http://localhost:8080/d1/6/AUTH_935697089ce9463e8c1739c47616b730/gnocchi.c2aa5a51-e6bb-4632-ba19-6af20e9fa3c6/1773360000.0_mean_300.0_v3" "tx741cc72d4f744721bfdfe-0069b43b18" "object-server 25" 0.0009 "-" 22 0
Mar 13 16:28:08 standalone object-server[125358]: 172.20.0.100 - - [13/Mar/2026:16:28:08 +0000] "PUT /d1/6/AUTH_935697089ce9463e8c1739c47616b730/gnocchi.c2aa5a51-e6bb-4632-ba19-6af20e9fa3c6/1773360000.0_mean_300.0_v3" 201 - "PUT http://localhost:8080/v1/AUTH_935697089ce9463e8c1739c47616b730/gnocchi.c2aa5a51-e6bb-4632-ba19-6af20e9fa3c6/1773360000.0_mean_300.0_v3" "tx741cc72d4f744721bfdfe-0069b43b18" "proxy-server 21" 0.0327 "-" 25 0
Mar 13 16:28:08 standalone proxy-server[127105]: 172.18.0.2 ::1 13/Mar/2026/16/28/08 PUT /v1/AUTH_935697089ce9463e8c1739c47616b730/gnocchi.c2aa5a51-e6bb-4632-ba19-6af20e9fa3c6/1773360000.0_mean_300.0_v3 HTTP/1.0 201 - python-swiftclient-3.11.1 gAAAAABptDsXUp2K... 16 - - tx741cc72d4f744721bfdfe-0069b43b18 - 0.0402 - - 1773419288.148617268 1773419288.188811541 0
Mar 13 16:28:08 standalone container-server[125044]: 172.20.0.100 - - [13/Mar/2026:16:28:08 +0000] "PUT /d1/312/AUTH_935697089ce9463e8c1739c47616b730/gnocchi.c2aa5a51-e6bb-4632-ba19-6af20e9fa3c6/none_v3" 201 - "PUT http://localhost:8080/d1/899/AUTH_935697089ce9463e8c1739c47616b730/gnocchi.c2aa5a51-e6bb-4632-ba19-6af20e9fa3c6/none_v3" "tx5acf1ce541af41f289bf5-0069b43b18" "object-server 25" 0.0007 "-" 23 0
Mar 13 16:28:08 standalone object-server[125358]: 172.20.0.100 - - [13/Mar/2026:16:28:08 +0000] "PUT /d1/899/AUTH_935697089ce9463e8c1739c47616b730/gnocchi.c2aa5a51-e6bb-4632-ba19-6af20e9fa3c6/none_v3" 201 - "PUT http://localhost:8080/v1/AUTH_935697089ce9463e8c1739c47616b730/gnocchi.c2aa5a51-e6bb-4632-ba19-6af20e9fa3c6/none_v3" "tx5acf1ce541af41f289bf5-0069b43b18" "proxy-server 21" 0.0106 "-" 25 0
Mar 13 16:28:08 standalone proxy-server[127105]: 172.18.0.2 ::1 13/Mar/2026/16/28/08 PUT /v1/AUTH_935697089ce9463e8c1739c47616b730/gnocchi.c2aa5a51-e6bb-4632-ba19-6af20e9fa3c6/none_v3 HTTP/1.0 201 - python-swiftclient-3.11.1 gAAAAABptDsXUp2K... 22 - - tx5acf1ce541af41f289bf5-0069b43b18 - 0.0177 - - 1773419288.193157911 1773419288.210902929 0
Mar 13 16:28:09 standalone account-server[124878]: 172.20.0.100 - - [13/Mar/2026:16:28:09 +0000] "HEAD /d1/415/.expiring_objects" 404 - "HEAD http://localhost/v1/.expiring_objects?format=json" "tx4bb58abe5e0344a89b7af-0069b43b19" "proxy-server 2" 0.0004 "-" 23 -
Mar 13 16:28:09 standalone object-expirer[124997]: Pass completed in 0s; 0 objects expired (txn: tx4bb58abe5e0344a89b7af-0069b43b19)
Mar 13 16:28:37 standalone object-server[125349]: 172.20.0.100 - - [13/Mar/2026:16:28:37 +0000] "GET /d1/899/AUTH_935697089ce9463e8c1739c47616b730/gnocchi.c2aa5a51-e6bb-4632-ba19-6af20e9fa3c6/none_v3" 200 22 "GET http://localhost:8080/v1/AUTH_935697089ce9463e8c1739c47616b730/gnocchi.c2aa5a51-e6bb-4632-ba19-6af20e9fa3c6/none_v3" "txc835702944ec4609acc26-0069b43b35" "proxy-server 21" 0.0021 "-" 24 0
Mar 13 16:28:37 standalone proxy-server[127105]: 172.18.0.2 ::1 13/Mar/2026/16/28/37 GET /v1/AUTH_935697089ce9463e8c1739c47616b730/gnocchi.c2aa5a51-e6bb-4632-ba19-6af20e9fa3c6/none_v3 HTTP/1.0 200 - python-swiftclient-3.11.1 gAAAAABptDsXUp2K... - 22 - txc835702944ec4609acc26-0069b43b35 - 0.0226 - - 1773419317.680170536 1773419317.702810049 0
Mar 13 16:28:37 standalone container-server[125032]: 172.20.0.100 - - [13/Mar/2026:16:28:37 +0000] "GET /d1/312/AUTH_935697089ce9463e8c1739c47616b730/gnocchi.c2aa5a51-e6bb-4632-ba19-6af20e9fa3c6" 200 357 "GET http://localhost:8080/v1/AUTH_935697089ce9463e8c1739c47616b730/gnocchi.c2aa5a51-e6bb-4632-ba19-6af20e9fa3c6?format=json&states=listing" "tx25bcccd4954945d1bf87d-0069b43b35" "proxy-server 21" 0.0285 "-" 20 0
Mar 13 16:28:37 standalone proxy-server[127105]: 172.18.0.2 ::1 13/Mar/2026/16/28/37 GET /v1/AUTH_935697089ce9463e8c1739c47616b730/gnocchi.c2aa5a51-e6bb-4632-ba19-6af20e9fa3c6%3Fformat%3Djson%26states%3Dlisting HTTP/1.0 200 - python-swiftclient-3.11.1 gAAAAABptDsXUp2K... - 357 - tx25bcccd4954945d1bf87d-0069b43b35 - 0.0385 - - 1773419317.707597971 1773419317.746134281 0
Mar 13 16:28:37 standalone container-server[125043]: 172.20.0.100 - - [13/Mar/2026:16:28:37 +0000] "GET /d1/312/AUTH_935697089ce9463e8c1739c47616b730/gnocchi.c2aa5a51-e6bb-4632-ba19-6af20e9fa3c6" 200 2 "GET http://localhost:8080/v1/AUTH_935697089ce9463e8c1739c47616b730/gnocchi.c2aa5a51-e6bb-4632-ba19-6af20e9fa3c6?format=json&marker=none_v3&states=listing" "tx2de7044728034c08864d2-0069b43b35" "proxy-server 21" 0.0080 "-" 22 0
Mar 13 16:28:37 standalone proxy-server[127105]: 172.18.0.2 ::1 13/Mar/2026/16/28/37 GET /v1/AUTH_935697089ce9463e8c1739c47616b730/gnocchi.c2aa5a51-e6bb-4632-ba19-6af20e9fa3c6%3Fformat%3Djson%26marker%3Dnone_v3%26states%3Dlisting HTTP/1.0 200 - python-swiftclient-3.11.1 gAAAAABptDsXUp2K... - 2 - tx2de7044728034c08864d2-0069b43b35 - 0.0210 - - 1773419317.749933481 1773419317.770895004 0
Mar 13 16:28:37 standalone object-server[125329]: 172.20.0.100 - - [13/Mar/2026:16:28:37 +0000] "GET /d1/6/AUTH_935697089ce9463e8c1739c47616b730/gnocchi.c2aa5a51-e6bb-4632-ba19-6af20e9fa3c6/1773360000.0_mean_300.0_v3" 200 16 "GET http://localhost:8080/v1/AUTH_935697089ce9463e8c1739c47616b730/gnocchi.c2aa5a51-e6bb-4632-ba19-6af20e9fa3c6/1773360000.0_mean_300.0_v3" "tx34400e9374684642ba235-0069b43b35" "proxy-server 21" 0.0014 "-" 22 0
Mar 13 16:28:37 standalone proxy-server[127105]: 172.18.0.2 ::1 13/Mar/2026/16/28/37 GET /v1/AUTH_935697089ce9463e8c1739c47616b730/gnocchi.c2aa5a51-e6bb-4632-ba19-6af20e9fa3c6/1773360000.0_mean_300.0_v3 HTTP/1.0 200 - python-swiftclient-3.11.1 gAAAAABptDsXUp2K... - 16 - tx34400e9374684642ba235-0069b43b35 - 0.0125 - - 1773419317.777903080 1773419317.790399551 0
Mar 13 16:28:37 standalone container-server[125043]: 172.20.0.100 - - [13/Mar/2026:16:28:37 +0000] "PUT /d1/312/AUTH_935697089ce9463e8c1739c47616b730/gnocchi.c2aa5a51-e6bb-4632-ba19-6af20e9fa3c6/1773360000.0_mean_300.0_v3" 201 - "PUT http://localhost:8080/d1/6/AUTH_935697089ce9463e8c1739c47616b730/gnocchi.c2aa5a51-e6bb-4632-ba19-6af20e9fa3c6/1773360000.0_mean_300.0_v3" "tx2ad573dce549407baa600-0069b43b35" "object-server 24" 0.0008 "-" 22 0
Mar 13 16:28:37 standalone object-server[125349]: 172.20.0.100 - - [13/Mar/2026:16:28:37 +0000] "PUT /d1/6/AUTH_935697089ce9463e8c1739c47616b730/gnocchi.c2aa5a51-e6bb-4632-ba19-6af20e9fa3c6/1773360000.0_mean_300.0_v3" 201 - "PUT http://localhost:8080/v1/AUTH_935697089ce9463e8c1739c47616b730/gnocchi.c2aa5a51-e6bb-4632-ba19-6af20e9fa3c6/1773360000.0_mean_300.0_v3" "tx2ad573dce549407baa600-0069b43b35" "proxy-server 21" 0.0271 "-" 24 0
Mar 13 16:28:37 standalone proxy-server[127105]: 172.18.0.2 ::1 13/Mar/2026/16/28/37 PUT /v1/AUTH_935697089ce9463e8c1739c47616b730/gnocchi.c2aa5a51-e6bb-4632-ba19-6af20e9fa3c6/1773360000.0_mean_300.0_v3 HTTP/1.0 201 - python-swiftclient-3.11.1 gAAAAABptDsXUp2K... 16 - - tx2ad573dce549407baa600-0069b43b35 - 0.0360 - - 1773419317.793787956 1773419317.829802036 0
Mar 13 16:28:37 standalone container-server[125044]: 172.20.0.100 - - [13/Mar/2026:16:28:37 +0000] "PUT /d1/312/AUTH_935697089ce9463e8c1739c47616b730/gnocchi.c2aa5a51-e6bb-4632-ba19-6af20e9fa3c6/none_v3" 201 - "PUT http://localhost:8080/d1/899/AUTH_935697089ce9463e8c1739c47616b730/gnocchi.c2aa5a51-e6bb-4632-ba19-6af20e9fa3c6/none_v3" "txd18772d50a474f9586a41-0069b43b35" "object-server 23" 0.0005 "-" 23 0
Mar 13 16:28:37 standalone object-server[125340]: 172.20.0.100 - - [13/Mar/2026:16:28:37 +0000] "PUT /d1/899/AUTH_935697089ce9463e8c1739c47616b730/gnocchi.c2aa5a51-e6bb-4632-ba19-6af20e9fa3c6/none_v3" 201 - "PUT http://localhost:8080/v1/AUTH_935697089ce9463e8c1739c47616b730/gnocchi.c2aa5a51-e6bb-4632-ba19-6af20e9fa3c6/none_v3" "txd18772d50a474f9586a41-0069b43b35" "proxy-server 21" 0.0224 "-" 23 0
Mar 13 16:28:37 standalone proxy-server[127105]: 172.18.0.2 ::1 13/Mar/2026/16/28/37 PUT /v1/AUTH_935697089ce9463e8c1739c47616b730/gnocchi.c2aa5a51-e6bb-4632-ba19-6af20e9fa3c6/none_v3 HTTP/1.0 201 - python-swiftclient-3.11.1 gAAAAABptDsXUp2K... 32 - - txd18772d50a474f9586a41-0069b43b35 - 0.0301 - - 1773419317.833968639 1773419317.864041805 0
Mar 13 16:29:10 standalone account-server[124866]: 172.20.0.100 - - [13/Mar/2026:16:29:10 +0000] "HEAD /d1/322/AUTH_935697089ce9463e8c1739c47616b730" 204 - "HEAD http://localhost:8080/v1/AUTH_935697089ce9463e8c1739c47616b730?format=json" "tx8dcaa8101fc54dc5818c8-0069b43b56" "proxy-server 21" 0.0060 "-" 21 -
Mar 13 16:29:10 standalone proxy-server[127105]: - - 13/Mar/2026/16/29/10 HEAD /v1/AUTH_935697089ce9463e8c1739c47616b730%3Fformat%3Djson HTTP/1.0 204 - Swift - - - - tx8dcaa8101fc54dc5818c8-0069b43b56 - 0.0120 RL - 1773419350.046962500 1773419350.058933496 -
Mar 13 16:29:10 standalone container-server[125032]: 172.20.0.100 - - [13/Mar/2026:16:29:10 +0000] "HEAD /d1/314/AUTH_935697089ce9463e8c1739c47616b730/glance" 204 - "HEAD http://localhost:8080/v1/AUTH_935697089ce9463e8c1739c47616b730/glance?format=json&states=listing" "tx8dcaa8101fc54dc5818c8-0069b43b56" "proxy-server 21" 0.0071 "-" 20 0
Mar 13 16:29:10 standalone object-server[125329]: 172.20.0.100 - - [13/Mar/2026:16:29:10 +0000] "GET /d1/268/AUTH_935697089ce9463e8c1739c47616b730/glance/5aafeaf9-159d-4b88-bbd1-0b6384ea6302" 200 - "GET http://localhost:8080/v1/AUTH_935697089ce9463e8c1739c47616b730/glance/5aafeaf9-159d-4b88-bbd1-0b6384ea6302" "tx8dcaa8101fc54dc5818c8-0069b43b56" "proxy-server 21" 0.0011 "-" 22 0
Mar 13 16:29:10 standalone container-server[125043]: 172.20.0.100 - - [13/Mar/2026:16:29:10 +0000] "GET /d1/314/AUTH_935697089ce9463e8c1739c47616b730/glance" 200 210 "GET http://localhost:8080/v1/AUTH_935697089ce9463e8c1739c47616b730/glance?prefix=5aafeaf9-159d-4b88-bbd1-0b6384ea6302-&format=json&states=listing" "tx8dcaa8101fc54dc5818c8-0069b43b56" "proxy-server 21" 0.0025 "-" 22 0
Mar 13 16:29:10 standalone proxy-server[127105]: - - 13/Mar/2026/16/29/10 GET /v1/AUTH_935697089ce9463e8c1739c47616b730/glance%3Fprefix%3D5aafeaf9-159d-4b88-bbd1-0b6384ea6302-%26format%3Djson%26states%3Dlisting HTTP/1.0 200 - python-swiftclient-3.11.1%20DLO%20MultipartGET gAAAAABptDtVgxMF... - 210 - tx8dcaa8101fc54dc5818c8-0069b43b56 - 0.0066 DLO - 1773419350.172011614 1773419350.178609848 0
Mar 13 16:29:10 standalone object-server[125349]: 172.20.0.100 - - [13/Mar/2026:16:29:10 +0000] "GET /d1/706/AUTH_935697089ce9463e8c1739c47616b730/glance/5aafeaf9-159d-4b88-bbd1-0b6384ea6302-00001" 200 21692416 "GET http://localhost:8080/v1/AUTH_935697089ce9463e8c1739c47616b730/glance/5aafeaf9-159d-4b88-bbd1-0b6384ea6302-00001?multipart-manifest=get" "tx8dcaa8101fc54dc5818c8-0069b43b56" "proxy-server 21" 0.0010 "-" 24 0
Mar 13 16:29:10 standalone proxy-server[127105]: - - 13/Mar/2026/16/29/10 GET /v1/AUTH_935697089ce9463e8c1739c47616b730/glance/5aafeaf9-159d-4b88-bbd1-0b6384ea6302-00001%3Fmultipart-manifest%3Dget HTTP/1.0 200 - python-swiftclient-3.11.1%20%20DLO%20MultipartGET gAAAAABptDtVgxMF... - 21692416 - tx8dcaa8101fc54dc5818c8-0069b43b56 - 0.1121 DLO - 1773419350.179380417 1773419350.291526556 0
Mar 13 16:29:10 standalone proxy-server[127105]: 172.18.0.2 ::1 13/Mar/2026/16/29/10 GET /v1/AUTH_935697089ce9463e8c1739c47616b730/glance/5aafeaf9-159d-4b88-bbd1-0b6384ea6302 HTTP/1.0 200 - python-swiftclient-3.11.1 gAAAAABptDtVgxMF... - 21692416 - tx8dcaa8101fc54dc5818c8-0069b43b56 - 0.2472 - - 1773419350.045673847 1773419350.292894363 0
Mar 13 16:29:11 standalone container-server[125032]: 172.20.0.100 - - [13/Mar/2026:16:29:11 +0000] "HEAD /d1/129/AUTH_935697089ce9463e8c1739c47616b730/gnocchi.0114ba9d-44dd-49e7-b100-52747add459d" 404 - "HEAD http://localhost:8080/v1/AUTH_935697089ce9463e8c1739c47616b730/gnocchi.0114ba9d-44dd-49e7-b100-52747add459d?format=json&states=listing" "txf0154f86655447e784155-0069b43b57" "proxy-server 21" 0.0004 "-" 20 0
Mar 13 16:29:11 standalone object-server[125340]: 172.20.0.100 - - [13/Mar/2026:16:29:11 +0000] "GET /d1/579/AUTH_935697089ce9463e8c1739c47616b730/gnocchi.0114ba9d-44dd-49e7-b100-52747add459d/none_v3" 404 70 "GET http://localhost:8080/v1/AUTH_935697089ce9463e8c1739c47616b730/gnocchi.0114ba9d-44dd-49e7-b100-52747add459d/none_v3" "txf0154f86655447e784155-0069b43b57" "proxy-server 21" 0.0006 "-" 23 0
Mar 13 16:29:11 standalone proxy-server[127105]: 172.18.0.2 ::1 13/Mar/2026/16/29/11 GET /v1/AUTH_935697089ce9463e8c1739c47616b730/gnocchi.0114ba9d-44dd-49e7-b100-52747add459d/none_v3 HTTP/1.0 404 - python-swiftclient-3.11.1 gAAAAABptDsXUp2K... - 70 - txf0154f86655447e784155-0069b43b57 - 0.0222 - - 1773419351.288119555 1773419351.310337782 0
Mar 13 16:29:11 standalone account-server[124866]: 172.20.0.100 - - [13/Mar/2026:16:29:11 +0000] "PUT /d1/322/AUTH_935697089ce9463e8c1739c47616b730/gnocchi.0114ba9d-44dd-49e7-b100-52747add459d" 201 - "PUT http://172.20.0.100:6001/d1/129/AUTH_935697089ce9463e8c1739c47616b730/gnocchi.0114ba9d-44dd-49e7-b100-52747add459d" "tx61b9972500954454ba80b-0069b43b57" "container-server 23" 0.0026 "-" 21 0
Mar 13 16:29:11 standalone container-server[125044]: 172.20.0.100 - - [13/Mar/2026:16:29:11 +0000] "PUT /d1/129/AUTH_935697089ce9463e8c1739c47616b730/gnocchi.0114ba9d-44dd-49e7-b100-52747add459d" 201 - "PUT http://localhost:8080/v1/AUTH_935697089ce9463e8c1739c47616b730/gnocchi.0114ba9d-44dd-49e7-b100-52747add459d" "tx61b9972500954454ba80b-0069b43b57" "proxy-server 21" 0.0201 "-" 23 0
Mar 13 16:29:11 standalone proxy-server[127105]: 172.18.0.2 ::1 13/Mar/2026/16/29/11 PUT /v1/AUTH_935697089ce9463e8c1739c47616b730/gnocchi.0114ba9d-44dd-49e7-b100-52747add459d HTTP/1.0 201 - python-swiftclient-3.11.1 gAAAAABptDsXUp2K... - - - tx61b9972500954454ba80b-0069b43b57 - 0.0292 - - 1773419351.315806150 1773419351.344968796 0
Mar 13 16:29:11 standalone container-server[125044]: 172.20.0.100 - - [13/Mar/2026:16:29:11 +0000] "HEAD /d1/129/AUTH_935697089ce9463e8c1739c47616b730/gnocchi.0114ba9d-44dd-49e7-b100-52747add459d" 204 - "HEAD http://localhost:8080/v1/AUTH_935697089ce9463e8c1739c47616b730/gnocchi.0114ba9d-44dd-49e7-b100-52747add459d?format=json&states=listing" "tx2e65d672e7c7445ab63fe-0069b43b57" "proxy-server 21" 0.0023 "-" 23 0
Mar 13 16:29:11 standalone proxy-server[127105]: - - 13/Mar/2026/16/29/11 HEAD /v1/AUTH_935697089ce9463e8c1739c47616b730/gnocchi.0114ba9d-44dd-49e7-b100-52747add459d%3Fformat%3Djson%26states%3Dlisting HTTP/1.0 204 - Swift - - - - tx2e65d672e7c7445ab63fe-0069b43b57 - 0.0080 RL - 1773419351.356272697 1773419351.364313126 0
Mar 13 16:29:11 standalone container-server[125032]: 172.20.0.100 - - [13/Mar/2026:16:29:11 +0000] "GET /d1/129/AUTH_935697089ce9463e8c1739c47616b730/gnocchi.0114ba9d-44dd-49e7-b100-52747add459d" 200 2 "GET http://localhost:8080/v1/AUTH_935697089ce9463e8c1739c47616b730/gnocchi.0114ba9d-44dd-49e7-b100-52747add459d?format=json&states=listing" "tx2e65d672e7c7445ab63fe-0069b43b57" "proxy-server 21" 0.0034 "-" 20 0
Mar 13 16:29:11 standalone proxy-server[127105]: 172.18.0.2 ::1 13/Mar/2026/16/29/11 GET /v1/AUTH_935697089ce9463e8c1739c47616b730/gnocchi.0114ba9d-44dd-49e7-b100-52747add459d%3Fformat%3Djson%26states%3Dlisting HTTP/1.0 200 - python-swiftclient-3.11.1 gAAAAABptDsXUp2K... - 2 - tx2e65d672e7c7445ab63fe-0069b43b57 - 0.0238 - - 1773419351.354426622 1773419351.378211260 0
Mar 13 16:29:11 standalone object-server[125358]: 172.20.0.100 - - [13/Mar/2026:16:29:11 +0000] "GET /d1/363/AUTH_935697089ce9463e8c1739c47616b730/gnocchi.0114ba9d-44dd-49e7-b100-52747add459d/1773360000.0_mean_300.0_v3" 404 70 "GET http://localhost:8080/v1/AUTH_935697089ce9463e8c1739c47616b730/gnocchi.0114ba9d-44dd-49e7-b100-52747add459d/1773360000.0_mean_300.0_v3" "tx318dfe8f8ea04f08a7b3b-0069b43b57" "proxy-server 21" 0.0007 "-" 25 0
Mar 13 16:29:11 standalone proxy-server[127105]: 172.18.0.2 ::1 13/Mar/2026/16/29/11 GET /v1/AUTH_935697089ce9463e8c1739c47616b730/gnocchi.0114ba9d-44dd-49e7-b100-52747add459d/1773360000.0_mean_300.0_v3 HTTP/1.0 404 - python-swiftclient-3.11.1 gAAAAABptDsXUp2K... - 70 - tx318dfe8f8ea04f08a7b3b-0069b43b57 - 0.0086 - - 1773419351.384074688 1773419351.392627001 0
Mar 13 16:29:11 standalone container-server[125043]: 172.20.0.100 - - [13/Mar/2026:16:29:11 +0000] "PUT /d1/129/AUTH_935697089ce9463e8c1739c47616b730/gnocchi.0114ba9d-44dd-49e7-b100-52747add459d/1773360000.0_mean_300.0_v3" 201 - "PUT http://localhost:8080/d1/363/AUTH_935697089ce9463e8c1739c47616b730/gnocchi.0114ba9d-44dd-49e7-b100-52747add459d/1773360000.0_mean_300.0_v3" "tx11aa56859aa04179a7da6-0069b43b57" "object-server 25" 0.0009 "-" 22 0
Mar 13 16:29:11 standalone object-server[125358]: 172.20.0.100 - - [13/Mar/2026:16:29:11 +0000] "PUT /d1/363/AUTH_935697089ce9463e8c1739c47616b730/gnocchi.0114ba9d-44dd-49e7-b100-52747add459d/1773360000.0_mean_300.0_v3" 201 - "PUT http://localhost:8080/v1/AUTH_935697089ce9463e8c1739c47616b730/gnocchi.0114ba9d-44dd-49e7-b100-52747add459d/1773360000.0_mean_300.0_v3" "tx11aa56859aa04179a7da6-0069b43b57" "proxy-server 21" 0.0114 "-" 25 0
Mar 13 16:29:11 standalone proxy-server[127105]: 172.18.0.2 ::1 13/Mar/2026/16/29/11 PUT /v1/AUTH_935697089ce9463e8c1739c47616b730/gnocchi.0114ba9d-44dd-49e7-b100-52747add459d/1773360000.0_mean_300.0_v3 HTTP/1.0 201 - python-swiftclient-3.11.1 gAAAAABptDsXUp2K... 16 - - tx11aa56859aa04179a7da6-0069b43b57 - 0.0188 - - 1773419351.397438049 1773419351.416274071 0
Mar 13 16:29:11 standalone container-server[125044]: 172.20.0.100 - - [13/Mar/2026:16:29:11 +0000] "PUT /d1/129/AUTH_935697089ce9463e8c1739c47616b730/gnocchi.0114ba9d-44dd-49e7-b100-52747add459d/none_v3" 201 - "PUT http://localhost:8080/d1/579/AUTH_935697089ce9463e8c1739c47616b730/gnocchi.0114ba9d-44dd-49e7-b100-52747add459d/none_v3" "tx28398ebd0da1483494bf4-0069b43b57" "object-server 24" 0.0006 "-" 23 0
Mar 13 16:29:11 standalone object-server[125349]: 172.20.0.100 - - [13/Mar/2026:16:29:11 +0000] "PUT /d1/579/AUTH_935697089ce9463e8c1739c47616b730/gnocchi.0114ba9d-44dd-49e7-b100-52747add459d/none_v3" 201 - "PUT http://localhost:8080/v1/AUTH_935697089ce9463e8c1739c47616b730/gnocchi.0114ba9d-44dd-49e7-b100-52747add459d/none_v3" "tx28398ebd0da1483494bf4-0069b43b57" "proxy-server 21" 0.0114 "-" 24 0
Mar 13 16:29:11 standalone proxy-server[127105]: 172.18.0.2 ::1 13/Mar/2026/16/29/11 PUT /v1/AUTH_935697089ce9463e8c1739c47616b730/gnocchi.0114ba9d-44dd-49e7-b100-52747add459d/none_v3 HTTP/1.0 201 - python-swiftclient-3.11.1 gAAAAABptDsXUp2K... 22 - - tx28398ebd0da1483494bf4-0069b43b57 - 0.0206 - - 1773419351.421192884 1773419351.441794872 0
Mar 13 16:29:11 standalone container-server[125036]: 172.20.0.100 - - [13/Mar/2026:16:29:11 +0000] "HEAD /d1/828/AUTH_935697089ce9463e8c1739c47616b730/gnocchi.36dc8afd-fa10-46cc-b4c4-fcbbc63e4729" 404 - "HEAD http://localhost:8080/v1/AUTH_935697089ce9463e8c1739c47616b730/gnocchi.36dc8afd-fa10-46cc-b4c4-fcbbc63e4729?format=json&states=listing" "tx79d6339b6d364bc8b878e-0069b43b57" "proxy-server 21" 0.0005 "-" 21 0
Mar 13 16:29:11 standalone object-server[125349]: 172.20.0.100 - - [13/Mar/2026:16:29:11 +0000] "GET /d1/667/AUTH_935697089ce9463e8c1739c47616b730/gnocchi.36dc8afd-fa10-46cc-b4c4-fcbbc63e4729/none_v3" 404 70 "GET http://localhost:8080/v1/AUTH_935697089ce9463e8c1739c47616b730/gnocchi.36dc8afd-fa10-46cc-b4c4-fcbbc63e4729/none_v3" "tx79d6339b6d364bc8b878e-0069b43b57" "proxy-server 21" 0.0005 "-" 24 0
Mar 13 16:29:11 standalone proxy-server[127105]: 172.18.0.2 ::1 13/Mar/2026/16/29/11 GET /v1/AUTH_935697089ce9463e8c1739c47616b730/gnocchi.36dc8afd-fa10-46cc-b4c4-fcbbc63e4729/none_v3 HTTP/1.0 404 - python-swiftclient-3.11.1 gAAAAABptDsXUp2K... - 70 - tx79d6339b6d364bc8b878e-0069b43b57 - 0.0147 - - 1773419351.461350679 1773419351.476048946 0
Mar 13 16:29:11 standalone account-server[124871]: 172.20.0.100 - - [13/Mar/2026:16:29:11 +0000] "PUT /d1/322/AUTH_935697089ce9463e8c1739c47616b730/gnocchi.36dc8afd-fa10-46cc-b4c4-fcbbc63e4729" 201 - "PUT http://172.20.0.100:6001/d1/828/AUTH_935697089ce9463e8c1739c47616b730/gnocchi.36dc8afd-fa10-46cc-b4c4-fcbbc63e4729" "txf12f5b12c308486bb1dea-0069b43b57" "container-server 20" 0.0104 "-" 22 0
Mar 13 16:29:11 standalone container-server[125032]: 172.20.0.100 - - [13/Mar/2026:16:29:11 +0000] "PUT /d1/828/AUTH_935697089ce9463e8c1739c47616b730/gnocchi.36dc8afd-fa10-46cc-b4c4-fcbbc63e4729" 201 - "PUT http://localhost:8080/v1/AUTH_935697089ce9463e8c1739c47616b730/gnocchi.36dc8afd-fa10-46cc-b4c4-fcbbc63e4729" "txf12f5b12c308486bb1dea-0069b43b57" "proxy-server 21" 0.0348 "-" 20 0
Mar 13 16:29:11 standalone proxy-server[127105]: 172.18.0.2 ::1 13/Mar/2026/16/29/11 PUT /v1/AUTH_935697089ce9463e8c1739c47616b730/gnocchi.36dc8afd-fa10-46cc-b4c4-fcbbc63e4729 HTTP/1.0 201 - python-swiftclient-3.11.1 gAAAAABptDsXUp2K... - - - txf12f5b12c308486bb1dea-0069b43b57 - 0.0420 - - 1773419351.481028557 1773419351.523071766 0
Mar 13 16:29:11 standalone container-server[125044]: 172.20.0.100 - - [13/Mar/2026:16:29:11 +0000] "HEAD /d1/828/AUTH_935697089ce9463e8c1739c47616b730/gnocchi.36dc8afd-fa10-46cc-b4c4-fcbbc63e4729" 204 - "HEAD http://localhost:8080/v1/AUTH_935697089ce9463e8c1739c47616b730/gnocchi.36dc8afd-fa10-46cc-b4c4-fcbbc63e4729?format=json&states=listing" "txa1a48e7f5c594104925b7-0069b43b57" "proxy-server 21" 0.0018 "-" 23 0
Mar 13 16:29:11 standalone proxy-server[127105]: - - 13/Mar/2026/16/29/11 HEAD /v1/AUTH_935697089ce9463e8c1739c47616b730/gnocchi.36dc8afd-fa10-46cc-b4c4-fcbbc63e4729%3Fformat%3Djson%26states%3Dlisting HTTP/1.0 204 - Swift - - - - txa1a48e7f5c594104925b7-0069b43b57 - 0.0066 RL - 1773419351.534566879 1773419351.541125298 0
Mar 13 16:29:11 standalone container-server[125043]: 172.20.0.100 - - [13/Mar/2026:16:29:11 +0000] "GET /d1/828/AUTH_935697089ce9463e8c1739c47616b730/gnocchi.36dc8afd-fa10-46cc-b4c4-fcbbc63e4729" 200 2 "GET http://localhost:8080/v1/AUTH_935697089ce9463e8c1739c47616b730/gnocchi.36dc8afd-fa10-46cc-b4c4-fcbbc63e4729?format=json&states=listing" "txa1a48e7f5c594104925b7-0069b43b57" "proxy-server 21" 0.0036 "-" 22 0
Mar 13 16:29:11 standalone proxy-server[127105]: 172.18.0.2 ::1 13/Mar/2026/16/29/11 GET /v1/AUTH_935697089ce9463e8c1739c47616b730/gnocchi.36dc8afd-fa10-46cc-b4c4-fcbbc63e4729%3Fformat%3Djson%26states%3Dlisting HTTP/1.0 200 - python-swiftclient-3.11.1 gAAAAABptDsXUp2K... - 2 - txa1a48e7f5c594104925b7-0069b43b57 - 0.0221 - - 1773419351.532175541 1773419351.554301023 0
Mar 13 16:29:11 standalone object-server[125340]: 172.20.0.100 - - [13/Mar/2026:16:29:11 +0000] "GET /d1/744/AUTH_935697089ce9463e8c1739c47616b730/gnocchi.36dc8afd-fa10-46cc-b4c4-fcbbc63e4729/1773360000.0_mean_300.0_v3" 404 70 "GET http://localhost:8080/v1/AUTH_935697089ce9463e8c1739c47616b730/gnocchi.36dc8afd-fa10-46cc-b4c4-fcbbc63e4729/1773360000.0_mean_300.0_v3" "tx8a9aa88083414b388a047-0069b43b57" "proxy-server 21" 0.0005 "-" 23 0
Mar 13 16:29:11 standalone proxy-server[127105]: 172.18.0.2 ::1 13/Mar/2026/16/29/11 GET /v1/AUTH_935697089ce9463e8c1739c47616b730/gnocchi.36dc8afd-fa10-46cc-b4c4-fcbbc63e4729/1773360000.0_mean_300.0_v3 HTTP/1.0 404 - python-swiftclient-3.11.1 gAAAAABptDsXUp2K... - 70 - tx8a9aa88083414b388a047-0069b43b57 - 0.0133 - - 1773419351.566867828 1773419351.580151558 0
Mar 13 16:29:11 standalone container-server[125043]: 172.20.0.100 - - [13/Mar/2026:16:29:11 +0000] "PUT /d1/828/AUTH_935697089ce9463e8c1739c47616b730/gnocchi.36dc8afd-fa10-46cc-b4c4-fcbbc63e4729/1773360000.0_mean_300.0_v3" 201 - "PUT http://localhost:8080/d1/744/AUTH_935697089ce9463e8c1739c47616b730/gnocchi.36dc8afd-fa10-46cc-b4c4-fcbbc63e4729/1773360000.0_mean_300.0_v3" "txcdcdccf7dfa6458ead334-0069b43b57" "object-server 25" 0.0008 "-" 22 0
Mar 13 16:29:11 standalone object-server[125358]: 172.20.0.100 - - [13/Mar/2026:16:29:11 +0000] "PUT /d1/744/AUTH_935697089ce9463e8c1739c47616b730/gnocchi.36dc8afd-fa10-46cc-b4c4-fcbbc63e4729/1773360000.0_mean_300.0_v3" 201 - "PUT http://localhost:8080/v1/AUTH_935697089ce9463e8c1739c47616b730/gnocchi.36dc8afd-fa10-46cc-b4c4-fcbbc63e4729/1773360000.0_mean_300.0_v3" "txcdcdccf7dfa6458ead334-0069b43b57" "proxy-server 21" 0.0165 "-" 25 0
Mar 13 16:29:11 standalone proxy-server[127105]: 172.18.0.2 ::1 13/Mar/2026/16/29/11 PUT /v1/AUTH_935697089ce9463e8c1739c47616b730/gnocchi.36dc8afd-fa10-46cc-b4c4-fcbbc63e4729/1773360000.0_mean_300.0_v3 HTTP/1.0 201 - python-swiftclient-3.11.1 gAAAAABptDsXUp2K... 16 - - txcdcdccf7dfa6458ead334-0069b43b57 - 0.0250 - - 1773419351.585783005 1773419351.610806704 0
Mar 13 16:29:11 standalone container-server[125032]: 172.20.0.100 - - [13/Mar/2026:16:29:11 +0000] "PUT /d1/828/AUTH_935697089ce9463e8c1739c47616b730/gnocchi.36dc8afd-fa10-46cc-b4c4-fcbbc63e4729/none_v3" 201 - "PUT http://localhost:8080/d1/667/AUTH_935697089ce9463e8c1739c47616b730/gnocchi.36dc8afd-fa10-46cc-b4c4-fcbbc63e4729/none_v3" "tx1e025f3269de48a199730-0069b43b57" "object-server 24" 0.0006 "-" 20 0
Mar 13 16:29:11 standalone object-server[125349]: 172.20.0.100 - - [13/Mar/2026:16:29:11 +0000] "PUT /d1/667/AUTH_935697089ce9463e8c1739c47616b730/gnocchi.36dc8afd-fa10-46cc-b4c4-fcbbc63e4729/none_v3" 201 - "PUT http://localhost:8080/v1/AUTH_935697089ce9463e8c1739c47616b730/gnocchi.36dc8afd-fa10-46cc-b4c4-fcbbc63e4729/none_v3" "tx1e025f3269de48a199730-0069b43b57" "proxy-server 21" 0.0105 "-" 24 0
Mar 13 16:29:11 standalone proxy-server[127105]: 172.18.0.2 ::1 13/Mar/2026/16/29/11 PUT /v1/AUTH_935697089ce9463e8c1739c47616b730/gnocchi.36dc8afd-fa10-46cc-b4c4-fcbbc63e4729/none_v3 HTTP/1.0 201 - python-swiftclient-3.11.1 gAAAAABptDsXUp2K... 22 - - tx1e025f3269de48a199730-0069b43b57 - 0.0185 - - 1773419351.615767956 1773419351.634278297 0
Mar 13 16:29:15 standalone container-server[125036]: 172.20.0.100 - - [13/Mar/2026:16:29:15 +0000] "HEAD /d1/6/AUTH_935697089ce9463e8c1739c47616b730/gnocchi.2fdcaa4f-2d5d-4ec8-92e5-8b259e403070" 404 - "HEAD http://localhost:8080/v1/AUTH_935697089ce9463e8c1739c47616b730/gnocchi.2fdcaa4f-2d5d-4ec8-92e5-8b259e403070?format=json&states=listing" "tx053372f05b3b4107bab22-0069b43b5b" "proxy-server 21" 0.0009 "-" 21 0
Mar 13 16:29:15 standalone object-server[125358]: 172.20.0.100 - - [13/Mar/2026:16:29:15 +0000] "GET /d1/867/AUTH_935697089ce9463e8c1739c47616b730/gnocchi.2fdcaa4f-2d5d-4ec8-92e5-8b259e403070/none_v3" 404 70 "GET http://localhost:8080/v1/AUTH_935697089ce9463e8c1739c47616b730/gnocchi.2fdcaa4f-2d5d-4ec8-92e5-8b259e403070/none_v3" "tx053372f05b3b4107bab22-0069b43b5b" "proxy-server 21" 0.0005 "-" 25 0
Mar 13 16:29:15 standalone proxy-server[127105]: 172.18.0.2 ::1 13/Mar/2026/16/29/15 GET /v1/AUTH_935697089ce9463e8c1739c47616b730/gnocchi.2fdcaa4f-2d5d-4ec8-92e5-8b259e403070/none_v3 HTTP/1.0 404 - python-swiftclient-3.11.1 gAAAAABptDsXUp2K... - 70 - tx053372f05b3b4107bab22-0069b43b5b - 0.0166 - - 1773419355.554327965 1773419355.570952415 0
Mar 13 16:29:15 standalone account-server[124878]: 172.20.0.100 - - [13/Mar/2026:16:29:15 +0000] "PUT /d1/322/AUTH_935697089ce9463e8c1739c47616b730/gnocchi.2fdcaa4f-2d5d-4ec8-92e5-8b259e403070" 201 - "PUT http://172.20.0.100:6001/d1/6/AUTH_935697089ce9463e8c1739c47616b730/gnocchi.2fdcaa4f-2d5d-4ec8-92e5-8b259e403070" "tx3ec7ed96fd2743cf97588-0069b43b5b" "container-server 20" 0.0094 "-" 23 0
Mar 13 16:29:15 standalone container-server[125032]: 172.20.0.100 - - [13/Mar/2026:16:29:15 +0000] "PUT /d1/6/AUTH_935697089ce9463e8c1739c47616b730/gnocchi.2fdcaa4f-2d5d-4ec8-92e5-8b259e403070" 201 - "PUT http://localhost:8080/v1/AUTH_935697089ce9463e8c1739c47616b730/gnocchi.2fdcaa4f-2d5d-4ec8-92e5-8b259e403070" "tx3ec7ed96fd2743cf97588-0069b43b5b" "proxy-server 21" 0.0293 "-" 20 0
Mar 13 16:29:15 standalone proxy-server[127105]: 172.18.0.2 ::1 13/Mar/2026/16/29/15 PUT /v1/AUTH_935697089ce9463e8c1739c47616b730/gnocchi.2fdcaa4f-2d5d-4ec8-92e5-8b259e403070 HTTP/1.0 201 - python-swiftclient-3.11.1 gAAAAABptDsXUp2K... - - - tx3ec7ed96fd2743cf97588-0069b43b5b - 0.0396 - - 1773419355.577551126 1773419355.617182255 0
