Mar 13 16:29:15 standalone container-server[125036]: 172.20.0.100 - - [13/Mar/2026:16:29:15 +0000] "HEAD /d1/6/AUTH_935697089ce9463e8c1739c47616b730/gnocchi.2fdcaa4f-2d5d-4ec8-92e5-8b259e403070" 204 - "HEAD http://localhost:8080/v1/AUTH_935697089ce9463e8c1739c47616b730/gnocchi.2fdcaa4f-2d5d-4ec8-92e5-8b259e403070?format=json&states=listing" "txe46bd2bc81d94ca7921d2-0069b43b5b" "proxy-server 21" 0.0024 "-" 21 0
Mar 13 16:29:15 standalone proxy-server[127105]: - - 13/Mar/2026/16/29/15 HEAD /v1/AUTH_935697089ce9463e8c1739c47616b730/gnocchi.2fdcaa4f-2d5d-4ec8-92e5-8b259e403070%3Fformat%3Djson%26states%3Dlisting HTTP/1.0 204 - Swift - - - - txe46bd2bc81d94ca7921d2-0069b43b5b - 0.0101 RL - 1773419355.625045061 1773419355.635133505 0
Mar 13 16:29:15 standalone container-server[125032]: 172.20.0.100 - - [13/Mar/2026:16:29:15 +0000] "GET /d1/6/AUTH_935697089ce9463e8c1739c47616b730/gnocchi.2fdcaa4f-2d5d-4ec8-92e5-8b259e403070" 200 2 "GET http://localhost:8080/v1/AUTH_935697089ce9463e8c1739c47616b730/gnocchi.2fdcaa4f-2d5d-4ec8-92e5-8b259e403070?format=json&states=listing" "txe46bd2bc81d94ca7921d2-0069b43b5b" "proxy-server 21" 0.0053 "-" 20 0
Mar 13 16:29:15 standalone proxy-server[127105]: 172.18.0.2 ::1 13/Mar/2026/16/29/15 GET /v1/AUTH_935697089ce9463e8c1739c47616b730/gnocchi.2fdcaa4f-2d5d-4ec8-92e5-8b259e403070%3Fformat%3Djson%26states%3Dlisting HTTP/1.0 200 - python-swiftclient-3.11.1 gAAAAABptDsXUp2K... - 2 - txe46bd2bc81d94ca7921d2-0069b43b5b - 0.0329 - - 1773419355.622989893 1773419355.655860424 0
Mar 13 16:29:15 standalone object-server[125358]: 172.20.0.100 - - [13/Mar/2026:16:29:15 +0000] "GET /d1/628/AUTH_935697089ce9463e8c1739c47616b730/gnocchi.2fdcaa4f-2d5d-4ec8-92e5-8b259e403070/1773360000.0_mean_300.0_v3" 404 70 "GET http://localhost:8080/v1/AUTH_935697089ce9463e8c1739c47616b730/gnocchi.2fdcaa4f-2d5d-4ec8-92e5-8b259e403070/1773360000.0_mean_300.0_v3" "tx5ec536b49b0f409c91f7b-0069b43b5b" "proxy-server 21" 0.0008 "-" 25 0
Mar 13 16:29:15 standalone proxy-server[127105]: 172.18.0.2 ::1 13/Mar/2026/16/29/15 GET /v1/AUTH_935697089ce9463e8c1739c47616b730/gnocchi.2fdcaa4f-2d5d-4ec8-92e5-8b259e403070/1773360000.0_mean_300.0_v3 HTTP/1.0 404 - python-swiftclient-3.11.1 gAAAAABptDsXUp2K... - 70 - tx5ec536b49b0f409c91f7b-0069b43b5b - 0.0106 - - 1773419355.661789417 1773419355.672364235 0
Mar 13 16:29:15 standalone container-server[125036]: 172.20.0.100 - - [13/Mar/2026:16:29:15 +0000] "PUT /d1/6/AUTH_935697089ce9463e8c1739c47616b730/gnocchi.2fdcaa4f-2d5d-4ec8-92e5-8b259e403070/1773360000.0_mean_300.0_v3" 201 - "PUT http://localhost:8080/d1/628/AUTH_935697089ce9463e8c1739c47616b730/gnocchi.2fdcaa4f-2d5d-4ec8-92e5-8b259e403070/1773360000.0_mean_300.0_v3" "txb6addb7aa9a04c3da548b-0069b43b5b" "object-server 22" 0.0009 "-" 21 0
Mar 13 16:29:15 standalone object-server[125329]: 172.20.0.100 - - [13/Mar/2026:16:29:15 +0000] "PUT /d1/628/AUTH_935697089ce9463e8c1739c47616b730/gnocchi.2fdcaa4f-2d5d-4ec8-92e5-8b259e403070/1773360000.0_mean_300.0_v3" 201 - "PUT http://localhost:8080/v1/AUTH_935697089ce9463e8c1739c47616b730/gnocchi.2fdcaa4f-2d5d-4ec8-92e5-8b259e403070/1773360000.0_mean_300.0_v3" "txb6addb7aa9a04c3da548b-0069b43b5b" "proxy-server 21" 0.0193 "-" 22 0
Mar 13 16:29:15 standalone proxy-server[127105]: 172.18.0.2 ::1 13/Mar/2026/16/29/15 PUT /v1/AUTH_935697089ce9463e8c1739c47616b730/gnocchi.2fdcaa4f-2d5d-4ec8-92e5-8b259e403070/1773360000.0_mean_300.0_v3 HTTP/1.0 201 - python-swiftclient-3.11.1 gAAAAABptDsXUp2K... 16 - - txb6addb7aa9a04c3da548b-0069b43b5b - 0.0301 - - 1773419355.676688433 1773419355.706792593 0
Mar 13 16:29:15 standalone container-server[125043]: 172.20.0.100 - - [13/Mar/2026:16:29:15 +0000] "PUT /d1/6/AUTH_935697089ce9463e8c1739c47616b730/gnocchi.2fdcaa4f-2d5d-4ec8-92e5-8b259e403070/none_v3" 201 - "PUT http://localhost:8080/d1/867/AUTH_935697089ce9463e8c1739c47616b730/gnocchi.2fdcaa4f-2d5d-4ec8-92e5-8b259e403070/none_v3" "txcf5da1c9d65b422198e0a-0069b43b5b" "object-server 24" 0.0008 "-" 22 0
Mar 13 16:29:15 standalone object-server[125349]: 172.20.0.100 - - [13/Mar/2026:16:29:15 +0000] "PUT /d1/867/AUTH_935697089ce9463e8c1739c47616b730/gnocchi.2fdcaa4f-2d5d-4ec8-92e5-8b259e403070/none_v3" 201 - "PUT http://localhost:8080/v1/AUTH_935697089ce9463e8c1739c47616b730/gnocchi.2fdcaa4f-2d5d-4ec8-92e5-8b259e403070/none_v3" "txcf5da1c9d65b422198e0a-0069b43b5b" "proxy-server 21" 0.0112 "-" 24 0
Mar 13 16:29:15 standalone proxy-server[127105]: 172.18.0.2 ::1 13/Mar/2026/16/29/15 PUT /v1/AUTH_935697089ce9463e8c1739c47616b730/gnocchi.2fdcaa4f-2d5d-4ec8-92e5-8b259e403070/none_v3 HTTP/1.0 201 - python-swiftclient-3.11.1 gAAAAABptDsXUp2K... 22 - - txcf5da1c9d65b422198e0a-0069b43b5b - 0.0222 - - 1773419355.711058855 1773419355.733261824 0
Mar 13 16:29:15 standalone container-server[125044]: 172.20.0.100 - - [13/Mar/2026:16:29:15 +0000] "HEAD /d1/65/AUTH_935697089ce9463e8c1739c47616b730/gnocchi.f810c1af-ba81-4ec9-8662-6e362fb915e3" 404 - "HEAD http://localhost:8080/v1/AUTH_935697089ce9463e8c1739c47616b730/gnocchi.f810c1af-ba81-4ec9-8662-6e362fb915e3?format=json&states=listing" "tx4e79601500d4433391916-0069b43b5b" "proxy-server 21" 0.0009 "-" 23 0
Mar 13 16:29:15 standalone object-server[125340]: 172.20.0.100 - - [13/Mar/2026:16:29:15 +0000] "GET /d1/225/AUTH_935697089ce9463e8c1739c47616b730/gnocchi.f810c1af-ba81-4ec9-8662-6e362fb915e3/none_v3" 404 70 "GET http://localhost:8080/v1/AUTH_935697089ce9463e8c1739c47616b730/gnocchi.f810c1af-ba81-4ec9-8662-6e362fb915e3/none_v3" "tx4e79601500d4433391916-0069b43b5b" "proxy-server 21" 0.0005 "-" 23 0
Mar 13 16:29:15 standalone proxy-server[127105]: 172.18.0.2 ::1 13/Mar/2026/16/29/15 GET /v1/AUTH_935697089ce9463e8c1739c47616b730/gnocchi.f810c1af-ba81-4ec9-8662-6e362fb915e3/none_v3 HTTP/1.0 404 - python-swiftclient-3.11.1 gAAAAABptDsXUp2K... - 70 - tx4e79601500d4433391916-0069b43b5b - 0.0214 - - 1773419355.745701075 1773419355.767111063 0
Mar 13 16:29:15 standalone account-server[124878]: 172.20.0.100 - - [13/Mar/2026:16:29:15 +0000] "PUT /d1/322/AUTH_935697089ce9463e8c1739c47616b730/gnocchi.f810c1af-ba81-4ec9-8662-6e362fb915e3" 201 - "PUT http://172.20.0.100:6001/d1/65/AUTH_935697089ce9463e8c1739c47616b730/gnocchi.f810c1af-ba81-4ec9-8662-6e362fb915e3" "txd11f02df35a14dc3b5bd9-0069b43b5b" "container-server 21" 0.0084 "-" 23 0
Mar 13 16:29:15 standalone container-server[125036]: 172.20.0.100 - - [13/Mar/2026:16:29:15 +0000] "PUT /d1/65/AUTH_935697089ce9463e8c1739c47616b730/gnocchi.f810c1af-ba81-4ec9-8662-6e362fb915e3" 201 - "PUT http://localhost:8080/v1/AUTH_935697089ce9463e8c1739c47616b730/gnocchi.f810c1af-ba81-4ec9-8662-6e362fb915e3" "txd11f02df35a14dc3b5bd9-0069b43b5b" "proxy-server 21" 0.0273 "-" 21 0
Mar 13 16:29:15 standalone proxy-server[127105]: 172.18.0.2 ::1 13/Mar/2026/16/29/15 PUT /v1/AUTH_935697089ce9463e8c1739c47616b730/gnocchi.f810c1af-ba81-4ec9-8662-6e362fb915e3 HTTP/1.0 201 - python-swiftclient-3.11.1 gAAAAABptDsXUp2K... - - - txd11f02df35a14dc3b5bd9-0069b43b5b - 0.0384 - - 1773419355.771303892 1773419355.809753418 0
Mar 13 16:29:15 standalone container-server[125032]: 172.20.0.100 - - [13/Mar/2026:16:29:15 +0000] "HEAD /d1/65/AUTH_935697089ce9463e8c1739c47616b730/gnocchi.f810c1af-ba81-4ec9-8662-6e362fb915e3" 204 - "HEAD http://localhost:8080/v1/AUTH_935697089ce9463e8c1739c47616b730/gnocchi.f810c1af-ba81-4ec9-8662-6e362fb915e3?format=json&states=listing" "tx3e1bb032397041d09644a-0069b43b5b" "proxy-server 21" 0.0027 "-" 20 0
Mar 13 16:29:15 standalone proxy-server[127105]: - - 13/Mar/2026/16/29/15 HEAD /v1/AUTH_935697089ce9463e8c1739c47616b730/gnocchi.f810c1af-ba81-4ec9-8662-6e362fb915e3%3Fformat%3Djson%26states%3Dlisting HTTP/1.0 204 - Swift - - - - tx3e1bb032397041d09644a-0069b43b5b - 0.0103 RL - 1773419355.816811323 1773419355.827092171 0
Mar 13 16:29:15 standalone container-server[125043]: 172.20.0.100 - - [13/Mar/2026:16:29:15 +0000] "GET /d1/65/AUTH_935697089ce9463e8c1739c47616b730/gnocchi.f810c1af-ba81-4ec9-8662-6e362fb915e3" 200 2 "GET http://localhost:8080/v1/AUTH_935697089ce9463e8c1739c47616b730/gnocchi.f810c1af-ba81-4ec9-8662-6e362fb915e3?format=json&states=listing" "tx3e1bb032397041d09644a-0069b43b5b" "proxy-server 21" 0.0024 "-" 22 0
Mar 13 16:29:15 standalone proxy-server[127105]: 172.18.0.2 ::1 13/Mar/2026/16/29/15 GET /v1/AUTH_935697089ce9463e8c1739c47616b730/gnocchi.f810c1af-ba81-4ec9-8662-6e362fb915e3%3Fformat%3Djson%26states%3Dlisting HTTP/1.0 200 - python-swiftclient-3.11.1 gAAAAABptDsXUp2K... - 2 - tx3e1bb032397041d09644a-0069b43b5b - 0.0257 - - 1773419355.814547062 1773419355.840198517 0
Mar 13 16:29:15 standalone object-server[125329]: 172.20.0.100 - - [13/Mar/2026:16:29:15 +0000] "GET /d1/1013/AUTH_935697089ce9463e8c1739c47616b730/gnocchi.f810c1af-ba81-4ec9-8662-6e362fb915e3/1773360000.0_mean_300.0_v3" 404 70 "GET http://localhost:8080/v1/AUTH_935697089ce9463e8c1739c47616b730/gnocchi.f810c1af-ba81-4ec9-8662-6e362fb915e3/1773360000.0_mean_300.0_v3" "tx48d0c9d058f94f48ae41b-0069b43b5b" "proxy-server 21" 0.0005 "-" 22 0
Mar 13 16:29:15 standalone proxy-server[127105]: 172.18.0.2 ::1 13/Mar/2026/16/29/15 GET /v1/AUTH_935697089ce9463e8c1739c47616b730/gnocchi.f810c1af-ba81-4ec9-8662-6e362fb915e3/1773360000.0_mean_300.0_v3 HTTP/1.0 404 - python-swiftclient-3.11.1 gAAAAABptDsXUp2K... - 70 - tx48d0c9d058f94f48ae41b-0069b43b5b - 0.0116 - - 1773419355.845534563 1773419355.857139349 0
Mar 13 16:29:15 standalone container-server[125036]: 172.20.0.100 - - [13/Mar/2026:16:29:15 +0000] "PUT /d1/65/AUTH_935697089ce9463e8c1739c47616b730/gnocchi.f810c1af-ba81-4ec9-8662-6e362fb915e3/1773360000.0_mean_300.0_v3" 201 - "PUT http://localhost:8080/d1/1013/AUTH_935697089ce9463e8c1739c47616b730/gnocchi.f810c1af-ba81-4ec9-8662-6e362fb915e3/1773360000.0_mean_300.0_v3" "txf7e06d211caa4379b36ef-0069b43b5b" "object-server 23" 0.0008 "-" 21 0
Mar 13 16:29:15 standalone object-server[125340]: 172.20.0.100 - - [13/Mar/2026:16:29:15 +0000] "PUT /d1/1013/AUTH_935697089ce9463e8c1739c47616b730/gnocchi.f810c1af-ba81-4ec9-8662-6e362fb915e3/1773360000.0_mean_300.0_v3" 201 - "PUT http://localhost:8080/v1/AUTH_935697089ce9463e8c1739c47616b730/gnocchi.f810c1af-ba81-4ec9-8662-6e362fb915e3/1773360000.0_mean_300.0_v3" "txf7e06d211caa4379b36ef-0069b43b5b" "proxy-server 21" 0.0202 "-" 23 0
Mar 13 16:29:15 standalone proxy-server[127105]: 172.18.0.2 ::1 13/Mar/2026/16/29/15 PUT /v1/AUTH_935697089ce9463e8c1739c47616b730/gnocchi.f810c1af-ba81-4ec9-8662-6e362fb915e3/1773360000.0_mean_300.0_v3 HTTP/1.0 201 - python-swiftclient-3.11.1 gAAAAABptDsXUp2K... 16 - - txf7e06d211caa4379b36ef-0069b43b5b - 0.0318 - - 1773419355.861305952 1773419355.893128633 0
Mar 13 16:29:15 standalone container-server[125044]: 172.20.0.100 - - [13/Mar/2026:16:29:15 +0000] "PUT /d1/65/AUTH_935697089ce9463e8c1739c47616b730/gnocchi.f810c1af-ba81-4ec9-8662-6e362fb915e3/none_v3" 201 - "PUT http://localhost:8080/d1/225/AUTH_935697089ce9463e8c1739c47616b730/gnocchi.f810c1af-ba81-4ec9-8662-6e362fb915e3/none_v3" "txf3e6126919f54dcaa16e9-0069b43b5b" "object-server 23" 0.0008 "-" 23 0
Mar 13 16:29:15 standalone object-server[125340]: 172.20.0.100 - - [13/Mar/2026:16:29:15 +0000] "PUT /d1/225/AUTH_935697089ce9463e8c1739c47616b730/gnocchi.f810c1af-ba81-4ec9-8662-6e362fb915e3/none_v3" 201 - "PUT http://localhost:8080/v1/AUTH_935697089ce9463e8c1739c47616b730/gnocchi.f810c1af-ba81-4ec9-8662-6e362fb915e3/none_v3" "txf3e6126919f54dcaa16e9-0069b43b5b" "proxy-server 21" 0.0192 "-" 23 0
Mar 13 16:29:15 standalone proxy-server[127105]: 172.18.0.2 ::1 13/Mar/2026/16/29/15 PUT /v1/AUTH_935697089ce9463e8c1739c47616b730/gnocchi.f810c1af-ba81-4ec9-8662-6e362fb915e3/none_v3 HTTP/1.0 201 - python-swiftclient-3.11.1 gAAAAABptDsXUp2K... 22 - - txf3e6126919f54dcaa16e9-0069b43b5b - 0.0348 - - 1773419355.897053957 1773419355.931804180 0
Mar 13 16:29:15 standalone container-server[125036]: 172.20.0.100 - - [13/Mar/2026:16:29:15 +0000] "HEAD /d1/431/AUTH_935697089ce9463e8c1739c47616b730/gnocchi.dd1deca1-12c4-4c7d-a1f0-9610c47c115c" 404 - "HEAD http://localhost:8080/v1/AUTH_935697089ce9463e8c1739c47616b730/gnocchi.dd1deca1-12c4-4c7d-a1f0-9610c47c115c?format=json&states=listing" "txc6914e728b5b4bd8b67a0-0069b43b5b" "proxy-server 21" 0.0006 "-" 21 0
Mar 13 16:29:15 standalone object-server[125329]: 172.20.0.100 - - [13/Mar/2026:16:29:15 +0000] "GET /d1/336/AUTH_935697089ce9463e8c1739c47616b730/gnocchi.dd1deca1-12c4-4c7d-a1f0-9610c47c115c/none_v3" 404 70 "GET http://localhost:8080/v1/AUTH_935697089ce9463e8c1739c47616b730/gnocchi.dd1deca1-12c4-4c7d-a1f0-9610c47c115c/none_v3" "txc6914e728b5b4bd8b67a0-0069b43b5b" "proxy-server 21" 0.0004 "-" 22 0
Mar 13 16:29:15 standalone proxy-server[127105]: 172.18.0.2 ::1 13/Mar/2026/16/29/15 GET /v1/AUTH_935697089ce9463e8c1739c47616b730/gnocchi.dd1deca1-12c4-4c7d-a1f0-9610c47c115c/none_v3 HTTP/1.0 404 - python-swiftclient-3.11.1 gAAAAABptDsXUp2K... - 70 - txc6914e728b5b4bd8b67a0-0069b43b5b - 0.0204 - - 1773419355.952233076 1773419355.972624540 0
Mar 13 16:29:16 standalone account-server[124878]: 172.20.0.100 - - [13/Mar/2026:16:29:16 +0000] "PUT /d1/322/AUTH_935697089ce9463e8c1739c47616b730/gnocchi.dd1deca1-12c4-4c7d-a1f0-9610c47c115c" 201 - "PUT http://172.20.0.100:6001/d1/431/AUTH_935697089ce9463e8c1739c47616b730/gnocchi.dd1deca1-12c4-4c7d-a1f0-9610c47c115c" "tx3cf76d63e36c451899636-0069b43b5b" "container-server 20" 0.0060 "-" 23 0
Mar 13 16:29:16 standalone container-server[125032]: 172.20.0.100 - - [13/Mar/2026:16:29:16 +0000] "PUT /d1/431/AUTH_935697089ce9463e8c1739c47616b730/gnocchi.dd1deca1-12c4-4c7d-a1f0-9610c47c115c" 201 - "PUT http://localhost:8080/v1/AUTH_935697089ce9463e8c1739c47616b730/gnocchi.dd1deca1-12c4-4c7d-a1f0-9610c47c115c" "tx3cf76d63e36c451899636-0069b43b5b" "proxy-server 21" 0.0321 "-" 20 0
Mar 13 16:29:16 standalone proxy-server[127105]: 172.18.0.2 ::1 13/Mar/2026/16/29/16 PUT /v1/AUTH_935697089ce9463e8c1739c47616b730/gnocchi.dd1deca1-12c4-4c7d-a1f0-9610c47c115c HTTP/1.0 201 - python-swiftclient-3.11.1 gAAAAABptDsXUp2K... - - - tx3cf76d63e36c451899636-0069b43b5b - 0.0425 - - 1773419355.982923985 1773419356.025423527 0
Mar 13 16:29:16 standalone container-server[125032]: 172.20.0.100 - - [13/Mar/2026:16:29:16 +0000] "HEAD /d1/431/AUTH_935697089ce9463e8c1739c47616b730/gnocchi.dd1deca1-12c4-4c7d-a1f0-9610c47c115c" 204 - "HEAD http://localhost:8080/v1/AUTH_935697089ce9463e8c1739c47616b730/gnocchi.dd1deca1-12c4-4c7d-a1f0-9610c47c115c?format=json&states=listing" "tx9319f08c62d04bcb81dbc-0069b43b5c" "proxy-server 21" 0.0024 "-" 20 0
Mar 13 16:29:16 standalone proxy-server[127105]: - - 13/Mar/2026/16/29/16 HEAD /v1/AUTH_935697089ce9463e8c1739c47616b730/gnocchi.dd1deca1-12c4-4c7d-a1f0-9610c47c115c%3Fformat%3Djson%26states%3Dlisting HTTP/1.0 204 - Swift - - - - tx9319f08c62d04bcb81dbc-0069b43b5c - 0.0073 RL - 1773419356.032107353 1773419356.039381504 0
Mar 13 16:29:16 standalone container-server[125036]: 172.20.0.100 - - [13/Mar/2026:16:29:16 +0000] "GET /d1/431/AUTH_935697089ce9463e8c1739c47616b730/gnocchi.dd1deca1-12c4-4c7d-a1f0-9610c47c115c" 200 2 "GET http://localhost:8080/v1/AUTH_935697089ce9463e8c1739c47616b730/gnocchi.dd1deca1-12c4-4c7d-a1f0-9610c47c115c?format=json&states=listing" "tx9319f08c62d04bcb81dbc-0069b43b5c" "proxy-server 21" 0.0036 "-" 21 0
Mar 13 16:29:16 standalone proxy-server[127105]: 172.18.0.2 ::1 13/Mar/2026/16/29/16 GET /v1/AUTH_935697089ce9463e8c1739c47616b730/gnocchi.dd1deca1-12c4-4c7d-a1f0-9610c47c115c%3Fformat%3Djson%26states%3Dlisting HTTP/1.0 200 - python-swiftclient-3.11.1 gAAAAABptDsXUp2K... - 2 - tx9319f08c62d04bcb81dbc-0069b43b5c - 0.0217 - - 1773419356.030893326 1773419356.052606583 0
Mar 13 16:29:16 standalone object-server[125329]: 172.20.0.100 - - [13/Mar/2026:16:29:16 +0000] "GET /d1/628/AUTH_935697089ce9463e8c1739c47616b730/gnocchi.dd1deca1-12c4-4c7d-a1f0-9610c47c115c/1773360000.0_mean_300.0_v3" 404 70 "GET http://localhost:8080/v1/AUTH_935697089ce9463e8c1739c47616b730/gnocchi.dd1deca1-12c4-4c7d-a1f0-9610c47c115c/1773360000.0_mean_300.0_v3" "txadcff256be6f439ab75c6-0069b43b5c" "proxy-server 21" 0.0005 "-" 22 0
Mar 13 16:29:16 standalone proxy-server[127105]: 172.18.0.2 ::1 13/Mar/2026/16/29/16 GET /v1/AUTH_935697089ce9463e8c1739c47616b730/gnocchi.dd1deca1-12c4-4c7d-a1f0-9610c47c115c/1773360000.0_mean_300.0_v3 HTTP/1.0 404 - python-swiftclient-3.11.1 gAAAAABptDsXUp2K... - 70 - txadcff256be6f439ab75c6-0069b43b5c - 0.0108 - - 1773419356.059130192 1773419356.069907904 0
Mar 13 16:29:16 standalone container-server[125043]: 172.20.0.100 - - [13/Mar/2026:16:29:16 +0000] "PUT /d1/431/AUTH_935697089ce9463e8c1739c47616b730/gnocchi.dd1deca1-12c4-4c7d-a1f0-9610c47c115c/1773360000.0_mean_300.0_v3" 201 - "PUT http://localhost:8080/d1/628/AUTH_935697089ce9463e8c1739c47616b730/gnocchi.dd1deca1-12c4-4c7d-a1f0-9610c47c115c/1773360000.0_mean_300.0_v3" "txaedf50a3a0304205a70da-0069b43b5c" "object-server 23" 0.0006 "-" 22 0
Mar 13 16:29:16 standalone object-server[125340]: 172.20.0.100 - - [13/Mar/2026:16:29:16 +0000] "PUT /d1/628/AUTH_935697089ce9463e8c1739c47616b730/gnocchi.dd1deca1-12c4-4c7d-a1f0-9610c47c115c/1773360000.0_mean_300.0_v3" 201 - "PUT http://localhost:8080/v1/AUTH_935697089ce9463e8c1739c47616b730/gnocchi.dd1deca1-12c4-4c7d-a1f0-9610c47c115c/1773360000.0_mean_300.0_v3" "txaedf50a3a0304205a70da-0069b43b5c" "proxy-server 21" 0.0131 "-" 23 0
Mar 13 16:29:16 standalone proxy-server[127105]: 172.18.0.2 ::1 13/Mar/2026/16/29/16 PUT /v1/AUTH_935697089ce9463e8c1739c47616b730/gnocchi.dd1deca1-12c4-4c7d-a1f0-9610c47c115c/1773360000.0_mean_300.0_v3 HTTP/1.0 201 - python-swiftclient-3.11.1 gAAAAABptDsXUp2K... 16 - - txaedf50a3a0304205a70da-0069b43b5c - 0.0214 - - 1773419356.084027290 1773419356.105402946 0
Mar 13 16:29:16 standalone container-server[125044]: 172.20.0.100 - - [13/Mar/2026:16:29:16 +0000] "PUT /d1/431/AUTH_935697089ce9463e8c1739c47616b730/gnocchi.dd1deca1-12c4-4c7d-a1f0-9610c47c115c/none_v3" 201 - "PUT http://localhost:8080/d1/336/AUTH_935697089ce9463e8c1739c47616b730/gnocchi.dd1deca1-12c4-4c7d-a1f0-9610c47c115c/none_v3" "tx39f6c13acc1245989ce82-0069b43b5c" "object-server 23" 0.0011 "-" 23 0
Mar 13 16:29:16 standalone object-server[125340]: 172.20.0.100 - - [13/Mar/2026:16:29:16 +0000] "PUT /d1/336/AUTH_935697089ce9463e8c1739c47616b730/gnocchi.dd1deca1-12c4-4c7d-a1f0-9610c47c115c/none_v3" 201 - "PUT http://localhost:8080/v1/AUTH_935697089ce9463e8c1739c47616b730/gnocchi.dd1deca1-12c4-4c7d-a1f0-9610c47c115c/none_v3" "tx39f6c13acc1245989ce82-0069b43b5c" "proxy-server 21" 0.0117 "-" 23 0
Mar 13 16:29:16 standalone proxy-server[127105]: 172.18.0.2 ::1 13/Mar/2026/16/29/16 PUT /v1/AUTH_935697089ce9463e8c1739c47616b730/gnocchi.dd1deca1-12c4-4c7d-a1f0-9610c47c115c/none_v3 HTTP/1.0 201 - python-swiftclient-3.11.1 gAAAAABptDsXUp2K... 22 - - tx39f6c13acc1245989ce82-0069b43b5c - 0.0188 - - 1773419356.110167980 1773419356.128952742 0
Mar 13 16:29:16 standalone container-server[125032]: 172.20.0.100 - - [13/Mar/2026:16:29:16 +0000] "HEAD /d1/997/AUTH_935697089ce9463e8c1739c47616b730/gnocchi.323fc6d5-b730-4963-bf31-04cda271120b" 404 - "HEAD http://localhost:8080/v1/AUTH_935697089ce9463e8c1739c47616b730/gnocchi.323fc6d5-b730-4963-bf31-04cda271120b?format=json&states=listing" "txcd8bcade4ac34fad91b28-0069b43b5c" "proxy-server 21" 0.0009 "-" 20 0
Mar 13 16:29:16 standalone object-server[125358]: 172.20.0.100 - - [13/Mar/2026:16:29:16 +0000] "GET /d1/471/AUTH_935697089ce9463e8c1739c47616b730/gnocchi.323fc6d5-b730-4963-bf31-04cda271120b/none_v3" 404 70 "GET http://localhost:8080/v1/AUTH_935697089ce9463e8c1739c47616b730/gnocchi.323fc6d5-b730-4963-bf31-04cda271120b/none_v3" "txcd8bcade4ac34fad91b28-0069b43b5c" "proxy-server 21" 0.0009 "-" 25 0
Mar 13 16:29:16 standalone proxy-server[127105]: 172.18.0.2 ::1 13/Mar/2026/16/29/16 GET /v1/AUTH_935697089ce9463e8c1739c47616b730/gnocchi.323fc6d5-b730-4963-bf31-04cda271120b/none_v3 HTTP/1.0 404 - python-swiftclient-3.11.1 gAAAAABptDsXUp2K... - 70 - txcd8bcade4ac34fad91b28-0069b43b5c - 0.0182 - - 1773419356.149142265 1773419356.167369127 0
Mar 13 16:29:16 standalone account-server[124878]: 172.20.0.100 - - [13/Mar/2026:16:29:16 +0000] "PUT /d1/322/AUTH_935697089ce9463e8c1739c47616b730/gnocchi.323fc6d5-b730-4963-bf31-04cda271120b" 201 - "PUT http://172.20.0.100:6001/d1/997/AUTH_935697089ce9463e8c1739c47616b730/gnocchi.323fc6d5-b730-4963-bf31-04cda271120b" "txac1a181891b54fbfa2cc8-0069b43b5c" "container-server 23" 0.0059 "-" 23 0
Mar 13 16:29:16 standalone container-server[125044]: 172.20.0.100 - - [13/Mar/2026:16:29:16 +0000] "PUT /d1/997/AUTH_935697089ce9463e8c1739c47616b730/gnocchi.323fc6d5-b730-4963-bf31-04cda271120b" 201 - "PUT http://localhost:8080/v1/AUTH_935697089ce9463e8c1739c47616b730/gnocchi.323fc6d5-b730-4963-bf31-04cda271120b" "txac1a181891b54fbfa2cc8-0069b43b5c" "proxy-server 21" 0.0282 "-" 23 0
Mar 13 16:29:16 standalone proxy-server[127105]: 172.18.0.2 ::1 13/Mar/2026/16/29/16 PUT /v1/AUTH_935697089ce9463e8c1739c47616b730/gnocchi.323fc6d5-b730-4963-bf31-04cda271120b HTTP/1.0 201 - python-swiftclient-3.11.1 gAAAAABptDsXUp2K... - - - txac1a181891b54fbfa2cc8-0069b43b5c - 0.0395 - - 1773419356.172519922 1773419356.212025166 0
Mar 13 16:29:16 standalone container-server[125036]: 172.20.0.100 - - [13/Mar/2026:16:29:16 +0000] "HEAD /d1/997/AUTH_935697089ce9463e8c1739c47616b730/gnocchi.323fc6d5-b730-4963-bf31-04cda271120b" 204 - "HEAD http://localhost:8080/v1/AUTH_935697089ce9463e8c1739c47616b730/gnocchi.323fc6d5-b730-4963-bf31-04cda271120b?format=json&states=listing" "txf14c9497211e4411b90d0-0069b43b5c" "proxy-server 21" 0.0037 "-" 21 0
Mar 13 16:29:16 standalone proxy-server[127105]: - - 13/Mar/2026/16/29/16 HEAD /v1/AUTH_935697089ce9463e8c1739c47616b730/gnocchi.323fc6d5-b730-4963-bf31-04cda271120b%3Fformat%3Djson%26states%3Dlisting HTTP/1.0 204 - Swift - - - - txf14c9497211e4411b90d0-0069b43b5c - 0.0106 RL - 1773419356.218700886 1773419356.229312658 0
Mar 13 16:29:16 standalone container-server[125036]: 172.20.0.100 - - [13/Mar/2026:16:29:16 +0000] "GET /d1/997/AUTH_935697089ce9463e8c1739c47616b730/gnocchi.323fc6d5-b730-4963-bf31-04cda271120b" 200 2 "GET http://localhost:8080/v1/AUTH_935697089ce9463e8c1739c47616b730/gnocchi.323fc6d5-b730-4963-bf31-04cda271120b?format=json&states=listing" "txf14c9497211e4411b90d0-0069b43b5c" "proxy-server 21" 0.0064 "-" 21 0
Mar 13 16:29:16 standalone proxy-server[127105]: 172.18.0.2 ::1 13/Mar/2026/16/29/16 GET /v1/AUTH_935697089ce9463e8c1739c47616b730/gnocchi.323fc6d5-b730-4963-bf31-04cda271120b%3Fformat%3Djson%26states%3Dlisting HTTP/1.0 200 - python-swiftclient-3.11.1 gAAAAABptDsXUp2K... - 2 - txf14c9497211e4411b90d0-0069b43b5c - 0.0278 - - 1773419356.217087507 1773419356.244897842 0
Mar 13 16:29:16 standalone object-server[125349]: 172.20.0.100 - - [13/Mar/2026:16:29:16 +0000] "GET /d1/801/AUTH_935697089ce9463e8c1739c47616b730/gnocchi.323fc6d5-b730-4963-bf31-04cda271120b/1773360000.0_mean_300.0_v3" 404 70 "GET http://localhost:8080/v1/AUTH_935697089ce9463e8c1739c47616b730/gnocchi.323fc6d5-b730-4963-bf31-04cda271120b/1773360000.0_mean_300.0_v3" "txdc68deeb86f84a52b5a00-0069b43b5c" "proxy-server 21" 0.0005 "-" 24 0
Mar 13 16:29:16 standalone proxy-server[127105]: 172.18.0.2 ::1 13/Mar/2026/16/29/16 GET /v1/AUTH_935697089ce9463e8c1739c47616b730/gnocchi.323fc6d5-b730-4963-bf31-04cda271120b/1773360000.0_mean_300.0_v3 HTTP/1.0 404 - python-swiftclient-3.11.1 gAAAAABptDsXUp2K... - 70 - txdc68deeb86f84a52b5a00-0069b43b5c - 0.0078 - - 1773419356.249731064 1773419356.257569790 0
Mar 13 16:29:16 standalone container-server[125043]: 172.20.0.100 - - [13/Mar/2026:16:29:16 +0000] "PUT /d1/997/AUTH_935697089ce9463e8c1739c47616b730/gnocchi.323fc6d5-b730-4963-bf31-04cda271120b/1773360000.0_mean_300.0_v3" 201 - "PUT http://localhost:8080/d1/801/AUTH_935697089ce9463e8c1739c47616b730/gnocchi.323fc6d5-b730-4963-bf31-04cda271120b/1773360000.0_mean_300.0_v3" "tx619b1a9e550040209a3ee-0069b43b5c" "object-server 22" 0.0007 "-" 22 0
Mar 13 16:29:16 standalone object-server[125329]: 172.20.0.100 - - [13/Mar/2026:16:29:16 +0000] "PUT /d1/801/AUTH_935697089ce9463e8c1739c47616b730/gnocchi.323fc6d5-b730-4963-bf31-04cda271120b/1773360000.0_mean_300.0_v3" 201 - "PUT http://localhost:8080/v1/AUTH_935697089ce9463e8c1739c47616b730/gnocchi.323fc6d5-b730-4963-bf31-04cda271120b/1773360000.0_mean_300.0_v3" "tx619b1a9e550040209a3ee-0069b43b5c" "proxy-server 21" 0.0103 "-" 22 0
Mar 13 16:29:16 standalone proxy-server[127105]: 172.18.0.2 ::1 13/Mar/2026/16/29/16 PUT /v1/AUTH_935697089ce9463e8c1739c47616b730/gnocchi.323fc6d5-b730-4963-bf31-04cda271120b/1773360000.0_mean_300.0_v3 HTTP/1.0 201 - python-swiftclient-3.11.1 gAAAAABptDsXUp2K... 16 - - tx619b1a9e550040209a3ee-0069b43b5c - 0.0178 - - 1773419356.261744499 1773419356.279528618 0
Mar 13 16:29:16 standalone container-server[125036]: 172.20.0.100 - - [13/Mar/2026:16:29:16 +0000] "PUT /d1/997/AUTH_935697089ce9463e8c1739c47616b730/gnocchi.323fc6d5-b730-4963-bf31-04cda271120b/none_v3" 201 - "PUT http://localhost:8080/d1/471/AUTH_935697089ce9463e8c1739c47616b730/gnocchi.323fc6d5-b730-4963-bf31-04cda271120b/none_v3" "txaeff0367336b4a679d6f1-0069b43b5c" "object-server 24" 0.0012 "-" 21 0
Mar 13 16:29:16 standalone object-server[125349]: 172.20.0.100 - - [13/Mar/2026:16:29:16 +0000] "PUT /d1/471/AUTH_935697089ce9463e8c1739c47616b730/gnocchi.323fc6d5-b730-4963-bf31-04cda271120b/none_v3" 201 - "PUT http://localhost:8080/v1/AUTH_935697089ce9463e8c1739c47616b730/gnocchi.323fc6d5-b730-4963-bf31-04cda271120b/none_v3" "txaeff0367336b4a679d6f1-0069b43b5c" "proxy-server 21" 0.0133 "-" 24 0
Mar 13 16:29:16 standalone proxy-server[127105]: 172.18.0.2 ::1 13/Mar/2026/16/29/16 PUT /v1/AUTH_935697089ce9463e8c1739c47616b730/gnocchi.323fc6d5-b730-4963-bf31-04cda271120b/none_v3 HTTP/1.0 201 - python-swiftclient-3.11.1 gAAAAABptDsXUp2K... 22 - - txaeff0367336b4a679d6f1-0069b43b5c - 0.0200 - - 1773419356.283527136 1773419356.303523302 0
Mar 13 16:29:16 standalone container-server[125032]: 172.20.0.100 - - [13/Mar/2026:16:29:16 +0000] "HEAD /d1/166/AUTH_935697089ce9463e8c1739c47616b730/gnocchi.cb59a790-6ce9-4ae7-ac82-de3b4fa8cb0d" 404 - "HEAD http://localhost:8080/v1/AUTH_935697089ce9463e8c1739c47616b730/gnocchi.cb59a790-6ce9-4ae7-ac82-de3b4fa8cb0d?format=json&states=listing" "tx59687a16e8ba420daf02d-0069b43b5c" "proxy-server 21" 0.0008 "-" 20 0
Mar 13 16:29:16 standalone object-server[125358]: 172.20.0.100 - - [13/Mar/2026:16:29:16 +0000] "GET /d1/978/AUTH_935697089ce9463e8c1739c47616b730/gnocchi.cb59a790-6ce9-4ae7-ac82-de3b4fa8cb0d/none_v3" 404 70 "GET http://localhost:8080/v1/AUTH_935697089ce9463e8c1739c47616b730/gnocchi.cb59a790-6ce9-4ae7-ac82-de3b4fa8cb0d/none_v3" "tx59687a16e8ba420daf02d-0069b43b5c" "proxy-server 21" 0.0007 "-" 25 0
Mar 13 16:29:16 standalone proxy-server[127105]: 172.18.0.2 ::1 13/Mar/2026/16/29/16 GET /v1/AUTH_935697089ce9463e8c1739c47616b730/gnocchi.cb59a790-6ce9-4ae7-ac82-de3b4fa8cb0d/none_v3 HTTP/1.0 404 - python-swiftclient-3.11.1 gAAAAABptDsXUp2K... - 70 - tx59687a16e8ba420daf02d-0069b43b5c - 0.0152 - - 1773419356.318356276 1773419356.333580017 0
Mar 13 16:29:16 standalone account-server[124866]: 172.20.0.100 - - [13/Mar/2026:16:29:16 +0000] "PUT /d1/322/AUTH_935697089ce9463e8c1739c47616b730/gnocchi.cb59a790-6ce9-4ae7-ac82-de3b4fa8cb0d" 201 - "PUT http://172.20.0.100:6001/d1/166/AUTH_935697089ce9463e8c1739c47616b730/gnocchi.cb59a790-6ce9-4ae7-ac82-de3b4fa8cb0d" "txcf5f8884db0149969a3c0-0069b43b5c" "container-server 22" 0.0084 "-" 21 0
Mar 13 16:29:16 standalone container-server[125043]: 172.20.0.100 - - [13/Mar/2026:16:29:16 +0000] "PUT /d1/166/AUTH_935697089ce9463e8c1739c47616b730/gnocchi.cb59a790-6ce9-4ae7-ac82-de3b4fa8cb0d" 201 - "PUT http://localhost:8080/v1/AUTH_935697089ce9463e8c1739c47616b730/gnocchi.cb59a790-6ce9-4ae7-ac82-de3b4fa8cb0d" "txcf5f8884db0149969a3c0-0069b43b5c" "proxy-server 21" 0.0210 "-" 22 0
Mar 13 16:29:16 standalone proxy-server[127105]: 172.18.0.2 ::1 13/Mar/2026/16/29/16 PUT /v1/AUTH_935697089ce9463e8c1739c47616b730/gnocchi.cb59a790-6ce9-4ae7-ac82-de3b4fa8cb0d HTTP/1.0 201 - python-swiftclient-3.11.1 gAAAAABptDsXUp2K... - - - txcf5f8884db0149969a3c0-0069b43b5c - 0.0274 - - 1773419356.337321281 1773419356.364681244 0
Mar 13 16:29:16 standalone container-server[125044]: 172.20.0.100 - - [13/Mar/2026:16:29:16 +0000] "HEAD /d1/166/AUTH_935697089ce9463e8c1739c47616b730/gnocchi.cb59a790-6ce9-4ae7-ac82-de3b4fa8cb0d" 204 - "HEAD http://localhost:8080/v1/AUTH_935697089ce9463e8c1739c47616b730/gnocchi.cb59a790-6ce9-4ae7-ac82-de3b4fa8cb0d?format=json&states=listing" "tx2845030fefb249bfa554e-0069b43b5c" "proxy-server 21" 0.0161 "-" 23 0
Mar 13 16:29:16 standalone proxy-server[127105]: - - 13/Mar/2026/16/29/16 HEAD /v1/AUTH_935697089ce9463e8c1739c47616b730/gnocchi.cb59a790-6ce9-4ae7-ac82-de3b4fa8cb0d%3Fformat%3Djson%26states%3Dlisting HTTP/1.0 204 - Swift - - - - tx2845030fefb249bfa554e-0069b43b5c - 0.0260 RL - 1773419356.370843887 1773419356.396803617 0
Mar 13 16:29:16 standalone container-server[125032]: 172.20.0.100 - - [13/Mar/2026:16:29:16 +0000] "GET /d1/166/AUTH_935697089ce9463e8c1739c47616b730/gnocchi.cb59a790-6ce9-4ae7-ac82-de3b4fa8cb0d" 200 2 "GET http://localhost:8080/v1/AUTH_935697089ce9463e8c1739c47616b730/gnocchi.cb59a790-6ce9-4ae7-ac82-de3b4fa8cb0d?format=json&states=listing" "tx2845030fefb249bfa554e-0069b43b5c" "proxy-server 21" 0.0128 "-" 20 0
Mar 13 16:29:16 standalone proxy-server[127105]: 172.18.0.2 ::1 13/Mar/2026/16/29/16 GET /v1/AUTH_935697089ce9463e8c1739c47616b730/gnocchi.cb59a790-6ce9-4ae7-ac82-de3b4fa8cb0d%3Fformat%3Djson%26states%3Dlisting HTTP/1.0 200 - python-swiftclient-3.11.1 gAAAAABptDsXUp2K... - 2 - tx2845030fefb249bfa554e-0069b43b5c - 0.0515 - - 1773419356.369136810 1773419356.420649052 0
Mar 13 16:29:16 standalone object-server[125340]: 172.20.0.100 - - [13/Mar/2026:16:29:16 +0000] "GET /d1/341/AUTH_935697089ce9463e8c1739c47616b730/gnocchi.cb59a790-6ce9-4ae7-ac82-de3b4fa8cb0d/1773360000.0_mean_300.0_v3" 404 70 "GET http://localhost:8080/v1/AUTH_935697089ce9463e8c1739c47616b730/gnocchi.cb59a790-6ce9-4ae7-ac82-de3b4fa8cb0d/1773360000.0_mean_300.0_v3" "tx36aacff716914f29a6106-0069b43b5c" "proxy-server 21" 0.0004 "-" 23 0
Mar 13 16:29:16 standalone proxy-server[127105]: 172.18.0.2 ::1 13/Mar/2026/16/29/16 GET /v1/AUTH_935697089ce9463e8c1739c47616b730/gnocchi.cb59a790-6ce9-4ae7-ac82-de3b4fa8cb0d/1773360000.0_mean_300.0_v3 HTTP/1.0 404 - python-swiftclient-3.11.1 gAAAAABptDsXUp2K... - 70 - tx36aacff716914f29a6106-0069b43b5c - 0.0121 - - 1773419356.429743290 1773419356.441805601 0
Mar 13 16:29:16 standalone container-server[125036]: 172.20.0.100 - - [13/Mar/2026:16:29:16 +0000] "PUT /d1/166/AUTH_935697089ce9463e8c1739c47616b730/gnocchi.cb59a790-6ce9-4ae7-ac82-de3b4fa8cb0d/1773360000.0_mean_300.0_v3" 201 - "PUT http://localhost:8080/d1/341/AUTH_935697089ce9463e8c1739c47616b730/gnocchi.cb59a790-6ce9-4ae7-ac82-de3b4fa8cb0d/1773360000.0_mean_300.0_v3" "txa762e45604924d59925f0-0069b43b5c" "object-server 23" 0.0008 "-" 21 0
Mar 13 16:29:16 standalone object-server[125340]: 172.20.0.100 - - [13/Mar/2026:16:29:16 +0000] "PUT /d1/341/AUTH_935697089ce9463e8c1739c47616b730/gnocchi.cb59a790-6ce9-4ae7-ac82-de3b4fa8cb0d/1773360000.0_mean_300.0_v3" 201 - "PUT http://localhost:8080/v1/AUTH_935697089ce9463e8c1739c47616b730/gnocchi.cb59a790-6ce9-4ae7-ac82-de3b4fa8cb0d/1773360000.0_mean_300.0_v3" "txa762e45604924d59925f0-0069b43b5c" "proxy-server 21" 0.0261 "-" 23 0
Mar 13 16:29:16 standalone proxy-server[127105]: 172.18.0.2 ::1 13/Mar/2026/16/29/16 PUT /v1/AUTH_935697089ce9463e8c1739c47616b730/gnocchi.cb59a790-6ce9-4ae7-ac82-de3b4fa8cb0d/1773360000.0_mean_300.0_v3 HTTP/1.0 201 - python-swiftclient-3.11.1 gAAAAABptDsXUp2K... 16 - - txa762e45604924d59925f0-0069b43b5c - 0.0366 - - 1773419356.448385954 1773419356.484985828 0
Mar 13 16:29:16 standalone container-server[125036]: 172.20.0.100 - - [13/Mar/2026:16:29:16 +0000] "PUT /d1/166/AUTH_935697089ce9463e8c1739c47616b730/gnocchi.cb59a790-6ce9-4ae7-ac82-de3b4fa8cb0d/none_v3" 201 - "PUT http://localhost:8080/d1/978/AUTH_935697089ce9463e8c1739c47616b730/gnocchi.cb59a790-6ce9-4ae7-ac82-de3b4fa8cb0d/none_v3" "tx052dc4bf85b7487e8e351-0069b43b5c" "object-server 22" 0.0006 "-" 21 0
Mar 13 16:29:16 standalone object-server[125329]: 172.20.0.100 - - [13/Mar/2026:16:29:16 +0000] "PUT /d1/978/AUTH_935697089ce9463e8c1739c47616b730/gnocchi.cb59a790-6ce9-4ae7-ac82-de3b4fa8cb0d/none_v3" 201 - "PUT http://localhost:8080/v1/AUTH_935697089ce9463e8c1739c47616b730/gnocchi.cb59a790-6ce9-4ae7-ac82-de3b4fa8cb0d/none_v3" "tx052dc4bf85b7487e8e351-0069b43b5c" "proxy-server 21" 0.0119 "-" 22 0
Mar 13 16:29:16 standalone proxy-server[127105]: 172.18.0.2 ::1 13/Mar/2026/16/29/16 PUT /v1/AUTH_935697089ce9463e8c1739c47616b730/gnocchi.cb59a790-6ce9-4ae7-ac82-de3b4fa8cb0d/none_v3 HTTP/1.0 201 - python-swiftclient-3.11.1 gAAAAABptDsXUp2K... 22 - - tx052dc4bf85b7487e8e351-0069b43b5c - 0.0204 - - 1773419356.489117384 1773419356.509526968 0
Mar 13 16:29:41 standalone object-server[125068]: Begin object update sweep
Mar 13 16:29:41 standalone object-server[222787]: Object update sweep starting on /srv/node/d1 (pid: 14)
Mar 13 16:29:41 standalone object-server[222787]: Object update sweep completed on /srv/node/d1 in 0.00s seconds:, 0 successes, 0 failures, 0 quarantines, 0 unlinks, 0 errors, 0 redirects (pid: 14)
Mar 13 16:29:41 standalone object-server[222787]: Object update sweep of d1 completed: 0.00s, 0 successes, 0 failures, 0 quarantines, 0 unlinks, 0 errors, 0 redirects
Mar 13 16:29:41 standalone object-server[125068]: Object update sweep completed: 0.08s
Mar 13 16:30:59 standalone account-server[124853]: 172.20.0.100 - - [13/Mar/2026:16:30:59 +0000] "HEAD /d1/322/AUTH_935697089ce9463e8c1739c47616b730" 204 - "HEAD http://localhost:8080/v1/AUTH_935697089ce9463e8c1739c47616b730?format=json" "tx6476d44b82b14d02a68fd-0069b43bc3" "proxy-server 21" 0.0051 "-" 20 -
Mar 13 16:30:59 standalone proxy-server[127105]: - - 13/Mar/2026/16/30/59 HEAD /v1/AUTH_935697089ce9463e8c1739c47616b730%3Fformat%3Djson HTTP/1.0 204 - Swift - - - - tx6476d44b82b14d02a68fd-0069b43bc3 - 0.0103 RL - 1773419459.791805506 1773419459.802105665 -
Mar 13 16:30:59 standalone container-server[125044]: 172.20.0.100 - - [13/Mar/2026:16:30:59 +0000] "HEAD /d1/260/AUTH_935697089ce9463e8c1739c47616b730/gnocchi.661d35b8-11de-47c5-88bf-02877f7fc66b" 404 - "HEAD http://localhost:8080/v1/AUTH_935697089ce9463e8c1739c47616b730/gnocchi.661d35b8-11de-47c5-88bf-02877f7fc66b?format=json&states=listing" "tx6476d44b82b14d02a68fd-0069b43bc3" "proxy-server 21" 0.0005 "-" 23 0
Mar 13 16:30:59 standalone object-server[125329]: 172.20.0.100 - - [13/Mar/2026:16:30:59 +0000] "GET /d1/136/AUTH_935697089ce9463e8c1739c47616b730/gnocchi.661d35b8-11de-47c5-88bf-02877f7fc66b/none_v3" 404 70 "GET http://localhost:8080/v1/AUTH_935697089ce9463e8c1739c47616b730/gnocchi.661d35b8-11de-47c5-88bf-02877f7fc66b/none_v3" "tx6476d44b82b14d02a68fd-0069b43bc3" "proxy-server 21" 0.0006 "-" 22 0
Mar 13 16:30:59 standalone proxy-server[127105]: 172.18.0.2 ::1 13/Mar/2026/16/30/59 GET /v1/AUTH_935697089ce9463e8c1739c47616b730/gnocchi.661d35b8-11de-47c5-88bf-02877f7fc66b/none_v3 HTTP/1.0 404 - python-swiftclient-3.11.1 gAAAAABptDsXUp2K... - 70 - tx6476d44b82b14d02a68fd-0069b43bc3 - 0.0223 - - 1773419459.789917946 1773419459.812249899 0
Mar 13 16:30:59 standalone account-server[124866]: 172.20.0.100 - - [13/Mar/2026:16:30:59 +0000] "PUT /d1/322/AUTH_935697089ce9463e8c1739c47616b730/gnocchi.661d35b8-11de-47c5-88bf-02877f7fc66b" 201 - "PUT http://172.20.0.100:6001/d1/260/AUTH_935697089ce9463e8c1739c47616b730/gnocchi.661d35b8-11de-47c5-88bf-02877f7fc66b" "tx3370f14e384349f69fc8c-0069b43bc3" "container-server 23" 0.0010 "-" 21 0
Mar 13 16:30:59 standalone container-server[125044]: 172.20.0.100 - - [13/Mar/2026:16:30:59 +0000] "PUT /d1/260/AUTH_935697089ce9463e8c1739c47616b730/gnocchi.661d35b8-11de-47c5-88bf-02877f7fc66b" 201 - "PUT http://localhost:8080/v1/AUTH_935697089ce9463e8c1739c47616b730/gnocchi.661d35b8-11de-47c5-88bf-02877f7fc66b" "tx3370f14e384349f69fc8c-0069b43bc3" "proxy-server 21" 0.0115 "-" 23 0
Mar 13 16:30:59 standalone proxy-server[127105]: 172.18.0.2 ::1 13/Mar/2026/16/30/59 PUT /v1/AUTH_935697089ce9463e8c1739c47616b730/gnocchi.661d35b8-11de-47c5-88bf-02877f7fc66b HTTP/1.0 201 - python-swiftclient-3.11.1 gAAAAABptDsXUp2K... - - - tx3370f14e384349f69fc8c-0069b43bc3 - 0.0148 - - 1773419459.814604998 1773419459.829415321 0
Mar 13 16:30:59 standalone container-server[125044]: 172.20.0.100 - - [13/Mar/2026:16:30:59 +0000] "HEAD /d1/260/AUTH_935697089ce9463e8c1739c47616b730/gnocchi.661d35b8-11de-47c5-88bf-02877f7fc66b" 204 - "HEAD http://localhost:8080/v1/AUTH_935697089ce9463e8c1739c47616b730/gnocchi.661d35b8-11de-47c5-88bf-02877f7fc66b?format=json&states=listing" "tx7e14343bff7c409dbb3a6-0069b43bc3" "proxy-server 21" 0.0008 "-" 23 0
Mar 13 16:30:59 standalone proxy-server[127105]: - - 13/Mar/2026/16/30/59 HEAD /v1/AUTH_935697089ce9463e8c1739c47616b730/gnocchi.661d35b8-11de-47c5-88bf-02877f7fc66b%3Fformat%3Djson%26states%3Dlisting HTTP/1.0 204 - Swift - - - - tx7e14343bff7c409dbb3a6-0069b43bc3 - 0.0028 RL - 1773419459.835198641 1773419459.837989092 0
Mar 13 16:30:59 standalone container-server[125032]: 172.20.0.100 - - [13/Mar/2026:16:30:59 +0000] "GET /d1/260/AUTH_935697089ce9463e8c1739c47616b730/gnocchi.661d35b8-11de-47c5-88bf-02877f7fc66b" 200 2 "GET http://localhost:8080/v1/AUTH_935697089ce9463e8c1739c47616b730/gnocchi.661d35b8-11de-47c5-88bf-02877f7fc66b?format=json&states=listing" "tx7e14343bff7c409dbb3a6-0069b43bc3" "proxy-server 21" 0.0022 "-" 20 0
Mar 13 16:30:59 standalone proxy-server[127105]: 172.18.0.2 ::1 13/Mar/2026/16/30/59 GET /v1/AUTH_935697089ce9463e8c1739c47616b730/gnocchi.661d35b8-11de-47c5-88bf-02877f7fc66b%3Fformat%3Djson%26states%3Dlisting HTTP/1.0 200 - python-swiftclient-3.11.1 gAAAAABptDsXUp2K... - 2 - tx7e14343bff7c409dbb3a6-0069b43bc3 - 0.0109 - - 1773419459.834343433 1773419459.845228910 0
Mar 13 16:30:59 standalone object-server[125329]: 172.20.0.100 - - [13/Mar/2026:16:30:59 +0000] "GET /d1/152/AUTH_935697089ce9463e8c1739c47616b730/gnocchi.661d35b8-11de-47c5-88bf-02877f7fc66b/1773360000.0_mean_300.0_v3" 404 70 "GET http://localhost:8080/v1/AUTH_935697089ce9463e8c1739c47616b730/gnocchi.661d35b8-11de-47c5-88bf-02877f7fc66b/1773360000.0_mean_300.0_v3" "txecb8bed310c344a988df4-0069b43bc3" "proxy-server 21" 0.0002 "-" 22 0
Mar 13 16:30:59 standalone proxy-server[127105]: 172.18.0.2 ::1 13/Mar/2026/16/30/59 GET /v1/AUTH_935697089ce9463e8c1739c47616b730/gnocchi.661d35b8-11de-47c5-88bf-02877f7fc66b/1773360000.0_mean_300.0_v3 HTTP/1.0 404 - python-swiftclient-3.11.1 gAAAAABptDsXUp2K... - 70 - txecb8bed310c344a988df4-0069b43bc3 - 0.0038 - - 1773419459.851121664 1773419459.854960918 0
Mar 13 16:30:59 standalone container-server[125043]: 172.20.0.100 - - [13/Mar/2026:16:30:59 +0000] "PUT /d1/260/AUTH_935697089ce9463e8c1739c47616b730/gnocchi.661d35b8-11de-47c5-88bf-02877f7fc66b/1773360000.0_mean_300.0_v3" 201 - "PUT http://localhost:8080/d1/152/AUTH_935697089ce9463e8c1739c47616b730/gnocchi.661d35b8-11de-47c5-88bf-02877f7fc66b/1773360000.0_mean_300.0_v3" "txcd6f1446c07546889ac36-0069b43bc3" "object-server 24" 0.0006 "-" 22 0
Mar 13 16:30:59 standalone object-server[125349]: 172.20.0.100 - - [13/Mar/2026:16:30:59 +0000] "PUT /d1/152/AUTH_935697089ce9463e8c1739c47616b730/gnocchi.661d35b8-11de-47c5-88bf-02877f7fc66b/1773360000.0_mean_300.0_v3" 201 - "PUT http://localhost:8080/v1/AUTH_935697089ce9463e8c1739c47616b730/gnocchi.661d35b8-11de-47c5-88bf-02877f7fc66b/1773360000.0_mean_300.0_v3" "txcd6f1446c07546889ac36-0069b43bc3" "proxy-server 21" 0.0115 "-" 24 0
Mar 13 16:30:59 standalone proxy-server[127105]: 172.18.0.2 ::1 13/Mar/2026/16/30/59 PUT /v1/AUTH_935697089ce9463e8c1739c47616b730/gnocchi.661d35b8-11de-47c5-88bf-02877f7fc66b/1773360000.0_mean_300.0_v3 HTTP/1.0 201 - python-swiftclient-3.11.1 gAAAAABptDsXUp2K... 16 - - txcd6f1446c07546889ac36-0069b43bc3 - 0.0155 - - 1773419459.858486891 1773419459.873952627 0
Mar 13 16:30:59 standalone container-server[125036]: 172.20.0.100 - - [13/Mar/2026:16:30:59 +0000] "PUT /d1/260/AUTH_935697089ce9463e8c1739c47616b730/gnocchi.661d35b8-11de-47c5-88bf-02877f7fc66b/none_v3" 201 - "PUT http://localhost:8080/d1/136/AUTH_935697089ce9463e8c1739c47616b730/gnocchi.661d35b8-11de-47c5-88bf-02877f7fc66b/none_v3" "tx82f338ae9bbb400d8f91e-0069b43bc3" "object-server 24" 0.0007 "-" 21 0
Mar 13 16:30:59 standalone object-server[125349]: 172.20.0.100 - - [13/Mar/2026:16:30:59 +0000] "PUT /d1/136/AUTH_935697089ce9463e8c1739c47616b730/gnocchi.661d35b8-11de-47c5-88bf-02877f7fc66b/none_v3" 201 - "PUT http://localhost:8080/v1/AUTH_935697089ce9463e8c1739c47616b730/gnocchi.661d35b8-11de-47c5-88bf-02877f7fc66b/none_v3" "tx82f338ae9bbb400d8f91e-0069b43bc3" "proxy-server 21" 0.0095 "-" 24 0
Mar 13 16:30:59 standalone proxy-server[127105]: 172.18.0.2 ::1 13/Mar/2026/16/30/59 PUT /v1/AUTH_935697089ce9463e8c1739c47616b730/gnocchi.661d35b8-11de-47c5-88bf-02877f7fc66b/none_v3 HTTP/1.0 201 - python-swiftclient-3.11.1 gAAAAABptDsXUp2K... 22 - - tx82f338ae9bbb400d8f91e-0069b43bc3 - 0.0132 - - 1773419459.876489878 1773419459.889720917 0
Mar 13 16:30:59 standalone container-server[125043]: 172.20.0.100 - - [13/Mar/2026:16:30:59 +0000] "HEAD /d1/969/AUTH_935697089ce9463e8c1739c47616b730/gnocchi.df7d8826-b193-4d8b-a5e1-56a2b770d2b9" 404 - "HEAD http://localhost:8080/v1/AUTH_935697089ce9463e8c1739c47616b730/gnocchi.df7d8826-b193-4d8b-a5e1-56a2b770d2b9?format=json&states=listing" "tx1b955d0270f14647b00c1-0069b43bc3" "proxy-server 21" 0.0004 "-" 22 0
Mar 13 16:30:59 standalone object-server[125358]: 172.20.0.100 - - [13/Mar/2026:16:30:59 +0000] "GET /d1/721/AUTH_935697089ce9463e8c1739c47616b730/gnocchi.df7d8826-b193-4d8b-a5e1-56a2b770d2b9/none_v3" 404 70 "GET http://localhost:8080/v1/AUTH_935697089ce9463e8c1739c47616b730/gnocchi.df7d8826-b193-4d8b-a5e1-56a2b770d2b9/none_v3" "tx1b955d0270f14647b00c1-0069b43bc3" "proxy-server 21" 0.0005 "-" 25 0
Mar 13 16:30:59 standalone proxy-server[127105]: 172.18.0.2 ::1 13/Mar/2026/16/30/59 GET /v1/AUTH_935697089ce9463e8c1739c47616b730/gnocchi.df7d8826-b193-4d8b-a5e1-56a2b770d2b9/none_v3 HTTP/1.0 404 - python-swiftclient-3.11.1 gAAAAABptDsXUp2K... - 70 - tx1b955d0270f14647b00c1-0069b43bc3 - 0.0083 - - 1773419459.901431799 1773419459.909695148 0
Mar 13 16:30:59 standalone account-server[124878]: 172.20.0.100 - - [13/Mar/2026:16:30:59 +0000] "PUT /d1/322/AUTH_935697089ce9463e8c1739c47616b730/gnocchi.df7d8826-b193-4d8b-a5e1-56a2b770d2b9" 201 - "PUT http://172.20.0.100:6001/d1/969/AUTH_935697089ce9463e8c1739c47616b730/gnocchi.df7d8826-b193-4d8b-a5e1-56a2b770d2b9" "tx579d563179934214830d8-0069b43bc3" "container-server 22" 0.0044 "-" 23 0
Mar 13 16:30:59 standalone container-server[125043]: 172.20.0.100 - - [13/Mar/2026:16:30:59 +0000] "PUT /d1/969/AUTH_935697089ce9463e8c1739c47616b730/gnocchi.df7d8826-b193-4d8b-a5e1-56a2b770d2b9" 201 - "PUT http://localhost:8080/v1/AUTH_935697089ce9463e8c1739c47616b730/gnocchi.df7d8826-b193-4d8b-a5e1-56a2b770d2b9" "tx579d563179934214830d8-0069b43bc3" "proxy-server 21" 0.0136 "-" 22 0
Mar 13 16:30:59 standalone proxy-server[127105]: 172.18.0.2 ::1 13/Mar/2026/16/30/59 PUT /v1/AUTH_935697089ce9463e8c1739c47616b730/gnocchi.df7d8826-b193-4d8b-a5e1-56a2b770d2b9 HTTP/1.0 201 - python-swiftclient-3.11.1 gAAAAABptDsXUp2K... - - - tx579d563179934214830d8-0069b43bc3 - 0.0172 - - 1773419459.911941290 1773419459.929112434 0
Mar 13 16:30:59 standalone container-server[125036]: 172.20.0.100 - - [13/Mar/2026:16:30:59 +0000] "HEAD /d1/969/AUTH_935697089ce9463e8c1739c47616b730/gnocchi.df7d8826-b193-4d8b-a5e1-56a2b770d2b9" 204 - "HEAD http://localhost:8080/v1/AUTH_935697089ce9463e8c1739c47616b730/gnocchi.df7d8826-b193-4d8b-a5e1-56a2b770d2b9?format=json&states=listing" "txd5484ce4b0f64c7abc448-0069b43bc3" "proxy-server 21" 0.0016 "-" 21 0
Mar 13 16:30:59 standalone proxy-server[127105]: - - 13/Mar/2026/16/30/59 HEAD /v1/AUTH_935697089ce9463e8c1739c47616b730/gnocchi.df7d8826-b193-4d8b-a5e1-56a2b770d2b9%3Fformat%3Djson%26states%3Dlisting HTTP/1.0 204 - Swift - - - - txd5484ce4b0f64c7abc448-0069b43bc3 - 0.0056 RL - 1773419459.933127403 1773419459.938721180 0
Mar 13 16:30:59 standalone container-server[125032]: 172.20.0.100 - - [13/Mar/2026:16:30:59 +0000] "GET /d1/969/AUTH_935697089ce9463e8c1739c47616b730/gnocchi.df7d8826-b193-4d8b-a5e1-56a2b770d2b9" 200 2 "GET http://localhost:8080/v1/AUTH_935697089ce9463e8c1739c47616b730/gnocchi.df7d8826-b193-4d8b-a5e1-56a2b770d2b9?format=json&states=listing" "txd5484ce4b0f64c7abc448-0069b43bc3" "proxy-server 21" 0.0023 "-" 20 0
Mar 13 16:30:59 standalone proxy-server[127105]: 172.18.0.2 ::1 13/Mar/2026/16/30/59 GET /v1/AUTH_935697089ce9463e8c1739c47616b730/gnocchi.df7d8826-b193-4d8b-a5e1-56a2b770d2b9%3Fformat%3Djson%26states%3Dlisting HTTP/1.0 200 - python-swiftclient-3.11.1 gAAAAABptDsXUp2K... - 2 - txd5484ce4b0f64c7abc448-0069b43bc3 - 0.0150 - - 1773419459.932033539 1773419459.947061539 0
Mar 13 16:30:59 standalone object-server[125340]: 172.20.0.100 - - [13/Mar/2026:16:30:59 +0000] "GET /d1/293/AUTH_935697089ce9463e8c1739c47616b730/gnocchi.df7d8826-b193-4d8b-a5e1-56a2b770d2b9/1773360000.0_mean_300.0_v3" 404 70 "GET http://localhost:8080/v1/AUTH_935697089ce9463e8c1739c47616b730/gnocchi.df7d8826-b193-4d8b-a5e1-56a2b770d2b9/1773360000.0_mean_300.0_v3" "txdfc1ff7b82ec45ddba608-0069b43bc3" "proxy-server 21" 0.0005 "-" 23 0
Mar 13 16:30:59 standalone proxy-server[127105]: 172.18.0.2 ::1 13/Mar/2026/16/30/59 GET /v1/AUTH_935697089ce9463e8c1739c47616b730/gnocchi.df7d8826-b193-4d8b-a5e1-56a2b770d2b9/1773360000.0_mean_300.0_v3 HTTP/1.0 404 - python-swiftclient-3.11.1 gAAAAABptDsXUp2K... - 70 - txdfc1ff7b82ec45ddba608-0069b43bc3 - 0.0059 - - 1773419459.950286865 1773419459.956150532 0
Mar 13 16:30:59 standalone container-server[125043]: 172.20.0.100 - - [13/Mar/2026:16:30:59 +0000] "PUT /d1/969/AUTH_935697089ce9463e8c1739c47616b730/gnocchi.df7d8826-b193-4d8b-a5e1-56a2b770d2b9/1773360000.0_mean_300.0_v3" 201 - "PUT http://localhost:8080/d1/293/AUTH_935697089ce9463e8c1739c47616b730/gnocchi.df7d8826-b193-4d8b-a5e1-56a2b770d2b9/1773360000.0_mean_300.0_v3" "txf3667decd7cd47b39bb54-0069b43bc3" "object-server 25" 0.0005 "-" 22 0
Mar 13 16:30:59 standalone object-server[125358]: 172.20.0.100 - - [13/Mar/2026:16:30:59 +0000] "PUT /d1/293/AUTH_935697089ce9463e8c1739c47616b730/gnocchi.df7d8826-b193-4d8b-a5e1-56a2b770d2b9/1773360000.0_mean_300.0_v3" 201 - "PUT http://localhost:8080/v1/AUTH_935697089ce9463e8c1739c47616b730/gnocchi.df7d8826-b193-4d8b-a5e1-56a2b770d2b9/1773360000.0_mean_300.0_v3" "txf3667decd7cd47b39bb54-0069b43bc3" "proxy-server 21" 0.0085 "-" 25 0
Mar 13 16:30:59 standalone proxy-server[127105]: 172.18.0.2 ::1 13/Mar/2026/16/30/59 PUT /v1/AUTH_935697089ce9463e8c1739c47616b730/gnocchi.df7d8826-b193-4d8b-a5e1-56a2b770d2b9/1773360000.0_mean_300.0_v3 HTTP/1.0 201 - python-swiftclient-3.11.1 gAAAAABptDsXUp2K... 16 - - txf3667decd7cd47b39bb54-0069b43bc3 - 0.0128 - - 1773419459.958206654 1773419459.971049786 0
Mar 13 16:30:59 standalone container-server[125032]: 172.20.0.100 - - [13/Mar/2026:16:30:59 +0000] "PUT /d1/969/AUTH_935697089ce9463e8c1739c47616b730/gnocchi.df7d8826-b193-4d8b-a5e1-56a2b770d2b9/none_v3" 201 - "PUT http://localhost:8080/d1/721/AUTH_935697089ce9463e8c1739c47616b730/gnocchi.df7d8826-b193-4d8b-a5e1-56a2b770d2b9/none_v3" "txe467094f040a4d7cb4735-0069b43bc3" "object-server 25" 0.0005 "-" 20 0
Mar 13 16:30:59 standalone object-server[125358]: 172.20.0.100 - - [13/Mar/2026:16:30:59 +0000] "PUT /d1/721/AUTH_935697089ce9463e8c1739c47616b730/gnocchi.df7d8826-b193-4d8b-a5e1-56a2b770d2b9/none_v3" 201 - "PUT http://localhost:8080/v1/AUTH_935697089ce9463e8c1739c47616b730/gnocchi.df7d8826-b193-4d8b-a5e1-56a2b770d2b9/none_v3" "txe467094f040a4d7cb4735-0069b43bc3" "proxy-server 21" 0.0070 "-" 25 0
Mar 13 16:30:59 standalone proxy-server[127105]: 172.18.0.2 ::1 13/Mar/2026/16/30/59 PUT /v1/AUTH_935697089ce9463e8c1739c47616b730/gnocchi.df7d8826-b193-4d8b-a5e1-56a2b770d2b9/none_v3 HTTP/1.0 201 - python-swiftclient-3.11.1 gAAAAABptDsXUp2K... 22 - - txe467094f040a4d7cb4735-0069b43bc3 - 0.0115 - - 1773419459.973151207 1773419459.984689236 0
Mar 13 16:31:00 standalone container-server[125036]: 172.20.0.100 - - [13/Mar/2026:16:31:00 +0000] "HEAD /d1/852/AUTH_935697089ce9463e8c1739c47616b730/gnocchi.186bc08f-895f-45a2-9e2b-08318352bf00" 404 - "HEAD http://localhost:8080/v1/AUTH_935697089ce9463e8c1739c47616b730/gnocchi.186bc08f-895f-45a2-9e2b-08318352bf00?format=json&states=listing" "txd92671f6ac264f8bb5a97-0069b43bc4" "proxy-server 21" 0.0006 "-" 21 0
Mar 13 16:31:00 standalone object-server[125349]: 172.20.0.100 - - [13/Mar/2026:16:31:00 +0000] "GET /d1/193/AUTH_935697089ce9463e8c1739c47616b730/gnocchi.186bc08f-895f-45a2-9e2b-08318352bf00/none_v3" 404 70 "GET http://localhost:8080/v1/AUTH_935697089ce9463e8c1739c47616b730/gnocchi.186bc08f-895f-45a2-9e2b-08318352bf00/none_v3" "txd92671f6ac264f8bb5a97-0069b43bc4" "proxy-server 21" 0.0003 "-" 24 0
Mar 13 16:31:00 standalone proxy-server[127105]: 172.18.0.2 ::1 13/Mar/2026/16/31/00 GET /v1/AUTH_935697089ce9463e8c1739c47616b730/gnocchi.186bc08f-895f-45a2-9e2b-08318352bf00/none_v3 HTTP/1.0 404 - python-swiftclient-3.11.1 gAAAAABptDsXUp2K... - 70 - txd92671f6ac264f8bb5a97-0069b43bc4 - 0.0078 - - 1773419460.018967628 1773419460.026730299 0
Mar 13 16:31:00 standalone account-server[124871]: 172.20.0.100 - - [13/Mar/2026:16:31:00 +0000] "PUT /d1/322/AUTH_935697089ce9463e8c1739c47616b730/gnocchi.186bc08f-895f-45a2-9e2b-08318352bf00" 201 - "PUT http://172.20.0.100:6001/d1/852/AUTH_935697089ce9463e8c1739c47616b730/gnocchi.186bc08f-895f-45a2-9e2b-08318352bf00" "txc3d4215c62644d76a82e8-0069b43bc4" "container-server 23" 0.0046 "-" 22 0
Mar 13 16:31:00 standalone container-server[125044]: 172.20.0.100 - - [13/Mar/2026:16:31:00 +0000] "PUT /d1/852/AUTH_935697089ce9463e8c1739c47616b730/gnocchi.186bc08f-895f-45a2-9e2b-08318352bf00" 201 - "PUT http://localhost:8080/v1/AUTH_935697089ce9463e8c1739c47616b730/gnocchi.186bc08f-895f-45a2-9e2b-08318352bf00" "txc3d4215c62644d76a82e8-0069b43bc4" "proxy-server 21" 0.0148 "-" 23 0
