Mar 13 16:31:00 standalone proxy-server[127105]: - - 13/Mar/2026/16/31/00 HEAD /v1/AUTH_935697089ce9463e8c1739c47616b730/gnocchi.320abea2-b5fe-4a4f-99b7-b0d7ca6b47af%3Fformat%3Djson%26states%3Dlisting HTTP/1.0 204 - Swift - - - - txcba683bb8dff4987ac224-0069b43bc4 - 0.0065 RL - 1773419460.864863634 1773419460.871359348 0
Mar 13 16:31:00 standalone container-server[125043]: 172.20.0.100 - - [13/Mar/2026:16:31:00 +0000] "GET /d1/299/AUTH_935697089ce9463e8c1739c47616b730/gnocchi.320abea2-b5fe-4a4f-99b7-b0d7ca6b47af" 200 2 "GET http://localhost:8080/v1/AUTH_935697089ce9463e8c1739c47616b730/gnocchi.320abea2-b5fe-4a4f-99b7-b0d7ca6b47af?format=json&states=listing" "txcba683bb8dff4987ac224-0069b43bc4" "proxy-server 21" 0.0022 "-" 22 0
Mar 13 16:31:00 standalone proxy-server[127105]: 172.18.0.2 ::1 13/Mar/2026/16/31/00 GET /v1/AUTH_935697089ce9463e8c1739c47616b730/gnocchi.320abea2-b5fe-4a4f-99b7-b0d7ca6b47af%3Fformat%3Djson%26states%3Dlisting HTTP/1.0 200 - python-swiftclient-3.11.1 gAAAAABptDsXUp2K... - 2 - txcba683bb8dff4987ac224-0069b43bc4 - 0.0214 - - 1773419460.862936020 1773419460.884303331 0
Mar 13 16:31:00 standalone object-server[125349]: 172.20.0.100 - - [13/Mar/2026:16:31:00 +0000] "GET /d1/542/AUTH_935697089ce9463e8c1739c47616b730/gnocchi.320abea2-b5fe-4a4f-99b7-b0d7ca6b47af/1773360000.0_mean_300.0_v3" 404 70 "GET http://localhost:8080/v1/AUTH_935697089ce9463e8c1739c47616b730/gnocchi.320abea2-b5fe-4a4f-99b7-b0d7ca6b47af/1773360000.0_mean_300.0_v3" "txb9e20f50283341cb90580-0069b43bc4" "proxy-server 21" 0.0005 "-" 24 0
Mar 13 16:31:00 standalone proxy-server[127105]: 172.18.0.2 ::1 13/Mar/2026/16/31/00 GET /v1/AUTH_935697089ce9463e8c1739c47616b730/gnocchi.320abea2-b5fe-4a4f-99b7-b0d7ca6b47af/1773360000.0_mean_300.0_v3 HTTP/1.0 404 - python-swiftclient-3.11.1 gAAAAABptDsXUp2K... - 70 - txb9e20f50283341cb90580-0069b43bc4 - 0.0089 - - 1773419460.890477896 1773419460.899406195 0
Mar 13 16:31:00 standalone container-server[125032]: 172.20.0.100 - - [13/Mar/2026:16:31:00 +0000] "PUT /d1/299/AUTH_935697089ce9463e8c1739c47616b730/gnocchi.320abea2-b5fe-4a4f-99b7-b0d7ca6b47af/1773360000.0_mean_300.0_v3" 201 - "PUT http://localhost:8080/d1/542/AUTH_935697089ce9463e8c1739c47616b730/gnocchi.320abea2-b5fe-4a4f-99b7-b0d7ca6b47af/1773360000.0_mean_300.0_v3" "tx08d9769ae50043bf8720d-0069b43bc4" "object-server 25" 0.0008 "-" 20 0
Mar 13 16:31:00 standalone object-server[125358]: 172.20.0.100 - - [13/Mar/2026:16:31:00 +0000] "PUT /d1/542/AUTH_935697089ce9463e8c1739c47616b730/gnocchi.320abea2-b5fe-4a4f-99b7-b0d7ca6b47af/1773360000.0_mean_300.0_v3" 201 - "PUT http://localhost:8080/v1/AUTH_935697089ce9463e8c1739c47616b730/gnocchi.320abea2-b5fe-4a4f-99b7-b0d7ca6b47af/1773360000.0_mean_300.0_v3" "tx08d9769ae50043bf8720d-0069b43bc4" "proxy-server 21" 0.0133 "-" 25 0
Mar 13 16:31:00 standalone proxy-server[127105]: 172.18.0.2 ::1 13/Mar/2026/16/31/00 PUT /v1/AUTH_935697089ce9463e8c1739c47616b730/gnocchi.320abea2-b5fe-4a4f-99b7-b0d7ca6b47af/1773360000.0_mean_300.0_v3 HTTP/1.0 201 - python-swiftclient-3.11.1 gAAAAABptDsXUp2K... 16 - - tx08d9769ae50043bf8720d-0069b43bc4 - 0.0228 - - 1773419460.907451630 1773419460.930294037 0
Mar 13 16:31:00 standalone container-server[125032]: 172.20.0.100 - - [13/Mar/2026:16:31:00 +0000] "PUT /d1/299/AUTH_935697089ce9463e8c1739c47616b730/gnocchi.320abea2-b5fe-4a4f-99b7-b0d7ca6b47af/none_v3" 201 - "PUT http://localhost:8080/d1/763/AUTH_935697089ce9463e8c1739c47616b730/gnocchi.320abea2-b5fe-4a4f-99b7-b0d7ca6b47af/none_v3" "txbbd7ec9e44944452ae4ba-0069b43bc4" "object-server 24" 0.0004 "-" 20 0
Mar 13 16:31:00 standalone object-server[125349]: 172.20.0.100 - - [13/Mar/2026:16:31:00 +0000] "PUT /d1/763/AUTH_935697089ce9463e8c1739c47616b730/gnocchi.320abea2-b5fe-4a4f-99b7-b0d7ca6b47af/none_v3" 201 - "PUT http://localhost:8080/v1/AUTH_935697089ce9463e8c1739c47616b730/gnocchi.320abea2-b5fe-4a4f-99b7-b0d7ca6b47af/none_v3" "txbbd7ec9e44944452ae4ba-0069b43bc4" "proxy-server 21" 0.0102 "-" 24 0
Mar 13 16:31:00 standalone proxy-server[127105]: 172.18.0.2 ::1 13/Mar/2026/16/31/00 PUT /v1/AUTH_935697089ce9463e8c1739c47616b730/gnocchi.320abea2-b5fe-4a4f-99b7-b0d7ca6b47af/none_v3 HTTP/1.0 201 - python-swiftclient-3.11.1 gAAAAABptDsXUp2K... 22 - - txbbd7ec9e44944452ae4ba-0069b43bc4 - 0.0181 - - 1773419460.935384274 1773419460.953505754 0
Mar 13 16:31:00 standalone container-server[125036]: 172.20.0.100 - - [13/Mar/2026:16:31:00 +0000] "HEAD /d1/117/AUTH_935697089ce9463e8c1739c47616b730/gnocchi.362d9abb-8109-4418-9fbf-11e533e86c6f" 404 - "HEAD http://localhost:8080/v1/AUTH_935697089ce9463e8c1739c47616b730/gnocchi.362d9abb-8109-4418-9fbf-11e533e86c6f?format=json&states=listing" "txe23eb7ea377c432ab6610-0069b43bc4" "proxy-server 21" 0.0005 "-" 21 0
Mar 13 16:31:00 standalone object-server[125340]: 172.20.0.100 - - [13/Mar/2026:16:31:00 +0000] "GET /d1/680/AUTH_935697089ce9463e8c1739c47616b730/gnocchi.362d9abb-8109-4418-9fbf-11e533e86c6f/none_v3" 404 70 "GET http://localhost:8080/v1/AUTH_935697089ce9463e8c1739c47616b730/gnocchi.362d9abb-8109-4418-9fbf-11e533e86c6f/none_v3" "txe23eb7ea377c432ab6610-0069b43bc4" "proxy-server 21" 0.0004 "-" 23 0
Mar 13 16:31:00 standalone proxy-server[127105]: 172.18.0.2 ::1 13/Mar/2026/16/31/00 GET /v1/AUTH_935697089ce9463e8c1739c47616b730/gnocchi.362d9abb-8109-4418-9fbf-11e533e86c6f/none_v3 HTTP/1.0 404 - python-swiftclient-3.11.1 gAAAAABptDsXUp2K... - 70 - txe23eb7ea377c432ab6610-0069b43bc4 - 0.0146 - - 1773419460.971000433 1773419460.985621691 0
Mar 13 16:31:01 standalone account-server[124878]: 172.20.0.100 - - [13/Mar/2026:16:31:01 +0000] "PUT /d1/322/AUTH_935697089ce9463e8c1739c47616b730/gnocchi.362d9abb-8109-4418-9fbf-11e533e86c6f" 201 - "PUT http://172.20.0.100:6001/d1/117/AUTH_935697089ce9463e8c1739c47616b730/gnocchi.362d9abb-8109-4418-9fbf-11e533e86c6f" "tx9788e63b7713499880014-0069b43bc4" "container-server 21" 0.0066 "-" 23 0
Mar 13 16:31:01 standalone container-server[125036]: 172.20.0.100 - - [13/Mar/2026:16:31:01 +0000] "PUT /d1/117/AUTH_935697089ce9463e8c1739c47616b730/gnocchi.362d9abb-8109-4418-9fbf-11e533e86c6f" 201 - "PUT http://localhost:8080/v1/AUTH_935697089ce9463e8c1739c47616b730/gnocchi.362d9abb-8109-4418-9fbf-11e533e86c6f" "tx9788e63b7713499880014-0069b43bc4" "proxy-server 21" 0.0219 "-" 21 0
Mar 13 16:31:01 standalone proxy-server[127105]: 172.18.0.2 ::1 13/Mar/2026/16/31/01 PUT /v1/AUTH_935697089ce9463e8c1739c47616b730/gnocchi.362d9abb-8109-4418-9fbf-11e533e86c6f HTTP/1.0 201 - python-swiftclient-3.11.1 gAAAAABptDsXUp2K... - - - tx9788e63b7713499880014-0069b43bc4 - 0.0304 - - 1773419460.992491961 1773419461.022864580 0
Mar 13 16:31:01 standalone container-server[125044]: 172.20.0.100 - - [13/Mar/2026:16:31:01 +0000] "HEAD /d1/117/AUTH_935697089ce9463e8c1739c47616b730/gnocchi.362d9abb-8109-4418-9fbf-11e533e86c6f" 204 - "HEAD http://localhost:8080/v1/AUTH_935697089ce9463e8c1739c47616b730/gnocchi.362d9abb-8109-4418-9fbf-11e533e86c6f?format=json&states=listing" "tx139a1088d9cd457fadeb7-0069b43bc5" "proxy-server 21" 0.0025 "-" 23 0
Mar 13 16:31:01 standalone proxy-server[127105]: - - 13/Mar/2026/16/31/01 HEAD /v1/AUTH_935697089ce9463e8c1739c47616b730/gnocchi.362d9abb-8109-4418-9fbf-11e533e86c6f%3Fformat%3Djson%26states%3Dlisting HTTP/1.0 204 - Swift - - - - tx139a1088d9cd457fadeb7-0069b43bc5 - 0.0076 RL - 1773419461.030695200 1773419461.038330793 0
Mar 13 16:31:01 standalone container-server[125036]: 172.20.0.100 - - [13/Mar/2026:16:31:01 +0000] "GET /d1/117/AUTH_935697089ce9463e8c1739c47616b730/gnocchi.362d9abb-8109-4418-9fbf-11e533e86c6f" 200 2 "GET http://localhost:8080/v1/AUTH_935697089ce9463e8c1739c47616b730/gnocchi.362d9abb-8109-4418-9fbf-11e533e86c6f?format=json&states=listing" "tx139a1088d9cd457fadeb7-0069b43bc5" "proxy-server 21" 0.0030 "-" 21 0
Mar 13 16:31:01 standalone proxy-server[127105]: 172.18.0.2 ::1 13/Mar/2026/16/31/01 GET /v1/AUTH_935697089ce9463e8c1739c47616b730/gnocchi.362d9abb-8109-4418-9fbf-11e533e86c6f%3Fformat%3Djson%26states%3Dlisting HTTP/1.0 200 - python-swiftclient-3.11.1 gAAAAABptDsXUp2K... - 2 - tx139a1088d9cd457fadeb7-0069b43bc5 - 0.0210 - - 1773419461.028596640 1773419461.049609900 0
Mar 13 16:31:01 standalone object-server[125358]: 172.20.0.100 - - [13/Mar/2026:16:31:01 +0000] "GET /d1/304/AUTH_935697089ce9463e8c1739c47616b730/gnocchi.362d9abb-8109-4418-9fbf-11e533e86c6f/1773360000.0_mean_300.0_v3" 404 70 "GET http://localhost:8080/v1/AUTH_935697089ce9463e8c1739c47616b730/gnocchi.362d9abb-8109-4418-9fbf-11e533e86c6f/1773360000.0_mean_300.0_v3" "tx2a4b23339316491c9609b-0069b43bc5" "proxy-server 21" 0.0006 "-" 25 0
Mar 13 16:31:01 standalone proxy-server[127105]: 172.18.0.2 ::1 13/Mar/2026/16/31/01 GET /v1/AUTH_935697089ce9463e8c1739c47616b730/gnocchi.362d9abb-8109-4418-9fbf-11e533e86c6f/1773360000.0_mean_300.0_v3 HTTP/1.0 404 - python-swiftclient-3.11.1 gAAAAABptDsXUp2K... - 70 - tx2a4b23339316491c9609b-0069b43bc5 - 0.0073 - - 1773419461.055037498 1773419461.062331676 0
Mar 13 16:31:01 standalone container-server[125036]: 172.20.0.100 - - [13/Mar/2026:16:31:01 +0000] "PUT /d1/117/AUTH_935697089ce9463e8c1739c47616b730/gnocchi.362d9abb-8109-4418-9fbf-11e533e86c6f/1773360000.0_mean_300.0_v3" 201 - "PUT http://localhost:8080/d1/304/AUTH_935697089ce9463e8c1739c47616b730/gnocchi.362d9abb-8109-4418-9fbf-11e533e86c6f/1773360000.0_mean_300.0_v3" "tx44f5ed930c5143c399138-0069b43bc5" "object-server 22" 0.0007 "-" 21 0
Mar 13 16:31:01 standalone object-server[125329]: 172.20.0.100 - - [13/Mar/2026:16:31:01 +0000] "PUT /d1/304/AUTH_935697089ce9463e8c1739c47616b730/gnocchi.362d9abb-8109-4418-9fbf-11e533e86c6f/1773360000.0_mean_300.0_v3" 201 - "PUT http://localhost:8080/v1/AUTH_935697089ce9463e8c1739c47616b730/gnocchi.362d9abb-8109-4418-9fbf-11e533e86c6f/1773360000.0_mean_300.0_v3" "tx44f5ed930c5143c399138-0069b43bc5" "proxy-server 21" 0.0110 "-" 22 0
Mar 13 16:31:01 standalone proxy-server[127105]: 172.18.0.2 ::1 13/Mar/2026/16/31/01 PUT /v1/AUTH_935697089ce9463e8c1739c47616b730/gnocchi.362d9abb-8109-4418-9fbf-11e533e86c6f/1773360000.0_mean_300.0_v3 HTTP/1.0 201 - python-swiftclient-3.11.1 gAAAAABptDsXUp2K... 16 - - tx44f5ed930c5143c399138-0069b43bc5 - 0.0168 - - 1773419461.066924095 1773419461.083707571 0
Mar 13 16:31:01 standalone container-server[125032]: 172.20.0.100 - - [13/Mar/2026:16:31:01 +0000] "PUT /d1/117/AUTH_935697089ce9463e8c1739c47616b730/gnocchi.362d9abb-8109-4418-9fbf-11e533e86c6f/none_v3" 201 - "PUT http://localhost:8080/d1/680/AUTH_935697089ce9463e8c1739c47616b730/gnocchi.362d9abb-8109-4418-9fbf-11e533e86c6f/none_v3" "tx715f567c062b48c1bc8e1-0069b43bc5" "object-server 24" 0.0011 "-" 20 0
Mar 13 16:31:01 standalone object-server[125349]: 172.20.0.100 - - [13/Mar/2026:16:31:01 +0000] "PUT /d1/680/AUTH_935697089ce9463e8c1739c47616b730/gnocchi.362d9abb-8109-4418-9fbf-11e533e86c6f/none_v3" 201 - "PUT http://localhost:8080/v1/AUTH_935697089ce9463e8c1739c47616b730/gnocchi.362d9abb-8109-4418-9fbf-11e533e86c6f/none_v3" "tx715f567c062b48c1bc8e1-0069b43bc5" "proxy-server 21" 0.0116 "-" 24 0
Mar 13 16:31:01 standalone proxy-server[127105]: 172.18.0.2 ::1 13/Mar/2026/16/31/01 PUT /v1/AUTH_935697089ce9463e8c1739c47616b730/gnocchi.362d9abb-8109-4418-9fbf-11e533e86c6f/none_v3 HTTP/1.0 201 - python-swiftclient-3.11.1 gAAAAABptDsXUp2K... 22 - - tx715f567c062b48c1bc8e1-0069b43bc5 - 0.0177 - - 1773419461.087536573 1773419461.105203152 0
Mar 13 16:31:01 standalone container-server[125044]: 172.20.0.100 - - [13/Mar/2026:16:31:01 +0000] "HEAD /d1/904/AUTH_935697089ce9463e8c1739c47616b730/gnocchi.8070d394-0f1d-4112-84aa-39ddb5186630" 404 - "HEAD http://localhost:8080/v1/AUTH_935697089ce9463e8c1739c47616b730/gnocchi.8070d394-0f1d-4112-84aa-39ddb5186630?format=json&states=listing" "tx4cde83234e6e4c35a56fe-0069b43bc5" "proxy-server 21" 0.0006 "-" 23 0
Mar 13 16:31:01 standalone object-server[125358]: 172.20.0.100 - - [13/Mar/2026:16:31:01 +0000] "GET /d1/711/AUTH_935697089ce9463e8c1739c47616b730/gnocchi.8070d394-0f1d-4112-84aa-39ddb5186630/none_v3" 404 70 "GET http://localhost:8080/v1/AUTH_935697089ce9463e8c1739c47616b730/gnocchi.8070d394-0f1d-4112-84aa-39ddb5186630/none_v3" "tx4cde83234e6e4c35a56fe-0069b43bc5" "proxy-server 21" 0.0007 "-" 25 0
Mar 13 16:31:01 standalone proxy-server[127105]: 172.18.0.2 ::1 13/Mar/2026/16/31/01 GET /v1/AUTH_935697089ce9463e8c1739c47616b730/gnocchi.8070d394-0f1d-4112-84aa-39ddb5186630/none_v3 HTTP/1.0 404 - python-swiftclient-3.11.1 gAAAAABptDsXUp2K... - 70 - tx4cde83234e6e4c35a56fe-0069b43bc5 - 0.0154 - - 1773419461.120894432 1773419461.136328220 0
Mar 13 16:31:01 standalone account-server[124878]: 172.20.0.100 - - [13/Mar/2026:16:31:01 +0000] "PUT /d1/322/AUTH_935697089ce9463e8c1739c47616b730/gnocchi.8070d394-0f1d-4112-84aa-39ddb5186630" 201 - "PUT http://172.20.0.100:6001/d1/904/AUTH_935697089ce9463e8c1739c47616b730/gnocchi.8070d394-0f1d-4112-84aa-39ddb5186630" "txb29ac9de2854441eb043e-0069b43bc5" "container-server 23" 0.0060 "-" 23 0
Mar 13 16:31:01 standalone container-server[125044]: 172.20.0.100 - - [13/Mar/2026:16:31:01 +0000] "PUT /d1/904/AUTH_935697089ce9463e8c1739c47616b730/gnocchi.8070d394-0f1d-4112-84aa-39ddb5186630" 201 - "PUT http://localhost:8080/v1/AUTH_935697089ce9463e8c1739c47616b730/gnocchi.8070d394-0f1d-4112-84aa-39ddb5186630" "txb29ac9de2854441eb043e-0069b43bc5" "proxy-server 21" 0.0220 "-" 23 0
Mar 13 16:31:01 standalone proxy-server[127105]: 172.18.0.2 ::1 13/Mar/2026/16/31/01 PUT /v1/AUTH_935697089ce9463e8c1739c47616b730/gnocchi.8070d394-0f1d-4112-84aa-39ddb5186630 HTTP/1.0 201 - python-swiftclient-3.11.1 gAAAAABptDsXUp2K... - - - txb29ac9de2854441eb043e-0069b43bc5 - 0.0296 - - 1773419461.142005920 1773419461.171600580 0
Mar 13 16:31:01 standalone container-server[125043]: 172.20.0.100 - - [13/Mar/2026:16:31:01 +0000] "HEAD /d1/904/AUTH_935697089ce9463e8c1739c47616b730/gnocchi.8070d394-0f1d-4112-84aa-39ddb5186630" 204 - "HEAD http://localhost:8080/v1/AUTH_935697089ce9463e8c1739c47616b730/gnocchi.8070d394-0f1d-4112-84aa-39ddb5186630?format=json&states=listing" "tx3479bf9510134c7a9c758-0069b43bc5" "proxy-server 21" 0.0023 "-" 22 0
Mar 13 16:31:01 standalone proxy-server[127105]: - - 13/Mar/2026/16/31/01 HEAD /v1/AUTH_935697089ce9463e8c1739c47616b730/gnocchi.8070d394-0f1d-4112-84aa-39ddb5186630%3Fformat%3Djson%26states%3Dlisting HTTP/1.0 204 - Swift - - - - tx3479bf9510134c7a9c758-0069b43bc5 - 0.0130 RL - 1773419461.179983616 1773419461.192948580 0
Mar 13 16:31:01 standalone container-server[125043]: 172.20.0.100 - - [13/Mar/2026:16:31:01 +0000] "GET /d1/904/AUTH_935697089ce9463e8c1739c47616b730/gnocchi.8070d394-0f1d-4112-84aa-39ddb5186630" 200 2 "GET http://localhost:8080/v1/AUTH_935697089ce9463e8c1739c47616b730/gnocchi.8070d394-0f1d-4112-84aa-39ddb5186630?format=json&states=listing" "tx3479bf9510134c7a9c758-0069b43bc5" "proxy-server 21" 0.0044 "-" 22 0
Mar 13 16:31:01 standalone proxy-server[127105]: 172.18.0.2 ::1 13/Mar/2026/16/31/01 GET /v1/AUTH_935697089ce9463e8c1739c47616b730/gnocchi.8070d394-0f1d-4112-84aa-39ddb5186630%3Fformat%3Djson%26states%3Dlisting HTTP/1.0 200 - python-swiftclient-3.11.1 gAAAAABptDsXUp2K... - 2 - tx3479bf9510134c7a9c758-0069b43bc5 - 0.0312 - - 1773419461.178024054 1773419461.209226847 0
Mar 13 16:31:01 standalone object-server[125358]: 172.20.0.100 - - [13/Mar/2026:16:31:01 +0000] "GET /d1/127/AUTH_935697089ce9463e8c1739c47616b730/gnocchi.8070d394-0f1d-4112-84aa-39ddb5186630/1773360000.0_mean_300.0_v3" 404 70 "GET http://localhost:8080/v1/AUTH_935697089ce9463e8c1739c47616b730/gnocchi.8070d394-0f1d-4112-84aa-39ddb5186630/1773360000.0_mean_300.0_v3" "tx43f8b22b3a43497c80a3f-0069b43bc5" "proxy-server 21" 0.0008 "-" 25 0
Mar 13 16:31:01 standalone proxy-server[127105]: 172.18.0.2 ::1 13/Mar/2026/16/31/01 GET /v1/AUTH_935697089ce9463e8c1739c47616b730/gnocchi.8070d394-0f1d-4112-84aa-39ddb5186630/1773360000.0_mean_300.0_v3 HTTP/1.0 404 - python-swiftclient-3.11.1 gAAAAABptDsXUp2K... - 70 - tx43f8b22b3a43497c80a3f-0069b43bc5 - 0.0130 - - 1773419461.214990854 1773419461.227998734 0
Mar 13 16:31:01 standalone container-server[125036]: 172.20.0.100 - - [13/Mar/2026:16:31:01 +0000] "PUT /d1/904/AUTH_935697089ce9463e8c1739c47616b730/gnocchi.8070d394-0f1d-4112-84aa-39ddb5186630/1773360000.0_mean_300.0_v3" 201 - "PUT http://localhost:8080/d1/127/AUTH_935697089ce9463e8c1739c47616b730/gnocchi.8070d394-0f1d-4112-84aa-39ddb5186630/1773360000.0_mean_300.0_v3" "txfea4c54527894e4dbc710-0069b43bc5" "object-server 24" 0.0010 "-" 21 0
Mar 13 16:31:01 standalone object-server[125349]: 172.20.0.100 - - [13/Mar/2026:16:31:01 +0000] "PUT /d1/127/AUTH_935697089ce9463e8c1739c47616b730/gnocchi.8070d394-0f1d-4112-84aa-39ddb5186630/1773360000.0_mean_300.0_v3" 201 - "PUT http://localhost:8080/v1/AUTH_935697089ce9463e8c1739c47616b730/gnocchi.8070d394-0f1d-4112-84aa-39ddb5186630/1773360000.0_mean_300.0_v3" "txfea4c54527894e4dbc710-0069b43bc5" "proxy-server 21" 0.0126 "-" 24 0
Mar 13 16:31:01 standalone proxy-server[127105]: 172.18.0.2 ::1 13/Mar/2026/16/31/01 PUT /v1/AUTH_935697089ce9463e8c1739c47616b730/gnocchi.8070d394-0f1d-4112-84aa-39ddb5186630/1773360000.0_mean_300.0_v3 HTTP/1.0 201 - python-swiftclient-3.11.1 gAAAAABptDsXUp2K... 16 - - txfea4c54527894e4dbc710-0069b43bc5 - 0.0241 - - 1773419461.233707428 1773419461.257765293 0
Mar 13 16:31:01 standalone container-server[125032]: 172.20.0.100 - - [13/Mar/2026:16:31:01 +0000] "PUT /d1/904/AUTH_935697089ce9463e8c1739c47616b730/gnocchi.8070d394-0f1d-4112-84aa-39ddb5186630/none_v3" 201 - "PUT http://localhost:8080/d1/711/AUTH_935697089ce9463e8c1739c47616b730/gnocchi.8070d394-0f1d-4112-84aa-39ddb5186630/none_v3" "tx0fa2ce441a57448ca136d-0069b43bc5" "object-server 23" 0.0006 "-" 20 0
Mar 13 16:31:01 standalone object-server[125340]: 172.20.0.100 - - [13/Mar/2026:16:31:01 +0000] "PUT /d1/711/AUTH_935697089ce9463e8c1739c47616b730/gnocchi.8070d394-0f1d-4112-84aa-39ddb5186630/none_v3" 201 - "PUT http://localhost:8080/v1/AUTH_935697089ce9463e8c1739c47616b730/gnocchi.8070d394-0f1d-4112-84aa-39ddb5186630/none_v3" "tx0fa2ce441a57448ca136d-0069b43bc5" "proxy-server 21" 0.0099 "-" 23 0
Mar 13 16:31:01 standalone proxy-server[127105]: 172.18.0.2 ::1 13/Mar/2026/16/31/01 PUT /v1/AUTH_935697089ce9463e8c1739c47616b730/gnocchi.8070d394-0f1d-4112-84aa-39ddb5186630/none_v3 HTTP/1.0 201 - python-swiftclient-3.11.1 gAAAAABptDsXUp2K... 22 - - tx0fa2ce441a57448ca136d-0069b43bc5 - 0.0186 - - 1773419461.262066364 1773419461.280631781 0
Mar 13 16:31:01 standalone container-server[125032]: 172.20.0.100 - - [13/Mar/2026:16:31:01 +0000] "HEAD /d1/786/AUTH_935697089ce9463e8c1739c47616b730/gnocchi.d9569af1-fac6-434e-9043-2f645da4c526" 404 - "HEAD http://localhost:8080/v1/AUTH_935697089ce9463e8c1739c47616b730/gnocchi.d9569af1-fac6-434e-9043-2f645da4c526?format=json&states=listing" "tx7d99357b2b334f0dae2d7-0069b43bc5" "proxy-server 21" 0.0003 "-" 20 0
Mar 13 16:31:01 standalone object-server[125349]: 172.20.0.100 - - [13/Mar/2026:16:31:01 +0000] "GET /d1/836/AUTH_935697089ce9463e8c1739c47616b730/gnocchi.d9569af1-fac6-434e-9043-2f645da4c526/none_v3" 404 70 "GET http://localhost:8080/v1/AUTH_935697089ce9463e8c1739c47616b730/gnocchi.d9569af1-fac6-434e-9043-2f645da4c526/none_v3" "tx7d99357b2b334f0dae2d7-0069b43bc5" "proxy-server 21" 0.0004 "-" 24 0
Mar 13 16:31:01 standalone proxy-server[127105]: 172.18.0.2 ::1 13/Mar/2026/16/31/01 GET /v1/AUTH_935697089ce9463e8c1739c47616b730/gnocchi.d9569af1-fac6-434e-9043-2f645da4c526/none_v3 HTTP/1.0 404 - python-swiftclient-3.11.1 gAAAAABptDsXUp2K... - 70 - tx7d99357b2b334f0dae2d7-0069b43bc5 - 0.0121 - - 1773419461.296189785 1773419461.308331966 0
Mar 13 16:31:01 standalone account-server[124871]: 172.20.0.100 - - [13/Mar/2026:16:31:01 +0000] "PUT /d1/322/AUTH_935697089ce9463e8c1739c47616b730/gnocchi.d9569af1-fac6-434e-9043-2f645da4c526" 201 - "PUT http://172.20.0.100:6001/d1/786/AUTH_935697089ce9463e8c1739c47616b730/gnocchi.d9569af1-fac6-434e-9043-2f645da4c526" "tx753f8feae6a34ecbb8e0e-0069b43bc5" "container-server 21" 0.0072 "-" 22 0
Mar 13 16:31:01 standalone container-server[125036]: 172.20.0.100 - - [13/Mar/2026:16:31:01 +0000] "PUT /d1/786/AUTH_935697089ce9463e8c1739c47616b730/gnocchi.d9569af1-fac6-434e-9043-2f645da4c526" 201 - "PUT http://localhost:8080/v1/AUTH_935697089ce9463e8c1739c47616b730/gnocchi.d9569af1-fac6-434e-9043-2f645da4c526" "tx753f8feae6a34ecbb8e0e-0069b43bc5" "proxy-server 21" 0.0211 "-" 21 0
Mar 13 16:31:01 standalone proxy-server[127105]: 172.18.0.2 ::1 13/Mar/2026/16/31/01 PUT /v1/AUTH_935697089ce9463e8c1739c47616b730/gnocchi.d9569af1-fac6-434e-9043-2f645da4c526 HTTP/1.0 201 - python-swiftclient-3.11.1 gAAAAABptDsXUp2K... - - - tx753f8feae6a34ecbb8e0e-0069b43bc5 - 0.0300 - - 1773419461.312761545 1773419461.342782497 0
Mar 13 16:31:01 standalone container-server[125036]: 172.20.0.100 - - [13/Mar/2026:16:31:01 +0000] "HEAD /d1/786/AUTH_935697089ce9463e8c1739c47616b730/gnocchi.d9569af1-fac6-434e-9043-2f645da4c526" 204 - "HEAD http://localhost:8080/v1/AUTH_935697089ce9463e8c1739c47616b730/gnocchi.d9569af1-fac6-434e-9043-2f645da4c526?format=json&states=listing" "txa29b9485f3b5437587a83-0069b43bc5" "proxy-server 21" 0.0022 "-" 21 0
Mar 13 16:31:01 standalone proxy-server[127105]: - - 13/Mar/2026/16/31/01 HEAD /v1/AUTH_935697089ce9463e8c1739c47616b730/gnocchi.d9569af1-fac6-434e-9043-2f645da4c526%3Fformat%3Djson%26states%3Dlisting HTTP/1.0 204 - Swift - - - - txa29b9485f3b5437587a83-0069b43bc5 - 0.0071 RL - 1773419461.351649046 1773419461.358745575 0
Mar 13 16:31:01 standalone container-server[125044]: 172.20.0.100 - - [13/Mar/2026:16:31:01 +0000] "GET /d1/786/AUTH_935697089ce9463e8c1739c47616b730/gnocchi.d9569af1-fac6-434e-9043-2f645da4c526" 200 2 "GET http://localhost:8080/v1/AUTH_935697089ce9463e8c1739c47616b730/gnocchi.d9569af1-fac6-434e-9043-2f645da4c526?format=json&states=listing" "txa29b9485f3b5437587a83-0069b43bc5" "proxy-server 21" 0.0045 "-" 23 0
Mar 13 16:31:01 standalone proxy-server[127105]: 172.18.0.2 ::1 13/Mar/2026/16/31/01 GET /v1/AUTH_935697089ce9463e8c1739c47616b730/gnocchi.d9569af1-fac6-434e-9043-2f645da4c526%3Fformat%3Djson%26states%3Dlisting HTTP/1.0 200 - python-swiftclient-3.11.1 gAAAAABptDsXUp2K... - 2 - txa29b9485f3b5437587a83-0069b43bc5 - 0.0233 - - 1773419461.349715471 1773419461.372989893 0
Mar 13 16:31:01 standalone object-server[125340]: 172.20.0.100 - - [13/Mar/2026:16:31:01 +0000] "GET /d1/674/AUTH_935697089ce9463e8c1739c47616b730/gnocchi.d9569af1-fac6-434e-9043-2f645da4c526/1773360000.0_mean_300.0_v3" 404 70 "GET http://localhost:8080/v1/AUTH_935697089ce9463e8c1739c47616b730/gnocchi.d9569af1-fac6-434e-9043-2f645da4c526/1773360000.0_mean_300.0_v3" "txe4f1c692aac444c5aaf07-0069b43bc5" "proxy-server 21" 0.0006 "-" 23 0
Mar 13 16:31:01 standalone proxy-server[127105]: 172.18.0.2 ::1 13/Mar/2026/16/31/01 GET /v1/AUTH_935697089ce9463e8c1739c47616b730/gnocchi.d9569af1-fac6-434e-9043-2f645da4c526/1773360000.0_mean_300.0_v3 HTTP/1.0 404 - python-swiftclient-3.11.1 gAAAAABptDsXUp2K... - 70 - txe4f1c692aac444c5aaf07-0069b43bc5 - 0.0086 - - 1773419461.379029274 1773419461.387601137 0
Mar 13 16:31:01 standalone container-server[125032]: 172.20.0.100 - - [13/Mar/2026:16:31:01 +0000] "PUT /d1/786/AUTH_935697089ce9463e8c1739c47616b730/gnocchi.d9569af1-fac6-434e-9043-2f645da4c526/1773360000.0_mean_300.0_v3" 201 - "PUT http://localhost:8080/d1/674/AUTH_935697089ce9463e8c1739c47616b730/gnocchi.d9569af1-fac6-434e-9043-2f645da4c526/1773360000.0_mean_300.0_v3" "tx8073bab50bd74e3ab8c3a-0069b43bc5" "object-server 22" 0.0009 "-" 20 0
Mar 13 16:31:01 standalone object-server[125329]: 172.20.0.100 - - [13/Mar/2026:16:31:01 +0000] "PUT /d1/674/AUTH_935697089ce9463e8c1739c47616b730/gnocchi.d9569af1-fac6-434e-9043-2f645da4c526/1773360000.0_mean_300.0_v3" 201 - "PUT http://localhost:8080/v1/AUTH_935697089ce9463e8c1739c47616b730/gnocchi.d9569af1-fac6-434e-9043-2f645da4c526/1773360000.0_mean_300.0_v3" "tx8073bab50bd74e3ab8c3a-0069b43bc5" "proxy-server 21" 0.0130 "-" 22 0
Mar 13 16:31:01 standalone proxy-server[127105]: 172.18.0.2 ::1 13/Mar/2026/16/31/01 PUT /v1/AUTH_935697089ce9463e8c1739c47616b730/gnocchi.d9569af1-fac6-434e-9043-2f645da4c526/1773360000.0_mean_300.0_v3 HTTP/1.0 201 - python-swiftclient-3.11.1 gAAAAABptDsXUp2K... 16 - - tx8073bab50bd74e3ab8c3a-0069b43bc5 - 0.0216 - - 1773419461.393231153 1773419461.414800406 0
Mar 13 16:31:01 standalone container-server[125044]: 172.20.0.100 - - [13/Mar/2026:16:31:01 +0000] "PUT /d1/786/AUTH_935697089ce9463e8c1739c47616b730/gnocchi.d9569af1-fac6-434e-9043-2f645da4c526/none_v3" 201 - "PUT http://localhost:8080/d1/836/AUTH_935697089ce9463e8c1739c47616b730/gnocchi.d9569af1-fac6-434e-9043-2f645da4c526/none_v3" "tx9d4a1e9cce6a47639bf40-0069b43bc5" "object-server 23" 0.0009 "-" 23 0
Mar 13 16:31:01 standalone object-server[125340]: 172.20.0.100 - - [13/Mar/2026:16:31:01 +0000] "PUT /d1/836/AUTH_935697089ce9463e8c1739c47616b730/gnocchi.d9569af1-fac6-434e-9043-2f645da4c526/none_v3" 201 - "PUT http://localhost:8080/v1/AUTH_935697089ce9463e8c1739c47616b730/gnocchi.d9569af1-fac6-434e-9043-2f645da4c526/none_v3" "tx9d4a1e9cce6a47639bf40-0069b43bc5" "proxy-server 21" 0.0114 "-" 23 0
Mar 13 16:31:01 standalone proxy-server[127105]: 172.18.0.2 ::1 13/Mar/2026/16/31/01 PUT /v1/AUTH_935697089ce9463e8c1739c47616b730/gnocchi.d9569af1-fac6-434e-9043-2f645da4c526/none_v3 HTTP/1.0 201 - python-swiftclient-3.11.1 gAAAAABptDsXUp2K... 22 - - tx9d4a1e9cce6a47639bf40-0069b43bc5 - 0.0191 - - 1773419461.420061350 1773419461.439118147 0
Mar 13 16:31:01 standalone container-server[125036]: 172.20.0.100 - - [13/Mar/2026:16:31:01 +0000] "HEAD /d1/531/AUTH_935697089ce9463e8c1739c47616b730/gnocchi.f60d57f9-5ef9-43dc-9172-528f7756e657" 404 - "HEAD http://localhost:8080/v1/AUTH_935697089ce9463e8c1739c47616b730/gnocchi.f60d57f9-5ef9-43dc-9172-528f7756e657?format=json&states=listing" "tx7963231447344b81a9937-0069b43bc5" "proxy-server 21" 0.0006 "-" 21 0
Mar 13 16:31:01 standalone object-server[125358]: 172.20.0.100 - - [13/Mar/2026:16:31:01 +0000] "GET /d1/326/AUTH_935697089ce9463e8c1739c47616b730/gnocchi.f60d57f9-5ef9-43dc-9172-528f7756e657/none_v3" 404 70 "GET http://localhost:8080/v1/AUTH_935697089ce9463e8c1739c47616b730/gnocchi.f60d57f9-5ef9-43dc-9172-528f7756e657/none_v3" "tx7963231447344b81a9937-0069b43bc5" "proxy-server 21" 0.0005 "-" 25 0
Mar 13 16:31:01 standalone proxy-server[127105]: 172.18.0.2 ::1 13/Mar/2026/16/31/01 GET /v1/AUTH_935697089ce9463e8c1739c47616b730/gnocchi.f60d57f9-5ef9-43dc-9172-528f7756e657/none_v3 HTTP/1.0 404 - python-swiftclient-3.11.1 gAAAAABptDsXUp2K... - 70 - tx7963231447344b81a9937-0069b43bc5 - 0.0139 - - 1773419461.455123901 1773419461.469009399 0
Mar 13 16:31:01 standalone account-server[124866]: 172.20.0.100 - - [13/Mar/2026:16:31:01 +0000] "PUT /d1/322/AUTH_935697089ce9463e8c1739c47616b730/gnocchi.f60d57f9-5ef9-43dc-9172-528f7756e657" 201 - "PUT http://172.20.0.100:6001/d1/531/AUTH_935697089ce9463e8c1739c47616b730/gnocchi.f60d57f9-5ef9-43dc-9172-528f7756e657" "tx7f2f8b7cd34249f594bc8-0069b43bc5" "container-server 20" 0.0067 "-" 21 0
Mar 13 16:31:01 standalone container-server[125032]: 172.20.0.100 - - [13/Mar/2026:16:31:01 +0000] "PUT /d1/531/AUTH_935697089ce9463e8c1739c47616b730/gnocchi.f60d57f9-5ef9-43dc-9172-528f7756e657" 201 - "PUT http://localhost:8080/v1/AUTH_935697089ce9463e8c1739c47616b730/gnocchi.f60d57f9-5ef9-43dc-9172-528f7756e657" "tx7f2f8b7cd34249f594bc8-0069b43bc5" "proxy-server 21" 0.0205 "-" 20 0
Mar 13 16:31:01 standalone proxy-server[127105]: 172.18.0.2 ::1 13/Mar/2026/16/31/01 PUT /v1/AUTH_935697089ce9463e8c1739c47616b730/gnocchi.f60d57f9-5ef9-43dc-9172-528f7756e657 HTTP/1.0 201 - python-swiftclient-3.11.1 gAAAAABptDsXUp2K... - - - tx7f2f8b7cd34249f594bc8-0069b43bc5 - 0.0273 - - 1773419461.473631144 1773419461.500926495 0
Mar 13 16:31:01 standalone container-server[125043]: 172.20.0.100 - - [13/Mar/2026:16:31:01 +0000] "HEAD /d1/531/AUTH_935697089ce9463e8c1739c47616b730/gnocchi.f60d57f9-5ef9-43dc-9172-528f7756e657" 204 - "HEAD http://localhost:8080/v1/AUTH_935697089ce9463e8c1739c47616b730/gnocchi.f60d57f9-5ef9-43dc-9172-528f7756e657?format=json&states=listing" "tx513ba65fc9c34827a2ce5-0069b43bc5" "proxy-server 21" 0.0023 "-" 22 0
Mar 13 16:31:01 standalone proxy-server[127105]: - - 13/Mar/2026/16/31/01 HEAD /v1/AUTH_935697089ce9463e8c1739c47616b730/gnocchi.f60d57f9-5ef9-43dc-9172-528f7756e657%3Fformat%3Djson%26states%3Dlisting HTTP/1.0 204 - Swift - - - - tx513ba65fc9c34827a2ce5-0069b43bc5 - 0.0070 RL - 1773419461.508979559 1773419461.515976429 0
Mar 13 16:31:01 standalone container-server[125032]: 172.20.0.100 - - [13/Mar/2026:16:31:01 +0000] "GET /d1/531/AUTH_935697089ce9463e8c1739c47616b730/gnocchi.f60d57f9-5ef9-43dc-9172-528f7756e657" 200 2 "GET http://localhost:8080/v1/AUTH_935697089ce9463e8c1739c47616b730/gnocchi.f60d57f9-5ef9-43dc-9172-528f7756e657?format=json&states=listing" "tx513ba65fc9c34827a2ce5-0069b43bc5" "proxy-server 21" 0.0030 "-" 20 0
Mar 13 16:31:01 standalone proxy-server[127105]: 172.18.0.2 ::1 13/Mar/2026/16/31/01 GET /v1/AUTH_935697089ce9463e8c1739c47616b730/gnocchi.f60d57f9-5ef9-43dc-9172-528f7756e657%3Fformat%3Djson%26states%3Dlisting HTTP/1.0 200 - python-swiftclient-3.11.1 gAAAAABptDsXUp2K... - 2 - tx513ba65fc9c34827a2ce5-0069b43bc5 - 0.0195 - - 1773419461.507364035 1773419461.526878834 0
Mar 13 16:31:01 standalone object-server[125329]: 172.20.0.100 - - [13/Mar/2026:16:31:01 +0000] "GET /d1/436/AUTH_935697089ce9463e8c1739c47616b730/gnocchi.f60d57f9-5ef9-43dc-9172-528f7756e657/1773360000.0_mean_300.0_v3" 404 70 "GET http://localhost:8080/v1/AUTH_935697089ce9463e8c1739c47616b730/gnocchi.f60d57f9-5ef9-43dc-9172-528f7756e657/1773360000.0_mean_300.0_v3" "tx844dad661e444456bd0a5-0069b43bc5" "proxy-server 21" 0.0005 "-" 22 0
Mar 13 16:31:01 standalone proxy-server[127105]: 172.18.0.2 ::1 13/Mar/2026/16/31/01 GET /v1/AUTH_935697089ce9463e8c1739c47616b730/gnocchi.f60d57f9-5ef9-43dc-9172-528f7756e657/1773360000.0_mean_300.0_v3 HTTP/1.0 404 - python-swiftclient-3.11.1 gAAAAABptDsXUp2K... - 70 - tx844dad661e444456bd0a5-0069b43bc5 - 0.0077 - - 1773419461.532209158 1773419461.539936781 0
Mar 13 16:31:01 standalone container-server[125036]: 172.20.0.100 - - [13/Mar/2026:16:31:01 +0000] "PUT /d1/531/AUTH_935697089ce9463e8c1739c47616b730/gnocchi.f60d57f9-5ef9-43dc-9172-528f7756e657/1773360000.0_mean_300.0_v3" 201 - "PUT http://localhost:8080/d1/436/AUTH_935697089ce9463e8c1739c47616b730/gnocchi.f60d57f9-5ef9-43dc-9172-528f7756e657/1773360000.0_mean_300.0_v3" "tx75e27e09e52c4a7db26af-0069b43bc5" "object-server 23" 0.0008 "-" 21 0
Mar 13 16:31:01 standalone object-server[125340]: 172.20.0.100 - - [13/Mar/2026:16:31:01 +0000] "PUT /d1/436/AUTH_935697089ce9463e8c1739c47616b730/gnocchi.f60d57f9-5ef9-43dc-9172-528f7756e657/1773360000.0_mean_300.0_v3" 201 - "PUT http://localhost:8080/v1/AUTH_935697089ce9463e8c1739c47616b730/gnocchi.f60d57f9-5ef9-43dc-9172-528f7756e657/1773360000.0_mean_300.0_v3" "tx75e27e09e52c4a7db26af-0069b43bc5" "proxy-server 21" 0.0140 "-" 23 0
Mar 13 16:31:01 standalone proxy-server[127105]: 172.18.0.2 ::1 13/Mar/2026/16/31/01 PUT /v1/AUTH_935697089ce9463e8c1739c47616b730/gnocchi.f60d57f9-5ef9-43dc-9172-528f7756e657/1773360000.0_mean_300.0_v3 HTTP/1.0 201 - python-swiftclient-3.11.1 gAAAAABptDsXUp2K... 16 - - tx75e27e09e52c4a7db26af-0069b43bc5 - 0.0228 - - 1773419461.544625521 1773419461.567376375 0
Mar 13 16:31:01 standalone container-server[125036]: 172.20.0.100 - - [13/Mar/2026:16:31:01 +0000] "PUT /d1/531/AUTH_935697089ce9463e8c1739c47616b730/gnocchi.f60d57f9-5ef9-43dc-9172-528f7756e657/none_v3" 201 - "PUT http://localhost:8080/d1/326/AUTH_935697089ce9463e8c1739c47616b730/gnocchi.f60d57f9-5ef9-43dc-9172-528f7756e657/none_v3" "txb8d5a558026941cbb884a-0069b43bc5" "object-server 25" 0.0008 "-" 21 0
Mar 13 16:31:01 standalone object-server[125358]: 172.20.0.100 - - [13/Mar/2026:16:31:01 +0000] "PUT /d1/326/AUTH_935697089ce9463e8c1739c47616b730/gnocchi.f60d57f9-5ef9-43dc-9172-528f7756e657/none_v3" 201 - "PUT http://localhost:8080/v1/AUTH_935697089ce9463e8c1739c47616b730/gnocchi.f60d57f9-5ef9-43dc-9172-528f7756e657/none_v3" "txb8d5a558026941cbb884a-0069b43bc5" "proxy-server 21" 0.0142 "-" 25 0
Mar 13 16:31:01 standalone proxy-server[127105]: 172.18.0.2 ::1 13/Mar/2026/16/31/01 PUT /v1/AUTH_935697089ce9463e8c1739c47616b730/gnocchi.f60d57f9-5ef9-43dc-9172-528f7756e657/none_v3 HTTP/1.0 201 - python-swiftclient-3.11.1 gAAAAABptDsXUp2K... 22 - - txb8d5a558026941cbb884a-0069b43bc5 - 0.0228 - - 1773419461.572343349 1773419461.595117807 0
Mar 13 16:32:15 standalone container-server[124842]: Begin container update sweep
Mar 13 16:32:16 standalone account-server[124878]: 172.20.0.100 - - [13/Mar/2026:16:32:16 +0000] "PUT /d1/322/AUTH_935697089ce9463e8c1739c47616b730/gnocchi.186bc08f-895f-45a2-9e2b-08318352bf00" 201 - "-" "-" "container-updater 2" 0.0010 "-" 23 0
Mar 13 16:32:16 standalone account-server[124878]: 172.20.0.100 - - [13/Mar/2026:16:32:16 +0000] "PUT /d1/322/AUTH_935697089ce9463e8c1739c47616b730/gnocchi.145fa21f-4256-4a86-88ad-b8c5e2c430c3" 201 - "-" "-" "container-updater 2" 0.0010 "-" 23 0
Mar 13 16:32:16 standalone account-server[124878]: 172.20.0.100 - - [13/Mar/2026:16:32:16 +0000] "PUT /d1/322/AUTH_935697089ce9463e8c1739c47616b730/gnocchi.d4f46316-707b-4e6e-b6c8-b62921512a0e" 201 - "-" "-" "container-updater 2" 0.0008 "-" 23 0
Mar 13 16:32:16 standalone account-server[124878]: 172.20.0.100 - - [13/Mar/2026:16:32:16 +0000] "PUT /d1/322/AUTH_935697089ce9463e8c1739c47616b730/gnocchi.0f62c00e-d3bb-4ac5-a561-bb8e908b925d" 201 - "-" "-" "container-updater 2" 0.0006 "-" 23 0
Mar 13 16:32:16 standalone account-server[124853]: 172.20.0.100 - - [13/Mar/2026:16:32:16 +0000] "PUT /d1/322/AUTH_935697089ce9463e8c1739c47616b730/gnocchi.c2aa5a51-e6bb-4632-ba19-6af20e9fa3c6" 201 - "-" "-" "container-updater 2" 0.0007 "-" 20 0
Mar 13 16:32:16 standalone account-server[124871]: 172.20.0.100 - - [13/Mar/2026:16:32:16 +0000] "PUT /d1/322/AUTH_935697089ce9463e8c1739c47616b730/gnocchi.0114ba9d-44dd-49e7-b100-52747add459d" 201 - "-" "-" "container-updater 2" 0.0007 "-" 22 0
Mar 13 16:32:16 standalone account-server[124866]: 172.20.0.100 - - [13/Mar/2026:16:32:16 +0000] "PUT /d1/322/AUTH_935697089ce9463e8c1739c47616b730/gnocchi.36dc8afd-fa10-46cc-b4c4-fcbbc63e4729" 201 - "-" "-" "container-updater 2" 0.0004 "-" 21 0
Mar 13 16:32:16 standalone account-server[124853]: 172.20.0.100 - - [13/Mar/2026:16:32:16 +0000] "PUT /d1/322/AUTH_935697089ce9463e8c1739c47616b730/glance" 201 - "-" "-" "container-updater 2" 0.0007 "-" 20 0
Mar 13 16:32:16 standalone account-server[124871]: 172.20.0.100 - - [13/Mar/2026:16:32:16 +0000] "PUT /d1/322/AUTH_935697089ce9463e8c1739c47616b730/gnocchi.56f387e3-67e0-4f76-a7fe-fd2acac7c2f7" 201 - "-" "-" "container-updater 2" 0.0007 "-" 22 0
Mar 13 16:32:16 standalone account-server[124853]: 172.20.0.100 - - [13/Mar/2026:16:32:16 +0000] "PUT /d1/322/AUTH_935697089ce9463e8c1739c47616b730/gnocchi.323fc6d5-b730-4963-bf31-04cda271120b" 201 - "-" "-" "container-updater 2" 0.0008 "-" 20 0
Mar 13 16:32:17 standalone account-server[124866]: 172.20.0.100 - - [13/Mar/2026:16:32:17 +0000] "PUT /d1/322/AUTH_935697089ce9463e8c1739c47616b730/gnocchi.8070d394-0f1d-4112-84aa-39ddb5186630" 201 - "-" "-" "container-updater 2" 0.0014 "-" 21 0
Mar 13 16:32:17 standalone account-server[124871]: 172.20.0.100 - - [13/Mar/2026:16:32:17 +0000] "PUT /d1/322/AUTH_935697089ce9463e8c1739c47616b730/gnocchi.df7d8826-b193-4d8b-a5e1-56a2b770d2b9" 201 - "-" "-" "container-updater 2" 0.0006 "-" 22 0
Mar 13 16:32:17 standalone account-server[124878]: 172.20.0.100 - - [13/Mar/2026:16:32:17 +0000] "PUT /d1/322/AUTH_935697089ce9463e8c1739c47616b730/gnocchi.661d35b8-11de-47c5-88bf-02877f7fc66b" 201 - "-" "-" "container-updater 2" 0.0006 "-" 23 0
Mar 13 16:32:17 standalone account-server[124871]: 172.20.0.100 - - [13/Mar/2026:16:32:17 +0000] "PUT /d1/322/AUTH_935697089ce9463e8c1739c47616b730/gnocchi.cb59a790-6ce9-4ae7-ac82-de3b4fa8cb0d" 201 - "-" "-" "container-updater 2" 0.0007 "-" 22 0
Mar 13 16:32:17 standalone account-server[124878]: 172.20.0.100 - - [13/Mar/2026:16:32:17 +0000] "PUT /d1/322/AUTH_935697089ce9463e8c1739c47616b730/gnocchi.320abea2-b5fe-4a4f-99b7-b0d7ca6b47af" 201 - "-" "-" "container-updater 2" 0.0006 "-" 23 0
Mar 13 16:32:17 standalone account-server[124866]: 172.20.0.100 - - [13/Mar/2026:16:32:17 +0000] "PUT /d1/322/AUTH_935697089ce9463e8c1739c47616b730/gnocchi.f60d57f9-5ef9-43dc-9172-528f7756e657" 201 - "-" "-" "container-updater 2" 0.0006 "-" 21 0
Mar 13 16:32:17 standalone account-server[124853]: 172.20.0.100 - - [13/Mar/2026:16:32:17 +0000] "PUT /d1/322/AUTH_935697089ce9463e8c1739c47616b730/gnocchi.f810c1af-ba81-4ec9-8662-6e362fb915e3" 201 - "-" "-" "container-updater 2" 0.0007 "-" 20 0
Mar 13 16:32:17 standalone account-server[124853]: 172.20.0.100 - - [13/Mar/2026:16:32:17 +0000] "PUT /d1/322/AUTH_935697089ce9463e8c1739c47616b730/gnocchi.dabfbeba-9576-485e-85ac-109a9c84199a" 201 - "-" "-" "container-updater 2" 0.0007 "-" 20 0
Mar 13 16:32:17 standalone account-server[124878]: 172.20.0.100 - - [13/Mar/2026:16:32:17 +0000] "PUT /d1/322/AUTH_935697089ce9463e8c1739c47616b730/gnocchi.2fdcaa4f-2d5d-4ec8-92e5-8b259e403070" 201 - "-" "-" "container-updater 2" 0.0007 "-" 23 0
Mar 13 16:32:18 standalone account-server[124878]: 172.20.0.100 - - [13/Mar/2026:16:32:18 +0000] "PUT /d1/322/AUTH_935697089ce9463e8c1739c47616b730/gnocchi.d9569af1-fac6-434e-9043-2f645da4c526" 201 - "-" "-" "container-updater 2" 0.0008 "-" 23 0
Mar 13 16:32:18 standalone account-server[124871]: 172.20.0.100 - - [13/Mar/2026:16:32:18 +0000] "PUT /d1/322/AUTH_935697089ce9463e8c1739c47616b730/gnocchi.a4bf6d0a-30e1-49b7-b40a-08a8036bebe8" 201 - "-" "-" "container-updater 2" 0.0006 "-" 22 0
Mar 13 16:32:18 standalone account-server[124871]: 172.20.0.100 - - [13/Mar/2026:16:32:18 +0000] "PUT /d1/322/AUTH_935697089ce9463e8c1739c47616b730/gnocchi.dd1deca1-12c4-4c7d-a1f0-9610c47c115c" 201 - "-" "-" "container-updater 2" 0.0007 "-" 22 0
Mar 13 16:32:18 standalone account-server[124878]: 172.20.0.100 - - [13/Mar/2026:16:32:18 +0000] "PUT /d1/322/AUTH_935697089ce9463e8c1739c47616b730/gnocchi.362d9abb-8109-4418-9fbf-11e533e86c6f" 201 - "-" "-" "container-updater 2" 0.0044 "-" 23 0
Mar 13 16:32:18 standalone container-server[124842]: Container update sweep completed: 2.46s
Mar 13 16:33:06 standalone account-server[124878]: 172.20.0.100 - - [13/Mar/2026:16:33:06 +0000] "HEAD /d1/415/.expiring_objects" 404 - "HEAD http://localhost/v1/.expiring_objects?format=json" "txccc72131ca774ac79bf88-0069b43c42" "proxy-server 2" 0.0010 "-" 23 -
Mar 13 16:33:06 standalone object-expirer[124997]: Pass completed in 0s; 0 objects expired (txn: txccc72131ca774ac79bf88-0069b43c42)
Mar 13 16:34:41 standalone object-server[125068]: Begin object update sweep
Mar 13 16:34:41 standalone object-server[253753]: Object update sweep starting on /srv/node/d1 (pid: 15)
Mar 13 16:34:41 standalone object-server[253753]: Object update sweep completed on /srv/node/d1 in 0.00s seconds:, 0 successes, 0 failures, 0 quarantines, 0 unlinks, 0 errors, 0 redirects (pid: 15)
Mar 13 16:34:41 standalone object-server[253753]: Object update sweep of d1 completed: 0.00s, 0 successes, 0 failures, 0 quarantines, 0 unlinks, 0 errors, 0 redirects
Mar 13 16:34:41 standalone object-server[125068]: Object update sweep completed: 0.08s
Mar 13 16:36:25 standalone account-server[124878]: 172.20.0.100 - - [13/Mar/2026:16:36:25 +0000] "HEAD /d1/415/.expiring_objects" 404 - "HEAD http://localhost/v1/.expiring_objects?format=json" "tx873ea66865084d5abddfc-0069b43d09" "proxy-server 2" 0.0008 "-" 23 -
Mar 13 16:36:25 standalone object-expirer[124997]: Pass completed in 0s; 0 objects expired (txn: tx873ea66865084d5abddfc-0069b43d09)
Mar 13 16:37:16 standalone container-server[124842]: Begin container update sweep
Mar 13 16:37:17 standalone container-server[124842]: Container update sweep completed: 1.85s
Mar 13 16:39:41 standalone object-server[125068]: Begin object update sweep
Mar 13 16:39:41 standalone object-server[277452]: Object update sweep starting on /srv/node/d1 (pid: 16)
Mar 13 16:39:41 standalone object-server[277452]: Object update sweep completed on /srv/node/d1 in 0.00s seconds:, 0 successes, 0 failures, 0 quarantines, 0 unlinks, 0 errors, 0 redirects (pid: 16)
Mar 13 16:39:41 standalone object-server[277452]: Object update sweep of d1 completed: 0.00s, 0 successes, 0 failures, 0 quarantines, 0 unlinks, 0 errors, 0 redirects
Mar 13 16:39:42 standalone object-server[125068]: Object update sweep completed: 0.08s
Mar 13 16:41:04 standalone account-server[124878]: 172.20.0.100 - - [13/Mar/2026:16:41:04 +0000] "HEAD /d1/415/.expiring_objects" 404 - "HEAD http://localhost/v1/.expiring_objects?format=json" "tx9711132ff93c4b43b1b7f-0069b43e20" "proxy-server 2" 0.0008 "-" 23 -
Mar 13 16:41:04 standalone object-expirer[124997]: Pass completed in 0s; 0 objects expired (txn: tx9711132ff93c4b43b1b7f-0069b43e20)
Mar 13 16:41:11 standalone account-server[124853]: 172.20.0.31 - - [13/Mar/2026:16:41:11 +0000] "HEAD /d1/575/AUTH_f60b1dfa196d4eeaa3a6a26440a072c6" 404 - "HEAD http://swift-public-openstack.apps-crc.testing/v1/AUTH_f60b1dfa196d4eeaa3a6a26440a072c6?format=json" "tx816acba527e841d18967b-0069b43e27" "proxy-server 7" 0.0006 "-" 20 -
Mar 13 16:41:11 standalone account-server[124878]: 172.20.0.31 - - [13/Mar/2026:16:41:11 +0000] "GET /d1/575/AUTH_f60b1dfa196d4eeaa3a6a26440a072c6" 404 - "GET http://swift-public-openstack.apps-crc.testing/v1/AUTH_f60b1dfa196d4eeaa3a6a26440a072c6?format=json" "tx816acba527e841d18967b-0069b43e27" "proxy-server 7" 0.0005 "-" 23 -
Mar 13 16:42:16 standalone container-server[124842]: Begin container update sweep
Mar 13 16:42:17 standalone container-server[124842]: Container update sweep completed: 1.62s
Mar 13 16:44:31 standalone account-server[124871]: 172.20.0.100 - - [13/Mar/2026:16:44:31 +0000] "HEAD /d1/415/.expiring_objects" 404 - "HEAD http://localhost/v1/.expiring_objects?format=json" "tx67e0335bb46a414f924f2-0069b43eef" "proxy-server 2" 0.0008 "-" 22 -
Mar 13 16:44:31 standalone object-expirer[124997]: Pass completed in 0s; 0 objects expired (txn: tx67e0335bb46a414f924f2-0069b43eef)
Mar 13 16:44:42 standalone object-server[125068]: Begin object update sweep
Mar 13 16:44:42 standalone object-server[297970]: Object update sweep starting on /srv/node/d1 (pid: 17)
Mar 13 16:44:42 standalone object-server[297970]: Object update sweep completed on /srv/node/d1 in 0.00s seconds:, 0 successes, 0 failures, 0 quarantines, 0 unlinks, 0 errors, 0 redirects (pid: 17)
Mar 13 16:44:42 standalone object-server[297970]: Object update sweep of d1 completed: 0.00s, 0 successes, 0 failures, 0 quarantines, 0 unlinks, 0 errors, 0 redirects
Mar 13 16:44:42 standalone object-server[125068]: Object update sweep completed: 0.08s
Mar 13 16:46:54 standalone account-server[124853]: 172.20.0.100 - - [13/Mar/2026:16:46:54 +0000] "HEAD /d1/415/.expiring_objects" 404 - "HEAD http://localhost/v1/.expiring_objects?format=json" "tx794d24d93c9742ab9d461-0069b43f7e" "proxy-server 2" 0.0006 "-" 20 -
Mar 13 16:46:54 standalone object-expirer[124997]: Pass completed in 0s; 0 objects expired (txn: tx794d24d93c9742ab9d461-0069b43f7e)
Mar 13 16:47:16 standalone container-server[124842]: Begin container update sweep
Mar 13 16:47:17 standalone container-server[124842]: Container update sweep completed: 1.70s
Mar 13 16:48:07 standalone account-server[124871]: 172.20.0.31 - - [13/Mar/2026:16:48:07 +0000] "HEAD /d1/322/AUTH_935697089ce9463e8c1739c47616b730" 204 - "HEAD http://swift-internal.openstack.svc:8080/v1/AUTH_935697089ce9463e8c1739c47616b730?format=json" "tx45680b856bd547b3b7789-0069b43fc7" "proxy-server 9" 0.0121 "-" 22 -
Mar 13 16:48:08 standalone container-server[125044]: 172.20.0.31 - - [13/Mar/2026:16:48:08 +0000] "HEAD /d1/314/AUTH_935697089ce9463e8c1739c47616b730/glance" 204 - "HEAD http://swift-internal.openstack.svc:8080/v1/AUTH_935697089ce9463e8c1739c47616b730/glance?format=json&states=listing" "tx45680b856bd547b3b7789-0069b43fc7" "proxy-server 9" 0.0018 "-" 23 0
Mar 13 16:48:10 standalone container-server[125044]: 172.20.0.100 - - [13/Mar/2026:16:48:10 +0000] "PUT /d1/314/AUTH_935697089ce9463e8c1739c47616b730/glance/6f85f365-6f47-4a8c-b26c-24941f16d283-00001" 201 - "PUT http://swift-internal.openstack.svc:8080/d1/242/AUTH_935697089ce9463e8c1739c47616b730/glance/6f85f365-6f47-4a8c-b26c-24941f16d283-00001" "txf8a9a19dc4284987819fb-0069b43fc8" "object-server 22" 0.0010 "-" 23 0
Mar 13 16:48:10 standalone object-server[125329]: 172.20.0.31 - - [13/Mar/2026:16:48:10 +0000] "PUT /d1/242/AUTH_935697089ce9463e8c1739c47616b730/glance/6f85f365-6f47-4a8c-b26c-24941f16d283-00001" 201 - "PUT http://swift-internal.openstack.svc:8080/v1/AUTH_935697089ce9463e8c1739c47616b730/glance/6f85f365-6f47-4a8c-b26c-24941f16d283-00001" "txf8a9a19dc4284987819fb-0069b43fc8" "proxy-server 9" 2.1212 "-" 22 0
Mar 13 16:48:12 standalone container-server[125044]: 172.20.0.100 - - [13/Mar/2026:16:48:12 +0000] "PUT /d1/314/AUTH_935697089ce9463e8c1739c47616b730/glance/6f85f365-6f47-4a8c-b26c-24941f16d283-00002" 201 - "PUT http://swift-internal.openstack.svc:8080/d1/674/AUTH_935697089ce9463e8c1739c47616b730/glance/6f85f365-6f47-4a8c-b26c-24941f16d283-00002" "txe44198886c8c422da63ca-0069b43fca" "object-server 22" 0.0012 "-" 23 0
Mar 13 16:48:12 standalone object-server[125329]: 172.20.0.31 - - [13/Mar/2026:16:48:12 +0000] "PUT /d1/674/AUTH_935697089ce9463e8c1739c47616b730/glance/6f85f365-6f47-4a8c-b26c-24941f16d283-00002" 201 - "PUT http://swift-internal.openstack.svc:8080/v1/AUTH_935697089ce9463e8c1739c47616b730/glance/6f85f365-6f47-4a8c-b26c-24941f16d283-00002" "txe44198886c8c422da63ca-0069b43fca" "proxy-server 9" 2.4447 "-" 22 0
Mar 13 16:48:14 standalone container-server[125032]: 172.20.0.100 - - [13/Mar/2026:16:48:14 +0000] "PUT /d1/314/AUTH_935697089ce9463e8c1739c47616b730/glance/6f85f365-6f47-4a8c-b26c-24941f16d283-00003" 201 - "PUT http://swift-internal.openstack.svc:8080/d1/163/AUTH_935697089ce9463e8c1739c47616b730/glance/6f85f365-6f47-4a8c-b26c-24941f16d283-00003" "tx57a9461cb8a346528bc99-0069b43fcc" "object-server 22" 0.0010 "-" 20 0
Mar 13 16:48:14 standalone object-server[125329]: 172.20.0.31 - - [13/Mar/2026:16:48:14 +0000] "PUT /d1/163/AUTH_935697089ce9463e8c1739c47616b730/glance/6f85f365-6f47-4a8c-b26c-24941f16d283-00003" 201 - "PUT http://swift-internal.openstack.svc:8080/v1/AUTH_935697089ce9463e8c1739c47616b730/glance/6f85f365-6f47-4a8c-b26c-24941f16d283-00003" "tx57a9461cb8a346528bc99-0069b43fcc" "proxy-server 9" 1.2415 "-" 22 0
Mar 13 16:48:14 standalone container-server[125043]: 172.20.0.100 - - [13/Mar/2026:16:48:14 +0000] "PUT /d1/314/AUTH_935697089ce9463e8c1739c47616b730/glance/6f85f365-6f47-4a8c-b26c-24941f16d283" 201 - "PUT http://swift-internal.openstack.svc:8080/d1/280/AUTH_935697089ce9463e8c1739c47616b730/glance/6f85f365-6f47-4a8c-b26c-24941f16d283" "tx4210388d85b2425494cd0-0069b43fce" "object-server 22" 0.0008 "-" 22 0
Mar 13 16:48:14 standalone object-server[125329]: 172.20.0.31 - - [13/Mar/2026:16:48:14 +0000] "PUT /d1/280/AUTH_935697089ce9463e8c1739c47616b730/glance/6f85f365-6f47-4a8c-b26c-24941f16d283" 201 - "PUT http://swift-internal.openstack.svc:8080/v1/AUTH_935697089ce9463e8c1739c47616b730/glance/6f85f365-6f47-4a8c-b26c-24941f16d283" "tx4210388d85b2425494cd0-0069b43fce" "proxy-server 9" 0.0111 "-" 22 0
Mar 13 16:48:59 standalone account-server[124866]: 172.20.0.100 - - [13/Mar/2026:16:48:59 +0000] "HEAD /d1/415/.expiring_objects" 404 - "HEAD http://localhost/v1/.expiring_objects?format=json" "tx4b28c886a02e4be4a102c-0069b43ffb" "proxy-server 2" 0.0010 "-" 21 -
Mar 13 16:48:59 standalone object-expirer[124997]: Pass completed in 0s; 0 objects expired (txn: tx4b28c886a02e4be4a102c-0069b43ffb)
Mar 13 16:49:42 standalone object-server[125068]: Begin object update sweep
Mar 13 16:49:42 standalone object-server[318617]: Object update sweep starting on /srv/node/d1 (pid: 18)
Mar 13 16:49:42 standalone object-server[318617]: Object update sweep completed on /srv/node/d1 in 0.00s seconds:, 0 successes, 0 failures, 0 quarantines, 0 unlinks, 0 errors, 0 redirects (pid: 18)
Mar 13 16:49:42 standalone object-server[318617]: Object update sweep of d1 completed: 0.00s, 0 successes, 0 failures, 0 quarantines, 0 unlinks, 0 errors, 0 redirects
Mar 13 16:49:42 standalone object-server[125068]: Object update sweep completed: 0.12s
Mar 13 16:51:43 standalone account-server[124853]: 172.20.0.100 - - [13/Mar/2026:16:51:43 +0000] "HEAD /d1/415/.expiring_objects" 404 - "HEAD http://localhost/v1/.expiring_objects?format=json" "tx8496303e1db34e35a013f-0069b4409f" "proxy-server 2" 0.0008 "-" 20 -
Mar 13 16:51:43 standalone object-expirer[124997]: Pass completed in 0s; 0 objects expired (txn: tx8496303e1db34e35a013f-0069b4409f)
Mar 13 16:52:16 standalone container-server[124842]: Begin container update sweep
Mar 13 16:52:16 standalone account-server[124866]: 172.20.0.100 - - [13/Mar/2026:16:52:16 +0000] "PUT /d1/322/AUTH_935697089ce9463e8c1739c47616b730/glance" 201 - "-" "-" "container-updater 2" 0.0007 "-" 21 0
Mar 13 16:52:17 standalone container-server[124842]: Container update sweep completed: 1.48s
Mar 13 16:53:07 standalone account-server[124866]: 172.20.0.100 - - [13/Mar/2026:16:53:07 +0000] "HEAD /d1/415/.expiring_objects" 404 - "HEAD http://localhost/v1/.expiring_objects?format=json" "txa7b900ed8bde426ba5b96-0069b440f3" "proxy-server 2" 0.0006 "-" 21 -
Mar 13 16:53:07 standalone object-expirer[124997]: Pass completed in 0s; 0 objects expired (txn: txa7b900ed8bde426ba5b96-0069b440f3)
Mar 13 16:53:14 standalone account-server[124878]: 172.20.0.31 - - [13/Mar/2026:16:53:14 +0000] "HEAD /d1/575/AUTH_f60b1dfa196d4eeaa3a6a26440a072c6" 404 - "HEAD http://swift-internal.openstack.svc:8080/v1/AUTH_f60b1dfa196d4eeaa3a6a26440a072c6?format=json" "txd51357ccac1d46d58ccc1-0069b440fa" "proxy-server 6" 0.0007 "-" 23 -
