Mar 13 16:31:00 standalone proxy-server[127105]: 172.18.0.2 ::1 13/Mar/2026/16/31/00 PUT /v1/AUTH_935697089ce9463e8c1739c47616b730/gnocchi.186bc08f-895f-45a2-9e2b-08318352bf00 HTTP/1.0 201 - python-swiftclient-3.11.1 gAAAAABptDsXUp2K... - - - txc3d4215c62644d76a82e8-0069b43bc4 - 0.0188 - - 1773419460.028872967 1773419460.047643185 0
Mar 13 16:31:00 standalone container-server[125044]: 172.20.0.100 - - [13/Mar/2026:16:31:00 +0000] "HEAD /d1/852/AUTH_935697089ce9463e8c1739c47616b730/gnocchi.186bc08f-895f-45a2-9e2b-08318352bf00" 204 - "HEAD http://localhost:8080/v1/AUTH_935697089ce9463e8c1739c47616b730/gnocchi.186bc08f-895f-45a2-9e2b-08318352bf00?format=json&states=listing" "tx619382e92f154b4190ff9-0069b43bc4" "proxy-server 21" 0.0019 "-" 23 0
Mar 13 16:31:00 standalone proxy-server[127105]: - - 13/Mar/2026/16/31/00 HEAD /v1/AUTH_935697089ce9463e8c1739c47616b730/gnocchi.186bc08f-895f-45a2-9e2b-08318352bf00%3Fformat%3Djson%26states%3Dlisting HTTP/1.0 204 - Swift - - - - tx619382e92f154b4190ff9-0069b43bc4 - 0.0049 RL - 1773419460.051595211 1773419460.056474209 0
Mar 13 16:31:00 standalone container-server[125032]: 172.20.0.100 - - [13/Mar/2026:16:31:00 +0000] "GET /d1/852/AUTH_935697089ce9463e8c1739c47616b730/gnocchi.186bc08f-895f-45a2-9e2b-08318352bf00" 200 2 "GET http://localhost:8080/v1/AUTH_935697089ce9463e8c1739c47616b730/gnocchi.186bc08f-895f-45a2-9e2b-08318352bf00?format=json&states=listing" "tx619382e92f154b4190ff9-0069b43bc4" "proxy-server 21" 0.0022 "-" 20 0
Mar 13 16:31:00 standalone proxy-server[127105]: 172.18.0.2 ::1 13/Mar/2026/16/31/00 GET /v1/AUTH_935697089ce9463e8c1739c47616b730/gnocchi.186bc08f-895f-45a2-9e2b-08318352bf00%3Fformat%3Djson%26states%3Dlisting HTTP/1.0 200 - python-swiftclient-3.11.1 gAAAAABptDsXUp2K... - 2 - tx619382e92f154b4190ff9-0069b43bc4 - 0.0126 - - 1773419460.050802708 1773419460.063402176 0
Mar 13 16:31:00 standalone object-server[125358]: 172.20.0.100 - - [13/Mar/2026:16:31:00 +0000] "GET /d1/251/AUTH_935697089ce9463e8c1739c47616b730/gnocchi.186bc08f-895f-45a2-9e2b-08318352bf00/1773360000.0_mean_300.0_v3" 404 70 "GET http://localhost:8080/v1/AUTH_935697089ce9463e8c1739c47616b730/gnocchi.186bc08f-895f-45a2-9e2b-08318352bf00/1773360000.0_mean_300.0_v3" "tx4e63bf161bfb46eea00b3-0069b43bc4" "proxy-server 21" 0.0003 "-" 25 0
Mar 13 16:31:00 standalone proxy-server[127105]: 172.18.0.2 ::1 13/Mar/2026/16/31/00 GET /v1/AUTH_935697089ce9463e8c1739c47616b730/gnocchi.186bc08f-895f-45a2-9e2b-08318352bf00/1773360000.0_mean_300.0_v3 HTTP/1.0 404 - python-swiftclient-3.11.1 gAAAAABptDsXUp2K... - 70 - tx4e63bf161bfb46eea00b3-0069b43bc4 - 0.0038 - - 1773419460.068081617 1773419460.071840286 0
Mar 13 16:31:00 standalone container-server[125043]: 172.20.0.100 - - [13/Mar/2026:16:31:00 +0000] "PUT /d1/852/AUTH_935697089ce9463e8c1739c47616b730/gnocchi.186bc08f-895f-45a2-9e2b-08318352bf00/1773360000.0_mean_300.0_v3" 201 - "PUT http://localhost:8080/d1/251/AUTH_935697089ce9463e8c1739c47616b730/gnocchi.186bc08f-895f-45a2-9e2b-08318352bf00/1773360000.0_mean_300.0_v3" "tx2b9df96c5fd64a8fb1732-0069b43bc4" "object-server 25" 0.0005 "-" 22 0
Mar 13 16:31:00 standalone object-server[125358]: 172.20.0.100 - - [13/Mar/2026:16:31:00 +0000] "PUT /d1/251/AUTH_935697089ce9463e8c1739c47616b730/gnocchi.186bc08f-895f-45a2-9e2b-08318352bf00/1773360000.0_mean_300.0_v3" 201 - "PUT http://localhost:8080/v1/AUTH_935697089ce9463e8c1739c47616b730/gnocchi.186bc08f-895f-45a2-9e2b-08318352bf00/1773360000.0_mean_300.0_v3" "tx2b9df96c5fd64a8fb1732-0069b43bc4" "proxy-server 21" 0.0086 "-" 25 0
Mar 13 16:31:00 standalone proxy-server[127105]: 172.18.0.2 ::1 13/Mar/2026/16/31/00 PUT /v1/AUTH_935697089ce9463e8c1739c47616b730/gnocchi.186bc08f-895f-45a2-9e2b-08318352bf00/1773360000.0_mean_300.0_v3 HTTP/1.0 201 - python-swiftclient-3.11.1 gAAAAABptDsXUp2K... 16 - - tx2b9df96c5fd64a8fb1732-0069b43bc4 - 0.0122 - - 1773419460.075643301 1773419460.087861776 0
Mar 13 16:31:00 standalone container-server[125043]: 172.20.0.100 - - [13/Mar/2026:16:31:00 +0000] "PUT /d1/852/AUTH_935697089ce9463e8c1739c47616b730/gnocchi.186bc08f-895f-45a2-9e2b-08318352bf00/none_v3" 201 - "PUT http://localhost:8080/d1/193/AUTH_935697089ce9463e8c1739c47616b730/gnocchi.186bc08f-895f-45a2-9e2b-08318352bf00/none_v3" "tx3682c06d2cc04e0781b22-0069b43bc4" "object-server 24" 0.0004 "-" 22 0
Mar 13 16:31:00 standalone object-server[125349]: 172.20.0.100 - - [13/Mar/2026:16:31:00 +0000] "PUT /d1/193/AUTH_935697089ce9463e8c1739c47616b730/gnocchi.186bc08f-895f-45a2-9e2b-08318352bf00/none_v3" 201 - "PUT http://localhost:8080/v1/AUTH_935697089ce9463e8c1739c47616b730/gnocchi.186bc08f-895f-45a2-9e2b-08318352bf00/none_v3" "tx3682c06d2cc04e0781b22-0069b43bc4" "proxy-server 21" 0.0095 "-" 24 0
Mar 13 16:31:00 standalone proxy-server[127105]: 172.18.0.2 ::1 13/Mar/2026/16/31/00 PUT /v1/AUTH_935697089ce9463e8c1739c47616b730/gnocchi.186bc08f-895f-45a2-9e2b-08318352bf00/none_v3 HTTP/1.0 201 - python-swiftclient-3.11.1 gAAAAABptDsXUp2K... 22 - - tx3682c06d2cc04e0781b22-0069b43bc4 - 0.0145 - - 1773419460.091907978 1773419460.106435537 0
Mar 13 16:31:00 standalone container-server[125036]: 172.20.0.100 - - [13/Mar/2026:16:31:00 +0000] "HEAD /d1/985/AUTH_935697089ce9463e8c1739c47616b730/gnocchi.dabfbeba-9576-485e-85ac-109a9c84199a" 404 - "HEAD http://localhost:8080/v1/AUTH_935697089ce9463e8c1739c47616b730/gnocchi.dabfbeba-9576-485e-85ac-109a9c84199a?format=json&states=listing" "txf94986f229d044f689a66-0069b43bc4" "proxy-server 21" 0.0005 "-" 21 0
Mar 13 16:31:00 standalone object-server[125349]: 172.20.0.100 - - [13/Mar/2026:16:31:00 +0000] "GET /d1/46/AUTH_935697089ce9463e8c1739c47616b730/gnocchi.dabfbeba-9576-485e-85ac-109a9c84199a/none_v3" 404 70 "GET http://localhost:8080/v1/AUTH_935697089ce9463e8c1739c47616b730/gnocchi.dabfbeba-9576-485e-85ac-109a9c84199a/none_v3" "txf94986f229d044f689a66-0069b43bc4" "proxy-server 21" 0.0004 "-" 24 0
Mar 13 16:31:00 standalone proxy-server[127105]: 172.18.0.2 ::1 13/Mar/2026/16/31/00 GET /v1/AUTH_935697089ce9463e8c1739c47616b730/gnocchi.dabfbeba-9576-485e-85ac-109a9c84199a/none_v3 HTTP/1.0 404 - python-swiftclient-3.11.1 gAAAAABptDsXUp2K... - 70 - txf94986f229d044f689a66-0069b43bc4 - 0.0096 - - 1773419460.119699478 1773419460.129258871 0
Mar 13 16:31:00 standalone account-server[124871]: 172.20.0.100 - - [13/Mar/2026:16:31:00 +0000] "PUT /d1/322/AUTH_935697089ce9463e8c1739c47616b730/gnocchi.dabfbeba-9576-485e-85ac-109a9c84199a" 201 - "PUT http://172.20.0.100:6001/d1/985/AUTH_935697089ce9463e8c1739c47616b730/gnocchi.dabfbeba-9576-485e-85ac-109a9c84199a" "txefdb33a1a0b34a03aa53d-0069b43bc4" "container-server 20" 0.0050 "-" 22 0
Mar 13 16:31:00 standalone container-server[125032]: 172.20.0.100 - - [13/Mar/2026:16:31:00 +0000] "PUT /d1/985/AUTH_935697089ce9463e8c1739c47616b730/gnocchi.dabfbeba-9576-485e-85ac-109a9c84199a" 201 - "PUT http://localhost:8080/v1/AUTH_935697089ce9463e8c1739c47616b730/gnocchi.dabfbeba-9576-485e-85ac-109a9c84199a" "txefdb33a1a0b34a03aa53d-0069b43bc4" "proxy-server 21" 0.0145 "-" 20 0
Mar 13 16:31:00 standalone proxy-server[127105]: 172.18.0.2 ::1 13/Mar/2026/16/31/00 PUT /v1/AUTH_935697089ce9463e8c1739c47616b730/gnocchi.dabfbeba-9576-485e-85ac-109a9c84199a HTTP/1.0 201 - python-swiftclient-3.11.1 gAAAAABptDsXUp2K... - - - txefdb33a1a0b34a03aa53d-0069b43bc4 - 0.0183 - - 1773419460.132541180 1773419460.150888920 0
Mar 13 16:31:00 standalone container-server[125032]: 172.20.0.100 - - [13/Mar/2026:16:31:00 +0000] "HEAD /d1/985/AUTH_935697089ce9463e8c1739c47616b730/gnocchi.dabfbeba-9576-485e-85ac-109a9c84199a" 204 - "HEAD http://localhost:8080/v1/AUTH_935697089ce9463e8c1739c47616b730/gnocchi.dabfbeba-9576-485e-85ac-109a9c84199a?format=json&states=listing" "txd126ded74cd14397b850d-0069b43bc4" "proxy-server 21" 0.0011 "-" 20 0
Mar 13 16:31:00 standalone proxy-server[127105]: - - 13/Mar/2026/16/31/00 HEAD /v1/AUTH_935697089ce9463e8c1739c47616b730/gnocchi.dabfbeba-9576-485e-85ac-109a9c84199a%3Fformat%3Djson%26states%3Dlisting HTTP/1.0 204 - Swift - - - - txd126ded74cd14397b850d-0069b43bc4 - 0.0064 RL - 1773419460.158994198 1773419460.165433884 0
Mar 13 16:31:00 standalone container-server[125032]: 172.20.0.100 - - [13/Mar/2026:16:31:00 +0000] "GET /d1/985/AUTH_935697089ce9463e8c1739c47616b730/gnocchi.dabfbeba-9576-485e-85ac-109a9c84199a" 200 2 "GET http://localhost:8080/v1/AUTH_935697089ce9463e8c1739c47616b730/gnocchi.dabfbeba-9576-485e-85ac-109a9c84199a?format=json&states=listing" "txd126ded74cd14397b850d-0069b43bc4" "proxy-server 21" 0.0015 "-" 20 0
Mar 13 16:31:00 standalone proxy-server[127105]: 172.18.0.2 ::1 13/Mar/2026/16/31/00 GET /v1/AUTH_935697089ce9463e8c1739c47616b730/gnocchi.dabfbeba-9576-485e-85ac-109a9c84199a%3Fformat%3Djson%26states%3Dlisting HTTP/1.0 200 - python-swiftclient-3.11.1 gAAAAABptDsXUp2K... - 2 - txd126ded74cd14397b850d-0069b43bc4 - 0.0196 - - 1773419460.155398607 1773419460.174986124 0
Mar 13 16:31:00 standalone object-server[125349]: 172.20.0.100 - - [13/Mar/2026:16:31:00 +0000] "GET /d1/431/AUTH_935697089ce9463e8c1739c47616b730/gnocchi.dabfbeba-9576-485e-85ac-109a9c84199a/1773360000.0_mean_300.0_v3" 404 70 "GET http://localhost:8080/v1/AUTH_935697089ce9463e8c1739c47616b730/gnocchi.dabfbeba-9576-485e-85ac-109a9c84199a/1773360000.0_mean_300.0_v3" "txb3325e89958a4384a5d3f-0069b43bc4" "proxy-server 21" 0.0005 "-" 24 0
Mar 13 16:31:00 standalone proxy-server[127105]: 172.18.0.2 ::1 13/Mar/2026/16/31/00 GET /v1/AUTH_935697089ce9463e8c1739c47616b730/gnocchi.dabfbeba-9576-485e-85ac-109a9c84199a/1773360000.0_mean_300.0_v3 HTTP/1.0 404 - python-swiftclient-3.11.1 gAAAAABptDsXUp2K... - 70 - txb3325e89958a4384a5d3f-0069b43bc4 - 0.0075 - - 1773419460.180192471 1773419460.187657833 0
Mar 13 16:31:00 standalone container-server[125043]: 172.20.0.100 - - [13/Mar/2026:16:31:00 +0000] "PUT /d1/985/AUTH_935697089ce9463e8c1739c47616b730/gnocchi.dabfbeba-9576-485e-85ac-109a9c84199a/1773360000.0_mean_300.0_v3" 201 - "PUT http://localhost:8080/d1/431/AUTH_935697089ce9463e8c1739c47616b730/gnocchi.dabfbeba-9576-485e-85ac-109a9c84199a/1773360000.0_mean_300.0_v3" "tx81210627f10340cd805a9-0069b43bc4" "object-server 25" 0.0006 "-" 22 0
Mar 13 16:31:00 standalone object-server[125358]: 172.20.0.100 - - [13/Mar/2026:16:31:00 +0000] "PUT /d1/431/AUTH_935697089ce9463e8c1739c47616b730/gnocchi.dabfbeba-9576-485e-85ac-109a9c84199a/1773360000.0_mean_300.0_v3" 201 - "PUT http://localhost:8080/v1/AUTH_935697089ce9463e8c1739c47616b730/gnocchi.dabfbeba-9576-485e-85ac-109a9c84199a/1773360000.0_mean_300.0_v3" "tx81210627f10340cd805a9-0069b43bc4" "proxy-server 21" 0.0105 "-" 25 0
Mar 13 16:31:00 standalone proxy-server[127105]: 172.18.0.2 ::1 13/Mar/2026/16/31/00 PUT /v1/AUTH_935697089ce9463e8c1739c47616b730/gnocchi.dabfbeba-9576-485e-85ac-109a9c84199a/1773360000.0_mean_300.0_v3 HTTP/1.0 201 - python-swiftclient-3.11.1 gAAAAABptDsXUp2K... 16 - - tx81210627f10340cd805a9-0069b43bc4 - 0.0183 - - 1773419460.192016363 1773419460.210270166 0
Mar 13 16:31:00 standalone container-server[125043]: 172.20.0.100 - - [13/Mar/2026:16:31:00 +0000] "PUT /d1/985/AUTH_935697089ce9463e8c1739c47616b730/gnocchi.dabfbeba-9576-485e-85ac-109a9c84199a/none_v3" 201 - "PUT http://localhost:8080/d1/46/AUTH_935697089ce9463e8c1739c47616b730/gnocchi.dabfbeba-9576-485e-85ac-109a9c84199a/none_v3" "txe42143bf30b94f6994c21-0069b43bc4" "object-server 22" 0.0002 "-" 22 0
Mar 13 16:31:00 standalone object-server[125329]: 172.20.0.100 - - [13/Mar/2026:16:31:00 +0000] "PUT /d1/46/AUTH_935697089ce9463e8c1739c47616b730/gnocchi.dabfbeba-9576-485e-85ac-109a9c84199a/none_v3" 201 - "PUT http://localhost:8080/v1/AUTH_935697089ce9463e8c1739c47616b730/gnocchi.dabfbeba-9576-485e-85ac-109a9c84199a/none_v3" "txe42143bf30b94f6994c21-0069b43bc4" "proxy-server 21" 0.0074 "-" 22 0
Mar 13 16:31:00 standalone proxy-server[127105]: 172.18.0.2 ::1 13/Mar/2026/16/31/00 PUT /v1/AUTH_935697089ce9463e8c1739c47616b730/gnocchi.dabfbeba-9576-485e-85ac-109a9c84199a/none_v3 HTTP/1.0 201 - python-swiftclient-3.11.1 gAAAAABptDsXUp2K... 22 - - txe42143bf30b94f6994c21-0069b43bc4 - 0.0142 - - 1773419460.214285135 1773419460.228475332 0
Mar 13 16:31:00 standalone container-server[125032]: 172.20.0.100 - - [13/Mar/2026:16:31:00 +0000] "HEAD /d1/610/AUTH_935697089ce9463e8c1739c47616b730/gnocchi.56f387e3-67e0-4f76-a7fe-fd2acac7c2f7" 404 - "HEAD http://localhost:8080/v1/AUTH_935697089ce9463e8c1739c47616b730/gnocchi.56f387e3-67e0-4f76-a7fe-fd2acac7c2f7?format=json&states=listing" "tx41340a0950034788985e2-0069b43bc4" "proxy-server 21" 0.0008 "-" 20 0
Mar 13 16:31:00 standalone object-server[125349]: 172.20.0.100 - - [13/Mar/2026:16:31:00 +0000] "GET /d1/267/AUTH_935697089ce9463e8c1739c47616b730/gnocchi.56f387e3-67e0-4f76-a7fe-fd2acac7c2f7/none_v3" 404 70 "GET http://localhost:8080/v1/AUTH_935697089ce9463e8c1739c47616b730/gnocchi.56f387e3-67e0-4f76-a7fe-fd2acac7c2f7/none_v3" "tx41340a0950034788985e2-0069b43bc4" "proxy-server 21" 0.0005 "-" 24 0
Mar 13 16:31:00 standalone proxy-server[127105]: 172.18.0.2 ::1 13/Mar/2026/16/31/00 GET /v1/AUTH_935697089ce9463e8c1739c47616b730/gnocchi.56f387e3-67e0-4f76-a7fe-fd2acac7c2f7/none_v3 HTTP/1.0 404 - python-swiftclient-3.11.1 gAAAAABptDsXUp2K... - 70 - tx41340a0950034788985e2-0069b43bc4 - 0.0138 - - 1773419460.243347168 1773419460.257145405 0
Mar 13 16:31:00 standalone account-server[124871]: 172.20.0.100 - - [13/Mar/2026:16:31:00 +0000] "PUT /d1/322/AUTH_935697089ce9463e8c1739c47616b730/gnocchi.56f387e3-67e0-4f76-a7fe-fd2acac7c2f7" 201 - "PUT http://172.20.0.100:6001/d1/610/AUTH_935697089ce9463e8c1739c47616b730/gnocchi.56f387e3-67e0-4f76-a7fe-fd2acac7c2f7" "tx4afb9fc7ffd7403ab4d05-0069b43bc4" "container-server 21" 0.0058 "-" 22 0
Mar 13 16:31:00 standalone container-server[125036]: 172.20.0.100 - - [13/Mar/2026:16:31:00 +0000] "PUT /d1/610/AUTH_935697089ce9463e8c1739c47616b730/gnocchi.56f387e3-67e0-4f76-a7fe-fd2acac7c2f7" 201 - "PUT http://localhost:8080/v1/AUTH_935697089ce9463e8c1739c47616b730/gnocchi.56f387e3-67e0-4f76-a7fe-fd2acac7c2f7" "tx4afb9fc7ffd7403ab4d05-0069b43bc4" "proxy-server 21" 0.0183 "-" 21 0
Mar 13 16:31:00 standalone proxy-server[127105]: 172.18.0.2 ::1 13/Mar/2026/16/31/00 PUT /v1/AUTH_935697089ce9463e8c1739c47616b730/gnocchi.56f387e3-67e0-4f76-a7fe-fd2acac7c2f7 HTTP/1.0 201 - python-swiftclient-3.11.1 gAAAAABptDsXUp2K... - - - tx4afb9fc7ffd7403ab4d05-0069b43bc4 - 0.0254 - - 1773419460.261387825 1773419460.286745310 0
Mar 13 16:31:00 standalone container-server[125044]: 172.20.0.100 - - [13/Mar/2026:16:31:00 +0000] "HEAD /d1/610/AUTH_935697089ce9463e8c1739c47616b730/gnocchi.56f387e3-67e0-4f76-a7fe-fd2acac7c2f7" 204 - "HEAD http://localhost:8080/v1/AUTH_935697089ce9463e8c1739c47616b730/gnocchi.56f387e3-67e0-4f76-a7fe-fd2acac7c2f7?format=json&states=listing" "txd5f8e4fa8844430a97cdc-0069b43bc4" "proxy-server 21" 0.0016 "-" 23 0
Mar 13 16:31:00 standalone proxy-server[127105]: - - 13/Mar/2026/16/31/00 HEAD /v1/AUTH_935697089ce9463e8c1739c47616b730/gnocchi.56f387e3-67e0-4f76-a7fe-fd2acac7c2f7%3Fformat%3Djson%26states%3Dlisting HTTP/1.0 204 - Swift - - - - txd5f8e4fa8844430a97cdc-0069b43bc4 - 0.0047 RL - 1773419460.292898417 1773419460.297551155 0
Mar 13 16:31:00 standalone container-server[125036]: 172.20.0.100 - - [13/Mar/2026:16:31:00 +0000] "GET /d1/610/AUTH_935697089ce9463e8c1739c47616b730/gnocchi.56f387e3-67e0-4f76-a7fe-fd2acac7c2f7" 200 2 "GET http://localhost:8080/v1/AUTH_935697089ce9463e8c1739c47616b730/gnocchi.56f387e3-67e0-4f76-a7fe-fd2acac7c2f7?format=json&states=listing" "txd5f8e4fa8844430a97cdc-0069b43bc4" "proxy-server 21" 0.0032 "-" 21 0
Mar 13 16:31:00 standalone proxy-server[127105]: 172.18.0.2 ::1 13/Mar/2026/16/31/00 GET /v1/AUTH_935697089ce9463e8c1739c47616b730/gnocchi.56f387e3-67e0-4f76-a7fe-fd2acac7c2f7%3Fformat%3Djson%26states%3Dlisting HTTP/1.0 200 - python-swiftclient-3.11.1 gAAAAABptDsXUp2K... - 2 - txd5f8e4fa8844430a97cdc-0069b43bc4 - 0.0139 - - 1773419460.291782141 1773419460.305716753 0
Mar 13 16:31:00 standalone object-server[125329]: 172.20.0.100 - - [13/Mar/2026:16:31:00 +0000] "GET /d1/983/AUTH_935697089ce9463e8c1739c47616b730/gnocchi.56f387e3-67e0-4f76-a7fe-fd2acac7c2f7/1773360000.0_mean_300.0_v3" 404 70 "GET http://localhost:8080/v1/AUTH_935697089ce9463e8c1739c47616b730/gnocchi.56f387e3-67e0-4f76-a7fe-fd2acac7c2f7/1773360000.0_mean_300.0_v3" "tx2476c62d779c445fb678e-0069b43bc4" "proxy-server 21" 0.0003 "-" 22 0
Mar 13 16:31:00 standalone proxy-server[127105]: 172.18.0.2 ::1 13/Mar/2026/16/31/00 GET /v1/AUTH_935697089ce9463e8c1739c47616b730/gnocchi.56f387e3-67e0-4f76-a7fe-fd2acac7c2f7/1773360000.0_mean_300.0_v3 HTTP/1.0 404 - python-swiftclient-3.11.1 gAAAAABptDsXUp2K... - 70 - tx2476c62d779c445fb678e-0069b43bc4 - 0.0041 - - 1773419460.310204983 1773419460.314266205 0
Mar 13 16:31:00 standalone container-server[125032]: 172.20.0.100 - - [13/Mar/2026:16:31:00 +0000] "PUT /d1/610/AUTH_935697089ce9463e8c1739c47616b730/gnocchi.56f387e3-67e0-4f76-a7fe-fd2acac7c2f7/1773360000.0_mean_300.0_v3" 201 - "PUT http://localhost:8080/d1/983/AUTH_935697089ce9463e8c1739c47616b730/gnocchi.56f387e3-67e0-4f76-a7fe-fd2acac7c2f7/1773360000.0_mean_300.0_v3" "tx0977e14dc4804cd3bdab3-0069b43bc4" "object-server 22" 0.0009 "-" 20 0
Mar 13 16:31:00 standalone object-server[125329]: 172.20.0.100 - - [13/Mar/2026:16:31:00 +0000] "PUT /d1/983/AUTH_935697089ce9463e8c1739c47616b730/gnocchi.56f387e3-67e0-4f76-a7fe-fd2acac7c2f7/1773360000.0_mean_300.0_v3" 201 - "PUT http://localhost:8080/v1/AUTH_935697089ce9463e8c1739c47616b730/gnocchi.56f387e3-67e0-4f76-a7fe-fd2acac7c2f7/1773360000.0_mean_300.0_v3" "tx0977e14dc4804cd3bdab3-0069b43bc4" "proxy-server 21" 0.0094 "-" 22 0
Mar 13 16:31:00 standalone proxy-server[127105]: 172.18.0.2 ::1 13/Mar/2026/16/31/00 PUT /v1/AUTH_935697089ce9463e8c1739c47616b730/gnocchi.56f387e3-67e0-4f76-a7fe-fd2acac7c2f7/1773360000.0_mean_300.0_v3 HTTP/1.0 201 - python-swiftclient-3.11.1 gAAAAABptDsXUp2K... 16 - - tx0977e14dc4804cd3bdab3-0069b43bc4 - 0.0134 - - 1773419460.317754269 1773419460.331142187 0
Mar 13 16:31:00 standalone container-server[125043]: 172.20.0.100 - - [13/Mar/2026:16:31:00 +0000] "PUT /d1/610/AUTH_935697089ce9463e8c1739c47616b730/gnocchi.56f387e3-67e0-4f76-a7fe-fd2acac7c2f7/none_v3" 201 - "PUT http://localhost:8080/d1/267/AUTH_935697089ce9463e8c1739c47616b730/gnocchi.56f387e3-67e0-4f76-a7fe-fd2acac7c2f7/none_v3" "txdf4122cb287e4c1a950be-0069b43bc4" "object-server 22" 0.0005 "-" 22 0
Mar 13 16:31:00 standalone object-server[125329]: 172.20.0.100 - - [13/Mar/2026:16:31:00 +0000] "PUT /d1/267/AUTH_935697089ce9463e8c1739c47616b730/gnocchi.56f387e3-67e0-4f76-a7fe-fd2acac7c2f7/none_v3" 201 - "PUT http://localhost:8080/v1/AUTH_935697089ce9463e8c1739c47616b730/gnocchi.56f387e3-67e0-4f76-a7fe-fd2acac7c2f7/none_v3" "txdf4122cb287e4c1a950be-0069b43bc4" "proxy-server 21" 0.0067 "-" 22 0
Mar 13 16:31:00 standalone proxy-server[127105]: 172.18.0.2 ::1 13/Mar/2026/16/31/00 PUT /v1/AUTH_935697089ce9463e8c1739c47616b730/gnocchi.56f387e3-67e0-4f76-a7fe-fd2acac7c2f7/none_v3 HTTP/1.0 201 - python-swiftclient-3.11.1 gAAAAABptDsXUp2K... 22 - - txdf4122cb287e4c1a950be-0069b43bc4 - 0.0102 - - 1773419460.333446503 1773419460.343620300 0
Mar 13 16:31:00 standalone container-server[125043]: 172.20.0.100 - - [13/Mar/2026:16:31:00 +0000] "HEAD /d1/63/AUTH_935697089ce9463e8c1739c47616b730/gnocchi.145fa21f-4256-4a86-88ad-b8c5e2c430c3" 404 - "HEAD http://localhost:8080/v1/AUTH_935697089ce9463e8c1739c47616b730/gnocchi.145fa21f-4256-4a86-88ad-b8c5e2c430c3?format=json&states=listing" "tx8ad396f99ee04d769064f-0069b43bc4" "proxy-server 21" 0.0002 "-" 22 0
Mar 13 16:31:00 standalone object-server[125349]: 172.20.0.100 - - [13/Mar/2026:16:31:00 +0000] "GET /d1/163/AUTH_935697089ce9463e8c1739c47616b730/gnocchi.145fa21f-4256-4a86-88ad-b8c5e2c430c3/none_v3" 404 70 "GET http://localhost:8080/v1/AUTH_935697089ce9463e8c1739c47616b730/gnocchi.145fa21f-4256-4a86-88ad-b8c5e2c430c3/none_v3" "tx8ad396f99ee04d769064f-0069b43bc4" "proxy-server 21" 0.0005 "-" 24 0
Mar 13 16:31:00 standalone proxy-server[127105]: 172.18.0.2 ::1 13/Mar/2026/16/31/00 GET /v1/AUTH_935697089ce9463e8c1739c47616b730/gnocchi.145fa21f-4256-4a86-88ad-b8c5e2c430c3/none_v3 HTTP/1.0 404 - python-swiftclient-3.11.1 gAAAAABptDsXUp2K... - 70 - tx8ad396f99ee04d769064f-0069b43bc4 - 0.0079 - - 1773419460.353439808 1773419460.361358404 0
Mar 13 16:31:00 standalone account-server[124853]: 172.20.0.100 - - [13/Mar/2026:16:31:00 +0000] "PUT /d1/322/AUTH_935697089ce9463e8c1739c47616b730/gnocchi.145fa21f-4256-4a86-88ad-b8c5e2c430c3" 201 - "PUT http://172.20.0.100:6001/d1/63/AUTH_935697089ce9463e8c1739c47616b730/gnocchi.145fa21f-4256-4a86-88ad-b8c5e2c430c3" "tx3f0f73b9f87d42a880db2-0069b43bc4" "container-server 20" 0.0053 "-" 20 0
Mar 13 16:31:00 standalone container-server[125032]: 172.20.0.100 - - [13/Mar/2026:16:31:00 +0000] "PUT /d1/63/AUTH_935697089ce9463e8c1739c47616b730/gnocchi.145fa21f-4256-4a86-88ad-b8c5e2c430c3" 201 - "PUT http://localhost:8080/v1/AUTH_935697089ce9463e8c1739c47616b730/gnocchi.145fa21f-4256-4a86-88ad-b8c5e2c430c3" "tx3f0f73b9f87d42a880db2-0069b43bc4" "proxy-server 21" 0.0171 "-" 20 0
Mar 13 16:31:00 standalone proxy-server[127105]: 172.18.0.2 ::1 13/Mar/2026/16/31/00 PUT /v1/AUTH_935697089ce9463e8c1739c47616b730/gnocchi.145fa21f-4256-4a86-88ad-b8c5e2c430c3 HTTP/1.0 201 - python-swiftclient-3.11.1 gAAAAABptDsXUp2K... - - - tx3f0f73b9f87d42a880db2-0069b43bc4 - 0.0229 - - 1773419460.363724470 1773419460.386659145 0
Mar 13 16:31:00 standalone container-server[125044]: 172.20.0.100 - - [13/Mar/2026:16:31:00 +0000] "HEAD /d1/63/AUTH_935697089ce9463e8c1739c47616b730/gnocchi.145fa21f-4256-4a86-88ad-b8c5e2c430c3" 204 - "HEAD http://localhost:8080/v1/AUTH_935697089ce9463e8c1739c47616b730/gnocchi.145fa21f-4256-4a86-88ad-b8c5e2c430c3?format=json&states=listing" "tx60e4d9d7977a4dbfa6a9e-0069b43bc4" "proxy-server 21" 0.0016 "-" 23 0
Mar 13 16:31:00 standalone proxy-server[127105]: - - 13/Mar/2026/16/31/00 HEAD /v1/AUTH_935697089ce9463e8c1739c47616b730/gnocchi.145fa21f-4256-4a86-88ad-b8c5e2c430c3%3Fformat%3Djson%26states%3Dlisting HTTP/1.0 204 - Swift - - - - tx60e4d9d7977a4dbfa6a9e-0069b43bc4 - 0.0046 RL - 1773419460.395642996 1773419460.400250435 0
Mar 13 16:31:00 standalone container-server[125032]: 172.20.0.100 - - [13/Mar/2026:16:31:00 +0000] "GET /d1/63/AUTH_935697089ce9463e8c1739c47616b730/gnocchi.145fa21f-4256-4a86-88ad-b8c5e2c430c3" 200 2 "GET http://localhost:8080/v1/AUTH_935697089ce9463e8c1739c47616b730/gnocchi.145fa21f-4256-4a86-88ad-b8c5e2c430c3?format=json&states=listing" "tx60e4d9d7977a4dbfa6a9e-0069b43bc4" "proxy-server 21" 0.0029 "-" 20 0
Mar 13 16:31:00 standalone proxy-server[127105]: 172.18.0.2 ::1 13/Mar/2026/16/31/00 GET /v1/AUTH_935697089ce9463e8c1739c47616b730/gnocchi.145fa21f-4256-4a86-88ad-b8c5e2c430c3%3Fformat%3Djson%26states%3Dlisting HTTP/1.0 200 - python-swiftclient-3.11.1 gAAAAABptDsXUp2K... - 2 - tx60e4d9d7977a4dbfa6a9e-0069b43bc4 - 0.0138 - - 1773419460.394623995 1773419460.408415079 0
Mar 13 16:31:00 standalone object-server[125340]: 172.20.0.100 - - [13/Mar/2026:16:31:00 +0000] "GET /d1/389/AUTH_935697089ce9463e8c1739c47616b730/gnocchi.145fa21f-4256-4a86-88ad-b8c5e2c430c3/1773360000.0_mean_300.0_v3" 404 70 "GET http://localhost:8080/v1/AUTH_935697089ce9463e8c1739c47616b730/gnocchi.145fa21f-4256-4a86-88ad-b8c5e2c430c3/1773360000.0_mean_300.0_v3" "tx1db32f96fbaf4eb08129c-0069b43bc4" "proxy-server 21" 0.0006 "-" 23 0
Mar 13 16:31:00 standalone proxy-server[127105]: 172.18.0.2 ::1 13/Mar/2026/16/31/00 GET /v1/AUTH_935697089ce9463e8c1739c47616b730/gnocchi.145fa21f-4256-4a86-88ad-b8c5e2c430c3/1773360000.0_mean_300.0_v3 HTTP/1.0 404 - python-swiftclient-3.11.1 gAAAAABptDsXUp2K... - 70 - tx1db32f96fbaf4eb08129c-0069b43bc4 - 0.0047 - - 1773419460.412296534 1773419460.417006493 0
Mar 13 16:31:00 standalone container-server[125036]: 172.20.0.100 - - [13/Mar/2026:16:31:00 +0000] "PUT /d1/63/AUTH_935697089ce9463e8c1739c47616b730/gnocchi.145fa21f-4256-4a86-88ad-b8c5e2c430c3/1773360000.0_mean_300.0_v3" 201 - "PUT http://localhost:8080/d1/389/AUTH_935697089ce9463e8c1739c47616b730/gnocchi.145fa21f-4256-4a86-88ad-b8c5e2c430c3/1773360000.0_mean_300.0_v3" "tx128943d27bdf46eba733a-0069b43bc4" "object-server 23" 0.0009 "-" 21 0
Mar 13 16:31:00 standalone object-server[125340]: 172.20.0.100 - - [13/Mar/2026:16:31:00 +0000] "PUT /d1/389/AUTH_935697089ce9463e8c1739c47616b730/gnocchi.145fa21f-4256-4a86-88ad-b8c5e2c430c3/1773360000.0_mean_300.0_v3" 201 - "PUT http://localhost:8080/v1/AUTH_935697089ce9463e8c1739c47616b730/gnocchi.145fa21f-4256-4a86-88ad-b8c5e2c430c3/1773360000.0_mean_300.0_v3" "tx128943d27bdf46eba733a-0069b43bc4" "proxy-server 21" 0.0107 "-" 23 0
Mar 13 16:31:00 standalone proxy-server[127105]: 172.18.0.2 ::1 13/Mar/2026/16/31/00 PUT /v1/AUTH_935697089ce9463e8c1739c47616b730/gnocchi.145fa21f-4256-4a86-88ad-b8c5e2c430c3/1773360000.0_mean_300.0_v3 HTTP/1.0 201 - python-swiftclient-3.11.1 gAAAAABptDsXUp2K... 16 - - tx128943d27bdf46eba733a-0069b43bc4 - 0.0151 - - 1773419460.419379950 1773419460.434501171 0
Mar 13 16:31:00 standalone container-server[125036]: 172.20.0.100 - - [13/Mar/2026:16:31:00 +0000] "PUT /d1/63/AUTH_935697089ce9463e8c1739c47616b730/gnocchi.145fa21f-4256-4a86-88ad-b8c5e2c430c3/none_v3" 201 - "PUT http://localhost:8080/d1/163/AUTH_935697089ce9463e8c1739c47616b730/gnocchi.145fa21f-4256-4a86-88ad-b8c5e2c430c3/none_v3" "txc4d4c725357a44beaf7a5-0069b43bc4" "object-server 23" 0.0007 "-" 21 0
Mar 13 16:31:00 standalone object-server[125340]: 172.20.0.100 - - [13/Mar/2026:16:31:00 +0000] "PUT /d1/163/AUTH_935697089ce9463e8c1739c47616b730/gnocchi.145fa21f-4256-4a86-88ad-b8c5e2c430c3/none_v3" 201 - "PUT http://localhost:8080/v1/AUTH_935697089ce9463e8c1739c47616b730/gnocchi.145fa21f-4256-4a86-88ad-b8c5e2c430c3/none_v3" "txc4d4c725357a44beaf7a5-0069b43bc4" "proxy-server 21" 0.0095 "-" 23 0
Mar 13 16:31:00 standalone proxy-server[127105]: 172.18.0.2 ::1 13/Mar/2026/16/31/00 PUT /v1/AUTH_935697089ce9463e8c1739c47616b730/gnocchi.145fa21f-4256-4a86-88ad-b8c5e2c430c3/none_v3 HTTP/1.0 201 - python-swiftclient-3.11.1 gAAAAABptDsXUp2K... 22 - - txc4d4c725357a44beaf7a5-0069b43bc4 - 0.0141 - - 1773419460.437852859 1773419460.451973677 0
Mar 13 16:31:00 standalone container-server[125044]: 172.20.0.100 - - [13/Mar/2026:16:31:00 +0000] "HEAD /d1/602/AUTH_935697089ce9463e8c1739c47616b730/gnocchi.a4bf6d0a-30e1-49b7-b40a-08a8036bebe8" 404 - "HEAD http://localhost:8080/v1/AUTH_935697089ce9463e8c1739c47616b730/gnocchi.a4bf6d0a-30e1-49b7-b40a-08a8036bebe8?format=json&states=listing" "txe0f8d15a8a4b48ab9a24f-0069b43bc4" "proxy-server 21" 0.0005 "-" 23 0
Mar 13 16:31:00 standalone object-server[125358]: 172.20.0.100 - - [13/Mar/2026:16:31:00 +0000] "GET /d1/602/AUTH_935697089ce9463e8c1739c47616b730/gnocchi.a4bf6d0a-30e1-49b7-b40a-08a8036bebe8/none_v3" 404 70 "GET http://localhost:8080/v1/AUTH_935697089ce9463e8c1739c47616b730/gnocchi.a4bf6d0a-30e1-49b7-b40a-08a8036bebe8/none_v3" "txe0f8d15a8a4b48ab9a24f-0069b43bc4" "proxy-server 21" 0.0005 "-" 25 0
Mar 13 16:31:00 standalone proxy-server[127105]: 172.18.0.2 ::1 13/Mar/2026/16/31/00 GET /v1/AUTH_935697089ce9463e8c1739c47616b730/gnocchi.a4bf6d0a-30e1-49b7-b40a-08a8036bebe8/none_v3 HTTP/1.0 404 - python-swiftclient-3.11.1 gAAAAABptDsXUp2K... - 70 - txe0f8d15a8a4b48ab9a24f-0069b43bc4 - 0.0083 - - 1773419460.462127209 1773419460.470384359 0
Mar 13 16:31:00 standalone account-server[124853]: 172.20.0.100 - - [13/Mar/2026:16:31:00 +0000] "PUT /d1/322/AUTH_935697089ce9463e8c1739c47616b730/gnocchi.a4bf6d0a-30e1-49b7-b40a-08a8036bebe8" 201 - "PUT http://172.20.0.100:6001/d1/602/AUTH_935697089ce9463e8c1739c47616b730/gnocchi.a4bf6d0a-30e1-49b7-b40a-08a8036bebe8" "tx14a3e4ff40694e39aafb8-0069b43bc4" "container-server 22" 0.0049 "-" 20 0
Mar 13 16:31:00 standalone container-server[125043]: 172.20.0.100 - - [13/Mar/2026:16:31:00 +0000] "PUT /d1/602/AUTH_935697089ce9463e8c1739c47616b730/gnocchi.a4bf6d0a-30e1-49b7-b40a-08a8036bebe8" 201 - "PUT http://localhost:8080/v1/AUTH_935697089ce9463e8c1739c47616b730/gnocchi.a4bf6d0a-30e1-49b7-b40a-08a8036bebe8" "tx14a3e4ff40694e39aafb8-0069b43bc4" "proxy-server 21" 0.0159 "-" 22 0
Mar 13 16:31:00 standalone proxy-server[127105]: 172.18.0.2 ::1 13/Mar/2026/16/31/00 PUT /v1/AUTH_935697089ce9463e8c1739c47616b730/gnocchi.a4bf6d0a-30e1-49b7-b40a-08a8036bebe8 HTTP/1.0 201 - python-swiftclient-3.11.1 gAAAAABptDsXUp2K... - - - tx14a3e4ff40694e39aafb8-0069b43bc4 - 0.0200 - - 1773419460.472881317 1773419460.492919922 0
Mar 13 16:31:00 standalone container-server[125044]: 172.20.0.100 - - [13/Mar/2026:16:31:00 +0000] "HEAD /d1/602/AUTH_935697089ce9463e8c1739c47616b730/gnocchi.a4bf6d0a-30e1-49b7-b40a-08a8036bebe8" 204 - "HEAD http://localhost:8080/v1/AUTH_935697089ce9463e8c1739c47616b730/gnocchi.a4bf6d0a-30e1-49b7-b40a-08a8036bebe8?format=json&states=listing" "tx8bf6b141c3dd45c1900b7-0069b43bc4" "proxy-server 21" 0.0016 "-" 23 0
Mar 13 16:31:00 standalone proxy-server[127105]: - - 13/Mar/2026/16/31/00 HEAD /v1/AUTH_935697089ce9463e8c1739c47616b730/gnocchi.a4bf6d0a-30e1-49b7-b40a-08a8036bebe8%3Fformat%3Djson%26states%3Dlisting HTTP/1.0 204 - Swift - - - - tx8bf6b141c3dd45c1900b7-0069b43bc4 - 0.0043 RL - 1773419460.497419357 1773419460.501766920 0
Mar 13 16:31:00 standalone container-server[125036]: 172.20.0.100 - - [13/Mar/2026:16:31:00 +0000] "GET /d1/602/AUTH_935697089ce9463e8c1739c47616b730/gnocchi.a4bf6d0a-30e1-49b7-b40a-08a8036bebe8" 200 2 "GET http://localhost:8080/v1/AUTH_935697089ce9463e8c1739c47616b730/gnocchi.a4bf6d0a-30e1-49b7-b40a-08a8036bebe8?format=json&states=listing" "tx8bf6b141c3dd45c1900b7-0069b43bc4" "proxy-server 21" 0.0024 "-" 21 0
Mar 13 16:31:00 standalone proxy-server[127105]: 172.18.0.2 ::1 13/Mar/2026/16/31/00 GET /v1/AUTH_935697089ce9463e8c1739c47616b730/gnocchi.a4bf6d0a-30e1-49b7-b40a-08a8036bebe8%3Fformat%3Djson%26states%3Dlisting HTTP/1.0 200 - python-swiftclient-3.11.1 gAAAAABptDsXUp2K... - 2 - tx8bf6b141c3dd45c1900b7-0069b43bc4 - 0.0124 - - 1773419460.496427774 1773419460.508780479 0
Mar 13 16:31:00 standalone object-server[125349]: 172.20.0.100 - - [13/Mar/2026:16:31:00 +0000] "GET /d1/695/AUTH_935697089ce9463e8c1739c47616b730/gnocchi.a4bf6d0a-30e1-49b7-b40a-08a8036bebe8/1773360000.0_mean_300.0_v3" 404 70 "GET http://localhost:8080/v1/AUTH_935697089ce9463e8c1739c47616b730/gnocchi.a4bf6d0a-30e1-49b7-b40a-08a8036bebe8/1773360000.0_mean_300.0_v3" "tx7c3b6a9e0a7742878417d-0069b43bc4" "proxy-server 21" 0.0005 "-" 24 0
Mar 13 16:31:00 standalone proxy-server[127105]: 172.18.0.2 ::1 13/Mar/2026/16/31/00 GET /v1/AUTH_935697089ce9463e8c1739c47616b730/gnocchi.a4bf6d0a-30e1-49b7-b40a-08a8036bebe8/1773360000.0_mean_300.0_v3 HTTP/1.0 404 - python-swiftclient-3.11.1 gAAAAABptDsXUp2K... - 70 - tx7c3b6a9e0a7742878417d-0069b43bc4 - 0.0051 - - 1773419460.512047529 1773419460.517129183 0
Mar 13 16:31:00 standalone container-server[125032]: 172.20.0.100 - - [13/Mar/2026:16:31:00 +0000] "PUT /d1/602/AUTH_935697089ce9463e8c1739c47616b730/gnocchi.a4bf6d0a-30e1-49b7-b40a-08a8036bebe8/1773360000.0_mean_300.0_v3" 201 - "PUT http://localhost:8080/d1/695/AUTH_935697089ce9463e8c1739c47616b730/gnocchi.a4bf6d0a-30e1-49b7-b40a-08a8036bebe8/1773360000.0_mean_300.0_v3" "txb66ea323c02a40a09694a-0069b43bc4" "object-server 25" 0.0011 "-" 20 0
Mar 13 16:31:00 standalone object-server[125358]: 172.20.0.100 - - [13/Mar/2026:16:31:00 +0000] "PUT /d1/695/AUTH_935697089ce9463e8c1739c47616b730/gnocchi.a4bf6d0a-30e1-49b7-b40a-08a8036bebe8/1773360000.0_mean_300.0_v3" 201 - "PUT http://localhost:8080/v1/AUTH_935697089ce9463e8c1739c47616b730/gnocchi.a4bf6d0a-30e1-49b7-b40a-08a8036bebe8/1773360000.0_mean_300.0_v3" "txb66ea323c02a40a09694a-0069b43bc4" "proxy-server 21" 0.0107 "-" 25 0
Mar 13 16:31:00 standalone proxy-server[127105]: 172.18.0.2 ::1 13/Mar/2026/16/31/00 PUT /v1/AUTH_935697089ce9463e8c1739c47616b730/gnocchi.a4bf6d0a-30e1-49b7-b40a-08a8036bebe8/1773360000.0_mean_300.0_v3 HTTP/1.0 201 - python-swiftclient-3.11.1 gAAAAABptDsXUp2K... 16 - - txb66ea323c02a40a09694a-0069b43bc4 - 0.0148 - - 1773419460.519615650 1773419460.534421206 0
Mar 13 16:31:00 standalone container-server[125032]: 172.20.0.100 - - [13/Mar/2026:16:31:00 +0000] "PUT /d1/602/AUTH_935697089ce9463e8c1739c47616b730/gnocchi.a4bf6d0a-30e1-49b7-b40a-08a8036bebe8/none_v3" 201 - "PUT http://localhost:8080/d1/602/AUTH_935697089ce9463e8c1739c47616b730/gnocchi.a4bf6d0a-30e1-49b7-b40a-08a8036bebe8/none_v3" "tx1ee1b54bb2ad43379236e-0069b43bc4" "object-server 24" 0.0006 "-" 20 0
Mar 13 16:31:00 standalone object-server[125349]: 172.20.0.100 - - [13/Mar/2026:16:31:00 +0000] "PUT /d1/602/AUTH_935697089ce9463e8c1739c47616b730/gnocchi.a4bf6d0a-30e1-49b7-b40a-08a8036bebe8/none_v3" 201 - "PUT http://localhost:8080/v1/AUTH_935697089ce9463e8c1739c47616b730/gnocchi.a4bf6d0a-30e1-49b7-b40a-08a8036bebe8/none_v3" "tx1ee1b54bb2ad43379236e-0069b43bc4" "proxy-server 21" 0.0093 "-" 24 0
Mar 13 16:31:00 standalone proxy-server[127105]: 172.18.0.2 ::1 13/Mar/2026/16/31/00 PUT /v1/AUTH_935697089ce9463e8c1739c47616b730/gnocchi.a4bf6d0a-30e1-49b7-b40a-08a8036bebe8/none_v3 HTTP/1.0 201 - python-swiftclient-3.11.1 gAAAAABptDsXUp2K... 22 - - tx1ee1b54bb2ad43379236e-0069b43bc4 - 0.0137 - - 1773419460.536720037 1773419460.550410748 0
Mar 13 16:31:00 standalone container-server[125043]: 172.20.0.100 - - [13/Mar/2026:16:31:00 +0000] "HEAD /d1/652/AUTH_935697089ce9463e8c1739c47616b730/gnocchi.0f62c00e-d3bb-4ac5-a561-bb8e908b925d" 404 - "HEAD http://localhost:8080/v1/AUTH_935697089ce9463e8c1739c47616b730/gnocchi.0f62c00e-d3bb-4ac5-a561-bb8e908b925d?format=json&states=listing" "tx857cf2095e3748bcba712-0069b43bc4" "proxy-server 21" 0.0004 "-" 22 0
Mar 13 16:31:00 standalone object-server[125340]: 172.20.0.100 - - [13/Mar/2026:16:31:00 +0000] "GET /d1/112/AUTH_935697089ce9463e8c1739c47616b730/gnocchi.0f62c00e-d3bb-4ac5-a561-bb8e908b925d/none_v3" 404 70 "GET http://localhost:8080/v1/AUTH_935697089ce9463e8c1739c47616b730/gnocchi.0f62c00e-d3bb-4ac5-a561-bb8e908b925d/none_v3" "tx857cf2095e3748bcba712-0069b43bc4" "proxy-server 21" 0.0006 "-" 23 0
Mar 13 16:31:00 standalone proxy-server[127105]: 172.18.0.2 ::1 13/Mar/2026/16/31/00 GET /v1/AUTH_935697089ce9463e8c1739c47616b730/gnocchi.0f62c00e-d3bb-4ac5-a561-bb8e908b925d/none_v3 HTTP/1.0 404 - python-swiftclient-3.11.1 gAAAAABptDsXUp2K... - 70 - tx857cf2095e3748bcba712-0069b43bc4 - 0.0094 - - 1773419460.561916828 1773419460.571364880 0
Mar 13 16:31:00 standalone account-server[124853]: 172.20.0.100 - - [13/Mar/2026:16:31:00 +0000] "PUT /d1/322/AUTH_935697089ce9463e8c1739c47616b730/gnocchi.0f62c00e-d3bb-4ac5-a561-bb8e908b925d" 201 - "PUT http://172.20.0.100:6001/d1/652/AUTH_935697089ce9463e8c1739c47616b730/gnocchi.0f62c00e-d3bb-4ac5-a561-bb8e908b925d" "txbee22146932e4a5894886-0069b43bc4" "container-server 21" 0.0043 "-" 20 0
Mar 13 16:31:00 standalone container-server[125036]: 172.20.0.100 - - [13/Mar/2026:16:31:00 +0000] "PUT /d1/652/AUTH_935697089ce9463e8c1739c47616b730/gnocchi.0f62c00e-d3bb-4ac5-a561-bb8e908b925d" 201 - "PUT http://localhost:8080/v1/AUTH_935697089ce9463e8c1739c47616b730/gnocchi.0f62c00e-d3bb-4ac5-a561-bb8e908b925d" "txbee22146932e4a5894886-0069b43bc4" "proxy-server 21" 0.0142 "-" 21 0
Mar 13 16:31:00 standalone proxy-server[127105]: 172.18.0.2 ::1 13/Mar/2026/16/31/00 PUT /v1/AUTH_935697089ce9463e8c1739c47616b730/gnocchi.0f62c00e-d3bb-4ac5-a561-bb8e908b925d HTTP/1.0 201 - python-swiftclient-3.11.1 gAAAAABptDsXUp2K... - - - txbee22146932e4a5894886-0069b43bc4 - 0.0184 - - 1773419460.573858500 1773419460.592248678 0
Mar 13 16:31:00 standalone container-server[125036]: 172.20.0.100 - - [13/Mar/2026:16:31:00 +0000] "HEAD /d1/652/AUTH_935697089ce9463e8c1739c47616b730/gnocchi.0f62c00e-d3bb-4ac5-a561-bb8e908b925d" 204 - "HEAD http://localhost:8080/v1/AUTH_935697089ce9463e8c1739c47616b730/gnocchi.0f62c00e-d3bb-4ac5-a561-bb8e908b925d?format=json&states=listing" "txd80d92fcf41d4818a51c7-0069b43bc4" "proxy-server 21" 0.0012 "-" 21 0
Mar 13 16:31:00 standalone proxy-server[127105]: - - 13/Mar/2026/16/31/00 HEAD /v1/AUTH_935697089ce9463e8c1739c47616b730/gnocchi.0f62c00e-d3bb-4ac5-a561-bb8e908b925d%3Fformat%3Djson%26states%3Dlisting HTTP/1.0 204 - Swift - - - - txd80d92fcf41d4818a51c7-0069b43bc4 - 0.0034 RL - 1773419460.595974922 1773419460.599399090 0
Mar 13 16:31:00 standalone container-server[125043]: 172.20.0.100 - - [13/Mar/2026:16:31:00 +0000] "GET /d1/652/AUTH_935697089ce9463e8c1739c47616b730/gnocchi.0f62c00e-d3bb-4ac5-a561-bb8e908b925d" 200 2 "GET http://localhost:8080/v1/AUTH_935697089ce9463e8c1739c47616b730/gnocchi.0f62c00e-d3bb-4ac5-a561-bb8e908b925d?format=json&states=listing" "txd80d92fcf41d4818a51c7-0069b43bc4" "proxy-server 21" 0.0015 "-" 22 0
Mar 13 16:31:00 standalone proxy-server[127105]: 172.18.0.2 ::1 13/Mar/2026/16/31/00 GET /v1/AUTH_935697089ce9463e8c1739c47616b730/gnocchi.0f62c00e-d3bb-4ac5-a561-bb8e908b925d%3Fformat%3Djson%26states%3Dlisting HTTP/1.0 200 - python-swiftclient-3.11.1 gAAAAABptDsXUp2K... - 2 - txd80d92fcf41d4818a51c7-0069b43bc4 - 0.0101 - - 1773419460.595074654 1773419460.605146408 0
Mar 13 16:31:00 standalone object-server[125340]: 172.20.0.100 - - [13/Mar/2026:16:31:00 +0000] "GET /d1/753/AUTH_935697089ce9463e8c1739c47616b730/gnocchi.0f62c00e-d3bb-4ac5-a561-bb8e908b925d/1773360000.0_mean_300.0_v3" 404 70 "GET http://localhost:8080/v1/AUTH_935697089ce9463e8c1739c47616b730/gnocchi.0f62c00e-d3bb-4ac5-a561-bb8e908b925d/1773360000.0_mean_300.0_v3" "txa05f48756b3f4e439b485-0069b43bc4" "proxy-server 21" 0.0005 "-" 23 0
Mar 13 16:31:00 standalone proxy-server[127105]: 172.18.0.2 ::1 13/Mar/2026/16/31/00 GET /v1/AUTH_935697089ce9463e8c1739c47616b730/gnocchi.0f62c00e-d3bb-4ac5-a561-bb8e908b925d/1773360000.0_mean_300.0_v3 HTTP/1.0 404 - python-swiftclient-3.11.1 gAAAAABptDsXUp2K... - 70 - txa05f48756b3f4e439b485-0069b43bc4 - 0.0057 - - 1773419460.608070612 1773419460.613808155 0
Mar 13 16:31:00 standalone container-server[125032]: 172.20.0.100 - - [13/Mar/2026:16:31:00 +0000] "PUT /d1/652/AUTH_935697089ce9463e8c1739c47616b730/gnocchi.0f62c00e-d3bb-4ac5-a561-bb8e908b925d/1773360000.0_mean_300.0_v3" 201 - "PUT http://localhost:8080/d1/753/AUTH_935697089ce9463e8c1739c47616b730/gnocchi.0f62c00e-d3bb-4ac5-a561-bb8e908b925d/1773360000.0_mean_300.0_v3" "txbcb9ce4b35e249e29ea91-0069b43bc4" "object-server 22" 0.0009 "-" 20 0
Mar 13 16:31:00 standalone object-server[125329]: 172.20.0.100 - - [13/Mar/2026:16:31:00 +0000] "PUT /d1/753/AUTH_935697089ce9463e8c1739c47616b730/gnocchi.0f62c00e-d3bb-4ac5-a561-bb8e908b925d/1773360000.0_mean_300.0_v3" 201 - "PUT http://localhost:8080/v1/AUTH_935697089ce9463e8c1739c47616b730/gnocchi.0f62c00e-d3bb-4ac5-a561-bb8e908b925d/1773360000.0_mean_300.0_v3" "txbcb9ce4b35e249e29ea91-0069b43bc4" "proxy-server 21" 0.0100 "-" 22 0
Mar 13 16:31:00 standalone proxy-server[127105]: 172.18.0.2 ::1 13/Mar/2026/16/31/00 PUT /v1/AUTH_935697089ce9463e8c1739c47616b730/gnocchi.0f62c00e-d3bb-4ac5-a561-bb8e908b925d/1773360000.0_mean_300.0_v3 HTTP/1.0 201 - python-swiftclient-3.11.1 gAAAAABptDsXUp2K... 16 - - txbcb9ce4b35e249e29ea91-0069b43bc4 - 0.0164 - - 1773419460.617182732 1773419460.633588791 0
Mar 13 16:31:00 standalone container-server[125032]: 172.20.0.100 - - [13/Mar/2026:16:31:00 +0000] "PUT /d1/652/AUTH_935697089ce9463e8c1739c47616b730/gnocchi.0f62c00e-d3bb-4ac5-a561-bb8e908b925d/none_v3" 201 - "PUT http://localhost:8080/d1/112/AUTH_935697089ce9463e8c1739c47616b730/gnocchi.0f62c00e-d3bb-4ac5-a561-bb8e908b925d/none_v3" "txc2a4526bbef34389b4cc6-0069b43bc4" "object-server 23" 0.0012 "-" 20 0
Mar 13 16:31:00 standalone object-server[125340]: 172.20.0.100 - - [13/Mar/2026:16:31:00 +0000] "PUT /d1/112/AUTH_935697089ce9463e8c1739c47616b730/gnocchi.0f62c00e-d3bb-4ac5-a561-bb8e908b925d/none_v3" 201 - "PUT http://localhost:8080/v1/AUTH_935697089ce9463e8c1739c47616b730/gnocchi.0f62c00e-d3bb-4ac5-a561-bb8e908b925d/none_v3" "txc2a4526bbef34389b4cc6-0069b43bc4" "proxy-server 21" 0.0146 "-" 23 0
Mar 13 16:31:00 standalone proxy-server[127105]: 172.18.0.2 ::1 13/Mar/2026/16/31/00 PUT /v1/AUTH_935697089ce9463e8c1739c47616b730/gnocchi.0f62c00e-d3bb-4ac5-a561-bb8e908b925d/none_v3 HTTP/1.0 201 - python-swiftclient-3.11.1 gAAAAABptDsXUp2K... 22 - - txc2a4526bbef34389b4cc6-0069b43bc4 - 0.0241 - - 1773419460.638108969 1773419460.662220001 0
Mar 13 16:31:00 standalone container-server[125044]: 172.20.0.100 - - [13/Mar/2026:16:31:00 +0000] "HEAD /d1/397/AUTH_935697089ce9463e8c1739c47616b730/gnocchi.d4f46316-707b-4e6e-b6c8-b62921512a0e" 404 - "HEAD http://localhost:8080/v1/AUTH_935697089ce9463e8c1739c47616b730/gnocchi.d4f46316-707b-4e6e-b6c8-b62921512a0e?format=json&states=listing" "tx9ea59e5e6c2a47f38a860-0069b43bc4" "proxy-server 21" 0.0004 "-" 23 0
Mar 13 16:31:00 standalone object-server[125358]: 172.20.0.100 - - [13/Mar/2026:16:31:00 +0000] "GET /d1/437/AUTH_935697089ce9463e8c1739c47616b730/gnocchi.d4f46316-707b-4e6e-b6c8-b62921512a0e/none_v3" 404 70 "GET http://localhost:8080/v1/AUTH_935697089ce9463e8c1739c47616b730/gnocchi.d4f46316-707b-4e6e-b6c8-b62921512a0e/none_v3" "tx9ea59e5e6c2a47f38a860-0069b43bc4" "proxy-server 21" 0.0006 "-" 25 0
Mar 13 16:31:00 standalone proxy-server[127105]: 172.18.0.2 ::1 13/Mar/2026/16/31/00 GET /v1/AUTH_935697089ce9463e8c1739c47616b730/gnocchi.d4f46316-707b-4e6e-b6c8-b62921512a0e/none_v3 HTTP/1.0 404 - python-swiftclient-3.11.1 gAAAAABptDsXUp2K... - 70 - tx9ea59e5e6c2a47f38a860-0069b43bc4 - 0.0154 - - 1773419460.674938202 1773419460.690324068 0
Mar 13 16:31:00 standalone account-server[124871]: 172.20.0.100 - - [13/Mar/2026:16:31:00 +0000] "PUT /d1/322/AUTH_935697089ce9463e8c1739c47616b730/gnocchi.d4f46316-707b-4e6e-b6c8-b62921512a0e" 201 - "PUT http://172.20.0.100:6001/d1/397/AUTH_935697089ce9463e8c1739c47616b730/gnocchi.d4f46316-707b-4e6e-b6c8-b62921512a0e" "txff989bcaa14b40d8ae93a-0069b43bc4" "container-server 21" 0.0064 "-" 22 0
Mar 13 16:31:00 standalone container-server[125036]: 172.20.0.100 - - [13/Mar/2026:16:31:00 +0000] "PUT /d1/397/AUTH_935697089ce9463e8c1739c47616b730/gnocchi.d4f46316-707b-4e6e-b6c8-b62921512a0e" 201 - "PUT http://localhost:8080/v1/AUTH_935697089ce9463e8c1739c47616b730/gnocchi.d4f46316-707b-4e6e-b6c8-b62921512a0e" "txff989bcaa14b40d8ae93a-0069b43bc4" "proxy-server 21" 0.0197 "-" 21 0
Mar 13 16:31:00 standalone proxy-server[127105]: 172.18.0.2 ::1 13/Mar/2026/16/31/00 PUT /v1/AUTH_935697089ce9463e8c1739c47616b730/gnocchi.d4f46316-707b-4e6e-b6c8-b62921512a0e HTTP/1.0 201 - python-swiftclient-3.11.1 gAAAAABptDsXUp2K... - - - txff989bcaa14b40d8ae93a-0069b43bc4 - 0.0276 - - 1773419460.695209265 1773419460.722811460 0
Mar 13 16:31:00 standalone container-server[125044]: 172.20.0.100 - - [13/Mar/2026:16:31:00 +0000] "HEAD /d1/397/AUTH_935697089ce9463e8c1739c47616b730/gnocchi.d4f46316-707b-4e6e-b6c8-b62921512a0e" 204 - "HEAD http://localhost:8080/v1/AUTH_935697089ce9463e8c1739c47616b730/gnocchi.d4f46316-707b-4e6e-b6c8-b62921512a0e?format=json&states=listing" "tx8f1099822686490b88068-0069b43bc4" "proxy-server 21" 0.0014 "-" 23 0
Mar 13 16:31:00 standalone proxy-server[127105]: - - 13/Mar/2026/16/31/00 HEAD /v1/AUTH_935697089ce9463e8c1739c47616b730/gnocchi.d4f46316-707b-4e6e-b6c8-b62921512a0e%3Fformat%3Djson%26states%3Dlisting HTTP/1.0 204 - Swift - - - - tx8f1099822686490b88068-0069b43bc4 - 0.0056 RL - 1773419460.729171753 1773419460.734778881 0
Mar 13 16:31:00 standalone container-server[125044]: 172.20.0.100 - - [13/Mar/2026:16:31:00 +0000] "GET /d1/397/AUTH_935697089ce9463e8c1739c47616b730/gnocchi.d4f46316-707b-4e6e-b6c8-b62921512a0e" 200 2 "GET http://localhost:8080/v1/AUTH_935697089ce9463e8c1739c47616b730/gnocchi.d4f46316-707b-4e6e-b6c8-b62921512a0e?format=json&states=listing" "tx8f1099822686490b88068-0069b43bc4" "proxy-server 21" 0.0021 "-" 23 0
Mar 13 16:31:00 standalone proxy-server[127105]: 172.18.0.2 ::1 13/Mar/2026/16/31/00 GET /v1/AUTH_935697089ce9463e8c1739c47616b730/gnocchi.d4f46316-707b-4e6e-b6c8-b62921512a0e%3Fformat%3Djson%26states%3Dlisting HTTP/1.0 200 - python-swiftclient-3.11.1 gAAAAABptDsXUp2K... - 2 - tx8f1099822686490b88068-0069b43bc4 - 0.0167 - - 1773419460.727435350 1773419460.744091749 0
Mar 13 16:31:00 standalone object-server[125349]: 172.20.0.100 - - [13/Mar/2026:16:31:00 +0000] "GET /d1/840/AUTH_935697089ce9463e8c1739c47616b730/gnocchi.d4f46316-707b-4e6e-b6c8-b62921512a0e/1773360000.0_mean_300.0_v3" 404 70 "GET http://localhost:8080/v1/AUTH_935697089ce9463e8c1739c47616b730/gnocchi.d4f46316-707b-4e6e-b6c8-b62921512a0e/1773360000.0_mean_300.0_v3" "tx4d3a62d070694660857e6-0069b43bc4" "proxy-server 21" 0.0006 "-" 24 0
Mar 13 16:31:00 standalone proxy-server[127105]: 172.18.0.2 ::1 13/Mar/2026/16/31/00 GET /v1/AUTH_935697089ce9463e8c1739c47616b730/gnocchi.d4f46316-707b-4e6e-b6c8-b62921512a0e/1773360000.0_mean_300.0_v3 HTTP/1.0 404 - python-swiftclient-3.11.1 gAAAAABptDsXUp2K... - 70 - tx4d3a62d070694660857e6-0069b43bc4 - 0.0082 - - 1773419460.748851776 1773419460.757004499 0
Mar 13 16:31:00 standalone container-server[125044]: 172.20.0.100 - - [13/Mar/2026:16:31:00 +0000] "PUT /d1/397/AUTH_935697089ce9463e8c1739c47616b730/gnocchi.d4f46316-707b-4e6e-b6c8-b62921512a0e/1773360000.0_mean_300.0_v3" 201 - "PUT http://localhost:8080/d1/840/AUTH_935697089ce9463e8c1739c47616b730/gnocchi.d4f46316-707b-4e6e-b6c8-b62921512a0e/1773360000.0_mean_300.0_v3" "tx82c4127a72a64c2aab85c-0069b43bc4" "object-server 22" 0.0005 "-" 23 0
Mar 13 16:31:00 standalone object-server[125329]: 172.20.0.100 - - [13/Mar/2026:16:31:00 +0000] "PUT /d1/840/AUTH_935697089ce9463e8c1739c47616b730/gnocchi.d4f46316-707b-4e6e-b6c8-b62921512a0e/1773360000.0_mean_300.0_v3" 201 - "PUT http://localhost:8080/v1/AUTH_935697089ce9463e8c1739c47616b730/gnocchi.d4f46316-707b-4e6e-b6c8-b62921512a0e/1773360000.0_mean_300.0_v3" "tx82c4127a72a64c2aab85c-0069b43bc4" "proxy-server 21" 0.0098 "-" 22 0
Mar 13 16:31:00 standalone proxy-server[127105]: 172.18.0.2 ::1 13/Mar/2026/16/31/00 PUT /v1/AUTH_935697089ce9463e8c1739c47616b730/gnocchi.d4f46316-707b-4e6e-b6c8-b62921512a0e/1773360000.0_mean_300.0_v3 HTTP/1.0 201 - python-swiftclient-3.11.1 gAAAAABptDsXUp2K... 16 - - tx82c4127a72a64c2aab85c-0069b43bc4 - 0.0172 - - 1773419460.760655880 1773419460.777850866 0
Mar 13 16:31:00 standalone container-server[125044]: 172.20.0.100 - - [13/Mar/2026:16:31:00 +0000] "PUT /d1/397/AUTH_935697089ce9463e8c1739c47616b730/gnocchi.d4f46316-707b-4e6e-b6c8-b62921512a0e/none_v3" 201 - "PUT http://localhost:8080/d1/437/AUTH_935697089ce9463e8c1739c47616b730/gnocchi.d4f46316-707b-4e6e-b6c8-b62921512a0e/none_v3" "tx46914aaec3354365b3daa-0069b43bc4" "object-server 23" 0.0003 "-" 23 0
Mar 13 16:31:00 standalone object-server[125340]: 172.20.0.100 - - [13/Mar/2026:16:31:00 +0000] "PUT /d1/437/AUTH_935697089ce9463e8c1739c47616b730/gnocchi.d4f46316-707b-4e6e-b6c8-b62921512a0e/none_v3" 201 - "PUT http://localhost:8080/v1/AUTH_935697089ce9463e8c1739c47616b730/gnocchi.d4f46316-707b-4e6e-b6c8-b62921512a0e/none_v3" "tx46914aaec3354365b3daa-0069b43bc4" "proxy-server 21" 0.0110 "-" 23 0
Mar 13 16:31:00 standalone proxy-server[127105]: 172.18.0.2 ::1 13/Mar/2026/16/31/00 PUT /v1/AUTH_935697089ce9463e8c1739c47616b730/gnocchi.d4f46316-707b-4e6e-b6c8-b62921512a0e/none_v3 HTTP/1.0 201 - python-swiftclient-3.11.1 gAAAAABptDsXUp2K... 22 - - tx46914aaec3354365b3daa-0069b43bc4 - 0.0188 - - 1773419460.781511307 1773419460.800283670 0
Mar 13 16:31:00 standalone container-server[125036]: 172.20.0.100 - - [13/Mar/2026:16:31:00 +0000] "HEAD /d1/299/AUTH_935697089ce9463e8c1739c47616b730/gnocchi.320abea2-b5fe-4a4f-99b7-b0d7ca6b47af" 404 - "HEAD http://localhost:8080/v1/AUTH_935697089ce9463e8c1739c47616b730/gnocchi.320abea2-b5fe-4a4f-99b7-b0d7ca6b47af?format=json&states=listing" "tx0cd37b1f00aa41b8968df-0069b43bc4" "proxy-server 21" 0.0005 "-" 21 0
Mar 13 16:31:00 standalone object-server[125329]: 172.20.0.100 - - [13/Mar/2026:16:31:00 +0000] "GET /d1/763/AUTH_935697089ce9463e8c1739c47616b730/gnocchi.320abea2-b5fe-4a4f-99b7-b0d7ca6b47af/none_v3" 404 70 "GET http://localhost:8080/v1/AUTH_935697089ce9463e8c1739c47616b730/gnocchi.320abea2-b5fe-4a4f-99b7-b0d7ca6b47af/none_v3" "tx0cd37b1f00aa41b8968df-0069b43bc4" "proxy-server 21" 0.0003 "-" 22 0
Mar 13 16:31:00 standalone proxy-server[127105]: 172.18.0.2 ::1 13/Mar/2026/16/31/00 GET /v1/AUTH_935697089ce9463e8c1739c47616b730/gnocchi.320abea2-b5fe-4a4f-99b7-b0d7ca6b47af/none_v3 HTTP/1.0 404 - python-swiftclient-3.11.1 gAAAAABptDsXUp2K... - 70 - tx0cd37b1f00aa41b8968df-0069b43bc4 - 0.0127 - - 1773419460.813369513 1773419460.826112747 0
Mar 13 16:31:00 standalone account-server[124853]: 172.20.0.100 - - [13/Mar/2026:16:31:00 +0000] "PUT /d1/322/AUTH_935697089ce9463e8c1739c47616b730/gnocchi.320abea2-b5fe-4a4f-99b7-b0d7ca6b47af" 201 - "PUT http://172.20.0.100:6001/d1/299/AUTH_935697089ce9463e8c1739c47616b730/gnocchi.320abea2-b5fe-4a4f-99b7-b0d7ca6b47af" "tx4b49ce27796d443098ae1-0069b43bc4" "container-server 20" 0.0049 "-" 20 0
Mar 13 16:31:00 standalone container-server[125032]: 172.20.0.100 - - [13/Mar/2026:16:31:00 +0000] "PUT /d1/299/AUTH_935697089ce9463e8c1739c47616b730/gnocchi.320abea2-b5fe-4a4f-99b7-b0d7ca6b47af" 201 - "PUT http://localhost:8080/v1/AUTH_935697089ce9463e8c1739c47616b730/gnocchi.320abea2-b5fe-4a4f-99b7-b0d7ca6b47af" "tx4b49ce27796d443098ae1-0069b43bc4" "proxy-server 21" 0.0177 "-" 20 0
Mar 13 16:31:00 standalone proxy-server[127105]: 172.18.0.2 ::1 13/Mar/2026/16/31/00 PUT /v1/AUTH_935697089ce9463e8c1739c47616b730/gnocchi.320abea2-b5fe-4a4f-99b7-b0d7ca6b47af HTTP/1.0 201 - python-swiftclient-3.11.1 gAAAAABptDsXUp2K... - - - tx4b49ce27796d443098ae1-0069b43bc4 - 0.0256 - - 1773419460.831402540 1773419460.857004881 0
Mar 13 16:31:00 standalone container-server[125044]: 172.20.0.100 - - [13/Mar/2026:16:31:00 +0000] "HEAD /d1/299/AUTH_935697089ce9463e8c1739c47616b730/gnocchi.320abea2-b5fe-4a4f-99b7-b0d7ca6b47af" 204 - "HEAD http://localhost:8080/v1/AUTH_935697089ce9463e8c1739c47616b730/gnocchi.320abea2-b5fe-4a4f-99b7-b0d7ca6b47af?format=json&states=listing" "txcba683bb8dff4987ac224-0069b43bc4" "proxy-server 21" 0.0013 "-" 23 0
