Jan 29 07:48:32 standalone account-server[115335]: Starting 2
Jan 29 07:48:32 standalone account-server[115385]: Started child 20 from parent 2
Jan 29 07:48:32 standalone account-server[115385]: Started child 21 from parent 2
Jan 29 07:48:32 standalone account-server[115385]: Started child 22 from parent 2
Jan 29 07:48:32 standalone account-server[115385]: Started child 23 from parent 2
Jan 29 07:48:33 standalone container-server[115747]: Option allow_versions is deprecated. Configure the versioned_writes middleware in the proxy-server instead. This option will be ignored in a future release.
Jan 29 07:48:33 standalone container-server[115950]: Option allow_versions is deprecated. Configure the versioned_writes middleware in the proxy-server instead. This option will be ignored in a future release.
Jan 29 07:48:33 standalone container-server[115747]: Started child 17 from parent 2
Jan 29 07:48:33 standalone container-server[115956]: Option allow_versions is deprecated. Configure the versioned_writes middleware in the proxy-server instead. This option will be ignored in a future release.
Jan 29 07:48:33 standalone container-server[115747]: Started child 18 from parent 2
Jan 29 07:48:33 standalone container-server[115965]: Option allow_versions is deprecated. Configure the versioned_writes middleware in the proxy-server instead. This option will be ignored in a future release.
Jan 29 07:48:33 standalone container-server[115747]: Started child 21 from parent 2
Jan 29 07:48:33 standalone container-server[115967]: Option allow_versions is deprecated. Configure the versioned_writes middleware in the proxy-server instead. This option will be ignored in a future release.
Jan 29 07:48:33 standalone container-server[115747]: Started child 22 from parent 2
Jan 29 07:48:33 standalone object-expirer[115737]: Starting 2
Jan 29 07:48:33 standalone object-expirer[115737]: Option auto_create_account_prefix is deprecated. Configure auto_create_account_prefix under the swift-constraints section of swift.conf. This option will be ignored in a future release.
Jan 29 07:48:33 standalone container-server[115840]: Starting 2
Jan 29 07:48:33 standalone object-server[115866]: Started child 22 from parent 2
Jan 29 07:48:33 standalone object-server[115866]: Started child 23 from parent 2
Jan 29 07:48:33 standalone object-server[115866]: Started child 24 from parent 2
Jan 29 07:48:33 standalone object-server[115866]: Started child 25 from parent 2
Jan 29 07:48:34 standalone object-server[116026]: Starting 2
Jan 29 07:48:39 standalone proxy-server[117588]: Starting Keystone auth_token middleware
Jan 29 07:48:39 standalone proxy-server[117588]: AuthToken middleware is set with keystone_authtoken.service_token_roles_required set to False. This is backwards compatible but deprecated behaviour. Please set this to True.
Jan 29 07:48:39 standalone proxy-server[117783]: Starting Keystone auth_token middleware
Jan 29 07:48:39 standalone proxy-server[117783]: STDERR: The option "bind_port" is not known to keystonemiddleware
Jan 29 07:48:39 standalone proxy-server[117783]: STDERR: The option "workers" is not known to keystonemiddleware
Jan 29 07:48:39 standalone proxy-server[117783]: STDERR: The option "user" is not known to keystonemiddleware
Jan 29 07:48:39 standalone proxy-server[117783]: STDERR: The option "bind_ip" is not known to keystonemiddleware
Jan 29 07:48:39 standalone proxy-server[117783]: STDERR: The option "log_name" is not known to keystonemiddleware
Jan 29 07:48:39 standalone proxy-server[117783]: STDERR: The option "log_facility" is not known to keystonemiddleware
Jan 29 07:48:39 standalone proxy-server[117783]: STDERR: The option "log_level" is not known to keystonemiddleware
Jan 29 07:48:39 standalone proxy-server[117783]: STDERR: The option "log_headers" is not known to keystonemiddleware
Jan 29 07:48:39 standalone proxy-server[117783]: STDERR: The option "log_address" is not known to keystonemiddleware
Jan 29 07:48:39 standalone proxy-server[117783]: STDERR: The option "project_name" is not known to keystonemiddleware
Jan 29 07:48:39 standalone proxy-server[117783]: STDERR: The option "username" is not known to keystonemiddleware
Jan 29 07:48:39 standalone proxy-server[117783]: STDERR: The option "password" is not known to keystonemiddleware
Jan 29 07:48:39 standalone proxy-server[117783]: STDERR: The option "auth_url" is not known to keystonemiddleware
Jan 29 07:48:39 standalone proxy-server[117783]: STDERR: The option "signing_dir" is not known to keystonemiddleware
Jan 29 07:48:39 standalone proxy-server[117783]: STDERR: The option "project_domain_id" is not known to keystonemiddleware
Jan 29 07:48:39 standalone proxy-server[117783]: STDERR: The option "user_domain_id" is not known to keystonemiddleware
Jan 29 07:48:39 standalone proxy-server[117783]: STDERR: The option "__name__" is not known to keystonemiddleware
Jan 29 07:48:39 standalone proxy-server[117783]: AuthToken middleware is set with keystone_authtoken.service_token_roles_required set to False. This is backwards compatible but deprecated behaviour. Please set this to True.
Jan 29 07:48:39 standalone proxy-server[117588]: Started child 12 from parent 2
Jan 29 07:51:56 standalone container-server[115840]: Begin container update sweep
Jan 29 07:51:56 standalone container-server[115840]: Container update sweep completed: 0.00s
Jan 29 07:52:32 standalone account-server[115637]: 172.20.0.100 - - [29/Jan/2026:07:52:32 +0000] "HEAD /d1/206/.expiring_objects" 404 - "HEAD http://localhost/v1/.expiring_objects?format=json" "tx45d8984a71b94be18950e-00697b11c0" "proxy-server 2" 0.0019 "-" 22 -
Jan 29 07:52:32 standalone object-expirer[115737]: Pass completed in 0s; 0 objects expired (txn: tx45d8984a71b94be18950e-00697b11c0)
Jan 29 07:52:42 standalone object-server[116026]: Begin object update sweep
Jan 29 07:52:42 standalone object-server[142186]: Object update sweep starting on /srv/node/d1 (pid: 12)
Jan 29 07:52:42 standalone object-server[142186]: Object update sweep completed on /srv/node/d1 in 0.00s seconds:, 0 successes, 0 failures, 0 quarantines, 0 unlinks, 0 errors, 0 redirects (pid: 12)
Jan 29 07:52:42 standalone object-server[142186]: Object update sweep of d1 completed: 0.00s, 0 successes, 0 failures, 0 quarantines, 0 unlinks, 0 errors, 0 redirects
Jan 29 07:52:42 standalone object-server[116026]: Object update sweep completed: 0.09s
Jan 29 07:53:46 standalone account-server[115643]: 172.20.0.100 - - [29/Jan/2026:07:53:46 +0000] "HEAD /d1/206/.expiring_objects" 404 - "HEAD http://localhost/v1/.expiring_objects?format=json" "txf2f470cfcb56458a90243-00697b120a" "proxy-server 2" 0.0018 "-" 23 -
Jan 29 07:53:46 standalone object-expirer[115737]: Pass completed in 0s; 0 objects expired (txn: txf2f470cfcb56458a90243-00697b120a)
Jan 29 07:54:52 standalone proxy-server[117783]: 172.21.0.2 ::1 29/Jan/2026/07/54/52 GET /info HTTP/1.0 200 - python-urllib3/1.26.5 gAAAAABpexJJRKK_... - 1671 - tx6392e845e3b04aa08b2af-00697b124c - 0.4740 - - 1769673292.061283588 1769673292.535255671 -
Jan 29 07:54:57 standalone account-server[115611]: 172.20.0.100 - - [29/Jan/2026:07:54:57 +0000] "HEAD /d1/615/AUTH_b2e175873c844aa08051bf4000bc97df" 404 - "HEAD http://localhost:8080/v1/AUTH_b2e175873c844aa08051bf4000bc97df?format=json" "tx24216670fb75427aa1d00-00697b1251" "proxy-server 12" 0.0014 "-" 20 -
Jan 29 07:54:57 standalone proxy-server[117783]: - - 29/Jan/2026/07/54/57 HEAD /v1/AUTH_b2e175873c844aa08051bf4000bc97df%3Fformat%3Djson HTTP/1.0 200 - Swift - - - - tx24216670fb75427aa1d00-00697b1251 - 0.0089 RL - 1769673297.429014444 1769673297.437866688 -
Jan 29 07:54:57 standalone proxy-server[117783]: 172.18.0.2 ::1 29/Jan/2026/07/54/57 HEAD /v1/AUTH_b2e175873c844aa08051bf4000bc97df/glance%3Fformat%3Djson HTTP/1.0 404 - python-swiftclient-3.11.1 gAAAAABpexJR92kE... - - - tx24216670fb75427aa1d00-00697b1251 - 0.1186 - - 1769673297.427750826 1769673297.546349525 -
Jan 29 07:54:57 standalone account-server[115622]: 172.20.0.100 - - [29/Jan/2026:07:54:57 +0000] "PUT /d1/615/AUTH_b2e175873c844aa08051bf4000bc97df" 201 - "-" "tx505e0497b56d4eca8358c-00697b1251" "-" 0.0121 "-" 21 -
Jan 29 07:54:57 standalone proxy-server[117783]: autocreate account '/AUTH_b2e175873c844aa08051bf4000bc97df' (txn: tx505e0497b56d4eca8358c-00697b1251)
Jan 29 07:54:57 standalone account-server[115622]: 172.20.0.100 - - [29/Jan/2026:07:54:57 +0000] "HEAD /d1/615/AUTH_b2e175873c844aa08051bf4000bc97df" 204 - "HEAD http://localhost:8080/v1/AUTH_b2e175873c844aa08051bf4000bc97df?format=json" "tx505e0497b56d4eca8358c-00697b1251" "proxy-server 12" 0.0031 "-" 21 -
Jan 29 07:54:57 standalone account-server[115611]: 172.20.0.100 - - [29/Jan/2026:07:54:57 +0000] "PUT /d1/615/AUTH_b2e175873c844aa08051bf4000bc97df/glance" 201 - "PUT http://172.20.0.100:6001/d1/604/AUTH_b2e175873c844aa08051bf4000bc97df/glance" "tx505e0497b56d4eca8358c-00697b1251" "container-server 22" 0.0029 "-" 20 0
Jan 29 07:54:57 standalone container-server[115967]: 172.20.0.100 - - [29/Jan/2026:07:54:57 +0000] "PUT /d1/604/AUTH_b2e175873c844aa08051bf4000bc97df/glance" 201 - "PUT http://localhost:8080/v1/AUTH_b2e175873c844aa08051bf4000bc97df/glance" "tx505e0497b56d4eca8358c-00697b1251" "proxy-server 12" 0.0162 "-" 22 0
Jan 29 07:54:57 standalone proxy-server[117783]: 172.18.0.2 ::1 29/Jan/2026/07/54/57 PUT /v1/AUTH_b2e175873c844aa08051bf4000bc97df/glance HTTP/1.0 201 - python-swiftclient-3.11.1 gAAAAABpexJR92kE... - - - tx505e0497b56d4eca8358c-00697b1251 - 0.0491 - - 1769673297.551385164 1769673297.600517988 0
Jan 29 07:54:57 standalone container-server[115965]: 172.20.0.100 - - [29/Jan/2026:07:54:57 +0000] "HEAD /d1/604/AUTH_b2e175873c844aa08051bf4000bc97df/glance" 204 - "HEAD http://localhost:8080/v1/AUTH_b2e175873c844aa08051bf4000bc97df/glance?format=json&states=listing" "tx9eecac8f08954f5b978da-00697b1251" "proxy-server 12" 0.0043 "-" 21 0
Jan 29 07:54:57 standalone proxy-server[117783]: - - 29/Jan/2026/07/54/57 HEAD /v1/AUTH_b2e175873c844aa08051bf4000bc97df/glance%3Fformat%3Djson%26states%3Dlisting HTTP/1.0 204 - Swift - - - - tx9eecac8f08954f5b978da-00697b1251 - 0.0161 RL - 1769673297.609450102 1769673297.625590801 0
Jan 29 07:54:57 standalone container-server[115967]: 172.20.0.100 - - [29/Jan/2026:07:54:57 +0000] "PUT /d1/604/AUTH_b2e175873c844aa08051bf4000bc97df/glance/3506ef96-987c-4607-8a72-83374b04ceb5-00001" 201 - "PUT http://localhost:8080/d1/561/AUTH_b2e175873c844aa08051bf4000bc97df/glance/3506ef96-987c-4607-8a72-83374b04ceb5-00001" "tx9eecac8f08954f5b978da-00697b1251" "object-server 24" 0.0014 "-" 22 0
Jan 29 07:54:57 standalone object-server[116022]: 172.20.0.100 - - [29/Jan/2026:07:54:57 +0000] "PUT /d1/561/AUTH_b2e175873c844aa08051bf4000bc97df/glance/3506ef96-987c-4607-8a72-83374b04ceb5-00001" 201 - "PUT http://localhost:8080/v1/AUTH_b2e175873c844aa08051bf4000bc97df/glance/3506ef96-987c-4607-8a72-83374b04ceb5-00001" "tx9eecac8f08954f5b978da-00697b1251" "proxy-server 12" 0.1851 "-" 24 0
Jan 29 07:54:57 standalone proxy-server[117783]: 172.18.0.2 ::1 29/Jan/2026/07/54/57 PUT /v1/AUTH_b2e175873c844aa08051bf4000bc97df/glance/3506ef96-987c-4607-8a72-83374b04ceb5-00001 HTTP/1.0 201 - python-swiftclient-3.11.1 gAAAAABpexJR92kE... 16300544 - - tx9eecac8f08954f5b978da-00697b1251 - 0.2163 - - 1769673297.607793570 1769673297.824084997 0
Jan 29 07:54:57 standalone container-server[115967]: 172.20.0.100 - - [29/Jan/2026:07:54:57 +0000] "PUT /d1/604/AUTH_b2e175873c844aa08051bf4000bc97df/glance/3506ef96-987c-4607-8a72-83374b04ceb5" 201 - "PUT http://localhost:8080/d1/342/AUTH_b2e175873c844aa08051bf4000bc97df/glance/3506ef96-987c-4607-8a72-83374b04ceb5" "txcfffe4da23da404c961b1-00697b1251" "object-server 23" 0.0009 "-" 22 0
Jan 29 07:54:57 standalone object-server[116019]: 172.20.0.100 - - [29/Jan/2026:07:54:57 +0000] "PUT /d1/342/AUTH_b2e175873c844aa08051bf4000bc97df/glance/3506ef96-987c-4607-8a72-83374b04ceb5" 201 - "PUT http://localhost:8080/v1/AUTH_b2e175873c844aa08051bf4000bc97df/glance/3506ef96-987c-4607-8a72-83374b04ceb5" "txcfffe4da23da404c961b1-00697b1251" "proxy-server 12" 0.0329 "-" 23 0
Jan 29 07:54:57 standalone proxy-server[117783]: 172.18.0.2 ::1 29/Jan/2026/07/54/57 PUT /v1/AUTH_b2e175873c844aa08051bf4000bc97df/glance/3506ef96-987c-4607-8a72-83374b04ceb5 HTTP/1.0 201 - python-swiftclient-3.11.1 gAAAAABpexJR92kE... - - - txcfffe4da23da404c961b1-00697b1251 - 0.0432 - - 1769673297.833785772 1769673297.877025366 0
Jan 29 07:54:58 standalone container-server[115950]: 172.20.0.100 - - [29/Jan/2026:07:54:58 +0000] "HEAD /d1/604/AUTH_b2e175873c844aa08051bf4000bc97df/glance" 204 - "HEAD http://localhost:8080/v1/AUTH_b2e175873c844aa08051bf4000bc97df/glance?format=json&states=listing" "txc73a2f8f24c442d680225-00697b1252" "proxy-server 12" 0.0296 "-" 17 0
Jan 29 07:54:58 standalone proxy-server[117783]: 172.18.0.2 ::1 29/Jan/2026/07/54/58 HEAD /v1/AUTH_b2e175873c844aa08051bf4000bc97df/glance%3Fformat%3Djson%26states%3Dlisting HTTP/1.0 204 - python-swiftclient-3.11.1 gAAAAABpexJSyqTl... - - - txc73a2f8f24c442d680225-00697b1252 - 0.0813 - - 1769673298.496392488 1769673298.577696562 0
Jan 29 07:54:58 standalone container-server[115950]: 172.20.0.100 - - [29/Jan/2026:07:54:58 +0000] "PUT /d1/604/AUTH_b2e175873c844aa08051bf4000bc97df/glance/986c986e-7595-4df5-91d3-daaca97b5f8c-00001" 201 - "PUT http://localhost:8080/d1/137/AUTH_b2e175873c844aa08051bf4000bc97df/glance/986c986e-7595-4df5-91d3-daaca97b5f8c-00001" "tx44cb586412934fa5b5c58-00697b1252" "object-server 24" 0.0010 "-" 17 0
Jan 29 07:54:58 standalone object-server[116022]: 172.20.0.100 - - [29/Jan/2026:07:54:58 +0000] "PUT /d1/137/AUTH_b2e175873c844aa08051bf4000bc97df/glance/986c986e-7595-4df5-91d3-daaca97b5f8c-00001" 201 - "PUT http://localhost:8080/v1/AUTH_b2e175873c844aa08051bf4000bc97df/glance/986c986e-7595-4df5-91d3-daaca97b5f8c-00001" "tx44cb586412934fa5b5c58-00697b1252" "proxy-server 12" 0.1821 "-" 24 0
Jan 29 07:54:58 standalone proxy-server[117783]: 172.18.0.2 ::1 29/Jan/2026/07/54/58 PUT /v1/AUTH_b2e175873c844aa08051bf4000bc97df/glance/986c986e-7595-4df5-91d3-daaca97b5f8c-00001 HTTP/1.0 201 - python-swiftclient-3.11.1 gAAAAABpexJSyqTl... 16300544 - - tx44cb586412934fa5b5c58-00697b1252 - 0.1952 - - 1769673298.587874889 1769673298.783049107 0
Jan 29 07:54:58 standalone container-server[115956]: 172.20.0.100 - - [29/Jan/2026:07:54:58 +0000] "PUT /d1/604/AUTH_b2e175873c844aa08051bf4000bc97df/glance/986c986e-7595-4df5-91d3-daaca97b5f8c" 201 - "PUT http://localhost:8080/d1/496/AUTH_b2e175873c844aa08051bf4000bc97df/glance/986c986e-7595-4df5-91d3-daaca97b5f8c" "txc7746632722047a69097c-00697b1252" "object-server 24" 0.0011 "-" 18 0
Jan 29 07:54:58 standalone object-server[116022]: 172.20.0.100 - - [29/Jan/2026:07:54:58 +0000] "PUT /d1/496/AUTH_b2e175873c844aa08051bf4000bc97df/glance/986c986e-7595-4df5-91d3-daaca97b5f8c" 201 - "PUT http://localhost:8080/v1/AUTH_b2e175873c844aa08051bf4000bc97df/glance/986c986e-7595-4df5-91d3-daaca97b5f8c" "txc7746632722047a69097c-00697b1252" "proxy-server 12" 0.0114 "-" 24 0
Jan 29 07:54:58 standalone proxy-server[117783]: 172.18.0.2 ::1 29/Jan/2026/07/54/58 PUT /v1/AUTH_b2e175873c844aa08051bf4000bc97df/glance/986c986e-7595-4df5-91d3-daaca97b5f8c HTTP/1.0 201 - python-swiftclient-3.11.1 gAAAAABpexJSyqTl... - - - txc7746632722047a69097c-00697b1252 - 0.0203 - - 1769673298.790458202 1769673298.810779572 0
Jan 29 07:55:15 standalone account-server[115622]: 172.20.0.100 - - [29/Jan/2026:07:55:15 +0000] "HEAD /d1/206/.expiring_objects" 404 - "HEAD http://localhost/v1/.expiring_objects?format=json" "txe5179d85201f43be95aee-00697b1263" "proxy-server 2" 0.0013 "-" 21 -
Jan 29 07:55:15 standalone object-expirer[115737]: Pass completed in 0s; 0 objects expired (txn: txe5179d85201f43be95aee-00697b1263)
Jan 29 07:56:04 standalone account-server[115622]: 172.20.0.100 - - [29/Jan/2026:07:56:04 +0000] "HEAD /d1/206/.expiring_objects" 404 - "HEAD http://localhost/v1/.expiring_objects?format=json" "tx62a0ed62d85c4d90aa5f6-00697b1294" "proxy-server 2" 0.0007 "-" 21 -
Jan 29 07:56:04 standalone object-expirer[115737]: Pass completed in 0s; 0 objects expired (txn: tx62a0ed62d85c4d90aa5f6-00697b1294)
Jan 29 07:56:56 standalone container-server[115840]: Begin container update sweep
Jan 29 07:56:56 standalone account-server[115637]: 172.20.0.100 - - [29/Jan/2026:07:56:56 +0000] "PUT /d1/615/AUTH_b2e175873c844aa08051bf4000bc97df/glance" 201 - "-" "-" "container-updater 2" 0.0012 "-" 22 0
Jan 29 07:56:56 standalone container-server[115840]: Container update sweep completed: 0.13s
Jan 29 07:57:42 standalone object-server[116026]: Begin object update sweep
Jan 29 07:57:42 standalone object-server[168257]: Object update sweep starting on /srv/node/d1 (pid: 13)
Jan 29 07:57:42 standalone object-server[168257]: Object update sweep completed on /srv/node/d1 in 0.00s seconds:, 0 successes, 0 failures, 0 quarantines, 0 unlinks, 0 errors, 0 redirects (pid: 13)
Jan 29 07:57:42 standalone object-server[168257]: Object update sweep of d1 completed: 0.00s, 0 successes, 0 failures, 0 quarantines, 0 unlinks, 0 errors, 0 redirects
Jan 29 07:57:42 standalone object-server[116026]: Object update sweep completed: 0.07s
Jan 29 07:57:43 standalone account-server[115611]: 172.20.0.100 - - [29/Jan/2026:07:57:43 +0000] "HEAD /d1/206/.expiring_objects" 404 - "HEAD http://localhost/v1/.expiring_objects?format=json" "tx333d38206beb4958a29e5-00697b12f7" "proxy-server 2" 0.0009 "-" 20 -
Jan 29 07:57:43 standalone object-expirer[115737]: Pass completed in 0s; 0 objects expired (txn: tx333d38206beb4958a29e5-00697b12f7)
Jan 29 07:59:45 standalone account-server[115643]: 172.20.0.100 - - [29/Jan/2026:07:59:45 +0000] "HEAD /d1/615/AUTH_b2e175873c844aa08051bf4000bc97df" 204 - "HEAD http://localhost:8080/v1/AUTH_b2e175873c844aa08051bf4000bc97df?format=json" "tx18bb7c9bacd44543ac6de-00697b1371" "proxy-server 12" 0.0068 "-" 23 -
Jan 29 07:59:45 standalone proxy-server[117783]: - - 29/Jan/2026/07/59/45 HEAD /v1/AUTH_b2e175873c844aa08051bf4000bc97df%3Fformat%3Djson HTTP/1.0 204 - Swift - - - - tx18bb7c9bacd44543ac6de-00697b1371 - 0.0183 RL - 1769673585.111852169 1769673585.130176067 -
Jan 29 07:59:45 standalone container-server[115965]: 172.20.0.100 - - [29/Jan/2026:07:59:45 +0000] "HEAD /d1/604/AUTH_b2e175873c844aa08051bf4000bc97df/glance" 204 - "HEAD http://localhost:8080/v1/AUTH_b2e175873c844aa08051bf4000bc97df/glance?format=json&states=listing" "tx18bb7c9bacd44543ac6de-00697b1371" "proxy-server 12" 0.0039 "-" 21 0
Jan 29 07:59:45 standalone proxy-server[117783]: 172.18.0.2 ::1 29/Jan/2026/07/59/45 HEAD /v1/AUTH_b2e175873c844aa08051bf4000bc97df/glance%3Fformat%3Djson%26states%3Dlisting HTTP/1.0 204 - python-swiftclient-3.11.1 gAAAAABpexNxd0KM... - - - tx18bb7c9bacd44543ac6de-00697b1371 - 0.1978 - - 1769673585.107031345 1769673585.304831266 0
Jan 29 07:59:48 standalone container-server[115967]: 172.20.0.100 - - [29/Jan/2026:07:59:48 +0000] "PUT /d1/604/AUTH_b2e175873c844aa08051bf4000bc97df/glance/ca448561-2ef3-42d1-8a46-ab66835a7df5-00001" 201 - "PUT http://localhost:8080/d1/360/AUTH_b2e175873c844aa08051bf4000bc97df/glance/ca448561-2ef3-42d1-8a46-ab66835a7df5-00001" "tx42eab2369b1341c1bfd4b-00697b1371" "object-server 23" 0.0012 "-" 22 0
Jan 29 07:59:48 standalone object-server[116019]: 172.20.0.100 - - [29/Jan/2026:07:59:48 +0000] "PUT /d1/360/AUTH_b2e175873c844aa08051bf4000bc97df/glance/ca448561-2ef3-42d1-8a46-ab66835a7df5-00001" 201 - "PUT http://localhost:8080/v1/AUTH_b2e175873c844aa08051bf4000bc97df/glance/ca448561-2ef3-42d1-8a46-ab66835a7df5-00001" "tx42eab2369b1341c1bfd4b-00697b1371" "proxy-server 12" 2.8694 "-" 23 0
Jan 29 07:59:48 standalone proxy-server[117783]: 172.18.0.2 ::1 29/Jan/2026/07/59/48 PUT /v1/AUTH_b2e175873c844aa08051bf4000bc97df/glance/ca448561-2ef3-42d1-8a46-ab66835a7df5-00001 HTTP/1.0 201 - python-swiftclient-3.11.1 gAAAAABpexNxd0KM... 21692416 - - tx42eab2369b1341c1bfd4b-00697b1371 - 2.8779 - - 1769673585.314826965 1769673588.192759037 0
Jan 29 07:59:48 standalone container-server[115956]: 172.20.0.100 - - [29/Jan/2026:07:59:48 +0000] "PUT /d1/604/AUTH_b2e175873c844aa08051bf4000bc97df/glance/ca448561-2ef3-42d1-8a46-ab66835a7df5" 201 - "PUT http://localhost:8080/d1/901/AUTH_b2e175873c844aa08051bf4000bc97df/glance/ca448561-2ef3-42d1-8a46-ab66835a7df5" "txa6e0b948ae534490bea80-00697b1374" "object-server 22" 0.0005 "-" 18 0
Jan 29 07:59:48 standalone object-server[116018]: 172.20.0.100 - - [29/Jan/2026:07:59:48 +0000] "PUT /d1/901/AUTH_b2e175873c844aa08051bf4000bc97df/glance/ca448561-2ef3-42d1-8a46-ab66835a7df5" 201 - "PUT http://localhost:8080/v1/AUTH_b2e175873c844aa08051bf4000bc97df/glance/ca448561-2ef3-42d1-8a46-ab66835a7df5" "txa6e0b948ae534490bea80-00697b1374" "proxy-server 12" 0.0282 "-" 22 0
Jan 29 07:59:48 standalone proxy-server[117783]: 172.18.0.2 ::1 29/Jan/2026/07/59/48 PUT /v1/AUTH_b2e175873c844aa08051bf4000bc97df/glance/ca448561-2ef3-42d1-8a46-ab66835a7df5 HTTP/1.0 201 - python-swiftclient-3.11.1 gAAAAABpexNxd0KM... - - - txa6e0b948ae534490bea80-00697b1374 - 0.0356 - - 1769673588.200755358 1769673588.236387253 0
Jan 29 08:00:52 standalone account-server[115611]: 172.20.0.100 - - [29/Jan/2026:08:00:52 +0000] "HEAD /d1/615/AUTH_b2e175873c844aa08051bf4000bc97df" 204 - "HEAD http://localhost:8080/v1/AUTH_b2e175873c844aa08051bf4000bc97df?format=json" "txe0e43448d54d42978bfc8-00697b13b4" "proxy-server 12" 0.0019 "-" 20 -
Jan 29 08:00:52 standalone proxy-server[117783]: - - 29/Jan/2026/08/00/52 HEAD /v1/AUTH_b2e175873c844aa08051bf4000bc97df%3Fformat%3Djson HTTP/1.0 204 - Swift - - - - txe0e43448d54d42978bfc8-00697b13b4 - 0.0060 RL - 1769673652.163779020 1769673652.169737816 -
Jan 29 08:00:52 standalone container-server[115950]: 172.20.0.100 - - [29/Jan/2026:08:00:52 +0000] "HEAD /d1/604/AUTH_b2e175873c844aa08051bf4000bc97df/glance" 204 - "HEAD http://localhost:8080/v1/AUTH_b2e175873c844aa08051bf4000bc97df/glance?format=json&states=listing" "txe0e43448d54d42978bfc8-00697b13b4" "proxy-server 12" 0.0086 "-" 17 0
Jan 29 08:00:52 standalone object-server[116024]: 172.20.0.100 - - [29/Jan/2026:08:00:52 +0000] "GET /d1/901/AUTH_b2e175873c844aa08051bf4000bc97df/glance/ca448561-2ef3-42d1-8a46-ab66835a7df5" 200 - "GET http://localhost:8080/v1/AUTH_b2e175873c844aa08051bf4000bc97df/glance/ca448561-2ef3-42d1-8a46-ab66835a7df5" "txe0e43448d54d42978bfc8-00697b13b4" "proxy-server 12" 0.0013 "-" 25 0
Jan 29 08:00:52 standalone container-server[115965]: 172.20.0.100 - - [29/Jan/2026:08:00:52 +0000] "GET /d1/604/AUTH_b2e175873c844aa08051bf4000bc97df/glance" 200 210 "GET http://localhost:8080/v1/AUTH_b2e175873c844aa08051bf4000bc97df/glance?prefix=ca448561-2ef3-42d1-8a46-ab66835a7df5-&format=json&states=listing" "txe0e43448d54d42978bfc8-00697b13b4" "proxy-server 12" 0.0027 "-" 21 0
Jan 29 08:00:52 standalone proxy-server[117783]: - - 29/Jan/2026/08/00/52 GET /v1/AUTH_b2e175873c844aa08051bf4000bc97df/glance%3Fprefix%3Dca448561-2ef3-42d1-8a46-ab66835a7df5-%26format%3Djson%26states%3Dlisting HTTP/1.0 200 - python-swiftclient-3.11.1%20DLO%20MultipartGET gAAAAABpexO0qsJy... - 210 - txe0e43448d54d42978bfc8-00697b13b4 - 0.0085 DLO - 1769673652.260049820 1769673652.268574238 0
Jan 29 08:00:52 standalone object-server[116018]: 172.20.0.100 - - [29/Jan/2026:08:00:52 +0000] "GET /d1/360/AUTH_b2e175873c844aa08051bf4000bc97df/glance/ca448561-2ef3-42d1-8a46-ab66835a7df5-00001" 200 21692416 "GET http://localhost:8080/v1/AUTH_b2e175873c844aa08051bf4000bc97df/glance/ca448561-2ef3-42d1-8a46-ab66835a7df5-00001?multipart-manifest=get" "txe0e43448d54d42978bfc8-00697b13b4" "proxy-server 12" 0.0011 "-" 22 0
Jan 29 08:00:52 standalone proxy-server[117783]: - - 29/Jan/2026/08/00/52 GET /v1/AUTH_b2e175873c844aa08051bf4000bc97df/glance/ca448561-2ef3-42d1-8a46-ab66835a7df5-00001%3Fmultipart-manifest%3Dget HTTP/1.0 200 - python-swiftclient-3.11.1%20%20DLO%20MultipartGET gAAAAABpexO0qsJy... - 21692416 - txe0e43448d54d42978bfc8-00697b13b4 - 0.1374 DLO - 1769673652.269227505 1769673652.406612635 0
Jan 29 08:00:52 standalone proxy-server[117783]: 172.18.0.2 ::1 29/Jan/2026/08/00/52 GET /v1/AUTH_b2e175873c844aa08051bf4000bc97df/glance/ca448561-2ef3-42d1-8a46-ab66835a7df5 HTTP/1.0 200 - python-swiftclient-3.11.1 gAAAAABpexO0qsJy... - 21692416 - txe0e43448d54d42978bfc8-00697b13b4 - 0.2453 - - 1769673652.161901474 1769673652.407204151 0
Jan 29 08:01:56 standalone container-server[115840]: Begin container update sweep
Jan 29 08:01:56 standalone account-server[115622]: 172.20.0.100 - - [29/Jan/2026:08:01:56 +0000] "PUT /d1/615/AUTH_b2e175873c844aa08051bf4000bc97df/glance" 201 - "-" "-" "container-updater 2" 0.0013 "-" 21 0
Jan 29 08:01:56 standalone container-server[115840]: Container update sweep completed: 0.09s
Jan 29 08:02:08 standalone account-server[115611]: 172.20.0.100 - - [29/Jan/2026:08:02:08 +0000] "HEAD /d1/206/.expiring_objects" 404 - "HEAD http://localhost/v1/.expiring_objects?format=json" "txce980978f69843479b1f5-00697b1400" "proxy-server 2" 0.0007 "-" 20 -
Jan 29 08:02:08 standalone object-expirer[115737]: Pass completed in 0s; 0 objects expired (txn: txce980978f69843479b1f5-00697b1400)
Jan 29 08:02:42 standalone object-server[116026]: Begin object update sweep
Jan 29 08:02:42 standalone object-server[195133]: Object update sweep starting on /srv/node/d1 (pid: 14)
Jan 29 08:02:42 standalone object-server[195133]: Object update sweep completed on /srv/node/d1 in 0.00s seconds:, 0 successes, 0 failures, 0 quarantines, 0 unlinks, 0 errors, 0 redirects (pid: 14)
Jan 29 08:02:42 standalone object-server[195133]: Object update sweep of d1 completed: 0.00s, 0 successes, 0 failures, 0 quarantines, 0 unlinks, 0 errors, 0 redirects
Jan 29 08:02:42 standalone object-server[116026]: Object update sweep completed: 0.09s
Jan 29 08:04:47 standalone account-server[115637]: 172.20.0.100 - - [29/Jan/2026:08:04:47 +0000] "HEAD /d1/206/.expiring_objects" 404 - "HEAD http://localhost/v1/.expiring_objects?format=json" "tx1a1be270157f4d6ba90e6-00697b149f" "proxy-server 2" 0.0008 "-" 22 -
Jan 29 08:04:47 standalone object-expirer[115737]: Pass completed in 0s; 0 objects expired (txn: tx1a1be270157f4d6ba90e6-00697b149f)
Jan 29 08:06:57 standalone container-server[115840]: Begin container update sweep
Jan 29 08:06:57 standalone container-server[115840]: Container update sweep completed: 0.08s
Jan 29 08:07:07 standalone account-server[115637]: 172.20.0.100 - - [29/Jan/2026:08:07:07 +0000] "HEAD /d1/206/.expiring_objects" 404 - "HEAD http://localhost/v1/.expiring_objects?format=json" "tx2552807cafc84ff48c742-00697b152b" "proxy-server 2" 0.0007 "-" 22 -
Jan 29 08:07:07 standalone object-expirer[115737]: Pass completed in 0s; 0 objects expired (txn: tx2552807cafc84ff48c742-00697b152b)
Jan 29 08:07:42 standalone object-server[116026]: Begin object update sweep
Jan 29 08:07:42 standalone object-server[222361]: Object update sweep starting on /srv/node/d1 (pid: 15)
Jan 29 08:07:42 standalone object-server[222361]: Object update sweep completed on /srv/node/d1 in 0.00s seconds:, 0 successes, 0 failures, 0 quarantines, 0 unlinks, 0 errors, 0 redirects (pid: 15)
Jan 29 08:07:42 standalone object-server[222361]: Object update sweep of d1 completed: 0.00s, 0 successes, 0 failures, 0 quarantines, 0 unlinks, 0 errors, 0 redirects
Jan 29 08:07:42 standalone object-server[116026]: Object update sweep completed: 0.07s
Jan 29 08:10:11 standalone account-server[115611]: 172.20.0.100 - - [29/Jan/2026:08:10:11 +0000] "HEAD /d1/206/.expiring_objects" 404 - "HEAD http://localhost/v1/.expiring_objects?format=json" "tx55c9d04015de4c0396637-00697b15e3" "proxy-server 2" 0.0009 "-" 20 -
Jan 29 08:10:11 standalone object-expirer[115737]: Pass completed in 0s; 0 objects expired (txn: tx55c9d04015de4c0396637-00697b15e3)
Jan 29 08:11:57 standalone container-server[115840]: Begin container update sweep
Jan 29 08:11:57 standalone container-server[115840]: Container update sweep completed: 0.07s
Jan 29 08:12:42 standalone object-server[116026]: Begin object update sweep
Jan 29 08:12:42 standalone object-server[242182]: Object update sweep starting on /srv/node/d1 (pid: 16)
Jan 29 08:12:42 standalone object-server[242182]: Object update sweep completed on /srv/node/d1 in 0.00s seconds:, 0 successes, 0 failures, 0 quarantines, 0 unlinks, 0 errors, 0 redirects (pid: 16)
Jan 29 08:12:42 standalone object-server[242182]: Object update sweep of d1 completed: 0.00s, 0 successes, 0 failures, 0 quarantines, 0 unlinks, 0 errors, 0 redirects
Jan 29 08:12:43 standalone object-server[116026]: Object update sweep completed: 0.10s
Jan 29 08:13:26 standalone account-server[115622]: 172.20.0.31 - - [29/Jan/2026:08:13:26 +0000] "HEAD /d1/377/AUTH_f0034abee1f54a979ebcfc7d807c2a70" 404 - "HEAD http://swift-public-openstack.apps-crc.testing/v1/AUTH_f0034abee1f54a979ebcfc7d807c2a70?format=json" "txd5440d7a5aeb47dea7dd9-00697b16a6" "proxy-server 15" 0.0007 "-" 21 -
Jan 29 08:13:26 standalone account-server[115637]: 172.20.0.31 - - [29/Jan/2026:08:13:26 +0000] "GET /d1/377/AUTH_f0034abee1f54a979ebcfc7d807c2a70" 404 - "GET http://swift-public-openstack.apps-crc.testing/v1/AUTH_f0034abee1f54a979ebcfc7d807c2a70?format=json" "txd5440d7a5aeb47dea7dd9-00697b16a6" "proxy-server 15" 0.0008 "-" 22 -
Jan 29 08:13:29 standalone account-server[115622]: 172.20.0.100 - - [29/Jan/2026:08:13:29 +0000] "HEAD /d1/206/.expiring_objects" 404 - "HEAD http://localhost/v1/.expiring_objects?format=json" "txb4511f8ee3264adcbeb2d-00697b16a9" "proxy-server 2" 0.0007 "-" 21 -
Jan 29 08:13:29 standalone object-expirer[115737]: Pass completed in 0s; 0 objects expired (txn: txb4511f8ee3264adcbeb2d-00697b16a9)
Jan 29 08:16:57 standalone container-server[115840]: Begin container update sweep
Jan 29 08:16:57 standalone container-server[115840]: Container update sweep completed: 0.07s
Jan 29 08:17:43 standalone object-server[116026]: Begin object update sweep
Jan 29 08:17:43 standalone object-server[261646]: Object update sweep starting on /srv/node/d1 (pid: 17)
Jan 29 08:17:43 standalone object-server[261646]: Object update sweep completed on /srv/node/d1 in 0.00s seconds:, 0 successes, 0 failures, 0 quarantines, 0 unlinks, 0 errors, 0 redirects (pid: 17)
Jan 29 08:17:43 standalone object-server[261646]: Object update sweep of d1 completed: 0.00s, 0 successes, 0 failures, 0 quarantines, 0 unlinks, 0 errors, 0 redirects
Jan 29 08:17:43 standalone object-server[116026]: Object update sweep completed: 0.08s
Jan 29 08:18:01 standalone account-server[115637]: 172.20.0.100 - - [29/Jan/2026:08:18:01 +0000] "HEAD /d1/206/.expiring_objects" 404 - "HEAD http://localhost/v1/.expiring_objects?format=json" "tx3c8fa53f9b6b4bbeba431-00697b17b9" "proxy-server 2" 0.0010 "-" 22 -
Jan 29 08:18:01 standalone object-expirer[115737]: Pass completed in 0s; 0 objects expired (txn: tx3c8fa53f9b6b4bbeba431-00697b17b9)
Jan 29 08:21:57 standalone container-server[115840]: Begin container update sweep
Jan 29 08:21:57 standalone container-server[115840]: Container update sweep completed: 0.06s
Jan 29 08:22:26 standalone account-server[115637]: 172.20.0.100 - - [29/Jan/2026:08:22:26 +0000] "HEAD /d1/206/.expiring_objects" 404 - "HEAD http://localhost/v1/.expiring_objects?format=json" "tx35a584eeb8ee4d68a741a-00697b18c2" "proxy-server 2" 0.0005 "-" 22 -
Jan 29 08:22:26 standalone object-expirer[115737]: Pass completed in 0s; 0 objects expired (txn: tx35a584eeb8ee4d68a741a-00697b18c2)
Jan 29 08:22:43 standalone object-server[116026]: Begin object update sweep
Jan 29 08:22:43 standalone object-server[281279]: Object update sweep starting on /srv/node/d1 (pid: 18)
Jan 29 08:22:43 standalone object-server[281279]: Object update sweep completed on /srv/node/d1 in 0.00s seconds:, 0 successes, 0 failures, 0 quarantines, 0 unlinks, 0 errors, 0 redirects (pid: 18)
Jan 29 08:22:43 standalone object-server[281279]: Object update sweep of d1 completed: 0.00s, 0 successes, 0 failures, 0 quarantines, 0 unlinks, 0 errors, 0 redirects
Jan 29 08:22:43 standalone object-server[116026]: Object update sweep completed: 0.08s
Jan 29 08:23:51 standalone account-server[115637]: 172.20.0.31 - - [29/Jan/2026:08:23:51 +0000] "HEAD /d1/689/AUTH_1c3a6b95c93346bda8e0e5b288f4701c" 404 - "HEAD http://swift-internal.openstack.svc:8080/v1/AUTH_1c3a6b95c93346bda8e0e5b288f4701c?format=json" "tx7ec7258d7658422da1f54-00697b1917" "proxy-server 12" 0.0008 "-" 22 -
Jan 29 08:23:51 standalone account-server[115622]: 172.20.0.31 - - [29/Jan/2026:08:23:51 +0000] "HEAD /d1/689/AUTH_1c3a6b95c93346bda8e0e5b288f4701c" 404 - "HEAD http://swift-internal.openstack.svc:8080/v1/AUTH_1c3a6b95c93346bda8e0e5b288f4701c?format=json" "tx7ec7258d7658422da1f54-00697b1917" "proxy-server 12" 0.0005 "-" 21 -
Jan 29 08:23:52 standalone account-server[115611]: 172.20.0.31 - - [29/Jan/2026:08:23:52 +0000] "HEAD /d1/504/AUTH_4d6a1113540545a0bf30d8c0b9f939e8" 404 - "HEAD http://swift-internal.openstack.svc:8080/v1/AUTH_4d6a1113540545a0bf30d8c0b9f939e8?format=json" "txd32e9922560a4812b7cb8-00697b1918" "proxy-server 9" 0.0005 "-" 20 -
Jan 29 08:23:52 standalone account-server[115622]: 172.20.0.31 - - [29/Jan/2026:08:23:52 +0000] "HEAD /d1/504/AUTH_4d6a1113540545a0bf30d8c0b9f939e8" 404 - "HEAD http://swift-internal.openstack.svc:8080/v1/AUTH_4d6a1113540545a0bf30d8c0b9f939e8?format=json" "txd32e9922560a4812b7cb8-00697b1918" "proxy-server 9" 0.0003 "-" 21 -
Jan 29 08:23:52 standalone account-server[115643]: 172.20.0.31 - - [29/Jan/2026:08:23:52 +0000] "HEAD /d1/615/AUTH_b2e175873c844aa08051bf4000bc97df" 204 - "HEAD http://swift-internal.openstack.svc:8080/v1/AUTH_b2e175873c844aa08051bf4000bc97df?format=json" "txf84c1961e54b477fa77dc-00697b1918" "proxy-server 10" 0.0078 "-" 23 -
Jan 29 08:23:53 standalone account-server[115622]: 172.20.0.31 - - [29/Jan/2026:08:23:53 +0000] "HEAD /d1/615/AUTH_b2e175873c844aa08051bf4000bc97df" 204 - "HEAD http://swift-internal.openstack.svc:8080/v1/AUTH_b2e175873c844aa08051bf4000bc97df?format=json" "txf84c1961e54b477fa77dc-00697b1918" "proxy-server 10" 0.0016 "-" 21 -
Jan 29 08:23:53 standalone account-server[115611]: 172.20.0.31 - - [29/Jan/2026:08:23:53 +0000] "HEAD /d1/377/AUTH_f0034abee1f54a979ebcfc7d807c2a70" 404 - "HEAD http://swift-internal.openstack.svc:8080/v1/AUTH_f0034abee1f54a979ebcfc7d807c2a70?format=json" "tx4a200faaab614d64975b4-00697b1919" "proxy-server 8" 0.0004 "-" 20 -
Jan 29 08:23:53 standalone account-server[115622]: 172.20.0.31 - - [29/Jan/2026:08:23:53 +0000] "HEAD /d1/377/AUTH_f0034abee1f54a979ebcfc7d807c2a70" 404 - "HEAD http://swift-internal.openstack.svc:8080/v1/AUTH_f0034abee1f54a979ebcfc7d807c2a70?format=json" "tx4a200faaab614d64975b4-00697b1919" "proxy-server 8" 0.0004 "-" 21 -
Jan 29 08:23:56 standalone account-server[115611]: 172.20.0.31 - - [29/Jan/2026:08:23:56 +0000] "GET /d1/689/AUTH_1c3a6b95c93346bda8e0e5b288f4701c" 404 - "GET http://swift-internal.openstack.svc:8080/v1/AUTH_1c3a6b95c93346bda8e0e5b288f4701c?format=json" "tx50ba630d1e134e3996971-00697b191c" "proxy-server 10" 0.0005 "-" 20 -
Jan 29 08:23:56 standalone account-server[115643]: 172.20.0.31 - - [29/Jan/2026:08:23:56 +0000] "GET /d1/504/AUTH_4d6a1113540545a0bf30d8c0b9f939e8" 404 - "GET http://swift-internal.openstack.svc:8080/v1/AUTH_4d6a1113540545a0bf30d8c0b9f939e8?format=json" "tx9f3dc5cc595d4a429ee08-00697b191c" "proxy-server 12" 0.0007 "-" 23 -
Jan 29 08:23:56 standalone account-server[115622]: 172.20.0.31 - - [29/Jan/2026:08:23:56 +0000] "GET /d1/615/AUTH_b2e175873c844aa08051bf4000bc97df" 200 98 "GET http://swift-internal.openstack.svc:8080/v1/AUTH_b2e175873c844aa08051bf4000bc97df?format=json" "txe5edd30b7fc44807a3f8a-00697b191c" "proxy-server 15" 0.0030 "-" 21 -
Jan 29 08:23:56 standalone account-server[115637]: 172.20.0.31 - - [29/Jan/2026:08:23:56 +0000] "GET /d1/377/AUTH_f0034abee1f54a979ebcfc7d807c2a70" 404 - "GET http://swift-internal.openstack.svc:8080/v1/AUTH_f0034abee1f54a979ebcfc7d807c2a70?format=json" "tx1423d56c88dc471cb9dc6-00697b191c" "proxy-server 10" 0.0003 "-" 22 -
Jan 29 08:24:24 standalone account-server[115643]: 172.20.0.31 - - [29/Jan/2026:08:24:24 +0000] "HEAD /d1/689/AUTH_1c3a6b95c93346bda8e0e5b288f4701c" 404 - "HEAD http://swift-internal.openstack.svc:8080/v1/AUTH_1c3a6b95c93346bda8e0e5b288f4701c?format=json" "txd3dd2272ac824c488f34b-00697b1938" "proxy-server 15" 0.0007 "-" 23 -
Jan 29 08:24:24 standalone account-server[115643]: 172.20.0.31 - - [29/Jan/2026:08:24:24 +0000] "HEAD /d1/504/AUTH_4d6a1113540545a0bf30d8c0b9f939e8" 404 - "HEAD http://swift-internal.openstack.svc:8080/v1/AUTH_4d6a1113540545a0bf30d8c0b9f939e8?format=json" "tx0e2542c226394a7cb732d-00697b1938" "proxy-server 8" 0.0004 "-" 23 -
Jan 29 08:24:24 standalone account-server[115637]: 172.20.0.31 - - [29/Jan/2026:08:24:24 +0000] "HEAD /d1/615/AUTH_b2e175873c844aa08051bf4000bc97df" 204 - "HEAD http://swift-internal.openstack.svc:8080/v1/AUTH_b2e175873c844aa08051bf4000bc97df?format=json" "tx5c211ac6c9d0421baf1be-00697b1938" "proxy-server 8" 0.0021 "-" 22 -
Jan 29 08:24:24 standalone account-server[115622]: 172.20.0.31 - - [29/Jan/2026:08:24:24 +0000] "HEAD /d1/377/AUTH_f0034abee1f54a979ebcfc7d807c2a70" 404 - "HEAD http://swift-internal.openstack.svc:8080/v1/AUTH_f0034abee1f54a979ebcfc7d807c2a70?format=json" "tx16478913e20841748889d-00697b1938" "proxy-server 8" 0.0005 "-" 21 -
Jan 29 08:24:28 standalone account-server[115637]: 172.20.0.31 - - [29/Jan/2026:08:24:28 +0000] "GET /d1/689/AUTH_1c3a6b95c93346bda8e0e5b288f4701c" 404 - "GET http://swift-internal.openstack.svc:8080/v1/AUTH_1c3a6b95c93346bda8e0e5b288f4701c?format=json" "txc5b47a3ebba64a13aae78-00697b193c" "proxy-server 8" 0.0004 "-" 22 -
Jan 29 08:24:28 standalone account-server[115611]: 172.20.0.31 - - [29/Jan/2026:08:24:28 +0000] "GET /d1/504/AUTH_4d6a1113540545a0bf30d8c0b9f939e8" 404 - "GET http://swift-internal.openstack.svc:8080/v1/AUTH_4d6a1113540545a0bf30d8c0b9f939e8?format=json" "tx003e3dad69554f7f934b5-00697b193c" "proxy-server 12" 0.0004 "-" 20 -
Jan 29 08:24:28 standalone account-server[115643]: 172.20.0.31 - - [29/Jan/2026:08:24:28 +0000] "GET /d1/615/AUTH_b2e175873c844aa08051bf4000bc97df" 200 98 "GET http://swift-internal.openstack.svc:8080/v1/AUTH_b2e175873c844aa08051bf4000bc97df?format=json" "tx4f77496f98aa422cb1140-00697b193c" "proxy-server 8" 0.0030 "-" 23 -
Jan 29 08:24:28 standalone account-server[115637]: 172.20.0.31 - - [29/Jan/2026:08:24:28 +0000] "GET /d1/377/AUTH_f0034abee1f54a979ebcfc7d807c2a70" 404 - "GET http://swift-internal.openstack.svc:8080/v1/AUTH_f0034abee1f54a979ebcfc7d807c2a70?format=json" "tx5f23f2c040e14037b0e15-00697b193c" "proxy-server 8" 0.0005 "-" 22 -
Jan 29 08:24:35 standalone account-server[115611]: 172.20.0.31 - - [29/Jan/2026:08:24:35 +0000] "HEAD /d1/689/AUTH_1c3a6b95c93346bda8e0e5b288f4701c" 404 - "HEAD http://swift-internal.openstack.svc:8080/v1/AUTH_1c3a6b95c93346bda8e0e5b288f4701c?format=json" "tx6f12633f3e5b4a8d9fca6-00697b1943" "proxy-server 8" 0.0007 "-" 20 -
Jan 29 08:24:35 standalone account-server[115643]: 172.20.0.31 - - [29/Jan/2026:08:24:35 +0000] "HEAD /d1/504/AUTH_4d6a1113540545a0bf30d8c0b9f939e8" 404 - "HEAD http://swift-internal.openstack.svc:8080/v1/AUTH_4d6a1113540545a0bf30d8c0b9f939e8?format=json" "txfc32a4ce2bd448ffb78ce-00697b1943" "proxy-server 15" 0.0005 "-" 23 -
Jan 29 08:24:35 standalone account-server[115611]: 172.20.0.31 - - [29/Jan/2026:08:24:35 +0000] "HEAD /d1/615/AUTH_b2e175873c844aa08051bf4000bc97df" 204 - "HEAD http://swift-internal.openstack.svc:8080/v1/AUTH_b2e175873c844aa08051bf4000bc97df?format=json" "tx55d79f91b7f94e9e8e062-00697b1943" "proxy-server 15" 0.0017 "-" 20 -
Jan 29 08:24:36 standalone account-server[115643]: 172.20.0.31 - - [29/Jan/2026:08:24:36 +0000] "HEAD /d1/377/AUTH_f0034abee1f54a979ebcfc7d807c2a70" 404 - "HEAD http://swift-internal.openstack.svc:8080/v1/AUTH_f0034abee1f54a979ebcfc7d807c2a70?format=json" "tx364a9d3377144b1b9167e-00697b1944" "proxy-server 15" 0.0006 "-" 23 -
Jan 29 08:24:38 standalone account-server[115611]: 172.20.0.31 - - [29/Jan/2026:08:24:38 +0000] "GET /d1/689/AUTH_1c3a6b95c93346bda8e0e5b288f4701c" 404 - "GET http://swift-internal.openstack.svc:8080/v1/AUTH_1c3a6b95c93346bda8e0e5b288f4701c?format=json" "tx4c86f4abc1b24fa793d34-00697b1946" "proxy-server 15" 0.0006 "-" 20 -
Jan 29 08:24:38 standalone account-server[115611]: 172.20.0.31 - - [29/Jan/2026:08:24:38 +0000] "GET /d1/504/AUTH_4d6a1113540545a0bf30d8c0b9f939e8" 404 - "GET http://swift-internal.openstack.svc:8080/v1/AUTH_4d6a1113540545a0bf30d8c0b9f939e8?format=json" "txf3eb87db762b4272826e7-00697b1946" "proxy-server 15" 0.0009 "-" 20 -
Jan 29 08:24:38 standalone account-server[115611]: 172.20.0.31 - - [29/Jan/2026:08:24:38 +0000] "GET /d1/615/AUTH_b2e175873c844aa08051bf4000bc97df" 200 98 "GET http://swift-internal.openstack.svc:8080/v1/AUTH_b2e175873c844aa08051bf4000bc97df?format=json" "txc2c92d690c354eb6828a5-00697b1946" "proxy-server 15" 0.0040 "-" 20 -
Jan 29 08:24:38 standalone account-server[115637]: 172.20.0.31 - - [29/Jan/2026:08:24:38 +0000] "GET /d1/377/AUTH_f0034abee1f54a979ebcfc7d807c2a70" 404 - "GET http://swift-internal.openstack.svc:8080/v1/AUTH_f0034abee1f54a979ebcfc7d807c2a70?format=json" "tx509da07aa4d74817bb400-00697b1946" "proxy-server 15" 0.0005 "-" 22 -
Jan 29 08:24:44 standalone account-server[115637]: 172.20.0.31 - - [29/Jan/2026:08:24:44 +0000] "HEAD /d1/689/AUTH_1c3a6b95c93346bda8e0e5b288f4701c" 404 - "HEAD http://swift-internal.openstack.svc:8080/v1/AUTH_1c3a6b95c93346bda8e0e5b288f4701c?format=json" "tx9afbbce906af45d195b8e-00697b194b" "proxy-server 14" 0.0007 "-" 22 -
Jan 29 08:24:44 standalone account-server[115611]: 172.20.0.31 - - [29/Jan/2026:08:24:44 +0000] "HEAD /d1/504/AUTH_4d6a1113540545a0bf30d8c0b9f939e8" 404 - "HEAD http://swift-internal.openstack.svc:8080/v1/AUTH_4d6a1113540545a0bf30d8c0b9f939e8?format=json" "tx97650e2cbe6d4f8eb71e8-00697b194c" "proxy-server 8" 0.0005 "-" 20 -
Jan 29 08:24:44 standalone account-server[115637]: 172.20.0.31 - - [29/Jan/2026:08:24:44 +0000] "HEAD /d1/615/AUTH_b2e175873c844aa08051bf4000bc97df" 204 - "HEAD http://swift-internal.openstack.svc:8080/v1/AUTH_b2e175873c844aa08051bf4000bc97df?format=json" "tx5b305d2381b04ebab1fcb-00697b194c" "proxy-server 8" 0.0030 "-" 22 -
Jan 29 08:24:44 standalone account-server[115622]: 172.20.0.31 - - [29/Jan/2026:08:24:44 +0000] "HEAD /d1/377/AUTH_f0034abee1f54a979ebcfc7d807c2a70" 404 - "HEAD http://swift-internal.openstack.svc:8080/v1/AUTH_f0034abee1f54a979ebcfc7d807c2a70?format=json" "tx4a366337af934cdea6c0d-00697b194c" "proxy-server 12" 0.0005 "-" 21 -
Jan 29 08:24:45 standalone account-server[115622]: 172.20.0.31 - - [29/Jan/2026:08:24:45 +0000] "GET /d1/689/AUTH_1c3a6b95c93346bda8e0e5b288f4701c" 404 - "GET http://swift-internal.openstack.svc:8080/v1/AUTH_1c3a6b95c93346bda8e0e5b288f4701c?format=json" "tx4cbc5a7881c2420294c87-00697b194c" "proxy-server 13" 0.0005 "-" 21 -
Jan 29 08:24:45 standalone account-server[115622]: 172.20.0.31 - - [29/Jan/2026:08:24:45 +0000] "GET /d1/504/AUTH_4d6a1113540545a0bf30d8c0b9f939e8" 404 - "GET http://swift-internal.openstack.svc:8080/v1/AUTH_4d6a1113540545a0bf30d8c0b9f939e8?format=json" "txefa2531198054904b62e9-00697b194d" "proxy-server 9" 0.0005 "-" 21 -
Jan 29 08:24:45 standalone account-server[115622]: 172.20.0.31 - - [29/Jan/2026:08:24:45 +0000] "GET /d1/615/AUTH_b2e175873c844aa08051bf4000bc97df" 200 98 "GET http://swift-internal.openstack.svc:8080/v1/AUTH_b2e175873c844aa08051bf4000bc97df?format=json" "txf4e172afe49b4097b23ff-00697b194d" "proxy-server 9" 0.0026 "-" 21 -
Jan 29 08:24:45 standalone account-server[115622]: 172.20.0.31 - - [29/Jan/2026:08:24:45 +0000] "GET /d1/377/AUTH_f0034abee1f54a979ebcfc7d807c2a70" 404 - "GET http://swift-internal.openstack.svc:8080/v1/AUTH_f0034abee1f54a979ebcfc7d807c2a70?format=json" "tx093bc2486e6d4c02b8654-00697b194d" "proxy-server 13" 0.0005 "-" 21 -
Jan 29 08:26:10 standalone account-server[115637]: 172.20.0.100 - - [29/Jan/2026:08:26:10 +0000] "HEAD /d1/206/.expiring_objects" 404 - "HEAD http://localhost/v1/.expiring_objects?format=json" "txc1fc8c6c2a454d5fa1c32-00697b19a2" "proxy-server 2" 0.0009 "-" 22 -
Jan 29 08:26:10 standalone object-expirer[115737]: Pass completed in 0s; 0 objects expired (txn: txc1fc8c6c2a454d5fa1c32-00697b19a2)
Jan 29 08:26:57 standalone container-server[115840]: Begin container update sweep
Jan 29 08:26:57 standalone container-server[115840]: Container update sweep completed: 0.08s
Jan 29 08:27:43 standalone object-server[116026]: Begin object update sweep
Jan 29 08:27:43 standalone object-server[296851]: Object update sweep starting on /srv/node/d1 (pid: 19)
Jan 29 08:27:43 standalone object-server[296851]: Object update sweep completed on /srv/node/d1 in 0.00s seconds:, 0 successes, 0 failures, 0 quarantines, 0 unlinks, 0 errors, 0 redirects (pid: 19)
Jan 29 08:27:43 standalone object-server[296851]: Object update sweep of d1 completed: 0.00s, 0 successes, 0 failures, 0 quarantines, 0 unlinks, 0 errors, 0 redirects
Jan 29 08:27:43 standalone object-server[116026]: Object update sweep completed: 0.09s
Jan 29 08:29:44 standalone account-server[115637]: 172.20.0.31 - - [29/Jan/2026:08:29:44 +0000] "HEAD /d1/689/AUTH_1c3a6b95c93346bda8e0e5b288f4701c" 404 - "HEAD http://swift-internal.openstack.svc:8080/v1/AUTH_1c3a6b95c93346bda8e0e5b288f4701c?format=json" "txfa619f0dd3874846beea9-00697b1a78" "proxy-server 7" 0.0007 "-" 22 -
Jan 29 08:29:44 standalone account-server[115611]: 172.20.0.31 - - [29/Jan/2026:08:29:44 +0000] "GET /d1/689/AUTH_1c3a6b95c93346bda8e0e5b288f4701c" 404 - "GET http://swift-internal.openstack.svc:8080/v1/AUTH_1c3a6b95c93346bda8e0e5b288f4701c?format=json" "txfa619f0dd3874846beea9-00697b1a78" "proxy-server 7" 0.0005 "-" 20 -
Jan 29 08:29:44 standalone account-server[115637]: 172.20.0.31 - - [29/Jan/2026:08:29:44 +0000] "HEAD /d1/504/AUTH_4d6a1113540545a0bf30d8c0b9f939e8" 404 - "HEAD http://swift-internal.openstack.svc:8080/v1/AUTH_4d6a1113540545a0bf30d8c0b9f939e8?format=json" "tx3e93903305d544e29c56d-00697b1a78" "proxy-server 8" 0.0005 "-" 22 -
Jan 29 08:29:44 standalone account-server[115643]: 172.20.0.31 - - [29/Jan/2026:08:29:44 +0000] "GET /d1/504/AUTH_4d6a1113540545a0bf30d8c0b9f939e8" 404 - "GET http://swift-internal.openstack.svc:8080/v1/AUTH_4d6a1113540545a0bf30d8c0b9f939e8?format=json" "tx3e93903305d544e29c56d-00697b1a78" "proxy-server 8" 0.0004 "-" 23 -
Jan 29 08:29:44 standalone account-server[115637]: 172.20.0.31 - - [29/Jan/2026:08:29:44 +0000] "HEAD /d1/615/AUTH_b2e175873c844aa08051bf4000bc97df" 204 - "HEAD http://swift-internal.openstack.svc:8080/v1/AUTH_b2e175873c844aa08051bf4000bc97df?format=json" "tx6f6d0a80df2f4e68b5787-00697b1a78" "proxy-server 8" 0.0024 "-" 22 -
Jan 29 08:29:44 standalone account-server[115622]: 172.20.0.31 - - [29/Jan/2026:08:29:44 +0000] "GET /d1/615/AUTH_b2e175873c844aa08051bf4000bc97df" 200 98 "GET http://swift-internal.openstack.svc:8080/v1/AUTH_b2e175873c844aa08051bf4000bc97df?format=json" "tx6f6d0a80df2f4e68b5787-00697b1a78" "proxy-server 8" 0.0026 "-" 21 -
Jan 29 08:29:44 standalone account-server[115622]: 172.20.0.31 - - [29/Jan/2026:08:29:44 +0000] "HEAD /d1/377/AUTH_f0034abee1f54a979ebcfc7d807c2a70" 404 - "HEAD http://swift-internal.openstack.svc:8080/v1/AUTH_f0034abee1f54a979ebcfc7d807c2a70?format=json" "tx3af1067a603e44368c6cc-00697b1a78" "proxy-server 8" 0.0003 "-" 21 -
Jan 29 08:29:44 standalone account-server[115611]: 172.20.0.31 - - [29/Jan/2026:08:29:44 +0000] "GET /d1/377/AUTH_f0034abee1f54a979ebcfc7d807c2a70" 404 - "GET http://swift-internal.openstack.svc:8080/v1/AUTH_f0034abee1f54a979ebcfc7d807c2a70?format=json" "tx3af1067a603e44368c6cc-00697b1a78" "proxy-server 8" 0.0005 "-" 20 -
Jan 29 08:29:45 standalone account-server[115637]: 172.20.0.31 - - [29/Jan/2026:08:29:45 +0000] "HEAD /d1/689/AUTH_1c3a6b95c93346bda8e0e5b288f4701c" 404 - "HEAD http://swift-internal.openstack.svc:8080/v1/AUTH_1c3a6b95c93346bda8e0e5b288f4701c?format=json" "tx76935f6627574a2db50d0-00697b1a78" "proxy-server 6" 0.0004 "-" 22 -
Jan 29 08:29:45 standalone account-server[115643]: 172.20.0.31 - - [29/Jan/2026:08:29:45 +0000] "HEAD /d1/504/AUTH_4d6a1113540545a0bf30d8c0b9f939e8" 404 - "HEAD http://swift-internal.openstack.svc:8080/v1/AUTH_4d6a1113540545a0bf30d8c0b9f939e8?format=json" "tx68ab42bab64f445b9d066-00697b1a79" "proxy-server 6" 0.0004 "-" 23 -
Jan 29 08:29:45 standalone account-server[115643]: 172.20.0.31 - - [29/Jan/2026:08:29:45 +0000] "HEAD /d1/615/AUTH_b2e175873c844aa08051bf4000bc97df" 204 - "HEAD http://swift-internal.openstack.svc:8080/v1/AUTH_b2e175873c844aa08051bf4000bc97df?format=json" "tx467f12672b3f46bdb4d87-00697b1a79" "proxy-server 6" 0.0021 "-" 23 -
Jan 29 08:29:45 standalone account-server[115637]: 172.20.0.31 - - [29/Jan/2026:08:29:45 +0000] "HEAD /d1/377/AUTH_f0034abee1f54a979ebcfc7d807c2a70" 404 - "HEAD http://swift-internal.openstack.svc:8080/v1/AUTH_f0034abee1f54a979ebcfc7d807c2a70?format=json" "tx039964b6edd54d9582602-00697b1a79" "proxy-server 7" 0.0004 "-" 22 -
Jan 29 08:31:03 standalone account-server[115637]: 172.20.0.100 - - [29/Jan/2026:08:31:03 +0000] "HEAD /d1/206/.expiring_objects" 404 - "HEAD http://localhost/v1/.expiring_objects?format=json" "txaccb314bc3794f2ca4238-00697b1ac7" "proxy-server 2" 0.0008 "-" 22 -
Jan 29 08:31:03 standalone object-expirer[115737]: Pass completed in 0s; 0 objects expired (txn: txaccb314bc3794f2ca4238-00697b1ac7)
Jan 29 08:31:57 standalone container-server[115840]: Begin container update sweep
Jan 29 08:31:57 standalone container-server[115840]: Container update sweep completed: 0.08s
Jan 29 08:32:43 standalone object-server[116026]: Begin object update sweep
Jan 29 08:32:43 standalone object-server[302490]: Object update sweep starting on /srv/node/d1 (pid: 20)
Jan 29 08:32:43 standalone object-server[302490]: Object update sweep completed on /srv/node/d1 in 0.00s seconds:, 0 successes, 0 failures, 0 quarantines, 0 unlinks, 0 errors, 0 redirects (pid: 20)
Jan 29 08:32:43 standalone object-server[302490]: Object update sweep of d1 completed: 0.00s, 0 successes, 0 failures, 0 quarantines, 0 unlinks, 0 errors, 0 redirects
Jan 29 08:32:43 standalone object-server[116026]: Object update sweep completed: 0.09s
