Jan 29 09:09:45 standalone account-server[115637]: 172.20.0.31 - - [29/Jan/2026:09:09:45 +0000] "GET /d1/181/AUTH_a6189ba5210f484c899ca15d927d8477" 404 - "GET http://swift-internal.openstack.svc:8080/v1/AUTH_a6189ba5210f484c899ca15d927d8477?format=json" "tx6619dabc48084c8b9bfaa-00697b23d9" "proxy-server 11" 0.0004 "-" 22 -
Jan 29 09:09:45 standalone account-server[115637]: 172.20.0.31 - - [29/Jan/2026:09:09:45 +0000] "GET /d1/615/AUTH_b2e175873c844aa08051bf4000bc97df" 200 98 "GET http://swift-internal.openstack.svc:8080/v1/AUTH_b2e175873c844aa08051bf4000bc97df?format=json" "txbe50584193644ac2aa46d-00697b23d9" "proxy-server 10" 0.0030 "-" 22 -
Jan 29 09:09:45 standalone account-server[115611]: 172.20.0.31 - - [29/Jan/2026:09:09:45 +0000] "HEAD /d1/848/AUTH_b38c55c025d04414a000ea5ffd49c10d" 404 - "HEAD http://swift-internal.openstack.svc:8080/v1/AUTH_b38c55c025d04414a000ea5ffd49c10d?format=json" "txba11f1149aa54cf6aab41-00697b23d9" "proxy-server 10" 0.0005 "-" 20 -
Jan 29 09:09:45 standalone account-server[115611]: 172.20.0.31 - - [29/Jan/2026:09:09:45 +0000] "GET /d1/848/AUTH_b38c55c025d04414a000ea5ffd49c10d" 404 - "GET http://swift-internal.openstack.svc:8080/v1/AUTH_b38c55c025d04414a000ea5ffd49c10d?format=json" "txba11f1149aa54cf6aab41-00697b23d9" "proxy-server 10" 0.0003 "-" 20 -
Jan 29 09:09:45 standalone account-server[115622]: 172.20.0.31 - - [29/Jan/2026:09:09:45 +0000] "HEAD /d1/624/AUTH_bfd7aa03f1b8489f9ebe9626c2c046df" 404 - "HEAD http://swift-internal.openstack.svc:8080/v1/AUTH_bfd7aa03f1b8489f9ebe9626c2c046df?format=json" "tx46e90e1f3c4647ddaba4e-00697b23d9" "proxy-server 10" 0.0006 "-" 21 -
Jan 29 09:09:45 standalone account-server[115643]: 172.20.0.31 - - [29/Jan/2026:09:09:45 +0000] "GET /d1/624/AUTH_bfd7aa03f1b8489f9ebe9626c2c046df" 404 - "GET http://swift-internal.openstack.svc:8080/v1/AUTH_bfd7aa03f1b8489f9ebe9626c2c046df?format=json" "tx46e90e1f3c4647ddaba4e-00697b23d9" "proxy-server 10" 0.0004 "-" 23 -
Jan 29 09:09:45 standalone account-server[115643]: 172.20.0.31 - - [29/Jan/2026:09:09:45 +0000] "HEAD /d1/396/AUTH_c32a74a7e51c4daabd61ea2d5e147e50" 404 - "HEAD http://swift-internal.openstack.svc:8080/v1/AUTH_c32a74a7e51c4daabd61ea2d5e147e50?format=json" "tx8fdb0618939a48e79ee61-00697b23d9" "proxy-server 13" 0.0003 "-" 23 -
Jan 29 09:09:45 standalone account-server[115611]: 172.20.0.31 - - [29/Jan/2026:09:09:45 +0000] "GET /d1/396/AUTH_c32a74a7e51c4daabd61ea2d5e147e50" 404 - "GET http://swift-internal.openstack.svc:8080/v1/AUTH_c32a74a7e51c4daabd61ea2d5e147e50?format=json" "tx8fdb0618939a48e79ee61-00697b23d9" "proxy-server 13" 0.0004 "-" 20 -
Jan 29 09:09:45 standalone account-server[115611]: 172.20.0.31 - - [29/Jan/2026:09:09:45 +0000] "HEAD /d1/886/AUTH_d0a4c140a3504a95bd35f4899f3c3e89" 404 - "HEAD http://swift-internal.openstack.svc:8080/v1/AUTH_d0a4c140a3504a95bd35f4899f3c3e89?format=json" "txb11f7d5b28f24301bac8e-00697b23d9" "proxy-server 11" 0.0004 "-" 20 -
Jan 29 09:09:45 standalone account-server[115637]: 172.20.0.31 - - [29/Jan/2026:09:09:45 +0000] "GET /d1/886/AUTH_d0a4c140a3504a95bd35f4899f3c3e89" 404 - "GET http://swift-internal.openstack.svc:8080/v1/AUTH_d0a4c140a3504a95bd35f4899f3c3e89?format=json" "txb11f7d5b28f24301bac8e-00697b23d9" "proxy-server 11" 0.0005 "-" 22 -
Jan 29 09:09:45 standalone account-server[115637]: 172.20.0.31 - - [29/Jan/2026:09:09:45 +0000] "HEAD /d1/741/AUTH_d2d583d68f73493f91fe0fd23b70f18e" 404 - "HEAD http://swift-internal.openstack.svc:8080/v1/AUTH_d2d583d68f73493f91fe0fd23b70f18e?format=json" "tx641fff8f878246bfa670e-00697b23d9" "proxy-server 10" 0.0003 "-" 22 -
Jan 29 09:09:45 standalone account-server[115643]: 172.20.0.31 - - [29/Jan/2026:09:09:45 +0000] "GET /d1/741/AUTH_d2d583d68f73493f91fe0fd23b70f18e" 404 - "GET http://swift-internal.openstack.svc:8080/v1/AUTH_d2d583d68f73493f91fe0fd23b70f18e?format=json" "tx641fff8f878246bfa670e-00697b23d9" "proxy-server 10" 0.0007 "-" 23 -
Jan 29 09:09:45 standalone account-server[115611]: 172.20.0.31 - - [29/Jan/2026:09:09:45 +0000] "HEAD /d1/377/AUTH_d3848ad6be3c4ead9436e4ca5037cef0" 404 - "HEAD http://swift-internal.openstack.svc:8080/v1/AUTH_d3848ad6be3c4ead9436e4ca5037cef0?format=json" "tx875ac70f57be4f42b49a7-00697b23d9" "proxy-server 10" 0.0005 "-" 20 -
Jan 29 09:09:45 standalone account-server[115643]: 172.20.0.31 - - [29/Jan/2026:09:09:45 +0000] "GET /d1/377/AUTH_d3848ad6be3c4ead9436e4ca5037cef0" 404 - "GET http://swift-internal.openstack.svc:8080/v1/AUTH_d3848ad6be3c4ead9436e4ca5037cef0?format=json" "tx875ac70f57be4f42b49a7-00697b23d9" "proxy-server 10" 0.0005 "-" 23 -
Jan 29 09:09:45 standalone account-server[115637]: 172.20.0.31 - - [29/Jan/2026:09:09:45 +0000] "HEAD /d1/635/AUTH_e38f82558d18481f8034e50d67059537" 404 - "HEAD http://swift-internal.openstack.svc:8080/v1/AUTH_e38f82558d18481f8034e50d67059537?format=json" "tx50e7660805ac431689072-00697b23d9" "proxy-server 13" 0.0006 "-" 22 -
Jan 29 09:09:45 standalone account-server[115622]: 172.20.0.31 - - [29/Jan/2026:09:09:45 +0000] "GET /d1/635/AUTH_e38f82558d18481f8034e50d67059537" 404 - "GET http://swift-internal.openstack.svc:8080/v1/AUTH_e38f82558d18481f8034e50d67059537?format=json" "tx50e7660805ac431689072-00697b23d9" "proxy-server 13" 0.0003 "-" 21 -
Jan 29 09:09:45 standalone account-server[115611]: 172.20.0.31 - - [29/Jan/2026:09:09:45 +0000] "HEAD /d1/377/AUTH_f0034abee1f54a979ebcfc7d807c2a70" 404 - "HEAD http://swift-internal.openstack.svc:8080/v1/AUTH_f0034abee1f54a979ebcfc7d807c2a70?format=json" "txabcc7d145a124287b8a87-00697b23d9" "proxy-server 10" 0.0006 "-" 20 -
Jan 29 09:09:45 standalone account-server[115643]: 172.20.0.31 - - [29/Jan/2026:09:09:45 +0000] "GET /d1/377/AUTH_f0034abee1f54a979ebcfc7d807c2a70" 404 - "GET http://swift-internal.openstack.svc:8080/v1/AUTH_f0034abee1f54a979ebcfc7d807c2a70?format=json" "txabcc7d145a124287b8a87-00697b23d9" "proxy-server 10" 0.0007 "-" 23 -
Jan 29 09:09:46 standalone account-server[115622]: 172.20.0.31 - - [29/Jan/2026:09:09:46 +0000] "HEAD /d1/154/AUTH_10fb43ce941a4c6bb6a853dbd5a5ee00" 404 - "HEAD http://swift-internal.openstack.svc:8080/v1/AUTH_10fb43ce941a4c6bb6a853dbd5a5ee00?format=json" "txcba94549806243cd9c22c-00697b23da" "proxy-server 10" 0.0003 "-" 21 -
Jan 29 09:09:46 standalone account-server[115611]: 172.20.0.31 - - [29/Jan/2026:09:09:46 +0000] "HEAD /d1/689/AUTH_1c3a6b95c93346bda8e0e5b288f4701c" 404 - "HEAD http://swift-internal.openstack.svc:8080/v1/AUTH_1c3a6b95c93346bda8e0e5b288f4701c?format=json" "tx8d8c5f7afdfc46eba8d31-00697b23da" "proxy-server 10" 0.0005 "-" 20 -
Jan 29 09:09:46 standalone account-server[115637]: 172.20.0.31 - - [29/Jan/2026:09:09:46 +0000] "HEAD /d1/336/AUTH_2743c58a232d4348b04b86eb3ed21c9f" 404 - "HEAD http://swift-internal.openstack.svc:8080/v1/AUTH_2743c58a232d4348b04b86eb3ed21c9f?format=json" "tx25d88b4927374195bff46-00697b23da" "proxy-server 11" 0.0004 "-" 22 -
Jan 29 09:09:46 standalone account-server[115622]: 172.20.0.31 - - [29/Jan/2026:09:09:46 +0000] "HEAD /d1/657/AUTH_2920737db9d0422e8818cff5b15a38d8" 404 - "HEAD http://swift-internal.openstack.svc:8080/v1/AUTH_2920737db9d0422e8818cff5b15a38d8?format=json" "tx2f51e68bec364621966c1-00697b23da" "proxy-server 10" 0.0004 "-" 21 -
Jan 29 09:09:46 standalone account-server[115637]: 172.20.0.31 - - [29/Jan/2026:09:09:46 +0000] "HEAD /d1/504/AUTH_4d6a1113540545a0bf30d8c0b9f939e8" 404 - "HEAD http://swift-internal.openstack.svc:8080/v1/AUTH_4d6a1113540545a0bf30d8c0b9f939e8?format=json" "txe7a147a9a6cd4025b7fdf-00697b23da" "proxy-server 10" 0.0004 "-" 22 -
Jan 29 09:09:46 standalone account-server[115622]: 172.20.0.31 - - [29/Jan/2026:09:09:46 +0000] "HEAD /d1/37/AUTH_77fddf29cc7041df816549604f0c67e3" 404 - "HEAD http://swift-internal.openstack.svc:8080/v1/AUTH_77fddf29cc7041df816549604f0c67e3?format=json" "tx8543609057044023a5d24-00697b23da" "proxy-server 13" 0.0006 "-" 21 -
Jan 29 09:09:46 standalone account-server[115637]: 172.20.0.31 - - [29/Jan/2026:09:09:46 +0000] "HEAD /d1/879/AUTH_783ff7229c5d40c4a6b11812d46a05db" 404 - "HEAD http://swift-internal.openstack.svc:8080/v1/AUTH_783ff7229c5d40c4a6b11812d46a05db?format=json" "tx72e25bf8aaba4e2e9215d-00697b23da" "proxy-server 13" 0.0003 "-" 22 -
Jan 29 09:09:46 standalone account-server[115611]: 172.20.0.31 - - [29/Jan/2026:09:09:46 +0000] "HEAD /d1/441/AUTH_7988bfbd1b6a4937bb6e422b8d3739b5" 404 - "HEAD http://swift-internal.openstack.svc:8080/v1/AUTH_7988bfbd1b6a4937bb6e422b8d3739b5?format=json" "tx320ba87120854676b6bd7-00697b23da" "proxy-server 10" 0.0004 "-" 20 -
Jan 29 09:09:46 standalone account-server[115637]: 172.20.0.31 - - [29/Jan/2026:09:09:46 +0000] "HEAD /d1/814/AUTH_7b4fe8fe358841f9a59aea3a65027e55" 404 - "HEAD http://swift-internal.openstack.svc:8080/v1/AUTH_7b4fe8fe358841f9a59aea3a65027e55?format=json" "tx5fc44cb89b2447bda2467-00697b23da" "proxy-server 11" 0.0004 "-" 22 -
Jan 29 09:09:46 standalone account-server[115611]: 172.20.0.31 - - [29/Jan/2026:09:09:46 +0000] "HEAD /d1/181/AUTH_a6189ba5210f484c899ca15d927d8477" 404 - "HEAD http://swift-internal.openstack.svc:8080/v1/AUTH_a6189ba5210f484c899ca15d927d8477?format=json" "txe142a0a6ddff432ab5e7b-00697b23da" "proxy-server 13" 0.0007 "-" 20 -
Jan 29 09:09:46 standalone account-server[115611]: 172.20.0.31 - - [29/Jan/2026:09:09:46 +0000] "HEAD /d1/615/AUTH_b2e175873c844aa08051bf4000bc97df" 204 - "HEAD http://swift-internal.openstack.svc:8080/v1/AUTH_b2e175873c844aa08051bf4000bc97df?format=json" "tx687a51f9d37447f1b432a-00697b23da" "proxy-server 13" 0.0021 "-" 20 -
Jan 29 09:09:46 standalone account-server[115643]: 172.20.0.31 - - [29/Jan/2026:09:09:46 +0000] "HEAD /d1/848/AUTH_b38c55c025d04414a000ea5ffd49c10d" 404 - "HEAD http://swift-internal.openstack.svc:8080/v1/AUTH_b38c55c025d04414a000ea5ffd49c10d?format=json" "txd5ef858fa99b4849bc5e1-00697b23da" "proxy-server 13" 0.0003 "-" 23 -
Jan 29 09:09:46 standalone account-server[115611]: 172.20.0.31 - - [29/Jan/2026:09:09:46 +0000] "HEAD /d1/624/AUTH_bfd7aa03f1b8489f9ebe9626c2c046df" 404 - "HEAD http://swift-internal.openstack.svc:8080/v1/AUTH_bfd7aa03f1b8489f9ebe9626c2c046df?format=json" "txf3de7f55005c464a8e6d5-00697b23da" "proxy-server 11" 0.0005 "-" 20 -
Jan 29 09:09:46 standalone account-server[115611]: 172.20.0.31 - - [29/Jan/2026:09:09:46 +0000] "HEAD /d1/396/AUTH_c32a74a7e51c4daabd61ea2d5e147e50" 404 - "HEAD http://swift-internal.openstack.svc:8080/v1/AUTH_c32a74a7e51c4daabd61ea2d5e147e50?format=json" "tx3e5ccd672d2f4776a3b1e-00697b23da" "proxy-server 10" 0.0003 "-" 20 -
Jan 29 09:09:46 standalone account-server[115622]: 172.20.0.31 - - [29/Jan/2026:09:09:46 +0000] "HEAD /d1/886/AUTH_d0a4c140a3504a95bd35f4899f3c3e89" 404 - "HEAD http://swift-internal.openstack.svc:8080/v1/AUTH_d0a4c140a3504a95bd35f4899f3c3e89?format=json" "txc8683e29190d45108ea62-00697b23da" "proxy-server 11" 0.0005 "-" 21 -
Jan 29 09:09:46 standalone account-server[115622]: 172.20.0.31 - - [29/Jan/2026:09:09:46 +0000] "HEAD /d1/741/AUTH_d2d583d68f73493f91fe0fd23b70f18e" 404 - "HEAD http://swift-internal.openstack.svc:8080/v1/AUTH_d2d583d68f73493f91fe0fd23b70f18e?format=json" "txfdf6caee062f4c80ab435-00697b23da" "proxy-server 10" 0.0004 "-" 21 -
Jan 29 09:09:47 standalone account-server[115611]: 172.20.0.31 - - [29/Jan/2026:09:09:47 +0000] "HEAD /d1/377/AUTH_d3848ad6be3c4ead9436e4ca5037cef0" 404 - "HEAD http://swift-internal.openstack.svc:8080/v1/AUTH_d3848ad6be3c4ead9436e4ca5037cef0?format=json" "tx12a44ba01b744393b2b89-00697b23da" "proxy-server 14" 0.0003 "-" 20 -
Jan 29 09:09:47 standalone account-server[115611]: 172.20.0.31 - - [29/Jan/2026:09:09:47 +0000] "HEAD /d1/635/AUTH_e38f82558d18481f8034e50d67059537" 404 - "HEAD http://swift-internal.openstack.svc:8080/v1/AUTH_e38f82558d18481f8034e50d67059537?format=json" "txd8484cdd5f2d46599abf3-00697b23db" "proxy-server 10" 0.0002 "-" 20 -
Jan 29 09:09:47 standalone account-server[115611]: 172.20.0.31 - - [29/Jan/2026:09:09:47 +0000] "HEAD /d1/377/AUTH_f0034abee1f54a979ebcfc7d807c2a70" 404 - "HEAD http://swift-internal.openstack.svc:8080/v1/AUTH_f0034abee1f54a979ebcfc7d807c2a70?format=json" "txf97708e1fa3949638bb18-00697b23db" "proxy-server 10" 0.0004 "-" 20 -
Jan 29 09:11:05 standalone account-server[115611]: 172.20.0.31 - - [29/Jan/2026:09:11:05 +0000] "HEAD /d1/615/AUTH_b2e175873c844aa08051bf4000bc97df" 204 - "HEAD http://swift-internal.openstack.svc:8080/v1/AUTH_b2e175873c844aa08051bf4000bc97df?format=json" "tx337c2a64403f4b3d8d471-00697b2429" "proxy-server 13" 0.0032 "-" 20 -
Jan 29 09:11:05 standalone container-server[115965]: 172.20.0.31 - - [29/Jan/2026:09:11:05 +0000] "HEAD /d1/604/AUTH_b2e175873c844aa08051bf4000bc97df/glance" 204 - "HEAD http://swift-internal.openstack.svc:8080/v1/AUTH_b2e175873c844aa08051bf4000bc97df/glance?format=json&states=listing" "tx337c2a64403f4b3d8d471-00697b2429" "proxy-server 13" 0.0135 "-" 21 0
Jan 29 09:11:06 standalone container-server[115965]: 172.20.0.100 - - [29/Jan/2026:09:11:06 +0000] "PUT /d1/604/AUTH_b2e175873c844aa08051bf4000bc97df/glance/81f5018c-954a-47e8-af50-c0c95c6c78a9-00001" 201 - "PUT http://swift-internal.openstack.svc:8080/d1/122/AUTH_b2e175873c844aa08051bf4000bc97df/glance/81f5018c-954a-47e8-af50-c0c95c6c78a9-00001" "tx188f164d317348f5b9fcd-00697b2429" "object-server 25" 0.0006 "-" 21 0
Jan 29 09:11:06 standalone object-server[116024]: 172.20.0.31 - - [29/Jan/2026:09:11:06 +0000] "PUT /d1/122/AUTH_b2e175873c844aa08051bf4000bc97df/glance/81f5018c-954a-47e8-af50-c0c95c6c78a9-00001" 201 - "PUT http://swift-internal.openstack.svc:8080/v1/AUTH_b2e175873c844aa08051bf4000bc97df/glance/81f5018c-954a-47e8-af50-c0c95c6c78a9-00001" "tx188f164d317348f5b9fcd-00697b2429" "proxy-server 13" 0.0284 "-" 25 0
Jan 29 09:11:06 standalone container-server[115950]: 172.20.0.100 - - [29/Jan/2026:09:11:06 +0000] "PUT /d1/604/AUTH_b2e175873c844aa08051bf4000bc97df/glance/81f5018c-954a-47e8-af50-c0c95c6c78a9" 201 - "PUT http://swift-internal.openstack.svc:8080/d1/705/AUTH_b2e175873c844aa08051bf4000bc97df/glance/81f5018c-954a-47e8-af50-c0c95c6c78a9" "tx97666c92f12646e0b610e-00697b242a" "object-server 24" 0.0008 "-" 17 0
Jan 29 09:11:06 standalone object-server[116022]: 172.20.0.31 - - [29/Jan/2026:09:11:06 +0000] "PUT /d1/705/AUTH_b2e175873c844aa08051bf4000bc97df/glance/81f5018c-954a-47e8-af50-c0c95c6c78a9" 201 - "PUT http://swift-internal.openstack.svc:8080/v1/AUTH_b2e175873c844aa08051bf4000bc97df/glance/81f5018c-954a-47e8-af50-c0c95c6c78a9" "tx97666c92f12646e0b610e-00697b242a" "proxy-server 13" 0.0135 "-" 24 0
Jan 29 09:11:42 standalone container-server[115950]: 172.20.0.31 - - [29/Jan/2026:09:11:42 +0000] "HEAD /d1/604/AUTH_b2e175873c844aa08051bf4000bc97df/glance" 204 - "HEAD http://swift-internal.openstack.svc:8080/v1/AUTH_b2e175873c844aa08051bf4000bc97df/glance?format=json&states=listing" "txd374b2e9889546bb80f03-00697b244d" "proxy-server 10" 0.0098 "-" 17 0
Jan 29 09:11:42 standalone container-server[115950]: 172.20.0.100 - - [29/Jan/2026:09:11:42 +0000] "PUT /d1/604/AUTH_b2e175873c844aa08051bf4000bc97df/glance/552aaee2-dc4d-4e12-9d01-30e721d270e1-00001" 201 - "PUT http://swift-internal.openstack.svc:8080/d1/230/AUTH_b2e175873c844aa08051bf4000bc97df/glance/552aaee2-dc4d-4e12-9d01-30e721d270e1-00001" "tx9bfe0fbda61b4d61bd13f-00697b244e" "object-server 25" 0.0008 "-" 17 0
Jan 29 09:11:42 standalone object-server[116024]: 172.20.0.31 - - [29/Jan/2026:09:11:42 +0000] "PUT /d1/230/AUTH_b2e175873c844aa08051bf4000bc97df/glance/552aaee2-dc4d-4e12-9d01-30e721d270e1-00001" 201 - "PUT http://swift-internal.openstack.svc:8080/v1/AUTH_b2e175873c844aa08051bf4000bc97df/glance/552aaee2-dc4d-4e12-9d01-30e721d270e1-00001" "tx9bfe0fbda61b4d61bd13f-00697b244e" "proxy-server 10" 0.0140 "-" 25 0
Jan 29 09:11:42 standalone container-server[115950]: 172.20.0.100 - - [29/Jan/2026:09:11:42 +0000] "PUT /d1/604/AUTH_b2e175873c844aa08051bf4000bc97df/glance/552aaee2-dc4d-4e12-9d01-30e721d270e1" 201 - "PUT http://swift-internal.openstack.svc:8080/d1/23/AUTH_b2e175873c844aa08051bf4000bc97df/glance/552aaee2-dc4d-4e12-9d01-30e721d270e1" "tx843ff510c9af4749b2fb0-00697b244e" "object-server 25" 0.0008 "-" 17 0
Jan 29 09:11:42 standalone object-server[116024]: 172.20.0.31 - - [29/Jan/2026:09:11:42 +0000] "PUT /d1/23/AUTH_b2e175873c844aa08051bf4000bc97df/glance/552aaee2-dc4d-4e12-9d01-30e721d270e1" 201 - "PUT http://swift-internal.openstack.svc:8080/v1/AUTH_b2e175873c844aa08051bf4000bc97df/glance/552aaee2-dc4d-4e12-9d01-30e721d270e1" "tx843ff510c9af4749b2fb0-00697b244e" "proxy-server 10" 0.0127 "-" 25 0
Jan 29 09:11:44 standalone object-server[116022]: 172.20.0.31 - - [29/Jan/2026:09:11:44 +0000] "HEAD /d1/23/AUTH_b2e175873c844aa08051bf4000bc97df/glance/552aaee2-dc4d-4e12-9d01-30e721d270e1" 200 - "HEAD http://swift-internal.openstack.svc:8080/v1/AUTH_b2e175873c844aa08051bf4000bc97df/glance/552aaee2-dc4d-4e12-9d01-30e721d270e1" "tx2b24e453b1b845f0b9455-00697b2450" "proxy-server 10" 0.0011 "-" 24 0
Jan 29 09:11:44 standalone container-server[115950]: 172.20.0.31 - - [29/Jan/2026:09:11:44 +0000] "GET /d1/604/AUTH_b2e175873c844aa08051bf4000bc97df/glance" 200 206 "GET http://swift-internal.openstack.svc:8080/v1/AUTH_b2e175873c844aa08051bf4000bc97df/glance?prefix=552aaee2-dc4d-4e12-9d01-30e721d270e1-&format=json&states=listing" "tx2b24e453b1b845f0b9455-00697b2450" "proxy-server 10" 0.0099 "-" 17 0
Jan 29 09:11:44 standalone container-server[115956]: 172.20.0.31 - - [29/Jan/2026:09:11:44 +0000] "GET /d1/604/AUTH_b2e175873c844aa08051bf4000bc97df/glance" 200 206 "GET http://swift-internal.openstack.svc:8080/v1/AUTH_b2e175873c844aa08051bf4000bc97df/glance?format=json&prefix=552aaee2-dc4d-4e12-9d01-30e721d270e1-&states=listing" "tx2b0489f409cf4d858845f-00697b2450" "proxy-server 10" 0.0053 "-" 18 0
Jan 29 09:11:44 standalone container-server[115950]: 172.20.0.100 - - [29/Jan/2026:09:11:44 +0000] "DELETE /d1/604/AUTH_b2e175873c844aa08051bf4000bc97df/glance/552aaee2-dc4d-4e12-9d01-30e721d270e1-00001" 204 - "DELETE http://swift-internal.openstack.svc:8080/d1/230/AUTH_b2e175873c844aa08051bf4000bc97df/glance/552aaee2-dc4d-4e12-9d01-30e721d270e1-00001" "txe08eea643b4e41c78d51b-00697b2450" "object-server 23" 0.0011 "-" 17 0
Jan 29 09:11:44 standalone object-server[116019]: 172.20.0.31 - - [29/Jan/2026:09:11:44 +0000] "DELETE /d1/230/AUTH_b2e175873c844aa08051bf4000bc97df/glance/552aaee2-dc4d-4e12-9d01-30e721d270e1-00001" 204 - "DELETE http://swift-internal.openstack.svc:8080/v1/AUTH_b2e175873c844aa08051bf4000bc97df/glance/552aaee2-dc4d-4e12-9d01-30e721d270e1-00001" "txe08eea643b4e41c78d51b-00697b2450" "proxy-server 10" 0.0098 "-" 23 0
Jan 29 09:11:44 standalone container-server[115965]: 172.20.0.100 - - [29/Jan/2026:09:11:44 +0000] "DELETE /d1/604/AUTH_b2e175873c844aa08051bf4000bc97df/glance/552aaee2-dc4d-4e12-9d01-30e721d270e1" 204 - "DELETE http://swift-internal.openstack.svc:8080/d1/23/AUTH_b2e175873c844aa08051bf4000bc97df/glance/552aaee2-dc4d-4e12-9d01-30e721d270e1" "tx5c9a7a6b7ed847ccba9b7-00697b2450" "object-server 24" 0.0013 "-" 21 0
Jan 29 09:11:44 standalone object-server[116022]: 172.20.0.31 - - [29/Jan/2026:09:11:44 +0000] "DELETE /d1/23/AUTH_b2e175873c844aa08051bf4000bc97df/glance/552aaee2-dc4d-4e12-9d01-30e721d270e1" 204 - "DELETE http://swift-internal.openstack.svc:8080/v1/AUTH_b2e175873c844aa08051bf4000bc97df/glance/552aaee2-dc4d-4e12-9d01-30e721d270e1" "tx5c9a7a6b7ed847ccba9b7-00697b2450" "proxy-server 10" 0.0108 "-" 24 0
Jan 29 09:11:56 standalone object-server[116024]: 172.20.0.31 - - [29/Jan/2026:09:11:56 +0000] "HEAD /d1/705/AUTH_b2e175873c844aa08051bf4000bc97df/glance/81f5018c-954a-47e8-af50-c0c95c6c78a9" 200 - "HEAD http://swift-internal.openstack.svc:8080/v1/AUTH_b2e175873c844aa08051bf4000bc97df/glance/81f5018c-954a-47e8-af50-c0c95c6c78a9" "tx25c723f32067448e8811e-00697b245c" "proxy-server 11" 0.0015 "-" 25 0
Jan 29 09:11:56 standalone container-server[115965]: 172.20.0.31 - - [29/Jan/2026:09:11:56 +0000] "GET /d1/604/AUTH_b2e175873c844aa08051bf4000bc97df/glance" 200 206 "GET http://swift-internal.openstack.svc:8080/v1/AUTH_b2e175873c844aa08051bf4000bc97df/glance?prefix=81f5018c-954a-47e8-af50-c0c95c6c78a9-&format=json&states=listing" "tx25c723f32067448e8811e-00697b245c" "proxy-server 11" 0.0113 "-" 21 0
Jan 29 09:11:56 standalone container-server[115965]: 172.20.0.31 - - [29/Jan/2026:09:11:56 +0000] "GET /d1/604/AUTH_b2e175873c844aa08051bf4000bc97df/glance" 200 206 "GET http://swift-internal.openstack.svc:8080/v1/AUTH_b2e175873c844aa08051bf4000bc97df/glance?format=json&prefix=81f5018c-954a-47e8-af50-c0c95c6c78a9-&states=listing" "tx631ac68547fc485199eca-00697b245c" "proxy-server 11" 0.0030 "-" 21 0
Jan 29 09:11:56 standalone container-server[115956]: 172.20.0.100 - - [29/Jan/2026:09:11:56 +0000] "DELETE /d1/604/AUTH_b2e175873c844aa08051bf4000bc97df/glance/81f5018c-954a-47e8-af50-c0c95c6c78a9-00001" 204 - "DELETE http://swift-internal.openstack.svc:8080/d1/122/AUTH_b2e175873c844aa08051bf4000bc97df/glance/81f5018c-954a-47e8-af50-c0c95c6c78a9-00001" "txff2ecbc027f94d4abbc1d-00697b245c" "object-server 22" 0.0010 "-" 18 0
Jan 29 09:11:56 standalone object-server[116018]: 172.20.0.31 - - [29/Jan/2026:09:11:56 +0000] "DELETE /d1/122/AUTH_b2e175873c844aa08051bf4000bc97df/glance/81f5018c-954a-47e8-af50-c0c95c6c78a9-00001" 204 - "DELETE http://swift-internal.openstack.svc:8080/v1/AUTH_b2e175873c844aa08051bf4000bc97df/glance/81f5018c-954a-47e8-af50-c0c95c6c78a9-00001" "txff2ecbc027f94d4abbc1d-00697b245c" "proxy-server 11" 0.0111 "-" 22 0
Jan 29 09:11:56 standalone container-server[115967]: 172.20.0.100 - - [29/Jan/2026:09:11:56 +0000] "DELETE /d1/604/AUTH_b2e175873c844aa08051bf4000bc97df/glance/81f5018c-954a-47e8-af50-c0c95c6c78a9" 204 - "DELETE http://swift-internal.openstack.svc:8080/d1/705/AUTH_b2e175873c844aa08051bf4000bc97df/glance/81f5018c-954a-47e8-af50-c0c95c6c78a9" "txb625643b4088440b8892d-00697b245c" "object-server 24" 0.0008 "-" 22 0
Jan 29 09:11:56 standalone object-server[116022]: 172.20.0.31 - - [29/Jan/2026:09:11:56 +0000] "DELETE /d1/705/AUTH_b2e175873c844aa08051bf4000bc97df/glance/81f5018c-954a-47e8-af50-c0c95c6c78a9" 204 - "DELETE http://swift-internal.openstack.svc:8080/v1/AUTH_b2e175873c844aa08051bf4000bc97df/glance/81f5018c-954a-47e8-af50-c0c95c6c78a9" "txb625643b4088440b8892d-00697b245c" "proxy-server 11" 0.0085 "-" 24 0
Jan 29 09:11:58 standalone container-server[115840]: Begin container update sweep
Jan 29 09:11:58 standalone account-server[115622]: 172.20.0.100 - - [29/Jan/2026:09:11:58 +0000] "PUT /d1/615/AUTH_b2e175873c844aa08051bf4000bc97df/glance" 201 - "-" "-" "container-updater 2" 0.0013 "-" 21 0
Jan 29 09:11:58 standalone container-server[115840]: Container update sweep completed: 0.09s
Jan 29 09:12:31 standalone account-server[115637]: 172.20.0.31 - - [29/Jan/2026:09:12:31 +0000] "HEAD /d1/615/AUTH_b2e175873c844aa08051bf4000bc97df" 204 - "HEAD http://swift-internal.openstack.svc:8080/v1/AUTH_b2e175873c844aa08051bf4000bc97df?format=json" "tx2efd2bf46878408ca3df5-00697b247f" "proxy-server 6" 0.0174 "-" 22 -
Jan 29 09:12:32 standalone object-server[116019]: 172.20.0.31 - - [29/Jan/2026:09:12:32 +0000] "GET /d1/821/AUTH_b2e175873c844aa08051bf4000bc97df/glance/9fca53d9-9187-4a6e-89f4-795aa92002da" 200 - "GET http://swift-internal.openstack.svc:8080/v1/AUTH_b2e175873c844aa08051bf4000bc97df/glance/9fca53d9-9187-4a6e-89f4-795aa92002da" "tx2efd2bf46878408ca3df5-00697b247f" "proxy-server 6" 0.0015 "-" 23 0
Jan 29 09:12:32 standalone container-server[115950]: 172.20.0.31 - - [29/Jan/2026:09:12:32 +0000] "GET /d1/604/AUTH_b2e175873c844aa08051bf4000bc97df/glance" 200 210 "GET http://swift-internal.openstack.svc:8080/v1/AUTH_b2e175873c844aa08051bf4000bc97df/glance?prefix=9fca53d9-9187-4a6e-89f4-795aa92002da-&format=json&states=listing" "tx2efd2bf46878408ca3df5-00697b247f" "proxy-server 6" 0.0050 "-" 17 0
Jan 29 09:12:32 standalone object-server[116022]: 172.20.0.31 - - [29/Jan/2026:09:12:32 +0000] "GET /d1/134/AUTH_b2e175873c844aa08051bf4000bc97df/glance/9fca53d9-9187-4a6e-89f4-795aa92002da-00001" 200 21430272 "GET http://swift-internal.openstack.svc:8080/v1/AUTH_b2e175873c844aa08051bf4000bc97df/glance/9fca53d9-9187-4a6e-89f4-795aa92002da-00001?multipart-manifest=get" "tx2efd2bf46878408ca3df5-00697b247f" "proxy-server 6" 0.0012 "-" 24 0
Jan 29 09:12:44 standalone object-server[116026]: Begin object update sweep
Jan 29 09:12:44 standalone object-server[490984]: Object update sweep starting on /srv/node/d1 (pid: 28)
Jan 29 09:12:44 standalone object-server[490984]: Object update sweep completed on /srv/node/d1 in 0.00s seconds:, 0 successes, 0 failures, 0 quarantines, 0 unlinks, 0 errors, 0 redirects (pid: 28)
Jan 29 09:12:44 standalone object-server[490984]: Object update sweep of d1 completed: 0.00s, 0 successes, 0 failures, 0 quarantines, 0 unlinks, 0 errors, 0 redirects
Jan 29 09:12:44 standalone object-server[116026]: Object update sweep completed: 0.09s
Jan 29 09:12:53 standalone account-server[115637]: 172.20.0.100 - - [29/Jan/2026:09:12:53 +0000] "HEAD /d1/206/.expiring_objects" 404 - "HEAD http://localhost/v1/.expiring_objects?format=json" "txd46e2c20d89447139a64e-00697b2495" "proxy-server 2" 0.0008 "-" 22 -
Jan 29 09:12:53 standalone object-expirer[115737]: Pass completed in 0s; 0 objects expired (txn: txd46e2c20d89447139a64e-00697b2495)
Jan 29 09:14:29 standalone account-server[115637]: 172.20.0.100 - - [29/Jan/2026:09:14:29 +0000] "HEAD /d1/206/.expiring_objects" 404 - "HEAD http://localhost/v1/.expiring_objects?format=json" "tx0e4388e4357a4b21afab3-00697b24f5" "proxy-server 2" 0.0006 "-" 22 -
Jan 29 09:14:29 standalone object-expirer[115737]: Pass completed in 0s; 0 objects expired (txn: tx0e4388e4357a4b21afab3-00697b24f5)
Jan 29 09:14:45 standalone account-server[115611]: 172.20.0.31 - - [29/Jan/2026:09:14:45 +0000] "HEAD /d1/159/AUTH_12e687f6b79f40ba9733601fca5fa9ad" 404 - "HEAD http://swift-internal.openstack.svc:8080/v1/AUTH_12e687f6b79f40ba9733601fca5fa9ad?format=json" "tx3a95c45ca3e3438cafd58-00697b2505" "proxy-server 10" 0.0006 "-" 20 -
Jan 29 09:14:46 standalone account-server[115611]: 172.20.0.31 - - [29/Jan/2026:09:14:46 +0000] "HEAD /d1/159/AUTH_12e687f6b79f40ba9733601fca5fa9ad" 404 - "HEAD http://swift-internal.openstack.svc:8080/v1/AUTH_12e687f6b79f40ba9733601fca5fa9ad?format=json" "tx3a95c45ca3e3438cafd58-00697b2505" "proxy-server 10" 0.0004 "-" 20 -
Jan 29 09:14:46 standalone account-server[115611]: 172.20.0.31 - - [29/Jan/2026:09:14:46 +0000] "HEAD /d1/689/AUTH_1c3a6b95c93346bda8e0e5b288f4701c" 404 - "HEAD http://swift-internal.openstack.svc:8080/v1/AUTH_1c3a6b95c93346bda8e0e5b288f4701c?format=json" "txe9558559dc77448b98958-00697b2506" "proxy-server 10" 0.0006 "-" 20 -
Jan 29 09:14:46 standalone account-server[115643]: 172.20.0.31 - - [29/Jan/2026:09:14:46 +0000] "HEAD /d1/689/AUTH_1c3a6b95c93346bda8e0e5b288f4701c" 404 - "HEAD http://swift-internal.openstack.svc:8080/v1/AUTH_1c3a6b95c93346bda8e0e5b288f4701c?format=json" "txe9558559dc77448b98958-00697b2506" "proxy-server 10" 0.0005 "-" 23 -
Jan 29 09:14:46 standalone account-server[115643]: 172.20.0.31 - - [29/Jan/2026:09:14:46 +0000] "HEAD /d1/695/AUTH_4c0e32b6686e46d9b60fedc49b09aa79" 404 - "HEAD http://swift-internal.openstack.svc:8080/v1/AUTH_4c0e32b6686e46d9b60fedc49b09aa79?format=json" "txe7f3cd28a5bc4861ad110-00697b2506" "proxy-server 10" 0.0005 "-" 23 -
Jan 29 09:14:46 standalone account-server[115611]: 172.20.0.31 - - [29/Jan/2026:09:14:46 +0000] "HEAD /d1/695/AUTH_4c0e32b6686e46d9b60fedc49b09aa79" 404 - "HEAD http://swift-internal.openstack.svc:8080/v1/AUTH_4c0e32b6686e46d9b60fedc49b09aa79?format=json" "txe7f3cd28a5bc4861ad110-00697b2506" "proxy-server 10" 0.0004 "-" 20 -
Jan 29 09:14:46 standalone account-server[115622]: 172.20.0.31 - - [29/Jan/2026:09:14:46 +0000] "HEAD /d1/504/AUTH_4d6a1113540545a0bf30d8c0b9f939e8" 404 - "HEAD http://swift-internal.openstack.svc:8080/v1/AUTH_4d6a1113540545a0bf30d8c0b9f939e8?format=json" "tx6518d48068b7450497b70-00697b2506" "proxy-server 11" 0.0005 "-" 21 -
Jan 29 09:14:46 standalone account-server[115622]: 172.20.0.31 - - [29/Jan/2026:09:14:46 +0000] "HEAD /d1/504/AUTH_4d6a1113540545a0bf30d8c0b9f939e8" 404 - "HEAD http://swift-internal.openstack.svc:8080/v1/AUTH_4d6a1113540545a0bf30d8c0b9f939e8?format=json" "tx6518d48068b7450497b70-00697b2506" "proxy-server 11" 0.0005 "-" 21 -
Jan 29 09:14:46 standalone account-server[115611]: 172.20.0.31 - - [29/Jan/2026:09:14:46 +0000] "HEAD /d1/631/AUTH_547ccf8104b542b3b167be8f25409367" 404 - "HEAD http://swift-internal.openstack.svc:8080/v1/AUTH_547ccf8104b542b3b167be8f25409367?format=json" "tx252c40846d3c4821ba18c-00697b2506" "proxy-server 11" 0.0004 "-" 20 -
Jan 29 09:14:46 standalone account-server[115643]: 172.20.0.31 - - [29/Jan/2026:09:14:46 +0000] "HEAD /d1/631/AUTH_547ccf8104b542b3b167be8f25409367" 404 - "HEAD http://swift-internal.openstack.svc:8080/v1/AUTH_547ccf8104b542b3b167be8f25409367?format=json" "tx252c40846d3c4821ba18c-00697b2506" "proxy-server 11" 0.0005 "-" 23 -
Jan 29 09:14:46 standalone account-server[115643]: 172.20.0.31 - - [29/Jan/2026:09:14:46 +0000] "HEAD /d1/539/AUTH_6a671afebfe8490fb3307f8c840c2eaf" 404 - "HEAD http://swift-internal.openstack.svc:8080/v1/AUTH_6a671afebfe8490fb3307f8c840c2eaf?format=json" "txb689754542d34225ba45c-00697b2506" "proxy-server 13" 0.0004 "-" 23 -
Jan 29 09:14:46 standalone account-server[115637]: 172.20.0.31 - - [29/Jan/2026:09:14:46 +0000] "HEAD /d1/539/AUTH_6a671afebfe8490fb3307f8c840c2eaf" 404 - "HEAD http://swift-internal.openstack.svc:8080/v1/AUTH_6a671afebfe8490fb3307f8c840c2eaf?format=json" "txb689754542d34225ba45c-00697b2506" "proxy-server 13" 0.0004 "-" 22 -
Jan 29 09:14:46 standalone account-server[115637]: 172.20.0.31 - - [29/Jan/2026:09:14:46 +0000] "HEAD /d1/596/AUTH_8af524cee8f646cc985a77ec1df42f52" 404 - "HEAD http://swift-internal.openstack.svc:8080/v1/AUTH_8af524cee8f646cc985a77ec1df42f52?format=json" "tx02a19d3c991e413589890-00697b2506" "proxy-server 14" 0.0003 "-" 22 -
Jan 29 09:14:46 standalone account-server[115643]: 172.20.0.31 - - [29/Jan/2026:09:14:46 +0000] "HEAD /d1/596/AUTH_8af524cee8f646cc985a77ec1df42f52" 404 - "HEAD http://swift-internal.openstack.svc:8080/v1/AUTH_8af524cee8f646cc985a77ec1df42f52?format=json" "tx02a19d3c991e413589890-00697b2506" "proxy-server 14" 0.0005 "-" 23 -
Jan 29 09:14:46 standalone account-server[115643]: 172.20.0.31 - - [29/Jan/2026:09:14:46 +0000] "HEAD /d1/452/AUTH_aaad3f3f26e442ada35959bf61a49760" 404 - "HEAD http://swift-internal.openstack.svc:8080/v1/AUTH_aaad3f3f26e442ada35959bf61a49760?format=json" "tx4ff7e456da5f43d9bda9d-00697b2506" "proxy-server 10" 0.0005 "-" 23 -
Jan 29 09:14:46 standalone account-server[115611]: 172.20.0.31 - - [29/Jan/2026:09:14:46 +0000] "HEAD /d1/452/AUTH_aaad3f3f26e442ada35959bf61a49760" 404 - "HEAD http://swift-internal.openstack.svc:8080/v1/AUTH_aaad3f3f26e442ada35959bf61a49760?format=json" "tx4ff7e456da5f43d9bda9d-00697b2506" "proxy-server 10" 0.0006 "-" 20 -
Jan 29 09:14:46 standalone account-server[115622]: 172.20.0.31 - - [29/Jan/2026:09:14:46 +0000] "HEAD /d1/615/AUTH_b2e175873c844aa08051bf4000bc97df" 204 - "HEAD http://swift-internal.openstack.svc:8080/v1/AUTH_b2e175873c844aa08051bf4000bc97df?format=json" "tx31ed062ca97042a4a498f-00697b2506" "proxy-server 14" 0.0020 "-" 21 -
Jan 29 09:14:46 standalone account-server[115637]: 172.20.0.31 - - [29/Jan/2026:09:14:46 +0000] "HEAD /d1/615/AUTH_b2e175873c844aa08051bf4000bc97df" 204 - "HEAD http://swift-internal.openstack.svc:8080/v1/AUTH_b2e175873c844aa08051bf4000bc97df?format=json" "tx31ed062ca97042a4a498f-00697b2506" "proxy-server 14" 0.0015 "-" 22 -
Jan 29 09:14:47 standalone account-server[115622]: 172.20.0.31 - - [29/Jan/2026:09:14:47 +0000] "HEAD /d1/45/AUTH_c01d2fb206e84531a4eea50a9c748bf7" 404 - "HEAD http://swift-internal.openstack.svc:8080/v1/AUTH_c01d2fb206e84531a4eea50a9c748bf7?format=json" "tx7bfb334e09ba449bb240a-00697b2507" "proxy-server 13" 0.0003 "-" 21 -
Jan 29 09:14:47 standalone account-server[115611]: 172.20.0.31 - - [29/Jan/2026:09:14:47 +0000] "HEAD /d1/45/AUTH_c01d2fb206e84531a4eea50a9c748bf7" 404 - "HEAD http://swift-internal.openstack.svc:8080/v1/AUTH_c01d2fb206e84531a4eea50a9c748bf7?format=json" "tx7bfb334e09ba449bb240a-00697b2507" "proxy-server 13" 0.0004 "-" 20 -
Jan 29 09:14:47 standalone account-server[115637]: 172.20.0.31 - - [29/Jan/2026:09:14:47 +0000] "HEAD /d1/614/AUTH_c45fc76834f343658d0fa540adb54e21" 404 - "HEAD http://swift-internal.openstack.svc:8080/v1/AUTH_c45fc76834f343658d0fa540adb54e21?format=json" "txfb9439ad2ab24f2c946eb-00697b2507" "proxy-server 13" 0.0005 "-" 22 -
Jan 29 09:14:47 standalone account-server[115643]: 172.20.0.31 - - [29/Jan/2026:09:14:47 +0000] "HEAD /d1/614/AUTH_c45fc76834f343658d0fa540adb54e21" 404 - "HEAD http://swift-internal.openstack.svc:8080/v1/AUTH_c45fc76834f343658d0fa540adb54e21?format=json" "txfb9439ad2ab24f2c946eb-00697b2507" "proxy-server 13" 0.0003 "-" 23 -
Jan 29 09:14:47 standalone account-server[115637]: 172.20.0.31 - - [29/Jan/2026:09:14:47 +0000] "HEAD /d1/452/AUTH_d2e73d1cadc946308aca6b07a709285a" 404 - "HEAD http://swift-internal.openstack.svc:8080/v1/AUTH_d2e73d1cadc946308aca6b07a709285a?format=json" "tx2987a6c3dacc48a6b381b-00697b2507" "proxy-server 13" 0.0005 "-" 22 -
Jan 29 09:14:47 standalone account-server[115637]: 172.20.0.31 - - [29/Jan/2026:09:14:47 +0000] "HEAD /d1/452/AUTH_d2e73d1cadc946308aca6b07a709285a" 404 - "HEAD http://swift-internal.openstack.svc:8080/v1/AUTH_d2e73d1cadc946308aca6b07a709285a?format=json" "tx2987a6c3dacc48a6b381b-00697b2507" "proxy-server 13" 0.0004 "-" 22 -
Jan 29 09:14:47 standalone account-server[115622]: 172.20.0.31 - - [29/Jan/2026:09:14:47 +0000] "HEAD /d1/794/AUTH_e70f5e4fef174a8db7ff7751ef3be26a" 404 - "HEAD http://swift-internal.openstack.svc:8080/v1/AUTH_e70f5e4fef174a8db7ff7751ef3be26a?format=json" "tx2b1809c9a4de4f8eb29b5-00697b2507" "proxy-server 10" 0.0005 "-" 21 -
Jan 29 09:14:47 standalone account-server[115637]: 172.20.0.31 - - [29/Jan/2026:09:14:47 +0000] "HEAD /d1/794/AUTH_e70f5e4fef174a8db7ff7751ef3be26a" 404 - "HEAD http://swift-internal.openstack.svc:8080/v1/AUTH_e70f5e4fef174a8db7ff7751ef3be26a?format=json" "tx2b1809c9a4de4f8eb29b5-00697b2507" "proxy-server 10" 0.0004 "-" 22 -
Jan 29 09:14:47 standalone account-server[115637]: 172.20.0.31 - - [29/Jan/2026:09:14:47 +0000] "HEAD /d1/377/AUTH_f0034abee1f54a979ebcfc7d807c2a70" 404 - "HEAD http://swift-internal.openstack.svc:8080/v1/AUTH_f0034abee1f54a979ebcfc7d807c2a70?format=json" "tx839094d002df4401a2ddd-00697b2507" "proxy-server 10" 0.0004 "-" 22 -
Jan 29 09:14:47 standalone account-server[115637]: 172.20.0.31 - - [29/Jan/2026:09:14:47 +0000] "HEAD /d1/377/AUTH_f0034abee1f54a979ebcfc7d807c2a70" 404 - "HEAD http://swift-internal.openstack.svc:8080/v1/AUTH_f0034abee1f54a979ebcfc7d807c2a70?format=json" "tx839094d002df4401a2ddd-00697b2507" "proxy-server 10" 0.0004 "-" 22 -
Jan 29 09:14:47 standalone account-server[115622]: 172.20.0.31 - - [29/Jan/2026:09:14:47 +0000] "GET /d1/159/AUTH_12e687f6b79f40ba9733601fca5fa9ad" 404 - "GET http://swift-internal.openstack.svc:8080/v1/AUTH_12e687f6b79f40ba9733601fca5fa9ad?format=json" "tx9e77ad16957446bb96042-00697b2507" "proxy-server 10" 0.0005 "-" 21 -
Jan 29 09:14:47 standalone account-server[115643]: 172.20.0.31 - - [29/Jan/2026:09:14:47 +0000] "GET /d1/689/AUTH_1c3a6b95c93346bda8e0e5b288f4701c" 404 - "GET http://swift-internal.openstack.svc:8080/v1/AUTH_1c3a6b95c93346bda8e0e5b288f4701c?format=json" "tx7cd2d634b1214200a422e-00697b2507" "proxy-server 14" 0.0005 "-" 23 -
Jan 29 09:14:47 standalone account-server[115611]: 172.20.0.31 - - [29/Jan/2026:09:14:47 +0000] "GET /d1/695/AUTH_4c0e32b6686e46d9b60fedc49b09aa79" 404 - "GET http://swift-internal.openstack.svc:8080/v1/AUTH_4c0e32b6686e46d9b60fedc49b09aa79?format=json" "txeecb90a8e2694994899c2-00697b2507" "proxy-server 10" 0.0006 "-" 20 -
Jan 29 09:14:47 standalone account-server[115643]: 172.20.0.31 - - [29/Jan/2026:09:14:47 +0000] "GET /d1/504/AUTH_4d6a1113540545a0bf30d8c0b9f939e8" 404 - "GET http://swift-internal.openstack.svc:8080/v1/AUTH_4d6a1113540545a0bf30d8c0b9f939e8?format=json" "tx5b2524e75d3f4f969b32b-00697b2507" "proxy-server 13" 0.0005 "-" 23 -
Jan 29 09:14:47 standalone account-server[115637]: 172.20.0.31 - - [29/Jan/2026:09:14:47 +0000] "GET /d1/631/AUTH_547ccf8104b542b3b167be8f25409367" 404 - "GET http://swift-internal.openstack.svc:8080/v1/AUTH_547ccf8104b542b3b167be8f25409367?format=json" "tx5c7a9e2c0bd14b788cd94-00697b2507" "proxy-server 14" 0.0004 "-" 22 -
Jan 29 09:14:47 standalone account-server[115643]: 172.20.0.31 - - [29/Jan/2026:09:14:47 +0000] "GET /d1/539/AUTH_6a671afebfe8490fb3307f8c840c2eaf" 404 - "GET http://swift-internal.openstack.svc:8080/v1/AUTH_6a671afebfe8490fb3307f8c840c2eaf?format=json" "tx33123d40fbf1440c87fee-00697b2507" "proxy-server 14" 0.0005 "-" 23 -
Jan 29 09:14:47 standalone account-server[115637]: 172.20.0.31 - - [29/Jan/2026:09:14:47 +0000] "GET /d1/596/AUTH_8af524cee8f646cc985a77ec1df42f52" 404 - "GET http://swift-internal.openstack.svc:8080/v1/AUTH_8af524cee8f646cc985a77ec1df42f52?format=json" "tx19d13aa6ef484d65898b2-00697b2507" "proxy-server 10" 0.0005 "-" 22 -
Jan 29 09:14:47 standalone account-server[115643]: 172.20.0.31 - - [29/Jan/2026:09:14:47 +0000] "GET /d1/452/AUTH_aaad3f3f26e442ada35959bf61a49760" 404 - "GET http://swift-internal.openstack.svc:8080/v1/AUTH_aaad3f3f26e442ada35959bf61a49760?format=json" "txb1fb0714d2d145c980afa-00697b2507" "proxy-server 13" 0.0005 "-" 23 -
Jan 29 09:14:47 standalone account-server[115622]: 172.20.0.31 - - [29/Jan/2026:09:14:47 +0000] "GET /d1/615/AUTH_b2e175873c844aa08051bf4000bc97df" 200 99 "GET http://swift-internal.openstack.svc:8080/v1/AUTH_b2e175873c844aa08051bf4000bc97df?format=json" "tx69151ea77d9a41108e026-00697b2507" "proxy-server 10" 0.0031 "-" 21 -
Jan 29 09:14:47 standalone account-server[115643]: 172.20.0.31 - - [29/Jan/2026:09:14:47 +0000] "GET /d1/45/AUTH_c01d2fb206e84531a4eea50a9c748bf7" 404 - "GET http://swift-internal.openstack.svc:8080/v1/AUTH_c01d2fb206e84531a4eea50a9c748bf7?format=json" "txbc05f8fa3f8a4ecb9874c-00697b2507" "proxy-server 13" 0.0006 "-" 23 -
Jan 29 09:14:47 standalone account-server[115622]: 172.20.0.31 - - [29/Jan/2026:09:14:47 +0000] "GET /d1/614/AUTH_c45fc76834f343658d0fa540adb54e21" 404 - "GET http://swift-internal.openstack.svc:8080/v1/AUTH_c45fc76834f343658d0fa540adb54e21?format=json" "txbeaf84d937ae46a6af6b5-00697b2507" "proxy-server 13" 0.0004 "-" 21 -
Jan 29 09:14:47 standalone account-server[115637]: 172.20.0.31 - - [29/Jan/2026:09:14:47 +0000] "GET /d1/452/AUTH_d2e73d1cadc946308aca6b07a709285a" 404 - "GET http://swift-internal.openstack.svc:8080/v1/AUTH_d2e73d1cadc946308aca6b07a709285a?format=json" "tx081e93a005dc4d0aa0794-00697b2507" "proxy-server 10" 0.0005 "-" 22 -
Jan 29 09:14:47 standalone account-server[115611]: 172.20.0.31 - - [29/Jan/2026:09:14:47 +0000] "GET /d1/794/AUTH_e70f5e4fef174a8db7ff7751ef3be26a" 404 - "GET http://swift-internal.openstack.svc:8080/v1/AUTH_e70f5e4fef174a8db7ff7751ef3be26a?format=json" "txa2e66e116ba044108d30a-00697b2507" "proxy-server 14" 0.0005 "-" 20 -
Jan 29 09:14:47 standalone account-server[115622]: 172.20.0.31 - - [29/Jan/2026:09:14:47 +0000] "GET /d1/377/AUTH_f0034abee1f54a979ebcfc7d807c2a70" 404 - "GET http://swift-internal.openstack.svc:8080/v1/AUTH_f0034abee1f54a979ebcfc7d807c2a70?format=json" "tx828d788807584f5aaba25-00697b2507" "proxy-server 10" 0.0005 "-" 21 -
Jan 29 09:15:57 standalone account-server[115622]: 172.20.0.100 - - [29/Jan/2026:09:15:57 +0000] "HEAD /d1/206/.expiring_objects" 404 - "HEAD http://localhost/v1/.expiring_objects?format=json" "tx532ef89814244f1292721-00697b254d" "proxy-server 2" 0.0008 "-" 21 -
Jan 29 09:15:57 standalone object-expirer[115737]: Pass completed in 0s; 0 objects expired (txn: tx532ef89814244f1292721-00697b254d)
Jan 29 09:16:58 standalone container-server[115840]: Begin container update sweep
Jan 29 09:16:58 standalone container-server[115840]: Container update sweep completed: 0.09s
Jan 29 09:17:44 standalone object-server[116026]: Begin object update sweep
Jan 29 09:17:44 standalone object-server[513400]: Object update sweep starting on /srv/node/d1 (pid: 29)
Jan 29 09:17:44 standalone object-server[513400]: Object update sweep completed on /srv/node/d1 in 0.00s seconds:, 0 successes, 0 failures, 0 quarantines, 0 unlinks, 0 errors, 0 redirects (pid: 29)
Jan 29 09:17:44 standalone object-server[513400]: Object update sweep of d1 completed: 0.00s, 0 successes, 0 failures, 0 quarantines, 0 unlinks, 0 errors, 0 redirects
Jan 29 09:17:44 standalone object-server[116026]: Object update sweep completed: 0.08s
Jan 29 09:18:05 standalone account-server[115622]: 172.20.0.100 - - [29/Jan/2026:09:18:05 +0000] "HEAD /d1/206/.expiring_objects" 404 - "HEAD http://localhost/v1/.expiring_objects?format=json" "tx465ff0a268634d3c95fab-00697b25cd" "proxy-server 2" 0.0009 "-" 21 -
Jan 29 09:18:05 standalone object-expirer[115737]: Pass completed in 0s; 0 objects expired (txn: tx465ff0a268634d3c95fab-00697b25cd)
Jan 29 09:19:43 standalone account-server[115637]: 172.20.0.31 - - [29/Jan/2026:09:19:43 +0000] "HEAD /d1/689/AUTH_1c3a6b95c93346bda8e0e5b288f4701c" 404 - "HEAD http://swift-internal.openstack.svc:8080/v1/AUTH_1c3a6b95c93346bda8e0e5b288f4701c?format=json" "txd3a7bd1bc331474bb59cc-00697b262f" "proxy-server 14" 0.0008 "-" 22 -
Jan 29 09:19:43 standalone account-server[115643]: 172.20.0.31 - - [29/Jan/2026:09:19:43 +0000] "HEAD /d1/689/AUTH_1c3a6b95c93346bda8e0e5b288f4701c" 404 - "HEAD http://swift-internal.openstack.svc:8080/v1/AUTH_1c3a6b95c93346bda8e0e5b288f4701c?format=json" "txd3a7bd1bc331474bb59cc-00697b262f" "proxy-server 14" 0.0005 "-" 23 -
Jan 29 09:19:43 standalone account-server[115611]: 172.20.0.31 - - [29/Jan/2026:09:19:43 +0000] "HEAD /d1/182/AUTH_2d752e369fc94b279c7e216e010a9048" 404 - "HEAD http://swift-internal.openstack.svc:8080/v1/AUTH_2d752e369fc94b279c7e216e010a9048?format=json" "txd3b13120f07849e18dc74-00697b262f" "proxy-server 14" 0.0005 "-" 20 -
Jan 29 09:19:43 standalone account-server[115643]: 172.20.0.31 - - [29/Jan/2026:09:19:43 +0000] "HEAD /d1/182/AUTH_2d752e369fc94b279c7e216e010a9048" 404 - "HEAD http://swift-internal.openstack.svc:8080/v1/AUTH_2d752e369fc94b279c7e216e010a9048?format=json" "txd3b13120f07849e18dc74-00697b262f" "proxy-server 14" 0.0004 "-" 23 -
Jan 29 09:19:44 standalone account-server[115637]: 172.20.0.31 - - [29/Jan/2026:09:19:44 +0000] "HEAD /d1/887/AUTH_48826d4c3db3429c8d007134ec6c4e9f" 404 - "HEAD http://swift-internal.openstack.svc:8080/v1/AUTH_48826d4c3db3429c8d007134ec6c4e9f?format=json" "txd985fa7db7b24396af59c-00697b262f" "proxy-server 14" 0.0004 "-" 22 -
Jan 29 09:19:44 standalone account-server[115611]: 172.20.0.31 - - [29/Jan/2026:09:19:44 +0000] "HEAD /d1/887/AUTH_48826d4c3db3429c8d007134ec6c4e9f" 404 - "HEAD http://swift-internal.openstack.svc:8080/v1/AUTH_48826d4c3db3429c8d007134ec6c4e9f?format=json" "txd985fa7db7b24396af59c-00697b262f" "proxy-server 14" 0.0004 "-" 20 -
Jan 29 09:19:44 standalone account-server[115637]: 172.20.0.31 - - [29/Jan/2026:09:19:44 +0000] "HEAD /d1/504/AUTH_4d6a1113540545a0bf30d8c0b9f939e8" 404 - "HEAD http://swift-internal.openstack.svc:8080/v1/AUTH_4d6a1113540545a0bf30d8c0b9f939e8?format=json" "tx4c81eed627e74e1d8de3b-00697b2630" "proxy-server 14" 0.0003 "-" 22 -
Jan 29 09:19:44 standalone account-server[115611]: 172.20.0.31 - - [29/Jan/2026:09:19:44 +0000] "HEAD /d1/504/AUTH_4d6a1113540545a0bf30d8c0b9f939e8" 404 - "HEAD http://swift-internal.openstack.svc:8080/v1/AUTH_4d6a1113540545a0bf30d8c0b9f939e8?format=json" "tx4c81eed627e74e1d8de3b-00697b2630" "proxy-server 14" 0.0002 "-" 20 -
Jan 29 09:19:44 standalone account-server[115622]: 172.20.0.31 - - [29/Jan/2026:09:19:44 +0000] "HEAD /d1/321/AUTH_9bd3b046a6db4bb08a53fb2c2e7b5472" 404 - "HEAD http://swift-internal.openstack.svc:8080/v1/AUTH_9bd3b046a6db4bb08a53fb2c2e7b5472?format=json" "tx8f00ae91141c41209ed21-00697b2630" "proxy-server 10" 0.0003 "-" 21 -
Jan 29 09:19:44 standalone account-server[115611]: 172.20.0.31 - - [29/Jan/2026:09:19:44 +0000] "HEAD /d1/321/AUTH_9bd3b046a6db4bb08a53fb2c2e7b5472" 404 - "HEAD http://swift-internal.openstack.svc:8080/v1/AUTH_9bd3b046a6db4bb08a53fb2c2e7b5472?format=json" "tx8f00ae91141c41209ed21-00697b2630" "proxy-server 10" 0.0005 "-" 20 -
Jan 29 09:19:44 standalone account-server[115643]: 172.20.0.31 - - [29/Jan/2026:09:19:44 +0000] "HEAD /d1/615/AUTH_b2e175873c844aa08051bf4000bc97df" 204 - "HEAD http://swift-internal.openstack.svc:8080/v1/AUTH_b2e175873c844aa08051bf4000bc97df?format=json" "txc26717e900b441b19d7bf-00697b2630" "proxy-server 11" 0.0022 "-" 23 -
Jan 29 09:19:44 standalone account-server[115643]: 172.20.0.31 - - [29/Jan/2026:09:19:44 +0000] "HEAD /d1/615/AUTH_b2e175873c844aa08051bf4000bc97df" 204 - "HEAD http://swift-internal.openstack.svc:8080/v1/AUTH_b2e175873c844aa08051bf4000bc97df?format=json" "txc26717e900b441b19d7bf-00697b2630" "proxy-server 11" 0.0022 "-" 23 -
Jan 29 09:19:44 standalone account-server[115622]: 172.20.0.31 - - [29/Jan/2026:09:19:44 +0000] "HEAD /d1/377/AUTH_f0034abee1f54a979ebcfc7d807c2a70" 404 - "HEAD http://swift-internal.openstack.svc:8080/v1/AUTH_f0034abee1f54a979ebcfc7d807c2a70?format=json" "txc9c887403b4c4c389b03f-00697b2630" "proxy-server 14" 0.0007 "-" 21 -
Jan 29 09:19:44 standalone account-server[115643]: 172.20.0.31 - - [29/Jan/2026:09:19:44 +0000] "HEAD /d1/377/AUTH_f0034abee1f54a979ebcfc7d807c2a70" 404 - "HEAD http://swift-internal.openstack.svc:8080/v1/AUTH_f0034abee1f54a979ebcfc7d807c2a70?format=json" "txc9c887403b4c4c389b03f-00697b2630" "proxy-server 14" 0.0004 "-" 23 -
Jan 29 09:19:44 standalone account-server[115637]: 172.20.0.31 - - [29/Jan/2026:09:19:44 +0000] "GET /d1/689/AUTH_1c3a6b95c93346bda8e0e5b288f4701c" 404 - "GET http://swift-internal.openstack.svc:8080/v1/AUTH_1c3a6b95c93346bda8e0e5b288f4701c?format=json" "txc5ab014cc2a349b698b5b-00697b2630" "proxy-server 11" 0.0003 "-" 22 -
Jan 29 09:19:44 standalone account-server[115611]: 172.20.0.31 - - [29/Jan/2026:09:19:44 +0000] "GET /d1/182/AUTH_2d752e369fc94b279c7e216e010a9048" 404 - "GET http://swift-internal.openstack.svc:8080/v1/AUTH_2d752e369fc94b279c7e216e010a9048?format=json" "txacc04776d91c4002b2820-00697b2630" "proxy-server 10" 0.0007 "-" 20 -
Jan 29 09:19:44 standalone account-server[115637]: 172.20.0.31 - - [29/Jan/2026:09:19:44 +0000] "GET /d1/887/AUTH_48826d4c3db3429c8d007134ec6c4e9f" 404 - "GET http://swift-internal.openstack.svc:8080/v1/AUTH_48826d4c3db3429c8d007134ec6c4e9f?format=json" "tx161c50b2616e4f8c85f93-00697b2630" "proxy-server 10" 0.0005 "-" 22 -
Jan 29 09:19:44 standalone account-server[115611]: 172.20.0.31 - - [29/Jan/2026:09:19:44 +0000] "GET /d1/504/AUTH_4d6a1113540545a0bf30d8c0b9f939e8" 404 - "GET http://swift-internal.openstack.svc:8080/v1/AUTH_4d6a1113540545a0bf30d8c0b9f939e8?format=json" "tx26ef241621aa4505a1c4f-00697b2630" "proxy-server 10" 0.0005 "-" 20 -
Jan 29 09:19:44 standalone account-server[115643]: 172.20.0.31 - - [29/Jan/2026:09:19:44 +0000] "GET /d1/321/AUTH_9bd3b046a6db4bb08a53fb2c2e7b5472" 404 - "GET http://swift-internal.openstack.svc:8080/v1/AUTH_9bd3b046a6db4bb08a53fb2c2e7b5472?format=json" "txfbe0476ecbf747daaf1da-00697b2630" "proxy-server 11" 0.0005 "-" 23 -
Jan 29 09:19:44 standalone account-server[115643]: 172.20.0.31 - - [29/Jan/2026:09:19:44 +0000] "GET /d1/615/AUTH_b2e175873c844aa08051bf4000bc97df" 200 99 "GET http://swift-internal.openstack.svc:8080/v1/AUTH_b2e175873c844aa08051bf4000bc97df?format=json" "tx69a28d24913c4394afaaa-00697b2630" "proxy-server 11" 0.0036 "-" 23 -
Jan 29 09:19:45 standalone account-server[115643]: 172.20.0.31 - - [29/Jan/2026:09:19:45 +0000] "GET /d1/377/AUTH_f0034abee1f54a979ebcfc7d807c2a70" 404 - "GET http://swift-internal.openstack.svc:8080/v1/AUTH_f0034abee1f54a979ebcfc7d807c2a70?format=json" "txa05257030cc942df91737-00697b2631" "proxy-server 7" 0.0004 "-" 23 -
Jan 29 09:20:29 standalone container-server[115965]: 172.20.0.31 - - [29/Jan/2026:09:20:29 +0000] "HEAD /d1/604/AUTH_b2e175873c844aa08051bf4000bc97df/glance" 204 - "HEAD http://swift-internal.openstack.svc:8080/v1/AUTH_b2e175873c844aa08051bf4000bc97df/glance?format=json&states=listing" "tx24cf476a920d4c85bd308-00697b265d" "proxy-server 7" 0.0027 "-" 21 0
Jan 29 09:20:29 standalone container-server[115956]: 172.20.0.100 - - [29/Jan/2026:09:20:29 +0000] "PUT /d1/604/AUTH_b2e175873c844aa08051bf4000bc97df/glance/6d8b7d10-0eb5-4852-b2a9-9b464d73fd2c-00001" 201 - "PUT http://swift-internal.openstack.svc:8080/d1/346/AUTH_b2e175873c844aa08051bf4000bc97df/glance/6d8b7d10-0eb5-4852-b2a9-9b464d73fd2c-00001" "tx89a6b6396c484948a230a-00697b265d" "object-server 25" 0.0008 "-" 18 0
Jan 29 09:20:29 standalone object-server[116024]: 172.20.0.31 - - [29/Jan/2026:09:20:29 +0000] "PUT /d1/346/AUTH_b2e175873c844aa08051bf4000bc97df/glance/6d8b7d10-0eb5-4852-b2a9-9b464d73fd2c-00001" 201 - "PUT http://swift-internal.openstack.svc:8080/v1/AUTH_b2e175873c844aa08051bf4000bc97df/glance/6d8b7d10-0eb5-4852-b2a9-9b464d73fd2c-00001" "tx89a6b6396c484948a230a-00697b265d" "proxy-server 7" 0.2785 "-" 25 0
Jan 29 09:20:29 standalone container-server[115956]: 172.20.0.100 - - [29/Jan/2026:09:20:29 +0000] "PUT /d1/604/AUTH_b2e175873c844aa08051bf4000bc97df/glance/6d8b7d10-0eb5-4852-b2a9-9b464d73fd2c" 201 - "PUT http://swift-internal.openstack.svc:8080/d1/592/AUTH_b2e175873c844aa08051bf4000bc97df/glance/6d8b7d10-0eb5-4852-b2a9-9b464d73fd2c" "tx01280eb407d949fd91257-00697b265d" "object-server 23" 0.0006 "-" 18 0
Jan 29 09:20:29 standalone object-server[116019]: 172.20.0.31 - - [29/Jan/2026:09:20:29 +0000] "PUT /d1/592/AUTH_b2e175873c844aa08051bf4000bc97df/glance/6d8b7d10-0eb5-4852-b2a9-9b464d73fd2c" 201 - "PUT http://swift-internal.openstack.svc:8080/v1/AUTH_b2e175873c844aa08051bf4000bc97df/glance/6d8b7d10-0eb5-4852-b2a9-9b464d73fd2c" "tx01280eb407d949fd91257-00697b265d" "proxy-server 7" 0.0101 "-" 23 0
