2026-03-14 08:02:26.743 18 DEBUG neutron.scheduler.dhcp_agent_scheduler [req-370aa1fc-4626-4ce7-b9c9-1e4059edf648 6ff3fa67aeb843c0ae84cd43241c63c5 619350bf40c14ffeac2767f249c525fa - default default] Network d7711680-7d13-4f30-b0cc-34f2f84e6589 is already hosted by enough agents. _get_dhcp_agents_hosting_network /usr/lib/python3.9/site-packages/neutron/scheduler/dhcp_agent_scheduler.py:275
2026-03-14 08:02:26.743 16 DEBUG neutron.scheduler.base_scheduler [req-12de25bd-1945-4b35-8dc2-70f2e55a637b 6ff3fa67aeb843c0ae84cd43241c63c5 619350bf40c14ffeac2767f249c525fa - default default] Resources bound (agent type, host, resource id): schedule /usr/lib/python3.9/site-packages/neutron/scheduler/base_scheduler.py:57
2026-03-14 08:02:26.744 15 DEBUG neutron.api.rpc.handlers.resources_rpc [req-13f164c3-6e55-44fb-90e1-b13d4f3d8264 6ff3fa67aeb843c0ae84cd43241c63c5 619350bf40c14ffeac2767f249c525fa - - -] Pushing event updated for resources: {'Port': ['ID=9113eb90-ae9a-4a31-9fb5-a16d47f8eb0b,revision_number=1']} push /usr/lib/python3.9/site-packages/neutron/api/rpc/handlers/resources_rpc.py:237
2026-03-14 08:02:26.745 18 DEBUG neutron.scheduler.base_scheduler [req-370aa1fc-4626-4ce7-b9c9-1e4059edf648 6ff3fa67aeb843c0ae84cd43241c63c5 619350bf40c14ffeac2767f249c525fa - default default] Resources bound (agent type, host, resource id): schedule /usr/lib/python3.9/site-packages/neutron/scheduler/base_scheduler.py:57
2026-03-14 08:02:26.750 16 DEBUG neutron.pecan_wsgi.hooks.policy_enforcement [req-12de25bd-1945-4b35-8dc2-70f2e55a637b 6ff3fa67aeb843c0ae84cd43241c63c5 619350bf40c14ffeac2767f249c525fa - default default] Attributes excluded by policy engine: ['standard_attr_id', 'network'] _exclude_attributes_by_policy /usr/lib/python3.9/site-packages/neutron/pecan_wsgi/hooks/policy_enforcement.py:259
2026-03-14 08:02:26.750 16 DEBUG neutron_lib.callbacks.manager [req-12de25bd-1945-4b35-8dc2-70f2e55a637b 6ff3fa67aeb843c0ae84cd43241c63c5 619350bf40c14ffeac2767f249c525fa - default default] Notify callbacks ['neutron.notifiers.nova.Notifier._send_nova_notification-4080196', 'neutron.api.rpc.agentnotifiers.dhcp_rpc_agent_api.DhcpAgentNotifyAPI._send_dhcp_notification-4063067'] for port, before_response _notify_loop /usr/lib/python3.9/site-packages/neutron_lib/callbacks/manager.py:200
2026-03-14 08:02:26.753 15 INFO neutron.wsgi [req-13f164c3-6e55-44fb-90e1-b13d4f3d8264 6ff3fa67aeb843c0ae84cd43241c63c5 619350bf40c14ffeac2767f249c525fa - default default] 192.168.122.99,192.168.122.100 "POST /v2.0/ports HTTP/1.1" status: 201 len: 1016 time: 0.2990041
2026-03-14 08:02:26.753 18 DEBUG neutron.pecan_wsgi.hooks.policy_enforcement [req-370aa1fc-4626-4ce7-b9c9-1e4059edf648 6ff3fa67aeb843c0ae84cd43241c63c5 619350bf40c14ffeac2767f249c525fa - default default] Attributes excluded by policy engine: ['standard_attr_id', 'network'] _exclude_attributes_by_policy /usr/lib/python3.9/site-packages/neutron/pecan_wsgi/hooks/policy_enforcement.py:259
2026-03-14 08:02:26.754 18 DEBUG neutron_lib.callbacks.manager [req-370aa1fc-4626-4ce7-b9c9-1e4059edf648 6ff3fa67aeb843c0ae84cd43241c63c5 619350bf40c14ffeac2767f249c525fa - default default] Notify callbacks ['neutron.notifiers.nova.Notifier._send_nova_notification-4080196', 'neutron.api.rpc.agentnotifiers.dhcp_rpc_agent_api.DhcpAgentNotifyAPI._send_dhcp_notification-4063067'] for port, before_response _notify_loop /usr/lib/python3.9/site-packages/neutron_lib/callbacks/manager.py:200
2026-03-14 08:02:26.756 15 DEBUG neutron.api.rpc.callbacks.version_manager [req-13f164c3-6e55-44fb-90e1-b13d4f3d8264 6ff3fa67aeb843c0ae84cd43241c63c5 619350bf40c14ffeac2767f249c525fa - - -] Version for resource type AddressGroup changed None to 1.2 on consumer Open vSwitch agent@undercloud.ooo.test _set_version /usr/lib/python3.9/site-packages/neutron/api/rpc/callbacks/version_manager.py:113
2026-03-14 08:02:26.756 15 DEBUG neutron.api.rpc.callbacks.version_manager [req-13f164c3-6e55-44fb-90e1-b13d4f3d8264 6ff3fa67aeb843c0ae84cd43241c63c5 619350bf40c14ffeac2767f249c525fa - - -] Version for resource type ConntrackHelper changed None to 1.0 on consumer Open vSwitch agent@undercloud.ooo.test _set_version /usr/lib/python3.9/site-packages/neutron/api/rpc/callbacks/version_manager.py:113
2026-03-14 08:02:26.756 15 DEBUG neutron.api.rpc.callbacks.version_manager [req-13f164c3-6e55-44fb-90e1-b13d4f3d8264 6ff3fa67aeb843c0ae84cd43241c63c5 619350bf40c14ffeac2767f249c525fa - - -] Version for resource type Log changed None to 1.0 on consumer Open vSwitch agent@undercloud.ooo.test _set_version /usr/lib/python3.9/site-packages/neutron/api/rpc/callbacks/version_manager.py:113
2026-03-14 08:02:26.757 15 DEBUG neutron.api.rpc.callbacks.version_manager [req-13f164c3-6e55-44fb-90e1-b13d4f3d8264 6ff3fa67aeb843c0ae84cd43241c63c5 619350bf40c14ffeac2767f249c525fa - - -] Version for resource type Network changed None to 1.1 on consumer Open vSwitch agent@undercloud.ooo.test _set_version /usr/lib/python3.9/site-packages/neutron/api/rpc/callbacks/version_manager.py:113
2026-03-14 08:02:26.757 15 DEBUG neutron.api.rpc.callbacks.version_manager [req-13f164c3-6e55-44fb-90e1-b13d4f3d8264 6ff3fa67aeb843c0ae84cd43241c63c5 619350bf40c14ffeac2767f249c525fa - - -] Version for resource type Port changed None to 1.7 on consumer Open vSwitch agent@undercloud.ooo.test _set_version /usr/lib/python3.9/site-packages/neutron/api/rpc/callbacks/version_manager.py:113
2026-03-14 08:02:26.757 15 DEBUG neutron.api.rpc.callbacks.version_manager [req-13f164c3-6e55-44fb-90e1-b13d4f3d8264 6ff3fa67aeb843c0ae84cd43241c63c5 619350bf40c14ffeac2767f249c525fa - - -] Version for resource type PortForwarding changed None to 1.2 on consumer Open vSwitch agent@undercloud.ooo.test _set_version /usr/lib/python3.9/site-packages/neutron/api/rpc/callbacks/version_manager.py:113
2026-03-14 08:02:26.757 15 DEBUG neutron.api.rpc.callbacks.version_manager [req-13f164c3-6e55-44fb-90e1-b13d4f3d8264 6ff3fa67aeb843c0ae84cd43241c63c5 619350bf40c14ffeac2767f249c525fa - - -] Version for resource type QosPolicy changed None to 1.8 on consumer Open vSwitch agent@undercloud.ooo.test _set_version /usr/lib/python3.9/site-packages/neutron/api/rpc/callbacks/version_manager.py:113
2026-03-14 08:02:26.758 15 DEBUG neutron.api.rpc.callbacks.version_manager [req-13f164c3-6e55-44fb-90e1-b13d4f3d8264 6ff3fa67aeb843c0ae84cd43241c63c5 619350bf40c14ffeac2767f249c525fa - - -] Version for resource type SecurityGroup changed None to 1.5 on consumer Open vSwitch agent@undercloud.ooo.test _set_version /usr/lib/python3.9/site-packages/neutron/api/rpc/callbacks/version_manager.py:113
2026-03-14 08:02:26.758 15 DEBUG neutron.api.rpc.callbacks.version_manager [req-13f164c3-6e55-44fb-90e1-b13d4f3d8264 6ff3fa67aeb843c0ae84cd43241c63c5 619350bf40c14ffeac2767f249c525fa - - -] Version for resource type SecurityGroupRule changed None to 1.2 on consumer Open vSwitch agent@undercloud.ooo.test _set_version /usr/lib/python3.9/site-packages/neutron/api/rpc/callbacks/version_manager.py:113
2026-03-14 08:02:26.758 15 DEBUG neutron.api.rpc.callbacks.version_manager [req-13f164c3-6e55-44fb-90e1-b13d4f3d8264 6ff3fa67aeb843c0ae84cd43241c63c5 619350bf40c14ffeac2767f249c525fa - - -] Version for resource type SubPort changed None to 1.0 on consumer Open vSwitch agent@undercloud.ooo.test _set_version /usr/lib/python3.9/site-packages/neutron/api/rpc/callbacks/version_manager.py:113
2026-03-14 08:02:26.759 15 DEBUG neutron.api.rpc.callbacks.version_manager [req-13f164c3-6e55-44fb-90e1-b13d4f3d8264 6ff3fa67aeb843c0ae84cd43241c63c5 619350bf40c14ffeac2767f249c525fa - - -] Version for resource type Subnet changed None to 1.1 on consumer Open vSwitch agent@undercloud.ooo.test _set_version /usr/lib/python3.9/site-packages/neutron/api/rpc/callbacks/version_manager.py:113
2026-03-14 08:02:26.759 15 DEBUG neutron.api.rpc.callbacks.version_manager [req-13f164c3-6e55-44fb-90e1-b13d4f3d8264 6ff3fa67aeb843c0ae84cd43241c63c5 619350bf40c14ffeac2767f249c525fa - - -] Version for resource type Trunk changed None to 1.1 on consumer Open vSwitch agent@undercloud.ooo.test _set_version /usr/lib/python3.9/site-packages/neutron/api/rpc/callbacks/version_manager.py:113
2026-03-14 08:02:26.760 16 INFO neutron.wsgi [req-12de25bd-1945-4b35-8dc2-70f2e55a637b 6ff3fa67aeb843c0ae84cd43241c63c5 619350bf40c14ffeac2767f249c525fa - default default] 192.168.122.99,192.168.122.100 "POST /v2.0/ports HTTP/1.1" status: 201 len: 1016 time: 0.3175728
2026-03-14 08:02:26.760 18 DEBUG neutron.api.rpc.handlers.resources_rpc [req-370aa1fc-4626-4ce7-b9c9-1e4059edf648 6ff3fa67aeb843c0ae84cd43241c63c5 619350bf40c14ffeac2767f249c525fa - - -] Pushing event updated for resources: {'Port': ['ID=3e361572-c623-425b-a229-df5034a6015f,revision_number=1']} push /usr/lib/python3.9/site-packages/neutron/api/rpc/handlers/resources_rpc.py:237
2026-03-14 08:02:26.766 18 INFO neutron.wsgi [req-370aa1fc-4626-4ce7-b9c9-1e4059edf648 6ff3fa67aeb843c0ae84cd43241c63c5 619350bf40c14ffeac2767f249c525fa - default default] 192.168.122.99,192.168.122.100 "POST /v2.0/ports HTTP/1.1" status: 201 len: 1016 time: 0.3004639
2026-03-14 08:02:26.766 18 DEBUG neutron.api.rpc.callbacks.version_manager [req-370aa1fc-4626-4ce7-b9c9-1e4059edf648 6ff3fa67aeb843c0ae84cd43241c63c5 619350bf40c14ffeac2767f249c525fa - - -] Version for resource type AddressGroup changed None to 1.2 on consumer Open vSwitch agent@undercloud.ooo.test _set_version /usr/lib/python3.9/site-packages/neutron/api/rpc/callbacks/version_manager.py:113
2026-03-14 08:02:26.766 16 DEBUG neutron.services.tag.tag_plugin [req-620804da-0d14-41a0-b577-5204f83fce80 6ff3fa67aeb843c0ae84cd43241c63c5 619350bf40c14ffeac2767f249c525fa - default default] neutron.services.tag.tag_plugin.TagPlugin method update_tags called with arguments (, 'ports', '3d54c2cb-4757-4ee3-957d-1eb42845bc5a', {'tags': ['tripleo_stack_name=overcloud', 'tripleo_ovn_physnet=datacentre']}) {} wrapper /usr/lib/python3.9/site-packages/oslo_log/helpers.py:65
2026-03-14 08:02:26.766 18 DEBUG neutron.api.rpc.callbacks.version_manager [req-370aa1fc-4626-4ce7-b9c9-1e4059edf648 6ff3fa67aeb843c0ae84cd43241c63c5 619350bf40c14ffeac2767f249c525fa - - -] Version for resource type ConntrackHelper changed None to 1.0 on consumer Open vSwitch agent@undercloud.ooo.test _set_version /usr/lib/python3.9/site-packages/neutron/api/rpc/callbacks/version_manager.py:113
2026-03-14 08:02:26.767 18 DEBUG neutron.api.rpc.callbacks.version_manager [req-370aa1fc-4626-4ce7-b9c9-1e4059edf648 6ff3fa67aeb843c0ae84cd43241c63c5 619350bf40c14ffeac2767f249c525fa - - -] Version for resource type Log changed None to 1.0 on consumer Open vSwitch agent@undercloud.ooo.test _set_version /usr/lib/python3.9/site-packages/neutron/api/rpc/callbacks/version_manager.py:113
2026-03-14 08:02:26.767 18 DEBUG neutron.api.rpc.callbacks.version_manager [req-370aa1fc-4626-4ce7-b9c9-1e4059edf648 6ff3fa67aeb843c0ae84cd43241c63c5 619350bf40c14ffeac2767f249c525fa - - -] Version for resource type Network changed None to 1.1 on consumer Open vSwitch agent@undercloud.ooo.test _set_version /usr/lib/python3.9/site-packages/neutron/api/rpc/callbacks/version_manager.py:113
2026-03-14 08:02:26.767 18 DEBUG neutron.api.rpc.callbacks.version_manager [req-370aa1fc-4626-4ce7-b9c9-1e4059edf648 6ff3fa67aeb843c0ae84cd43241c63c5 619350bf40c14ffeac2767f249c525fa - - -] Version for resource type Port changed None to 1.7 on consumer Open vSwitch agent@undercloud.ooo.test _set_version /usr/lib/python3.9/site-packages/neutron/api/rpc/callbacks/version_manager.py:113
2026-03-14 08:02:26.767 18 DEBUG neutron.api.rpc.callbacks.version_manager [req-370aa1fc-4626-4ce7-b9c9-1e4059edf648 6ff3fa67aeb843c0ae84cd43241c63c5 619350bf40c14ffeac2767f249c525fa - - -] Version for resource type PortForwarding changed None to 1.2 on consumer Open vSwitch agent@undercloud.ooo.test _set_version /usr/lib/python3.9/site-packages/neutron/api/rpc/callbacks/version_manager.py:113
2026-03-14 08:02:26.767 18 DEBUG neutron.api.rpc.callbacks.version_manager [req-370aa1fc-4626-4ce7-b9c9-1e4059edf648 6ff3fa67aeb843c0ae84cd43241c63c5 619350bf40c14ffeac2767f249c525fa - - -] Version for resource type QosPolicy changed None to 1.8 on consumer Open vSwitch agent@undercloud.ooo.test _set_version /usr/lib/python3.9/site-packages/neutron/api/rpc/callbacks/version_manager.py:113
2026-03-14 08:02:26.767 18 DEBUG neutron.api.rpc.callbacks.version_manager [req-370aa1fc-4626-4ce7-b9c9-1e4059edf648 6ff3fa67aeb843c0ae84cd43241c63c5 619350bf40c14ffeac2767f249c525fa - - -] Version for resource type SecurityGroup changed None to 1.5 on consumer Open vSwitch agent@undercloud.ooo.test _set_version /usr/lib/python3.9/site-packages/neutron/api/rpc/callbacks/version_manager.py:113
2026-03-14 08:02:26.767 18 DEBUG neutron.api.rpc.callbacks.version_manager [req-370aa1fc-4626-4ce7-b9c9-1e4059edf648 6ff3fa67aeb843c0ae84cd43241c63c5 619350bf40c14ffeac2767f249c525fa - - -] Version for resource type SecurityGroupRule changed None to 1.2 on consumer Open vSwitch agent@undercloud.ooo.test _set_version /usr/lib/python3.9/site-packages/neutron/api/rpc/callbacks/version_manager.py:113
2026-03-14 08:02:26.767 18 DEBUG neutron.api.rpc.callbacks.version_manager [req-370aa1fc-4626-4ce7-b9c9-1e4059edf648 6ff3fa67aeb843c0ae84cd43241c63c5 619350bf40c14ffeac2767f249c525fa - - -] Version for resource type SubPort changed None to 1.0 on consumer Open vSwitch agent@undercloud.ooo.test _set_version /usr/lib/python3.9/site-packages/neutron/api/rpc/callbacks/version_manager.py:113
2026-03-14 08:02:26.768 18 DEBUG neutron.api.rpc.callbacks.version_manager [req-370aa1fc-4626-4ce7-b9c9-1e4059edf648 6ff3fa67aeb843c0ae84cd43241c63c5 619350bf40c14ffeac2767f249c525fa - - -] Version for resource type Subnet changed None to 1.1 on consumer Open vSwitch agent@undercloud.ooo.test _set_version /usr/lib/python3.9/site-packages/neutron/api/rpc/callbacks/version_manager.py:113
2026-03-14 08:02:26.768 18 DEBUG neutron.api.rpc.callbacks.version_manager [req-370aa1fc-4626-4ce7-b9c9-1e4059edf648 6ff3fa67aeb843c0ae84cd43241c63c5 619350bf40c14ffeac2767f249c525fa - - -] Version for resource type Trunk changed None to 1.1 on consumer Open vSwitch agent@undercloud.ooo.test _set_version /usr/lib/python3.9/site-packages/neutron/api/rpc/callbacks/version_manager.py:113
2026-03-14 08:02:26.768 15 DEBUG neutron.services.tag.tag_plugin [req-2b1074d3-385b-43bd-86f0-5b9b71a3b45f 6ff3fa67aeb843c0ae84cd43241c63c5 619350bf40c14ffeac2767f249c525fa - default default] neutron.services.tag.tag_plugin.TagPlugin method update_tags called with arguments (, 'ports', '9113eb90-ae9a-4a31-9fb5-a16d47f8eb0b', {'tags': ['tripleo_stack_name=overcloud', 'tripleo_ovn_physnet=datacentre']}) {} wrapper /usr/lib/python3.9/site-packages/oslo_log/helpers.py:65
2026-03-14 08:02:26.775 18 DEBUG neutron.services.tag.tag_plugin [req-bf75b8ff-684a-4b71-963d-c2da8b6ecbae 6ff3fa67aeb843c0ae84cd43241c63c5 619350bf40c14ffeac2767f249c525fa - default default] neutron.services.tag.tag_plugin.TagPlugin method update_tags called with arguments (, 'ports', '3e361572-c623-425b-a229-df5034a6015f', {'tags': ['tripleo_stack_name=overcloud', 'tripleo_ovn_physnet=datacentre']}) {} wrapper /usr/lib/python3.9/site-packages/oslo_log/helpers.py:65
2026-03-14 08:02:26.801 15 INFO neutron.wsgi [req-2b1074d3-385b-43bd-86f0-5b9b71a3b45f 6ff3fa67aeb843c0ae84cd43241c63c5 619350bf40c14ffeac2767f249c525fa - default default] 192.168.122.99,192.168.122.100 "PUT /v2.0/ports/9113eb90-ae9a-4a31-9fb5-a16d47f8eb0b/tags HTTP/1.1" status: 200 len: 250 time: 0.0357826
2026-03-14 08:02:26.806 16 INFO neutron.wsgi [req-620804da-0d14-41a0-b577-5204f83fce80 6ff3fa67aeb843c0ae84cd43241c63c5 619350bf40c14ffeac2767f249c525fa - default default] 192.168.122.99,192.168.122.100 "PUT /v2.0/ports/3d54c2cb-4757-4ee3-957d-1eb42845bc5a/tags HTTP/1.1" status: 200 len: 250 time: 0.0421591
2026-03-14 08:02:26.809 18 INFO neutron.wsgi [req-bf75b8ff-684a-4b71-963d-c2da8b6ecbae 6ff3fa67aeb843c0ae84cd43241c63c5 619350bf40c14ffeac2767f249c525fa - default default] 192.168.122.99,192.168.122.100 "PUT /v2.0/ports/3e361572-c623-425b-a229-df5034a6015f/tags HTTP/1.1" status: 200 len: 250 time: 0.0370913
2026-03-14 08:02:26.857 18 DEBUG neutron.pecan_wsgi.hooks.policy_enforcement [req-12622190-c9db-4ce3-8c11-4406fc587c38 6ff3fa67aeb843c0ae84cd43241c63c5 619350bf40c14ffeac2767f249c525fa - default default] Attributes excluded by policy engine: ['standard_attr_id'] _exclude_attributes_by_policy /usr/lib/python3.9/site-packages/neutron/pecan_wsgi/hooks/policy_enforcement.py:259
2026-03-14 08:02:26.857 18 DEBUG neutron.pecan_wsgi.hooks.policy_enforcement [req-12622190-c9db-4ce3-8c11-4406fc587c38 6ff3fa67aeb843c0ae84cd43241c63c5 619350bf40c14ffeac2767f249c525fa - default default] Attributes excluded by policy engine: ['standard_attr_id'] _exclude_attributes_by_policy /usr/lib/python3.9/site-packages/neutron/pecan_wsgi/hooks/policy_enforcement.py:259
2026-03-14 08:02:26.858 18 DEBUG neutron.pecan_wsgi.hooks.policy_enforcement [req-12622190-c9db-4ce3-8c11-4406fc587c38 6ff3fa67aeb843c0ae84cd43241c63c5 619350bf40c14ffeac2767f249c525fa - default default] Attributes excluded by policy engine: ['standard_attr_id'] _exclude_attributes_by_policy /usr/lib/python3.9/site-packages/neutron/pecan_wsgi/hooks/policy_enforcement.py:259
2026-03-14 08:02:26.858 18 DEBUG neutron.pecan_wsgi.hooks.policy_enforcement [req-12622190-c9db-4ce3-8c11-4406fc587c38 6ff3fa67aeb843c0ae84cd43241c63c5 619350bf40c14ffeac2767f249c525fa - default default] Attributes excluded by policy engine: ['standard_attr_id'] _exclude_attributes_by_policy /usr/lib/python3.9/site-packages/neutron/pecan_wsgi/hooks/policy_enforcement.py:259
2026-03-14 08:02:26.858 18 DEBUG neutron.pecan_wsgi.hooks.policy_enforcement [req-12622190-c9db-4ce3-8c11-4406fc587c38 6ff3fa67aeb843c0ae84cd43241c63c5 619350bf40c14ffeac2767f249c525fa - default default] Attributes excluded by policy engine: ['standard_attr_id'] _exclude_attributes_by_policy /usr/lib/python3.9/site-packages/neutron/pecan_wsgi/hooks/policy_enforcement.py:259
2026-03-14 08:02:26.858 18 DEBUG neutron.pecan_wsgi.hooks.policy_enforcement [req-12622190-c9db-4ce3-8c11-4406fc587c38 6ff3fa67aeb843c0ae84cd43241c63c5 619350bf40c14ffeac2767f249c525fa - default default] Attributes excluded by policy engine: ['standard_attr_id'] _exclude_attributes_by_policy /usr/lib/python3.9/site-packages/neutron/pecan_wsgi/hooks/policy_enforcement.py:259
2026-03-14 08:02:26.859 18 INFO neutron.wsgi [req-12622190-c9db-4ce3-8c11-4406fc587c38 6ff3fa67aeb843c0ae84cd43241c63c5 619350bf40c14ffeac2767f249c525fa - default default] 192.168.122.99,192.168.122.100 "GET /v2.0/ports?network_id=d7711680-7d13-4f30-b0cc-34f2f84e6589&tags=tripleo_stack_name%3Dovercloud HTTP/1.1" status: 200 len: 5533 time: 0.0447400
2026-03-14 08:02:26.897 18 DEBUG neutron.plugins.ml2.plugin [req-63621e93-55da-4b9c-a20d-707831184dd9 6ff3fa67aeb843c0ae84cd43241c63c5 619350bf40c14ffeac2767f249c525fa - default default] Deleting port 81a48095-455e-4845-9e41-2f92a96630f6 _pre_delete_port /usr/lib/python3.9/site-packages/neutron/plugins/ml2/plugin.py:2025
2026-03-14 08:02:26.897 18 DEBUG neutron_lib.callbacks.manager [req-63621e93-55da-4b9c-a20d-707831184dd9 6ff3fa67aeb843c0ae84cd43241c63c5 619350bf40c14ffeac2767f249c525fa - default default] Notify callbacks ['neutron.plugins.ml2.extensions.dns_integration._delete_port_in_external_dns_service-8759915127004', 'neutron.db.l3_db.L3_NAT_dbonly_mixin._prevent_l3_port_delete_callback-8759915190923'] for port, before_delete _notify_loop /usr/lib/python3.9/site-packages/neutron_lib/callbacks/manager.py:200
2026-03-14 08:02:26.908 16 DEBUG neutron.wsgi [-] (16) accepted ('192.168.122.100', 41202) server /usr/lib/python3.9/site-packages/eventlet/wsgi.py:992
2026-03-14 08:02:26.910 16 INFO neutron.wsgi [-] 192.168.122.100 "GET /healthcheck HTTP/1.0" status: 200 len: 137 time: 0.0013702
2026-03-14 08:02:26.988 18 DEBUG neutron_lib.callbacks.manager [req-63621e93-55da-4b9c-a20d-707831184dd9 6ff3fa67aeb843c0ae84cd43241c63c5 619350bf40c14ffeac2767f249c525fa - default default] Notify callbacks ['neutron.services.l3_router.l3_router_plugin.L3_NAT_dbonly_mixin._precommit_delete_port_callback-3902691'] for port, precommit_delete _notify_loop /usr/lib/python3.9/site-packages/neutron_lib/callbacks/manager.py:200
2026-03-14 08:02:26.998 18 DEBUG neutron.plugins.ml2.plugin [req-63621e93-55da-4b9c-a20d-707831184dd9 6ff3fa67aeb843c0ae84cd43241c63c5 619350bf40c14ffeac2767f249c525fa - default default] Calling delete_port for 81a48095-455e-4845-9e41-2f92a96630f6 owned by delete_port /usr/lib/python3.9/site-packages/neutron/plugins/ml2/plugin.py:2097
2026-03-14 08:02:27.102 18 DEBUG neutron_lib.callbacks.manager [req-63621e93-55da-4b9c-a20d-707831184dd9 6ff3fa67aeb843c0ae84cd43241c63c5 619350bf40c14ffeac2767f249c525fa - default default] Notify callbacks ['neutron.plugins.ml2.plugin.SecurityGroupServerNotifierRpcMixin.notify_sg_on_port_change-528964', 'neutron.plugins.ml2.ovo_rpc._ObjectChangeHandler.handle_event-4016128', 'neutron.api.rpc.agentnotifiers.dhcp_rpc_agent_api.DhcpAgentNotifyAPI._native_event_send_dhcp_notification-4063081', 'neutron.db.l3_db.L3RpcNotifierMixin._notify_routers_callback-8759915196636', 'neutron.services.segments.plugin.NovaSegmentNotifier._notify_port_created_or_deleted-3880636'] for port, after_delete _notify_loop /usr/lib/python3.9/site-packages/neutron_lib/callbacks/manager.py:200
2026-03-14 08:02:27.132 18 DEBUG neutron.api.rpc.handlers.resources_rpc [req-63621e93-55da-4b9c-a20d-707831184dd9 6ff3fa67aeb843c0ae84cd43241c63c5 619350bf40c14ffeac2767f249c525fa - - -] Pushing event deleted for resources: {'Port': ['ID=81a48095-455e-4845-9e41-2f92a96630f6,revision_number=None']} push /usr/lib/python3.9/site-packages/neutron/api/rpc/handlers/resources_rpc.py:237
2026-03-14 08:02:27.139 18 DEBUG neutron_lib.callbacks.manager [req-63621e93-55da-4b9c-a20d-707831184dd9 6ff3fa67aeb843c0ae84cd43241c63c5 619350bf40c14ffeac2767f249c525fa - default default] Notify callbacks ['neutron.notifiers.nova.Notifier._send_nova_notification-4080196', 'neutron.api.rpc.agentnotifiers.dhcp_rpc_agent_api.DhcpAgentNotifyAPI._send_dhcp_notification-4063067'] for port, before_response _notify_loop /usr/lib/python3.9/site-packages/neutron_lib/callbacks/manager.py:200
2026-03-14 08:02:27.140 18 INFO neutron.wsgi [req-63621e93-55da-4b9c-a20d-707831184dd9 6ff3fa67aeb843c0ae84cd43241c63c5 619350bf40c14ffeac2767f249c525fa - default default] 192.168.122.99,192.168.122.100 "DELETE /v2.0/ports/81a48095-455e-4845-9e41-2f92a96630f6 HTTP/1.1" status: 204 len: 149 time: 0.2735913
2026-03-14 08:02:27.187 18 DEBUG neutron.plugins.ml2.plugin [req-1faaa0f4-9951-49b4-bb48-bf8053602026 6ff3fa67aeb843c0ae84cd43241c63c5 619350bf40c14ffeac2767f249c525fa - default default] Deleting port ab6a566e-7bbf-427b-9d77-dd6f908f465a _pre_delete_port /usr/lib/python3.9/site-packages/neutron/plugins/ml2/plugin.py:2025
2026-03-14 08:02:27.187 18 DEBUG neutron_lib.callbacks.manager [req-1faaa0f4-9951-49b4-bb48-bf8053602026 6ff3fa67aeb843c0ae84cd43241c63c5 619350bf40c14ffeac2767f249c525fa - default default] Notify callbacks ['neutron.plugins.ml2.extensions.dns_integration._delete_port_in_external_dns_service-8759915127004', 'neutron.db.l3_db.L3_NAT_dbonly_mixin._prevent_l3_port_delete_callback-8759915190923'] for port, before_delete _notify_loop /usr/lib/python3.9/site-packages/neutron_lib/callbacks/manager.py:200
2026-03-14 08:02:27.286 18 DEBUG neutron_lib.callbacks.manager [req-1faaa0f4-9951-49b4-bb48-bf8053602026 6ff3fa67aeb843c0ae84cd43241c63c5 619350bf40c14ffeac2767f249c525fa - default default] Notify callbacks ['neutron.services.l3_router.l3_router_plugin.L3_NAT_dbonly_mixin._precommit_delete_port_callback-3902691'] for port, precommit_delete _notify_loop /usr/lib/python3.9/site-packages/neutron_lib/callbacks/manager.py:200
2026-03-14 08:02:27.295 18 DEBUG neutron.plugins.ml2.plugin [req-1faaa0f4-9951-49b4-bb48-bf8053602026 6ff3fa67aeb843c0ae84cd43241c63c5 619350bf40c14ffeac2767f249c525fa - default default] Calling delete_port for ab6a566e-7bbf-427b-9d77-dd6f908f465a owned by delete_port /usr/lib/python3.9/site-packages/neutron/plugins/ml2/plugin.py:2097
2026-03-14 08:02:27.333 18 DEBUG neutron_lib.callbacks.manager [req-1faaa0f4-9951-49b4-bb48-bf8053602026 6ff3fa67aeb843c0ae84cd43241c63c5 619350bf40c14ffeac2767f249c525fa - default default] Notify callbacks ['neutron.plugins.ml2.plugin.SecurityGroupServerNotifierRpcMixin.notify_sg_on_port_change-528964', 'neutron.plugins.ml2.ovo_rpc._ObjectChangeHandler.handle_event-4016128', 'neutron.api.rpc.agentnotifiers.dhcp_rpc_agent_api.DhcpAgentNotifyAPI._native_event_send_dhcp_notification-4063081', 'neutron.db.l3_db.L3RpcNotifierMixin._notify_routers_callback-8759915196636', 'neutron.services.segments.plugin.NovaSegmentNotifier._notify_port_created_or_deleted-3880636'] for port, after_delete _notify_loop /usr/lib/python3.9/site-packages/neutron_lib/callbacks/manager.py:200
2026-03-14 08:02:27.354 18 DEBUG neutron.api.rpc.handlers.resources_rpc [req-1faaa0f4-9951-49b4-bb48-bf8053602026 6ff3fa67aeb843c0ae84cd43241c63c5 619350bf40c14ffeac2767f249c525fa - - -] Pushing event deleted for resources: {'Port': ['ID=ab6a566e-7bbf-427b-9d77-dd6f908f465a,revision_number=None']} push /usr/lib/python3.9/site-packages/neutron/api/rpc/handlers/resources_rpc.py:237
2026-03-14 08:02:27.358 18 DEBUG neutron_lib.callbacks.manager [req-1faaa0f4-9951-49b4-bb48-bf8053602026 6ff3fa67aeb843c0ae84cd43241c63c5 619350bf40c14ffeac2767f249c525fa - default default] Notify callbacks ['neutron.notifiers.nova.Notifier._send_nova_notification-4080196', 'neutron.api.rpc.agentnotifiers.dhcp_rpc_agent_api.DhcpAgentNotifyAPI._send_dhcp_notification-4063067'] for port, before_response _notify_loop /usr/lib/python3.9/site-packages/neutron_lib/callbacks/manager.py:200
2026-03-14 08:02:27.359 18 INFO neutron.wsgi [req-1faaa0f4-9951-49b4-bb48-bf8053602026 6ff3fa67aeb843c0ae84cd43241c63c5 619350bf40c14ffeac2767f249c525fa - default default] 192.168.122.99,192.168.122.100 "DELETE /v2.0/ports/ab6a566e-7bbf-427b-9d77-dd6f908f465a HTTP/1.1" status: 204 len: 149 time: 0.2092836
2026-03-14 08:02:27.395 18 DEBUG neutron.plugins.ml2.plugin [req-a87d4c5c-be41-48f6-b7a9-0b0edf3312be 6ff3fa67aeb843c0ae84cd43241c63c5 619350bf40c14ffeac2767f249c525fa - default default] Deleting port e7067daa-0458-4a48-a395-27fc9568fb92 _pre_delete_port /usr/lib/python3.9/site-packages/neutron/plugins/ml2/plugin.py:2025
2026-03-14 08:02:27.395 18 DEBUG neutron_lib.callbacks.manager [req-a87d4c5c-be41-48f6-b7a9-0b0edf3312be 6ff3fa67aeb843c0ae84cd43241c63c5 619350bf40c14ffeac2767f249c525fa - default default] Notify callbacks ['neutron.plugins.ml2.extensions.dns_integration._delete_port_in_external_dns_service-8759915127004', 'neutron.db.l3_db.L3_NAT_dbonly_mixin._prevent_l3_port_delete_callback-8759915190923'] for port, before_delete _notify_loop /usr/lib/python3.9/site-packages/neutron_lib/callbacks/manager.py:200
2026-03-14 08:02:27.483 18 DEBUG neutron_lib.callbacks.manager [req-a87d4c5c-be41-48f6-b7a9-0b0edf3312be 6ff3fa67aeb843c0ae84cd43241c63c5 619350bf40c14ffeac2767f249c525fa - default default] Notify callbacks ['neutron.services.l3_router.l3_router_plugin.L3_NAT_dbonly_mixin._precommit_delete_port_callback-3902691'] for port, precommit_delete _notify_loop /usr/lib/python3.9/site-packages/neutron_lib/callbacks/manager.py:200
2026-03-14 08:02:27.491 18 DEBUG neutron.plugins.ml2.plugin [req-a87d4c5c-be41-48f6-b7a9-0b0edf3312be 6ff3fa67aeb843c0ae84cd43241c63c5 619350bf40c14ffeac2767f249c525fa - default default] Calling delete_port for e7067daa-0458-4a48-a395-27fc9568fb92 owned by delete_port /usr/lib/python3.9/site-packages/neutron/plugins/ml2/plugin.py:2097
2026-03-14 08:02:27.532 18 DEBUG neutron_lib.callbacks.manager [req-a87d4c5c-be41-48f6-b7a9-0b0edf3312be 6ff3fa67aeb843c0ae84cd43241c63c5 619350bf40c14ffeac2767f249c525fa - default default] Notify callbacks ['neutron.plugins.ml2.plugin.SecurityGroupServerNotifierRpcMixin.notify_sg_on_port_change-528964', 'neutron.plugins.ml2.ovo_rpc._ObjectChangeHandler.handle_event-4016128', 'neutron.api.rpc.agentnotifiers.dhcp_rpc_agent_api.DhcpAgentNotifyAPI._native_event_send_dhcp_notification-4063081', 'neutron.db.l3_db.L3RpcNotifierMixin._notify_routers_callback-8759915196636', 'neutron.services.segments.plugin.NovaSegmentNotifier._notify_port_created_or_deleted-3880636'] for port, after_delete _notify_loop /usr/lib/python3.9/site-packages/neutron_lib/callbacks/manager.py:200
2026-03-14 08:02:27.604 18 DEBUG neutron.api.rpc.handlers.resources_rpc [req-a87d4c5c-be41-48f6-b7a9-0b0edf3312be 6ff3fa67aeb843c0ae84cd43241c63c5 619350bf40c14ffeac2767f249c525fa - - -] Pushing event deleted for resources: {'Port': ['ID=e7067daa-0458-4a48-a395-27fc9568fb92,revision_number=None']} push /usr/lib/python3.9/site-packages/neutron/api/rpc/handlers/resources_rpc.py:237
2026-03-14 08:02:27.608 18 DEBUG neutron_lib.callbacks.manager [req-a87d4c5c-be41-48f6-b7a9-0b0edf3312be 6ff3fa67aeb843c0ae84cd43241c63c5 619350bf40c14ffeac2767f249c525fa - default default] Notify callbacks ['neutron.notifiers.nova.Notifier._send_nova_notification-4080196', 'neutron.api.rpc.agentnotifiers.dhcp_rpc_agent_api.DhcpAgentNotifyAPI._send_dhcp_notification-4063067'] for port, before_response _notify_loop /usr/lib/python3.9/site-packages/neutron_lib/callbacks/manager.py:200
2026-03-14 08:02:27.610 18 INFO neutron.wsgi [req-a87d4c5c-be41-48f6-b7a9-0b0edf3312be 6ff3fa67aeb843c0ae84cd43241c63c5 619350bf40c14ffeac2767f249c525fa - default default] 192.168.122.99,192.168.122.100 "DELETE /v2.0/ports/e7067daa-0458-4a48-a395-27fc9568fb92 HTTP/1.1" status: 204 len: 149 time: 0.2440836
2026-03-14 08:02:27.677 18 DEBUG neutron.pecan_wsgi.hooks.policy_enforcement [req-09ad04ee-1283-4705-a8b4-d1475aada5bd 6ff3fa67aeb843c0ae84cd43241c63c5 619350bf40c14ffeac2767f249c525fa - default default] Attributes excluded by policy engine: ['standard_attr_id'] _exclude_attributes_by_policy /usr/lib/python3.9/site-packages/neutron/pecan_wsgi/hooks/policy_enforcement.py:259
2026-03-14 08:02:27.677 18 DEBUG neutron.pecan_wsgi.hooks.policy_enforcement [req-09ad04ee-1283-4705-a8b4-d1475aada5bd 6ff3fa67aeb843c0ae84cd43241c63c5 619350bf40c14ffeac2767f249c525fa - default default] Attributes excluded by policy engine: ['standard_attr_id'] _exclude_attributes_by_policy /usr/lib/python3.9/site-packages/neutron/pecan_wsgi/hooks/policy_enforcement.py:259
2026-03-14 08:02:27.677 18 DEBUG neutron.pecan_wsgi.hooks.policy_enforcement [req-09ad04ee-1283-4705-a8b4-d1475aada5bd 6ff3fa67aeb843c0ae84cd43241c63c5 619350bf40c14ffeac2767f249c525fa - default default] Attributes excluded by policy engine: ['standard_attr_id'] _exclude_attributes_by_policy /usr/lib/python3.9/site-packages/neutron/pecan_wsgi/hooks/policy_enforcement.py:259
2026-03-14 08:02:27.678 18 INFO neutron.wsgi [req-09ad04ee-1283-4705-a8b4-d1475aada5bd 6ff3fa67aeb843c0ae84cd43241c63c5 619350bf40c14ffeac2767f249c525fa - default default] 192.168.122.99,192.168.122.100 "GET /v2.0/ports?network_id=d7711680-7d13-4f30-b0cc-34f2f84e6589&tags=tripleo_stack_name%3Dovercloud HTTP/1.1" status: 200 len: 2860 time: 0.0622253
2026-03-14 08:02:28.911 16 DEBUG neutron.wsgi [-] (16) accepted ('192.168.122.100', 41210) server /usr/lib/python3.9/site-packages/eventlet/wsgi.py:992
2026-03-14 08:02:28.913 16 INFO neutron.wsgi [-] 192.168.122.100 "GET /healthcheck HTTP/1.0" status: 200 len: 137 time: 0.0018868
2026-03-14 08:02:30.915 18 DEBUG neutron.wsgi [-] (18) accepted ('192.168.122.100', 45802) server /usr/lib/python3.9/site-packages/eventlet/wsgi.py:992
2026-03-14 08:02:30.918 18 INFO neutron.wsgi [-] 192.168.122.100 "GET /healthcheck HTTP/1.0" status: 200 len: 137 time: 0.0018296
2026-03-14 08:02:32.919 18 DEBUG neutron.wsgi [-] (18) accepted ('192.168.122.100', 45808) server /usr/lib/python3.9/site-packages/eventlet/wsgi.py:992
2026-03-14 08:02:32.921 18 INFO neutron.wsgi [-] 192.168.122.100 "GET /healthcheck HTTP/1.0" status: 200 len: 137 time: 0.0013325
2026-03-14 08:02:34.922 17 DEBUG neutron.wsgi [-] (17) accepted ('192.168.122.100', 45810) server /usr/lib/python3.9/site-packages/eventlet/wsgi.py:992
2026-03-14 08:02:34.927 17 INFO neutron.wsgi [-] 192.168.122.100 "GET /healthcheck HTTP/1.0" status: 200 len: 137 time: 0.0031884
2026-03-14 08:02:36.928 16 DEBUG neutron.wsgi [-] (16) accepted ('192.168.122.100', 45816) server /usr/lib/python3.9/site-packages/eventlet/wsgi.py:992
2026-03-14 08:02:36.931 16 INFO neutron.wsgi [-] 192.168.122.100 "GET /healthcheck HTTP/1.0" status: 200 len: 137 time: 0.0024524
2026-03-14 08:02:38.933 15 DEBUG neutron.wsgi [-] (15) accepted ('192.168.122.100', 45826) server /usr/lib/python3.9/site-packages/eventlet/wsgi.py:992
2026-03-14 08:02:38.937 15 INFO neutron.wsgi [-] 192.168.122.100 "GET /healthcheck HTTP/1.0" status: 200 len: 137 time: 0.0029807
2026-03-14 08:02:40.938 17 DEBUG neutron.wsgi [-] (17) accepted ('192.168.122.100', 41186) server /usr/lib/python3.9/site-packages/eventlet/wsgi.py:992
2026-03-14 08:02:40.941 17 INFO neutron.wsgi [-] 192.168.122.100 "GET /healthcheck HTTP/1.0" status: 200 len: 137 time: 0.0016856
2026-03-14 08:02:42.942 18 DEBUG neutron.wsgi [-] (18) accepted ('192.168.122.100', 41200) server /usr/lib/python3.9/site-packages/eventlet/wsgi.py:992
2026-03-14 08:02:42.945 18 INFO neutron.wsgi [-] 192.168.122.100 "GET /healthcheck HTTP/1.0" status: 200 len: 137 time: 0.0018115
2026-03-14 08:02:44.947 18 DEBUG neutron.wsgi [-] (18) accepted ('192.168.122.100', 41206) server /usr/lib/python3.9/site-packages/eventlet/wsgi.py:992
2026-03-14 08:02:44.950 18 INFO neutron.wsgi [-] 192.168.122.100 "GET /healthcheck HTTP/1.0" status: 200 len: 137 time: 0.0026474
2026-03-14 08:02:46.952 16 DEBUG neutron.wsgi [-] (16) accepted ('192.168.122.100', 41218) server /usr/lib/python3.9/site-packages/eventlet/wsgi.py:992
2026-03-14 08:02:46.956 16 INFO neutron.wsgi [-] 192.168.122.100 "GET /healthcheck HTTP/1.0" status: 200 len: 137 time: 0.0024564
2026-03-14 08:02:48.957 16 DEBUG neutron.wsgi [-] (16) accepted ('192.168.122.100', 41220) server /usr/lib/python3.9/site-packages/eventlet/wsgi.py:992
2026-03-14 08:02:48.961 16 INFO neutron.wsgi [-] 192.168.122.100 "GET /healthcheck HTTP/1.0" status: 200 len: 137 time: 0.0027153
2026-03-14 08:02:50.518 18 DEBUG neutron.wsgi [-] (18) accepted ('192.168.122.100', 58510) server /usr/lib/python3.9/site-packages/eventlet/wsgi.py:992
2026-03-14 08:02:50.520 18 INFO neutron.wsgi [-] 192.168.122.100 "GET / HTTP/1.1" status: 200 len: 233 time: 0.0013068
2026-03-14 08:02:50.963 16 DEBUG neutron.wsgi [-] (16) accepted ('192.168.122.100', 58514) server /usr/lib/python3.9/site-packages/eventlet/wsgi.py:992
2026-03-14 08:02:50.967 16 INFO neutron.wsgi [-] 192.168.122.100 "GET /healthcheck HTTP/1.0" status: 200 len: 137 time: 0.0027966
2026-03-14 08:02:52.969 18 DEBUG neutron.wsgi [-] (18) accepted ('192.168.122.100', 58520) server /usr/lib/python3.9/site-packages/eventlet/wsgi.py:992
2026-03-14 08:02:52.971 18 INFO neutron.wsgi [-] 192.168.122.100 "GET /healthcheck HTTP/1.0" status: 200 len: 137 time: 0.0017679
2026-03-14 08:02:54.973 15 DEBUG neutron.wsgi [-] (15) accepted ('192.168.122.100', 58534) server /usr/lib/python3.9/site-packages/eventlet/wsgi.py:992
2026-03-14 08:02:54.977 15 INFO neutron.wsgi [-] 192.168.122.100 "GET /healthcheck HTTP/1.0" status: 200 len: 137 time: 0.0024827
2026-03-14 08:02:56.978 15 DEBUG neutron.wsgi [-] (15) accepted ('192.168.122.100', 58544) server /usr/lib/python3.9/site-packages/eventlet/wsgi.py:992
2026-03-14 08:02:56.982 15 INFO neutron.wsgi [-] 192.168.122.100 "GET /healthcheck HTTP/1.0" status: 200 len: 137 time: 0.0024793
2026-03-14 08:02:58.984 15 DEBUG neutron.wsgi [-] (15) accepted ('192.168.122.100', 58546) server /usr/lib/python3.9/site-packages/eventlet/wsgi.py:992
2026-03-14 08:02:58.990 15 INFO neutron.wsgi [-] 192.168.122.100 "GET /healthcheck HTTP/1.0" status: 200 len: 137 time: 0.0040672
2026-03-14 08:03:00.991 16 DEBUG neutron.wsgi [-] (16) accepted ('192.168.122.100', 37496) server /usr/lib/python3.9/site-packages/eventlet/wsgi.py:992
2026-03-14 08:03:00.995 16 INFO neutron.wsgi [-] 192.168.122.100 "GET /healthcheck HTTP/1.0" status: 200 len: 137 time: 0.0027444
2026-03-14 08:03:02.996 17 DEBUG neutron.wsgi [-] (17) accepted ('192.168.122.100', 37512) server /usr/lib/python3.9/site-packages/eventlet/wsgi.py:992
2026-03-14 08:03:03.001 17 INFO neutron.wsgi [-] 192.168.122.100 "GET /healthcheck HTTP/1.0" status: 200 len: 137 time: 0.0032880
2026-03-14 08:03:05.002 17 DEBUG neutron.wsgi [-] (17) accepted ('192.168.122.100', 37524) server /usr/lib/python3.9/site-packages/eventlet/wsgi.py:992
2026-03-14 08:03:05.006 17 INFO neutron.wsgi [-] 192.168.122.100 "GET /healthcheck HTTP/1.0" status: 200 len: 137 time: 0.0030642
2026-03-14 08:03:07.008 18 DEBUG neutron.wsgi [-] (18) accepted ('192.168.122.100', 37534) server /usr/lib/python3.9/site-packages/eventlet/wsgi.py:992
2026-03-14 08:03:07.012 18 INFO neutron.wsgi [-] 192.168.122.100 "GET /healthcheck HTTP/1.0" status: 200 len: 137 time: 0.0024836
2026-03-14 08:03:09.013 18 DEBUG neutron.wsgi [-] (18) accepted ('192.168.122.100', 37540) server /usr/lib/python3.9/site-packages/eventlet/wsgi.py:992
2026-03-14 08:03:09.017 18 INFO neutron.wsgi [-] 192.168.122.100 "GET /healthcheck HTTP/1.0" status: 200 len: 137 time: 0.0024788
2026-03-14 08:03:11.018 17 DEBUG neutron.wsgi [-] (17) accepted ('192.168.122.100', 50166) server /usr/lib/python3.9/site-packages/eventlet/wsgi.py:992
2026-03-14 08:03:11.021 17 INFO neutron.wsgi [-] 192.168.122.100 "GET /healthcheck HTTP/1.0" status: 200 len: 137 time: 0.0013602
2026-03-14 08:03:13.022 17 DEBUG neutron.wsgi [-] (17) accepted ('192.168.122.100', 50180) server /usr/lib/python3.9/site-packages/eventlet/wsgi.py:992
2026-03-14 08:03:13.026 17 INFO neutron.wsgi [-] 192.168.122.100 "GET /healthcheck HTTP/1.0" status: 200 len: 137 time: 0.0030298
2026-03-14 08:03:15.028 17 DEBUG neutron.wsgi [-] (17) accepted ('192.168.122.100', 50196) server /usr/lib/python3.9/site-packages/eventlet/wsgi.py:992
2026-03-14 08:03:15.032 17 INFO neutron.wsgi [-] 192.168.122.100 "GET /healthcheck HTTP/1.0" status: 200 len: 137 time: 0.0024557
2026-03-14 08:03:17.033 18 DEBUG neutron.wsgi [-] (18) accepted ('192.168.122.100', 50208) server /usr/lib/python3.9/site-packages/eventlet/wsgi.py:992
2026-03-14 08:03:17.037 18 INFO neutron.wsgi [-] 192.168.122.100 "GET /healthcheck HTTP/1.0" status: 200 len: 137 time: 0.0024328
2026-03-14 08:03:19.039 17 DEBUG neutron.wsgi [-] (17) accepted ('192.168.122.100', 50210) server /usr/lib/python3.9/site-packages/eventlet/wsgi.py:992
2026-03-14 08:03:19.042 17 INFO neutron.wsgi [-] 192.168.122.100 "GET /healthcheck HTTP/1.0" status: 200 len: 137 time: 0.0022478
2026-03-14 08:03:21.044 15 DEBUG neutron.wsgi [-] (15) accepted ('192.168.122.100', 58616) server /usr/lib/python3.9/site-packages/eventlet/wsgi.py:992
2026-03-14 08:03:21.047 15 INFO neutron.wsgi [-] 192.168.122.100 "GET /healthcheck HTTP/1.0" status: 200 len: 137 time: 0.0019109
2026-03-14 08:03:21.386 15 DEBUG neutron.wsgi [-] (15) accepted ('192.168.122.100', 58624) server /usr/lib/python3.9/site-packages/eventlet/wsgi.py:992
2026-03-14 08:03:21.390 15 INFO neutron.wsgi [-] 192.168.122.100 "GET / HTTP/1.1" status: 200 len: 233 time: 0.0025747
2026-03-14 08:03:23.048 17 DEBUG neutron.wsgi [-] (17) accepted ('192.168.122.100', 58636) server /usr/lib/python3.9/site-packages/eventlet/wsgi.py:992
2026-03-14 08:03:23.053 17 INFO neutron.wsgi [-] 192.168.122.100 "GET /healthcheck HTTP/1.0" status: 200 len: 137 time: 0.0027139
2026-03-14 08:03:25.054 17 DEBUG neutron.wsgi [-] (17) accepted ('192.168.122.100', 58650) server /usr/lib/python3.9/site-packages/eventlet/wsgi.py:992
2026-03-14 08:03:25.058 17 INFO neutron.wsgi [-] 192.168.122.100 "GET /healthcheck HTTP/1.0" status: 200 len: 137 time: 0.0025380
2026-03-14 08:03:27.060 15 DEBUG neutron.wsgi [-] (15) accepted ('192.168.122.100', 58658) server /usr/lib/python3.9/site-packages/eventlet/wsgi.py:992
2026-03-14 08:03:27.064 15 INFO neutron.wsgi [-] 192.168.122.100 "GET /healthcheck HTTP/1.0" status: 200 len: 137 time: 0.0026660
2026-03-14 08:03:29.065 15 DEBUG neutron.wsgi [-] (15) accepted ('192.168.122.100', 58670) server /usr/lib/python3.9/site-packages/eventlet/wsgi.py:992
2026-03-14 08:03:29.067 15 INFO neutron.wsgi [-] 192.168.122.100 "GET /healthcheck HTTP/1.0" status: 200 len: 137 time: 0.0016439
2026-03-14 08:03:31.069 15 DEBUG neutron.wsgi [-] (15) accepted ('192.168.122.100', 35688) server /usr/lib/python3.9/site-packages/eventlet/wsgi.py:992
2026-03-14 08:03:31.071 15 INFO neutron.wsgi [-] 192.168.122.100 "GET /healthcheck HTTP/1.0" status: 200 len: 137 time: 0.0014093
2026-03-14 08:03:33.073 15 DEBUG neutron.wsgi [-] (15) accepted ('192.168.122.100', 35704) server /usr/lib/python3.9/site-packages/eventlet/wsgi.py:992
2026-03-14 08:03:33.077 15 INFO neutron.wsgi [-] 192.168.122.100 "GET /healthcheck HTTP/1.0" status: 200 len: 137 time: 0.0024750
2026-03-14 08:03:35.078 17 DEBUG neutron.wsgi [-] (17) accepted ('192.168.122.100', 35712) server /usr/lib/python3.9/site-packages/eventlet/wsgi.py:992
2026-03-14 08:03:35.081 17 INFO neutron.wsgi [-] 192.168.122.100 "GET /healthcheck HTTP/1.0" status: 200 len: 137 time: 0.0021768
2026-03-14 08:03:37.083 15 DEBUG neutron.wsgi [-] (15) accepted ('192.168.122.100', 35724) server /usr/lib/python3.9/site-packages/eventlet/wsgi.py:992
2026-03-14 08:03:37.085 15 INFO neutron.wsgi [-] 192.168.122.100 "GET /healthcheck HTTP/1.0" status: 200 len: 137 time: 0.0012825
2026-03-14 08:03:39.086 15 DEBUG neutron.wsgi [-] (15) accepted ('192.168.122.100', 35736) server /usr/lib/python3.9/site-packages/eventlet/wsgi.py:992
2026-03-14 08:03:39.090 15 INFO neutron.wsgi [-] 192.168.122.100 "GET /healthcheck HTTP/1.0" status: 200 len: 137 time: 0.0026653
2026-03-14 08:03:41.091 17 DEBUG neutron.wsgi [-] (17) accepted ('192.168.122.100', 39552) server /usr/lib/python3.9/site-packages/eventlet/wsgi.py:992
2026-03-14 08:03:41.095 17 INFO neutron.wsgi [-] 192.168.122.100 "GET /healthcheck HTTP/1.0" status: 200 len: 137 time: 0.0025864
2026-03-14 08:03:43.096 15 DEBUG neutron.wsgi [-] (15) accepted ('192.168.122.100', 39556) server /usr/lib/python3.9/site-packages/eventlet/wsgi.py:992
2026-03-14 08:03:43.100 15 INFO neutron.wsgi [-] 192.168.122.100 "GET /healthcheck HTTP/1.0" status: 200 len: 137 time: 0.0024850
2026-03-14 08:03:45.101 15 DEBUG neutron.wsgi [-] (15) accepted ('192.168.122.100', 39562) server /usr/lib/python3.9/site-packages/eventlet/wsgi.py:992
2026-03-14 08:03:45.105 15 INFO neutron.wsgi [-] 192.168.122.100 "GET /healthcheck HTTP/1.0" status: 200 len: 137 time: 0.0027969
2026-03-14 08:03:47.106 18 DEBUG neutron.wsgi [-] (18) accepted ('192.168.122.100', 39578) server /usr/lib/python3.9/site-packages/eventlet/wsgi.py:992
2026-03-14 08:03:47.109 18 INFO neutron.wsgi [-] 192.168.122.100 "GET /healthcheck HTTP/1.0" status: 200 len: 137 time: 0.0014861
2026-03-14 08:03:49.110 15 DEBUG neutron.wsgi [-] (15) accepted ('192.168.122.100', 39586) server /usr/lib/python3.9/site-packages/eventlet/wsgi.py:992
2026-03-14 08:03:49.112 15 INFO neutron.wsgi [-] 192.168.122.100 "GET /healthcheck HTTP/1.0" status: 200 len: 137 time: 0.0016510
2026-03-14 08:03:51.114 17 DEBUG neutron.wsgi [-] (17) accepted ('192.168.122.100', 38352) server /usr/lib/python3.9/site-packages/eventlet/wsgi.py:992
2026-03-14 08:03:51.118 17 INFO neutron.wsgi [-] 192.168.122.100 "GET /healthcheck HTTP/1.0" status: 200 len: 137 time: 0.0028896
2026-03-14 08:03:52.312 16 DEBUG neutron.wsgi [-] (16) accepted ('192.168.122.100', 38358) server /usr/lib/python3.9/site-packages/eventlet/wsgi.py:992
2026-03-14 08:03:52.315 16 INFO neutron.wsgi [-] 192.168.122.100 "GET / HTTP/1.1" status: 200 len: 233 time: 0.0019748
2026-03-14 08:03:53.120 16 DEBUG neutron.wsgi [-] (16) accepted ('192.168.122.100', 38370) server /usr/lib/python3.9/site-packages/eventlet/wsgi.py:992
2026-03-14 08:03:53.123 16 INFO neutron.wsgi [-] 192.168.122.100 "GET /healthcheck HTTP/1.0" status: 200 len: 137 time: 0.0028093
2026-03-14 08:03:55.125 18 DEBUG neutron.wsgi [-] (18) accepted ('192.168.122.100', 38386) server /usr/lib/python3.9/site-packages/eventlet/wsgi.py:992
2026-03-14 08:03:55.128 18 INFO neutron.wsgi [-] 192.168.122.100 "GET /healthcheck HTTP/1.0" status: 200 len: 137 time: 0.0018017
2026-03-14 08:03:57.129 15 DEBUG neutron.wsgi [-] (15) accepted ('192.168.122.100', 38392) server /usr/lib/python3.9/site-packages/eventlet/wsgi.py:992
2026-03-14 08:03:57.133 15 INFO neutron.wsgi [-] 192.168.122.100 "GET /healthcheck HTTP/1.0" status: 200 len: 137 time: 0.0026023
2026-03-14 08:03:59.134 15 DEBUG neutron.wsgi [-] (15) accepted ('192.168.122.100', 38402) server /usr/lib/python3.9/site-packages/eventlet/wsgi.py:992
2026-03-14 08:03:59.137 15 INFO neutron.wsgi [-] 192.168.122.100 "GET /healthcheck HTTP/1.0" status: 200 len: 137 time: 0.0018163
2026-03-14 08:04:01.138 16 DEBUG neutron.wsgi [-] (16) accepted ('192.168.122.100', 39724) server /usr/lib/python3.9/site-packages/eventlet/wsgi.py:992
2026-03-14 08:04:01.140 16 INFO neutron.wsgi [-] 192.168.122.100 "GET /healthcheck HTTP/1.0" status: 200 len: 137 time: 0.0012867
2026-03-14 08:04:03.141 17 DEBUG neutron.wsgi [-] (17) accepted ('192.168.122.100', 39730) server /usr/lib/python3.9/site-packages/eventlet/wsgi.py:992
2026-03-14 08:04:03.146 17 INFO neutron.wsgi [-] 192.168.122.100 "GET /healthcheck HTTP/1.0" status: 200 len: 137 time: 0.0030086
2026-03-14 08:04:05.147 17 DEBUG neutron.wsgi [-] (17) accepted ('192.168.122.100', 39740) server /usr/lib/python3.9/site-packages/eventlet/wsgi.py:992
2026-03-14 08:04:05.151 17 INFO neutron.wsgi [-] 192.168.122.100 "GET /healthcheck HTTP/1.0" status: 200 len: 137 time: 0.0025384
2026-03-14 08:04:07.152 17 DEBUG neutron.wsgi [-] (17) accepted ('192.168.122.100', 39748) server /usr/lib/python3.9/site-packages/eventlet/wsgi.py:992
2026-03-14 08:04:07.155 17 INFO neutron.wsgi [-] 192.168.122.100 "GET /healthcheck HTTP/1.0" status: 200 len: 137 time: 0.0016546
2026-03-14 08:04:09.156 18 DEBUG neutron.wsgi [-] (18) accepted ('192.168.122.100', 39756) server /usr/lib/python3.9/site-packages/eventlet/wsgi.py:992
2026-03-14 08:04:09.159 18 INFO neutron.wsgi [-] 192.168.122.100 "GET /healthcheck HTTP/1.0" status: 200 len: 137 time: 0.0022223
2026-03-14 08:04:11.161 16 DEBUG neutron.wsgi [-] (16) accepted ('192.168.122.100', 46044) server /usr/lib/python3.9/site-packages/eventlet/wsgi.py:992
2026-03-14 08:04:11.165 16 INFO neutron.wsgi [-] 192.168.122.100 "GET /healthcheck HTTP/1.0" status: 200 len: 137 time: 0.0025640
2026-03-14 08:04:13.166 18 DEBUG neutron.wsgi [-] (18) accepted ('192.168.122.100', 46054) server /usr/lib/python3.9/site-packages/eventlet/wsgi.py:992
2026-03-14 08:04:13.170 18 INFO neutron.wsgi [-] 192.168.122.100 "GET /healthcheck HTTP/1.0" status: 200 len: 137 time: 0.0028911
2026-03-14 08:04:15.172 18 DEBUG neutron.wsgi [-] (18) accepted ('192.168.122.100', 46060) server /usr/lib/python3.9/site-packages/eventlet/wsgi.py:992
2026-03-14 08:04:15.176 18 INFO neutron.wsgi [-] 192.168.122.100 "GET /healthcheck HTTP/1.0" status: 200 len: 137 time: 0.0026741
2026-03-14 08:04:17.179 15 DEBUG neutron.wsgi [-] (15) accepted ('192.168.122.100', 46064) server /usr/lib/python3.9/site-packages/eventlet/wsgi.py:992
2026-03-14 08:04:17.183 15 INFO neutron.wsgi [-] 192.168.122.100 "GET /healthcheck HTTP/1.0" status: 200 len: 137 time: 0.0029411
2026-03-14 08:04:19.184 16 DEBUG neutron.wsgi [-] (16) accepted ('192.168.122.100', 46070) server /usr/lib/python3.9/site-packages/eventlet/wsgi.py:992
2026-03-14 08:04:19.186 16 INFO neutron.wsgi [-] 192.168.122.100 "GET /healthcheck HTTP/1.0" status: 200 len: 137 time: 0.0013313
2026-03-14 08:04:21.187 18 DEBUG neutron.wsgi [-] (18) accepted ('192.168.122.100', 45092) server /usr/lib/python3.9/site-packages/eventlet/wsgi.py:992
2026-03-14 08:04:21.189 18 INFO neutron.wsgi [-] 192.168.122.100 "GET /healthcheck HTTP/1.0" status: 200 len: 137 time: 0.0013511
2026-03-14 08:04:23.191 17 DEBUG neutron.wsgi [-] (17) accepted ('192.168.122.100', 45106) server /usr/lib/python3.9/site-packages/eventlet/wsgi.py:992
2026-03-14 08:04:23.194 17 INFO neutron.wsgi [-] 192.168.122.100 "GET /healthcheck HTTP/1.0" status: 200 len: 137 time: 0.0018673
2026-03-14 08:04:23.253 17 DEBUG neutron.wsgi [-] (17) accepted ('192.168.122.100', 45116) server /usr/lib/python3.9/site-packages/eventlet/wsgi.py:992
2026-03-14 08:04:23.256 17 INFO neutron.wsgi [-] 192.168.122.100 "GET / HTTP/1.1" status: 200 len: 233 time: 0.0017228
2026-03-14 08:04:25.196 16 DEBUG neutron.wsgi [-] (16) accepted ('192.168.122.100', 45126) server /usr/lib/python3.9/site-packages/eventlet/wsgi.py:992
2026-03-14 08:04:25.200 16 INFO neutron.wsgi [-] 192.168.122.100 "GET /healthcheck HTTP/1.0" status: 200 len: 137 time: 0.0024540
2026-03-14 08:04:27.201 15 DEBUG neutron.wsgi [-] (15) accepted ('192.168.122.100', 45136) server /usr/lib/python3.9/site-packages/eventlet/wsgi.py:992
2026-03-14 08:04:27.205 15 INFO neutron.wsgi [-] 192.168.122.100 "GET /healthcheck HTTP/1.0" status: 200 len: 137 time: 0.0028603
2026-03-14 08:04:29.207 15 DEBUG neutron.wsgi [-] (15) accepted ('192.168.122.100', 45146) server /usr/lib/python3.9/site-packages/eventlet/wsgi.py:992
2026-03-14 08:04:29.211 15 INFO neutron.wsgi [-] 192.168.122.100 "GET /healthcheck HTTP/1.0" status: 200 len: 137 time: 0.0029993
2026-03-14 08:04:31.213 17 DEBUG neutron.wsgi [-] (17) accepted ('192.168.122.100', 50464) server /usr/lib/python3.9/site-packages/eventlet/wsgi.py:992
2026-03-14 08:04:31.215 17 INFO neutron.wsgi [-] 192.168.122.100 "GET /healthcheck HTTP/1.0" status: 200 len: 137 time: 0.0013690
