2026-03-14 07:49:51.191 18 DEBUG neutron.wsgi [-] (18) accepted ('192.168.122.100', 44822) server /usr/lib/python3.9/site-packages/eventlet/wsgi.py:992
2026-03-14 07:49:51.194 18 INFO neutron.wsgi [-] 192.168.122.100 "GET /healthcheck HTTP/1.0" status: 200 len: 137 time: 0.0016320
2026-03-14 07:49:53.197 16 DEBUG neutron.wsgi [-] (16) accepted ('192.168.122.100', 44830) server /usr/lib/python3.9/site-packages/eventlet/wsgi.py:992
2026-03-14 07:49:53.199 16 INFO neutron.wsgi [-] 192.168.122.100 "GET /healthcheck HTTP/1.0" status: 200 len: 137 time: 0.0013599
2026-03-14 07:49:55.200 15 DEBUG neutron.wsgi [-] (15) accepted ('192.168.122.100', 44844) server /usr/lib/python3.9/site-packages/eventlet/wsgi.py:992
2026-03-14 07:49:55.204 15 INFO neutron.wsgi [-] 192.168.122.100 "GET /healthcheck HTTP/1.0" status: 200 len: 137 time: 0.0026374
2026-03-14 07:49:57.206 16 DEBUG neutron.wsgi [-] (16) accepted ('192.168.122.100', 44858) server /usr/lib/python3.9/site-packages/eventlet/wsgi.py:992
2026-03-14 07:49:57.209 16 INFO neutron.wsgi [-] 192.168.122.100 "GET /healthcheck HTTP/1.0" status: 200 len: 137 time: 0.0012939
2026-03-14 07:49:59.210 17 DEBUG neutron.wsgi [-] (17) accepted ('192.168.122.100', 44874) server /usr/lib/python3.9/site-packages/eventlet/wsgi.py:992
2026-03-14 07:49:59.213 17 INFO neutron.wsgi [-] 192.168.122.100 "GET /healthcheck HTTP/1.0" status: 200 len: 137 time: 0.0019076
2026-03-14 07:49:59.386 16 DEBUG neutron.wsgi [-] (16) accepted ('192.168.122.100', 44876) server /usr/lib/python3.9/site-packages/eventlet/wsgi.py:992
2026-03-14 07:49:59.388 16 INFO neutron.wsgi [-] 192.168.122.100 "GET / HTTP/1.1" status: 200 len: 233 time: 0.0019364
2026-03-14 07:50:01.214 17 DEBUG neutron.wsgi [-] (17) accepted ('192.168.122.100', 58462) server /usr/lib/python3.9/site-packages/eventlet/wsgi.py:992
2026-03-14 07:50:01.218 17 INFO neutron.wsgi [-] 192.168.122.100 "GET /healthcheck HTTP/1.0" status: 200 len: 137 time: 0.0025852
2026-03-14 07:50:03.219 17 DEBUG neutron.wsgi [-] (17) accepted ('192.168.122.100', 58476) server /usr/lib/python3.9/site-packages/eventlet/wsgi.py:992
2026-03-14 07:50:03.224 17 INFO neutron.wsgi [-] 192.168.122.100 "GET /healthcheck HTTP/1.0" status: 200 len: 137 time: 0.0030556
2026-03-14 07:50:05.225 15 DEBUG neutron.wsgi [-] (15) accepted ('192.168.122.100', 58490) server /usr/lib/python3.9/site-packages/eventlet/wsgi.py:992
2026-03-14 07:50:05.229 15 INFO neutron.wsgi [-] 192.168.122.100 "GET /healthcheck HTTP/1.0" status: 200 len: 137 time: 0.0024865
2026-03-14 07:50:07.230 16 DEBUG neutron.wsgi [-] (16) accepted ('192.168.122.100', 58502) server /usr/lib/python3.9/site-packages/eventlet/wsgi.py:992
2026-03-14 07:50:07.232 16 INFO neutron.wsgi [-] 192.168.122.100 "GET /healthcheck HTTP/1.0" status: 200 len: 137 time: 0.0018036
2026-03-14 07:50:09.234 15 DEBUG neutron.wsgi [-] (15) accepted ('192.168.122.100', 58518) server /usr/lib/python3.9/site-packages/eventlet/wsgi.py:992
2026-03-14 07:50:09.239 15 INFO neutron.wsgi [-] 192.168.122.100 "GET /healthcheck HTTP/1.0" status: 200 len: 137 time: 0.0037131
2026-03-14 07:50:11.241 15 DEBUG neutron.wsgi [-] (15) accepted ('192.168.122.100', 54930) server /usr/lib/python3.9/site-packages/eventlet/wsgi.py:992
2026-03-14 07:50:11.249 15 INFO neutron.wsgi [-] 192.168.122.100 "GET /healthcheck HTTP/1.0" status: 200 len: 137 time: 0.0064771
2026-03-14 07:50:13.250 15 DEBUG neutron.wsgi [-] (15) accepted ('192.168.122.100', 54944) server /usr/lib/python3.9/site-packages/eventlet/wsgi.py:992
2026-03-14 07:50:13.253 15 INFO neutron.wsgi [-] 192.168.122.100 "GET /healthcheck HTTP/1.0" status: 200 len: 137 time: 0.0016298
2026-03-14 07:50:15.254 17 DEBUG neutron.wsgi [-] (17) accepted ('192.168.122.100', 54960) server /usr/lib/python3.9/site-packages/eventlet/wsgi.py:992
2026-03-14 07:50:15.259 17 INFO neutron.wsgi [-] 192.168.122.100 "GET /healthcheck HTTP/1.0" status: 200 len: 137 time: 0.0035436
2026-03-14 07:50:17.261 17 DEBUG neutron.wsgi [-] (17) accepted ('192.168.122.100', 54972) server /usr/lib/python3.9/site-packages/eventlet/wsgi.py:992
2026-03-14 07:50:17.265 17 INFO neutron.wsgi [-] 192.168.122.100 "GET /healthcheck HTTP/1.0" status: 200 len: 137 time: 0.0026867
2026-03-14 07:50:19.268 16 DEBUG neutron.wsgi [-] (16) accepted ('192.168.122.100', 54982) server /usr/lib/python3.9/site-packages/eventlet/wsgi.py:992
2026-03-14 07:50:19.270 16 INFO neutron.wsgi [-] 192.168.122.100 "GET /healthcheck HTTP/1.0" status: 200 len: 137 time: 0.0013158
2026-03-14 07:50:21.271 16 DEBUG neutron.wsgi [-] (16) accepted ('192.168.122.100', 58554) server /usr/lib/python3.9/site-packages/eventlet/wsgi.py:992
2026-03-14 07:50:21.274 16 INFO neutron.wsgi [-] 192.168.122.100 "GET /healthcheck HTTP/1.0" status: 200 len: 137 time: 0.0017083
2026-03-14 07:50:23.275 16 DEBUG neutron.wsgi [-] (16) accepted ('192.168.122.100', 58562) server /usr/lib/python3.9/site-packages/eventlet/wsgi.py:992
2026-03-14 07:50:23.279 16 INFO neutron.wsgi [-] 192.168.122.100 "GET /healthcheck HTTP/1.0" status: 200 len: 137 time: 0.0027707
2026-03-14 07:50:25.281 18 DEBUG neutron.wsgi [-] (18) accepted ('192.168.122.100', 58572) server /usr/lib/python3.9/site-packages/eventlet/wsgi.py:992
2026-03-14 07:50:25.285 18 INFO neutron.wsgi [-] 192.168.122.100 "GET /healthcheck HTTP/1.0" status: 200 len: 137 time: 0.0024834
2026-03-14 07:50:27.288 18 DEBUG neutron.wsgi [-] (18) accepted ('192.168.122.100', 58588) server /usr/lib/python3.9/site-packages/eventlet/wsgi.py:992
2026-03-14 07:50:27.291 18 INFO neutron.wsgi [-] 192.168.122.100 "GET /healthcheck HTTP/1.0" status: 200 len: 137 time: 0.0023811
2026-03-14 07:50:29.293 15 DEBUG neutron.wsgi [-] (15) accepted ('192.168.122.100', 58594) server /usr/lib/python3.9/site-packages/eventlet/wsgi.py:992
2026-03-14 07:50:29.296 15 INFO neutron.wsgi [-] 192.168.122.100 "GET /healthcheck HTTP/1.0" status: 200 len: 137 time: 0.0019226
2026-03-14 07:50:30.261 15 DEBUG neutron.wsgi [-] (15) accepted ('192.168.122.100', 46746) server /usr/lib/python3.9/site-packages/eventlet/wsgi.py:992
2026-03-14 07:50:30.266 15 INFO neutron.wsgi [-] 192.168.122.100 "GET / HTTP/1.1" status: 200 len: 233 time: 0.0039678
2026-03-14 07:50:31.297 17 DEBUG neutron.wsgi [-] (17) accepted ('192.168.122.100', 46750) server /usr/lib/python3.9/site-packages/eventlet/wsgi.py:992
2026-03-14 07:50:31.301 17 INFO neutron.wsgi [-] 192.168.122.100 "GET /healthcheck HTTP/1.0" status: 200 len: 137 time: 0.0025196
2026-03-14 07:50:33.302 17 DEBUG neutron.wsgi [-] (17) accepted ('192.168.122.100', 46766) server /usr/lib/python3.9/site-packages/eventlet/wsgi.py:992
2026-03-14 07:50:33.306 17 INFO neutron.wsgi [-] 192.168.122.100 "GET /healthcheck HTTP/1.0" status: 200 len: 137 time: 0.0024643
2026-03-14 07:50:35.308 16 DEBUG neutron.wsgi [-] (16) accepted ('192.168.122.100', 46778) server /usr/lib/python3.9/site-packages/eventlet/wsgi.py:992
2026-03-14 07:50:35.310 16 INFO neutron.wsgi [-] 192.168.122.100 "GET /healthcheck HTTP/1.0" status: 200 len: 137 time: 0.0012791
2026-03-14 07:50:37.311 16 DEBUG neutron.wsgi [-] (16) accepted ('192.168.122.100', 46788) server /usr/lib/python3.9/site-packages/eventlet/wsgi.py:992
2026-03-14 07:50:37.314 16 INFO neutron.wsgi [-] 192.168.122.100 "GET /healthcheck HTTP/1.0" status: 200 len: 137 time: 0.0015740
2026-03-14 07:50:39.316 15 DEBUG neutron.wsgi [-] (15) accepted ('192.168.122.100', 46802) server /usr/lib/python3.9/site-packages/eventlet/wsgi.py:992
2026-03-14 07:50:39.319 15 INFO neutron.wsgi [-] 192.168.122.100 "GET /healthcheck HTTP/1.0" status: 200 len: 137 time: 0.0026588
2026-03-14 07:50:41.321 16 DEBUG neutron.wsgi [-] (16) accepted ('192.168.122.100', 46548) server /usr/lib/python3.9/site-packages/eventlet/wsgi.py:992
2026-03-14 07:50:41.324 16 INFO neutron.wsgi [-] 192.168.122.100 "GET /healthcheck HTTP/1.0" status: 200 len: 137 time: 0.0017905
2026-03-14 07:50:43.325 17 DEBUG neutron.wsgi [-] (17) accepted ('192.168.122.100', 46560) server /usr/lib/python3.9/site-packages/eventlet/wsgi.py:992
2026-03-14 07:50:43.327 17 INFO neutron.wsgi [-] 192.168.122.100 "GET /healthcheck HTTP/1.0" status: 200 len: 137 time: 0.0014081
2026-03-14 07:50:45.328 15 DEBUG neutron.wsgi [-] (15) accepted ('192.168.122.100', 46574) server /usr/lib/python3.9/site-packages/eventlet/wsgi.py:992
2026-03-14 07:50:45.332 15 INFO neutron.wsgi [-] 192.168.122.100 "GET /healthcheck HTTP/1.0" status: 200 len: 137 time: 0.0025177
2026-03-14 07:50:47.333 17 DEBUG neutron.wsgi [-] (17) accepted ('192.168.122.100', 46578) server /usr/lib/python3.9/site-packages/eventlet/wsgi.py:992
2026-03-14 07:50:47.336 17 INFO neutron.wsgi [-] 192.168.122.100 "GET /healthcheck HTTP/1.0" status: 200 len: 137 time: 0.0019574
2026-03-14 07:50:49.337 18 DEBUG neutron.wsgi [-] (18) accepted ('192.168.122.100', 46586) server /usr/lib/python3.9/site-packages/eventlet/wsgi.py:992
2026-03-14 07:50:49.339 18 INFO neutron.wsgi [-] 192.168.122.100 "GET /healthcheck HTTP/1.0" status: 200 len: 137 time: 0.0012929
2026-03-14 07:50:50.846 16 DEBUG neutron.wsgi [-] (16) accepted ('192.168.122.100', 35486) server /usr/lib/python3.9/site-packages/eventlet/wsgi.py:992
2026-03-14 07:50:51.341 16 DEBUG neutron.wsgi [-] (16) accepted ('192.168.122.100', 35494) server /usr/lib/python3.9/site-packages/eventlet/wsgi.py:992
2026-03-14 07:50:51.344 16 INFO neutron.wsgi [-] 192.168.122.100 "GET /healthcheck HTTP/1.0" status: 200 len: 137 time: 0.0025413
2026-03-14 07:50:51.555 16 DEBUG neutron.policy [req-e07794ed-e54d-48bb-8ae8-584a2726734b 6ff3fa67aeb843c0ae84cd43241c63c5 619350bf40c14ffeac2767f249c525fa - default default] Loaded default policies from ['networking-bgpvpn', 'neutron'] under neutron.policies entry points register_rules /usr/lib/python3.9/site-packages/neutron/policy.py:73
2026-03-14 07:50:51.579 16 INFO neutron.wsgi [req-e07794ed-e54d-48bb-8ae8-584a2726734b 6ff3fa67aeb843c0ae84cd43241c63c5 619350bf40c14ffeac2767f249c525fa - default default] 192.168.122.99,192.168.122.100 "GET /v2.0/networks?name=ctlplane HTTP/1.1" status: 200 len: 189 time: 0.7321827
2026-03-14 07:50:51.586 16 DEBUG neutron.api.v2.base [req-0d76ecca-85a4-41c7-961f-65517e11cf7e 6ff3fa67aeb843c0ae84cd43241c63c5 619350bf40c14ffeac2767f249c525fa - default default] Request body: {'network': {'provider:network_type': 'flat', 'mtu': 1450, 'dns_domain': 'ctlplane.ooo.test.', 'provider:physical_network': 'ctlplane', 'name': 'ctlplane'}} prepare_request_body /usr/lib/python3.9/site-packages/neutron/api/v2/base.py:729
2026-03-14 07:50:51.602 16 DEBUG neutron.pecan_wsgi.hooks.quota_enforcement [req-0d76ecca-85a4-41c7-961f-65517e11cf7e 6ff3fa67aeb843c0ae84cd43241c63c5 619350bf40c14ffeac2767f249c525fa - default default] Made reservation on behalf of 619350bf40c14ffeac2767f249c525fa for: {'network': 1} before /usr/lib/python3.9/site-packages/neutron/pecan_wsgi/hooks/quota_enforcement.py:53
2026-03-14 07:50:51.604 16 DEBUG neutron_lib.callbacks.manager [req-0d76ecca-85a4-41c7-961f-65517e11cf7e 6ff3fa67aeb843c0ae84cd43241c63c5 619350bf40c14ffeac2767f249c525fa - default default] Notify callbacks ['neutron.plugins.ml2.plugin.SecurityGroupDbMixin._ensure_default_security_group_handler-560396'] for network, before_create _notify_loop /usr/lib/python3.9/site-packages/neutron_lib/callbacks/manager.py:200
2026-03-14 07:50:51.617 16 DEBUG neutron_lib.callbacks.manager [req-0d76ecca-85a4-41c7-961f-65517e11cf7e 6ff3fa67aeb843c0ae84cd43241c63c5 619350bf40c14ffeac2767f249c525fa - default default] Notify callbacks [] for security_group, before_create _notify_loop /usr/lib/python3.9/site-packages/neutron_lib/callbacks/manager.py:200
2026-03-14 07:50:51.667 16 DEBUG neutron_lib.callbacks.manager [req-0d76ecca-85a4-41c7-961f-65517e11cf7e 6ff3fa67aeb843c0ae84cd43241c63c5 619350bf40c14ffeac2767f249c525fa - default default] Notify callbacks [] for security_group, precommit_create _notify_loop /usr/lib/python3.9/site-packages/neutron_lib/callbacks/manager.py:200
2026-03-14 07:50:51.670 16 DEBUG neutron_lib.callbacks.manager [req-0d76ecca-85a4-41c7-961f-65517e11cf7e 6ff3fa67aeb843c0ae84cd43241c63c5 619350bf40c14ffeac2767f249c525fa - default default] Notify callbacks ['neutron.plugins.ml2.ovo_rpc._ObjectChangeHandler.handle_event-3745846'] for security_group, after_create _notify_loop /usr/lib/python3.9/site-packages/neutron_lib/callbacks/manager.py:200
2026-03-14 07:50:51.682 16 DEBUG neutron.plugins.ml2.drivers.type_flat [req-0d76ecca-85a4-41c7-961f-65517e11cf7e 6ff3fa67aeb843c0ae84cd43241c63c5 619350bf40c14ffeac2767f249c525fa - default default] Reserving flat network on physical network ctlplane reserve_provider_segment /usr/lib/python3.9/site-packages/neutron/plugins/ml2/drivers/type_flat.py:100
2026-03-14 07:50:51.691 16 DEBUG neutron.api.rpc.handlers.resources_rpc [req-0d76ecca-85a4-41c7-961f-65517e11cf7e 6ff3fa67aeb843c0ae84cd43241c63c5 619350bf40c14ffeac2767f249c525fa - - -] Pushing event updated for resources: {'SecurityGroup': ['ID=bea608fa-1041-4dba-9688-6dd882c4b09f,revision_number=1']} push /usr/lib/python3.9/site-packages/neutron/api/rpc/handlers/resources_rpc.py:237
2026-03-14 07:50:51.694 16 DEBUG neutron_lib.callbacks.manager [req-0d76ecca-85a4-41c7-961f-65517e11cf7e 6ff3fa67aeb843c0ae84cd43241c63c5 619350bf40c14ffeac2767f249c525fa - default default] Notify callbacks ['neutron.services.segments.db._add_segment_host_mapping_for_segment-8759915242087', 'neutron.plugins.ml2.plugin.Ml2Plugin._handle_segment_change-661929'] for segment, precommit_create _notify_loop /usr/lib/python3.9/site-packages/neutron_lib/callbacks/manager.py:200
2026-03-14 07:50:51.697 16 DEBUG neutron.plugins.ml2.drivers.mech_agent [req-0d76ecca-85a4-41c7-961f-65517e11cf7e 6ff3fa67aeb843c0ae84cd43241c63c5 619350bf40c14ffeac2767f249c525fa - default default] Checking segment: NetworkSegment(created_at=2026-03-14T07:50:51Z,description=,hosts=[],id=5cfeaf95-0c40-4cd6-a037-91ae9a849db8,is_dynamic=False,name=,network_id=75117fdf-6024-43b4-aa70-f6a1abecf189,network_type='flat',physical_network='ctlplane',revision_number=0,segment_index=0,segmentation_id=None,updated_at=2026-03-14T07:50:51Z) for mappings: {'ctlplane': 'br-ctlplane'} with network types: ['local', 'flat', 'vlan'] check_segment_for_agent /usr/lib/python3.9/site-packages/neutron/plugins/ml2/drivers/mech_agent.py:343
2026-03-14 07:50:51.699 16 DEBUG neutron.api.rpc.callbacks.version_manager [req-0d76ecca-85a4-41c7-961f-65517e11cf7e 6ff3fa67aeb843c0ae84cd43241c63c5 619350bf40c14ffeac2767f249c525fa - - -] Version for resource type AddressGroup changed None to 1.2 on consumer Open vSwitch agent@undercloud.ooo.test _set_version /usr/lib/python3.9/site-packages/neutron/api/rpc/callbacks/version_manager.py:113
2026-03-14 07:50:51.699 16 DEBUG neutron.api.rpc.callbacks.version_manager [req-0d76ecca-85a4-41c7-961f-65517e11cf7e 6ff3fa67aeb843c0ae84cd43241c63c5 619350bf40c14ffeac2767f249c525fa - - -] Version for resource type ConntrackHelper changed None to 1.0 on consumer Open vSwitch agent@undercloud.ooo.test _set_version /usr/lib/python3.9/site-packages/neutron/api/rpc/callbacks/version_manager.py:113
2026-03-14 07:50:51.699 16 DEBUG neutron.api.rpc.callbacks.version_manager [req-0d76ecca-85a4-41c7-961f-65517e11cf7e 6ff3fa67aeb843c0ae84cd43241c63c5 619350bf40c14ffeac2767f249c525fa - - -] Version for resource type Log changed None to 1.0 on consumer Open vSwitch agent@undercloud.ooo.test _set_version /usr/lib/python3.9/site-packages/neutron/api/rpc/callbacks/version_manager.py:113
2026-03-14 07:50:51.699 16 DEBUG neutron.api.rpc.callbacks.version_manager [req-0d76ecca-85a4-41c7-961f-65517e11cf7e 6ff3fa67aeb843c0ae84cd43241c63c5 619350bf40c14ffeac2767f249c525fa - - -] Version for resource type Network changed None to 1.1 on consumer Open vSwitch agent@undercloud.ooo.test _set_version /usr/lib/python3.9/site-packages/neutron/api/rpc/callbacks/version_manager.py:113
2026-03-14 07:50:51.699 16 DEBUG neutron.api.rpc.callbacks.version_manager [req-0d76ecca-85a4-41c7-961f-65517e11cf7e 6ff3fa67aeb843c0ae84cd43241c63c5 619350bf40c14ffeac2767f249c525fa - - -] Version for resource type Port changed None to 1.7 on consumer Open vSwitch agent@undercloud.ooo.test _set_version /usr/lib/python3.9/site-packages/neutron/api/rpc/callbacks/version_manager.py:113
2026-03-14 07:50:51.700 16 DEBUG neutron.api.rpc.callbacks.version_manager [req-0d76ecca-85a4-41c7-961f-65517e11cf7e 6ff3fa67aeb843c0ae84cd43241c63c5 619350bf40c14ffeac2767f249c525fa - - -] Version for resource type PortForwarding changed None to 1.2 on consumer Open vSwitch agent@undercloud.ooo.test _set_version /usr/lib/python3.9/site-packages/neutron/api/rpc/callbacks/version_manager.py:113
2026-03-14 07:50:51.700 16 DEBUG neutron.api.rpc.callbacks.version_manager [req-0d76ecca-85a4-41c7-961f-65517e11cf7e 6ff3fa67aeb843c0ae84cd43241c63c5 619350bf40c14ffeac2767f249c525fa - - -] Version for resource type QosPolicy changed None to 1.8 on consumer Open vSwitch agent@undercloud.ooo.test _set_version /usr/lib/python3.9/site-packages/neutron/api/rpc/callbacks/version_manager.py:113
2026-03-14 07:50:51.700 16 DEBUG neutron.api.rpc.callbacks.version_manager [req-0d76ecca-85a4-41c7-961f-65517e11cf7e 6ff3fa67aeb843c0ae84cd43241c63c5 619350bf40c14ffeac2767f249c525fa - - -] Version for resource type SecurityGroup changed None to 1.5 on consumer Open vSwitch agent@undercloud.ooo.test _set_version /usr/lib/python3.9/site-packages/neutron/api/rpc/callbacks/version_manager.py:113
2026-03-14 07:50:51.700 16 DEBUG neutron.api.rpc.callbacks.version_manager [req-0d76ecca-85a4-41c7-961f-65517e11cf7e 6ff3fa67aeb843c0ae84cd43241c63c5 619350bf40c14ffeac2767f249c525fa - - -] Version for resource type SecurityGroupRule changed None to 1.2 on consumer Open vSwitch agent@undercloud.ooo.test _set_version /usr/lib/python3.9/site-packages/neutron/api/rpc/callbacks/version_manager.py:113
2026-03-14 07:50:51.700 16 DEBUG neutron.api.rpc.callbacks.version_manager [req-0d76ecca-85a4-41c7-961f-65517e11cf7e 6ff3fa67aeb843c0ae84cd43241c63c5 619350bf40c14ffeac2767f249c525fa - - -] Version for resource type SubPort changed None to 1.0 on consumer Open vSwitch agent@undercloud.ooo.test _set_version /usr/lib/python3.9/site-packages/neutron/api/rpc/callbacks/version_manager.py:113
2026-03-14 07:50:51.700 16 DEBUG neutron.api.rpc.callbacks.version_manager [req-0d76ecca-85a4-41c7-961f-65517e11cf7e 6ff3fa67aeb843c0ae84cd43241c63c5 619350bf40c14ffeac2767f249c525fa - - -] Version for resource type Subnet changed None to 1.1 on consumer Open vSwitch agent@undercloud.ooo.test _set_version /usr/lib/python3.9/site-packages/neutron/api/rpc/callbacks/version_manager.py:113
2026-03-14 07:50:51.700 16 DEBUG neutron.api.rpc.callbacks.version_manager [req-0d76ecca-85a4-41c7-961f-65517e11cf7e 6ff3fa67aeb843c0ae84cd43241c63c5 619350bf40c14ffeac2767f249c525fa - - -] Version for resource type Trunk changed None to 1.1 on consumer Open vSwitch agent@undercloud.ooo.test _set_version /usr/lib/python3.9/site-packages/neutron/api/rpc/callbacks/version_manager.py:113
2026-03-14 07:50:51.701 16 DEBUG neutron.api.rpc.callbacks.version_manager [req-0d76ecca-85a4-41c7-961f-65517e11cf7e 6ff3fa67aeb843c0ae84cd43241c63c5 619350bf40c14ffeac2767f249c525fa - - -] Tracked resource versions report: pushed versions: { 'AddressGroup': {'1.2'}, 'ConntrackHelper': {'1.0'}, 'Log': {'1.0'}, 'Network': {'1.1'}, 'Port': {'1.7'}, 'PortForwarding': {'1.2'}, 'QosPolicy': {'1.8'}, 'SecurityGroup': {'1.5'}, 'SecurityGroupRule': {'1.2'}, 'SubPort': {'1.0'}, 'Subnet': {'1.1'}, 'Trunk': {'1.1'}} consumer versions: { DHCP agent@undercloud.ooo.test: {}, L3 agent@undercloud.ooo.test: {}, Open vSwitch agent@undercloud.ooo.test: { 'AddressGroup': '1.2', 'ConntrackHelper': '1.0', 'Log': '1.0', 'Network': '1.1', 'Port': '1.7', 'PortForwarding': '1.2', 'QosPolicy': '1.8', 'SecurityGroup': '1.5', 'SecurityGroupRule': '1.2', 'SubPort': '1.0', 'Subnet': '1.1', 'Trunk': '1.1'}} report /usr/lib/python3.9/site-packages/neutron/api/rpc/callbacks/version_manager.py:175
2026-03-14 07:50:51.714 16 DEBUG neutron.services.segments.db [req-0d76ecca-85a4-41c7-961f-65517e11cf7e 6ff3fa67aeb843c0ae84cd43241c63c5 619350bf40c14ffeac2767f249c525fa - default default] Segment 5cfeaf95-0c40-4cd6-a037-91ae9a849db8 mapped to the hosts {'undercloud.ooo.test'} map_segment_to_hosts /usr/lib/python3.9/site-packages/neutron/services/segments/db.py:339
2026-03-14 07:50:51.714 16 INFO neutron.db.segments_db [req-0d76ecca-85a4-41c7-961f-65517e11cf7e 6ff3fa67aeb843c0ae84cd43241c63c5 619350bf40c14ffeac2767f249c525fa - default default] Added segment 5cfeaf95-0c40-4cd6-a037-91ae9a849db8 of type flat for network 75117fdf-6024-43b4-aa70-f6a1abecf189
2026-03-14 07:50:51.753 16 DEBUG neutron_lib.callbacks.manager [req-0d76ecca-85a4-41c7-961f-65517e11cf7e 6ff3fa67aeb843c0ae84cd43241c63c5 619350bf40c14ffeac2767f249c525fa - default default] Notify callbacks ['neutron.services.auto_allocate.db._ensure_external_network_default_value_callback-8759914597910'] for network, precommit_create _notify_loop /usr/lib/python3.9/site-packages/neutron_lib/callbacks/manager.py:200
2026-03-14 07:50:51.770 16 DEBUG neutron_lib.callbacks.manager [req-0d76ecca-85a4-41c7-961f-65517e11cf7e 6ff3fa67aeb843c0ae84cd43241c63c5 619350bf40c14ffeac2767f249c525fa - default default] Notify callbacks ['neutron.plugins.ml2.ovo_rpc._ObjectChangeHandler.handle_event-3745863', 'neutron.api.rpc.agentnotifiers.dhcp_rpc_agent_api.DhcpAgentNotifyAPI._native_event_send_dhcp_notification-4063081'] for network, after_create _notify_loop /usr/lib/python3.9/site-packages/neutron_lib/callbacks/manager.py:200
2026-03-14 07:50:51.771 16 DEBUG neutron.pecan_wsgi.hooks.policy_enforcement [req-0d76ecca-85a4-41c7-961f-65517e11cf7e 6ff3fa67aeb843c0ae84cd43241c63c5 619350bf40c14ffeac2767f249c525fa - default default] Attributes excluded by policy engine: ['standard_attr_id', 'vlan_transparent'] _exclude_attributes_by_policy /usr/lib/python3.9/site-packages/neutron/pecan_wsgi/hooks/policy_enforcement.py:259
2026-03-14 07:50:51.771 16 DEBUG neutron_lib.callbacks.manager [req-0d76ecca-85a4-41c7-961f-65517e11cf7e 6ff3fa67aeb843c0ae84cd43241c63c5 619350bf40c14ffeac2767f249c525fa - default default] Notify callbacks ['neutron.api.rpc.agentnotifiers.dhcp_rpc_agent_api.DhcpAgentNotifyAPI._send_dhcp_notification-4063067'] for network, before_response _notify_loop /usr/lib/python3.9/site-packages/neutron_lib/callbacks/manager.py:200
2026-03-14 07:50:51.811 16 DEBUG neutron.api.rpc.handlers.resources_rpc [req-0d76ecca-85a4-41c7-961f-65517e11cf7e 6ff3fa67aeb843c0ae84cd43241c63c5 619350bf40c14ffeac2767f249c525fa - - -] Pushing event updated for resources: {'Network': ['ID=75117fdf-6024-43b4-aa70-f6a1abecf189,revision_number=1']} push /usr/lib/python3.9/site-packages/neutron/api/rpc/handlers/resources_rpc.py:237
2026-03-14 07:50:51.813 16 INFO neutron.wsgi [req-0d76ecca-85a4-41c7-961f-65517e11cf7e 6ff3fa67aeb843c0ae84cd43241c63c5 619350bf40c14ffeac2767f249c525fa - default default] 192.168.122.99,192.168.122.100 "POST /v2.0/networks HTTP/1.1" status: 201 len: 881 time: 0.2291386
2026-03-14 07:50:51.825 20 DEBUG neutron.plugins.ml2.rpc [req-d121fde4-395f-40eb-af06-02fb81783611 - - - - -] Network 75117fdf-6024-43b4-aa70-f6a1abecf189 details requested by agent ovs-agent-undercloud.ooo.test with host undercloud.ooo.test get_network_details /usr/lib/python3.9/site-packages/neutron/plugins/ml2/rpc.py:232
2026-03-14 07:50:51.836 16 INFO neutron.wsgi [req-d71db38f-ce31-41f9-a0a6-226b7893fc35 6ff3fa67aeb843c0ae84cd43241c63c5 619350bf40c14ffeac2767f249c525fa - default default] 192.168.122.99,192.168.122.100 "GET /v2.0/subnets?cidr=192.168.122.0%2F24&network_id=75117fdf-6024-43b4-aa70-f6a1abecf189 HTTP/1.1" status: 200 len: 188 time: 0.0167930
2026-03-14 07:50:51.840 16 DEBUG neutron.services.segments.db [req-8d46fcad-18b4-4dbb-9f00-ec531d038fdf 6ff3fa67aeb843c0ae84cd43241c63c5 619350bf40c14ffeac2767f249c525fa - default default] neutron.services.segments.plugin.Plugin method get_segments called with arguments (,) {'filters': {'network_id': ['75117fdf-6024-43b4-aa70-f6a1abecf189'], 'physical_network': ['ctlplane']}, 'fields': [], 'sorts': [('id', True)], 'limit': None, 'marker': None, 'page_reverse': False} wrapper /usr/lib/python3.9/site-packages/oslo_log/helpers.py:65
2026-03-14 07:50:51.849 16 INFO neutron.wsgi [req-8d46fcad-18b4-4dbb-9f00-ec531d038fdf 6ff3fa67aeb843c0ae84cd43241c63c5 619350bf40c14ffeac2767f249c525fa - default default] 192.168.122.99,192.168.122.100 "GET /v2.0/segments?network_id=75117fdf-6024-43b4-aa70-f6a1abecf189&physical_network=ctlplane HTTP/1.1" status: 200 len: 505 time: 0.0108998
2026-03-14 07:50:51.854 16 DEBUG neutron.api.v2.base [req-8afca50f-d51c-473e-996e-e94780e94dfb 6ff3fa67aeb843c0ae84cd43241c63c5 619350bf40c14ffeac2767f249c525fa - default default] Request body: {'subnet': {'host_routes': [], 'dns_nameservers': ['192.168.122.10'], 'gateway_ip': '192.168.122.10', 'segment_id': None, 'enable_dhcp': True, 'allocation_pools': [{'end': '192.168.122.130', 'start': '192.168.122.110'}], 'ip_version': '4', 'cidr': '192.168.122.0/24', 'network_id': '75117fdf-6024-43b4-aa70-f6a1abecf189', 'name': 'ctlplane-subnet'}} prepare_request_body /usr/lib/python3.9/site-packages/neutron/api/v2/base.py:729
2026-03-14 07:50:51.865 16 DEBUG neutron.pecan_wsgi.hooks.quota_enforcement [req-8afca50f-d51c-473e-996e-e94780e94dfb 6ff3fa67aeb843c0ae84cd43241c63c5 619350bf40c14ffeac2767f249c525fa - default default] Made reservation on behalf of 619350bf40c14ffeac2767f249c525fa for: {'subnet': 1} before /usr/lib/python3.9/site-packages/neutron/pecan_wsgi/hooks/quota_enforcement.py:53
2026-03-14 07:50:51.866 16 DEBUG neutron_lib.callbacks.manager [req-8afca50f-d51c-473e-996e-e94780e94dfb 6ff3fa67aeb843c0ae84cd43241c63c5 619350bf40c14ffeac2767f249c525fa - default default] Notify callbacks ['neutron.services.segments.plugin.SegmentHostRoutes.host_routes_before_create-3693821'] for subnet, before_create _notify_loop /usr/lib/python3.9/site-packages/neutron_lib/callbacks/manager.py:200
2026-03-14 07:50:51.901 16 DEBUG neutron.db.ipam_backend_mixin [req-8afca50f-d51c-473e-996e-e94780e94dfb 6ff3fa67aeb843c0ae84cd43241c63c5 619350bf40c14ffeac2767f249c525fa - default default] Performing IP validity checks on allocation pools validate_allocation_pools /usr/lib/python3.9/site-packages/neutron/db/ipam_backend_mixin.py:314
2026-03-14 07:50:51.902 16 DEBUG neutron.db.ipam_backend_mixin [req-8afca50f-d51c-473e-996e-e94780e94dfb 6ff3fa67aeb843c0ae84cd43241c63c5 619350bf40c14ffeac2767f249c525fa - default default] Checking for overlaps among allocation pools and gateway ip validate_allocation_pools /usr/lib/python3.9/site-packages/neutron/db/ipam_backend_mixin.py:335
2026-03-14 07:50:51.971 16 DEBUG neutron_lib.callbacks.manager [req-8afca50f-d51c-473e-996e-e94780e94dfb 6ff3fa67aeb843c0ae84cd43241c63c5 619350bf40c14ffeac2767f249c525fa - default default] Notify callbacks ['neutron.plugins.ml2.ovo_rpc._ObjectChangeHandler.handle_event-3746030', 'neutron.api.rpc.agentnotifiers.dhcp_rpc_agent_api.DhcpAgentNotifyAPI._native_event_send_dhcp_notification-4063081', 'neutron.services.segments.plugin.NovaSegmentNotifier._notify_subnet_created-3880499', 'neutron.services.segments.plugin.SegmentHostRoutes.host_routes_after_create-3693831'] for subnet, after_create _notify_loop /usr/lib/python3.9/site-packages/neutron_lib/callbacks/manager.py:200
2026-03-14 07:50:52.002 16 DEBUG neutron.api.rpc.handlers.resources_rpc [req-8afca50f-d51c-473e-996e-e94780e94dfb 6ff3fa67aeb843c0ae84cd43241c63c5 619350bf40c14ffeac2767f249c525fa - - -] Pushing event updated for resources: {'Subnet': ['ID=d616671c-a25b-49de-ab05-17be7c9be0e7,revision_number=0']} push /usr/lib/python3.9/site-packages/neutron/api/rpc/handlers/resources_rpc.py:237
2026-03-14 07:50:52.007 16 DEBUG neutron.plugins.ml2.drivers.mech_agent [req-8afca50f-d51c-473e-996e-e94780e94dfb 6ff3fa67aeb843c0ae84cd43241c63c5 619350bf40c14ffeac2767f249c525fa - default default] Checking segment: {'id': '5cfeaf95-0c40-4cd6-a037-91ae9a849db8', 'network_type': 'flat', 'physical_network': 'ctlplane', 'segmentation_id': None, 'network_id': '75117fdf-6024-43b4-aa70-f6a1abecf189'} for mappings: {'ctlplane': 'br-ctlplane'} with network types: ['local', 'flat', 'vlan'] check_segment_for_agent /usr/lib/python3.9/site-packages/neutron/plugins/ml2/drivers/mech_agent.py:343
2026-03-14 07:50:52.007 16 DEBUG neutron.scheduler.dhcp_agent_scheduler [req-8afca50f-d51c-473e-996e-e94780e94dfb 6ff3fa67aeb843c0ae84cd43241c63c5 619350bf40c14ffeac2767f249c525fa - default default] Network hostable DHCP agents. Network: 75117fdf-6024-43b4-aa70-f6a1abecf189, hostable agents: ['459ac040-9f5a-4c01-a94c-22ecdd725f19'], hosted agents: [] _get_network_hostable_dhcp_agents /usr/lib/python3.9/site-packages/neutron/scheduler/dhcp_agent_scheduler.py:329
2026-03-14 07:50:52.017 16 DEBUG neutron.scheduler.dhcp_agent_scheduler [req-8afca50f-d51c-473e-996e-e94780e94dfb 6ff3fa67aeb843c0ae84cd43241c63c5 619350bf40c14ffeac2767f249c525fa - default default] Network 75117fdf-6024-43b4-aa70-f6a1abecf189 is scheduled to be hosted by DHCP agent 459ac040-9f5a-4c01-a94c-22ecdd725f19 with binding_index 1 bind /usr/lib/python3.9/site-packages/neutron/scheduler/dhcp_agent_scheduler.py:227
2026-03-14 07:50:52.022 16 DEBUG neutron.scheduler.base_scheduler [req-8afca50f-d51c-473e-996e-e94780e94dfb 6ff3fa67aeb843c0ae84cd43241c63c5 619350bf40c14ffeac2767f249c525fa - default default] Resources bound (agent type, host, resource id): (DHCP agent, undercloud.ooo.test, 75117fdf-6024-43b4-aa70-f6a1abecf189) schedule /usr/lib/python3.9/site-packages/neutron/scheduler/base_scheduler.py:57
2026-03-14 07:50:52.025 16 DEBUG neutron.pecan_wsgi.hooks.policy_enforcement [req-8afca50f-d51c-473e-996e-e94780e94dfb 6ff3fa67aeb843c0ae84cd43241c63c5 619350bf40c14ffeac2767f249c525fa - default default] Attributes excluded by policy engine: ['standard_attr_id', 'shared', 'network'] _exclude_attributes_by_policy /usr/lib/python3.9/site-packages/neutron/pecan_wsgi/hooks/policy_enforcement.py:259
2026-03-14 07:50:52.025 16 DEBUG neutron_lib.callbacks.manager [req-8afca50f-d51c-473e-996e-e94780e94dfb 6ff3fa67aeb843c0ae84cd43241c63c5 619350bf40c14ffeac2767f249c525fa - default default] Notify callbacks ['neutron.api.rpc.agentnotifiers.dhcp_rpc_agent_api.DhcpAgentNotifyAPI._send_dhcp_notification-4063067'] for subnet, before_response _notify_loop /usr/lib/python3.9/site-packages/neutron_lib/callbacks/manager.py:200
2026-03-14 07:50:52.028 22 DEBUG neutron.api.rpc.handlers.dhcp_rpc [req-f2dc3451-5bc5-4017-852e-2752c08ad0f7 - - - - -] Network 75117fdf-6024-43b4-aa70-f6a1abecf189 requested from undercloud.ooo.test get_network_info /usr/lib/python3.9/site-packages/neutron/api/rpc/handlers/dhcp_rpc.py:213
2026-03-14 07:50:52.036 16 INFO neutron.wsgi [req-8afca50f-d51c-473e-996e-e94780e94dfb 6ff3fa67aeb843c0ae84cd43241c63c5 619350bf40c14ffeac2767f249c525fa - default default] 192.168.122.99,192.168.122.100 "POST /v2.0/subnets HTTP/1.1" status: 201 len: 847 time: 0.1831503
2026-03-14 07:50:52.046 16 DEBUG neutron.services.tag.tag_plugin [req-d8012ed4-5858-440b-8f62-484a6548800f 6ff3fa67aeb843c0ae84cd43241c63c5 619350bf40c14ffeac2767f249c525fa - default default] neutron.services.tag.tag_plugin.TagPlugin method update_tags called with arguments (, 'networks', '75117fdf-6024-43b4-aa70-f6a1abecf189', {'tags': ['192.168.122.0/24']}) {} wrapper /usr/lib/python3.9/site-packages/oslo_log/helpers.py:65
2026-03-14 07:50:52.118 16 INFO neutron.wsgi [req-d8012ed4-5858-440b-8f62-484a6548800f 6ff3fa67aeb843c0ae84cd43241c63c5 619350bf40c14ffeac2767f249c525fa - default default] 192.168.122.99,192.168.122.100 "PUT /v2.0/networks/75117fdf-6024-43b4-aa70-f6a1abecf189/tags HTTP/1.1" status: 200 len: 204 time: 0.0756013
2026-03-14 07:50:52.265 21 DEBUG neutron.api.rpc.handlers.dhcp_rpc [req-a4f27b5f-483d-40f0-a648-6ca24fa252cb - - - - -] Create dhcp port {'port': {'name': '', 'admin_state_up': True, 'device_id': 'dhcp4ffb0b0c-492f-50f3-b91f-5f97b4a206be-75117fdf-6024-43b4-aa70-f6a1abecf189', 'network_id': '75117fdf-6024-43b4-aa70-f6a1abecf189', 'tenant_id': '619350bf40c14ffeac2767f249c525fa', 'fixed_ips': [{'subnet_id': 'd616671c-a25b-49de-ab05-17be7c9be0e7'}]}} from undercloud.ooo.test. create_dhcp_port /usr/lib/python3.9/site-packages/neutron/api/rpc/handlers/dhcp_rpc.py:279
2026-03-14 07:50:52.266 21 DEBUG neutron_lib.callbacks.manager [req-a4f27b5f-483d-40f0-a648-6ca24fa252cb - - - - -] Notify callbacks ['neutron.plugins.ml2.plugin.SecurityGroupDbMixin._ensure_default_security_group_handler-560396'] for port, before_create _notify_loop /usr/lib/python3.9/site-packages/neutron_lib/callbacks/manager.py:200
2026-03-14 07:50:52.366 21 DEBUG neutron.db.db_base_plugin_common [req-a4f27b5f-483d-40f0-a648-6ca24fa252cb - - - - -] Allocated IP 192.168.122.110 (75117fdf-6024-43b4-aa70-f6a1abecf189/d616671c-a25b-49de-ab05-17be7c9be0e7/b5a3eb37-c222-4f81-833d-dc19851f3408) _store_ip_allocation /usr/lib/python3.9/site-packages/neutron/db/db_base_plugin_common.py:131
2026-03-14 07:50:52.483 21 DEBUG neutron_lib.callbacks.manager [req-a4f27b5f-483d-40f0-a648-6ca24fa252cb - - - - -] Notify callbacks [] for allowed_address_pair, before_create _notify_loop /usr/lib/python3.9/site-packages/neutron_lib/callbacks/manager.py:200
2026-03-14 07:50:52.484 21 DEBUG neutron_lib.callbacks.manager [req-a4f27b5f-483d-40f0-a648-6ca24fa252cb - - - - -] Notify callbacks [] for port, precommit_create _notify_loop /usr/lib/python3.9/site-packages/neutron_lib/callbacks/manager.py:200
2026-03-14 07:50:52.491 21 DEBUG neutron.db.provisioning_blocks [req-a4f27b5f-483d-40f0-a648-6ca24fa252cb - - - - -] Transition to ACTIVE for port object b5a3eb37-c222-4f81-833d-dc19851f3408 will not be triggered until provisioned by entity L2. add_provisioning_component /usr/lib/python3.9/site-packages/neutron/db/provisioning_blocks.py:74
2026-03-14 07:50:52.499 21 DEBUG neutron.db.provisioning_blocks [req-a4f27b5f-483d-40f0-a648-6ca24fa252cb - - - - -] Transition to ACTIVE for port object b5a3eb37-c222-4f81-833d-dc19851f3408 will not be triggered until provisioned by entity DHCP. add_provisioning_component /usr/lib/python3.9/site-packages/neutron/db/provisioning_blocks.py:74
2026-03-14 07:50:52.502 21 DEBUG neutron_lib.callbacks.manager [req-a4f27b5f-483d-40f0-a648-6ca24fa252cb - - - - -] Notify callbacks ['neutron.plugins.ml2.plugin.SecurityGroupServerNotifierRpcMixin.notify_sg_on_port_change-528964', 'neutron.plugins.ml2.extensions.dns_integration._create_port_in_external_dns_service-8759915126968', 'neutron.plugins.ml2.ovo_rpc._ObjectChangeHandler.handle_event-4016128', 'neutron.api.rpc.agentnotifiers.dhcp_rpc_agent_api.DhcpAgentNotifyAPI._native_event_send_dhcp_notification-4063081', 'neutron.services.segments.plugin.NovaSegmentNotifier._notify_port_created_or_deleted-3880636'] for port, after_create _notify_loop /usr/lib/python3.9/site-packages/neutron_lib/callbacks/manager.py:200
2026-03-14 07:50:52.530 21 DEBUG neutron.scheduler.dhcp_agent_scheduler [req-a4f27b5f-483d-40f0-a648-6ca24fa252cb - - - - -] Network 75117fdf-6024-43b4-aa70-f6a1abecf189 is already hosted by enough agents. _get_dhcp_agents_hosting_network /usr/lib/python3.9/site-packages/neutron/scheduler/dhcp_agent_scheduler.py:275
2026-03-14 07:50:52.531 21 DEBUG neutron.scheduler.base_scheduler [req-a4f27b5f-483d-40f0-a648-6ca24fa252cb - - - - -] Resources bound (agent type, host, resource id): schedule /usr/lib/python3.9/site-packages/neutron/scheduler/base_scheduler.py:57
2026-03-14 07:50:52.544 21 DEBUG neutron.api.rpc.handlers.resources_rpc [req-a4f27b5f-483d-40f0-a648-6ca24fa252cb - - - - -] Pushing event updated for resources: {'Port': ['ID=b5a3eb37-c222-4f81-833d-dc19851f3408,revision_number=1']} push /usr/lib/python3.9/site-packages/neutron/api/rpc/handlers/resources_rpc.py:237
2026-03-14 07:50:52.547 21 DEBUG neutron.plugins.ml2.managers [req-a4f27b5f-483d-40f0-a648-6ca24fa252cb - - - - -] Attempting to bind port b5a3eb37-c222-4f81-833d-dc19851f3408 on host undercloud.ooo.test for vnic_type normal with profile bind_port /usr/lib/python3.9/site-packages/neutron/plugins/ml2/managers.py:806
2026-03-14 07:50:52.547 21 DEBUG neutron.plugins.ml2.managers [req-a4f27b5f-483d-40f0-a648-6ca24fa252cb - - - - -] Attempting to bind port b5a3eb37-c222-4f81-833d-dc19851f3408 by drivers openvswitch,baremetal on host undercloud.ooo.test at level 0 using segments [{'id': '5cfeaf95-0c40-4cd6-a037-91ae9a849db8', 'network_type': 'flat', 'physical_network': 'ctlplane', 'segmentation_id': None, 'network_id': '75117fdf-6024-43b4-aa70-f6a1abecf189'}] _bind_port_level /usr/lib/python3.9/site-packages/neutron/plugins/ml2/managers.py:831
2026-03-14 07:50:52.547 21 DEBUG neutron.plugins.ml2.drivers.mech_agent [req-a4f27b5f-483d-40f0-a648-6ca24fa252cb - - - - -] Attempting to bind port b5a3eb37-c222-4f81-833d-dc19851f3408 on network 75117fdf-6024-43b4-aa70-f6a1abecf189 bind_port /usr/lib/python3.9/site-packages/neutron/plugins/ml2/drivers/mech_agent.py:86
2026-03-14 07:50:52.550 21 DEBUG neutron.api.rpc.callbacks.version_manager [req-a4f27b5f-483d-40f0-a648-6ca24fa252cb - - - - -] Version for resource type AddressGroup changed None to 1.2 on consumer Open vSwitch agent@undercloud.ooo.test _set_version /usr/lib/python3.9/site-packages/neutron/api/rpc/callbacks/version_manager.py:113
2026-03-14 07:50:52.550 21 DEBUG neutron.api.rpc.callbacks.version_manager [req-a4f27b5f-483d-40f0-a648-6ca24fa252cb - - - - -] Version for resource type ConntrackHelper changed None to 1.0 on consumer Open vSwitch agent@undercloud.ooo.test _set_version /usr/lib/python3.9/site-packages/neutron/api/rpc/callbacks/version_manager.py:113
2026-03-14 07:50:52.550 21 DEBUG neutron.api.rpc.callbacks.version_manager [req-a4f27b5f-483d-40f0-a648-6ca24fa252cb - - - - -] Version for resource type Log changed None to 1.0 on consumer Open vSwitch agent@undercloud.ooo.test _set_version /usr/lib/python3.9/site-packages/neutron/api/rpc/callbacks/version_manager.py:113
2026-03-14 07:50:52.550 21 DEBUG neutron.api.rpc.callbacks.version_manager [req-a4f27b5f-483d-40f0-a648-6ca24fa252cb - - - - -] Version for resource type Network changed None to 1.1 on consumer Open vSwitch agent@undercloud.ooo.test _set_version /usr/lib/python3.9/site-packages/neutron/api/rpc/callbacks/version_manager.py:113
2026-03-14 07:50:52.550 21 DEBUG neutron.api.rpc.callbacks.version_manager [req-a4f27b5f-483d-40f0-a648-6ca24fa252cb - - - - -] Version for resource type Port changed None to 1.7 on consumer Open vSwitch agent@undercloud.ooo.test _set_version /usr/lib/python3.9/site-packages/neutron/api/rpc/callbacks/version_manager.py:113
2026-03-14 07:50:52.550 21 DEBUG neutron.api.rpc.callbacks.version_manager [req-a4f27b5f-483d-40f0-a648-6ca24fa252cb - - - - -] Version for resource type PortForwarding changed None to 1.2 on consumer Open vSwitch agent@undercloud.ooo.test _set_version /usr/lib/python3.9/site-packages/neutron/api/rpc/callbacks/version_manager.py:113
2026-03-14 07:50:52.551 21 DEBUG neutron.api.rpc.callbacks.version_manager [req-a4f27b5f-483d-40f0-a648-6ca24fa252cb - - - - -] Version for resource type QosPolicy changed None to 1.8 on consumer Open vSwitch agent@undercloud.ooo.test _set_version /usr/lib/python3.9/site-packages/neutron/api/rpc/callbacks/version_manager.py:113
2026-03-14 07:50:52.551 21 DEBUG neutron.api.rpc.callbacks.version_manager [req-a4f27b5f-483d-40f0-a648-6ca24fa252cb - - - - -] Version for resource type SecurityGroup changed None to 1.5 on consumer Open vSwitch agent@undercloud.ooo.test _set_version /usr/lib/python3.9/site-packages/neutron/api/rpc/callbacks/version_manager.py:113
2026-03-14 07:50:52.551 21 DEBUG neutron.api.rpc.callbacks.version_manager [req-a4f27b5f-483d-40f0-a648-6ca24fa252cb - - - - -] Version for resource type SecurityGroupRule changed None to 1.2 on consumer Open vSwitch agent@undercloud.ooo.test _set_version /usr/lib/python3.9/site-packages/neutron/api/rpc/callbacks/version_manager.py:113
2026-03-14 07:50:52.551 21 DEBUG neutron.api.rpc.callbacks.version_manager [req-a4f27b5f-483d-40f0-a648-6ca24fa252cb - - - - -] Version for resource type SubPort changed None to 1.0 on consumer Open vSwitch agent@undercloud.ooo.test _set_version /usr/lib/python3.9/site-packages/neutron/api/rpc/callbacks/version_manager.py:113
2026-03-14 07:50:52.551 21 DEBUG neutron.api.rpc.callbacks.version_manager [req-a4f27b5f-483d-40f0-a648-6ca24fa252cb - - - - -] Version for resource type Subnet changed None to 1.1 on consumer Open vSwitch agent@undercloud.ooo.test _set_version /usr/lib/python3.9/site-packages/neutron/api/rpc/callbacks/version_manager.py:113
2026-03-14 07:50:52.551 21 DEBUG neutron.api.rpc.callbacks.version_manager [req-a4f27b5f-483d-40f0-a648-6ca24fa252cb - - - - -] Version for resource type Trunk changed None to 1.1 on consumer Open vSwitch agent@undercloud.ooo.test _set_version /usr/lib/python3.9/site-packages/neutron/api/rpc/callbacks/version_manager.py:113
2026-03-14 07:50:52.552 21 DEBUG neutron.api.rpc.callbacks.version_manager [req-a4f27b5f-483d-40f0-a648-6ca24fa252cb - - - - -] Tracked resource versions report: pushed versions: { 'AddressGroup': {'1.2'}, 'ConntrackHelper': {'1.0'}, 'Log': {'1.0'}, 'Network': {'1.1'}, 'Port': {'1.7'}, 'PortForwarding': {'1.2'}, 'QosPolicy': {'1.8'}, 'SecurityGroup': {'1.5'}, 'SecurityGroupRule': {'1.2'}, 'SubPort': {'1.0'}, 'Subnet': {'1.1'}, 'Trunk': {'1.1'}} consumer versions: { DHCP agent@undercloud.ooo.test: {}, L3 agent@undercloud.ooo.test: {}, Open vSwitch agent@undercloud.ooo.test: { 'AddressGroup': '1.2', 'ConntrackHelper': '1.0', 'Log': '1.0', 'Network': '1.1', 'Port': '1.7', 'PortForwarding': '1.2', 'QosPolicy': '1.8', 'SecurityGroup': '1.5', 'SecurityGroupRule': '1.2', 'SubPort': '1.0', 'Subnet': '1.1', 'Trunk': '1.1'}} report /usr/lib/python3.9/site-packages/neutron/api/rpc/callbacks/version_manager.py:175
2026-03-14 07:50:52.554 21 DEBUG neutron.plugins.ml2.drivers.mech_agent [req-a4f27b5f-483d-40f0-a648-6ca24fa252cb - - - - -] Checking agent: {'id': 'b89014a8-0bf5-4572-a17f-453192f0cdd0', 'agent_type': 'Open vSwitch agent', 'binary': 'neutron-openvswitch-agent', 'topic': 'N/A', 'host': 'undercloud.ooo.test', 'admin_state_up': True, 'created_at': datetime.datetime(2026, 3, 14, 7, 49, 37), 'started_at': datetime.datetime(2026, 3, 14, 7, 49, 37), 'heartbeat_timestamp': datetime.datetime(2026, 3, 14, 7, 49, 37), 'description': None, 'resources_synced': None, 'availability_zone': None, 'alive': True, 'configurations': {'arp_responder_enabled': False, 'baremetal_smartnic': False, 'bridge_mappings': {'ctlplane': 'br-ctlplane'}, 'datapath_type': 'system', 'devices': 0, 'enable_distributed_routing': False, 'extensions': [], 'in_distributed_mode': False, 'integration_bridge': 'br-int', 'l2_population': False, 'log_agent_heartbeats': False, 'ovs_capabilities': {'datapath_types': ['netdev', 'system'], 'iface_types': ['bareudp', 'erspan', 'geneve', 'gre', 'gtpu', 'internal', 'ip6erspan', 'ip6gre', 'lisp', 'patch', 'srv6', 'stt', 'system', 'tap', 'vxlan']}, 'ovs_hybrid_plug': True, 'resource_provider_bandwidths': {}, 'resource_provider_hypervisors': {'br-ctlplane': 'undercloud.ooo.test'}, 'resource_provider_inventory_defaults': {'allocation_ratio': 1.0, 'min_unit': 1, 'step_size': 1, 'reserved': 0}, 'tunnel_types': [], 'tunneling_ip': None, 'vhostuser_socket_dir': '/var/run/openvswitch'}, 'resource_versions': {'AddressGroup': '1.2', 'ConntrackHelper': '1.0', 'Log': '1.0', 'Network': '1.1', 'Port': '1.7', 'PortForwarding': '1.2', 'QosPolicy': '1.8', 'SecurityGroup': '1.5', 'SecurityGroupRule': '1.2', 'SubPort': '1.0', 'Subnet': '1.1', 'Trunk': '1.1'}} bind_port /usr/lib/python3.9/site-packages/neutron/plugins/ml2/drivers/mech_agent.py:105
2026-03-14 07:50:52.554 21 DEBUG neutron.plugins.ml2.drivers.mech_agent [req-a4f27b5f-483d-40f0-a648-6ca24fa252cb - - - - -] Checking segment: {'id': '5cfeaf95-0c40-4cd6-a037-91ae9a849db8', 'network_type': 'flat', 'physical_network': 'ctlplane', 'segmentation_id': None, 'network_id': '75117fdf-6024-43b4-aa70-f6a1abecf189'} for mappings: {'ctlplane': 'br-ctlplane'} with network types: ['local', 'flat', 'vlan'] check_segment_for_agent /usr/lib/python3.9/site-packages/neutron/plugins/ml2/drivers/mech_agent.py:343
2026-03-14 07:50:52.554 21 DEBUG neutron_lib.callbacks.manager [req-a4f27b5f-483d-40f0-a648-6ca24fa252cb - - - - -] Notify callbacks [] for ovs_bridge_name, before_read _notify_loop /usr/lib/python3.9/site-packages/neutron_lib/callbacks/manager.py:200
2026-03-14 07:50:52.554 21 DEBUG neutron.plugins.ml2.drivers.mech_agent [req-a4f27b5f-483d-40f0-a648-6ca24fa252cb - - - - -] Bound using segment: {'id': '5cfeaf95-0c40-4cd6-a037-91ae9a849db8', 'network_type': 'flat', 'physical_network': 'ctlplane', 'segmentation_id': None, 'network_id': '75117fdf-6024-43b4-aa70-f6a1abecf189'} bind_port /usr/lib/python3.9/site-packages/neutron/plugins/ml2/drivers/mech_agent.py:115
2026-03-14 07:50:52.555 21 DEBUG neutron.plugins.ml2.managers [req-a4f27b5f-483d-40f0-a648-6ca24fa252cb - - - - -] Bound port: b5a3eb37-c222-4f81-833d-dc19851f3408, host: undercloud.ooo.test, vif_type: ovs, vif_details: {"connectivity": "l2", "port_filter": true, "ovs_hybrid_plug": true, "datapath_type": "system", "bridge_name": "br-int"}, binding_levels: [{'bound_driver': 'openvswitch', 'bound_segment': {'id': '5cfeaf95-0c40-4cd6-a037-91ae9a849db8', 'network_type': 'flat', 'physical_network': 'ctlplane', 'segmentation_id': None, 'network_id': '75117fdf-6024-43b4-aa70-f6a1abecf189'}}] _bind_port_level /usr/lib/python3.9/site-packages/neutron/plugins/ml2/managers.py:944
2026-03-14 07:50:52.555 21 DEBUG neutron_lib.callbacks.manager [req-a4f27b5f-483d-40f0-a648-6ca24fa252cb - - - - -] Notify callbacks ['neutron.plugins.ml2.plugin.SecurityGroupDbMixin._ensure_default_security_group_handler-560396'] for port, before_update _notify_loop /usr/lib/python3.9/site-packages/neutron_lib/callbacks/manager.py:200
2026-03-14 07:50:52.602 21 DEBUG neutron.plugins.ml2.db [req-a4f27b5f-483d-40f0-a648-6ca24fa252cb - - - - -] For port b5a3eb37-c222-4f81-833d-dc19851f3408, host undercloud.ooo.test, cleared binding levels clear_binding_levels /usr/lib/python3.9/site-packages/neutron/plugins/ml2/db.py:88
2026-03-14 07:50:52.604 21 DEBUG neutron.plugins.ml2.db [req-a4f27b5f-483d-40f0-a648-6ca24fa252cb - - - - -] For port b5a3eb37-c222-4f81-833d-dc19851f3408, host undercloud.ooo.test, set binding levels [PortBindingLevel(driver='openvswitch',host='undercloud.ooo.test',level=0,port_id=b5a3eb37-c222-4f81-833d-dc19851f3408,segment=NetworkSegment(5cfeaf95-0c40-4cd6-a037-91ae9a849db8),segment_id=5cfeaf95-0c40-4cd6-a037-91ae9a849db8)] set_binding_levels /usr/lib/python3.9/site-packages/neutron/plugins/ml2/db.py:60
2026-03-14 07:50:52.607 21 DEBUG neutron_lib.callbacks.manager [req-a4f27b5f-483d-40f0-a648-6ca24fa252cb - - - - -] Notify callbacks ['neutron.plugins.ml2.plugin.SecurityGroupServerNotifierRpcMixin.notify_sg_on_port_change-528964', 'neutron.plugins.ml2.extensions.dns_integration._update_port_in_external_dns_service-8759915126995', 'neutron.plugins.ml2.ovo_rpc._ObjectChangeHandler.handle_event-4016128', 'neutron.api.rpc.agentnotifiers.dhcp_rpc_agent_api.DhcpAgentNotifyAPI._native_event_send_dhcp_notification-4063081', 'neutron.db.l3_db.L3RpcNotifierMixin._notify_gateway_port_ip_changed-8759915196573', 'neutron.db.l3_hascheduler_db._notify_l3_agent_ha_port_update-8759914665256', 'neutron.services.segments.plugin.NovaSegmentNotifier._notify_port_updated-3880611'] for port, after_update _notify_loop /usr/lib/python3.9/site-packages/neutron_lib/callbacks/manager.py:200
2026-03-14 07:50:52.642 21 DEBUG neutron.api.rpc.handlers.resources_rpc [req-a4f27b5f-483d-40f0-a648-6ca24fa252cb - - - - -] Pushing event updated for resources: {'Port': ['ID=b5a3eb37-c222-4f81-833d-dc19851f3408,revision_number=2']} push /usr/lib/python3.9/site-packages/neutron/api/rpc/handlers/resources_rpc.py:237
2026-03-14 07:50:53.346 16 DEBUG neutron.wsgi [-] (16) accepted ('192.168.122.100', 35500) server /usr/lib/python3.9/site-packages/eventlet/wsgi.py:992
2026-03-14 07:50:53.351 16 INFO neutron.wsgi [-] 192.168.122.100 "GET /healthcheck HTTP/1.0" status: 200 len: 137 time: 0.0032923
2026-03-14 07:50:54.793 20 DEBUG neutron.plugins.ml2.rpc [req-d121fde4-395f-40eb-af06-02fb81783611 - - - - -] Device b5a3eb37-c222-4f81-833d-dc19851f3408 up at agent ovs-agent-undercloud.ooo.test update_device_up /usr/lib/python3.9/site-packages/neutron/plugins/ml2/rpc.py:278
2026-03-14 07:50:54.857 20 DEBUG neutron.db.provisioning_blocks [req-d121fde4-395f-40eb-af06-02fb81783611 - - - - -] Provisioning for port b5a3eb37-c222-4f81-833d-dc19851f3408 completed by entity L2. provisioning_complete /usr/lib/python3.9/site-packages/neutron/db/provisioning_blocks.py:134
2026-03-14 07:50:55.036 22 DEBUG neutron.api.rpc.handlers.dhcp_rpc [req-e7a499e7-db3b-4169-8383-56aa4ce6a638 - - - - -] Network 75117fdf-6024-43b4-aa70-f6a1abecf189 requested from undercloud.ooo.test get_network_info /usr/lib/python3.9/site-packages/neutron/api/rpc/handlers/dhcp_rpc.py:213
2026-03-14 07:50:55.096 21 DEBUG neutron.db.provisioning_blocks [req-e37ffad5-6fcc-46a6-9461-5584f278cd20 - - - - -] Provisioning for port b5a3eb37-c222-4f81-833d-dc19851f3408 completed by entity DHCP. provisioning_complete /usr/lib/python3.9/site-packages/neutron/db/provisioning_blocks.py:134
2026-03-14 07:50:55.102 21 DEBUG neutron.db.provisioning_blocks [req-e37ffad5-6fcc-46a6-9461-5584f278cd20 - - - - -] Provisioning complete for port b5a3eb37-c222-4f81-833d-dc19851f3408 triggered by entity DHCP. provisioning_complete /usr/lib/python3.9/site-packages/neutron/db/provisioning_blocks.py:140
2026-03-14 07:50:55.102 21 DEBUG neutron_lib.callbacks.manager [req-e37ffad5-6fcc-46a6-9461-5584f278cd20 - - - - -] Notify callbacks ['neutron.plugins.ml2.plugin.Ml2Plugin._port_provisioned-671671'] for port, provisioning_complete _notify_loop /usr/lib/python3.9/site-packages/neutron_lib/callbacks/manager.py:200
