2026-03-14 07:51:26.185 15 INFO neutron.wsgi [req-d781d17b-2ab0-4c45-a842-487ea68bc921 6ff3fa67aeb843c0ae84cd43241c63c5 619350bf40c14ffeac2767f249c525fa - default default] 192.168.122.99,192.168.122.100 "GET /v2.0/networks/tenant HTTP/1.1" status: 404 len: 290 time: 0.0242231
2026-03-14 07:51:26.274 15 DEBUG neutron.pecan_wsgi.hooks.policy_enforcement [req-99134276-5e2b-4bbb-9a5c-72e8866a1bea 6ff3fa67aeb843c0ae84cd43241c63c5 619350bf40c14ffeac2767f249c525fa - default default] Attributes excluded by policy engine: ['standard_attr_id', 'vlan_transparent'] _exclude_attributes_by_policy /usr/lib/python3.9/site-packages/neutron/pecan_wsgi/hooks/policy_enforcement.py:259
2026-03-14 07:51:26.275 15 INFO neutron.wsgi [req-99134276-5e2b-4bbb-9a5c-72e8866a1bea 6ff3fa67aeb843c0ae84cd43241c63c5 619350bf40c14ffeac2767f249c525fa - default default] 192.168.122.99,192.168.122.100 "GET /v2.0/networks?name=tenant HTTP/1.1" status: 200 len: 998 time: 0.0866897
2026-03-14 07:51:26.325 15 DEBUG neutron.pecan_wsgi.hooks.policy_enforcement [req-375320e3-8053-4706-b54f-14ad47509e12 6ff3fa67aeb843c0ae84cd43241c63c5 619350bf40c14ffeac2767f249c525fa - default default] Attributes excluded by policy engine: ['standard_attr_id', 'shared'] _exclude_attributes_by_policy /usr/lib/python3.9/site-packages/neutron/pecan_wsgi/hooks/policy_enforcement.py:259
2026-03-14 07:51:26.326 15 INFO neutron.wsgi [req-375320e3-8053-4706-b54f-14ad47509e12 6ff3fa67aeb843c0ae84cd43241c63c5 619350bf40c14ffeac2767f249c525fa - default default] 192.168.122.99,192.168.122.100 "GET /v2.0/subnets/11a5dd0b-641e-46c5-9683-0d62f34048f0 HTTP/1.1" status: 200 len: 858 time: 0.0455589
2026-03-14 07:51:26.353 15 INFO neutron.pecan_wsgi.hooks.translation [req-26d01079-6d6f-439e-998b-d90ae416d81b 6ff3fa67aeb843c0ae84cd43241c63c5 619350bf40c14ffeac2767f249c525fa - default default] GET failed (client error): The resource could not be found.
2026-03-14 07:51:26.355 15 INFO neutron.wsgi [req-26d01079-6d6f-439e-998b-d90ae416d81b 6ff3fa67aeb843c0ae84cd43241c63c5 619350bf40c14ffeac2767f249c525fa - default default] 192.168.122.99,192.168.122.100 "GET /v2.0/networks/external HTTP/1.1" status: 404 len: 292 time: 0.0233426
2026-03-14 07:51:26.447 15 DEBUG neutron.pecan_wsgi.hooks.policy_enforcement [req-dbd92058-3be6-4d73-aea3-df5cbf546b85 6ff3fa67aeb843c0ae84cd43241c63c5 619350bf40c14ffeac2767f249c525fa - default default] Attributes excluded by policy engine: ['standard_attr_id', 'vlan_transparent'] _exclude_attributes_by_policy /usr/lib/python3.9/site-packages/neutron/pecan_wsgi/hooks/policy_enforcement.py:259
2026-03-14 07:51:26.447 15 INFO neutron.wsgi [req-dbd92058-3be6-4d73-aea3-df5cbf546b85 6ff3fa67aeb843c0ae84cd43241c63c5 619350bf40c14ffeac2767f249c525fa - default default] 192.168.122.99,192.168.122.100 "GET /v2.0/networks?name=external HTTP/1.1" status: 200 len: 1029 time: 0.0888464
2026-03-14 07:51:26.483 15 DEBUG neutron.pecan_wsgi.hooks.policy_enforcement [req-9f8445fd-462e-4d9e-9205-1f1f3225ea7c 6ff3fa67aeb843c0ae84cd43241c63c5 619350bf40c14ffeac2767f249c525fa - default default] Attributes excluded by policy engine: ['standard_attr_id', 'shared'] _exclude_attributes_by_policy /usr/lib/python3.9/site-packages/neutron/pecan_wsgi/hooks/policy_enforcement.py:259
2026-03-14 07:51:26.483 15 INFO neutron.wsgi [req-9f8445fd-462e-4d9e-9205-1f1f3225ea7c 6ff3fa67aeb843c0ae84cd43241c63c5 619350bf40c14ffeac2767f249c525fa - default default] 192.168.122.99,192.168.122.100 "GET /v2.0/subnets/d789c03c-502c-4558-8896-28b266d5e7f0 HTTP/1.1" status: 200 len: 860 time: 0.0294259
2026-03-14 07:51:27.423 18 DEBUG neutron.wsgi [-] (18) accepted ('192.168.122.100', 52814) server /usr/lib/python3.9/site-packages/eventlet/wsgi.py:992
2026-03-14 07:51:27.427 18 INFO neutron.wsgi [-] 192.168.122.100 "GET /healthcheck HTTP/1.0" status: 200 len: 137 time: 0.0025275
2026-03-14 07:51:29.428 18 DEBUG neutron.wsgi [-] (18) accepted ('192.168.122.100', 52820) server /usr/lib/python3.9/site-packages/eventlet/wsgi.py:992
2026-03-14 07:51:29.431 18 INFO neutron.wsgi [-] 192.168.122.100 "GET /healthcheck HTTP/1.0" status: 200 len: 137 time: 0.0017724
2026-03-14 07:51:31.432 16 DEBUG neutron.wsgi [-] (16) accepted ('192.168.122.100', 37696) server /usr/lib/python3.9/site-packages/eventlet/wsgi.py:992
2026-03-14 07:51:31.434 16 INFO neutron.wsgi [-] 192.168.122.100 "GET /healthcheck HTTP/1.0" status: 200 len: 137 time: 0.0014346
2026-03-14 07:51:32.196 18 DEBUG neutron.wsgi [-] (18) accepted ('192.168.122.100', 37700) server /usr/lib/python3.9/site-packages/eventlet/wsgi.py:992
2026-03-14 07:51:32.299 16 DEBUG neutron.wsgi [-] (16) accepted ('192.168.122.100', 37710) server /usr/lib/python3.9/site-packages/eventlet/wsgi.py:992
2026-03-14 07:51:32.302 16 INFO neutron.wsgi [-] 192.168.122.100 "GET / HTTP/1.1" status: 200 len: 233 time: 0.0023189
2026-03-14 07:51:32.873 18 DEBUG neutron.policy [req-fd6f942b-efef-4e0d-b2a1-511d83b811f6 6ff3fa67aeb843c0ae84cd43241c63c5 619350bf40c14ffeac2767f249c525fa - default default] Loaded default policies from ['networking-bgpvpn', 'neutron'] under neutron.policies entry points register_rules /usr/lib/python3.9/site-packages/neutron/policy.py:73
2026-03-14 07:51:32.897 18 DEBUG neutron.pecan_wsgi.hooks.policy_enforcement [req-fd6f942b-efef-4e0d-b2a1-511d83b811f6 6ff3fa67aeb843c0ae84cd43241c63c5 619350bf40c14ffeac2767f249c525fa - default default] Attributes excluded by policy engine: ['standard_attr_id', 'vlan_transparent'] _exclude_attributes_by_policy /usr/lib/python3.9/site-packages/neutron/pecan_wsgi/hooks/policy_enforcement.py:259
2026-03-14 07:51:32.897 18 DEBUG neutron.pecan_wsgi.hooks.policy_enforcement [req-fd6f942b-efef-4e0d-b2a1-511d83b811f6 6ff3fa67aeb843c0ae84cd43241c63c5 619350bf40c14ffeac2767f249c525fa - default default] Attributes excluded by policy engine: ['standard_attr_id', 'vlan_transparent'] _exclude_attributes_by_policy /usr/lib/python3.9/site-packages/neutron/pecan_wsgi/hooks/policy_enforcement.py:259
2026-03-14 07:51:32.897 18 DEBUG neutron.pecan_wsgi.hooks.policy_enforcement [req-fd6f942b-efef-4e0d-b2a1-511d83b811f6 6ff3fa67aeb843c0ae84cd43241c63c5 619350bf40c14ffeac2767f249c525fa - default default] Attributes excluded by policy engine: ['standard_attr_id', 'vlan_transparent'] _exclude_attributes_by_policy /usr/lib/python3.9/site-packages/neutron/pecan_wsgi/hooks/policy_enforcement.py:259
2026-03-14 07:51:32.897 18 DEBUG neutron.pecan_wsgi.hooks.policy_enforcement [req-fd6f942b-efef-4e0d-b2a1-511d83b811f6 6ff3fa67aeb843c0ae84cd43241c63c5 619350bf40c14ffeac2767f249c525fa - default default] Attributes excluded by policy engine: ['standard_attr_id', 'vlan_transparent'] _exclude_attributes_by_policy /usr/lib/python3.9/site-packages/neutron/pecan_wsgi/hooks/policy_enforcement.py:259
2026-03-14 07:51:32.898 18 DEBUG neutron.pecan_wsgi.hooks.policy_enforcement [req-fd6f942b-efef-4e0d-b2a1-511d83b811f6 6ff3fa67aeb843c0ae84cd43241c63c5 619350bf40c14ffeac2767f249c525fa - default default] Attributes excluded by policy engine: ['standard_attr_id', 'vlan_transparent'] _exclude_attributes_by_policy /usr/lib/python3.9/site-packages/neutron/pecan_wsgi/hooks/policy_enforcement.py:259
2026-03-14 07:51:32.898 18 DEBUG neutron.pecan_wsgi.hooks.policy_enforcement [req-fd6f942b-efef-4e0d-b2a1-511d83b811f6 6ff3fa67aeb843c0ae84cd43241c63c5 619350bf40c14ffeac2767f249c525fa - default default] Attributes excluded by policy engine: ['standard_attr_id', 'vlan_transparent'] _exclude_attributes_by_policy /usr/lib/python3.9/site-packages/neutron/pecan_wsgi/hooks/policy_enforcement.py:259
2026-03-14 07:51:32.899 18 INFO neutron.wsgi [req-fd6f942b-efef-4e0d-b2a1-511d83b811f6 6ff3fa67aeb843c0ae84cd43241c63c5 619350bf40c14ffeac2767f249c525fa - default default] 192.168.122.99,192.168.122.100 "GET /v2.0/networks HTTP/1.1" status: 200 len: 5131 time: 0.7024117
2026-03-14 07:51:32.934 18 DEBUG neutron.pecan_wsgi.hooks.policy_enforcement [req-fc9f1885-0361-46fd-bdbf-6d7858df44f1 6ff3fa67aeb843c0ae84cd43241c63c5 619350bf40c14ffeac2767f249c525fa - default default] Attributes excluded by policy engine: ['standard_attr_id', 'shared'] _exclude_attributes_by_policy /usr/lib/python3.9/site-packages/neutron/pecan_wsgi/hooks/policy_enforcement.py:259
2026-03-14 07:51:32.935 18 INFO neutron.wsgi [req-fc9f1885-0361-46fd-bdbf-6d7858df44f1 6ff3fa67aeb843c0ae84cd43241c63c5 619350bf40c14ffeac2767f249c525fa - default default] 192.168.122.99,192.168.122.100 "GET /v2.0/subnets?network_id=15dd2e9c-d31a-4ee7-a9c8-f96d75593e6d HTTP/1.1" status: 200 len: 861 time: 0.0303378
2026-03-14 07:51:32.968 18 DEBUG neutron.pecan_wsgi.hooks.policy_enforcement [req-cc01acfb-ac23-485d-aefe-6b907f416bb6 6ff3fa67aeb843c0ae84cd43241c63c5 619350bf40c14ffeac2767f249c525fa - default default] Attributes excluded by policy engine: ['standard_attr_id', 'shared'] _exclude_attributes_by_policy /usr/lib/python3.9/site-packages/neutron/pecan_wsgi/hooks/policy_enforcement.py:259
2026-03-14 07:51:32.968 18 INFO neutron.wsgi [req-cc01acfb-ac23-485d-aefe-6b907f416bb6 6ff3fa67aeb843c0ae84cd43241c63c5 619350bf40c14ffeac2767f249c525fa - default default] 192.168.122.99,192.168.122.100 "GET /v2.0/subnets?network_id=75117fdf-6024-43b4-aa70-f6a1abecf189 HTTP/1.1" status: 200 len: 845 time: 0.0265372
2026-03-14 07:51:33.003 18 DEBUG neutron.pecan_wsgi.hooks.policy_enforcement [req-4c6d9b30-f8ce-4fb6-b441-f1d98275e906 6ff3fa67aeb843c0ae84cd43241c63c5 619350bf40c14ffeac2767f249c525fa - default default] Attributes excluded by policy engine: ['standard_attr_id', 'shared'] _exclude_attributes_by_policy /usr/lib/python3.9/site-packages/neutron/pecan_wsgi/hooks/policy_enforcement.py:259
2026-03-14 07:51:33.004 18 INFO neutron.wsgi [req-4c6d9b30-f8ce-4fb6-b441-f1d98275e906 6ff3fa67aeb843c0ae84cd43241c63c5 619350bf40c14ffeac2767f249c525fa - default default] 192.168.122.99,192.168.122.100 "GET /v2.0/subnets?network_id=8dc5c41c-ab24-4037-a831-95433a4aa786 HTTP/1.1" status: 200 len: 867 time: 0.0282116
2026-03-14 07:51:33.039 18 DEBUG neutron.pecan_wsgi.hooks.policy_enforcement [req-e1c48f63-fb4d-45de-97a1-434cb3cebb86 6ff3fa67aeb843c0ae84cd43241c63c5 619350bf40c14ffeac2767f249c525fa - default default] Attributes excluded by policy engine: ['standard_attr_id', 'shared'] _exclude_attributes_by_policy /usr/lib/python3.9/site-packages/neutron/pecan_wsgi/hooks/policy_enforcement.py:259
2026-03-14 07:51:33.039 18 INFO neutron.wsgi [req-e1c48f63-fb4d-45de-97a1-434cb3cebb86 6ff3fa67aeb843c0ae84cd43241c63c5 619350bf40c14ffeac2767f249c525fa - default default] 192.168.122.99,192.168.122.100 "GET /v2.0/subnets?network_id=9a1a5f16-1198-4813-a2d6-828ad5c55c58 HTTP/1.1" status: 200 len: 863 time: 0.0288272
2026-03-14 07:51:33.074 18 DEBUG neutron.pecan_wsgi.hooks.policy_enforcement [req-fd227464-8a6e-4f5c-b4f3-06a34155c915 6ff3fa67aeb843c0ae84cd43241c63c5 619350bf40c14ffeac2767f249c525fa - default default] Attributes excluded by policy engine: ['standard_attr_id', 'shared'] _exclude_attributes_by_policy /usr/lib/python3.9/site-packages/neutron/pecan_wsgi/hooks/policy_enforcement.py:259
2026-03-14 07:51:33.074 18 INFO neutron.wsgi [req-fd227464-8a6e-4f5c-b4f3-06a34155c915 6ff3fa67aeb843c0ae84cd43241c63c5 619350bf40c14ffeac2767f249c525fa - default default] 192.168.122.99,192.168.122.100 "GET /v2.0/subnets?network_id=ba01a7d9-ce1b-4457-bfd3-8f642c2cf353 HTTP/1.1" status: 200 len: 862 time: 0.0282509
2026-03-14 07:51:33.107 18 DEBUG neutron.pecan_wsgi.hooks.policy_enforcement [req-40ecb113-46f6-4383-b346-6024d5d1c78d 6ff3fa67aeb843c0ae84cd43241c63c5 619350bf40c14ffeac2767f249c525fa - default default] Attributes excluded by policy engine: ['standard_attr_id', 'shared'] _exclude_attributes_by_policy /usr/lib/python3.9/site-packages/neutron/pecan_wsgi/hooks/policy_enforcement.py:259
2026-03-14 07:51:33.108 18 INFO neutron.wsgi [req-40ecb113-46f6-4383-b346-6024d5d1c78d 6ff3fa67aeb843c0ae84cd43241c63c5 619350bf40c14ffeac2767f249c525fa - default default] 192.168.122.99,192.168.122.100 "GET /v2.0/subnets?network_id=f11c6afb-7fc5-4778-96b3-2ad6d8a2cab8 HTTP/1.1" status: 200 len: 867 time: 0.0272174
2026-03-14 07:51:33.138 18 DEBUG neutron.wsgi [-] (18) accepted ('192.168.122.100', 37718) server /usr/lib/python3.9/site-packages/eventlet/wsgi.py:992
2026-03-14 07:51:33.142 17 DEBUG neutron.wsgi [-] (17) accepted ('192.168.122.100', 37730) server /usr/lib/python3.9/site-packages/eventlet/wsgi.py:992
2026-03-14 07:51:33.142 16 DEBUG neutron.wsgi [-] (16) accepted ('192.168.122.100', 37738) server /usr/lib/python3.9/site-packages/eventlet/wsgi.py:992
2026-03-14 07:51:33.143 15 DEBUG neutron.wsgi [-] (15) accepted ('192.168.122.100', 37754) server /usr/lib/python3.9/site-packages/eventlet/wsgi.py:992
2026-03-14 07:51:33.162 18 INFO neutron.wsgi [req-bdf997f9-63ea-4b66-8a6b-e6bedbed1ce7 6ff3fa67aeb843c0ae84cd43241c63c5 619350bf40c14ffeac2767f249c525fa - default default] 192.168.122.99,192.168.122.100 "GET /v2.0/ports?network_id=f11c6afb-7fc5-4778-96b3-2ad6d8a2cab8&tags=tripleo_stack_name%3Dovercloud&tags=tripleo_vip_net%3Dinternal_api HTTP/1.1" status: 200 len: 186 time: 0.0466511
2026-03-14 07:51:33.171 18 DEBUG neutron.api.v2.base [req-9707799c-7acd-4ecf-8b24-8f98c4f5acea 6ff3fa67aeb843c0ae84cd43241c63c5 619350bf40c14ffeac2767f249c525fa - default default] Request body: {'port': {'dns_name': 'overcloud', 'fixed_ips': [{'subnet_id': '66eab012-579f-4155-be0a-a1f5835af3c5'}], 'name': 'internal_api_vip', 'network_id': 'f11c6afb-7fc5-4778-96b3-2ad6d8a2cab8'}} prepare_request_body /usr/lib/python3.9/site-packages/neutron/api/v2/base.py:729
2026-03-14 07:51:33.177 18 INFO neutron.wsgi [req-98608090-5156-4800-baa3-e79002d18a6b 6ff3fa67aeb843c0ae84cd43241c63c5 619350bf40c14ffeac2767f249c525fa - default default] 192.168.122.99,192.168.122.100 "GET /v2.0/ports?network_id=8dc5c41c-ab24-4037-a831-95433a4aa786&tags=tripleo_stack_name%3Dovercloud&tags=tripleo_vip_net%3Dstorage_mgmt HTTP/1.1" status: 200 len: 186 time: 0.0383391
2026-03-14 07:51:33.187 18 DEBUG neutron.api.v2.base [req-f608f01c-0a3a-4501-aec9-8ec94e5c400f 6ff3fa67aeb843c0ae84cd43241c63c5 619350bf40c14ffeac2767f249c525fa - default default] Request body: {'port': {'dns_name': 'overcloud', 'fixed_ips': [{'subnet_id': '6dbc4c6e-4e54-4471-8a68-0d9ea40ce59f'}], 'name': 'storage_mgmt_vip', 'network_id': '8dc5c41c-ab24-4037-a831-95433a4aa786'}} prepare_request_body /usr/lib/python3.9/site-packages/neutron/api/v2/base.py:729
2026-03-14 07:51:33.194 18 DEBUG neutron.pecan_wsgi.hooks.quota_enforcement [req-9707799c-7acd-4ecf-8b24-8f98c4f5acea 6ff3fa67aeb843c0ae84cd43241c63c5 619350bf40c14ffeac2767f249c525fa - default default] Made reservation on behalf of 619350bf40c14ffeac2767f249c525fa for: {'port': 1} before /usr/lib/python3.9/site-packages/neutron/pecan_wsgi/hooks/quota_enforcement.py:53
2026-03-14 07:51:33.195 18 DEBUG neutron_lib.callbacks.manager [req-9707799c-7acd-4ecf-8b24-8f98c4f5acea 6ff3fa67aeb843c0ae84cd43241c63c5 619350bf40c14ffeac2767f249c525fa - default default] Notify callbacks ['neutron.plugins.ml2.plugin.SecurityGroupDbMixin._ensure_default_security_group_handler-560396'] for port, before_create _notify_loop /usr/lib/python3.9/site-packages/neutron_lib/callbacks/manager.py:200
2026-03-14 07:51:33.211 18 DEBUG neutron.pecan_wsgi.hooks.quota_enforcement [req-f608f01c-0a3a-4501-aec9-8ec94e5c400f 6ff3fa67aeb843c0ae84cd43241c63c5 619350bf40c14ffeac2767f249c525fa - default default] Made reservation on behalf of 619350bf40c14ffeac2767f249c525fa for: {'port': 1} before /usr/lib/python3.9/site-packages/neutron/pecan_wsgi/hooks/quota_enforcement.py:53
2026-03-14 07:51:33.212 18 DEBUG neutron_lib.callbacks.manager [req-f608f01c-0a3a-4501-aec9-8ec94e5c400f 6ff3fa67aeb843c0ae84cd43241c63c5 619350bf40c14ffeac2767f249c525fa - default default] Notify callbacks ['neutron.plugins.ml2.plugin.SecurityGroupDbMixin._ensure_default_security_group_handler-560396'] for port, before_create _notify_loop /usr/lib/python3.9/site-packages/neutron_lib/callbacks/manager.py:200
2026-03-14 07:51:33.231 18 DEBUG neutron.notifiers.nova [req-9707799c-7acd-4ecf-8b24-8f98c4f5acea 6ff3fa67aeb843c0ae84cd43241c63c5 619350bf40c14ffeac2767f249c525fa - default default] device_id is not set on port a213dd7b-af90-4863-a135-cb45c720b5d8 yet. _can_notify /usr/lib/python3.9/site-packages/neutron/notifiers/nova.py:201
2026-03-14 07:51:33.232 17 INFO neutron.wsgi [req-8464026d-4bf4-4ebe-aadf-bbc764402780 6ff3fa67aeb843c0ae84cd43241c63c5 619350bf40c14ffeac2767f249c525fa - default default] 192.168.122.99,192.168.122.100 "GET /v2.0/ports?network_id=9a1a5f16-1198-4813-a2d6-828ad5c55c58&tags=tripleo_stack_name%3Dovercloud&tags=tripleo_vip_net%3Dexternal HTTP/1.1" status: 200 len: 186 time: 0.0891416
2026-03-14 07:51:33.239 15 INFO neutron.wsgi [req-2a6e7249-48bf-4204-9281-cc5446b3399d 6ff3fa67aeb843c0ae84cd43241c63c5 619350bf40c14ffeac2767f249c525fa - default default] 192.168.122.99,192.168.122.100 "GET /v2.0/ports?network_id=75117fdf-6024-43b4-aa70-f6a1abecf189&tags=tripleo_stack_name%3Dovercloud&tags=tripleo_vip_net%3Dctlplane HTTP/1.1" status: 200 len: 186 time: 0.0943797
2026-03-14 07:51:33.241 17 DEBUG neutron.api.v2.base [req-f6bf0e8e-d823-4375-9ff2-7f02aed114c9 6ff3fa67aeb843c0ae84cd43241c63c5 619350bf40c14ffeac2767f249c525fa - default default] Request body: {'port': {'dns_name': 'overcloud', 'fixed_ips': [{'subnet_id': 'd789c03c-502c-4558-8896-28b266d5e7f0'}], 'name': 'external_vip', 'network_id': '9a1a5f16-1198-4813-a2d6-828ad5c55c58'}} prepare_request_body /usr/lib/python3.9/site-packages/neutron/api/v2/base.py:729
2026-03-14 07:51:33.247 15 DEBUG neutron.api.v2.base [req-ecf9950c-674a-43b3-acdd-761c51e8f6d7 6ff3fa67aeb843c0ae84cd43241c63c5 619350bf40c14ffeac2767f249c525fa - default default] Request body: {'port': {'dns_name': 'overcloud', 'fixed_ips': [{'ip_address': '192.168.122.99'}], 'name': 'ctlplane_vip', 'network_id': '75117fdf-6024-43b4-aa70-f6a1abecf189'}} prepare_request_body /usr/lib/python3.9/site-packages/neutron/api/v2/base.py:729
2026-03-14 07:51:33.246 16 INFO neutron.wsgi [req-c430a679-cb03-4b01-bd2f-97b068efa4fd 6ff3fa67aeb843c0ae84cd43241c63c5 619350bf40c14ffeac2767f249c525fa - default default] 192.168.122.99,192.168.122.100 "GET /v2.0/ports?network_id=ba01a7d9-ce1b-4457-bfd3-8f642c2cf353&tags=tripleo_stack_name%3Dovercloud&tags=tripleo_vip_net%3Dstorage HTTP/1.1" status: 200 len: 186 time: 0.1029658
2026-03-14 07:51:33.251 16 DEBUG neutron.api.v2.base [req-4f99007f-8ee3-4b57-8d6c-4396c660dd6d 6ff3fa67aeb843c0ae84cd43241c63c5 619350bf40c14ffeac2767f249c525fa - default default] Request body: {'port': {'dns_name': 'overcloud', 'fixed_ips': [{'subnet_id': '35e1b22b-7dcc-40df-8de3-e91cb8be54e7'}], 'name': 'storage_vip', 'network_id': 'ba01a7d9-ce1b-4457-bfd3-8f642c2cf353'}} prepare_request_body /usr/lib/python3.9/site-packages/neutron/api/v2/base.py:729
2026-03-14 07:51:33.253 17 DEBUG neutron.pecan_wsgi.hooks.quota_enforcement [req-f6bf0e8e-d823-4375-9ff2-7f02aed114c9 6ff3fa67aeb843c0ae84cd43241c63c5 619350bf40c14ffeac2767f249c525fa - default default] Made reservation on behalf of 619350bf40c14ffeac2767f249c525fa for: {'port': 1} before /usr/lib/python3.9/site-packages/neutron/pecan_wsgi/hooks/quota_enforcement.py:53
2026-03-14 07:51:33.254 17 DEBUG neutron_lib.callbacks.manager [req-f6bf0e8e-d823-4375-9ff2-7f02aed114c9 6ff3fa67aeb843c0ae84cd43241c63c5 619350bf40c14ffeac2767f249c525fa - default default] Notify callbacks ['neutron.plugins.ml2.plugin.SecurityGroupDbMixin._ensure_default_security_group_handler-560396'] for port, before_create _notify_loop /usr/lib/python3.9/site-packages/neutron_lib/callbacks/manager.py:200
2026-03-14 07:51:33.260 16 DEBUG neutron.pecan_wsgi.hooks.quota_enforcement [req-4f99007f-8ee3-4b57-8d6c-4396c660dd6d 6ff3fa67aeb843c0ae84cd43241c63c5 619350bf40c14ffeac2767f249c525fa - default default] Made reservation on behalf of 619350bf40c14ffeac2767f249c525fa for: {'port': 1} before /usr/lib/python3.9/site-packages/neutron/pecan_wsgi/hooks/quota_enforcement.py:53
2026-03-14 07:51:33.262 16 DEBUG neutron_lib.callbacks.manager [req-4f99007f-8ee3-4b57-8d6c-4396c660dd6d 6ff3fa67aeb843c0ae84cd43241c63c5 619350bf40c14ffeac2767f249c525fa - default default] Notify callbacks ['neutron.plugins.ml2.plugin.SecurityGroupDbMixin._ensure_default_security_group_handler-560396'] for port, before_create _notify_loop /usr/lib/python3.9/site-packages/neutron_lib/callbacks/manager.py:200
2026-03-14 07:51:33.262 15 DEBUG neutron.pecan_wsgi.hooks.quota_enforcement [req-ecf9950c-674a-43b3-acdd-761c51e8f6d7 6ff3fa67aeb843c0ae84cd43241c63c5 619350bf40c14ffeac2767f249c525fa - default default] Made reservation on behalf of 619350bf40c14ffeac2767f249c525fa for: {'port': 1} before /usr/lib/python3.9/site-packages/neutron/pecan_wsgi/hooks/quota_enforcement.py:53
2026-03-14 07:51:33.265 15 DEBUG neutron_lib.callbacks.manager [req-ecf9950c-674a-43b3-acdd-761c51e8f6d7 6ff3fa67aeb843c0ae84cd43241c63c5 619350bf40c14ffeac2767f249c525fa - default default] Notify callbacks ['neutron.plugins.ml2.plugin.SecurityGroupDbMixin._ensure_default_security_group_handler-560396'] for port, before_create _notify_loop /usr/lib/python3.9/site-packages/neutron_lib/callbacks/manager.py:200
2026-03-14 07:51:33.266 18 DEBUG neutron.notifiers.nova [req-f608f01c-0a3a-4501-aec9-8ec94e5c400f 6ff3fa67aeb843c0ae84cd43241c63c5 619350bf40c14ffeac2767f249c525fa - default default] device_id is not set on port a73a68a1-345a-4aed-b1e6-3a742dc4d497 yet. _can_notify /usr/lib/python3.9/site-packages/neutron/notifiers/nova.py:201
2026-03-14 07:51:33.276 16 DEBUG neutron.notifiers.nova [req-4f99007f-8ee3-4b57-8d6c-4396c660dd6d 6ff3fa67aeb843c0ae84cd43241c63c5 619350bf40c14ffeac2767f249c525fa - default default] device_id is not set on port 20125ccd-5290-434d-a9bc-c09dc552b20a yet. _can_notify /usr/lib/python3.9/site-packages/neutron/notifiers/nova.py:201
2026-03-14 07:51:33.281 17 DEBUG neutron.notifiers.nova [req-f6bf0e8e-d823-4375-9ff2-7f02aed114c9 6ff3fa67aeb843c0ae84cd43241c63c5 619350bf40c14ffeac2767f249c525fa - default default] device_id is not set on port 0b8378bf-84d7-4c74-ae59-c60a627c032b yet. _can_notify /usr/lib/python3.9/site-packages/neutron/notifiers/nova.py:201
2026-03-14 07:51:33.295 15 DEBUG neutron.notifiers.nova [req-ecf9950c-674a-43b3-acdd-761c51e8f6d7 6ff3fa67aeb843c0ae84cd43241c63c5 619350bf40c14ffeac2767f249c525fa - default default] device_id is not set on port 28fe4038-3072-4dfe-bb79-be1ba2e680a6 yet. _can_notify /usr/lib/python3.9/site-packages/neutron/notifiers/nova.py:201
2026-03-14 07:51:33.369 16 DEBUG neutron.db.db_base_plugin_common [req-4f99007f-8ee3-4b57-8d6c-4396c660dd6d 6ff3fa67aeb843c0ae84cd43241c63c5 619350bf40c14ffeac2767f249c525fa - default default] Allocated IP 172.18.0.143 (ba01a7d9-ce1b-4457-bfd3-8f642c2cf353/35e1b22b-7dcc-40df-8de3-e91cb8be54e7/20125ccd-5290-434d-a9bc-c09dc552b20a) _store_ip_allocation /usr/lib/python3.9/site-packages/neutron/db/db_base_plugin_common.py:131
2026-03-14 07:51:33.386 17 DEBUG neutron.db.db_base_plugin_common [req-f6bf0e8e-d823-4375-9ff2-7f02aed114c9 6ff3fa67aeb843c0ae84cd43241c63c5 619350bf40c14ffeac2767f249c525fa - default default] Allocated IP 172.21.0.180 (9a1a5f16-1198-4813-a2d6-828ad5c55c58/d789c03c-502c-4558-8896-28b266d5e7f0/0b8378bf-84d7-4c74-ae59-c60a627c032b) _store_ip_allocation /usr/lib/python3.9/site-packages/neutron/db/db_base_plugin_common.py:131
2026-03-14 07:51:33.419 15 DEBUG neutron.db.db_base_plugin_common [req-ecf9950c-674a-43b3-acdd-761c51e8f6d7 6ff3fa67aeb843c0ae84cd43241c63c5 619350bf40c14ffeac2767f249c525fa - default default] Allocated IP 192.168.122.99 (75117fdf-6024-43b4-aa70-f6a1abecf189/d616671c-a25b-49de-ab05-17be7c9be0e7/28fe4038-3072-4dfe-bb79-be1ba2e680a6) _store_ip_allocation /usr/lib/python3.9/site-packages/neutron/db/db_base_plugin_common.py:131
2026-03-14 07:51:33.434 17 DEBUG neutron.wsgi [-] (17) accepted ('192.168.122.100', 37768) server /usr/lib/python3.9/site-packages/eventlet/wsgi.py:992
2026-03-14 07:51:33.437 17 INFO neutron.wsgi [-] 192.168.122.100 "GET /healthcheck HTTP/1.0" status: 200 len: 137 time: 0.0013618
2026-03-14 07:51:33.462 18 DEBUG neutron.db.db_base_plugin_common [req-9707799c-7acd-4ecf-8b24-8f98c4f5acea 6ff3fa67aeb843c0ae84cd43241c63c5 619350bf40c14ffeac2767f249c525fa - default default] Allocated IP 172.17.0.217 (f11c6afb-7fc5-4778-96b3-2ad6d8a2cab8/66eab012-579f-4155-be0a-a1f5835af3c5/a213dd7b-af90-4863-a135-cb45c720b5d8) _store_ip_allocation /usr/lib/python3.9/site-packages/neutron/db/db_base_plugin_common.py:131
2026-03-14 07:51:33.468 18 DEBUG neutron.db.db_base_plugin_common [req-f608f01c-0a3a-4501-aec9-8ec94e5c400f 6ff3fa67aeb843c0ae84cd43241c63c5 619350bf40c14ffeac2767f249c525fa - default default] Allocated IP 172.20.0.131 (8dc5c41c-ab24-4037-a831-95433a4aa786/6dbc4c6e-4e54-4471-8a68-0d9ea40ce59f/a73a68a1-345a-4aed-b1e6-3a742dc4d497) _store_ip_allocation /usr/lib/python3.9/site-packages/neutron/db/db_base_plugin_common.py:131
2026-03-14 07:51:33.560 17 DEBUG neutron_lib.callbacks.manager [req-f6bf0e8e-d823-4375-9ff2-7f02aed114c9 6ff3fa67aeb843c0ae84cd43241c63c5 619350bf40c14ffeac2767f249c525fa - default default] Notify callbacks [] for allowed_address_pair, before_create _notify_loop /usr/lib/python3.9/site-packages/neutron_lib/callbacks/manager.py:200
2026-03-14 07:51:33.560 17 DEBUG neutron_lib.callbacks.manager [req-f6bf0e8e-d823-4375-9ff2-7f02aed114c9 6ff3fa67aeb843c0ae84cd43241c63c5 619350bf40c14ffeac2767f249c525fa - default default] Notify callbacks [] for port, precommit_create _notify_loop /usr/lib/python3.9/site-packages/neutron_lib/callbacks/manager.py:200
2026-03-14 07:51:33.572 16 DEBUG neutron_lib.callbacks.manager [req-4f99007f-8ee3-4b57-8d6c-4396c660dd6d 6ff3fa67aeb843c0ae84cd43241c63c5 619350bf40c14ffeac2767f249c525fa - default default] Notify callbacks [] for allowed_address_pair, before_create _notify_loop /usr/lib/python3.9/site-packages/neutron_lib/callbacks/manager.py:200
2026-03-14 07:51:33.573 16 DEBUG neutron_lib.callbacks.manager [req-4f99007f-8ee3-4b57-8d6c-4396c660dd6d 6ff3fa67aeb843c0ae84cd43241c63c5 619350bf40c14ffeac2767f249c525fa - default default] Notify callbacks [] for port, precommit_create _notify_loop /usr/lib/python3.9/site-packages/neutron_lib/callbacks/manager.py:200
2026-03-14 07:51:33.596 17 DEBUG neutron_lib.callbacks.manager [req-f6bf0e8e-d823-4375-9ff2-7f02aed114c9 6ff3fa67aeb843c0ae84cd43241c63c5 619350bf40c14ffeac2767f249c525fa - default default] Notify callbacks ['neutron.plugins.ml2.plugin.SecurityGroupServerNotifierRpcMixin.notify_sg_on_port_change-528964', 'neutron.plugins.ml2.extensions.dns_integration._create_port_in_external_dns_service-8759915126968', 'neutron.plugins.ml2.ovo_rpc._ObjectChangeHandler.handle_event-4016128', 'neutron.api.rpc.agentnotifiers.dhcp_rpc_agent_api.DhcpAgentNotifyAPI._native_event_send_dhcp_notification-4063081', 'neutron.services.segments.plugin.NovaSegmentNotifier._notify_port_created_or_deleted-3880636'] for port, after_create _notify_loop /usr/lib/python3.9/site-packages/neutron_lib/callbacks/manager.py:200
2026-03-14 07:51:33.612 16 DEBUG neutron_lib.callbacks.manager [req-4f99007f-8ee3-4b57-8d6c-4396c660dd6d 6ff3fa67aeb843c0ae84cd43241c63c5 619350bf40c14ffeac2767f249c525fa - default default] Notify callbacks ['neutron.plugins.ml2.plugin.SecurityGroupServerNotifierRpcMixin.notify_sg_on_port_change-528964', 'neutron.plugins.ml2.extensions.dns_integration._create_port_in_external_dns_service-8759915126968', 'neutron.plugins.ml2.ovo_rpc._ObjectChangeHandler.handle_event-4016128', 'neutron.api.rpc.agentnotifiers.dhcp_rpc_agent_api.DhcpAgentNotifyAPI._native_event_send_dhcp_notification-4063081', 'neutron.services.segments.plugin.NovaSegmentNotifier._notify_port_created_or_deleted-3880636'] for port, after_create _notify_loop /usr/lib/python3.9/site-packages/neutron_lib/callbacks/manager.py:200
2026-03-14 07:51:33.634 17 DEBUG neutron.api.rpc.handlers.resources_rpc [req-f6bf0e8e-d823-4375-9ff2-7f02aed114c9 6ff3fa67aeb843c0ae84cd43241c63c5 619350bf40c14ffeac2767f249c525fa - - -] Pushing event updated for resources: {'Port': ['ID=0b8378bf-84d7-4c74-ae59-c60a627c032b,revision_number=1']} push /usr/lib/python3.9/site-packages/neutron/api/rpc/handlers/resources_rpc.py:237
2026-03-14 07:51:33.645 17 DEBUG neutron.plugins.ml2.drivers.mech_agent [req-f6bf0e8e-d823-4375-9ff2-7f02aed114c9 6ff3fa67aeb843c0ae84cd43241c63c5 619350bf40c14ffeac2767f249c525fa - default default] Checking segment: {'id': 'a6e8ab0d-fb2b-44cb-aaab-ce82b20edaf4', 'network_type': 'flat', 'physical_network': 'external_external_subnet', 'segmentation_id': None, 'network_id': '9a1a5f16-1198-4813-a2d6-828ad5c55c58'} for mappings: {'ctlplane': 'br-ctlplane'} with network types: ['local', 'flat', 'vlan'] check_segment_for_agent /usr/lib/python3.9/site-packages/neutron/plugins/ml2/drivers/mech_agent.py:343
2026-03-14 07:51:33.645 17 DEBUG neutron.plugins.ml2.drivers.mech_agent [req-f6bf0e8e-d823-4375-9ff2-7f02aed114c9 6ff3fa67aeb843c0ae84cd43241c63c5 619350bf40c14ffeac2767f249c525fa - default default] Network 9a1a5f16-1198-4813-a2d6-828ad5c55c58 with segment a6e8ab0d-fb2b-44cb-aaab-ce82b20edaf4 is connected to physical network external_external_subnet, but agent undercloud.ooo.test reported physical networks {'ctlplane': 'br-ctlplane'}. The physical network must be configured on the agent if binding is to succeed. check_segment_for_agent /usr/lib/python3.9/site-packages/neutron/plugins/ml2/drivers/mech_agent.py:365
2026-03-14 07:51:33.647 17 DEBUG neutron.scheduler.dhcp_agent_scheduler [req-f6bf0e8e-d823-4375-9ff2-7f02aed114c9 6ff3fa67aeb843c0ae84cd43241c63c5 619350bf40c14ffeac2767f249c525fa - default default] Network hostable DHCP agents. Network: 9a1a5f16-1198-4813-a2d6-828ad5c55c58, hostable agents: [], hosted agents: [] _get_network_hostable_dhcp_agents /usr/lib/python3.9/site-packages/neutron/scheduler/dhcp_agent_scheduler.py:329
2026-03-14 07:51:33.648 17 DEBUG neutron.scheduler.base_scheduler [req-f6bf0e8e-d823-4375-9ff2-7f02aed114c9 6ff3fa67aeb843c0ae84cd43241c63c5 619350bf40c14ffeac2767f249c525fa - default default] Resources bound (agent type, host, resource id): schedule /usr/lib/python3.9/site-packages/neutron/scheduler/base_scheduler.py:57
2026-03-14 07:51:33.648 17 WARNING neutron.api.rpc.agentnotifiers.dhcp_rpc_agent_api [req-f6bf0e8e-d823-4375-9ff2-7f02aed114c9 6ff3fa67aeb843c0ae84cd43241c63c5 619350bf40c14ffeac2767f249c525fa - default default] Unable to schedule network 9a1a5f16-1198-4813-a2d6-828ad5c55c58: no agents available; will retry on subsequent port and subnet creation events.
2026-03-14 07:51:33.648 17 DEBUG neutron.api.rpc.agentnotifiers.dhcp_rpc_agent_api [req-f6bf0e8e-d823-4375-9ff2-7f02aed114c9 6ff3fa67aeb843c0ae84cd43241c63c5 619350bf40c14ffeac2767f249c525fa - default default] Network 9a1a5f16-1198-4813-a2d6-828ad5c55c58 is not hosted by any dhcp agent _notify_agents /usr/lib/python3.9/site-packages/neutron/api/rpc/agentnotifiers/dhcp_rpc_agent_api.py:228
2026-03-14 07:51:33.649 16 DEBUG neutron.api.rpc.handlers.resources_rpc [req-4f99007f-8ee3-4b57-8d6c-4396c660dd6d 6ff3fa67aeb843c0ae84cd43241c63c5 619350bf40c14ffeac2767f249c525fa - - -] Pushing event updated for resources: {'Port': ['ID=20125ccd-5290-434d-a9bc-c09dc552b20a,revision_number=1']} push /usr/lib/python3.9/site-packages/neutron/api/rpc/handlers/resources_rpc.py:237
2026-03-14 07:51:33.655 16 DEBUG neutron.plugins.ml2.drivers.mech_agent [req-4f99007f-8ee3-4b57-8d6c-4396c660dd6d 6ff3fa67aeb843c0ae84cd43241c63c5 619350bf40c14ffeac2767f249c525fa - default default] Checking segment: {'id': '68c2d1f8-900a-443a-b842-fd70147d23aa', 'network_type': 'flat', 'physical_network': 'storage_storage_subnet', 'segmentation_id': None, 'network_id': 'ba01a7d9-ce1b-4457-bfd3-8f642c2cf353'} for mappings: {'ctlplane': 'br-ctlplane'} with network types: ['local', 'flat', 'vlan'] check_segment_for_agent /usr/lib/python3.9/site-packages/neutron/plugins/ml2/drivers/mech_agent.py:343
2026-03-14 07:51:33.655 15 DEBUG neutron_lib.callbacks.manager [req-ecf9950c-674a-43b3-acdd-761c51e8f6d7 6ff3fa67aeb843c0ae84cd43241c63c5 619350bf40c14ffeac2767f249c525fa - default default] Notify callbacks [] for allowed_address_pair, before_create _notify_loop /usr/lib/python3.9/site-packages/neutron_lib/callbacks/manager.py:200
2026-03-14 07:51:33.655 16 DEBUG neutron.plugins.ml2.drivers.mech_agent [req-4f99007f-8ee3-4b57-8d6c-4396c660dd6d 6ff3fa67aeb843c0ae84cd43241c63c5 619350bf40c14ffeac2767f249c525fa - default default] Network ba01a7d9-ce1b-4457-bfd3-8f642c2cf353 with segment 68c2d1f8-900a-443a-b842-fd70147d23aa is connected to physical network storage_storage_subnet, but agent undercloud.ooo.test reported physical networks {'ctlplane': 'br-ctlplane'}. The physical network must be configured on the agent if binding is to succeed. check_segment_for_agent /usr/lib/python3.9/site-packages/neutron/plugins/ml2/drivers/mech_agent.py:365
2026-03-14 07:51:33.655 15 DEBUG neutron_lib.callbacks.manager [req-ecf9950c-674a-43b3-acdd-761c51e8f6d7 6ff3fa67aeb843c0ae84cd43241c63c5 619350bf40c14ffeac2767f249c525fa - default default] Notify callbacks [] for port, precommit_create _notify_loop /usr/lib/python3.9/site-packages/neutron_lib/callbacks/manager.py:200
2026-03-14 07:51:33.657 16 DEBUG neutron.scheduler.dhcp_agent_scheduler [req-4f99007f-8ee3-4b57-8d6c-4396c660dd6d 6ff3fa67aeb843c0ae84cd43241c63c5 619350bf40c14ffeac2767f249c525fa - default default] Network hostable DHCP agents. Network: ba01a7d9-ce1b-4457-bfd3-8f642c2cf353, hostable agents: [], hosted agents: [] _get_network_hostable_dhcp_agents /usr/lib/python3.9/site-packages/neutron/scheduler/dhcp_agent_scheduler.py:329
2026-03-14 07:51:33.658 16 DEBUG neutron.scheduler.base_scheduler [req-4f99007f-8ee3-4b57-8d6c-4396c660dd6d 6ff3fa67aeb843c0ae84cd43241c63c5 619350bf40c14ffeac2767f249c525fa - default default] Resources bound (agent type, host, resource id): schedule /usr/lib/python3.9/site-packages/neutron/scheduler/base_scheduler.py:57
2026-03-14 07:51:33.658 16 WARNING neutron.api.rpc.agentnotifiers.dhcp_rpc_agent_api [req-4f99007f-8ee3-4b57-8d6c-4396c660dd6d 6ff3fa67aeb843c0ae84cd43241c63c5 619350bf40c14ffeac2767f249c525fa - default default] Unable to schedule network ba01a7d9-ce1b-4457-bfd3-8f642c2cf353: no agents available; will retry on subsequent port and subnet creation events.
2026-03-14 07:51:33.658 16 DEBUG neutron.api.rpc.agentnotifiers.dhcp_rpc_agent_api [req-4f99007f-8ee3-4b57-8d6c-4396c660dd6d 6ff3fa67aeb843c0ae84cd43241c63c5 619350bf40c14ffeac2767f249c525fa - default default] Network ba01a7d9-ce1b-4457-bfd3-8f642c2cf353 is not hosted by any dhcp agent _notify_agents /usr/lib/python3.9/site-packages/neutron/api/rpc/agentnotifiers/dhcp_rpc_agent_api.py:228
2026-03-14 07:51:33.665 15 DEBUG neutron.db.provisioning_blocks [req-ecf9950c-674a-43b3-acdd-761c51e8f6d7 6ff3fa67aeb843c0ae84cd43241c63c5 619350bf40c14ffeac2767f249c525fa - default default] Transition to ACTIVE for port object 28fe4038-3072-4dfe-bb79-be1ba2e680a6 will not be triggered until provisioned by entity DHCP. add_provisioning_component /usr/lib/python3.9/site-packages/neutron/db/provisioning_blocks.py:74
2026-03-14 07:51:33.675 17 DEBUG neutron.pecan_wsgi.hooks.policy_enforcement [req-f6bf0e8e-d823-4375-9ff2-7f02aed114c9 6ff3fa67aeb843c0ae84cd43241c63c5 619350bf40c14ffeac2767f249c525fa - default default] Attributes excluded by policy engine: ['standard_attr_id', 'network'] _exclude_attributes_by_policy /usr/lib/python3.9/site-packages/neutron/pecan_wsgi/hooks/policy_enforcement.py:259
2026-03-14 07:51:33.675 17 DEBUG neutron_lib.callbacks.manager [req-f6bf0e8e-d823-4375-9ff2-7f02aed114c9 6ff3fa67aeb843c0ae84cd43241c63c5 619350bf40c14ffeac2767f249c525fa - default default] Notify callbacks ['neutron.notifiers.nova.Notifier._send_nova_notification-4080196', 'neutron.api.rpc.agentnotifiers.dhcp_rpc_agent_api.DhcpAgentNotifyAPI._send_dhcp_notification-4063067'] for port, before_response _notify_loop /usr/lib/python3.9/site-packages/neutron_lib/callbacks/manager.py:200
2026-03-14 07:51:33.684 16 DEBUG neutron.pecan_wsgi.hooks.policy_enforcement [req-4f99007f-8ee3-4b57-8d6c-4396c660dd6d 6ff3fa67aeb843c0ae84cd43241c63c5 619350bf40c14ffeac2767f249c525fa - default default] Attributes excluded by policy engine: ['standard_attr_id', 'network'] _exclude_attributes_by_policy /usr/lib/python3.9/site-packages/neutron/pecan_wsgi/hooks/policy_enforcement.py:259
2026-03-14 07:51:33.685 16 DEBUG neutron_lib.callbacks.manager [req-4f99007f-8ee3-4b57-8d6c-4396c660dd6d 6ff3fa67aeb843c0ae84cd43241c63c5 619350bf40c14ffeac2767f249c525fa - default default] Notify callbacks ['neutron.notifiers.nova.Notifier._send_nova_notification-4080196', 'neutron.api.rpc.agentnotifiers.dhcp_rpc_agent_api.DhcpAgentNotifyAPI._send_dhcp_notification-4063067'] for port, before_response _notify_loop /usr/lib/python3.9/site-packages/neutron_lib/callbacks/manager.py:200
2026-03-14 07:51:33.689 17 INFO neutron.wsgi [req-f6bf0e8e-d823-4375-9ff2-7f02aed114c9 6ff3fa67aeb843c0ae84cd43241c63c5 619350bf40c14ffeac2767f249c525fa - default default] 192.168.122.99,192.168.122.100 "POST /v2.0/ports HTTP/1.1" status: 201 len: 1151 time: 0.4511878
2026-03-14 07:51:33.698 17 DEBUG neutron.services.tag.tag_plugin [req-38f14a51-2f8f-4b07-9b00-aa535810e491 6ff3fa67aeb843c0ae84cd43241c63c5 619350bf40c14ffeac2767f249c525fa - default default] neutron.services.tag.tag_plugin.TagPlugin method update_tags called with arguments (, 'ports', '0b8378bf-84d7-4c74-ae59-c60a627c032b', {'tags': ['tripleo_stack_name=overcloud', 'tripleo_vip_net=external']}) {} wrapper /usr/lib/python3.9/site-packages/oslo_log/helpers.py:65
2026-03-14 07:51:33.705 16 INFO neutron.wsgi [req-4f99007f-8ee3-4b57-8d6c-4396c660dd6d 6ff3fa67aeb843c0ae84cd43241c63c5 619350bf40c14ffeac2767f249c525fa - default default] 192.168.122.99,192.168.122.100 "POST /v2.0/ports HTTP/1.1" status: 201 len: 1150 time: 0.4555681
2026-03-14 07:51:33.712 15 DEBUG neutron_lib.callbacks.manager [req-ecf9950c-674a-43b3-acdd-761c51e8f6d7 6ff3fa67aeb843c0ae84cd43241c63c5 619350bf40c14ffeac2767f249c525fa - default default] Notify callbacks ['neutron.plugins.ml2.plugin.SecurityGroupServerNotifierRpcMixin.notify_sg_on_port_change-528964', 'neutron.plugins.ml2.extensions.dns_integration._create_port_in_external_dns_service-8759915126968', 'neutron.plugins.ml2.ovo_rpc._ObjectChangeHandler.handle_event-4016128', 'neutron.api.rpc.agentnotifiers.dhcp_rpc_agent_api.DhcpAgentNotifyAPI._native_event_send_dhcp_notification-4063081', 'neutron.services.segments.plugin.NovaSegmentNotifier._notify_port_created_or_deleted-3880636'] for port, after_create _notify_loop /usr/lib/python3.9/site-packages/neutron_lib/callbacks/manager.py:200
2026-03-14 07:51:33.717 16 DEBUG neutron.services.tag.tag_plugin [req-88d3ab62-d623-4f88-952d-c5b38938281d 6ff3fa67aeb843c0ae84cd43241c63c5 619350bf40c14ffeac2767f249c525fa - default default] neutron.services.tag.tag_plugin.TagPlugin method update_tags called with arguments (, 'ports', '20125ccd-5290-434d-a9bc-c09dc552b20a', {'tags': ['tripleo_stack_name=overcloud', 'tripleo_vip_net=storage']}) {} wrapper /usr/lib/python3.9/site-packages/oslo_log/helpers.py:65
2026-03-14 07:51:33.733 17 INFO neutron.wsgi [req-38f14a51-2f8f-4b07-9b00-aa535810e491 6ff3fa67aeb843c0ae84cd43241c63c5 619350bf40c14ffeac2767f249c525fa - default default] 192.168.122.99,192.168.122.100 "PUT /v2.0/ports/0b8378bf-84d7-4c74-ae59-c60a627c032b/tags HTTP/1.1" status: 200 len: 244 time: 0.0385098
2026-03-14 07:51:33.752 18 DEBUG neutron_lib.callbacks.manager [req-9707799c-7acd-4ecf-8b24-8f98c4f5acea 6ff3fa67aeb843c0ae84cd43241c63c5 619350bf40c14ffeac2767f249c525fa - default default] Notify callbacks [] for allowed_address_pair, before_create _notify_loop /usr/lib/python3.9/site-packages/neutron_lib/callbacks/manager.py:200
2026-03-14 07:51:33.753 18 DEBUG neutron_lib.callbacks.manager [req-9707799c-7acd-4ecf-8b24-8f98c4f5acea 6ff3fa67aeb843c0ae84cd43241c63c5 619350bf40c14ffeac2767f249c525fa - default default] Notify callbacks [] for port, precommit_create _notify_loop /usr/lib/python3.9/site-packages/neutron_lib/callbacks/manager.py:200
2026-03-14 07:51:33.762 15 DEBUG neutron.scheduler.dhcp_agent_scheduler [req-ecf9950c-674a-43b3-acdd-761c51e8f6d7 6ff3fa67aeb843c0ae84cd43241c63c5 619350bf40c14ffeac2767f249c525fa - default default] Network 75117fdf-6024-43b4-aa70-f6a1abecf189 is already hosted by enough agents. _get_dhcp_agents_hosting_network /usr/lib/python3.9/site-packages/neutron/scheduler/dhcp_agent_scheduler.py:275
2026-03-14 07:51:33.763 15 DEBUG neutron.scheduler.base_scheduler [req-ecf9950c-674a-43b3-acdd-761c51e8f6d7 6ff3fa67aeb843c0ae84cd43241c63c5 619350bf40c14ffeac2767f249c525fa - default default] Resources bound (agent type, host, resource id): schedule /usr/lib/python3.9/site-packages/neutron/scheduler/base_scheduler.py:57
2026-03-14 07:51:33.765 18 DEBUG neutron_lib.callbacks.manager [req-f608f01c-0a3a-4501-aec9-8ec94e5c400f 6ff3fa67aeb843c0ae84cd43241c63c5 619350bf40c14ffeac2767f249c525fa - default default] Notify callbacks [] for allowed_address_pair, before_create _notify_loop /usr/lib/python3.9/site-packages/neutron_lib/callbacks/manager.py:200
2026-03-14 07:51:33.766 18 DEBUG neutron_lib.callbacks.manager [req-f608f01c-0a3a-4501-aec9-8ec94e5c400f 6ff3fa67aeb843c0ae84cd43241c63c5 619350bf40c14ffeac2767f249c525fa - default default] Notify callbacks [] for port, precommit_create _notify_loop /usr/lib/python3.9/site-packages/neutron_lib/callbacks/manager.py:200
2026-03-14 07:51:33.772 16 INFO neutron.wsgi [req-88d3ab62-d623-4f88-952d-c5b38938281d 6ff3fa67aeb843c0ae84cd43241c63c5 619350bf40c14ffeac2767f249c525fa - default default] 192.168.122.99,192.168.122.100 "PUT /v2.0/ports/20125ccd-5290-434d-a9bc-c09dc552b20a/tags HTTP/1.1" status: 200 len: 243 time: 0.0615501
2026-03-14 07:51:33.791 15 DEBUG neutron.api.rpc.handlers.resources_rpc [req-ecf9950c-674a-43b3-acdd-761c51e8f6d7 6ff3fa67aeb843c0ae84cd43241c63c5 619350bf40c14ffeac2767f249c525fa - - -] Pushing event updated for resources: {'Port': ['ID=28fe4038-3072-4dfe-bb79-be1ba2e680a6,revision_number=1']} push /usr/lib/python3.9/site-packages/neutron/api/rpc/handlers/resources_rpc.py:237
2026-03-14 07:51:33.797 18 DEBUG neutron_lib.callbacks.manager [req-9707799c-7acd-4ecf-8b24-8f98c4f5acea 6ff3fa67aeb843c0ae84cd43241c63c5 619350bf40c14ffeac2767f249c525fa - default default] Notify callbacks ['neutron.plugins.ml2.plugin.SecurityGroupServerNotifierRpcMixin.notify_sg_on_port_change-528964', 'neutron.plugins.ml2.extensions.dns_integration._create_port_in_external_dns_service-8759915126968', 'neutron.plugins.ml2.ovo_rpc._ObjectChangeHandler.handle_event-4016128', 'neutron.api.rpc.agentnotifiers.dhcp_rpc_agent_api.DhcpAgentNotifyAPI._native_event_send_dhcp_notification-4063081', 'neutron.services.segments.plugin.NovaSegmentNotifier._notify_port_created_or_deleted-3880636'] for port, after_create _notify_loop /usr/lib/python3.9/site-packages/neutron_lib/callbacks/manager.py:200
2026-03-14 07:51:33.797 15 DEBUG neutron.api.rpc.callbacks.version_manager [req-ecf9950c-674a-43b3-acdd-761c51e8f6d7 6ff3fa67aeb843c0ae84cd43241c63c5 619350bf40c14ffeac2767f249c525fa - - -] Version for resource type AddressGroup changed None to 1.2 on consumer Open vSwitch agent@undercloud.ooo.test _set_version /usr/lib/python3.9/site-packages/neutron/api/rpc/callbacks/version_manager.py:113
2026-03-14 07:51:33.797 15 DEBUG neutron.api.rpc.callbacks.version_manager [req-ecf9950c-674a-43b3-acdd-761c51e8f6d7 6ff3fa67aeb843c0ae84cd43241c63c5 619350bf40c14ffeac2767f249c525fa - - -] Version for resource type ConntrackHelper changed None to 1.0 on consumer Open vSwitch agent@undercloud.ooo.test _set_version /usr/lib/python3.9/site-packages/neutron/api/rpc/callbacks/version_manager.py:113
2026-03-14 07:51:33.797 15 DEBUG neutron.api.rpc.callbacks.version_manager [req-ecf9950c-674a-43b3-acdd-761c51e8f6d7 6ff3fa67aeb843c0ae84cd43241c63c5 619350bf40c14ffeac2767f249c525fa - - -] Version for resource type Log changed None to 1.0 on consumer Open vSwitch agent@undercloud.ooo.test _set_version /usr/lib/python3.9/site-packages/neutron/api/rpc/callbacks/version_manager.py:113
2026-03-14 07:51:33.797 15 DEBUG neutron.api.rpc.callbacks.version_manager [req-ecf9950c-674a-43b3-acdd-761c51e8f6d7 6ff3fa67aeb843c0ae84cd43241c63c5 619350bf40c14ffeac2767f249c525fa - - -] Version for resource type Network changed None to 1.1 on consumer Open vSwitch agent@undercloud.ooo.test _set_version /usr/lib/python3.9/site-packages/neutron/api/rpc/callbacks/version_manager.py:113
2026-03-14 07:51:33.798 15 DEBUG neutron.api.rpc.callbacks.version_manager [req-ecf9950c-674a-43b3-acdd-761c51e8f6d7 6ff3fa67aeb843c0ae84cd43241c63c5 619350bf40c14ffeac2767f249c525fa - - -] Version for resource type Port changed None to 1.7 on consumer Open vSwitch agent@undercloud.ooo.test _set_version /usr/lib/python3.9/site-packages/neutron/api/rpc/callbacks/version_manager.py:113
2026-03-14 07:51:33.798 15 DEBUG neutron.api.rpc.callbacks.version_manager [req-ecf9950c-674a-43b3-acdd-761c51e8f6d7 6ff3fa67aeb843c0ae84cd43241c63c5 619350bf40c14ffeac2767f249c525fa - - -] Version for resource type PortForwarding changed None to 1.2 on consumer Open vSwitch agent@undercloud.ooo.test _set_version /usr/lib/python3.9/site-packages/neutron/api/rpc/callbacks/version_manager.py:113
2026-03-14 07:51:33.798 15 DEBUG neutron.api.rpc.callbacks.version_manager [req-ecf9950c-674a-43b3-acdd-761c51e8f6d7 6ff3fa67aeb843c0ae84cd43241c63c5 619350bf40c14ffeac2767f249c525fa - - -] Version for resource type QosPolicy changed None to 1.8 on consumer Open vSwitch agent@undercloud.ooo.test _set_version /usr/lib/python3.9/site-packages/neutron/api/rpc/callbacks/version_manager.py:113
2026-03-14 07:51:33.798 15 DEBUG neutron.api.rpc.callbacks.version_manager [req-ecf9950c-674a-43b3-acdd-761c51e8f6d7 6ff3fa67aeb843c0ae84cd43241c63c5 619350bf40c14ffeac2767f249c525fa - - -] Version for resource type SecurityGroup changed None to 1.5 on consumer Open vSwitch agent@undercloud.ooo.test _set_version /usr/lib/python3.9/site-packages/neutron/api/rpc/callbacks/version_manager.py:113
2026-03-14 07:51:33.798 15 DEBUG neutron.api.rpc.callbacks.version_manager [req-ecf9950c-674a-43b3-acdd-761c51e8f6d7 6ff3fa67aeb843c0ae84cd43241c63c5 619350bf40c14ffeac2767f249c525fa - - -] Version for resource type SecurityGroupRule changed None to 1.2 on consumer Open vSwitch agent@undercloud.ooo.test _set_version /usr/lib/python3.9/site-packages/neutron/api/rpc/callbacks/version_manager.py:113
2026-03-14 07:51:33.798 15 DEBUG neutron.api.rpc.callbacks.version_manager [req-ecf9950c-674a-43b3-acdd-761c51e8f6d7 6ff3fa67aeb843c0ae84cd43241c63c5 619350bf40c14ffeac2767f249c525fa - - -] Version for resource type SubPort changed None to 1.0 on consumer Open vSwitch agent@undercloud.ooo.test _set_version /usr/lib/python3.9/site-packages/neutron/api/rpc/callbacks/version_manager.py:113
2026-03-14 07:51:33.798 15 DEBUG neutron.api.rpc.callbacks.version_manager [req-ecf9950c-674a-43b3-acdd-761c51e8f6d7 6ff3fa67aeb843c0ae84cd43241c63c5 619350bf40c14ffeac2767f249c525fa - - -] Version for resource type Subnet changed None to 1.1 on consumer Open vSwitch agent@undercloud.ooo.test _set_version /usr/lib/python3.9/site-packages/neutron/api/rpc/callbacks/version_manager.py:113
2026-03-14 07:51:33.798 15 DEBUG neutron.api.rpc.callbacks.version_manager [req-ecf9950c-674a-43b3-acdd-761c51e8f6d7 6ff3fa67aeb843c0ae84cd43241c63c5 619350bf40c14ffeac2767f249c525fa - - -] Version for resource type Trunk changed None to 1.1 on consumer Open vSwitch agent@undercloud.ooo.test _set_version /usr/lib/python3.9/site-packages/neutron/api/rpc/callbacks/version_manager.py:113
2026-03-14 07:51:33.799 15 DEBUG neutron.api.rpc.callbacks.version_manager [req-ecf9950c-674a-43b3-acdd-761c51e8f6d7 6ff3fa67aeb843c0ae84cd43241c63c5 619350bf40c14ffeac2767f249c525fa - - -] Tracked resource versions report: pushed versions: { 'AddressGroup': {'1.2'}, 'ConntrackHelper': {'1.0'}, 'Log': {'1.0'}, 'Network': {'1.1'}, 'Port': {'1.7'}, 'PortForwarding': {'1.2'}, 'QosPolicy': {'1.8'}, 'SecurityGroup': {'1.5'}, 'SecurityGroupRule': {'1.2'}, 'SubPort': {'1.0'}, 'Subnet': {'1.1'}, 'Trunk': {'1.1'}} consumer versions: { DHCP agent@undercloud.ooo.test: {}, L3 agent@undercloud.ooo.test: {}, Open vSwitch agent@undercloud.ooo.test: { 'AddressGroup': '1.2', 'ConntrackHelper': '1.0', 'Log': '1.0', 'Network': '1.1', 'Port': '1.7', 'PortForwarding': '1.2', 'QosPolicy': '1.8', 'SecurityGroup': '1.5', 'SecurityGroupRule': '1.2', 'SubPort': '1.0', 'Subnet': '1.1', 'Trunk': '1.1'}} report /usr/lib/python3.9/site-packages/neutron/api/rpc/callbacks/version_manager.py:175
2026-03-14 07:51:33.811 15 DEBUG neutron.pecan_wsgi.hooks.policy_enforcement [req-ecf9950c-674a-43b3-acdd-761c51e8f6d7 6ff3fa67aeb843c0ae84cd43241c63c5 619350bf40c14ffeac2767f249c525fa - default default] Attributes excluded by policy engine: ['standard_attr_id', 'network'] _exclude_attributes_by_policy /usr/lib/python3.9/site-packages/neutron/pecan_wsgi/hooks/policy_enforcement.py:259
2026-03-14 07:51:33.811 15 DEBUG neutron_lib.callbacks.manager [req-ecf9950c-674a-43b3-acdd-761c51e8f6d7 6ff3fa67aeb843c0ae84cd43241c63c5 619350bf40c14ffeac2767f249c525fa - default default] Notify callbacks ['neutron.notifiers.nova.Notifier._send_nova_notification-4080196', 'neutron.api.rpc.agentnotifiers.dhcp_rpc_agent_api.DhcpAgentNotifyAPI._send_dhcp_notification-4063067'] for port, before_response _notify_loop /usr/lib/python3.9/site-packages/neutron_lib/callbacks/manager.py:200
