Mar 14 09:56:30 np0005647033 object-server[113836]: Partition times: max 0.0116s, min 0.0091s, med 0.0116s
Mar 14 09:56:30 np0005647033 object-server[113836]: Object replication complete. (0.00 minutes)
Mar 14 09:56:30 np0005647033 account-server[113492]: 172.20.0.30 - - [14/Mar/2026:09:56:30 +0000] "GET /d1/2/AUTH_f9ea4547bee1486dac119853945058b6" 404 - "GET http://swift-internal.openstack.svc:8080/v1/AUTH_f9ea4547bee1486dac119853945058b6?format=json" "tx9b1749b4cc9a40a8b4f73-0069b530ce" "proxy-server 9" 0.0007 "-" 20 -
Mar 14 09:56:30 np0005647033 account-server[113534]: 172.20.0.30 - - [14/Mar/2026:09:56:30 +0000] "HEAD /d1/976/AUTH_41f980ed3477488697279dfa5030e7c7" 204 - "HEAD http://swift-internal.openstack.svc:8080/v1/AUTH_41f980ed3477488697279dfa5030e7c7?format=json" "tx1f177f55aef847ed9b791-0069b530ce" "proxy-server 9" 0.0021 "-" 23 -
Mar 14 09:56:30 np0005647033 account-server[113534]: 172.20.0.30 - - [14/Mar/2026:09:56:30 +0000] "HEAD /d1/2/AUTH_f9ea4547bee1486dac119853945058b6" 404 - "HEAD http://swift-internal.openstack.svc:8080/v1/AUTH_f9ea4547bee1486dac119853945058b6?format=json" "txd5f76685a99a4965b3830-0069b530ce" "proxy-server 5" 0.0004 "-" 23 -
Mar 14 09:56:30 np0005647033 account-server[113509]: 172.20.0.30 - - [14/Mar/2026:09:56:30 +0000] "HEAD /d1/976/AUTH_41f980ed3477488697279dfa5030e7c7" 204 - "HEAD http://swift-internal.openstack.svc:8080/v1/AUTH_41f980ed3477488697279dfa5030e7c7?format=json" "tx2b255a3fe1d34642b66d9-0069b530ce" "proxy-server 9" 0.0021 "-" 21 -
Mar 14 09:56:44 np0005647033 object-server[407062]: Begin object audit "forever" mode (ZBF)
Mar 14 09:56:44 np0005647033 object-server[407062]: Object audit (ZBF). Since Sat Mar 14 09:56:44 2026: Locally: 1 passed, 0 quarantined, 0 errors, files/sec: 1009.70, bytes/sec: 0.00, Total time: 0.00, Auditing time: 0.00, Rate: 0.00
Mar 14 09:56:44 np0005647033 object-server[407062]: Object audit (ZBF) "forever" mode completed: 0.00s. Total quarantined: 0, Total errors: 0, Total files/sec: 633.34, Total bytes/sec: 0.00, Auditing time: 0.00, Rate: 0.21
Mar 14 09:56:45 np0005647033 container-server[113337]: Beginning replication run
Mar 14 09:56:45 np0005647033 container-server[113337]: Replication run OVER
Mar 14 09:56:45 np0005647033 container-server[113337]: Attempted to replicate 1 dbs in 0.02105 seconds (47.51330/s)
Mar 14 09:56:45 np0005647033 container-server[113337]: Removed 0 dbs
Mar 14 09:56:45 np0005647033 container-server[113337]: 2 successes, 0 failures
Mar 14 09:56:45 np0005647033 container-server[113337]: diff:0 diff_capped:0 empty:0 hashmatch:0 no_change:2 remote_merge:0 rsync:0 ts_repl:0
Mar 14 09:56:54 np0005647033 container-server[113768]: 172.20.0.30 - - [14/Mar/2026:09:56:54 +0000] "PUT /d1/952/AUTH_41f980ed3477488697279dfa5030e7c7/dispersion_0_1" 201 - "PUT http://swift-public-openstack.apps-crc.testing/v1/AUTH_41f980ed3477488697279dfa5030e7c7/dispersion_0_1?format=json" "txf8bd7f40363449229e866-0069b530e6" "proxy-server 5" 0.0265 "-" 21 0
Mar 14 09:56:54 np0005647033 account-server[113509]: 172.20.0.105 - - [14/Mar/2026:09:56:54 +0000] "PUT /d1/976/AUTH_41f980ed3477488697279dfa5030e7c7/dispersion_0_4" 201 - "PUT http://172.20.0.105:6001/d1/731/AUTH_41f980ed3477488697279dfa5030e7c7/dispersion_0_4" "tx52bfa619a5264f1c9aea5-0069b530e6" "container-server 23" 0.0060 "-" 21 0
Mar 14 09:56:54 np0005647033 container-server[113787]: 172.20.0.30 - - [14/Mar/2026:09:56:54 +0000] "PUT /d1/731/AUTH_41f980ed3477488697279dfa5030e7c7/dispersion_0_4" 201 - "PUT http://swift-public-openstack.apps-crc.testing/v1/AUTH_41f980ed3477488697279dfa5030e7c7/dispersion_0_4?format=json" "tx52bfa619a5264f1c9aea5-0069b530e6" "proxy-server 16" 0.0306 "-" 22 0
Mar 14 09:56:54 np0005647033 account-server[113492]: 172.20.0.103 - - [14/Mar/2026:09:56:54 +0000] "PUT /d1/976/AUTH_41f980ed3477488697279dfa5030e7c7/dispersion_0_1" 201 - "PUT http://172.20.0.103:6001/d1/952/AUTH_41f980ed3477488697279dfa5030e7c7/dispersion_0_1" "txf8bd7f40363449229e866-0069b530e6" "container-server 21" 0.0120 "-" 20 0
Mar 14 09:56:54 np0005647033 container-server[113760]: 172.20.0.30 - - [14/Mar/2026:09:56:54 +0000] "PUT /d1/987/AUTH_41f980ed3477488697279dfa5030e7c7/dispersion_0_6" 201 - "PUT http://swift-public-openstack.apps-crc.testing/v1/AUTH_41f980ed3477488697279dfa5030e7c7/dispersion_0_6?format=json" "txbb9165f6ec3a4c8f9c143-0069b530e6" "proxy-server 12" 0.0196 "-" 20 0
Mar 14 09:56:54 np0005647033 account-server[113534]: 172.20.0.105 - - [14/Mar/2026:09:56:54 +0000] "PUT /d1/976/AUTH_41f980ed3477488697279dfa5030e7c7/dispersion_0_6" 201 - "PUT http://172.20.0.105:6001/d1/987/AUTH_41f980ed3477488697279dfa5030e7c7/dispersion_0_6" "txbb9165f6ec3a4c8f9c143-0069b530e6" "container-server 23" 0.0080 "-" 23 0
Mar 14 09:56:54 np0005647033 account-server[113524]: 172.20.0.104 - - [14/Mar/2026:09:56:54 +0000] "PUT /d1/976/AUTH_41f980ed3477488697279dfa5030e7c7/dispersion_0_5" 201 - "PUT http://172.20.0.104:6001/d1/712/AUTH_41f980ed3477488697279dfa5030e7c7/dispersion_0_5" "tx2e25e1352d6f4cb9b30bd-0069b530e6" "container-server 23" 0.0053 "-" 22 0
Mar 14 09:56:54 np0005647033 container-server[113788]: 172.20.0.30 - - [14/Mar/2026:09:56:54 +0000] "PUT /d1/712/AUTH_41f980ed3477488697279dfa5030e7c7/dispersion_0_5" 201 - "PUT http://swift-public-openstack.apps-crc.testing/v1/AUTH_41f980ed3477488697279dfa5030e7c7/dispersion_0_5?format=json" "tx2e25e1352d6f4cb9b30bd-0069b530e6" "proxy-server 12" 0.0198 "-" 23 0
Mar 14 09:56:55 np0005647033 account-server[113509]: 172.20.0.105 - - [14/Mar/2026:09:56:55 +0000] "PUT /d1/976/AUTH_41f980ed3477488697279dfa5030e7c7/dispersion_0_2" 201 - "PUT http://172.20.0.105:6001/d1/341/AUTH_41f980ed3477488697279dfa5030e7c7/dispersion_0_2" "tx84adc742fc424aa89eed8-0069b530e6" "container-server 21" 0.0061 "-" 21 0
Mar 14 09:56:55 np0005647033 account-server[113492]: 172.20.0.103 - - [14/Mar/2026:09:56:55 +0000] "PUT /d1/976/AUTH_41f980ed3477488697279dfa5030e7c7/dispersion_0_9" 201 - "PUT http://172.20.0.103:6001/d1/253/AUTH_41f980ed3477488697279dfa5030e7c7/dispersion_0_9" "txe692a4a8dc5f46f9aa4de-0069b530e6" "container-server 23" 0.0124 "-" 20 0
Mar 14 09:56:55 np0005647033 container-server[113768]: 172.20.0.30 - - [14/Mar/2026:09:56:55 +0000] "PUT /d1/253/AUTH_41f980ed3477488697279dfa5030e7c7/dispersion_0_9" 201 - "PUT http://swift-public-openstack.apps-crc.testing/v1/AUTH_41f980ed3477488697279dfa5030e7c7/dispersion_0_9?format=json" "txe692a4a8dc5f46f9aa4de-0069b530e6" "proxy-server 12" 0.0295 "-" 21 0
Mar 14 09:56:55 np0005647033 account-server[113534]: 172.20.0.104 - - [14/Mar/2026:09:56:55 +0000] "PUT /d1/976/AUTH_41f980ed3477488697279dfa5030e7c7/dispersion_0_15" 201 - "PUT http://172.20.0.104:6001/d1/552/AUTH_41f980ed3477488697279dfa5030e7c7/dispersion_0_15" "tx2dc00a7ed34a49cc957e9-0069b530e7" "container-server 23" 0.0083 "-" 23 0
Mar 14 09:56:55 np0005647033 container-server[113788]: 172.20.0.30 - - [14/Mar/2026:09:56:55 +0000] "PUT /d1/552/AUTH_41f980ed3477488697279dfa5030e7c7/dispersion_0_15" 201 - "PUT http://swift-public-openstack.apps-crc.testing/v1/AUTH_41f980ed3477488697279dfa5030e7c7/dispersion_0_15?format=json" "tx2dc00a7ed34a49cc957e9-0069b530e7" "proxy-server 5" 0.0333 "-" 23 0
Mar 14 09:56:55 np0005647033 account-server[113534]: 172.20.0.104 - - [14/Mar/2026:09:56:55 +0000] "PUT /d1/976/AUTH_41f980ed3477488697279dfa5030e7c7/dispersion_0_10" 201 - "PUT http://172.20.0.104:6001/d1/326/AUTH_41f980ed3477488697279dfa5030e7c7/dispersion_0_10" "txa88085a0d7d8474d9dbb2-0069b530e6" "container-server 23" 0.0054 "-" 23 0
Mar 14 09:56:55 np0005647033 container-server[113788]: 172.20.0.30 - - [14/Mar/2026:09:56:55 +0000] "PUT /d1/326/AUTH_41f980ed3477488697279dfa5030e7c7/dispersion_0_10" 201 - "PUT http://swift-public-openstack.apps-crc.testing/v1/AUTH_41f980ed3477488697279dfa5030e7c7/dispersion_0_10?format=json" "txa88085a0d7d8474d9dbb2-0069b530e6" "proxy-server 14" 0.0198 "-" 23 0
Mar 14 09:56:55 np0005647033 container-server[113768]: 172.20.0.30 - - [14/Mar/2026:09:56:55 +0000] "PUT /d1/341/AUTH_41f980ed3477488697279dfa5030e7c7/dispersion_0_2" 201 - "PUT http://swift-public-openstack.apps-crc.testing/v1/AUTH_41f980ed3477488697279dfa5030e7c7/dispersion_0_2?format=json" "tx84adc742fc424aa89eed8-0069b530e6" "proxy-server 5" 0.0680 "-" 21 0
Mar 14 09:56:55 np0005647033 account-server[113524]: 172.20.0.105 - - [14/Mar/2026:09:56:55 +0000] "PUT /d1/976/AUTH_41f980ed3477488697279dfa5030e7c7/dispersion_0_7" 201 - "PUT http://172.20.0.105:6001/d1/467/AUTH_41f980ed3477488697279dfa5030e7c7/dispersion_0_7" "tx73251877a05c4d10b10a2-0069b530e6" "container-server 20" 0.0387 "-" 22 0
Mar 14 09:56:55 np0005647033 container-server[113787]: 172.20.0.30 - - [14/Mar/2026:09:56:55 +0000] "PUT /d1/828/AUTH_41f980ed3477488697279dfa5030e7c7/dispersion_0_11" 201 - "PUT http://swift-public-openstack.apps-crc.testing/v1/AUTH_41f980ed3477488697279dfa5030e7c7/dispersion_0_11?format=json" "tx3c3749a461de404ab336b-0069b530e6" "proxy-server 9" 0.0455 "-" 22 0
Mar 14 09:56:55 np0005647033 container-server[113760]: 172.20.0.30 - - [14/Mar/2026:09:56:55 +0000] "PUT /d1/467/AUTH_41f980ed3477488697279dfa5030e7c7/dispersion_0_7" 201 - "PUT http://swift-public-openstack.apps-crc.testing/v1/AUTH_41f980ed3477488697279dfa5030e7c7/dispersion_0_7?format=json" "tx73251877a05c4d10b10a2-0069b530e6" "proxy-server 9" 0.0622 "-" 20 0
Mar 14 09:56:55 np0005647033 account-server[113524]: 172.20.0.103 - - [14/Mar/2026:09:56:55 +0000] "PUT /d1/976/AUTH_41f980ed3477488697279dfa5030e7c7/dispersion_0_16" 201 - "PUT http://172.20.0.103:6001/d1/932/AUTH_41f980ed3477488697279dfa5030e7c7/dispersion_0_16" "tx12978014545b406b86b55-0069b530e7" "container-server 20" 0.0076 "-" 22 0
Mar 14 09:56:55 np0005647033 container-server[113768]: 172.20.0.30 - - [14/Mar/2026:09:56:55 +0000] "PUT /d1/131/AUTH_41f980ed3477488697279dfa5030e7c7/dispersion_0_17" 201 - "PUT http://swift-public-openstack.apps-crc.testing/v1/AUTH_41f980ed3477488697279dfa5030e7c7/dispersion_0_17?format=json" "tx0bc9bdcb6fd44fbea2f30-0069b530e7" "proxy-server 9" 0.0380 "-" 21 0
Mar 14 09:56:55 np0005647033 account-server[113492]: 172.20.0.105 - - [14/Mar/2026:09:56:55 +0000] "PUT /d1/976/AUTH_41f980ed3477488697279dfa5030e7c7/dispersion_0_18" 201 - "PUT http://172.20.0.105:6001/d1/756/AUTH_41f980ed3477488697279dfa5030e7c7/dispersion_0_18" "txcf8c69f333324e9e8b550-0069b530e7" "container-server 23" 0.0179 "-" 20 0
Mar 14 09:56:55 np0005647033 account-server[113492]: 172.20.0.104 - - [14/Mar/2026:09:56:55 +0000] "PUT /d1/976/AUTH_41f980ed3477488697279dfa5030e7c7/dispersion_0_12" 201 - "PUT http://172.20.0.104:6001/d1/643/AUTH_41f980ed3477488697279dfa5030e7c7/dispersion_0_12" "tx3261dd6689d1466d9a4d7-0069b530e6" "container-server 22" 0.0255 "-" 20 0
Mar 14 09:56:55 np0005647033 container-server[113787]: 172.20.0.30 - - [14/Mar/2026:09:56:55 +0000] "PUT /d1/643/AUTH_41f980ed3477488697279dfa5030e7c7/dispersion_0_12" 201 - "PUT http://swift-public-openstack.apps-crc.testing/v1/AUTH_41f980ed3477488697279dfa5030e7c7/dispersion_0_12?format=json" "tx3261dd6689d1466d9a4d7-0069b530e6" "proxy-server 12" 0.0470 "-" 22 0
Mar 14 09:56:55 np0005647033 account-server[113492]: 172.20.0.104 - - [14/Mar/2026:09:56:55 +0000] "PUT /d1/976/AUTH_41f980ed3477488697279dfa5030e7c7/dispersion_0_19" 201 - "PUT http://172.20.0.104:6001/d1/936/AUTH_41f980ed3477488697279dfa5030e7c7/dispersion_0_19" "tx8b593c096cca401cbb9d4-0069b530e7" "container-server 23" 0.0292 "-" 20 0
Mar 14 09:56:55 np0005647033 container-server[113787]: 172.20.0.30 - - [14/Mar/2026:09:56:55 +0000] "PUT /d1/604/AUTH_41f980ed3477488697279dfa5030e7c7/dispersion_0_13" 201 - "PUT http://swift-public-openstack.apps-crc.testing/v1/AUTH_41f980ed3477488697279dfa5030e7c7/dispersion_0_13?format=json" "tx45b477a3b3ef4f898fb05-0069b530e6" "proxy-server 9" 0.0308 "-" 22 0
Mar 14 09:56:55 np0005647033 container-server[113788]: 172.20.0.30 - - [14/Mar/2026:09:56:55 +0000] "PUT /d1/936/AUTH_41f980ed3477488697279dfa5030e7c7/dispersion_0_19" 201 - "PUT http://swift-public-openstack.apps-crc.testing/v1/AUTH_41f980ed3477488697279dfa5030e7c7/dispersion_0_19?format=json" "tx8b593c096cca401cbb9d4-0069b530e7" "proxy-server 12" 0.0433 "-" 23 0
Mar 14 09:56:55 np0005647033 account-server[113509]: 172.20.0.105 - - [14/Mar/2026:09:56:55 +0000] "PUT /d1/976/AUTH_41f980ed3477488697279dfa5030e7c7/dispersion_0_21" 201 - "PUT http://172.20.0.105:6001/d1/473/AUTH_41f980ed3477488697279dfa5030e7c7/dispersion_0_21" "txd3ef3002465643b2b8654-0069b530e7" "container-server 22" 0.0059 "-" 21 0
Mar 14 09:56:55 np0005647033 account-server[113509]: 172.20.0.103 - - [14/Mar/2026:09:56:55 +0000] "PUT /d1/976/AUTH_41f980ed3477488697279dfa5030e7c7/dispersion_0_13" 201 - "PUT http://172.20.0.103:6001/d1/604/AUTH_41f980ed3477488697279dfa5030e7c7/dispersion_0_13" "tx45b477a3b3ef4f898fb05-0069b530e6" "container-server 23" 0.0281 "-" 21 0
Mar 14 09:56:55 np0005647033 account-server[113509]: 172.20.0.105 - - [14/Mar/2026:09:56:55 +0000] "PUT /d1/976/AUTH_41f980ed3477488697279dfa5030e7c7/dispersion_0_11" 201 - "PUT http://172.20.0.105:6001/d1/828/AUTH_41f980ed3477488697279dfa5030e7c7/dispersion_0_11" "tx3c3749a461de404ab336b-0069b530e6" "container-server 23" 0.0846 "-" 21 0
Mar 14 09:56:55 np0005647033 container-server[113768]: 172.20.0.30 - - [14/Mar/2026:09:56:55 +0000] "PUT /d1/756/AUTH_41f980ed3477488697279dfa5030e7c7/dispersion_0_18" 201 - "PUT http://swift-public-openstack.apps-crc.testing/v1/AUTH_41f980ed3477488697279dfa5030e7c7/dispersion_0_18?format=json" "txcf8c69f333324e9e8b550-0069b530e7" "proxy-server 5" 0.0609 "-" 21 0
Mar 14 09:56:55 np0005647033 container-server[113787]: 172.20.0.30 - - [14/Mar/2026:09:56:55 +0000] "PUT /d1/932/AUTH_41f980ed3477488697279dfa5030e7c7/dispersion_0_16" 201 - "PUT http://swift-public-openstack.apps-crc.testing/v1/AUTH_41f980ed3477488697279dfa5030e7c7/dispersion_0_16?format=json" "tx12978014545b406b86b55-0069b530e7" "proxy-server 16" 0.0864 "-" 22 0
Mar 14 09:56:55 np0005647033 container-server[113768]: 172.20.0.30 - - [14/Mar/2026:09:56:55 +0000] "PUT /d1/979/AUTH_41f980ed3477488697279dfa5030e7c7/dispersion_0_23" 201 - "PUT http://swift-public-openstack.apps-crc.testing/v1/AUTH_41f980ed3477488697279dfa5030e7c7/dispersion_0_23?format=json" "tx60e376e0600b4a86b20c2-0069b530e7" "proxy-server 14" 0.0195 "-" 21 0
Mar 14 09:56:55 np0005647033 container-server[113787]: 172.20.0.30 - - [14/Mar/2026:09:56:55 +0000] "PUT /d1/473/AUTH_41f980ed3477488697279dfa5030e7c7/dispersion_0_21" 201 - "PUT http://swift-public-openstack.apps-crc.testing/v1/AUTH_41f980ed3477488697279dfa5030e7c7/dispersion_0_21?format=json" "txd3ef3002465643b2b8654-0069b530e7" "proxy-server 12" 0.0488 "-" 22 0
Mar 14 09:56:55 np0005647033 account-server[113524]: 172.20.0.105 - - [14/Mar/2026:09:56:55 +0000] "PUT /d1/976/AUTH_41f980ed3477488697279dfa5030e7c7/dispersion_0_22" 201 - "PUT http://172.20.0.105:6001/d1/614/AUTH_41f980ed3477488697279dfa5030e7c7/dispersion_0_22" "txe55aec05320c4d3fbb1e2-0069b530e7" "container-server 23" 0.0273 "-" 22 0
Mar 14 09:56:55 np0005647033 container-server[113760]: 172.20.0.30 - - [14/Mar/2026:09:56:55 +0000] "PUT /d1/614/AUTH_41f980ed3477488697279dfa5030e7c7/dispersion_0_22" 201 - "PUT http://swift-public-openstack.apps-crc.testing/v1/AUTH_41f980ed3477488697279dfa5030e7c7/dispersion_0_22?format=json" "txe55aec05320c4d3fbb1e2-0069b530e7" "proxy-server 5" 0.0429 "-" 20 0
Mar 14 09:56:55 np0005647033 account-server[113524]: 172.20.0.103 - - [14/Mar/2026:09:56:55 +0000] "PUT /d1/976/AUTH_41f980ed3477488697279dfa5030e7c7/dispersion_0_17" 201 - "PUT http://172.20.0.103:6001/d1/131/AUTH_41f980ed3477488697279dfa5030e7c7/dispersion_0_17" "tx0bc9bdcb6fd44fbea2f30-0069b530e7" "container-server 20" 0.0523 "-" 22 0
Mar 14 09:56:55 np0005647033 container-server[113787]: 172.20.0.30 - - [14/Mar/2026:09:56:55 +0000] "PUT /d1/152/AUTH_41f980ed3477488697279dfa5030e7c7/dispersion_0_14" 201 - "PUT http://swift-public-openstack.apps-crc.testing/v1/AUTH_41f980ed3477488697279dfa5030e7c7/dispersion_0_14?format=json" "tx189ce397e6fb470fb8ecc-0069b530e6" "proxy-server 7" 0.0332 "-" 22 0
Mar 14 09:56:55 np0005647033 account-server[113524]: 172.20.0.105 - - [14/Mar/2026:09:56:55 +0000] "PUT /d1/976/AUTH_41f980ed3477488697279dfa5030e7c7/dispersion_0_24" 201 - "PUT http://172.20.0.105:6001/d1/889/AUTH_41f980ed3477488697279dfa5030e7c7/dispersion_0_24" "tx14e90ccda77f403da2e33-0069b530e7" "container-server 22" 0.0054 "-" 22 0
Mar 14 09:56:55 np0005647033 account-server[113524]: 172.20.0.103 - - [14/Mar/2026:09:56:55 +0000] "PUT /d1/976/AUTH_41f980ed3477488697279dfa5030e7c7/dispersion_0_23" 201 - "PUT http://172.20.0.103:6001/d1/979/AUTH_41f980ed3477488697279dfa5030e7c7/dispersion_0_23" "tx60e376e0600b4a86b20c2-0069b530e7" "container-server 20" 0.0051 "-" 22 0
Mar 14 09:56:55 np0005647033 container-server[113788]: 172.20.0.30 - - [14/Mar/2026:09:56:55 +0000] "PUT /d1/889/AUTH_41f980ed3477488697279dfa5030e7c7/dispersion_0_24" 201 - "PUT http://swift-public-openstack.apps-crc.testing/v1/AUTH_41f980ed3477488697279dfa5030e7c7/dispersion_0_24?format=json" "tx14e90ccda77f403da2e33-0069b530e7" "proxy-server 5" 0.0453 "-" 23 0
Mar 14 09:56:55 np0005647033 account-server[113524]: 172.20.0.103 - - [14/Mar/2026:09:56:55 +0000] "PUT /d1/976/AUTH_41f980ed3477488697279dfa5030e7c7/dispersion_0_14" 201 - "PUT http://172.20.0.103:6001/d1/152/AUTH_41f980ed3477488697279dfa5030e7c7/dispersion_0_14" "tx189ce397e6fb470fb8ecc-0069b530e6" "container-server 23" 0.0055 "-" 22 0
Mar 14 09:56:55 np0005647033 account-server[113492]: 172.20.0.103 - - [14/Mar/2026:09:56:55 +0000] "PUT /d1/976/AUTH_41f980ed3477488697279dfa5030e7c7/dispersion_0_29" 201 - "PUT http://172.20.0.103:6001/d1/231/AUTH_41f980ed3477488697279dfa5030e7c7/dispersion_0_29" "tx606b0342c88f42c4bf275-0069b530e7" "container-server 23" 0.0067 "-" 20 0
Mar 14 09:56:55 np0005647033 container-server[113768]: 172.20.0.30 - - [14/Mar/2026:09:56:55 +0000] "PUT /d1/231/AUTH_41f980ed3477488697279dfa5030e7c7/dispersion_0_29" 201 - "PUT http://swift-public-openstack.apps-crc.testing/v1/AUTH_41f980ed3477488697279dfa5030e7c7/dispersion_0_29?format=json" "tx606b0342c88f42c4bf275-0069b530e7" "proxy-server 12" 0.0224 "-" 21 0
Mar 14 09:56:55 np0005647033 account-server[113509]: 172.20.0.105 - - [14/Mar/2026:09:56:55 +0000] "PUT /d1/976/AUTH_41f980ed3477488697279dfa5030e7c7/dispersion_0_26" 201 - "PUT http://172.20.0.105:6001/d1/940/AUTH_41f980ed3477488697279dfa5030e7c7/dispersion_0_26" "txeb2de0154eb1401d99e08-0069b530e7" "container-server 20" 0.0062 "-" 21 0
Mar 14 09:56:55 np0005647033 container-server[113788]: 172.20.0.30 - - [14/Mar/2026:09:56:55 +0000] "PUT /d1/940/AUTH_41f980ed3477488697279dfa5030e7c7/dispersion_0_26" 201 - "PUT http://swift-public-openstack.apps-crc.testing/v1/AUTH_41f980ed3477488697279dfa5030e7c7/dispersion_0_26?format=json" "txeb2de0154eb1401d99e08-0069b530e7" "proxy-server 12" 0.0231 "-" 23 0
Mar 14 09:56:55 np0005647033 container-server[113787]: 172.20.0.30 - - [14/Mar/2026:09:56:55 +0000] "PUT /d1/771/AUTH_41f980ed3477488697279dfa5030e7c7/dispersion_0_25" 201 - "PUT http://swift-public-openstack.apps-crc.testing/v1/AUTH_41f980ed3477488697279dfa5030e7c7/dispersion_0_25?format=json" "tx942e752e9c174c42bddf5-0069b530e7" "proxy-server 16" 0.0197 "-" 22 0
Mar 14 09:56:55 np0005647033 account-server[113524]: 172.20.0.103 - - [14/Mar/2026:09:56:55 +0000] "PUT /d1/976/AUTH_41f980ed3477488697279dfa5030e7c7/dispersion_0_25" 201 - "PUT http://172.20.0.103:6001/d1/771/AUTH_41f980ed3477488697279dfa5030e7c7/dispersion_0_25" "tx942e752e9c174c42bddf5-0069b530e7" "container-server 21" 0.0064 "-" 22 0
Mar 14 09:56:55 np0005647033 account-server[113524]: 172.20.0.104 - - [14/Mar/2026:09:56:55 +0000] "PUT /d1/976/AUTH_41f980ed3477488697279dfa5030e7c7/dispersion_0_34" 201 - "PUT http://172.20.0.104:6001/d1/1023/AUTH_41f980ed3477488697279dfa5030e7c7/dispersion_0_34" "txfaac0b48f9cc4439878ed-0069b530e7" "container-server 23" 0.0053 "-" 22 0
Mar 14 09:56:55 np0005647033 container-server[113788]: 172.20.0.30 - - [14/Mar/2026:09:56:55 +0000] "PUT /d1/1023/AUTH_41f980ed3477488697279dfa5030e7c7/dispersion_0_34" 201 - "PUT http://swift-public-openstack.apps-crc.testing/v1/AUTH_41f980ed3477488697279dfa5030e7c7/dispersion_0_34?format=json" "txfaac0b48f9cc4439878ed-0069b530e7" "proxy-server 9" 0.0169 "-" 23 0
Mar 14 09:56:55 np0005647033 account-server[113509]: 172.20.0.104 - - [14/Mar/2026:09:56:55 +0000] "PUT /d1/976/AUTH_41f980ed3477488697279dfa5030e7c7/dispersion_0_27" 201 - "PUT http://172.20.0.104:6001/d1/595/AUTH_41f980ed3477488697279dfa5030e7c7/dispersion_0_27" "tx8aaae35bb8cb433f825a2-0069b530e7" "container-server 20" 0.0064 "-" 21 0
Mar 14 09:56:55 np0005647033 container-server[113760]: 172.20.0.30 - - [14/Mar/2026:09:56:55 +0000] "PUT /d1/595/AUTH_41f980ed3477488697279dfa5030e7c7/dispersion_0_27" 201 - "PUT http://swift-public-openstack.apps-crc.testing/v1/AUTH_41f980ed3477488697279dfa5030e7c7/dispersion_0_27?format=json" "tx8aaae35bb8cb433f825a2-0069b530e7" "proxy-server 5" 0.0288 "-" 20 0
Mar 14 09:56:55 np0005647033 account-server[113524]: 172.20.0.104 - - [14/Mar/2026:09:56:55 +0000] "PUT /d1/976/AUTH_41f980ed3477488697279dfa5030e7c7/dispersion_0_36" 201 - "PUT http://172.20.0.104:6001/d1/811/AUTH_41f980ed3477488697279dfa5030e7c7/dispersion_0_36" "tx2428b856121f494391d36-0069b530e7" "container-server 23" 0.0228 "-" 22 0
Mar 14 09:56:55 np0005647033 container-server[113788]: 172.20.0.30 - - [14/Mar/2026:09:56:55 +0000] "PUT /d1/811/AUTH_41f980ed3477488697279dfa5030e7c7/dispersion_0_36" 201 - "PUT http://swift-public-openstack.apps-crc.testing/v1/AUTH_41f980ed3477488697279dfa5030e7c7/dispersion_0_36?format=json" "tx2428b856121f494391d36-0069b530e7" "proxy-server 12" 0.0422 "-" 23 0
Mar 14 09:56:55 np0005647033 account-server[113534]: 172.20.0.105 - - [14/Mar/2026:09:56:55 +0000] "PUT /d1/976/AUTH_41f980ed3477488697279dfa5030e7c7/dispersion_0_30" 201 - "PUT http://172.20.0.105:6001/d1/240/AUTH_41f980ed3477488697279dfa5030e7c7/dispersion_0_30" "tx80a77ee01408489489cea-0069b530e7" "container-server 22" 0.0073 "-" 23 0
Mar 14 09:56:55 np0005647033 account-server[113524]: 172.20.0.105 - - [14/Mar/2026:09:56:55 +0000] "PUT /d1/976/AUTH_41f980ed3477488697279dfa5030e7c7/dispersion_0_31" 201 - "PUT http://172.20.0.105:6001/d1/32/AUTH_41f980ed3477488697279dfa5030e7c7/dispersion_0_31" "tx49d66af42b5943d5962b4-0069b530e7" "container-server 23" 0.0064 "-" 22 0
Mar 14 09:56:55 np0005647033 account-server[113492]: 172.20.0.104 - - [14/Mar/2026:09:56:55 +0000] "PUT /d1/976/AUTH_41f980ed3477488697279dfa5030e7c7/dispersion_0_38" 201 - "PUT http://172.20.0.104:6001/d1/847/AUTH_41f980ed3477488697279dfa5030e7c7/dispersion_0_38" "txc6c423fd6dfe4587b636e-0069b530e7" "container-server 20" 0.0369 "-" 20 0
Mar 14 09:56:55 np0005647033 container-server[113760]: 172.20.0.30 - - [14/Mar/2026:09:56:55 +0000] "PUT /d1/847/AUTH_41f980ed3477488697279dfa5030e7c7/dispersion_0_38" 201 - "PUT http://swift-public-openstack.apps-crc.testing/v1/AUTH_41f980ed3477488697279dfa5030e7c7/dispersion_0_38?format=json" "txc6c423fd6dfe4587b636e-0069b530e7" "proxy-server 9" 0.0517 "-" 20 0
Mar 14 09:56:55 np0005647033 container-server[113787]: 172.20.0.30 - - [14/Mar/2026:09:56:55 +0000] "PUT /d1/240/AUTH_41f980ed3477488697279dfa5030e7c7/dispersion_0_30" 201 - "PUT http://swift-public-openstack.apps-crc.testing/v1/AUTH_41f980ed3477488697279dfa5030e7c7/dispersion_0_30?format=json" "tx80a77ee01408489489cea-0069b530e7" "proxy-server 12" 0.0465 "-" 22 0
Mar 14 09:56:55 np0005647033 container-server[113768]: 172.20.0.30 - - [14/Mar/2026:09:56:55 +0000] "PUT /d1/32/AUTH_41f980ed3477488697279dfa5030e7c7/dispersion_0_31" 201 - "PUT http://swift-public-openstack.apps-crc.testing/v1/AUTH_41f980ed3477488697279dfa5030e7c7/dispersion_0_31?format=json" "tx49d66af42b5943d5962b4-0069b530e7" "proxy-server 12" 0.0543 "-" 21 0
Mar 14 09:56:55 np0005647033 account-server[113509]: 172.20.0.104 - - [14/Mar/2026:09:56:55 +0000] "PUT /d1/976/AUTH_41f980ed3477488697279dfa5030e7c7/dispersion_0_33" 201 - "PUT http://172.20.0.104:6001/d1/649/AUTH_41f980ed3477488697279dfa5030e7c7/dispersion_0_33" "tx3e72f84dfdc145a2b4ccb-0069b530e7" "container-server 20" 0.0085 "-" 21 0
Mar 14 09:56:55 np0005647033 container-server[113760]: 172.20.0.30 - - [14/Mar/2026:09:56:55 +0000] "PUT /d1/649/AUTH_41f980ed3477488697279dfa5030e7c7/dispersion_0_33" 201 - "PUT http://swift-public-openstack.apps-crc.testing/v1/AUTH_41f980ed3477488697279dfa5030e7c7/dispersion_0_33?format=json" "tx3e72f84dfdc145a2b4ccb-0069b530e7" "proxy-server 7" 0.0262 "-" 20 0
Mar 14 09:56:55 np0005647033 account-server[113524]: 172.20.0.104 - - [14/Mar/2026:09:56:55 +0000] "PUT /d1/976/AUTH_41f980ed3477488697279dfa5030e7c7/dispersion_0_40" 201 - "PUT http://172.20.0.104:6001/d1/928/AUTH_41f980ed3477488697279dfa5030e7c7/dispersion_0_40" "tx9e425877e59c4facae6f4-0069b530e7" "container-server 22" 0.0063 "-" 22 0
Mar 14 09:56:55 np0005647033 container-server[113787]: 172.20.0.30 - - [14/Mar/2026:09:56:55 +0000] "PUT /d1/928/AUTH_41f980ed3477488697279dfa5030e7c7/dispersion_0_40" 201 - "PUT http://swift-public-openstack.apps-crc.testing/v1/AUTH_41f980ed3477488697279dfa5030e7c7/dispersion_0_40?format=json" "tx9e425877e59c4facae6f4-0069b530e7" "proxy-server 12" 0.0219 "-" 22 0
Mar 14 09:56:55 np0005647033 account-server[113492]: 172.20.0.105 - - [14/Mar/2026:09:56:55 +0000] "PUT /d1/976/AUTH_41f980ed3477488697279dfa5030e7c7/dispersion_0_39" 201 - "PUT http://172.20.0.105:6001/d1/432/AUTH_41f980ed3477488697279dfa5030e7c7/dispersion_0_39" "txb12d3628179243b99b240-0069b530e7" "container-server 23" 0.0056 "-" 20 0
Mar 14 09:56:55 np0005647033 container-server[113768]: 172.20.0.30 - - [14/Mar/2026:09:56:55 +0000] "PUT /d1/316/AUTH_41f980ed3477488697279dfa5030e7c7/dispersion_0_43" 201 - "PUT http://swift-public-openstack.apps-crc.testing/v1/AUTH_41f980ed3477488697279dfa5030e7c7/dispersion_0_43?format=json" "tx3d8c754d9b7f4b6f9f189-0069b530e7" "proxy-server 7" 0.0221 "-" 21 0
Mar 14 09:56:55 np0005647033 account-server[113534]: 172.20.0.103 - - [14/Mar/2026:09:56:55 +0000] "PUT /d1/976/AUTH_41f980ed3477488697279dfa5030e7c7/dispersion_0_43" 201 - "PUT http://172.20.0.103:6001/d1/316/AUTH_41f980ed3477488697279dfa5030e7c7/dispersion_0_43" "tx3d8c754d9b7f4b6f9f189-0069b530e7" "container-server 23" 0.0165 "-" 23 0
Mar 14 09:56:55 np0005647033 container-server[113788]: 172.20.0.30 - - [14/Mar/2026:09:56:55 +0000] "PUT /d1/432/AUTH_41f980ed3477488697279dfa5030e7c7/dispersion_0_39" 201 - "PUT http://swift-public-openstack.apps-crc.testing/v1/AUTH_41f980ed3477488697279dfa5030e7c7/dispersion_0_39?format=json" "txb12d3628179243b99b240-0069b530e7" "proxy-server 5" 0.0474 "-" 23 0
Mar 14 09:56:55 np0005647033 account-server[113492]: 172.20.0.104 - - [14/Mar/2026:09:56:55 +0000] "PUT /d1/976/AUTH_41f980ed3477488697279dfa5030e7c7/dispersion_0_20" 201 - "PUT http://172.20.0.104:6001/d1/26/AUTH_41f980ed3477488697279dfa5030e7c7/dispersion_0_20" "tx6cbec38d33e444628fbd8-0069b530e7" "container-server 22" 0.0133 "-" 20 0
Mar 14 09:56:55 np0005647033 container-server[113788]: 172.20.0.30 - - [14/Mar/2026:09:56:55 +0000] "PUT /d1/287/AUTH_41f980ed3477488697279dfa5030e7c7/dispersion_0_44" 201 - "PUT http://swift-public-openstack.apps-crc.testing/v1/AUTH_41f980ed3477488697279dfa5030e7c7/dispersion_0_44?format=json" "txb53fdcc0b2fc45f8a0243-0069b530e7" "proxy-server 16" 0.0358 "-" 23 0
Mar 14 09:56:55 np0005647033 container-server[113787]: 172.20.0.30 - - [14/Mar/2026:09:56:55 +0000] "PUT /d1/26/AUTH_41f980ed3477488697279dfa5030e7c7/dispersion_0_20" 201 - "PUT http://swift-public-openstack.apps-crc.testing/v1/AUTH_41f980ed3477488697279dfa5030e7c7/dispersion_0_20?format=json" "tx6cbec38d33e444628fbd8-0069b530e7" "proxy-server 6" 0.0428 "-" 22 0
Mar 14 09:56:55 np0005647033 account-server[113492]: 172.20.0.103 - - [14/Mar/2026:09:56:55 +0000] "PUT /d1/976/AUTH_41f980ed3477488697279dfa5030e7c7/dispersion_0_37" 201 - "PUT http://172.20.0.103:6001/d1/490/AUTH_41f980ed3477488697279dfa5030e7c7/dispersion_0_37" "txf7eb7a67f7ee44c48496a-0069b530e7" "container-server 21" 0.0068 "-" 20 0
Mar 14 09:56:55 np0005647033 container-server[113760]: 172.20.0.30 - - [14/Mar/2026:09:56:55 +0000] "PUT /d1/830/AUTH_41f980ed3477488697279dfa5030e7c7/dispersion_0_42" 201 - "PUT http://swift-public-openstack.apps-crc.testing/v1/AUTH_41f980ed3477488697279dfa5030e7c7/dispersion_0_42?format=json" "tx14d293fb3bcb4bb5b5384-0069b530e7" "proxy-server 9" 0.0449 "-" 20 0
Mar 14 09:56:55 np0005647033 account-server[113492]: 172.20.0.105 - - [14/Mar/2026:09:56:55 +0000] "PUT /d1/976/AUTH_41f980ed3477488697279dfa5030e7c7/dispersion_0_46" 201 - "PUT http://172.20.0.105:6001/d1/807/AUTH_41f980ed3477488697279dfa5030e7c7/dispersion_0_46" "tx8b46b384f9d24039858cb-0069b530e7" "container-server 21" 0.0089 "-" 20 0
Mar 14 09:56:55 np0005647033 container-server[113760]: 172.20.0.30 - - [14/Mar/2026:09:56:55 +0000] "PUT /d1/589/AUTH_41f980ed3477488697279dfa5030e7c7/dispersion_0_28" 201 - "PUT http://swift-public-openstack.apps-crc.testing/v1/AUTH_41f980ed3477488697279dfa5030e7c7/dispersion_0_28?format=json" "tx5c738d0e2f6748f39e728-0069b530e7" "proxy-server 14" 0.0384 "-" 20 0
Mar 14 09:56:55 np0005647033 account-server[113492]: 172.20.0.104 - - [14/Mar/2026:09:56:55 +0000] "PUT /d1/976/AUTH_41f980ed3477488697279dfa5030e7c7/dispersion_0_35" 201 - "PUT http://172.20.0.104:6001/d1/337/AUTH_41f980ed3477488697279dfa5030e7c7/dispersion_0_35" "tx4b91d415e414456ca1f82-0069b530e7" "container-server 21" 0.0056 "-" 20 0
Mar 14 09:56:55 np0005647033 account-server[113534]: 172.20.0.105 - - [14/Mar/2026:09:56:55 +0000] "PUT /d1/976/AUTH_41f980ed3477488697279dfa5030e7c7/dispersion_0_49" 201 - "PUT http://172.20.0.105:6001/d1/907/AUTH_41f980ed3477488697279dfa5030e7c7/dispersion_0_49" "tx2e1209b575d24559849b4-0069b530e7" "container-server 23" 0.0175 "-" 23 0
Mar 14 09:56:55 np0005647033 container-server[113768]: 172.20.0.30 - - [14/Mar/2026:09:56:55 +0000] "PUT /d1/807/AUTH_41f980ed3477488697279dfa5030e7c7/dispersion_0_46" 201 - "PUT http://swift-public-openstack.apps-crc.testing/v1/AUTH_41f980ed3477488697279dfa5030e7c7/dispersion_0_46?format=json" "tx8b46b384f9d24039858cb-0069b530e7" "proxy-server 12" 0.0526 "-" 21 0
Mar 14 09:56:55 np0005647033 container-server[113768]: 172.20.0.30 - - [14/Mar/2026:09:56:55 +0000] "PUT /d1/490/AUTH_41f980ed3477488697279dfa5030e7c7/dispersion_0_37" 201 - "PUT http://swift-public-openstack.apps-crc.testing/v1/AUTH_41f980ed3477488697279dfa5030e7c7/dispersion_0_37?format=json" "txf7eb7a67f7ee44c48496a-0069b530e7" "proxy-server 7" 0.0714 "-" 21 0
Mar 14 09:56:55 np0005647033 container-server[113768]: 172.20.0.30 - - [14/Mar/2026:09:56:55 +0000] "PUT /d1/337/AUTH_41f980ed3477488697279dfa5030e7c7/dispersion_0_35" 201 - "PUT http://swift-public-openstack.apps-crc.testing/v1/AUTH_41f980ed3477488697279dfa5030e7c7/dispersion_0_35?format=json" "tx4b91d415e414456ca1f82-0069b530e7" "proxy-server 12" 0.0410 "-" 21 0
Mar 14 09:56:55 np0005647033 container-server[113787]: 172.20.0.30 - - [14/Mar/2026:09:56:55 +0000] "PUT /d1/342/AUTH_41f980ed3477488697279dfa5030e7c7/dispersion_0_32" 201 - "PUT http://swift-public-openstack.apps-crc.testing/v1/AUTH_41f980ed3477488697279dfa5030e7c7/dispersion_0_32?format=json" "tx0a9dc37934394c788280a-0069b530e7" "proxy-server 14" 0.0430 "-" 22 0
Mar 14 09:56:55 np0005647033 account-server[113509]: 172.20.0.103 - - [14/Mar/2026:09:56:55 +0000] "PUT /d1/976/AUTH_41f980ed3477488697279dfa5030e7c7/dispersion_0_44" 201 - "PUT http://172.20.0.103:6001/d1/287/AUTH_41f980ed3477488697279dfa5030e7c7/dispersion_0_44" "txb53fdcc0b2fc45f8a0243-0069b530e7" "container-server 23" 0.0276 "-" 21 0
Mar 14 09:56:55 np0005647033 account-server[113509]: 172.20.0.105 - - [14/Mar/2026:09:56:55 +0000] "PUT /d1/976/AUTH_41f980ed3477488697279dfa5030e7c7/dispersion_0_32" 201 - "PUT http://172.20.0.105:6001/d1/342/AUTH_41f980ed3477488697279dfa5030e7c7/dispersion_0_32" "tx0a9dc37934394c788280a-0069b530e7" "container-server 21" 0.0055 "-" 21 0
Mar 14 09:56:55 np0005647033 account-server[113534]: 172.20.0.104 - - [14/Mar/2026:09:56:55 +0000] "PUT /d1/976/AUTH_41f980ed3477488697279dfa5030e7c7/dispersion_0_50" 201 - "PUT http://172.20.0.104:6001/d1/664/AUTH_41f980ed3477488697279dfa5030e7c7/dispersion_0_50" "tx170e731f9630402ab5c58-0069b530e7" "container-server 21" 0.0161 "-" 23 0
Mar 14 09:56:55 np0005647033 container-server[113768]: 172.20.0.30 - - [14/Mar/2026:09:56:55 +0000] "PUT /d1/664/AUTH_41f980ed3477488697279dfa5030e7c7/dispersion_0_50" 201 - "PUT http://swift-public-openstack.apps-crc.testing/v1/AUTH_41f980ed3477488697279dfa5030e7c7/dispersion_0_50?format=json" "tx170e731f9630402ab5c58-0069b530e7" "proxy-server 9" 0.0297 "-" 21 0
Mar 14 09:56:55 np0005647033 account-server[113534]: 172.20.0.103 - - [14/Mar/2026:09:56:55 +0000] "PUT /d1/976/AUTH_41f980ed3477488697279dfa5030e7c7/dispersion_0_42" 201 - "PUT http://172.20.0.103:6001/d1/830/AUTH_41f980ed3477488697279dfa5030e7c7/dispersion_0_42" "tx14d293fb3bcb4bb5b5384-0069b530e7" "container-server 20" 0.0489 "-" 23 0
Mar 14 09:56:55 np0005647033 account-server[113534]: 172.20.0.103 - - [14/Mar/2026:09:56:55 +0000] "PUT /d1/976/AUTH_41f980ed3477488697279dfa5030e7c7/dispersion_0_51" 201 - "PUT http://172.20.0.103:6001/d1/149/AUTH_41f980ed3477488697279dfa5030e7c7/dispersion_0_51" "txbd13fa63cd354488824ed-0069b530e7" "container-server 20" 0.0243 "-" 23 0
Mar 14 09:56:55 np0005647033 container-server[113787]: 172.20.0.30 - - [14/Mar/2026:09:56:55 +0000] "PUT /d1/907/AUTH_41f980ed3477488697279dfa5030e7c7/dispersion_0_49" 201 - "PUT http://swift-public-openstack.apps-crc.testing/v1/AUTH_41f980ed3477488697279dfa5030e7c7/dispersion_0_49?format=json" "tx2e1209b575d24559849b4-0069b530e7" "proxy-server 7" 0.0647 "-" 22 0
Mar 14 09:56:55 np0005647033 container-server[113768]: 172.20.0.30 - - [14/Mar/2026:09:56:55 +0000] "PUT /d1/457/AUTH_41f980ed3477488697279dfa5030e7c7/dispersion_0_47" 201 - "PUT http://swift-public-openstack.apps-crc.testing/v1/AUTH_41f980ed3477488697279dfa5030e7c7/dispersion_0_47?format=json" "txd32d549842904c9096de1-0069b530e7" "proxy-server 12" 0.0631 "-" 21 0
Mar 14 09:56:55 np0005647033 account-server[113509]: 172.20.0.103 - - [14/Mar/2026:09:56:55 +0000] "PUT /d1/976/AUTH_41f980ed3477488697279dfa5030e7c7/dispersion_0_47" 201 - "PUT http://172.20.0.103:6001/d1/457/AUTH_41f980ed3477488697279dfa5030e7c7/dispersion_0_47" "txd32d549842904c9096de1-0069b530e7" "container-server 21" 0.0279 "-" 21 0
Mar 14 09:56:55 np0005647033 account-server[113492]: 172.20.0.103 - - [14/Mar/2026:09:56:55 +0000] "PUT /d1/976/AUTH_41f980ed3477488697279dfa5030e7c7/dispersion_0_48" 201 - "PUT http://172.20.0.103:6001/d1/682/AUTH_41f980ed3477488697279dfa5030e7c7/dispersion_0_48" "txde911fd0d9c04adfb28ff-0069b530e7" "container-server 21" 0.0319 "-" 20 0
Mar 14 09:56:55 np0005647033 account-server[113509]: 172.20.0.105 - - [14/Mar/2026:09:56:55 +0000] "PUT /d1/976/AUTH_41f980ed3477488697279dfa5030e7c7/dispersion_0_28" 201 - "PUT http://172.20.0.105:6001/d1/589/AUTH_41f980ed3477488697279dfa5030e7c7/dispersion_0_28" "tx5c738d0e2f6748f39e728-0069b530e7" "container-server 22" 0.0361 "-" 21 0
Mar 14 09:56:55 np0005647033 account-server[113524]: 172.20.0.104 - - [14/Mar/2026:09:56:55 +0000] "PUT /d1/976/AUTH_41f980ed3477488697279dfa5030e7c7/dispersion_0_3" 201 - "PUT http://172.20.0.104:6001/d1/935/AUTH_41f980ed3477488697279dfa5030e7c7/dispersion_0_3" "tx7745d731fabb49ddb2228-0069b530e6" "container-server 23" 0.0206 "-" 22 0
Mar 14 09:56:55 np0005647033 account-server[113534]: 172.20.0.104 - - [14/Mar/2026:09:56:55 +0000] "PUT /d1/976/AUTH_41f980ed3477488697279dfa5030e7c7/dispersion_0_0" 201 - "PUT http://172.20.0.104:6001/d1/56/AUTH_41f980ed3477488697279dfa5030e7c7/dispersion_0_0" "tx689ccafb971244f491de8-0069b530e6" "container-server 21" 0.0278 "-" 23 0
Mar 14 09:56:55 np0005647033 container-server[113768]: 172.20.0.30 - - [14/Mar/2026:09:56:55 +0000] "PUT /d1/56/AUTH_41f980ed3477488697279dfa5030e7c7/dispersion_0_0" 201 - "PUT http://swift-public-openstack.apps-crc.testing/v1/AUTH_41f980ed3477488697279dfa5030e7c7/dispersion_0_0?format=json" "tx689ccafb971244f491de8-0069b530e6" "proxy-server 15" 0.0425 "-" 21 0
Mar 14 09:56:55 np0005647033 account-server[113534]: 172.20.0.104 - - [14/Mar/2026:09:56:55 +0000] "PUT /d1/976/AUTH_41f980ed3477488697279dfa5030e7c7/dispersion_0_54" 201 - "PUT http://172.20.0.104:6001/d1/974/AUTH_41f980ed3477488697279dfa5030e7c7/dispersion_0_54" "txd35415d9c8044db2a2c8b-0069b530e7" "container-server 20" 0.0060 "-" 23 0
Mar 14 09:56:55 np0005647033 container-server[113760]: 172.20.0.30 - - [14/Mar/2026:09:56:55 +0000] "PUT /d1/974/AUTH_41f980ed3477488697279dfa5030e7c7/dispersion_0_54" 201 - "PUT http://swift-public-openstack.apps-crc.testing/v1/AUTH_41f980ed3477488697279dfa5030e7c7/dispersion_0_54?format=json" "txd35415d9c8044db2a2c8b-0069b530e7" "proxy-server 5" 0.0295 "-" 20 0
Mar 14 09:56:55 np0005647033 container-server[113788]: 172.20.0.30 - - [14/Mar/2026:09:56:55 +0000] "PUT /d1/682/AUTH_41f980ed3477488697279dfa5030e7c7/dispersion_0_48" 201 - "PUT http://swift-public-openstack.apps-crc.testing/v1/AUTH_41f980ed3477488697279dfa5030e7c7/dispersion_0_48?format=json" "txde911fd0d9c04adfb28ff-0069b530e7" "proxy-server 14" 0.1201 "-" 23 0
Mar 14 09:56:55 np0005647033 container-server[113760]: 172.20.0.30 - - [14/Mar/2026:09:56:55 +0000] "PUT /d1/308/AUTH_41f980ed3477488697279dfa5030e7c7/dispersion_0_53" 201 - "PUT http://swift-public-openstack.apps-crc.testing/v1/AUTH_41f980ed3477488697279dfa5030e7c7/dispersion_0_53?format=json" "txe5c168908c4b470b9694e-0069b530e7" "proxy-server 5" 0.0459 "-" 20 0
Mar 14 09:56:55 np0005647033 container-server[113788]: 172.20.0.30 - - [14/Mar/2026:09:56:55 +0000] "PUT /d1/935/AUTH_41f980ed3477488697279dfa5030e7c7/dispersion_0_3" 201 - "PUT http://swift-public-openstack.apps-crc.testing/v1/AUTH_41f980ed3477488697279dfa5030e7c7/dispersion_0_3?format=json" "tx7745d731fabb49ddb2228-0069b530e6" "proxy-server 15" 0.0574 "-" 23 0
Mar 14 09:56:55 np0005647033 account-server[113492]: 172.20.0.103 - - [14/Mar/2026:09:56:55 +0000] "PUT /d1/976/AUTH_41f980ed3477488697279dfa5030e7c7/dispersion_0_56" 201 - "PUT http://172.20.0.103:6001/d1/272/AUTH_41f980ed3477488697279dfa5030e7c7/dispersion_0_56" "tx1a91137903fd400b8027f-0069b530e7" "container-server 22" 0.0055 "-" 20 0
Mar 14 09:56:55 np0005647033 account-server[113492]: 172.20.0.104 - - [14/Mar/2026:09:56:55 +0000] "PUT /d1/976/AUTH_41f980ed3477488697279dfa5030e7c7/dispersion_0_52" 201 - "PUT http://172.20.0.104:6001/d1/863/AUTH_41f980ed3477488697279dfa5030e7c7/dispersion_0_52" "txbcf8fdb29d3b48dba6bdd-0069b530e7" "container-server 22" 0.0716 "-" 20 0
Mar 14 09:56:55 np0005647033 account-server[113524]: 172.20.0.103 - - [14/Mar/2026:09:56:55 +0000] "PUT /d1/976/AUTH_41f980ed3477488697279dfa5030e7c7/dispersion_0_53" 201 - "PUT http://172.20.0.103:6001/d1/308/AUTH_41f980ed3477488697279dfa5030e7c7/dispersion_0_53" "txe5c168908c4b470b9694e-0069b530e7" "container-server 22" 0.0337 "-" 22 0
Mar 14 09:56:55 np0005647033 container-server[113787]: 172.20.0.30 - - [14/Mar/2026:09:56:55 +0000] "PUT /d1/863/AUTH_41f980ed3477488697279dfa5030e7c7/dispersion_0_52" 201 - "PUT http://swift-public-openstack.apps-crc.testing/v1/AUTH_41f980ed3477488697279dfa5030e7c7/dispersion_0_52?format=json" "txbcf8fdb29d3b48dba6bdd-0069b530e7" "proxy-server 12" 0.0857 "-" 22 0
Mar 14 09:56:55 np0005647033 container-server[113768]: 172.20.0.30 - - [14/Mar/2026:09:56:55 +0000] "PUT /d1/193/AUTH_41f980ed3477488697279dfa5030e7c7/dispersion_0_41" 201 - "PUT http://swift-public-openstack.apps-crc.testing/v1/AUTH_41f980ed3477488697279dfa5030e7c7/dispersion_0_41?format=json" "tx82992ef92c4249d0b5797-0069b530e7" "proxy-server 15" 0.0443 "-" 21 0
Mar 14 09:56:55 np0005647033 account-server[113509]: 172.20.0.103 - - [14/Mar/2026:09:56:55 +0000] "PUT /d1/976/AUTH_41f980ed3477488697279dfa5030e7c7/dispersion_0_41" 201 - "PUT http://172.20.0.103:6001/d1/193/AUTH_41f980ed3477488697279dfa5030e7c7/dispersion_0_41" "tx82992ef92c4249d0b5797-0069b530e7" "container-server 21" 0.0302 "-" 21 0
Mar 14 09:56:55 np0005647033 container-server[113768]: 172.20.0.30 - - [14/Mar/2026:09:56:55 +0000] "PUT /d1/92/AUTH_41f980ed3477488697279dfa5030e7c7/dispersion_0_57" 201 - "PUT http://swift-public-openstack.apps-crc.testing/v1/AUTH_41f980ed3477488697279dfa5030e7c7/dispersion_0_57?format=json" "tx3bbc9aed8d1c40fc97b5d-0069b530e7" "proxy-server 14" 0.0368 "-" 21 0
Mar 14 09:56:55 np0005647033 account-server[113524]: 172.20.0.105 - - [14/Mar/2026:09:56:55 +0000] "PUT /d1/976/AUTH_41f980ed3477488697279dfa5030e7c7/dispersion_0_8" 201 - "PUT http://172.20.0.105:6001/d1/1012/AUTH_41f980ed3477488697279dfa5030e7c7/dispersion_0_8" "tx9f7bcb9808ea4f8e91219-0069b530e6" "container-server 22" 0.0200 "-" 22 0
Mar 14 09:56:55 np0005647033 account-server[113534]: 172.20.0.105 - - [14/Mar/2026:09:56:55 +0000] "PUT /d1/976/AUTH_41f980ed3477488697279dfa5030e7c7/dispersion_0_57" 201 - "PUT http://172.20.0.105:6001/d1/92/AUTH_41f980ed3477488697279dfa5030e7c7/dispersion_0_57" "tx3bbc9aed8d1c40fc97b5d-0069b530e7" "container-server 21" 0.0063 "-" 23 0
Mar 14 09:56:55 np0005647033 account-server[113534]: 172.20.0.103 - - [14/Mar/2026:09:56:55 +0000] "PUT /d1/976/AUTH_41f980ed3477488697279dfa5030e7c7/dispersion_0_58" 201 - "PUT http://172.20.0.103:6001/d1/45/AUTH_41f980ed3477488697279dfa5030e7c7/dispersion_0_58" "tx51263b73610f4ecabe1bb-0069b530e7" "container-server 23" 0.0334 "-" 23 0
Mar 14 09:56:55 np0005647033 container-server[113787]: 172.20.0.30 - - [14/Mar/2026:09:56:55 +0000] "PUT /d1/149/AUTH_41f980ed3477488697279dfa5030e7c7/dispersion_0_51" 201 - "PUT http://swift-public-openstack.apps-crc.testing/v1/AUTH_41f980ed3477488697279dfa5030e7c7/dispersion_0_51?format=json" "txbd13fa63cd354488824ed-0069b530e7" "proxy-server 5" 0.1443 "-" 22 0
Mar 14 09:56:55 np0005647033 account-server[113509]: 172.20.0.105 - - [14/Mar/2026:09:56:55 +0000] "PUT /d1/976/AUTH_41f980ed3477488697279dfa5030e7c7/dispersion_0_61" 201 - "PUT http://172.20.0.105:6001/d1/157/AUTH_41f980ed3477488697279dfa5030e7c7/dispersion_0_61" "tx7c715a3f6e634f40ac8c9-0069b530e7" "container-server 20" 0.0158 "-" 21 0
Mar 14 09:56:55 np0005647033 container-server[113760]: 172.20.0.30 - - [14/Mar/2026:09:56:55 +0000] "PUT /d1/45/AUTH_41f980ed3477488697279dfa5030e7c7/dispersion_0_58" 201 - "PUT http://swift-public-openstack.apps-crc.testing/v1/AUTH_41f980ed3477488697279dfa5030e7c7/dispersion_0_58?format=json" "tx51263b73610f4ecabe1bb-0069b530e7" "proxy-server 14" 0.0423 "-" 20 0
Mar 14 09:56:55 np0005647033 container-server[113788]: 172.20.0.30 - - [14/Mar/2026:09:56:55 +0000] "PUT /d1/157/AUTH_41f980ed3477488697279dfa5030e7c7/dispersion_0_61" 201 - "PUT http://swift-public-openstack.apps-crc.testing/v1/AUTH_41f980ed3477488697279dfa5030e7c7/dispersion_0_61?format=json" "tx7c715a3f6e634f40ac8c9-0069b530e7" "proxy-server 5" 0.0330 "-" 23 0
Mar 14 09:56:55 np0005647033 account-server[113524]: 172.20.0.104 - - [14/Mar/2026:09:56:55 +0000] "PUT /d1/976/AUTH_41f980ed3477488697279dfa5030e7c7/dispersion_0_62" 201 - "PUT http://172.20.0.104:6001/d1/600/AUTH_41f980ed3477488697279dfa5030e7c7/dispersion_0_62" "tx825a8e0e48f64a62956b4-0069b530e7" "container-server 22" 0.0065 "-" 22 0
Mar 14 09:56:55 np0005647033 container-server[113787]: 172.20.0.30 - - [14/Mar/2026:09:56:55 +0000] "PUT /d1/600/AUTH_41f980ed3477488697279dfa5030e7c7/dispersion_0_62" 201 - "PUT http://swift-public-openstack.apps-crc.testing/v1/AUTH_41f980ed3477488697279dfa5030e7c7/dispersion_0_62?format=json" "tx825a8e0e48f64a62956b4-0069b530e7" "proxy-server 15" 0.0256 "-" 22 0
Mar 14 09:56:55 np0005647033 account-server[113509]: 172.20.0.103 - - [14/Mar/2026:09:56:55 +0000] "PUT /d1/976/AUTH_41f980ed3477488697279dfa5030e7c7/dispersion_0_63" 201 - "PUT http://172.20.0.103:6001/d1/927/AUTH_41f980ed3477488697279dfa5030e7c7/dispersion_0_63" "tx6e50feac12f0488da9df8-0069b530e7" "container-server 21" 0.0054 "-" 21 0
Mar 14 09:56:55 np0005647033 account-server[113534]: 172.20.0.105 - - [14/Mar/2026:09:56:55 +0000] "PUT /d1/976/AUTH_41f980ed3477488697279dfa5030e7c7/dispersion_0_60" 201 - "PUT http://172.20.0.105:6001/d1/615/AUTH_41f980ed3477488697279dfa5030e7c7/dispersion_0_60" "txa15f6f6736d44655a95dc-0069b530e7" "container-server 21" 0.0256 "-" 23 0
Mar 14 09:56:55 np0005647033 container-server[113760]: 172.20.0.30 - - [14/Mar/2026:09:56:55 +0000] "PUT /d1/1012/AUTH_41f980ed3477488697279dfa5030e7c7/dispersion_0_8" 201 - "PUT http://swift-public-openstack.apps-crc.testing/v1/AUTH_41f980ed3477488697279dfa5030e7c7/dispersion_0_8?format=json" "tx9f7bcb9808ea4f8e91219-0069b530e6" "proxy-server 10" 0.0909 "-" 20 0
Mar 14 09:56:55 np0005647033 account-server[113534]: 172.20.0.104 - - [14/Mar/2026:09:56:55 +0000] "PUT /d1/976/AUTH_41f980ed3477488697279dfa5030e7c7/dispersion_0_55" 201 - "PUT http://172.20.0.104:6001/d1/250/AUTH_41f980ed3477488697279dfa5030e7c7/dispersion_0_55" "tx00915e69102e445a9848a-0069b530e7" "container-server 21" 0.0940 "-" 23 0
Mar 14 09:56:55 np0005647033 container-server[113768]: 172.20.0.30 - - [14/Mar/2026:09:56:55 +0000] "PUT /d1/250/AUTH_41f980ed3477488697279dfa5030e7c7/dispersion_0_55" 201 - "PUT http://swift-public-openstack.apps-crc.testing/v1/AUTH_41f980ed3477488697279dfa5030e7c7/dispersion_0_55?format=json" "tx00915e69102e445a9848a-0069b530e7" "proxy-server 9" 0.1055 "-" 21 0
Mar 14 09:56:55 np0005647033 container-server[113788]: 172.20.0.30 - - [14/Mar/2026:09:56:55 +0000] "PUT /d1/615/AUTH_41f980ed3477488697279dfa5030e7c7/dispersion_0_60" 201 - "PUT http://swift-public-openstack.apps-crc.testing/v1/AUTH_41f980ed3477488697279dfa5030e7c7/dispersion_0_60?format=json" "txa15f6f6736d44655a95dc-0069b530e7" "proxy-server 14" 0.0780 "-" 23 0
Mar 14 09:56:55 np0005647033 container-server[113788]: 172.20.0.30 - - [14/Mar/2026:09:56:55 +0000] "PUT /d1/272/AUTH_41f980ed3477488697279dfa5030e7c7/dispersion_0_56" 201 - "PUT http://swift-public-openstack.apps-crc.testing/v1/AUTH_41f980ed3477488697279dfa5030e7c7/dispersion_0_56?format=json" "tx1a91137903fd400b8027f-0069b530e7" "proxy-server 12" 0.1191 "-" 23 0
Mar 14 09:56:55 np0005647033 account-server[113509]: 172.20.0.103 - - [14/Mar/2026:09:56:55 +0000] "PUT /d1/976/AUTH_41f980ed3477488697279dfa5030e7c7/dispersion_0_66" 201 - "PUT http://172.20.0.103:6001/d1/141/AUTH_41f980ed3477488697279dfa5030e7c7/dispersion_0_66" "tx72e722b5ef8b48d0ae397-0069b530e7" "container-server 23" 0.0060 "-" 21 0
Mar 14 09:56:55 np0005647033 container-server[113787]: 172.20.0.30 - - [14/Mar/2026:09:56:55 +0000] "PUT /d1/927/AUTH_41f980ed3477488697279dfa5030e7c7/dispersion_0_63" 201 - "PUT http://swift-public-openstack.apps-crc.testing/v1/AUTH_41f980ed3477488697279dfa5030e7c7/dispersion_0_63?format=json" "tx6e50feac12f0488da9df8-0069b530e7" "proxy-server 5" 0.0432 "-" 22 0
Mar 14 09:56:55 np0005647033 container-server[113787]: 172.20.0.30 - - [14/Mar/2026:09:56:55 +0000] "PUT /d1/3/AUTH_41f980ed3477488697279dfa5030e7c7/dispersion_0_65" 201 - "PUT http://swift-public-openstack.apps-crc.testing/v1/AUTH_41f980ed3477488697279dfa5030e7c7/dispersion_0_65?format=json" "tx28d2252d6aec451d9ee77-0069b530e7" "proxy-server 14" 0.0389 "-" 22 0
Mar 14 09:56:55 np0005647033 account-server[113534]: 172.20.0.105 - - [14/Mar/2026:09:56:55 +0000] "PUT /d1/976/AUTH_41f980ed3477488697279dfa5030e7c7/dispersion_0_65" 201 - "PUT http://172.20.0.105:6001/d1/3/AUTH_41f980ed3477488697279dfa5030e7c7/dispersion_0_65" "tx28d2252d6aec451d9ee77-0069b530e7" "container-server 20" 0.0166 "-" 23 0
Mar 14 09:56:55 np0005647033 container-server[113760]: 172.20.0.30 - - [14/Mar/2026:09:56:55 +0000] "PUT /d1/718/AUTH_41f980ed3477488697279dfa5030e7c7/dispersion_0_67" 201 - "PUT http://swift-public-openstack.apps-crc.testing/v1/AUTH_41f980ed3477488697279dfa5030e7c7/dispersion_0_67?format=json" "txfeadff98daa8430a871f3-0069b530e7" "proxy-server 15" 0.0296 "-" 20 0
Mar 14 09:56:55 np0005647033 account-server[113524]: 172.20.0.103 - - [14/Mar/2026:09:56:55 +0000] "PUT /d1/976/AUTH_41f980ed3477488697279dfa5030e7c7/dispersion_0_67" 201 - "PUT http://172.20.0.103:6001/d1/718/AUTH_41f980ed3477488697279dfa5030e7c7/dispersion_0_67" "txfeadff98daa8430a871f3-0069b530e7" "container-server 22" 0.0164 "-" 22 0
Mar 14 09:56:55 np0005647033 container-server[113768]: 172.20.0.30 - - [14/Mar/2026:09:56:55 +0000] "PUT /d1/384/AUTH_41f980ed3477488697279dfa5030e7c7/dispersion_0_68" 201 - "PUT http://swift-public-openstack.apps-crc.testing/v1/AUTH_41f980ed3477488697279dfa5030e7c7/dispersion_0_68?format=json" "tx5382d9a719eb4bc1a7d0a-0069b530e7" "proxy-server 6" 0.0204 "-" 21 0
Mar 14 09:56:55 np0005647033 account-server[113524]: 172.20.0.105 - - [14/Mar/2026:09:56:55 +0000] "PUT /d1/976/AUTH_41f980ed3477488697279dfa5030e7c7/dispersion_0_68" 201 - "PUT http://172.20.0.105:6001/d1/384/AUTH_41f980ed3477488697279dfa5030e7c7/dispersion_0_68" "tx5382d9a719eb4bc1a7d0a-0069b530e7" "container-server 21" 0.0085 "-" 22 0
Mar 14 09:56:55 np0005647033 container-server[113788]: 172.20.0.30 - - [14/Mar/2026:09:56:55 +0000] "PUT /d1/141/AUTH_41f980ed3477488697279dfa5030e7c7/dispersion_0_66" 201 - "PUT http://swift-public-openstack.apps-crc.testing/v1/AUTH_41f980ed3477488697279dfa5030e7c7/dispersion_0_66?format=json" "tx72e722b5ef8b48d0ae397-0069b530e7" "proxy-server 7" 0.0553 "-" 23 0
Mar 14 09:56:55 np0005647033 account-server[113492]: 172.20.0.104 - - [14/Mar/2026:09:56:55 +0000] "PUT /d1/976/AUTH_41f980ed3477488697279dfa5030e7c7/dispersion_0_69" 201 - "PUT http://172.20.0.104:6001/d1/735/AUTH_41f980ed3477488697279dfa5030e7c7/dispersion_0_69" "tx24c024f8af9a4f4a8788a-0069b530e7" "container-server 22" 0.0052 "-" 20 0
Mar 14 09:56:55 np0005647033 container-server[113787]: 172.20.0.30 - - [14/Mar/2026:09:56:55 +0000] "PUT /d1/735/AUTH_41f980ed3477488697279dfa5030e7c7/dispersion_0_69" 201 - "PUT http://swift-public-openstack.apps-crc.testing/v1/AUTH_41f980ed3477488697279dfa5030e7c7/dispersion_0_69?format=json" "tx24c024f8af9a4f4a8788a-0069b530e7" "proxy-server 9" 0.0223 "-" 22 0
