2025-11-28 07:53:55.282 17 DEBUG neutron.api.rpc.callbacks.version_manager [req-3d35040c-a8ce-4c0d-b05e-0f0ae0963742 a0423b80480148e786b4a2e44883b293 8e02b00e4b394bf995631dabe4006dfc - - -] Version for resource type Trunk changed None to 1.1 on consumer Open vSwitch agent@undercloud.localdomain _set_version /usr/lib/python3.9/site-packages/neutron/api/rpc/callbacks/version_manager.py:113
2025-11-28 07:53:55.286 16 INFO neutron.wsgi [req-1a25cd13-af0c-4abc-9596-10216aa4f06d a0423b80480148e786b4a2e44883b293 8e02b00e4b394bf995631dabe4006dfc - default default] 192.168.122.100 "POST /v2.0/ports HTTP/1.1" status: 201 len: 1040 time: 0.2561696
2025-11-28 07:53:55.289 17 DEBUG neutron.scheduler.dhcp_agent_scheduler [req-3d35040c-a8ce-4c0d-b05e-0f0ae0963742 a0423b80480148e786b4a2e44883b293 8e02b00e4b394bf995631dabe4006dfc - default default] Network 3aa5973a-5501-4367-bb66-ebe68e08669c is already hosted by enough agents. _get_dhcp_agents_hosting_network /usr/lib/python3.9/site-packages/neutron/scheduler/dhcp_agent_scheduler.py:275
2025-11-28 07:53:55.290 17 DEBUG neutron.scheduler.base_scheduler [req-3d35040c-a8ce-4c0d-b05e-0f0ae0963742 a0423b80480148e786b4a2e44883b293 8e02b00e4b394bf995631dabe4006dfc - default default] Resources bound (agent type, host, resource id): schedule /usr/lib/python3.9/site-packages/neutron/scheduler/base_scheduler.py:57
2025-11-28 07:53:55.292 17 DEBUG neutron.pecan_wsgi.hooks.policy_enforcement [req-3d35040c-a8ce-4c0d-b05e-0f0ae0963742 a0423b80480148e786b4a2e44883b293 8e02b00e4b394bf995631dabe4006dfc - default default] Attributes excluded by policy engine: ['standard_attr_id', 'network'] _exclude_attributes_by_policy /usr/lib/python3.9/site-packages/neutron/pecan_wsgi/hooks/policy_enforcement.py:259
2025-11-28 07:53:55.292 17 DEBUG neutron_lib.callbacks.manager [req-3d35040c-a8ce-4c0d-b05e-0f0ae0963742 a0423b80480148e786b4a2e44883b293 8e02b00e4b394bf995631dabe4006dfc - default default] Notify callbacks ['neutron.notifiers.nova.Notifier._send_nova_notification-518768', 'neutron.api.rpc.agentnotifiers.dhcp_rpc_agent_api.DhcpAgentNotifyAPI._send_dhcp_notification-676738'] for port, before_response _notify_loop /usr/lib/python3.9/site-packages/neutron_lib/callbacks/manager.py:200
2025-11-28 07:53:55.300 16 DEBUG neutron.services.tag.tag_plugin [req-b4d6fa01-7df2-42b9-86b1-ea642ce56a4a a0423b80480148e786b4a2e44883b293 8e02b00e4b394bf995631dabe4006dfc - default default] neutron.services.tag.tag_plugin.TagPlugin method update_tags called with arguments (, 'ports', '68232d09-b0e9-45b7-8745-0428ea69349e', {'tags': ['tripleo_stack_name=overcloud', 'tripleo_ovn_physnet=datacentre']}) {} wrapper /usr/lib/python3.9/site-packages/oslo_log/helpers.py:65
2025-11-28 07:53:55.309 17 INFO neutron.wsgi [req-3d35040c-a8ce-4c0d-b05e-0f0ae0963742 a0423b80480148e786b4a2e44883b293 8e02b00e4b394bf995631dabe4006dfc - default default] 192.168.122.100 "POST /v2.0/ports HTTP/1.1" status: 201 len: 1040 time: 0.2736967
2025-11-28 07:53:55.313 15 INFO neutron.wsgi [req-e7fcbc46-5aa9-4cc0-8d3f-9b9ab0974a8d a0423b80480148e786b4a2e44883b293 8e02b00e4b394bf995631dabe4006dfc - default default] 192.168.122.100 "PUT /v2.0/ports/7c895540-d748-40c8-93be-25a67d7c0681/tags HTTP/1.1" status: 200 len: 274 time: 0.0407748
2025-11-28 07:53:55.319 17 DEBUG neutron.services.tag.tag_plugin [req-f36bc856-df71-4be8-9d82-d0dce594dbdb a0423b80480148e786b4a2e44883b293 8e02b00e4b394bf995631dabe4006dfc - default default] neutron.services.tag.tag_plugin.TagPlugin method update_tags called with arguments (, 'ports', 'dff6b30b-7ee3-4aa7-a884-85858a8c5c42', {'tags': ['tripleo_stack_name=overcloud', 'tripleo_ovn_physnet=datacentre']}) {} wrapper /usr/lib/python3.9/site-packages/oslo_log/helpers.py:65
2025-11-28 07:53:55.328 16 DEBUG neutron.api.rpc.handlers.resources_rpc [req-1a25cd13-af0c-4abc-9596-10216aa4f06d a0423b80480148e786b4a2e44883b293 8e02b00e4b394bf995631dabe4006dfc - - -] Pushing event updated for resources: {'Port': ['ID=68232d09-b0e9-45b7-8745-0428ea69349e,revision_number=1']} push /usr/lib/python3.9/site-packages/neutron/api/rpc/handlers/resources_rpc.py:237
2025-11-28 07:53:55.337 16 INFO neutron.wsgi [req-b4d6fa01-7df2-42b9-86b1-ea642ce56a4a a0423b80480148e786b4a2e44883b293 8e02b00e4b394bf995631dabe4006dfc - default default] 192.168.122.100 "PUT /v2.0/ports/68232d09-b0e9-45b7-8745-0428ea69349e/tags HTTP/1.1" status: 200 len: 274 time: 0.0454204
2025-11-28 07:53:55.350 17 INFO neutron.wsgi [req-f36bc856-df71-4be8-9d82-d0dce594dbdb a0423b80480148e786b4a2e44883b293 8e02b00e4b394bf995631dabe4006dfc - default default] 192.168.122.100 "PUT /v2.0/ports/dff6b30b-7ee3-4aa7-a884-85858a8c5c42/tags HTTP/1.1" status: 200 len: 274 time: 0.0335948
2025-11-28 07:53:55.391 17 DEBUG neutron.pecan_wsgi.hooks.policy_enforcement [req-5fa07ea4-76e3-47c8-a268-cd24e5f91202 a0423b80480148e786b4a2e44883b293 8e02b00e4b394bf995631dabe4006dfc - default default] Attributes excluded by policy engine: ['standard_attr_id'] _exclude_attributes_by_policy /usr/lib/python3.9/site-packages/neutron/pecan_wsgi/hooks/policy_enforcement.py:259
2025-11-28 07:53:55.392 17 DEBUG neutron.pecan_wsgi.hooks.policy_enforcement [req-5fa07ea4-76e3-47c8-a268-cd24e5f91202 a0423b80480148e786b4a2e44883b293 8e02b00e4b394bf995631dabe4006dfc - default default] Attributes excluded by policy engine: ['standard_attr_id'] _exclude_attributes_by_policy /usr/lib/python3.9/site-packages/neutron/pecan_wsgi/hooks/policy_enforcement.py:259
2025-11-28 07:53:55.392 17 DEBUG neutron.pecan_wsgi.hooks.policy_enforcement [req-5fa07ea4-76e3-47c8-a268-cd24e5f91202 a0423b80480148e786b4a2e44883b293 8e02b00e4b394bf995631dabe4006dfc - default default] Attributes excluded by policy engine: ['standard_attr_id'] _exclude_attributes_by_policy /usr/lib/python3.9/site-packages/neutron/pecan_wsgi/hooks/policy_enforcement.py:259
2025-11-28 07:53:55.392 17 DEBUG neutron.pecan_wsgi.hooks.policy_enforcement [req-5fa07ea4-76e3-47c8-a268-cd24e5f91202 a0423b80480148e786b4a2e44883b293 8e02b00e4b394bf995631dabe4006dfc - default default] Attributes excluded by policy engine: ['standard_attr_id'] _exclude_attributes_by_policy /usr/lib/python3.9/site-packages/neutron/pecan_wsgi/hooks/policy_enforcement.py:259
2025-11-28 07:53:55.392 17 DEBUG neutron.pecan_wsgi.hooks.policy_enforcement [req-5fa07ea4-76e3-47c8-a268-cd24e5f91202 a0423b80480148e786b4a2e44883b293 8e02b00e4b394bf995631dabe4006dfc - default default] Attributes excluded by policy engine: ['standard_attr_id'] _exclude_attributes_by_policy /usr/lib/python3.9/site-packages/neutron/pecan_wsgi/hooks/policy_enforcement.py:259
2025-11-28 07:53:55.393 17 DEBUG neutron.pecan_wsgi.hooks.policy_enforcement [req-5fa07ea4-76e3-47c8-a268-cd24e5f91202 a0423b80480148e786b4a2e44883b293 8e02b00e4b394bf995631dabe4006dfc - default default] Attributes excluded by policy engine: ['standard_attr_id'] _exclude_attributes_by_policy /usr/lib/python3.9/site-packages/neutron/pecan_wsgi/hooks/policy_enforcement.py:259
2025-11-28 07:53:55.393 17 INFO neutron.wsgi [req-5fa07ea4-76e3-47c8-a268-cd24e5f91202 a0423b80480148e786b4a2e44883b293 8e02b00e4b394bf995631dabe4006dfc - default default] 192.168.122.100 "GET /v2.0/ports?network_id=3aa5973a-5501-4367-bb66-ebe68e08669c&tags=tripleo_stack_name%3Dovercloud HTTP/1.1" status: 200 len: 5557 time: 0.0384121
2025-11-28 07:53:55.423 17 DEBUG neutron.plugins.ml2.plugin [req-1a56ef10-06fe-4e1f-9744-980db51633ed a0423b80480148e786b4a2e44883b293 8e02b00e4b394bf995631dabe4006dfc - default default] Deleting port 4aa534d1-3080-4de2-994f-c76dfd9e2dad _pre_delete_port /usr/lib/python3.9/site-packages/neutron/plugins/ml2/plugin.py:2025
2025-11-28 07:53:55.424 17 DEBUG neutron_lib.callbacks.manager [req-1a56ef10-06fe-4e1f-9744-980db51633ed a0423b80480148e786b4a2e44883b293 8e02b00e4b394bf995631dabe4006dfc - default default] Notify callbacks ['neutron.plugins.ml2.extensions.dns_integration._delete_port_in_external_dns_service-8742528411266', 'neutron.db.l3_db.L3_NAT_dbonly_mixin._prevent_l3_port_delete_callback-8742528475935'] for port, before_delete _notify_loop /usr/lib/python3.9/site-packages/neutron_lib/callbacks/manager.py:200
2025-11-28 07:53:55.501 17 DEBUG neutron_lib.callbacks.manager [req-1a56ef10-06fe-4e1f-9744-980db51633ed a0423b80480148e786b4a2e44883b293 8e02b00e4b394bf995631dabe4006dfc - default default] Notify callbacks ['neutron.services.l3_router.l3_router_plugin.L3_NAT_dbonly_mixin._precommit_delete_port_callback-545470'] for port, precommit_delete _notify_loop /usr/lib/python3.9/site-packages/neutron_lib/callbacks/manager.py:200
2025-11-28 07:53:55.511 17 DEBUG neutron.plugins.ml2.plugin [req-1a56ef10-06fe-4e1f-9744-980db51633ed a0423b80480148e786b4a2e44883b293 8e02b00e4b394bf995631dabe4006dfc - default default] Calling delete_port for 4aa534d1-3080-4de2-994f-c76dfd9e2dad owned by delete_port /usr/lib/python3.9/site-packages/neutron/plugins/ml2/plugin.py:2097
2025-11-28 07:53:55.574 17 DEBUG neutron_lib.callbacks.manager [req-1a56ef10-06fe-4e1f-9744-980db51633ed a0423b80480148e786b4a2e44883b293 8e02b00e4b394bf995631dabe4006dfc - default default] Notify callbacks ['neutron.plugins.ml2.plugin.SecurityGroupServerNotifierRpcMixin.notify_sg_on_port_change-1577096', 'neutron.plugins.ml2.ovo_rpc._ObjectChangeHandler.handle_event-306269', 'neutron.api.rpc.agentnotifiers.dhcp_rpc_agent_api.DhcpAgentNotifyAPI._native_event_send_dhcp_notification-676848', 'neutron.db.l3_db.L3RpcNotifierMixin._notify_routers_callback-8742528481931', 'neutron.services.segments.plugin.NovaSegmentNotifier._notify_port_created_or_deleted-728037'] for port, after_delete _notify_loop /usr/lib/python3.9/site-packages/neutron_lib/callbacks/manager.py:200
2025-11-28 07:53:55.595 17 DEBUG neutron.api.rpc.handlers.resources_rpc [req-1a56ef10-06fe-4e1f-9744-980db51633ed a0423b80480148e786b4a2e44883b293 8e02b00e4b394bf995631dabe4006dfc - - -] Pushing event deleted for resources: {'Port': ['ID=4aa534d1-3080-4de2-994f-c76dfd9e2dad,revision_number=None']} push /usr/lib/python3.9/site-packages/neutron/api/rpc/handlers/resources_rpc.py:237
2025-11-28 07:53:55.615 17 DEBUG neutron_lib.callbacks.manager [req-1a56ef10-06fe-4e1f-9744-980db51633ed a0423b80480148e786b4a2e44883b293 8e02b00e4b394bf995631dabe4006dfc - default default] Notify callbacks ['neutron.notifiers.nova.Notifier._send_nova_notification-518768', 'neutron.api.rpc.agentnotifiers.dhcp_rpc_agent_api.DhcpAgentNotifyAPI._send_dhcp_notification-676738'] for port, before_response _notify_loop /usr/lib/python3.9/site-packages/neutron_lib/callbacks/manager.py:200
2025-11-28 07:53:55.616 17 INFO neutron.wsgi [req-1a56ef10-06fe-4e1f-9744-980db51633ed a0423b80480148e786b4a2e44883b293 8e02b00e4b394bf995631dabe4006dfc - default default] 192.168.122.100 "DELETE /v2.0/ports/4aa534d1-3080-4de2-994f-c76dfd9e2dad HTTP/1.1" status: 204 len: 173 time: 0.2168672
2025-11-28 07:53:55.677 17 DEBUG neutron.plugins.ml2.plugin [req-67094fee-dc8f-460f-8f3a-47449934371b a0423b80480148e786b4a2e44883b293 8e02b00e4b394bf995631dabe4006dfc - default default] Deleting port 8c4b0b34-0662-421c-a32c-9c47ec647149 _pre_delete_port /usr/lib/python3.9/site-packages/neutron/plugins/ml2/plugin.py:2025
2025-11-28 07:53:55.677 17 DEBUG neutron_lib.callbacks.manager [req-67094fee-dc8f-460f-8f3a-47449934371b a0423b80480148e786b4a2e44883b293 8e02b00e4b394bf995631dabe4006dfc - default default] Notify callbacks ['neutron.plugins.ml2.extensions.dns_integration._delete_port_in_external_dns_service-8742528411266', 'neutron.db.l3_db.L3_NAT_dbonly_mixin._prevent_l3_port_delete_callback-8742528475935'] for port, before_delete _notify_loop /usr/lib/python3.9/site-packages/neutron_lib/callbacks/manager.py:200
2025-11-28 07:53:55.761 17 DEBUG neutron_lib.callbacks.manager [req-67094fee-dc8f-460f-8f3a-47449934371b a0423b80480148e786b4a2e44883b293 8e02b00e4b394bf995631dabe4006dfc - default default] Notify callbacks ['neutron.services.l3_router.l3_router_plugin.L3_NAT_dbonly_mixin._precommit_delete_port_callback-545470'] for port, precommit_delete _notify_loop /usr/lib/python3.9/site-packages/neutron_lib/callbacks/manager.py:200
2025-11-28 07:53:55.770 17 DEBUG neutron.plugins.ml2.plugin [req-67094fee-dc8f-460f-8f3a-47449934371b a0423b80480148e786b4a2e44883b293 8e02b00e4b394bf995631dabe4006dfc - default default] Calling delete_port for 8c4b0b34-0662-421c-a32c-9c47ec647149 owned by delete_port /usr/lib/python3.9/site-packages/neutron/plugins/ml2/plugin.py:2097
2025-11-28 07:53:55.805 17 DEBUG neutron_lib.callbacks.manager [req-67094fee-dc8f-460f-8f3a-47449934371b a0423b80480148e786b4a2e44883b293 8e02b00e4b394bf995631dabe4006dfc - default default] Notify callbacks ['neutron.plugins.ml2.plugin.SecurityGroupServerNotifierRpcMixin.notify_sg_on_port_change-1577096', 'neutron.plugins.ml2.ovo_rpc._ObjectChangeHandler.handle_event-306269', 'neutron.api.rpc.agentnotifiers.dhcp_rpc_agent_api.DhcpAgentNotifyAPI._native_event_send_dhcp_notification-676848', 'neutron.db.l3_db.L3RpcNotifierMixin._notify_routers_callback-8742528481931', 'neutron.services.segments.plugin.NovaSegmentNotifier._notify_port_created_or_deleted-728037'] for port, after_delete _notify_loop /usr/lib/python3.9/site-packages/neutron_lib/callbacks/manager.py:200
2025-11-28 07:53:55.829 17 DEBUG neutron.api.rpc.handlers.resources_rpc [req-67094fee-dc8f-460f-8f3a-47449934371b a0423b80480148e786b4a2e44883b293 8e02b00e4b394bf995631dabe4006dfc - - -] Pushing event deleted for resources: {'Port': ['ID=8c4b0b34-0662-421c-a32c-9c47ec647149,revision_number=None']} push /usr/lib/python3.9/site-packages/neutron/api/rpc/handlers/resources_rpc.py:237
2025-11-28 07:53:55.832 17 DEBUG neutron_lib.callbacks.manager [req-67094fee-dc8f-460f-8f3a-47449934371b a0423b80480148e786b4a2e44883b293 8e02b00e4b394bf995631dabe4006dfc - default default] Notify callbacks ['neutron.notifiers.nova.Notifier._send_nova_notification-518768', 'neutron.api.rpc.agentnotifiers.dhcp_rpc_agent_api.DhcpAgentNotifyAPI._send_dhcp_notification-676738'] for port, before_response _notify_loop /usr/lib/python3.9/site-packages/neutron_lib/callbacks/manager.py:200
2025-11-28 07:53:55.834 17 INFO neutron.wsgi [req-67094fee-dc8f-460f-8f3a-47449934371b a0423b80480148e786b4a2e44883b293 8e02b00e4b394bf995631dabe4006dfc - default default] 192.168.122.100 "DELETE /v2.0/ports/8c4b0b34-0662-421c-a32c-9c47ec647149 HTTP/1.1" status: 204 len: 173 time: 0.2072020
2025-11-28 07:53:55.869 17 DEBUG neutron.plugins.ml2.plugin [req-4d9e0df5-b041-4e9b-a9be-25f9b22c8fc0 a0423b80480148e786b4a2e44883b293 8e02b00e4b394bf995631dabe4006dfc - default default] Deleting port 8eba0a24-de13-4d8d-b02d-7b4d513716d7 _pre_delete_port /usr/lib/python3.9/site-packages/neutron/plugins/ml2/plugin.py:2025
2025-11-28 07:53:55.870 17 DEBUG neutron_lib.callbacks.manager [req-4d9e0df5-b041-4e9b-a9be-25f9b22c8fc0 a0423b80480148e786b4a2e44883b293 8e02b00e4b394bf995631dabe4006dfc - default default] Notify callbacks ['neutron.plugins.ml2.extensions.dns_integration._delete_port_in_external_dns_service-8742528411266', 'neutron.db.l3_db.L3_NAT_dbonly_mixin._prevent_l3_port_delete_callback-8742528475935'] for port, before_delete _notify_loop /usr/lib/python3.9/site-packages/neutron_lib/callbacks/manager.py:200
2025-11-28 07:53:55.959 17 DEBUG neutron_lib.callbacks.manager [req-4d9e0df5-b041-4e9b-a9be-25f9b22c8fc0 a0423b80480148e786b4a2e44883b293 8e02b00e4b394bf995631dabe4006dfc - default default] Notify callbacks ['neutron.services.l3_router.l3_router_plugin.L3_NAT_dbonly_mixin._precommit_delete_port_callback-545470'] for port, precommit_delete _notify_loop /usr/lib/python3.9/site-packages/neutron_lib/callbacks/manager.py:200
2025-11-28 07:53:55.970 17 DEBUG neutron.plugins.ml2.plugin [req-4d9e0df5-b041-4e9b-a9be-25f9b22c8fc0 a0423b80480148e786b4a2e44883b293 8e02b00e4b394bf995631dabe4006dfc - default default] Calling delete_port for 8eba0a24-de13-4d8d-b02d-7b4d513716d7 owned by delete_port /usr/lib/python3.9/site-packages/neutron/plugins/ml2/plugin.py:2097
2025-11-28 07:53:56.006 17 DEBUG neutron_lib.callbacks.manager [req-4d9e0df5-b041-4e9b-a9be-25f9b22c8fc0 a0423b80480148e786b4a2e44883b293 8e02b00e4b394bf995631dabe4006dfc - default default] Notify callbacks ['neutron.plugins.ml2.plugin.SecurityGroupServerNotifierRpcMixin.notify_sg_on_port_change-1577096', 'neutron.plugins.ml2.ovo_rpc._ObjectChangeHandler.handle_event-306269', 'neutron.api.rpc.agentnotifiers.dhcp_rpc_agent_api.DhcpAgentNotifyAPI._native_event_send_dhcp_notification-676848', 'neutron.db.l3_db.L3RpcNotifierMixin._notify_routers_callback-8742528481931', 'neutron.services.segments.plugin.NovaSegmentNotifier._notify_port_created_or_deleted-728037'] for port, after_delete _notify_loop /usr/lib/python3.9/site-packages/neutron_lib/callbacks/manager.py:200
2025-11-28 07:53:56.027 17 DEBUG neutron.api.rpc.handlers.resources_rpc [req-4d9e0df5-b041-4e9b-a9be-25f9b22c8fc0 a0423b80480148e786b4a2e44883b293 8e02b00e4b394bf995631dabe4006dfc - - -] Pushing event deleted for resources: {'Port': ['ID=8eba0a24-de13-4d8d-b02d-7b4d513716d7,revision_number=None']} push /usr/lib/python3.9/site-packages/neutron/api/rpc/handlers/resources_rpc.py:237
2025-11-28 07:53:56.030 17 DEBUG neutron_lib.callbacks.manager [req-4d9e0df5-b041-4e9b-a9be-25f9b22c8fc0 a0423b80480148e786b4a2e44883b293 8e02b00e4b394bf995631dabe4006dfc - default default] Notify callbacks ['neutron.notifiers.nova.Notifier._send_nova_notification-518768', 'neutron.api.rpc.agentnotifiers.dhcp_rpc_agent_api.DhcpAgentNotifyAPI._send_dhcp_notification-676738'] for port, before_response _notify_loop /usr/lib/python3.9/site-packages/neutron_lib/callbacks/manager.py:200
2025-11-28 07:53:56.031 17 INFO neutron.wsgi [req-4d9e0df5-b041-4e9b-a9be-25f9b22c8fc0 a0423b80480148e786b4a2e44883b293 8e02b00e4b394bf995631dabe4006dfc - default default] 192.168.122.100 "DELETE /v2.0/ports/8eba0a24-de13-4d8d-b02d-7b4d513716d7 HTTP/1.1" status: 204 len: 173 time: 0.1900413
2025-11-28 07:53:56.079 17 DEBUG neutron.pecan_wsgi.hooks.policy_enforcement [req-068da324-0056-47a1-bc81-c751ba31e1cc a0423b80480148e786b4a2e44883b293 8e02b00e4b394bf995631dabe4006dfc - default default] Attributes excluded by policy engine: ['standard_attr_id'] _exclude_attributes_by_policy /usr/lib/python3.9/site-packages/neutron/pecan_wsgi/hooks/policy_enforcement.py:259
2025-11-28 07:53:56.080 17 DEBUG neutron.pecan_wsgi.hooks.policy_enforcement [req-068da324-0056-47a1-bc81-c751ba31e1cc a0423b80480148e786b4a2e44883b293 8e02b00e4b394bf995631dabe4006dfc - default default] Attributes excluded by policy engine: ['standard_attr_id'] _exclude_attributes_by_policy /usr/lib/python3.9/site-packages/neutron/pecan_wsgi/hooks/policy_enforcement.py:259
2025-11-28 07:53:56.080 17 DEBUG neutron.pecan_wsgi.hooks.policy_enforcement [req-068da324-0056-47a1-bc81-c751ba31e1cc a0423b80480148e786b4a2e44883b293 8e02b00e4b394bf995631dabe4006dfc - default default] Attributes excluded by policy engine: ['standard_attr_id'] _exclude_attributes_by_policy /usr/lib/python3.9/site-packages/neutron/pecan_wsgi/hooks/policy_enforcement.py:259
2025-11-28 07:53:56.081 17 INFO neutron.wsgi [req-068da324-0056-47a1-bc81-c751ba31e1cc a0423b80480148e786b4a2e44883b293 8e02b00e4b394bf995631dabe4006dfc - default default] 192.168.122.100 "GET /v2.0/ports?network_id=3aa5973a-5501-4367-bb66-ebe68e08669c&tags=tripleo_stack_name%3Dovercloud HTTP/1.1" status: 200 len: 2884 time: 0.0403333
2025-11-28 07:54:13.465 16 DEBUG neutron.wsgi [-] (16) accepted ('192.168.122.100', 58644) server /usr/lib/python3.9/site-packages/eventlet/wsgi.py:992
2025-11-28 07:54:13.467 16 INFO neutron.wsgi [-] 192.168.122.100 "GET / HTTP/1.1" status: 200 len: 233 time: 0.0013750
2025-11-28 07:54:44.624 18 DEBUG neutron.wsgi [-] (18) accepted ('192.168.122.100', 58734) server /usr/lib/python3.9/site-packages/eventlet/wsgi.py:992
2025-11-28 07:54:44.628 18 INFO neutron.wsgi [-] 192.168.122.100 "GET / HTTP/1.1" status: 200 len: 233 time: 0.0023289
2025-11-28 07:55:15.384 16 DEBUG neutron.wsgi [-] (16) accepted ('192.168.122.100', 50808) server /usr/lib/python3.9/site-packages/eventlet/wsgi.py:992
2025-11-28 07:55:15.386 16 INFO neutron.wsgi [-] 192.168.122.100 "GET / HTTP/1.1" status: 200 len: 233 time: 0.0011795
2025-11-28 07:55:46.550 17 DEBUG neutron.wsgi [-] (17) accepted ('192.168.122.100', 52480) server /usr/lib/python3.9/site-packages/eventlet/wsgi.py:992
2025-11-28 07:55:46.554 17 INFO neutron.wsgi [-] 192.168.122.100 "GET / HTTP/1.1" status: 200 len: 233 time: 0.0022020
2025-11-28 07:56:14.281 24 DEBUG neutron.db.agents_db [req-90355451-8080-4a25-bce7-4e9573b2327b - - - - -] Agent healthcheck: found 3 active agents agent_health_check /usr/lib/python3.9/site-packages/neutron/db/agents_db.py:328
2025-11-28 07:56:17.436 17 DEBUG neutron.wsgi [-] (17) accepted ('192.168.122.100', 43498) server /usr/lib/python3.9/site-packages/eventlet/wsgi.py:992
2025-11-28 07:56:17.438 17 INFO neutron.wsgi [-] 192.168.122.100 "GET / HTTP/1.1" status: 200 len: 233 time: 0.0012534
2025-11-28 07:56:27.583 21 DEBUG neutron_lib.callbacks.manager [req-91b7b279-7fa2-4da9-b282-a6979f618620 - - - - -] Notify callbacks ['neutron.services.segments.db._update_segment_host_mapping_for_agent-8742528525806', 'neutron.plugins.ml2.plugin.Ml2Plugin._retry_binding_revived_agents-1716469'] for agent, after_update _notify_loop /usr/lib/python3.9/site-packages/neutron_lib/callbacks/manager.py:200
2025-11-28 07:56:27.780 19 DEBUG neutron_lib.callbacks.manager [req-9315353c-e2cd-4463-a708-2c9ca421a88d - - - - -] Notify callbacks ['neutron.services.segments.db._update_segment_host_mapping_for_agent-8742528525806', 'neutron.plugins.ml2.plugin.Ml2Plugin._retry_binding_revived_agents-1716469'] for agent, after_update _notify_loop /usr/lib/python3.9/site-packages/neutron_lib/callbacks/manager.py:200
2025-11-28 07:56:34.165 20 DEBUG neutron_lib.callbacks.manager [req-0b32f72e-730e-483c-a364-26857551ac8f - - - - -] Notify callbacks ['neutron.services.segments.db._update_segment_host_mapping_for_agent-8742528525806', 'neutron.plugins.ml2.plugin.Ml2Plugin._retry_binding_revived_agents-1716469'] for agent, after_update _notify_loop /usr/lib/python3.9/site-packages/neutron_lib/callbacks/manager.py:200
2025-11-28 07:56:48.454 17 DEBUG neutron.wsgi [-] (17) accepted ('192.168.122.100', 58898) server /usr/lib/python3.9/site-packages/eventlet/wsgi.py:992
2025-11-28 07:56:48.456 17 INFO neutron.wsgi [-] 192.168.122.100 "GET / HTTP/1.1" status: 200 len: 233 time: 0.0014770
2025-11-28 07:57:19.465 15 DEBUG neutron.wsgi [-] (15) accepted ('192.168.122.100', 43470) server /usr/lib/python3.9/site-packages/eventlet/wsgi.py:992
2025-11-28 07:57:19.467 15 INFO neutron.wsgi [-] 192.168.122.100 "GET / HTTP/1.1" status: 200 len: 233 time: 0.0011907
2025-11-28 07:57:50.395 15 DEBUG neutron.wsgi [-] (15) accepted ('192.168.122.100', 54352) server /usr/lib/python3.9/site-packages/eventlet/wsgi.py:992
2025-11-28 07:57:50.397 15 INFO neutron.wsgi [-] 192.168.122.100 "GET / HTTP/1.1" status: 200 len: 233 time: 0.0014894
2025-11-28 07:58:20.702 18 DEBUG neutron.wsgi [-] (18) accepted ('192.168.122.100', 54522) server /usr/lib/python3.9/site-packages/eventlet/wsgi.py:992
2025-11-28 07:58:20.704 18 INFO neutron.wsgi [-] 192.168.122.100 "GET / HTTP/1.1" status: 200 len: 233 time: 0.0012019
2025-11-28 07:58:51.357 18 DEBUG neutron.wsgi [-] (18) accepted ('192.168.122.100', 41942) server /usr/lib/python3.9/site-packages/eventlet/wsgi.py:992
2025-11-28 07:58:51.361 18 INFO neutron.wsgi [-] 192.168.122.100 "GET / HTTP/1.1" status: 200 len: 233 time: 0.0023918
2025-11-28 07:59:22.343 17 DEBUG neutron.wsgi [-] (17) accepted ('192.168.122.100', 59102) server /usr/lib/python3.9/site-packages/eventlet/wsgi.py:992
2025-11-28 07:59:22.348 17 INFO neutron.wsgi [-] 192.168.122.100 "GET / HTTP/1.1" status: 200 len: 233 time: 0.0032339
2025-11-28 07:59:53.466 17 DEBUG neutron.wsgi [-] (17) accepted ('192.168.122.100', 41138) server /usr/lib/python3.9/site-packages/eventlet/wsgi.py:992
2025-11-28 07:59:53.470 17 INFO neutron.wsgi [-] 192.168.122.100 "GET / HTTP/1.1" status: 200 len: 233 time: 0.0029390
2025-11-28 08:00:24.521 17 DEBUG neutron.wsgi [-] (17) accepted ('192.168.122.100', 35802) server /usr/lib/python3.9/site-packages/eventlet/wsgi.py:992
2025-11-28 08:00:24.525 17 INFO neutron.wsgi [-] 192.168.122.100 "GET / HTTP/1.1" status: 200 len: 233 time: 0.0024312
2025-11-28 08:00:55.526 18 DEBUG neutron.wsgi [-] (18) accepted ('192.168.122.100', 37838) server /usr/lib/python3.9/site-packages/eventlet/wsgi.py:992
2025-11-28 08:00:55.528 18 INFO neutron.wsgi [-] 192.168.122.100 "GET / HTTP/1.1" status: 200 len: 233 time: 0.0014637
2025-11-28 08:01:14.280 24 DEBUG neutron.db.agents_db [req-90355451-8080-4a25-bce7-4e9573b2327b - - - - -] Agent healthcheck: found 3 active agents agent_health_check /usr/lib/python3.9/site-packages/neutron/db/agents_db.py:328
2025-11-28 08:01:26.403 18 DEBUG neutron.wsgi [-] (18) accepted ('192.168.122.100', 47324) server /usr/lib/python3.9/site-packages/eventlet/wsgi.py:992
2025-11-28 08:01:26.405 18 INFO neutron.wsgi [-] 192.168.122.100 "GET / HTTP/1.1" status: 200 len: 233 time: 0.0015514
2025-11-28 08:01:27.621 22 DEBUG neutron_lib.callbacks.manager [req-30b6f7fe-d431-4f92-8777-e0485e5edb3f - - - - -] Notify callbacks ['neutron.services.segments.db._update_segment_host_mapping_for_agent-8742528525806', 'neutron.plugins.ml2.plugin.Ml2Plugin._retry_binding_revived_agents-1716469'] for agent, after_update _notify_loop /usr/lib/python3.9/site-packages/neutron_lib/callbacks/manager.py:200
2025-11-28 08:01:27.788 23 DEBUG neutron_lib.callbacks.manager [req-d6efbd09-23b5-4a87-8991-5f136ee64eac - - - - -] Notify callbacks ['neutron.services.segments.db._update_segment_host_mapping_for_agent-8742528525806', 'neutron.plugins.ml2.plugin.Ml2Plugin._retry_binding_revived_agents-1716469'] for agent, after_update _notify_loop /usr/lib/python3.9/site-packages/neutron_lib/callbacks/manager.py:200
2025-11-28 08:01:34.165 21 DEBUG neutron_lib.callbacks.manager [req-0b32f72e-730e-483c-a364-26857551ac8f - - - - -] Notify callbacks ['neutron.services.segments.db._update_segment_host_mapping_for_agent-8742528525806', 'neutron.plugins.ml2.plugin.Ml2Plugin._retry_binding_revived_agents-1716469'] for agent, after_update _notify_loop /usr/lib/python3.9/site-packages/neutron_lib/callbacks/manager.py:200
2025-11-28 08:01:57.365 15 DEBUG neutron.wsgi [-] (15) accepted ('192.168.122.100', 47222) server /usr/lib/python3.9/site-packages/eventlet/wsgi.py:992
2025-11-28 08:01:57.367 15 INFO neutron.wsgi [-] 192.168.122.100 "GET / HTTP/1.1" status: 200 len: 233 time: 0.0011532
2025-11-28 08:02:28.719 15 DEBUG neutron.wsgi [-] (15) accepted ('192.168.122.100', 54354) server /usr/lib/python3.9/site-packages/eventlet/wsgi.py:992
2025-11-28 08:02:28.723 15 INFO neutron.wsgi [-] 192.168.122.100 "GET / HTTP/1.1" status: 200 len: 233 time: 0.0017245
2025-11-28 08:02:59.472 15 DEBUG neutron.wsgi [-] (15) accepted ('192.168.122.100', 34010) server /usr/lib/python3.9/site-packages/eventlet/wsgi.py:992
2025-11-28 08:02:59.475 15 INFO neutron.wsgi [-] 192.168.122.100 "GET / HTTP/1.1" status: 200 len: 233 time: 0.0015209
2025-11-28 08:03:30.511 17 DEBUG neutron.wsgi [-] (17) accepted ('192.168.122.100', 39054) server /usr/lib/python3.9/site-packages/eventlet/wsgi.py:992
2025-11-28 08:03:30.514 17 INFO neutron.wsgi [-] 192.168.122.100 "GET / HTTP/1.1" status: 200 len: 233 time: 0.0012026
2025-11-28 08:04:00.818 18 DEBUG neutron.wsgi [-] (18) accepted ('192.168.122.100', 34092) server /usr/lib/python3.9/site-packages/eventlet/wsgi.py:992
2025-11-28 08:04:00.820 18 INFO neutron.wsgi [-] 192.168.122.100 "GET / HTTP/1.1" status: 200 len: 233 time: 0.0014265
2025-11-28 08:04:31.388 17 DEBUG neutron.wsgi [-] (17) accepted ('192.168.122.100', 51228) server /usr/lib/python3.9/site-packages/eventlet/wsgi.py:992
2025-11-28 08:04:31.390 17 INFO neutron.wsgi [-] 192.168.122.100 "GET / HTTP/1.1" status: 200 len: 233 time: 0.0014591
2025-11-28 08:05:02.611 15 DEBUG neutron.wsgi [-] (15) accepted ('192.168.122.100', 58308) server /usr/lib/python3.9/site-packages/eventlet/wsgi.py:992
2025-11-28 08:05:02.615 15 INFO neutron.wsgi [-] 192.168.122.100 "GET / HTTP/1.1" status: 200 len: 233 time: 0.0029781
2025-11-28 08:05:34.291 16 DEBUG neutron.wsgi [-] (16) accepted ('192.168.122.100', 40166) server /usr/lib/python3.9/site-packages/eventlet/wsgi.py:992
2025-11-28 08:05:34.294 16 INFO neutron.wsgi [-] 192.168.122.100 "GET / HTTP/1.1" status: 200 len: 233 time: 0.0023534
2025-11-28 08:06:04.613 17 DEBUG neutron.wsgi [-] (17) accepted ('192.168.122.100', 56450) server /usr/lib/python3.9/site-packages/eventlet/wsgi.py:992
2025-11-28 08:06:04.615 17 INFO neutron.wsgi [-] 192.168.122.100 "GET / HTTP/1.1" status: 200 len: 233 time: 0.0011337
2025-11-28 08:06:14.276 24 DEBUG neutron.db.agents_db [req-90355451-8080-4a25-bce7-4e9573b2327b - - - - -] Agent healthcheck: found 3 active agents agent_health_check /usr/lib/python3.9/site-packages/neutron/db/agents_db.py:328
2025-11-28 08:06:27.582 19 DEBUG neutron_lib.callbacks.manager [req-1299c8ac-24a4-4fcd-9dbc-e6a06a90bc7f - - - - -] Notify callbacks ['neutron.services.segments.db._update_segment_host_mapping_for_agent-8742528525806', 'neutron.plugins.ml2.plugin.Ml2Plugin._retry_binding_revived_agents-1716469'] for agent, after_update _notify_loop /usr/lib/python3.9/site-packages/neutron_lib/callbacks/manager.py:200
2025-11-28 08:06:27.774 20 DEBUG neutron_lib.callbacks.manager [req-57dab806-e041-46af-b101-863917a3898c - - - - -] Notify callbacks ['neutron.services.segments.db._update_segment_host_mapping_for_agent-8742528525806', 'neutron.plugins.ml2.plugin.Ml2Plugin._retry_binding_revived_agents-1716469'] for agent, after_update _notify_loop /usr/lib/python3.9/site-packages/neutron_lib/callbacks/manager.py:200
2025-11-28 08:06:34.162 22 DEBUG neutron_lib.callbacks.manager [req-0b32f72e-730e-483c-a364-26857551ac8f - - - - -] Notify callbacks ['neutron.services.segments.db._update_segment_host_mapping_for_agent-8742528525806', 'neutron.plugins.ml2.plugin.Ml2Plugin._retry_binding_revived_agents-1716469'] for agent, after_update _notify_loop /usr/lib/python3.9/site-packages/neutron_lib/callbacks/manager.py:200
2025-11-28 08:06:35.428 16 DEBUG neutron.wsgi [-] (16) accepted ('192.168.122.100', 36434) server /usr/lib/python3.9/site-packages/eventlet/wsgi.py:992
2025-11-28 08:06:35.430 16 INFO neutron.wsgi [-] 192.168.122.100 "GET / HTTP/1.1" status: 200 len: 233 time: 0.0011342
2025-11-28 08:07:06.430 15 DEBUG neutron.wsgi [-] (15) accepted ('192.168.122.100', 56348) server /usr/lib/python3.9/site-packages/eventlet/wsgi.py:992
2025-11-28 08:07:06.432 15 INFO neutron.wsgi [-] 192.168.122.100 "GET / HTTP/1.1" status: 200 len: 233 time: 0.0012665
2025-11-28 08:07:37.477 18 DEBUG neutron.wsgi [-] (18) accepted ('192.168.122.100', 36946) server /usr/lib/python3.9/site-packages/eventlet/wsgi.py:992
2025-11-28 08:07:37.479 18 INFO neutron.wsgi [-] 192.168.122.100 "GET / HTTP/1.1" status: 200 len: 233 time: 0.0011513
2025-11-28 08:08:08.384 18 DEBUG neutron.wsgi [-] (18) accepted ('192.168.122.100', 39836) server /usr/lib/python3.9/site-packages/eventlet/wsgi.py:992
2025-11-28 08:08:08.390 18 INFO neutron.wsgi [-] 192.168.122.100 "GET / HTTP/1.1" status: 200 len: 233 time: 0.0051162
2025-11-28 08:08:39.147 17 DEBUG neutron.wsgi [-] (17) accepted ('192.168.122.100', 54926) server /usr/lib/python3.9/site-packages/eventlet/wsgi.py:992
2025-11-28 08:08:39.149 17 INFO neutron.wsgi [-] 192.168.122.100 "GET / HTTP/1.1" status: 200 len: 233 time: 0.0012240
2025-11-28 08:09:09.418 18 DEBUG neutron.wsgi [-] (18) accepted ('192.168.122.100', 45858) server /usr/lib/python3.9/site-packages/eventlet/wsgi.py:992
2025-11-28 08:09:09.420 18 INFO neutron.wsgi [-] 192.168.122.100 "GET / HTTP/1.1" status: 200 len: 233 time: 0.0012043
2025-11-28 08:09:40.457 17 DEBUG neutron.wsgi [-] (17) accepted ('192.168.122.100', 49748) server /usr/lib/python3.9/site-packages/eventlet/wsgi.py:992
2025-11-28 08:09:40.463 17 INFO neutron.wsgi [-] 192.168.122.100 "GET / HTTP/1.1" status: 200 len: 233 time: 0.0025153
2025-11-28 08:10:11.339 17 DEBUG neutron.wsgi [-] (17) accepted ('192.168.122.100', 55630) server /usr/lib/python3.9/site-packages/eventlet/wsgi.py:992
2025-11-28 08:10:11.343 17 INFO neutron.wsgi [-] 192.168.122.100 "GET / HTTP/1.1" status: 200 len: 233 time: 0.0024192
2025-11-28 08:10:41.565 17 DEBUG neutron.wsgi [-] (17) accepted ('192.168.122.100', 44876) server /usr/lib/python3.9/site-packages/eventlet/wsgi.py:992
2025-11-28 08:10:41.567 17 INFO neutron.wsgi [-] 192.168.122.100 "GET / HTTP/1.1" status: 200 len: 233 time: 0.0014741
2025-11-28 08:11:12.539 17 DEBUG neutron.wsgi [-] (17) accepted ('192.168.122.100', 40436) server /usr/lib/python3.9/site-packages/eventlet/wsgi.py:992
2025-11-28 08:11:12.541 17 INFO neutron.wsgi [-] 192.168.122.100 "GET / HTTP/1.1" status: 200 len: 233 time: 0.0011671
2025-11-28 08:11:14.283 24 DEBUG neutron.db.agents_db [req-90355451-8080-4a25-bce7-4e9573b2327b - - - - -] Agent healthcheck: found 3 active agents agent_health_check /usr/lib/python3.9/site-packages/neutron/db/agents_db.py:328
2025-11-28 08:11:27.583 23 DEBUG neutron_lib.callbacks.manager [req-c14ffbcb-d121-4e20-8003-92da325f27c1 - - - - -] Notify callbacks ['neutron.services.segments.db._update_segment_host_mapping_for_agent-8742528525806', 'neutron.plugins.ml2.plugin.Ml2Plugin._retry_binding_revived_agents-1716469'] for agent, after_update _notify_loop /usr/lib/python3.9/site-packages/neutron_lib/callbacks/manager.py:200
2025-11-28 08:11:27.788 21 DEBUG neutron_lib.callbacks.manager [req-a6d83314-91b7-4910-ac96-ea669f356d72 - - - - -] Notify callbacks ['neutron.services.segments.db._update_segment_host_mapping_for_agent-8742528525806', 'neutron.plugins.ml2.plugin.Ml2Plugin._retry_binding_revived_agents-1716469'] for agent, after_update _notify_loop /usr/lib/python3.9/site-packages/neutron_lib/callbacks/manager.py:200
2025-11-28 08:11:34.167 19 DEBUG neutron_lib.callbacks.manager [req-0b32f72e-730e-483c-a364-26857551ac8f - - - - -] Notify callbacks ['neutron.services.segments.db._update_segment_host_mapping_for_agent-8742528525806', 'neutron.plugins.ml2.plugin.Ml2Plugin._retry_binding_revived_agents-1716469'] for agent, after_update _notify_loop /usr/lib/python3.9/site-packages/neutron_lib/callbacks/manager.py:200
2025-11-28 08:11:43.549 15 DEBUG neutron.wsgi [-] (15) accepted ('192.168.122.100', 34288) server /usr/lib/python3.9/site-packages/eventlet/wsgi.py:992
2025-11-28 08:11:43.552 15 INFO neutron.wsgi [-] 192.168.122.100 "GET / HTTP/1.1" status: 200 len: 233 time: 0.0015843
2025-11-28 08:12:14.723 15 DEBUG neutron.wsgi [-] (15) accepted ('192.168.122.100', 49490) server /usr/lib/python3.9/site-packages/eventlet/wsgi.py:992
2025-11-28 08:12:14.726 15 INFO neutron.wsgi [-] 192.168.122.100 "GET / HTTP/1.1" status: 200 len: 233 time: 0.0021973
2025-11-28 08:12:45.234 18 DEBUG neutron.wsgi [-] (18) accepted ('192.168.122.100', 42702) server /usr/lib/python3.9/site-packages/eventlet/wsgi.py:992
2025-11-28 08:12:45.238 18 INFO neutron.wsgi [-] 192.168.122.100 "GET / HTTP/1.1" status: 200 len: 233 time: 0.0021601
2025-11-28 08:13:15.640 18 DEBUG neutron.wsgi [-] (18) accepted ('192.168.122.100', 40112) server /usr/lib/python3.9/site-packages/eventlet/wsgi.py:992
2025-11-28 08:13:15.642 18 INFO neutron.wsgi [-] 192.168.122.100 "GET / HTTP/1.1" status: 200 len: 233 time: 0.0012691
2025-11-28 08:13:46.805 18 DEBUG neutron.wsgi [-] (18) accepted ('192.168.122.100', 54588) server /usr/lib/python3.9/site-packages/eventlet/wsgi.py:992
2025-11-28 08:13:46.807 18 INFO neutron.wsgi [-] 192.168.122.100 "GET / HTTP/1.1" status: 200 len: 233 time: 0.0010695
2025-11-28 08:14:17.349 18 DEBUG neutron.wsgi [-] (18) accepted ('192.168.122.100', 52136) server /usr/lib/python3.9/site-packages/eventlet/wsgi.py:992
2025-11-28 08:14:17.351 18 INFO neutron.wsgi [-] 192.168.122.100 "GET / HTTP/1.1" status: 200 len: 233 time: 0.0011725
2025-11-28 08:14:48.656 17 DEBUG neutron.wsgi [-] (17) accepted ('192.168.122.100', 58786) server /usr/lib/python3.9/site-packages/eventlet/wsgi.py:992
2025-11-28 08:14:48.659 17 INFO neutron.wsgi [-] 192.168.122.100 "GET / HTTP/1.1" status: 200 len: 233 time: 0.0022435
2025-11-28 08:15:19.486 18 DEBUG neutron.wsgi [-] (18) accepted ('192.168.122.100', 58388) server /usr/lib/python3.9/site-packages/eventlet/wsgi.py:992
2025-11-28 08:15:19.489 18 INFO neutron.wsgi [-] 192.168.122.100 "GET / HTTP/1.1" status: 200 len: 233 time: 0.0011849
2025-11-28 08:15:50.476 15 DEBUG neutron.wsgi [-] (15) accepted ('192.168.122.100', 49100) server /usr/lib/python3.9/site-packages/eventlet/wsgi.py:992
2025-11-28 08:15:50.477 15 INFO neutron.wsgi [-] 192.168.122.100 "GET / HTTP/1.1" status: 200 len: 233 time: 0.0011282
2025-11-28 08:16:14.295 24 DEBUG neutron.db.agents_db [req-90355451-8080-4a25-bce7-4e9573b2327b - - - - -] Agent healthcheck: found 3 active agents agent_health_check /usr/lib/python3.9/site-packages/neutron/db/agents_db.py:328
2025-11-28 08:16:21.000 16 DEBUG neutron.wsgi [-] (16) accepted ('192.168.122.100', 52576) server /usr/lib/python3.9/site-packages/eventlet/wsgi.py:992
2025-11-28 08:16:21.002 16 INFO neutron.wsgi [-] 192.168.122.100 "GET / HTTP/1.1" status: 200 len: 233 time: 0.0014486
2025-11-28 08:16:27.585 20 DEBUG neutron_lib.callbacks.manager [req-d16d7159-66e4-4638-8199-a1d6b8bc59f2 - - - - -] Notify callbacks ['neutron.services.segments.db._update_segment_host_mapping_for_agent-8742528525806', 'neutron.plugins.ml2.plugin.Ml2Plugin._retry_binding_revived_agents-1716469'] for agent, after_update _notify_loop /usr/lib/python3.9/site-packages/neutron_lib/callbacks/manager.py:200
2025-11-28 08:16:27.791 22 DEBUG neutron_lib.callbacks.manager [req-6ebd0a96-75e9-4ea0-94b3-65a200301442 - - - - -] Notify callbacks ['neutron.services.segments.db._update_segment_host_mapping_for_agent-8742528525806', 'neutron.plugins.ml2.plugin.Ml2Plugin._retry_binding_revived_agents-1716469'] for agent, after_update _notify_loop /usr/lib/python3.9/site-packages/neutron_lib/callbacks/manager.py:200
2025-11-28 08:16:34.224 23 DEBUG neutron_lib.callbacks.manager [req-0b32f72e-730e-483c-a364-26857551ac8f - - - - -] Notify callbacks ['neutron.services.segments.db._update_segment_host_mapping_for_agent-8742528525806', 'neutron.plugins.ml2.plugin.Ml2Plugin._retry_binding_revived_agents-1716469'] for agent, after_update _notify_loop /usr/lib/python3.9/site-packages/neutron_lib/callbacks/manager.py:200
2025-11-28 08:16:51.404 16 DEBUG neutron.wsgi [-] (16) accepted ('192.168.122.100', 50272) server /usr/lib/python3.9/site-packages/eventlet/wsgi.py:992
2025-11-28 08:16:51.407 16 INFO neutron.wsgi [-] 192.168.122.100 "GET / HTTP/1.1" status: 200 len: 233 time: 0.0016055
2025-11-28 08:17:21.833 16 DEBUG neutron.wsgi [-] (16) accepted ('192.168.122.100', 57334) server /usr/lib/python3.9/site-packages/eventlet/wsgi.py:992
2025-11-28 08:17:21.836 16 INFO neutron.wsgi [-] 192.168.122.100 "GET / HTTP/1.1" status: 200 len: 233 time: 0.0019548
2025-11-28 08:17:52.153 16 DEBUG neutron.wsgi [-] (16) accepted ('192.168.122.100', 39000) server /usr/lib/python3.9/site-packages/eventlet/wsgi.py:992
2025-11-28 08:17:52.156 16 INFO neutron.wsgi [-] 192.168.122.100 "GET / HTTP/1.1" status: 200 len: 233 time: 0.0019400
2025-11-28 08:18:22.835 17 DEBUG neutron.wsgi [-] (17) accepted ('192.168.122.100', 37354) server /usr/lib/python3.9/site-packages/eventlet/wsgi.py:992
2025-11-28 08:18:22.838 17 INFO neutron.wsgi [-] 192.168.122.100 "GET / HTTP/1.1" status: 200 len: 233 time: 0.0015740
2025-11-28 08:18:53.315 17 DEBUG neutron.wsgi [-] (17) accepted ('192.168.122.100', 36008) server /usr/lib/python3.9/site-packages/eventlet/wsgi.py:992
2025-11-28 08:18:53.317 17 INFO neutron.wsgi [-] 192.168.122.100 "GET / HTTP/1.1" status: 200 len: 233 time: 0.0011952
2025-11-28 08:19:24.326 18 DEBUG neutron.wsgi [-] (18) accepted ('192.168.122.100', 35698) server /usr/lib/python3.9/site-packages/eventlet/wsgi.py:992
2025-11-28 08:19:24.329 18 INFO neutron.wsgi [-] 192.168.122.100 "GET / HTTP/1.1" status: 200 len: 233 time: 0.0014615
2025-11-28 08:19:55.352 16 DEBUG neutron.wsgi [-] (16) accepted ('192.168.122.100', 49632) server /usr/lib/python3.9/site-packages/eventlet/wsgi.py:992
2025-11-28 08:19:55.355 16 INFO neutron.wsgi [-] 192.168.122.100 "GET / HTTP/1.1" status: 200 len: 233 time: 0.0015597
2025-11-28 08:20:26.373 18 DEBUG neutron.wsgi [-] (18) accepted ('192.168.122.100', 58760) server /usr/lib/python3.9/site-packages/eventlet/wsgi.py:992
2025-11-28 08:20:26.375 18 INFO neutron.wsgi [-] 192.168.122.100 "GET / HTTP/1.1" status: 200 len: 233 time: 0.0011907
2025-11-28 08:20:57.331 15 DEBUG neutron.wsgi [-] (15) accepted ('192.168.122.100', 53020) server /usr/lib/python3.9/site-packages/eventlet/wsgi.py:992
2025-11-28 08:20:57.335 15 INFO neutron.wsgi [-] 192.168.122.100 "GET / HTTP/1.1" status: 200 len: 233 time: 0.0022969
2025-11-28 08:21:14.296 24 DEBUG neutron.db.agents_db [req-90355451-8080-4a25-bce7-4e9573b2327b - - - - -] Agent healthcheck: found 3 active agents agent_health_check /usr/lib/python3.9/site-packages/neutron/db/agents_db.py:328
2025-11-28 08:21:27.586 21 DEBUG neutron_lib.callbacks.manager [req-bba16665-365e-47da-a8b5-432a1c4bd216 - - - - -] Notify callbacks ['neutron.services.segments.db._update_segment_host_mapping_for_agent-8742528525806', 'neutron.plugins.ml2.plugin.Ml2Plugin._retry_binding_revived_agents-1716469'] for agent, after_update _notify_loop /usr/lib/python3.9/site-packages/neutron_lib/callbacks/manager.py:200
2025-11-28 08:21:27.796 19 DEBUG neutron_lib.callbacks.manager [req-b8f19c96-63bf-49e6-be0c-ac740a9f1073 - - - - -] Notify callbacks ['neutron.services.segments.db._update_segment_host_mapping_for_agent-8742528525806', 'neutron.plugins.ml2.plugin.Ml2Plugin._retry_binding_revived_agents-1716469'] for agent, after_update _notify_loop /usr/lib/python3.9/site-packages/neutron_lib/callbacks/manager.py:200
2025-11-28 08:21:28.051 17 DEBUG neutron.wsgi [-] (17) accepted ('192.168.122.100', 36756) server /usr/lib/python3.9/site-packages/eventlet/wsgi.py:992
2025-11-28 08:21:28.053 17 INFO neutron.wsgi [-] 192.168.122.100 "GET / HTTP/1.1" status: 200 len: 233 time: 0.0011785
2025-11-28 08:21:34.341 20 DEBUG neutron_lib.callbacks.manager [req-0b32f72e-730e-483c-a364-26857551ac8f - - - - -] Notify callbacks ['neutron.services.segments.db._update_segment_host_mapping_for_agent-8742528525806', 'neutron.plugins.ml2.plugin.Ml2Plugin._retry_binding_revived_agents-1716469'] for agent, after_update _notify_loop /usr/lib/python3.9/site-packages/neutron_lib/callbacks/manager.py:200
2025-11-28 08:21:58.477 15 DEBUG neutron.wsgi [-] (15) accepted ('192.168.122.100', 33214) server /usr/lib/python3.9/site-packages/eventlet/wsgi.py:992
2025-11-28 08:21:58.480 15 INFO neutron.wsgi [-] 192.168.122.100 "GET / HTTP/1.1" status: 200 len: 233 time: 0.0021677
2025-11-28 08:22:28.771 16 DEBUG neutron.wsgi [-] (16) accepted ('192.168.122.100', 40782) server /usr/lib/python3.9/site-packages/eventlet/wsgi.py:992
2025-11-28 08:22:28.773 16 INFO neutron.wsgi [-] 192.168.122.100 "GET / HTTP/1.1" status: 200 len: 233 time: 0.0011127
2025-11-28 08:22:59.506 16 DEBUG neutron.wsgi [-] (16) accepted ('192.168.122.100', 44772) server /usr/lib/python3.9/site-packages/eventlet/wsgi.py:992
2025-11-28 08:22:59.509 16 INFO neutron.wsgi [-] 192.168.122.100 "GET / HTTP/1.1" status: 200 len: 233 time: 0.0018120
2025-11-28 08:23:30.726 17 DEBUG neutron.wsgi [-] (17) accepted ('192.168.122.100', 42366) server /usr/lib/python3.9/site-packages/eventlet/wsgi.py:992
2025-11-28 08:23:30.730 17 INFO neutron.wsgi [-] 192.168.122.100 "GET / HTTP/1.1" status: 200 len: 233 time: 0.0021217
2025-11-28 08:24:01.341 15 DEBUG neutron.wsgi [-] (15) accepted ('192.168.122.100', 46004) server /usr/lib/python3.9/site-packages/eventlet/wsgi.py:992
2025-11-28 08:24:01.343 15 INFO neutron.wsgi [-] 192.168.122.100 "GET / HTTP/1.1" status: 200 len: 233 time: 0.0013628
2025-11-28 08:24:32.069 16 DEBUG neutron.wsgi [-] (16) accepted ('192.168.122.100', 44002) server /usr/lib/python3.9/site-packages/eventlet/wsgi.py:992
2025-11-28 08:24:32.071 16 INFO neutron.wsgi [-] 192.168.122.100 "GET / HTTP/1.1" status: 200 len: 233 time: 0.0011361
2025-11-28 08:25:02.464 18 DEBUG neutron.wsgi [-] (18) accepted ('192.168.122.100', 56858) server /usr/lib/python3.9/site-packages/eventlet/wsgi.py:992
2025-11-28 08:25:02.465 18 INFO neutron.wsgi [-] 192.168.122.100 "GET / HTTP/1.1" status: 200 len: 233 time: 0.0011632
2025-11-28 08:25:33.601 16 DEBUG neutron.wsgi [-] (16) accepted ('192.168.122.100', 44148) server /usr/lib/python3.9/site-packages/eventlet/wsgi.py:992
2025-11-28 08:25:33.605 16 INFO neutron.wsgi [-] 192.168.122.100 "GET / HTTP/1.1" status: 200 len: 233 time: 0.0022590
2025-11-28 08:26:04.438 18 DEBUG neutron.wsgi [-] (18) accepted ('192.168.122.100', 49992) server /usr/lib/python3.9/site-packages/eventlet/wsgi.py:992
2025-11-28 08:26:04.441 18 INFO neutron.wsgi [-] 192.168.122.100 "GET / HTTP/1.1" status: 200 len: 233 time: 0.0018878
2025-11-28 08:26:14.294 24 DEBUG neutron.db.agents_db [req-90355451-8080-4a25-bce7-4e9573b2327b - - - - -] Agent healthcheck: found 3 active agents agent_health_check /usr/lib/python3.9/site-packages/neutron/db/agents_db.py:328
2025-11-28 08:26:27.589 22 DEBUG neutron_lib.callbacks.manager [req-8db7ded7-d51a-410a-b19f-17157dbc5855 - - - - -] Notify callbacks ['neutron.services.segments.db._update_segment_host_mapping_for_agent-8742528525806', 'neutron.plugins.ml2.plugin.Ml2Plugin._retry_binding_revived_agents-1716469'] for agent, after_update _notify_loop /usr/lib/python3.9/site-packages/neutron_lib/callbacks/manager.py:200
2025-11-28 08:26:27.787 23 DEBUG neutron_lib.callbacks.manager [req-ba27fe9b-2fa9-4ec3-bff8-26895b120bb5 - - - - -] Notify callbacks ['neutron.services.segments.db._update_segment_host_mapping_for_agent-8742528525806', 'neutron.plugins.ml2.plugin.Ml2Plugin._retry_binding_revived_agents-1716469'] for agent, after_update _notify_loop /usr/lib/python3.9/site-packages/neutron_lib/callbacks/manager.py:200
2025-11-28 08:26:34.252 21 DEBUG neutron_lib.callbacks.manager [req-0b32f72e-730e-483c-a364-26857551ac8f - - - - -] Notify callbacks ['neutron.services.segments.db._update_segment_host_mapping_for_agent-8742528525806', 'neutron.plugins.ml2.plugin.Ml2Plugin._retry_binding_revived_agents-1716469'] for agent, after_update _notify_loop /usr/lib/python3.9/site-packages/neutron_lib/callbacks/manager.py:200
2025-11-28 08:26:35.407 18 DEBUG neutron.wsgi [-] (18) accepted ('192.168.122.100', 33312) server /usr/lib/python3.9/site-packages/eventlet/wsgi.py:992
2025-11-28 08:26:35.409 18 INFO neutron.wsgi [-] 192.168.122.100 "GET / HTTP/1.1" status: 200 len: 233 time: 0.0013795
2025-11-28 08:27:06.405 15 DEBUG neutron.wsgi [-] (15) accepted ('192.168.122.100', 55052) server /usr/lib/python3.9/site-packages/eventlet/wsgi.py:992
2025-11-28 08:27:06.409 15 INFO neutron.wsgi [-] 192.168.122.100 "GET / HTTP/1.1" status: 200 len: 233 time: 0.0031557
2025-11-28 08:27:37.593 17 DEBUG neutron.wsgi [-] (17) accepted ('192.168.122.100', 39186) server /usr/lib/python3.9/site-packages/eventlet/wsgi.py:992
2025-11-28 08:27:37.596 17 INFO neutron.wsgi [-] 192.168.122.100 "GET / HTTP/1.1" status: 200 len: 233 time: 0.0020165
2025-11-28 08:28:08.480 17 DEBUG neutron.wsgi [-] (17) accepted ('192.168.122.100', 43236) server /usr/lib/python3.9/site-packages/eventlet/wsgi.py:992
2025-11-28 08:28:08.485 17 INFO neutron.wsgi [-] 192.168.122.100 "GET / HTTP/1.1" status: 200 len: 233 time: 0.0030568
2025-11-28 08:28:39.431 16 DEBUG neutron.wsgi [-] (16) accepted ('192.168.122.100', 52422) server /usr/lib/python3.9/site-packages/eventlet/wsgi.py:992
2025-11-28 08:28:39.439 16 INFO neutron.wsgi [-] 192.168.122.100 "GET / HTTP/1.1" status: 200 len: 233 time: 0.0049896
2025-11-28 08:29:10.769 16 DEBUG neutron.wsgi [-] (16) accepted ('192.168.122.100', 59386) server /usr/lib/python3.9/site-packages/eventlet/wsgi.py:992
2025-11-28 08:29:10.771 16 INFO neutron.wsgi [-] 192.168.122.100 "GET / HTTP/1.1" status: 200 len: 233 time: 0.0011420
2025-11-28 08:29:41.767 16 DEBUG neutron.wsgi [-] (16) accepted ('192.168.122.100', 50600) server /usr/lib/python3.9/site-packages/eventlet/wsgi.py:992
2025-11-28 08:29:41.769 16 INFO neutron.wsgi [-] 192.168.122.100 "GET / HTTP/1.1" status: 200 len: 233 time: 0.0011086
2025-11-28 08:30:12.753 16 DEBUG neutron.wsgi [-] (16) accepted ('192.168.122.100', 58466) server /usr/lib/python3.9/site-packages/eventlet/wsgi.py:992
2025-11-28 08:30:12.756 16 INFO neutron.wsgi [-] 192.168.122.100 "GET / HTTP/1.1" status: 200 len: 233 time: 0.0022252
2025-11-28 08:30:43.425 15 DEBUG neutron.wsgi [-] (15) accepted ('192.168.122.100', 60198) server /usr/lib/python3.9/site-packages/eventlet/wsgi.py:992
2025-11-28 08:30:43.427 15 INFO neutron.wsgi [-] 192.168.122.100 "GET / HTTP/1.1" status: 200 len: 233 time: 0.0011551
2025-11-28 08:31:14.293 24 DEBUG neutron.db.agents_db [req-90355451-8080-4a25-bce7-4e9573b2327b - - - - -] Agent healthcheck: found 3 active agents agent_health_check /usr/lib/python3.9/site-packages/neutron/db/agents_db.py:328
2025-11-28 08:31:14.549 15 DEBUG neutron.wsgi [-] (15) accepted ('192.168.122.100', 54860) server /usr/lib/python3.9/site-packages/eventlet/wsgi.py:992
2025-11-28 08:31:14.551 15 INFO neutron.wsgi [-] 192.168.122.100 "GET / HTTP/1.1" status: 200 len: 233 time: 0.0013938
2025-11-28 08:31:27.591 19 DEBUG neutron_lib.callbacks.manager [req-1e7a3af1-7858-4cae-828c-e8e78a73d080 - - - - -] Notify callbacks ['neutron.services.segments.db._update_segment_host_mapping_for_agent-8742528525806', 'neutron.plugins.ml2.plugin.Ml2Plugin._retry_binding_revived_agents-1716469'] for agent, after_update _notify_loop /usr/lib/python3.9/site-packages/neutron_lib/callbacks/manager.py:200
