2025-11-28 07:43:37.913 15 DEBUG neutron.pecan_wsgi.hooks.policy_enforcement [req-231e73b4-71dd-49b4-99cd-f0aa8c098d9d a0423b80480148e786b4a2e44883b293 8e02b00e4b394bf995631dabe4006dfc - default default] Attributes excluded by policy engine: ['standard_attr_id'] _exclude_attributes_by_policy /usr/lib/python3.9/site-packages/neutron/pecan_wsgi/hooks/policy_enforcement.py:259
2025-11-28 07:43:37.913 15 DEBUG neutron.pecan_wsgi.hooks.policy_enforcement [req-231e73b4-71dd-49b4-99cd-f0aa8c098d9d a0423b80480148e786b4a2e44883b293 8e02b00e4b394bf995631dabe4006dfc - default default] Attributes excluded by policy engine: ['standard_attr_id'] _exclude_attributes_by_policy /usr/lib/python3.9/site-packages/neutron/pecan_wsgi/hooks/policy_enforcement.py:259
2025-11-28 07:43:37.914 15 INFO neutron.wsgi [req-231e73b4-71dd-49b4-99cd-f0aa8c098d9d a0423b80480148e786b4a2e44883b293 8e02b00e4b394bf995631dabe4006dfc - default default] 192.168.122.100 "GET /v2.0/ports?tags=tripleo_stack_name%3Dovercloud HTTP/1.1" status: 200 len: 5344 time: 0.0516925
2025-11-28 07:43:38.013 19 DEBUG neutron.db.provisioning_blocks [req-188ff358-eae3-4222-8296-82e0549cc2ff - - - - -] Provisioning for port 32cd29b9-e8fd-4049-bd94-38c68034f8c1 completed by entity DHCP. provisioning_complete /usr/lib/python3.9/site-packages/neutron/db/provisioning_blocks.py:134
2025-11-28 07:43:38.019 19 DEBUG neutron.db.provisioning_blocks [req-188ff358-eae3-4222-8296-82e0549cc2ff - - - - -] Provisioning complete for port 32cd29b9-e8fd-4049-bd94-38c68034f8c1 triggered by entity DHCP. provisioning_complete /usr/lib/python3.9/site-packages/neutron/db/provisioning_blocks.py:140
2025-11-28 07:43:38.019 19 DEBUG neutron_lib.callbacks.manager [req-188ff358-eae3-4222-8296-82e0549cc2ff - - - - -] Notify callbacks ['neutron.plugins.ml2.plugin.Ml2Plugin._port_provisioned-1717079'] for port, provisioning_complete _notify_loop /usr/lib/python3.9/site-packages/neutron_lib/callbacks/manager.py:200
2025-11-28 07:43:38.019 19 INFO neutron.plugins.ml2.plugin [req-188ff358-eae3-4222-8296-82e0549cc2ff - - - - -] Attempt 1 to provision port 32cd29b9-e8fd-4049-bd94-38c68034f8c1
2025-11-28 07:43:38.068 19 DEBUG neutron.plugins.ml2.plugin [req-188ff358-eae3-4222-8296-82e0549cc2ff - - - - -] Port 32cd29b9-e8fd-4049-bd94-38c68034f8c1 cannot update to ACTIVE because it is not bound. _port_provisioned /usr/lib/python3.9/site-packages/neutron/plugins/ml2/plugin.py:353
2025-11-28 07:43:39.295 17 DEBUG neutron.wsgi [-] (17) accepted ('192.168.122.100', 35076) server /usr/lib/python3.9/site-packages/eventlet/wsgi.py:992
2025-11-28 07:43:39.385 17 DEBUG neutron.pecan_wsgi.hooks.policy_enforcement [req-a556d100-70b6-477f-ab58-0a6da2a90db6 a0423b80480148e786b4a2e44883b293 8e02b00e4b394bf995631dabe4006dfc - default default] Attributes excluded by policy engine: ['standard_attr_id', 'vlan_transparent'] _exclude_attributes_by_policy /usr/lib/python3.9/site-packages/neutron/pecan_wsgi/hooks/policy_enforcement.py:259
2025-11-28 07:43:39.385 17 DEBUG neutron.pecan_wsgi.hooks.policy_enforcement [req-a556d100-70b6-477f-ab58-0a6da2a90db6 a0423b80480148e786b4a2e44883b293 8e02b00e4b394bf995631dabe4006dfc - default default] Attributes excluded by policy engine: ['standard_attr_id', 'vlan_transparent'] _exclude_attributes_by_policy /usr/lib/python3.9/site-packages/neutron/pecan_wsgi/hooks/policy_enforcement.py:259
2025-11-28 07:43:39.386 17 DEBUG neutron.pecan_wsgi.hooks.policy_enforcement [req-a556d100-70b6-477f-ab58-0a6da2a90db6 a0423b80480148e786b4a2e44883b293 8e02b00e4b394bf995631dabe4006dfc - default default] Attributes excluded by policy engine: ['standard_attr_id', 'vlan_transparent'] _exclude_attributes_by_policy /usr/lib/python3.9/site-packages/neutron/pecan_wsgi/hooks/policy_enforcement.py:259
2025-11-28 07:43:39.386 17 DEBUG neutron.pecan_wsgi.hooks.policy_enforcement [req-a556d100-70b6-477f-ab58-0a6da2a90db6 a0423b80480148e786b4a2e44883b293 8e02b00e4b394bf995631dabe4006dfc - default default] Attributes excluded by policy engine: ['standard_attr_id', 'vlan_transparent'] _exclude_attributes_by_policy /usr/lib/python3.9/site-packages/neutron/pecan_wsgi/hooks/policy_enforcement.py:259
2025-11-28 07:43:39.386 17 DEBUG neutron.pecan_wsgi.hooks.policy_enforcement [req-a556d100-70b6-477f-ab58-0a6da2a90db6 a0423b80480148e786b4a2e44883b293 8e02b00e4b394bf995631dabe4006dfc - default default] Attributes excluded by policy engine: ['standard_attr_id', 'vlan_transparent'] _exclude_attributes_by_policy /usr/lib/python3.9/site-packages/neutron/pecan_wsgi/hooks/policy_enforcement.py:259
2025-11-28 07:43:39.386 17 DEBUG neutron.pecan_wsgi.hooks.policy_enforcement [req-a556d100-70b6-477f-ab58-0a6da2a90db6 a0423b80480148e786b4a2e44883b293 8e02b00e4b394bf995631dabe4006dfc - default default] Attributes excluded by policy engine: ['standard_attr_id', 'vlan_transparent'] _exclude_attributes_by_policy /usr/lib/python3.9/site-packages/neutron/pecan_wsgi/hooks/policy_enforcement.py:259
2025-11-28 07:43:39.387 17 INFO neutron.wsgi [req-a556d100-70b6-477f-ab58-0a6da2a90db6 a0423b80480148e786b4a2e44883b293 8e02b00e4b394bf995631dabe4006dfc - default default] 192.168.122.100 "GET /v2.0/networks HTTP/1.1" status: 200 len: 5173 time: 0.0916352
2025-11-28 07:43:39.418 17 DEBUG neutron.pecan_wsgi.hooks.policy_enforcement [req-3dc219d4-9bed-4c96-a9f5-ae43b2dfb628 a0423b80480148e786b4a2e44883b293 8e02b00e4b394bf995631dabe4006dfc - default default] Attributes excluded by policy engine: ['standard_attr_id', 'shared'] _exclude_attributes_by_policy /usr/lib/python3.9/site-packages/neutron/pecan_wsgi/hooks/policy_enforcement.py:259
2025-11-28 07:43:39.419 17 INFO neutron.wsgi [req-3dc219d4-9bed-4c96-a9f5-ae43b2dfb628 a0423b80480148e786b4a2e44883b293 8e02b00e4b394bf995631dabe4006dfc - default default] 192.168.122.100 "GET /v2.0/subnets?network_id=49b18151-29c0-45c0-8771-9831ed169965 HTTP/1.1" status: 200 len: 891 time: 0.0265944
2025-11-28 07:43:39.451 17 DEBUG neutron.pecan_wsgi.hooks.policy_enforcement [req-e2d3cb75-89f9-4a15-8f9b-ca0601905f44 a0423b80480148e786b4a2e44883b293 8e02b00e4b394bf995631dabe4006dfc - default default] Attributes excluded by policy engine: ['standard_attr_id', 'shared'] _exclude_attributes_by_policy /usr/lib/python3.9/site-packages/neutron/pecan_wsgi/hooks/policy_enforcement.py:259
2025-11-28 07:43:39.452 17 INFO neutron.wsgi [req-e2d3cb75-89f9-4a15-8f9b-ca0601905f44 a0423b80480148e786b4a2e44883b293 8e02b00e4b394bf995631dabe4006dfc - default default] 192.168.122.100 "GET /v2.0/subnets?network_id=4fdbc546-eb81-4777-baa3-f81d6b8ac375 HTTP/1.1" status: 200 len: 869 time: 0.0274045
2025-11-28 07:43:39.484 17 DEBUG neutron.pecan_wsgi.hooks.policy_enforcement [req-b520cf03-0fa4-4acb-8e37-5425a9349fc1 a0423b80480148e786b4a2e44883b293 8e02b00e4b394bf995631dabe4006dfc - default default] Attributes excluded by policy engine: ['standard_attr_id', 'shared'] _exclude_attributes_by_policy /usr/lib/python3.9/site-packages/neutron/pecan_wsgi/hooks/policy_enforcement.py:259
2025-11-28 07:43:39.484 17 INFO neutron.wsgi [req-b520cf03-0fa4-4acb-8e37-5425a9349fc1 a0423b80480148e786b4a2e44883b293 8e02b00e4b394bf995631dabe4006dfc - default default] 192.168.122.100 "GET /v2.0/subnets?network_id=7b493825-d1b9-461c-8584-84d27449b804 HTTP/1.1" status: 200 len: 885 time: 0.0262983
2025-11-28 07:43:39.518 17 DEBUG neutron.pecan_wsgi.hooks.policy_enforcement [req-15bb767a-9c07-48b6-ac43-885ed1a2a323 a0423b80480148e786b4a2e44883b293 8e02b00e4b394bf995631dabe4006dfc - default default] Attributes excluded by policy engine: ['standard_attr_id', 'shared'] _exclude_attributes_by_policy /usr/lib/python3.9/site-packages/neutron/pecan_wsgi/hooks/policy_enforcement.py:259
2025-11-28 07:43:39.519 17 INFO neutron.wsgi [req-15bb767a-9c07-48b6-ac43-885ed1a2a323 a0423b80480148e786b4a2e44883b293 8e02b00e4b394bf995631dabe4006dfc - default default] 192.168.122.100 "GET /v2.0/subnets?network_id=7e6d021d-a9e0-4583-a833-6f6d6561a4f3 HTTP/1.1" status: 200 len: 886 time: 0.0277877
2025-11-28 07:43:39.549 17 DEBUG neutron.pecan_wsgi.hooks.policy_enforcement [req-df82ad6d-0689-4b84-8ed3-b0e498cba979 a0423b80480148e786b4a2e44883b293 8e02b00e4b394bf995631dabe4006dfc - default default] Attributes excluded by policy engine: ['standard_attr_id', 'shared'] _exclude_attributes_by_policy /usr/lib/python3.9/site-packages/neutron/pecan_wsgi/hooks/policy_enforcement.py:259
2025-11-28 07:43:39.550 17 INFO neutron.wsgi [req-df82ad6d-0689-4b84-8ed3-b0e498cba979 a0423b80480148e786b4a2e44883b293 8e02b00e4b394bf995631dabe4006dfc - default default] 192.168.122.100 "GET /v2.0/subnets?network_id=ac508a03-2482-4c64-a82a-4d201f7e926b HTTP/1.1" status: 200 len: 891 time: 0.0253503
2025-11-28 07:43:39.581 17 DEBUG neutron.pecan_wsgi.hooks.policy_enforcement [req-d2cd8f80-4210-4bcc-a186-00dd4d6bf20b a0423b80480148e786b4a2e44883b293 8e02b00e4b394bf995631dabe4006dfc - default default] Attributes excluded by policy engine: ['standard_attr_id', 'shared'] _exclude_attributes_by_policy /usr/lib/python3.9/site-packages/neutron/pecan_wsgi/hooks/policy_enforcement.py:259
2025-11-28 07:43:39.582 17 INFO neutron.wsgi [req-d2cd8f80-4210-4bcc-a186-00dd4d6bf20b a0423b80480148e786b4a2e44883b293 8e02b00e4b394bf995631dabe4006dfc - default default] 192.168.122.100 "GET /v2.0/subnets?network_id=f8988aac-ca85-4b56-9269-3588f9bdea11 HTTP/1.1" status: 200 len: 887 time: 0.0266306
2025-11-28 07:43:39.642 17 DEBUG neutron.pecan_wsgi.hooks.policy_enforcement [req-5ed90dd0-b8ef-4c5c-ba82-1860fe311a98 a0423b80480148e786b4a2e44883b293 8e02b00e4b394bf995631dabe4006dfc - default default] Attributes excluded by policy engine: ['standard_attr_id', 'vlan_transparent'] _exclude_attributes_by_policy /usr/lib/python3.9/site-packages/neutron/pecan_wsgi/hooks/policy_enforcement.py:259
2025-11-28 07:43:39.643 17 DEBUG neutron.pecan_wsgi.hooks.policy_enforcement [req-5ed90dd0-b8ef-4c5c-ba82-1860fe311a98 a0423b80480148e786b4a2e44883b293 8e02b00e4b394bf995631dabe4006dfc - default default] Attributes excluded by policy engine: ['standard_attr_id', 'vlan_transparent'] _exclude_attributes_by_policy /usr/lib/python3.9/site-packages/neutron/pecan_wsgi/hooks/policy_enforcement.py:259
2025-11-28 07:43:39.643 17 DEBUG neutron.pecan_wsgi.hooks.policy_enforcement [req-5ed90dd0-b8ef-4c5c-ba82-1860fe311a98 a0423b80480148e786b4a2e44883b293 8e02b00e4b394bf995631dabe4006dfc - default default] Attributes excluded by policy engine: ['standard_attr_id', 'vlan_transparent'] _exclude_attributes_by_policy /usr/lib/python3.9/site-packages/neutron/pecan_wsgi/hooks/policy_enforcement.py:259
2025-11-28 07:43:39.643 17 DEBUG neutron.pecan_wsgi.hooks.policy_enforcement [req-5ed90dd0-b8ef-4c5c-ba82-1860fe311a98 a0423b80480148e786b4a2e44883b293 8e02b00e4b394bf995631dabe4006dfc - default default] Attributes excluded by policy engine: ['standard_attr_id', 'vlan_transparent'] _exclude_attributes_by_policy /usr/lib/python3.9/site-packages/neutron/pecan_wsgi/hooks/policy_enforcement.py:259
2025-11-28 07:43:39.643 17 DEBUG neutron.pecan_wsgi.hooks.policy_enforcement [req-5ed90dd0-b8ef-4c5c-ba82-1860fe311a98 a0423b80480148e786b4a2e44883b293 8e02b00e4b394bf995631dabe4006dfc - default default] Attributes excluded by policy engine: ['standard_attr_id', 'vlan_transparent'] _exclude_attributes_by_policy /usr/lib/python3.9/site-packages/neutron/pecan_wsgi/hooks/policy_enforcement.py:259
2025-11-28 07:43:39.643 17 DEBUG neutron.pecan_wsgi.hooks.policy_enforcement [req-5ed90dd0-b8ef-4c5c-ba82-1860fe311a98 a0423b80480148e786b4a2e44883b293 8e02b00e4b394bf995631dabe4006dfc - default default] Attributes excluded by policy engine: ['standard_attr_id', 'vlan_transparent'] _exclude_attributes_by_policy /usr/lib/python3.9/site-packages/neutron/pecan_wsgi/hooks/policy_enforcement.py:259
2025-11-28 07:43:39.644 17 INFO neutron.wsgi [req-5ed90dd0-b8ef-4c5c-ba82-1860fe311a98 a0423b80480148e786b4a2e44883b293 8e02b00e4b394bf995631dabe4006dfc - default default] 192.168.122.100 "GET /v2.0/networks HTTP/1.1" status: 200 len: 5173 time: 0.0574789
2025-11-28 07:43:39.691 17 DEBUG neutron.pecan_wsgi.hooks.policy_enforcement [req-cf88c246-0651-4751-9817-97cdef7b60a7 a0423b80480148e786b4a2e44883b293 8e02b00e4b394bf995631dabe4006dfc - default default] Attributes excluded by policy engine: ['standard_attr_id'] _exclude_attributes_by_policy /usr/lib/python3.9/site-packages/neutron/pecan_wsgi/hooks/policy_enforcement.py:259
2025-11-28 07:43:39.692 17 INFO neutron.wsgi [req-cf88c246-0651-4751-9817-97cdef7b60a7 a0423b80480148e786b4a2e44883b293 8e02b00e4b394bf995631dabe4006dfc - default default] 192.168.122.100 "GET /v2.0/ports?network_id=ac508a03-2482-4c64-a82a-4d201f7e926b&tags=tripleo_stack_name%3Dovercloud&tags=tripleo_vip_net%3Dinternal_api HTTP/1.1" status: 200 len: 1242 time: 0.0369096
2025-11-28 07:43:39.726 17 DEBUG neutron.pecan_wsgi.hooks.policy_enforcement [req-3c3f1608-e869-45d6-86ae-080ae2d004aa a0423b80480148e786b4a2e44883b293 8e02b00e4b394bf995631dabe4006dfc - default default] Attributes excluded by policy engine: ['standard_attr_id', 'shared'] _exclude_attributes_by_policy /usr/lib/python3.9/site-packages/neutron/pecan_wsgi/hooks/policy_enforcement.py:259
2025-11-28 07:43:39.727 17 INFO neutron.wsgi [req-3c3f1608-e869-45d6-86ae-080ae2d004aa a0423b80480148e786b4a2e44883b293 8e02b00e4b394bf995631dabe4006dfc - default default] 192.168.122.100 "GET /v2.0/subnets/fb4b74c4-23ae-4280-924c-afb17feafdbc HTTP/1.1" status: 200 len: 888 time: 0.0287468
2025-11-28 07:43:39.775 17 DEBUG neutron.pecan_wsgi.hooks.policy_enforcement [req-d30edeb6-da79-45b5-93ff-5c97bdb5de05 a0423b80480148e786b4a2e44883b293 8e02b00e4b394bf995631dabe4006dfc - default default] Attributes excluded by policy engine: ['standard_attr_id'] _exclude_attributes_by_policy /usr/lib/python3.9/site-packages/neutron/pecan_wsgi/hooks/policy_enforcement.py:259
2025-11-28 07:43:39.776 17 INFO neutron.wsgi [req-d30edeb6-da79-45b5-93ff-5c97bdb5de05 a0423b80480148e786b4a2e44883b293 8e02b00e4b394bf995631dabe4006dfc - default default] 192.168.122.100 "GET /v2.0/ports?network_id=7e6d021d-a9e0-4583-a833-6f6d6561a4f3&tags=tripleo_stack_name%3Dovercloud&tags=tripleo_vip_net%3Dstorage HTTP/1.1" status: 200 len: 1232 time: 0.0448024
2025-11-28 07:43:39.808 17 DEBUG neutron.pecan_wsgi.hooks.policy_enforcement [req-5d0c951a-7000-4f2d-9025-d355e4f8ae03 a0423b80480148e786b4a2e44883b293 8e02b00e4b394bf995631dabe4006dfc - default default] Attributes excluded by policy engine: ['standard_attr_id', 'shared'] _exclude_attributes_by_policy /usr/lib/python3.9/site-packages/neutron/pecan_wsgi/hooks/policy_enforcement.py:259
2025-11-28 07:43:39.809 17 INFO neutron.wsgi [req-5d0c951a-7000-4f2d-9025-d355e4f8ae03 a0423b80480148e786b4a2e44883b293 8e02b00e4b394bf995631dabe4006dfc - default default] 192.168.122.100 "GET /v2.0/subnets/21b00cc8-9aad-463c-9599-73276e0f7c07 HTTP/1.1" status: 200 len: 883 time: 0.0276358
2025-11-28 07:43:39.852 17 DEBUG neutron.pecan_wsgi.hooks.policy_enforcement [req-0e23517e-de56-445c-885a-8790b2565b63 a0423b80480148e786b4a2e44883b293 8e02b00e4b394bf995631dabe4006dfc - default default] Attributes excluded by policy engine: ['standard_attr_id'] _exclude_attributes_by_policy /usr/lib/python3.9/site-packages/neutron/pecan_wsgi/hooks/policy_enforcement.py:259
2025-11-28 07:43:39.854 17 INFO neutron.wsgi [req-0e23517e-de56-445c-885a-8790b2565b63 a0423b80480148e786b4a2e44883b293 8e02b00e4b394bf995631dabe4006dfc - default default] 192.168.122.100 "GET /v2.0/ports?network_id=49b18151-29c0-45c0-8771-9831ed169965&tags=tripleo_stack_name%3Dovercloud&tags=tripleo_vip_net%3Dstorage_mgmt HTTP/1.1" status: 200 len: 1242 time: 0.0395808
2025-11-28 07:43:39.913 17 DEBUG neutron.pecan_wsgi.hooks.policy_enforcement [req-8c882e53-ccd2-46c0-9219-5c7d9389600c a0423b80480148e786b4a2e44883b293 8e02b00e4b394bf995631dabe4006dfc - default default] Attributes excluded by policy engine: ['standard_attr_id', 'shared'] _exclude_attributes_by_policy /usr/lib/python3.9/site-packages/neutron/pecan_wsgi/hooks/policy_enforcement.py:259
2025-11-28 07:43:39.914 17 INFO neutron.wsgi [req-8c882e53-ccd2-46c0-9219-5c7d9389600c a0423b80480148e786b4a2e44883b293 8e02b00e4b394bf995631dabe4006dfc - default default] 192.168.122.100 "GET /v2.0/subnets/3e52a917-5565-45ab-9f1c-431614424714 HTTP/1.1" status: 200 len: 888 time: 0.0579958
2025-11-28 07:43:39.976 17 DEBUG neutron.pecan_wsgi.hooks.policy_enforcement [req-cdca30da-0834-45b3-9bb1-5f4a9ce67694 a0423b80480148e786b4a2e44883b293 8e02b00e4b394bf995631dabe4006dfc - default default] Attributes excluded by policy engine: ['standard_attr_id'] _exclude_attributes_by_policy /usr/lib/python3.9/site-packages/neutron/pecan_wsgi/hooks/policy_enforcement.py:259
2025-11-28 07:43:39.977 17 INFO neutron.wsgi [req-cdca30da-0834-45b3-9bb1-5f4a9ce67694 a0423b80480148e786b4a2e44883b293 8e02b00e4b394bf995631dabe4006dfc - default default] 192.168.122.100 "GET /v2.0/ports?network_id=f8988aac-ca85-4b56-9269-3588f9bdea11&tags=tripleo_stack_name%3Dovercloud&tags=tripleo_vip_net%3Dexternal HTTP/1.1" status: 200 len: 1234 time: 0.0580435
2025-11-28 07:43:40.017 17 DEBUG neutron.pecan_wsgi.hooks.policy_enforcement [req-42fae34f-f70d-44f4-aea7-fe7a5a881d1d a0423b80480148e786b4a2e44883b293 8e02b00e4b394bf995631dabe4006dfc - default default] Attributes excluded by policy engine: ['standard_attr_id', 'shared'] _exclude_attributes_by_policy /usr/lib/python3.9/site-packages/neutron/pecan_wsgi/hooks/policy_enforcement.py:259
2025-11-28 07:43:40.018 17 INFO neutron.wsgi [req-42fae34f-f70d-44f4-aea7-fe7a5a881d1d a0423b80480148e786b4a2e44883b293 8e02b00e4b394bf995631dabe4006dfc - default default] 192.168.122.100 "GET /v2.0/subnets/71c23d9e-91a0-41c3-9199-3ab6c7922803 HTTP/1.1" status: 200 len: 884 time: 0.0356278
2025-11-28 07:43:40.067 17 DEBUG neutron.pecan_wsgi.hooks.policy_enforcement [req-e0adb0c3-4082-41d5-85d8-528ff9a59a08 a0423b80480148e786b4a2e44883b293 8e02b00e4b394bf995631dabe4006dfc - default default] Attributes excluded by policy engine: ['standard_attr_id'] _exclude_attributes_by_policy /usr/lib/python3.9/site-packages/neutron/pecan_wsgi/hooks/policy_enforcement.py:259
2025-11-28 07:43:40.068 17 INFO neutron.wsgi [req-e0adb0c3-4082-41d5-85d8-528ff9a59a08 a0423b80480148e786b4a2e44883b293 8e02b00e4b394bf995631dabe4006dfc - default default] 192.168.122.100 "GET /v2.0/ports?network_id=4fdbc546-eb81-4777-baa3-f81d6b8ac375&tags=tripleo_stack_name%3Dovercloud&tags=tripleo_vip_net%3Dctlplane HTTP/1.1" status: 200 len: 1238 time: 0.0443149
2025-11-28 07:43:40.144 17 DEBUG neutron.pecan_wsgi.hooks.policy_enforcement [req-27e3cf62-d5d7-47de-9a72-6c95d54bcde5 a0423b80480148e786b4a2e44883b293 8e02b00e4b394bf995631dabe4006dfc - default default] Attributes excluded by policy engine: ['standard_attr_id', 'vlan_transparent'] _exclude_attributes_by_policy /usr/lib/python3.9/site-packages/neutron/pecan_wsgi/hooks/policy_enforcement.py:259
2025-11-28 07:43:40.145 17 INFO neutron.wsgi [req-27e3cf62-d5d7-47de-9a72-6c95d54bcde5 a0423b80480148e786b4a2e44883b293 8e02b00e4b394bf995631dabe4006dfc - default default] 192.168.122.100 "GET /v2.0/networks/4fdbc546-eb81-4777-baa3-f81d6b8ac375 HTTP/1.1" status: 200 len: 946 time: 0.0705755
2025-11-28 07:43:40.178 17 DEBUG neutron.pecan_wsgi.hooks.policy_enforcement [req-772ab868-247c-4341-a73a-9100a33bb500 a0423b80480148e786b4a2e44883b293 8e02b00e4b394bf995631dabe4006dfc - default default] Attributes excluded by policy engine: ['standard_attr_id', 'shared'] _exclude_attributes_by_policy /usr/lib/python3.9/site-packages/neutron/pecan_wsgi/hooks/policy_enforcement.py:259
2025-11-28 07:43:40.179 17 INFO neutron.wsgi [req-772ab868-247c-4341-a73a-9100a33bb500 a0423b80480148e786b4a2e44883b293 8e02b00e4b394bf995631dabe4006dfc - default default] 192.168.122.100 "GET /v2.0/subnets/a7dbc879-8f4e-46cf-8630-c588e0a835de HTTP/1.1" status: 200 len: 866 time: 0.0276489
2025-11-28 07:43:58.347 15 DEBUG neutron.wsgi [-] (15) accepted ('192.168.122.100', 35586) server /usr/lib/python3.9/site-packages/eventlet/wsgi.py:992
2025-11-28 07:43:58.349 15 INFO neutron.wsgi [-] 192.168.122.100 "GET / HTTP/1.1" status: 200 len: 233 time: 0.0011623
2025-11-28 07:44:10.691 17 DEBUG neutron.wsgi [-] (17) accepted ('192.168.122.100', 38248) server /usr/lib/python3.9/site-packages/eventlet/wsgi.py:992
2025-11-28 07:44:10.752 17 INFO neutron.pecan_wsgi.hooks.translation [req-7cd2700e-fa4b-4630-ab31-5423b1529625 a0423b80480148e786b4a2e44883b293 8e02b00e4b394bf995631dabe4006dfc - default default] GET failed (client error): The resource could not be found.
2025-11-28 07:44:10.753 17 INFO neutron.wsgi [req-7cd2700e-fa4b-4630-ab31-5423b1529625 a0423b80480148e786b4a2e44883b293 8e02b00e4b394bf995631dabe4006dfc - default default] 192.168.122.100 "GET /v2.0/networks/ctlplane HTTP/1.1" status: 404 len: 316 time: 0.0609124
2025-11-28 07:44:10.825 17 DEBUG neutron.pecan_wsgi.hooks.policy_enforcement [req-b3f0c0f6-d541-4b13-b03c-9a47b9e88680 a0423b80480148e786b4a2e44883b293 8e02b00e4b394bf995631dabe4006dfc - default default] Attributes excluded by policy engine: ['standard_attr_id', 'vlan_transparent'] _exclude_attributes_by_policy /usr/lib/python3.9/site-packages/neutron/pecan_wsgi/hooks/policy_enforcement.py:259
2025-11-28 07:44:10.826 17 INFO neutron.wsgi [req-b3f0c0f6-d541-4b13-b03c-9a47b9e88680 a0423b80480148e786b4a2e44883b293 8e02b00e4b394bf995631dabe4006dfc - default default] 192.168.122.100 "GET /v2.0/networks?name=ctlplane HTTP/1.1" status: 200 len: 949 time: 0.0689015
2025-11-28 07:44:10.865 17 DEBUG neutron.pecan_wsgi.hooks.policy_enforcement [req-eff9f8fa-b3b7-4f0e-a2a0-1c30531cd29d a0423b80480148e786b4a2e44883b293 8e02b00e4b394bf995631dabe4006dfc - default default] Attributes excluded by policy engine: ['standard_attr_id', 'shared'] _exclude_attributes_by_policy /usr/lib/python3.9/site-packages/neutron/pecan_wsgi/hooks/policy_enforcement.py:259
2025-11-28 07:44:10.865 17 INFO neutron.wsgi [req-eff9f8fa-b3b7-4f0e-a2a0-1c30531cd29d a0423b80480148e786b4a2e44883b293 8e02b00e4b394bf995631dabe4006dfc - default default] 192.168.122.100 "GET /v2.0/subnets/a7dbc879-8f4e-46cf-8630-c588e0a835de HTTP/1.1" status: 200 len: 866 time: 0.0325007
2025-11-28 07:44:28.686 18 DEBUG neutron.wsgi [-] (18) accepted ('192.168.122.100', 33364) server /usr/lib/python3.9/site-packages/eventlet/wsgi.py:992
2025-11-28 07:44:28.690 18 INFO neutron.wsgi [-] 192.168.122.100 "GET / HTTP/1.1" status: 200 len: 233 time: 0.0028915
2025-11-28 07:44:59.539 18 DEBUG neutron.wsgi [-] (18) accepted ('192.168.122.100', 37746) server /usr/lib/python3.9/site-packages/eventlet/wsgi.py:992
2025-11-28 07:44:59.543 18 INFO neutron.wsgi [-] 192.168.122.100 "GET / HTTP/1.1" status: 200 len: 233 time: 0.0024393
2025-11-28 07:45:30.418 17 DEBUG neutron.wsgi [-] (17) accepted ('192.168.122.100', 34228) server /usr/lib/python3.9/site-packages/eventlet/wsgi.py:992
2025-11-28 07:45:30.422 17 INFO neutron.wsgi [-] 192.168.122.100 "GET / HTTP/1.1" status: 200 len: 233 time: 0.0025487
2025-11-28 07:46:01.466 18 DEBUG neutron.wsgi [-] (18) accepted ('192.168.122.100', 39748) server /usr/lib/python3.9/site-packages/eventlet/wsgi.py:992
2025-11-28 07:46:01.469 18 INFO neutron.wsgi [-] 192.168.122.100 "GET / HTTP/1.1" status: 200 len: 233 time: 0.0016301
2025-11-28 07:46:27.571 23 DEBUG neutron_lib.callbacks.manager [req-50731e79-e05d-4243-af5c-b3c19f6e9a75 - - - - -] Notify callbacks ['neutron.services.segments.db._update_segment_host_mapping_for_agent-8742528525806', 'neutron.plugins.ml2.plugin.Ml2Plugin._retry_binding_revived_agents-1716469'] for agent, after_update _notify_loop /usr/lib/python3.9/site-packages/neutron_lib/callbacks/manager.py:200
2025-11-28 07:46:27.780 21 DEBUG neutron_lib.callbacks.manager [req-839b0bbf-d592-4459-917d-d6bca3a7dda4 - - - - -] Notify callbacks ['neutron.services.segments.db._update_segment_host_mapping_for_agent-8742528525806', 'neutron.plugins.ml2.plugin.Ml2Plugin._retry_binding_revived_agents-1716469'] for agent, after_update _notify_loop /usr/lib/python3.9/site-packages/neutron_lib/callbacks/manager.py:200
2025-11-28 07:46:32.556 16 DEBUG neutron.wsgi [-] (16) accepted ('192.168.122.100', 51740) server /usr/lib/python3.9/site-packages/eventlet/wsgi.py:992
2025-11-28 07:46:32.559 16 INFO neutron.wsgi [-] 192.168.122.100 "GET / HTTP/1.1" status: 200 len: 233 time: 0.0014460
2025-11-28 07:46:34.160 19 DEBUG neutron_lib.callbacks.manager [req-0b32f72e-730e-483c-a364-26857551ac8f - - - - -] Notify callbacks ['neutron.services.segments.db._update_segment_host_mapping_for_agent-8742528525806', 'neutron.plugins.ml2.plugin.Ml2Plugin._retry_binding_revived_agents-1716469'] for agent, after_update _notify_loop /usr/lib/python3.9/site-packages/neutron_lib/callbacks/manager.py:200
2025-11-28 07:47:03.288 18 DEBUG neutron.wsgi [-] (18) accepted ('192.168.122.100', 34678) server /usr/lib/python3.9/site-packages/eventlet/wsgi.py:992
2025-11-28 07:47:03.291 18 INFO neutron.wsgi [-] 192.168.122.100 "GET / HTTP/1.1" status: 200 len: 233 time: 0.0021331
2025-11-28 07:47:33.593 15 DEBUG neutron.wsgi [-] (15) accepted ('192.168.122.100', 35742) server /usr/lib/python3.9/site-packages/eventlet/wsgi.py:992
2025-11-28 07:47:33.597 15 INFO neutron.wsgi [-] 192.168.122.100 "GET / HTTP/1.1" status: 200 len: 233 time: 0.0028400
2025-11-28 07:48:04.126 15 DEBUG neutron.wsgi [-] (15) accepted ('192.168.122.100', 34294) server /usr/lib/python3.9/site-packages/eventlet/wsgi.py:992
2025-11-28 07:48:04.129 15 INFO neutron.wsgi [-] 192.168.122.100 "GET / HTTP/1.1" status: 200 len: 233 time: 0.0013714
2025-11-28 07:48:34.651 15 DEBUG neutron.wsgi [-] (15) accepted ('192.168.122.100', 51372) server /usr/lib/python3.9/site-packages/eventlet/wsgi.py:992
2025-11-28 07:48:34.655 15 INFO neutron.wsgi [-] 192.168.122.100 "GET / HTTP/1.1" status: 200 len: 233 time: 0.0024893
2025-11-28 07:49:05.524 15 DEBUG neutron.wsgi [-] (15) accepted ('192.168.122.100', 46664) server /usr/lib/python3.9/site-packages/eventlet/wsgi.py:992
2025-11-28 07:49:05.526 15 INFO neutron.wsgi [-] 192.168.122.100 "GET / HTTP/1.1" status: 200 len: 233 time: 0.0016410
2025-11-28 07:49:15.855 15 DEBUG neutron.wsgi [-] (15) accepted ('192.168.122.100', 45624) server /usr/lib/python3.9/site-packages/eventlet/wsgi.py:992
2025-11-28 07:49:15.920 15 INFO neutron.pecan_wsgi.hooks.translation [req-250f8a73-e6ae-4979-9c03-65a476a73625 a0423b80480148e786b4a2e44883b293 8e02b00e4b394bf995631dabe4006dfc - default default] GET failed (client error): The resource could not be found.
2025-11-28 07:49:15.922 15 INFO neutron.wsgi [req-250f8a73-e6ae-4979-9c03-65a476a73625 a0423b80480148e786b4a2e44883b293 8e02b00e4b394bf995631dabe4006dfc - default default] 192.168.122.100 "GET /v2.0/networks/ctlplane HTTP/1.1" status: 404 len: 316 time: 0.0654984
2025-11-28 07:49:16.011 15 DEBUG neutron.pecan_wsgi.hooks.policy_enforcement [req-f8faf6dd-1d27-4c4c-b366-9d4cc8d7d4e7 a0423b80480148e786b4a2e44883b293 8e02b00e4b394bf995631dabe4006dfc - default default] Attributes excluded by policy engine: ['standard_attr_id', 'vlan_transparent'] _exclude_attributes_by_policy /usr/lib/python3.9/site-packages/neutron/pecan_wsgi/hooks/policy_enforcement.py:259
2025-11-28 07:49:16.012 15 INFO neutron.wsgi [req-f8faf6dd-1d27-4c4c-b366-9d4cc8d7d4e7 a0423b80480148e786b4a2e44883b293 8e02b00e4b394bf995631dabe4006dfc - default default] 192.168.122.100 "GET /v2.0/networks?name=ctlplane HTTP/1.1" status: 200 len: 949 time: 0.0859542
2025-11-28 07:49:16.073 15 DEBUG neutron.pecan_wsgi.hooks.policy_enforcement [req-af326c43-7e99-413c-97c6-b6251aa6b575 a0423b80480148e786b4a2e44883b293 8e02b00e4b394bf995631dabe4006dfc - default default] Attributes excluded by policy engine: ['standard_attr_id', 'shared'] _exclude_attributes_by_policy /usr/lib/python3.9/site-packages/neutron/pecan_wsgi/hooks/policy_enforcement.py:259
2025-11-28 07:49:16.074 15 INFO neutron.wsgi [req-af326c43-7e99-413c-97c6-b6251aa6b575 a0423b80480148e786b4a2e44883b293 8e02b00e4b394bf995631dabe4006dfc - default default] 192.168.122.100 "GET /v2.0/subnets/a7dbc879-8f4e-46cf-8630-c588e0a835de HTTP/1.1" status: 200 len: 866 time: 0.0557947
2025-11-28 07:49:36.559 16 DEBUG neutron.wsgi [-] (16) accepted ('192.168.122.100', 52248) server /usr/lib/python3.9/site-packages/eventlet/wsgi.py:992
2025-11-28 07:49:36.561 16 INFO neutron.wsgi [-] 192.168.122.100 "GET / HTTP/1.1" status: 200 len: 233 time: 0.0015171
2025-11-28 07:50:07.447 17 DEBUG neutron.wsgi [-] (17) accepted ('192.168.122.100', 38112) server /usr/lib/python3.9/site-packages/eventlet/wsgi.py:992
2025-11-28 07:50:07.449 17 INFO neutron.wsgi [-] 192.168.122.100 "GET / HTTP/1.1" status: 200 len: 233 time: 0.0012805
2025-11-28 07:50:38.196 18 DEBUG neutron.wsgi [-] (18) accepted ('192.168.122.100', 32906) server /usr/lib/python3.9/site-packages/eventlet/wsgi.py:992
2025-11-28 07:50:38.199 18 INFO neutron.wsgi [-] 192.168.122.100 "GET / HTTP/1.1" status: 200 len: 233 time: 0.0013382
2025-11-28 07:51:09.497 15 DEBUG neutron.wsgi [-] (15) accepted ('192.168.122.100', 37174) server /usr/lib/python3.9/site-packages/eventlet/wsgi.py:992
2025-11-28 07:51:09.500 15 INFO neutron.wsgi [-] 192.168.122.100 "GET / HTTP/1.1" status: 200 len: 233 time: 0.0017781
2025-11-28 07:51:14.279 24 DEBUG neutron.db.agents_db [req-90355451-8080-4a25-bce7-4e9573b2327b - - - - -] Agent healthcheck: found 3 active agents agent_health_check /usr/lib/python3.9/site-packages/neutron/db/agents_db.py:328
2025-11-28 07:51:27.564 20 DEBUG neutron_lib.callbacks.manager [req-5eb70263-f5f7-4e3a-b777-c957b9cdf30b - - - - -] Notify callbacks ['neutron.services.segments.db._update_segment_host_mapping_for_agent-8742528525806', 'neutron.plugins.ml2.plugin.Ml2Plugin._retry_binding_revived_agents-1716469'] for agent, after_update _notify_loop /usr/lib/python3.9/site-packages/neutron_lib/callbacks/manager.py:200
2025-11-28 07:51:27.778 22 DEBUG neutron_lib.callbacks.manager [req-dc6c22c8-0d18-4d60-ad7e-a6a10435da9c - - - - -] Notify callbacks ['neutron.services.segments.db._update_segment_host_mapping_for_agent-8742528525806', 'neutron.plugins.ml2.plugin.Ml2Plugin._retry_binding_revived_agents-1716469'] for agent, after_update _notify_loop /usr/lib/python3.9/site-packages/neutron_lib/callbacks/manager.py:200
2025-11-28 07:51:34.163 23 DEBUG neutron_lib.callbacks.manager [req-0b32f72e-730e-483c-a364-26857551ac8f - - - - -] Notify callbacks ['neutron.services.segments.db._update_segment_host_mapping_for_agent-8742528525806', 'neutron.plugins.ml2.plugin.Ml2Plugin._retry_binding_revived_agents-1716469'] for agent, after_update _notify_loop /usr/lib/python3.9/site-packages/neutron_lib/callbacks/manager.py:200
2025-11-28 07:51:39.860 15 DEBUG neutron.wsgi [-] (15) accepted ('192.168.122.100', 51396) server /usr/lib/python3.9/site-packages/eventlet/wsgi.py:992
2025-11-28 07:51:39.863 15 INFO neutron.wsgi [-] 192.168.122.100 "GET / HTTP/1.1" status: 200 len: 233 time: 0.0015392
2025-11-28 07:52:10.358 15 DEBUG neutron.wsgi [-] (15) accepted ('192.168.122.100', 58592) server /usr/lib/python3.9/site-packages/eventlet/wsgi.py:992
2025-11-28 07:52:10.360 15 INFO neutron.wsgi [-] 192.168.122.100 "GET / HTTP/1.1" status: 200 len: 233 time: 0.0013096
2025-11-28 07:52:41.605 18 DEBUG neutron.wsgi [-] (18) accepted ('192.168.122.100', 50620) server /usr/lib/python3.9/site-packages/eventlet/wsgi.py:992
2025-11-28 07:52:41.610 18 INFO neutron.wsgi [-] 192.168.122.100 "GET / HTTP/1.1" status: 200 len: 233 time: 0.0030594
2025-11-28 07:53:12.392 17 DEBUG neutron.wsgi [-] (17) accepted ('192.168.122.100', 47622) server /usr/lib/python3.9/site-packages/eventlet/wsgi.py:992
2025-11-28 07:53:12.397 17 INFO neutron.wsgi [-] 192.168.122.100 "GET / HTTP/1.1" status: 200 len: 233 time: 0.0028415
2025-11-28 07:53:22.596 18 DEBUG neutron.wsgi [-] (18) accepted ('192.168.122.100', 35134) server /usr/lib/python3.9/site-packages/eventlet/wsgi.py:992
2025-11-28 07:53:22.807 18 DEBUG neutron.pecan_wsgi.hooks.policy_enforcement [req-540596e8-1143-447e-8333-4883234e8b6d a0423b80480148e786b4a2e44883b293 8e02b00e4b394bf995631dabe4006dfc - default default] Attributes excluded by policy engine: ['standard_attr_id'] _exclude_attributes_by_policy /usr/lib/python3.9/site-packages/neutron/pecan_wsgi/hooks/policy_enforcement.py:259
2025-11-28 07:53:22.808 18 DEBUG neutron.pecan_wsgi.hooks.policy_enforcement [req-540596e8-1143-447e-8333-4883234e8b6d a0423b80480148e786b4a2e44883b293 8e02b00e4b394bf995631dabe4006dfc - default default] Attributes excluded by policy engine: ['standard_attr_id'] _exclude_attributes_by_policy /usr/lib/python3.9/site-packages/neutron/pecan_wsgi/hooks/policy_enforcement.py:259
2025-11-28 07:53:22.809 18 DEBUG neutron.pecan_wsgi.hooks.policy_enforcement [req-540596e8-1143-447e-8333-4883234e8b6d a0423b80480148e786b4a2e44883b293 8e02b00e4b394bf995631dabe4006dfc - default default] Attributes excluded by policy engine: ['standard_attr_id'] _exclude_attributes_by_policy /usr/lib/python3.9/site-packages/neutron/pecan_wsgi/hooks/policy_enforcement.py:259
2025-11-28 07:53:22.809 18 DEBUG neutron.pecan_wsgi.hooks.policy_enforcement [req-540596e8-1143-447e-8333-4883234e8b6d a0423b80480148e786b4a2e44883b293 8e02b00e4b394bf995631dabe4006dfc - default default] Attributes excluded by policy engine: ['standard_attr_id'] _exclude_attributes_by_policy /usr/lib/python3.9/site-packages/neutron/pecan_wsgi/hooks/policy_enforcement.py:259
2025-11-28 07:53:22.810 18 DEBUG neutron.pecan_wsgi.hooks.policy_enforcement [req-540596e8-1143-447e-8333-4883234e8b6d a0423b80480148e786b4a2e44883b293 8e02b00e4b394bf995631dabe4006dfc - default default] Attributes excluded by policy engine: ['standard_attr_id'] _exclude_attributes_by_policy /usr/lib/python3.9/site-packages/neutron/pecan_wsgi/hooks/policy_enforcement.py:259
2025-11-28 07:53:22.811 18 INFO neutron.wsgi [req-540596e8-1143-447e-8333-4883234e8b6d a0423b80480148e786b4a2e44883b293 8e02b00e4b394bf995631dabe4006dfc - default default] 192.168.122.100 "GET /v2.0/ports?tags=tripleo_stack_name%3Dovercloud HTTP/1.1" status: 200 len: 5344 time: 0.2137244
2025-11-28 07:53:22.847 18 INFO neutron.pecan_wsgi.hooks.translation [req-bbb8fa45-ddde-49f6-904c-42004e6fe746 a0423b80480148e786b4a2e44883b293 8e02b00e4b394bf995631dabe4006dfc - default default] GET failed (client error): The resource could not be found.
2025-11-28 07:53:22.848 18 INFO neutron.wsgi [req-bbb8fa45-ddde-49f6-904c-42004e6fe746 a0423b80480148e786b4a2e44883b293 8e02b00e4b394bf995631dabe4006dfc - default default] 192.168.122.100 "GET /v2.0/networks/ctlplane HTTP/1.1" status: 404 len: 316 time: 0.0223882
2025-11-28 07:53:22.916 18 DEBUG neutron.pecan_wsgi.hooks.policy_enforcement [req-997de958-80d1-48d7-8864-0136c0ae0e23 a0423b80480148e786b4a2e44883b293 8e02b00e4b394bf995631dabe4006dfc - default default] Attributes excluded by policy engine: ['standard_attr_id', 'vlan_transparent'] _exclude_attributes_by_policy /usr/lib/python3.9/site-packages/neutron/pecan_wsgi/hooks/policy_enforcement.py:259
2025-11-28 07:53:22.917 18 INFO neutron.wsgi [req-997de958-80d1-48d7-8864-0136c0ae0e23 a0423b80480148e786b4a2e44883b293 8e02b00e4b394bf995631dabe4006dfc - default default] 192.168.122.100 "GET /v2.0/networks?name=ctlplane HTTP/1.1" status: 200 len: 949 time: 0.0655103
2025-11-28 07:53:42.901 16 DEBUG neutron.wsgi [-] (16) accepted ('192.168.122.100', 44342) server /usr/lib/python3.9/site-packages/eventlet/wsgi.py:992
2025-11-28 07:53:42.904 16 INFO neutron.wsgi [-] 192.168.122.100 "GET / HTTP/1.1" status: 200 len: 233 time: 0.0018430
2025-11-28 07:53:51.736 15 DEBUG neutron.wsgi [-] (15) accepted ('192.168.122.100', 56284) server /usr/lib/python3.9/site-packages/eventlet/wsgi.py:992
2025-11-28 07:53:51.814 15 INFO neutron.pecan_wsgi.hooks.translation [req-eb7cd5ad-8a43-4906-8f75-5eddfdd47a6c a0423b80480148e786b4a2e44883b293 8e02b00e4b394bf995631dabe4006dfc - default default] GET failed (client error): The resource could not be found.
2025-11-28 07:53:51.815 15 INFO neutron.wsgi [req-eb7cd5ad-8a43-4906-8f75-5eddfdd47a6c a0423b80480148e786b4a2e44883b293 8e02b00e4b394bf995631dabe4006dfc - default default] 192.168.122.100 "GET /v2.0/networks/ovn_mac_addr_net HTTP/1.1" status: 404 len: 324 time: 0.0784831
2025-11-28 07:53:51.835 15 INFO neutron.wsgi [req-073c92cc-afef-452a-8e98-42c5324bcf7a a0423b80480148e786b4a2e44883b293 8e02b00e4b394bf995631dabe4006dfc - default default] 192.168.122.100 "GET /v2.0/networks?name=ovn_mac_addr_net HTTP/1.1" status: 200 len: 213 time: 0.0150859
2025-11-28 07:53:51.842 15 DEBUG neutron.api.v2.base [req-bc37890f-0e3e-472c-b533-55d92dc7e6b3 a0423b80480148e786b4a2e44883b293 8e02b00e4b394bf995631dabe4006dfc - default default] Request body: {'network': {'name': 'ovn_mac_addr_net', 'description': 'Network used to allocate MAC addresses for OVN chassis.'}} prepare_request_body /usr/lib/python3.9/site-packages/neutron/api/v2/base.py:729
2025-11-28 07:53:51.856 15 DEBUG neutron.pecan_wsgi.hooks.quota_enforcement [req-bc37890f-0e3e-472c-b533-55d92dc7e6b3 a0423b80480148e786b4a2e44883b293 8e02b00e4b394bf995631dabe4006dfc - default default] Made reservation on behalf of 8e02b00e4b394bf995631dabe4006dfc for: {'network': 1} before /usr/lib/python3.9/site-packages/neutron/pecan_wsgi/hooks/quota_enforcement.py:53
2025-11-28 07:53:51.857 15 DEBUG neutron_lib.callbacks.manager [req-bc37890f-0e3e-472c-b533-55d92dc7e6b3 a0423b80480148e786b4a2e44883b293 8e02b00e4b394bf995631dabe4006dfc - default default] Notify callbacks ['neutron.plugins.ml2.plugin.SecurityGroupDbMixin._ensure_default_security_group_handler-1606268'] for network, before_create _notify_loop /usr/lib/python3.9/site-packages/neutron_lib/callbacks/manager.py:200
2025-11-28 07:53:51.886 15 DEBUG neutron_lib.callbacks.manager [req-bc37890f-0e3e-472c-b533-55d92dc7e6b3 a0423b80480148e786b4a2e44883b293 8e02b00e4b394bf995631dabe4006dfc - default default] Notify callbacks ['neutron.services.segments.db._add_segment_host_mapping_for_segment-8742528525815', 'neutron.plugins.ml2.plugin.Ml2Plugin._handle_segment_change-1709997'] for segment, precommit_create _notify_loop /usr/lib/python3.9/site-packages/neutron_lib/callbacks/manager.py:200
2025-11-28 07:53:51.887 15 INFO neutron.db.segments_db [req-bc37890f-0e3e-472c-b533-55d92dc7e6b3 a0423b80480148e786b4a2e44883b293 8e02b00e4b394bf995631dabe4006dfc - default default] Added segment e5465e76-e954-43a0-8930-c175ae49c643 of type local for network 3aa5973a-5501-4367-bb66-ebe68e08669c
2025-11-28 07:53:51.909 15 DEBUG neutron_lib.callbacks.manager [req-bc37890f-0e3e-472c-b533-55d92dc7e6b3 a0423b80480148e786b4a2e44883b293 8e02b00e4b394bf995631dabe4006dfc - default default] Notify callbacks ['neutron.services.auto_allocate.db._ensure_external_network_default_value_callback-8742527879114'] for network, precommit_create _notify_loop /usr/lib/python3.9/site-packages/neutron_lib/callbacks/manager.py:200
2025-11-28 07:53:51.926 15 DEBUG neutron_lib.callbacks.manager [req-bc37890f-0e3e-472c-b533-55d92dc7e6b3 a0423b80480148e786b4a2e44883b293 8e02b00e4b394bf995631dabe4006dfc - default default] Notify callbacks ['neutron.plugins.ml2.ovo_rpc._ObjectChangeHandler.handle_event-580358', 'neutron.api.rpc.agentnotifiers.dhcp_rpc_agent_api.DhcpAgentNotifyAPI._native_event_send_dhcp_notification-676848'] for network, after_create _notify_loop /usr/lib/python3.9/site-packages/neutron_lib/callbacks/manager.py:200
2025-11-28 07:53:51.926 15 DEBUG neutron.pecan_wsgi.hooks.policy_enforcement [req-bc37890f-0e3e-472c-b533-55d92dc7e6b3 a0423b80480148e786b4a2e44883b293 8e02b00e4b394bf995631dabe4006dfc - default default] Attributes excluded by policy engine: ['standard_attr_id', 'vlan_transparent'] _exclude_attributes_by_policy /usr/lib/python3.9/site-packages/neutron/pecan_wsgi/hooks/policy_enforcement.py:259
2025-11-28 07:53:51.927 15 DEBUG neutron_lib.callbacks.manager [req-bc37890f-0e3e-472c-b533-55d92dc7e6b3 a0423b80480148e786b4a2e44883b293 8e02b00e4b394bf995631dabe4006dfc - default default] Notify callbacks ['neutron.api.rpc.agentnotifiers.dhcp_rpc_agent_api.DhcpAgentNotifyAPI._send_dhcp_notification-676738'] for network, before_response _notify_loop /usr/lib/python3.9/site-packages/neutron_lib/callbacks/manager.py:200
2025-11-28 07:53:51.964 15 INFO neutron.wsgi [req-bc37890f-0e3e-472c-b533-55d92dc7e6b3 a0423b80480148e786b4a2e44883b293 8e02b00e4b394bf995631dabe4006dfc - default default] 192.168.122.100 "POST /v2.0/networks HTTP/1.1" status: 201 len: 942 time: 0.1238575
2025-11-28 07:53:51.976 16 DEBUG neutron.wsgi [-] (16) accepted ('192.168.122.100', 56300) server /usr/lib/python3.9/site-packages/eventlet/wsgi.py:992
2025-11-28 07:53:51.980 18 DEBUG neutron.wsgi [-] (18) accepted ('192.168.122.100', 56306) server /usr/lib/python3.9/site-packages/eventlet/wsgi.py:992
2025-11-28 07:53:51.990 15 DEBUG neutron.api.rpc.handlers.resources_rpc [req-bc37890f-0e3e-472c-b533-55d92dc7e6b3 a0423b80480148e786b4a2e44883b293 8e02b00e4b394bf995631dabe4006dfc - - -] Pushing event updated for resources: {'Network': ['ID=3aa5973a-5501-4367-bb66-ebe68e08669c,revision_number=1']} push /usr/lib/python3.9/site-packages/neutron/api/rpc/handlers/resources_rpc.py:237
2025-11-28 07:53:51.999 15 INFO neutron.wsgi [req-e289c905-a5a3-4340-960f-bb65b27fa63c a0423b80480148e786b4a2e44883b293 8e02b00e4b394bf995631dabe4006dfc - default default] 192.168.122.100 "GET /v2.0/ports?name=np0005538510_ovn_physnet_datacentre&network_id=3aa5973a-5501-4367-bb66-ebe68e08669c&tags=tripleo_stack_name%3Dovercloud HTTP/1.1" status: 200 len: 210 time: 0.0278106
2025-11-28 07:53:52.000 15 DEBUG neutron.api.rpc.callbacks.version_manager [req-bc37890f-0e3e-472c-b533-55d92dc7e6b3 a0423b80480148e786b4a2e44883b293 8e02b00e4b394bf995631dabe4006dfc - - -] Version for resource type AddressGroup changed None to 1.2 on consumer Open vSwitch agent@undercloud.localdomain _set_version /usr/lib/python3.9/site-packages/neutron/api/rpc/callbacks/version_manager.py:113
2025-11-28 07:53:52.000 15 DEBUG neutron.api.rpc.callbacks.version_manager [req-bc37890f-0e3e-472c-b533-55d92dc7e6b3 a0423b80480148e786b4a2e44883b293 8e02b00e4b394bf995631dabe4006dfc - - -] Version for resource type ConntrackHelper changed None to 1.0 on consumer Open vSwitch agent@undercloud.localdomain _set_version /usr/lib/python3.9/site-packages/neutron/api/rpc/callbacks/version_manager.py:113
2025-11-28 07:53:52.000 15 DEBUG neutron.api.rpc.callbacks.version_manager [req-bc37890f-0e3e-472c-b533-55d92dc7e6b3 a0423b80480148e786b4a2e44883b293 8e02b00e4b394bf995631dabe4006dfc - - -] Version for resource type Log changed None to 1.0 on consumer Open vSwitch agent@undercloud.localdomain _set_version /usr/lib/python3.9/site-packages/neutron/api/rpc/callbacks/version_manager.py:113
2025-11-28 07:53:52.000 15 DEBUG neutron.api.rpc.callbacks.version_manager [req-bc37890f-0e3e-472c-b533-55d92dc7e6b3 a0423b80480148e786b4a2e44883b293 8e02b00e4b394bf995631dabe4006dfc - - -] Version for resource type Network changed None to 1.1 on consumer Open vSwitch agent@undercloud.localdomain _set_version /usr/lib/python3.9/site-packages/neutron/api/rpc/callbacks/version_manager.py:113
2025-11-28 07:53:52.000 15 DEBUG neutron.api.rpc.callbacks.version_manager [req-bc37890f-0e3e-472c-b533-55d92dc7e6b3 a0423b80480148e786b4a2e44883b293 8e02b00e4b394bf995631dabe4006dfc - - -] Version for resource type Port changed None to 1.7 on consumer Open vSwitch agent@undercloud.localdomain _set_version /usr/lib/python3.9/site-packages/neutron/api/rpc/callbacks/version_manager.py:113
2025-11-28 07:53:52.001 15 DEBUG neutron.api.rpc.callbacks.version_manager [req-bc37890f-0e3e-472c-b533-55d92dc7e6b3 a0423b80480148e786b4a2e44883b293 8e02b00e4b394bf995631dabe4006dfc - - -] Version for resource type PortForwarding changed None to 1.2 on consumer Open vSwitch agent@undercloud.localdomain _set_version /usr/lib/python3.9/site-packages/neutron/api/rpc/callbacks/version_manager.py:113
2025-11-28 07:53:52.001 15 DEBUG neutron.api.rpc.callbacks.version_manager [req-bc37890f-0e3e-472c-b533-55d92dc7e6b3 a0423b80480148e786b4a2e44883b293 8e02b00e4b394bf995631dabe4006dfc - - -] Version for resource type QosPolicy changed None to 1.8 on consumer Open vSwitch agent@undercloud.localdomain _set_version /usr/lib/python3.9/site-packages/neutron/api/rpc/callbacks/version_manager.py:113
2025-11-28 07:53:52.001 15 DEBUG neutron.api.rpc.callbacks.version_manager [req-bc37890f-0e3e-472c-b533-55d92dc7e6b3 a0423b80480148e786b4a2e44883b293 8e02b00e4b394bf995631dabe4006dfc - - -] Version for resource type SecurityGroup changed None to 1.5 on consumer Open vSwitch agent@undercloud.localdomain _set_version /usr/lib/python3.9/site-packages/neutron/api/rpc/callbacks/version_manager.py:113
2025-11-28 07:53:52.001 15 DEBUG neutron.api.rpc.callbacks.version_manager [req-bc37890f-0e3e-472c-b533-55d92dc7e6b3 a0423b80480148e786b4a2e44883b293 8e02b00e4b394bf995631dabe4006dfc - - -] Version for resource type SecurityGroupRule changed None to 1.2 on consumer Open vSwitch agent@undercloud.localdomain _set_version /usr/lib/python3.9/site-packages/neutron/api/rpc/callbacks/version_manager.py:113
2025-11-28 07:53:52.001 15 DEBUG neutron.api.rpc.callbacks.version_manager [req-bc37890f-0e3e-472c-b533-55d92dc7e6b3 a0423b80480148e786b4a2e44883b293 8e02b00e4b394bf995631dabe4006dfc - - -] Version for resource type SubPort changed None to 1.0 on consumer Open vSwitch agent@undercloud.localdomain _set_version /usr/lib/python3.9/site-packages/neutron/api/rpc/callbacks/version_manager.py:113
2025-11-28 07:53:52.001 15 DEBUG neutron.api.rpc.callbacks.version_manager [req-bc37890f-0e3e-472c-b533-55d92dc7e6b3 a0423b80480148e786b4a2e44883b293 8e02b00e4b394bf995631dabe4006dfc - - -] Version for resource type Subnet changed None to 1.1 on consumer Open vSwitch agent@undercloud.localdomain _set_version /usr/lib/python3.9/site-packages/neutron/api/rpc/callbacks/version_manager.py:113
2025-11-28 07:53:52.001 15 DEBUG neutron.api.rpc.callbacks.version_manager [req-bc37890f-0e3e-472c-b533-55d92dc7e6b3 a0423b80480148e786b4a2e44883b293 8e02b00e4b394bf995631dabe4006dfc - - -] Version for resource type Trunk changed None to 1.1 on consumer Open vSwitch agent@undercloud.localdomain _set_version /usr/lib/python3.9/site-packages/neutron/api/rpc/callbacks/version_manager.py:113
2025-11-28 07:53:52.012 15 DEBUG neutron.api.v2.base [req-83b11a43-16f6-41af-a58c-644b794bb352 a0423b80480148e786b4a2e44883b293 8e02b00e4b394bf995631dabe4006dfc - default default] Request body: {'port': {'dns_name': 'np0005538510', 'name': 'np0005538510_ovn_physnet_datacentre', 'network_id': '3aa5973a-5501-4367-bb66-ebe68e08669c'}} prepare_request_body /usr/lib/python3.9/site-packages/neutron/api/v2/base.py:729
2025-11-28 07:53:52.015 20 DEBUG neutron.plugins.ml2.rpc [req-0b32f72e-730e-483c-a364-26857551ac8f - - - - -] Network 3aa5973a-5501-4367-bb66-ebe68e08669c details requested by agent ovs-agent-undercloud.localdomain with host undercloud.localdomain get_network_details /usr/lib/python3.9/site-packages/neutron/plugins/ml2/rpc.py:232
2025-11-28 07:53:52.020 15 DEBUG neutron.pecan_wsgi.hooks.quota_enforcement [req-83b11a43-16f6-41af-a58c-644b794bb352 a0423b80480148e786b4a2e44883b293 8e02b00e4b394bf995631dabe4006dfc - default default] Made reservation on behalf of 8e02b00e4b394bf995631dabe4006dfc for: {'port': 1} before /usr/lib/python3.9/site-packages/neutron/pecan_wsgi/hooks/quota_enforcement.py:53
2025-11-28 07:53:52.022 15 DEBUG neutron_lib.callbacks.manager [req-83b11a43-16f6-41af-a58c-644b794bb352 a0423b80480148e786b4a2e44883b293 8e02b00e4b394bf995631dabe4006dfc - default default] Notify callbacks ['neutron.plugins.ml2.plugin.SecurityGroupDbMixin._ensure_default_security_group_handler-1606268'] for port, before_create _notify_loop /usr/lib/python3.9/site-packages/neutron_lib/callbacks/manager.py:200
2025-11-28 07:53:52.029 16 INFO neutron.wsgi [req-b76f980d-010b-4260-967e-2801c985ac1d a0423b80480148e786b4a2e44883b293 8e02b00e4b394bf995631dabe4006dfc - default default] 192.168.122.100 "GET /v2.0/ports?name=np0005538511_ovn_physnet_datacentre&network_id=3aa5973a-5501-4367-bb66-ebe68e08669c&tags=tripleo_stack_name%3Dovercloud HTTP/1.1" status: 200 len: 210 time: 0.0480719
2025-11-28 07:53:52.037 18 INFO neutron.wsgi [req-ae84ef94-2b33-4c5f-83c8-9d2b68334807 a0423b80480148e786b4a2e44883b293 8e02b00e4b394bf995631dabe4006dfc - default default] 192.168.122.100 "GET /v2.0/ports?name=np0005538512_ovn_physnet_datacentre&network_id=3aa5973a-5501-4367-bb66-ebe68e08669c&tags=tripleo_stack_name%3Dovercloud HTTP/1.1" status: 200 len: 210 time: 0.0553083
2025-11-28 07:53:52.037 16 DEBUG neutron.api.v2.base [req-11abd7f8-7eaf-4bf4-915b-a2d8f9d1bc4b a0423b80480148e786b4a2e44883b293 8e02b00e4b394bf995631dabe4006dfc - default default] Request body: {'port': {'dns_name': 'np0005538511', 'name': 'np0005538511_ovn_physnet_datacentre', 'network_id': '3aa5973a-5501-4367-bb66-ebe68e08669c'}} prepare_request_body /usr/lib/python3.9/site-packages/neutron/api/v2/base.py:729
2025-11-28 07:53:52.043 15 DEBUG neutron.notifiers.nova [req-83b11a43-16f6-41af-a58c-644b794bb352 a0423b80480148e786b4a2e44883b293 8e02b00e4b394bf995631dabe4006dfc - default default] device_id is not set on port 8c4b0b34-0662-421c-a32c-9c47ec647149 yet. _can_notify /usr/lib/python3.9/site-packages/neutron/notifiers/nova.py:201
2025-11-28 07:53:52.046 18 DEBUG neutron.api.v2.base [req-a876defa-2db9-4bf0-913d-12042f16aad8 a0423b80480148e786b4a2e44883b293 8e02b00e4b394bf995631dabe4006dfc - default default] Request body: {'port': {'dns_name': 'np0005538512', 'name': 'np0005538512_ovn_physnet_datacentre', 'network_id': '3aa5973a-5501-4367-bb66-ebe68e08669c'}} prepare_request_body /usr/lib/python3.9/site-packages/neutron/api/v2/base.py:729
2025-11-28 07:53:52.048 16 DEBUG neutron.pecan_wsgi.hooks.quota_enforcement [req-11abd7f8-7eaf-4bf4-915b-a2d8f9d1bc4b a0423b80480148e786b4a2e44883b293 8e02b00e4b394bf995631dabe4006dfc - default default] Made reservation on behalf of 8e02b00e4b394bf995631dabe4006dfc for: {'port': 1} before /usr/lib/python3.9/site-packages/neutron/pecan_wsgi/hooks/quota_enforcement.py:53
