Nov 28 08:33:08 np0005538512 object-server[120634]: 172.20.0.104 - - [28/Nov/2025:08:33:08 +0000] "PUT /d1/54/AUTH_e2c76e4d27554fd5a4f85cce208b136f/gnocchi.c9d3dc38-d6ca-4303-874e-2d884929bcf1/1763640000.0_mean_300.0_v3" 201 - "PUT http://172.18.0.197:8080/v1/AUTH_e2c76e4d27554fd5a4f85cce208b136f/gnocchi.c9d3dc38-d6ca-4303-874e-2d884929bcf1/1763640000.0_mean_300.0_v3" "tx3f1f3456c9b0418287d1c-0069295e44" "proxy-server 20" 0.0144 "-" 25 0
Nov 28 08:33:08 np0005538512 object-server[120619]: 172.20.0.103 - - [28/Nov/2025:08:33:08 +0000] "GET /d1/925/AUTH_e2c76e4d27554fd5a4f85cce208b136f/gnocchi.69d3d9a4-7a71-4a7f-8b4d-76c40f05eacf/none_v3" 404 70 "GET http://172.18.0.197:8080/v1/AUTH_e2c76e4d27554fd5a4f85cce208b136f/gnocchi.69d3d9a4-7a71-4a7f-8b4d-76c40f05eacf/none_v3" "tx05f7cbe39d34452e86abb-0069295e44" "proxy-server 20" 0.0003 "-" 24 0
Nov 28 08:33:08 np0005538512 container-server[120105]: 172.20.0.103 - - [28/Nov/2025:08:33:08 +0000] "PUT /d1/809/AUTH_e2c76e4d27554fd5a4f85cce208b136f/gnocchi.c9d3dc38-d6ca-4303-874e-2d884929bcf1/none_v3" 201 - "PUT http://172.18.0.197:8080/d1/271/AUTH_e2c76e4d27554fd5a4f85cce208b136f/gnocchi.c9d3dc38-d6ca-4303-874e-2d884929bcf1/none_v3" "tx5ea183a96a24427880ab4-0069295e44" "object-server 23" 0.0008 "-" 21 0
Nov 28 08:33:08 np0005538512 object-server[120571]: 172.20.0.105 - - [28/Nov/2025:08:33:08 +0000] "PUT /d1/271/AUTH_e2c76e4d27554fd5a4f85cce208b136f/gnocchi.c9d3dc38-d6ca-4303-874e-2d884929bcf1/none_v3" 201 - "PUT http://172.18.0.197:8080/v1/AUTH_e2c76e4d27554fd5a4f85cce208b136f/gnocchi.c9d3dc38-d6ca-4303-874e-2d884929bcf1/none_v3" "tx5ea183a96a24427880ab4-0069295e44" "proxy-server 20" 0.0104 "-" 22 0
Nov 28 08:33:08 np0005538512 proxy-server[122023]: 172.18.0.103 172.18.0.104 28/Nov/2025/08/33/08 PUT /v1/AUTH_e2c76e4d27554fd5a4f85cce208b136f/gnocchi.c9d3dc38-d6ca-4303-874e-2d884929bcf1/none_v3 HTTP/1.0 201 - python-swiftclient-3.11.1 gAAAAABpKV38a7pX... 22 - - tx5ea183a96a24427880ab4-0069295e44 - 0.0255 - - 1764318788.966436625 1764318788.991981506 0
Nov 28 08:33:09 np0005538512 account-server[120013]: 172.20.0.105 - - [28/Nov/2025:08:33:09 +0000] "PUT /d1/535/AUTH_e2c76e4d27554fd5a4f85cce208b136f/gnocchi.69d3d9a4-7a71-4a7f-8b4d-76c40f05eacf" 201 - "PUT http://172.20.0.105:6001/d1/435/AUTH_e2c76e4d27554fd5a4f85cce208b136f/gnocchi.69d3d9a4-7a71-4a7f-8b4d-76c40f05eacf" "tx5835ce5219114310bb1bd-0069295e44" "container-server 22" 0.0063 "-" 21 0
Nov 28 08:33:09 np0005538512 container-server[120123]: 172.20.0.104 - - [28/Nov/2025:08:33:09 +0000] "PUT /d1/435/AUTH_e2c76e4d27554fd5a4f85cce208b136f/gnocchi.69d3d9a4-7a71-4a7f-8b4d-76c40f05eacf" 201 - "PUT http://172.18.0.197:8080/v1/AUTH_e2c76e4d27554fd5a4f85cce208b136f/gnocchi.69d3d9a4-7a71-4a7f-8b4d-76c40f05eacf" "tx5835ce5219114310bb1bd-0069295e44" "proxy-server 20" 0.0184 "-" 22 0
Nov 28 08:33:09 np0005538512 container-server[120123]: 172.20.0.103 - - [28/Nov/2025:08:33:09 +0000] "GET /d1/435/AUTH_e2c76e4d27554fd5a4f85cce208b136f/gnocchi.69d3d9a4-7a71-4a7f-8b4d-76c40f05eacf" 200 2 "GET http://172.18.0.197:8080/v1/AUTH_e2c76e4d27554fd5a4f85cce208b136f/gnocchi.69d3d9a4-7a71-4a7f-8b4d-76c40f05eacf?format=json&states=listing" "tx6985ba24e5254d66a55d4-0069295e45" "proxy-server 20" 0.0024 "-" 22 0
Nov 28 08:33:09 np0005538512 object-server[120619]: 172.20.0.105 - - [28/Nov/2025:08:33:09 +0000] "GET /d1/274/AUTH_e2c76e4d27554fd5a4f85cce208b136f/gnocchi.69d3d9a4-7a71-4a7f-8b4d-76c40f05eacf/1763640000.0_mean_300.0_v3" 404 70 "GET http://172.18.0.197:8080/v1/AUTH_e2c76e4d27554fd5a4f85cce208b136f/gnocchi.69d3d9a4-7a71-4a7f-8b4d-76c40f05eacf/1763640000.0_mean_300.0_v3" "tx44ba0bf703184011a71e4-0069295e45" "proxy-server 20" 0.0005 "-" 24 0
Nov 28 08:33:09 np0005538512 proxy-server[122023]: 172.18.0.105 172.18.0.104 28/Nov/2025/08/33/09 GET /v1/AUTH_e2c76e4d27554fd5a4f85cce208b136f/gnocchi.69d3d9a4-7a71-4a7f-8b4d-76c40f05eacf/1763640000.0_mean_300.0_v3 HTTP/1.0 404 - python-swiftclient-3.11.1 gAAAAABpKV5EJeK-... - 70 - tx44ba0bf703184011a71e4-0069295e45 - 0.0175 - - 1764318789.049987555 1764318789.067464590 0
Nov 28 08:33:09 np0005538512 container-server[120100]: 172.20.0.105 - - [28/Nov/2025:08:33:09 +0000] "PUT /d1/435/AUTH_e2c76e4d27554fd5a4f85cce208b136f/gnocchi.69d3d9a4-7a71-4a7f-8b4d-76c40f05eacf/1763640000.0_mean_300.0_v3" 201 - "PUT http://172.18.0.197:8080/d1/274/AUTH_e2c76e4d27554fd5a4f85cce208b136f/gnocchi.69d3d9a4-7a71-4a7f-8b4d-76c40f05eacf/1763640000.0_mean_300.0_v3" "tx1ef9cade88b74576a06a3-0069295e45" "object-server 24" 0.0010 "-" 20 0
Nov 28 08:33:09 np0005538512 object-server[120619]: 172.20.0.104 - - [28/Nov/2025:08:33:09 +0000] "PUT /d1/274/AUTH_e2c76e4d27554fd5a4f85cce208b136f/gnocchi.69d3d9a4-7a71-4a7f-8b4d-76c40f05eacf/1763640000.0_mean_300.0_v3" 201 - "PUT http://172.18.0.197:8080/v1/AUTH_e2c76e4d27554fd5a4f85cce208b136f/gnocchi.69d3d9a4-7a71-4a7f-8b4d-76c40f05eacf/1763640000.0_mean_300.0_v3" "tx1ef9cade88b74576a06a3-0069295e45" "proxy-server 20" 0.0188 "-" 24 0
Nov 28 08:33:09 np0005538512 container-server[120105]: 172.20.0.104 - - [28/Nov/2025:08:33:09 +0000] "PUT /d1/435/AUTH_e2c76e4d27554fd5a4f85cce208b136f/gnocchi.69d3d9a4-7a71-4a7f-8b4d-76c40f05eacf/none_v3" 201 - "PUT http://172.18.0.197:8080/d1/925/AUTH_e2c76e4d27554fd5a4f85cce208b136f/gnocchi.69d3d9a4-7a71-4a7f-8b4d-76c40f05eacf/none_v3" "tx90c5b0fbafda4fb99c6da-0069295e45" "object-server 21" 0.0006 "-" 21 0
Nov 28 08:33:09 np0005538512 object-server[120599]: 172.20.0.103 - - [28/Nov/2025:08:33:09 +0000] "PUT /d1/925/AUTH_e2c76e4d27554fd5a4f85cce208b136f/gnocchi.69d3d9a4-7a71-4a7f-8b4d-76c40f05eacf/none_v3" 201 - "PUT http://172.18.0.197:8080/v1/AUTH_e2c76e4d27554fd5a4f85cce208b136f/gnocchi.69d3d9a4-7a71-4a7f-8b4d-76c40f05eacf/none_v3" "tx90c5b0fbafda4fb99c6da-0069295e45" "proxy-server 20" 0.0137 "-" 23 0
Nov 28 08:33:14 np0005538512 object-server[120293]: Starting object replication pass.
Nov 28 08:33:15 np0005538512 object-server[120293]: 16/16 (100.00%) partitions replicated in 0.18s (91.04/sec, 0s remaining)
Nov 28 08:33:15 np0005538512 object-server[120293]: 32 successes, 0 failures
Nov 28 08:33:15 np0005538512 object-server[120293]: 16 suffixes checked - 0.00% hashed, 0.00% synced
Nov 28 08:33:15 np0005538512 object-server[120293]: Partition times: max 0.0168s, min 0.0079s, med 0.0098s
Nov 28 08:33:15 np0005538512 object-server[120293]: Object replication complete. (0.00 minutes)
Nov 28 08:33:16 np0005538512 object-server[213995]: Begin object audit "forever" mode (ZBF)
Nov 28 08:33:16 np0005538512 object-server[213996]: Begin object audit "forever" mode (ALL)
Nov 28 08:33:16 np0005538512 object-server[213995]: Object audit (ZBF). Since Fri Nov 28 08:33:16 2025: Locally: 1 passed, 0 quarantined, 0 errors, files/sec: 322.71, bytes/sec: 0.00, Total time: 0.00, Auditing time: 0.00, Rate: 0.00
Nov 28 08:33:16 np0005538512 object-server[213996]: Object audit (ALL). Since Fri Nov 28 08:33:16 2025: Locally: 1 passed, 0 quarantined, 0 errors, files/sec: 92.06, bytes/sec: 1472.91, Total time: 0.01, Auditing time: 0.00, Rate: 0.00
Nov 28 08:33:16 np0005538512 object-server[213995]: Object audit (ZBF) "forever" mode completed: 0.29s. Total quarantined: 0, Total errors: 0, Total files/sec: 56.06, Total bytes/sec: 0.00, Auditing time: 0.28, Rate: 0.97
Nov 28 08:33:17 np0005538512 object-server[213996]: Object audit (ALL) "forever" mode completed: 0.71s. Total quarantined: 0, Total errors: 0, Total files/sec: 22.45, Total bytes/sec: 440.53, Auditing time: 0.71, Rate: 0.99
Nov 28 08:33:19 np0005538512 container-server[119769]: Beginning replication run
Nov 28 08:33:20 np0005538512 container-server[119769]: Replication run OVER
Nov 28 08:33:20 np0005538512 container-server[119769]: Attempted to replicate 8 dbs in 0.22297 seconds (35.88005/s)
Nov 28 08:33:20 np0005538512 container-server[119769]: Removed 0 dbs
Nov 28 08:33:20 np0005538512 container-server[119769]: 16 successes, 0 failures
Nov 28 08:33:20 np0005538512 container-server[119769]: diff:0 diff_capped:0 empty:0 hashmatch:0 no_change:16 remote_merge:0 rsync:0 ts_repl:0
Nov 28 08:33:22 np0005538512 account-server[119512]: Beginning replication run
Nov 28 08:33:22 np0005538512 account-server[119512]: Replication run OVER
Nov 28 08:33:22 np0005538512 account-server[119512]: Attempted to replicate 1 dbs in 0.03945 seconds (25.34822/s)
Nov 28 08:33:22 np0005538512 account-server[119512]: Removed 0 dbs
Nov 28 08:33:22 np0005538512 account-server[119512]: 2 successes, 0 failures
Nov 28 08:33:22 np0005538512 account-server[119512]: diff:0 diff_capped:0 empty:0 hashmatch:0 no_change:2 remote_merge:0 rsync:0 ts_repl:0
Nov 28 08:33:45 np0005538512 object-server[120293]: Starting object replication pass.
Nov 28 08:33:45 np0005538512 object-server[120293]: 16/16 (100.00%) partitions replicated in 0.20s (80.15/sec, 0s remaining)
Nov 28 08:33:45 np0005538512 object-server[120293]: 32 successes, 0 failures
Nov 28 08:33:45 np0005538512 object-server[120293]: 16 suffixes checked - 0.00% hashed, 0.00% synced
Nov 28 08:33:45 np0005538512 object-server[120293]: Partition times: max 0.0528s, min 0.0060s, med 0.0080s
Nov 28 08:33:45 np0005538512 object-server[120293]: Object replication complete. (0.00 minutes)
Nov 28 08:33:46 np0005538512 object-server[214007]: Begin object audit "forever" mode (ZBF)
Nov 28 08:33:46 np0005538512 object-server[214007]: Object audit (ZBF). Since Fri Nov 28 08:33:46 2025: Locally: 1 passed, 0 quarantined, 0 errors, files/sec: 444.55, bytes/sec: 0.00, Total time: 0.00, Auditing time: 0.00, Rate: 0.00
Nov 28 08:33:47 np0005538512 object-server[214007]: Object audit (ZBF) "forever" mode completed: 0.29s. Total quarantined: 0, Total errors: 0, Total files/sec: 56.10, Total bytes/sec: 0.00, Auditing time: 0.28, Rate: 0.98
Nov 28 08:33:49 np0005538512 container-server[119769]: Beginning replication run
Nov 28 08:33:50 np0005538512 container-server[119769]: Replication run OVER
Nov 28 08:33:50 np0005538512 container-server[119769]: Attempted to replicate 8 dbs in 0.15155 seconds (52.78648/s)
Nov 28 08:33:50 np0005538512 container-server[119769]: Removed 0 dbs
Nov 28 08:33:50 np0005538512 container-server[119769]: 16 successes, 0 failures
Nov 28 08:33:50 np0005538512 container-server[119769]: diff:0 diff_capped:0 empty:0 hashmatch:0 no_change:16 remote_merge:0 rsync:0 ts_repl:0
Nov 28 08:33:52 np0005538512 account-server[119512]: Beginning replication run
Nov 28 08:33:52 np0005538512 account-server[119512]: Replication run OVER
Nov 28 08:33:52 np0005538512 account-server[119512]: Attempted to replicate 1 dbs in 0.01954 seconds (51.18974/s)
Nov 28 08:33:52 np0005538512 account-server[119512]: Removed 0 dbs
Nov 28 08:33:52 np0005538512 account-server[119512]: 2 successes, 0 failures
Nov 28 08:33:52 np0005538512 account-server[119512]: diff:0 diff_capped:0 empty:0 hashmatch:0 no_change:2 remote_merge:0 rsync:0 ts_repl:0
Nov 28 08:34:07 np0005538512 account-server[120030]: 172.20.0.105 - - [28/Nov/2025:08:34:07 +0000] "HEAD /d1/46/.expiring_objects" 404 - "HEAD http://localhost/v1/.expiring_objects?format=json" "txf68b74f2caf04dd695250-0069295e7f" "proxy-server 2" 0.0007 "-" 22 -
Nov 28 08:34:07 np0005538512 object-expirer[120149]: Pass completed in 0s; 0 objects expired (txn: txf68b74f2caf04dd695250-0069295e7f)
Nov 28 08:34:12 np0005538512 account-server[120035]: 172.20.0.104 - - [28/Nov/2025:08:34:12 +0000] "HEAD /d1/46/.expiring_objects" 404 - "HEAD http://localhost/v1/.expiring_objects?format=json" "txfa5e78c6b0e249d4a1fe1-0069295e84" "proxy-server 2" 0.0007 "-" 23 -
Nov 28 08:34:13 np0005538512 account-server[119993]: 172.20.0.103 - - [28/Nov/2025:08:34:13 +0000] "HEAD /d1/46/.expiring_objects" 404 - "HEAD http://localhost/v1/.expiring_objects?format=json" "tx68a64b62e1ed406b9c44b-0069295e85" "proxy-server 2" 0.0005 "-" 20 -
Nov 28 08:34:14 np0005538512 account-server[120013]: 172.20.0.105 - - [28/Nov/2025:08:34:14 +0000] "HEAD /d1/46/.expiring_objects" 404 - "HEAD http://localhost/v1/.expiring_objects?format=json" "txeaf98f235939432387308-0069295e86" "proxy-server 2" 0.0011 "-" 21 -
Nov 28 08:34:14 np0005538512 object-expirer[120149]: Pass completed in 0s; 0 objects expired (txn: txeaf98f235939432387308-0069295e86)
Nov 28 08:34:15 np0005538512 object-server[120293]: Starting object replication pass.
Nov 28 08:34:15 np0005538512 object-server[120293]: 16/16 (100.00%) partitions replicated in 0.15s (109.98/sec, 0s remaining)
Nov 28 08:34:15 np0005538512 object-server[120293]: 32 successes, 0 failures
Nov 28 08:34:15 np0005538512 object-server[120293]: 16 suffixes checked - 0.00% hashed, 0.00% synced
Nov 28 08:34:15 np0005538512 object-server[120293]: Partition times: max 0.0128s, min 0.0071s, med 0.0079s
Nov 28 08:34:15 np0005538512 object-server[120293]: Object replication complete. (0.00 minutes)
Nov 28 08:34:17 np0005538512 object-server[219828]: Begin object audit "forever" mode (ZBF)
Nov 28 08:34:17 np0005538512 object-server[219828]: Object audit (ZBF). Since Fri Nov 28 08:34:17 2025: Locally: 1 passed, 0 quarantined, 0 errors, files/sec: 724.53, bytes/sec: 0.00, Total time: 0.00, Auditing time: 0.00, Rate: 0.00
Nov 28 08:34:17 np0005538512 object-server[219829]: Begin object audit "forever" mode (ALL)
Nov 28 08:34:17 np0005538512 object-server[219829]: Object audit (ALL). Since Fri Nov 28 08:34:17 2025: Locally: 1 passed, 0 quarantined, 0 errors, files/sec: 111.85, bytes/sec: 1789.52, Total time: 0.01, Auditing time: 0.00, Rate: 0.00
Nov 28 08:34:17 np0005538512 object-server[219828]: Object audit (ZBF) "forever" mode completed: 0.28s. Total quarantined: 0, Total errors: 0, Total files/sec: 56.68, Total bytes/sec: 0.00, Auditing time: 0.28, Rate: 0.98
Nov 28 08:34:18 np0005538512 object-server[219829]: Object audit (ALL) "forever" mode completed: 0.71s. Total quarantined: 0, Total errors: 0, Total files/sec: 22.50, Total bytes/sec: 441.59, Auditing time: 0.70, Rate: 0.99
Nov 28 08:34:18 np0005538512 proxy-server[122023]: - - 28/Nov/2025/08/34/18 HEAD /v1/AUTH_e2c76e4d27554fd5a4f85cce208b136f%3Fformat%3Djson HTTP/1.0 204 - Swift - - - - txf6039a5a05f94f9e8a62a-0069295e8a - 0.0098 RL - 1764318858.560734987 1764318858.570532084 -
Nov 28 08:34:18 np0005538512 container-server[120105]: 172.20.0.105 - - [28/Nov/2025:08:34:18 +0000] "HEAD /d1/253/AUTH_e2c76e4d27554fd5a4f85cce208b136f/gnocchi.7b949dec-daa2-4106-9f8c-6beac0d84399" 404 - "HEAD http://172.18.0.197:8080/v1/AUTH_e2c76e4d27554fd5a4f85cce208b136f/gnocchi.7b949dec-daa2-4106-9f8c-6beac0d84399?format=json&states=listing" "txf6039a5a05f94f9e8a62a-0069295e8a" "proxy-server 20" 0.0006 "-" 21 0
Nov 28 08:34:18 np0005538512 container-server[120105]: 172.20.0.104 - - [28/Nov/2025:08:34:18 +0000] "HEAD /d1/706/AUTH_e2c76e4d27554fd5a4f85cce208b136f/gnocchi.5fd37d51-d442-4b07-bbe5-080c2e3c0d32" 404 - "HEAD http://172.18.0.197:8080/v1/AUTH_e2c76e4d27554fd5a4f85cce208b136f/gnocchi.5fd37d51-d442-4b07-bbe5-080c2e3c0d32?format=json&states=listing" "tx64b06e4b9585499e82d4b-0069295e8a" "proxy-server 20" 0.0002 "-" 21 0
Nov 28 08:34:18 np0005538512 object-server[120619]: 172.20.0.105 - - [28/Nov/2025:08:34:18 +0000] "GET /d1/256/AUTH_e2c76e4d27554fd5a4f85cce208b136f/gnocchi.7b949dec-daa2-4106-9f8c-6beac0d84399/none_v3" 404 70 "GET http://172.18.0.197:8080/v1/AUTH_e2c76e4d27554fd5a4f85cce208b136f/gnocchi.7b949dec-daa2-4106-9f8c-6beac0d84399/none_v3" "txf6039a5a05f94f9e8a62a-0069295e8a" "proxy-server 20" 0.0005 "-" 24 0
Nov 28 08:34:18 np0005538512 object-server[120634]: 172.20.0.104 - - [28/Nov/2025:08:34:18 +0000] "GET /d1/158/AUTH_e2c76e4d27554fd5a4f85cce208b136f/gnocchi.5fd37d51-d442-4b07-bbe5-080c2e3c0d32/none_v3" 404 70 "GET http://172.18.0.197:8080/v1/AUTH_e2c76e4d27554fd5a4f85cce208b136f/gnocchi.5fd37d51-d442-4b07-bbe5-080c2e3c0d32/none_v3" "tx64b06e4b9585499e82d4b-0069295e8a" "proxy-server 20" 0.0004 "-" 25 0
Nov 28 08:34:18 np0005538512 container-server[120105]: 172.20.0.103 - - [28/Nov/2025:08:34:18 +0000] "HEAD /d1/831/AUTH_e2c76e4d27554fd5a4f85cce208b136f/gnocchi.b05f6e18-f773-481a-b203-583bf99b214d" 404 - "HEAD http://172.18.0.197:8080/v1/AUTH_e2c76e4d27554fd5a4f85cce208b136f/gnocchi.b05f6e18-f773-481a-b203-583bf99b214d?format=json&states=listing" "tx163fb975d5eb4d539189f-0069295e8a" "proxy-server 20" 0.0004 "-" 21 0
Nov 28 08:34:18 np0005538512 proxy-server[122023]: 172.18.0.103 172.18.0.104 28/Nov/2025/08/34/18 GET /v1/AUTH_e2c76e4d27554fd5a4f85cce208b136f/gnocchi.7b949dec-daa2-4106-9f8c-6beac0d84399/none_v3 HTTP/1.0 404 - python-swiftclient-3.11.1 gAAAAABpKV38a7pX... - 70 - txf6039a5a05f94f9e8a62a-0069295e8a - 0.0803 - - 1764318858.559249878 1764318858.639596701 0
Nov 28 08:34:18 np0005538512 object-server[120634]: 172.20.0.103 - - [28/Nov/2025:08:34:18 +0000] "GET /d1/689/AUTH_e2c76e4d27554fd5a4f85cce208b136f/gnocchi.b05f6e18-f773-481a-b203-583bf99b214d/none_v3" 404 70 "GET http://172.18.0.197:8080/v1/AUTH_e2c76e4d27554fd5a4f85cce208b136f/gnocchi.b05f6e18-f773-481a-b203-583bf99b214d/none_v3" "tx163fb975d5eb4d539189f-0069295e8a" "proxy-server 20" 0.0005 "-" 25 0
Nov 28 08:34:18 np0005538512 account-server[120035]: 172.20.0.105 - - [28/Nov/2025:08:34:18 +0000] "PUT /d1/535/AUTH_e2c76e4d27554fd5a4f85cce208b136f/gnocchi.5fd37d51-d442-4b07-bbe5-080c2e3c0d32" 201 - "PUT http://172.20.0.105:6001/d1/706/AUTH_e2c76e4d27554fd5a4f85cce208b136f/gnocchi.5fd37d51-d442-4b07-bbe5-080c2e3c0d32" "txe47571c513c842f4a06b9-0069295e8a" "container-server 20" 0.0020 "-" 23 0
Nov 28 08:34:18 np0005538512 container-server[120100]: 172.20.0.104 - - [28/Nov/2025:08:34:18 +0000] "PUT /d1/706/AUTH_e2c76e4d27554fd5a4f85cce208b136f/gnocchi.5fd37d51-d442-4b07-bbe5-080c2e3c0d32" 201 - "PUT http://172.18.0.197:8080/v1/AUTH_e2c76e4d27554fd5a4f85cce208b136f/gnocchi.5fd37d51-d442-4b07-bbe5-080c2e3c0d32" "txe47571c513c842f4a06b9-0069295e8a" "proxy-server 20" 0.0152 "-" 20 0
Nov 28 08:34:18 np0005538512 container-server[120105]: 172.20.0.105 - - [28/Nov/2025:08:34:18 +0000] "PUT /d1/253/AUTH_e2c76e4d27554fd5a4f85cce208b136f/gnocchi.7b949dec-daa2-4106-9f8c-6beac0d84399" 201 - "PUT http://172.18.0.197:8080/v1/AUTH_e2c76e4d27554fd5a4f85cce208b136f/gnocchi.7b949dec-daa2-4106-9f8c-6beac0d84399" "tx63b8cb77e8564324a9b7f-0069295e8a" "proxy-server 20" 0.0215 "-" 21 0
Nov 28 08:34:18 np0005538512 account-server[120030]: 172.20.0.104 - - [28/Nov/2025:08:34:18 +0000] "PUT /d1/535/AUTH_e2c76e4d27554fd5a4f85cce208b136f/gnocchi.7b949dec-daa2-4106-9f8c-6beac0d84399" 201 - "PUT http://172.20.0.104:6001/d1/253/AUTH_e2c76e4d27554fd5a4f85cce208b136f/gnocchi.7b949dec-daa2-4106-9f8c-6beac0d84399" "tx63b8cb77e8564324a9b7f-0069295e8a" "container-server 21" 0.0063 "-" 22 0
Nov 28 08:34:18 np0005538512 account-server[120030]: 172.20.0.105 - - [28/Nov/2025:08:34:18 +0000] "PUT /d1/535/AUTH_e2c76e4d27554fd5a4f85cce208b136f/gnocchi.b05f6e18-f773-481a-b203-583bf99b214d" 201 - "PUT http://172.20.0.105:6001/d1/831/AUTH_e2c76e4d27554fd5a4f85cce208b136f/gnocchi.b05f6e18-f773-481a-b203-583bf99b214d" "txfe07f7bbab9b40aa89e04-0069295e8a" "container-server 19" 0.0051 "-" 22 0
Nov 28 08:34:18 np0005538512 container-server[120099]: 172.20.0.103 - - [28/Nov/2025:08:34:18 +0000] "PUT /d1/831/AUTH_e2c76e4d27554fd5a4f85cce208b136f/gnocchi.b05f6e18-f773-481a-b203-583bf99b214d" 201 - "PUT http://172.18.0.197:8080/v1/AUTH_e2c76e4d27554fd5a4f85cce208b136f/gnocchi.b05f6e18-f773-481a-b203-583bf99b214d" "txfe07f7bbab9b40aa89e04-0069295e8a" "proxy-server 20" 0.0199 "-" 19 0
Nov 28 08:34:18 np0005538512 proxy-server[122023]: 172.18.0.103 172.18.0.104 28/Nov/2025/08/34/18 PUT /v1/AUTH_e2c76e4d27554fd5a4f85cce208b136f/gnocchi.7b949dec-daa2-4106-9f8c-6beac0d84399 HTTP/1.0 201 - python-swiftclient-3.11.1 gAAAAABpKV38a7pX... - - - tx63b8cb77e8564324a9b7f-0069295e8a - 0.0460 - - 1764318858.644975901 1764318858.690953970 0
Nov 28 08:34:18 np0005538512 proxy-server[122023]: - - 28/Nov/2025/08/34/18 HEAD /v1/AUTH_e2c76e4d27554fd5a4f85cce208b136f/gnocchi.7b949dec-daa2-4106-9f8c-6beac0d84399%3Fformat%3Djson%26states%3Dlisting HTTP/1.0 204 - Swift - - - - tx5614604594c54c348afcc-0069295e8a - 0.0083 RL - 1764318858.699549675 1764318858.707897663 0
Nov 28 08:34:18 np0005538512 proxy-server[122023]: 172.18.0.103 172.18.0.104 28/Nov/2025/08/34/18 GET /v1/AUTH_e2c76e4d27554fd5a4f85cce208b136f/gnocchi.7b949dec-daa2-4106-9f8c-6beac0d84399%3Fformat%3Djson%26states%3Dlisting HTTP/1.0 200 - python-swiftclient-3.11.1 gAAAAABpKV38a7pX... - 2 - tx5614604594c54c348afcc-0069295e8a - 0.0196 - - 1764318858.697771311 1764318858.717385054 0
Nov 28 08:34:18 np0005538512 container-server[120123]: 172.20.0.104 - - [28/Nov/2025:08:34:18 +0000] "GET /d1/706/AUTH_e2c76e4d27554fd5a4f85cce208b136f/gnocchi.5fd37d51-d442-4b07-bbe5-080c2e3c0d32" 200 2 "GET http://172.18.0.197:8080/v1/AUTH_e2c76e4d27554fd5a4f85cce208b136f/gnocchi.5fd37d51-d442-4b07-bbe5-080c2e3c0d32?format=json&states=listing" "tx3f2742ddf8c54256ac769-0069295e8a" "proxy-server 20" 0.0024 "-" 22 0
Nov 28 08:34:18 np0005538512 object-server[120634]: 172.20.0.105 - - [28/Nov/2025:08:34:18 +0000] "GET /d1/763/AUTH_e2c76e4d27554fd5a4f85cce208b136f/gnocchi.7b949dec-daa2-4106-9f8c-6beac0d84399/1763640000.0_mean_300.0_v3" 404 70 "GET http://172.18.0.197:8080/v1/AUTH_e2c76e4d27554fd5a4f85cce208b136f/gnocchi.7b949dec-daa2-4106-9f8c-6beac0d84399/1763640000.0_mean_300.0_v3" "txfeabf1f59bb04968b358d-0069295e8a" "proxy-server 20" 0.0004 "-" 25 0
Nov 28 08:34:18 np0005538512 proxy-server[122023]: 172.18.0.103 172.18.0.104 28/Nov/2025/08/34/18 GET /v1/AUTH_e2c76e4d27554fd5a4f85cce208b136f/gnocchi.7b949dec-daa2-4106-9f8c-6beac0d84399/1763640000.0_mean_300.0_v3 HTTP/1.0 404 - python-swiftclient-3.11.1 gAAAAABpKV38a7pX... - 70 - txfeabf1f59bb04968b358d-0069295e8a - 0.0137 - - 1764318858.722764015 1764318858.736459494 0
Nov 28 08:34:18 np0005538512 object-server[120599]: 172.20.0.104 - - [28/Nov/2025:08:34:18 +0000] "GET /d1/377/AUTH_e2c76e4d27554fd5a4f85cce208b136f/gnocchi.5fd37d51-d442-4b07-bbe5-080c2e3c0d32/1763640000.0_mean_300.0_v3" 404 70 "GET http://172.18.0.197:8080/v1/AUTH_e2c76e4d27554fd5a4f85cce208b136f/gnocchi.5fd37d51-d442-4b07-bbe5-080c2e3c0d32/1763640000.0_mean_300.0_v3" "tx48e14817d4de4546b3f9a-0069295e8a" "proxy-server 20" 0.0004 "-" 23 0
Nov 28 08:34:18 np0005538512 object-server[120634]: 172.20.0.103 - - [28/Nov/2025:08:34:18 +0000] "GET /d1/482/AUTH_e2c76e4d27554fd5a4f85cce208b136f/gnocchi.b05f6e18-f773-481a-b203-583bf99b214d/1763640000.0_mean_300.0_v3" 404 70 "GET http://172.18.0.197:8080/v1/AUTH_e2c76e4d27554fd5a4f85cce208b136f/gnocchi.b05f6e18-f773-481a-b203-583bf99b214d/1763640000.0_mean_300.0_v3" "tx09261164103844f4acf1a-0069295e8a" "proxy-server 20" 0.0003 "-" 25 0
Nov 28 08:34:18 np0005538512 container-server[120099]: 172.20.0.103 - - [28/Nov/2025:08:34:18 +0000] "PUT /d1/253/AUTH_e2c76e4d27554fd5a4f85cce208b136f/gnocchi.7b949dec-daa2-4106-9f8c-6beac0d84399/1763640000.0_mean_300.0_v3" 201 - "PUT http://172.18.0.197:8080/d1/763/AUTH_e2c76e4d27554fd5a4f85cce208b136f/gnocchi.7b949dec-daa2-4106-9f8c-6beac0d84399/1763640000.0_mean_300.0_v3" "tx6bb720a93f8545ecaa524-0069295e8a" "object-server 22" 0.0007 "-" 19 0
Nov 28 08:34:18 np0005538512 object-server[120634]: 172.20.0.105 - - [28/Nov/2025:08:34:18 +0000] "PUT /d1/763/AUTH_e2c76e4d27554fd5a4f85cce208b136f/gnocchi.7b949dec-daa2-4106-9f8c-6beac0d84399/1763640000.0_mean_300.0_v3" 201 - "PUT http://172.18.0.197:8080/v1/AUTH_e2c76e4d27554fd5a4f85cce208b136f/gnocchi.7b949dec-daa2-4106-9f8c-6beac0d84399/1763640000.0_mean_300.0_v3" "tx6bb720a93f8545ecaa524-0069295e8a" "proxy-server 20" 0.0148 "-" 25 0
Nov 28 08:34:18 np0005538512 proxy-server[122023]: 172.18.0.103 172.18.0.104 28/Nov/2025/08/34/18 PUT /v1/AUTH_e2c76e4d27554fd5a4f85cce208b136f/gnocchi.7b949dec-daa2-4106-9f8c-6beac0d84399/1763640000.0_mean_300.0_v3 HTTP/1.0 201 - python-swiftclient-3.11.1 gAAAAABpKV38a7pX... 16 - - tx6bb720a93f8545ecaa524-0069295e8a - 0.0287 - - 1764318858.740611553 1764318858.769263029 0
Nov 28 08:34:18 np0005538512 container-server[120123]: 172.20.0.105 - - [28/Nov/2025:08:34:18 +0000] "PUT /d1/706/AUTH_e2c76e4d27554fd5a4f85cce208b136f/gnocchi.5fd37d51-d442-4b07-bbe5-080c2e3c0d32/1763640000.0_mean_300.0_v3" 201 - "PUT http://172.18.0.197:8080/d1/377/AUTH_e2c76e4d27554fd5a4f85cce208b136f/gnocchi.5fd37d51-d442-4b07-bbe5-080c2e3c0d32/1763640000.0_mean_300.0_v3" "tx871905493ea34abcb81b4-0069295e8a" "object-server 22" 0.0010 "-" 22 0
Nov 28 08:34:18 np0005538512 object-server[120571]: 172.20.0.104 - - [28/Nov/2025:08:34:18 +0000] "PUT /d1/377/AUTH_e2c76e4d27554fd5a4f85cce208b136f/gnocchi.5fd37d51-d442-4b07-bbe5-080c2e3c0d32/1763640000.0_mean_300.0_v3" 201 - "PUT http://172.18.0.197:8080/v1/AUTH_e2c76e4d27554fd5a4f85cce208b136f/gnocchi.5fd37d51-d442-4b07-bbe5-080c2e3c0d32/1763640000.0_mean_300.0_v3" "tx871905493ea34abcb81b4-0069295e8a" "proxy-server 20" 0.0131 "-" 22 0
Nov 28 08:34:18 np0005538512 object-server[120599]: 172.20.0.103 - - [28/Nov/2025:08:34:18 +0000] "PUT /d1/482/AUTH_e2c76e4d27554fd5a4f85cce208b136f/gnocchi.b05f6e18-f773-481a-b203-583bf99b214d/1763640000.0_mean_300.0_v3" 201 - "PUT http://172.18.0.197:8080/v1/AUTH_e2c76e4d27554fd5a4f85cce208b136f/gnocchi.b05f6e18-f773-481a-b203-583bf99b214d/1763640000.0_mean_300.0_v3" "txa3e656cb596c4f7587022-0069295e8a" "proxy-server 20" 0.0127 "-" 23 0
Nov 28 08:34:18 np0005538512 container-server[120123]: 172.20.0.103 - - [28/Nov/2025:08:34:18 +0000] "PUT /d1/831/AUTH_e2c76e4d27554fd5a4f85cce208b136f/gnocchi.b05f6e18-f773-481a-b203-583bf99b214d/1763640000.0_mean_300.0_v3" 201 - "PUT http://172.18.0.197:8080/d1/482/AUTH_e2c76e4d27554fd5a4f85cce208b136f/gnocchi.b05f6e18-f773-481a-b203-583bf99b214d/1763640000.0_mean_300.0_v3" "txa3e656cb596c4f7587022-0069295e8a" "object-server 22" 0.0007 "-" 22 0
Nov 28 08:34:18 np0005538512 object-server[120634]: 172.20.0.105 - - [28/Nov/2025:08:34:18 +0000] "PUT /d1/256/AUTH_e2c76e4d27554fd5a4f85cce208b136f/gnocchi.7b949dec-daa2-4106-9f8c-6beac0d84399/none_v3" 201 - "PUT http://172.18.0.197:8080/v1/AUTH_e2c76e4d27554fd5a4f85cce208b136f/gnocchi.7b949dec-daa2-4106-9f8c-6beac0d84399/none_v3" "tx0b3db9081f894cc68bd24-0069295e8a" "proxy-server 20" 0.0154 "-" 25 0
Nov 28 08:34:18 np0005538512 container-server[120123]: 172.20.0.104 - - [28/Nov/2025:08:34:18 +0000] "PUT /d1/253/AUTH_e2c76e4d27554fd5a4f85cce208b136f/gnocchi.7b949dec-daa2-4106-9f8c-6beac0d84399/none_v3" 201 - "PUT http://172.18.0.197:8080/d1/256/AUTH_e2c76e4d27554fd5a4f85cce208b136f/gnocchi.7b949dec-daa2-4106-9f8c-6beac0d84399/none_v3" "tx0b3db9081f894cc68bd24-0069295e8a" "object-server 23" 0.0011 "-" 22 0
Nov 28 08:34:18 np0005538512 container-server[120099]: 172.20.0.104 - - [28/Nov/2025:08:34:18 +0000] "PUT /d1/831/AUTH_e2c76e4d27554fd5a4f85cce208b136f/gnocchi.b05f6e18-f773-481a-b203-583bf99b214d/none_v3" 201 - "PUT http://172.18.0.197:8080/d1/689/AUTH_e2c76e4d27554fd5a4f85cce208b136f/gnocchi.b05f6e18-f773-481a-b203-583bf99b214d/none_v3" "tx2c1c9030c2e243c0a4fe0-0069295e8a" "object-server 22" 0.0008 "-" 19 0
Nov 28 08:34:18 np0005538512 object-server[120634]: 172.20.0.103 - - [28/Nov/2025:08:34:18 +0000] "PUT /d1/689/AUTH_e2c76e4d27554fd5a4f85cce208b136f/gnocchi.b05f6e18-f773-481a-b203-583bf99b214d/none_v3" 201 - "PUT http://172.18.0.197:8080/v1/AUTH_e2c76e4d27554fd5a4f85cce208b136f/gnocchi.b05f6e18-f773-481a-b203-583bf99b214d/none_v3" "tx2c1c9030c2e243c0a4fe0-0069295e8a" "proxy-server 20" 0.0161 "-" 25 0
Nov 28 08:34:18 np0005538512 object-server[120619]: 172.20.0.104 - - [28/Nov/2025:08:34:18 +0000] "PUT /d1/158/AUTH_e2c76e4d27554fd5a4f85cce208b136f/gnocchi.5fd37d51-d442-4b07-bbe5-080c2e3c0d32/none_v3" 201 - "PUT http://172.18.0.197:8080/v1/AUTH_e2c76e4d27554fd5a4f85cce208b136f/gnocchi.5fd37d51-d442-4b07-bbe5-080c2e3c0d32/none_v3" "tx22884b4fc5eb4c93a543e-0069295e8a" "proxy-server 20" 0.0125 "-" 24 0
Nov 28 08:34:18 np0005538512 proxy-server[122023]: 172.18.0.103 172.18.0.104 28/Nov/2025/08/34/18 PUT /v1/AUTH_e2c76e4d27554fd5a4f85cce208b136f/gnocchi.7b949dec-daa2-4106-9f8c-6beac0d84399/none_v3 HTTP/1.0 201 - python-swiftclient-3.11.1 gAAAAABpKV38a7pX... 22 - - tx0b3db9081f894cc68bd24-0069295e8a - 0.0329 - - 1764318858.776102066 1764318858.809018612 0
Nov 28 08:34:18 np0005538512 container-server[120105]: 172.20.0.103 - - [28/Nov/2025:08:34:18 +0000] "PUT /d1/706/AUTH_e2c76e4d27554fd5a4f85cce208b136f/gnocchi.5fd37d51-d442-4b07-bbe5-080c2e3c0d32/none_v3" 201 - "PUT http://172.18.0.197:8080/d1/158/AUTH_e2c76e4d27554fd5a4f85cce208b136f/gnocchi.5fd37d51-d442-4b07-bbe5-080c2e3c0d32/none_v3" "tx22884b4fc5eb4c93a543e-0069295e8a" "object-server 24" 0.0010 "-" 21 0
Nov 28 08:34:18 np0005538512 container-server[120123]: 172.20.0.105 - - [28/Nov/2025:08:34:18 +0000] "HEAD /d1/293/AUTH_e2c76e4d27554fd5a4f85cce208b136f/gnocchi.cff1c426-26ad-4c2f-bbfb-cf7808f4ddba" 404 - "HEAD http://172.18.0.197:8080/v1/AUTH_e2c76e4d27554fd5a4f85cce208b136f/gnocchi.cff1c426-26ad-4c2f-bbfb-cf7808f4ddba?format=json&states=listing" "tx619487c9f338486f99b2c-0069295e8a" "proxy-server 20" 0.0006 "-" 22 0
Nov 28 08:34:18 np0005538512 container-server[120100]: 172.20.0.103 - - [28/Nov/2025:08:34:18 +0000] "HEAD /d1/160/AUTH_e2c76e4d27554fd5a4f85cce208b136f/gnocchi.cd6579fb-991d-4443-9aba-0b95219eb447" 404 - "HEAD http://172.18.0.197:8080/v1/AUTH_e2c76e4d27554fd5a4f85cce208b136f/gnocchi.cd6579fb-991d-4443-9aba-0b95219eb447?format=json&states=listing" "tx79db62bb217e4713abd26-0069295e8a" "proxy-server 20" 0.0004 "-" 20 0
Nov 28 08:34:18 np0005538512 container-server[120099]: 172.20.0.104 - - [28/Nov/2025:08:34:18 +0000] "HEAD /d1/572/AUTH_e2c76e4d27554fd5a4f85cce208b136f/gnocchi.59b94bd8-604d-4756-a0ea-d604c290d93c" 404 - "HEAD http://172.18.0.197:8080/v1/AUTH_e2c76e4d27554fd5a4f85cce208b136f/gnocchi.59b94bd8-604d-4756-a0ea-d604c290d93c?format=json&states=listing" "tx4146c5fe509e4699b5216-0069295e8a" "proxy-server 20" 0.0006 "-" 19 0
Nov 28 08:34:18 np0005538512 object-server[120571]: 172.20.0.105 - - [28/Nov/2025:08:34:18 +0000] "GET /d1/11/AUTH_e2c76e4d27554fd5a4f85cce208b136f/gnocchi.cff1c426-26ad-4c2f-bbfb-cf7808f4ddba/none_v3" 404 70 "GET http://172.18.0.197:8080/v1/AUTH_e2c76e4d27554fd5a4f85cce208b136f/gnocchi.cff1c426-26ad-4c2f-bbfb-cf7808f4ddba/none_v3" "tx619487c9f338486f99b2c-0069295e8a" "proxy-server 20" 0.0006 "-" 22 0
Nov 28 08:34:18 np0005538512 object-server[120634]: 172.20.0.103 - - [28/Nov/2025:08:34:18 +0000] "GET /d1/29/AUTH_e2c76e4d27554fd5a4f85cce208b136f/gnocchi.cd6579fb-991d-4443-9aba-0b95219eb447/none_v3" 404 70 "GET http://172.18.0.197:8080/v1/AUTH_e2c76e4d27554fd5a4f85cce208b136f/gnocchi.cd6579fb-991d-4443-9aba-0b95219eb447/none_v3" "tx79db62bb217e4713abd26-0069295e8a" "proxy-server 20" 0.0012 "-" 25 0
Nov 28 08:34:18 np0005538512 proxy-server[122023]: 172.18.0.105 172.18.0.104 28/Nov/2025/08/34/18 GET /v1/AUTH_e2c76e4d27554fd5a4f85cce208b136f/gnocchi.cff1c426-26ad-4c2f-bbfb-cf7808f4ddba/none_v3 HTTP/1.0 404 - python-swiftclient-3.11.1 gAAAAABpKV5EJeK-... - 70 - tx619487c9f338486f99b2c-0069295e8a - 0.0307 - - 1764318858.832415342 1764318858.863164663 0
Nov 28 08:34:18 np0005538512 object-server[120599]: 172.20.0.104 - - [28/Nov/2025:08:34:18 +0000] "GET /d1/933/AUTH_e2c76e4d27554fd5a4f85cce208b136f/gnocchi.59b94bd8-604d-4756-a0ea-d604c290d93c/none_v3" 404 70 "GET http://172.18.0.197:8080/v1/AUTH_e2c76e4d27554fd5a4f85cce208b136f/gnocchi.59b94bd8-604d-4756-a0ea-d604c290d93c/none_v3" "tx4146c5fe509e4699b5216-0069295e8a" "proxy-server 20" 0.0007 "-" 23 0
Nov 28 08:34:18 np0005538512 account-server[120035]: 172.20.0.103 - - [28/Nov/2025:08:34:18 +0000] "PUT /d1/535/AUTH_e2c76e4d27554fd5a4f85cce208b136f/gnocchi.cd6579fb-991d-4443-9aba-0b95219eb447" 201 - "PUT http://172.20.0.103:6001/d1/160/AUTH_e2c76e4d27554fd5a4f85cce208b136f/gnocchi.cd6579fb-991d-4443-9aba-0b95219eb447" "tx9904036febeb405189bd0-0069295e8a" "container-server 21" 0.0061 "-" 23 0
Nov 28 08:34:18 np0005538512 account-server[120030]: 172.20.0.105 - - [28/Nov/2025:08:34:18 +0000] "PUT /d1/535/AUTH_e2c76e4d27554fd5a4f85cce208b136f/gnocchi.cff1c426-26ad-4c2f-bbfb-cf7808f4ddba" 201 - "PUT http://172.20.0.105:6001/d1/293/AUTH_e2c76e4d27554fd5a4f85cce208b136f/gnocchi.cff1c426-26ad-4c2f-bbfb-cf7808f4ddba" "txc9aafd5852934faa8a7e0-0069295e8a" "container-server 22" 0.0085 "-" 22 0
Nov 28 08:34:18 np0005538512 container-server[120123]: 172.20.0.105 - - [28/Nov/2025:08:34:18 +0000] "PUT /d1/293/AUTH_e2c76e4d27554fd5a4f85cce208b136f/gnocchi.cff1c426-26ad-4c2f-bbfb-cf7808f4ddba" 201 - "PUT http://172.18.0.197:8080/v1/AUTH_e2c76e4d27554fd5a4f85cce208b136f/gnocchi.cff1c426-26ad-4c2f-bbfb-cf7808f4ddba" "txc9aafd5852934faa8a7e0-0069295e8a" "proxy-server 20" 0.0222 "-" 22 0
Nov 28 08:34:18 np0005538512 proxy-server[122023]: 172.18.0.105 172.18.0.104 28/Nov/2025/08/34/18 PUT /v1/AUTH_e2c76e4d27554fd5a4f85cce208b136f/gnocchi.cff1c426-26ad-4c2f-bbfb-cf7808f4ddba HTTP/1.0 201 - python-swiftclient-3.11.1 gAAAAABpKV5EJeK-... - - - txc9aafd5852934faa8a7e0-0069295e8a - 0.0418 - - 1764318858.868631601 1764318858.910412550 0
Nov 28 08:34:18 np0005538512 account-server[120030]: 172.20.0.104 - - [28/Nov/2025:08:34:18 +0000] "PUT /d1/535/AUTH_e2c76e4d27554fd5a4f85cce208b136f/gnocchi.59b94bd8-604d-4756-a0ea-d604c290d93c" 201 - "PUT http://172.20.0.104:6001/d1/572/AUTH_e2c76e4d27554fd5a4f85cce208b136f/gnocchi.59b94bd8-604d-4756-a0ea-d604c290d93c" "tx415460766add413593e65-0069295e8a" "container-server 22" 0.0057 "-" 22 0
Nov 28 08:34:18 np0005538512 container-server[120123]: 172.20.0.103 - - [28/Nov/2025:08:34:18 +0000] "PUT /d1/160/AUTH_e2c76e4d27554fd5a4f85cce208b136f/gnocchi.cd6579fb-991d-4443-9aba-0b95219eb447" 201 - "PUT http://172.18.0.197:8080/v1/AUTH_e2c76e4d27554fd5a4f85cce208b136f/gnocchi.cd6579fb-991d-4443-9aba-0b95219eb447" "tx9904036febeb405189bd0-0069295e8a" "proxy-server 20" 0.0417 "-" 22 0
Nov 28 08:34:18 np0005538512 proxy-server[122023]: - - 28/Nov/2025/08/34/18 HEAD /v1/AUTH_e2c76e4d27554fd5a4f85cce208b136f/gnocchi.cff1c426-26ad-4c2f-bbfb-cf7808f4ddba%3Fformat%3Djson%26states%3Dlisting HTTP/1.0 204 - Swift - - - - tx04a2511667ec4ac484550-0069295e8a - 0.0084 RL - 1764318858.917914152 1764318858.926277637 0
Nov 28 08:34:18 np0005538512 container-server[120099]: 172.20.0.105 - - [28/Nov/2025:08:34:18 +0000] "GET /d1/293/AUTH_e2c76e4d27554fd5a4f85cce208b136f/gnocchi.cff1c426-26ad-4c2f-bbfb-cf7808f4ddba" 200 2 "GET http://172.18.0.197:8080/v1/AUTH_e2c76e4d27554fd5a4f85cce208b136f/gnocchi.cff1c426-26ad-4c2f-bbfb-cf7808f4ddba?format=json&states=listing" "tx04a2511667ec4ac484550-0069295e8a" "proxy-server 20" 0.0043 "-" 19 0
Nov 28 08:34:18 np0005538512 container-server[120099]: 172.20.0.104 - - [28/Nov/2025:08:34:18 +0000] "PUT /d1/572/AUTH_e2c76e4d27554fd5a4f85cce208b136f/gnocchi.59b94bd8-604d-4756-a0ea-d604c290d93c" 201 - "PUT http://172.18.0.197:8080/v1/AUTH_e2c76e4d27554fd5a4f85cce208b136f/gnocchi.59b94bd8-604d-4756-a0ea-d604c290d93c" "tx415460766add413593e65-0069295e8a" "proxy-server 20" 0.0476 "-" 19 0
Nov 28 08:34:18 np0005538512 proxy-server[122023]: 172.18.0.105 172.18.0.104 28/Nov/2025/08/34/18 GET /v1/AUTH_e2c76e4d27554fd5a4f85cce208b136f/gnocchi.cff1c426-26ad-4c2f-bbfb-cf7808f4ddba%3Fformat%3Djson%26states%3Dlisting HTTP/1.0 200 - python-swiftclient-3.11.1 gAAAAABpKV5EJeK-... - 2 - tx04a2511667ec4ac484550-0069295e8a - 0.0239 - - 1764318858.916188717 1764318858.940122843 0
Nov 28 08:34:18 np0005538512 object-server[120571]: 172.20.0.105 - - [28/Nov/2025:08:34:18 +0000] "GET /d1/208/AUTH_e2c76e4d27554fd5a4f85cce208b136f/gnocchi.cff1c426-26ad-4c2f-bbfb-cf7808f4ddba/1763640000.0_mean_300.0_v3" 404 70 "GET http://172.18.0.197:8080/v1/AUTH_e2c76e4d27554fd5a4f85cce208b136f/gnocchi.cff1c426-26ad-4c2f-bbfb-cf7808f4ddba/1763640000.0_mean_300.0_v3" "tx2be658845a614dcd95cb2-0069295e8a" "proxy-server 20" 0.0007 "-" 22 0
Nov 28 08:34:18 np0005538512 proxy-server[122023]: 172.18.0.105 172.18.0.104 28/Nov/2025/08/34/18 GET /v1/AUTH_e2c76e4d27554fd5a4f85cce208b136f/gnocchi.cff1c426-26ad-4c2f-bbfb-cf7808f4ddba/1763640000.0_mean_300.0_v3 HTTP/1.0 404 - python-swiftclient-3.11.1 gAAAAABpKV5EJeK-... - 70 - tx2be658845a614dcd95cb2-0069295e8a - 0.0176 - - 1764318858.945769787 1764318858.963371515 0
Nov 28 08:34:18 np0005538512 container-server[120123]: 172.20.0.104 - - [28/Nov/2025:08:34:18 +0000] "GET /d1/572/AUTH_e2c76e4d27554fd5a4f85cce208b136f/gnocchi.59b94bd8-604d-4756-a0ea-d604c290d93c" 200 2 "GET http://172.18.0.197:8080/v1/AUTH_e2c76e4d27554fd5a4f85cce208b136f/gnocchi.59b94bd8-604d-4756-a0ea-d604c290d93c?format=json&states=listing" "txb1c041dd881d4b7e85137-0069295e8a" "proxy-server 20" 0.0043 "-" 22 0
Nov 28 08:34:18 np0005538512 object-server[120571]: 172.20.0.103 - - [28/Nov/2025:08:34:18 +0000] "GET /d1/31/AUTH_e2c76e4d27554fd5a4f85cce208b136f/gnocchi.cd6579fb-991d-4443-9aba-0b95219eb447/1763640000.0_mean_300.0_v3" 404 70 "GET http://172.18.0.197:8080/v1/AUTH_e2c76e4d27554fd5a4f85cce208b136f/gnocchi.cd6579fb-991d-4443-9aba-0b95219eb447/1763640000.0_mean_300.0_v3" "tx8e3b4c62f8e34a459a8b4-0069295e8a" "proxy-server 20" 0.0004 "-" 22 0
Nov 28 08:34:18 np0005538512 object-server[120619]: 172.20.0.104 - - [28/Nov/2025:08:34:18 +0000] "GET /d1/308/AUTH_e2c76e4d27554fd5a4f85cce208b136f/gnocchi.59b94bd8-604d-4756-a0ea-d604c290d93c/1763640000.0_mean_300.0_v3" 404 70 "GET http://172.18.0.197:8080/v1/AUTH_e2c76e4d27554fd5a4f85cce208b136f/gnocchi.59b94bd8-604d-4756-a0ea-d604c290d93c/1763640000.0_mean_300.0_v3" "txee62080eac204d1ca870a-0069295e8a" "proxy-server 20" 0.0005 "-" 24 0
Nov 28 08:34:18 np0005538512 object-server[120634]: 172.20.0.105 - - [28/Nov/2025:08:34:18 +0000] "PUT /d1/208/AUTH_e2c76e4d27554fd5a4f85cce208b136f/gnocchi.cff1c426-26ad-4c2f-bbfb-cf7808f4ddba/1763640000.0_mean_300.0_v3" 201 - "PUT http://172.18.0.197:8080/v1/AUTH_e2c76e4d27554fd5a4f85cce208b136f/gnocchi.cff1c426-26ad-4c2f-bbfb-cf7808f4ddba/1763640000.0_mean_300.0_v3" "tx090a035f461b4e9f89d23-0069295e8a" "proxy-server 20" 0.0151 "-" 25 0
Nov 28 08:34:18 np0005538512 container-server[120100]: 172.20.0.104 - - [28/Nov/2025:08:34:18 +0000] "PUT /d1/293/AUTH_e2c76e4d27554fd5a4f85cce208b136f/gnocchi.cff1c426-26ad-4c2f-bbfb-cf7808f4ddba/1763640000.0_mean_300.0_v3" 201 - "PUT http://172.18.0.197:8080/d1/208/AUTH_e2c76e4d27554fd5a4f85cce208b136f/gnocchi.cff1c426-26ad-4c2f-bbfb-cf7808f4ddba/1763640000.0_mean_300.0_v3" "tx090a035f461b4e9f89d23-0069295e8a" "object-server 21" 0.0008 "-" 20 0
Nov 28 08:34:18 np0005538512 proxy-server[122023]: 172.18.0.105 172.18.0.104 28/Nov/2025/08/34/18 PUT /v1/AUTH_e2c76e4d27554fd5a4f85cce208b136f/gnocchi.cff1c426-26ad-4c2f-bbfb-cf7808f4ddba/1763640000.0_mean_300.0_v3 HTTP/1.0 201 - python-swiftclient-3.11.1 gAAAAABpKV5EJeK-... 16 - - tx090a035f461b4e9f89d23-0069295e8a - 0.0269 - - 1764318858.969102859 1764318858.996050835 0
Nov 28 08:34:19 np0005538512 container-server[120099]: 172.20.0.103 - - [28/Nov/2025:08:34:19 +0000] "PUT /d1/160/AUTH_e2c76e4d27554fd5a4f85cce208b136f/gnocchi.cd6579fb-991d-4443-9aba-0b95219eb447/1763640000.0_mean_300.0_v3" 201 - "PUT http://172.18.0.197:8080/d1/31/AUTH_e2c76e4d27554fd5a4f85cce208b136f/gnocchi.cd6579fb-991d-4443-9aba-0b95219eb447/1763640000.0_mean_300.0_v3" "tx0b4a2d1dc40c4f2388abc-0069295e8a" "object-server 25" 0.0011 "-" 19 0
Nov 28 08:34:19 np0005538512 object-server[120599]: 172.20.0.103 - - [28/Nov/2025:08:34:19 +0000] "PUT /d1/31/AUTH_e2c76e4d27554fd5a4f85cce208b136f/gnocchi.cd6579fb-991d-4443-9aba-0b95219eb447/1763640000.0_mean_300.0_v3" 201 - "PUT http://172.18.0.197:8080/v1/AUTH_e2c76e4d27554fd5a4f85cce208b136f/gnocchi.cd6579fb-991d-4443-9aba-0b95219eb447/1763640000.0_mean_300.0_v3" "tx0b4a2d1dc40c4f2388abc-0069295e8a" "proxy-server 20" 0.0177 "-" 23 0
Nov 28 08:34:19 np0005538512 container-server[120123]: 172.20.0.105 - - [28/Nov/2025:08:34:19 +0000] "PUT /d1/293/AUTH_e2c76e4d27554fd5a4f85cce208b136f/gnocchi.cff1c426-26ad-4c2f-bbfb-cf7808f4ddba/none_v3" 201 - "PUT http://172.18.0.197:8080/d1/11/AUTH_e2c76e4d27554fd5a4f85cce208b136f/gnocchi.cff1c426-26ad-4c2f-bbfb-cf7808f4ddba/none_v3" "txe082ac2a02ad4312b4a31-0069295e8b" "object-server 22" 0.0009 "-" 22 0
Nov 28 08:34:19 np0005538512 object-server[120571]: 172.20.0.105 - - [28/Nov/2025:08:34:19 +0000] "PUT /d1/11/AUTH_e2c76e4d27554fd5a4f85cce208b136f/gnocchi.cff1c426-26ad-4c2f-bbfb-cf7808f4ddba/none_v3" 201 - "PUT http://172.18.0.197:8080/v1/AUTH_e2c76e4d27554fd5a4f85cce208b136f/gnocchi.cff1c426-26ad-4c2f-bbfb-cf7808f4ddba/none_v3" "txe082ac2a02ad4312b4a31-0069295e8b" "proxy-server 20" 0.0137 "-" 22 0
Nov 28 08:34:19 np0005538512 proxy-server[122023]: 172.18.0.105 172.18.0.104 28/Nov/2025/08/34/19 PUT /v1/AUTH_e2c76e4d27554fd5a4f85cce208b136f/gnocchi.cff1c426-26ad-4c2f-bbfb-cf7808f4ddba/none_v3 HTTP/1.0 201 - python-swiftclient-3.11.1 gAAAAABpKV5EJeK-... 22 - - txe082ac2a02ad4312b4a31-0069295e8b - 0.0263 - - 1764318859.003326654 1764318859.029589176 0
Nov 28 08:34:19 np0005538512 container-server[120100]: 172.20.0.105 - - [28/Nov/2025:08:34:19 +0000] "PUT /d1/572/AUTH_e2c76e4d27554fd5a4f85cce208b136f/gnocchi.59b94bd8-604d-4756-a0ea-d604c290d93c/1763640000.0_mean_300.0_v3" 201 - "PUT http://172.18.0.197:8080/d1/308/AUTH_e2c76e4d27554fd5a4f85cce208b136f/gnocchi.59b94bd8-604d-4756-a0ea-d604c290d93c/1763640000.0_mean_300.0_v3" "tx28968bbf1cb64b0a834d4-0069295e8a" "object-server 22" 0.0007 "-" 20 0
Nov 28 08:34:19 np0005538512 object-server[120571]: 172.20.0.104 - - [28/Nov/2025:08:34:19 +0000] "PUT /d1/308/AUTH_e2c76e4d27554fd5a4f85cce208b136f/gnocchi.59b94bd8-604d-4756-a0ea-d604c290d93c/1763640000.0_mean_300.0_v3" 201 - "PUT http://172.18.0.197:8080/v1/AUTH_e2c76e4d27554fd5a4f85cce208b136f/gnocchi.59b94bd8-604d-4756-a0ea-d604c290d93c/1763640000.0_mean_300.0_v3" "tx28968bbf1cb64b0a834d4-0069295e8a" "proxy-server 20" 0.0142 "-" 22 0
Nov 28 08:34:19 np0005538512 container-server[120105]: 172.20.0.104 - - [28/Nov/2025:08:34:19 +0000] "PUT /d1/160/AUTH_e2c76e4d27554fd5a4f85cce208b136f/gnocchi.cd6579fb-991d-4443-9aba-0b95219eb447/none_v3" 201 - "PUT http://172.18.0.197:8080/d1/29/AUTH_e2c76e4d27554fd5a4f85cce208b136f/gnocchi.cd6579fb-991d-4443-9aba-0b95219eb447/none_v3" "tx44f9e944dc174b8e984ea-0069295e8b" "object-server 22" 0.0008 "-" 21 0
Nov 28 08:34:19 np0005538512 object-server[120619]: 172.20.0.103 - - [28/Nov/2025:08:34:19 +0000] "PUT /d1/29/AUTH_e2c76e4d27554fd5a4f85cce208b136f/gnocchi.cd6579fb-991d-4443-9aba-0b95219eb447/none_v3" 201 - "PUT http://172.18.0.197:8080/v1/AUTH_e2c76e4d27554fd5a4f85cce208b136f/gnocchi.cd6579fb-991d-4443-9aba-0b95219eb447/none_v3" "tx44f9e944dc174b8e984ea-0069295e8b" "proxy-server 20" 0.0143 "-" 24 0
Nov 28 08:34:19 np0005538512 container-server[120123]: 172.20.0.105 - - [28/Nov/2025:08:34:19 +0000] "HEAD /d1/196/AUTH_e2c76e4d27554fd5a4f85cce208b136f/gnocchi.547cef1d-702d-4b82-8ce7-75fa4b1b728d" 404 - "HEAD http://172.18.0.197:8080/v1/AUTH_e2c76e4d27554fd5a4f85cce208b136f/gnocchi.547cef1d-702d-4b82-8ce7-75fa4b1b728d?format=json&states=listing" "tx9231c53d9eac4022962fa-0069295e8b" "proxy-server 20" 0.0005 "-" 22 0
Nov 28 08:34:19 np0005538512 container-server[120105]: 172.20.0.105 - - [28/Nov/2025:08:34:19 +0000] "PUT /d1/572/AUTH_e2c76e4d27554fd5a4f85cce208b136f/gnocchi.59b94bd8-604d-4756-a0ea-d604c290d93c/none_v3" 201 - "PUT http://172.18.0.197:8080/d1/933/AUTH_e2c76e4d27554fd5a4f85cce208b136f/gnocchi.59b94bd8-604d-4756-a0ea-d604c290d93c/none_v3" "tx7c022f7b3b8b4e258bf65-0069295e8b" "object-server 22" 0.0010 "-" 21 0
Nov 28 08:34:19 np0005538512 object-server[120599]: 172.20.0.105 - - [28/Nov/2025:08:34:19 +0000] "GET /d1/760/AUTH_e2c76e4d27554fd5a4f85cce208b136f/gnocchi.547cef1d-702d-4b82-8ce7-75fa4b1b728d/none_v3" 404 70 "GET http://172.18.0.197:8080/v1/AUTH_e2c76e4d27554fd5a4f85cce208b136f/gnocchi.547cef1d-702d-4b82-8ce7-75fa4b1b728d/none_v3" "tx9231c53d9eac4022962fa-0069295e8b" "proxy-server 20" 0.0007 "-" 23 0
Nov 28 08:34:19 np0005538512 object-server[120571]: 172.20.0.104 - - [28/Nov/2025:08:34:19 +0000] "PUT /d1/933/AUTH_e2c76e4d27554fd5a4f85cce208b136f/gnocchi.59b94bd8-604d-4756-a0ea-d604c290d93c/none_v3" 201 - "PUT http://172.18.0.197:8080/v1/AUTH_e2c76e4d27554fd5a4f85cce208b136f/gnocchi.59b94bd8-604d-4756-a0ea-d604c290d93c/none_v3" "tx7c022f7b3b8b4e258bf65-0069295e8b" "proxy-server 20" 0.0133 "-" 22 0
Nov 28 08:34:19 np0005538512 proxy-server[122023]: 172.18.0.105 172.18.0.104 28/Nov/2025/08/34/19 GET /v1/AUTH_e2c76e4d27554fd5a4f85cce208b136f/gnocchi.547cef1d-702d-4b82-8ce7-75fa4b1b728d/none_v3 HTTP/1.0 404 - python-swiftclient-3.11.1 gAAAAABpKV5EJeK-... - 70 - tx9231c53d9eac4022962fa-0069295e8b - 0.0279 - - 1764318859.045355320 1764318859.073303461 0
Nov 28 08:34:19 np0005538512 container-server[120100]: 172.20.0.103 - - [28/Nov/2025:08:34:19 +0000] "HEAD /d1/298/AUTH_e2c76e4d27554fd5a4f85cce208b136f/gnocchi.19ba5cf6-206e-46fa-82bd-912eb11d504b" 404 - "HEAD http://172.18.0.197:8080/v1/AUTH_e2c76e4d27554fd5a4f85cce208b136f/gnocchi.19ba5cf6-206e-46fa-82bd-912eb11d504b?format=json&states=listing" "tx4cefac05a4754593a7d68-0069295e8b" "proxy-server 20" 0.0004 "-" 20 0
Nov 28 08:34:19 np0005538512 object-server[120571]: 172.20.0.103 - - [28/Nov/2025:08:34:19 +0000] "GET /d1/231/AUTH_e2c76e4d27554fd5a4f85cce208b136f/gnocchi.19ba5cf6-206e-46fa-82bd-912eb11d504b/none_v3" 404 70 "GET http://172.18.0.197:8080/v1/AUTH_e2c76e4d27554fd5a4f85cce208b136f/gnocchi.19ba5cf6-206e-46fa-82bd-912eb11d504b/none_v3" "tx4cefac05a4754593a7d68-0069295e8b" "proxy-server 20" 0.0004 "-" 22 0
Nov 28 08:34:19 np0005538512 container-server[120100]: 172.20.0.104 - - [28/Nov/2025:08:34:19 +0000] "HEAD /d1/844/AUTH_e2c76e4d27554fd5a4f85cce208b136f/gnocchi.e7808e08-cb0c-4239-94c4-f4d83524641c" 404 - "HEAD http://172.18.0.197:8080/v1/AUTH_e2c76e4d27554fd5a4f85cce208b136f/gnocchi.e7808e08-cb0c-4239-94c4-f4d83524641c?format=json&states=listing" "tx01e8960f01e546358a1ad-0069295e8b" "proxy-server 20" 0.0004 "-" 20 0
Nov 28 08:34:19 np0005538512 account-server[120030]: 172.20.0.104 - - [28/Nov/2025:08:34:19 +0000] "PUT /d1/535/AUTH_e2c76e4d27554fd5a4f85cce208b136f/gnocchi.547cef1d-702d-4b82-8ce7-75fa4b1b728d" 201 - "PUT http://172.20.0.104:6001/d1/196/AUTH_e2c76e4d27554fd5a4f85cce208b136f/gnocchi.547cef1d-702d-4b82-8ce7-75fa4b1b728d" "tx0aaeb7ec6ca34c378c4f8-0069295e8b" "container-server 21" 0.0067 "-" 22 0
Nov 28 08:34:19 np0005538512 container-server[120123]: 172.20.0.105 - - [28/Nov/2025:08:34:19 +0000] "PUT /d1/196/AUTH_e2c76e4d27554fd5a4f85cce208b136f/gnocchi.547cef1d-702d-4b82-8ce7-75fa4b1b728d" 201 - "PUT http://172.18.0.197:8080/v1/AUTH_e2c76e4d27554fd5a4f85cce208b136f/gnocchi.547cef1d-702d-4b82-8ce7-75fa4b1b728d" "tx0aaeb7ec6ca34c378c4f8-0069295e8b" "proxy-server 20" 0.0214 "-" 22 0
Nov 28 08:34:19 np0005538512 proxy-server[122023]: 172.18.0.105 172.18.0.104 28/Nov/2025/08/34/19 PUT /v1/AUTH_e2c76e4d27554fd5a4f85cce208b136f/gnocchi.547cef1d-702d-4b82-8ce7-75fa4b1b728d HTTP/1.0 201 - python-swiftclient-3.11.1 gAAAAABpKV5EJeK-... - - - tx0aaeb7ec6ca34c378c4f8-0069295e8b - 0.0323 - - 1764318859.077950478 1764318859.110221386 0
Nov 28 08:34:19 np0005538512 object-server[120634]: 172.20.0.104 - - [28/Nov/2025:08:34:19 +0000] "GET /d1/585/AUTH_e2c76e4d27554fd5a4f85cce208b136f/gnocchi.e7808e08-cb0c-4239-94c4-f4d83524641c/none_v3" 404 70 "GET http://172.18.0.197:8080/v1/AUTH_e2c76e4d27554fd5a4f85cce208b136f/gnocchi.e7808e08-cb0c-4239-94c4-f4d83524641c/none_v3" "tx01e8960f01e546358a1ad-0069295e8b" "proxy-server 20" 0.0005 "-" 25 0
Nov 28 08:34:19 np0005538512 account-server[120035]: 172.20.0.105 - - [28/Nov/2025:08:34:19 +0000] "PUT /d1/535/AUTH_e2c76e4d27554fd5a4f85cce208b136f/gnocchi.19ba5cf6-206e-46fa-82bd-912eb11d504b" 201 - "PUT http://172.20.0.105:6001/d1/298/AUTH_e2c76e4d27554fd5a4f85cce208b136f/gnocchi.19ba5cf6-206e-46fa-82bd-912eb11d504b" "txfd97791c22524069b20a6-0069295e8b" "container-server 22" 0.0052 "-" 23 0
Nov 28 08:34:19 np0005538512 proxy-server[122023]: - - 28/Nov/2025/08/34/19 HEAD /v1/AUTH_e2c76e4d27554fd5a4f85cce208b136f/gnocchi.547cef1d-702d-4b82-8ce7-75fa4b1b728d%3Fformat%3Djson%26states%3Dlisting HTTP/1.0 204 - Swift - - - - tx07ea6d2eb65c48eb8fbd4-0069295e8b - 0.0072 RL - 1764318859.118197680 1764318859.125361443 0
Nov 28 08:34:19 np0005538512 container-server[120123]: 172.20.0.103 - - [28/Nov/2025:08:34:19 +0000] "PUT /d1/298/AUTH_e2c76e4d27554fd5a4f85cce208b136f/gnocchi.19ba5cf6-206e-46fa-82bd-912eb11d504b" 201 - "PUT http://172.18.0.197:8080/v1/AUTH_e2c76e4d27554fd5a4f85cce208b136f/gnocchi.19ba5cf6-206e-46fa-82bd-912eb11d504b" "txfd97791c22524069b20a6-0069295e8b" "proxy-server 20" 0.0179 "-" 22 0
Nov 28 08:34:19 np0005538512 container-server[120099]: 172.20.0.105 - - [28/Nov/2025:08:34:19 +0000] "GET /d1/196/AUTH_e2c76e4d27554fd5a4f85cce208b136f/gnocchi.547cef1d-702d-4b82-8ce7-75fa4b1b728d" 200 2 "GET http://172.18.0.197:8080/v1/AUTH_e2c76e4d27554fd5a4f85cce208b136f/gnocchi.547cef1d-702d-4b82-8ce7-75fa4b1b728d?format=json&states=listing" "tx07ea6d2eb65c48eb8fbd4-0069295e8b" "proxy-server 20" 0.0035 "-" 19 0
Nov 28 08:34:19 np0005538512 proxy-server[122023]: 172.18.0.105 172.18.0.104 28/Nov/2025/08/34/19 GET /v1/AUTH_e2c76e4d27554fd5a4f85cce208b136f/gnocchi.547cef1d-702d-4b82-8ce7-75fa4b1b728d%3Fformat%3Djson%26states%3Dlisting HTTP/1.0 200 - python-swiftclient-3.11.1 gAAAAABpKV5EJeK-... - 2 - tx07ea6d2eb65c48eb8fbd4-0069295e8b - 0.0253 - - 1764318859.115825415 1764318859.141141415 0
Nov 28 08:34:19 np0005538512 container-server[120123]: 172.20.0.104 - - [28/Nov/2025:08:34:19 +0000] "PUT /d1/844/AUTH_e2c76e4d27554fd5a4f85cce208b136f/gnocchi.e7808e08-cb0c-4239-94c4-f4d83524641c" 201 - "PUT http://172.18.0.197:8080/v1/AUTH_e2c76e4d27554fd5a4f85cce208b136f/gnocchi.e7808e08-cb0c-4239-94c4-f4d83524641c" "tx95f7917259bc4c7f8d883-0069295e8b" "proxy-server 20" 0.0181 "-" 22 0
Nov 28 08:34:19 np0005538512 account-server[120030]: 172.20.0.103 - - [28/Nov/2025:08:34:19 +0000] "PUT /d1/535/AUTH_e2c76e4d27554fd5a4f85cce208b136f/gnocchi.e7808e08-cb0c-4239-94c4-f4d83524641c" 201 - "PUT http://172.20.0.103:6001/d1/844/AUTH_e2c76e4d27554fd5a4f85cce208b136f/gnocchi.e7808e08-cb0c-4239-94c4-f4d83524641c" "tx95f7917259bc4c7f8d883-0069295e8b" "container-server 22" 0.0062 "-" 22 0
