Nov 28 08:39:19 np0005538512 proxy-server[122023]: 172.18.0.105 172.18.0.104 28/Nov/2025/08/39/19 GET /v1/AUTH_e2c76e4d27554fd5a4f85cce208b136f/gnocchi.cd6579fb-991d-4443-9aba-0b95219eb447/none_v3 HTTP/1.0 200 - python-swiftclient-3.11.1 gAAAAABpKV5EJeK-... - 22 - tx279e769a27104ffb9323b-0069295fb6 - 0.9475 - - 1764319158.120875835 1764319159.068397045 0
Nov 28 08:39:19 np0005538512 container-server[120100]: 172.20.0.103 - - [28/Nov/2025:08:39:19 +0000] "PUT /d1/706/AUTH_e2c76e4d27554fd5a4f85cce208b136f/gnocchi.5fd37d51-d442-4b07-bbe5-080c2e3c0d32/1763640000.0_rate%3Amean_300.0_v3" 201 - "PUT http://172.18.0.197:8080/d1/374/AUTH_e2c76e4d27554fd5a4f85cce208b136f/gnocchi.5fd37d51-d442-4b07-bbe5-080c2e3c0d32/1763640000.0_rate%3Amean_300.0_v3" "tx0bd2e20076724932ab976-0069295fb7" "object-server 24" 0.0011 "-" 20 0
Nov 28 08:39:19 np0005538512 object-server[120634]: 172.20.0.104 - - [28/Nov/2025:08:39:19 +0000] "PUT /d1/374/AUTH_e2c76e4d27554fd5a4f85cce208b136f/gnocchi.5fd37d51-d442-4b07-bbe5-080c2e3c0d32/1763640000.0_rate%3Amean_300.0_v3" 201 - "PUT http://172.18.0.197:8080/v1/AUTH_e2c76e4d27554fd5a4f85cce208b136f/gnocchi.5fd37d51-d442-4b07-bbe5-080c2e3c0d32/1763640000.0_rate%3Amean_300.0_v3" "tx0bd2e20076724932ab976-0069295fb7" "proxy-server 20" 0.0141 "-" 25 0
Nov 28 08:39:19 np0005538512 container-server[120099]: 172.20.0.103 - - [28/Nov/2025:08:39:19 +0000] "GET /d1/572/AUTH_e2c76e4d27554fd5a4f85cce208b136f/gnocchi.59b94bd8-604d-4756-a0ea-d604c290d93c" 200 357 "GET http://172.18.0.197:8080/v1/AUTH_e2c76e4d27554fd5a4f85cce208b136f/gnocchi.59b94bd8-604d-4756-a0ea-d604c290d93c?format=json&states=listing" "tx7de3c9a307b947718424b-0069295fb7" "proxy-server 20" 0.0022 "-" 19 0
Nov 28 08:39:19 np0005538512 proxy-server[122023]: 172.18.0.105 172.18.0.104 28/Nov/2025/08/39/19 GET /v1/AUTH_e2c76e4d27554fd5a4f85cce208b136f/gnocchi.cd6579fb-991d-4443-9aba-0b95219eb447%3Fformat%3Djson%26states%3Dlisting HTTP/1.0 200 - python-swiftclient-3.11.1 gAAAAABpKV5EJeK-... - 357 - txa18bc8e8f51b452e949a0-0069295fb7 - 0.0128 - - 1764319159.073606491 1764319159.086383104 0
Nov 28 08:39:19 np0005538512 proxy-server[122023]: 172.18.0.197 172.18.0.104 28/Nov/2025/08/39/19 GET /v1/AUTH_e2c76e4d27554fd5a4f85cce208b136f/gnocchi.59b94bd8-604d-4756-a0ea-d604c290d93c%3Fformat%3Djson%26marker%3Dnone_v3%26states%3Dlisting HTTP/1.0 200 - python-swiftclient-3.11.1 gAAAAABpKV47sBxn... - 2 - tx8285c43df24346cca88ad-0069295fb7 - 0.0109 - - 1764319159.089951515 1764319159.100803137 0
Nov 28 08:39:19 np0005538512 object-server[120634]: 172.20.0.104 - - [28/Nov/2025:08:39:19 +0000] "PUT /d1/377/AUTH_e2c76e4d27554fd5a4f85cce208b136f/gnocchi.5fd37d51-d442-4b07-bbe5-080c2e3c0d32/1763640000.0_mean_300.0_v3" 201 - "PUT http://172.18.0.197:8080/v1/AUTH_e2c76e4d27554fd5a4f85cce208b136f/gnocchi.5fd37d51-d442-4b07-bbe5-080c2e3c0d32/1763640000.0_mean_300.0_v3" "tx2cc3b4541b934eb4b2fd1-0069295fb7" "proxy-server 20" 0.0148 "-" 25 0
Nov 28 08:39:19 np0005538512 container-server[120100]: 172.20.0.104 - - [28/Nov/2025:08:39:19 +0000] "PUT /d1/706/AUTH_e2c76e4d27554fd5a4f85cce208b136f/gnocchi.5fd37d51-d442-4b07-bbe5-080c2e3c0d32/1763640000.0_mean_300.0_v3" 201 - "PUT http://172.18.0.197:8080/d1/377/AUTH_e2c76e4d27554fd5a4f85cce208b136f/gnocchi.5fd37d51-d442-4b07-bbe5-080c2e3c0d32/1763640000.0_mean_300.0_v3" "tx2cc3b4541b934eb4b2fd1-0069295fb7" "object-server 22" 0.0008 "-" 20 0
Nov 28 08:39:19 np0005538512 object-server[120599]: 172.20.0.105 - - [28/Nov/2025:08:39:19 +0000] "GET /d1/31/AUTH_e2c76e4d27554fd5a4f85cce208b136f/gnocchi.cd6579fb-991d-4443-9aba-0b95219eb447/1763640000.0_mean_300.0_v3" 200 16 "GET http://172.18.0.197:8080/v1/AUTH_e2c76e4d27554fd5a4f85cce208b136f/gnocchi.cd6579fb-991d-4443-9aba-0b95219eb447/1763640000.0_mean_300.0_v3" "tx8e5a20c32ea74ea39a7cb-0069295fb7" "proxy-server 20" 0.0012 "-" 23 0
Nov 28 08:39:19 np0005538512 proxy-server[122023]: 172.18.0.105 172.18.0.104 28/Nov/2025/08/39/19 GET /v1/AUTH_e2c76e4d27554fd5a4f85cce208b136f/gnocchi.cd6579fb-991d-4443-9aba-0b95219eb447/1763640000.0_mean_300.0_v3 HTTP/1.0 200 - python-swiftclient-3.11.1 gAAAAABpKV5EJeK-... - 16 - tx8e5a20c32ea74ea39a7cb-0069295fb7 - 0.0102 - - 1764319159.108913183 1764319159.119121313 0
Nov 28 08:39:19 np0005538512 object-server[120599]: 172.20.0.104 - - [28/Nov/2025:08:39:19 +0000] "GET /d1/828/AUTH_e2c76e4d27554fd5a4f85cce208b136f/gnocchi.59b94bd8-604d-4756-a0ea-d604c290d93c/1763640000.0_rate%3Amean_300.0_v3" 404 70 "GET http://172.18.0.197:8080/v1/AUTH_e2c76e4d27554fd5a4f85cce208b136f/gnocchi.59b94bd8-604d-4756-a0ea-d604c290d93c/1763640000.0_rate%3Amean_300.0_v3" "tx148ed82ef3e744cbb84ad-0069295fb7" "proxy-server 20" 0.0004 "-" 23 0
Nov 28 08:39:19 np0005538512 object-server[120571]: 172.20.0.105 - - [28/Nov/2025:08:39:19 +0000] "GET /d1/793/AUTH_e2c76e4d27554fd5a4f85cce208b136f/gnocchi.cd6579fb-991d-4443-9aba-0b95219eb447/1763640000.0_rate%3Amean_300.0_v3" 404 70 "GET http://172.18.0.197:8080/v1/AUTH_e2c76e4d27554fd5a4f85cce208b136f/gnocchi.cd6579fb-991d-4443-9aba-0b95219eb447/1763640000.0_rate%3Amean_300.0_v3" "tx0f95bf8ec2fb48a1a6b9b-0069295fb7" "proxy-server 20" 0.0005 "-" 22 0
Nov 28 08:39:19 np0005538512 container-server[120100]: 172.20.0.104 - - [28/Nov/2025:08:39:19 +0000] "PUT /d1/706/AUTH_e2c76e4d27554fd5a4f85cce208b136f/gnocchi.5fd37d51-d442-4b07-bbe5-080c2e3c0d32/none_v3" 201 - "PUT http://172.18.0.197:8080/d1/158/AUTH_e2c76e4d27554fd5a4f85cce208b136f/gnocchi.5fd37d51-d442-4b07-bbe5-080c2e3c0d32/none_v3" "txacb1c24acc374a1bbef63-0069295fb7" "object-server 24" 0.0014 "-" 20 0
Nov 28 08:39:19 np0005538512 object-server[120619]: 172.20.0.103 - - [28/Nov/2025:08:39:19 +0000] "PUT /d1/158/AUTH_e2c76e4d27554fd5a4f85cce208b136f/gnocchi.5fd37d51-d442-4b07-bbe5-080c2e3c0d32/none_v3" 201 - "PUT http://172.18.0.197:8080/v1/AUTH_e2c76e4d27554fd5a4f85cce208b136f/gnocchi.5fd37d51-d442-4b07-bbe5-080c2e3c0d32/none_v3" "txacb1c24acc374a1bbef63-0069295fb7" "proxy-server 20" 0.0153 "-" 24 0
Nov 28 08:39:19 np0005538512 proxy-server[122023]: 172.18.0.105 172.18.0.104 28/Nov/2025/08/39/19 GET /v1/AUTH_e2c76e4d27554fd5a4f85cce208b136f/gnocchi.cd6579fb-991d-4443-9aba-0b95219eb447/1763640000.0_rate%253Amean_300.0_v3 HTTP/1.0 404 - python-swiftclient-3.11.1 gAAAAABpKV5EJeK-... - 70 - tx0f95bf8ec2fb48a1a6b9b-0069295fb7 - 0.0210 - - 1764319159.123987913 1764319159.144941568 0
Nov 28 08:39:19 np0005538512 container-server[120099]: 172.20.0.104 - - [28/Nov/2025:08:39:19 +0000] "HEAD /d1/298/AUTH_e2c76e4d27554fd5a4f85cce208b136f/gnocchi.19ba5cf6-206e-46fa-82bd-912eb11d504b" 204 - "HEAD http://172.18.0.197:8080/v1/AUTH_e2c76e4d27554fd5a4f85cce208b136f/gnocchi.19ba5cf6-206e-46fa-82bd-912eb11d504b?format=json&states=listing" "tx9fb7a7dff41a446b87bed-0069295fb7" "proxy-server 20" 0.0013 "-" 19 0
Nov 28 08:39:19 np0005538512 container-server[120100]: 172.20.0.104 - - [28/Nov/2025:08:39:19 +0000] "PUT /d1/160/AUTH_e2c76e4d27554fd5a4f85cce208b136f/gnocchi.cd6579fb-991d-4443-9aba-0b95219eb447/1763640000.0_mean_300.0_v3" 201 - "PUT http://172.18.0.197:8080/d1/31/AUTH_e2c76e4d27554fd5a4f85cce208b136f/gnocchi.cd6579fb-991d-4443-9aba-0b95219eb447/1763640000.0_mean_300.0_v3" "tx5975620c30fd46b3adfcd-0069295fb7" "object-server 22" 0.0014 "-" 20 0
Nov 28 08:39:19 np0005538512 container-server[120105]: 172.20.0.104 - - [28/Nov/2025:08:39:19 +0000] "PUT /d1/572/AUTH_e2c76e4d27554fd5a4f85cce208b136f/gnocchi.59b94bd8-604d-4756-a0ea-d604c290d93c/1763640000.0_rate%3Amean_300.0_v3" 201 - "PUT http://172.18.0.197:8080/d1/828/AUTH_e2c76e4d27554fd5a4f85cce208b136f/gnocchi.59b94bd8-604d-4756-a0ea-d604c290d93c/1763640000.0_rate%3Amean_300.0_v3" "tx96a9ff12d24e49e89f95b-0069295fb7" "object-server 21" 0.0006 "-" 21 0
Nov 28 08:39:19 np0005538512 object-server[120619]: 172.20.0.103 - - [28/Nov/2025:08:39:19 +0000] "PUT /d1/31/AUTH_e2c76e4d27554fd5a4f85cce208b136f/gnocchi.cd6579fb-991d-4443-9aba-0b95219eb447/1763640000.0_mean_300.0_v3" 201 - "PUT http://172.18.0.197:8080/v1/AUTH_e2c76e4d27554fd5a4f85cce208b136f/gnocchi.cd6579fb-991d-4443-9aba-0b95219eb447/1763640000.0_mean_300.0_v3" "tx5975620c30fd46b3adfcd-0069295fb7" "proxy-server 20" 0.0187 "-" 24 0
Nov 28 08:39:19 np0005538512 object-server[120619]: 172.20.0.105 - - [28/Nov/2025:08:39:19 +0000] "PUT /d1/828/AUTH_e2c76e4d27554fd5a4f85cce208b136f/gnocchi.59b94bd8-604d-4756-a0ea-d604c290d93c/1763640000.0_rate%3Amean_300.0_v3" 201 - "PUT http://172.18.0.197:8080/v1/AUTH_e2c76e4d27554fd5a4f85cce208b136f/gnocchi.59b94bd8-604d-4756-a0ea-d604c290d93c/1763640000.0_rate%3Amean_300.0_v3" "tx96a9ff12d24e49e89f95b-0069295fb7" "proxy-server 20" 0.0182 "-" 24 0
Nov 28 08:39:19 np0005538512 proxy-server[122023]: 172.18.0.197 172.18.0.104 28/Nov/2025/08/39/19 PUT /v1/AUTH_e2c76e4d27554fd5a4f85cce208b136f/gnocchi.59b94bd8-604d-4756-a0ea-d604c290d93c/1763640000.0_rate%253Amean_300.0_v3 HTTP/1.0 201 - python-swiftclient-3.11.1 gAAAAABpKV47sBxn... 16 - - tx96a9ff12d24e49e89f95b-0069295fb7 - 0.0284 - - 1764319159.151976347 1764319159.180373430 0
Nov 28 08:39:19 np0005538512 container-server[120099]: 172.20.0.104 - - [28/Nov/2025:08:39:19 +0000] "GET /d1/298/AUTH_e2c76e4d27554fd5a4f85cce208b136f/gnocchi.19ba5cf6-206e-46fa-82bd-912eb11d504b" 200 357 "GET http://172.18.0.197:8080/v1/AUTH_e2c76e4d27554fd5a4f85cce208b136f/gnocchi.19ba5cf6-206e-46fa-82bd-912eb11d504b?format=json&states=listing" "txc747d0b2d3344724ae30a-0069295fb7" "proxy-server 20" 0.0033 "-" 19 0
Nov 28 08:39:19 np0005538512 container-server[120123]: 172.20.0.105 - - [28/Nov/2025:08:39:19 +0000] "PUT /d1/160/AUTH_e2c76e4d27554fd5a4f85cce208b136f/gnocchi.cd6579fb-991d-4443-9aba-0b95219eb447/1763640000.0_rate%3Amean_300.0_v3" 201 - "PUT http://172.18.0.197:8080/d1/793/AUTH_e2c76e4d27554fd5a4f85cce208b136f/gnocchi.cd6579fb-991d-4443-9aba-0b95219eb447/1763640000.0_rate%3Amean_300.0_v3" "txe21beff989d443649e107-0069295fb7" "object-server 22" 0.0007 "-" 22 0
Nov 28 08:39:19 np0005538512 object-server[120571]: 172.20.0.103 - - [28/Nov/2025:08:39:19 +0000] "PUT /d1/793/AUTH_e2c76e4d27554fd5a4f85cce208b136f/gnocchi.cd6579fb-991d-4443-9aba-0b95219eb447/1763640000.0_rate%3Amean_300.0_v3" 201 - "PUT http://172.18.0.197:8080/v1/AUTH_e2c76e4d27554fd5a4f85cce208b136f/gnocchi.cd6579fb-991d-4443-9aba-0b95219eb447/1763640000.0_rate%3Amean_300.0_v3" "txe21beff989d443649e107-0069295fb7" "proxy-server 20" 0.0107 "-" 22 0
Nov 28 08:39:19 np0005538512 object-server[120571]: 172.20.0.105 - - [28/Nov/2025:08:39:19 +0000] "PUT /d1/308/AUTH_e2c76e4d27554fd5a4f85cce208b136f/gnocchi.59b94bd8-604d-4756-a0ea-d604c290d93c/1763640000.0_mean_300.0_v3" 201 - "PUT http://172.18.0.197:8080/v1/AUTH_e2c76e4d27554fd5a4f85cce208b136f/gnocchi.59b94bd8-604d-4756-a0ea-d604c290d93c/1763640000.0_mean_300.0_v3" "txf189c829a33c4d26b0899-0069295fb7" "proxy-server 20" 0.0108 "-" 22 0
Nov 28 08:39:19 np0005538512 container-server[120123]: 172.20.0.103 - - [28/Nov/2025:08:39:19 +0000] "PUT /d1/572/AUTH_e2c76e4d27554fd5a4f85cce208b136f/gnocchi.59b94bd8-604d-4756-a0ea-d604c290d93c/1763640000.0_mean_300.0_v3" 201 - "PUT http://172.18.0.197:8080/d1/308/AUTH_e2c76e4d27554fd5a4f85cce208b136f/gnocchi.59b94bd8-604d-4756-a0ea-d604c290d93c/1763640000.0_mean_300.0_v3" "txf189c829a33c4d26b0899-0069295fb7" "object-server 23" 0.0004 "-" 22 0
Nov 28 08:39:19 np0005538512 proxy-server[122023]: 172.18.0.197 172.18.0.104 28/Nov/2025/08/39/19 PUT /v1/AUTH_e2c76e4d27554fd5a4f85cce208b136f/gnocchi.59b94bd8-604d-4756-a0ea-d604c290d93c/1763640000.0_mean_300.0_v3 HTTP/1.0 201 - python-swiftclient-3.11.1 gAAAAABpKV47sBxn... 24 - - txf189c829a33c4d26b0899-0069295fb7 - 0.0221 - - 1764319159.185189724 1764319159.207320213 0
Nov 28 08:39:19 np0005538512 container-server[120105]: 172.20.0.105 - - [28/Nov/2025:08:39:19 +0000] "PUT /d1/572/AUTH_e2c76e4d27554fd5a4f85cce208b136f/gnocchi.59b94bd8-604d-4756-a0ea-d604c290d93c/none_v3" 201 - "PUT http://172.18.0.197:8080/d1/933/AUTH_e2c76e4d27554fd5a4f85cce208b136f/gnocchi.59b94bd8-604d-4756-a0ea-d604c290d93c/none_v3" "tx2727dcd8876443a593414-0069295fb7" "object-server 24" 0.0006 "-" 21 0
Nov 28 08:39:19 np0005538512 container-server[120099]: 172.20.0.103 - - [28/Nov/2025:08:39:19 +0000] "PUT /d1/160/AUTH_e2c76e4d27554fd5a4f85cce208b136f/gnocchi.cd6579fb-991d-4443-9aba-0b95219eb447/none_v3" 201 - "PUT http://172.18.0.197:8080/d1/29/AUTH_e2c76e4d27554fd5a4f85cce208b136f/gnocchi.cd6579fb-991d-4443-9aba-0b95219eb447/none_v3" "txe3f6d0aeaef241f4a1c73-0069295fb7" "object-server 22" 0.0016 "-" 19 0
Nov 28 08:39:19 np0005538512 object-server[120619]: 172.20.0.105 - - [28/Nov/2025:08:39:19 +0000] "PUT /d1/933/AUTH_e2c76e4d27554fd5a4f85cce208b136f/gnocchi.59b94bd8-604d-4756-a0ea-d604c290d93c/none_v3" 201 - "PUT http://172.18.0.197:8080/v1/AUTH_e2c76e4d27554fd5a4f85cce208b136f/gnocchi.59b94bd8-604d-4756-a0ea-d604c290d93c/none_v3" "tx2727dcd8876443a593414-0069295fb7" "proxy-server 20" 0.0136 "-" 24 0
Nov 28 08:39:19 np0005538512 object-server[120599]: 172.20.0.103 - - [28/Nov/2025:08:39:19 +0000] "PUT /d1/29/AUTH_e2c76e4d27554fd5a4f85cce208b136f/gnocchi.cd6579fb-991d-4443-9aba-0b95219eb447/none_v3" 201 - "PUT http://172.18.0.197:8080/v1/AUTH_e2c76e4d27554fd5a4f85cce208b136f/gnocchi.cd6579fb-991d-4443-9aba-0b95219eb447/none_v3" "txe3f6d0aeaef241f4a1c73-0069295fb7" "proxy-server 20" 0.0161 "-" 23 0
Nov 28 08:39:19 np0005538512 proxy-server[122023]: 172.18.0.197 172.18.0.104 28/Nov/2025/08/39/19 PUT /v1/AUTH_e2c76e4d27554fd5a4f85cce208b136f/gnocchi.59b94bd8-604d-4756-a0ea-d604c290d93c/none_v3 HTTP/1.0 201 - python-swiftclient-3.11.1 gAAAAABpKV47sBxn... 33 - - tx2727dcd8876443a593414-0069295fb7 - 0.0254 - - 1764319159.212148428 1764319159.237577915 0
Nov 28 08:39:19 np0005538512 object-server[120571]: 172.20.0.104 - - [28/Nov/2025:08:39:19 +0000] "GET /d1/80/AUTH_e2c76e4d27554fd5a4f85cce208b136f/gnocchi.19ba5cf6-206e-46fa-82bd-912eb11d504b/1763640000.0_rate%3Amean_300.0_v3" 404 70 "GET http://172.18.0.197:8080/v1/AUTH_e2c76e4d27554fd5a4f85cce208b136f/gnocchi.19ba5cf6-206e-46fa-82bd-912eb11d504b/1763640000.0_rate%3Amean_300.0_v3" "tx655d76c19e914566b5e57-0069295fb7" "proxy-server 20" 0.0004 "-" 22 0
Nov 28 08:39:19 np0005538512 proxy-server[122023]: 172.18.0.103 172.18.0.104 28/Nov/2025/08/39/19 GET /v1/AUTH_e2c76e4d27554fd5a4f85cce208b136f/gnocchi.19ba5cf6-206e-46fa-82bd-912eb11d504b/1763640000.0_mean_300.0_v3 HTTP/1.0 200 - python-swiftclient-3.11.1 gAAAAABpKV38a7pX... - 16 - tx0f683177250c46d4b9fa5-0069295fb7 - 0.0093 - - 1764319159.244831800 1764319159.254136562 0
Nov 28 08:39:19 np0005538512 container-server[120100]: 172.20.0.103 - - [28/Nov/2025:08:39:19 +0000] "HEAD /d1/831/AUTH_e2c76e4d27554fd5a4f85cce208b136f/gnocchi.b05f6e18-f773-481a-b203-583bf99b214d" 204 - "HEAD http://172.18.0.197:8080/v1/AUTH_e2c76e4d27554fd5a4f85cce208b136f/gnocchi.b05f6e18-f773-481a-b203-583bf99b214d?format=json&states=listing" "tx3d14eebf293847ceb402e-0069295fb7" "proxy-server 20" 0.0015 "-" 20 0
Nov 28 08:39:19 np0005538512 object-server[120599]: 172.20.0.104 - - [28/Nov/2025:08:39:19 +0000] "PUT /d1/80/AUTH_e2c76e4d27554fd5a4f85cce208b136f/gnocchi.19ba5cf6-206e-46fa-82bd-912eb11d504b/1763640000.0_rate%3Amean_300.0_v3" 201 - "PUT http://172.18.0.197:8080/v1/AUTH_e2c76e4d27554fd5a4f85cce208b136f/gnocchi.19ba5cf6-206e-46fa-82bd-912eb11d504b/1763640000.0_rate%3Amean_300.0_v3" "tx23ccedb2f0ae4db69f4e0-0069295fb7" "proxy-server 20" 0.0130 "-" 23 0
Nov 28 08:39:19 np0005538512 container-server[120099]: 172.20.0.103 - - [28/Nov/2025:08:39:19 +0000] "PUT /d1/298/AUTH_e2c76e4d27554fd5a4f85cce208b136f/gnocchi.19ba5cf6-206e-46fa-82bd-912eb11d504b/1763640000.0_rate%3Amean_300.0_v3" 201 - "PUT http://172.18.0.197:8080/d1/80/AUTH_e2c76e4d27554fd5a4f85cce208b136f/gnocchi.19ba5cf6-206e-46fa-82bd-912eb11d504b/1763640000.0_rate%3Amean_300.0_v3" "tx23ccedb2f0ae4db69f4e0-0069295fb7" "object-server 25" 0.0015 "-" 19 0
Nov 28 08:39:19 np0005538512 container-server[120123]: 172.20.0.105 - - [28/Nov/2025:08:39:19 +0000] "GET /d1/831/AUTH_e2c76e4d27554fd5a4f85cce208b136f/gnocchi.b05f6e18-f773-481a-b203-583bf99b214d" 200 357 "GET http://172.18.0.197:8080/v1/AUTH_e2c76e4d27554fd5a4f85cce208b136f/gnocchi.b05f6e18-f773-481a-b203-583bf99b214d?format=json&states=listing" "txe1ac24669774468c88ad4-0069295fb7" "proxy-server 20" 0.0027 "-" 22 0
Nov 28 08:39:19 np0005538512 proxy-server[122023]: 172.18.0.197 172.18.0.104 28/Nov/2025/08/39/19 GET /v1/AUTH_e2c76e4d27554fd5a4f85cce208b136f/gnocchi.b05f6e18-f773-481a-b203-583bf99b214d%3Fformat%3Djson%26states%3Dlisting HTTP/1.0 200 - python-swiftclient-3.11.1 gAAAAABpKV47sBxn... - 357 - txe1ac24669774468c88ad4-0069295fb7 - 0.0133 - - 1764319159.277946949 1764319159.291265011 0
Nov 28 08:39:19 np0005538512 container-server[120105]: 172.20.0.104 - - [28/Nov/2025:08:39:19 +0000] "PUT /d1/298/AUTH_e2c76e4d27554fd5a4f85cce208b136f/gnocchi.19ba5cf6-206e-46fa-82bd-912eb11d504b/1763640000.0_mean_300.0_v3" 201 - "PUT http://172.18.0.197:8080/d1/833/AUTH_e2c76e4d27554fd5a4f85cce208b136f/gnocchi.19ba5cf6-206e-46fa-82bd-912eb11d504b/1763640000.0_mean_300.0_v3" "txa84bd74e623043ee9e763-0069295fb7" "object-server 24" 0.0008 "-" 21 0
Nov 28 08:39:19 np0005538512 container-server[120100]: 172.20.0.105 - - [28/Nov/2025:08:39:19 +0000] "GET /d1/831/AUTH_e2c76e4d27554fd5a4f85cce208b136f/gnocchi.b05f6e18-f773-481a-b203-583bf99b214d" 200 2 "GET http://172.18.0.197:8080/v1/AUTH_e2c76e4d27554fd5a4f85cce208b136f/gnocchi.b05f6e18-f773-481a-b203-583bf99b214d?format=json&marker=none_v3&states=listing" "tx7c5180edd7404328bc91c-0069295fb7" "proxy-server 20" 0.0042 "-" 20 0
Nov 28 08:39:19 np0005538512 object-server[120634]: 172.20.0.104 - - [28/Nov/2025:08:39:19 +0000] "PUT /d1/833/AUTH_e2c76e4d27554fd5a4f85cce208b136f/gnocchi.19ba5cf6-206e-46fa-82bd-912eb11d504b/1763640000.0_mean_300.0_v3" 201 - "PUT http://172.18.0.197:8080/v1/AUTH_e2c76e4d27554fd5a4f85cce208b136f/gnocchi.19ba5cf6-206e-46fa-82bd-912eb11d504b/1763640000.0_mean_300.0_v3" "txa84bd74e623043ee9e763-0069295fb7" "proxy-server 20" 0.0135 "-" 25 0
Nov 28 08:39:19 np0005538512 proxy-server[122023]: 172.18.0.197 172.18.0.104 28/Nov/2025/08/39/19 GET /v1/AUTH_e2c76e4d27554fd5a4f85cce208b136f/gnocchi.b05f6e18-f773-481a-b203-583bf99b214d%3Fformat%3Djson%26marker%3Dnone_v3%26states%3Dlisting HTTP/1.0 200 - python-swiftclient-3.11.1 gAAAAABpKV47sBxn... - 2 - tx7c5180edd7404328bc91c-0069295fb7 - 0.0155 - - 1764319159.296387911 1764319159.311870098 0
Nov 28 08:39:19 np0005538512 object-server[120599]: 172.20.0.105 - - [28/Nov/2025:08:39:19 +0000] "GET /d1/455/AUTH_e2c76e4d27554fd5a4f85cce208b136f/gnocchi.b05f6e18-f773-481a-b203-583bf99b214d/1763640000.0_rate%3Amean_300.0_v3" 404 70 "GET http://172.18.0.197:8080/v1/AUTH_e2c76e4d27554fd5a4f85cce208b136f/gnocchi.b05f6e18-f773-481a-b203-583bf99b214d/1763640000.0_rate%3Amean_300.0_v3" "txc807d939417f44568b48b-0069295fb7" "proxy-server 20" 0.0007 "-" 23 0
Nov 28 08:39:19 np0005538512 proxy-server[122023]: 172.18.0.197 172.18.0.104 28/Nov/2025/08/39/19 GET /v1/AUTH_e2c76e4d27554fd5a4f85cce208b136f/gnocchi.b05f6e18-f773-481a-b203-583bf99b214d/1763640000.0_rate%253Amean_300.0_v3 HTTP/1.0 404 - python-swiftclient-3.11.1 gAAAAABpKV47sBxn... - 70 - txc807d939417f44568b48b-0069295fb7 - 0.0230 - - 1764319159.317125559 1764319159.340112925 0
Nov 28 08:39:19 np0005538512 container-server[120100]: 172.20.0.104 - - [28/Nov/2025:08:39:19 +0000] "PUT /d1/298/AUTH_e2c76e4d27554fd5a4f85cce208b136f/gnocchi.19ba5cf6-206e-46fa-82bd-912eb11d504b/none_v3" 201 - "PUT http://172.18.0.197:8080/d1/231/AUTH_e2c76e4d27554fd5a4f85cce208b136f/gnocchi.19ba5cf6-206e-46fa-82bd-912eb11d504b/none_v3" "txf476643641f547099e342-0069295fb7" "object-server 24" 0.0011 "-" 20 0
Nov 28 08:39:19 np0005538512 object-server[120599]: 172.20.0.104 - - [28/Nov/2025:08:39:19 +0000] "PUT /d1/231/AUTH_e2c76e4d27554fd5a4f85cce208b136f/gnocchi.19ba5cf6-206e-46fa-82bd-912eb11d504b/none_v3" 201 - "PUT http://172.18.0.197:8080/v1/AUTH_e2c76e4d27554fd5a4f85cce208b136f/gnocchi.19ba5cf6-206e-46fa-82bd-912eb11d504b/none_v3" "txf476643641f547099e342-0069295fb7" "proxy-server 20" 0.0146 "-" 23 0
Nov 28 08:39:19 np0005538512 container-server[120123]: 172.20.0.103 - - [28/Nov/2025:08:39:19 +0000] "GET /d1/196/AUTH_e2c76e4d27554fd5a4f85cce208b136f/gnocchi.547cef1d-702d-4b82-8ce7-75fa4b1b728d" 200 2 "GET http://172.18.0.197:8080/v1/AUTH_e2c76e4d27554fd5a4f85cce208b136f/gnocchi.547cef1d-702d-4b82-8ce7-75fa4b1b728d?format=json&marker=none_v3&states=listing" "txe34a2fa12d6e46bd97806-0069295fb7" "proxy-server 20" 0.0175 "-" 22 0
Nov 28 08:39:19 np0005538512 proxy-server[122023]: 172.18.0.197 172.18.0.104 28/Nov/2025/08/39/19 GET /v1/AUTH_e2c76e4d27554fd5a4f85cce208b136f/gnocchi.b05f6e18-f773-481a-b203-583bf99b214d/1763640000.0_mean_300.0_v3 HTTP/1.0 200 - python-swiftclient-3.11.1 gAAAAABpKV47sBxn... - 16 - tx0812e580a60a4f2383750-0069295fb7 - 0.0129 - - 1764319159.345565557 1764319159.358454466 0
Nov 28 08:39:19 np0005538512 object-server[120634]: 172.20.0.105 - - [28/Nov/2025:08:39:19 +0000] "GET /d1/13/AUTH_e2c76e4d27554fd5a4f85cce208b136f/gnocchi.547cef1d-702d-4b82-8ce7-75fa4b1b728d/1763640000.0_mean_300.0_v3" 200 27 "GET http://172.18.0.197:8080/v1/AUTH_e2c76e4d27554fd5a4f85cce208b136f/gnocchi.547cef1d-702d-4b82-8ce7-75fa4b1b728d/1763640000.0_mean_300.0_v3" "txb1d960fd23d244439a243-0069295fb7" "proxy-server 20" 0.0016 "-" 25 0
Nov 28 08:39:19 np0005538512 proxy-server[122023]: 172.18.0.105 172.18.0.104 28/Nov/2025/08/39/19 GET /v1/AUTH_e2c76e4d27554fd5a4f85cce208b136f/gnocchi.547cef1d-702d-4b82-8ce7-75fa4b1b728d/1763640000.0_mean_300.0_v3 HTTP/1.0 200 - python-swiftclient-3.11.1 gAAAAABpKV5EJeK-... - 27 - txb1d960fd23d244439a243-0069295fb7 - 0.0123 - - 1764319159.369207621 1764319159.381528139 0
Nov 28 08:39:19 np0005538512 object-server[120634]: 172.20.0.103 - - [28/Nov/2025:08:39:19 +0000] "GET /d1/151/AUTH_e2c76e4d27554fd5a4f85cce208b136f/gnocchi.3927f339-3916-42db-89af-c6d1f7cf2953/none_v3" 200 22 "GET http://172.18.0.197:8080/v1/AUTH_e2c76e4d27554fd5a4f85cce208b136f/gnocchi.3927f339-3916-42db-89af-c6d1f7cf2953/none_v3" "tx65d36c2690904796aaf4a-0069295fb7" "proxy-server 20" 0.0014 "-" 25 0
Nov 28 08:39:19 np0005538512 object-server[120599]: 172.20.0.104 - - [28/Nov/2025:08:39:19 +0000] "PUT /d1/455/AUTH_e2c76e4d27554fd5a4f85cce208b136f/gnocchi.b05f6e18-f773-481a-b203-583bf99b214d/1763640000.0_rate%3Amean_300.0_v3" 201 - "PUT http://172.18.0.197:8080/v1/AUTH_e2c76e4d27554fd5a4f85cce208b136f/gnocchi.b05f6e18-f773-481a-b203-583bf99b214d/1763640000.0_rate%3Amean_300.0_v3" "txaa500c2d1aa348a5a950d-0069295fb7" "proxy-server 20" 0.0128 "-" 23 0
Nov 28 08:39:19 np0005538512 container-server[120105]: 172.20.0.103 - - [28/Nov/2025:08:39:19 +0000] "PUT /d1/831/AUTH_e2c76e4d27554fd5a4f85cce208b136f/gnocchi.b05f6e18-f773-481a-b203-583bf99b214d/1763640000.0_rate%3Amean_300.0_v3" 201 - "PUT http://172.18.0.197:8080/d1/455/AUTH_e2c76e4d27554fd5a4f85cce208b136f/gnocchi.b05f6e18-f773-481a-b203-583bf99b214d/1763640000.0_rate%3Amean_300.0_v3" "txaa500c2d1aa348a5a950d-0069295fb7" "object-server 25" 0.0011 "-" 21 0
Nov 28 08:39:19 np0005538512 proxy-server[122023]: 172.18.0.105 172.18.0.104 28/Nov/2025/08/39/19 GET /v1/AUTH_e2c76e4d27554fd5a4f85cce208b136f/gnocchi.547cef1d-702d-4b82-8ce7-75fa4b1b728d/1763640000.0_rate%253Amean_300.0_v3 HTTP/1.0 200 - python-swiftclient-3.11.1 gAAAAABpKV5EJeK-... - 16 - tx999c75b9da8446afbdda6-0069295fb7 - 0.0116 - - 1764319159.387809277 1764319159.399381161 0
Nov 28 08:39:19 np0005538512 container-server[120123]: 172.20.0.105 - - [28/Nov/2025:08:39:19 +0000] "PUT /d1/831/AUTH_e2c76e4d27554fd5a4f85cce208b136f/gnocchi.b05f6e18-f773-481a-b203-583bf99b214d/1763640000.0_mean_300.0_v3" 201 - "PUT http://172.18.0.197:8080/d1/482/AUTH_e2c76e4d27554fd5a4f85cce208b136f/gnocchi.b05f6e18-f773-481a-b203-583bf99b214d/1763640000.0_mean_300.0_v3" "txeb4faa8801734dfc98acc-0069295fb7" "object-server 23" 0.0010 "-" 22 0
Nov 28 08:39:19 np0005538512 object-server[120599]: 172.20.0.103 - - [28/Nov/2025:08:39:19 +0000] "PUT /d1/482/AUTH_e2c76e4d27554fd5a4f85cce208b136f/gnocchi.b05f6e18-f773-481a-b203-583bf99b214d/1763640000.0_mean_300.0_v3" 201 - "PUT http://172.18.0.197:8080/v1/AUTH_e2c76e4d27554fd5a4f85cce208b136f/gnocchi.b05f6e18-f773-481a-b203-583bf99b214d/1763640000.0_mean_300.0_v3" "txeb4faa8801734dfc98acc-0069295fb7" "proxy-server 20" 0.0175 "-" 23 0
Nov 28 08:39:19 np0005538512 container-server[120100]: 172.20.0.104 - - [28/Nov/2025:08:39:19 +0000] "GET /d1/161/AUTH_e2c76e4d27554fd5a4f85cce208b136f/gnocchi.3927f339-3916-42db-89af-c6d1f7cf2953" 200 2 "GET http://172.18.0.197:8080/v1/AUTH_e2c76e4d27554fd5a4f85cce208b136f/gnocchi.3927f339-3916-42db-89af-c6d1f7cf2953?format=json&marker=none_v3&states=listing" "tx34a8f7f67db8412e8523b-0069295fb7" "proxy-server 20" 0.0053 "-" 20 0
Nov 28 08:39:19 np0005538512 container-server[120099]: 172.20.0.103 - - [28/Nov/2025:08:39:19 +0000] "PUT /d1/196/AUTH_e2c76e4d27554fd5a4f85cce208b136f/gnocchi.547cef1d-702d-4b82-8ce7-75fa4b1b728d/1763640000.0_mean_300.0_v3" 201 - "PUT http://172.18.0.197:8080/d1/13/AUTH_e2c76e4d27554fd5a4f85cce208b136f/gnocchi.547cef1d-702d-4b82-8ce7-75fa4b1b728d/1763640000.0_mean_300.0_v3" "tx1441128daa9e4585a2add-0069295fb7" "object-server 23" 0.0008 "-" 19 0
Nov 28 08:39:19 np0005538512 object-server[120571]: 172.20.0.105 - - [28/Nov/2025:08:39:19 +0000] "PUT /d1/13/AUTH_e2c76e4d27554fd5a4f85cce208b136f/gnocchi.547cef1d-702d-4b82-8ce7-75fa4b1b728d/1763640000.0_mean_300.0_v3" 201 - "PUT http://172.18.0.197:8080/v1/AUTH_e2c76e4d27554fd5a4f85cce208b136f/gnocchi.547cef1d-702d-4b82-8ce7-75fa4b1b728d/1763640000.0_mean_300.0_v3" "tx1441128daa9e4585a2add-0069295fb7" "proxy-server 20" 0.0141 "-" 22 0
Nov 28 08:39:19 np0005538512 proxy-server[122023]: 172.18.0.105 172.18.0.104 28/Nov/2025/08/39/19 PUT /v1/AUTH_e2c76e4d27554fd5a4f85cce208b136f/gnocchi.547cef1d-702d-4b82-8ce7-75fa4b1b728d/1763640000.0_mean_300.0_v3 HTTP/1.0 201 - python-swiftclient-3.11.1 gAAAAABpKV5EJeK-... 27 - - tx1441128daa9e4585a2add-0069295fb7 - 0.0306 - - 1764319159.404378176 1764319159.435018063 0
Nov 28 08:39:19 np0005538512 container-server[120100]: 172.20.0.104 - - [28/Nov/2025:08:39:19 +0000] "PUT /d1/831/AUTH_e2c76e4d27554fd5a4f85cce208b136f/gnocchi.b05f6e18-f773-481a-b203-583bf99b214d/none_v3" 201 - "PUT http://172.18.0.197:8080/d1/689/AUTH_e2c76e4d27554fd5a4f85cce208b136f/gnocchi.b05f6e18-f773-481a-b203-583bf99b214d/none_v3" "txc79c37a457324cd2bbd28-0069295fb7" "object-server 21" 0.0007 "-" 20 0
Nov 28 08:39:19 np0005538512 object-server[120571]: 172.20.0.104 - - [28/Nov/2025:08:39:19 +0000] "GET /d1/1003/AUTH_e2c76e4d27554fd5a4f85cce208b136f/gnocchi.3927f339-3916-42db-89af-c6d1f7cf2953/1763640000.0_rate%3Amean_300.0_v3" 404 70 "GET http://172.18.0.197:8080/v1/AUTH_e2c76e4d27554fd5a4f85cce208b136f/gnocchi.3927f339-3916-42db-89af-c6d1f7cf2953/1763640000.0_rate%3Amean_300.0_v3" "txde28a35390f24a80906fa-0069295fb7" "proxy-server 20" 0.0005 "-" 22 0
Nov 28 08:39:19 np0005538512 object-server[120634]: 172.20.0.103 - - [28/Nov/2025:08:39:19 +0000] "PUT /d1/689/AUTH_e2c76e4d27554fd5a4f85cce208b136f/gnocchi.b05f6e18-f773-481a-b203-583bf99b214d/none_v3" 201 - "PUT http://172.18.0.197:8080/v1/AUTH_e2c76e4d27554fd5a4f85cce208b136f/gnocchi.b05f6e18-f773-481a-b203-583bf99b214d/none_v3" "txc79c37a457324cd2bbd28-0069295fb7" "proxy-server 20" 0.0173 "-" 25 0
Nov 28 08:39:19 np0005538512 container-server[120099]: 172.20.0.105 - - [28/Nov/2025:08:39:19 +0000] "PUT /d1/196/AUTH_e2c76e4d27554fd5a4f85cce208b136f/gnocchi.547cef1d-702d-4b82-8ce7-75fa4b1b728d/1763640000.0_rate%3Amean_300.0_v3" 201 - "PUT http://172.18.0.197:8080/d1/794/AUTH_e2c76e4d27554fd5a4f85cce208b136f/gnocchi.547cef1d-702d-4b82-8ce7-75fa4b1b728d/1763640000.0_rate%3Amean_300.0_v3" "tx386298775cba4e1ea9e0c-0069295fb7" "object-server 23" 0.0007 "-" 19 0
Nov 28 08:39:19 np0005538512 object-server[120599]: 172.20.0.105 - - [28/Nov/2025:08:39:19 +0000] "PUT /d1/794/AUTH_e2c76e4d27554fd5a4f85cce208b136f/gnocchi.547cef1d-702d-4b82-8ce7-75fa4b1b728d/1763640000.0_rate%3Amean_300.0_v3" 201 - "PUT http://172.18.0.197:8080/v1/AUTH_e2c76e4d27554fd5a4f85cce208b136f/gnocchi.547cef1d-702d-4b82-8ce7-75fa4b1b728d/1763640000.0_rate%3Amean_300.0_v3" "tx386298775cba4e1ea9e0c-0069295fb7" "proxy-server 20" 0.0105 "-" 23 0
Nov 28 08:39:19 np0005538512 proxy-server[122023]: 172.18.0.105 172.18.0.104 28/Nov/2025/08/39/19 PUT /v1/AUTH_e2c76e4d27554fd5a4f85cce208b136f/gnocchi.547cef1d-702d-4b82-8ce7-75fa4b1b728d/1763640000.0_rate%253Amean_300.0_v3 HTTP/1.0 201 - python-swiftclient-3.11.1 gAAAAABpKV5EJeK-... 16 - - tx386298775cba4e1ea9e0c-0069295fb7 - 0.0297 - - 1764319159.442804813 1764319159.472458124 0
Nov 28 08:39:19 np0005538512 container-server[120099]: 172.20.0.105 - - [28/Nov/2025:08:39:19 +0000] "PUT /d1/161/AUTH_e2c76e4d27554fd5a4f85cce208b136f/gnocchi.3927f339-3916-42db-89af-c6d1f7cf2953/1763640000.0_rate%3Amean_300.0_v3" 201 - "PUT http://172.18.0.197:8080/d1/1003/AUTH_e2c76e4d27554fd5a4f85cce208b136f/gnocchi.3927f339-3916-42db-89af-c6d1f7cf2953/1763640000.0_rate%3Amean_300.0_v3" "txd0498cf51546497b9560e-0069295fb7" "object-server 25" 0.0007 "-" 19 0
Nov 28 08:39:19 np0005538512 object-server[120634]: 172.20.0.103 - - [28/Nov/2025:08:39:19 +0000] "PUT /d1/1003/AUTH_e2c76e4d27554fd5a4f85cce208b136f/gnocchi.3927f339-3916-42db-89af-c6d1f7cf2953/1763640000.0_rate%3Amean_300.0_v3" 201 - "PUT http://172.18.0.197:8080/v1/AUTH_e2c76e4d27554fd5a4f85cce208b136f/gnocchi.3927f339-3916-42db-89af-c6d1f7cf2953/1763640000.0_rate%3Amean_300.0_v3" "txd0498cf51546497b9560e-0069295fb7" "proxy-server 20" 0.0141 "-" 25 0
Nov 28 08:39:19 np0005538512 container-server[120105]: 172.20.0.104 - - [28/Nov/2025:08:39:19 +0000] "PUT /d1/196/AUTH_e2c76e4d27554fd5a4f85cce208b136f/gnocchi.547cef1d-702d-4b82-8ce7-75fa4b1b728d/none_v3" 201 - "PUT http://172.18.0.197:8080/d1/760/AUTH_e2c76e4d27554fd5a4f85cce208b136f/gnocchi.547cef1d-702d-4b82-8ce7-75fa4b1b728d/none_v3" "tx7ebaed364701483d877e2-0069295fb7" "object-server 23" 0.0008 "-" 21 0
Nov 28 08:39:19 np0005538512 object-server[120619]: 172.20.0.105 - - [28/Nov/2025:08:39:19 +0000] "PUT /d1/760/AUTH_e2c76e4d27554fd5a4f85cce208b136f/gnocchi.547cef1d-702d-4b82-8ce7-75fa4b1b728d/none_v3" 201 - "PUT http://172.18.0.197:8080/v1/AUTH_e2c76e4d27554fd5a4f85cce208b136f/gnocchi.547cef1d-702d-4b82-8ce7-75fa4b1b728d/none_v3" "tx7ebaed364701483d877e2-0069295fb7" "proxy-server 20" 0.0136 "-" 24 0
Nov 28 08:39:19 np0005538512 proxy-server[122023]: 172.18.0.105 172.18.0.104 28/Nov/2025/08/39/19 PUT /v1/AUTH_e2c76e4d27554fd5a4f85cce208b136f/gnocchi.547cef1d-702d-4b82-8ce7-75fa4b1b728d/none_v3 HTTP/1.0 201 - python-swiftclient-3.11.1 gAAAAABpKV5EJeK-... 34 - - tx7ebaed364701483d877e2-0069295fb7 - 0.0289 - - 1764319159.481209040 1764319159.510155916 0
Nov 28 08:39:19 np0005538512 container-server[120123]: 172.20.0.105 - - [28/Nov/2025:08:39:19 +0000] "GET /d1/433/AUTH_e2c76e4d27554fd5a4f85cce208b136f/gnocchi.f94d0f81-485c-443e-8763-91d3db4e7263" 200 2 "GET http://172.18.0.197:8080/v1/AUTH_e2c76e4d27554fd5a4f85cce208b136f/gnocchi.f94d0f81-485c-443e-8763-91d3db4e7263?format=json&marker=none_v3&states=listing" "tx013ea1f807ec42c2853bf-0069295fb7" "proxy-server 20" 0.0051 "-" 22 0
Nov 28 08:39:19 np0005538512 container-server[120099]: 172.20.0.104 - - [28/Nov/2025:08:39:19 +0000] "PUT /d1/161/AUTH_e2c76e4d27554fd5a4f85cce208b136f/gnocchi.3927f339-3916-42db-89af-c6d1f7cf2953/1763640000.0_mean_300.0_v3" 201 - "PUT http://172.18.0.197:8080/d1/819/AUTH_e2c76e4d27554fd5a4f85cce208b136f/gnocchi.3927f339-3916-42db-89af-c6d1f7cf2953/1763640000.0_mean_300.0_v3" "tx77ac5b17c39c46049d90d-0069295fb7" "object-server 24" 0.0007 "-" 19 0
Nov 28 08:39:19 np0005538512 object-server[120619]: 172.20.0.103 - - [28/Nov/2025:08:39:19 +0000] "PUT /d1/819/AUTH_e2c76e4d27554fd5a4f85cce208b136f/gnocchi.3927f339-3916-42db-89af-c6d1f7cf2953/1763640000.0_mean_300.0_v3" 201 - "PUT http://172.18.0.197:8080/v1/AUTH_e2c76e4d27554fd5a4f85cce208b136f/gnocchi.3927f339-3916-42db-89af-c6d1f7cf2953/1763640000.0_mean_300.0_v3" "tx77ac5b17c39c46049d90d-0069295fb7" "proxy-server 20" 0.0120 "-" 24 0
Nov 28 08:39:19 np0005538512 proxy-server[122023]: 172.18.0.197 172.18.0.104 28/Nov/2025/08/39/19 GET /v1/AUTH_e2c76e4d27554fd5a4f85cce208b136f/gnocchi.f94d0f81-485c-443e-8763-91d3db4e7263%3Fformat%3Djson%26marker%3Dnone_v3%26states%3Dlisting HTTP/1.0 200 - python-swiftclient-3.11.1 gAAAAABpKV47sBxn... - 2 - tx013ea1f807ec42c2853bf-0069295fb7 - 0.0165 - - 1764319159.518986940 1764319159.535502672 0
Nov 28 08:39:19 np0005538512 object-server[120599]: 172.20.0.104 - - [28/Nov/2025:08:39:19 +0000] "GET /d1/272/AUTH_e2c76e4d27554fd5a4f85cce208b136f/gnocchi.f94d0f81-485c-443e-8763-91d3db4e7263/1763640000.0_rate%3Amean_300.0_v3" 404 70 "GET http://172.18.0.197:8080/v1/AUTH_e2c76e4d27554fd5a4f85cce208b136f/gnocchi.f94d0f81-485c-443e-8763-91d3db4e7263/1763640000.0_rate%3Amean_300.0_v3" "txbe085f9647b345b196c91-0069295fb7" "proxy-server 20" 0.0004 "-" 23 0
Nov 28 08:39:19 np0005538512 object-server[120599]: 172.20.0.105 - - [28/Nov/2025:08:39:19 +0000] "PUT /d1/151/AUTH_e2c76e4d27554fd5a4f85cce208b136f/gnocchi.3927f339-3916-42db-89af-c6d1f7cf2953/none_v3" 201 - "PUT http://172.18.0.197:8080/v1/AUTH_e2c76e4d27554fd5a4f85cce208b136f/gnocchi.3927f339-3916-42db-89af-c6d1f7cf2953/none_v3" "tx792c9066cce44b298bfcb-0069295fb7" "proxy-server 20" 0.0112 "-" 23 0
Nov 28 08:39:19 np0005538512 container-server[120105]: 172.20.0.103 - - [28/Nov/2025:08:39:19 +0000] "PUT /d1/161/AUTH_e2c76e4d27554fd5a4f85cce208b136f/gnocchi.3927f339-3916-42db-89af-c6d1f7cf2953/none_v3" 201 - "PUT http://172.18.0.197:8080/d1/151/AUTH_e2c76e4d27554fd5a4f85cce208b136f/gnocchi.3927f339-3916-42db-89af-c6d1f7cf2953/none_v3" "tx792c9066cce44b298bfcb-0069295fb7" "object-server 24" 0.0007 "-" 21 0
Nov 28 08:39:19 np0005538512 proxy-server[122023]: 172.18.0.103 172.18.0.104 28/Nov/2025/08/39/19 PUT /v1/AUTH_e2c76e4d27554fd5a4f85cce208b136f/gnocchi.3927f339-3916-42db-89af-c6d1f7cf2953/none_v3 HTTP/1.0 201 - python-swiftclient-3.11.1 gAAAAABpKV38a7pX... 33 - - tx792c9066cce44b298bfcb-0069295fb7 - 0.0221 - - 1764319159.542233944 1764319159.564369202 0
Nov 28 08:39:19 np0005538512 proxy-server[122023]: 172.18.0.103 172.18.0.104 28/Nov/2025/08/39/19 GET /v1/AUTH_e2c76e4d27554fd5a4f85cce208b136f/gnocchi.baf5a52d-b193-44c5-9d75-855be0f5fceb/none_v3 HTTP/1.0 200 - python-swiftclient-3.11.1 gAAAAABpKV38a7pX... - 22 - txdcff727a459441cc88d85-0069295fb7 - 0.0172 - - 1764319159.585024357 1764319159.602190256 0
Nov 28 08:39:19 np0005538512 container-server[120105]: 172.20.0.104 - - [28/Nov/2025:08:39:19 +0000] "PUT /d1/433/AUTH_e2c76e4d27554fd5a4f85cce208b136f/gnocchi.f94d0f81-485c-443e-8763-91d3db4e7263/1763640000.0_rate%3Amean_300.0_v3" 201 - "PUT http://172.18.0.197:8080/d1/272/AUTH_e2c76e4d27554fd5a4f85cce208b136f/gnocchi.f94d0f81-485c-443e-8763-91d3db4e7263/1763640000.0_rate%3Amean_300.0_v3" "tx01ed28ffc4374d9eae034-0069295fb7" "object-server 21" 0.0008 "-" 21 0
Nov 28 08:39:19 np0005538512 object-server[120599]: 172.20.0.104 - - [28/Nov/2025:08:39:19 +0000] "PUT /d1/272/AUTH_e2c76e4d27554fd5a4f85cce208b136f/gnocchi.f94d0f81-485c-443e-8763-91d3db4e7263/1763640000.0_rate%3Amean_300.0_v3" 201 - "PUT http://172.18.0.197:8080/v1/AUTH_e2c76e4d27554fd5a4f85cce208b136f/gnocchi.f94d0f81-485c-443e-8763-91d3db4e7263/1763640000.0_rate%3Amean_300.0_v3" "tx01ed28ffc4374d9eae034-0069295fb7" "proxy-server 20" 0.0194 "-" 23 0
Nov 28 08:39:19 np0005538512 container-server[120100]: 172.20.0.103 - - [28/Nov/2025:08:39:19 +0000] "PUT /d1/433/AUTH_e2c76e4d27554fd5a4f85cce208b136f/gnocchi.f94d0f81-485c-443e-8763-91d3db4e7263/1763640000.0_mean_300.0_v3" 201 - "PUT http://172.18.0.197:8080/d1/925/AUTH_e2c76e4d27554fd5a4f85cce208b136f/gnocchi.f94d0f81-485c-443e-8763-91d3db4e7263/1763640000.0_mean_300.0_v3" "tx66e67fa1ae3d422694c3e-0069295fb7" "object-server 24" 0.0010 "-" 20 0
Nov 28 08:39:19 np0005538512 object-server[120634]: 172.20.0.105 - - [28/Nov/2025:08:39:19 +0000] "PUT /d1/925/AUTH_e2c76e4d27554fd5a4f85cce208b136f/gnocchi.f94d0f81-485c-443e-8763-91d3db4e7263/1763640000.0_mean_300.0_v3" 201 - "PUT http://172.18.0.197:8080/v1/AUTH_e2c76e4d27554fd5a4f85cce208b136f/gnocchi.f94d0f81-485c-443e-8763-91d3db4e7263/1763640000.0_mean_300.0_v3" "tx66e67fa1ae3d422694c3e-0069295fb7" "proxy-server 20" 0.0146 "-" 25 0
Nov 28 08:39:19 np0005538512 proxy-server[122023]: 172.18.0.197 172.18.0.104 28/Nov/2025/08/39/19 PUT /v1/AUTH_e2c76e4d27554fd5a4f85cce208b136f/gnocchi.f94d0f81-485c-443e-8763-91d3db4e7263/1763640000.0_mean_300.0_v3 HTTP/1.0 201 - python-swiftclient-3.11.1 gAAAAABpKV47sBxn... 23 - - tx66e67fa1ae3d422694c3e-0069295fb7 - 0.0250 - - 1764319159.621224165 1764319159.646200180 0
Nov 28 08:39:19 np0005538512 object-server[120599]: 172.20.0.105 - - [28/Nov/2025:08:39:19 +0000] "GET /d1/971/AUTH_e2c76e4d27554fd5a4f85cce208b136f/gnocchi.baf5a52d-b193-44c5-9d75-855be0f5fceb/1763640000.0_rate%3Amean_300.0_v3" 404 70 "GET http://172.18.0.197:8080/v1/AUTH_e2c76e4d27554fd5a4f85cce208b136f/gnocchi.baf5a52d-b193-44c5-9d75-855be0f5fceb/1763640000.0_rate%3Amean_300.0_v3" "tx967186cc8f1440ea9731d-0069295fb7" "proxy-server 20" 0.0007 "-" 23 0
Nov 28 08:39:19 np0005538512 proxy-server[122023]: 172.18.0.103 172.18.0.104 28/Nov/2025/08/39/19 GET /v1/AUTH_e2c76e4d27554fd5a4f85cce208b136f/gnocchi.baf5a52d-b193-44c5-9d75-855be0f5fceb/1763640000.0_rate%253Amean_300.0_v3 HTTP/1.0 404 - python-swiftclient-3.11.1 gAAAAABpKV38a7pX... - 70 - tx967186cc8f1440ea9731d-0069295fb7 - 0.0196 - - 1764319159.660793781 1764319159.680406332 0
Nov 28 08:39:19 np0005538512 container-server[120123]: 172.20.0.105 - - [28/Nov/2025:08:39:19 +0000] "PUT /d1/433/AUTH_e2c76e4d27554fd5a4f85cce208b136f/gnocchi.f94d0f81-485c-443e-8763-91d3db4e7263/none_v3" 201 - "PUT http://172.18.0.197:8080/d1/975/AUTH_e2c76e4d27554fd5a4f85cce208b136f/gnocchi.f94d0f81-485c-443e-8763-91d3db4e7263/none_v3" "tx9dd343aa0e7b4aa4b3ba5-0069295fb7" "object-server 25" 0.0010 "-" 22 0
Nov 28 08:39:19 np0005538512 object-server[120634]: 172.20.0.103 - - [28/Nov/2025:08:39:19 +0000] "PUT /d1/975/AUTH_e2c76e4d27554fd5a4f85cce208b136f/gnocchi.f94d0f81-485c-443e-8763-91d3db4e7263/none_v3" 201 - "PUT http://172.18.0.197:8080/v1/AUTH_e2c76e4d27554fd5a4f85cce208b136f/gnocchi.f94d0f81-485c-443e-8763-91d3db4e7263/none_v3" "tx9dd343aa0e7b4aa4b3ba5-0069295fb7" "proxy-server 20" 0.0203 "-" 25 0
Nov 28 08:39:19 np0005538512 container-server[120099]: 172.20.0.104 - - [28/Nov/2025:08:39:19 +0000] "PUT /d1/541/AUTH_e2c76e4d27554fd5a4f85cce208b136f/gnocchi.baf5a52d-b193-44c5-9d75-855be0f5fceb/1763640000.0_rate%3Amean_300.0_v3" 201 - "PUT http://172.18.0.197:8080/d1/971/AUTH_e2c76e4d27554fd5a4f85cce208b136f/gnocchi.baf5a52d-b193-44c5-9d75-855be0f5fceb/1763640000.0_rate%3Amean_300.0_v3" "txd50d8ce5435f4a1eb3bf0-0069295fb7" "object-server 24" 0.0009 "-" 19 0
Nov 28 08:39:19 np0005538512 object-server[120619]: 172.20.0.105 - - [28/Nov/2025:08:39:19 +0000] "PUT /d1/971/AUTH_e2c76e4d27554fd5a4f85cce208b136f/gnocchi.baf5a52d-b193-44c5-9d75-855be0f5fceb/1763640000.0_rate%3Amean_300.0_v3" 201 - "PUT http://172.18.0.197:8080/v1/AUTH_e2c76e4d27554fd5a4f85cce208b136f/gnocchi.baf5a52d-b193-44c5-9d75-855be0f5fceb/1763640000.0_rate%3Amean_300.0_v3" "txd50d8ce5435f4a1eb3bf0-0069295fb7" "proxy-server 20" 0.0166 "-" 24 0
Nov 28 08:39:19 np0005538512 proxy-server[122023]: 172.18.0.103 172.18.0.104 28/Nov/2025/08/39/19 PUT /v1/AUTH_e2c76e4d27554fd5a4f85cce208b136f/gnocchi.baf5a52d-b193-44c5-9d75-855be0f5fceb/1763640000.0_rate%253Amean_300.0_v3 HTTP/1.0 201 - python-swiftclient-3.11.1 gAAAAABpKV38a7pX... 16 - - txd50d8ce5435f4a1eb3bf0-0069295fb7 - 0.0298 - - 1764319159.700721741 1764319159.730547905 0
Nov 28 08:39:19 np0005538512 container-server[120100]: 172.20.0.104 - - [28/Nov/2025:08:39:19 +0000] "PUT /d1/541/AUTH_e2c76e4d27554fd5a4f85cce208b136f/gnocchi.baf5a52d-b193-44c5-9d75-855be0f5fceb/1763640000.0_mean_300.0_v3" 201 - "PUT http://172.18.0.197:8080/d1/329/AUTH_e2c76e4d27554fd5a4f85cce208b136f/gnocchi.baf5a52d-b193-44c5-9d75-855be0f5fceb/1763640000.0_mean_300.0_v3" "txe41c2f1137f74a7da4212-0069295fb7" "object-server 22" 0.0009 "-" 20 0
Nov 28 08:39:19 np0005538512 object-server[120571]: 172.20.0.103 - - [28/Nov/2025:08:39:19 +0000] "PUT /d1/329/AUTH_e2c76e4d27554fd5a4f85cce208b136f/gnocchi.baf5a52d-b193-44c5-9d75-855be0f5fceb/1763640000.0_mean_300.0_v3" 201 - "PUT http://172.18.0.197:8080/v1/AUTH_e2c76e4d27554fd5a4f85cce208b136f/gnocchi.baf5a52d-b193-44c5-9d75-855be0f5fceb/1763640000.0_mean_300.0_v3" "txe41c2f1137f74a7da4212-0069295fb7" "proxy-server 20" 0.0125 "-" 22 0
Nov 28 08:39:19 np0005538512 container-server[120105]: 172.20.0.105 - - [28/Nov/2025:08:39:19 +0000] "PUT /d1/541/AUTH_e2c76e4d27554fd5a4f85cce208b136f/gnocchi.baf5a52d-b193-44c5-9d75-855be0f5fceb/none_v3" 201 - "PUT http://172.18.0.197:8080/d1/211/AUTH_e2c76e4d27554fd5a4f85cce208b136f/gnocchi.baf5a52d-b193-44c5-9d75-855be0f5fceb/none_v3" "tx83e27a9ab11347849ff68-0069295fb7" "object-server 22" 0.0009 "-" 21 0
Nov 28 08:39:19 np0005538512 object-server[120571]: 172.20.0.104 - - [28/Nov/2025:08:39:19 +0000] "PUT /d1/211/AUTH_e2c76e4d27554fd5a4f85cce208b136f/gnocchi.baf5a52d-b193-44c5-9d75-855be0f5fceb/none_v3" 201 - "PUT http://172.18.0.197:8080/v1/AUTH_e2c76e4d27554fd5a4f85cce208b136f/gnocchi.baf5a52d-b193-44c5-9d75-855be0f5fceb/none_v3" "tx83e27a9ab11347849ff68-0069295fb7" "proxy-server 20" 0.0115 "-" 22 0
Nov 28 08:39:20 np0005538512 container-server[119769]: Beginning replication run
Nov 28 08:39:20 np0005538512 object-server[120293]: 48/48 (100.00%) partitions replicated in 1.16s (41.41/sec, 0s remaining)
Nov 28 08:39:20 np0005538512 object-server[120293]: 96 successes, 0 failures
Nov 28 08:39:20 np0005538512 object-server[120293]: 49 suffixes checked - 53.06% hashed, 0.00% synced
Nov 28 08:39:20 np0005538512 object-server[120293]: Partition times: max 0.0384s, min 0.0070s, med 0.0316s
Nov 28 08:39:20 np0005538512 object-server[120293]: Object replication complete. (0.02 minutes)
Nov 28 08:39:20 np0005538512 container-server[119769]: Replication run OVER
Nov 28 08:39:20 np0005538512 container-server[119769]: Attempted to replicate 22 dbs in 0.79189 seconds (27.78164/s)
Nov 28 08:39:20 np0005538512 container-server[119769]: Removed 0 dbs
Nov 28 08:39:20 np0005538512 container-server[119769]: 44 successes, 0 failures
Nov 28 08:39:20 np0005538512 container-server[119769]: diff:0 diff_capped:0 empty:0 hashmatch:0 no_change:44 remote_merge:0 rsync:0 ts_repl:0
Nov 28 08:39:22 np0005538512 account-server[119512]: Beginning replication run
Nov 28 08:39:22 np0005538512 account-server[119512]: Replication run OVER
Nov 28 08:39:22 np0005538512 account-server[119512]: Attempted to replicate 1 dbs in 0.01826 seconds (54.76635/s)
Nov 28 08:39:22 np0005538512 account-server[119512]: Removed 0 dbs
Nov 28 08:39:22 np0005538512 account-server[119512]: 2 successes, 0 failures
Nov 28 08:39:22 np0005538512 account-server[119512]: diff:0 diff_capped:0 empty:0 hashmatch:0 no_change:2 remote_merge:0 rsync:0 ts_repl:0
Nov 28 08:39:26 np0005538512 object-server[249755]: Begin object audit "forever" mode (ALL)
Nov 28 08:39:26 np0005538512 object-server[249754]: Begin object audit "forever" mode (ZBF)
Nov 28 08:39:26 np0005538512 object-server[249754]: Object audit (ZBF). Since Fri Nov 28 08:39:26 2025: Locally: 1 passed, 0 quarantined, 0 errors, files/sec: 661.46, bytes/sec: 0.00, Total time: 0.00, Auditing time: 0.00, Rate: 0.00
Nov 28 08:39:26 np0005538512 object-server[249755]: Object audit (ALL). Since Fri Nov 28 08:39:26 2025: Locally: 1 passed, 0 quarantined, 0 errors, files/sec: 100.52, bytes/sec: 1608.36, Total time: 0.01, Auditing time: 0.00, Rate: 0.00
Nov 28 08:39:27 np0005538512 object-server[249754]: Object audit (ZBF) "forever" mode completed: 1.12s. Total quarantined: 0, Total errors: 0, Total files/sec: 50.76, Total bytes/sec: 0.00, Auditing time: 1.11, Rate: 0.99
Nov 28 08:39:29 np0005538512 object-server[249755]: Object audit (ALL) "forever" mode completed: 2.81s. Total quarantined: 0, Total errors: 0, Total files/sec: 20.28, Total bytes/sec: 469.61, Auditing time: 2.79, Rate: 0.99
Nov 28 08:39:43 np0005538512 account-server[119993]: 172.20.0.105 - - [28/Nov/2025:08:39:43 +0000] "HEAD /d1/46/.expiring_objects" 404 - "HEAD http://localhost/v1/.expiring_objects?format=json" "tx9a9b925df356446e83216-0069295fcf" "proxy-server 2" 0.0005 "-" 20 -
Nov 28 08:39:43 np0005538512 object-expirer[120149]: Pass completed in 0s; 0 objects expired (txn: tx9a9b925df356446e83216-0069295fcf)
Nov 28 08:39:45 np0005538512 container-server[120031]: Begin container update sweep
Nov 28 08:39:45 np0005538512 account-server[120013]: 172.20.0.105 - - [28/Nov/2025:08:39:45 +0000] "PUT /d1/535/AUTH_e2c76e4d27554fd5a4f85cce208b136f/gnocchi.59b94bd8-604d-4756-a0ea-d604c290d93c" 201 - "-" "-" "container-updater 2" 0.0007 "-" 21 0
Nov 28 08:39:45 np0005538512 account-server[120013]: 172.20.0.105 - - [28/Nov/2025:08:39:45 +0000] "PUT /d1/535/AUTH_e2c76e4d27554fd5a4f85cce208b136f/gnocchi.e7808e08-cb0c-4239-94c4-f4d83524641c" 201 - "-" "-" "container-updater 2" 0.0004 "-" 21 0
Nov 28 08:39:46 np0005538512 account-server[120035]: 172.20.0.105 - - [28/Nov/2025:08:39:46 +0000] "PUT /d1/535/AUTH_e2c76e4d27554fd5a4f85cce208b136f/gnocchi.cff1c426-26ad-4c2f-bbfb-cf7808f4ddba" 201 - "-" "-" "container-updater 2" 0.0007 "-" 23 0
Nov 28 08:39:46 np0005538512 account-server[120035]: 172.20.0.105 - - [28/Nov/2025:08:39:46 +0000] "PUT /d1/535/AUTH_e2c76e4d27554fd5a4f85cce208b136f/gnocchi.a851009b-1bdc-4a6a-ab69-57b039cf6772" 201 - "-" "-" "container-updater 2" 0.0010 "-" 23 0
Nov 28 08:39:46 np0005538512 account-server[120030]: 172.20.0.105 - - [28/Nov/2025:08:39:46 +0000] "PUT /d1/535/AUTH_e2c76e4d27554fd5a4f85cce208b136f/gnocchi.19ba5cf6-206e-46fa-82bd-912eb11d504b" 201 - "-" "-" "container-updater 2" 0.0008 "-" 22 0
Nov 28 08:39:46 np0005538512 account-server[120013]: 172.20.0.105 - - [28/Nov/2025:08:39:46 +0000] "PUT /d1/535/AUTH_e2c76e4d27554fd5a4f85cce208b136f/gnocchi.97b432a6-dfa0-480b-b6a7-a919af48417d" 201 - "-" "-" "container-updater 2" 0.0007 "-" 21 0
Nov 28 08:39:46 np0005538512 account-server[120030]: 172.20.0.105 - - [28/Nov/2025:08:39:46 +0000] "PUT /d1/535/AUTH_e2c76e4d27554fd5a4f85cce208b136f/gnocchi.baf5a52d-b193-44c5-9d75-855be0f5fceb" 201 - "-" "-" "container-updater 2" 0.0007 "-" 22 0
Nov 28 08:39:46 np0005538512 account-server[120030]: 172.20.0.105 - - [28/Nov/2025:08:39:46 +0000] "PUT /d1/535/AUTH_e2c76e4d27554fd5a4f85cce208b136f/gnocchi.547cef1d-702d-4b82-8ce7-75fa4b1b728d" 201 - "-" "-" "container-updater 2" 0.0006 "-" 22 0
Nov 28 08:39:46 np0005538512 account-server[120030]: 172.20.0.105 - - [28/Nov/2025:08:39:46 +0000] "PUT /d1/535/AUTH_e2c76e4d27554fd5a4f85cce208b136f/gnocchi.cd6579fb-991d-4443-9aba-0b95219eb447" 201 - "-" "-" "container-updater 2" 0.0009 "-" 22 0
Nov 28 08:39:47 np0005538512 account-server[120035]: 172.20.0.105 - - [28/Nov/2025:08:39:47 +0000] "PUT /d1/535/AUTH_e2c76e4d27554fd5a4f85cce208b136f/gnocchi.3927f339-3916-42db-89af-c6d1f7cf2953" 201 - "-" "-" "container-updater 2" 0.0007 "-" 23 0
Nov 28 08:39:47 np0005538512 account-server[119993]: 172.20.0.105 - - [28/Nov/2025:08:39:47 +0000] "PUT /d1/535/AUTH_e2c76e4d27554fd5a4f85cce208b136f/gnocchi.b05f6e18-f773-481a-b203-583bf99b214d" 201 - "-" "-" "container-updater 2" 0.0006 "-" 20 0
Nov 28 08:39:47 np0005538512 account-server[119993]: 172.20.0.105 - - [28/Nov/2025:08:39:47 +0000] "PUT /d1/535/AUTH_e2c76e4d27554fd5a4f85cce208b136f/gnocchi.5fd37d51-d442-4b07-bbe5-080c2e3c0d32" 201 - "-" "-" "container-updater 2" 0.0006 "-" 20 0
Nov 28 08:39:47 np0005538512 account-server[120035]: 172.20.0.105 - - [28/Nov/2025:08:39:47 +0000] "PUT /d1/535/AUTH_e2c76e4d27554fd5a4f85cce208b136f/gnocchi.7b949dec-daa2-4106-9f8c-6beac0d84399" 201 - "-" "-" "container-updater 2" 0.0007 "-" 23 0
Nov 28 08:39:47 np0005538512 account-server[119993]: 172.20.0.105 - - [28/Nov/2025:08:39:47 +0000] "PUT /d1/535/AUTH_e2c76e4d27554fd5a4f85cce208b136f/gnocchi.f94d0f81-485c-443e-8763-91d3db4e7263" 201 - "-" "-" "container-updater 2" 0.0008 "-" 20 0
Nov 28 08:39:47 np0005538512 container-server[120031]: Container update sweep completed: 2.17s
Nov 28 08:39:50 np0005538512 container-server[119769]: Beginning replication run
Nov 28 08:39:50 np0005538512 object-server[120293]: Starting object replication pass.
Nov 28 08:39:50 np0005538512 container-server[119769]: Replication run OVER
Nov 28 08:39:50 np0005538512 container-server[119769]: Attempted to replicate 22 dbs in 0.43964 seconds (50.04150/s)
Nov 28 08:39:50 np0005538512 container-server[119769]: Removed 0 dbs
Nov 28 08:39:50 np0005538512 container-server[119769]: 44 successes, 0 failures
Nov 28 08:39:50 np0005538512 container-server[119769]: diff:0 diff_capped:0 empty:0 hashmatch:0 no_change:44 remote_merge:0 rsync:0 ts_repl:0
Nov 28 08:39:50 np0005538512 object-server[120293]: 56/56 (100.00%) partitions replicated in 0.52s (108.27/sec, 0s remaining)
Nov 28 08:39:50 np0005538512 object-server[120293]: 112 successes, 0 failures
Nov 28 08:39:50 np0005538512 object-server[120293]: 57 suffixes checked - 0.00% hashed, 0.00% synced
Nov 28 08:39:50 np0005538512 object-server[120293]: Partition times: max 0.0429s, min 0.0066s, med 0.0081s
Nov 28 08:39:50 np0005538512 object-server[120293]: Object replication complete. (0.01 minutes)
Nov 28 08:39:52 np0005538512 account-server[119512]: Beginning replication run
Nov 28 08:39:52 np0005538512 account-server[119512]: Replication run OVER
Nov 28 08:39:52 np0005538512 account-server[119512]: Attempted to replicate 1 dbs in 0.04788 seconds (20.88345/s)
Nov 28 08:39:52 np0005538512 account-server[119512]: Removed 0 dbs
Nov 28 08:39:52 np0005538512 account-server[119512]: 2 successes, 0 failures
Nov 28 08:39:52 np0005538512 account-server[119512]: diff:0 diff_capped:0 empty:0 hashmatch:0 no_change:2 remote_merge:0 rsync:0 ts_repl:0
Nov 28 08:39:57 np0005538512 object-server[249800]: Begin object audit "forever" mode (ZBF)
Nov 28 08:39:57 np0005538512 object-server[249800]: Object audit (ZBF). Since Fri Nov 28 08:39:57 2025: Locally: 1 passed, 0 quarantined, 0 errors, files/sec: 894.88, bytes/sec: 0.00, Total time: 0.00, Auditing time: 0.00, Rate: 0.00
