Nov 28 08:34:19 np0005538512 object-server[120619]: 172.20.0.105 - - [28/Nov/2025:08:34:19 +0000] "GET /d1/13/AUTH_e2c76e4d27554fd5a4f85cce208b136f/gnocchi.547cef1d-702d-4b82-8ce7-75fa4b1b728d/1763640000.0_mean_300.0_v3" 404 70 "GET http://172.18.0.197:8080/v1/AUTH_e2c76e4d27554fd5a4f85cce208b136f/gnocchi.547cef1d-702d-4b82-8ce7-75fa4b1b728d/1763640000.0_mean_300.0_v3" "tx283e733a77374e7b801f9-0069295e8b" "proxy-server 20" 0.0006 "-" 24 0
Nov 28 08:34:19 np0005538512 proxy-server[122023]: 172.18.0.105 172.18.0.104 28/Nov/2025/08/34/19 GET /v1/AUTH_e2c76e4d27554fd5a4f85cce208b136f/gnocchi.547cef1d-702d-4b82-8ce7-75fa4b1b728d/1763640000.0_mean_300.0_v3 HTTP/1.0 404 - python-swiftclient-3.11.1 gAAAAABpKV5EJeK-... - 70 - tx283e733a77374e7b801f9-0069295e8b - 0.0178 - - 1764318859.147214890 1764318859.165045738 0
Nov 28 08:34:19 np0005538512 container-server[120099]: 172.20.0.103 - - [28/Nov/2025:08:34:19 +0000] "GET /d1/298/AUTH_e2c76e4d27554fd5a4f85cce208b136f/gnocchi.19ba5cf6-206e-46fa-82bd-912eb11d504b" 200 2 "GET http://172.18.0.197:8080/v1/AUTH_e2c76e4d27554fd5a4f85cce208b136f/gnocchi.19ba5cf6-206e-46fa-82bd-912eb11d504b?format=json&states=listing" "tx1455253e1ec1482db5727-0069295e8b" "proxy-server 20" 0.0037 "-" 19 0
Nov 28 08:34:19 np0005538512 container-server[120123]: 172.20.0.104 - - [28/Nov/2025:08:34:19 +0000] "HEAD /d1/844/AUTH_e2c76e4d27554fd5a4f85cce208b136f/gnocchi.e7808e08-cb0c-4239-94c4-f4d83524641c" 204 - "HEAD http://172.18.0.197:8080/v1/AUTH_e2c76e4d27554fd5a4f85cce208b136f/gnocchi.e7808e08-cb0c-4239-94c4-f4d83524641c?format=json&states=listing" "txdd9cf52b90114d91ba8bf-0069295e8b" "proxy-server 20" 0.0016 "-" 22 0
Nov 28 08:34:19 np0005538512 container-server[120100]: 172.20.0.104 - - [28/Nov/2025:08:34:19 +0000] "GET /d1/844/AUTH_e2c76e4d27554fd5a4f85cce208b136f/gnocchi.e7808e08-cb0c-4239-94c4-f4d83524641c" 200 2 "GET http://172.18.0.197:8080/v1/AUTH_e2c76e4d27554fd5a4f85cce208b136f/gnocchi.e7808e08-cb0c-4239-94c4-f4d83524641c?format=json&states=listing" "txdd9cf52b90114d91ba8bf-0069295e8b" "proxy-server 20" 0.0030 "-" 20 0
Nov 28 08:34:19 np0005538512 object-server[120634]: 172.20.0.103 - - [28/Nov/2025:08:34:19 +0000] "GET /d1/833/AUTH_e2c76e4d27554fd5a4f85cce208b136f/gnocchi.19ba5cf6-206e-46fa-82bd-912eb11d504b/1763640000.0_mean_300.0_v3" 404 70 "GET http://172.18.0.197:8080/v1/AUTH_e2c76e4d27554fd5a4f85cce208b136f/gnocchi.19ba5cf6-206e-46fa-82bd-912eb11d504b/1763640000.0_mean_300.0_v3" "tx85142550b6674282817b1-0069295e8b" "proxy-server 20" 0.0007 "-" 25 0
Nov 28 08:34:19 np0005538512 object-server[120619]: 172.20.0.105 - - [28/Nov/2025:08:34:19 +0000] "PUT /d1/13/AUTH_e2c76e4d27554fd5a4f85cce208b136f/gnocchi.547cef1d-702d-4b82-8ce7-75fa4b1b728d/1763640000.0_mean_300.0_v3" 201 - "PUT http://172.18.0.197:8080/v1/AUTH_e2c76e4d27554fd5a4f85cce208b136f/gnocchi.547cef1d-702d-4b82-8ce7-75fa4b1b728d/1763640000.0_mean_300.0_v3" "txbd8448411d7b48fb8e63e-0069295e8b" "proxy-server 20" 0.0150 "-" 24 0
Nov 28 08:34:19 np0005538512 container-server[120105]: 172.20.0.103 - - [28/Nov/2025:08:34:19 +0000] "PUT /d1/196/AUTH_e2c76e4d27554fd5a4f85cce208b136f/gnocchi.547cef1d-702d-4b82-8ce7-75fa4b1b728d/1763640000.0_mean_300.0_v3" 201 - "PUT http://172.18.0.197:8080/d1/13/AUTH_e2c76e4d27554fd5a4f85cce208b136f/gnocchi.547cef1d-702d-4b82-8ce7-75fa4b1b728d/1763640000.0_mean_300.0_v3" "txbd8448411d7b48fb8e63e-0069295e8b" "object-server 24" 0.0009 "-" 21 0
Nov 28 08:34:19 np0005538512 object-server[120571]: 172.20.0.104 - - [28/Nov/2025:08:34:19 +0000] "GET /d1/546/AUTH_e2c76e4d27554fd5a4f85cce208b136f/gnocchi.e7808e08-cb0c-4239-94c4-f4d83524641c/1763640000.0_mean_300.0_v3" 404 70 "GET http://172.18.0.197:8080/v1/AUTH_e2c76e4d27554fd5a4f85cce208b136f/gnocchi.e7808e08-cb0c-4239-94c4-f4d83524641c/1763640000.0_mean_300.0_v3" "txb68f59fc2077472faf920-0069295e8b" "proxy-server 20" 0.0006 "-" 22 0
Nov 28 08:34:19 np0005538512 proxy-server[122023]: 172.18.0.105 172.18.0.104 28/Nov/2025/08/34/19 PUT /v1/AUTH_e2c76e4d27554fd5a4f85cce208b136f/gnocchi.547cef1d-702d-4b82-8ce7-75fa4b1b728d/1763640000.0_mean_300.0_v3 HTTP/1.0 201 - python-swiftclient-3.11.1 gAAAAABpKV5EJeK-... 16 - - txbd8448411d7b48fb8e63e-0069295e8b - 0.0290 - - 1764318859.171391964 1764318859.200415134 0
Nov 28 08:34:19 np0005538512 container-server[120099]: 172.20.0.103 - - [28/Nov/2025:08:34:19 +0000] "PUT /d1/298/AUTH_e2c76e4d27554fd5a4f85cce208b136f/gnocchi.19ba5cf6-206e-46fa-82bd-912eb11d504b/1763640000.0_mean_300.0_v3" 201 - "PUT http://172.18.0.197:8080/d1/833/AUTH_e2c76e4d27554fd5a4f85cce208b136f/gnocchi.19ba5cf6-206e-46fa-82bd-912eb11d504b/1763640000.0_mean_300.0_v3" "tx997840ab766844199afbc-0069295e8b" "object-server 22" 0.0010 "-" 19 0
Nov 28 08:34:19 np0005538512 container-server[120099]: 172.20.0.104 - - [28/Nov/2025:08:34:19 +0000] "PUT /d1/844/AUTH_e2c76e4d27554fd5a4f85cce208b136f/gnocchi.e7808e08-cb0c-4239-94c4-f4d83524641c/1763640000.0_mean_300.0_v3" 201 - "PUT http://172.18.0.197:8080/d1/546/AUTH_e2c76e4d27554fd5a4f85cce208b136f/gnocchi.e7808e08-cb0c-4239-94c4-f4d83524641c/1763640000.0_mean_300.0_v3" "txfa0933a018cc4e48bc6be-0069295e8b" "object-server 23" 0.0007 "-" 19 0
Nov 28 08:34:19 np0005538512 object-server[120571]: 172.20.0.103 - - [28/Nov/2025:08:34:19 +0000] "PUT /d1/833/AUTH_e2c76e4d27554fd5a4f85cce208b136f/gnocchi.19ba5cf6-206e-46fa-82bd-912eb11d504b/1763640000.0_mean_300.0_v3" 201 - "PUT http://172.18.0.197:8080/v1/AUTH_e2c76e4d27554fd5a4f85cce208b136f/gnocchi.19ba5cf6-206e-46fa-82bd-912eb11d504b/1763640000.0_mean_300.0_v3" "tx997840ab766844199afbc-0069295e8b" "proxy-server 20" 0.0175 "-" 22 0
Nov 28 08:34:19 np0005538512 object-server[120634]: 172.20.0.104 - - [28/Nov/2025:08:34:19 +0000] "PUT /d1/546/AUTH_e2c76e4d27554fd5a4f85cce208b136f/gnocchi.e7808e08-cb0c-4239-94c4-f4d83524641c/1763640000.0_mean_300.0_v3" 201 - "PUT http://172.18.0.197:8080/v1/AUTH_e2c76e4d27554fd5a4f85cce208b136f/gnocchi.e7808e08-cb0c-4239-94c4-f4d83524641c/1763640000.0_mean_300.0_v3" "txfa0933a018cc4e48bc6be-0069295e8b" "proxy-server 20" 0.0122 "-" 25 0
Nov 28 08:34:19 np0005538512 container-server[120105]: 172.20.0.104 - - [28/Nov/2025:08:34:19 +0000] "PUT /d1/196/AUTH_e2c76e4d27554fd5a4f85cce208b136f/gnocchi.547cef1d-702d-4b82-8ce7-75fa4b1b728d/none_v3" 201 - "PUT http://172.18.0.197:8080/d1/760/AUTH_e2c76e4d27554fd5a4f85cce208b136f/gnocchi.547cef1d-702d-4b82-8ce7-75fa4b1b728d/none_v3" "tx6254365da1d54afca075c-0069295e8b" "object-server 23" 0.0008 "-" 21 0
Nov 28 08:34:19 np0005538512 object-server[120571]: 172.20.0.105 - - [28/Nov/2025:08:34:19 +0000] "PUT /d1/760/AUTH_e2c76e4d27554fd5a4f85cce208b136f/gnocchi.547cef1d-702d-4b82-8ce7-75fa4b1b728d/none_v3" 201 - "PUT http://172.18.0.197:8080/v1/AUTH_e2c76e4d27554fd5a4f85cce208b136f/gnocchi.547cef1d-702d-4b82-8ce7-75fa4b1b728d/none_v3" "tx6254365da1d54afca075c-0069295e8b" "proxy-server 20" 0.0147 "-" 22 0
Nov 28 08:34:19 np0005538512 proxy-server[122023]: 172.18.0.105 172.18.0.104 28/Nov/2025/08/34/19 PUT /v1/AUTH_e2c76e4d27554fd5a4f85cce208b136f/gnocchi.547cef1d-702d-4b82-8ce7-75fa4b1b728d/none_v3 HTTP/1.0 201 - python-swiftclient-3.11.1 gAAAAABpKV5EJeK-... 22 - - tx6254365da1d54afca075c-0069295e8b - 0.0299 - - 1764318859.205501080 1764318859.235358238 0
Nov 28 08:34:19 np0005538512 container-server[120099]: 172.20.0.103 - - [28/Nov/2025:08:34:19 +0000] "PUT /d1/298/AUTH_e2c76e4d27554fd5a4f85cce208b136f/gnocchi.19ba5cf6-206e-46fa-82bd-912eb11d504b/none_v3" 201 - "PUT http://172.18.0.197:8080/d1/231/AUTH_e2c76e4d27554fd5a4f85cce208b136f/gnocchi.19ba5cf6-206e-46fa-82bd-912eb11d504b/none_v3" "txed50387cadc3423a8379f-0069295e8b" "object-server 23" 0.0008 "-" 19 0
Nov 28 08:34:19 np0005538512 container-server[120105]: 172.20.0.104 - - [28/Nov/2025:08:34:19 +0000] "PUT /d1/844/AUTH_e2c76e4d27554fd5a4f85cce208b136f/gnocchi.e7808e08-cb0c-4239-94c4-f4d83524641c/none_v3" 201 - "PUT http://172.18.0.197:8080/d1/585/AUTH_e2c76e4d27554fd5a4f85cce208b136f/gnocchi.e7808e08-cb0c-4239-94c4-f4d83524641c/none_v3" "txe5cf0b90ced44b0bb7136-0069295e8b" "object-server 23" 0.0009 "-" 21 0
Nov 28 08:34:19 np0005538512 object-server[120634]: 172.20.0.103 - - [28/Nov/2025:08:34:19 +0000] "PUT /d1/231/AUTH_e2c76e4d27554fd5a4f85cce208b136f/gnocchi.19ba5cf6-206e-46fa-82bd-912eb11d504b/none_v3" 201 - "PUT http://172.18.0.197:8080/v1/AUTH_e2c76e4d27554fd5a4f85cce208b136f/gnocchi.19ba5cf6-206e-46fa-82bd-912eb11d504b/none_v3" "txed50387cadc3423a8379f-0069295e8b" "proxy-server 20" 0.0220 "-" 25 0
Nov 28 08:34:19 np0005538512 container-server[120100]: 172.20.0.105 - - [28/Nov/2025:08:34:19 +0000] "HEAD /d1/1006/AUTH_e2c76e4d27554fd5a4f85cce208b136f/gnocchi.a851009b-1bdc-4a6a-ab69-57b039cf6772" 404 - "HEAD http://172.18.0.197:8080/v1/AUTH_e2c76e4d27554fd5a4f85cce208b136f/gnocchi.a851009b-1bdc-4a6a-ab69-57b039cf6772?format=json&states=listing" "tx125b50de6a284ad6b377c-0069295e8b" "proxy-server 20" 0.0003 "-" 20 0
Nov 28 08:34:19 np0005538512 object-server[120634]: 172.20.0.104 - - [28/Nov/2025:08:34:19 +0000] "PUT /d1/585/AUTH_e2c76e4d27554fd5a4f85cce208b136f/gnocchi.e7808e08-cb0c-4239-94c4-f4d83524641c/none_v3" 201 - "PUT http://172.18.0.197:8080/v1/AUTH_e2c76e4d27554fd5a4f85cce208b136f/gnocchi.e7808e08-cb0c-4239-94c4-f4d83524641c/none_v3" "txe5cf0b90ced44b0bb7136-0069295e8b" "proxy-server 20" 0.0191 "-" 25 0
Nov 28 08:34:19 np0005538512 object-server[120599]: 172.20.0.105 - - [28/Nov/2025:08:34:19 +0000] "GET /d1/904/AUTH_e2c76e4d27554fd5a4f85cce208b136f/gnocchi.a851009b-1bdc-4a6a-ab69-57b039cf6772/none_v3" 404 70 "GET http://172.18.0.197:8080/v1/AUTH_e2c76e4d27554fd5a4f85cce208b136f/gnocchi.a851009b-1bdc-4a6a-ab69-57b039cf6772/none_v3" "tx125b50de6a284ad6b377c-0069295e8b" "proxy-server 20" 0.0006 "-" 23 0
Nov 28 08:34:19 np0005538512 proxy-server[122023]: 172.18.0.105 172.18.0.104 28/Nov/2025/08/34/19 GET /v1/AUTH_e2c76e4d27554fd5a4f85cce208b136f/gnocchi.a851009b-1bdc-4a6a-ab69-57b039cf6772/none_v3 HTTP/1.0 404 - python-swiftclient-3.11.1 gAAAAABpKV5EJeK-... - 70 - tx125b50de6a284ad6b377c-0069295e8b - 0.0301 - - 1764318859.253795385 1764318859.283865929 0
Nov 28 08:34:19 np0005538512 container-server[120099]: 172.20.0.103 - - [28/Nov/2025:08:34:19 +0000] "HEAD /d1/161/AUTH_e2c76e4d27554fd5a4f85cce208b136f/gnocchi.3927f339-3916-42db-89af-c6d1f7cf2953" 404 - "HEAD http://172.18.0.197:8080/v1/AUTH_e2c76e4d27554fd5a4f85cce208b136f/gnocchi.3927f339-3916-42db-89af-c6d1f7cf2953?format=json&states=listing" "tx0dbdbf73a6e84a45a093d-0069295e8b" "proxy-server 20" 0.0006 "-" 19 0
Nov 28 08:34:19 np0005538512 container-server[120123]: 172.20.0.104 - - [28/Nov/2025:08:34:19 +0000] "HEAD /d1/433/AUTH_e2c76e4d27554fd5a4f85cce208b136f/gnocchi.f94d0f81-485c-443e-8763-91d3db4e7263" 404 - "HEAD http://172.18.0.197:8080/v1/AUTH_e2c76e4d27554fd5a4f85cce208b136f/gnocchi.f94d0f81-485c-443e-8763-91d3db4e7263?format=json&states=listing" "tx4a345725230d4e2f91595-0069295e8b" "proxy-server 20" 0.0004 "-" 22 0
Nov 28 08:34:19 np0005538512 object-server[120599]: 172.20.0.103 - - [28/Nov/2025:08:34:19 +0000] "GET /d1/151/AUTH_e2c76e4d27554fd5a4f85cce208b136f/gnocchi.3927f339-3916-42db-89af-c6d1f7cf2953/none_v3" 404 70 "GET http://172.18.0.197:8080/v1/AUTH_e2c76e4d27554fd5a4f85cce208b136f/gnocchi.3927f339-3916-42db-89af-c6d1f7cf2953/none_v3" "tx0dbdbf73a6e84a45a093d-0069295e8b" "proxy-server 20" 0.0006 "-" 23 0
Nov 28 08:34:19 np0005538512 account-server[119993]: 172.20.0.103 - - [28/Nov/2025:08:34:19 +0000] "PUT /d1/535/AUTH_e2c76e4d27554fd5a4f85cce208b136f/gnocchi.a851009b-1bdc-4a6a-ab69-57b039cf6772" 201 - "PUT http://172.20.0.103:6001/d1/1006/AUTH_e2c76e4d27554fd5a4f85cce208b136f/gnocchi.a851009b-1bdc-4a6a-ab69-57b039cf6772" "txc6972089c0a646d6a8618-0069295e8b" "container-server 23" 0.0064 "-" 20 0
Nov 28 08:34:19 np0005538512 container-server[120100]: 172.20.0.105 - - [28/Nov/2025:08:34:19 +0000] "PUT /d1/1006/AUTH_e2c76e4d27554fd5a4f85cce208b136f/gnocchi.a851009b-1bdc-4a6a-ab69-57b039cf6772" 201 - "PUT http://172.18.0.197:8080/v1/AUTH_e2c76e4d27554fd5a4f85cce208b136f/gnocchi.a851009b-1bdc-4a6a-ab69-57b039cf6772" "txc6972089c0a646d6a8618-0069295e8b" "proxy-server 20" 0.0194 "-" 20 0
Nov 28 08:34:19 np0005538512 object-server[120571]: 172.20.0.104 - - [28/Nov/2025:08:34:19 +0000] "GET /d1/975/AUTH_e2c76e4d27554fd5a4f85cce208b136f/gnocchi.f94d0f81-485c-443e-8763-91d3db4e7263/none_v3" 404 70 "GET http://172.18.0.197:8080/v1/AUTH_e2c76e4d27554fd5a4f85cce208b136f/gnocchi.f94d0f81-485c-443e-8763-91d3db4e7263/none_v3" "tx4a345725230d4e2f91595-0069295e8b" "proxy-server 20" 0.0006 "-" 22 0
Nov 28 08:34:19 np0005538512 proxy-server[122023]: 172.18.0.105 172.18.0.104 28/Nov/2025/08/34/19 PUT /v1/AUTH_e2c76e4d27554fd5a4f85cce208b136f/gnocchi.a851009b-1bdc-4a6a-ab69-57b039cf6772 HTTP/1.0 201 - python-swiftclient-3.11.1 gAAAAABpKV5EJeK-... - - - txc6972089c0a646d6a8618-0069295e8b - 0.0316 - - 1764318859.288911581 1764318859.320551157 0
Nov 28 08:34:19 np0005538512 container-server[120123]: 172.20.0.105 - - [28/Nov/2025:08:34:19 +0000] "HEAD /d1/1006/AUTH_e2c76e4d27554fd5a4f85cce208b136f/gnocchi.a851009b-1bdc-4a6a-ab69-57b039cf6772" 204 - "HEAD http://172.18.0.197:8080/v1/AUTH_e2c76e4d27554fd5a4f85cce208b136f/gnocchi.a851009b-1bdc-4a6a-ab69-57b039cf6772?format=json&states=listing" "txff2f2ca6b3214a7e8fdee-0069295e8b" "proxy-server 20" 0.0010 "-" 22 0
Nov 28 08:34:19 np0005538512 proxy-server[122023]: - - 28/Nov/2025/08/34/19 HEAD /v1/AUTH_e2c76e4d27554fd5a4f85cce208b136f/gnocchi.a851009b-1bdc-4a6a-ab69-57b039cf6772%3Fformat%3Djson%26states%3Dlisting HTTP/1.0 204 - Swift - - - - txff2f2ca6b3214a7e8fdee-0069295e8b - 0.0105 RL - 1764318859.328984261 1764318859.339450598 0
Nov 28 08:34:19 np0005538512 account-server[119993]: 172.20.0.104 - - [28/Nov/2025:08:34:19 +0000] "PUT /d1/535/AUTH_e2c76e4d27554fd5a4f85cce208b136f/gnocchi.3927f339-3916-42db-89af-c6d1f7cf2953" 201 - "PUT http://172.20.0.104:6001/d1/161/AUTH_e2c76e4d27554fd5a4f85cce208b136f/gnocchi.3927f339-3916-42db-89af-c6d1f7cf2953" "tx86288b910e6c4386b382b-0069295e8b" "container-server 20" 0.0068 "-" 20 0
Nov 28 08:34:19 np0005538512 container-server[120123]: 172.20.0.103 - - [28/Nov/2025:08:34:19 +0000] "PUT /d1/161/AUTH_e2c76e4d27554fd5a4f85cce208b136f/gnocchi.3927f339-3916-42db-89af-c6d1f7cf2953" 201 - "PUT http://172.18.0.197:8080/v1/AUTH_e2c76e4d27554fd5a4f85cce208b136f/gnocchi.3927f339-3916-42db-89af-c6d1f7cf2953" "tx86288b910e6c4386b382b-0069295e8b" "proxy-server 20" 0.0215 "-" 22 0
Nov 28 08:34:19 np0005538512 proxy-server[122023]: 172.18.0.105 172.18.0.104 28/Nov/2025/08/34/19 GET /v1/AUTH_e2c76e4d27554fd5a4f85cce208b136f/gnocchi.a851009b-1bdc-4a6a-ab69-57b039cf6772%3Fformat%3Djson%26states%3Dlisting HTTP/1.0 200 - python-swiftclient-3.11.1 gAAAAABpKV5EJeK-... - 2 - txff2f2ca6b3214a7e8fdee-0069295e8b - 0.0260 - - 1764318859.326626778 1764318859.352628946 0
Nov 28 08:34:19 np0005538512 account-server[119993]: 172.20.0.105 - - [28/Nov/2025:08:34:19 +0000] "PUT /d1/535/AUTH_e2c76e4d27554fd5a4f85cce208b136f/gnocchi.f94d0f81-485c-443e-8763-91d3db4e7263" 201 - "PUT http://172.20.0.105:6001/d1/433/AUTH_e2c76e4d27554fd5a4f85cce208b136f/gnocchi.f94d0f81-485c-443e-8763-91d3db4e7263" "txb2c4b25824334692a1753-0069295e8b" "container-server 22" 0.0059 "-" 20 0
Nov 28 08:34:19 np0005538512 container-server[120123]: 172.20.0.104 - - [28/Nov/2025:08:34:19 +0000] "PUT /d1/433/AUTH_e2c76e4d27554fd5a4f85cce208b136f/gnocchi.f94d0f81-485c-443e-8763-91d3db4e7263" 201 - "PUT http://172.18.0.197:8080/v1/AUTH_e2c76e4d27554fd5a4f85cce208b136f/gnocchi.f94d0f81-485c-443e-8763-91d3db4e7263" "txb2c4b25824334692a1753-0069295e8b" "proxy-server 20" 0.0165 "-" 22 0
Nov 28 08:34:19 np0005538512 object-server[120571]: 172.20.0.105 - - [28/Nov/2025:08:34:19 +0000] "GET /d1/205/AUTH_e2c76e4d27554fd5a4f85cce208b136f/gnocchi.a851009b-1bdc-4a6a-ab69-57b039cf6772/1763640000.0_mean_300.0_v3" 404 70 "GET http://172.18.0.197:8080/v1/AUTH_e2c76e4d27554fd5a4f85cce208b136f/gnocchi.a851009b-1bdc-4a6a-ab69-57b039cf6772/1763640000.0_mean_300.0_v3" "tx5d0b2c2677cf4d41880d6-0069295e8b" "proxy-server 20" 0.0008 "-" 22 0
Nov 28 08:34:19 np0005538512 proxy-server[122023]: 172.18.0.105 172.18.0.104 28/Nov/2025/08/34/19 GET /v1/AUTH_e2c76e4d27554fd5a4f85cce208b136f/gnocchi.a851009b-1bdc-4a6a-ab69-57b039cf6772/1763640000.0_mean_300.0_v3 HTTP/1.0 404 - python-swiftclient-3.11.1 gAAAAABpKV5EJeK-... - 70 - tx5d0b2c2677cf4d41880d6-0069295e8b - 0.0191 - - 1764318859.358341694 1764318859.377413750 0
Nov 28 08:34:19 np0005538512 object-server[120619]: 172.20.0.103 - - [28/Nov/2025:08:34:19 +0000] "GET /d1/819/AUTH_e2c76e4d27554fd5a4f85cce208b136f/gnocchi.3927f339-3916-42db-89af-c6d1f7cf2953/1763640000.0_mean_300.0_v3" 404 70 "GET http://172.18.0.197:8080/v1/AUTH_e2c76e4d27554fd5a4f85cce208b136f/gnocchi.3927f339-3916-42db-89af-c6d1f7cf2953/1763640000.0_mean_300.0_v3" "txb8b9cda86337460897c8f-0069295e8b" "proxy-server 20" 0.0005 "-" 24 0
Nov 28 08:34:19 np0005538512 object-server[120619]: 172.20.0.104 - - [28/Nov/2025:08:34:19 +0000] "GET /d1/925/AUTH_e2c76e4d27554fd5a4f85cce208b136f/gnocchi.f94d0f81-485c-443e-8763-91d3db4e7263/1763640000.0_mean_300.0_v3" 404 70 "GET http://172.18.0.197:8080/v1/AUTH_e2c76e4d27554fd5a4f85cce208b136f/gnocchi.f94d0f81-485c-443e-8763-91d3db4e7263/1763640000.0_mean_300.0_v3" "txe9303d689af44fc2810ab-0069295e8b" "proxy-server 20" 0.0004 "-" 24 0
Nov 28 08:34:19 np0005538512 container-server[120099]: 172.20.0.104 - - [28/Nov/2025:08:34:19 +0000] "PUT /d1/1006/AUTH_e2c76e4d27554fd5a4f85cce208b136f/gnocchi.a851009b-1bdc-4a6a-ab69-57b039cf6772/1763640000.0_mean_300.0_v3" 201 - "PUT http://172.18.0.197:8080/d1/205/AUTH_e2c76e4d27554fd5a4f85cce208b136f/gnocchi.a851009b-1bdc-4a6a-ab69-57b039cf6772/1763640000.0_mean_300.0_v3" "tx17ce71a9ad6640848a0a5-0069295e8b" "object-server 23" 0.0010 "-" 19 0
Nov 28 08:34:19 np0005538512 object-server[120599]: 172.20.0.105 - - [28/Nov/2025:08:34:19 +0000] "PUT /d1/205/AUTH_e2c76e4d27554fd5a4f85cce208b136f/gnocchi.a851009b-1bdc-4a6a-ab69-57b039cf6772/1763640000.0_mean_300.0_v3" 201 - "PUT http://172.18.0.197:8080/v1/AUTH_e2c76e4d27554fd5a4f85cce208b136f/gnocchi.a851009b-1bdc-4a6a-ab69-57b039cf6772/1763640000.0_mean_300.0_v3" "tx17ce71a9ad6640848a0a5-0069295e8b" "proxy-server 20" 0.0161 "-" 23 0
Nov 28 08:34:19 np0005538512 proxy-server[122023]: 172.18.0.105 172.18.0.104 28/Nov/2025/08/34/19 PUT /v1/AUTH_e2c76e4d27554fd5a4f85cce208b136f/gnocchi.a851009b-1bdc-4a6a-ab69-57b039cf6772/1763640000.0_mean_300.0_v3 HTTP/1.0 201 - python-swiftclient-3.11.1 gAAAAABpKV5EJeK-... 16 - - tx17ce71a9ad6640848a0a5-0069295e8b - 0.0262 - - 1764318859.382325649 1764318859.408485889 0
Nov 28 08:34:19 np0005538512 container-server[120105]: 172.20.0.105 - - [28/Nov/2025:08:34:19 +0000] "PUT /d1/161/AUTH_e2c76e4d27554fd5a4f85cce208b136f/gnocchi.3927f339-3916-42db-89af-c6d1f7cf2953/1763640000.0_mean_300.0_v3" 201 - "PUT http://172.18.0.197:8080/d1/819/AUTH_e2c76e4d27554fd5a4f85cce208b136f/gnocchi.3927f339-3916-42db-89af-c6d1f7cf2953/1763640000.0_mean_300.0_v3" "tx7a6ee64753f640878f443-0069295e8b" "object-server 25" 0.0009 "-" 21 0
Nov 28 08:34:19 np0005538512 object-server[120634]: 172.20.0.103 - - [28/Nov/2025:08:34:19 +0000] "PUT /d1/819/AUTH_e2c76e4d27554fd5a4f85cce208b136f/gnocchi.3927f339-3916-42db-89af-c6d1f7cf2953/1763640000.0_mean_300.0_v3" 201 - "PUT http://172.18.0.197:8080/v1/AUTH_e2c76e4d27554fd5a4f85cce208b136f/gnocchi.3927f339-3916-42db-89af-c6d1f7cf2953/1763640000.0_mean_300.0_v3" "tx7a6ee64753f640878f443-0069295e8b" "proxy-server 20" 0.0140 "-" 25 0
Nov 28 08:34:19 np0005538512 container-server[120100]: 172.20.0.105 - - [28/Nov/2025:08:34:19 +0000] "PUT /d1/433/AUTH_e2c76e4d27554fd5a4f85cce208b136f/gnocchi.f94d0f81-485c-443e-8763-91d3db4e7263/1763640000.0_mean_300.0_v3" 201 - "PUT http://172.18.0.197:8080/d1/925/AUTH_e2c76e4d27554fd5a4f85cce208b136f/gnocchi.f94d0f81-485c-443e-8763-91d3db4e7263/1763640000.0_mean_300.0_v3" "txf809209f41f1456282232-0069295e8b" "object-server 24" 0.0005 "-" 20 0
Nov 28 08:34:19 np0005538512 object-server[120619]: 172.20.0.104 - - [28/Nov/2025:08:34:19 +0000] "PUT /d1/925/AUTH_e2c76e4d27554fd5a4f85cce208b136f/gnocchi.f94d0f81-485c-443e-8763-91d3db4e7263/1763640000.0_mean_300.0_v3" 201 - "PUT http://172.18.0.197:8080/v1/AUTH_e2c76e4d27554fd5a4f85cce208b136f/gnocchi.f94d0f81-485c-443e-8763-91d3db4e7263/1763640000.0_mean_300.0_v3" "txf809209f41f1456282232-0069295e8b" "proxy-server 20" 0.0161 "-" 24 0
Nov 28 08:34:19 np0005538512 container-server[120123]: 172.20.0.104 - - [28/Nov/2025:08:34:19 +0000] "PUT /d1/1006/AUTH_e2c76e4d27554fd5a4f85cce208b136f/gnocchi.a851009b-1bdc-4a6a-ab69-57b039cf6772/none_v3" 201 - "PUT http://172.18.0.197:8080/d1/904/AUTH_e2c76e4d27554fd5a4f85cce208b136f/gnocchi.a851009b-1bdc-4a6a-ab69-57b039cf6772/none_v3" "tx0f18629e2e7e4cf1beb72-0069295e8b" "object-server 22" 0.0004 "-" 22 0
Nov 28 08:34:19 np0005538512 object-server[120619]: 172.20.0.105 - - [28/Nov/2025:08:34:19 +0000] "PUT /d1/904/AUTH_e2c76e4d27554fd5a4f85cce208b136f/gnocchi.a851009b-1bdc-4a6a-ab69-57b039cf6772/none_v3" 201 - "PUT http://172.18.0.197:8080/v1/AUTH_e2c76e4d27554fd5a4f85cce208b136f/gnocchi.a851009b-1bdc-4a6a-ab69-57b039cf6772/none_v3" "tx0f18629e2e7e4cf1beb72-0069295e8b" "proxy-server 20" 0.0174 "-" 24 0
Nov 28 08:34:19 np0005538512 proxy-server[122023]: 172.18.0.105 172.18.0.104 28/Nov/2025/08/34/19 PUT /v1/AUTH_e2c76e4d27554fd5a4f85cce208b136f/gnocchi.a851009b-1bdc-4a6a-ab69-57b039cf6772/none_v3 HTTP/1.0 201 - python-swiftclient-3.11.1 gAAAAABpKV5EJeK-... 22 - - tx0f18629e2e7e4cf1beb72-0069295e8b - 0.0282 - - 1764318859.414046288 1764318859.442293644 0
Nov 28 08:34:19 np0005538512 container-server[120099]: 172.20.0.105 - - [28/Nov/2025:08:34:19 +0000] "PUT /d1/161/AUTH_e2c76e4d27554fd5a4f85cce208b136f/gnocchi.3927f339-3916-42db-89af-c6d1f7cf2953/none_v3" 201 - "PUT http://172.18.0.197:8080/d1/151/AUTH_e2c76e4d27554fd5a4f85cce208b136f/gnocchi.3927f339-3916-42db-89af-c6d1f7cf2953/none_v3" "tx89eb6940bcd743e8bf63f-0069295e8b" "object-server 23" 0.0007 "-" 19 0
Nov 28 08:34:19 np0005538512 object-server[120599]: 172.20.0.103 - - [28/Nov/2025:08:34:19 +0000] "PUT /d1/151/AUTH_e2c76e4d27554fd5a4f85cce208b136f/gnocchi.3927f339-3916-42db-89af-c6d1f7cf2953/none_v3" 201 - "PUT http://172.18.0.197:8080/v1/AUTH_e2c76e4d27554fd5a4f85cce208b136f/gnocchi.3927f339-3916-42db-89af-c6d1f7cf2953/none_v3" "tx89eb6940bcd743e8bf63f-0069295e8b" "proxy-server 20" 0.0105 "-" 23 0
Nov 28 08:34:19 np0005538512 container-server[120123]: 172.20.0.105 - - [28/Nov/2025:08:34:19 +0000] "PUT /d1/433/AUTH_e2c76e4d27554fd5a4f85cce208b136f/gnocchi.f94d0f81-485c-443e-8763-91d3db4e7263/none_v3" 201 - "PUT http://172.18.0.197:8080/d1/975/AUTH_e2c76e4d27554fd5a4f85cce208b136f/gnocchi.f94d0f81-485c-443e-8763-91d3db4e7263/none_v3" "tx6624dbeff50341ddbb413-0069295e8b" "object-server 24" 0.0004 "-" 22 0
Nov 28 08:34:19 np0005538512 object-server[120619]: 172.20.0.104 - - [28/Nov/2025:08:34:19 +0000] "PUT /d1/975/AUTH_e2c76e4d27554fd5a4f85cce208b136f/gnocchi.f94d0f81-485c-443e-8763-91d3db4e7263/none_v3" 201 - "PUT http://172.18.0.197:8080/v1/AUTH_e2c76e4d27554fd5a4f85cce208b136f/gnocchi.f94d0f81-485c-443e-8763-91d3db4e7263/none_v3" "tx6624dbeff50341ddbb413-0069295e8b" "proxy-server 20" 0.0123 "-" 24 0
Nov 28 08:34:19 np0005538512 container-server[120123]: 172.20.0.105 - - [28/Nov/2025:08:34:19 +0000] "HEAD /d1/897/AUTH_e2c76e4d27554fd5a4f85cce208b136f/gnocchi.97b432a6-dfa0-480b-b6a7-a919af48417d" 404 - "HEAD http://172.18.0.197:8080/v1/AUTH_e2c76e4d27554fd5a4f85cce208b136f/gnocchi.97b432a6-dfa0-480b-b6a7-a919af48417d?format=json&states=listing" "txd4a6aee2e3504a15b5bac-0069295e8b" "proxy-server 20" 0.0002 "-" 22 0
Nov 28 08:34:19 np0005538512 container-server[120100]: 172.20.0.103 - - [28/Nov/2025:08:34:19 +0000] "HEAD /d1/541/AUTH_e2c76e4d27554fd5a4f85cce208b136f/gnocchi.baf5a52d-b193-44c5-9d75-855be0f5fceb" 404 - "HEAD http://172.18.0.197:8080/v1/AUTH_e2c76e4d27554fd5a4f85cce208b136f/gnocchi.baf5a52d-b193-44c5-9d75-855be0f5fceb?format=json&states=listing" "txb9fba6eeb906417dac467-0069295e8b" "proxy-server 20" 0.0005 "-" 20 0
Nov 28 08:34:19 np0005538512 object-server[120599]: 172.20.0.105 - - [28/Nov/2025:08:34:19 +0000] "GET /d1/173/AUTH_e2c76e4d27554fd5a4f85cce208b136f/gnocchi.97b432a6-dfa0-480b-b6a7-a919af48417d/none_v3" 404 70 "GET http://172.18.0.197:8080/v1/AUTH_e2c76e4d27554fd5a4f85cce208b136f/gnocchi.97b432a6-dfa0-480b-b6a7-a919af48417d/none_v3" "txd4a6aee2e3504a15b5bac-0069295e8b" "proxy-server 20" 0.0004 "-" 23 0
Nov 28 08:34:19 np0005538512 proxy-server[122023]: 172.18.0.105 172.18.0.104 28/Nov/2025/08/34/19 GET /v1/AUTH_e2c76e4d27554fd5a4f85cce208b136f/gnocchi.97b432a6-dfa0-480b-b6a7-a919af48417d/none_v3 HTTP/1.0 404 - python-swiftclient-3.11.1 gAAAAABpKV5EJeK-... - 70 - txd4a6aee2e3504a15b5bac-0069295e8b - 0.0381 - - 1764318859.462478638 1764318859.500536203 0
Nov 28 08:34:19 np0005538512 object-server[120599]: 172.20.0.103 - - [28/Nov/2025:08:34:19 +0000] "GET /d1/211/AUTH_e2c76e4d27554fd5a4f85cce208b136f/gnocchi.baf5a52d-b193-44c5-9d75-855be0f5fceb/none_v3" 404 70 "GET http://172.18.0.197:8080/v1/AUTH_e2c76e4d27554fd5a4f85cce208b136f/gnocchi.baf5a52d-b193-44c5-9d75-855be0f5fceb/none_v3" "txb9fba6eeb906417dac467-0069295e8b" "proxy-server 20" 0.0003 "-" 23 0
Nov 28 08:34:19 np0005538512 account-server[119993]: 172.20.0.103 - - [28/Nov/2025:08:34:19 +0000] "PUT /d1/535/AUTH_e2c76e4d27554fd5a4f85cce208b136f/gnocchi.97b432a6-dfa0-480b-b6a7-a919af48417d" 201 - "PUT http://172.20.0.103:6001/d1/897/AUTH_e2c76e4d27554fd5a4f85cce208b136f/gnocchi.97b432a6-dfa0-480b-b6a7-a919af48417d" "tx8d7ec32185834be1ae1d6-0069295e8b" "container-server 23" 0.0063 "-" 20 0
Nov 28 08:34:19 np0005538512 container-server[120105]: 172.20.0.104 - - [28/Nov/2025:08:34:19 +0000] "PUT /d1/897/AUTH_e2c76e4d27554fd5a4f85cce208b136f/gnocchi.97b432a6-dfa0-480b-b6a7-a919af48417d" 201 - "PUT http://172.18.0.197:8080/v1/AUTH_e2c76e4d27554fd5a4f85cce208b136f/gnocchi.97b432a6-dfa0-480b-b6a7-a919af48417d" "tx8d7ec32185834be1ae1d6-0069295e8b" "proxy-server 20" 0.0253 "-" 21 0
Nov 28 08:34:19 np0005538512 account-server[120030]: 172.20.0.104 - - [28/Nov/2025:08:34:19 +0000] "PUT /d1/535/AUTH_e2c76e4d27554fd5a4f85cce208b136f/gnocchi.baf5a52d-b193-44c5-9d75-855be0f5fceb" 201 - "PUT http://172.20.0.104:6001/d1/541/AUTH_e2c76e4d27554fd5a4f85cce208b136f/gnocchi.baf5a52d-b193-44c5-9d75-855be0f5fceb" "tx332a45b96336442796ad1-0069295e8b" "container-server 22" 0.0061 "-" 22 0
Nov 28 08:34:19 np0005538512 container-server[120099]: 172.20.0.105 - - [28/Nov/2025:08:34:19 +0000] "PUT /d1/541/AUTH_e2c76e4d27554fd5a4f85cce208b136f/gnocchi.baf5a52d-b193-44c5-9d75-855be0f5fceb" 201 - "PUT http://172.18.0.197:8080/v1/AUTH_e2c76e4d27554fd5a4f85cce208b136f/gnocchi.baf5a52d-b193-44c5-9d75-855be0f5fceb" "tx332a45b96336442796ad1-0069295e8b" "proxy-server 20" 0.0218 "-" 19 0
Nov 28 08:34:19 np0005538512 proxy-server[122023]: 172.18.0.103 172.18.0.104 28/Nov/2025/08/34/19 PUT /v1/AUTH_e2c76e4d27554fd5a4f85cce208b136f/gnocchi.baf5a52d-b193-44c5-9d75-855be0f5fceb HTTP/1.0 201 - python-swiftclient-3.11.1 gAAAAABpKV38a7pX... - - - tx332a45b96336442796ad1-0069295e8b - 0.0328 - - 1764318859.520888329 1764318859.553663254 0
Nov 28 08:34:19 np0005538512 container-server[120123]: 172.20.0.103 - - [28/Nov/2025:08:34:19 +0000] "HEAD /d1/897/AUTH_e2c76e4d27554fd5a4f85cce208b136f/gnocchi.97b432a6-dfa0-480b-b6a7-a919af48417d" 204 - "HEAD http://172.18.0.197:8080/v1/AUTH_e2c76e4d27554fd5a4f85cce208b136f/gnocchi.97b432a6-dfa0-480b-b6a7-a919af48417d?format=json&states=listing" "tx758f1c3492614c388b4ea-0069295e8b" "proxy-server 20" 0.0016 "-" 22 0
Nov 28 08:34:19 np0005538512 object-server[120619]: 172.20.0.105 - - [28/Nov/2025:08:34:19 +0000] "GET /d1/4/AUTH_e2c76e4d27554fd5a4f85cce208b136f/gnocchi.97b432a6-dfa0-480b-b6a7-a919af48417d/1763640000.0_mean_300.0_v3" 404 70 "GET http://172.18.0.197:8080/v1/AUTH_e2c76e4d27554fd5a4f85cce208b136f/gnocchi.97b432a6-dfa0-480b-b6a7-a919af48417d/1763640000.0_mean_300.0_v3" "txe8b3d670f1414dc5b70ab-0069295e8b" "proxy-server 20" 0.0006 "-" 24 0
Nov 28 08:34:19 np0005538512 proxy-server[122023]: 172.18.0.105 172.18.0.104 28/Nov/2025/08/34/19 GET /v1/AUTH_e2c76e4d27554fd5a4f85cce208b136f/gnocchi.97b432a6-dfa0-480b-b6a7-a919af48417d/1763640000.0_mean_300.0_v3 HTTP/1.0 404 - python-swiftclient-3.11.1 gAAAAABpKV5EJeK-... - 70 - txe8b3d670f1414dc5b70ab-0069295e8b - 0.0151 - - 1764318859.587864161 1764318859.602927446 0
Nov 28 08:34:19 np0005538512 object-server[120634]: 172.20.0.103 - - [28/Nov/2025:08:34:19 +0000] "GET /d1/329/AUTH_e2c76e4d27554fd5a4f85cce208b136f/gnocchi.baf5a52d-b193-44c5-9d75-855be0f5fceb/1763640000.0_mean_300.0_v3" 404 70 "GET http://172.18.0.197:8080/v1/AUTH_e2c76e4d27554fd5a4f85cce208b136f/gnocchi.baf5a52d-b193-44c5-9d75-855be0f5fceb/1763640000.0_mean_300.0_v3" "txa68298abd0364582acbc9-0069295e8b" "proxy-server 20" 0.0006 "-" 25 0
Nov 28 08:34:19 np0005538512 container-server[120099]: 172.20.0.105 - - [28/Nov/2025:08:34:19 +0000] "PUT /d1/897/AUTH_e2c76e4d27554fd5a4f85cce208b136f/gnocchi.97b432a6-dfa0-480b-b6a7-a919af48417d/1763640000.0_mean_300.0_v3" 201 - "PUT http://172.18.0.197:8080/d1/4/AUTH_e2c76e4d27554fd5a4f85cce208b136f/gnocchi.97b432a6-dfa0-480b-b6a7-a919af48417d/1763640000.0_mean_300.0_v3" "txf9e2b2e24f10445687ab6-0069295e8b" "object-server 25" 0.0012 "-" 19 0
Nov 28 08:34:19 np0005538512 object-server[120634]: 172.20.0.104 - - [28/Nov/2025:08:34:19 +0000] "PUT /d1/4/AUTH_e2c76e4d27554fd5a4f85cce208b136f/gnocchi.97b432a6-dfa0-480b-b6a7-a919af48417d/1763640000.0_mean_300.0_v3" 201 - "PUT http://172.18.0.197:8080/v1/AUTH_e2c76e4d27554fd5a4f85cce208b136f/gnocchi.97b432a6-dfa0-480b-b6a7-a919af48417d/1763640000.0_mean_300.0_v3" "txf9e2b2e24f10445687ab6-0069295e8b" "proxy-server 20" 0.0156 "-" 25 0
Nov 28 08:34:19 np0005538512 container-server[120099]: 172.20.0.105 - - [28/Nov/2025:08:34:19 +0000] "PUT /d1/541/AUTH_e2c76e4d27554fd5a4f85cce208b136f/gnocchi.baf5a52d-b193-44c5-9d75-855be0f5fceb/1763640000.0_mean_300.0_v3" 201 - "PUT http://172.18.0.197:8080/d1/329/AUTH_e2c76e4d27554fd5a4f85cce208b136f/gnocchi.baf5a52d-b193-44c5-9d75-855be0f5fceb/1763640000.0_mean_300.0_v3" "tx69808f6caccd4cf5bc811-0069295e8b" "object-server 25" 0.0009 "-" 19 0
Nov 28 08:34:19 np0005538512 object-server[120634]: 172.20.0.105 - - [28/Nov/2025:08:34:19 +0000] "PUT /d1/329/AUTH_e2c76e4d27554fd5a4f85cce208b136f/gnocchi.baf5a52d-b193-44c5-9d75-855be0f5fceb/1763640000.0_mean_300.0_v3" 201 - "PUT http://172.18.0.197:8080/v1/AUTH_e2c76e4d27554fd5a4f85cce208b136f/gnocchi.baf5a52d-b193-44c5-9d75-855be0f5fceb/1763640000.0_mean_300.0_v3" "tx69808f6caccd4cf5bc811-0069295e8b" "proxy-server 20" 0.0208 "-" 25 0
Nov 28 08:34:19 np0005538512 proxy-server[122023]: 172.18.0.103 172.18.0.104 28/Nov/2025/08/34/19 PUT /v1/AUTH_e2c76e4d27554fd5a4f85cce208b136f/gnocchi.baf5a52d-b193-44c5-9d75-855be0f5fceb/1763640000.0_mean_300.0_v3 HTTP/1.0 201 - python-swiftclient-3.11.1 gAAAAABpKV38a7pX... 16 - - tx69808f6caccd4cf5bc811-0069295e8b - 0.0280 - - 1764318859.612508059 1764318859.640480518 0
Nov 28 08:34:19 np0005538512 container-server[120105]: 172.20.0.104 - - [28/Nov/2025:08:34:19 +0000] "PUT /d1/541/AUTH_e2c76e4d27554fd5a4f85cce208b136f/gnocchi.baf5a52d-b193-44c5-9d75-855be0f5fceb/none_v3" 201 - "PUT http://172.18.0.197:8080/d1/211/AUTH_e2c76e4d27554fd5a4f85cce208b136f/gnocchi.baf5a52d-b193-44c5-9d75-855be0f5fceb/none_v3" "tx527d0056083c4fa9a6d3d-0069295e8b" "object-server 23" 0.0008 "-" 21 0
Nov 28 08:34:19 np0005538512 container-server[120105]: 172.20.0.105 - - [28/Nov/2025:08:34:19 +0000] "PUT /d1/897/AUTH_e2c76e4d27554fd5a4f85cce208b136f/gnocchi.97b432a6-dfa0-480b-b6a7-a919af48417d/none_v3" 201 - "PUT http://172.18.0.197:8080/d1/173/AUTH_e2c76e4d27554fd5a4f85cce208b136f/gnocchi.97b432a6-dfa0-480b-b6a7-a919af48417d/none_v3" "tx330d5a70b7a04aefb5d0b-0069295e8b" "object-server 25" 0.0006 "-" 21 0
Nov 28 08:34:19 np0005538512 object-server[120634]: 172.20.0.103 - - [28/Nov/2025:08:34:19 +0000] "PUT /d1/211/AUTH_e2c76e4d27554fd5a4f85cce208b136f/gnocchi.baf5a52d-b193-44c5-9d75-855be0f5fceb/none_v3" 201 - "PUT http://172.18.0.197:8080/v1/AUTH_e2c76e4d27554fd5a4f85cce208b136f/gnocchi.baf5a52d-b193-44c5-9d75-855be0f5fceb/none_v3" "tx527d0056083c4fa9a6d3d-0069295e8b" "proxy-server 20" 0.0157 "-" 25 0
Nov 28 08:34:19 np0005538512 object-server[120634]: 172.20.0.105 - - [28/Nov/2025:08:34:19 +0000] "PUT /d1/173/AUTH_e2c76e4d27554fd5a4f85cce208b136f/gnocchi.97b432a6-dfa0-480b-b6a7-a919af48417d/none_v3" 201 - "PUT http://172.18.0.197:8080/v1/AUTH_e2c76e4d27554fd5a4f85cce208b136f/gnocchi.97b432a6-dfa0-480b-b6a7-a919af48417d/none_v3" "tx330d5a70b7a04aefb5d0b-0069295e8b" "proxy-server 20" 0.0148 "-" 25 0
Nov 28 08:34:19 np0005538512 proxy-server[122023]: 172.18.0.105 172.18.0.104 28/Nov/2025/08/34/19 PUT /v1/AUTH_e2c76e4d27554fd5a4f85cce208b136f/gnocchi.97b432a6-dfa0-480b-b6a7-a919af48417d/none_v3 HTTP/1.0 201 - python-swiftclient-3.11.1 gAAAAABpKV5EJeK-... 22 - - tx330d5a70b7a04aefb5d0b-0069295e8b - 0.0258 - - 1764318859.645138025 1764318859.670943737 0
Nov 28 08:34:19 np0005538512 container-server[119769]: Beginning replication run
Nov 28 08:34:20 np0005538512 container-server[119769]: Replication run OVER
Nov 28 08:34:20 np0005538512 container-server[119769]: Attempted to replicate 22 dbs in 0.98470 seconds (22.34171/s)
Nov 28 08:34:20 np0005538512 container-server[119769]: Removed 0 dbs
Nov 28 08:34:20 np0005538512 container-server[119769]: 44 successes, 0 failures
Nov 28 08:34:20 np0005538512 container-server[119769]: diff:0 diff_capped:0 empty:0 hashmatch:0 no_change:44 remote_merge:0 rsync:0 ts_repl:0
Nov 28 08:34:22 np0005538512 account-server[119512]: Beginning replication run
Nov 28 08:34:22 np0005538512 account-server[119512]: Replication run OVER
Nov 28 08:34:22 np0005538512 account-server[119512]: Attempted to replicate 1 dbs in 0.03564 seconds (28.05734/s)
Nov 28 08:34:22 np0005538512 account-server[119512]: Removed 0 dbs
Nov 28 08:34:22 np0005538512 account-server[119512]: 2 successes, 0 failures
Nov 28 08:34:22 np0005538512 account-server[119512]: diff:0 diff_capped:0 empty:0 hashmatch:0 no_change:2 remote_merge:0 rsync:0 ts_repl:0
Nov 28 08:34:45 np0005538512 object-server[120293]: Starting object replication pass.
Nov 28 08:34:45 np0005538512 container-server[120031]: Begin container update sweep
Nov 28 08:34:45 np0005538512 account-server[119993]: 172.20.0.105 - - [28/Nov/2025:08:34:45 +0000] "PUT /d1/535/AUTH_e2c76e4d27554fd5a4f85cce208b136f/gnocchi.4f0364c4-4af6-4e6c-bcd5-5ff199621362" 201 - "-" "-" "container-updater 2" 0.0016 "-" 20 0
Nov 28 08:34:45 np0005538512 account-server[120035]: 172.20.0.105 - - [28/Nov/2025:08:34:45 +0000] "PUT /d1/535/AUTH_e2c76e4d27554fd5a4f85cce208b136f/gnocchi.7e33f569-81a4-4cb4-bd1c-175cb7009609" 201 - "-" "-" "container-updater 2" 0.0007 "-" 23 0
Nov 28 08:34:45 np0005538512 object-server[120293]: 43/43 (100.00%) partitions replicated in 0.42s (102.65/sec, 0s remaining)
Nov 28 08:34:45 np0005538512 object-server[120293]: 86 successes, 0 failures
Nov 28 08:34:45 np0005538512 object-server[120293]: 44 suffixes checked - 0.00% hashed, 0.00% synced
Nov 28 08:34:45 np0005538512 object-server[120293]: Partition times: max 0.0168s, min 0.0069s, med 0.0088s
Nov 28 08:34:45 np0005538512 object-server[120293]: Object replication complete. (0.01 minutes)
Nov 28 08:34:45 np0005538512 account-server[120030]: 172.20.0.105 - - [28/Nov/2025:08:34:45 +0000] "PUT /d1/535/AUTH_e2c76e4d27554fd5a4f85cce208b136f/gnocchi.97b432a6-dfa0-480b-b6a7-a919af48417d" 201 - "-" "-" "container-updater 2" 0.0008 "-" 22 0
Nov 28 08:34:45 np0005538512 account-server[119993]: 172.20.0.105 - - [28/Nov/2025:08:34:45 +0000] "PUT /d1/535/AUTH_e2c76e4d27554fd5a4f85cce208b136f/gnocchi.19ba5cf6-206e-46fa-82bd-912eb11d504b" 201 - "-" "-" "container-updater 2" 0.0005 "-" 20 0
Nov 28 08:34:46 np0005538512 account-server[119993]: 172.20.0.105 - - [28/Nov/2025:08:34:46 +0000] "PUT /d1/535/AUTH_e2c76e4d27554fd5a4f85cce208b136f/gnocchi.7b949dec-daa2-4106-9f8c-6beac0d84399" 201 - "-" "-" "container-updater 2" 0.0006 "-" 20 0
Nov 28 08:34:46 np0005538512 account-server[120013]: 172.20.0.105 - - [28/Nov/2025:08:34:46 +0000] "PUT /d1/535/AUTH_e2c76e4d27554fd5a4f85cce208b136f/gnocchi.c9335d8f-efb8-460e-bda6-add3abf1123e" 201 - "-" "-" "container-updater 2" 0.0006 "-" 21 0
Nov 28 08:34:46 np0005538512 account-server[120035]: 172.20.0.105 - - [28/Nov/2025:08:34:46 +0000] "PUT /d1/535/AUTH_e2c76e4d27554fd5a4f85cce208b136f/gnocchi.89b62a12-09d2-4687-8084-3119ec03eb4e" 201 - "-" "-" "container-updater 2" 0.0007 "-" 23 0
Nov 28 08:34:46 np0005538512 account-server[119993]: 172.20.0.105 - - [28/Nov/2025:08:34:46 +0000] "PUT /d1/535/AUTH_e2c76e4d27554fd5a4f85cce208b136f/gnocchi.e7808e08-cb0c-4239-94c4-f4d83524641c" 201 - "-" "-" "container-updater 2" 0.0007 "-" 20 0
Nov 28 08:34:46 np0005538512 account-server[119993]: 172.20.0.105 - - [28/Nov/2025:08:34:46 +0000] "PUT /d1/535/AUTH_e2c76e4d27554fd5a4f85cce208b136f/gnocchi.eba97320-e4cf-4348-a7c2-d4136009ff49" 201 - "-" "-" "container-updater 2" 0.0005 "-" 20 0
Nov 28 08:34:46 np0005538512 account-server[119993]: 172.20.0.105 - - [28/Nov/2025:08:34:46 +0000] "PUT /d1/535/AUTH_e2c76e4d27554fd5a4f85cce208b136f/gnocchi.a851009b-1bdc-4a6a-ab69-57b039cf6772" 201 - "-" "-" "container-updater 2" 0.0006 "-" 20 0
Nov 28 08:34:46 np0005538512 account-server[120013]: 172.20.0.105 - - [28/Nov/2025:08:34:46 +0000] "PUT /d1/535/AUTH_e2c76e4d27554fd5a4f85cce208b136f/gnocchi.5fd37d51-d442-4b07-bbe5-080c2e3c0d32" 201 - "-" "-" "container-updater 2" 0.0008 "-" 21 0
Nov 28 08:34:46 np0005538512 account-server[120030]: 172.20.0.105 - - [28/Nov/2025:08:34:46 +0000] "PUT /d1/535/AUTH_e2c76e4d27554fd5a4f85cce208b136f/gnocchi.59b94bd8-604d-4756-a0ea-d604c290d93c" 201 - "-" "-" "container-updater 2" 0.0008 "-" 22 0
Nov 28 08:34:46 np0005538512 account-server[119993]: 172.20.0.105 - - [28/Nov/2025:08:34:46 +0000] "PUT /d1/535/AUTH_e2c76e4d27554fd5a4f85cce208b136f/gnocchi.baf5a52d-b193-44c5-9d75-855be0f5fceb" 201 - "-" "-" "container-updater 2" 0.0005 "-" 20 0
Nov 28 08:34:46 np0005538512 account-server[119993]: 172.20.0.105 - - [28/Nov/2025:08:34:46 +0000] "PUT /d1/535/AUTH_e2c76e4d27554fd5a4f85cce208b136f/gnocchi.b05f6e18-f773-481a-b203-583bf99b214d" 201 - "-" "-" "container-updater 2" 0.0008 "-" 20 0
Nov 28 08:34:46 np0005538512 account-server[120030]: 172.20.0.105 - - [28/Nov/2025:08:34:46 +0000] "PUT /d1/535/AUTH_e2c76e4d27554fd5a4f85cce208b136f/gnocchi.c6875055-f0f0-47dd-bf94-a7852424649b" 201 - "-" "-" "container-updater 2" 0.0008 "-" 22 0
Nov 28 08:34:47 np0005538512 account-server[120030]: 172.20.0.105 - - [28/Nov/2025:08:34:47 +0000] "PUT /d1/535/AUTH_e2c76e4d27554fd5a4f85cce208b136f/gnocchi.69d3d9a4-7a71-4a7f-8b4d-76c40f05eacf" 201 - "-" "-" "container-updater 2" 0.0006 "-" 22 0
Nov 28 08:34:47 np0005538512 account-server[119993]: 172.20.0.105 - - [28/Nov/2025:08:34:47 +0000] "PUT /d1/535/AUTH_e2c76e4d27554fd5a4f85cce208b136f/gnocchi.3927f339-3916-42db-89af-c6d1f7cf2953" 201 - "-" "-" "container-updater 2" 0.0007 "-" 20 0
Nov 28 08:34:47 np0005538512 account-server[120013]: 172.20.0.105 - - [28/Nov/2025:08:34:47 +0000] "PUT /d1/535/AUTH_e2c76e4d27554fd5a4f85cce208b136f/gnocchi.cff1c426-26ad-4c2f-bbfb-cf7808f4ddba" 201 - "-" "-" "container-updater 2" 0.0006 "-" 21 0
Nov 28 08:34:47 np0005538512 account-server[120030]: 172.20.0.105 - - [28/Nov/2025:08:34:47 +0000] "PUT /d1/535/AUTH_e2c76e4d27554fd5a4f85cce208b136f/gnocchi.547cef1d-702d-4b82-8ce7-75fa4b1b728d" 201 - "-" "-" "container-updater 2" 0.0008 "-" 22 0
Nov 28 08:34:47 np0005538512 account-server[120013]: 172.20.0.105 - - [28/Nov/2025:08:34:47 +0000] "PUT /d1/535/AUTH_e2c76e4d27554fd5a4f85cce208b136f/gnocchi.f94d0f81-485c-443e-8763-91d3db4e7263" 201 - "-" "-" "container-updater 2" 0.0009 "-" 21 0
Nov 28 08:34:47 np0005538512 account-server[119993]: 172.20.0.105 - - [28/Nov/2025:08:34:47 +0000] "PUT /d1/535/AUTH_e2c76e4d27554fd5a4f85cce208b136f/gnocchi.cd6579fb-991d-4443-9aba-0b95219eb447" 201 - "-" "-" "container-updater 2" 0.0007 "-" 20 0
Nov 28 08:34:47 np0005538512 account-server[120013]: 172.20.0.105 - - [28/Nov/2025:08:34:47 +0000] "PUT /d1/535/AUTH_e2c76e4d27554fd5a4f85cce208b136f/gnocchi.c9d3dc38-d6ca-4303-874e-2d884929bcf1" 201 - "-" "-" "container-updater 2" 0.0009 "-" 21 0
Nov 28 08:34:47 np0005538512 object-server[219837]: Begin object audit "forever" mode (ZBF)
Nov 28 08:34:47 np0005538512 object-server[219837]: Object audit (ZBF). Since Fri Nov 28 08:34:47 2025: Locally: 1 passed, 0 quarantined, 0 errors, files/sec: 526.53, bytes/sec: 0.00, Total time: 0.00, Auditing time: 0.00, Rate: 0.00
Nov 28 08:34:47 np0005538512 container-server[120031]: Container update sweep completed: 2.15s
Nov 28 08:34:48 np0005538512 object-server[219837]: Object audit (ZBF) "forever" mode completed: 0.84s. Total quarantined: 0, Total errors: 0, Total files/sec: 52.18, Total bytes/sec: 0.00, Auditing time: 0.83, Rate: 0.99
Nov 28 08:34:49 np0005538512 container-server[119769]: Beginning replication run
Nov 28 08:34:50 np0005538512 container-server[119769]: Replication run OVER
Nov 28 08:34:50 np0005538512 container-server[119769]: Attempted to replicate 22 dbs in 0.43135 seconds (51.00268/s)
Nov 28 08:34:50 np0005538512 container-server[119769]: Removed 0 dbs
Nov 28 08:34:50 np0005538512 container-server[119769]: 44 successes, 0 failures
Nov 28 08:34:50 np0005538512 container-server[119769]: diff:0 diff_capped:0 empty:0 hashmatch:0 no_change:44 remote_merge:0 rsync:0 ts_repl:0
Nov 28 08:34:52 np0005538512 account-server[119512]: Beginning replication run
Nov 28 08:34:52 np0005538512 account-server[119512]: Replication run OVER
Nov 28 08:34:52 np0005538512 account-server[119512]: Attempted to replicate 1 dbs in 0.05074 seconds (19.70754/s)
Nov 28 08:34:52 np0005538512 account-server[119512]: Removed 0 dbs
Nov 28 08:34:52 np0005538512 account-server[119512]: 2 successes, 0 failures
Nov 28 08:34:52 np0005538512 account-server[119512]: diff:0 diff_capped:0 empty:0 hashmatch:0 no_change:2 remote_merge:0 rsync:0 ts_repl:0
Nov 28 08:35:07 np0005538512 account-server[119993]: 172.20.0.105 - - [28/Nov/2025:08:35:07 +0000] "HEAD /d1/46/.expiring_objects" 404 - "HEAD http://localhost/v1/.expiring_objects?format=json" "tx784fe1fc595c4e628c1ee-0069295ebb" "proxy-server 2" 0.0006 "-" 20 -
Nov 28 08:35:07 np0005538512 object-expirer[120149]: Pass completed in 0s; 0 objects expired (txn: tx784fe1fc595c4e628c1ee-0069295ebb)
Nov 28 08:35:15 np0005538512 object-server[120293]: Starting object replication pass.
Nov 28 08:35:16 np0005538512 object-server[120293]: 43/43 (100.00%) partitions replicated in 0.39s (109.66/sec, 0s remaining)
Nov 28 08:35:16 np0005538512 object-server[120293]: 86 successes, 0 failures
Nov 28 08:35:16 np0005538512 object-server[120293]: 44 suffixes checked - 0.00% hashed, 0.00% synced
Nov 28 08:35:16 np0005538512 object-server[120293]: Partition times: max 0.0157s, min 0.0064s, med 0.0083s
Nov 28 08:35:16 np0005538512 object-server[120293]: Object replication complete. (0.01 minutes)
Nov 28 08:35:18 np0005538512 object-server[225640]: Begin object audit "forever" mode (ZBF)
Nov 28 08:35:18 np0005538512 object-server[225641]: Begin object audit "forever" mode (ALL)
Nov 28 08:35:18 np0005538512 object-server[225640]: Object audit (ZBF). Since Fri Nov 28 08:35:18 2025: Locally: 1 passed, 0 quarantined, 0 errors, files/sec: 501.95, bytes/sec: 0.00, Total time: 0.00, Auditing time: 0.00, Rate: 0.00
Nov 28 08:35:18 np0005538512 object-server[225641]: Object audit (ALL). Since Fri Nov 28 08:35:18 2025: Locally: 1 passed, 0 quarantined, 0 errors, files/sec: 110.10, bytes/sec: 1761.66, Total time: 0.01, Auditing time: 0.00, Rate: 0.00
Nov 28 08:35:19 np0005538512 object-server[225640]: Object audit (ZBF) "forever" mode completed: 0.86s. Total quarantined: 0, Total errors: 0, Total files/sec: 50.99, Total bytes/sec: 0.00, Auditing time: 0.85, Rate: 0.99
Nov 28 08:35:20 np0005538512 container-server[119769]: Beginning replication run
Nov 28 08:35:20 np0005538512 container-server[119769]: Replication run OVER
Nov 28 08:35:20 np0005538512 container-server[119769]: Attempted to replicate 22 dbs in 0.43780 seconds (50.25112/s)
Nov 28 08:35:20 np0005538512 container-server[119769]: Removed 0 dbs
Nov 28 08:35:20 np0005538512 container-server[119769]: 44 successes, 0 failures
Nov 28 08:35:20 np0005538512 container-server[119769]: diff:0 diff_capped:0 empty:0 hashmatch:0 no_change:44 remote_merge:0 rsync:0 ts_repl:0
Nov 28 08:35:20 np0005538512 object-server[225641]: Object audit (ALL) "forever" mode completed: 2.11s. Total quarantined: 0, Total errors: 0, Total files/sec: 20.84, Total bytes/sec: 400.73, Auditing time: 2.10, Rate: 0.99
Nov 28 08:35:22 np0005538512 account-server[119512]: Beginning replication run
Nov 28 08:35:22 np0005538512 account-server[119512]: Replication run OVER
Nov 28 08:35:22 np0005538512 account-server[119512]: Attempted to replicate 1 dbs in 0.01944 seconds (51.42951/s)
Nov 28 08:35:22 np0005538512 account-server[119512]: Removed 0 dbs
Nov 28 08:35:22 np0005538512 account-server[119512]: 2 successes, 0 failures
Nov 28 08:35:22 np0005538512 account-server[119512]: diff:0 diff_capped:0 empty:0 hashmatch:0 no_change:2 remote_merge:0 rsync:0 ts_repl:0
Nov 28 08:35:22 np0005538512 account-server[120013]: 172.20.0.104 - - [28/Nov/2025:08:35:22 +0000] "HEAD /d1/46/.expiring_objects" 404 - "HEAD http://localhost/v1/.expiring_objects?format=json" "tx71714ce5567c4b6cb2851-0069295eca" "proxy-server 2" 0.0010 "-" 21 -
Nov 28 08:35:46 np0005538512 object-server[120293]: Starting object replication pass.
Nov 28 08:35:46 np0005538512 object-server[120293]: 43/43 (100.00%) partitions replicated in 0.38s (112.48/sec, 0s remaining)
Nov 28 08:35:46 np0005538512 object-server[120293]: 86 successes, 0 failures
Nov 28 08:35:46 np0005538512 object-server[120293]: 44 suffixes checked - 0.00% hashed, 0.00% synced
Nov 28 08:35:46 np0005538512 object-server[120293]: Partition times: max 0.0149s, min 0.0060s, med 0.0085s
Nov 28 08:35:46 np0005538512 object-server[120293]: Object replication complete. (0.01 minutes)
Nov 28 08:35:49 np0005538512 object-server[225708]: Begin object audit "forever" mode (ZBF)
Nov 28 08:35:49 np0005538512 object-server[225708]: Object audit (ZBF). Since Fri Nov 28 08:35:49 2025: Locally: 1 passed, 0 quarantined, 0 errors, files/sec: 364.34, bytes/sec: 0.00, Total time: 0.00, Auditing time: 0.00, Rate: 0.00
Nov 28 08:35:50 np0005538512 container-server[119769]: Beginning replication run
Nov 28 08:35:50 np0005538512 container-server[119769]: Replication run OVER
Nov 28 08:35:50 np0005538512 container-server[119769]: Attempted to replicate 22 dbs in 0.43682 seconds (50.36365/s)
Nov 28 08:35:50 np0005538512 container-server[119769]: Removed 0 dbs
Nov 28 08:35:50 np0005538512 container-server[119769]: 44 successes, 0 failures
Nov 28 08:35:50 np0005538512 container-server[119769]: diff:0 diff_capped:0 empty:0 hashmatch:0 no_change:44 remote_merge:0 rsync:0 ts_repl:0
Nov 28 08:35:50 np0005538512 object-server[225708]: Object audit (ZBF) "forever" mode completed: 0.84s. Total quarantined: 0, Total errors: 0, Total files/sec: 52.11, Total bytes/sec: 0.00, Auditing time: 0.83, Rate: 0.99
Nov 28 08:35:52 np0005538512 account-server[119512]: Beginning replication run
Nov 28 08:35:52 np0005538512 account-server[119512]: Replication run OVER
Nov 28 08:35:52 np0005538512 account-server[119512]: Attempted to replicate 1 dbs in 0.01620 seconds (61.73322/s)
Nov 28 08:35:52 np0005538512 account-server[119512]: Removed 0 dbs
Nov 28 08:35:52 np0005538512 account-server[119512]: 2 successes, 0 failures
Nov 28 08:35:52 np0005538512 account-server[119512]: diff:0 diff_capped:0 empty:0 hashmatch:0 no_change:2 remote_merge:0 rsync:0 ts_repl:0
Nov 28 08:36:16 np0005538512 object-server[120293]: Starting object replication pass.
Nov 28 08:36:16 np0005538512 object-server[120293]: 43/43 (100.00%) partitions replicated in 0.42s (101.78/sec, 0s remaining)
Nov 28 08:36:16 np0005538512 object-server[120293]: 86 successes, 0 failures
Nov 28 08:36:16 np0005538512 object-server[120293]: 44 suffixes checked - 0.00% hashed, 0.00% synced
Nov 28 08:36:16 np0005538512 object-server[120293]: Partition times: max 0.0225s, min 0.0064s, med 0.0087s
Nov 28 08:36:16 np0005538512 object-server[120293]: Object replication complete. (0.01 minutes)
Nov 28 08:36:17 np0005538512 account-server[120030]: 172.20.0.104 - - [28/Nov/2025:08:36:17 +0000] "HEAD /d1/46/.expiring_objects" 404 - "HEAD http://localhost/v1/.expiring_objects?format=json" "txe6f255ec9a974855ba400-0069295f01" "proxy-server 2" 0.0006 "-" 22 -
Nov 28 08:36:20 np0005538512 container-server[119769]: Beginning replication run
Nov 28 08:36:20 np0005538512 container-server[119769]: Replication run OVER
Nov 28 08:36:20 np0005538512 container-server[119769]: Attempted to replicate 22 dbs in 0.43260 seconds (50.85528/s)
Nov 28 08:36:20 np0005538512 container-server[119769]: Removed 0 dbs
Nov 28 08:36:20 np0005538512 container-server[119769]: 44 successes, 0 failures
Nov 28 08:36:20 np0005538512 container-server[119769]: diff:0 diff_capped:0 empty:0 hashmatch:0 no_change:44 remote_merge:0 rsync:0 ts_repl:0
Nov 28 08:36:20 np0005538512 object-server[231541]: Begin object audit "forever" mode (ZBF)
Nov 28 08:36:20 np0005538512 object-server[231541]: Object audit (ZBF). Since Fri Nov 28 08:36:20 2025: Locally: 1 passed, 0 quarantined, 0 errors, files/sec: 694.54, bytes/sec: 0.00, Total time: 0.00, Auditing time: 0.00, Rate: 0.00
Nov 28 08:36:20 np0005538512 object-server[231542]: Begin object audit "forever" mode (ALL)
Nov 28 08:36:20 np0005538512 object-server[231542]: Object audit (ALL). Since Fri Nov 28 08:36:20 2025: Locally: 1 passed, 0 quarantined, 0 errors, files/sec: 107.67, bytes/sec: 1722.73, Total time: 0.01, Auditing time: 0.00, Rate: 0.00
Nov 28 08:36:21 np0005538512 object-server[231541]: Object audit (ZBF) "forever" mode completed: 0.84s. Total quarantined: 0, Total errors: 0, Total files/sec: 52.19, Total bytes/sec: 0.00, Auditing time: 0.83, Rate: 0.99
Nov 28 08:36:22 np0005538512 account-server[119512]: Beginning replication run
