Nov 28 08:29:45 np0005538512 object-server[190380]: Object audit (ZBF) "forever" mode completed: 0.00s. Total quarantined: 0, Total errors: 0, Total files/sec: 0.00, Total bytes/sec: 0.00, Auditing time: 0.00, Rate: 0.00
Nov 28 08:29:46 np0005538512 account-server[120035]: 172.20.0.104 - - [28/Nov/2025:08:29:46 +0000] "HEAD /d1/46/.expiring_objects" 404 - "HEAD http://localhost/v1/.expiring_objects?format=json" "txffb1663bafcf46488436c-0069295d7a" "proxy-server 2" 0.0009 "-" 23 -
Nov 28 08:29:49 np0005538512 container-server[119769]: Beginning replication run
Nov 28 08:29:49 np0005538512 container-server[119769]: Replication run OVER
Nov 28 08:29:49 np0005538512 container-server[119769]: Attempted to replicate 0 dbs in 0.00300 seconds (0.00000/s)
Nov 28 08:29:49 np0005538512 container-server[119769]: Removed 0 dbs
Nov 28 08:29:49 np0005538512 container-server[119769]: 0 successes, 0 failures
Nov 28 08:29:49 np0005538512 container-server[119769]: diff:0 diff_capped:0 empty:0 hashmatch:0 no_change:0 remote_merge:0 rsync:0 ts_repl:0
Nov 28 08:29:52 np0005538512 account-server[119512]: Beginning replication run
Nov 28 08:29:52 np0005538512 account-server[119512]: Replication run OVER
Nov 28 08:29:52 np0005538512 account-server[119512]: Attempted to replicate 0 dbs in 0.00305 seconds (0.00000/s)
Nov 28 08:29:52 np0005538512 account-server[119512]: Removed 0 dbs
Nov 28 08:29:52 np0005538512 account-server[119512]: 0 successes, 0 failures
Nov 28 08:29:52 np0005538512 account-server[119512]: diff:0 diff_capped:0 empty:0 hashmatch:0 no_change:0 remote_merge:0 rsync:0 ts_repl:0
Nov 28 08:30:14 np0005538512 object-server[120293]: Starting object replication pass.
Nov 28 08:30:14 np0005538512 object-server[120293]: Nothing replicated for 0.004424571990966797 seconds.
Nov 28 08:30:14 np0005538512 object-server[120293]: Object replication complete. (0.00 minutes)
Nov 28 08:30:15 np0005538512 object-server[196429]: Begin object audit "forever" mode (ALL)
Nov 28 08:30:15 np0005538512 object-server[196428]: Begin object audit "forever" mode (ZBF)
Nov 28 08:30:15 np0005538512 object-server[196429]: Object audit (ALL) "forever" mode completed: 0.00s. Total quarantined: 0, Total errors: 0, Total files/sec: 0.00, Total bytes/sec: 0.00, Auditing time: 0.00, Rate: 0.00
Nov 28 08:30:15 np0005538512 object-server[196428]: Object audit (ZBF) "forever" mode completed: 0.00s. Total quarantined: 0, Total errors: 0, Total files/sec: 0.00, Total bytes/sec: 0.00, Auditing time: 0.00, Rate: 0.00
Nov 28 08:30:19 np0005538512 container-server[119769]: Beginning replication run
Nov 28 08:30:19 np0005538512 container-server[119769]: Replication run OVER
Nov 28 08:30:19 np0005538512 container-server[119769]: Attempted to replicate 0 dbs in 0.00216 seconds (0.00000/s)
Nov 28 08:30:19 np0005538512 container-server[119769]: Removed 0 dbs
Nov 28 08:30:19 np0005538512 container-server[119769]: 0 successes, 0 failures
Nov 28 08:30:19 np0005538512 container-server[119769]: diff:0 diff_capped:0 empty:0 hashmatch:0 no_change:0 remote_merge:0 rsync:0 ts_repl:0
Nov 28 08:30:22 np0005538512 account-server[119512]: Beginning replication run
Nov 28 08:30:22 np0005538512 account-server[119512]: Replication run OVER
Nov 28 08:30:22 np0005538512 account-server[119512]: Attempted to replicate 0 dbs in 0.00271 seconds (0.00000/s)
Nov 28 08:30:22 np0005538512 account-server[119512]: Removed 0 dbs
Nov 28 08:30:22 np0005538512 account-server[119512]: 0 successes, 0 failures
Nov 28 08:30:22 np0005538512 account-server[119512]: diff:0 diff_capped:0 empty:0 hashmatch:0 no_change:0 remote_merge:0 rsync:0 ts_repl:0
Nov 28 08:30:42 np0005538512 account-server[120035]: 172.20.0.103 - - [28/Nov/2025:08:30:42 +0000] "HEAD /d1/46/.expiring_objects" 404 - "HEAD http://localhost/v1/.expiring_objects?format=json" "txf5d0ef4d6f5843b38da81-0069295db2" "proxy-server 2" 0.0009 "-" 23 -
Nov 28 08:30:44 np0005538512 account-server[120035]: 172.20.0.103 - - [28/Nov/2025:08:30:44 +0000] "HEAD /d1/46/.expiring_objects" 404 - "HEAD http://localhost/v1/.expiring_objects?format=json" "tx9c7c9879869e4b8db1dd9-0069295db4" "proxy-server 2" 0.0005 "-" 23 -
Nov 28 08:30:44 np0005538512 object-server[120293]: Starting object replication pass.
Nov 28 08:30:44 np0005538512 object-server[120293]: Nothing replicated for 0.00404047966003418 seconds.
Nov 28 08:30:44 np0005538512 object-server[120293]: Object replication complete. (0.00 minutes)
Nov 28 08:30:45 np0005538512 object-server[196437]: Begin object audit "forever" mode (ZBF)
Nov 28 08:30:45 np0005538512 object-server[196437]: Object audit (ZBF) "forever" mode completed: 0.00s. Total quarantined: 0, Total errors: 0, Total files/sec: 0.00, Total bytes/sec: 0.00, Auditing time: 0.00, Rate: 0.00
Nov 28 08:30:49 np0005538512 container-server[119769]: Beginning replication run
Nov 28 08:30:49 np0005538512 container-server[119769]: Replication run OVER
Nov 28 08:30:49 np0005538512 container-server[119769]: Attempted to replicate 0 dbs in 0.00189 seconds (0.00000/s)
Nov 28 08:30:49 np0005538512 container-server[119769]: Removed 0 dbs
Nov 28 08:30:49 np0005538512 container-server[119769]: 0 successes, 0 failures
Nov 28 08:30:49 np0005538512 container-server[119769]: diff:0 diff_capped:0 empty:0 hashmatch:0 no_change:0 remote_merge:0 rsync:0 ts_repl:0
Nov 28 08:30:52 np0005538512 account-server[119512]: Beginning replication run
Nov 28 08:30:52 np0005538512 account-server[119512]: Replication run OVER
Nov 28 08:30:52 np0005538512 account-server[119512]: Attempted to replicate 0 dbs in 0.00159 seconds (0.00000/s)
Nov 28 08:30:52 np0005538512 account-server[119512]: Removed 0 dbs
Nov 28 08:30:52 np0005538512 account-server[119512]: 0 successes, 0 failures
Nov 28 08:30:52 np0005538512 account-server[119512]: diff:0 diff_capped:0 empty:0 hashmatch:0 no_change:0 remote_merge:0 rsync:0 ts_repl:0
Nov 28 08:31:14 np0005538512 object-server[120293]: Starting object replication pass.
Nov 28 08:31:14 np0005538512 object-server[120293]: Nothing replicated for 0.004528999328613281 seconds.
Nov 28 08:31:14 np0005538512 object-server[120293]: Object replication complete. (0.00 minutes)
Nov 28 08:31:16 np0005538512 object-server[202193]: Begin object audit "forever" mode (ZBF)
Nov 28 08:31:16 np0005538512 object-server[202194]: Begin object audit "forever" mode (ALL)
Nov 28 08:31:16 np0005538512 object-server[202194]: Object audit (ALL) "forever" mode completed: 0.00s. Total quarantined: 0, Total errors: 0, Total files/sec: 0.00, Total bytes/sec: 0.00, Auditing time: 0.00, Rate: 0.00
Nov 28 08:31:16 np0005538512 object-server[202193]: Object audit (ZBF) "forever" mode completed: 0.00s. Total quarantined: 0, Total errors: 0, Total files/sec: 0.00, Total bytes/sec: 0.00, Auditing time: 0.00, Rate: 0.00
Nov 28 08:31:19 np0005538512 container-server[119769]: Beginning replication run
Nov 28 08:31:19 np0005538512 container-server[119769]: Replication run OVER
Nov 28 08:31:19 np0005538512 container-server[119769]: Attempted to replicate 0 dbs in 0.00322 seconds (0.00000/s)
Nov 28 08:31:19 np0005538512 container-server[119769]: Removed 0 dbs
Nov 28 08:31:19 np0005538512 container-server[119769]: 0 successes, 0 failures
Nov 28 08:31:19 np0005538512 container-server[119769]: diff:0 diff_capped:0 empty:0 hashmatch:0 no_change:0 remote_merge:0 rsync:0 ts_repl:0
Nov 28 08:31:22 np0005538512 account-server[119512]: Beginning replication run
Nov 28 08:31:22 np0005538512 account-server[119512]: Replication run OVER
Nov 28 08:31:22 np0005538512 account-server[119512]: Attempted to replicate 0 dbs in 0.00146 seconds (0.00000/s)
Nov 28 08:31:22 np0005538512 account-server[119512]: Removed 0 dbs
Nov 28 08:31:22 np0005538512 account-server[119512]: 0 successes, 0 failures
Nov 28 08:31:22 np0005538512 account-server[119512]: diff:0 diff_capped:0 empty:0 hashmatch:0 no_change:0 remote_merge:0 rsync:0 ts_repl:0
Nov 28 08:31:44 np0005538512 object-server[120293]: Starting object replication pass.
Nov 28 08:31:44 np0005538512 object-server[120293]: Nothing replicated for 0.004549503326416016 seconds.
Nov 28 08:31:44 np0005538512 object-server[120293]: Object replication complete. (0.00 minutes)
Nov 28 08:31:46 np0005538512 object-server[202195]: Begin object audit "forever" mode (ZBF)
Nov 28 08:31:46 np0005538512 object-server[202195]: Object audit (ZBF) "forever" mode completed: 0.00s. Total quarantined: 0, Total errors: 0, Total files/sec: 0.00, Total bytes/sec: 0.00, Auditing time: 0.00, Rate: 0.00
Nov 28 08:31:46 np0005538512 object-server[120458]: Begin object update sweep
Nov 28 08:31:46 np0005538512 object-server[205080]: Object update sweep starting on /srv/node/d1 (pid: 14)
Nov 28 08:31:46 np0005538512 object-server[205080]: Object update sweep completed on /srv/node/d1 in 0.00s seconds:, 0 successes, 0 failures, 0 quarantines, 0 unlinks, 0 errors, 0 redirects (pid: 14)
Nov 28 08:31:46 np0005538512 object-server[205080]: Object update sweep of d1 completed: 0.00s, 0 successes, 0 failures, 0 quarantines, 0 unlinks, 0 errors, 0 redirects
Nov 28 08:31:46 np0005538512 object-server[120458]: Object update sweep completed: 0.10s
Nov 28 08:31:49 np0005538512 container-server[119769]: Beginning replication run
Nov 28 08:31:49 np0005538512 container-server[119769]: Replication run OVER
Nov 28 08:31:49 np0005538512 container-server[119769]: Attempted to replicate 0 dbs in 0.00175 seconds (0.00000/s)
Nov 28 08:31:49 np0005538512 container-server[119769]: Removed 0 dbs
Nov 28 08:31:49 np0005538512 container-server[119769]: 0 successes, 0 failures
Nov 28 08:31:49 np0005538512 container-server[119769]: diff:0 diff_capped:0 empty:0 hashmatch:0 no_change:0 remote_merge:0 rsync:0 ts_repl:0
Nov 28 08:31:52 np0005538512 account-server[119512]: Beginning replication run
Nov 28 08:31:52 np0005538512 account-server[119512]: Replication run OVER
Nov 28 08:31:52 np0005538512 account-server[119512]: Attempted to replicate 0 dbs in 0.00233 seconds (0.00000/s)
Nov 28 08:31:52 np0005538512 account-server[119512]: Removed 0 dbs
Nov 28 08:31:52 np0005538512 account-server[119512]: 0 successes, 0 failures
Nov 28 08:31:52 np0005538512 account-server[119512]: diff:0 diff_capped:0 empty:0 hashmatch:0 no_change:0 remote_merge:0 rsync:0 ts_repl:0
Nov 28 08:31:56 np0005538512 account-server[120030]: 172.20.0.103 - - [28/Nov/2025:08:31:56 +0000] "HEAD /d1/535/AUTH_e2c76e4d27554fd5a4f85cce208b136f" 404 - "HEAD http://172.18.0.197:8080/v1/AUTH_e2c76e4d27554fd5a4f85cce208b136f?format=json" "txa69d8ec619ba48d695b4b-0069295dfc" "proxy-server 20" 0.0010 "-" 22 -
Nov 28 08:31:57 np0005538512 object-server[120571]: 172.20.0.103 - - [28/Nov/2025:08:31:57 +0000] "GET /d1/70/AUTH_e2c76e4d27554fd5a4f85cce208b136f/gnocchi.4f0364c4-4af6-4e6c-bcd5-5ff199621362/none_v3" 404 70 "GET http://172.18.0.197:8080/v1/AUTH_e2c76e4d27554fd5a4f85cce208b136f/gnocchi.4f0364c4-4af6-4e6c-bcd5-5ff199621362/none_v3" "txa69d8ec619ba48d695b4b-0069295dfc" "proxy-server 20" 0.0016 "-" 22 0
Nov 28 08:31:57 np0005538512 account-server[119993]: 172.20.0.104 - - [28/Nov/2025:08:31:57 +0000] "PUT /d1/535/AUTH_e2c76e4d27554fd5a4f85cce208b136f" 201 - "-" "txae012a3bdc974d8aa1866-0069295dfd" "-" 0.0144 "-" 20 -
Nov 28 08:31:57 np0005538512 account-server[120035]: 172.20.0.104 - - [28/Nov/2025:08:31:57 +0000] "HEAD /d1/535/AUTH_e2c76e4d27554fd5a4f85cce208b136f" 204 - "HEAD http://172.18.0.197:8080/v1/AUTH_e2c76e4d27554fd5a4f85cce208b136f?format=json" "txae012a3bdc974d8aa1866-0069295dfd" "proxy-server 20" 0.0037 "-" 23 -
Nov 28 08:31:57 np0005538512 account-server[120030]: 172.20.0.105 - - [28/Nov/2025:08:31:57 +0000] "PUT /d1/535/AUTH_e2c76e4d27554fd5a4f85cce208b136f/gnocchi.4f0364c4-4af6-4e6c-bcd5-5ff199621362" 201 - "PUT http://172.20.0.105:6001/d1/264/AUTH_e2c76e4d27554fd5a4f85cce208b136f/gnocchi.4f0364c4-4af6-4e6c-bcd5-5ff199621362" "txae012a3bdc974d8aa1866-0069295dfd" "container-server 22" 0.0017 "-" 22 0
Nov 28 08:31:57 np0005538512 container-server[120123]: 172.20.0.104 - - [28/Nov/2025:08:31:57 +0000] "PUT /d1/264/AUTH_e2c76e4d27554fd5a4f85cce208b136f/gnocchi.4f0364c4-4af6-4e6c-bcd5-5ff199621362" 201 - "PUT http://172.18.0.197:8080/v1/AUTH_e2c76e4d27554fd5a4f85cce208b136f/gnocchi.4f0364c4-4af6-4e6c-bcd5-5ff199621362" "txae012a3bdc974d8aa1866-0069295dfd" "proxy-server 20" 0.0142 "-" 22 0
Nov 28 08:31:57 np0005538512 container-server[120123]: 172.20.0.105 - - [28/Nov/2025:08:31:57 +0000] "HEAD /d1/264/AUTH_e2c76e4d27554fd5a4f85cce208b136f/gnocchi.4f0364c4-4af6-4e6c-bcd5-5ff199621362" 204 - "HEAD http://172.18.0.197:8080/v1/AUTH_e2c76e4d27554fd5a4f85cce208b136f/gnocchi.4f0364c4-4af6-4e6c-bcd5-5ff199621362?format=json&states=listing" "tx34bb793cc4b045f2a11d0-0069295dfd" "proxy-server 20" 0.0013 "-" 22 0
Nov 28 08:31:57 np0005538512 proxy-server[122023]: - - 28/Nov/2025/08/31/57 HEAD /v1/AUTH_e2c76e4d27554fd5a4f85cce208b136f/gnocchi.4f0364c4-4af6-4e6c-bcd5-5ff199621362%3Fformat%3Djson%26states%3Dlisting HTTP/1.0 204 - Swift - - - - tx34bb793cc4b045f2a11d0-0069295dfd - 0.0048 RL - 1764318717.411334753 1764318717.416130543 0
Nov 28 08:31:57 np0005538512 proxy-server[122023]: 172.18.0.103 172.18.0.104 28/Nov/2025/08/31/57 GET /v1/AUTH_e2c76e4d27554fd5a4f85cce208b136f/gnocchi.4f0364c4-4af6-4e6c-bcd5-5ff199621362%3Fformat%3Djson%26states%3Dlisting HTTP/1.0 200 - python-swiftclient-3.11.1 gAAAAABpKV38a7pX... - 2 - tx34bb793cc4b045f2a11d0-0069295dfd - 0.0262 - - 1764318717.406473398 1764318717.432674646 0
Nov 28 08:31:57 np0005538512 object-server[120619]: 172.20.0.103 - - [28/Nov/2025:08:31:57 +0000] "GET /d1/311/AUTH_e2c76e4d27554fd5a4f85cce208b136f/gnocchi.4f0364c4-4af6-4e6c-bcd5-5ff199621362/1763640000.0_mean_300.0_v3" 404 70 "GET http://172.18.0.197:8080/v1/AUTH_e2c76e4d27554fd5a4f85cce208b136f/gnocchi.4f0364c4-4af6-4e6c-bcd5-5ff199621362/1763640000.0_mean_300.0_v3" "tx02a4abedf158404ca73ea-0069295dfd" "proxy-server 20" 0.0008 "-" 24 0
Nov 28 08:31:57 np0005538512 container-server[120100]: 172.20.0.103 - - [28/Nov/2025:08:31:57 +0000] "PUT /d1/264/AUTH_e2c76e4d27554fd5a4f85cce208b136f/gnocchi.4f0364c4-4af6-4e6c-bcd5-5ff199621362/1763640000.0_mean_300.0_v3" 201 - "PUT http://172.18.0.197:8080/d1/311/AUTH_e2c76e4d27554fd5a4f85cce208b136f/gnocchi.4f0364c4-4af6-4e6c-bcd5-5ff199621362/1763640000.0_mean_300.0_v3" "txa08b6db7a76349dd82e3f-0069295dfd" "object-server 25" 0.0018 "-" 20 0
Nov 28 08:31:57 np0005538512 object-server[120599]: 172.20.0.104 - - [28/Nov/2025:08:31:57 +0000] "PUT /d1/311/AUTH_e2c76e4d27554fd5a4f85cce208b136f/gnocchi.4f0364c4-4af6-4e6c-bcd5-5ff199621362/1763640000.0_mean_300.0_v3" 201 - "PUT http://172.18.0.197:8080/v1/AUTH_e2c76e4d27554fd5a4f85cce208b136f/gnocchi.4f0364c4-4af6-4e6c-bcd5-5ff199621362/1763640000.0_mean_300.0_v3" "txa08b6db7a76349dd82e3f-0069295dfd" "proxy-server 20" 0.0387 "-" 23 0
Nov 28 08:31:57 np0005538512 object-server[120599]: 172.20.0.105 - - [28/Nov/2025:08:31:57 +0000] "PUT /d1/70/AUTH_e2c76e4d27554fd5a4f85cce208b136f/gnocchi.4f0364c4-4af6-4e6c-bcd5-5ff199621362/none_v3" 201 - "PUT http://172.18.0.197:8080/v1/AUTH_e2c76e4d27554fd5a4f85cce208b136f/gnocchi.4f0364c4-4af6-4e6c-bcd5-5ff199621362/none_v3" "txd875cfbafe5c470eac72b-0069295dfd" "proxy-server 20" 0.0168 "-" 23 0
Nov 28 08:31:57 np0005538512 container-server[120099]: 172.20.0.104 - - [28/Nov/2025:08:31:57 +0000] "PUT /d1/264/AUTH_e2c76e4d27554fd5a4f85cce208b136f/gnocchi.4f0364c4-4af6-4e6c-bcd5-5ff199621362/none_v3" 201 - "PUT http://172.18.0.197:8080/d1/70/AUTH_e2c76e4d27554fd5a4f85cce208b136f/gnocchi.4f0364c4-4af6-4e6c-bcd5-5ff199621362/none_v3" "txd875cfbafe5c470eac72b-0069295dfd" "object-server 24" 0.0013 "-" 19 0
Nov 28 08:31:57 np0005538512 proxy-server[122023]: 172.18.0.103 172.18.0.104 28/Nov/2025/08/31/57 PUT /v1/AUTH_e2c76e4d27554fd5a4f85cce208b136f/gnocchi.4f0364c4-4af6-4e6c-bcd5-5ff199621362/none_v3 HTTP/1.0 201 - python-swiftclient-3.11.1 gAAAAABpKV38a7pX... 32 - - txd875cfbafe5c470eac72b-0069295dfd - 0.0410 - - 1764318717.511176109 1764318717.552201033 0
Nov 28 08:32:07 np0005538512 account-server[120013]: 172.20.0.103 - - [28/Nov/2025:08:32:07 +0000] "HEAD /d1/46/.expiring_objects" 404 - "HEAD http://localhost/v1/.expiring_objects?format=json" "txd9a2c0ce2d3a4ced93f7e-0069295e07" "proxy-server 2" 0.0007 "-" 21 -
Nov 28 08:32:08 np0005538512 account-server[119993]: 172.20.0.103 - - [28/Nov/2025:08:32:08 +0000] "HEAD /d1/46/.expiring_objects" 404 - "HEAD http://localhost/v1/.expiring_objects?format=json" "txa4121d857929456398afb-0069295e08" "proxy-server 2" 0.0012 "-" 20 -
Nov 28 08:32:14 np0005538512 object-server[120293]: Starting object replication pass.
Nov 28 08:32:14 np0005538512 object-server[120293]: 2/2 (100.00%) partitions replicated in 0.04s (45.49/sec, 0s remaining)
Nov 28 08:32:14 np0005538512 object-server[120293]: 4 successes, 0 failures
Nov 28 08:32:14 np0005538512 object-server[120293]: 2 suffixes checked - 0.00% hashed, 0.00% synced
Nov 28 08:32:14 np0005538512 object-server[120293]: Partition times: max 0.0236s, min 0.0159s, med 0.0236s
Nov 28 08:32:14 np0005538512 object-server[120293]: Object replication complete. (0.00 minutes)
Nov 28 08:32:16 np0005538512 object-server[208232]: Begin object audit "forever" mode (ZBF)
Nov 28 08:32:16 np0005538512 object-server[208233]: Begin object audit "forever" mode (ALL)
Nov 28 08:32:16 np0005538512 object-server[208232]: Object audit (ZBF). Since Fri Nov 28 08:32:16 2025: Locally: 1 passed, 0 quarantined, 0 errors, files/sec: 515.78, bytes/sec: 0.00, Total time: 0.00, Auditing time: 0.00, Rate: 0.00
Nov 28 08:32:16 np0005538512 object-server[208232]: Object audit (ZBF) "forever" mode completed: 0.00s. Total quarantined: 0, Total errors: 0, Total files/sec: 446.63, Total bytes/sec: 0.00, Auditing time: 0.00, Rate: 0.32
Nov 28 08:32:16 np0005538512 object-server[208233]: Object audit (ALL). Since Fri Nov 28 08:32:16 2025: Locally: 1 passed, 0 quarantined, 0 errors, files/sec: 97.25, bytes/sec: 1556.00, Total time: 0.01, Auditing time: 0.00, Rate: 0.00
Nov 28 08:32:16 np0005538512 object-server[208233]: Object audit (ALL) "forever" mode completed: 0.01s. Total quarantined: 0, Total errors: 0, Total files/sec: 138.05, Total bytes/sec: 3313.31, Auditing time: 0.01, Rate: 0.71
Nov 28 08:32:19 np0005538512 container-server[119769]: Beginning replication run
Nov 28 08:32:19 np0005538512 container-server[119769]: Replication run OVER
Nov 28 08:32:19 np0005538512 container-server[119769]: Attempted to replicate 1 dbs in 0.03987 seconds (25.07919/s)
Nov 28 08:32:19 np0005538512 container-server[119769]: Removed 0 dbs
Nov 28 08:32:19 np0005538512 container-server[119769]: 2 successes, 0 failures
Nov 28 08:32:19 np0005538512 container-server[119769]: diff:0 diff_capped:0 empty:0 hashmatch:0 no_change:2 remote_merge:0 rsync:0 ts_repl:0
Nov 28 08:32:22 np0005538512 account-server[119512]: Beginning replication run
Nov 28 08:32:22 np0005538512 account-server[119512]: Replication run OVER
Nov 28 08:32:22 np0005538512 account-server[119512]: Attempted to replicate 1 dbs in 0.02765 seconds (36.16452/s)
Nov 28 08:32:22 np0005538512 account-server[119512]: Removed 0 dbs
Nov 28 08:32:22 np0005538512 account-server[119512]: 2 successes, 0 failures
Nov 28 08:32:22 np0005538512 account-server[119512]: diff:0 diff_capped:0 empty:0 hashmatch:0 no_change:2 remote_merge:0 rsync:0 ts_repl:0
Nov 28 08:32:32 np0005538512 account-server[120035]: 172.20.0.104 - - [28/Nov/2025:08:32:32 +0000] "HEAD /d1/46/.expiring_objects" 404 - "HEAD http://localhost/v1/.expiring_objects?format=json" "txcf60b363511f424a8f076-0069295e20" "proxy-server 2" 0.0010 "-" 23 -
Nov 28 08:32:44 np0005538512 object-server[120293]: Starting object replication pass.
Nov 28 08:32:44 np0005538512 object-server[120293]: 2/2 (100.00%) partitions replicated in 0.05s (43.47/sec, 0s remaining)
Nov 28 08:32:44 np0005538512 object-server[120293]: 4 successes, 0 failures
Nov 28 08:32:44 np0005538512 object-server[120293]: 2 suffixes checked - 0.00% hashed, 0.00% synced
Nov 28 08:32:44 np0005538512 object-server[120293]: Partition times: max 0.0321s, min 0.0092s, med 0.0321s
Nov 28 08:32:44 np0005538512 object-server[120293]: Object replication complete. (0.00 minutes)
Nov 28 08:32:46 np0005538512 object-server[208235]: Begin object audit "forever" mode (ZBF)
Nov 28 08:32:46 np0005538512 object-server[208235]: Object audit (ZBF). Since Fri Nov 28 08:32:46 2025: Locally: 1 passed, 0 quarantined, 0 errors, files/sec: 540.64, bytes/sec: 0.00, Total time: 0.00, Auditing time: 0.00, Rate: 0.00
Nov 28 08:32:46 np0005538512 object-server[208235]: Object audit (ZBF) "forever" mode completed: 0.00s. Total quarantined: 0, Total errors: 0, Total files/sec: 467.07, Total bytes/sec: 0.00, Auditing time: 0.00, Rate: 0.29
Nov 28 08:32:49 np0005538512 container-server[119769]: Beginning replication run
Nov 28 08:32:49 np0005538512 container-server[119769]: Replication run OVER
Nov 28 08:32:49 np0005538512 container-server[119769]: Attempted to replicate 1 dbs in 0.02283 seconds (43.79494/s)
Nov 28 08:32:49 np0005538512 container-server[119769]: Removed 0 dbs
Nov 28 08:32:49 np0005538512 container-server[119769]: 2 successes, 0 failures
Nov 28 08:32:49 np0005538512 container-server[119769]: diff:0 diff_capped:0 empty:0 hashmatch:0 no_change:2 remote_merge:0 rsync:0 ts_repl:0
Nov 28 08:32:52 np0005538512 account-server[119512]: Beginning replication run
Nov 28 08:32:52 np0005538512 account-server[119512]: Replication run OVER
Nov 28 08:32:52 np0005538512 account-server[119512]: Attempted to replicate 1 dbs in 0.01764 seconds (56.67640/s)
Nov 28 08:32:52 np0005538512 account-server[119512]: Removed 0 dbs
Nov 28 08:32:52 np0005538512 account-server[119512]: 2 successes, 0 failures
Nov 28 08:32:52 np0005538512 account-server[119512]: diff:0 diff_capped:0 empty:0 hashmatch:0 no_change:2 remote_merge:0 rsync:0 ts_repl:0
Nov 28 08:32:59 np0005538512 container-server[120099]: 172.20.0.103 - - [28/Nov/2025:08:32:59 +0000] "HEAD /d1/972/AUTH_e2c76e4d27554fd5a4f85cce208b136f/gnocchi.7e33f569-81a4-4cb4-bd1c-175cb7009609" 404 - "HEAD http://172.18.0.197:8080/v1/AUTH_e2c76e4d27554fd5a4f85cce208b136f/gnocchi.7e33f569-81a4-4cb4-bd1c-175cb7009609?format=json&states=listing" "tx2cafa64c4a964f14b3fa9-0069295e3b" "proxy-server 20" 0.0010 "-" 19 0
Nov 28 08:32:59 np0005538512 object-server[120571]: 172.20.0.103 - - [28/Nov/2025:08:32:59 +0000] "GET /d1/479/AUTH_e2c76e4d27554fd5a4f85cce208b136f/gnocchi.7e33f569-81a4-4cb4-bd1c-175cb7009609/none_v3" 404 70 "GET http://172.18.0.197:8080/v1/AUTH_e2c76e4d27554fd5a4f85cce208b136f/gnocchi.7e33f569-81a4-4cb4-bd1c-175cb7009609/none_v3" "tx2cafa64c4a964f14b3fa9-0069295e3b" "proxy-server 20" 0.0006 "-" 22 0
Nov 28 08:32:59 np0005538512 container-server[120123]: 172.20.0.104 - - [28/Nov/2025:08:32:59 +0000] "PUT /d1/972/AUTH_e2c76e4d27554fd5a4f85cce208b136f/gnocchi.7e33f569-81a4-4cb4-bd1c-175cb7009609" 201 - "PUT http://172.18.0.197:8080/v1/AUTH_e2c76e4d27554fd5a4f85cce208b136f/gnocchi.7e33f569-81a4-4cb4-bd1c-175cb7009609" "txfaf07b36068e4d059f742-0069295e3b" "proxy-server 20" 0.0138 "-" 22 0
Nov 28 08:32:59 np0005538512 account-server[119993]: 172.20.0.104 - - [28/Nov/2025:08:32:59 +0000] "PUT /d1/535/AUTH_e2c76e4d27554fd5a4f85cce208b136f/gnocchi.7e33f569-81a4-4cb4-bd1c-175cb7009609" 201 - "PUT http://172.20.0.104:6001/d1/972/AUTH_e2c76e4d27554fd5a4f85cce208b136f/gnocchi.7e33f569-81a4-4cb4-bd1c-175cb7009609" "txfaf07b36068e4d059f742-0069295e3b" "container-server 22" 0.0014 "-" 20 0
Nov 28 08:32:59 np0005538512 container-server[120099]: 172.20.0.105 - - [28/Nov/2025:08:32:59 +0000] "HEAD /d1/972/AUTH_e2c76e4d27554fd5a4f85cce208b136f/gnocchi.7e33f569-81a4-4cb4-bd1c-175cb7009609" 204 - "HEAD http://172.18.0.197:8080/v1/AUTH_e2c76e4d27554fd5a4f85cce208b136f/gnocchi.7e33f569-81a4-4cb4-bd1c-175cb7009609?format=json&states=listing" "tx35323614b654493286ddc-0069295e3b" "proxy-server 20" 0.0016 "-" 19 0
Nov 28 08:32:59 np0005538512 proxy-server[122023]: - - 28/Nov/2025/08/32/59 HEAD /v1/AUTH_e2c76e4d27554fd5a4f85cce208b136f/gnocchi.7e33f569-81a4-4cb4-bd1c-175cb7009609%3Fformat%3Djson%26states%3Dlisting HTTP/1.0 204 - Swift - - - - tx35323614b654493286ddc-0069295e3b - 0.0062 RL - 1764318779.197449923 1764318779.203608036 0
Nov 28 08:32:59 np0005538512 proxy-server[122023]: 172.18.0.103 172.18.0.104 28/Nov/2025/08/32/59 GET /v1/AUTH_e2c76e4d27554fd5a4f85cce208b136f/gnocchi.7e33f569-81a4-4cb4-bd1c-175cb7009609%3Fformat%3Djson%26states%3Dlisting HTTP/1.0 200 - python-swiftclient-3.11.1 gAAAAABpKV38a7pX... - 2 - tx35323614b654493286ddc-0069295e3b - 0.0231 - - 1764318779.193838358 1764318779.216982365 0
Nov 28 08:32:59 np0005538512 object-server[120634]: 172.20.0.103 - - [28/Nov/2025:08:32:59 +0000] "GET /d1/88/AUTH_e2c76e4d27554fd5a4f85cce208b136f/gnocchi.7e33f569-81a4-4cb4-bd1c-175cb7009609/1763640000.0_mean_300.0_v3" 404 70 "GET http://172.18.0.197:8080/v1/AUTH_e2c76e4d27554fd5a4f85cce208b136f/gnocchi.7e33f569-81a4-4cb4-bd1c-175cb7009609/1763640000.0_mean_300.0_v3" "tx04ad5461df7b4289a5296-0069295e3b" "proxy-server 20" 0.0005 "-" 25 0
Nov 28 08:32:59 np0005538512 container-server[120099]: 172.20.0.103 - - [28/Nov/2025:08:32:59 +0000] "PUT /d1/972/AUTH_e2c76e4d27554fd5a4f85cce208b136f/gnocchi.7e33f569-81a4-4cb4-bd1c-175cb7009609/1763640000.0_mean_300.0_v3" 201 - "PUT http://172.18.0.197:8080/d1/88/AUTH_e2c76e4d27554fd5a4f85cce208b136f/gnocchi.7e33f569-81a4-4cb4-bd1c-175cb7009609/1763640000.0_mean_300.0_v3" "tx9d8abcc8b3564c8599a70-0069295e3b" "object-server 23" 0.0009 "-" 19 0
Nov 28 08:32:59 np0005538512 object-server[120619]: 172.20.0.104 - - [28/Nov/2025:08:32:59 +0000] "PUT /d1/88/AUTH_e2c76e4d27554fd5a4f85cce208b136f/gnocchi.7e33f569-81a4-4cb4-bd1c-175cb7009609/1763640000.0_mean_300.0_v3" 201 - "PUT http://172.18.0.197:8080/v1/AUTH_e2c76e4d27554fd5a4f85cce208b136f/gnocchi.7e33f569-81a4-4cb4-bd1c-175cb7009609/1763640000.0_mean_300.0_v3" "tx9d8abcc8b3564c8599a70-0069295e3b" "proxy-server 20" 0.0241 "-" 24 0
Nov 28 08:32:59 np0005538512 container-server[120099]: 172.20.0.105 - - [28/Nov/2025:08:32:59 +0000] "PUT /d1/972/AUTH_e2c76e4d27554fd5a4f85cce208b136f/gnocchi.7e33f569-81a4-4cb4-bd1c-175cb7009609/none_v3" 201 - "PUT http://172.18.0.197:8080/d1/479/AUTH_e2c76e4d27554fd5a4f85cce208b136f/gnocchi.7e33f569-81a4-4cb4-bd1c-175cb7009609/none_v3" "txfb42de6de339499ba77bf-0069295e3b" "object-server 24" 0.0011 "-" 19 0
Nov 28 08:32:59 np0005538512 object-server[120619]: 172.20.0.105 - - [28/Nov/2025:08:32:59 +0000] "PUT /d1/479/AUTH_e2c76e4d27554fd5a4f85cce208b136f/gnocchi.7e33f569-81a4-4cb4-bd1c-175cb7009609/none_v3" 201 - "PUT http://172.18.0.197:8080/v1/AUTH_e2c76e4d27554fd5a4f85cce208b136f/gnocchi.7e33f569-81a4-4cb4-bd1c-175cb7009609/none_v3" "txfb42de6de339499ba77bf-0069295e3b" "proxy-server 20" 0.0193 "-" 24 0
Nov 28 08:32:59 np0005538512 proxy-server[122023]: 172.18.0.103 172.18.0.104 28/Nov/2025/08/32/59 PUT /v1/AUTH_e2c76e4d27554fd5a4f85cce208b136f/gnocchi.7e33f569-81a4-4cb4-bd1c-175cb7009609/none_v3 HTTP/1.0 201 - python-swiftclient-3.11.1 gAAAAABpKV38a7pX... 22 - - txfb42de6de339499ba77bf-0069295e3b - 0.0335 - - 1764318779.282442093 1764318779.315928936 0
Nov 28 08:32:59 np0005538512 container-server[120105]: 172.20.0.103 - - [28/Nov/2025:08:32:59 +0000] "HEAD /d1/22/AUTH_e2c76e4d27554fd5a4f85cce208b136f/gnocchi.eba97320-e4cf-4348-a7c2-d4136009ff49" 404 - "HEAD http://172.18.0.197:8080/v1/AUTH_e2c76e4d27554fd5a4f85cce208b136f/gnocchi.eba97320-e4cf-4348-a7c2-d4136009ff49?format=json&states=listing" "tx76eb07e750864e45a6603-0069295e3b" "proxy-server 20" 0.0019 "-" 21 0
Nov 28 08:32:59 np0005538512 object-server[120619]: 172.20.0.103 - - [28/Nov/2025:08:32:59 +0000] "GET /d1/363/AUTH_e2c76e4d27554fd5a4f85cce208b136f/gnocchi.eba97320-e4cf-4348-a7c2-d4136009ff49/none_v3" 404 70 "GET http://172.18.0.197:8080/v1/AUTH_e2c76e4d27554fd5a4f85cce208b136f/gnocchi.eba97320-e4cf-4348-a7c2-d4136009ff49/none_v3" "tx76eb07e750864e45a6603-0069295e3b" "proxy-server 20" 0.0007 "-" 24 0
Nov 28 08:32:59 np0005538512 container-server[120123]: 172.20.0.104 - - [28/Nov/2025:08:32:59 +0000] "PUT /d1/22/AUTH_e2c76e4d27554fd5a4f85cce208b136f/gnocchi.eba97320-e4cf-4348-a7c2-d4136009ff49" 201 - "PUT http://172.18.0.197:8080/v1/AUTH_e2c76e4d27554fd5a4f85cce208b136f/gnocchi.eba97320-e4cf-4348-a7c2-d4136009ff49" "tx9de04cee019943a188766-0069295e3b" "proxy-server 20" 0.0200 "-" 22 0
Nov 28 08:32:59 np0005538512 account-server[120035]: 172.20.0.103 - - [28/Nov/2025:08:32:59 +0000] "PUT /d1/535/AUTH_e2c76e4d27554fd5a4f85cce208b136f/gnocchi.eba97320-e4cf-4348-a7c2-d4136009ff49" 201 - "PUT http://172.20.0.103:6001/d1/22/AUTH_e2c76e4d27554fd5a4f85cce208b136f/gnocchi.eba97320-e4cf-4348-a7c2-d4136009ff49" "tx9de04cee019943a188766-0069295e3b" "container-server 23" 0.0090 "-" 23 0
Nov 28 08:32:59 np0005538512 container-server[120100]: 172.20.0.105 - - [28/Nov/2025:08:32:59 +0000] "HEAD /d1/22/AUTH_e2c76e4d27554fd5a4f85cce208b136f/gnocchi.eba97320-e4cf-4348-a7c2-d4136009ff49" 204 - "HEAD http://172.18.0.197:8080/v1/AUTH_e2c76e4d27554fd5a4f85cce208b136f/gnocchi.eba97320-e4cf-4348-a7c2-d4136009ff49?format=json&states=listing" "tx764d11ea143b4521b96bb-0069295e3b" "proxy-server 20" 0.0033 "-" 20 0
Nov 28 08:32:59 np0005538512 proxy-server[122023]: - - 28/Nov/2025/08/32/59 HEAD /v1/AUTH_e2c76e4d27554fd5a4f85cce208b136f/gnocchi.eba97320-e4cf-4348-a7c2-d4136009ff49%3Fformat%3Djson%26states%3Dlisting HTTP/1.0 204 - Swift - - - - tx764d11ea143b4521b96bb-0069295e3b - 0.0091 RL - 1764318779.554229259 1764318779.563336372 0
Nov 28 08:32:59 np0005538512 proxy-server[122023]: 172.18.0.197 172.18.0.104 28/Nov/2025/08/32/59 GET /v1/AUTH_e2c76e4d27554fd5a4f85cce208b136f/gnocchi.eba97320-e4cf-4348-a7c2-d4136009ff49%3Fformat%3Djson%26states%3Dlisting HTTP/1.0 200 - python-swiftclient-3.11.1 gAAAAABpKV47sBxn... - 2 - tx764d11ea143b4521b96bb-0069295e3b - 0.0297 - - 1764318779.550057411 1764318779.579757929 0
Nov 28 08:32:59 np0005538512 object-server[120634]: 172.20.0.103 - - [28/Nov/2025:08:32:59 +0000] "GET /d1/719/AUTH_e2c76e4d27554fd5a4f85cce208b136f/gnocchi.eba97320-e4cf-4348-a7c2-d4136009ff49/1763640000.0_mean_300.0_v3" 404 70 "GET http://172.18.0.197:8080/v1/AUTH_e2c76e4d27554fd5a4f85cce208b136f/gnocchi.eba97320-e4cf-4348-a7c2-d4136009ff49/1763640000.0_mean_300.0_v3" "tx970177f6304643f4affdd-0069295e3b" "proxy-server 20" 0.0005 "-" 25 0
Nov 28 08:32:59 np0005538512 container-server[120123]: 172.20.0.105 - - [28/Nov/2025:08:32:59 +0000] "PUT /d1/22/AUTH_e2c76e4d27554fd5a4f85cce208b136f/gnocchi.eba97320-e4cf-4348-a7c2-d4136009ff49/1763640000.0_mean_300.0_v3" 201 - "PUT http://172.18.0.197:8080/d1/719/AUTH_e2c76e4d27554fd5a4f85cce208b136f/gnocchi.eba97320-e4cf-4348-a7c2-d4136009ff49/1763640000.0_mean_300.0_v3" "tx02eb078684a2452780f8a-0069295e3b" "object-server 22" 0.0009 "-" 22 0
Nov 28 08:32:59 np0005538512 object-server[120571]: 172.20.0.104 - - [28/Nov/2025:08:32:59 +0000] "PUT /d1/719/AUTH_e2c76e4d27554fd5a4f85cce208b136f/gnocchi.eba97320-e4cf-4348-a7c2-d4136009ff49/1763640000.0_mean_300.0_v3" 201 - "PUT http://172.18.0.197:8080/v1/AUTH_e2c76e4d27554fd5a4f85cce208b136f/gnocchi.eba97320-e4cf-4348-a7c2-d4136009ff49/1763640000.0_mean_300.0_v3" "tx02eb078684a2452780f8a-0069295e3b" "proxy-server 20" 0.0292 "-" 22 0
Nov 28 08:32:59 np0005538512 container-server[120100]: 172.20.0.105 - - [28/Nov/2025:08:32:59 +0000] "PUT /d1/22/AUTH_e2c76e4d27554fd5a4f85cce208b136f/gnocchi.eba97320-e4cf-4348-a7c2-d4136009ff49/none_v3" 201 - "PUT http://172.18.0.197:8080/d1/363/AUTH_e2c76e4d27554fd5a4f85cce208b136f/gnocchi.eba97320-e4cf-4348-a7c2-d4136009ff49/none_v3" "txdae3932ac3844093af88b-0069295e3b" "object-server 23" 0.0009 "-" 20 0
Nov 28 08:32:59 np0005538512 object-server[120599]: 172.20.0.105 - - [28/Nov/2025:08:32:59 +0000] "PUT /d1/363/AUTH_e2c76e4d27554fd5a4f85cce208b136f/gnocchi.eba97320-e4cf-4348-a7c2-d4136009ff49/none_v3" 201 - "PUT http://172.18.0.197:8080/v1/AUTH_e2c76e4d27554fd5a4f85cce208b136f/gnocchi.eba97320-e4cf-4348-a7c2-d4136009ff49/none_v3" "txdae3932ac3844093af88b-0069295e3b" "proxy-server 20" 0.0131 "-" 23 0
Nov 28 08:32:59 np0005538512 proxy-server[122023]: 172.18.0.197 172.18.0.104 28/Nov/2025/08/32/59 PUT /v1/AUTH_e2c76e4d27554fd5a4f85cce208b136f/gnocchi.eba97320-e4cf-4348-a7c2-d4136009ff49/none_v3 HTTP/1.0 201 - python-swiftclient-3.11.1 gAAAAABpKV47sBxn... 22 - - txdae3932ac3844093af88b-0069295e3b - 0.0264 - - 1764318779.645576477 1764318779.671995401 0
Nov 28 08:33:08 np0005538512 container-server[120123]: 172.20.0.103 - - [28/Nov/2025:08:33:08 +0000] "HEAD /d1/920/AUTH_e2c76e4d27554fd5a4f85cce208b136f/gnocchi.c9335d8f-efb8-460e-bda6-add3abf1123e" 404 - "HEAD http://172.18.0.197:8080/v1/AUTH_e2c76e4d27554fd5a4f85cce208b136f/gnocchi.c9335d8f-efb8-460e-bda6-add3abf1123e?format=json&states=listing" "tx5605f501ba7f4b69aa6fb-0069295e44" "proxy-server 20" 0.0008 "-" 22 0
Nov 28 08:33:08 np0005538512 container-server[120100]: 172.20.0.104 - - [28/Nov/2025:08:33:08 +0000] "HEAD /d1/797/AUTH_e2c76e4d27554fd5a4f85cce208b136f/gnocchi.c6875055-f0f0-47dd-bf94-a7852424649b" 404 - "HEAD http://172.18.0.197:8080/v1/AUTH_e2c76e4d27554fd5a4f85cce208b136f/gnocchi.c6875055-f0f0-47dd-bf94-a7852424649b?format=json&states=listing" "tx9902226ee1614b3baff4b-0069295e44" "proxy-server 20" 0.0008 "-" 20 0
Nov 28 08:33:08 np0005538512 object-server[120599]: 172.20.0.103 - - [28/Nov/2025:08:33:08 +0000] "GET /d1/12/AUTH_e2c76e4d27554fd5a4f85cce208b136f/gnocchi.c9335d8f-efb8-460e-bda6-add3abf1123e/none_v3" 404 70 "GET http://172.18.0.197:8080/v1/AUTH_e2c76e4d27554fd5a4f85cce208b136f/gnocchi.c9335d8f-efb8-460e-bda6-add3abf1123e/none_v3" "tx5605f501ba7f4b69aa6fb-0069295e44" "proxy-server 20" 0.0023 "-" 23 0
Nov 28 08:33:08 np0005538512 object-server[120599]: 172.20.0.104 - - [28/Nov/2025:08:33:08 +0000] "GET /d1/123/AUTH_e2c76e4d27554fd5a4f85cce208b136f/gnocchi.c6875055-f0f0-47dd-bf94-a7852424649b/none_v3" 404 70 "GET http://172.18.0.197:8080/v1/AUTH_e2c76e4d27554fd5a4f85cce208b136f/gnocchi.c6875055-f0f0-47dd-bf94-a7852424649b/none_v3" "tx9902226ee1614b3baff4b-0069295e44" "proxy-server 20" 0.0004 "-" 23 0
Nov 28 08:33:08 np0005538512 account-server[120013]: 172.20.0.105 - - [28/Nov/2025:08:33:08 +0000] "PUT /d1/535/AUTH_e2c76e4d27554fd5a4f85cce208b136f/gnocchi.c9335d8f-efb8-460e-bda6-add3abf1123e" 201 - "PUT http://172.20.0.105:6001/d1/920/AUTH_e2c76e4d27554fd5a4f85cce208b136f/gnocchi.c9335d8f-efb8-460e-bda6-add3abf1123e" "txad43e39ade3b4506aa912-0069295e44" "container-server 21" 0.0067 "-" 21 0
Nov 28 08:33:08 np0005538512 container-server[120105]: 172.20.0.105 - - [28/Nov/2025:08:33:08 +0000] "PUT /d1/920/AUTH_e2c76e4d27554fd5a4f85cce208b136f/gnocchi.c9335d8f-efb8-460e-bda6-add3abf1123e" 201 - "PUT http://172.18.0.197:8080/v1/AUTH_e2c76e4d27554fd5a4f85cce208b136f/gnocchi.c9335d8f-efb8-460e-bda6-add3abf1123e" "txad43e39ade3b4506aa912-0069295e44" "proxy-server 20" 0.0259 "-" 21 0
Nov 28 08:33:08 np0005538512 container-server[120099]: 172.20.0.103 - - [28/Nov/2025:08:33:08 +0000] "PUT /d1/797/AUTH_e2c76e4d27554fd5a4f85cce208b136f/gnocchi.c6875055-f0f0-47dd-bf94-a7852424649b" 201 - "PUT http://172.18.0.197:8080/v1/AUTH_e2c76e4d27554fd5a4f85cce208b136f/gnocchi.c6875055-f0f0-47dd-bf94-a7852424649b" "tx54e21fdae45649f3bc654-0069295e44" "proxy-server 20" 0.0234 "-" 19 0
Nov 28 08:33:08 np0005538512 account-server[120013]: 172.20.0.103 - - [28/Nov/2025:08:33:08 +0000] "PUT /d1/535/AUTH_e2c76e4d27554fd5a4f85cce208b136f/gnocchi.c6875055-f0f0-47dd-bf94-a7852424649b" 201 - "PUT http://172.20.0.103:6001/d1/797/AUTH_e2c76e4d27554fd5a4f85cce208b136f/gnocchi.c6875055-f0f0-47dd-bf94-a7852424649b" "tx54e21fdae45649f3bc654-0069295e44" "container-server 23" 0.0060 "-" 21 0
Nov 28 08:33:08 np0005538512 proxy-server[122023]: 172.18.0.103 172.18.0.104 28/Nov/2025/08/33/08 PUT /v1/AUTH_e2c76e4d27554fd5a4f85cce208b136f/gnocchi.c9335d8f-efb8-460e-bda6-add3abf1123e HTTP/1.0 201 - python-swiftclient-3.11.1 gAAAAABpKV38a7pX... - - - txad43e39ade3b4506aa912-0069295e44 - 0.0463 - - 1764318788.549931049 1764318788.596242428 0
Nov 28 08:33:08 np0005538512 container-server[120099]: 172.20.0.105 - - [28/Nov/2025:08:33:08 +0000] "HEAD /d1/797/AUTH_e2c76e4d27554fd5a4f85cce208b136f/gnocchi.c6875055-f0f0-47dd-bf94-a7852424649b" 204 - "HEAD http://172.18.0.197:8080/v1/AUTH_e2c76e4d27554fd5a4f85cce208b136f/gnocchi.c6875055-f0f0-47dd-bf94-a7852424649b?format=json&states=listing" "txfac99dd5d97c41fc9f87a-0069295e44" "proxy-server 20" 0.0021 "-" 19 0
Nov 28 08:33:08 np0005538512 proxy-server[122023]: - - 28/Nov/2025/08/33/08 HEAD /v1/AUTH_e2c76e4d27554fd5a4f85cce208b136f/gnocchi.c6875055-f0f0-47dd-bf94-a7852424649b%3Fformat%3Djson%26states%3Dlisting HTTP/1.0 204 - Swift - - - - txfac99dd5d97c41fc9f87a-0069295e44 - 0.0067 RL - 1764318788.609023333 1764318788.615769625 0
Nov 28 08:33:08 np0005538512 proxy-server[122023]: 172.18.0.197 172.18.0.104 28/Nov/2025/08/33/08 GET /v1/AUTH_e2c76e4d27554fd5a4f85cce208b136f/gnocchi.c6875055-f0f0-47dd-bf94-a7852424649b%3Fformat%3Djson%26states%3Dlisting HTTP/1.0 200 - python-swiftclient-3.11.1 gAAAAABpKV47sBxn... - 2 - txfac99dd5d97c41fc9f87a-0069295e44 - 0.0222 - - 1764318788.607134104 1764318788.629288435 0
Nov 28 08:33:08 np0005538512 object-server[120571]: 172.20.0.104 - - [28/Nov/2025:08:33:08 +0000] "GET /d1/950/AUTH_e2c76e4d27554fd5a4f85cce208b136f/gnocchi.c6875055-f0f0-47dd-bf94-a7852424649b/1763640000.0_mean_300.0_v3" 404 70 "GET http://172.18.0.197:8080/v1/AUTH_e2c76e4d27554fd5a4f85cce208b136f/gnocchi.c6875055-f0f0-47dd-bf94-a7852424649b/1763640000.0_mean_300.0_v3" "txeef913c1cd0b4ce2a6d43-0069295e44" "proxy-server 20" 0.0007 "-" 22 0
Nov 28 08:33:08 np0005538512 object-server[120634]: 172.20.0.103 - - [28/Nov/2025:08:33:08 +0000] "GET /d1/160/AUTH_e2c76e4d27554fd5a4f85cce208b136f/gnocchi.c9335d8f-efb8-460e-bda6-add3abf1123e/1763640000.0_mean_300.0_v3" 404 70 "GET http://172.18.0.197:8080/v1/AUTH_e2c76e4d27554fd5a4f85cce208b136f/gnocchi.c9335d8f-efb8-460e-bda6-add3abf1123e/1763640000.0_mean_300.0_v3" "tx3ac3825397654c88bac75-0069295e44" "proxy-server 20" 0.0005 "-" 25 0
Nov 28 08:33:08 np0005538512 container-server[120099]: 172.20.0.104 - - [28/Nov/2025:08:33:08 +0000] "PUT /d1/797/AUTH_e2c76e4d27554fd5a4f85cce208b136f/gnocchi.c6875055-f0f0-47dd-bf94-a7852424649b/1763640000.0_mean_300.0_v3" 201 - "PUT http://172.18.0.197:8080/d1/950/AUTH_e2c76e4d27554fd5a4f85cce208b136f/gnocchi.c6875055-f0f0-47dd-bf94-a7852424649b/1763640000.0_mean_300.0_v3" "tx356bd302694c4ca9b32d1-0069295e44" "object-server 24" 0.0013 "-" 19 0
Nov 28 08:33:08 np0005538512 object-server[120599]: 172.20.0.103 - - [28/Nov/2025:08:33:08 +0000] "PUT /d1/950/AUTH_e2c76e4d27554fd5a4f85cce208b136f/gnocchi.c6875055-f0f0-47dd-bf94-a7852424649b/1763640000.0_mean_300.0_v3" 201 - "PUT http://172.18.0.197:8080/v1/AUTH_e2c76e4d27554fd5a4f85cce208b136f/gnocchi.c6875055-f0f0-47dd-bf94-a7852424649b/1763640000.0_mean_300.0_v3" "tx356bd302694c4ca9b32d1-0069295e44" "proxy-server 20" 0.0146 "-" 23 0
Nov 28 08:33:08 np0005538512 container-server[120105]: 172.20.0.104 - - [28/Nov/2025:08:33:08 +0000] "PUT /d1/920/AUTH_e2c76e4d27554fd5a4f85cce208b136f/gnocchi.c9335d8f-efb8-460e-bda6-add3abf1123e/1763640000.0_mean_300.0_v3" 201 - "PUT http://172.18.0.197:8080/d1/160/AUTH_e2c76e4d27554fd5a4f85cce208b136f/gnocchi.c9335d8f-efb8-460e-bda6-add3abf1123e/1763640000.0_mean_300.0_v3" "txb2228fa856e24c1498f0b-0069295e44" "object-server 24" 0.0008 "-" 21 0
Nov 28 08:33:08 np0005538512 object-server[120571]: 172.20.0.105 - - [28/Nov/2025:08:33:08 +0000] "PUT /d1/160/AUTH_e2c76e4d27554fd5a4f85cce208b136f/gnocchi.c9335d8f-efb8-460e-bda6-add3abf1123e/1763640000.0_mean_300.0_v3" 201 - "PUT http://172.18.0.197:8080/v1/AUTH_e2c76e4d27554fd5a4f85cce208b136f/gnocchi.c9335d8f-efb8-460e-bda6-add3abf1123e/1763640000.0_mean_300.0_v3" "txb2228fa856e24c1498f0b-0069295e44" "proxy-server 20" 0.0136 "-" 22 0
Nov 28 08:33:08 np0005538512 proxy-server[122023]: 172.18.0.103 172.18.0.104 28/Nov/2025/08/33/08 PUT /v1/AUTH_e2c76e4d27554fd5a4f85cce208b136f/gnocchi.c9335d8f-efb8-460e-bda6-add3abf1123e/1763640000.0_mean_300.0_v3 HTTP/1.0 201 - python-swiftclient-3.11.1 gAAAAABpKV38a7pX... 16 - - txb2228fa856e24c1498f0b-0069295e44 - 0.0709 - - 1764318788.657322645 1764318788.728244543 0
Nov 28 08:33:08 np0005538512 container-server[120123]: 172.20.0.104 - - [28/Nov/2025:08:33:08 +0000] "PUT /d1/797/AUTH_e2c76e4d27554fd5a4f85cce208b136f/gnocchi.c6875055-f0f0-47dd-bf94-a7852424649b/none_v3" 201 - "PUT http://172.18.0.197:8080/d1/123/AUTH_e2c76e4d27554fd5a4f85cce208b136f/gnocchi.c6875055-f0f0-47dd-bf94-a7852424649b/none_v3" "tx50dde7a195c24e7082c97-0069295e44" "object-server 22" 0.0010 "-" 22 0
Nov 28 08:33:08 np0005538512 object-server[120619]: 172.20.0.104 - - [28/Nov/2025:08:33:08 +0000] "PUT /d1/123/AUTH_e2c76e4d27554fd5a4f85cce208b136f/gnocchi.c6875055-f0f0-47dd-bf94-a7852424649b/none_v3" 201 - "PUT http://172.18.0.197:8080/v1/AUTH_e2c76e4d27554fd5a4f85cce208b136f/gnocchi.c6875055-f0f0-47dd-bf94-a7852424649b/none_v3" "tx50dde7a195c24e7082c97-0069295e44" "proxy-server 20" 0.0125 "-" 24 0
Nov 28 08:33:08 np0005538512 container-server[120105]: 172.20.0.104 - - [28/Nov/2025:08:33:08 +0000] "PUT /d1/920/AUTH_e2c76e4d27554fd5a4f85cce208b136f/gnocchi.c9335d8f-efb8-460e-bda6-add3abf1123e/none_v3" 201 - "PUT http://172.18.0.197:8080/d1/12/AUTH_e2c76e4d27554fd5a4f85cce208b136f/gnocchi.c9335d8f-efb8-460e-bda6-add3abf1123e/none_v3" "txf1bf929a292046c4b9c0c-0069295e44" "object-server 23" 0.0006 "-" 21 0
Nov 28 08:33:08 np0005538512 object-server[120634]: 172.20.0.103 - - [28/Nov/2025:08:33:08 +0000] "PUT /d1/12/AUTH_e2c76e4d27554fd5a4f85cce208b136f/gnocchi.c9335d8f-efb8-460e-bda6-add3abf1123e/none_v3" 201 - "PUT http://172.18.0.197:8080/v1/AUTH_e2c76e4d27554fd5a4f85cce208b136f/gnocchi.c9335d8f-efb8-460e-bda6-add3abf1123e/none_v3" "txf1bf929a292046c4b9c0c-0069295e44" "proxy-server 20" 0.0346 "-" 25 0
Nov 28 08:33:08 np0005538512 container-server[120105]: 172.20.0.105 - - [28/Nov/2025:08:33:08 +0000] "HEAD /d1/624/AUTH_e2c76e4d27554fd5a4f85cce208b136f/gnocchi.89b62a12-09d2-4687-8084-3119ec03eb4e" 404 - "HEAD http://172.18.0.197:8080/v1/AUTH_e2c76e4d27554fd5a4f85cce208b136f/gnocchi.89b62a12-09d2-4687-8084-3119ec03eb4e?format=json&states=listing" "tx1e4dcbf0a7b04cdf84759-0069295e44" "proxy-server 20" 0.0005 "-" 21 0
Nov 28 08:33:08 np0005538512 object-server[120634]: 172.20.0.105 - - [28/Nov/2025:08:33:08 +0000] "GET /d1/118/AUTH_e2c76e4d27554fd5a4f85cce208b136f/gnocchi.89b62a12-09d2-4687-8084-3119ec03eb4e/none_v3" 404 70 "GET http://172.18.0.197:8080/v1/AUTH_e2c76e4d27554fd5a4f85cce208b136f/gnocchi.89b62a12-09d2-4687-8084-3119ec03eb4e/none_v3" "tx1e4dcbf0a7b04cdf84759-0069295e44" "proxy-server 20" 0.0007 "-" 25 0
Nov 28 08:33:08 np0005538512 proxy-server[122023]: 172.18.0.197 172.18.0.104 28/Nov/2025/08/33/08 GET /v1/AUTH_e2c76e4d27554fd5a4f85cce208b136f/gnocchi.89b62a12-09d2-4687-8084-3119ec03eb4e/none_v3 HTTP/1.0 404 - python-swiftclient-3.11.1 gAAAAABpKV47sBxn... - 70 - tx1e4dcbf0a7b04cdf84759-0069295e44 - 0.0289 - - 1764318788.772438526 1764318788.801296234 0
Nov 28 08:33:08 np0005538512 container-server[120099]: 172.20.0.104 - - [28/Nov/2025:08:33:08 +0000] "HEAD /d1/809/AUTH_e2c76e4d27554fd5a4f85cce208b136f/gnocchi.c9d3dc38-d6ca-4303-874e-2d884929bcf1" 404 - "HEAD http://172.18.0.197:8080/v1/AUTH_e2c76e4d27554fd5a4f85cce208b136f/gnocchi.c9d3dc38-d6ca-4303-874e-2d884929bcf1?format=json&states=listing" "txaea9b003211448e8a9ab6-0069295e44" "proxy-server 20" 0.0005 "-" 19 0
Nov 28 08:33:08 np0005538512 object-server[120599]: 172.20.0.104 - - [28/Nov/2025:08:33:08 +0000] "GET /d1/271/AUTH_e2c76e4d27554fd5a4f85cce208b136f/gnocchi.c9d3dc38-d6ca-4303-874e-2d884929bcf1/none_v3" 404 70 "GET http://172.18.0.197:8080/v1/AUTH_e2c76e4d27554fd5a4f85cce208b136f/gnocchi.c9d3dc38-d6ca-4303-874e-2d884929bcf1/none_v3" "txaea9b003211448e8a9ab6-0069295e44" "proxy-server 20" 0.0008 "-" 23 0
Nov 28 08:33:08 np0005538512 account-server[120030]: 172.20.0.105 - - [28/Nov/2025:08:33:08 +0000] "PUT /d1/535/AUTH_e2c76e4d27554fd5a4f85cce208b136f/gnocchi.89b62a12-09d2-4687-8084-3119ec03eb4e" 201 - "PUT http://172.20.0.105:6001/d1/624/AUTH_e2c76e4d27554fd5a4f85cce208b136f/gnocchi.89b62a12-09d2-4687-8084-3119ec03eb4e" "tx51c293118bfa4dc4bf9fc-0069295e44" "container-server 21" 0.0060 "-" 22 0
Nov 28 08:33:08 np0005538512 container-server[120105]: 172.20.0.103 - - [28/Nov/2025:08:33:08 +0000] "PUT /d1/624/AUTH_e2c76e4d27554fd5a4f85cce208b136f/gnocchi.89b62a12-09d2-4687-8084-3119ec03eb4e" 201 - "PUT http://172.18.0.197:8080/v1/AUTH_e2c76e4d27554fd5a4f85cce208b136f/gnocchi.89b62a12-09d2-4687-8084-3119ec03eb4e" "tx51c293118bfa4dc4bf9fc-0069295e44" "proxy-server 20" 0.0174 "-" 21 0
Nov 28 08:33:08 np0005538512 account-server[120013]: 172.20.0.105 - - [28/Nov/2025:08:33:08 +0000] "PUT /d1/535/AUTH_e2c76e4d27554fd5a4f85cce208b136f/gnocchi.c9d3dc38-d6ca-4303-874e-2d884929bcf1" 201 - "PUT http://172.20.0.105:6001/d1/809/AUTH_e2c76e4d27554fd5a4f85cce208b136f/gnocchi.c9d3dc38-d6ca-4303-874e-2d884929bcf1" "tx948d0df7b9854081b0d82-0069295e44" "container-server 22" 0.0071 "-" 21 0
Nov 28 08:33:08 np0005538512 container-server[120123]: 172.20.0.105 - - [28/Nov/2025:08:33:08 +0000] "PUT /d1/809/AUTH_e2c76e4d27554fd5a4f85cce208b136f/gnocchi.c9d3dc38-d6ca-4303-874e-2d884929bcf1" 201 - "PUT http://172.18.0.197:8080/v1/AUTH_e2c76e4d27554fd5a4f85cce208b136f/gnocchi.c9d3dc38-d6ca-4303-874e-2d884929bcf1" "tx948d0df7b9854081b0d82-0069295e44" "proxy-server 20" 0.0212 "-" 22 0
Nov 28 08:33:08 np0005538512 proxy-server[122023]: 172.18.0.103 172.18.0.104 28/Nov/2025/08/33/08 PUT /v1/AUTH_e2c76e4d27554fd5a4f85cce208b136f/gnocchi.c9d3dc38-d6ca-4303-874e-2d884929bcf1 HTTP/1.0 201 - python-swiftclient-3.11.1 gAAAAABpKV38a7pX... - - - tx948d0df7b9854081b0d82-0069295e44 - 0.0312 - - 1764318788.834568262 1764318788.865798712 0
Nov 28 08:33:08 np0005538512 object-server[120619]: 172.20.0.103 - - [28/Nov/2025:08:33:08 +0000] "GET /d1/367/AUTH_e2c76e4d27554fd5a4f85cce208b136f/gnocchi.89b62a12-09d2-4687-8084-3119ec03eb4e/1763640000.0_mean_300.0_v3" 404 70 "GET http://172.18.0.197:8080/v1/AUTH_e2c76e4d27554fd5a4f85cce208b136f/gnocchi.89b62a12-09d2-4687-8084-3119ec03eb4e/1763640000.0_mean_300.0_v3" "tx02acc98e12ae4dd490f55-0069295e44" "proxy-server 20" 0.0005 "-" 24 0
Nov 28 08:33:08 np0005538512 container-server[120100]: 172.20.0.104 - - [28/Nov/2025:08:33:08 +0000] "PUT /d1/624/AUTH_e2c76e4d27554fd5a4f85cce208b136f/gnocchi.89b62a12-09d2-4687-8084-3119ec03eb4e/1763640000.0_mean_300.0_v3" 201 - "PUT http://172.18.0.197:8080/d1/367/AUTH_e2c76e4d27554fd5a4f85cce208b136f/gnocchi.89b62a12-09d2-4687-8084-3119ec03eb4e/1763640000.0_mean_300.0_v3" "txbe5b280843414b02bd991-0069295e44" "object-server 22" 0.0007 "-" 20 0
Nov 28 08:33:08 np0005538512 object-server[120599]: 172.20.0.105 - - [28/Nov/2025:08:33:08 +0000] "PUT /d1/367/AUTH_e2c76e4d27554fd5a4f85cce208b136f/gnocchi.89b62a12-09d2-4687-8084-3119ec03eb4e/1763640000.0_mean_300.0_v3" 201 - "PUT http://172.18.0.197:8080/v1/AUTH_e2c76e4d27554fd5a4f85cce208b136f/gnocchi.89b62a12-09d2-4687-8084-3119ec03eb4e/1763640000.0_mean_300.0_v3" "txbe5b280843414b02bd991-0069295e44" "proxy-server 20" 0.0140 "-" 23 0
Nov 28 08:33:08 np0005538512 proxy-server[122023]: 172.18.0.197 172.18.0.104 28/Nov/2025/08/33/08 PUT /v1/AUTH_e2c76e4d27554fd5a4f85cce208b136f/gnocchi.89b62a12-09d2-4687-8084-3119ec03eb4e/1763640000.0_mean_300.0_v3 HTTP/1.0 201 - python-swiftclient-3.11.1 gAAAAABpKV47sBxn... 16 - - txbe5b280843414b02bd991-0069295e44 - 0.0265 - - 1764318788.882904530 1764318788.909430742 0
Nov 28 08:33:08 np0005538512 object-server[120634]: 172.20.0.104 - - [28/Nov/2025:08:33:08 +0000] "GET /d1/54/AUTH_e2c76e4d27554fd5a4f85cce208b136f/gnocchi.c9d3dc38-d6ca-4303-874e-2d884929bcf1/1763640000.0_mean_300.0_v3" 404 70 "GET http://172.18.0.197:8080/v1/AUTH_e2c76e4d27554fd5a4f85cce208b136f/gnocchi.c9d3dc38-d6ca-4303-874e-2d884929bcf1/1763640000.0_mean_300.0_v3" "txd2b689ba63a04e759af43-0069295e44" "proxy-server 20" 0.0005 "-" 25 0
Nov 28 08:33:08 np0005538512 container-server[120105]: 172.20.0.103 - - [28/Nov/2025:08:33:08 +0000] "PUT /d1/624/AUTH_e2c76e4d27554fd5a4f85cce208b136f/gnocchi.89b62a12-09d2-4687-8084-3119ec03eb4e/none_v3" 201 - "PUT http://172.18.0.197:8080/d1/118/AUTH_e2c76e4d27554fd5a4f85cce208b136f/gnocchi.89b62a12-09d2-4687-8084-3119ec03eb4e/none_v3" "tx5e30873003f04f2d931ba-0069295e44" "object-server 22" 0.0007 "-" 21 0
Nov 28 08:33:08 np0005538512 object-server[120619]: 172.20.0.105 - - [28/Nov/2025:08:33:08 +0000] "PUT /d1/118/AUTH_e2c76e4d27554fd5a4f85cce208b136f/gnocchi.89b62a12-09d2-4687-8084-3119ec03eb4e/none_v3" 201 - "PUT http://172.18.0.197:8080/v1/AUTH_e2c76e4d27554fd5a4f85cce208b136f/gnocchi.89b62a12-09d2-4687-8084-3119ec03eb4e/none_v3" "tx5e30873003f04f2d931ba-0069295e44" "proxy-server 20" 0.0226 "-" 24 0
Nov 28 08:33:08 np0005538512 proxy-server[122023]: 172.18.0.197 172.18.0.104 28/Nov/2025/08/33/08 PUT /v1/AUTH_e2c76e4d27554fd5a4f85cce208b136f/gnocchi.89b62a12-09d2-4687-8084-3119ec03eb4e/none_v3 HTTP/1.0 201 - python-swiftclient-3.11.1 gAAAAABpKV47sBxn... 22 - - tx5e30873003f04f2d931ba-0069295e44 - 0.0297 - - 1764318788.913939476 1764318788.943625689 0
Nov 28 08:33:08 np0005538512 container-server[120099]: 172.20.0.103 - - [28/Nov/2025:08:33:08 +0000] "HEAD /d1/435/AUTH_e2c76e4d27554fd5a4f85cce208b136f/gnocchi.69d3d9a4-7a71-4a7f-8b4d-76c40f05eacf" 404 - "HEAD http://172.18.0.197:8080/v1/AUTH_e2c76e4d27554fd5a4f85cce208b136f/gnocchi.69d3d9a4-7a71-4a7f-8b4d-76c40f05eacf?format=json&states=listing" "tx05f7cbe39d34452e86abb-0069295e44" "proxy-server 20" 0.0006 "-" 19 0
Nov 28 08:33:08 np0005538512 container-server[120105]: 172.20.0.103 - - [28/Nov/2025:08:33:08 +0000] "PUT /d1/809/AUTH_e2c76e4d27554fd5a4f85cce208b136f/gnocchi.c9d3dc38-d6ca-4303-874e-2d884929bcf1/1763640000.0_mean_300.0_v3" 201 - "PUT http://172.18.0.197:8080/d1/54/AUTH_e2c76e4d27554fd5a4f85cce208b136f/gnocchi.c9d3dc38-d6ca-4303-874e-2d884929bcf1/1763640000.0_mean_300.0_v3" "tx3f1f3456c9b0418287d1c-0069295e44" "object-server 25" 0.0007 "-" 21 0
