Nov 28 08:39:18 np0005538511 container-server[120347]: 172.20.0.103 - - [28/Nov/2025:08:39:18 +0000] "PUT /d1/196/AUTH_e2c76e4d27554fd5a4f85cce208b136f/gnocchi.547cef1d-702d-4b82-8ce7-75fa4b1b728d/none_v3" 201 - "PUT http://172.18.0.197:8080/d1/760/AUTH_e2c76e4d27554fd5a4f85cce208b136f/gnocchi.547cef1d-702d-4b82-8ce7-75fa4b1b728d/none_v3" "txa231f75db7ba4816ab258-0069295fb6" "object-server 23" 0.0006 "-" 23 0
Nov 28 08:39:18 np0005538511 object-server[120729]: 172.20.0.104 - - [28/Nov/2025:08:39:18 +0000] "PUT /d1/760/AUTH_e2c76e4d27554fd5a4f85cce208b136f/gnocchi.547cef1d-702d-4b82-8ce7-75fa4b1b728d/none_v3" 201 - "PUT http://172.18.0.197:8080/v1/AUTH_e2c76e4d27554fd5a4f85cce208b136f/gnocchi.547cef1d-702d-4b82-8ce7-75fa4b1b728d/none_v3" "txa231f75db7ba4816ab258-0069295fb6" "proxy-server 20" 0.0120 "-" 21 0
Nov 28 08:39:18 np0005538511 proxy-server[122064]: 172.18.0.103 172.18.0.104 28/Nov/2025/08/39/18 PUT /v1/AUTH_e2c76e4d27554fd5a4f85cce208b136f/gnocchi.547cef1d-702d-4b82-8ce7-75fa4b1b728d/none_v3 HTTP/1.0 201 - python-swiftclient-3.11.1 gAAAAABpKV38a7pX... 34 - - txa231f75db7ba4816ab258-0069295fb6 - 0.0302 - - 1764319158.900702953 1764319158.930881500 0
Nov 28 08:39:18 np0005538511 container-server[120347]: 172.20.0.103 - - [28/Nov/2025:08:39:18 +0000] "HEAD /d1/706/AUTH_e2c76e4d27554fd5a4f85cce208b136f/gnocchi.5fd37d51-d442-4b07-bbe5-080c2e3c0d32" 204 - "HEAD http://172.18.0.197:8080/v1/AUTH_e2c76e4d27554fd5a4f85cce208b136f/gnocchi.5fd37d51-d442-4b07-bbe5-080c2e3c0d32?format=json&states=listing" "txd5171c84d21e4c2891bff-0069295fb6" "proxy-server 20" 0.0014 "-" 23 0
Nov 28 08:39:18 np0005538511 container-server[120325]: 172.20.0.104 - - [28/Nov/2025:08:39:18 +0000] "PUT /d1/844/AUTH_e2c76e4d27554fd5a4f85cce208b136f/gnocchi.e7808e08-cb0c-4239-94c4-f4d83524641c/1763640000.0_rate%3Amean_300.0_v3" 201 - "PUT http://172.18.0.197:8080/d1/293/AUTH_e2c76e4d27554fd5a4f85cce208b136f/gnocchi.e7808e08-cb0c-4239-94c4-f4d83524641c/1763640000.0_rate%3Amean_300.0_v3" "tx491ea3e49524422b9cadc-0069295fb6" "object-server 21" 0.0008 "-" 20 0
Nov 28 08:39:18 np0005538511 object-server[120729]: 172.20.0.104 - - [28/Nov/2025:08:39:18 +0000] "PUT /d1/293/AUTH_e2c76e4d27554fd5a4f85cce208b136f/gnocchi.e7808e08-cb0c-4239-94c4-f4d83524641c/1763640000.0_rate%3Amean_300.0_v3" 201 - "PUT http://172.18.0.197:8080/v1/AUTH_e2c76e4d27554fd5a4f85cce208b136f/gnocchi.e7808e08-cb0c-4239-94c4-f4d83524641c/1763640000.0_rate%3Amean_300.0_v3" "tx491ea3e49524422b9cadc-0069295fb6" "proxy-server 20" 0.0152 "-" 21 0
Nov 28 08:39:18 np0005538511 proxy-server[122064]: 172.18.0.197 172.18.0.104 28/Nov/2025/08/39/18 PUT /v1/AUTH_e2c76e4d27554fd5a4f85cce208b136f/gnocchi.e7808e08-cb0c-4239-94c4-f4d83524641c/1763640000.0_rate%253Amean_300.0_v3 HTTP/1.0 201 - python-swiftclient-3.11.1 gAAAAABpKV47sBxn... 16 - - tx491ea3e49524422b9cadc-0069295fb6 - 0.0316 - - 1764319158.939102650 1764319158.970661163 0
Nov 28 08:39:18 np0005538511 container-server[120341]: 172.20.0.103 - - [28/Nov/2025:08:39:18 +0000] "GET /d1/706/AUTH_e2c76e4d27554fd5a4f85cce208b136f/gnocchi.5fd37d51-d442-4b07-bbe5-080c2e3c0d32" 200 357 "GET http://172.18.0.197:8080/v1/AUTH_e2c76e4d27554fd5a4f85cce208b136f/gnocchi.5fd37d51-d442-4b07-bbe5-080c2e3c0d32?format=json&states=listing" "tx3fcbb963d48144b6a209b-0069295fb6" "proxy-server 20" 0.0020 "-" 22 0
Nov 28 08:39:18 np0005538511 container-server[120329]: 172.20.0.103 - - [28/Nov/2025:08:39:18 +0000] "PUT /d1/844/AUTH_e2c76e4d27554fd5a4f85cce208b136f/gnocchi.e7808e08-cb0c-4239-94c4-f4d83524641c/1763640000.0_mean_300.0_v3" 201 - "PUT http://172.18.0.197:8080/d1/546/AUTH_e2c76e4d27554fd5a4f85cce208b136f/gnocchi.e7808e08-cb0c-4239-94c4-f4d83524641c/1763640000.0_mean_300.0_v3" "tx147f9fbe2e574008b8ac2-0069295fb6" "object-server 25" 0.0004 "-" 21 0
Nov 28 08:39:18 np0005538511 object-server[120732]: 172.20.0.104 - - [28/Nov/2025:08:39:18 +0000] "PUT /d1/546/AUTH_e2c76e4d27554fd5a4f85cce208b136f/gnocchi.e7808e08-cb0c-4239-94c4-f4d83524641c/1763640000.0_mean_300.0_v3" 201 - "PUT http://172.18.0.197:8080/v1/AUTH_e2c76e4d27554fd5a4f85cce208b136f/gnocchi.e7808e08-cb0c-4239-94c4-f4d83524641c/1763640000.0_mean_300.0_v3" "tx147f9fbe2e574008b8ac2-0069295fb6" "proxy-server 20" 0.0096 "-" 22 0
Nov 28 08:39:18 np0005538511 proxy-server[122064]: 172.18.0.197 172.18.0.104 28/Nov/2025/08/39/18 PUT /v1/AUTH_e2c76e4d27554fd5a4f85cce208b136f/gnocchi.e7808e08-cb0c-4239-94c4-f4d83524641c/1763640000.0_mean_300.0_v3 HTTP/1.0 201 - python-swiftclient-3.11.1 gAAAAABpKV47sBxn... 27 - - tx147f9fbe2e574008b8ac2-0069295fb6 - 0.0207 - - 1764319158.976513863 1764319158.997255087 0
Nov 28 08:39:18 np0005538511 container-server[120347]: 172.20.0.103 - - [28/Nov/2025:08:39:18 +0000] "GET /d1/706/AUTH_e2c76e4d27554fd5a4f85cce208b136f/gnocchi.5fd37d51-d442-4b07-bbe5-080c2e3c0d32" 200 2 "GET http://172.18.0.197:8080/v1/AUTH_e2c76e4d27554fd5a4f85cce208b136f/gnocchi.5fd37d51-d442-4b07-bbe5-080c2e3c0d32?format=json&marker=none_v3&states=listing" "txb4767fd9a8634329be0b6-0069295fb6" "proxy-server 20" 0.0018 "-" 23 0
Nov 28 08:39:19 np0005538511 object-server[120729]: 172.20.0.103 - - [28/Nov/2025:08:39:19 +0000] "GET /d1/374/AUTH_e2c76e4d27554fd5a4f85cce208b136f/gnocchi.5fd37d51-d442-4b07-bbe5-080c2e3c0d32/1763640000.0_rate%3Amean_300.0_v3" 404 70 "GET http://172.18.0.197:8080/v1/AUTH_e2c76e4d27554fd5a4f85cce208b136f/gnocchi.5fd37d51-d442-4b07-bbe5-080c2e3c0d32/1763640000.0_rate%3Amean_300.0_v3" "tx961e2d21a066480f8dbd9-0069295fb7" "proxy-server 20" 0.0005 "-" 21 0
Nov 28 08:39:19 np0005538511 object-server[120735]: 172.20.0.104 - - [28/Nov/2025:08:39:19 +0000] "PUT /d1/585/AUTH_e2c76e4d27554fd5a4f85cce208b136f/gnocchi.e7808e08-cb0c-4239-94c4-f4d83524641c/none_v3" 201 - "PUT http://172.18.0.197:8080/v1/AUTH_e2c76e4d27554fd5a4f85cce208b136f/gnocchi.e7808e08-cb0c-4239-94c4-f4d83524641c/none_v3" "txf988db01fa804709ab35f-0069295fb7" "proxy-server 20" 0.0096 "-" 24 0
Nov 28 08:39:19 np0005538511 container-server[120347]: 172.20.0.103 - - [28/Nov/2025:08:39:19 +0000] "PUT /d1/844/AUTH_e2c76e4d27554fd5a4f85cce208b136f/gnocchi.e7808e08-cb0c-4239-94c4-f4d83524641c/none_v3" 201 - "PUT http://172.18.0.197:8080/d1/585/AUTH_e2c76e4d27554fd5a4f85cce208b136f/gnocchi.e7808e08-cb0c-4239-94c4-f4d83524641c/none_v3" "txf988db01fa804709ab35f-0069295fb7" "object-server 24" 0.0004 "-" 23 0
Nov 28 08:39:19 np0005538511 proxy-server[122064]: 172.18.0.197 172.18.0.104 28/Nov/2025/08/39/19 PUT /v1/AUTH_e2c76e4d27554fd5a4f85cce208b136f/gnocchi.e7808e08-cb0c-4239-94c4-f4d83524641c/none_v3 HTTP/1.0 201 - python-swiftclient-3.11.1 gAAAAABpKV47sBxn... 34 - - txf988db01fa804709ab35f-0069295fb7 - 0.0227 - - 1764319159.001537800 1764319159.024218798 0
Nov 28 08:39:19 np0005538511 object-server[120729]: 172.20.0.105 - - [28/Nov/2025:08:39:19 +0000] "GET /d1/29/AUTH_e2c76e4d27554fd5a4f85cce208b136f/gnocchi.cd6579fb-991d-4443-9aba-0b95219eb447/none_v3" 200 22 "GET http://172.18.0.197:8080/v1/AUTH_e2c76e4d27554fd5a4f85cce208b136f/gnocchi.cd6579fb-991d-4443-9aba-0b95219eb447/none_v3" "tx279e769a27104ffb9323b-0069295fb6" "proxy-server 20" 0.0007 "-" 21 0
Nov 28 08:39:19 np0005538511 container-server[120341]: 172.20.0.104 - - [28/Nov/2025:08:39:19 +0000] "PUT /d1/706/AUTH_e2c76e4d27554fd5a4f85cce208b136f/gnocchi.5fd37d51-d442-4b07-bbe5-080c2e3c0d32/1763640000.0_rate%3Amean_300.0_v3" 201 - "PUT http://172.18.0.197:8080/d1/374/AUTH_e2c76e4d27554fd5a4f85cce208b136f/gnocchi.5fd37d51-d442-4b07-bbe5-080c2e3c0d32/1763640000.0_rate%3Amean_300.0_v3" "tx0bd2e20076724932ab976-0069295fb7" "object-server 22" 0.0004 "-" 22 0
Nov 28 08:39:19 np0005538511 object-server[120732]: 172.20.0.104 - - [28/Nov/2025:08:39:19 +0000] "PUT /d1/374/AUTH_e2c76e4d27554fd5a4f85cce208b136f/gnocchi.5fd37d51-d442-4b07-bbe5-080c2e3c0d32/1763640000.0_rate%3Amean_300.0_v3" 201 - "PUT http://172.18.0.197:8080/v1/AUTH_e2c76e4d27554fd5a4f85cce208b136f/gnocchi.5fd37d51-d442-4b07-bbe5-080c2e3c0d32/1763640000.0_rate%3Amean_300.0_v3" "tx0bd2e20076724932ab976-0069295fb7" "proxy-server 20" 0.0091 "-" 22 0
Nov 28 08:39:19 np0005538511 proxy-server[122064]: 172.18.0.103 172.18.0.104 28/Nov/2025/08/39/19 PUT /v1/AUTH_e2c76e4d27554fd5a4f85cce208b136f/gnocchi.5fd37d51-d442-4b07-bbe5-080c2e3c0d32/1763640000.0_rate%253Amean_300.0_v3 HTTP/1.0 201 - python-swiftclient-3.11.1 gAAAAABpKV38a7pX... 16 - - tx0bd2e20076724932ab976-0069295fb7 - 0.0255 - - 1764319159.041885138 1764319159.067432165 0
Nov 28 08:39:19 np0005538511 container-server[120329]: 172.20.0.105 - - [28/Nov/2025:08:39:19 +0000] "GET /d1/160/AUTH_e2c76e4d27554fd5a4f85cce208b136f/gnocchi.cd6579fb-991d-4443-9aba-0b95219eb447" 200 357 "GET http://172.18.0.197:8080/v1/AUTH_e2c76e4d27554fd5a4f85cce208b136f/gnocchi.cd6579fb-991d-4443-9aba-0b95219eb447?format=json&states=listing" "txa18bc8e8f51b452e949a0-0069295fb7" "proxy-server 20" 0.0024 "-" 21 0
Nov 28 08:39:19 np0005538511 container-server[120329]: 172.20.0.105 - - [28/Nov/2025:08:39:19 +0000] "GET /d1/572/AUTH_e2c76e4d27554fd5a4f85cce208b136f/gnocchi.59b94bd8-604d-4756-a0ea-d604c290d93c" 200 2 "GET http://172.18.0.197:8080/v1/AUTH_e2c76e4d27554fd5a4f85cce208b136f/gnocchi.59b94bd8-604d-4756-a0ea-d604c290d93c?format=json&marker=none_v3&states=listing" "tx8285c43df24346cca88ad-0069295fb7" "proxy-server 20" 0.0020 "-" 21 0
Nov 28 08:39:19 np0005538511 container-server[120325]: 172.20.0.105 - - [28/Nov/2025:08:39:19 +0000] "PUT /d1/706/AUTH_e2c76e4d27554fd5a4f85cce208b136f/gnocchi.5fd37d51-d442-4b07-bbe5-080c2e3c0d32/1763640000.0_mean_300.0_v3" 201 - "PUT http://172.18.0.197:8080/d1/377/AUTH_e2c76e4d27554fd5a4f85cce208b136f/gnocchi.5fd37d51-d442-4b07-bbe5-080c2e3c0d32/1763640000.0_mean_300.0_v3" "tx2cc3b4541b934eb4b2fd1-0069295fb7" "object-server 25" 0.0011 "-" 20 0
Nov 28 08:39:19 np0005538511 object-server[120732]: 172.20.0.104 - - [28/Nov/2025:08:39:19 +0000] "PUT /d1/377/AUTH_e2c76e4d27554fd5a4f85cce208b136f/gnocchi.5fd37d51-d442-4b07-bbe5-080c2e3c0d32/1763640000.0_mean_300.0_v3" 201 - "PUT http://172.18.0.197:8080/v1/AUTH_e2c76e4d27554fd5a4f85cce208b136f/gnocchi.5fd37d51-d442-4b07-bbe5-080c2e3c0d32/1763640000.0_mean_300.0_v3" "tx2cc3b4541b934eb4b2fd1-0069295fb7" "proxy-server 20" 0.0163 "-" 22 0
Nov 28 08:39:19 np0005538511 proxy-server[122064]: 172.18.0.103 172.18.0.104 28/Nov/2025/08/39/19 PUT /v1/AUTH_e2c76e4d27554fd5a4f85cce208b136f/gnocchi.5fd37d51-d442-4b07-bbe5-080c2e3c0d32/1763640000.0_mean_300.0_v3 HTTP/1.0 201 - python-swiftclient-3.11.1 gAAAAABpKV38a7pX... 27 - - tx2cc3b4541b934eb4b2fd1-0069295fb7 - 0.0267 - - 1764319159.072160721 1764319159.098826408 0
Nov 28 08:39:19 np0005538511 object-server[120729]: 172.20.0.104 - - [28/Nov/2025:08:39:19 +0000] "GET /d1/828/AUTH_e2c76e4d27554fd5a4f85cce208b136f/gnocchi.59b94bd8-604d-4756-a0ea-d604c290d93c/1763640000.0_rate%3Amean_300.0_v3" 404 70 "GET http://172.18.0.197:8080/v1/AUTH_e2c76e4d27554fd5a4f85cce208b136f/gnocchi.59b94bd8-604d-4756-a0ea-d604c290d93c/1763640000.0_rate%3Amean_300.0_v3" "tx148ed82ef3e744cbb84ad-0069295fb7" "proxy-server 20" 0.0004 "-" 21 0
Nov 28 08:39:19 np0005538511 proxy-server[122064]: 172.18.0.197 172.18.0.104 28/Nov/2025/08/39/19 GET /v1/AUTH_e2c76e4d27554fd5a4f85cce208b136f/gnocchi.59b94bd8-604d-4756-a0ea-d604c290d93c/1763640000.0_rate%253Amean_300.0_v3 HTTP/1.0 404 - python-swiftclient-3.11.1 gAAAAABpKV47sBxn... - 70 - tx148ed82ef3e744cbb84ad-0069295fb7 - 0.0200 - - 1764319159.105224848 1764319159.125239372 0
Nov 28 08:39:19 np0005538511 container-server[120325]: 172.20.0.103 - - [28/Nov/2025:08:39:19 +0000] "PUT /d1/706/AUTH_e2c76e4d27554fd5a4f85cce208b136f/gnocchi.5fd37d51-d442-4b07-bbe5-080c2e3c0d32/none_v3" 201 - "PUT http://172.18.0.197:8080/d1/158/AUTH_e2c76e4d27554fd5a4f85cce208b136f/gnocchi.5fd37d51-d442-4b07-bbe5-080c2e3c0d32/none_v3" "txacb1c24acc374a1bbef63-0069295fb7" "object-server 25" 0.0008 "-" 20 0
Nov 28 08:39:19 np0005538511 object-server[120735]: 172.20.0.103 - - [28/Nov/2025:08:39:19 +0000] "PUT /d1/158/AUTH_e2c76e4d27554fd5a4f85cce208b136f/gnocchi.5fd37d51-d442-4b07-bbe5-080c2e3c0d32/none_v3" 201 - "PUT http://172.18.0.197:8080/v1/AUTH_e2c76e4d27554fd5a4f85cce208b136f/gnocchi.5fd37d51-d442-4b07-bbe5-080c2e3c0d32/none_v3" "txacb1c24acc374a1bbef63-0069295fb7" "proxy-server 20" 0.0161 "-" 24 0
Nov 28 08:39:19 np0005538511 object-server[120729]: 172.20.0.105 - - [28/Nov/2025:08:39:19 +0000] "GET /d1/793/AUTH_e2c76e4d27554fd5a4f85cce208b136f/gnocchi.cd6579fb-991d-4443-9aba-0b95219eb447/1763640000.0_rate%3Amean_300.0_v3" 404 70 "GET http://172.18.0.197:8080/v1/AUTH_e2c76e4d27554fd5a4f85cce208b136f/gnocchi.cd6579fb-991d-4443-9aba-0b95219eb447/1763640000.0_rate%3Amean_300.0_v3" "tx0f95bf8ec2fb48a1a6b9b-0069295fb7" "proxy-server 20" 0.0003 "-" 21 0
Nov 28 08:39:19 np0005538511 proxy-server[122064]: 172.18.0.197 172.18.0.104 28/Nov/2025/08/39/19 GET /v1/AUTH_e2c76e4d27554fd5a4f85cce208b136f/gnocchi.59b94bd8-604d-4756-a0ea-d604c290d93c/1763640000.0_mean_300.0_v3 HTTP/1.0 200 - python-swiftclient-3.11.1 gAAAAABpKV47sBxn... - 16 - tx7ea207b724644d399823a-0069295fb7 - 0.0096 - - 1764319159.130742073 1764319159.140368700 0
Nov 28 08:39:19 np0005538511 proxy-server[122064]: 172.18.0.103 172.18.0.104 28/Nov/2025/08/39/19 GET /v1/AUTH_e2c76e4d27554fd5a4f85cce208b136f/gnocchi.19ba5cf6-206e-46fa-82bd-912eb11d504b/none_v3 HTTP/1.0 200 - python-swiftclient-3.11.1 gAAAAABpKV38a7pX... - 22 - tx9fb7a7dff41a446b87bed-0069295fb7 - 0.0125 - - 1764319159.150022745 1764319159.162519455 0
Nov 28 08:39:19 np0005538511 object-server[120732]: 172.20.0.103 - - [28/Nov/2025:08:39:19 +0000] "PUT /d1/31/AUTH_e2c76e4d27554fd5a4f85cce208b136f/gnocchi.cd6579fb-991d-4443-9aba-0b95219eb447/1763640000.0_mean_300.0_v3" 201 - "PUT http://172.18.0.197:8080/v1/AUTH_e2c76e4d27554fd5a4f85cce208b136f/gnocchi.cd6579fb-991d-4443-9aba-0b95219eb447/1763640000.0_mean_300.0_v3" "tx5975620c30fd46b3adfcd-0069295fb7" "proxy-server 20" 0.0114 "-" 22 0
Nov 28 08:39:19 np0005538511 object-server[120729]: 172.20.0.105 - - [28/Nov/2025:08:39:19 +0000] "PUT /d1/828/AUTH_e2c76e4d27554fd5a4f85cce208b136f/gnocchi.59b94bd8-604d-4756-a0ea-d604c290d93c/1763640000.0_rate%3Amean_300.0_v3" 201 - "PUT http://172.18.0.197:8080/v1/AUTH_e2c76e4d27554fd5a4f85cce208b136f/gnocchi.59b94bd8-604d-4756-a0ea-d604c290d93c/1763640000.0_rate%3Amean_300.0_v3" "tx96a9ff12d24e49e89f95b-0069295fb7" "proxy-server 20" 0.0120 "-" 21 0
Nov 28 08:39:19 np0005538511 container-server[120347]: 172.20.0.103 - - [28/Nov/2025:08:39:19 +0000] "PUT /d1/572/AUTH_e2c76e4d27554fd5a4f85cce208b136f/gnocchi.59b94bd8-604d-4756-a0ea-d604c290d93c/1763640000.0_rate%3Amean_300.0_v3" 201 - "PUT http://172.18.0.197:8080/d1/828/AUTH_e2c76e4d27554fd5a4f85cce208b136f/gnocchi.59b94bd8-604d-4756-a0ea-d604c290d93c/1763640000.0_rate%3Amean_300.0_v3" "tx96a9ff12d24e49e89f95b-0069295fb7" "object-server 25" 0.0006 "-" 23 0
Nov 28 08:39:19 np0005538511 container-server[120341]: 172.20.0.105 - - [28/Nov/2025:08:39:19 +0000] "PUT /d1/160/AUTH_e2c76e4d27554fd5a4f85cce208b136f/gnocchi.cd6579fb-991d-4443-9aba-0b95219eb447/1763640000.0_mean_300.0_v3" 201 - "PUT http://172.18.0.197:8080/d1/31/AUTH_e2c76e4d27554fd5a4f85cce208b136f/gnocchi.cd6579fb-991d-4443-9aba-0b95219eb447/1763640000.0_mean_300.0_v3" "tx5975620c30fd46b3adfcd-0069295fb7" "object-server 24" 0.0008 "-" 22 0
Nov 28 08:39:19 np0005538511 proxy-server[122064]: 172.18.0.103 172.18.0.104 28/Nov/2025/08/39/19 GET /v1/AUTH_e2c76e4d27554fd5a4f85cce208b136f/gnocchi.19ba5cf6-206e-46fa-82bd-912eb11d504b%3Fformat%3Djson%26states%3Dlisting HTTP/1.0 200 - python-swiftclient-3.11.1 gAAAAABpKV38a7pX... - 357 - txc747d0b2d3344724ae30a-0069295fb7 - 0.0215 - - 1764319159.169555187 1764319159.191017628 0
Nov 28 08:39:19 np0005538511 object-server[120732]: 172.20.0.103 - - [28/Nov/2025:08:39:19 +0000] "PUT /d1/793/AUTH_e2c76e4d27554fd5a4f85cce208b136f/gnocchi.cd6579fb-991d-4443-9aba-0b95219eb447/1763640000.0_rate%3Amean_300.0_v3" 201 - "PUT http://172.18.0.197:8080/v1/AUTH_e2c76e4d27554fd5a4f85cce208b136f/gnocchi.cd6579fb-991d-4443-9aba-0b95219eb447/1763640000.0_rate%3Amean_300.0_v3" "txe21beff989d443649e107-0069295fb7" "proxy-server 20" 0.0124 "-" 22 0
Nov 28 08:39:19 np0005538511 container-server[120341]: 172.20.0.105 - - [28/Nov/2025:08:39:19 +0000] "PUT /d1/572/AUTH_e2c76e4d27554fd5a4f85cce208b136f/gnocchi.59b94bd8-604d-4756-a0ea-d604c290d93c/1763640000.0_mean_300.0_v3" 201 - "PUT http://172.18.0.197:8080/d1/308/AUTH_e2c76e4d27554fd5a4f85cce208b136f/gnocchi.59b94bd8-604d-4756-a0ea-d604c290d93c/1763640000.0_mean_300.0_v3" "txf189c829a33c4d26b0899-0069295fb7" "object-server 22" 0.0005 "-" 22 0
Nov 28 08:39:19 np0005538511 container-server[120325]: 172.20.0.103 - - [28/Nov/2025:08:39:19 +0000] "PUT /d1/160/AUTH_e2c76e4d27554fd5a4f85cce208b136f/gnocchi.cd6579fb-991d-4443-9aba-0b95219eb447/1763640000.0_rate%3Amean_300.0_v3" 201 - "PUT http://172.18.0.197:8080/d1/793/AUTH_e2c76e4d27554fd5a4f85cce208b136f/gnocchi.cd6579fb-991d-4443-9aba-0b95219eb447/1763640000.0_rate%3Amean_300.0_v3" "txe21beff989d443649e107-0069295fb7" "object-server 24" 0.0007 "-" 20 0
Nov 28 08:39:19 np0005538511 object-server[120734]: 172.20.0.105 - - [28/Nov/2025:08:39:19 +0000] "PUT /d1/308/AUTH_e2c76e4d27554fd5a4f85cce208b136f/gnocchi.59b94bd8-604d-4756-a0ea-d604c290d93c/1763640000.0_mean_300.0_v3" 201 - "PUT http://172.18.0.197:8080/v1/AUTH_e2c76e4d27554fd5a4f85cce208b136f/gnocchi.59b94bd8-604d-4756-a0ea-d604c290d93c/1763640000.0_mean_300.0_v3" "txf189c829a33c4d26b0899-0069295fb7" "proxy-server 20" 0.0121 "-" 23 0
Nov 28 08:39:19 np0005538511 proxy-server[122064]: 172.18.0.103 172.18.0.104 28/Nov/2025/08/39/19 GET /v1/AUTH_e2c76e4d27554fd5a4f85cce208b136f/gnocchi.19ba5cf6-206e-46fa-82bd-912eb11d504b%3Fformat%3Djson%26marker%3Dnone_v3%26states%3Dlisting HTTP/1.0 200 - python-swiftclient-3.11.1 gAAAAABpKV38a7pX... - 2 - txb66989ee8fbe452880f21-0069295fb7 - 0.0142 - - 1764319159.197538614 1764319159.211769819 0
Nov 28 08:39:19 np0005538511 container-server[120341]: 172.20.0.104 - - [28/Nov/2025:08:39:19 +0000] "PUT /d1/160/AUTH_e2c76e4d27554fd5a4f85cce208b136f/gnocchi.cd6579fb-991d-4443-9aba-0b95219eb447/none_v3" 201 - "PUT http://172.18.0.197:8080/d1/29/AUTH_e2c76e4d27554fd5a4f85cce208b136f/gnocchi.cd6579fb-991d-4443-9aba-0b95219eb447/none_v3" "txe3f6d0aeaef241f4a1c73-0069295fb7" "object-server 23" 0.0006 "-" 22 0
Nov 28 08:39:19 np0005538511 object-server[120734]: 172.20.0.103 - - [28/Nov/2025:08:39:19 +0000] "PUT /d1/29/AUTH_e2c76e4d27554fd5a4f85cce208b136f/gnocchi.cd6579fb-991d-4443-9aba-0b95219eb447/none_v3" 201 - "PUT http://172.18.0.197:8080/v1/AUTH_e2c76e4d27554fd5a4f85cce208b136f/gnocchi.cd6579fb-991d-4443-9aba-0b95219eb447/none_v3" "txe3f6d0aeaef241f4a1c73-0069295fb7" "proxy-server 20" 0.0106 "-" 23 0
Nov 28 08:39:19 np0005538511 object-server[120732]: 172.20.0.104 - - [28/Nov/2025:08:39:19 +0000] "GET /d1/80/AUTH_e2c76e4d27554fd5a4f85cce208b136f/gnocchi.19ba5cf6-206e-46fa-82bd-912eb11d504b/1763640000.0_rate%3Amean_300.0_v3" 404 70 "GET http://172.18.0.197:8080/v1/AUTH_e2c76e4d27554fd5a4f85cce208b136f/gnocchi.19ba5cf6-206e-46fa-82bd-912eb11d504b/1763640000.0_rate%3Amean_300.0_v3" "tx655d76c19e914566b5e57-0069295fb7" "proxy-server 20" 0.0002 "-" 22 0
Nov 28 08:39:19 np0005538511 container-server[120329]: 172.20.0.103 - - [28/Nov/2025:08:39:19 +0000] "PUT /d1/572/AUTH_e2c76e4d27554fd5a4f85cce208b136f/gnocchi.59b94bd8-604d-4756-a0ea-d604c290d93c/none_v3" 201 - "PUT http://172.18.0.197:8080/d1/933/AUTH_e2c76e4d27554fd5a4f85cce208b136f/gnocchi.59b94bd8-604d-4756-a0ea-d604c290d93c/none_v3" "tx2727dcd8876443a593414-0069295fb7" "object-server 24" 0.0008 "-" 21 0
Nov 28 08:39:19 np0005538511 object-server[120729]: 172.20.0.105 - - [28/Nov/2025:08:39:19 +0000] "PUT /d1/933/AUTH_e2c76e4d27554fd5a4f85cce208b136f/gnocchi.59b94bd8-604d-4756-a0ea-d604c290d93c/none_v3" 201 - "PUT http://172.18.0.197:8080/v1/AUTH_e2c76e4d27554fd5a4f85cce208b136f/gnocchi.59b94bd8-604d-4756-a0ea-d604c290d93c/none_v3" "tx2727dcd8876443a593414-0069295fb7" "proxy-server 20" 0.0120 "-" 21 0
Nov 28 08:39:19 np0005538511 proxy-server[122064]: 172.18.0.103 172.18.0.104 28/Nov/2025/08/39/19 GET /v1/AUTH_e2c76e4d27554fd5a4f85cce208b136f/gnocchi.19ba5cf6-206e-46fa-82bd-912eb11d504b/1763640000.0_rate%253Amean_300.0_v3 HTTP/1.0 404 - python-swiftclient-3.11.1 gAAAAABpKV38a7pX... - 70 - tx655d76c19e914566b5e57-0069295fb7 - 0.0170 - - 1764319159.216407537 1764319159.233419895 0
Nov 28 08:39:19 np0005538511 container-server[120329]: 172.20.0.104 - - [28/Nov/2025:08:39:19 +0000] "PUT /d1/298/AUTH_e2c76e4d27554fd5a4f85cce208b136f/gnocchi.19ba5cf6-206e-46fa-82bd-912eb11d504b/1763640000.0_rate%3Amean_300.0_v3" 201 - "PUT http://172.18.0.197:8080/d1/80/AUTH_e2c76e4d27554fd5a4f85cce208b136f/gnocchi.19ba5cf6-206e-46fa-82bd-912eb11d504b/1763640000.0_rate%3Amean_300.0_v3" "tx23ccedb2f0ae4db69f4e0-0069295fb7" "object-server 24" 0.0006 "-" 21 0
Nov 28 08:39:19 np0005538511 object-server[120735]: 172.20.0.104 - - [28/Nov/2025:08:39:19 +0000] "PUT /d1/80/AUTH_e2c76e4d27554fd5a4f85cce208b136f/gnocchi.19ba5cf6-206e-46fa-82bd-912eb11d504b/1763640000.0_rate%3Amean_300.0_v3" 201 - "PUT http://172.18.0.197:8080/v1/AUTH_e2c76e4d27554fd5a4f85cce208b136f/gnocchi.19ba5cf6-206e-46fa-82bd-912eb11d504b/1763640000.0_rate%3Amean_300.0_v3" "tx23ccedb2f0ae4db69f4e0-0069295fb7" "proxy-server 20" 0.0116 "-" 24 0
Nov 28 08:39:19 np0005538511 proxy-server[122064]: 172.18.0.103 172.18.0.104 28/Nov/2025/08/39/19 PUT /v1/AUTH_e2c76e4d27554fd5a4f85cce208b136f/gnocchi.19ba5cf6-206e-46fa-82bd-912eb11d504b/1763640000.0_rate%253Amean_300.0_v3 HTTP/1.0 201 - python-swiftclient-3.11.1 gAAAAABpKV38a7pX... 16 - - tx23ccedb2f0ae4db69f4e0-0069295fb7 - 0.0265 - - 1764319159.251730680 1764319159.278200150 0
Nov 28 08:39:19 np0005538511 object-server[120732]: 172.20.0.103 - - [28/Nov/2025:08:39:19 +0000] "GET /d1/760/AUTH_e2c76e4d27554fd5a4f85cce208b136f/gnocchi.547cef1d-702d-4b82-8ce7-75fa4b1b728d/none_v3" 200 34 "GET http://172.18.0.197:8080/v1/AUTH_e2c76e4d27554fd5a4f85cce208b136f/gnocchi.547cef1d-702d-4b82-8ce7-75fa4b1b728d/none_v3" "tx72e7b1da16384469b1554-0069295fb7" "proxy-server 20" 0.0005 "-" 22 0
Nov 28 08:39:19 np0005538511 container-server[120325]: 172.20.0.105 - - [28/Nov/2025:08:39:19 +0000] "PUT /d1/298/AUTH_e2c76e4d27554fd5a4f85cce208b136f/gnocchi.19ba5cf6-206e-46fa-82bd-912eb11d504b/1763640000.0_mean_300.0_v3" 201 - "PUT http://172.18.0.197:8080/d1/833/AUTH_e2c76e4d27554fd5a4f85cce208b136f/gnocchi.19ba5cf6-206e-46fa-82bd-912eb11d504b/1763640000.0_mean_300.0_v3" "txa84bd74e623043ee9e763-0069295fb7" "object-server 25" 0.0007 "-" 20 0
Nov 28 08:39:19 np0005538511 object-server[120735]: 172.20.0.104 - - [28/Nov/2025:08:39:19 +0000] "PUT /d1/833/AUTH_e2c76e4d27554fd5a4f85cce208b136f/gnocchi.19ba5cf6-206e-46fa-82bd-912eb11d504b/1763640000.0_mean_300.0_v3" 201 - "PUT http://172.18.0.197:8080/v1/AUTH_e2c76e4d27554fd5a4f85cce208b136f/gnocchi.19ba5cf6-206e-46fa-82bd-912eb11d504b/1763640000.0_mean_300.0_v3" "txa84bd74e623043ee9e763-0069295fb7" "proxy-server 20" 0.0163 "-" 24 0
Nov 28 08:39:19 np0005538511 proxy-server[122064]: 172.18.0.103 172.18.0.104 28/Nov/2025/08/39/19 PUT /v1/AUTH_e2c76e4d27554fd5a4f85cce208b136f/gnocchi.19ba5cf6-206e-46fa-82bd-912eb11d504b/1763640000.0_mean_300.0_v3 HTTP/1.0 201 - python-swiftclient-3.11.1 gAAAAABpKV38a7pX... 27 - - txa84bd74e623043ee9e763-0069295fb7 - 0.0251 - - 1764319159.282120466 1764319159.307252407 0
Nov 28 08:39:19 np0005538511 container-server[120325]: 172.20.0.103 - - [28/Nov/2025:08:39:19 +0000] "GET /d1/196/AUTH_e2c76e4d27554fd5a4f85cce208b136f/gnocchi.547cef1d-702d-4b82-8ce7-75fa4b1b728d" 200 550 "GET http://172.18.0.197:8080/v1/AUTH_e2c76e4d27554fd5a4f85cce208b136f/gnocchi.547cef1d-702d-4b82-8ce7-75fa4b1b728d?format=json&states=listing" "txab60df18b6a8499c9f17c-0069295fb7" "proxy-server 20" 0.0079 "-" 20 0
Nov 28 08:39:19 np0005538511 object-server[120734]: 172.20.0.105 - - [28/Nov/2025:08:39:19 +0000] "GET /d1/455/AUTH_e2c76e4d27554fd5a4f85cce208b136f/gnocchi.b05f6e18-f773-481a-b203-583bf99b214d/1763640000.0_rate%3Amean_300.0_v3" 404 70 "GET http://172.18.0.197:8080/v1/AUTH_e2c76e4d27554fd5a4f85cce208b136f/gnocchi.b05f6e18-f773-481a-b203-583bf99b214d/1763640000.0_rate%3Amean_300.0_v3" "txc807d939417f44568b48b-0069295fb7" "proxy-server 20" 0.0006 "-" 23 0
Nov 28 08:39:19 np0005538511 container-server[120347]: 172.20.0.103 - - [28/Nov/2025:08:39:19 +0000] "PUT /d1/298/AUTH_e2c76e4d27554fd5a4f85cce208b136f/gnocchi.19ba5cf6-206e-46fa-82bd-912eb11d504b/none_v3" 201 - "PUT http://172.18.0.197:8080/d1/231/AUTH_e2c76e4d27554fd5a4f85cce208b136f/gnocchi.19ba5cf6-206e-46fa-82bd-912eb11d504b/none_v3" "txf476643641f547099e342-0069295fb7" "object-server 24" 0.0005 "-" 23 0
Nov 28 08:39:19 np0005538511 object-server[120735]: 172.20.0.104 - - [28/Nov/2025:08:39:19 +0000] "PUT /d1/231/AUTH_e2c76e4d27554fd5a4f85cce208b136f/gnocchi.19ba5cf6-206e-46fa-82bd-912eb11d504b/none_v3" 201 - "PUT http://172.18.0.197:8080/v1/AUTH_e2c76e4d27554fd5a4f85cce208b136f/gnocchi.19ba5cf6-206e-46fa-82bd-912eb11d504b/none_v3" "txf476643641f547099e342-0069295fb7" "proxy-server 20" 0.0159 "-" 24 0
Nov 28 08:39:19 np0005538511 proxy-server[122064]: 172.18.0.103 172.18.0.104 28/Nov/2025/08/39/19 PUT /v1/AUTH_e2c76e4d27554fd5a4f85cce208b136f/gnocchi.19ba5cf6-206e-46fa-82bd-912eb11d504b/none_v3 HTTP/1.0 201 - python-swiftclient-3.11.1 gAAAAABpKV38a7pX... 34 - - txf476643641f547099e342-0069295fb7 - 0.0266 - - 1764319159.312198639 1764319159.338751078 0
Nov 28 08:39:19 np0005538511 object-server[120729]: 172.20.0.105 - - [28/Nov/2025:08:39:19 +0000] "GET /d1/482/AUTH_e2c76e4d27554fd5a4f85cce208b136f/gnocchi.b05f6e18-f773-481a-b203-583bf99b214d/1763640000.0_mean_300.0_v3" 200 16 "GET http://172.18.0.197:8080/v1/AUTH_e2c76e4d27554fd5a4f85cce208b136f/gnocchi.b05f6e18-f773-481a-b203-583bf99b214d/1763640000.0_mean_300.0_v3" "tx0812e580a60a4f2383750-0069295fb7" "proxy-server 20" 0.0011 "-" 21 0
Nov 28 08:39:19 np0005538511 container-server[120325]: 172.20.0.104 - - [28/Nov/2025:08:39:19 +0000] "PUT /d1/831/AUTH_e2c76e4d27554fd5a4f85cce208b136f/gnocchi.b05f6e18-f773-481a-b203-583bf99b214d/1763640000.0_rate%3Amean_300.0_v3" 201 - "PUT http://172.18.0.197:8080/d1/455/AUTH_e2c76e4d27554fd5a4f85cce208b136f/gnocchi.b05f6e18-f773-481a-b203-583bf99b214d/1763640000.0_rate%3Amean_300.0_v3" "txaa500c2d1aa348a5a950d-0069295fb7" "object-server 22" 0.0006 "-" 20 0
Nov 28 08:39:19 np0005538511 object-server[120732]: 172.20.0.104 - - [28/Nov/2025:08:39:19 +0000] "PUT /d1/455/AUTH_e2c76e4d27554fd5a4f85cce208b136f/gnocchi.b05f6e18-f773-481a-b203-583bf99b214d/1763640000.0_rate%3Amean_300.0_v3" 201 - "PUT http://172.18.0.197:8080/v1/AUTH_e2c76e4d27554fd5a4f85cce208b136f/gnocchi.b05f6e18-f773-481a-b203-583bf99b214d/1763640000.0_rate%3Amean_300.0_v3" "txaa500c2d1aa348a5a950d-0069295fb7" "proxy-server 20" 0.0115 "-" 22 0
Nov 28 08:39:19 np0005538511 proxy-server[122064]: 172.18.0.197 172.18.0.104 28/Nov/2025/08/39/19 PUT /v1/AUTH_e2c76e4d27554fd5a4f85cce208b136f/gnocchi.b05f6e18-f773-481a-b203-583bf99b214d/1763640000.0_rate%253Amean_300.0_v3 HTTP/1.0 201 - python-swiftclient-3.11.1 gAAAAABpKV47sBxn... 16 - - txaa500c2d1aa348a5a950d-0069295fb7 - 0.0263 - - 1764319159.356375217 1764319159.382699490 0
Nov 28 08:39:19 np0005538511 proxy-server[122064]: 172.18.0.103 172.18.0.104 28/Nov/2025/08/39/19 GET /v1/AUTH_e2c76e4d27554fd5a4f85cce208b136f/gnocchi.3927f339-3916-42db-89af-c6d1f7cf2953%3Fformat%3Djson%26states%3Dlisting HTTP/1.0 200 - python-swiftclient-3.11.1 gAAAAABpKV38a7pX... - 357 - tx6621a1e7367b49e9a6c4b-0069295fb7 - 0.0121 - - 1764319159.387547255 1764319159.399691582 0
Nov 28 08:39:19 np0005538511 container-server[120347]: 172.20.0.103 - - [28/Nov/2025:08:39:19 +0000] "PUT /d1/831/AUTH_e2c76e4d27554fd5a4f85cce208b136f/gnocchi.b05f6e18-f773-481a-b203-583bf99b214d/1763640000.0_mean_300.0_v3" 201 - "PUT http://172.18.0.197:8080/d1/482/AUTH_e2c76e4d27554fd5a4f85cce208b136f/gnocchi.b05f6e18-f773-481a-b203-583bf99b214d/1763640000.0_mean_300.0_v3" "txeb4faa8801734dfc98acc-0069295fb7" "object-server 23" 0.0006 "-" 23 0
Nov 28 08:39:19 np0005538511 object-server[120729]: 172.20.0.103 - - [28/Nov/2025:08:39:19 +0000] "PUT /d1/482/AUTH_e2c76e4d27554fd5a4f85cce208b136f/gnocchi.b05f6e18-f773-481a-b203-583bf99b214d/1763640000.0_mean_300.0_v3" 201 - "PUT http://172.18.0.197:8080/v1/AUTH_e2c76e4d27554fd5a4f85cce208b136f/gnocchi.b05f6e18-f773-481a-b203-583bf99b214d/1763640000.0_mean_300.0_v3" "txeb4faa8801734dfc98acc-0069295fb7" "proxy-server 20" 0.0134 "-" 21 0
Nov 28 08:39:19 np0005538511 container-server[120341]: 172.20.0.104 - - [28/Nov/2025:08:39:19 +0000] "PUT /d1/196/AUTH_e2c76e4d27554fd5a4f85cce208b136f/gnocchi.547cef1d-702d-4b82-8ce7-75fa4b1b728d/1763640000.0_mean_300.0_v3" 201 - "PUT http://172.18.0.197:8080/d1/13/AUTH_e2c76e4d27554fd5a4f85cce208b136f/gnocchi.547cef1d-702d-4b82-8ce7-75fa4b1b728d/1763640000.0_mean_300.0_v3" "tx1441128daa9e4585a2add-0069295fb7" "object-server 21" 0.0007 "-" 22 0
Nov 28 08:39:19 np0005538511 object-server[120729]: 172.20.0.105 - - [28/Nov/2025:08:39:19 +0000] "PUT /d1/13/AUTH_e2c76e4d27554fd5a4f85cce208b136f/gnocchi.547cef1d-702d-4b82-8ce7-75fa4b1b728d/1763640000.0_mean_300.0_v3" 201 - "PUT http://172.18.0.197:8080/v1/AUTH_e2c76e4d27554fd5a4f85cce208b136f/gnocchi.547cef1d-702d-4b82-8ce7-75fa4b1b728d/1763640000.0_mean_300.0_v3" "tx1441128daa9e4585a2add-0069295fb7" "proxy-server 20" 0.0096 "-" 21 0
Nov 28 08:39:19 np0005538511 proxy-server[122064]: 172.18.0.103 172.18.0.104 28/Nov/2025/08/39/19 GET /v1/AUTH_e2c76e4d27554fd5a4f85cce208b136f/gnocchi.3927f339-3916-42db-89af-c6d1f7cf2953%3Fformat%3Djson%26marker%3Dnone_v3%26states%3Dlisting HTTP/1.0 200 - python-swiftclient-3.11.1 gAAAAABpKV38a7pX... - 2 - tx34a8f7f67db8412e8523b-0069295fb7 - 0.0203 - - 1764319159.403429747 1764319159.423775196 0
Nov 28 08:39:19 np0005538511 object-server[120729]: 172.20.0.104 - - [28/Nov/2025:08:39:19 +0000] "GET /d1/1003/AUTH_e2c76e4d27554fd5a4f85cce208b136f/gnocchi.3927f339-3916-42db-89af-c6d1f7cf2953/1763640000.0_rate%3Amean_300.0_v3" 404 70 "GET http://172.18.0.197:8080/v1/AUTH_e2c76e4d27554fd5a4f85cce208b136f/gnocchi.3927f339-3916-42db-89af-c6d1f7cf2953/1763640000.0_rate%3Amean_300.0_v3" "txde28a35390f24a80906fa-0069295fb7" "proxy-server 20" 0.0002 "-" 21 0
Nov 28 08:39:19 np0005538511 object-server[120729]: 172.20.0.103 - - [28/Nov/2025:08:39:19 +0000] "PUT /d1/689/AUTH_e2c76e4d27554fd5a4f85cce208b136f/gnocchi.b05f6e18-f773-481a-b203-583bf99b214d/none_v3" 201 - "PUT http://172.18.0.197:8080/v1/AUTH_e2c76e4d27554fd5a4f85cce208b136f/gnocchi.b05f6e18-f773-481a-b203-583bf99b214d/none_v3" "txc79c37a457324cd2bbd28-0069295fb7" "proxy-server 20" 0.0110 "-" 21 0
Nov 28 08:39:19 np0005538511 container-server[120329]: 172.20.0.103 - - [28/Nov/2025:08:39:19 +0000] "PUT /d1/831/AUTH_e2c76e4d27554fd5a4f85cce208b136f/gnocchi.b05f6e18-f773-481a-b203-583bf99b214d/none_v3" 201 - "PUT http://172.18.0.197:8080/d1/689/AUTH_e2c76e4d27554fd5a4f85cce208b136f/gnocchi.b05f6e18-f773-481a-b203-583bf99b214d/none_v3" "txc79c37a457324cd2bbd28-0069295fb7" "object-server 24" 0.0008 "-" 21 0
Nov 28 08:39:19 np0005538511 proxy-server[122064]: 172.18.0.103 172.18.0.104 28/Nov/2025/08/39/19 GET /v1/AUTH_e2c76e4d27554fd5a4f85cce208b136f/gnocchi.3927f339-3916-42db-89af-c6d1f7cf2953/1763640000.0_rate%253Amean_300.0_v3 HTTP/1.0 404 - python-swiftclient-3.11.1 gAAAAABpKV38a7pX... - 70 - txde28a35390f24a80906fa-0069295fb7 - 0.0171 - - 1764319159.430179834 1764319159.447259903 0
Nov 28 08:39:19 np0005538511 container-server[120325]: 172.20.0.104 - - [28/Nov/2025:08:39:19 +0000] "PUT /d1/196/AUTH_e2c76e4d27554fd5a4f85cce208b136f/gnocchi.547cef1d-702d-4b82-8ce7-75fa4b1b728d/1763640000.0_rate%3Amean_300.0_v3" 201 - "PUT http://172.18.0.197:8080/d1/794/AUTH_e2c76e4d27554fd5a4f85cce208b136f/gnocchi.547cef1d-702d-4b82-8ce7-75fa4b1b728d/1763640000.0_rate%3Amean_300.0_v3" "tx386298775cba4e1ea9e0c-0069295fb7" "object-server 23" 0.0007 "-" 20 0
Nov 28 08:39:19 np0005538511 object-server[120734]: 172.20.0.105 - - [28/Nov/2025:08:39:19 +0000] "PUT /d1/794/AUTH_e2c76e4d27554fd5a4f85cce208b136f/gnocchi.547cef1d-702d-4b82-8ce7-75fa4b1b728d/1763640000.0_rate%3Amean_300.0_v3" 201 - "PUT http://172.18.0.197:8080/v1/AUTH_e2c76e4d27554fd5a4f85cce208b136f/gnocchi.547cef1d-702d-4b82-8ce7-75fa4b1b728d/1763640000.0_rate%3Amean_300.0_v3" "tx386298775cba4e1ea9e0c-0069295fb7" "proxy-server 20" 0.0114 "-" 23 0
Nov 28 08:39:19 np0005538511 proxy-server[122064]: 172.18.0.103 172.18.0.104 28/Nov/2025/08/39/19 GET /v1/AUTH_e2c76e4d27554fd5a4f85cce208b136f/gnocchi.3927f339-3916-42db-89af-c6d1f7cf2953/1763640000.0_mean_300.0_v3 HTTP/1.0 200 - python-swiftclient-3.11.1 gAAAAABpKV38a7pX... - 16 - txd9adfc2defec41ea80edb-0069295fb7 - 0.0123 - - 1764319159.452974558 1764319159.465233326 0
Nov 28 08:39:19 np0005538511 container-server[120325]: 172.20.0.104 - - [28/Nov/2025:08:39:19 +0000] "HEAD /d1/433/AUTH_e2c76e4d27554fd5a4f85cce208b136f/gnocchi.f94d0f81-485c-443e-8763-91d3db4e7263" 204 - "HEAD http://172.18.0.197:8080/v1/AUTH_e2c76e4d27554fd5a4f85cce208b136f/gnocchi.f94d0f81-485c-443e-8763-91d3db4e7263?format=json&states=listing" "tx584c9cfb403646dabc8d3-0069295fb7" "proxy-server 20" 0.0022 "-" 20 0
Nov 28 08:39:19 np0005538511 object-server[120735]: 172.20.0.104 - - [28/Nov/2025:08:39:19 +0000] "GET /d1/975/AUTH_e2c76e4d27554fd5a4f85cce208b136f/gnocchi.f94d0f81-485c-443e-8763-91d3db4e7263/none_v3" 200 22 "GET http://172.18.0.197:8080/v1/AUTH_e2c76e4d27554fd5a4f85cce208b136f/gnocchi.f94d0f81-485c-443e-8763-91d3db4e7263/none_v3" "tx584c9cfb403646dabc8d3-0069295fb7" "proxy-server 20" 0.0008 "-" 24 0
Nov 28 08:39:19 np0005538511 proxy-server[122064]: 172.18.0.197 172.18.0.104 28/Nov/2025/08/39/19 GET /v1/AUTH_e2c76e4d27554fd5a4f85cce208b136f/gnocchi.f94d0f81-485c-443e-8763-91d3db4e7263/none_v3 HTTP/1.0 200 - python-swiftclient-3.11.1 gAAAAABpKV47sBxn... - 22 - tx584c9cfb403646dabc8d3-0069295fb7 - 0.0161 - - 1764319159.473792553 1764319159.489873409 0
Nov 28 08:39:19 np0005538511 container-server[120329]: 172.20.0.103 - - [28/Nov/2025:08:39:19 +0000] "PUT /d1/161/AUTH_e2c76e4d27554fd5a4f85cce208b136f/gnocchi.3927f339-3916-42db-89af-c6d1f7cf2953/1763640000.0_rate%3Amean_300.0_v3" 201 - "PUT http://172.18.0.197:8080/d1/1003/AUTH_e2c76e4d27554fd5a4f85cce208b136f/gnocchi.3927f339-3916-42db-89af-c6d1f7cf2953/1763640000.0_rate%3Amean_300.0_v3" "txd0498cf51546497b9560e-0069295fb7" "object-server 23" 0.0008 "-" 21 0
Nov 28 08:39:19 np0005538511 object-server[120729]: 172.20.0.103 - - [28/Nov/2025:08:39:19 +0000] "PUT /d1/1003/AUTH_e2c76e4d27554fd5a4f85cce208b136f/gnocchi.3927f339-3916-42db-89af-c6d1f7cf2953/1763640000.0_rate%3Amean_300.0_v3" 201 - "PUT http://172.18.0.197:8080/v1/AUTH_e2c76e4d27554fd5a4f85cce208b136f/gnocchi.3927f339-3916-42db-89af-c6d1f7cf2953/1763640000.0_rate%3Amean_300.0_v3" "txd0498cf51546497b9560e-0069295fb7" "proxy-server 20" 0.0141 "-" 21 0
Nov 28 08:39:19 np0005538511 container-server[120347]: 172.20.0.103 - - [28/Nov/2025:08:39:19 +0000] "PUT /d1/196/AUTH_e2c76e4d27554fd5a4f85cce208b136f/gnocchi.547cef1d-702d-4b82-8ce7-75fa4b1b728d/none_v3" 201 - "PUT http://172.18.0.197:8080/d1/760/AUTH_e2c76e4d27554fd5a4f85cce208b136f/gnocchi.547cef1d-702d-4b82-8ce7-75fa4b1b728d/none_v3" "tx7ebaed364701483d877e2-0069295fb7" "object-server 22" 0.0005 "-" 23 0
Nov 28 08:39:19 np0005538511 object-server[120734]: 172.20.0.105 - - [28/Nov/2025:08:39:19 +0000] "PUT /d1/760/AUTH_e2c76e4d27554fd5a4f85cce208b136f/gnocchi.547cef1d-702d-4b82-8ce7-75fa4b1b728d/none_v3" 201 - "PUT http://172.18.0.197:8080/v1/AUTH_e2c76e4d27554fd5a4f85cce208b136f/gnocchi.547cef1d-702d-4b82-8ce7-75fa4b1b728d/none_v3" "tx7ebaed364701483d877e2-0069295fb7" "proxy-server 20" 0.0168 "-" 23 0
Nov 28 08:39:19 np0005538511 proxy-server[122064]: 172.18.0.197 172.18.0.104 28/Nov/2025/08/39/19 GET /v1/AUTH_e2c76e4d27554fd5a4f85cce208b136f/gnocchi.f94d0f81-485c-443e-8763-91d3db4e7263%3Fformat%3Djson%26states%3Dlisting HTTP/1.0 200 - python-swiftclient-3.11.1 gAAAAABpKV47sBxn... - 357 - txabef12878cc1484e9568a-0069295fb7 - 0.0124 - - 1764319159.495766163 1764319159.508196354 0
Nov 28 08:39:19 np0005538511 object-server[120735]: 172.20.0.103 - - [28/Nov/2025:08:39:19 +0000] "PUT /d1/819/AUTH_e2c76e4d27554fd5a4f85cce208b136f/gnocchi.3927f339-3916-42db-89af-c6d1f7cf2953/1763640000.0_mean_300.0_v3" 201 - "PUT http://172.18.0.197:8080/v1/AUTH_e2c76e4d27554fd5a4f85cce208b136f/gnocchi.3927f339-3916-42db-89af-c6d1f7cf2953/1763640000.0_mean_300.0_v3" "tx77ac5b17c39c46049d90d-0069295fb7" "proxy-server 20" 0.0103 "-" 24 0
Nov 28 08:39:19 np0005538511 container-server[120329]: 172.20.0.103 - - [28/Nov/2025:08:39:19 +0000] "PUT /d1/161/AUTH_e2c76e4d27554fd5a4f85cce208b136f/gnocchi.3927f339-3916-42db-89af-c6d1f7cf2953/1763640000.0_mean_300.0_v3" 201 - "PUT http://172.18.0.197:8080/d1/819/AUTH_e2c76e4d27554fd5a4f85cce208b136f/gnocchi.3927f339-3916-42db-89af-c6d1f7cf2953/1763640000.0_mean_300.0_v3" "tx77ac5b17c39c46049d90d-0069295fb7" "object-server 23" 0.0007 "-" 21 0
Nov 28 08:39:19 np0005538511 container-server[120341]: 172.20.0.104 - - [28/Nov/2025:08:39:19 +0000] "PUT /d1/161/AUTH_e2c76e4d27554fd5a4f85cce208b136f/gnocchi.3927f339-3916-42db-89af-c6d1f7cf2953/none_v3" 201 - "PUT http://172.18.0.197:8080/d1/151/AUTH_e2c76e4d27554fd5a4f85cce208b136f/gnocchi.3927f339-3916-42db-89af-c6d1f7cf2953/none_v3" "tx792c9066cce44b298bfcb-0069295fb7" "object-server 22" 0.0006 "-" 22 0
Nov 28 08:39:19 np0005538511 object-server[120735]: 172.20.0.104 - - [28/Nov/2025:08:39:19 +0000] "GET /d1/272/AUTH_e2c76e4d27554fd5a4f85cce208b136f/gnocchi.f94d0f81-485c-443e-8763-91d3db4e7263/1763640000.0_rate%3Amean_300.0_v3" 404 70 "GET http://172.18.0.197:8080/v1/AUTH_e2c76e4d27554fd5a4f85cce208b136f/gnocchi.f94d0f81-485c-443e-8763-91d3db4e7263/1763640000.0_rate%3Amean_300.0_v3" "txbe085f9647b345b196c91-0069295fb7" "proxy-server 20" 0.0005 "-" 24 0
Nov 28 08:39:19 np0005538511 object-server[120732]: 172.20.0.105 - - [28/Nov/2025:08:39:19 +0000] "PUT /d1/151/AUTH_e2c76e4d27554fd5a4f85cce208b136f/gnocchi.3927f339-3916-42db-89af-c6d1f7cf2953/none_v3" 201 - "PUT http://172.18.0.197:8080/v1/AUTH_e2c76e4d27554fd5a4f85cce208b136f/gnocchi.3927f339-3916-42db-89af-c6d1f7cf2953/none_v3" "tx792c9066cce44b298bfcb-0069295fb7" "proxy-server 20" 0.0124 "-" 22 0
Nov 28 08:39:19 np0005538511 proxy-server[122064]: 172.18.0.197 172.18.0.104 28/Nov/2025/08/39/19 GET /v1/AUTH_e2c76e4d27554fd5a4f85cce208b136f/gnocchi.f94d0f81-485c-443e-8763-91d3db4e7263/1763640000.0_rate%253Amean_300.0_v3 HTTP/1.0 404 - python-swiftclient-3.11.1 gAAAAABpKV47sBxn... - 70 - txbe085f9647b345b196c91-0069295fb7 - 0.0222 - - 1764319159.534291267 1764319159.556531191 0
Nov 28 08:39:19 np0005538511 object-server[120735]: 172.20.0.103 - - [28/Nov/2025:08:39:19 +0000] "GET /d1/925/AUTH_e2c76e4d27554fd5a4f85cce208b136f/gnocchi.f94d0f81-485c-443e-8763-91d3db4e7263/1763640000.0_mean_300.0_v3" 200 16 "GET http://172.18.0.197:8080/v1/AUTH_e2c76e4d27554fd5a4f85cce208b136f/gnocchi.f94d0f81-485c-443e-8763-91d3db4e7263/1763640000.0_mean_300.0_v3" "tx8a1f055493374bb28729e-0069295fb7" "proxy-server 20" 0.0011 "-" 24 0
Nov 28 08:39:19 np0005538511 object-server[120732]: 172.20.0.105 - - [28/Nov/2025:08:39:19 +0000] "GET /d1/211/AUTH_e2c76e4d27554fd5a4f85cce208b136f/gnocchi.baf5a52d-b193-44c5-9d75-855be0f5fceb/none_v3" 200 22 "GET http://172.18.0.197:8080/v1/AUTH_e2c76e4d27554fd5a4f85cce208b136f/gnocchi.baf5a52d-b193-44c5-9d75-855be0f5fceb/none_v3" "txdcff727a459441cc88d85-0069295fb7" "proxy-server 20" 0.0011 "-" 22 0
Nov 28 08:39:19 np0005538511 object-server[120729]: 172.20.0.104 - - [28/Nov/2025:08:39:19 +0000] "PUT /d1/272/AUTH_e2c76e4d27554fd5a4f85cce208b136f/gnocchi.f94d0f81-485c-443e-8763-91d3db4e7263/1763640000.0_rate%3Amean_300.0_v3" 201 - "PUT http://172.18.0.197:8080/v1/AUTH_e2c76e4d27554fd5a4f85cce208b136f/gnocchi.f94d0f81-485c-443e-8763-91d3db4e7263/1763640000.0_rate%3Amean_300.0_v3" "tx01ed28ffc4374d9eae034-0069295fb7" "proxy-server 20" 0.0138 "-" 21 0
Nov 28 08:39:19 np0005538511 container-server[120347]: 172.20.0.105 - - [28/Nov/2025:08:39:19 +0000] "PUT /d1/433/AUTH_e2c76e4d27554fd5a4f85cce208b136f/gnocchi.f94d0f81-485c-443e-8763-91d3db4e7263/1763640000.0_rate%3Amean_300.0_v3" 201 - "PUT http://172.18.0.197:8080/d1/272/AUTH_e2c76e4d27554fd5a4f85cce208b136f/gnocchi.f94d0f81-485c-443e-8763-91d3db4e7263/1763640000.0_rate%3Amean_300.0_v3" "tx01ed28ffc4374d9eae034-0069295fb7" "object-server 23" 0.0008 "-" 23 0
Nov 28 08:39:19 np0005538511 proxy-server[122064]: 172.18.0.197 172.18.0.104 28/Nov/2025/08/39/19 PUT /v1/AUTH_e2c76e4d27554fd5a4f85cce208b136f/gnocchi.f94d0f81-485c-443e-8763-91d3db4e7263/1763640000.0_rate%253Amean_300.0_v3 HTTP/1.0 201 - python-swiftclient-3.11.1 gAAAAABpKV47sBxn... 16 - - tx01ed28ffc4374d9eae034-0069295fb7 - 0.0315 - - 1764319159.577716112 1764319159.609252214 0
Nov 28 08:39:19 np0005538511 container-server[120341]: 172.20.0.103 - - [28/Nov/2025:08:39:19 +0000] "GET /d1/541/AUTH_e2c76e4d27554fd5a4f85cce208b136f/gnocchi.baf5a52d-b193-44c5-9d75-855be0f5fceb" 200 357 "GET http://172.18.0.197:8080/v1/AUTH_e2c76e4d27554fd5a4f85cce208b136f/gnocchi.baf5a52d-b193-44c5-9d75-855be0f5fceb?format=json&states=listing" "tx6f604a1823cd44569a4dc-0069295fb7" "proxy-server 20" 0.0027 "-" 22 0
Nov 28 08:39:19 np0005538511 container-server[120325]: 172.20.0.104 - - [28/Nov/2025:08:39:19 +0000] "PUT /d1/433/AUTH_e2c76e4d27554fd5a4f85cce208b136f/gnocchi.f94d0f81-485c-443e-8763-91d3db4e7263/1763640000.0_mean_300.0_v3" 201 - "PUT http://172.18.0.197:8080/d1/925/AUTH_e2c76e4d27554fd5a4f85cce208b136f/gnocchi.f94d0f81-485c-443e-8763-91d3db4e7263/1763640000.0_mean_300.0_v3" "tx66e67fa1ae3d422694c3e-0069295fb7" "object-server 24" 0.0010 "-" 20 0
Nov 28 08:39:19 np0005538511 object-server[120735]: 172.20.0.105 - - [28/Nov/2025:08:39:19 +0000] "PUT /d1/925/AUTH_e2c76e4d27554fd5a4f85cce208b136f/gnocchi.f94d0f81-485c-443e-8763-91d3db4e7263/1763640000.0_mean_300.0_v3" 201 - "PUT http://172.18.0.197:8080/v1/AUTH_e2c76e4d27554fd5a4f85cce208b136f/gnocchi.f94d0f81-485c-443e-8763-91d3db4e7263/1763640000.0_mean_300.0_v3" "tx66e67fa1ae3d422694c3e-0069295fb7" "proxy-server 20" 0.0135 "-" 24 0
Nov 28 08:39:19 np0005538511 proxy-server[122064]: 172.18.0.103 172.18.0.104 28/Nov/2025/08/39/19 GET /v1/AUTH_e2c76e4d27554fd5a4f85cce208b136f/gnocchi.baf5a52d-b193-44c5-9d75-855be0f5fceb%3Fformat%3Djson%26marker%3Dnone_v3%26states%3Dlisting HTTP/1.0 200 - python-swiftclient-3.11.1 gAAAAABpKV38a7pX... - 2 - tx706ce750410345b0b5f4d-0069295fb7 - 0.0184 - - 1764319159.627579927 1764319159.646020174 0
Nov 28 08:39:19 np0005538511 object-server[120732]: 172.20.0.105 - - [28/Nov/2025:08:39:19 +0000] "GET /d1/971/AUTH_e2c76e4d27554fd5a4f85cce208b136f/gnocchi.baf5a52d-b193-44c5-9d75-855be0f5fceb/1763640000.0_rate%3Amean_300.0_v3" 404 70 "GET http://172.18.0.197:8080/v1/AUTH_e2c76e4d27554fd5a4f85cce208b136f/gnocchi.baf5a52d-b193-44c5-9d75-855be0f5fceb/1763640000.0_rate%3Amean_300.0_v3" "tx967186cc8f1440ea9731d-0069295fb7" "proxy-server 20" 0.0005 "-" 22 0
Nov 28 08:39:19 np0005538511 object-server[120729]: 172.20.0.103 - - [28/Nov/2025:08:39:19 +0000] "PUT /d1/975/AUTH_e2c76e4d27554fd5a4f85cce208b136f/gnocchi.f94d0f81-485c-443e-8763-91d3db4e7263/none_v3" 201 - "PUT http://172.18.0.197:8080/v1/AUTH_e2c76e4d27554fd5a4f85cce208b136f/gnocchi.f94d0f81-485c-443e-8763-91d3db4e7263/none_v3" "tx9dd343aa0e7b4aa4b3ba5-0069295fb7" "proxy-server 20" 0.0156 "-" 21 0
Nov 28 08:39:19 np0005538511 container-server[120325]: 172.20.0.103 - - [28/Nov/2025:08:39:19 +0000] "PUT /d1/433/AUTH_e2c76e4d27554fd5a4f85cce208b136f/gnocchi.f94d0f81-485c-443e-8763-91d3db4e7263/none_v3" 201 - "PUT http://172.18.0.197:8080/d1/975/AUTH_e2c76e4d27554fd5a4f85cce208b136f/gnocchi.f94d0f81-485c-443e-8763-91d3db4e7263/none_v3" "tx9dd343aa0e7b4aa4b3ba5-0069295fb7" "object-server 23" 0.0009 "-" 20 0
Nov 28 08:39:19 np0005538511 object-server[120729]: 172.20.0.104 - - [28/Nov/2025:08:39:19 +0000] "GET /d1/329/AUTH_e2c76e4d27554fd5a4f85cce208b136f/gnocchi.baf5a52d-b193-44c5-9d75-855be0f5fceb/1763640000.0_mean_300.0_v3" 200 16 "GET http://172.18.0.197:8080/v1/AUTH_e2c76e4d27554fd5a4f85cce208b136f/gnocchi.baf5a52d-b193-44c5-9d75-855be0f5fceb/1763640000.0_mean_300.0_v3" "tx8dad891ce8654f528c69d-0069295fb7" "proxy-server 20" 0.0011 "-" 21 0
Nov 28 08:39:19 np0005538511 proxy-server[122064]: 172.18.0.103 172.18.0.104 28/Nov/2025/08/39/19 GET /v1/AUTH_e2c76e4d27554fd5a4f85cce208b136f/gnocchi.baf5a52d-b193-44c5-9d75-855be0f5fceb/1763640000.0_mean_300.0_v3 HTTP/1.0 200 - python-swiftclient-3.11.1 gAAAAABpKV38a7pX... - 16 - tx8dad891ce8654f528c69d-0069295fb7 - 0.0108 - - 1764319159.677859783 1764319159.688687563 0
Nov 28 08:39:19 np0005538511 container-server[120325]: 172.20.0.103 - - [28/Nov/2025:08:39:19 +0000] "PUT /d1/541/AUTH_e2c76e4d27554fd5a4f85cce208b136f/gnocchi.baf5a52d-b193-44c5-9d75-855be0f5fceb/1763640000.0_rate%3Amean_300.0_v3" 201 - "PUT http://172.18.0.197:8080/d1/971/AUTH_e2c76e4d27554fd5a4f85cce208b136f/gnocchi.baf5a52d-b193-44c5-9d75-855be0f5fceb/1763640000.0_rate%3Amean_300.0_v3" "txd50d8ce5435f4a1eb3bf0-0069295fb7" "object-server 23" 0.0007 "-" 20 0
Nov 28 08:39:19 np0005538511 object-server[120735]: 172.20.0.105 - - [28/Nov/2025:08:39:19 +0000] "PUT /d1/971/AUTH_e2c76e4d27554fd5a4f85cce208b136f/gnocchi.baf5a52d-b193-44c5-9d75-855be0f5fceb/1763640000.0_rate%3Amean_300.0_v3" 201 - "PUT http://172.18.0.197:8080/v1/AUTH_e2c76e4d27554fd5a4f85cce208b136f/gnocchi.baf5a52d-b193-44c5-9d75-855be0f5fceb/1763640000.0_rate%3Amean_300.0_v3" "txd50d8ce5435f4a1eb3bf0-0069295fb7" "proxy-server 20" 0.0129 "-" 24 0
Nov 28 08:39:19 np0005538511 container-server[120325]: 172.20.0.103 - - [28/Nov/2025:08:39:19 +0000] "PUT /d1/541/AUTH_e2c76e4d27554fd5a4f85cce208b136f/gnocchi.baf5a52d-b193-44c5-9d75-855be0f5fceb/1763640000.0_mean_300.0_v3" 201 - "PUT http://172.18.0.197:8080/d1/329/AUTH_e2c76e4d27554fd5a4f85cce208b136f/gnocchi.baf5a52d-b193-44c5-9d75-855be0f5fceb/1763640000.0_mean_300.0_v3" "txe41c2f1137f74a7da4212-0069295fb7" "object-server 25" 0.0006 "-" 20 0
Nov 28 08:39:19 np0005538511 object-server[120732]: 172.20.0.103 - - [28/Nov/2025:08:39:19 +0000] "PUT /d1/329/AUTH_e2c76e4d27554fd5a4f85cce208b136f/gnocchi.baf5a52d-b193-44c5-9d75-855be0f5fceb/1763640000.0_mean_300.0_v3" 201 - "PUT http://172.18.0.197:8080/v1/AUTH_e2c76e4d27554fd5a4f85cce208b136f/gnocchi.baf5a52d-b193-44c5-9d75-855be0f5fceb/1763640000.0_mean_300.0_v3" "txe41c2f1137f74a7da4212-0069295fb7" "proxy-server 20" 0.0126 "-" 22 0
Nov 28 08:39:19 np0005538511 container-server[120341]: 172.20.0.104 - - [28/Nov/2025:08:39:19 +0000] "PUT /d1/541/AUTH_e2c76e4d27554fd5a4f85cce208b136f/gnocchi.baf5a52d-b193-44c5-9d75-855be0f5fceb/none_v3" 201 - "PUT http://172.18.0.197:8080/d1/211/AUTH_e2c76e4d27554fd5a4f85cce208b136f/gnocchi.baf5a52d-b193-44c5-9d75-855be0f5fceb/none_v3" "tx83e27a9ab11347849ff68-0069295fb7" "object-server 23" 0.0008 "-" 22 0
Nov 28 08:39:19 np0005538511 object-server[120734]: 172.20.0.104 - - [28/Nov/2025:08:39:19 +0000] "PUT /d1/211/AUTH_e2c76e4d27554fd5a4f85cce208b136f/gnocchi.baf5a52d-b193-44c5-9d75-855be0f5fceb/none_v3" 201 - "PUT http://172.18.0.197:8080/v1/AUTH_e2c76e4d27554fd5a4f85cce208b136f/gnocchi.baf5a52d-b193-44c5-9d75-855be0f5fceb/none_v3" "tx83e27a9ab11347849ff68-0069295fb7" "proxy-server 20" 0.0109 "-" 23 0
Nov 28 08:39:19 np0005538511 proxy-server[122064]: 172.18.0.103 172.18.0.104 28/Nov/2025/08/39/19 PUT /v1/AUTH_e2c76e4d27554fd5a4f85cce208b136f/gnocchi.baf5a52d-b193-44c5-9d75-855be0f5fceb/none_v3 HTTP/1.0 201 - python-swiftclient-3.11.1 gAAAAABpKV38a7pX... 33 - - tx83e27a9ab11347849ff68-0069295fb7 - 0.0269 - - 1764319159.756248236 1764319159.783113718 0
Nov 28 08:39:23 np0005538511 object-server[249449]: Begin object audit "forever" mode (ALL)
Nov 28 08:39:23 np0005538511 object-server[249448]: Begin object audit "forever" mode (ZBF)
Nov 28 08:39:23 np0005538511 object-server[249448]: Object audit (ZBF). Since Fri Nov 28 08:39:23 2025: Locally: 1 passed, 0 quarantined, 0 errors, files/sec: 653.52, bytes/sec: 0.00, Total time: 0.00, Auditing time: 0.00, Rate: 0.00
Nov 28 08:39:23 np0005538511 object-server[249449]: Object audit (ALL). Since Fri Nov 28 08:39:23 2025: Locally: 1 passed, 0 quarantined, 0 errors, files/sec: 117.55, bytes/sec: 1880.85, Total time: 0.01, Auditing time: 0.00, Rate: 0.00
Nov 28 08:39:24 np0005538511 object-server[249448]: Object audit (ZBF) "forever" mode completed: 1.12s. Total quarantined: 0, Total errors: 0, Total files/sec: 50.79, Total bytes/sec: 0.00, Auditing time: 1.11, Rate: 0.99
Nov 28 08:39:26 np0005538511 object-server[249449]: Object audit (ALL) "forever" mode completed: 2.81s. Total quarantined: 0, Total errors: 0, Total files/sec: 20.29, Total bytes/sec: 469.80, Auditing time: 2.79, Rate: 0.99
Nov 28 08:39:28 np0005538511 account-server[119810]: Beginning replication run
Nov 28 08:39:28 np0005538511 account-server[119810]: Replication run OVER
Nov 28 08:39:28 np0005538511 account-server[119810]: Attempted to replicate 1 dbs in 0.02018 seconds (49.55497/s)
Nov 28 08:39:28 np0005538511 account-server[119810]: Removed 0 dbs
Nov 28 08:39:28 np0005538511 account-server[119810]: 2 successes, 0 failures
Nov 28 08:39:28 np0005538511 account-server[119810]: diff:0 diff_capped:0 empty:0 hashmatch:0 no_change:2 remote_merge:0 rsync:0 ts_repl:0
Nov 28 08:39:33 np0005538511 container-server[120011]: Beginning replication run
Nov 28 08:39:33 np0005538511 container-server[120011]: Replication run OVER
Nov 28 08:39:33 np0005538511 container-server[120011]: Attempted to replicate 22 dbs in 0.54303 seconds (40.51325/s)
Nov 28 08:39:33 np0005538511 container-server[120011]: Removed 0 dbs
Nov 28 08:39:33 np0005538511 container-server[120011]: 44 successes, 0 failures
Nov 28 08:39:33 np0005538511 container-server[120011]: diff:0 diff_capped:0 empty:0 hashmatch:0 no_change:44 remote_merge:0 rsync:0 ts_repl:0
Nov 28 08:39:43 np0005538511 account-server[120218]: 172.20.0.105 - - [28/Nov/2025:08:39:43 +0000] "HEAD /d1/46/.expiring_objects" 404 - "HEAD http://localhost/v1/.expiring_objects?format=json" "tx9a9b925df356446e83216-0069295fcf" "proxy-server 2" 0.0004 "-" 21 -
