Nov 28 08:33:08 np0005538511 container-server[120329]: 172.20.0.103 - - [28/Nov/2025:08:33:08 +0000] "HEAD /d1/435/AUTH_e2c76e4d27554fd5a4f85cce208b136f/gnocchi.69d3d9a4-7a71-4a7f-8b4d-76c40f05eacf" 404 - "HEAD http://172.18.0.197:8080/v1/AUTH_e2c76e4d27554fd5a4f85cce208b136f/gnocchi.69d3d9a4-7a71-4a7f-8b4d-76c40f05eacf?format=json&states=listing" "tx05f7cbe39d34452e86abb-0069295e44" "proxy-server 20" 0.0006 "-" 21 0
Nov 28 08:33:08 np0005538511 proxy-server[122064]: 172.18.0.103 172.18.0.104 28/Nov/2025/08/33/08 PUT /v1/AUTH_e2c76e4d27554fd5a4f85cce208b136f/gnocchi.c9d3dc38-d6ca-4303-874e-2d884929bcf1/1763640000.0_mean_300.0_v3 HTTP/1.0 201 - python-swiftclient-3.11.1 gAAAAABpKV38a7pX... 16 - - tx3f1f3456c9b0418287d1c-0069295e44 - 0.0293 - - 1764318788.924805880 1764318788.954063654 0
Nov 28 08:33:08 np0005538511 object-server[120734]: 172.20.0.103 - - [28/Nov/2025:08:33:08 +0000] "GET /d1/925/AUTH_e2c76e4d27554fd5a4f85cce208b136f/gnocchi.69d3d9a4-7a71-4a7f-8b4d-76c40f05eacf/none_v3" 404 70 "GET http://172.18.0.197:8080/v1/AUTH_e2c76e4d27554fd5a4f85cce208b136f/gnocchi.69d3d9a4-7a71-4a7f-8b4d-76c40f05eacf/none_v3" "tx05f7cbe39d34452e86abb-0069295e44" "proxy-server 20" 0.0004 "-" 23 0
Nov 28 08:33:08 np0005538511 container-server[120347]: 172.20.0.104 - - [28/Nov/2025:08:33:08 +0000] "PUT /d1/809/AUTH_e2c76e4d27554fd5a4f85cce208b136f/gnocchi.c9d3dc38-d6ca-4303-874e-2d884929bcf1/none_v3" 201 - "PUT http://172.18.0.197:8080/d1/271/AUTH_e2c76e4d27554fd5a4f85cce208b136f/gnocchi.c9d3dc38-d6ca-4303-874e-2d884929bcf1/none_v3" "tx5ea183a96a24427880ab4-0069295e44" "object-server 24" 0.0011 "-" 23 0
Nov 28 08:33:08 np0005538511 object-server[120735]: 172.20.0.105 - - [28/Nov/2025:08:33:08 +0000] "PUT /d1/271/AUTH_e2c76e4d27554fd5a4f85cce208b136f/gnocchi.c9d3dc38-d6ca-4303-874e-2d884929bcf1/none_v3" 201 - "PUT http://172.18.0.197:8080/v1/AUTH_e2c76e4d27554fd5a4f85cce208b136f/gnocchi.c9d3dc38-d6ca-4303-874e-2d884929bcf1/none_v3" "tx5ea183a96a24427880ab4-0069295e44" "proxy-server 20" 0.0153 "-" 24 0
Nov 28 08:33:09 np0005538511 account-server[120230]: 172.20.0.103 - - [28/Nov/2025:08:33:09 +0000] "PUT /d1/535/AUTH_e2c76e4d27554fd5a4f85cce208b136f/gnocchi.69d3d9a4-7a71-4a7f-8b4d-76c40f05eacf" 201 - "PUT http://172.20.0.103:6001/d1/435/AUTH_e2c76e4d27554fd5a4f85cce208b136f/gnocchi.69d3d9a4-7a71-4a7f-8b4d-76c40f05eacf" "tx5835ce5219114310bb1bd-0069295e44" "container-server 22" 0.0046 "-" 23 0
Nov 28 08:33:09 np0005538511 container-server[120347]: 172.20.0.104 - - [28/Nov/2025:08:33:09 +0000] "PUT /d1/435/AUTH_e2c76e4d27554fd5a4f85cce208b136f/gnocchi.69d3d9a4-7a71-4a7f-8b4d-76c40f05eacf" 201 - "PUT http://172.18.0.197:8080/v1/AUTH_e2c76e4d27554fd5a4f85cce208b136f/gnocchi.69d3d9a4-7a71-4a7f-8b4d-76c40f05eacf" "tx5835ce5219114310bb1bd-0069295e44" "proxy-server 20" 0.0200 "-" 23 0
Nov 28 08:33:09 np0005538511 proxy-server[122064]: 172.18.0.105 172.18.0.104 28/Nov/2025/08/33/09 PUT /v1/AUTH_e2c76e4d27554fd5a4f85cce208b136f/gnocchi.69d3d9a4-7a71-4a7f-8b4d-76c40f05eacf HTTP/1.0 201 - python-swiftclient-3.11.1 gAAAAABpKV5EJeK-... - - - tx5835ce5219114310bb1bd-0069295e44 - 0.0328 - - 1764318788.976155996 1764318789.008993626 0
Nov 28 08:33:09 np0005538511 container-server[120347]: 172.20.0.103 - - [28/Nov/2025:08:33:09 +0000] "HEAD /d1/435/AUTH_e2c76e4d27554fd5a4f85cce208b136f/gnocchi.69d3d9a4-7a71-4a7f-8b4d-76c40f05eacf" 204 - "HEAD http://172.18.0.197:8080/v1/AUTH_e2c76e4d27554fd5a4f85cce208b136f/gnocchi.69d3d9a4-7a71-4a7f-8b4d-76c40f05eacf?format=json&states=listing" "tx6985ba24e5254d66a55d4-0069295e45" "proxy-server 20" 0.0023 "-" 23 0
Nov 28 08:33:09 np0005538511 object-server[120732]: 172.20.0.105 - - [28/Nov/2025:08:33:09 +0000] "GET /d1/274/AUTH_e2c76e4d27554fd5a4f85cce208b136f/gnocchi.69d3d9a4-7a71-4a7f-8b4d-76c40f05eacf/1763640000.0_mean_300.0_v3" 404 70 "GET http://172.18.0.197:8080/v1/AUTH_e2c76e4d27554fd5a4f85cce208b136f/gnocchi.69d3d9a4-7a71-4a7f-8b4d-76c40f05eacf/1763640000.0_mean_300.0_v3" "tx44ba0bf703184011a71e4-0069295e45" "proxy-server 20" 0.0005 "-" 22 0
Nov 28 08:33:09 np0005538511 container-server[120341]: 172.20.0.103 - - [28/Nov/2025:08:33:09 +0000] "PUT /d1/435/AUTH_e2c76e4d27554fd5a4f85cce208b136f/gnocchi.69d3d9a4-7a71-4a7f-8b4d-76c40f05eacf/1763640000.0_mean_300.0_v3" 201 - "PUT http://172.18.0.197:8080/d1/274/AUTH_e2c76e4d27554fd5a4f85cce208b136f/gnocchi.69d3d9a4-7a71-4a7f-8b4d-76c40f05eacf/1763640000.0_mean_300.0_v3" "tx1ef9cade88b74576a06a3-0069295e45" "object-server 25" 0.0009 "-" 22 0
Nov 28 08:33:09 np0005538511 object-server[120729]: 172.20.0.104 - - [28/Nov/2025:08:33:09 +0000] "PUT /d1/274/AUTH_e2c76e4d27554fd5a4f85cce208b136f/gnocchi.69d3d9a4-7a71-4a7f-8b4d-76c40f05eacf/1763640000.0_mean_300.0_v3" 201 - "PUT http://172.18.0.197:8080/v1/AUTH_e2c76e4d27554fd5a4f85cce208b136f/gnocchi.69d3d9a4-7a71-4a7f-8b4d-76c40f05eacf/1763640000.0_mean_300.0_v3" "tx1ef9cade88b74576a06a3-0069295e45" "proxy-server 20" 0.0135 "-" 21 0
Nov 28 08:33:09 np0005538511 proxy-server[122064]: 172.18.0.105 172.18.0.104 28/Nov/2025/08/33/09 PUT /v1/AUTH_e2c76e4d27554fd5a4f85cce208b136f/gnocchi.69d3d9a4-7a71-4a7f-8b4d-76c40f05eacf/1763640000.0_mean_300.0_v3 HTTP/1.0 201 - python-swiftclient-3.11.1 gAAAAABpKV5EJeK-... 16 - - tx1ef9cade88b74576a06a3-0069295e45 - 0.0316 - - 1764318789.066913366 1764318789.098532200 0
Nov 28 08:33:09 np0005538511 container-server[120329]: 172.20.0.103 - - [28/Nov/2025:08:33:09 +0000] "PUT /d1/435/AUTH_e2c76e4d27554fd5a4f85cce208b136f/gnocchi.69d3d9a4-7a71-4a7f-8b4d-76c40f05eacf/none_v3" 201 - "PUT http://172.18.0.197:8080/d1/925/AUTH_e2c76e4d27554fd5a4f85cce208b136f/gnocchi.69d3d9a4-7a71-4a7f-8b4d-76c40f05eacf/none_v3" "tx90c5b0fbafda4fb99c6da-0069295e45" "object-server 25" 0.0008 "-" 21 0
Nov 28 08:33:09 np0005538511 object-server[120729]: 172.20.0.103 - - [28/Nov/2025:08:33:09 +0000] "PUT /d1/925/AUTH_e2c76e4d27554fd5a4f85cce208b136f/gnocchi.69d3d9a4-7a71-4a7f-8b4d-76c40f05eacf/none_v3" 201 - "PUT http://172.18.0.197:8080/v1/AUTH_e2c76e4d27554fd5a4f85cce208b136f/gnocchi.69d3d9a4-7a71-4a7f-8b4d-76c40f05eacf/none_v3" "tx90c5b0fbafda4fb99c6da-0069295e45" "proxy-server 20" 0.0131 "-" 21 0
Nov 28 08:33:12 np0005538511 object-server[120485]: Starting object replication pass.
Nov 28 08:33:12 np0005538511 object-server[120485]: 16/16 (100.00%) partitions replicated in 0.50s (31.76/sec, 0s remaining)
Nov 28 08:33:12 np0005538511 object-server[120485]: 32 successes, 0 failures
Nov 28 08:33:12 np0005538511 object-server[120485]: 16 suffixes checked - 87.50% hashed, 0.00% synced
Nov 28 08:33:12 np0005538511 object-server[120485]: Partition times: max 0.0394s, min 0.0084s, med 0.0340s
Nov 28 08:33:12 np0005538511 object-server[120485]: Object replication complete. (0.01 minutes)
Nov 28 08:33:13 np0005538511 object-server[213265]: Begin object audit "forever" mode (ZBF)
Nov 28 08:33:13 np0005538511 object-server[213266]: Begin object audit "forever" mode (ALL)
Nov 28 08:33:13 np0005538511 object-server[213265]: Object audit (ZBF). Since Fri Nov 28 08:33:13 2025: Locally: 1 passed, 0 quarantined, 0 errors, files/sec: 511.69, bytes/sec: 0.00, Total time: 0.00, Auditing time: 0.00, Rate: 0.00
Nov 28 08:33:13 np0005538511 object-server[213266]: Object audit (ALL). Since Fri Nov 28 08:33:13 2025: Locally: 1 passed, 0 quarantined, 0 errors, files/sec: 124.66, bytes/sec: 1994.62, Total time: 0.01, Auditing time: 0.00, Rate: 0.00
Nov 28 08:33:14 np0005538511 object-server[213265]: Object audit (ZBF) "forever" mode completed: 0.28s. Total quarantined: 0, Total errors: 0, Total files/sec: 56.47, Total bytes/sec: 0.00, Auditing time: 0.28, Rate: 0.98
Nov 28 08:33:14 np0005538511 object-server[213266]: Object audit (ALL) "forever" mode completed: 0.71s. Total quarantined: 0, Total errors: 0, Total files/sec: 22.54, Total bytes/sec: 442.36, Auditing time: 0.70, Rate: 0.99
Nov 28 08:33:27 np0005538511 account-server[119810]: Beginning replication run
Nov 28 08:33:27 np0005538511 account-server[119810]: Replication run OVER
Nov 28 08:33:27 np0005538511 account-server[119810]: Attempted to replicate 1 dbs in 0.02619 seconds (38.17570/s)
Nov 28 08:33:27 np0005538511 account-server[119810]: Removed 0 dbs
Nov 28 08:33:27 np0005538511 account-server[119810]: 2 successes, 0 failures
Nov 28 08:33:27 np0005538511 account-server[119810]: diff:0 diff_capped:0 empty:0 hashmatch:0 no_change:2 remote_merge:0 rsync:0 ts_repl:0
Nov 28 08:33:33 np0005538511 container-server[120011]: Beginning replication run
Nov 28 08:33:33 np0005538511 container-server[120011]: Replication run OVER
Nov 28 08:33:33 np0005538511 container-server[120011]: Attempted to replicate 8 dbs in 0.17919 seconds (44.64421/s)
Nov 28 08:33:33 np0005538511 container-server[120011]: Removed 0 dbs
Nov 28 08:33:33 np0005538511 container-server[120011]: 16 successes, 0 failures
Nov 28 08:33:33 np0005538511 container-server[120011]: diff:0 diff_capped:0 empty:0 hashmatch:0 no_change:16 remote_merge:0 rsync:0 ts_repl:0
Nov 28 08:33:42 np0005538511 object-server[120485]: Starting object replication pass.
Nov 28 08:33:42 np0005538511 object-server[120485]: 16/16 (100.00%) partitions replicated in 0.17s (94.27/sec, 0s remaining)
Nov 28 08:33:42 np0005538511 object-server[120485]: 32 successes, 0 failures
Nov 28 08:33:42 np0005538511 object-server[120485]: 16 suffixes checked - 0.00% hashed, 0.00% synced
Nov 28 08:33:42 np0005538511 object-server[120485]: Partition times: max 0.0161s, min 0.0079s, med 0.0096s
Nov 28 08:33:42 np0005538511 object-server[120485]: Object replication complete. (0.00 minutes)
Nov 28 08:33:44 np0005538511 object-server[213268]: Begin object audit "forever" mode (ZBF)
Nov 28 08:33:44 np0005538511 object-server[213268]: Object audit (ZBF). Since Fri Nov 28 08:33:44 2025: Locally: 1 passed, 0 quarantined, 0 errors, files/sec: 567.49, bytes/sec: 0.00, Total time: 0.00, Auditing time: 0.00, Rate: 0.00
Nov 28 08:33:44 np0005538511 object-server[213268]: Object audit (ZBF) "forever" mode completed: 0.28s. Total quarantined: 0, Total errors: 0, Total files/sec: 56.55, Total bytes/sec: 0.00, Auditing time: 0.28, Rate: 0.98
Nov 28 08:33:57 np0005538511 account-server[119810]: Beginning replication run
Nov 28 08:33:57 np0005538511 account-server[119810]: Replication run OVER
Nov 28 08:33:57 np0005538511 account-server[119810]: Attempted to replicate 1 dbs in 0.01930 seconds (51.82413/s)
Nov 28 08:33:57 np0005538511 account-server[119810]: Removed 0 dbs
Nov 28 08:33:57 np0005538511 account-server[119810]: 2 successes, 0 failures
Nov 28 08:33:57 np0005538511 account-server[119810]: diff:0 diff_capped:0 empty:0 hashmatch:0 no_change:2 remote_merge:0 rsync:0 ts_repl:0
Nov 28 08:34:03 np0005538511 container-server[120011]: Beginning replication run
Nov 28 08:34:03 np0005538511 container-server[120011]: Replication run OVER
Nov 28 08:34:03 np0005538511 container-server[120011]: Attempted to replicate 8 dbs in 0.15204 seconds (52.61745/s)
Nov 28 08:34:03 np0005538511 container-server[120011]: Removed 0 dbs
Nov 28 08:34:03 np0005538511 container-server[120011]: 16 successes, 0 failures
Nov 28 08:34:03 np0005538511 container-server[120011]: diff:0 diff_capped:0 empty:0 hashmatch:0 no_change:16 remote_merge:0 rsync:0 ts_repl:0
Nov 28 08:34:07 np0005538511 account-server[120221]: 172.20.0.105 - - [28/Nov/2025:08:34:07 +0000] "HEAD /d1/46/.expiring_objects" 404 - "HEAD http://localhost/v1/.expiring_objects?format=json" "txf68b74f2caf04dd695250-0069295e7f" "proxy-server 2" 0.0008 "-" 22 -
Nov 28 08:34:12 np0005538511 account-server[120218]: 172.20.0.104 - - [28/Nov/2025:08:34:12 +0000] "HEAD /d1/46/.expiring_objects" 404 - "HEAD http://localhost/v1/.expiring_objects?format=json" "txfa5e78c6b0e249d4a1fe1-0069295e84" "proxy-server 2" 0.0008 "-" 21 -
Nov 28 08:34:12 np0005538511 object-expirer[120428]: Pass completed in 0s; 0 objects expired (txn: txfa5e78c6b0e249d4a1fe1-0069295e84)
Nov 28 08:34:12 np0005538511 object-server[120485]: Starting object replication pass.
Nov 28 08:34:13 np0005538511 object-server[120485]: 16/16 (100.00%) partitions replicated in 0.17s (94.26/sec, 0s remaining)
Nov 28 08:34:13 np0005538511 object-server[120485]: 32 successes, 0 failures
Nov 28 08:34:13 np0005538511 object-server[120485]: 16 suffixes checked - 0.00% hashed, 0.00% synced
Nov 28 08:34:13 np0005538511 object-server[120485]: Partition times: max 0.0162s, min 0.0074s, med 0.0094s
Nov 28 08:34:13 np0005538511 object-server[120485]: Object replication complete. (0.00 minutes)
Nov 28 08:34:13 np0005538511 account-server[120230]: 172.20.0.103 - - [28/Nov/2025:08:34:13 +0000] "HEAD /d1/46/.expiring_objects" 404 - "HEAD http://localhost/v1/.expiring_objects?format=json" "tx68a64b62e1ed406b9c44b-0069295e85" "proxy-server 2" 0.0007 "-" 23 -
Nov 28 08:34:14 np0005538511 account-server[120218]: 172.20.0.105 - - [28/Nov/2025:08:34:14 +0000] "HEAD /d1/46/.expiring_objects" 404 - "HEAD http://localhost/v1/.expiring_objects?format=json" "txeaf98f235939432387308-0069295e86" "proxy-server 2" 0.0015 "-" 21 -
Nov 28 08:34:14 np0005538511 object-server[219253]: Begin object audit "forever" mode (ZBF)
Nov 28 08:34:14 np0005538511 object-server[219254]: Begin object audit "forever" mode (ALL)
Nov 28 08:34:14 np0005538511 object-server[219253]: Object audit (ZBF). Since Fri Nov 28 08:34:14 2025: Locally: 1 passed, 0 quarantined, 0 errors, files/sec: 559.39, bytes/sec: 0.00, Total time: 0.00, Auditing time: 0.00, Rate: 0.00
Nov 28 08:34:14 np0005538511 object-server[219254]: Object audit (ALL). Since Fri Nov 28 08:34:14 2025: Locally: 1 passed, 0 quarantined, 0 errors, files/sec: 108.28, bytes/sec: 1732.42, Total time: 0.01, Auditing time: 0.00, Rate: 0.00
Nov 28 08:34:14 np0005538511 object-server[219253]: Object audit (ZBF) "forever" mode completed: 0.28s. Total quarantined: 0, Total errors: 0, Total files/sec: 56.54, Total bytes/sec: 0.00, Auditing time: 0.28, Rate: 0.98
Nov 28 08:34:15 np0005538511 object-server[219254]: Object audit (ALL) "forever" mode completed: 0.71s. Total quarantined: 0, Total errors: 0, Total files/sec: 22.51, Total bytes/sec: 441.70, Auditing time: 0.70, Rate: 0.99
Nov 28 08:34:18 np0005538511 account-server[120215]: 172.20.0.105 - - [28/Nov/2025:08:34:18 +0000] "HEAD /d1/535/AUTH_e2c76e4d27554fd5a4f85cce208b136f" 204 - "HEAD http://172.18.0.197:8080/v1/AUTH_e2c76e4d27554fd5a4f85cce208b136f?format=json" "txf6039a5a05f94f9e8a62a-0069295e8a" "proxy-server 20" 0.0024 "-" 20 -
Nov 28 08:34:18 np0005538511 container-server[120341]: 172.20.0.105 - - [28/Nov/2025:08:34:18 +0000] "HEAD /d1/253/AUTH_e2c76e4d27554fd5a4f85cce208b136f/gnocchi.7b949dec-daa2-4106-9f8c-6beac0d84399" 404 - "HEAD http://172.18.0.197:8080/v1/AUTH_e2c76e4d27554fd5a4f85cce208b136f/gnocchi.7b949dec-daa2-4106-9f8c-6beac0d84399?format=json&states=listing" "txf6039a5a05f94f9e8a62a-0069295e8a" "proxy-server 20" 0.0010 "-" 22 0
Nov 28 08:34:18 np0005538511 container-server[120341]: 172.20.0.104 - - [28/Nov/2025:08:34:18 +0000] "HEAD /d1/706/AUTH_e2c76e4d27554fd5a4f85cce208b136f/gnocchi.5fd37d51-d442-4b07-bbe5-080c2e3c0d32" 404 - "HEAD http://172.18.0.197:8080/v1/AUTH_e2c76e4d27554fd5a4f85cce208b136f/gnocchi.5fd37d51-d442-4b07-bbe5-080c2e3c0d32?format=json&states=listing" "tx64b06e4b9585499e82d4b-0069295e8a" "proxy-server 20" 0.0005 "-" 22 0
Nov 28 08:34:18 np0005538511 object-server[120732]: 172.20.0.104 - - [28/Nov/2025:08:34:18 +0000] "GET /d1/158/AUTH_e2c76e4d27554fd5a4f85cce208b136f/gnocchi.5fd37d51-d442-4b07-bbe5-080c2e3c0d32/none_v3" 404 70 "GET http://172.18.0.197:8080/v1/AUTH_e2c76e4d27554fd5a4f85cce208b136f/gnocchi.5fd37d51-d442-4b07-bbe5-080c2e3c0d32/none_v3" "tx64b06e4b9585499e82d4b-0069295e8a" "proxy-server 20" 0.0013 "-" 22 0
Nov 28 08:34:18 np0005538511 container-server[120329]: 172.20.0.103 - - [28/Nov/2025:08:34:18 +0000] "HEAD /d1/831/AUTH_e2c76e4d27554fd5a4f85cce208b136f/gnocchi.b05f6e18-f773-481a-b203-583bf99b214d" 404 - "HEAD http://172.18.0.197:8080/v1/AUTH_e2c76e4d27554fd5a4f85cce208b136f/gnocchi.b05f6e18-f773-481a-b203-583bf99b214d?format=json&states=listing" "tx163fb975d5eb4d539189f-0069295e8a" "proxy-server 20" 0.0018 "-" 21 0
Nov 28 08:34:18 np0005538511 object-server[120735]: 172.20.0.105 - - [28/Nov/2025:08:34:18 +0000] "GET /d1/256/AUTH_e2c76e4d27554fd5a4f85cce208b136f/gnocchi.7b949dec-daa2-4106-9f8c-6beac0d84399/none_v3" 404 70 "GET http://172.18.0.197:8080/v1/AUTH_e2c76e4d27554fd5a4f85cce208b136f/gnocchi.7b949dec-daa2-4106-9f8c-6beac0d84399/none_v3" "txf6039a5a05f94f9e8a62a-0069295e8a" "proxy-server 20" 0.0005 "-" 24 0
Nov 28 08:34:18 np0005538511 proxy-server[122064]: 172.18.0.197 172.18.0.104 28/Nov/2025/08/34/18 GET /v1/AUTH_e2c76e4d27554fd5a4f85cce208b136f/gnocchi.5fd37d51-d442-4b07-bbe5-080c2e3c0d32/none_v3 HTTP/1.0 404 - python-swiftclient-3.11.1 gAAAAABpKV47sBxn... - 70 - tx64b06e4b9585499e82d4b-0069295e8a - 0.0601 - - 1764318858.575011015 1764318858.635156393 0
Nov 28 08:34:18 np0005538511 object-server[120734]: 172.20.0.103 - - [28/Nov/2025:08:34:18 +0000] "GET /d1/689/AUTH_e2c76e4d27554fd5a4f85cce208b136f/gnocchi.b05f6e18-f773-481a-b203-583bf99b214d/none_v3" 404 70 "GET http://172.18.0.197:8080/v1/AUTH_e2c76e4d27554fd5a4f85cce208b136f/gnocchi.b05f6e18-f773-481a-b203-583bf99b214d/none_v3" "tx163fb975d5eb4d539189f-0069295e8a" "proxy-server 20" 0.0005 "-" 23 0
Nov 28 08:34:18 np0005538511 account-server[120215]: 172.20.0.105 - - [28/Nov/2025:08:34:18 +0000] "PUT /d1/535/AUTH_e2c76e4d27554fd5a4f85cce208b136f/gnocchi.7b949dec-daa2-4106-9f8c-6beac0d84399" 201 - "PUT http://172.20.0.105:6001/d1/253/AUTH_e2c76e4d27554fd5a4f85cce208b136f/gnocchi.7b949dec-daa2-4106-9f8c-6beac0d84399" "tx63b8cb77e8564324a9b7f-0069295e8a" "container-server 21" 0.0023 "-" 20 0
Nov 28 08:34:18 np0005538511 container-server[120347]: 172.20.0.104 - - [28/Nov/2025:08:34:18 +0000] "PUT /d1/706/AUTH_e2c76e4d27554fd5a4f85cce208b136f/gnocchi.5fd37d51-d442-4b07-bbe5-080c2e3c0d32" 201 - "PUT http://172.18.0.197:8080/v1/AUTH_e2c76e4d27554fd5a4f85cce208b136f/gnocchi.5fd37d51-d442-4b07-bbe5-080c2e3c0d32" "txe47571c513c842f4a06b9-0069295e8a" "proxy-server 20" 0.0257 "-" 23 0
Nov 28 08:34:18 np0005538511 container-server[120329]: 172.20.0.105 - - [28/Nov/2025:08:34:18 +0000] "PUT /d1/253/AUTH_e2c76e4d27554fd5a4f85cce208b136f/gnocchi.7b949dec-daa2-4106-9f8c-6beac0d84399" 201 - "PUT http://172.18.0.197:8080/v1/AUTH_e2c76e4d27554fd5a4f85cce208b136f/gnocchi.7b949dec-daa2-4106-9f8c-6beac0d84399" "tx63b8cb77e8564324a9b7f-0069295e8a" "proxy-server 20" 0.0245 "-" 21 0
Nov 28 08:34:18 np0005538511 account-server[120230]: 172.20.0.104 - - [28/Nov/2025:08:34:18 +0000] "PUT /d1/535/AUTH_e2c76e4d27554fd5a4f85cce208b136f/gnocchi.b05f6e18-f773-481a-b203-583bf99b214d" 201 - "PUT http://172.20.0.104:6001/d1/831/AUTH_e2c76e4d27554fd5a4f85cce208b136f/gnocchi.b05f6e18-f773-481a-b203-583bf99b214d" "txfe07f7bbab9b40aa89e04-0069295e8a" "container-server 23" 0.0072 "-" 23 0
Nov 28 08:34:18 np0005538511 container-server[120347]: 172.20.0.103 - - [28/Nov/2025:08:34:18 +0000] "PUT /d1/831/AUTH_e2c76e4d27554fd5a4f85cce208b136f/gnocchi.b05f6e18-f773-481a-b203-583bf99b214d" 201 - "PUT http://172.18.0.197:8080/v1/AUTH_e2c76e4d27554fd5a4f85cce208b136f/gnocchi.b05f6e18-f773-481a-b203-583bf99b214d" "txfe07f7bbab9b40aa89e04-0069295e8a" "proxy-server 20" 0.0220 "-" 23 0
Nov 28 08:34:18 np0005538511 account-server[120221]: 172.20.0.103 - - [28/Nov/2025:08:34:18 +0000] "PUT /d1/535/AUTH_e2c76e4d27554fd5a4f85cce208b136f/gnocchi.5fd37d51-d442-4b07-bbe5-080c2e3c0d32" 201 - "PUT http://172.20.0.103:6001/d1/706/AUTH_e2c76e4d27554fd5a4f85cce208b136f/gnocchi.5fd37d51-d442-4b07-bbe5-080c2e3c0d32" "txe47571c513c842f4a06b9-0069295e8a" "container-server 22" 0.0173 "-" 22 0
Nov 28 08:34:18 np0005538511 proxy-server[122064]: 172.18.0.197 172.18.0.104 28/Nov/2025/08/34/18 PUT /v1/AUTH_e2c76e4d27554fd5a4f85cce208b136f/gnocchi.5fd37d51-d442-4b07-bbe5-080c2e3c0d32 HTTP/1.0 201 - python-swiftclient-3.11.1 gAAAAABpKV47sBxn... - - - txe47571c513c842f4a06b9-0069295e8a - 0.0550 - - 1764318858.639291048 1764318858.694315434 0
Nov 28 08:34:18 np0005538511 container-server[120325]: 172.20.0.105 - - [28/Nov/2025:08:34:18 +0000] "HEAD /d1/253/AUTH_e2c76e4d27554fd5a4f85cce208b136f/gnocchi.7b949dec-daa2-4106-9f8c-6beac0d84399" 204 - "HEAD http://172.18.0.197:8080/v1/AUTH_e2c76e4d27554fd5a4f85cce208b136f/gnocchi.7b949dec-daa2-4106-9f8c-6beac0d84399?format=json&states=listing" "tx5614604594c54c348afcc-0069295e8a" "proxy-server 20" 0.0025 "-" 20 0
Nov 28 08:34:18 np0005538511 container-server[120347]: 172.20.0.104 - - [28/Nov/2025:08:34:18 +0000] "HEAD /d1/706/AUTH_e2c76e4d27554fd5a4f85cce208b136f/gnocchi.5fd37d51-d442-4b07-bbe5-080c2e3c0d32" 204 - "HEAD http://172.18.0.197:8080/v1/AUTH_e2c76e4d27554fd5a4f85cce208b136f/gnocchi.5fd37d51-d442-4b07-bbe5-080c2e3c0d32?format=json&states=listing" "tx3f2742ddf8c54256ac769-0069295e8a" "proxy-server 20" 0.0021 "-" 23 0
Nov 28 08:34:18 np0005538511 proxy-server[122064]: - - 28/Nov/2025/08/34/18 HEAD /v1/AUTH_e2c76e4d27554fd5a4f85cce208b136f/gnocchi.5fd37d51-d442-4b07-bbe5-080c2e3c0d32%3Fformat%3Djson%26states%3Dlisting HTTP/1.0 204 - Swift - - - - tx3f2742ddf8c54256ac769-0069295e8a - 0.0070 RL - 1764318858.701737642 1764318858.708784580 0
Nov 28 08:34:18 np0005538511 container-server[120347]: 172.20.0.103 - - [28/Nov/2025:08:34:18 +0000] "HEAD /d1/831/AUTH_e2c76e4d27554fd5a4f85cce208b136f/gnocchi.b05f6e18-f773-481a-b203-583bf99b214d" 204 - "HEAD http://172.18.0.197:8080/v1/AUTH_e2c76e4d27554fd5a4f85cce208b136f/gnocchi.b05f6e18-f773-481a-b203-583bf99b214d?format=json&states=listing" "tx9d2ee2b264714d7392f2c-0069295e8a" "proxy-server 20" 0.0020 "-" 23 0
Nov 28 08:34:18 np0005538511 proxy-server[122064]: 172.18.0.197 172.18.0.104 28/Nov/2025/08/34/18 GET /v1/AUTH_e2c76e4d27554fd5a4f85cce208b136f/gnocchi.5fd37d51-d442-4b07-bbe5-080c2e3c0d32%3Fformat%3Djson%26states%3Dlisting HTTP/1.0 200 - python-swiftclient-3.11.1 gAAAAABpKV47sBxn... - 2 - tx3f2742ddf8c54256ac769-0069295e8a - 0.0213 - - 1764318858.699620247 1764318858.720945597 0
Nov 28 08:34:18 np0005538511 object-server[120732]: 172.20.0.105 - - [28/Nov/2025:08:34:18 +0000] "GET /d1/763/AUTH_e2c76e4d27554fd5a4f85cce208b136f/gnocchi.7b949dec-daa2-4106-9f8c-6beac0d84399/1763640000.0_mean_300.0_v3" 404 70 "GET http://172.18.0.197:8080/v1/AUTH_e2c76e4d27554fd5a4f85cce208b136f/gnocchi.7b949dec-daa2-4106-9f8c-6beac0d84399/1763640000.0_mean_300.0_v3" "txfeabf1f59bb04968b358d-0069295e8a" "proxy-server 20" 0.0008 "-" 22 0
Nov 28 08:34:18 np0005538511 object-server[120729]: 172.20.0.104 - - [28/Nov/2025:08:34:18 +0000] "GET /d1/377/AUTH_e2c76e4d27554fd5a4f85cce208b136f/gnocchi.5fd37d51-d442-4b07-bbe5-080c2e3c0d32/1763640000.0_mean_300.0_v3" 404 70 "GET http://172.18.0.197:8080/v1/AUTH_e2c76e4d27554fd5a4f85cce208b136f/gnocchi.5fd37d51-d442-4b07-bbe5-080c2e3c0d32/1763640000.0_mean_300.0_v3" "tx48e14817d4de4546b3f9a-0069295e8a" "proxy-server 20" 0.0005 "-" 21 0
Nov 28 08:34:18 np0005538511 object-server[120732]: 172.20.0.103 - - [28/Nov/2025:08:34:18 +0000] "GET /d1/482/AUTH_e2c76e4d27554fd5a4f85cce208b136f/gnocchi.b05f6e18-f773-481a-b203-583bf99b214d/1763640000.0_mean_300.0_v3" 404 70 "GET http://172.18.0.197:8080/v1/AUTH_e2c76e4d27554fd5a4f85cce208b136f/gnocchi.b05f6e18-f773-481a-b203-583bf99b214d/1763640000.0_mean_300.0_v3" "tx09261164103844f4acf1a-0069295e8a" "proxy-server 20" 0.0003 "-" 22 0
Nov 28 08:34:18 np0005538511 proxy-server[122064]: 172.18.0.197 172.18.0.104 28/Nov/2025/08/34/18 GET /v1/AUTH_e2c76e4d27554fd5a4f85cce208b136f/gnocchi.5fd37d51-d442-4b07-bbe5-080c2e3c0d32/1763640000.0_mean_300.0_v3 HTTP/1.0 404 - python-swiftclient-3.11.1 gAAAAABpKV47sBxn... - 70 - tx48e14817d4de4546b3f9a-0069295e8a - 0.0159 - - 1764318858.726892233 1764318858.742816687 0
Nov 28 08:34:18 np0005538511 container-server[120325]: 172.20.0.105 - - [28/Nov/2025:08:34:18 +0000] "PUT /d1/253/AUTH_e2c76e4d27554fd5a4f85cce208b136f/gnocchi.7b949dec-daa2-4106-9f8c-6beac0d84399/1763640000.0_mean_300.0_v3" 201 - "PUT http://172.18.0.197:8080/d1/763/AUTH_e2c76e4d27554fd5a4f85cce208b136f/gnocchi.7b949dec-daa2-4106-9f8c-6beac0d84399/1763640000.0_mean_300.0_v3" "tx6bb720a93f8545ecaa524-0069295e8a" "object-server 25" 0.0010 "-" 20 0
Nov 28 08:34:18 np0005538511 object-server[120732]: 172.20.0.105 - - [28/Nov/2025:08:34:18 +0000] "PUT /d1/763/AUTH_e2c76e4d27554fd5a4f85cce208b136f/gnocchi.7b949dec-daa2-4106-9f8c-6beac0d84399/1763640000.0_mean_300.0_v3" 201 - "PUT http://172.18.0.197:8080/v1/AUTH_e2c76e4d27554fd5a4f85cce208b136f/gnocchi.7b949dec-daa2-4106-9f8c-6beac0d84399/1763640000.0_mean_300.0_v3" "tx6bb720a93f8545ecaa524-0069295e8a" "proxy-server 20" 0.0215 "-" 22 0
Nov 28 08:34:18 np0005538511 container-server[120329]: 172.20.0.105 - - [28/Nov/2025:08:34:18 +0000] "PUT /d1/831/AUTH_e2c76e4d27554fd5a4f85cce208b136f/gnocchi.b05f6e18-f773-481a-b203-583bf99b214d/1763640000.0_mean_300.0_v3" 201 - "PUT http://172.18.0.197:8080/d1/482/AUTH_e2c76e4d27554fd5a4f85cce208b136f/gnocchi.b05f6e18-f773-481a-b203-583bf99b214d/1763640000.0_mean_300.0_v3" "txa3e656cb596c4f7587022-0069295e8a" "object-server 23" 0.0008 "-" 21 0
Nov 28 08:34:18 np0005538511 container-server[120347]: 172.20.0.104 - - [28/Nov/2025:08:34:18 +0000] "PUT /d1/706/AUTH_e2c76e4d27554fd5a4f85cce208b136f/gnocchi.5fd37d51-d442-4b07-bbe5-080c2e3c0d32/1763640000.0_mean_300.0_v3" 201 - "PUT http://172.18.0.197:8080/d1/377/AUTH_e2c76e4d27554fd5a4f85cce208b136f/gnocchi.5fd37d51-d442-4b07-bbe5-080c2e3c0d32/1763640000.0_mean_300.0_v3" "tx871905493ea34abcb81b4-0069295e8a" "object-server 22" 0.0008 "-" 23 0
Nov 28 08:34:18 np0005538511 object-server[120732]: 172.20.0.104 - - [28/Nov/2025:08:34:18 +0000] "PUT /d1/377/AUTH_e2c76e4d27554fd5a4f85cce208b136f/gnocchi.5fd37d51-d442-4b07-bbe5-080c2e3c0d32/1763640000.0_mean_300.0_v3" 201 - "PUT http://172.18.0.197:8080/v1/AUTH_e2c76e4d27554fd5a4f85cce208b136f/gnocchi.5fd37d51-d442-4b07-bbe5-080c2e3c0d32/1763640000.0_mean_300.0_v3" "tx871905493ea34abcb81b4-0069295e8a" "proxy-server 20" 0.0141 "-" 22 0
Nov 28 08:34:18 np0005538511 object-server[120732]: 172.20.0.103 - - [28/Nov/2025:08:34:18 +0000] "PUT /d1/482/AUTH_e2c76e4d27554fd5a4f85cce208b136f/gnocchi.b05f6e18-f773-481a-b203-583bf99b214d/1763640000.0_mean_300.0_v3" 201 - "PUT http://172.18.0.197:8080/v1/AUTH_e2c76e4d27554fd5a4f85cce208b136f/gnocchi.b05f6e18-f773-481a-b203-583bf99b214d/1763640000.0_mean_300.0_v3" "txa3e656cb596c4f7587022-0069295e8a" "proxy-server 20" 0.0133 "-" 22 0
Nov 28 08:34:18 np0005538511 proxy-server[122064]: 172.18.0.197 172.18.0.104 28/Nov/2025/08/34/18 PUT /v1/AUTH_e2c76e4d27554fd5a4f85cce208b136f/gnocchi.5fd37d51-d442-4b07-bbe5-080c2e3c0d32/1763640000.0_mean_300.0_v3 HTTP/1.0 201 - python-swiftclient-3.11.1 gAAAAABpKV47sBxn... 16 - - tx871905493ea34abcb81b4-0069295e8a - 0.0242 - - 1764318858.746443033 1764318858.770596504 0
Nov 28 08:34:18 np0005538511 container-server[120325]: 172.20.0.103 - - [28/Nov/2025:08:34:18 +0000] "PUT /d1/253/AUTH_e2c76e4d27554fd5a4f85cce208b136f/gnocchi.7b949dec-daa2-4106-9f8c-6beac0d84399/none_v3" 201 - "PUT http://172.18.0.197:8080/d1/256/AUTH_e2c76e4d27554fd5a4f85cce208b136f/gnocchi.7b949dec-daa2-4106-9f8c-6beac0d84399/none_v3" "tx0b3db9081f894cc68bd24-0069295e8a" "object-server 24" 0.0009 "-" 20 0
Nov 28 08:34:18 np0005538511 object-server[120734]: 172.20.0.105 - - [28/Nov/2025:08:34:18 +0000] "PUT /d1/256/AUTH_e2c76e4d27554fd5a4f85cce208b136f/gnocchi.7b949dec-daa2-4106-9f8c-6beac0d84399/none_v3" 201 - "PUT http://172.18.0.197:8080/v1/AUTH_e2c76e4d27554fd5a4f85cce208b136f/gnocchi.7b949dec-daa2-4106-9f8c-6beac0d84399/none_v3" "tx0b3db9081f894cc68bd24-0069295e8a" "proxy-server 20" 0.0166 "-" 23 0
Nov 28 08:34:18 np0005538511 object-server[120732]: 172.20.0.103 - - [28/Nov/2025:08:34:18 +0000] "PUT /d1/689/AUTH_e2c76e4d27554fd5a4f85cce208b136f/gnocchi.b05f6e18-f773-481a-b203-583bf99b214d/none_v3" 201 - "PUT http://172.18.0.197:8080/v1/AUTH_e2c76e4d27554fd5a4f85cce208b136f/gnocchi.b05f6e18-f773-481a-b203-583bf99b214d/none_v3" "tx2c1c9030c2e243c0a4fe0-0069295e8a" "proxy-server 20" 0.0122 "-" 22 0
Nov 28 08:34:18 np0005538511 container-server[120325]: 172.20.0.103 - - [28/Nov/2025:08:34:18 +0000] "PUT /d1/831/AUTH_e2c76e4d27554fd5a4f85cce208b136f/gnocchi.b05f6e18-f773-481a-b203-583bf99b214d/none_v3" 201 - "PUT http://172.18.0.197:8080/d1/689/AUTH_e2c76e4d27554fd5a4f85cce208b136f/gnocchi.b05f6e18-f773-481a-b203-583bf99b214d/none_v3" "tx2c1c9030c2e243c0a4fe0-0069295e8a" "object-server 24" 0.0007 "-" 20 0
Nov 28 08:34:18 np0005538511 container-server[120341]: 172.20.0.104 - - [28/Nov/2025:08:34:18 +0000] "PUT /d1/706/AUTH_e2c76e4d27554fd5a4f85cce208b136f/gnocchi.5fd37d51-d442-4b07-bbe5-080c2e3c0d32/none_v3" 201 - "PUT http://172.18.0.197:8080/d1/158/AUTH_e2c76e4d27554fd5a4f85cce208b136f/gnocchi.5fd37d51-d442-4b07-bbe5-080c2e3c0d32/none_v3" "tx22884b4fc5eb4c93a543e-0069295e8a" "object-server 21" 0.0007 "-" 22 0
Nov 28 08:34:18 np0005538511 object-server[120729]: 172.20.0.104 - - [28/Nov/2025:08:34:18 +0000] "PUT /d1/158/AUTH_e2c76e4d27554fd5a4f85cce208b136f/gnocchi.5fd37d51-d442-4b07-bbe5-080c2e3c0d32/none_v3" 201 - "PUT http://172.18.0.197:8080/v1/AUTH_e2c76e4d27554fd5a4f85cce208b136f/gnocchi.5fd37d51-d442-4b07-bbe5-080c2e3c0d32/none_v3" "tx22884b4fc5eb4c93a543e-0069295e8a" "proxy-server 20" 0.0162 "-" 21 0
Nov 28 08:34:18 np0005538511 proxy-server[122064]: 172.18.0.197 172.18.0.104 28/Nov/2025/08/34/18 PUT /v1/AUTH_e2c76e4d27554fd5a4f85cce208b136f/gnocchi.5fd37d51-d442-4b07-bbe5-080c2e3c0d32/none_v3 HTTP/1.0 201 - python-swiftclient-3.11.1 gAAAAABpKV47sBxn... 22 - - tx22884b4fc5eb4c93a543e-0069295e8a - 0.0376 - - 1764318858.775071383 1764318858.812681437 0
Nov 28 08:34:18 np0005538511 container-server[120329]: 172.20.0.103 - - [28/Nov/2025:08:34:18 +0000] "HEAD /d1/160/AUTH_e2c76e4d27554fd5a4f85cce208b136f/gnocchi.cd6579fb-991d-4443-9aba-0b95219eb447" 404 - "HEAD http://172.18.0.197:8080/v1/AUTH_e2c76e4d27554fd5a4f85cce208b136f/gnocchi.cd6579fb-991d-4443-9aba-0b95219eb447?format=json&states=listing" "tx79db62bb217e4713abd26-0069295e8a" "proxy-server 20" 0.0006 "-" 21 0
Nov 28 08:34:18 np0005538511 container-server[120325]: 172.20.0.105 - - [28/Nov/2025:08:34:18 +0000] "HEAD /d1/293/AUTH_e2c76e4d27554fd5a4f85cce208b136f/gnocchi.cff1c426-26ad-4c2f-bbfb-cf7808f4ddba" 404 - "HEAD http://172.18.0.197:8080/v1/AUTH_e2c76e4d27554fd5a4f85cce208b136f/gnocchi.cff1c426-26ad-4c2f-bbfb-cf7808f4ddba?format=json&states=listing" "tx619487c9f338486f99b2c-0069295e8a" "proxy-server 20" 0.0005 "-" 20 0
Nov 28 08:34:18 np0005538511 object-server[120734]: 172.20.0.103 - - [28/Nov/2025:08:34:18 +0000] "GET /d1/29/AUTH_e2c76e4d27554fd5a4f85cce208b136f/gnocchi.cd6579fb-991d-4443-9aba-0b95219eb447/none_v3" 404 70 "GET http://172.18.0.197:8080/v1/AUTH_e2c76e4d27554fd5a4f85cce208b136f/gnocchi.cd6579fb-991d-4443-9aba-0b95219eb447/none_v3" "tx79db62bb217e4713abd26-0069295e8a" "proxy-server 20" 0.0006 "-" 23 0
Nov 28 08:34:18 np0005538511 container-server[120325]: 172.20.0.104 - - [28/Nov/2025:08:34:18 +0000] "HEAD /d1/572/AUTH_e2c76e4d27554fd5a4f85cce208b136f/gnocchi.59b94bd8-604d-4756-a0ea-d604c290d93c" 404 - "HEAD http://172.18.0.197:8080/v1/AUTH_e2c76e4d27554fd5a4f85cce208b136f/gnocchi.59b94bd8-604d-4756-a0ea-d604c290d93c?format=json&states=listing" "tx4146c5fe509e4699b5216-0069295e8a" "proxy-server 20" 0.0006 "-" 20 0
Nov 28 08:34:18 np0005538511 object-server[120732]: 172.20.0.105 - - [28/Nov/2025:08:34:18 +0000] "GET /d1/11/AUTH_e2c76e4d27554fd5a4f85cce208b136f/gnocchi.cff1c426-26ad-4c2f-bbfb-cf7808f4ddba/none_v3" 404 70 "GET http://172.18.0.197:8080/v1/AUTH_e2c76e4d27554fd5a4f85cce208b136f/gnocchi.cff1c426-26ad-4c2f-bbfb-cf7808f4ddba/none_v3" "tx619487c9f338486f99b2c-0069295e8a" "proxy-server 20" 0.0004 "-" 22 0
Nov 28 08:34:18 np0005538511 object-server[120735]: 172.20.0.104 - - [28/Nov/2025:08:34:18 +0000] "GET /d1/933/AUTH_e2c76e4d27554fd5a4f85cce208b136f/gnocchi.59b94bd8-604d-4756-a0ea-d604c290d93c/none_v3" 404 70 "GET http://172.18.0.197:8080/v1/AUTH_e2c76e4d27554fd5a4f85cce208b136f/gnocchi.59b94bd8-604d-4756-a0ea-d604c290d93c/none_v3" "tx4146c5fe509e4699b5216-0069295e8a" "proxy-server 20" 0.0005 "-" 24 0
Nov 28 08:34:18 np0005538511 proxy-server[122064]: 172.18.0.197 172.18.0.104 28/Nov/2025/08/34/18 GET /v1/AUTH_e2c76e4d27554fd5a4f85cce208b136f/gnocchi.59b94bd8-604d-4756-a0ea-d604c290d93c/none_v3 HTTP/1.0 404 - python-swiftclient-3.11.1 gAAAAABpKV47sBxn... - 70 - tx4146c5fe509e4699b5216-0069295e8a - 0.0350 - - 1764318858.836401939 1764318858.871383905 0
Nov 28 08:34:18 np0005538511 account-server[120215]: 172.20.0.103 - - [28/Nov/2025:08:34:18 +0000] "PUT /d1/535/AUTH_e2c76e4d27554fd5a4f85cce208b136f/gnocchi.cff1c426-26ad-4c2f-bbfb-cf7808f4ddba" 201 - "PUT http://172.20.0.103:6001/d1/293/AUTH_e2c76e4d27554fd5a4f85cce208b136f/gnocchi.cff1c426-26ad-4c2f-bbfb-cf7808f4ddba" "txc9aafd5852934faa8a7e0-0069295e8a" "container-server 20" 0.0068 "-" 20 0
Nov 28 08:34:18 np0005538511 container-server[120341]: 172.20.0.105 - - [28/Nov/2025:08:34:18 +0000] "PUT /d1/293/AUTH_e2c76e4d27554fd5a4f85cce208b136f/gnocchi.cff1c426-26ad-4c2f-bbfb-cf7808f4ddba" 201 - "PUT http://172.18.0.197:8080/v1/AUTH_e2c76e4d27554fd5a4f85cce208b136f/gnocchi.cff1c426-26ad-4c2f-bbfb-cf7808f4ddba" "txc9aafd5852934faa8a7e0-0069295e8a" "proxy-server 20" 0.0265 "-" 22 0
Nov 28 08:34:18 np0005538511 account-server[120221]: 172.20.0.104 - - [28/Nov/2025:08:34:18 +0000] "PUT /d1/535/AUTH_e2c76e4d27554fd5a4f85cce208b136f/gnocchi.cd6579fb-991d-4443-9aba-0b95219eb447" 201 - "PUT http://172.20.0.104:6001/d1/160/AUTH_e2c76e4d27554fd5a4f85cce208b136f/gnocchi.cd6579fb-991d-4443-9aba-0b95219eb447" "tx9904036febeb405189bd0-0069295e8a" "container-server 20" 0.0159 "-" 22 0
Nov 28 08:34:18 np0005538511 container-server[120325]: 172.20.0.103 - - [28/Nov/2025:08:34:18 +0000] "PUT /d1/160/AUTH_e2c76e4d27554fd5a4f85cce208b136f/gnocchi.cd6579fb-991d-4443-9aba-0b95219eb447" 201 - "PUT http://172.18.0.197:8080/v1/AUTH_e2c76e4d27554fd5a4f85cce208b136f/gnocchi.cd6579fb-991d-4443-9aba-0b95219eb447" "tx9904036febeb405189bd0-0069295e8a" "proxy-server 20" 0.0373 "-" 20 0
Nov 28 08:34:18 np0005538511 container-server[120341]: 172.20.0.104 - - [28/Nov/2025:08:34:18 +0000] "PUT /d1/572/AUTH_e2c76e4d27554fd5a4f85cce208b136f/gnocchi.59b94bd8-604d-4756-a0ea-d604c290d93c" 201 - "PUT http://172.18.0.197:8080/v1/AUTH_e2c76e4d27554fd5a4f85cce208b136f/gnocchi.59b94bd8-604d-4756-a0ea-d604c290d93c" "tx415460766add413593e65-0069295e8a" "proxy-server 20" 0.0212 "-" 22 0
Nov 28 08:34:18 np0005538511 account-server[120230]: 172.20.0.103 - - [28/Nov/2025:08:34:18 +0000] "PUT /d1/535/AUTH_e2c76e4d27554fd5a4f85cce208b136f/gnocchi.59b94bd8-604d-4756-a0ea-d604c290d93c" 201 - "PUT http://172.20.0.103:6001/d1/572/AUTH_e2c76e4d27554fd5a4f85cce208b136f/gnocchi.59b94bd8-604d-4756-a0ea-d604c290d93c" "tx415460766add413593e65-0069295e8a" "container-server 23" 0.0160 "-" 23 0
Nov 28 08:34:18 np0005538511 container-server[120325]: 172.20.0.103 - - [28/Nov/2025:08:34:18 +0000] "HEAD /d1/160/AUTH_e2c76e4d27554fd5a4f85cce208b136f/gnocchi.cd6579fb-991d-4443-9aba-0b95219eb447" 204 - "HEAD http://172.18.0.197:8080/v1/AUTH_e2c76e4d27554fd5a4f85cce208b136f/gnocchi.cd6579fb-991d-4443-9aba-0b95219eb447?format=json&states=listing" "tx5a4e72f18d784734a4f7d-0069295e8a" "proxy-server 20" 0.0015 "-" 20 0
Nov 28 08:34:18 np0005538511 proxy-server[122064]: 172.18.0.197 172.18.0.104 28/Nov/2025/08/34/18 PUT /v1/AUTH_e2c76e4d27554fd5a4f85cce208b136f/gnocchi.59b94bd8-604d-4756-a0ea-d604c290d93c HTTP/1.0 201 - python-swiftclient-3.11.1 gAAAAABpKV47sBxn... - - - tx415460766add413593e65-0069295e8a - 0.0589 - - 1764318858.876188517 1764318858.935107231 0
Nov 28 08:34:18 np0005538511 container-server[120325]: 172.20.0.103 - - [28/Nov/2025:08:34:18 +0000] "GET /d1/160/AUTH_e2c76e4d27554fd5a4f85cce208b136f/gnocchi.cd6579fb-991d-4443-9aba-0b95219eb447" 200 2 "GET http://172.18.0.197:8080/v1/AUTH_e2c76e4d27554fd5a4f85cce208b136f/gnocchi.cd6579fb-991d-4443-9aba-0b95219eb447?format=json&states=listing" "tx5a4e72f18d784734a4f7d-0069295e8a" "proxy-server 20" 0.0027 "-" 20 0
Nov 28 08:34:18 np0005538511 container-server[120347]: 172.20.0.104 - - [28/Nov/2025:08:34:18 +0000] "HEAD /d1/572/AUTH_e2c76e4d27554fd5a4f85cce208b136f/gnocchi.59b94bd8-604d-4756-a0ea-d604c290d93c" 204 - "HEAD http://172.18.0.197:8080/v1/AUTH_e2c76e4d27554fd5a4f85cce208b136f/gnocchi.59b94bd8-604d-4756-a0ea-d604c290d93c?format=json&states=listing" "txb1c041dd881d4b7e85137-0069295e8a" "proxy-server 20" 0.0022 "-" 23 0
Nov 28 08:34:18 np0005538511 object-server[120732]: 172.20.0.105 - - [28/Nov/2025:08:34:18 +0000] "GET /d1/208/AUTH_e2c76e4d27554fd5a4f85cce208b136f/gnocchi.cff1c426-26ad-4c2f-bbfb-cf7808f4ddba/1763640000.0_mean_300.0_v3" 404 70 "GET http://172.18.0.197:8080/v1/AUTH_e2c76e4d27554fd5a4f85cce208b136f/gnocchi.cff1c426-26ad-4c2f-bbfb-cf7808f4ddba/1763640000.0_mean_300.0_v3" "tx2be658845a614dcd95cb2-0069295e8a" "proxy-server 20" 0.0003 "-" 22 0
Nov 28 08:34:18 np0005538511 proxy-server[122064]: - - 28/Nov/2025/08/34/18 HEAD /v1/AUTH_e2c76e4d27554fd5a4f85cce208b136f/gnocchi.59b94bd8-604d-4756-a0ea-d604c290d93c%3Fformat%3Djson%26states%3Dlisting HTTP/1.0 204 - Swift - - - - txb1c041dd881d4b7e85137-0069295e8a - 0.0075 RL - 1764318858.943262100 1764318858.950779438 0
Nov 28 08:34:18 np0005538511 object-server[120735]: 172.20.0.103 - - [28/Nov/2025:08:34:18 +0000] "GET /d1/31/AUTH_e2c76e4d27554fd5a4f85cce208b136f/gnocchi.cd6579fb-991d-4443-9aba-0b95219eb447/1763640000.0_mean_300.0_v3" 404 70 "GET http://172.18.0.197:8080/v1/AUTH_e2c76e4d27554fd5a4f85cce208b136f/gnocchi.cd6579fb-991d-4443-9aba-0b95219eb447/1763640000.0_mean_300.0_v3" "tx8e3b4c62f8e34a459a8b4-0069295e8a" "proxy-server 20" 0.0005 "-" 24 0
Nov 28 08:34:18 np0005538511 proxy-server[122064]: 172.18.0.197 172.18.0.104 28/Nov/2025/08/34/18 GET /v1/AUTH_e2c76e4d27554fd5a4f85cce208b136f/gnocchi.59b94bd8-604d-4756-a0ea-d604c290d93c%3Fformat%3Djson%26states%3Dlisting HTTP/1.0 200 - python-swiftclient-3.11.1 gAAAAABpKV47sBxn... - 2 - txb1c041dd881d4b7e85137-0069295e8a - 0.0249 - - 1764318858.940968752 1764318858.965918064 0
Nov 28 08:34:18 np0005538511 container-server[120329]: 172.20.0.105 - - [28/Nov/2025:08:34:18 +0000] "PUT /d1/293/AUTH_e2c76e4d27554fd5a4f85cce208b136f/gnocchi.cff1c426-26ad-4c2f-bbfb-cf7808f4ddba/1763640000.0_mean_300.0_v3" 201 - "PUT http://172.18.0.197:8080/d1/208/AUTH_e2c76e4d27554fd5a4f85cce208b136f/gnocchi.cff1c426-26ad-4c2f-bbfb-cf7808f4ddba/1763640000.0_mean_300.0_v3" "tx090a035f461b4e9f89d23-0069295e8a" "object-server 25" 0.0009 "-" 21 0
Nov 28 08:34:18 np0005538511 object-server[120729]: 172.20.0.105 - - [28/Nov/2025:08:34:18 +0000] "PUT /d1/208/AUTH_e2c76e4d27554fd5a4f85cce208b136f/gnocchi.cff1c426-26ad-4c2f-bbfb-cf7808f4ddba/1763640000.0_mean_300.0_v3" 201 - "PUT http://172.18.0.197:8080/v1/AUTH_e2c76e4d27554fd5a4f85cce208b136f/gnocchi.cff1c426-26ad-4c2f-bbfb-cf7808f4ddba/1763640000.0_mean_300.0_v3" "tx090a035f461b4e9f89d23-0069295e8a" "proxy-server 20" 0.0165 "-" 21 0
Nov 28 08:34:18 np0005538511 object-server[120734]: 172.20.0.104 - - [28/Nov/2025:08:34:18 +0000] "GET /d1/308/AUTH_e2c76e4d27554fd5a4f85cce208b136f/gnocchi.59b94bd8-604d-4756-a0ea-d604c290d93c/1763640000.0_mean_300.0_v3" 404 70 "GET http://172.18.0.197:8080/v1/AUTH_e2c76e4d27554fd5a4f85cce208b136f/gnocchi.59b94bd8-604d-4756-a0ea-d604c290d93c/1763640000.0_mean_300.0_v3" "txee62080eac204d1ca870a-0069295e8a" "proxy-server 20" 0.0005 "-" 23 0
Nov 28 08:34:18 np0005538511 proxy-server[122064]: 172.18.0.197 172.18.0.104 28/Nov/2025/08/34/18 GET /v1/AUTH_e2c76e4d27554fd5a4f85cce208b136f/gnocchi.59b94bd8-604d-4756-a0ea-d604c290d93c/1763640000.0_mean_300.0_v3 HTTP/1.0 404 - python-swiftclient-3.11.1 gAAAAABpKV47sBxn... - 70 - txee62080eac204d1ca870a-0069295e8a - 0.0218 - - 1764318858.972741604 1764318858.994525671 0
Nov 28 08:34:18 np0005538511 container-server[120341]: 172.20.0.104 - - [28/Nov/2025:08:34:18 +0000] "PUT /d1/160/AUTH_e2c76e4d27554fd5a4f85cce208b136f/gnocchi.cd6579fb-991d-4443-9aba-0b95219eb447/1763640000.0_mean_300.0_v3" 201 - "PUT http://172.18.0.197:8080/d1/31/AUTH_e2c76e4d27554fd5a4f85cce208b136f/gnocchi.cd6579fb-991d-4443-9aba-0b95219eb447/1763640000.0_mean_300.0_v3" "tx0b4a2d1dc40c4f2388abc-0069295e8a" "object-server 24" 0.0014 "-" 22 0
Nov 28 08:34:19 np0005538511 object-server[120735]: 172.20.0.103 - - [28/Nov/2025:08:34:18 +0000] "PUT /d1/31/AUTH_e2c76e4d27554fd5a4f85cce208b136f/gnocchi.cd6579fb-991d-4443-9aba-0b95219eb447/1763640000.0_mean_300.0_v3" 201 - "PUT http://172.18.0.197:8080/v1/AUTH_e2c76e4d27554fd5a4f85cce208b136f/gnocchi.cd6579fb-991d-4443-9aba-0b95219eb447/1763640000.0_mean_300.0_v3" "tx0b4a2d1dc40c4f2388abc-0069295e8a" "proxy-server 20" 0.0133 "-" 24 0
Nov 28 08:34:19 np0005538511 container-server[120325]: 172.20.0.104 - - [28/Nov/2025:08:34:19 +0000] "PUT /d1/293/AUTH_e2c76e4d27554fd5a4f85cce208b136f/gnocchi.cff1c426-26ad-4c2f-bbfb-cf7808f4ddba/none_v3" 201 - "PUT http://172.18.0.197:8080/d1/11/AUTH_e2c76e4d27554fd5a4f85cce208b136f/gnocchi.cff1c426-26ad-4c2f-bbfb-cf7808f4ddba/none_v3" "txe082ac2a02ad4312b4a31-0069295e8b" "object-server 21" 0.0009 "-" 20 0
Nov 28 08:34:19 np0005538511 object-server[120729]: 172.20.0.105 - - [28/Nov/2025:08:34:19 +0000] "PUT /d1/11/AUTH_e2c76e4d27554fd5a4f85cce208b136f/gnocchi.cff1c426-26ad-4c2f-bbfb-cf7808f4ddba/none_v3" 201 - "PUT http://172.18.0.197:8080/v1/AUTH_e2c76e4d27554fd5a4f85cce208b136f/gnocchi.cff1c426-26ad-4c2f-bbfb-cf7808f4ddba/none_v3" "txe082ac2a02ad4312b4a31-0069295e8b" "proxy-server 20" 0.0160 "-" 21 0
Nov 28 08:34:19 np0005538511 container-server[120329]: 172.20.0.103 - - [28/Nov/2025:08:34:19 +0000] "PUT /d1/572/AUTH_e2c76e4d27554fd5a4f85cce208b136f/gnocchi.59b94bd8-604d-4756-a0ea-d604c290d93c/1763640000.0_mean_300.0_v3" 201 - "PUT http://172.18.0.197:8080/d1/308/AUTH_e2c76e4d27554fd5a4f85cce208b136f/gnocchi.59b94bd8-604d-4756-a0ea-d604c290d93c/1763640000.0_mean_300.0_v3" "tx28968bbf1cb64b0a834d4-0069295e8a" "object-server 23" 0.0008 "-" 21 0
Nov 28 08:34:19 np0005538511 object-server[120732]: 172.20.0.104 - - [28/Nov/2025:08:34:19 +0000] "PUT /d1/308/AUTH_e2c76e4d27554fd5a4f85cce208b136f/gnocchi.59b94bd8-604d-4756-a0ea-d604c290d93c/1763640000.0_mean_300.0_v3" 201 - "PUT http://172.18.0.197:8080/v1/AUTH_e2c76e4d27554fd5a4f85cce208b136f/gnocchi.59b94bd8-604d-4756-a0ea-d604c290d93c/1763640000.0_mean_300.0_v3" "tx28968bbf1cb64b0a834d4-0069295e8a" "proxy-server 20" 0.0190 "-" 22 0
Nov 28 08:34:19 np0005538511 proxy-server[122064]: 172.18.0.197 172.18.0.104 28/Nov/2025/08/34/19 PUT /v1/AUTH_e2c76e4d27554fd5a4f85cce208b136f/gnocchi.59b94bd8-604d-4756-a0ea-d604c290d93c/1763640000.0_mean_300.0_v3 HTTP/1.0 201 - python-swiftclient-3.11.1 gAAAAABpKV47sBxn... 16 - - tx28968bbf1cb64b0a834d4-0069295e8a - 0.0343 - - 1764318858.999819040 1764318859.034142494 0
Nov 28 08:34:19 np0005538511 object-server[120732]: 172.20.0.103 - - [28/Nov/2025:08:34:19 +0000] "PUT /d1/29/AUTH_e2c76e4d27554fd5a4f85cce208b136f/gnocchi.cd6579fb-991d-4443-9aba-0b95219eb447/none_v3" 201 - "PUT http://172.18.0.197:8080/v1/AUTH_e2c76e4d27554fd5a4f85cce208b136f/gnocchi.cd6579fb-991d-4443-9aba-0b95219eb447/none_v3" "tx44f9e944dc174b8e984ea-0069295e8b" "proxy-server 20" 0.0122 "-" 22 0
Nov 28 08:34:19 np0005538511 container-server[120325]: 172.20.0.103 - - [28/Nov/2025:08:34:19 +0000] "PUT /d1/160/AUTH_e2c76e4d27554fd5a4f85cce208b136f/gnocchi.cd6579fb-991d-4443-9aba-0b95219eb447/none_v3" 201 - "PUT http://172.18.0.197:8080/d1/29/AUTH_e2c76e4d27554fd5a4f85cce208b136f/gnocchi.cd6579fb-991d-4443-9aba-0b95219eb447/none_v3" "tx44f9e944dc174b8e984ea-0069295e8b" "object-server 23" 0.0005 "-" 20 0
Nov 28 08:34:19 np0005538511 container-server[120341]: 172.20.0.105 - - [28/Nov/2025:08:34:19 +0000] "HEAD /d1/196/AUTH_e2c76e4d27554fd5a4f85cce208b136f/gnocchi.547cef1d-702d-4b82-8ce7-75fa4b1b728d" 404 - "HEAD http://172.18.0.197:8080/v1/AUTH_e2c76e4d27554fd5a4f85cce208b136f/gnocchi.547cef1d-702d-4b82-8ce7-75fa4b1b728d?format=json&states=listing" "tx9231c53d9eac4022962fa-0069295e8b" "proxy-server 20" 0.0005 "-" 22 0
Nov 28 08:34:19 np0005538511 object-server[120732]: 172.20.0.105 - - [28/Nov/2025:08:34:19 +0000] "GET /d1/760/AUTH_e2c76e4d27554fd5a4f85cce208b136f/gnocchi.547cef1d-702d-4b82-8ce7-75fa4b1b728d/none_v3" 404 70 "GET http://172.18.0.197:8080/v1/AUTH_e2c76e4d27554fd5a4f85cce208b136f/gnocchi.547cef1d-702d-4b82-8ce7-75fa4b1b728d/none_v3" "tx9231c53d9eac4022962fa-0069295e8b" "proxy-server 20" 0.0004 "-" 22 0
Nov 28 08:34:19 np0005538511 container-server[120347]: 172.20.0.104 - - [28/Nov/2025:08:34:19 +0000] "PUT /d1/572/AUTH_e2c76e4d27554fd5a4f85cce208b136f/gnocchi.59b94bd8-604d-4756-a0ea-d604c290d93c/none_v3" 201 - "PUT http://172.18.0.197:8080/d1/933/AUTH_e2c76e4d27554fd5a4f85cce208b136f/gnocchi.59b94bd8-604d-4756-a0ea-d604c290d93c/none_v3" "tx7c022f7b3b8b4e258bf65-0069295e8b" "object-server 24" 0.0005 "-" 23 0
Nov 28 08:34:19 np0005538511 object-server[120735]: 172.20.0.104 - - [28/Nov/2025:08:34:19 +0000] "PUT /d1/933/AUTH_e2c76e4d27554fd5a4f85cce208b136f/gnocchi.59b94bd8-604d-4756-a0ea-d604c290d93c/none_v3" 201 - "PUT http://172.18.0.197:8080/v1/AUTH_e2c76e4d27554fd5a4f85cce208b136f/gnocchi.59b94bd8-604d-4756-a0ea-d604c290d93c/none_v3" "tx7c022f7b3b8b4e258bf65-0069295e8b" "proxy-server 20" 0.0113 "-" 24 0
Nov 28 08:34:19 np0005538511 container-server[120329]: 172.20.0.103 - - [28/Nov/2025:08:34:19 +0000] "HEAD /d1/298/AUTH_e2c76e4d27554fd5a4f85cce208b136f/gnocchi.19ba5cf6-206e-46fa-82bd-912eb11d504b" 404 - "HEAD http://172.18.0.197:8080/v1/AUTH_e2c76e4d27554fd5a4f85cce208b136f/gnocchi.19ba5cf6-206e-46fa-82bd-912eb11d504b?format=json&states=listing" "tx4cefac05a4754593a7d68-0069295e8b" "proxy-server 20" 0.0006 "-" 21 0
Nov 28 08:34:19 np0005538511 proxy-server[122064]: 172.18.0.197 172.18.0.104 28/Nov/2025/08/34/19 PUT /v1/AUTH_e2c76e4d27554fd5a4f85cce208b136f/gnocchi.59b94bd8-604d-4756-a0ea-d604c290d93c/none_v3 HTTP/1.0 201 - python-swiftclient-3.11.1 gAAAAABpKV47sBxn... 22 - - tx7c022f7b3b8b4e258bf65-0069295e8b - 0.0283 - - 1764318859.039472818 1764318859.067754269 0
Nov 28 08:34:19 np0005538511 object-server[120734]: 172.20.0.103 - - [28/Nov/2025:08:34:19 +0000] "GET /d1/231/AUTH_e2c76e4d27554fd5a4f85cce208b136f/gnocchi.19ba5cf6-206e-46fa-82bd-912eb11d504b/none_v3" 404 70 "GET http://172.18.0.197:8080/v1/AUTH_e2c76e4d27554fd5a4f85cce208b136f/gnocchi.19ba5cf6-206e-46fa-82bd-912eb11d504b/none_v3" "tx4cefac05a4754593a7d68-0069295e8b" "proxy-server 20" 0.0003 "-" 23 0
Nov 28 08:34:19 np0005538511 account-server[120218]: 172.20.0.103 - - [28/Nov/2025:08:34:19 +0000] "PUT /d1/535/AUTH_e2c76e4d27554fd5a4f85cce208b136f/gnocchi.547cef1d-702d-4b82-8ce7-75fa4b1b728d" 201 - "PUT http://172.20.0.103:6001/d1/196/AUTH_e2c76e4d27554fd5a4f85cce208b136f/gnocchi.547cef1d-702d-4b82-8ce7-75fa4b1b728d" "tx0aaeb7ec6ca34c378c4f8-0069295e8b" "container-server 22" 0.0063 "-" 21 0
Nov 28 08:34:19 np0005538511 container-server[120329]: 172.20.0.105 - - [28/Nov/2025:08:34:19 +0000] "PUT /d1/196/AUTH_e2c76e4d27554fd5a4f85cce208b136f/gnocchi.547cef1d-702d-4b82-8ce7-75fa4b1b728d" 201 - "PUT http://172.18.0.197:8080/v1/AUTH_e2c76e4d27554fd5a4f85cce208b136f/gnocchi.547cef1d-702d-4b82-8ce7-75fa4b1b728d" "tx0aaeb7ec6ca34c378c4f8-0069295e8b" "proxy-server 20" 0.0215 "-" 21 0
Nov 28 08:34:19 np0005538511 container-server[120341]: 172.20.0.104 - - [28/Nov/2025:08:34:19 +0000] "HEAD /d1/844/AUTH_e2c76e4d27554fd5a4f85cce208b136f/gnocchi.e7808e08-cb0c-4239-94c4-f4d83524641c" 404 - "HEAD http://172.18.0.197:8080/v1/AUTH_e2c76e4d27554fd5a4f85cce208b136f/gnocchi.e7808e08-cb0c-4239-94c4-f4d83524641c?format=json&states=listing" "tx01e8960f01e546358a1ad-0069295e8b" "proxy-server 20" 0.0003 "-" 22 0
Nov 28 08:34:19 np0005538511 object-server[120732]: 172.20.0.104 - - [28/Nov/2025:08:34:19 +0000] "GET /d1/585/AUTH_e2c76e4d27554fd5a4f85cce208b136f/gnocchi.e7808e08-cb0c-4239-94c4-f4d83524641c/none_v3" 404 70 "GET http://172.18.0.197:8080/v1/AUTH_e2c76e4d27554fd5a4f85cce208b136f/gnocchi.e7808e08-cb0c-4239-94c4-f4d83524641c/none_v3" "tx01e8960f01e546358a1ad-0069295e8b" "proxy-server 20" 0.0004 "-" 22 0
Nov 28 08:34:19 np0005538511 container-server[120341]: 172.20.0.105 - - [28/Nov/2025:08:34:19 +0000] "HEAD /d1/196/AUTH_e2c76e4d27554fd5a4f85cce208b136f/gnocchi.547cef1d-702d-4b82-8ce7-75fa4b1b728d" 204 - "HEAD http://172.18.0.197:8080/v1/AUTH_e2c76e4d27554fd5a4f85cce208b136f/gnocchi.547cef1d-702d-4b82-8ce7-75fa4b1b728d?format=json&states=listing" "tx07ea6d2eb65c48eb8fbd4-0069295e8b" "proxy-server 20" 0.0012 "-" 22 0
Nov 28 08:34:19 np0005538511 proxy-server[122064]: 172.18.0.197 172.18.0.104 28/Nov/2025/08/34/19 GET /v1/AUTH_e2c76e4d27554fd5a4f85cce208b136f/gnocchi.e7808e08-cb0c-4239-94c4-f4d83524641c/none_v3 HTTP/1.0 404 - python-swiftclient-3.11.1 gAAAAABpKV47sBxn... - 70 - tx01e8960f01e546358a1ad-0069295e8b - 0.0310 - - 1764318859.089565992 1764318859.120542765 0
Nov 28 08:34:19 np0005538511 container-server[120347]: 172.20.0.103 - - [28/Nov/2025:08:34:19 +0000] "PUT /d1/298/AUTH_e2c76e4d27554fd5a4f85cce208b136f/gnocchi.19ba5cf6-206e-46fa-82bd-912eb11d504b" 201 - "PUT http://172.18.0.197:8080/v1/AUTH_e2c76e4d27554fd5a4f85cce208b136f/gnocchi.19ba5cf6-206e-46fa-82bd-912eb11d504b" "txfd97791c22524069b20a6-0069295e8b" "proxy-server 20" 0.0225 "-" 23 0
Nov 28 08:34:19 np0005538511 account-server[120215]: 172.20.0.103 - - [28/Nov/2025:08:34:19 +0000] "PUT /d1/535/AUTH_e2c76e4d27554fd5a4f85cce208b136f/gnocchi.19ba5cf6-206e-46fa-82bd-912eb11d504b" 201 - "PUT http://172.20.0.103:6001/d1/298/AUTH_e2c76e4d27554fd5a4f85cce208b136f/gnocchi.19ba5cf6-206e-46fa-82bd-912eb11d504b" "txfd97791c22524069b20a6-0069295e8b" "container-server 20" 0.0053 "-" 20 0
Nov 28 08:34:19 np0005538511 account-server[120221]: 172.20.0.104 - - [28/Nov/2025:08:34:19 +0000] "PUT /d1/535/AUTH_e2c76e4d27554fd5a4f85cce208b136f/gnocchi.e7808e08-cb0c-4239-94c4-f4d83524641c" 201 - "PUT http://172.20.0.104:6001/d1/844/AUTH_e2c76e4d27554fd5a4f85cce208b136f/gnocchi.e7808e08-cb0c-4239-94c4-f4d83524641c" "tx95f7917259bc4c7f8d883-0069295e8b" "container-server 22" 0.0067 "-" 22 0
