Nov 28 08:36:19 np0005538511 object-server[231054]: Object audit (ALL) "forever" mode completed: 2.11s. Total quarantined: 0, Total errors: 0, Total files/sec: 20.83, Total bytes/sec: 400.59, Auditing time: 2.10, Rate: 0.99
Nov 28 08:36:27 np0005538511 account-server[119810]: Beginning replication run
Nov 28 08:36:27 np0005538511 account-server[119810]: Replication run OVER
Nov 28 08:36:27 np0005538511 account-server[119810]: Attempted to replicate 1 dbs in 0.02210 seconds (45.24335/s)
Nov 28 08:36:27 np0005538511 account-server[119810]: Removed 0 dbs
Nov 28 08:36:27 np0005538511 account-server[119810]: 2 successes, 0 failures
Nov 28 08:36:27 np0005538511 account-server[119810]: diff:0 diff_capped:0 empty:0 hashmatch:0 no_change:2 remote_merge:0 rsync:0 ts_repl:0
Nov 28 08:36:30 np0005538511 account-server[120215]: 172.20.0.103 - - [28/Nov/2025:08:36:30 +0000] "PUT /d1/535/AUTH_e2c76e4d27554fd5a4f85cce208b136f/gnocchi.cd6579fb-991d-4443-9aba-0b95219eb447" 201 - "-" "-" "container-updater 2" 0.0010 "-" 20 0
Nov 28 08:36:30 np0005538511 account-server[120218]: 172.20.0.103 - - [28/Nov/2025:08:36:30 +0000] "PUT /d1/535/AUTH_e2c76e4d27554fd5a4f85cce208b136f/gnocchi.7e33f569-81a4-4cb4-bd1c-175cb7009609" 201 - "-" "-" "container-updater 2" 0.0007 "-" 21 0
Nov 28 08:36:31 np0005538511 account-server[120230]: 172.20.0.103 - - [28/Nov/2025:08:36:31 +0000] "PUT /d1/535/AUTH_e2c76e4d27554fd5a4f85cce208b136f/gnocchi.5fd37d51-d442-4b07-bbe5-080c2e3c0d32" 201 - "-" "-" "container-updater 2" 0.0004 "-" 23 0
Nov 28 08:36:31 np0005538511 account-server[120230]: 172.20.0.103 - - [28/Nov/2025:08:36:31 +0000] "PUT /d1/535/AUTH_e2c76e4d27554fd5a4f85cce208b136f/gnocchi.f94d0f81-485c-443e-8763-91d3db4e7263" 201 - "-" "-" "container-updater 2" 0.0002 "-" 23 0
Nov 28 08:36:31 np0005538511 account-server[120218]: 172.20.0.103 - - [28/Nov/2025:08:36:31 +0000] "PUT /d1/535/AUTH_e2c76e4d27554fd5a4f85cce208b136f/gnocchi.e7808e08-cb0c-4239-94c4-f4d83524641c" 201 - "-" "-" "container-updater 2" 0.0006 "-" 21 0
Nov 28 08:36:31 np0005538511 account-server[120215]: 172.20.0.103 - - [28/Nov/2025:08:36:31 +0000] "PUT /d1/535/AUTH_e2c76e4d27554fd5a4f85cce208b136f/gnocchi.89b62a12-09d2-4687-8084-3119ec03eb4e" 201 - "-" "-" "container-updater 2" 0.0006 "-" 20 0
Nov 28 08:36:31 np0005538511 account-server[120230]: 172.20.0.103 - - [28/Nov/2025:08:36:31 +0000] "PUT /d1/535/AUTH_e2c76e4d27554fd5a4f85cce208b136f/gnocchi.97b432a6-dfa0-480b-b6a7-a919af48417d" 201 - "-" "-" "container-updater 2" 0.0003 "-" 23 0
Nov 28 08:36:31 np0005538511 account-server[120215]: 172.20.0.103 - - [28/Nov/2025:08:36:31 +0000] "PUT /d1/535/AUTH_e2c76e4d27554fd5a4f85cce208b136f/gnocchi.69d3d9a4-7a71-4a7f-8b4d-76c40f05eacf" 201 - "-" "-" "container-updater 2" 0.0004 "-" 20 0
Nov 28 08:36:31 np0005538511 account-server[120221]: 172.20.0.103 - - [28/Nov/2025:08:36:31 +0000] "PUT /d1/535/AUTH_e2c76e4d27554fd5a4f85cce208b136f/gnocchi.3927f339-3916-42db-89af-c6d1f7cf2953" 201 - "-" "-" "container-updater 2" 0.0004 "-" 22 0
Nov 28 08:36:31 np0005538511 account-server[120215]: 172.20.0.103 - - [28/Nov/2025:08:36:31 +0000] "PUT /d1/535/AUTH_e2c76e4d27554fd5a4f85cce208b136f/gnocchi.4f0364c4-4af6-4e6c-bcd5-5ff199621362" 201 - "-" "-" "container-updater 2" 0.0006 "-" 20 0
Nov 28 08:36:31 np0005538511 account-server[120221]: 172.20.0.103 - - [28/Nov/2025:08:36:31 +0000] "PUT /d1/535/AUTH_e2c76e4d27554fd5a4f85cce208b136f/gnocchi.19ba5cf6-206e-46fa-82bd-912eb11d504b" 201 - "-" "-" "container-updater 2" 0.0004 "-" 22 0
Nov 28 08:36:31 np0005538511 account-server[120218]: 172.20.0.103 - - [28/Nov/2025:08:36:31 +0000] "PUT /d1/535/AUTH_e2c76e4d27554fd5a4f85cce208b136f/gnocchi.59b94bd8-604d-4756-a0ea-d604c290d93c" 201 - "-" "-" "container-updater 2" 0.0008 "-" 21 0
Nov 28 08:36:31 np0005538511 account-server[120215]: 172.20.0.103 - - [28/Nov/2025:08:36:31 +0000] "PUT /d1/535/AUTH_e2c76e4d27554fd5a4f85cce208b136f/gnocchi.c9d3dc38-d6ca-4303-874e-2d884929bcf1" 201 - "-" "-" "container-updater 2" 0.0006 "-" 20 0
Nov 28 08:36:31 np0005538511 account-server[120215]: 172.20.0.103 - - [28/Nov/2025:08:36:31 +0000] "PUT /d1/535/AUTH_e2c76e4d27554fd5a4f85cce208b136f/gnocchi.eba97320-e4cf-4348-a7c2-d4136009ff49" 201 - "-" "-" "container-updater 2" 0.0005 "-" 20 0
Nov 28 08:36:32 np0005538511 account-server[120230]: 172.20.0.103 - - [28/Nov/2025:08:36:32 +0000] "PUT /d1/535/AUTH_e2c76e4d27554fd5a4f85cce208b136f/gnocchi.7b949dec-daa2-4106-9f8c-6beac0d84399" 201 - "-" "-" "container-updater 2" 0.0006 "-" 23 0
Nov 28 08:36:32 np0005538511 account-server[120215]: 172.20.0.103 - - [28/Nov/2025:08:36:32 +0000] "PUT /d1/535/AUTH_e2c76e4d27554fd5a4f85cce208b136f/gnocchi.baf5a52d-b193-44c5-9d75-855be0f5fceb" 201 - "-" "-" "container-updater 2" 0.0004 "-" 20 0
Nov 28 08:36:32 np0005538511 account-server[120218]: 172.20.0.103 - - [28/Nov/2025:08:36:32 +0000] "PUT /d1/535/AUTH_e2c76e4d27554fd5a4f85cce208b136f/gnocchi.a851009b-1bdc-4a6a-ab69-57b039cf6772" 201 - "-" "-" "container-updater 2" 0.0003 "-" 21 0
Nov 28 08:36:32 np0005538511 account-server[120230]: 172.20.0.103 - - [28/Nov/2025:08:36:32 +0000] "PUT /d1/535/AUTH_e2c76e4d27554fd5a4f85cce208b136f/gnocchi.b05f6e18-f773-481a-b203-583bf99b214d" 201 - "-" "-" "container-updater 2" 0.0005 "-" 23 0
Nov 28 08:36:32 np0005538511 account-server[120230]: 172.20.0.103 - - [28/Nov/2025:08:36:32 +0000] "PUT /d1/535/AUTH_e2c76e4d27554fd5a4f85cce208b136f/gnocchi.cff1c426-26ad-4c2f-bbfb-cf7808f4ddba" 201 - "-" "-" "container-updater 2" 0.0005 "-" 23 0
Nov 28 08:36:32 np0005538511 account-server[120215]: 172.20.0.103 - - [28/Nov/2025:08:36:32 +0000] "PUT /d1/535/AUTH_e2c76e4d27554fd5a4f85cce208b136f/gnocchi.c6875055-f0f0-47dd-bf94-a7852424649b" 201 - "-" "-" "container-updater 2" 0.0006 "-" 20 0
Nov 28 08:36:32 np0005538511 account-server[120221]: 172.20.0.103 - - [28/Nov/2025:08:36:32 +0000] "PUT /d1/535/AUTH_e2c76e4d27554fd5a4f85cce208b136f/gnocchi.c9335d8f-efb8-460e-bda6-add3abf1123e" 201 - "-" "-" "container-updater 2" 0.0006 "-" 22 0
Nov 28 08:36:32 np0005538511 account-server[120215]: 172.20.0.103 - - [28/Nov/2025:08:36:32 +0000] "PUT /d1/535/AUTH_e2c76e4d27554fd5a4f85cce208b136f/gnocchi.547cef1d-702d-4b82-8ce7-75fa4b1b728d" 201 - "-" "-" "container-updater 2" 0.0005 "-" 20 0
Nov 28 08:36:33 np0005538511 container-server[120011]: Beginning replication run
Nov 28 08:36:33 np0005538511 container-server[120011]: Replication run OVER
Nov 28 08:36:33 np0005538511 container-server[120011]: Attempted to replicate 22 dbs in 0.43192 seconds (50.93486/s)
Nov 28 08:36:33 np0005538511 container-server[120011]: Removed 0 dbs
Nov 28 08:36:33 np0005538511 container-server[120011]: 44 successes, 0 failures
Nov 28 08:36:33 np0005538511 container-server[120011]: diff:0 diff_capped:0 empty:0 hashmatch:0 no_change:44 remote_merge:0 rsync:0 ts_repl:0
Nov 28 08:36:44 np0005538511 object-server[120485]: Starting object replication pass.
Nov 28 08:36:45 np0005538511 object-server[120485]: 43/43 (100.00%) partitions replicated in 0.43s (98.95/sec, 0s remaining)
Nov 28 08:36:45 np0005538511 object-server[120485]: 86 successes, 0 failures
Nov 28 08:36:45 np0005538511 object-server[120485]: 44 suffixes checked - 0.00% hashed, 0.00% synced
Nov 28 08:36:45 np0005538511 object-server[120485]: Partition times: max 0.0440s, min 0.0066s, med 0.0085s
Nov 28 08:36:45 np0005538511 object-server[120485]: Object replication complete. (0.01 minutes)
Nov 28 08:36:48 np0005538511 object-server[231180]: Begin object audit "forever" mode (ZBF)
Nov 28 08:36:48 np0005538511 object-server[231180]: Object audit (ZBF). Since Fri Nov 28 08:36:48 2025: Locally: 1 passed, 0 quarantined, 0 errors, files/sec: 535.26, bytes/sec: 0.00, Total time: 0.00, Auditing time: 0.00, Rate: 0.00
Nov 28 08:36:49 np0005538511 object-server[231180]: Object audit (ZBF) "forever" mode completed: 0.84s. Total quarantined: 0, Total errors: 0, Total files/sec: 52.19, Total bytes/sec: 0.00, Auditing time: 0.83, Rate: 0.99
Nov 28 08:36:53 np0005538511 container-server[120380]: Begin container update sweep
Nov 28 08:36:53 np0005538511 account-server[120221]: 172.20.0.104 - - [28/Nov/2025:08:36:53 +0000] "PUT /d1/535/AUTH_e2c76e4d27554fd5a4f85cce208b136f/gnocchi.c6875055-f0f0-47dd-bf94-a7852424649b" 201 - "-" "-" "container-updater 2" 0.0011 "-" 22 0
Nov 28 08:36:53 np0005538511 account-server[120215]: 172.20.0.104 - - [28/Nov/2025:08:36:53 +0000] "PUT /d1/535/AUTH_e2c76e4d27554fd5a4f85cce208b136f/gnocchi.4f0364c4-4af6-4e6c-bcd5-5ff199621362" 201 - "-" "-" "container-updater 2" 0.0007 "-" 20 0
Nov 28 08:36:54 np0005538511 account-server[120218]: 172.20.0.104 - - [28/Nov/2025:08:36:54 +0000] "PUT /d1/535/AUTH_e2c76e4d27554fd5a4f85cce208b136f/gnocchi.5fd37d51-d442-4b07-bbe5-080c2e3c0d32" 201 - "-" "-" "container-updater 2" 0.0006 "-" 21 0
Nov 28 08:36:54 np0005538511 account-server[120215]: 172.20.0.104 - - [28/Nov/2025:08:36:54 +0000] "PUT /d1/535/AUTH_e2c76e4d27554fd5a4f85cce208b136f/gnocchi.97b432a6-dfa0-480b-b6a7-a919af48417d" 201 - "-" "-" "container-updater 2" 0.0006 "-" 20 0
Nov 28 08:36:54 np0005538511 account-server[120218]: 172.20.0.104 - - [28/Nov/2025:08:36:54 +0000] "PUT /d1/535/AUTH_e2c76e4d27554fd5a4f85cce208b136f/gnocchi.f94d0f81-485c-443e-8763-91d3db4e7263" 201 - "-" "-" "container-updater 2" 0.0006 "-" 21 0
Nov 28 08:36:54 np0005538511 account-server[120218]: 172.20.0.104 - - [28/Nov/2025:08:36:54 +0000] "PUT /d1/535/AUTH_e2c76e4d27554fd5a4f85cce208b136f/gnocchi.eba97320-e4cf-4348-a7c2-d4136009ff49" 201 - "-" "-" "container-updater 2" 0.0008 "-" 21 0
Nov 28 08:36:54 np0005538511 account-server[120230]: 172.20.0.104 - - [28/Nov/2025:08:36:54 +0000] "PUT /d1/535/AUTH_e2c76e4d27554fd5a4f85cce208b136f/gnocchi.e7808e08-cb0c-4239-94c4-f4d83524641c" 201 - "-" "-" "container-updater 2" 0.0007 "-" 23 0
Nov 28 08:36:54 np0005538511 account-server[120215]: 172.20.0.104 - - [28/Nov/2025:08:36:54 +0000] "PUT /d1/535/AUTH_e2c76e4d27554fd5a4f85cce208b136f/gnocchi.19ba5cf6-206e-46fa-82bd-912eb11d504b" 201 - "-" "-" "container-updater 2" 0.0007 "-" 20 0
Nov 28 08:36:54 np0005538511 account-server[120230]: 172.20.0.104 - - [28/Nov/2025:08:36:54 +0000] "PUT /d1/535/AUTH_e2c76e4d27554fd5a4f85cce208b136f/gnocchi.547cef1d-702d-4b82-8ce7-75fa4b1b728d" 201 - "-" "-" "container-updater 2" 0.0007 "-" 23 0
Nov 28 08:36:54 np0005538511 account-server[120230]: 172.20.0.104 - - [28/Nov/2025:08:36:54 +0000] "PUT /d1/535/AUTH_e2c76e4d27554fd5a4f85cce208b136f/gnocchi.3927f339-3916-42db-89af-c6d1f7cf2953" 201 - "-" "-" "container-updater 2" 0.0006 "-" 23 0
Nov 28 08:36:54 np0005538511 account-server[120218]: 172.20.0.104 - - [28/Nov/2025:08:36:54 +0000] "PUT /d1/535/AUTH_e2c76e4d27554fd5a4f85cce208b136f/gnocchi.59b94bd8-604d-4756-a0ea-d604c290d93c" 201 - "-" "-" "container-updater 2" 0.0007 "-" 21 0
Nov 28 08:36:54 np0005538511 account-server[120230]: 172.20.0.104 - - [28/Nov/2025:08:36:54 +0000] "PUT /d1/535/AUTH_e2c76e4d27554fd5a4f85cce208b136f/gnocchi.c9335d8f-efb8-460e-bda6-add3abf1123e" 201 - "-" "-" "container-updater 2" 0.0011 "-" 23 0
Nov 28 08:36:54 np0005538511 account-server[120218]: 172.20.0.104 - - [28/Nov/2025:08:36:54 +0000] "PUT /d1/535/AUTH_e2c76e4d27554fd5a4f85cce208b136f/gnocchi.7b949dec-daa2-4106-9f8c-6beac0d84399" 201 - "-" "-" "container-updater 2" 0.0008 "-" 21 0
Nov 28 08:36:54 np0005538511 account-server[120221]: 172.20.0.104 - - [28/Nov/2025:08:36:54 +0000] "PUT /d1/535/AUTH_e2c76e4d27554fd5a4f85cce208b136f/gnocchi.69d3d9a4-7a71-4a7f-8b4d-76c40f05eacf" 201 - "-" "-" "container-updater 2" 0.0006 "-" 22 0
Nov 28 08:36:54 np0005538511 account-server[120230]: 172.20.0.104 - - [28/Nov/2025:08:36:54 +0000] "PUT /d1/535/AUTH_e2c76e4d27554fd5a4f85cce208b136f/gnocchi.c9d3dc38-d6ca-4303-874e-2d884929bcf1" 201 - "-" "-" "container-updater 2" 0.0007 "-" 23 0
Nov 28 08:36:54 np0005538511 account-server[120230]: 172.20.0.104 - - [28/Nov/2025:08:36:54 +0000] "PUT /d1/535/AUTH_e2c76e4d27554fd5a4f85cce208b136f/gnocchi.89b62a12-09d2-4687-8084-3119ec03eb4e" 201 - "-" "-" "container-updater 2" 0.0006 "-" 23 0
Nov 28 08:36:55 np0005538511 account-server[120221]: 172.20.0.104 - - [28/Nov/2025:08:36:55 +0000] "PUT /d1/535/AUTH_e2c76e4d27554fd5a4f85cce208b136f/gnocchi.baf5a52d-b193-44c5-9d75-855be0f5fceb" 201 - "-" "-" "container-updater 2" 0.0006 "-" 22 0
Nov 28 08:36:55 np0005538511 account-server[120218]: 172.20.0.104 - - [28/Nov/2025:08:36:55 +0000] "PUT /d1/535/AUTH_e2c76e4d27554fd5a4f85cce208b136f/gnocchi.a851009b-1bdc-4a6a-ab69-57b039cf6772" 201 - "-" "-" "container-updater 2" 0.0006 "-" 21 0
Nov 28 08:36:55 np0005538511 account-server[120215]: 172.20.0.104 - - [28/Nov/2025:08:36:55 +0000] "PUT /d1/535/AUTH_e2c76e4d27554fd5a4f85cce208b136f/gnocchi.7e33f569-81a4-4cb4-bd1c-175cb7009609" 201 - "-" "-" "container-updater 2" 0.0007 "-" 20 0
Nov 28 08:36:55 np0005538511 account-server[120215]: 172.20.0.104 - - [28/Nov/2025:08:36:55 +0000] "PUT /d1/535/AUTH_e2c76e4d27554fd5a4f85cce208b136f/gnocchi.cff1c426-26ad-4c2f-bbfb-cf7808f4ddba" 201 - "-" "-" "container-updater 2" 0.0006 "-" 20 0
Nov 28 08:36:55 np0005538511 account-server[120218]: 172.20.0.104 - - [28/Nov/2025:08:36:55 +0000] "PUT /d1/535/AUTH_e2c76e4d27554fd5a4f85cce208b136f/gnocchi.b05f6e18-f773-481a-b203-583bf99b214d" 201 - "-" "-" "container-updater 2" 0.0007 "-" 21 0
Nov 28 08:36:55 np0005538511 account-server[120230]: 172.20.0.104 - - [28/Nov/2025:08:36:55 +0000] "PUT /d1/535/AUTH_e2c76e4d27554fd5a4f85cce208b136f/gnocchi.cd6579fb-991d-4443-9aba-0b95219eb447" 201 - "-" "-" "container-updater 2" 0.0007 "-" 23 0
Nov 28 08:36:55 np0005538511 container-server[120380]: Container update sweep completed: 1.57s
Nov 28 08:36:57 np0005538511 account-server[119810]: Beginning replication run
Nov 28 08:36:57 np0005538511 account-server[119810]: Replication run OVER
Nov 28 08:36:57 np0005538511 account-server[119810]: Attempted to replicate 1 dbs in 0.04563 seconds (21.91457/s)
Nov 28 08:36:57 np0005538511 account-server[119810]: Removed 0 dbs
Nov 28 08:36:57 np0005538511 account-server[119810]: 2 successes, 0 failures
Nov 28 08:36:57 np0005538511 account-server[119810]: diff:0 diff_capped:0 empty:0 hashmatch:0 no_change:2 remote_merge:0 rsync:0 ts_repl:0
Nov 28 08:37:03 np0005538511 container-server[120011]: Beginning replication run
Nov 28 08:37:03 np0005538511 container-server[120011]: Replication run OVER
Nov 28 08:37:03 np0005538511 container-server[120011]: Attempted to replicate 22 dbs in 0.43450 seconds (50.63254/s)
Nov 28 08:37:03 np0005538511 container-server[120011]: Removed 0 dbs
Nov 28 08:37:03 np0005538511 container-server[120011]: 44 successes, 0 failures
Nov 28 08:37:03 np0005538511 container-server[120011]: diff:0 diff_capped:0 empty:0 hashmatch:0 no_change:44 remote_merge:0 rsync:0 ts_repl:0
Nov 28 08:37:15 np0005538511 object-server[120485]: Starting object replication pass.
Nov 28 08:37:15 np0005538511 object-server[120485]: 43/43 (100.00%) partitions replicated in 0.43s (99.07/sec, 0s remaining)
Nov 28 08:37:15 np0005538511 object-server[120485]: 86 successes, 0 failures
Nov 28 08:37:15 np0005538511 object-server[120485]: 44 suffixes checked - 0.00% hashed, 0.00% synced
Nov 28 08:37:15 np0005538511 object-server[120485]: Partition times: max 0.0183s, min 0.0067s, med 0.0093s
Nov 28 08:37:15 np0005538511 object-server[120485]: Object replication complete. (0.01 minutes)
Nov 28 08:37:19 np0005538511 object-server[237224]: Begin object audit "forever" mode (ZBF)
Nov 28 08:37:19 np0005538511 object-server[237225]: Begin object audit "forever" mode (ALL)
Nov 28 08:37:19 np0005538511 object-server[237224]: Object audit (ZBF). Since Fri Nov 28 08:37:19 2025: Locally: 1 passed, 0 quarantined, 0 errors, files/sec: 417.01, bytes/sec: 0.00, Total time: 0.00, Auditing time: 0.00, Rate: 0.00
Nov 28 08:37:19 np0005538511 object-server[237225]: Object audit (ALL). Since Fri Nov 28 08:37:19 2025: Locally: 1 passed, 0 quarantined, 0 errors, files/sec: 96.66, bytes/sec: 1546.54, Total time: 0.01, Auditing time: 0.00, Rate: 0.00
Nov 28 08:37:20 np0005538511 object-server[237224]: Object audit (ZBF) "forever" mode completed: 0.84s. Total quarantined: 0, Total errors: 0, Total files/sec: 52.16, Total bytes/sec: 0.00, Auditing time: 0.83, Rate: 0.99
Nov 28 08:37:21 np0005538511 object-server[237225]: Object audit (ALL) "forever" mode completed: 2.11s. Total quarantined: 0, Total errors: 0, Total files/sec: 20.84, Total bytes/sec: 400.62, Auditing time: 2.10, Rate: 0.99
Nov 28 08:37:27 np0005538511 account-server[119810]: Beginning replication run
Nov 28 08:37:27 np0005538511 account-server[119810]: Replication run OVER
Nov 28 08:37:27 np0005538511 account-server[119810]: Attempted to replicate 1 dbs in 0.02133 seconds (46.88709/s)
Nov 28 08:37:27 np0005538511 account-server[119810]: Removed 0 dbs
Nov 28 08:37:27 np0005538511 account-server[119810]: 2 successes, 0 failures
Nov 28 08:37:27 np0005538511 account-server[119810]: diff:0 diff_capped:0 empty:0 hashmatch:0 no_change:2 remote_merge:0 rsync:0 ts_repl:0
Nov 28 08:37:30 np0005538511 account-server[120230]: 172.20.0.104 - - [28/Nov/2025:08:37:30 +0000] "HEAD /d1/46/.expiring_objects" 404 - "HEAD http://localhost/v1/.expiring_objects?format=json" "tx2c35a81f592d40508c854-0069295f4a" "proxy-server 2" 0.0006 "-" 23 -
Nov 28 08:37:30 np0005538511 object-expirer[120428]: Pass completed in 0s; 0 objects expired (txn: tx2c35a81f592d40508c854-0069295f4a)
Nov 28 08:37:33 np0005538511 container-server[120011]: Beginning replication run
Nov 28 08:37:33 np0005538511 object-server[120747]: Begin object update sweep
Nov 28 08:37:33 np0005538511 object-server[238398]: Object update sweep starting on /srv/node/d1 (pid: 15)
Nov 28 08:37:33 np0005538511 object-server[238398]: Object update sweep completed on /srv/node/d1 in 0.00s seconds:, 0 successes, 0 failures, 0 quarantines, 0 unlinks, 0 errors, 0 redirects (pid: 15)
Nov 28 08:37:33 np0005538511 object-server[238398]: Object update sweep of d1 completed: 0.00s, 0 successes, 0 failures, 0 quarantines, 0 unlinks, 0 errors, 0 redirects
Nov 28 08:37:33 np0005538511 object-server[120747]: Object update sweep completed: 0.08s
Nov 28 08:37:33 np0005538511 container-server[120011]: Replication run OVER
Nov 28 08:37:33 np0005538511 container-server[120011]: Attempted to replicate 22 dbs in 0.43247 seconds (50.87056/s)
Nov 28 08:37:33 np0005538511 container-server[120011]: Removed 0 dbs
Nov 28 08:37:33 np0005538511 container-server[120011]: 44 successes, 0 failures
Nov 28 08:37:33 np0005538511 container-server[120011]: diff:0 diff_capped:0 empty:0 hashmatch:0 no_change:44 remote_merge:0 rsync:0 ts_repl:0
Nov 28 08:37:45 np0005538511 object-server[120485]: Starting object replication pass.
Nov 28 08:37:46 np0005538511 object-server[120485]: 43/43 (100.00%) partitions replicated in 0.40s (107.14/sec, 0s remaining)
Nov 28 08:37:46 np0005538511 object-server[120485]: 86 successes, 0 failures
Nov 28 08:37:46 np0005538511 object-server[120485]: 44 suffixes checked - 0.00% hashed, 0.00% synced
Nov 28 08:37:46 np0005538511 object-server[120485]: Partition times: max 0.0152s, min 0.0067s, med 0.0085s
Nov 28 08:37:46 np0005538511 object-server[120485]: Object replication complete. (0.01 minutes)
Nov 28 08:37:50 np0005538511 object-server[237349]: Begin object audit "forever" mode (ZBF)
Nov 28 08:37:50 np0005538511 object-server[237349]: Object audit (ZBF). Since Fri Nov 28 08:37:50 2025: Locally: 1 passed, 0 quarantined, 0 errors, files/sec: 561.04, bytes/sec: 0.00, Total time: 0.00, Auditing time: 0.00, Rate: 0.00
Nov 28 08:37:51 np0005538511 object-server[237349]: Object audit (ZBF) "forever" mode completed: 0.84s. Total quarantined: 0, Total errors: 0, Total files/sec: 52.11, Total bytes/sec: 0.00, Auditing time: 0.83, Rate: 0.99
Nov 28 08:37:57 np0005538511 account-server[119810]: Beginning replication run
Nov 28 08:37:57 np0005538511 account-server[119810]: Replication run OVER
Nov 28 08:37:57 np0005538511 account-server[119810]: Attempted to replicate 1 dbs in 0.01965 seconds (50.88358/s)
Nov 28 08:37:57 np0005538511 account-server[119810]: Removed 0 dbs
Nov 28 08:37:57 np0005538511 account-server[119810]: 2 successes, 0 failures
Nov 28 08:37:57 np0005538511 account-server[119810]: diff:0 diff_capped:0 empty:0 hashmatch:0 no_change:2 remote_merge:0 rsync:0 ts_repl:0
Nov 28 08:38:03 np0005538511 container-server[120011]: Beginning replication run
Nov 28 08:38:03 np0005538511 container-server[120011]: Replication run OVER
Nov 28 08:38:03 np0005538511 container-server[120011]: Attempted to replicate 22 dbs in 0.44314 seconds (49.64623/s)
Nov 28 08:38:03 np0005538511 container-server[120011]: Removed 0 dbs
Nov 28 08:38:03 np0005538511 container-server[120011]: 44 successes, 0 failures
Nov 28 08:38:03 np0005538511 container-server[120011]: diff:0 diff_capped:0 empty:0 hashmatch:0 no_change:44 remote_merge:0 rsync:0 ts_repl:0
Nov 28 08:38:16 np0005538511 object-server[120485]: Starting object replication pass.
Nov 28 08:38:16 np0005538511 object-server[120485]: 43/43 (100.00%) partitions replicated in 0.42s (103.40/sec, 0s remaining)
Nov 28 08:38:16 np0005538511 object-server[120485]: 86 successes, 0 failures
Nov 28 08:38:16 np0005538511 object-server[120485]: 44 suffixes checked - 0.00% hashed, 0.00% synced
Nov 28 08:38:16 np0005538511 object-server[120485]: Partition times: max 0.0144s, min 0.0073s, med 0.0091s
Nov 28 08:38:16 np0005538511 object-server[120485]: Object replication complete. (0.01 minutes)
Nov 28 08:38:21 np0005538511 object-server[243245]: Begin object audit "forever" mode (ZBF)
Nov 28 08:38:21 np0005538511 object-server[243246]: Begin object audit "forever" mode (ALL)
Nov 28 08:38:21 np0005538511 object-server[243245]: Object audit (ZBF). Since Fri Nov 28 08:38:21 2025: Locally: 1 passed, 0 quarantined, 0 errors, files/sec: 543.59, bytes/sec: 0.00, Total time: 0.00, Auditing time: 0.00, Rate: 0.00
Nov 28 08:38:21 np0005538511 object-server[243246]: Object audit (ALL). Since Fri Nov 28 08:38:21 2025: Locally: 1 passed, 0 quarantined, 0 errors, files/sec: 126.17, bytes/sec: 2018.74, Total time: 0.01, Auditing time: 0.00, Rate: 0.00
Nov 28 08:38:22 np0005538511 object-server[243245]: Object audit (ZBF) "forever" mode completed: 0.84s. Total quarantined: 0, Total errors: 0, Total files/sec: 52.19, Total bytes/sec: 0.00, Auditing time: 0.83, Rate: 0.99
Nov 28 08:38:23 np0005538511 object-server[243246]: Object audit (ALL) "forever" mode completed: 2.11s. Total quarantined: 0, Total errors: 0, Total files/sec: 20.86, Total bytes/sec: 401.01, Auditing time: 2.10, Rate: 0.99
Nov 28 08:38:27 np0005538511 account-server[119810]: Beginning replication run
Nov 28 08:38:27 np0005538511 account-server[119810]: Replication run OVER
Nov 28 08:38:27 np0005538511 account-server[119810]: Attempted to replicate 1 dbs in 0.01966 seconds (50.87247/s)
Nov 28 08:38:27 np0005538511 account-server[119810]: Removed 0 dbs
Nov 28 08:38:27 np0005538511 account-server[119810]: 2 successes, 0 failures
Nov 28 08:38:27 np0005538511 account-server[119810]: diff:0 diff_capped:0 empty:0 hashmatch:0 no_change:2 remote_merge:0 rsync:0 ts_repl:0
Nov 28 08:38:32 np0005538511 account-server[120215]: 172.20.0.103 - - [28/Nov/2025:08:38:32 +0000] "HEAD /d1/46/.expiring_objects" 404 - "HEAD http://localhost/v1/.expiring_objects?format=json" "tx36ff13fb75b24ebdb0a5b-0069295f88" "proxy-server 2" 0.0008 "-" 20 -
Nov 28 08:38:33 np0005538511 container-server[120011]: Beginning replication run
Nov 28 08:38:33 np0005538511 container-server[120011]: Replication run OVER
Nov 28 08:38:33 np0005538511 container-server[120011]: Attempted to replicate 22 dbs in 0.43624 seconds (50.43062/s)
Nov 28 08:38:33 np0005538511 container-server[120011]: Removed 0 dbs
Nov 28 08:38:33 np0005538511 container-server[120011]: 44 successes, 0 failures
Nov 28 08:38:33 np0005538511 container-server[120011]: diff:0 diff_capped:0 empty:0 hashmatch:0 no_change:44 remote_merge:0 rsync:0 ts_repl:0
Nov 28 08:38:46 np0005538511 object-server[120485]: Starting object replication pass.
Nov 28 08:38:46 np0005538511 object-server[120485]: 43/43 (100.00%) partitions replicated in 0.40s (107.72/sec, 0s remaining)
Nov 28 08:38:46 np0005538511 object-server[120485]: 86 successes, 0 failures
Nov 28 08:38:46 np0005538511 object-server[120485]: 44 suffixes checked - 0.00% hashed, 0.00% synced
Nov 28 08:38:46 np0005538511 object-server[120485]: Partition times: max 0.0149s, min 0.0068s, med 0.0084s
Nov 28 08:38:46 np0005538511 object-server[120485]: Object replication complete. (0.01 minutes)
Nov 28 08:38:52 np0005538511 object-server[243313]: Begin object audit "forever" mode (ZBF)
Nov 28 08:38:52 np0005538511 object-server[243313]: Object audit (ZBF). Since Fri Nov 28 08:38:52 2025: Locally: 1 passed, 0 quarantined, 0 errors, files/sec: 579.56, bytes/sec: 0.00, Total time: 0.00, Auditing time: 0.00, Rate: 0.00
Nov 28 08:38:53 np0005538511 object-server[243313]: Object audit (ZBF) "forever" mode completed: 0.84s. Total quarantined: 0, Total errors: 0, Total files/sec: 52.17, Total bytes/sec: 0.00, Auditing time: 0.83, Rate: 0.99
Nov 28 08:38:53 np0005538511 account-server[120215]: 172.20.0.105 - - [28/Nov/2025:08:38:53 +0000] "HEAD /d1/46/.expiring_objects" 404 - "HEAD http://localhost/v1/.expiring_objects?format=json" "tx5e6a418a4da449ccbf118-0069295f9d" "proxy-server 2" 0.0007 "-" 20 -
Nov 28 08:38:57 np0005538511 account-server[119810]: Beginning replication run
Nov 28 08:38:57 np0005538511 account-server[119810]: Replication run OVER
Nov 28 08:38:57 np0005538511 account-server[119810]: Attempted to replicate 1 dbs in 0.01977 seconds (50.57191/s)
Nov 28 08:38:57 np0005538511 account-server[119810]: Removed 0 dbs
Nov 28 08:38:57 np0005538511 account-server[119810]: 2 successes, 0 failures
Nov 28 08:38:57 np0005538511 account-server[119810]: diff:0 diff_capped:0 empty:0 hashmatch:0 no_change:2 remote_merge:0 rsync:0 ts_repl:0
Nov 28 08:39:03 np0005538511 container-server[120011]: Beginning replication run
Nov 28 08:39:03 np0005538511 container-server[120011]: Replication run OVER
Nov 28 08:39:03 np0005538511 container-server[120011]: Attempted to replicate 22 dbs in 0.43907 seconds (50.10587/s)
Nov 28 08:39:03 np0005538511 container-server[120011]: Removed 0 dbs
Nov 28 08:39:03 np0005538511 container-server[120011]: 44 successes, 0 failures
Nov 28 08:39:03 np0005538511 container-server[120011]: diff:0 diff_capped:0 empty:0 hashmatch:0 no_change:44 remote_merge:0 rsync:0 ts_repl:0
Nov 28 08:39:16 np0005538511 object-server[120485]: Starting object replication pass.
Nov 28 08:39:17 np0005538511 object-server[120485]: 43/43 (100.00%) partitions replicated in 0.51s (83.55/sec, 0s remaining)
Nov 28 08:39:17 np0005538511 object-server[120485]: 86 successes, 0 failures
Nov 28 08:39:17 np0005538511 object-server[120485]: 44 suffixes checked - 0.00% hashed, 0.00% synced
Nov 28 08:39:17 np0005538511 object-server[120485]: Partition times: max 0.1285s, min 0.0063s, med 0.0085s
Nov 28 08:39:17 np0005538511 object-server[120485]: Object replication complete. (0.01 minutes)
Nov 28 08:39:18 np0005538511 proxy-server[122064]: - - 28/Nov/2025/08/39/18 HEAD /v1/AUTH_e2c76e4d27554fd5a4f85cce208b136f%3Fformat%3Djson HTTP/1.0 204 - Swift - - - - tx5d6f7ce0a3e0402ba8231-0069295fb6 - 0.0133 RL - 1764319158.107329607 1764319158.120597839 -
Nov 28 08:39:18 np0005538511 object-server[120735]: 172.20.0.103 - - [28/Nov/2025:08:39:18 +0000] "GET /d1/173/AUTH_e2c76e4d27554fd5a4f85cce208b136f/gnocchi.97b432a6-dfa0-480b-b6a7-a919af48417d/none_v3" 200 22 "GET http://172.18.0.197:8080/v1/AUTH_e2c76e4d27554fd5a4f85cce208b136f/gnocchi.97b432a6-dfa0-480b-b6a7-a919af48417d/none_v3" "tx432735c86d1c44a9a3cdd-0069295fb6" "proxy-server 20" 0.0016 "-" 24 0
Nov 28 08:39:18 np0005538511 object-server[120732]: 172.20.0.103 - - [28/Nov/2025:08:39:18 +0000] "GET /d1/264/AUTH_e2c76e4d27554fd5a4f85cce208b136f/gnocchi.97b432a6-dfa0-480b-b6a7-a919af48417d/1763640000.0_rate%3Amean_300.0_v3" 404 70 "GET http://172.18.0.197:8080/v1/AUTH_e2c76e4d27554fd5a4f85cce208b136f/gnocchi.97b432a6-dfa0-480b-b6a7-a919af48417d/1763640000.0_rate%3Amean_300.0_v3" "txbe8b7b98f68e41afb305c-0069295fb6" "proxy-server 20" 0.0005 "-" 22 0
Nov 28 08:39:18 np0005538511 container-server[120329]: 172.20.0.104 - - [28/Nov/2025:08:39:18 +0000] "PUT /d1/897/AUTH_e2c76e4d27554fd5a4f85cce208b136f/gnocchi.97b432a6-dfa0-480b-b6a7-a919af48417d/1763640000.0_rate%3Amean_300.0_v3" 201 - "PUT http://172.18.0.197:8080/d1/264/AUTH_e2c76e4d27554fd5a4f85cce208b136f/gnocchi.97b432a6-dfa0-480b-b6a7-a919af48417d/1763640000.0_rate%3Amean_300.0_v3" "tx23545fd327874b8ca41b2-0069295fb6" "object-server 23" 0.0012 "-" 21 0
Nov 28 08:39:18 np0005538511 object-server[120734]: 172.20.0.103 - - [28/Nov/2025:08:39:18 +0000] "PUT /d1/264/AUTH_e2c76e4d27554fd5a4f85cce208b136f/gnocchi.97b432a6-dfa0-480b-b6a7-a919af48417d/1763640000.0_rate%3Amean_300.0_v3" 201 - "PUT http://172.18.0.197:8080/v1/AUTH_e2c76e4d27554fd5a4f85cce208b136f/gnocchi.97b432a6-dfa0-480b-b6a7-a919af48417d/1763640000.0_rate%3Amean_300.0_v3" "tx23545fd327874b8ca41b2-0069295fb6" "proxy-server 20" 0.0143 "-" 23 0
Nov 28 08:39:18 np0005538511 container-server[120329]: 172.20.0.104 - - [28/Nov/2025:08:39:18 +0000] "PUT /d1/897/AUTH_e2c76e4d27554fd5a4f85cce208b136f/gnocchi.97b432a6-dfa0-480b-b6a7-a919af48417d/1763640000.0_mean_300.0_v3" 201 - "PUT http://172.18.0.197:8080/d1/4/AUTH_e2c76e4d27554fd5a4f85cce208b136f/gnocchi.97b432a6-dfa0-480b-b6a7-a919af48417d/1763640000.0_mean_300.0_v3" "tx9802171b5f4d4c048edbb-0069295fb6" "object-server 21" 0.0006 "-" 21 0
Nov 28 08:39:18 np0005538511 object-server[120729]: 172.20.0.103 - - [28/Nov/2025:08:39:18 +0000] "PUT /d1/4/AUTH_e2c76e4d27554fd5a4f85cce208b136f/gnocchi.97b432a6-dfa0-480b-b6a7-a919af48417d/1763640000.0_mean_300.0_v3" 201 - "PUT http://172.18.0.197:8080/v1/AUTH_e2c76e4d27554fd5a4f85cce208b136f/gnocchi.97b432a6-dfa0-480b-b6a7-a919af48417d/1763640000.0_mean_300.0_v3" "tx9802171b5f4d4c048edbb-0069295fb6" "proxy-server 20" 0.0136 "-" 21 0
Nov 28 08:39:18 np0005538511 container-server[120329]: 172.20.0.105 - - [28/Nov/2025:08:39:18 +0000] "PUT /d1/897/AUTH_e2c76e4d27554fd5a4f85cce208b136f/gnocchi.97b432a6-dfa0-480b-b6a7-a919af48417d/none_v3" 201 - "PUT http://172.18.0.197:8080/d1/173/AUTH_e2c76e4d27554fd5a4f85cce208b136f/gnocchi.97b432a6-dfa0-480b-b6a7-a919af48417d/none_v3" "tx83c2e4bab73b42f99f390-0069295fb6" "object-server 23" 0.0006 "-" 21 0
Nov 28 08:39:18 np0005538511 object-server[120732]: 172.20.0.103 - - [28/Nov/2025:08:39:18 +0000] "PUT /d1/173/AUTH_e2c76e4d27554fd5a4f85cce208b136f/gnocchi.97b432a6-dfa0-480b-b6a7-a919af48417d/none_v3" 201 - "PUT http://172.18.0.197:8080/v1/AUTH_e2c76e4d27554fd5a4f85cce208b136f/gnocchi.97b432a6-dfa0-480b-b6a7-a919af48417d/none_v3" "tx83c2e4bab73b42f99f390-0069295fb6" "proxy-server 20" 0.0130 "-" 22 0
Nov 28 08:39:18 np0005538511 container-server[120329]: 172.20.0.103 - - [28/Nov/2025:08:39:18 +0000] "GET /d1/293/AUTH_e2c76e4d27554fd5a4f85cce208b136f/gnocchi.cff1c426-26ad-4c2f-bbfb-cf7808f4ddba" 200 357 "GET http://172.18.0.197:8080/v1/AUTH_e2c76e4d27554fd5a4f85cce208b136f/gnocchi.cff1c426-26ad-4c2f-bbfb-cf7808f4ddba?format=json&states=listing" "txd2aad1c53e184cb889000-0069295fb6" "proxy-server 20" 0.0043 "-" 21 0
Nov 28 08:39:18 np0005538511 object-server[120729]: 172.20.0.104 - - [28/Nov/2025:08:39:18 +0000] "GET /d1/904/AUTH_e2c76e4d27554fd5a4f85cce208b136f/gnocchi.a851009b-1bdc-4a6a-ab69-57b039cf6772/none_v3" 200 22 "GET http://172.18.0.197:8080/v1/AUTH_e2c76e4d27554fd5a4f85cce208b136f/gnocchi.a851009b-1bdc-4a6a-ab69-57b039cf6772/none_v3" "tx5d6f7ce0a3e0402ba8231-0069295fb6" "proxy-server 20" 0.0012 "-" 21 0
Nov 28 08:39:18 np0005538511 proxy-server[122064]: 172.18.0.103 172.18.0.104 28/Nov/2025/08/39/18 GET /v1/AUTH_e2c76e4d27554fd5a4f85cce208b136f/gnocchi.a851009b-1bdc-4a6a-ab69-57b039cf6772/none_v3 HTTP/1.0 200 - python-swiftclient-3.11.1 gAAAAABpKV38a7pX... - 22 - tx5d6f7ce0a3e0402ba8231-0069295fb6 - 0.3661 - - 1764319158.105871439 1764319158.471953392 0
Nov 28 08:39:18 np0005538511 object-server[120735]: 172.20.0.103 - - [28/Nov/2025:08:39:18 +0000] "GET /d1/140/AUTH_e2c76e4d27554fd5a4f85cce208b136f/gnocchi.cff1c426-26ad-4c2f-bbfb-cf7808f4ddba/1763640000.0_rate%3Amean_300.0_v3" 404 70 "GET http://172.18.0.197:8080/v1/AUTH_e2c76e4d27554fd5a4f85cce208b136f/gnocchi.cff1c426-26ad-4c2f-bbfb-cf7808f4ddba/1763640000.0_rate%3Amean_300.0_v3" "tx25c95110b0584bc7964c2-0069295fb6" "proxy-server 20" 0.0004 "-" 24 0
Nov 28 08:39:18 np0005538511 proxy-server[122064]: 172.18.0.103 172.18.0.104 28/Nov/2025/08/39/18 GET /v1/AUTH_e2c76e4d27554fd5a4f85cce208b136f/gnocchi.a851009b-1bdc-4a6a-ab69-57b039cf6772%3Fformat%3Djson%26states%3Dlisting HTTP/1.0 200 - python-swiftclient-3.11.1 gAAAAABpKV38a7pX... - 357 - tx7fa9cf2eec9b4724a6e5e-0069295fb6 - 0.0151 - - 1764319158.476185560 1764319158.491309404 0
Nov 28 08:39:18 np0005538511 proxy-server[122064]: 172.18.0.197 172.18.0.104 28/Nov/2025/08/39/18 GET /v1/AUTH_e2c76e4d27554fd5a4f85cce208b136f/gnocchi.cff1c426-26ad-4c2f-bbfb-cf7808f4ddba/1763640000.0_mean_300.0_v3 HTTP/1.0 200 - python-swiftclient-3.11.1 gAAAAABpKV47sBxn... - 16 - tx68651efac60941af93ca4-0069295fb6 - 0.0099 - - 1764319158.494872570 1764319158.504729748 0
Nov 28 08:39:18 np0005538511 container-server[120341]: 172.20.0.103 - - [28/Nov/2025:08:39:18 +0000] "GET /d1/1006/AUTH_e2c76e4d27554fd5a4f85cce208b136f/gnocchi.a851009b-1bdc-4a6a-ab69-57b039cf6772" 200 2 "GET http://172.18.0.197:8080/v1/AUTH_e2c76e4d27554fd5a4f85cce208b136f/gnocchi.a851009b-1bdc-4a6a-ab69-57b039cf6772?format=json&marker=none_v3&states=listing" "tx3f69a8c1b1f8430aa3598-0069295fb6" "proxy-server 20" 0.0040 "-" 22 0
Nov 28 08:39:18 np0005538511 object-server[120732]: 172.20.0.103 - - [28/Nov/2025:08:39:18 +0000] "GET /d1/976/AUTH_e2c76e4d27554fd5a4f85cce208b136f/gnocchi.a851009b-1bdc-4a6a-ab69-57b039cf6772/1763640000.0_rate%3Amean_300.0_v3" 404 70 "GET http://172.18.0.197:8080/v1/AUTH_e2c76e4d27554fd5a4f85cce208b136f/gnocchi.a851009b-1bdc-4a6a-ab69-57b039cf6772/1763640000.0_rate%3Amean_300.0_v3" "tx50e00d68cbb6449a82d26-0069295fb6" "proxy-server 20" 0.0006 "-" 22 0
Nov 28 08:39:18 np0005538511 container-server[120341]: 172.20.0.105 - - [28/Nov/2025:08:39:18 +0000] "PUT /d1/293/AUTH_e2c76e4d27554fd5a4f85cce208b136f/gnocchi.cff1c426-26ad-4c2f-bbfb-cf7808f4ddba/1763640000.0_rate%3Amean_300.0_v3" 201 - "PUT http://172.18.0.197:8080/d1/140/AUTH_e2c76e4d27554fd5a4f85cce208b136f/gnocchi.cff1c426-26ad-4c2f-bbfb-cf7808f4ddba/1763640000.0_rate%3Amean_300.0_v3" "txa5a2d2f1085c40d9bcf70-0069295fb6" "object-server 23" 0.0007 "-" 22 0
Nov 28 08:39:18 np0005538511 object-server[120729]: 172.20.0.104 - - [28/Nov/2025:08:39:18 +0000] "PUT /d1/140/AUTH_e2c76e4d27554fd5a4f85cce208b136f/gnocchi.cff1c426-26ad-4c2f-bbfb-cf7808f4ddba/1763640000.0_rate%3Amean_300.0_v3" 201 - "PUT http://172.18.0.197:8080/v1/AUTH_e2c76e4d27554fd5a4f85cce208b136f/gnocchi.cff1c426-26ad-4c2f-bbfb-cf7808f4ddba/1763640000.0_rate%3Amean_300.0_v3" "txa5a2d2f1085c40d9bcf70-0069295fb6" "proxy-server 20" 0.0136 "-" 21 0
Nov 28 08:39:18 np0005538511 proxy-server[122064]: 172.18.0.197 172.18.0.104 28/Nov/2025/08/39/18 PUT /v1/AUTH_e2c76e4d27554fd5a4f85cce208b136f/gnocchi.cff1c426-26ad-4c2f-bbfb-cf7808f4ddba/1763640000.0_rate%253Amean_300.0_v3 HTTP/1.0 201 - python-swiftclient-3.11.1 gAAAAABpKV47sBxn... 16 - - txa5a2d2f1085c40d9bcf70-0069295fb6 - 0.0263 - - 1764319158.509392500 1764319158.535676003 0
Nov 28 08:39:18 np0005538511 object-server[120732]: 172.20.0.103 - - [28/Nov/2025:08:39:18 +0000] "GET /d1/205/AUTH_e2c76e4d27554fd5a4f85cce208b136f/gnocchi.a851009b-1bdc-4a6a-ab69-57b039cf6772/1763640000.0_mean_300.0_v3" 200 16 "GET http://172.18.0.197:8080/v1/AUTH_e2c76e4d27554fd5a4f85cce208b136f/gnocchi.a851009b-1bdc-4a6a-ab69-57b039cf6772/1763640000.0_mean_300.0_v3" "tx9f0fc06f362e4ac398c5a-0069295fb6" "proxy-server 20" 0.0010 "-" 22 0
Nov 28 08:39:18 np0005538511 container-server[120325]: 172.20.0.104 - - [28/Nov/2025:08:39:18 +0000] "PUT /d1/293/AUTH_e2c76e4d27554fd5a4f85cce208b136f/gnocchi.cff1c426-26ad-4c2f-bbfb-cf7808f4ddba/1763640000.0_mean_300.0_v3" 201 - "PUT http://172.18.0.197:8080/d1/208/AUTH_e2c76e4d27554fd5a4f85cce208b136f/gnocchi.cff1c426-26ad-4c2f-bbfb-cf7808f4ddba/1763640000.0_mean_300.0_v3" "txb7e383c6f67043b4b964b-0069295fb6" "object-server 24" 0.0006 "-" 20 0
Nov 28 08:39:18 np0005538511 object-server[120735]: 172.20.0.104 - - [28/Nov/2025:08:39:18 +0000] "PUT /d1/208/AUTH_e2c76e4d27554fd5a4f85cce208b136f/gnocchi.cff1c426-26ad-4c2f-bbfb-cf7808f4ddba/1763640000.0_mean_300.0_v3" 201 - "PUT http://172.18.0.197:8080/v1/AUTH_e2c76e4d27554fd5a4f85cce208b136f/gnocchi.cff1c426-26ad-4c2f-bbfb-cf7808f4ddba/1763640000.0_mean_300.0_v3" "txb7e383c6f67043b4b964b-0069295fb6" "proxy-server 20" 0.0113 "-" 24 0
Nov 28 08:39:18 np0005538511 proxy-server[122064]: 172.18.0.197 172.18.0.104 28/Nov/2025/08/39/18 PUT /v1/AUTH_e2c76e4d27554fd5a4f85cce208b136f/gnocchi.cff1c426-26ad-4c2f-bbfb-cf7808f4ddba/1763640000.0_mean_300.0_v3 HTTP/1.0 201 - python-swiftclient-3.11.1 gAAAAABpKV47sBxn... 24 - - txb7e383c6f67043b4b964b-0069295fb6 - 0.0263 - - 1764319158.539696693 1764319158.565951586 0
Nov 28 08:39:18 np0005538511 container-server[120347]: 172.20.0.104 - - [28/Nov/2025:08:39:18 +0000] "PUT /d1/1006/AUTH_e2c76e4d27554fd5a4f85cce208b136f/gnocchi.a851009b-1bdc-4a6a-ab69-57b039cf6772/1763640000.0_rate%3Amean_300.0_v3" 201 - "PUT http://172.18.0.197:8080/d1/976/AUTH_e2c76e4d27554fd5a4f85cce208b136f/gnocchi.a851009b-1bdc-4a6a-ab69-57b039cf6772/1763640000.0_rate%3Amean_300.0_v3" "txa8deacc6d2174549a6d5e-0069295fb6" "object-server 22" 0.0008 "-" 23 0
Nov 28 08:39:18 np0005538511 object-server[120732]: 172.20.0.103 - - [28/Nov/2025:08:39:18 +0000] "PUT /d1/976/AUTH_e2c76e4d27554fd5a4f85cce208b136f/gnocchi.a851009b-1bdc-4a6a-ab69-57b039cf6772/1763640000.0_rate%3Amean_300.0_v3" 201 - "PUT http://172.18.0.197:8080/v1/AUTH_e2c76e4d27554fd5a4f85cce208b136f/gnocchi.a851009b-1bdc-4a6a-ab69-57b039cf6772/1763640000.0_rate%3Amean_300.0_v3" "txa8deacc6d2174549a6d5e-0069295fb6" "proxy-server 20" 0.0123 "-" 22 0
Nov 28 08:39:18 np0005538511 container-server[120325]: 172.20.0.104 - - [28/Nov/2025:08:39:18 +0000] "PUT /d1/293/AUTH_e2c76e4d27554fd5a4f85cce208b136f/gnocchi.cff1c426-26ad-4c2f-bbfb-cf7808f4ddba/none_v3" 201 - "PUT http://172.18.0.197:8080/d1/11/AUTH_e2c76e4d27554fd5a4f85cce208b136f/gnocchi.cff1c426-26ad-4c2f-bbfb-cf7808f4ddba/none_v3" "tx526291b6f79e4d5dbddd6-0069295fb6" "object-server 21" 0.0003 "-" 20 0
Nov 28 08:39:18 np0005538511 object-server[120729]: 172.20.0.104 - - [28/Nov/2025:08:39:18 +0000] "PUT /d1/11/AUTH_e2c76e4d27554fd5a4f85cce208b136f/gnocchi.cff1c426-26ad-4c2f-bbfb-cf7808f4ddba/none_v3" 201 - "PUT http://172.18.0.197:8080/v1/AUTH_e2c76e4d27554fd5a4f85cce208b136f/gnocchi.cff1c426-26ad-4c2f-bbfb-cf7808f4ddba/none_v3" "tx526291b6f79e4d5dbddd6-0069295fb6" "proxy-server 20" 0.0159 "-" 21 0
Nov 28 08:39:18 np0005538511 object-server[120734]: 172.20.0.103 - - [28/Nov/2025:08:39:18 +0000] "PUT /d1/205/AUTH_e2c76e4d27554fd5a4f85cce208b136f/gnocchi.a851009b-1bdc-4a6a-ab69-57b039cf6772/1763640000.0_mean_300.0_v3" 201 - "PUT http://172.18.0.197:8080/v1/AUTH_e2c76e4d27554fd5a4f85cce208b136f/gnocchi.a851009b-1bdc-4a6a-ab69-57b039cf6772/1763640000.0_mean_300.0_v3" "tx752583f65f474dd1adaa9-0069295fb6" "proxy-server 20" 0.0100 "-" 23 0
Nov 28 08:39:18 np0005538511 container-server[120329]: 172.20.0.105 - - [28/Nov/2025:08:39:18 +0000] "PUT /d1/1006/AUTH_e2c76e4d27554fd5a4f85cce208b136f/gnocchi.a851009b-1bdc-4a6a-ab69-57b039cf6772/1763640000.0_mean_300.0_v3" 201 - "PUT http://172.18.0.197:8080/d1/205/AUTH_e2c76e4d27554fd5a4f85cce208b136f/gnocchi.a851009b-1bdc-4a6a-ab69-57b039cf6772/1763640000.0_mean_300.0_v3" "tx752583f65f474dd1adaa9-0069295fb6" "object-server 22" 0.0007 "-" 21 0
Nov 28 08:39:18 np0005538511 proxy-server[122064]: 172.18.0.197 172.18.0.104 28/Nov/2025/08/39/18 PUT /v1/AUTH_e2c76e4d27554fd5a4f85cce208b136f/gnocchi.cff1c426-26ad-4c2f-bbfb-cf7808f4ddba/none_v3 HTTP/1.0 201 - python-swiftclient-3.11.1 gAAAAABpKV47sBxn... 33 - - tx526291b6f79e4d5dbddd6-0069295fb6 - 0.0341 - - 1764319158.573626041 1764319158.607696056 0
Nov 28 08:39:18 np0005538511 container-server[120329]: 172.20.0.103 - - [28/Nov/2025:08:39:18 +0000] "PUT /d1/1006/AUTH_e2c76e4d27554fd5a4f85cce208b136f/gnocchi.a851009b-1bdc-4a6a-ab69-57b039cf6772/none_v3" 201 - "PUT http://172.18.0.197:8080/d1/904/AUTH_e2c76e4d27554fd5a4f85cce208b136f/gnocchi.a851009b-1bdc-4a6a-ab69-57b039cf6772/none_v3" "tx7191484f579d4d60b6cfb-0069295fb6" "object-server 22" 0.0007 "-" 21 0
Nov 28 08:39:18 np0005538511 object-server[120732]: 172.20.0.103 - - [28/Nov/2025:08:39:18 +0000] "PUT /d1/904/AUTH_e2c76e4d27554fd5a4f85cce208b136f/gnocchi.a851009b-1bdc-4a6a-ab69-57b039cf6772/none_v3" 201 - "PUT http://172.18.0.197:8080/v1/AUTH_e2c76e4d27554fd5a4f85cce208b136f/gnocchi.a851009b-1bdc-4a6a-ab69-57b039cf6772/none_v3" "tx7191484f579d4d60b6cfb-0069295fb6" "proxy-server 20" 0.0145 "-" 22 0
Nov 28 08:39:18 np0005538511 proxy-server[122064]: 172.18.0.197 172.18.0.104 28/Nov/2025/08/39/18 GET /v1/AUTH_e2c76e4d27554fd5a4f85cce208b136f/gnocchi.7b949dec-daa2-4106-9f8c-6beac0d84399/none_v3 HTTP/1.0 200 - python-swiftclient-3.11.1 gAAAAABpKV47sBxn... - 22 - tx90dc9f6394104399a9177-0069295fb6 - 0.0218 - - 1764319158.634898186 1764319158.656650782 0
Nov 28 08:39:18 np0005538511 proxy-server[122064]: 172.18.0.197 172.18.0.104 28/Nov/2025/08/39/18 GET /v1/AUTH_e2c76e4d27554fd5a4f85cce208b136f/gnocchi.7b949dec-daa2-4106-9f8c-6beac0d84399%3Fformat%3Djson%26marker%3Dnone_v3%26states%3Dlisting HTTP/1.0 200 - python-swiftclient-3.11.1 gAAAAABpKV47sBxn... - 2 - tx40647c0bd2fa431394661-0069295fb6 - 0.0140 - - 1764319158.677443981 1764319158.691438675 0
Nov 28 08:39:18 np0005538511 object-server[120729]: 172.20.0.104 - - [28/Nov/2025:08:39:18 +0000] "GET /d1/763/AUTH_e2c76e4d27554fd5a4f85cce208b136f/gnocchi.7b949dec-daa2-4106-9f8c-6beac0d84399/1763640000.0_mean_300.0_v3" 200 16 "GET http://172.18.0.197:8080/v1/AUTH_e2c76e4d27554fd5a4f85cce208b136f/gnocchi.7b949dec-daa2-4106-9f8c-6beac0d84399/1763640000.0_mean_300.0_v3" "tx1edfbe0fa165464aaae84-0069295fb6" "proxy-server 20" 0.0012 "-" 21 0
Nov 28 08:39:18 np0005538511 proxy-server[122064]: 172.18.0.197 172.18.0.104 28/Nov/2025/08/39/18 GET /v1/AUTH_e2c76e4d27554fd5a4f85cce208b136f/gnocchi.7b949dec-daa2-4106-9f8c-6beac0d84399/1763640000.0_mean_300.0_v3 HTTP/1.0 200 - python-swiftclient-3.11.1 gAAAAABpKV47sBxn... - 16 - tx1edfbe0fa165464aaae84-0069295fb6 - 0.0116 - - 1764319158.697803259 1764319158.709440947 0
Nov 28 08:39:18 np0005538511 proxy-server[122064]: 172.18.0.103 172.18.0.104 28/Nov/2025/08/39/18 GET /v1/AUTH_e2c76e4d27554fd5a4f85cce208b136f/gnocchi.547cef1d-702d-4b82-8ce7-75fa4b1b728d%3Fformat%3Djson%26states%3Dlisting HTTP/1.0 200 - python-swiftclient-3.11.1 gAAAAABpKV38a7pX... - 357 - txb45e5ba0f4054dae8ee3e-0069295fb6 - 0.0595 - - 1764319158.714753866 1764319158.774264336 0
Nov 28 08:39:18 np0005538511 container-server[120325]: 172.20.0.105 - - [28/Nov/2025:08:39:18 +0000] "PUT /d1/253/AUTH_e2c76e4d27554fd5a4f85cce208b136f/gnocchi.7b949dec-daa2-4106-9f8c-6beac0d84399/1763640000.0_mean_300.0_v3" 201 - "PUT http://172.18.0.197:8080/d1/763/AUTH_e2c76e4d27554fd5a4f85cce208b136f/gnocchi.7b949dec-daa2-4106-9f8c-6beac0d84399/1763640000.0_mean_300.0_v3" "tx871b32c074d24464a979f-0069295fb6" "object-server 24" 0.0005 "-" 20 0
Nov 28 08:39:18 np0005538511 object-server[120732]: 172.20.0.103 - - [28/Nov/2025:08:39:18 +0000] "PUT /d1/763/AUTH_e2c76e4d27554fd5a4f85cce208b136f/gnocchi.7b949dec-daa2-4106-9f8c-6beac0d84399/1763640000.0_mean_300.0_v3" 201 - "PUT http://172.18.0.197:8080/v1/AUTH_e2c76e4d27554fd5a4f85cce208b136f/gnocchi.7b949dec-daa2-4106-9f8c-6beac0d84399/1763640000.0_mean_300.0_v3" "tx871b32c074d24464a979f-0069295fb6" "proxy-server 20" 0.0131 "-" 22 0
Nov 28 08:39:18 np0005538511 proxy-server[122064]: 172.18.0.103 172.18.0.104 28/Nov/2025/08/39/18 GET /v1/AUTH_e2c76e4d27554fd5a4f85cce208b136f/gnocchi.547cef1d-702d-4b82-8ce7-75fa4b1b728d%3Fformat%3Djson%26marker%3Dnone_v3%26states%3Dlisting HTTP/1.0 200 - python-swiftclient-3.11.1 gAAAAABpKV38a7pX... - 2 - tx36b54e9760bd4364ada25-0069295fb6 - 0.0169 - - 1764319158.778572083 1764319158.795508385 0
Nov 28 08:39:18 np0005538511 container-server[120325]: 172.20.0.103 - - [28/Nov/2025:08:39:18 +0000] "PUT /d1/253/AUTH_e2c76e4d27554fd5a4f85cce208b136f/gnocchi.7b949dec-daa2-4106-9f8c-6beac0d84399/none_v3" 201 - "PUT http://172.18.0.197:8080/d1/256/AUTH_e2c76e4d27554fd5a4f85cce208b136f/gnocchi.7b949dec-daa2-4106-9f8c-6beac0d84399/none_v3" "txd102e30d1e3541cfb6e18-0069295fb6" "object-server 25" 0.0003 "-" 20 0
Nov 28 08:39:18 np0005538511 object-server[120729]: 172.20.0.103 - - [28/Nov/2025:08:39:18 +0000] "PUT /d1/256/AUTH_e2c76e4d27554fd5a4f85cce208b136f/gnocchi.7b949dec-daa2-4106-9f8c-6beac0d84399/none_v3" 201 - "PUT http://172.18.0.197:8080/v1/AUTH_e2c76e4d27554fd5a4f85cce208b136f/gnocchi.7b949dec-daa2-4106-9f8c-6beac0d84399/none_v3" "txd102e30d1e3541cfb6e18-0069295fb6" "proxy-server 20" 0.0121 "-" 21 0
Nov 28 08:39:18 np0005538511 object-server[120735]: 172.20.0.104 - - [28/Nov/2025:08:39:18 +0000] "GET /d1/794/AUTH_e2c76e4d27554fd5a4f85cce208b136f/gnocchi.547cef1d-702d-4b82-8ce7-75fa4b1b728d/1763640000.0_rate%3Amean_300.0_v3" 404 70 "GET http://172.18.0.197:8080/v1/AUTH_e2c76e4d27554fd5a4f85cce208b136f/gnocchi.547cef1d-702d-4b82-8ce7-75fa4b1b728d/1763640000.0_rate%3Amean_300.0_v3" "tx3e6b9142911f46ff97c18-0069295fb6" "proxy-server 20" 0.0005 "-" 24 0
Nov 28 08:39:18 np0005538511 proxy-server[122064]: 172.18.0.103 172.18.0.104 28/Nov/2025/08/39/18 GET /v1/AUTH_e2c76e4d27554fd5a4f85cce208b136f/gnocchi.547cef1d-702d-4b82-8ce7-75fa4b1b728d/1763640000.0_rate%253Amean_300.0_v3 HTTP/1.0 404 - python-swiftclient-3.11.1 gAAAAABpKV38a7pX... - 70 - tx3e6b9142911f46ff97c18-0069295fb6 - 0.0228 - - 1764319158.802685738 1764319158.825514078 0
Nov 28 08:39:18 np0005538511 container-server[120341]: 172.20.0.104 - - [28/Nov/2025:08:39:18 +0000] "HEAD /d1/844/AUTH_e2c76e4d27554fd5a4f85cce208b136f/gnocchi.e7808e08-cb0c-4239-94c4-f4d83524641c" 204 - "HEAD http://172.18.0.197:8080/v1/AUTH_e2c76e4d27554fd5a4f85cce208b136f/gnocchi.e7808e08-cb0c-4239-94c4-f4d83524641c?format=json&states=listing" "tx780224d410694a12a4886-0069295fb6" "proxy-server 20" 0.0019 "-" 22 0
Nov 28 08:39:18 np0005538511 proxy-server[122064]: 172.18.0.197 172.18.0.104 28/Nov/2025/08/39/18 GET /v1/AUTH_e2c76e4d27554fd5a4f85cce208b136f/gnocchi.e7808e08-cb0c-4239-94c4-f4d83524641c/none_v3 HTTP/1.0 200 - python-swiftclient-3.11.1 gAAAAABpKV47sBxn... - 22 - tx780224d410694a12a4886-0069295fb6 - 0.0187 - - 1764319158.834057808 1764319158.852760077 0
Nov 28 08:39:18 np0005538511 container-server[120329]: 172.20.0.104 - - [28/Nov/2025:08:39:18 +0000] "PUT /d1/196/AUTH_e2c76e4d27554fd5a4f85cce208b136f/gnocchi.547cef1d-702d-4b82-8ce7-75fa4b1b728d/1763640000.0_rate%3Amean_300.0_v3" 201 - "PUT http://172.18.0.197:8080/d1/794/AUTH_e2c76e4d27554fd5a4f85cce208b136f/gnocchi.547cef1d-702d-4b82-8ce7-75fa4b1b728d/1763640000.0_rate%3Amean_300.0_v3" "txaae642721daf4e0c87af7-0069295fb6" "object-server 21" 0.0006 "-" 21 0
Nov 28 08:39:18 np0005538511 object-server[120729]: 172.20.0.103 - - [28/Nov/2025:08:39:18 +0000] "PUT /d1/794/AUTH_e2c76e4d27554fd5a4f85cce208b136f/gnocchi.547cef1d-702d-4b82-8ce7-75fa4b1b728d/1763640000.0_rate%3Amean_300.0_v3" 201 - "PUT http://172.18.0.197:8080/v1/AUTH_e2c76e4d27554fd5a4f85cce208b136f/gnocchi.547cef1d-702d-4b82-8ce7-75fa4b1b728d/1763640000.0_rate%3Amean_300.0_v3" "txaae642721daf4e0c87af7-0069295fb6" "proxy-server 20" 0.0110 "-" 21 0
Nov 28 08:39:18 np0005538511 proxy-server[122064]: 172.18.0.197 172.18.0.104 28/Nov/2025/08/39/18 GET /v1/AUTH_e2c76e4d27554fd5a4f85cce208b136f/gnocchi.e7808e08-cb0c-4239-94c4-f4d83524641c%3Fformat%3Djson%26states%3Dlisting HTTP/1.0 200 - python-swiftclient-3.11.1 gAAAAABpKV47sBxn... - 357 - tx6b38d7c00c5d4b909dbf3-0069295fb6 - 0.0165 - - 1764319158.858143330 1764319158.874645233 0
Nov 28 08:39:18 np0005538511 container-server[120329]: 172.20.0.104 - - [28/Nov/2025:08:39:18 +0000] "PUT /d1/196/AUTH_e2c76e4d27554fd5a4f85cce208b136f/gnocchi.547cef1d-702d-4b82-8ce7-75fa4b1b728d/1763640000.0_mean_300.0_v3" 201 - "PUT http://172.18.0.197:8080/d1/13/AUTH_e2c76e4d27554fd5a4f85cce208b136f/gnocchi.547cef1d-702d-4b82-8ce7-75fa4b1b728d/1763640000.0_mean_300.0_v3" "tx9c2610f0acca48ee84e94-0069295fb6" "object-server 23" 0.0004 "-" 21 0
Nov 28 08:39:18 np0005538511 object-server[120734]: 172.20.0.103 - - [28/Nov/2025:08:39:18 +0000] "PUT /d1/13/AUTH_e2c76e4d27554fd5a4f85cce208b136f/gnocchi.547cef1d-702d-4b82-8ce7-75fa4b1b728d/1763640000.0_mean_300.0_v3" 201 - "PUT http://172.18.0.197:8080/v1/AUTH_e2c76e4d27554fd5a4f85cce208b136f/gnocchi.547cef1d-702d-4b82-8ce7-75fa4b1b728d/1763640000.0_mean_300.0_v3" "tx9c2610f0acca48ee84e94-0069295fb6" "proxy-server 20" 0.0101 "-" 23 0
Nov 28 08:39:18 np0005538511 proxy-server[122064]: 172.18.0.197 172.18.0.104 28/Nov/2025/08/39/18 GET /v1/AUTH_e2c76e4d27554fd5a4f85cce208b136f/gnocchi.e7808e08-cb0c-4239-94c4-f4d83524641c%3Fformat%3Djson%26marker%3Dnone_v3%26states%3Dlisting HTTP/1.0 200 - python-swiftclient-3.11.1 gAAAAABpKV47sBxn... - 2 - tx68243b1f095c4c67b45f2-0069295fb6 - 0.0169 - - 1764319158.878594875 1764319158.895509005 0
Nov 28 08:39:18 np0005538511 object-server[120734]: 172.20.0.103 - - [28/Nov/2025:08:39:18 +0000] "GET /d1/293/AUTH_e2c76e4d27554fd5a4f85cce208b136f/gnocchi.e7808e08-cb0c-4239-94c4-f4d83524641c/1763640000.0_rate%3Amean_300.0_v3" 404 70 "GET http://172.18.0.197:8080/v1/AUTH_e2c76e4d27554fd5a4f85cce208b136f/gnocchi.e7808e08-cb0c-4239-94c4-f4d83524641c/1763640000.0_rate%3Amean_300.0_v3" "tx77cb707fee254bb08760e-0069295fb6" "proxy-server 20" 0.0004 "-" 23 0
