Nov 28 08:29:57 np0005538511 account-server[119810]: Beginning replication run
Nov 28 08:29:57 np0005538511 account-server[119810]: Replication run OVER
Nov 28 08:29:57 np0005538511 account-server[119810]: Attempted to replicate 0 dbs in 0.00182 seconds (0.00000/s)
Nov 28 08:29:57 np0005538511 account-server[119810]: Removed 0 dbs
Nov 28 08:29:57 np0005538511 account-server[119810]: 0 successes, 0 failures
Nov 28 08:29:57 np0005538511 account-server[119810]: diff:0 diff_capped:0 empty:0 hashmatch:0 no_change:0 remote_merge:0 rsync:0 ts_repl:0
Nov 28 08:30:03 np0005538511 container-server[120011]: Beginning replication run
Nov 28 08:30:03 np0005538511 container-server[120011]: Replication run OVER
Nov 28 08:30:03 np0005538511 container-server[120011]: Attempted to replicate 0 dbs in 0.00201 seconds (0.00000/s)
Nov 28 08:30:03 np0005538511 container-server[120011]: Removed 0 dbs
Nov 28 08:30:03 np0005538511 container-server[120011]: 0 successes, 0 failures
Nov 28 08:30:03 np0005538511 container-server[120011]: diff:0 diff_capped:0 empty:0 hashmatch:0 no_change:0 remote_merge:0 rsync:0 ts_repl:0
Nov 28 08:30:12 np0005538511 object-server[120485]: Starting object replication pass.
Nov 28 08:30:12 np0005538511 object-server[120485]: Nothing replicated for 0.0038182735443115234 seconds.
Nov 28 08:30:12 np0005538511 object-server[120485]: Object replication complete. (0.00 minutes)
Nov 28 08:30:13 np0005538511 object-server[195594]: Begin object audit "forever" mode (ZBF)
Nov 28 08:30:13 np0005538511 object-server[195595]: Begin object audit "forever" mode (ALL)
Nov 28 08:30:13 np0005538511 object-server[195594]: Object audit (ZBF) "forever" mode completed: 0.00s. Total quarantined: 0, Total errors: 0, Total files/sec: 0.00, Total bytes/sec: 0.00, Auditing time: 0.00, Rate: 0.00
Nov 28 08:30:13 np0005538511 object-server[195595]: Object audit (ALL) "forever" mode completed: 0.00s. Total quarantined: 0, Total errors: 0, Total files/sec: 0.00, Total bytes/sec: 0.00, Auditing time: 0.00, Rate: 0.00
Nov 28 08:30:27 np0005538511 account-server[119810]: Beginning replication run
Nov 28 08:30:27 np0005538511 account-server[119810]: Replication run OVER
Nov 28 08:30:27 np0005538511 account-server[119810]: Attempted to replicate 0 dbs in 0.00153 seconds (0.00000/s)
Nov 28 08:30:27 np0005538511 account-server[119810]: Removed 0 dbs
Nov 28 08:30:27 np0005538511 account-server[119810]: 0 successes, 0 failures
Nov 28 08:30:27 np0005538511 account-server[119810]: diff:0 diff_capped:0 empty:0 hashmatch:0 no_change:0 remote_merge:0 rsync:0 ts_repl:0
Nov 28 08:30:33 np0005538511 container-server[120011]: Beginning replication run
Nov 28 08:30:33 np0005538511 container-server[120011]: Replication run OVER
Nov 28 08:30:33 np0005538511 container-server[120011]: Attempted to replicate 0 dbs in 0.00164 seconds (0.00000/s)
Nov 28 08:30:33 np0005538511 container-server[120011]: Removed 0 dbs
Nov 28 08:30:33 np0005538511 container-server[120011]: 0 successes, 0 failures
Nov 28 08:30:33 np0005538511 container-server[120011]: diff:0 diff_capped:0 empty:0 hashmatch:0 no_change:0 remote_merge:0 rsync:0 ts_repl:0
Nov 28 08:30:42 np0005538511 object-server[120485]: Starting object replication pass.
Nov 28 08:30:42 np0005538511 object-server[120485]: Nothing replicated for 0.0035600662231445312 seconds.
Nov 28 08:30:42 np0005538511 object-server[120485]: Object replication complete. (0.00 minutes)
Nov 28 08:30:42 np0005538511 account-server[120218]: 172.20.0.103 - - [28/Nov/2025:08:30:42 +0000] "HEAD /d1/46/.expiring_objects" 404 - "HEAD http://localhost/v1/.expiring_objects?format=json" "txf5d0ef4d6f5843b38da81-0069295db2" "proxy-server 2" 0.0007 "-" 21 -
Nov 28 08:30:43 np0005538511 object-server[195596]: Begin object audit "forever" mode (ZBF)
Nov 28 08:30:43 np0005538511 object-server[195596]: Object audit (ZBF) "forever" mode completed: 0.00s. Total quarantined: 0, Total errors: 0, Total files/sec: 0.00, Total bytes/sec: 0.00, Auditing time: 0.00, Rate: 0.00
Nov 28 08:30:44 np0005538511 account-server[120215]: 172.20.0.103 - - [28/Nov/2025:08:30:44 +0000] "HEAD /d1/46/.expiring_objects" 404 - "HEAD http://localhost/v1/.expiring_objects?format=json" "tx9c7c9879869e4b8db1dd9-0069295db4" "proxy-server 2" 0.0008 "-" 20 -
Nov 28 08:30:57 np0005538511 account-server[119810]: Beginning replication run
Nov 28 08:30:57 np0005538511 account-server[119810]: Replication run OVER
Nov 28 08:30:57 np0005538511 account-server[119810]: Attempted to replicate 0 dbs in 0.00221 seconds (0.00000/s)
Nov 28 08:30:57 np0005538511 account-server[119810]: Removed 0 dbs
Nov 28 08:30:57 np0005538511 account-server[119810]: 0 successes, 0 failures
Nov 28 08:30:57 np0005538511 account-server[119810]: diff:0 diff_capped:0 empty:0 hashmatch:0 no_change:0 remote_merge:0 rsync:0 ts_repl:0
Nov 28 08:31:03 np0005538511 container-server[120011]: Beginning replication run
Nov 28 08:31:03 np0005538511 container-server[120011]: Replication run OVER
Nov 28 08:31:03 np0005538511 container-server[120011]: Attempted to replicate 0 dbs in 0.00135 seconds (0.00000/s)
Nov 28 08:31:03 np0005538511 container-server[120011]: Removed 0 dbs
Nov 28 08:31:03 np0005538511 container-server[120011]: 0 successes, 0 failures
Nov 28 08:31:03 np0005538511 container-server[120011]: diff:0 diff_capped:0 empty:0 hashmatch:0 no_change:0 remote_merge:0 rsync:0 ts_repl:0
Nov 28 08:31:12 np0005538511 object-server[120485]: Starting object replication pass.
Nov 28 08:31:12 np0005538511 object-server[120485]: Nothing replicated for 0.003675222396850586 seconds.
Nov 28 08:31:12 np0005538511 object-server[120485]: Object replication complete. (0.00 minutes)
Nov 28 08:31:13 np0005538511 object-server[201465]: Begin object audit "forever" mode (ZBF)
Nov 28 08:31:13 np0005538511 object-server[201465]: Object audit (ZBF) "forever" mode completed: 0.00s. Total quarantined: 0, Total errors: 0, Total files/sec: 0.00, Total bytes/sec: 0.00, Auditing time: 0.00, Rate: 0.00
Nov 28 08:31:13 np0005538511 object-server[201466]: Begin object audit "forever" mode (ALL)
Nov 28 08:31:13 np0005538511 object-server[201466]: Object audit (ALL) "forever" mode completed: 0.00s. Total quarantined: 0, Total errors: 0, Total files/sec: 0.00, Total bytes/sec: 0.00, Auditing time: 0.00, Rate: 0.00
Nov 28 08:31:27 np0005538511 account-server[119810]: Beginning replication run
Nov 28 08:31:27 np0005538511 account-server[119810]: Replication run OVER
Nov 28 08:31:27 np0005538511 account-server[119810]: Attempted to replicate 0 dbs in 0.00152 seconds (0.00000/s)
Nov 28 08:31:27 np0005538511 account-server[119810]: Removed 0 dbs
Nov 28 08:31:27 np0005538511 account-server[119810]: 0 successes, 0 failures
Nov 28 08:31:27 np0005538511 account-server[119810]: diff:0 diff_capped:0 empty:0 hashmatch:0 no_change:0 remote_merge:0 rsync:0 ts_repl:0
Nov 28 08:31:33 np0005538511 container-server[120011]: Beginning replication run
Nov 28 08:31:33 np0005538511 container-server[120011]: Replication run OVER
Nov 28 08:31:33 np0005538511 container-server[120011]: Attempted to replicate 0 dbs in 0.00178 seconds (0.00000/s)
Nov 28 08:31:33 np0005538511 container-server[120011]: Removed 0 dbs
Nov 28 08:31:33 np0005538511 container-server[120011]: 0 successes, 0 failures
Nov 28 08:31:33 np0005538511 container-server[120011]: diff:0 diff_capped:0 empty:0 hashmatch:0 no_change:0 remote_merge:0 rsync:0 ts_repl:0
Nov 28 08:31:42 np0005538511 object-server[120485]: Starting object replication pass.
Nov 28 08:31:42 np0005538511 object-server[120485]: Nothing replicated for 0.003851175308227539 seconds.
Nov 28 08:31:42 np0005538511 object-server[120485]: Object replication complete. (0.00 minutes)
Nov 28 08:31:43 np0005538511 object-server[201467]: Begin object audit "forever" mode (ZBF)
Nov 28 08:31:43 np0005538511 object-server[201467]: Object audit (ZBF) "forever" mode completed: 0.00s. Total quarantined: 0, Total errors: 0, Total files/sec: 0.00, Total bytes/sec: 0.00, Auditing time: 0.00, Rate: 0.00
Nov 28 08:31:53 np0005538511 container-server[120380]: Begin container update sweep
Nov 28 08:31:53 np0005538511 container-server[120380]: Container update sweep completed: 0.00s
Nov 28 08:31:56 np0005538511 account-server[120230]: 172.20.0.103 - - [28/Nov/2025:08:31:56 +0000] "HEAD /d1/535/AUTH_e2c76e4d27554fd5a4f85cce208b136f" 404 - "HEAD http://172.18.0.197:8080/v1/AUTH_e2c76e4d27554fd5a4f85cce208b136f?format=json" "txa69d8ec619ba48d695b4b-0069295dfc" "proxy-server 20" 0.0004 "-" 23 -
Nov 28 08:31:57 np0005538511 object-server[120729]: 172.20.0.103 - - [28/Nov/2025:08:31:57 +0000] "GET /d1/70/AUTH_e2c76e4d27554fd5a4f85cce208b136f/gnocchi.4f0364c4-4af6-4e6c-bcd5-5ff199621362/none_v3" 404 70 "GET http://172.18.0.197:8080/v1/AUTH_e2c76e4d27554fd5a4f85cce208b136f/gnocchi.4f0364c4-4af6-4e6c-bcd5-5ff199621362/none_v3" "txa69d8ec619ba48d695b4b-0069295dfc" "proxy-server 20" 0.0008 "-" 21 0
Nov 28 08:31:57 np0005538511 account-server[120215]: 172.20.0.104 - - [28/Nov/2025:08:31:57 +0000] "PUT /d1/535/AUTH_e2c76e4d27554fd5a4f85cce208b136f" 201 - "-" "txae012a3bdc974d8aa1866-0069295dfd" "-" 0.0156 "-" 20 -
Nov 28 08:31:57 np0005538511 proxy-server[122064]: autocreate account '/AUTH_e2c76e4d27554fd5a4f85cce208b136f' (txn: txae012a3bdc974d8aa1866-0069295dfd)
Nov 28 08:31:57 np0005538511 account-server[120230]: 172.20.0.104 - - [28/Nov/2025:08:31:57 +0000] "PUT /d1/535/AUTH_e2c76e4d27554fd5a4f85cce208b136f/gnocchi.4f0364c4-4af6-4e6c-bcd5-5ff199621362" 201 - "PUT http://172.20.0.104:6001/d1/264/AUTH_e2c76e4d27554fd5a4f85cce208b136f/gnocchi.4f0364c4-4af6-4e6c-bcd5-5ff199621362" "txae012a3bdc974d8aa1866-0069295dfd" "container-server 21" 0.0015 "-" 23 0
Nov 28 08:31:57 np0005538511 container-server[120329]: 172.20.0.104 - - [28/Nov/2025:08:31:57 +0000] "PUT /d1/264/AUTH_e2c76e4d27554fd5a4f85cce208b136f/gnocchi.4f0364c4-4af6-4e6c-bcd5-5ff199621362" 201 - "PUT http://172.18.0.197:8080/v1/AUTH_e2c76e4d27554fd5a4f85cce208b136f/gnocchi.4f0364c4-4af6-4e6c-bcd5-5ff199621362" "txae012a3bdc974d8aa1866-0069295dfd" "proxy-server 20" 0.0227 "-" 21 0
Nov 28 08:31:57 np0005538511 proxy-server[122064]: 172.18.0.103 172.18.0.104 28/Nov/2025/08/31/57 PUT /v1/AUTH_e2c76e4d27554fd5a4f85cce208b136f/gnocchi.4f0364c4-4af6-4e6c-bcd5-5ff199621362 HTTP/1.0 201 - python-swiftclient-3.11.1 gAAAAABpKV38a7pX... - - - txae012a3bdc974d8aa1866-0069295dfd - 0.0692 - - 1764318717.324622631 1764318717.393778086 0
Nov 28 08:31:57 np0005538511 container-server[120329]: 172.20.0.105 - - [28/Nov/2025:08:31:57 +0000] "GET /d1/264/AUTH_e2c76e4d27554fd5a4f85cce208b136f/gnocchi.4f0364c4-4af6-4e6c-bcd5-5ff199621362" 200 2 "GET http://172.18.0.197:8080/v1/AUTH_e2c76e4d27554fd5a4f85cce208b136f/gnocchi.4f0364c4-4af6-4e6c-bcd5-5ff199621362?format=json&states=listing" "tx34bb793cc4b045f2a11d0-0069295dfd" "proxy-server 20" 0.0026 "-" 21 0
Nov 28 08:31:57 np0005538511 object-server[120729]: 172.20.0.103 - - [28/Nov/2025:08:31:57 +0000] "GET /d1/311/AUTH_e2c76e4d27554fd5a4f85cce208b136f/gnocchi.4f0364c4-4af6-4e6c-bcd5-5ff199621362/1763640000.0_mean_300.0_v3" 404 70 "GET http://172.18.0.197:8080/v1/AUTH_e2c76e4d27554fd5a4f85cce208b136f/gnocchi.4f0364c4-4af6-4e6c-bcd5-5ff199621362/1763640000.0_mean_300.0_v3" "tx02a4abedf158404ca73ea-0069295dfd" "proxy-server 20" 0.0003 "-" 21 0
Nov 28 08:31:57 np0005538511 container-server[120325]: 172.20.0.104 - - [28/Nov/2025:08:31:57 +0000] "PUT /d1/264/AUTH_e2c76e4d27554fd5a4f85cce208b136f/gnocchi.4f0364c4-4af6-4e6c-bcd5-5ff199621362/1763640000.0_mean_300.0_v3" 201 - "PUT http://172.18.0.197:8080/d1/311/AUTH_e2c76e4d27554fd5a4f85cce208b136f/gnocchi.4f0364c4-4af6-4e6c-bcd5-5ff199621362/1763640000.0_mean_300.0_v3" "txa08b6db7a76349dd82e3f-0069295dfd" "object-server 21" 0.0010 "-" 20 0
Nov 28 08:31:57 np0005538511 object-server[120729]: 172.20.0.104 - - [28/Nov/2025:08:31:57 +0000] "PUT /d1/311/AUTH_e2c76e4d27554fd5a4f85cce208b136f/gnocchi.4f0364c4-4af6-4e6c-bcd5-5ff199621362/1763640000.0_mean_300.0_v3" 201 - "PUT http://172.18.0.197:8080/v1/AUTH_e2c76e4d27554fd5a4f85cce208b136f/gnocchi.4f0364c4-4af6-4e6c-bcd5-5ff199621362/1763640000.0_mean_300.0_v3" "txa08b6db7a76349dd82e3f-0069295dfd" "proxy-server 20" 0.0356 "-" 21 0
Nov 28 08:31:57 np0005538511 proxy-server[122064]: 172.18.0.103 172.18.0.104 28/Nov/2025/08/31/57 PUT /v1/AUTH_e2c76e4d27554fd5a4f85cce208b136f/gnocchi.4f0364c4-4af6-4e6c-bcd5-5ff199621362/1763640000.0_mean_300.0_v3 HTTP/1.0 201 - python-swiftclient-3.11.1 gAAAAABpKV38a7pX... 16 - - txa08b6db7a76349dd82e3f-0069295dfd - 0.0491 - - 1764318717.450443983 1764318717.499542952 0
Nov 28 08:31:57 np0005538511 object-server[120735]: 172.20.0.105 - - [28/Nov/2025:08:31:57 +0000] "PUT /d1/70/AUTH_e2c76e4d27554fd5a4f85cce208b136f/gnocchi.4f0364c4-4af6-4e6c-bcd5-5ff199621362/none_v3" 201 - "PUT http://172.18.0.197:8080/v1/AUTH_e2c76e4d27554fd5a4f85cce208b136f/gnocchi.4f0364c4-4af6-4e6c-bcd5-5ff199621362/none_v3" "txd875cfbafe5c470eac72b-0069295dfd" "proxy-server 20" 0.0260 "-" 24 0
Nov 28 08:31:57 np0005538511 container-server[120329]: 172.20.0.103 - - [28/Nov/2025:08:31:57 +0000] "PUT /d1/264/AUTH_e2c76e4d27554fd5a4f85cce208b136f/gnocchi.4f0364c4-4af6-4e6c-bcd5-5ff199621362/none_v3" 201 - "PUT http://172.18.0.197:8080/d1/70/AUTH_e2c76e4d27554fd5a4f85cce208b136f/gnocchi.4f0364c4-4af6-4e6c-bcd5-5ff199621362/none_v3" "txd875cfbafe5c470eac72b-0069295dfd" "object-server 22" 0.0005 "-" 21 0
Nov 28 08:31:57 np0005538511 account-server[119810]: Beginning replication run
Nov 28 08:31:57 np0005538511 account-server[119810]: Replication run OVER
Nov 28 08:31:57 np0005538511 account-server[119810]: Attempted to replicate 1 dbs in 0.05264 seconds (18.99788/s)
Nov 28 08:31:57 np0005538511 account-server[119810]: Removed 0 dbs
Nov 28 08:31:57 np0005538511 account-server[119810]: 2 successes, 0 failures
Nov 28 08:31:57 np0005538511 account-server[119810]: diff:0 diff_capped:0 empty:0 hashmatch:0 no_change:2 remote_merge:0 rsync:0 ts_repl:0
Nov 28 08:32:03 np0005538511 container-server[120011]: Beginning replication run
Nov 28 08:32:03 np0005538511 container-server[120011]: Replication run OVER
Nov 28 08:32:03 np0005538511 container-server[120011]: Attempted to replicate 1 dbs in 0.09854 seconds (10.14817/s)
Nov 28 08:32:03 np0005538511 container-server[120011]: Removed 0 dbs
Nov 28 08:32:03 np0005538511 container-server[120011]: 2 successes, 0 failures
Nov 28 08:32:03 np0005538511 container-server[120011]: diff:0 diff_capped:0 empty:0 hashmatch:0 no_change:2 remote_merge:0 rsync:0 ts_repl:0
Nov 28 08:32:07 np0005538511 account-server[120218]: 172.20.0.103 - - [28/Nov/2025:08:32:07 +0000] "HEAD /d1/46/.expiring_objects" 404 - "HEAD http://localhost/v1/.expiring_objects?format=json" "txd9a2c0ce2d3a4ced93f7e-0069295e07" "proxy-server 2" 0.0007 "-" 21 -
Nov 28 08:32:08 np0005538511 account-server[120215]: 172.20.0.103 - - [28/Nov/2025:08:32:08 +0000] "HEAD /d1/46/.expiring_objects" 404 - "HEAD http://localhost/v1/.expiring_objects?format=json" "txa4121d857929456398afb-0069295e08" "proxy-server 2" 0.0006 "-" 20 -
Nov 28 08:32:12 np0005538511 object-server[120485]: Starting object replication pass.
Nov 28 08:32:12 np0005538511 object-server[120485]: 2/2 (100.00%) partitions replicated in 0.03s (63.20/sec, 0s remaining)
Nov 28 08:32:12 np0005538511 object-server[120485]: 4 successes, 0 failures
Nov 28 08:32:12 np0005538511 object-server[120485]: 2 suffixes checked - 0.00% hashed, 0.00% synced
Nov 28 08:32:12 np0005538511 object-server[120485]: Partition times: max 0.0179s, min 0.0109s, med 0.0179s
Nov 28 08:32:12 np0005538511 object-server[120485]: Object replication complete. (0.00 minutes)
Nov 28 08:32:13 np0005538511 object-server[207501]: Begin object audit "forever" mode (ZBF)
Nov 28 08:32:13 np0005538511 object-server[207501]: Object audit (ZBF). Since Fri Nov 28 08:32:13 2025: Locally: 1 passed, 0 quarantined, 0 errors, files/sec: 1305.01, bytes/sec: 0.00, Total time: 0.00, Auditing time: 0.00, Rate: 0.00
Nov 28 08:32:13 np0005538511 object-server[207502]: Begin object audit "forever" mode (ALL)
Nov 28 08:32:13 np0005538511 object-server[207501]: Object audit (ZBF) "forever" mode completed: 0.00s. Total quarantined: 0, Total errors: 0, Total files/sec: 626.16, Total bytes/sec: 0.00, Auditing time: 0.00, Rate: 0.17
Nov 28 08:32:13 np0005538511 object-server[207502]: Object audit (ALL). Since Fri Nov 28 08:32:13 2025: Locally: 1 passed, 0 quarantined, 0 errors, files/sec: 148.28, bytes/sec: 2372.43, Total time: 0.01, Auditing time: 0.00, Rate: 0.00
Nov 28 08:32:13 np0005538511 object-server[207502]: Object audit (ALL) "forever" mode completed: 0.01s. Total quarantined: 0, Total errors: 0, Total files/sec: 221.32, Total bytes/sec: 5311.63, Auditing time: 0.01, Rate: 0.73
Nov 28 08:32:27 np0005538511 account-server[119810]: Beginning replication run
Nov 28 08:32:27 np0005538511 account-server[119810]: Replication run OVER
Nov 28 08:32:27 np0005538511 account-server[119810]: Attempted to replicate 1 dbs in 0.02077 seconds (48.14486/s)
Nov 28 08:32:27 np0005538511 account-server[119810]: Removed 0 dbs
Nov 28 08:32:27 np0005538511 account-server[119810]: 2 successes, 0 failures
Nov 28 08:32:27 np0005538511 account-server[119810]: diff:0 diff_capped:0 empty:0 hashmatch:0 no_change:2 remote_merge:0 rsync:0 ts_repl:0
Nov 28 08:32:32 np0005538511 account-server[120215]: 172.20.0.104 - - [28/Nov/2025:08:32:32 +0000] "HEAD /d1/46/.expiring_objects" 404 - "HEAD http://localhost/v1/.expiring_objects?format=json" "txcf60b363511f424a8f076-0069295e20" "proxy-server 2" 0.0006 "-" 20 -
Nov 28 08:32:32 np0005538511 object-expirer[120428]: Pass completed in 0s; 0 objects expired (txn: txcf60b363511f424a8f076-0069295e20)
Nov 28 08:32:33 np0005538511 container-server[120011]: Beginning replication run
Nov 28 08:32:33 np0005538511 container-server[120011]: Replication run OVER
Nov 28 08:32:33 np0005538511 container-server[120011]: Attempted to replicate 1 dbs in 0.02341 seconds (42.70906/s)
Nov 28 08:32:33 np0005538511 container-server[120011]: Removed 0 dbs
Nov 28 08:32:33 np0005538511 container-server[120011]: 2 successes, 0 failures
Nov 28 08:32:33 np0005538511 container-server[120011]: diff:0 diff_capped:0 empty:0 hashmatch:0 no_change:2 remote_merge:0 rsync:0 ts_repl:0
Nov 28 08:32:33 np0005538511 object-server[120747]: Begin object update sweep
Nov 28 08:32:33 np0005538511 object-server[209629]: Object update sweep starting on /srv/node/d1 (pid: 14)
Nov 28 08:32:33 np0005538511 object-server[209629]: Object update sweep completed on /srv/node/d1 in 0.00s seconds:, 0 successes, 0 failures, 0 quarantines, 0 unlinks, 0 errors, 0 redirects (pid: 14)
Nov 28 08:32:33 np0005538511 object-server[209629]: Object update sweep of d1 completed: 0.00s, 0 successes, 0 failures, 0 quarantines, 0 unlinks, 0 errors, 0 redirects
Nov 28 08:32:33 np0005538511 object-server[120747]: Object update sweep completed: 0.08s
Nov 28 08:32:42 np0005538511 object-server[120485]: Starting object replication pass.
Nov 28 08:32:42 np0005538511 object-server[120485]: 2/2 (100.00%) partitions replicated in 0.04s (55.14/sec, 0s remaining)
Nov 28 08:32:42 np0005538511 object-server[120485]: 4 successes, 0 failures
Nov 28 08:32:42 np0005538511 object-server[120485]: 2 suffixes checked - 0.00% hashed, 0.00% synced
Nov 28 08:32:42 np0005538511 object-server[120485]: Partition times: max 0.0182s, min 0.0142s, med 0.0182s
Nov 28 08:32:42 np0005538511 object-server[120485]: Object replication complete. (0.00 minutes)
Nov 28 08:32:43 np0005538511 object-server[207504]: Begin object audit "forever" mode (ZBF)
Nov 28 08:32:43 np0005538511 object-server[207504]: Object audit (ZBF). Since Fri Nov 28 08:32:43 2025: Locally: 1 passed, 0 quarantined, 0 errors, files/sec: 711.38, bytes/sec: 0.00, Total time: 0.00, Auditing time: 0.00, Rate: 0.00
Nov 28 08:32:43 np0005538511 object-server[207504]: Object audit (ZBF) "forever" mode completed: 0.00s. Total quarantined: 0, Total errors: 0, Total files/sec: 517.30, Total bytes/sec: 0.00, Auditing time: 0.00, Rate: 0.24
Nov 28 08:32:57 np0005538511 account-server[119810]: Beginning replication run
Nov 28 08:32:57 np0005538511 account-server[119810]: Replication run OVER
Nov 28 08:32:57 np0005538511 account-server[119810]: Attempted to replicate 1 dbs in 0.02013 seconds (49.67646/s)
Nov 28 08:32:57 np0005538511 account-server[119810]: Removed 0 dbs
Nov 28 08:32:57 np0005538511 account-server[119810]: 2 successes, 0 failures
Nov 28 08:32:57 np0005538511 account-server[119810]: diff:0 diff_capped:0 empty:0 hashmatch:0 no_change:2 remote_merge:0 rsync:0 ts_repl:0
Nov 28 08:32:59 np0005538511 container-server[120329]: 172.20.0.103 - - [28/Nov/2025:08:32:59 +0000] "HEAD /d1/972/AUTH_e2c76e4d27554fd5a4f85cce208b136f/gnocchi.7e33f569-81a4-4cb4-bd1c-175cb7009609" 404 - "HEAD http://172.18.0.197:8080/v1/AUTH_e2c76e4d27554fd5a4f85cce208b136f/gnocchi.7e33f569-81a4-4cb4-bd1c-175cb7009609?format=json&states=listing" "tx2cafa64c4a964f14b3fa9-0069295e3b" "proxy-server 20" 0.0010 "-" 21 0
Nov 28 08:32:59 np0005538511 object-server[120735]: 172.20.0.103 - - [28/Nov/2025:08:32:59 +0000] "GET /d1/479/AUTH_e2c76e4d27554fd5a4f85cce208b136f/gnocchi.7e33f569-81a4-4cb4-bd1c-175cb7009609/none_v3" 404 70 "GET http://172.18.0.197:8080/v1/AUTH_e2c76e4d27554fd5a4f85cce208b136f/gnocchi.7e33f569-81a4-4cb4-bd1c-175cb7009609/none_v3" "tx2cafa64c4a964f14b3fa9-0069295e3b" "proxy-server 20" 0.0005 "-" 24 0
Nov 28 08:32:59 np0005538511 account-server[120215]: 172.20.0.105 - - [28/Nov/2025:08:32:59 +0000] "PUT /d1/535/AUTH_e2c76e4d27554fd5a4f85cce208b136f/gnocchi.7e33f569-81a4-4cb4-bd1c-175cb7009609" 201 - "PUT http://172.20.0.105:6001/d1/972/AUTH_e2c76e4d27554fd5a4f85cce208b136f/gnocchi.7e33f569-81a4-4cb4-bd1c-175cb7009609" "txfaf07b36068e4d059f742-0069295e3b" "container-server 22" 0.0022 "-" 20 0
Nov 28 08:32:59 np0005538511 container-server[120341]: 172.20.0.104 - - [28/Nov/2025:08:32:59 +0000] "PUT /d1/972/AUTH_e2c76e4d27554fd5a4f85cce208b136f/gnocchi.7e33f569-81a4-4cb4-bd1c-175cb7009609" 201 - "PUT http://172.18.0.197:8080/v1/AUTH_e2c76e4d27554fd5a4f85cce208b136f/gnocchi.7e33f569-81a4-4cb4-bd1c-175cb7009609" "txfaf07b36068e4d059f742-0069295e3b" "proxy-server 20" 0.0182 "-" 22 0
Nov 28 08:32:59 np0005538511 proxy-server[122064]: 172.18.0.103 172.18.0.104 28/Nov/2025/08/32/59 PUT /v1/AUTH_e2c76e4d27554fd5a4f85cce208b136f/gnocchi.7e33f569-81a4-4cb4-bd1c-175cb7009609 HTTP/1.0 201 - python-swiftclient-3.11.1 gAAAAABpKV38a7pX... - - - txfaf07b36068e4d059f742-0069295e3b - 0.0269 - - 1764318779.152729511 1764318779.179668665 0
Nov 28 08:32:59 np0005538511 object-server[120735]: 172.20.0.103 - - [28/Nov/2025:08:32:59 +0000] "GET /d1/88/AUTH_e2c76e4d27554fd5a4f85cce208b136f/gnocchi.7e33f569-81a4-4cb4-bd1c-175cb7009609/1763640000.0_mean_300.0_v3" 404 70 "GET http://172.18.0.197:8080/v1/AUTH_e2c76e4d27554fd5a4f85cce208b136f/gnocchi.7e33f569-81a4-4cb4-bd1c-175cb7009609/1763640000.0_mean_300.0_v3" "tx04ad5461df7b4289a5296-0069295e3b" "proxy-server 20" 0.0003 "-" 24 0
Nov 28 08:32:59 np0005538511 container-server[120329]: 172.20.0.104 - - [28/Nov/2025:08:32:59 +0000] "PUT /d1/972/AUTH_e2c76e4d27554fd5a4f85cce208b136f/gnocchi.7e33f569-81a4-4cb4-bd1c-175cb7009609/1763640000.0_mean_300.0_v3" 201 - "PUT http://172.18.0.197:8080/d1/88/AUTH_e2c76e4d27554fd5a4f85cce208b136f/gnocchi.7e33f569-81a4-4cb4-bd1c-175cb7009609/1763640000.0_mean_300.0_v3" "tx9d8abcc8b3564c8599a70-0069295e3b" "object-server 23" 0.0006 "-" 21 0
Nov 28 08:32:59 np0005538511 object-server[120734]: 172.20.0.104 - - [28/Nov/2025:08:32:59 +0000] "PUT /d1/88/AUTH_e2c76e4d27554fd5a4f85cce208b136f/gnocchi.7e33f569-81a4-4cb4-bd1c-175cb7009609/1763640000.0_mean_300.0_v3" 201 - "PUT http://172.18.0.197:8080/v1/AUTH_e2c76e4d27554fd5a4f85cce208b136f/gnocchi.7e33f569-81a4-4cb4-bd1c-175cb7009609/1763640000.0_mean_300.0_v3" "tx9d8abcc8b3564c8599a70-0069295e3b" "proxy-server 20" 0.0237 "-" 23 0
Nov 28 08:32:59 np0005538511 proxy-server[122064]: 172.18.0.103 172.18.0.104 28/Nov/2025/08/32/59 PUT /v1/AUTH_e2c76e4d27554fd5a4f85cce208b136f/gnocchi.7e33f569-81a4-4cb4-bd1c-175cb7009609/1763640000.0_mean_300.0_v3 HTTP/1.0 201 - python-swiftclient-3.11.1 gAAAAABpKV38a7pX... 16 - - tx9d8abcc8b3564c8599a70-0069295e3b - 0.0330 - - 1764318779.238250256 1764318779.271274328 0
Nov 28 08:32:59 np0005538511 container-server[120329]: 172.20.0.104 - - [28/Nov/2025:08:32:59 +0000] "PUT /d1/972/AUTH_e2c76e4d27554fd5a4f85cce208b136f/gnocchi.7e33f569-81a4-4cb4-bd1c-175cb7009609/none_v3" 201 - "PUT http://172.18.0.197:8080/d1/479/AUTH_e2c76e4d27554fd5a4f85cce208b136f/gnocchi.7e33f569-81a4-4cb4-bd1c-175cb7009609/none_v3" "txfb42de6de339499ba77bf-0069295e3b" "object-server 22" 0.0006 "-" 21 0
Nov 28 08:32:59 np0005538511 object-server[120732]: 172.20.0.105 - - [28/Nov/2025:08:32:59 +0000] "PUT /d1/479/AUTH_e2c76e4d27554fd5a4f85cce208b136f/gnocchi.7e33f569-81a4-4cb4-bd1c-175cb7009609/none_v3" 201 - "PUT http://172.18.0.197:8080/v1/AUTH_e2c76e4d27554fd5a4f85cce208b136f/gnocchi.7e33f569-81a4-4cb4-bd1c-175cb7009609/none_v3" "txfb42de6de339499ba77bf-0069295e3b" "proxy-server 20" 0.0230 "-" 22 0
Nov 28 08:32:59 np0005538511 container-server[120347]: 172.20.0.103 - - [28/Nov/2025:08:32:59 +0000] "HEAD /d1/22/AUTH_e2c76e4d27554fd5a4f85cce208b136f/gnocchi.eba97320-e4cf-4348-a7c2-d4136009ff49" 404 - "HEAD http://172.18.0.197:8080/v1/AUTH_e2c76e4d27554fd5a4f85cce208b136f/gnocchi.eba97320-e4cf-4348-a7c2-d4136009ff49?format=json&states=listing" "tx76eb07e750864e45a6603-0069295e3b" "proxy-server 20" 0.0006 "-" 23 0
Nov 28 08:32:59 np0005538511 object-server[120732]: 172.20.0.103 - - [28/Nov/2025:08:32:59 +0000] "GET /d1/363/AUTH_e2c76e4d27554fd5a4f85cce208b136f/gnocchi.eba97320-e4cf-4348-a7c2-d4136009ff49/none_v3" 404 70 "GET http://172.18.0.197:8080/v1/AUTH_e2c76e4d27554fd5a4f85cce208b136f/gnocchi.eba97320-e4cf-4348-a7c2-d4136009ff49/none_v3" "tx76eb07e750864e45a6603-0069295e3b" "proxy-server 20" 0.0007 "-" 22 0
Nov 28 08:32:59 np0005538511 container-server[120347]: 172.20.0.104 - - [28/Nov/2025:08:32:59 +0000] "PUT /d1/22/AUTH_e2c76e4d27554fd5a4f85cce208b136f/gnocchi.eba97320-e4cf-4348-a7c2-d4136009ff49" 201 - "PUT http://172.18.0.197:8080/v1/AUTH_e2c76e4d27554fd5a4f85cce208b136f/gnocchi.eba97320-e4cf-4348-a7c2-d4136009ff49" "tx9de04cee019943a188766-0069295e3b" "proxy-server 20" 0.0170 "-" 23 0
Nov 28 08:32:59 np0005538511 account-server[120218]: 172.20.0.105 - - [28/Nov/2025:08:32:59 +0000] "PUT /d1/535/AUTH_e2c76e4d27554fd5a4f85cce208b136f/gnocchi.eba97320-e4cf-4348-a7c2-d4136009ff49" 201 - "PUT http://172.20.0.105:6001/d1/22/AUTH_e2c76e4d27554fd5a4f85cce208b136f/gnocchi.eba97320-e4cf-4348-a7c2-d4136009ff49" "tx9de04cee019943a188766-0069295e3b" "container-server 22" 0.0067 "-" 21 0
Nov 28 08:32:59 np0005538511 proxy-server[122064]: 172.18.0.197 172.18.0.104 28/Nov/2025/08/32/59 PUT /v1/AUTH_e2c76e4d27554fd5a4f85cce208b136f/gnocchi.eba97320-e4cf-4348-a7c2-d4136009ff49 HTTP/1.0 201 - python-swiftclient-3.11.1 gAAAAABpKV47sBxn... - - - tx9de04cee019943a188766-0069295e3b - 0.0393 - - 1764318779.500185251 1764318779.539500475 0
Nov 28 08:32:59 np0005538511 object-server[120734]: 172.20.0.103 - - [28/Nov/2025:08:32:59 +0000] "GET /d1/719/AUTH_e2c76e4d27554fd5a4f85cce208b136f/gnocchi.eba97320-e4cf-4348-a7c2-d4136009ff49/1763640000.0_mean_300.0_v3" 404 70 "GET http://172.18.0.197:8080/v1/AUTH_e2c76e4d27554fd5a4f85cce208b136f/gnocchi.eba97320-e4cf-4348-a7c2-d4136009ff49/1763640000.0_mean_300.0_v3" "tx970177f6304643f4affdd-0069295e3b" "proxy-server 20" 0.0006 "-" 23 0
Nov 28 08:32:59 np0005538511 container-server[120329]: 172.20.0.104 - - [28/Nov/2025:08:32:59 +0000] "PUT /d1/22/AUTH_e2c76e4d27554fd5a4f85cce208b136f/gnocchi.eba97320-e4cf-4348-a7c2-d4136009ff49/1763640000.0_mean_300.0_v3" 201 - "PUT http://172.18.0.197:8080/d1/719/AUTH_e2c76e4d27554fd5a4f85cce208b136f/gnocchi.eba97320-e4cf-4348-a7c2-d4136009ff49/1763640000.0_mean_300.0_v3" "tx02eb078684a2452780f8a-0069295e3b" "object-server 23" 0.0005 "-" 21 0
Nov 28 08:32:59 np0005538511 object-server[120734]: 172.20.0.104 - - [28/Nov/2025:08:32:59 +0000] "PUT /d1/719/AUTH_e2c76e4d27554fd5a4f85cce208b136f/gnocchi.eba97320-e4cf-4348-a7c2-d4136009ff49/1763640000.0_mean_300.0_v3" 201 - "PUT http://172.18.0.197:8080/v1/AUTH_e2c76e4d27554fd5a4f85cce208b136f/gnocchi.eba97320-e4cf-4348-a7c2-d4136009ff49/1763640000.0_mean_300.0_v3" "tx02eb078684a2452780f8a-0069295e3b" "proxy-server 20" 0.0223 "-" 23 0
Nov 28 08:32:59 np0005538511 proxy-server[122064]: 172.18.0.197 172.18.0.104 28/Nov/2025/08/32/59 PUT /v1/AUTH_e2c76e4d27554fd5a4f85cce208b136f/gnocchi.eba97320-e4cf-4348-a7c2-d4136009ff49/1763640000.0_mean_300.0_v3 HTTP/1.0 201 - python-swiftclient-3.11.1 gAAAAABpKV47sBxn... 16 - - tx02eb078684a2452780f8a-0069295e3b - 0.0382 - - 1764318779.596766949 1764318779.635005236 0
Nov 28 08:32:59 np0005538511 container-server[120329]: 172.20.0.104 - - [28/Nov/2025:08:32:59 +0000] "PUT /d1/22/AUTH_e2c76e4d27554fd5a4f85cce208b136f/gnocchi.eba97320-e4cf-4348-a7c2-d4136009ff49/none_v3" 201 - "PUT http://172.18.0.197:8080/d1/363/AUTH_e2c76e4d27554fd5a4f85cce208b136f/gnocchi.eba97320-e4cf-4348-a7c2-d4136009ff49/none_v3" "txdae3932ac3844093af88b-0069295e3b" "object-server 21" 0.0010 "-" 21 0
Nov 28 08:32:59 np0005538511 object-server[120729]: 172.20.0.105 - - [28/Nov/2025:08:32:59 +0000] "PUT /d1/363/AUTH_e2c76e4d27554fd5a4f85cce208b136f/gnocchi.eba97320-e4cf-4348-a7c2-d4136009ff49/none_v3" 201 - "PUT http://172.18.0.197:8080/v1/AUTH_e2c76e4d27554fd5a4f85cce208b136f/gnocchi.eba97320-e4cf-4348-a7c2-d4136009ff49/none_v3" "txdae3932ac3844093af88b-0069295e3b" "proxy-server 20" 0.0128 "-" 21 0
Nov 28 08:33:03 np0005538511 container-server[120011]: Beginning replication run
Nov 28 08:33:03 np0005538511 container-server[120011]: Replication run OVER
Nov 28 08:33:03 np0005538511 container-server[120011]: Attempted to replicate 3 dbs in 0.15117 seconds (19.84482/s)
Nov 28 08:33:03 np0005538511 container-server[120011]: Removed 0 dbs
Nov 28 08:33:03 np0005538511 container-server[120011]: 6 successes, 0 failures
Nov 28 08:33:03 np0005538511 container-server[120011]: diff:0 diff_capped:0 empty:0 hashmatch:0 no_change:6 remote_merge:0 rsync:0 ts_repl:0
Nov 28 08:33:08 np0005538511 container-server[120347]: 172.20.0.103 - - [28/Nov/2025:08:33:08 +0000] "HEAD /d1/920/AUTH_e2c76e4d27554fd5a4f85cce208b136f/gnocchi.c9335d8f-efb8-460e-bda6-add3abf1123e" 404 - "HEAD http://172.18.0.197:8080/v1/AUTH_e2c76e4d27554fd5a4f85cce208b136f/gnocchi.c9335d8f-efb8-460e-bda6-add3abf1123e?format=json&states=listing" "tx5605f501ba7f4b69aa6fb-0069295e44" "proxy-server 20" 0.0008 "-" 23 0
Nov 28 08:33:08 np0005538511 container-server[120325]: 172.20.0.104 - - [28/Nov/2025:08:33:08 +0000] "HEAD /d1/797/AUTH_e2c76e4d27554fd5a4f85cce208b136f/gnocchi.c6875055-f0f0-47dd-bf94-a7852424649b" 404 - "HEAD http://172.18.0.197:8080/v1/AUTH_e2c76e4d27554fd5a4f85cce208b136f/gnocchi.c6875055-f0f0-47dd-bf94-a7852424649b?format=json&states=listing" "tx9902226ee1614b3baff4b-0069295e44" "proxy-server 20" 0.0011 "-" 20 0
Nov 28 08:33:08 np0005538511 object-server[120734]: 172.20.0.103 - - [28/Nov/2025:08:33:08 +0000] "GET /d1/12/AUTH_e2c76e4d27554fd5a4f85cce208b136f/gnocchi.c9335d8f-efb8-460e-bda6-add3abf1123e/none_v3" 404 70 "GET http://172.18.0.197:8080/v1/AUTH_e2c76e4d27554fd5a4f85cce208b136f/gnocchi.c9335d8f-efb8-460e-bda6-add3abf1123e/none_v3" "tx5605f501ba7f4b69aa6fb-0069295e44" "proxy-server 20" 0.0007 "-" 23 0
Nov 28 08:33:08 np0005538511 object-server[120732]: 172.20.0.104 - - [28/Nov/2025:08:33:08 +0000] "GET /d1/123/AUTH_e2c76e4d27554fd5a4f85cce208b136f/gnocchi.c6875055-f0f0-47dd-bf94-a7852424649b/none_v3" 404 70 "GET http://172.18.0.197:8080/v1/AUTH_e2c76e4d27554fd5a4f85cce208b136f/gnocchi.c6875055-f0f0-47dd-bf94-a7852424649b/none_v3" "tx9902226ee1614b3baff4b-0069295e44" "proxy-server 20" 0.0008 "-" 22 0
Nov 28 08:33:08 np0005538511 proxy-server[122064]: 172.18.0.197 172.18.0.104 28/Nov/2025/08/33/08 GET /v1/AUTH_e2c76e4d27554fd5a4f85cce208b136f/gnocchi.c6875055-f0f0-47dd-bf94-a7852424649b/none_v3 HTTP/1.0 404 - python-swiftclient-3.11.1 gAAAAABpKV47sBxn... - 70 - tx9902226ee1614b3baff4b-0069295e44 - 0.0410 - - 1764318788.501611233 1764318788.542631865 0
Nov 28 08:33:08 np0005538511 account-server[120215]: 172.20.0.105 - - [28/Nov/2025:08:33:08 +0000] "PUT /d1/535/AUTH_e2c76e4d27554fd5a4f85cce208b136f/gnocchi.c6875055-f0f0-47dd-bf94-a7852424649b" 201 - "PUT http://172.20.0.105:6001/d1/797/AUTH_e2c76e4d27554fd5a4f85cce208b136f/gnocchi.c6875055-f0f0-47dd-bf94-a7852424649b" "tx54e21fdae45649f3bc654-0069295e44" "container-server 19" 0.0063 "-" 20 0
Nov 28 08:33:08 np0005538511 account-server[120215]: 172.20.0.103 - - [28/Nov/2025:08:33:08 +0000] "PUT /d1/535/AUTH_e2c76e4d27554fd5a4f85cce208b136f/gnocchi.c9335d8f-efb8-460e-bda6-add3abf1123e" 201 - "PUT http://172.20.0.103:6001/d1/920/AUTH_e2c76e4d27554fd5a4f85cce208b136f/gnocchi.c9335d8f-efb8-460e-bda6-add3abf1123e" "txad43e39ade3b4506aa912-0069295e44" "container-server 23" 0.0061 "-" 20 0
Nov 28 08:33:08 np0005538511 container-server[120325]: 172.20.0.105 - - [28/Nov/2025:08:33:08 +0000] "PUT /d1/920/AUTH_e2c76e4d27554fd5a4f85cce208b136f/gnocchi.c9335d8f-efb8-460e-bda6-add3abf1123e" 201 - "PUT http://172.18.0.197:8080/v1/AUTH_e2c76e4d27554fd5a4f85cce208b136f/gnocchi.c9335d8f-efb8-460e-bda6-add3abf1123e" "txad43e39ade3b4506aa912-0069295e44" "proxy-server 20" 0.0344 "-" 20 0
Nov 28 08:33:08 np0005538511 container-server[120325]: 172.20.0.103 - - [28/Nov/2025:08:33:08 +0000] "PUT /d1/797/AUTH_e2c76e4d27554fd5a4f85cce208b136f/gnocchi.c6875055-f0f0-47dd-bf94-a7852424649b" 201 - "PUT http://172.18.0.197:8080/v1/AUTH_e2c76e4d27554fd5a4f85cce208b136f/gnocchi.c6875055-f0f0-47dd-bf94-a7852424649b" "tx54e21fdae45649f3bc654-0069295e44" "proxy-server 20" 0.0268 "-" 20 0
Nov 28 08:33:08 np0005538511 container-server[120341]: 172.20.0.104 - - [28/Nov/2025:08:33:08 +0000] "HEAD /d1/920/AUTH_e2c76e4d27554fd5a4f85cce208b136f/gnocchi.c9335d8f-efb8-460e-bda6-add3abf1123e" 204 - "HEAD http://172.18.0.197:8080/v1/AUTH_e2c76e4d27554fd5a4f85cce208b136f/gnocchi.c9335d8f-efb8-460e-bda6-add3abf1123e?format=json&states=listing" "txb7fd6817c44d4bc5b229e-0069295e44" "proxy-server 20" 0.0027 "-" 22 0
Nov 28 08:33:08 np0005538511 proxy-server[122064]: - - 28/Nov/2025/08/33/08 HEAD /v1/AUTH_e2c76e4d27554fd5a4f85cce208b136f/gnocchi.c9335d8f-efb8-460e-bda6-add3abf1123e%3Fformat%3Djson%26states%3Dlisting HTTP/1.0 204 - Swift - - - - txb7fd6817c44d4bc5b229e-0069295e44 - 0.0088 RL - 1764318788.599723101 1764318788.608548641 0
Nov 28 08:33:08 np0005538511 proxy-server[122064]: 172.18.0.103 172.18.0.104 28/Nov/2025/08/33/08 GET /v1/AUTH_e2c76e4d27554fd5a4f85cce208b136f/gnocchi.c9335d8f-efb8-460e-bda6-add3abf1123e%3Fformat%3Djson%26states%3Dlisting HTTP/1.0 200 - python-swiftclient-3.11.1 gAAAAABpKV38a7pX... - 2 - txb7fd6817c44d4bc5b229e-0069295e44 - 0.0237 - - 1764318788.596791029 1764318788.620521784 0
Nov 28 08:33:08 np0005538511 object-server[120729]: 172.20.0.103 - - [28/Nov/2025:08:33:08 +0000] "GET /d1/160/AUTH_e2c76e4d27554fd5a4f85cce208b136f/gnocchi.c9335d8f-efb8-460e-bda6-add3abf1123e/1763640000.0_mean_300.0_v3" 404 70 "GET http://172.18.0.197:8080/v1/AUTH_e2c76e4d27554fd5a4f85cce208b136f/gnocchi.c9335d8f-efb8-460e-bda6-add3abf1123e/1763640000.0_mean_300.0_v3" "tx3ac3825397654c88bac75-0069295e44" "proxy-server 20" 0.0006 "-" 21 0
Nov 28 08:33:08 np0005538511 object-server[120732]: 172.20.0.104 - - [28/Nov/2025:08:33:08 +0000] "GET /d1/950/AUTH_e2c76e4d27554fd5a4f85cce208b136f/gnocchi.c6875055-f0f0-47dd-bf94-a7852424649b/1763640000.0_mean_300.0_v3" 404 70 "GET http://172.18.0.197:8080/v1/AUTH_e2c76e4d27554fd5a4f85cce208b136f/gnocchi.c6875055-f0f0-47dd-bf94-a7852424649b/1763640000.0_mean_300.0_v3" "txeef913c1cd0b4ce2a6d43-0069295e44" "proxy-server 20" 0.0005 "-" 22 0
Nov 28 08:33:08 np0005538511 proxy-server[122064]: 172.18.0.197 172.18.0.104 28/Nov/2025/08/33/08 GET /v1/AUTH_e2c76e4d27554fd5a4f85cce208b136f/gnocchi.c6875055-f0f0-47dd-bf94-a7852424649b/1763640000.0_mean_300.0_v3 HTTP/1.0 404 - python-swiftclient-3.11.1 gAAAAABpKV47sBxn... - 70 - txeef913c1cd0b4ce2a6d43-0069295e44 - 0.0187 - - 1764318788.627964020 1764318788.646634817 0
Nov 28 08:33:08 np0005538511 container-server[120347]: 172.20.0.103 - - [28/Nov/2025:08:33:08 +0000] "PUT /d1/797/AUTH_e2c76e4d27554fd5a4f85cce208b136f/gnocchi.c6875055-f0f0-47dd-bf94-a7852424649b/1763640000.0_mean_300.0_v3" 201 - "PUT http://172.18.0.197:8080/d1/950/AUTH_e2c76e4d27554fd5a4f85cce208b136f/gnocchi.c6875055-f0f0-47dd-bf94-a7852424649b/1763640000.0_mean_300.0_v3" "tx356bd302694c4ca9b32d1-0069295e44" "object-server 22" 0.0010 "-" 23 0
Nov 28 08:33:08 np0005538511 object-server[120735]: 172.20.0.103 - - [28/Nov/2025:08:33:08 +0000] "PUT /d1/950/AUTH_e2c76e4d27554fd5a4f85cce208b136f/gnocchi.c6875055-f0f0-47dd-bf94-a7852424649b/1763640000.0_mean_300.0_v3" 201 - "PUT http://172.18.0.197:8080/v1/AUTH_e2c76e4d27554fd5a4f85cce208b136f/gnocchi.c6875055-f0f0-47dd-bf94-a7852424649b/1763640000.0_mean_300.0_v3" "tx356bd302694c4ca9b32d1-0069295e44" "proxy-server 20" 0.0150 "-" 24 0
Nov 28 08:33:08 np0005538511 container-server[120325]: 172.20.0.103 - - [28/Nov/2025:08:33:08 +0000] "PUT /d1/920/AUTH_e2c76e4d27554fd5a4f85cce208b136f/gnocchi.c9335d8f-efb8-460e-bda6-add3abf1123e/1763640000.0_mean_300.0_v3" 201 - "PUT http://172.18.0.197:8080/d1/160/AUTH_e2c76e4d27554fd5a4f85cce208b136f/gnocchi.c9335d8f-efb8-460e-bda6-add3abf1123e/1763640000.0_mean_300.0_v3" "txb2228fa856e24c1498f0b-0069295e44" "object-server 25" 0.0009 "-" 20 0
Nov 28 08:33:08 np0005538511 object-server[120735]: 172.20.0.105 - - [28/Nov/2025:08:33:08 +0000] "PUT /d1/160/AUTH_e2c76e4d27554fd5a4f85cce208b136f/gnocchi.c9335d8f-efb8-460e-bda6-add3abf1123e/1763640000.0_mean_300.0_v3" 201 - "PUT http://172.18.0.197:8080/v1/AUTH_e2c76e4d27554fd5a4f85cce208b136f/gnocchi.c9335d8f-efb8-460e-bda6-add3abf1123e/1763640000.0_mean_300.0_v3" "txb2228fa856e24c1498f0b-0069295e44" "proxy-server 20" 0.0131 "-" 24 0
Nov 28 08:33:08 np0005538511 container-server[120341]: 172.20.0.105 - - [28/Nov/2025:08:33:08 +0000] "PUT /d1/797/AUTH_e2c76e4d27554fd5a4f85cce208b136f/gnocchi.c6875055-f0f0-47dd-bf94-a7852424649b/none_v3" 201 - "PUT http://172.18.0.197:8080/d1/123/AUTH_e2c76e4d27554fd5a4f85cce208b136f/gnocchi.c6875055-f0f0-47dd-bf94-a7852424649b/none_v3" "tx50dde7a195c24e7082c97-0069295e44" "object-server 24" 0.0009 "-" 22 0
Nov 28 08:33:08 np0005538511 object-server[120732]: 172.20.0.104 - - [28/Nov/2025:08:33:08 +0000] "PUT /d1/123/AUTH_e2c76e4d27554fd5a4f85cce208b136f/gnocchi.c6875055-f0f0-47dd-bf94-a7852424649b/none_v3" 201 - "PUT http://172.18.0.197:8080/v1/AUTH_e2c76e4d27554fd5a4f85cce208b136f/gnocchi.c6875055-f0f0-47dd-bf94-a7852424649b/none_v3" "tx50dde7a195c24e7082c97-0069295e44" "proxy-server 20" 0.0125 "-" 22 0
Nov 28 08:33:08 np0005538511 proxy-server[122064]: 172.18.0.197 172.18.0.104 28/Nov/2025/08/33/08 PUT /v1/AUTH_e2c76e4d27554fd5a4f85cce208b136f/gnocchi.c6875055-f0f0-47dd-bf94-a7852424649b/none_v3 HTTP/1.0 201 - python-swiftclient-3.11.1 gAAAAABpKV47sBxn... 22 - - tx50dde7a195c24e7082c97-0069295e44 - 0.0552 - - 1764318788.688755989 1764318788.743996859 0
Nov 28 08:33:08 np0005538511 object-server[120734]: 172.20.0.103 - - [28/Nov/2025:08:33:08 +0000] "PUT /d1/12/AUTH_e2c76e4d27554fd5a4f85cce208b136f/gnocchi.c9335d8f-efb8-460e-bda6-add3abf1123e/none_v3" 201 - "PUT http://172.18.0.197:8080/v1/AUTH_e2c76e4d27554fd5a4f85cce208b136f/gnocchi.c9335d8f-efb8-460e-bda6-add3abf1123e/none_v3" "txf1bf929a292046c4b9c0c-0069295e44" "proxy-server 20" 0.0185 "-" 23 0
Nov 28 08:33:08 np0005538511 container-server[120347]: 172.20.0.105 - - [28/Nov/2025:08:33:08 +0000] "PUT /d1/920/AUTH_e2c76e4d27554fd5a4f85cce208b136f/gnocchi.c9335d8f-efb8-460e-bda6-add3abf1123e/none_v3" 201 - "PUT http://172.18.0.197:8080/d1/12/AUTH_e2c76e4d27554fd5a4f85cce208b136f/gnocchi.c9335d8f-efb8-460e-bda6-add3abf1123e/none_v3" "txf1bf929a292046c4b9c0c-0069295e44" "object-server 25" 0.0010 "-" 23 0
Nov 28 08:33:08 np0005538511 container-server[120347]: 172.20.0.105 - - [28/Nov/2025:08:33:08 +0000] "HEAD /d1/624/AUTH_e2c76e4d27554fd5a4f85cce208b136f/gnocchi.89b62a12-09d2-4687-8084-3119ec03eb4e" 404 - "HEAD http://172.18.0.197:8080/v1/AUTH_e2c76e4d27554fd5a4f85cce208b136f/gnocchi.89b62a12-09d2-4687-8084-3119ec03eb4e?format=json&states=listing" "tx1e4dcbf0a7b04cdf84759-0069295e44" "proxy-server 20" 0.0005 "-" 23 0
Nov 28 08:33:08 np0005538511 object-server[120729]: 172.20.0.105 - - [28/Nov/2025:08:33:08 +0000] "GET /d1/118/AUTH_e2c76e4d27554fd5a4f85cce208b136f/gnocchi.89b62a12-09d2-4687-8084-3119ec03eb4e/none_v3" 404 70 "GET http://172.18.0.197:8080/v1/AUTH_e2c76e4d27554fd5a4f85cce208b136f/gnocchi.89b62a12-09d2-4687-8084-3119ec03eb4e/none_v3" "tx1e4dcbf0a7b04cdf84759-0069295e44" "proxy-server 20" 0.0005 "-" 21 0
Nov 28 08:33:08 np0005538511 container-server[120325]: 172.20.0.104 - - [28/Nov/2025:08:33:08 +0000] "HEAD /d1/809/AUTH_e2c76e4d27554fd5a4f85cce208b136f/gnocchi.c9d3dc38-d6ca-4303-874e-2d884929bcf1" 404 - "HEAD http://172.18.0.197:8080/v1/AUTH_e2c76e4d27554fd5a4f85cce208b136f/gnocchi.c9d3dc38-d6ca-4303-874e-2d884929bcf1?format=json&states=listing" "txaea9b003211448e8a9ab6-0069295e44" "proxy-server 20" 0.0005 "-" 20 0
Nov 28 08:33:08 np0005538511 object-server[120732]: 172.20.0.104 - - [28/Nov/2025:08:33:08 +0000] "GET /d1/271/AUTH_e2c76e4d27554fd5a4f85cce208b136f/gnocchi.c9d3dc38-d6ca-4303-874e-2d884929bcf1/none_v3" 404 70 "GET http://172.18.0.197:8080/v1/AUTH_e2c76e4d27554fd5a4f85cce208b136f/gnocchi.c9d3dc38-d6ca-4303-874e-2d884929bcf1/none_v3" "txaea9b003211448e8a9ab6-0069295e44" "proxy-server 20" 0.0004 "-" 22 0
Nov 28 08:33:08 np0005538511 proxy-server[122064]: 172.18.0.103 172.18.0.104 28/Nov/2025/08/33/08 GET /v1/AUTH_e2c76e4d27554fd5a4f85cce208b136f/gnocchi.c9d3dc38-d6ca-4303-874e-2d884929bcf1/none_v3 HTTP/1.0 404 - python-swiftclient-3.11.1 gAAAAABpKV38a7pX... - 70 - txaea9b003211448e8a9ab6-0069295e44 - 0.0297 - - 1764318788.792423010 1764318788.822096348 0
Nov 28 08:33:08 np0005538511 account-server[120221]: 172.20.0.104 - - [28/Nov/2025:08:33:08 +0000] "PUT /d1/535/AUTH_e2c76e4d27554fd5a4f85cce208b136f/gnocchi.89b62a12-09d2-4687-8084-3119ec03eb4e" 201 - "PUT http://172.20.0.104:6001/d1/624/AUTH_e2c76e4d27554fd5a4f85cce208b136f/gnocchi.89b62a12-09d2-4687-8084-3119ec03eb4e" "tx51c293118bfa4dc4bf9fc-0069295e44" "container-server 23" 0.0051 "-" 22 0
Nov 28 08:33:08 np0005538511 container-server[120347]: 172.20.0.103 - - [28/Nov/2025:08:33:08 +0000] "PUT /d1/624/AUTH_e2c76e4d27554fd5a4f85cce208b136f/gnocchi.89b62a12-09d2-4687-8084-3119ec03eb4e" 201 - "PUT http://172.18.0.197:8080/v1/AUTH_e2c76e4d27554fd5a4f85cce208b136f/gnocchi.89b62a12-09d2-4687-8084-3119ec03eb4e" "tx51c293118bfa4dc4bf9fc-0069295e44" "proxy-server 20" 0.0177 "-" 23 0
Nov 28 08:33:08 np0005538511 container-server[120341]: 172.20.0.104 - - [28/Nov/2025:08:33:08 +0000] "HEAD /d1/624/AUTH_e2c76e4d27554fd5a4f85cce208b136f/gnocchi.89b62a12-09d2-4687-8084-3119ec03eb4e" 204 - "HEAD http://172.18.0.197:8080/v1/AUTH_e2c76e4d27554fd5a4f85cce208b136f/gnocchi.89b62a12-09d2-4687-8084-3119ec03eb4e?format=json&states=listing" "tx7625eaf6758b4547af6e8-0069295e44" "proxy-server 20" 0.0023 "-" 22 0
Nov 28 08:33:08 np0005538511 proxy-server[122064]: - - 28/Nov/2025/08/33/08 HEAD /v1/AUTH_e2c76e4d27554fd5a4f85cce208b136f/gnocchi.89b62a12-09d2-4687-8084-3119ec03eb4e%3Fformat%3Djson%26states%3Dlisting HTTP/1.0 204 - Swift - - - - tx7625eaf6758b4547af6e8-0069295e44 - 0.0064 RL - 1764318788.832722664 1764318788.839090347 0
Nov 28 08:33:08 np0005538511 container-server[120325]: 172.20.0.104 - - [28/Nov/2025:08:33:08 +0000] "GET /d1/624/AUTH_e2c76e4d27554fd5a4f85cce208b136f/gnocchi.89b62a12-09d2-4687-8084-3119ec03eb4e" 200 2 "GET http://172.18.0.197:8080/v1/AUTH_e2c76e4d27554fd5a4f85cce208b136f/gnocchi.89b62a12-09d2-4687-8084-3119ec03eb4e?format=json&states=listing" "tx7625eaf6758b4547af6e8-0069295e44" "proxy-server 20" 0.0024 "-" 20 0
Nov 28 08:33:08 np0005538511 account-server[120218]: 172.20.0.104 - - [28/Nov/2025:08:33:08 +0000] "PUT /d1/535/AUTH_e2c76e4d27554fd5a4f85cce208b136f/gnocchi.c9d3dc38-d6ca-4303-874e-2d884929bcf1" 201 - "PUT http://172.20.0.104:6001/d1/809/AUTH_e2c76e4d27554fd5a4f85cce208b136f/gnocchi.c9d3dc38-d6ca-4303-874e-2d884929bcf1" "tx948d0df7b9854081b0d82-0069295e44" "container-server 20" 0.0043 "-" 21 0
Nov 28 08:33:08 np0005538511 proxy-server[122064]: 172.18.0.197 172.18.0.104 28/Nov/2025/08/33/08 GET /v1/AUTH_e2c76e4d27554fd5a4f85cce208b136f/gnocchi.89b62a12-09d2-4687-8084-3119ec03eb4e%3Fformat%3Djson%26states%3Dlisting HTTP/1.0 200 - python-swiftclient-3.11.1 gAAAAABpKV47sBxn... - 2 - tx7625eaf6758b4547af6e8-0069295e44 - 0.0172 - - 1764318788.831134558 1764318788.848291397 0
Nov 28 08:33:08 np0005538511 container-server[120325]: 172.20.0.105 - - [28/Nov/2025:08:33:08 +0000] "PUT /d1/809/AUTH_e2c76e4d27554fd5a4f85cce208b136f/gnocchi.c9d3dc38-d6ca-4303-874e-2d884929bcf1" 201 - "PUT http://172.18.0.197:8080/v1/AUTH_e2c76e4d27554fd5a4f85cce208b136f/gnocchi.c9d3dc38-d6ca-4303-874e-2d884929bcf1" "tx948d0df7b9854081b0d82-0069295e44" "proxy-server 20" 0.0138 "-" 20 0
Nov 28 08:33:08 np0005538511 object-server[120734]: 172.20.0.103 - - [28/Nov/2025:08:33:08 +0000] "GET /d1/367/AUTH_e2c76e4d27554fd5a4f85cce208b136f/gnocchi.89b62a12-09d2-4687-8084-3119ec03eb4e/1763640000.0_mean_300.0_v3" 404 70 "GET http://172.18.0.197:8080/v1/AUTH_e2c76e4d27554fd5a4f85cce208b136f/gnocchi.89b62a12-09d2-4687-8084-3119ec03eb4e/1763640000.0_mean_300.0_v3" "tx02acc98e12ae4dd490f55-0069295e44" "proxy-server 20" 0.0006 "-" 23 0
Nov 28 08:33:08 np0005538511 proxy-server[122064]: - - 28/Nov/2025/08/33/08 HEAD /v1/AUTH_e2c76e4d27554fd5a4f85cce208b136f/gnocchi.c9d3dc38-d6ca-4303-874e-2d884929bcf1%3Fformat%3Djson%26states%3Dlisting HTTP/1.0 204 - Swift - - - - txee5bc5c342e0475a9c3e3-0069295e44 - 0.0077 RL - 1764318788.868259907 1764318788.875911474 0
Nov 28 08:33:08 np0005538511 container-server[120341]: 172.20.0.104 - - [28/Nov/2025:08:33:08 +0000] "GET /d1/809/AUTH_e2c76e4d27554fd5a4f85cce208b136f/gnocchi.c9d3dc38-d6ca-4303-874e-2d884929bcf1" 200 2 "GET http://172.18.0.197:8080/v1/AUTH_e2c76e4d27554fd5a4f85cce208b136f/gnocchi.c9d3dc38-d6ca-4303-874e-2d884929bcf1?format=json&states=listing" "txee5bc5c342e0475a9c3e3-0069295e44" "proxy-server 20" 0.0041 "-" 22 0
Nov 28 08:33:08 np0005538511 proxy-server[122064]: 172.18.0.103 172.18.0.104 28/Nov/2025/08/33/08 GET /v1/AUTH_e2c76e4d27554fd5a4f85cce208b136f/gnocchi.c9d3dc38-d6ca-4303-874e-2d884929bcf1%3Fformat%3Djson%26states%3Dlisting HTTP/1.0 200 - python-swiftclient-3.11.1 gAAAAABpKV38a7pX... - 2 - txee5bc5c342e0475a9c3e3-0069295e44 - 0.0250 - - 1764318788.865077019 1764318788.890101671 0
Nov 28 08:33:08 np0005538511 container-server[120341]: 172.20.0.103 - - [28/Nov/2025:08:33:08 +0000] "PUT /d1/624/AUTH_e2c76e4d27554fd5a4f85cce208b136f/gnocchi.89b62a12-09d2-4687-8084-3119ec03eb4e/1763640000.0_mean_300.0_v3" 201 - "PUT http://172.18.0.197:8080/d1/367/AUTH_e2c76e4d27554fd5a4f85cce208b136f/gnocchi.89b62a12-09d2-4687-8084-3119ec03eb4e/1763640000.0_mean_300.0_v3" "txbe5b280843414b02bd991-0069295e44" "object-server 24" 0.0008 "-" 22 0
Nov 28 08:33:08 np0005538511 object-server[120732]: 172.20.0.105 - - [28/Nov/2025:08:33:08 +0000] "PUT /d1/367/AUTH_e2c76e4d27554fd5a4f85cce208b136f/gnocchi.89b62a12-09d2-4687-8084-3119ec03eb4e/1763640000.0_mean_300.0_v3" 201 - "PUT http://172.18.0.197:8080/v1/AUTH_e2c76e4d27554fd5a4f85cce208b136f/gnocchi.89b62a12-09d2-4687-8084-3119ec03eb4e/1763640000.0_mean_300.0_v3" "txbe5b280843414b02bd991-0069295e44" "proxy-server 20" 0.0119 "-" 22 0
Nov 28 08:33:08 np0005538511 object-server[120735]: 172.20.0.104 - - [28/Nov/2025:08:33:08 +0000] "GET /d1/54/AUTH_e2c76e4d27554fd5a4f85cce208b136f/gnocchi.c9d3dc38-d6ca-4303-874e-2d884929bcf1/1763640000.0_mean_300.0_v3" 404 70 "GET http://172.18.0.197:8080/v1/AUTH_e2c76e4d27554fd5a4f85cce208b136f/gnocchi.c9d3dc38-d6ca-4303-874e-2d884929bcf1/1763640000.0_mean_300.0_v3" "txd2b689ba63a04e759af43-0069295e44" "proxy-server 20" 0.0004 "-" 24 0
Nov 28 08:33:08 np0005538511 proxy-server[122064]: 172.18.0.103 172.18.0.104 28/Nov/2025/08/33/08 GET /v1/AUTH_e2c76e4d27554fd5a4f85cce208b136f/gnocchi.c9d3dc38-d6ca-4303-874e-2d884929bcf1/1763640000.0_mean_300.0_v3 HTTP/1.0 404 - python-swiftclient-3.11.1 gAAAAABpKV38a7pX... - 70 - txd2b689ba63a04e759af43-0069295e44 - 0.0221 - - 1764318788.897929430 1764318788.920000076 0
Nov 28 08:33:08 np0005538511 object-server[120735]: 172.20.0.105 - - [28/Nov/2025:08:33:08 +0000] "PUT /d1/118/AUTH_e2c76e4d27554fd5a4f85cce208b136f/gnocchi.89b62a12-09d2-4687-8084-3119ec03eb4e/none_v3" 201 - "PUT http://172.18.0.197:8080/v1/AUTH_e2c76e4d27554fd5a4f85cce208b136f/gnocchi.89b62a12-09d2-4687-8084-3119ec03eb4e/none_v3" "tx5e30873003f04f2d931ba-0069295e44" "proxy-server 20" 0.0133 "-" 24 0
Nov 28 08:33:08 np0005538511 container-server[120341]: 172.20.0.105 - - [28/Nov/2025:08:33:08 +0000] "PUT /d1/624/AUTH_e2c76e4d27554fd5a4f85cce208b136f/gnocchi.89b62a12-09d2-4687-8084-3119ec03eb4e/none_v3" 201 - "PUT http://172.18.0.197:8080/d1/118/AUTH_e2c76e4d27554fd5a4f85cce208b136f/gnocchi.89b62a12-09d2-4687-8084-3119ec03eb4e/none_v3" "tx5e30873003f04f2d931ba-0069295e44" "object-server 24" 0.0008 "-" 22 0
Nov 28 08:33:08 np0005538511 container-server[120329]: 172.20.0.105 - - [28/Nov/2025:08:33:08 +0000] "PUT /d1/809/AUTH_e2c76e4d27554fd5a4f85cce208b136f/gnocchi.c9d3dc38-d6ca-4303-874e-2d884929bcf1/1763640000.0_mean_300.0_v3" 201 - "PUT http://172.18.0.197:8080/d1/54/AUTH_e2c76e4d27554fd5a4f85cce208b136f/gnocchi.c9d3dc38-d6ca-4303-874e-2d884929bcf1/1763640000.0_mean_300.0_v3" "tx3f1f3456c9b0418287d1c-0069295e44" "object-server 25" 0.0009 "-" 21 0
Nov 28 08:33:08 np0005538511 object-server[120732]: 172.20.0.104 - - [28/Nov/2025:08:33:08 +0000] "PUT /d1/54/AUTH_e2c76e4d27554fd5a4f85cce208b136f/gnocchi.c9d3dc38-d6ca-4303-874e-2d884929bcf1/1763640000.0_mean_300.0_v3" 201 - "PUT http://172.18.0.197:8080/v1/AUTH_e2c76e4d27554fd5a4f85cce208b136f/gnocchi.c9d3dc38-d6ca-4303-874e-2d884929bcf1/1763640000.0_mean_300.0_v3" "tx3f1f3456c9b0418287d1c-0069295e44" "proxy-server 20" 0.0131 "-" 22 0
