Nov 28 08:34:19 np0005538511 container-server[120341]: 172.20.0.104 - - [28/Nov/2025:08:34:19 +0000] "PUT /d1/844/AUTH_e2c76e4d27554fd5a4f85cce208b136f/gnocchi.e7808e08-cb0c-4239-94c4-f4d83524641c" 201 - "PUT http://172.18.0.197:8080/v1/AUTH_e2c76e4d27554fd5a4f85cce208b136f/gnocchi.e7808e08-cb0c-4239-94c4-f4d83524641c" "tx95f7917259bc4c7f8d883-0069295e8b" "proxy-server 20" 0.0167 "-" 22 0
Nov 28 08:34:19 np0005538511 container-server[120341]: 172.20.0.103 - - [28/Nov/2025:08:34:19 +0000] "HEAD /d1/298/AUTH_e2c76e4d27554fd5a4f85cce208b136f/gnocchi.19ba5cf6-206e-46fa-82bd-912eb11d504b" 204 - "HEAD http://172.18.0.197:8080/v1/AUTH_e2c76e4d27554fd5a4f85cce208b136f/gnocchi.19ba5cf6-206e-46fa-82bd-912eb11d504b?format=json&states=listing" "tx1455253e1ec1482db5727-0069295e8b" "proxy-server 20" 0.0011 "-" 22 0
Nov 28 08:34:19 np0005538511 object-server[120729]: 172.20.0.105 - - [28/Nov/2025:08:34:19 +0000] "GET /d1/13/AUTH_e2c76e4d27554fd5a4f85cce208b136f/gnocchi.547cef1d-702d-4b82-8ce7-75fa4b1b728d/1763640000.0_mean_300.0_v3" 404 70 "GET http://172.18.0.197:8080/v1/AUTH_e2c76e4d27554fd5a4f85cce208b136f/gnocchi.547cef1d-702d-4b82-8ce7-75fa4b1b728d/1763640000.0_mean_300.0_v3" "tx283e733a77374e7b801f9-0069295e8b" "proxy-server 20" 0.0005 "-" 21 0
Nov 28 08:34:19 np0005538511 proxy-server[122064]: 172.18.0.197 172.18.0.104 28/Nov/2025/08/34/19 PUT /v1/AUTH_e2c76e4d27554fd5a4f85cce208b136f/gnocchi.e7808e08-cb0c-4239-94c4-f4d83524641c HTTP/1.0 201 - python-swiftclient-3.11.1 gAAAAABpKV47sBxn... - - - tx95f7917259bc4c7f8d883-0069295e8b - 0.0286 - - 1764318859.123890638 1764318859.152504683 0
Nov 28 08:34:19 np0005538511 proxy-server[122064]: - - 28/Nov/2025/08/34/19 HEAD /v1/AUTH_e2c76e4d27554fd5a4f85cce208b136f/gnocchi.e7808e08-cb0c-4239-94c4-f4d83524641c%3Fformat%3Djson%26states%3Dlisting HTTP/1.0 204 - Swift - - - - txdd9cf52b90114d91ba8bf-0069295e8b - 0.0057 RL - 1764318859.158474684 1764318859.164139271 0
Nov 28 08:34:19 np0005538511 proxy-server[122064]: 172.18.0.197 172.18.0.104 28/Nov/2025/08/34/19 GET /v1/AUTH_e2c76e4d27554fd5a4f85cce208b136f/gnocchi.e7808e08-cb0c-4239-94c4-f4d83524641c%3Fformat%3Djson%26states%3Dlisting HTTP/1.0 200 - python-swiftclient-3.11.1 gAAAAABpKV47sBxn... - 2 - txdd9cf52b90114d91ba8bf-0069295e8b - 0.0177 - - 1764318859.156796455 1764318859.174531937 0
Nov 28 08:34:19 np0005538511 object-server[120734]: 172.20.0.105 - - [28/Nov/2025:08:34:19 +0000] "PUT /d1/13/AUTH_e2c76e4d27554fd5a4f85cce208b136f/gnocchi.547cef1d-702d-4b82-8ce7-75fa4b1b728d/1763640000.0_mean_300.0_v3" 201 - "PUT http://172.18.0.197:8080/v1/AUTH_e2c76e4d27554fd5a4f85cce208b136f/gnocchi.547cef1d-702d-4b82-8ce7-75fa4b1b728d/1763640000.0_mean_300.0_v3" "txbd8448411d7b48fb8e63e-0069295e8b" "proxy-server 20" 0.0112 "-" 23 0
Nov 28 08:34:19 np0005538511 object-server[120734]: 172.20.0.103 - - [28/Nov/2025:08:34:19 +0000] "GET /d1/833/AUTH_e2c76e4d27554fd5a4f85cce208b136f/gnocchi.19ba5cf6-206e-46fa-82bd-912eb11d504b/1763640000.0_mean_300.0_v3" 404 70 "GET http://172.18.0.197:8080/v1/AUTH_e2c76e4d27554fd5a4f85cce208b136f/gnocchi.19ba5cf6-206e-46fa-82bd-912eb11d504b/1763640000.0_mean_300.0_v3" "tx85142550b6674282817b1-0069295e8b" "proxy-server 20" 0.0002 "-" 23 0
Nov 28 08:34:19 np0005538511 container-server[120341]: 172.20.0.105 - - [28/Nov/2025:08:34:19 +0000] "PUT /d1/196/AUTH_e2c76e4d27554fd5a4f85cce208b136f/gnocchi.547cef1d-702d-4b82-8ce7-75fa4b1b728d/1763640000.0_mean_300.0_v3" 201 - "PUT http://172.18.0.197:8080/d1/13/AUTH_e2c76e4d27554fd5a4f85cce208b136f/gnocchi.547cef1d-702d-4b82-8ce7-75fa4b1b728d/1763640000.0_mean_300.0_v3" "txbd8448411d7b48fb8e63e-0069295e8b" "object-server 24" 0.0031 "-" 22 0
Nov 28 08:34:19 np0005538511 object-server[120729]: 172.20.0.104 - - [28/Nov/2025:08:34:19 +0000] "GET /d1/546/AUTH_e2c76e4d27554fd5a4f85cce208b136f/gnocchi.e7808e08-cb0c-4239-94c4-f4d83524641c/1763640000.0_mean_300.0_v3" 404 70 "GET http://172.18.0.197:8080/v1/AUTH_e2c76e4d27554fd5a4f85cce208b136f/gnocchi.e7808e08-cb0c-4239-94c4-f4d83524641c/1763640000.0_mean_300.0_v3" "txb68f59fc2077472faf920-0069295e8b" "proxy-server 20" 0.0004 "-" 21 0
Nov 28 08:34:19 np0005538511 proxy-server[122064]: 172.18.0.197 172.18.0.104 28/Nov/2025/08/34/19 GET /v1/AUTH_e2c76e4d27554fd5a4f85cce208b136f/gnocchi.e7808e08-cb0c-4239-94c4-f4d83524641c/1763640000.0_mean_300.0_v3 HTTP/1.0 404 - python-swiftclient-3.11.1 gAAAAABpKV47sBxn... - 70 - txb68f59fc2077472faf920-0069295e8b - 0.0170 - - 1764318859.179550409 1764318859.196552038 0
Nov 28 08:34:19 np0005538511 container-server[120347]: 172.20.0.104 - - [28/Nov/2025:08:34:19 +0000] "PUT /d1/298/AUTH_e2c76e4d27554fd5a4f85cce208b136f/gnocchi.19ba5cf6-206e-46fa-82bd-912eb11d504b/1763640000.0_mean_300.0_v3" 201 - "PUT http://172.18.0.197:8080/d1/833/AUTH_e2c76e4d27554fd5a4f85cce208b136f/gnocchi.19ba5cf6-206e-46fa-82bd-912eb11d504b/1763640000.0_mean_300.0_v3" "tx997840ab766844199afbc-0069295e8b" "object-server 23" 0.0008 "-" 23 0
Nov 28 08:34:19 np0005538511 object-server[120734]: 172.20.0.103 - - [28/Nov/2025:08:34:19 +0000] "PUT /d1/833/AUTH_e2c76e4d27554fd5a4f85cce208b136f/gnocchi.19ba5cf6-206e-46fa-82bd-912eb11d504b/1763640000.0_mean_300.0_v3" 201 - "PUT http://172.18.0.197:8080/v1/AUTH_e2c76e4d27554fd5a4f85cce208b136f/gnocchi.19ba5cf6-206e-46fa-82bd-912eb11d504b/1763640000.0_mean_300.0_v3" "tx997840ab766844199afbc-0069295e8b" "proxy-server 20" 0.0116 "-" 23 0
Nov 28 08:34:19 np0005538511 object-server[120734]: 172.20.0.104 - - [28/Nov/2025:08:34:19 +0000] "PUT /d1/546/AUTH_e2c76e4d27554fd5a4f85cce208b136f/gnocchi.e7808e08-cb0c-4239-94c4-f4d83524641c/1763640000.0_mean_300.0_v3" 201 - "PUT http://172.18.0.197:8080/v1/AUTH_e2c76e4d27554fd5a4f85cce208b136f/gnocchi.e7808e08-cb0c-4239-94c4-f4d83524641c/1763640000.0_mean_300.0_v3" "txfa0933a018cc4e48bc6be-0069295e8b" "proxy-server 20" 0.0124 "-" 23 0
Nov 28 08:34:19 np0005538511 container-server[120329]: 172.20.0.103 - - [28/Nov/2025:08:34:19 +0000] "PUT /d1/844/AUTH_e2c76e4d27554fd5a4f85cce208b136f/gnocchi.e7808e08-cb0c-4239-94c4-f4d83524641c/1763640000.0_mean_300.0_v3" 201 - "PUT http://172.18.0.197:8080/d1/546/AUTH_e2c76e4d27554fd5a4f85cce208b136f/gnocchi.e7808e08-cb0c-4239-94c4-f4d83524641c/1763640000.0_mean_300.0_v3" "txfa0933a018cc4e48bc6be-0069295e8b" "object-server 22" 0.0013 "-" 21 0
Nov 28 08:34:19 np0005538511 proxy-server[122064]: 172.18.0.197 172.18.0.104 28/Nov/2025/08/34/19 PUT /v1/AUTH_e2c76e4d27554fd5a4f85cce208b136f/gnocchi.e7808e08-cb0c-4239-94c4-f4d83524641c/1763640000.0_mean_300.0_v3 HTTP/1.0 201 - python-swiftclient-3.11.1 gAAAAABpKV47sBxn... 16 - - txfa0933a018cc4e48bc6be-0069295e8b - 0.0247 - - 1764318859.200240850 1764318859.224954605 0
Nov 28 08:34:19 np0005538511 object-server[120734]: 172.20.0.105 - - [28/Nov/2025:08:34:19 +0000] "PUT /d1/760/AUTH_e2c76e4d27554fd5a4f85cce208b136f/gnocchi.547cef1d-702d-4b82-8ce7-75fa4b1b728d/none_v3" 201 - "PUT http://172.18.0.197:8080/v1/AUTH_e2c76e4d27554fd5a4f85cce208b136f/gnocchi.547cef1d-702d-4b82-8ce7-75fa4b1b728d/none_v3" "tx6254365da1d54afca075c-0069295e8b" "proxy-server 20" 0.0143 "-" 23 0
Nov 28 08:34:19 np0005538511 container-server[120329]: 172.20.0.105 - - [28/Nov/2025:08:34:19 +0000] "PUT /d1/196/AUTH_e2c76e4d27554fd5a4f85cce208b136f/gnocchi.547cef1d-702d-4b82-8ce7-75fa4b1b728d/none_v3" 201 - "PUT http://172.18.0.197:8080/d1/760/AUTH_e2c76e4d27554fd5a4f85cce208b136f/gnocchi.547cef1d-702d-4b82-8ce7-75fa4b1b728d/none_v3" "tx6254365da1d54afca075c-0069295e8b" "object-server 22" 0.0006 "-" 21 0
Nov 28 08:34:19 np0005538511 object-server[120732]: 172.20.0.103 - - [28/Nov/2025:08:34:19 +0000] "PUT /d1/231/AUTH_e2c76e4d27554fd5a4f85cce208b136f/gnocchi.19ba5cf6-206e-46fa-82bd-912eb11d504b/none_v3" 201 - "PUT http://172.18.0.197:8080/v1/AUTH_e2c76e4d27554fd5a4f85cce208b136f/gnocchi.19ba5cf6-206e-46fa-82bd-912eb11d504b/none_v3" "txed50387cadc3423a8379f-0069295e8b" "proxy-server 20" 0.0149 "-" 22 0
Nov 28 08:34:19 np0005538511 object-server[120734]: 172.20.0.104 - - [28/Nov/2025:08:34:19 +0000] "PUT /d1/585/AUTH_e2c76e4d27554fd5a4f85cce208b136f/gnocchi.e7808e08-cb0c-4239-94c4-f4d83524641c/none_v3" 201 - "PUT http://172.18.0.197:8080/v1/AUTH_e2c76e4d27554fd5a4f85cce208b136f/gnocchi.e7808e08-cb0c-4239-94c4-f4d83524641c/none_v3" "txe5cf0b90ced44b0bb7136-0069295e8b" "proxy-server 20" 0.0133 "-" 23 0
Nov 28 08:34:19 np0005538511 container-server[120325]: 172.20.0.103 - - [28/Nov/2025:08:34:19 +0000] "PUT /d1/844/AUTH_e2c76e4d27554fd5a4f85cce208b136f/gnocchi.e7808e08-cb0c-4239-94c4-f4d83524641c/none_v3" 201 - "PUT http://172.18.0.197:8080/d1/585/AUTH_e2c76e4d27554fd5a4f85cce208b136f/gnocchi.e7808e08-cb0c-4239-94c4-f4d83524641c/none_v3" "txe5cf0b90ced44b0bb7136-0069295e8b" "object-server 23" 0.0007 "-" 20 0
Nov 28 08:34:19 np0005538511 container-server[120347]: 172.20.0.105 - - [28/Nov/2025:08:34:19 +0000] "PUT /d1/298/AUTH_e2c76e4d27554fd5a4f85cce208b136f/gnocchi.19ba5cf6-206e-46fa-82bd-912eb11d504b/none_v3" 201 - "PUT http://172.18.0.197:8080/d1/231/AUTH_e2c76e4d27554fd5a4f85cce208b136f/gnocchi.19ba5cf6-206e-46fa-82bd-912eb11d504b/none_v3" "txed50387cadc3423a8379f-0069295e8b" "object-server 25" 0.0006 "-" 23 0
Nov 28 08:34:19 np0005538511 container-server[120347]: 172.20.0.105 - - [28/Nov/2025:08:34:19 +0000] "HEAD /d1/1006/AUTH_e2c76e4d27554fd5a4f85cce208b136f/gnocchi.a851009b-1bdc-4a6a-ab69-57b039cf6772" 404 - "HEAD http://172.18.0.197:8080/v1/AUTH_e2c76e4d27554fd5a4f85cce208b136f/gnocchi.a851009b-1bdc-4a6a-ab69-57b039cf6772?format=json&states=listing" "tx125b50de6a284ad6b377c-0069295e8b" "proxy-server 20" 0.0003 "-" 23 0
Nov 28 08:34:19 np0005538511 proxy-server[122064]: 172.18.0.197 172.18.0.104 28/Nov/2025/08/34/19 PUT /v1/AUTH_e2c76e4d27554fd5a4f85cce208b136f/gnocchi.e7808e08-cb0c-4239-94c4-f4d83524641c/none_v3 HTTP/1.0 201 - python-swiftclient-3.11.1 gAAAAABpKV47sBxn... 22 - - txe5cf0b90ced44b0bb7136-0069295e8b - 0.0300 - - 1764318859.230089188 1764318859.260055542 0
Nov 28 08:34:19 np0005538511 object-server[120735]: 172.20.0.105 - - [28/Nov/2025:08:34:19 +0000] "GET /d1/904/AUTH_e2c76e4d27554fd5a4f85cce208b136f/gnocchi.a851009b-1bdc-4a6a-ab69-57b039cf6772/none_v3" 404 70 "GET http://172.18.0.197:8080/v1/AUTH_e2c76e4d27554fd5a4f85cce208b136f/gnocchi.a851009b-1bdc-4a6a-ab69-57b039cf6772/none_v3" "tx125b50de6a284ad6b377c-0069295e8b" "proxy-server 20" 0.0004 "-" 24 0
Nov 28 08:34:19 np0005538511 container-server[120329]: 172.20.0.103 - - [28/Nov/2025:08:34:19 +0000] "HEAD /d1/161/AUTH_e2c76e4d27554fd5a4f85cce208b136f/gnocchi.3927f339-3916-42db-89af-c6d1f7cf2953" 404 - "HEAD http://172.18.0.197:8080/v1/AUTH_e2c76e4d27554fd5a4f85cce208b136f/gnocchi.3927f339-3916-42db-89af-c6d1f7cf2953?format=json&states=listing" "tx0dbdbf73a6e84a45a093d-0069295e8b" "proxy-server 20" 0.0009 "-" 21 0
Nov 28 08:34:19 np0005538511 container-server[120329]: 172.20.0.104 - - [28/Nov/2025:08:34:19 +0000] "HEAD /d1/433/AUTH_e2c76e4d27554fd5a4f85cce208b136f/gnocchi.f94d0f81-485c-443e-8763-91d3db4e7263" 404 - "HEAD http://172.18.0.197:8080/v1/AUTH_e2c76e4d27554fd5a4f85cce208b136f/gnocchi.f94d0f81-485c-443e-8763-91d3db4e7263?format=json&states=listing" "tx4a345725230d4e2f91595-0069295e8b" "proxy-server 20" 0.0004 "-" 21 0
Nov 28 08:34:19 np0005538511 object-server[120734]: 172.20.0.103 - - [28/Nov/2025:08:34:19 +0000] "GET /d1/151/AUTH_e2c76e4d27554fd5a4f85cce208b136f/gnocchi.3927f339-3916-42db-89af-c6d1f7cf2953/none_v3" 404 70 "GET http://172.18.0.197:8080/v1/AUTH_e2c76e4d27554fd5a4f85cce208b136f/gnocchi.3927f339-3916-42db-89af-c6d1f7cf2953/none_v3" "tx0dbdbf73a6e84a45a093d-0069295e8b" "proxy-server 20" 0.0003 "-" 23 0
Nov 28 08:34:19 np0005538511 account-server[120218]: 172.20.0.105 - - [28/Nov/2025:08:34:19 +0000] "PUT /d1/535/AUTH_e2c76e4d27554fd5a4f85cce208b136f/gnocchi.a851009b-1bdc-4a6a-ab69-57b039cf6772" 201 - "PUT http://172.20.0.105:6001/d1/1006/AUTH_e2c76e4d27554fd5a4f85cce208b136f/gnocchi.a851009b-1bdc-4a6a-ab69-57b039cf6772" "txc6972089c0a646d6a8618-0069295e8b" "container-server 20" 0.0060 "-" 21 0
Nov 28 08:34:19 np0005538511 object-server[120732]: 172.20.0.104 - - [28/Nov/2025:08:34:19 +0000] "GET /d1/975/AUTH_e2c76e4d27554fd5a4f85cce208b136f/gnocchi.f94d0f81-485c-443e-8763-91d3db4e7263/none_v3" 404 70 "GET http://172.18.0.197:8080/v1/AUTH_e2c76e4d27554fd5a4f85cce208b136f/gnocchi.f94d0f81-485c-443e-8763-91d3db4e7263/none_v3" "tx4a345725230d4e2f91595-0069295e8b" "proxy-server 20" 0.0003 "-" 22 0
Nov 28 08:34:19 np0005538511 container-server[120325]: 172.20.0.105 - - [28/Nov/2025:08:34:19 +0000] "PUT /d1/1006/AUTH_e2c76e4d27554fd5a4f85cce208b136f/gnocchi.a851009b-1bdc-4a6a-ab69-57b039cf6772" 201 - "PUT http://172.18.0.197:8080/v1/AUTH_e2c76e4d27554fd5a4f85cce208b136f/gnocchi.a851009b-1bdc-4a6a-ab69-57b039cf6772" "txc6972089c0a646d6a8618-0069295e8b" "proxy-server 20" 0.0220 "-" 20 0
Nov 28 08:34:19 np0005538511 proxy-server[122064]: 172.18.0.197 172.18.0.104 28/Nov/2025/08/34/19 GET /v1/AUTH_e2c76e4d27554fd5a4f85cce208b136f/gnocchi.f94d0f81-485c-443e-8763-91d3db4e7263/none_v3 HTTP/1.0 404 - python-swiftclient-3.11.1 gAAAAABpKV47sBxn... - 70 - tx4a345725230d4e2f91595-0069295e8b - 0.0370 - - 1764318859.281915903 1764318859.318916559 0
Nov 28 08:34:19 np0005538511 account-server[120230]: 172.20.0.105 - - [28/Nov/2025:08:34:19 +0000] "PUT /d1/535/AUTH_e2c76e4d27554fd5a4f85cce208b136f/gnocchi.3927f339-3916-42db-89af-c6d1f7cf2953" 201 - "PUT http://172.20.0.105:6001/d1/161/AUTH_e2c76e4d27554fd5a4f85cce208b136f/gnocchi.3927f339-3916-42db-89af-c6d1f7cf2953" "tx86288b910e6c4386b382b-0069295e8b" "container-server 22" 0.0061 "-" 23 0
Nov 28 08:34:19 np0005538511 container-server[120325]: 172.20.0.103 - - [28/Nov/2025:08:34:19 +0000] "PUT /d1/161/AUTH_e2c76e4d27554fd5a4f85cce208b136f/gnocchi.3927f339-3916-42db-89af-c6d1f7cf2953" 201 - "PUT http://172.18.0.197:8080/v1/AUTH_e2c76e4d27554fd5a4f85cce208b136f/gnocchi.3927f339-3916-42db-89af-c6d1f7cf2953" "tx86288b910e6c4386b382b-0069295e8b" "proxy-server 20" 0.0230 "-" 20 0
Nov 28 08:34:19 np0005538511 account-server[120230]: 172.20.0.103 - - [28/Nov/2025:08:34:19 +0000] "PUT /d1/535/AUTH_e2c76e4d27554fd5a4f85cce208b136f/gnocchi.f94d0f81-485c-443e-8763-91d3db4e7263" 201 - "PUT http://172.20.0.103:6001/d1/433/AUTH_e2c76e4d27554fd5a4f85cce208b136f/gnocchi.f94d0f81-485c-443e-8763-91d3db4e7263" "txb2c4b25824334692a1753-0069295e8b" "container-server 20" 0.0055 "-" 23 0
Nov 28 08:34:19 np0005538511 container-server[120325]: 172.20.0.104 - - [28/Nov/2025:08:34:19 +0000] "PUT /d1/433/AUTH_e2c76e4d27554fd5a4f85cce208b136f/gnocchi.f94d0f81-485c-443e-8763-91d3db4e7263" 201 - "PUT http://172.18.0.197:8080/v1/AUTH_e2c76e4d27554fd5a4f85cce208b136f/gnocchi.f94d0f81-485c-443e-8763-91d3db4e7263" "txb2c4b25824334692a1753-0069295e8b" "proxy-server 20" 0.0210 "-" 20 0
Nov 28 08:34:19 np0005538511 proxy-server[122064]: 172.18.0.197 172.18.0.104 28/Nov/2025/08/34/19 PUT /v1/AUTH_e2c76e4d27554fd5a4f85cce208b136f/gnocchi.f94d0f81-485c-443e-8763-91d3db4e7263 HTTP/1.0 201 - python-swiftclient-3.11.1 gAAAAABpKV47sBxn... - - - txb2c4b25824334692a1753-0069295e8b - 0.0314 - - 1764318859.322839737 1764318859.354225159 0
Nov 28 08:34:19 np0005538511 object-server[120735]: 172.20.0.105 - - [28/Nov/2025:08:34:19 +0000] "GET /d1/205/AUTH_e2c76e4d27554fd5a4f85cce208b136f/gnocchi.a851009b-1bdc-4a6a-ab69-57b039cf6772/1763640000.0_mean_300.0_v3" 404 70 "GET http://172.18.0.197:8080/v1/AUTH_e2c76e4d27554fd5a4f85cce208b136f/gnocchi.a851009b-1bdc-4a6a-ab69-57b039cf6772/1763640000.0_mean_300.0_v3" "tx5d0b2c2677cf4d41880d6-0069295e8b" "proxy-server 20" 0.0004 "-" 24 0
Nov 28 08:34:19 np0005538511 container-server[120325]: 172.20.0.104 - - [28/Nov/2025:08:34:19 +0000] "HEAD /d1/433/AUTH_e2c76e4d27554fd5a4f85cce208b136f/gnocchi.f94d0f81-485c-443e-8763-91d3db4e7263" 204 - "HEAD http://172.18.0.197:8080/v1/AUTH_e2c76e4d27554fd5a4f85cce208b136f/gnocchi.f94d0f81-485c-443e-8763-91d3db4e7263?format=json&states=listing" "tx849c501c6e1e48d296868-0069295e8b" "proxy-server 20" 0.0021 "-" 20 0
Nov 28 08:34:19 np0005538511 proxy-server[122064]: - - 28/Nov/2025/08/34/19 HEAD /v1/AUTH_e2c76e4d27554fd5a4f85cce208b136f/gnocchi.f94d0f81-485c-443e-8763-91d3db4e7263%3Fformat%3Djson%26states%3Dlisting HTTP/1.0 204 - Swift - - - - tx849c501c6e1e48d296868-0069295e8b - 0.0069 RL - 1764318859.360396147 1764318859.367321253 0
Nov 28 08:34:19 np0005538511 container-server[120347]: 172.20.0.104 - - [28/Nov/2025:08:34:19 +0000] "GET /d1/433/AUTH_e2c76e4d27554fd5a4f85cce208b136f/gnocchi.f94d0f81-485c-443e-8763-91d3db4e7263" 200 2 "GET http://172.18.0.197:8080/v1/AUTH_e2c76e4d27554fd5a4f85cce208b136f/gnocchi.f94d0f81-485c-443e-8763-91d3db4e7263?format=json&states=listing" "tx849c501c6e1e48d296868-0069295e8b" "proxy-server 20" 0.0024 "-" 23 0
Nov 28 08:34:19 np0005538511 proxy-server[122064]: 172.18.0.197 172.18.0.104 28/Nov/2025/08/34/19 GET /v1/AUTH_e2c76e4d27554fd5a4f85cce208b136f/gnocchi.f94d0f81-485c-443e-8763-91d3db4e7263%3Fformat%3Djson%26states%3Dlisting HTTP/1.0 200 - python-swiftclient-3.11.1 gAAAAABpKV47sBxn... - 2 - tx849c501c6e1e48d296868-0069295e8b - 0.0207 - - 1764318859.357983828 1764318859.378667355 0
Nov 28 08:34:19 np0005538511 object-server[120732]: 172.20.0.103 - - [28/Nov/2025:08:34:19 +0000] "GET /d1/819/AUTH_e2c76e4d27554fd5a4f85cce208b136f/gnocchi.3927f339-3916-42db-89af-c6d1f7cf2953/1763640000.0_mean_300.0_v3" 404 70 "GET http://172.18.0.197:8080/v1/AUTH_e2c76e4d27554fd5a4f85cce208b136f/gnocchi.3927f339-3916-42db-89af-c6d1f7cf2953/1763640000.0_mean_300.0_v3" "txb8b9cda86337460897c8f-0069295e8b" "proxy-server 20" 0.0003 "-" 22 0
Nov 28 08:34:19 np0005538511 object-server[120735]: 172.20.0.104 - - [28/Nov/2025:08:34:19 +0000] "GET /d1/925/AUTH_e2c76e4d27554fd5a4f85cce208b136f/gnocchi.f94d0f81-485c-443e-8763-91d3db4e7263/1763640000.0_mean_300.0_v3" 404 70 "GET http://172.18.0.197:8080/v1/AUTH_e2c76e4d27554fd5a4f85cce208b136f/gnocchi.f94d0f81-485c-443e-8763-91d3db4e7263/1763640000.0_mean_300.0_v3" "txe9303d689af44fc2810ab-0069295e8b" "proxy-server 20" 0.0004 "-" 24 0
Nov 28 08:34:19 np0005538511 container-server[120325]: 172.20.0.105 - - [28/Nov/2025:08:34:19 +0000] "PUT /d1/1006/AUTH_e2c76e4d27554fd5a4f85cce208b136f/gnocchi.a851009b-1bdc-4a6a-ab69-57b039cf6772/1763640000.0_mean_300.0_v3" 201 - "PUT http://172.18.0.197:8080/d1/205/AUTH_e2c76e4d27554fd5a4f85cce208b136f/gnocchi.a851009b-1bdc-4a6a-ab69-57b039cf6772/1763640000.0_mean_300.0_v3" "tx17ce71a9ad6640848a0a5-0069295e8b" "object-server 23" 0.0008 "-" 20 0
Nov 28 08:34:19 np0005538511 object-server[120734]: 172.20.0.105 - - [28/Nov/2025:08:34:19 +0000] "PUT /d1/205/AUTH_e2c76e4d27554fd5a4f85cce208b136f/gnocchi.a851009b-1bdc-4a6a-ab69-57b039cf6772/1763640000.0_mean_300.0_v3" 201 - "PUT http://172.18.0.197:8080/v1/AUTH_e2c76e4d27554fd5a4f85cce208b136f/gnocchi.a851009b-1bdc-4a6a-ab69-57b039cf6772/1763640000.0_mean_300.0_v3" "tx17ce71a9ad6640848a0a5-0069295e8b" "proxy-server 20" 0.0128 "-" 23 0
Nov 28 08:34:19 np0005538511 proxy-server[122064]: 172.18.0.197 172.18.0.104 28/Nov/2025/08/34/19 GET /v1/AUTH_e2c76e4d27554fd5a4f85cce208b136f/gnocchi.f94d0f81-485c-443e-8763-91d3db4e7263/1763640000.0_mean_300.0_v3 HTTP/1.0 404 - python-swiftclient-3.11.1 gAAAAABpKV47sBxn... - 70 - txe9303d689af44fc2810ab-0069295e8b - 0.0174 - - 1764318859.382884502 1764318859.400273323 0
Nov 28 08:34:19 np0005538511 container-server[120325]: 172.20.0.103 - - [28/Nov/2025:08:34:19 +0000] "PUT /d1/161/AUTH_e2c76e4d27554fd5a4f85cce208b136f/gnocchi.3927f339-3916-42db-89af-c6d1f7cf2953/1763640000.0_mean_300.0_v3" 201 - "PUT http://172.18.0.197:8080/d1/819/AUTH_e2c76e4d27554fd5a4f85cce208b136f/gnocchi.3927f339-3916-42db-89af-c6d1f7cf2953/1763640000.0_mean_300.0_v3" "tx7a6ee64753f640878f443-0069295e8b" "object-server 23" 0.0012 "-" 20 0
Nov 28 08:34:19 np0005538511 object-server[120735]: 172.20.0.103 - - [28/Nov/2025:08:34:19 +0000] "PUT /d1/819/AUTH_e2c76e4d27554fd5a4f85cce208b136f/gnocchi.3927f339-3916-42db-89af-c6d1f7cf2953/1763640000.0_mean_300.0_v3" 201 - "PUT http://172.18.0.197:8080/v1/AUTH_e2c76e4d27554fd5a4f85cce208b136f/gnocchi.3927f339-3916-42db-89af-c6d1f7cf2953/1763640000.0_mean_300.0_v3" "tx7a6ee64753f640878f443-0069295e8b" "proxy-server 20" 0.0147 "-" 24 0
Nov 28 08:34:19 np0005538511 container-server[120325]: 172.20.0.104 - - [28/Nov/2025:08:34:19 +0000] "PUT /d1/433/AUTH_e2c76e4d27554fd5a4f85cce208b136f/gnocchi.f94d0f81-485c-443e-8763-91d3db4e7263/1763640000.0_mean_300.0_v3" 201 - "PUT http://172.18.0.197:8080/d1/925/AUTH_e2c76e4d27554fd5a4f85cce208b136f/gnocchi.f94d0f81-485c-443e-8763-91d3db4e7263/1763640000.0_mean_300.0_v3" "txf809209f41f1456282232-0069295e8b" "object-server 21" 0.0007 "-" 20 0
Nov 28 08:34:19 np0005538511 object-server[120729]: 172.20.0.104 - - [28/Nov/2025:08:34:19 +0000] "PUT /d1/925/AUTH_e2c76e4d27554fd5a4f85cce208b136f/gnocchi.f94d0f81-485c-443e-8763-91d3db4e7263/1763640000.0_mean_300.0_v3" 201 - "PUT http://172.18.0.197:8080/v1/AUTH_e2c76e4d27554fd5a4f85cce208b136f/gnocchi.f94d0f81-485c-443e-8763-91d3db4e7263/1763640000.0_mean_300.0_v3" "txf809209f41f1456282232-0069295e8b" "proxy-server 20" 0.0122 "-" 21 0
Nov 28 08:34:19 np0005538511 container-server[120325]: 172.20.0.103 - - [28/Nov/2025:08:34:19 +0000] "PUT /d1/1006/AUTH_e2c76e4d27554fd5a4f85cce208b136f/gnocchi.a851009b-1bdc-4a6a-ab69-57b039cf6772/none_v3" 201 - "PUT http://172.18.0.197:8080/d1/904/AUTH_e2c76e4d27554fd5a4f85cce208b136f/gnocchi.a851009b-1bdc-4a6a-ab69-57b039cf6772/none_v3" "tx0f18629e2e7e4cf1beb72-0069295e8b" "object-server 25" 0.0007 "-" 20 0
Nov 28 08:34:19 np0005538511 proxy-server[122064]: 172.18.0.197 172.18.0.104 28/Nov/2025/08/34/19 PUT /v1/AUTH_e2c76e4d27554fd5a4f85cce208b136f/gnocchi.f94d0f81-485c-443e-8763-91d3db4e7263/1763640000.0_mean_300.0_v3 HTTP/1.0 201 - python-swiftclient-3.11.1 gAAAAABpKV47sBxn... 16 - - txf809209f41f1456282232-0069295e8b - 0.0275 - - 1764318859.404271841 1764318859.431741238 0
Nov 28 08:34:19 np0005538511 object-server[120732]: 172.20.0.105 - - [28/Nov/2025:08:34:19 +0000] "PUT /d1/904/AUTH_e2c76e4d27554fd5a4f85cce208b136f/gnocchi.a851009b-1bdc-4a6a-ab69-57b039cf6772/none_v3" 201 - "PUT http://172.18.0.197:8080/v1/AUTH_e2c76e4d27554fd5a4f85cce208b136f/gnocchi.a851009b-1bdc-4a6a-ab69-57b039cf6772/none_v3" "tx0f18629e2e7e4cf1beb72-0069295e8b" "proxy-server 20" 0.0142 "-" 22 0
Nov 28 08:34:19 np0005538511 container-server[120341]: 172.20.0.104 - - [28/Nov/2025:08:34:19 +0000] "PUT /d1/161/AUTH_e2c76e4d27554fd5a4f85cce208b136f/gnocchi.3927f339-3916-42db-89af-c6d1f7cf2953/none_v3" 201 - "PUT http://172.18.0.197:8080/d1/151/AUTH_e2c76e4d27554fd5a4f85cce208b136f/gnocchi.3927f339-3916-42db-89af-c6d1f7cf2953/none_v3" "tx89eb6940bcd743e8bf63f-0069295e8b" "object-server 21" 0.0005 "-" 22 0
Nov 28 08:34:19 np0005538511 object-server[120729]: 172.20.0.103 - - [28/Nov/2025:08:34:19 +0000] "PUT /d1/151/AUTH_e2c76e4d27554fd5a4f85cce208b136f/gnocchi.3927f339-3916-42db-89af-c6d1f7cf2953/none_v3" 201 - "PUT http://172.18.0.197:8080/v1/AUTH_e2c76e4d27554fd5a4f85cce208b136f/gnocchi.3927f339-3916-42db-89af-c6d1f7cf2953/none_v3" "tx89eb6940bcd743e8bf63f-0069295e8b" "proxy-server 20" 0.0105 "-" 21 0
Nov 28 08:34:19 np0005538511 container-server[120325]: 172.20.0.104 - - [28/Nov/2025:08:34:19 +0000] "PUT /d1/433/AUTH_e2c76e4d27554fd5a4f85cce208b136f/gnocchi.f94d0f81-485c-443e-8763-91d3db4e7263/none_v3" 201 - "PUT http://172.18.0.197:8080/d1/975/AUTH_e2c76e4d27554fd5a4f85cce208b136f/gnocchi.f94d0f81-485c-443e-8763-91d3db4e7263/none_v3" "tx6624dbeff50341ddbb413-0069295e8b" "object-server 24" 0.0007 "-" 20 0
Nov 28 08:34:19 np0005538511 object-server[120735]: 172.20.0.104 - - [28/Nov/2025:08:34:19 +0000] "PUT /d1/975/AUTH_e2c76e4d27554fd5a4f85cce208b136f/gnocchi.f94d0f81-485c-443e-8763-91d3db4e7263/none_v3" 201 - "PUT http://172.18.0.197:8080/v1/AUTH_e2c76e4d27554fd5a4f85cce208b136f/gnocchi.f94d0f81-485c-443e-8763-91d3db4e7263/none_v3" "tx6624dbeff50341ddbb413-0069295e8b" "proxy-server 20" 0.0144 "-" 24 0
Nov 28 08:34:19 np0005538511 proxy-server[122064]: 172.18.0.197 172.18.0.104 28/Nov/2025/08/34/19 PUT /v1/AUTH_e2c76e4d27554fd5a4f85cce208b136f/gnocchi.f94d0f81-485c-443e-8763-91d3db4e7263/none_v3 HTTP/1.0 201 - python-swiftclient-3.11.1 gAAAAABpKV47sBxn... 22 - - tx6624dbeff50341ddbb413-0069295e8b - 0.0285 - - 1764318859.435538530 1764318859.464003086 0
Nov 28 08:34:19 np0005538511 container-server[120347]: 172.20.0.105 - - [28/Nov/2025:08:34:19 +0000] "HEAD /d1/897/AUTH_e2c76e4d27554fd5a4f85cce208b136f/gnocchi.97b432a6-dfa0-480b-b6a7-a919af48417d" 404 - "HEAD http://172.18.0.197:8080/v1/AUTH_e2c76e4d27554fd5a4f85cce208b136f/gnocchi.97b432a6-dfa0-480b-b6a7-a919af48417d?format=json&states=listing" "txd4a6aee2e3504a15b5bac-0069295e8b" "proxy-server 20" 0.0006 "-" 23 0
Nov 28 08:34:19 np0005538511 container-server[120347]: 172.20.0.103 - - [28/Nov/2025:08:34:19 +0000] "HEAD /d1/541/AUTH_e2c76e4d27554fd5a4f85cce208b136f/gnocchi.baf5a52d-b193-44c5-9d75-855be0f5fceb" 404 - "HEAD http://172.18.0.197:8080/v1/AUTH_e2c76e4d27554fd5a4f85cce208b136f/gnocchi.baf5a52d-b193-44c5-9d75-855be0f5fceb?format=json&states=listing" "txb9fba6eeb906417dac467-0069295e8b" "proxy-server 20" 0.0004 "-" 23 0
Nov 28 08:34:19 np0005538511 object-server[120734]: 172.20.0.105 - - [28/Nov/2025:08:34:19 +0000] "GET /d1/173/AUTH_e2c76e4d27554fd5a4f85cce208b136f/gnocchi.97b432a6-dfa0-480b-b6a7-a919af48417d/none_v3" 404 70 "GET http://172.18.0.197:8080/v1/AUTH_e2c76e4d27554fd5a4f85cce208b136f/gnocchi.97b432a6-dfa0-480b-b6a7-a919af48417d/none_v3" "txd4a6aee2e3504a15b5bac-0069295e8b" "proxy-server 20" 0.0005 "-" 23 0
Nov 28 08:34:19 np0005538511 object-server[120734]: 172.20.0.103 - - [28/Nov/2025:08:34:19 +0000] "GET /d1/211/AUTH_e2c76e4d27554fd5a4f85cce208b136f/gnocchi.baf5a52d-b193-44c5-9d75-855be0f5fceb/none_v3" 404 70 "GET http://172.18.0.197:8080/v1/AUTH_e2c76e4d27554fd5a4f85cce208b136f/gnocchi.baf5a52d-b193-44c5-9d75-855be0f5fceb/none_v3" "txb9fba6eeb906417dac467-0069295e8b" "proxy-server 20" 0.0004 "-" 23 0
Nov 28 08:34:19 np0005538511 account-server[120221]: 172.20.0.104 - - [28/Nov/2025:08:34:19 +0000] "PUT /d1/535/AUTH_e2c76e4d27554fd5a4f85cce208b136f/gnocchi.97b432a6-dfa0-480b-b6a7-a919af48417d" 201 - "PUT http://172.20.0.104:6001/d1/897/AUTH_e2c76e4d27554fd5a4f85cce208b136f/gnocchi.97b432a6-dfa0-480b-b6a7-a919af48417d" "tx8d7ec32185834be1ae1d6-0069295e8b" "container-server 23" 0.0063 "-" 22 0
Nov 28 08:34:19 np0005538511 container-server[120347]: 172.20.0.104 - - [28/Nov/2025:08:34:19 +0000] "PUT /d1/897/AUTH_e2c76e4d27554fd5a4f85cce208b136f/gnocchi.97b432a6-dfa0-480b-b6a7-a919af48417d" 201 - "PUT http://172.18.0.197:8080/v1/AUTH_e2c76e4d27554fd5a4f85cce208b136f/gnocchi.97b432a6-dfa0-480b-b6a7-a919af48417d" "tx8d7ec32185834be1ae1d6-0069295e8b" "proxy-server 20" 0.0190 "-" 23 0
Nov 28 08:34:19 np0005538511 proxy-server[122064]: 172.18.0.105 172.18.0.104 28/Nov/2025/08/34/19 PUT /v1/AUTH_e2c76e4d27554fd5a4f85cce208b136f/gnocchi.97b432a6-dfa0-480b-b6a7-a919af48417d HTTP/1.0 201 - python-swiftclient-3.11.1 gAAAAABpKV5EJeK-... - - - tx8d7ec32185834be1ae1d6-0069295e8b - 0.0357 - - 1764318859.498936415 1764318859.534653425 0
Nov 28 08:34:19 np0005538511 account-server[120230]: 172.20.0.103 - - [28/Nov/2025:08:34:19 +0000] "PUT /d1/535/AUTH_e2c76e4d27554fd5a4f85cce208b136f/gnocchi.baf5a52d-b193-44c5-9d75-855be0f5fceb" 201 - "PUT http://172.20.0.103:6001/d1/541/AUTH_e2c76e4d27554fd5a4f85cce208b136f/gnocchi.baf5a52d-b193-44c5-9d75-855be0f5fceb" "tx332a45b96336442796ad1-0069295e8b" "container-server 20" 0.0047 "-" 23 0
Nov 28 08:34:19 np0005538511 container-server[120341]: 172.20.0.105 - - [28/Nov/2025:08:34:19 +0000] "PUT /d1/541/AUTH_e2c76e4d27554fd5a4f85cce208b136f/gnocchi.baf5a52d-b193-44c5-9d75-855be0f5fceb" 201 - "PUT http://172.18.0.197:8080/v1/AUTH_e2c76e4d27554fd5a4f85cce208b136f/gnocchi.baf5a52d-b193-44c5-9d75-855be0f5fceb" "tx332a45b96336442796ad1-0069295e8b" "proxy-server 20" 0.0208 "-" 22 0
Nov 28 08:34:19 np0005538511 container-server[120341]: 172.20.0.104 - - [28/Nov/2025:08:34:19 +0000] "HEAD /d1/541/AUTH_e2c76e4d27554fd5a4f85cce208b136f/gnocchi.baf5a52d-b193-44c5-9d75-855be0f5fceb" 204 - "HEAD http://172.18.0.197:8080/v1/AUTH_e2c76e4d27554fd5a4f85cce208b136f/gnocchi.baf5a52d-b193-44c5-9d75-855be0f5fceb?format=json&states=listing" "txcd5698acc72b4151bdfd1-0069295e8b" "proxy-server 20" 0.0023 "-" 22 0
Nov 28 08:34:19 np0005538511 proxy-server[122064]: - - 28/Nov/2025/08/34/19 HEAD /v1/AUTH_e2c76e4d27554fd5a4f85cce208b136f/gnocchi.baf5a52d-b193-44c5-9d75-855be0f5fceb%3Fformat%3Djson%26states%3Dlisting HTTP/1.0 204 - Swift - - - - txcd5698acc72b4151bdfd1-0069295e8b - 0.0083 RL - 1764318859.555479288 1764318859.563811541 0
Nov 28 08:34:19 np0005538511 proxy-server[122064]: 172.18.0.103 172.18.0.104 28/Nov/2025/08/34/19 GET /v1/AUTH_e2c76e4d27554fd5a4f85cce208b136f/gnocchi.baf5a52d-b193-44c5-9d75-855be0f5fceb%3Fformat%3Djson%26states%3Dlisting HTTP/1.0 200 - python-swiftclient-3.11.1 gAAAAABpKV38a7pX... - 2 - txcd5698acc72b4151bdfd1-0069295e8b - 0.0293 - - 1764318859.552520275 1764318859.581855297 0
Nov 28 08:34:19 np0005538511 object-server[120735]: 172.20.0.105 - - [28/Nov/2025:08:34:19 +0000] "GET /d1/4/AUTH_e2c76e4d27554fd5a4f85cce208b136f/gnocchi.97b432a6-dfa0-480b-b6a7-a919af48417d/1763640000.0_mean_300.0_v3" 404 70 "GET http://172.18.0.197:8080/v1/AUTH_e2c76e4d27554fd5a4f85cce208b136f/gnocchi.97b432a6-dfa0-480b-b6a7-a919af48417d/1763640000.0_mean_300.0_v3" "txe8b3d670f1414dc5b70ab-0069295e8b" "proxy-server 20" 0.0008 "-" 24 0
Nov 28 08:34:19 np0005538511 object-server[120729]: 172.20.0.103 - - [28/Nov/2025:08:34:19 +0000] "GET /d1/329/AUTH_e2c76e4d27554fd5a4f85cce208b136f/gnocchi.baf5a52d-b193-44c5-9d75-855be0f5fceb/1763640000.0_mean_300.0_v3" 404 70 "GET http://172.18.0.197:8080/v1/AUTH_e2c76e4d27554fd5a4f85cce208b136f/gnocchi.baf5a52d-b193-44c5-9d75-855be0f5fceb/1763640000.0_mean_300.0_v3" "txa68298abd0364582acbc9-0069295e8b" "proxy-server 20" 0.0004 "-" 21 0
Nov 28 08:34:19 np0005538511 container-server[120341]: 172.20.0.103 - - [28/Nov/2025:08:34:19 +0000] "PUT /d1/897/AUTH_e2c76e4d27554fd5a4f85cce208b136f/gnocchi.97b432a6-dfa0-480b-b6a7-a919af48417d/1763640000.0_mean_300.0_v3" 201 - "PUT http://172.18.0.197:8080/d1/4/AUTH_e2c76e4d27554fd5a4f85cce208b136f/gnocchi.97b432a6-dfa0-480b-b6a7-a919af48417d/1763640000.0_mean_300.0_v3" "txf9e2b2e24f10445687ab6-0069295e8b" "object-server 23" 0.0009 "-" 22 0
Nov 28 08:34:19 np0005538511 container-server[120341]: 172.20.0.104 - - [28/Nov/2025:08:34:19 +0000] "PUT /d1/541/AUTH_e2c76e4d27554fd5a4f85cce208b136f/gnocchi.baf5a52d-b193-44c5-9d75-855be0f5fceb/1763640000.0_mean_300.0_v3" 201 - "PUT http://172.18.0.197:8080/d1/329/AUTH_e2c76e4d27554fd5a4f85cce208b136f/gnocchi.baf5a52d-b193-44c5-9d75-855be0f5fceb/1763640000.0_mean_300.0_v3" "tx69808f6caccd4cf5bc811-0069295e8b" "object-server 23" 0.0007 "-" 22 0
Nov 28 08:34:19 np0005538511 object-server[120734]: 172.20.0.105 - - [28/Nov/2025:08:34:19 +0000] "PUT /d1/329/AUTH_e2c76e4d27554fd5a4f85cce208b136f/gnocchi.baf5a52d-b193-44c5-9d75-855be0f5fceb/1763640000.0_mean_300.0_v3" 201 - "PUT http://172.18.0.197:8080/v1/AUTH_e2c76e4d27554fd5a4f85cce208b136f/gnocchi.baf5a52d-b193-44c5-9d75-855be0f5fceb/1763640000.0_mean_300.0_v3" "tx69808f6caccd4cf5bc811-0069295e8b" "proxy-server 20" 0.0165 "-" 23 0
Nov 28 08:34:19 np0005538511 object-server[120734]: 172.20.0.104 - - [28/Nov/2025:08:34:19 +0000] "PUT /d1/4/AUTH_e2c76e4d27554fd5a4f85cce208b136f/gnocchi.97b432a6-dfa0-480b-b6a7-a919af48417d/1763640000.0_mean_300.0_v3" 201 - "PUT http://172.18.0.197:8080/v1/AUTH_e2c76e4d27554fd5a4f85cce208b136f/gnocchi.97b432a6-dfa0-480b-b6a7-a919af48417d/1763640000.0_mean_300.0_v3" "txf9e2b2e24f10445687ab6-0069295e8b" "proxy-server 20" 0.0204 "-" 23 0
Nov 28 08:34:19 np0005538511 proxy-server[122064]: 172.18.0.105 172.18.0.104 28/Nov/2025/08/34/19 PUT /v1/AUTH_e2c76e4d27554fd5a4f85cce208b136f/gnocchi.97b432a6-dfa0-480b-b6a7-a919af48417d/1763640000.0_mean_300.0_v3 HTTP/1.0 201 - python-swiftclient-3.11.1 gAAAAABpKV5EJeK-... 16 - - txf9e2b2e24f10445687ab6-0069295e8b - 0.0313 - - 1764318859.602782011 1764318859.634061098 0
Nov 28 08:34:19 np0005538511 object-server[120734]: 172.20.0.105 - - [28/Nov/2025:08:34:19 +0000] "PUT /d1/173/AUTH_e2c76e4d27554fd5a4f85cce208b136f/gnocchi.97b432a6-dfa0-480b-b6a7-a919af48417d/none_v3" 201 - "PUT http://172.18.0.197:8080/v1/AUTH_e2c76e4d27554fd5a4f85cce208b136f/gnocchi.97b432a6-dfa0-480b-b6a7-a919af48417d/none_v3" "tx330d5a70b7a04aefb5d0b-0069295e8b" "proxy-server 20" 0.0114 "-" 23 0
Nov 28 08:34:19 np0005538511 object-server[120734]: 172.20.0.103 - - [28/Nov/2025:08:34:19 +0000] "PUT /d1/211/AUTH_e2c76e4d27554fd5a4f85cce208b136f/gnocchi.baf5a52d-b193-44c5-9d75-855be0f5fceb/none_v3" 201 - "PUT http://172.18.0.197:8080/v1/AUTH_e2c76e4d27554fd5a4f85cce208b136f/gnocchi.baf5a52d-b193-44c5-9d75-855be0f5fceb/none_v3" "tx527d0056083c4fa9a6d3d-0069295e8b" "proxy-server 20" 0.0138 "-" 23 0
Nov 28 08:34:19 np0005538511 container-server[120329]: 172.20.0.105 - - [28/Nov/2025:08:34:19 +0000] "PUT /d1/541/AUTH_e2c76e4d27554fd5a4f85cce208b136f/gnocchi.baf5a52d-b193-44c5-9d75-855be0f5fceb/none_v3" 201 - "PUT http://172.18.0.197:8080/d1/211/AUTH_e2c76e4d27554fd5a4f85cce208b136f/gnocchi.baf5a52d-b193-44c5-9d75-855be0f5fceb/none_v3" "tx527d0056083c4fa9a6d3d-0069295e8b" "object-server 25" 0.0011 "-" 21 0
Nov 28 08:34:19 np0005538511 container-server[120325]: 172.20.0.103 - - [28/Nov/2025:08:34:19 +0000] "PUT /d1/897/AUTH_e2c76e4d27554fd5a4f85cce208b136f/gnocchi.97b432a6-dfa0-480b-b6a7-a919af48417d/none_v3" 201 - "PUT http://172.18.0.197:8080/d1/173/AUTH_e2c76e4d27554fd5a4f85cce208b136f/gnocchi.97b432a6-dfa0-480b-b6a7-a919af48417d/none_v3" "tx330d5a70b7a04aefb5d0b-0069295e8b" "object-server 25" 0.0011 "-" 20 0
Nov 28 08:34:27 np0005538511 account-server[119810]: Beginning replication run
Nov 28 08:34:27 np0005538511 account-server[119810]: Replication run OVER
Nov 28 08:34:27 np0005538511 account-server[119810]: Attempted to replicate 1 dbs in 0.02480 seconds (40.32619/s)
Nov 28 08:34:27 np0005538511 account-server[119810]: Removed 0 dbs
Nov 28 08:34:27 np0005538511 account-server[119810]: 2 successes, 0 failures
Nov 28 08:34:27 np0005538511 account-server[119810]: diff:0 diff_capped:0 empty:0 hashmatch:0 no_change:2 remote_merge:0 rsync:0 ts_repl:0
Nov 28 08:34:33 np0005538511 container-server[120011]: Beginning replication run
Nov 28 08:34:33 np0005538511 container-server[120011]: Replication run OVER
Nov 28 08:34:33 np0005538511 container-server[120011]: Attempted to replicate 22 dbs in 0.57848 seconds (38.03057/s)
Nov 28 08:34:33 np0005538511 container-server[120011]: Removed 0 dbs
Nov 28 08:34:33 np0005538511 container-server[120011]: 44 successes, 0 failures
Nov 28 08:34:33 np0005538511 container-server[120011]: diff:0 diff_capped:0 empty:0 hashmatch:0 no_change:44 remote_merge:0 rsync:0 ts_repl:0
Nov 28 08:34:43 np0005538511 object-server[120485]: Starting object replication pass.
Nov 28 08:34:43 np0005538511 object-server[120485]: 43/43 (100.00%) partitions replicated in 0.43s (100.10/sec, 0s remaining)
Nov 28 08:34:43 np0005538511 object-server[120485]: 86 successes, 0 failures
Nov 28 08:34:43 np0005538511 object-server[120485]: 44 suffixes checked - 0.00% hashed, 0.00% synced
Nov 28 08:34:43 np0005538511 object-server[120485]: Partition times: max 0.0263s, min 0.0072s, med 0.0084s
Nov 28 08:34:43 np0005538511 object-server[120485]: Object replication complete. (0.01 minutes)
Nov 28 08:34:45 np0005538511 object-server[219257]: Begin object audit "forever" mode (ZBF)
Nov 28 08:34:45 np0005538511 object-server[219257]: Object audit (ZBF). Since Fri Nov 28 08:34:45 2025: Locally: 1 passed, 0 quarantined, 0 errors, files/sec: 596.04, bytes/sec: 0.00, Total time: 0.00, Auditing time: 0.00, Rate: 0.00
Nov 28 08:34:45 np0005538511 account-server[120221]: 172.20.0.105 - - [28/Nov/2025:08:34:45 +0000] "PUT /d1/535/AUTH_e2c76e4d27554fd5a4f85cce208b136f/gnocchi.4f0364c4-4af6-4e6c-bcd5-5ff199621362" 201 - "-" "-" "container-updater 2" 0.0007 "-" 22 0
Nov 28 08:34:45 np0005538511 account-server[120218]: 172.20.0.105 - - [28/Nov/2025:08:34:45 +0000] "PUT /d1/535/AUTH_e2c76e4d27554fd5a4f85cce208b136f/gnocchi.7e33f569-81a4-4cb4-bd1c-175cb7009609" 201 - "-" "-" "container-updater 2" 0.0007 "-" 21 0
Nov 28 08:34:45 np0005538511 account-server[120221]: 172.20.0.105 - - [28/Nov/2025:08:34:45 +0000] "PUT /d1/535/AUTH_e2c76e4d27554fd5a4f85cce208b136f/gnocchi.97b432a6-dfa0-480b-b6a7-a919af48417d" 201 - "-" "-" "container-updater 2" 0.0007 "-" 22 0
Nov 28 08:34:45 np0005538511 object-server[219257]: Object audit (ZBF) "forever" mode completed: 0.84s. Total quarantined: 0, Total errors: 0, Total files/sec: 52.20, Total bytes/sec: 0.00, Auditing time: 0.83, Rate: 0.99
Nov 28 08:34:45 np0005538511 account-server[120215]: 172.20.0.105 - - [28/Nov/2025:08:34:45 +0000] "PUT /d1/535/AUTH_e2c76e4d27554fd5a4f85cce208b136f/gnocchi.19ba5cf6-206e-46fa-82bd-912eb11d504b" 201 - "-" "-" "container-updater 2" 0.0008 "-" 20 0
Nov 28 08:34:46 np0005538511 account-server[120230]: 172.20.0.105 - - [28/Nov/2025:08:34:46 +0000] "PUT /d1/535/AUTH_e2c76e4d27554fd5a4f85cce208b136f/gnocchi.7b949dec-daa2-4106-9f8c-6beac0d84399" 201 - "-" "-" "container-updater 2" 0.0008 "-" 23 0
Nov 28 08:34:46 np0005538511 account-server[120215]: 172.20.0.105 - - [28/Nov/2025:08:34:46 +0000] "PUT /d1/535/AUTH_e2c76e4d27554fd5a4f85cce208b136f/gnocchi.c9335d8f-efb8-460e-bda6-add3abf1123e" 201 - "-" "-" "container-updater 2" 0.0007 "-" 20 0
Nov 28 08:34:46 np0005538511 account-server[120221]: 172.20.0.105 - - [28/Nov/2025:08:34:46 +0000] "PUT /d1/535/AUTH_e2c76e4d27554fd5a4f85cce208b136f/gnocchi.89b62a12-09d2-4687-8084-3119ec03eb4e" 201 - "-" "-" "container-updater 2" 0.0006 "-" 22 0
Nov 28 08:34:46 np0005538511 account-server[120221]: 172.20.0.105 - - [28/Nov/2025:08:34:46 +0000] "PUT /d1/535/AUTH_e2c76e4d27554fd5a4f85cce208b136f/gnocchi.e7808e08-cb0c-4239-94c4-f4d83524641c" 201 - "-" "-" "container-updater 2" 0.0006 "-" 22 0
Nov 28 08:34:46 np0005538511 account-server[120218]: 172.20.0.105 - - [28/Nov/2025:08:34:46 +0000] "PUT /d1/535/AUTH_e2c76e4d27554fd5a4f85cce208b136f/gnocchi.eba97320-e4cf-4348-a7c2-d4136009ff49" 201 - "-" "-" "container-updater 2" 0.0009 "-" 21 0
Nov 28 08:34:46 np0005538511 account-server[120230]: 172.20.0.105 - - [28/Nov/2025:08:34:46 +0000] "PUT /d1/535/AUTH_e2c76e4d27554fd5a4f85cce208b136f/gnocchi.a851009b-1bdc-4a6a-ab69-57b039cf6772" 201 - "-" "-" "container-updater 2" 0.0007 "-" 23 0
Nov 28 08:34:46 np0005538511 account-server[120221]: 172.20.0.105 - - [28/Nov/2025:08:34:46 +0000] "PUT /d1/535/AUTH_e2c76e4d27554fd5a4f85cce208b136f/gnocchi.5fd37d51-d442-4b07-bbe5-080c2e3c0d32" 201 - "-" "-" "container-updater 2" 0.0006 "-" 22 0
Nov 28 08:34:46 np0005538511 account-server[120218]: 172.20.0.105 - - [28/Nov/2025:08:34:46 +0000] "PUT /d1/535/AUTH_e2c76e4d27554fd5a4f85cce208b136f/gnocchi.59b94bd8-604d-4756-a0ea-d604c290d93c" 201 - "-" "-" "container-updater 2" 0.0006 "-" 21 0
Nov 28 08:34:46 np0005538511 account-server[120230]: 172.20.0.105 - - [28/Nov/2025:08:34:46 +0000] "PUT /d1/535/AUTH_e2c76e4d27554fd5a4f85cce208b136f/gnocchi.baf5a52d-b193-44c5-9d75-855be0f5fceb" 201 - "-" "-" "container-updater 2" 0.0008 "-" 23 0
Nov 28 08:34:46 np0005538511 account-server[120215]: 172.20.0.105 - - [28/Nov/2025:08:34:46 +0000] "PUT /d1/535/AUTH_e2c76e4d27554fd5a4f85cce208b136f/gnocchi.b05f6e18-f773-481a-b203-583bf99b214d" 201 - "-" "-" "container-updater 2" 0.0007 "-" 20 0
Nov 28 08:34:46 np0005538511 account-server[120218]: 172.20.0.105 - - [28/Nov/2025:08:34:46 +0000] "PUT /d1/535/AUTH_e2c76e4d27554fd5a4f85cce208b136f/gnocchi.c6875055-f0f0-47dd-bf94-a7852424649b" 201 - "-" "-" "container-updater 2" 0.0006 "-" 21 0
Nov 28 08:34:47 np0005538511 account-server[120215]: 172.20.0.105 - - [28/Nov/2025:08:34:47 +0000] "PUT /d1/535/AUTH_e2c76e4d27554fd5a4f85cce208b136f/gnocchi.69d3d9a4-7a71-4a7f-8b4d-76c40f05eacf" 201 - "-" "-" "container-updater 2" 0.0005 "-" 20 0
Nov 28 08:34:47 np0005538511 account-server[120221]: 172.20.0.105 - - [28/Nov/2025:08:34:47 +0000] "PUT /d1/535/AUTH_e2c76e4d27554fd5a4f85cce208b136f/gnocchi.3927f339-3916-42db-89af-c6d1f7cf2953" 201 - "-" "-" "container-updater 2" 0.0006 "-" 22 0
Nov 28 08:34:47 np0005538511 account-server[120221]: 172.20.0.105 - - [28/Nov/2025:08:34:47 +0000] "PUT /d1/535/AUTH_e2c76e4d27554fd5a4f85cce208b136f/gnocchi.cff1c426-26ad-4c2f-bbfb-cf7808f4ddba" 201 - "-" "-" "container-updater 2" 0.0007 "-" 22 0
Nov 28 08:34:47 np0005538511 account-server[120215]: 172.20.0.105 - - [28/Nov/2025:08:34:47 +0000] "PUT /d1/535/AUTH_e2c76e4d27554fd5a4f85cce208b136f/gnocchi.547cef1d-702d-4b82-8ce7-75fa4b1b728d" 201 - "-" "-" "container-updater 2" 0.0005 "-" 20 0
Nov 28 08:34:47 np0005538511 account-server[120215]: 172.20.0.105 - - [28/Nov/2025:08:34:47 +0000] "PUT /d1/535/AUTH_e2c76e4d27554fd5a4f85cce208b136f/gnocchi.f94d0f81-485c-443e-8763-91d3db4e7263" 201 - "-" "-" "container-updater 2" 0.0004 "-" 20 0
Nov 28 08:34:47 np0005538511 account-server[120218]: 172.20.0.105 - - [28/Nov/2025:08:34:47 +0000] "PUT /d1/535/AUTH_e2c76e4d27554fd5a4f85cce208b136f/gnocchi.cd6579fb-991d-4443-9aba-0b95219eb447" 201 - "-" "-" "container-updater 2" 0.0007 "-" 21 0
Nov 28 08:34:47 np0005538511 account-server[120215]: 172.20.0.105 - - [28/Nov/2025:08:34:47 +0000] "PUT /d1/535/AUTH_e2c76e4d27554fd5a4f85cce208b136f/gnocchi.c9d3dc38-d6ca-4303-874e-2d884929bcf1" 201 - "-" "-" "container-updater 2" 0.0005 "-" 20 0
Nov 28 08:34:57 np0005538511 account-server[119810]: Beginning replication run
Nov 28 08:34:57 np0005538511 account-server[119810]: Replication run OVER
Nov 28 08:34:57 np0005538511 account-server[119810]: Attempted to replicate 1 dbs in 0.02598 seconds (38.49736/s)
Nov 28 08:34:57 np0005538511 account-server[119810]: Removed 0 dbs
Nov 28 08:34:57 np0005538511 account-server[119810]: 2 successes, 0 failures
Nov 28 08:34:57 np0005538511 account-server[119810]: diff:0 diff_capped:0 empty:0 hashmatch:0 no_change:2 remote_merge:0 rsync:0 ts_repl:0
Nov 28 08:35:03 np0005538511 container-server[120011]: Beginning replication run
Nov 28 08:35:03 np0005538511 container-server[120011]: Replication run OVER
Nov 28 08:35:03 np0005538511 container-server[120011]: Attempted to replicate 22 dbs in 0.43895 seconds (50.11978/s)
Nov 28 08:35:03 np0005538511 container-server[120011]: Removed 0 dbs
Nov 28 08:35:03 np0005538511 container-server[120011]: 44 successes, 0 failures
Nov 28 08:35:03 np0005538511 container-server[120011]: diff:0 diff_capped:0 empty:0 hashmatch:0 no_change:44 remote_merge:0 rsync:0 ts_repl:0
Nov 28 08:35:07 np0005538511 account-server[120221]: 172.20.0.105 - - [28/Nov/2025:08:35:07 +0000] "HEAD /d1/46/.expiring_objects" 404 - "HEAD http://localhost/v1/.expiring_objects?format=json" "tx784fe1fc595c4e628c1ee-0069295ebb" "proxy-server 2" 0.0008 "-" 22 -
Nov 28 08:35:13 np0005538511 object-server[120485]: Starting object replication pass.
Nov 28 08:35:13 np0005538511 object-server[120485]: 43/43 (100.00%) partitions replicated in 0.38s (112.44/sec, 0s remaining)
Nov 28 08:35:13 np0005538511 object-server[120485]: 86 successes, 0 failures
Nov 28 08:35:13 np0005538511 object-server[120485]: 44 suffixes checked - 0.00% hashed, 0.00% synced
Nov 28 08:35:13 np0005538511 object-server[120485]: Partition times: max 0.0141s, min 0.0067s, med 0.0084s
Nov 28 08:35:13 np0005538511 object-server[120485]: Object replication complete. (0.01 minutes)
Nov 28 08:35:15 np0005538511 object-server[225220]: Begin object audit "forever" mode (ZBF)
Nov 28 08:35:15 np0005538511 object-server[225221]: Begin object audit "forever" mode (ALL)
Nov 28 08:35:15 np0005538511 object-server[225220]: Object audit (ZBF). Since Fri Nov 28 08:35:15 2025: Locally: 1 passed, 0 quarantined, 0 errors, files/sec: 599.44, bytes/sec: 0.00, Total time: 0.00, Auditing time: 0.00, Rate: 0.00
Nov 28 08:35:15 np0005538511 object-server[225221]: Object audit (ALL). Since Fri Nov 28 08:35:15 2025: Locally: 1 passed, 0 quarantined, 0 errors, files/sec: 108.35, bytes/sec: 1733.59, Total time: 0.01, Auditing time: 0.00, Rate: 0.00
Nov 28 08:35:16 np0005538511 object-server[225220]: Object audit (ZBF) "forever" mode completed: 0.84s. Total quarantined: 0, Total errors: 0, Total files/sec: 52.20, Total bytes/sec: 0.00, Auditing time: 0.83, Rate: 0.99
Nov 28 08:35:18 np0005538511 object-server[225221]: Object audit (ALL) "forever" mode completed: 2.11s. Total quarantined: 0, Total errors: 0, Total files/sec: 20.84, Total bytes/sec: 400.78, Auditing time: 2.10, Rate: 0.99
Nov 28 08:35:22 np0005538511 account-server[120215]: 172.20.0.104 - - [28/Nov/2025:08:35:22 +0000] "HEAD /d1/46/.expiring_objects" 404 - "HEAD http://localhost/v1/.expiring_objects?format=json" "tx71714ce5567c4b6cb2851-0069295eca" "proxy-server 2" 0.0004 "-" 20 -
Nov 28 08:35:22 np0005538511 object-expirer[120428]: Pass completed in 0s; 0 objects expired (txn: tx71714ce5567c4b6cb2851-0069295eca)
Nov 28 08:35:27 np0005538511 account-server[119810]: Beginning replication run
Nov 28 08:35:27 np0005538511 account-server[119810]: Replication run OVER
Nov 28 08:35:27 np0005538511 account-server[119810]: Attempted to replicate 1 dbs in 0.01988 seconds (50.29056/s)
Nov 28 08:35:27 np0005538511 account-server[119810]: Removed 0 dbs
Nov 28 08:35:27 np0005538511 account-server[119810]: 2 successes, 0 failures
Nov 28 08:35:27 np0005538511 account-server[119810]: diff:0 diff_capped:0 empty:0 hashmatch:0 no_change:2 remote_merge:0 rsync:0 ts_repl:0
Nov 28 08:35:33 np0005538511 container-server[120011]: Beginning replication run
Nov 28 08:35:33 np0005538511 container-server[120011]: Replication run OVER
Nov 28 08:35:33 np0005538511 container-server[120011]: Attempted to replicate 22 dbs in 0.43583 seconds (50.47881/s)
Nov 28 08:35:33 np0005538511 container-server[120011]: Removed 0 dbs
Nov 28 08:35:33 np0005538511 container-server[120011]: 44 successes, 0 failures
Nov 28 08:35:33 np0005538511 container-server[120011]: diff:0 diff_capped:0 empty:0 hashmatch:0 no_change:44 remote_merge:0 rsync:0 ts_repl:0
Nov 28 08:35:43 np0005538511 object-server[120485]: Starting object replication pass.
Nov 28 08:35:44 np0005538511 object-server[120485]: 43/43 (100.00%) partitions replicated in 0.43s (100.01/sec, 0s remaining)
Nov 28 08:35:44 np0005538511 object-server[120485]: 86 successes, 0 failures
Nov 28 08:35:44 np0005538511 object-server[120485]: 44 suffixes checked - 0.00% hashed, 0.00% synced
Nov 28 08:35:44 np0005538511 object-server[120485]: Partition times: max 0.0161s, min 0.0076s, med 0.0087s
Nov 28 08:35:44 np0005538511 object-server[120485]: Object replication complete. (0.01 minutes)
Nov 28 08:35:46 np0005538511 object-server[225247]: Begin object audit "forever" mode (ZBF)
Nov 28 08:35:46 np0005538511 object-server[225247]: Object audit (ZBF). Since Fri Nov 28 08:35:46 2025: Locally: 1 passed, 0 quarantined, 0 errors, files/sec: 552.61, bytes/sec: 0.00, Total time: 0.00, Auditing time: 0.00, Rate: 0.00
Nov 28 08:35:47 np0005538511 object-server[225247]: Object audit (ZBF) "forever" mode completed: 0.84s. Total quarantined: 0, Total errors: 0, Total files/sec: 52.17, Total bytes/sec: 0.00, Auditing time: 0.83, Rate: 0.99
Nov 28 08:35:57 np0005538511 account-server[119810]: Beginning replication run
Nov 28 08:35:57 np0005538511 account-server[119810]: Replication run OVER
Nov 28 08:35:57 np0005538511 account-server[119810]: Attempted to replicate 1 dbs in 0.01996 seconds (50.08817/s)
Nov 28 08:35:57 np0005538511 account-server[119810]: Removed 0 dbs
Nov 28 08:35:57 np0005538511 account-server[119810]: 2 successes, 0 failures
Nov 28 08:35:57 np0005538511 account-server[119810]: diff:0 diff_capped:0 empty:0 hashmatch:0 no_change:2 remote_merge:0 rsync:0 ts_repl:0
Nov 28 08:36:03 np0005538511 container-server[120011]: Beginning replication run
Nov 28 08:36:03 np0005538511 container-server[120011]: Replication run OVER
Nov 28 08:36:03 np0005538511 container-server[120011]: Attempted to replicate 22 dbs in 0.43282 seconds (50.82931/s)
Nov 28 08:36:03 np0005538511 container-server[120011]: Removed 0 dbs
Nov 28 08:36:03 np0005538511 container-server[120011]: 44 successes, 0 failures
Nov 28 08:36:03 np0005538511 container-server[120011]: diff:0 diff_capped:0 empty:0 hashmatch:0 no_change:44 remote_merge:0 rsync:0 ts_repl:0
Nov 28 08:36:14 np0005538511 object-server[120485]: Starting object replication pass.
Nov 28 08:36:14 np0005538511 object-server[120485]: 43/43 (100.00%) partitions replicated in 0.42s (102.87/sec, 0s remaining)
Nov 28 08:36:14 np0005538511 object-server[120485]: 86 successes, 0 failures
Nov 28 08:36:14 np0005538511 object-server[120485]: 44 suffixes checked - 0.00% hashed, 0.00% synced
Nov 28 08:36:14 np0005538511 object-server[120485]: Partition times: max 0.0188s, min 0.0070s, med 0.0090s
Nov 28 08:36:14 np0005538511 object-server[120485]: Object replication complete. (0.01 minutes)
Nov 28 08:36:17 np0005538511 account-server[120221]: 172.20.0.104 - - [28/Nov/2025:08:36:17 +0000] "HEAD /d1/46/.expiring_objects" 404 - "HEAD http://localhost/v1/.expiring_objects?format=json" "txe6f255ec9a974855ba400-0069295f01" "proxy-server 2" 0.0008 "-" 22 -
Nov 28 08:36:17 np0005538511 object-expirer[120428]: Pass completed in 0s; 0 objects expired (txn: txe6f255ec9a974855ba400-0069295f01)
Nov 28 08:36:17 np0005538511 object-server[231053]: Begin object audit "forever" mode (ZBF)
Nov 28 08:36:17 np0005538511 object-server[231054]: Begin object audit "forever" mode (ALL)
Nov 28 08:36:17 np0005538511 object-server[231053]: Object audit (ZBF). Since Fri Nov 28 08:36:17 2025: Locally: 1 passed, 0 quarantined, 0 errors, files/sec: 553.85, bytes/sec: 0.00, Total time: 0.00, Auditing time: 0.00, Rate: 0.00
Nov 28 08:36:17 np0005538511 object-server[231054]: Object audit (ALL). Since Fri Nov 28 08:36:17 2025: Locally: 1 passed, 0 quarantined, 0 errors, files/sec: 99.16, bytes/sec: 1586.61, Total time: 0.01, Auditing time: 0.00, Rate: 0.00
Nov 28 08:36:18 np0005538511 object-server[231053]: Object audit (ZBF) "forever" mode completed: 0.84s. Total quarantined: 0, Total errors: 0, Total files/sec: 52.20, Total bytes/sec: 0.00, Auditing time: 0.83, Rate: 0.99
