Nov 28 08:29:44 np0005538510 account-server[122944]: Removed 0 dbs
Nov 28 08:29:44 np0005538510 account-server[122944]: 0 successes, 0 failures
Nov 28 08:29:44 np0005538510 account-server[122944]: diff:0 diff_capped:0 empty:0 hashmatch:0 no_change:0 remote_merge:0 rsync:0 ts_repl:0
Nov 28 08:29:45 np0005538510 container-server[123247]: Beginning replication run
Nov 28 08:29:45 np0005538510 container-server[123247]: Replication run OVER
Nov 28 08:29:45 np0005538510 container-server[123247]: Attempted to replicate 0 dbs in 0.00165 seconds (0.00000/s)
Nov 28 08:29:45 np0005538510 container-server[123247]: Removed 0 dbs
Nov 28 08:29:45 np0005538510 container-server[123247]: 0 successes, 0 failures
Nov 28 08:29:45 np0005538510 container-server[123247]: diff:0 diff_capped:0 empty:0 hashmatch:0 no_change:0 remote_merge:0 rsync:0 ts_repl:0
Nov 28 08:29:46 np0005538510 account-server[123222]: 172.20.0.104 - - [28/Nov/2025:08:29:46 +0000] "HEAD /d1/46/.expiring_objects" 404 - "HEAD http://localhost/v1/.expiring_objects?format=json" "txffb1663bafcf46488436c-0069295d7a" "proxy-server 2" 0.0010 "-" 21 -
Nov 28 08:29:58 np0005538510 object-server[123902]: Starting object replication pass.
Nov 28 08:29:58 np0005538510 object-server[123902]: Nothing replicated for 0.003526926040649414 seconds.
Nov 28 08:29:58 np0005538510 object-server[123902]: Object replication complete. (0.00 minutes)
Nov 28 08:29:59 np0005538510 object-server[195957]: Begin object audit "forever" mode (ZBF)
Nov 28 08:29:59 np0005538510 object-server[195957]: Object audit (ZBF) "forever" mode completed: 0.00s. Total quarantined: 0, Total errors: 0, Total files/sec: 0.00, Total bytes/sec: 0.00, Auditing time: 0.00, Rate: 0.00
Nov 28 08:30:14 np0005538510 account-server[122944]: Beginning replication run
Nov 28 08:30:14 np0005538510 account-server[122944]: Replication run OVER
Nov 28 08:30:14 np0005538510 account-server[122944]: Attempted to replicate 0 dbs in 0.00151 seconds (0.00000/s)
Nov 28 08:30:14 np0005538510 account-server[122944]: Removed 0 dbs
Nov 28 08:30:14 np0005538510 account-server[122944]: 0 successes, 0 failures
Nov 28 08:30:14 np0005538510 account-server[122944]: diff:0 diff_capped:0 empty:0 hashmatch:0 no_change:0 remote_merge:0 rsync:0 ts_repl:0
Nov 28 08:30:15 np0005538510 container-server[123247]: Beginning replication run
Nov 28 08:30:15 np0005538510 container-server[123247]: Replication run OVER
Nov 28 08:30:15 np0005538510 container-server[123247]: Attempted to replicate 0 dbs in 0.00143 seconds (0.00000/s)
Nov 28 08:30:15 np0005538510 container-server[123247]: Removed 0 dbs
Nov 28 08:30:15 np0005538510 container-server[123247]: 0 successes, 0 failures
Nov 28 08:30:15 np0005538510 container-server[123247]: diff:0 diff_capped:0 empty:0 hashmatch:0 no_change:0 remote_merge:0 rsync:0 ts_repl:0
Nov 28 08:30:28 np0005538510 object-server[123902]: Starting object replication pass.
Nov 28 08:30:28 np0005538510 object-server[123902]: Nothing replicated for 0.00202178955078125 seconds.
Nov 28 08:30:28 np0005538510 object-server[123902]: Object replication complete. (0.00 minutes)
Nov 28 08:30:29 np0005538510 object-server[202102]: Begin object audit "forever" mode (ZBF)
Nov 28 08:30:29 np0005538510 object-server[202102]: Object audit (ZBF) "forever" mode completed: 0.00s. Total quarantined: 0, Total errors: 0, Total files/sec: 0.00, Total bytes/sec: 0.00, Auditing time: 0.00, Rate: 0.00
Nov 28 08:30:29 np0005538510 object-server[202103]: Begin object audit "forever" mode (ALL)
Nov 28 08:30:29 np0005538510 object-server[202103]: Object audit (ALL) "forever" mode completed: 0.00s. Total quarantined: 0, Total errors: 0, Total files/sec: 0.00, Total bytes/sec: 0.00, Auditing time: 0.00, Rate: 0.00
Nov 28 08:30:42 np0005538510 account-server[123211]: 172.20.0.103 - - [28/Nov/2025:08:30:42 +0000] "HEAD /d1/46/.expiring_objects" 404 - "HEAD http://localhost/v1/.expiring_objects?format=json" "txf5d0ef4d6f5843b38da81-0069295db2" "proxy-server 2" 0.0008 "-" 19 -
Nov 28 08:30:42 np0005538510 object-expirer[123626]: Pass completed in 0s; 0 objects expired (txn: txf5d0ef4d6f5843b38da81-0069295db2)
Nov 28 08:30:44 np0005538510 account-server[123223]: 172.20.0.103 - - [28/Nov/2025:08:30:44 +0000] "HEAD /d1/46/.expiring_objects" 404 - "HEAD http://localhost/v1/.expiring_objects?format=json" "tx9c7c9879869e4b8db1dd9-0069295db4" "proxy-server 2" 0.0007 "-" 22 -
Nov 28 08:30:44 np0005538510 object-expirer[123626]: Pass completed in 0s; 0 objects expired (txn: tx9c7c9879869e4b8db1dd9-0069295db4)
Nov 28 08:30:44 np0005538510 account-server[122944]: Beginning replication run
Nov 28 08:30:44 np0005538510 account-server[122944]: Replication run OVER
Nov 28 08:30:44 np0005538510 account-server[122944]: Attempted to replicate 0 dbs in 0.00153 seconds (0.00000/s)
Nov 28 08:30:44 np0005538510 account-server[122944]: Removed 0 dbs
Nov 28 08:30:44 np0005538510 account-server[122944]: 0 successes, 0 failures
Nov 28 08:30:44 np0005538510 account-server[122944]: diff:0 diff_capped:0 empty:0 hashmatch:0 no_change:0 remote_merge:0 rsync:0 ts_repl:0
Nov 28 08:30:45 np0005538510 container-server[123247]: Beginning replication run
Nov 28 08:30:45 np0005538510 container-server[123247]: Replication run OVER
Nov 28 08:30:45 np0005538510 container-server[123247]: Attempted to replicate 0 dbs in 0.00096 seconds (0.00000/s)
Nov 28 08:30:45 np0005538510 container-server[123247]: Removed 0 dbs
Nov 28 08:30:45 np0005538510 container-server[123247]: 0 successes, 0 failures
Nov 28 08:30:45 np0005538510 container-server[123247]: diff:0 diff_capped:0 empty:0 hashmatch:0 no_change:0 remote_merge:0 rsync:0 ts_repl:0
Nov 28 08:30:58 np0005538510 object-server[123902]: Starting object replication pass.
Nov 28 08:30:58 np0005538510 object-server[123902]: Nothing replicated for 0.003576040267944336 seconds.
Nov 28 08:30:58 np0005538510 object-server[123902]: Object replication complete. (0.00 minutes)
Nov 28 08:30:59 np0005538510 object-server[205000]: Begin object audit "forever" mode (ZBF)
Nov 28 08:30:59 np0005538510 object-server[205001]: Begin object audit "forever" mode (ALL)
Nov 28 08:30:59 np0005538510 object-server[205000]: Object audit (ZBF) "forever" mode completed: 0.00s. Total quarantined: 0, Total errors: 0, Total files/sec: 0.00, Total bytes/sec: 0.00, Auditing time: 0.00, Rate: 0.00
Nov 28 08:30:59 np0005538510 object-server[205001]: Object audit (ALL) "forever" mode completed: 0.00s. Total quarantined: 0, Total errors: 0, Total files/sec: 0.00, Total bytes/sec: 0.00, Auditing time: 0.00, Rate: 0.00
Nov 28 08:31:14 np0005538510 account-server[122944]: Beginning replication run
Nov 28 08:31:14 np0005538510 account-server[122944]: Replication run OVER
Nov 28 08:31:14 np0005538510 account-server[122944]: Attempted to replicate 0 dbs in 0.00144 seconds (0.00000/s)
Nov 28 08:31:14 np0005538510 account-server[122944]: Removed 0 dbs
Nov 28 08:31:14 np0005538510 account-server[122944]: 0 successes, 0 failures
Nov 28 08:31:14 np0005538510 account-server[122944]: diff:0 diff_capped:0 empty:0 hashmatch:0 no_change:0 remote_merge:0 rsync:0 ts_repl:0
Nov 28 08:31:15 np0005538510 container-server[123247]: Beginning replication run
Nov 28 08:31:15 np0005538510 container-server[123247]: Replication run OVER
Nov 28 08:31:15 np0005538510 container-server[123247]: Attempted to replicate 0 dbs in 0.00185 seconds (0.00000/s)
Nov 28 08:31:15 np0005538510 container-server[123247]: Removed 0 dbs
Nov 28 08:31:15 np0005538510 container-server[123247]: 0 successes, 0 failures
Nov 28 08:31:15 np0005538510 container-server[123247]: diff:0 diff_capped:0 empty:0 hashmatch:0 no_change:0 remote_merge:0 rsync:0 ts_repl:0
Nov 28 08:31:28 np0005538510 object-server[123902]: Starting object replication pass.
Nov 28 08:31:28 np0005538510 object-server[123902]: Nothing replicated for 0.0037851333618164062 seconds.
Nov 28 08:31:28 np0005538510 object-server[123902]: Object replication complete. (0.00 minutes)
Nov 28 08:31:29 np0005538510 object-server[205018]: Begin object audit "forever" mode (ZBF)
Nov 28 08:31:29 np0005538510 object-server[205018]: Object audit (ZBF) "forever" mode completed: 0.00s. Total quarantined: 0, Total errors: 0, Total files/sec: 0.00, Total bytes/sec: 0.00, Auditing time: 0.00, Rate: 0.00
Nov 28 08:31:30 np0005538510 container-server[123493]: Begin container update sweep
Nov 28 08:31:30 np0005538510 container-server[123493]: Container update sweep completed: 0.00s
Nov 28 08:31:44 np0005538510 account-server[122944]: Beginning replication run
Nov 28 08:31:44 np0005538510 account-server[122944]: Replication run OVER
Nov 28 08:31:44 np0005538510 account-server[122944]: Attempted to replicate 0 dbs in 0.00171 seconds (0.00000/s)
Nov 28 08:31:44 np0005538510 account-server[122944]: Removed 0 dbs
Nov 28 08:31:44 np0005538510 account-server[122944]: 0 successes, 0 failures
Nov 28 08:31:44 np0005538510 account-server[122944]: diff:0 diff_capped:0 empty:0 hashmatch:0 no_change:0 remote_merge:0 rsync:0 ts_repl:0
Nov 28 08:31:45 np0005538510 container-server[123247]: Beginning replication run
Nov 28 08:31:45 np0005538510 container-server[123247]: Replication run OVER
Nov 28 08:31:45 np0005538510 container-server[123247]: Attempted to replicate 0 dbs in 0.00162 seconds (0.00000/s)
Nov 28 08:31:45 np0005538510 container-server[123247]: Removed 0 dbs
Nov 28 08:31:45 np0005538510 container-server[123247]: 0 successes, 0 failures
Nov 28 08:31:45 np0005538510 container-server[123247]: diff:0 diff_capped:0 empty:0 hashmatch:0 no_change:0 remote_merge:0 rsync:0 ts_repl:0
Nov 28 08:31:56 np0005538510 account-server[123211]: 172.20.0.103 - - [28/Nov/2025:08:31:56 +0000] "HEAD /d1/535/AUTH_e2c76e4d27554fd5a4f85cce208b136f" 404 - "HEAD http://172.18.0.197:8080/v1/AUTH_e2c76e4d27554fd5a4f85cce208b136f?format=json" "txa69d8ec619ba48d695b4b-0069295dfc" "proxy-server 20" 0.0008 "-" 19 -
Nov 28 08:31:56 np0005538510 proxy-server[125302]: - - 28/Nov/2025/08/31/56 HEAD /v1/AUTH_e2c76e4d27554fd5a4f85cce208b136f%3Fformat%3Djson HTTP/1.0 200 - Swift - - - - txa69d8ec619ba48d695b4b-0069295dfc - 0.0214 RL - 1764318716.754592180 1764318716.775962591 -
Nov 28 08:31:57 np0005538510 object-server[124013]: 172.20.0.103 - - [28/Nov/2025:08:31:57 +0000] "GET /d1/70/AUTH_e2c76e4d27554fd5a4f85cce208b136f/gnocchi.4f0364c4-4af6-4e6c-bcd5-5ff199621362/none_v3" 404 70 "GET http://172.18.0.197:8080/v1/AUTH_e2c76e4d27554fd5a4f85cce208b136f/gnocchi.4f0364c4-4af6-4e6c-bcd5-5ff199621362/none_v3" "txa69d8ec619ba48d695b4b-0069295dfc" "proxy-server 20" 0.0015 "-" 22 0
Nov 28 08:31:57 np0005538510 proxy-server[125302]: 172.18.0.103 172.18.0.104 28/Nov/2025/08/31/57 GET /v1/AUTH_e2c76e4d27554fd5a4f85cce208b136f/gnocchi.4f0364c4-4af6-4e6c-bcd5-5ff199621362/none_v3 HTTP/1.0 404 - python-swiftclient-3.11.1 gAAAAABpKV38a7pX... - 70 - txa69d8ec619ba48d695b4b-0069295dfc - 0.5680 - - 1764318716.749964952 1764318717.317951202 0
Nov 28 08:31:57 np0005538510 account-server[123211]: 172.20.0.104 - - [28/Nov/2025:08:31:57 +0000] "PUT /d1/535/AUTH_e2c76e4d27554fd5a4f85cce208b136f" 201 - "-" "txae012a3bdc974d8aa1866-0069295dfd" "-" 0.0155 "-" 19 -
Nov 28 08:31:57 np0005538510 account-server[123222]: 172.20.0.103 - - [28/Nov/2025:08:31:57 +0000] "PUT /d1/535/AUTH_e2c76e4d27554fd5a4f85cce208b136f/gnocchi.4f0364c4-4af6-4e6c-bcd5-5ff199621362" 201 - "PUT http://172.20.0.103:6001/d1/264/AUTH_e2c76e4d27554fd5a4f85cce208b136f/gnocchi.4f0364c4-4af6-4e6c-bcd5-5ff199621362" "txae012a3bdc974d8aa1866-0069295dfd" "container-server 20" 0.0026 "-" 21 0
Nov 28 08:31:57 np0005538510 container-server[123641]: 172.20.0.104 - - [28/Nov/2025:08:31:57 +0000] "PUT /d1/264/AUTH_e2c76e4d27554fd5a4f85cce208b136f/gnocchi.4f0364c4-4af6-4e6c-bcd5-5ff199621362" 201 - "PUT http://172.18.0.197:8080/v1/AUTH_e2c76e4d27554fd5a4f85cce208b136f/gnocchi.4f0364c4-4af6-4e6c-bcd5-5ff199621362" "txae012a3bdc974d8aa1866-0069295dfd" "proxy-server 20" 0.0164 "-" 20 0
Nov 28 08:31:57 np0005538510 object-server[124013]: 172.20.0.103 - - [28/Nov/2025:08:31:57 +0000] "GET /d1/311/AUTH_e2c76e4d27554fd5a4f85cce208b136f/gnocchi.4f0364c4-4af6-4e6c-bcd5-5ff199621362/1763640000.0_mean_300.0_v3" 404 70 "GET http://172.18.0.197:8080/v1/AUTH_e2c76e4d27554fd5a4f85cce208b136f/gnocchi.4f0364c4-4af6-4e6c-bcd5-5ff199621362/1763640000.0_mean_300.0_v3" "tx02a4abedf158404ca73ea-0069295dfd" "proxy-server 20" 0.0004 "-" 22 0
Nov 28 08:31:57 np0005538510 proxy-server[125302]: 172.18.0.103 172.18.0.104 28/Nov/2025/08/31/57 GET /v1/AUTH_e2c76e4d27554fd5a4f85cce208b136f/gnocchi.4f0364c4-4af6-4e6c-bcd5-5ff199621362/1763640000.0_mean_300.0_v3 HTTP/1.0 404 - python-swiftclient-3.11.1 gAAAAABpKV38a7pX... - 70 - tx02a4abedf158404ca73ea-0069295dfd - 0.0152 - - 1764318717.432525396 1764318717.447710752 0
Nov 28 08:31:57 np0005538510 container-server[123686]: 172.20.0.105 - - [28/Nov/2025:08:31:57 +0000] "PUT /d1/264/AUTH_e2c76e4d27554fd5a4f85cce208b136f/gnocchi.4f0364c4-4af6-4e6c-bcd5-5ff199621362/1763640000.0_mean_300.0_v3" 201 - "PUT http://172.18.0.197:8080/d1/311/AUTH_e2c76e4d27554fd5a4f85cce208b136f/gnocchi.4f0364c4-4af6-4e6c-bcd5-5ff199621362/1763640000.0_mean_300.0_v3" "txa08b6db7a76349dd82e3f-0069295dfd" "object-server 23" 0.0011 "-" 23 0
Nov 28 08:31:57 np0005538510 object-server[124032]: 172.20.0.104 - - [28/Nov/2025:08:31:57 +0000] "PUT /d1/311/AUTH_e2c76e4d27554fd5a4f85cce208b136f/gnocchi.4f0364c4-4af6-4e6c-bcd5-5ff199621362/1763640000.0_mean_300.0_v3" 201 - "PUT http://172.18.0.197:8080/v1/AUTH_e2c76e4d27554fd5a4f85cce208b136f/gnocchi.4f0364c4-4af6-4e6c-bcd5-5ff199621362/1763640000.0_mean_300.0_v3" "txa08b6db7a76349dd82e3f-0069295dfd" "proxy-server 20" 0.0381 "-" 25 0
Nov 28 08:31:57 np0005538510 container-server[123686]: 172.20.0.105 - - [28/Nov/2025:08:31:57 +0000] "PUT /d1/264/AUTH_e2c76e4d27554fd5a4f85cce208b136f/gnocchi.4f0364c4-4af6-4e6c-bcd5-5ff199621362/none_v3" 201 - "PUT http://172.18.0.197:8080/d1/70/AUTH_e2c76e4d27554fd5a4f85cce208b136f/gnocchi.4f0364c4-4af6-4e6c-bcd5-5ff199621362/none_v3" "txd875cfbafe5c470eac72b-0069295dfd" "object-server 23" 0.0006 "-" 23 0
Nov 28 08:31:57 np0005538510 object-server[124013]: 172.20.0.105 - - [28/Nov/2025:08:31:57 +0000] "PUT /d1/70/AUTH_e2c76e4d27554fd5a4f85cce208b136f/gnocchi.4f0364c4-4af6-4e6c-bcd5-5ff199621362/none_v3" 201 - "PUT http://172.18.0.197:8080/v1/AUTH_e2c76e4d27554fd5a4f85cce208b136f/gnocchi.4f0364c4-4af6-4e6c-bcd5-5ff199621362/none_v3" "txd875cfbafe5c470eac72b-0069295dfd" "proxy-server 20" 0.0292 "-" 22 0
Nov 28 08:31:58 np0005538510 object-server[123902]: Starting object replication pass.
Nov 28 08:31:58 np0005538510 object-server[123902]: 2/2 (100.00%) partitions replicated in 0.11s (18.98/sec, 0s remaining)
Nov 28 08:31:58 np0005538510 object-server[123902]: 4 successes, 0 failures
Nov 28 08:31:58 np0005538510 object-server[123902]: 2 suffixes checked - 100.00% hashed, 0.00% synced
Nov 28 08:31:58 np0005538510 object-server[123902]: Partition times: max 0.0540s, min 0.0467s, med 0.0540s
Nov 28 08:31:58 np0005538510 object-server[123902]: Object replication complete. (0.00 minutes)
Nov 28 08:31:59 np0005538510 object-server[210993]: Begin object audit "forever" mode (ZBF)
Nov 28 08:31:59 np0005538510 object-server[210993]: Object audit (ZBF). Since Fri Nov 28 08:31:59 2025: Locally: 1 passed, 0 quarantined, 0 errors, files/sec: 879.68, bytes/sec: 0.00, Total time: 0.00, Auditing time: 0.00, Rate: 0.00
Nov 28 08:31:59 np0005538510 object-server[210993]: Object audit (ZBF) "forever" mode completed: 0.00s. Total quarantined: 0, Total errors: 0, Total files/sec: 712.47, Total bytes/sec: 0.00, Auditing time: 0.00, Rate: 0.28
Nov 28 08:31:59 np0005538510 object-server[210994]: Begin object audit "forever" mode (ALL)
Nov 28 08:31:59 np0005538510 object-server[210994]: Object audit (ALL). Since Fri Nov 28 08:31:59 2025: Locally: 1 passed, 0 quarantined, 0 errors, files/sec: 106.76, bytes/sec: 1708.21, Total time: 0.01, Auditing time: 0.00, Rate: 0.00
Nov 28 08:31:59 np0005538510 object-server[210994]: Object audit (ALL) "forever" mode completed: 0.01s. Total quarantined: 0, Total errors: 0, Total files/sec: 157.05, Total bytes/sec: 3769.17, Auditing time: 0.01, Rate: 0.74
Nov 28 08:32:07 np0005538510 account-server[123222]: 172.20.0.103 - - [28/Nov/2025:08:32:07 +0000] "HEAD /d1/46/.expiring_objects" 404 - "HEAD http://localhost/v1/.expiring_objects?format=json" "txd9a2c0ce2d3a4ced93f7e-0069295e07" "proxy-server 2" 0.0005 "-" 21 -
Nov 28 08:32:07 np0005538510 object-expirer[123626]: Pass completed in 0s; 0 objects expired (txn: txd9a2c0ce2d3a4ced93f7e-0069295e07)
Nov 28 08:32:08 np0005538510 account-server[123222]: 172.20.0.103 - - [28/Nov/2025:08:32:08 +0000] "HEAD /d1/46/.expiring_objects" 404 - "HEAD http://localhost/v1/.expiring_objects?format=json" "txa4121d857929456398afb-0069295e08" "proxy-server 2" 0.0004 "-" 21 -
Nov 28 08:32:08 np0005538510 object-expirer[123626]: Pass completed in 0s; 0 objects expired (txn: txa4121d857929456398afb-0069295e08)
Nov 28 08:32:14 np0005538510 account-server[122944]: Beginning replication run
Nov 28 08:32:14 np0005538510 account-server[122944]: Replication run OVER
Nov 28 08:32:14 np0005538510 account-server[122944]: Attempted to replicate 1 dbs in 0.02876 seconds (34.77564/s)
Nov 28 08:32:14 np0005538510 account-server[122944]: Removed 0 dbs
Nov 28 08:32:14 np0005538510 account-server[122944]: 2 successes, 0 failures
Nov 28 08:32:14 np0005538510 account-server[122944]: diff:0 diff_capped:0 empty:0 hashmatch:0 no_change:2 remote_merge:0 rsync:0 ts_repl:0
Nov 28 08:32:15 np0005538510 container-server[123247]: Beginning replication run
Nov 28 08:32:15 np0005538510 container-server[123247]: Replication run OVER
Nov 28 08:32:15 np0005538510 container-server[123247]: Attempted to replicate 1 dbs in 0.04172 seconds (23.97164/s)
Nov 28 08:32:15 np0005538510 container-server[123247]: Removed 0 dbs
Nov 28 08:32:15 np0005538510 container-server[123247]: 2 successes, 0 failures
Nov 28 08:32:15 np0005538510 container-server[123247]: diff:0 diff_capped:0 empty:0 hashmatch:0 no_change:2 remote_merge:0 rsync:0 ts_repl:0
Nov 28 08:32:28 np0005538510 object-server[123902]: Starting object replication pass.
Nov 28 08:32:28 np0005538510 object-server[123902]: 2/2 (100.00%) partitions replicated in 0.04s (56.05/sec, 0s remaining)
Nov 28 08:32:28 np0005538510 object-server[123902]: 4 successes, 0 failures
Nov 28 08:32:28 np0005538510 object-server[123902]: 2 suffixes checked - 0.00% hashed, 0.00% synced
Nov 28 08:32:28 np0005538510 object-server[123902]: Partition times: max 0.0201s, min 0.0111s, med 0.0201s
Nov 28 08:32:28 np0005538510 object-server[123902]: Object replication complete. (0.00 minutes)
Nov 28 08:32:30 np0005538510 object-server[211001]: Begin object audit "forever" mode (ZBF)
Nov 28 08:32:30 np0005538510 object-server[211001]: Object audit (ZBF). Since Fri Nov 28 08:32:30 2025: Locally: 1 passed, 0 quarantined, 0 errors, files/sec: 597.99, bytes/sec: 0.00, Total time: 0.00, Auditing time: 0.00, Rate: 0.00
Nov 28 08:32:30 np0005538510 object-server[211001]: Object audit (ZBF) "forever" mode completed: 0.00s. Total quarantined: 0, Total errors: 0, Total files/sec: 500.72, Total bytes/sec: 0.00, Auditing time: 0.00, Rate: 0.31
Nov 28 08:32:30 np0005538510 object-server[123900]: Begin object update sweep
Nov 28 08:32:30 np0005538510 object-server[213996]: Object update sweep starting on /srv/node/d1 (pid: 14)
Nov 28 08:32:30 np0005538510 object-server[213996]: Object update sweep completed on /srv/node/d1 in 0.00s seconds:, 0 successes, 0 failures, 0 quarantines, 0 unlinks, 0 errors, 0 redirects (pid: 14)
Nov 28 08:32:30 np0005538510 object-server[213996]: Object update sweep of d1 completed: 0.00s, 0 successes, 0 failures, 0 quarantines, 0 unlinks, 0 errors, 0 redirects
Nov 28 08:32:30 np0005538510 object-server[123900]: Object update sweep completed: 0.08s
Nov 28 08:32:32 np0005538510 account-server[123221]: 172.20.0.104 - - [28/Nov/2025:08:32:32 +0000] "HEAD /d1/46/.expiring_objects" 404 - "HEAD http://localhost/v1/.expiring_objects?format=json" "txcf60b363511f424a8f076-0069295e20" "proxy-server 2" 0.0005 "-" 20 -
Nov 28 08:32:44 np0005538510 account-server[122944]: Beginning replication run
Nov 28 08:32:44 np0005538510 account-server[122944]: Replication run OVER
Nov 28 08:32:44 np0005538510 account-server[122944]: Attempted to replicate 1 dbs in 0.02173 seconds (46.02277/s)
Nov 28 08:32:44 np0005538510 account-server[122944]: Removed 0 dbs
Nov 28 08:32:44 np0005538510 account-server[122944]: 2 successes, 0 failures
Nov 28 08:32:44 np0005538510 account-server[122944]: diff:0 diff_capped:0 empty:0 hashmatch:0 no_change:2 remote_merge:0 rsync:0 ts_repl:0
Nov 28 08:32:45 np0005538510 container-server[123247]: Beginning replication run
Nov 28 08:32:45 np0005538510 container-server[123247]: Replication run OVER
Nov 28 08:32:45 np0005538510 container-server[123247]: Attempted to replicate 1 dbs in 0.02295 seconds (43.58107/s)
Nov 28 08:32:45 np0005538510 container-server[123247]: Removed 0 dbs
Nov 28 08:32:45 np0005538510 container-server[123247]: 2 successes, 0 failures
Nov 28 08:32:45 np0005538510 container-server[123247]: diff:0 diff_capped:0 empty:0 hashmatch:0 no_change:2 remote_merge:0 rsync:0 ts_repl:0
Nov 28 08:32:58 np0005538510 object-server[123902]: Starting object replication pass.
Nov 28 08:32:58 np0005538510 object-server[123902]: 2/2 (100.00%) partitions replicated in 0.03s (64.18/sec, 0s remaining)
Nov 28 08:32:58 np0005538510 object-server[123902]: 4 successes, 0 failures
Nov 28 08:32:58 np0005538510 object-server[123902]: 2 suffixes checked - 0.00% hashed, 0.00% synced
Nov 28 08:32:58 np0005538510 object-server[123902]: Partition times: max 0.0182s, min 0.0087s, med 0.0182s
Nov 28 08:32:58 np0005538510 object-server[123902]: Object replication complete. (0.00 minutes)
Nov 28 08:32:59 np0005538510 account-server[123221]: 172.20.0.103 - - [28/Nov/2025:08:32:59 +0000] "HEAD /d1/535/AUTH_e2c76e4d27554fd5a4f85cce208b136f" 204 - "HEAD http://172.18.0.197:8080/v1/AUTH_e2c76e4d27554fd5a4f85cce208b136f?format=json" "tx2cafa64c4a964f14b3fa9-0069295e3b" "proxy-server 20" 0.0024 "-" 20 -
Nov 28 08:32:59 np0005538510 proxy-server[125302]: - - 28/Nov/2025/08/32/59 HEAD /v1/AUTH_e2c76e4d27554fd5a4f85cce208b136f%3Fformat%3Djson HTTP/1.0 204 - Swift - - - - tx2cafa64c4a964f14b3fa9-0069295e3b - 0.0091 RL - 1764318779.065195799 1764318779.074301720 -
Nov 28 08:32:59 np0005538510 container-server[123678]: 172.20.0.103 - - [28/Nov/2025:08:32:59 +0000] "HEAD /d1/972/AUTH_e2c76e4d27554fd5a4f85cce208b136f/gnocchi.7e33f569-81a4-4cb4-bd1c-175cb7009609" 404 - "HEAD http://172.18.0.197:8080/v1/AUTH_e2c76e4d27554fd5a4f85cce208b136f/gnocchi.7e33f569-81a4-4cb4-bd1c-175cb7009609?format=json&states=listing" "tx2cafa64c4a964f14b3fa9-0069295e3b" "proxy-server 20" 0.0018 "-" 22 0
Nov 28 08:32:59 np0005538510 object-server[124013]: 172.20.0.103 - - [28/Nov/2025:08:32:59 +0000] "GET /d1/479/AUTH_e2c76e4d27554fd5a4f85cce208b136f/gnocchi.7e33f569-81a4-4cb4-bd1c-175cb7009609/none_v3" 404 70 "GET http://172.18.0.197:8080/v1/AUTH_e2c76e4d27554fd5a4f85cce208b136f/gnocchi.7e33f569-81a4-4cb4-bd1c-175cb7009609/none_v3" "tx2cafa64c4a964f14b3fa9-0069295e3b" "proxy-server 20" 0.0007 "-" 22 0
Nov 28 08:32:59 np0005538510 proxy-server[125302]: 172.18.0.103 172.18.0.104 28/Nov/2025/08/32/59 GET /v1/AUTH_e2c76e4d27554fd5a4f85cce208b136f/gnocchi.7e33f569-81a4-4cb4-bd1c-175cb7009609/none_v3 HTTP/1.0 404 - python-swiftclient-3.11.1 gAAAAABpKV38a7pX... - 70 - tx2cafa64c4a964f14b3fa9-0069295e3b - 0.0847 - - 1764318779.064001322 1764318779.148664236 0
Nov 28 08:32:59 np0005538510 account-server[123211]: 172.20.0.103 - - [28/Nov/2025:08:32:59 +0000] "PUT /d1/535/AUTH_e2c76e4d27554fd5a4f85cce208b136f/gnocchi.7e33f569-81a4-4cb4-bd1c-175cb7009609" 201 - "PUT http://172.20.0.103:6001/d1/972/AUTH_e2c76e4d27554fd5a4f85cce208b136f/gnocchi.7e33f569-81a4-4cb4-bd1c-175cb7009609" "txfaf07b36068e4d059f742-0069295e3b" "container-server 22" 0.0017 "-" 19 0
Nov 28 08:32:59 np0005538510 container-server[123678]: 172.20.0.104 - - [28/Nov/2025:08:32:59 +0000] "PUT /d1/972/AUTH_e2c76e4d27554fd5a4f85cce208b136f/gnocchi.7e33f569-81a4-4cb4-bd1c-175cb7009609" 201 - "PUT http://172.18.0.197:8080/v1/AUTH_e2c76e4d27554fd5a4f85cce208b136f/gnocchi.7e33f569-81a4-4cb4-bd1c-175cb7009609" "txfaf07b36068e4d059f742-0069295e3b" "proxy-server 20" 0.0151 "-" 22 0
Nov 28 08:32:59 np0005538510 container-server[123678]: 172.20.0.105 - - [28/Nov/2025:08:32:59 +0000] "GET /d1/972/AUTH_e2c76e4d27554fd5a4f85cce208b136f/gnocchi.7e33f569-81a4-4cb4-bd1c-175cb7009609" 200 2 "GET http://172.18.0.197:8080/v1/AUTH_e2c76e4d27554fd5a4f85cce208b136f/gnocchi.7e33f569-81a4-4cb4-bd1c-175cb7009609?format=json&states=listing" "tx35323614b654493286ddc-0069295e3b" "proxy-server 20" 0.0032 "-" 22 0
Nov 28 08:32:59 np0005538510 object-server[124013]: 172.20.0.103 - - [28/Nov/2025:08:32:59 +0000] "GET /d1/88/AUTH_e2c76e4d27554fd5a4f85cce208b136f/gnocchi.7e33f569-81a4-4cb4-bd1c-175cb7009609/1763640000.0_mean_300.0_v3" 404 70 "GET http://172.18.0.197:8080/v1/AUTH_e2c76e4d27554fd5a4f85cce208b136f/gnocchi.7e33f569-81a4-4cb4-bd1c-175cb7009609/1763640000.0_mean_300.0_v3" "tx04ad5461df7b4289a5296-0069295e3b" "proxy-server 20" 0.0005 "-" 22 0
Nov 28 08:32:59 np0005538510 proxy-server[125302]: 172.18.0.103 172.18.0.104 28/Nov/2025/08/32/59 GET /v1/AUTH_e2c76e4d27554fd5a4f85cce208b136f/gnocchi.7e33f569-81a4-4cb4-bd1c-175cb7009609/1763640000.0_mean_300.0_v3 HTTP/1.0 404 - python-swiftclient-3.11.1 gAAAAABpKV38a7pX... - 70 - tx04ad5461df7b4289a5296-0069295e3b - 0.0174 - - 1764318779.217080832 1764318779.234456539 0
Nov 28 08:32:59 np0005538510 container-server[123641]: 172.20.0.105 - - [28/Nov/2025:08:32:59 +0000] "PUT /d1/972/AUTH_e2c76e4d27554fd5a4f85cce208b136f/gnocchi.7e33f569-81a4-4cb4-bd1c-175cb7009609/1763640000.0_mean_300.0_v3" 201 - "PUT http://172.18.0.197:8080/d1/88/AUTH_e2c76e4d27554fd5a4f85cce208b136f/gnocchi.7e33f569-81a4-4cb4-bd1c-175cb7009609/1763640000.0_mean_300.0_v3" "tx9d8abcc8b3564c8599a70-0069295e3b" "object-server 24" 0.0008 "-" 20 0
Nov 28 08:32:59 np0005538510 object-server[124016]: 172.20.0.104 - - [28/Nov/2025:08:32:59 +0000] "PUT /d1/88/AUTH_e2c76e4d27554fd5a4f85cce208b136f/gnocchi.7e33f569-81a4-4cb4-bd1c-175cb7009609/1763640000.0_mean_300.0_v3" 201 - "PUT http://172.18.0.197:8080/v1/AUTH_e2c76e4d27554fd5a4f85cce208b136f/gnocchi.7e33f569-81a4-4cb4-bd1c-175cb7009609/1763640000.0_mean_300.0_v3" "tx9d8abcc8b3564c8599a70-0069295e3b" "proxy-server 20" 0.0248 "-" 23 0
Nov 28 08:32:59 np0005538510 container-server[123678]: 172.20.0.103 - - [28/Nov/2025:08:32:59 +0000] "PUT /d1/972/AUTH_e2c76e4d27554fd5a4f85cce208b136f/gnocchi.7e33f569-81a4-4cb4-bd1c-175cb7009609/none_v3" 201 - "PUT http://172.18.0.197:8080/d1/479/AUTH_e2c76e4d27554fd5a4f85cce208b136f/gnocchi.7e33f569-81a4-4cb4-bd1c-175cb7009609/none_v3" "txfb42de6de339499ba77bf-0069295e3b" "object-server 24" 0.0009 "-" 22 0
Nov 28 08:32:59 np0005538510 object-server[124029]: 172.20.0.105 - - [28/Nov/2025:08:32:59 +0000] "PUT /d1/479/AUTH_e2c76e4d27554fd5a4f85cce208b136f/gnocchi.7e33f569-81a4-4cb4-bd1c-175cb7009609/none_v3" 201 - "PUT http://172.18.0.197:8080/v1/AUTH_e2c76e4d27554fd5a4f85cce208b136f/gnocchi.7e33f569-81a4-4cb4-bd1c-175cb7009609/none_v3" "txfb42de6de339499ba77bf-0069295e3b" "proxy-server 20" 0.0246 "-" 24 0
Nov 28 08:32:59 np0005538510 container-server[123646]: 172.20.0.103 - - [28/Nov/2025:08:32:59 +0000] "HEAD /d1/22/AUTH_e2c76e4d27554fd5a4f85cce208b136f/gnocchi.eba97320-e4cf-4348-a7c2-d4136009ff49" 404 - "HEAD http://172.18.0.197:8080/v1/AUTH_e2c76e4d27554fd5a4f85cce208b136f/gnocchi.eba97320-e4cf-4348-a7c2-d4136009ff49?format=json&states=listing" "tx76eb07e750864e45a6603-0069295e3b" "proxy-server 20" 0.0011 "-" 21 0
Nov 28 08:32:59 np0005538510 object-server[124016]: 172.20.0.103 - - [28/Nov/2025:08:32:59 +0000] "GET /d1/363/AUTH_e2c76e4d27554fd5a4f85cce208b136f/gnocchi.eba97320-e4cf-4348-a7c2-d4136009ff49/none_v3" 404 70 "GET http://172.18.0.197:8080/v1/AUTH_e2c76e4d27554fd5a4f85cce208b136f/gnocchi.eba97320-e4cf-4348-a7c2-d4136009ff49/none_v3" "tx76eb07e750864e45a6603-0069295e3b" "proxy-server 20" 0.0005 "-" 23 0
Nov 28 08:32:59 np0005538510 proxy-server[125302]: 172.18.0.197 172.18.0.104 28/Nov/2025/08/32/59 GET /v1/AUTH_e2c76e4d27554fd5a4f85cce208b136f/gnocchi.eba97320-e4cf-4348-a7c2-d4136009ff49/none_v3 HTTP/1.0 404 - python-swiftclient-3.11.1 gAAAAABpKV47sBxn... - 70 - tx76eb07e750864e45a6603-0069295e3b - 0.1202 - - 1764318779.378049850 1764318779.498200655 0
Nov 28 08:32:59 np0005538510 account-server[123211]: 172.20.0.104 - - [28/Nov/2025:08:32:59 +0000] "PUT /d1/535/AUTH_e2c76e4d27554fd5a4f85cce208b136f/gnocchi.eba97320-e4cf-4348-a7c2-d4136009ff49" 201 - "PUT http://172.20.0.104:6001/d1/22/AUTH_e2c76e4d27554fd5a4f85cce208b136f/gnocchi.eba97320-e4cf-4348-a7c2-d4136009ff49" "tx9de04cee019943a188766-0069295e3b" "container-server 23" 0.0067 "-" 19 0
Nov 28 08:32:59 np0005538510 container-server[123686]: 172.20.0.104 - - [28/Nov/2025:08:32:59 +0000] "PUT /d1/22/AUTH_e2c76e4d27554fd5a4f85cce208b136f/gnocchi.eba97320-e4cf-4348-a7c2-d4136009ff49" 201 - "PUT http://172.18.0.197:8080/v1/AUTH_e2c76e4d27554fd5a4f85cce208b136f/gnocchi.eba97320-e4cf-4348-a7c2-d4136009ff49" "tx9de04cee019943a188766-0069295e3b" "proxy-server 20" 0.0269 "-" 23 0
Nov 28 08:32:59 np0005538510 container-server[123678]: 172.20.0.105 - - [28/Nov/2025:08:32:59 +0000] "GET /d1/22/AUTH_e2c76e4d27554fd5a4f85cce208b136f/gnocchi.eba97320-e4cf-4348-a7c2-d4136009ff49" 200 2 "GET http://172.18.0.197:8080/v1/AUTH_e2c76e4d27554fd5a4f85cce208b136f/gnocchi.eba97320-e4cf-4348-a7c2-d4136009ff49?format=json&states=listing" "tx764d11ea143b4521b96bb-0069295e3b" "proxy-server 20" 0.0044 "-" 22 0
Nov 28 08:32:59 np0005538510 object-server[124013]: 172.20.0.103 - - [28/Nov/2025:08:32:59 +0000] "GET /d1/719/AUTH_e2c76e4d27554fd5a4f85cce208b136f/gnocchi.eba97320-e4cf-4348-a7c2-d4136009ff49/1763640000.0_mean_300.0_v3" 404 70 "GET http://172.18.0.197:8080/v1/AUTH_e2c76e4d27554fd5a4f85cce208b136f/gnocchi.eba97320-e4cf-4348-a7c2-d4136009ff49/1763640000.0_mean_300.0_v3" "tx970177f6304643f4affdd-0069295e3b" "proxy-server 20" 0.0005 "-" 22 0
Nov 28 08:32:59 np0005538510 proxy-server[125302]: 172.18.0.197 172.18.0.104 28/Nov/2025/08/32/59 GET /v1/AUTH_e2c76e4d27554fd5a4f85cce208b136f/gnocchi.eba97320-e4cf-4348-a7c2-d4136009ff49/1763640000.0_mean_300.0_v3 HTTP/1.0 404 - python-swiftclient-3.11.1 gAAAAABpKV47sBxn... - 70 - tx970177f6304643f4affdd-0069295e3b - 0.0169 - - 1764318779.578022242 1764318779.594890594 0
Nov 28 08:32:59 np0005538510 container-server[123686]: 172.20.0.103 - - [28/Nov/2025:08:32:59 +0000] "PUT /d1/22/AUTH_e2c76e4d27554fd5a4f85cce208b136f/gnocchi.eba97320-e4cf-4348-a7c2-d4136009ff49/1763640000.0_mean_300.0_v3" 201 - "PUT http://172.18.0.197:8080/d1/719/AUTH_e2c76e4d27554fd5a4f85cce208b136f/gnocchi.eba97320-e4cf-4348-a7c2-d4136009ff49/1763640000.0_mean_300.0_v3" "tx02eb078684a2452780f8a-0069295e3b" "object-server 25" 0.0014 "-" 23 0
Nov 28 08:32:59 np0005538510 object-server[124032]: 172.20.0.104 - - [28/Nov/2025:08:32:59 +0000] "PUT /d1/719/AUTH_e2c76e4d27554fd5a4f85cce208b136f/gnocchi.eba97320-e4cf-4348-a7c2-d4136009ff49/1763640000.0_mean_300.0_v3" 201 - "PUT http://172.18.0.197:8080/v1/AUTH_e2c76e4d27554fd5a4f85cce208b136f/gnocchi.eba97320-e4cf-4348-a7c2-d4136009ff49/1763640000.0_mean_300.0_v3" "tx02eb078684a2452780f8a-0069295e3b" "proxy-server 20" 0.0235 "-" 25 0
Nov 28 08:32:59 np0005538510 container-server[123646]: 172.20.0.103 - - [28/Nov/2025:08:32:59 +0000] "PUT /d1/22/AUTH_e2c76e4d27554fd5a4f85cce208b136f/gnocchi.eba97320-e4cf-4348-a7c2-d4136009ff49/none_v3" 201 - "PUT http://172.18.0.197:8080/d1/363/AUTH_e2c76e4d27554fd5a4f85cce208b136f/gnocchi.eba97320-e4cf-4348-a7c2-d4136009ff49/none_v3" "txdae3932ac3844093af88b-0069295e3b" "object-server 24" 0.0011 "-" 21 0
Nov 28 08:32:59 np0005538510 object-server[124029]: 172.20.0.105 - - [28/Nov/2025:08:32:59 +0000] "PUT /d1/363/AUTH_e2c76e4d27554fd5a4f85cce208b136f/gnocchi.eba97320-e4cf-4348-a7c2-d4136009ff49/none_v3" 201 - "PUT http://172.18.0.197:8080/v1/AUTH_e2c76e4d27554fd5a4f85cce208b136f/gnocchi.eba97320-e4cf-4348-a7c2-d4136009ff49/none_v3" "txdae3932ac3844093af88b-0069295e3b" "proxy-server 20" 0.0119 "-" 24 0
Nov 28 08:33:00 np0005538510 object-server[217005]: Begin object audit "forever" mode (ALL)
Nov 28 08:33:00 np0005538510 object-server[217004]: Begin object audit "forever" mode (ZBF)
Nov 28 08:33:00 np0005538510 object-server[217004]: Object audit (ZBF). Since Fri Nov 28 08:33:00 2025: Locally: 1 passed, 0 quarantined, 0 errors, files/sec: 977.92, bytes/sec: 0.00, Total time: 0.00, Auditing time: 0.00, Rate: 0.00
Nov 28 08:33:00 np0005538510 object-server[217005]: Object audit (ALL). Since Fri Nov 28 08:33:00 2025: Locally: 1 passed, 0 quarantined, 0 errors, files/sec: 165.85, bytes/sec: 2653.68, Total time: 0.01, Auditing time: 0.00, Rate: 0.00
Nov 28 08:33:00 np0005538510 object-server[217004]: Object audit (ZBF) "forever" mode completed: 0.08s. Total quarantined: 0, Total errors: 0, Total files/sec: 72.86, Total bytes/sec: 0.00, Auditing time: 0.08, Rate: 0.97
Nov 28 08:33:00 np0005538510 object-server[217005]: Object audit (ALL) "forever" mode completed: 0.21s. Total quarantined: 0, Total errors: 0, Total files/sec: 28.42, Total bytes/sec: 587.41, Auditing time: 0.21, Rate: 0.98
Nov 28 08:33:08 np0005538510 container-server[123646]: 172.20.0.103 - - [28/Nov/2025:08:33:08 +0000] "HEAD /d1/920/AUTH_e2c76e4d27554fd5a4f85cce208b136f/gnocchi.c9335d8f-efb8-460e-bda6-add3abf1123e" 404 - "HEAD http://172.18.0.197:8080/v1/AUTH_e2c76e4d27554fd5a4f85cce208b136f/gnocchi.c9335d8f-efb8-460e-bda6-add3abf1123e?format=json&states=listing" "tx5605f501ba7f4b69aa6fb-0069295e44" "proxy-server 20" 0.0010 "-" 21 0
Nov 28 08:33:08 np0005538510 container-server[123646]: 172.20.0.104 - - [28/Nov/2025:08:33:08 +0000] "HEAD /d1/797/AUTH_e2c76e4d27554fd5a4f85cce208b136f/gnocchi.c6875055-f0f0-47dd-bf94-a7852424649b" 404 - "HEAD http://172.18.0.197:8080/v1/AUTH_e2c76e4d27554fd5a4f85cce208b136f/gnocchi.c6875055-f0f0-47dd-bf94-a7852424649b?format=json&states=listing" "tx9902226ee1614b3baff4b-0069295e44" "proxy-server 20" 0.0005 "-" 21 0
Nov 28 08:33:08 np0005538510 object-server[124016]: 172.20.0.103 - - [28/Nov/2025:08:33:08 +0000] "GET /d1/12/AUTH_e2c76e4d27554fd5a4f85cce208b136f/gnocchi.c9335d8f-efb8-460e-bda6-add3abf1123e/none_v3" 404 70 "GET http://172.18.0.197:8080/v1/AUTH_e2c76e4d27554fd5a4f85cce208b136f/gnocchi.c9335d8f-efb8-460e-bda6-add3abf1123e/none_v3" "tx5605f501ba7f4b69aa6fb-0069295e44" "proxy-server 20" 0.0008 "-" 23 0
Nov 28 08:33:08 np0005538510 proxy-server[125302]: 172.18.0.103 172.18.0.104 28/Nov/2025/08/33/08 GET /v1/AUTH_e2c76e4d27554fd5a4f85cce208b136f/gnocchi.c9335d8f-efb8-460e-bda6-add3abf1123e/none_v3 HTTP/1.0 404 - python-swiftclient-3.11.1 gAAAAABpKV38a7pX... - 70 - tx5605f501ba7f4b69aa6fb-0069295e44 - 0.0376 - - 1764318788.501009941 1764318788.538599491 0
Nov 28 08:33:08 np0005538510 object-server[124029]: 172.20.0.104 - - [28/Nov/2025:08:33:08 +0000] "GET /d1/123/AUTH_e2c76e4d27554fd5a4f85cce208b136f/gnocchi.c6875055-f0f0-47dd-bf94-a7852424649b/none_v3" 404 70 "GET http://172.18.0.197:8080/v1/AUTH_e2c76e4d27554fd5a4f85cce208b136f/gnocchi.c6875055-f0f0-47dd-bf94-a7852424649b/none_v3" "tx9902226ee1614b3baff4b-0069295e44" "proxy-server 20" 0.0005 "-" 24 0
Nov 28 08:33:08 np0005538510 account-server[123211]: 172.20.0.104 - - [28/Nov/2025:08:33:08 +0000] "PUT /d1/535/AUTH_e2c76e4d27554fd5a4f85cce208b136f/gnocchi.c9335d8f-efb8-460e-bda6-add3abf1123e" 201 - "PUT http://172.20.0.104:6001/d1/920/AUTH_e2c76e4d27554fd5a4f85cce208b136f/gnocchi.c9335d8f-efb8-460e-bda6-add3abf1123e" "txad43e39ade3b4506aa912-0069295e44" "container-server 20" 0.0060 "-" 19 0
Nov 28 08:33:08 np0005538510 container-server[123686]: 172.20.0.103 - - [28/Nov/2025:08:33:08 +0000] "PUT /d1/797/AUTH_e2c76e4d27554fd5a4f85cce208b136f/gnocchi.c6875055-f0f0-47dd-bf94-a7852424649b" 201 - "PUT http://172.18.0.197:8080/v1/AUTH_e2c76e4d27554fd5a4f85cce208b136f/gnocchi.c6875055-f0f0-47dd-bf94-a7852424649b" "tx54e21fdae45649f3bc654-0069295e44" "proxy-server 20" 0.0193 "-" 23 0
Nov 28 08:33:08 np0005538510 container-server[123686]: 172.20.0.105 - - [28/Nov/2025:08:33:08 +0000] "PUT /d1/920/AUTH_e2c76e4d27554fd5a4f85cce208b136f/gnocchi.c9335d8f-efb8-460e-bda6-add3abf1123e" 201 - "PUT http://172.18.0.197:8080/v1/AUTH_e2c76e4d27554fd5a4f85cce208b136f/gnocchi.c9335d8f-efb8-460e-bda6-add3abf1123e" "txad43e39ade3b4506aa912-0069295e44" "proxy-server 20" 0.0351 "-" 23 0
Nov 28 08:33:08 np0005538510 account-server[123211]: 172.20.0.104 - - [28/Nov/2025:08:33:08 +0000] "PUT /d1/535/AUTH_e2c76e4d27554fd5a4f85cce208b136f/gnocchi.c6875055-f0f0-47dd-bf94-a7852424649b" 201 - "PUT http://172.20.0.104:6001/d1/797/AUTH_e2c76e4d27554fd5a4f85cce208b136f/gnocchi.c6875055-f0f0-47dd-bf94-a7852424649b" "tx54e21fdae45649f3bc654-0069295e44" "container-server 20" 0.0049 "-" 19 0
Nov 28 08:33:08 np0005538510 proxy-server[125302]: 172.18.0.197 172.18.0.104 28/Nov/2025/08/33/08 PUT /v1/AUTH_e2c76e4d27554fd5a4f85cce208b136f/gnocchi.c6875055-f0f0-47dd-bf94-a7852424649b HTTP/1.0 201 - python-swiftclient-3.11.1 gAAAAABpKV47sBxn... - - - tx54e21fdae45649f3bc654-0069295e44 - 0.0457 - - 1764318788.549956322 1764318788.595679760 0
Nov 28 08:33:08 np0005538510 container-server[123678]: 172.20.0.104 - - [28/Nov/2025:08:33:08 +0000] "GET /d1/920/AUTH_e2c76e4d27554fd5a4f85cce208b136f/gnocchi.c9335d8f-efb8-460e-bda6-add3abf1123e" 200 2 "GET http://172.18.0.197:8080/v1/AUTH_e2c76e4d27554fd5a4f85cce208b136f/gnocchi.c9335d8f-efb8-460e-bda6-add3abf1123e?format=json&states=listing" "txb7fd6817c44d4bc5b229e-0069295e44" "proxy-server 20" 0.0021 "-" 22 0
Nov 28 08:33:08 np0005538510 container-server[123686]: 172.20.0.105 - - [28/Nov/2025:08:33:08 +0000] "GET /d1/797/AUTH_e2c76e4d27554fd5a4f85cce208b136f/gnocchi.c6875055-f0f0-47dd-bf94-a7852424649b" 200 2 "GET http://172.18.0.197:8080/v1/AUTH_e2c76e4d27554fd5a4f85cce208b136f/gnocchi.c6875055-f0f0-47dd-bf94-a7852424649b?format=json&states=listing" "txfac99dd5d97c41fc9f87a-0069295e44" "proxy-server 20" 0.0041 "-" 23 0
Nov 28 08:33:08 np0005538510 object-server[124032]: 172.20.0.103 - - [28/Nov/2025:08:33:08 +0000] "GET /d1/160/AUTH_e2c76e4d27554fd5a4f85cce208b136f/gnocchi.c9335d8f-efb8-460e-bda6-add3abf1123e/1763640000.0_mean_300.0_v3" 404 70 "GET http://172.18.0.197:8080/v1/AUTH_e2c76e4d27554fd5a4f85cce208b136f/gnocchi.c9335d8f-efb8-460e-bda6-add3abf1123e/1763640000.0_mean_300.0_v3" "tx3ac3825397654c88bac75-0069295e44" "proxy-server 20" 0.0005 "-" 25 0
Nov 28 08:33:08 np0005538510 object-server[124029]: 172.20.0.104 - - [28/Nov/2025:08:33:08 +0000] "GET /d1/950/AUTH_e2c76e4d27554fd5a4f85cce208b136f/gnocchi.c6875055-f0f0-47dd-bf94-a7852424649b/1763640000.0_mean_300.0_v3" 404 70 "GET http://172.18.0.197:8080/v1/AUTH_e2c76e4d27554fd5a4f85cce208b136f/gnocchi.c6875055-f0f0-47dd-bf94-a7852424649b/1763640000.0_mean_300.0_v3" "txeef913c1cd0b4ce2a6d43-0069295e44" "proxy-server 20" 0.0004 "-" 24 0
Nov 28 08:33:08 np0005538510 proxy-server[125302]: 172.18.0.103 172.18.0.104 28/Nov/2025/08/33/08 GET /v1/AUTH_e2c76e4d27554fd5a4f85cce208b136f/gnocchi.c9335d8f-efb8-460e-bda6-add3abf1123e/1763640000.0_mean_300.0_v3 HTTP/1.0 404 - python-swiftclient-3.11.1 gAAAAABpKV38a7pX... - 70 - tx3ac3825397654c88bac75-0069295e44 - 0.0185 - - 1764318788.627535105 1764318788.646084785 0
Nov 28 08:33:08 np0005538510 container-server[123678]: 172.20.0.105 - - [28/Nov/2025:08:33:08 +0000] "PUT /d1/797/AUTH_e2c76e4d27554fd5a4f85cce208b136f/gnocchi.c6875055-f0f0-47dd-bf94-a7852424649b/1763640000.0_mean_300.0_v3" 201 - "PUT http://172.18.0.197:8080/d1/950/AUTH_e2c76e4d27554fd5a4f85cce208b136f/gnocchi.c6875055-f0f0-47dd-bf94-a7852424649b/1763640000.0_mean_300.0_v3" "tx356bd302694c4ca9b32d1-0069295e44" "object-server 23" 0.0009 "-" 22 0
Nov 28 08:33:08 np0005538510 object-server[124013]: 172.20.0.103 - - [28/Nov/2025:08:33:08 +0000] "PUT /d1/950/AUTH_e2c76e4d27554fd5a4f85cce208b136f/gnocchi.c6875055-f0f0-47dd-bf94-a7852424649b/1763640000.0_mean_300.0_v3" 201 - "PUT http://172.18.0.197:8080/v1/AUTH_e2c76e4d27554fd5a4f85cce208b136f/gnocchi.c6875055-f0f0-47dd-bf94-a7852424649b/1763640000.0_mean_300.0_v3" "tx356bd302694c4ca9b32d1-0069295e44" "proxy-server 20" 0.0151 "-" 22 0
Nov 28 08:33:08 np0005538510 proxy-server[125302]: 172.18.0.197 172.18.0.104 28/Nov/2025/08/33/08 PUT /v1/AUTH_e2c76e4d27554fd5a4f85cce208b136f/gnocchi.c6875055-f0f0-47dd-bf94-a7852424649b/1763640000.0_mean_300.0_v3 HTTP/1.0 201 - python-swiftclient-3.11.1 gAAAAABpKV47sBxn... 16 - - tx356bd302694c4ca9b32d1-0069295e44 - 0.0282 - - 1764318788.652184486 1764318788.680411577 0
Nov 28 08:33:08 np0005538510 container-server[123686]: 172.20.0.105 - - [28/Nov/2025:08:33:08 +0000] "PUT /d1/920/AUTH_e2c76e4d27554fd5a4f85cce208b136f/gnocchi.c9335d8f-efb8-460e-bda6-add3abf1123e/1763640000.0_mean_300.0_v3" 201 - "PUT http://172.18.0.197:8080/d1/160/AUTH_e2c76e4d27554fd5a4f85cce208b136f/gnocchi.c9335d8f-efb8-460e-bda6-add3abf1123e/1763640000.0_mean_300.0_v3" "txb2228fa856e24c1498f0b-0069295e44" "object-server 22" 0.0009 "-" 23 0
Nov 28 08:33:08 np0005538510 object-server[124032]: 172.20.0.105 - - [28/Nov/2025:08:33:08 +0000] "PUT /d1/160/AUTH_e2c76e4d27554fd5a4f85cce208b136f/gnocchi.c9335d8f-efb8-460e-bda6-add3abf1123e/1763640000.0_mean_300.0_v3" 201 - "PUT http://172.18.0.197:8080/v1/AUTH_e2c76e4d27554fd5a4f85cce208b136f/gnocchi.c9335d8f-efb8-460e-bda6-add3abf1123e/1763640000.0_mean_300.0_v3" "txb2228fa856e24c1498f0b-0069295e44" "proxy-server 20" 0.0599 "-" 25 0
Nov 28 08:33:08 np0005538510 container-server[123641]: 172.20.0.103 - - [28/Nov/2025:08:33:08 +0000] "PUT /d1/797/AUTH_e2c76e4d27554fd5a4f85cce208b136f/gnocchi.c6875055-f0f0-47dd-bf94-a7852424649b/none_v3" 201 - "PUT http://172.18.0.197:8080/d1/123/AUTH_e2c76e4d27554fd5a4f85cce208b136f/gnocchi.c6875055-f0f0-47dd-bf94-a7852424649b/none_v3" "tx50dde7a195c24e7082c97-0069295e44" "object-server 23" 0.0007 "-" 20 0
Nov 28 08:33:08 np0005538510 object-server[124016]: 172.20.0.104 - - [28/Nov/2025:08:33:08 +0000] "PUT /d1/123/AUTH_e2c76e4d27554fd5a4f85cce208b136f/gnocchi.c6875055-f0f0-47dd-bf94-a7852424649b/none_v3" 201 - "PUT http://172.18.0.197:8080/v1/AUTH_e2c76e4d27554fd5a4f85cce208b136f/gnocchi.c6875055-f0f0-47dd-bf94-a7852424649b/none_v3" "tx50dde7a195c24e7082c97-0069295e44" "proxy-server 20" 0.0134 "-" 23 0
Nov 28 08:33:08 np0005538510 container-server[123678]: 172.20.0.103 - - [28/Nov/2025:08:33:08 +0000] "PUT /d1/920/AUTH_e2c76e4d27554fd5a4f85cce208b136f/gnocchi.c9335d8f-efb8-460e-bda6-add3abf1123e/none_v3" 201 - "PUT http://172.18.0.197:8080/d1/12/AUTH_e2c76e4d27554fd5a4f85cce208b136f/gnocchi.c9335d8f-efb8-460e-bda6-add3abf1123e/none_v3" "txf1bf929a292046c4b9c0c-0069295e44" "object-server 22" 0.0009 "-" 22 0
Nov 28 08:33:08 np0005538510 object-server[124013]: 172.20.0.103 - - [28/Nov/2025:08:33:08 +0000] "PUT /d1/12/AUTH_e2c76e4d27554fd5a4f85cce208b136f/gnocchi.c9335d8f-efb8-460e-bda6-add3abf1123e/none_v3" 201 - "PUT http://172.18.0.197:8080/v1/AUTH_e2c76e4d27554fd5a4f85cce208b136f/gnocchi.c9335d8f-efb8-460e-bda6-add3abf1123e/none_v3" "txf1bf929a292046c4b9c0c-0069295e44" "proxy-server 20" 0.0205 "-" 22 0
Nov 28 08:33:08 np0005538510 proxy-server[125302]: 172.18.0.103 172.18.0.104 28/Nov/2025/08/33/08 PUT /v1/AUTH_e2c76e4d27554fd5a4f85cce208b136f/gnocchi.c9335d8f-efb8-460e-bda6-add3abf1123e/none_v3 HTTP/1.0 201 - python-swiftclient-3.11.1 gAAAAABpKV38a7pX... 22 - - txf1bf929a292046c4b9c0c-0069295e44 - 0.0463 - - 1764318788.727737427 1764318788.774054050 0
Nov 28 08:33:08 np0005538510 container-server[123686]: 172.20.0.105 - - [28/Nov/2025:08:33:08 +0000] "HEAD /d1/624/AUTH_e2c76e4d27554fd5a4f85cce208b136f/gnocchi.89b62a12-09d2-4687-8084-3119ec03eb4e" 404 - "HEAD http://172.18.0.197:8080/v1/AUTH_e2c76e4d27554fd5a4f85cce208b136f/gnocchi.89b62a12-09d2-4687-8084-3119ec03eb4e?format=json&states=listing" "tx1e4dcbf0a7b04cdf84759-0069295e44" "proxy-server 20" 0.0005 "-" 23 0
Nov 28 08:33:08 np0005538510 object-server[124029]: 172.20.0.105 - - [28/Nov/2025:08:33:08 +0000] "GET /d1/118/AUTH_e2c76e4d27554fd5a4f85cce208b136f/gnocchi.89b62a12-09d2-4687-8084-3119ec03eb4e/none_v3" 404 70 "GET http://172.18.0.197:8080/v1/AUTH_e2c76e4d27554fd5a4f85cce208b136f/gnocchi.89b62a12-09d2-4687-8084-3119ec03eb4e/none_v3" "tx1e4dcbf0a7b04cdf84759-0069295e44" "proxy-server 20" 0.0007 "-" 24 0
Nov 28 08:33:08 np0005538510 container-server[123646]: 172.20.0.104 - - [28/Nov/2025:08:33:08 +0000] "HEAD /d1/809/AUTH_e2c76e4d27554fd5a4f85cce208b136f/gnocchi.c9d3dc38-d6ca-4303-874e-2d884929bcf1" 404 - "HEAD http://172.18.0.197:8080/v1/AUTH_e2c76e4d27554fd5a4f85cce208b136f/gnocchi.c9d3dc38-d6ca-4303-874e-2d884929bcf1?format=json&states=listing" "txaea9b003211448e8a9ab6-0069295e44" "proxy-server 20" 0.0006 "-" 21 0
Nov 28 08:33:08 np0005538510 object-server[124016]: 172.20.0.104 - - [28/Nov/2025:08:33:08 +0000] "GET /d1/271/AUTH_e2c76e4d27554fd5a4f85cce208b136f/gnocchi.c9d3dc38-d6ca-4303-874e-2d884929bcf1/none_v3" 404 70 "GET http://172.18.0.197:8080/v1/AUTH_e2c76e4d27554fd5a4f85cce208b136f/gnocchi.c9d3dc38-d6ca-4303-874e-2d884929bcf1/none_v3" "txaea9b003211448e8a9ab6-0069295e44" "proxy-server 20" 0.0005 "-" 23 0
Nov 28 08:33:08 np0005538510 account-server[123211]: 172.20.0.103 - - [28/Nov/2025:08:33:08 +0000] "PUT /d1/535/AUTH_e2c76e4d27554fd5a4f85cce208b136f/gnocchi.89b62a12-09d2-4687-8084-3119ec03eb4e" 201 - "PUT http://172.20.0.103:6001/d1/624/AUTH_e2c76e4d27554fd5a4f85cce208b136f/gnocchi.89b62a12-09d2-4687-8084-3119ec03eb4e" "tx51c293118bfa4dc4bf9fc-0069295e44" "container-server 23" 0.0061 "-" 19 0
Nov 28 08:33:08 np0005538510 container-server[123686]: 172.20.0.103 - - [28/Nov/2025:08:33:08 +0000] "PUT /d1/624/AUTH_e2c76e4d27554fd5a4f85cce208b136f/gnocchi.89b62a12-09d2-4687-8084-3119ec03eb4e" 201 - "PUT http://172.18.0.197:8080/v1/AUTH_e2c76e4d27554fd5a4f85cce208b136f/gnocchi.89b62a12-09d2-4687-8084-3119ec03eb4e" "tx51c293118bfa4dc4bf9fc-0069295e44" "proxy-server 20" 0.0182 "-" 23 0
Nov 28 08:33:08 np0005538510 proxy-server[125302]: 172.18.0.197 172.18.0.104 28/Nov/2025/08/33/08 PUT /v1/AUTH_e2c76e4d27554fd5a4f85cce208b136f/gnocchi.89b62a12-09d2-4687-8084-3119ec03eb4e HTTP/1.0 201 - python-swiftclient-3.11.1 gAAAAABpKV47sBxn... - - - tx51c293118bfa4dc4bf9fc-0069295e44 - 0.0276 - - 1764318788.799930096 1764318788.827491522 0
Nov 28 08:33:08 np0005538510 account-server[123223]: 172.20.0.103 - - [28/Nov/2025:08:33:08 +0000] "PUT /d1/535/AUTH_e2c76e4d27554fd5a4f85cce208b136f/gnocchi.c9d3dc38-d6ca-4303-874e-2d884929bcf1" 201 - "PUT http://172.20.0.103:6001/d1/809/AUTH_e2c76e4d27554fd5a4f85cce208b136f/gnocchi.c9d3dc38-d6ca-4303-874e-2d884929bcf1" "tx948d0df7b9854081b0d82-0069295e44" "container-server 22" 0.0060 "-" 22 0
Nov 28 08:33:08 np0005538510 container-server[123678]: 172.20.0.105 - - [28/Nov/2025:08:33:08 +0000] "PUT /d1/809/AUTH_e2c76e4d27554fd5a4f85cce208b136f/gnocchi.c9d3dc38-d6ca-4303-874e-2d884929bcf1" 201 - "PUT http://172.18.0.197:8080/v1/AUTH_e2c76e4d27554fd5a4f85cce208b136f/gnocchi.c9d3dc38-d6ca-4303-874e-2d884929bcf1" "tx948d0df7b9854081b0d82-0069295e44" "proxy-server 20" 0.0192 "-" 22 0
Nov 28 08:33:08 np0005538510 object-server[124016]: 172.20.0.103 - - [28/Nov/2025:08:33:08 +0000] "GET /d1/367/AUTH_e2c76e4d27554fd5a4f85cce208b136f/gnocchi.89b62a12-09d2-4687-8084-3119ec03eb4e/1763640000.0_mean_300.0_v3" 404 70 "GET http://172.18.0.197:8080/v1/AUTH_e2c76e4d27554fd5a4f85cce208b136f/gnocchi.89b62a12-09d2-4687-8084-3119ec03eb4e/1763640000.0_mean_300.0_v3" "tx02acc98e12ae4dd490f55-0069295e44" "proxy-server 20" 0.0003 "-" 23 0
Nov 28 08:33:08 np0005538510 proxy-server[125302]: 172.18.0.197 172.18.0.104 28/Nov/2025/08/33/08 GET /v1/AUTH_e2c76e4d27554fd5a4f85cce208b136f/gnocchi.89b62a12-09d2-4687-8084-3119ec03eb4e/1763640000.0_mean_300.0_v3 HTTP/1.0 404 - python-swiftclient-3.11.1 gAAAAABpKV47sBxn... - 70 - tx02acc98e12ae4dd490f55-0069295e44 - 0.0175 - - 1764318788.854364634 1764318788.871818781 0
Nov 28 08:33:08 np0005538510 container-server[123678]: 172.20.0.104 - - [28/Nov/2025:08:33:08 +0000] "HEAD /d1/809/AUTH_e2c76e4d27554fd5a4f85cce208b136f/gnocchi.c9d3dc38-d6ca-4303-874e-2d884929bcf1" 204 - "HEAD http://172.18.0.197:8080/v1/AUTH_e2c76e4d27554fd5a4f85cce208b136f/gnocchi.c9d3dc38-d6ca-4303-874e-2d884929bcf1?format=json&states=listing" "txee5bc5c342e0475a9c3e3-0069295e44" "proxy-server 20" 0.0020 "-" 22 0
Nov 28 08:33:08 np0005538510 container-server[123686]: 172.20.0.105 - - [28/Nov/2025:08:33:08 +0000] "PUT /d1/624/AUTH_e2c76e4d27554fd5a4f85cce208b136f/gnocchi.89b62a12-09d2-4687-8084-3119ec03eb4e/1763640000.0_mean_300.0_v3" 201 - "PUT http://172.18.0.197:8080/d1/367/AUTH_e2c76e4d27554fd5a4f85cce208b136f/gnocchi.89b62a12-09d2-4687-8084-3119ec03eb4e/1763640000.0_mean_300.0_v3" "txbe5b280843414b02bd991-0069295e44" "object-server 23" 0.0009 "-" 23 0
Nov 28 08:33:08 np0005538510 object-server[124029]: 172.20.0.105 - - [28/Nov/2025:08:33:08 +0000] "PUT /d1/367/AUTH_e2c76e4d27554fd5a4f85cce208b136f/gnocchi.89b62a12-09d2-4687-8084-3119ec03eb4e/1763640000.0_mean_300.0_v3" 201 - "PUT http://172.18.0.197:8080/v1/AUTH_e2c76e4d27554fd5a4f85cce208b136f/gnocchi.89b62a12-09d2-4687-8084-3119ec03eb4e/1763640000.0_mean_300.0_v3" "txbe5b280843414b02bd991-0069295e44" "proxy-server 20" 0.0128 "-" 24 0
Nov 28 08:33:08 np0005538510 object-server[124029]: 172.20.0.104 - - [28/Nov/2025:08:33:08 +0000] "GET /d1/54/AUTH_e2c76e4d27554fd5a4f85cce208b136f/gnocchi.c9d3dc38-d6ca-4303-874e-2d884929bcf1/1763640000.0_mean_300.0_v3" 404 70 "GET http://172.18.0.197:8080/v1/AUTH_e2c76e4d27554fd5a4f85cce208b136f/gnocchi.c9d3dc38-d6ca-4303-874e-2d884929bcf1/1763640000.0_mean_300.0_v3" "txd2b689ba63a04e759af43-0069295e44" "proxy-server 20" 0.0004 "-" 24 0
