Nov 28 08:34:19 np0005538510 object-server[124029]: 172.20.0.105 - - [28/Nov/2025:08:34:19 +0000] "GET /d1/13/AUTH_e2c76e4d27554fd5a4f85cce208b136f/gnocchi.547cef1d-702d-4b82-8ce7-75fa4b1b728d/1763640000.0_mean_300.0_v3" 404 70 "GET http://172.18.0.197:8080/v1/AUTH_e2c76e4d27554fd5a4f85cce208b136f/gnocchi.547cef1d-702d-4b82-8ce7-75fa4b1b728d/1763640000.0_mean_300.0_v3" "tx283e733a77374e7b801f9-0069295e8b" "proxy-server 20" 0.0005 "-" 24 0
Nov 28 08:34:19 np0005538510 proxy-server[125302]: 172.18.0.103 172.18.0.104 28/Nov/2025/08/34/19 GET /v1/AUTH_e2c76e4d27554fd5a4f85cce208b136f/gnocchi.19ba5cf6-206e-46fa-82bd-912eb11d504b%3Fformat%3Djson%26states%3Dlisting HTTP/1.0 200 - python-swiftclient-3.11.1 gAAAAABpKV38a7pX... - 2 - tx1455253e1ec1482db5727-0069295e8b - 0.0248 - - 1764318859.141733885 1764318859.166526794 0
Nov 28 08:34:19 np0005538510 object-server[124016]: 172.20.0.103 - - [28/Nov/2025:08:34:19 +0000] "GET /d1/833/AUTH_e2c76e4d27554fd5a4f85cce208b136f/gnocchi.19ba5cf6-206e-46fa-82bd-912eb11d504b/1763640000.0_mean_300.0_v3" 404 70 "GET http://172.18.0.197:8080/v1/AUTH_e2c76e4d27554fd5a4f85cce208b136f/gnocchi.19ba5cf6-206e-46fa-82bd-912eb11d504b/1763640000.0_mean_300.0_v3" "tx85142550b6674282817b1-0069295e8b" "proxy-server 20" 0.0008 "-" 23 0
Nov 28 08:34:19 np0005538510 container-server[123686]: 172.20.0.104 - - [28/Nov/2025:08:34:19 +0000] "PUT /d1/196/AUTH_e2c76e4d27554fd5a4f85cce208b136f/gnocchi.547cef1d-702d-4b82-8ce7-75fa4b1b728d/1763640000.0_mean_300.0_v3" 201 - "PUT http://172.18.0.197:8080/d1/13/AUTH_e2c76e4d27554fd5a4f85cce208b136f/gnocchi.547cef1d-702d-4b82-8ce7-75fa4b1b728d/1763640000.0_mean_300.0_v3" "txbd8448411d7b48fb8e63e-0069295e8b" "object-server 23" 0.0007 "-" 23 0
Nov 28 08:34:19 np0005538510 object-server[124029]: 172.20.0.104 - - [28/Nov/2025:08:34:19 +0000] "GET /d1/546/AUTH_e2c76e4d27554fd5a4f85cce208b136f/gnocchi.e7808e08-cb0c-4239-94c4-f4d83524641c/1763640000.0_mean_300.0_v3" 404 70 "GET http://172.18.0.197:8080/v1/AUTH_e2c76e4d27554fd5a4f85cce208b136f/gnocchi.e7808e08-cb0c-4239-94c4-f4d83524641c/1763640000.0_mean_300.0_v3" "txb68f59fc2077472faf920-0069295e8b" "proxy-server 20" 0.0004 "-" 24 0
Nov 28 08:34:19 np0005538510 proxy-server[125302]: 172.18.0.103 172.18.0.104 28/Nov/2025/08/34/19 GET /v1/AUTH_e2c76e4d27554fd5a4f85cce208b136f/gnocchi.19ba5cf6-206e-46fa-82bd-912eb11d504b/1763640000.0_mean_300.0_v3 HTTP/1.0 404 - python-swiftclient-3.11.1 gAAAAABpKV38a7pX... - 70 - tx85142550b6674282817b1-0069295e8b - 0.0180 - - 1764318859.171838999 1764318859.189816236 0
Nov 28 08:34:19 np0005538510 object-server[124029]: 172.20.0.105 - - [28/Nov/2025:08:34:19 +0000] "PUT /d1/13/AUTH_e2c76e4d27554fd5a4f85cce208b136f/gnocchi.547cef1d-702d-4b82-8ce7-75fa4b1b728d/1763640000.0_mean_300.0_v3" 201 - "PUT http://172.18.0.197:8080/v1/AUTH_e2c76e4d27554fd5a4f85cce208b136f/gnocchi.547cef1d-702d-4b82-8ce7-75fa4b1b728d/1763640000.0_mean_300.0_v3" "txbd8448411d7b48fb8e63e-0069295e8b" "proxy-server 20" 0.0174 "-" 24 0
Nov 28 08:34:19 np0005538510 container-server[123686]: 172.20.0.105 - - [28/Nov/2025:08:34:19 +0000] "PUT /d1/298/AUTH_e2c76e4d27554fd5a4f85cce208b136f/gnocchi.19ba5cf6-206e-46fa-82bd-912eb11d504b/1763640000.0_mean_300.0_v3" 201 - "PUT http://172.18.0.197:8080/d1/833/AUTH_e2c76e4d27554fd5a4f85cce208b136f/gnocchi.19ba5cf6-206e-46fa-82bd-912eb11d504b/1763640000.0_mean_300.0_v3" "tx997840ab766844199afbc-0069295e8b" "object-server 22" 0.0009 "-" 23 0
Nov 28 08:34:19 np0005538510 object-server[124013]: 172.20.0.103 - - [28/Nov/2025:08:34:19 +0000] "PUT /d1/833/AUTH_e2c76e4d27554fd5a4f85cce208b136f/gnocchi.19ba5cf6-206e-46fa-82bd-912eb11d504b/1763640000.0_mean_300.0_v3" 201 - "PUT http://172.18.0.197:8080/v1/AUTH_e2c76e4d27554fd5a4f85cce208b136f/gnocchi.19ba5cf6-206e-46fa-82bd-912eb11d504b/1763640000.0_mean_300.0_v3" "tx997840ab766844199afbc-0069295e8b" "proxy-server 20" 0.0157 "-" 22 0
Nov 28 08:34:19 np0005538510 container-server[123678]: 172.20.0.105 - - [28/Nov/2025:08:34:19 +0000] "PUT /d1/844/AUTH_e2c76e4d27554fd5a4f85cce208b136f/gnocchi.e7808e08-cb0c-4239-94c4-f4d83524641c/1763640000.0_mean_300.0_v3" 201 - "PUT http://172.18.0.197:8080/d1/546/AUTH_e2c76e4d27554fd5a4f85cce208b136f/gnocchi.e7808e08-cb0c-4239-94c4-f4d83524641c/1763640000.0_mean_300.0_v3" "txfa0933a018cc4e48bc6be-0069295e8b" "object-server 25" 0.0008 "-" 22 0
Nov 28 08:34:19 np0005538510 proxy-server[125302]: 172.18.0.103 172.18.0.104 28/Nov/2025/08/34/19 PUT /v1/AUTH_e2c76e4d27554fd5a4f85cce208b136f/gnocchi.19ba5cf6-206e-46fa-82bd-912eb11d504b/1763640000.0_mean_300.0_v3 HTTP/1.0 201 - python-swiftclient-3.11.1 gAAAAABpKV38a7pX... 16 - - tx997840ab766844199afbc-0069295e8b - 0.0273 - - 1764318859.194551229 1764318859.221843719 0
Nov 28 08:34:19 np0005538510 object-server[124013]: 172.20.0.104 - - [28/Nov/2025:08:34:19 +0000] "PUT /d1/546/AUTH_e2c76e4d27554fd5a4f85cce208b136f/gnocchi.e7808e08-cb0c-4239-94c4-f4d83524641c/1763640000.0_mean_300.0_v3" 201 - "PUT http://172.18.0.197:8080/v1/AUTH_e2c76e4d27554fd5a4f85cce208b136f/gnocchi.e7808e08-cb0c-4239-94c4-f4d83524641c/1763640000.0_mean_300.0_v3" "txfa0933a018cc4e48bc6be-0069295e8b" "proxy-server 20" 0.0159 "-" 22 0
Nov 28 08:34:19 np0005538510 container-server[123686]: 172.20.0.103 - - [28/Nov/2025:08:34:19 +0000] "PUT /d1/196/AUTH_e2c76e4d27554fd5a4f85cce208b136f/gnocchi.547cef1d-702d-4b82-8ce7-75fa4b1b728d/none_v3" 201 - "PUT http://172.18.0.197:8080/d1/760/AUTH_e2c76e4d27554fd5a4f85cce208b136f/gnocchi.547cef1d-702d-4b82-8ce7-75fa4b1b728d/none_v3" "tx6254365da1d54afca075c-0069295e8b" "object-server 23" 0.0006 "-" 23 0
Nov 28 08:34:19 np0005538510 object-server[124016]: 172.20.0.105 - - [28/Nov/2025:08:34:19 +0000] "PUT /d1/760/AUTH_e2c76e4d27554fd5a4f85cce208b136f/gnocchi.547cef1d-702d-4b82-8ce7-75fa4b1b728d/none_v3" 201 - "PUT http://172.18.0.197:8080/v1/AUTH_e2c76e4d27554fd5a4f85cce208b136f/gnocchi.547cef1d-702d-4b82-8ce7-75fa4b1b728d/none_v3" "tx6254365da1d54afca075c-0069295e8b" "proxy-server 20" 0.0125 "-" 23 0
Nov 28 08:34:19 np0005538510 container-server[123646]: 172.20.0.104 - - [28/Nov/2025:08:34:19 +0000] "PUT /d1/298/AUTH_e2c76e4d27554fd5a4f85cce208b136f/gnocchi.19ba5cf6-206e-46fa-82bd-912eb11d504b/none_v3" 201 - "PUT http://172.18.0.197:8080/d1/231/AUTH_e2c76e4d27554fd5a4f85cce208b136f/gnocchi.19ba5cf6-206e-46fa-82bd-912eb11d504b/none_v3" "txed50387cadc3423a8379f-0069295e8b" "object-server 22" 0.0008 "-" 21 0
Nov 28 08:34:19 np0005538510 object-server[124016]: 172.20.0.103 - - [28/Nov/2025:08:34:19 +0000] "PUT /d1/231/AUTH_e2c76e4d27554fd5a4f85cce208b136f/gnocchi.19ba5cf6-206e-46fa-82bd-912eb11d504b/none_v3" 201 - "PUT http://172.18.0.197:8080/v1/AUTH_e2c76e4d27554fd5a4f85cce208b136f/gnocchi.19ba5cf6-206e-46fa-82bd-912eb11d504b/none_v3" "txed50387cadc3423a8379f-0069295e8b" "proxy-server 20" 0.0167 "-" 23 0
Nov 28 08:34:19 np0005538510 object-server[124016]: 172.20.0.104 - - [28/Nov/2025:08:34:19 +0000] "PUT /d1/585/AUTH_e2c76e4d27554fd5a4f85cce208b136f/gnocchi.e7808e08-cb0c-4239-94c4-f4d83524641c/none_v3" 201 - "PUT http://172.18.0.197:8080/v1/AUTH_e2c76e4d27554fd5a4f85cce208b136f/gnocchi.e7808e08-cb0c-4239-94c4-f4d83524641c/none_v3" "txe5cf0b90ced44b0bb7136-0069295e8b" "proxy-server 20" 0.0149 "-" 23 0
Nov 28 08:34:19 np0005538510 container-server[123678]: 172.20.0.105 - - [28/Nov/2025:08:34:19 +0000] "HEAD /d1/1006/AUTH_e2c76e4d27554fd5a4f85cce208b136f/gnocchi.a851009b-1bdc-4a6a-ab69-57b039cf6772" 404 - "HEAD http://172.18.0.197:8080/v1/AUTH_e2c76e4d27554fd5a4f85cce208b136f/gnocchi.a851009b-1bdc-4a6a-ab69-57b039cf6772?format=json&states=listing" "tx125b50de6a284ad6b377c-0069295e8b" "proxy-server 20" 0.0004 "-" 22 0
Nov 28 08:34:19 np0005538510 container-server[123641]: 172.20.0.105 - - [28/Nov/2025:08:34:19 +0000] "PUT /d1/844/AUTH_e2c76e4d27554fd5a4f85cce208b136f/gnocchi.e7808e08-cb0c-4239-94c4-f4d83524641c/none_v3" 201 - "PUT http://172.18.0.197:8080/d1/585/AUTH_e2c76e4d27554fd5a4f85cce208b136f/gnocchi.e7808e08-cb0c-4239-94c4-f4d83524641c/none_v3" "txe5cf0b90ced44b0bb7136-0069295e8b" "object-server 25" 0.0009 "-" 20 0
Nov 28 08:34:19 np0005538510 proxy-server[125302]: 172.18.0.103 172.18.0.104 28/Nov/2025/08/34/19 PUT /v1/AUTH_e2c76e4d27554fd5a4f85cce208b136f/gnocchi.19ba5cf6-206e-46fa-82bd-912eb11d504b/none_v3 HTTP/1.0 201 - python-swiftclient-3.11.1 gAAAAABpKV38a7pX... 22 - - txed50387cadc3423a8379f-0069295e8b - 0.0332 - - 1764318859.226187944 1764318859.259390831 0
Nov 28 08:34:19 np0005538510 object-server[124032]: 172.20.0.105 - - [28/Nov/2025:08:34:19 +0000] "GET /d1/904/AUTH_e2c76e4d27554fd5a4f85cce208b136f/gnocchi.a851009b-1bdc-4a6a-ab69-57b039cf6772/none_v3" 404 70 "GET http://172.18.0.197:8080/v1/AUTH_e2c76e4d27554fd5a4f85cce208b136f/gnocchi.a851009b-1bdc-4a6a-ab69-57b039cf6772/none_v3" "tx125b50de6a284ad6b377c-0069295e8b" "proxy-server 20" 0.0006 "-" 25 0
Nov 28 08:34:19 np0005538510 container-server[123686]: 172.20.0.103 - - [28/Nov/2025:08:34:19 +0000] "HEAD /d1/161/AUTH_e2c76e4d27554fd5a4f85cce208b136f/gnocchi.3927f339-3916-42db-89af-c6d1f7cf2953" 404 - "HEAD http://172.18.0.197:8080/v1/AUTH_e2c76e4d27554fd5a4f85cce208b136f/gnocchi.3927f339-3916-42db-89af-c6d1f7cf2953?format=json&states=listing" "tx0dbdbf73a6e84a45a093d-0069295e8b" "proxy-server 20" 0.0005 "-" 23 0
Nov 28 08:34:19 np0005538510 object-server[124029]: 172.20.0.103 - - [28/Nov/2025:08:34:19 +0000] "GET /d1/151/AUTH_e2c76e4d27554fd5a4f85cce208b136f/gnocchi.3927f339-3916-42db-89af-c6d1f7cf2953/none_v3" 404 70 "GET http://172.18.0.197:8080/v1/AUTH_e2c76e4d27554fd5a4f85cce208b136f/gnocchi.3927f339-3916-42db-89af-c6d1f7cf2953/none_v3" "tx0dbdbf73a6e84a45a093d-0069295e8b" "proxy-server 20" 0.0006 "-" 24 0
Nov 28 08:34:19 np0005538510 container-server[123646]: 172.20.0.104 - - [28/Nov/2025:08:34:19 +0000] "HEAD /d1/433/AUTH_e2c76e4d27554fd5a4f85cce208b136f/gnocchi.f94d0f81-485c-443e-8763-91d3db4e7263" 404 - "HEAD http://172.18.0.197:8080/v1/AUTH_e2c76e4d27554fd5a4f85cce208b136f/gnocchi.f94d0f81-485c-443e-8763-91d3db4e7263?format=json&states=listing" "tx4a345725230d4e2f91595-0069295e8b" "proxy-server 20" 0.0008 "-" 21 0
Nov 28 08:34:19 np0005538510 proxy-server[125302]: 172.18.0.103 172.18.0.104 28/Nov/2025/08/34/19 GET /v1/AUTH_e2c76e4d27554fd5a4f85cce208b136f/gnocchi.3927f339-3916-42db-89af-c6d1f7cf2953/none_v3 HTTP/1.0 404 - python-swiftclient-3.11.1 gAAAAABpKV38a7pX... - 70 - tx0dbdbf73a6e84a45a093d-0069295e8b - 0.0312 - - 1764318859.276002884 1764318859.307153940 0
Nov 28 08:34:19 np0005538510 container-server[123686]: 172.20.0.105 - - [28/Nov/2025:08:34:19 +0000] "PUT /d1/1006/AUTH_e2c76e4d27554fd5a4f85cce208b136f/gnocchi.a851009b-1bdc-4a6a-ab69-57b039cf6772" 201 - "PUT http://172.18.0.197:8080/v1/AUTH_e2c76e4d27554fd5a4f85cce208b136f/gnocchi.a851009b-1bdc-4a6a-ab69-57b039cf6772" "txc6972089c0a646d6a8618-0069295e8b" "proxy-server 20" 0.0191 "-" 23 0
Nov 28 08:34:19 np0005538510 account-server[123211]: 172.20.0.104 - - [28/Nov/2025:08:34:19 +0000] "PUT /d1/535/AUTH_e2c76e4d27554fd5a4f85cce208b136f/gnocchi.a851009b-1bdc-4a6a-ab69-57b039cf6772" 201 - "PUT http://172.20.0.104:6001/d1/1006/AUTH_e2c76e4d27554fd5a4f85cce208b136f/gnocchi.a851009b-1bdc-4a6a-ab69-57b039cf6772" "txc6972089c0a646d6a8618-0069295e8b" "container-server 20" 0.0060 "-" 19 0
Nov 28 08:34:19 np0005538510 object-server[124029]: 172.20.0.104 - - [28/Nov/2025:08:34:19 +0000] "GET /d1/975/AUTH_e2c76e4d27554fd5a4f85cce208b136f/gnocchi.f94d0f81-485c-443e-8763-91d3db4e7263/none_v3" 404 70 "GET http://172.18.0.197:8080/v1/AUTH_e2c76e4d27554fd5a4f85cce208b136f/gnocchi.f94d0f81-485c-443e-8763-91d3db4e7263/none_v3" "tx4a345725230d4e2f91595-0069295e8b" "proxy-server 20" 0.0006 "-" 24 0
Nov 28 08:34:19 np0005538510 account-server[123221]: 172.20.0.103 - - [28/Nov/2025:08:34:19 +0000] "PUT /d1/535/AUTH_e2c76e4d27554fd5a4f85cce208b136f/gnocchi.3927f339-3916-42db-89af-c6d1f7cf2953" 201 - "PUT http://172.20.0.103:6001/d1/161/AUTH_e2c76e4d27554fd5a4f85cce208b136f/gnocchi.3927f339-3916-42db-89af-c6d1f7cf2953" "tx86288b910e6c4386b382b-0069295e8b" "container-server 20" 0.0081 "-" 20 0
Nov 28 08:34:19 np0005538510 container-server[123641]: 172.20.0.103 - - [28/Nov/2025:08:34:19 +0000] "PUT /d1/161/AUTH_e2c76e4d27554fd5a4f85cce208b136f/gnocchi.3927f339-3916-42db-89af-c6d1f7cf2953" 201 - "PUT http://172.18.0.197:8080/v1/AUTH_e2c76e4d27554fd5a4f85cce208b136f/gnocchi.3927f339-3916-42db-89af-c6d1f7cf2953" "tx86288b910e6c4386b382b-0069295e8b" "proxy-server 20" 0.0209 "-" 20 0
Nov 28 08:34:19 np0005538510 container-server[123686]: 172.20.0.105 - - [28/Nov/2025:08:34:19 +0000] "GET /d1/1006/AUTH_e2c76e4d27554fd5a4f85cce208b136f/gnocchi.a851009b-1bdc-4a6a-ab69-57b039cf6772" 200 2 "GET http://172.18.0.197:8080/v1/AUTH_e2c76e4d27554fd5a4f85cce208b136f/gnocchi.a851009b-1bdc-4a6a-ab69-57b039cf6772?format=json&states=listing" "txff2f2ca6b3214a7e8fdee-0069295e8b" "proxy-server 20" 0.0032 "-" 23 0
Nov 28 08:34:19 np0005538510 proxy-server[125302]: 172.18.0.103 172.18.0.104 28/Nov/2025/08/34/19 PUT /v1/AUTH_e2c76e4d27554fd5a4f85cce208b136f/gnocchi.3927f339-3916-42db-89af-c6d1f7cf2953 HTTP/1.0 201 - python-swiftclient-3.11.1 gAAAAABpKV38a7pX... - - - tx86288b910e6c4386b382b-0069295e8b - 0.0342 - - 1764318859.311640978 1764318859.345889091 0
Nov 28 08:34:19 np0005538510 container-server[123641]: 172.20.0.104 - - [28/Nov/2025:08:34:19 +0000] "PUT /d1/433/AUTH_e2c76e4d27554fd5a4f85cce208b136f/gnocchi.f94d0f81-485c-443e-8763-91d3db4e7263" 201 - "PUT http://172.18.0.197:8080/v1/AUTH_e2c76e4d27554fd5a4f85cce208b136f/gnocchi.f94d0f81-485c-443e-8763-91d3db4e7263" "txb2c4b25824334692a1753-0069295e8b" "proxy-server 20" 0.0187 "-" 20 0
Nov 28 08:34:19 np0005538510 account-server[123223]: 172.20.0.104 - - [28/Nov/2025:08:34:19 +0000] "PUT /d1/535/AUTH_e2c76e4d27554fd5a4f85cce208b136f/gnocchi.f94d0f81-485c-443e-8763-91d3db4e7263" 201 - "PUT http://172.20.0.104:6001/d1/433/AUTH_e2c76e4d27554fd5a4f85cce208b136f/gnocchi.f94d0f81-485c-443e-8763-91d3db4e7263" "txb2c4b25824334692a1753-0069295e8b" "container-server 20" 0.0053 "-" 22 0
Nov 28 08:34:19 np0005538510 container-server[123646]: 172.20.0.103 - - [28/Nov/2025:08:34:19 +0000] "HEAD /d1/161/AUTH_e2c76e4d27554fd5a4f85cce208b136f/gnocchi.3927f339-3916-42db-89af-c6d1f7cf2953" 204 - "HEAD http://172.18.0.197:8080/v1/AUTH_e2c76e4d27554fd5a4f85cce208b136f/gnocchi.3927f339-3916-42db-89af-c6d1f7cf2953?format=json&states=listing" "tx430ebb2ef6504504ba4b9-0069295e8b" "proxy-server 20" 0.0022 "-" 21 0
Nov 28 08:34:19 np0005538510 proxy-server[125302]: - - 28/Nov/2025/08/34/19 HEAD /v1/AUTH_e2c76e4d27554fd5a4f85cce208b136f/gnocchi.3927f339-3916-42db-89af-c6d1f7cf2953%3Fformat%3Djson%26states%3Dlisting HTTP/1.0 204 - Swift - - - - tx430ebb2ef6504504ba4b9-0069295e8b - 0.0074 RL - 1764318859.352319717 1764318859.359761238 0
Nov 28 08:34:19 np0005538510 container-server[123641]: 172.20.0.103 - - [28/Nov/2025:08:34:19 +0000] "GET /d1/161/AUTH_e2c76e4d27554fd5a4f85cce208b136f/gnocchi.3927f339-3916-42db-89af-c6d1f7cf2953" 200 2 "GET http://172.18.0.197:8080/v1/AUTH_e2c76e4d27554fd5a4f85cce208b136f/gnocchi.3927f339-3916-42db-89af-c6d1f7cf2953?format=json&states=listing" "tx430ebb2ef6504504ba4b9-0069295e8b" "proxy-server 20" 0.0035 "-" 20 0
Nov 28 08:34:19 np0005538510 object-server[124032]: 172.20.0.105 - - [28/Nov/2025:08:34:19 +0000] "GET /d1/205/AUTH_e2c76e4d27554fd5a4f85cce208b136f/gnocchi.a851009b-1bdc-4a6a-ab69-57b039cf6772/1763640000.0_mean_300.0_v3" 404 70 "GET http://172.18.0.197:8080/v1/AUTH_e2c76e4d27554fd5a4f85cce208b136f/gnocchi.a851009b-1bdc-4a6a-ab69-57b039cf6772/1763640000.0_mean_300.0_v3" "tx5d0b2c2677cf4d41880d6-0069295e8b" "proxy-server 20" 0.0007 "-" 25 0
Nov 28 08:34:19 np0005538510 proxy-server[125302]: 172.18.0.103 172.18.0.104 28/Nov/2025/08/34/19 GET /v1/AUTH_e2c76e4d27554fd5a4f85cce208b136f/gnocchi.3927f339-3916-42db-89af-c6d1f7cf2953%3Fformat%3Djson%26states%3Dlisting HTTP/1.0 200 - python-swiftclient-3.11.1 gAAAAABpKV38a7pX... - 2 - tx430ebb2ef6504504ba4b9-0069295e8b - 0.0215 - - 1764318859.350354671 1764318859.371814251 0
Nov 28 08:34:19 np0005538510 object-server[124016]: 172.20.0.103 - - [28/Nov/2025:08:34:19 +0000] "GET /d1/819/AUTH_e2c76e4d27554fd5a4f85cce208b136f/gnocchi.3927f339-3916-42db-89af-c6d1f7cf2953/1763640000.0_mean_300.0_v3" 404 70 "GET http://172.18.0.197:8080/v1/AUTH_e2c76e4d27554fd5a4f85cce208b136f/gnocchi.3927f339-3916-42db-89af-c6d1f7cf2953/1763640000.0_mean_300.0_v3" "txb8b9cda86337460897c8f-0069295e8b" "proxy-server 20" 0.0006 "-" 23 0
Nov 28 08:34:19 np0005538510 proxy-server[125302]: 172.18.0.103 172.18.0.104 28/Nov/2025/08/34/19 GET /v1/AUTH_e2c76e4d27554fd5a4f85cce208b136f/gnocchi.3927f339-3916-42db-89af-c6d1f7cf2953/1763640000.0_mean_300.0_v3 HTTP/1.0 404 - python-swiftclient-3.11.1 gAAAAABpKV38a7pX... - 70 - txb8b9cda86337460897c8f-0069295e8b - 0.0165 - - 1764318859.375938892 1764318859.392430782 0
Nov 28 08:34:19 np0005538510 container-server[123641]: 172.20.0.103 - - [28/Nov/2025:08:34:19 +0000] "PUT /d1/1006/AUTH_e2c76e4d27554fd5a4f85cce208b136f/gnocchi.a851009b-1bdc-4a6a-ab69-57b039cf6772/1763640000.0_mean_300.0_v3" 201 - "PUT http://172.18.0.197:8080/d1/205/AUTH_e2c76e4d27554fd5a4f85cce208b136f/gnocchi.a851009b-1bdc-4a6a-ab69-57b039cf6772/1763640000.0_mean_300.0_v3" "tx17ce71a9ad6640848a0a5-0069295e8b" "object-server 22" 0.0008 "-" 20 0
Nov 28 08:34:19 np0005538510 object-server[124013]: 172.20.0.105 - - [28/Nov/2025:08:34:19 +0000] "PUT /d1/205/AUTH_e2c76e4d27554fd5a4f85cce208b136f/gnocchi.a851009b-1bdc-4a6a-ab69-57b039cf6772/1763640000.0_mean_300.0_v3" 201 - "PUT http://172.18.0.197:8080/v1/AUTH_e2c76e4d27554fd5a4f85cce208b136f/gnocchi.a851009b-1bdc-4a6a-ab69-57b039cf6772/1763640000.0_mean_300.0_v3" "tx17ce71a9ad6640848a0a5-0069295e8b" "proxy-server 20" 0.0128 "-" 22 0
Nov 28 08:34:19 np0005538510 object-server[124029]: 172.20.0.104 - - [28/Nov/2025:08:34:19 +0000] "GET /d1/925/AUTH_e2c76e4d27554fd5a4f85cce208b136f/gnocchi.f94d0f81-485c-443e-8763-91d3db4e7263/1763640000.0_mean_300.0_v3" 404 70 "GET http://172.18.0.197:8080/v1/AUTH_e2c76e4d27554fd5a4f85cce208b136f/gnocchi.f94d0f81-485c-443e-8763-91d3db4e7263/1763640000.0_mean_300.0_v3" "txe9303d689af44fc2810ab-0069295e8b" "proxy-server 20" 0.0005 "-" 24 0
Nov 28 08:34:19 np0005538510 container-server[123678]: 172.20.0.104 - - [28/Nov/2025:08:34:19 +0000] "PUT /d1/161/AUTH_e2c76e4d27554fd5a4f85cce208b136f/gnocchi.3927f339-3916-42db-89af-c6d1f7cf2953/1763640000.0_mean_300.0_v3" 201 - "PUT http://172.18.0.197:8080/d1/819/AUTH_e2c76e4d27554fd5a4f85cce208b136f/gnocchi.3927f339-3916-42db-89af-c6d1f7cf2953/1763640000.0_mean_300.0_v3" "tx7a6ee64753f640878f443-0069295e8b" "object-server 24" 0.0012 "-" 22 0
Nov 28 08:34:19 np0005538510 object-server[124016]: 172.20.0.103 - - [28/Nov/2025:08:34:19 +0000] "PUT /d1/819/AUTH_e2c76e4d27554fd5a4f85cce208b136f/gnocchi.3927f339-3916-42db-89af-c6d1f7cf2953/1763640000.0_mean_300.0_v3" 201 - "PUT http://172.18.0.197:8080/v1/AUTH_e2c76e4d27554fd5a4f85cce208b136f/gnocchi.3927f339-3916-42db-89af-c6d1f7cf2953/1763640000.0_mean_300.0_v3" "tx7a6ee64753f640878f443-0069295e8b" "proxy-server 20" 0.0152 "-" 23 0
Nov 28 08:34:19 np0005538510 proxy-server[125302]: 172.18.0.103 172.18.0.104 28/Nov/2025/08/34/19 PUT /v1/AUTH_e2c76e4d27554fd5a4f85cce208b136f/gnocchi.3927f339-3916-42db-89af-c6d1f7cf2953/1763640000.0_mean_300.0_v3 HTTP/1.0 201 - python-swiftclient-3.11.1 gAAAAABpKV38a7pX... 16 - - tx7a6ee64753f640878f443-0069295e8b - 0.0264 - - 1764318859.396741629 1764318859.423128843 0
Nov 28 08:34:19 np0005538510 container-server[123641]: 172.20.0.103 - - [28/Nov/2025:08:34:19 +0000] "PUT /d1/433/AUTH_e2c76e4d27554fd5a4f85cce208b136f/gnocchi.f94d0f81-485c-443e-8763-91d3db4e7263/1763640000.0_mean_300.0_v3" 201 - "PUT http://172.18.0.197:8080/d1/925/AUTH_e2c76e4d27554fd5a4f85cce208b136f/gnocchi.f94d0f81-485c-443e-8763-91d3db4e7263/1763640000.0_mean_300.0_v3" "txf809209f41f1456282232-0069295e8b" "object-server 22" 0.0018 "-" 20 0
Nov 28 08:34:19 np0005538510 object-server[124013]: 172.20.0.104 - - [28/Nov/2025:08:34:19 +0000] "PUT /d1/925/AUTH_e2c76e4d27554fd5a4f85cce208b136f/gnocchi.f94d0f81-485c-443e-8763-91d3db4e7263/1763640000.0_mean_300.0_v3" 201 - "PUT http://172.18.0.197:8080/v1/AUTH_e2c76e4d27554fd5a4f85cce208b136f/gnocchi.f94d0f81-485c-443e-8763-91d3db4e7263/1763640000.0_mean_300.0_v3" "txf809209f41f1456282232-0069295e8b" "proxy-server 20" 0.0138 "-" 22 0
Nov 28 08:34:19 np0005538510 container-server[123678]: 172.20.0.105 - - [28/Nov/2025:08:34:19 +0000] "PUT /d1/1006/AUTH_e2c76e4d27554fd5a4f85cce208b136f/gnocchi.a851009b-1bdc-4a6a-ab69-57b039cf6772/none_v3" 201 - "PUT http://172.18.0.197:8080/d1/904/AUTH_e2c76e4d27554fd5a4f85cce208b136f/gnocchi.a851009b-1bdc-4a6a-ab69-57b039cf6772/none_v3" "tx0f18629e2e7e4cf1beb72-0069295e8b" "object-server 24" 0.0008 "-" 22 0
Nov 28 08:34:19 np0005538510 object-server[124032]: 172.20.0.105 - - [28/Nov/2025:08:34:19 +0000] "PUT /d1/904/AUTH_e2c76e4d27554fd5a4f85cce208b136f/gnocchi.a851009b-1bdc-4a6a-ab69-57b039cf6772/none_v3" 201 - "PUT http://172.18.0.197:8080/v1/AUTH_e2c76e4d27554fd5a4f85cce208b136f/gnocchi.a851009b-1bdc-4a6a-ab69-57b039cf6772/none_v3" "tx0f18629e2e7e4cf1beb72-0069295e8b" "proxy-server 20" 0.0161 "-" 25 0
Nov 28 08:34:19 np0005538510 container-server[123641]: 172.20.0.103 - - [28/Nov/2025:08:34:19 +0000] "PUT /d1/161/AUTH_e2c76e4d27554fd5a4f85cce208b136f/gnocchi.3927f339-3916-42db-89af-c6d1f7cf2953/none_v3" 201 - "PUT http://172.18.0.197:8080/d1/151/AUTH_e2c76e4d27554fd5a4f85cce208b136f/gnocchi.3927f339-3916-42db-89af-c6d1f7cf2953/none_v3" "tx89eb6940bcd743e8bf63f-0069295e8b" "object-server 25" 0.0006 "-" 20 0
Nov 28 08:34:19 np0005538510 object-server[124032]: 172.20.0.103 - - [28/Nov/2025:08:34:19 +0000] "PUT /d1/151/AUTH_e2c76e4d27554fd5a4f85cce208b136f/gnocchi.3927f339-3916-42db-89af-c6d1f7cf2953/none_v3" 201 - "PUT http://172.18.0.197:8080/v1/AUTH_e2c76e4d27554fd5a4f85cce208b136f/gnocchi.3927f339-3916-42db-89af-c6d1f7cf2953/none_v3" "tx89eb6940bcd743e8bf63f-0069295e8b" "proxy-server 20" 0.0113 "-" 25 0
Nov 28 08:34:19 np0005538510 proxy-server[125302]: 172.18.0.103 172.18.0.104 28/Nov/2025/08/34/19 PUT /v1/AUTH_e2c76e4d27554fd5a4f85cce208b136f/gnocchi.3927f339-3916-42db-89af-c6d1f7cf2953/none_v3 HTTP/1.0 201 - python-swiftclient-3.11.1 gAAAAABpKV38a7pX... 22 - - tx89eb6940bcd743e8bf63f-0069295e8b - 0.0231 - - 1764318859.427380085 1764318859.450504780 0
Nov 28 08:34:19 np0005538510 container-server[123678]: 172.20.0.103 - - [28/Nov/2025:08:34:19 +0000] "PUT /d1/433/AUTH_e2c76e4d27554fd5a4f85cce208b136f/gnocchi.f94d0f81-485c-443e-8763-91d3db4e7263/none_v3" 201 - "PUT http://172.18.0.197:8080/d1/975/AUTH_e2c76e4d27554fd5a4f85cce208b136f/gnocchi.f94d0f81-485c-443e-8763-91d3db4e7263/none_v3" "tx6624dbeff50341ddbb413-0069295e8b" "object-server 24" 0.0007 "-" 22 0
Nov 28 08:34:19 np0005538510 object-server[124029]: 172.20.0.104 - - [28/Nov/2025:08:34:19 +0000] "PUT /d1/975/AUTH_e2c76e4d27554fd5a4f85cce208b136f/gnocchi.f94d0f81-485c-443e-8763-91d3db4e7263/none_v3" 201 - "PUT http://172.18.0.197:8080/v1/AUTH_e2c76e4d27554fd5a4f85cce208b136f/gnocchi.f94d0f81-485c-443e-8763-91d3db4e7263/none_v3" "tx6624dbeff50341ddbb413-0069295e8b" "proxy-server 20" 0.0140 "-" 24 0
Nov 28 08:34:19 np0005538510 container-server[123686]: 172.20.0.105 - - [28/Nov/2025:08:34:19 +0000] "HEAD /d1/897/AUTH_e2c76e4d27554fd5a4f85cce208b136f/gnocchi.97b432a6-dfa0-480b-b6a7-a919af48417d" 404 - "HEAD http://172.18.0.197:8080/v1/AUTH_e2c76e4d27554fd5a4f85cce208b136f/gnocchi.97b432a6-dfa0-480b-b6a7-a919af48417d?format=json&states=listing" "txd4a6aee2e3504a15b5bac-0069295e8b" "proxy-server 20" 0.0008 "-" 23 0
Nov 28 08:34:19 np0005538510 object-server[124032]: 172.20.0.105 - - [28/Nov/2025:08:34:19 +0000] "GET /d1/173/AUTH_e2c76e4d27554fd5a4f85cce208b136f/gnocchi.97b432a6-dfa0-480b-b6a7-a919af48417d/none_v3" 404 70 "GET http://172.18.0.197:8080/v1/AUTH_e2c76e4d27554fd5a4f85cce208b136f/gnocchi.97b432a6-dfa0-480b-b6a7-a919af48417d/none_v3" "txd4a6aee2e3504a15b5bac-0069295e8b" "proxy-server 20" 0.0005 "-" 25 0
Nov 28 08:34:19 np0005538510 container-server[123646]: 172.20.0.103 - - [28/Nov/2025:08:34:19 +0000] "HEAD /d1/541/AUTH_e2c76e4d27554fd5a4f85cce208b136f/gnocchi.baf5a52d-b193-44c5-9d75-855be0f5fceb" 404 - "HEAD http://172.18.0.197:8080/v1/AUTH_e2c76e4d27554fd5a4f85cce208b136f/gnocchi.baf5a52d-b193-44c5-9d75-855be0f5fceb?format=json&states=listing" "txb9fba6eeb906417dac467-0069295e8b" "proxy-server 20" 0.0006 "-" 21 0
Nov 28 08:34:19 np0005538510 object-server[124013]: 172.20.0.103 - - [28/Nov/2025:08:34:19 +0000] "GET /d1/211/AUTH_e2c76e4d27554fd5a4f85cce208b136f/gnocchi.baf5a52d-b193-44c5-9d75-855be0f5fceb/none_v3" 404 70 "GET http://172.18.0.197:8080/v1/AUTH_e2c76e4d27554fd5a4f85cce208b136f/gnocchi.baf5a52d-b193-44c5-9d75-855be0f5fceb/none_v3" "txb9fba6eeb906417dac467-0069295e8b" "proxy-server 20" 0.0005 "-" 22 0
Nov 28 08:34:19 np0005538510 proxy-server[125302]: 172.18.0.103 172.18.0.104 28/Nov/2025/08/34/19 GET /v1/AUTH_e2c76e4d27554fd5a4f85cce208b136f/gnocchi.baf5a52d-b193-44c5-9d75-855be0f5fceb/none_v3 HTTP/1.0 404 - python-swiftclient-3.11.1 gAAAAABpKV38a7pX... - 70 - txb9fba6eeb906417dac467-0069295e8b - 0.0350 - - 1764318859.475006580 1764318859.509987354 0
Nov 28 08:34:19 np0005538510 container-server[123686]: 172.20.0.104 - - [28/Nov/2025:08:34:19 +0000] "PUT /d1/897/AUTH_e2c76e4d27554fd5a4f85cce208b136f/gnocchi.97b432a6-dfa0-480b-b6a7-a919af48417d" 201 - "PUT http://172.18.0.197:8080/v1/AUTH_e2c76e4d27554fd5a4f85cce208b136f/gnocchi.97b432a6-dfa0-480b-b6a7-a919af48417d" "tx8d7ec32185834be1ae1d6-0069295e8b" "proxy-server 20" 0.0221 "-" 23 0
Nov 28 08:34:19 np0005538510 account-server[123211]: 172.20.0.105 - - [28/Nov/2025:08:34:19 +0000] "PUT /d1/535/AUTH_e2c76e4d27554fd5a4f85cce208b136f/gnocchi.97b432a6-dfa0-480b-b6a7-a919af48417d" 201 - "PUT http://172.20.0.105:6001/d1/897/AUTH_e2c76e4d27554fd5a4f85cce208b136f/gnocchi.97b432a6-dfa0-480b-b6a7-a919af48417d" "tx8d7ec32185834be1ae1d6-0069295e8b" "container-server 21" 0.0070 "-" 19 0
Nov 28 08:34:19 np0005538510 container-server[123641]: 172.20.0.105 - - [28/Nov/2025:08:34:19 +0000] "PUT /d1/541/AUTH_e2c76e4d27554fd5a4f85cce208b136f/gnocchi.baf5a52d-b193-44c5-9d75-855be0f5fceb" 201 - "PUT http://172.18.0.197:8080/v1/AUTH_e2c76e4d27554fd5a4f85cce208b136f/gnocchi.baf5a52d-b193-44c5-9d75-855be0f5fceb" "tx332a45b96336442796ad1-0069295e8b" "proxy-server 20" 0.0191 "-" 20 0
Nov 28 08:34:19 np0005538510 account-server[123221]: 172.20.0.105 - - [28/Nov/2025:08:34:19 +0000] "PUT /d1/535/AUTH_e2c76e4d27554fd5a4f85cce208b136f/gnocchi.baf5a52d-b193-44c5-9d75-855be0f5fceb" 201 - "PUT http://172.20.0.105:6001/d1/541/AUTH_e2c76e4d27554fd5a4f85cce208b136f/gnocchi.baf5a52d-b193-44c5-9d75-855be0f5fceb" "tx332a45b96336442796ad1-0069295e8b" "container-server 19" 0.0060 "-" 20 0
Nov 28 08:34:19 np0005538510 proxy-server[125302]: - - 28/Nov/2025/08/34/19 HEAD /v1/AUTH_e2c76e4d27554fd5a4f85cce208b136f/gnocchi.97b432a6-dfa0-480b-b6a7-a919af48417d%3Fformat%3Djson%26states%3Dlisting HTTP/1.0 204 - Swift - - - - tx758f1c3492614c388b4ea-0069295e8b - 0.0071 RL - 1764318859.555105448 1764318859.562239170 0
Nov 28 08:34:19 np0005538510 container-server[123641]: 172.20.0.103 - - [28/Nov/2025:08:34:19 +0000] "GET /d1/897/AUTH_e2c76e4d27554fd5a4f85cce208b136f/gnocchi.97b432a6-dfa0-480b-b6a7-a919af48417d" 200 2 "GET http://172.18.0.197:8080/v1/AUTH_e2c76e4d27554fd5a4f85cce208b136f/gnocchi.97b432a6-dfa0-480b-b6a7-a919af48417d?format=json&states=listing" "tx758f1c3492614c388b4ea-0069295e8b" "proxy-server 20" 0.0035 "-" 20 0
Nov 28 08:34:19 np0005538510 proxy-server[125302]: 172.18.0.105 172.18.0.104 28/Nov/2025/08/34/19 GET /v1/AUTH_e2c76e4d27554fd5a4f85cce208b136f/gnocchi.97b432a6-dfa0-480b-b6a7-a919af48417d%3Fformat%3Djson%26states%3Dlisting HTTP/1.0 200 - python-swiftclient-3.11.1 gAAAAABpKV5EJeK-... - 2 - tx758f1c3492614c388b4ea-0069295e8b - 0.0235 - - 1764318859.552545309 1764318859.576051235 0
Nov 28 08:34:19 np0005538510 container-server[123641]: 172.20.0.104 - - [28/Nov/2025:08:34:19 +0000] "GET /d1/541/AUTH_e2c76e4d27554fd5a4f85cce208b136f/gnocchi.baf5a52d-b193-44c5-9d75-855be0f5fceb" 200 2 "GET http://172.18.0.197:8080/v1/AUTH_e2c76e4d27554fd5a4f85cce208b136f/gnocchi.baf5a52d-b193-44c5-9d75-855be0f5fceb?format=json&states=listing" "txcd5698acc72b4151bdfd1-0069295e8b" "proxy-server 20" 0.0032 "-" 20 0
Nov 28 08:34:19 np0005538510 object-server[124016]: 172.20.0.105 - - [28/Nov/2025:08:34:19 +0000] "GET /d1/4/AUTH_e2c76e4d27554fd5a4f85cce208b136f/gnocchi.97b432a6-dfa0-480b-b6a7-a919af48417d/1763640000.0_mean_300.0_v3" 404 70 "GET http://172.18.0.197:8080/v1/AUTH_e2c76e4d27554fd5a4f85cce208b136f/gnocchi.97b432a6-dfa0-480b-b6a7-a919af48417d/1763640000.0_mean_300.0_v3" "txe8b3d670f1414dc5b70ab-0069295e8b" "proxy-server 20" 0.0005 "-" 23 0
Nov 28 08:34:19 np0005538510 object-server[124016]: 172.20.0.103 - - [28/Nov/2025:08:34:19 +0000] "GET /d1/329/AUTH_e2c76e4d27554fd5a4f85cce208b136f/gnocchi.baf5a52d-b193-44c5-9d75-855be0f5fceb/1763640000.0_mean_300.0_v3" 404 70 "GET http://172.18.0.197:8080/v1/AUTH_e2c76e4d27554fd5a4f85cce208b136f/gnocchi.baf5a52d-b193-44c5-9d75-855be0f5fceb/1763640000.0_mean_300.0_v3" "txa68298abd0364582acbc9-0069295e8b" "proxy-server 20" 0.0001 "-" 23 0
Nov 28 08:34:19 np0005538510 proxy-server[125302]: 172.18.0.103 172.18.0.104 28/Nov/2025/08/34/19 GET /v1/AUTH_e2c76e4d27554fd5a4f85cce208b136f/gnocchi.baf5a52d-b193-44c5-9d75-855be0f5fceb/1763640000.0_mean_300.0_v3 HTTP/1.0 404 - python-swiftclient-3.11.1 gAAAAABpKV38a7pX... - 70 - txa68298abd0364582acbc9-0069295e8b - 0.0143 - - 1764318859.588218689 1764318859.602472305 0
Nov 28 08:34:19 np0005538510 container-server[123641]: 172.20.0.104 - - [28/Nov/2025:08:34:19 +0000] "PUT /d1/897/AUTH_e2c76e4d27554fd5a4f85cce208b136f/gnocchi.97b432a6-dfa0-480b-b6a7-a919af48417d/1763640000.0_mean_300.0_v3" 201 - "PUT http://172.18.0.197:8080/d1/4/AUTH_e2c76e4d27554fd5a4f85cce208b136f/gnocchi.97b432a6-dfa0-480b-b6a7-a919af48417d/1763640000.0_mean_300.0_v3" "txf9e2b2e24f10445687ab6-0069295e8b" "object-server 23" 0.0008 "-" 20 0
Nov 28 08:34:19 np0005538510 container-server[123646]: 172.20.0.103 - - [28/Nov/2025:08:34:19 +0000] "PUT /d1/541/AUTH_e2c76e4d27554fd5a4f85cce208b136f/gnocchi.baf5a52d-b193-44c5-9d75-855be0f5fceb/1763640000.0_mean_300.0_v3" 201 - "PUT http://172.18.0.197:8080/d1/329/AUTH_e2c76e4d27554fd5a4f85cce208b136f/gnocchi.baf5a52d-b193-44c5-9d75-855be0f5fceb/1763640000.0_mean_300.0_v3" "tx69808f6caccd4cf5bc811-0069295e8b" "object-server 24" 0.0008 "-" 21 0
Nov 28 08:34:19 np0005538510 object-server[124029]: 172.20.0.105 - - [28/Nov/2025:08:34:19 +0000] "PUT /d1/329/AUTH_e2c76e4d27554fd5a4f85cce208b136f/gnocchi.baf5a52d-b193-44c5-9d75-855be0f5fceb/1763640000.0_mean_300.0_v3" 201 - "PUT http://172.18.0.197:8080/v1/AUTH_e2c76e4d27554fd5a4f85cce208b136f/gnocchi.baf5a52d-b193-44c5-9d75-855be0f5fceb/1763640000.0_mean_300.0_v3" "tx69808f6caccd4cf5bc811-0069295e8b" "proxy-server 20" 0.0145 "-" 24 0
Nov 28 08:34:19 np0005538510 object-server[124016]: 172.20.0.104 - - [28/Nov/2025:08:34:19 +0000] "PUT /d1/4/AUTH_e2c76e4d27554fd5a4f85cce208b136f/gnocchi.97b432a6-dfa0-480b-b6a7-a919af48417d/1763640000.0_mean_300.0_v3" 201 - "PUT http://172.18.0.197:8080/v1/AUTH_e2c76e4d27554fd5a4f85cce208b136f/gnocchi.97b432a6-dfa0-480b-b6a7-a919af48417d/1763640000.0_mean_300.0_v3" "txf9e2b2e24f10445687ab6-0069295e8b" "proxy-server 20" 0.0161 "-" 23 0
Nov 28 08:34:19 np0005538510 container-server[123646]: 172.20.0.104 - - [28/Nov/2025:08:34:19 +0000] "PUT /d1/897/AUTH_e2c76e4d27554fd5a4f85cce208b136f/gnocchi.97b432a6-dfa0-480b-b6a7-a919af48417d/none_v3" 201 - "PUT http://172.18.0.197:8080/d1/173/AUTH_e2c76e4d27554fd5a4f85cce208b136f/gnocchi.97b432a6-dfa0-480b-b6a7-a919af48417d/none_v3" "tx330d5a70b7a04aefb5d0b-0069295e8b" "object-server 23" 0.0006 "-" 21 0
Nov 28 08:34:19 np0005538510 container-server[123646]: 172.20.0.103 - - [28/Nov/2025:08:34:19 +0000] "PUT /d1/541/AUTH_e2c76e4d27554fd5a4f85cce208b136f/gnocchi.baf5a52d-b193-44c5-9d75-855be0f5fceb/none_v3" 201 - "PUT http://172.18.0.197:8080/d1/211/AUTH_e2c76e4d27554fd5a4f85cce208b136f/gnocchi.baf5a52d-b193-44c5-9d75-855be0f5fceb/none_v3" "tx527d0056083c4fa9a6d3d-0069295e8b" "object-server 25" 0.0006 "-" 21 0
Nov 28 08:34:19 np0005538510 object-server[124032]: 172.20.0.103 - - [28/Nov/2025:08:34:19 +0000] "PUT /d1/211/AUTH_e2c76e4d27554fd5a4f85cce208b136f/gnocchi.baf5a52d-b193-44c5-9d75-855be0f5fceb/none_v3" 201 - "PUT http://172.18.0.197:8080/v1/AUTH_e2c76e4d27554fd5a4f85cce208b136f/gnocchi.baf5a52d-b193-44c5-9d75-855be0f5fceb/none_v3" "tx527d0056083c4fa9a6d3d-0069295e8b" "proxy-server 20" 0.0146 "-" 25 0
Nov 28 08:34:19 np0005538510 proxy-server[125302]: 172.18.0.103 172.18.0.104 28/Nov/2025/08/34/19 PUT /v1/AUTH_e2c76e4d27554fd5a4f85cce208b136f/gnocchi.baf5a52d-b193-44c5-9d75-855be0f5fceb/none_v3 HTTP/1.0 201 - python-swiftclient-3.11.1 gAAAAABpKV38a7pX... 22 - - tx527d0056083c4fa9a6d3d-0069295e8b - 0.0233 - - 1764318859.638957262 1764318859.662253380 0
Nov 28 08:34:19 np0005538510 object-server[124032]: 172.20.0.105 - - [28/Nov/2025:08:34:19 +0000] "PUT /d1/173/AUTH_e2c76e4d27554fd5a4f85cce208b136f/gnocchi.97b432a6-dfa0-480b-b6a7-a919af48417d/none_v3" 201 - "PUT http://172.18.0.197:8080/v1/AUTH_e2c76e4d27554fd5a4f85cce208b136f/gnocchi.97b432a6-dfa0-480b-b6a7-a919af48417d/none_v3" "tx330d5a70b7a04aefb5d0b-0069295e8b" "proxy-server 20" 0.0159 "-" 25 0
Nov 28 08:34:28 np0005538510 object-server[123902]: Starting object replication pass.
Nov 28 08:34:30 np0005538510 object-server[123902]: 43/43 (100.00%) partitions replicated in 1.10s (39.09/sec, 0s remaining)
Nov 28 08:34:30 np0005538510 object-server[123902]: 86 successes, 0 failures
Nov 28 08:34:30 np0005538510 object-server[123902]: 44 suffixes checked - 63.64% hashed, 0.00% synced
Nov 28 08:34:30 np0005538510 object-server[123902]: Partition times: max 0.0414s, min 0.0073s, med 0.0319s
Nov 28 08:34:30 np0005538510 object-server[123902]: Object replication complete. (0.02 minutes)
Nov 28 08:34:31 np0005538510 object-server[223106]: Begin object audit "forever" mode (ZBF)
Nov 28 08:34:31 np0005538510 object-server[223106]: Object audit (ZBF). Since Fri Nov 28 08:34:31 2025: Locally: 1 passed, 0 quarantined, 0 errors, files/sec: 793.02, bytes/sec: 0.00, Total time: 0.00, Auditing time: 0.00, Rate: 0.00
Nov 28 08:34:32 np0005538510 object-server[223106]: Object audit (ZBF) "forever" mode completed: 0.86s. Total quarantined: 0, Total errors: 0, Total files/sec: 51.04, Total bytes/sec: 0.00, Auditing time: 0.85, Rate: 0.99
Nov 28 08:34:44 np0005538510 account-server[122944]: Beginning replication run
Nov 28 08:34:44 np0005538510 account-server[122944]: Replication run OVER
Nov 28 08:34:44 np0005538510 account-server[122944]: Attempted to replicate 1 dbs in 0.02723 seconds (36.72436/s)
Nov 28 08:34:44 np0005538510 account-server[122944]: Removed 0 dbs
Nov 28 08:34:44 np0005538510 account-server[122944]: 2 successes, 0 failures
Nov 28 08:34:44 np0005538510 account-server[122944]: diff:0 diff_capped:0 empty:0 hashmatch:0 no_change:2 remote_merge:0 rsync:0 ts_repl:0
Nov 28 08:34:45 np0005538510 container-server[123247]: Beginning replication run
Nov 28 08:34:45 np0005538510 account-server[123223]: 172.20.0.105 - - [28/Nov/2025:08:34:45 +0000] "PUT /d1/535/AUTH_e2c76e4d27554fd5a4f85cce208b136f/gnocchi.4f0364c4-4af6-4e6c-bcd5-5ff199621362" 201 - "-" "-" "container-updater 2" 0.0014 "-" 22 0
Nov 28 08:34:45 np0005538510 account-server[123211]: 172.20.0.105 - - [28/Nov/2025:08:34:45 +0000] "PUT /d1/535/AUTH_e2c76e4d27554fd5a4f85cce208b136f/gnocchi.7e33f569-81a4-4cb4-bd1c-175cb7009609" 201 - "-" "-" "container-updater 2" 0.0007 "-" 19 0
Nov 28 08:34:45 np0005538510 account-server[123223]: 172.20.0.105 - - [28/Nov/2025:08:34:45 +0000] "PUT /d1/535/AUTH_e2c76e4d27554fd5a4f85cce208b136f/gnocchi.97b432a6-dfa0-480b-b6a7-a919af48417d" 201 - "-" "-" "container-updater 2" 0.0006 "-" 22 0
Nov 28 08:34:45 np0005538510 container-server[123247]: Replication run OVER
Nov 28 08:34:45 np0005538510 container-server[123247]: Attempted to replicate 22 dbs in 0.57859 seconds (38.02369/s)
Nov 28 08:34:45 np0005538510 container-server[123247]: Removed 0 dbs
Nov 28 08:34:45 np0005538510 container-server[123247]: 44 successes, 0 failures
Nov 28 08:34:45 np0005538510 container-server[123247]: diff:0 diff_capped:0 empty:0 hashmatch:0 no_change:44 remote_merge:0 rsync:0 ts_repl:0
Nov 28 08:34:45 np0005538510 account-server[123223]: 172.20.0.105 - - [28/Nov/2025:08:34:45 +0000] "PUT /d1/535/AUTH_e2c76e4d27554fd5a4f85cce208b136f/gnocchi.19ba5cf6-206e-46fa-82bd-912eb11d504b" 201 - "-" "-" "container-updater 2" 0.0007 "-" 22 0
Nov 28 08:34:46 np0005538510 account-server[123211]: 172.20.0.105 - - [28/Nov/2025:08:34:46 +0000] "PUT /d1/535/AUTH_e2c76e4d27554fd5a4f85cce208b136f/gnocchi.7b949dec-daa2-4106-9f8c-6beac0d84399" 201 - "-" "-" "container-updater 2" 0.0007 "-" 19 0
Nov 28 08:34:46 np0005538510 account-server[123223]: 172.20.0.105 - - [28/Nov/2025:08:34:46 +0000] "PUT /d1/535/AUTH_e2c76e4d27554fd5a4f85cce208b136f/gnocchi.c9335d8f-efb8-460e-bda6-add3abf1123e" 201 - "-" "-" "container-updater 2" 0.0008 "-" 22 0
Nov 28 08:34:46 np0005538510 account-server[123211]: 172.20.0.105 - - [28/Nov/2025:08:34:46 +0000] "PUT /d1/535/AUTH_e2c76e4d27554fd5a4f85cce208b136f/gnocchi.89b62a12-09d2-4687-8084-3119ec03eb4e" 201 - "-" "-" "container-updater 2" 0.0008 "-" 19 0
Nov 28 08:34:46 np0005538510 account-server[123221]: 172.20.0.105 - - [28/Nov/2025:08:34:46 +0000] "PUT /d1/535/AUTH_e2c76e4d27554fd5a4f85cce208b136f/gnocchi.e7808e08-cb0c-4239-94c4-f4d83524641c" 201 - "-" "-" "container-updater 2" 0.0007 "-" 20 0
Nov 28 08:34:46 np0005538510 account-server[123223]: 172.20.0.105 - - [28/Nov/2025:08:34:46 +0000] "PUT /d1/535/AUTH_e2c76e4d27554fd5a4f85cce208b136f/gnocchi.eba97320-e4cf-4348-a7c2-d4136009ff49" 201 - "-" "-" "container-updater 2" 0.0007 "-" 22 0
Nov 28 08:34:46 np0005538510 account-server[123211]: 172.20.0.105 - - [28/Nov/2025:08:34:46 +0000] "PUT /d1/535/AUTH_e2c76e4d27554fd5a4f85cce208b136f/gnocchi.a851009b-1bdc-4a6a-ab69-57b039cf6772" 201 - "-" "-" "container-updater 2" 0.0007 "-" 19 0
Nov 28 08:34:46 np0005538510 account-server[123222]: 172.20.0.105 - - [28/Nov/2025:08:34:46 +0000] "PUT /d1/535/AUTH_e2c76e4d27554fd5a4f85cce208b136f/gnocchi.5fd37d51-d442-4b07-bbe5-080c2e3c0d32" 201 - "-" "-" "container-updater 2" 0.0006 "-" 21 0
Nov 28 08:34:46 np0005538510 account-server[123211]: 172.20.0.105 - - [28/Nov/2025:08:34:46 +0000] "PUT /d1/535/AUTH_e2c76e4d27554fd5a4f85cce208b136f/gnocchi.59b94bd8-604d-4756-a0ea-d604c290d93c" 201 - "-" "-" "container-updater 2" 0.0007 "-" 19 0
Nov 28 08:34:46 np0005538510 account-server[123221]: 172.20.0.105 - - [28/Nov/2025:08:34:46 +0000] "PUT /d1/535/AUTH_e2c76e4d27554fd5a4f85cce208b136f/gnocchi.baf5a52d-b193-44c5-9d75-855be0f5fceb" 201 - "-" "-" "container-updater 2" 0.0007 "-" 20 0
Nov 28 08:34:46 np0005538510 account-server[123223]: 172.20.0.105 - - [28/Nov/2025:08:34:46 +0000] "PUT /d1/535/AUTH_e2c76e4d27554fd5a4f85cce208b136f/gnocchi.b05f6e18-f773-481a-b203-583bf99b214d" 201 - "-" "-" "container-updater 2" 0.0009 "-" 22 0
Nov 28 08:34:46 np0005538510 account-server[123221]: 172.20.0.105 - - [28/Nov/2025:08:34:46 +0000] "PUT /d1/535/AUTH_e2c76e4d27554fd5a4f85cce208b136f/gnocchi.c6875055-f0f0-47dd-bf94-a7852424649b" 201 - "-" "-" "container-updater 2" 0.0007 "-" 20 0
Nov 28 08:34:47 np0005538510 account-server[123211]: 172.20.0.105 - - [28/Nov/2025:08:34:47 +0000] "PUT /d1/535/AUTH_e2c76e4d27554fd5a4f85cce208b136f/gnocchi.69d3d9a4-7a71-4a7f-8b4d-76c40f05eacf" 201 - "-" "-" "container-updater 2" 0.0004 "-" 19 0
Nov 28 08:34:47 np0005538510 account-server[123211]: 172.20.0.105 - - [28/Nov/2025:08:34:47 +0000] "PUT /d1/535/AUTH_e2c76e4d27554fd5a4f85cce208b136f/gnocchi.3927f339-3916-42db-89af-c6d1f7cf2953" 201 - "-" "-" "container-updater 2" 0.0004 "-" 19 0
Nov 28 08:34:47 np0005538510 account-server[123221]: 172.20.0.105 - - [28/Nov/2025:08:34:47 +0000] "PUT /d1/535/AUTH_e2c76e4d27554fd5a4f85cce208b136f/gnocchi.cff1c426-26ad-4c2f-bbfb-cf7808f4ddba" 201 - "-" "-" "container-updater 2" 0.0006 "-" 20 0
Nov 28 08:34:47 np0005538510 account-server[123223]: 172.20.0.105 - - [28/Nov/2025:08:34:47 +0000] "PUT /d1/535/AUTH_e2c76e4d27554fd5a4f85cce208b136f/gnocchi.547cef1d-702d-4b82-8ce7-75fa4b1b728d" 201 - "-" "-" "container-updater 2" 0.0005 "-" 22 0
Nov 28 08:34:47 np0005538510 account-server[123221]: 172.20.0.105 - - [28/Nov/2025:08:34:47 +0000] "PUT /d1/535/AUTH_e2c76e4d27554fd5a4f85cce208b136f/gnocchi.f94d0f81-485c-443e-8763-91d3db4e7263" 201 - "-" "-" "container-updater 2" 0.0010 "-" 20 0
Nov 28 08:34:47 np0005538510 account-server[123222]: 172.20.0.105 - - [28/Nov/2025:08:34:47 +0000] "PUT /d1/535/AUTH_e2c76e4d27554fd5a4f85cce208b136f/gnocchi.cd6579fb-991d-4443-9aba-0b95219eb447" 201 - "-" "-" "container-updater 2" 0.0005 "-" 21 0
Nov 28 08:34:47 np0005538510 account-server[123223]: 172.20.0.105 - - [28/Nov/2025:08:34:47 +0000] "PUT /d1/535/AUTH_e2c76e4d27554fd5a4f85cce208b136f/gnocchi.c9d3dc38-d6ca-4303-874e-2d884929bcf1" 201 - "-" "-" "container-updater 2" 0.0006 "-" 22 0
Nov 28 08:35:00 np0005538510 object-server[123902]: Starting object replication pass.
Nov 28 08:35:00 np0005538510 object-server[123902]: 43/43 (100.00%) partitions replicated in 0.45s (95.12/sec, 0s remaining)
Nov 28 08:35:00 np0005538510 object-server[123902]: 86 successes, 0 failures
Nov 28 08:35:00 np0005538510 object-server[123902]: 44 suffixes checked - 0.00% hashed, 0.00% synced
Nov 28 08:35:00 np0005538510 object-server[123902]: Partition times: max 0.0215s, min 0.0077s, med 0.0093s
Nov 28 08:35:00 np0005538510 object-server[123902]: Object replication complete. (0.01 minutes)
Nov 28 08:35:02 np0005538510 object-server[229013]: Begin object audit "forever" mode (ZBF)
Nov 28 08:35:02 np0005538510 object-server[229013]: Object audit (ZBF). Since Fri Nov 28 08:35:02 2025: Locally: 1 passed, 0 quarantined, 0 errors, files/sec: 959.79, bytes/sec: 0.00, Total time: 0.00, Auditing time: 0.00, Rate: 0.00
Nov 28 08:35:02 np0005538510 object-server[229016]: Begin object audit "forever" mode (ALL)
Nov 28 08:35:02 np0005538510 object-server[229016]: Object audit (ALL). Since Fri Nov 28 08:35:02 2025: Locally: 1 passed, 0 quarantined, 0 errors, files/sec: 110.74, bytes/sec: 1771.85, Total time: 0.01, Auditing time: 0.00, Rate: 0.00
Nov 28 08:35:02 np0005538510 object-server[229013]: Object audit (ZBF) "forever" mode completed: 0.84s. Total quarantined: 0, Total errors: 0, Total files/sec: 52.26, Total bytes/sec: 0.00, Auditing time: 0.83, Rate: 0.99
Nov 28 08:35:04 np0005538510 object-server[229016]: Object audit (ALL) "forever" mode completed: 2.11s. Total quarantined: 0, Total errors: 0, Total files/sec: 20.84, Total bytes/sec: 400.69, Auditing time: 2.10, Rate: 0.99
Nov 28 08:35:07 np0005538510 account-server[123221]: 172.20.0.105 - - [28/Nov/2025:08:35:07 +0000] "HEAD /d1/46/.expiring_objects" 404 - "HEAD http://localhost/v1/.expiring_objects?format=json" "tx784fe1fc595c4e628c1ee-0069295ebb" "proxy-server 2" 0.0007 "-" 20 -
Nov 28 08:35:14 np0005538510 account-server[122944]: Beginning replication run
Nov 28 08:35:14 np0005538510 account-server[122944]: Replication run OVER
Nov 28 08:35:14 np0005538510 account-server[122944]: Attempted to replicate 1 dbs in 0.02218 seconds (45.09548/s)
Nov 28 08:35:14 np0005538510 account-server[122944]: Removed 0 dbs
Nov 28 08:35:14 np0005538510 account-server[122944]: 2 successes, 0 failures
Nov 28 08:35:14 np0005538510 account-server[122944]: diff:0 diff_capped:0 empty:0 hashmatch:0 no_change:2 remote_merge:0 rsync:0 ts_repl:0
Nov 28 08:35:15 np0005538510 container-server[123247]: Beginning replication run
Nov 28 08:35:15 np0005538510 container-server[123247]: Replication run OVER
Nov 28 08:35:15 np0005538510 container-server[123247]: Attempted to replicate 22 dbs in 0.43521 seconds (50.54986/s)
Nov 28 08:35:15 np0005538510 container-server[123247]: Removed 0 dbs
Nov 28 08:35:15 np0005538510 container-server[123247]: 44 successes, 0 failures
Nov 28 08:35:15 np0005538510 container-server[123247]: diff:0 diff_capped:0 empty:0 hashmatch:0 no_change:44 remote_merge:0 rsync:0 ts_repl:0
Nov 28 08:35:22 np0005538510 account-server[123221]: 172.20.0.104 - - [28/Nov/2025:08:35:22 +0000] "HEAD /d1/46/.expiring_objects" 404 - "HEAD http://localhost/v1/.expiring_objects?format=json" "tx71714ce5567c4b6cb2851-0069295eca" "proxy-server 2" 0.0005 "-" 20 -
Nov 28 08:35:30 np0005538510 object-server[123902]: Starting object replication pass.
Nov 28 08:35:30 np0005538510 object-server[123902]: 43/43 (100.00%) partitions replicated in 0.40s (106.23/sec, 0s remaining)
Nov 28 08:35:30 np0005538510 object-server[123902]: 86 successes, 0 failures
Nov 28 08:35:30 np0005538510 object-server[123902]: 44 suffixes checked - 0.00% hashed, 0.00% synced
Nov 28 08:35:30 np0005538510 object-server[123902]: Partition times: max 0.0141s, min 0.0073s, med 0.0082s
Nov 28 08:35:30 np0005538510 object-server[123902]: Object replication complete. (0.01 minutes)
Nov 28 08:35:33 np0005538510 object-server[229163]: Begin object audit "forever" mode (ZBF)
Nov 28 08:35:33 np0005538510 object-server[229163]: Object audit (ZBF). Since Fri Nov 28 08:35:33 2025: Locally: 1 passed, 0 quarantined, 0 errors, files/sec: 447.11, bytes/sec: 0.00, Total time: 0.00, Auditing time: 0.00, Rate: 0.00
Nov 28 08:35:33 np0005538510 object-server[229163]: Object audit (ZBF) "forever" mode completed: 0.84s. Total quarantined: 0, Total errors: 0, Total files/sec: 52.14, Total bytes/sec: 0.00, Auditing time: 0.83, Rate: 0.99
Nov 28 08:35:44 np0005538510 account-server[122944]: Beginning replication run
Nov 28 08:35:44 np0005538510 account-server[122944]: Replication run OVER
Nov 28 08:35:44 np0005538510 account-server[122944]: Attempted to replicate 1 dbs in 0.01795 seconds (55.71796/s)
Nov 28 08:35:44 np0005538510 account-server[122944]: Removed 0 dbs
Nov 28 08:35:44 np0005538510 account-server[122944]: 2 successes, 0 failures
Nov 28 08:35:44 np0005538510 account-server[122944]: diff:0 diff_capped:0 empty:0 hashmatch:0 no_change:2 remote_merge:0 rsync:0 ts_repl:0
Nov 28 08:35:45 np0005538510 container-server[123247]: Beginning replication run
Nov 28 08:35:45 np0005538510 container-server[123247]: Replication run OVER
Nov 28 08:35:45 np0005538510 container-server[123247]: Attempted to replicate 22 dbs in 0.42901 seconds (51.28128/s)
Nov 28 08:35:45 np0005538510 container-server[123247]: Removed 0 dbs
Nov 28 08:35:45 np0005538510 container-server[123247]: 44 successes, 0 failures
Nov 28 08:35:45 np0005538510 container-server[123247]: diff:0 diff_capped:0 empty:0 hashmatch:0 no_change:44 remote_merge:0 rsync:0 ts_repl:0
Nov 28 08:36:00 np0005538510 object-server[123902]: Starting object replication pass.
Nov 28 08:36:01 np0005538510 object-server[123902]: 43/43 (100.00%) partitions replicated in 0.42s (101.86/sec, 0s remaining)
Nov 28 08:36:01 np0005538510 object-server[123902]: 86 successes, 0 failures
Nov 28 08:36:01 np0005538510 object-server[123902]: 44 suffixes checked - 0.00% hashed, 0.00% synced
Nov 28 08:36:01 np0005538510 object-server[123902]: Partition times: max 0.0140s, min 0.0078s, med 0.0091s
Nov 28 08:36:01 np0005538510 object-server[123902]: Object replication complete. (0.01 minutes)
Nov 28 08:36:04 np0005538510 object-server[235050]: Begin object audit "forever" mode (ALL)
Nov 28 08:36:04 np0005538510 object-server[235049]: Begin object audit "forever" mode (ZBF)
Nov 28 08:36:04 np0005538510 object-server[235049]: Object audit (ZBF). Since Fri Nov 28 08:36:04 2025: Locally: 1 passed, 0 quarantined, 0 errors, files/sec: 679.46, bytes/sec: 0.00, Total time: 0.00, Auditing time: 0.00, Rate: 0.00
Nov 28 08:36:04 np0005538510 object-server[235050]: Object audit (ALL). Since Fri Nov 28 08:36:04 2025: Locally: 1 passed, 0 quarantined, 0 errors, files/sec: 128.48, bytes/sec: 2055.65, Total time: 0.01, Auditing time: 0.00, Rate: 0.00
Nov 28 08:36:04 np0005538510 object-server[235049]: Object audit (ZBF) "forever" mode completed: 0.84s. Total quarantined: 0, Total errors: 0, Total files/sec: 52.20, Total bytes/sec: 0.00, Auditing time: 0.83, Rate: 0.99
Nov 28 08:36:06 np0005538510 object-server[235050]: Object audit (ALL) "forever" mode completed: 2.11s. Total quarantined: 0, Total errors: 0, Total files/sec: 20.86, Total bytes/sec: 401.03, Auditing time: 2.10, Rate: 0.99
Nov 28 08:36:14 np0005538510 account-server[122944]: Beginning replication run
Nov 28 08:36:14 np0005538510 account-server[122944]: Replication run OVER
Nov 28 08:36:14 np0005538510 account-server[122944]: Attempted to replicate 1 dbs in 0.01813 seconds (55.14872/s)
Nov 28 08:36:14 np0005538510 account-server[122944]: Removed 0 dbs
Nov 28 08:36:14 np0005538510 account-server[122944]: 2 successes, 0 failures
Nov 28 08:36:14 np0005538510 account-server[122944]: diff:0 diff_capped:0 empty:0 hashmatch:0 no_change:2 remote_merge:0 rsync:0 ts_repl:0
Nov 28 08:36:15 np0005538510 container-server[123247]: Beginning replication run
Nov 28 08:36:15 np0005538510 container-server[123247]: Replication run OVER
Nov 28 08:36:15 np0005538510 container-server[123247]: Attempted to replicate 22 dbs in 0.44124 seconds (49.85944/s)
Nov 28 08:36:15 np0005538510 container-server[123247]: Removed 0 dbs
Nov 28 08:36:15 np0005538510 container-server[123247]: 44 successes, 0 failures
Nov 28 08:36:15 np0005538510 container-server[123247]: diff:0 diff_capped:0 empty:0 hashmatch:0 no_change:44 remote_merge:0 rsync:0 ts_repl:0
Nov 28 08:36:17 np0005538510 account-server[123222]: 172.20.0.104 - - [28/Nov/2025:08:36:17 +0000] "HEAD /d1/46/.expiring_objects" 404 - "HEAD http://localhost/v1/.expiring_objects?format=json" "txe6f255ec9a974855ba400-0069295f01" "proxy-server 2" 0.0005 "-" 21 -
Nov 28 08:36:30 np0005538510 container-server[123493]: Begin container update sweep
Nov 28 08:36:30 np0005538510 account-server[123223]: 172.20.0.103 - - [28/Nov/2025:08:36:30 +0000] "PUT /d1/535/AUTH_e2c76e4d27554fd5a4f85cce208b136f/gnocchi.cd6579fb-991d-4443-9aba-0b95219eb447" 201 - "-" "-" "container-updater 2" 0.0008 "-" 22 0
