Nov 28 08:36:30 np0005538510 account-server[123221]: 172.20.0.103 - - [28/Nov/2025:08:36:30 +0000] "PUT /d1/535/AUTH_e2c76e4d27554fd5a4f85cce208b136f/gnocchi.7e33f569-81a4-4cb4-bd1c-175cb7009609" 201 - "-" "-" "container-updater 2" 0.0008 "-" 20 0
Nov 28 08:36:31 np0005538510 account-server[123223]: 172.20.0.103 - - [28/Nov/2025:08:36:31 +0000] "PUT /d1/535/AUTH_e2c76e4d27554fd5a4f85cce208b136f/gnocchi.5fd37d51-d442-4b07-bbe5-080c2e3c0d32" 201 - "-" "-" "container-updater 2" 0.0004 "-" 22 0
Nov 28 08:36:31 np0005538510 account-server[123222]: 172.20.0.103 - - [28/Nov/2025:08:36:31 +0000] "PUT /d1/535/AUTH_e2c76e4d27554fd5a4f85cce208b136f/gnocchi.f94d0f81-485c-443e-8763-91d3db4e7263" 201 - "-" "-" "container-updater 2" 0.0008 "-" 21 0
Nov 28 08:36:31 np0005538510 account-server[123223]: 172.20.0.103 - - [28/Nov/2025:08:36:31 +0000] "PUT /d1/535/AUTH_e2c76e4d27554fd5a4f85cce208b136f/gnocchi.e7808e08-cb0c-4239-94c4-f4d83524641c" 201 - "-" "-" "container-updater 2" 0.0008 "-" 22 0
Nov 28 08:36:31 np0005538510 account-server[123222]: 172.20.0.103 - - [28/Nov/2025:08:36:31 +0000] "PUT /d1/535/AUTH_e2c76e4d27554fd5a4f85cce208b136f/gnocchi.89b62a12-09d2-4687-8084-3119ec03eb4e" 201 - "-" "-" "container-updater 2" 0.0006 "-" 21 0
Nov 28 08:36:31 np0005538510 object-server[123902]: Starting object replication pass.
Nov 28 08:36:31 np0005538510 account-server[123223]: 172.20.0.103 - - [28/Nov/2025:08:36:31 +0000] "PUT /d1/535/AUTH_e2c76e4d27554fd5a4f85cce208b136f/gnocchi.97b432a6-dfa0-480b-b6a7-a919af48417d" 201 - "-" "-" "container-updater 2" 0.0006 "-" 22 0
Nov 28 08:36:31 np0005538510 account-server[123211]: 172.20.0.103 - - [28/Nov/2025:08:36:31 +0000] "PUT /d1/535/AUTH_e2c76e4d27554fd5a4f85cce208b136f/gnocchi.69d3d9a4-7a71-4a7f-8b4d-76c40f05eacf" 201 - "-" "-" "container-updater 2" 0.0004 "-" 19 0
Nov 28 08:36:31 np0005538510 account-server[123223]: 172.20.0.103 - - [28/Nov/2025:08:36:31 +0000] "PUT /d1/535/AUTH_e2c76e4d27554fd5a4f85cce208b136f/gnocchi.3927f339-3916-42db-89af-c6d1f7cf2953" 201 - "-" "-" "container-updater 2" 0.0005 "-" 22 0
Nov 28 08:36:31 np0005538510 account-server[123222]: 172.20.0.103 - - [28/Nov/2025:08:36:31 +0000] "PUT /d1/535/AUTH_e2c76e4d27554fd5a4f85cce208b136f/gnocchi.4f0364c4-4af6-4e6c-bcd5-5ff199621362" 201 - "-" "-" "container-updater 2" 0.0007 "-" 21 0
Nov 28 08:36:31 np0005538510 account-server[123221]: 172.20.0.103 - - [28/Nov/2025:08:36:31 +0000] "PUT /d1/535/AUTH_e2c76e4d27554fd5a4f85cce208b136f/gnocchi.19ba5cf6-206e-46fa-82bd-912eb11d504b" 201 - "-" "-" "container-updater 2" 0.0009 "-" 20 0
Nov 28 08:36:31 np0005538510 object-server[123902]: 43/43 (100.00%) partitions replicated in 0.38s (113.11/sec, 0s remaining)
Nov 28 08:36:31 np0005538510 object-server[123902]: 86 successes, 0 failures
Nov 28 08:36:31 np0005538510 object-server[123902]: 44 suffixes checked - 0.00% hashed, 0.00% synced
Nov 28 08:36:31 np0005538510 object-server[123902]: Partition times: max 0.0120s, min 0.0067s, med 0.0081s
Nov 28 08:36:31 np0005538510 object-server[123902]: Object replication complete. (0.01 minutes)
Nov 28 08:36:31 np0005538510 account-server[123223]: 172.20.0.103 - - [28/Nov/2025:08:36:31 +0000] "PUT /d1/535/AUTH_e2c76e4d27554fd5a4f85cce208b136f/gnocchi.59b94bd8-604d-4756-a0ea-d604c290d93c" 201 - "-" "-" "container-updater 2" 0.0006 "-" 22 0
Nov 28 08:36:31 np0005538510 account-server[123221]: 172.20.0.103 - - [28/Nov/2025:08:36:31 +0000] "PUT /d1/535/AUTH_e2c76e4d27554fd5a4f85cce208b136f/gnocchi.c9d3dc38-d6ca-4303-874e-2d884929bcf1" 201 - "-" "-" "container-updater 2" 0.0006 "-" 20 0
Nov 28 08:36:31 np0005538510 account-server[123223]: 172.20.0.103 - - [28/Nov/2025:08:36:31 +0000] "PUT /d1/535/AUTH_e2c76e4d27554fd5a4f85cce208b136f/gnocchi.eba97320-e4cf-4348-a7c2-d4136009ff49" 201 - "-" "-" "container-updater 2" 0.0005 "-" 22 0
Nov 28 08:36:32 np0005538510 account-server[123223]: 172.20.0.103 - - [28/Nov/2025:08:36:32 +0000] "PUT /d1/535/AUTH_e2c76e4d27554fd5a4f85cce208b136f/gnocchi.7b949dec-daa2-4106-9f8c-6beac0d84399" 201 - "-" "-" "container-updater 2" 0.0005 "-" 22 0
Nov 28 08:36:32 np0005538510 account-server[123223]: 172.20.0.103 - - [28/Nov/2025:08:36:32 +0000] "PUT /d1/535/AUTH_e2c76e4d27554fd5a4f85cce208b136f/gnocchi.baf5a52d-b193-44c5-9d75-855be0f5fceb" 201 - "-" "-" "container-updater 2" 0.0005 "-" 22 0
Nov 28 08:36:32 np0005538510 account-server[123222]: 172.20.0.103 - - [28/Nov/2025:08:36:32 +0000] "PUT /d1/535/AUTH_e2c76e4d27554fd5a4f85cce208b136f/gnocchi.a851009b-1bdc-4a6a-ab69-57b039cf6772" 201 - "-" "-" "container-updater 2" 0.0007 "-" 21 0
Nov 28 08:36:32 np0005538510 account-server[123221]: 172.20.0.103 - - [28/Nov/2025:08:36:32 +0000] "PUT /d1/535/AUTH_e2c76e4d27554fd5a4f85cce208b136f/gnocchi.b05f6e18-f773-481a-b203-583bf99b214d" 201 - "-" "-" "container-updater 2" 0.0008 "-" 20 0
Nov 28 08:36:32 np0005538510 account-server[123222]: 172.20.0.103 - - [28/Nov/2025:08:36:32 +0000] "PUT /d1/535/AUTH_e2c76e4d27554fd5a4f85cce208b136f/gnocchi.cff1c426-26ad-4c2f-bbfb-cf7808f4ddba" 201 - "-" "-" "container-updater 2" 0.0007 "-" 21 0
Nov 28 08:36:32 np0005538510 account-server[123211]: 172.20.0.103 - - [28/Nov/2025:08:36:32 +0000] "PUT /d1/535/AUTH_e2c76e4d27554fd5a4f85cce208b136f/gnocchi.c6875055-f0f0-47dd-bf94-a7852424649b" 201 - "-" "-" "container-updater 2" 0.0007 "-" 19 0
Nov 28 08:36:32 np0005538510 account-server[123223]: 172.20.0.103 - - [28/Nov/2025:08:36:32 +0000] "PUT /d1/535/AUTH_e2c76e4d27554fd5a4f85cce208b136f/gnocchi.c9335d8f-efb8-460e-bda6-add3abf1123e" 201 - "-" "-" "container-updater 2" 0.0006 "-" 22 0
Nov 28 08:36:32 np0005538510 account-server[123222]: 172.20.0.103 - - [28/Nov/2025:08:36:32 +0000] "PUT /d1/535/AUTH_e2c76e4d27554fd5a4f85cce208b136f/gnocchi.547cef1d-702d-4b82-8ce7-75fa4b1b728d" 201 - "-" "-" "container-updater 2" 0.0004 "-" 21 0
Nov 28 08:36:32 np0005538510 container-server[123493]: Container update sweep completed: 1.78s
Nov 28 08:36:35 np0005538510 object-server[235163]: Begin object audit "forever" mode (ZBF)
Nov 28 08:36:35 np0005538510 object-server[235163]: Object audit (ZBF). Since Fri Nov 28 08:36:35 2025: Locally: 1 passed, 0 quarantined, 0 errors, files/sec: 1040.00, bytes/sec: 0.00, Total time: 0.00, Auditing time: 0.00, Rate: 0.00
Nov 28 08:36:35 np0005538510 object-server[235163]: Object audit (ZBF) "forever" mode completed: 0.84s. Total quarantined: 0, Total errors: 0, Total files/sec: 52.25, Total bytes/sec: 0.00, Auditing time: 0.83, Rate: 0.99
Nov 28 08:36:44 np0005538510 account-server[122944]: Beginning replication run
Nov 28 08:36:44 np0005538510 account-server[122944]: Replication run OVER
Nov 28 08:36:44 np0005538510 account-server[122944]: Attempted to replicate 1 dbs in 0.05567 seconds (17.96188/s)
Nov 28 08:36:44 np0005538510 account-server[122944]: Removed 0 dbs
Nov 28 08:36:44 np0005538510 account-server[122944]: 2 successes, 0 failures
Nov 28 08:36:44 np0005538510 account-server[122944]: diff:0 diff_capped:0 empty:0 hashmatch:0 no_change:2 remote_merge:0 rsync:0 ts_repl:0
Nov 28 08:36:45 np0005538510 container-server[123247]: Beginning replication run
Nov 28 08:36:45 np0005538510 container-server[123247]: Replication run OVER
Nov 28 08:36:45 np0005538510 container-server[123247]: Attempted to replicate 22 dbs in 0.43652 seconds (50.39869/s)
Nov 28 08:36:45 np0005538510 container-server[123247]: Removed 0 dbs
Nov 28 08:36:45 np0005538510 container-server[123247]: 44 successes, 0 failures
Nov 28 08:36:45 np0005538510 container-server[123247]: diff:0 diff_capped:0 empty:0 hashmatch:0 no_change:44 remote_merge:0 rsync:0 ts_repl:0
Nov 28 08:36:53 np0005538510 account-server[123221]: 172.20.0.104 - - [28/Nov/2025:08:36:53 +0000] "PUT /d1/535/AUTH_e2c76e4d27554fd5a4f85cce208b136f/gnocchi.c6875055-f0f0-47dd-bf94-a7852424649b" 201 - "-" "-" "container-updater 2" 0.0007 "-" 20 0
Nov 28 08:36:53 np0005538510 account-server[123222]: 172.20.0.104 - - [28/Nov/2025:08:36:53 +0000] "PUT /d1/535/AUTH_e2c76e4d27554fd5a4f85cce208b136f/gnocchi.4f0364c4-4af6-4e6c-bcd5-5ff199621362" 201 - "-" "-" "container-updater 2" 0.0006 "-" 21 0
Nov 28 08:36:54 np0005538510 account-server[123222]: 172.20.0.104 - - [28/Nov/2025:08:36:54 +0000] "PUT /d1/535/AUTH_e2c76e4d27554fd5a4f85cce208b136f/gnocchi.5fd37d51-d442-4b07-bbe5-080c2e3c0d32" 201 - "-" "-" "container-updater 2" 0.0006 "-" 21 0
Nov 28 08:36:54 np0005538510 account-server[123223]: 172.20.0.104 - - [28/Nov/2025:08:36:54 +0000] "PUT /d1/535/AUTH_e2c76e4d27554fd5a4f85cce208b136f/gnocchi.97b432a6-dfa0-480b-b6a7-a919af48417d" 201 - "-" "-" "container-updater 2" 0.0009 "-" 22 0
Nov 28 08:36:54 np0005538510 account-server[123223]: 172.20.0.104 - - [28/Nov/2025:08:36:54 +0000] "PUT /d1/535/AUTH_e2c76e4d27554fd5a4f85cce208b136f/gnocchi.f94d0f81-485c-443e-8763-91d3db4e7263" 201 - "-" "-" "container-updater 2" 0.0007 "-" 22 0
Nov 28 08:36:54 np0005538510 account-server[123223]: 172.20.0.104 - - [28/Nov/2025:08:36:54 +0000] "PUT /d1/535/AUTH_e2c76e4d27554fd5a4f85cce208b136f/gnocchi.eba97320-e4cf-4348-a7c2-d4136009ff49" 201 - "-" "-" "container-updater 2" 0.0009 "-" 22 0
Nov 28 08:36:54 np0005538510 account-server[123221]: 172.20.0.104 - - [28/Nov/2025:08:36:54 +0000] "PUT /d1/535/AUTH_e2c76e4d27554fd5a4f85cce208b136f/gnocchi.e7808e08-cb0c-4239-94c4-f4d83524641c" 201 - "-" "-" "container-updater 2" 0.0007 "-" 20 0
Nov 28 08:36:54 np0005538510 account-server[123223]: 172.20.0.104 - - [28/Nov/2025:08:36:54 +0000] "PUT /d1/535/AUTH_e2c76e4d27554fd5a4f85cce208b136f/gnocchi.19ba5cf6-206e-46fa-82bd-912eb11d504b" 201 - "-" "-" "container-updater 2" 0.0007 "-" 22 0
Nov 28 08:36:54 np0005538510 account-server[123222]: 172.20.0.104 - - [28/Nov/2025:08:36:54 +0000] "PUT /d1/535/AUTH_e2c76e4d27554fd5a4f85cce208b136f/gnocchi.547cef1d-702d-4b82-8ce7-75fa4b1b728d" 201 - "-" "-" "container-updater 2" 0.0004 "-" 21 0
Nov 28 08:36:54 np0005538510 account-server[123221]: 172.20.0.104 - - [28/Nov/2025:08:36:54 +0000] "PUT /d1/535/AUTH_e2c76e4d27554fd5a4f85cce208b136f/gnocchi.3927f339-3916-42db-89af-c6d1f7cf2953" 201 - "-" "-" "container-updater 2" 0.0004 "-" 20 0
Nov 28 08:36:54 np0005538510 account-server[123223]: 172.20.0.104 - - [28/Nov/2025:08:36:54 +0000] "PUT /d1/535/AUTH_e2c76e4d27554fd5a4f85cce208b136f/gnocchi.59b94bd8-604d-4756-a0ea-d604c290d93c" 201 - "-" "-" "container-updater 2" 0.0007 "-" 22 0
Nov 28 08:36:54 np0005538510 account-server[123211]: 172.20.0.104 - - [28/Nov/2025:08:36:54 +0000] "PUT /d1/535/AUTH_e2c76e4d27554fd5a4f85cce208b136f/gnocchi.c9335d8f-efb8-460e-bda6-add3abf1123e" 201 - "-" "-" "container-updater 2" 0.0007 "-" 19 0
Nov 28 08:36:54 np0005538510 account-server[123221]: 172.20.0.104 - - [28/Nov/2025:08:36:54 +0000] "PUT /d1/535/AUTH_e2c76e4d27554fd5a4f85cce208b136f/gnocchi.7b949dec-daa2-4106-9f8c-6beac0d84399" 201 - "-" "-" "container-updater 2" 0.0006 "-" 20 0
Nov 28 08:36:54 np0005538510 account-server[123211]: 172.20.0.104 - - [28/Nov/2025:08:36:54 +0000] "PUT /d1/535/AUTH_e2c76e4d27554fd5a4f85cce208b136f/gnocchi.69d3d9a4-7a71-4a7f-8b4d-76c40f05eacf" 201 - "-" "-" "container-updater 2" 0.0007 "-" 19 0
Nov 28 08:36:54 np0005538510 account-server[123223]: 172.20.0.104 - - [28/Nov/2025:08:36:54 +0000] "PUT /d1/535/AUTH_e2c76e4d27554fd5a4f85cce208b136f/gnocchi.c9d3dc38-d6ca-4303-874e-2d884929bcf1" 201 - "-" "-" "container-updater 2" 0.0010 "-" 22 0
Nov 28 08:36:54 np0005538510 account-server[123222]: 172.20.0.104 - - [28/Nov/2025:08:36:54 +0000] "PUT /d1/535/AUTH_e2c76e4d27554fd5a4f85cce208b136f/gnocchi.89b62a12-09d2-4687-8084-3119ec03eb4e" 201 - "-" "-" "container-updater 2" 0.0006 "-" 21 0
Nov 28 08:36:55 np0005538510 account-server[123223]: 172.20.0.104 - - [28/Nov/2025:08:36:55 +0000] "PUT /d1/535/AUTH_e2c76e4d27554fd5a4f85cce208b136f/gnocchi.baf5a52d-b193-44c5-9d75-855be0f5fceb" 201 - "-" "-" "container-updater 2" 0.0009 "-" 22 0
Nov 28 08:36:55 np0005538510 account-server[123221]: 172.20.0.104 - - [28/Nov/2025:08:36:55 +0000] "PUT /d1/535/AUTH_e2c76e4d27554fd5a4f85cce208b136f/gnocchi.a851009b-1bdc-4a6a-ab69-57b039cf6772" 201 - "-" "-" "container-updater 2" 0.0006 "-" 20 0
Nov 28 08:36:55 np0005538510 account-server[123211]: 172.20.0.104 - - [28/Nov/2025:08:36:55 +0000] "PUT /d1/535/AUTH_e2c76e4d27554fd5a4f85cce208b136f/gnocchi.7e33f569-81a4-4cb4-bd1c-175cb7009609" 201 - "-" "-" "container-updater 2" 0.0007 "-" 19 0
Nov 28 08:36:55 np0005538510 account-server[123222]: 172.20.0.104 - - [28/Nov/2025:08:36:55 +0000] "PUT /d1/535/AUTH_e2c76e4d27554fd5a4f85cce208b136f/gnocchi.cff1c426-26ad-4c2f-bbfb-cf7808f4ddba" 201 - "-" "-" "container-updater 2" 0.0006 "-" 21 0
Nov 28 08:36:55 np0005538510 account-server[123222]: 172.20.0.104 - - [28/Nov/2025:08:36:55 +0000] "PUT /d1/535/AUTH_e2c76e4d27554fd5a4f85cce208b136f/gnocchi.b05f6e18-f773-481a-b203-583bf99b214d" 201 - "-" "-" "container-updater 2" 0.0005 "-" 21 0
Nov 28 08:36:55 np0005538510 account-server[123222]: 172.20.0.104 - - [28/Nov/2025:08:36:55 +0000] "PUT /d1/535/AUTH_e2c76e4d27554fd5a4f85cce208b136f/gnocchi.cd6579fb-991d-4443-9aba-0b95219eb447" 201 - "-" "-" "container-updater 2" 0.0005 "-" 21 0
Nov 28 08:37:01 np0005538510 object-server[123902]: Starting object replication pass.
Nov 28 08:37:02 np0005538510 object-server[123902]: 43/43 (100.00%) partitions replicated in 0.42s (103.26/sec, 0s remaining)
Nov 28 08:37:02 np0005538510 object-server[123902]: 86 successes, 0 failures
Nov 28 08:37:02 np0005538510 object-server[123902]: 44 suffixes checked - 0.00% hashed, 0.00% synced
Nov 28 08:37:02 np0005538510 object-server[123902]: Partition times: max 0.0180s, min 0.0066s, med 0.0088s
Nov 28 08:37:02 np0005538510 object-server[123902]: Object replication complete. (0.01 minutes)
Nov 28 08:37:05 np0005538510 object-server[241658]: Begin object audit "forever" mode (ZBF)
Nov 28 08:37:05 np0005538510 object-server[241658]: Object audit (ZBF). Since Fri Nov 28 08:37:05 2025: Locally: 1 passed, 0 quarantined, 0 errors, files/sec: 594.18, bytes/sec: 0.00, Total time: 0.00, Auditing time: 0.00, Rate: 0.00
Nov 28 08:37:05 np0005538510 object-server[241659]: Begin object audit "forever" mode (ALL)
Nov 28 08:37:05 np0005538510 object-server[241659]: Object audit (ALL). Since Fri Nov 28 08:37:05 2025: Locally: 1 passed, 0 quarantined, 0 errors, files/sec: 115.20, bytes/sec: 1843.25, Total time: 0.01, Auditing time: 0.00, Rate: 0.00
Nov 28 08:37:06 np0005538510 object-server[241658]: Object audit (ZBF) "forever" mode completed: 0.84s. Total quarantined: 0, Total errors: 0, Total files/sec: 52.23, Total bytes/sec: 0.00, Auditing time: 0.83, Rate: 0.99
Nov 28 08:37:08 np0005538510 object-server[241659]: Object audit (ALL) "forever" mode completed: 2.11s. Total quarantined: 0, Total errors: 0, Total files/sec: 20.85, Total bytes/sec: 400.90, Auditing time: 2.10, Rate: 0.99
Nov 28 08:37:14 np0005538510 account-server[122944]: Beginning replication run
Nov 28 08:37:14 np0005538510 account-server[122944]: Replication run OVER
Nov 28 08:37:14 np0005538510 account-server[122944]: Attempted to replicate 1 dbs in 0.03272 seconds (30.55772/s)
Nov 28 08:37:14 np0005538510 account-server[122944]: Removed 0 dbs
Nov 28 08:37:14 np0005538510 account-server[122944]: 2 successes, 0 failures
Nov 28 08:37:14 np0005538510 account-server[122944]: diff:0 diff_capped:0 empty:0 hashmatch:0 no_change:2 remote_merge:0 rsync:0 ts_repl:0
Nov 28 08:37:15 np0005538510 container-server[123247]: Beginning replication run
Nov 28 08:37:15 np0005538510 container-server[123247]: Replication run OVER
Nov 28 08:37:15 np0005538510 container-server[123247]: Attempted to replicate 22 dbs in 0.43896 seconds (50.11836/s)
Nov 28 08:37:15 np0005538510 container-server[123247]: Removed 0 dbs
Nov 28 08:37:15 np0005538510 container-server[123247]: 44 successes, 0 failures
Nov 28 08:37:15 np0005538510 container-server[123247]: diff:0 diff_capped:0 empty:0 hashmatch:0 no_change:44 remote_merge:0 rsync:0 ts_repl:0
Nov 28 08:37:30 np0005538510 account-server[123223]: 172.20.0.104 - - [28/Nov/2025:08:37:30 +0000] "HEAD /d1/46/.expiring_objects" 404 - "HEAD http://localhost/v1/.expiring_objects?format=json" "tx2c35a81f592d40508c854-0069295f4a" "proxy-server 2" 0.0007 "-" 22 -
Nov 28 08:37:30 np0005538510 object-server[123900]: Begin object update sweep
Nov 28 08:37:30 np0005538510 object-server[244140]: Object update sweep starting on /srv/node/d1 (pid: 15)
Nov 28 08:37:30 np0005538510 object-server[244140]: Object update sweep completed on /srv/node/d1 in 0.00s seconds:, 0 successes, 0 failures, 0 quarantines, 0 unlinks, 0 errors, 0 redirects (pid: 15)
Nov 28 08:37:30 np0005538510 object-server[244140]: Object update sweep of d1 completed: 0.00s, 0 successes, 0 failures, 0 quarantines, 0 unlinks, 0 errors, 0 redirects
Nov 28 08:37:30 np0005538510 object-server[123900]: Object update sweep completed: 0.08s
Nov 28 08:37:32 np0005538510 object-server[123902]: Starting object replication pass.
Nov 28 08:37:32 np0005538510 object-server[123902]: 43/43 (100.00%) partitions replicated in 0.40s (106.43/sec, 0s remaining)
Nov 28 08:37:32 np0005538510 object-server[123902]: 86 successes, 0 failures
Nov 28 08:37:32 np0005538510 object-server[123902]: 44 suffixes checked - 0.00% hashed, 0.00% synced
Nov 28 08:37:32 np0005538510 object-server[123902]: Partition times: max 0.0140s, min 0.0067s, med 0.0083s
Nov 28 08:37:32 np0005538510 object-server[123902]: Object replication complete. (0.01 minutes)
Nov 28 08:37:36 np0005538510 object-server[241732]: Begin object audit "forever" mode (ZBF)
Nov 28 08:37:36 np0005538510 object-server[241732]: Object audit (ZBF). Since Fri Nov 28 08:37:36 2025: Locally: 1 passed, 0 quarantined, 0 errors, files/sec: 564.36, bytes/sec: 0.00, Total time: 0.00, Auditing time: 0.00, Rate: 0.00
Nov 28 08:37:37 np0005538510 object-server[241732]: Object audit (ZBF) "forever" mode completed: 0.84s. Total quarantined: 0, Total errors: 0, Total files/sec: 52.20, Total bytes/sec: 0.00, Auditing time: 0.83, Rate: 0.99
Nov 28 08:37:42 np0005538510 account-server[122779]: Begin account audit pass.
Nov 28 08:37:44 np0005538510 account-server[122944]: Beginning replication run
Nov 28 08:37:44 np0005538510 account-server[122944]: Replication run OVER
Nov 28 08:37:44 np0005538510 account-server[122944]: Attempted to replicate 1 dbs in 0.02471 seconds (40.46704/s)
Nov 28 08:37:44 np0005538510 account-server[122944]: Removed 0 dbs
Nov 28 08:37:44 np0005538510 account-server[122944]: 2 successes, 0 failures
Nov 28 08:37:44 np0005538510 account-server[122944]: diff:0 diff_capped:0 empty:0 hashmatch:0 no_change:2 remote_merge:0 rsync:0 ts_repl:0
Nov 28 08:37:45 np0005538510 container-server[123247]: Beginning replication run
Nov 28 08:37:45 np0005538510 container-server[123247]: Replication run OVER
Nov 28 08:37:45 np0005538510 container-server[123247]: Attempted to replicate 22 dbs in 0.43678 seconds (50.36909/s)
Nov 28 08:37:45 np0005538510 container-server[123247]: Removed 0 dbs
Nov 28 08:37:45 np0005538510 container-server[123247]: 44 successes, 0 failures
Nov 28 08:37:45 np0005538510 container-server[123247]: diff:0 diff_capped:0 empty:0 hashmatch:0 no_change:44 remote_merge:0 rsync:0 ts_repl:0
Nov 28 08:38:02 np0005538510 object-server[123902]: Starting object replication pass.
Nov 28 08:38:02 np0005538510 object-server[123902]: 43/43 (100.00%) partitions replicated in 0.36s (118.04/sec, 0s remaining)
Nov 28 08:38:02 np0005538510 object-server[123902]: 86 successes, 0 failures
Nov 28 08:38:02 np0005538510 object-server[123902]: 44 suffixes checked - 0.00% hashed, 0.00% synced
Nov 28 08:38:02 np0005538510 object-server[123902]: Partition times: max 0.0143s, min 0.0058s, med 0.0078s
Nov 28 08:38:02 np0005538510 object-server[123902]: Object replication complete. (0.01 minutes)
Nov 28 08:38:07 np0005538510 object-server[247613]: Begin object audit "forever" mode (ZBF)
Nov 28 08:38:07 np0005538510 object-server[247613]: Object audit (ZBF). Since Fri Nov 28 08:38:07 2025: Locally: 1 passed, 0 quarantined, 0 errors, files/sec: 633.29, bytes/sec: 0.00, Total time: 0.00, Auditing time: 0.00, Rate: 0.00
Nov 28 08:38:07 np0005538510 object-server[247614]: Begin object audit "forever" mode (ALL)
Nov 28 08:38:07 np0005538510 object-server[247614]: Object audit (ALL). Since Fri Nov 28 08:38:07 2025: Locally: 1 passed, 0 quarantined, 0 errors, files/sec: 118.01, bytes/sec: 1888.10, Total time: 0.01, Auditing time: 0.00, Rate: 0.00
Nov 28 08:38:08 np0005538510 object-server[247613]: Object audit (ZBF) "forever" mode completed: 0.84s. Total quarantined: 0, Total errors: 0, Total files/sec: 52.20, Total bytes/sec: 0.00, Auditing time: 0.83, Rate: 0.99
Nov 28 08:38:10 np0005538510 object-server[247614]: Object audit (ALL) "forever" mode completed: 2.11s. Total quarantined: 0, Total errors: 0, Total files/sec: 20.85, Total bytes/sec: 400.89, Auditing time: 2.10, Rate: 0.99
Nov 28 08:38:14 np0005538510 account-server[122944]: Beginning replication run
Nov 28 08:38:14 np0005538510 account-server[122944]: Replication run OVER
Nov 28 08:38:14 np0005538510 account-server[122944]: Attempted to replicate 1 dbs in 0.02078 seconds (48.12994/s)
Nov 28 08:38:14 np0005538510 account-server[122944]: Removed 0 dbs
Nov 28 08:38:14 np0005538510 account-server[122944]: 2 successes, 0 failures
Nov 28 08:38:14 np0005538510 account-server[122944]: diff:0 diff_capped:0 empty:0 hashmatch:0 no_change:2 remote_merge:0 rsync:0 ts_repl:0
Nov 28 08:38:15 np0005538510 container-server[123247]: Beginning replication run
Nov 28 08:38:15 np0005538510 container-server[123247]: Replication run OVER
Nov 28 08:38:15 np0005538510 container-server[123247]: Attempted to replicate 22 dbs in 0.43451 seconds (50.63196/s)
Nov 28 08:38:15 np0005538510 container-server[123247]: Removed 0 dbs
Nov 28 08:38:15 np0005538510 container-server[123247]: 44 successes, 0 failures
Nov 28 08:38:15 np0005538510 container-server[123247]: diff:0 diff_capped:0 empty:0 hashmatch:0 no_change:44 remote_merge:0 rsync:0 ts_repl:0
Nov 28 08:38:32 np0005538510 account-server[123223]: 172.20.0.103 - - [28/Nov/2025:08:38:32 +0000] "HEAD /d1/46/.expiring_objects" 404 - "HEAD http://localhost/v1/.expiring_objects?format=json" "tx36ff13fb75b24ebdb0a5b-0069295f88" "proxy-server 2" 0.0008 "-" 22 -
Nov 28 08:38:32 np0005538510 object-expirer[123626]: Pass completed in 0s; 0 objects expired (txn: tx36ff13fb75b24ebdb0a5b-0069295f88)
Nov 28 08:38:32 np0005538510 object-server[123902]: Starting object replication pass.
Nov 28 08:38:33 np0005538510 object-server[123902]: 43/43 (100.00%) partitions replicated in 0.45s (96.29/sec, 0s remaining)
Nov 28 08:38:33 np0005538510 object-server[123902]: 86 successes, 0 failures
Nov 28 08:38:33 np0005538510 object-server[123902]: 44 suffixes checked - 0.00% hashed, 0.00% synced
Nov 28 08:38:33 np0005538510 object-server[123902]: Partition times: max 0.0531s, min 0.0070s, med 0.0085s
Nov 28 08:38:33 np0005538510 object-server[123902]: Object replication complete. (0.01 minutes)
Nov 28 08:38:38 np0005538510 object-server[247688]: Begin object audit "forever" mode (ZBF)
Nov 28 08:38:38 np0005538510 object-server[247688]: Object audit (ZBF). Since Fri Nov 28 08:38:38 2025: Locally: 1 passed, 0 quarantined, 0 errors, files/sec: 439.84, bytes/sec: 0.00, Total time: 0.00, Auditing time: 0.00, Rate: 0.00
Nov 28 08:38:39 np0005538510 object-server[247688]: Object audit (ZBF) "forever" mode completed: 0.84s. Total quarantined: 0, Total errors: 0, Total files/sec: 52.17, Total bytes/sec: 0.00, Auditing time: 0.83, Rate: 0.99
Nov 28 08:38:44 np0005538510 account-server[122944]: Beginning replication run
Nov 28 08:38:44 np0005538510 account-server[122944]: Replication run OVER
Nov 28 08:38:44 np0005538510 account-server[122944]: Attempted to replicate 1 dbs in 0.02622 seconds (38.13336/s)
Nov 28 08:38:44 np0005538510 account-server[122944]: Removed 0 dbs
Nov 28 08:38:44 np0005538510 account-server[122944]: 2 successes, 0 failures
Nov 28 08:38:44 np0005538510 account-server[122944]: diff:0 diff_capped:0 empty:0 hashmatch:0 no_change:2 remote_merge:0 rsync:0 ts_repl:0
Nov 28 08:38:45 np0005538510 container-server[123247]: Beginning replication run
Nov 28 08:38:45 np0005538510 container-server[123247]: Replication run OVER
Nov 28 08:38:45 np0005538510 container-server[123247]: Attempted to replicate 22 dbs in 0.43494 seconds (50.58175/s)
Nov 28 08:38:45 np0005538510 container-server[123247]: Removed 0 dbs
Nov 28 08:38:45 np0005538510 container-server[123247]: 44 successes, 0 failures
Nov 28 08:38:45 np0005538510 container-server[123247]: diff:0 diff_capped:0 empty:0 hashmatch:0 no_change:44 remote_merge:0 rsync:0 ts_repl:0
Nov 28 08:38:53 np0005538510 account-server[123222]: 172.20.0.105 - - [28/Nov/2025:08:38:53 +0000] "HEAD /d1/46/.expiring_objects" 404 - "HEAD http://localhost/v1/.expiring_objects?format=json" "tx5e6a418a4da449ccbf118-0069295f9d" "proxy-server 2" 0.0007 "-" 21 -
Nov 28 08:39:03 np0005538510 object-server[123902]: Starting object replication pass.
Nov 28 08:39:03 np0005538510 object-server[123902]: 43/43 (100.00%) partitions replicated in 0.45s (96.55/sec, 0s remaining)
Nov 28 08:39:03 np0005538510 object-server[123902]: 86 successes, 0 failures
Nov 28 08:39:03 np0005538510 object-server[123902]: 44 suffixes checked - 0.00% hashed, 0.00% synced
Nov 28 08:39:03 np0005538510 object-server[123902]: Partition times: max 0.0384s, min 0.0072s, med 0.0086s
Nov 28 08:39:03 np0005538510 object-server[123902]: Object replication complete. (0.01 minutes)
Nov 28 08:39:09 np0005538510 object-server[253743]: Begin object audit "forever" mode (ALL)
Nov 28 08:39:09 np0005538510 object-server[253742]: Begin object audit "forever" mode (ZBF)
Nov 28 08:39:09 np0005538510 object-server[253743]: Object audit (ALL). Since Fri Nov 28 08:39:09 2025: Locally: 1 passed, 0 quarantined, 0 errors, files/sec: 158.37, bytes/sec: 2533.94, Total time: 0.01, Auditing time: 0.00, Rate: 0.00
Nov 28 08:39:09 np0005538510 object-server[253742]: Object audit (ZBF). Since Fri Nov 28 08:39:09 2025: Locally: 1 passed, 0 quarantined, 0 errors, files/sec: 634.64, bytes/sec: 0.00, Total time: 0.00, Auditing time: 0.00, Rate: 0.00
Nov 28 08:39:10 np0005538510 object-server[253742]: Object audit (ZBF) "forever" mode completed: 0.84s. Total quarantined: 0, Total errors: 0, Total files/sec: 52.17, Total bytes/sec: 0.00, Auditing time: 0.82, Rate: 0.98
Nov 28 08:39:11 np0005538510 object-server[253743]: Object audit (ALL) "forever" mode completed: 2.11s. Total quarantined: 0, Total errors: 0, Total files/sec: 20.86, Total bytes/sec: 401.04, Auditing time: 2.10, Rate: 0.99
Nov 28 08:39:14 np0005538510 account-server[122944]: Beginning replication run
Nov 28 08:39:15 np0005538510 account-server[122944]: Replication run OVER
Nov 28 08:39:15 np0005538510 account-server[122944]: Attempted to replicate 1 dbs in 0.03556 seconds (28.12488/s)
Nov 28 08:39:15 np0005538510 account-server[122944]: Removed 0 dbs
Nov 28 08:39:15 np0005538510 account-server[122944]: 2 successes, 0 failures
Nov 28 08:39:15 np0005538510 account-server[122944]: diff:0 diff_capped:0 empty:0 hashmatch:0 no_change:2 remote_merge:0 rsync:0 ts_repl:0
Nov 28 08:39:15 np0005538510 container-server[123247]: Beginning replication run
Nov 28 08:39:15 np0005538510 container-server[123247]: Replication run OVER
Nov 28 08:39:15 np0005538510 container-server[123247]: Attempted to replicate 22 dbs in 0.43571 seconds (50.49185/s)
Nov 28 08:39:15 np0005538510 container-server[123247]: Removed 0 dbs
Nov 28 08:39:15 np0005538510 container-server[123247]: 44 successes, 0 failures
Nov 28 08:39:15 np0005538510 container-server[123247]: diff:0 diff_capped:0 empty:0 hashmatch:0 no_change:44 remote_merge:0 rsync:0 ts_repl:0
Nov 28 08:39:18 np0005538510 account-server[123211]: 172.20.0.104 - - [28/Nov/2025:08:39:18 +0000] "HEAD /d1/535/AUTH_e2c76e4d27554fd5a4f85cce208b136f" 204 - "HEAD http://172.18.0.197:8080/v1/AUTH_e2c76e4d27554fd5a4f85cce208b136f?format=json" "tx5d6f7ce0a3e0402ba8231-0069295fb6" "proxy-server 20" 0.0031 "-" 19 -
Nov 28 08:39:18 np0005538510 account-server[123223]: 172.20.0.103 - - [28/Nov/2025:08:39:18 +0000] "HEAD /d1/535/AUTH_e2c76e4d27554fd5a4f85cce208b136f" 204 - "HEAD http://172.18.0.197:8080/v1/AUTH_e2c76e4d27554fd5a4f85cce208b136f?format=json" "tx432735c86d1c44a9a3cdd-0069295fb6" "proxy-server 20" 0.0019 "-" 22 -
Nov 28 08:39:18 np0005538510 proxy-server[125302]: - - 28/Nov/2025/08/39/18 HEAD /v1/AUTH_e2c76e4d27554fd5a4f85cce208b136f%3Fformat%3Djson HTTP/1.0 204 - Swift - - - - tx432735c86d1c44a9a3cdd-0069295fb6 - 0.0075 RL - 1764319158.115168810 1764319158.122647285 -
Nov 28 08:39:18 np0005538510 container-server[123686]: 172.20.0.103 - - [28/Nov/2025:08:39:18 +0000] "HEAD /d1/897/AUTH_e2c76e4d27554fd5a4f85cce208b136f/gnocchi.97b432a6-dfa0-480b-b6a7-a919af48417d" 204 - "HEAD http://172.18.0.197:8080/v1/AUTH_e2c76e4d27554fd5a4f85cce208b136f/gnocchi.97b432a6-dfa0-480b-b6a7-a919af48417d?format=json&states=listing" "tx432735c86d1c44a9a3cdd-0069295fb6" "proxy-server 20" 0.0028 "-" 23 0
Nov 28 08:39:18 np0005538510 proxy-server[125302]: 172.18.0.197 172.18.0.104 28/Nov/2025/08/39/18 GET /v1/AUTH_e2c76e4d27554fd5a4f85cce208b136f/gnocchi.97b432a6-dfa0-480b-b6a7-a919af48417d/none_v3 HTTP/1.0 200 - python-swiftclient-3.11.1 gAAAAABpKV47sBxn... - 22 - tx432735c86d1c44a9a3cdd-0069295fb6 - 0.0795 - - 1764319158.114238501 1764319158.193773031 0
Nov 28 08:39:18 np0005538510 proxy-server[125302]: 172.18.0.197 172.18.0.104 28/Nov/2025/08/39/18 GET /v1/AUTH_e2c76e4d27554fd5a4f85cce208b136f/gnocchi.97b432a6-dfa0-480b-b6a7-a919af48417d%3Fformat%3Djson%26states%3Dlisting HTTP/1.0 200 - python-swiftclient-3.11.1 gAAAAABpKV47sBxn... - 357 - txe572e5ab4f1c46dfa0f45-0069295fb6 - 0.0217 - - 1764319158.200086594 1764319158.221759081 0
Nov 28 08:39:18 np0005538510 container-server[123678]: 172.20.0.103 - - [28/Nov/2025:08:39:18 +0000] "GET /d1/897/AUTH_e2c76e4d27554fd5a4f85cce208b136f/gnocchi.97b432a6-dfa0-480b-b6a7-a919af48417d" 200 2 "GET http://172.18.0.197:8080/v1/AUTH_e2c76e4d27554fd5a4f85cce208b136f/gnocchi.97b432a6-dfa0-480b-b6a7-a919af48417d?format=json&marker=none_v3&states=listing" "tx6252b3a85e1f42fa862b6-0069295fb6" "proxy-server 20" 0.0041 "-" 22 0
Nov 28 08:39:18 np0005538510 proxy-server[125302]: 172.18.0.197 172.18.0.104 28/Nov/2025/08/39/18 GET /v1/AUTH_e2c76e4d27554fd5a4f85cce208b136f/gnocchi.97b432a6-dfa0-480b-b6a7-a919af48417d%3Fformat%3Djson%26marker%3Dnone_v3%26states%3Dlisting HTTP/1.0 200 - python-swiftclient-3.11.1 gAAAAABpKV47sBxn... - 2 - tx6252b3a85e1f42fa862b6-0069295fb6 - 0.0152 - - 1764319158.229979277 1764319158.245186806 0
Nov 28 08:39:18 np0005538510 object-server[124016]: 172.20.0.103 - - [28/Nov/2025:08:39:18 +0000] "GET /d1/264/AUTH_e2c76e4d27554fd5a4f85cce208b136f/gnocchi.97b432a6-dfa0-480b-b6a7-a919af48417d/1763640000.0_rate%3Amean_300.0_v3" 404 70 "GET http://172.18.0.197:8080/v1/AUTH_e2c76e4d27554fd5a4f85cce208b136f/gnocchi.97b432a6-dfa0-480b-b6a7-a919af48417d/1763640000.0_rate%3Amean_300.0_v3" "txbe8b7b98f68e41afb305c-0069295fb6" "proxy-server 20" 0.0007 "-" 23 0
Nov 28 08:39:18 np0005538510 proxy-server[125302]: 172.18.0.197 172.18.0.104 28/Nov/2025/08/39/18 GET /v1/AUTH_e2c76e4d27554fd5a4f85cce208b136f/gnocchi.97b432a6-dfa0-480b-b6a7-a919af48417d/1763640000.0_rate%253Amean_300.0_v3 HTTP/1.0 404 - python-swiftclient-3.11.1 gAAAAABpKV47sBxn... - 70 - txbe8b7b98f68e41afb305c-0069295fb6 - 0.0229 - - 1764319158.255204678 1764319158.278075218 0
Nov 28 08:39:18 np0005538510 proxy-server[125302]: 172.18.0.197 172.18.0.104 28/Nov/2025/08/39/18 GET /v1/AUTH_e2c76e4d27554fd5a4f85cce208b136f/gnocchi.97b432a6-dfa0-480b-b6a7-a919af48417d/1763640000.0_mean_300.0_v3 HTTP/1.0 200 - python-swiftclient-3.11.1 gAAAAABpKV47sBxn... - 16 - txb1946ca5c23b4e37a2cf6-0069295fb6 - 0.0120 - - 1764319158.282096624 1764319158.294105530 0
Nov 28 08:39:18 np0005538510 container-server[123641]: 172.20.0.105 - - [28/Nov/2025:08:39:18 +0000] "PUT /d1/897/AUTH_e2c76e4d27554fd5a4f85cce208b136f/gnocchi.97b432a6-dfa0-480b-b6a7-a919af48417d/1763640000.0_rate%3Amean_300.0_v3" 201 - "PUT http://172.18.0.197:8080/d1/264/AUTH_e2c76e4d27554fd5a4f85cce208b136f/gnocchi.97b432a6-dfa0-480b-b6a7-a919af48417d/1763640000.0_rate%3Amean_300.0_v3" "tx23545fd327874b8ca41b2-0069295fb6" "object-server 23" 0.0009 "-" 20 0
Nov 28 08:39:18 np0005538510 object-server[124032]: 172.20.0.103 - - [28/Nov/2025:08:39:18 +0000] "PUT /d1/264/AUTH_e2c76e4d27554fd5a4f85cce208b136f/gnocchi.97b432a6-dfa0-480b-b6a7-a919af48417d/1763640000.0_rate%3Amean_300.0_v3" 201 - "PUT http://172.18.0.197:8080/v1/AUTH_e2c76e4d27554fd5a4f85cce208b136f/gnocchi.97b432a6-dfa0-480b-b6a7-a919af48417d/1763640000.0_rate%3Amean_300.0_v3" "tx23545fd327874b8ca41b2-0069295fb6" "proxy-server 20" 0.0148 "-" 25 0
Nov 28 08:39:18 np0005538510 proxy-server[125302]: 172.18.0.197 172.18.0.104 28/Nov/2025/08/39/18 PUT /v1/AUTH_e2c76e4d27554fd5a4f85cce208b136f/gnocchi.97b432a6-dfa0-480b-b6a7-a919af48417d/1763640000.0_rate%253Amean_300.0_v3 HTTP/1.0 201 - python-swiftclient-3.11.1 gAAAAABpKV47sBxn... 16 - - tx23545fd327874b8ca41b2-0069295fb6 - 0.0269 - - 1764319158.298835278 1764319158.325775862 0
Nov 28 08:39:18 np0005538510 container-server[123646]: 172.20.0.103 - - [28/Nov/2025:08:39:18 +0000] "PUT /d1/897/AUTH_e2c76e4d27554fd5a4f85cce208b136f/gnocchi.97b432a6-dfa0-480b-b6a7-a919af48417d/1763640000.0_mean_300.0_v3" 201 - "PUT http://172.18.0.197:8080/d1/4/AUTH_e2c76e4d27554fd5a4f85cce208b136f/gnocchi.97b432a6-dfa0-480b-b6a7-a919af48417d/1763640000.0_mean_300.0_v3" "tx9802171b5f4d4c048edbb-0069295fb6" "object-server 23" 0.0010 "-" 21 0
Nov 28 08:39:18 np0005538510 object-server[124016]: 172.20.0.103 - - [28/Nov/2025:08:39:18 +0000] "PUT /d1/4/AUTH_e2c76e4d27554fd5a4f85cce208b136f/gnocchi.97b432a6-dfa0-480b-b6a7-a919af48417d/1763640000.0_mean_300.0_v3" 201 - "PUT http://172.18.0.197:8080/v1/AUTH_e2c76e4d27554fd5a4f85cce208b136f/gnocchi.97b432a6-dfa0-480b-b6a7-a919af48417d/1763640000.0_mean_300.0_v3" "tx9802171b5f4d4c048edbb-0069295fb6" "proxy-server 20" 0.0131 "-" 23 0
Nov 28 08:39:18 np0005538510 proxy-server[125302]: 172.18.0.197 172.18.0.104 28/Nov/2025/08/39/18 PUT /v1/AUTH_e2c76e4d27554fd5a4f85cce208b136f/gnocchi.97b432a6-dfa0-480b-b6a7-a919af48417d/1763640000.0_mean_300.0_v3 HTTP/1.0 201 - python-swiftclient-3.11.1 gAAAAABpKV47sBxn... 23 - - tx9802171b5f4d4c048edbb-0069295fb6 - 0.0276 - - 1764319158.330181122 1764319158.357759237 0
Nov 28 08:39:18 np0005538510 container-server[123641]: 172.20.0.103 - - [28/Nov/2025:08:39:18 +0000] "PUT /d1/897/AUTH_e2c76e4d27554fd5a4f85cce208b136f/gnocchi.97b432a6-dfa0-480b-b6a7-a919af48417d/none_v3" 201 - "PUT http://172.18.0.197:8080/d1/173/AUTH_e2c76e4d27554fd5a4f85cce208b136f/gnocchi.97b432a6-dfa0-480b-b6a7-a919af48417d/none_v3" "tx83c2e4bab73b42f99f390-0069295fb6" "object-server 24" 0.0006 "-" 20 0
Nov 28 08:39:18 np0005538510 object-server[124029]: 172.20.0.103 - - [28/Nov/2025:08:39:18 +0000] "PUT /d1/173/AUTH_e2c76e4d27554fd5a4f85cce208b136f/gnocchi.97b432a6-dfa0-480b-b6a7-a919af48417d/none_v3" 201 - "PUT http://172.18.0.197:8080/v1/AUTH_e2c76e4d27554fd5a4f85cce208b136f/gnocchi.97b432a6-dfa0-480b-b6a7-a919af48417d/none_v3" "tx83c2e4bab73b42f99f390-0069295fb6" "proxy-server 20" 0.0122 "-" 24 0
Nov 28 08:39:18 np0005538510 proxy-server[125302]: 172.18.0.197 172.18.0.104 28/Nov/2025/08/39/18 PUT /v1/AUTH_e2c76e4d27554fd5a4f85cce208b136f/gnocchi.97b432a6-dfa0-480b-b6a7-a919af48417d/none_v3 HTTP/1.0 201 - python-swiftclient-3.11.1 gAAAAABpKV47sBxn... 32 - - tx83c2e4bab73b42f99f390-0069295fb6 - 0.0249 - - 1764319158.361795664 1764319158.386672735 0
Nov 28 08:39:18 np0005538510 container-server[123686]: 172.20.0.103 - - [28/Nov/2025:08:39:18 +0000] "HEAD /d1/293/AUTH_e2c76e4d27554fd5a4f85cce208b136f/gnocchi.cff1c426-26ad-4c2f-bbfb-cf7808f4ddba" 204 - "HEAD http://172.18.0.197:8080/v1/AUTH_e2c76e4d27554fd5a4f85cce208b136f/gnocchi.cff1c426-26ad-4c2f-bbfb-cf7808f4ddba?format=json&states=listing" "tx8b849a7a2a1e4139bd264-0069295fb6" "proxy-server 20" 0.0015 "-" 23 0
Nov 28 08:39:18 np0005538510 object-server[124032]: 172.20.0.103 - - [28/Nov/2025:08:39:18 +0000] "GET /d1/11/AUTH_e2c76e4d27554fd5a4f85cce208b136f/gnocchi.cff1c426-26ad-4c2f-bbfb-cf7808f4ddba/none_v3" 200 22 "GET http://172.18.0.197:8080/v1/AUTH_e2c76e4d27554fd5a4f85cce208b136f/gnocchi.cff1c426-26ad-4c2f-bbfb-cf7808f4ddba/none_v3" "tx8b849a7a2a1e4139bd264-0069295fb6" "proxy-server 20" 0.0019 "-" 25 0
Nov 28 08:39:18 np0005538510 proxy-server[125302]: 172.18.0.197 172.18.0.104 28/Nov/2025/08/39/18 GET /v1/AUTH_e2c76e4d27554fd5a4f85cce208b136f/gnocchi.cff1c426-26ad-4c2f-bbfb-cf7808f4ddba/none_v3 HTTP/1.0 200 - python-swiftclient-3.11.1 gAAAAABpKV47sBxn... - 22 - tx8b849a7a2a1e4139bd264-0069295fb6 - 0.0204 - - 1764319158.404712200 1764319158.425067186 0
Nov 28 08:39:18 np0005538510 proxy-server[125302]: 172.18.0.197 172.18.0.104 28/Nov/2025/08/39/18 GET /v1/AUTH_e2c76e4d27554fd5a4f85cce208b136f/gnocchi.cff1c426-26ad-4c2f-bbfb-cf7808f4ddba%3Fformat%3Djson%26states%3Dlisting HTTP/1.0 200 - python-swiftclient-3.11.1 gAAAAABpKV47sBxn... - 357 - txd2aad1c53e184cb889000-0069295fb6 - 0.0145 - - 1764319158.430504799 1764319158.445040464 0
Nov 28 08:39:18 np0005538510 proxy-server[125302]: 172.18.0.197 172.18.0.104 28/Nov/2025/08/39/18 GET /v1/AUTH_e2c76e4d27554fd5a4f85cce208b136f/gnocchi.cff1c426-26ad-4c2f-bbfb-cf7808f4ddba%3Fformat%3Djson%26marker%3Dnone_v3%26states%3Dlisting HTTP/1.0 200 - python-swiftclient-3.11.1 gAAAAABpKV47sBxn... - 2 - tx8c9809ec315a4f939c45c-0069295fb6 - 0.0140 - - 1764319158.448967695 1764319158.462982655 0
Nov 28 08:39:18 np0005538510 container-server[123641]: 172.20.0.104 - - [28/Nov/2025:08:39:18 +0000] "HEAD /d1/1006/AUTH_e2c76e4d27554fd5a4f85cce208b136f/gnocchi.a851009b-1bdc-4a6a-ab69-57b039cf6772" 204 - "HEAD http://172.18.0.197:8080/v1/AUTH_e2c76e4d27554fd5a4f85cce208b136f/gnocchi.a851009b-1bdc-4a6a-ab69-57b039cf6772?format=json&states=listing" "tx5d6f7ce0a3e0402ba8231-0069295fb6" "proxy-server 20" 0.0025 "-" 20 0
Nov 28 08:39:18 np0005538510 object-server[124029]: 172.20.0.103 - - [28/Nov/2025:08:39:18 +0000] "GET /d1/140/AUTH_e2c76e4d27554fd5a4f85cce208b136f/gnocchi.cff1c426-26ad-4c2f-bbfb-cf7808f4ddba/1763640000.0_rate%3Amean_300.0_v3" 404 70 "GET http://172.18.0.197:8080/v1/AUTH_e2c76e4d27554fd5a4f85cce208b136f/gnocchi.cff1c426-26ad-4c2f-bbfb-cf7808f4ddba/1763640000.0_rate%3Amean_300.0_v3" "tx25c95110b0584bc7964c2-0069295fb6" "proxy-server 20" 0.0005 "-" 24 0
Nov 28 08:39:18 np0005538510 container-server[123646]: 172.20.0.104 - - [28/Nov/2025:08:39:18 +0000] "GET /d1/1006/AUTH_e2c76e4d27554fd5a4f85cce208b136f/gnocchi.a851009b-1bdc-4a6a-ab69-57b039cf6772" 200 357 "GET http://172.18.0.197:8080/v1/AUTH_e2c76e4d27554fd5a4f85cce208b136f/gnocchi.a851009b-1bdc-4a6a-ab69-57b039cf6772?format=json&states=listing" "tx7fa9cf2eec9b4724a6e5e-0069295fb6" "proxy-server 20" 0.0043 "-" 21 0
Nov 28 08:39:18 np0005538510 proxy-server[125302]: 172.18.0.197 172.18.0.104 28/Nov/2025/08/39/18 GET /v1/AUTH_e2c76e4d27554fd5a4f85cce208b136f/gnocchi.cff1c426-26ad-4c2f-bbfb-cf7808f4ddba/1763640000.0_rate%253Amean_300.0_v3 HTTP/1.0 404 - python-swiftclient-3.11.1 gAAAAABpKV47sBxn... - 70 - tx25c95110b0584bc7964c2-0069295fb6 - 0.0225 - - 1764319158.468612194 1764319158.491112947 0
Nov 28 08:39:18 np0005538510 object-server[124029]: 172.20.0.104 - - [28/Nov/2025:08:39:18 +0000] "GET /d1/208/AUTH_e2c76e4d27554fd5a4f85cce208b136f/gnocchi.cff1c426-26ad-4c2f-bbfb-cf7808f4ddba/1763640000.0_mean_300.0_v3" 200 16 "GET http://172.18.0.197:8080/v1/AUTH_e2c76e4d27554fd5a4f85cce208b136f/gnocchi.cff1c426-26ad-4c2f-bbfb-cf7808f4ddba/1763640000.0_mean_300.0_v3" "tx68651efac60941af93ca4-0069295fb6" "proxy-server 20" 0.0010 "-" 24 0
Nov 28 08:39:18 np0005538510 proxy-server[125302]: 172.18.0.103 172.18.0.104 28/Nov/2025/08/39/18 GET /v1/AUTH_e2c76e4d27554fd5a4f85cce208b136f/gnocchi.a851009b-1bdc-4a6a-ab69-57b039cf6772%3Fformat%3Djson%26marker%3Dnone_v3%26states%3Dlisting HTTP/1.0 200 - python-swiftclient-3.11.1 gAAAAABpKV38a7pX... - 2 - tx3f69a8c1b1f8430aa3598-0069295fb6 - 0.0143 - - 1764319158.495476246 1764319158.509739637 0
Nov 28 08:39:18 np0005538510 object-server[124029]: 172.20.0.103 - - [28/Nov/2025:08:39:18 +0000] "GET /d1/976/AUTH_e2c76e4d27554fd5a4f85cce208b136f/gnocchi.a851009b-1bdc-4a6a-ab69-57b039cf6772/1763640000.0_rate%3Amean_300.0_v3" 404 70 "GET http://172.18.0.197:8080/v1/AUTH_e2c76e4d27554fd5a4f85cce208b136f/gnocchi.a851009b-1bdc-4a6a-ab69-57b039cf6772/1763640000.0_rate%3Amean_300.0_v3" "tx50e00d68cbb6449a82d26-0069295fb6" "proxy-server 20" 0.0003 "-" 24 0
Nov 28 08:39:18 np0005538510 container-server[123686]: 172.20.0.103 - - [28/Nov/2025:08:39:18 +0000] "PUT /d1/293/AUTH_e2c76e4d27554fd5a4f85cce208b136f/gnocchi.cff1c426-26ad-4c2f-bbfb-cf7808f4ddba/1763640000.0_rate%3Amean_300.0_v3" 201 - "PUT http://172.18.0.197:8080/d1/140/AUTH_e2c76e4d27554fd5a4f85cce208b136f/gnocchi.cff1c426-26ad-4c2f-bbfb-cf7808f4ddba/1763640000.0_rate%3Amean_300.0_v3" "txa5a2d2f1085c40d9bcf70-0069295fb6" "object-server 25" 0.0009 "-" 23 0
Nov 28 08:39:18 np0005538510 proxy-server[125302]: 172.18.0.103 172.18.0.104 28/Nov/2025/08/39/18 GET /v1/AUTH_e2c76e4d27554fd5a4f85cce208b136f/gnocchi.a851009b-1bdc-4a6a-ab69-57b039cf6772/1763640000.0_rate%253Amean_300.0_v3 HTTP/1.0 404 - python-swiftclient-3.11.1 gAAAAABpKV38a7pX... - 70 - tx50e00d68cbb6449a82d26-0069295fb6 - 0.0176 - - 1764319158.516044855 1764319158.533661127 0
Nov 28 08:39:18 np0005538510 object-server[124032]: 172.20.0.104 - - [28/Nov/2025:08:39:18 +0000] "PUT /d1/140/AUTH_e2c76e4d27554fd5a4f85cce208b136f/gnocchi.cff1c426-26ad-4c2f-bbfb-cf7808f4ddba/1763640000.0_rate%3Amean_300.0_v3" 201 - "PUT http://172.18.0.197:8080/v1/AUTH_e2c76e4d27554fd5a4f85cce208b136f/gnocchi.cff1c426-26ad-4c2f-bbfb-cf7808f4ddba/1763640000.0_rate%3Amean_300.0_v3" "txa5a2d2f1085c40d9bcf70-0069295fb6" "proxy-server 20" 0.0133 "-" 25 0
Nov 28 08:39:18 np0005538510 proxy-server[125302]: 172.18.0.103 172.18.0.104 28/Nov/2025/08/39/18 GET /v1/AUTH_e2c76e4d27554fd5a4f85cce208b136f/gnocchi.a851009b-1bdc-4a6a-ab69-57b039cf6772/1763640000.0_mean_300.0_v3 HTTP/1.0 200 - python-swiftclient-3.11.1 gAAAAABpKV38a7pX... - 16 - tx9f0fc06f362e4ac398c5a-0069295fb6 - 0.0094 - - 1764319158.538714647 1764319158.548139095 0
Nov 28 08:39:18 np0005538510 container-server[123686]: 172.20.0.105 - - [28/Nov/2025:08:39:18 +0000] "PUT /d1/293/AUTH_e2c76e4d27554fd5a4f85cce208b136f/gnocchi.cff1c426-26ad-4c2f-bbfb-cf7808f4ddba/1763640000.0_mean_300.0_v3" 201 - "PUT http://172.18.0.197:8080/d1/208/AUTH_e2c76e4d27554fd5a4f85cce208b136f/gnocchi.cff1c426-26ad-4c2f-bbfb-cf7808f4ddba/1763640000.0_mean_300.0_v3" "txb7e383c6f67043b4b964b-0069295fb6" "object-server 25" 0.0007 "-" 23 0
Nov 28 08:39:18 np0005538510 object-server[124013]: 172.20.0.104 - - [28/Nov/2025:08:39:18 +0000] "PUT /d1/208/AUTH_e2c76e4d27554fd5a4f85cce208b136f/gnocchi.cff1c426-26ad-4c2f-bbfb-cf7808f4ddba/1763640000.0_mean_300.0_v3" 201 - "PUT http://172.18.0.197:8080/v1/AUTH_e2c76e4d27554fd5a4f85cce208b136f/gnocchi.cff1c426-26ad-4c2f-bbfb-cf7808f4ddba/1763640000.0_mean_300.0_v3" "txb7e383c6f67043b4b964b-0069295fb6" "proxy-server 20" 0.0139 "-" 22 0
Nov 28 08:39:18 np0005538510 container-server[123646]: 172.20.0.103 - - [28/Nov/2025:08:39:18 +0000] "PUT /d1/1006/AUTH_e2c76e4d27554fd5a4f85cce208b136f/gnocchi.a851009b-1bdc-4a6a-ab69-57b039cf6772/1763640000.0_rate%3Amean_300.0_v3" 201 - "PUT http://172.18.0.197:8080/d1/976/AUTH_e2c76e4d27554fd5a4f85cce208b136f/gnocchi.a851009b-1bdc-4a6a-ab69-57b039cf6772/1763640000.0_rate%3Amean_300.0_v3" "txa8deacc6d2174549a6d5e-0069295fb6" "object-server 25" 0.0008 "-" 21 0
Nov 28 08:39:18 np0005538510 object-server[124032]: 172.20.0.103 - - [28/Nov/2025:08:39:18 +0000] "PUT /d1/976/AUTH_e2c76e4d27554fd5a4f85cce208b136f/gnocchi.a851009b-1bdc-4a6a-ab69-57b039cf6772/1763640000.0_rate%3Amean_300.0_v3" 201 - "PUT http://172.18.0.197:8080/v1/AUTH_e2c76e4d27554fd5a4f85cce208b136f/gnocchi.a851009b-1bdc-4a6a-ab69-57b039cf6772/1763640000.0_rate%3Amean_300.0_v3" "txa8deacc6d2174549a6d5e-0069295fb6" "proxy-server 20" 0.0119 "-" 25 0
Nov 28 08:39:18 np0005538510 proxy-server[125302]: 172.18.0.103 172.18.0.104 28/Nov/2025/08/39/18 PUT /v1/AUTH_e2c76e4d27554fd5a4f85cce208b136f/gnocchi.a851009b-1bdc-4a6a-ab69-57b039cf6772/1763640000.0_rate%253Amean_300.0_v3 HTTP/1.0 201 - python-swiftclient-3.11.1 gAAAAABpKV38a7pX... 16 - - txa8deacc6d2174549a6d5e-0069295fb6 - 0.0230 - - 1764319158.553471327 1764319158.576427221 0
Nov 28 08:39:18 np0005538510 container-server[123686]: 172.20.0.104 - - [28/Nov/2025:08:39:18 +0000] "PUT /d1/1006/AUTH_e2c76e4d27554fd5a4f85cce208b136f/gnocchi.a851009b-1bdc-4a6a-ab69-57b039cf6772/1763640000.0_mean_300.0_v3" 201 - "PUT http://172.18.0.197:8080/d1/205/AUTH_e2c76e4d27554fd5a4f85cce208b136f/gnocchi.a851009b-1bdc-4a6a-ab69-57b039cf6772/1763640000.0_mean_300.0_v3" "tx752583f65f474dd1adaa9-0069295fb6" "object-server 23" 0.0008 "-" 23 0
Nov 28 08:39:18 np0005538510 container-server[123646]: 172.20.0.105 - - [28/Nov/2025:08:39:18 +0000] "PUT /d1/293/AUTH_e2c76e4d27554fd5a4f85cce208b136f/gnocchi.cff1c426-26ad-4c2f-bbfb-cf7808f4ddba/none_v3" 201 - "PUT http://172.18.0.197:8080/d1/11/AUTH_e2c76e4d27554fd5a4f85cce208b136f/gnocchi.cff1c426-26ad-4c2f-bbfb-cf7808f4ddba/none_v3" "tx526291b6f79e4d5dbddd6-0069295fb6" "object-server 24" 0.0007 "-" 21 0
Nov 28 08:39:18 np0005538510 object-server[124013]: 172.20.0.103 - - [28/Nov/2025:08:39:18 +0000] "PUT /d1/205/AUTH_e2c76e4d27554fd5a4f85cce208b136f/gnocchi.a851009b-1bdc-4a6a-ab69-57b039cf6772/1763640000.0_mean_300.0_v3" 201 - "PUT http://172.18.0.197:8080/v1/AUTH_e2c76e4d27554fd5a4f85cce208b136f/gnocchi.a851009b-1bdc-4a6a-ab69-57b039cf6772/1763640000.0_mean_300.0_v3" "tx752583f65f474dd1adaa9-0069295fb6" "proxy-server 20" 0.0143 "-" 22 0
Nov 28 08:39:18 np0005538510 object-server[124016]: 172.20.0.104 - - [28/Nov/2025:08:39:18 +0000] "PUT /d1/11/AUTH_e2c76e4d27554fd5a4f85cce208b136f/gnocchi.cff1c426-26ad-4c2f-bbfb-cf7808f4ddba/none_v3" 201 - "PUT http://172.18.0.197:8080/v1/AUTH_e2c76e4d27554fd5a4f85cce208b136f/gnocchi.cff1c426-26ad-4c2f-bbfb-cf7808f4ddba/none_v3" "tx526291b6f79e4d5dbddd6-0069295fb6" "proxy-server 20" 0.0189 "-" 23 0
Nov 28 08:39:18 np0005538510 proxy-server[125302]: 172.18.0.103 172.18.0.104 28/Nov/2025/08/39/18 PUT /v1/AUTH_e2c76e4d27554fd5a4f85cce208b136f/gnocchi.a851009b-1bdc-4a6a-ab69-57b039cf6772/1763640000.0_mean_300.0_v3 HTTP/1.0 201 - python-swiftclient-3.11.1 gAAAAABpKV38a7pX... 24 - - tx752583f65f474dd1adaa9-0069295fb6 - 0.0254 - - 1764319158.581463337 1764319158.606896162 0
Nov 28 08:39:18 np0005538510 container-server[123678]: 172.20.0.104 - - [28/Nov/2025:08:39:18 +0000] "PUT /d1/1006/AUTH_e2c76e4d27554fd5a4f85cce208b136f/gnocchi.a851009b-1bdc-4a6a-ab69-57b039cf6772/none_v3" 201 - "PUT http://172.18.0.197:8080/d1/904/AUTH_e2c76e4d27554fd5a4f85cce208b136f/gnocchi.a851009b-1bdc-4a6a-ab69-57b039cf6772/none_v3" "tx7191484f579d4d60b6cfb-0069295fb6" "object-server 22" 0.0011 "-" 22 0
Nov 28 08:39:18 np0005538510 object-server[124013]: 172.20.0.103 - - [28/Nov/2025:08:39:18 +0000] "PUT /d1/904/AUTH_e2c76e4d27554fd5a4f85cce208b136f/gnocchi.a851009b-1bdc-4a6a-ab69-57b039cf6772/none_v3" 201 - "PUT http://172.18.0.197:8080/v1/AUTH_e2c76e4d27554fd5a4f85cce208b136f/gnocchi.a851009b-1bdc-4a6a-ab69-57b039cf6772/none_v3" "tx7191484f579d4d60b6cfb-0069295fb6" "proxy-server 20" 0.0133 "-" 22 0
Nov 28 08:39:18 np0005538510 proxy-server[125302]: 172.18.0.103 172.18.0.104 28/Nov/2025/08/39/18 PUT /v1/AUTH_e2c76e4d27554fd5a4f85cce208b136f/gnocchi.a851009b-1bdc-4a6a-ab69-57b039cf6772/none_v3 HTTP/1.0 201 - python-swiftclient-3.11.1 gAAAAABpKV38a7pX... 33 - - tx7191484f579d4d60b6cfb-0069295fb6 - 0.0272 - - 1764319158.612377644 1764319158.639575958 0
Nov 28 08:39:18 np0005538510 object-server[124029]: 172.20.0.104 - - [28/Nov/2025:08:39:18 +0000] "GET /d1/256/AUTH_e2c76e4d27554fd5a4f85cce208b136f/gnocchi.7b949dec-daa2-4106-9f8c-6beac0d84399/none_v3" 200 22 "GET http://172.18.0.197:8080/v1/AUTH_e2c76e4d27554fd5a4f85cce208b136f/gnocchi.7b949dec-daa2-4106-9f8c-6beac0d84399/none_v3" "tx90dc9f6394104399a9177-0069295fb6" "proxy-server 20" 0.0008 "-" 24 0
Nov 28 08:39:18 np0005538510 proxy-server[125302]: 172.18.0.197 172.18.0.104 28/Nov/2025/08/39/18 GET /v1/AUTH_e2c76e4d27554fd5a4f85cce208b136f/gnocchi.7b949dec-daa2-4106-9f8c-6beac0d84399%3Fformat%3Djson%26states%3Dlisting HTTP/1.0 200 - python-swiftclient-3.11.1 gAAAAABpKV47sBxn... - 357 - txea60bd6526934885ac820-0069295fb6 - 0.0115 - - 1764319158.662704229 1764319158.674253941 0
Nov 28 08:39:18 np0005538510 proxy-server[125302]: 172.18.0.103 172.18.0.104 28/Nov/2025/08/39/18 GET /v1/AUTH_e2c76e4d27554fd5a4f85cce208b136f/gnocchi.547cef1d-702d-4b82-8ce7-75fa4b1b728d/none_v3 HTTP/1.0 200 - python-swiftclient-3.11.1 gAAAAABpKV38a7pX... - 22 - tx4808296a109b43259850d-0069295fb6 - 0.0173 - - 1764319158.692693472 1764319158.709957361 0
Nov 28 08:39:18 np0005538510 container-server[123686]: 172.20.0.104 - - [28/Nov/2025:08:39:18 +0000] "GET /d1/196/AUTH_e2c76e4d27554fd5a4f85cce208b136f/gnocchi.547cef1d-702d-4b82-8ce7-75fa4b1b728d" 200 357 "GET http://172.18.0.197:8080/v1/AUTH_e2c76e4d27554fd5a4f85cce208b136f/gnocchi.547cef1d-702d-4b82-8ce7-75fa4b1b728d?format=json&states=listing" "txb45e5ba0f4054dae8ee3e-0069295fb6" "proxy-server 20" 0.0044 "-" 23 0
Nov 28 08:39:18 np0005538510 container-server[123678]: 172.20.0.103 - - [28/Nov/2025:08:39:18 +0000] "PUT /d1/253/AUTH_e2c76e4d27554fd5a4f85cce208b136f/gnocchi.7b949dec-daa2-4106-9f8c-6beac0d84399/1763640000.0_mean_300.0_v3" 201 - "PUT http://172.18.0.197:8080/d1/763/AUTH_e2c76e4d27554fd5a4f85cce208b136f/gnocchi.7b949dec-daa2-4106-9f8c-6beac0d84399/1763640000.0_mean_300.0_v3" "tx871b32c074d24464a979f-0069295fb6" "object-server 24" 0.0009 "-" 22 0
