Nov 28 08:33:08 np0005538510 container-server[123678]: 172.20.0.104 - - [28/Nov/2025:08:33:08 +0000] "PUT /d1/624/AUTH_e2c76e4d27554fd5a4f85cce208b136f/gnocchi.89b62a12-09d2-4687-8084-3119ec03eb4e/none_v3" 201 - "PUT http://172.18.0.197:8080/d1/118/AUTH_e2c76e4d27554fd5a4f85cce208b136f/gnocchi.89b62a12-09d2-4687-8084-3119ec03eb4e/none_v3" "tx5e30873003f04f2d931ba-0069295e44" "object-server 24" 0.0007 "-" 22 0
Nov 28 08:33:08 np0005538510 object-server[124013]: 172.20.0.105 - - [28/Nov/2025:08:33:08 +0000] "PUT /d1/118/AUTH_e2c76e4d27554fd5a4f85cce208b136f/gnocchi.89b62a12-09d2-4687-8084-3119ec03eb4e/none_v3" 201 - "PUT http://172.18.0.197:8080/v1/AUTH_e2c76e4d27554fd5a4f85cce208b136f/gnocchi.89b62a12-09d2-4687-8084-3119ec03eb4e/none_v3" "tx5e30873003f04f2d931ba-0069295e44" "proxy-server 20" 0.0127 "-" 22 0
Nov 28 08:33:08 np0005538510 container-server[123641]: 172.20.0.104 - - [28/Nov/2025:08:33:08 +0000] "PUT /d1/809/AUTH_e2c76e4d27554fd5a4f85cce208b136f/gnocchi.c9d3dc38-d6ca-4303-874e-2d884929bcf1/1763640000.0_mean_300.0_v3" 201 - "PUT http://172.18.0.197:8080/d1/54/AUTH_e2c76e4d27554fd5a4f85cce208b136f/gnocchi.c9d3dc38-d6ca-4303-874e-2d884929bcf1/1763640000.0_mean_300.0_v3" "tx3f1f3456c9b0418287d1c-0069295e44" "object-server 22" 0.0009 "-" 20 0
Nov 28 08:33:08 np0005538510 object-server[124032]: 172.20.0.104 - - [28/Nov/2025:08:33:08 +0000] "PUT /d1/54/AUTH_e2c76e4d27554fd5a4f85cce208b136f/gnocchi.c9d3dc38-d6ca-4303-874e-2d884929bcf1/1763640000.0_mean_300.0_v3" 201 - "PUT http://172.18.0.197:8080/v1/AUTH_e2c76e4d27554fd5a4f85cce208b136f/gnocchi.c9d3dc38-d6ca-4303-874e-2d884929bcf1/1763640000.0_mean_300.0_v3" "tx3f1f3456c9b0418287d1c-0069295e44" "proxy-server 20" 0.0121 "-" 25 0
Nov 28 08:33:08 np0005538510 container-server[123641]: 172.20.0.103 - - [28/Nov/2025:08:33:08 +0000] "HEAD /d1/435/AUTH_e2c76e4d27554fd5a4f85cce208b136f/gnocchi.69d3d9a4-7a71-4a7f-8b4d-76c40f05eacf" 404 - "HEAD http://172.18.0.197:8080/v1/AUTH_e2c76e4d27554fd5a4f85cce208b136f/gnocchi.69d3d9a4-7a71-4a7f-8b4d-76c40f05eacf?format=json&states=listing" "tx05f7cbe39d34452e86abb-0069295e44" "proxy-server 20" 0.0009 "-" 20 0
Nov 28 08:33:08 np0005538510 object-server[124016]: 172.20.0.103 - - [28/Nov/2025:08:33:08 +0000] "GET /d1/925/AUTH_e2c76e4d27554fd5a4f85cce208b136f/gnocchi.69d3d9a4-7a71-4a7f-8b4d-76c40f05eacf/none_v3" 404 70 "GET http://172.18.0.197:8080/v1/AUTH_e2c76e4d27554fd5a4f85cce208b136f/gnocchi.69d3d9a4-7a71-4a7f-8b4d-76c40f05eacf/none_v3" "tx05f7cbe39d34452e86abb-0069295e44" "proxy-server 20" 0.0002 "-" 23 0
Nov 28 08:33:08 np0005538510 proxy-server[125302]: 172.18.0.105 172.18.0.104 28/Nov/2025/08/33/08 GET /v1/AUTH_e2c76e4d27554fd5a4f85cce208b136f/gnocchi.69d3d9a4-7a71-4a7f-8b4d-76c40f05eacf/none_v3 HTTP/1.0 404 - python-swiftclient-3.11.1 gAAAAABpKV5EJeK-... - 70 - tx05f7cbe39d34452e86abb-0069295e44 - 0.0934 - - 1764318788.879407644 1764318788.972808123 0
Nov 28 08:33:08 np0005538510 container-server[123678]: 172.20.0.105 - - [28/Nov/2025:08:33:08 +0000] "PUT /d1/809/AUTH_e2c76e4d27554fd5a4f85cce208b136f/gnocchi.c9d3dc38-d6ca-4303-874e-2d884929bcf1/none_v3" 201 - "PUT http://172.18.0.197:8080/d1/271/AUTH_e2c76e4d27554fd5a4f85cce208b136f/gnocchi.c9d3dc38-d6ca-4303-874e-2d884929bcf1/none_v3" "tx5ea183a96a24427880ab4-0069295e44" "object-server 22" 0.0007 "-" 22 0
Nov 28 08:33:08 np0005538510 object-server[124016]: 172.20.0.105 - - [28/Nov/2025:08:33:08 +0000] "PUT /d1/271/AUTH_e2c76e4d27554fd5a4f85cce208b136f/gnocchi.c9d3dc38-d6ca-4303-874e-2d884929bcf1/none_v3" 201 - "PUT http://172.18.0.197:8080/v1/AUTH_e2c76e4d27554fd5a4f85cce208b136f/gnocchi.c9d3dc38-d6ca-4303-874e-2d884929bcf1/none_v3" "tx5ea183a96a24427880ab4-0069295e44" "proxy-server 20" 0.0132 "-" 23 0
Nov 28 08:33:09 np0005538510 account-server[123211]: 172.20.0.104 - - [28/Nov/2025:08:33:09 +0000] "PUT /d1/535/AUTH_e2c76e4d27554fd5a4f85cce208b136f/gnocchi.69d3d9a4-7a71-4a7f-8b4d-76c40f05eacf" 201 - "PUT http://172.20.0.104:6001/d1/435/AUTH_e2c76e4d27554fd5a4f85cce208b136f/gnocchi.69d3d9a4-7a71-4a7f-8b4d-76c40f05eacf" "tx5835ce5219114310bb1bd-0069295e44" "container-server 23" 0.0053 "-" 19 0
Nov 28 08:33:09 np0005538510 container-server[123678]: 172.20.0.104 - - [28/Nov/2025:08:33:09 +0000] "PUT /d1/435/AUTH_e2c76e4d27554fd5a4f85cce208b136f/gnocchi.69d3d9a4-7a71-4a7f-8b4d-76c40f05eacf" 201 - "PUT http://172.18.0.197:8080/v1/AUTH_e2c76e4d27554fd5a4f85cce208b136f/gnocchi.69d3d9a4-7a71-4a7f-8b4d-76c40f05eacf" "tx5835ce5219114310bb1bd-0069295e44" "proxy-server 20" 0.0194 "-" 22 0
Nov 28 08:33:09 np0005538510 proxy-server[125302]: - - 28/Nov/2025/08/33/09 HEAD /v1/AUTH_e2c76e4d27554fd5a4f85cce208b136f/gnocchi.69d3d9a4-7a71-4a7f-8b4d-76c40f05eacf%3Fformat%3Djson%26states%3Dlisting HTTP/1.0 204 - Swift - - - - tx6985ba24e5254d66a55d4-0069295e45 - 0.0077 RL - 1764318789.016967773 1764318789.024644375 0
Nov 28 08:33:09 np0005538510 proxy-server[125302]: 172.18.0.105 172.18.0.104 28/Nov/2025/08/33/09 GET /v1/AUTH_e2c76e4d27554fd5a4f85cce208b136f/gnocchi.69d3d9a4-7a71-4a7f-8b4d-76c40f05eacf%3Fformat%3Djson%26states%3Dlisting HTTP/1.0 200 - python-swiftclient-3.11.1 gAAAAABpKV5EJeK-... - 2 - tx6985ba24e5254d66a55d4-0069295e45 - 0.0201 - - 1764318789.015107870 1764318789.035226583 0
Nov 28 08:33:09 np0005538510 object-server[124029]: 172.20.0.105 - - [28/Nov/2025:08:33:09 +0000] "GET /d1/274/AUTH_e2c76e4d27554fd5a4f85cce208b136f/gnocchi.69d3d9a4-7a71-4a7f-8b4d-76c40f05eacf/1763640000.0_mean_300.0_v3" 404 70 "GET http://172.18.0.197:8080/v1/AUTH_e2c76e4d27554fd5a4f85cce208b136f/gnocchi.69d3d9a4-7a71-4a7f-8b4d-76c40f05eacf/1763640000.0_mean_300.0_v3" "tx44ba0bf703184011a71e4-0069295e45" "proxy-server 20" 0.0004 "-" 24 0
Nov 28 08:33:09 np0005538510 container-server[123678]: 172.20.0.104 - - [28/Nov/2025:08:33:09 +0000] "PUT /d1/435/AUTH_e2c76e4d27554fd5a4f85cce208b136f/gnocchi.69d3d9a4-7a71-4a7f-8b4d-76c40f05eacf/1763640000.0_mean_300.0_v3" 201 - "PUT http://172.18.0.197:8080/d1/274/AUTH_e2c76e4d27554fd5a4f85cce208b136f/gnocchi.69d3d9a4-7a71-4a7f-8b4d-76c40f05eacf/1763640000.0_mean_300.0_v3" "tx1ef9cade88b74576a06a3-0069295e45" "object-server 21" 0.0010 "-" 22 0
Nov 28 08:33:09 np0005538510 object-server[124032]: 172.20.0.104 - - [28/Nov/2025:08:33:09 +0000] "PUT /d1/274/AUTH_e2c76e4d27554fd5a4f85cce208b136f/gnocchi.69d3d9a4-7a71-4a7f-8b4d-76c40f05eacf/1763640000.0_mean_300.0_v3" 201 - "PUT http://172.18.0.197:8080/v1/AUTH_e2c76e4d27554fd5a4f85cce208b136f/gnocchi.69d3d9a4-7a71-4a7f-8b4d-76c40f05eacf/1763640000.0_mean_300.0_v3" "tx1ef9cade88b74576a06a3-0069295e45" "proxy-server 20" 0.0133 "-" 25 0
Nov 28 08:33:09 np0005538510 container-server[123641]: 172.20.0.105 - - [28/Nov/2025:08:33:09 +0000] "PUT /d1/435/AUTH_e2c76e4d27554fd5a4f85cce208b136f/gnocchi.69d3d9a4-7a71-4a7f-8b4d-76c40f05eacf/none_v3" 201 - "PUT http://172.18.0.197:8080/d1/925/AUTH_e2c76e4d27554fd5a4f85cce208b136f/gnocchi.69d3d9a4-7a71-4a7f-8b4d-76c40f05eacf/none_v3" "tx90c5b0fbafda4fb99c6da-0069295e45" "object-server 23" 0.0009 "-" 20 0
Nov 28 08:33:09 np0005538510 object-server[124032]: 172.20.0.103 - - [28/Nov/2025:08:33:09 +0000] "PUT /d1/925/AUTH_e2c76e4d27554fd5a4f85cce208b136f/gnocchi.69d3d9a4-7a71-4a7f-8b4d-76c40f05eacf/none_v3" 201 - "PUT http://172.18.0.197:8080/v1/AUTH_e2c76e4d27554fd5a4f85cce208b136f/gnocchi.69d3d9a4-7a71-4a7f-8b4d-76c40f05eacf/none_v3" "tx90c5b0fbafda4fb99c6da-0069295e45" "proxy-server 20" 0.0139 "-" 25 0
Nov 28 08:33:09 np0005538510 proxy-server[125302]: 172.18.0.105 172.18.0.104 28/Nov/2025/08/33/09 PUT /v1/AUTH_e2c76e4d27554fd5a4f85cce208b136f/gnocchi.69d3d9a4-7a71-4a7f-8b4d-76c40f05eacf/none_v3 HTTP/1.0 201 - python-swiftclient-3.11.1 gAAAAABpKV5EJeK-... 22 - - tx90c5b0fbafda4fb99c6da-0069295e45 - 0.0260 - - 1764318789.104590893 1764318789.130618334 0
Nov 28 08:33:14 np0005538510 account-server[122944]: Beginning replication run
Nov 28 08:33:14 np0005538510 account-server[122944]: Replication run OVER
Nov 28 08:33:14 np0005538510 account-server[122944]: Attempted to replicate 1 dbs in 0.04067 seconds (24.58799/s)
Nov 28 08:33:14 np0005538510 account-server[122944]: Removed 0 dbs
Nov 28 08:33:14 np0005538510 account-server[122944]: 2 successes, 0 failures
Nov 28 08:33:14 np0005538510 account-server[122944]: diff:0 diff_capped:0 empty:0 hashmatch:0 no_change:2 remote_merge:0 rsync:0 ts_repl:0
Nov 28 08:33:15 np0005538510 container-server[123247]: Beginning replication run
Nov 28 08:33:15 np0005538510 container-server[123247]: Replication run OVER
Nov 28 08:33:15 np0005538510 container-server[123247]: Attempted to replicate 8 dbs in 0.40051 seconds (19.97457/s)
Nov 28 08:33:15 np0005538510 container-server[123247]: Removed 0 dbs
Nov 28 08:33:15 np0005538510 container-server[123247]: 16 successes, 0 failures
Nov 28 08:33:15 np0005538510 container-server[123247]: diff:0 diff_capped:0 empty:0 hashmatch:0 no_change:16 remote_merge:0 rsync:0 ts_repl:0
Nov 28 08:33:28 np0005538510 object-server[123902]: Starting object replication pass.
Nov 28 08:33:28 np0005538510 object-server[123902]: 16/16 (100.00%) partitions replicated in 0.16s (99.10/sec, 0s remaining)
Nov 28 08:33:28 np0005538510 object-server[123902]: 32 successes, 0 failures
Nov 28 08:33:28 np0005538510 object-server[123902]: 16 suffixes checked - 0.00% hashed, 0.00% synced
Nov 28 08:33:28 np0005538510 object-server[123902]: Partition times: max 0.0150s, min 0.0069s, med 0.0090s
Nov 28 08:33:28 np0005538510 object-server[123902]: Object replication complete. (0.00 minutes)
Nov 28 08:33:30 np0005538510 object-server[217046]: Begin object audit "forever" mode (ZBF)
Nov 28 08:33:30 np0005538510 object-server[217046]: Object audit (ZBF). Since Fri Nov 28 08:33:30 2025: Locally: 1 passed, 0 quarantined, 0 errors, files/sec: 816.01, bytes/sec: 0.00, Total time: 0.00, Auditing time: 0.00, Rate: 0.00
Nov 28 08:33:30 np0005538510 object-server[217046]: Object audit (ZBF) "forever" mode completed: 0.28s. Total quarantined: 0, Total errors: 0, Total files/sec: 56.62, Total bytes/sec: 0.00, Auditing time: 0.28, Rate: 0.98
Nov 28 08:33:44 np0005538510 account-server[122944]: Beginning replication run
Nov 28 08:33:44 np0005538510 account-server[122944]: Replication run OVER
Nov 28 08:33:44 np0005538510 account-server[122944]: Attempted to replicate 1 dbs in 0.01893 seconds (52.82537/s)
Nov 28 08:33:44 np0005538510 account-server[122944]: Removed 0 dbs
Nov 28 08:33:44 np0005538510 account-server[122944]: 2 successes, 0 failures
Nov 28 08:33:44 np0005538510 account-server[122944]: diff:0 diff_capped:0 empty:0 hashmatch:0 no_change:2 remote_merge:0 rsync:0 ts_repl:0
Nov 28 08:33:45 np0005538510 container-server[123247]: Beginning replication run
Nov 28 08:33:45 np0005538510 container-server[123247]: Replication run OVER
Nov 28 08:33:45 np0005538510 container-server[123247]: Attempted to replicate 8 dbs in 0.14986 seconds (53.38324/s)
Nov 28 08:33:45 np0005538510 container-server[123247]: Removed 0 dbs
Nov 28 08:33:45 np0005538510 container-server[123247]: 16 successes, 0 failures
Nov 28 08:33:45 np0005538510 container-server[123247]: diff:0 diff_capped:0 empty:0 hashmatch:0 no_change:16 remote_merge:0 rsync:0 ts_repl:0
Nov 28 08:33:58 np0005538510 object-server[123902]: Starting object replication pass.
Nov 28 08:33:58 np0005538510 object-server[123902]: 16/16 (100.00%) partitions replicated in 0.16s (102.92/sec, 0s remaining)
Nov 28 08:33:58 np0005538510 object-server[123902]: 32 successes, 0 failures
Nov 28 08:33:58 np0005538510 object-server[123902]: 16 suffixes checked - 0.00% hashed, 0.00% synced
Nov 28 08:33:58 np0005538510 object-server[123902]: Partition times: max 0.0156s, min 0.0068s, med 0.0086s
Nov 28 08:33:58 np0005538510 object-server[123902]: Object replication complete. (0.00 minutes)
Nov 28 08:34:00 np0005538510 object-server[223103]: Begin object audit "forever" mode (ZBF)
Nov 28 08:34:00 np0005538510 object-server[223104]: Begin object audit "forever" mode (ALL)
Nov 28 08:34:00 np0005538510 object-server[223103]: Object audit (ZBF). Since Fri Nov 28 08:34:00 2025: Locally: 1 passed, 0 quarantined, 0 errors, files/sec: 611.41, bytes/sec: 0.00, Total time: 0.00, Auditing time: 0.00, Rate: 0.00
Nov 28 08:34:00 np0005538510 object-server[223104]: Object audit (ALL). Since Fri Nov 28 08:34:00 2025: Locally: 1 passed, 0 quarantined, 0 errors, files/sec: 114.22, bytes/sec: 1827.53, Total time: 0.01, Auditing time: 0.00, Rate: 0.00
Nov 28 08:34:01 np0005538510 object-server[223103]: Object audit (ZBF) "forever" mode completed: 0.28s. Total quarantined: 0, Total errors: 0, Total files/sec: 56.58, Total bytes/sec: 0.00, Auditing time: 0.28, Rate: 0.98
Nov 28 08:34:01 np0005538510 object-server[223104]: Object audit (ALL) "forever" mode completed: 0.71s. Total quarantined: 0, Total errors: 0, Total files/sec: 22.51, Total bytes/sec: 441.79, Auditing time: 0.70, Rate: 0.99
Nov 28 08:34:07 np0005538510 account-server[123222]: 172.20.0.105 - - [28/Nov/2025:08:34:07 +0000] "HEAD /d1/46/.expiring_objects" 404 - "HEAD http://localhost/v1/.expiring_objects?format=json" "txf68b74f2caf04dd695250-0069295e7f" "proxy-server 2" 0.0008 "-" 21 -
Nov 28 08:34:12 np0005538510 account-server[123211]: 172.20.0.104 - - [28/Nov/2025:08:34:12 +0000] "HEAD /d1/46/.expiring_objects" 404 - "HEAD http://localhost/v1/.expiring_objects?format=json" "txfa5e78c6b0e249d4a1fe1-0069295e84" "proxy-server 2" 0.0007 "-" 19 -
Nov 28 08:34:13 np0005538510 account-server[123222]: 172.20.0.103 - - [28/Nov/2025:08:34:13 +0000] "HEAD /d1/46/.expiring_objects" 404 - "HEAD http://localhost/v1/.expiring_objects?format=json" "tx68a64b62e1ed406b9c44b-0069295e85" "proxy-server 2" 0.0006 "-" 21 -
Nov 28 08:34:13 np0005538510 object-expirer[123626]: Pass completed in 0s; 0 objects expired (txn: tx68a64b62e1ed406b9c44b-0069295e85)
Nov 28 08:34:14 np0005538510 account-server[123221]: 172.20.0.105 - - [28/Nov/2025:08:34:14 +0000] "HEAD /d1/46/.expiring_objects" 404 - "HEAD http://localhost/v1/.expiring_objects?format=json" "txeaf98f235939432387308-0069295e86" "proxy-server 2" 0.0007 "-" 20 -
Nov 28 08:34:14 np0005538510 account-server[122944]: Beginning replication run
Nov 28 08:34:14 np0005538510 account-server[122944]: Replication run OVER
Nov 28 08:34:14 np0005538510 account-server[122944]: Attempted to replicate 1 dbs in 0.01683 seconds (59.41915/s)
Nov 28 08:34:14 np0005538510 account-server[122944]: Removed 0 dbs
Nov 28 08:34:14 np0005538510 account-server[122944]: 2 successes, 0 failures
Nov 28 08:34:14 np0005538510 account-server[122944]: diff:0 diff_capped:0 empty:0 hashmatch:0 no_change:2 remote_merge:0 rsync:0 ts_repl:0
Nov 28 08:34:15 np0005538510 container-server[123247]: Beginning replication run
Nov 28 08:34:15 np0005538510 container-server[123247]: Replication run OVER
Nov 28 08:34:15 np0005538510 container-server[123247]: Attempted to replicate 8 dbs in 0.15183 seconds (52.68941/s)
Nov 28 08:34:15 np0005538510 container-server[123247]: Removed 0 dbs
Nov 28 08:34:15 np0005538510 container-server[123247]: 16 successes, 0 failures
Nov 28 08:34:15 np0005538510 container-server[123247]: diff:0 diff_capped:0 empty:0 hashmatch:0 no_change:16 remote_merge:0 rsync:0 ts_repl:0
Nov 28 08:34:18 np0005538510 container-server[123646]: 172.20.0.104 - - [28/Nov/2025:08:34:18 +0000] "HEAD /d1/706/AUTH_e2c76e4d27554fd5a4f85cce208b136f/gnocchi.5fd37d51-d442-4b07-bbe5-080c2e3c0d32" 404 - "HEAD http://172.18.0.197:8080/v1/AUTH_e2c76e4d27554fd5a4f85cce208b136f/gnocchi.5fd37d51-d442-4b07-bbe5-080c2e3c0d32?format=json&states=listing" "tx64b06e4b9585499e82d4b-0069295e8a" "proxy-server 20" 0.0007 "-" 21 0
Nov 28 08:34:18 np0005538510 container-server[123641]: 172.20.0.105 - - [28/Nov/2025:08:34:18 +0000] "HEAD /d1/253/AUTH_e2c76e4d27554fd5a4f85cce208b136f/gnocchi.7b949dec-daa2-4106-9f8c-6beac0d84399" 404 - "HEAD http://172.18.0.197:8080/v1/AUTH_e2c76e4d27554fd5a4f85cce208b136f/gnocchi.7b949dec-daa2-4106-9f8c-6beac0d84399?format=json&states=listing" "txf6039a5a05f94f9e8a62a-0069295e8a" "proxy-server 20" 0.0005 "-" 20 0
Nov 28 08:34:18 np0005538510 object-server[124029]: 172.20.0.105 - - [28/Nov/2025:08:34:18 +0000] "GET /d1/256/AUTH_e2c76e4d27554fd5a4f85cce208b136f/gnocchi.7b949dec-daa2-4106-9f8c-6beac0d84399/none_v3" 404 70 "GET http://172.18.0.197:8080/v1/AUTH_e2c76e4d27554fd5a4f85cce208b136f/gnocchi.7b949dec-daa2-4106-9f8c-6beac0d84399/none_v3" "txf6039a5a05f94f9e8a62a-0069295e8a" "proxy-server 20" 0.0008 "-" 24 0
Nov 28 08:34:18 np0005538510 container-server[123641]: 172.20.0.103 - - [28/Nov/2025:08:34:18 +0000] "HEAD /d1/831/AUTH_e2c76e4d27554fd5a4f85cce208b136f/gnocchi.b05f6e18-f773-481a-b203-583bf99b214d" 404 - "HEAD http://172.18.0.197:8080/v1/AUTH_e2c76e4d27554fd5a4f85cce208b136f/gnocchi.b05f6e18-f773-481a-b203-583bf99b214d?format=json&states=listing" "tx163fb975d5eb4d539189f-0069295e8a" "proxy-server 20" 0.0004 "-" 20 0
Nov 28 08:34:18 np0005538510 object-server[124032]: 172.20.0.104 - - [28/Nov/2025:08:34:18 +0000] "GET /d1/158/AUTH_e2c76e4d27554fd5a4f85cce208b136f/gnocchi.5fd37d51-d442-4b07-bbe5-080c2e3c0d32/none_v3" 404 70 "GET http://172.18.0.197:8080/v1/AUTH_e2c76e4d27554fd5a4f85cce208b136f/gnocchi.5fd37d51-d442-4b07-bbe5-080c2e3c0d32/none_v3" "tx64b06e4b9585499e82d4b-0069295e8a" "proxy-server 20" 0.0006 "-" 25 0
Nov 28 08:34:18 np0005538510 object-server[124032]: 172.20.0.103 - - [28/Nov/2025:08:34:18 +0000] "GET /d1/689/AUTH_e2c76e4d27554fd5a4f85cce208b136f/gnocchi.b05f6e18-f773-481a-b203-583bf99b214d/none_v3" 404 70 "GET http://172.18.0.197:8080/v1/AUTH_e2c76e4d27554fd5a4f85cce208b136f/gnocchi.b05f6e18-f773-481a-b203-583bf99b214d/none_v3" "tx163fb975d5eb4d539189f-0069295e8a" "proxy-server 20" 0.0007 "-" 25 0
Nov 28 08:34:18 np0005538510 proxy-server[125302]: 172.18.0.105 172.18.0.104 28/Nov/2025/08/34/18 GET /v1/AUTH_e2c76e4d27554fd5a4f85cce208b136f/gnocchi.b05f6e18-f773-481a-b203-583bf99b214d/none_v3 HTTP/1.0 404 - python-swiftclient-3.11.1 gAAAAABpKV5EJeK-... - 70 - tx163fb975d5eb4d539189f-0069295e8a - 0.0305 - - 1764318858.619374990 1764318858.649888515 0
Nov 28 08:34:18 np0005538510 account-server[123222]: 172.20.0.104 - - [28/Nov/2025:08:34:18 +0000] "PUT /d1/535/AUTH_e2c76e4d27554fd5a4f85cce208b136f/gnocchi.5fd37d51-d442-4b07-bbe5-080c2e3c0d32" 201 - "PUT http://172.20.0.104:6001/d1/706/AUTH_e2c76e4d27554fd5a4f85cce208b136f/gnocchi.5fd37d51-d442-4b07-bbe5-080c2e3c0d32" "txe47571c513c842f4a06b9-0069295e8a" "container-server 23" 0.0024 "-" 21 0
Nov 28 08:34:18 np0005538510 account-server[123223]: 172.20.0.103 - - [28/Nov/2025:08:34:18 +0000] "PUT /d1/535/AUTH_e2c76e4d27554fd5a4f85cce208b136f/gnocchi.7b949dec-daa2-4106-9f8c-6beac0d84399" 201 - "PUT http://172.20.0.103:6001/d1/253/AUTH_e2c76e4d27554fd5a4f85cce208b136f/gnocchi.7b949dec-daa2-4106-9f8c-6beac0d84399" "tx63b8cb77e8564324a9b7f-0069295e8a" "container-server 22" 0.0065 "-" 22 0
Nov 28 08:34:18 np0005538510 container-server[123678]: 172.20.0.105 - - [28/Nov/2025:08:34:18 +0000] "PUT /d1/253/AUTH_e2c76e4d27554fd5a4f85cce208b136f/gnocchi.7b949dec-daa2-4106-9f8c-6beac0d84399" 201 - "PUT http://172.18.0.197:8080/v1/AUTH_e2c76e4d27554fd5a4f85cce208b136f/gnocchi.7b949dec-daa2-4106-9f8c-6beac0d84399" "tx63b8cb77e8564324a9b7f-0069295e8a" "proxy-server 20" 0.0187 "-" 22 0
Nov 28 08:34:18 np0005538510 account-server[123222]: 172.20.0.103 - - [28/Nov/2025:08:34:18 +0000] "PUT /d1/535/AUTH_e2c76e4d27554fd5a4f85cce208b136f/gnocchi.b05f6e18-f773-481a-b203-583bf99b214d" 201 - "PUT http://172.20.0.103:6001/d1/831/AUTH_e2c76e4d27554fd5a4f85cce208b136f/gnocchi.b05f6e18-f773-481a-b203-583bf99b214d" "txfe07f7bbab9b40aa89e04-0069295e8a" "container-server 21" 0.0170 "-" 21 0
Nov 28 08:34:18 np0005538510 container-server[123678]: 172.20.0.104 - - [28/Nov/2025:08:34:18 +0000] "PUT /d1/706/AUTH_e2c76e4d27554fd5a4f85cce208b136f/gnocchi.5fd37d51-d442-4b07-bbe5-080c2e3c0d32" 201 - "PUT http://172.18.0.197:8080/v1/AUTH_e2c76e4d27554fd5a4f85cce208b136f/gnocchi.5fd37d51-d442-4b07-bbe5-080c2e3c0d32" "txe47571c513c842f4a06b9-0069295e8a" "proxy-server 20" 0.0407 "-" 22 0
Nov 28 08:34:18 np0005538510 container-server[123646]: 172.20.0.103 - - [28/Nov/2025:08:34:18 +0000] "PUT /d1/831/AUTH_e2c76e4d27554fd5a4f85cce208b136f/gnocchi.b05f6e18-f773-481a-b203-583bf99b214d" 201 - "PUT http://172.18.0.197:8080/v1/AUTH_e2c76e4d27554fd5a4f85cce208b136f/gnocchi.b05f6e18-f773-481a-b203-583bf99b214d" "txfe07f7bbab9b40aa89e04-0069295e8a" "proxy-server 20" 0.0345 "-" 21 0
Nov 28 08:34:18 np0005538510 proxy-server[125302]: 172.18.0.105 172.18.0.104 28/Nov/2025/08/34/18 PUT /v1/AUTH_e2c76e4d27554fd5a4f85cce208b136f/gnocchi.b05f6e18-f773-481a-b203-583bf99b214d HTTP/1.0 201 - python-swiftclient-3.11.1 gAAAAABpKV5EJeK-... - - - txfe07f7bbab9b40aa89e04-0069295e8a - 0.0415 - - 1764318858.655604839 1764318858.697120905 0
Nov 28 08:34:18 np0005538510 container-server[123641]: 172.20.0.105 - - [28/Nov/2025:08:34:18 +0000] "GET /d1/253/AUTH_e2c76e4d27554fd5a4f85cce208b136f/gnocchi.7b949dec-daa2-4106-9f8c-6beac0d84399" 200 2 "GET http://172.18.0.197:8080/v1/AUTH_e2c76e4d27554fd5a4f85cce208b136f/gnocchi.7b949dec-daa2-4106-9f8c-6beac0d84399?format=json&states=listing" "tx5614604594c54c348afcc-0069295e8a" "proxy-server 20" 0.0023 "-" 20 0
Nov 28 08:34:18 np0005538510 proxy-server[125302]: - - 28/Nov/2025/08/34/18 HEAD /v1/AUTH_e2c76e4d27554fd5a4f85cce208b136f/gnocchi.b05f6e18-f773-481a-b203-583bf99b214d%3Fformat%3Djson%26states%3Dlisting HTTP/1.0 204 - Swift - - - - tx9d2ee2b264714d7392f2c-0069295e8a - 0.0105 RL - 1764318858.702954054 1764318858.713459015 0
Nov 28 08:34:18 np0005538510 container-server[123678]: 172.20.0.103 - - [28/Nov/2025:08:34:18 +0000] "GET /d1/831/AUTH_e2c76e4d27554fd5a4f85cce208b136f/gnocchi.b05f6e18-f773-481a-b203-583bf99b214d" 200 2 "GET http://172.18.0.197:8080/v1/AUTH_e2c76e4d27554fd5a4f85cce208b136f/gnocchi.b05f6e18-f773-481a-b203-583bf99b214d?format=json&states=listing" "tx9d2ee2b264714d7392f2c-0069295e8a" "proxy-server 20" 0.0033 "-" 22 0
Nov 28 08:34:18 np0005538510 proxy-server[125302]: 172.18.0.105 172.18.0.104 28/Nov/2025/08/34/18 GET /v1/AUTH_e2c76e4d27554fd5a4f85cce208b136f/gnocchi.b05f6e18-f773-481a-b203-583bf99b214d%3Fformat%3Djson%26states%3Dlisting HTTP/1.0 200 - python-swiftclient-3.11.1 gAAAAABpKV5EJeK-... - 2 - tx9d2ee2b264714d7392f2c-0069295e8a - 0.0241 - - 1764318858.701524973 1764318858.725654364 0
Nov 28 08:34:18 np0005538510 object-server[124032]: 172.20.0.105 - - [28/Nov/2025:08:34:18 +0000] "GET /d1/763/AUTH_e2c76e4d27554fd5a4f85cce208b136f/gnocchi.7b949dec-daa2-4106-9f8c-6beac0d84399/1763640000.0_mean_300.0_v3" 404 70 "GET http://172.18.0.197:8080/v1/AUTH_e2c76e4d27554fd5a4f85cce208b136f/gnocchi.7b949dec-daa2-4106-9f8c-6beac0d84399/1763640000.0_mean_300.0_v3" "txfeabf1f59bb04968b358d-0069295e8a" "proxy-server 20" 0.0006 "-" 25 0
Nov 28 08:34:18 np0005538510 object-server[124016]: 172.20.0.103 - - [28/Nov/2025:08:34:18 +0000] "GET /d1/482/AUTH_e2c76e4d27554fd5a4f85cce208b136f/gnocchi.b05f6e18-f773-481a-b203-583bf99b214d/1763640000.0_mean_300.0_v3" 404 70 "GET http://172.18.0.197:8080/v1/AUTH_e2c76e4d27554fd5a4f85cce208b136f/gnocchi.b05f6e18-f773-481a-b203-583bf99b214d/1763640000.0_mean_300.0_v3" "tx09261164103844f4acf1a-0069295e8a" "proxy-server 20" 0.0005 "-" 23 0
Nov 28 08:34:18 np0005538510 object-server[124016]: 172.20.0.104 - - [28/Nov/2025:08:34:18 +0000] "GET /d1/377/AUTH_e2c76e4d27554fd5a4f85cce208b136f/gnocchi.5fd37d51-d442-4b07-bbe5-080c2e3c0d32/1763640000.0_mean_300.0_v3" 404 70 "GET http://172.18.0.197:8080/v1/AUTH_e2c76e4d27554fd5a4f85cce208b136f/gnocchi.5fd37d51-d442-4b07-bbe5-080c2e3c0d32/1763640000.0_mean_300.0_v3" "tx48e14817d4de4546b3f9a-0069295e8a" "proxy-server 20" 0.0003 "-" 23 0
Nov 28 08:34:18 np0005538510 proxy-server[125302]: 172.18.0.105 172.18.0.104 28/Nov/2025/08/34/18 GET /v1/AUTH_e2c76e4d27554fd5a4f85cce208b136f/gnocchi.b05f6e18-f773-481a-b203-583bf99b214d/1763640000.0_mean_300.0_v3 HTTP/1.0 404 - python-swiftclient-3.11.1 gAAAAABpKV5EJeK-... - 70 - tx09261164103844f4acf1a-0069295e8a - 0.0155 - - 1764318858.729936361 1764318858.745471239 0
Nov 28 08:34:18 np0005538510 object-server[124013]: 172.20.0.105 - - [28/Nov/2025:08:34:18 +0000] "PUT /d1/763/AUTH_e2c76e4d27554fd5a4f85cce208b136f/gnocchi.7b949dec-daa2-4106-9f8c-6beac0d84399/1763640000.0_mean_300.0_v3" 201 - "PUT http://172.18.0.197:8080/v1/AUTH_e2c76e4d27554fd5a4f85cce208b136f/gnocchi.7b949dec-daa2-4106-9f8c-6beac0d84399/1763640000.0_mean_300.0_v3" "tx6bb720a93f8545ecaa524-0069295e8a" "proxy-server 20" 0.0121 "-" 22 0
Nov 28 08:34:18 np0005538510 container-server[123646]: 172.20.0.104 - - [28/Nov/2025:08:34:18 +0000] "PUT /d1/253/AUTH_e2c76e4d27554fd5a4f85cce208b136f/gnocchi.7b949dec-daa2-4106-9f8c-6beac0d84399/1763640000.0_mean_300.0_v3" 201 - "PUT http://172.18.0.197:8080/d1/763/AUTH_e2c76e4d27554fd5a4f85cce208b136f/gnocchi.7b949dec-daa2-4106-9f8c-6beac0d84399/1763640000.0_mean_300.0_v3" "tx6bb720a93f8545ecaa524-0069295e8a" "object-server 22" 0.0009 "-" 21 0
Nov 28 08:34:18 np0005538510 container-server[123641]: 172.20.0.103 - - [28/Nov/2025:08:34:18 +0000] "PUT /d1/706/AUTH_e2c76e4d27554fd5a4f85cce208b136f/gnocchi.5fd37d51-d442-4b07-bbe5-080c2e3c0d32/1763640000.0_mean_300.0_v3" 201 - "PUT http://172.18.0.197:8080/d1/377/AUTH_e2c76e4d27554fd5a4f85cce208b136f/gnocchi.5fd37d51-d442-4b07-bbe5-080c2e3c0d32/1763640000.0_mean_300.0_v3" "tx871905493ea34abcb81b4-0069295e8a" "object-server 24" 0.0009 "-" 20 0
Nov 28 08:34:18 np0005538510 object-server[124029]: 172.20.0.104 - - [28/Nov/2025:08:34:18 +0000] "PUT /d1/377/AUTH_e2c76e4d27554fd5a4f85cce208b136f/gnocchi.5fd37d51-d442-4b07-bbe5-080c2e3c0d32/1763640000.0_mean_300.0_v3" 201 - "PUT http://172.18.0.197:8080/v1/AUTH_e2c76e4d27554fd5a4f85cce208b136f/gnocchi.5fd37d51-d442-4b07-bbe5-080c2e3c0d32/1763640000.0_mean_300.0_v3" "tx871905493ea34abcb81b4-0069295e8a" "proxy-server 20" 0.0140 "-" 24 0
Nov 28 08:34:18 np0005538510 container-server[123641]: 172.20.0.104 - - [28/Nov/2025:08:34:18 +0000] "PUT /d1/831/AUTH_e2c76e4d27554fd5a4f85cce208b136f/gnocchi.b05f6e18-f773-481a-b203-583bf99b214d/1763640000.0_mean_300.0_v3" 201 - "PUT http://172.18.0.197:8080/d1/482/AUTH_e2c76e4d27554fd5a4f85cce208b136f/gnocchi.b05f6e18-f773-481a-b203-583bf99b214d/1763640000.0_mean_300.0_v3" "txa3e656cb596c4f7587022-0069295e8a" "object-server 22" 0.0007 "-" 20 0
Nov 28 08:34:18 np0005538510 object-server[124013]: 172.20.0.103 - - [28/Nov/2025:08:34:18 +0000] "PUT /d1/482/AUTH_e2c76e4d27554fd5a4f85cce208b136f/gnocchi.b05f6e18-f773-481a-b203-583bf99b214d/1763640000.0_mean_300.0_v3" 201 - "PUT http://172.18.0.197:8080/v1/AUTH_e2c76e4d27554fd5a4f85cce208b136f/gnocchi.b05f6e18-f773-481a-b203-583bf99b214d/1763640000.0_mean_300.0_v3" "txa3e656cb596c4f7587022-0069295e8a" "proxy-server 20" 0.0142 "-" 22 0
Nov 28 08:34:18 np0005538510 proxy-server[125302]: 172.18.0.105 172.18.0.104 28/Nov/2025/08/34/18 PUT /v1/AUTH_e2c76e4d27554fd5a4f85cce208b136f/gnocchi.b05f6e18-f773-481a-b203-583bf99b214d/1763640000.0_mean_300.0_v3 HTTP/1.0 201 - python-swiftclient-3.11.1 gAAAAABpKV5EJeK-... 16 - - txa3e656cb596c4f7587022-0069295e8a - 0.0223 - - 1764318858.750570774 1764318858.772820950 0
Nov 28 08:34:18 np0005538510 container-server[123646]: 172.20.0.105 - - [28/Nov/2025:08:34:18 +0000] "PUT /d1/253/AUTH_e2c76e4d27554fd5a4f85cce208b136f/gnocchi.7b949dec-daa2-4106-9f8c-6beac0d84399/none_v3" 201 - "PUT http://172.18.0.197:8080/d1/256/AUTH_e2c76e4d27554fd5a4f85cce208b136f/gnocchi.7b949dec-daa2-4106-9f8c-6beac0d84399/none_v3" "tx0b3db9081f894cc68bd24-0069295e8a" "object-server 25" 0.0008 "-" 21 0
Nov 28 08:34:18 np0005538510 container-server[123686]: 172.20.0.105 - - [28/Nov/2025:08:34:18 +0000] "PUT /d1/831/AUTH_e2c76e4d27554fd5a4f85cce208b136f/gnocchi.b05f6e18-f773-481a-b203-583bf99b214d/none_v3" 201 - "PUT http://172.18.0.197:8080/d1/689/AUTH_e2c76e4d27554fd5a4f85cce208b136f/gnocchi.b05f6e18-f773-481a-b203-583bf99b214d/none_v3" "tx2c1c9030c2e243c0a4fe0-0069295e8a" "object-server 25" 0.0009 "-" 23 0
Nov 28 08:34:18 np0005538510 container-server[123646]: 172.20.0.105 - - [28/Nov/2025:08:34:18 +0000] "PUT /d1/706/AUTH_e2c76e4d27554fd5a4f85cce208b136f/gnocchi.5fd37d51-d442-4b07-bbe5-080c2e3c0d32/none_v3" 201 - "PUT http://172.18.0.197:8080/d1/158/AUTH_e2c76e4d27554fd5a4f85cce208b136f/gnocchi.5fd37d51-d442-4b07-bbe5-080c2e3c0d32/none_v3" "tx22884b4fc5eb4c93a543e-0069295e8a" "object-server 24" 0.0007 "-" 21 0
Nov 28 08:34:18 np0005538510 object-server[124029]: 172.20.0.103 - - [28/Nov/2025:08:34:18 +0000] "PUT /d1/689/AUTH_e2c76e4d27554fd5a4f85cce208b136f/gnocchi.b05f6e18-f773-481a-b203-583bf99b214d/none_v3" 201 - "PUT http://172.18.0.197:8080/v1/AUTH_e2c76e4d27554fd5a4f85cce208b136f/gnocchi.b05f6e18-f773-481a-b203-583bf99b214d/none_v3" "tx2c1c9030c2e243c0a4fe0-0069295e8a" "proxy-server 20" 0.0171 "-" 24 0
Nov 28 08:34:18 np0005538510 proxy-server[125302]: 172.18.0.105 172.18.0.104 28/Nov/2025/08/34/18 PUT /v1/AUTH_e2c76e4d27554fd5a4f85cce208b136f/gnocchi.b05f6e18-f773-481a-b203-583bf99b214d/none_v3 HTTP/1.0 201 - python-swiftclient-3.11.1 gAAAAABpKV5EJeK-... 22 - - tx2c1c9030c2e243c0a4fe0-0069295e8a - 0.0244 - - 1764318858.776936293 1764318858.801318645 0
Nov 28 08:34:18 np0005538510 object-server[124029]: 172.20.0.105 - - [28/Nov/2025:08:34:18 +0000] "PUT /d1/256/AUTH_e2c76e4d27554fd5a4f85cce208b136f/gnocchi.7b949dec-daa2-4106-9f8c-6beac0d84399/none_v3" 201 - "PUT http://172.18.0.197:8080/v1/AUTH_e2c76e4d27554fd5a4f85cce208b136f/gnocchi.7b949dec-daa2-4106-9f8c-6beac0d84399/none_v3" "tx0b3db9081f894cc68bd24-0069295e8a" "proxy-server 20" 0.0236 "-" 24 0
Nov 28 08:34:18 np0005538510 object-server[124029]: 172.20.0.104 - - [28/Nov/2025:08:34:18 +0000] "PUT /d1/158/AUTH_e2c76e4d27554fd5a4f85cce208b136f/gnocchi.5fd37d51-d442-4b07-bbe5-080c2e3c0d32/none_v3" 201 - "PUT http://172.18.0.197:8080/v1/AUTH_e2c76e4d27554fd5a4f85cce208b136f/gnocchi.5fd37d51-d442-4b07-bbe5-080c2e3c0d32/none_v3" "tx22884b4fc5eb4c93a543e-0069295e8a" "proxy-server 20" 0.0197 "-" 24 0
Nov 28 08:34:18 np0005538510 container-server[123678]: 172.20.0.103 - - [28/Nov/2025:08:34:18 +0000] "HEAD /d1/160/AUTH_e2c76e4d27554fd5a4f85cce208b136f/gnocchi.cd6579fb-991d-4443-9aba-0b95219eb447" 404 - "HEAD http://172.18.0.197:8080/v1/AUTH_e2c76e4d27554fd5a4f85cce208b136f/gnocchi.cd6579fb-991d-4443-9aba-0b95219eb447?format=json&states=listing" "tx79db62bb217e4713abd26-0069295e8a" "proxy-server 20" 0.0006 "-" 22 0
Nov 28 08:34:18 np0005538510 container-server[123641]: 172.20.0.105 - - [28/Nov/2025:08:34:18 +0000] "HEAD /d1/293/AUTH_e2c76e4d27554fd5a4f85cce208b136f/gnocchi.cff1c426-26ad-4c2f-bbfb-cf7808f4ddba" 404 - "HEAD http://172.18.0.197:8080/v1/AUTH_e2c76e4d27554fd5a4f85cce208b136f/gnocchi.cff1c426-26ad-4c2f-bbfb-cf7808f4ddba?format=json&states=listing" "tx619487c9f338486f99b2c-0069295e8a" "proxy-server 20" 0.0006 "-" 20 0
Nov 28 08:34:18 np0005538510 object-server[124029]: 172.20.0.103 - - [28/Nov/2025:08:34:18 +0000] "GET /d1/29/AUTH_e2c76e4d27554fd5a4f85cce208b136f/gnocchi.cd6579fb-991d-4443-9aba-0b95219eb447/none_v3" 404 70 "GET http://172.18.0.197:8080/v1/AUTH_e2c76e4d27554fd5a4f85cce208b136f/gnocchi.cd6579fb-991d-4443-9aba-0b95219eb447/none_v3" "tx79db62bb217e4713abd26-0069295e8a" "proxy-server 20" 0.0004 "-" 24 0
Nov 28 08:34:18 np0005538510 object-server[124029]: 172.20.0.105 - - [28/Nov/2025:08:34:18 +0000] "GET /d1/11/AUTH_e2c76e4d27554fd5a4f85cce208b136f/gnocchi.cff1c426-26ad-4c2f-bbfb-cf7808f4ddba/none_v3" 404 70 "GET http://172.18.0.197:8080/v1/AUTH_e2c76e4d27554fd5a4f85cce208b136f/gnocchi.cff1c426-26ad-4c2f-bbfb-cf7808f4ddba/none_v3" "tx619487c9f338486f99b2c-0069295e8a" "proxy-server 20" 0.0003 "-" 24 0
Nov 28 08:34:18 np0005538510 container-server[123678]: 172.20.0.104 - - [28/Nov/2025:08:34:18 +0000] "HEAD /d1/572/AUTH_e2c76e4d27554fd5a4f85cce208b136f/gnocchi.59b94bd8-604d-4756-a0ea-d604c290d93c" 404 - "HEAD http://172.18.0.197:8080/v1/AUTH_e2c76e4d27554fd5a4f85cce208b136f/gnocchi.59b94bd8-604d-4756-a0ea-d604c290d93c?format=json&states=listing" "tx4146c5fe509e4699b5216-0069295e8a" "proxy-server 20" 0.0004 "-" 22 0
Nov 28 08:34:18 np0005538510 proxy-server[125302]: 172.18.0.103 172.18.0.104 28/Nov/2025/08/34/18 GET /v1/AUTH_e2c76e4d27554fd5a4f85cce208b136f/gnocchi.cd6579fb-991d-4443-9aba-0b95219eb447/none_v3 HTTP/1.0 404 - python-swiftclient-3.11.1 gAAAAABpKV38a7pX... - 70 - tx79db62bb217e4713abd26-0069295e8a - 0.0327 - - 1764318858.823396921 1764318858.856131554 0
Nov 28 08:34:18 np0005538510 object-server[124016]: 172.20.0.104 - - [28/Nov/2025:08:34:18 +0000] "GET /d1/933/AUTH_e2c76e4d27554fd5a4f85cce208b136f/gnocchi.59b94bd8-604d-4756-a0ea-d604c290d93c/none_v3" 404 70 "GET http://172.18.0.197:8080/v1/AUTH_e2c76e4d27554fd5a4f85cce208b136f/gnocchi.59b94bd8-604d-4756-a0ea-d604c290d93c/none_v3" "tx4146c5fe509e4699b5216-0069295e8a" "proxy-server 20" 0.0007 "-" 23 0
Nov 28 08:34:18 np0005538510 container-server[123646]: 172.20.0.103 - - [28/Nov/2025:08:34:18 +0000] "PUT /d1/160/AUTH_e2c76e4d27554fd5a4f85cce208b136f/gnocchi.cd6579fb-991d-4443-9aba-0b95219eb447" 201 - "PUT http://172.18.0.197:8080/v1/AUTH_e2c76e4d27554fd5a4f85cce208b136f/gnocchi.cd6579fb-991d-4443-9aba-0b95219eb447" "tx9904036febeb405189bd0-0069295e8a" "proxy-server 20" 0.0194 "-" 21 0
Nov 28 08:34:18 np0005538510 account-server[123211]: 172.20.0.104 - - [28/Nov/2025:08:34:18 +0000] "PUT /d1/535/AUTH_e2c76e4d27554fd5a4f85cce208b136f/gnocchi.cff1c426-26ad-4c2f-bbfb-cf7808f4ddba" 201 - "PUT http://172.20.0.104:6001/d1/293/AUTH_e2c76e4d27554fd5a4f85cce208b136f/gnocchi.cff1c426-26ad-4c2f-bbfb-cf7808f4ddba" "txc9aafd5852934faa8a7e0-0069295e8a" "container-server 22" 0.0074 "-" 19 0
Nov 28 08:34:18 np0005538510 container-server[123641]: 172.20.0.105 - - [28/Nov/2025:08:34:18 +0000] "PUT /d1/293/AUTH_e2c76e4d27554fd5a4f85cce208b136f/gnocchi.cff1c426-26ad-4c2f-bbfb-cf7808f4ddba" 201 - "PUT http://172.18.0.197:8080/v1/AUTH_e2c76e4d27554fd5a4f85cce208b136f/gnocchi.cff1c426-26ad-4c2f-bbfb-cf7808f4ddba" "txc9aafd5852934faa8a7e0-0069295e8a" "proxy-server 20" 0.0250 "-" 20 0
Nov 28 08:34:18 np0005538510 account-server[123223]: 172.20.0.105 - - [28/Nov/2025:08:34:18 +0000] "PUT /d1/535/AUTH_e2c76e4d27554fd5a4f85cce208b136f/gnocchi.cd6579fb-991d-4443-9aba-0b95219eb447" 201 - "PUT http://172.20.0.105:6001/d1/160/AUTH_e2c76e4d27554fd5a4f85cce208b136f/gnocchi.cd6579fb-991d-4443-9aba-0b95219eb447" "tx9904036febeb405189bd0-0069295e8a" "container-server 22" 0.0161 "-" 22 0
Nov 28 08:34:18 np0005538510 proxy-server[125302]: 172.18.0.103 172.18.0.104 28/Nov/2025/08/34/18 PUT /v1/AUTH_e2c76e4d27554fd5a4f85cce208b136f/gnocchi.cd6579fb-991d-4443-9aba-0b95219eb447 HTTP/1.0 201 - python-swiftclient-3.11.1 gAAAAABpKV38a7pX... - - - tx9904036febeb405189bd0-0069295e8a - 0.0511 - - 1764318858.860506058 1764318858.911579609 0
Nov 28 08:34:18 np0005538510 container-server[123686]: 172.20.0.104 - - [28/Nov/2025:08:34:18 +0000] "PUT /d1/572/AUTH_e2c76e4d27554fd5a4f85cce208b136f/gnocchi.59b94bd8-604d-4756-a0ea-d604c290d93c" 201 - "PUT http://172.18.0.197:8080/v1/AUTH_e2c76e4d27554fd5a4f85cce208b136f/gnocchi.59b94bd8-604d-4756-a0ea-d604c290d93c" "tx415460766add413593e65-0069295e8a" "proxy-server 20" 0.0305 "-" 23 0
Nov 28 08:34:18 np0005538510 container-server[123641]: 172.20.0.105 - - [28/Nov/2025:08:34:18 +0000] "HEAD /d1/293/AUTH_e2c76e4d27554fd5a4f85cce208b136f/gnocchi.cff1c426-26ad-4c2f-bbfb-cf7808f4ddba" 204 - "HEAD http://172.18.0.197:8080/v1/AUTH_e2c76e4d27554fd5a4f85cce208b136f/gnocchi.cff1c426-26ad-4c2f-bbfb-cf7808f4ddba?format=json&states=listing" "tx04a2511667ec4ac484550-0069295e8a" "proxy-server 20" 0.0022 "-" 20 0
Nov 28 08:34:18 np0005538510 account-server[123221]: 172.20.0.105 - - [28/Nov/2025:08:34:18 +0000] "PUT /d1/535/AUTH_e2c76e4d27554fd5a4f85cce208b136f/gnocchi.59b94bd8-604d-4756-a0ea-d604c290d93c" 201 - "PUT http://172.20.0.105:6001/d1/572/AUTH_e2c76e4d27554fd5a4f85cce208b136f/gnocchi.59b94bd8-604d-4756-a0ea-d604c290d93c" "tx415460766add413593e65-0069295e8a" "container-server 19" 0.0220 "-" 20 0
Nov 28 08:34:18 np0005538510 proxy-server[125302]: - - 28/Nov/2025/08/34/18 HEAD /v1/AUTH_e2c76e4d27554fd5a4f85cce208b136f/gnocchi.cd6579fb-991d-4443-9aba-0b95219eb447%3Fformat%3Djson%26states%3Dlisting HTTP/1.0 204 - Swift - - - - tx5a4e72f18d784734a4f7d-0069295e8a - 0.0069 RL - 1764318858.922493458 1764318858.929374218 0
Nov 28 08:34:18 np0005538510 proxy-server[125302]: 172.18.0.103 172.18.0.104 28/Nov/2025/08/34/18 GET /v1/AUTH_e2c76e4d27554fd5a4f85cce208b136f/gnocchi.cd6579fb-991d-4443-9aba-0b95219eb447%3Fformat%3Djson%26states%3Dlisting HTTP/1.0 200 - python-swiftclient-3.11.1 gAAAAABpKV38a7pX... - 2 - tx5a4e72f18d784734a4f7d-0069295e8a - 0.0254 - - 1764318858.920306683 1764318858.945668697 0
Nov 28 08:34:18 np0005538510 object-server[124032]: 172.20.0.105 - - [28/Nov/2025:08:34:18 +0000] "GET /d1/208/AUTH_e2c76e4d27554fd5a4f85cce208b136f/gnocchi.cff1c426-26ad-4c2f-bbfb-cf7808f4ddba/1763640000.0_mean_300.0_v3" 404 70 "GET http://172.18.0.197:8080/v1/AUTH_e2c76e4d27554fd5a4f85cce208b136f/gnocchi.cff1c426-26ad-4c2f-bbfb-cf7808f4ddba/1763640000.0_mean_300.0_v3" "tx2be658845a614dcd95cb2-0069295e8a" "proxy-server 20" 0.0006 "-" 25 0
Nov 28 08:34:18 np0005538510 object-server[124013]: 172.20.0.103 - - [28/Nov/2025:08:34:18 +0000] "GET /d1/31/AUTH_e2c76e4d27554fd5a4f85cce208b136f/gnocchi.cd6579fb-991d-4443-9aba-0b95219eb447/1763640000.0_mean_300.0_v3" 404 70 "GET http://172.18.0.197:8080/v1/AUTH_e2c76e4d27554fd5a4f85cce208b136f/gnocchi.cd6579fb-991d-4443-9aba-0b95219eb447/1763640000.0_mean_300.0_v3" "tx8e3b4c62f8e34a459a8b4-0069295e8a" "proxy-server 20" 0.0007 "-" 22 0
Nov 28 08:34:18 np0005538510 proxy-server[125302]: 172.18.0.103 172.18.0.104 28/Nov/2025/08/34/18 GET /v1/AUTH_e2c76e4d27554fd5a4f85cce208b136f/gnocchi.cd6579fb-991d-4443-9aba-0b95219eb447/1763640000.0_mean_300.0_v3 HTTP/1.0 404 - python-swiftclient-3.11.1 gAAAAABpKV38a7pX... - 70 - tx8e3b4c62f8e34a459a8b4-0069295e8a - 0.0199 - - 1764318858.952421665 1764318858.972340822 0
Nov 28 08:34:18 np0005538510 container-server[123641]: 172.20.0.103 - - [28/Nov/2025:08:34:18 +0000] "PUT /d1/293/AUTH_e2c76e4d27554fd5a4f85cce208b136f/gnocchi.cff1c426-26ad-4c2f-bbfb-cf7808f4ddba/1763640000.0_mean_300.0_v3" 201 - "PUT http://172.18.0.197:8080/d1/208/AUTH_e2c76e4d27554fd5a4f85cce208b136f/gnocchi.cff1c426-26ad-4c2f-bbfb-cf7808f4ddba/1763640000.0_mean_300.0_v3" "tx090a035f461b4e9f89d23-0069295e8a" "object-server 22" 0.0010 "-" 20 0
Nov 28 08:34:18 np0005538510 object-server[124013]: 172.20.0.105 - - [28/Nov/2025:08:34:18 +0000] "PUT /d1/208/AUTH_e2c76e4d27554fd5a4f85cce208b136f/gnocchi.cff1c426-26ad-4c2f-bbfb-cf7808f4ddba/1763640000.0_mean_300.0_v3" 201 - "PUT http://172.18.0.197:8080/v1/AUTH_e2c76e4d27554fd5a4f85cce208b136f/gnocchi.cff1c426-26ad-4c2f-bbfb-cf7808f4ddba/1763640000.0_mean_300.0_v3" "tx090a035f461b4e9f89d23-0069295e8a" "proxy-server 20" 0.0123 "-" 22 0
Nov 28 08:34:18 np0005538510 object-server[124016]: 172.20.0.104 - - [28/Nov/2025:08:34:18 +0000] "GET /d1/308/AUTH_e2c76e4d27554fd5a4f85cce208b136f/gnocchi.59b94bd8-604d-4756-a0ea-d604c290d93c/1763640000.0_mean_300.0_v3" 404 70 "GET http://172.18.0.197:8080/v1/AUTH_e2c76e4d27554fd5a4f85cce208b136f/gnocchi.59b94bd8-604d-4756-a0ea-d604c290d93c/1763640000.0_mean_300.0_v3" "txee62080eac204d1ca870a-0069295e8a" "proxy-server 20" 0.0005 "-" 23 0
Nov 28 08:34:19 np0005538510 container-server[123646]: 172.20.0.105 - - [28/Nov/2025:08:34:19 +0000] "PUT /d1/160/AUTH_e2c76e4d27554fd5a4f85cce208b136f/gnocchi.cd6579fb-991d-4443-9aba-0b95219eb447/1763640000.0_mean_300.0_v3" 201 - "PUT http://172.18.0.197:8080/d1/31/AUTH_e2c76e4d27554fd5a4f85cce208b136f/gnocchi.cd6579fb-991d-4443-9aba-0b95219eb447/1763640000.0_mean_300.0_v3" "tx0b4a2d1dc40c4f2388abc-0069295e8a" "object-server 23" 0.0009 "-" 21 0
Nov 28 08:34:19 np0005538510 object-server[124032]: 172.20.0.103 - - [28/Nov/2025:08:34:19 +0000] "PUT /d1/31/AUTH_e2c76e4d27554fd5a4f85cce208b136f/gnocchi.cd6579fb-991d-4443-9aba-0b95219eb447/1763640000.0_mean_300.0_v3" 201 - "PUT http://172.18.0.197:8080/v1/AUTH_e2c76e4d27554fd5a4f85cce208b136f/gnocchi.cd6579fb-991d-4443-9aba-0b95219eb447/1763640000.0_mean_300.0_v3" "tx0b4a2d1dc40c4f2388abc-0069295e8a" "proxy-server 20" 0.0161 "-" 25 0
Nov 28 08:34:19 np0005538510 proxy-server[125302]: 172.18.0.103 172.18.0.104 28/Nov/2025/08/34/19 PUT /v1/AUTH_e2c76e4d27554fd5a4f85cce208b136f/gnocchi.cd6579fb-991d-4443-9aba-0b95219eb447/1763640000.0_mean_300.0_v3 HTTP/1.0 201 - python-swiftclient-3.11.1 gAAAAABpKV38a7pX... 16 - - tx0b4a2d1dc40c4f2388abc-0069295e8a - 0.0306 - - 1764318858.977823973 1764318859.008381367 0
Nov 28 08:34:19 np0005538510 container-server[123646]: 172.20.0.103 - - [28/Nov/2025:08:34:19 +0000] "PUT /d1/293/AUTH_e2c76e4d27554fd5a4f85cce208b136f/gnocchi.cff1c426-26ad-4c2f-bbfb-cf7808f4ddba/none_v3" 201 - "PUT http://172.18.0.197:8080/d1/11/AUTH_e2c76e4d27554fd5a4f85cce208b136f/gnocchi.cff1c426-26ad-4c2f-bbfb-cf7808f4ddba/none_v3" "txe082ac2a02ad4312b4a31-0069295e8b" "object-server 23" 0.0006 "-" 21 0
Nov 28 08:34:19 np0005538510 object-server[124016]: 172.20.0.105 - - [28/Nov/2025:08:34:19 +0000] "PUT /d1/11/AUTH_e2c76e4d27554fd5a4f85cce208b136f/gnocchi.cff1c426-26ad-4c2f-bbfb-cf7808f4ddba/none_v3" 201 - "PUT http://172.18.0.197:8080/v1/AUTH_e2c76e4d27554fd5a4f85cce208b136f/gnocchi.cff1c426-26ad-4c2f-bbfb-cf7808f4ddba/none_v3" "txe082ac2a02ad4312b4a31-0069295e8b" "proxy-server 20" 0.0119 "-" 23 0
Nov 28 08:34:19 np0005538510 container-server[123686]: 172.20.0.104 - - [28/Nov/2025:08:34:19 +0000] "PUT /d1/572/AUTH_e2c76e4d27554fd5a4f85cce208b136f/gnocchi.59b94bd8-604d-4756-a0ea-d604c290d93c/1763640000.0_mean_300.0_v3" 201 - "PUT http://172.18.0.197:8080/d1/308/AUTH_e2c76e4d27554fd5a4f85cce208b136f/gnocchi.59b94bd8-604d-4756-a0ea-d604c290d93c/1763640000.0_mean_300.0_v3" "tx28968bbf1cb64b0a834d4-0069295e8a" "object-server 22" 0.0008 "-" 23 0
Nov 28 08:34:19 np0005538510 object-server[124016]: 172.20.0.104 - - [28/Nov/2025:08:34:19 +0000] "PUT /d1/308/AUTH_e2c76e4d27554fd5a4f85cce208b136f/gnocchi.59b94bd8-604d-4756-a0ea-d604c290d93c/1763640000.0_mean_300.0_v3" 201 - "PUT http://172.18.0.197:8080/v1/AUTH_e2c76e4d27554fd5a4f85cce208b136f/gnocchi.59b94bd8-604d-4756-a0ea-d604c290d93c/1763640000.0_mean_300.0_v3" "tx28968bbf1cb64b0a834d4-0069295e8a" "proxy-server 20" 0.0200 "-" 23 0
Nov 28 08:34:19 np0005538510 container-server[123686]: 172.20.0.105 - - [28/Nov/2025:08:34:19 +0000] "PUT /d1/160/AUTH_e2c76e4d27554fd5a4f85cce208b136f/gnocchi.cd6579fb-991d-4443-9aba-0b95219eb447/none_v3" 201 - "PUT http://172.18.0.197:8080/d1/29/AUTH_e2c76e4d27554fd5a4f85cce208b136f/gnocchi.cd6579fb-991d-4443-9aba-0b95219eb447/none_v3" "tx44f9e944dc174b8e984ea-0069295e8b" "object-server 24" 0.0006 "-" 23 0
Nov 28 08:34:19 np0005538510 object-server[124016]: 172.20.0.103 - - [28/Nov/2025:08:34:19 +0000] "PUT /d1/29/AUTH_e2c76e4d27554fd5a4f85cce208b136f/gnocchi.cd6579fb-991d-4443-9aba-0b95219eb447/none_v3" 201 - "PUT http://172.18.0.197:8080/v1/AUTH_e2c76e4d27554fd5a4f85cce208b136f/gnocchi.cd6579fb-991d-4443-9aba-0b95219eb447/none_v3" "tx44f9e944dc174b8e984ea-0069295e8b" "proxy-server 20" 0.0163 "-" 23 0
Nov 28 08:34:19 np0005538510 proxy-server[125302]: 172.18.0.103 172.18.0.104 28/Nov/2025/08/34/19 PUT /v1/AUTH_e2c76e4d27554fd5a4f85cce208b136f/gnocchi.cd6579fb-991d-4443-9aba-0b95219eb447/none_v3 HTTP/1.0 201 - python-swiftclient-3.11.1 gAAAAABpKV38a7pX... 22 - - tx44f9e944dc174b8e984ea-0069295e8b - 0.0268 - - 1764318859.013306856 1764318859.040107250 0
Nov 28 08:34:19 np0005538510 container-server[123646]: 172.20.0.105 - - [28/Nov/2025:08:34:19 +0000] "HEAD /d1/196/AUTH_e2c76e4d27554fd5a4f85cce208b136f/gnocchi.547cef1d-702d-4b82-8ce7-75fa4b1b728d" 404 - "HEAD http://172.18.0.197:8080/v1/AUTH_e2c76e4d27554fd5a4f85cce208b136f/gnocchi.547cef1d-702d-4b82-8ce7-75fa4b1b728d?format=json&states=listing" "tx9231c53d9eac4022962fa-0069295e8b" "proxy-server 20" 0.0005 "-" 21 0
Nov 28 08:34:19 np0005538510 container-server[123641]: 172.20.0.103 - - [28/Nov/2025:08:34:19 +0000] "PUT /d1/572/AUTH_e2c76e4d27554fd5a4f85cce208b136f/gnocchi.59b94bd8-604d-4756-a0ea-d604c290d93c/none_v3" 201 - "PUT http://172.18.0.197:8080/d1/933/AUTH_e2c76e4d27554fd5a4f85cce208b136f/gnocchi.59b94bd8-604d-4756-a0ea-d604c290d93c/none_v3" "tx7c022f7b3b8b4e258bf65-0069295e8b" "object-server 22" 0.0014 "-" 20 0
Nov 28 08:34:19 np0005538510 object-server[124013]: 172.20.0.105 - - [28/Nov/2025:08:34:19 +0000] "GET /d1/760/AUTH_e2c76e4d27554fd5a4f85cce208b136f/gnocchi.547cef1d-702d-4b82-8ce7-75fa4b1b728d/none_v3" 404 70 "GET http://172.18.0.197:8080/v1/AUTH_e2c76e4d27554fd5a4f85cce208b136f/gnocchi.547cef1d-702d-4b82-8ce7-75fa4b1b728d/none_v3" "tx9231c53d9eac4022962fa-0069295e8b" "proxy-server 20" 0.0007 "-" 22 0
Nov 28 08:34:19 np0005538510 container-server[123686]: 172.20.0.103 - - [28/Nov/2025:08:34:19 +0000] "HEAD /d1/298/AUTH_e2c76e4d27554fd5a4f85cce208b136f/gnocchi.19ba5cf6-206e-46fa-82bd-912eb11d504b" 404 - "HEAD http://172.18.0.197:8080/v1/AUTH_e2c76e4d27554fd5a4f85cce208b136f/gnocchi.19ba5cf6-206e-46fa-82bd-912eb11d504b?format=json&states=listing" "tx4cefac05a4754593a7d68-0069295e8b" "proxy-server 20" 0.0005 "-" 23 0
Nov 28 08:34:19 np0005538510 object-server[124013]: 172.20.0.104 - - [28/Nov/2025:08:34:19 +0000] "PUT /d1/933/AUTH_e2c76e4d27554fd5a4f85cce208b136f/gnocchi.59b94bd8-604d-4756-a0ea-d604c290d93c/none_v3" 201 - "PUT http://172.18.0.197:8080/v1/AUTH_e2c76e4d27554fd5a4f85cce208b136f/gnocchi.59b94bd8-604d-4756-a0ea-d604c290d93c/none_v3" "tx7c022f7b3b8b4e258bf65-0069295e8b" "proxy-server 20" 0.0176 "-" 22 0
Nov 28 08:34:19 np0005538510 object-server[124013]: 172.20.0.103 - - [28/Nov/2025:08:34:19 +0000] "GET /d1/231/AUTH_e2c76e4d27554fd5a4f85cce208b136f/gnocchi.19ba5cf6-206e-46fa-82bd-912eb11d504b/none_v3" 404 70 "GET http://172.18.0.197:8080/v1/AUTH_e2c76e4d27554fd5a4f85cce208b136f/gnocchi.19ba5cf6-206e-46fa-82bd-912eb11d504b/none_v3" "tx4cefac05a4754593a7d68-0069295e8b" "proxy-server 20" 0.0004 "-" 22 0
Nov 28 08:34:19 np0005538510 proxy-server[125302]: 172.18.0.103 172.18.0.104 28/Nov/2025/08/34/19 GET /v1/AUTH_e2c76e4d27554fd5a4f85cce208b136f/gnocchi.19ba5cf6-206e-46fa-82bd-912eb11d504b/none_v3 HTTP/1.0 404 - python-swiftclient-3.11.1 gAAAAABpKV38a7pX... - 70 - tx4cefac05a4754593a7d68-0069295e8b - 0.0332 - - 1764318859.056846142 1764318859.090039492 0
Nov 28 08:34:19 np0005538510 account-server[123221]: 172.20.0.105 - - [28/Nov/2025:08:34:19 +0000] "PUT /d1/535/AUTH_e2c76e4d27554fd5a4f85cce208b136f/gnocchi.547cef1d-702d-4b82-8ce7-75fa4b1b728d" 201 - "PUT http://172.20.0.105:6001/d1/196/AUTH_e2c76e4d27554fd5a4f85cce208b136f/gnocchi.547cef1d-702d-4b82-8ce7-75fa4b1b728d" "tx0aaeb7ec6ca34c378c4f8-0069295e8b" "container-server 22" 0.0068 "-" 20 0
Nov 28 08:34:19 np0005538510 container-server[123678]: 172.20.0.105 - - [28/Nov/2025:08:34:19 +0000] "PUT /d1/196/AUTH_e2c76e4d27554fd5a4f85cce208b136f/gnocchi.547cef1d-702d-4b82-8ce7-75fa4b1b728d" 201 - "PUT http://172.18.0.197:8080/v1/AUTH_e2c76e4d27554fd5a4f85cce208b136f/gnocchi.547cef1d-702d-4b82-8ce7-75fa4b1b728d" "tx0aaeb7ec6ca34c378c4f8-0069295e8b" "proxy-server 20" 0.0210 "-" 22 0
Nov 28 08:34:19 np0005538510 container-server[123686]: 172.20.0.104 - - [28/Nov/2025:08:34:19 +0000] "HEAD /d1/844/AUTH_e2c76e4d27554fd5a4f85cce208b136f/gnocchi.e7808e08-cb0c-4239-94c4-f4d83524641c" 404 - "HEAD http://172.18.0.197:8080/v1/AUTH_e2c76e4d27554fd5a4f85cce208b136f/gnocchi.e7808e08-cb0c-4239-94c4-f4d83524641c?format=json&states=listing" "tx01e8960f01e546358a1ad-0069295e8b" "proxy-server 20" 0.0004 "-" 23 0
Nov 28 08:34:19 np0005538510 object-server[124032]: 172.20.0.104 - - [28/Nov/2025:08:34:19 +0000] "GET /d1/585/AUTH_e2c76e4d27554fd5a4f85cce208b136f/gnocchi.e7808e08-cb0c-4239-94c4-f4d83524641c/none_v3" 404 70 "GET http://172.18.0.197:8080/v1/AUTH_e2c76e4d27554fd5a4f85cce208b136f/gnocchi.e7808e08-cb0c-4239-94c4-f4d83524641c/none_v3" "tx01e8960f01e546358a1ad-0069295e8b" "proxy-server 20" 0.0008 "-" 25 0
Nov 28 08:34:19 np0005538510 account-server[123221]: 172.20.0.104 - - [28/Nov/2025:08:34:19 +0000] "PUT /d1/535/AUTH_e2c76e4d27554fd5a4f85cce208b136f/gnocchi.19ba5cf6-206e-46fa-82bd-912eb11d504b" 201 - "PUT http://172.20.0.104:6001/d1/298/AUTH_e2c76e4d27554fd5a4f85cce208b136f/gnocchi.19ba5cf6-206e-46fa-82bd-912eb11d504b" "txfd97791c22524069b20a6-0069295e8b" "container-server 23" 0.0086 "-" 20 0
Nov 28 08:34:19 np0005538510 container-server[123641]: 172.20.0.103 - - [28/Nov/2025:08:34:19 +0000] "PUT /d1/298/AUTH_e2c76e4d27554fd5a4f85cce208b136f/gnocchi.19ba5cf6-206e-46fa-82bd-912eb11d504b" 201 - "PUT http://172.18.0.197:8080/v1/AUTH_e2c76e4d27554fd5a4f85cce208b136f/gnocchi.19ba5cf6-206e-46fa-82bd-912eb11d504b" "txfd97791c22524069b20a6-0069295e8b" "proxy-server 20" 0.0294 "-" 20 0
Nov 28 08:34:19 np0005538510 proxy-server[125302]: 172.18.0.103 172.18.0.104 28/Nov/2025/08/34/19 PUT /v1/AUTH_e2c76e4d27554fd5a4f85cce208b136f/gnocchi.19ba5cf6-206e-46fa-82bd-912eb11d504b HTTP/1.0 201 - python-swiftclient-3.11.1 gAAAAABpKV38a7pX... - - - txfd97791c22524069b20a6-0069295e8b - 0.0398 - - 1764318859.094776154 1764318859.134621143 0
Nov 28 08:34:19 np0005538510 account-server[123223]: 172.20.0.105 - - [28/Nov/2025:08:34:19 +0000] "PUT /d1/535/AUTH_e2c76e4d27554fd5a4f85cce208b136f/gnocchi.e7808e08-cb0c-4239-94c4-f4d83524641c" 201 - "PUT http://172.20.0.105:6001/d1/844/AUTH_e2c76e4d27554fd5a4f85cce208b136f/gnocchi.e7808e08-cb0c-4239-94c4-f4d83524641c" "tx95f7917259bc4c7f8d883-0069295e8b" "container-server 22" 0.0068 "-" 22 0
Nov 28 08:34:19 np0005538510 proxy-server[125302]: - - 28/Nov/2025/08/34/19 HEAD /v1/AUTH_e2c76e4d27554fd5a4f85cce208b136f/gnocchi.19ba5cf6-206e-46fa-82bd-912eb11d504b%3Fformat%3Djson%26states%3Dlisting HTTP/1.0 204 - Swift - - - - tx1455253e1ec1482db5727-0069295e8b - 0.0068 RL - 1764318859.144073725 1764318859.150892735 0
Nov 28 08:34:19 np0005538510 container-server[123678]: 172.20.0.104 - - [28/Nov/2025:08:34:19 +0000] "PUT /d1/844/AUTH_e2c76e4d27554fd5a4f85cce208b136f/gnocchi.e7808e08-cb0c-4239-94c4-f4d83524641c" 201 - "PUT http://172.18.0.197:8080/v1/AUTH_e2c76e4d27554fd5a4f85cce208b136f/gnocchi.e7808e08-cb0c-4239-94c4-f4d83524641c" "tx95f7917259bc4c7f8d883-0069295e8b" "proxy-server 20" 0.0205 "-" 22 0
