Nov 24 19:42:06 np0005534223.novalocal NetworkManager[855]: [1764031326.6829] device (qvbfe73c0c7-3f): carrier: link connected
Nov 24 19:42:06 np0005534223.novalocal systemd-udevd[105644]: Network interface NamePolicy= disabled on kernel command line.
Nov 24 19:42:06 np0005534223.novalocal kernel: qbrfe73c0c7-3f: port 1(qvbfe73c0c7-3f) entered blocking state
Nov 24 19:42:06 np0005534223.novalocal kernel: qbrfe73c0c7-3f: port 1(qvbfe73c0c7-3f) entered disabled state
Nov 24 19:42:06 np0005534223.novalocal kernel: qvbfe73c0c7-3f: entered allmulticast mode
Nov 24 19:42:06 np0005534223.novalocal kernel: qvbfe73c0c7-3f: entered promiscuous mode
Nov 24 19:42:06 np0005534223.novalocal kernel: qbrfe73c0c7-3f: port 1(qvbfe73c0c7-3f) entered blocking state
Nov 24 19:42:06 np0005534223.novalocal kernel: qbrfe73c0c7-3f: port 1(qvbfe73c0c7-3f) entered forwarding state
Nov 24 19:42:06 np0005534223.novalocal NetworkManager[855]: [1764031326.6914] device (qbrfe73c0c7-3f): carrier: link connected
Nov 24 19:42:06 np0005534223.novalocal NetworkManager[855]: [1764031326.6962] device (qbrfe73c0c7-3f): state change: unmanaged -> unavailable (reason 'connection-assumed', managed-type: 'external')
Nov 24 19:42:06 np0005534223.novalocal NetworkManager[855]: [1764031326.6976] device (qbrfe73c0c7-3f): state change: unavailable -> disconnected (reason 'connection-assumed', managed-type: 'external')
Nov 24 19:42:06 np0005534223.novalocal NetworkManager[855]: [1764031326.6995] device (qbrfe73c0c7-3f): Activation: starting connection 'qbrfe73c0c7-3f' (12fb0380-2e1c-4e45-96b0-2a66c7132247)
Nov 24 19:42:06 np0005534223.novalocal NetworkManager[855]: [1764031326.6999] device (qbrfe73c0c7-3f): state change: disconnected -> prepare (reason 'none', managed-type: 'external')
Nov 24 19:42:06 np0005534223.novalocal NetworkManager[855]: [1764031326.7003] device (qbrfe73c0c7-3f): state change: prepare -> config (reason 'none', managed-type: 'external')
Nov 24 19:42:06 np0005534223.novalocal NetworkManager[855]: [1764031326.7006] device (qbrfe73c0c7-3f): state change: config -> ip-config (reason 'none', managed-type: 'external')
Nov 24 19:42:06 np0005534223.novalocal NetworkManager[855]: [1764031326.7012] device (qbrfe73c0c7-3f): state change: ip-config -> ip-check (reason 'none', managed-type: 'external')
Nov 24 19:42:06 np0005534223.novalocal kernel: qvofe73c0c7-3f: entered promiscuous mode
Nov 24 19:42:06 np0005534223.novalocal systemd[1]: Starting Network Manager Script Dispatcher Service...
Nov 24 19:42:06 np0005534223.novalocal systemd[1]: Started Network Manager Script Dispatcher Service.
Nov 24 19:42:06 np0005534223.novalocal NetworkManager[855]: [1764031326.7423] device (qbrfe73c0c7-3f): state change: ip-check -> secondaries (reason 'none', managed-type: 'external')
Nov 24 19:42:06 np0005534223.novalocal NetworkManager[855]: [1764031326.7425] device (qbrfe73c0c7-3f): state change: secondaries -> activated (reason 'none', managed-type: 'external')
Nov 24 19:42:06 np0005534223.novalocal NetworkManager[855]: [1764031326.7434] device (qbrfe73c0c7-3f): Activation: successful, device activated.
Nov 24 19:42:06 np0005534223.novalocal systemd[1]: iscsi.service: Unit cannot be reloaded because it is inactive.
Nov 24 19:42:06 np0005534223.novalocal NetworkManager[855]: [1764031326.8385] manager: (tapfe73c0c7-3f): new Tun device (/org/freedesktop/NetworkManager/Devices/37)
Nov 24 19:42:06 np0005534223.novalocal kernel: qbrfe73c0c7-3f: port 2(tapfe73c0c7-3f) entered blocking state
Nov 24 19:42:06 np0005534223.novalocal kernel: qbrfe73c0c7-3f: port 2(tapfe73c0c7-3f) entered disabled state
Nov 24 19:42:06 np0005534223.novalocal kernel: tapfe73c0c7-3f: entered allmulticast mode
Nov 24 19:42:06 np0005534223.novalocal kernel: tapfe73c0c7-3f: entered promiscuous mode
Nov 24 19:42:06 np0005534223.novalocal systemd-udevd[105666]: Network interface NamePolicy= disabled on kernel command line.
Nov 24 19:42:06 np0005534223.novalocal kernel: qbrfe73c0c7-3f: port 2(tapfe73c0c7-3f) entered blocking state
Nov 24 19:42:06 np0005534223.novalocal kernel: qbrfe73c0c7-3f: port 2(tapfe73c0c7-3f) entered forwarding state
Nov 24 19:42:06 np0005534223.novalocal NetworkManager[855]: [1764031326.8541] device (tapfe73c0c7-3f): state change: unmanaged -> unavailable (reason 'connection-assumed', managed-type: 'external')
Nov 24 19:42:06 np0005534223.novalocal NetworkManager[855]: [1764031326.8549] device (tapfe73c0c7-3f): state change: unavailable -> disconnected (reason 'connection-assumed', managed-type: 'external')
Nov 24 19:42:06 np0005534223.novalocal NetworkManager[855]: [1764031326.8556] device (tapfe73c0c7-3f): Activation: starting connection 'tapfe73c0c7-3f' (3ac87804-d964-4ac0-ade2-786969e298c2)
Nov 24 19:42:06 np0005534223.novalocal NetworkManager[855]: [1764031326.8558] device (tapfe73c0c7-3f): state change: disconnected -> prepare (reason 'none', managed-type: 'external')
Nov 24 19:42:06 np0005534223.novalocal NetworkManager[855]: [1764031326.8562] device (tapfe73c0c7-3f): state change: prepare -> config (reason 'none', managed-type: 'external')
Nov 24 19:42:06 np0005534223.novalocal NetworkManager[855]: [1764031326.8564] device (tapfe73c0c7-3f): state change: config -> ip-config (reason 'none', managed-type: 'external')
Nov 24 19:42:06 np0005534223.novalocal NetworkManager[855]: [1764031326.8565] device (qbrfe73c0c7-3f): bridge port tapfe73c0c7-3f was attached
Nov 24 19:42:06 np0005534223.novalocal NetworkManager[855]: [1764031326.8565] device (tapfe73c0c7-3f): Activation: connection 'tapfe73c0c7-3f' attached as port, continuing activation
Nov 24 19:42:06 np0005534223.novalocal NetworkManager[855]: [1764031326.8567] device (tapfe73c0c7-3f): state change: ip-config -> ip-check (reason 'none', managed-type: 'external')
Nov 24 19:42:06 np0005534223.novalocal NetworkManager[855]: [1764031326.8590] device (tapfe73c0c7-3f): state change: ip-check -> secondaries (reason 'none', managed-type: 'external')
Nov 24 19:42:06 np0005534223.novalocal NetworkManager[855]: [1764031326.8592] device (tapfe73c0c7-3f): state change: secondaries -> activated (reason 'none', managed-type: 'external')
Nov 24 19:42:06 np0005534223.novalocal NetworkManager[855]: [1764031326.8599] device (tapfe73c0c7-3f): Activation: successful, device activated.
Nov 24 19:42:06 np0005534223.novalocal libvirtd[99721]: Domain id=3 name='instance-00000003' uuid=8f142e0b-272f-4be4-92ac-3148a2723967 is tainted: deprecated-config (machine type 'pc-i440fx-rhel7.6.0')
Nov 24 19:42:06 np0005534223.novalocal libvirtd[99721]: Domain id=3 name='instance-00000003' uuid=8f142e0b-272f-4be4-92ac-3148a2723967 is tainted: deprecated-config (CPU model 'qemu64')
Nov 24 19:42:06 np0005534223.novalocal systemd[1]: iscsi.service: Unit cannot be reloaded because it is inactive.
Nov 24 19:42:06 np0005534223.novalocal systemd-machined[94387]: New machine qemu-3-instance-00000003.
Nov 24 19:42:06 np0005534223.novalocal systemd[1]: Started Virtual Machine qemu-3-instance-00000003.
Nov 24 19:42:08 np0005534223.novalocal container-server[90780]: Since Tue Nov 25 00:42:06 2025 visited - attempted:0 success:0 failure:0 skipped:90 completed:0
Nov 24 19:42:08 np0005534223.novalocal container-server[90780]: Since Tue Nov 25 00:42:06 2025 scanned - attempted:0 success:0 failure:0 found:0 min_time:0 max_time:0
Nov 24 19:42:08 np0005534223.novalocal container-server[90780]: Since Tue Nov 25 00:42:06 2025 created - attempted:0 success:0 failure:0
Nov 24 19:42:08 np0005534223.novalocal container-server[90780]: Since Tue Nov 25 00:42:06 2025 cleaved - attempted:0 success:0 failure:0 min_time:0 max_time:0
Nov 24 19:42:08 np0005534223.novalocal container-server[90780]: Since Tue Nov 25 00:42:06 2025 misplaced - attempted:0 success:0 failure:0 found:0 placed:0 unplaced:0
Nov 24 19:42:08 np0005534223.novalocal container-server[90780]: Since Tue Nov 25 00:42:06 2025 audit_root - attempted:0 success:0 failure:0 has_overlap:0 num_overlap:0
Nov 24 19:42:08 np0005534223.novalocal container-server[90780]: Since Tue Nov 25 00:42:06 2025 audit_shard - attempted:0 success:0 failure:0
Nov 24 19:42:08 np0005534223.novalocal container-server[90780]: Container sharder cycle completed: 1.79s
Nov 24 19:42:08 np0005534223.novalocal container-server[97263]: ::1 - - [25/Nov/2025:00:42:08 +0000] "HEAD /1/177922/AUTH_34047920d4864ad78d85d02365686cf8/gnocchi.9b4ccbe3-a54f-4b54-a4c2-43458dba13ca" 404 - "HEAD http://[::1]:8080/v1/AUTH_34047920d4864ad78d85d02365686cf8/gnocchi.9b4ccbe3-a54f-4b54-a4c2-43458dba13ca?format=json&states=listing" "txbc4f6947bfcb494e983a4-006924fb60" "proxy-server 90340" 0.0007 "-" 97263 0
Nov 24 19:42:08 np0005534223.novalocal container-server[97261]: ::1 - - [25/Nov/2025:00:42:08 +0000] "HEAD /3/97342/AUTH_34047920d4864ad78d85d02365686cf8/gnocchi.00cc3021-89bc-4556-a5a6-0b8e5e8d5cf7" 404 - "HEAD http://[::1]:8080/v1/AUTH_34047920d4864ad78d85d02365686cf8/gnocchi.00cc3021-89bc-4556-a5a6-0b8e5e8d5cf7?format=json&states=listing" "tx99533c5b805a4130b8baa-006924fb60" "proxy-server 90339" 0.0004 "-" 97261 0
Nov 24 19:42:08 np0005534223.novalocal container-server[97263]: ::1 - - [25/Nov/2025:00:42:08 +0000] "HEAD /3/177922/AUTH_34047920d4864ad78d85d02365686cf8/gnocchi.9b4ccbe3-a54f-4b54-a4c2-43458dba13ca" 404 - "HEAD http://[::1]:8080/v1/AUTH_34047920d4864ad78d85d02365686cf8/gnocchi.9b4ccbe3-a54f-4b54-a4c2-43458dba13ca?format=json&states=listing" "txbc4f6947bfcb494e983a4-006924fb60" "proxy-server 90340" 0.0006 "-" 97263 0
Nov 24 19:42:08 np0005534223.novalocal container-server[97263]: ::1 - - [25/Nov/2025:00:42:08 +0000] "HEAD /1/97342/AUTH_34047920d4864ad78d85d02365686cf8/gnocchi.00cc3021-89bc-4556-a5a6-0b8e5e8d5cf7" 404 - "HEAD http://[::1]:8080/v1/AUTH_34047920d4864ad78d85d02365686cf8/gnocchi.00cc3021-89bc-4556-a5a6-0b8e5e8d5cf7?format=json&states=listing" "tx99533c5b805a4130b8baa-006924fb60" "proxy-server 90339" 0.0005 "-" 97263 0
Nov 24 19:42:08 np0005534223.novalocal container-server[97262]: ::1 - - [25/Nov/2025:00:42:08 +0000] "HEAD /2/177922/AUTH_34047920d4864ad78d85d02365686cf8/gnocchi.9b4ccbe3-a54f-4b54-a4c2-43458dba13ca" 404 - "HEAD http://[::1]:8080/v1/AUTH_34047920d4864ad78d85d02365686cf8/gnocchi.9b4ccbe3-a54f-4b54-a4c2-43458dba13ca?format=json&states=listing" "txbc4f6947bfcb494e983a4-006924fb60" "proxy-server 90340" 0.0003 "-" 97262 0
Nov 24 19:42:08 np0005534223.novalocal container-server[97261]: ::1 - - [25/Nov/2025:00:42:08 +0000] "HEAD /2/97342/AUTH_34047920d4864ad78d85d02365686cf8/gnocchi.00cc3021-89bc-4556-a5a6-0b8e5e8d5cf7" 404 - "HEAD http://[::1]:8080/v1/AUTH_34047920d4864ad78d85d02365686cf8/gnocchi.00cc3021-89bc-4556-a5a6-0b8e5e8d5cf7?format=json&states=listing" "tx99533c5b805a4130b8baa-006924fb60" "proxy-server 90339" 0.0003 "-" 97261 0
Nov 24 19:42:08 np0005534223.novalocal object-server[97566]: ::1 - - [25/Nov/2025:00:42:08 +0000] "GET /1/202329/AUTH_34047920d4864ad78d85d02365686cf8/gnocchi.00cc3021-89bc-4556-a5a6-0b8e5e8d5cf7/none_v3" 404 70 "GET http://[::1]:8080/v1/AUTH_34047920d4864ad78d85d02365686cf8/gnocchi.00cc3021-89bc-4556-a5a6-0b8e5e8d5cf7/none_v3" "tx99533c5b805a4130b8baa-006924fb60" "proxy-server 90339" 0.0004 "-" 97566 0
Nov 24 19:42:08 np0005534223.novalocal object-server[97567]: ::1 - - [25/Nov/2025:00:42:08 +0000] "GET /1/178041/AUTH_34047920d4864ad78d85d02365686cf8/gnocchi.9b4ccbe3-a54f-4b54-a4c2-43458dba13ca/none_v3" 404 70 "GET http://[::1]:8080/v1/AUTH_34047920d4864ad78d85d02365686cf8/gnocchi.9b4ccbe3-a54f-4b54-a4c2-43458dba13ca/none_v3" "txbc4f6947bfcb494e983a4-006924fb60" "proxy-server 90340" 0.0003 "-" 97567 0
Nov 24 19:42:08 np0005534223.novalocal object-server[97566]: ::1 - - [25/Nov/2025:00:42:08 +0000] "GET /3/178041/AUTH_34047920d4864ad78d85d02365686cf8/gnocchi.9b4ccbe3-a54f-4b54-a4c2-43458dba13ca/none_v3" 404 70 "GET http://[::1]:8080/v1/AUTH_34047920d4864ad78d85d02365686cf8/gnocchi.9b4ccbe3-a54f-4b54-a4c2-43458dba13ca/none_v3" "txbc4f6947bfcb494e983a4-006924fb60" "proxy-server 90340" 0.0002 "-" 97566 0
Nov 24 19:42:08 np0005534223.novalocal object-server[97567]: ::1 - - [25/Nov/2025:00:42:08 +0000] "GET /3/202329/AUTH_34047920d4864ad78d85d02365686cf8/gnocchi.00cc3021-89bc-4556-a5a6-0b8e5e8d5cf7/none_v3" 404 70 "GET http://[::1]:8080/v1/AUTH_34047920d4864ad78d85d02365686cf8/gnocchi.00cc3021-89bc-4556-a5a6-0b8e5e8d5cf7/none_v3" "tx99533c5b805a4130b8baa-006924fb60" "proxy-server 90339" 0.0003 "-" 97567 0
Nov 24 19:42:08 np0005534223.novalocal object-server[97569]: ::1 - - [25/Nov/2025:00:42:08 +0000] "GET /2/178041/AUTH_34047920d4864ad78d85d02365686cf8/gnocchi.9b4ccbe3-a54f-4b54-a4c2-43458dba13ca/none_v3" 404 70 "GET http://[::1]:8080/v1/AUTH_34047920d4864ad78d85d02365686cf8/gnocchi.9b4ccbe3-a54f-4b54-a4c2-43458dba13ca/none_v3" "txbc4f6947bfcb494e983a4-006924fb60" "proxy-server 90340" 0.0003 "-" 97569 0
Nov 24 19:42:08 np0005534223.novalocal object-server[97567]: ::1 - - [25/Nov/2025:00:42:08 +0000] "GET /2/202329/AUTH_34047920d4864ad78d85d02365686cf8/gnocchi.00cc3021-89bc-4556-a5a6-0b8e5e8d5cf7/none_v3" 404 70 "GET http://[::1]:8080/v1/AUTH_34047920d4864ad78d85d02365686cf8/gnocchi.00cc3021-89bc-4556-a5a6-0b8e5e8d5cf7/none_v3" "tx99533c5b805a4130b8baa-006924fb60" "proxy-server 90339" 0.0003 "-" 97567 0
Nov 24 19:42:08 np0005534223.novalocal proxy-server[90340]: ::1 ::1 25/Nov/2025/00/42/08 GET /v1/AUTH_34047920d4864ad78d85d02365686cf8/gnocchi.9b4ccbe3-a54f-4b54-a4c2-43458dba13ca/none_v3 HTTP/1.0 404 - python-swiftclient-4.2.0 gAAAAABpJPsEC1e4... - 70 - txbc4f6947bfcb494e983a4-006924fb60 - 0.0287 - - 1764031328.394049883 1764031328.422771454 0
Nov 24 19:42:08 np0005534223.novalocal proxy-server[90339]: ::1 ::1 25/Nov/2025/00/42/08 GET /v1/AUTH_34047920d4864ad78d85d02365686cf8/gnocchi.00cc3021-89bc-4556-a5a6-0b8e5e8d5cf7/none_v3 HTTP/1.0 404 - python-swiftclient-4.2.0 gAAAAABpJPsEg9N3... - 70 - tx99533c5b805a4130b8baa-006924fb60 - 0.0312 - - 1764031328.392684460 1764031328.423852682 0
Nov 24 19:42:08 np0005534223.novalocal account-server[96965]: ::1 - - [25/Nov/2025:00:42:08 +0000] "PUT /3/156101/AUTH_34047920d4864ad78d85d02365686cf8/gnocchi.00cc3021-89bc-4556-a5a6-0b8e5e8d5cf7" 201 - "PUT http://[::1]:6001/1/97342/AUTH_34047920d4864ad78d85d02365686cf8/gnocchi.00cc3021-89bc-4556-a5a6-0b8e5e8d5cf7" "tx0a8d2e7ad94c4079b1ee3-006924fb60" "container-server 97264" 0.0076 "-" 96965 0
Nov 24 19:42:08 np0005534223.novalocal account-server[96966]: ::1 - - [25/Nov/2025:00:42:08 +0000] "PUT /2/156101/AUTH_34047920d4864ad78d85d02365686cf8/gnocchi.00cc3021-89bc-4556-a5a6-0b8e5e8d5cf7" 201 - "PUT http://[::1]:6001/3/97342/AUTH_34047920d4864ad78d85d02365686cf8/gnocchi.00cc3021-89bc-4556-a5a6-0b8e5e8d5cf7" "tx0a8d2e7ad94c4079b1ee3-006924fb60" "container-server 97262" 0.0054 "-" 96966 0
Nov 24 19:42:08 np0005534223.novalocal container-server[97264]: ::1 - - [25/Nov/2025:00:42:08 +0000] "PUT /1/97342/AUTH_34047920d4864ad78d85d02365686cf8/gnocchi.00cc3021-89bc-4556-a5a6-0b8e5e8d5cf7" 201 - "PUT http://[::1]:8080/v1/AUTH_34047920d4864ad78d85d02365686cf8/gnocchi.00cc3021-89bc-4556-a5a6-0b8e5e8d5cf7" "tx0a8d2e7ad94c4079b1ee3-006924fb60" "proxy-server 90339" 0.0199 "-" 97264 0
Nov 24 19:42:08 np0005534223.novalocal account-server[96968]: ::1 - - [25/Nov/2025:00:42:08 +0000] "PUT /3/156101/AUTH_34047920d4864ad78d85d02365686cf8/gnocchi.9b4ccbe3-a54f-4b54-a4c2-43458dba13ca" 201 - "PUT http://[::1]:6001/3/177922/AUTH_34047920d4864ad78d85d02365686cf8/gnocchi.9b4ccbe3-a54f-4b54-a4c2-43458dba13ca" "tx965d57b11ba448ae84f70-006924fb60" "container-server 97263" 0.0069 "-" 96968 0
Nov 24 19:42:08 np0005534223.novalocal container-server[97263]: ::1 - - [25/Nov/2025:00:42:08 +0000] "PUT /3/177922/AUTH_34047920d4864ad78d85d02365686cf8/gnocchi.9b4ccbe3-a54f-4b54-a4c2-43458dba13ca" 201 - "PUT http://[::1]:8080/v1/AUTH_34047920d4864ad78d85d02365686cf8/gnocchi.9b4ccbe3-a54f-4b54-a4c2-43458dba13ca" "tx965d57b11ba448ae84f70-006924fb60" "proxy-server 90340" 0.0190 "-" 97263 0
Nov 24 19:42:08 np0005534223.novalocal container-server[97262]: ::1 - - [25/Nov/2025:00:42:08 +0000] "PUT /3/97342/AUTH_34047920d4864ad78d85d02365686cf8/gnocchi.00cc3021-89bc-4556-a5a6-0b8e5e8d5cf7" 201 - "PUT http://[::1]:8080/v1/AUTH_34047920d4864ad78d85d02365686cf8/gnocchi.00cc3021-89bc-4556-a5a6-0b8e5e8d5cf7" "tx0a8d2e7ad94c4079b1ee3-006924fb60" "proxy-server 90339" 0.0312 "-" 97262 0
Nov 24 19:42:08 np0005534223.novalocal account-server[96968]: ::1 - - [25/Nov/2025:00:42:08 +0000] "PUT /2/156101/AUTH_34047920d4864ad78d85d02365686cf8/gnocchi.9b4ccbe3-a54f-4b54-a4c2-43458dba13ca" 201 - "PUT http://[::1]:6001/1/177922/AUTH_34047920d4864ad78d85d02365686cf8/gnocchi.9b4ccbe3-a54f-4b54-a4c2-43458dba13ca" "tx965d57b11ba448ae84f70-006924fb60" "container-server 97261" 0.0179 "-" 96968 0
Nov 24 19:42:08 np0005534223.novalocal container-server[97261]: ::1 - - [25/Nov/2025:00:42:08 +0000] "PUT /1/177922/AUTH_34047920d4864ad78d85d02365686cf8/gnocchi.9b4ccbe3-a54f-4b54-a4c2-43458dba13ca" 201 - "PUT http://[::1]:8080/v1/AUTH_34047920d4864ad78d85d02365686cf8/gnocchi.9b4ccbe3-a54f-4b54-a4c2-43458dba13ca" "tx965d57b11ba448ae84f70-006924fb60" "proxy-server 90340" 0.0297 "-" 97261 0
Nov 24 19:42:08 np0005534223.novalocal account-server[96968]: ::1 - - [25/Nov/2025:00:42:08 +0000] "PUT /1/156101/AUTH_34047920d4864ad78d85d02365686cf8/gnocchi.00cc3021-89bc-4556-a5a6-0b8e5e8d5cf7" 201 - "PUT http://[::1]:6001/2/97342/AUTH_34047920d4864ad78d85d02365686cf8/gnocchi.00cc3021-89bc-4556-a5a6-0b8e5e8d5cf7" "tx0a8d2e7ad94c4079b1ee3-006924fb60" "container-server 97262" 0.0063 "-" 96968 0
Nov 24 19:42:08 np0005534223.novalocal container-server[97262]: ::1 - - [25/Nov/2025:00:42:08 +0000] "PUT /2/97342/AUTH_34047920d4864ad78d85d02365686cf8/gnocchi.00cc3021-89bc-4556-a5a6-0b8e5e8d5cf7" 201 - "PUT http://[::1]:8080/v1/AUTH_34047920d4864ad78d85d02365686cf8/gnocchi.00cc3021-89bc-4556-a5a6-0b8e5e8d5cf7" "tx0a8d2e7ad94c4079b1ee3-006924fb60" "proxy-server 90339" 0.0298 "-" 97262 0
Nov 24 19:42:08 np0005534223.novalocal proxy-server[90339]: ::1 ::1 25/Nov/2025/00/42/08 PUT /v1/AUTH_34047920d4864ad78d85d02365686cf8/gnocchi.00cc3021-89bc-4556-a5a6-0b8e5e8d5cf7 HTTP/1.0 201 - python-swiftclient-4.2.0 gAAAAABpJPsEg9N3... - - - tx0a8d2e7ad94c4079b1ee3-006924fb60 - 0.0494 - - 1764031328.426131964 1764031328.475573778 0
Nov 24 19:42:08 np0005534223.novalocal account-server[96968]: ::1 - - [25/Nov/2025:00:42:08 +0000] "PUT /1/156101/AUTH_34047920d4864ad78d85d02365686cf8/gnocchi.9b4ccbe3-a54f-4b54-a4c2-43458dba13ca" 201 - "PUT http://[::1]:6001/2/177922/AUTH_34047920d4864ad78d85d02365686cf8/gnocchi.9b4ccbe3-a54f-4b54-a4c2-43458dba13ca" "tx965d57b11ba448ae84f70-006924fb60" "container-server 97262" 0.0058 "-" 96968 0
Nov 24 19:42:08 np0005534223.novalocal container-server[97262]: ::1 - - [25/Nov/2025:00:42:08 +0000] "PUT /2/177922/AUTH_34047920d4864ad78d85d02365686cf8/gnocchi.9b4ccbe3-a54f-4b54-a4c2-43458dba13ca" 201 - "PUT http://[::1]:8080/v1/AUTH_34047920d4864ad78d85d02365686cf8/gnocchi.9b4ccbe3-a54f-4b54-a4c2-43458dba13ca" "tx965d57b11ba448ae84f70-006924fb60" "proxy-server 90340" 0.0283 "-" 97262 0
Nov 24 19:42:08 np0005534223.novalocal proxy-server[90340]: ::1 ::1 25/Nov/2025/00/42/08 PUT /v1/AUTH_34047920d4864ad78d85d02365686cf8/gnocchi.9b4ccbe3-a54f-4b54-a4c2-43458dba13ca HTTP/1.0 201 - python-swiftclient-4.2.0 gAAAAABpJPsEC1e4... - - - tx965d57b11ba448ae84f70-006924fb60 - 0.0569 - - 1764031328.426350594 1764031328.483298540 0
Nov 24 19:42:08 np0005534223.novalocal container-server[97261]: ::1 - - [25/Nov/2025:00:42:08 +0000] "HEAD /1/97342/AUTH_34047920d4864ad78d85d02365686cf8/gnocchi.00cc3021-89bc-4556-a5a6-0b8e5e8d5cf7" 204 - "HEAD http://[::1]:8080/v1/AUTH_34047920d4864ad78d85d02365686cf8/gnocchi.00cc3021-89bc-4556-a5a6-0b8e5e8d5cf7?format=json&states=listing" "tx79db54dcd4604e9dacebd-006924fb60" "proxy-server 90339" 0.0017 "-" 97261 0
Nov 24 19:42:08 np0005534223.novalocal container-server[97261]: ::1 - - [25/Nov/2025:00:42:08 +0000] "HEAD /3/177922/AUTH_34047920d4864ad78d85d02365686cf8/gnocchi.9b4ccbe3-a54f-4b54-a4c2-43458dba13ca" 204 - "HEAD http://[::1]:8080/v1/AUTH_34047920d4864ad78d85d02365686cf8/gnocchi.9b4ccbe3-a54f-4b54-a4c2-43458dba13ca?format=json&states=listing" "txf8428180cfc64c658b2c5-006924fb60" "proxy-server 90340" 0.0014 "-" 97261 0
Nov 24 19:42:08 np0005534223.novalocal container-server[97262]: ::1 - - [25/Nov/2025:00:42:08 +0000] "GET /3/97342/AUTH_34047920d4864ad78d85d02365686cf8/gnocchi.00cc3021-89bc-4556-a5a6-0b8e5e8d5cf7" 200 2 "GET http://[::1]:8080/v1/AUTH_34047920d4864ad78d85d02365686cf8/gnocchi.00cc3021-89bc-4556-a5a6-0b8e5e8d5cf7?format=json&states=listing" "tx79db54dcd4604e9dacebd-006924fb60" "proxy-server 90339" 0.0032 "-" 97262 0
Nov 24 19:42:08 np0005534223.novalocal proxy-server[90339]: ::1 ::1 25/Nov/2025/00/42/08 GET /v1/AUTH_34047920d4864ad78d85d02365686cf8/gnocchi.00cc3021-89bc-4556-a5a6-0b8e5e8d5cf7%3Fformat%3Djson%26states%3Dlisting HTTP/1.0 200 - python-swiftclient-4.2.0 gAAAAABpJPsEg9N3... - 2 - tx79db54dcd4604e9dacebd-006924fb60 - 0.0161 - - 1764031328.478590727 1764031328.494666338 0
Nov 24 19:42:08 np0005534223.novalocal object-server[97569]: ::1 - - [25/Nov/2025:00:42:08 +0000] "GET /2/201501/AUTH_34047920d4864ad78d85d02365686cf8/gnocchi.00cc3021-89bc-4556-a5a6-0b8e5e8d5cf7/1763640000.0_mean_300.0_v3" 404 70 "GET http://[::1]:8080/v1/AUTH_34047920d4864ad78d85d02365686cf8/gnocchi.00cc3021-89bc-4556-a5a6-0b8e5e8d5cf7/1763640000.0_mean_300.0_v3" "txf4e4806afda44c31b1a46-006924fb60" "proxy-server 90339" 0.0003 "-" 97569 0
Nov 24 19:42:08 np0005534223.novalocal container-server[97264]: ::1 - - [25/Nov/2025:00:42:08 +0000] "GET /2/177922/AUTH_34047920d4864ad78d85d02365686cf8/gnocchi.9b4ccbe3-a54f-4b54-a4c2-43458dba13ca" 200 2 "GET http://[::1]:8080/v1/AUTH_34047920d4864ad78d85d02365686cf8/gnocchi.9b4ccbe3-a54f-4b54-a4c2-43458dba13ca?format=json&states=listing" "txf8428180cfc64c658b2c5-006924fb60" "proxy-server 90340" 0.0017 "-" 97264 0
Nov 24 19:42:08 np0005534223.novalocal object-server[97569]: ::1 - - [25/Nov/2025:00:42:08 +0000] "GET /1/201501/AUTH_34047920d4864ad78d85d02365686cf8/gnocchi.00cc3021-89bc-4556-a5a6-0b8e5e8d5cf7/1763640000.0_mean_300.0_v3" 404 70 "GET http://[::1]:8080/v1/AUTH_34047920d4864ad78d85d02365686cf8/gnocchi.00cc3021-89bc-4556-a5a6-0b8e5e8d5cf7/1763640000.0_mean_300.0_v3" "txf4e4806afda44c31b1a46-006924fb60" "proxy-server 90339" 0.0002 "-" 97569 0
Nov 24 19:42:08 np0005534223.novalocal proxy-server[90340]: ::1 ::1 25/Nov/2025/00/42/08 GET /v1/AUTH_34047920d4864ad78d85d02365686cf8/gnocchi.9b4ccbe3-a54f-4b54-a4c2-43458dba13ca%3Fformat%3Djson%26states%3Dlisting HTTP/1.0 200 - python-swiftclient-4.2.0 gAAAAABpJPsEC1e4... - 2 - txf8428180cfc64c658b2c5-006924fb60 - 0.0198 - - 1764031328.487210274 1764031328.507055283 0
Nov 24 19:42:08 np0005534223.novalocal object-server[97567]: ::1 - - [25/Nov/2025:00:42:08 +0000] "GET /3/201501/AUTH_34047920d4864ad78d85d02365686cf8/gnocchi.00cc3021-89bc-4556-a5a6-0b8e5e8d5cf7/1763640000.0_mean_300.0_v3" 404 70 "GET http://[::1]:8080/v1/AUTH_34047920d4864ad78d85d02365686cf8/gnocchi.00cc3021-89bc-4556-a5a6-0b8e5e8d5cf7/1763640000.0_mean_300.0_v3" "txf4e4806afda44c31b1a46-006924fb60" "proxy-server 90339" 0.0003 "-" 97567 0
Nov 24 19:42:08 np0005534223.novalocal proxy-server[90339]: ::1 ::1 25/Nov/2025/00/42/08 GET /v1/AUTH_34047920d4864ad78d85d02365686cf8/gnocchi.00cc3021-89bc-4556-a5a6-0b8e5e8d5cf7/1763640000.0_mean_300.0_v3 HTTP/1.0 404 - python-swiftclient-4.2.0 gAAAAABpJPsEg9N3... - 70 - txf4e4806afda44c31b1a46-006924fb60 - 0.0114 - - 1764031328.497974157 1764031328.509351254 0
Nov 24 19:42:08 np0005534223.novalocal object-server[97569]: ::1 - - [25/Nov/2025:00:42:08 +0000] "GET /1/167407/AUTH_34047920d4864ad78d85d02365686cf8/gnocchi.9b4ccbe3-a54f-4b54-a4c2-43458dba13ca/1763640000.0_mean_300.0_v3" 404 70 "GET http://[::1]:8080/v1/AUTH_34047920d4864ad78d85d02365686cf8/gnocchi.9b4ccbe3-a54f-4b54-a4c2-43458dba13ca/1763640000.0_mean_300.0_v3" "tx519f3d6b1f5c42d8a52b4-006924fb60" "proxy-server 90340" 0.0003 "-" 97569 0
Nov 24 19:42:08 np0005534223.novalocal object-server[97569]: ::1 - - [25/Nov/2025:00:42:08 +0000] "GET /3/167407/AUTH_34047920d4864ad78d85d02365686cf8/gnocchi.9b4ccbe3-a54f-4b54-a4c2-43458dba13ca/1763640000.0_mean_300.0_v3" 404 70 "GET http://[::1]:8080/v1/AUTH_34047920d4864ad78d85d02365686cf8/gnocchi.9b4ccbe3-a54f-4b54-a4c2-43458dba13ca/1763640000.0_mean_300.0_v3" "tx519f3d6b1f5c42d8a52b4-006924fb60" "proxy-server 90340" 0.0002 "-" 97569 0
Nov 24 19:42:08 np0005534223.novalocal object-server[97569]: ::1 - - [25/Nov/2025:00:42:08 +0000] "GET /2/167407/AUTH_34047920d4864ad78d85d02365686cf8/gnocchi.9b4ccbe3-a54f-4b54-a4c2-43458dba13ca/1763640000.0_mean_300.0_v3" 404 70 "GET http://[::1]:8080/v1/AUTH_34047920d4864ad78d85d02365686cf8/gnocchi.9b4ccbe3-a54f-4b54-a4c2-43458dba13ca/1763640000.0_mean_300.0_v3" "tx519f3d6b1f5c42d8a52b4-006924fb60" "proxy-server 90340" 0.0002 "-" 97569 0
Nov 24 19:42:08 np0005534223.novalocal proxy-server[90340]: ::1 ::1 25/Nov/2025/00/42/08 GET /v1/AUTH_34047920d4864ad78d85d02365686cf8/gnocchi.9b4ccbe3-a54f-4b54-a4c2-43458dba13ca/1763640000.0_mean_300.0_v3 HTTP/1.0 404 - python-swiftclient-4.2.0 gAAAAABpJPsEC1e4... - 70 - tx519f3d6b1f5c42d8a52b4-006924fb60 - 0.0126 - - 1764031328.511997461 1764031328.524606705 0
Nov 24 19:42:08 np0005534223.novalocal container-server[97263]: ::1 - - [25/Nov/2025:00:42:08 +0000] "PUT /3/97342/AUTH_34047920d4864ad78d85d02365686cf8/gnocchi.00cc3021-89bc-4556-a5a6-0b8e5e8d5cf7/1763640000.0_mean_300.0_v3" 201 - "PUT http://[::1]:8080/2/201501/AUTH_34047920d4864ad78d85d02365686cf8/gnocchi.00cc3021-89bc-4556-a5a6-0b8e5e8d5cf7/1763640000.0_mean_300.0_v3" "txb7e6ad6b99e242c4aaec9-006924fb60" "object-server 97568" 0.0009 "-" 97263 0
Nov 24 19:42:08 np0005534223.novalocal container-server[97261]: ::1 - - [25/Nov/2025:00:42:08 +0000] "PUT /2/97342/AUTH_34047920d4864ad78d85d02365686cf8/gnocchi.00cc3021-89bc-4556-a5a6-0b8e5e8d5cf7/1763640000.0_mean_300.0_v3" 201 - "PUT http://[::1]:8080/1/201501/AUTH_34047920d4864ad78d85d02365686cf8/gnocchi.00cc3021-89bc-4556-a5a6-0b8e5e8d5cf7/1763640000.0_mean_300.0_v3" "txb7e6ad6b99e242c4aaec9-006924fb60" "object-server 97567" 0.0007 "-" 97261 0
Nov 24 19:42:08 np0005534223.novalocal object-server[97568]: ::1 - - [25/Nov/2025:00:42:08 +0000] "PUT /2/201501/AUTH_34047920d4864ad78d85d02365686cf8/gnocchi.00cc3021-89bc-4556-a5a6-0b8e5e8d5cf7/1763640000.0_mean_300.0_v3" 201 - "PUT http://[::1]:8080/v1/AUTH_34047920d4864ad78d85d02365686cf8/gnocchi.00cc3021-89bc-4556-a5a6-0b8e5e8d5cf7/1763640000.0_mean_300.0_v3" "txb7e6ad6b99e242c4aaec9-006924fb60" "proxy-server 90339" 0.0160 "-" 97568 0
Nov 24 19:42:08 np0005534223.novalocal object-server[97567]: ::1 - - [25/Nov/2025:00:42:08 +0000] "PUT /1/201501/AUTH_34047920d4864ad78d85d02365686cf8/gnocchi.00cc3021-89bc-4556-a5a6-0b8e5e8d5cf7/1763640000.0_mean_300.0_v3" 201 - "PUT http://[::1]:8080/v1/AUTH_34047920d4864ad78d85d02365686cf8/gnocchi.00cc3021-89bc-4556-a5a6-0b8e5e8d5cf7/1763640000.0_mean_300.0_v3" "txb7e6ad6b99e242c4aaec9-006924fb60" "proxy-server 90339" 0.0187 "-" 97567 0
Nov 24 19:42:08 np0005534223.novalocal container-server[97261]: ::1 - - [25/Nov/2025:00:42:08 +0000] "PUT /1/97342/AUTH_34047920d4864ad78d85d02365686cf8/gnocchi.00cc3021-89bc-4556-a5a6-0b8e5e8d5cf7/1763640000.0_mean_300.0_v3" 201 - "PUT http://[::1]:8080/3/201501/AUTH_34047920d4864ad78d85d02365686cf8/gnocchi.00cc3021-89bc-4556-a5a6-0b8e5e8d5cf7/1763640000.0_mean_300.0_v3" "txb7e6ad6b99e242c4aaec9-006924fb60" "object-server 97567" 0.0005 "-" 97261 0
Nov 24 19:42:08 np0005534223.novalocal object-server[97567]: ::1 - - [25/Nov/2025:00:42:08 +0000] "PUT /3/201501/AUTH_34047920d4864ad78d85d02365686cf8/gnocchi.00cc3021-89bc-4556-a5a6-0b8e5e8d5cf7/1763640000.0_mean_300.0_v3" 201 - "PUT http://[::1]:8080/v1/AUTH_34047920d4864ad78d85d02365686cf8/gnocchi.00cc3021-89bc-4556-a5a6-0b8e5e8d5cf7/1763640000.0_mean_300.0_v3" "txb7e6ad6b99e242c4aaec9-006924fb60" "proxy-server 90339" 0.0179 "-" 97567 0
Nov 24 19:42:08 np0005534223.novalocal container-server[97262]: ::1 - - [25/Nov/2025:00:42:08 +0000] "PUT /1/177922/AUTH_34047920d4864ad78d85d02365686cf8/gnocchi.9b4ccbe3-a54f-4b54-a4c2-43458dba13ca/1763640000.0_mean_300.0_v3" 201 - "PUT http://[::1]:8080/1/167407/AUTH_34047920d4864ad78d85d02365686cf8/gnocchi.9b4ccbe3-a54f-4b54-a4c2-43458dba13ca/1763640000.0_mean_300.0_v3" "tx43d6a31ef6f34f5eacb84-006924fb60" "object-server 97569" 0.0006 "-" 97262 0
Nov 24 19:42:08 np0005534223.novalocal object-server[97569]: ::1 - - [25/Nov/2025:00:42:08 +0000] "PUT /1/167407/AUTH_34047920d4864ad78d85d02365686cf8/gnocchi.9b4ccbe3-a54f-4b54-a4c2-43458dba13ca/1763640000.0_mean_300.0_v3" 201 - "PUT http://[::1]:8080/v1/AUTH_34047920d4864ad78d85d02365686cf8/gnocchi.9b4ccbe3-a54f-4b54-a4c2-43458dba13ca/1763640000.0_mean_300.0_v3" "tx43d6a31ef6f34f5eacb84-006924fb60" "proxy-server 90340" 0.0121 "-" 97569 0
Nov 24 19:42:08 np0005534223.novalocal proxy-server[90339]: ::1 ::1 25/Nov/2025/00/42/08 PUT /v1/AUTH_34047920d4864ad78d85d02365686cf8/gnocchi.00cc3021-89bc-4556-a5a6-0b8e5e8d5cf7/1763640000.0_mean_300.0_v3 HTTP/1.0 201 - python-swiftclient-4.2.0 gAAAAABpJPsEg9N3... 16 - - txb7e6ad6b99e242c4aaec9-006924fb60 - 0.0330 - - 1764031328.511903524 1764031328.544901609 0
Nov 24 19:42:08 np0005534223.novalocal container-server[97264]: ::1 - - [25/Nov/2025:00:42:08 +0000] "PUT /3/177922/AUTH_34047920d4864ad78d85d02365686cf8/gnocchi.9b4ccbe3-a54f-4b54-a4c2-43458dba13ca/1763640000.0_mean_300.0_v3" 201 - "PUT http://[::1]:8080/3/167407/AUTH_34047920d4864ad78d85d02365686cf8/gnocchi.9b4ccbe3-a54f-4b54-a4c2-43458dba13ca/1763640000.0_mean_300.0_v3" "tx43d6a31ef6f34f5eacb84-006924fb60" "object-server 97567" 0.0005 "-" 97264 0
Nov 24 19:42:08 np0005534223.novalocal container-server[97263]: ::1 - - [25/Nov/2025:00:42:08 +0000] "PUT /2/177922/AUTH_34047920d4864ad78d85d02365686cf8/gnocchi.9b4ccbe3-a54f-4b54-a4c2-43458dba13ca/1763640000.0_mean_300.0_v3" 201 - "PUT http://[::1]:8080/2/167407/AUTH_34047920d4864ad78d85d02365686cf8/gnocchi.9b4ccbe3-a54f-4b54-a4c2-43458dba13ca/1763640000.0_mean_300.0_v3" "tx43d6a31ef6f34f5eacb84-006924fb60" "object-server 97569" 0.0014 "-" 97263 0
Nov 24 19:42:08 np0005534223.novalocal object-server[97567]: ::1 - - [25/Nov/2025:00:42:08 +0000] "PUT /3/167407/AUTH_34047920d4864ad78d85d02365686cf8/gnocchi.9b4ccbe3-a54f-4b54-a4c2-43458dba13ca/1763640000.0_mean_300.0_v3" 201 - "PUT http://[::1]:8080/v1/AUTH_34047920d4864ad78d85d02365686cf8/gnocchi.9b4ccbe3-a54f-4b54-a4c2-43458dba13ca/1763640000.0_mean_300.0_v3" "tx43d6a31ef6f34f5eacb84-006924fb60" "proxy-server 90340" 0.0137 "-" 97567 0
Nov 24 19:42:08 np0005534223.novalocal object-server[97569]: ::1 - - [25/Nov/2025:00:42:08 +0000] "PUT /2/167407/AUTH_34047920d4864ad78d85d02365686cf8/gnocchi.9b4ccbe3-a54f-4b54-a4c2-43458dba13ca/1763640000.0_mean_300.0_v3" 201 - "PUT http://[::1]:8080/v1/AUTH_34047920d4864ad78d85d02365686cf8/gnocchi.9b4ccbe3-a54f-4b54-a4c2-43458dba13ca/1763640000.0_mean_300.0_v3" "tx43d6a31ef6f34f5eacb84-006924fb60" "proxy-server 90340" 0.0131 "-" 97569 0
Nov 24 19:42:08 np0005534223.novalocal proxy-server[90340]: ::1 ::1 25/Nov/2025/00/42/08 PUT /v1/AUTH_34047920d4864ad78d85d02365686cf8/gnocchi.9b4ccbe3-a54f-4b54-a4c2-43458dba13ca/1763640000.0_mean_300.0_v3 HTTP/1.0 201 - python-swiftclient-4.2.0 gAAAAABpJPsEC1e4... 16 - - tx43d6a31ef6f34f5eacb84-006924fb60 - 0.0214 - - 1764031328.527452707 1764031328.548813105 0
Nov 24 19:42:08 np0005534223.novalocal container-server[97263]: ::1 - - [25/Nov/2025:00:42:08 +0000] "PUT /1/177922/AUTH_34047920d4864ad78d85d02365686cf8/gnocchi.9b4ccbe3-a54f-4b54-a4c2-43458dba13ca/none_v3" 201 - "PUT http://[::1]:8080/2/178041/AUTH_34047920d4864ad78d85d02365686cf8/gnocchi.9b4ccbe3-a54f-4b54-a4c2-43458dba13ca/none_v3" "txcfe3b26ab50643c1b702d-006924fb60" "object-server 97569" 0.0007 "-" 97263 0
Nov 24 19:42:08 np0005534223.novalocal container-server[97264]: ::1 - - [25/Nov/2025:00:42:08 +0000] "PUT /3/177922/AUTH_34047920d4864ad78d85d02365686cf8/gnocchi.9b4ccbe3-a54f-4b54-a4c2-43458dba13ca/none_v3" 201 - "PUT http://[::1]:8080/3/178041/AUTH_34047920d4864ad78d85d02365686cf8/gnocchi.9b4ccbe3-a54f-4b54-a4c2-43458dba13ca/none_v3" "txcfe3b26ab50643c1b702d-006924fb60" "object-server 97566" 0.0004 "-" 97264 0
Nov 24 19:42:08 np0005534223.novalocal container-server[97261]: ::1 - - [25/Nov/2025:00:42:08 +0000] "PUT /2/177922/AUTH_34047920d4864ad78d85d02365686cf8/gnocchi.9b4ccbe3-a54f-4b54-a4c2-43458dba13ca/none_v3" 201 - "PUT http://[::1]:8080/1/178041/AUTH_34047920d4864ad78d85d02365686cf8/gnocchi.9b4ccbe3-a54f-4b54-a4c2-43458dba13ca/none_v3" "txcfe3b26ab50643c1b702d-006924fb60" "object-server 97568" 0.0006 "-" 97261 0
Nov 24 19:42:08 np0005534223.novalocal object-server[97569]: ::1 - - [25/Nov/2025:00:42:08 +0000] "PUT /2/178041/AUTH_34047920d4864ad78d85d02365686cf8/gnocchi.9b4ccbe3-a54f-4b54-a4c2-43458dba13ca/none_v3" 201 - "PUT http://[::1]:8080/v1/AUTH_34047920d4864ad78d85d02365686cf8/gnocchi.9b4ccbe3-a54f-4b54-a4c2-43458dba13ca/none_v3" "txcfe3b26ab50643c1b702d-006924fb60" "proxy-server 90340" 0.0133 "-" 97569 0
Nov 24 19:42:08 np0005534223.novalocal object-server[97566]: ::1 - - [25/Nov/2025:00:42:08 +0000] "PUT /3/178041/AUTH_34047920d4864ad78d85d02365686cf8/gnocchi.9b4ccbe3-a54f-4b54-a4c2-43458dba13ca/none_v3" 201 - "PUT http://[::1]:8080/v1/AUTH_34047920d4864ad78d85d02365686cf8/gnocchi.9b4ccbe3-a54f-4b54-a4c2-43458dba13ca/none_v3" "txcfe3b26ab50643c1b702d-006924fb60" "proxy-server 90340" 0.0140 "-" 97566 0
Nov 24 19:42:08 np0005534223.novalocal object-server[97568]: ::1 - - [25/Nov/2025:00:42:08 +0000] "PUT /1/178041/AUTH_34047920d4864ad78d85d02365686cf8/gnocchi.9b4ccbe3-a54f-4b54-a4c2-43458dba13ca/none_v3" 201 - "PUT http://[::1]:8080/v1/AUTH_34047920d4864ad78d85d02365686cf8/gnocchi.9b4ccbe3-a54f-4b54-a4c2-43458dba13ca/none_v3" "txcfe3b26ab50643c1b702d-006924fb60" "proxy-server 90340" 0.0129 "-" 97568 0
Nov 24 19:42:08 np0005534223.novalocal proxy-server[90340]: ::1 ::1 25/Nov/2025/00/42/08 PUT /v1/AUTH_34047920d4864ad78d85d02365686cf8/gnocchi.9b4ccbe3-a54f-4b54-a4c2-43458dba13ca/none_v3 HTTP/1.0 201 - python-swiftclient-4.2.0 gAAAAABpJPsEC1e4... 22 - - txcfe3b26ab50643c1b702d-006924fb60 - 0.0217 - - 1764031328.551627159 1764031328.573280334 0
Nov 24 19:42:08 np0005534223.novalocal container-server[97263]: ::1 - - [25/Nov/2025:00:42:08 +0000] "PUT /3/97342/AUTH_34047920d4864ad78d85d02365686cf8/gnocchi.00cc3021-89bc-4556-a5a6-0b8e5e8d5cf7/none_v3" 201 - "PUT http://[::1]:8080/3/202329/AUTH_34047920d4864ad78d85d02365686cf8/gnocchi.00cc3021-89bc-4556-a5a6-0b8e5e8d5cf7/none_v3" "tx8b8cb9915d784aee8cb93-006924fb60" "object-server 97567" 0.0010 "-" 97263 0
Nov 24 19:42:08 np0005534223.novalocal container-server[97263]: ::1 - - [25/Nov/2025:00:42:08 +0000] "PUT /2/97342/AUTH_34047920d4864ad78d85d02365686cf8/gnocchi.00cc3021-89bc-4556-a5a6-0b8e5e8d5cf7/none_v3" 201 - "PUT http://[::1]:8080/2/202329/AUTH_34047920d4864ad78d85d02365686cf8/gnocchi.00cc3021-89bc-4556-a5a6-0b8e5e8d5cf7/none_v3" "tx8b8cb9915d784aee8cb93-006924fb60" "object-server 97566" 0.0009 "-" 97263 0
Nov 24 19:42:08 np0005534223.novalocal object-server[97566]: ::1 - - [25/Nov/2025:00:42:08 +0000] "PUT /2/202329/AUTH_34047920d4864ad78d85d02365686cf8/gnocchi.00cc3021-89bc-4556-a5a6-0b8e5e8d5cf7/none_v3" 201 - "PUT http://[::1]:8080/v1/AUTH_34047920d4864ad78d85d02365686cf8/gnocchi.00cc3021-89bc-4556-a5a6-0b8e5e8d5cf7/none_v3" "tx8b8cb9915d784aee8cb93-006924fb60" "proxy-server 90339" 0.0209 "-" 97566 0
Nov 24 19:42:08 np0005534223.novalocal container-server[97263]: ::1 - - [25/Nov/2025:00:42:08 +0000] "PUT /1/97342/AUTH_34047920d4864ad78d85d02365686cf8/gnocchi.00cc3021-89bc-4556-a5a6-0b8e5e8d5cf7/none_v3" 201 - "PUT http://[::1]:8080/1/202329/AUTH_34047920d4864ad78d85d02365686cf8/gnocchi.00cc3021-89bc-4556-a5a6-0b8e5e8d5cf7/none_v3" "tx8b8cb9915d784aee8cb93-006924fb60" "object-server 97568" 0.0010 "-" 97263 0
Nov 24 19:42:08 np0005534223.novalocal object-server[97568]: ::1 - - [25/Nov/2025:00:42:08 +0000] "PUT /1/202329/AUTH_34047920d4864ad78d85d02365686cf8/gnocchi.00cc3021-89bc-4556-a5a6-0b8e5e8d5cf7/none_v3" 201 - "PUT http://[::1]:8080/v1/AUTH_34047920d4864ad78d85d02365686cf8/gnocchi.00cc3021-89bc-4556-a5a6-0b8e5e8d5cf7/none_v3" "tx8b8cb9915d784aee8cb93-006924fb60" "proxy-server 90339" 0.0255 "-" 97568 0
Nov 24 19:42:08 np0005534223.novalocal object-server[97567]: ::1 - - [25/Nov/2025:00:42:08 +0000] "PUT /3/202329/AUTH_34047920d4864ad78d85d02365686cf8/gnocchi.00cc3021-89bc-4556-a5a6-0b8e5e8d5cf7/none_v3" 201 - "PUT http://[::1]:8080/v1/AUTH_34047920d4864ad78d85d02365686cf8/gnocchi.00cc3021-89bc-4556-a5a6-0b8e5e8d5cf7/none_v3" "tx8b8cb9915d784aee8cb93-006924fb60" "proxy-server 90339" 0.0230 "-" 97567 0
Nov 24 19:42:08 np0005534223.novalocal proxy-server[90339]: ::1 ::1 25/Nov/2025/00/42/08 PUT /v1/AUTH_34047920d4864ad78d85d02365686cf8/gnocchi.00cc3021-89bc-4556-a5a6-0b8e5e8d5cf7/none_v3 HTTP/1.0 201 - python-swiftclient-4.2.0 gAAAAABpJPsEg9N3... 22 - - tx8b8cb9915d784aee8cb93-006924fb60 - 0.0340 - - 1764031328.547350645 1764031328.581387758 0
Nov 24 19:42:08 np0005534223.novalocal container-server[97262]: ::1 - - [25/Nov/2025:00:42:08 +0000] "HEAD /2/17076/AUTH_34047920d4864ad78d85d02365686cf8/gnocchi.dc3aa6da-ef2c-4599-b83f-85ebcb2110e3" 404 - "HEAD http://[::1]:8080/v1/AUTH_34047920d4864ad78d85d02365686cf8/gnocchi.dc3aa6da-ef2c-4599-b83f-85ebcb2110e3?format=json&states=listing" "tx75cfecc47bee44909cc9d-006924fb60" "proxy-server 90339" 0.0003 "-" 97262 0
Nov 24 19:42:08 np0005534223.novalocal container-server[97262]: ::1 - - [25/Nov/2025:00:42:08 +0000] "HEAD /2/87312/AUTH_34047920d4864ad78d85d02365686cf8/gnocchi.7794dd1e-5fea-4ed1-8f35-730b9593bfd6" 404 - "HEAD http://[::1]:8080/v1/AUTH_34047920d4864ad78d85d02365686cf8/gnocchi.7794dd1e-5fea-4ed1-8f35-730b9593bfd6?format=json&states=listing" "txfcddfc31fede4b1880e71-006924fb60" "proxy-server 90340" 0.0002 "-" 97262 0
Nov 24 19:42:08 np0005534223.novalocal container-server[97264]: ::1 - - [25/Nov/2025:00:42:08 +0000] "HEAD /3/17076/AUTH_34047920d4864ad78d85d02365686cf8/gnocchi.dc3aa6da-ef2c-4599-b83f-85ebcb2110e3" 404 - "HEAD http://[::1]:8080/v1/AUTH_34047920d4864ad78d85d02365686cf8/gnocchi.dc3aa6da-ef2c-4599-b83f-85ebcb2110e3?format=json&states=listing" "tx75cfecc47bee44909cc9d-006924fb60" "proxy-server 90339" 0.0003 "-" 97264 0
Nov 24 19:42:08 np0005534223.novalocal container-server[97262]: ::1 - - [25/Nov/2025:00:42:08 +0000] "HEAD /1/87312/AUTH_34047920d4864ad78d85d02365686cf8/gnocchi.7794dd1e-5fea-4ed1-8f35-730b9593bfd6" 404 - "HEAD http://[::1]:8080/v1/AUTH_34047920d4864ad78d85d02365686cf8/gnocchi.7794dd1e-5fea-4ed1-8f35-730b9593bfd6?format=json&states=listing" "txfcddfc31fede4b1880e71-006924fb60" "proxy-server 90340" 0.0002 "-" 97262 0
Nov 24 19:42:08 np0005534223.novalocal container-server[97264]: ::1 - - [25/Nov/2025:00:42:08 +0000] "HEAD /1/17076/AUTH_34047920d4864ad78d85d02365686cf8/gnocchi.dc3aa6da-ef2c-4599-b83f-85ebcb2110e3" 404 - "HEAD http://[::1]:8080/v1/AUTH_34047920d4864ad78d85d02365686cf8/gnocchi.dc3aa6da-ef2c-4599-b83f-85ebcb2110e3?format=json&states=listing" "tx75cfecc47bee44909cc9d-006924fb60" "proxy-server 90339" 0.0002 "-" 97264 0
Nov 24 19:42:08 np0005534223.novalocal container-server[97261]: ::1 - - [25/Nov/2025:00:42:08 +0000] "HEAD /3/87312/AUTH_34047920d4864ad78d85d02365686cf8/gnocchi.7794dd1e-5fea-4ed1-8f35-730b9593bfd6" 404 - "HEAD http://[::1]:8080/v1/AUTH_34047920d4864ad78d85d02365686cf8/gnocchi.7794dd1e-5fea-4ed1-8f35-730b9593bfd6?format=json&states=listing" "txfcddfc31fede4b1880e71-006924fb60" "proxy-server 90340" 0.0005 "-" 97261 0
Nov 24 19:42:08 np0005534223.novalocal object-server[97569]: ::1 - - [25/Nov/2025:00:42:08 +0000] "GET /2/173037/AUTH_34047920d4864ad78d85d02365686cf8/gnocchi.7794dd1e-5fea-4ed1-8f35-730b9593bfd6/none_v3" 404 70 "GET http://[::1]:8080/v1/AUTH_34047920d4864ad78d85d02365686cf8/gnocchi.7794dd1e-5fea-4ed1-8f35-730b9593bfd6/none_v3" "txfcddfc31fede4b1880e71-006924fb60" "proxy-server 90340" 0.0004 "-" 97569 0
Nov 24 19:42:08 np0005534223.novalocal object-server[97568]: ::1 - - [25/Nov/2025:00:42:08 +0000] "GET /1/173037/AUTH_34047920d4864ad78d85d02365686cf8/gnocchi.7794dd1e-5fea-4ed1-8f35-730b9593bfd6/none_v3" 404 70 "GET http://[::1]:8080/v1/AUTH_34047920d4864ad78d85d02365686cf8/gnocchi.7794dd1e-5fea-4ed1-8f35-730b9593bfd6/none_v3" "txfcddfc31fede4b1880e71-006924fb60" "proxy-server 90340" 0.0003 "-" 97568 0
Nov 24 19:42:08 np0005534223.novalocal object-server[97569]: ::1 - - [25/Nov/2025:00:42:08 +0000] "GET /2/239039/AUTH_34047920d4864ad78d85d02365686cf8/gnocchi.dc3aa6da-ef2c-4599-b83f-85ebcb2110e3/none_v3" 404 70 "GET http://[::1]:8080/v1/AUTH_34047920d4864ad78d85d02365686cf8/gnocchi.dc3aa6da-ef2c-4599-b83f-85ebcb2110e3/none_v3" "tx75cfecc47bee44909cc9d-006924fb60" "proxy-server 90339" 0.0002 "-" 97569 0
Nov 24 19:42:08 np0005534223.novalocal object-server[97567]: ::1 - - [25/Nov/2025:00:42:08 +0000] "GET /3/173037/AUTH_34047920d4864ad78d85d02365686cf8/gnocchi.7794dd1e-5fea-4ed1-8f35-730b9593bfd6/none_v3" 404 70 "GET http://[::1]:8080/v1/AUTH_34047920d4864ad78d85d02365686cf8/gnocchi.7794dd1e-5fea-4ed1-8f35-730b9593bfd6/none_v3" "txfcddfc31fede4b1880e71-006924fb60" "proxy-server 90340" 0.0004 "-" 97567 0
Nov 24 19:42:08 np0005534223.novalocal proxy-server[90340]: ::1 ::1 25/Nov/2025/00/42/08 GET /v1/AUTH_34047920d4864ad78d85d02365686cf8/gnocchi.7794dd1e-5fea-4ed1-8f35-730b9593bfd6/none_v3 HTTP/1.0 404 - python-swiftclient-4.2.0 gAAAAABpJPsEC1e4... - 70 - txfcddfc31fede4b1880e71-006924fb60 - 0.0220 - - 1764031328.592215061 1764031328.614221096 0
Nov 24 19:42:08 np0005534223.novalocal object-server[97566]: ::1 - - [25/Nov/2025:00:42:08 +0000] "GET /1/239039/AUTH_34047920d4864ad78d85d02365686cf8/gnocchi.dc3aa6da-ef2c-4599-b83f-85ebcb2110e3/none_v3" 404 70 "GET http://[::1]:8080/v1/AUTH_34047920d4864ad78d85d02365686cf8/gnocchi.dc3aa6da-ef2c-4599-b83f-85ebcb2110e3/none_v3" "tx75cfecc47bee44909cc9d-006924fb60" "proxy-server 90339" 0.0005 "-" 97566 0
Nov 24 19:42:08 np0005534223.novalocal object-server[97568]: ::1 - - [25/Nov/2025:00:42:08 +0000] "GET /3/239039/AUTH_34047920d4864ad78d85d02365686cf8/gnocchi.dc3aa6da-ef2c-4599-b83f-85ebcb2110e3/none_v3" 404 70 "GET http://[::1]:8080/v1/AUTH_34047920d4864ad78d85d02365686cf8/gnocchi.dc3aa6da-ef2c-4599-b83f-85ebcb2110e3/none_v3" "tx75cfecc47bee44909cc9d-006924fb60" "proxy-server 90339" 0.0003 "-" 97568 0
Nov 24 19:42:08 np0005534223.novalocal proxy-server[90339]: ::1 ::1 25/Nov/2025/00/42/08 GET /v1/AUTH_34047920d4864ad78d85d02365686cf8/gnocchi.dc3aa6da-ef2c-4599-b83f-85ebcb2110e3/none_v3 HTTP/1.0 404 - python-swiftclient-4.2.0 gAAAAABpJPsEg9N3... - 70 - tx75cfecc47bee44909cc9d-006924fb60 - 0.0273 - - 1764031328.592135191 1764031328.619424343 0
Nov 24 19:42:08 np0005534223.novalocal account-server[96968]: ::1 - - [25/Nov/2025:00:42:08 +0000] "PUT /2/156101/AUTH_34047920d4864ad78d85d02365686cf8/gnocchi.7794dd1e-5fea-4ed1-8f35-730b9593bfd6" 201 - "PUT http://[::1]:6001/1/87312/AUTH_34047920d4864ad78d85d02365686cf8/gnocchi.7794dd1e-5fea-4ed1-8f35-730b9593bfd6" "tx8f16b34ffc724a75bc815-006924fb60" "container-server 97261" 0.0044 "-" 96968 0
Nov 24 19:42:08 np0005534223.novalocal container-server[97261]: ::1 - - [25/Nov/2025:00:42:08 +0000] "PUT /1/87312/AUTH_34047920d4864ad78d85d02365686cf8/gnocchi.7794dd1e-5fea-4ed1-8f35-730b9593bfd6" 201 - "PUT http://[::1]:8080/v1/AUTH_34047920d4864ad78d85d02365686cf8/gnocchi.7794dd1e-5fea-4ed1-8f35-730b9593bfd6" "tx8f16b34ffc724a75bc815-006924fb60" "proxy-server 90340" 0.0153 "-" 97261 0
Nov 24 19:42:08 np0005534223.novalocal account-server[96967]: ::1 - - [25/Nov/2025:00:42:08 +0000] "PUT /3/156101/AUTH_34047920d4864ad78d85d02365686cf8/gnocchi.7794dd1e-5fea-4ed1-8f35-730b9593bfd6" 201 - "PUT http://[::1]:6001/2/87312/AUTH_34047920d4864ad78d85d02365686cf8/gnocchi.7794dd1e-5fea-4ed1-8f35-730b9593bfd6" "tx8f16b34ffc724a75bc815-006924fb60" "container-server 97263" 0.0082 "-" 96967 0
Nov 24 19:42:08 np0005534223.novalocal account-server[96966]: ::1 - - [25/Nov/2025:00:42:08 +0000] "PUT /1/156101/AUTH_34047920d4864ad78d85d02365686cf8/gnocchi.7794dd1e-5fea-4ed1-8f35-730b9593bfd6" 201 - "PUT http://[::1]:6001/3/87312/AUTH_34047920d4864ad78d85d02365686cf8/gnocchi.7794dd1e-5fea-4ed1-8f35-730b9593bfd6" "tx8f16b34ffc724a75bc815-006924fb60" "container-server 97264" 0.0083 "-" 96966 0
Nov 24 19:42:08 np0005534223.novalocal account-server[96968]: ::1 - - [25/Nov/2025:00:42:08 +0000] "PUT /2/156101/AUTH_34047920d4864ad78d85d02365686cf8/gnocchi.dc3aa6da-ef2c-4599-b83f-85ebcb2110e3" 201 - "PUT http://[::1]:6001/2/17076/AUTH_34047920d4864ad78d85d02365686cf8/gnocchi.dc3aa6da-ef2c-4599-b83f-85ebcb2110e3" "tx2b8d1144a9df48eb9fa40-006924fb60" "container-server 97262" 0.0053 "-" 96968 0
Nov 24 19:42:08 np0005534223.novalocal container-server[97264]: ::1 - - [25/Nov/2025:00:42:08 +0000] "PUT /3/87312/AUTH_34047920d4864ad78d85d02365686cf8/gnocchi.7794dd1e-5fea-4ed1-8f35-730b9593bfd6" 201 - "PUT http://[::1]:8080/v1/AUTH_34047920d4864ad78d85d02365686cf8/gnocchi.7794dd1e-5fea-4ed1-8f35-730b9593bfd6" "tx8f16b34ffc724a75bc815-006924fb60" "proxy-server 90340" 0.0215 "-" 97264 0
Nov 24 19:42:08 np0005534223.novalocal container-server[97262]: ::1 - - [25/Nov/2025:00:42:08 +0000] "PUT /2/17076/AUTH_34047920d4864ad78d85d02365686cf8/gnocchi.dc3aa6da-ef2c-4599-b83f-85ebcb2110e3" 201 - "PUT http://[::1]:8080/v1/AUTH_34047920d4864ad78d85d02365686cf8/gnocchi.dc3aa6da-ef2c-4599-b83f-85ebcb2110e3" "tx2b8d1144a9df48eb9fa40-006924fb60" "proxy-server 90339" 0.0165 "-" 97262 0
Nov 24 19:42:08 np0005534223.novalocal container-server[97263]: ::1 - - [25/Nov/2025:00:42:08 +0000] "PUT /2/87312/AUTH_34047920d4864ad78d85d02365686cf8/gnocchi.7794dd1e-5fea-4ed1-8f35-730b9593bfd6" 201 - "PUT http://[::1]:8080/v1/AUTH_34047920d4864ad78d85d02365686cf8/gnocchi.7794dd1e-5fea-4ed1-8f35-730b9593bfd6" "tx8f16b34ffc724a75bc815-006924fb60" "proxy-server 90340" 0.0340 "-" 97263 0
Nov 24 19:42:08 np0005534223.novalocal proxy-server[90340]: ::1 ::1 25/Nov/2025/00/42/08 PUT /v1/AUTH_34047920d4864ad78d85d02365686cf8/gnocchi.7794dd1e-5fea-4ed1-8f35-730b9593bfd6 HTTP/1.0 201 - python-swiftclient-4.2.0 gAAAAABpJPsEC1e4... - - - tx8f16b34ffc724a75bc815-006924fb60 - 0.0474 - - 1764031328.617184401 1764031328.664542198 0
Nov 24 19:42:08 np0005534223.novalocal account-server[96968]: ::1 - - [25/Nov/2025:00:42:08 +0000] "PUT /3/156101/AUTH_34047920d4864ad78d85d02365686cf8/gnocchi.dc3aa6da-ef2c-4599-b83f-85ebcb2110e3" 201 - "PUT http://[::1]:6001/3/17076/AUTH_34047920d4864ad78d85d02365686cf8/gnocchi.dc3aa6da-ef2c-4599-b83f-85ebcb2110e3" "tx2b8d1144a9df48eb9fa40-006924fb60" "container-server 97263" 0.0071 "-" 96968 0
Nov 24 19:42:08 np0005534223.novalocal container-server[97263]: ::1 - - [25/Nov/2025:00:42:08 +0000] "PUT /3/17076/AUTH_34047920d4864ad78d85d02365686cf8/gnocchi.dc3aa6da-ef2c-4599-b83f-85ebcb2110e3" 201 - "PUT http://[::1]:8080/v1/AUTH_34047920d4864ad78d85d02365686cf8/gnocchi.dc3aa6da-ef2c-4599-b83f-85ebcb2110e3" "tx2b8d1144a9df48eb9fa40-006924fb60" "proxy-server 90339" 0.0335 "-" 97263 0
Nov 24 19:42:08 np0005534223.novalocal container-server[97264]: ::1 - - [25/Nov/2025:00:42:08 +0000] "HEAD /3/87312/AUTH_34047920d4864ad78d85d02365686cf8/gnocchi.7794dd1e-5fea-4ed1-8f35-730b9593bfd6" 204 - "HEAD http://[::1]:8080/v1/AUTH_34047920d4864ad78d85d02365686cf8/gnocchi.7794dd1e-5fea-4ed1-8f35-730b9593bfd6?format=json&states=listing" "txe2beb421ccf94d54b6868-006924fb60" "proxy-server 90340" 0.0014 "-" 97264 0
Nov 24 19:42:08 np0005534223.novalocal account-server[96968]: ::1 - - [25/Nov/2025:00:42:08 +0000] "PUT /1/156101/AUTH_34047920d4864ad78d85d02365686cf8/gnocchi.dc3aa6da-ef2c-4599-b83f-85ebcb2110e3" 201 - "PUT http://[::1]:6001/1/17076/AUTH_34047920d4864ad78d85d02365686cf8/gnocchi.dc3aa6da-ef2c-4599-b83f-85ebcb2110e3" "tx2b8d1144a9df48eb9fa40-006924fb60" "container-server 97263" 0.0063 "-" 96968 0
Nov 24 19:42:08 np0005534223.novalocal container-server[97263]: ::1 - - [25/Nov/2025:00:42:08 +0000] "PUT /1/17076/AUTH_34047920d4864ad78d85d02365686cf8/gnocchi.dc3aa6da-ef2c-4599-b83f-85ebcb2110e3" 201 - "PUT http://[::1]:8080/v1/AUTH_34047920d4864ad78d85d02365686cf8/gnocchi.dc3aa6da-ef2c-4599-b83f-85ebcb2110e3" "tx2b8d1144a9df48eb9fa40-006924fb60" "proxy-server 90339" 0.0268 "-" 97263 0
Nov 24 19:42:08 np0005534223.novalocal proxy-server[90339]: ::1 ::1 25/Nov/2025/00/42/08 PUT /v1/AUTH_34047920d4864ad78d85d02365686cf8/gnocchi.dc3aa6da-ef2c-4599-b83f-85ebcb2110e3 HTTP/1.0 201 - python-swiftclient-4.2.0 gAAAAABpJPsEg9N3... - - - tx2b8d1144a9df48eb9fa40-006924fb60 - 0.0552 - - 1764031328.621628761 1764031328.676868200 0
Nov 24 19:42:08 np0005534223.novalocal container-server[97262]: ::1 - - [25/Nov/2025:00:42:08 +0000] "GET /1/87312/AUTH_34047920d4864ad78d85d02365686cf8/gnocchi.7794dd1e-5fea-4ed1-8f35-730b9593bfd6" 200 2 "GET http://[::1]:8080/v1/AUTH_34047920d4864ad78d85d02365686cf8/gnocchi.7794dd1e-5fea-4ed1-8f35-730b9593bfd6?format=json&states=listing" "txe2beb421ccf94d54b6868-006924fb60" "proxy-server 90340" 0.0022 "-" 97262 0
Nov 24 19:42:08 np0005534223.novalocal proxy-server[90340]: ::1 ::1 25/Nov/2025/00/42/08 GET /v1/AUTH_34047920d4864ad78d85d02365686cf8/gnocchi.7794dd1e-5fea-4ed1-8f35-730b9593bfd6%3Fformat%3Djson%26states%3Dlisting HTTP/1.0 200 - python-swiftclient-4.2.0 gAAAAABpJPsEC1e4... - 2 - txe2beb421ccf94d54b6868-006924fb60 - 0.0165 - - 1764031328.668046236 1764031328.684568405 0
Nov 24 19:42:08 np0005534223.novalocal container-server[97264]: ::1 - - [25/Nov/2025:00:42:08 +0000] "HEAD /2/17076/AUTH_34047920d4864ad78d85d02365686cf8/gnocchi.dc3aa6da-ef2c-4599-b83f-85ebcb2110e3" 204 - "HEAD http://[::1]:8080/v1/AUTH_34047920d4864ad78d85d02365686cf8/gnocchi.dc3aa6da-ef2c-4599-b83f-85ebcb2110e3?format=json&states=listing" "tx71c5a04458fb4bf5bfd97-006924fb60" "proxy-server 90339" 0.0014 "-" 97264 0
