Nov 24 19:41:14 np0005534223.novalocal object-server[97566]: ::1 - - [25/Nov/2025:00:41:14 +0000] "GET /1/72785/AUTH_34047920d4864ad78d85d02365686cf8/gnocchi.99d34b94-8bb9-40d3-82ea-978c63819f35/none_v3" 200 45 "GET http://[::1]:8080/v1/AUTH_34047920d4864ad78d85d02365686cf8/gnocchi.99d34b94-8bb9-40d3-82ea-978c63819f35/none_v3" "tx8982e846c9c84af796d6e-006924fb2a" "proxy-server 90340" 0.0006 "-" 97566 0
Nov 24 19:41:14 np0005534223.novalocal proxy-server[90340]: ::1 ::1 25/Nov/2025/00/41/14 GET /v1/AUTH_34047920d4864ad78d85d02365686cf8/gnocchi.99d34b94-8bb9-40d3-82ea-978c63819f35/none_v3 HTTP/1.0 200 - python-swiftclient-4.2.0 gAAAAABpJPsEC1e4... - 45 - tx8982e846c9c84af796d6e-006924fb2a - 0.0059 - - 1764031274.773861408 1764031274.779794455 0
Nov 24 19:41:14 np0005534223.novalocal object-server[97566]: ::1 - - [25/Nov/2025:00:41:14 +0000] "GET /2/249012/AUTH_34047920d4864ad78d85d02365686cf8/gnocchi.18e98d64-5942-4b26-a3f7-ffe8b7e4b9f1/none_v3" 200 45 "GET http://[::1]:8080/v1/AUTH_34047920d4864ad78d85d02365686cf8/gnocchi.18e98d64-5942-4b26-a3f7-ffe8b7e4b9f1/none_v3" "txa22f9424229e4aa1967db-006924fb2a" "proxy-server 90339" 0.0004 "-" 97566 0
Nov 24 19:41:14 np0005534223.novalocal proxy-server[90339]: ::1 ::1 25/Nov/2025/00/41/14 GET /v1/AUTH_34047920d4864ad78d85d02365686cf8/gnocchi.18e98d64-5942-4b26-a3f7-ffe8b7e4b9f1/none_v3 HTTP/1.0 200 - python-swiftclient-4.2.0 gAAAAABpJPsEg9N3... - 45 - txa22f9424229e4aa1967db-006924fb2a - 0.0095 - - 1764031274.773525238 1764031274.783056021 0
Nov 24 19:41:14 np0005534223.novalocal container-server[97264]: ::1 - - [25/Nov/2025:00:41:14 +0000] "GET /3/25137/AUTH_34047920d4864ad78d85d02365686cf8/gnocchi.99d34b94-8bb9-40d3-82ea-978c63819f35" 200 357 "GET http://[::1]:8080/v1/AUTH_34047920d4864ad78d85d02365686cf8/gnocchi.99d34b94-8bb9-40d3-82ea-978c63819f35?format=json&states=listing" "tx63acad7f482f463688eb8-006924fb2a" "proxy-server 90340" 0.0025 "-" 97264 0
Nov 24 19:41:14 np0005534223.novalocal proxy-server[90340]: ::1 ::1 25/Nov/2025/00/41/14 GET /v1/AUTH_34047920d4864ad78d85d02365686cf8/gnocchi.99d34b94-8bb9-40d3-82ea-978c63819f35%3Fformat%3Djson%26states%3Dlisting HTTP/1.0 200 - python-swiftclient-4.2.0 gAAAAABpJPsEC1e4... - 357 - tx63acad7f482f463688eb8-006924fb2a - 0.0087 - - 1764031274.783151865 1764031274.791840076 0
Nov 24 19:41:14 np0005534223.novalocal container-server[97263]: ::1 - - [25/Nov/2025:00:41:14 +0000] "GET /1/252514/AUTH_34047920d4864ad78d85d02365686cf8/gnocchi.18e98d64-5942-4b26-a3f7-ffe8b7e4b9f1" 200 357 "GET http://[::1]:8080/v1/AUTH_34047920d4864ad78d85d02365686cf8/gnocchi.18e98d64-5942-4b26-a3f7-ffe8b7e4b9f1?format=json&states=listing" "tx3e76ba9aed9f462ea508b-006924fb2a" "proxy-server 90339" 0.0025 "-" 97263 0
Nov 24 19:41:14 np0005534223.novalocal container-server[97261]: ::1 - - [25/Nov/2025:00:41:14 +0000] "GET /3/25137/AUTH_34047920d4864ad78d85d02365686cf8/gnocchi.99d34b94-8bb9-40d3-82ea-978c63819f35" 200 2 "GET http://[::1]:8080/v1/AUTH_34047920d4864ad78d85d02365686cf8/gnocchi.99d34b94-8bb9-40d3-82ea-978c63819f35?format=json&marker=none_v3&states=listing" "txb2b3878f61fd4c1daf561-006924fb2a" "proxy-server 90340" 0.0018 "-" 97261 0
Nov 24 19:41:14 np0005534223.novalocal setroubleshoot[104875]: SELinux is preventing /usr/bin/python3.9 from read access on the lnk_file /usr/bin/debuginfo-install. For complete SELinux messages run: sealert -l 87f06c41-f6e9-4313-be04-586aa1ea1177
Nov 24 19:41:14 np0005534223.novalocal proxy-server[90339]: ::1 ::1 25/Nov/2025/00/41/14 GET /v1/AUTH_34047920d4864ad78d85d02365686cf8/gnocchi.18e98d64-5942-4b26-a3f7-ffe8b7e4b9f1%3Fformat%3Djson%26states%3Dlisting HTTP/1.0 200 - python-swiftclient-4.2.0 gAAAAABpJPsEg9N3... - 357 - tx3e76ba9aed9f462ea508b-006924fb2a - 0.0132 - - 1764031274.786413908 1764031274.799570799 0
Nov 24 19:41:14 np0005534223.novalocal proxy-server[90340]: ::1 ::1 25/Nov/2025/00/41/14 GET /v1/AUTH_34047920d4864ad78d85d02365686cf8/gnocchi.99d34b94-8bb9-40d3-82ea-978c63819f35%3Fformat%3Djson%26marker%3Dnone_v3%26states%3Dlisting HTTP/1.0 200 - python-swiftclient-4.2.0 gAAAAABpJPsEC1e4... - 2 - txb2b3878f61fd4c1daf561-006924fb2a - 0.0077 - - 1764031274.793545246 1764031274.801223993 0
Nov 24 19:41:14 np0005534223.novalocal object-server[97569]: ::1 - - [25/Nov/2025:00:41:14 +0000] "GET /2/163813/AUTH_34047920d4864ad78d85d02365686cf8/gnocchi.99d34b94-8bb9-40d3-82ea-978c63819f35/1763640000.0_mean_300.0_v3" 200 16 "GET http://[::1]:8080/v1/AUTH_34047920d4864ad78d85d02365686cf8/gnocchi.99d34b94-8bb9-40d3-82ea-978c63819f35/1763640000.0_mean_300.0_v3" "tx98d249a39e7846f5ae837-006924fb2a" "proxy-server 90340" 0.0008 "-" 97569 0
Nov 24 19:41:14 np0005534223.novalocal proxy-server[90340]: ::1 ::1 25/Nov/2025/00/41/14 GET /v1/AUTH_34047920d4864ad78d85d02365686cf8/gnocchi.99d34b94-8bb9-40d3-82ea-978c63819f35/1763640000.0_mean_300.0_v3 HTTP/1.0 200 - python-swiftclient-4.2.0 gAAAAABpJPsEC1e4... - 16 - tx98d249a39e7846f5ae837-006924fb2a - 0.0074 - - 1764031274.803453207 1764031274.810873032 0
Nov 24 19:41:14 np0005534223.novalocal container-server[97264]: ::1 - - [25/Nov/2025:00:41:14 +0000] "GET /2/252514/AUTH_34047920d4864ad78d85d02365686cf8/gnocchi.18e98d64-5942-4b26-a3f7-ffe8b7e4b9f1" 200 2 "GET http://[::1]:8080/v1/AUTH_34047920d4864ad78d85d02365686cf8/gnocchi.18e98d64-5942-4b26-a3f7-ffe8b7e4b9f1?format=json&marker=none_v3&states=listing" "tx2c2ec56f7ea8434fa6c0c-006924fb2a" "proxy-server 90339" 0.0024 "-" 97264 0
Nov 24 19:41:14 np0005534223.novalocal proxy-server[90339]: ::1 ::1 25/Nov/2025/00/41/14 GET /v1/AUTH_34047920d4864ad78d85d02365686cf8/gnocchi.18e98d64-5942-4b26-a3f7-ffe8b7e4b9f1%3Fformat%3Djson%26marker%3Dnone_v3%26states%3Dlisting HTTP/1.0 200 - python-swiftclient-4.2.0 gAAAAABpJPsEg9N3... - 2 - tx2c2ec56f7ea8434fa6c0c-006924fb2a - 0.0132 - - 1764031274.803136587 1764031274.816306591 0
Nov 24 19:41:14 np0005534223.novalocal setroubleshoot[104875]: SELinux is preventing /usr/bin/python3.9 from read access on the lnk_file /usr/bin/debuginfo-install. ***** Plugin catchall (100. confidence) suggests ************************** If you believe that python3.9 should be allowed read access on the debuginfo-install lnk_file by default. Then you should report this as a bug. You can generate a local policy module to allow this access. Do allow this access for now by executing: # ausearch -c 'neutron-server' --raw | audit2allow -M my-neutronserver # semodule -X 300 -i my-neutronserver.pp
Nov 24 19:41:14 np0005534223.novalocal container-server[97263]: ::1 - - [25/Nov/2025:00:41:14 +0000] "PUT /1/25137/AUTH_34047920d4864ad78d85d02365686cf8/gnocchi.99d34b94-8bb9-40d3-82ea-978c63819f35/1763640000.0_mean_300.0_v3" 201 - "PUT http://[::1]:8080/1/163813/AUTH_34047920d4864ad78d85d02365686cf8/gnocchi.99d34b94-8bb9-40d3-82ea-978c63819f35/1763640000.0_mean_300.0_v3" "tx09fecca848214cffa3070-006924fb2a" "object-server 97568" 0.0004 "-" 97263 0
Nov 24 19:41:14 np0005534223.novalocal container-server[97262]: ::1 - - [25/Nov/2025:00:41:14 +0000] "PUT /3/25137/AUTH_34047920d4864ad78d85d02365686cf8/gnocchi.99d34b94-8bb9-40d3-82ea-978c63819f35/1763640000.0_mean_300.0_v3" 201 - "PUT http://[::1]:8080/2/163813/AUTH_34047920d4864ad78d85d02365686cf8/gnocchi.99d34b94-8bb9-40d3-82ea-978c63819f35/1763640000.0_mean_300.0_v3" "tx09fecca848214cffa3070-006924fb2a" "object-server 97567" 0.0006 "-" 97262 0
Nov 24 19:41:14 np0005534223.novalocal object-server[97568]: ::1 - - [25/Nov/2025:00:41:14 +0000] "PUT /1/163813/AUTH_34047920d4864ad78d85d02365686cf8/gnocchi.99d34b94-8bb9-40d3-82ea-978c63819f35/1763640000.0_mean_300.0_v3" 201 - "PUT http://[::1]:8080/v1/AUTH_34047920d4864ad78d85d02365686cf8/gnocchi.99d34b94-8bb9-40d3-82ea-978c63819f35/1763640000.0_mean_300.0_v3" "tx09fecca848214cffa3070-006924fb2a" "proxy-server 90340" 0.0086 "-" 97568 0
Nov 24 19:41:14 np0005534223.novalocal container-server[97262]: ::1 - - [25/Nov/2025:00:41:14 +0000] "PUT /2/25137/AUTH_34047920d4864ad78d85d02365686cf8/gnocchi.99d34b94-8bb9-40d3-82ea-978c63819f35/1763640000.0_mean_300.0_v3" 201 - "PUT http://[::1]:8080/3/163813/AUTH_34047920d4864ad78d85d02365686cf8/gnocchi.99d34b94-8bb9-40d3-82ea-978c63819f35/1763640000.0_mean_300.0_v3" "tx09fecca848214cffa3070-006924fb2a" "object-server 97568" 0.0004 "-" 97262 0
Nov 24 19:41:14 np0005534223.novalocal object-server[97568]: ::1 - - [25/Nov/2025:00:41:14 +0000] "PUT /3/163813/AUTH_34047920d4864ad78d85d02365686cf8/gnocchi.99d34b94-8bb9-40d3-82ea-978c63819f35/1763640000.0_mean_300.0_v3" 201 - "PUT http://[::1]:8080/v1/AUTH_34047920d4864ad78d85d02365686cf8/gnocchi.99d34b94-8bb9-40d3-82ea-978c63819f35/1763640000.0_mean_300.0_v3" "tx09fecca848214cffa3070-006924fb2a" "proxy-server 90340" 0.0120 "-" 97568 0
Nov 24 19:41:14 np0005534223.novalocal object-server[97566]: ::1 - - [25/Nov/2025:00:41:14 +0000] "GET /3/87044/AUTH_34047920d4864ad78d85d02365686cf8/gnocchi.18e98d64-5942-4b26-a3f7-ffe8b7e4b9f1/1763640000.0_mean_300.0_v3" 200 16 "GET http://[::1]:8080/v1/AUTH_34047920d4864ad78d85d02365686cf8/gnocchi.18e98d64-5942-4b26-a3f7-ffe8b7e4b9f1/1763640000.0_mean_300.0_v3" "tx5a7165f63ea148199ad41-006924fb2a" "proxy-server 90339" 0.0008 "-" 97566 0
Nov 24 19:41:14 np0005534223.novalocal object-server[97567]: ::1 - - [25/Nov/2025:00:41:14 +0000] "PUT /2/163813/AUTH_34047920d4864ad78d85d02365686cf8/gnocchi.99d34b94-8bb9-40d3-82ea-978c63819f35/1763640000.0_mean_300.0_v3" 201 - "PUT http://[::1]:8080/v1/AUTH_34047920d4864ad78d85d02365686cf8/gnocchi.99d34b94-8bb9-40d3-82ea-978c63819f35/1763640000.0_mean_300.0_v3" "tx09fecca848214cffa3070-006924fb2a" "proxy-server 90340" 0.0140 "-" 97567 0
Nov 24 19:41:14 np0005534223.novalocal proxy-server[90340]: ::1 ::1 25/Nov/2025/00/41/14 PUT /v1/AUTH_34047920d4864ad78d85d02365686cf8/gnocchi.99d34b94-8bb9-40d3-82ea-978c63819f35/1763640000.0_mean_300.0_v3 HTTP/1.0 201 - python-swiftclient-4.2.0 gAAAAABpJPsEC1e4... 16 - - tx09fecca848214cffa3070-006924fb2a - 0.0193 - - 1764031274.812519789 1764031274.831804514 0
Nov 24 19:41:14 np0005534223.novalocal proxy-server[90339]: ::1 ::1 25/Nov/2025/00/41/14 GET /v1/AUTH_34047920d4864ad78d85d02365686cf8/gnocchi.18e98d64-5942-4b26-a3f7-ffe8b7e4b9f1/1763640000.0_mean_300.0_v3 HTTP/1.0 200 - python-swiftclient-4.2.0 gAAAAABpJPsEg9N3... - 16 - tx5a7165f63ea148199ad41-006924fb2a - 0.0125 - - 1764031274.820546389 1764031274.833042383 0
Nov 24 19:41:14 np0005534223.novalocal container-server[97262]: ::1 - - [25/Nov/2025:00:41:14 +0000] "PUT /1/25137/AUTH_34047920d4864ad78d85d02365686cf8/gnocchi.99d34b94-8bb9-40d3-82ea-978c63819f35/none_v3" 201 - "PUT http://[::1]:8080/2/72785/AUTH_34047920d4864ad78d85d02365686cf8/gnocchi.99d34b94-8bb9-40d3-82ea-978c63819f35/none_v3" "tx8c05ce2742e64d5ba18cb-006924fb2a" "object-server 97567" 0.0005 "-" 97262 0
Nov 24 19:41:14 np0005534223.novalocal object-server[97567]: ::1 - - [25/Nov/2025:00:41:14 +0000] "PUT /2/72785/AUTH_34047920d4864ad78d85d02365686cf8/gnocchi.99d34b94-8bb9-40d3-82ea-978c63819f35/none_v3" 201 - "PUT http://[::1]:8080/v1/AUTH_34047920d4864ad78d85d02365686cf8/gnocchi.99d34b94-8bb9-40d3-82ea-978c63819f35/none_v3" "tx8c05ce2742e64d5ba18cb-006924fb2a" "proxy-server 90340" 0.0097 "-" 97567 0
Nov 24 19:41:14 np0005534223.novalocal container-server[97261]: ::1 - - [25/Nov/2025:00:41:14 +0000] "PUT /3/252514/AUTH_34047920d4864ad78d85d02365686cf8/gnocchi.18e98d64-5942-4b26-a3f7-ffe8b7e4b9f1/1763640000.0_mean_300.0_v3" 201 - "PUT http://[::1]:8080/2/87044/AUTH_34047920d4864ad78d85d02365686cf8/gnocchi.18e98d64-5942-4b26-a3f7-ffe8b7e4b9f1/1763640000.0_mean_300.0_v3" "tx78f3b97ed7854cf8b1b36-006924fb2a" "object-server 97568" 0.0004 "-" 97261 0
Nov 24 19:41:14 np0005534223.novalocal container-server[97264]: ::1 - - [25/Nov/2025:00:41:14 +0000] "PUT /2/25137/AUTH_34047920d4864ad78d85d02365686cf8/gnocchi.99d34b94-8bb9-40d3-82ea-978c63819f35/none_v3" 201 - "PUT http://[::1]:8080/3/72785/AUTH_34047920d4864ad78d85d02365686cf8/gnocchi.99d34b94-8bb9-40d3-82ea-978c63819f35/none_v3" "tx8c05ce2742e64d5ba18cb-006924fb2a" "object-server 97569" 0.0008 "-" 97264 0
Nov 24 19:41:14 np0005534223.novalocal container-server[97261]: ::1 - - [25/Nov/2025:00:41:14 +0000] "PUT /3/25137/AUTH_34047920d4864ad78d85d02365686cf8/gnocchi.99d34b94-8bb9-40d3-82ea-978c63819f35/none_v3" 201 - "PUT http://[::1]:8080/1/72785/AUTH_34047920d4864ad78d85d02365686cf8/gnocchi.99d34b94-8bb9-40d3-82ea-978c63819f35/none_v3" "tx8c05ce2742e64d5ba18cb-006924fb2a" "object-server 97569" 0.0003 "-" 97261 0
Nov 24 19:41:14 np0005534223.novalocal object-server[97568]: ::1 - - [25/Nov/2025:00:41:14 +0000] "PUT /2/87044/AUTH_34047920d4864ad78d85d02365686cf8/gnocchi.18e98d64-5942-4b26-a3f7-ffe8b7e4b9f1/1763640000.0_mean_300.0_v3" 201 - "PUT http://[::1]:8080/v1/AUTH_34047920d4864ad78d85d02365686cf8/gnocchi.18e98d64-5942-4b26-a3f7-ffe8b7e4b9f1/1763640000.0_mean_300.0_v3" "tx78f3b97ed7854cf8b1b36-006924fb2a" "proxy-server 90339" 0.0101 "-" 97568 0
Nov 24 19:41:14 np0005534223.novalocal object-server[97569]: ::1 - - [25/Nov/2025:00:41:14 +0000] "PUT /3/72785/AUTH_34047920d4864ad78d85d02365686cf8/gnocchi.99d34b94-8bb9-40d3-82ea-978c63819f35/none_v3" 201 - "PUT http://[::1]:8080/v1/AUTH_34047920d4864ad78d85d02365686cf8/gnocchi.99d34b94-8bb9-40d3-82ea-978c63819f35/none_v3" "tx8c05ce2742e64d5ba18cb-006924fb2a" "proxy-server 90340" 0.0141 "-" 97569 0
Nov 24 19:41:14 np0005534223.novalocal container-server[97263]: ::1 - - [25/Nov/2025:00:41:14 +0000] "PUT /2/252514/AUTH_34047920d4864ad78d85d02365686cf8/gnocchi.18e98d64-5942-4b26-a3f7-ffe8b7e4b9f1/1763640000.0_mean_300.0_v3" 201 - "PUT http://[::1]:8080/3/87044/AUTH_34047920d4864ad78d85d02365686cf8/gnocchi.18e98d64-5942-4b26-a3f7-ffe8b7e4b9f1/1763640000.0_mean_300.0_v3" "tx78f3b97ed7854cf8b1b36-006924fb2a" "object-server 97566" 0.0005 "-" 97263 0
Nov 24 19:41:14 np0005534223.novalocal object-server[97569]: ::1 - - [25/Nov/2025:00:41:14 +0000] "PUT /1/72785/AUTH_34047920d4864ad78d85d02365686cf8/gnocchi.99d34b94-8bb9-40d3-82ea-978c63819f35/none_v3" 201 - "PUT http://[::1]:8080/v1/AUTH_34047920d4864ad78d85d02365686cf8/gnocchi.99d34b94-8bb9-40d3-82ea-978c63819f35/none_v3" "tx8c05ce2742e64d5ba18cb-006924fb2a" "proxy-server 90340" 0.0180 "-" 97569 0
Nov 24 19:41:14 np0005534223.novalocal object-server[97566]: ::1 - - [25/Nov/2025:00:41:14 +0000] "PUT /3/87044/AUTH_34047920d4864ad78d85d02365686cf8/gnocchi.18e98d64-5942-4b26-a3f7-ffe8b7e4b9f1/1763640000.0_mean_300.0_v3" 201 - "PUT http://[::1]:8080/v1/AUTH_34047920d4864ad78d85d02365686cf8/gnocchi.18e98d64-5942-4b26-a3f7-ffe8b7e4b9f1/1763640000.0_mean_300.0_v3" "tx78f3b97ed7854cf8b1b36-006924fb2a" "proxy-server 90339" 0.0129 "-" 97566 0
Nov 24 19:41:14 np0005534223.novalocal container-server[97262]: ::1 - - [25/Nov/2025:00:41:14 +0000] "PUT /1/252514/AUTH_34047920d4864ad78d85d02365686cf8/gnocchi.18e98d64-5942-4b26-a3f7-ffe8b7e4b9f1/1763640000.0_mean_300.0_v3" 201 - "PUT http://[::1]:8080/1/87044/AUTH_34047920d4864ad78d85d02365686cf8/gnocchi.18e98d64-5942-4b26-a3f7-ffe8b7e4b9f1/1763640000.0_mean_300.0_v3" "tx78f3b97ed7854cf8b1b36-006924fb2a" "object-server 97569" 0.0006 "-" 97262 0
Nov 24 19:41:14 np0005534223.novalocal proxy-server[90340]: ::1 ::1 25/Nov/2025/00/41/14 PUT /v1/AUTH_34047920d4864ad78d85d02365686cf8/gnocchi.99d34b94-8bb9-40d3-82ea-978c63819f35/none_v3 HTTP/1.0 201 - python-swiftclient-4.2.0 gAAAAABpJPsEC1e4... 52 - - tx8c05ce2742e64d5ba18cb-006924fb2a - 0.0238 - - 1764031274.833820343 1764031274.857608080 0
Nov 24 19:41:14 np0005534223.novalocal object-server[97569]: ::1 - - [25/Nov/2025:00:41:14 +0000] "PUT /1/87044/AUTH_34047920d4864ad78d85d02365686cf8/gnocchi.18e98d64-5942-4b26-a3f7-ffe8b7e4b9f1/1763640000.0_mean_300.0_v3" 201 - "PUT http://[::1]:8080/v1/AUTH_34047920d4864ad78d85d02365686cf8/gnocchi.18e98d64-5942-4b26-a3f7-ffe8b7e4b9f1/1763640000.0_mean_300.0_v3" "tx78f3b97ed7854cf8b1b36-006924fb2a" "proxy-server 90339" 0.0141 "-" 97569 0
Nov 24 19:41:14 np0005534223.novalocal proxy-server[90339]: ::1 ::1 25/Nov/2025/00/41/14 PUT /v1/AUTH_34047920d4864ad78d85d02365686cf8/gnocchi.18e98d64-5942-4b26-a3f7-ffe8b7e4b9f1/1763640000.0_mean_300.0_v3 HTTP/1.0 201 - python-swiftclient-4.2.0 gAAAAABpJPsEg9N3... 16 - - tx78f3b97ed7854cf8b1b36-006924fb2a - 0.0237 - - 1764031274.835873842 1764031274.859575510 0
Nov 24 19:41:14 np0005534223.novalocal object-server[97569]: ::1 - - [25/Nov/2025:00:41:14 +0000] "GET /2/104130/AUTH_34047920d4864ad78d85d02365686cf8/gnocchi.90742f83-f119-4f12-b436-e1b8eda632f5/none_v3" 200 36 "GET http://[::1]:8080/v1/AUTH_34047920d4864ad78d85d02365686cf8/gnocchi.90742f83-f119-4f12-b436-e1b8eda632f5/none_v3" "tx7f43ac95801548c9b02ef-006924fb2a" "proxy-server 90340" 0.0005 "-" 97569 0
Nov 24 19:41:14 np0005534223.novalocal proxy-server[90340]: ::1 ::1 25/Nov/2025/00/41/14 GET /v1/AUTH_34047920d4864ad78d85d02365686cf8/gnocchi.90742f83-f119-4f12-b436-e1b8eda632f5/none_v3 HTTP/1.0 200 - python-swiftclient-4.2.0 gAAAAABpJPsEC1e4... - 36 - tx7f43ac95801548c9b02ef-006924fb2a - 0.0067 - - 1764031274.865289450 1764031274.871998549 0
Nov 24 19:41:14 np0005534223.novalocal container-server[97261]: ::1 - - [25/Nov/2025:00:41:14 +0000] "PUT /1/252514/AUTH_34047920d4864ad78d85d02365686cf8/gnocchi.18e98d64-5942-4b26-a3f7-ffe8b7e4b9f1/none_v3" 201 - "PUT http://[::1]:8080/3/249012/AUTH_34047920d4864ad78d85d02365686cf8/gnocchi.18e98d64-5942-4b26-a3f7-ffe8b7e4b9f1/none_v3" "txdad2070e7ece46c8aa4f9-006924fb2a" "object-server 97566" 0.0005 "-" 97261 0
Nov 24 19:41:14 np0005534223.novalocal object-server[97566]: ::1 - - [25/Nov/2025:00:41:14 +0000] "PUT /3/249012/AUTH_34047920d4864ad78d85d02365686cf8/gnocchi.18e98d64-5942-4b26-a3f7-ffe8b7e4b9f1/none_v3" 201 - "PUT http://[::1]:8080/v1/AUTH_34047920d4864ad78d85d02365686cf8/gnocchi.18e98d64-5942-4b26-a3f7-ffe8b7e4b9f1/none_v3" "txdad2070e7ece46c8aa4f9-006924fb2a" "proxy-server 90339" 0.0066 "-" 97566 0
Nov 24 19:41:14 np0005534223.novalocal container-server[97264]: ::1 - - [25/Nov/2025:00:41:14 +0000] "PUT /2/252514/AUTH_34047920d4864ad78d85d02365686cf8/gnocchi.18e98d64-5942-4b26-a3f7-ffe8b7e4b9f1/none_v3" 201 - "PUT http://[::1]:8080/2/249012/AUTH_34047920d4864ad78d85d02365686cf8/gnocchi.18e98d64-5942-4b26-a3f7-ffe8b7e4b9f1/none_v3" "txdad2070e7ece46c8aa4f9-006924fb2a" "object-server 97566" 0.0006 "-" 97264 0
Nov 24 19:41:14 np0005534223.novalocal object-server[97566]: ::1 - - [25/Nov/2025:00:41:14 +0000] "PUT /2/249012/AUTH_34047920d4864ad78d85d02365686cf8/gnocchi.18e98d64-5942-4b26-a3f7-ffe8b7e4b9f1/none_v3" 201 - "PUT http://[::1]:8080/v1/AUTH_34047920d4864ad78d85d02365686cf8/gnocchi.18e98d64-5942-4b26-a3f7-ffe8b7e4b9f1/none_v3" "txdad2070e7ece46c8aa4f9-006924fb2a" "proxy-server 90339" 0.0089 "-" 97566 0
Nov 24 19:41:14 np0005534223.novalocal container-server[97262]: ::1 - - [25/Nov/2025:00:41:14 +0000] "PUT /3/252514/AUTH_34047920d4864ad78d85d02365686cf8/gnocchi.18e98d64-5942-4b26-a3f7-ffe8b7e4b9f1/none_v3" 201 - "PUT http://[::1]:8080/1/249012/AUTH_34047920d4864ad78d85d02365686cf8/gnocchi.18e98d64-5942-4b26-a3f7-ffe8b7e4b9f1/none_v3" "txdad2070e7ece46c8aa4f9-006924fb2a" "object-server 97569" 0.0004 "-" 97262 0
Nov 24 19:41:14 np0005534223.novalocal object-server[97569]: ::1 - - [25/Nov/2025:00:41:14 +0000] "PUT /1/249012/AUTH_34047920d4864ad78d85d02365686cf8/gnocchi.18e98d64-5942-4b26-a3f7-ffe8b7e4b9f1/none_v3" 201 - "PUT http://[::1]:8080/v1/AUTH_34047920d4864ad78d85d02365686cf8/gnocchi.18e98d64-5942-4b26-a3f7-ffe8b7e4b9f1/none_v3" "txdad2070e7ece46c8aa4f9-006924fb2a" "proxy-server 90339" 0.0102 "-" 97569 0
Nov 24 19:41:14 np0005534223.novalocal proxy-server[90339]: ::1 ::1 25/Nov/2025/00/41/14 PUT /v1/AUTH_34047920d4864ad78d85d02365686cf8/gnocchi.18e98d64-5942-4b26-a3f7-ffe8b7e4b9f1/none_v3 HTTP/1.0 201 - python-swiftclient-4.2.0 gAAAAABpJPsEg9N3... 52 - - txdad2070e7ece46c8aa4f9-006924fb2a - 0.0168 - - 1764031274.862899303 1764031274.879725456 0
Nov 24 19:41:14 np0005534223.novalocal container-server[97261]: ::1 - - [25/Nov/2025:00:41:14 +0000] "GET /3/200833/AUTH_34047920d4864ad78d85d02365686cf8/gnocchi.90742f83-f119-4f12-b436-e1b8eda632f5" 200 357 "GET http://[::1]:8080/v1/AUTH_34047920d4864ad78d85d02365686cf8/gnocchi.90742f83-f119-4f12-b436-e1b8eda632f5?format=json&states=listing" "tx60eedb23cd0b4710b4b1e-006924fb2a" "proxy-server 90340" 0.0025 "-" 97261 0
Nov 24 19:41:14 np0005534223.novalocal proxy-server[90340]: ::1 ::1 25/Nov/2025/00/41/14 GET /v1/AUTH_34047920d4864ad78d85d02365686cf8/gnocchi.90742f83-f119-4f12-b436-e1b8eda632f5%3Fformat%3Djson%26states%3Dlisting HTTP/1.0 200 - python-swiftclient-4.2.0 gAAAAABpJPsEC1e4... - 357 - tx60eedb23cd0b4710b4b1e-006924fb2a - 0.0095 - - 1764031274.874788523 1764031274.884292126 0
Nov 24 19:41:14 np0005534223.novalocal container-server[97261]: ::1 - - [25/Nov/2025:00:41:14 +0000] "GET /3/200833/AUTH_34047920d4864ad78d85d02365686cf8/gnocchi.90742f83-f119-4f12-b436-e1b8eda632f5" 200 2 "GET http://[::1]:8080/v1/AUTH_34047920d4864ad78d85d02365686cf8/gnocchi.90742f83-f119-4f12-b436-e1b8eda632f5?format=json&marker=none_v3&states=listing" "txf757b587bf794a6eb0f9d-006924fb2a" "proxy-server 90340" 0.0023 "-" 97261 0
Nov 24 19:41:14 np0005534223.novalocal proxy-server[90340]: ::1 ::1 25/Nov/2025/00/41/14 GET /v1/AUTH_34047920d4864ad78d85d02365686cf8/gnocchi.90742f83-f119-4f12-b436-e1b8eda632f5%3Fformat%3Djson%26marker%3Dnone_v3%26states%3Dlisting HTTP/1.0 200 - python-swiftclient-4.2.0 gAAAAABpJPsEC1e4... - 2 - txf757b587bf794a6eb0f9d-006924fb2a - 0.0094 - - 1764031274.888147354 1764031274.897525311 0
Nov 24 19:41:14 np0005534223.novalocal object-server[97568]: ::1 - - [25/Nov/2025:00:41:14 +0000] "GET /3/185341/AUTH_34047920d4864ad78d85d02365686cf8/gnocchi.b81a5cdf-2239-4339-87f2-28a572c82ca3/none_v3" 200 43 "GET http://[::1]:8080/v1/AUTH_34047920d4864ad78d85d02365686cf8/gnocchi.b81a5cdf-2239-4339-87f2-28a572c82ca3/none_v3" "tx443c7bc272fa45e5b7534-006924fb2a" "proxy-server 90339" 0.0006 "-" 97568 0
Nov 24 19:41:14 np0005534223.novalocal proxy-server[90339]: ::1 ::1 25/Nov/2025/00/41/14 GET /v1/AUTH_34047920d4864ad78d85d02365686cf8/gnocchi.b81a5cdf-2239-4339-87f2-28a572c82ca3/none_v3 HTTP/1.0 200 - python-swiftclient-4.2.0 gAAAAABpJPsEg9N3... - 43 - tx443c7bc272fa45e5b7534-006924fb2a - 0.0074 - - 1764031274.892486811 1764031274.899904490 0
Nov 24 19:41:14 np0005534223.novalocal object-server[97568]: ::1 - - [25/Nov/2025:00:41:14 +0000] "GET /3/57708/AUTH_34047920d4864ad78d85d02365686cf8/gnocchi.90742f83-f119-4f12-b436-e1b8eda632f5/1763640000.0_mean_300.0_v3" 200 16 "GET http://[::1]:8080/v1/AUTH_34047920d4864ad78d85d02365686cf8/gnocchi.90742f83-f119-4f12-b436-e1b8eda632f5/1763640000.0_mean_300.0_v3" "tx5828e9ba20db47daa2387-006924fb2a" "proxy-server 90340" 0.0007 "-" 97568 0
Nov 24 19:41:14 np0005534223.novalocal proxy-server[90340]: ::1 ::1 25/Nov/2025/00/41/14 GET /v1/AUTH_34047920d4864ad78d85d02365686cf8/gnocchi.90742f83-f119-4f12-b436-e1b8eda632f5/1763640000.0_mean_300.0_v3 HTTP/1.0 200 - python-swiftclient-4.2.0 gAAAAABpJPsEC1e4... - 16 - tx5828e9ba20db47daa2387-006924fb2a - 0.0065 - - 1764031274.900052071 1764031274.906550646 0
Nov 24 19:41:14 np0005534223.novalocal container-server[97261]: ::1 - - [25/Nov/2025:00:41:14 +0000] "GET /3/26234/AUTH_34047920d4864ad78d85d02365686cf8/gnocchi.b81a5cdf-2239-4339-87f2-28a572c82ca3" 200 357 "GET http://[::1]:8080/v1/AUTH_34047920d4864ad78d85d02365686cf8/gnocchi.b81a5cdf-2239-4339-87f2-28a572c82ca3?format=json&states=listing" "txa4b1749a01e1474f8f88a-006924fb2a" "proxy-server 90339" 0.0024 "-" 97261 0
Nov 24 19:41:14 np0005534223.novalocal proxy-server[90339]: ::1 ::1 25/Nov/2025/00/41/14 GET /v1/AUTH_34047920d4864ad78d85d02365686cf8/gnocchi.b81a5cdf-2239-4339-87f2-28a572c82ca3%3Fformat%3Djson%26states%3Dlisting HTTP/1.0 200 - python-swiftclient-4.2.0 gAAAAABpJPsEg9N3... - 357 - txa4b1749a01e1474f8f88a-006924fb2a - 0.0080 - - 1764031274.903266668 1764031274.911302090 0
Nov 24 19:41:14 np0005534223.novalocal container-server[97261]: ::1 - - [25/Nov/2025:00:41:14 +0000] "GET /1/26234/AUTH_34047920d4864ad78d85d02365686cf8/gnocchi.b81a5cdf-2239-4339-87f2-28a572c82ca3" 200 2 "GET http://[::1]:8080/v1/AUTH_34047920d4864ad78d85d02365686cf8/gnocchi.b81a5cdf-2239-4339-87f2-28a572c82ca3?format=json&marker=none_v3&states=listing" "tx94982ce6e6fd44a4935d3-006924fb2a" "proxy-server 90339" 0.0021 "-" 97261 0
Nov 24 19:41:14 np0005534223.novalocal proxy-server[90339]: ::1 ::1 25/Nov/2025/00/41/14 GET /v1/AUTH_34047920d4864ad78d85d02365686cf8/gnocchi.b81a5cdf-2239-4339-87f2-28a572c82ca3%3Fformat%3Djson%26marker%3Dnone_v3%26states%3Dlisting HTTP/1.0 200 - python-swiftclient-4.2.0 gAAAAABpJPsEg9N3... - 2 - tx94982ce6e6fd44a4935d3-006924fb2a - 0.0073 - - 1764031274.913178682 1764031274.920510530 0
Nov 24 19:41:14 np0005534223.novalocal container-server[97264]: ::1 - - [25/Nov/2025:00:41:14 +0000] "PUT /2/200833/AUTH_34047920d4864ad78d85d02365686cf8/gnocchi.90742f83-f119-4f12-b436-e1b8eda632f5/1763640000.0_mean_300.0_v3" 201 - "PUT http://[::1]:8080/3/57708/AUTH_34047920d4864ad78d85d02365686cf8/gnocchi.90742f83-f119-4f12-b436-e1b8eda632f5/1763640000.0_mean_300.0_v3" "tx2fb362d3218b40a7b9df9-006924fb2a" "object-server 97567" 0.0005 "-" 97264 0
Nov 24 19:41:14 np0005534223.novalocal object-server[97567]: ::1 - - [25/Nov/2025:00:41:14 +0000] "PUT /3/57708/AUTH_34047920d4864ad78d85d02365686cf8/gnocchi.90742f83-f119-4f12-b436-e1b8eda632f5/1763640000.0_mean_300.0_v3" 201 - "PUT http://[::1]:8080/v1/AUTH_34047920d4864ad78d85d02365686cf8/gnocchi.90742f83-f119-4f12-b436-e1b8eda632f5/1763640000.0_mean_300.0_v3" "tx2fb362d3218b40a7b9df9-006924fb2a" "proxy-server 90340" 0.0101 "-" 97567 0
Nov 24 19:41:14 np0005534223.novalocal object-server[97566]: ::1 - - [25/Nov/2025:00:41:14 +0000] "GET /1/88714/AUTH_34047920d4864ad78d85d02365686cf8/gnocchi.b81a5cdf-2239-4339-87f2-28a572c82ca3/1763640000.0_mean_300.0_v3" 200 16 "GET http://[::1]:8080/v1/AUTH_34047920d4864ad78d85d02365686cf8/gnocchi.b81a5cdf-2239-4339-87f2-28a572c82ca3/1763640000.0_mean_300.0_v3" "tx6f26332d796b47b7a24ca-006924fb2a" "proxy-server 90339" 0.0006 "-" 97566 0
Nov 24 19:41:14 np0005534223.novalocal container-server[97263]: ::1 - - [25/Nov/2025:00:41:14 +0000] "PUT /1/200833/AUTH_34047920d4864ad78d85d02365686cf8/gnocchi.90742f83-f119-4f12-b436-e1b8eda632f5/1763640000.0_mean_300.0_v3" 201 - "PUT http://[::1]:8080/2/57708/AUTH_34047920d4864ad78d85d02365686cf8/gnocchi.90742f83-f119-4f12-b436-e1b8eda632f5/1763640000.0_mean_300.0_v3" "tx2fb362d3218b40a7b9df9-006924fb2a" "object-server 97568" 0.0004 "-" 97263 0
Nov 24 19:41:14 np0005534223.novalocal proxy-server[90339]: ::1 ::1 25/Nov/2025/00/41/14 GET /v1/AUTH_34047920d4864ad78d85d02365686cf8/gnocchi.b81a5cdf-2239-4339-87f2-28a572c82ca3/1763640000.0_mean_300.0_v3 HTTP/1.0 200 - python-swiftclient-4.2.0 gAAAAABpJPsEg9N3... - 16 - tx6f26332d796b47b7a24ca-006924fb2a - 0.0056 - - 1764031274.924428940 1764031274.930062056 0
Nov 24 19:41:14 np0005534223.novalocal container-server[97262]: ::1 - - [25/Nov/2025:00:41:14 +0000] "PUT /3/200833/AUTH_34047920d4864ad78d85d02365686cf8/gnocchi.90742f83-f119-4f12-b436-e1b8eda632f5/1763640000.0_mean_300.0_v3" 201 - "PUT http://[::1]:8080/1/57708/AUTH_34047920d4864ad78d85d02365686cf8/gnocchi.90742f83-f119-4f12-b436-e1b8eda632f5/1763640000.0_mean_300.0_v3" "tx2fb362d3218b40a7b9df9-006924fb2a" "object-server 97568" 0.0004 "-" 97262 0
Nov 24 19:41:14 np0005534223.novalocal object-server[97568]: ::1 - - [25/Nov/2025:00:41:14 +0000] "PUT /2/57708/AUTH_34047920d4864ad78d85d02365686cf8/gnocchi.90742f83-f119-4f12-b436-e1b8eda632f5/1763640000.0_mean_300.0_v3" 201 - "PUT http://[::1]:8080/v1/AUTH_34047920d4864ad78d85d02365686cf8/gnocchi.90742f83-f119-4f12-b436-e1b8eda632f5/1763640000.0_mean_300.0_v3" "tx2fb362d3218b40a7b9df9-006924fb2a" "proxy-server 90340" 0.0133 "-" 97568 0
Nov 24 19:41:14 np0005534223.novalocal object-server[97568]: ::1 - - [25/Nov/2025:00:41:14 +0000] "PUT /1/57708/AUTH_34047920d4864ad78d85d02365686cf8/gnocchi.90742f83-f119-4f12-b436-e1b8eda632f5/1763640000.0_mean_300.0_v3" 201 - "PUT http://[::1]:8080/v1/AUTH_34047920d4864ad78d85d02365686cf8/gnocchi.90742f83-f119-4f12-b436-e1b8eda632f5/1763640000.0_mean_300.0_v3" "tx2fb362d3218b40a7b9df9-006924fb2a" "proxy-server 90340" 0.0158 "-" 97568 0
Nov 24 19:41:14 np0005534223.novalocal proxy-server[90340]: ::1 ::1 25/Nov/2025/00/41/14 PUT /v1/AUTH_34047920d4864ad78d85d02365686cf8/gnocchi.90742f83-f119-4f12-b436-e1b8eda632f5/1763640000.0_mean_300.0_v3 HTTP/1.0 201 - python-swiftclient-4.2.0 gAAAAABpJPsEC1e4... 16 - - tx2fb362d3218b40a7b9df9-006924fb2a - 0.0254 - - 1764031274.908445835 1764031274.933844805 0
Nov 24 19:41:14 np0005534223.novalocal container-server[97261]: ::1 - - [25/Nov/2025:00:41:14 +0000] "PUT /2/26234/AUTH_34047920d4864ad78d85d02365686cf8/gnocchi.b81a5cdf-2239-4339-87f2-28a572c82ca3/1763640000.0_mean_300.0_v3" 201 - "PUT http://[::1]:8080/1/88714/AUTH_34047920d4864ad78d85d02365686cf8/gnocchi.b81a5cdf-2239-4339-87f2-28a572c82ca3/1763640000.0_mean_300.0_v3" "tx4e2fdb241ed447e28ccd5-006924fb2a" "object-server 97566" 0.0007 "-" 97261 0
Nov 24 19:41:14 np0005534223.novalocal object-server[97566]: ::1 - - [25/Nov/2025:00:41:14 +0000] "PUT /1/88714/AUTH_34047920d4864ad78d85d02365686cf8/gnocchi.b81a5cdf-2239-4339-87f2-28a572c82ca3/1763640000.0_mean_300.0_v3" 201 - "PUT http://[::1]:8080/v1/AUTH_34047920d4864ad78d85d02365686cf8/gnocchi.b81a5cdf-2239-4339-87f2-28a572c82ca3/1763640000.0_mean_300.0_v3" "tx4e2fdb241ed447e28ccd5-006924fb2a" "proxy-server 90339" 0.0088 "-" 97566 0
Nov 24 19:41:14 np0005534223.novalocal container-server[97263]: ::1 - - [25/Nov/2025:00:41:14 +0000] "PUT /1/26234/AUTH_34047920d4864ad78d85d02365686cf8/gnocchi.b81a5cdf-2239-4339-87f2-28a572c82ca3/1763640000.0_mean_300.0_v3" 201 - "PUT http://[::1]:8080/3/88714/AUTH_34047920d4864ad78d85d02365686cf8/gnocchi.b81a5cdf-2239-4339-87f2-28a572c82ca3/1763640000.0_mean_300.0_v3" "tx4e2fdb241ed447e28ccd5-006924fb2a" "object-server 97569" 0.0005 "-" 97263 0
Nov 24 19:41:14 np0005534223.novalocal container-server[97261]: ::1 - - [25/Nov/2025:00:41:14 +0000] "PUT /3/26234/AUTH_34047920d4864ad78d85d02365686cf8/gnocchi.b81a5cdf-2239-4339-87f2-28a572c82ca3/1763640000.0_mean_300.0_v3" 201 - "PUT http://[::1]:8080/2/88714/AUTH_34047920d4864ad78d85d02365686cf8/gnocchi.b81a5cdf-2239-4339-87f2-28a572c82ca3/1763640000.0_mean_300.0_v3" "tx4e2fdb241ed447e28ccd5-006924fb2a" "object-server 97568" 0.0004 "-" 97261 0
Nov 24 19:41:14 np0005534223.novalocal object-server[97569]: ::1 - - [25/Nov/2025:00:41:14 +0000] "PUT /3/88714/AUTH_34047920d4864ad78d85d02365686cf8/gnocchi.b81a5cdf-2239-4339-87f2-28a572c82ca3/1763640000.0_mean_300.0_v3" 201 - "PUT http://[::1]:8080/v1/AUTH_34047920d4864ad78d85d02365686cf8/gnocchi.b81a5cdf-2239-4339-87f2-28a572c82ca3/1763640000.0_mean_300.0_v3" "tx4e2fdb241ed447e28ccd5-006924fb2a" "proxy-server 90339" 0.0104 "-" 97569 0
Nov 24 19:41:14 np0005534223.novalocal object-server[97568]: ::1 - - [25/Nov/2025:00:41:14 +0000] "PUT /2/88714/AUTH_34047920d4864ad78d85d02365686cf8/gnocchi.b81a5cdf-2239-4339-87f2-28a572c82ca3/1763640000.0_mean_300.0_v3" 201 - "PUT http://[::1]:8080/v1/AUTH_34047920d4864ad78d85d02365686cf8/gnocchi.b81a5cdf-2239-4339-87f2-28a572c82ca3/1763640000.0_mean_300.0_v3" "tx4e2fdb241ed447e28ccd5-006924fb2a" "proxy-server 90339" 0.0111 "-" 97568 0
Nov 24 19:41:14 np0005534223.novalocal container-server[97264]: ::1 - - [25/Nov/2025:00:41:14 +0000] "PUT /2/200833/AUTH_34047920d4864ad78d85d02365686cf8/gnocchi.90742f83-f119-4f12-b436-e1b8eda632f5/none_v3" 201 - "PUT http://[::1]:8080/2/104130/AUTH_34047920d4864ad78d85d02365686cf8/gnocchi.90742f83-f119-4f12-b436-e1b8eda632f5/none_v3" "tx546a1ca012b0449a97339-006924fb2a" "object-server 97567" 0.0004 "-" 97264 0
Nov 24 19:41:14 np0005534223.novalocal proxy-server[90339]: ::1 ::1 25/Nov/2025/00/41/14 PUT /v1/AUTH_34047920d4864ad78d85d02365686cf8/gnocchi.b81a5cdf-2239-4339-87f2-28a572c82ca3/1763640000.0_mean_300.0_v3 HTTP/1.0 201 - python-swiftclient-4.2.0 gAAAAABpJPsEg9N3... 16 - - tx4e2fdb241ed447e28ccd5-006924fb2a - 0.0189 - - 1764031274.932741404 1764031274.951611280 0
Nov 24 19:41:14 np0005534223.novalocal container-server[97264]: ::1 - - [25/Nov/2025:00:41:14 +0000] "PUT /1/200833/AUTH_34047920d4864ad78d85d02365686cf8/gnocchi.90742f83-f119-4f12-b436-e1b8eda632f5/none_v3" 201 - "PUT http://[::1]:8080/1/104130/AUTH_34047920d4864ad78d85d02365686cf8/gnocchi.90742f83-f119-4f12-b436-e1b8eda632f5/none_v3" "tx546a1ca012b0449a97339-006924fb2a" "object-server 97569" 0.0003 "-" 97264 0
Nov 24 19:41:14 np0005534223.novalocal object-server[97567]: ::1 - - [25/Nov/2025:00:41:14 +0000] "PUT /2/104130/AUTH_34047920d4864ad78d85d02365686cf8/gnocchi.90742f83-f119-4f12-b436-e1b8eda632f5/none_v3" 201 - "PUT http://[::1]:8080/v1/AUTH_34047920d4864ad78d85d02365686cf8/gnocchi.90742f83-f119-4f12-b436-e1b8eda632f5/none_v3" "tx546a1ca012b0449a97339-006924fb2a" "proxy-server 90340" 0.0108 "-" 97567 0
Nov 24 19:41:14 np0005534223.novalocal container-server[97261]: ::1 - - [25/Nov/2025:00:41:14 +0000] "PUT /3/200833/AUTH_34047920d4864ad78d85d02365686cf8/gnocchi.90742f83-f119-4f12-b436-e1b8eda632f5/none_v3" 201 - "PUT http://[::1]:8080/3/104130/AUTH_34047920d4864ad78d85d02365686cf8/gnocchi.90742f83-f119-4f12-b436-e1b8eda632f5/none_v3" "tx546a1ca012b0449a97339-006924fb2a" "object-server 97568" 0.0004 "-" 97261 0
Nov 24 19:41:14 np0005534223.novalocal object-server[97569]: ::1 - - [25/Nov/2025:00:41:14 +0000] "PUT /1/104130/AUTH_34047920d4864ad78d85d02365686cf8/gnocchi.90742f83-f119-4f12-b436-e1b8eda632f5/none_v3" 201 - "PUT http://[::1]:8080/v1/AUTH_34047920d4864ad78d85d02365686cf8/gnocchi.90742f83-f119-4f12-b436-e1b8eda632f5/none_v3" "tx546a1ca012b0449a97339-006924fb2a" "proxy-server 90340" 0.0106 "-" 97569 0
Nov 24 19:41:14 np0005534223.novalocal object-server[97568]: ::1 - - [25/Nov/2025:00:41:14 +0000] "PUT /3/104130/AUTH_34047920d4864ad78d85d02365686cf8/gnocchi.90742f83-f119-4f12-b436-e1b8eda632f5/none_v3" 201 - "PUT http://[::1]:8080/v1/AUTH_34047920d4864ad78d85d02365686cf8/gnocchi.90742f83-f119-4f12-b436-e1b8eda632f5/none_v3" "tx546a1ca012b0449a97339-006924fb2a" "proxy-server 90340" 0.0121 "-" 97568 0
Nov 24 19:41:14 np0005534223.novalocal proxy-server[90340]: ::1 ::1 25/Nov/2025/00/41/14 PUT /v1/AUTH_34047920d4864ad78d85d02365686cf8/gnocchi.90742f83-f119-4f12-b436-e1b8eda632f5/none_v3 HTTP/1.0 201 - python-swiftclient-4.2.0 gAAAAABpJPsEC1e4... 45 - - tx546a1ca012b0449a97339-006924fb2a - 0.0185 - - 1764031274.935952187 1764031274.954488754 0
Nov 24 19:41:14 np0005534223.novalocal container-server[97262]: ::1 - - [25/Nov/2025:00:41:14 +0000] "PUT /2/26234/AUTH_34047920d4864ad78d85d02365686cf8/gnocchi.b81a5cdf-2239-4339-87f2-28a572c82ca3/none_v3" 201 - "PUT http://[::1]:8080/2/185341/AUTH_34047920d4864ad78d85d02365686cf8/gnocchi.b81a5cdf-2239-4339-87f2-28a572c82ca3/none_v3" "tx3e89a0d66937487bad23a-006924fb2a" "object-server 97567" 0.0007 "-" 97262 0
Nov 24 19:41:14 np0005534223.novalocal container-server[97264]: ::1 - - [25/Nov/2025:00:41:14 +0000] "PUT /3/26234/AUTH_34047920d4864ad78d85d02365686cf8/gnocchi.b81a5cdf-2239-4339-87f2-28a572c82ca3/none_v3" 201 - "PUT http://[::1]:8080/1/185341/AUTH_34047920d4864ad78d85d02365686cf8/gnocchi.b81a5cdf-2239-4339-87f2-28a572c82ca3/none_v3" "tx3e89a0d66937487bad23a-006924fb2a" "object-server 97569" 0.0005 "-" 97264 0
Nov 24 19:41:14 np0005534223.novalocal object-server[97567]: ::1 - - [25/Nov/2025:00:41:14 +0000] "PUT /2/185341/AUTH_34047920d4864ad78d85d02365686cf8/gnocchi.b81a5cdf-2239-4339-87f2-28a572c82ca3/none_v3" 201 - "PUT http://[::1]:8080/v1/AUTH_34047920d4864ad78d85d02365686cf8/gnocchi.b81a5cdf-2239-4339-87f2-28a572c82ca3/none_v3" "tx3e89a0d66937487bad23a-006924fb2a" "proxy-server 90339" 0.0082 "-" 97567 0
Nov 24 19:41:14 np0005534223.novalocal object-server[97569]: ::1 - - [25/Nov/2025:00:41:14 +0000] "PUT /1/185341/AUTH_34047920d4864ad78d85d02365686cf8/gnocchi.b81a5cdf-2239-4339-87f2-28a572c82ca3/none_v3" 201 - "PUT http://[::1]:8080/v1/AUTH_34047920d4864ad78d85d02365686cf8/gnocchi.b81a5cdf-2239-4339-87f2-28a572c82ca3/none_v3" "tx3e89a0d66937487bad23a-006924fb2a" "proxy-server 90339" 0.0082 "-" 97569 0
Nov 24 19:41:14 np0005534223.novalocal container-server[97263]: ::1 - - [25/Nov/2025:00:41:14 +0000] "PUT /1/26234/AUTH_34047920d4864ad78d85d02365686cf8/gnocchi.b81a5cdf-2239-4339-87f2-28a572c82ca3/none_v3" 201 - "PUT http://[::1]:8080/3/185341/AUTH_34047920d4864ad78d85d02365686cf8/gnocchi.b81a5cdf-2239-4339-87f2-28a572c82ca3/none_v3" "tx3e89a0d66937487bad23a-006924fb2a" "object-server 97568" 0.0005 "-" 97263 0
Nov 24 19:41:14 np0005534223.novalocal object-server[97568]: ::1 - - [25/Nov/2025:00:41:14 +0000] "PUT /3/185341/AUTH_34047920d4864ad78d85d02365686cf8/gnocchi.b81a5cdf-2239-4339-87f2-28a572c82ca3/none_v3" 201 - "PUT http://[::1]:8080/v1/AUTH_34047920d4864ad78d85d02365686cf8/gnocchi.b81a5cdf-2239-4339-87f2-28a572c82ca3/none_v3" "tx3e89a0d66937487bad23a-006924fb2a" "proxy-server 90339" 0.0095 "-" 97568 0
Nov 24 19:41:14 np0005534223.novalocal proxy-server[90339]: ::1 ::1 25/Nov/2025/00/41/14 PUT /v1/AUTH_34047920d4864ad78d85d02365686cf8/gnocchi.b81a5cdf-2239-4339-87f2-28a572c82ca3/none_v3 HTTP/1.0 201 - python-swiftclient-4.2.0 gAAAAABpJPsEg9N3... 51 - - tx3e89a0d66937487bad23a-006924fb2a - 0.0175 - - 1764031274.955519199 1764031274.972998619 0
Nov 24 19:41:19 np0005534223.novalocal object-server[104912]: Begin object audit "forever" mode (ZBF)
Nov 24 19:41:19 np0005534223.novalocal object-server[104913]: Begin object audit "forever" mode (ALL)
Nov 24 19:41:19 np0005534223.novalocal object-server[104912]: Object audit (ZBF). Since Tue Nov 25 00:41:19 2025: Locally: 1 passed, 0 quarantined, 0 errors, files/sec: 67.69, bytes/sec: 0.00, Total time: 0.01, Auditing time: 0.00, Rate: 0.00
Nov 24 19:41:21 np0005534223.novalocal object-server[104912]: Object audit (ZBF) "forever" mode completed: 1.32s. Total quarantined: 0, Total errors: 0, Total files/sec: 50.18, Total bytes/sec: 0.00, Auditing time: 1.29, Rate: 0.98
Nov 24 19:41:21 np0005534223.novalocal container-server[97262]: ::1 - - [25/Nov/2025:00:41:21 +0000] "HEAD /3/41433/AUTH_34047920d4864ad78d85d02365686cf8/gnocchi.aaa8da93-4e8b-44ef-91e8-e8afa77ea95c" 404 - "HEAD http://[::1]:8080/v1/AUTH_34047920d4864ad78d85d02365686cf8/gnocchi.aaa8da93-4e8b-44ef-91e8-e8afa77ea95c?format=json&states=listing" "tx08e946aff2db42c6a16ff-006924fb31" "proxy-server 90339" 0.0006 "-" 97262 0
Nov 24 19:41:21 np0005534223.novalocal container-server[97264]: ::1 - - [25/Nov/2025:00:41:21 +0000] "HEAD /1/41433/AUTH_34047920d4864ad78d85d02365686cf8/gnocchi.aaa8da93-4e8b-44ef-91e8-e8afa77ea95c" 404 - "HEAD http://[::1]:8080/v1/AUTH_34047920d4864ad78d85d02365686cf8/gnocchi.aaa8da93-4e8b-44ef-91e8-e8afa77ea95c?format=json&states=listing" "tx08e946aff2db42c6a16ff-006924fb31" "proxy-server 90339" 0.0003 "-" 97264 0
Nov 24 19:41:21 np0005534223.novalocal container-server[97261]: ::1 - - [25/Nov/2025:00:41:21 +0000] "HEAD /2/41433/AUTH_34047920d4864ad78d85d02365686cf8/gnocchi.aaa8da93-4e8b-44ef-91e8-e8afa77ea95c" 404 - "HEAD http://[::1]:8080/v1/AUTH_34047920d4864ad78d85d02365686cf8/gnocchi.aaa8da93-4e8b-44ef-91e8-e8afa77ea95c?format=json&states=listing" "tx08e946aff2db42c6a16ff-006924fb31" "proxy-server 90339" 0.0005 "-" 97261 0
Nov 24 19:41:21 np0005534223.novalocal object-server[97567]: ::1 - - [25/Nov/2025:00:41:21 +0000] "GET /3/192760/AUTH_34047920d4864ad78d85d02365686cf8/gnocchi.aaa8da93-4e8b-44ef-91e8-e8afa77ea95c/none_v3" 404 70 "GET http://[::1]:8080/v1/AUTH_34047920d4864ad78d85d02365686cf8/gnocchi.aaa8da93-4e8b-44ef-91e8-e8afa77ea95c/none_v3" "tx08e946aff2db42c6a16ff-006924fb31" "proxy-server 90339" 0.0003 "-" 97567 0
Nov 24 19:41:21 np0005534223.novalocal object-server[97568]: ::1 - - [25/Nov/2025:00:41:21 +0000] "GET /1/192760/AUTH_34047920d4864ad78d85d02365686cf8/gnocchi.aaa8da93-4e8b-44ef-91e8-e8afa77ea95c/none_v3" 404 70 "GET http://[::1]:8080/v1/AUTH_34047920d4864ad78d85d02365686cf8/gnocchi.aaa8da93-4e8b-44ef-91e8-e8afa77ea95c/none_v3" "tx08e946aff2db42c6a16ff-006924fb31" "proxy-server 90339" 0.0004 "-" 97568 0
Nov 24 19:41:21 np0005534223.novalocal object-server[97569]: ::1 - - [25/Nov/2025:00:41:21 +0000] "GET /2/192760/AUTH_34047920d4864ad78d85d02365686cf8/gnocchi.aaa8da93-4e8b-44ef-91e8-e8afa77ea95c/none_v3" 404 70 "GET http://[::1]:8080/v1/AUTH_34047920d4864ad78d85d02365686cf8/gnocchi.aaa8da93-4e8b-44ef-91e8-e8afa77ea95c/none_v3" "tx08e946aff2db42c6a16ff-006924fb31" "proxy-server 90339" 0.0003 "-" 97569 0
Nov 24 19:41:21 np0005534223.novalocal proxy-server[90339]: ::1 ::1 25/Nov/2025/00/41/21 GET /v1/AUTH_34047920d4864ad78d85d02365686cf8/gnocchi.aaa8da93-4e8b-44ef-91e8-e8afa77ea95c/none_v3 HTTP/1.0 404 - python-swiftclient-4.2.0 gAAAAABpJPsEg9N3... - 70 - tx08e946aff2db42c6a16ff-006924fb31 - 0.0302 - - 1764031281.340858459 1764031281.371041775 0
Nov 24 19:41:21 np0005534223.novalocal container-server[97262]: ::1 - - [25/Nov/2025:00:41:21 +0000] "HEAD /1/173533/AUTH_34047920d4864ad78d85d02365686cf8/gnocchi.fcc14d1f-1ffb-4346-8ed3-dfa9e2fadad8" 404 - "HEAD http://[::1]:8080/v1/AUTH_34047920d4864ad78d85d02365686cf8/gnocchi.fcc14d1f-1ffb-4346-8ed3-dfa9e2fadad8?format=json&states=listing" "txbc94c4f576fc49c9869ba-006924fb31" "proxy-server 90340" 0.0004 "-" 97262 0
Nov 24 19:41:21 np0005534223.novalocal container-server[97263]: ::1 - - [25/Nov/2025:00:41:21 +0000] "HEAD /3/173533/AUTH_34047920d4864ad78d85d02365686cf8/gnocchi.fcc14d1f-1ffb-4346-8ed3-dfa9e2fadad8" 404 - "HEAD http://[::1]:8080/v1/AUTH_34047920d4864ad78d85d02365686cf8/gnocchi.fcc14d1f-1ffb-4346-8ed3-dfa9e2fadad8?format=json&states=listing" "txbc94c4f576fc49c9869ba-006924fb31" "proxy-server 90340" 0.0005 "-" 97263 0
Nov 24 19:41:21 np0005534223.novalocal account-server[96968]: ::1 - - [25/Nov/2025:00:41:21 +0000] "PUT /3/156101/AUTH_34047920d4864ad78d85d02365686cf8/gnocchi.aaa8da93-4e8b-44ef-91e8-e8afa77ea95c" 201 - "PUT http://[::1]:6001/3/41433/AUTH_34047920d4864ad78d85d02365686cf8/gnocchi.aaa8da93-4e8b-44ef-91e8-e8afa77ea95c" "tx77ecaf299d28480687abc-006924fb31" "container-server 97262" 0.0014 "-" 96968 0
Nov 24 19:41:21 np0005534223.novalocal container-server[97262]: ::1 - - [25/Nov/2025:00:41:21 +0000] "PUT /3/41433/AUTH_34047920d4864ad78d85d02365686cf8/gnocchi.aaa8da93-4e8b-44ef-91e8-e8afa77ea95c" 201 - "PUT http://[::1]:8080/v1/AUTH_34047920d4864ad78d85d02365686cf8/gnocchi.aaa8da93-4e8b-44ef-91e8-e8afa77ea95c" "tx77ecaf299d28480687abc-006924fb31" "proxy-server 90339" 0.0198 "-" 97262 0
Nov 24 19:41:21 np0005534223.novalocal account-server[96968]: ::1 - - [25/Nov/2025:00:41:21 +0000] "PUT /1/156101/AUTH_34047920d4864ad78d85d02365686cf8/gnocchi.aaa8da93-4e8b-44ef-91e8-e8afa77ea95c" 201 - "PUT http://[::1]:6001/1/41433/AUTH_34047920d4864ad78d85d02365686cf8/gnocchi.aaa8da93-4e8b-44ef-91e8-e8afa77ea95c" "tx77ecaf299d28480687abc-006924fb31" "container-server 97264" 0.0015 "-" 96968 0
Nov 24 19:41:21 np0005534223.novalocal container-server[97264]: ::1 - - [25/Nov/2025:00:41:21 +0000] "HEAD /2/173533/AUTH_34047920d4864ad78d85d02365686cf8/gnocchi.fcc14d1f-1ffb-4346-8ed3-dfa9e2fadad8" 404 - "HEAD http://[::1]:8080/v1/AUTH_34047920d4864ad78d85d02365686cf8/gnocchi.fcc14d1f-1ffb-4346-8ed3-dfa9e2fadad8?format=json&states=listing" "txbc94c4f576fc49c9869ba-006924fb31" "proxy-server 90340" 0.0007 "-" 97264 0
Nov 24 19:41:21 np0005534223.novalocal container-server[97264]: ::1 - - [25/Nov/2025:00:41:21 +0000] "PUT /1/41433/AUTH_34047920d4864ad78d85d02365686cf8/gnocchi.aaa8da93-4e8b-44ef-91e8-e8afa77ea95c" 201 - "PUT http://[::1]:8080/v1/AUTH_34047920d4864ad78d85d02365686cf8/gnocchi.aaa8da93-4e8b-44ef-91e8-e8afa77ea95c" "tx77ecaf299d28480687abc-006924fb31" "proxy-server 90339" 0.0283 "-" 97264 0
Nov 24 19:41:21 np0005534223.novalocal account-server[96965]: ::1 - - [25/Nov/2025:00:41:21 +0000] "PUT /2/156101/AUTH_34047920d4864ad78d85d02365686cf8/gnocchi.aaa8da93-4e8b-44ef-91e8-e8afa77ea95c" 201 - "PUT http://[::1]:6001/2/41433/AUTH_34047920d4864ad78d85d02365686cf8/gnocchi.aaa8da93-4e8b-44ef-91e8-e8afa77ea95c" "tx77ecaf299d28480687abc-006924fb31" "container-server 97264" 0.0011 "-" 96965 0
Nov 24 19:41:21 np0005534223.novalocal container-server[97264]: ::1 - - [25/Nov/2025:00:41:21 +0000] "PUT /2/41433/AUTH_34047920d4864ad78d85d02365686cf8/gnocchi.aaa8da93-4e8b-44ef-91e8-e8afa77ea95c" 201 - "PUT http://[::1]:8080/v1/AUTH_34047920d4864ad78d85d02365686cf8/gnocchi.aaa8da93-4e8b-44ef-91e8-e8afa77ea95c" "tx77ecaf299d28480687abc-006924fb31" "proxy-server 90339" 0.0166 "-" 97264 0
Nov 24 19:41:21 np0005534223.novalocal object-server[97569]: ::1 - - [25/Nov/2025:00:41:21 +0000] "GET /1/150077/AUTH_34047920d4864ad78d85d02365686cf8/gnocchi.fcc14d1f-1ffb-4346-8ed3-dfa9e2fadad8/none_v3" 404 70 "GET http://[::1]:8080/v1/AUTH_34047920d4864ad78d85d02365686cf8/gnocchi.fcc14d1f-1ffb-4346-8ed3-dfa9e2fadad8/none_v3" "txbc94c4f576fc49c9869ba-006924fb31" "proxy-server 90340" 0.0004 "-" 97569 0
Nov 24 19:41:21 np0005534223.novalocal proxy-server[90339]: ::1 ::1 25/Nov/2025/00/41/21 PUT /v1/AUTH_34047920d4864ad78d85d02365686cf8/gnocchi.aaa8da93-4e8b-44ef-91e8-e8afa77ea95c HTTP/1.0 201 - python-swiftclient-4.2.0 gAAAAABpJPsEg9N3... - - - tx77ecaf299d28480687abc-006924fb31 - 0.0448 - - 1764031281.373757362 1764031281.418515682 0
Nov 24 19:41:21 np0005534223.novalocal object-server[97566]: ::1 - - [25/Nov/2025:00:41:21 +0000] "GET /3/150077/AUTH_34047920d4864ad78d85d02365686cf8/gnocchi.fcc14d1f-1ffb-4346-8ed3-dfa9e2fadad8/none_v3" 404 70 "GET http://[::1]:8080/v1/AUTH_34047920d4864ad78d85d02365686cf8/gnocchi.fcc14d1f-1ffb-4346-8ed3-dfa9e2fadad8/none_v3" "txbc94c4f576fc49c9869ba-006924fb31" "proxy-server 90340" 0.0004 "-" 97566 0
Nov 24 19:41:21 np0005534223.novalocal object-server[97566]: ::1 - - [25/Nov/2025:00:41:21 +0000] "GET /2/150077/AUTH_34047920d4864ad78d85d02365686cf8/gnocchi.fcc14d1f-1ffb-4346-8ed3-dfa9e2fadad8/none_v3" 404 70 "GET http://[::1]:8080/v1/AUTH_34047920d4864ad78d85d02365686cf8/gnocchi.fcc14d1f-1ffb-4346-8ed3-dfa9e2fadad8/none_v3" "txbc94c4f576fc49c9869ba-006924fb31" "proxy-server 90340" 0.0004 "-" 97566 0
Nov 24 19:41:21 np0005534223.novalocal proxy-server[90340]: ::1 ::1 25/Nov/2025/00/41/21 GET /v1/AUTH_34047920d4864ad78d85d02365686cf8/gnocchi.fcc14d1f-1ffb-4346-8ed3-dfa9e2fadad8/none_v3 HTTP/1.0 404 - python-swiftclient-4.2.0 gAAAAABpJPsEC1e4... - 70 - txbc94c4f576fc49c9869ba-006924fb31 - 0.0475 - - 1764031281.378443480 1764031281.425992966 0
Nov 24 19:41:21 np0005534223.novalocal container-server[97262]: ::1 - - [25/Nov/2025:00:41:21 +0000] "HEAD /2/41433/AUTH_34047920d4864ad78d85d02365686cf8/gnocchi.aaa8da93-4e8b-44ef-91e8-e8afa77ea95c" 204 - "HEAD http://[::1]:8080/v1/AUTH_34047920d4864ad78d85d02365686cf8/gnocchi.aaa8da93-4e8b-44ef-91e8-e8afa77ea95c?format=json&states=listing" "tx943cf5f8d3984dc381e78-006924fb31" "proxy-server 90339" 0.0013 "-" 97262 0
Nov 24 19:41:21 np0005534223.novalocal account-server[96965]: ::1 - - [25/Nov/2025:00:41:21 +0000] "PUT /1/156101/AUTH_34047920d4864ad78d85d02365686cf8/gnocchi.fcc14d1f-1ffb-4346-8ed3-dfa9e2fadad8" 201 - "PUT http://[::1]:6001/2/173533/AUTH_34047920d4864ad78d85d02365686cf8/gnocchi.fcc14d1f-1ffb-4346-8ed3-dfa9e2fadad8" "txc7b7ea7181b94595bb9d8-006924fb31" "container-server 97262" 0.0065 "-" 96965 0
Nov 24 19:41:21 np0005534223.novalocal container-server[97262]: ::1 - - [25/Nov/2025:00:41:21 +0000] "PUT /2/173533/AUTH_34047920d4864ad78d85d02365686cf8/gnocchi.fcc14d1f-1ffb-4346-8ed3-dfa9e2fadad8" 201 - "PUT http://[::1]:8080/v1/AUTH_34047920d4864ad78d85d02365686cf8/gnocchi.fcc14d1f-1ffb-4346-8ed3-dfa9e2fadad8" "txc7b7ea7181b94595bb9d8-006924fb31" "proxy-server 90340" 0.0249 "-" 97262 0
Nov 24 19:41:21 np0005534223.novalocal account-server[96967]: ::1 - - [25/Nov/2025:00:41:21 +0000] "PUT /2/156101/AUTH_34047920d4864ad78d85d02365686cf8/gnocchi.fcc14d1f-1ffb-4346-8ed3-dfa9e2fadad8" 201 - "PUT http://[::1]:6001/3/173533/AUTH_34047920d4864ad78d85d02365686cf8/gnocchi.fcc14d1f-1ffb-4346-8ed3-dfa9e2fadad8" "txc7b7ea7181b94595bb9d8-006924fb31" "container-server 97264" 0.0040 "-" 96967 0
Nov 24 19:41:21 np0005534223.novalocal container-server[97264]: ::1 - - [25/Nov/2025:00:41:21 +0000] "GET /3/41433/AUTH_34047920d4864ad78d85d02365686cf8/gnocchi.aaa8da93-4e8b-44ef-91e8-e8afa77ea95c" 200 2 "GET http://[::1]:8080/v1/AUTH_34047920d4864ad78d85d02365686cf8/gnocchi.aaa8da93-4e8b-44ef-91e8-e8afa77ea95c?format=json&states=listing" "tx943cf5f8d3984dc381e78-006924fb31" "proxy-server 90339" 0.0034 "-" 97264 0
Nov 24 19:41:21 np0005534223.novalocal proxy-server[90339]: ::1 ::1 25/Nov/2025/00/41/21 GET /v1/AUTH_34047920d4864ad78d85d02365686cf8/gnocchi.aaa8da93-4e8b-44ef-91e8-e8afa77ea95c%3Fformat%3Djson%26states%3Dlisting HTTP/1.0 200 - python-swiftclient-4.2.0 gAAAAABpJPsEg9N3... - 2 - tx943cf5f8d3984dc381e78-006924fb31 - 0.0527 - - 1764031281.421563625 1764031281.474248886 0
Nov 24 19:41:21 np0005534223.novalocal account-server[96968]: ::1 - - [25/Nov/2025:00:41:21 +0000] "PUT /3/156101/AUTH_34047920d4864ad78d85d02365686cf8/gnocchi.fcc14d1f-1ffb-4346-8ed3-dfa9e2fadad8" 201 - "PUT http://[::1]:6001/1/173533/AUTH_34047920d4864ad78d85d02365686cf8/gnocchi.fcc14d1f-1ffb-4346-8ed3-dfa9e2fadad8" "txc7b7ea7181b94595bb9d8-006924fb31" "container-server 97264" 0.0060 "-" 96968 0
Nov 24 19:41:21 np0005534223.novalocal container-server[97264]: ::1 - - [25/Nov/2025:00:41:21 +0000] "PUT /3/173533/AUTH_34047920d4864ad78d85d02365686cf8/gnocchi.fcc14d1f-1ffb-4346-8ed3-dfa9e2fadad8" 201 - "PUT http://[::1]:8080/v1/AUTH_34047920d4864ad78d85d02365686cf8/gnocchi.fcc14d1f-1ffb-4346-8ed3-dfa9e2fadad8" "txc7b7ea7181b94595bb9d8-006924fb31" "proxy-server 90340" 0.0399 "-" 97264 0
Nov 24 19:41:21 np0005534223.novalocal container-server[97264]: ::1 - - [25/Nov/2025:00:41:21 +0000] "PUT /1/173533/AUTH_34047920d4864ad78d85d02365686cf8/gnocchi.fcc14d1f-1ffb-4346-8ed3-dfa9e2fadad8" 201 - "PUT http://[::1]:8080/v1/AUTH_34047920d4864ad78d85d02365686cf8/gnocchi.fcc14d1f-1ffb-4346-8ed3-dfa9e2fadad8" "txc7b7ea7181b94595bb9d8-006924fb31" "proxy-server 90340" 0.0283 "-" 97264 0
