Nov 24 19:41:03 np0005534223.novalocal container-server[97261]: ::1 - - [25/Nov/2025:00:41:03 +0000] "PUT /3/200833/AUTH_34047920d4864ad78d85d02365686cf8/gnocchi.90742f83-f119-4f12-b436-e1b8eda632f5/1763640000.0_mean_300.0_v3" 201 - "PUT http://[::1]:8080/3/57708/AUTH_34047920d4864ad78d85d02365686cf8/gnocchi.90742f83-f119-4f12-b436-e1b8eda632f5/1763640000.0_mean_300.0_v3" "txdd6344d1653149ae8df8a-006924fb1f" "object-server 97569" 0.0012 "-" 97261 0
Nov 24 19:41:03 np0005534223.novalocal object-server[97569]: ::1 - - [25/Nov/2025:00:41:03 +0000] "PUT /3/57708/AUTH_34047920d4864ad78d85d02365686cf8/gnocchi.90742f83-f119-4f12-b436-e1b8eda632f5/1763640000.0_mean_300.0_v3" 201 - "PUT http://[::1]:8080/v1/AUTH_34047920d4864ad78d85d02365686cf8/gnocchi.90742f83-f119-4f12-b436-e1b8eda632f5/1763640000.0_mean_300.0_v3" "txdd6344d1653149ae8df8a-006924fb1f" "proxy-server 90339" 0.0164 "-" 97569 0
Nov 24 19:41:03 np0005534223.novalocal container-server[97263]: ::1 - - [25/Nov/2025:00:41:03 +0000] "PUT /2/200833/AUTH_34047920d4864ad78d85d02365686cf8/gnocchi.90742f83-f119-4f12-b436-e1b8eda632f5/1763640000.0_mean_300.0_v3" 201 - "PUT http://[::1]:8080/1/57708/AUTH_34047920d4864ad78d85d02365686cf8/gnocchi.90742f83-f119-4f12-b436-e1b8eda632f5/1763640000.0_mean_300.0_v3" "txdd6344d1653149ae8df8a-006924fb1f" "object-server 97569" 0.0007 "-" 97263 0
Nov 24 19:41:03 np0005534223.novalocal object-server[97569]: ::1 - - [25/Nov/2025:00:41:03 +0000] "PUT /1/57708/AUTH_34047920d4864ad78d85d02365686cf8/gnocchi.90742f83-f119-4f12-b436-e1b8eda632f5/1763640000.0_mean_300.0_v3" 201 - "PUT http://[::1]:8080/v1/AUTH_34047920d4864ad78d85d02365686cf8/gnocchi.90742f83-f119-4f12-b436-e1b8eda632f5/1763640000.0_mean_300.0_v3" "txdd6344d1653149ae8df8a-006924fb1f" "proxy-server 90339" 0.0154 "-" 97569 0
Nov 24 19:41:03 np0005534223.novalocal container-server[97264]: ::1 - - [25/Nov/2025:00:41:03 +0000] "PUT /1/200833/AUTH_34047920d4864ad78d85d02365686cf8/gnocchi.90742f83-f119-4f12-b436-e1b8eda632f5/1763640000.0_mean_300.0_v3" 201 - "PUT http://[::1]:8080/2/57708/AUTH_34047920d4864ad78d85d02365686cf8/gnocchi.90742f83-f119-4f12-b436-e1b8eda632f5/1763640000.0_mean_300.0_v3" "txdd6344d1653149ae8df8a-006924fb1f" "object-server 97569" 0.0009 "-" 97264 0
Nov 24 19:41:03 np0005534223.novalocal object-server[97569]: ::1 - - [25/Nov/2025:00:41:03 +0000] "PUT /2/57708/AUTH_34047920d4864ad78d85d02365686cf8/gnocchi.90742f83-f119-4f12-b436-e1b8eda632f5/1763640000.0_mean_300.0_v3" 201 - "PUT http://[::1]:8080/v1/AUTH_34047920d4864ad78d85d02365686cf8/gnocchi.90742f83-f119-4f12-b436-e1b8eda632f5/1763640000.0_mean_300.0_v3" "txdd6344d1653149ae8df8a-006924fb1f" "proxy-server 90339" 0.0229 "-" 97569 0
Nov 24 19:41:03 np0005534223.novalocal proxy-server[90339]: ::1 ::1 25/Nov/2025/00/41/03 PUT /v1/AUTH_34047920d4864ad78d85d02365686cf8/gnocchi.90742f83-f119-4f12-b436-e1b8eda632f5/1763640000.0_mean_300.0_v3 HTTP/1.0 201 - python-swiftclient-4.2.0 gAAAAABpJPsEg9N3... 16 - - txdd6344d1653149ae8df8a-006924fb1f - 0.0373 - - 1764031263.918620110 1764031263.955934763 0
Nov 24 19:41:03 np0005534223.novalocal sshd-session[104807]: Invalid user admin from 155.4.244.107 port 17176
Nov 24 19:41:03 np0005534223.novalocal dnsmasq[103453]: read /var/lib/neutron/dhcp/2756d021-202b-4e50-bca3-199b21024b5e/addn_hosts - 3 addresses
Nov 24 19:41:03 np0005534223.novalocal dnsmasq-dhcp[103453]: read /var/lib/neutron/dhcp/2756d021-202b-4e50-bca3-199b21024b5e/host
Nov 24 19:41:03 np0005534223.novalocal dnsmasq-dhcp[103453]: read /var/lib/neutron/dhcp/2756d021-202b-4e50-bca3-199b21024b5e/opts
Nov 24 19:41:03 np0005534223.novalocal container-server[97263]: ::1 - - [25/Nov/2025:00:41:03 +0000] "PUT /3/200833/AUTH_34047920d4864ad78d85d02365686cf8/gnocchi.90742f83-f119-4f12-b436-e1b8eda632f5/none_v3" 201 - "PUT http://[::1]:8080/1/104130/AUTH_34047920d4864ad78d85d02365686cf8/gnocchi.90742f83-f119-4f12-b436-e1b8eda632f5/none_v3" "tx93fd6d728e7e4c3ea8e88-006924fb1f" "object-server 97566" 0.0013 "-" 97263 0
Nov 24 19:41:03 np0005534223.novalocal object-server[97566]: ::1 - - [25/Nov/2025:00:41:03 +0000] "PUT /1/104130/AUTH_34047920d4864ad78d85d02365686cf8/gnocchi.90742f83-f119-4f12-b436-e1b8eda632f5/none_v3" 201 - "PUT http://[::1]:8080/v1/AUTH_34047920d4864ad78d85d02365686cf8/gnocchi.90742f83-f119-4f12-b436-e1b8eda632f5/none_v3" "tx93fd6d728e7e4c3ea8e88-006924fb1f" "proxy-server 90339" 0.0200 "-" 97566 0
Nov 24 19:41:03 np0005534223.novalocal container-server[97262]: ::1 - - [25/Nov/2025:00:41:03 +0000] "PUT /1/200833/AUTH_34047920d4864ad78d85d02365686cf8/gnocchi.90742f83-f119-4f12-b436-e1b8eda632f5/none_v3" 201 - "PUT http://[::1]:8080/2/104130/AUTH_34047920d4864ad78d85d02365686cf8/gnocchi.90742f83-f119-4f12-b436-e1b8eda632f5/none_v3" "tx93fd6d728e7e4c3ea8e88-006924fb1f" "object-server 97569" 0.0011 "-" 97262 0
Nov 24 19:41:03 np0005534223.novalocal container-server[97263]: ::1 - - [25/Nov/2025:00:41:03 +0000] "PUT /2/200833/AUTH_34047920d4864ad78d85d02365686cf8/gnocchi.90742f83-f119-4f12-b436-e1b8eda632f5/none_v3" 201 - "PUT http://[::1]:8080/3/104130/AUTH_34047920d4864ad78d85d02365686cf8/gnocchi.90742f83-f119-4f12-b436-e1b8eda632f5/none_v3" "tx93fd6d728e7e4c3ea8e88-006924fb1f" "object-server 97568" 0.0007 "-" 97263 0
Nov 24 19:41:03 np0005534223.novalocal object-server[97569]: ::1 - - [25/Nov/2025:00:41:03 +0000] "PUT /2/104130/AUTH_34047920d4864ad78d85d02365686cf8/gnocchi.90742f83-f119-4f12-b436-e1b8eda632f5/none_v3" 201 - "PUT http://[::1]:8080/v1/AUTH_34047920d4864ad78d85d02365686cf8/gnocchi.90742f83-f119-4f12-b436-e1b8eda632f5/none_v3" "tx93fd6d728e7e4c3ea8e88-006924fb1f" "proxy-server 90339" 0.0255 "-" 97569 0
Nov 24 19:41:03 np0005534223.novalocal object-server[97568]: ::1 - - [25/Nov/2025:00:41:03 +0000] "PUT /3/104130/AUTH_34047920d4864ad78d85d02365686cf8/gnocchi.90742f83-f119-4f12-b436-e1b8eda632f5/none_v3" 201 - "PUT http://[::1]:8080/v1/AUTH_34047920d4864ad78d85d02365686cf8/gnocchi.90742f83-f119-4f12-b436-e1b8eda632f5/none_v3" "tx93fd6d728e7e4c3ea8e88-006924fb1f" "proxy-server 90339" 0.0269 "-" 97568 0
Nov 24 19:41:03 np0005534223.novalocal proxy-server[90339]: ::1 ::1 25/Nov/2025/00/41/03 PUT /v1/AUTH_34047920d4864ad78d85d02365686cf8/gnocchi.90742f83-f119-4f12-b436-e1b8eda632f5/none_v3 HTTP/1.0 201 - python-swiftclient-4.2.0 gAAAAABpJPsEg9N3... 27 - - tx93fd6d728e7e4c3ea8e88-006924fb1f - 0.0347 - - 1764031263.959808111 1764031263.994550943 0
Nov 24 19:41:04 np0005534223.novalocal sshd-session[104807]: Received disconnect from 155.4.244.107 port 17176:11: Bye Bye [preauth]
Nov 24 19:41:04 np0005534223.novalocal sshd-session[104807]: Disconnected from invalid user admin 155.4.244.107 port 17176 [preauth]
Nov 24 19:41:04 np0005534223.novalocal object-server[97568]: ::1 - - [25/Nov/2025:00:41:04 +0000] "GET /2/72785/AUTH_34047920d4864ad78d85d02365686cf8/gnocchi.99d34b94-8bb9-40d3-82ea-978c63819f35/none_v3" 200 32 "GET http://[::1]:8080/v1/AUTH_34047920d4864ad78d85d02365686cf8/gnocchi.99d34b94-8bb9-40d3-82ea-978c63819f35/none_v3" "txd6d525e861a84ad69ce8e-006924fb20" "proxy-server 90339" 0.0007 "-" 97568 0
Nov 24 19:41:04 np0005534223.novalocal object-server[97566]: ::1 - - [25/Nov/2025:00:41:04 +0000] "GET /3/249012/AUTH_34047920d4864ad78d85d02365686cf8/gnocchi.18e98d64-5942-4b26-a3f7-ffe8b7e4b9f1/none_v3" 200 32 "GET http://[::1]:8080/v1/AUTH_34047920d4864ad78d85d02365686cf8/gnocchi.18e98d64-5942-4b26-a3f7-ffe8b7e4b9f1/none_v3" "txf668d71eb51043e0b47ff-006924fb20" "proxy-server 90340" 0.0008 "-" 97566 0
Nov 24 19:41:04 np0005534223.novalocal proxy-server[90339]: ::1 ::1 25/Nov/2025/00/41/04 GET /v1/AUTH_34047920d4864ad78d85d02365686cf8/gnocchi.99d34b94-8bb9-40d3-82ea-978c63819f35/none_v3 HTTP/1.0 200 - python-swiftclient-4.2.0 gAAAAABpJPsEg9N3... - 32 - txd6d525e861a84ad69ce8e-006924fb20 - 0.0065 - - 1764031264.466190577 1764031264.472725153 0
Nov 24 19:41:04 np0005534223.novalocal proxy-server[90340]: ::1 ::1 25/Nov/2025/00/41/04 GET /v1/AUTH_34047920d4864ad78d85d02365686cf8/gnocchi.18e98d64-5942-4b26-a3f7-ffe8b7e4b9f1/none_v3 HTTP/1.0 200 - python-swiftclient-4.2.0 gAAAAABpJPsEC1e4... - 32 - txf668d71eb51043e0b47ff-006924fb20 - 0.0086 - - 1764031264.465475798 1764031264.474106789 0
Nov 24 19:41:04 np0005534223.novalocal container-server[97261]: ::1 - - [25/Nov/2025:00:41:04 +0000] "GET /1/252514/AUTH_34047920d4864ad78d85d02365686cf8/gnocchi.18e98d64-5942-4b26-a3f7-ffe8b7e4b9f1" 200 357 "GET http://[::1]:8080/v1/AUTH_34047920d4864ad78d85d02365686cf8/gnocchi.18e98d64-5942-4b26-a3f7-ffe8b7e4b9f1?format=json&states=listing" "tx3b355a6190484e7ba2329-006924fb20" "proxy-server 90340" 0.0106 "-" 97261 0
Nov 24 19:41:04 np0005534223.novalocal container-server[97262]: ::1 - - [25/Nov/2025:00:41:04 +0000] "GET /2/25137/AUTH_34047920d4864ad78d85d02365686cf8/gnocchi.99d34b94-8bb9-40d3-82ea-978c63819f35" 200 357 "GET http://[::1]:8080/v1/AUTH_34047920d4864ad78d85d02365686cf8/gnocchi.99d34b94-8bb9-40d3-82ea-978c63819f35?format=json&states=listing" "txd78d4069af2b4ebf9fcbe-006924fb20" "proxy-server 90339" 0.0130 "-" 97262 0
Nov 24 19:41:04 np0005534223.novalocal proxy-server[90340]: ::1 ::1 25/Nov/2025/00/41/04 GET /v1/AUTH_34047920d4864ad78d85d02365686cf8/gnocchi.18e98d64-5942-4b26-a3f7-ffe8b7e4b9f1%3Fformat%3Djson%26states%3Dlisting HTTP/1.0 200 - python-swiftclient-4.2.0 gAAAAABpJPsEC1e4... - 357 - tx3b355a6190484e7ba2329-006924fb20 - 0.0166 - - 1764031264.478839397 1764031264.495389462 0
Nov 24 19:41:04 np0005534223.novalocal proxy-server[90339]: ::1 ::1 25/Nov/2025/00/41/04 GET /v1/AUTH_34047920d4864ad78d85d02365686cf8/gnocchi.99d34b94-8bb9-40d3-82ea-978c63819f35%3Fformat%3Djson%26states%3Dlisting HTTP/1.0 200 - python-swiftclient-4.2.0 gAAAAABpJPsEg9N3... - 357 - txd78d4069af2b4ebf9fcbe-006924fb20 - 0.0201 - - 1764031264.476982594 1764031264.497107267 0
Nov 24 19:41:04 np0005534223.novalocal container-server[97261]: ::1 - - [25/Nov/2025:00:41:04 +0000] "GET /2/25137/AUTH_34047920d4864ad78d85d02365686cf8/gnocchi.99d34b94-8bb9-40d3-82ea-978c63819f35" 200 2 "GET http://[::1]:8080/v1/AUTH_34047920d4864ad78d85d02365686cf8/gnocchi.99d34b94-8bb9-40d3-82ea-978c63819f35?format=json&marker=none_v3&states=listing" "tx8e09953c1f2a448ebb25b-006924fb20" "proxy-server 90339" 0.0020 "-" 97261 0
Nov 24 19:41:04 np0005534223.novalocal proxy-server[90339]: ::1 ::1 25/Nov/2025/00/41/04 GET /v1/AUTH_34047920d4864ad78d85d02365686cf8/gnocchi.99d34b94-8bb9-40d3-82ea-978c63819f35%3Fformat%3Djson%26marker%3Dnone_v3%26states%3Dlisting HTTP/1.0 200 - python-swiftclient-4.2.0 gAAAAABpJPsEg9N3... - 2 - tx8e09953c1f2a448ebb25b-006924fb20 - 0.0081 - - 1764031264.501442671 1764031264.509546280 0
Nov 24 19:41:04 np0005534223.novalocal container-server[97263]: ::1 - - [25/Nov/2025:00:41:04 +0000] "GET /3/252514/AUTH_34047920d4864ad78d85d02365686cf8/gnocchi.18e98d64-5942-4b26-a3f7-ffe8b7e4b9f1" 200 2 "GET http://[::1]:8080/v1/AUTH_34047920d4864ad78d85d02365686cf8/gnocchi.18e98d64-5942-4b26-a3f7-ffe8b7e4b9f1?format=json&marker=none_v3&states=listing" "txc468012bf63a4680a844b-006924fb20" "proxy-server 90340" 0.0090 "-" 97263 0
Nov 24 19:41:04 np0005534223.novalocal proxy-server[90340]: ::1 ::1 25/Nov/2025/00/41/04 GET /v1/AUTH_34047920d4864ad78d85d02365686cf8/gnocchi.18e98d64-5942-4b26-a3f7-ffe8b7e4b9f1%3Fformat%3Djson%26marker%3Dnone_v3%26states%3Dlisting HTTP/1.0 200 - python-swiftclient-4.2.0 gAAAAABpJPsEC1e4... - 2 - txc468012bf63a4680a844b-006924fb20 - 0.0152 - - 1764031264.497522593 1764031264.512695789 0
Nov 24 19:41:04 np0005534223.novalocal object-server[97568]: ::1 - - [25/Nov/2025:00:41:04 +0000] "GET /2/163813/AUTH_34047920d4864ad78d85d02365686cf8/gnocchi.99d34b94-8bb9-40d3-82ea-978c63819f35/1763640000.0_mean_300.0_v3" 200 16 "GET http://[::1]:8080/v1/AUTH_34047920d4864ad78d85d02365686cf8/gnocchi.99d34b94-8bb9-40d3-82ea-978c63819f35/1763640000.0_mean_300.0_v3" "txae56a959570841d5bf21c-006924fb20" "proxy-server 90339" 0.0006 "-" 97568 0
Nov 24 19:41:04 np0005534223.novalocal proxy-server[90339]: ::1 ::1 25/Nov/2025/00/41/04 GET /v1/AUTH_34047920d4864ad78d85d02365686cf8/gnocchi.99d34b94-8bb9-40d3-82ea-978c63819f35/1763640000.0_mean_300.0_v3 HTTP/1.0 200 - python-swiftclient-4.2.0 gAAAAABpJPsEg9N3... - 16 - txae56a959570841d5bf21c-006924fb20 - 0.0060 - - 1764031264.512369871 1764031264.518371105 0
Nov 24 19:41:04 np0005534223.novalocal object-server[97569]: ::1 - - [25/Nov/2025:00:41:04 +0000] "GET /1/87044/AUTH_34047920d4864ad78d85d02365686cf8/gnocchi.18e98d64-5942-4b26-a3f7-ffe8b7e4b9f1/1763640000.0_mean_300.0_v3" 200 16 "GET http://[::1]:8080/v1/AUTH_34047920d4864ad78d85d02365686cf8/gnocchi.18e98d64-5942-4b26-a3f7-ffe8b7e4b9f1/1763640000.0_mean_300.0_v3" "tx05b5c0b8939248b3bea3b-006924fb20" "proxy-server 90340" 0.0007 "-" 97569 0
Nov 24 19:41:04 np0005534223.novalocal proxy-server[90340]: ::1 ::1 25/Nov/2025/00/41/04 GET /v1/AUTH_34047920d4864ad78d85d02365686cf8/gnocchi.18e98d64-5942-4b26-a3f7-ffe8b7e4b9f1/1763640000.0_mean_300.0_v3 HTTP/1.0 200 - python-swiftclient-4.2.0 gAAAAABpJPsEC1e4... - 16 - tx05b5c0b8939248b3bea3b-006924fb20 - 0.0069 - - 1764031264.516006470 1764031264.522881746 0
Nov 24 19:41:04 np0005534223.novalocal container-server[97263]: ::1 - - [25/Nov/2025:00:41:04 +0000] "PUT /2/25137/AUTH_34047920d4864ad78d85d02365686cf8/gnocchi.99d34b94-8bb9-40d3-82ea-978c63819f35/1763640000.0_mean_300.0_v3" 201 - "PUT http://[::1]:8080/1/163813/AUTH_34047920d4864ad78d85d02365686cf8/gnocchi.99d34b94-8bb9-40d3-82ea-978c63819f35/1763640000.0_mean_300.0_v3" "tx131b7ad4d24f4c6ba1e02-006924fb20" "object-server 97568" 0.0006 "-" 97263 0
Nov 24 19:41:04 np0005534223.novalocal object-server[97568]: ::1 - - [25/Nov/2025:00:41:04 +0000] "PUT /1/163813/AUTH_34047920d4864ad78d85d02365686cf8/gnocchi.99d34b94-8bb9-40d3-82ea-978c63819f35/1763640000.0_mean_300.0_v3" 201 - "PUT http://[::1]:8080/v1/AUTH_34047920d4864ad78d85d02365686cf8/gnocchi.99d34b94-8bb9-40d3-82ea-978c63819f35/1763640000.0_mean_300.0_v3" "tx131b7ad4d24f4c6ba1e02-006924fb20" "proxy-server 90339" 0.0117 "-" 97568 0
Nov 24 19:41:04 np0005534223.novalocal container-server[97264]: ::1 - - [25/Nov/2025:00:41:04 +0000] "PUT /3/252514/AUTH_34047920d4864ad78d85d02365686cf8/gnocchi.18e98d64-5942-4b26-a3f7-ffe8b7e4b9f1/1763640000.0_mean_300.0_v3" 201 - "PUT http://[::1]:8080/2/87044/AUTH_34047920d4864ad78d85d02365686cf8/gnocchi.18e98d64-5942-4b26-a3f7-ffe8b7e4b9f1/1763640000.0_mean_300.0_v3" "tx6334b55943c54f72adf2a-006924fb20" "object-server 97567" 0.0006 "-" 97264 0
Nov 24 19:41:04 np0005534223.novalocal container-server[97263]: ::1 - - [25/Nov/2025:00:41:04 +0000] "PUT /3/25137/AUTH_34047920d4864ad78d85d02365686cf8/gnocchi.99d34b94-8bb9-40d3-82ea-978c63819f35/1763640000.0_mean_300.0_v3" 201 - "PUT http://[::1]:8080/2/163813/AUTH_34047920d4864ad78d85d02365686cf8/gnocchi.99d34b94-8bb9-40d3-82ea-978c63819f35/1763640000.0_mean_300.0_v3" "tx131b7ad4d24f4c6ba1e02-006924fb20" "object-server 97568" 0.0005 "-" 97263 0
Nov 24 19:41:04 np0005534223.novalocal object-server[97567]: ::1 - - [25/Nov/2025:00:41:04 +0000] "PUT /2/87044/AUTH_34047920d4864ad78d85d02365686cf8/gnocchi.18e98d64-5942-4b26-a3f7-ffe8b7e4b9f1/1763640000.0_mean_300.0_v3" 201 - "PUT http://[::1]:8080/v1/AUTH_34047920d4864ad78d85d02365686cf8/gnocchi.18e98d64-5942-4b26-a3f7-ffe8b7e4b9f1/1763640000.0_mean_300.0_v3" "tx6334b55943c54f72adf2a-006924fb20" "proxy-server 90340" 0.0101 "-" 97567 0
Nov 24 19:41:04 np0005534223.novalocal object-server[97568]: ::1 - - [25/Nov/2025:00:41:04 +0000] "PUT /2/163813/AUTH_34047920d4864ad78d85d02365686cf8/gnocchi.99d34b94-8bb9-40d3-82ea-978c63819f35/1763640000.0_mean_300.0_v3" 201 - "PUT http://[::1]:8080/v1/AUTH_34047920d4864ad78d85d02365686cf8/gnocchi.99d34b94-8bb9-40d3-82ea-978c63819f35/1763640000.0_mean_300.0_v3" "tx131b7ad4d24f4c6ba1e02-006924fb20" "proxy-server 90339" 0.0157 "-" 97568 0
Nov 24 19:41:04 np0005534223.novalocal container-server[97262]: ::1 - - [25/Nov/2025:00:41:04 +0000] "PUT /2/252514/AUTH_34047920d4864ad78d85d02365686cf8/gnocchi.18e98d64-5942-4b26-a3f7-ffe8b7e4b9f1/1763640000.0_mean_300.0_v3" 201 - "PUT http://[::1]:8080/1/87044/AUTH_34047920d4864ad78d85d02365686cf8/gnocchi.18e98d64-5942-4b26-a3f7-ffe8b7e4b9f1/1763640000.0_mean_300.0_v3" "tx6334b55943c54f72adf2a-006924fb20" "object-server 97569" 0.0006 "-" 97262 0
Nov 24 19:41:04 np0005534223.novalocal container-server[97263]: ::1 - - [25/Nov/2025:00:41:04 +0000] "PUT /1/25137/AUTH_34047920d4864ad78d85d02365686cf8/gnocchi.99d34b94-8bb9-40d3-82ea-978c63819f35/1763640000.0_mean_300.0_v3" 201 - "PUT http://[::1]:8080/3/163813/AUTH_34047920d4864ad78d85d02365686cf8/gnocchi.99d34b94-8bb9-40d3-82ea-978c63819f35/1763640000.0_mean_300.0_v3" "tx131b7ad4d24f4c6ba1e02-006924fb20" "object-server 97568" 0.0004 "-" 97263 0
Nov 24 19:41:04 np0005534223.novalocal object-server[97568]: ::1 - - [25/Nov/2025:00:41:04 +0000] "PUT /3/163813/AUTH_34047920d4864ad78d85d02365686cf8/gnocchi.99d34b94-8bb9-40d3-82ea-978c63819f35/1763640000.0_mean_300.0_v3" 201 - "PUT http://[::1]:8080/v1/AUTH_34047920d4864ad78d85d02365686cf8/gnocchi.99d34b94-8bb9-40d3-82ea-978c63819f35/1763640000.0_mean_300.0_v3" "tx131b7ad4d24f4c6ba1e02-006924fb20" "proxy-server 90339" 0.0149 "-" 97568 0
Nov 24 19:41:04 np0005534223.novalocal object-server[97569]: ::1 - - [25/Nov/2025:00:41:04 +0000] "PUT /1/87044/AUTH_34047920d4864ad78d85d02365686cf8/gnocchi.18e98d64-5942-4b26-a3f7-ffe8b7e4b9f1/1763640000.0_mean_300.0_v3" 201 - "PUT http://[::1]:8080/v1/AUTH_34047920d4864ad78d85d02365686cf8/gnocchi.18e98d64-5942-4b26-a3f7-ffe8b7e4b9f1/1763640000.0_mean_300.0_v3" "tx6334b55943c54f72adf2a-006924fb20" "proxy-server 90340" 0.0122 "-" 97569 0
Nov 24 19:41:04 np0005534223.novalocal container-server[97261]: ::1 - - [25/Nov/2025:00:41:04 +0000] "PUT /1/252514/AUTH_34047920d4864ad78d85d02365686cf8/gnocchi.18e98d64-5942-4b26-a3f7-ffe8b7e4b9f1/1763640000.0_mean_300.0_v3" 201 - "PUT http://[::1]:8080/3/87044/AUTH_34047920d4864ad78d85d02365686cf8/gnocchi.18e98d64-5942-4b26-a3f7-ffe8b7e4b9f1/1763640000.0_mean_300.0_v3" "tx6334b55943c54f72adf2a-006924fb20" "object-server 97569" 0.0008 "-" 97261 0
Nov 24 19:41:04 np0005534223.novalocal object-server[97569]: ::1 - - [25/Nov/2025:00:41:04 +0000] "PUT /3/87044/AUTH_34047920d4864ad78d85d02365686cf8/gnocchi.18e98d64-5942-4b26-a3f7-ffe8b7e4b9f1/1763640000.0_mean_300.0_v3" 201 - "PUT http://[::1]:8080/v1/AUTH_34047920d4864ad78d85d02365686cf8/gnocchi.18e98d64-5942-4b26-a3f7-ffe8b7e4b9f1/1763640000.0_mean_300.0_v3" "tx6334b55943c54f72adf2a-006924fb20" "proxy-server 90340" 0.0118 "-" 97569 0
Nov 24 19:41:04 np0005534223.novalocal proxy-server[90339]: ::1 ::1 25/Nov/2025/00/41/04 PUT /v1/AUTH_34047920d4864ad78d85d02365686cf8/gnocchi.99d34b94-8bb9-40d3-82ea-978c63819f35/1763640000.0_mean_300.0_v3 HTTP/1.0 201 - python-swiftclient-4.2.0 gAAAAABpJPsEg9N3... 16 - - tx131b7ad4d24f4c6ba1e02-006924fb20 - 0.0266 - - 1764031264.520878315 1764031264.547487259 0
Nov 24 19:41:04 np0005534223.novalocal proxy-server[90340]: ::1 ::1 25/Nov/2025/00/41/04 PUT /v1/AUTH_34047920d4864ad78d85d02365686cf8/gnocchi.18e98d64-5942-4b26-a3f7-ffe8b7e4b9f1/1763640000.0_mean_300.0_v3 HTTP/1.0 201 - python-swiftclient-4.2.0 gAAAAABpJPsEC1e4... 16 - - tx6334b55943c54f72adf2a-006924fb20 - 0.0221 - - 1764031264.526097775 1764031264.548235893 0
Nov 24 19:41:04 np0005534223.novalocal container-server[97264]: ::1 - - [25/Nov/2025:00:41:04 +0000] "PUT /3/25137/AUTH_34047920d4864ad78d85d02365686cf8/gnocchi.99d34b94-8bb9-40d3-82ea-978c63819f35/none_v3" 201 - "PUT http://[::1]:8080/3/72785/AUTH_34047920d4864ad78d85d02365686cf8/gnocchi.99d34b94-8bb9-40d3-82ea-978c63819f35/none_v3" "txd73209a6e2b44a62b12f2-006924fb20" "object-server 97567" 0.0004 "-" 97264 0
Nov 24 19:41:04 np0005534223.novalocal object-server[97567]: ::1 - - [25/Nov/2025:00:41:04 +0000] "PUT /3/72785/AUTH_34047920d4864ad78d85d02365686cf8/gnocchi.99d34b94-8bb9-40d3-82ea-978c63819f35/none_v3" 201 - "PUT http://[::1]:8080/v1/AUTH_34047920d4864ad78d85d02365686cf8/gnocchi.99d34b94-8bb9-40d3-82ea-978c63819f35/none_v3" "txd73209a6e2b44a62b12f2-006924fb20" "proxy-server 90339" 0.0088 "-" 97567 0
Nov 24 19:41:04 np0005534223.novalocal container-server[97264]: ::1 - - [25/Nov/2025:00:41:04 +0000] "PUT /2/25137/AUTH_34047920d4864ad78d85d02365686cf8/gnocchi.99d34b94-8bb9-40d3-82ea-978c63819f35/none_v3" 201 - "PUT http://[::1]:8080/2/72785/AUTH_34047920d4864ad78d85d02365686cf8/gnocchi.99d34b94-8bb9-40d3-82ea-978c63819f35/none_v3" "txd73209a6e2b44a62b12f2-006924fb20" "object-server 97569" 0.0004 "-" 97264 0
Nov 24 19:41:04 np0005534223.novalocal object-server[97569]: ::1 - - [25/Nov/2025:00:41:04 +0000] "PUT /2/72785/AUTH_34047920d4864ad78d85d02365686cf8/gnocchi.99d34b94-8bb9-40d3-82ea-978c63819f35/none_v3" 201 - "PUT http://[::1]:8080/v1/AUTH_34047920d4864ad78d85d02365686cf8/gnocchi.99d34b94-8bb9-40d3-82ea-978c63819f35/none_v3" "txd73209a6e2b44a62b12f2-006924fb20" "proxy-server 90339" 0.0103 "-" 97569 0
Nov 24 19:41:04 np0005534223.novalocal container-server[97261]: ::1 - - [25/Nov/2025:00:41:04 +0000] "PUT /1/25137/AUTH_34047920d4864ad78d85d02365686cf8/gnocchi.99d34b94-8bb9-40d3-82ea-978c63819f35/none_v3" 201 - "PUT http://[::1]:8080/1/72785/AUTH_34047920d4864ad78d85d02365686cf8/gnocchi.99d34b94-8bb9-40d3-82ea-978c63819f35/none_v3" "txd73209a6e2b44a62b12f2-006924fb20" "object-server 97568" 0.0006 "-" 97261 0
Nov 24 19:41:04 np0005534223.novalocal object-server[97568]: ::1 - - [25/Nov/2025:00:41:04 +0000] "PUT /1/72785/AUTH_34047920d4864ad78d85d02365686cf8/gnocchi.99d34b94-8bb9-40d3-82ea-978c63819f35/none_v3" 201 - "PUT http://[::1]:8080/v1/AUTH_34047920d4864ad78d85d02365686cf8/gnocchi.99d34b94-8bb9-40d3-82ea-978c63819f35/none_v3" "txd73209a6e2b44a62b12f2-006924fb20" "proxy-server 90339" 0.0119 "-" 97568 0
Nov 24 19:41:04 np0005534223.novalocal proxy-server[90339]: ::1 ::1 25/Nov/2025/00/41/04 PUT /v1/AUTH_34047920d4864ad78d85d02365686cf8/gnocchi.99d34b94-8bb9-40d3-82ea-978c63819f35/none_v3 HTTP/1.0 201 - python-swiftclient-4.2.0 gAAAAABpJPsEg9N3... 45 - - txd73209a6e2b44a62b12f2-006924fb20 - 0.0184 - - 1764031264.549807787 1764031264.568190813 0
Nov 24 19:41:04 np0005534223.novalocal container-server[97264]: ::1 - - [25/Nov/2025:00:41:04 +0000] "PUT /2/252514/AUTH_34047920d4864ad78d85d02365686cf8/gnocchi.18e98d64-5942-4b26-a3f7-ffe8b7e4b9f1/none_v3" 201 - "PUT http://[::1]:8080/1/249012/AUTH_34047920d4864ad78d85d02365686cf8/gnocchi.18e98d64-5942-4b26-a3f7-ffe8b7e4b9f1/none_v3" "txe370837cd6124aa184430-006924fb20" "object-server 97566" 0.0005 "-" 97264 0
Nov 24 19:41:04 np0005534223.novalocal object-server[97566]: ::1 - - [25/Nov/2025:00:41:04 +0000] "PUT /1/249012/AUTH_34047920d4864ad78d85d02365686cf8/gnocchi.18e98d64-5942-4b26-a3f7-ffe8b7e4b9f1/none_v3" 201 - "PUT http://[::1]:8080/v1/AUTH_34047920d4864ad78d85d02365686cf8/gnocchi.18e98d64-5942-4b26-a3f7-ffe8b7e4b9f1/none_v3" "txe370837cd6124aa184430-006924fb20" "proxy-server 90340" 0.0105 "-" 97566 0
Nov 24 19:41:04 np0005534223.novalocal container-server[97261]: ::1 - - [25/Nov/2025:00:41:04 +0000] "PUT /3/252514/AUTH_34047920d4864ad78d85d02365686cf8/gnocchi.18e98d64-5942-4b26-a3f7-ffe8b7e4b9f1/none_v3" 201 - "PUT http://[::1]:8080/3/249012/AUTH_34047920d4864ad78d85d02365686cf8/gnocchi.18e98d64-5942-4b26-a3f7-ffe8b7e4b9f1/none_v3" "txe370837cd6124aa184430-006924fb20" "object-server 97568" 0.0005 "-" 97261 0
Nov 24 19:41:04 np0005534223.novalocal container-server[97262]: ::1 - - [25/Nov/2025:00:41:04 +0000] "PUT /1/252514/AUTH_34047920d4864ad78d85d02365686cf8/gnocchi.18e98d64-5942-4b26-a3f7-ffe8b7e4b9f1/none_v3" 201 - "PUT http://[::1]:8080/2/249012/AUTH_34047920d4864ad78d85d02365686cf8/gnocchi.18e98d64-5942-4b26-a3f7-ffe8b7e4b9f1/none_v3" "txe370837cd6124aa184430-006924fb20" "object-server 97566" 0.0004 "-" 97262 0
Nov 24 19:41:04 np0005534223.novalocal object-server[97568]: ::1 - - [25/Nov/2025:00:41:04 +0000] "PUT /3/249012/AUTH_34047920d4864ad78d85d02365686cf8/gnocchi.18e98d64-5942-4b26-a3f7-ffe8b7e4b9f1/none_v3" 201 - "PUT http://[::1]:8080/v1/AUTH_34047920d4864ad78d85d02365686cf8/gnocchi.18e98d64-5942-4b26-a3f7-ffe8b7e4b9f1/none_v3" "txe370837cd6124aa184430-006924fb20" "proxy-server 90340" 0.0132 "-" 97568 0
Nov 24 19:41:04 np0005534223.novalocal object-server[97566]: ::1 - - [25/Nov/2025:00:41:04 +0000] "PUT /2/249012/AUTH_34047920d4864ad78d85d02365686cf8/gnocchi.18e98d64-5942-4b26-a3f7-ffe8b7e4b9f1/none_v3" 201 - "PUT http://[::1]:8080/v1/AUTH_34047920d4864ad78d85d02365686cf8/gnocchi.18e98d64-5942-4b26-a3f7-ffe8b7e4b9f1/none_v3" "txe370837cd6124aa184430-006924fb20" "proxy-server 90340" 0.0140 "-" 97566 0
Nov 24 19:41:04 np0005534223.novalocal proxy-server[90340]: ::1 ::1 25/Nov/2025/00/41/04 PUT /v1/AUTH_34047920d4864ad78d85d02365686cf8/gnocchi.18e98d64-5942-4b26-a3f7-ffe8b7e4b9f1/none_v3 HTTP/1.0 201 - python-swiftclient-4.2.0 gAAAAABpJPsEC1e4... 45 - - txe370837cd6124aa184430-006924fb20 - 0.0225 - - 1764031264.551019192 1764031264.573564053 0
Nov 24 19:41:04 np0005534223.novalocal object-server[97568]: ::1 - - [25/Nov/2025:00:41:04 +0000] "GET /1/104130/AUTH_34047920d4864ad78d85d02365686cf8/gnocchi.90742f83-f119-4f12-b436-e1b8eda632f5/none_v3" 200 27 "GET http://[::1]:8080/v1/AUTH_34047920d4864ad78d85d02365686cf8/gnocchi.90742f83-f119-4f12-b436-e1b8eda632f5/none_v3" "txc9d2b3d9caeb472ca6958-006924fb20" "proxy-server 90339" 0.0008 "-" 97568 0
Nov 24 19:41:04 np0005534223.novalocal object-server[97569]: ::1 - - [25/Nov/2025:00:41:04 +0000] "GET /1/185341/AUTH_34047920d4864ad78d85d02365686cf8/gnocchi.b81a5cdf-2239-4339-87f2-28a572c82ca3/none_v3" 200 31 "GET http://[::1]:8080/v1/AUTH_34047920d4864ad78d85d02365686cf8/gnocchi.b81a5cdf-2239-4339-87f2-28a572c82ca3/none_v3" "tx5add740782044f73bbd01-006924fb20" "proxy-server 90340" 0.0006 "-" 97569 0
Nov 24 19:41:04 np0005534223.novalocal proxy-server[90339]: ::1 ::1 25/Nov/2025/00/41/04 GET /v1/AUTH_34047920d4864ad78d85d02365686cf8/gnocchi.90742f83-f119-4f12-b436-e1b8eda632f5/none_v3 HTTP/1.0 200 - python-swiftclient-4.2.0 gAAAAABpJPsEg9N3... - 27 - txc9d2b3d9caeb472ca6958-006924fb20 - 0.0077 - - 1764031264.580251932 1764031264.587961912 0
Nov 24 19:41:04 np0005534223.novalocal proxy-server[90340]: ::1 ::1 25/Nov/2025/00/41/04 GET /v1/AUTH_34047920d4864ad78d85d02365686cf8/gnocchi.b81a5cdf-2239-4339-87f2-28a572c82ca3/none_v3 HTTP/1.0 200 - python-swiftclient-4.2.0 gAAAAABpJPsEC1e4... - 31 - tx5add740782044f73bbd01-006924fb20 - 0.0126 - - 1764031264.583941936 1764031264.596554756 0
Nov 24 19:41:04 np0005534223.novalocal container-server[97261]: ::1 - - [25/Nov/2025:00:41:04 +0000] "GET /3/26234/AUTH_34047920d4864ad78d85d02365686cf8/gnocchi.b81a5cdf-2239-4339-87f2-28a572c82ca3" 200 357 "GET http://[::1]:8080/v1/AUTH_34047920d4864ad78d85d02365686cf8/gnocchi.b81a5cdf-2239-4339-87f2-28a572c82ca3?format=json&states=listing" "tx75c3a0f6bfb1478ebb264-006924fb20" "proxy-server 90340" 0.0162 "-" 97261 0
Nov 24 19:41:04 np0005534223.novalocal container-server[97262]: ::1 - - [25/Nov/2025:00:41:04 +0000] "GET /1/200833/AUTH_34047920d4864ad78d85d02365686cf8/gnocchi.90742f83-f119-4f12-b436-e1b8eda632f5" 200 357 "GET http://[::1]:8080/v1/AUTH_34047920d4864ad78d85d02365686cf8/gnocchi.90742f83-f119-4f12-b436-e1b8eda632f5?format=json&states=listing" "txb24f7970cf4f42449a014-006924fb20" "proxy-server 90339" 0.0256 "-" 97262 0
Nov 24 19:41:04 np0005534223.novalocal proxy-server[90340]: ::1 ::1 25/Nov/2025/00/41/04 GET /v1/AUTH_34047920d4864ad78d85d02365686cf8/gnocchi.b81a5cdf-2239-4339-87f2-28a572c82ca3%3Fformat%3Djson%26states%3Dlisting HTTP/1.0 200 - python-swiftclient-4.2.0 gAAAAABpJPsEC1e4... - 357 - tx75c3a0f6bfb1478ebb264-006924fb20 - 0.0219 - - 1764031264.599235535 1764031264.621120930 0
Nov 24 19:41:04 np0005534223.novalocal proxy-server[90339]: ::1 ::1 25/Nov/2025/00/41/04 GET /v1/AUTH_34047920d4864ad78d85d02365686cf8/gnocchi.90742f83-f119-4f12-b436-e1b8eda632f5%3Fformat%3Djson%26states%3Dlisting HTTP/1.0 200 - python-swiftclient-4.2.0 gAAAAABpJPsEg9N3... - 357 - txb24f7970cf4f42449a014-006924fb20 - 0.0331 - - 1764031264.590892315 1764031264.623965025 0
Nov 24 19:41:04 np0005534223.novalocal container-server[97264]: ::1 - - [25/Nov/2025:00:41:04 +0000] "GET /1/200833/AUTH_34047920d4864ad78d85d02365686cf8/gnocchi.90742f83-f119-4f12-b436-e1b8eda632f5" 200 2 "GET http://[::1]:8080/v1/AUTH_34047920d4864ad78d85d02365686cf8/gnocchi.90742f83-f119-4f12-b436-e1b8eda632f5?format=json&marker=none_v3&states=listing" "tx099a09e2792e47d6b10fe-006924fb20" "proxy-server 90339" 0.0023 "-" 97264 0
Nov 24 19:41:04 np0005534223.novalocal proxy-server[90339]: ::1 ::1 25/Nov/2025/00/41/04 GET /v1/AUTH_34047920d4864ad78d85d02365686cf8/gnocchi.90742f83-f119-4f12-b436-e1b8eda632f5%3Fformat%3Djson%26marker%3Dnone_v3%26states%3Dlisting HTTP/1.0 200 - python-swiftclient-4.2.0 gAAAAABpJPsEg9N3... - 2 - tx099a09e2792e47d6b10fe-006924fb20 - 0.0126 - - 1764031264.626832485 1764031264.639451504 0
Nov 24 19:41:04 np0005534223.novalocal object-server[97569]: ::1 - - [25/Nov/2025:00:41:04 +0000] "GET /1/57708/AUTH_34047920d4864ad78d85d02365686cf8/gnocchi.90742f83-f119-4f12-b436-e1b8eda632f5/1763640000.0_mean_300.0_v3" 200 16 "GET http://[::1]:8080/v1/AUTH_34047920d4864ad78d85d02365686cf8/gnocchi.90742f83-f119-4f12-b436-e1b8eda632f5/1763640000.0_mean_300.0_v3" "tx709d770b6f8c416dbf0c7-006924fb20" "proxy-server 90339" 0.0009 "-" 97569 0
Nov 24 19:41:04 np0005534223.novalocal proxy-server[90339]: ::1 ::1 25/Nov/2025/00/41/04 GET /v1/AUTH_34047920d4864ad78d85d02365686cf8/gnocchi.90742f83-f119-4f12-b436-e1b8eda632f5/1763640000.0_mean_300.0_v3 HTTP/1.0 200 - python-swiftclient-4.2.0 gAAAAABpJPsEg9N3... - 16 - tx709d770b6f8c416dbf0c7-006924fb20 - 0.0087 - - 1764031264.642724037 1764031264.651415110 0
Nov 24 19:41:04 np0005534223.novalocal container-server[97263]: ::1 - - [25/Nov/2025:00:41:04 +0000] "GET /1/26234/AUTH_34047920d4864ad78d85d02365686cf8/gnocchi.b81a5cdf-2239-4339-87f2-28a572c82ca3" 200 2 "GET http://[::1]:8080/v1/AUTH_34047920d4864ad78d85d02365686cf8/gnocchi.b81a5cdf-2239-4339-87f2-28a572c82ca3?format=json&marker=none_v3&states=listing" "txf3ce5ec962824464bbaee-006924fb20" "proxy-server 90340" 0.0370 "-" 97263 0
Nov 24 19:41:04 np0005534223.novalocal proxy-server[90340]: ::1 ::1 25/Nov/2025/00/41/04 GET /v1/AUTH_34047920d4864ad78d85d02365686cf8/gnocchi.b81a5cdf-2239-4339-87f2-28a572c82ca3%3Fformat%3Djson%26marker%3Dnone_v3%26states%3Dlisting HTTP/1.0 200 - python-swiftclient-4.2.0 gAAAAABpJPsEC1e4... - 2 - txf3ce5ec962824464bbaee-006924fb20 - 0.0460 - - 1764031264.623234034 1764031264.669226646 0
Nov 24 19:41:04 np0005534223.novalocal object-server[97567]: ::1 - - [25/Nov/2025:00:41:04 +0000] "GET /1/88714/AUTH_34047920d4864ad78d85d02365686cf8/gnocchi.b81a5cdf-2239-4339-87f2-28a572c82ca3/1763640000.0_mean_300.0_v3" 200 16 "GET http://[::1]:8080/v1/AUTH_34047920d4864ad78d85d02365686cf8/gnocchi.b81a5cdf-2239-4339-87f2-28a572c82ca3/1763640000.0_mean_300.0_v3" "tx93a9ff3e1ed34e3482c66-006924fb20" "proxy-server 90340" 0.0011 "-" 97567 0
Nov 24 19:41:04 np0005534223.novalocal container-server[97261]: ::1 - - [25/Nov/2025:00:41:04 +0000] "PUT /1/200833/AUTH_34047920d4864ad78d85d02365686cf8/gnocchi.90742f83-f119-4f12-b436-e1b8eda632f5/1763640000.0_mean_300.0_v3" 201 - "PUT http://[::1]:8080/2/57708/AUTH_34047920d4864ad78d85d02365686cf8/gnocchi.90742f83-f119-4f12-b436-e1b8eda632f5/1763640000.0_mean_300.0_v3" "tx54caeca04526444fb8c48-006924fb20" "object-server 97568" 0.0023 "-" 97261 0
Nov 24 19:41:04 np0005534223.novalocal container-server[97264]: ::1 - - [25/Nov/2025:00:41:04 +0000] "PUT /3/200833/AUTH_34047920d4864ad78d85d02365686cf8/gnocchi.90742f83-f119-4f12-b436-e1b8eda632f5/1763640000.0_mean_300.0_v3" 201 - "PUT http://[::1]:8080/1/57708/AUTH_34047920d4864ad78d85d02365686cf8/gnocchi.90742f83-f119-4f12-b436-e1b8eda632f5/1763640000.0_mean_300.0_v3" "tx54caeca04526444fb8c48-006924fb20" "object-server 97566" 0.0005 "-" 97264 0
Nov 24 19:41:04 np0005534223.novalocal object-server[97568]: ::1 - - [25/Nov/2025:00:41:04 +0000] "PUT /2/57708/AUTH_34047920d4864ad78d85d02365686cf8/gnocchi.90742f83-f119-4f12-b436-e1b8eda632f5/1763640000.0_mean_300.0_v3" 201 - "PUT http://[::1]:8080/v1/AUTH_34047920d4864ad78d85d02365686cf8/gnocchi.90742f83-f119-4f12-b436-e1b8eda632f5/1763640000.0_mean_300.0_v3" "tx54caeca04526444fb8c48-006924fb20" "proxy-server 90339" 0.0202 "-" 97568 0
Nov 24 19:41:04 np0005534223.novalocal object-server[97566]: ::1 - - [25/Nov/2025:00:41:04 +0000] "PUT /1/57708/AUTH_34047920d4864ad78d85d02365686cf8/gnocchi.90742f83-f119-4f12-b436-e1b8eda632f5/1763640000.0_mean_300.0_v3" 201 - "PUT http://[::1]:8080/v1/AUTH_34047920d4864ad78d85d02365686cf8/gnocchi.90742f83-f119-4f12-b436-e1b8eda632f5/1763640000.0_mean_300.0_v3" "tx54caeca04526444fb8c48-006924fb20" "proxy-server 90339" 0.0212 "-" 97566 0
Nov 24 19:41:04 np0005534223.novalocal container-server[97264]: ::1 - - [25/Nov/2025:00:41:04 +0000] "PUT /2/200833/AUTH_34047920d4864ad78d85d02365686cf8/gnocchi.90742f83-f119-4f12-b436-e1b8eda632f5/1763640000.0_mean_300.0_v3" 201 - "PUT http://[::1]:8080/3/57708/AUTH_34047920d4864ad78d85d02365686cf8/gnocchi.90742f83-f119-4f12-b436-e1b8eda632f5/1763640000.0_mean_300.0_v3" "tx54caeca04526444fb8c48-006924fb20" "object-server 97569" 0.0005 "-" 97264 0
Nov 24 19:41:04 np0005534223.novalocal proxy-server[90340]: ::1 ::1 25/Nov/2025/00/41/04 GET /v1/AUTH_34047920d4864ad78d85d02365686cf8/gnocchi.b81a5cdf-2239-4339-87f2-28a572c82ca3/1763640000.0_mean_300.0_v3 HTTP/1.0 200 - python-swiftclient-4.2.0 gAAAAABpJPsEC1e4... - 16 - tx93a9ff3e1ed34e3482c66-006924fb20 - 0.0106 - - 1764031264.675323248 1764031264.685909271 0
Nov 24 19:41:04 np0005534223.novalocal object-server[97569]: ::1 - - [25/Nov/2025:00:41:04 +0000] "PUT /3/57708/AUTH_34047920d4864ad78d85d02365686cf8/gnocchi.90742f83-f119-4f12-b436-e1b8eda632f5/1763640000.0_mean_300.0_v3" 201 - "PUT http://[::1]:8080/v1/AUTH_34047920d4864ad78d85d02365686cf8/gnocchi.90742f83-f119-4f12-b436-e1b8eda632f5/1763640000.0_mean_300.0_v3" "tx54caeca04526444fb8c48-006924fb20" "proxy-server 90339" 0.0210 "-" 97569 0
Nov 24 19:41:04 np0005534223.novalocal proxy-server[90339]: ::1 ::1 25/Nov/2025/00/41/04 PUT /v1/AUTH_34047920d4864ad78d85d02365686cf8/gnocchi.90742f83-f119-4f12-b436-e1b8eda632f5/1763640000.0_mean_300.0_v3 HTTP/1.0 201 - python-swiftclient-4.2.0 gAAAAABpJPsEg9N3... 16 - - tx54caeca04526444fb8c48-006924fb20 - 0.0326 - - 1764031264.659087420 1764031264.691658258 0
Nov 24 19:41:04 np0005534223.novalocal container-server[97262]: ::1 - - [25/Nov/2025:00:41:04 +0000] "PUT /2/26234/AUTH_34047920d4864ad78d85d02365686cf8/gnocchi.b81a5cdf-2239-4339-87f2-28a572c82ca3/1763640000.0_mean_300.0_v3" 201 - "PUT http://[::1]:8080/3/88714/AUTH_34047920d4864ad78d85d02365686cf8/gnocchi.b81a5cdf-2239-4339-87f2-28a572c82ca3/1763640000.0_mean_300.0_v3" "tx9d935552519e491fb804f-006924fb20" "object-server 97568" 0.0005 "-" 97262 0
Nov 24 19:41:04 np0005534223.novalocal container-server[97264]: ::1 - - [25/Nov/2025:00:41:04 +0000] "PUT /3/26234/AUTH_34047920d4864ad78d85d02365686cf8/gnocchi.b81a5cdf-2239-4339-87f2-28a572c82ca3/1763640000.0_mean_300.0_v3" 201 - "PUT http://[::1]:8080/1/88714/AUTH_34047920d4864ad78d85d02365686cf8/gnocchi.b81a5cdf-2239-4339-87f2-28a572c82ca3/1763640000.0_mean_300.0_v3" "tx9d935552519e491fb804f-006924fb20" "object-server 97567" 0.0006 "-" 97264 0
Nov 24 19:41:04 np0005534223.novalocal object-server[97568]: ::1 - - [25/Nov/2025:00:41:04 +0000] "PUT /3/88714/AUTH_34047920d4864ad78d85d02365686cf8/gnocchi.b81a5cdf-2239-4339-87f2-28a572c82ca3/1763640000.0_mean_300.0_v3" 201 - "PUT http://[::1]:8080/v1/AUTH_34047920d4864ad78d85d02365686cf8/gnocchi.b81a5cdf-2239-4339-87f2-28a572c82ca3/1763640000.0_mean_300.0_v3" "tx9d935552519e491fb804f-006924fb20" "proxy-server 90340" 0.0540 "-" 97568 0
Nov 24 19:41:04 np0005534223.novalocal container-server[97262]: ::1 - - [25/Nov/2025:00:41:04 +0000] "PUT /1/200833/AUTH_34047920d4864ad78d85d02365686cf8/gnocchi.90742f83-f119-4f12-b436-e1b8eda632f5/none_v3" 201 - "PUT http://[::1]:8080/1/104130/AUTH_34047920d4864ad78d85d02365686cf8/gnocchi.90742f83-f119-4f12-b436-e1b8eda632f5/none_v3" "txa723e761cbbd45c2baf17-006924fb20" "object-server 97569" 0.0003 "-" 97262 0
Nov 24 19:41:04 np0005534223.novalocal object-server[97567]: ::1 - - [25/Nov/2025:00:41:04 +0000] "PUT /1/88714/AUTH_34047920d4864ad78d85d02365686cf8/gnocchi.b81a5cdf-2239-4339-87f2-28a572c82ca3/1763640000.0_mean_300.0_v3" 201 - "PUT http://[::1]:8080/v1/AUTH_34047920d4864ad78d85d02365686cf8/gnocchi.b81a5cdf-2239-4339-87f2-28a572c82ca3/1763640000.0_mean_300.0_v3" "tx9d935552519e491fb804f-006924fb20" "proxy-server 90340" 0.0550 "-" 97567 0
Nov 24 19:41:04 np0005534223.novalocal container-server[97263]: ::1 - - [25/Nov/2025:00:41:04 +0000] "PUT /2/200833/AUTH_34047920d4864ad78d85d02365686cf8/gnocchi.90742f83-f119-4f12-b436-e1b8eda632f5/none_v3" 201 - "PUT http://[::1]:8080/2/104130/AUTH_34047920d4864ad78d85d02365686cf8/gnocchi.90742f83-f119-4f12-b436-e1b8eda632f5/none_v3" "txa723e761cbbd45c2baf17-006924fb20" "object-server 97566" 0.0007 "-" 97263 0
Nov 24 19:41:04 np0005534223.novalocal container-server[97262]: ::1 - - [25/Nov/2025:00:41:04 +0000] "PUT /3/200833/AUTH_34047920d4864ad78d85d02365686cf8/gnocchi.90742f83-f119-4f12-b436-e1b8eda632f5/none_v3" 201 - "PUT http://[::1]:8080/3/104130/AUTH_34047920d4864ad78d85d02365686cf8/gnocchi.90742f83-f119-4f12-b436-e1b8eda632f5/none_v3" "txa723e761cbbd45c2baf17-006924fb20" "object-server 97566" 0.0003 "-" 97262 0
Nov 24 19:41:04 np0005534223.novalocal object-server[97566]: ::1 - - [25/Nov/2025:00:41:04 +0000] "PUT /3/104130/AUTH_34047920d4864ad78d85d02365686cf8/gnocchi.90742f83-f119-4f12-b436-e1b8eda632f5/none_v3" 201 - "PUT http://[::1]:8080/v1/AUTH_34047920d4864ad78d85d02365686cf8/gnocchi.90742f83-f119-4f12-b436-e1b8eda632f5/none_v3" "txa723e761cbbd45c2baf17-006924fb20" "proxy-server 90339" 0.0580 "-" 97566 0
Nov 24 19:41:04 np0005534223.novalocal object-server[97566]: ::1 - - [25/Nov/2025:00:41:04 +0000] "PUT /2/104130/AUTH_34047920d4864ad78d85d02365686cf8/gnocchi.90742f83-f119-4f12-b436-e1b8eda632f5/none_v3" 201 - "PUT http://[::1]:8080/v1/AUTH_34047920d4864ad78d85d02365686cf8/gnocchi.90742f83-f119-4f12-b436-e1b8eda632f5/none_v3" "txa723e761cbbd45c2baf17-006924fb20" "proxy-server 90339" 0.0603 "-" 97566 0
Nov 24 19:41:04 np0005534223.novalocal container-server[97263]: ::1 - - [25/Nov/2025:00:41:04 +0000] "PUT /1/26234/AUTH_34047920d4864ad78d85d02365686cf8/gnocchi.b81a5cdf-2239-4339-87f2-28a572c82ca3/1763640000.0_mean_300.0_v3" 201 - "PUT http://[::1]:8080/2/88714/AUTH_34047920d4864ad78d85d02365686cf8/gnocchi.b81a5cdf-2239-4339-87f2-28a572c82ca3/1763640000.0_mean_300.0_v3" "tx9d935552519e491fb804f-006924fb20" "object-server 97566" 0.0006 "-" 97263 0
Nov 24 19:41:04 np0005534223.novalocal object-server[97566]: ::1 - - [25/Nov/2025:00:41:04 +0000] "PUT /2/88714/AUTH_34047920d4864ad78d85d02365686cf8/gnocchi.b81a5cdf-2239-4339-87f2-28a572c82ca3/1763640000.0_mean_300.0_v3" 201 - "PUT http://[::1]:8080/v1/AUTH_34047920d4864ad78d85d02365686cf8/gnocchi.b81a5cdf-2239-4339-87f2-28a572c82ca3/1763640000.0_mean_300.0_v3" "tx9d935552519e491fb804f-006924fb20" "proxy-server 90340" 0.0586 "-" 97566 0
Nov 24 19:41:04 np0005534223.novalocal proxy-server[90340]: ::1 ::1 25/Nov/2025/00/41/04 PUT /v1/AUTH_34047920d4864ad78d85d02365686cf8/gnocchi.b81a5cdf-2239-4339-87f2-28a572c82ca3/1763640000.0_mean_300.0_v3 HTTP/1.0 201 - python-swiftclient-4.2.0 gAAAAABpJPsEC1e4... 16 - - tx9d935552519e491fb804f-006924fb20 - 0.0696 - - 1764031264.692909002 1764031264.762483597 0
Nov 24 19:41:04 np0005534223.novalocal object-server[97569]: ::1 - - [25/Nov/2025:00:41:04 +0000] "PUT /1/104130/AUTH_34047920d4864ad78d85d02365686cf8/gnocchi.90742f83-f119-4f12-b436-e1b8eda632f5/none_v3" 201 - "PUT http://[::1]:8080/v1/AUTH_34047920d4864ad78d85d02365686cf8/gnocchi.90742f83-f119-4f12-b436-e1b8eda632f5/none_v3" "txa723e761cbbd45c2baf17-006924fb20" "proxy-server 90339" 0.0587 "-" 97569 0
Nov 24 19:41:04 np0005534223.novalocal proxy-server[90339]: ::1 ::1 25/Nov/2025/00/41/04 PUT /v1/AUTH_34047920d4864ad78d85d02365686cf8/gnocchi.90742f83-f119-4f12-b436-e1b8eda632f5/none_v3 HTTP/1.0 201 - python-swiftclient-4.2.0 gAAAAABpJPsEg9N3... 36 - - txa723e761cbbd45c2baf17-006924fb20 - 0.0712 - - 1764031264.693963766 1764031264.765175343 0
Nov 24 19:41:04 np0005534223.novalocal container-server[97261]: ::1 - - [25/Nov/2025:00:41:04 +0000] "PUT /1/26234/AUTH_34047920d4864ad78d85d02365686cf8/gnocchi.b81a5cdf-2239-4339-87f2-28a572c82ca3/none_v3" 201 - "PUT http://[::1]:8080/3/185341/AUTH_34047920d4864ad78d85d02365686cf8/gnocchi.b81a5cdf-2239-4339-87f2-28a572c82ca3/none_v3" "tx9535b56e884f44d8b1396-006924fb20" "object-server 97568" 0.0006 "-" 97261 0
Nov 24 19:41:04 np0005534223.novalocal object-server[97568]: ::1 - - [25/Nov/2025:00:41:04 +0000] "PUT /3/185341/AUTH_34047920d4864ad78d85d02365686cf8/gnocchi.b81a5cdf-2239-4339-87f2-28a572c82ca3/none_v3" 201 - "PUT http://[::1]:8080/v1/AUTH_34047920d4864ad78d85d02365686cf8/gnocchi.b81a5cdf-2239-4339-87f2-28a572c82ca3/none_v3" "tx9535b56e884f44d8b1396-006924fb20" "proxy-server 90340" 0.0108 "-" 97568 0
Nov 24 19:41:04 np0005534223.novalocal container-server[97262]: ::1 - - [25/Nov/2025:00:41:04 +0000] "PUT /2/26234/AUTH_34047920d4864ad78d85d02365686cf8/gnocchi.b81a5cdf-2239-4339-87f2-28a572c82ca3/none_v3" 201 - "PUT http://[::1]:8080/2/185341/AUTH_34047920d4864ad78d85d02365686cf8/gnocchi.b81a5cdf-2239-4339-87f2-28a572c82ca3/none_v3" "tx9535b56e884f44d8b1396-006924fb20" "object-server 97568" 0.0005 "-" 97262 0
Nov 24 19:41:04 np0005534223.novalocal object-server[97568]: ::1 - - [25/Nov/2025:00:41:04 +0000] "PUT /2/185341/AUTH_34047920d4864ad78d85d02365686cf8/gnocchi.b81a5cdf-2239-4339-87f2-28a572c82ca3/none_v3" 201 - "PUT http://[::1]:8080/v1/AUTH_34047920d4864ad78d85d02365686cf8/gnocchi.b81a5cdf-2239-4339-87f2-28a572c82ca3/none_v3" "tx9535b56e884f44d8b1396-006924fb20" "proxy-server 90340" 0.0132 "-" 97568 0
Nov 24 19:41:04 np0005534223.novalocal container-server[97262]: ::1 - - [25/Nov/2025:00:41:04 +0000] "PUT /3/26234/AUTH_34047920d4864ad78d85d02365686cf8/gnocchi.b81a5cdf-2239-4339-87f2-28a572c82ca3/none_v3" 201 - "PUT http://[::1]:8080/1/185341/AUTH_34047920d4864ad78d85d02365686cf8/gnocchi.b81a5cdf-2239-4339-87f2-28a572c82ca3/none_v3" "tx9535b56e884f44d8b1396-006924fb20" "object-server 97566" 0.0005 "-" 97262 0
Nov 24 19:41:04 np0005534223.novalocal object-server[97566]: ::1 - - [25/Nov/2025:00:41:04 +0000] "PUT /1/185341/AUTH_34047920d4864ad78d85d02365686cf8/gnocchi.b81a5cdf-2239-4339-87f2-28a572c82ca3/none_v3" 201 - "PUT http://[::1]:8080/v1/AUTH_34047920d4864ad78d85d02365686cf8/gnocchi.b81a5cdf-2239-4339-87f2-28a572c82ca3/none_v3" "tx9535b56e884f44d8b1396-006924fb20" "proxy-server 90340" 0.0148 "-" 97566 0
Nov 24 19:41:04 np0005534223.novalocal proxy-server[90340]: ::1 ::1 25/Nov/2025/00/41/04 PUT /v1/AUTH_34047920d4864ad78d85d02365686cf8/gnocchi.b81a5cdf-2239-4339-87f2-28a572c82ca3/none_v3 HTTP/1.0 201 - python-swiftclient-4.2.0 gAAAAABpJPsEC1e4... 43 - - tx9535b56e884f44d8b1396-006924fb20 - 0.0238 - - 1764031264.765422583 1764031264.789177656 0
Nov 24 19:41:06 np0005534223.novalocal container-server[90780]: Container sharder cycle starting, auto-sharding False
Nov 24 19:41:06 np0005534223.novalocal container-server[90780]: Since Tue Nov 25 00:41:06 2025 visited - attempted:0 success:0 failure:0 skipped:33 completed:0
Nov 24 19:41:06 np0005534223.novalocal container-server[90780]: Since Tue Nov 25 00:41:06 2025 scanned - attempted:0 success:0 failure:0 found:0 min_time:0 max_time:0
Nov 24 19:41:06 np0005534223.novalocal container-server[90780]: Since Tue Nov 25 00:41:06 2025 created - attempted:0 success:0 failure:0
Nov 24 19:41:06 np0005534223.novalocal container-server[90780]: Since Tue Nov 25 00:41:06 2025 cleaved - attempted:0 success:0 failure:0 min_time:0 max_time:0
Nov 24 19:41:06 np0005534223.novalocal container-server[90780]: Since Tue Nov 25 00:41:06 2025 misplaced - attempted:0 success:0 failure:0 found:0 placed:0 unplaced:0
Nov 24 19:41:06 np0005534223.novalocal container-server[90780]: Since Tue Nov 25 00:41:06 2025 audit_root - attempted:0 success:0 failure:0 has_overlap:0 num_overlap:0
Nov 24 19:41:06 np0005534223.novalocal container-server[90780]: Since Tue Nov 25 00:41:06 2025 audit_shard - attempted:0 success:0 failure:0
Nov 24 19:41:06 np0005534223.novalocal container-server[90780]: Container sharder cycle completed: 0.65s
Nov 24 19:41:08 np0005534223.novalocal systemd[1]: NetworkManager-dispatcher.service: Deactivated successfully.
Nov 24 19:41:09 np0005534223.novalocal dnsmasq[104268]: read /var/lib/neutron/dhcp/900b5496-d732-468c-9b8e-a053e0d7f4fe/addn_hosts - 0 addresses
Nov 24 19:41:09 np0005534223.novalocal dnsmasq-dhcp[104268]: read /var/lib/neutron/dhcp/900b5496-d732-468c-9b8e-a053e0d7f4fe/host
Nov 24 19:41:09 np0005534223.novalocal dnsmasq-dhcp[104268]: read /var/lib/neutron/dhcp/900b5496-d732-468c-9b8e-a053e0d7f4fe/opts
Nov 24 19:41:10 np0005534223.novalocal kernel: qr-2ac19e1d-34: left promiscuous mode
Nov 24 19:41:10 np0005534223.novalocal dnsmasq[104268]: exiting on receipt of SIGTERM
Nov 24 19:41:10 np0005534223.novalocal kernel: tapa149865d-c3: left promiscuous mode
Nov 24 19:41:10 np0005534223.novalocal kernel: qg-dd57a924-4f: left promiscuous mode
Nov 24 19:41:10 np0005534223.novalocal systemd[1]: run-netns-qrouter\x2d4b4b37ff\x2d7314\x2d408a\x2d9d8e\x2dd6f9b280767a.mount: Deactivated successfully.
Nov 24 19:41:10 np0005534223.novalocal neutron-server[92898]: /usr/lib/python3.9/site-packages/oslo_db/sqlalchemy/enginefacade.py:710: SAWarning: DELETE statement on table 'portsecuritybindings' expected to delete 1 row(s); 0 were matched. Please set confirm_deleted_rows=False within the mapper configuration to prevent this warning.
Nov 24 19:41:10 np0005534223.novalocal neutron-server[92898]: self.session.flush()
Nov 24 19:41:10 np0005534223.novalocal neutron-server[92898]: /usr/lib/python3.9/site-packages/oslo_db/sqlalchemy/enginefacade.py:710: SAWarning: DELETE statement on table 'ml2_port_bindings' expected to delete 1 row(s); 0 were matched. Please set confirm_deleted_rows=False within the mapper configuration to prevent this warning.
Nov 24 19:41:10 np0005534223.novalocal neutron-server[92898]: self.session.flush()
Nov 24 19:41:10 np0005534223.novalocal neutron-server[92898]: /usr/lib/python3.9/site-packages/oslo_db/sqlalchemy/enginefacade.py:710: SAWarning: DELETE statement on table 'ml2_port_binding_levels' expected to delete 1 row(s); 0 were matched. Please set confirm_deleted_rows=False within the mapper configuration to prevent this warning.
Nov 24 19:41:10 np0005534223.novalocal neutron-server[92898]: self.session.flush()
Nov 24 19:41:10 np0005534223.novalocal neutron-server[92898]: /usr/lib/python3.9/site-packages/oslo_db/sqlalchemy/enginefacade.py:710: SAWarning: DELETE statement on table 'ports' expected to delete 1 row(s); 0 were matched. Please set confirm_deleted_rows=False within the mapper configuration to prevent this warning.
Nov 24 19:41:10 np0005534223.novalocal neutron-server[92898]: self.session.flush()
Nov 24 19:41:10 np0005534223.novalocal systemd[1]: run-netns-qdhcp\x2d900b5496\x2dd732\x2d468c\x2d9b8e\x2da053e0d7f4fe.mount: Deactivated successfully.
Nov 24 19:41:11 np0005534223.novalocal account-server[96966]: ::1 - - [25/Nov/2025:00:41:11 +0000] "HEAD /2/259413/.expiring_objects" 404 - "HEAD http://localhost/v1/.expiring_objects?format=json" "tx980114b9ae334187aedaf-006924fb27" "Swift Object Expirer" 0.0136 "-" 96966 -
Nov 24 19:41:11 np0005534223.novalocal account-server[96967]: ::1 - - [25/Nov/2025:00:41:11 +0000] "HEAD /1/259413/.expiring_objects" 404 - "HEAD http://localhost/v1/.expiring_objects?format=json" "tx980114b9ae334187aedaf-006924fb27" "Swift Object Expirer" 0.0105 "-" 96967 -
Nov 24 19:41:11 np0005534223.novalocal account-server[96965]: ::1 - - [25/Nov/2025:00:41:11 +0000] "HEAD /3/259413/.expiring_objects" 404 - "HEAD http://localhost/v1/.expiring_objects?format=json" "tx980114b9ae334187aedaf-006924fb27" "Swift Object Expirer" 0.0038 "-" 96965 -
Nov 24 19:41:11 np0005534223.novalocal object-expirer-ic[90373]: - - 25/Nov/2025/00/41/11 HEAD /v1/.expiring_objects%3Fformat%3Djson HTTP/1.0 404 - Swift%20Object%20Expirer - - - - tx980114b9ae334187aedaf-006924fb27 - 0.0401 - - 1764031271.081157207 1764031271.121228695 -
Nov 24 19:41:11 np0005534223.novalocal object-expirer[90373]: Pass completed in 0s; 0 objects expired
Nov 24 19:41:11 np0005534223.novalocal object-server[97631]: Starting object replication pass.
Nov 24 19:41:11 np0005534223.novalocal systemd[1]: Starting SETroubleshoot daemon for processing new SELinux denial logs...
Nov 24 19:41:12 np0005534223.novalocal object-server[97631]: 66/66 (100.00%) partitions replicated in 0.92s (71.75/sec, 0s remaining)
Nov 24 19:41:12 np0005534223.novalocal object-server[97631]: 132 successes, 0 failures
Nov 24 19:41:12 np0005534223.novalocal object-server[97631]: 66 suffixes checked - 27.27% hashed, 0.00% synced
Nov 24 19:41:12 np0005534223.novalocal object-server[97631]: Partition times: max 0.0390s, min 0.0034s, med 0.0090s
Nov 24 19:41:12 np0005534223.novalocal object-server[97631]: Object replication complete. (0.02 minutes)
Nov 24 19:41:12 np0005534223.novalocal systemd[1]: Started SETroubleshoot daemon for processing new SELinux denial logs.
Nov 24 19:41:13 np0005534223.novalocal systemd[1]: Started dbus-:1.1-org.fedoraproject.SetroubleshootPrivileged@9.service.
Nov 24 19:41:14 np0005534223.novalocal dnsmasq[103453]: read /var/lib/neutron/dhcp/2756d021-202b-4e50-bca3-199b21024b5e/addn_hosts - 2 addresses
Nov 24 19:41:14 np0005534223.novalocal dnsmasq-dhcp[103453]: read /var/lib/neutron/dhcp/2756d021-202b-4e50-bca3-199b21024b5e/host
Nov 24 19:41:14 np0005534223.novalocal dnsmasq-dhcp[103453]: read /var/lib/neutron/dhcp/2756d021-202b-4e50-bca3-199b21024b5e/opts
