Nov 24 19:40:48 np0005534223.novalocal NetworkManager[855]: [1764031248.8944] manager: (qvb8295c078-13): new Veth device (/org/freedesktop/NetworkManager/Devices/29)
Nov 24 19:40:48 np0005534223.novalocal kernel: qbr8295c078-13: port 1(qvb8295c078-13) entered blocking state
Nov 24 19:40:48 np0005534223.novalocal kernel: qbr8295c078-13: port 1(qvb8295c078-13) entered disabled state
Nov 24 19:40:48 np0005534223.novalocal kernel: qvb8295c078-13: entered allmulticast mode
Nov 24 19:40:48 np0005534223.novalocal kernel: qvb8295c078-13: entered promiscuous mode
Nov 24 19:40:48 np0005534223.novalocal kernel: qbr8295c078-13: port 1(qvb8295c078-13) entered blocking state
Nov 24 19:40:48 np0005534223.novalocal kernel: qbr8295c078-13: port 1(qvb8295c078-13) entered forwarding state
Nov 24 19:40:48 np0005534223.novalocal NetworkManager[855]: [1764031248.8966] device (qbr8295c078-13): carrier: link connected
Nov 24 19:40:48 np0005534223.novalocal kernel: qvo8295c078-13: entered promiscuous mode
Nov 24 19:40:48 np0005534223.novalocal systemd-udevd[104498]: Network interface NamePolicy= disabled on kernel command line.
Nov 24 19:40:48 np0005534223.novalocal systemd-udevd[104499]: Network interface NamePolicy= disabled on kernel command line.
Nov 24 19:40:48 np0005534223.novalocal systemd-udevd[104500]: Network interface NamePolicy= disabled on kernel command line.
Nov 24 19:40:48 np0005534223.novalocal NetworkManager[855]: [1764031248.9529] device (qbr8295c078-13): state change: unmanaged -> unavailable (reason 'connection-assumed', managed-type: 'external')
Nov 24 19:40:48 np0005534223.novalocal NetworkManager[855]: [1764031248.9534] device (qbr8295c078-13): state change: unavailable -> disconnected (reason 'connection-assumed', managed-type: 'external')
Nov 24 19:40:48 np0005534223.novalocal NetworkManager[855]: [1764031248.9538] device (qbr8295c078-13): Activation: starting connection 'qbr8295c078-13' (9dde9bfa-e6dd-4830-92f7-f50ad169c350)
Nov 24 19:40:48 np0005534223.novalocal NetworkManager[855]: [1764031248.9539] device (qbr8295c078-13): state change: disconnected -> prepare (reason 'none', managed-type: 'external')
Nov 24 19:40:48 np0005534223.novalocal NetworkManager[855]: [1764031248.9540] device (qbr8295c078-13): state change: prepare -> config (reason 'none', managed-type: 'external')
Nov 24 19:40:48 np0005534223.novalocal NetworkManager[855]: [1764031248.9541] device (qbr8295c078-13): state change: config -> ip-config (reason 'none', managed-type: 'external')
Nov 24 19:40:48 np0005534223.novalocal NetworkManager[855]: [1764031248.9542] device (qbr8295c078-13): state change: ip-config -> ip-check (reason 'none', managed-type: 'external')
Nov 24 19:40:48 np0005534223.novalocal object-server[103074]: Object audit (ZBF) "forever" mode completed: 0.73s. Total quarantined: 0, Total errors: 0, Total files/sec: 48.99, Total bytes/sec: 0.00, Auditing time: 0.71, Rate: 0.96
Nov 24 19:40:48 np0005534223.novalocal systemd[1]: Starting Network Manager Script Dispatcher Service...
Nov 24 19:40:48 np0005534223.novalocal systemd[1]: Started Network Manager Script Dispatcher Service.
Nov 24 19:40:48 np0005534223.novalocal NetworkManager[855]: [1764031248.9964] device (qbr8295c078-13): state change: ip-check -> secondaries (reason 'none', managed-type: 'external')
Nov 24 19:40:48 np0005534223.novalocal NetworkManager[855]: [1764031248.9965] device (qbr8295c078-13): state change: secondaries -> activated (reason 'none', managed-type: 'external')
Nov 24 19:40:48 np0005534223.novalocal NetworkManager[855]: [1764031248.9971] device (qbr8295c078-13): Activation: successful, device activated.
Nov 24 19:40:49 np0005534223.novalocal systemd[1]: iscsi.service: Unit cannot be reloaded because it is inactive.
Nov 24 19:40:49 np0005534223.novalocal kernel: qbr8295c078-13: port 2(tap8295c078-13) entered blocking state
Nov 24 19:40:49 np0005534223.novalocal kernel: qbr8295c078-13: port 2(tap8295c078-13) entered disabled state
Nov 24 19:40:49 np0005534223.novalocal kernel: tap8295c078-13: entered allmulticast mode
Nov 24 19:40:49 np0005534223.novalocal kernel: tap8295c078-13: entered promiscuous mode
Nov 24 19:40:49 np0005534223.novalocal kernel: qbr8295c078-13: port 2(tap8295c078-13) entered blocking state
Nov 24 19:40:49 np0005534223.novalocal kernel: qbr8295c078-13: port 2(tap8295c078-13) entered forwarding state
Nov 24 19:40:49 np0005534223.novalocal systemd-udevd[104510]: Network interface NamePolicy= disabled on kernel command line.
Nov 24 19:40:49 np0005534223.novalocal NetworkManager[855]: [1764031249.0422] manager: (tap8295c078-13): new Tun device (/org/freedesktop/NetworkManager/Devices/30)
Nov 24 19:40:49 np0005534223.novalocal libvirtd[99721]: Domain id=2 name='instance-00000002' uuid=cb9d9125-b46a-4246-89ad-8f54bc31c6a9 is tainted: deprecated-config (machine type 'pc-i440fx-rhel7.6.0')
Nov 24 19:40:49 np0005534223.novalocal libvirtd[99721]: Domain id=2 name='instance-00000002' uuid=cb9d9125-b46a-4246-89ad-8f54bc31c6a9 is tainted: deprecated-config (CPU model 'qemu64')
Nov 24 19:40:49 np0005534223.novalocal NetworkManager[855]: [1764031249.0485] device (tap8295c078-13): state change: unmanaged -> unavailable (reason 'connection-assumed', managed-type: 'external')
Nov 24 19:40:49 np0005534223.novalocal NetworkManager[855]: [1764031249.0491] device (tap8295c078-13): state change: unavailable -> disconnected (reason 'connection-assumed', managed-type: 'external')
Nov 24 19:40:49 np0005534223.novalocal NetworkManager[855]: [1764031249.0496] device (tap8295c078-13): Activation: starting connection 'tap8295c078-13' (35447f0a-d1ec-4c70-b8d8-cec61a535601)
Nov 24 19:40:49 np0005534223.novalocal NetworkManager[855]: [1764031249.0497] device (tap8295c078-13): state change: disconnected -> prepare (reason 'none', managed-type: 'external')
Nov 24 19:40:49 np0005534223.novalocal NetworkManager[855]: [1764031249.0500] device (tap8295c078-13): state change: prepare -> config (reason 'none', managed-type: 'external')
Nov 24 19:40:49 np0005534223.novalocal NetworkManager[855]: [1764031249.0501] device (tap8295c078-13): state change: config -> ip-config (reason 'none', managed-type: 'external')
Nov 24 19:40:49 np0005534223.novalocal NetworkManager[855]: [1764031249.0502] device (qbr8295c078-13): bridge port tap8295c078-13 was attached
Nov 24 19:40:49 np0005534223.novalocal NetworkManager[855]: [1764031249.0502] device (tap8295c078-13): Activation: connection 'tap8295c078-13' attached as port, continuing activation
Nov 24 19:40:49 np0005534223.novalocal NetworkManager[855]: [1764031249.0504] device (tap8295c078-13): state change: ip-config -> ip-check (reason 'none', managed-type: 'external')
Nov 24 19:40:49 np0005534223.novalocal NetworkManager[855]: [1764031249.0522] device (tap8295c078-13): state change: ip-check -> secondaries (reason 'none', managed-type: 'external')
Nov 24 19:40:49 np0005534223.novalocal NetworkManager[855]: [1764031249.0524] device (tap8295c078-13): state change: secondaries -> activated (reason 'none', managed-type: 'external')
Nov 24 19:40:49 np0005534223.novalocal NetworkManager[855]: [1764031249.0539] device (tap8295c078-13): Activation: successful, device activated.
Nov 24 19:40:49 np0005534223.novalocal systemd[1]: iscsi.service: Unit cannot be reloaded because it is inactive.
Nov 24 19:40:49 np0005534223.novalocal systemd-machined[94387]: New machine qemu-2-instance-00000002.
Nov 24 19:40:49 np0005534223.novalocal systemd[1]: Started Virtual Machine qemu-2-instance-00000002.
Nov 24 19:40:49 np0005534223.novalocal sudo[104575]: cinder : PWD=/ ; USER=root ; COMMAND=/usr/bin/cinder-rootwrap /etc/cinder/rootwrap.conf env LC_ALL=C vgs --noheadings --unit=g -o name,size,free,lv_count,uuid --separator : --nosuffix cinder-volumes
Nov 24 19:40:49 np0005534223.novalocal systemd[1]: Started Session c113 of User root.
Nov 24 19:40:49 np0005534223.novalocal sudo[104575]: pam_unix(sudo:session): session opened for user root(uid=0) by (uid=165)
Nov 24 19:40:50 np0005534223.novalocal sshd-session[104573]: Invalid user alex from 34.142.110.144 port 35664
Nov 24 19:40:50 np0005534223.novalocal setroubleshoot[103134]: SELinux is preventing /usr/sbin/httpd from read access on the file b0ff453b4d06029c61d81f37089b56a463ed1b66e57028979733c95f62cb4dd1. For complete SELinux messages run: sealert -l bd60716b-d3fd-4243-879c-0b6b79d77769
Nov 24 19:40:50 np0005534223.novalocal sudo[104575]: pam_unix(sudo:session): session closed for user root
Nov 24 19:40:50 np0005534223.novalocal systemd[1]: session-c113.scope: Deactivated successfully.
Nov 24 19:40:50 np0005534223.novalocal setroubleshoot[103134]: SELinux is preventing /usr/sbin/httpd from read access on the file b0ff453b4d06029c61d81f37089b56a463ed1b66e57028979733c95f62cb4dd1. ***** Plugin catchall (100. confidence) suggests ************************** If you believe that httpd should be allowed read access on the b0ff453b4d06029c61d81f37089b56a463ed1b66e57028979733c95f62cb4dd1 file by default. Then you should report this as a bug. You can generate a local policy module to allow this access. Do allow this access for now by executing: # ausearch -c 'httpd' --raw | audit2allow -M my-httpd # semodule -X 300 -i my-httpd.pp
Nov 24 19:40:50 np0005534223.novalocal setroubleshoot[103134]: SELinux is preventing /usr/sbin/httpd from open access on the file /var/lib/nova/.cache/python-entrypoints/b0ff453b4d06029c61d81f37089b56a463ed1b66e57028979733c95f62cb4dd1. For complete SELinux messages run: sealert -l 0f4c537e-f3fd-4c32-9cd9-61618153558e
Nov 24 19:40:50 np0005534223.novalocal sudo[104590]: cinder : PWD=/ ; USER=root ; COMMAND=/usr/bin/cinder-rootwrap /etc/cinder/rootwrap.conf env LC_ALL=C lvs --noheadings --unit=g -o vg_name,name,size --nosuffix --readonly cinder-volumes
Nov 24 19:40:50 np0005534223.novalocal setroubleshoot[103134]: SELinux is preventing /usr/sbin/httpd from open access on the file /var/lib/nova/.cache/python-entrypoints/b0ff453b4d06029c61d81f37089b56a463ed1b66e57028979733c95f62cb4dd1. ***** Plugin catchall (100. confidence) suggests ************************** If you believe that httpd should be allowed open access on the b0ff453b4d06029c61d81f37089b56a463ed1b66e57028979733c95f62cb4dd1 file by default. Then you should report this as a bug. You can generate a local policy module to allow this access. Do allow this access for now by executing: # ausearch -c 'httpd' --raw | audit2allow -M my-httpd # semodule -X 300 -i my-httpd.pp
Nov 24 19:40:50 np0005534223.novalocal setroubleshoot[103134]: SELinux is preventing /usr/sbin/httpd from getattr access on the file /var/lib/nova/.cache/python-entrypoints/b0ff453b4d06029c61d81f37089b56a463ed1b66e57028979733c95f62cb4dd1. For complete SELinux messages run: sealert -l 06697e92-e7da-4795-a8b1-86b053e0ecdc
Nov 24 19:40:50 np0005534223.novalocal systemd[1]: Started Session c114 of User root.
Nov 24 19:40:50 np0005534223.novalocal setroubleshoot[103134]: SELinux is preventing /usr/sbin/httpd from getattr access on the file /var/lib/nova/.cache/python-entrypoints/b0ff453b4d06029c61d81f37089b56a463ed1b66e57028979733c95f62cb4dd1. ***** Plugin catchall (100. confidence) suggests ************************** If you believe that httpd should be allowed getattr access on the b0ff453b4d06029c61d81f37089b56a463ed1b66e57028979733c95f62cb4dd1 file by default. Then you should report this as a bug. You can generate a local policy module to allow this access. Do allow this access for now by executing: # ausearch -c 'httpd' --raw | audit2allow -M my-httpd # semodule -X 300 -i my-httpd.pp
Nov 24 19:40:50 np0005534223.novalocal sudo[104590]: pam_unix(sudo:session): session opened for user root(uid=0) by (uid=165)
Nov 24 19:40:50 np0005534223.novalocal setroubleshoot[103134]: SELinux is preventing /usr/sbin/httpd from ioctl access on the file /var/lib/nova/.cache/python-entrypoints/b0ff453b4d06029c61d81f37089b56a463ed1b66e57028979733c95f62cb4dd1. For complete SELinux messages run: sealert -l 885d1e9e-0530-40e4-a478-ce368a0efbbd
Nov 24 19:40:50 np0005534223.novalocal setroubleshoot[103134]: SELinux is preventing /usr/sbin/httpd from ioctl access on the file /var/lib/nova/.cache/python-entrypoints/b0ff453b4d06029c61d81f37089b56a463ed1b66e57028979733c95f62cb4dd1. ***** Plugin catchall (100. confidence) suggests ************************** If you believe that httpd should be allowed ioctl access on the b0ff453b4d06029c61d81f37089b56a463ed1b66e57028979733c95f62cb4dd1 file by default. Then you should report this as a bug. You can generate a local policy module to allow this access. Do allow this access for now by executing: # ausearch -c 'httpd' --raw | audit2allow -M my-httpd # semodule -X 300 -i my-httpd.pp
Nov 24 19:40:50 np0005534223.novalocal sshd-session[104573]: Received disconnect from 34.142.110.144 port 35664:11: Bye Bye [preauth]
Nov 24 19:40:50 np0005534223.novalocal sshd-session[104573]: Disconnected from invalid user alex 34.142.110.144 port 35664 [preauth]
Nov 24 19:40:50 np0005534223.novalocal sudo[104590]: pam_unix(sudo:session): session closed for user root
Nov 24 19:40:50 np0005534223.novalocal systemd[1]: session-c114.scope: Deactivated successfully.
Nov 24 19:40:50 np0005534223.novalocal sudo[104596]: cinder : PWD=/ ; USER=root ; COMMAND=/usr/bin/cinder-rootwrap /etc/cinder/rootwrap.conf env LC_ALL=C lvs --noheadings --unit=g -o size,data_percent --separator : --nosuffix /dev/cinder-volumes/cinder-volumes-pool
Nov 24 19:40:50 np0005534223.novalocal systemd[1]: Started Session c115 of User root.
Nov 24 19:40:50 np0005534223.novalocal sudo[104596]: pam_unix(sudo:session): session opened for user root(uid=0) by (uid=165)
Nov 24 19:40:50 np0005534223.novalocal sudo[104596]: pam_unix(sudo:session): session closed for user root
Nov 24 19:40:50 np0005534223.novalocal systemd[1]: session-c115.scope: Deactivated successfully.
Nov 24 19:40:51 np0005534223.novalocal sudo[104600]: cinder : PWD=/ ; USER=root ; COMMAND=/usr/bin/cinder-rootwrap /etc/cinder/rootwrap.conf env LC_ALL=C lvs --noheadings --unit=g -o vg_name,name,size --nosuffix --readonly cinder-volumes
Nov 24 19:40:51 np0005534223.novalocal systemd[1]: Started Session c116 of User root.
Nov 24 19:40:51 np0005534223.novalocal sudo[104600]: pam_unix(sudo:session): session opened for user root(uid=0) by (uid=165)
Nov 24 19:40:51 np0005534223.novalocal container-server[97261]: ::1 - - [25/Nov/2025:00:40:51 +0000] "HEAD /3/245114/AUTH_34047920d4864ad78d85d02365686cf8/gnocchi.42e86406-f07b-4c30-94f0-5b35974154be" 404 - "HEAD http://[::1]:8080/v1/AUTH_34047920d4864ad78d85d02365686cf8/gnocchi.42e86406-f07b-4c30-94f0-5b35974154be?format=json&states=listing" "tx17de2e836be545299384b-006924fb13" "proxy-server 90340" 0.0005 "-" 97261 0
Nov 24 19:40:51 np0005534223.novalocal container-server[97263]: ::1 - - [25/Nov/2025:00:40:51 +0000] "HEAD /2/245114/AUTH_34047920d4864ad78d85d02365686cf8/gnocchi.42e86406-f07b-4c30-94f0-5b35974154be" 404 - "HEAD http://[::1]:8080/v1/AUTH_34047920d4864ad78d85d02365686cf8/gnocchi.42e86406-f07b-4c30-94f0-5b35974154be?format=json&states=listing" "tx17de2e836be545299384b-006924fb13" "proxy-server 90340" 0.0004 "-" 97263 0
Nov 24 19:40:51 np0005534223.novalocal container-server[97261]: ::1 - - [25/Nov/2025:00:40:51 +0000] "HEAD /1/245114/AUTH_34047920d4864ad78d85d02365686cf8/gnocchi.42e86406-f07b-4c30-94f0-5b35974154be" 404 - "HEAD http://[::1]:8080/v1/AUTH_34047920d4864ad78d85d02365686cf8/gnocchi.42e86406-f07b-4c30-94f0-5b35974154be?format=json&states=listing" "tx17de2e836be545299384b-006924fb13" "proxy-server 90340" 0.0002 "-" 97261 0
Nov 24 19:40:51 np0005534223.novalocal object-server[97569]: ::1 - - [25/Nov/2025:00:40:51 +0000] "GET /1/227444/AUTH_34047920d4864ad78d85d02365686cf8/gnocchi.42e86406-f07b-4c30-94f0-5b35974154be/none_v3" 404 70 "GET http://[::1]:8080/v1/AUTH_34047920d4864ad78d85d02365686cf8/gnocchi.42e86406-f07b-4c30-94f0-5b35974154be/none_v3" "tx17de2e836be545299384b-006924fb13" "proxy-server 90340" 0.0003 "-" 97569 0
Nov 24 19:40:51 np0005534223.novalocal object-server[97566]: ::1 - - [25/Nov/2025:00:40:51 +0000] "GET /2/227444/AUTH_34047920d4864ad78d85d02365686cf8/gnocchi.42e86406-f07b-4c30-94f0-5b35974154be/none_v3" 404 70 "GET http://[::1]:8080/v1/AUTH_34047920d4864ad78d85d02365686cf8/gnocchi.42e86406-f07b-4c30-94f0-5b35974154be/none_v3" "tx17de2e836be545299384b-006924fb13" "proxy-server 90340" 0.0003 "-" 97566 0
Nov 24 19:40:51 np0005534223.novalocal object-server[97567]: ::1 - - [25/Nov/2025:00:40:51 +0000] "GET /3/227444/AUTH_34047920d4864ad78d85d02365686cf8/gnocchi.42e86406-f07b-4c30-94f0-5b35974154be/none_v3" 404 70 "GET http://[::1]:8080/v1/AUTH_34047920d4864ad78d85d02365686cf8/gnocchi.42e86406-f07b-4c30-94f0-5b35974154be/none_v3" "tx17de2e836be545299384b-006924fb13" "proxy-server 90340" 0.0004 "-" 97567 0
Nov 24 19:40:51 np0005534223.novalocal proxy-server[90340]: ::1 ::1 25/Nov/2025/00/40/51 GET /v1/AUTH_34047920d4864ad78d85d02365686cf8/gnocchi.42e86406-f07b-4c30-94f0-5b35974154be/none_v3 HTTP/1.0 404 - python-swiftclient-4.2.0 gAAAAABpJPsEC1e4... - 70 - tx17de2e836be545299384b-006924fb13 - 0.0218 - - 1764031251.381453753 1764031251.403264284 0
Nov 24 19:40:51 np0005534223.novalocal container-server[97263]: ::1 - - [25/Nov/2025:00:40:51 +0000] "HEAD /2/67087/AUTH_34047920d4864ad78d85d02365686cf8/gnocchi.33c1c410-9a21-49f1-8fc3-53a43e595b44" 404 - "HEAD http://[::1]:8080/v1/AUTH_34047920d4864ad78d85d02365686cf8/gnocchi.33c1c410-9a21-49f1-8fc3-53a43e595b44?format=json&states=listing" "txd9a4b44328ce440a8420f-006924fb13" "proxy-server 90339" 0.0004 "-" 97263 0
Nov 24 19:40:51 np0005534223.novalocal account-server[96965]: ::1 - - [25/Nov/2025:00:40:51 +0000] "PUT /2/156101/AUTH_34047920d4864ad78d85d02365686cf8/gnocchi.42e86406-f07b-4c30-94f0-5b35974154be" 201 - "PUT http://[::1]:6001/2/245114/AUTH_34047920d4864ad78d85d02365686cf8/gnocchi.42e86406-f07b-4c30-94f0-5b35974154be" "txf6d7efa91e4643c6b4770-006924fb13" "container-server 97264" 0.0043 "-" 96965 0
Nov 24 19:40:51 np0005534223.novalocal container-server[97264]: ::1 - - [25/Nov/2025:00:40:51 +0000] "HEAD /1/67087/AUTH_34047920d4864ad78d85d02365686cf8/gnocchi.33c1c410-9a21-49f1-8fc3-53a43e595b44" 404 - "HEAD http://[::1]:8080/v1/AUTH_34047920d4864ad78d85d02365686cf8/gnocchi.33c1c410-9a21-49f1-8fc3-53a43e595b44?format=json&states=listing" "txd9a4b44328ce440a8420f-006924fb13" "proxy-server 90339" 0.0006 "-" 97264 0
Nov 24 19:40:51 np0005534223.novalocal container-server[97264]: ::1 - - [25/Nov/2025:00:40:51 +0000] "PUT /2/245114/AUTH_34047920d4864ad78d85d02365686cf8/gnocchi.42e86406-f07b-4c30-94f0-5b35974154be" 201 - "PUT http://[::1]:8080/v1/AUTH_34047920d4864ad78d85d02365686cf8/gnocchi.42e86406-f07b-4c30-94f0-5b35974154be" "txf6d7efa91e4643c6b4770-006924fb13" "proxy-server 90340" 0.0309 "-" 97264 0
Nov 24 19:40:51 np0005534223.novalocal account-server[96966]: ::1 - - [25/Nov/2025:00:40:51 +0000] "PUT /3/156101/AUTH_34047920d4864ad78d85d02365686cf8/gnocchi.42e86406-f07b-4c30-94f0-5b35974154be" 201 - "PUT http://[::1]:6001/3/245114/AUTH_34047920d4864ad78d85d02365686cf8/gnocchi.42e86406-f07b-4c30-94f0-5b35974154be" "txf6d7efa91e4643c6b4770-006924fb13" "container-server 97264" 0.0054 "-" 96966 0
Nov 24 19:40:51 np0005534223.novalocal container-server[97264]: ::1 - - [25/Nov/2025:00:40:51 +0000] "PUT /3/245114/AUTH_34047920d4864ad78d85d02365686cf8/gnocchi.42e86406-f07b-4c30-94f0-5b35974154be" 201 - "PUT http://[::1]:8080/v1/AUTH_34047920d4864ad78d85d02365686cf8/gnocchi.42e86406-f07b-4c30-94f0-5b35974154be" "txf6d7efa91e4643c6b4770-006924fb13" "proxy-server 90340" 0.0214 "-" 97264 0
Nov 24 19:40:51 np0005534223.novalocal container-server[97262]: ::1 - - [25/Nov/2025:00:40:51 +0000] "HEAD /3/67087/AUTH_34047920d4864ad78d85d02365686cf8/gnocchi.33c1c410-9a21-49f1-8fc3-53a43e595b44" 404 - "HEAD http://[::1]:8080/v1/AUTH_34047920d4864ad78d85d02365686cf8/gnocchi.33c1c410-9a21-49f1-8fc3-53a43e595b44?format=json&states=listing" "txd9a4b44328ce440a8420f-006924fb13" "proxy-server 90339" 0.0006 "-" 97262 0
Nov 24 19:40:51 np0005534223.novalocal sudo[104600]: pam_unix(sudo:session): session closed for user root
Nov 24 19:40:51 np0005534223.novalocal object-server[97566]: ::1 - - [25/Nov/2025:00:40:51 +0000] "GET /2/226587/AUTH_34047920d4864ad78d85d02365686cf8/gnocchi.33c1c410-9a21-49f1-8fc3-53a43e595b44/none_v3" 404 70 "GET http://[::1]:8080/v1/AUTH_34047920d4864ad78d85d02365686cf8/gnocchi.33c1c410-9a21-49f1-8fc3-53a43e595b44/none_v3" "txd9a4b44328ce440a8420f-006924fb13" "proxy-server 90339" 0.0003 "-" 97566 0
Nov 24 19:40:51 np0005534223.novalocal systemd[1]: session-c116.scope: Deactivated successfully.
Nov 24 19:40:51 np0005534223.novalocal account-server[96967]: ::1 - - [25/Nov/2025:00:40:51 +0000] "PUT /1/156101/AUTH_34047920d4864ad78d85d02365686cf8/gnocchi.42e86406-f07b-4c30-94f0-5b35974154be" 201 - "PUT http://[::1]:6001/1/245114/AUTH_34047920d4864ad78d85d02365686cf8/gnocchi.42e86406-f07b-4c30-94f0-5b35974154be" "txf6d7efa91e4643c6b4770-006924fb13" "container-server 97262" 0.0068 "-" 96967 0
Nov 24 19:40:51 np0005534223.novalocal object-server[97567]: ::1 - - [25/Nov/2025:00:40:51 +0000] "GET /1/226587/AUTH_34047920d4864ad78d85d02365686cf8/gnocchi.33c1c410-9a21-49f1-8fc3-53a43e595b44/none_v3" 404 70 "GET http://[::1]:8080/v1/AUTH_34047920d4864ad78d85d02365686cf8/gnocchi.33c1c410-9a21-49f1-8fc3-53a43e595b44/none_v3" "txd9a4b44328ce440a8420f-006924fb13" "proxy-server 90339" 0.0003 "-" 97567 0
Nov 24 19:40:51 np0005534223.novalocal object-server[97569]: ::1 - - [25/Nov/2025:00:40:51 +0000] "GET /3/226587/AUTH_34047920d4864ad78d85d02365686cf8/gnocchi.33c1c410-9a21-49f1-8fc3-53a43e595b44/none_v3" 404 70 "GET http://[::1]:8080/v1/AUTH_34047920d4864ad78d85d02365686cf8/gnocchi.33c1c410-9a21-49f1-8fc3-53a43e595b44/none_v3" "txd9a4b44328ce440a8420f-006924fb13" "proxy-server 90339" 0.0005 "-" 97569 0
Nov 24 19:40:51 np0005534223.novalocal proxy-server[90339]: ::1 ::1 25/Nov/2025/00/40/51 GET /v1/AUTH_34047920d4864ad78d85d02365686cf8/gnocchi.33c1c410-9a21-49f1-8fc3-53a43e595b44/none_v3 HTTP/1.0 404 - python-swiftclient-4.2.0 gAAAAABpJPsEg9N3... - 70 - txd9a4b44328ce440a8420f-006924fb13 - 0.0695 - - 1764031251.405204296 1764031251.474752188 0
Nov 24 19:40:51 np0005534223.novalocal container-server[97262]: ::1 - - [25/Nov/2025:00:40:51 +0000] "PUT /1/245114/AUTH_34047920d4864ad78d85d02365686cf8/gnocchi.42e86406-f07b-4c30-94f0-5b35974154be" 201 - "PUT http://[::1]:8080/v1/AUTH_34047920d4864ad78d85d02365686cf8/gnocchi.42e86406-f07b-4c30-94f0-5b35974154be" "txf6d7efa91e4643c6b4770-006924fb13" "proxy-server 90340" 0.0669 "-" 97262 0
Nov 24 19:40:51 np0005534223.novalocal proxy-server[90340]: ::1 ::1 25/Nov/2025/00/40/51 PUT /v1/AUTH_34047920d4864ad78d85d02365686cf8/gnocchi.42e86406-f07b-4c30-94f0-5b35974154be HTTP/1.0 201 - python-swiftclient-4.2.0 gAAAAABpJPsEC1e4... - - - txf6d7efa91e4643c6b4770-006924fb13 - 0.0759 - - 1764031251.405268431 1764031251.481200457 0
Nov 24 19:40:51 np0005534223.novalocal container-server[97261]: ::1 - - [25/Nov/2025:00:40:51 +0000] "HEAD /1/245114/AUTH_34047920d4864ad78d85d02365686cf8/gnocchi.42e86406-f07b-4c30-94f0-5b35974154be" 204 - "HEAD http://[::1]:8080/v1/AUTH_34047920d4864ad78d85d02365686cf8/gnocchi.42e86406-f07b-4c30-94f0-5b35974154be?format=json&states=listing" "tx9b2d4d6c59d04f719a3c6-006924fb13" "proxy-server 90340" 0.0027 "-" 97261 0
Nov 24 19:40:51 np0005534223.novalocal account-server[96965]: ::1 - - [25/Nov/2025:00:40:51 +0000] "PUT /3/156101/AUTH_34047920d4864ad78d85d02365686cf8/gnocchi.33c1c410-9a21-49f1-8fc3-53a43e595b44" 201 - "PUT http://[::1]:6001/1/67087/AUTH_34047920d4864ad78d85d02365686cf8/gnocchi.33c1c410-9a21-49f1-8fc3-53a43e595b44" "tx2db9b3cb16b941128bd75-006924fb13" "container-server 97264" 0.0033 "-" 96965 0
Nov 24 19:40:51 np0005534223.novalocal container-server[97264]: ::1 - - [25/Nov/2025:00:40:51 +0000] "PUT /1/67087/AUTH_34047920d4864ad78d85d02365686cf8/gnocchi.33c1c410-9a21-49f1-8fc3-53a43e595b44" 201 - "PUT http://[::1]:8080/v1/AUTH_34047920d4864ad78d85d02365686cf8/gnocchi.33c1c410-9a21-49f1-8fc3-53a43e595b44" "tx2db9b3cb16b941128bd75-006924fb13" "proxy-server 90339" 0.0141 "-" 97264 0
Nov 24 19:40:51 np0005534223.novalocal container-server[97264]: ::1 - - [25/Nov/2025:00:40:51 +0000] "GET /2/245114/AUTH_34047920d4864ad78d85d02365686cf8/gnocchi.42e86406-f07b-4c30-94f0-5b35974154be" 200 2 "GET http://[::1]:8080/v1/AUTH_34047920d4864ad78d85d02365686cf8/gnocchi.42e86406-f07b-4c30-94f0-5b35974154be?format=json&states=listing" "tx9b2d4d6c59d04f719a3c6-006924fb13" "proxy-server 90340" 0.0017 "-" 97264 0
Nov 24 19:40:51 np0005534223.novalocal account-server[96965]: ::1 - - [25/Nov/2025:00:40:51 +0000] "PUT /2/156101/AUTH_34047920d4864ad78d85d02365686cf8/gnocchi.33c1c410-9a21-49f1-8fc3-53a43e595b44" 201 - "PUT http://[::1]:6001/3/67087/AUTH_34047920d4864ad78d85d02365686cf8/gnocchi.33c1c410-9a21-49f1-8fc3-53a43e595b44" "tx2db9b3cb16b941128bd75-006924fb13" "container-server 97263" 0.0047 "-" 96965 0
Nov 24 19:40:51 np0005534223.novalocal proxy-server[90340]: ::1 ::1 25/Nov/2025/00/40/51 GET /v1/AUTH_34047920d4864ad78d85d02365686cf8/gnocchi.42e86406-f07b-4c30-94f0-5b35974154be%3Fformat%3Djson%26states%3Dlisting HTTP/1.0 200 - python-swiftclient-4.2.0 gAAAAABpJPsEC1e4... - 2 - tx9b2d4d6c59d04f719a3c6-006924fb13 - 0.0195 - - 1764031251.483854294 1764031251.503354073 0
Nov 24 19:40:51 np0005534223.novalocal container-server[97263]: ::1 - - [25/Nov/2025:00:40:51 +0000] "PUT /3/67087/AUTH_34047920d4864ad78d85d02365686cf8/gnocchi.33c1c410-9a21-49f1-8fc3-53a43e595b44" 201 - "PUT http://[::1]:8080/v1/AUTH_34047920d4864ad78d85d02365686cf8/gnocchi.33c1c410-9a21-49f1-8fc3-53a43e595b44" "tx2db9b3cb16b941128bd75-006924fb13" "proxy-server 90339" 0.0236 "-" 97263 0
Nov 24 19:40:51 np0005534223.novalocal account-server[96965]: ::1 - - [25/Nov/2025:00:40:51 +0000] "PUT /1/156101/AUTH_34047920d4864ad78d85d02365686cf8/gnocchi.33c1c410-9a21-49f1-8fc3-53a43e595b44" 201 - "PUT http://[::1]:6001/2/67087/AUTH_34047920d4864ad78d85d02365686cf8/gnocchi.33c1c410-9a21-49f1-8fc3-53a43e595b44" "tx2db9b3cb16b941128bd75-006924fb13" "container-server 97263" 0.0037 "-" 96965 0
Nov 24 19:40:51 np0005534223.novalocal container-server[97263]: ::1 - - [25/Nov/2025:00:40:51 +0000] "PUT /2/67087/AUTH_34047920d4864ad78d85d02365686cf8/gnocchi.33c1c410-9a21-49f1-8fc3-53a43e595b44" 201 - "PUT http://[::1]:8080/v1/AUTH_34047920d4864ad78d85d02365686cf8/gnocchi.33c1c410-9a21-49f1-8fc3-53a43e595b44" "tx2db9b3cb16b941128bd75-006924fb13" "proxy-server 90339" 0.0147 "-" 97263 0
Nov 24 19:40:51 np0005534223.novalocal proxy-server[90339]: ::1 ::1 25/Nov/2025/00/40/51 PUT /v1/AUTH_34047920d4864ad78d85d02365686cf8/gnocchi.33c1c410-9a21-49f1-8fc3-53a43e595b44 HTTP/1.0 201 - python-swiftclient-4.2.0 gAAAAABpJPsEg9N3... - - - tx2db9b3cb16b941128bd75-006924fb13 - 0.0333 - - 1764031251.477052212 1764031251.510353327 0
Nov 24 19:40:51 np0005534223.novalocal object-server[97567]: ::1 - - [25/Nov/2025:00:40:51 +0000] "GET /2/32661/AUTH_34047920d4864ad78d85d02365686cf8/gnocchi.42e86406-f07b-4c30-94f0-5b35974154be/1763640000.0_mean_300.0_v3" 404 70 "GET http://[::1]:8080/v1/AUTH_34047920d4864ad78d85d02365686cf8/gnocchi.42e86406-f07b-4c30-94f0-5b35974154be/1763640000.0_mean_300.0_v3" "tx866af49b51e2453da6371-006924fb13" "proxy-server 90340" 0.0003 "-" 97567 0
Nov 24 19:40:51 np0005534223.novalocal object-server[97569]: ::1 - - [25/Nov/2025:00:40:51 +0000] "GET /1/32661/AUTH_34047920d4864ad78d85d02365686cf8/gnocchi.42e86406-f07b-4c30-94f0-5b35974154be/1763640000.0_mean_300.0_v3" 404 70 "GET http://[::1]:8080/v1/AUTH_34047920d4864ad78d85d02365686cf8/gnocchi.42e86406-f07b-4c30-94f0-5b35974154be/1763640000.0_mean_300.0_v3" "tx866af49b51e2453da6371-006924fb13" "proxy-server 90340" 0.0005 "-" 97569 0
Nov 24 19:40:51 np0005534223.novalocal container-server[97263]: ::1 - - [25/Nov/2025:00:40:51 +0000] "HEAD /1/67087/AUTH_34047920d4864ad78d85d02365686cf8/gnocchi.33c1c410-9a21-49f1-8fc3-53a43e595b44" 204 - "HEAD http://[::1]:8080/v1/AUTH_34047920d4864ad78d85d02365686cf8/gnocchi.33c1c410-9a21-49f1-8fc3-53a43e595b44?format=json&states=listing" "tx117efeba59ca4f0687391-006924fb13" "proxy-server 90339" 0.0012 "-" 97263 0
Nov 24 19:40:51 np0005534223.novalocal object-server[97569]: ::1 - - [25/Nov/2025:00:40:51 +0000] "GET /3/32661/AUTH_34047920d4864ad78d85d02365686cf8/gnocchi.42e86406-f07b-4c30-94f0-5b35974154be/1763640000.0_mean_300.0_v3" 404 70 "GET http://[::1]:8080/v1/AUTH_34047920d4864ad78d85d02365686cf8/gnocchi.42e86406-f07b-4c30-94f0-5b35974154be/1763640000.0_mean_300.0_v3" "tx866af49b51e2453da6371-006924fb13" "proxy-server 90340" 0.0004 "-" 97569 0
Nov 24 19:40:51 np0005534223.novalocal proxy-server[90340]: ::1 ::1 25/Nov/2025/00/40/51 GET /v1/AUTH_34047920d4864ad78d85d02365686cf8/gnocchi.42e86406-f07b-4c30-94f0-5b35974154be/1763640000.0_mean_300.0_v3 HTTP/1.0 404 - python-swiftclient-4.2.0 gAAAAABpJPsEC1e4... - 70 - tx866af49b51e2453da6371-006924fb13 - 0.0122 - - 1764031251.507712364 1764031251.519940138 0
Nov 24 19:40:51 np0005534223.novalocal container-server[97263]: ::1 - - [25/Nov/2025:00:40:51 +0000] "GET /1/67087/AUTH_34047920d4864ad78d85d02365686cf8/gnocchi.33c1c410-9a21-49f1-8fc3-53a43e595b44" 200 2 "GET http://[::1]:8080/v1/AUTH_34047920d4864ad78d85d02365686cf8/gnocchi.33c1c410-9a21-49f1-8fc3-53a43e595b44?format=json&states=listing" "tx117efeba59ca4f0687391-006924fb13" "proxy-server 90339" 0.0018 "-" 97263 0
Nov 24 19:40:51 np0005534223.novalocal proxy-server[90339]: ::1 ::1 25/Nov/2025/00/40/51 GET /v1/AUTH_34047920d4864ad78d85d02365686cf8/gnocchi.33c1c410-9a21-49f1-8fc3-53a43e595b44%3Fformat%3Djson%26states%3Dlisting HTTP/1.0 200 - python-swiftclient-4.2.0 gAAAAABpJPsEg9N3... - 2 - tx117efeba59ca4f0687391-006924fb13 - 0.0129 - - 1764031251.514194727 1764031251.527118444 0
Nov 24 19:40:51 np0005534223.novalocal object-server[97568]: ::1 - - [25/Nov/2025:00:40:51 +0000] "GET /3/188457/AUTH_34047920d4864ad78d85d02365686cf8/gnocchi.33c1c410-9a21-49f1-8fc3-53a43e595b44/1763640000.0_mean_300.0_v3" 404 70 "GET http://[::1]:8080/v1/AUTH_34047920d4864ad78d85d02365686cf8/gnocchi.33c1c410-9a21-49f1-8fc3-53a43e595b44/1763640000.0_mean_300.0_v3" "txcd566b11bb2f43c7a8539-006924fb13" "proxy-server 90339" 0.0004 "-" 97568 0
Nov 24 19:40:51 np0005534223.novalocal object-server[97566]: ::1 - - [25/Nov/2025:00:40:51 +0000] "GET /2/188457/AUTH_34047920d4864ad78d85d02365686cf8/gnocchi.33c1c410-9a21-49f1-8fc3-53a43e595b44/1763640000.0_mean_300.0_v3" 404 70 "GET http://[::1]:8080/v1/AUTH_34047920d4864ad78d85d02365686cf8/gnocchi.33c1c410-9a21-49f1-8fc3-53a43e595b44/1763640000.0_mean_300.0_v3" "txcd566b11bb2f43c7a8539-006924fb13" "proxy-server 90339" 0.0002 "-" 97566 0
Nov 24 19:40:51 np0005534223.novalocal object-server[97568]: ::1 - - [25/Nov/2025:00:40:51 +0000] "GET /1/188457/AUTH_34047920d4864ad78d85d02365686cf8/gnocchi.33c1c410-9a21-49f1-8fc3-53a43e595b44/1763640000.0_mean_300.0_v3" 404 70 "GET http://[::1]:8080/v1/AUTH_34047920d4864ad78d85d02365686cf8/gnocchi.33c1c410-9a21-49f1-8fc3-53a43e595b44/1763640000.0_mean_300.0_v3" "txcd566b11bb2f43c7a8539-006924fb13" "proxy-server 90339" 0.0005 "-" 97568 0
Nov 24 19:40:51 np0005534223.novalocal container-server[97263]: ::1 - - [25/Nov/2025:00:40:51 +0000] "PUT /3/245114/AUTH_34047920d4864ad78d85d02365686cf8/gnocchi.42e86406-f07b-4c30-94f0-5b35974154be/1763640000.0_mean_300.0_v3" 201 - "PUT http://[::1]:8080/2/32661/AUTH_34047920d4864ad78d85d02365686cf8/gnocchi.42e86406-f07b-4c30-94f0-5b35974154be/1763640000.0_mean_300.0_v3" "tx43f8a89c4cda49a6aa133-006924fb13" "object-server 97566" 0.0005 "-" 97263 0
Nov 24 19:40:51 np0005534223.novalocal object-server[97566]: ::1 - - [25/Nov/2025:00:40:51 +0000] "PUT /2/32661/AUTH_34047920d4864ad78d85d02365686cf8/gnocchi.42e86406-f07b-4c30-94f0-5b35974154be/1763640000.0_mean_300.0_v3" 201 - "PUT http://[::1]:8080/v1/AUTH_34047920d4864ad78d85d02365686cf8/gnocchi.42e86406-f07b-4c30-94f0-5b35974154be/1763640000.0_mean_300.0_v3" "tx43f8a89c4cda49a6aa133-006924fb13" "proxy-server 90340" 0.0192 "-" 97566 0
Nov 24 19:40:51 np0005534223.novalocal proxy-server[90339]: ::1 ::1 25/Nov/2025/00/40/51 GET /v1/AUTH_34047920d4864ad78d85d02365686cf8/gnocchi.33c1c410-9a21-49f1-8fc3-53a43e595b44/1763640000.0_mean_300.0_v3 HTTP/1.0 404 - python-swiftclient-4.2.0 gAAAAABpJPsEg9N3... - 70 - txcd566b11bb2f43c7a8539-006924fb13 - 0.0161 - - 1764031251.530016184 1764031251.546151161 0
Nov 24 19:40:51 np0005534223.novalocal container-server[97264]: ::1 - - [25/Nov/2025:00:40:51 +0000] "PUT /1/245114/AUTH_34047920d4864ad78d85d02365686cf8/gnocchi.42e86406-f07b-4c30-94f0-5b35974154be/1763640000.0_mean_300.0_v3" 201 - "PUT http://[::1]:8080/1/32661/AUTH_34047920d4864ad78d85d02365686cf8/gnocchi.42e86406-f07b-4c30-94f0-5b35974154be/1763640000.0_mean_300.0_v3" "tx43f8a89c4cda49a6aa133-006924fb13" "object-server 97568" 0.0004 "-" 97264 0
Nov 24 19:40:51 np0005534223.novalocal object-server[97568]: ::1 - - [25/Nov/2025:00:40:51 +0000] "PUT /1/32661/AUTH_34047920d4864ad78d85d02365686cf8/gnocchi.42e86406-f07b-4c30-94f0-5b35974154be/1763640000.0_mean_300.0_v3" 201 - "PUT http://[::1]:8080/v1/AUTH_34047920d4864ad78d85d02365686cf8/gnocchi.42e86406-f07b-4c30-94f0-5b35974154be/1763640000.0_mean_300.0_v3" "tx43f8a89c4cda49a6aa133-006924fb13" "proxy-server 90340" 0.0200 "-" 97568 0
Nov 24 19:40:51 np0005534223.novalocal container-server[97262]: ::1 - - [25/Nov/2025:00:40:51 +0000] "PUT /2/245114/AUTH_34047920d4864ad78d85d02365686cf8/gnocchi.42e86406-f07b-4c30-94f0-5b35974154be/1763640000.0_mean_300.0_v3" 201 - "PUT http://[::1]:8080/3/32661/AUTH_34047920d4864ad78d85d02365686cf8/gnocchi.42e86406-f07b-4c30-94f0-5b35974154be/1763640000.0_mean_300.0_v3" "tx43f8a89c4cda49a6aa133-006924fb13" "object-server 97569" 0.0005 "-" 97262 0
Nov 24 19:40:51 np0005534223.novalocal object-server[97569]: ::1 - - [25/Nov/2025:00:40:51 +0000] "PUT /3/32661/AUTH_34047920d4864ad78d85d02365686cf8/gnocchi.42e86406-f07b-4c30-94f0-5b35974154be/1763640000.0_mean_300.0_v3" 201 - "PUT http://[::1]:8080/v1/AUTH_34047920d4864ad78d85d02365686cf8/gnocchi.42e86406-f07b-4c30-94f0-5b35974154be/1763640000.0_mean_300.0_v3" "tx43f8a89c4cda49a6aa133-006924fb13" "proxy-server 90340" 0.0240 "-" 97569 0
Nov 24 19:40:51 np0005534223.novalocal proxy-server[90340]: ::1 ::1 25/Nov/2025/00/40/51 PUT /v1/AUTH_34047920d4864ad78d85d02365686cf8/gnocchi.42e86406-f07b-4c30-94f0-5b35974154be/1763640000.0_mean_300.0_v3 HTTP/1.0 201 - python-swiftclient-4.2.0 gAAAAABpJPsEC1e4... 16 - - tx43f8a89c4cda49a6aa133-006924fb13 - 0.0310 - - 1764031251.522262573 1764031251.553224564 0
Nov 24 19:40:51 np0005534223.novalocal container-server[97261]: ::1 - - [25/Nov/2025:00:40:51 +0000] "PUT /1/67087/AUTH_34047920d4864ad78d85d02365686cf8/gnocchi.33c1c410-9a21-49f1-8fc3-53a43e595b44/1763640000.0_mean_300.0_v3" 201 - "PUT http://[::1]:8080/1/188457/AUTH_34047920d4864ad78d85d02365686cf8/gnocchi.33c1c410-9a21-49f1-8fc3-53a43e595b44/1763640000.0_mean_300.0_v3" "tx80d8b19be0984699a8036-006924fb13" "object-server 97567" 0.0009 "-" 97261 0
Nov 24 19:40:51 np0005534223.novalocal object-server[97567]: ::1 - - [25/Nov/2025:00:40:51 +0000] "PUT /1/188457/AUTH_34047920d4864ad78d85d02365686cf8/gnocchi.33c1c410-9a21-49f1-8fc3-53a43e595b44/1763640000.0_mean_300.0_v3" 201 - "PUT http://[::1]:8080/v1/AUTH_34047920d4864ad78d85d02365686cf8/gnocchi.33c1c410-9a21-49f1-8fc3-53a43e595b44/1763640000.0_mean_300.0_v3" "tx80d8b19be0984699a8036-006924fb13" "proxy-server 90339" 0.0115 "-" 97567 0
Nov 24 19:40:51 np0005534223.novalocal container-server[97262]: ::1 - - [25/Nov/2025:00:40:51 +0000] "PUT /2/67087/AUTH_34047920d4864ad78d85d02365686cf8/gnocchi.33c1c410-9a21-49f1-8fc3-53a43e595b44/1763640000.0_mean_300.0_v3" 201 - "PUT http://[::1]:8080/3/188457/AUTH_34047920d4864ad78d85d02365686cf8/gnocchi.33c1c410-9a21-49f1-8fc3-53a43e595b44/1763640000.0_mean_300.0_v3" "tx80d8b19be0984699a8036-006924fb13" "object-server 97567" 0.0003 "-" 97262 0
Nov 24 19:40:51 np0005534223.novalocal object-server[97567]: ::1 - - [25/Nov/2025:00:40:51 +0000] "PUT /3/188457/AUTH_34047920d4864ad78d85d02365686cf8/gnocchi.33c1c410-9a21-49f1-8fc3-53a43e595b44/1763640000.0_mean_300.0_v3" 201 - "PUT http://[::1]:8080/v1/AUTH_34047920d4864ad78d85d02365686cf8/gnocchi.33c1c410-9a21-49f1-8fc3-53a43e595b44/1763640000.0_mean_300.0_v3" "tx80d8b19be0984699a8036-006924fb13" "proxy-server 90339" 0.0156 "-" 97567 0
Nov 24 19:40:51 np0005534223.novalocal container-server[97261]: ::1 - - [25/Nov/2025:00:40:51 +0000] "PUT /3/67087/AUTH_34047920d4864ad78d85d02365686cf8/gnocchi.33c1c410-9a21-49f1-8fc3-53a43e595b44/1763640000.0_mean_300.0_v3" 201 - "PUT http://[::1]:8080/2/188457/AUTH_34047920d4864ad78d85d02365686cf8/gnocchi.33c1c410-9a21-49f1-8fc3-53a43e595b44/1763640000.0_mean_300.0_v3" "tx80d8b19be0984699a8036-006924fb13" "object-server 97569" 0.0015 "-" 97261 0
Nov 24 19:40:51 np0005534223.novalocal container-server[97263]: ::1 - - [25/Nov/2025:00:40:51 +0000] "PUT /1/245114/AUTH_34047920d4864ad78d85d02365686cf8/gnocchi.42e86406-f07b-4c30-94f0-5b35974154be/none_v3" 201 - "PUT http://[::1]:8080/1/227444/AUTH_34047920d4864ad78d85d02365686cf8/gnocchi.42e86406-f07b-4c30-94f0-5b35974154be/none_v3" "txfb0c5ae223414cfc9aa4b-006924fb13" "object-server 97567" 0.0004 "-" 97263 0
Nov 24 19:40:51 np0005534223.novalocal container-server[97262]: ::1 - - [25/Nov/2025:00:40:51 +0000] "PUT /2/245114/AUTH_34047920d4864ad78d85d02365686cf8/gnocchi.42e86406-f07b-4c30-94f0-5b35974154be/none_v3" 201 - "PUT http://[::1]:8080/2/227444/AUTH_34047920d4864ad78d85d02365686cf8/gnocchi.42e86406-f07b-4c30-94f0-5b35974154be/none_v3" "txfb0c5ae223414cfc9aa4b-006924fb13" "object-server 97566" 0.0003 "-" 97262 0
Nov 24 19:40:51 np0005534223.novalocal object-server[97566]: ::1 - - [25/Nov/2025:00:40:51 +0000] "PUT /2/227444/AUTH_34047920d4864ad78d85d02365686cf8/gnocchi.42e86406-f07b-4c30-94f0-5b35974154be/none_v3" 201 - "PUT http://[::1]:8080/v1/AUTH_34047920d4864ad78d85d02365686cf8/gnocchi.42e86406-f07b-4c30-94f0-5b35974154be/none_v3" "txfb0c5ae223414cfc9aa4b-006924fb13" "proxy-server 90340" 0.0101 "-" 97566 0
Nov 24 19:40:51 np0005534223.novalocal container-server[97264]: ::1 - - [25/Nov/2025:00:40:51 +0000] "PUT /3/245114/AUTH_34047920d4864ad78d85d02365686cf8/gnocchi.42e86406-f07b-4c30-94f0-5b35974154be/none_v3" 201 - "PUT http://[::1]:8080/3/227444/AUTH_34047920d4864ad78d85d02365686cf8/gnocchi.42e86406-f07b-4c30-94f0-5b35974154be/none_v3" "txfb0c5ae223414cfc9aa4b-006924fb13" "object-server 97568" 0.0004 "-" 97264 0
Nov 24 19:40:51 np0005534223.novalocal object-server[97567]: ::1 - - [25/Nov/2025:00:40:51 +0000] "PUT /1/227444/AUTH_34047920d4864ad78d85d02365686cf8/gnocchi.42e86406-f07b-4c30-94f0-5b35974154be/none_v3" 201 - "PUT http://[::1]:8080/v1/AUTH_34047920d4864ad78d85d02365686cf8/gnocchi.42e86406-f07b-4c30-94f0-5b35974154be/none_v3" "txfb0c5ae223414cfc9aa4b-006924fb13" "proxy-server 90340" 0.0111 "-" 97567 0
Nov 24 19:40:51 np0005534223.novalocal object-server[97568]: ::1 - - [25/Nov/2025:00:40:51 +0000] "PUT /3/227444/AUTH_34047920d4864ad78d85d02365686cf8/gnocchi.42e86406-f07b-4c30-94f0-5b35974154be/none_v3" 201 - "PUT http://[::1]:8080/v1/AUTH_34047920d4864ad78d85d02365686cf8/gnocchi.42e86406-f07b-4c30-94f0-5b35974154be/none_v3" "txfb0c5ae223414cfc9aa4b-006924fb13" "proxy-server 90340" 0.0107 "-" 97568 0
Nov 24 19:40:51 np0005534223.novalocal object-server[97569]: ::1 - - [25/Nov/2025:00:40:51 +0000] "PUT /2/188457/AUTH_34047920d4864ad78d85d02365686cf8/gnocchi.33c1c410-9a21-49f1-8fc3-53a43e595b44/1763640000.0_mean_300.0_v3" 201 - "PUT http://[::1]:8080/v1/AUTH_34047920d4864ad78d85d02365686cf8/gnocchi.33c1c410-9a21-49f1-8fc3-53a43e595b44/1763640000.0_mean_300.0_v3" "tx80d8b19be0984699a8036-006924fb13" "proxy-server 90339" 0.0217 "-" 97569 0
Nov 24 19:40:51 np0005534223.novalocal proxy-server[90340]: ::1 ::1 25/Nov/2025/00/40/51 PUT /v1/AUTH_34047920d4864ad78d85d02365686cf8/gnocchi.42e86406-f07b-4c30-94f0-5b35974154be/none_v3 HTTP/1.0 201 - python-swiftclient-4.2.0 gAAAAABpJPsEC1e4... 22 - - txfb0c5ae223414cfc9aa4b-006924fb13 - 0.0215 - - 1764031251.557281494 1764031251.578794479 0
Nov 24 19:40:51 np0005534223.novalocal proxy-server[90339]: ::1 ::1 25/Nov/2025/00/40/51 PUT /v1/AUTH_34047920d4864ad78d85d02365686cf8/gnocchi.33c1c410-9a21-49f1-8fc3-53a43e595b44/1763640000.0_mean_300.0_v3 HTTP/1.0 201 - python-swiftclient-4.2.0 gAAAAABpJPsEg9N3... 16 - - tx80d8b19be0984699a8036-006924fb13 - 0.0300 - - 1764031251.549624681 1764031251.579609156 0
Nov 24 19:40:51 np0005534223.novalocal container-server[97261]: ::1 - - [25/Nov/2025:00:40:51 +0000] "HEAD /1/227617/AUTH_34047920d4864ad78d85d02365686cf8/gnocchi.fecb3612-c11d-4815-be1f-5a19f79cda49" 404 - "HEAD http://[::1]:8080/v1/AUTH_34047920d4864ad78d85d02365686cf8/gnocchi.fecb3612-c11d-4815-be1f-5a19f79cda49?format=json&states=listing" "txa50383c4356843eb98c39-006924fb13" "proxy-server 90340" 0.0004 "-" 97261 0
Nov 24 19:40:51 np0005534223.novalocal container-server[97264]: ::1 - - [25/Nov/2025:00:40:51 +0000] "HEAD /3/227617/AUTH_34047920d4864ad78d85d02365686cf8/gnocchi.fecb3612-c11d-4815-be1f-5a19f79cda49" 404 - "HEAD http://[::1]:8080/v1/AUTH_34047920d4864ad78d85d02365686cf8/gnocchi.fecb3612-c11d-4815-be1f-5a19f79cda49?format=json&states=listing" "txa50383c4356843eb98c39-006924fb13" "proxy-server 90340" 0.0003 "-" 97264 0
Nov 24 19:40:51 np0005534223.novalocal container-server[97264]: ::1 - - [25/Nov/2025:00:40:51 +0000] "HEAD /2/227617/AUTH_34047920d4864ad78d85d02365686cf8/gnocchi.fecb3612-c11d-4815-be1f-5a19f79cda49" 404 - "HEAD http://[::1]:8080/v1/AUTH_34047920d4864ad78d85d02365686cf8/gnocchi.fecb3612-c11d-4815-be1f-5a19f79cda49?format=json&states=listing" "txa50383c4356843eb98c39-006924fb13" "proxy-server 90340" 0.0002 "-" 97264 0
Nov 24 19:40:51 np0005534223.novalocal object-server[97569]: ::1 - - [25/Nov/2025:00:40:51 +0000] "GET /3/73389/AUTH_34047920d4864ad78d85d02365686cf8/gnocchi.fecb3612-c11d-4815-be1f-5a19f79cda49/none_v3" 404 70 "GET http://[::1]:8080/v1/AUTH_34047920d4864ad78d85d02365686cf8/gnocchi.fecb3612-c11d-4815-be1f-5a19f79cda49/none_v3" "txa50383c4356843eb98c39-006924fb13" "proxy-server 90340" 0.0004 "-" 97569 0
Nov 24 19:40:51 np0005534223.novalocal object-server[97569]: ::1 - - [25/Nov/2025:00:40:51 +0000] "GET /2/73389/AUTH_34047920d4864ad78d85d02365686cf8/gnocchi.fecb3612-c11d-4815-be1f-5a19f79cda49/none_v3" 404 70 "GET http://[::1]:8080/v1/AUTH_34047920d4864ad78d85d02365686cf8/gnocchi.fecb3612-c11d-4815-be1f-5a19f79cda49/none_v3" "txa50383c4356843eb98c39-006924fb13" "proxy-server 90340" 0.0002 "-" 97569 0
Nov 24 19:40:51 np0005534223.novalocal object-server[97569]: ::1 - - [25/Nov/2025:00:40:51 +0000] "GET /1/73389/AUTH_34047920d4864ad78d85d02365686cf8/gnocchi.fecb3612-c11d-4815-be1f-5a19f79cda49/none_v3" 404 70 "GET http://[::1]:8080/v1/AUTH_34047920d4864ad78d85d02365686cf8/gnocchi.fecb3612-c11d-4815-be1f-5a19f79cda49/none_v3" "txa50383c4356843eb98c39-006924fb13" "proxy-server 90340" 0.0002 "-" 97569 0
Nov 24 19:40:51 np0005534223.novalocal proxy-server[90340]: ::1 ::1 25/Nov/2025/00/40/51 GET /v1/AUTH_34047920d4864ad78d85d02365686cf8/gnocchi.fecb3612-c11d-4815-be1f-5a19f79cda49/none_v3 HTTP/1.0 404 - python-swiftclient-4.2.0 gAAAAABpJPsEC1e4... - 70 - txa50383c4356843eb98c39-006924fb13 - 0.0147 - - 1764031251.586544037 1764031251.601277590 0
Nov 24 19:40:51 np0005534223.novalocal account-server[96966]: ::1 - - [25/Nov/2025:00:40:51 +0000] "PUT /2/156101/AUTH_34047920d4864ad78d85d02365686cf8/gnocchi.fecb3612-c11d-4815-be1f-5a19f79cda49" 201 - "PUT http://[::1]:6001/1/227617/AUTH_34047920d4864ad78d85d02365686cf8/gnocchi.fecb3612-c11d-4815-be1f-5a19f79cda49" "tx3fc8c5ca592a404caf5af-006924fb13" "container-server 97264" 0.0053 "-" 96966 0
Nov 24 19:40:51 np0005534223.novalocal account-server[96968]: ::1 - - [25/Nov/2025:00:40:51 +0000] "PUT /3/156101/AUTH_34047920d4864ad78d85d02365686cf8/gnocchi.fecb3612-c11d-4815-be1f-5a19f79cda49" 201 - "PUT http://[::1]:6001/3/227617/AUTH_34047920d4864ad78d85d02365686cf8/gnocchi.fecb3612-c11d-4815-be1f-5a19f79cda49" "tx3fc8c5ca592a404caf5af-006924fb13" "container-server 97263" 0.0057 "-" 96968 0
Nov 24 19:40:51 np0005534223.novalocal container-server[97264]: ::1 - - [25/Nov/2025:00:40:51 +0000] "PUT /1/227617/AUTH_34047920d4864ad78d85d02365686cf8/gnocchi.fecb3612-c11d-4815-be1f-5a19f79cda49" 201 - "PUT http://[::1]:8080/v1/AUTH_34047920d4864ad78d85d02365686cf8/gnocchi.fecb3612-c11d-4815-be1f-5a19f79cda49" "tx3fc8c5ca592a404caf5af-006924fb13" "proxy-server 90340" 0.0133 "-" 97264 0
Nov 24 19:40:51 np0005534223.novalocal container-server[97263]: ::1 - - [25/Nov/2025:00:40:51 +0000] "PUT /3/227617/AUTH_34047920d4864ad78d85d02365686cf8/gnocchi.fecb3612-c11d-4815-be1f-5a19f79cda49" 201 - "PUT http://[::1]:8080/v1/AUTH_34047920d4864ad78d85d02365686cf8/gnocchi.fecb3612-c11d-4815-be1f-5a19f79cda49" "tx3fc8c5ca592a404caf5af-006924fb13" "proxy-server 90340" 0.0158 "-" 97263 0
Nov 24 19:40:51 np0005534223.novalocal account-server[96966]: ::1 - - [25/Nov/2025:00:40:51 +0000] "PUT /1/156101/AUTH_34047920d4864ad78d85d02365686cf8/gnocchi.fecb3612-c11d-4815-be1f-5a19f79cda49" 201 - "PUT http://[::1]:6001/2/227617/AUTH_34047920d4864ad78d85d02365686cf8/gnocchi.fecb3612-c11d-4815-be1f-5a19f79cda49" "tx3fc8c5ca592a404caf5af-006924fb13" "container-server 97263" 0.0039 "-" 96966 0
Nov 24 19:40:51 np0005534223.novalocal container-server[97263]: ::1 - - [25/Nov/2025:00:40:51 +0000] "PUT /2/227617/AUTH_34047920d4864ad78d85d02365686cf8/gnocchi.fecb3612-c11d-4815-be1f-5a19f79cda49" 201 - "PUT http://[::1]:8080/v1/AUTH_34047920d4864ad78d85d02365686cf8/gnocchi.fecb3612-c11d-4815-be1f-5a19f79cda49" "tx3fc8c5ca592a404caf5af-006924fb13" "proxy-server 90340" 0.0139 "-" 97263 0
Nov 24 19:40:51 np0005534223.novalocal proxy-server[90340]: ::1 ::1 25/Nov/2025/00/40/51 PUT /v1/AUTH_34047920d4864ad78d85d02365686cf8/gnocchi.fecb3612-c11d-4815-be1f-5a19f79cda49 HTTP/1.0 201 - python-swiftclient-4.2.0 gAAAAABpJPsEC1e4... - - - tx3fc8c5ca592a404caf5af-006924fb13 - 0.0257 - - 1764031251.602913618 1764031251.628566265 0
Nov 24 19:40:51 np0005534223.novalocal container-server[97264]: ::1 - - [25/Nov/2025:00:40:51 +0000] "HEAD /2/227617/AUTH_34047920d4864ad78d85d02365686cf8/gnocchi.fecb3612-c11d-4815-be1f-5a19f79cda49" 204 - "HEAD http://[::1]:8080/v1/AUTH_34047920d4864ad78d85d02365686cf8/gnocchi.fecb3612-c11d-4815-be1f-5a19f79cda49?format=json&states=listing" "tx89ccd908a6b540418cd41-006924fb13" "proxy-server 90340" 0.0014 "-" 97264 0
Nov 24 19:40:51 np0005534223.novalocal container-server[97261]: ::1 - - [25/Nov/2025:00:40:51 +0000] "GET /1/227617/AUTH_34047920d4864ad78d85d02365686cf8/gnocchi.fecb3612-c11d-4815-be1f-5a19f79cda49" 200 2 "GET http://[::1]:8080/v1/AUTH_34047920d4864ad78d85d02365686cf8/gnocchi.fecb3612-c11d-4815-be1f-5a19f79cda49?format=json&states=listing" "tx89ccd908a6b540418cd41-006924fb13" "proxy-server 90340" 0.0038 "-" 97261 0
Nov 24 19:40:51 np0005534223.novalocal proxy-server[90340]: ::1 ::1 25/Nov/2025/00/40/51 GET /v1/AUTH_34047920d4864ad78d85d02365686cf8/gnocchi.fecb3612-c11d-4815-be1f-5a19f79cda49%3Fformat%3Djson%26states%3Dlisting HTTP/1.0 200 - python-swiftclient-4.2.0 gAAAAABpJPsEC1e4... - 2 - tx89ccd908a6b540418cd41-006924fb13 - 0.0176 - - 1764031251.631440878 1764031251.649018764 0
Nov 24 19:40:51 np0005534223.novalocal container-server[97261]: ::1 - - [25/Nov/2025:00:40:51 +0000] "PUT /3/67087/AUTH_34047920d4864ad78d85d02365686cf8/gnocchi.33c1c410-9a21-49f1-8fc3-53a43e595b44/none_v3" 201 - "PUT http://[::1]:8080/2/226587/AUTH_34047920d4864ad78d85d02365686cf8/gnocchi.33c1c410-9a21-49f1-8fc3-53a43e595b44/none_v3" "tx4c636c3f833845d09beac-006924fb13" "object-server 97568" 0.0007 "-" 97261 0
Nov 24 19:40:51 np0005534223.novalocal container-server[97264]: ::1 - - [25/Nov/2025:00:40:51 +0000] "PUT /2/67087/AUTH_34047920d4864ad78d85d02365686cf8/gnocchi.33c1c410-9a21-49f1-8fc3-53a43e595b44/none_v3" 201 - "PUT http://[::1]:8080/1/226587/AUTH_34047920d4864ad78d85d02365686cf8/gnocchi.33c1c410-9a21-49f1-8fc3-53a43e595b44/none_v3" "tx4c636c3f833845d09beac-006924fb13" "object-server 97566" 0.0005 "-" 97264 0
Nov 24 19:40:51 np0005534223.novalocal object-server[97566]: ::1 - - [25/Nov/2025:00:40:51 +0000] "PUT /1/226587/AUTH_34047920d4864ad78d85d02365686cf8/gnocchi.33c1c410-9a21-49f1-8fc3-53a43e595b44/none_v3" 201 - "PUT http://[::1]:8080/v1/AUTH_34047920d4864ad78d85d02365686cf8/gnocchi.33c1c410-9a21-49f1-8fc3-53a43e595b44/none_v3" "tx4c636c3f833845d09beac-006924fb13" "proxy-server 90339" 0.0142 "-" 97566 0
Nov 24 19:40:51 np0005534223.novalocal object-server[97568]: ::1 - - [25/Nov/2025:00:40:51 +0000] "PUT /2/226587/AUTH_34047920d4864ad78d85d02365686cf8/gnocchi.33c1c410-9a21-49f1-8fc3-53a43e595b44/none_v3" 201 - "PUT http://[::1]:8080/v1/AUTH_34047920d4864ad78d85d02365686cf8/gnocchi.33c1c410-9a21-49f1-8fc3-53a43e595b44/none_v3" "tx4c636c3f833845d09beac-006924fb13" "proxy-server 90339" 0.0138 "-" 97568 0
Nov 24 19:40:51 np0005534223.novalocal container-server[97261]: ::1 - - [25/Nov/2025:00:40:51 +0000] "PUT /1/67087/AUTH_34047920d4864ad78d85d02365686cf8/gnocchi.33c1c410-9a21-49f1-8fc3-53a43e595b44/none_v3" 201 - "PUT http://[::1]:8080/3/226587/AUTH_34047920d4864ad78d85d02365686cf8/gnocchi.33c1c410-9a21-49f1-8fc3-53a43e595b44/none_v3" "tx4c636c3f833845d09beac-006924fb13" "object-server 97567" 0.0006 "-" 97261 0
Nov 24 19:40:51 np0005534223.novalocal object-server[97567]: ::1 - - [25/Nov/2025:00:40:51 +0000] "PUT /3/226587/AUTH_34047920d4864ad78d85d02365686cf8/gnocchi.33c1c410-9a21-49f1-8fc3-53a43e595b44/none_v3" 201 - "PUT http://[::1]:8080/v1/AUTH_34047920d4864ad78d85d02365686cf8/gnocchi.33c1c410-9a21-49f1-8fc3-53a43e595b44/none_v3" "tx4c636c3f833845d09beac-006924fb13" "proxy-server 90339" 0.0135 "-" 97567 0
