Nov 24 19:40:51 np0005534223.novalocal object-server[97566]: ::1 - - [25/Nov/2025:00:40:51 +0000] "GET /1/225544/AUTH_34047920d4864ad78d85d02365686cf8/gnocchi.fecb3612-c11d-4815-be1f-5a19f79cda49/1763640000.0_mean_300.0_v3" 404 70 "GET http://[::1]:8080/v1/AUTH_34047920d4864ad78d85d02365686cf8/gnocchi.fecb3612-c11d-4815-be1f-5a19f79cda49/1763640000.0_mean_300.0_v3" "tx3ea054f650e74a69b5281-006924fb13" "proxy-server 90340" 0.0002 "-" 97566 0
Nov 24 19:40:51 np0005534223.novalocal proxy-server[90339]: ::1 ::1 25/Nov/2025/00/40/51 PUT /v1/AUTH_34047920d4864ad78d85d02365686cf8/gnocchi.33c1c410-9a21-49f1-8fc3-53a43e595b44/none_v3 HTTP/1.0 201 - python-swiftclient-4.2.0 gAAAAABpJPsEg9N3... 22 - - tx4c636c3f833845d09beac-006924fb13 - 0.0779 - - 1764031251.581648827 1764031251.659504652 0
Nov 24 19:40:51 np0005534223.novalocal object-server[97568]: ::1 - - [25/Nov/2025:00:40:51 +0000] "GET /3/225544/AUTH_34047920d4864ad78d85d02365686cf8/gnocchi.fecb3612-c11d-4815-be1f-5a19f79cda49/1763640000.0_mean_300.0_v3" 404 70 "GET http://[::1]:8080/v1/AUTH_34047920d4864ad78d85d02365686cf8/gnocchi.fecb3612-c11d-4815-be1f-5a19f79cda49/1763640000.0_mean_300.0_v3" "tx3ea054f650e74a69b5281-006924fb13" "proxy-server 90340" 0.0008 "-" 97568 0
Nov 24 19:40:51 np0005534223.novalocal object-server[97568]: ::1 - - [25/Nov/2025:00:40:51 +0000] "GET /2/225544/AUTH_34047920d4864ad78d85d02365686cf8/gnocchi.fecb3612-c11d-4815-be1f-5a19f79cda49/1763640000.0_mean_300.0_v3" 404 70 "GET http://[::1]:8080/v1/AUTH_34047920d4864ad78d85d02365686cf8/gnocchi.fecb3612-c11d-4815-be1f-5a19f79cda49/1763640000.0_mean_300.0_v3" "tx3ea054f650e74a69b5281-006924fb13" "proxy-server 90340" 0.0003 "-" 97568 0
Nov 24 19:40:51 np0005534223.novalocal proxy-server[90340]: ::1 ::1 25/Nov/2025/00/40/51 GET /v1/AUTH_34047920d4864ad78d85d02365686cf8/gnocchi.fecb3612-c11d-4815-be1f-5a19f79cda49/1763640000.0_mean_300.0_v3 HTTP/1.0 404 - python-swiftclient-4.2.0 gAAAAABpJPsEC1e4... - 70 - tx3ea054f650e74a69b5281-006924fb13 - 0.0158 - - 1764031251.653401375 1764031251.669249296 0
Nov 24 19:40:51 np0005534223.novalocal container-server[97263]: ::1 - - [25/Nov/2025:00:40:51 +0000] "PUT /3/227617/AUTH_34047920d4864ad78d85d02365686cf8/gnocchi.fecb3612-c11d-4815-be1f-5a19f79cda49/1763640000.0_mean_300.0_v3" 201 - "PUT http://[::1]:8080/3/225544/AUTH_34047920d4864ad78d85d02365686cf8/gnocchi.fecb3612-c11d-4815-be1f-5a19f79cda49/1763640000.0_mean_300.0_v3" "tx3846ff2bedc54361a6f16-006924fb13" "object-server 97566" 0.0007 "-" 97263 0
Nov 24 19:40:51 np0005534223.novalocal container-server[97262]: ::1 - - [25/Nov/2025:00:40:51 +0000] "PUT /1/227617/AUTH_34047920d4864ad78d85d02365686cf8/gnocchi.fecb3612-c11d-4815-be1f-5a19f79cda49/1763640000.0_mean_300.0_v3" 201 - "PUT http://[::1]:8080/2/225544/AUTH_34047920d4864ad78d85d02365686cf8/gnocchi.fecb3612-c11d-4815-be1f-5a19f79cda49/1763640000.0_mean_300.0_v3" "tx3846ff2bedc54361a6f16-006924fb13" "object-server 97569" 0.0006 "-" 97262 0
Nov 24 19:40:51 np0005534223.novalocal object-server[97569]: ::1 - - [25/Nov/2025:00:40:51 +0000] "PUT /2/225544/AUTH_34047920d4864ad78d85d02365686cf8/gnocchi.fecb3612-c11d-4815-be1f-5a19f79cda49/1763640000.0_mean_300.0_v3" 201 - "PUT http://[::1]:8080/v1/AUTH_34047920d4864ad78d85d02365686cf8/gnocchi.fecb3612-c11d-4815-be1f-5a19f79cda49/1763640000.0_mean_300.0_v3" "tx3846ff2bedc54361a6f16-006924fb13" "proxy-server 90340" 0.0110 "-" 97569 0
Nov 24 19:40:51 np0005534223.novalocal container-server[97264]: ::1 - - [25/Nov/2025:00:40:51 +0000] "PUT /2/227617/AUTH_34047920d4864ad78d85d02365686cf8/gnocchi.fecb3612-c11d-4815-be1f-5a19f79cda49/1763640000.0_mean_300.0_v3" 201 - "PUT http://[::1]:8080/1/225544/AUTH_34047920d4864ad78d85d02365686cf8/gnocchi.fecb3612-c11d-4815-be1f-5a19f79cda49/1763640000.0_mean_300.0_v3" "tx3846ff2bedc54361a6f16-006924fb13" "object-server 97568" 0.0021 "-" 97264 0
Nov 24 19:40:51 np0005534223.novalocal object-server[97568]: ::1 - - [25/Nov/2025:00:40:51 +0000] "PUT /1/225544/AUTH_34047920d4864ad78d85d02365686cf8/gnocchi.fecb3612-c11d-4815-be1f-5a19f79cda49/1763640000.0_mean_300.0_v3" 201 - "PUT http://[::1]:8080/v1/AUTH_34047920d4864ad78d85d02365686cf8/gnocchi.fecb3612-c11d-4815-be1f-5a19f79cda49/1763640000.0_mean_300.0_v3" "tx3846ff2bedc54361a6f16-006924fb13" "proxy-server 90340" 0.0154 "-" 97568 0
Nov 24 19:40:51 np0005534223.novalocal object-server[97566]: ::1 - - [25/Nov/2025:00:40:51 +0000] "PUT /3/225544/AUTH_34047920d4864ad78d85d02365686cf8/gnocchi.fecb3612-c11d-4815-be1f-5a19f79cda49/1763640000.0_mean_300.0_v3" 201 - "PUT http://[::1]:8080/v1/AUTH_34047920d4864ad78d85d02365686cf8/gnocchi.fecb3612-c11d-4815-be1f-5a19f79cda49/1763640000.0_mean_300.0_v3" "tx3846ff2bedc54361a6f16-006924fb13" "proxy-server 90340" 0.0161 "-" 97566 0
Nov 24 19:40:51 np0005534223.novalocal proxy-server[90340]: ::1 ::1 25/Nov/2025/00/40/51 PUT /v1/AUTH_34047920d4864ad78d85d02365686cf8/gnocchi.fecb3612-c11d-4815-be1f-5a19f79cda49/1763640000.0_mean_300.0_v3 HTTP/1.0 201 - python-swiftclient-4.2.0 gAAAAABpJPsEC1e4... 16 - - tx3846ff2bedc54361a6f16-006924fb13 - 0.0233 - - 1764031251.671876669 1764031251.695207119 0
Nov 24 19:40:51 np0005534223.novalocal container-server[97261]: ::1 - - [25/Nov/2025:00:40:51 +0000] "HEAD /3/63810/AUTH_34047920d4864ad78d85d02365686cf8/gnocchi.537d4707-923e-4b91-84a1-fa22c3bc4919" 404 - "HEAD http://[::1]:8080/v1/AUTH_34047920d4864ad78d85d02365686cf8/gnocchi.537d4707-923e-4b91-84a1-fa22c3bc4919?format=json&states=listing" "txfebf93d6fd8145c2be41c-006924fb13" "proxy-server 90339" 0.0005 "-" 97261 0
Nov 24 19:40:51 np0005534223.novalocal container-server[97261]: ::1 - - [25/Nov/2025:00:40:51 +0000] "HEAD /1/63810/AUTH_34047920d4864ad78d85d02365686cf8/gnocchi.537d4707-923e-4b91-84a1-fa22c3bc4919" 404 - "HEAD http://[::1]:8080/v1/AUTH_34047920d4864ad78d85d02365686cf8/gnocchi.537d4707-923e-4b91-84a1-fa22c3bc4919?format=json&states=listing" "txfebf93d6fd8145c2be41c-006924fb13" "proxy-server 90339" 0.0004 "-" 97261 0
Nov 24 19:40:51 np0005534223.novalocal container-server[97264]: ::1 - - [25/Nov/2025:00:40:51 +0000] "HEAD /2/63810/AUTH_34047920d4864ad78d85d02365686cf8/gnocchi.537d4707-923e-4b91-84a1-fa22c3bc4919" 404 - "HEAD http://[::1]:8080/v1/AUTH_34047920d4864ad78d85d02365686cf8/gnocchi.537d4707-923e-4b91-84a1-fa22c3bc4919?format=json&states=listing" "txfebf93d6fd8145c2be41c-006924fb13" "proxy-server 90339" 0.0003 "-" 97264 0
Nov 24 19:40:51 np0005534223.novalocal container-server[97264]: ::1 - - [25/Nov/2025:00:40:51 +0000] "PUT /3/227617/AUTH_34047920d4864ad78d85d02365686cf8/gnocchi.fecb3612-c11d-4815-be1f-5a19f79cda49/none_v3" 201 - "PUT http://[::1]:8080/1/73389/AUTH_34047920d4864ad78d85d02365686cf8/gnocchi.fecb3612-c11d-4815-be1f-5a19f79cda49/none_v3" "tx2aa4f80178094e94a90ad-006924fb13" "object-server 97567" 0.0006 "-" 97264 0
Nov 24 19:40:51 np0005534223.novalocal object-server[97567]: ::1 - - [25/Nov/2025:00:40:51 +0000] "GET /2/171884/AUTH_34047920d4864ad78d85d02365686cf8/gnocchi.537d4707-923e-4b91-84a1-fa22c3bc4919/none_v3" 404 70 "GET http://[::1]:8080/v1/AUTH_34047920d4864ad78d85d02365686cf8/gnocchi.537d4707-923e-4b91-84a1-fa22c3bc4919/none_v3" "txfebf93d6fd8145c2be41c-006924fb13" "proxy-server 90339" 0.0003 "-" 97567 0
Nov 24 19:40:51 np0005534223.novalocal object-server[97567]: ::1 - - [25/Nov/2025:00:40:51 +0000] "PUT /1/73389/AUTH_34047920d4864ad78d85d02365686cf8/gnocchi.fecb3612-c11d-4815-be1f-5a19f79cda49/none_v3" 201 - "PUT http://[::1]:8080/v1/AUTH_34047920d4864ad78d85d02365686cf8/gnocchi.fecb3612-c11d-4815-be1f-5a19f79cda49/none_v3" "tx2aa4f80178094e94a90ad-006924fb13" "proxy-server 90340" 0.0152 "-" 97567 0
Nov 24 19:40:51 np0005534223.novalocal container-server[97264]: ::1 - - [25/Nov/2025:00:40:51 +0000] "PUT /2/227617/AUTH_34047920d4864ad78d85d02365686cf8/gnocchi.fecb3612-c11d-4815-be1f-5a19f79cda49/none_v3" 201 - "PUT http://[::1]:8080/3/73389/AUTH_34047920d4864ad78d85d02365686cf8/gnocchi.fecb3612-c11d-4815-be1f-5a19f79cda49/none_v3" "tx2aa4f80178094e94a90ad-006924fb13" "object-server 97568" 0.0003 "-" 97264 0
Nov 24 19:40:51 np0005534223.novalocal object-server[97568]: ::1 - - [25/Nov/2025:00:40:51 +0000] "PUT /3/73389/AUTH_34047920d4864ad78d85d02365686cf8/gnocchi.fecb3612-c11d-4815-be1f-5a19f79cda49/none_v3" 201 - "PUT http://[::1]:8080/v1/AUTH_34047920d4864ad78d85d02365686cf8/gnocchi.fecb3612-c11d-4815-be1f-5a19f79cda49/none_v3" "tx2aa4f80178094e94a90ad-006924fb13" "proxy-server 90340" 0.0143 "-" 97568 0
Nov 24 19:40:51 np0005534223.novalocal object-server[97569]: ::1 - - [25/Nov/2025:00:40:51 +0000] "GET /3/171884/AUTH_34047920d4864ad78d85d02365686cf8/gnocchi.537d4707-923e-4b91-84a1-fa22c3bc4919/none_v3" 404 70 "GET http://[::1]:8080/v1/AUTH_34047920d4864ad78d85d02365686cf8/gnocchi.537d4707-923e-4b91-84a1-fa22c3bc4919/none_v3" "txfebf93d6fd8145c2be41c-006924fb13" "proxy-server 90339" 0.0005 "-" 97569 0
Nov 24 19:40:51 np0005534223.novalocal object-server[97568]: ::1 - - [25/Nov/2025:00:40:51 +0000] "GET /1/171884/AUTH_34047920d4864ad78d85d02365686cf8/gnocchi.537d4707-923e-4b91-84a1-fa22c3bc4919/none_v3" 404 70 "GET http://[::1]:8080/v1/AUTH_34047920d4864ad78d85d02365686cf8/gnocchi.537d4707-923e-4b91-84a1-fa22c3bc4919/none_v3" "txfebf93d6fd8145c2be41c-006924fb13" "proxy-server 90339" 0.0004 "-" 97568 0
Nov 24 19:40:51 np0005534223.novalocal container-server[97261]: ::1 - - [25/Nov/2025:00:40:51 +0000] "PUT /1/227617/AUTH_34047920d4864ad78d85d02365686cf8/gnocchi.fecb3612-c11d-4815-be1f-5a19f79cda49/none_v3" 201 - "PUT http://[::1]:8080/2/73389/AUTH_34047920d4864ad78d85d02365686cf8/gnocchi.fecb3612-c11d-4815-be1f-5a19f79cda49/none_v3" "tx2aa4f80178094e94a90ad-006924fb13" "object-server 97569" 0.0008 "-" 97261 0
Nov 24 19:40:51 np0005534223.novalocal object-server[97569]: ::1 - - [25/Nov/2025:00:40:51 +0000] "PUT /2/73389/AUTH_34047920d4864ad78d85d02365686cf8/gnocchi.fecb3612-c11d-4815-be1f-5a19f79cda49/none_v3" 201 - "PUT http://[::1]:8080/v1/AUTH_34047920d4864ad78d85d02365686cf8/gnocchi.fecb3612-c11d-4815-be1f-5a19f79cda49/none_v3" "tx2aa4f80178094e94a90ad-006924fb13" "proxy-server 90340" 0.0267 "-" 97569 0
Nov 24 19:40:51 np0005534223.novalocal proxy-server[90339]: ::1 ::1 25/Nov/2025/00/40/51 GET /v1/AUTH_34047920d4864ad78d85d02365686cf8/gnocchi.537d4707-923e-4b91-84a1-fa22c3bc4919/none_v3 HTTP/1.0 404 - python-swiftclient-4.2.0 gAAAAABpJPsEg9N3... - 70 - txfebf93d6fd8145c2be41c-006924fb13 - 0.0385 - - 1764031251.695102215 1764031251.733644009 0
Nov 24 19:40:51 np0005534223.novalocal proxy-server[90340]: ::1 ::1 25/Nov/2025/00/40/51 PUT /v1/AUTH_34047920d4864ad78d85d02365686cf8/gnocchi.fecb3612-c11d-4815-be1f-5a19f79cda49/none_v3 HTTP/1.0 201 - python-swiftclient-4.2.0 gAAAAABpJPsEC1e4... 22 - - tx2aa4f80178094e94a90ad-006924fb13 - 0.0386 - - 1764031251.697736263 1764031251.736298084 0
Nov 24 19:40:51 np0005534223.novalocal account-server[96966]: ::1 - - [25/Nov/2025:00:40:51 +0000] "PUT /3/156101/AUTH_34047920d4864ad78d85d02365686cf8/gnocchi.537d4707-923e-4b91-84a1-fa22c3bc4919" 201 - "PUT http://[::1]:6001/1/63810/AUTH_34047920d4864ad78d85d02365686cf8/gnocchi.537d4707-923e-4b91-84a1-fa22c3bc4919" "tx2ef4c10c9b81410fb3934-006924fb13" "container-server 97261" 0.0074 "-" 96966 0
Nov 24 19:40:51 np0005534223.novalocal account-server[96965]: ::1 - - [25/Nov/2025:00:40:51 +0000] "PUT /1/156101/AUTH_34047920d4864ad78d85d02365686cf8/gnocchi.537d4707-923e-4b91-84a1-fa22c3bc4919" 201 - "PUT http://[::1]:6001/3/63810/AUTH_34047920d4864ad78d85d02365686cf8/gnocchi.537d4707-923e-4b91-84a1-fa22c3bc4919" "tx2ef4c10c9b81410fb3934-006924fb13" "container-server 97263" 0.0068 "-" 96965 0
Nov 24 19:40:51 np0005534223.novalocal container-server[97261]: ::1 - - [25/Nov/2025:00:40:51 +0000] "PUT /1/63810/AUTH_34047920d4864ad78d85d02365686cf8/gnocchi.537d4707-923e-4b91-84a1-fa22c3bc4919" 201 - "PUT http://[::1]:8080/v1/AUTH_34047920d4864ad78d85d02365686cf8/gnocchi.537d4707-923e-4b91-84a1-fa22c3bc4919" "tx2ef4c10c9b81410fb3934-006924fb13" "proxy-server 90339" 0.0167 "-" 97261 0
Nov 24 19:40:51 np0005534223.novalocal container-server[97263]: ::1 - - [25/Nov/2025:00:40:51 +0000] "PUT /3/63810/AUTH_34047920d4864ad78d85d02365686cf8/gnocchi.537d4707-923e-4b91-84a1-fa22c3bc4919" 201 - "PUT http://[::1]:8080/v1/AUTH_34047920d4864ad78d85d02365686cf8/gnocchi.537d4707-923e-4b91-84a1-fa22c3bc4919" "tx2ef4c10c9b81410fb3934-006924fb13" "proxy-server 90339" 0.0189 "-" 97263 0
Nov 24 19:40:51 np0005534223.novalocal account-server[96967]: ::1 - - [25/Nov/2025:00:40:51 +0000] "PUT /2/156101/AUTH_34047920d4864ad78d85d02365686cf8/gnocchi.537d4707-923e-4b91-84a1-fa22c3bc4919" 201 - "PUT http://[::1]:6001/2/63810/AUTH_34047920d4864ad78d85d02365686cf8/gnocchi.537d4707-923e-4b91-84a1-fa22c3bc4919" "tx2ef4c10c9b81410fb3934-006924fb13" "container-server 97262" 0.0055 "-" 96967 0
Nov 24 19:40:51 np0005534223.novalocal container-server[97262]: ::1 - - [25/Nov/2025:00:40:51 +0000] "PUT /2/63810/AUTH_34047920d4864ad78d85d02365686cf8/gnocchi.537d4707-923e-4b91-84a1-fa22c3bc4919" 201 - "PUT http://[::1]:8080/v1/AUTH_34047920d4864ad78d85d02365686cf8/gnocchi.537d4707-923e-4b91-84a1-fa22c3bc4919" "tx2ef4c10c9b81410fb3934-006924fb13" "proxy-server 90339" 0.0235 "-" 97262 0
Nov 24 19:40:51 np0005534223.novalocal container-server[97262]: ::1 - - [25/Nov/2025:00:40:51 +0000] "HEAD /1/238565/AUTH_34047920d4864ad78d85d02365686cf8/gnocchi.57cee3c5-6ebb-4955-91d9-df948258fbc8" 404 - "HEAD http://[::1]:8080/v1/AUTH_34047920d4864ad78d85d02365686cf8/gnocchi.57cee3c5-6ebb-4955-91d9-df948258fbc8?format=json&states=listing" "txe9c61b23144047ca913fd-006924fb13" "proxy-server 90340" 0.0004 "-" 97262 0
Nov 24 19:40:51 np0005534223.novalocal proxy-server[90339]: ::1 ::1 25/Nov/2025/00/40/51 PUT /v1/AUTH_34047920d4864ad78d85d02365686cf8/gnocchi.537d4707-923e-4b91-84a1-fa22c3bc4919 HTTP/1.0 201 - python-swiftclient-4.2.0 gAAAAABpJPsEg9N3... - - - tx2ef4c10c9b81410fb3934-006924fb13 - 0.0395 - - 1764031251.736403465 1764031251.775938749 0
Nov 24 19:40:51 np0005534223.novalocal container-server[97262]: ::1 - - [25/Nov/2025:00:40:51 +0000] "HEAD /2/238565/AUTH_34047920d4864ad78d85d02365686cf8/gnocchi.57cee3c5-6ebb-4955-91d9-df948258fbc8" 404 - "HEAD http://[::1]:8080/v1/AUTH_34047920d4864ad78d85d02365686cf8/gnocchi.57cee3c5-6ebb-4955-91d9-df948258fbc8?format=json&states=listing" "txe9c61b23144047ca913fd-006924fb13" "proxy-server 90340" 0.0003 "-" 97262 0
Nov 24 19:40:51 np0005534223.novalocal container-server[97264]: ::1 - - [25/Nov/2025:00:40:51 +0000] "HEAD /3/238565/AUTH_34047920d4864ad78d85d02365686cf8/gnocchi.57cee3c5-6ebb-4955-91d9-df948258fbc8" 404 - "HEAD http://[::1]:8080/v1/AUTH_34047920d4864ad78d85d02365686cf8/gnocchi.57cee3c5-6ebb-4955-91d9-df948258fbc8?format=json&states=listing" "txe9c61b23144047ca913fd-006924fb13" "proxy-server 90340" 0.0004 "-" 97264 0
Nov 24 19:40:51 np0005534223.novalocal container-server[97264]: ::1 - - [25/Nov/2025:00:40:51 +0000] "HEAD /1/63810/AUTH_34047920d4864ad78d85d02365686cf8/gnocchi.537d4707-923e-4b91-84a1-fa22c3bc4919" 204 - "HEAD http://[::1]:8080/v1/AUTH_34047920d4864ad78d85d02365686cf8/gnocchi.537d4707-923e-4b91-84a1-fa22c3bc4919?format=json&states=listing" "tx361257ae9f9240b685268-006924fb13" "proxy-server 90339" 0.0015 "-" 97264 0
Nov 24 19:40:51 np0005534223.novalocal object-server[97566]: ::1 - - [25/Nov/2025:00:40:51 +0000] "GET /1/164499/AUTH_34047920d4864ad78d85d02365686cf8/gnocchi.57cee3c5-6ebb-4955-91d9-df948258fbc8/none_v3" 404 70 "GET http://[::1]:8080/v1/AUTH_34047920d4864ad78d85d02365686cf8/gnocchi.57cee3c5-6ebb-4955-91d9-df948258fbc8/none_v3" "txe9c61b23144047ca913fd-006924fb13" "proxy-server 90340" 0.0004 "-" 97566 0
Nov 24 19:40:51 np0005534223.novalocal object-server[97568]: ::1 - - [25/Nov/2025:00:40:51 +0000] "GET /2/164499/AUTH_34047920d4864ad78d85d02365686cf8/gnocchi.57cee3c5-6ebb-4955-91d9-df948258fbc8/none_v3" 404 70 "GET http://[::1]:8080/v1/AUTH_34047920d4864ad78d85d02365686cf8/gnocchi.57cee3c5-6ebb-4955-91d9-df948258fbc8/none_v3" "txe9c61b23144047ca913fd-006924fb13" "proxy-server 90340" 0.0007 "-" 97568 0
Nov 24 19:40:51 np0005534223.novalocal object-server[97569]: ::1 - - [25/Nov/2025:00:40:51 +0000] "GET /3/164499/AUTH_34047920d4864ad78d85d02365686cf8/gnocchi.57cee3c5-6ebb-4955-91d9-df948258fbc8/none_v3" 404 70 "GET http://[::1]:8080/v1/AUTH_34047920d4864ad78d85d02365686cf8/gnocchi.57cee3c5-6ebb-4955-91d9-df948258fbc8/none_v3" "txe9c61b23144047ca913fd-006924fb13" "proxy-server 90340" 0.0004 "-" 97569 0
Nov 24 19:40:51 np0005534223.novalocal proxy-server[90340]: ::1 ::1 25/Nov/2025/00/40/51 GET /v1/AUTH_34047920d4864ad78d85d02365686cf8/gnocchi.57cee3c5-6ebb-4955-91d9-df948258fbc8/none_v3 HTTP/1.0 404 - python-swiftclient-4.2.0 gAAAAABpJPsEC1e4... - 70 - txe9c61b23144047ca913fd-006924fb13 - 0.0327 - - 1764031251.768496037 1764031251.801244497 0
Nov 24 19:40:51 np0005534223.novalocal container-server[97262]: ::1 - - [25/Nov/2025:00:40:51 +0000] "GET /1/63810/AUTH_34047920d4864ad78d85d02365686cf8/gnocchi.537d4707-923e-4b91-84a1-fa22c3bc4919" 200 2 "GET http://[::1]:8080/v1/AUTH_34047920d4864ad78d85d02365686cf8/gnocchi.537d4707-923e-4b91-84a1-fa22c3bc4919?format=json&states=listing" "tx361257ae9f9240b685268-006924fb13" "proxy-server 90339" 0.0117 "-" 97262 0
Nov 24 19:40:51 np0005534223.novalocal proxy-server[90339]: ::1 ::1 25/Nov/2025/00/40/51 GET /v1/AUTH_34047920d4864ad78d85d02365686cf8/gnocchi.537d4707-923e-4b91-84a1-fa22c3bc4919%3Fformat%3Djson%26states%3Dlisting HTTP/1.0 200 - python-swiftclient-4.2.0 gAAAAABpJPsEg9N3... - 2 - tx361257ae9f9240b685268-006924fb13 - 0.0295 - - 1764031251.779946327 1764031251.809468746 0
Nov 24 19:40:51 np0005534223.novalocal object-server[97567]: ::1 - - [25/Nov/2025:00:40:51 +0000] "GET /1/122806/AUTH_34047920d4864ad78d85d02365686cf8/gnocchi.537d4707-923e-4b91-84a1-fa22c3bc4919/1763640000.0_mean_300.0_v3" 404 70 "GET http://[::1]:8080/v1/AUTH_34047920d4864ad78d85d02365686cf8/gnocchi.537d4707-923e-4b91-84a1-fa22c3bc4919/1763640000.0_mean_300.0_v3" "tx9cf8f57933034bd4a0180-006924fb13" "proxy-server 90339" 0.0005 "-" 97567 0
Nov 24 19:40:51 np0005534223.novalocal object-server[97569]: ::1 - - [25/Nov/2025:00:40:51 +0000] "GET /2/122806/AUTH_34047920d4864ad78d85d02365686cf8/gnocchi.537d4707-923e-4b91-84a1-fa22c3bc4919/1763640000.0_mean_300.0_v3" 404 70 "GET http://[::1]:8080/v1/AUTH_34047920d4864ad78d85d02365686cf8/gnocchi.537d4707-923e-4b91-84a1-fa22c3bc4919/1763640000.0_mean_300.0_v3" "tx9cf8f57933034bd4a0180-006924fb13" "proxy-server 90339" 0.0003 "-" 97569 0
Nov 24 19:40:51 np0005534223.novalocal object-server[97567]: ::1 - - [25/Nov/2025:00:40:51 +0000] "GET /3/122806/AUTH_34047920d4864ad78d85d02365686cf8/gnocchi.537d4707-923e-4b91-84a1-fa22c3bc4919/1763640000.0_mean_300.0_v3" 404 70 "GET http://[::1]:8080/v1/AUTH_34047920d4864ad78d85d02365686cf8/gnocchi.537d4707-923e-4b91-84a1-fa22c3bc4919/1763640000.0_mean_300.0_v3" "tx9cf8f57933034bd4a0180-006924fb13" "proxy-server 90339" 0.0004 "-" 97567 0
Nov 24 19:40:51 np0005534223.novalocal proxy-server[90339]: ::1 ::1 25/Nov/2025/00/40/51 GET /v1/AUTH_34047920d4864ad78d85d02365686cf8/gnocchi.537d4707-923e-4b91-84a1-fa22c3bc4919/1763640000.0_mean_300.0_v3 HTTP/1.0 404 - python-swiftclient-4.2.0 gAAAAABpJPsEg9N3... - 70 - tx9cf8f57933034bd4a0180-006924fb13 - 0.0138 - - 1764031251.813744545 1764031251.827522516 0
Nov 24 19:40:51 np0005534223.novalocal account-server[96965]: ::1 - - [25/Nov/2025:00:40:51 +0000] "PUT /2/156101/AUTH_34047920d4864ad78d85d02365686cf8/gnocchi.57cee3c5-6ebb-4955-91d9-df948258fbc8" 201 - "PUT http://[::1]:6001/1/238565/AUTH_34047920d4864ad78d85d02365686cf8/gnocchi.57cee3c5-6ebb-4955-91d9-df948258fbc8" "tx308b74d3f8a34b4c8bf6b-006924fb13" "container-server 97263" 0.0044 "-" 96965 0
Nov 24 19:40:51 np0005534223.novalocal container-server[97261]: ::1 - - [25/Nov/2025:00:40:51 +0000] "PUT /1/63810/AUTH_34047920d4864ad78d85d02365686cf8/gnocchi.537d4707-923e-4b91-84a1-fa22c3bc4919/1763640000.0_mean_300.0_v3" 201 - "PUT http://[::1]:8080/1/122806/AUTH_34047920d4864ad78d85d02365686cf8/gnocchi.537d4707-923e-4b91-84a1-fa22c3bc4919/1763640000.0_mean_300.0_v3" "tx13667f8fdbeb4e16bd372-006924fb13" "object-server 97567" 0.0008 "-" 97261 0
Nov 24 19:40:51 np0005534223.novalocal object-server[97567]: ::1 - - [25/Nov/2025:00:40:51 +0000] "PUT /1/122806/AUTH_34047920d4864ad78d85d02365686cf8/gnocchi.537d4707-923e-4b91-84a1-fa22c3bc4919/1763640000.0_mean_300.0_v3" 201 - "PUT http://[::1]:8080/v1/AUTH_34047920d4864ad78d85d02365686cf8/gnocchi.537d4707-923e-4b91-84a1-fa22c3bc4919/1763640000.0_mean_300.0_v3" "tx13667f8fdbeb4e16bd372-006924fb13" "proxy-server 90339" 0.0142 "-" 97567 0
Nov 24 19:40:51 np0005534223.novalocal account-server[96966]: ::1 - - [25/Nov/2025:00:40:51 +0000] "PUT /1/156101/AUTH_34047920d4864ad78d85d02365686cf8/gnocchi.57cee3c5-6ebb-4955-91d9-df948258fbc8" 201 - "PUT http://[::1]:6001/3/238565/AUTH_34047920d4864ad78d85d02365686cf8/gnocchi.57cee3c5-6ebb-4955-91d9-df948258fbc8" "tx308b74d3f8a34b4c8bf6b-006924fb13" "container-server 97263" 0.0047 "-" 96966 0
Nov 24 19:40:51 np0005534223.novalocal container-server[97261]: ::1 - - [25/Nov/2025:00:40:51 +0000] "PUT /2/63810/AUTH_34047920d4864ad78d85d02365686cf8/gnocchi.537d4707-923e-4b91-84a1-fa22c3bc4919/1763640000.0_mean_300.0_v3" 201 - "PUT http://[::1]:8080/3/122806/AUTH_34047920d4864ad78d85d02365686cf8/gnocchi.537d4707-923e-4b91-84a1-fa22c3bc4919/1763640000.0_mean_300.0_v3" "tx13667f8fdbeb4e16bd372-006924fb13" "object-server 97568" 0.0006 "-" 97261 0
Nov 24 19:40:51 np0005534223.novalocal container-server[97263]: ::1 - - [25/Nov/2025:00:40:51 +0000] "PUT /1/238565/AUTH_34047920d4864ad78d85d02365686cf8/gnocchi.57cee3c5-6ebb-4955-91d9-df948258fbc8" 201 - "PUT http://[::1]:8080/v1/AUTH_34047920d4864ad78d85d02365686cf8/gnocchi.57cee3c5-6ebb-4955-91d9-df948258fbc8" "tx308b74d3f8a34b4c8bf6b-006924fb13" "proxy-server 90340" 0.0391 "-" 97263 0
Nov 24 19:40:51 np0005534223.novalocal account-server[96967]: ::1 - - [25/Nov/2025:00:40:51 +0000] "PUT /3/156101/AUTH_34047920d4864ad78d85d02365686cf8/gnocchi.57cee3c5-6ebb-4955-91d9-df948258fbc8" 201 - "PUT http://[::1]:6001/2/238565/AUTH_34047920d4864ad78d85d02365686cf8/gnocchi.57cee3c5-6ebb-4955-91d9-df948258fbc8" "tx308b74d3f8a34b4c8bf6b-006924fb13" "container-server 97262" 0.0097 "-" 96967 0
Nov 24 19:40:51 np0005534223.novalocal container-server[97263]: ::1 - - [25/Nov/2025:00:40:51 +0000] "PUT /3/238565/AUTH_34047920d4864ad78d85d02365686cf8/gnocchi.57cee3c5-6ebb-4955-91d9-df948258fbc8" 201 - "PUT http://[::1]:8080/v1/AUTH_34047920d4864ad78d85d02365686cf8/gnocchi.57cee3c5-6ebb-4955-91d9-df948258fbc8" "tx308b74d3f8a34b4c8bf6b-006924fb13" "proxy-server 90340" 0.0224 "-" 97263 0
Nov 24 19:40:51 np0005534223.novalocal object-server[97568]: ::1 - - [25/Nov/2025:00:40:51 +0000] "PUT /3/122806/AUTH_34047920d4864ad78d85d02365686cf8/gnocchi.537d4707-923e-4b91-84a1-fa22c3bc4919/1763640000.0_mean_300.0_v3" 201 - "PUT http://[::1]:8080/v1/AUTH_34047920d4864ad78d85d02365686cf8/gnocchi.537d4707-923e-4b91-84a1-fa22c3bc4919/1763640000.0_mean_300.0_v3" "tx13667f8fdbeb4e16bd372-006924fb13" "proxy-server 90339" 0.0164 "-" 97568 0
Nov 24 19:40:51 np0005534223.novalocal container-server[97262]: ::1 - - [25/Nov/2025:00:40:51 +0000] "PUT /2/238565/AUTH_34047920d4864ad78d85d02365686cf8/gnocchi.57cee3c5-6ebb-4955-91d9-df948258fbc8" 201 - "PUT http://[::1]:8080/v1/AUTH_34047920d4864ad78d85d02365686cf8/gnocchi.57cee3c5-6ebb-4955-91d9-df948258fbc8" "tx308b74d3f8a34b4c8bf6b-006924fb13" "proxy-server 90340" 0.0334 "-" 97262 0
Nov 24 19:40:51 np0005534223.novalocal container-server[97261]: ::1 - - [25/Nov/2025:00:40:51 +0000] "PUT /3/63810/AUTH_34047920d4864ad78d85d02365686cf8/gnocchi.537d4707-923e-4b91-84a1-fa22c3bc4919/1763640000.0_mean_300.0_v3" 201 - "PUT http://[::1]:8080/2/122806/AUTH_34047920d4864ad78d85d02365686cf8/gnocchi.537d4707-923e-4b91-84a1-fa22c3bc4919/1763640000.0_mean_300.0_v3" "tx13667f8fdbeb4e16bd372-006924fb13" "object-server 97569" 0.0006 "-" 97261 0
Nov 24 19:40:51 np0005534223.novalocal object-server[97569]: ::1 - - [25/Nov/2025:00:40:51 +0000] "PUT /2/122806/AUTH_34047920d4864ad78d85d02365686cf8/gnocchi.537d4707-923e-4b91-84a1-fa22c3bc4919/1763640000.0_mean_300.0_v3" 201 - "PUT http://[::1]:8080/v1/AUTH_34047920d4864ad78d85d02365686cf8/gnocchi.537d4707-923e-4b91-84a1-fa22c3bc4919/1763640000.0_mean_300.0_v3" "tx13667f8fdbeb4e16bd372-006924fb13" "proxy-server 90339" 0.0195 "-" 97569 0
Nov 24 19:40:51 np0005534223.novalocal proxy-server[90340]: ::1 ::1 25/Nov/2025/00/40/51 PUT /v1/AUTH_34047920d4864ad78d85d02365686cf8/gnocchi.57cee3c5-6ebb-4955-91d9-df948258fbc8 HTTP/1.0 201 - python-swiftclient-4.2.0 gAAAAABpJPsEC1e4... - - - tx308b74d3f8a34b4c8bf6b-006924fb13 - 0.0536 - - 1764031251.804033995 1764031251.857603788 0
Nov 24 19:40:51 np0005534223.novalocal proxy-server[90339]: ::1 ::1 25/Nov/2025/00/40/51 PUT /v1/AUTH_34047920d4864ad78d85d02365686cf8/gnocchi.537d4707-923e-4b91-84a1-fa22c3bc4919/1763640000.0_mean_300.0_v3 HTTP/1.0 201 - python-swiftclient-4.2.0 gAAAAABpJPsEg9N3... 16 - - tx13667f8fdbeb4e16bd372-006924fb13 - 0.0265 - - 1764031251.831680775 1764031251.858197689 0
Nov 24 19:40:51 np0005534223.novalocal container-server[97262]: ::1 - - [25/Nov/2025:00:40:51 +0000] "HEAD /2/238565/AUTH_34047920d4864ad78d85d02365686cf8/gnocchi.57cee3c5-6ebb-4955-91d9-df948258fbc8" 204 - "HEAD http://[::1]:8080/v1/AUTH_34047920d4864ad78d85d02365686cf8/gnocchi.57cee3c5-6ebb-4955-91d9-df948258fbc8?format=json&states=listing" "txa47c97e8ed914fe3bbb55-006924fb13" "proxy-server 90340" 0.0015 "-" 97262 0
Nov 24 19:40:51 np0005534223.novalocal container-server[97262]: ::1 - - [25/Nov/2025:00:40:51 +0000] "GET /3/238565/AUTH_34047920d4864ad78d85d02365686cf8/gnocchi.57cee3c5-6ebb-4955-91d9-df948258fbc8" 200 2 "GET http://[::1]:8080/v1/AUTH_34047920d4864ad78d85d02365686cf8/gnocchi.57cee3c5-6ebb-4955-91d9-df948258fbc8?format=json&states=listing" "txa47c97e8ed914fe3bbb55-006924fb13" "proxy-server 90340" 0.0022 "-" 97262 0
Nov 24 19:40:51 np0005534223.novalocal proxy-server[90340]: ::1 ::1 25/Nov/2025/00/40/51 GET /v1/AUTH_34047920d4864ad78d85d02365686cf8/gnocchi.57cee3c5-6ebb-4955-91d9-df948258fbc8%3Fformat%3Djson%26states%3Dlisting HTTP/1.0 200 - python-swiftclient-4.2.0 gAAAAABpJPsEC1e4... - 2 - txa47c97e8ed914fe3bbb55-006924fb13 - 0.0154 - - 1764031251.861853361 1764031251.877240896 0
Nov 24 19:40:51 np0005534223.novalocal container-server[97264]: ::1 - - [25/Nov/2025:00:40:51 +0000] "PUT /3/63810/AUTH_34047920d4864ad78d85d02365686cf8/gnocchi.537d4707-923e-4b91-84a1-fa22c3bc4919/none_v3" 201 - "PUT http://[::1]:8080/3/171884/AUTH_34047920d4864ad78d85d02365686cf8/gnocchi.537d4707-923e-4b91-84a1-fa22c3bc4919/none_v3" "txa5bd6648ad164069959fe-006924fb13" "object-server 97569" 0.0005 "-" 97264 0
Nov 24 19:40:51 np0005534223.novalocal object-server[97569]: ::1 - - [25/Nov/2025:00:40:51 +0000] "PUT /3/171884/AUTH_34047920d4864ad78d85d02365686cf8/gnocchi.537d4707-923e-4b91-84a1-fa22c3bc4919/none_v3" 201 - "PUT http://[::1]:8080/v1/AUTH_34047920d4864ad78d85d02365686cf8/gnocchi.537d4707-923e-4b91-84a1-fa22c3bc4919/none_v3" "txa5bd6648ad164069959fe-006924fb13" "proxy-server 90339" 0.0089 "-" 97569 0
Nov 24 19:40:51 np0005534223.novalocal container-server[97261]: ::1 - - [25/Nov/2025:00:40:51 +0000] "PUT /1/63810/AUTH_34047920d4864ad78d85d02365686cf8/gnocchi.537d4707-923e-4b91-84a1-fa22c3bc4919/none_v3" 201 - "PUT http://[::1]:8080/2/171884/AUTH_34047920d4864ad78d85d02365686cf8/gnocchi.537d4707-923e-4b91-84a1-fa22c3bc4919/none_v3" "txa5bd6648ad164069959fe-006924fb13" "object-server 97568" 0.0007 "-" 97261 0
Nov 24 19:40:51 np0005534223.novalocal container-server[97264]: ::1 - - [25/Nov/2025:00:40:51 +0000] "PUT /2/63810/AUTH_34047920d4864ad78d85d02365686cf8/gnocchi.537d4707-923e-4b91-84a1-fa22c3bc4919/none_v3" 201 - "PUT http://[::1]:8080/1/171884/AUTH_34047920d4864ad78d85d02365686cf8/gnocchi.537d4707-923e-4b91-84a1-fa22c3bc4919/none_v3" "txa5bd6648ad164069959fe-006924fb13" "object-server 97569" 0.0005 "-" 97264 0
Nov 24 19:40:51 np0005534223.novalocal object-server[97568]: ::1 - - [25/Nov/2025:00:40:51 +0000] "PUT /2/171884/AUTH_34047920d4864ad78d85d02365686cf8/gnocchi.537d4707-923e-4b91-84a1-fa22c3bc4919/none_v3" 201 - "PUT http://[::1]:8080/v1/AUTH_34047920d4864ad78d85d02365686cf8/gnocchi.537d4707-923e-4b91-84a1-fa22c3bc4919/none_v3" "txa5bd6648ad164069959fe-006924fb13" "proxy-server 90339" 0.0113 "-" 97568 0
Nov 24 19:40:51 np0005534223.novalocal object-server[97569]: ::1 - - [25/Nov/2025:00:40:51 +0000] "PUT /1/171884/AUTH_34047920d4864ad78d85d02365686cf8/gnocchi.537d4707-923e-4b91-84a1-fa22c3bc4919/none_v3" 201 - "PUT http://[::1]:8080/v1/AUTH_34047920d4864ad78d85d02365686cf8/gnocchi.537d4707-923e-4b91-84a1-fa22c3bc4919/none_v3" "txa5bd6648ad164069959fe-006924fb13" "proxy-server 90339" 0.0146 "-" 97569 0
Nov 24 19:40:51 np0005534223.novalocal object-server[97566]: ::1 - - [25/Nov/2025:00:40:51 +0000] "GET /1/217635/AUTH_34047920d4864ad78d85d02365686cf8/gnocchi.57cee3c5-6ebb-4955-91d9-df948258fbc8/1763640000.0_mean_300.0_v3" 404 70 "GET http://[::1]:8080/v1/AUTH_34047920d4864ad78d85d02365686cf8/gnocchi.57cee3c5-6ebb-4955-91d9-df948258fbc8/1763640000.0_mean_300.0_v3" "txdbec10147615472085639-006924fb13" "proxy-server 90340" 0.0003 "-" 97566 0
Nov 24 19:40:51 np0005534223.novalocal object-server[97569]: ::1 - - [25/Nov/2025:00:40:51 +0000] "GET /2/217635/AUTH_34047920d4864ad78d85d02365686cf8/gnocchi.57cee3c5-6ebb-4955-91d9-df948258fbc8/1763640000.0_mean_300.0_v3" 404 70 "GET http://[::1]:8080/v1/AUTH_34047920d4864ad78d85d02365686cf8/gnocchi.57cee3c5-6ebb-4955-91d9-df948258fbc8/1763640000.0_mean_300.0_v3" "txdbec10147615472085639-006924fb13" "proxy-server 90340" 0.0003 "-" 97569 0
Nov 24 19:40:51 np0005534223.novalocal object-server[97569]: ::1 - - [25/Nov/2025:00:40:51 +0000] "GET /3/217635/AUTH_34047920d4864ad78d85d02365686cf8/gnocchi.57cee3c5-6ebb-4955-91d9-df948258fbc8/1763640000.0_mean_300.0_v3" 404 70 "GET http://[::1]:8080/v1/AUTH_34047920d4864ad78d85d02365686cf8/gnocchi.57cee3c5-6ebb-4955-91d9-df948258fbc8/1763640000.0_mean_300.0_v3" "txdbec10147615472085639-006924fb13" "proxy-server 90340" 0.0002 "-" 97569 0
Nov 24 19:40:51 np0005534223.novalocal proxy-server[90339]: ::1 ::1 25/Nov/2025/00/40/51 PUT /v1/AUTH_34047920d4864ad78d85d02365686cf8/gnocchi.537d4707-923e-4b91-84a1-fa22c3bc4919/none_v3 HTTP/1.0 201 - python-swiftclient-4.2.0 gAAAAABpJPsEg9N3... 22 - - txa5bd6648ad164069959fe-006924fb13 - 0.0288 - - 1764031251.860810757 1764031251.889587402 0
Nov 24 19:40:51 np0005534223.novalocal proxy-server[90340]: ::1 ::1 25/Nov/2025/00/40/51 GET /v1/AUTH_34047920d4864ad78d85d02365686cf8/gnocchi.57cee3c5-6ebb-4955-91d9-df948258fbc8/1763640000.0_mean_300.0_v3 HTTP/1.0 404 - python-swiftclient-4.2.0 gAAAAABpJPsEC1e4... - 70 - txdbec10147615472085639-006924fb13 - 0.0109 - - 1764031251.881134748 1764031251.892038345 0
Nov 24 19:40:51 np0005534223.novalocal container-server[97264]: ::1 - - [25/Nov/2025:00:40:51 +0000] "PUT /1/238565/AUTH_34047920d4864ad78d85d02365686cf8/gnocchi.57cee3c5-6ebb-4955-91d9-df948258fbc8/1763640000.0_mean_300.0_v3" 201 - "PUT http://[::1]:8080/3/217635/AUTH_34047920d4864ad78d85d02365686cf8/gnocchi.57cee3c5-6ebb-4955-91d9-df948258fbc8/1763640000.0_mean_300.0_v3" "tx642f9d072ede4db7b3e5b-006924fb13" "object-server 97567" 0.0005 "-" 97264 0
Nov 24 19:40:51 np0005534223.novalocal container-server[97263]: ::1 - - [25/Nov/2025:00:40:51 +0000] "PUT /2/238565/AUTH_34047920d4864ad78d85d02365686cf8/gnocchi.57cee3c5-6ebb-4955-91d9-df948258fbc8/1763640000.0_mean_300.0_v3" 201 - "PUT http://[::1]:8080/1/217635/AUTH_34047920d4864ad78d85d02365686cf8/gnocchi.57cee3c5-6ebb-4955-91d9-df948258fbc8/1763640000.0_mean_300.0_v3" "tx642f9d072ede4db7b3e5b-006924fb13" "object-server 97569" 0.0009 "-" 97263 0
Nov 24 19:40:51 np0005534223.novalocal container-server[97261]: ::1 - - [25/Nov/2025:00:40:51 +0000] "PUT /3/238565/AUTH_34047920d4864ad78d85d02365686cf8/gnocchi.57cee3c5-6ebb-4955-91d9-df948258fbc8/1763640000.0_mean_300.0_v3" 201 - "PUT http://[::1]:8080/2/217635/AUTH_34047920d4864ad78d85d02365686cf8/gnocchi.57cee3c5-6ebb-4955-91d9-df948258fbc8/1763640000.0_mean_300.0_v3" "tx642f9d072ede4db7b3e5b-006924fb13" "object-server 97567" 0.0007 "-" 97261 0
Nov 24 19:40:51 np0005534223.novalocal object-server[97567]: ::1 - - [25/Nov/2025:00:40:51 +0000] "PUT /3/217635/AUTH_34047920d4864ad78d85d02365686cf8/gnocchi.57cee3c5-6ebb-4955-91d9-df948258fbc8/1763640000.0_mean_300.0_v3" 201 - "PUT http://[::1]:8080/v1/AUTH_34047920d4864ad78d85d02365686cf8/gnocchi.57cee3c5-6ebb-4955-91d9-df948258fbc8/1763640000.0_mean_300.0_v3" "tx642f9d072ede4db7b3e5b-006924fb13" "proxy-server 90340" 0.0104 "-" 97567 0
Nov 24 19:40:51 np0005534223.novalocal object-server[97569]: ::1 - - [25/Nov/2025:00:40:51 +0000] "PUT /1/217635/AUTH_34047920d4864ad78d85d02365686cf8/gnocchi.57cee3c5-6ebb-4955-91d9-df948258fbc8/1763640000.0_mean_300.0_v3" 201 - "PUT http://[::1]:8080/v1/AUTH_34047920d4864ad78d85d02365686cf8/gnocchi.57cee3c5-6ebb-4955-91d9-df948258fbc8/1763640000.0_mean_300.0_v3" "tx642f9d072ede4db7b3e5b-006924fb13" "proxy-server 90340" 0.0118 "-" 97569 0
Nov 24 19:40:51 np0005534223.novalocal object-server[97567]: ::1 - - [25/Nov/2025:00:40:51 +0000] "PUT /2/217635/AUTH_34047920d4864ad78d85d02365686cf8/gnocchi.57cee3c5-6ebb-4955-91d9-df948258fbc8/1763640000.0_mean_300.0_v3" 201 - "PUT http://[::1]:8080/v1/AUTH_34047920d4864ad78d85d02365686cf8/gnocchi.57cee3c5-6ebb-4955-91d9-df948258fbc8/1763640000.0_mean_300.0_v3" "tx642f9d072ede4db7b3e5b-006924fb13" "proxy-server 90340" 0.0128 "-" 97567 0
Nov 24 19:40:51 np0005534223.novalocal proxy-server[90340]: ::1 ::1 25/Nov/2025/00/40/51 PUT /v1/AUTH_34047920d4864ad78d85d02365686cf8/gnocchi.57cee3c5-6ebb-4955-91d9-df948258fbc8/1763640000.0_mean_300.0_v3 HTTP/1.0 201 - python-swiftclient-4.2.0 gAAAAABpJPsEC1e4... 16 - - tx642f9d072ede4db7b3e5b-006924fb13 - 0.0191 - - 1764031251.895143270 1764031251.914262056 0
Nov 24 19:40:51 np0005534223.novalocal container-server[97261]: ::1 - - [25/Nov/2025:00:40:51 +0000] "PUT /2/238565/AUTH_34047920d4864ad78d85d02365686cf8/gnocchi.57cee3c5-6ebb-4955-91d9-df948258fbc8/none_v3" 201 - "PUT http://[::1]:8080/3/164499/AUTH_34047920d4864ad78d85d02365686cf8/gnocchi.57cee3c5-6ebb-4955-91d9-df948258fbc8/none_v3" "tx4812b36a5ea44019bbedc-006924fb13" "object-server 97566" 0.0006 "-" 97261 0
Nov 24 19:40:51 np0005534223.novalocal object-server[97566]: ::1 - - [25/Nov/2025:00:40:51 +0000] "PUT /3/164499/AUTH_34047920d4864ad78d85d02365686cf8/gnocchi.57cee3c5-6ebb-4955-91d9-df948258fbc8/none_v3" 201 - "PUT http://[::1]:8080/v1/AUTH_34047920d4864ad78d85d02365686cf8/gnocchi.57cee3c5-6ebb-4955-91d9-df948258fbc8/none_v3" "tx4812b36a5ea44019bbedc-006924fb13" "proxy-server 90340" 0.0124 "-" 97566 0
Nov 24 19:40:51 np0005534223.novalocal container-server[97261]: ::1 - - [25/Nov/2025:00:40:51 +0000] "PUT /1/238565/AUTH_34047920d4864ad78d85d02365686cf8/gnocchi.57cee3c5-6ebb-4955-91d9-df948258fbc8/none_v3" 201 - "PUT http://[::1]:8080/1/164499/AUTH_34047920d4864ad78d85d02365686cf8/gnocchi.57cee3c5-6ebb-4955-91d9-df948258fbc8/none_v3" "tx4812b36a5ea44019bbedc-006924fb13" "object-server 97569" 0.0004 "-" 97261 0
Nov 24 19:40:51 np0005534223.novalocal container-server[97262]: ::1 - - [25/Nov/2025:00:40:51 +0000] "PUT /3/238565/AUTH_34047920d4864ad78d85d02365686cf8/gnocchi.57cee3c5-6ebb-4955-91d9-df948258fbc8/none_v3" 201 - "PUT http://[::1]:8080/2/164499/AUTH_34047920d4864ad78d85d02365686cf8/gnocchi.57cee3c5-6ebb-4955-91d9-df948258fbc8/none_v3" "tx4812b36a5ea44019bbedc-006924fb13" "object-server 97568" 0.0008 "-" 97262 0
Nov 24 19:40:51 np0005534223.novalocal object-server[97569]: ::1 - - [25/Nov/2025:00:40:51 +0000] "PUT /1/164499/AUTH_34047920d4864ad78d85d02365686cf8/gnocchi.57cee3c5-6ebb-4955-91d9-df948258fbc8/none_v3" 201 - "PUT http://[::1]:8080/v1/AUTH_34047920d4864ad78d85d02365686cf8/gnocchi.57cee3c5-6ebb-4955-91d9-df948258fbc8/none_v3" "tx4812b36a5ea44019bbedc-006924fb13" "proxy-server 90340" 0.0127 "-" 97569 0
Nov 24 19:40:51 np0005534223.novalocal object-server[97568]: ::1 - - [25/Nov/2025:00:40:51 +0000] "PUT /2/164499/AUTH_34047920d4864ad78d85d02365686cf8/gnocchi.57cee3c5-6ebb-4955-91d9-df948258fbc8/none_v3" 201 - "PUT http://[::1]:8080/v1/AUTH_34047920d4864ad78d85d02365686cf8/gnocchi.57cee3c5-6ebb-4955-91d9-df948258fbc8/none_v3" "tx4812b36a5ea44019bbedc-006924fb13" "proxy-server 90340" 0.0147 "-" 97568 0
Nov 24 19:40:51 np0005534223.novalocal proxy-server[90340]: ::1 ::1 25/Nov/2025/00/40/51 PUT /v1/AUTH_34047920d4864ad78d85d02365686cf8/gnocchi.57cee3c5-6ebb-4955-91d9-df948258fbc8/none_v3 HTTP/1.0 201 - python-swiftclient-4.2.0 gAAAAABpJPsEC1e4... 22 - - tx4812b36a5ea44019bbedc-006924fb13 - 0.0232 - - 1764031251.917405128 1764031251.940650940 0
Nov 24 19:40:53 np0005534223.novalocal haproxy-metadata-proxy-6637161e-1f28-4988-a60b-de9a5dab83ae[103595]: ::ffff:10.100.0.3:42836 [24/Nov/2025:19:40:48.479] listener listener/metadata 0/0/0/4889/4889 200 148 - - ---- 1/1/0/0/0 0/0 "GET /2009-04-04/meta-data/public-keys HTTP/1.1"
Nov 24 19:40:53 np0005534223.novalocal account-server[97031]: Beginning replication run
Nov 24 19:40:53 np0005534223.novalocal account-server[97031]: Replication run OVER
Nov 24 19:40:53 np0005534223.novalocal account-server[97031]: Attempted to replicate 3 dbs in 0.09913 seconds (30.26198/s)
Nov 24 19:40:53 np0005534223.novalocal account-server[97031]: Removed 0 dbs
Nov 24 19:40:53 np0005534223.novalocal account-server[97031]: 6 successes, 0 failures
Nov 24 19:40:53 np0005534223.novalocal account-server[97031]: diff:0 diff_capped:0 empty:0 hashmatch:0 no_change:6 remote_merge:0 rsync:0 ts_repl:0
Nov 24 19:40:53 np0005534223.novalocal haproxy-metadata-proxy-6637161e-1f28-4988-a60b-de9a5dab83ae[103595]: ::ffff:10.100.0.3:42838 [24/Nov/2025:19:40:53.408] listener listener/metadata 0/0/0/106/106 200 325 - - ---- 1/1/0/0/0 0/0 "GET /2009-04-04/meta-data/public-keys/0/openssh-key HTTP/1.1"
Nov 24 19:40:53 np0005534223.novalocal haproxy-metadata-proxy-6637161e-1f28-4988-a60b-de9a5dab83ae[103595]: ::ffff:10.100.0.3:42840 [24/Nov/2025:19:40:53.559] listener listener/metadata 0/0/0/76/76 200 130 - - ---- 1/1/0/0/0 0/0 "GET /2009-04-04/meta-data/instance-id HTTP/1.1"
Nov 24 19:40:54 np0005534223.novalocal haproxy-metadata-proxy-6637161e-1f28-4988-a60b-de9a5dab83ae[103595]: ::ffff:10.100.0.3:42842 [24/Nov/2025:19:40:53.676] listener listener/metadata 0/0/0/348/348 200 120 - - ---- 1/1/0/0/0 0/0 "GET /2009-04-04/meta-data/ami-launch-index HTTP/1.1"
Nov 24 19:40:54 np0005534223.novalocal haproxy-metadata-proxy-6637161e-1f28-4988-a60b-de9a5dab83ae[103595]: ::ffff:10.100.0.3:42844 [24/Nov/2025:19:40:54.079] listener listener/metadata 0/0/0/92/92 200 126 - - ---- 1/1/0/0/0 0/0 "GET /2009-04-04/meta-data/instance-type HTTP/1.1"
Nov 24 19:40:54 np0005534223.novalocal sshd-session[104616]: Invalid user bitnami from 118.26.36.241 port 42908
Nov 24 19:40:54 np0005534223.novalocal haproxy-metadata-proxy-6637161e-1f28-4988-a60b-de9a5dab83ae[103595]: ::ffff:10.100.0.3:42846 [24/Nov/2025:19:40:54.242] listener listener/metadata 0/0/0/77/77 200 130 - - ---- 1/1/0/0/0 0/0 "GET /2009-04-04/meta-data/local-ipv4 HTTP/1.1"
Nov 24 19:40:54 np0005534223.novalocal haproxy-metadata-proxy-6637161e-1f28-4988-a60b-de9a5dab83ae[103595]: ::ffff:10.100.0.3:42848 [24/Nov/2025:19:40:54.401] listener listener/metadata 0/0/0/78/78 200 131 - - ---- 1/1/0/0/0 0/0 "GET /2009-04-04/meta-data/public-ipv4 HTTP/1.1"
Nov 24 19:40:54 np0005534223.novalocal sshd-session[104616]: Received disconnect from 118.26.36.241 port 42908:11: Bye Bye [preauth]
Nov 24 19:40:54 np0005534223.novalocal sshd-session[104616]: Disconnected from invalid user bitnami 118.26.36.241 port 42908 [preauth]
Nov 24 19:40:54 np0005534223.novalocal haproxy-metadata-proxy-6637161e-1f28-4988-a60b-de9a5dab83ae[103595]: ::ffff:10.100.0.3:42850 [24/Nov/2025:19:40:54.551] listener listener/metadata 0/0/0/85/85 200 185 - - ---- 1/1/0/0/0 0/0 "GET /2009-04-04/meta-data/hostname HTTP/1.1"
Nov 24 19:40:54 np0005534223.novalocal haproxy-metadata-proxy-6637161e-1f28-4988-a60b-de9a5dab83ae[103595]: ::ffff:10.100.0.3:42852 [24/Nov/2025:19:40:54.683] listener listener/metadata 0/0/0/151/151 200 185 - - ---- 1/1/0/0/0 0/0 "GET /2009-04-04/meta-data/local-hostname HTTP/1.1"
Nov 24 19:40:54 np0005534223.novalocal haproxy-metadata-proxy-6637161e-1f28-4988-a60b-de9a5dab83ae[103595]: ::ffff:10.100.0.3:42854 [24/Nov/2025:19:40:54.904] listener listener/metadata 0/0/0/58/58 200 215 - - ---- 1/1/0/0/0 0/0 "GET /2009-04-04/user-data HTTP/1.1"
Nov 24 19:40:55 np0005534223.novalocal haproxy-metadata-proxy-6637161e-1f28-4988-a60b-de9a5dab83ae[103595]: ::ffff:10.100.0.3:42856 [24/Nov/2025:19:40:55.009] listener listener/metadata 0/0/0/67/67 200 127 - - ---- 1/1/0/0/0 0/0 "GET /2009-04-04/meta-data/block-device-mapping HTTP/1.1"
Nov 24 19:40:55 np0005534223.novalocal haproxy-metadata-proxy-6637161e-1f28-4988-a60b-de9a5dab83ae[103595]: ::ffff:10.100.0.3:42858 [24/Nov/2025:19:40:55.144] listener listener/metadata 0/0/0/72/72 200 122 - - ---- 1/1/0/0/0 0/0 "GET /2009-04-04/meta-data/block-device-mapping/ami HTTP/1.1"
Nov 24 19:40:55 np0005534223.novalocal haproxy-metadata-proxy-6637161e-1f28-4988-a60b-de9a5dab83ae[103595]: ::ffff:10.100.0.3:42860 [24/Nov/2025:19:40:55.275] listener listener/metadata 0/0/0/80/80 200 127 - - ---- 1/1/0/0/0 0/0 "GET /2009-04-04/meta-data/block-device-mapping/root HTTP/1.1"
Nov 24 19:40:55 np0005534223.novalocal haproxy-metadata-proxy-6637161e-1f28-4988-a60b-de9a5dab83ae[103595]: ::ffff:10.100.0.3:42862 [24/Nov/2025:19:40:55.414] listener listener/metadata 0/0/0/94/94 200 185 - - ---- 1/1/0/0/0 0/0 "GET /2009-04-04/meta-data/public-hostname HTTP/1.1"
Nov 24 19:40:55 np0005534223.novalocal haproxy-metadata-proxy-6637161e-1f28-4988-a60b-de9a5dab83ae[103595]: ::ffff:10.100.0.3:42864 [24/Nov/2025:19:40:55.555] listener listener/metadata 0/0/0/80/80 200 123 - - ---- 1/1/0/0/0 0/0 "GET /2009-04-04/meta-data/placement/availability-zone HTTP/1.1"
Nov 24 19:40:56 np0005534223.novalocal sshd-session[104619]: Invalid user bitnami from 103.157.224.56 port 36820
Nov 24 19:40:56 np0005534223.novalocal sshd-session[104619]: Received disconnect from 103.157.224.56 port 36820:11: Bye Bye [preauth]
Nov 24 19:40:56 np0005534223.novalocal sshd-session[104619]: Disconnected from invalid user bitnami 103.157.224.56 port 36820 [preauth]
Nov 24 19:40:57 np0005534223.novalocal container-server[97333]: Beginning replication run
Nov 24 19:40:58 np0005534223.novalocal kernel: qbr8295c078-13: port 2(tap8295c078-13) entered disabled state
Nov 24 19:40:58 np0005534223.novalocal kernel: tap8295c078-13 (unregistering): left allmulticast mode
Nov 24 19:40:58 np0005534223.novalocal kernel: tap8295c078-13 (unregistering): left promiscuous mode
Nov 24 19:40:58 np0005534223.novalocal kernel: qbr8295c078-13: port 2(tap8295c078-13) entered disabled state
Nov 24 19:40:58 np0005534223.novalocal NetworkManager[855]: [1764031258.0935] device (tap8295c078-13): state change: activated -> unmanaged (reason 'unmanaged', managed-type: 'removed')
Nov 24 19:40:58 np0005534223.novalocal NetworkManager[855]: [1764031258.0957] device (tap8295c078-13): released from controller device qbr8295c078-13
Nov 24 19:40:58 np0005534223.novalocal systemd[1]: machine-qemu\x2d2\x2dinstance\x2d00000002.scope: Deactivated successfully.
Nov 24 19:40:58 np0005534223.novalocal systemd[1]: machine-qemu\x2d2\x2dinstance\x2d00000002.scope: Consumed 7.319s CPU time.
Nov 24 19:40:58 np0005534223.novalocal systemd-machined[94387]: Machine qemu-2-instance-00000002 terminated.
Nov 24 19:40:58 np0005534223.novalocal kernel: qvb8295c078-13: left allmulticast mode
Nov 24 19:40:58 np0005534223.novalocal kernel: qvb8295c078-13: left promiscuous mode
Nov 24 19:40:58 np0005534223.novalocal kernel: qbr8295c078-13: port 1(qvb8295c078-13) entered disabled state
Nov 24 19:40:58 np0005534223.novalocal NetworkManager[855]: [1764031258.3503] device (qbr8295c078-13): bridge port qvb8295c078-13 was detached
Nov 24 19:40:58 np0005534223.novalocal NetworkManager[855]: [1764031258.3507] device (qbr8295c078-13): state change: activated -> unmanaged (reason 'unmanaged', managed-type: 'removed')
Nov 24 19:40:58 np0005534223.novalocal kernel: qvo8295c078-13: left promiscuous mode
Nov 24 19:40:59 np0005534223.novalocal dnsmasq[104268]: read /var/lib/neutron/dhcp/900b5496-d732-468c-9b8e-a053e0d7f4fe/addn_hosts - 1 addresses
Nov 24 19:40:59 np0005534223.novalocal dnsmasq-dhcp[104268]: read /var/lib/neutron/dhcp/900b5496-d732-468c-9b8e-a053e0d7f4fe/host
Nov 24 19:40:59 np0005534223.novalocal dnsmasq-dhcp[104268]: read /var/lib/neutron/dhcp/900b5496-d732-468c-9b8e-a053e0d7f4fe/opts
Nov 24 19:40:59 np0005534223.novalocal container-server[97333]: Replication run OVER
Nov 24 19:40:59 np0005534223.novalocal container-server[97333]: Attempted to replicate 33 dbs in 1.47737 seconds (22.33698/s)
Nov 24 19:40:59 np0005534223.novalocal container-server[97333]: Removed 0 dbs
Nov 24 19:40:59 np0005534223.novalocal container-server[97333]: 66 successes, 0 failures
Nov 24 19:40:59 np0005534223.novalocal container-server[97333]: diff:0 diff_capped:0 empty:0 hashmatch:0 no_change:66 remote_merge:0 rsync:0 ts_repl:0
Nov 24 19:40:59 np0005534223.novalocal object-server[97569]: ::1 - - [25/Nov/2025:00:40:59 +0000] "GET /2/171884/AUTH_34047920d4864ad78d85d02365686cf8/gnocchi.537d4707-923e-4b91-84a1-fa22c3bc4919/none_v3" 200 22 "GET http://[::1]:8080/v1/AUTH_34047920d4864ad78d85d02365686cf8/gnocchi.537d4707-923e-4b91-84a1-fa22c3bc4919/none_v3" "tx8f2473d7368648eb88153-006924fb1b" "proxy-server 90339" 0.0053 "-" 97569 0
Nov 24 19:40:59 np0005534223.novalocal object-server[97566]: ::1 - - [25/Nov/2025:00:40:59 +0000] "GET /3/73389/AUTH_34047920d4864ad78d85d02365686cf8/gnocchi.fecb3612-c11d-4815-be1f-5a19f79cda49/none_v3" 200 22 "GET http://[::1]:8080/v1/AUTH_34047920d4864ad78d85d02365686cf8/gnocchi.fecb3612-c11d-4815-be1f-5a19f79cda49/none_v3" "txc977b2d5148c410dbc40d-006924fb1b" "proxy-server 90340" 0.0007 "-" 97566 0
Nov 24 19:40:59 np0005534223.novalocal proxy-server[90339]: ::1 ::1 25/Nov/2025/00/40/59 GET /v1/AUTH_34047920d4864ad78d85d02365686cf8/gnocchi.537d4707-923e-4b91-84a1-fa22c3bc4919/none_v3 HTTP/1.0 200 - python-swiftclient-4.2.0 gAAAAABpJPsEg9N3... - 22 - tx8f2473d7368648eb88153-006924fb1b - 0.0165 - - 1764031259.210404158 1764031259.226873398 0
Nov 24 19:40:59 np0005534223.novalocal proxy-server[90340]: ::1 ::1 25/Nov/2025/00/40/59 GET /v1/AUTH_34047920d4864ad78d85d02365686cf8/gnocchi.fecb3612-c11d-4815-be1f-5a19f79cda49/none_v3 HTTP/1.0 200 - python-swiftclient-4.2.0 gAAAAABpJPsEC1e4... - 22 - txc977b2d5148c410dbc40d-006924fb1b - 0.0099 - - 1764031259.217397451 1764031259.227311611 0
Nov 24 19:40:59 np0005534223.novalocal container-server[97263]: ::1 - - [25/Nov/2025:00:40:59 +0000] "GET /2/63810/AUTH_34047920d4864ad78d85d02365686cf8/gnocchi.537d4707-923e-4b91-84a1-fa22c3bc4919" 200 357 "GET http://[::1]:8080/v1/AUTH_34047920d4864ad78d85d02365686cf8/gnocchi.537d4707-923e-4b91-84a1-fa22c3bc4919?format=json&states=listing" "tx4c47e33f92d340ac8746d-006924fb1b" "proxy-server 90339" 0.0040 "-" 97263 0
Nov 24 19:40:59 np0005534223.novalocal container-server[97262]: ::1 - - [25/Nov/2025:00:40:59 +0000] "GET /1/227617/AUTH_34047920d4864ad78d85d02365686cf8/gnocchi.fecb3612-c11d-4815-be1f-5a19f79cda49" 200 357 "GET http://[::1]:8080/v1/AUTH_34047920d4864ad78d85d02365686cf8/gnocchi.fecb3612-c11d-4815-be1f-5a19f79cda49?format=json&states=listing" "tx22038a869d6d47a694013-006924fb1b" "proxy-server 90340" 0.0088 "-" 97262 0
Nov 24 19:40:59 np0005534223.novalocal proxy-server[90339]: ::1 ::1 25/Nov/2025/00/40/59 GET /v1/AUTH_34047920d4864ad78d85d02365686cf8/gnocchi.537d4707-923e-4b91-84a1-fa22c3bc4919%3Fformat%3Djson%26states%3Dlisting HTTP/1.0 200 - python-swiftclient-4.2.0 gAAAAABpJPsEg9N3... - 357 - tx4c47e33f92d340ac8746d-006924fb1b - 0.0161 - - 1764031259.232733250 1764031259.248876333 0
Nov 24 19:40:59 np0005534223.novalocal proxy-server[90340]: ::1 ::1 25/Nov/2025/00/40/59 GET /v1/AUTH_34047920d4864ad78d85d02365686cf8/gnocchi.fecb3612-c11d-4815-be1f-5a19f79cda49%3Fformat%3Djson%26states%3Dlisting HTTP/1.0 200 - python-swiftclient-4.2.0 gAAAAABpJPsEC1e4... - 357 - tx22038a869d6d47a694013-006924fb1b - 0.0224 - - 1764031259.232931137 1764031259.255326271 0
Nov 24 19:40:59 np0005534223.novalocal container-server[97261]: ::1 - - [25/Nov/2025:00:40:59 +0000] "GET /1/63810/AUTH_34047920d4864ad78d85d02365686cf8/gnocchi.537d4707-923e-4b91-84a1-fa22c3bc4919" 200 2 "GET http://[::1]:8080/v1/AUTH_34047920d4864ad78d85d02365686cf8/gnocchi.537d4707-923e-4b91-84a1-fa22c3bc4919?format=json&marker=none_v3&states=listing" "txf64c9416c1bd481699c12-006924fb1b" "proxy-server 90339" 0.0018 "-" 97261 0
Nov 24 19:40:59 np0005534223.novalocal proxy-server[90339]: ::1 ::1 25/Nov/2025/00/40/59 GET /v1/AUTH_34047920d4864ad78d85d02365686cf8/gnocchi.537d4707-923e-4b91-84a1-fa22c3bc4919%3Fformat%3Djson%26marker%3Dnone_v3%26states%3Dlisting HTTP/1.0 200 - python-swiftclient-4.2.0 gAAAAABpJPsEg9N3... - 2 - txf64c9416c1bd481699c12-006924fb1b - 0.0096 - - 1764031259.251255035 1764031259.260856628 0
Nov 24 19:40:59 np0005534223.novalocal container-server[97263]: ::1 - - [25/Nov/2025:00:40:59 +0000] "GET /3/227617/AUTH_34047920d4864ad78d85d02365686cf8/gnocchi.fecb3612-c11d-4815-be1f-5a19f79cda49" 200 2 "GET http://[::1]:8080/v1/AUTH_34047920d4864ad78d85d02365686cf8/gnocchi.fecb3612-c11d-4815-be1f-5a19f79cda49?format=json&marker=none_v3&states=listing" "tx4c19051fe8a048678be32-006924fb1b" "proxy-server 90340" 0.0025 "-" 97263 0
Nov 24 19:40:59 np0005534223.novalocal proxy-server[90340]: ::1 ::1 25/Nov/2025/00/40/59 GET /v1/AUTH_34047920d4864ad78d85d02365686cf8/gnocchi.fecb3612-c11d-4815-be1f-5a19f79cda49%3Fformat%3Djson%26marker%3Dnone_v3%26states%3Dlisting HTTP/1.0 200 - python-swiftclient-4.2.0 gAAAAABpJPsEC1e4... - 2 - tx4c19051fe8a048678be32-006924fb1b - 0.0091 - - 1764031259.259216547 1764031259.268363237 0
