Nov 24 19:41:00 np0005534223.novalocal proxy-server[90340]: ::1 ::1 25/Nov/2025/00/41/00 GET /v1/AUTH_34047920d4864ad78d85d02365686cf8/gnocchi.57cee3c5-6ebb-4955-91d9-df948258fbc8/none_v3 HTTP/1.0 200 - python-swiftclient-4.2.0 gAAAAABpJPsEC1e4... - 32 - tx8211c5d9fbdc434f96887-006924fb1c - 0.0091 - - 1764031260.004433632 1764031260.013518810 0
Nov 24 19:41:00 np0005534223.novalocal object-server[97567]: ::1 - - [25/Nov/2025:00:41:00 +0000] "GET /2/226587/AUTH_34047920d4864ad78d85d02365686cf8/gnocchi.33c1c410-9a21-49f1-8fc3-53a43e595b44/none_v3" 200 27 "GET http://[::1]:8080/v1/AUTH_34047920d4864ad78d85d02365686cf8/gnocchi.33c1c410-9a21-49f1-8fc3-53a43e595b44/none_v3" "txdde7b50798bd4d48a9023-006924fb1c" "proxy-server 90339" 0.0008 "-" 97567 0
Nov 24 19:41:00 np0005534223.novalocal proxy-server[90339]: ::1 ::1 25/Nov/2025/00/41/00 GET /v1/AUTH_34047920d4864ad78d85d02365686cf8/gnocchi.33c1c410-9a21-49f1-8fc3-53a43e595b44/none_v3 HTTP/1.0 200 - python-swiftclient-4.2.0 gAAAAABpJPsEg9N3... - 27 - txdde7b50798bd4d48a9023-006924fb1c - 0.0117 - - 1764031260.013588428 1764031260.025283337 0
Nov 24 19:41:00 np0005534223.novalocal container-server[97261]: ::1 - - [25/Nov/2025:00:41:00 +0000] "GET /3/238565/AUTH_34047920d4864ad78d85d02365686cf8/gnocchi.57cee3c5-6ebb-4955-91d9-df948258fbc8" 200 357 "GET http://[::1]:8080/v1/AUTH_34047920d4864ad78d85d02365686cf8/gnocchi.57cee3c5-6ebb-4955-91d9-df948258fbc8?format=json&states=listing" "tx18d1fd05672f4a348327b-006924fb1c" "proxy-server 90340" 0.0107 "-" 97261 0
Nov 24 19:41:00 np0005534223.novalocal proxy-server[90340]: ::1 ::1 25/Nov/2025/00/41/00 GET /v1/AUTH_34047920d4864ad78d85d02365686cf8/gnocchi.57cee3c5-6ebb-4955-91d9-df948258fbc8%3Fformat%3Djson%26states%3Dlisting HTTP/1.0 200 - python-swiftclient-4.2.0 gAAAAABpJPsEC1e4... - 357 - tx18d1fd05672f4a348327b-006924fb1c - 0.0428 - - 1764031260.017452002 1764031260.060240746 0
Nov 24 19:41:00 np0005534223.novalocal container-server[97262]: ::1 - - [25/Nov/2025:00:41:00 +0000] "GET /3/67087/AUTH_34047920d4864ad78d85d02365686cf8/gnocchi.33c1c410-9a21-49f1-8fc3-53a43e595b44" 200 357 "GET http://[::1]:8080/v1/AUTH_34047920d4864ad78d85d02365686cf8/gnocchi.33c1c410-9a21-49f1-8fc3-53a43e595b44?format=json&states=listing" "tx87011ded3b2d4dc193eb3-006924fb1c" "proxy-server 90339" 0.0305 "-" 97262 0
Nov 24 19:41:00 np0005534223.novalocal proxy-server[90339]: ::1 ::1 25/Nov/2025/00/41/00 GET /v1/AUTH_34047920d4864ad78d85d02365686cf8/gnocchi.33c1c410-9a21-49f1-8fc3-53a43e595b44%3Fformat%3Djson%26states%3Dlisting HTTP/1.0 200 - python-swiftclient-4.2.0 gAAAAABpJPsEg9N3... - 357 - tx87011ded3b2d4dc193eb3-006924fb1c - 0.0406 - - 1764031260.029459715 1764031260.070077896 0
Nov 24 19:41:00 np0005534223.novalocal container-server[97261]: ::1 - - [25/Nov/2025:00:41:00 +0000] "GET /2/238565/AUTH_34047920d4864ad78d85d02365686cf8/gnocchi.57cee3c5-6ebb-4955-91d9-df948258fbc8" 200 2 "GET http://[::1]:8080/v1/AUTH_34047920d4864ad78d85d02365686cf8/gnocchi.57cee3c5-6ebb-4955-91d9-df948258fbc8?format=json&marker=none_v3&states=listing" "txd8ad500aff1c4b83882cc-006924fb1c" "proxy-server 90340" 0.0070 "-" 97261 0
Nov 24 19:41:00 np0005534223.novalocal proxy-server[90340]: ::1 ::1 25/Nov/2025/00/41/00 GET /v1/AUTH_34047920d4864ad78d85d02365686cf8/gnocchi.57cee3c5-6ebb-4955-91d9-df948258fbc8%3Fformat%3Djson%26marker%3Dnone_v3%26states%3Dlisting HTTP/1.0 200 - python-swiftclient-4.2.0 gAAAAABpJPsEC1e4... - 2 - txd8ad500aff1c4b83882cc-006924fb1c - 0.0150 - - 1764031260.063554525 1764031260.078524590 0
Nov 24 19:41:00 np0005534223.novalocal container-server[97263]: ::1 - - [25/Nov/2025:00:41:00 +0000] "GET /3/67087/AUTH_34047920d4864ad78d85d02365686cf8/gnocchi.33c1c410-9a21-49f1-8fc3-53a43e595b44" 200 2 "GET http://[::1]:8080/v1/AUTH_34047920d4864ad78d85d02365686cf8/gnocchi.33c1c410-9a21-49f1-8fc3-53a43e595b44?format=json&marker=none_v3&states=listing" "tx27d4fe7a1e16408c9d0a8-006924fb1c" "proxy-server 90339" 0.0033 "-" 97263 0
Nov 24 19:41:00 np0005534223.novalocal proxy-server[90339]: ::1 ::1 25/Nov/2025/00/41/00 GET /v1/AUTH_34047920d4864ad78d85d02365686cf8/gnocchi.33c1c410-9a21-49f1-8fc3-53a43e595b44%3Fformat%3Djson%26marker%3Dnone_v3%26states%3Dlisting HTTP/1.0 200 - python-swiftclient-4.2.0 gAAAAABpJPsEg9N3... - 2 - tx27d4fe7a1e16408c9d0a8-006924fb1c - 0.0120 - - 1764031260.072859049 1764031260.084866524 0
Nov 24 19:41:00 np0005534223.novalocal object-server[97569]: ::1 - - [25/Nov/2025:00:41:00 +0000] "GET /2/217635/AUTH_34047920d4864ad78d85d02365686cf8/gnocchi.57cee3c5-6ebb-4955-91d9-df948258fbc8/1763640000.0_mean_300.0_v3" 200 16 "GET http://[::1]:8080/v1/AUTH_34047920d4864ad78d85d02365686cf8/gnocchi.57cee3c5-6ebb-4955-91d9-df948258fbc8/1763640000.0_mean_300.0_v3" "tx92d084c9255b43ddb8278-006924fb1c" "proxy-server 90340" 0.0012 "-" 97569 0
Nov 24 19:41:00 np0005534223.novalocal proxy-server[90340]: ::1 ::1 25/Nov/2025/00/41/00 GET /v1/AUTH_34047920d4864ad78d85d02365686cf8/gnocchi.57cee3c5-6ebb-4955-91d9-df948258fbc8/1763640000.0_mean_300.0_v3 HTTP/1.0 200 - python-swiftclient-4.2.0 gAAAAABpJPsEC1e4... - 16 - tx92d084c9255b43ddb8278-006924fb1c - 0.0082 - - 1764031260.082454681 1764031260.090650797 0
Nov 24 19:41:00 np0005534223.novalocal object-server[97568]: ::1 - - [25/Nov/2025:00:41:00 +0000] "GET /1/188457/AUTH_34047920d4864ad78d85d02365686cf8/gnocchi.33c1c410-9a21-49f1-8fc3-53a43e595b44/1763640000.0_mean_300.0_v3" 200 16 "GET http://[::1]:8080/v1/AUTH_34047920d4864ad78d85d02365686cf8/gnocchi.33c1c410-9a21-49f1-8fc3-53a43e595b44/1763640000.0_mean_300.0_v3" "tx5477b963ec7f40cea0b9d-006924fb1c" "proxy-server 90339" 0.0010 "-" 97568 0
Nov 24 19:41:00 np0005534223.novalocal proxy-server[90339]: ::1 ::1 25/Nov/2025/00/41/00 GET /v1/AUTH_34047920d4864ad78d85d02365686cf8/gnocchi.33c1c410-9a21-49f1-8fc3-53a43e595b44/1763640000.0_mean_300.0_v3 HTTP/1.0 200 - python-swiftclient-4.2.0 gAAAAABpJPsEg9N3... - 16 - tx5477b963ec7f40cea0b9d-006924fb1c - 0.0106 - - 1764031260.089066267 1764031260.099663019 0
Nov 24 19:41:00 np0005534223.novalocal container-server[97262]: ::1 - - [25/Nov/2025:00:41:00 +0000] "PUT /1/238565/AUTH_34047920d4864ad78d85d02365686cf8/gnocchi.57cee3c5-6ebb-4955-91d9-df948258fbc8/1763640000.0_mean_300.0_v3" 201 - "PUT http://[::1]:8080/3/217635/AUTH_34047920d4864ad78d85d02365686cf8/gnocchi.57cee3c5-6ebb-4955-91d9-df948258fbc8/1763640000.0_mean_300.0_v3" "tx94b78090a0d5470b8229a-006924fb1c" "object-server 97566" 0.0006 "-" 97262 0
Nov 24 19:41:00 np0005534223.novalocal container-server[97264]: ::1 - - [25/Nov/2025:00:41:00 +0000] "PUT /2/238565/AUTH_34047920d4864ad78d85d02365686cf8/gnocchi.57cee3c5-6ebb-4955-91d9-df948258fbc8/1763640000.0_mean_300.0_v3" 201 - "PUT http://[::1]:8080/1/217635/AUTH_34047920d4864ad78d85d02365686cf8/gnocchi.57cee3c5-6ebb-4955-91d9-df948258fbc8/1763640000.0_mean_300.0_v3" "tx94b78090a0d5470b8229a-006924fb1c" "object-server 97567" 0.0005 "-" 97264 0
Nov 24 19:41:00 np0005534223.novalocal container-server[97262]: ::1 - - [25/Nov/2025:00:41:00 +0000] "PUT /3/238565/AUTH_34047920d4864ad78d85d02365686cf8/gnocchi.57cee3c5-6ebb-4955-91d9-df948258fbc8/1763640000.0_mean_300.0_v3" 201 - "PUT http://[::1]:8080/2/217635/AUTH_34047920d4864ad78d85d02365686cf8/gnocchi.57cee3c5-6ebb-4955-91d9-df948258fbc8/1763640000.0_mean_300.0_v3" "tx94b78090a0d5470b8229a-006924fb1c" "object-server 97569" 0.0004 "-" 97262 0
Nov 24 19:41:00 np0005534223.novalocal object-server[97566]: ::1 - - [25/Nov/2025:00:41:00 +0000] "PUT /3/217635/AUTH_34047920d4864ad78d85d02365686cf8/gnocchi.57cee3c5-6ebb-4955-91d9-df948258fbc8/1763640000.0_mean_300.0_v3" 201 - "PUT http://[::1]:8080/v1/AUTH_34047920d4864ad78d85d02365686cf8/gnocchi.57cee3c5-6ebb-4955-91d9-df948258fbc8/1763640000.0_mean_300.0_v3" "tx94b78090a0d5470b8229a-006924fb1c" "proxy-server 90340" 0.0099 "-" 97566 0
Nov 24 19:41:00 np0005534223.novalocal object-server[97567]: ::1 - - [25/Nov/2025:00:41:00 +0000] "PUT /1/217635/AUTH_34047920d4864ad78d85d02365686cf8/gnocchi.57cee3c5-6ebb-4955-91d9-df948258fbc8/1763640000.0_mean_300.0_v3" 201 - "PUT http://[::1]:8080/v1/AUTH_34047920d4864ad78d85d02365686cf8/gnocchi.57cee3c5-6ebb-4955-91d9-df948258fbc8/1763640000.0_mean_300.0_v3" "tx94b78090a0d5470b8229a-006924fb1c" "proxy-server 90340" 0.0108 "-" 97567 0
Nov 24 19:41:00 np0005534223.novalocal object-server[97569]: ::1 - - [25/Nov/2025:00:41:00 +0000] "PUT /2/217635/AUTH_34047920d4864ad78d85d02365686cf8/gnocchi.57cee3c5-6ebb-4955-91d9-df948258fbc8/1763640000.0_mean_300.0_v3" 201 - "PUT http://[::1]:8080/v1/AUTH_34047920d4864ad78d85d02365686cf8/gnocchi.57cee3c5-6ebb-4955-91d9-df948258fbc8/1763640000.0_mean_300.0_v3" "tx94b78090a0d5470b8229a-006924fb1c" "proxy-server 90340" 0.0129 "-" 97569 0
Nov 24 19:41:00 np0005534223.novalocal proxy-server[90340]: ::1 ::1 25/Nov/2025/00/41/00 PUT /v1/AUTH_34047920d4864ad78d85d02365686cf8/gnocchi.57cee3c5-6ebb-4955-91d9-df948258fbc8/1763640000.0_mean_300.0_v3 HTTP/1.0 201 - python-swiftclient-4.2.0 gAAAAABpJPsEC1e4... 16 - - tx94b78090a0d5470b8229a-006924fb1c - 0.0230 - - 1764031260.093351841 1764031260.116353035 0
Nov 24 19:41:00 np0005534223.novalocal container-server[97262]: ::1 - - [25/Nov/2025:00:41:00 +0000] "PUT /3/67087/AUTH_34047920d4864ad78d85d02365686cf8/gnocchi.33c1c410-9a21-49f1-8fc3-53a43e595b44/1763640000.0_mean_300.0_v3" 201 - "PUT http://[::1]:8080/3/188457/AUTH_34047920d4864ad78d85d02365686cf8/gnocchi.33c1c410-9a21-49f1-8fc3-53a43e595b44/1763640000.0_mean_300.0_v3" "tx8b16d143ea734907b2206-006924fb1c" "object-server 97568" 0.0006 "-" 97262 0
Nov 24 19:41:00 np0005534223.novalocal object-server[97568]: ::1 - - [25/Nov/2025:00:41:00 +0000] "PUT /3/188457/AUTH_34047920d4864ad78d85d02365686cf8/gnocchi.33c1c410-9a21-49f1-8fc3-53a43e595b44/1763640000.0_mean_300.0_v3" 201 - "PUT http://[::1]:8080/v1/AUTH_34047920d4864ad78d85d02365686cf8/gnocchi.33c1c410-9a21-49f1-8fc3-53a43e595b44/1763640000.0_mean_300.0_v3" "tx8b16d143ea734907b2206-006924fb1c" "proxy-server 90339" 0.0096 "-" 97568 0
Nov 24 19:41:00 np0005534223.novalocal container-server[97261]: ::1 - - [25/Nov/2025:00:41:00 +0000] "PUT /2/67087/AUTH_34047920d4864ad78d85d02365686cf8/gnocchi.33c1c410-9a21-49f1-8fc3-53a43e595b44/1763640000.0_mean_300.0_v3" 201 - "PUT http://[::1]:8080/2/188457/AUTH_34047920d4864ad78d85d02365686cf8/gnocchi.33c1c410-9a21-49f1-8fc3-53a43e595b44/1763640000.0_mean_300.0_v3" "tx8b16d143ea734907b2206-006924fb1c" "object-server 97568" 0.0007 "-" 97261 0
Nov 24 19:41:00 np0005534223.novalocal container-server[97262]: ::1 - - [25/Nov/2025:00:41:00 +0000] "PUT /1/67087/AUTH_34047920d4864ad78d85d02365686cf8/gnocchi.33c1c410-9a21-49f1-8fc3-53a43e595b44/1763640000.0_mean_300.0_v3" 201 - "PUT http://[::1]:8080/1/188457/AUTH_34047920d4864ad78d85d02365686cf8/gnocchi.33c1c410-9a21-49f1-8fc3-53a43e595b44/1763640000.0_mean_300.0_v3" "tx8b16d143ea734907b2206-006924fb1c" "object-server 97567" 0.0004 "-" 97262 0
Nov 24 19:41:00 np0005534223.novalocal object-server[97568]: ::1 - - [25/Nov/2025:00:41:00 +0000] "PUT /2/188457/AUTH_34047920d4864ad78d85d02365686cf8/gnocchi.33c1c410-9a21-49f1-8fc3-53a43e595b44/1763640000.0_mean_300.0_v3" 201 - "PUT http://[::1]:8080/v1/AUTH_34047920d4864ad78d85d02365686cf8/gnocchi.33c1c410-9a21-49f1-8fc3-53a43e595b44/1763640000.0_mean_300.0_v3" "tx8b16d143ea734907b2206-006924fb1c" "proxy-server 90339" 0.0123 "-" 97568 0
Nov 24 19:41:00 np0005534223.novalocal object-server[97567]: ::1 - - [25/Nov/2025:00:41:00 +0000] "PUT /1/188457/AUTH_34047920d4864ad78d85d02365686cf8/gnocchi.33c1c410-9a21-49f1-8fc3-53a43e595b44/1763640000.0_mean_300.0_v3" 201 - "PUT http://[::1]:8080/v1/AUTH_34047920d4864ad78d85d02365686cf8/gnocchi.33c1c410-9a21-49f1-8fc3-53a43e595b44/1763640000.0_mean_300.0_v3" "tx8b16d143ea734907b2206-006924fb1c" "proxy-server 90339" 0.0124 "-" 97567 0
Nov 24 19:41:00 np0005534223.novalocal proxy-server[90339]: ::1 ::1 25/Nov/2025/00/41/00 PUT /v1/AUTH_34047920d4864ad78d85d02365686cf8/gnocchi.33c1c410-9a21-49f1-8fc3-53a43e595b44/1763640000.0_mean_300.0_v3 HTTP/1.0 201 - python-swiftclient-4.2.0 gAAAAABpJPsEg9N3... 16 - - tx8b16d143ea734907b2206-006924fb1c - 0.0250 - - 1764031260.103877544 1764031260.128867626 0
Nov 24 19:41:00 np0005534223.novalocal container-server[97262]: ::1 - - [25/Nov/2025:00:41:00 +0000] "PUT /2/238565/AUTH_34047920d4864ad78d85d02365686cf8/gnocchi.57cee3c5-6ebb-4955-91d9-df948258fbc8/none_v3" 201 - "PUT http://[::1]:8080/1/164499/AUTH_34047920d4864ad78d85d02365686cf8/gnocchi.57cee3c5-6ebb-4955-91d9-df948258fbc8/none_v3" "tx4c74d51ff63e47a9861e1-006924fb1c" "object-server 97566" 0.0005 "-" 97262 0
Nov 24 19:41:00 np0005534223.novalocal container-server[97261]: ::1 - - [25/Nov/2025:00:41:00 +0000] "PUT /1/238565/AUTH_34047920d4864ad78d85d02365686cf8/gnocchi.57cee3c5-6ebb-4955-91d9-df948258fbc8/none_v3" 201 - "PUT http://[::1]:8080/3/164499/AUTH_34047920d4864ad78d85d02365686cf8/gnocchi.57cee3c5-6ebb-4955-91d9-df948258fbc8/none_v3" "tx4c74d51ff63e47a9861e1-006924fb1c" "object-server 97567" 0.0006 "-" 97261 0
Nov 24 19:41:00 np0005534223.novalocal object-server[97566]: ::1 - - [25/Nov/2025:00:41:00 +0000] "PUT /1/164499/AUTH_34047920d4864ad78d85d02365686cf8/gnocchi.57cee3c5-6ebb-4955-91d9-df948258fbc8/none_v3" 201 - "PUT http://[::1]:8080/v1/AUTH_34047920d4864ad78d85d02365686cf8/gnocchi.57cee3c5-6ebb-4955-91d9-df948258fbc8/none_v3" "tx4c74d51ff63e47a9861e1-006924fb1c" "proxy-server 90340" 0.0160 "-" 97566 0
Nov 24 19:41:00 np0005534223.novalocal object-server[97567]: ::1 - - [25/Nov/2025:00:41:00 +0000] "PUT /3/164499/AUTH_34047920d4864ad78d85d02365686cf8/gnocchi.57cee3c5-6ebb-4955-91d9-df948258fbc8/none_v3" 201 - "PUT http://[::1]:8080/v1/AUTH_34047920d4864ad78d85d02365686cf8/gnocchi.57cee3c5-6ebb-4955-91d9-df948258fbc8/none_v3" "tx4c74d51ff63e47a9861e1-006924fb1c" "proxy-server 90340" 0.0154 "-" 97567 0
Nov 24 19:41:00 np0005534223.novalocal container-server[97262]: ::1 - - [25/Nov/2025:00:41:00 +0000] "PUT /3/238565/AUTH_34047920d4864ad78d85d02365686cf8/gnocchi.57cee3c5-6ebb-4955-91d9-df948258fbc8/none_v3" 201 - "PUT http://[::1]:8080/2/164499/AUTH_34047920d4864ad78d85d02365686cf8/gnocchi.57cee3c5-6ebb-4955-91d9-df948258fbc8/none_v3" "tx4c74d51ff63e47a9861e1-006924fb1c" "object-server 97566" 0.0006 "-" 97262 0
Nov 24 19:41:00 np0005534223.novalocal object-server[97566]: ::1 - - [25/Nov/2025:00:41:00 +0000] "PUT /2/164499/AUTH_34047920d4864ad78d85d02365686cf8/gnocchi.57cee3c5-6ebb-4955-91d9-df948258fbc8/none_v3" 201 - "PUT http://[::1]:8080/v1/AUTH_34047920d4864ad78d85d02365686cf8/gnocchi.57cee3c5-6ebb-4955-91d9-df948258fbc8/none_v3" "tx4c74d51ff63e47a9861e1-006924fb1c" "proxy-server 90340" 0.0168 "-" 97566 0
Nov 24 19:41:00 np0005534223.novalocal proxy-server[90340]: ::1 ::1 25/Nov/2025/00/41/00 PUT /v1/AUTH_34047920d4864ad78d85d02365686cf8/gnocchi.57cee3c5-6ebb-4955-91d9-df948258fbc8/none_v3 HTTP/1.0 201 - python-swiftclient-4.2.0 gAAAAABpJPsEC1e4... 45 - - tx4c74d51ff63e47a9861e1-006924fb1c - 0.0295 - - 1764031260.118739367 1764031260.148256540 0
Nov 24 19:41:00 np0005534223.novalocal container-server[97262]: ::1 - - [25/Nov/2025:00:41:00 +0000] "PUT /2/67087/AUTH_34047920d4864ad78d85d02365686cf8/gnocchi.33c1c410-9a21-49f1-8fc3-53a43e595b44/none_v3" 201 - "PUT http://[::1]:8080/3/226587/AUTH_34047920d4864ad78d85d02365686cf8/gnocchi.33c1c410-9a21-49f1-8fc3-53a43e595b44/none_v3" "tx2d56dd6988d84220b3699-006924fb1c" "object-server 97566" 0.0005 "-" 97262 0
Nov 24 19:41:00 np0005534223.novalocal container-server[97264]: ::1 - - [25/Nov/2025:00:41:00 +0000] "PUT /3/67087/AUTH_34047920d4864ad78d85d02365686cf8/gnocchi.33c1c410-9a21-49f1-8fc3-53a43e595b44/none_v3" 201 - "PUT http://[::1]:8080/1/226587/AUTH_34047920d4864ad78d85d02365686cf8/gnocchi.33c1c410-9a21-49f1-8fc3-53a43e595b44/none_v3" "tx2d56dd6988d84220b3699-006924fb1c" "object-server 97568" 0.0006 "-" 97264 0
Nov 24 19:41:00 np0005534223.novalocal object-server[97566]: ::1 - - [25/Nov/2025:00:41:00 +0000] "PUT /3/226587/AUTH_34047920d4864ad78d85d02365686cf8/gnocchi.33c1c410-9a21-49f1-8fc3-53a43e595b44/none_v3" 201 - "PUT http://[::1]:8080/v1/AUTH_34047920d4864ad78d85d02365686cf8/gnocchi.33c1c410-9a21-49f1-8fc3-53a43e595b44/none_v3" "tx2d56dd6988d84220b3699-006924fb1c" "proxy-server 90339" 0.0133 "-" 97566 0
Nov 24 19:41:00 np0005534223.novalocal container-server[97263]: ::1 - - [25/Nov/2025:00:41:00 +0000] "PUT /1/67087/AUTH_34047920d4864ad78d85d02365686cf8/gnocchi.33c1c410-9a21-49f1-8fc3-53a43e595b44/none_v3" 201 - "PUT http://[::1]:8080/2/226587/AUTH_34047920d4864ad78d85d02365686cf8/gnocchi.33c1c410-9a21-49f1-8fc3-53a43e595b44/none_v3" "tx2d56dd6988d84220b3699-006924fb1c" "object-server 97569" 0.0005 "-" 97263 0
Nov 24 19:41:00 np0005534223.novalocal object-server[97568]: ::1 - - [25/Nov/2025:00:41:00 +0000] "PUT /1/226587/AUTH_34047920d4864ad78d85d02365686cf8/gnocchi.33c1c410-9a21-49f1-8fc3-53a43e595b44/none_v3" 201 - "PUT http://[::1]:8080/v1/AUTH_34047920d4864ad78d85d02365686cf8/gnocchi.33c1c410-9a21-49f1-8fc3-53a43e595b44/none_v3" "tx2d56dd6988d84220b3699-006924fb1c" "proxy-server 90339" 0.0146 "-" 97568 0
Nov 24 19:41:00 np0005534223.novalocal object-server[97569]: ::1 - - [25/Nov/2025:00:41:00 +0000] "PUT /2/226587/AUTH_34047920d4864ad78d85d02365686cf8/gnocchi.33c1c410-9a21-49f1-8fc3-53a43e595b44/none_v3" 201 - "PUT http://[::1]:8080/v1/AUTH_34047920d4864ad78d85d02365686cf8/gnocchi.33c1c410-9a21-49f1-8fc3-53a43e595b44/none_v3" "tx2d56dd6988d84220b3699-006924fb1c" "proxy-server 90339" 0.0155 "-" 97569 0
Nov 24 19:41:00 np0005534223.novalocal proxy-server[90339]: ::1 ::1 25/Nov/2025/00/41/00 PUT /v1/AUTH_34047920d4864ad78d85d02365686cf8/gnocchi.33c1c410-9a21-49f1-8fc3-53a43e595b44/none_v3 HTTP/1.0 201 - python-swiftclient-4.2.0 gAAAAABpJPsEg9N3... 36 - - tx2d56dd6988d84220b3699-006924fb1c - 0.0241 - - 1764031260.133080482 1764031260.157184839 0
Nov 24 19:41:00 np0005534223.novalocal systemd[1]: dbus-:1.1-org.fedoraproject.SetroubleshootPrivileged@8.service: Deactivated successfully.
Nov 24 19:41:00 np0005534223.novalocal systemd[1]: dbus-:1.1-org.fedoraproject.SetroubleshootPrivileged@8.service: Consumed 1.314s CPU time.
Nov 24 19:41:00 np0005534223.novalocal systemd[1]: Starting system activity accounting tool...
Nov 24 19:41:00 np0005534223.novalocal systemd[1]: sysstat-collect.service: Deactivated successfully.
Nov 24 19:41:00 np0005534223.novalocal systemd[1]: Finished system activity accounting tool.
Nov 24 19:41:00 np0005534223.novalocal systemd[1]: setroubleshootd.service: Deactivated successfully.
Nov 24 19:41:00 np0005534223.novalocal systemd[1]: setroubleshootd.service: Consumed 2.058s CPU time.
Nov 24 19:41:00 np0005534223.novalocal sshd-session[104739]: Invalid user gerrit from 49.247.175.53 port 11392
Nov 24 19:41:00 np0005534223.novalocal sshd-session[104739]: Received disconnect from 49.247.175.53 port 11392:11: Bye Bye [preauth]
Nov 24 19:41:00 np0005534223.novalocal sshd-session[104739]: Disconnected from invalid user gerrit 49.247.175.53 port 11392 [preauth]
Nov 24 19:41:00 np0005534223.novalocal object-server[90974]: Starting object reconstruction pass.
Nov 24 19:41:00 np0005534223.novalocal object-server[90974]: Nothing reconstructed for 0.00038313865661621094 seconds.
Nov 24 19:41:00 np0005534223.novalocal object-server[90974]: Object reconstruction complete. (0.00 minutes)
Nov 24 19:41:01 np0005534223.novalocal sshd-session[104792]: Invalid user sol from 80.94.92.184 port 57994
Nov 24 19:41:01 np0005534223.novalocal sshd-session[104792]: Connection closed by invalid user sol 80.94.92.184 port 57994 [preauth]
Nov 24 19:41:02 np0005534223.novalocal sshd-session[104794]: Invalid user ftpadmin from 45.78.219.195 port 37360
Nov 24 19:41:03 np0005534223.novalocal object-server[97567]: ::1 - - [25/Nov/2025:00:41:03 +0000] "GET /1/185341/AUTH_34047920d4864ad78d85d02365686cf8/gnocchi.b81a5cdf-2239-4339-87f2-28a572c82ca3/none_v3" 200 22 "GET http://[::1]:8080/v1/AUTH_34047920d4864ad78d85d02365686cf8/gnocchi.b81a5cdf-2239-4339-87f2-28a572c82ca3/none_v3" "txcab07eb39f294cc79182d-006924fb1f" "proxy-server 90339" 0.0012 "-" 97567 0
Nov 24 19:41:03 np0005534223.novalocal proxy-server[90339]: ::1 ::1 25/Nov/2025/00/41/03 GET /v1/AUTH_34047920d4864ad78d85d02365686cf8/gnocchi.b81a5cdf-2239-4339-87f2-28a572c82ca3/none_v3 HTTP/1.0 200 - python-swiftclient-4.2.0 gAAAAABpJPsEg9N3... - 22 - txcab07eb39f294cc79182d-006924fb1f - 0.0120 - - 1764031263.594268084 1764031263.606291294 0
Nov 24 19:41:03 np0005534223.novalocal container-server[97261]: ::1 - - [25/Nov/2025:00:41:03 +0000] "GET /2/26234/AUTH_34047920d4864ad78d85d02365686cf8/gnocchi.b81a5cdf-2239-4339-87f2-28a572c82ca3" 200 357 "GET http://[::1]:8080/v1/AUTH_34047920d4864ad78d85d02365686cf8/gnocchi.b81a5cdf-2239-4339-87f2-28a572c82ca3?format=json&states=listing" "tx460b081d6d2c4b8baac63-006924fb1f" "proxy-server 90339" 0.0021 "-" 97261 0
Nov 24 19:41:03 np0005534223.novalocal object-server[97568]: ::1 - - [25/Nov/2025:00:41:03 +0000] "GET /2/72785/AUTH_34047920d4864ad78d85d02365686cf8/gnocchi.99d34b94-8bb9-40d3-82ea-978c63819f35/none_v3" 200 22 "GET http://[::1]:8080/v1/AUTH_34047920d4864ad78d85d02365686cf8/gnocchi.99d34b94-8bb9-40d3-82ea-978c63819f35/none_v3" "tx193a8f04404b4a8192a61-006924fb1f" "proxy-server 90340" 0.0008 "-" 97568 0
Nov 24 19:41:03 np0005534223.novalocal proxy-server[90339]: ::1 ::1 25/Nov/2025/00/41/03 GET /v1/AUTH_34047920d4864ad78d85d02365686cf8/gnocchi.b81a5cdf-2239-4339-87f2-28a572c82ca3%3Fformat%3Djson%26states%3Dlisting HTTP/1.0 200 - python-swiftclient-4.2.0 gAAAAABpJPsEg9N3... - 357 - tx460b081d6d2c4b8baac63-006924fb1f - 0.0082 - - 1764031263.611108303 1764031263.619296074 0
Nov 24 19:41:03 np0005534223.novalocal proxy-server[90340]: ::1 ::1 25/Nov/2025/00/41/03 GET /v1/AUTH_34047920d4864ad78d85d02365686cf8/gnocchi.99d34b94-8bb9-40d3-82ea-978c63819f35/none_v3 HTTP/1.0 200 - python-swiftclient-4.2.0 gAAAAABpJPsEC1e4... - 22 - tx193a8f04404b4a8192a61-006924fb1f - 0.0073 - - 1764031263.613480091 1764031263.620826960 0
Nov 24 19:41:03 np0005534223.novalocal container-server[97263]: ::1 - - [25/Nov/2025:00:41:03 +0000] "GET /2/25137/AUTH_34047920d4864ad78d85d02365686cf8/gnocchi.99d34b94-8bb9-40d3-82ea-978c63819f35" 200 357 "GET http://[::1]:8080/v1/AUTH_34047920d4864ad78d85d02365686cf8/gnocchi.99d34b94-8bb9-40d3-82ea-978c63819f35?format=json&states=listing" "tx290739e8df8c4256a0416-006924fb1f" "proxy-server 90340" 0.0028 "-" 97263 0
Nov 24 19:41:03 np0005534223.novalocal proxy-server[90340]: ::1 ::1 25/Nov/2025/00/41/03 GET /v1/AUTH_34047920d4864ad78d85d02365686cf8/gnocchi.99d34b94-8bb9-40d3-82ea-978c63819f35%3Fformat%3Djson%26states%3Dlisting HTTP/1.0 200 - python-swiftclient-4.2.0 gAAAAABpJPsEC1e4... - 357 - tx290739e8df8c4256a0416-006924fb1f - 0.0088 - - 1764031263.623682737 1764031263.632437468 0
Nov 24 19:41:03 np0005534223.novalocal container-server[97264]: ::1 - - [25/Nov/2025:00:41:03 +0000] "GET /1/26234/AUTH_34047920d4864ad78d85d02365686cf8/gnocchi.b81a5cdf-2239-4339-87f2-28a572c82ca3" 200 2 "GET http://[::1]:8080/v1/AUTH_34047920d4864ad78d85d02365686cf8/gnocchi.b81a5cdf-2239-4339-87f2-28a572c82ca3?format=json&marker=none_v3&states=listing" "tx8f2c72077d184a7995d3b-006924fb1f" "proxy-server 90339" 0.0045 "-" 97264 0
Nov 24 19:41:03 np0005534223.novalocal proxy-server[90339]: ::1 ::1 25/Nov/2025/00/41/03 GET /v1/AUTH_34047920d4864ad78d85d02365686cf8/gnocchi.b81a5cdf-2239-4339-87f2-28a572c82ca3%3Fformat%3Djson%26marker%3Dnone_v3%26states%3Dlisting HTTP/1.0 200 - python-swiftclient-4.2.0 gAAAAABpJPsEg9N3... - 2 - tx8f2c72077d184a7995d3b-006924fb1f - 0.0160 - - 1764031263.621858120 1764031263.637902737 0
Nov 24 19:41:03 np0005534223.novalocal container-server[97261]: ::1 - - [25/Nov/2025:00:41:03 +0000] "GET /3/25137/AUTH_34047920d4864ad78d85d02365686cf8/gnocchi.99d34b94-8bb9-40d3-82ea-978c63819f35" 200 2 "GET http://[::1]:8080/v1/AUTH_34047920d4864ad78d85d02365686cf8/gnocchi.99d34b94-8bb9-40d3-82ea-978c63819f35?format=json&marker=none_v3&states=listing" "tx83f77c512454424cb3555-006924fb1f" "proxy-server 90340" 0.0020 "-" 97261 0
Nov 24 19:41:03 np0005534223.novalocal proxy-server[90340]: ::1 ::1 25/Nov/2025/00/41/03 GET /v1/AUTH_34047920d4864ad78d85d02365686cf8/gnocchi.99d34b94-8bb9-40d3-82ea-978c63819f35%3Fformat%3Djson%26marker%3Dnone_v3%26states%3Dlisting HTTP/1.0 200 - python-swiftclient-4.2.0 gAAAAABpJPsEC1e4... - 2 - tx83f77c512454424cb3555-006924fb1f - 0.0097 - - 1764031263.635349512 1764031263.645026922 0
Nov 24 19:41:03 np0005534223.novalocal object-server[97568]: ::1 - - [25/Nov/2025:00:41:03 +0000] "GET /1/88714/AUTH_34047920d4864ad78d85d02365686cf8/gnocchi.b81a5cdf-2239-4339-87f2-28a572c82ca3/1763640000.0_mean_300.0_v3" 200 16 "GET http://[::1]:8080/v1/AUTH_34047920d4864ad78d85d02365686cf8/gnocchi.b81a5cdf-2239-4339-87f2-28a572c82ca3/1763640000.0_mean_300.0_v3" "txc0ab756c59c843cb9799a-006924fb1f" "proxy-server 90339" 0.0007 "-" 97568 0
Nov 24 19:41:03 np0005534223.novalocal proxy-server[90339]: ::1 ::1 25/Nov/2025/00/41/03 GET /v1/AUTH_34047920d4864ad78d85d02365686cf8/gnocchi.b81a5cdf-2239-4339-87f2-28a572c82ca3/1763640000.0_mean_300.0_v3 HTTP/1.0 200 - python-swiftclient-4.2.0 gAAAAABpJPsEg9N3... - 16 - txc0ab756c59c843cb9799a-006924fb1f - 0.0079 - - 1764031263.644931555 1764031263.652824402 0
Nov 24 19:41:03 np0005534223.novalocal object-server[97569]: ::1 - - [25/Nov/2025:00:41:03 +0000] "GET /3/163813/AUTH_34047920d4864ad78d85d02365686cf8/gnocchi.99d34b94-8bb9-40d3-82ea-978c63819f35/1763640000.0_mean_300.0_v3" 200 16 "GET http://[::1]:8080/v1/AUTH_34047920d4864ad78d85d02365686cf8/gnocchi.99d34b94-8bb9-40d3-82ea-978c63819f35/1763640000.0_mean_300.0_v3" "tx640c52e25a4d4b6ab3b6e-006924fb1f" "proxy-server 90340" 0.0007 "-" 97569 0
Nov 24 19:41:03 np0005534223.novalocal proxy-server[90340]: ::1 ::1 25/Nov/2025/00/41/03 GET /v1/AUTH_34047920d4864ad78d85d02365686cf8/gnocchi.99d34b94-8bb9-40d3-82ea-978c63819f35/1763640000.0_mean_300.0_v3 HTTP/1.0 200 - python-swiftclient-4.2.0 gAAAAABpJPsEC1e4... - 16 - tx640c52e25a4d4b6ab3b6e-006924fb1f - 0.0096 - - 1764031263.649379492 1764031263.658950567 0
Nov 24 19:41:03 np0005534223.novalocal container-server[97264]: ::1 - - [25/Nov/2025:00:41:03 +0000] "PUT /1/25137/AUTH_34047920d4864ad78d85d02365686cf8/gnocchi.99d34b94-8bb9-40d3-82ea-978c63819f35/1763640000.0_mean_300.0_v3" 201 - "PUT http://[::1]:8080/3/163813/AUTH_34047920d4864ad78d85d02365686cf8/gnocchi.99d34b94-8bb9-40d3-82ea-978c63819f35/1763640000.0_mean_300.0_v3" "tx12594a5ac47b4b1dbb4e6-006924fb1f" "object-server 97568" 0.0008 "-" 97264 0
Nov 24 19:41:03 np0005534223.novalocal container-server[97261]: ::1 - - [25/Nov/2025:00:41:03 +0000] "PUT /3/26234/AUTH_34047920d4864ad78d85d02365686cf8/gnocchi.b81a5cdf-2239-4339-87f2-28a572c82ca3/1763640000.0_mean_300.0_v3" 201 - "PUT http://[::1]:8080/3/88714/AUTH_34047920d4864ad78d85d02365686cf8/gnocchi.b81a5cdf-2239-4339-87f2-28a572c82ca3/1763640000.0_mean_300.0_v3" "tx7d883b3cfffe4b7eae676-006924fb1f" "object-server 97568" 0.0004 "-" 97261 0
Nov 24 19:41:03 np0005534223.novalocal object-server[97568]: ::1 - - [25/Nov/2025:00:41:03 +0000] "PUT /3/163813/AUTH_34047920d4864ad78d85d02365686cf8/gnocchi.99d34b94-8bb9-40d3-82ea-978c63819f35/1763640000.0_mean_300.0_v3" 201 - "PUT http://[::1]:8080/v1/AUTH_34047920d4864ad78d85d02365686cf8/gnocchi.99d34b94-8bb9-40d3-82ea-978c63819f35/1763640000.0_mean_300.0_v3" "tx12594a5ac47b4b1dbb4e6-006924fb1f" "proxy-server 90340" 0.0133 "-" 97568 0
Nov 24 19:41:03 np0005534223.novalocal container-server[97261]: ::1 - - [25/Nov/2025:00:41:03 +0000] "PUT /2/25137/AUTH_34047920d4864ad78d85d02365686cf8/gnocchi.99d34b94-8bb9-40d3-82ea-978c63819f35/1763640000.0_mean_300.0_v3" 201 - "PUT http://[::1]:8080/1/163813/AUTH_34047920d4864ad78d85d02365686cf8/gnocchi.99d34b94-8bb9-40d3-82ea-978c63819f35/1763640000.0_mean_300.0_v3" "tx12594a5ac47b4b1dbb4e6-006924fb1f" "object-server 97569" 0.0003 "-" 97261 0
Nov 24 19:41:03 np0005534223.novalocal container-server[97263]: ::1 - - [25/Nov/2025:00:41:03 +0000] "PUT /1/26234/AUTH_34047920d4864ad78d85d02365686cf8/gnocchi.b81a5cdf-2239-4339-87f2-28a572c82ca3/1763640000.0_mean_300.0_v3" 201 - "PUT http://[::1]:8080/1/88714/AUTH_34047920d4864ad78d85d02365686cf8/gnocchi.b81a5cdf-2239-4339-87f2-28a572c82ca3/1763640000.0_mean_300.0_v3" "tx7d883b3cfffe4b7eae676-006924fb1f" "object-server 97567" 0.0005 "-" 97263 0
Nov 24 19:41:03 np0005534223.novalocal object-server[97568]: ::1 - - [25/Nov/2025:00:41:03 +0000] "PUT /3/88714/AUTH_34047920d4864ad78d85d02365686cf8/gnocchi.b81a5cdf-2239-4339-87f2-28a572c82ca3/1763640000.0_mean_300.0_v3" 201 - "PUT http://[::1]:8080/v1/AUTH_34047920d4864ad78d85d02365686cf8/gnocchi.b81a5cdf-2239-4339-87f2-28a572c82ca3/1763640000.0_mean_300.0_v3" "tx7d883b3cfffe4b7eae676-006924fb1f" "proxy-server 90339" 0.0134 "-" 97568 0
Nov 24 19:41:03 np0005534223.novalocal object-server[97567]: ::1 - - [25/Nov/2025:00:41:03 +0000] "PUT /1/88714/AUTH_34047920d4864ad78d85d02365686cf8/gnocchi.b81a5cdf-2239-4339-87f2-28a572c82ca3/1763640000.0_mean_300.0_v3" 201 - "PUT http://[::1]:8080/v1/AUTH_34047920d4864ad78d85d02365686cf8/gnocchi.b81a5cdf-2239-4339-87f2-28a572c82ca3/1763640000.0_mean_300.0_v3" "tx7d883b3cfffe4b7eae676-006924fb1f" "proxy-server 90339" 0.0148 "-" 97567 0
Nov 24 19:41:03 np0005534223.novalocal object-server[97569]: ::1 - - [25/Nov/2025:00:41:03 +0000] "PUT /1/163813/AUTH_34047920d4864ad78d85d02365686cf8/gnocchi.99d34b94-8bb9-40d3-82ea-978c63819f35/1763640000.0_mean_300.0_v3" 201 - "PUT http://[::1]:8080/v1/AUTH_34047920d4864ad78d85d02365686cf8/gnocchi.99d34b94-8bb9-40d3-82ea-978c63819f35/1763640000.0_mean_300.0_v3" "tx12594a5ac47b4b1dbb4e6-006924fb1f" "proxy-server 90340" 0.0180 "-" 97569 0
Nov 24 19:41:03 np0005534223.novalocal container-server[97263]: ::1 - - [25/Nov/2025:00:41:03 +0000] "PUT /2/26234/AUTH_34047920d4864ad78d85d02365686cf8/gnocchi.b81a5cdf-2239-4339-87f2-28a572c82ca3/1763640000.0_mean_300.0_v3" 201 - "PUT http://[::1]:8080/2/88714/AUTH_34047920d4864ad78d85d02365686cf8/gnocchi.b81a5cdf-2239-4339-87f2-28a572c82ca3/1763640000.0_mean_300.0_v3" "tx7d883b3cfffe4b7eae676-006924fb1f" "object-server 97569" 0.0004 "-" 97263 0
Nov 24 19:41:03 np0005534223.novalocal object-server[97569]: ::1 - - [25/Nov/2025:00:41:03 +0000] "PUT /2/88714/AUTH_34047920d4864ad78d85d02365686cf8/gnocchi.b81a5cdf-2239-4339-87f2-28a572c82ca3/1763640000.0_mean_300.0_v3" 201 - "PUT http://[::1]:8080/v1/AUTH_34047920d4864ad78d85d02365686cf8/gnocchi.b81a5cdf-2239-4339-87f2-28a572c82ca3/1763640000.0_mean_300.0_v3" "tx7d883b3cfffe4b7eae676-006924fb1f" "proxy-server 90339" 0.0177 "-" 97569 0
Nov 24 19:41:03 np0005534223.novalocal container-server[97262]: ::1 - - [25/Nov/2025:00:41:03 +0000] "PUT /3/25137/AUTH_34047920d4864ad78d85d02365686cf8/gnocchi.99d34b94-8bb9-40d3-82ea-978c63819f35/1763640000.0_mean_300.0_v3" 201 - "PUT http://[::1]:8080/2/163813/AUTH_34047920d4864ad78d85d02365686cf8/gnocchi.99d34b94-8bb9-40d3-82ea-978c63819f35/1763640000.0_mean_300.0_v3" "tx12594a5ac47b4b1dbb4e6-006924fb1f" "object-server 97569" 0.0006 "-" 97262 0
Nov 24 19:41:03 np0005534223.novalocal object-server[97569]: ::1 - - [25/Nov/2025:00:41:03 +0000] "PUT /2/163813/AUTH_34047920d4864ad78d85d02365686cf8/gnocchi.99d34b94-8bb9-40d3-82ea-978c63819f35/1763640000.0_mean_300.0_v3" 201 - "PUT http://[::1]:8080/v1/AUTH_34047920d4864ad78d85d02365686cf8/gnocchi.99d34b94-8bb9-40d3-82ea-978c63819f35/1763640000.0_mean_300.0_v3" "tx12594a5ac47b4b1dbb4e6-006924fb1f" "proxy-server 90340" 0.0205 "-" 97569 0
Nov 24 19:41:03 np0005534223.novalocal proxy-server[90339]: ::1 ::1 25/Nov/2025/00/41/03 PUT /v1/AUTH_34047920d4864ad78d85d02365686cf8/gnocchi.b81a5cdf-2239-4339-87f2-28a572c82ca3/1763640000.0_mean_300.0_v3 HTTP/1.0 201 - python-swiftclient-4.2.0 gAAAAABpJPsEg9N3... 16 - - tx7d883b3cfffe4b7eae676-006924fb1f - 0.0324 - - 1764031263.656866074 1764031263.689262629 0
Nov 24 19:41:03 np0005534223.novalocal proxy-server[90340]: ::1 ::1 25/Nov/2025/00/41/03 PUT /v1/AUTH_34047920d4864ad78d85d02365686cf8/gnocchi.99d34b94-8bb9-40d3-82ea-978c63819f35/1763640000.0_mean_300.0_v3 HTTP/1.0 201 - python-swiftclient-4.2.0 gAAAAABpJPsEC1e4... 16 - - tx12594a5ac47b4b1dbb4e6-006924fb1f - 0.0277 - - 1764031263.662826061 1764031263.690555334 0
Nov 24 19:41:03 np0005534223.novalocal container-server[97263]: ::1 - - [25/Nov/2025:00:41:03 +0000] "PUT /1/25137/AUTH_34047920d4864ad78d85d02365686cf8/gnocchi.99d34b94-8bb9-40d3-82ea-978c63819f35/none_v3" 201 - "PUT http://[::1]:8080/2/72785/AUTH_34047920d4864ad78d85d02365686cf8/gnocchi.99d34b94-8bb9-40d3-82ea-978c63819f35/none_v3" "tx1b14a91a8a1e43b5b3013-006924fb1f" "object-server 97569" 0.0005 "-" 97263 0
Nov 24 19:41:03 np0005534223.novalocal container-server[97261]: ::1 - - [25/Nov/2025:00:41:03 +0000] "PUT /1/26234/AUTH_34047920d4864ad78d85d02365686cf8/gnocchi.b81a5cdf-2239-4339-87f2-28a572c82ca3/none_v3" 201 - "PUT http://[::1]:8080/3/185341/AUTH_34047920d4864ad78d85d02365686cf8/gnocchi.b81a5cdf-2239-4339-87f2-28a572c82ca3/none_v3" "tx7c1835799a1a4918ba5bd-006924fb1f" "object-server 97567" 0.0004 "-" 97261 0
Nov 24 19:41:03 np0005534223.novalocal container-server[97261]: ::1 - - [25/Nov/2025:00:41:03 +0000] "PUT /3/25137/AUTH_34047920d4864ad78d85d02365686cf8/gnocchi.99d34b94-8bb9-40d3-82ea-978c63819f35/none_v3" 201 - "PUT http://[::1]:8080/1/72785/AUTH_34047920d4864ad78d85d02365686cf8/gnocchi.99d34b94-8bb9-40d3-82ea-978c63819f35/none_v3" "tx1b14a91a8a1e43b5b3013-006924fb1f" "object-server 97567" 0.0003 "-" 97261 0
Nov 24 19:41:03 np0005534223.novalocal object-server[97567]: ::1 - - [25/Nov/2025:00:41:03 +0000] "PUT /3/185341/AUTH_34047920d4864ad78d85d02365686cf8/gnocchi.b81a5cdf-2239-4339-87f2-28a572c82ca3/none_v3" 201 - "PUT http://[::1]:8080/v1/AUTH_34047920d4864ad78d85d02365686cf8/gnocchi.b81a5cdf-2239-4339-87f2-28a572c82ca3/none_v3" "tx7c1835799a1a4918ba5bd-006924fb1f" "proxy-server 90339" 0.0127 "-" 97567 0
Nov 24 19:41:03 np0005534223.novalocal object-server[97569]: ::1 - - [25/Nov/2025:00:41:03 +0000] "PUT /2/72785/AUTH_34047920d4864ad78d85d02365686cf8/gnocchi.99d34b94-8bb9-40d3-82ea-978c63819f35/none_v3" 201 - "PUT http://[::1]:8080/v1/AUTH_34047920d4864ad78d85d02365686cf8/gnocchi.99d34b94-8bb9-40d3-82ea-978c63819f35/none_v3" "tx1b14a91a8a1e43b5b3013-006924fb1f" "proxy-server 90340" 0.0183 "-" 97569 0
Nov 24 19:41:03 np0005534223.novalocal object-server[97567]: ::1 - - [25/Nov/2025:00:41:03 +0000] "PUT /1/72785/AUTH_34047920d4864ad78d85d02365686cf8/gnocchi.99d34b94-8bb9-40d3-82ea-978c63819f35/none_v3" 201 - "PUT http://[::1]:8080/v1/AUTH_34047920d4864ad78d85d02365686cf8/gnocchi.99d34b94-8bb9-40d3-82ea-978c63819f35/none_v3" "tx1b14a91a8a1e43b5b3013-006924fb1f" "proxy-server 90340" 0.0186 "-" 97567 0
Nov 24 19:41:03 np0005534223.novalocal container-server[97263]: ::1 - - [25/Nov/2025:00:41:03 +0000] "PUT /3/26234/AUTH_34047920d4864ad78d85d02365686cf8/gnocchi.b81a5cdf-2239-4339-87f2-28a572c82ca3/none_v3" 201 - "PUT http://[::1]:8080/1/185341/AUTH_34047920d4864ad78d85d02365686cf8/gnocchi.b81a5cdf-2239-4339-87f2-28a572c82ca3/none_v3" "tx7c1835799a1a4918ba5bd-006924fb1f" "object-server 97569" 0.0004 "-" 97263 0
Nov 24 19:41:03 np0005534223.novalocal container-server[97261]: ::1 - - [25/Nov/2025:00:41:03 +0000] "PUT /2/25137/AUTH_34047920d4864ad78d85d02365686cf8/gnocchi.99d34b94-8bb9-40d3-82ea-978c63819f35/none_v3" 201 - "PUT http://[::1]:8080/3/72785/AUTH_34047920d4864ad78d85d02365686cf8/gnocchi.99d34b94-8bb9-40d3-82ea-978c63819f35/none_v3" "tx1b14a91a8a1e43b5b3013-006924fb1f" "object-server 97569" 0.0009 "-" 97261 0
Nov 24 19:41:03 np0005534223.novalocal object-server[97569]: ::1 - - [25/Nov/2025:00:41:03 +0000] "PUT /1/185341/AUTH_34047920d4864ad78d85d02365686cf8/gnocchi.b81a5cdf-2239-4339-87f2-28a572c82ca3/none_v3" 201 - "PUT http://[::1]:8080/v1/AUTH_34047920d4864ad78d85d02365686cf8/gnocchi.b81a5cdf-2239-4339-87f2-28a572c82ca3/none_v3" "tx7c1835799a1a4918ba5bd-006924fb1f" "proxy-server 90339" 0.0175 "-" 97569 0
Nov 24 19:41:03 np0005534223.novalocal container-server[97261]: ::1 - - [25/Nov/2025:00:41:03 +0000] "PUT /2/26234/AUTH_34047920d4864ad78d85d02365686cf8/gnocchi.b81a5cdf-2239-4339-87f2-28a572c82ca3/none_v3" 201 - "PUT http://[::1]:8080/2/185341/AUTH_34047920d4864ad78d85d02365686cf8/gnocchi.b81a5cdf-2239-4339-87f2-28a572c82ca3/none_v3" "tx7c1835799a1a4918ba5bd-006924fb1f" "object-server 97569" 0.0004 "-" 97261 0
Nov 24 19:41:03 np0005534223.novalocal object-server[97569]: ::1 - - [25/Nov/2025:00:41:03 +0000] "PUT /3/72785/AUTH_34047920d4864ad78d85d02365686cf8/gnocchi.99d34b94-8bb9-40d3-82ea-978c63819f35/none_v3" 201 - "PUT http://[::1]:8080/v1/AUTH_34047920d4864ad78d85d02365686cf8/gnocchi.99d34b94-8bb9-40d3-82ea-978c63819f35/none_v3" "tx1b14a91a8a1e43b5b3013-006924fb1f" "proxy-server 90340" 0.0236 "-" 97569 0
Nov 24 19:41:03 np0005534223.novalocal proxy-server[90340]: ::1 ::1 25/Nov/2025/00/41/03 PUT /v1/AUTH_34047920d4864ad78d85d02365686cf8/gnocchi.99d34b94-8bb9-40d3-82ea-978c63819f35/none_v3 HTTP/1.0 201 - python-swiftclient-4.2.0 gAAAAABpJPsEC1e4... 32 - - tx1b14a91a8a1e43b5b3013-006924fb1f - 0.0308 - - 1764031263.692975283 1764031263.723750114 0
Nov 24 19:41:03 np0005534223.novalocal object-server[97569]: ::1 - - [25/Nov/2025:00:41:03 +0000] "PUT /2/185341/AUTH_34047920d4864ad78d85d02365686cf8/gnocchi.b81a5cdf-2239-4339-87f2-28a572c82ca3/none_v3" 201 - "PUT http://[::1]:8080/v1/AUTH_34047920d4864ad78d85d02365686cf8/gnocchi.b81a5cdf-2239-4339-87f2-28a572c82ca3/none_v3" "tx7c1835799a1a4918ba5bd-006924fb1f" "proxy-server 90339" 0.0220 "-" 97569 0
Nov 24 19:41:03 np0005534223.novalocal proxy-server[90339]: ::1 ::1 25/Nov/2025/00/41/03 PUT /v1/AUTH_34047920d4864ad78d85d02365686cf8/gnocchi.b81a5cdf-2239-4339-87f2-28a572c82ca3/none_v3 HTTP/1.0 201 - python-swiftclient-4.2.0 gAAAAABpJPsEg9N3... 31 - - tx7c1835799a1a4918ba5bd-006924fb1f - 0.0335 - - 1764031263.692884684 1764031263.726416349 0
Nov 24 19:41:03 np0005534223.novalocal object-server[97568]: ::1 - - [25/Nov/2025:00:41:03 +0000] "GET /2/249012/AUTH_34047920d4864ad78d85d02365686cf8/gnocchi.18e98d64-5942-4b26-a3f7-ffe8b7e4b9f1/none_v3" 200 22 "GET http://[::1]:8080/v1/AUTH_34047920d4864ad78d85d02365686cf8/gnocchi.18e98d64-5942-4b26-a3f7-ffe8b7e4b9f1/none_v3" "tx959066d17acb41dfa0021-006924fb1f" "proxy-server 90340" 0.0008 "-" 97568 0
Nov 24 19:41:03 np0005534223.novalocal proxy-server[90340]: ::1 ::1 25/Nov/2025/00/41/03 GET /v1/AUTH_34047920d4864ad78d85d02365686cf8/gnocchi.18e98d64-5942-4b26-a3f7-ffe8b7e4b9f1/none_v3 HTTP/1.0 200 - python-swiftclient-4.2.0 gAAAAABpJPsEC1e4... - 22 - tx959066d17acb41dfa0021-006924fb1f - 0.0089 - - 1764031263.798960686 1764031263.807814837 0
Nov 24 19:41:03 np0005534223.novalocal container-server[97263]: ::1 - - [25/Nov/2025:00:41:03 +0000] "GET /1/252514/AUTH_34047920d4864ad78d85d02365686cf8/gnocchi.18e98d64-5942-4b26-a3f7-ffe8b7e4b9f1" 200 357 "GET http://[::1]:8080/v1/AUTH_34047920d4864ad78d85d02365686cf8/gnocchi.18e98d64-5942-4b26-a3f7-ffe8b7e4b9f1?format=json&states=listing" "txc0ee19615ca742d78cd0a-006924fb1f" "proxy-server 90340" 0.0047 "-" 97263 0
Nov 24 19:41:03 np0005534223.novalocal proxy-server[90340]: ::1 ::1 25/Nov/2025/00/41/03 GET /v1/AUTH_34047920d4864ad78d85d02365686cf8/gnocchi.18e98d64-5942-4b26-a3f7-ffe8b7e4b9f1%3Fformat%3Djson%26states%3Dlisting HTTP/1.0 200 - python-swiftclient-4.2.0 gAAAAABpJPsEC1e4... - 357 - txc0ee19615ca742d78cd0a-006924fb1f - 0.0113 - - 1764031263.810698748 1764031263.821977139 0
Nov 24 19:41:03 np0005534223.novalocal object-server[97569]: ::1 - - [25/Nov/2025:00:41:03 +0000] "GET /3/104130/AUTH_34047920d4864ad78d85d02365686cf8/gnocchi.90742f83-f119-4f12-b436-e1b8eda632f5/none_v3" 200 22 "GET http://[::1]:8080/v1/AUTH_34047920d4864ad78d85d02365686cf8/gnocchi.90742f83-f119-4f12-b436-e1b8eda632f5/none_v3" "tx13c74ae624eb48f5a513b-006924fb1f" "proxy-server 90339" 0.0008 "-" 97569 0
Nov 24 19:41:03 np0005534223.novalocal proxy-server[90339]: ::1 ::1 25/Nov/2025/00/41/03 GET /v1/AUTH_34047920d4864ad78d85d02365686cf8/gnocchi.90742f83-f119-4f12-b436-e1b8eda632f5/none_v3 HTTP/1.0 200 - python-swiftclient-4.2.0 gAAAAABpJPsEg9N3... - 22 - tx13c74ae624eb48f5a513b-006924fb1f - 0.0098 - - 1764031263.823276043 1764031263.833073139 0
Nov 24 19:41:03 np0005534223.novalocal container-server[97264]: ::1 - - [25/Nov/2025:00:41:03 +0000] "GET /3/252514/AUTH_34047920d4864ad78d85d02365686cf8/gnocchi.18e98d64-5942-4b26-a3f7-ffe8b7e4b9f1" 200 2 "GET http://[::1]:8080/v1/AUTH_34047920d4864ad78d85d02365686cf8/gnocchi.18e98d64-5942-4b26-a3f7-ffe8b7e4b9f1?format=json&marker=none_v3&states=listing" "txd8f294d05c994f3e855e5-006924fb1f" "proxy-server 90340" 0.0041 "-" 97264 0
Nov 24 19:41:03 np0005534223.novalocal proxy-server[90340]: ::1 ::1 25/Nov/2025/00/41/03 GET /v1/AUTH_34047920d4864ad78d85d02365686cf8/gnocchi.18e98d64-5942-4b26-a3f7-ffe8b7e4b9f1%3Fformat%3Djson%26marker%3Dnone_v3%26states%3Dlisting HTTP/1.0 200 - python-swiftclient-4.2.0 gAAAAABpJPsEC1e4... - 2 - txd8f294d05c994f3e855e5-006924fb1f - 0.0104 - - 1764031263.825919628 1764031263.836357117 0
Nov 24 19:41:03 np0005534223.novalocal object-server[97569]: ::1 - - [25/Nov/2025:00:41:03 +0000] "GET /3/87044/AUTH_34047920d4864ad78d85d02365686cf8/gnocchi.18e98d64-5942-4b26-a3f7-ffe8b7e4b9f1/1763640000.0_mean_300.0_v3" 200 16 "GET http://[::1]:8080/v1/AUTH_34047920d4864ad78d85d02365686cf8/gnocchi.18e98d64-5942-4b26-a3f7-ffe8b7e4b9f1/1763640000.0_mean_300.0_v3" "txb6d655386af346829ae24-006924fb1f" "proxy-server 90340" 0.0007 "-" 97569 0
Nov 24 19:41:03 np0005534223.novalocal proxy-server[90340]: ::1 ::1 25/Nov/2025/00/41/03 GET /v1/AUTH_34047920d4864ad78d85d02365686cf8/gnocchi.18e98d64-5942-4b26-a3f7-ffe8b7e4b9f1/1763640000.0_mean_300.0_v3 HTTP/1.0 200 - python-swiftclient-4.2.0 gAAAAABpJPsEC1e4... - 16 - txb6d655386af346829ae24-006924fb1f - 0.0055 - - 1764031263.840620041 1764031263.846072912 0
Nov 24 19:41:03 np0005534223.novalocal container-server[97264]: ::1 - - [25/Nov/2025:00:41:03 +0000] "GET /2/200833/AUTH_34047920d4864ad78d85d02365686cf8/gnocchi.90742f83-f119-4f12-b436-e1b8eda632f5" 200 357 "GET http://[::1]:8080/v1/AUTH_34047920d4864ad78d85d02365686cf8/gnocchi.90742f83-f119-4f12-b436-e1b8eda632f5?format=json&states=listing" "tx2bf540aa003d474e902b2-006924fb1f" "proxy-server 90339" 0.0049 "-" 97264 0
Nov 24 19:41:03 np0005534223.novalocal proxy-server[90339]: ::1 ::1 25/Nov/2025/00/41/03 GET /v1/AUTH_34047920d4864ad78d85d02365686cf8/gnocchi.90742f83-f119-4f12-b436-e1b8eda632f5%3Fformat%3Djson%26states%3Dlisting HTTP/1.0 200 - python-swiftclient-4.2.0 gAAAAABpJPsEg9N3... - 357 - tx2bf540aa003d474e902b2-006924fb1f - 0.0152 - - 1764031263.836940527 1764031263.852147818 0
Nov 24 19:41:03 np0005534223.novalocal container-server[97262]: ::1 - - [25/Nov/2025:00:41:03 +0000] "PUT /2/252514/AUTH_34047920d4864ad78d85d02365686cf8/gnocchi.18e98d64-5942-4b26-a3f7-ffe8b7e4b9f1/1763640000.0_mean_300.0_v3" 201 - "PUT http://[::1]:8080/3/87044/AUTH_34047920d4864ad78d85d02365686cf8/gnocchi.18e98d64-5942-4b26-a3f7-ffe8b7e4b9f1/1763640000.0_mean_300.0_v3" "tx103082b4235c426c812dc-006924fb1f" "object-server 97567" 0.0012 "-" 97262 0
Nov 24 19:41:03 np0005534223.novalocal object-server[97567]: ::1 - - [25/Nov/2025:00:41:03 +0000] "PUT /3/87044/AUTH_34047920d4864ad78d85d02365686cf8/gnocchi.18e98d64-5942-4b26-a3f7-ffe8b7e4b9f1/1763640000.0_mean_300.0_v3" 201 - "PUT http://[::1]:8080/v1/AUTH_34047920d4864ad78d85d02365686cf8/gnocchi.18e98d64-5942-4b26-a3f7-ffe8b7e4b9f1/1763640000.0_mean_300.0_v3" "tx103082b4235c426c812dc-006924fb1f" "proxy-server 90340" 0.0168 "-" 97567 0
Nov 24 19:41:03 np0005534223.novalocal container-server[97262]: ::1 - - [25/Nov/2025:00:41:03 +0000] "PUT /1/252514/AUTH_34047920d4864ad78d85d02365686cf8/gnocchi.18e98d64-5942-4b26-a3f7-ffe8b7e4b9f1/1763640000.0_mean_300.0_v3" 201 - "PUT http://[::1]:8080/1/87044/AUTH_34047920d4864ad78d85d02365686cf8/gnocchi.18e98d64-5942-4b26-a3f7-ffe8b7e4b9f1/1763640000.0_mean_300.0_v3" "tx103082b4235c426c812dc-006924fb1f" "object-server 97568" 0.0026 "-" 97262 0
Nov 24 19:41:03 np0005534223.novalocal object-server[97568]: ::1 - - [25/Nov/2025:00:41:03 +0000] "PUT /1/87044/AUTH_34047920d4864ad78d85d02365686cf8/gnocchi.18e98d64-5942-4b26-a3f7-ffe8b7e4b9f1/1763640000.0_mean_300.0_v3" 201 - "PUT http://[::1]:8080/v1/AUTH_34047920d4864ad78d85d02365686cf8/gnocchi.18e98d64-5942-4b26-a3f7-ffe8b7e4b9f1/1763640000.0_mean_300.0_v3" "tx103082b4235c426c812dc-006924fb1f" "proxy-server 90340" 0.0211 "-" 97568 0
Nov 24 19:41:03 np0005534223.novalocal container-server[97261]: ::1 - - [25/Nov/2025:00:41:03 +0000] "PUT /3/252514/AUTH_34047920d4864ad78d85d02365686cf8/gnocchi.18e98d64-5942-4b26-a3f7-ffe8b7e4b9f1/1763640000.0_mean_300.0_v3" 201 - "PUT http://[::1]:8080/2/87044/AUTH_34047920d4864ad78d85d02365686cf8/gnocchi.18e98d64-5942-4b26-a3f7-ffe8b7e4b9f1/1763640000.0_mean_300.0_v3" "tx103082b4235c426c812dc-006924fb1f" "object-server 97568" 0.0008 "-" 97261 0
Nov 24 19:41:03 np0005534223.novalocal object-server[97568]: ::1 - - [25/Nov/2025:00:41:03 +0000] "PUT /2/87044/AUTH_34047920d4864ad78d85d02365686cf8/gnocchi.18e98d64-5942-4b26-a3f7-ffe8b7e4b9f1/1763640000.0_mean_300.0_v3" 201 - "PUT http://[::1]:8080/v1/AUTH_34047920d4864ad78d85d02365686cf8/gnocchi.18e98d64-5942-4b26-a3f7-ffe8b7e4b9f1/1763640000.0_mean_300.0_v3" "tx103082b4235c426c812dc-006924fb1f" "proxy-server 90340" 0.0218 "-" 97568 0
Nov 24 19:41:03 np0005534223.novalocal proxy-server[90340]: ::1 ::1 25/Nov/2025/00/41/03 PUT /v1/AUTH_34047920d4864ad78d85d02365686cf8/gnocchi.18e98d64-5942-4b26-a3f7-ffe8b7e4b9f1/1763640000.0_mean_300.0_v3 HTTP/1.0 201 - python-swiftclient-4.2.0 gAAAAABpJPsEC1e4... 16 - - tx103082b4235c426c812dc-006924fb1f - 0.0302 - - 1764031263.849387169 1764031263.879595995 0
Nov 24 19:41:03 np0005534223.novalocal container-server[97261]: ::1 - - [25/Nov/2025:00:41:03 +0000] "GET /3/200833/AUTH_34047920d4864ad78d85d02365686cf8/gnocchi.90742f83-f119-4f12-b436-e1b8eda632f5" 200 2 "GET http://[::1]:8080/v1/AUTH_34047920d4864ad78d85d02365686cf8/gnocchi.90742f83-f119-4f12-b436-e1b8eda632f5?format=json&marker=none_v3&states=listing" "txd8a9dc29b5734265b1041-006924fb1f" "proxy-server 90339" 0.0054 "-" 97261 0
Nov 24 19:41:03 np0005534223.novalocal proxy-server[90339]: ::1 ::1 25/Nov/2025/00/41/03 GET /v1/AUTH_34047920d4864ad78d85d02365686cf8/gnocchi.90742f83-f119-4f12-b436-e1b8eda632f5%3Fformat%3Djson%26marker%3Dnone_v3%26states%3Dlisting HTTP/1.0 200 - python-swiftclient-4.2.0 gAAAAABpJPsEg9N3... - 2 - txd8a9dc29b5734265b1041-006924fb1f - 0.0296 - - 1764031263.859311819 1764031263.888889074 0
Nov 24 19:41:03 np0005534223.novalocal container-server[97263]: ::1 - - [25/Nov/2025:00:41:03 +0000] "PUT /3/252514/AUTH_34047920d4864ad78d85d02365686cf8/gnocchi.18e98d64-5942-4b26-a3f7-ffe8b7e4b9f1/none_v3" 201 - "PUT http://[::1]:8080/2/249012/AUTH_34047920d4864ad78d85d02365686cf8/gnocchi.18e98d64-5942-4b26-a3f7-ffe8b7e4b9f1/none_v3" "tx34d1878d8b124ff999c7a-006924fb1f" "object-server 97569" 0.0007 "-" 97263 0
Nov 24 19:41:03 np0005534223.novalocal object-server[97569]: ::1 - - [25/Nov/2025:00:41:03 +0000] "PUT /2/249012/AUTH_34047920d4864ad78d85d02365686cf8/gnocchi.18e98d64-5942-4b26-a3f7-ffe8b7e4b9f1/none_v3" 201 - "PUT http://[::1]:8080/v1/AUTH_34047920d4864ad78d85d02365686cf8/gnocchi.18e98d64-5942-4b26-a3f7-ffe8b7e4b9f1/none_v3" "tx34d1878d8b124ff999c7a-006924fb1f" "proxy-server 90340" 0.0093 "-" 97569 0
Nov 24 19:41:03 np0005534223.novalocal container-server[97262]: ::1 - - [25/Nov/2025:00:41:03 +0000] "PUT /2/252514/AUTH_34047920d4864ad78d85d02365686cf8/gnocchi.18e98d64-5942-4b26-a3f7-ffe8b7e4b9f1/none_v3" 201 - "PUT http://[::1]:8080/1/249012/AUTH_34047920d4864ad78d85d02365686cf8/gnocchi.18e98d64-5942-4b26-a3f7-ffe8b7e4b9f1/none_v3" "tx34d1878d8b124ff999c7a-006924fb1f" "object-server 97567" 0.0009 "-" 97262 0
Nov 24 19:41:03 np0005534223.novalocal object-server[97567]: ::1 - - [25/Nov/2025:00:41:03 +0000] "PUT /1/249012/AUTH_34047920d4864ad78d85d02365686cf8/gnocchi.18e98d64-5942-4b26-a3f7-ffe8b7e4b9f1/none_v3" 201 - "PUT http://[::1]:8080/v1/AUTH_34047920d4864ad78d85d02365686cf8/gnocchi.18e98d64-5942-4b26-a3f7-ffe8b7e4b9f1/none_v3" "tx34d1878d8b124ff999c7a-006924fb1f" "proxy-server 90340" 0.0144 "-" 97567 0
Nov 24 19:41:03 np0005534223.novalocal container-server[97262]: ::1 - - [25/Nov/2025:00:41:03 +0000] "PUT /1/252514/AUTH_34047920d4864ad78d85d02365686cf8/gnocchi.18e98d64-5942-4b26-a3f7-ffe8b7e4b9f1/none_v3" 201 - "PUT http://[::1]:8080/3/249012/AUTH_34047920d4864ad78d85d02365686cf8/gnocchi.18e98d64-5942-4b26-a3f7-ffe8b7e4b9f1/none_v3" "tx34d1878d8b124ff999c7a-006924fb1f" "object-server 97568" 0.0007 "-" 97262 0
Nov 24 19:41:03 np0005534223.novalocal object-server[97568]: ::1 - - [25/Nov/2025:00:41:03 +0000] "PUT /3/249012/AUTH_34047920d4864ad78d85d02365686cf8/gnocchi.18e98d64-5942-4b26-a3f7-ffe8b7e4b9f1/none_v3" 201 - "PUT http://[::1]:8080/v1/AUTH_34047920d4864ad78d85d02365686cf8/gnocchi.18e98d64-5942-4b26-a3f7-ffe8b7e4b9f1/none_v3" "tx34d1878d8b124ff999c7a-006924fb1f" "proxy-server 90340" 0.0165 "-" 97568 0
Nov 24 19:41:03 np0005534223.novalocal object-server[97566]: ::1 - - [25/Nov/2025:00:41:03 +0000] "GET /1/57708/AUTH_34047920d4864ad78d85d02365686cf8/gnocchi.90742f83-f119-4f12-b436-e1b8eda632f5/1763640000.0_mean_300.0_v3" 200 16 "GET http://[::1]:8080/v1/AUTH_34047920d4864ad78d85d02365686cf8/gnocchi.90742f83-f119-4f12-b436-e1b8eda632f5/1763640000.0_mean_300.0_v3" "txdfd80254425e4ce59a15e-006924fb1f" "proxy-server 90339" 0.0010 "-" 97566 0
Nov 24 19:41:03 np0005534223.novalocal proxy-server[90340]: ::1 ::1 25/Nov/2025/00/41/03 PUT /v1/AUTH_34047920d4864ad78d85d02365686cf8/gnocchi.18e98d64-5942-4b26-a3f7-ffe8b7e4b9f1/none_v3 HTTP/1.0 201 - python-swiftclient-4.2.0 gAAAAABpJPsEC1e4... 32 - - tx34d1878d8b124ff999c7a-006924fb1f - 0.0264 - - 1764031263.882691622 1764031263.909087420 0
Nov 24 19:41:03 np0005534223.novalocal proxy-server[90339]: ::1 ::1 25/Nov/2025/00/41/03 GET /v1/AUTH_34047920d4864ad78d85d02365686cf8/gnocchi.90742f83-f119-4f12-b436-e1b8eda632f5/1763640000.0_mean_300.0_v3 HTTP/1.0 200 - python-swiftclient-4.2.0 gAAAAABpJPsEg9N3... - 16 - txdfd80254425e4ce59a15e-006924fb1f - 0.0156 - - 1764031263.896634579 1764031263.912234306 0
