Nov 24 19:41:24 np0005534223.novalocal proxy-server[90339]: ::1 ::1 25/Nov/2025/00/41/24 GET /v1/AUTH_34047920d4864ad78d85d02365686cf8/gnocchi.b81a5cdf-2239-4339-87f2-28a572c82ca3%3Fformat%3Djson%26states%3Dlisting HTTP/1.0 200 - python-swiftclient-4.2.0 gAAAAABpJPsEg9N3... - 357 - tx0b4850326fac4e88b5728-006924fb34 - 0.0137 - - 1764031284.775489330 1764031284.789185524 0
Nov 24 19:41:24 np0005534223.novalocal container-server[97264]: ::1 - - [25/Nov/2025:00:41:24 +0000] "GET /3/26234/AUTH_34047920d4864ad78d85d02365686cf8/gnocchi.b81a5cdf-2239-4339-87f2-28a572c82ca3" 200 2 "GET http://[::1]:8080/v1/AUTH_34047920d4864ad78d85d02365686cf8/gnocchi.b81a5cdf-2239-4339-87f2-28a572c82ca3?format=json&marker=none_v3&states=listing" "txe64d1f18c4c54cfa87f93-006924fb34" "proxy-server 90339" 0.0073 "-" 97264 0
Nov 24 19:41:24 np0005534223.novalocal proxy-server[90339]: ::1 ::1 25/Nov/2025/00/41/24 GET /v1/AUTH_34047920d4864ad78d85d02365686cf8/gnocchi.b81a5cdf-2239-4339-87f2-28a572c82ca3%3Fformat%3Djson%26marker%3Dnone_v3%26states%3Dlisting HTTP/1.0 200 - python-swiftclient-4.2.0 gAAAAABpJPsEg9N3... - 2 - txe64d1f18c4c54cfa87f93-006924fb34 - 0.0143 - - 1764031284.792634964 1764031284.806899548 0
Nov 24 19:41:24 np0005534223.novalocal object-server[97568]: ::1 - - [25/Nov/2025:00:41:24 +0000] "GET /2/88714/AUTH_34047920d4864ad78d85d02365686cf8/gnocchi.b81a5cdf-2239-4339-87f2-28a572c82ca3/1763640000.0_mean_300.0_v3" 200 16 "GET http://[::1]:8080/v1/AUTH_34047920d4864ad78d85d02365686cf8/gnocchi.b81a5cdf-2239-4339-87f2-28a572c82ca3/1763640000.0_mean_300.0_v3" "tx3df96db3989a44949fe9d-006924fb34" "proxy-server 90339" 0.0007 "-" 97568 0
Nov 24 19:41:24 np0005534223.novalocal proxy-server[90339]: ::1 ::1 25/Nov/2025/00/41/24 GET /v1/AUTH_34047920d4864ad78d85d02365686cf8/gnocchi.b81a5cdf-2239-4339-87f2-28a572c82ca3/1763640000.0_mean_300.0_v3 HTTP/1.0 200 - python-swiftclient-4.2.0 gAAAAABpJPsEg9N3... - 16 - tx3df96db3989a44949fe9d-006924fb34 - 0.0074 - - 1764031284.810881853 1764031284.818283796 0
Nov 24 19:41:24 np0005534223.novalocal container-server[97261]: ::1 - - [25/Nov/2025:00:41:24 +0000] "PUT /2/26234/AUTH_34047920d4864ad78d85d02365686cf8/gnocchi.b81a5cdf-2239-4339-87f2-28a572c82ca3/1763640000.0_mean_300.0_v3" 201 - "PUT http://[::1]:8080/1/88714/AUTH_34047920d4864ad78d85d02365686cf8/gnocchi.b81a5cdf-2239-4339-87f2-28a572c82ca3/1763640000.0_mean_300.0_v3" "tx2a399a052ea3456d8cd5d-006924fb34" "object-server 97568" 0.0008 "-" 97261 0
Nov 24 19:41:24 np0005534223.novalocal object-server[97568]: ::1 - - [25/Nov/2025:00:41:24 +0000] "PUT /1/88714/AUTH_34047920d4864ad78d85d02365686cf8/gnocchi.b81a5cdf-2239-4339-87f2-28a572c82ca3/1763640000.0_mean_300.0_v3" 201 - "PUT http://[::1]:8080/v1/AUTH_34047920d4864ad78d85d02365686cf8/gnocchi.b81a5cdf-2239-4339-87f2-28a572c82ca3/1763640000.0_mean_300.0_v3" "tx2a399a052ea3456d8cd5d-006924fb34" "proxy-server 90339" 0.0160 "-" 97568 0
Nov 24 19:41:24 np0005534223.novalocal container-server[97263]: ::1 - - [25/Nov/2025:00:41:24 +0000] "PUT /3/26234/AUTH_34047920d4864ad78d85d02365686cf8/gnocchi.b81a5cdf-2239-4339-87f2-28a572c82ca3/1763640000.0_mean_300.0_v3" 201 - "PUT http://[::1]:8080/3/88714/AUTH_34047920d4864ad78d85d02365686cf8/gnocchi.b81a5cdf-2239-4339-87f2-28a572c82ca3/1763640000.0_mean_300.0_v3" "tx2a399a052ea3456d8cd5d-006924fb34" "object-server 97567" 0.0008 "-" 97263 0
Nov 24 19:41:24 np0005534223.novalocal object-server[97567]: ::1 - - [25/Nov/2025:00:41:24 +0000] "PUT /3/88714/AUTH_34047920d4864ad78d85d02365686cf8/gnocchi.b81a5cdf-2239-4339-87f2-28a572c82ca3/1763640000.0_mean_300.0_v3" 201 - "PUT http://[::1]:8080/v1/AUTH_34047920d4864ad78d85d02365686cf8/gnocchi.b81a5cdf-2239-4339-87f2-28a572c82ca3/1763640000.0_mean_300.0_v3" "tx2a399a052ea3456d8cd5d-006924fb34" "proxy-server 90339" 0.0185 "-" 97567 0
Nov 24 19:41:24 np0005534223.novalocal container-server[97261]: ::1 - - [25/Nov/2025:00:41:24 +0000] "PUT /1/26234/AUTH_34047920d4864ad78d85d02365686cf8/gnocchi.b81a5cdf-2239-4339-87f2-28a572c82ca3/1763640000.0_mean_300.0_v3" 201 - "PUT http://[::1]:8080/2/88714/AUTH_34047920d4864ad78d85d02365686cf8/gnocchi.b81a5cdf-2239-4339-87f2-28a572c82ca3/1763640000.0_mean_300.0_v3" "tx2a399a052ea3456d8cd5d-006924fb34" "object-server 97567" 0.0013 "-" 97261 0
Nov 24 19:41:24 np0005534223.novalocal object-server[97567]: ::1 - - [25/Nov/2025:00:41:24 +0000] "PUT /2/88714/AUTH_34047920d4864ad78d85d02365686cf8/gnocchi.b81a5cdf-2239-4339-87f2-28a572c82ca3/1763640000.0_mean_300.0_v3" 201 - "PUT http://[::1]:8080/v1/AUTH_34047920d4864ad78d85d02365686cf8/gnocchi.b81a5cdf-2239-4339-87f2-28a572c82ca3/1763640000.0_mean_300.0_v3" "tx2a399a052ea3456d8cd5d-006924fb34" "proxy-server 90339" 0.0196 "-" 97567 0
Nov 24 19:41:24 np0005534223.novalocal proxy-server[90339]: ::1 ::1 25/Nov/2025/00/41/24 PUT /v1/AUTH_34047920d4864ad78d85d02365686cf8/gnocchi.b81a5cdf-2239-4339-87f2-28a572c82ca3/1763640000.0_mean_300.0_v3 HTTP/1.0 201 - python-swiftclient-4.2.0 gAAAAABpJPsEg9N3... 16 - - tx2a399a052ea3456d8cd5d-006924fb34 - 0.0345 - - 1764031284.821008921 1764031284.855533123 0
Nov 24 19:41:24 np0005534223.novalocal container-server[97263]: ::1 - - [25/Nov/2025:00:41:24 +0000] "PUT /3/26234/AUTH_34047920d4864ad78d85d02365686cf8/gnocchi.b81a5cdf-2239-4339-87f2-28a572c82ca3/none_v3" 201 - "PUT http://[::1]:8080/1/185341/AUTH_34047920d4864ad78d85d02365686cf8/gnocchi.b81a5cdf-2239-4339-87f2-28a572c82ca3/none_v3" "tx7e03f73fe31d40baa94d0-006924fb34" "object-server 97569" 0.0007 "-" 97263 0
Nov 24 19:41:24 np0005534223.novalocal container-server[97264]: ::1 - - [25/Nov/2025:00:41:24 +0000] "PUT /1/26234/AUTH_34047920d4864ad78d85d02365686cf8/gnocchi.b81a5cdf-2239-4339-87f2-28a572c82ca3/none_v3" 201 - "PUT http://[::1]:8080/3/185341/AUTH_34047920d4864ad78d85d02365686cf8/gnocchi.b81a5cdf-2239-4339-87f2-28a572c82ca3/none_v3" "tx7e03f73fe31d40baa94d0-006924fb34" "object-server 97567" 0.0005 "-" 97264 0
Nov 24 19:41:24 np0005534223.novalocal object-server[97569]: ::1 - - [25/Nov/2025:00:41:24 +0000] "PUT /1/185341/AUTH_34047920d4864ad78d85d02365686cf8/gnocchi.b81a5cdf-2239-4339-87f2-28a572c82ca3/none_v3" 201 - "PUT http://[::1]:8080/v1/AUTH_34047920d4864ad78d85d02365686cf8/gnocchi.b81a5cdf-2239-4339-87f2-28a572c82ca3/none_v3" "tx7e03f73fe31d40baa94d0-006924fb34" "proxy-server 90339" 0.0167 "-" 97569 0
Nov 24 19:41:24 np0005534223.novalocal object-server[97567]: ::1 - - [25/Nov/2025:00:41:24 +0000] "PUT /3/185341/AUTH_34047920d4864ad78d85d02365686cf8/gnocchi.b81a5cdf-2239-4339-87f2-28a572c82ca3/none_v3" 201 - "PUT http://[::1]:8080/v1/AUTH_34047920d4864ad78d85d02365686cf8/gnocchi.b81a5cdf-2239-4339-87f2-28a572c82ca3/none_v3" "tx7e03f73fe31d40baa94d0-006924fb34" "proxy-server 90339" 0.0134 "-" 97567 0
Nov 24 19:41:24 np0005534223.novalocal container-server[97261]: ::1 - - [25/Nov/2025:00:41:24 +0000] "PUT /2/26234/AUTH_34047920d4864ad78d85d02365686cf8/gnocchi.b81a5cdf-2239-4339-87f2-28a572c82ca3/none_v3" 201 - "PUT http://[::1]:8080/2/185341/AUTH_34047920d4864ad78d85d02365686cf8/gnocchi.b81a5cdf-2239-4339-87f2-28a572c82ca3/none_v3" "tx7e03f73fe31d40baa94d0-006924fb34" "object-server 97567" 0.0007 "-" 97261 0
Nov 24 19:41:24 np0005534223.novalocal object-server[97567]: ::1 - - [25/Nov/2025:00:41:24 +0000] "PUT /2/185341/AUTH_34047920d4864ad78d85d02365686cf8/gnocchi.b81a5cdf-2239-4339-87f2-28a572c82ca3/none_v3" 201 - "PUT http://[::1]:8080/v1/AUTH_34047920d4864ad78d85d02365686cf8/gnocchi.b81a5cdf-2239-4339-87f2-28a572c82ca3/none_v3" "tx7e03f73fe31d40baa94d0-006924fb34" "proxy-server 90339" 0.0201 "-" 97567 0
Nov 24 19:41:24 np0005534223.novalocal proxy-server[90339]: ::1 ::1 25/Nov/2025/00/41/24 PUT /v1/AUTH_34047920d4864ad78d85d02365686cf8/gnocchi.b81a5cdf-2239-4339-87f2-28a572c82ca3/none_v3 HTTP/1.0 201 - python-swiftclient-4.2.0 gAAAAABpJPsEg9N3... 66 - - tx7e03f73fe31d40baa94d0-006924fb34 - 0.0316 - - 1764031284.859099627 1764031284.890688658 0
Nov 24 19:41:24 np0005534223.novalocal systemd[1]: setroubleshootd.service: Deactivated successfully.
Nov 24 19:41:24 np0005534223.novalocal systemd[1]: setroubleshootd.service: Consumed 1.379s CPU time.
Nov 24 19:41:25 np0005534223.novalocal sudo[104973]: neutron : PWD=/ ; USER=root ; COMMAND=/usr/bin/neutron-rootwrap /etc/neutron/rootwrap.conf privsep-helper --config-file /usr/share/neutron/neutron-dist.conf --config-file /etc/neutron/neutron.conf --config-file /etc/neutron/dhcp_agent.ini --config-dir /etc/neutron/conf.d/neutron-dhcp-agent --privsep_context neutron.privileged.dhcp_release_cmd --privsep_sock_path /tmp/tmpc60xqifc/privsep.sock
Nov 24 19:41:25 np0005534223.novalocal systemd[1]: Started Session c117 of User root.
Nov 24 19:41:25 np0005534223.novalocal sudo[104973]: pam_unix(sudo:session): session opened for user root(uid=0) by (uid=981)
Nov 24 19:41:25 np0005534223.novalocal account-server[96968]: ::1 - - [25/Nov/2025:00:41:25 +0000] "HEAD /3/156101/AUTH_34047920d4864ad78d85d02365686cf8" 204 - "HEAD http://[::1]:8080/v1/AUTH_34047920d4864ad78d85d02365686cf8?format=json" "tx4c53b4496d7f4f8c9f327-006924fb35" "proxy-server 90340" 0.0149 "-" 96968 -
Nov 24 19:41:25 np0005534223.novalocal object-server[97566]: ::1 - - [25/Nov/2025:00:41:25 +0000] "GET /1/185341/AUTH_34047920d4864ad78d85d02365686cf8/gnocchi.b81a5cdf-2239-4339-87f2-28a572c82ca3/none_v3" 200 66 "GET http://[::1]:8080/v1/AUTH_34047920d4864ad78d85d02365686cf8/gnocchi.b81a5cdf-2239-4339-87f2-28a572c82ca3/none_v3" "tx4c53b4496d7f4f8c9f327-006924fb35" "proxy-server 90340" 0.0006 "-" 97566 0
Nov 24 19:41:25 np0005534223.novalocal proxy-server[90340]: ::1 ::1 25/Nov/2025/00/41/25 GET /v1/AUTH_34047920d4864ad78d85d02365686cf8/gnocchi.b81a5cdf-2239-4339-87f2-28a572c82ca3/none_v3 HTTP/1.0 200 - python-swiftclient-4.2.0 gAAAAABpJPsEC1e4... - 66 - tx4c53b4496d7f4f8c9f327-006924fb35 - 0.0268 - - 1764031285.827809572 1764031285.854643345 0
Nov 24 19:41:25 np0005534223.novalocal container-server[97264]: ::1 - - [25/Nov/2025:00:41:25 +0000] "GET /3/26234/AUTH_34047920d4864ad78d85d02365686cf8/gnocchi.b81a5cdf-2239-4339-87f2-28a572c82ca3" 200 357 "GET http://[::1]:8080/v1/AUTH_34047920d4864ad78d85d02365686cf8/gnocchi.b81a5cdf-2239-4339-87f2-28a572c82ca3?format=json&states=listing" "tx1e83060e1e274fdf85b85-006924fb35" "proxy-server 90340" 0.0056 "-" 97264 0
Nov 24 19:41:25 np0005534223.novalocal object-server[97566]: ::1 - - [25/Nov/2025:00:41:25 +0000] "GET /3/72785/AUTH_34047920d4864ad78d85d02365686cf8/gnocchi.99d34b94-8bb9-40d3-82ea-978c63819f35/none_v3" 200 67 "GET http://[::1]:8080/v1/AUTH_34047920d4864ad78d85d02365686cf8/gnocchi.99d34b94-8bb9-40d3-82ea-978c63819f35/none_v3" "tx4807d38f1d3f4a91b9670-006924fb35" "proxy-server 90339" 0.0005 "-" 97566 0
Nov 24 19:41:25 np0005534223.novalocal proxy-server[90339]: ::1 ::1 25/Nov/2025/00/41/25 GET /v1/AUTH_34047920d4864ad78d85d02365686cf8/gnocchi.99d34b94-8bb9-40d3-82ea-978c63819f35/none_v3 HTTP/1.0 200 - python-swiftclient-4.2.0 gAAAAABpJPsEg9N3... - 67 - tx4807d38f1d3f4a91b9670-006924fb35 - 0.0093 - - 1764031285.862168312 1764031285.871489048 0
Nov 24 19:41:25 np0005534223.novalocal proxy-server[90340]: ::1 ::1 25/Nov/2025/00/41/25 GET /v1/AUTH_34047920d4864ad78d85d02365686cf8/gnocchi.b81a5cdf-2239-4339-87f2-28a572c82ca3%3Fformat%3Djson%26states%3Dlisting HTTP/1.0 200 - python-swiftclient-4.2.0 gAAAAABpJPsEC1e4... - 357 - tx1e83060e1e274fdf85b85-006924fb35 - 0.0126 - - 1764031285.859894276 1764031285.872492075 0
Nov 24 19:41:25 np0005534223.novalocal container-server[97263]: ::1 - - [25/Nov/2025:00:41:25 +0000] "GET /3/26234/AUTH_34047920d4864ad78d85d02365686cf8/gnocchi.b81a5cdf-2239-4339-87f2-28a572c82ca3" 200 2 "GET http://[::1]:8080/v1/AUTH_34047920d4864ad78d85d02365686cf8/gnocchi.b81a5cdf-2239-4339-87f2-28a572c82ca3?format=json&marker=none_v3&states=listing" "txdc07e9dc032a4faf872d8-006924fb35" "proxy-server 90340" 0.0017 "-" 97263 0
Nov 24 19:41:25 np0005534223.novalocal container-server[97261]: ::1 - - [25/Nov/2025:00:41:25 +0000] "GET /2/25137/AUTH_34047920d4864ad78d85d02365686cf8/gnocchi.99d34b94-8bb9-40d3-82ea-978c63819f35" 200 357 "GET http://[::1]:8080/v1/AUTH_34047920d4864ad78d85d02365686cf8/gnocchi.99d34b94-8bb9-40d3-82ea-978c63819f35?format=json&states=listing" "tx9c9c853fbc9441b682ec9-006924fb35" "proxy-server 90339" 0.0081 "-" 97261 0
Nov 24 19:41:25 np0005534223.novalocal proxy-server[90340]: ::1 ::1 25/Nov/2025/00/41/25 GET /v1/AUTH_34047920d4864ad78d85d02365686cf8/gnocchi.b81a5cdf-2239-4339-87f2-28a572c82ca3%3Fformat%3Djson%26marker%3Dnone_v3%26states%3Dlisting HTTP/1.0 200 - python-swiftclient-4.2.0 gAAAAABpJPsEC1e4... - 2 - txdc07e9dc032a4faf872d8-006924fb35 - 0.0103 - - 1764031285.876658201 1764031285.886986732 0
Nov 24 19:41:25 np0005534223.novalocal proxy-server[90339]: ::1 ::1 25/Nov/2025/00/41/25 GET /v1/AUTH_34047920d4864ad78d85d02365686cf8/gnocchi.99d34b94-8bb9-40d3-82ea-978c63819f35%3Fformat%3Djson%26states%3Dlisting HTTP/1.0 200 - python-swiftclient-4.2.0 gAAAAABpJPsEg9N3... - 357 - tx9c9c853fbc9441b682ec9-006924fb35 - 0.0135 - - 1764031285.875102520 1764031285.888567209 0
Nov 24 19:41:25 np0005534223.novalocal object-server[97566]: ::1 - - [25/Nov/2025:00:41:25 +0000] "GET /2/88714/AUTH_34047920d4864ad78d85d02365686cf8/gnocchi.b81a5cdf-2239-4339-87f2-28a572c82ca3/1763640000.0_mean_300.0_v3" 200 16 "GET http://[::1]:8080/v1/AUTH_34047920d4864ad78d85d02365686cf8/gnocchi.b81a5cdf-2239-4339-87f2-28a572c82ca3/1763640000.0_mean_300.0_v3" "tx2859618e8f354daca52bd-006924fb35" "proxy-server 90340" 0.0006 "-" 97566 0
Nov 24 19:41:25 np0005534223.novalocal container-server[97261]: ::1 - - [25/Nov/2025:00:41:25 +0000] "GET /3/25137/AUTH_34047920d4864ad78d85d02365686cf8/gnocchi.99d34b94-8bb9-40d3-82ea-978c63819f35" 200 2 "GET http://[::1]:8080/v1/AUTH_34047920d4864ad78d85d02365686cf8/gnocchi.99d34b94-8bb9-40d3-82ea-978c63819f35?format=json&marker=none_v3&states=listing" "tx131093fc0dc0487a80efc-006924fb35" "proxy-server 90339" 0.0051 "-" 97261 0
Nov 24 19:41:25 np0005534223.novalocal proxy-server[90340]: ::1 ::1 25/Nov/2025/00/41/25 GET /v1/AUTH_34047920d4864ad78d85d02365686cf8/gnocchi.b81a5cdf-2239-4339-87f2-28a572c82ca3/1763640000.0_mean_300.0_v3 HTTP/1.0 200 - python-swiftclient-4.2.0 gAAAAABpJPsEC1e4... - 16 - tx2859618e8f354daca52bd-006924fb35 - 0.0064 - - 1764031285.891101837 1764031285.897546530 0
Nov 24 19:41:25 np0005534223.novalocal proxy-server[90339]: ::1 ::1 25/Nov/2025/00/41/25 GET /v1/AUTH_34047920d4864ad78d85d02365686cf8/gnocchi.99d34b94-8bb9-40d3-82ea-978c63819f35%3Fformat%3Djson%26marker%3Dnone_v3%26states%3Dlisting HTTP/1.0 200 - python-swiftclient-4.2.0 gAAAAABpJPsEg9N3... - 2 - tx131093fc0dc0487a80efc-006924fb35 - 0.0113 - - 1764031285.890588999 1764031285.901857138 0
Nov 24 19:41:25 np0005534223.novalocal object-server[97569]: ::1 - - [25/Nov/2025:00:41:25 +0000] "GET /3/163813/AUTH_34047920d4864ad78d85d02365686cf8/gnocchi.99d34b94-8bb9-40d3-82ea-978c63819f35/1763640000.0_mean_300.0_v3" 200 16 "GET http://[::1]:8080/v1/AUTH_34047920d4864ad78d85d02365686cf8/gnocchi.99d34b94-8bb9-40d3-82ea-978c63819f35/1763640000.0_mean_300.0_v3" "tx218a40738b264fba892c3-006924fb35" "proxy-server 90339" 0.0006 "-" 97569 0
Nov 24 19:41:25 np0005534223.novalocal proxy-server[90339]: ::1 ::1 25/Nov/2025/00/41/25 GET /v1/AUTH_34047920d4864ad78d85d02365686cf8/gnocchi.99d34b94-8bb9-40d3-82ea-978c63819f35/1763640000.0_mean_300.0_v3 HTTP/1.0 200 - python-swiftclient-4.2.0 gAAAAABpJPsEg9N3... - 16 - tx218a40738b264fba892c3-006924fb35 - 0.0110 - - 1764031285.904985905 1764031285.915974140 0
Nov 24 19:41:25 np0005534223.novalocal container-server[97262]: ::1 - - [25/Nov/2025:00:41:25 +0000] "PUT /1/26234/AUTH_34047920d4864ad78d85d02365686cf8/gnocchi.b81a5cdf-2239-4339-87f2-28a572c82ca3/1763640000.0_mean_300.0_v3" 201 - "PUT http://[::1]:8080/2/88714/AUTH_34047920d4864ad78d85d02365686cf8/gnocchi.b81a5cdf-2239-4339-87f2-28a572c82ca3/1763640000.0_mean_300.0_v3" "tx767a7a3335564c21ab427-006924fb35" "object-server 97568" 0.0005 "-" 97262 0
Nov 24 19:41:25 np0005534223.novalocal container-server[97263]: ::1 - - [25/Nov/2025:00:41:25 +0000] "PUT /2/26234/AUTH_34047920d4864ad78d85d02365686cf8/gnocchi.b81a5cdf-2239-4339-87f2-28a572c82ca3/1763640000.0_mean_300.0_v3" 201 - "PUT http://[::1]:8080/3/88714/AUTH_34047920d4864ad78d85d02365686cf8/gnocchi.b81a5cdf-2239-4339-87f2-28a572c82ca3/1763640000.0_mean_300.0_v3" "tx767a7a3335564c21ab427-006924fb35" "object-server 97569" 0.0004 "-" 97263 0
Nov 24 19:41:25 np0005534223.novalocal object-server[97568]: ::1 - - [25/Nov/2025:00:41:25 +0000] "PUT /2/88714/AUTH_34047920d4864ad78d85d02365686cf8/gnocchi.b81a5cdf-2239-4339-87f2-28a572c82ca3/1763640000.0_mean_300.0_v3" 201 - "PUT http://[::1]:8080/v1/AUTH_34047920d4864ad78d85d02365686cf8/gnocchi.b81a5cdf-2239-4339-87f2-28a572c82ca3/1763640000.0_mean_300.0_v3" "tx767a7a3335564c21ab427-006924fb35" "proxy-server 90340" 0.0139 "-" 97568 0
Nov 24 19:41:25 np0005534223.novalocal container-server[97264]: ::1 - - [25/Nov/2025:00:41:25 +0000] "PUT /1/25137/AUTH_34047920d4864ad78d85d02365686cf8/gnocchi.99d34b94-8bb9-40d3-82ea-978c63819f35/1763640000.0_mean_300.0_v3" 201 - "PUT http://[::1]:8080/2/163813/AUTH_34047920d4864ad78d85d02365686cf8/gnocchi.99d34b94-8bb9-40d3-82ea-978c63819f35/1763640000.0_mean_300.0_v3" "tx12fc5f0412344852ba529-006924fb35" "object-server 97569" 0.0008 "-" 97264 0
Nov 24 19:41:25 np0005534223.novalocal container-server[97261]: ::1 - - [25/Nov/2025:00:41:25 +0000] "PUT /2/25137/AUTH_34047920d4864ad78d85d02365686cf8/gnocchi.99d34b94-8bb9-40d3-82ea-978c63819f35/1763640000.0_mean_300.0_v3" 201 - "PUT http://[::1]:8080/3/163813/AUTH_34047920d4864ad78d85d02365686cf8/gnocchi.99d34b94-8bb9-40d3-82ea-978c63819f35/1763640000.0_mean_300.0_v3" "tx12fc5f0412344852ba529-006924fb35" "object-server 97568" 0.0004 "-" 97261 0
Nov 24 19:41:25 np0005534223.novalocal object-server[97568]: ::1 - - [25/Nov/2025:00:41:25 +0000] "PUT /3/163813/AUTH_34047920d4864ad78d85d02365686cf8/gnocchi.99d34b94-8bb9-40d3-82ea-978c63819f35/1763640000.0_mean_300.0_v3" 201 - "PUT http://[::1]:8080/v1/AUTH_34047920d4864ad78d85d02365686cf8/gnocchi.99d34b94-8bb9-40d3-82ea-978c63819f35/1763640000.0_mean_300.0_v3" "tx12fc5f0412344852ba529-006924fb35" "proxy-server 90339" 0.0123 "-" 97568 0
Nov 24 19:41:25 np0005534223.novalocal container-server[97263]: ::1 - - [25/Nov/2025:00:41:25 +0000] "PUT /3/26234/AUTH_34047920d4864ad78d85d02365686cf8/gnocchi.b81a5cdf-2239-4339-87f2-28a572c82ca3/1763640000.0_mean_300.0_v3" 201 - "PUT http://[::1]:8080/1/88714/AUTH_34047920d4864ad78d85d02365686cf8/gnocchi.b81a5cdf-2239-4339-87f2-28a572c82ca3/1763640000.0_mean_300.0_v3" "tx767a7a3335564c21ab427-006924fb35" "object-server 97567" 0.0003 "-" 97263 0
Nov 24 19:41:25 np0005534223.novalocal object-server[97569]: ::1 - - [25/Nov/2025:00:41:25 +0000] "PUT /3/88714/AUTH_34047920d4864ad78d85d02365686cf8/gnocchi.b81a5cdf-2239-4339-87f2-28a572c82ca3/1763640000.0_mean_300.0_v3" 201 - "PUT http://[::1]:8080/v1/AUTH_34047920d4864ad78d85d02365686cf8/gnocchi.b81a5cdf-2239-4339-87f2-28a572c82ca3/1763640000.0_mean_300.0_v3" "tx767a7a3335564c21ab427-006924fb35" "proxy-server 90340" 0.0183 "-" 97569 0
Nov 24 19:41:25 np0005534223.novalocal object-server[97569]: ::1 - - [25/Nov/2025:00:41:25 +0000] "PUT /2/163813/AUTH_34047920d4864ad78d85d02365686cf8/gnocchi.99d34b94-8bb9-40d3-82ea-978c63819f35/1763640000.0_mean_300.0_v3" 201 - "PUT http://[::1]:8080/v1/AUTH_34047920d4864ad78d85d02365686cf8/gnocchi.99d34b94-8bb9-40d3-82ea-978c63819f35/1763640000.0_mean_300.0_v3" "tx12fc5f0412344852ba529-006924fb35" "proxy-server 90339" 0.0146 "-" 97569 0
Nov 24 19:41:25 np0005534223.novalocal object-server[97567]: ::1 - - [25/Nov/2025:00:41:25 +0000] "PUT /1/88714/AUTH_34047920d4864ad78d85d02365686cf8/gnocchi.b81a5cdf-2239-4339-87f2-28a572c82ca3/1763640000.0_mean_300.0_v3" 201 - "PUT http://[::1]:8080/v1/AUTH_34047920d4864ad78d85d02365686cf8/gnocchi.b81a5cdf-2239-4339-87f2-28a572c82ca3/1763640000.0_mean_300.0_v3" "tx767a7a3335564c21ab427-006924fb35" "proxy-server 90340" 0.0147 "-" 97567 0
Nov 24 19:41:25 np0005534223.novalocal container-server[97262]: ::1 - - [25/Nov/2025:00:41:25 +0000] "PUT /3/25137/AUTH_34047920d4864ad78d85d02365686cf8/gnocchi.99d34b94-8bb9-40d3-82ea-978c63819f35/1763640000.0_mean_300.0_v3" 201 - "PUT http://[::1]:8080/1/163813/AUTH_34047920d4864ad78d85d02365686cf8/gnocchi.99d34b94-8bb9-40d3-82ea-978c63819f35/1763640000.0_mean_300.0_v3" "tx12fc5f0412344852ba529-006924fb35" "object-server 97567" 0.0003 "-" 97262 0
Nov 24 19:41:25 np0005534223.novalocal object-server[97567]: ::1 - - [25/Nov/2025:00:41:25 +0000] "PUT /1/163813/AUTH_34047920d4864ad78d85d02365686cf8/gnocchi.99d34b94-8bb9-40d3-82ea-978c63819f35/1763640000.0_mean_300.0_v3" 201 - "PUT http://[::1]:8080/v1/AUTH_34047920d4864ad78d85d02365686cf8/gnocchi.99d34b94-8bb9-40d3-82ea-978c63819f35/1763640000.0_mean_300.0_v3" "tx12fc5f0412344852ba529-006924fb35" "proxy-server 90339" 0.0170 "-" 97567 0
Nov 24 19:41:25 np0005534223.novalocal proxy-server[90339]: ::1 ::1 25/Nov/2025/00/41/25 PUT /v1/AUTH_34047920d4864ad78d85d02365686cf8/gnocchi.99d34b94-8bb9-40d3-82ea-978c63819f35/1763640000.0_mean_300.0_v3 HTTP/1.0 201 - python-swiftclient-4.2.0 gAAAAABpJPsEg9N3... 16 - - tx12fc5f0412344852ba529-006924fb35 - 0.0258 - - 1764031285.918966293 1764031285.944719553 0
Nov 24 19:41:25 np0005534223.novalocal proxy-server[90340]: ::1 ::1 25/Nov/2025/00/41/25 PUT /v1/AUTH_34047920d4864ad78d85d02365686cf8/gnocchi.b81a5cdf-2239-4339-87f2-28a572c82ca3/1763640000.0_mean_300.0_v3 HTTP/1.0 201 - python-swiftclient-4.2.0 gAAAAABpJPsEC1e4... 16 - - tx767a7a3335564c21ab427-006924fb35 - 0.0346 - - 1764031285.912269115 1764031285.946821213 0
Nov 24 19:41:25 np0005534223.novalocal container-server[97262]: ::1 - - [25/Nov/2025:00:41:25 +0000] "PUT /1/25137/AUTH_34047920d4864ad78d85d02365686cf8/gnocchi.99d34b94-8bb9-40d3-82ea-978c63819f35/none_v3" 201 - "PUT http://[::1]:8080/1/72785/AUTH_34047920d4864ad78d85d02365686cf8/gnocchi.99d34b94-8bb9-40d3-82ea-978c63819f35/none_v3" "tx4c70b88a32784b709131b-006924fb35" "object-server 97568" 0.0004 "-" 97262 0
Nov 24 19:41:25 np0005534223.novalocal container-server[97264]: ::1 - - [25/Nov/2025:00:41:25 +0000] "PUT /2/25137/AUTH_34047920d4864ad78d85d02365686cf8/gnocchi.99d34b94-8bb9-40d3-82ea-978c63819f35/none_v3" 201 - "PUT http://[::1]:8080/3/72785/AUTH_34047920d4864ad78d85d02365686cf8/gnocchi.99d34b94-8bb9-40d3-82ea-978c63819f35/none_v3" "tx4c70b88a32784b709131b-006924fb35" "object-server 97568" 0.0005 "-" 97264 0
Nov 24 19:41:25 np0005534223.novalocal object-server[97568]: ::1 - - [25/Nov/2025:00:41:25 +0000] "PUT /1/72785/AUTH_34047920d4864ad78d85d02365686cf8/gnocchi.99d34b94-8bb9-40d3-82ea-978c63819f35/none_v3" 201 - "PUT http://[::1]:8080/v1/AUTH_34047920d4864ad78d85d02365686cf8/gnocchi.99d34b94-8bb9-40d3-82ea-978c63819f35/none_v3" "tx4c70b88a32784b709131b-006924fb35" "proxy-server 90339" 0.0120 "-" 97568 0
Nov 24 19:41:25 np0005534223.novalocal object-server[97568]: ::1 - - [25/Nov/2025:00:41:25 +0000] "PUT /3/72785/AUTH_34047920d4864ad78d85d02365686cf8/gnocchi.99d34b94-8bb9-40d3-82ea-978c63819f35/none_v3" 201 - "PUT http://[::1]:8080/v1/AUTH_34047920d4864ad78d85d02365686cf8/gnocchi.99d34b94-8bb9-40d3-82ea-978c63819f35/none_v3" "tx4c70b88a32784b709131b-006924fb35" "proxy-server 90339" 0.0155 "-" 97568 0
Nov 24 19:41:25 np0005534223.novalocal container-server[97262]: ::1 - - [25/Nov/2025:00:41:25 +0000] "PUT /3/25137/AUTH_34047920d4864ad78d85d02365686cf8/gnocchi.99d34b94-8bb9-40d3-82ea-978c63819f35/none_v3" 201 - "PUT http://[::1]:8080/2/72785/AUTH_34047920d4864ad78d85d02365686cf8/gnocchi.99d34b94-8bb9-40d3-82ea-978c63819f35/none_v3" "tx4c70b88a32784b709131b-006924fb35" "object-server 97568" 0.0003 "-" 97262 0
Nov 24 19:41:25 np0005534223.novalocal object-server[97568]: ::1 - - [25/Nov/2025:00:41:25 +0000] "PUT /2/72785/AUTH_34047920d4864ad78d85d02365686cf8/gnocchi.99d34b94-8bb9-40d3-82ea-978c63819f35/none_v3" 201 - "PUT http://[::1]:8080/v1/AUTH_34047920d4864ad78d85d02365686cf8/gnocchi.99d34b94-8bb9-40d3-82ea-978c63819f35/none_v3" "tx4c70b88a32784b709131b-006924fb35" "proxy-server 90339" 0.0174 "-" 97568 0
Nov 24 19:41:25 np0005534223.novalocal container-server[97261]: ::1 - - [25/Nov/2025:00:41:25 +0000] "PUT /2/26234/AUTH_34047920d4864ad78d85d02365686cf8/gnocchi.b81a5cdf-2239-4339-87f2-28a572c82ca3/none_v3" 201 - "PUT http://[::1]:8080/1/185341/AUTH_34047920d4864ad78d85d02365686cf8/gnocchi.b81a5cdf-2239-4339-87f2-28a572c82ca3/none_v3" "txce3c1c433c0b4753895cd-006924fb35" "object-server 97569" 0.0007 "-" 97261 0
Nov 24 19:41:25 np0005534223.novalocal proxy-server[90339]: ::1 ::1 25/Nov/2025/00/41/25 PUT /v1/AUTH_34047920d4864ad78d85d02365686cf8/gnocchi.99d34b94-8bb9-40d3-82ea-978c63819f35/none_v3 HTTP/1.0 201 - python-swiftclient-4.2.0 gAAAAABpJPsEg9N3... 78 - - tx4c70b88a32784b709131b-006924fb35 - 0.0230 - - 1764031285.946805954 1764031285.969815969 0
Nov 24 19:41:25 np0005534223.novalocal object-server[97569]: ::1 - - [25/Nov/2025:00:41:25 +0000] "PUT /1/185341/AUTH_34047920d4864ad78d85d02365686cf8/gnocchi.b81a5cdf-2239-4339-87f2-28a572c82ca3/none_v3" 201 - "PUT http://[::1]:8080/v1/AUTH_34047920d4864ad78d85d02365686cf8/gnocchi.b81a5cdf-2239-4339-87f2-28a572c82ca3/none_v3" "txce3c1c433c0b4753895cd-006924fb35" "proxy-server 90340" 0.0098 "-" 97569 0
Nov 24 19:41:25 np0005534223.novalocal container-server[97263]: ::1 - - [25/Nov/2025:00:41:25 +0000] "PUT /3/26234/AUTH_34047920d4864ad78d85d02365686cf8/gnocchi.b81a5cdf-2239-4339-87f2-28a572c82ca3/none_v3" 201 - "PUT http://[::1]:8080/3/185341/AUTH_34047920d4864ad78d85d02365686cf8/gnocchi.b81a5cdf-2239-4339-87f2-28a572c82ca3/none_v3" "txce3c1c433c0b4753895cd-006924fb35" "object-server 97567" 0.0004 "-" 97263 0
Nov 24 19:41:25 np0005534223.novalocal container-server[97264]: ::1 - - [25/Nov/2025:00:41:25 +0000] "PUT /1/26234/AUTH_34047920d4864ad78d85d02365686cf8/gnocchi.b81a5cdf-2239-4339-87f2-28a572c82ca3/none_v3" 201 - "PUT http://[::1]:8080/2/185341/AUTH_34047920d4864ad78d85d02365686cf8/gnocchi.b81a5cdf-2239-4339-87f2-28a572c82ca3/none_v3" "txce3c1c433c0b4753895cd-006924fb35" "object-server 97567" 0.0005 "-" 97264 0
Nov 24 19:41:25 np0005534223.novalocal object-server[97567]: ::1 - - [25/Nov/2025:00:41:25 +0000] "PUT /3/185341/AUTH_34047920d4864ad78d85d02365686cf8/gnocchi.b81a5cdf-2239-4339-87f2-28a572c82ca3/none_v3" 201 - "PUT http://[::1]:8080/v1/AUTH_34047920d4864ad78d85d02365686cf8/gnocchi.b81a5cdf-2239-4339-87f2-28a572c82ca3/none_v3" "txce3c1c433c0b4753895cd-006924fb35" "proxy-server 90340" 0.0135 "-" 97567 0
Nov 24 19:41:25 np0005534223.novalocal object-server[97567]: ::1 - - [25/Nov/2025:00:41:25 +0000] "PUT /2/185341/AUTH_34047920d4864ad78d85d02365686cf8/gnocchi.b81a5cdf-2239-4339-87f2-28a572c82ca3/none_v3" 201 - "PUT http://[::1]:8080/v1/AUTH_34047920d4864ad78d85d02365686cf8/gnocchi.b81a5cdf-2239-4339-87f2-28a572c82ca3/none_v3" "txce3c1c433c0b4753895cd-006924fb35" "proxy-server 90340" 0.0131 "-" 97567 0
Nov 24 19:41:25 np0005534223.novalocal proxy-server[90340]: ::1 ::1 25/Nov/2025/00/41/25 PUT /v1/AUTH_34047920d4864ad78d85d02365686cf8/gnocchi.b81a5cdf-2239-4339-87f2-28a572c82ca3/none_v3 HTTP/1.0 201 - python-swiftclient-4.2.0 gAAAAABpJPsEC1e4... 77 - - txce3c1c433c0b4753895cd-006924fb35 - 0.0261 - - 1764031285.951213360 1764031285.977296352 0
Nov 24 19:41:26 np0005534223.novalocal object-server[97567]: ::1 - - [25/Nov/2025:00:41:26 +0000] "GET /3/249012/AUTH_34047920d4864ad78d85d02365686cf8/gnocchi.18e98d64-5942-4b26-a3f7-ffe8b7e4b9f1/none_v3" 200 67 "GET http://[::1]:8080/v1/AUTH_34047920d4864ad78d85d02365686cf8/gnocchi.18e98d64-5942-4b26-a3f7-ffe8b7e4b9f1/none_v3" "txd28cb2c1a3334495859fd-006924fb36" "proxy-server 90339" 0.0010 "-" 97567 0
Nov 24 19:41:26 np0005534223.novalocal proxy-server[90339]: ::1 ::1 25/Nov/2025/00/41/26 GET /v1/AUTH_34047920d4864ad78d85d02365686cf8/gnocchi.18e98d64-5942-4b26-a3f7-ffe8b7e4b9f1/none_v3 HTTP/1.0 200 - python-swiftclient-4.2.0 gAAAAABpJPsEg9N3... - 67 - txd28cb2c1a3334495859fd-006924fb36 - 0.0070 - - 1764031286.036980629 1764031286.044001579 0
Nov 24 19:41:26 np0005534223.novalocal container-server[97264]: ::1 - - [25/Nov/2025:00:41:26 +0000] "GET /3/252514/AUTH_34047920d4864ad78d85d02365686cf8/gnocchi.18e98d64-5942-4b26-a3f7-ffe8b7e4b9f1" 200 357 "GET http://[::1]:8080/v1/AUTH_34047920d4864ad78d85d02365686cf8/gnocchi.18e98d64-5942-4b26-a3f7-ffe8b7e4b9f1?format=json&states=listing" "txde6a4d48eec6447b88eac-006924fb36" "proxy-server 90339" 0.0061 "-" 97264 0
Nov 24 19:41:26 np0005534223.novalocal proxy-server[90339]: ::1 ::1 25/Nov/2025/00/41/26 GET /v1/AUTH_34047920d4864ad78d85d02365686cf8/gnocchi.18e98d64-5942-4b26-a3f7-ffe8b7e4b9f1%3Fformat%3Djson%26states%3Dlisting HTTP/1.0 200 - python-swiftclient-4.2.0 gAAAAABpJPsEg9N3... - 357 - txde6a4d48eec6447b88eac-006924fb36 - 0.0113 - - 1764031286.046352625 1764031286.057615519 0
Nov 24 19:41:26 np0005534223.novalocal container-server[97261]: ::1 - - [25/Nov/2025:00:41:26 +0000] "GET /3/252514/AUTH_34047920d4864ad78d85d02365686cf8/gnocchi.18e98d64-5942-4b26-a3f7-ffe8b7e4b9f1" 200 2 "GET http://[::1]:8080/v1/AUTH_34047920d4864ad78d85d02365686cf8/gnocchi.18e98d64-5942-4b26-a3f7-ffe8b7e4b9f1?format=json&marker=none_v3&states=listing" "tx5289f78fb12c4a91b2f2a-006924fb36" "proxy-server 90339" 0.0020 "-" 97261 0
Nov 24 19:41:26 np0005534223.novalocal proxy-server[90339]: ::1 ::1 25/Nov/2025/00/41/26 GET /v1/AUTH_34047920d4864ad78d85d02365686cf8/gnocchi.18e98d64-5942-4b26-a3f7-ffe8b7e4b9f1%3Fformat%3Djson%26marker%3Dnone_v3%26states%3Dlisting HTTP/1.0 200 - python-swiftclient-4.2.0 gAAAAABpJPsEg9N3... - 2 - tx5289f78fb12c4a91b2f2a-006924fb36 - 0.0062 - - 1764031286.059311152 1764031286.065498590 0
Nov 24 19:41:26 np0005534223.novalocal object-server[97569]: ::1 - - [25/Nov/2025:00:41:26 +0000] "GET /3/87044/AUTH_34047920d4864ad78d85d02365686cf8/gnocchi.18e98d64-5942-4b26-a3f7-ffe8b7e4b9f1/1763640000.0_mean_300.0_v3" 200 16 "GET http://[::1]:8080/v1/AUTH_34047920d4864ad78d85d02365686cf8/gnocchi.18e98d64-5942-4b26-a3f7-ffe8b7e4b9f1/1763640000.0_mean_300.0_v3" "tx15d4120f08604fbd87edc-006924fb36" "proxy-server 90339" 0.0006 "-" 97569 0
Nov 24 19:41:26 np0005534223.novalocal proxy-server[90339]: ::1 ::1 25/Nov/2025/00/41/26 GET /v1/AUTH_34047920d4864ad78d85d02365686cf8/gnocchi.18e98d64-5942-4b26-a3f7-ffe8b7e4b9f1/1763640000.0_mean_300.0_v3 HTTP/1.0 200 - python-swiftclient-4.2.0 gAAAAABpJPsEg9N3... - 16 - tx15d4120f08604fbd87edc-006924fb36 - 0.0049 - - 1764031286.072577953 1764031286.077526093 0
Nov 24 19:41:26 np0005534223.novalocal object-server[97566]: ::1 - - [25/Nov/2025:00:41:26 +0000] "GET /3/104130/AUTH_34047920d4864ad78d85d02365686cf8/gnocchi.90742f83-f119-4f12-b436-e1b8eda632f5/none_v3" 200 59 "GET http://[::1]:8080/v1/AUTH_34047920d4864ad78d85d02365686cf8/gnocchi.90742f83-f119-4f12-b436-e1b8eda632f5/none_v3" "tx9e308cbf5acd431c98b55-006924fb36" "proxy-server 90340" 0.0005 "-" 97566 0
Nov 24 19:41:26 np0005534223.novalocal proxy-server[90340]: ::1 ::1 25/Nov/2025/00/41/26 GET /v1/AUTH_34047920d4864ad78d85d02365686cf8/gnocchi.90742f83-f119-4f12-b436-e1b8eda632f5/none_v3 HTTP/1.0 200 - python-swiftclient-4.2.0 gAAAAABpJPsEC1e4... - 59 - tx9e308cbf5acd431c98b55-006924fb36 - 0.0067 - - 1764031286.083233833 1764031286.089890242 0
Nov 24 19:41:26 np0005534223.novalocal container-server[97261]: ::1 - - [25/Nov/2025:00:41:26 +0000] "PUT /1/252514/AUTH_34047920d4864ad78d85d02365686cf8/gnocchi.18e98d64-5942-4b26-a3f7-ffe8b7e4b9f1/1763640000.0_mean_300.0_v3" 201 - "PUT http://[::1]:8080/3/87044/AUTH_34047920d4864ad78d85d02365686cf8/gnocchi.18e98d64-5942-4b26-a3f7-ffe8b7e4b9f1/1763640000.0_mean_300.0_v3" "tx95a025d763094efda15ac-006924fb36" "object-server 97568" 0.0005 "-" 97261 0
Nov 24 19:41:26 np0005534223.novalocal object-server[97568]: ::1 - - [25/Nov/2025:00:41:26 +0000] "PUT /3/87044/AUTH_34047920d4864ad78d85d02365686cf8/gnocchi.18e98d64-5942-4b26-a3f7-ffe8b7e4b9f1/1763640000.0_mean_300.0_v3" 201 - "PUT http://[::1]:8080/v1/AUTH_34047920d4864ad78d85d02365686cf8/gnocchi.18e98d64-5942-4b26-a3f7-ffe8b7e4b9f1/1763640000.0_mean_300.0_v3" "tx95a025d763094efda15ac-006924fb36" "proxy-server 90339" 0.0084 "-" 97568 0
Nov 24 19:41:26 np0005534223.novalocal container-server[97261]: ::1 - - [25/Nov/2025:00:41:26 +0000] "PUT /2/252514/AUTH_34047920d4864ad78d85d02365686cf8/gnocchi.18e98d64-5942-4b26-a3f7-ffe8b7e4b9f1/1763640000.0_mean_300.0_v3" 201 - "PUT http://[::1]:8080/2/87044/AUTH_34047920d4864ad78d85d02365686cf8/gnocchi.18e98d64-5942-4b26-a3f7-ffe8b7e4b9f1/1763640000.0_mean_300.0_v3" "tx95a025d763094efda15ac-006924fb36" "object-server 97566" 0.0003 "-" 97261 0
Nov 24 19:41:26 np0005534223.novalocal container-server[97264]: ::1 - - [25/Nov/2025:00:41:26 +0000] "PUT /3/252514/AUTH_34047920d4864ad78d85d02365686cf8/gnocchi.18e98d64-5942-4b26-a3f7-ffe8b7e4b9f1/1763640000.0_mean_300.0_v3" 201 - "PUT http://[::1]:8080/1/87044/AUTH_34047920d4864ad78d85d02365686cf8/gnocchi.18e98d64-5942-4b26-a3f7-ffe8b7e4b9f1/1763640000.0_mean_300.0_v3" "tx95a025d763094efda15ac-006924fb36" "object-server 97569" 0.0004 "-" 97264 0
Nov 24 19:41:26 np0005534223.novalocal object-server[97566]: ::1 - - [25/Nov/2025:00:41:26 +0000] "PUT /2/87044/AUTH_34047920d4864ad78d85d02365686cf8/gnocchi.18e98d64-5942-4b26-a3f7-ffe8b7e4b9f1/1763640000.0_mean_300.0_v3" 201 - "PUT http://[::1]:8080/v1/AUTH_34047920d4864ad78d85d02365686cf8/gnocchi.18e98d64-5942-4b26-a3f7-ffe8b7e4b9f1/1763640000.0_mean_300.0_v3" "tx95a025d763094efda15ac-006924fb36" "proxy-server 90339" 0.0083 "-" 97566 0
Nov 24 19:41:26 np0005534223.novalocal object-server[97569]: ::1 - - [25/Nov/2025:00:41:26 +0000] "PUT /1/87044/AUTH_34047920d4864ad78d85d02365686cf8/gnocchi.18e98d64-5942-4b26-a3f7-ffe8b7e4b9f1/1763640000.0_mean_300.0_v3" 201 - "PUT http://[::1]:8080/v1/AUTH_34047920d4864ad78d85d02365686cf8/gnocchi.18e98d64-5942-4b26-a3f7-ffe8b7e4b9f1/1763640000.0_mean_300.0_v3" "tx95a025d763094efda15ac-006924fb36" "proxy-server 90339" 0.0105 "-" 97569 0
Nov 24 19:41:26 np0005534223.novalocal proxy-server[90339]: ::1 ::1 25/Nov/2025/00/41/26 PUT /v1/AUTH_34047920d4864ad78d85d02365686cf8/gnocchi.18e98d64-5942-4b26-a3f7-ffe8b7e4b9f1/1763640000.0_mean_300.0_v3 HTTP/1.0 201 - python-swiftclient-4.2.0 gAAAAABpJPsEg9N3... 16 - - tx95a025d763094efda15ac-006924fb36 - 0.0163 - - 1764031286.079272032 1764031286.095602274 0
Nov 24 19:41:26 np0005534223.novalocal container-server[97264]: ::1 - - [25/Nov/2025:00:41:26 +0000] "GET /1/200833/AUTH_34047920d4864ad78d85d02365686cf8/gnocchi.90742f83-f119-4f12-b436-e1b8eda632f5" 200 357 "GET http://[::1]:8080/v1/AUTH_34047920d4864ad78d85d02365686cf8/gnocchi.90742f83-f119-4f12-b436-e1b8eda632f5?format=json&states=listing" "tx8daaeb64f0d144c288f08-006924fb36" "proxy-server 90340" 0.0055 "-" 97264 0
Nov 24 19:41:26 np0005534223.novalocal proxy-server[90340]: ::1 ::1 25/Nov/2025/00/41/26 GET /v1/AUTH_34047920d4864ad78d85d02365686cf8/gnocchi.90742f83-f119-4f12-b436-e1b8eda632f5%3Fformat%3Djson%26states%3Dlisting HTTP/1.0 200 - python-swiftclient-4.2.0 gAAAAABpJPsEC1e4... - 357 - tx8daaeb64f0d144c288f08-006924fb36 - 0.0138 - - 1764031286.094537735 1764031286.108319044 0
Nov 24 19:41:26 np0005534223.novalocal container-server[97261]: ::1 - - [25/Nov/2025:00:41:26 +0000] "PUT /3/252514/AUTH_34047920d4864ad78d85d02365686cf8/gnocchi.18e98d64-5942-4b26-a3f7-ffe8b7e4b9f1/none_v3" 201 - "PUT http://[::1]:8080/1/249012/AUTH_34047920d4864ad78d85d02365686cf8/gnocchi.18e98d64-5942-4b26-a3f7-ffe8b7e4b9f1/none_v3" "tx18b76fc5116746aeafc0c-006924fb36" "object-server 97566" 0.0003 "-" 97261 0
Nov 24 19:41:26 np0005534223.novalocal object-server[97566]: ::1 - - [25/Nov/2025:00:41:26 +0000] "PUT /1/249012/AUTH_34047920d4864ad78d85d02365686cf8/gnocchi.18e98d64-5942-4b26-a3f7-ffe8b7e4b9f1/none_v3" 201 - "PUT http://[::1]:8080/v1/AUTH_34047920d4864ad78d85d02365686cf8/gnocchi.18e98d64-5942-4b26-a3f7-ffe8b7e4b9f1/none_v3" "tx18b76fc5116746aeafc0c-006924fb36" "proxy-server 90339" 0.0082 "-" 97566 0
Nov 24 19:41:26 np0005534223.novalocal container-server[97261]: ::1 - - [25/Nov/2025:00:41:26 +0000] "PUT /2/252514/AUTH_34047920d4864ad78d85d02365686cf8/gnocchi.18e98d64-5942-4b26-a3f7-ffe8b7e4b9f1/none_v3" 201 - "PUT http://[::1]:8080/2/249012/AUTH_34047920d4864ad78d85d02365686cf8/gnocchi.18e98d64-5942-4b26-a3f7-ffe8b7e4b9f1/none_v3" "tx18b76fc5116746aeafc0c-006924fb36" "object-server 97569" 0.0003 "-" 97261 0
Nov 24 19:41:26 np0005534223.novalocal container-server[97262]: ::1 - - [25/Nov/2025:00:41:26 +0000] "PUT /1/252514/AUTH_34047920d4864ad78d85d02365686cf8/gnocchi.18e98d64-5942-4b26-a3f7-ffe8b7e4b9f1/none_v3" 201 - "PUT http://[::1]:8080/3/249012/AUTH_34047920d4864ad78d85d02365686cf8/gnocchi.18e98d64-5942-4b26-a3f7-ffe8b7e4b9f1/none_v3" "tx18b76fc5116746aeafc0c-006924fb36" "object-server 97568" 0.0004 "-" 97262 0
Nov 24 19:41:26 np0005534223.novalocal object-server[97569]: ::1 - - [25/Nov/2025:00:41:26 +0000] "PUT /2/249012/AUTH_34047920d4864ad78d85d02365686cf8/gnocchi.18e98d64-5942-4b26-a3f7-ffe8b7e4b9f1/none_v3" 201 - "PUT http://[::1]:8080/v1/AUTH_34047920d4864ad78d85d02365686cf8/gnocchi.18e98d64-5942-4b26-a3f7-ffe8b7e4b9f1/none_v3" "tx18b76fc5116746aeafc0c-006924fb36" "proxy-server 90339" 0.0082 "-" 97569 0
Nov 24 19:41:26 np0005534223.novalocal object-server[97568]: ::1 - - [25/Nov/2025:00:41:26 +0000] "PUT /3/249012/AUTH_34047920d4864ad78d85d02365686cf8/gnocchi.18e98d64-5942-4b26-a3f7-ffe8b7e4b9f1/none_v3" 201 - "PUT http://[::1]:8080/v1/AUTH_34047920d4864ad78d85d02365686cf8/gnocchi.18e98d64-5942-4b26-a3f7-ffe8b7e4b9f1/none_v3" "tx18b76fc5116746aeafc0c-006924fb36" "proxy-server 90339" 0.0101 "-" 97568 0
Nov 24 19:41:26 np0005534223.novalocal proxy-server[90339]: ::1 ::1 25/Nov/2025/00/41/26 PUT /v1/AUTH_34047920d4864ad78d85d02365686cf8/gnocchi.18e98d64-5942-4b26-a3f7-ffe8b7e4b9f1/none_v3 HTTP/1.0 201 - python-swiftclient-4.2.0 gAAAAABpJPsEg9N3... 78 - - tx18b76fc5116746aeafc0c-006924fb36 - 0.0155 - - 1764031286.098141432 1764031286.113682032 0
Nov 24 19:41:26 np0005534223.novalocal container-server[97262]: ::1 - - [25/Nov/2025:00:41:26 +0000] "GET /3/200833/AUTH_34047920d4864ad78d85d02365686cf8/gnocchi.90742f83-f119-4f12-b436-e1b8eda632f5" 200 2 "GET http://[::1]:8080/v1/AUTH_34047920d4864ad78d85d02365686cf8/gnocchi.90742f83-f119-4f12-b436-e1b8eda632f5?format=json&marker=none_v3&states=listing" "tx16bd83b9da55482e8dd98-006924fb36" "proxy-server 90340" 0.0074 "-" 97262 0
Nov 24 19:41:26 np0005534223.novalocal proxy-server[90340]: ::1 ::1 25/Nov/2025/00/41/26 GET /v1/AUTH_34047920d4864ad78d85d02365686cf8/gnocchi.90742f83-f119-4f12-b436-e1b8eda632f5%3Fformat%3Djson%26marker%3Dnone_v3%26states%3Dlisting HTTP/1.0 200 - python-swiftclient-4.2.0 gAAAAABpJPsEC1e4... - 2 - tx16bd83b9da55482e8dd98-006924fb36 - 0.0133 - - 1764031286.112520456 1764031286.125803709 0
Nov 24 19:41:26 np0005534223.novalocal object-server[97569]: ::1 - - [25/Nov/2025:00:41:26 +0000] "GET /2/57708/AUTH_34047920d4864ad78d85d02365686cf8/gnocchi.90742f83-f119-4f12-b436-e1b8eda632f5/1763640000.0_mean_300.0_v3" 200 16 "GET http://[::1]:8080/v1/AUTH_34047920d4864ad78d85d02365686cf8/gnocchi.90742f83-f119-4f12-b436-e1b8eda632f5/1763640000.0_mean_300.0_v3" "tx755fa1e114984d83a4ade-006924fb36" "proxy-server 90340" 0.0007 "-" 97569 0
Nov 24 19:41:26 np0005534223.novalocal proxy-server[90340]: ::1 ::1 25/Nov/2025/00/41/26 GET /v1/AUTH_34047920d4864ad78d85d02365686cf8/gnocchi.90742f83-f119-4f12-b436-e1b8eda632f5/1763640000.0_mean_300.0_v3 HTTP/1.0 200 - python-swiftclient-4.2.0 gAAAAABpJPsEC1e4... - 16 - tx755fa1e114984d83a4ade-006924fb36 - 0.0058 - - 1764031286.130806208 1764031286.136616707 0
Nov 24 19:41:26 np0005534223.novalocal container-server[97263]: ::1 - - [25/Nov/2025:00:41:26 +0000] "PUT /3/200833/AUTH_34047920d4864ad78d85d02365686cf8/gnocchi.90742f83-f119-4f12-b436-e1b8eda632f5/1763640000.0_mean_300.0_v3" 201 - "PUT http://[::1]:8080/2/57708/AUTH_34047920d4864ad78d85d02365686cf8/gnocchi.90742f83-f119-4f12-b436-e1b8eda632f5/1763640000.0_mean_300.0_v3" "tx1d8cbbe414234ecdba594-006924fb36" "object-server 97569" 0.0004 "-" 97263 0
Nov 24 19:41:26 np0005534223.novalocal object-server[97569]: ::1 - - [25/Nov/2025:00:41:26 +0000] "PUT /2/57708/AUTH_34047920d4864ad78d85d02365686cf8/gnocchi.90742f83-f119-4f12-b436-e1b8eda632f5/1763640000.0_mean_300.0_v3" 201 - "PUT http://[::1]:8080/v1/AUTH_34047920d4864ad78d85d02365686cf8/gnocchi.90742f83-f119-4f12-b436-e1b8eda632f5/1763640000.0_mean_300.0_v3" "tx1d8cbbe414234ecdba594-006924fb36" "proxy-server 90340" 0.0083 "-" 97569 0
Nov 24 19:41:26 np0005534223.novalocal container-server[97261]: ::1 - - [25/Nov/2025:00:41:26 +0000] "PUT /1/200833/AUTH_34047920d4864ad78d85d02365686cf8/gnocchi.90742f83-f119-4f12-b436-e1b8eda632f5/1763640000.0_mean_300.0_v3" 201 - "PUT http://[::1]:8080/3/57708/AUTH_34047920d4864ad78d85d02365686cf8/gnocchi.90742f83-f119-4f12-b436-e1b8eda632f5/1763640000.0_mean_300.0_v3" "tx1d8cbbe414234ecdba594-006924fb36" "object-server 97568" 0.0003 "-" 97261 0
Nov 24 19:41:26 np0005534223.novalocal container-server[97264]: ::1 - - [25/Nov/2025:00:41:26 +0000] "PUT /2/200833/AUTH_34047920d4864ad78d85d02365686cf8/gnocchi.90742f83-f119-4f12-b436-e1b8eda632f5/1763640000.0_mean_300.0_v3" 201 - "PUT http://[::1]:8080/1/57708/AUTH_34047920d4864ad78d85d02365686cf8/gnocchi.90742f83-f119-4f12-b436-e1b8eda632f5/1763640000.0_mean_300.0_v3" "tx1d8cbbe414234ecdba594-006924fb36" "object-server 97568" 0.0005 "-" 97264 0
Nov 24 19:41:26 np0005534223.novalocal object-server[97568]: ::1 - - [25/Nov/2025:00:41:26 +0000] "PUT /3/57708/AUTH_34047920d4864ad78d85d02365686cf8/gnocchi.90742f83-f119-4f12-b436-e1b8eda632f5/1763640000.0_mean_300.0_v3" 201 - "PUT http://[::1]:8080/v1/AUTH_34047920d4864ad78d85d02365686cf8/gnocchi.90742f83-f119-4f12-b436-e1b8eda632f5/1763640000.0_mean_300.0_v3" "tx1d8cbbe414234ecdba594-006924fb36" "proxy-server 90340" 0.0099 "-" 97568 0
Nov 24 19:41:26 np0005534223.novalocal object-server[97568]: ::1 - - [25/Nov/2025:00:41:26 +0000] "PUT /1/57708/AUTH_34047920d4864ad78d85d02365686cf8/gnocchi.90742f83-f119-4f12-b436-e1b8eda632f5/1763640000.0_mean_300.0_v3" 201 - "PUT http://[::1]:8080/v1/AUTH_34047920d4864ad78d85d02365686cf8/gnocchi.90742f83-f119-4f12-b436-e1b8eda632f5/1763640000.0_mean_300.0_v3" "tx1d8cbbe414234ecdba594-006924fb36" "proxy-server 90340" 0.0094 "-" 97568 0
Nov 24 19:41:26 np0005534223.novalocal proxy-server[90340]: ::1 ::1 25/Nov/2025/00/41/26 PUT /v1/AUTH_34047920d4864ad78d85d02365686cf8/gnocchi.90742f83-f119-4f12-b436-e1b8eda632f5/1763640000.0_mean_300.0_v3 HTTP/1.0 201 - python-swiftclient-4.2.0 gAAAAABpJPsEC1e4... 16 - - tx1d8cbbe414234ecdba594-006924fb36 - 0.0175 - - 1764031286.140574217 1764031286.158036709 0
Nov 24 19:41:26 np0005534223.novalocal container-server[97262]: ::1 - - [25/Nov/2025:00:41:26 +0000] "PUT /2/200833/AUTH_34047920d4864ad78d85d02365686cf8/gnocchi.90742f83-f119-4f12-b436-e1b8eda632f5/none_v3" 201 - "PUT http://[::1]:8080/2/104130/AUTH_34047920d4864ad78d85d02365686cf8/gnocchi.90742f83-f119-4f12-b436-e1b8eda632f5/none_v3" "tx18fc1affdb904e19bdbc2-006924fb36" "object-server 97568" 0.0006 "-" 97262 0
Nov 24 19:41:26 np0005534223.novalocal object-server[97568]: ::1 - - [25/Nov/2025:00:41:26 +0000] "PUT /2/104130/AUTH_34047920d4864ad78d85d02365686cf8/gnocchi.90742f83-f119-4f12-b436-e1b8eda632f5/none_v3" 201 - "PUT http://[::1]:8080/v1/AUTH_34047920d4864ad78d85d02365686cf8/gnocchi.90742f83-f119-4f12-b436-e1b8eda632f5/none_v3" "tx18fc1affdb904e19bdbc2-006924fb36" "proxy-server 90340" 0.0102 "-" 97568 0
Nov 24 19:41:26 np0005534223.novalocal container-server[97263]: ::1 - - [25/Nov/2025:00:41:26 +0000] "PUT /1/200833/AUTH_34047920d4864ad78d85d02365686cf8/gnocchi.90742f83-f119-4f12-b436-e1b8eda632f5/none_v3" 201 - "PUT http://[::1]:8080/1/104130/AUTH_34047920d4864ad78d85d02365686cf8/gnocchi.90742f83-f119-4f12-b436-e1b8eda632f5/none_v3" "tx18fc1affdb904e19bdbc2-006924fb36" "object-server 97568" 0.0006 "-" 97263 0
Nov 24 19:41:26 np0005534223.novalocal object-server[97568]: ::1 - - [25/Nov/2025:00:41:26 +0000] "PUT /1/104130/AUTH_34047920d4864ad78d85d02365686cf8/gnocchi.90742f83-f119-4f12-b436-e1b8eda632f5/none_v3" 201 - "PUT http://[::1]:8080/v1/AUTH_34047920d4864ad78d85d02365686cf8/gnocchi.90742f83-f119-4f12-b436-e1b8eda632f5/none_v3" "tx18fc1affdb904e19bdbc2-006924fb36" "proxy-server 90340" 0.0099 "-" 97568 0
Nov 24 19:41:26 np0005534223.novalocal container-server[97264]: ::1 - - [25/Nov/2025:00:41:26 +0000] "PUT /3/200833/AUTH_34047920d4864ad78d85d02365686cf8/gnocchi.90742f83-f119-4f12-b436-e1b8eda632f5/none_v3" 201 - "PUT http://[::1]:8080/3/104130/AUTH_34047920d4864ad78d85d02365686cf8/gnocchi.90742f83-f119-4f12-b436-e1b8eda632f5/none_v3" "tx18fc1affdb904e19bdbc2-006924fb36" "object-server 97566" 0.0005 "-" 97264 0
Nov 24 19:41:26 np0005534223.novalocal object-server[97566]: ::1 - - [25/Nov/2025:00:41:26 +0000] "PUT /3/104130/AUTH_34047920d4864ad78d85d02365686cf8/gnocchi.90742f83-f119-4f12-b436-e1b8eda632f5/none_v3" 201 - "PUT http://[::1]:8080/v1/AUTH_34047920d4864ad78d85d02365686cf8/gnocchi.90742f83-f119-4f12-b436-e1b8eda632f5/none_v3" "tx18fc1affdb904e19bdbc2-006924fb36" "proxy-server 90340" 0.0138 "-" 97566 0
Nov 24 19:41:26 np0005534223.novalocal proxy-server[90340]: ::1 ::1 25/Nov/2025/00/41/26 PUT /v1/AUTH_34047920d4864ad78d85d02365686cf8/gnocchi.90742f83-f119-4f12-b436-e1b8eda632f5/none_v3 HTTP/1.0 201 - python-swiftclient-4.2.0 gAAAAABpJPsEC1e4... 70 - - tx18fc1affdb904e19bdbc2-006924fb36 - 0.0285 - - 1764031286.163105488 1764031286.191610813 0
Nov 24 19:41:26 np0005534223.novalocal sudo[104973]: pam_unix(sudo:session): session closed for user root
Nov 24 19:41:26 np0005534223.novalocal dnsmasq-dhcp[103453]: DHCPRELEASE(tapa4a353de-e1) 10.100.0.3 fa:16:3e:bb:78:62
Nov 24 19:41:26 np0005534223.novalocal dnsmasq-dhcp[103453]: DHCPRELEASE(tapa4a353de-e1) 10.100.0.3 fa:16:3e:bb:78:62 unknown lease
Nov 24 19:41:27 np0005534223.novalocal dnsmasq[103453]: read /var/lib/neutron/dhcp/2756d021-202b-4e50-bca3-199b21024b5e/addn_hosts - 1 addresses
Nov 24 19:41:27 np0005534223.novalocal dnsmasq-dhcp[103453]: read /var/lib/neutron/dhcp/2756d021-202b-4e50-bca3-199b21024b5e/host
Nov 24 19:41:27 np0005534223.novalocal dnsmasq-dhcp[103453]: read /var/lib/neutron/dhcp/2756d021-202b-4e50-bca3-199b21024b5e/opts
Nov 24 19:41:27 np0005534223.novalocal container-server[97333]: Beginning replication run
Nov 24 19:41:29 np0005534223.novalocal object-server[104913]: Object audit (ALL) "forever" mode completed: 9.87s. Total quarantined: 0, Total errors: 0, Total files/sec: 10.74, Total bytes/sec: 9936166.27, Auditing time: 9.84, Rate: 1.00
Nov 24 19:41:29 np0005534223.novalocal container-server[97333]: Replication run OVER
Nov 24 19:41:29 np0005534223.novalocal container-server[97333]: Attempted to replicate 63 dbs in 2.07405 seconds (30.37538/s)
Nov 24 19:41:29 np0005534223.novalocal container-server[97333]: Removed 0 dbs
Nov 24 19:41:29 np0005534223.novalocal container-server[97333]: 126 successes, 0 failures
Nov 24 19:41:29 np0005534223.novalocal container-server[97333]: diff:0 diff_capped:0 empty:0 hashmatch:0 no_change:126 remote_merge:0 rsync:0 ts_repl:0
Nov 24 19:41:29 np0005534223.novalocal container-server[90581]: Begin container update sweep
Nov 24 19:41:30 np0005534223.novalocal account-server[96968]: ::1 - - [25/Nov/2025:00:41:30 +0000] "PUT /3/156101/AUTH_34047920d4864ad78d85d02365686cf8/gnocchi.5fd8c526-d20a-401f-9b90-66a921c0b5aa" 201 - "-" "-" "container-updater 90581" 0.0008 "-" 96968 0
Nov 24 19:41:30 np0005534223.novalocal account-server[96967]: ::1 - - [25/Nov/2025:00:41:30 +0000] "PUT /2/156101/AUTH_34047920d4864ad78d85d02365686cf8/gnocchi.5fd8c526-d20a-401f-9b90-66a921c0b5aa" 201 - "-" "-" "container-updater 90581" 0.0007 "-" 96967 0
Nov 24 19:41:30 np0005534223.novalocal account-server[96968]: ::1 - - [25/Nov/2025:00:41:30 +0000] "PUT /1/156101/AUTH_34047920d4864ad78d85d02365686cf8/gnocchi.5fd8c526-d20a-401f-9b90-66a921c0b5aa" 201 - "-" "-" "container-updater 90581" 0.0006 "-" 96968 0
Nov 24 19:41:30 np0005534223.novalocal account-server[96965]: ::1 - - [25/Nov/2025:00:41:30 +0000] "PUT /3/156101/AUTH_34047920d4864ad78d85d02365686cf8/gnocchi.193497b5-50f4-4250-8ba0-5a4024aef5f7" 201 - "-" "-" "container-updater 90581" 0.0008 "-" 96965 0
Nov 24 19:41:30 np0005534223.novalocal account-server[96966]: ::1 - - [25/Nov/2025:00:41:30 +0000] "PUT /2/156101/AUTH_34047920d4864ad78d85d02365686cf8/gnocchi.193497b5-50f4-4250-8ba0-5a4024aef5f7" 201 - "-" "-" "container-updater 90581" 0.0007 "-" 96966 0
Nov 24 19:41:30 np0005534223.novalocal account-server[96965]: ::1 - - [25/Nov/2025:00:41:30 +0000] "PUT /1/156101/AUTH_34047920d4864ad78d85d02365686cf8/gnocchi.193497b5-50f4-4250-8ba0-5a4024aef5f7" 201 - "-" "-" "container-updater 90581" 0.0005 "-" 96965 0
Nov 24 19:41:30 np0005534223.novalocal account-server[96967]: ::1 - - [25/Nov/2025:00:41:30 +0000] "PUT /3/156101/AUTH_34047920d4864ad78d85d02365686cf8/gnocchi.5fd8c526-d20a-401f-9b90-66a921c0b5aa" 201 - "-" "-" "container-updater 90581" 0.0006 "-" 96967 0
Nov 24 19:41:30 np0005534223.novalocal account-server[96965]: ::1 - - [25/Nov/2025:00:41:30 +0000] "PUT /2/156101/AUTH_34047920d4864ad78d85d02365686cf8/gnocchi.5fd8c526-d20a-401f-9b90-66a921c0b5aa" 201 - "-" "-" "container-updater 90581" 0.0006 "-" 96965 0
Nov 24 19:41:30 np0005534223.novalocal account-server[96965]: ::1 - - [25/Nov/2025:00:41:30 +0000] "PUT /1/156101/AUTH_34047920d4864ad78d85d02365686cf8/gnocchi.5fd8c526-d20a-401f-9b90-66a921c0b5aa" 201 - "-" "-" "container-updater 90581" 0.0005 "-" 96965 0
Nov 24 19:41:30 np0005534223.novalocal account-server[96968]: ::1 - - [25/Nov/2025:00:41:30 +0000] "PUT /3/156101/AUTH_34047920d4864ad78d85d02365686cf8/gnocchi.18e98d64-5942-4b26-a3f7-ffe8b7e4b9f1" 201 - "-" "-" "container-updater 90581" 0.0005 "-" 96968 0
Nov 24 19:41:30 np0005534223.novalocal account-server[96966]: ::1 - - [25/Nov/2025:00:41:30 +0000] "PUT /1/156101/AUTH_34047920d4864ad78d85d02365686cf8/gnocchi.18e98d64-5942-4b26-a3f7-ffe8b7e4b9f1" 201 - "-" "-" "container-updater 90581" 0.0004 "-" 96966 0
