Nov 24 19:42:08 np0005534223.novalocal object-server[97569]: ::1 - - [25/Nov/2025:00:42:08 +0000] "GET /1/235571/AUTH_34047920d4864ad78d85d02365686cf8/gnocchi.7794dd1e-5fea-4ed1-8f35-730b9593bfd6/1763640000.0_mean_300.0_v3" 404 70 "GET http://[::1]:8080/v1/AUTH_34047920d4864ad78d85d02365686cf8/gnocchi.7794dd1e-5fea-4ed1-8f35-730b9593bfd6/1763640000.0_mean_300.0_v3" "tx92ca1c01f2db47c9a819e-006924fb60" "proxy-server 90340" 0.0004 "-" 97569 0
Nov 24 19:42:08 np0005534223.novalocal object-server[97568]: ::1 - - [25/Nov/2025:00:42:08 +0000] "GET /2/235571/AUTH_34047920d4864ad78d85d02365686cf8/gnocchi.7794dd1e-5fea-4ed1-8f35-730b9593bfd6/1763640000.0_mean_300.0_v3" 404 70 "GET http://[::1]:8080/v1/AUTH_34047920d4864ad78d85d02365686cf8/gnocchi.7794dd1e-5fea-4ed1-8f35-730b9593bfd6/1763640000.0_mean_300.0_v3" "tx92ca1c01f2db47c9a819e-006924fb60" "proxy-server 90340" 0.0004 "-" 97568 0
Nov 24 19:42:08 np0005534223.novalocal object-server[97568]: ::1 - - [25/Nov/2025:00:42:08 +0000] "GET /3/235571/AUTH_34047920d4864ad78d85d02365686cf8/gnocchi.7794dd1e-5fea-4ed1-8f35-730b9593bfd6/1763640000.0_mean_300.0_v3" 404 70 "GET http://[::1]:8080/v1/AUTH_34047920d4864ad78d85d02365686cf8/gnocchi.7794dd1e-5fea-4ed1-8f35-730b9593bfd6/1763640000.0_mean_300.0_v3" "tx92ca1c01f2db47c9a819e-006924fb60" "proxy-server 90340" 0.0003 "-" 97568 0
Nov 24 19:42:08 np0005534223.novalocal proxy-server[90340]: ::1 ::1 25/Nov/2025/00/42/08 GET /v1/AUTH_34047920d4864ad78d85d02365686cf8/gnocchi.7794dd1e-5fea-4ed1-8f35-730b9593bfd6/1763640000.0_mean_300.0_v3 HTTP/1.0 404 - python-swiftclient-4.2.0 gAAAAABpJPsEC1e4... - 70 - tx92ca1c01f2db47c9a819e-006924fb60 - 0.0129 - - 1764031328.687749624 1764031328.700692177 0
Nov 24 19:42:08 np0005534223.novalocal container-server[97262]: ::1 - - [25/Nov/2025:00:42:08 +0000] "GET /3/17076/AUTH_34047920d4864ad78d85d02365686cf8/gnocchi.dc3aa6da-ef2c-4599-b83f-85ebcb2110e3" 200 2 "GET http://[::1]:8080/v1/AUTH_34047920d4864ad78d85d02365686cf8/gnocchi.dc3aa6da-ef2c-4599-b83f-85ebcb2110e3?format=json&states=listing" "tx71c5a04458fb4bf5bfd97-006924fb60" "proxy-server 90339" 0.0017 "-" 97262 0
Nov 24 19:42:08 np0005534223.novalocal proxy-server[90339]: ::1 ::1 25/Nov/2025/00/42/08 GET /v1/AUTH_34047920d4864ad78d85d02365686cf8/gnocchi.dc3aa6da-ef2c-4599-b83f-85ebcb2110e3%3Fformat%3Djson%26states%3Dlisting HTTP/1.0 200 - python-swiftclient-4.2.0 gAAAAABpJPsEg9N3... - 2 - tx71c5a04458fb4bf5bfd97-006924fb60 - 0.0236 - - 1764031328.682749033 1764031328.706349373 0
Nov 24 19:42:08 np0005534223.novalocal object-server[97568]: ::1 - - [25/Nov/2025:00:42:08 +0000] "GET /1/224351/AUTH_34047920d4864ad78d85d02365686cf8/gnocchi.dc3aa6da-ef2c-4599-b83f-85ebcb2110e3/1763640000.0_mean_300.0_v3" 404 70 "GET http://[::1]:8080/v1/AUTH_34047920d4864ad78d85d02365686cf8/gnocchi.dc3aa6da-ef2c-4599-b83f-85ebcb2110e3/1763640000.0_mean_300.0_v3" "txad1c2c2dc9ec4922aaf7c-006924fb60" "proxy-server 90339" 0.0005 "-" 97568 0
Nov 24 19:42:08 np0005534223.novalocal container-server[97262]: ::1 - - [25/Nov/2025:00:42:08 +0000] "PUT /2/87312/AUTH_34047920d4864ad78d85d02365686cf8/gnocchi.7794dd1e-5fea-4ed1-8f35-730b9593bfd6/1763640000.0_mean_300.0_v3" 201 - "PUT http://[::1]:8080/2/235571/AUTH_34047920d4864ad78d85d02365686cf8/gnocchi.7794dd1e-5fea-4ed1-8f35-730b9593bfd6/1763640000.0_mean_300.0_v3" "tx8041197f401748f591c5f-006924fb60" "object-server 97567" 0.0005 "-" 97262 0
Nov 24 19:42:08 np0005534223.novalocal container-server[97261]: ::1 - - [25/Nov/2025:00:42:08 +0000] "PUT /3/87312/AUTH_34047920d4864ad78d85d02365686cf8/gnocchi.7794dd1e-5fea-4ed1-8f35-730b9593bfd6/1763640000.0_mean_300.0_v3" 201 - "PUT http://[::1]:8080/1/235571/AUTH_34047920d4864ad78d85d02365686cf8/gnocchi.7794dd1e-5fea-4ed1-8f35-730b9593bfd6/1763640000.0_mean_300.0_v3" "tx8041197f401748f591c5f-006924fb60" "object-server 97568" 0.0007 "-" 97261 0
Nov 24 19:42:08 np0005534223.novalocal object-server[97566]: ::1 - - [25/Nov/2025:00:42:08 +0000] "GET /2/224351/AUTH_34047920d4864ad78d85d02365686cf8/gnocchi.dc3aa6da-ef2c-4599-b83f-85ebcb2110e3/1763640000.0_mean_300.0_v3" 404 70 "GET http://[::1]:8080/v1/AUTH_34047920d4864ad78d85d02365686cf8/gnocchi.dc3aa6da-ef2c-4599-b83f-85ebcb2110e3/1763640000.0_mean_300.0_v3" "txad1c2c2dc9ec4922aaf7c-006924fb60" "proxy-server 90339" 0.0006 "-" 97566 0
Nov 24 19:42:08 np0005534223.novalocal object-server[97568]: ::1 - - [25/Nov/2025:00:42:08 +0000] "PUT /1/235571/AUTH_34047920d4864ad78d85d02365686cf8/gnocchi.7794dd1e-5fea-4ed1-8f35-730b9593bfd6/1763640000.0_mean_300.0_v3" 201 - "PUT http://[::1]:8080/v1/AUTH_34047920d4864ad78d85d02365686cf8/gnocchi.7794dd1e-5fea-4ed1-8f35-730b9593bfd6/1763640000.0_mean_300.0_v3" "tx8041197f401748f591c5f-006924fb60" "proxy-server 90340" 0.0130 "-" 97568 0
Nov 24 19:42:08 np0005534223.novalocal object-server[97567]: ::1 - - [25/Nov/2025:00:42:08 +0000] "PUT /2/235571/AUTH_34047920d4864ad78d85d02365686cf8/gnocchi.7794dd1e-5fea-4ed1-8f35-730b9593bfd6/1763640000.0_mean_300.0_v3" 201 - "PUT http://[::1]:8080/v1/AUTH_34047920d4864ad78d85d02365686cf8/gnocchi.7794dd1e-5fea-4ed1-8f35-730b9593bfd6/1763640000.0_mean_300.0_v3" "tx8041197f401748f591c5f-006924fb60" "proxy-server 90340" 0.0138 "-" 97567 0
Nov 24 19:42:08 np0005534223.novalocal container-server[97262]: ::1 - - [25/Nov/2025:00:42:08 +0000] "PUT /1/87312/AUTH_34047920d4864ad78d85d02365686cf8/gnocchi.7794dd1e-5fea-4ed1-8f35-730b9593bfd6/1763640000.0_mean_300.0_v3" 201 - "PUT http://[::1]:8080/3/235571/AUTH_34047920d4864ad78d85d02365686cf8/gnocchi.7794dd1e-5fea-4ed1-8f35-730b9593bfd6/1763640000.0_mean_300.0_v3" "tx8041197f401748f591c5f-006924fb60" "object-server 97568" 0.0005 "-" 97262 0
Nov 24 19:42:08 np0005534223.novalocal object-server[97569]: ::1 - - [25/Nov/2025:00:42:08 +0000] "GET /3/224351/AUTH_34047920d4864ad78d85d02365686cf8/gnocchi.dc3aa6da-ef2c-4599-b83f-85ebcb2110e3/1763640000.0_mean_300.0_v3" 404 70 "GET http://[::1]:8080/v1/AUTH_34047920d4864ad78d85d02365686cf8/gnocchi.dc3aa6da-ef2c-4599-b83f-85ebcb2110e3/1763640000.0_mean_300.0_v3" "txad1c2c2dc9ec4922aaf7c-006924fb60" "proxy-server 90339" 0.0003 "-" 97569 0
Nov 24 19:42:08 np0005534223.novalocal object-server[97568]: ::1 - - [25/Nov/2025:00:42:08 +0000] "PUT /3/235571/AUTH_34047920d4864ad78d85d02365686cf8/gnocchi.7794dd1e-5fea-4ed1-8f35-730b9593bfd6/1763640000.0_mean_300.0_v3" 201 - "PUT http://[::1]:8080/v1/AUTH_34047920d4864ad78d85d02365686cf8/gnocchi.7794dd1e-5fea-4ed1-8f35-730b9593bfd6/1763640000.0_mean_300.0_v3" "tx8041197f401748f591c5f-006924fb60" "proxy-server 90340" 0.0163 "-" 97568 0
Nov 24 19:42:08 np0005534223.novalocal proxy-server[90340]: ::1 ::1 25/Nov/2025/00/42/08 PUT /v1/AUTH_34047920d4864ad78d85d02365686cf8/gnocchi.7794dd1e-5fea-4ed1-8f35-730b9593bfd6/1763640000.0_mean_300.0_v3 HTTP/1.0 201 - python-swiftclient-4.2.0 gAAAAABpJPsEC1e4... 16 - - tx8041197f401748f591c5f-006924fb60 - 0.0313 - - 1764031328.704881668 1764031328.736224651 0
Nov 24 19:42:08 np0005534223.novalocal proxy-server[90339]: ::1 ::1 25/Nov/2025/00/42/08 GET /v1/AUTH_34047920d4864ad78d85d02365686cf8/gnocchi.dc3aa6da-ef2c-4599-b83f-85ebcb2110e3/1763640000.0_mean_300.0_v3 HTTP/1.0 404 - python-swiftclient-4.2.0 gAAAAABpJPsEg9N3... - 70 - txad1c2c2dc9ec4922aaf7c-006924fb60 - 0.0254 - - 1764031328.711150408 1764031328.736560345 0
Nov 24 19:42:08 np0005534223.novalocal container-server[97262]: ::1 - - [25/Nov/2025:00:42:08 +0000] "PUT /3/87312/AUTH_34047920d4864ad78d85d02365686cf8/gnocchi.7794dd1e-5fea-4ed1-8f35-730b9593bfd6/none_v3" 201 - "PUT http://[::1]:8080/3/173037/AUTH_34047920d4864ad78d85d02365686cf8/gnocchi.7794dd1e-5fea-4ed1-8f35-730b9593bfd6/none_v3" "txc7aa3720d837432fa93e7-006924fb60" "object-server 97569" 0.0004 "-" 97262 0
Nov 24 19:42:08 np0005534223.novalocal container-server[97264]: ::1 - - [25/Nov/2025:00:42:08 +0000] "PUT /1/17076/AUTH_34047920d4864ad78d85d02365686cf8/gnocchi.dc3aa6da-ef2c-4599-b83f-85ebcb2110e3/1763640000.0_mean_300.0_v3" 201 - "PUT http://[::1]:8080/3/224351/AUTH_34047920d4864ad78d85d02365686cf8/gnocchi.dc3aa6da-ef2c-4599-b83f-85ebcb2110e3/1763640000.0_mean_300.0_v3" "tx8e89669ab0ec4b758ea84-006924fb60" "object-server 97567" 0.0006 "-" 97264 0
Nov 24 19:42:08 np0005534223.novalocal container-server[97263]: ::1 - - [25/Nov/2025:00:42:08 +0000] "PUT /1/87312/AUTH_34047920d4864ad78d85d02365686cf8/gnocchi.7794dd1e-5fea-4ed1-8f35-730b9593bfd6/none_v3" 201 - "PUT http://[::1]:8080/1/173037/AUTH_34047920d4864ad78d85d02365686cf8/gnocchi.7794dd1e-5fea-4ed1-8f35-730b9593bfd6/none_v3" "txc7aa3720d837432fa93e7-006924fb60" "object-server 97569" 0.0006 "-" 97263 0
Nov 24 19:42:08 np0005534223.novalocal object-server[97569]: ::1 - - [25/Nov/2025:00:42:08 +0000] "PUT /3/173037/AUTH_34047920d4864ad78d85d02365686cf8/gnocchi.7794dd1e-5fea-4ed1-8f35-730b9593bfd6/none_v3" 201 - "PUT http://[::1]:8080/v1/AUTH_34047920d4864ad78d85d02365686cf8/gnocchi.7794dd1e-5fea-4ed1-8f35-730b9593bfd6/none_v3" "txc7aa3720d837432fa93e7-006924fb60" "proxy-server 90340" 0.0132 "-" 97569 0
Nov 24 19:42:08 np0005534223.novalocal object-server[97567]: ::1 - - [25/Nov/2025:00:42:08 +0000] "PUT /3/224351/AUTH_34047920d4864ad78d85d02365686cf8/gnocchi.dc3aa6da-ef2c-4599-b83f-85ebcb2110e3/1763640000.0_mean_300.0_v3" 201 - "PUT http://[::1]:8080/v1/AUTH_34047920d4864ad78d85d02365686cf8/gnocchi.dc3aa6da-ef2c-4599-b83f-85ebcb2110e3/1763640000.0_mean_300.0_v3" "tx8e89669ab0ec4b758ea84-006924fb60" "proxy-server 90339" 0.0088 "-" 97567 0
Nov 24 19:42:08 np0005534223.novalocal object-server[97569]: ::1 - - [25/Nov/2025:00:42:08 +0000] "PUT /1/173037/AUTH_34047920d4864ad78d85d02365686cf8/gnocchi.7794dd1e-5fea-4ed1-8f35-730b9593bfd6/none_v3" 201 - "PUT http://[::1]:8080/v1/AUTH_34047920d4864ad78d85d02365686cf8/gnocchi.7794dd1e-5fea-4ed1-8f35-730b9593bfd6/none_v3" "txc7aa3720d837432fa93e7-006924fb60" "proxy-server 90340" 0.0138 "-" 97569 0
Nov 24 19:42:08 np0005534223.novalocal container-server[97263]: ::1 - - [25/Nov/2025:00:42:08 +0000] "PUT /3/17076/AUTH_34047920d4864ad78d85d02365686cf8/gnocchi.dc3aa6da-ef2c-4599-b83f-85ebcb2110e3/1763640000.0_mean_300.0_v3" 201 - "PUT http://[::1]:8080/1/224351/AUTH_34047920d4864ad78d85d02365686cf8/gnocchi.dc3aa6da-ef2c-4599-b83f-85ebcb2110e3/1763640000.0_mean_300.0_v3" "tx8e89669ab0ec4b758ea84-006924fb60" "object-server 97568" 0.0009 "-" 97263 0
Nov 24 19:42:08 np0005534223.novalocal object-server[97568]: ::1 - - [25/Nov/2025:00:42:08 +0000] "PUT /1/224351/AUTH_34047920d4864ad78d85d02365686cf8/gnocchi.dc3aa6da-ef2c-4599-b83f-85ebcb2110e3/1763640000.0_mean_300.0_v3" 201 - "PUT http://[::1]:8080/v1/AUTH_34047920d4864ad78d85d02365686cf8/gnocchi.dc3aa6da-ef2c-4599-b83f-85ebcb2110e3/1763640000.0_mean_300.0_v3" "tx8e89669ab0ec4b758ea84-006924fb60" "proxy-server 90339" 0.0120 "-" 97568 0
Nov 24 19:42:08 np0005534223.novalocal container-server[97263]: ::1 - - [25/Nov/2025:00:42:08 +0000] "PUT /2/87312/AUTH_34047920d4864ad78d85d02365686cf8/gnocchi.7794dd1e-5fea-4ed1-8f35-730b9593bfd6/none_v3" 201 - "PUT http://[::1]:8080/2/173037/AUTH_34047920d4864ad78d85d02365686cf8/gnocchi.7794dd1e-5fea-4ed1-8f35-730b9593bfd6/none_v3" "txc7aa3720d837432fa93e7-006924fb60" "object-server 97566" 0.0004 "-" 97263 0
Nov 24 19:42:08 np0005534223.novalocal object-server[97566]: ::1 - - [25/Nov/2025:00:42:08 +0000] "PUT /2/173037/AUTH_34047920d4864ad78d85d02365686cf8/gnocchi.7794dd1e-5fea-4ed1-8f35-730b9593bfd6/none_v3" 201 - "PUT http://[::1]:8080/v1/AUTH_34047920d4864ad78d85d02365686cf8/gnocchi.7794dd1e-5fea-4ed1-8f35-730b9593bfd6/none_v3" "txc7aa3720d837432fa93e7-006924fb60" "proxy-server 90340" 0.0192 "-" 97566 0
Nov 24 19:42:08 np0005534223.novalocal container-server[97263]: ::1 - - [25/Nov/2025:00:42:08 +0000] "PUT /2/17076/AUTH_34047920d4864ad78d85d02365686cf8/gnocchi.dc3aa6da-ef2c-4599-b83f-85ebcb2110e3/1763640000.0_mean_300.0_v3" 201 - "PUT http://[::1]:8080/2/224351/AUTH_34047920d4864ad78d85d02365686cf8/gnocchi.dc3aa6da-ef2c-4599-b83f-85ebcb2110e3/1763640000.0_mean_300.0_v3" "tx8e89669ab0ec4b758ea84-006924fb60" "object-server 97569" 0.0004 "-" 97263 0
Nov 24 19:42:08 np0005534223.novalocal object-server[97569]: ::1 - - [25/Nov/2025:00:42:08 +0000] "PUT /2/224351/AUTH_34047920d4864ad78d85d02365686cf8/gnocchi.dc3aa6da-ef2c-4599-b83f-85ebcb2110e3/1763640000.0_mean_300.0_v3" 201 - "PUT http://[::1]:8080/v1/AUTH_34047920d4864ad78d85d02365686cf8/gnocchi.dc3aa6da-ef2c-4599-b83f-85ebcb2110e3/1763640000.0_mean_300.0_v3" "tx8e89669ab0ec4b758ea84-006924fb60" "proxy-server 90339" 0.0179 "-" 97569 0
Nov 24 19:42:08 np0005534223.novalocal proxy-server[90340]: ::1 ::1 25/Nov/2025/00/42/08 PUT /v1/AUTH_34047920d4864ad78d85d02365686cf8/gnocchi.7794dd1e-5fea-4ed1-8f35-730b9593bfd6/none_v3 HTTP/1.0 201 - python-swiftclient-4.2.0 gAAAAABpJPsEC1e4... 22 - - txc7aa3720d837432fa93e7-006924fb60 - 0.0257 - - 1764031328.739634275 1764031328.765320301 0
Nov 24 19:42:08 np0005534223.novalocal proxy-server[90339]: ::1 ::1 25/Nov/2025/00/42/08 PUT /v1/AUTH_34047920d4864ad78d85d02365686cf8/gnocchi.dc3aa6da-ef2c-4599-b83f-85ebcb2110e3/1763640000.0_mean_300.0_v3 HTTP/1.0 201 - python-swiftclient-4.2.0 gAAAAABpJPsEg9N3... 16 - - tx8e89669ab0ec4b758ea84-006924fb60 - 0.0266 - - 1764031328.739587545 1764031328.766185522 0
Nov 24 19:42:08 np0005534223.novalocal container-server[97262]: ::1 - - [25/Nov/2025:00:42:08 +0000] "HEAD /3/254423/AUTH_34047920d4864ad78d85d02365686cf8/gnocchi.a784be60-52a2-4952-b262-5ea96c49c64d" 404 - "HEAD http://[::1]:8080/v1/AUTH_34047920d4864ad78d85d02365686cf8/gnocchi.a784be60-52a2-4952-b262-5ea96c49c64d?format=json&states=listing" "txa46d9f58138e473285d93-006924fb60" "proxy-server 90340" 0.0006 "-" 97262 0
Nov 24 19:42:08 np0005534223.novalocal container-server[97262]: ::1 - - [25/Nov/2025:00:42:08 +0000] "PUT /2/17076/AUTH_34047920d4864ad78d85d02365686cf8/gnocchi.dc3aa6da-ef2c-4599-b83f-85ebcb2110e3/none_v3" 201 - "PUT http://[::1]:8080/1/239039/AUTH_34047920d4864ad78d85d02365686cf8/gnocchi.dc3aa6da-ef2c-4599-b83f-85ebcb2110e3/none_v3" "txec9b7195ab7e463b9a577-006924fb60" "object-server 97567" 0.0003 "-" 97262 0
Nov 24 19:42:08 np0005534223.novalocal object-server[97567]: ::1 - - [25/Nov/2025:00:42:08 +0000] "PUT /1/239039/AUTH_34047920d4864ad78d85d02365686cf8/gnocchi.dc3aa6da-ef2c-4599-b83f-85ebcb2110e3/none_v3" 201 - "PUT http://[::1]:8080/v1/AUTH_34047920d4864ad78d85d02365686cf8/gnocchi.dc3aa6da-ef2c-4599-b83f-85ebcb2110e3/none_v3" "txec9b7195ab7e463b9a577-006924fb60" "proxy-server 90339" 0.0117 "-" 97567 0
Nov 24 19:42:08 np0005534223.novalocal container-server[97264]: ::1 - - [25/Nov/2025:00:42:08 +0000] "HEAD /2/254423/AUTH_34047920d4864ad78d85d02365686cf8/gnocchi.a784be60-52a2-4952-b262-5ea96c49c64d" 404 - "HEAD http://[::1]:8080/v1/AUTH_34047920d4864ad78d85d02365686cf8/gnocchi.a784be60-52a2-4952-b262-5ea96c49c64d?format=json&states=listing" "txa46d9f58138e473285d93-006924fb60" "proxy-server 90340" 0.0004 "-" 97264 0
Nov 24 19:42:08 np0005534223.novalocal container-server[97262]: ::1 - - [25/Nov/2025:00:42:08 +0000] "PUT /3/17076/AUTH_34047920d4864ad78d85d02365686cf8/gnocchi.dc3aa6da-ef2c-4599-b83f-85ebcb2110e3/none_v3" 201 - "PUT http://[::1]:8080/2/239039/AUTH_34047920d4864ad78d85d02365686cf8/gnocchi.dc3aa6da-ef2c-4599-b83f-85ebcb2110e3/none_v3" "txec9b7195ab7e463b9a577-006924fb60" "object-server 97568" 0.0003 "-" 97262 0
Nov 24 19:42:08 np0005534223.novalocal object-server[97568]: ::1 - - [25/Nov/2025:00:42:08 +0000] "PUT /2/239039/AUTH_34047920d4864ad78d85d02365686cf8/gnocchi.dc3aa6da-ef2c-4599-b83f-85ebcb2110e3/none_v3" 201 - "PUT http://[::1]:8080/v1/AUTH_34047920d4864ad78d85d02365686cf8/gnocchi.dc3aa6da-ef2c-4599-b83f-85ebcb2110e3/none_v3" "txec9b7195ab7e463b9a577-006924fb60" "proxy-server 90339" 0.0153 "-" 97568 0
Nov 24 19:42:08 np0005534223.novalocal container-server[97264]: ::1 - - [25/Nov/2025:00:42:08 +0000] "HEAD /1/254423/AUTH_34047920d4864ad78d85d02365686cf8/gnocchi.a784be60-52a2-4952-b262-5ea96c49c64d" 404 - "HEAD http://[::1]:8080/v1/AUTH_34047920d4864ad78d85d02365686cf8/gnocchi.a784be60-52a2-4952-b262-5ea96c49c64d?format=json&states=listing" "txa46d9f58138e473285d93-006924fb60" "proxy-server 90340" 0.0002 "-" 97264 0
Nov 24 19:42:08 np0005534223.novalocal container-server[97263]: ::1 - - [25/Nov/2025:00:42:08 +0000] "PUT /1/17076/AUTH_34047920d4864ad78d85d02365686cf8/gnocchi.dc3aa6da-ef2c-4599-b83f-85ebcb2110e3/none_v3" 201 - "PUT http://[::1]:8080/3/239039/AUTH_34047920d4864ad78d85d02365686cf8/gnocchi.dc3aa6da-ef2c-4599-b83f-85ebcb2110e3/none_v3" "txec9b7195ab7e463b9a577-006924fb60" "object-server 97569" 0.0005 "-" 97263 0
Nov 24 19:42:08 np0005534223.novalocal object-server[97569]: ::1 - - [25/Nov/2025:00:42:08 +0000] "PUT /3/239039/AUTH_34047920d4864ad78d85d02365686cf8/gnocchi.dc3aa6da-ef2c-4599-b83f-85ebcb2110e3/none_v3" 201 - "PUT http://[::1]:8080/v1/AUTH_34047920d4864ad78d85d02365686cf8/gnocchi.dc3aa6da-ef2c-4599-b83f-85ebcb2110e3/none_v3" "txec9b7195ab7e463b9a577-006924fb60" "proxy-server 90339" 0.0180 "-" 97569 0
Nov 24 19:42:08 np0005534223.novalocal proxy-server[90339]: ::1 ::1 25/Nov/2025/00/42/08 PUT /v1/AUTH_34047920d4864ad78d85d02365686cf8/gnocchi.dc3aa6da-ef2c-4599-b83f-85ebcb2110e3/none_v3 HTTP/1.0 201 - python-swiftclient-4.2.0 gAAAAABpJPsEg9N3... 22 - - txec9b7195ab7e463b9a577-006924fb60 - 0.0239 - - 1764031328.768570423 1764031328.792485476 0
Nov 24 19:42:08 np0005534223.novalocal object-server[97566]: ::1 - - [25/Nov/2025:00:42:08 +0000] "GET /3/41700/AUTH_34047920d4864ad78d85d02365686cf8/gnocchi.a784be60-52a2-4952-b262-5ea96c49c64d/none_v3" 404 70 "GET http://[::1]:8080/v1/AUTH_34047920d4864ad78d85d02365686cf8/gnocchi.a784be60-52a2-4952-b262-5ea96c49c64d/none_v3" "txa46d9f58138e473285d93-006924fb60" "proxy-server 90340" 0.0004 "-" 97566 0
Nov 24 19:42:08 np0005534223.novalocal object-server[97569]: ::1 - - [25/Nov/2025:00:42:08 +0000] "GET /1/41700/AUTH_34047920d4864ad78d85d02365686cf8/gnocchi.a784be60-52a2-4952-b262-5ea96c49c64d/none_v3" 404 70 "GET http://[::1]:8080/v1/AUTH_34047920d4864ad78d85d02365686cf8/gnocchi.a784be60-52a2-4952-b262-5ea96c49c64d/none_v3" "txa46d9f58138e473285d93-006924fb60" "proxy-server 90340" 0.0003 "-" 97569 0
Nov 24 19:42:08 np0005534223.novalocal object-server[97569]: ::1 - - [25/Nov/2025:00:42:08 +0000] "GET /2/41700/AUTH_34047920d4864ad78d85d02365686cf8/gnocchi.a784be60-52a2-4952-b262-5ea96c49c64d/none_v3" 404 70 "GET http://[::1]:8080/v1/AUTH_34047920d4864ad78d85d02365686cf8/gnocchi.a784be60-52a2-4952-b262-5ea96c49c64d/none_v3" "txa46d9f58138e473285d93-006924fb60" "proxy-server 90340" 0.0002 "-" 97569 0
Nov 24 19:42:08 np0005534223.novalocal proxy-server[90340]: ::1 ::1 25/Nov/2025/00/42/08 GET /v1/AUTH_34047920d4864ad78d85d02365686cf8/gnocchi.a784be60-52a2-4952-b262-5ea96c49c64d/none_v3 HTTP/1.0 404 - python-swiftclient-4.2.0 gAAAAABpJPsEC1e4... - 70 - txa46d9f58138e473285d93-006924fb60 - 0.0224 - - 1764031328.778169632 1764031328.800556183 0
Nov 24 19:42:08 np0005534223.novalocal account-server[96965]: ::1 - - [25/Nov/2025:00:42:08 +0000] "PUT /1/156101/AUTH_34047920d4864ad78d85d02365686cf8/gnocchi.a784be60-52a2-4952-b262-5ea96c49c64d" 201 - "PUT http://[::1]:6001/3/254423/AUTH_34047920d4864ad78d85d02365686cf8/gnocchi.a784be60-52a2-4952-b262-5ea96c49c64d" "tx4918fb7c5a57485e85543-006924fb60" "container-server 97263" 0.0058 "-" 96965 0
Nov 24 19:42:08 np0005534223.novalocal container-server[97263]: ::1 - - [25/Nov/2025:00:42:08 +0000] "PUT /3/254423/AUTH_34047920d4864ad78d85d02365686cf8/gnocchi.a784be60-52a2-4952-b262-5ea96c49c64d" 201 - "PUT http://[::1]:8080/v1/AUTH_34047920d4864ad78d85d02365686cf8/gnocchi.a784be60-52a2-4952-b262-5ea96c49c64d" "tx4918fb7c5a57485e85543-006924fb60" "proxy-server 90340" 0.0222 "-" 97263 0
Nov 24 19:42:08 np0005534223.novalocal account-server[96966]: ::1 - - [25/Nov/2025:00:42:08 +0000] "PUT /2/156101/AUTH_34047920d4864ad78d85d02365686cf8/gnocchi.a784be60-52a2-4952-b262-5ea96c49c64d" 201 - "PUT http://[::1]:6001/1/254423/AUTH_34047920d4864ad78d85d02365686cf8/gnocchi.a784be60-52a2-4952-b262-5ea96c49c64d" "tx4918fb7c5a57485e85543-006924fb60" "container-server 97264" 0.0043 "-" 96966 0
Nov 24 19:42:08 np0005534223.novalocal container-server[97264]: ::1 - - [25/Nov/2025:00:42:08 +0000] "PUT /1/254423/AUTH_34047920d4864ad78d85d02365686cf8/gnocchi.a784be60-52a2-4952-b262-5ea96c49c64d" 201 - "PUT http://[::1]:8080/v1/AUTH_34047920d4864ad78d85d02365686cf8/gnocchi.a784be60-52a2-4952-b262-5ea96c49c64d" "tx4918fb7c5a57485e85543-006924fb60" "proxy-server 90340" 0.0333 "-" 97264 0
Nov 24 19:42:08 np0005534223.novalocal account-server[96966]: ::1 - - [25/Nov/2025:00:42:08 +0000] "PUT /3/156101/AUTH_34047920d4864ad78d85d02365686cf8/gnocchi.a784be60-52a2-4952-b262-5ea96c49c64d" 201 - "PUT http://[::1]:6001/2/254423/AUTH_34047920d4864ad78d85d02365686cf8/gnocchi.a784be60-52a2-4952-b262-5ea96c49c64d" "tx4918fb7c5a57485e85543-006924fb60" "container-server 97264" 0.0036 "-" 96966 0
Nov 24 19:42:08 np0005534223.novalocal container-server[97264]: ::1 - - [25/Nov/2025:00:42:08 +0000] "PUT /2/254423/AUTH_34047920d4864ad78d85d02365686cf8/gnocchi.a784be60-52a2-4952-b262-5ea96c49c64d" 201 - "PUT http://[::1]:8080/v1/AUTH_34047920d4864ad78d85d02365686cf8/gnocchi.a784be60-52a2-4952-b262-5ea96c49c64d" "tx4918fb7c5a57485e85543-006924fb60" "proxy-server 90340" 0.0239 "-" 97264 0
Nov 24 19:42:08 np0005534223.novalocal proxy-server[90340]: ::1 ::1 25/Nov/2025/00/42/08 PUT /v1/AUTH_34047920d4864ad78d85d02365686cf8/gnocchi.a784be60-52a2-4952-b262-5ea96c49c64d HTTP/1.0 201 - python-swiftclient-4.2.0 gAAAAABpJPsEC1e4... - - - tx4918fb7c5a57485e85543-006924fb60 - 0.0421 - - 1764031328.802491426 1764031328.844554663 0
Nov 24 19:42:08 np0005534223.novalocal container-server[97263]: ::1 - - [25/Nov/2025:00:42:08 +0000] "HEAD /2/254423/AUTH_34047920d4864ad78d85d02365686cf8/gnocchi.a784be60-52a2-4952-b262-5ea96c49c64d" 204 - "HEAD http://[::1]:8080/v1/AUTH_34047920d4864ad78d85d02365686cf8/gnocchi.a784be60-52a2-4952-b262-5ea96c49c64d?format=json&states=listing" "tx08b27d6995a0478f8d2d6-006924fb60" "proxy-server 90340" 0.0014 "-" 97263 0
Nov 24 19:42:08 np0005534223.novalocal container-server[97263]: ::1 - - [25/Nov/2025:00:42:08 +0000] "GET /1/254423/AUTH_34047920d4864ad78d85d02365686cf8/gnocchi.a784be60-52a2-4952-b262-5ea96c49c64d" 200 2 "GET http://[::1]:8080/v1/AUTH_34047920d4864ad78d85d02365686cf8/gnocchi.a784be60-52a2-4952-b262-5ea96c49c64d?format=json&states=listing" "tx08b27d6995a0478f8d2d6-006924fb60" "proxy-server 90340" 0.0021 "-" 97263 0
Nov 24 19:42:08 np0005534223.novalocal proxy-server[90340]: ::1 ::1 25/Nov/2025/00/42/08 GET /v1/AUTH_34047920d4864ad78d85d02365686cf8/gnocchi.a784be60-52a2-4952-b262-5ea96c49c64d%3Fformat%3Djson%26states%3Dlisting HTTP/1.0 200 - python-swiftclient-4.2.0 gAAAAABpJPsEC1e4... - 2 - tx08b27d6995a0478f8d2d6-006924fb60 - 0.0145 - - 1764031328.847670078 1764031328.862179518 0
Nov 24 19:42:08 np0005534223.novalocal object-server[97567]: ::1 - - [25/Nov/2025:00:42:08 +0000] "GET /1/91443/AUTH_34047920d4864ad78d85d02365686cf8/gnocchi.a784be60-52a2-4952-b262-5ea96c49c64d/1763640000.0_mean_300.0_v3" 404 70 "GET http://[::1]:8080/v1/AUTH_34047920d4864ad78d85d02365686cf8/gnocchi.a784be60-52a2-4952-b262-5ea96c49c64d/1763640000.0_mean_300.0_v3" "txc5e3fa4f942642bd9d858-006924fb60" "proxy-server 90340" 0.0003 "-" 97567 0
Nov 24 19:42:08 np0005534223.novalocal object-server[97568]: ::1 - - [25/Nov/2025:00:42:08 +0000] "GET /3/91443/AUTH_34047920d4864ad78d85d02365686cf8/gnocchi.a784be60-52a2-4952-b262-5ea96c49c64d/1763640000.0_mean_300.0_v3" 404 70 "GET http://[::1]:8080/v1/AUTH_34047920d4864ad78d85d02365686cf8/gnocchi.a784be60-52a2-4952-b262-5ea96c49c64d/1763640000.0_mean_300.0_v3" "txc5e3fa4f942642bd9d858-006924fb60" "proxy-server 90340" 0.0004 "-" 97568 0
Nov 24 19:42:08 np0005534223.novalocal object-server[97567]: ::1 - - [25/Nov/2025:00:42:08 +0000] "GET /2/91443/AUTH_34047920d4864ad78d85d02365686cf8/gnocchi.a784be60-52a2-4952-b262-5ea96c49c64d/1763640000.0_mean_300.0_v3" 404 70 "GET http://[::1]:8080/v1/AUTH_34047920d4864ad78d85d02365686cf8/gnocchi.a784be60-52a2-4952-b262-5ea96c49c64d/1763640000.0_mean_300.0_v3" "txc5e3fa4f942642bd9d858-006924fb60" "proxy-server 90340" 0.0002 "-" 97567 0
Nov 24 19:42:08 np0005534223.novalocal proxy-server[90340]: ::1 ::1 25/Nov/2025/00/42/08 GET /v1/AUTH_34047920d4864ad78d85d02365686cf8/gnocchi.a784be60-52a2-4952-b262-5ea96c49c64d/1763640000.0_mean_300.0_v3 HTTP/1.0 404 - python-swiftclient-4.2.0 gAAAAABpJPsEC1e4... - 70 - txc5e3fa4f942642bd9d858-006924fb60 - 0.0128 - - 1764031328.865638256 1764031328.878487349 0
Nov 24 19:42:08 np0005534223.novalocal container-server[97262]: ::1 - - [25/Nov/2025:00:42:08 +0000] "PUT /2/254423/AUTH_34047920d4864ad78d85d02365686cf8/gnocchi.a784be60-52a2-4952-b262-5ea96c49c64d/1763640000.0_mean_300.0_v3" 201 - "PUT http://[::1]:8080/1/91443/AUTH_34047920d4864ad78d85d02365686cf8/gnocchi.a784be60-52a2-4952-b262-5ea96c49c64d/1763640000.0_mean_300.0_v3" "tx872353b3f4b341d99d1bf-006924fb60" "object-server 97568" 0.0008 "-" 97262 0
Nov 24 19:42:08 np0005534223.novalocal container-server[97261]: ::1 - - [25/Nov/2025:00:42:08 +0000] "PUT /3/254423/AUTH_34047920d4864ad78d85d02365686cf8/gnocchi.a784be60-52a2-4952-b262-5ea96c49c64d/1763640000.0_mean_300.0_v3" 201 - "PUT http://[::1]:8080/3/91443/AUTH_34047920d4864ad78d85d02365686cf8/gnocchi.a784be60-52a2-4952-b262-5ea96c49c64d/1763640000.0_mean_300.0_v3" "tx872353b3f4b341d99d1bf-006924fb60" "object-server 97567" 0.0006 "-" 97261 0
Nov 24 19:42:08 np0005534223.novalocal object-server[97567]: ::1 - - [25/Nov/2025:00:42:08 +0000] "PUT /3/91443/AUTH_34047920d4864ad78d85d02365686cf8/gnocchi.a784be60-52a2-4952-b262-5ea96c49c64d/1763640000.0_mean_300.0_v3" 201 - "PUT http://[::1]:8080/v1/AUTH_34047920d4864ad78d85d02365686cf8/gnocchi.a784be60-52a2-4952-b262-5ea96c49c64d/1763640000.0_mean_300.0_v3" "tx872353b3f4b341d99d1bf-006924fb60" "proxy-server 90340" 0.0118 "-" 97567 0
Nov 24 19:42:08 np0005534223.novalocal object-server[97568]: ::1 - - [25/Nov/2025:00:42:08 +0000] "PUT /1/91443/AUTH_34047920d4864ad78d85d02365686cf8/gnocchi.a784be60-52a2-4952-b262-5ea96c49c64d/1763640000.0_mean_300.0_v3" 201 - "PUT http://[::1]:8080/v1/AUTH_34047920d4864ad78d85d02365686cf8/gnocchi.a784be60-52a2-4952-b262-5ea96c49c64d/1763640000.0_mean_300.0_v3" "tx872353b3f4b341d99d1bf-006924fb60" "proxy-server 90340" 0.0121 "-" 97568 0
Nov 24 19:42:08 np0005534223.novalocal container-server[97262]: ::1 - - [25/Nov/2025:00:42:08 +0000] "PUT /1/254423/AUTH_34047920d4864ad78d85d02365686cf8/gnocchi.a784be60-52a2-4952-b262-5ea96c49c64d/1763640000.0_mean_300.0_v3" 201 - "PUT http://[::1]:8080/2/91443/AUTH_34047920d4864ad78d85d02365686cf8/gnocchi.a784be60-52a2-4952-b262-5ea96c49c64d/1763640000.0_mean_300.0_v3" "tx872353b3f4b341d99d1bf-006924fb60" "object-server 97566" 0.0009 "-" 97262 0
Nov 24 19:42:08 np0005534223.novalocal object-server[97566]: ::1 - - [25/Nov/2025:00:42:08 +0000] "PUT /2/91443/AUTH_34047920d4864ad78d85d02365686cf8/gnocchi.a784be60-52a2-4952-b262-5ea96c49c64d/1763640000.0_mean_300.0_v3" 201 - "PUT http://[::1]:8080/v1/AUTH_34047920d4864ad78d85d02365686cf8/gnocchi.a784be60-52a2-4952-b262-5ea96c49c64d/1763640000.0_mean_300.0_v3" "tx872353b3f4b341d99d1bf-006924fb60" "proxy-server 90340" 0.0121 "-" 97566 0
Nov 24 19:42:08 np0005534223.novalocal proxy-server[90340]: ::1 ::1 25/Nov/2025/00/42/08 PUT /v1/AUTH_34047920d4864ad78d85d02365686cf8/gnocchi.a784be60-52a2-4952-b262-5ea96c49c64d/1763640000.0_mean_300.0_v3 HTTP/1.0 201 - python-swiftclient-4.2.0 gAAAAABpJPsEC1e4... 16 - - tx872353b3f4b341d99d1bf-006924fb60 - 0.0217 - - 1764031328.881187439 1764031328.902876854 0
Nov 24 19:42:08 np0005534223.novalocal container-server[97264]: ::1 - - [25/Nov/2025:00:42:08 +0000] "PUT /3/254423/AUTH_34047920d4864ad78d85d02365686cf8/gnocchi.a784be60-52a2-4952-b262-5ea96c49c64d/none_v3" 201 - "PUT http://[::1]:8080/3/41700/AUTH_34047920d4864ad78d85d02365686cf8/gnocchi.a784be60-52a2-4952-b262-5ea96c49c64d/none_v3" "tx4a1fa2f610ab4d7488ba8-006924fb60" "object-server 97568" 0.0005 "-" 97264 0
Nov 24 19:42:08 np0005534223.novalocal container-server[97261]: ::1 - - [25/Nov/2025:00:42:08 +0000] "PUT /1/254423/AUTH_34047920d4864ad78d85d02365686cf8/gnocchi.a784be60-52a2-4952-b262-5ea96c49c64d/none_v3" 201 - "PUT http://[::1]:8080/2/41700/AUTH_34047920d4864ad78d85d02365686cf8/gnocchi.a784be60-52a2-4952-b262-5ea96c49c64d/none_v3" "tx4a1fa2f610ab4d7488ba8-006924fb60" "object-server 97569" 0.0006 "-" 97261 0
Nov 24 19:42:08 np0005534223.novalocal object-server[97568]: ::1 - - [25/Nov/2025:00:42:08 +0000] "PUT /3/41700/AUTH_34047920d4864ad78d85d02365686cf8/gnocchi.a784be60-52a2-4952-b262-5ea96c49c64d/none_v3" 201 - "PUT http://[::1]:8080/v1/AUTH_34047920d4864ad78d85d02365686cf8/gnocchi.a784be60-52a2-4952-b262-5ea96c49c64d/none_v3" "tx4a1fa2f610ab4d7488ba8-006924fb60" "proxy-server 90340" 0.0132 "-" 97568 0
Nov 24 19:42:08 np0005534223.novalocal object-server[97569]: ::1 - - [25/Nov/2025:00:42:08 +0000] "PUT /2/41700/AUTH_34047920d4864ad78d85d02365686cf8/gnocchi.a784be60-52a2-4952-b262-5ea96c49c64d/none_v3" 201 - "PUT http://[::1]:8080/v1/AUTH_34047920d4864ad78d85d02365686cf8/gnocchi.a784be60-52a2-4952-b262-5ea96c49c64d/none_v3" "tx4a1fa2f610ab4d7488ba8-006924fb60" "proxy-server 90340" 0.0118 "-" 97569 0
Nov 24 19:42:08 np0005534223.novalocal container-server[97264]: ::1 - - [25/Nov/2025:00:42:08 +0000] "PUT /2/254423/AUTH_34047920d4864ad78d85d02365686cf8/gnocchi.a784be60-52a2-4952-b262-5ea96c49c64d/none_v3" 201 - "PUT http://[::1]:8080/1/41700/AUTH_34047920d4864ad78d85d02365686cf8/gnocchi.a784be60-52a2-4952-b262-5ea96c49c64d/none_v3" "tx4a1fa2f610ab4d7488ba8-006924fb60" "object-server 97567" 0.0004 "-" 97264 0
Nov 24 19:42:08 np0005534223.novalocal object-server[97567]: ::1 - - [25/Nov/2025:00:42:08 +0000] "PUT /1/41700/AUTH_34047920d4864ad78d85d02365686cf8/gnocchi.a784be60-52a2-4952-b262-5ea96c49c64d/none_v3" 201 - "PUT http://[::1]:8080/v1/AUTH_34047920d4864ad78d85d02365686cf8/gnocchi.a784be60-52a2-4952-b262-5ea96c49c64d/none_v3" "tx4a1fa2f610ab4d7488ba8-006924fb60" "proxy-server 90340" 0.0173 "-" 97567 0
Nov 24 19:42:08 np0005534223.novalocal proxy-server[90340]: ::1 ::1 25/Nov/2025/00/42/08 PUT /v1/AUTH_34047920d4864ad78d85d02365686cf8/gnocchi.a784be60-52a2-4952-b262-5ea96c49c64d/none_v3 HTTP/1.0 201 - python-swiftclient-4.2.0 gAAAAABpJPsEC1e4... 22 - - tx4a1fa2f610ab4d7488ba8-006924fb60 - 0.0246 - - 1764031328.905541897 1764031328.930158615 0
Nov 24 19:42:11 np0005534223.novalocal kernel: qbrfe73c0c7-3f: port 2(tapfe73c0c7-3f) entered disabled state
Nov 24 19:42:11 np0005534223.novalocal kernel: tapfe73c0c7-3f (unregistering): left allmulticast mode
Nov 24 19:42:11 np0005534223.novalocal kernel: tapfe73c0c7-3f (unregistering): left promiscuous mode
Nov 24 19:42:11 np0005534223.novalocal kernel: qbrfe73c0c7-3f: port 2(tapfe73c0c7-3f) entered disabled state
Nov 24 19:42:11 np0005534223.novalocal NetworkManager[855]: [1764031331.2969] device (tapfe73c0c7-3f): state change: activated -> unmanaged (reason 'unmanaged', managed-type: 'removed')
Nov 24 19:42:11 np0005534223.novalocal NetworkManager[855]: [1764031331.2975] device (tapfe73c0c7-3f): released from controller device qbrfe73c0c7-3f
Nov 24 19:42:11 np0005534223.novalocal systemd[1]: machine-qemu\x2d3\x2dinstance\x2d00000003.scope: Deactivated successfully.
Nov 24 19:42:11 np0005534223.novalocal systemd[1]: machine-qemu\x2d3\x2dinstance\x2d00000003.scope: Consumed 3.291s CPU time.
Nov 24 19:42:11 np0005534223.novalocal systemd-machined[94387]: Machine qemu-3-instance-00000003 terminated.
Nov 24 19:42:11 np0005534223.novalocal object-server[97567]: ::1 - - [25/Nov/2025:00:42:11 +0000] "GET /3/202329/AUTH_34047920d4864ad78d85d02365686cf8/gnocchi.00cc3021-89bc-4556-a5a6-0b8e5e8d5cf7/none_v3" 200 22 "GET http://[::1]:8080/v1/AUTH_34047920d4864ad78d85d02365686cf8/gnocchi.00cc3021-89bc-4556-a5a6-0b8e5e8d5cf7/none_v3" "tx1ea06c23a7b5425aae541-006924fb63" "proxy-server 90339" 0.0007 "-" 97567 0
Nov 24 19:42:11 np0005534223.novalocal proxy-server[90339]: ::1 ::1 25/Nov/2025/00/42/11 GET /v1/AUTH_34047920d4864ad78d85d02365686cf8/gnocchi.00cc3021-89bc-4556-a5a6-0b8e5e8d5cf7/none_v3 HTTP/1.0 200 - python-swiftclient-4.2.0 gAAAAABpJPsEg9N3... - 22 - tx1ea06c23a7b5425aae541-006924fb63 - 0.0063 - - 1764031331.411937237 1764031331.418247223 0
Nov 24 19:42:11 np0005534223.novalocal object-server[97568]: ::1 - - [25/Nov/2025:00:42:11 +0000] "GET /1/178041/AUTH_34047920d4864ad78d85d02365686cf8/gnocchi.9b4ccbe3-a54f-4b54-a4c2-43458dba13ca/none_v3" 200 22 "GET http://[::1]:8080/v1/AUTH_34047920d4864ad78d85d02365686cf8/gnocchi.9b4ccbe3-a54f-4b54-a4c2-43458dba13ca/none_v3" "txaed3fcd0bdd34f139c9de-006924fb63" "proxy-server 90340" 0.0006 "-" 97568 0
Nov 24 19:42:11 np0005534223.novalocal proxy-server[90340]: ::1 ::1 25/Nov/2025/00/42/11 GET /v1/AUTH_34047920d4864ad78d85d02365686cf8/gnocchi.9b4ccbe3-a54f-4b54-a4c2-43458dba13ca/none_v3 HTTP/1.0 200 - python-swiftclient-4.2.0 gAAAAABpJPsEC1e4... - 22 - txaed3fcd0bdd34f139c9de-006924fb63 - 0.0065 - - 1764031331.416821480 1764031331.423304081 0
Nov 24 19:42:11 np0005534223.novalocal container-server[97264]: ::1 - - [25/Nov/2025:00:42:11 +0000] "GET /3/97342/AUTH_34047920d4864ad78d85d02365686cf8/gnocchi.00cc3021-89bc-4556-a5a6-0b8e5e8d5cf7" 200 357 "GET http://[::1]:8080/v1/AUTH_34047920d4864ad78d85d02365686cf8/gnocchi.00cc3021-89bc-4556-a5a6-0b8e5e8d5cf7?format=json&states=listing" "txfed860539e3a4a0a9be19-006924fb63" "proxy-server 90339" 0.0070 "-" 97264 0
Nov 24 19:42:11 np0005534223.novalocal proxy-server[90339]: ::1 ::1 25/Nov/2025/00/42/11 GET /v1/AUTH_34047920d4864ad78d85d02365686cf8/gnocchi.00cc3021-89bc-4556-a5a6-0b8e5e8d5cf7%3Fformat%3Djson%26states%3Dlisting HTTP/1.0 200 - python-swiftclient-4.2.0 gAAAAABpJPsEg9N3... - 357 - txfed860539e3a4a0a9be19-006924fb63 - 0.0119 - - 1764031331.422164917 1764031331.434034109 0
Nov 24 19:42:11 np0005534223.novalocal container-server[97264]: ::1 - - [25/Nov/2025:00:42:11 +0000] "GET /3/177922/AUTH_34047920d4864ad78d85d02365686cf8/gnocchi.9b4ccbe3-a54f-4b54-a4c2-43458dba13ca" 200 357 "GET http://[::1]:8080/v1/AUTH_34047920d4864ad78d85d02365686cf8/gnocchi.9b4ccbe3-a54f-4b54-a4c2-43458dba13ca?format=json&states=listing" "tx7342d3752c804241bf9e4-006924fb63" "proxy-server 90340" 0.0060 "-" 97264 0
Nov 24 19:42:11 np0005534223.novalocal proxy-server[90340]: ::1 ::1 25/Nov/2025/00/42/11 GET /v1/AUTH_34047920d4864ad78d85d02365686cf8/gnocchi.9b4ccbe3-a54f-4b54-a4c2-43458dba13ca%3Fformat%3Djson%26states%3Dlisting HTTP/1.0 200 - python-swiftclient-4.2.0 gAAAAABpJPsEC1e4... - 357 - tx7342d3752c804241bf9e4-006924fb63 - 0.0115 - - 1764031331.426055193 1764031331.437572002 0
Nov 24 19:42:11 np0005534223.novalocal container-server[97261]: ::1 - - [25/Nov/2025:00:42:11 +0000] "GET /3/97342/AUTH_34047920d4864ad78d85d02365686cf8/gnocchi.00cc3021-89bc-4556-a5a6-0b8e5e8d5cf7" 200 2 "GET http://[::1]:8080/v1/AUTH_34047920d4864ad78d85d02365686cf8/gnocchi.00cc3021-89bc-4556-a5a6-0b8e5e8d5cf7?format=json&marker=none_v3&states=listing" "tx6a2751a9c3de4324a84f5-006924fb63" "proxy-server 90339" 0.0019 "-" 97261 0
Nov 24 19:42:11 np0005534223.novalocal proxy-server[90339]: ::1 ::1 25/Nov/2025/00/42/11 GET /v1/AUTH_34047920d4864ad78d85d02365686cf8/gnocchi.00cc3021-89bc-4556-a5a6-0b8e5e8d5cf7%3Fformat%3Djson%26marker%3Dnone_v3%26states%3Dlisting HTTP/1.0 200 - python-swiftclient-4.2.0 gAAAAABpJPsEg9N3... - 2 - tx6a2751a9c3de4324a84f5-006924fb63 - 0.0075 - - 1764031331.436155796 1764031331.443699121 0
Nov 24 19:42:11 np0005534223.novalocal object-server[97568]: ::1 - - [25/Nov/2025:00:42:11 +0000] "GET /2/201501/AUTH_34047920d4864ad78d85d02365686cf8/gnocchi.00cc3021-89bc-4556-a5a6-0b8e5e8d5cf7/1763640000.0_mean_300.0_v3" 200 16 "GET http://[::1]:8080/v1/AUTH_34047920d4864ad78d85d02365686cf8/gnocchi.00cc3021-89bc-4556-a5a6-0b8e5e8d5cf7/1763640000.0_mean_300.0_v3" "tx2964ca9f90e745c0980bf-006924fb63" "proxy-server 90339" 0.0005 "-" 97568 0
Nov 24 19:42:11 np0005534223.novalocal proxy-server[90339]: ::1 ::1 25/Nov/2025/00/42/11 GET /v1/AUTH_34047920d4864ad78d85d02365686cf8/gnocchi.00cc3021-89bc-4556-a5a6-0b8e5e8d5cf7/1763640000.0_mean_300.0_v3 HTTP/1.0 200 - python-swiftclient-4.2.0 gAAAAABpJPsEg9N3... - 16 - tx2964ca9f90e745c0980bf-006924fb63 - 0.0074 - - 1764031331.446649790 1764031331.454071522 0
Nov 24 19:42:11 np0005534223.novalocal container-server[97264]: ::1 - - [25/Nov/2025:00:42:11 +0000] "GET /1/177922/AUTH_34047920d4864ad78d85d02365686cf8/gnocchi.9b4ccbe3-a54f-4b54-a4c2-43458dba13ca" 200 2 "GET http://[::1]:8080/v1/AUTH_34047920d4864ad78d85d02365686cf8/gnocchi.9b4ccbe3-a54f-4b54-a4c2-43458dba13ca?format=json&marker=none_v3&states=listing" "tx134759cbe4814e3f876d9-006924fb63" "proxy-server 90340" 0.0055 "-" 97264 0
Nov 24 19:42:11 np0005534223.novalocal proxy-server[90340]: ::1 ::1 25/Nov/2025/00/42/11 GET /v1/AUTH_34047920d4864ad78d85d02365686cf8/gnocchi.9b4ccbe3-a54f-4b54-a4c2-43458dba13ca%3Fformat%3Djson%26marker%3Dnone_v3%26states%3Dlisting HTTP/1.0 200 - python-swiftclient-4.2.0 gAAAAABpJPsEC1e4... - 2 - tx134759cbe4814e3f876d9-006924fb63 - 0.0135 - - 1764031331.442914963 1764031331.456374884 0
Nov 24 19:42:11 np0005534223.novalocal object-server[97568]: ::1 - - [25/Nov/2025:00:42:11 +0000] "GET /3/167407/AUTH_34047920d4864ad78d85d02365686cf8/gnocchi.9b4ccbe3-a54f-4b54-a4c2-43458dba13ca/1763640000.0_mean_300.0_v3" 200 16 "GET http://[::1]:8080/v1/AUTH_34047920d4864ad78d85d02365686cf8/gnocchi.9b4ccbe3-a54f-4b54-a4c2-43458dba13ca/1763640000.0_mean_300.0_v3" "txf42cc68afbf94a96ab318-006924fb63" "proxy-server 90340" 0.0006 "-" 97568 0
Nov 24 19:42:11 np0005534223.novalocal proxy-server[90340]: ::1 ::1 25/Nov/2025/00/42/11 GET /v1/AUTH_34047920d4864ad78d85d02365686cf8/gnocchi.9b4ccbe3-a54f-4b54-a4c2-43458dba13ca/1763640000.0_mean_300.0_v3 HTTP/1.0 200 - python-swiftclient-4.2.0 gAAAAABpJPsEC1e4... - 16 - txf42cc68afbf94a96ab318-006924fb63 - 0.0111 - - 1764031331.460032701 1764031331.471164703 0
Nov 24 19:42:11 np0005534223.novalocal container-server[97261]: ::1 - - [25/Nov/2025:00:42:11 +0000] "PUT /2/97342/AUTH_34047920d4864ad78d85d02365686cf8/gnocchi.00cc3021-89bc-4556-a5a6-0b8e5e8d5cf7/1763640000.0_mean_300.0_v3" 201 - "PUT http://[::1]:8080/3/201501/AUTH_34047920d4864ad78d85d02365686cf8/gnocchi.00cc3021-89bc-4556-a5a6-0b8e5e8d5cf7/1763640000.0_mean_300.0_v3" "txd8484e432bb34a69b4ce1-006924fb63" "object-server 97567" 0.0004 "-" 97261 0
Nov 24 19:42:11 np0005534223.novalocal object-server[97567]: ::1 - - [25/Nov/2025:00:42:11 +0000] "PUT /3/201501/AUTH_34047920d4864ad78d85d02365686cf8/gnocchi.00cc3021-89bc-4556-a5a6-0b8e5e8d5cf7/1763640000.0_mean_300.0_v3" 201 - "PUT http://[::1]:8080/v1/AUTH_34047920d4864ad78d85d02365686cf8/gnocchi.00cc3021-89bc-4556-a5a6-0b8e5e8d5cf7/1763640000.0_mean_300.0_v3" "txd8484e432bb34a69b4ce1-006924fb63" "proxy-server 90339" 0.0103 "-" 97567 0
Nov 24 19:42:11 np0005534223.novalocal container-server[97263]: ::1 - - [25/Nov/2025:00:42:11 +0000] "PUT /3/97342/AUTH_34047920d4864ad78d85d02365686cf8/gnocchi.00cc3021-89bc-4556-a5a6-0b8e5e8d5cf7/1763640000.0_mean_300.0_v3" 201 - "PUT http://[::1]:8080/1/201501/AUTH_34047920d4864ad78d85d02365686cf8/gnocchi.00cc3021-89bc-4556-a5a6-0b8e5e8d5cf7/1763640000.0_mean_300.0_v3" "txd8484e432bb34a69b4ce1-006924fb63" "object-server 97569" 0.0005 "-" 97263 0
Nov 24 19:42:11 np0005534223.novalocal container-server[97262]: ::1 - - [25/Nov/2025:00:42:11 +0000] "PUT /1/97342/AUTH_34047920d4864ad78d85d02365686cf8/gnocchi.00cc3021-89bc-4556-a5a6-0b8e5e8d5cf7/1763640000.0_mean_300.0_v3" 201 - "PUT http://[::1]:8080/2/201501/AUTH_34047920d4864ad78d85d02365686cf8/gnocchi.00cc3021-89bc-4556-a5a6-0b8e5e8d5cf7/1763640000.0_mean_300.0_v3" "txd8484e432bb34a69b4ce1-006924fb63" "object-server 97569" 0.0006 "-" 97262 0
Nov 24 19:42:11 np0005534223.novalocal object-server[97569]: ::1 - - [25/Nov/2025:00:42:11 +0000] "PUT /1/201501/AUTH_34047920d4864ad78d85d02365686cf8/gnocchi.00cc3021-89bc-4556-a5a6-0b8e5e8d5cf7/1763640000.0_mean_300.0_v3" 201 - "PUT http://[::1]:8080/v1/AUTH_34047920d4864ad78d85d02365686cf8/gnocchi.00cc3021-89bc-4556-a5a6-0b8e5e8d5cf7/1763640000.0_mean_300.0_v3" "txd8484e432bb34a69b4ce1-006924fb63" "proxy-server 90339" 0.0104 "-" 97569 0
Nov 24 19:42:11 np0005534223.novalocal object-server[97569]: ::1 - - [25/Nov/2025:00:42:11 +0000] "PUT /2/201501/AUTH_34047920d4864ad78d85d02365686cf8/gnocchi.00cc3021-89bc-4556-a5a6-0b8e5e8d5cf7/1763640000.0_mean_300.0_v3" 201 - "PUT http://[::1]:8080/v1/AUTH_34047920d4864ad78d85d02365686cf8/gnocchi.00cc3021-89bc-4556-a5a6-0b8e5e8d5cf7/1763640000.0_mean_300.0_v3" "txd8484e432bb34a69b4ce1-006924fb63" "proxy-server 90339" 0.0121 "-" 97569 0
Nov 24 19:42:11 np0005534223.novalocal proxy-server[90339]: ::1 ::1 25/Nov/2025/00/42/11 PUT /v1/AUTH_34047920d4864ad78d85d02365686cf8/gnocchi.00cc3021-89bc-4556-a5a6-0b8e5e8d5cf7/1763640000.0_mean_300.0_v3 HTTP/1.0 201 - python-swiftclient-4.2.0 gAAAAABpJPsEg9N3... 16 - - txd8484e432bb34a69b4ce1-006924fb63 - 0.0226 - - 1764031331.456685305 1764031331.479288578 0
Nov 24 19:42:11 np0005534223.novalocal kernel: MODE SENSE: unimplemented page/subpage: 0x0a/0x05
Nov 24 19:42:11 np0005534223.novalocal container-server[97263]: ::1 - - [25/Nov/2025:00:42:11 +0000] "PUT /3/177922/AUTH_34047920d4864ad78d85d02365686cf8/gnocchi.9b4ccbe3-a54f-4b54-a4c2-43458dba13ca/1763640000.0_mean_300.0_v3" 201 - "PUT http://[::1]:8080/2/167407/AUTH_34047920d4864ad78d85d02365686cf8/gnocchi.9b4ccbe3-a54f-4b54-a4c2-43458dba13ca/1763640000.0_mean_300.0_v3" "txdf7f4e23bc104010a7cab-006924fb63" "object-server 97566" 0.0005 "-" 97263 0
Nov 24 19:42:11 np0005534223.novalocal object-server[97566]: ::1 - - [25/Nov/2025:00:42:11 +0000] "PUT /2/167407/AUTH_34047920d4864ad78d85d02365686cf8/gnocchi.9b4ccbe3-a54f-4b54-a4c2-43458dba13ca/1763640000.0_mean_300.0_v3" 201 - "PUT http://[::1]:8080/v1/AUTH_34047920d4864ad78d85d02365686cf8/gnocchi.9b4ccbe3-a54f-4b54-a4c2-43458dba13ca/1763640000.0_mean_300.0_v3" "txdf7f4e23bc104010a7cab-006924fb63" "proxy-server 90340" 0.0136 "-" 97566 0
Nov 24 19:42:11 np0005534223.novalocal container-server[97264]: ::1 - - [25/Nov/2025:00:42:11 +0000] "PUT /1/177922/AUTH_34047920d4864ad78d85d02365686cf8/gnocchi.9b4ccbe3-a54f-4b54-a4c2-43458dba13ca/1763640000.0_mean_300.0_v3" 201 - "PUT http://[::1]:8080/1/167407/AUTH_34047920d4864ad78d85d02365686cf8/gnocchi.9b4ccbe3-a54f-4b54-a4c2-43458dba13ca/1763640000.0_mean_300.0_v3" "txdf7f4e23bc104010a7cab-006924fb63" "object-server 97567" 0.0004 "-" 97264 0
Nov 24 19:42:11 np0005534223.novalocal object-server[97567]: ::1 - - [25/Nov/2025:00:42:11 +0000] "PUT /1/167407/AUTH_34047920d4864ad78d85d02365686cf8/gnocchi.9b4ccbe3-a54f-4b54-a4c2-43458dba13ca/1763640000.0_mean_300.0_v3" 201 - "PUT http://[::1]:8080/v1/AUTH_34047920d4864ad78d85d02365686cf8/gnocchi.9b4ccbe3-a54f-4b54-a4c2-43458dba13ca/1763640000.0_mean_300.0_v3" "txdf7f4e23bc104010a7cab-006924fb63" "proxy-server 90340" 0.0098 "-" 97567 0
Nov 24 19:42:11 np0005534223.novalocal container-server[97262]: ::1 - - [25/Nov/2025:00:42:11 +0000] "PUT /2/177922/AUTH_34047920d4864ad78d85d02365686cf8/gnocchi.9b4ccbe3-a54f-4b54-a4c2-43458dba13ca/1763640000.0_mean_300.0_v3" 201 - "PUT http://[::1]:8080/3/167407/AUTH_34047920d4864ad78d85d02365686cf8/gnocchi.9b4ccbe3-a54f-4b54-a4c2-43458dba13ca/1763640000.0_mean_300.0_v3" "txdf7f4e23bc104010a7cab-006924fb63" "object-server 97568" 0.0005 "-" 97262 0
Nov 24 19:42:11 np0005534223.novalocal object-server[97568]: ::1 - - [25/Nov/2025:00:42:11 +0000] "PUT /3/167407/AUTH_34047920d4864ad78d85d02365686cf8/gnocchi.9b4ccbe3-a54f-4b54-a4c2-43458dba13ca/1763640000.0_mean_300.0_v3" 201 - "PUT http://[::1]:8080/v1/AUTH_34047920d4864ad78d85d02365686cf8/gnocchi.9b4ccbe3-a54f-4b54-a4c2-43458dba13ca/1763640000.0_mean_300.0_v3" "txdf7f4e23bc104010a7cab-006924fb63" "proxy-server 90340" 0.0159 "-" 97568 0
Nov 24 19:42:11 np0005534223.novalocal kernel: GPT:Primary header thinks Alt. header is not at the end of the disk.
Nov 24 19:42:11 np0005534223.novalocal kernel: GPT:229375 != 2097151
Nov 24 19:42:11 np0005534223.novalocal kernel: GPT:Alternate GPT header not at the end of the disk.
Nov 24 19:42:11 np0005534223.novalocal kernel: GPT:229375 != 2097151
Nov 24 19:42:11 np0005534223.novalocal kernel: GPT: Use GNU Parted to correct GPT errors.
Nov 24 19:42:11 np0005534223.novalocal kernel: sda: sda1 sda15
Nov 24 19:42:11 np0005534223.novalocal proxy-server[90340]: ::1 ::1 25/Nov/2025/00/42/11 PUT /v1/AUTH_34047920d4864ad78d85d02365686cf8/gnocchi.9b4ccbe3-a54f-4b54-a4c2-43458dba13ca/1763640000.0_mean_300.0_v3 HTTP/1.0 201 - python-swiftclient-4.2.0 gAAAAABpJPsEC1e4... 16 - - txdf7f4e23bc104010a7cab-006924fb63 - 0.0242 - - 1764031331.475140095 1764031331.499330044 0
Nov 24 19:42:11 np0005534223.novalocal container-server[97261]: ::1 - - [25/Nov/2025:00:42:11 +0000] "PUT /2/97342/AUTH_34047920d4864ad78d85d02365686cf8/gnocchi.00cc3021-89bc-4556-a5a6-0b8e5e8d5cf7/none_v3" 201 - "PUT http://[::1]:8080/2/202329/AUTH_34047920d4864ad78d85d02365686cf8/gnocchi.00cc3021-89bc-4556-a5a6-0b8e5e8d5cf7/none_v3" "tx2d6c4a9d1c3042109ae80-006924fb63" "object-server 97566" 0.0005 "-" 97261 0
Nov 24 19:42:11 np0005534223.novalocal object-server[97566]: ::1 - - [25/Nov/2025:00:42:11 +0000] "PUT /2/202329/AUTH_34047920d4864ad78d85d02365686cf8/gnocchi.00cc3021-89bc-4556-a5a6-0b8e5e8d5cf7/none_v3" 201 - "PUT http://[::1]:8080/v1/AUTH_34047920d4864ad78d85d02365686cf8/gnocchi.00cc3021-89bc-4556-a5a6-0b8e5e8d5cf7/none_v3" "tx2d6c4a9d1c3042109ae80-006924fb63" "proxy-server 90339" 0.0101 "-" 97566 0
Nov 24 19:42:11 np0005534223.novalocal container-server[97261]: ::1 - - [25/Nov/2025:00:42:11 +0000] "PUT /3/97342/AUTH_34047920d4864ad78d85d02365686cf8/gnocchi.00cc3021-89bc-4556-a5a6-0b8e5e8d5cf7/none_v3" 201 - "PUT http://[::1]:8080/3/202329/AUTH_34047920d4864ad78d85d02365686cf8/gnocchi.00cc3021-89bc-4556-a5a6-0b8e5e8d5cf7/none_v3" "tx2d6c4a9d1c3042109ae80-006924fb63" "object-server 97568" 0.0003 "-" 97261 0
Nov 24 19:42:11 np0005534223.novalocal kernel: MODE SENSE: unimplemented page/subpage: 0x0a/0x05
Nov 24 19:42:11 np0005534223.novalocal object-server[97568]: ::1 - - [25/Nov/2025:00:42:11 +0000] "PUT /3/202329/AUTH_34047920d4864ad78d85d02365686cf8/gnocchi.00cc3021-89bc-4556-a5a6-0b8e5e8d5cf7/none_v3" 201 - "PUT http://[::1]:8080/v1/AUTH_34047920d4864ad78d85d02365686cf8/gnocchi.00cc3021-89bc-4556-a5a6-0b8e5e8d5cf7/none_v3" "tx2d6c4a9d1c3042109ae80-006924fb63" "proxy-server 90339" 0.0166 "-" 97568 0
Nov 24 19:42:11 np0005534223.novalocal container-server[97262]: ::1 - - [25/Nov/2025:00:42:11 +0000] "PUT /2/177922/AUTH_34047920d4864ad78d85d02365686cf8/gnocchi.9b4ccbe3-a54f-4b54-a4c2-43458dba13ca/none_v3" 201 - "PUT http://[::1]:8080/2/178041/AUTH_34047920d4864ad78d85d02365686cf8/gnocchi.9b4ccbe3-a54f-4b54-a4c2-43458dba13ca/none_v3" "tx394d21cad177482b93c92-006924fb63" "object-server 97567" 0.0005 "-" 97262 0
Nov 24 19:42:11 np0005534223.novalocal object-server[97567]: ::1 - - [25/Nov/2025:00:42:11 +0000] "PUT /2/178041/AUTH_34047920d4864ad78d85d02365686cf8/gnocchi.9b4ccbe3-a54f-4b54-a4c2-43458dba13ca/none_v3" 201 - "PUT http://[::1]:8080/v1/AUTH_34047920d4864ad78d85d02365686cf8/gnocchi.9b4ccbe3-a54f-4b54-a4c2-43458dba13ca/none_v3" "tx394d21cad177482b93c92-006924fb63" "proxy-server 90340" 0.0083 "-" 97567 0
Nov 24 19:42:11 np0005534223.novalocal container-server[97263]: ::1 - - [25/Nov/2025:00:42:11 +0000] "PUT /1/97342/AUTH_34047920d4864ad78d85d02365686cf8/gnocchi.00cc3021-89bc-4556-a5a6-0b8e5e8d5cf7/none_v3" 201 - "PUT http://[::1]:8080/1/202329/AUTH_34047920d4864ad78d85d02365686cf8/gnocchi.00cc3021-89bc-4556-a5a6-0b8e5e8d5cf7/none_v3" "tx2d6c4a9d1c3042109ae80-006924fb63" "object-server 97569" 0.0004 "-" 97263 0
Nov 24 19:42:11 np0005534223.novalocal container-server[97261]: ::1 - - [25/Nov/2025:00:42:11 +0000] "PUT /1/177922/AUTH_34047920d4864ad78d85d02365686cf8/gnocchi.9b4ccbe3-a54f-4b54-a4c2-43458dba13ca/none_v3" 201 - "PUT http://[::1]:8080/3/178041/AUTH_34047920d4864ad78d85d02365686cf8/gnocchi.9b4ccbe3-a54f-4b54-a4c2-43458dba13ca/none_v3" "tx394d21cad177482b93c92-006924fb63" "object-server 97568" 0.0005 "-" 97261 0
Nov 24 19:42:11 np0005534223.novalocal object-server[97568]: ::1 - - [25/Nov/2025:00:42:11 +0000] "PUT /3/178041/AUTH_34047920d4864ad78d85d02365686cf8/gnocchi.9b4ccbe3-a54f-4b54-a4c2-43458dba13ca/none_v3" 201 - "PUT http://[::1]:8080/v1/AUTH_34047920d4864ad78d85d02365686cf8/gnocchi.9b4ccbe3-a54f-4b54-a4c2-43458dba13ca/none_v3" "tx394d21cad177482b93c92-006924fb63" "proxy-server 90340" 0.0124 "-" 97568 0
Nov 24 19:42:11 np0005534223.novalocal object-server[97569]: ::1 - - [25/Nov/2025:00:42:11 +0000] "PUT /1/202329/AUTH_34047920d4864ad78d85d02365686cf8/gnocchi.00cc3021-89bc-4556-a5a6-0b8e5e8d5cf7/none_v3" 201 - "PUT http://[::1]:8080/v1/AUTH_34047920d4864ad78d85d02365686cf8/gnocchi.00cc3021-89bc-4556-a5a6-0b8e5e8d5cf7/none_v3" "tx2d6c4a9d1c3042109ae80-006924fb63" "proxy-server 90339" 0.0247 "-" 97569 0
Nov 24 19:42:11 np0005534223.novalocal kernel: GPT:Primary header thinks Alt. header is not at the end of the disk.
Nov 24 19:42:11 np0005534223.novalocal kernel: GPT:229375 != 2097151
Nov 24 19:42:11 np0005534223.novalocal kernel: GPT:Alternate GPT header not at the end of the disk.
Nov 24 19:42:11 np0005534223.novalocal kernel: GPT:229375 != 2097151
Nov 24 19:42:11 np0005534223.novalocal kernel: GPT: Use GNU Parted to correct GPT errors.
Nov 24 19:42:11 np0005534223.novalocal kernel: sda: sda1 sda15
Nov 24 19:42:11 np0005534223.novalocal proxy-server[90339]: ::1 ::1 25/Nov/2025/00/42/11 PUT /v1/AUTH_34047920d4864ad78d85d02365686cf8/gnocchi.00cc3021-89bc-4556-a5a6-0b8e5e8d5cf7/none_v3 HTTP/1.0 201 - python-swiftclient-4.2.0 gAAAAABpJPsEg9N3... 31 - - tx2d6c4a9d1c3042109ae80-006924fb63 - 0.0344 - - 1764031331.486400366 1764031331.520825863 0
Nov 24 19:42:11 np0005534223.novalocal container-server[97262]: ::1 - - [25/Nov/2025:00:42:11 +0000] "PUT /3/177922/AUTH_34047920d4864ad78d85d02365686cf8/gnocchi.9b4ccbe3-a54f-4b54-a4c2-43458dba13ca/none_v3" 201 - "PUT http://[::1]:8080/1/178041/AUTH_34047920d4864ad78d85d02365686cf8/gnocchi.9b4ccbe3-a54f-4b54-a4c2-43458dba13ca/none_v3" "tx394d21cad177482b93c92-006924fb63" "object-server 97569" 0.0005 "-" 97262 0
