Nov 24 19:42:16 np0005534223.novalocal container-server[97262]: ::1 - - [25/Nov/2025:00:42:16 +0000] "PUT /2/177922/AUTH_34047920d4864ad78d85d02365686cf8/gnocchi.9b4ccbe3-a54f-4b54-a4c2-43458dba13ca/1763640000.0_mean_300.0_v3" 201 - "PUT http://[::1]:8080/3/167407/AUTH_34047920d4864ad78d85d02365686cf8/gnocchi.9b4ccbe3-a54f-4b54-a4c2-43458dba13ca/1763640000.0_mean_300.0_v3" "tx86e240453bac4200a0987-006924fb68" "object-server 97568" 0.0008 "-" 97262 0
Nov 24 19:42:16 np0005534223.novalocal object-server[97568]: ::1 - - [25/Nov/2025:00:42:16 +0000] "PUT /3/167407/AUTH_34047920d4864ad78d85d02365686cf8/gnocchi.9b4ccbe3-a54f-4b54-a4c2-43458dba13ca/1763640000.0_mean_300.0_v3" 201 - "PUT http://[::1]:8080/v1/AUTH_34047920d4864ad78d85d02365686cf8/gnocchi.9b4ccbe3-a54f-4b54-a4c2-43458dba13ca/1763640000.0_mean_300.0_v3" "tx86e240453bac4200a0987-006924fb68" "proxy-server 90340" 0.0101 "-" 97568 0
Nov 24 19:42:16 np0005534223.novalocal object-server[97567]: ::1 - - [25/Nov/2025:00:42:16 +0000] "PUT /1/167407/AUTH_34047920d4864ad78d85d02365686cf8/gnocchi.9b4ccbe3-a54f-4b54-a4c2-43458dba13ca/1763640000.0_mean_300.0_v3" 201 - "PUT http://[::1]:8080/v1/AUTH_34047920d4864ad78d85d02365686cf8/gnocchi.9b4ccbe3-a54f-4b54-a4c2-43458dba13ca/1763640000.0_mean_300.0_v3" "tx86e240453bac4200a0987-006924fb68" "proxy-server 90340" 0.0098 "-" 97567 0
Nov 24 19:42:16 np0005534223.novalocal container-server[97263]: ::1 - - [25/Nov/2025:00:42:16 +0000] "PUT /1/177922/AUTH_34047920d4864ad78d85d02365686cf8/gnocchi.9b4ccbe3-a54f-4b54-a4c2-43458dba13ca/1763640000.0_mean_300.0_v3" 201 - "PUT http://[::1]:8080/2/167407/AUTH_34047920d4864ad78d85d02365686cf8/gnocchi.9b4ccbe3-a54f-4b54-a4c2-43458dba13ca/1763640000.0_mean_300.0_v3" "tx86e240453bac4200a0987-006924fb68" "object-server 97569" 0.0003 "-" 97263 0
Nov 24 19:42:16 np0005534223.novalocal object-server[97569]: ::1 - - [25/Nov/2025:00:42:16 +0000] "PUT /2/167407/AUTH_34047920d4864ad78d85d02365686cf8/gnocchi.9b4ccbe3-a54f-4b54-a4c2-43458dba13ca/1763640000.0_mean_300.0_v3" 201 - "PUT http://[::1]:8080/v1/AUTH_34047920d4864ad78d85d02365686cf8/gnocchi.9b4ccbe3-a54f-4b54-a4c2-43458dba13ca/1763640000.0_mean_300.0_v3" "tx86e240453bac4200a0987-006924fb68" "proxy-server 90340" 0.0102 "-" 97569 0
Nov 24 19:42:16 np0005534223.novalocal proxy-server[90340]: ::1 ::1 25/Nov/2025/00/42/16 PUT /v1/AUTH_34047920d4864ad78d85d02365686cf8/gnocchi.9b4ccbe3-a54f-4b54-a4c2-43458dba13ca/1763640000.0_mean_300.0_v3 HTTP/1.0 201 - python-swiftclient-4.2.0 gAAAAABpJPsEC1e4... 16 - - tx86e240453bac4200a0987-006924fb68 - 0.0224 - - 1764031336.855598927 1764031336.878023148 0
Nov 24 19:42:16 np0005534223.novalocal sudo[105934]: cinder : PWD=/ ; USER=root ; COMMAND=/usr/bin/cinder-rootwrap /etc/cinder/rootwrap.conf cinder-rtstool get-targets
Nov 24 19:42:16 np0005534223.novalocal container-server[97263]: ::1 - - [25/Nov/2025:00:42:16 +0000] "GET /3/87312/AUTH_34047920d4864ad78d85d02365686cf8/gnocchi.7794dd1e-5fea-4ed1-8f35-730b9593bfd6" 200 2 "GET http://[::1]:8080/v1/AUTH_34047920d4864ad78d85d02365686cf8/gnocchi.7794dd1e-5fea-4ed1-8f35-730b9593bfd6?format=json&marker=none_v3&states=listing" "txee04b08569294175bb75c-006924fb68" "proxy-server 90339" 0.0047 "-" 97263 0
Nov 24 19:42:16 np0005534223.novalocal proxy-server[90339]: ::1 ::1 25/Nov/2025/00/42/16 GET /v1/AUTH_34047920d4864ad78d85d02365686cf8/gnocchi.7794dd1e-5fea-4ed1-8f35-730b9593bfd6%3Fformat%3Djson%26marker%3Dnone_v3%26states%3Dlisting HTTP/1.0 200 - python-swiftclient-4.2.0 gAAAAABpJPsEg9N3... - 2 - txee04b08569294175bb75c-006924fb68 - 0.0142 - - 1764031336.876803398 1764031336.891026020 0
Nov 24 19:42:16 np0005534223.novalocal object-server[97566]: ::1 - - [25/Nov/2025:00:42:16 +0000] "GET /3/235571/AUTH_34047920d4864ad78d85d02365686cf8/gnocchi.7794dd1e-5fea-4ed1-8f35-730b9593bfd6/1763640000.0_mean_300.0_v3" 200 16 "GET http://[::1]:8080/v1/AUTH_34047920d4864ad78d85d02365686cf8/gnocchi.7794dd1e-5fea-4ed1-8f35-730b9593bfd6/1763640000.0_mean_300.0_v3" "tx281427df76dc47459df21-006924fb68" "proxy-server 90339" 0.0015 "-" 97566 0
Nov 24 19:42:16 np0005534223.novalocal container-server[97262]: ::1 - - [25/Nov/2025:00:42:16 +0000] "PUT /1/177922/AUTH_34047920d4864ad78d85d02365686cf8/gnocchi.9b4ccbe3-a54f-4b54-a4c2-43458dba13ca/none_v3" 201 - "PUT http://[::1]:8080/3/178041/AUTH_34047920d4864ad78d85d02365686cf8/gnocchi.9b4ccbe3-a54f-4b54-a4c2-43458dba13ca/none_v3" "tx33ef3b4e53724ee6b9728-006924fb68" "object-server 97567" 0.0004 "-" 97262 0
Nov 24 19:42:16 np0005534223.novalocal object-server[97567]: ::1 - - [25/Nov/2025:00:42:16 +0000] "PUT /3/178041/AUTH_34047920d4864ad78d85d02365686cf8/gnocchi.9b4ccbe3-a54f-4b54-a4c2-43458dba13ca/none_v3" 201 - "PUT http://[::1]:8080/v1/AUTH_34047920d4864ad78d85d02365686cf8/gnocchi.9b4ccbe3-a54f-4b54-a4c2-43458dba13ca/none_v3" "tx33ef3b4e53724ee6b9728-006924fb68" "proxy-server 90340" 0.0107 "-" 97567 0
Nov 24 19:42:16 np0005534223.novalocal proxy-server[90339]: ::1 ::1 25/Nov/2025/00/42/16 GET /v1/AUTH_34047920d4864ad78d85d02365686cf8/gnocchi.7794dd1e-5fea-4ed1-8f35-730b9593bfd6/1763640000.0_mean_300.0_v3 HTTP/1.0 200 - python-swiftclient-4.2.0 gAAAAABpJPsEg9N3... - 16 - tx281427df76dc47459df21-006924fb68 - 0.0081 - - 1764031336.894218206 1764031336.902330875 0
Nov 24 19:42:16 np0005534223.novalocal container-server[97264]: ::1 - - [25/Nov/2025:00:42:16 +0000] "PUT /2/177922/AUTH_34047920d4864ad78d85d02365686cf8/gnocchi.9b4ccbe3-a54f-4b54-a4c2-43458dba13ca/none_v3" 201 - "PUT http://[::1]:8080/2/178041/AUTH_34047920d4864ad78d85d02365686cf8/gnocchi.9b4ccbe3-a54f-4b54-a4c2-43458dba13ca/none_v3" "tx33ef3b4e53724ee6b9728-006924fb68" "object-server 97566" 0.0004 "-" 97264 0
Nov 24 19:42:16 np0005534223.novalocal container-server[97262]: ::1 - - [25/Nov/2025:00:42:16 +0000] "PUT /3/177922/AUTH_34047920d4864ad78d85d02365686cf8/gnocchi.9b4ccbe3-a54f-4b54-a4c2-43458dba13ca/none_v3" 201 - "PUT http://[::1]:8080/1/178041/AUTH_34047920d4864ad78d85d02365686cf8/gnocchi.9b4ccbe3-a54f-4b54-a4c2-43458dba13ca/none_v3" "tx33ef3b4e53724ee6b9728-006924fb68" "object-server 97567" 0.0003 "-" 97262 0
Nov 24 19:42:16 np0005534223.novalocal object-server[97566]: ::1 - - [25/Nov/2025:00:42:16 +0000] "PUT /2/178041/AUTH_34047920d4864ad78d85d02365686cf8/gnocchi.9b4ccbe3-a54f-4b54-a4c2-43458dba13ca/none_v3" 201 - "PUT http://[::1]:8080/v1/AUTH_34047920d4864ad78d85d02365686cf8/gnocchi.9b4ccbe3-a54f-4b54-a4c2-43458dba13ca/none_v3" "tx33ef3b4e53724ee6b9728-006924fb68" "proxy-server 90340" 0.0167 "-" 97566 0
Nov 24 19:42:16 np0005534223.novalocal object-server[97567]: ::1 - - [25/Nov/2025:00:42:16 +0000] "PUT /1/178041/AUTH_34047920d4864ad78d85d02365686cf8/gnocchi.9b4ccbe3-a54f-4b54-a4c2-43458dba13ca/none_v3" 201 - "PUT http://[::1]:8080/v1/AUTH_34047920d4864ad78d85d02365686cf8/gnocchi.9b4ccbe3-a54f-4b54-a4c2-43458dba13ca/none_v3" "tx33ef3b4e53724ee6b9728-006924fb68" "proxy-server 90340" 0.0150 "-" 97567 0
Nov 24 19:42:16 np0005534223.novalocal proxy-server[90340]: ::1 ::1 25/Nov/2025/00/42/16 PUT /v1/AUTH_34047920d4864ad78d85d02365686cf8/gnocchi.9b4ccbe3-a54f-4b54-a4c2-43458dba13ca/none_v3 HTTP/1.0 201 - python-swiftclient-4.2.0 gAAAAABpJPsEC1e4... 37 - - tx33ef3b4e53724ee6b9728-006924fb68 - 0.0251 - - 1764031336.880643129 1764031336.905735970 0
Nov 24 19:42:16 np0005534223.novalocal container-server[97263]: ::1 - - [25/Nov/2025:00:42:16 +0000] "PUT /2/87312/AUTH_34047920d4864ad78d85d02365686cf8/gnocchi.7794dd1e-5fea-4ed1-8f35-730b9593bfd6/1763640000.0_mean_300.0_v3" 201 - "PUT http://[::1]:8080/3/235571/AUTH_34047920d4864ad78d85d02365686cf8/gnocchi.7794dd1e-5fea-4ed1-8f35-730b9593bfd6/1763640000.0_mean_300.0_v3" "txf75971514d714574bb27c-006924fb68" "object-server 97568" 0.0004 "-" 97263 0
Nov 24 19:42:16 np0005534223.novalocal systemd[1]: Started Session c144 of User root.
Nov 24 19:42:16 np0005534223.novalocal container-server[97262]: ::1 - - [25/Nov/2025:00:42:16 +0000] "PUT /1/87312/AUTH_34047920d4864ad78d85d02365686cf8/gnocchi.7794dd1e-5fea-4ed1-8f35-730b9593bfd6/1763640000.0_mean_300.0_v3" 201 - "PUT http://[::1]:8080/2/235571/AUTH_34047920d4864ad78d85d02365686cf8/gnocchi.7794dd1e-5fea-4ed1-8f35-730b9593bfd6/1763640000.0_mean_300.0_v3" "txf75971514d714574bb27c-006924fb68" "object-server 97566" 0.0004 "-" 97262 0
Nov 24 19:42:16 np0005534223.novalocal object-server[97566]: ::1 - - [25/Nov/2025:00:42:16 +0000] "PUT /2/235571/AUTH_34047920d4864ad78d85d02365686cf8/gnocchi.7794dd1e-5fea-4ed1-8f35-730b9593bfd6/1763640000.0_mean_300.0_v3" 201 - "PUT http://[::1]:8080/v1/AUTH_34047920d4864ad78d85d02365686cf8/gnocchi.7794dd1e-5fea-4ed1-8f35-730b9593bfd6/1763640000.0_mean_300.0_v3" "txf75971514d714574bb27c-006924fb68" "proxy-server 90339" 0.0089 "-" 97566 0
Nov 24 19:42:16 np0005534223.novalocal object-server[97568]: ::1 - - [25/Nov/2025:00:42:16 +0000] "PUT /3/235571/AUTH_34047920d4864ad78d85d02365686cf8/gnocchi.7794dd1e-5fea-4ed1-8f35-730b9593bfd6/1763640000.0_mean_300.0_v3" 201 - "PUT http://[::1]:8080/v1/AUTH_34047920d4864ad78d85d02365686cf8/gnocchi.7794dd1e-5fea-4ed1-8f35-730b9593bfd6/1763640000.0_mean_300.0_v3" "txf75971514d714574bb27c-006924fb68" "proxy-server 90339" 0.0090 "-" 97568 0
Nov 24 19:42:16 np0005534223.novalocal container-server[97261]: ::1 - - [25/Nov/2025:00:42:16 +0000] "PUT /3/87312/AUTH_34047920d4864ad78d85d02365686cf8/gnocchi.7794dd1e-5fea-4ed1-8f35-730b9593bfd6/1763640000.0_mean_300.0_v3" 201 - "PUT http://[::1]:8080/1/235571/AUTH_34047920d4864ad78d85d02365686cf8/gnocchi.7794dd1e-5fea-4ed1-8f35-730b9593bfd6/1763640000.0_mean_300.0_v3" "txf75971514d714574bb27c-006924fb68" "object-server 97568" 0.0005 "-" 97261 0
Nov 24 19:42:16 np0005534223.novalocal object-server[97567]: ::1 - - [25/Nov/2025:00:42:16 +0000] "GET /1/41700/AUTH_34047920d4864ad78d85d02365686cf8/gnocchi.a784be60-52a2-4952-b262-5ea96c49c64d/none_v3" 200 31 "GET http://[::1]:8080/v1/AUTH_34047920d4864ad78d85d02365686cf8/gnocchi.a784be60-52a2-4952-b262-5ea96c49c64d/none_v3" "tx678f80ac55ae4766b5f29-006924fb68" "proxy-server 90340" 0.0007 "-" 97567 0
Nov 24 19:42:16 np0005534223.novalocal object-server[97568]: ::1 - - [25/Nov/2025:00:42:16 +0000] "PUT /1/235571/AUTH_34047920d4864ad78d85d02365686cf8/gnocchi.7794dd1e-5fea-4ed1-8f35-730b9593bfd6/1763640000.0_mean_300.0_v3" 201 - "PUT http://[::1]:8080/v1/AUTH_34047920d4864ad78d85d02365686cf8/gnocchi.7794dd1e-5fea-4ed1-8f35-730b9593bfd6/1763640000.0_mean_300.0_v3" "txf75971514d714574bb27c-006924fb68" "proxy-server 90339" 0.0130 "-" 97568 0
Nov 24 19:42:16 np0005534223.novalocal proxy-server[90339]: ::1 ::1 25/Nov/2025/00/42/16 PUT /v1/AUTH_34047920d4864ad78d85d02365686cf8/gnocchi.7794dd1e-5fea-4ed1-8f35-730b9593bfd6/1763640000.0_mean_300.0_v3 HTTP/1.0 201 - python-swiftclient-4.2.0 gAAAAABpJPsEg9N3... 16 - - txf75971514d714574bb27c-006924fb68 - 0.0211 - - 1764031336.905451298 1764031336.926596642 0
Nov 24 19:42:16 np0005534223.novalocal sudo[105934]: pam_unix(sudo:session): session opened for user root(uid=0) by (uid=165)
Nov 24 19:42:16 np0005534223.novalocal proxy-server[90340]: ::1 ::1 25/Nov/2025/00/42/16 GET /v1/AUTH_34047920d4864ad78d85d02365686cf8/gnocchi.a784be60-52a2-4952-b262-5ea96c49c64d/none_v3 HTTP/1.0 200 - python-swiftclient-4.2.0 gAAAAABpJPsEC1e4... - 31 - tx678f80ac55ae4766b5f29-006924fb68 - 0.0139 - - 1764031336.917980671 1764031336.931887388 0
Nov 24 19:42:16 np0005534223.novalocal container-server[97264]: ::1 - - [25/Nov/2025:00:42:16 +0000] "GET /1/254423/AUTH_34047920d4864ad78d85d02365686cf8/gnocchi.a784be60-52a2-4952-b262-5ea96c49c64d" 200 357 "GET http://[::1]:8080/v1/AUTH_34047920d4864ad78d85d02365686cf8/gnocchi.a784be60-52a2-4952-b262-5ea96c49c64d?format=json&states=listing" "txc481ba915d9e42c7a7118-006924fb68" "proxy-server 90340" 0.0066 "-" 97264 0
Nov 24 19:42:16 np0005534223.novalocal proxy-server[90340]: ::1 ::1 25/Nov/2025/00/42/16 GET /v1/AUTH_34047920d4864ad78d85d02365686cf8/gnocchi.a784be60-52a2-4952-b262-5ea96c49c64d%3Fformat%3Djson%26states%3Dlisting HTTP/1.0 200 - python-swiftclient-4.2.0 gAAAAABpJPsEC1e4... - 357 - txc481ba915d9e42c7a7118-006924fb68 - 0.0136 - - 1764031336.935355425 1764031336.948992252 0
Nov 24 19:42:16 np0005534223.novalocal container-server[97262]: ::1 - - [25/Nov/2025:00:42:16 +0000] "PUT /3/87312/AUTH_34047920d4864ad78d85d02365686cf8/gnocchi.7794dd1e-5fea-4ed1-8f35-730b9593bfd6/none_v3" 201 - "PUT http://[::1]:8080/1/173037/AUTH_34047920d4864ad78d85d02365686cf8/gnocchi.7794dd1e-5fea-4ed1-8f35-730b9593bfd6/none_v3" "tx4e324d7987a346acb35c8-006924fb68" "object-server 97568" 0.0004 "-" 97262 0
Nov 24 19:42:16 np0005534223.novalocal object-server[97568]: ::1 - - [25/Nov/2025:00:42:16 +0000] "PUT /1/173037/AUTH_34047920d4864ad78d85d02365686cf8/gnocchi.7794dd1e-5fea-4ed1-8f35-730b9593bfd6/none_v3" 201 - "PUT http://[::1]:8080/v1/AUTH_34047920d4864ad78d85d02365686cf8/gnocchi.7794dd1e-5fea-4ed1-8f35-730b9593bfd6/none_v3" "tx4e324d7987a346acb35c8-006924fb68" "proxy-server 90339" 0.0126 "-" 97568 0
Nov 24 19:42:16 np0005534223.novalocal container-server[97262]: ::1 - - [25/Nov/2025:00:42:16 +0000] "PUT /1/87312/AUTH_34047920d4864ad78d85d02365686cf8/gnocchi.7794dd1e-5fea-4ed1-8f35-730b9593bfd6/none_v3" 201 - "PUT http://[::1]:8080/2/173037/AUTH_34047920d4864ad78d85d02365686cf8/gnocchi.7794dd1e-5fea-4ed1-8f35-730b9593bfd6/none_v3" "tx4e324d7987a346acb35c8-006924fb68" "object-server 97568" 0.0004 "-" 97262 0
Nov 24 19:42:16 np0005534223.novalocal container-server[97261]: ::1 - - [25/Nov/2025:00:42:16 +0000] "PUT /2/87312/AUTH_34047920d4864ad78d85d02365686cf8/gnocchi.7794dd1e-5fea-4ed1-8f35-730b9593bfd6/none_v3" 201 - "PUT http://[::1]:8080/3/173037/AUTH_34047920d4864ad78d85d02365686cf8/gnocchi.7794dd1e-5fea-4ed1-8f35-730b9593bfd6/none_v3" "tx4e324d7987a346acb35c8-006924fb68" "object-server 97569" 0.0004 "-" 97261 0
Nov 24 19:42:16 np0005534223.novalocal object-server[97569]: ::1 - - [25/Nov/2025:00:42:16 +0000] "PUT /3/173037/AUTH_34047920d4864ad78d85d02365686cf8/gnocchi.7794dd1e-5fea-4ed1-8f35-730b9593bfd6/none_v3" 201 - "PUT http://[::1]:8080/v1/AUTH_34047920d4864ad78d85d02365686cf8/gnocchi.7794dd1e-5fea-4ed1-8f35-730b9593bfd6/none_v3" "tx4e324d7987a346acb35c8-006924fb68" "proxy-server 90339" 0.0167 "-" 97569 0
Nov 24 19:42:16 np0005534223.novalocal object-server[97568]: ::1 - - [25/Nov/2025:00:42:16 +0000] "PUT /2/173037/AUTH_34047920d4864ad78d85d02365686cf8/gnocchi.7794dd1e-5fea-4ed1-8f35-730b9593bfd6/none_v3" 201 - "PUT http://[::1]:8080/v1/AUTH_34047920d4864ad78d85d02365686cf8/gnocchi.7794dd1e-5fea-4ed1-8f35-730b9593bfd6/none_v3" "tx4e324d7987a346acb35c8-006924fb68" "proxy-server 90339" 0.0195 "-" 97568 0
Nov 24 19:42:16 np0005534223.novalocal proxy-server[90339]: ::1 ::1 25/Nov/2025/00/42/16 PUT /v1/AUTH_34047920d4864ad78d85d02365686cf8/gnocchi.7794dd1e-5fea-4ed1-8f35-730b9593bfd6/none_v3 HTTP/1.0 201 - python-swiftclient-4.2.0 gAAAAABpJPsEg9N3... 44 - - tx4e324d7987a346acb35c8-006924fb68 - 0.0259 - - 1764031336.931685448 1764031336.957577944 0
Nov 24 19:42:16 np0005534223.novalocal container-server[97263]: ::1 - - [25/Nov/2025:00:42:16 +0000] "GET /2/254423/AUTH_34047920d4864ad78d85d02365686cf8/gnocchi.a784be60-52a2-4952-b262-5ea96c49c64d" 200 2 "GET http://[::1]:8080/v1/AUTH_34047920d4864ad78d85d02365686cf8/gnocchi.a784be60-52a2-4952-b262-5ea96c49c64d?format=json&marker=none_v3&states=listing" "tx20db7cf13a344f60a8b7e-006924fb68" "proxy-server 90340" 0.0064 "-" 97263 0
Nov 24 19:42:16 np0005534223.novalocal proxy-server[90340]: ::1 ::1 25/Nov/2025/00/42/16 GET /v1/AUTH_34047920d4864ad78d85d02365686cf8/gnocchi.a784be60-52a2-4952-b262-5ea96c49c64d%3Fformat%3Djson%26marker%3Dnone_v3%26states%3Dlisting HTTP/1.0 200 - python-swiftclient-4.2.0 gAAAAABpJPsEC1e4... - 2 - tx20db7cf13a344f60a8b7e-006924fb68 - 0.0128 - - 1764031336.952066898 1764031336.964838028 0
Nov 24 19:42:16 np0005534223.novalocal object-server[97567]: ::1 - - [25/Nov/2025:00:42:16 +0000] "GET /3/25737/AUTH_34047920d4864ad78d85d02365686cf8/gnocchi.1268358b-be84-4547-a6d1-d3f3c6f31ef5/none_v3" 200 52 "GET http://[::1]:8080/v1/AUTH_34047920d4864ad78d85d02365686cf8/gnocchi.1268358b-be84-4547-a6d1-d3f3c6f31ef5/none_v3" "txfec8fdad1eef4d1a99308-006924fb68" "proxy-server 90339" 0.0006 "-" 97567 0
Nov 24 19:42:16 np0005534223.novalocal proxy-server[90339]: ::1 ::1 25/Nov/2025/00/42/16 GET /v1/AUTH_34047920d4864ad78d85d02365686cf8/gnocchi.1268358b-be84-4547-a6d1-d3f3c6f31ef5/none_v3 HTTP/1.0 200 - python-swiftclient-4.2.0 gAAAAABpJPsEg9N3... - 52 - txfec8fdad1eef4d1a99308-006924fb68 - 0.0059 - - 1764031336.966480017 1764031336.972355366 0
Nov 24 19:42:16 np0005534223.novalocal object-server[97569]: ::1 - - [25/Nov/2025:00:42:16 +0000] "GET /2/91443/AUTH_34047920d4864ad78d85d02365686cf8/gnocchi.a784be60-52a2-4952-b262-5ea96c49c64d/1763640000.0_mean_300.0_v3" 200 16 "GET http://[::1]:8080/v1/AUTH_34047920d4864ad78d85d02365686cf8/gnocchi.a784be60-52a2-4952-b262-5ea96c49c64d/1763640000.0_mean_300.0_v3" "txff8d6cb0e3404cce8c811-006924fb68" "proxy-server 90340" 0.0006 "-" 97569 0
Nov 24 19:42:16 np0005534223.novalocal proxy-server[90340]: ::1 ::1 25/Nov/2025/00/42/16 GET /v1/AUTH_34047920d4864ad78d85d02365686cf8/gnocchi.a784be60-52a2-4952-b262-5ea96c49c64d/1763640000.0_mean_300.0_v3 HTTP/1.0 200 - python-swiftclient-4.2.0 gAAAAABpJPsEC1e4... - 16 - txff8d6cb0e3404cce8c811-006924fb68 - 0.0074 - - 1764031336.968240976 1764031336.975673914 0
Nov 24 19:42:16 np0005534223.novalocal container-server[97264]: ::1 - - [25/Nov/2025:00:42:16 +0000] "GET /3/138169/AUTH_34047920d4864ad78d85d02365686cf8/gnocchi.1268358b-be84-4547-a6d1-d3f3c6f31ef5" 200 357 "GET http://[::1]:8080/v1/AUTH_34047920d4864ad78d85d02365686cf8/gnocchi.1268358b-be84-4547-a6d1-d3f3c6f31ef5?format=json&states=listing" "txfc90e7f74c6643d7bdfb8-006924fb68" "proxy-server 90339" 0.0070 "-" 97264 0
Nov 24 19:42:16 np0005534223.novalocal proxy-server[90339]: ::1 ::1 25/Nov/2025/00/42/16 GET /v1/AUTH_34047920d4864ad78d85d02365686cf8/gnocchi.1268358b-be84-4547-a6d1-d3f3c6f31ef5%3Fformat%3Djson%26states%3Dlisting HTTP/1.0 200 - python-swiftclient-4.2.0 gAAAAABpJPsEg9N3... - 357 - txfc90e7f74c6643d7bdfb8-006924fb68 - 0.0123 - - 1764031336.974692106 1764031336.986992359 0
Nov 24 19:42:16 np0005534223.novalocal container-server[97261]: ::1 - - [25/Nov/2025:00:42:16 +0000] "PUT /2/254423/AUTH_34047920d4864ad78d85d02365686cf8/gnocchi.a784be60-52a2-4952-b262-5ea96c49c64d/1763640000.0_mean_300.0_v3" 201 - "PUT http://[::1]:8080/1/91443/AUTH_34047920d4864ad78d85d02365686cf8/gnocchi.a784be60-52a2-4952-b262-5ea96c49c64d/1763640000.0_mean_300.0_v3" "tx70cc35c8c49c4040b57d6-006924fb68" "object-server 97568" 0.0004 "-" 97261 0
Nov 24 19:42:17 np0005534223.novalocal container-server[97261]: ::1 - - [25/Nov/2025:00:42:17 +0000] "GET /1/138169/AUTH_34047920d4864ad78d85d02365686cf8/gnocchi.1268358b-be84-4547-a6d1-d3f3c6f31ef5" 200 2 "GET http://[::1]:8080/v1/AUTH_34047920d4864ad78d85d02365686cf8/gnocchi.1268358b-be84-4547-a6d1-d3f3c6f31ef5?format=json&marker=none_v3&states=listing" "tx8eaaa930b2c644da91c9d-006924fb68" "proxy-server 90339" 0.0063 "-" 97261 0
Nov 24 19:42:17 np0005534223.novalocal container-server[97263]: ::1 - - [25/Nov/2025:00:42:17 +0000] "PUT /3/254423/AUTH_34047920d4864ad78d85d02365686cf8/gnocchi.a784be60-52a2-4952-b262-5ea96c49c64d/1763640000.0_mean_300.0_v3" 201 - "PUT http://[::1]:8080/2/91443/AUTH_34047920d4864ad78d85d02365686cf8/gnocchi.a784be60-52a2-4952-b262-5ea96c49c64d/1763640000.0_mean_300.0_v3" "tx70cc35c8c49c4040b57d6-006924fb68" "object-server 97567" 0.0006 "-" 97263 0
Nov 24 19:42:17 np0005534223.novalocal container-server[97262]: ::1 - - [25/Nov/2025:00:42:17 +0000] "PUT /1/254423/AUTH_34047920d4864ad78d85d02365686cf8/gnocchi.a784be60-52a2-4952-b262-5ea96c49c64d/1763640000.0_mean_300.0_v3" 201 - "PUT http://[::1]:8080/3/91443/AUTH_34047920d4864ad78d85d02365686cf8/gnocchi.a784be60-52a2-4952-b262-5ea96c49c64d/1763640000.0_mean_300.0_v3" "tx70cc35c8c49c4040b57d6-006924fb68" "object-server 97569" 0.0004 "-" 97262 0
Nov 24 19:42:17 np0005534223.novalocal proxy-server[90339]: ::1 ::1 25/Nov/2025/00/42/17 GET /v1/AUTH_34047920d4864ad78d85d02365686cf8/gnocchi.1268358b-be84-4547-a6d1-d3f3c6f31ef5%3Fformat%3Djson%26marker%3Dnone_v3%26states%3Dlisting HTTP/1.0 200 - python-swiftclient-4.2.0 gAAAAABpJPsEg9N3... - 2 - tx8eaaa930b2c644da91c9d-006924fb68 - 0.0157 - - 1764031336.989020824 1764031337.004712820 0
Nov 24 19:42:17 np0005534223.novalocal object-server[97567]: ::1 - - [25/Nov/2025:00:42:17 +0000] "PUT /2/91443/AUTH_34047920d4864ad78d85d02365686cf8/gnocchi.a784be60-52a2-4952-b262-5ea96c49c64d/1763640000.0_mean_300.0_v3" 201 - "PUT http://[::1]:8080/v1/AUTH_34047920d4864ad78d85d02365686cf8/gnocchi.a784be60-52a2-4952-b262-5ea96c49c64d/1763640000.0_mean_300.0_v3" "tx70cc35c8c49c4040b57d6-006924fb68" "proxy-server 90340" 0.0157 "-" 97567 0
Nov 24 19:42:17 np0005534223.novalocal object-server[97568]: ::1 - - [25/Nov/2025:00:42:17 +0000] "PUT /1/91443/AUTH_34047920d4864ad78d85d02365686cf8/gnocchi.a784be60-52a2-4952-b262-5ea96c49c64d/1763640000.0_mean_300.0_v3" 201 - "PUT http://[::1]:8080/v1/AUTH_34047920d4864ad78d85d02365686cf8/gnocchi.a784be60-52a2-4952-b262-5ea96c49c64d/1763640000.0_mean_300.0_v3" "tx70cc35c8c49c4040b57d6-006924fb68" "proxy-server 90340" 0.0130 "-" 97568 0
Nov 24 19:42:17 np0005534223.novalocal object-server[97569]: ::1 - - [25/Nov/2025:00:42:17 +0000] "PUT /3/91443/AUTH_34047920d4864ad78d85d02365686cf8/gnocchi.a784be60-52a2-4952-b262-5ea96c49c64d/1763640000.0_mean_300.0_v3" 201 - "PUT http://[::1]:8080/v1/AUTH_34047920d4864ad78d85d02365686cf8/gnocchi.a784be60-52a2-4952-b262-5ea96c49c64d/1763640000.0_mean_300.0_v3" "tx70cc35c8c49c4040b57d6-006924fb68" "proxy-server 90340" 0.0184 "-" 97569 0
Nov 24 19:42:17 np0005534223.novalocal proxy-server[90340]: ::1 ::1 25/Nov/2025/00/42/17 PUT /v1/AUTH_34047920d4864ad78d85d02365686cf8/gnocchi.a784be60-52a2-4952-b262-5ea96c49c64d/1763640000.0_mean_300.0_v3 HTTP/1.0 201 - python-swiftclient-4.2.0 gAAAAABpJPsEC1e4... 16 - - tx70cc35c8c49c4040b57d6-006924fb68 - 0.0268 - - 1764031336.980455399 1764031337.007210732 0
Nov 24 19:42:17 np0005534223.novalocal object-server[97567]: ::1 - - [25/Nov/2025:00:42:17 +0000] "GET /2/4757/AUTH_34047920d4864ad78d85d02365686cf8/gnocchi.1268358b-be84-4547-a6d1-d3f3c6f31ef5/1763640000.0_mean_300.0_v3" 200 16 "GET http://[::1]:8080/v1/AUTH_34047920d4864ad78d85d02365686cf8/gnocchi.1268358b-be84-4547-a6d1-d3f3c6f31ef5/1763640000.0_mean_300.0_v3" "txc03f2948e1c944f1bb162-006924fb69" "proxy-server 90339" 0.0008 "-" 97567 0
Nov 24 19:42:17 np0005534223.novalocal proxy-server[90339]: ::1 ::1 25/Nov/2025/00/42/17 GET /v1/AUTH_34047920d4864ad78d85d02365686cf8/gnocchi.1268358b-be84-4547-a6d1-d3f3c6f31ef5/1763640000.0_mean_300.0_v3 HTTP/1.0 200 - python-swiftclient-4.2.0 gAAAAABpJPsEg9N3... - 16 - txc03f2948e1c944f1bb162-006924fb69 - 0.0071 - - 1764031337.008217573 1764031337.015327930 0
Nov 24 19:42:17 np0005534223.novalocal container-server[97263]: ::1 - - [25/Nov/2025:00:42:17 +0000] "PUT /3/254423/AUTH_34047920d4864ad78d85d02365686cf8/gnocchi.a784be60-52a2-4952-b262-5ea96c49c64d/none_v3" 201 - "PUT http://[::1]:8080/2/41700/AUTH_34047920d4864ad78d85d02365686cf8/gnocchi.a784be60-52a2-4952-b262-5ea96c49c64d/none_v3" "txcfa768c52e60454285ab1-006924fb69" "object-server 97567" 0.0004 "-" 97263 0
Nov 24 19:42:17 np0005534223.novalocal object-server[97567]: ::1 - - [25/Nov/2025:00:42:17 +0000] "PUT /2/41700/AUTH_34047920d4864ad78d85d02365686cf8/gnocchi.a784be60-52a2-4952-b262-5ea96c49c64d/none_v3" 201 - "PUT http://[::1]:8080/v1/AUTH_34047920d4864ad78d85d02365686cf8/gnocchi.a784be60-52a2-4952-b262-5ea96c49c64d/none_v3" "txcfa768c52e60454285ab1-006924fb69" "proxy-server 90340" 0.0113 "-" 97567 0
Nov 24 19:42:17 np0005534223.novalocal container-server[97264]: ::1 - - [25/Nov/2025:00:42:17 +0000] "PUT /2/254423/AUTH_34047920d4864ad78d85d02365686cf8/gnocchi.a784be60-52a2-4952-b262-5ea96c49c64d/none_v3" 201 - "PUT http://[::1]:8080/3/41700/AUTH_34047920d4864ad78d85d02365686cf8/gnocchi.a784be60-52a2-4952-b262-5ea96c49c64d/none_v3" "txcfa768c52e60454285ab1-006924fb69" "object-server 97567" 0.0006 "-" 97264 0
Nov 24 19:42:17 np0005534223.novalocal object-server[97567]: ::1 - - [25/Nov/2025:00:42:17 +0000] "PUT /3/41700/AUTH_34047920d4864ad78d85d02365686cf8/gnocchi.a784be60-52a2-4952-b262-5ea96c49c64d/none_v3" 201 - "PUT http://[::1]:8080/v1/AUTH_34047920d4864ad78d85d02365686cf8/gnocchi.a784be60-52a2-4952-b262-5ea96c49c64d/none_v3" "txcfa768c52e60454285ab1-006924fb69" "proxy-server 90340" 0.0165 "-" 97567 0
Nov 24 19:42:17 np0005534223.novalocal container-server[97261]: ::1 - - [25/Nov/2025:00:42:17 +0000] "PUT /2/138169/AUTH_34047920d4864ad78d85d02365686cf8/gnocchi.1268358b-be84-4547-a6d1-d3f3c6f31ef5/1763640000.0_mean_300.0_v3" 201 - "PUT http://[::1]:8080/3/4757/AUTH_34047920d4864ad78d85d02365686cf8/gnocchi.1268358b-be84-4547-a6d1-d3f3c6f31ef5/1763640000.0_mean_300.0_v3" "txf26a76d55ad44527b3129-006924fb69" "object-server 97569" 0.0005 "-" 97261 0
Nov 24 19:42:17 np0005534223.novalocal container-server[97264]: ::1 - - [25/Nov/2025:00:42:17 +0000] "PUT /1/254423/AUTH_34047920d4864ad78d85d02365686cf8/gnocchi.a784be60-52a2-4952-b262-5ea96c49c64d/none_v3" 201 - "PUT http://[::1]:8080/1/41700/AUTH_34047920d4864ad78d85d02365686cf8/gnocchi.a784be60-52a2-4952-b262-5ea96c49c64d/none_v3" "txcfa768c52e60454285ab1-006924fb69" "object-server 97567" 0.0004 "-" 97264 0
Nov 24 19:42:17 np0005534223.novalocal object-server[97569]: ::1 - - [25/Nov/2025:00:42:17 +0000] "PUT /3/4757/AUTH_34047920d4864ad78d85d02365686cf8/gnocchi.1268358b-be84-4547-a6d1-d3f3c6f31ef5/1763640000.0_mean_300.0_v3" 201 - "PUT http://[::1]:8080/v1/AUTH_34047920d4864ad78d85d02365686cf8/gnocchi.1268358b-be84-4547-a6d1-d3f3c6f31ef5/1763640000.0_mean_300.0_v3" "txf26a76d55ad44527b3129-006924fb69" "proxy-server 90339" 0.0115 "-" 97569 0
Nov 24 19:42:17 np0005534223.novalocal object-server[97567]: ::1 - - [25/Nov/2025:00:42:17 +0000] "PUT /1/41700/AUTH_34047920d4864ad78d85d02365686cf8/gnocchi.a784be60-52a2-4952-b262-5ea96c49c64d/none_v3" 201 - "PUT http://[::1]:8080/v1/AUTH_34047920d4864ad78d85d02365686cf8/gnocchi.a784be60-52a2-4952-b262-5ea96c49c64d/none_v3" "txcfa768c52e60454285ab1-006924fb69" "proxy-server 90340" 0.0168 "-" 97567 0
Nov 24 19:42:17 np0005534223.novalocal proxy-server[90340]: ::1 ::1 25/Nov/2025/00/42/17 PUT /v1/AUTH_34047920d4864ad78d85d02365686cf8/gnocchi.a784be60-52a2-4952-b262-5ea96c49c64d/none_v3 HTTP/1.0 201 - python-swiftclient-4.2.0 gAAAAABpJPsEC1e4... 46 - - txcfa768c52e60454285ab1-006924fb69 - 0.0250 - - 1764031337.010169744 1764031337.035121202 0
Nov 24 19:42:17 np0005534223.novalocal container-server[97262]: ::1 - - [25/Nov/2025:00:42:17 +0000] "PUT /3/138169/AUTH_34047920d4864ad78d85d02365686cf8/gnocchi.1268358b-be84-4547-a6d1-d3f3c6f31ef5/1763640000.0_mean_300.0_v3" 201 - "PUT http://[::1]:8080/1/4757/AUTH_34047920d4864ad78d85d02365686cf8/gnocchi.1268358b-be84-4547-a6d1-d3f3c6f31ef5/1763640000.0_mean_300.0_v3" "txf26a76d55ad44527b3129-006924fb69" "object-server 97568" 0.0006 "-" 97262 0
Nov 24 19:42:17 np0005534223.novalocal container-server[97262]: ::1 - - [25/Nov/2025:00:42:17 +0000] "PUT /1/138169/AUTH_34047920d4864ad78d85d02365686cf8/gnocchi.1268358b-be84-4547-a6d1-d3f3c6f31ef5/1763640000.0_mean_300.0_v3" 201 - "PUT http://[::1]:8080/2/4757/AUTH_34047920d4864ad78d85d02365686cf8/gnocchi.1268358b-be84-4547-a6d1-d3f3c6f31ef5/1763640000.0_mean_300.0_v3" "txf26a76d55ad44527b3129-006924fb69" "object-server 97567" 0.0004 "-" 97262 0
Nov 24 19:42:17 np0005534223.novalocal object-server[97567]: ::1 - - [25/Nov/2025:00:42:17 +0000] "PUT /2/4757/AUTH_34047920d4864ad78d85d02365686cf8/gnocchi.1268358b-be84-4547-a6d1-d3f3c6f31ef5/1763640000.0_mean_300.0_v3" 201 - "PUT http://[::1]:8080/v1/AUTH_34047920d4864ad78d85d02365686cf8/gnocchi.1268358b-be84-4547-a6d1-d3f3c6f31ef5/1763640000.0_mean_300.0_v3" "txf26a76d55ad44527b3129-006924fb69" "proxy-server 90339" 0.0178 "-" 97567 0
Nov 24 19:42:17 np0005534223.novalocal object-server[97568]: ::1 - - [25/Nov/2025:00:42:17 +0000] "PUT /1/4757/AUTH_34047920d4864ad78d85d02365686cf8/gnocchi.1268358b-be84-4547-a6d1-d3f3c6f31ef5/1763640000.0_mean_300.0_v3" 201 - "PUT http://[::1]:8080/v1/AUTH_34047920d4864ad78d85d02365686cf8/gnocchi.1268358b-be84-4547-a6d1-d3f3c6f31ef5/1763640000.0_mean_300.0_v3" "txf26a76d55ad44527b3129-006924fb69" "proxy-server 90339" 0.0175 "-" 97568 0
Nov 24 19:42:17 np0005534223.novalocal proxy-server[90339]: ::1 ::1 25/Nov/2025/00/42/17 PUT /v1/AUTH_34047920d4864ad78d85d02365686cf8/gnocchi.1268358b-be84-4547-a6d1-d3f3c6f31ef5/1763640000.0_mean_300.0_v3 HTTP/1.0 201 - python-swiftclient-4.2.0 gAAAAABpJPsEg9N3... 16 - - txf26a76d55ad44527b3129-006924fb69 - 0.0243 - - 1764031337.017157555 1764031337.041415215 0
Nov 24 19:42:17 np0005534223.novalocal object-server[97568]: ::1 - - [25/Nov/2025:00:42:17 +0000] "GET /1/202329/AUTH_34047920d4864ad78d85d02365686cf8/gnocchi.00cc3021-89bc-4556-a5a6-0b8e5e8d5cf7/none_v3" 200 46 "GET http://[::1]:8080/v1/AUTH_34047920d4864ad78d85d02365686cf8/gnocchi.00cc3021-89bc-4556-a5a6-0b8e5e8d5cf7/none_v3" "tx52feb586b16e43b689728-006924fb69" "proxy-server 90340" 0.0009 "-" 97568 0
Nov 24 19:42:17 np0005534223.novalocal proxy-server[90340]: ::1 ::1 25/Nov/2025/00/42/17 GET /v1/AUTH_34047920d4864ad78d85d02365686cf8/gnocchi.00cc3021-89bc-4556-a5a6-0b8e5e8d5cf7/none_v3 HTTP/1.0 200 - python-swiftclient-4.2.0 gAAAAABpJPsEC1e4... - 46 - tx52feb586b16e43b689728-006924fb69 - 0.0091 - - 1764031337.046377897 1764031337.055482149 0
Nov 24 19:42:17 np0005534223.novalocal container-server[97261]: ::1 - - [25/Nov/2025:00:42:17 +0000] "GET /2/97342/AUTH_34047920d4864ad78d85d02365686cf8/gnocchi.00cc3021-89bc-4556-a5a6-0b8e5e8d5cf7" 200 357 "GET http://[::1]:8080/v1/AUTH_34047920d4864ad78d85d02365686cf8/gnocchi.00cc3021-89bc-4556-a5a6-0b8e5e8d5cf7?format=json&states=listing" "txc27788de016c43c694625-006924fb69" "proxy-server 90340" 0.0069 "-" 97261 0
Nov 24 19:42:17 np0005534223.novalocal container-server[97261]: ::1 - - [25/Nov/2025:00:42:17 +0000] "PUT /2/138169/AUTH_34047920d4864ad78d85d02365686cf8/gnocchi.1268358b-be84-4547-a6d1-d3f3c6f31ef5/none_v3" 201 - "PUT http://[::1]:8080/1/25737/AUTH_34047920d4864ad78d85d02365686cf8/gnocchi.1268358b-be84-4547-a6d1-d3f3c6f31ef5/none_v3" "tx13ef52a4ccd049b79acb7-006924fb69" "object-server 97566" 0.0011 "-" 97261 0
Nov 24 19:42:17 np0005534223.novalocal container-server[97264]: ::1 - - [25/Nov/2025:00:42:17 +0000] "PUT /3/138169/AUTH_34047920d4864ad78d85d02365686cf8/gnocchi.1268358b-be84-4547-a6d1-d3f3c6f31ef5/none_v3" 201 - "PUT http://[::1]:8080/3/25737/AUTH_34047920d4864ad78d85d02365686cf8/gnocchi.1268358b-be84-4547-a6d1-d3f3c6f31ef5/none_v3" "tx13ef52a4ccd049b79acb7-006924fb69" "object-server 97569" 0.0013 "-" 97264 0
Nov 24 19:42:17 np0005534223.novalocal object-server[97569]: ::1 - - [25/Nov/2025:00:42:17 +0000] "PUT /3/25737/AUTH_34047920d4864ad78d85d02365686cf8/gnocchi.1268358b-be84-4547-a6d1-d3f3c6f31ef5/none_v3" 201 - "PUT http://[::1]:8080/v1/AUTH_34047920d4864ad78d85d02365686cf8/gnocchi.1268358b-be84-4547-a6d1-d3f3c6f31ef5/none_v3" "tx13ef52a4ccd049b79acb7-006924fb69" "proxy-server 90339" 0.0234 "-" 97569 0
Nov 24 19:42:17 np0005534223.novalocal container-server[97264]: ::1 - - [25/Nov/2025:00:42:17 +0000] "PUT /1/138169/AUTH_34047920d4864ad78d85d02365686cf8/gnocchi.1268358b-be84-4547-a6d1-d3f3c6f31ef5/none_v3" 201 - "PUT http://[::1]:8080/2/25737/AUTH_34047920d4864ad78d85d02365686cf8/gnocchi.1268358b-be84-4547-a6d1-d3f3c6f31ef5/none_v3" "tx13ef52a4ccd049b79acb7-006924fb69" "object-server 97567" 0.0004 "-" 97264 0
Nov 24 19:42:17 np0005534223.novalocal proxy-server[90340]: ::1 ::1 25/Nov/2025/00/42/17 GET /v1/AUTH_34047920d4864ad78d85d02365686cf8/gnocchi.00cc3021-89bc-4556-a5a6-0b8e5e8d5cf7%3Fformat%3Djson%26states%3Dlisting HTTP/1.0 200 - python-swiftclient-4.2.0 gAAAAABpJPsEC1e4... - 357 - txc27788de016c43c694625-006924fb69 - 0.0140 - - 1764031337.059165955 1764031337.073134184 0
Nov 24 19:42:17 np0005534223.novalocal object-server[97567]: ::1 - - [25/Nov/2025:00:42:17 +0000] "PUT /2/25737/AUTH_34047920d4864ad78d85d02365686cf8/gnocchi.1268358b-be84-4547-a6d1-d3f3c6f31ef5/none_v3" 201 - "PUT http://[::1]:8080/v1/AUTH_34047920d4864ad78d85d02365686cf8/gnocchi.1268358b-be84-4547-a6d1-d3f3c6f31ef5/none_v3" "tx13ef52a4ccd049b79acb7-006924fb69" "proxy-server 90339" 0.0203 "-" 97567 0
Nov 24 19:42:17 np0005534223.novalocal object-server[97566]: ::1 - - [25/Nov/2025:00:42:17 +0000] "PUT /1/25737/AUTH_34047920d4864ad78d85d02365686cf8/gnocchi.1268358b-be84-4547-a6d1-d3f3c6f31ef5/none_v3" 201 - "PUT http://[::1]:8080/v1/AUTH_34047920d4864ad78d85d02365686cf8/gnocchi.1268358b-be84-4547-a6d1-d3f3c6f31ef5/none_v3" "tx13ef52a4ccd049b79acb7-006924fb69" "proxy-server 90339" 0.0117 "-" 97566 0
Nov 24 19:42:17 np0005534223.novalocal proxy-server[90339]: ::1 ::1 25/Nov/2025/00/42/17 PUT /v1/AUTH_34047920d4864ad78d85d02365686cf8/gnocchi.1268358b-be84-4547-a6d1-d3f3c6f31ef5/none_v3 HTTP/1.0 201 - python-swiftclient-4.2.0 gAAAAABpJPsEg9N3... 60 - - tx13ef52a4ccd049b79acb7-006924fb69 - 0.0330 - - 1764031337.043344498 1764031337.076297998 0
Nov 24 19:42:17 np0005534223.novalocal object-server[97569]: ::1 - - [25/Nov/2025:00:42:17 +0000] "GET /3/41700/AUTH_34047920d4864ad78d85d02365686cf8/gnocchi.a784be60-52a2-4952-b262-5ea96c49c64d/none_v3" 200 46 "GET http://[::1]:8080/v1/AUTH_34047920d4864ad78d85d02365686cf8/gnocchi.a784be60-52a2-4952-b262-5ea96c49c64d/none_v3" "txa73e6c36cf4e4500b87df-006924fb69" "proxy-server 90339" 0.0006 "-" 97569 0
Nov 24 19:42:17 np0005534223.novalocal proxy-server[90339]: ::1 ::1 25/Nov/2025/00/42/17 GET /v1/AUTH_34047920d4864ad78d85d02365686cf8/gnocchi.a784be60-52a2-4952-b262-5ea96c49c64d/none_v3 HTTP/1.0 200 - python-swiftclient-4.2.0 gAAAAABpJPsEg9N3... - 46 - txa73e6c36cf4e4500b87df-006924fb69 - 0.0055 - - 1764031337.083502293 1764031337.088988304 0
Nov 24 19:42:17 np0005534223.novalocal container-server[97264]: ::1 - - [25/Nov/2025:00:42:17 +0000] "GET /3/97342/AUTH_34047920d4864ad78d85d02365686cf8/gnocchi.00cc3021-89bc-4556-a5a6-0b8e5e8d5cf7" 200 2 "GET http://[::1]:8080/v1/AUTH_34047920d4864ad78d85d02365686cf8/gnocchi.00cc3021-89bc-4556-a5a6-0b8e5e8d5cf7?format=json&marker=none_v3&states=listing" "tx2fb2f8743f4d4974a3be2-006924fb69" "proxy-server 90340" 0.0080 "-" 97264 0
Nov 24 19:42:17 np0005534223.novalocal proxy-server[90340]: ::1 ::1 25/Nov/2025/00/42/17 GET /v1/AUTH_34047920d4864ad78d85d02365686cf8/gnocchi.00cc3021-89bc-4556-a5a6-0b8e5e8d5cf7%3Fformat%3Djson%26marker%3Dnone_v3%26states%3Dlisting HTTP/1.0 200 - python-swiftclient-4.2.0 gAAAAABpJPsEC1e4... - 2 - tx2fb2f8743f4d4974a3be2-006924fb69 - 0.0151 - - 1764031337.078600168 1764031337.093710184 0
Nov 24 19:42:17 np0005534223.novalocal object-server[97569]: ::1 - - [25/Nov/2025:00:42:17 +0000] "GET /2/201501/AUTH_34047920d4864ad78d85d02365686cf8/gnocchi.00cc3021-89bc-4556-a5a6-0b8e5e8d5cf7/1763640000.0_mean_300.0_v3" 200 16 "GET http://[::1]:8080/v1/AUTH_34047920d4864ad78d85d02365686cf8/gnocchi.00cc3021-89bc-4556-a5a6-0b8e5e8d5cf7/1763640000.0_mean_300.0_v3" "tx333fceeb4897456197549-006924fb69" "proxy-server 90340" 0.0008 "-" 97569 0
Nov 24 19:42:17 np0005534223.novalocal container-server[97264]: ::1 - - [25/Nov/2025:00:42:17 +0000] "GET /3/254423/AUTH_34047920d4864ad78d85d02365686cf8/gnocchi.a784be60-52a2-4952-b262-5ea96c49c64d" 200 357 "GET http://[::1]:8080/v1/AUTH_34047920d4864ad78d85d02365686cf8/gnocchi.a784be60-52a2-4952-b262-5ea96c49c64d?format=json&states=listing" "tx0fc127181f344b62a1a42-006924fb69" "proxy-server 90339" 0.0104 "-" 97264 0
Nov 24 19:42:17 np0005534223.novalocal proxy-server[90339]: ::1 ::1 25/Nov/2025/00/42/17 GET /v1/AUTH_34047920d4864ad78d85d02365686cf8/gnocchi.a784be60-52a2-4952-b262-5ea96c49c64d%3Fformat%3Djson%26states%3Dlisting HTTP/1.0 200 - python-swiftclient-4.2.0 gAAAAABpJPsEg9N3... - 357 - tx0fc127181f344b62a1a42-006924fb69 - 0.0159 - - 1764031337.091340542 1764031337.107214689 0
Nov 24 19:42:17 np0005534223.novalocal proxy-server[90340]: ::1 ::1 25/Nov/2025/00/42/17 GET /v1/AUTH_34047920d4864ad78d85d02365686cf8/gnocchi.00cc3021-89bc-4556-a5a6-0b8e5e8d5cf7/1763640000.0_mean_300.0_v3 HTTP/1.0 200 - python-swiftclient-4.2.0 gAAAAABpJPsEC1e4... - 16 - tx333fceeb4897456197549-006924fb69 - 0.0086 - - 1764031337.099505186 1764031337.108096600 0
Nov 24 19:42:17 np0005534223.novalocal container-server[97261]: ::1 - - [25/Nov/2025:00:42:17 +0000] "GET /3/254423/AUTH_34047920d4864ad78d85d02365686cf8/gnocchi.a784be60-52a2-4952-b262-5ea96c49c64d" 200 2 "GET http://[::1]:8080/v1/AUTH_34047920d4864ad78d85d02365686cf8/gnocchi.a784be60-52a2-4952-b262-5ea96c49c64d?format=json&marker=none_v3&states=listing" "tx37daff23555d4021b9b17-006924fb69" "proxy-server 90339" 0.0037 "-" 97261 0
Nov 24 19:42:17 np0005534223.novalocal proxy-server[90339]: ::1 ::1 25/Nov/2025/00/42/17 GET /v1/AUTH_34047920d4864ad78d85d02365686cf8/gnocchi.a784be60-52a2-4952-b262-5ea96c49c64d%3Fformat%3Djson%26marker%3Dnone_v3%26states%3Dlisting HTTP/1.0 200 - python-swiftclient-4.2.0 gAAAAABpJPsEg9N3... - 2 - tx37daff23555d4021b9b17-006924fb69 - 0.0095 - - 1764031337.108794928 1764031337.118283510 0
Nov 24 19:42:17 np0005534223.novalocal object-server[97569]: ::1 - - [25/Nov/2025:00:42:17 +0000] "GET /2/91443/AUTH_34047920d4864ad78d85d02365686cf8/gnocchi.a784be60-52a2-4952-b262-5ea96c49c64d/1763640000.0_mean_300.0_v3" 200 16 "GET http://[::1]:8080/v1/AUTH_34047920d4864ad78d85d02365686cf8/gnocchi.a784be60-52a2-4952-b262-5ea96c49c64d/1763640000.0_mean_300.0_v3" "txf8fbde3e10284677b1708-006924fb69" "proxy-server 90339" 0.0004 "-" 97569 0
Nov 24 19:42:17 np0005534223.novalocal proxy-server[90339]: ::1 ::1 25/Nov/2025/00/42/17 GET /v1/AUTH_34047920d4864ad78d85d02365686cf8/gnocchi.a784be60-52a2-4952-b262-5ea96c49c64d/1763640000.0_mean_300.0_v3 HTTP/1.0 200 - python-swiftclient-4.2.0 gAAAAABpJPsEg9N3... - 16 - txf8fbde3e10284677b1708-006924fb69 - 0.0058 - - 1764031337.120194197 1764031337.125990152 0
Nov 24 19:42:17 np0005534223.novalocal container-server[97263]: ::1 - - [25/Nov/2025:00:42:17 +0000] "PUT /3/97342/AUTH_34047920d4864ad78d85d02365686cf8/gnocchi.00cc3021-89bc-4556-a5a6-0b8e5e8d5cf7/1763640000.0_mean_300.0_v3" 201 - "PUT http://[::1]:8080/3/201501/AUTH_34047920d4864ad78d85d02365686cf8/gnocchi.00cc3021-89bc-4556-a5a6-0b8e5e8d5cf7/1763640000.0_mean_300.0_v3" "tx50266593c79542a688aad-006924fb69" "object-server 97566" 0.0008 "-" 97263 0
Nov 24 19:42:17 np0005534223.novalocal object-server[97566]: ::1 - - [25/Nov/2025:00:42:17 +0000] "PUT /3/201501/AUTH_34047920d4864ad78d85d02365686cf8/gnocchi.00cc3021-89bc-4556-a5a6-0b8e5e8d5cf7/1763640000.0_mean_300.0_v3" 201 - "PUT http://[::1]:8080/v1/AUTH_34047920d4864ad78d85d02365686cf8/gnocchi.00cc3021-89bc-4556-a5a6-0b8e5e8d5cf7/1763640000.0_mean_300.0_v3" "tx50266593c79542a688aad-006924fb69" "proxy-server 90340" 0.0106 "-" 97566 0
Nov 24 19:42:17 np0005534223.novalocal container-server[97263]: ::1 - - [25/Nov/2025:00:42:17 +0000] "PUT /2/97342/AUTH_34047920d4864ad78d85d02365686cf8/gnocchi.00cc3021-89bc-4556-a5a6-0b8e5e8d5cf7/1763640000.0_mean_300.0_v3" 201 - "PUT http://[::1]:8080/2/201501/AUTH_34047920d4864ad78d85d02365686cf8/gnocchi.00cc3021-89bc-4556-a5a6-0b8e5e8d5cf7/1763640000.0_mean_300.0_v3" "tx50266593c79542a688aad-006924fb69" "object-server 97569" 0.0005 "-" 97263 0
Nov 24 19:42:17 np0005534223.novalocal object-server[97569]: ::1 - - [25/Nov/2025:00:42:17 +0000] "PUT /2/201501/AUTH_34047920d4864ad78d85d02365686cf8/gnocchi.00cc3021-89bc-4556-a5a6-0b8e5e8d5cf7/1763640000.0_mean_300.0_v3" 201 - "PUT http://[::1]:8080/v1/AUTH_34047920d4864ad78d85d02365686cf8/gnocchi.00cc3021-89bc-4556-a5a6-0b8e5e8d5cf7/1763640000.0_mean_300.0_v3" "tx50266593c79542a688aad-006924fb69" "proxy-server 90340" 0.0115 "-" 97569 0
Nov 24 19:42:17 np0005534223.novalocal container-server[97263]: ::1 - - [25/Nov/2025:00:42:17 +0000] "PUT /1/97342/AUTH_34047920d4864ad78d85d02365686cf8/gnocchi.00cc3021-89bc-4556-a5a6-0b8e5e8d5cf7/1763640000.0_mean_300.0_v3" 201 - "PUT http://[::1]:8080/1/201501/AUTH_34047920d4864ad78d85d02365686cf8/gnocchi.00cc3021-89bc-4556-a5a6-0b8e5e8d5cf7/1763640000.0_mean_300.0_v3" "tx50266593c79542a688aad-006924fb69" "object-server 97569" 0.0009 "-" 97263 0
Nov 24 19:42:17 np0005534223.novalocal object-server[97569]: ::1 - - [25/Nov/2025:00:42:17 +0000] "PUT /1/201501/AUTH_34047920d4864ad78d85d02365686cf8/gnocchi.00cc3021-89bc-4556-a5a6-0b8e5e8d5cf7/1763640000.0_mean_300.0_v3" 201 - "PUT http://[::1]:8080/v1/AUTH_34047920d4864ad78d85d02365686cf8/gnocchi.00cc3021-89bc-4556-a5a6-0b8e5e8d5cf7/1763640000.0_mean_300.0_v3" "tx50266593c79542a688aad-006924fb69" "proxy-server 90340" 0.0145 "-" 97569 0
Nov 24 19:42:17 np0005534223.novalocal proxy-server[90340]: ::1 ::1 25/Nov/2025/00/42/17 PUT /v1/AUTH_34047920d4864ad78d85d02365686cf8/gnocchi.00cc3021-89bc-4556-a5a6-0b8e5e8d5cf7/1763640000.0_mean_300.0_v3 HTTP/1.0 201 - python-swiftclient-4.2.0 gAAAAABpJPsEC1e4... 16 - - tx50266593c79542a688aad-006924fb69 - 0.0253 - - 1764031337.111850500 1764031337.137160778 0
Nov 24 19:42:17 np0005534223.novalocal container-server[97263]: ::1 - - [25/Nov/2025:00:42:17 +0000] "PUT /1/254423/AUTH_34047920d4864ad78d85d02365686cf8/gnocchi.a784be60-52a2-4952-b262-5ea96c49c64d/1763640000.0_mean_300.0_v3" 201 - "PUT http://[::1]:8080/3/91443/AUTH_34047920d4864ad78d85d02365686cf8/gnocchi.a784be60-52a2-4952-b262-5ea96c49c64d/1763640000.0_mean_300.0_v3" "tx022bbad8e578460fa4e99-006924fb69" "object-server 97569" 0.0006 "-" 97263 0
Nov 24 19:42:17 np0005534223.novalocal object-server[97569]: ::1 - - [25/Nov/2025:00:42:17 +0000] "PUT /3/91443/AUTH_34047920d4864ad78d85d02365686cf8/gnocchi.a784be60-52a2-4952-b262-5ea96c49c64d/1763640000.0_mean_300.0_v3" 201 - "PUT http://[::1]:8080/v1/AUTH_34047920d4864ad78d85d02365686cf8/gnocchi.a784be60-52a2-4952-b262-5ea96c49c64d/1763640000.0_mean_300.0_v3" "tx022bbad8e578460fa4e99-006924fb69" "proxy-server 90339" 0.0118 "-" 97569 0
Nov 24 19:42:17 np0005534223.novalocal container-server[97263]: ::1 - - [25/Nov/2025:00:42:17 +0000] "PUT /3/254423/AUTH_34047920d4864ad78d85d02365686cf8/gnocchi.a784be60-52a2-4952-b262-5ea96c49c64d/1763640000.0_mean_300.0_v3" 201 - "PUT http://[::1]:8080/2/91443/AUTH_34047920d4864ad78d85d02365686cf8/gnocchi.a784be60-52a2-4952-b262-5ea96c49c64d/1763640000.0_mean_300.0_v3" "tx022bbad8e578460fa4e99-006924fb69" "object-server 97567" 0.0005 "-" 97263 0
Nov 24 19:42:17 np0005534223.novalocal container-server[97261]: ::1 - - [25/Nov/2025:00:42:17 +0000] "PUT /2/254423/AUTH_34047920d4864ad78d85d02365686cf8/gnocchi.a784be60-52a2-4952-b262-5ea96c49c64d/1763640000.0_mean_300.0_v3" 201 - "PUT http://[::1]:8080/1/91443/AUTH_34047920d4864ad78d85d02365686cf8/gnocchi.a784be60-52a2-4952-b262-5ea96c49c64d/1763640000.0_mean_300.0_v3" "tx022bbad8e578460fa4e99-006924fb69" "object-server 97566" 0.0007 "-" 97261 0
Nov 24 19:42:17 np0005534223.novalocal object-server[97567]: ::1 - - [25/Nov/2025:00:42:17 +0000] "PUT /2/91443/AUTH_34047920d4864ad78d85d02365686cf8/gnocchi.a784be60-52a2-4952-b262-5ea96c49c64d/1763640000.0_mean_300.0_v3" 201 - "PUT http://[::1]:8080/v1/AUTH_34047920d4864ad78d85d02365686cf8/gnocchi.a784be60-52a2-4952-b262-5ea96c49c64d/1763640000.0_mean_300.0_v3" "tx022bbad8e578460fa4e99-006924fb69" "proxy-server 90339" 0.0149 "-" 97567 0
Nov 24 19:42:17 np0005534223.novalocal object-server[97566]: ::1 - - [25/Nov/2025:00:42:17 +0000] "PUT /1/91443/AUTH_34047920d4864ad78d85d02365686cf8/gnocchi.a784be60-52a2-4952-b262-5ea96c49c64d/1763640000.0_mean_300.0_v3" 201 - "PUT http://[::1]:8080/v1/AUTH_34047920d4864ad78d85d02365686cf8/gnocchi.a784be60-52a2-4952-b262-5ea96c49c64d/1763640000.0_mean_300.0_v3" "tx022bbad8e578460fa4e99-006924fb69" "proxy-server 90339" 0.0139 "-" 97566 0
Nov 24 19:42:17 np0005534223.novalocal proxy-server[90339]: ::1 ::1 25/Nov/2025/00/42/17 PUT /v1/AUTH_34047920d4864ad78d85d02365686cf8/gnocchi.a784be60-52a2-4952-b262-5ea96c49c64d/1763640000.0_mean_300.0_v3 HTTP/1.0 201 - python-swiftclient-4.2.0 gAAAAABpJPsEg9N3... 16 - - tx022bbad8e578460fa4e99-006924fb69 - 0.0223 - - 1764031337.127797365 1764031337.150095940 0
Nov 24 19:42:17 np0005534223.novalocal container-server[97262]: ::1 - - [25/Nov/2025:00:42:17 +0000] "PUT /3/97342/AUTH_34047920d4864ad78d85d02365686cf8/gnocchi.00cc3021-89bc-4556-a5a6-0b8e5e8d5cf7/none_v3" 201 - "PUT http://[::1]:8080/2/202329/AUTH_34047920d4864ad78d85d02365686cf8/gnocchi.00cc3021-89bc-4556-a5a6-0b8e5e8d5cf7/none_v3" "tx8212f75d440f4a0194678-006924fb69" "object-server 97568" 0.0012 "-" 97262 0
Nov 24 19:42:17 np0005534223.novalocal container-server[97263]: ::1 - - [25/Nov/2025:00:42:17 +0000] "PUT /1/254423/AUTH_34047920d4864ad78d85d02365686cf8/gnocchi.a784be60-52a2-4952-b262-5ea96c49c64d/none_v3" 201 - "PUT http://[::1]:8080/3/41700/AUTH_34047920d4864ad78d85d02365686cf8/gnocchi.a784be60-52a2-4952-b262-5ea96c49c64d/none_v3" "txb2cce7a7d65f4f778e22c-006924fb69" "object-server 97569" 0.0006 "-" 97263 0
Nov 24 19:42:17 np0005534223.novalocal container-server[97261]: ::1 - - [25/Nov/2025:00:42:17 +0000] "PUT /2/97342/AUTH_34047920d4864ad78d85d02365686cf8/gnocchi.00cc3021-89bc-4556-a5a6-0b8e5e8d5cf7/none_v3" 201 - "PUT http://[::1]:8080/3/202329/AUTH_34047920d4864ad78d85d02365686cf8/gnocchi.00cc3021-89bc-4556-a5a6-0b8e5e8d5cf7/none_v3" "tx8212f75d440f4a0194678-006924fb69" "object-server 97567" 0.0009 "-" 97261 0
Nov 24 19:42:17 np0005534223.novalocal object-server[97567]: ::1 - - [25/Nov/2025:00:42:17 +0000] "PUT /3/202329/AUTH_34047920d4864ad78d85d02365686cf8/gnocchi.00cc3021-89bc-4556-a5a6-0b8e5e8d5cf7/none_v3" 201 - "PUT http://[::1]:8080/v1/AUTH_34047920d4864ad78d85d02365686cf8/gnocchi.00cc3021-89bc-4556-a5a6-0b8e5e8d5cf7/none_v3" "tx8212f75d440f4a0194678-006924fb69" "proxy-server 90340" 0.0176 "-" 97567 0
Nov 24 19:42:17 np0005534223.novalocal object-server[97568]: ::1 - - [25/Nov/2025:00:42:17 +0000] "PUT /2/202329/AUTH_34047920d4864ad78d85d02365686cf8/gnocchi.00cc3021-89bc-4556-a5a6-0b8e5e8d5cf7/none_v3" 201 - "PUT http://[::1]:8080/v1/AUTH_34047920d4864ad78d85d02365686cf8/gnocchi.00cc3021-89bc-4556-a5a6-0b8e5e8d5cf7/none_v3" "tx8212f75d440f4a0194678-006924fb69" "proxy-server 90340" 0.0121 "-" 97568 0
Nov 24 19:42:17 np0005534223.novalocal object-server[97569]: ::1 - - [25/Nov/2025:00:42:17 +0000] "PUT /3/41700/AUTH_34047920d4864ad78d85d02365686cf8/gnocchi.a784be60-52a2-4952-b262-5ea96c49c64d/none_v3" 201 - "PUT http://[::1]:8080/v1/AUTH_34047920d4864ad78d85d02365686cf8/gnocchi.a784be60-52a2-4952-b262-5ea96c49c64d/none_v3" "txb2cce7a7d65f4f778e22c-006924fb69" "proxy-server 90339" 0.0083 "-" 97569 0
Nov 24 19:42:17 np0005534223.novalocal container-server[97264]: ::1 - - [25/Nov/2025:00:42:17 +0000] "PUT /1/97342/AUTH_34047920d4864ad78d85d02365686cf8/gnocchi.00cc3021-89bc-4556-a5a6-0b8e5e8d5cf7/none_v3" 201 - "PUT http://[::1]:8080/1/202329/AUTH_34047920d4864ad78d85d02365686cf8/gnocchi.00cc3021-89bc-4556-a5a6-0b8e5e8d5cf7/none_v3" "tx8212f75d440f4a0194678-006924fb69" "object-server 97567" 0.0005 "-" 97264 0
Nov 24 19:42:17 np0005534223.novalocal object-server[97567]: ::1 - - [25/Nov/2025:00:42:17 +0000] "PUT /1/202329/AUTH_34047920d4864ad78d85d02365686cf8/gnocchi.00cc3021-89bc-4556-a5a6-0b8e5e8d5cf7/none_v3" 201 - "PUT http://[::1]:8080/v1/AUTH_34047920d4864ad78d85d02365686cf8/gnocchi.00cc3021-89bc-4556-a5a6-0b8e5e8d5cf7/none_v3" "tx8212f75d440f4a0194678-006924fb69" "proxy-server 90340" 0.0153 "-" 97567 0
Nov 24 19:42:17 np0005534223.novalocal proxy-server[90340]: ::1 ::1 25/Nov/2025/00/42/17 PUT /v1/AUTH_34047920d4864ad78d85d02365686cf8/gnocchi.00cc3021-89bc-4556-a5a6-0b8e5e8d5cf7/none_v3 HTTP/1.0 201 - python-swiftclient-4.2.0 gAAAAABpJPsEC1e4... 51 - - tx8212f75d440f4a0194678-006924fb69 - 0.0289 - - 1764031337.141040325 1764031337.169912100 0
Nov 24 19:42:17 np0005534223.novalocal container-server[97263]: ::1 - - [25/Nov/2025:00:42:17 +0000] "PUT /2/254423/AUTH_34047920d4864ad78d85d02365686cf8/gnocchi.a784be60-52a2-4952-b262-5ea96c49c64d/none_v3" 201 - "PUT http://[::1]:8080/1/41700/AUTH_34047920d4864ad78d85d02365686cf8/gnocchi.a784be60-52a2-4952-b262-5ea96c49c64d/none_v3" "txb2cce7a7d65f4f778e22c-006924fb69" "object-server 97569" 0.0005 "-" 97263 0
Nov 24 19:42:17 np0005534223.novalocal object-server[97569]: ::1 - - [25/Nov/2025:00:42:17 +0000] "PUT /1/41700/AUTH_34047920d4864ad78d85d02365686cf8/gnocchi.a784be60-52a2-4952-b262-5ea96c49c64d/none_v3" 201 - "PUT http://[::1]:8080/v1/AUTH_34047920d4864ad78d85d02365686cf8/gnocchi.a784be60-52a2-4952-b262-5ea96c49c64d/none_v3" "txb2cce7a7d65f4f778e22c-006924fb69" "proxy-server 90339" 0.0147 "-" 97569 0
Nov 24 19:42:17 np0005534223.novalocal container-server[97261]: ::1 - - [25/Nov/2025:00:42:17 +0000] "PUT /3/254423/AUTH_34047920d4864ad78d85d02365686cf8/gnocchi.a784be60-52a2-4952-b262-5ea96c49c64d/none_v3" 201 - "PUT http://[::1]:8080/2/41700/AUTH_34047920d4864ad78d85d02365686cf8/gnocchi.a784be60-52a2-4952-b262-5ea96c49c64d/none_v3" "txb2cce7a7d65f4f778e22c-006924fb69" "object-server 97567" 0.0005 "-" 97261 0
Nov 24 19:42:17 np0005534223.novalocal object-server[97567]: ::1 - - [25/Nov/2025:00:42:17 +0000] "PUT /2/41700/AUTH_34047920d4864ad78d85d02365686cf8/gnocchi.a784be60-52a2-4952-b262-5ea96c49c64d/none_v3" 201 - "PUT http://[::1]:8080/v1/AUTH_34047920d4864ad78d85d02365686cf8/gnocchi.a784be60-52a2-4952-b262-5ea96c49c64d/none_v3" "txb2cce7a7d65f4f778e22c-006924fb69" "proxy-server 90339" 0.0149 "-" 97567 0
Nov 24 19:42:17 np0005534223.novalocal proxy-server[90339]: ::1 ::1 25/Nov/2025/00/42/17 PUT /v1/AUTH_34047920d4864ad78d85d02365686cf8/gnocchi.a784be60-52a2-4952-b262-5ea96c49c64d/none_v3 HTTP/1.0 201 - python-swiftclient-4.2.0 gAAAAABpJPsEg9N3... 51 - - txb2cce7a7d65f4f778e22c-006924fb69 - 0.0220 - - 1764031337.152502537 1764031337.174537182 0
Nov 24 19:42:17 np0005534223.novalocal object-server[97569]: ::1 - - [25/Nov/2025:00:42:17 +0000] "GET /1/178041/AUTH_34047920d4864ad78d85d02365686cf8/gnocchi.9b4ccbe3-a54f-4b54-a4c2-43458dba13ca/none_v3" 200 37 "GET http://[::1]:8080/v1/AUTH_34047920d4864ad78d85d02365686cf8/gnocchi.9b4ccbe3-a54f-4b54-a4c2-43458dba13ca/none_v3" "txcf27cc5a67314abf83108-006924fb69" "proxy-server 90340" 0.0007 "-" 97569 0
