Nov 24 19:41:24 np0005534223.novalocal object-server[97568]: ::1 - - [25/Nov/2025:00:41:24 +0000] "PUT /3/72785/AUTH_34047920d4864ad78d85d02365686cf8/gnocchi.99d34b94-8bb9-40d3-82ea-978c63819f35/none_v3" 201 - "PUT http://[::1]:8080/v1/AUTH_34047920d4864ad78d85d02365686cf8/gnocchi.99d34b94-8bb9-40d3-82ea-978c63819f35/none_v3" "tx596dfeb9161c4defa7be3-006924fb34" "proxy-server 90340" 0.0187 "-" 97568 0
Nov 24 19:41:24 np0005534223.novalocal proxy-server[90339]: ::1 ::1 25/Nov/2025/00/41/24 PUT /v1/AUTH_34047920d4864ad78d85d02365686cf8/gnocchi.18e98d64-5942-4b26-a3f7-ffe8b7e4b9f1/none_v3 HTTP/1.0 201 - python-swiftclient-4.2.0 gAAAAABpJPsEg9N3... 61 - - txf3ff66d7393d4487afe8b-006924fb34 - 0.0394 - - 1764031284.342134714 1764031284.381557941 0
Nov 24 19:41:24 np0005534223.novalocal container-server[97261]: ::1 - - [25/Nov/2025:00:41:24 +0000] "PUT /1/25137/AUTH_34047920d4864ad78d85d02365686cf8/gnocchi.99d34b94-8bb9-40d3-82ea-978c63819f35/none_v3" 201 - "PUT http://[::1]:8080/2/72785/AUTH_34047920d4864ad78d85d02365686cf8/gnocchi.99d34b94-8bb9-40d3-82ea-978c63819f35/none_v3" "tx596dfeb9161c4defa7be3-006924fb34" "object-server 97567" 0.0021 "-" 97261 0
Nov 24 19:41:24 np0005534223.novalocal object-server[97567]: ::1 - - [25/Nov/2025:00:41:24 +0000] "PUT /2/72785/AUTH_34047920d4864ad78d85d02365686cf8/gnocchi.99d34b94-8bb9-40d3-82ea-978c63819f35/none_v3" 201 - "PUT http://[::1]:8080/v1/AUTH_34047920d4864ad78d85d02365686cf8/gnocchi.99d34b94-8bb9-40d3-82ea-978c63819f35/none_v3" "tx596dfeb9161c4defa7be3-006924fb34" "proxy-server 90340" 0.0216 "-" 97567 0
Nov 24 19:41:24 np0005534223.novalocal container-server[97264]: ::1 - - [25/Nov/2025:00:41:24 +0000] "PUT /3/25137/AUTH_34047920d4864ad78d85d02365686cf8/gnocchi.99d34b94-8bb9-40d3-82ea-978c63819f35/none_v3" 201 - "PUT http://[::1]:8080/1/72785/AUTH_34047920d4864ad78d85d02365686cf8/gnocchi.99d34b94-8bb9-40d3-82ea-978c63819f35/none_v3" "tx596dfeb9161c4defa7be3-006924fb34" "object-server 97567" 0.0007 "-" 97264 0
Nov 24 19:41:24 np0005534223.novalocal object-server[97567]: ::1 - - [25/Nov/2025:00:41:24 +0000] "PUT /1/72785/AUTH_34047920d4864ad78d85d02365686cf8/gnocchi.99d34b94-8bb9-40d3-82ea-978c63819f35/none_v3" 201 - "PUT http://[::1]:8080/v1/AUTH_34047920d4864ad78d85d02365686cf8/gnocchi.99d34b94-8bb9-40d3-82ea-978c63819f35/none_v3" "tx596dfeb9161c4defa7be3-006924fb34" "proxy-server 90340" 0.0185 "-" 97567 0
Nov 24 19:41:24 np0005534223.novalocal proxy-server[90340]: ::1 ::1 25/Nov/2025/00/41/24 PUT /v1/AUTH_34047920d4864ad78d85d02365686cf8/gnocchi.99d34b94-8bb9-40d3-82ea-978c63819f35/none_v3 HTTP/1.0 201 - python-swiftclient-4.2.0 gAAAAABpJPsEC1e4... 61 - - tx596dfeb9161c4defa7be3-006924fb34 - 0.0347 - - 1764031284.352300882 1764031284.387014627 0
Nov 24 19:41:24 np0005534223.novalocal object-server[97566]: ::1 - - [25/Nov/2025:00:41:24 +0000] "GET /1/104130/AUTH_34047920d4864ad78d85d02365686cf8/gnocchi.90742f83-f119-4f12-b436-e1b8eda632f5/none_v3" 200 45 "GET http://[::1]:8080/v1/AUTH_34047920d4864ad78d85d02365686cf8/gnocchi.90742f83-f119-4f12-b436-e1b8eda632f5/none_v3" "tx583dcc74f81f4ebd95f41-006924fb34" "proxy-server 90339" 0.0007 "-" 97566 0
Nov 24 19:41:24 np0005534223.novalocal proxy-server[90339]: ::1 ::1 25/Nov/2025/00/41/24 GET /v1/AUTH_34047920d4864ad78d85d02365686cf8/gnocchi.90742f83-f119-4f12-b436-e1b8eda632f5/none_v3 HTTP/1.0 200 - python-swiftclient-4.2.0 gAAAAABpJPsEg9N3... - 45 - tx583dcc74f81f4ebd95f41-006924fb34 - 0.0069 - - 1764031284.395964861 1764031284.402880669 0
Nov 24 19:41:24 np0005534223.novalocal object-server[97566]: ::1 - - [25/Nov/2025:00:41:24 +0000] "GET /1/185341/AUTH_34047920d4864ad78d85d02365686cf8/gnocchi.b81a5cdf-2239-4339-87f2-28a572c82ca3/none_v3" 200 51 "GET http://[::1]:8080/v1/AUTH_34047920d4864ad78d85d02365686cf8/gnocchi.b81a5cdf-2239-4339-87f2-28a572c82ca3/none_v3" "tx4625ac16666c448c80511-006924fb34" "proxy-server 90340" 0.0004 "-" 97566 0
Nov 24 19:41:24 np0005534223.novalocal proxy-server[90340]: ::1 ::1 25/Nov/2025/00/41/24 GET /v1/AUTH_34047920d4864ad78d85d02365686cf8/gnocchi.b81a5cdf-2239-4339-87f2-28a572c82ca3/none_v3 HTTP/1.0 200 - python-swiftclient-4.2.0 gAAAAABpJPsEC1e4... - 51 - tx4625ac16666c448c80511-006924fb34 - 0.0081 - - 1764031284.398088932 1764031284.406229734 0
Nov 24 19:41:24 np0005534223.novalocal container-server[97263]: ::1 - - [25/Nov/2025:00:41:24 +0000] "GET /2/200833/AUTH_34047920d4864ad78d85d02365686cf8/gnocchi.90742f83-f119-4f12-b436-e1b8eda632f5" 200 357 "GET http://[::1]:8080/v1/AUTH_34047920d4864ad78d85d02365686cf8/gnocchi.90742f83-f119-4f12-b436-e1b8eda632f5?format=json&states=listing" "tx3d0c87965d394ee78fabf-006924fb34" "proxy-server 90339" 0.0126 "-" 97263 0
Nov 24 19:41:24 np0005534223.novalocal proxy-server[90339]: ::1 ::1 25/Nov/2025/00/41/24 GET /v1/AUTH_34047920d4864ad78d85d02365686cf8/gnocchi.90742f83-f119-4f12-b436-e1b8eda632f5%3Fformat%3Djson%26states%3Dlisting HTTP/1.0 200 - python-swiftclient-4.2.0 gAAAAABpJPsEg9N3... - 357 - tx3d0c87965d394ee78fabf-006924fb34 - 0.0181 - - 1764031284.406654358 1764031284.424794912 0
Nov 24 19:41:24 np0005534223.novalocal container-server[97263]: ::1 - - [25/Nov/2025:00:41:24 +0000] "GET /3/26234/AUTH_34047920d4864ad78d85d02365686cf8/gnocchi.b81a5cdf-2239-4339-87f2-28a572c82ca3" 200 357 "GET http://[::1]:8080/v1/AUTH_34047920d4864ad78d85d02365686cf8/gnocchi.b81a5cdf-2239-4339-87f2-28a572c82ca3?format=json&states=listing" "tx128834f49888490c85294-006924fb34" "proxy-server 90340" 0.0100 "-" 97263 0
Nov 24 19:41:24 np0005534223.novalocal proxy-server[90340]: ::1 ::1 25/Nov/2025/00/41/24 GET /v1/AUTH_34047920d4864ad78d85d02365686cf8/gnocchi.b81a5cdf-2239-4339-87f2-28a572c82ca3%3Fformat%3Djson%26states%3Dlisting HTTP/1.0 200 - python-swiftclient-4.2.0 gAAAAABpJPsEC1e4... - 357 - tx128834f49888490c85294-006924fb34 - 0.0175 - - 1764031284.410501957 1764031284.427998066 0
Nov 24 19:41:24 np0005534223.novalocal container-server[97262]: ::1 - - [25/Nov/2025:00:41:24 +0000] "GET /2/200833/AUTH_34047920d4864ad78d85d02365686cf8/gnocchi.90742f83-f119-4f12-b436-e1b8eda632f5" 200 2 "GET http://[::1]:8080/v1/AUTH_34047920d4864ad78d85d02365686cf8/gnocchi.90742f83-f119-4f12-b436-e1b8eda632f5?format=json&marker=none_v3&states=listing" "tx88669d5a34634796a6a23-006924fb34" "proxy-server 90339" 0.0023 "-" 97262 0
Nov 24 19:41:24 np0005534223.novalocal proxy-server[90339]: ::1 ::1 25/Nov/2025/00/41/24 GET /v1/AUTH_34047920d4864ad78d85d02365686cf8/gnocchi.90742f83-f119-4f12-b436-e1b8eda632f5%3Fformat%3Djson%26marker%3Dnone_v3%26states%3Dlisting HTTP/1.0 200 - python-swiftclient-4.2.0 gAAAAABpJPsEg9N3... - 2 - tx88669d5a34634796a6a23-006924fb34 - 0.0095 - - 1764031284.426913261 1764031284.436398745 0
Nov 24 19:41:24 np0005534223.novalocal container-server[97262]: ::1 - - [25/Nov/2025:00:41:24 +0000] "GET /1/26234/AUTH_34047920d4864ad78d85d02365686cf8/gnocchi.b81a5cdf-2239-4339-87f2-28a572c82ca3" 200 2 "GET http://[::1]:8080/v1/AUTH_34047920d4864ad78d85d02365686cf8/gnocchi.b81a5cdf-2239-4339-87f2-28a572c82ca3?format=json&marker=none_v3&states=listing" "tx77cab37475104980834fc-006924fb34" "proxy-server 90340" 0.0056 "-" 97262 0
Nov 24 19:41:24 np0005534223.novalocal object-server[97567]: ::1 - - [25/Nov/2025:00:41:24 +0000] "GET /3/57708/AUTH_34047920d4864ad78d85d02365686cf8/gnocchi.90742f83-f119-4f12-b436-e1b8eda632f5/1763640000.0_mean_300.0_v3" 200 16 "GET http://[::1]:8080/v1/AUTH_34047920d4864ad78d85d02365686cf8/gnocchi.90742f83-f119-4f12-b436-e1b8eda632f5/1763640000.0_mean_300.0_v3" "tx68b67842b3c540b890ab6-006924fb34" "proxy-server 90339" 0.0007 "-" 97567 0
Nov 24 19:41:24 np0005534223.novalocal proxy-server[90340]: ::1 ::1 25/Nov/2025/00/41/24 GET /v1/AUTH_34047920d4864ad78d85d02365686cf8/gnocchi.b81a5cdf-2239-4339-87f2-28a572c82ca3%3Fformat%3Djson%26marker%3Dnone_v3%26states%3Dlisting HTTP/1.0 200 - python-swiftclient-4.2.0 gAAAAABpJPsEC1e4... - 2 - tx77cab37475104980834fc-006924fb34 - 0.0168 - - 1764031284.430928707 1764031284.447757244 0
Nov 24 19:41:24 np0005534223.novalocal proxy-server[90339]: ::1 ::1 25/Nov/2025/00/41/24 GET /v1/AUTH_34047920d4864ad78d85d02365686cf8/gnocchi.90742f83-f119-4f12-b436-e1b8eda632f5/1763640000.0_mean_300.0_v3 HTTP/1.0 200 - python-swiftclient-4.2.0 gAAAAABpJPsEg9N3... - 16 - tx68b67842b3c540b890ab6-006924fb34 - 0.0063 - - 1764031284.441834688 1764031284.448165178 0
Nov 24 19:41:24 np0005534223.novalocal object-server[97567]: ::1 - - [25/Nov/2025:00:41:24 +0000] "GET /3/88714/AUTH_34047920d4864ad78d85d02365686cf8/gnocchi.b81a5cdf-2239-4339-87f2-28a572c82ca3/1763640000.0_mean_300.0_v3" 200 16 "GET http://[::1]:8080/v1/AUTH_34047920d4864ad78d85d02365686cf8/gnocchi.b81a5cdf-2239-4339-87f2-28a572c82ca3/1763640000.0_mean_300.0_v3" "tx693aa27fd0734ed1b9e4d-006924fb34" "proxy-server 90340" 0.0007 "-" 97567 0
Nov 24 19:41:24 np0005534223.novalocal proxy-server[90340]: ::1 ::1 25/Nov/2025/00/41/24 GET /v1/AUTH_34047920d4864ad78d85d02365686cf8/gnocchi.b81a5cdf-2239-4339-87f2-28a572c82ca3/1763640000.0_mean_300.0_v3 HTTP/1.0 200 - python-swiftclient-4.2.0 gAAAAABpJPsEC1e4... - 16 - tx693aa27fd0734ed1b9e4d-006924fb34 - 0.0089 - - 1764031284.451149464 1764031284.460063457 0
Nov 24 19:41:24 np0005534223.novalocal kernel: qvb3a9dc8cb-92: left allmulticast mode
Nov 24 19:41:24 np0005534223.novalocal kernel: qvb3a9dc8cb-92: left promiscuous mode
Nov 24 19:41:24 np0005534223.novalocal kernel: qbr3a9dc8cb-92: port 1(qvb3a9dc8cb-92) entered disabled state
Nov 24 19:41:24 np0005534223.novalocal container-server[97263]: ::1 - - [25/Nov/2025:00:41:24 +0000] "PUT /1/200833/AUTH_34047920d4864ad78d85d02365686cf8/gnocchi.90742f83-f119-4f12-b436-e1b8eda632f5/1763640000.0_mean_300.0_v3" 201 - "PUT http://[::1]:8080/2/57708/AUTH_34047920d4864ad78d85d02365686cf8/gnocchi.90742f83-f119-4f12-b436-e1b8eda632f5/1763640000.0_mean_300.0_v3" "txd79b74c2bde2448aabb17-006924fb34" "object-server 97566" 0.0004 "-" 97263 0
Nov 24 19:41:24 np0005534223.novalocal container-server[97263]: ::1 - - [25/Nov/2025:00:41:24 +0000] "PUT /2/200833/AUTH_34047920d4864ad78d85d02365686cf8/gnocchi.90742f83-f119-4f12-b436-e1b8eda632f5/1763640000.0_mean_300.0_v3" 201 - "PUT http://[::1]:8080/1/57708/AUTH_34047920d4864ad78d85d02365686cf8/gnocchi.90742f83-f119-4f12-b436-e1b8eda632f5/1763640000.0_mean_300.0_v3" "txd79b74c2bde2448aabb17-006924fb34" "object-server 97568" 0.0003 "-" 97263 0
Nov 24 19:41:24 np0005534223.novalocal object-server[97566]: ::1 - - [25/Nov/2025:00:41:24 +0000] "PUT /2/57708/AUTH_34047920d4864ad78d85d02365686cf8/gnocchi.90742f83-f119-4f12-b436-e1b8eda632f5/1763640000.0_mean_300.0_v3" 201 - "PUT http://[::1]:8080/v1/AUTH_34047920d4864ad78d85d02365686cf8/gnocchi.90742f83-f119-4f12-b436-e1b8eda632f5/1763640000.0_mean_300.0_v3" "txd79b74c2bde2448aabb17-006924fb34" "proxy-server 90339" 0.0119 "-" 97566 0
Nov 24 19:41:24 np0005534223.novalocal object-server[97568]: ::1 - - [25/Nov/2025:00:41:24 +0000] "PUT /1/57708/AUTH_34047920d4864ad78d85d02365686cf8/gnocchi.90742f83-f119-4f12-b436-e1b8eda632f5/1763640000.0_mean_300.0_v3" 201 - "PUT http://[::1]:8080/v1/AUTH_34047920d4864ad78d85d02365686cf8/gnocchi.90742f83-f119-4f12-b436-e1b8eda632f5/1763640000.0_mean_300.0_v3" "txd79b74c2bde2448aabb17-006924fb34" "proxy-server 90339" 0.0161 "-" 97568 0
Nov 24 19:41:24 np0005534223.novalocal container-server[97264]: ::1 - - [25/Nov/2025:00:41:24 +0000] "PUT /2/26234/AUTH_34047920d4864ad78d85d02365686cf8/gnocchi.b81a5cdf-2239-4339-87f2-28a572c82ca3/1763640000.0_mean_300.0_v3" 201 - "PUT http://[::1]:8080/3/88714/AUTH_34047920d4864ad78d85d02365686cf8/gnocchi.b81a5cdf-2239-4339-87f2-28a572c82ca3/1763640000.0_mean_300.0_v3" "txe9a7761de9224cdf88a9d-006924fb34" "object-server 97567" 0.0004 "-" 97264 0
Nov 24 19:41:24 np0005534223.novalocal container-server[97262]: ::1 - - [25/Nov/2025:00:41:24 +0000] "PUT /3/200833/AUTH_34047920d4864ad78d85d02365686cf8/gnocchi.90742f83-f119-4f12-b436-e1b8eda632f5/1763640000.0_mean_300.0_v3" 201 - "PUT http://[::1]:8080/3/57708/AUTH_34047920d4864ad78d85d02365686cf8/gnocchi.90742f83-f119-4f12-b436-e1b8eda632f5/1763640000.0_mean_300.0_v3" "txd79b74c2bde2448aabb17-006924fb34" "object-server 97569" 0.0004 "-" 97262 0
Nov 24 19:41:24 np0005534223.novalocal object-server[97567]: ::1 - - [25/Nov/2025:00:41:24 +0000] "PUT /3/88714/AUTH_34047920d4864ad78d85d02365686cf8/gnocchi.b81a5cdf-2239-4339-87f2-28a572c82ca3/1763640000.0_mean_300.0_v3" 201 - "PUT http://[::1]:8080/v1/AUTH_34047920d4864ad78d85d02365686cf8/gnocchi.b81a5cdf-2239-4339-87f2-28a572c82ca3/1763640000.0_mean_300.0_v3" "txe9a7761de9224cdf88a9d-006924fb34" "proxy-server 90340" 0.0088 "-" 97567 0
Nov 24 19:41:24 np0005534223.novalocal object-server[97569]: ::1 - - [25/Nov/2025:00:41:24 +0000] "PUT /3/57708/AUTH_34047920d4864ad78d85d02365686cf8/gnocchi.90742f83-f119-4f12-b436-e1b8eda632f5/1763640000.0_mean_300.0_v3" 201 - "PUT http://[::1]:8080/v1/AUTH_34047920d4864ad78d85d02365686cf8/gnocchi.90742f83-f119-4f12-b436-e1b8eda632f5/1763640000.0_mean_300.0_v3" "txd79b74c2bde2448aabb17-006924fb34" "proxy-server 90339" 0.0187 "-" 97569 0
Nov 24 19:41:24 np0005534223.novalocal container-server[97264]: ::1 - - [25/Nov/2025:00:41:24 +0000] "PUT /1/26234/AUTH_34047920d4864ad78d85d02365686cf8/gnocchi.b81a5cdf-2239-4339-87f2-28a572c82ca3/1763640000.0_mean_300.0_v3" 201 - "PUT http://[::1]:8080/2/88714/AUTH_34047920d4864ad78d85d02365686cf8/gnocchi.b81a5cdf-2239-4339-87f2-28a572c82ca3/1763640000.0_mean_300.0_v3" "txe9a7761de9224cdf88a9d-006924fb34" "object-server 97568" 0.0003 "-" 97264 0
Nov 24 19:41:24 np0005534223.novalocal proxy-server[90339]: ::1 ::1 25/Nov/2025/00/41/24 PUT /v1/AUTH_34047920d4864ad78d85d02365686cf8/gnocchi.90742f83-f119-4f12-b436-e1b8eda632f5/1763640000.0_mean_300.0_v3 HTTP/1.0 201 - python-swiftclient-4.2.0 gAAAAABpJPsEg9N3... 16 - - txd79b74c2bde2448aabb17-006924fb34 - 0.0273 - - 1764031284.452828646 1764031284.480160236 0
Nov 24 19:41:24 np0005534223.novalocal object-server[97568]: ::1 - - [25/Nov/2025:00:41:24 +0000] "PUT /2/88714/AUTH_34047920d4864ad78d85d02365686cf8/gnocchi.b81a5cdf-2239-4339-87f2-28a572c82ca3/1763640000.0_mean_300.0_v3" 201 - "PUT http://[::1]:8080/v1/AUTH_34047920d4864ad78d85d02365686cf8/gnocchi.b81a5cdf-2239-4339-87f2-28a572c82ca3/1763640000.0_mean_300.0_v3" "txe9a7761de9224cdf88a9d-006924fb34" "proxy-server 90340" 0.0121 "-" 97568 0
Nov 24 19:41:24 np0005534223.novalocal container-server[97264]: ::1 - - [25/Nov/2025:00:41:24 +0000] "PUT /3/26234/AUTH_34047920d4864ad78d85d02365686cf8/gnocchi.b81a5cdf-2239-4339-87f2-28a572c82ca3/1763640000.0_mean_300.0_v3" 201 - "PUT http://[::1]:8080/1/88714/AUTH_34047920d4864ad78d85d02365686cf8/gnocchi.b81a5cdf-2239-4339-87f2-28a572c82ca3/1763640000.0_mean_300.0_v3" "txe9a7761de9224cdf88a9d-006924fb34" "object-server 97569" 0.0003 "-" 97264 0
Nov 24 19:41:24 np0005534223.novalocal object-server[97569]: ::1 - - [25/Nov/2025:00:41:24 +0000] "PUT /1/88714/AUTH_34047920d4864ad78d85d02365686cf8/gnocchi.b81a5cdf-2239-4339-87f2-28a572c82ca3/1763640000.0_mean_300.0_v3" 201 - "PUT http://[::1]:8080/v1/AUTH_34047920d4864ad78d85d02365686cf8/gnocchi.b81a5cdf-2239-4339-87f2-28a572c82ca3/1763640000.0_mean_300.0_v3" "txe9a7761de9224cdf88a9d-006924fb34" "proxy-server 90340" 0.0145 "-" 97569 0
Nov 24 19:41:24 np0005534223.novalocal proxy-server[90340]: ::1 ::1 25/Nov/2025/00/41/24 PUT /v1/AUTH_34047920d4864ad78d85d02365686cf8/gnocchi.b81a5cdf-2239-4339-87f2-28a572c82ca3/1763640000.0_mean_300.0_v3 HTTP/1.0 201 - python-swiftclient-4.2.0 gAAAAABpJPsEC1e4... 16 - - txe9a7761de9224cdf88a9d-006924fb34 - 0.0216 - - 1764031284.462645531 1764031284.484215975 0
Nov 24 19:41:24 np0005534223.novalocal NetworkManager[855]: [1764031284.4846] device (qbr3a9dc8cb-92): bridge port qvb3a9dc8cb-92 was detached
Nov 24 19:41:24 np0005534223.novalocal NetworkManager[855]: [1764031284.4857] device (qbr3a9dc8cb-92): state change: activated -> unmanaged (reason 'unmanaged', managed-type: 'removed')
Nov 24 19:41:24 np0005534223.novalocal container-server[97264]: ::1 - - [25/Nov/2025:00:41:24 +0000] "PUT /3/200833/AUTH_34047920d4864ad78d85d02365686cf8/gnocchi.90742f83-f119-4f12-b436-e1b8eda632f5/none_v3" 201 - "PUT http://[::1]:8080/3/104130/AUTH_34047920d4864ad78d85d02365686cf8/gnocchi.90742f83-f119-4f12-b436-e1b8eda632f5/none_v3" "tx94c70955657442b496ced-006924fb34" "object-server 97566" 0.0004 "-" 97264 0
Nov 24 19:41:24 np0005534223.novalocal object-server[97566]: ::1 - - [25/Nov/2025:00:41:24 +0000] "PUT /3/104130/AUTH_34047920d4864ad78d85d02365686cf8/gnocchi.90742f83-f119-4f12-b436-e1b8eda632f5/none_v3" 201 - "PUT http://[::1]:8080/v1/AUTH_34047920d4864ad78d85d02365686cf8/gnocchi.90742f83-f119-4f12-b436-e1b8eda632f5/none_v3" "tx94c70955657442b496ced-006924fb34" "proxy-server 90339" 0.0098 "-" 97566 0
Nov 24 19:41:24 np0005534223.novalocal container-server[97264]: ::1 - - [25/Nov/2025:00:41:24 +0000] "PUT /3/26234/AUTH_34047920d4864ad78d85d02365686cf8/gnocchi.b81a5cdf-2239-4339-87f2-28a572c82ca3/none_v3" 201 - "PUT http://[::1]:8080/2/185341/AUTH_34047920d4864ad78d85d02365686cf8/gnocchi.b81a5cdf-2239-4339-87f2-28a572c82ca3/none_v3" "tx7cb1447e2f364364a3988-006924fb34" "object-server 97567" 0.0003 "-" 97264 0
Nov 24 19:41:24 np0005534223.novalocal container-server[97262]: ::1 - - [25/Nov/2025:00:41:24 +0000] "PUT /1/200833/AUTH_34047920d4864ad78d85d02365686cf8/gnocchi.90742f83-f119-4f12-b436-e1b8eda632f5/none_v3" 201 - "PUT http://[::1]:8080/2/104130/AUTH_34047920d4864ad78d85d02365686cf8/gnocchi.90742f83-f119-4f12-b436-e1b8eda632f5/none_v3" "tx94c70955657442b496ced-006924fb34" "object-server 97567" 0.0004 "-" 97262 0
Nov 24 19:41:24 np0005534223.novalocal container-server[97264]: ::1 - - [25/Nov/2025:00:41:24 +0000] "PUT /2/200833/AUTH_34047920d4864ad78d85d02365686cf8/gnocchi.90742f83-f119-4f12-b436-e1b8eda632f5/none_v3" 201 - "PUT http://[::1]:8080/1/104130/AUTH_34047920d4864ad78d85d02365686cf8/gnocchi.90742f83-f119-4f12-b436-e1b8eda632f5/none_v3" "tx94c70955657442b496ced-006924fb34" "object-server 97568" 0.0002 "-" 97264 0
Nov 24 19:41:24 np0005534223.novalocal object-server[97567]: ::1 - - [25/Nov/2025:00:41:24 +0000] "PUT /2/185341/AUTH_34047920d4864ad78d85d02365686cf8/gnocchi.b81a5cdf-2239-4339-87f2-28a572c82ca3/none_v3" 201 - "PUT http://[::1]:8080/v1/AUTH_34047920d4864ad78d85d02365686cf8/gnocchi.b81a5cdf-2239-4339-87f2-28a572c82ca3/none_v3" "tx7cb1447e2f364364a3988-006924fb34" "proxy-server 90340" 0.0086 "-" 97567 0
Nov 24 19:41:24 np0005534223.novalocal object-server[97567]: ::1 - - [25/Nov/2025:00:41:24 +0000] "PUT /2/104130/AUTH_34047920d4864ad78d85d02365686cf8/gnocchi.90742f83-f119-4f12-b436-e1b8eda632f5/none_v3" 201 - "PUT http://[::1]:8080/v1/AUTH_34047920d4864ad78d85d02365686cf8/gnocchi.90742f83-f119-4f12-b436-e1b8eda632f5/none_v3" "tx94c70955657442b496ced-006924fb34" "proxy-server 90339" 0.0133 "-" 97567 0
Nov 24 19:41:24 np0005534223.novalocal container-server[97263]: ::1 - - [25/Nov/2025:00:41:24 +0000] "PUT /2/26234/AUTH_34047920d4864ad78d85d02365686cf8/gnocchi.b81a5cdf-2239-4339-87f2-28a572c82ca3/none_v3" 201 - "PUT http://[::1]:8080/1/185341/AUTH_34047920d4864ad78d85d02365686cf8/gnocchi.b81a5cdf-2239-4339-87f2-28a572c82ca3/none_v3" "tx7cb1447e2f364364a3988-006924fb34" "object-server 97569" 0.0004 "-" 97263 0
Nov 24 19:41:24 np0005534223.novalocal object-server[97568]: ::1 - - [25/Nov/2025:00:41:24 +0000] "PUT /1/104130/AUTH_34047920d4864ad78d85d02365686cf8/gnocchi.90742f83-f119-4f12-b436-e1b8eda632f5/none_v3" 201 - "PUT http://[::1]:8080/v1/AUTH_34047920d4864ad78d85d02365686cf8/gnocchi.90742f83-f119-4f12-b436-e1b8eda632f5/none_v3" "tx94c70955657442b496ced-006924fb34" "proxy-server 90339" 0.0139 "-" 97568 0
Nov 24 19:41:24 np0005534223.novalocal object-server[97569]: ::1 - - [25/Nov/2025:00:41:24 +0000] "PUT /1/185341/AUTH_34047920d4864ad78d85d02365686cf8/gnocchi.b81a5cdf-2239-4339-87f2-28a572c82ca3/none_v3" 201 - "PUT http://[::1]:8080/v1/AUTH_34047920d4864ad78d85d02365686cf8/gnocchi.b81a5cdf-2239-4339-87f2-28a572c82ca3/none_v3" "tx7cb1447e2f364364a3988-006924fb34" "proxy-server 90340" 0.0121 "-" 97569 0
Nov 24 19:41:24 np0005534223.novalocal container-server[97264]: ::1 - - [25/Nov/2025:00:41:24 +0000] "PUT /1/26234/AUTH_34047920d4864ad78d85d02365686cf8/gnocchi.b81a5cdf-2239-4339-87f2-28a572c82ca3/none_v3" 201 - "PUT http://[::1]:8080/3/185341/AUTH_34047920d4864ad78d85d02365686cf8/gnocchi.b81a5cdf-2239-4339-87f2-28a572c82ca3/none_v3" "tx7cb1447e2f364364a3988-006924fb34" "object-server 97568" 0.0003 "-" 97264 0
Nov 24 19:41:24 np0005534223.novalocal proxy-server[90339]: ::1 ::1 25/Nov/2025/00/41/24 PUT /v1/AUTH_34047920d4864ad78d85d02365686cf8/gnocchi.90742f83-f119-4f12-b436-e1b8eda632f5/none_v3 HTTP/1.0 201 - python-swiftclient-4.2.0 gAAAAABpJPsEg9N3... 53 - - tx94c70955657442b496ced-006924fb34 - 0.0232 - - 1764031284.482564688 1764031284.505724192 0
Nov 24 19:41:24 np0005534223.novalocal kernel: qvo3a9dc8cb-92: left promiscuous mode
Nov 24 19:41:24 np0005534223.novalocal object-server[97568]: ::1 - - [25/Nov/2025:00:41:24 +0000] "PUT /3/185341/AUTH_34047920d4864ad78d85d02365686cf8/gnocchi.b81a5cdf-2239-4339-87f2-28a572c82ca3/none_v3" 201 - "PUT http://[::1]:8080/v1/AUTH_34047920d4864ad78d85d02365686cf8/gnocchi.b81a5cdf-2239-4339-87f2-28a572c82ca3/none_v3" "tx7cb1447e2f364364a3988-006924fb34" "proxy-server 90340" 0.0199 "-" 97568 0
Nov 24 19:41:24 np0005534223.novalocal proxy-server[90340]: ::1 ::1 25/Nov/2025/00/41/24 PUT /v1/AUTH_34047920d4864ad78d85d02365686cf8/gnocchi.b81a5cdf-2239-4339-87f2-28a572c82ca3/none_v3 HTTP/1.0 201 - python-swiftclient-4.2.0 gAAAAABpJPsEC1e4... 60 - - tx7cb1447e2f364364a3988-006924fb34 - 0.0259 - - 1764031284.487296581 1764031284.513243437 0
Nov 24 19:41:24 np0005534223.novalocal object-server[97566]: ::1 - - [25/Nov/2025:00:41:24 +0000] "GET /1/249012/AUTH_34047920d4864ad78d85d02365686cf8/gnocchi.18e98d64-5942-4b26-a3f7-ffe8b7e4b9f1/none_v3" 200 61 "GET http://[::1]:8080/v1/AUTH_34047920d4864ad78d85d02365686cf8/gnocchi.18e98d64-5942-4b26-a3f7-ffe8b7e4b9f1/none_v3" "tx32c0c01689d144b58cc6e-006924fb34" "proxy-server 90339" 0.0008 "-" 97566 0
Nov 24 19:41:24 np0005534223.novalocal proxy-server[90339]: ::1 ::1 25/Nov/2025/00/41/24 GET /v1/AUTH_34047920d4864ad78d85d02365686cf8/gnocchi.18e98d64-5942-4b26-a3f7-ffe8b7e4b9f1/none_v3 HTTP/1.0 200 - python-swiftclient-4.2.0 gAAAAABpJPsEg9N3... - 61 - tx32c0c01689d144b58cc6e-006924fb34 - 0.0077 - - 1764031284.524459362 1764031284.532128572 0
Nov 24 19:41:24 np0005534223.novalocal object-server[97567]: ::1 - - [25/Nov/2025:00:41:24 +0000] "GET /1/104130/AUTH_34047920d4864ad78d85d02365686cf8/gnocchi.90742f83-f119-4f12-b436-e1b8eda632f5/none_v3" 200 53 "GET http://[::1]:8080/v1/AUTH_34047920d4864ad78d85d02365686cf8/gnocchi.90742f83-f119-4f12-b436-e1b8eda632f5/none_v3" "tx258fa3b794ea4f0fbaf67-006924fb34" "proxy-server 90340" 0.0006 "-" 97567 0
Nov 24 19:41:24 np0005534223.novalocal proxy-server[90340]: ::1 ::1 25/Nov/2025/00/41/24 GET /v1/AUTH_34047920d4864ad78d85d02365686cf8/gnocchi.90742f83-f119-4f12-b436-e1b8eda632f5/none_v3 HTTP/1.0 200 - python-swiftclient-4.2.0 gAAAAABpJPsEC1e4... - 53 - tx258fa3b794ea4f0fbaf67-006924fb34 - 0.0113 - - 1764031284.530987024 1764031284.542273998 0
Nov 24 19:41:24 np0005534223.novalocal container-server[97262]: ::1 - - [25/Nov/2025:00:41:24 +0000] "GET /2/252514/AUTH_34047920d4864ad78d85d02365686cf8/gnocchi.18e98d64-5942-4b26-a3f7-ffe8b7e4b9f1" 200 357 "GET http://[::1]:8080/v1/AUTH_34047920d4864ad78d85d02365686cf8/gnocchi.18e98d64-5942-4b26-a3f7-ffe8b7e4b9f1?format=json&states=listing" "txc3277772b25043a3b9627-006924fb34" "proxy-server 90339" 0.0081 "-" 97262 0
Nov 24 19:41:24 np0005534223.novalocal proxy-server[90339]: ::1 ::1 25/Nov/2025/00/41/24 GET /v1/AUTH_34047920d4864ad78d85d02365686cf8/gnocchi.18e98d64-5942-4b26-a3f7-ffe8b7e4b9f1%3Fformat%3Djson%26states%3Dlisting HTTP/1.0 200 - python-swiftclient-4.2.0 gAAAAABpJPsEg9N3... - 357 - txc3277772b25043a3b9627-006924fb34 - 0.0152 - - 1764031284.535858870 1764031284.551059484 0
Nov 24 19:41:24 np0005534223.novalocal container-server[97262]: ::1 - - [25/Nov/2025:00:41:24 +0000] "GET /2/252514/AUTH_34047920d4864ad78d85d02365686cf8/gnocchi.18e98d64-5942-4b26-a3f7-ffe8b7e4b9f1" 200 2 "GET http://[::1]:8080/v1/AUTH_34047920d4864ad78d85d02365686cf8/gnocchi.18e98d64-5942-4b26-a3f7-ffe8b7e4b9f1?format=json&marker=none_v3&states=listing" "txa8e468a1c39a4c8c9008d-006924fb34" "proxy-server 90339" 0.0016 "-" 97262 0
Nov 24 19:41:24 np0005534223.novalocal proxy-server[90339]: ::1 ::1 25/Nov/2025/00/41/24 GET /v1/AUTH_34047920d4864ad78d85d02365686cf8/gnocchi.18e98d64-5942-4b26-a3f7-ffe8b7e4b9f1%3Fformat%3Djson%26marker%3Dnone_v3%26states%3Dlisting HTTP/1.0 200 - python-swiftclient-4.2.0 gAAAAABpJPsEg9N3... - 2 - txa8e468a1c39a4c8c9008d-006924fb34 - 0.0059 - - 1764031284.553068399 1764031284.558966637 0
Nov 24 19:41:24 np0005534223.novalocal container-server[97261]: ::1 - - [25/Nov/2025:00:41:24 +0000] "GET /2/200833/AUTH_34047920d4864ad78d85d02365686cf8/gnocchi.90742f83-f119-4f12-b436-e1b8eda632f5" 200 357 "GET http://[::1]:8080/v1/AUTH_34047920d4864ad78d85d02365686cf8/gnocchi.90742f83-f119-4f12-b436-e1b8eda632f5?format=json&states=listing" "tx79b3a5c1bd78473786053-006924fb34" "proxy-server 90340" 0.0073 "-" 97261 0
Nov 24 19:41:24 np0005534223.novalocal proxy-server[90340]: ::1 ::1 25/Nov/2025/00/41/24 GET /v1/AUTH_34047920d4864ad78d85d02365686cf8/gnocchi.90742f83-f119-4f12-b436-e1b8eda632f5%3Fformat%3Djson%26states%3Dlisting HTTP/1.0 200 - python-swiftclient-4.2.0 gAAAAABpJPsEC1e4... - 357 - tx79b3a5c1bd78473786053-006924fb34 - 0.0148 - - 1764031284.548410416 1764031284.563174248 0
Nov 24 19:41:24 np0005534223.novalocal object-server[97568]: ::1 - - [25/Nov/2025:00:41:24 +0000] "GET /1/87044/AUTH_34047920d4864ad78d85d02365686cf8/gnocchi.18e98d64-5942-4b26-a3f7-ffe8b7e4b9f1/1763640000.0_mean_300.0_v3" 200 16 "GET http://[::1]:8080/v1/AUTH_34047920d4864ad78d85d02365686cf8/gnocchi.18e98d64-5942-4b26-a3f7-ffe8b7e4b9f1/1763640000.0_mean_300.0_v3" "txf6cf913d25c744e4aac7d-006924fb34" "proxy-server 90339" 0.0006 "-" 97568 0
Nov 24 19:41:24 np0005534223.novalocal proxy-server[90339]: ::1 ::1 25/Nov/2025/00/41/24 GET /v1/AUTH_34047920d4864ad78d85d02365686cf8/gnocchi.18e98d64-5942-4b26-a3f7-ffe8b7e4b9f1/1763640000.0_mean_300.0_v3 HTTP/1.0 200 - python-swiftclient-4.2.0 gAAAAABpJPsEg9N3... - 16 - txf6cf913d25c744e4aac7d-006924fb34 - 0.0051 - - 1764031284.561446190 1764031284.566569805 0
Nov 24 19:41:24 np0005534223.novalocal container-server[97261]: ::1 - - [25/Nov/2025:00:41:24 +0000] "GET /3/200833/AUTH_34047920d4864ad78d85d02365686cf8/gnocchi.90742f83-f119-4f12-b436-e1b8eda632f5" 200 2 "GET http://[::1]:8080/v1/AUTH_34047920d4864ad78d85d02365686cf8/gnocchi.90742f83-f119-4f12-b436-e1b8eda632f5?format=json&marker=none_v3&states=listing" "tx38def43e299b4671a48a5-006924fb34" "proxy-server 90340" 0.0083 "-" 97261 0
Nov 24 19:41:24 np0005534223.novalocal proxy-server[90340]: ::1 ::1 25/Nov/2025/00/41/24 GET /v1/AUTH_34047920d4864ad78d85d02365686cf8/gnocchi.90742f83-f119-4f12-b436-e1b8eda632f5%3Fformat%3Djson%26marker%3Dnone_v3%26states%3Dlisting HTTP/1.0 200 - python-swiftclient-4.2.0 gAAAAABpJPsEC1e4... - 2 - tx38def43e299b4671a48a5-006924fb34 - 0.0146 - - 1764031284.566055775 1764031284.580669641 0
Nov 24 19:41:24 np0005534223.novalocal container-server[97261]: ::1 - - [25/Nov/2025:00:41:24 +0000] "PUT /2/252514/AUTH_34047920d4864ad78d85d02365686cf8/gnocchi.18e98d64-5942-4b26-a3f7-ffe8b7e4b9f1/1763640000.0_mean_300.0_v3" 201 - "PUT http://[::1]:8080/3/87044/AUTH_34047920d4864ad78d85d02365686cf8/gnocchi.18e98d64-5942-4b26-a3f7-ffe8b7e4b9f1/1763640000.0_mean_300.0_v3" "tx621046d24a5346d9b96d7-006924fb34" "object-server 97567" 0.0004 "-" 97261 0
Nov 24 19:41:24 np0005534223.novalocal object-server[97567]: ::1 - - [25/Nov/2025:00:41:24 +0000] "PUT /3/87044/AUTH_34047920d4864ad78d85d02365686cf8/gnocchi.18e98d64-5942-4b26-a3f7-ffe8b7e4b9f1/1763640000.0_mean_300.0_v3" 201 - "PUT http://[::1]:8080/v1/AUTH_34047920d4864ad78d85d02365686cf8/gnocchi.18e98d64-5942-4b26-a3f7-ffe8b7e4b9f1/1763640000.0_mean_300.0_v3" "tx621046d24a5346d9b96d7-006924fb34" "proxy-server 90339" 0.0094 "-" 97567 0
Nov 24 19:41:24 np0005534223.novalocal container-server[97264]: ::1 - - [25/Nov/2025:00:41:24 +0000] "PUT /1/252514/AUTH_34047920d4864ad78d85d02365686cf8/gnocchi.18e98d64-5942-4b26-a3f7-ffe8b7e4b9f1/1763640000.0_mean_300.0_v3" 201 - "PUT http://[::1]:8080/1/87044/AUTH_34047920d4864ad78d85d02365686cf8/gnocchi.18e98d64-5942-4b26-a3f7-ffe8b7e4b9f1/1763640000.0_mean_300.0_v3" "tx621046d24a5346d9b96d7-006924fb34" "object-server 97569" 0.0004 "-" 97264 0
Nov 24 19:41:24 np0005534223.novalocal container-server[97261]: ::1 - - [25/Nov/2025:00:41:24 +0000] "PUT /3/252514/AUTH_34047920d4864ad78d85d02365686cf8/gnocchi.18e98d64-5942-4b26-a3f7-ffe8b7e4b9f1/1763640000.0_mean_300.0_v3" 201 - "PUT http://[::1]:8080/2/87044/AUTH_34047920d4864ad78d85d02365686cf8/gnocchi.18e98d64-5942-4b26-a3f7-ffe8b7e4b9f1/1763640000.0_mean_300.0_v3" "tx621046d24a5346d9b96d7-006924fb34" "object-server 97568" 0.0003 "-" 97261 0
Nov 24 19:41:24 np0005534223.novalocal object-server[97568]: ::1 - - [25/Nov/2025:00:41:24 +0000] "PUT /2/87044/AUTH_34047920d4864ad78d85d02365686cf8/gnocchi.18e98d64-5942-4b26-a3f7-ffe8b7e4b9f1/1763640000.0_mean_300.0_v3" 201 - "PUT http://[::1]:8080/v1/AUTH_34047920d4864ad78d85d02365686cf8/gnocchi.18e98d64-5942-4b26-a3f7-ffe8b7e4b9f1/1763640000.0_mean_300.0_v3" "tx621046d24a5346d9b96d7-006924fb34" "proxy-server 90339" 0.0082 "-" 97568 0
Nov 24 19:41:24 np0005534223.novalocal object-server[97569]: ::1 - - [25/Nov/2025:00:41:24 +0000] "PUT /1/87044/AUTH_34047920d4864ad78d85d02365686cf8/gnocchi.18e98d64-5942-4b26-a3f7-ffe8b7e4b9f1/1763640000.0_mean_300.0_v3" 201 - "PUT http://[::1]:8080/v1/AUTH_34047920d4864ad78d85d02365686cf8/gnocchi.18e98d64-5942-4b26-a3f7-ffe8b7e4b9f1/1763640000.0_mean_300.0_v3" "tx621046d24a5346d9b96d7-006924fb34" "proxy-server 90339" 0.0102 "-" 97569 0
Nov 24 19:41:24 np0005534223.novalocal proxy-server[90339]: ::1 ::1 25/Nov/2025/00/41/24 PUT /v1/AUTH_34047920d4864ad78d85d02365686cf8/gnocchi.18e98d64-5942-4b26-a3f7-ffe8b7e4b9f1/1763640000.0_mean_300.0_v3 HTTP/1.0 201 - python-swiftclient-4.2.0 gAAAAABpJPsEg9N3... 16 - - tx621046d24a5346d9b96d7-006924fb34 - 0.0167 - - 1764031284.568527222 1764031284.585277081 0
Nov 24 19:41:24 np0005534223.novalocal object-server[97569]: ::1 - - [25/Nov/2025:00:41:24 +0000] "GET /3/57708/AUTH_34047920d4864ad78d85d02365686cf8/gnocchi.90742f83-f119-4f12-b436-e1b8eda632f5/1763640000.0_mean_300.0_v3" 200 16 "GET http://[::1]:8080/v1/AUTH_34047920d4864ad78d85d02365686cf8/gnocchi.90742f83-f119-4f12-b436-e1b8eda632f5/1763640000.0_mean_300.0_v3" "tx111a4b282bbf45e2bcaf4-006924fb34" "proxy-server 90340" 0.0007 "-" 97569 0
Nov 24 19:41:24 np0005534223.novalocal proxy-server[90340]: ::1 ::1 25/Nov/2025/00/41/24 GET /v1/AUTH_34047920d4864ad78d85d02365686cf8/gnocchi.90742f83-f119-4f12-b436-e1b8eda632f5/1763640000.0_mean_300.0_v3 HTTP/1.0 200 - python-swiftclient-4.2.0 gAAAAABpJPsEC1e4... - 16 - tx111a4b282bbf45e2bcaf4-006924fb34 - 0.0127 - - 1764031284.584115982 1764031284.596858740 0
Nov 24 19:41:24 np0005534223.novalocal container-server[97262]: ::1 - - [25/Nov/2025:00:41:24 +0000] "PUT /3/252514/AUTH_34047920d4864ad78d85d02365686cf8/gnocchi.18e98d64-5942-4b26-a3f7-ffe8b7e4b9f1/none_v3" 201 - "PUT http://[::1]:8080/1/249012/AUTH_34047920d4864ad78d85d02365686cf8/gnocchi.18e98d64-5942-4b26-a3f7-ffe8b7e4b9f1/none_v3" "tx5862dfd160ca4e8b9751d-006924fb34" "object-server 97569" 0.0005 "-" 97262 0
Nov 24 19:41:24 np0005534223.novalocal object-server[97569]: ::1 - - [25/Nov/2025:00:41:24 +0000] "PUT /1/249012/AUTH_34047920d4864ad78d85d02365686cf8/gnocchi.18e98d64-5942-4b26-a3f7-ffe8b7e4b9f1/none_v3" 201 - "PUT http://[::1]:8080/v1/AUTH_34047920d4864ad78d85d02365686cf8/gnocchi.18e98d64-5942-4b26-a3f7-ffe8b7e4b9f1/none_v3" "tx5862dfd160ca4e8b9751d-006924fb34" "proxy-server 90339" 0.0077 "-" 97569 0
Nov 24 19:41:24 np0005534223.novalocal container-server[97263]: ::1 - - [25/Nov/2025:00:41:24 +0000] "PUT /2/252514/AUTH_34047920d4864ad78d85d02365686cf8/gnocchi.18e98d64-5942-4b26-a3f7-ffe8b7e4b9f1/none_v3" 201 - "PUT http://[::1]:8080/2/249012/AUTH_34047920d4864ad78d85d02365686cf8/gnocchi.18e98d64-5942-4b26-a3f7-ffe8b7e4b9f1/none_v3" "tx5862dfd160ca4e8b9751d-006924fb34" "object-server 97567" 0.0004 "-" 97263 0
Nov 24 19:41:24 np0005534223.novalocal container-server[97263]: ::1 - - [25/Nov/2025:00:41:24 +0000] "PUT /1/252514/AUTH_34047920d4864ad78d85d02365686cf8/gnocchi.18e98d64-5942-4b26-a3f7-ffe8b7e4b9f1/none_v3" 201 - "PUT http://[::1]:8080/3/249012/AUTH_34047920d4864ad78d85d02365686cf8/gnocchi.18e98d64-5942-4b26-a3f7-ffe8b7e4b9f1/none_v3" "tx5862dfd160ca4e8b9751d-006924fb34" "object-server 97566" 0.0003 "-" 97263 0
Nov 24 19:41:24 np0005534223.novalocal object-server[97567]: ::1 - - [25/Nov/2025:00:41:24 +0000] "PUT /2/249012/AUTH_34047920d4864ad78d85d02365686cf8/gnocchi.18e98d64-5942-4b26-a3f7-ffe8b7e4b9f1/none_v3" 201 - "PUT http://[::1]:8080/v1/AUTH_34047920d4864ad78d85d02365686cf8/gnocchi.18e98d64-5942-4b26-a3f7-ffe8b7e4b9f1/none_v3" "tx5862dfd160ca4e8b9751d-006924fb34" "proxy-server 90339" 0.0125 "-" 97567 0
Nov 24 19:41:24 np0005534223.novalocal object-server[97566]: ::1 - - [25/Nov/2025:00:41:24 +0000] "PUT /3/249012/AUTH_34047920d4864ad78d85d02365686cf8/gnocchi.18e98d64-5942-4b26-a3f7-ffe8b7e4b9f1/none_v3" 201 - "PUT http://[::1]:8080/v1/AUTH_34047920d4864ad78d85d02365686cf8/gnocchi.18e98d64-5942-4b26-a3f7-ffe8b7e4b9f1/none_v3" "tx5862dfd160ca4e8b9751d-006924fb34" "proxy-server 90339" 0.0109 "-" 97566 0
Nov 24 19:41:24 np0005534223.novalocal proxy-server[90339]: ::1 ::1 25/Nov/2025/00/41/24 PUT /v1/AUTH_34047920d4864ad78d85d02365686cf8/gnocchi.18e98d64-5942-4b26-a3f7-ffe8b7e4b9f1/none_v3 HTTP/1.0 201 - python-swiftclient-4.2.0 gAAAAABpJPsEg9N3... 67 - - tx5862dfd160ca4e8b9751d-006924fb34 - 0.0186 - - 1764031284.587334633 1764031284.605942965 0
Nov 24 19:41:24 np0005534223.novalocal container-server[97263]: ::1 - - [25/Nov/2025:00:41:24 +0000] "PUT /3/200833/AUTH_34047920d4864ad78d85d02365686cf8/gnocchi.90742f83-f119-4f12-b436-e1b8eda632f5/1763640000.0_mean_300.0_v3" 201 - "PUT http://[::1]:8080/1/57708/AUTH_34047920d4864ad78d85d02365686cf8/gnocchi.90742f83-f119-4f12-b436-e1b8eda632f5/1763640000.0_mean_300.0_v3" "tx9cf73a13b5f140b38d475-006924fb34" "object-server 97566" 0.0005 "-" 97263 0
Nov 24 19:41:24 np0005534223.novalocal object-server[97566]: ::1 - - [25/Nov/2025:00:41:24 +0000] "PUT /1/57708/AUTH_34047920d4864ad78d85d02365686cf8/gnocchi.90742f83-f119-4f12-b436-e1b8eda632f5/1763640000.0_mean_300.0_v3" 201 - "PUT http://[::1]:8080/v1/AUTH_34047920d4864ad78d85d02365686cf8/gnocchi.90742f83-f119-4f12-b436-e1b8eda632f5/1763640000.0_mean_300.0_v3" "tx9cf73a13b5f140b38d475-006924fb34" "proxy-server 90340" 0.0095 "-" 97566 0
Nov 24 19:41:24 np0005534223.novalocal container-server[97263]: ::1 - - [25/Nov/2025:00:41:24 +0000] "PUT /1/200833/AUTH_34047920d4864ad78d85d02365686cf8/gnocchi.90742f83-f119-4f12-b436-e1b8eda632f5/1763640000.0_mean_300.0_v3" 201 - "PUT http://[::1]:8080/2/57708/AUTH_34047920d4864ad78d85d02365686cf8/gnocchi.90742f83-f119-4f12-b436-e1b8eda632f5/1763640000.0_mean_300.0_v3" "tx9cf73a13b5f140b38d475-006924fb34" "object-server 97566" 0.0003 "-" 97263 0
Nov 24 19:41:24 np0005534223.novalocal container-server[97264]: ::1 - - [25/Nov/2025:00:41:24 +0000] "PUT /2/200833/AUTH_34047920d4864ad78d85d02365686cf8/gnocchi.90742f83-f119-4f12-b436-e1b8eda632f5/1763640000.0_mean_300.0_v3" 201 - "PUT http://[::1]:8080/3/57708/AUTH_34047920d4864ad78d85d02365686cf8/gnocchi.90742f83-f119-4f12-b436-e1b8eda632f5/1763640000.0_mean_300.0_v3" "tx9cf73a13b5f140b38d475-006924fb34" "object-server 97567" 0.0006 "-" 97264 0
Nov 24 19:41:24 np0005534223.novalocal object-server[97566]: ::1 - - [25/Nov/2025:00:41:24 +0000] "PUT /2/57708/AUTH_34047920d4864ad78d85d02365686cf8/gnocchi.90742f83-f119-4f12-b436-e1b8eda632f5/1763640000.0_mean_300.0_v3" 201 - "PUT http://[::1]:8080/v1/AUTH_34047920d4864ad78d85d02365686cf8/gnocchi.90742f83-f119-4f12-b436-e1b8eda632f5/1763640000.0_mean_300.0_v3" "tx9cf73a13b5f140b38d475-006924fb34" "proxy-server 90340" 0.0090 "-" 97566 0
Nov 24 19:41:24 np0005534223.novalocal object-server[97567]: ::1 - - [25/Nov/2025:00:41:24 +0000] "PUT /3/57708/AUTH_34047920d4864ad78d85d02365686cf8/gnocchi.90742f83-f119-4f12-b436-e1b8eda632f5/1763640000.0_mean_300.0_v3" 201 - "PUT http://[::1]:8080/v1/AUTH_34047920d4864ad78d85d02365686cf8/gnocchi.90742f83-f119-4f12-b436-e1b8eda632f5/1763640000.0_mean_300.0_v3" "tx9cf73a13b5f140b38d475-006924fb34" "proxy-server 90340" 0.0109 "-" 97567 0
Nov 24 19:41:24 np0005534223.novalocal object-server[97569]: ::1 - - [25/Nov/2025:00:41:24 +0000] "GET /2/72785/AUTH_34047920d4864ad78d85d02365686cf8/gnocchi.99d34b94-8bb9-40d3-82ea-978c63819f35/none_v3" 200 61 "GET http://[::1]:8080/v1/AUTH_34047920d4864ad78d85d02365686cf8/gnocchi.99d34b94-8bb9-40d3-82ea-978c63819f35/none_v3" "txcc142f9081794456bc9b7-006924fb34" "proxy-server 90339" 0.0008 "-" 97569 0
Nov 24 19:41:24 np0005534223.novalocal proxy-server[90340]: ::1 ::1 25/Nov/2025/00/41/24 PUT /v1/AUTH_34047920d4864ad78d85d02365686cf8/gnocchi.90742f83-f119-4f12-b436-e1b8eda632f5/1763640000.0_mean_300.0_v3 HTTP/1.0 201 - python-swiftclient-4.2.0 gAAAAABpJPsEC1e4... 16 - - tx9cf73a13b5f140b38d475-006924fb34 - 0.0208 - - 1764031284.600827456 1764031284.621612072 0
Nov 24 19:41:24 np0005534223.novalocal proxy-server[90339]: ::1 ::1 25/Nov/2025/00/41/24 GET /v1/AUTH_34047920d4864ad78d85d02365686cf8/gnocchi.99d34b94-8bb9-40d3-82ea-978c63819f35/none_v3 HTTP/1.0 200 - python-swiftclient-4.2.0 gAAAAABpJPsEg9N3... - 61 - txcc142f9081794456bc9b7-006924fb34 - 0.0082 - - 1764031284.613808393 1764031284.621964216 0
Nov 24 19:41:24 np0005534223.novalocal container-server[97261]: ::1 - - [25/Nov/2025:00:41:24 +0000] "GET /3/25137/AUTH_34047920d4864ad78d85d02365686cf8/gnocchi.99d34b94-8bb9-40d3-82ea-978c63819f35" 200 357 "GET http://[::1]:8080/v1/AUTH_34047920d4864ad78d85d02365686cf8/gnocchi.99d34b94-8bb9-40d3-82ea-978c63819f35?format=json&states=listing" "txcdc82022ff2644ef88128-006924fb34" "proxy-server 90339" 0.0063 "-" 97261 0
Nov 24 19:41:24 np0005534223.novalocal proxy-server[90339]: ::1 ::1 25/Nov/2025/00/41/24 GET /v1/AUTH_34047920d4864ad78d85d02365686cf8/gnocchi.99d34b94-8bb9-40d3-82ea-978c63819f35%3Fformat%3Djson%26states%3Dlisting HTTP/1.0 200 - python-swiftclient-4.2.0 gAAAAABpJPsEg9N3... - 357 - txcdc82022ff2644ef88128-006924fb34 - 0.0150 - - 1764031284.624116659 1764031284.639088631 0
Nov 24 19:41:24 np0005534223.novalocal container-server[97262]: ::1 - - [25/Nov/2025:00:41:24 +0000] "PUT /2/200833/AUTH_34047920d4864ad78d85d02365686cf8/gnocchi.90742f83-f119-4f12-b436-e1b8eda632f5/none_v3" 201 - "PUT http://[::1]:8080/3/104130/AUTH_34047920d4864ad78d85d02365686cf8/gnocchi.90742f83-f119-4f12-b436-e1b8eda632f5/none_v3" "txd76852db00424df1819fb-006924fb34" "object-server 97569" 0.0006 "-" 97262 0
Nov 24 19:41:24 np0005534223.novalocal container-server[97263]: ::1 - - [25/Nov/2025:00:41:24 +0000] "PUT /3/200833/AUTH_34047920d4864ad78d85d02365686cf8/gnocchi.90742f83-f119-4f12-b436-e1b8eda632f5/none_v3" 201 - "PUT http://[::1]:8080/2/104130/AUTH_34047920d4864ad78d85d02365686cf8/gnocchi.90742f83-f119-4f12-b436-e1b8eda632f5/none_v3" "txd76852db00424df1819fb-006924fb34" "object-server 97566" 0.0005 "-" 97263 0
Nov 24 19:41:24 np0005534223.novalocal object-server[97566]: ::1 - - [25/Nov/2025:00:41:24 +0000] "PUT /2/104130/AUTH_34047920d4864ad78d85d02365686cf8/gnocchi.90742f83-f119-4f12-b436-e1b8eda632f5/none_v3" 201 - "PUT http://[::1]:8080/v1/AUTH_34047920d4864ad78d85d02365686cf8/gnocchi.90742f83-f119-4f12-b436-e1b8eda632f5/none_v3" "txd76852db00424df1819fb-006924fb34" "proxy-server 90340" 0.0106 "-" 97566 0
Nov 24 19:41:24 np0005534223.novalocal container-server[97261]: ::1 - - [25/Nov/2025:00:41:24 +0000] "PUT /1/200833/AUTH_34047920d4864ad78d85d02365686cf8/gnocchi.90742f83-f119-4f12-b436-e1b8eda632f5/none_v3" 201 - "PUT http://[::1]:8080/1/104130/AUTH_34047920d4864ad78d85d02365686cf8/gnocchi.90742f83-f119-4f12-b436-e1b8eda632f5/none_v3" "txd76852db00424df1819fb-006924fb34" "object-server 97567" 0.0003 "-" 97261 0
Nov 24 19:41:24 np0005534223.novalocal object-server[97569]: ::1 - - [25/Nov/2025:00:41:24 +0000] "PUT /3/104130/AUTH_34047920d4864ad78d85d02365686cf8/gnocchi.90742f83-f119-4f12-b436-e1b8eda632f5/none_v3" 201 - "PUT http://[::1]:8080/v1/AUTH_34047920d4864ad78d85d02365686cf8/gnocchi.90742f83-f119-4f12-b436-e1b8eda632f5/none_v3" "txd76852db00424df1819fb-006924fb34" "proxy-server 90340" 0.0100 "-" 97569 0
Nov 24 19:41:24 np0005534223.novalocal object-server[97567]: ::1 - - [25/Nov/2025:00:41:24 +0000] "PUT /1/104130/AUTH_34047920d4864ad78d85d02365686cf8/gnocchi.90742f83-f119-4f12-b436-e1b8eda632f5/none_v3" 201 - "PUT http://[::1]:8080/v1/AUTH_34047920d4864ad78d85d02365686cf8/gnocchi.90742f83-f119-4f12-b436-e1b8eda632f5/none_v3" "txd76852db00424df1819fb-006924fb34" "proxy-server 90340" 0.0118 "-" 97567 0
Nov 24 19:41:24 np0005534223.novalocal proxy-server[90340]: ::1 ::1 25/Nov/2025/00/41/24 PUT /v1/AUTH_34047920d4864ad78d85d02365686cf8/gnocchi.90742f83-f119-4f12-b436-e1b8eda632f5/none_v3 HTTP/1.0 201 - python-swiftclient-4.2.0 gAAAAABpJPsEC1e4... 59 - - txd76852db00424df1819fb-006924fb34 - 0.0251 - - 1764031284.626936913 1764031284.651997328 0
Nov 24 19:41:24 np0005534223.novalocal container-server[97263]: ::1 - - [25/Nov/2025:00:41:24 +0000] "GET /2/25137/AUTH_34047920d4864ad78d85d02365686cf8/gnocchi.99d34b94-8bb9-40d3-82ea-978c63819f35" 200 2 "GET http://[::1]:8080/v1/AUTH_34047920d4864ad78d85d02365686cf8/gnocchi.99d34b94-8bb9-40d3-82ea-978c63819f35?format=json&marker=none_v3&states=listing" "txf12b233ddde94701ae4cf-006924fb34" "proxy-server 90339" 0.0074 "-" 97263 0
Nov 24 19:41:24 np0005534223.novalocal proxy-server[90339]: ::1 ::1 25/Nov/2025/00/41/24 GET /v1/AUTH_34047920d4864ad78d85d02365686cf8/gnocchi.99d34b94-8bb9-40d3-82ea-978c63819f35%3Fformat%3Djson%26marker%3Dnone_v3%26states%3Dlisting HTTP/1.0 200 - python-swiftclient-4.2.0 gAAAAABpJPsEg9N3... - 2 - txf12b233ddde94701ae4cf-006924fb34 - 0.0190 - - 1764031284.645398378 1764031284.664439440 0
Nov 24 19:41:24 np0005534223.novalocal object-server[97569]: ::1 - - [25/Nov/2025:00:41:24 +0000] "GET /2/163813/AUTH_34047920d4864ad78d85d02365686cf8/gnocchi.99d34b94-8bb9-40d3-82ea-978c63819f35/1763640000.0_mean_300.0_v3" 200 16 "GET http://[::1]:8080/v1/AUTH_34047920d4864ad78d85d02365686cf8/gnocchi.99d34b94-8bb9-40d3-82ea-978c63819f35/1763640000.0_mean_300.0_v3" "txe68c3e82a8fe4be48784a-006924fb34" "proxy-server 90339" 0.0007 "-" 97569 0
Nov 24 19:41:24 np0005534223.novalocal proxy-server[90339]: ::1 ::1 25/Nov/2025/00/41/24 GET /v1/AUTH_34047920d4864ad78d85d02365686cf8/gnocchi.99d34b94-8bb9-40d3-82ea-978c63819f35/1763640000.0_mean_300.0_v3 HTTP/1.0 200 - python-swiftclient-4.2.0 gAAAAABpJPsEg9N3... - 16 - txe68c3e82a8fe4be48784a-006924fb34 - 0.0100 - - 1764031284.672513247 1764031284.682482719 0
Nov 24 19:41:24 np0005534223.novalocal container-server[97261]: ::1 - - [25/Nov/2025:00:41:24 +0000] "PUT /3/25137/AUTH_34047920d4864ad78d85d02365686cf8/gnocchi.99d34b94-8bb9-40d3-82ea-978c63819f35/1763640000.0_mean_300.0_v3" 201 - "PUT http://[::1]:8080/1/163813/AUTH_34047920d4864ad78d85d02365686cf8/gnocchi.99d34b94-8bb9-40d3-82ea-978c63819f35/1763640000.0_mean_300.0_v3" "txffb84308d4364833aca18-006924fb34" "object-server 97569" 0.0005 "-" 97261 0
Nov 24 19:41:24 np0005534223.novalocal object-server[97569]: ::1 - - [25/Nov/2025:00:41:24 +0000] "PUT /1/163813/AUTH_34047920d4864ad78d85d02365686cf8/gnocchi.99d34b94-8bb9-40d3-82ea-978c63819f35/1763640000.0_mean_300.0_v3" 201 - "PUT http://[::1]:8080/v1/AUTH_34047920d4864ad78d85d02365686cf8/gnocchi.99d34b94-8bb9-40d3-82ea-978c63819f35/1763640000.0_mean_300.0_v3" "txffb84308d4364833aca18-006924fb34" "proxy-server 90339" 0.0112 "-" 97569 0
Nov 24 19:41:24 np0005534223.novalocal container-server[97261]: ::1 - - [25/Nov/2025:00:41:24 +0000] "PUT /1/25137/AUTH_34047920d4864ad78d85d02365686cf8/gnocchi.99d34b94-8bb9-40d3-82ea-978c63819f35/1763640000.0_mean_300.0_v3" 201 - "PUT http://[::1]:8080/2/163813/AUTH_34047920d4864ad78d85d02365686cf8/gnocchi.99d34b94-8bb9-40d3-82ea-978c63819f35/1763640000.0_mean_300.0_v3" "txffb84308d4364833aca18-006924fb34" "object-server 97569" 0.0003 "-" 97261 0
Nov 24 19:41:24 np0005534223.novalocal object-server[97569]: ::1 - - [25/Nov/2025:00:41:24 +0000] "PUT /2/163813/AUTH_34047920d4864ad78d85d02365686cf8/gnocchi.99d34b94-8bb9-40d3-82ea-978c63819f35/1763640000.0_mean_300.0_v3" 201 - "PUT http://[::1]:8080/v1/AUTH_34047920d4864ad78d85d02365686cf8/gnocchi.99d34b94-8bb9-40d3-82ea-978c63819f35/1763640000.0_mean_300.0_v3" "txffb84308d4364833aca18-006924fb34" "proxy-server 90339" 0.0110 "-" 97569 0
Nov 24 19:41:24 np0005534223.novalocal container-server[97263]: ::1 - - [25/Nov/2025:00:41:24 +0000] "PUT /2/25137/AUTH_34047920d4864ad78d85d02365686cf8/gnocchi.99d34b94-8bb9-40d3-82ea-978c63819f35/1763640000.0_mean_300.0_v3" 201 - "PUT http://[::1]:8080/3/163813/AUTH_34047920d4864ad78d85d02365686cf8/gnocchi.99d34b94-8bb9-40d3-82ea-978c63819f35/1763640000.0_mean_300.0_v3" "txffb84308d4364833aca18-006924fb34" "object-server 97568" 0.0004 "-" 97263 0
Nov 24 19:41:24 np0005534223.novalocal object-server[97568]: ::1 - - [25/Nov/2025:00:41:24 +0000] "PUT /3/163813/AUTH_34047920d4864ad78d85d02365686cf8/gnocchi.99d34b94-8bb9-40d3-82ea-978c63819f35/1763640000.0_mean_300.0_v3" 201 - "PUT http://[::1]:8080/v1/AUTH_34047920d4864ad78d85d02365686cf8/gnocchi.99d34b94-8bb9-40d3-82ea-978c63819f35/1763640000.0_mean_300.0_v3" "txffb84308d4364833aca18-006924fb34" "proxy-server 90339" 0.0132 "-" 97568 0
Nov 24 19:41:24 np0005534223.novalocal proxy-server[90339]: ::1 ::1 25/Nov/2025/00/41/24 PUT /v1/AUTH_34047920d4864ad78d85d02365686cf8/gnocchi.99d34b94-8bb9-40d3-82ea-978c63819f35/1763640000.0_mean_300.0_v3 HTTP/1.0 201 - python-swiftclient-4.2.0 gAAAAABpJPsEg9N3... 16 - - txffb84308d4364833aca18-006924fb34 - 0.0280 - - 1764031284.685798168 1764031284.713789463 0
Nov 24 19:41:24 np0005534223.novalocal container-server[97262]: ::1 - - [25/Nov/2025:00:41:24 +0000] "PUT /2/25137/AUTH_34047920d4864ad78d85d02365686cf8/gnocchi.99d34b94-8bb9-40d3-82ea-978c63819f35/none_v3" 201 - "PUT http://[::1]:8080/2/72785/AUTH_34047920d4864ad78d85d02365686cf8/gnocchi.99d34b94-8bb9-40d3-82ea-978c63819f35/none_v3" "txde6047ad26f64cf09e4e2-006924fb34" "object-server 97567" 0.0005 "-" 97262 0
Nov 24 19:41:24 np0005534223.novalocal object-server[97567]: ::1 - - [25/Nov/2025:00:41:24 +0000] "PUT /2/72785/AUTH_34047920d4864ad78d85d02365686cf8/gnocchi.99d34b94-8bb9-40d3-82ea-978c63819f35/none_v3" 201 - "PUT http://[::1]:8080/v1/AUTH_34047920d4864ad78d85d02365686cf8/gnocchi.99d34b94-8bb9-40d3-82ea-978c63819f35/none_v3" "txde6047ad26f64cf09e4e2-006924fb34" "proxy-server 90339" 0.0138 "-" 97567 0
Nov 24 19:41:24 np0005534223.novalocal container-server[97261]: ::1 - - [25/Nov/2025:00:41:24 +0000] "PUT /1/25137/AUTH_34047920d4864ad78d85d02365686cf8/gnocchi.99d34b94-8bb9-40d3-82ea-978c63819f35/none_v3" 201 - "PUT http://[::1]:8080/1/72785/AUTH_34047920d4864ad78d85d02365686cf8/gnocchi.99d34b94-8bb9-40d3-82ea-978c63819f35/none_v3" "txde6047ad26f64cf09e4e2-006924fb34" "object-server 97567" 0.0003 "-" 97261 0
Nov 24 19:41:24 np0005534223.novalocal object-server[97567]: ::1 - - [25/Nov/2025:00:41:24 +0000] "PUT /1/72785/AUTH_34047920d4864ad78d85d02365686cf8/gnocchi.99d34b94-8bb9-40d3-82ea-978c63819f35/none_v3" 201 - "PUT http://[::1]:8080/v1/AUTH_34047920d4864ad78d85d02365686cf8/gnocchi.99d34b94-8bb9-40d3-82ea-978c63819f35/none_v3" "txde6047ad26f64cf09e4e2-006924fb34" "proxy-server 90339" 0.0131 "-" 97567 0
Nov 24 19:41:24 np0005534223.novalocal container-server[97262]: ::1 - - [25/Nov/2025:00:41:24 +0000] "PUT /3/25137/AUTH_34047920d4864ad78d85d02365686cf8/gnocchi.99d34b94-8bb9-40d3-82ea-978c63819f35/none_v3" 201 - "PUT http://[::1]:8080/3/72785/AUTH_34047920d4864ad78d85d02365686cf8/gnocchi.99d34b94-8bb9-40d3-82ea-978c63819f35/none_v3" "txde6047ad26f64cf09e4e2-006924fb34" "object-server 97569" 0.0003 "-" 97262 0
Nov 24 19:41:24 np0005534223.novalocal object-server[97569]: ::1 - - [25/Nov/2025:00:41:24 +0000] "PUT /3/72785/AUTH_34047920d4864ad78d85d02365686cf8/gnocchi.99d34b94-8bb9-40d3-82ea-978c63819f35/none_v3" 201 - "PUT http://[::1]:8080/v1/AUTH_34047920d4864ad78d85d02365686cf8/gnocchi.99d34b94-8bb9-40d3-82ea-978c63819f35/none_v3" "txde6047ad26f64cf09e4e2-006924fb34" "proxy-server 90339" 0.0150 "-" 97569 0
Nov 24 19:41:24 np0005534223.novalocal proxy-server[90339]: ::1 ::1 25/Nov/2025/00/41/24 PUT /v1/AUTH_34047920d4864ad78d85d02365686cf8/gnocchi.99d34b94-8bb9-40d3-82ea-978c63819f35/none_v3 HTTP/1.0 201 - python-swiftclient-4.2.0 gAAAAABpJPsEg9N3... 67 - - txde6047ad26f64cf09e4e2-006924fb34 - 0.0268 - - 1764031284.720402956 1764031284.747153997 0
Nov 24 19:41:24 np0005534223.novalocal object-server[97566]: ::1 - - [25/Nov/2025:00:41:24 +0000] "GET /1/185341/AUTH_34047920d4864ad78d85d02365686cf8/gnocchi.b81a5cdf-2239-4339-87f2-28a572c82ca3/none_v3" 200 60 "GET http://[::1]:8080/v1/AUTH_34047920d4864ad78d85d02365686cf8/gnocchi.b81a5cdf-2239-4339-87f2-28a572c82ca3/none_v3" "tx32f0b660454d42b28e040-006924fb34" "proxy-server 90339" 0.0008 "-" 97566 0
Nov 24 19:41:24 np0005534223.novalocal proxy-server[90339]: ::1 ::1 25/Nov/2025/00/41/24 GET /v1/AUTH_34047920d4864ad78d85d02365686cf8/gnocchi.b81a5cdf-2239-4339-87f2-28a572c82ca3/none_v3 HTTP/1.0 200 - python-swiftclient-4.2.0 gAAAAABpJPsEg9N3... - 60 - tx32f0b660454d42b28e040-006924fb34 - 0.0094 - - 1764031284.762116432 1764031284.771548271 0
Nov 24 19:41:24 np0005534223.novalocal container-server[97262]: ::1 - - [25/Nov/2025:00:41:24 +0000] "GET /1/26234/AUTH_34047920d4864ad78d85d02365686cf8/gnocchi.b81a5cdf-2239-4339-87f2-28a572c82ca3" 200 357 "GET http://[::1]:8080/v1/AUTH_34047920d4864ad78d85d02365686cf8/gnocchi.b81a5cdf-2239-4339-87f2-28a572c82ca3?format=json&states=listing" "tx0b4850326fac4e88b5728-006924fb34" "proxy-server 90339" 0.0062 "-" 97262 0
