Nov 24 19:41:21 np0005534223.novalocal container-server[97263]: ::1 - - [25/Nov/2025:00:41:21 +0000] "HEAD /3/115937/AUTH_34047920d4864ad78d85d02365686cf8/gnocchi.cb76b526-75b5-4db4-b68f-ab074816ecc2" 404 - "HEAD http://[::1]:8080/v1/AUTH_34047920d4864ad78d85d02365686cf8/gnocchi.cb76b526-75b5-4db4-b68f-ab074816ecc2?format=json&states=listing" "tx6410a053700540038432e-006924fb31" "proxy-server 90340" 0.0011 "-" 97263 0
Nov 24 19:41:21 np0005534223.novalocal container-server[97262]: ::1 - - [25/Nov/2025:00:41:21 +0000] "PUT /1/28246/AUTH_34047920d4864ad78d85d02365686cf8/gnocchi.01e77565-b5b7-455d-89e3-f77a03166d52" 201 - "PUT http://[::1]:8080/v1/AUTH_34047920d4864ad78d85d02365686cf8/gnocchi.01e77565-b5b7-455d-89e3-f77a03166d52" "txd958112cd2344d06846dd-006924fb31" "proxy-server 90339" 0.0154 "-" 97262 0
Nov 24 19:41:21 np0005534223.novalocal container-server[97264]: ::1 - - [25/Nov/2025:00:41:21 +0000] "PUT /2/28246/AUTH_34047920d4864ad78d85d02365686cf8/gnocchi.01e77565-b5b7-455d-89e3-f77a03166d52" 201 - "PUT http://[::1]:8080/v1/AUTH_34047920d4864ad78d85d02365686cf8/gnocchi.01e77565-b5b7-455d-89e3-f77a03166d52" "txd958112cd2344d06846dd-006924fb31" "proxy-server 90339" 0.0161 "-" 97264 0
Nov 24 19:41:21 np0005534223.novalocal account-server[96967]: ::1 - - [25/Nov/2025:00:41:21 +0000] "PUT /2/156101/AUTH_34047920d4864ad78d85d02365686cf8/gnocchi.01e77565-b5b7-455d-89e3-f77a03166d52" 201 - "PUT http://[::1]:6001/3/28246/AUTH_34047920d4864ad78d85d02365686cf8/gnocchi.01e77565-b5b7-455d-89e3-f77a03166d52" "txd958112cd2344d06846dd-006924fb31" "container-server 97263" 0.0054 "-" 96967 0
Nov 24 19:41:21 np0005534223.novalocal container-server[97263]: ::1 - - [25/Nov/2025:00:41:21 +0000] "HEAD /1/115937/AUTH_34047920d4864ad78d85d02365686cf8/gnocchi.cb76b526-75b5-4db4-b68f-ab074816ecc2" 404 - "HEAD http://[::1]:8080/v1/AUTH_34047920d4864ad78d85d02365686cf8/gnocchi.cb76b526-75b5-4db4-b68f-ab074816ecc2?format=json&states=listing" "tx6410a053700540038432e-006924fb31" "proxy-server 90340" 0.0004 "-" 97263 0
Nov 24 19:41:21 np0005534223.novalocal container-server[97263]: ::1 - - [25/Nov/2025:00:41:21 +0000] "PUT /3/28246/AUTH_34047920d4864ad78d85d02365686cf8/gnocchi.01e77565-b5b7-455d-89e3-f77a03166d52" 201 - "PUT http://[::1]:8080/v1/AUTH_34047920d4864ad78d85d02365686cf8/gnocchi.01e77565-b5b7-455d-89e3-f77a03166d52" "txd958112cd2344d06846dd-006924fb31" "proxy-server 90339" 0.0193 "-" 97263 0
Nov 24 19:41:21 np0005534223.novalocal proxy-server[90339]: ::1 ::1 25/Nov/2025/00/41/21 PUT /v1/AUTH_34047920d4864ad78d85d02365686cf8/gnocchi.01e77565-b5b7-455d-89e3-f77a03166d52 HTTP/1.0 201 - python-swiftclient-4.2.0 gAAAAABpJPsEg9N3... - - - txd958112cd2344d06846dd-006924fb31 - 0.0266 - - 1764031281.763150454 1764031281.789755106 0
Nov 24 19:41:21 np0005534223.novalocal object-server[97566]: ::1 - - [25/Nov/2025:00:41:21 +0000] "GET /2/158504/AUTH_34047920d4864ad78d85d02365686cf8/gnocchi.cb76b526-75b5-4db4-b68f-ab074816ecc2/none_v3" 404 70 "GET http://[::1]:8080/v1/AUTH_34047920d4864ad78d85d02365686cf8/gnocchi.cb76b526-75b5-4db4-b68f-ab074816ecc2/none_v3" "tx6410a053700540038432e-006924fb31" "proxy-server 90340" 0.0003 "-" 97566 0
Nov 24 19:41:21 np0005534223.novalocal object-server[97567]: ::1 - - [25/Nov/2025:00:41:21 +0000] "GET /1/158504/AUTH_34047920d4864ad78d85d02365686cf8/gnocchi.cb76b526-75b5-4db4-b68f-ab074816ecc2/none_v3" 404 70 "GET http://[::1]:8080/v1/AUTH_34047920d4864ad78d85d02365686cf8/gnocchi.cb76b526-75b5-4db4-b68f-ab074816ecc2/none_v3" "tx6410a053700540038432e-006924fb31" "proxy-server 90340" 0.0005 "-" 97567 0
Nov 24 19:41:21 np0005534223.novalocal container-server[97264]: ::1 - - [25/Nov/2025:00:41:21 +0000] "HEAD /2/28246/AUTH_34047920d4864ad78d85d02365686cf8/gnocchi.01e77565-b5b7-455d-89e3-f77a03166d52" 204 - "HEAD http://[::1]:8080/v1/AUTH_34047920d4864ad78d85d02365686cf8/gnocchi.01e77565-b5b7-455d-89e3-f77a03166d52?format=json&states=listing" "tx627d1267ab234a949aa02-006924fb31" "proxy-server 90339" 0.0017 "-" 97264 0
Nov 24 19:41:21 np0005534223.novalocal object-server[97568]: ::1 - - [25/Nov/2025:00:41:21 +0000] "GET /3/158504/AUTH_34047920d4864ad78d85d02365686cf8/gnocchi.cb76b526-75b5-4db4-b68f-ab074816ecc2/none_v3" 404 70 "GET http://[::1]:8080/v1/AUTH_34047920d4864ad78d85d02365686cf8/gnocchi.cb76b526-75b5-4db4-b68f-ab074816ecc2/none_v3" "tx6410a053700540038432e-006924fb31" "proxy-server 90340" 0.0003 "-" 97568 0
Nov 24 19:41:21 np0005534223.novalocal proxy-server[90340]: ::1 ::1 25/Nov/2025/00/41/21 GET /v1/AUTH_34047920d4864ad78d85d02365686cf8/gnocchi.cb76b526-75b5-4db4-b68f-ab074816ecc2/none_v3 HTTP/1.0 404 - python-swiftclient-4.2.0 gAAAAABpJPsEC1e4... - 70 - tx6410a053700540038432e-006924fb31 - 0.0312 - - 1764031281.769349813 1764031281.800502777 0
Nov 24 19:41:21 np0005534223.novalocal container-server[97264]: ::1 - - [25/Nov/2025:00:41:21 +0000] "GET /2/28246/AUTH_34047920d4864ad78d85d02365686cf8/gnocchi.01e77565-b5b7-455d-89e3-f77a03166d52" 200 2 "GET http://[::1]:8080/v1/AUTH_34047920d4864ad78d85d02365686cf8/gnocchi.01e77565-b5b7-455d-89e3-f77a03166d52?format=json&states=listing" "tx627d1267ab234a949aa02-006924fb31" "proxy-server 90339" 0.0025 "-" 97264 0
Nov 24 19:41:21 np0005534223.novalocal proxy-server[90339]: ::1 ::1 25/Nov/2025/00/41/21 GET /v1/AUTH_34047920d4864ad78d85d02365686cf8/gnocchi.01e77565-b5b7-455d-89e3-f77a03166d52%3Fformat%3Djson%26states%3Dlisting HTTP/1.0 200 - python-swiftclient-4.2.0 gAAAAABpJPsEg9N3... - 2 - tx627d1267ab234a949aa02-006924fb31 - 0.0189 - - 1764031281.793514013 1764031281.812365055 0
Nov 24 19:41:21 np0005534223.novalocal object-server[97566]: ::1 - - [25/Nov/2025:00:41:21 +0000] "GET /3/193000/AUTH_34047920d4864ad78d85d02365686cf8/gnocchi.01e77565-b5b7-455d-89e3-f77a03166d52/1763640000.0_mean_300.0_v3" 404 70 "GET http://[::1]:8080/v1/AUTH_34047920d4864ad78d85d02365686cf8/gnocchi.01e77565-b5b7-455d-89e3-f77a03166d52/1763640000.0_mean_300.0_v3" "tx9e34508ff6d64edab3fc2-006924fb31" "proxy-server 90339" 0.0003 "-" 97566 0
Nov 24 19:41:21 np0005534223.novalocal account-server[96966]: ::1 - - [25/Nov/2025:00:41:21 +0000] "PUT /2/156101/AUTH_34047920d4864ad78d85d02365686cf8/gnocchi.cb76b526-75b5-4db4-b68f-ab074816ecc2" 201 - "PUT http://[::1]:6001/2/115937/AUTH_34047920d4864ad78d85d02365686cf8/gnocchi.cb76b526-75b5-4db4-b68f-ab074816ecc2" "tx1c35cee9b3174d85874d7-006924fb31" "container-server 97262" 0.0049 "-" 96966 0
Nov 24 19:41:21 np0005534223.novalocal container-server[97262]: ::1 - - [25/Nov/2025:00:41:21 +0000] "PUT /2/115937/AUTH_34047920d4864ad78d85d02365686cf8/gnocchi.cb76b526-75b5-4db4-b68f-ab074816ecc2" 201 - "PUT http://[::1]:8080/v1/AUTH_34047920d4864ad78d85d02365686cf8/gnocchi.cb76b526-75b5-4db4-b68f-ab074816ecc2" "tx1c35cee9b3174d85874d7-006924fb31" "proxy-server 90340" 0.0170 "-" 97262 0
Nov 24 19:41:21 np0005534223.novalocal account-server[96968]: ::1 - - [25/Nov/2025:00:41:21 +0000] "PUT /1/156101/AUTH_34047920d4864ad78d85d02365686cf8/gnocchi.cb76b526-75b5-4db4-b68f-ab074816ecc2" 201 - "PUT http://[::1]:6001/1/115937/AUTH_34047920d4864ad78d85d02365686cf8/gnocchi.cb76b526-75b5-4db4-b68f-ab074816ecc2" "tx1c35cee9b3174d85874d7-006924fb31" "container-server 97264" 0.0045 "-" 96968 0
Nov 24 19:41:21 np0005534223.novalocal container-server[97264]: ::1 - - [25/Nov/2025:00:41:21 +0000] "PUT /1/115937/AUTH_34047920d4864ad78d85d02365686cf8/gnocchi.cb76b526-75b5-4db4-b68f-ab074816ecc2" 201 - "PUT http://[::1]:8080/v1/AUTH_34047920d4864ad78d85d02365686cf8/gnocchi.cb76b526-75b5-4db4-b68f-ab074816ecc2" "tx1c35cee9b3174d85874d7-006924fb31" "proxy-server 90340" 0.0178 "-" 97264 0
Nov 24 19:41:21 np0005534223.novalocal account-server[96965]: ::1 - - [25/Nov/2025:00:41:21 +0000] "PUT /3/156101/AUTH_34047920d4864ad78d85d02365686cf8/gnocchi.cb76b526-75b5-4db4-b68f-ab074816ecc2" 201 - "PUT http://[::1]:6001/3/115937/AUTH_34047920d4864ad78d85d02365686cf8/gnocchi.cb76b526-75b5-4db4-b68f-ab074816ecc2" "tx1c35cee9b3174d85874d7-006924fb31" "container-server 97261" 0.0065 "-" 96965 0
Nov 24 19:41:21 np0005534223.novalocal object-server[97569]: ::1 - - [25/Nov/2025:00:41:21 +0000] "GET /2/193000/AUTH_34047920d4864ad78d85d02365686cf8/gnocchi.01e77565-b5b7-455d-89e3-f77a03166d52/1763640000.0_mean_300.0_v3" 404 70 "GET http://[::1]:8080/v1/AUTH_34047920d4864ad78d85d02365686cf8/gnocchi.01e77565-b5b7-455d-89e3-f77a03166d52/1763640000.0_mean_300.0_v3" "tx9e34508ff6d64edab3fc2-006924fb31" "proxy-server 90339" 0.0006 "-" 97569 0
Nov 24 19:41:21 np0005534223.novalocal container-server[97261]: ::1 - - [25/Nov/2025:00:41:21 +0000] "PUT /3/115937/AUTH_34047920d4864ad78d85d02365686cf8/gnocchi.cb76b526-75b5-4db4-b68f-ab074816ecc2" 201 - "PUT http://[::1]:8080/v1/AUTH_34047920d4864ad78d85d02365686cf8/gnocchi.cb76b526-75b5-4db4-b68f-ab074816ecc2" "tx1c35cee9b3174d85874d7-006924fb31" "proxy-server 90340" 0.0216 "-" 97261 0
Nov 24 19:41:21 np0005534223.novalocal proxy-server[90340]: ::1 ::1 25/Nov/2025/00/41/21 PUT /v1/AUTH_34047920d4864ad78d85d02365686cf8/gnocchi.cb76b526-75b5-4db4-b68f-ab074816ecc2 HTTP/1.0 201 - python-swiftclient-4.2.0 gAAAAABpJPsEC1e4... - - - tx1c35cee9b3174d85874d7-006924fb31 - 0.0281 - - 1764031281.802987337 1764031281.831090927 0
Nov 24 19:41:21 np0005534223.novalocal object-server[97569]: ::1 - - [25/Nov/2025:00:41:21 +0000] "GET /1/193000/AUTH_34047920d4864ad78d85d02365686cf8/gnocchi.01e77565-b5b7-455d-89e3-f77a03166d52/1763640000.0_mean_300.0_v3" 404 70 "GET http://[::1]:8080/v1/AUTH_34047920d4864ad78d85d02365686cf8/gnocchi.01e77565-b5b7-455d-89e3-f77a03166d52/1763640000.0_mean_300.0_v3" "tx9e34508ff6d64edab3fc2-006924fb31" "proxy-server 90339" 0.0003 "-" 97569 0
Nov 24 19:41:21 np0005534223.novalocal proxy-server[90339]: ::1 ::1 25/Nov/2025/00/41/21 GET /v1/AUTH_34047920d4864ad78d85d02365686cf8/gnocchi.01e77565-b5b7-455d-89e3-f77a03166d52/1763640000.0_mean_300.0_v3 HTTP/1.0 404 - python-swiftclient-4.2.0 gAAAAABpJPsEg9N3... - 70 - tx9e34508ff6d64edab3fc2-006924fb31 - 0.0162 - - 1764031281.817683458 1764031281.833843946 0
Nov 24 19:41:21 np0005534223.novalocal container-server[97264]: ::1 - - [25/Nov/2025:00:41:21 +0000] "HEAD /2/115937/AUTH_34047920d4864ad78d85d02365686cf8/gnocchi.cb76b526-75b5-4db4-b68f-ab074816ecc2" 204 - "HEAD http://[::1]:8080/v1/AUTH_34047920d4864ad78d85d02365686cf8/gnocchi.cb76b526-75b5-4db4-b68f-ab074816ecc2?format=json&states=listing" "tx928445c95f454062acc7c-006924fb31" "proxy-server 90340" 0.0016 "-" 97264 0
Nov 24 19:41:21 np0005534223.novalocal container-server[97262]: ::1 - - [25/Nov/2025:00:41:21 +0000] "GET /3/115937/AUTH_34047920d4864ad78d85d02365686cf8/gnocchi.cb76b526-75b5-4db4-b68f-ab074816ecc2" 200 2 "GET http://[::1]:8080/v1/AUTH_34047920d4864ad78d85d02365686cf8/gnocchi.cb76b526-75b5-4db4-b68f-ab074816ecc2?format=json&states=listing" "tx928445c95f454062acc7c-006924fb31" "proxy-server 90340" 0.0018 "-" 97262 0
Nov 24 19:41:21 np0005534223.novalocal proxy-server[90340]: ::1 ::1 25/Nov/2025/00/41/21 GET /v1/AUTH_34047920d4864ad78d85d02365686cf8/gnocchi.cb76b526-75b5-4db4-b68f-ab074816ecc2%3Fformat%3Djson%26states%3Dlisting HTTP/1.0 200 - python-swiftclient-4.2.0 gAAAAABpJPsEC1e4... - 2 - tx928445c95f454062acc7c-006924fb31 - 0.0140 - - 1764031281.833875418 1764031281.847832918 0
Nov 24 19:41:21 np0005534223.novalocal object-server[97569]: ::1 - - [25/Nov/2025:00:41:21 +0000] "GET /3/53402/AUTH_34047920d4864ad78d85d02365686cf8/gnocchi.cb76b526-75b5-4db4-b68f-ab074816ecc2/1763640000.0_mean_300.0_v3" 404 70 "GET http://[::1]:8080/v1/AUTH_34047920d4864ad78d85d02365686cf8/gnocchi.cb76b526-75b5-4db4-b68f-ab074816ecc2/1763640000.0_mean_300.0_v3" "tx5123bee4616e46b1ae469-006924fb31" "proxy-server 90340" 0.0003 "-" 97569 0
Nov 24 19:41:21 np0005534223.novalocal object-server[97567]: ::1 - - [25/Nov/2025:00:41:21 +0000] "GET /2/53402/AUTH_34047920d4864ad78d85d02365686cf8/gnocchi.cb76b526-75b5-4db4-b68f-ab074816ecc2/1763640000.0_mean_300.0_v3" 404 70 "GET http://[::1]:8080/v1/AUTH_34047920d4864ad78d85d02365686cf8/gnocchi.cb76b526-75b5-4db4-b68f-ab074816ecc2/1763640000.0_mean_300.0_v3" "tx5123bee4616e46b1ae469-006924fb31" "proxy-server 90340" 0.0003 "-" 97567 0
Nov 24 19:41:21 np0005534223.novalocal container-server[97261]: ::1 - - [25/Nov/2025:00:41:21 +0000] "PUT /2/28246/AUTH_34047920d4864ad78d85d02365686cf8/gnocchi.01e77565-b5b7-455d-89e3-f77a03166d52/1763640000.0_mean_300.0_v3" 201 - "PUT http://[::1]:8080/1/193000/AUTH_34047920d4864ad78d85d02365686cf8/gnocchi.01e77565-b5b7-455d-89e3-f77a03166d52/1763640000.0_mean_300.0_v3" "txa529d44f264d449084eff-006924fb31" "object-server 97567" 0.0005 "-" 97261 0
Nov 24 19:41:21 np0005534223.novalocal object-server[97566]: ::1 - - [25/Nov/2025:00:41:21 +0000] "GET /1/53402/AUTH_34047920d4864ad78d85d02365686cf8/gnocchi.cb76b526-75b5-4db4-b68f-ab074816ecc2/1763640000.0_mean_300.0_v3" 404 70 "GET http://[::1]:8080/v1/AUTH_34047920d4864ad78d85d02365686cf8/gnocchi.cb76b526-75b5-4db4-b68f-ab074816ecc2/1763640000.0_mean_300.0_v3" "tx5123bee4616e46b1ae469-006924fb31" "proxy-server 90340" 0.0004 "-" 97566 0
Nov 24 19:41:21 np0005534223.novalocal object-server[97567]: ::1 - - [25/Nov/2025:00:41:21 +0000] "PUT /1/193000/AUTH_34047920d4864ad78d85d02365686cf8/gnocchi.01e77565-b5b7-455d-89e3-f77a03166d52/1763640000.0_mean_300.0_v3" 201 - "PUT http://[::1]:8080/v1/AUTH_34047920d4864ad78d85d02365686cf8/gnocchi.01e77565-b5b7-455d-89e3-f77a03166d52/1763640000.0_mean_300.0_v3" "txa529d44f264d449084eff-006924fb31" "proxy-server 90339" 0.0158 "-" 97567 0
Nov 24 19:41:21 np0005534223.novalocal container-server[97264]: ::1 - - [25/Nov/2025:00:41:21 +0000] "PUT /1/28246/AUTH_34047920d4864ad78d85d02365686cf8/gnocchi.01e77565-b5b7-455d-89e3-f77a03166d52/1763640000.0_mean_300.0_v3" 201 - "PUT http://[::1]:8080/2/193000/AUTH_34047920d4864ad78d85d02365686cf8/gnocchi.01e77565-b5b7-455d-89e3-f77a03166d52/1763640000.0_mean_300.0_v3" "txa529d44f264d449084eff-006924fb31" "object-server 97567" 0.0021 "-" 97264 0
Nov 24 19:41:21 np0005534223.novalocal proxy-server[90340]: ::1 ::1 25/Nov/2025/00/41/21 GET /v1/AUTH_34047920d4864ad78d85d02365686cf8/gnocchi.cb76b526-75b5-4db4-b68f-ab074816ecc2/1763640000.0_mean_300.0_v3 HTTP/1.0 404 - python-swiftclient-4.2.0 gAAAAABpJPsEC1e4... - 70 - tx5123bee4616e46b1ae469-006924fb31 - 0.0142 - - 1764031281.851961136 1764031281.866119146 0
Nov 24 19:41:21 np0005534223.novalocal object-server[97567]: ::1 - - [25/Nov/2025:00:41:21 +0000] "PUT /2/193000/AUTH_34047920d4864ad78d85d02365686cf8/gnocchi.01e77565-b5b7-455d-89e3-f77a03166d52/1763640000.0_mean_300.0_v3" 201 - "PUT http://[::1]:8080/v1/AUTH_34047920d4864ad78d85d02365686cf8/gnocchi.01e77565-b5b7-455d-89e3-f77a03166d52/1763640000.0_mean_300.0_v3" "txa529d44f264d449084eff-006924fb31" "proxy-server 90339" 0.0195 "-" 97567 0
Nov 24 19:41:21 np0005534223.novalocal container-server[97264]: ::1 - - [25/Nov/2025:00:41:21 +0000] "PUT /3/28246/AUTH_34047920d4864ad78d85d02365686cf8/gnocchi.01e77565-b5b7-455d-89e3-f77a03166d52/1763640000.0_mean_300.0_v3" 201 - "PUT http://[::1]:8080/3/193000/AUTH_34047920d4864ad78d85d02365686cf8/gnocchi.01e77565-b5b7-455d-89e3-f77a03166d52/1763640000.0_mean_300.0_v3" "txa529d44f264d449084eff-006924fb31" "object-server 97567" 0.0005 "-" 97264 0
Nov 24 19:41:21 np0005534223.novalocal object-server[97567]: ::1 - - [25/Nov/2025:00:41:21 +0000] "PUT /3/193000/AUTH_34047920d4864ad78d85d02365686cf8/gnocchi.01e77565-b5b7-455d-89e3-f77a03166d52/1763640000.0_mean_300.0_v3" 201 - "PUT http://[::1]:8080/v1/AUTH_34047920d4864ad78d85d02365686cf8/gnocchi.01e77565-b5b7-455d-89e3-f77a03166d52/1763640000.0_mean_300.0_v3" "txa529d44f264d449084eff-006924fb31" "proxy-server 90339" 0.0216 "-" 97567 0
Nov 24 19:41:21 np0005534223.novalocal proxy-server[90339]: ::1 ::1 25/Nov/2025/00/41/21 PUT /v1/AUTH_34047920d4864ad78d85d02365686cf8/gnocchi.01e77565-b5b7-455d-89e3-f77a03166d52/1763640000.0_mean_300.0_v3 HTTP/1.0 201 - python-swiftclient-4.2.0 gAAAAABpJPsEg9N3... 16 - - txa529d44f264d449084eff-006924fb31 - 0.0302 - - 1764031281.839315891 1764031281.869498968 0
Nov 24 19:41:21 np0005534223.novalocal container-server[97263]: ::1 - - [25/Nov/2025:00:41:21 +0000] "PUT /2/115937/AUTH_34047920d4864ad78d85d02365686cf8/gnocchi.cb76b526-75b5-4db4-b68f-ab074816ecc2/1763640000.0_mean_300.0_v3" 201 - "PUT http://[::1]:8080/3/53402/AUTH_34047920d4864ad78d85d02365686cf8/gnocchi.cb76b526-75b5-4db4-b68f-ab074816ecc2/1763640000.0_mean_300.0_v3" "tx85038aa827b94864be927-006924fb31" "object-server 97569" 0.0006 "-" 97263 0
Nov 24 19:41:21 np0005534223.novalocal container-server[97261]: ::1 - - [25/Nov/2025:00:41:21 +0000] "PUT /3/115937/AUTH_34047920d4864ad78d85d02365686cf8/gnocchi.cb76b526-75b5-4db4-b68f-ab074816ecc2/1763640000.0_mean_300.0_v3" 201 - "PUT http://[::1]:8080/1/53402/AUTH_34047920d4864ad78d85d02365686cf8/gnocchi.cb76b526-75b5-4db4-b68f-ab074816ecc2/1763640000.0_mean_300.0_v3" "tx85038aa827b94864be927-006924fb31" "object-server 97568" 0.0005 "-" 97261 0
Nov 24 19:41:21 np0005534223.novalocal object-server[97569]: ::1 - - [25/Nov/2025:00:41:21 +0000] "PUT /3/53402/AUTH_34047920d4864ad78d85d02365686cf8/gnocchi.cb76b526-75b5-4db4-b68f-ab074816ecc2/1763640000.0_mean_300.0_v3" 201 - "PUT http://[::1]:8080/v1/AUTH_34047920d4864ad78d85d02365686cf8/gnocchi.cb76b526-75b5-4db4-b68f-ab074816ecc2/1763640000.0_mean_300.0_v3" "tx85038aa827b94864be927-006924fb31" "proxy-server 90340" 0.0087 "-" 97569 0
Nov 24 19:41:21 np0005534223.novalocal container-server[97264]: ::1 - - [25/Nov/2025:00:41:21 +0000] "PUT /1/115937/AUTH_34047920d4864ad78d85d02365686cf8/gnocchi.cb76b526-75b5-4db4-b68f-ab074816ecc2/1763640000.0_mean_300.0_v3" 201 - "PUT http://[::1]:8080/2/53402/AUTH_34047920d4864ad78d85d02365686cf8/gnocchi.cb76b526-75b5-4db4-b68f-ab074816ecc2/1763640000.0_mean_300.0_v3" "tx85038aa827b94864be927-006924fb31" "object-server 97566" 0.0005 "-" 97264 0
Nov 24 19:41:21 np0005534223.novalocal object-server[97568]: ::1 - - [25/Nov/2025:00:41:21 +0000] "PUT /1/53402/AUTH_34047920d4864ad78d85d02365686cf8/gnocchi.cb76b526-75b5-4db4-b68f-ab074816ecc2/1763640000.0_mean_300.0_v3" 201 - "PUT http://[::1]:8080/v1/AUTH_34047920d4864ad78d85d02365686cf8/gnocchi.cb76b526-75b5-4db4-b68f-ab074816ecc2/1763640000.0_mean_300.0_v3" "tx85038aa827b94864be927-006924fb31" "proxy-server 90340" 0.0088 "-" 97568 0
Nov 24 19:41:21 np0005534223.novalocal object-server[97566]: ::1 - - [25/Nov/2025:00:41:21 +0000] "PUT /2/53402/AUTH_34047920d4864ad78d85d02365686cf8/gnocchi.cb76b526-75b5-4db4-b68f-ab074816ecc2/1763640000.0_mean_300.0_v3" 201 - "PUT http://[::1]:8080/v1/AUTH_34047920d4864ad78d85d02365686cf8/gnocchi.cb76b526-75b5-4db4-b68f-ab074816ecc2/1763640000.0_mean_300.0_v3" "tx85038aa827b94864be927-006924fb31" "proxy-server 90340" 0.0093 "-" 97566 0
Nov 24 19:41:21 np0005534223.novalocal proxy-server[90340]: ::1 ::1 25/Nov/2025/00/41/21 PUT /v1/AUTH_34047920d4864ad78d85d02365686cf8/gnocchi.cb76b526-75b5-4db4-b68f-ab074816ecc2/1763640000.0_mean_300.0_v3 HTTP/1.0 201 - python-swiftclient-4.2.0 gAAAAABpJPsEC1e4... 16 - - tx85038aa827b94864be927-006924fb31 - 0.0222 - - 1764031281.869123220 1764031281.891363382 0
Nov 24 19:41:21 np0005534223.novalocal container-server[97263]: ::1 - - [25/Nov/2025:00:41:21 +0000] "PUT /1/28246/AUTH_34047920d4864ad78d85d02365686cf8/gnocchi.01e77565-b5b7-455d-89e3-f77a03166d52/none_v3" 201 - "PUT http://[::1]:8080/3/69568/AUTH_34047920d4864ad78d85d02365686cf8/gnocchi.01e77565-b5b7-455d-89e3-f77a03166d52/none_v3" "txac1faa4c697d4c12a47ae-006924fb31" "object-server 97569" 0.0005 "-" 97263 0
Nov 24 19:41:21 np0005534223.novalocal object-server[97569]: ::1 - - [25/Nov/2025:00:41:21 +0000] "PUT /3/69568/AUTH_34047920d4864ad78d85d02365686cf8/gnocchi.01e77565-b5b7-455d-89e3-f77a03166d52/none_v3" 201 - "PUT http://[::1]:8080/v1/AUTH_34047920d4864ad78d85d02365686cf8/gnocchi.01e77565-b5b7-455d-89e3-f77a03166d52/none_v3" "txac1faa4c697d4c12a47ae-006924fb31" "proxy-server 90339" 0.0147 "-" 97569 0
Nov 24 19:41:21 np0005534223.novalocal container-server[97263]: ::1 - - [25/Nov/2025:00:41:21 +0000] "PUT /3/28246/AUTH_34047920d4864ad78d85d02365686cf8/gnocchi.01e77565-b5b7-455d-89e3-f77a03166d52/none_v3" 201 - "PUT http://[::1]:8080/1/69568/AUTH_34047920d4864ad78d85d02365686cf8/gnocchi.01e77565-b5b7-455d-89e3-f77a03166d52/none_v3" "txac1faa4c697d4c12a47ae-006924fb31" "object-server 97566" 0.0003 "-" 97263 0
Nov 24 19:41:21 np0005534223.novalocal container-server[97261]: ::1 - - [25/Nov/2025:00:41:21 +0000] "PUT /2/28246/AUTH_34047920d4864ad78d85d02365686cf8/gnocchi.01e77565-b5b7-455d-89e3-f77a03166d52/none_v3" 201 - "PUT http://[::1]:8080/2/69568/AUTH_34047920d4864ad78d85d02365686cf8/gnocchi.01e77565-b5b7-455d-89e3-f77a03166d52/none_v3" "txac1faa4c697d4c12a47ae-006924fb31" "object-server 97567" 0.0004 "-" 97261 0
Nov 24 19:41:21 np0005534223.novalocal object-server[97566]: ::1 - - [25/Nov/2025:00:41:21 +0000] "PUT /1/69568/AUTH_34047920d4864ad78d85d02365686cf8/gnocchi.01e77565-b5b7-455d-89e3-f77a03166d52/none_v3" 201 - "PUT http://[::1]:8080/v1/AUTH_34047920d4864ad78d85d02365686cf8/gnocchi.01e77565-b5b7-455d-89e3-f77a03166d52/none_v3" "txac1faa4c697d4c12a47ae-006924fb31" "proxy-server 90339" 0.0160 "-" 97566 0
Nov 24 19:41:21 np0005534223.novalocal object-server[97567]: ::1 - - [25/Nov/2025:00:41:21 +0000] "PUT /2/69568/AUTH_34047920d4864ad78d85d02365686cf8/gnocchi.01e77565-b5b7-455d-89e3-f77a03166d52/none_v3" 201 - "PUT http://[::1]:8080/v1/AUTH_34047920d4864ad78d85d02365686cf8/gnocchi.01e77565-b5b7-455d-89e3-f77a03166d52/none_v3" "txac1faa4c697d4c12a47ae-006924fb31" "proxy-server 90339" 0.0148 "-" 97567 0
Nov 24 19:41:21 np0005534223.novalocal proxy-server[90339]: ::1 ::1 25/Nov/2025/00/41/21 PUT /v1/AUTH_34047920d4864ad78d85d02365686cf8/gnocchi.01e77565-b5b7-455d-89e3-f77a03166d52/none_v3 HTTP/1.0 201 - python-swiftclient-4.2.0 gAAAAABpJPsEg9N3... 22 - - txac1faa4c697d4c12a47ae-006924fb31 - 0.0275 - - 1764031281.873040676 1764031281.900576115 0
Nov 24 19:41:21 np0005534223.novalocal container-server[97263]: ::1 - - [25/Nov/2025:00:41:21 +0000] "PUT /3/115937/AUTH_34047920d4864ad78d85d02365686cf8/gnocchi.cb76b526-75b5-4db4-b68f-ab074816ecc2/none_v3" 201 - "PUT http://[::1]:8080/3/158504/AUTH_34047920d4864ad78d85d02365686cf8/gnocchi.cb76b526-75b5-4db4-b68f-ab074816ecc2/none_v3" "tx1ca895f5902c4009937b9-006924fb31" "object-server 97566" 0.0004 "-" 97263 0
Nov 24 19:41:21 np0005534223.novalocal container-server[97261]: ::1 - - [25/Nov/2025:00:41:21 +0000] "PUT /2/115937/AUTH_34047920d4864ad78d85d02365686cf8/gnocchi.cb76b526-75b5-4db4-b68f-ab074816ecc2/none_v3" 201 - "PUT http://[::1]:8080/2/158504/AUTH_34047920d4864ad78d85d02365686cf8/gnocchi.cb76b526-75b5-4db4-b68f-ab074816ecc2/none_v3" "tx1ca895f5902c4009937b9-006924fb31" "object-server 97569" 0.0004 "-" 97261 0
Nov 24 19:41:21 np0005534223.novalocal object-server[97566]: ::1 - - [25/Nov/2025:00:41:21 +0000] "PUT /3/158504/AUTH_34047920d4864ad78d85d02365686cf8/gnocchi.cb76b526-75b5-4db4-b68f-ab074816ecc2/none_v3" 201 - "PUT http://[::1]:8080/v1/AUTH_34047920d4864ad78d85d02365686cf8/gnocchi.cb76b526-75b5-4db4-b68f-ab074816ecc2/none_v3" "tx1ca895f5902c4009937b9-006924fb31" "proxy-server 90340" 0.0118 "-" 97566 0
Nov 24 19:41:21 np0005534223.novalocal object-server[97569]: ::1 - - [25/Nov/2025:00:41:21 +0000] "PUT /2/158504/AUTH_34047920d4864ad78d85d02365686cf8/gnocchi.cb76b526-75b5-4db4-b68f-ab074816ecc2/none_v3" 201 - "PUT http://[::1]:8080/v1/AUTH_34047920d4864ad78d85d02365686cf8/gnocchi.cb76b526-75b5-4db4-b68f-ab074816ecc2/none_v3" "tx1ca895f5902c4009937b9-006924fb31" "proxy-server 90340" 0.0125 "-" 97569 0
Nov 24 19:41:21 np0005534223.novalocal container-server[97261]: ::1 - - [25/Nov/2025:00:41:21 +0000] "PUT /1/115937/AUTH_34047920d4864ad78d85d02365686cf8/gnocchi.cb76b526-75b5-4db4-b68f-ab074816ecc2/none_v3" 201 - "PUT http://[::1]:8080/1/158504/AUTH_34047920d4864ad78d85d02365686cf8/gnocchi.cb76b526-75b5-4db4-b68f-ab074816ecc2/none_v3" "tx1ca895f5902c4009937b9-006924fb31" "object-server 97567" 0.0003 "-" 97261 0
Nov 24 19:41:21 np0005534223.novalocal object-server[97567]: ::1 - - [25/Nov/2025:00:41:21 +0000] "PUT /1/158504/AUTH_34047920d4864ad78d85d02365686cf8/gnocchi.cb76b526-75b5-4db4-b68f-ab074816ecc2/none_v3" 201 - "PUT http://[::1]:8080/v1/AUTH_34047920d4864ad78d85d02365686cf8/gnocchi.cb76b526-75b5-4db4-b68f-ab074816ecc2/none_v3" "tx1ca895f5902c4009937b9-006924fb31" "proxy-server 90340" 0.0139 "-" 97567 0
Nov 24 19:41:21 np0005534223.novalocal proxy-server[90340]: ::1 ::1 25/Nov/2025/00/41/21 PUT /v1/AUTH_34047920d4864ad78d85d02365686cf8/gnocchi.cb76b526-75b5-4db4-b68f-ab074816ecc2/none_v3 HTTP/1.0 201 - python-swiftclient-4.2.0 gAAAAABpJPsEC1e4... 22 - - tx1ca895f5902c4009937b9-006924fb31 - 0.0260 - - 1764031281.894391775 1764031281.920356274 0
Nov 24 19:41:21 np0005534223.novalocal container-server[97262]: ::1 - - [25/Nov/2025:00:41:21 +0000] "HEAD /2/209224/AUTH_34047920d4864ad78d85d02365686cf8/gnocchi.b079f8ec-6ff2-4f35-a514-dd311aadd683" 404 - "HEAD http://[::1]:8080/v1/AUTH_34047920d4864ad78d85d02365686cf8/gnocchi.b079f8ec-6ff2-4f35-a514-dd311aadd683?format=json&states=listing" "txab875f04999f4da2b9cbe-006924fb31" "proxy-server 90339" 0.0006 "-" 97262 0
Nov 24 19:41:21 np0005534223.novalocal container-server[97262]: ::1 - - [25/Nov/2025:00:41:21 +0000] "HEAD /3/209224/AUTH_34047920d4864ad78d85d02365686cf8/gnocchi.b079f8ec-6ff2-4f35-a514-dd311aadd683" 404 - "HEAD http://[::1]:8080/v1/AUTH_34047920d4864ad78d85d02365686cf8/gnocchi.b079f8ec-6ff2-4f35-a514-dd311aadd683?format=json&states=listing" "txab875f04999f4da2b9cbe-006924fb31" "proxy-server 90339" 0.0005 "-" 97262 0
Nov 24 19:41:21 np0005534223.novalocal container-server[97262]: ::1 - - [25/Nov/2025:00:41:21 +0000] "HEAD /1/209224/AUTH_34047920d4864ad78d85d02365686cf8/gnocchi.b079f8ec-6ff2-4f35-a514-dd311aadd683" 404 - "HEAD http://[::1]:8080/v1/AUTH_34047920d4864ad78d85d02365686cf8/gnocchi.b079f8ec-6ff2-4f35-a514-dd311aadd683?format=json&states=listing" "txab875f04999f4da2b9cbe-006924fb31" "proxy-server 90339" 0.0005 "-" 97262 0
Nov 24 19:41:21 np0005534223.novalocal container-server[97263]: ::1 - - [25/Nov/2025:00:41:21 +0000] "HEAD /2/99553/AUTH_34047920d4864ad78d85d02365686cf8/gnocchi.193497b5-50f4-4250-8ba0-5a4024aef5f7" 404 - "HEAD http://[::1]:8080/v1/AUTH_34047920d4864ad78d85d02365686cf8/gnocchi.193497b5-50f4-4250-8ba0-5a4024aef5f7?format=json&states=listing" "tx7a34dc74d1e1469ca5cad-006924fb31" "proxy-server 90340" 0.0004 "-" 97263 0
Nov 24 19:41:21 np0005534223.novalocal container-server[97261]: ::1 - - [25/Nov/2025:00:41:21 +0000] "HEAD /1/99553/AUTH_34047920d4864ad78d85d02365686cf8/gnocchi.193497b5-50f4-4250-8ba0-5a4024aef5f7" 404 - "HEAD http://[::1]:8080/v1/AUTH_34047920d4864ad78d85d02365686cf8/gnocchi.193497b5-50f4-4250-8ba0-5a4024aef5f7?format=json&states=listing" "tx7a34dc74d1e1469ca5cad-006924fb31" "proxy-server 90340" 0.0003 "-" 97261 0
Nov 24 19:41:21 np0005534223.novalocal container-server[97261]: ::1 - - [25/Nov/2025:00:41:21 +0000] "HEAD /3/99553/AUTH_34047920d4864ad78d85d02365686cf8/gnocchi.193497b5-50f4-4250-8ba0-5a4024aef5f7" 404 - "HEAD http://[::1]:8080/v1/AUTH_34047920d4864ad78d85d02365686cf8/gnocchi.193497b5-50f4-4250-8ba0-5a4024aef5f7?format=json&states=listing" "tx7a34dc74d1e1469ca5cad-006924fb31" "proxy-server 90340" 0.0002 "-" 97261 0
Nov 24 19:41:21 np0005534223.novalocal object-server[97566]: ::1 - - [25/Nov/2025:00:41:21 +0000] "GET /1/99393/AUTH_34047920d4864ad78d85d02365686cf8/gnocchi.b079f8ec-6ff2-4f35-a514-dd311aadd683/none_v3" 404 70 "GET http://[::1]:8080/v1/AUTH_34047920d4864ad78d85d02365686cf8/gnocchi.b079f8ec-6ff2-4f35-a514-dd311aadd683/none_v3" "txab875f04999f4da2b9cbe-006924fb31" "proxy-server 90339" 0.0003 "-" 97566 0
Nov 24 19:41:21 np0005534223.novalocal object-server[97569]: ::1 - - [25/Nov/2025:00:41:21 +0000] "GET /3/99393/AUTH_34047920d4864ad78d85d02365686cf8/gnocchi.b079f8ec-6ff2-4f35-a514-dd311aadd683/none_v3" 404 70 "GET http://[::1]:8080/v1/AUTH_34047920d4864ad78d85d02365686cf8/gnocchi.b079f8ec-6ff2-4f35-a514-dd311aadd683/none_v3" "txab875f04999f4da2b9cbe-006924fb31" "proxy-server 90339" 0.0003 "-" 97569 0
Nov 24 19:41:21 np0005534223.novalocal object-server[97569]: ::1 - - [25/Nov/2025:00:41:21 +0000] "GET /3/251927/AUTH_34047920d4864ad78d85d02365686cf8/gnocchi.193497b5-50f4-4250-8ba0-5a4024aef5f7/none_v3" 404 70 "GET http://[::1]:8080/v1/AUTH_34047920d4864ad78d85d02365686cf8/gnocchi.193497b5-50f4-4250-8ba0-5a4024aef5f7/none_v3" "tx7a34dc74d1e1469ca5cad-006924fb31" "proxy-server 90340" 0.0002 "-" 97569 0
Nov 24 19:41:21 np0005534223.novalocal object-server[97568]: ::1 - - [25/Nov/2025:00:41:21 +0000] "GET /2/99393/AUTH_34047920d4864ad78d85d02365686cf8/gnocchi.b079f8ec-6ff2-4f35-a514-dd311aadd683/none_v3" 404 70 "GET http://[::1]:8080/v1/AUTH_34047920d4864ad78d85d02365686cf8/gnocchi.b079f8ec-6ff2-4f35-a514-dd311aadd683/none_v3" "txab875f04999f4da2b9cbe-006924fb31" "proxy-server 90339" 0.0006 "-" 97568 0
Nov 24 19:41:21 np0005534223.novalocal object-server[97567]: ::1 - - [25/Nov/2025:00:41:21 +0000] "GET /1/251927/AUTH_34047920d4864ad78d85d02365686cf8/gnocchi.193497b5-50f4-4250-8ba0-5a4024aef5f7/none_v3" 404 70 "GET http://[::1]:8080/v1/AUTH_34047920d4864ad78d85d02365686cf8/gnocchi.193497b5-50f4-4250-8ba0-5a4024aef5f7/none_v3" "tx7a34dc74d1e1469ca5cad-006924fb31" "proxy-server 90340" 0.0003 "-" 97567 0
Nov 24 19:41:21 np0005534223.novalocal proxy-server[90339]: ::1 ::1 25/Nov/2025/00/41/21 GET /v1/AUTH_34047920d4864ad78d85d02365686cf8/gnocchi.b079f8ec-6ff2-4f35-a514-dd311aadd683/none_v3 HTTP/1.0 404 - python-swiftclient-4.2.0 gAAAAABpJPsEg9N3... - 70 - txab875f04999f4da2b9cbe-006924fb31 - 0.0359 - - 1764031281.919078827 1764031281.954942942 0
Nov 24 19:41:21 np0005534223.novalocal object-server[97569]: ::1 - - [25/Nov/2025:00:41:21 +0000] "GET /2/251927/AUTH_34047920d4864ad78d85d02365686cf8/gnocchi.193497b5-50f4-4250-8ba0-5a4024aef5f7/none_v3" 404 70 "GET http://[::1]:8080/v1/AUTH_34047920d4864ad78d85d02365686cf8/gnocchi.193497b5-50f4-4250-8ba0-5a4024aef5f7/none_v3" "tx7a34dc74d1e1469ca5cad-006924fb31" "proxy-server 90340" 0.0002 "-" 97569 0
Nov 24 19:41:21 np0005534223.novalocal proxy-server[90340]: ::1 ::1 25/Nov/2025/00/41/21 GET /v1/AUTH_34047920d4864ad78d85d02365686cf8/gnocchi.193497b5-50f4-4250-8ba0-5a4024aef5f7/none_v3 HTTP/1.0 404 - python-swiftclient-4.2.0 gAAAAABpJPsEC1e4... - 70 - tx7a34dc74d1e1469ca5cad-006924fb31 - 0.0279 - - 1764031281.930501461 1764031281.958374262 0
Nov 24 19:41:21 np0005534223.novalocal account-server[96965]: ::1 - - [25/Nov/2025:00:41:21 +0000] "PUT /2/156101/AUTH_34047920d4864ad78d85d02365686cf8/gnocchi.b079f8ec-6ff2-4f35-a514-dd311aadd683" 201 - "PUT http://[::1]:6001/1/209224/AUTH_34047920d4864ad78d85d02365686cf8/gnocchi.b079f8ec-6ff2-4f35-a514-dd311aadd683" "tx8ae8384aaab7410facf0c-006924fb31" "container-server 97263" 0.0050 "-" 96965 0
Nov 24 19:41:21 np0005534223.novalocal account-server[96967]: ::1 - - [25/Nov/2025:00:41:21 +0000] "PUT /3/156101/AUTH_34047920d4864ad78d85d02365686cf8/gnocchi.b079f8ec-6ff2-4f35-a514-dd311aadd683" 201 - "PUT http://[::1]:6001/2/209224/AUTH_34047920d4864ad78d85d02365686cf8/gnocchi.b079f8ec-6ff2-4f35-a514-dd311aadd683" "tx8ae8384aaab7410facf0c-006924fb31" "container-server 97264" 0.0076 "-" 96967 0
Nov 24 19:41:21 np0005534223.novalocal container-server[97264]: ::1 - - [25/Nov/2025:00:41:21 +0000] "PUT /2/209224/AUTH_34047920d4864ad78d85d02365686cf8/gnocchi.b079f8ec-6ff2-4f35-a514-dd311aadd683" 201 - "PUT http://[::1]:8080/v1/AUTH_34047920d4864ad78d85d02365686cf8/gnocchi.b079f8ec-6ff2-4f35-a514-dd311aadd683" "tx8ae8384aaab7410facf0c-006924fb31" "proxy-server 90339" 0.0230 "-" 97264 0
Nov 24 19:41:21 np0005534223.novalocal account-server[96968]: ::1 - - [25/Nov/2025:00:41:21 +0000] "PUT /1/156101/AUTH_34047920d4864ad78d85d02365686cf8/gnocchi.b079f8ec-6ff2-4f35-a514-dd311aadd683" 201 - "PUT http://[::1]:6001/3/209224/AUTH_34047920d4864ad78d85d02365686cf8/gnocchi.b079f8ec-6ff2-4f35-a514-dd311aadd683" "tx8ae8384aaab7410facf0c-006924fb31" "container-server 97262" 0.0057 "-" 96968 0
Nov 24 19:41:21 np0005534223.novalocal container-server[97262]: ::1 - - [25/Nov/2025:00:41:21 +0000] "PUT /3/209224/AUTH_34047920d4864ad78d85d02365686cf8/gnocchi.b079f8ec-6ff2-4f35-a514-dd311aadd683" 201 - "PUT http://[::1]:8080/v1/AUTH_34047920d4864ad78d85d02365686cf8/gnocchi.b079f8ec-6ff2-4f35-a514-dd311aadd683" "tx8ae8384aaab7410facf0c-006924fb31" "proxy-server 90339" 0.0241 "-" 97262 0
Nov 24 19:41:22 np0005534223.novalocal container-server[97263]: ::1 - - [25/Nov/2025:00:41:22 +0000] "PUT /1/209224/AUTH_34047920d4864ad78d85d02365686cf8/gnocchi.b079f8ec-6ff2-4f35-a514-dd311aadd683" 201 - "PUT http://[::1]:8080/v1/AUTH_34047920d4864ad78d85d02365686cf8/gnocchi.b079f8ec-6ff2-4f35-a514-dd311aadd683" "tx8ae8384aaab7410facf0c-006924fb31" "proxy-server 90339" 0.0527 "-" 97263 0
Nov 24 19:41:22 np0005534223.novalocal proxy-server[90339]: ::1 ::1 25/Nov/2025/00/41/22 PUT /v1/AUTH_34047920d4864ad78d85d02365686cf8/gnocchi.b079f8ec-6ff2-4f35-a514-dd311aadd683 HTTP/1.0 201 - python-swiftclient-4.2.0 gAAAAABpJPsEg9N3... - - - tx8ae8384aaab7410facf0c-006924fb31 - 0.0619 - - 1764031281.958854914 1764031282.020716429 0
Nov 24 19:41:22 np0005534223.novalocal account-server[96965]: ::1 - - [25/Nov/2025:00:41:22 +0000] "PUT /3/156101/AUTH_34047920d4864ad78d85d02365686cf8/gnocchi.193497b5-50f4-4250-8ba0-5a4024aef5f7" 201 - "PUT http://[::1]:6001/1/99553/AUTH_34047920d4864ad78d85d02365686cf8/gnocchi.193497b5-50f4-4250-8ba0-5a4024aef5f7" "tx0145c4015eeb4de58e094-006924fb31" "container-server 97263" 0.0044 "-" 96965 0
Nov 24 19:41:22 np0005534223.novalocal account-server[96967]: ::1 - - [25/Nov/2025:00:41:22 +0000] "PUT /1/156101/AUTH_34047920d4864ad78d85d02365686cf8/gnocchi.193497b5-50f4-4250-8ba0-5a4024aef5f7" 201 - "PUT http://[::1]:6001/2/99553/AUTH_34047920d4864ad78d85d02365686cf8/gnocchi.193497b5-50f4-4250-8ba0-5a4024aef5f7" "tx0145c4015eeb4de58e094-006924fb31" "container-server 97263" 0.0050 "-" 96967 0
Nov 24 19:41:22 np0005534223.novalocal container-server[97263]: ::1 - - [25/Nov/2025:00:41:22 +0000] "PUT /1/99553/AUTH_34047920d4864ad78d85d02365686cf8/gnocchi.193497b5-50f4-4250-8ba0-5a4024aef5f7" 201 - "PUT http://[::1]:8080/v1/AUTH_34047920d4864ad78d85d02365686cf8/gnocchi.193497b5-50f4-4250-8ba0-5a4024aef5f7" "tx0145c4015eeb4de58e094-006924fb31" "proxy-server 90340" 0.0459 "-" 97263 0
Nov 24 19:41:22 np0005534223.novalocal account-server[96968]: ::1 - - [25/Nov/2025:00:41:22 +0000] "PUT /2/156101/AUTH_34047920d4864ad78d85d02365686cf8/gnocchi.193497b5-50f4-4250-8ba0-5a4024aef5f7" 201 - "PUT http://[::1]:6001/3/99553/AUTH_34047920d4864ad78d85d02365686cf8/gnocchi.193497b5-50f4-4250-8ba0-5a4024aef5f7" "tx0145c4015eeb4de58e094-006924fb31" "container-server 97263" 0.0065 "-" 96968 0
Nov 24 19:41:22 np0005534223.novalocal container-server[97263]: ::1 - - [25/Nov/2025:00:41:22 +0000] "PUT /3/99553/AUTH_34047920d4864ad78d85d02365686cf8/gnocchi.193497b5-50f4-4250-8ba0-5a4024aef5f7" 201 - "PUT http://[::1]:8080/v1/AUTH_34047920d4864ad78d85d02365686cf8/gnocchi.193497b5-50f4-4250-8ba0-5a4024aef5f7" "tx0145c4015eeb4de58e094-006924fb31" "proxy-server 90340" 0.0353 "-" 97263 0
Nov 24 19:41:22 np0005534223.novalocal container-server[97263]: ::1 - - [25/Nov/2025:00:41:22 +0000] "PUT /2/99553/AUTH_34047920d4864ad78d85d02365686cf8/gnocchi.193497b5-50f4-4250-8ba0-5a4024aef5f7" 201 - "PUT http://[::1]:8080/v1/AUTH_34047920d4864ad78d85d02365686cf8/gnocchi.193497b5-50f4-4250-8ba0-5a4024aef5f7" "tx0145c4015eeb4de58e094-006924fb31" "proxy-server 90340" 0.0232 "-" 97263 0
Nov 24 19:41:22 np0005534223.novalocal container-server[97262]: ::1 - - [25/Nov/2025:00:41:22 +0000] "HEAD /2/209224/AUTH_34047920d4864ad78d85d02365686cf8/gnocchi.b079f8ec-6ff2-4f35-a514-dd311aadd683" 204 - "HEAD http://[::1]:8080/v1/AUTH_34047920d4864ad78d85d02365686cf8/gnocchi.b079f8ec-6ff2-4f35-a514-dd311aadd683?format=json&states=listing" "txa5f6b622f5e44e77b55ba-006924fb32" "proxy-server 90339" 0.0015 "-" 97262 0
Nov 24 19:41:22 np0005534223.novalocal proxy-server[90340]: ::1 ::1 25/Nov/2025/00/41/22 PUT /v1/AUTH_34047920d4864ad78d85d02365686cf8/gnocchi.193497b5-50f4-4250-8ba0-5a4024aef5f7 HTTP/1.0 201 - python-swiftclient-4.2.0 gAAAAABpJPsEC1e4... - - - tx0145c4015eeb4de58e094-006924fb31 - 0.0686 - - 1764031281.961370945 1764031282.029940844 0
Nov 24 19:41:22 np0005534223.novalocal container-server[97262]: ::1 - - [25/Nov/2025:00:41:22 +0000] "GET /3/209224/AUTH_34047920d4864ad78d85d02365686cf8/gnocchi.b079f8ec-6ff2-4f35-a514-dd311aadd683" 200 2 "GET http://[::1]:8080/v1/AUTH_34047920d4864ad78d85d02365686cf8/gnocchi.b079f8ec-6ff2-4f35-a514-dd311aadd683?format=json&states=listing" "txa5f6b622f5e44e77b55ba-006924fb32" "proxy-server 90339" 0.0021 "-" 97262 0
Nov 24 19:41:22 np0005534223.novalocal proxy-server[90339]: ::1 ::1 25/Nov/2025/00/41/22 GET /v1/AUTH_34047920d4864ad78d85d02365686cf8/gnocchi.b079f8ec-6ff2-4f35-a514-dd311aadd683%3Fformat%3Djson%26states%3Dlisting HTTP/1.0 200 - python-swiftclient-4.2.0 gAAAAABpJPsEg9N3... - 2 - txa5f6b622f5e44e77b55ba-006924fb32 - 0.0132 - - 1764031282.023675680 1764031282.036890030 0
Nov 24 19:41:22 np0005534223.novalocal container-server[97264]: ::1 - - [25/Nov/2025:00:41:22 +0000] "HEAD /3/99553/AUTH_34047920d4864ad78d85d02365686cf8/gnocchi.193497b5-50f4-4250-8ba0-5a4024aef5f7" 204 - "HEAD http://[::1]:8080/v1/AUTH_34047920d4864ad78d85d02365686cf8/gnocchi.193497b5-50f4-4250-8ba0-5a4024aef5f7?format=json&states=listing" "txf44a4ac6469b4821b7b8b-006924fb32" "proxy-server 90340" 0.0030 "-" 97264 0
Nov 24 19:41:22 np0005534223.novalocal object-server[97569]: ::1 - - [25/Nov/2025:00:41:22 +0000] "GET /1/228644/AUTH_34047920d4864ad78d85d02365686cf8/gnocchi.b079f8ec-6ff2-4f35-a514-dd311aadd683/1763640000.0_mean_300.0_v3" 404 70 "GET http://[::1]:8080/v1/AUTH_34047920d4864ad78d85d02365686cf8/gnocchi.b079f8ec-6ff2-4f35-a514-dd311aadd683/1763640000.0_mean_300.0_v3" "tx0272a3a7198f42b7bcae8-006924fb32" "proxy-server 90339" 0.0003 "-" 97569 0
Nov 24 19:41:22 np0005534223.novalocal object-server[97567]: ::1 - - [25/Nov/2025:00:41:22 +0000] "GET /3/228644/AUTH_34047920d4864ad78d85d02365686cf8/gnocchi.b079f8ec-6ff2-4f35-a514-dd311aadd683/1763640000.0_mean_300.0_v3" 404 70 "GET http://[::1]:8080/v1/AUTH_34047920d4864ad78d85d02365686cf8/gnocchi.b079f8ec-6ff2-4f35-a514-dd311aadd683/1763640000.0_mean_300.0_v3" "tx0272a3a7198f42b7bcae8-006924fb32" "proxy-server 90339" 0.0003 "-" 97567 0
Nov 24 19:41:22 np0005534223.novalocal container-server[97261]: ::1 - - [25/Nov/2025:00:41:22 +0000] "GET /3/99553/AUTH_34047920d4864ad78d85d02365686cf8/gnocchi.193497b5-50f4-4250-8ba0-5a4024aef5f7" 200 2 "GET http://[::1]:8080/v1/AUTH_34047920d4864ad78d85d02365686cf8/gnocchi.193497b5-50f4-4250-8ba0-5a4024aef5f7?format=json&states=listing" "txf44a4ac6469b4821b7b8b-006924fb32" "proxy-server 90340" 0.0017 "-" 97261 0
Nov 24 19:41:22 np0005534223.novalocal proxy-server[90340]: ::1 ::1 25/Nov/2025/00/41/22 GET /v1/AUTH_34047920d4864ad78d85d02365686cf8/gnocchi.193497b5-50f4-4250-8ba0-5a4024aef5f7%3Fformat%3Djson%26states%3Dlisting HTTP/1.0 200 - python-swiftclient-4.2.0 gAAAAABpJPsEC1e4... - 2 - txf44a4ac6469b4821b7b8b-006924fb32 - 0.0191 - - 1764031282.033120155 1764031282.052171946 0
Nov 24 19:41:22 np0005534223.novalocal object-server[97569]: ::1 - - [25/Nov/2025:00:41:22 +0000] "GET /2/228644/AUTH_34047920d4864ad78d85d02365686cf8/gnocchi.b079f8ec-6ff2-4f35-a514-dd311aadd683/1763640000.0_mean_300.0_v3" 404 70 "GET http://[::1]:8080/v1/AUTH_34047920d4864ad78d85d02365686cf8/gnocchi.b079f8ec-6ff2-4f35-a514-dd311aadd683/1763640000.0_mean_300.0_v3" "tx0272a3a7198f42b7bcae8-006924fb32" "proxy-server 90339" 0.0003 "-" 97569 0
Nov 24 19:41:22 np0005534223.novalocal proxy-server[90339]: ::1 ::1 25/Nov/2025/00/41/22 GET /v1/AUTH_34047920d4864ad78d85d02365686cf8/gnocchi.b079f8ec-6ff2-4f35-a514-dd311aadd683/1763640000.0_mean_300.0_v3 HTTP/1.0 404 - python-swiftclient-4.2.0 gAAAAABpJPsEg9N3... - 70 - tx0272a3a7198f42b7bcae8-006924fb32 - 0.0109 - - 1764031282.043053627 1764031282.053985119 0
Nov 24 19:41:22 np0005534223.novalocal object-server[97568]: ::1 - - [25/Nov/2025:00:41:22 +0000] "GET /3/81442/AUTH_34047920d4864ad78d85d02365686cf8/gnocchi.193497b5-50f4-4250-8ba0-5a4024aef5f7/1763640000.0_mean_300.0_v3" 404 70 "GET http://[::1]:8080/v1/AUTH_34047920d4864ad78d85d02365686cf8/gnocchi.193497b5-50f4-4250-8ba0-5a4024aef5f7/1763640000.0_mean_300.0_v3" "tx740259204f084b2cb3b3a-006924fb32" "proxy-server 90340" 0.0010 "-" 97568 0
Nov 24 19:41:22 np0005534223.novalocal object-server[97568]: ::1 - - [25/Nov/2025:00:41:22 +0000] "GET /1/81442/AUTH_34047920d4864ad78d85d02365686cf8/gnocchi.193497b5-50f4-4250-8ba0-5a4024aef5f7/1763640000.0_mean_300.0_v3" 404 70 "GET http://[::1]:8080/v1/AUTH_34047920d4864ad78d85d02365686cf8/gnocchi.193497b5-50f4-4250-8ba0-5a4024aef5f7/1763640000.0_mean_300.0_v3" "tx740259204f084b2cb3b3a-006924fb32" "proxy-server 90340" 0.0004 "-" 97568 0
Nov 24 19:41:22 np0005534223.novalocal container-server[97264]: ::1 - - [25/Nov/2025:00:41:22 +0000] "PUT /2/209224/AUTH_34047920d4864ad78d85d02365686cf8/gnocchi.b079f8ec-6ff2-4f35-a514-dd311aadd683/1763640000.0_mean_300.0_v3" 201 - "PUT http://[::1]:8080/3/228644/AUTH_34047920d4864ad78d85d02365686cf8/gnocchi.b079f8ec-6ff2-4f35-a514-dd311aadd683/1763640000.0_mean_300.0_v3" "tx536dc8f7eb7b4bf887a67-006924fb32" "object-server 97566" 0.0005 "-" 97264 0
Nov 24 19:41:22 np0005534223.novalocal object-server[97566]: ::1 - - [25/Nov/2025:00:41:22 +0000] "PUT /3/228644/AUTH_34047920d4864ad78d85d02365686cf8/gnocchi.b079f8ec-6ff2-4f35-a514-dd311aadd683/1763640000.0_mean_300.0_v3" 201 - "PUT http://[::1]:8080/v1/AUTH_34047920d4864ad78d85d02365686cf8/gnocchi.b079f8ec-6ff2-4f35-a514-dd311aadd683/1763640000.0_mean_300.0_v3" "tx536dc8f7eb7b4bf887a67-006924fb32" "proxy-server 90339" 0.0132 "-" 97566 0
Nov 24 19:41:22 np0005534223.novalocal container-server[97262]: ::1 - - [25/Nov/2025:00:41:22 +0000] "PUT /1/209224/AUTH_34047920d4864ad78d85d02365686cf8/gnocchi.b079f8ec-6ff2-4f35-a514-dd311aadd683/1763640000.0_mean_300.0_v3" 201 - "PUT http://[::1]:8080/2/228644/AUTH_34047920d4864ad78d85d02365686cf8/gnocchi.b079f8ec-6ff2-4f35-a514-dd311aadd683/1763640000.0_mean_300.0_v3" "tx536dc8f7eb7b4bf887a67-006924fb32" "object-server 97567" 0.0010 "-" 97262 0
Nov 24 19:41:22 np0005534223.novalocal object-server[97566]: ::1 - - [25/Nov/2025:00:41:22 +0000] "GET /2/81442/AUTH_34047920d4864ad78d85d02365686cf8/gnocchi.193497b5-50f4-4250-8ba0-5a4024aef5f7/1763640000.0_mean_300.0_v3" 404 70 "GET http://[::1]:8080/v1/AUTH_34047920d4864ad78d85d02365686cf8/gnocchi.193497b5-50f4-4250-8ba0-5a4024aef5f7/1763640000.0_mean_300.0_v3" "tx740259204f084b2cb3b3a-006924fb32" "proxy-server 90340" 0.0002 "-" 97566 0
Nov 24 19:41:22 np0005534223.novalocal object-server[97567]: ::1 - - [25/Nov/2025:00:41:22 +0000] "PUT /2/228644/AUTH_34047920d4864ad78d85d02365686cf8/gnocchi.b079f8ec-6ff2-4f35-a514-dd311aadd683/1763640000.0_mean_300.0_v3" 201 - "PUT http://[::1]:8080/v1/AUTH_34047920d4864ad78d85d02365686cf8/gnocchi.b079f8ec-6ff2-4f35-a514-dd311aadd683/1763640000.0_mean_300.0_v3" "tx536dc8f7eb7b4bf887a67-006924fb32" "proxy-server 90339" 0.0138 "-" 97567 0
Nov 24 19:41:22 np0005534223.novalocal container-server[97263]: ::1 - - [25/Nov/2025:00:41:22 +0000] "PUT /3/209224/AUTH_34047920d4864ad78d85d02365686cf8/gnocchi.b079f8ec-6ff2-4f35-a514-dd311aadd683/1763640000.0_mean_300.0_v3" 201 - "PUT http://[::1]:8080/1/228644/AUTH_34047920d4864ad78d85d02365686cf8/gnocchi.b079f8ec-6ff2-4f35-a514-dd311aadd683/1763640000.0_mean_300.0_v3" "tx536dc8f7eb7b4bf887a67-006924fb32" "object-server 97568" 0.0007 "-" 97263 0
Nov 24 19:41:22 np0005534223.novalocal proxy-server[90340]: ::1 ::1 25/Nov/2025/00/41/22 GET /v1/AUTH_34047920d4864ad78d85d02365686cf8/gnocchi.193497b5-50f4-4250-8ba0-5a4024aef5f7/1763640000.0_mean_300.0_v3 HTTP/1.0 404 - python-swiftclient-4.2.0 gAAAAABpJPsEC1e4... - 70 - tx740259204f084b2cb3b3a-006924fb32 - 0.0228 - - 1764031282.056231022 1764031282.079076767 0
Nov 24 19:41:22 np0005534223.novalocal object-server[97568]: ::1 - - [25/Nov/2025:00:41:22 +0000] "PUT /1/228644/AUTH_34047920d4864ad78d85d02365686cf8/gnocchi.b079f8ec-6ff2-4f35-a514-dd311aadd683/1763640000.0_mean_300.0_v3" 201 - "PUT http://[::1]:8080/v1/AUTH_34047920d4864ad78d85d02365686cf8/gnocchi.b079f8ec-6ff2-4f35-a514-dd311aadd683/1763640000.0_mean_300.0_v3" "tx536dc8f7eb7b4bf887a67-006924fb32" "proxy-server 90339" 0.0175 "-" 97568 0
Nov 24 19:41:22 np0005534223.novalocal proxy-server[90339]: ::1 ::1 25/Nov/2025/00/41/22 PUT /v1/AUTH_34047920d4864ad78d85d02365686cf8/gnocchi.b079f8ec-6ff2-4f35-a514-dd311aadd683/1763640000.0_mean_300.0_v3 HTTP/1.0 201 - python-swiftclient-4.2.0 gAAAAABpJPsEg9N3... 16 - - tx536dc8f7eb7b4bf887a67-006924fb32 - 0.0242 - - 1764031282.057552338 1764031282.081734180 0
Nov 24 19:41:22 np0005534223.novalocal container-server[97264]: ::1 - - [25/Nov/2025:00:41:22 +0000] "PUT /2/209224/AUTH_34047920d4864ad78d85d02365686cf8/gnocchi.b079f8ec-6ff2-4f35-a514-dd311aadd683/none_v3" 201 - "PUT http://[::1]:8080/1/99393/AUTH_34047920d4864ad78d85d02365686cf8/gnocchi.b079f8ec-6ff2-4f35-a514-dd311aadd683/none_v3" "txecca341cd4f24c2b8fdbe-006924fb32" "object-server 97568" 0.0004 "-" 97264 0
Nov 24 19:41:22 np0005534223.novalocal object-server[97568]: ::1 - - [25/Nov/2025:00:41:22 +0000] "PUT /1/99393/AUTH_34047920d4864ad78d85d02365686cf8/gnocchi.b079f8ec-6ff2-4f35-a514-dd311aadd683/none_v3" 201 - "PUT http://[::1]:8080/v1/AUTH_34047920d4864ad78d85d02365686cf8/gnocchi.b079f8ec-6ff2-4f35-a514-dd311aadd683/none_v3" "txecca341cd4f24c2b8fdbe-006924fb32" "proxy-server 90339" 0.0108 "-" 97568 0
Nov 24 19:41:22 np0005534223.novalocal container-server[97261]: ::1 - - [25/Nov/2025:00:41:22 +0000] "PUT /1/99553/AUTH_34047920d4864ad78d85d02365686cf8/gnocchi.193497b5-50f4-4250-8ba0-5a4024aef5f7/1763640000.0_mean_300.0_v3" 201 - "PUT http://[::1]:8080/2/81442/AUTH_34047920d4864ad78d85d02365686cf8/gnocchi.193497b5-50f4-4250-8ba0-5a4024aef5f7/1763640000.0_mean_300.0_v3" "tx3d790de1a884414c9ce5c-006924fb32" "object-server 97569" 0.0007 "-" 97261 0
Nov 24 19:41:22 np0005534223.novalocal container-server[97264]: ::1 - - [25/Nov/2025:00:41:22 +0000] "PUT /2/99553/AUTH_34047920d4864ad78d85d02365686cf8/gnocchi.193497b5-50f4-4250-8ba0-5a4024aef5f7/1763640000.0_mean_300.0_v3" 201 - "PUT http://[::1]:8080/3/81442/AUTH_34047920d4864ad78d85d02365686cf8/gnocchi.193497b5-50f4-4250-8ba0-5a4024aef5f7/1763640000.0_mean_300.0_v3" "tx3d790de1a884414c9ce5c-006924fb32" "object-server 97567" 0.0004 "-" 97264 0
Nov 24 19:41:22 np0005534223.novalocal container-server[97262]: ::1 - - [25/Nov/2025:00:41:22 +0000] "PUT /1/209224/AUTH_34047920d4864ad78d85d02365686cf8/gnocchi.b079f8ec-6ff2-4f35-a514-dd311aadd683/none_v3" 201 - "PUT http://[::1]:8080/2/99393/AUTH_34047920d4864ad78d85d02365686cf8/gnocchi.b079f8ec-6ff2-4f35-a514-dd311aadd683/none_v3" "txecca341cd4f24c2b8fdbe-006924fb32" "object-server 97567" 0.0010 "-" 97262 0
Nov 24 19:41:22 np0005534223.novalocal object-server[97569]: ::1 - - [25/Nov/2025:00:41:22 +0000] "PUT /2/81442/AUTH_34047920d4864ad78d85d02365686cf8/gnocchi.193497b5-50f4-4250-8ba0-5a4024aef5f7/1763640000.0_mean_300.0_v3" 201 - "PUT http://[::1]:8080/v1/AUTH_34047920d4864ad78d85d02365686cf8/gnocchi.193497b5-50f4-4250-8ba0-5a4024aef5f7/1763640000.0_mean_300.0_v3" "tx3d790de1a884414c9ce5c-006924fb32" "proxy-server 90340" 0.0187 "-" 97569 0
Nov 24 19:41:22 np0005534223.novalocal object-server[97567]: ::1 - - [25/Nov/2025:00:41:22 +0000] "PUT /3/81442/AUTH_34047920d4864ad78d85d02365686cf8/gnocchi.193497b5-50f4-4250-8ba0-5a4024aef5f7/1763640000.0_mean_300.0_v3" 201 - "PUT http://[::1]:8080/v1/AUTH_34047920d4864ad78d85d02365686cf8/gnocchi.193497b5-50f4-4250-8ba0-5a4024aef5f7/1763640000.0_mean_300.0_v3" "tx3d790de1a884414c9ce5c-006924fb32" "proxy-server 90340" 0.0150 "-" 97567 0
Nov 24 19:41:22 np0005534223.novalocal object-server[97567]: ::1 - - [25/Nov/2025:00:41:22 +0000] "PUT /2/99393/AUTH_34047920d4864ad78d85d02365686cf8/gnocchi.b079f8ec-6ff2-4f35-a514-dd311aadd683/none_v3" 201 - "PUT http://[::1]:8080/v1/AUTH_34047920d4864ad78d85d02365686cf8/gnocchi.b079f8ec-6ff2-4f35-a514-dd311aadd683/none_v3" "txecca341cd4f24c2b8fdbe-006924fb32" "proxy-server 90339" 0.0215 "-" 97567 0
Nov 24 19:41:22 np0005534223.novalocal container-server[97262]: ::1 - - [25/Nov/2025:00:41:22 +0000] "PUT /3/99553/AUTH_34047920d4864ad78d85d02365686cf8/gnocchi.193497b5-50f4-4250-8ba0-5a4024aef5f7/1763640000.0_mean_300.0_v3" 201 - "PUT http://[::1]:8080/1/81442/AUTH_34047920d4864ad78d85d02365686cf8/gnocchi.193497b5-50f4-4250-8ba0-5a4024aef5f7/1763640000.0_mean_300.0_v3" "tx3d790de1a884414c9ce5c-006924fb32" "object-server 97569" 0.0010 "-" 97262 0
Nov 24 19:41:22 np0005534223.novalocal object-server[97569]: ::1 - - [25/Nov/2025:00:41:22 +0000] "PUT /1/81442/AUTH_34047920d4864ad78d85d02365686cf8/gnocchi.193497b5-50f4-4250-8ba0-5a4024aef5f7/1763640000.0_mean_300.0_v3" 201 - "PUT http://[::1]:8080/v1/AUTH_34047920d4864ad78d85d02365686cf8/gnocchi.193497b5-50f4-4250-8ba0-5a4024aef5f7/1763640000.0_mean_300.0_v3" "tx3d790de1a884414c9ce5c-006924fb32" "proxy-server 90340" 0.0227 "-" 97569 0
Nov 24 19:41:22 np0005534223.novalocal proxy-server[90340]: ::1 ::1 25/Nov/2025/00/41/22 PUT /v1/AUTH_34047920d4864ad78d85d02365686cf8/gnocchi.193497b5-50f4-4250-8ba0-5a4024aef5f7/1763640000.0_mean_300.0_v3 HTTP/1.0 201 - python-swiftclient-4.2.0 gAAAAABpJPsEC1e4... 16 - - tx3d790de1a884414c9ce5c-006924fb32 - 0.0327 - - 1764031282.082795382 1764031282.115476370 0
Nov 24 19:41:22 np0005534223.novalocal container-server[97263]: ::1 - - [25/Nov/2025:00:41:22 +0000] "PUT /3/209224/AUTH_34047920d4864ad78d85d02365686cf8/gnocchi.b079f8ec-6ff2-4f35-a514-dd311aadd683/none_v3" 201 - "PUT http://[::1]:8080/3/99393/AUTH_34047920d4864ad78d85d02365686cf8/gnocchi.b079f8ec-6ff2-4f35-a514-dd311aadd683/none_v3" "txecca341cd4f24c2b8fdbe-006924fb32" "object-server 97567" 0.0006 "-" 97263 0
