Nov 24 19:41:42 np0005534223.novalocal systemd[1]: Started SETroubleshoot daemon for processing new SELinux denial logs.
Nov 24 19:41:42 np0005534223.novalocal object-server[97631]: Starting object replication pass.
Nov 24 19:41:42 np0005534223.novalocal systemd[1]: Started dbus-:1.1-org.fedoraproject.SetroubleshootPrivileged@10.service.
Nov 24 19:41:43 np0005534223.novalocal object-server[97631]: 126/126 (100.00%) partitions replicated in 1.27s (98.98/sec, 0s remaining)
Nov 24 19:41:43 np0005534223.novalocal object-server[97631]: 252 successes, 0 failures
Nov 24 19:41:43 np0005534223.novalocal object-server[97631]: 126 suffixes checked - 22.22% hashed, 0.00% synced
Nov 24 19:41:43 np0005534223.novalocal object-server[97631]: Partition times: max 0.0339s, min 0.0034s, med 0.0056s
Nov 24 19:41:43 np0005534223.novalocal object-server[97631]: Object replication complete. (0.02 minutes)
Nov 24 19:41:43 np0005534223.novalocal kernel: qr-3deadd39-8d: entered promiscuous mode
Nov 24 19:41:43 np0005534223.novalocal NetworkManager[855]: [1764031303.9620] manager: (qr-3deadd39-8d): 'openvswitch' plugin not available; creating generic device
Nov 24 19:41:43 np0005534223.novalocal NetworkManager[855]: [1764031303.9634] manager: (qr-3deadd39-8d): new Generic device (/org/freedesktop/NetworkManager/Devices/33)
Nov 24 19:41:43 np0005534223.novalocal libvirtd[99721]: ethtool ioctl error on qr-3deadd39-8d: No such device
Nov 24 19:41:43 np0005534223.novalocal libvirtd[99721]: ethtool ioctl error on qr-3deadd39-8d: No such device
Nov 24 19:41:44 np0005534223.novalocal libvirtd[99721]: ethtool ioctl error on qr-3deadd39-8d: No such device
Nov 24 19:41:44 np0005534223.novalocal libvirtd[99721]: ethtool ioctl error on qr-3deadd39-8d: No such device
Nov 24 19:41:44 np0005534223.novalocal libvirtd[99721]: ethtool ioctl error on qr-3deadd39-8d: No such device
Nov 24 19:41:44 np0005534223.novalocal libvirtd[99721]: ethtool ioctl error on qr-3deadd39-8d: No such device
Nov 24 19:41:44 np0005534223.novalocal libvirtd[99721]: ethtool ioctl error on qr-3deadd39-8d: No such device
Nov 24 19:41:44 np0005534223.novalocal libvirtd[99721]: ethtool ioctl error on qr-3deadd39-8d: No such device
Nov 24 19:41:44 np0005534223.novalocal setroubleshoot[105203]: SELinux is preventing /usr/sbin/dnsmasq from using the dac_override capability. For complete SELinux messages run: sealert -l d0146f3a-9352-4e71-890f-a6b3c9e0bd86
Nov 24 19:41:44 np0005534223.novalocal setroubleshoot[105203]: SELinux is preventing /usr/sbin/dnsmasq from using the dac_override capability. ***** Plugin dac_override (53.1 confidence) suggests ********************** If you want to help identify if domain needs this access or you have a file with the wrong permissions on your system Then turn on full auditing to get path information about the offending file and generate the error again. Do Turn on full auditing # auditctl -w /etc/shadow -p w Try to recreate AVC. Then execute # ausearch -m avc -ts recent If you see PATH record check ownership/permissions on file, and fix it, otherwise report as a bugzilla. ***** Plugin catchall_boolean (42.6 confidence) suggests ****************** If you want to allow os to dnsmasq dac override Then you must tell SELinux about this by enabling the 'os_dnsmasq_dac_override' boolean. Do setsebool -P os_dnsmasq_dac_override 1 ***** Plugin catchall (5.76 confidence) suggests ************************** If you believe that dnsmasq should have the dac_override capability by default. Then you should report this as a bug. You can generate a local policy module to allow this access. Do allow this access for now by executing: # ausearch -c 'dnsmasq' --raw | audit2allow -M my-dnsmasq # semodule -X 300 -i my-dnsmasq.pp
Nov 24 19:41:49 np0005534223.novalocal sudo[105392]: cinder : PWD=/ ; USER=root ; COMMAND=/usr/bin/cinder-rootwrap /etc/cinder/rootwrap.conf env LC_ALL=C vgs --noheadings --unit=g -o name,size,free,lv_count,uuid --separator : --nosuffix cinder-volumes
Nov 24 19:41:49 np0005534223.novalocal systemd[1]: Started Session c118 of User root.
Nov 24 19:41:49 np0005534223.novalocal sudo[105392]: pam_unix(sudo:session): session opened for user root(uid=0) by (uid=165)
Nov 24 19:41:49 np0005534223.novalocal sudo[105392]: pam_unix(sudo:session): session closed for user root
Nov 24 19:41:49 np0005534223.novalocal systemd[1]: session-c118.scope: Deactivated successfully.
Nov 24 19:41:50 np0005534223.novalocal sudo[105396]: cinder : PWD=/ ; USER=root ; COMMAND=/usr/bin/cinder-rootwrap /etc/cinder/rootwrap.conf env LC_ALL=C lvs --noheadings --unit=g -o vg_name,name,size --nosuffix --readonly cinder-volumes
Nov 24 19:41:50 np0005534223.novalocal systemd[1]: Started Session c119 of User root.
Nov 24 19:41:50 np0005534223.novalocal sudo[105396]: pam_unix(sudo:session): session opened for user root(uid=0) by (uid=165)
Nov 24 19:41:50 np0005534223.novalocal container-server[97261]: ::1 - - [25/Nov/2025:00:41:50 +0000] "HEAD /2/138169/AUTH_34047920d4864ad78d85d02365686cf8/gnocchi.1268358b-be84-4547-a6d1-d3f3c6f31ef5" 404 - "HEAD http://[::1]:8080/v1/AUTH_34047920d4864ad78d85d02365686cf8/gnocchi.1268358b-be84-4547-a6d1-d3f3c6f31ef5?format=json&states=listing" "tx1b5e81e8e23549828c62f-006924fb4e" "proxy-server 90339" 0.0005 "-" 97261 0
Nov 24 19:41:50 np0005534223.novalocal container-server[97261]: ::1 - - [25/Nov/2025:00:41:50 +0000] "HEAD /1/138169/AUTH_34047920d4864ad78d85d02365686cf8/gnocchi.1268358b-be84-4547-a6d1-d3f3c6f31ef5" 404 - "HEAD http://[::1]:8080/v1/AUTH_34047920d4864ad78d85d02365686cf8/gnocchi.1268358b-be84-4547-a6d1-d3f3c6f31ef5?format=json&states=listing" "tx1b5e81e8e23549828c62f-006924fb4e" "proxy-server 90339" 0.0004 "-" 97261 0
Nov 24 19:41:50 np0005534223.novalocal container-server[97262]: ::1 - - [25/Nov/2025:00:41:50 +0000] "HEAD /3/138169/AUTH_34047920d4864ad78d85d02365686cf8/gnocchi.1268358b-be84-4547-a6d1-d3f3c6f31ef5" 404 - "HEAD http://[::1]:8080/v1/AUTH_34047920d4864ad78d85d02365686cf8/gnocchi.1268358b-be84-4547-a6d1-d3f3c6f31ef5?format=json&states=listing" "tx1b5e81e8e23549828c62f-006924fb4e" "proxy-server 90339" 0.0005 "-" 97262 0
Nov 24 19:41:50 np0005534223.novalocal sudo[105396]: pam_unix(sudo:session): session closed for user root
Nov 24 19:41:50 np0005534223.novalocal systemd[1]: session-c119.scope: Deactivated successfully.
Nov 24 19:41:50 np0005534223.novalocal object-server[97566]: ::1 - - [25/Nov/2025:00:41:50 +0000] "GET /2/25737/AUTH_34047920d4864ad78d85d02365686cf8/gnocchi.1268358b-be84-4547-a6d1-d3f3c6f31ef5/none_v3" 404 70 "GET http://[::1]:8080/v1/AUTH_34047920d4864ad78d85d02365686cf8/gnocchi.1268358b-be84-4547-a6d1-d3f3c6f31ef5/none_v3" "tx1b5e81e8e23549828c62f-006924fb4e" "proxy-server 90339" 0.0004 "-" 97566 0
Nov 24 19:41:50 np0005534223.novalocal object-server[97566]: ::1 - - [25/Nov/2025:00:41:50 +0000] "GET /3/25737/AUTH_34047920d4864ad78d85d02365686cf8/gnocchi.1268358b-be84-4547-a6d1-d3f3c6f31ef5/none_v3" 404 70 "GET http://[::1]:8080/v1/AUTH_34047920d4864ad78d85d02365686cf8/gnocchi.1268358b-be84-4547-a6d1-d3f3c6f31ef5/none_v3" "tx1b5e81e8e23549828c62f-006924fb4e" "proxy-server 90339" 0.0005 "-" 97566 0
Nov 24 19:41:50 np0005534223.novalocal object-server[97568]: ::1 - - [25/Nov/2025:00:41:50 +0000] "GET /1/25737/AUTH_34047920d4864ad78d85d02365686cf8/gnocchi.1268358b-be84-4547-a6d1-d3f3c6f31ef5/none_v3" 404 70 "GET http://[::1]:8080/v1/AUTH_34047920d4864ad78d85d02365686cf8/gnocchi.1268358b-be84-4547-a6d1-d3f3c6f31ef5/none_v3" "tx1b5e81e8e23549828c62f-006924fb4e" "proxy-server 90339" 0.0006 "-" 97568 0
Nov 24 19:41:50 np0005534223.novalocal proxy-server[90339]: ::1 ::1 25/Nov/2025/00/41/50 GET /v1/AUTH_34047920d4864ad78d85d02365686cf8/gnocchi.1268358b-be84-4547-a6d1-d3f3c6f31ef5/none_v3 HTTP/1.0 404 - python-swiftclient-4.2.0 gAAAAABpJPsEg9N3... - 70 - tx1b5e81e8e23549828c62f-006924fb4e - 0.0349 - - 1764031310.393285275 1764031310.428232908 0
Nov 24 19:41:50 np0005534223.novalocal sudo[105400]: cinder : PWD=/ ; USER=root ; COMMAND=/usr/bin/cinder-rootwrap /etc/cinder/rootwrap.conf env LC_ALL=C lvs --noheadings --unit=g -o size,data_percent --separator : --nosuffix /dev/cinder-volumes/cinder-volumes-pool
Nov 24 19:41:50 np0005534223.novalocal account-server[96965]: ::1 - - [25/Nov/2025:00:41:50 +0000] "PUT /3/156101/AUTH_34047920d4864ad78d85d02365686cf8/gnocchi.1268358b-be84-4547-a6d1-d3f3c6f31ef5" 201 - "PUT http://[::1]:6001/1/138169/AUTH_34047920d4864ad78d85d02365686cf8/gnocchi.1268358b-be84-4547-a6d1-d3f3c6f31ef5" "txb8dff2eca2e440e293376-006924fb4e" "container-server 97263" 0.0117 "-" 96965 0
Nov 24 19:41:50 np0005534223.novalocal container-server[97263]: ::1 - - [25/Nov/2025:00:41:50 +0000] "PUT /1/138169/AUTH_34047920d4864ad78d85d02365686cf8/gnocchi.1268358b-be84-4547-a6d1-d3f3c6f31ef5" 201 - "PUT http://[::1]:8080/v1/AUTH_34047920d4864ad78d85d02365686cf8/gnocchi.1268358b-be84-4547-a6d1-d3f3c6f31ef5" "txb8dff2eca2e440e293376-006924fb4e" "proxy-server 90339" 0.0278 "-" 97263 0
Nov 24 19:41:50 np0005534223.novalocal account-server[96966]: ::1 - - [25/Nov/2025:00:41:50 +0000] "PUT /1/156101/AUTH_34047920d4864ad78d85d02365686cf8/gnocchi.1268358b-be84-4547-a6d1-d3f3c6f31ef5" 201 - "PUT http://[::1]:6001/3/138169/AUTH_34047920d4864ad78d85d02365686cf8/gnocchi.1268358b-be84-4547-a6d1-d3f3c6f31ef5" "txb8dff2eca2e440e293376-006924fb4e" "container-server 97264" 0.0258 "-" 96966 0
Nov 24 19:41:50 np0005534223.novalocal container-server[97264]: ::1 - - [25/Nov/2025:00:41:50 +0000] "PUT /3/138169/AUTH_34047920d4864ad78d85d02365686cf8/gnocchi.1268358b-be84-4547-a6d1-d3f3c6f31ef5" 201 - "PUT http://[::1]:8080/v1/AUTH_34047920d4864ad78d85d02365686cf8/gnocchi.1268358b-be84-4547-a6d1-d3f3c6f31ef5" "txb8dff2eca2e440e293376-006924fb4e" "proxy-server 90339" 0.0371 "-" 97264 0
Nov 24 19:41:50 np0005534223.novalocal account-server[96967]: ::1 - - [25/Nov/2025:00:41:50 +0000] "PUT /2/156101/AUTH_34047920d4864ad78d85d02365686cf8/gnocchi.1268358b-be84-4547-a6d1-d3f3c6f31ef5" 201 - "PUT http://[::1]:6001/2/138169/AUTH_34047920d4864ad78d85d02365686cf8/gnocchi.1268358b-be84-4547-a6d1-d3f3c6f31ef5" "txb8dff2eca2e440e293376-006924fb4e" "container-server 97262" 0.0225 "-" 96967 0
Nov 24 19:41:50 np0005534223.novalocal container-server[97262]: ::1 - - [25/Nov/2025:00:41:50 +0000] "PUT /2/138169/AUTH_34047920d4864ad78d85d02365686cf8/gnocchi.1268358b-be84-4547-a6d1-d3f3c6f31ef5" 201 - "PUT http://[::1]:8080/v1/AUTH_34047920d4864ad78d85d02365686cf8/gnocchi.1268358b-be84-4547-a6d1-d3f3c6f31ef5" "txb8dff2eca2e440e293376-006924fb4e" "proxy-server 90339" 0.0387 "-" 97262 0
Nov 24 19:41:50 np0005534223.novalocal proxy-server[90339]: ::1 ::1 25/Nov/2025/00/41/50 PUT /v1/AUTH_34047920d4864ad78d85d02365686cf8/gnocchi.1268358b-be84-4547-a6d1-d3f3c6f31ef5 HTTP/1.0 201 - python-swiftclient-4.2.0 gAAAAABpJPsEg9N3... - - - txb8dff2eca2e440e293376-006924fb4e - 0.0460 - - 1764031310.431623220 1764031310.477573633 0
Nov 24 19:41:50 np0005534223.novalocal container-server[97264]: ::1 - - [25/Nov/2025:00:41:50 +0000] "HEAD /1/138169/AUTH_34047920d4864ad78d85d02365686cf8/gnocchi.1268358b-be84-4547-a6d1-d3f3c6f31ef5" 204 - "HEAD http://[::1]:8080/v1/AUTH_34047920d4864ad78d85d02365686cf8/gnocchi.1268358b-be84-4547-a6d1-d3f3c6f31ef5?format=json&states=listing" "txd83f394f833442d28aac7-006924fb4e" "proxy-server 90339" 0.0015 "-" 97264 0
Nov 24 19:41:50 np0005534223.novalocal systemd[1]: Started Session c120 of User root.
Nov 24 19:41:50 np0005534223.novalocal container-server[97261]: ::1 - - [25/Nov/2025:00:41:50 +0000] "GET /3/138169/AUTH_34047920d4864ad78d85d02365686cf8/gnocchi.1268358b-be84-4547-a6d1-d3f3c6f31ef5" 200 2 "GET http://[::1]:8080/v1/AUTH_34047920d4864ad78d85d02365686cf8/gnocchi.1268358b-be84-4547-a6d1-d3f3c6f31ef5?format=json&states=listing" "txd83f394f833442d28aac7-006924fb4e" "proxy-server 90339" 0.0043 "-" 97261 0
Nov 24 19:41:50 np0005534223.novalocal proxy-server[90339]: ::1 ::1 25/Nov/2025/00/41/50 GET /v1/AUTH_34047920d4864ad78d85d02365686cf8/gnocchi.1268358b-be84-4547-a6d1-d3f3c6f31ef5%3Fformat%3Djson%26states%3Dlisting HTTP/1.0 200 - python-swiftclient-4.2.0 gAAAAABpJPsEg9N3... - 2 - txd83f394f833442d28aac7-006924fb4e - 0.0181 - - 1764031310.482223988 1764031310.500340462 0
Nov 24 19:41:50 np0005534223.novalocal sudo[105400]: pam_unix(sudo:session): session opened for user root(uid=0) by (uid=165)
Nov 24 19:41:50 np0005534223.novalocal object-server[97567]: ::1 - - [25/Nov/2025:00:41:50 +0000] "GET /3/4757/AUTH_34047920d4864ad78d85d02365686cf8/gnocchi.1268358b-be84-4547-a6d1-d3f3c6f31ef5/1763640000.0_mean_300.0_v3" 404 70 "GET http://[::1]:8080/v1/AUTH_34047920d4864ad78d85d02365686cf8/gnocchi.1268358b-be84-4547-a6d1-d3f3c6f31ef5/1763640000.0_mean_300.0_v3" "txc71c52634dee43b5a19e7-006924fb4e" "proxy-server 90339" 0.0004 "-" 97567 0
Nov 24 19:41:50 np0005534223.novalocal object-server[97568]: ::1 - - [25/Nov/2025:00:41:50 +0000] "GET /1/4757/AUTH_34047920d4864ad78d85d02365686cf8/gnocchi.1268358b-be84-4547-a6d1-d3f3c6f31ef5/1763640000.0_mean_300.0_v3" 404 70 "GET http://[::1]:8080/v1/AUTH_34047920d4864ad78d85d02365686cf8/gnocchi.1268358b-be84-4547-a6d1-d3f3c6f31ef5/1763640000.0_mean_300.0_v3" "txc71c52634dee43b5a19e7-006924fb4e" "proxy-server 90339" 0.0004 "-" 97568 0
Nov 24 19:41:50 np0005534223.novalocal object-server[97567]: ::1 - - [25/Nov/2025:00:41:50 +0000] "GET /2/4757/AUTH_34047920d4864ad78d85d02365686cf8/gnocchi.1268358b-be84-4547-a6d1-d3f3c6f31ef5/1763640000.0_mean_300.0_v3" 404 70 "GET http://[::1]:8080/v1/AUTH_34047920d4864ad78d85d02365686cf8/gnocchi.1268358b-be84-4547-a6d1-d3f3c6f31ef5/1763640000.0_mean_300.0_v3" "txc71c52634dee43b5a19e7-006924fb4e" "proxy-server 90339" 0.0002 "-" 97567 0
Nov 24 19:41:50 np0005534223.novalocal proxy-server[90339]: ::1 ::1 25/Nov/2025/00/41/50 GET /v1/AUTH_34047920d4864ad78d85d02365686cf8/gnocchi.1268358b-be84-4547-a6d1-d3f3c6f31ef5/1763640000.0_mean_300.0_v3 HTTP/1.0 404 - python-swiftclient-4.2.0 gAAAAABpJPsEg9N3... - 70 - txc71c52634dee43b5a19e7-006924fb4e - 0.0117 - - 1764031310.505457878 1764031310.517181158 0
Nov 24 19:41:50 np0005534223.novalocal container-server[97262]: ::1 - - [25/Nov/2025:00:41:50 +0000] "PUT /1/138169/AUTH_34047920d4864ad78d85d02365686cf8/gnocchi.1268358b-be84-4547-a6d1-d3f3c6f31ef5/1763640000.0_mean_300.0_v3" 201 - "PUT http://[::1]:8080/2/4757/AUTH_34047920d4864ad78d85d02365686cf8/gnocchi.1268358b-be84-4547-a6d1-d3f3c6f31ef5/1763640000.0_mean_300.0_v3" "tx927effa9c12d4b8388432-006924fb4e" "object-server 97567" 0.0008 "-" 97262 0
Nov 24 19:41:50 np0005534223.novalocal object-server[97567]: ::1 - - [25/Nov/2025:00:41:50 +0000] "PUT /2/4757/AUTH_34047920d4864ad78d85d02365686cf8/gnocchi.1268358b-be84-4547-a6d1-d3f3c6f31ef5/1763640000.0_mean_300.0_v3" 201 - "PUT http://[::1]:8080/v1/AUTH_34047920d4864ad78d85d02365686cf8/gnocchi.1268358b-be84-4547-a6d1-d3f3c6f31ef5/1763640000.0_mean_300.0_v3" "tx927effa9c12d4b8388432-006924fb4e" "proxy-server 90339" 0.0152 "-" 97567 0
Nov 24 19:41:50 np0005534223.novalocal container-server[97262]: ::1 - - [25/Nov/2025:00:41:50 +0000] "PUT /2/138169/AUTH_34047920d4864ad78d85d02365686cf8/gnocchi.1268358b-be84-4547-a6d1-d3f3c6f31ef5/1763640000.0_mean_300.0_v3" 201 - "PUT http://[::1]:8080/1/4757/AUTH_34047920d4864ad78d85d02365686cf8/gnocchi.1268358b-be84-4547-a6d1-d3f3c6f31ef5/1763640000.0_mean_300.0_v3" "tx927effa9c12d4b8388432-006924fb4e" "object-server 97569" 0.0007 "-" 97262 0
Nov 24 19:41:50 np0005534223.novalocal container-server[97263]: ::1 - - [25/Nov/2025:00:41:50 +0000] "PUT /3/138169/AUTH_34047920d4864ad78d85d02365686cf8/gnocchi.1268358b-be84-4547-a6d1-d3f3c6f31ef5/1763640000.0_mean_300.0_v3" 201 - "PUT http://[::1]:8080/3/4757/AUTH_34047920d4864ad78d85d02365686cf8/gnocchi.1268358b-be84-4547-a6d1-d3f3c6f31ef5/1763640000.0_mean_300.0_v3" "tx927effa9c12d4b8388432-006924fb4e" "object-server 97569" 0.0008 "-" 97263 0
Nov 24 19:41:50 np0005534223.novalocal object-server[97569]: ::1 - - [25/Nov/2025:00:41:50 +0000] "PUT /1/4757/AUTH_34047920d4864ad78d85d02365686cf8/gnocchi.1268358b-be84-4547-a6d1-d3f3c6f31ef5/1763640000.0_mean_300.0_v3" 201 - "PUT http://[::1]:8080/v1/AUTH_34047920d4864ad78d85d02365686cf8/gnocchi.1268358b-be84-4547-a6d1-d3f3c6f31ef5/1763640000.0_mean_300.0_v3" "tx927effa9c12d4b8388432-006924fb4e" "proxy-server 90339" 0.0183 "-" 97569 0
Nov 24 19:41:50 np0005534223.novalocal object-server[97569]: ::1 - - [25/Nov/2025:00:41:50 +0000] "PUT /3/4757/AUTH_34047920d4864ad78d85d02365686cf8/gnocchi.1268358b-be84-4547-a6d1-d3f3c6f31ef5/1763640000.0_mean_300.0_v3" 201 - "PUT http://[::1]:8080/v1/AUTH_34047920d4864ad78d85d02365686cf8/gnocchi.1268358b-be84-4547-a6d1-d3f3c6f31ef5/1763640000.0_mean_300.0_v3" "tx927effa9c12d4b8388432-006924fb4e" "proxy-server 90339" 0.0180 "-" 97569 0
Nov 24 19:41:50 np0005534223.novalocal proxy-server[90339]: ::1 ::1 25/Nov/2025/00/41/50 PUT /v1/AUTH_34047920d4864ad78d85d02365686cf8/gnocchi.1268358b-be84-4547-a6d1-d3f3c6f31ef5/1763640000.0_mean_300.0_v3 HTTP/1.0 201 - python-swiftclient-4.2.0 gAAAAABpJPsEg9N3... 16 - - tx927effa9c12d4b8388432-006924fb4e - 0.0263 - - 1764031310.520661354 1764031310.547003031 0
Nov 24 19:41:50 np0005534223.novalocal container-server[97264]: ::1 - - [25/Nov/2025:00:41:50 +0000] "PUT /2/138169/AUTH_34047920d4864ad78d85d02365686cf8/gnocchi.1268358b-be84-4547-a6d1-d3f3c6f31ef5/none_v3" 201 - "PUT http://[::1]:8080/3/25737/AUTH_34047920d4864ad78d85d02365686cf8/gnocchi.1268358b-be84-4547-a6d1-d3f3c6f31ef5/none_v3" "tx7201fd67953f4010ab2d1-006924fb4e" "object-server 97568" 0.0005 "-" 97264 0
Nov 24 19:41:50 np0005534223.novalocal container-server[97262]: ::1 - - [25/Nov/2025:00:41:50 +0000] "PUT /1/138169/AUTH_34047920d4864ad78d85d02365686cf8/gnocchi.1268358b-be84-4547-a6d1-d3f3c6f31ef5/none_v3" 201 - "PUT http://[::1]:8080/1/25737/AUTH_34047920d4864ad78d85d02365686cf8/gnocchi.1268358b-be84-4547-a6d1-d3f3c6f31ef5/none_v3" "tx7201fd67953f4010ab2d1-006924fb4e" "object-server 97567" 0.0007 "-" 97262 0
Nov 24 19:41:50 np0005534223.novalocal object-server[97568]: ::1 - - [25/Nov/2025:00:41:50 +0000] "PUT /3/25737/AUTH_34047920d4864ad78d85d02365686cf8/gnocchi.1268358b-be84-4547-a6d1-d3f3c6f31ef5/none_v3" 201 - "PUT http://[::1]:8080/v1/AUTH_34047920d4864ad78d85d02365686cf8/gnocchi.1268358b-be84-4547-a6d1-d3f3c6f31ef5/none_v3" "tx7201fd67953f4010ab2d1-006924fb4e" "proxy-server 90339" 0.0129 "-" 97568 0
Nov 24 19:41:50 np0005534223.novalocal object-server[97567]: ::1 - - [25/Nov/2025:00:41:50 +0000] "PUT /1/25737/AUTH_34047920d4864ad78d85d02365686cf8/gnocchi.1268358b-be84-4547-a6d1-d3f3c6f31ef5/none_v3" 201 - "PUT http://[::1]:8080/v1/AUTH_34047920d4864ad78d85d02365686cf8/gnocchi.1268358b-be84-4547-a6d1-d3f3c6f31ef5/none_v3" "tx7201fd67953f4010ab2d1-006924fb4e" "proxy-server 90339" 0.0138 "-" 97567 0
Nov 24 19:41:50 np0005534223.novalocal container-server[97262]: ::1 - - [25/Nov/2025:00:41:50 +0000] "PUT /3/138169/AUTH_34047920d4864ad78d85d02365686cf8/gnocchi.1268358b-be84-4547-a6d1-d3f3c6f31ef5/none_v3" 201 - "PUT http://[::1]:8080/2/25737/AUTH_34047920d4864ad78d85d02365686cf8/gnocchi.1268358b-be84-4547-a6d1-d3f3c6f31ef5/none_v3" "tx7201fd67953f4010ab2d1-006924fb4e" "object-server 97569" 0.0006 "-" 97262 0
Nov 24 19:41:50 np0005534223.novalocal object-server[97569]: ::1 - - [25/Nov/2025:00:41:50 +0000] "PUT /2/25737/AUTH_34047920d4864ad78d85d02365686cf8/gnocchi.1268358b-be84-4547-a6d1-d3f3c6f31ef5/none_v3" 201 - "PUT http://[::1]:8080/v1/AUTH_34047920d4864ad78d85d02365686cf8/gnocchi.1268358b-be84-4547-a6d1-d3f3c6f31ef5/none_v3" "tx7201fd67953f4010ab2d1-006924fb4e" "proxy-server 90339" 0.0139 "-" 97569 0
Nov 24 19:41:50 np0005534223.novalocal proxy-server[90339]: ::1 ::1 25/Nov/2025/00/41/50 PUT /v1/AUTH_34047920d4864ad78d85d02365686cf8/gnocchi.1268358b-be84-4547-a6d1-d3f3c6f31ef5/none_v3 HTTP/1.0 201 - python-swiftclient-4.2.0 gAAAAABpJPsEg9N3... 22 - - tx7201fd67953f4010ab2d1-006924fb4e - 0.0246 - - 1764031310.550284147 1764031310.574839115 0
Nov 24 19:41:50 np0005534223.novalocal sudo[105400]: pam_unix(sudo:session): session closed for user root
Nov 24 19:41:50 np0005534223.novalocal systemd[1]: session-c120.scope: Deactivated successfully.
Nov 24 19:41:50 np0005534223.novalocal sudo[105404]: cinder : PWD=/ ; USER=root ; COMMAND=/usr/bin/cinder-rootwrap /etc/cinder/rootwrap.conf env LC_ALL=C lvs --noheadings --unit=g -o vg_name,name,size --nosuffix --readonly cinder-volumes
Nov 24 19:41:50 np0005534223.novalocal systemd[1]: Started Session c121 of User root.
Nov 24 19:41:50 np0005534223.novalocal sudo[105404]: pam_unix(sudo:session): session opened for user root(uid=0) by (uid=165)
Nov 24 19:41:51 np0005534223.novalocal sudo[105404]: pam_unix(sudo:session): session closed for user root
Nov 24 19:41:51 np0005534223.novalocal systemd[1]: session-c121.scope: Deactivated successfully.
Nov 24 19:41:51 np0005534223.novalocal container-server[97263]: ::1 - - [25/Nov/2025:00:41:51 +0000] "HEAD /1/47465/AUTH_34047920d4864ad78d85d02365686cf8/glance" 204 - "HEAD http://[::1]:8080/v1/AUTH_34047920d4864ad78d85d02365686cf8/glance?format=json&states=listing" "tx41aac6590085473a82cdd-006924fb4f" "proxy-server 90339" 0.0013 "-" 97263 0
Nov 24 19:41:51 np0005534223.novalocal container-server[97261]: ::1 - - [25/Nov/2025:00:41:51 +0000] "HEAD /1/230677/AUTH_34047920d4864ad78d85d02365686cf8/gnocchi.d64815fc-1b13-43cf-ada5-4e4385dbe885" 404 - "HEAD http://[::1]:8080/v1/AUTH_34047920d4864ad78d85d02365686cf8/gnocchi.d64815fc-1b13-43cf-ada5-4e4385dbe885?format=json&states=listing" "tx7f71eaf35bd2429f94fec-006924fb4f" "proxy-server 90340" 0.0005 "-" 97261 0
Nov 24 19:41:51 np0005534223.novalocal container-server[97264]: ::1 - - [25/Nov/2025:00:41:51 +0000] "HEAD /3/230677/AUTH_34047920d4864ad78d85d02365686cf8/gnocchi.d64815fc-1b13-43cf-ada5-4e4385dbe885" 404 - "HEAD http://[::1]:8080/v1/AUTH_34047920d4864ad78d85d02365686cf8/gnocchi.d64815fc-1b13-43cf-ada5-4e4385dbe885?format=json&states=listing" "tx7f71eaf35bd2429f94fec-006924fb4f" "proxy-server 90340" 0.0004 "-" 97264 0
Nov 24 19:41:51 np0005534223.novalocal container-server[97262]: ::1 - - [25/Nov/2025:00:41:51 +0000] "HEAD /2/230677/AUTH_34047920d4864ad78d85d02365686cf8/gnocchi.d64815fc-1b13-43cf-ada5-4e4385dbe885" 404 - "HEAD http://[::1]:8080/v1/AUTH_34047920d4864ad78d85d02365686cf8/gnocchi.d64815fc-1b13-43cf-ada5-4e4385dbe885?format=json&states=listing" "tx7f71eaf35bd2429f94fec-006924fb4f" "proxy-server 90340" 0.0004 "-" 97262 0
Nov 24 19:41:51 np0005534223.novalocal container-server[97264]: ::1 - - [25/Nov/2025:00:41:51 +0000] "HEAD /2/251180/AUTH_34047920d4864ad78d85d02365686cf8/gnocchi.ecd183ce-cc26-4a6f-a35b-7eaeebc3f190" 404 - "HEAD http://[::1]:8080/v1/AUTH_34047920d4864ad78d85d02365686cf8/gnocchi.ecd183ce-cc26-4a6f-a35b-7eaeebc3f190?format=json&states=listing" "tx031eb3f5b6054127bd9c7-006924fb4f" "proxy-server 90339" 0.0004 "-" 97264 0
Nov 24 19:41:51 np0005534223.novalocal container-server[97261]: ::1 - - [25/Nov/2025:00:41:51 +0000] "HEAD /3/251180/AUTH_34047920d4864ad78d85d02365686cf8/gnocchi.ecd183ce-cc26-4a6f-a35b-7eaeebc3f190" 404 - "HEAD http://[::1]:8080/v1/AUTH_34047920d4864ad78d85d02365686cf8/gnocchi.ecd183ce-cc26-4a6f-a35b-7eaeebc3f190?format=json&states=listing" "tx031eb3f5b6054127bd9c7-006924fb4f" "proxy-server 90339" 0.0004 "-" 97261 0
Nov 24 19:41:51 np0005534223.novalocal object-server[97567]: ::1 - - [25/Nov/2025:00:41:51 +0000] "GET /3/228653/AUTH_34047920d4864ad78d85d02365686cf8/gnocchi.d64815fc-1b13-43cf-ada5-4e4385dbe885/none_v3" 404 70 "GET http://[::1]:8080/v1/AUTH_34047920d4864ad78d85d02365686cf8/gnocchi.d64815fc-1b13-43cf-ada5-4e4385dbe885/none_v3" "tx7f71eaf35bd2429f94fec-006924fb4f" "proxy-server 90340" 0.0002 "-" 97567 0
Nov 24 19:41:51 np0005534223.novalocal container-server[97261]: ::1 - - [25/Nov/2025:00:41:51 +0000] "HEAD /1/251180/AUTH_34047920d4864ad78d85d02365686cf8/gnocchi.ecd183ce-cc26-4a6f-a35b-7eaeebc3f190" 404 - "HEAD http://[::1]:8080/v1/AUTH_34047920d4864ad78d85d02365686cf8/gnocchi.ecd183ce-cc26-4a6f-a35b-7eaeebc3f190?format=json&states=listing" "tx031eb3f5b6054127bd9c7-006924fb4f" "proxy-server 90339" 0.0003 "-" 97261 0
Nov 24 19:41:51 np0005534223.novalocal object-server[97568]: ::1 - - [25/Nov/2025:00:41:51 +0000] "GET /1/228653/AUTH_34047920d4864ad78d85d02365686cf8/gnocchi.d64815fc-1b13-43cf-ada5-4e4385dbe885/none_v3" 404 70 "GET http://[::1]:8080/v1/AUTH_34047920d4864ad78d85d02365686cf8/gnocchi.d64815fc-1b13-43cf-ada5-4e4385dbe885/none_v3" "tx7f71eaf35bd2429f94fec-006924fb4f" "proxy-server 90340" 0.0005 "-" 97568 0
Nov 24 19:41:51 np0005534223.novalocal object-server[97567]: ::1 - - [25/Nov/2025:00:41:51 +0000] "GET /2/228653/AUTH_34047920d4864ad78d85d02365686cf8/gnocchi.d64815fc-1b13-43cf-ada5-4e4385dbe885/none_v3" 404 70 "GET http://[::1]:8080/v1/AUTH_34047920d4864ad78d85d02365686cf8/gnocchi.d64815fc-1b13-43cf-ada5-4e4385dbe885/none_v3" "tx7f71eaf35bd2429f94fec-006924fb4f" "proxy-server 90340" 0.0002 "-" 97567 0
Nov 24 19:41:51 np0005534223.novalocal object-server[97567]: ::1 - - [25/Nov/2025:00:41:51 +0000] "GET /3/196704/AUTH_34047920d4864ad78d85d02365686cf8/gnocchi.ecd183ce-cc26-4a6f-a35b-7eaeebc3f190/none_v3" 404 70 "GET http://[::1]:8080/v1/AUTH_34047920d4864ad78d85d02365686cf8/gnocchi.ecd183ce-cc26-4a6f-a35b-7eaeebc3f190/none_v3" "tx031eb3f5b6054127bd9c7-006924fb4f" "proxy-server 90339" 0.0001 "-" 97567 0
Nov 24 19:41:51 np0005534223.novalocal proxy-server[90340]: ::1 ::1 25/Nov/2025/00/41/51 GET /v1/AUTH_34047920d4864ad78d85d02365686cf8/gnocchi.d64815fc-1b13-43cf-ada5-4e4385dbe885/none_v3 HTTP/1.0 404 - python-swiftclient-4.2.0 gAAAAABpJPsEC1e4... - 70 - tx7f71eaf35bd2429f94fec-006924fb4f - 0.0273 - - 1764031311.411046505 1764031311.438357830 0
Nov 24 19:41:51 np0005534223.novalocal object-server[97569]: ::1 - - [25/Nov/2025:00:41:51 +0000] "GET /2/196704/AUTH_34047920d4864ad78d85d02365686cf8/gnocchi.ecd183ce-cc26-4a6f-a35b-7eaeebc3f190/none_v3" 404 70 "GET http://[::1]:8080/v1/AUTH_34047920d4864ad78d85d02365686cf8/gnocchi.ecd183ce-cc26-4a6f-a35b-7eaeebc3f190/none_v3" "tx031eb3f5b6054127bd9c7-006924fb4f" "proxy-server 90339" 0.0005 "-" 97569 0
Nov 24 19:41:51 np0005534223.novalocal object-server[97568]: ::1 - - [25/Nov/2025:00:41:51 +0000] "GET /1/196704/AUTH_34047920d4864ad78d85d02365686cf8/gnocchi.ecd183ce-cc26-4a6f-a35b-7eaeebc3f190/none_v3" 404 70 "GET http://[::1]:8080/v1/AUTH_34047920d4864ad78d85d02365686cf8/gnocchi.ecd183ce-cc26-4a6f-a35b-7eaeebc3f190/none_v3" "tx031eb3f5b6054127bd9c7-006924fb4f" "proxy-server 90339" 0.0004 "-" 97568 0
Nov 24 19:41:51 np0005534223.novalocal proxy-server[90339]: ::1 ::1 25/Nov/2025/00/41/51 GET /v1/AUTH_34047920d4864ad78d85d02365686cf8/gnocchi.ecd183ce-cc26-4a6f-a35b-7eaeebc3f190/none_v3 HTTP/1.0 404 - python-swiftclient-4.2.0 gAAAAABpJPsEg9N3... - 70 - tx031eb3f5b6054127bd9c7-006924fb4f - 0.0223 - - 1764031311.423071384 1764031311.445363998 0
Nov 24 19:41:51 np0005534223.novalocal account-server[96966]: ::1 - - [25/Nov/2025:00:41:51 +0000] "PUT /1/156101/AUTH_34047920d4864ad78d85d02365686cf8/gnocchi.d64815fc-1b13-43cf-ada5-4e4385dbe885" 201 - "PUT http://[::1]:6001/3/230677/AUTH_34047920d4864ad78d85d02365686cf8/gnocchi.d64815fc-1b13-43cf-ada5-4e4385dbe885" "tx6c18ce8f73574107ac979-006924fb4f" "container-server 97263" 0.0040 "-" 96966 0
Nov 24 19:41:51 np0005534223.novalocal account-server[96966]: ::1 - - [25/Nov/2025:00:41:51 +0000] "PUT /2/156101/AUTH_34047920d4864ad78d85d02365686cf8/gnocchi.d64815fc-1b13-43cf-ada5-4e4385dbe885" 201 - "PUT http://[::1]:6001/1/230677/AUTH_34047920d4864ad78d85d02365686cf8/gnocchi.d64815fc-1b13-43cf-ada5-4e4385dbe885" "tx6c18ce8f73574107ac979-006924fb4f" "container-server 97264" 0.0030 "-" 96966 0
Nov 24 19:41:51 np0005534223.novalocal account-server[96966]: ::1 - - [25/Nov/2025:00:41:51 +0000] "PUT /3/156101/AUTH_34047920d4864ad78d85d02365686cf8/gnocchi.ecd183ce-cc26-4a6f-a35b-7eaeebc3f190" 201 - "PUT http://[::1]:6001/2/251180/AUTH_34047920d4864ad78d85d02365686cf8/gnocchi.ecd183ce-cc26-4a6f-a35b-7eaeebc3f190" "tx0772a342c4964627a87d7-006924fb4f" "container-server 97261" 0.0030 "-" 96966 0
Nov 24 19:41:51 np0005534223.novalocal container-server[97264]: ::1 - - [25/Nov/2025:00:41:51 +0000] "PUT /1/230677/AUTH_34047920d4864ad78d85d02365686cf8/gnocchi.d64815fc-1b13-43cf-ada5-4e4385dbe885" 201 - "PUT http://[::1]:8080/v1/AUTH_34047920d4864ad78d85d02365686cf8/gnocchi.d64815fc-1b13-43cf-ada5-4e4385dbe885" "tx6c18ce8f73574107ac979-006924fb4f" "proxy-server 90340" 0.0176 "-" 97264 0
Nov 24 19:41:51 np0005534223.novalocal container-server[97261]: ::1 - - [25/Nov/2025:00:41:51 +0000] "PUT /2/251180/AUTH_34047920d4864ad78d85d02365686cf8/gnocchi.ecd183ce-cc26-4a6f-a35b-7eaeebc3f190" 201 - "PUT http://[::1]:8080/v1/AUTH_34047920d4864ad78d85d02365686cf8/gnocchi.ecd183ce-cc26-4a6f-a35b-7eaeebc3f190" "tx0772a342c4964627a87d7-006924fb4f" "proxy-server 90339" 0.0143 "-" 97261 0
Nov 24 19:41:51 np0005534223.novalocal account-server[96965]: ::1 - - [25/Nov/2025:00:41:51 +0000] "PUT /1/156101/AUTH_34047920d4864ad78d85d02365686cf8/gnocchi.ecd183ce-cc26-4a6f-a35b-7eaeebc3f190" 201 - "PUT http://[::1]:6001/3/251180/AUTH_34047920d4864ad78d85d02365686cf8/gnocchi.ecd183ce-cc26-4a6f-a35b-7eaeebc3f190" "tx0772a342c4964627a87d7-006924fb4f" "container-server 97264" 0.0036 "-" 96965 0
Nov 24 19:41:51 np0005534223.novalocal container-server[97264]: ::1 - - [25/Nov/2025:00:41:51 +0000] "PUT /3/251180/AUTH_34047920d4864ad78d85d02365686cf8/gnocchi.ecd183ce-cc26-4a6f-a35b-7eaeebc3f190" 201 - "PUT http://[::1]:8080/v1/AUTH_34047920d4864ad78d85d02365686cf8/gnocchi.ecd183ce-cc26-4a6f-a35b-7eaeebc3f190" "tx0772a342c4964627a87d7-006924fb4f" "proxy-server 90339" 0.0148 "-" 97264 0
Nov 24 19:41:51 np0005534223.novalocal container-server[97263]: ::1 - - [25/Nov/2025:00:41:51 +0000] "PUT /3/230677/AUTH_34047920d4864ad78d85d02365686cf8/gnocchi.d64815fc-1b13-43cf-ada5-4e4385dbe885" 201 - "PUT http://[::1]:8080/v1/AUTH_34047920d4864ad78d85d02365686cf8/gnocchi.d64815fc-1b13-43cf-ada5-4e4385dbe885" "tx6c18ce8f73574107ac979-006924fb4f" "proxy-server 90340" 0.0299 "-" 97263 0
Nov 24 19:41:51 np0005534223.novalocal account-server[96965]: ::1 - - [25/Nov/2025:00:41:51 +0000] "PUT /2/156101/AUTH_34047920d4864ad78d85d02365686cf8/gnocchi.ecd183ce-cc26-4a6f-a35b-7eaeebc3f190" 201 - "PUT http://[::1]:6001/1/251180/AUTH_34047920d4864ad78d85d02365686cf8/gnocchi.ecd183ce-cc26-4a6f-a35b-7eaeebc3f190" "tx0772a342c4964627a87d7-006924fb4f" "container-server 97263" 0.0029 "-" 96965 0
Nov 24 19:41:51 np0005534223.novalocal container-server[97263]: ::1 - - [25/Nov/2025:00:41:51 +0000] "PUT /1/251180/AUTH_34047920d4864ad78d85d02365686cf8/gnocchi.ecd183ce-cc26-4a6f-a35b-7eaeebc3f190" 201 - "PUT http://[::1]:8080/v1/AUTH_34047920d4864ad78d85d02365686cf8/gnocchi.ecd183ce-cc26-4a6f-a35b-7eaeebc3f190" "tx0772a342c4964627a87d7-006924fb4f" "proxy-server 90339" 0.0143 "-" 97263 0
Nov 24 19:41:51 np0005534223.novalocal proxy-server[90339]: ::1 ::1 25/Nov/2025/00/41/51 PUT /v1/AUTH_34047920d4864ad78d85d02365686cf8/gnocchi.ecd183ce-cc26-4a6f-a35b-7eaeebc3f190 HTTP/1.0 201 - python-swiftclient-4.2.0 gAAAAABpJPsEg9N3... - - - tx0772a342c4964627a87d7-006924fb4f - 0.0355 - - 1764031311.448743820 1764031311.484291315 0
Nov 24 19:41:51 np0005534223.novalocal account-server[96965]: ::1 - - [25/Nov/2025:00:41:51 +0000] "PUT /3/156101/AUTH_34047920d4864ad78d85d02365686cf8/gnocchi.d64815fc-1b13-43cf-ada5-4e4385dbe885" 201 - "PUT http://[::1]:6001/2/230677/AUTH_34047920d4864ad78d85d02365686cf8/gnocchi.d64815fc-1b13-43cf-ada5-4e4385dbe885" "tx6c18ce8f73574107ac979-006924fb4f" "container-server 97263" 0.0053 "-" 96965 0
Nov 24 19:41:51 np0005534223.novalocal container-server[97263]: ::1 - - [25/Nov/2025:00:41:51 +0000] "PUT /2/230677/AUTH_34047920d4864ad78d85d02365686cf8/gnocchi.d64815fc-1b13-43cf-ada5-4e4385dbe885" 201 - "PUT http://[::1]:8080/v1/AUTH_34047920d4864ad78d85d02365686cf8/gnocchi.d64815fc-1b13-43cf-ada5-4e4385dbe885" "tx6c18ce8f73574107ac979-006924fb4f" "proxy-server 90340" 0.0330 "-" 97263 0
Nov 24 19:41:51 np0005534223.novalocal proxy-server[90340]: ::1 ::1 25/Nov/2025/00/41/51 PUT /v1/AUTH_34047920d4864ad78d85d02365686cf8/gnocchi.d64815fc-1b13-43cf-ada5-4e4385dbe885 HTTP/1.0 201 - python-swiftclient-4.2.0 gAAAAABpJPsEC1e4... - - - tx6c18ce8f73574107ac979-006924fb4f - 0.0490 - - 1764031311.441392183 1764031311.490371943 0
Nov 24 19:41:51 np0005534223.novalocal container-server[97262]: ::1 - - [25/Nov/2025:00:41:51 +0000] "HEAD /3/230677/AUTH_34047920d4864ad78d85d02365686cf8/gnocchi.d64815fc-1b13-43cf-ada5-4e4385dbe885" 204 - "HEAD http://[::1]:8080/v1/AUTH_34047920d4864ad78d85d02365686cf8/gnocchi.d64815fc-1b13-43cf-ada5-4e4385dbe885?format=json&states=listing" "txe388225df82e400f81964-006924fb4f" "proxy-server 90340" 0.0012 "-" 97262 0
Nov 24 19:41:51 np0005534223.novalocal container-server[97263]: ::1 - - [25/Nov/2025:00:41:51 +0000] "HEAD /2/251180/AUTH_34047920d4864ad78d85d02365686cf8/gnocchi.ecd183ce-cc26-4a6f-a35b-7eaeebc3f190" 204 - "HEAD http://[::1]:8080/v1/AUTH_34047920d4864ad78d85d02365686cf8/gnocchi.ecd183ce-cc26-4a6f-a35b-7eaeebc3f190?format=json&states=listing" "tx6e000164979a47ea90718-006924fb4f" "proxy-server 90339" 0.0025 "-" 97263 0
Nov 24 19:41:51 np0005534223.novalocal container-server[97261]: ::1 - - [25/Nov/2025:00:41:51 +0000] "GET /3/230677/AUTH_34047920d4864ad78d85d02365686cf8/gnocchi.d64815fc-1b13-43cf-ada5-4e4385dbe885" 200 2 "GET http://[::1]:8080/v1/AUTH_34047920d4864ad78d85d02365686cf8/gnocchi.d64815fc-1b13-43cf-ada5-4e4385dbe885?format=json&states=listing" "txe388225df82e400f81964-006924fb4f" "proxy-server 90340" 0.0039 "-" 97261 0
Nov 24 19:41:51 np0005534223.novalocal container-server[97263]: ::1 - - [25/Nov/2025:00:41:51 +0000] "GET /3/251180/AUTH_34047920d4864ad78d85d02365686cf8/gnocchi.ecd183ce-cc26-4a6f-a35b-7eaeebc3f190" 200 2 "GET http://[::1]:8080/v1/AUTH_34047920d4864ad78d85d02365686cf8/gnocchi.ecd183ce-cc26-4a6f-a35b-7eaeebc3f190?format=json&states=listing" "tx6e000164979a47ea90718-006924fb4f" "proxy-server 90339" 0.0041 "-" 97263 0
Nov 24 19:41:51 np0005534223.novalocal proxy-server[90339]: ::1 ::1 25/Nov/2025/00/41/51 GET /v1/AUTH_34047920d4864ad78d85d02365686cf8/gnocchi.ecd183ce-cc26-4a6f-a35b-7eaeebc3f190%3Fformat%3Djson%26states%3Dlisting HTTP/1.0 200 - python-swiftclient-4.2.0 gAAAAABpJPsEg9N3... - 2 - tx6e000164979a47ea90718-006924fb4f - 0.0241 - - 1764031311.486751318 1764031311.510869980 0
Nov 24 19:41:51 np0005534223.novalocal proxy-server[90340]: ::1 ::1 25/Nov/2025/00/41/51 GET /v1/AUTH_34047920d4864ad78d85d02365686cf8/gnocchi.d64815fc-1b13-43cf-ada5-4e4385dbe885%3Fformat%3Djson%26states%3Dlisting HTTP/1.0 200 - python-swiftclient-4.2.0 gAAAAABpJPsEC1e4... - 2 - txe388225df82e400f81964-006924fb4f - 0.0171 - - 1764031311.493733644 1764031311.510801315 0
Nov 24 19:41:51 np0005534223.novalocal object-server[97568]: ::1 - - [25/Nov/2025:00:41:51 +0000] "GET /1/184619/AUTH_34047920d4864ad78d85d02365686cf8/gnocchi.ecd183ce-cc26-4a6f-a35b-7eaeebc3f190/1763640000.0_mean_300.0_v3" 404 70 "GET http://[::1]:8080/v1/AUTH_34047920d4864ad78d85d02365686cf8/gnocchi.ecd183ce-cc26-4a6f-a35b-7eaeebc3f190/1763640000.0_mean_300.0_v3" "txbdfea6c2301d49bc806c7-006924fb4f" "proxy-server 90339" 0.0003 "-" 97568 0
Nov 24 19:41:51 np0005534223.novalocal object-server[97569]: ::1 - - [25/Nov/2025:00:41:51 +0000] "GET /2/24915/AUTH_34047920d4864ad78d85d02365686cf8/gnocchi.d64815fc-1b13-43cf-ada5-4e4385dbe885/1763640000.0_mean_300.0_v3" 404 70 "GET http://[::1]:8080/v1/AUTH_34047920d4864ad78d85d02365686cf8/gnocchi.d64815fc-1b13-43cf-ada5-4e4385dbe885/1763640000.0_mean_300.0_v3" "tx4073411085984e5c9481f-006924fb4f" "proxy-server 90340" 0.0002 "-" 97569 0
Nov 24 19:41:51 np0005534223.novalocal object-server[97569]: ::1 - - [25/Nov/2025:00:41:51 +0000] "GET /2/184619/AUTH_34047920d4864ad78d85d02365686cf8/gnocchi.ecd183ce-cc26-4a6f-a35b-7eaeebc3f190/1763640000.0_mean_300.0_v3" 404 70 "GET http://[::1]:8080/v1/AUTH_34047920d4864ad78d85d02365686cf8/gnocchi.ecd183ce-cc26-4a6f-a35b-7eaeebc3f190/1763640000.0_mean_300.0_v3" "txbdfea6c2301d49bc806c7-006924fb4f" "proxy-server 90339" 0.0002 "-" 97569 0
Nov 24 19:41:51 np0005534223.novalocal object-server[97566]: ::1 - - [25/Nov/2025:00:41:51 +0000] "GET /3/24915/AUTH_34047920d4864ad78d85d02365686cf8/gnocchi.d64815fc-1b13-43cf-ada5-4e4385dbe885/1763640000.0_mean_300.0_v3" 404 70 "GET http://[::1]:8080/v1/AUTH_34047920d4864ad78d85d02365686cf8/gnocchi.d64815fc-1b13-43cf-ada5-4e4385dbe885/1763640000.0_mean_300.0_v3" "tx4073411085984e5c9481f-006924fb4f" "proxy-server 90340" 0.0004 "-" 97566 0
Nov 24 19:41:51 np0005534223.novalocal object-server[97567]: ::1 - - [25/Nov/2025:00:41:51 +0000] "GET /3/184619/AUTH_34047920d4864ad78d85d02365686cf8/gnocchi.ecd183ce-cc26-4a6f-a35b-7eaeebc3f190/1763640000.0_mean_300.0_v3" 404 70 "GET http://[::1]:8080/v1/AUTH_34047920d4864ad78d85d02365686cf8/gnocchi.ecd183ce-cc26-4a6f-a35b-7eaeebc3f190/1763640000.0_mean_300.0_v3" "txbdfea6c2301d49bc806c7-006924fb4f" "proxy-server 90339" 0.0003 "-" 97567 0
Nov 24 19:41:51 np0005534223.novalocal object-server[97566]: ::1 - - [25/Nov/2025:00:41:51 +0000] "GET /1/24915/AUTH_34047920d4864ad78d85d02365686cf8/gnocchi.d64815fc-1b13-43cf-ada5-4e4385dbe885/1763640000.0_mean_300.0_v3" 404 70 "GET http://[::1]:8080/v1/AUTH_34047920d4864ad78d85d02365686cf8/gnocchi.d64815fc-1b13-43cf-ada5-4e4385dbe885/1763640000.0_mean_300.0_v3" "tx4073411085984e5c9481f-006924fb4f" "proxy-server 90340" 0.0003 "-" 97566 0
Nov 24 19:41:51 np0005534223.novalocal proxy-server[90339]: ::1 ::1 25/Nov/2025/00/41/51 GET /v1/AUTH_34047920d4864ad78d85d02365686cf8/gnocchi.ecd183ce-cc26-4a6f-a35b-7eaeebc3f190/1763640000.0_mean_300.0_v3 HTTP/1.0 404 - python-swiftclient-4.2.0 gAAAAABpJPsEg9N3... - 70 - txbdfea6c2301d49bc806c7-006924fb4f - 0.0127 - - 1764031311.513656855 1764031311.526378393 0
Nov 24 19:41:51 np0005534223.novalocal proxy-server[90340]: ::1 ::1 25/Nov/2025/00/41/51 GET /v1/AUTH_34047920d4864ad78d85d02365686cf8/gnocchi.d64815fc-1b13-43cf-ada5-4e4385dbe885/1763640000.0_mean_300.0_v3 HTTP/1.0 404 - python-swiftclient-4.2.0 gAAAAABpJPsEC1e4... - 70 - tx4073411085984e5c9481f-006924fb4f - 0.0113 - - 1764031311.515133858 1764031311.526469231 0
Nov 24 19:41:51 np0005534223.novalocal container-server[97261]: ::1 - - [25/Nov/2025:00:41:51 +0000] "PUT /1/251180/AUTH_34047920d4864ad78d85d02365686cf8/gnocchi.ecd183ce-cc26-4a6f-a35b-7eaeebc3f190/1763640000.0_mean_300.0_v3" 201 - "PUT http://[::1]:8080/2/184619/AUTH_34047920d4864ad78d85d02365686cf8/gnocchi.ecd183ce-cc26-4a6f-a35b-7eaeebc3f190/1763640000.0_mean_300.0_v3" "txed364d82cb524ef59984d-006924fb4f" "object-server 97567" 0.0007 "-" 97261 0
Nov 24 19:41:51 np0005534223.novalocal object-server[97567]: ::1 - - [25/Nov/2025:00:41:51 +0000] "PUT /2/184619/AUTH_34047920d4864ad78d85d02365686cf8/gnocchi.ecd183ce-cc26-4a6f-a35b-7eaeebc3f190/1763640000.0_mean_300.0_v3" 201 - "PUT http://[::1]:8080/v1/AUTH_34047920d4864ad78d85d02365686cf8/gnocchi.ecd183ce-cc26-4a6f-a35b-7eaeebc3f190/1763640000.0_mean_300.0_v3" "txed364d82cb524ef59984d-006924fb4f" "proxy-server 90339" 0.0081 "-" 97567 0
Nov 24 19:41:51 np0005534223.novalocal container-server[97263]: ::1 - - [25/Nov/2025:00:41:51 +0000] "PUT /3/251180/AUTH_34047920d4864ad78d85d02365686cf8/gnocchi.ecd183ce-cc26-4a6f-a35b-7eaeebc3f190/1763640000.0_mean_300.0_v3" 201 - "PUT http://[::1]:8080/3/184619/AUTH_34047920d4864ad78d85d02365686cf8/gnocchi.ecd183ce-cc26-4a6f-a35b-7eaeebc3f190/1763640000.0_mean_300.0_v3" "txed364d82cb524ef59984d-006924fb4f" "object-server 97569" 0.0006 "-" 97263 0
Nov 24 19:41:51 np0005534223.novalocal object-server[97569]: ::1 - - [25/Nov/2025:00:41:51 +0000] "PUT /3/184619/AUTH_34047920d4864ad78d85d02365686cf8/gnocchi.ecd183ce-cc26-4a6f-a35b-7eaeebc3f190/1763640000.0_mean_300.0_v3" 201 - "PUT http://[::1]:8080/v1/AUTH_34047920d4864ad78d85d02365686cf8/gnocchi.ecd183ce-cc26-4a6f-a35b-7eaeebc3f190/1763640000.0_mean_300.0_v3" "txed364d82cb524ef59984d-006924fb4f" "proxy-server 90339" 0.0104 "-" 97569 0
Nov 24 19:41:51 np0005534223.novalocal container-server[97261]: ::1 - - [25/Nov/2025:00:41:51 +0000] "PUT /2/251180/AUTH_34047920d4864ad78d85d02365686cf8/gnocchi.ecd183ce-cc26-4a6f-a35b-7eaeebc3f190/1763640000.0_mean_300.0_v3" 201 - "PUT http://[::1]:8080/1/184619/AUTH_34047920d4864ad78d85d02365686cf8/gnocchi.ecd183ce-cc26-4a6f-a35b-7eaeebc3f190/1763640000.0_mean_300.0_v3" "txed364d82cb524ef59984d-006924fb4f" "object-server 97569" 0.0005 "-" 97261 0
Nov 24 19:41:51 np0005534223.novalocal object-server[97569]: ::1 - - [25/Nov/2025:00:41:51 +0000] "PUT /1/184619/AUTH_34047920d4864ad78d85d02365686cf8/gnocchi.ecd183ce-cc26-4a6f-a35b-7eaeebc3f190/1763640000.0_mean_300.0_v3" 201 - "PUT http://[::1]:8080/v1/AUTH_34047920d4864ad78d85d02365686cf8/gnocchi.ecd183ce-cc26-4a6f-a35b-7eaeebc3f190/1763640000.0_mean_300.0_v3" "txed364d82cb524ef59984d-006924fb4f" "proxy-server 90339" 0.0143 "-" 97569 0
Nov 24 19:41:51 np0005534223.novalocal container-server[97264]: ::1 - - [25/Nov/2025:00:41:51 +0000] "PUT /2/230677/AUTH_34047920d4864ad78d85d02365686cf8/gnocchi.d64815fc-1b13-43cf-ada5-4e4385dbe885/1763640000.0_mean_300.0_v3" 201 - "PUT http://[::1]:8080/1/24915/AUTH_34047920d4864ad78d85d02365686cf8/gnocchi.d64815fc-1b13-43cf-ada5-4e4385dbe885/1763640000.0_mean_300.0_v3" "txc0226fc25bc84bcdb06f1-006924fb4f" "object-server 97568" 0.0006 "-" 97264 0
Nov 24 19:41:51 np0005534223.novalocal proxy-server[90339]: ::1 ::1 25/Nov/2025/00/41/51 PUT /v1/AUTH_34047920d4864ad78d85d02365686cf8/gnocchi.ecd183ce-cc26-4a6f-a35b-7eaeebc3f190/1763640000.0_mean_300.0_v3 HTTP/1.0 201 - python-swiftclient-4.2.0 gAAAAABpJPsEg9N3... 16 - - txed364d82cb524ef59984d-006924fb4f - 0.0196 - - 1764031311.528648138 1764031311.548289776 0
Nov 24 19:41:51 np0005534223.novalocal object-server[97568]: ::1 - - [25/Nov/2025:00:41:51 +0000] "PUT /1/24915/AUTH_34047920d4864ad78d85d02365686cf8/gnocchi.d64815fc-1b13-43cf-ada5-4e4385dbe885/1763640000.0_mean_300.0_v3" 201 - "PUT http://[::1]:8080/v1/AUTH_34047920d4864ad78d85d02365686cf8/gnocchi.d64815fc-1b13-43cf-ada5-4e4385dbe885/1763640000.0_mean_300.0_v3" "txc0226fc25bc84bcdb06f1-006924fb4f" "proxy-server 90340" 0.0131 "-" 97568 0
Nov 24 19:41:51 np0005534223.novalocal container-server[97263]: ::1 - - [25/Nov/2025:00:41:51 +0000] "PUT /1/230677/AUTH_34047920d4864ad78d85d02365686cf8/gnocchi.d64815fc-1b13-43cf-ada5-4e4385dbe885/1763640000.0_mean_300.0_v3" 201 - "PUT http://[::1]:8080/2/24915/AUTH_34047920d4864ad78d85d02365686cf8/gnocchi.d64815fc-1b13-43cf-ada5-4e4385dbe885/1763640000.0_mean_300.0_v3" "txc0226fc25bc84bcdb06f1-006924fb4f" "object-server 97569" 0.0015 "-" 97263 0
Nov 24 19:41:51 np0005534223.novalocal object-server[97569]: ::1 - - [25/Nov/2025:00:41:51 +0000] "PUT /2/24915/AUTH_34047920d4864ad78d85d02365686cf8/gnocchi.d64815fc-1b13-43cf-ada5-4e4385dbe885/1763640000.0_mean_300.0_v3" 201 - "PUT http://[::1]:8080/v1/AUTH_34047920d4864ad78d85d02365686cf8/gnocchi.d64815fc-1b13-43cf-ada5-4e4385dbe885/1763640000.0_mean_300.0_v3" "txc0226fc25bc84bcdb06f1-006924fb4f" "proxy-server 90340" 0.0133 "-" 97569 0
Nov 24 19:41:51 np0005534223.novalocal container-server[97261]: ::1 - - [25/Nov/2025:00:41:51 +0000] "PUT /3/230677/AUTH_34047920d4864ad78d85d02365686cf8/gnocchi.d64815fc-1b13-43cf-ada5-4e4385dbe885/1763640000.0_mean_300.0_v3" 201 - "PUT http://[::1]:8080/3/24915/AUTH_34047920d4864ad78d85d02365686cf8/gnocchi.d64815fc-1b13-43cf-ada5-4e4385dbe885/1763640000.0_mean_300.0_v3" "txc0226fc25bc84bcdb06f1-006924fb4f" "object-server 97566" 0.0008 "-" 97261 0
Nov 24 19:41:51 np0005534223.novalocal object-server[97566]: ::1 - - [25/Nov/2025:00:41:51 +0000] "PUT /3/24915/AUTH_34047920d4864ad78d85d02365686cf8/gnocchi.d64815fc-1b13-43cf-ada5-4e4385dbe885/1763640000.0_mean_300.0_v3" 201 - "PUT http://[::1]:8080/v1/AUTH_34047920d4864ad78d85d02365686cf8/gnocchi.d64815fc-1b13-43cf-ada5-4e4385dbe885/1763640000.0_mean_300.0_v3" "txc0226fc25bc84bcdb06f1-006924fb4f" "proxy-server 90340" 0.0167 "-" 97566 0
Nov 24 19:41:51 np0005534223.novalocal proxy-server[90340]: ::1 ::1 25/Nov/2025/00/41/51 PUT /v1/AUTH_34047920d4864ad78d85d02365686cf8/gnocchi.d64815fc-1b13-43cf-ada5-4e4385dbe885/1763640000.0_mean_300.0_v3 HTTP/1.0 201 - python-swiftclient-4.2.0 gAAAAABpJPsEC1e4... 16 - - txc0226fc25bc84bcdb06f1-006924fb4f - 0.0252 - - 1764031311.529247522 1764031311.554482222 0
Nov 24 19:41:51 np0005534223.novalocal object-server[104927]: Begin object audit "forever" mode (ZBF)
Nov 24 19:41:51 np0005534223.novalocal object-server[104927]: Object audit (ZBF). Since Tue Nov 25 00:41:51 2025: Locally: 1 passed, 0 quarantined, 0 errors, files/sec: 686.47, bytes/sec: 0.00, Total time: 0.00, Auditing time: 0.00, Rate: 0.00
Nov 24 19:41:51 np0005534223.novalocal container-server[97264]: ::1 - - [25/Nov/2025:00:41:51 +0000] "PUT /2/251180/AUTH_34047920d4864ad78d85d02365686cf8/gnocchi.ecd183ce-cc26-4a6f-a35b-7eaeebc3f190/none_v3" 201 - "PUT http://[::1]:8080/1/196704/AUTH_34047920d4864ad78d85d02365686cf8/gnocchi.ecd183ce-cc26-4a6f-a35b-7eaeebc3f190/none_v3" "tx22cd6ac7008c425ea2c33-006924fb4f" "object-server 97569" 0.0004 "-" 97264 0
Nov 24 19:41:51 np0005534223.novalocal object-server[97569]: ::1 - - [25/Nov/2025:00:41:51 +0000] "PUT /1/196704/AUTH_34047920d4864ad78d85d02365686cf8/gnocchi.ecd183ce-cc26-4a6f-a35b-7eaeebc3f190/none_v3" 201 - "PUT http://[::1]:8080/v1/AUTH_34047920d4864ad78d85d02365686cf8/gnocchi.ecd183ce-cc26-4a6f-a35b-7eaeebc3f190/none_v3" "tx22cd6ac7008c425ea2c33-006924fb4f" "proxy-server 90339" 0.0125 "-" 97569 0
Nov 24 19:41:51 np0005534223.novalocal container-server[97264]: ::1 - - [25/Nov/2025:00:41:51 +0000] "PUT /3/251180/AUTH_34047920d4864ad78d85d02365686cf8/gnocchi.ecd183ce-cc26-4a6f-a35b-7eaeebc3f190/none_v3" 201 - "PUT http://[::1]:8080/3/196704/AUTH_34047920d4864ad78d85d02365686cf8/gnocchi.ecd183ce-cc26-4a6f-a35b-7eaeebc3f190/none_v3" "tx22cd6ac7008c425ea2c33-006924fb4f" "object-server 97566" 0.0004 "-" 97264 0
Nov 24 19:41:51 np0005534223.novalocal container-server[97263]: ::1 - - [25/Nov/2025:00:41:51 +0000] "PUT /1/251180/AUTH_34047920d4864ad78d85d02365686cf8/gnocchi.ecd183ce-cc26-4a6f-a35b-7eaeebc3f190/none_v3" 201 - "PUT http://[::1]:8080/2/196704/AUTH_34047920d4864ad78d85d02365686cf8/gnocchi.ecd183ce-cc26-4a6f-a35b-7eaeebc3f190/none_v3" "tx22cd6ac7008c425ea2c33-006924fb4f" "object-server 97569" 0.0038 "-" 97263 0
Nov 24 19:41:51 np0005534223.novalocal object-server[97569]: ::1 - - [25/Nov/2025:00:41:51 +0000] "PUT /2/196704/AUTH_34047920d4864ad78d85d02365686cf8/gnocchi.ecd183ce-cc26-4a6f-a35b-7eaeebc3f190/none_v3" 201 - "PUT http://[::1]:8080/v1/AUTH_34047920d4864ad78d85d02365686cf8/gnocchi.ecd183ce-cc26-4a6f-a35b-7eaeebc3f190/none_v3" "tx22cd6ac7008c425ea2c33-006924fb4f" "proxy-server 90339" 0.0149 "-" 97569 0
Nov 24 19:41:51 np0005534223.novalocal object-server[97566]: ::1 - - [25/Nov/2025:00:41:51 +0000] "PUT /3/196704/AUTH_34047920d4864ad78d85d02365686cf8/gnocchi.ecd183ce-cc26-4a6f-a35b-7eaeebc3f190/none_v3" 201 - "PUT http://[::1]:8080/v1/AUTH_34047920d4864ad78d85d02365686cf8/gnocchi.ecd183ce-cc26-4a6f-a35b-7eaeebc3f190/none_v3" "tx22cd6ac7008c425ea2c33-006924fb4f" "proxy-server 90339" 0.0164 "-" 97566 0
Nov 24 19:41:51 np0005534223.novalocal proxy-server[90339]: ::1 ::1 25/Nov/2025/00/41/51 PUT /v1/AUTH_34047920d4864ad78d85d02365686cf8/gnocchi.ecd183ce-cc26-4a6f-a35b-7eaeebc3f190/none_v3 HTTP/1.0 201 - python-swiftclient-4.2.0 gAAAAABpJPsEg9N3... 22 - - tx22cd6ac7008c425ea2c33-006924fb4f - 0.0229 - - 1764031311.550745249 1764031311.573648453 0
Nov 24 19:41:51 np0005534223.novalocal container-server[97263]: ::1 - - [25/Nov/2025:00:41:51 +0000] "PUT /1/230677/AUTH_34047920d4864ad78d85d02365686cf8/gnocchi.d64815fc-1b13-43cf-ada5-4e4385dbe885/none_v3" 201 - "PUT http://[::1]:8080/1/228653/AUTH_34047920d4864ad78d85d02365686cf8/gnocchi.d64815fc-1b13-43cf-ada5-4e4385dbe885/none_v3" "tx8a2c89e06aac42e0aa030-006924fb4f" "object-server 97566" 0.0004 "-" 97263 0
Nov 24 19:41:51 np0005534223.novalocal container-server[97262]: ::1 - - [25/Nov/2025:00:41:51 +0000] "PUT /2/230677/AUTH_34047920d4864ad78d85d02365686cf8/gnocchi.d64815fc-1b13-43cf-ada5-4e4385dbe885/none_v3" 201 - "PUT http://[::1]:8080/2/228653/AUTH_34047920d4864ad78d85d02365686cf8/gnocchi.d64815fc-1b13-43cf-ada5-4e4385dbe885/none_v3" "tx8a2c89e06aac42e0aa030-006924fb4f" "object-server 97566" 0.0008 "-" 97262 0
Nov 24 19:41:51 np0005534223.novalocal object-server[97566]: ::1 - - [25/Nov/2025:00:41:51 +0000] "PUT /1/228653/AUTH_34047920d4864ad78d85d02365686cf8/gnocchi.d64815fc-1b13-43cf-ada5-4e4385dbe885/none_v3" 201 - "PUT http://[::1]:8080/v1/AUTH_34047920d4864ad78d85d02365686cf8/gnocchi.d64815fc-1b13-43cf-ada5-4e4385dbe885/none_v3" "tx8a2c89e06aac42e0aa030-006924fb4f" "proxy-server 90340" 0.0112 "-" 97566 0
Nov 24 19:41:51 np0005534223.novalocal object-server[97566]: ::1 - - [25/Nov/2025:00:41:51 +0000] "PUT /2/228653/AUTH_34047920d4864ad78d85d02365686cf8/gnocchi.d64815fc-1b13-43cf-ada5-4e4385dbe885/none_v3" 201 - "PUT http://[::1]:8080/v1/AUTH_34047920d4864ad78d85d02365686cf8/gnocchi.d64815fc-1b13-43cf-ada5-4e4385dbe885/none_v3" "tx8a2c89e06aac42e0aa030-006924fb4f" "proxy-server 90340" 0.0149 "-" 97566 0
Nov 24 19:41:51 np0005534223.novalocal container-server[97264]: ::1 - - [25/Nov/2025:00:41:51 +0000] "PUT /3/230677/AUTH_34047920d4864ad78d85d02365686cf8/gnocchi.d64815fc-1b13-43cf-ada5-4e4385dbe885/none_v3" 201 - "PUT http://[::1]:8080/3/228653/AUTH_34047920d4864ad78d85d02365686cf8/gnocchi.d64815fc-1b13-43cf-ada5-4e4385dbe885/none_v3" "tx8a2c89e06aac42e0aa030-006924fb4f" "object-server 97567" 0.0004 "-" 97264 0
Nov 24 19:41:51 np0005534223.novalocal object-server[97567]: ::1 - - [25/Nov/2025:00:41:51 +0000] "GET /1/30922/AUTH_34047920d4864ad78d85d02365686cf8/glance/986692d9-cb77-40e7-9de5-f1769a43b540" 200 16338944 "GET http://[::1]:8080/v1/AUTH_34047920d4864ad78d85d02365686cf8/glance/986692d9-cb77-40e7-9de5-f1769a43b540" "tx41aac6590085473a82cdd-006924fb4f" "proxy-server 90339" 0.0006 "-" 97567 0
