Nov 24 19:41:21 np0005534223.novalocal proxy-server[90340]: ::1 ::1 25/Nov/2025/00/41/21 PUT /v1/AUTH_34047920d4864ad78d85d02365686cf8/gnocchi.fcc14d1f-1ffb-4346-8ed3-dfa9e2fadad8 HTTP/1.0 201 - python-swiftclient-4.2.0 gAAAAABpJPsEC1e4... - - - txc7b7ea7181b94595bb9d8-006924fb31 - 0.0518 - - 1764031281.428893089 1764031281.480662346 0
Nov 24 19:41:21 np0005534223.novalocal object-server[97567]: ::1 - - [25/Nov/2025:00:41:21 +0000] "GET /2/31079/AUTH_34047920d4864ad78d85d02365686cf8/gnocchi.aaa8da93-4e8b-44ef-91e8-e8afa77ea95c/1763640000.0_mean_300.0_v3" 404 70 "GET http://[::1]:8080/v1/AUTH_34047920d4864ad78d85d02365686cf8/gnocchi.aaa8da93-4e8b-44ef-91e8-e8afa77ea95c/1763640000.0_mean_300.0_v3" "txfed504cedb944e06b1dbd-006924fb31" "proxy-server 90339" 0.0003 "-" 97567 0
Nov 24 19:41:21 np0005534223.novalocal object-server[97566]: ::1 - - [25/Nov/2025:00:41:21 +0000] "GET /3/31079/AUTH_34047920d4864ad78d85d02365686cf8/gnocchi.aaa8da93-4e8b-44ef-91e8-e8afa77ea95c/1763640000.0_mean_300.0_v3" 404 70 "GET http://[::1]:8080/v1/AUTH_34047920d4864ad78d85d02365686cf8/gnocchi.aaa8da93-4e8b-44ef-91e8-e8afa77ea95c/1763640000.0_mean_300.0_v3" "txfed504cedb944e06b1dbd-006924fb31" "proxy-server 90339" 0.0005 "-" 97566 0
Nov 24 19:41:21 np0005534223.novalocal container-server[97262]: ::1 - - [25/Nov/2025:00:41:21 +0000] "HEAD /2/173533/AUTH_34047920d4864ad78d85d02365686cf8/gnocchi.fcc14d1f-1ffb-4346-8ed3-dfa9e2fadad8" 204 - "HEAD http://[::1]:8080/v1/AUTH_34047920d4864ad78d85d02365686cf8/gnocchi.fcc14d1f-1ffb-4346-8ed3-dfa9e2fadad8?format=json&states=listing" "txfdce080c260e400d9df3f-006924fb31" "proxy-server 90340" 0.0023 "-" 97262 0
Nov 24 19:41:21 np0005534223.novalocal object-server[97566]: ::1 - - [25/Nov/2025:00:41:21 +0000] "GET /1/31079/AUTH_34047920d4864ad78d85d02365686cf8/gnocchi.aaa8da93-4e8b-44ef-91e8-e8afa77ea95c/1763640000.0_mean_300.0_v3" 404 70 "GET http://[::1]:8080/v1/AUTH_34047920d4864ad78d85d02365686cf8/gnocchi.aaa8da93-4e8b-44ef-91e8-e8afa77ea95c/1763640000.0_mean_300.0_v3" "txfed504cedb944e06b1dbd-006924fb31" "proxy-server 90339" 0.0003 "-" 97566 0
Nov 24 19:41:21 np0005534223.novalocal proxy-server[90339]: ::1 ::1 25/Nov/2025/00/41/21 GET /v1/AUTH_34047920d4864ad78d85d02365686cf8/gnocchi.aaa8da93-4e8b-44ef-91e8-e8afa77ea95c/1763640000.0_mean_300.0_v3 HTTP/1.0 404 - python-swiftclient-4.2.0 gAAAAABpJPsEg9N3... - 70 - txfed504cedb944e06b1dbd-006924fb31 - 0.0221 - - 1764031281.477995157 1764031281.500111580 0
Nov 24 19:41:21 np0005534223.novalocal container-server[97261]: ::1 - - [25/Nov/2025:00:41:21 +0000] "GET /2/173533/AUTH_34047920d4864ad78d85d02365686cf8/gnocchi.fcc14d1f-1ffb-4346-8ed3-dfa9e2fadad8" 200 2 "GET http://[::1]:8080/v1/AUTH_34047920d4864ad78d85d02365686cf8/gnocchi.fcc14d1f-1ffb-4346-8ed3-dfa9e2fadad8?format=json&states=listing" "txfdce080c260e400d9df3f-006924fb31" "proxy-server 90340" 0.0017 "-" 97261 0
Nov 24 19:41:21 np0005534223.novalocal proxy-server[90340]: ::1 ::1 25/Nov/2025/00/41/21 GET /v1/AUTH_34047920d4864ad78d85d02365686cf8/gnocchi.fcc14d1f-1ffb-4346-8ed3-dfa9e2fadad8%3Fformat%3Djson%26states%3Dlisting HTTP/1.0 200 - python-swiftclient-4.2.0 gAAAAABpJPsEC1e4... - 2 - txfdce080c260e400d9df3f-006924fb31 - 0.0237 - - 1764031281.483132362 1764031281.506789446 0
Nov 24 19:41:21 np0005534223.novalocal object-server[97569]: ::1 - - [25/Nov/2025:00:41:21 +0000] "GET /1/150212/AUTH_34047920d4864ad78d85d02365686cf8/gnocchi.fcc14d1f-1ffb-4346-8ed3-dfa9e2fadad8/1763640000.0_mean_300.0_v3" 404 70 "GET http://[::1]:8080/v1/AUTH_34047920d4864ad78d85d02365686cf8/gnocchi.fcc14d1f-1ffb-4346-8ed3-dfa9e2fadad8/1763640000.0_mean_300.0_v3" "txf975d50bf1224b9ab176b-006924fb31" "proxy-server 90340" 0.0002 "-" 97569 0
Nov 24 19:41:21 np0005534223.novalocal object-server[97567]: ::1 - - [25/Nov/2025:00:41:21 +0000] "GET /2/150212/AUTH_34047920d4864ad78d85d02365686cf8/gnocchi.fcc14d1f-1ffb-4346-8ed3-dfa9e2fadad8/1763640000.0_mean_300.0_v3" 404 70 "GET http://[::1]:8080/v1/AUTH_34047920d4864ad78d85d02365686cf8/gnocchi.fcc14d1f-1ffb-4346-8ed3-dfa9e2fadad8/1763640000.0_mean_300.0_v3" "txf975d50bf1224b9ab176b-006924fb31" "proxy-server 90340" 0.0005 "-" 97567 0
Nov 24 19:41:21 np0005534223.novalocal object-server[97567]: ::1 - - [25/Nov/2025:00:41:21 +0000] "GET /3/150212/AUTH_34047920d4864ad78d85d02365686cf8/gnocchi.fcc14d1f-1ffb-4346-8ed3-dfa9e2fadad8/1763640000.0_mean_300.0_v3" 404 70 "GET http://[::1]:8080/v1/AUTH_34047920d4864ad78d85d02365686cf8/gnocchi.fcc14d1f-1ffb-4346-8ed3-dfa9e2fadad8/1763640000.0_mean_300.0_v3" "txf975d50bf1224b9ab176b-006924fb31" "proxy-server 90340" 0.0002 "-" 97567 0
Nov 24 19:41:21 np0005534223.novalocal container-server[97262]: ::1 - - [25/Nov/2025:00:41:21 +0000] "PUT /3/41433/AUTH_34047920d4864ad78d85d02365686cf8/gnocchi.aaa8da93-4e8b-44ef-91e8-e8afa77ea95c/1763640000.0_mean_300.0_v3" 201 - "PUT http://[::1]:8080/3/31079/AUTH_34047920d4864ad78d85d02365686cf8/gnocchi.aaa8da93-4e8b-44ef-91e8-e8afa77ea95c/1763640000.0_mean_300.0_v3" "tx988649c910f04c4da42b9-006924fb31" "object-server 97569" 0.0007 "-" 97262 0
Nov 24 19:41:21 np0005534223.novalocal object-server[97569]: ::1 - - [25/Nov/2025:00:41:21 +0000] "PUT /3/31079/AUTH_34047920d4864ad78d85d02365686cf8/gnocchi.aaa8da93-4e8b-44ef-91e8-e8afa77ea95c/1763640000.0_mean_300.0_v3" 201 - "PUT http://[::1]:8080/v1/AUTH_34047920d4864ad78d85d02365686cf8/gnocchi.aaa8da93-4e8b-44ef-91e8-e8afa77ea95c/1763640000.0_mean_300.0_v3" "tx988649c910f04c4da42b9-006924fb31" "proxy-server 90339" 0.0111 "-" 97569 0
Nov 24 19:41:21 np0005534223.novalocal container-server[97263]: ::1 - - [25/Nov/2025:00:41:21 +0000] "PUT /1/41433/AUTH_34047920d4864ad78d85d02365686cf8/gnocchi.aaa8da93-4e8b-44ef-91e8-e8afa77ea95c/1763640000.0_mean_300.0_v3" 201 - "PUT http://[::1]:8080/2/31079/AUTH_34047920d4864ad78d85d02365686cf8/gnocchi.aaa8da93-4e8b-44ef-91e8-e8afa77ea95c/1763640000.0_mean_300.0_v3" "tx988649c910f04c4da42b9-006924fb31" "object-server 97567" 0.0006 "-" 97263 0
Nov 24 19:41:21 np0005534223.novalocal object-server[97567]: ::1 - - [25/Nov/2025:00:41:21 +0000] "PUT /2/31079/AUTH_34047920d4864ad78d85d02365686cf8/gnocchi.aaa8da93-4e8b-44ef-91e8-e8afa77ea95c/1763640000.0_mean_300.0_v3" 201 - "PUT http://[::1]:8080/v1/AUTH_34047920d4864ad78d85d02365686cf8/gnocchi.aaa8da93-4e8b-44ef-91e8-e8afa77ea95c/1763640000.0_mean_300.0_v3" "tx988649c910f04c4da42b9-006924fb31" "proxy-server 90339" 0.0145 "-" 97567 0
Nov 24 19:41:21 np0005534223.novalocal container-server[97261]: ::1 - - [25/Nov/2025:00:41:21 +0000] "PUT /2/41433/AUTH_34047920d4864ad78d85d02365686cf8/gnocchi.aaa8da93-4e8b-44ef-91e8-e8afa77ea95c/1763640000.0_mean_300.0_v3" 201 - "PUT http://[::1]:8080/1/31079/AUTH_34047920d4864ad78d85d02365686cf8/gnocchi.aaa8da93-4e8b-44ef-91e8-e8afa77ea95c/1763640000.0_mean_300.0_v3" "tx988649c910f04c4da42b9-006924fb31" "object-server 97567" 0.0007 "-" 97261 0
Nov 24 19:41:21 np0005534223.novalocal object-server[97567]: ::1 - - [25/Nov/2025:00:41:21 +0000] "PUT /1/31079/AUTH_34047920d4864ad78d85d02365686cf8/gnocchi.aaa8da93-4e8b-44ef-91e8-e8afa77ea95c/1763640000.0_mean_300.0_v3" 201 - "PUT http://[::1]:8080/v1/AUTH_34047920d4864ad78d85d02365686cf8/gnocchi.aaa8da93-4e8b-44ef-91e8-e8afa77ea95c/1763640000.0_mean_300.0_v3" "tx988649c910f04c4da42b9-006924fb31" "proxy-server 90339" 0.0149 "-" 97567 0
Nov 24 19:41:21 np0005534223.novalocal proxy-server[90340]: ::1 ::1 25/Nov/2025/00/41/21 GET /v1/AUTH_34047920d4864ad78d85d02365686cf8/gnocchi.fcc14d1f-1ffb-4346-8ed3-dfa9e2fadad8/1763640000.0_mean_300.0_v3 HTTP/1.0 404 - python-swiftclient-4.2.0 gAAAAABpJPsEC1e4... - 70 - txf975d50bf1224b9ab176b-006924fb31 - 0.0168 - - 1764031281.509963751 1764031281.526756287 0
Nov 24 19:41:21 np0005534223.novalocal proxy-server[90339]: ::1 ::1 25/Nov/2025/00/41/21 PUT /v1/AUTH_34047920d4864ad78d85d02365686cf8/gnocchi.aaa8da93-4e8b-44ef-91e8-e8afa77ea95c/1763640000.0_mean_300.0_v3 HTTP/1.0 201 - python-swiftclient-4.2.0 gAAAAABpJPsEg9N3... 16 - - tx988649c910f04c4da42b9-006924fb31 - 0.0245 - - 1764031281.503248930 1764031281.527750492 0
Nov 24 19:41:21 np0005534223.novalocal container-server[97261]: ::1 - - [25/Nov/2025:00:41:21 +0000] "PUT /2/41433/AUTH_34047920d4864ad78d85d02365686cf8/gnocchi.aaa8da93-4e8b-44ef-91e8-e8afa77ea95c/none_v3" 201 - "PUT http://[::1]:8080/2/192760/AUTH_34047920d4864ad78d85d02365686cf8/gnocchi.aaa8da93-4e8b-44ef-91e8-e8afa77ea95c/none_v3" "tx3d2c0584290e42efb3327-006924fb31" "object-server 97568" 0.0003 "-" 97261 0
Nov 24 19:41:21 np0005534223.novalocal object-server[97568]: ::1 - - [25/Nov/2025:00:41:21 +0000] "PUT /2/192760/AUTH_34047920d4864ad78d85d02365686cf8/gnocchi.aaa8da93-4e8b-44ef-91e8-e8afa77ea95c/none_v3" 201 - "PUT http://[::1]:8080/v1/AUTH_34047920d4864ad78d85d02365686cf8/gnocchi.aaa8da93-4e8b-44ef-91e8-e8afa77ea95c/none_v3" "tx3d2c0584290e42efb3327-006924fb31" "proxy-server 90339" 0.0109 "-" 97568 0
Nov 24 19:41:21 np0005534223.novalocal container-server[97263]: ::1 - - [25/Nov/2025:00:41:21 +0000] "PUT /1/41433/AUTH_34047920d4864ad78d85d02365686cf8/gnocchi.aaa8da93-4e8b-44ef-91e8-e8afa77ea95c/none_v3" 201 - "PUT http://[::1]:8080/1/192760/AUTH_34047920d4864ad78d85d02365686cf8/gnocchi.aaa8da93-4e8b-44ef-91e8-e8afa77ea95c/none_v3" "tx3d2c0584290e42efb3327-006924fb31" "object-server 97569" 0.0004 "-" 97263 0
Nov 24 19:41:21 np0005534223.novalocal container-server[97261]: ::1 - - [25/Nov/2025:00:41:21 +0000] "PUT /2/173533/AUTH_34047920d4864ad78d85d02365686cf8/gnocchi.fcc14d1f-1ffb-4346-8ed3-dfa9e2fadad8/1763640000.0_mean_300.0_v3" 201 - "PUT http://[::1]:8080/3/150212/AUTH_34047920d4864ad78d85d02365686cf8/gnocchi.fcc14d1f-1ffb-4346-8ed3-dfa9e2fadad8/1763640000.0_mean_300.0_v3" "tx6600775f7d734cac89fef-006924fb31" "object-server 97566" 0.0003 "-" 97261 0
Nov 24 19:41:21 np0005534223.novalocal object-server[97569]: ::1 - - [25/Nov/2025:00:41:21 +0000] "PUT /1/192760/AUTH_34047920d4864ad78d85d02365686cf8/gnocchi.aaa8da93-4e8b-44ef-91e8-e8afa77ea95c/none_v3" 201 - "PUT http://[::1]:8080/v1/AUTH_34047920d4864ad78d85d02365686cf8/gnocchi.aaa8da93-4e8b-44ef-91e8-e8afa77ea95c/none_v3" "tx3d2c0584290e42efb3327-006924fb31" "proxy-server 90339" 0.0120 "-" 97569 0
Nov 24 19:41:21 np0005534223.novalocal object-server[97566]: ::1 - - [25/Nov/2025:00:41:21 +0000] "PUT /3/150212/AUTH_34047920d4864ad78d85d02365686cf8/gnocchi.fcc14d1f-1ffb-4346-8ed3-dfa9e2fadad8/1763640000.0_mean_300.0_v3" 201 - "PUT http://[::1]:8080/v1/AUTH_34047920d4864ad78d85d02365686cf8/gnocchi.fcc14d1f-1ffb-4346-8ed3-dfa9e2fadad8/1763640000.0_mean_300.0_v3" "tx6600775f7d734cac89fef-006924fb31" "proxy-server 90340" 0.0186 "-" 97566 0
Nov 24 19:41:21 np0005534223.novalocal container-server[97262]: ::1 - - [25/Nov/2025:00:41:21 +0000] "PUT /1/173533/AUTH_34047920d4864ad78d85d02365686cf8/gnocchi.fcc14d1f-1ffb-4346-8ed3-dfa9e2fadad8/1763640000.0_mean_300.0_v3" 201 - "PUT http://[::1]:8080/2/150212/AUTH_34047920d4864ad78d85d02365686cf8/gnocchi.fcc14d1f-1ffb-4346-8ed3-dfa9e2fadad8/1763640000.0_mean_300.0_v3" "tx6600775f7d734cac89fef-006924fb31" "object-server 97567" 0.0007 "-" 97262 0
Nov 24 19:41:21 np0005534223.novalocal object-server[97567]: ::1 - - [25/Nov/2025:00:41:21 +0000] "PUT /2/150212/AUTH_34047920d4864ad78d85d02365686cf8/gnocchi.fcc14d1f-1ffb-4346-8ed3-dfa9e2fadad8/1763640000.0_mean_300.0_v3" 201 - "PUT http://[::1]:8080/v1/AUTH_34047920d4864ad78d85d02365686cf8/gnocchi.fcc14d1f-1ffb-4346-8ed3-dfa9e2fadad8/1763640000.0_mean_300.0_v3" "tx6600775f7d734cac89fef-006924fb31" "proxy-server 90340" 0.0171 "-" 97567 0
Nov 24 19:41:21 np0005534223.novalocal object-server[104913]: Object audit (ALL). Since Tue Nov 25 00:41:19 2025: Locally: 1 passed, 0 quarantined, 0 errors, files/sec: 0.61, bytes/sec: 9910053.60, Total time: 1.65, Auditing time: 0.00, Rate: 0.00
Nov 24 19:41:21 np0005534223.novalocal container-server[97264]: ::1 - - [25/Nov/2025:00:41:21 +0000] "PUT /3/41433/AUTH_34047920d4864ad78d85d02365686cf8/gnocchi.aaa8da93-4e8b-44ef-91e8-e8afa77ea95c/none_v3" 201 - "PUT http://[::1]:8080/3/192760/AUTH_34047920d4864ad78d85d02365686cf8/gnocchi.aaa8da93-4e8b-44ef-91e8-e8afa77ea95c/none_v3" "tx3d2c0584290e42efb3327-006924fb31" "object-server 97566" 0.0009 "-" 97264 0
Nov 24 19:41:21 np0005534223.novalocal object-server[97566]: ::1 - - [25/Nov/2025:00:41:21 +0000] "PUT /3/192760/AUTH_34047920d4864ad78d85d02365686cf8/gnocchi.aaa8da93-4e8b-44ef-91e8-e8afa77ea95c/none_v3" 201 - "PUT http://[::1]:8080/v1/AUTH_34047920d4864ad78d85d02365686cf8/gnocchi.aaa8da93-4e8b-44ef-91e8-e8afa77ea95c/none_v3" "tx3d2c0584290e42efb3327-006924fb31" "proxy-server 90339" 0.0203 "-" 97566 0
Nov 24 19:41:21 np0005534223.novalocal proxy-server[90339]: ::1 ::1 25/Nov/2025/00/41/21 PUT /v1/AUTH_34047920d4864ad78d85d02365686cf8/gnocchi.aaa8da93-4e8b-44ef-91e8-e8afa77ea95c/none_v3 HTTP/1.0 201 - python-swiftclient-4.2.0 gAAAAABpJPsEg9N3... 22 - - tx3d2c0584290e42efb3327-006924fb31 - 0.0294 - - 1764031281.530952930 1764031281.560393810 0
Nov 24 19:41:21 np0005534223.novalocal container-server[97264]: ::1 - - [25/Nov/2025:00:41:21 +0000] "PUT /3/173533/AUTH_34047920d4864ad78d85d02365686cf8/gnocchi.fcc14d1f-1ffb-4346-8ed3-dfa9e2fadad8/1763640000.0_mean_300.0_v3" 201 - "PUT http://[::1]:8080/1/150212/AUTH_34047920d4864ad78d85d02365686cf8/gnocchi.fcc14d1f-1ffb-4346-8ed3-dfa9e2fadad8/1763640000.0_mean_300.0_v3" "tx6600775f7d734cac89fef-006924fb31" "object-server 97567" 0.0007 "-" 97264 0
Nov 24 19:41:21 np0005534223.novalocal object-server[97567]: ::1 - - [25/Nov/2025:00:41:21 +0000] "PUT /1/150212/AUTH_34047920d4864ad78d85d02365686cf8/gnocchi.fcc14d1f-1ffb-4346-8ed3-dfa9e2fadad8/1763640000.0_mean_300.0_v3" 201 - "PUT http://[::1]:8080/v1/AUTH_34047920d4864ad78d85d02365686cf8/gnocchi.fcc14d1f-1ffb-4346-8ed3-dfa9e2fadad8/1763640000.0_mean_300.0_v3" "tx6600775f7d734cac89fef-006924fb31" "proxy-server 90340" 0.0262 "-" 97567 0
Nov 24 19:41:21 np0005534223.novalocal proxy-server[90340]: ::1 ::1 25/Nov/2025/00/41/21 PUT /v1/AUTH_34047920d4864ad78d85d02365686cf8/gnocchi.fcc14d1f-1ffb-4346-8ed3-dfa9e2fadad8/1763640000.0_mean_300.0_v3 HTTP/1.0 201 - python-swiftclient-4.2.0 gAAAAABpJPsEC1e4... 16 - - tx6600775f7d734cac89fef-006924fb31 - 0.0339 - - 1764031281.529725075 1764031281.563600540 0
Nov 24 19:41:21 np0005534223.novalocal container-server[97261]: ::1 - - [25/Nov/2025:00:41:21 +0000] "HEAD /3/43587/AUTH_34047920d4864ad78d85d02365686cf8/gnocchi.5fd8c526-d20a-401f-9b90-66a921c0b5aa" 404 - "HEAD http://[::1]:8080/v1/AUTH_34047920d4864ad78d85d02365686cf8/gnocchi.5fd8c526-d20a-401f-9b90-66a921c0b5aa?format=json&states=listing" "tx8ed8ba4de99b4ae3910eb-006924fb31" "proxy-server 90339" 0.0002 "-" 97261 0
Nov 24 19:41:21 np0005534223.novalocal container-server[97263]: ::1 - - [25/Nov/2025:00:41:21 +0000] "HEAD /1/43587/AUTH_34047920d4864ad78d85d02365686cf8/gnocchi.5fd8c526-d20a-401f-9b90-66a921c0b5aa" 404 - "HEAD http://[::1]:8080/v1/AUTH_34047920d4864ad78d85d02365686cf8/gnocchi.5fd8c526-d20a-401f-9b90-66a921c0b5aa?format=json&states=listing" "tx8ed8ba4de99b4ae3910eb-006924fb31" "proxy-server 90339" 0.0003 "-" 97263 0
Nov 24 19:41:21 np0005534223.novalocal container-server[97262]: ::1 - - [25/Nov/2025:00:41:21 +0000] "HEAD /2/43587/AUTH_34047920d4864ad78d85d02365686cf8/gnocchi.5fd8c526-d20a-401f-9b90-66a921c0b5aa" 404 - "HEAD http://[::1]:8080/v1/AUTH_34047920d4864ad78d85d02365686cf8/gnocchi.5fd8c526-d20a-401f-9b90-66a921c0b5aa?format=json&states=listing" "tx8ed8ba4de99b4ae3910eb-006924fb31" "proxy-server 90339" 0.0004 "-" 97262 0
Nov 24 19:41:21 np0005534223.novalocal object-server[97569]: ::1 - - [25/Nov/2025:00:41:21 +0000] "GET /3/122822/AUTH_34047920d4864ad78d85d02365686cf8/gnocchi.5fd8c526-d20a-401f-9b90-66a921c0b5aa/none_v3" 404 70 "GET http://[::1]:8080/v1/AUTH_34047920d4864ad78d85d02365686cf8/gnocchi.5fd8c526-d20a-401f-9b90-66a921c0b5aa/none_v3" "tx8ed8ba4de99b4ae3910eb-006924fb31" "proxy-server 90339" 0.0002 "-" 97569 0
Nov 24 19:41:21 np0005534223.novalocal container-server[97263]: ::1 - - [25/Nov/2025:00:41:21 +0000] "PUT /3/173533/AUTH_34047920d4864ad78d85d02365686cf8/gnocchi.fcc14d1f-1ffb-4346-8ed3-dfa9e2fadad8/none_v3" 201 - "PUT http://[::1]:8080/3/150077/AUTH_34047920d4864ad78d85d02365686cf8/gnocchi.fcc14d1f-1ffb-4346-8ed3-dfa9e2fadad8/none_v3" "txc731b5a680334ad48558a-006924fb31" "object-server 97568" 0.0004 "-" 97263 0
Nov 24 19:41:21 np0005534223.novalocal container-server[97262]: ::1 - - [25/Nov/2025:00:41:21 +0000] "PUT /1/173533/AUTH_34047920d4864ad78d85d02365686cf8/gnocchi.fcc14d1f-1ffb-4346-8ed3-dfa9e2fadad8/none_v3" 201 - "PUT http://[::1]:8080/1/150077/AUTH_34047920d4864ad78d85d02365686cf8/gnocchi.fcc14d1f-1ffb-4346-8ed3-dfa9e2fadad8/none_v3" "txc731b5a680334ad48558a-006924fb31" "object-server 97567" 0.0004 "-" 97262 0
Nov 24 19:41:21 np0005534223.novalocal object-server[97567]: ::1 - - [25/Nov/2025:00:41:21 +0000] "PUT /1/150077/AUTH_34047920d4864ad78d85d02365686cf8/gnocchi.fcc14d1f-1ffb-4346-8ed3-dfa9e2fadad8/none_v3" 201 - "PUT http://[::1]:8080/v1/AUTH_34047920d4864ad78d85d02365686cf8/gnocchi.fcc14d1f-1ffb-4346-8ed3-dfa9e2fadad8/none_v3" "txc731b5a680334ad48558a-006924fb31" "proxy-server 90340" 0.0123 "-" 97567 0
Nov 24 19:41:21 np0005534223.novalocal object-server[97568]: ::1 - - [25/Nov/2025:00:41:21 +0000] "PUT /3/150077/AUTH_34047920d4864ad78d85d02365686cf8/gnocchi.fcc14d1f-1ffb-4346-8ed3-dfa9e2fadad8/none_v3" 201 - "PUT http://[::1]:8080/v1/AUTH_34047920d4864ad78d85d02365686cf8/gnocchi.fcc14d1f-1ffb-4346-8ed3-dfa9e2fadad8/none_v3" "txc731b5a680334ad48558a-006924fb31" "proxy-server 90340" 0.0119 "-" 97568 0
Nov 24 19:41:21 np0005534223.novalocal object-server[97569]: ::1 - - [25/Nov/2025:00:41:21 +0000] "GET /2/122822/AUTH_34047920d4864ad78d85d02365686cf8/gnocchi.5fd8c526-d20a-401f-9b90-66a921c0b5aa/none_v3" 404 70 "GET http://[::1]:8080/v1/AUTH_34047920d4864ad78d85d02365686cf8/gnocchi.5fd8c526-d20a-401f-9b90-66a921c0b5aa/none_v3" "tx8ed8ba4de99b4ae3910eb-006924fb31" "proxy-server 90339" 0.0001 "-" 97569 0
Nov 24 19:41:21 np0005534223.novalocal container-server[97261]: ::1 - - [25/Nov/2025:00:41:21 +0000] "PUT /2/173533/AUTH_34047920d4864ad78d85d02365686cf8/gnocchi.fcc14d1f-1ffb-4346-8ed3-dfa9e2fadad8/none_v3" 201 - "PUT http://[::1]:8080/2/150077/AUTH_34047920d4864ad78d85d02365686cf8/gnocchi.fcc14d1f-1ffb-4346-8ed3-dfa9e2fadad8/none_v3" "txc731b5a680334ad48558a-006924fb31" "object-server 97568" 0.0005 "-" 97261 0
Nov 24 19:41:21 np0005534223.novalocal object-server[97568]: ::1 - - [25/Nov/2025:00:41:21 +0000] "PUT /2/150077/AUTH_34047920d4864ad78d85d02365686cf8/gnocchi.fcc14d1f-1ffb-4346-8ed3-dfa9e2fadad8/none_v3" 201 - "PUT http://[::1]:8080/v1/AUTH_34047920d4864ad78d85d02365686cf8/gnocchi.fcc14d1f-1ffb-4346-8ed3-dfa9e2fadad8/none_v3" "txc731b5a680334ad48558a-006924fb31" "proxy-server 90340" 0.0157 "-" 97568 0
Nov 24 19:41:21 np0005534223.novalocal object-server[97569]: ::1 - - [25/Nov/2025:00:41:21 +0000] "GET /1/122822/AUTH_34047920d4864ad78d85d02365686cf8/gnocchi.5fd8c526-d20a-401f-9b90-66a921c0b5aa/none_v3" 404 70 "GET http://[::1]:8080/v1/AUTH_34047920d4864ad78d85d02365686cf8/gnocchi.5fd8c526-d20a-401f-9b90-66a921c0b5aa/none_v3" "tx8ed8ba4de99b4ae3910eb-006924fb31" "proxy-server 90339" 0.0001 "-" 97569 0
Nov 24 19:41:21 np0005534223.novalocal proxy-server[90340]: ::1 ::1 25/Nov/2025/00/41/21 PUT /v1/AUTH_34047920d4864ad78d85d02365686cf8/gnocchi.fcc14d1f-1ffb-4346-8ed3-dfa9e2fadad8/none_v3 HTTP/1.0 201 - python-swiftclient-4.2.0 gAAAAABpJPsEC1e4... 22 - - txc731b5a680334ad48558a-006924fb31 - 0.0239 - - 1764031281.566035986 1764031281.589936018 0
Nov 24 19:41:21 np0005534223.novalocal proxy-server[90339]: ::1 ::1 25/Nov/2025/00/41/21 GET /v1/AUTH_34047920d4864ad78d85d02365686cf8/gnocchi.5fd8c526-d20a-401f-9b90-66a921c0b5aa/none_v3 HTTP/1.0 404 - python-swiftclient-4.2.0 gAAAAABpJPsEg9N3... - 70 - tx8ed8ba4de99b4ae3910eb-006924fb31 - 0.0213 - - 1764031281.570372105 1764031281.591673851 0
Nov 24 19:41:21 np0005534223.novalocal container-server[97263]: ::1 - - [25/Nov/2025:00:41:21 +0000] "HEAD /1/51837/AUTH_34047920d4864ad78d85d02365686cf8/gnocchi.be0eb900-8eb9-44f0-a659-f6cd7b10f779" 404 - "HEAD http://[::1]:8080/v1/AUTH_34047920d4864ad78d85d02365686cf8/gnocchi.be0eb900-8eb9-44f0-a659-f6cd7b10f779?format=json&states=listing" "tx7fd438e6e8bb46d38696e-006924fb31" "proxy-server 90340" 0.0002 "-" 97263 0
Nov 24 19:41:21 np0005534223.novalocal account-server[96966]: ::1 - - [25/Nov/2025:00:41:21 +0000] "PUT /2/156101/AUTH_34047920d4864ad78d85d02365686cf8/gnocchi.5fd8c526-d20a-401f-9b90-66a921c0b5aa" 201 - "PUT http://[::1]:6001/2/43587/AUTH_34047920d4864ad78d85d02365686cf8/gnocchi.5fd8c526-d20a-401f-9b90-66a921c0b5aa" "tx07a3b74d39a74206821f9-006924fb31" "container-server 97261" 0.0050 "-" 96966 0
Nov 24 19:41:21 np0005534223.novalocal container-server[97262]: ::1 - - [25/Nov/2025:00:41:21 +0000] "HEAD /2/51837/AUTH_34047920d4864ad78d85d02365686cf8/gnocchi.be0eb900-8eb9-44f0-a659-f6cd7b10f779" 404 - "HEAD http://[::1]:8080/v1/AUTH_34047920d4864ad78d85d02365686cf8/gnocchi.be0eb900-8eb9-44f0-a659-f6cd7b10f779?format=json&states=listing" "tx7fd438e6e8bb46d38696e-006924fb31" "proxy-server 90340" 0.0006 "-" 97262 0
Nov 24 19:41:21 np0005534223.novalocal container-server[97261]: ::1 - - [25/Nov/2025:00:41:21 +0000] "PUT /2/43587/AUTH_34047920d4864ad78d85d02365686cf8/gnocchi.5fd8c526-d20a-401f-9b90-66a921c0b5aa" 201 - "PUT http://[::1]:8080/v1/AUTH_34047920d4864ad78d85d02365686cf8/gnocchi.5fd8c526-d20a-401f-9b90-66a921c0b5aa" "tx07a3b74d39a74206821f9-006924fb31" "proxy-server 90339" 0.0136 "-" 97261 0
Nov 24 19:41:21 np0005534223.novalocal container-server[97262]: ::1 - - [25/Nov/2025:00:41:21 +0000] "HEAD /3/51837/AUTH_34047920d4864ad78d85d02365686cf8/gnocchi.be0eb900-8eb9-44f0-a659-f6cd7b10f779" 404 - "HEAD http://[::1]:8080/v1/AUTH_34047920d4864ad78d85d02365686cf8/gnocchi.be0eb900-8eb9-44f0-a659-f6cd7b10f779?format=json&states=listing" "tx7fd438e6e8bb46d38696e-006924fb31" "proxy-server 90340" 0.0006 "-" 97262 0
Nov 24 19:41:21 np0005534223.novalocal account-server[96966]: ::1 - - [25/Nov/2025:00:41:21 +0000] "PUT /1/156101/AUTH_34047920d4864ad78d85d02365686cf8/gnocchi.5fd8c526-d20a-401f-9b90-66a921c0b5aa" 201 - "PUT http://[::1]:6001/1/43587/AUTH_34047920d4864ad78d85d02365686cf8/gnocchi.5fd8c526-d20a-401f-9b90-66a921c0b5aa" "tx07a3b74d39a74206821f9-006924fb31" "container-server 97263" 0.0041 "-" 96966 0
Nov 24 19:41:21 np0005534223.novalocal account-server[96967]: ::1 - - [25/Nov/2025:00:41:21 +0000] "PUT /3/156101/AUTH_34047920d4864ad78d85d02365686cf8/gnocchi.5fd8c526-d20a-401f-9b90-66a921c0b5aa" 201 - "PUT http://[::1]:6001/3/43587/AUTH_34047920d4864ad78d85d02365686cf8/gnocchi.5fd8c526-d20a-401f-9b90-66a921c0b5aa" "tx07a3b74d39a74206821f9-006924fb31" "container-server 97264" 0.0030 "-" 96967 0
Nov 24 19:41:21 np0005534223.novalocal container-server[97263]: ::1 - - [25/Nov/2025:00:41:21 +0000] "PUT /1/43587/AUTH_34047920d4864ad78d85d02365686cf8/gnocchi.5fd8c526-d20a-401f-9b90-66a921c0b5aa" 201 - "PUT http://[::1]:8080/v1/AUTH_34047920d4864ad78d85d02365686cf8/gnocchi.5fd8c526-d20a-401f-9b90-66a921c0b5aa" "tx07a3b74d39a74206821f9-006924fb31" "proxy-server 90339" 0.0200 "-" 97263 0
Nov 24 19:41:21 np0005534223.novalocal container-server[97264]: ::1 - - [25/Nov/2025:00:41:21 +0000] "PUT /3/43587/AUTH_34047920d4864ad78d85d02365686cf8/gnocchi.5fd8c526-d20a-401f-9b90-66a921c0b5aa" 201 - "PUT http://[::1]:8080/v1/AUTH_34047920d4864ad78d85d02365686cf8/gnocchi.5fd8c526-d20a-401f-9b90-66a921c0b5aa" "tx07a3b74d39a74206821f9-006924fb31" "proxy-server 90339" 0.0183 "-" 97264 0
Nov 24 19:41:21 np0005534223.novalocal proxy-server[90339]: ::1 ::1 25/Nov/2025/00/41/21 PUT /v1/AUTH_34047920d4864ad78d85d02365686cf8/gnocchi.5fd8c526-d20a-401f-9b90-66a921c0b5aa HTTP/1.0 201 - python-swiftclient-4.2.0 gAAAAABpJPsEg9N3... - - - tx07a3b74d39a74206821f9-006924fb31 - 0.0297 - - 1764031281.594020128 1764031281.623724461 0
Nov 24 19:41:21 np0005534223.novalocal object-server[97567]: ::1 - - [25/Nov/2025:00:41:21 +0000] "GET /1/199925/AUTH_34047920d4864ad78d85d02365686cf8/gnocchi.be0eb900-8eb9-44f0-a659-f6cd7b10f779/none_v3" 404 70 "GET http://[::1]:8080/v1/AUTH_34047920d4864ad78d85d02365686cf8/gnocchi.be0eb900-8eb9-44f0-a659-f6cd7b10f779/none_v3" "tx7fd438e6e8bb46d38696e-006924fb31" "proxy-server 90340" 0.0003 "-" 97567 0
Nov 24 19:41:21 np0005534223.novalocal object-server[97567]: ::1 - - [25/Nov/2025:00:41:21 +0000] "GET /3/199925/AUTH_34047920d4864ad78d85d02365686cf8/gnocchi.be0eb900-8eb9-44f0-a659-f6cd7b10f779/none_v3" 404 70 "GET http://[::1]:8080/v1/AUTH_34047920d4864ad78d85d02365686cf8/gnocchi.be0eb900-8eb9-44f0-a659-f6cd7b10f779/none_v3" "tx7fd438e6e8bb46d38696e-006924fb31" "proxy-server 90340" 0.0002 "-" 97567 0
Nov 24 19:41:21 np0005534223.novalocal object-server[97568]: ::1 - - [25/Nov/2025:00:41:21 +0000] "GET /2/199925/AUTH_34047920d4864ad78d85d02365686cf8/gnocchi.be0eb900-8eb9-44f0-a659-f6cd7b10f779/none_v3" 404 70 "GET http://[::1]:8080/v1/AUTH_34047920d4864ad78d85d02365686cf8/gnocchi.be0eb900-8eb9-44f0-a659-f6cd7b10f779/none_v3" "tx7fd438e6e8bb46d38696e-006924fb31" "proxy-server 90340" 0.0005 "-" 97568 0
Nov 24 19:41:21 np0005534223.novalocal proxy-server[90340]: ::1 ::1 25/Nov/2025/00/41/21 GET /v1/AUTH_34047920d4864ad78d85d02365686cf8/gnocchi.be0eb900-8eb9-44f0-a659-f6cd7b10f779/none_v3 HTTP/1.0 404 - python-swiftclient-4.2.0 gAAAAABpJPsEC1e4... - 70 - tx7fd438e6e8bb46d38696e-006924fb31 - 0.0343 - - 1764031281.597881556 1764031281.632151604 0
Nov 24 19:41:21 np0005534223.novalocal container-server[97262]: ::1 - - [25/Nov/2025:00:41:21 +0000] "HEAD /3/43587/AUTH_34047920d4864ad78d85d02365686cf8/gnocchi.5fd8c526-d20a-401f-9b90-66a921c0b5aa" 204 - "HEAD http://[::1]:8080/v1/AUTH_34047920d4864ad78d85d02365686cf8/gnocchi.5fd8c526-d20a-401f-9b90-66a921c0b5aa?format=json&states=listing" "tx646bb36b4fc14ef195572-006924fb31" "proxy-server 90339" 0.0023 "-" 97262 0
Nov 24 19:41:21 np0005534223.novalocal container-server[97264]: ::1 - - [25/Nov/2025:00:41:21 +0000] "GET /2/43587/AUTH_34047920d4864ad78d85d02365686cf8/gnocchi.5fd8c526-d20a-401f-9b90-66a921c0b5aa" 200 2 "GET http://[::1]:8080/v1/AUTH_34047920d4864ad78d85d02365686cf8/gnocchi.5fd8c526-d20a-401f-9b90-66a921c0b5aa?format=json&states=listing" "tx646bb36b4fc14ef195572-006924fb31" "proxy-server 90339" 0.0033 "-" 97264 0
Nov 24 19:41:21 np0005534223.novalocal proxy-server[90339]: ::1 ::1 25/Nov/2025/00/41/21 GET /v1/AUTH_34047920d4864ad78d85d02365686cf8/gnocchi.5fd8c526-d20a-401f-9b90-66a921c0b5aa%3Fformat%3Djson%26states%3Dlisting HTTP/1.0 200 - python-swiftclient-4.2.0 gAAAAABpJPsEg9N3... - 2 - tx646bb36b4fc14ef195572-006924fb31 - 0.0177 - - 1764031281.627657652 1764031281.645376682 0
Nov 24 19:41:21 np0005534223.novalocal account-server[96966]: ::1 - - [25/Nov/2025:00:41:21 +0000] "PUT /1/156101/AUTH_34047920d4864ad78d85d02365686cf8/gnocchi.be0eb900-8eb9-44f0-a659-f6cd7b10f779" 201 - "PUT http://[::1]:6001/3/51837/AUTH_34047920d4864ad78d85d02365686cf8/gnocchi.be0eb900-8eb9-44f0-a659-f6cd7b10f779" "tx9ca0157218f94c969a694-006924fb31" "container-server 97261" 0.0060 "-" 96966 0
Nov 24 19:41:21 np0005534223.novalocal object-server[97569]: ::1 - - [25/Nov/2025:00:41:21 +0000] "GET /3/145099/AUTH_34047920d4864ad78d85d02365686cf8/gnocchi.5fd8c526-d20a-401f-9b90-66a921c0b5aa/1763640000.0_mean_300.0_v3" 404 70 "GET http://[::1]:8080/v1/AUTH_34047920d4864ad78d85d02365686cf8/gnocchi.5fd8c526-d20a-401f-9b90-66a921c0b5aa/1763640000.0_mean_300.0_v3" "txa7834284fe8649ee9b32a-006924fb31" "proxy-server 90339" 0.0004 "-" 97569 0
Nov 24 19:41:21 np0005534223.novalocal container-server[97261]: ::1 - - [25/Nov/2025:00:41:21 +0000] "PUT /3/51837/AUTH_34047920d4864ad78d85d02365686cf8/gnocchi.be0eb900-8eb9-44f0-a659-f6cd7b10f779" 201 - "PUT http://[::1]:8080/v1/AUTH_34047920d4864ad78d85d02365686cf8/gnocchi.be0eb900-8eb9-44f0-a659-f6cd7b10f779" "tx9ca0157218f94c969a694-006924fb31" "proxy-server 90340" 0.0179 "-" 97261 0
Nov 24 19:41:21 np0005534223.novalocal account-server[96967]: ::1 - - [25/Nov/2025:00:41:21 +0000] "PUT /3/156101/AUTH_34047920d4864ad78d85d02365686cf8/gnocchi.be0eb900-8eb9-44f0-a659-f6cd7b10f779" 201 - "PUT http://[::1]:6001/2/51837/AUTH_34047920d4864ad78d85d02365686cf8/gnocchi.be0eb900-8eb9-44f0-a659-f6cd7b10f779" "tx9ca0157218f94c969a694-006924fb31" "container-server 97262" 0.0038 "-" 96967 0
Nov 24 19:41:21 np0005534223.novalocal object-server[97566]: ::1 - - [25/Nov/2025:00:41:21 +0000] "GET /2/145099/AUTH_34047920d4864ad78d85d02365686cf8/gnocchi.5fd8c526-d20a-401f-9b90-66a921c0b5aa/1763640000.0_mean_300.0_v3" 404 70 "GET http://[::1]:8080/v1/AUTH_34047920d4864ad78d85d02365686cf8/gnocchi.5fd8c526-d20a-401f-9b90-66a921c0b5aa/1763640000.0_mean_300.0_v3" "txa7834284fe8649ee9b32a-006924fb31" "proxy-server 90339" 0.0003 "-" 97566 0
Nov 24 19:41:21 np0005534223.novalocal container-server[97262]: ::1 - - [25/Nov/2025:00:41:21 +0000] "PUT /2/51837/AUTH_34047920d4864ad78d85d02365686cf8/gnocchi.be0eb900-8eb9-44f0-a659-f6cd7b10f779" 201 - "PUT http://[::1]:8080/v1/AUTH_34047920d4864ad78d85d02365686cf8/gnocchi.be0eb900-8eb9-44f0-a659-f6cd7b10f779" "tx9ca0157218f94c969a694-006924fb31" "proxy-server 90340" 0.0204 "-" 97262 0
Nov 24 19:41:21 np0005534223.novalocal object-server[97569]: ::1 - - [25/Nov/2025:00:41:21 +0000] "GET /1/145099/AUTH_34047920d4864ad78d85d02365686cf8/gnocchi.5fd8c526-d20a-401f-9b90-66a921c0b5aa/1763640000.0_mean_300.0_v3" 404 70 "GET http://[::1]:8080/v1/AUTH_34047920d4864ad78d85d02365686cf8/gnocchi.5fd8c526-d20a-401f-9b90-66a921c0b5aa/1763640000.0_mean_300.0_v3" "txa7834284fe8649ee9b32a-006924fb31" "proxy-server 90339" 0.0003 "-" 97569 0
Nov 24 19:41:21 np0005534223.novalocal account-server[96967]: ::1 - - [25/Nov/2025:00:41:21 +0000] "PUT /2/156101/AUTH_34047920d4864ad78d85d02365686cf8/gnocchi.be0eb900-8eb9-44f0-a659-f6cd7b10f779" 201 - "PUT http://[::1]:6001/1/51837/AUTH_34047920d4864ad78d85d02365686cf8/gnocchi.be0eb900-8eb9-44f0-a659-f6cd7b10f779" "tx9ca0157218f94c969a694-006924fb31" "container-server 97264" 0.0038 "-" 96967 0
Nov 24 19:41:21 np0005534223.novalocal proxy-server[90339]: ::1 ::1 25/Nov/2025/00/41/21 GET /v1/AUTH_34047920d4864ad78d85d02365686cf8/gnocchi.5fd8c526-d20a-401f-9b90-66a921c0b5aa/1763640000.0_mean_300.0_v3 HTTP/1.0 404 - python-swiftclient-4.2.0 gAAAAABpJPsEg9N3... - 70 - txa7834284fe8649ee9b32a-006924fb31 - 0.0162 - - 1764031281.648824215 1764031281.665039062 0
Nov 24 19:41:21 np0005534223.novalocal container-server[97264]: ::1 - - [25/Nov/2025:00:41:21 +0000] "PUT /1/51837/AUTH_34047920d4864ad78d85d02365686cf8/gnocchi.be0eb900-8eb9-44f0-a659-f6cd7b10f779" 201 - "PUT http://[::1]:8080/v1/AUTH_34047920d4864ad78d85d02365686cf8/gnocchi.be0eb900-8eb9-44f0-a659-f6cd7b10f779" "tx9ca0157218f94c969a694-006924fb31" "proxy-server 90340" 0.0217 "-" 97264 0
Nov 24 19:41:21 np0005534223.novalocal proxy-server[90340]: ::1 ::1 25/Nov/2025/00/41/21 PUT /v1/AUTH_34047920d4864ad78d85d02365686cf8/gnocchi.be0eb900-8eb9-44f0-a659-f6cd7b10f779 HTTP/1.0 201 - python-swiftclient-4.2.0 gAAAAABpJPsEC1e4... - - - tx9ca0157218f94c969a694-006924fb31 - 0.0337 - - 1764031281.634119987 1764031281.667804241 0
Nov 24 19:41:21 np0005534223.novalocal container-server[97262]: ::1 - - [25/Nov/2025:00:41:21 +0000] "HEAD /1/51837/AUTH_34047920d4864ad78d85d02365686cf8/gnocchi.be0eb900-8eb9-44f0-a659-f6cd7b10f779" 204 - "HEAD http://[::1]:8080/v1/AUTH_34047920d4864ad78d85d02365686cf8/gnocchi.be0eb900-8eb9-44f0-a659-f6cd7b10f779?format=json&states=listing" "tx6aa28d13f8754b2eae5a1-006924fb31" "proxy-server 90340" 0.0016 "-" 97262 0
Nov 24 19:41:21 np0005534223.novalocal container-server[97264]: ::1 - - [25/Nov/2025:00:41:21 +0000] "GET /3/51837/AUTH_34047920d4864ad78d85d02365686cf8/gnocchi.be0eb900-8eb9-44f0-a659-f6cd7b10f779" 200 2 "GET http://[::1]:8080/v1/AUTH_34047920d4864ad78d85d02365686cf8/gnocchi.be0eb900-8eb9-44f0-a659-f6cd7b10f779?format=json&states=listing" "tx6aa28d13f8754b2eae5a1-006924fb31" "proxy-server 90340" 0.0035 "-" 97264 0
Nov 24 19:41:21 np0005534223.novalocal proxy-server[90340]: ::1 ::1 25/Nov/2025/00/41/21 GET /v1/AUTH_34047920d4864ad78d85d02365686cf8/gnocchi.be0eb900-8eb9-44f0-a659-f6cd7b10f779%3Fformat%3Djson%26states%3Dlisting HTTP/1.0 200 - python-swiftclient-4.2.0 gAAAAABpJPsEC1e4... - 2 - tx6aa28d13f8754b2eae5a1-006924fb31 - 0.0142 - - 1764031281.671756506 1764031281.685911179 0
Nov 24 19:41:21 np0005534223.novalocal container-server[97264]: ::1 - - [25/Nov/2025:00:41:21 +0000] "PUT /2/43587/AUTH_34047920d4864ad78d85d02365686cf8/gnocchi.5fd8c526-d20a-401f-9b90-66a921c0b5aa/1763640000.0_mean_300.0_v3" 201 - "PUT http://[::1]:8080/3/145099/AUTH_34047920d4864ad78d85d02365686cf8/gnocchi.5fd8c526-d20a-401f-9b90-66a921c0b5aa/1763640000.0_mean_300.0_v3" "tx4a38e04ab7ec4e1584e33-006924fb31" "object-server 97566" 0.0006 "-" 97264 0
Nov 24 19:41:21 np0005534223.novalocal object-server[97566]: ::1 - - [25/Nov/2025:00:41:21 +0000] "PUT /3/145099/AUTH_34047920d4864ad78d85d02365686cf8/gnocchi.5fd8c526-d20a-401f-9b90-66a921c0b5aa/1763640000.0_mean_300.0_v3" 201 - "PUT http://[::1]:8080/v1/AUTH_34047920d4864ad78d85d02365686cf8/gnocchi.5fd8c526-d20a-401f-9b90-66a921c0b5aa/1763640000.0_mean_300.0_v3" "tx4a38e04ab7ec4e1584e33-006924fb31" "proxy-server 90339" 0.0134 "-" 97566 0
Nov 24 19:41:21 np0005534223.novalocal container-server[97262]: ::1 - - [25/Nov/2025:00:41:21 +0000] "PUT /1/43587/AUTH_34047920d4864ad78d85d02365686cf8/gnocchi.5fd8c526-d20a-401f-9b90-66a921c0b5aa/1763640000.0_mean_300.0_v3" 201 - "PUT http://[::1]:8080/1/145099/AUTH_34047920d4864ad78d85d02365686cf8/gnocchi.5fd8c526-d20a-401f-9b90-66a921c0b5aa/1763640000.0_mean_300.0_v3" "tx4a38e04ab7ec4e1584e33-006924fb31" "object-server 97566" 0.0007 "-" 97262 0
Nov 24 19:41:21 np0005534223.novalocal object-server[97566]: ::1 - - [25/Nov/2025:00:41:21 +0000] "PUT /1/145099/AUTH_34047920d4864ad78d85d02365686cf8/gnocchi.5fd8c526-d20a-401f-9b90-66a921c0b5aa/1763640000.0_mean_300.0_v3" 201 - "PUT http://[::1]:8080/v1/AUTH_34047920d4864ad78d85d02365686cf8/gnocchi.5fd8c526-d20a-401f-9b90-66a921c0b5aa/1763640000.0_mean_300.0_v3" "tx4a38e04ab7ec4e1584e33-006924fb31" "proxy-server 90339" 0.0131 "-" 97566 0
Nov 24 19:41:21 np0005534223.novalocal container-server[97264]: ::1 - - [25/Nov/2025:00:41:21 +0000] "PUT /3/43587/AUTH_34047920d4864ad78d85d02365686cf8/gnocchi.5fd8c526-d20a-401f-9b90-66a921c0b5aa/1763640000.0_mean_300.0_v3" 201 - "PUT http://[::1]:8080/2/145099/AUTH_34047920d4864ad78d85d02365686cf8/gnocchi.5fd8c526-d20a-401f-9b90-66a921c0b5aa/1763640000.0_mean_300.0_v3" "tx4a38e04ab7ec4e1584e33-006924fb31" "object-server 97567" 0.0006 "-" 97264 0
Nov 24 19:41:21 np0005534223.novalocal object-server[97566]: ::1 - - [25/Nov/2025:00:41:21 +0000] "GET /2/170712/AUTH_34047920d4864ad78d85d02365686cf8/gnocchi.be0eb900-8eb9-44f0-a659-f6cd7b10f779/1763640000.0_mean_300.0_v3" 404 70 "GET http://[::1]:8080/v1/AUTH_34047920d4864ad78d85d02365686cf8/gnocchi.be0eb900-8eb9-44f0-a659-f6cd7b10f779/1763640000.0_mean_300.0_v3" "txccea33d11d0e4ecda0015-006924fb31" "proxy-server 90340" 0.0002 "-" 97566 0
Nov 24 19:41:21 np0005534223.novalocal object-server[97567]: ::1 - - [25/Nov/2025:00:41:21 +0000] "PUT /2/145099/AUTH_34047920d4864ad78d85d02365686cf8/gnocchi.5fd8c526-d20a-401f-9b90-66a921c0b5aa/1763640000.0_mean_300.0_v3" 201 - "PUT http://[::1]:8080/v1/AUTH_34047920d4864ad78d85d02365686cf8/gnocchi.5fd8c526-d20a-401f-9b90-66a921c0b5aa/1763640000.0_mean_300.0_v3" "tx4a38e04ab7ec4e1584e33-006924fb31" "proxy-server 90339" 0.0181 "-" 97567 0
Nov 24 19:41:21 np0005534223.novalocal proxy-server[90339]: ::1 ::1 25/Nov/2025/00/41/21 PUT /v1/AUTH_34047920d4864ad78d85d02365686cf8/gnocchi.5fd8c526-d20a-401f-9b90-66a921c0b5aa/1763640000.0_mean_300.0_v3 HTTP/1.0 201 - python-swiftclient-4.2.0 gAAAAABpJPsEg9N3... 16 - - tx4a38e04ab7ec4e1584e33-006924fb31 - 0.0276 - - 1764031281.667940140 1764031281.695508480 0
Nov 24 19:41:21 np0005534223.novalocal object-server[97568]: ::1 - - [25/Nov/2025:00:41:21 +0000] "GET /1/170712/AUTH_34047920d4864ad78d85d02365686cf8/gnocchi.be0eb900-8eb9-44f0-a659-f6cd7b10f779/1763640000.0_mean_300.0_v3" 404 70 "GET http://[::1]:8080/v1/AUTH_34047920d4864ad78d85d02365686cf8/gnocchi.be0eb900-8eb9-44f0-a659-f6cd7b10f779/1763640000.0_mean_300.0_v3" "txccea33d11d0e4ecda0015-006924fb31" "proxy-server 90340" 0.0003 "-" 97568 0
Nov 24 19:41:21 np0005534223.novalocal object-server[97568]: ::1 - - [25/Nov/2025:00:41:21 +0000] "GET /3/170712/AUTH_34047920d4864ad78d85d02365686cf8/gnocchi.be0eb900-8eb9-44f0-a659-f6cd7b10f779/1763640000.0_mean_300.0_v3" 404 70 "GET http://[::1]:8080/v1/AUTH_34047920d4864ad78d85d02365686cf8/gnocchi.be0eb900-8eb9-44f0-a659-f6cd7b10f779/1763640000.0_mean_300.0_v3" "txccea33d11d0e4ecda0015-006924fb31" "proxy-server 90340" 0.0002 "-" 97568 0
Nov 24 19:41:21 np0005534223.novalocal proxy-server[90340]: ::1 ::1 25/Nov/2025/00/41/21 GET /v1/AUTH_34047920d4864ad78d85d02365686cf8/gnocchi.be0eb900-8eb9-44f0-a659-f6cd7b10f779/1763640000.0_mean_300.0_v3 HTTP/1.0 404 - python-swiftclient-4.2.0 gAAAAABpJPsEC1e4... - 70 - txccea33d11d0e4ecda0015-006924fb31 - 0.0112 - - 1764031281.690814972 1764031281.701995611 0
Nov 24 19:41:21 np0005534223.novalocal container-server[97264]: ::1 - - [25/Nov/2025:00:41:21 +0000] "PUT /1/43587/AUTH_34047920d4864ad78d85d02365686cf8/gnocchi.5fd8c526-d20a-401f-9b90-66a921c0b5aa/none_v3" 201 - "PUT http://[::1]:8080/1/122822/AUTH_34047920d4864ad78d85d02365686cf8/gnocchi.5fd8c526-d20a-401f-9b90-66a921c0b5aa/none_v3" "txc01976180b174eeba8a54-006924fb31" "object-server 97568" 0.0006 "-" 97264 0
Nov 24 19:41:21 np0005534223.novalocal object-server[97568]: ::1 - - [25/Nov/2025:00:41:21 +0000] "PUT /1/122822/AUTH_34047920d4864ad78d85d02365686cf8/gnocchi.5fd8c526-d20a-401f-9b90-66a921c0b5aa/none_v3" 201 - "PUT http://[::1]:8080/v1/AUTH_34047920d4864ad78d85d02365686cf8/gnocchi.5fd8c526-d20a-401f-9b90-66a921c0b5aa/none_v3" "txc01976180b174eeba8a54-006924fb31" "proxy-server 90339" 0.0111 "-" 97568 0
Nov 24 19:41:21 np0005534223.novalocal container-server[97262]: ::1 - - [25/Nov/2025:00:41:21 +0000] "PUT /2/43587/AUTH_34047920d4864ad78d85d02365686cf8/gnocchi.5fd8c526-d20a-401f-9b90-66a921c0b5aa/none_v3" 201 - "PUT http://[::1]:8080/3/122822/AUTH_34047920d4864ad78d85d02365686cf8/gnocchi.5fd8c526-d20a-401f-9b90-66a921c0b5aa/none_v3" "txc01976180b174eeba8a54-006924fb31" "object-server 97569" 0.0006 "-" 97262 0
Nov 24 19:41:21 np0005534223.novalocal object-server[97569]: ::1 - - [25/Nov/2025:00:41:21 +0000] "PUT /3/122822/AUTH_34047920d4864ad78d85d02365686cf8/gnocchi.5fd8c526-d20a-401f-9b90-66a921c0b5aa/none_v3" 201 - "PUT http://[::1]:8080/v1/AUTH_34047920d4864ad78d85d02365686cf8/gnocchi.5fd8c526-d20a-401f-9b90-66a921c0b5aa/none_v3" "txc01976180b174eeba8a54-006924fb31" "proxy-server 90339" 0.0133 "-" 97569 0
Nov 24 19:41:21 np0005534223.novalocal container-server[97261]: ::1 - - [25/Nov/2025:00:41:21 +0000] "PUT /3/43587/AUTH_34047920d4864ad78d85d02365686cf8/gnocchi.5fd8c526-d20a-401f-9b90-66a921c0b5aa/none_v3" 201 - "PUT http://[::1]:8080/2/122822/AUTH_34047920d4864ad78d85d02365686cf8/gnocchi.5fd8c526-d20a-401f-9b90-66a921c0b5aa/none_v3" "txc01976180b174eeba8a54-006924fb31" "object-server 97569" 0.0007 "-" 97261 0
Nov 24 19:41:21 np0005534223.novalocal object-server[97569]: ::1 - - [25/Nov/2025:00:41:21 +0000] "PUT /2/122822/AUTH_34047920d4864ad78d85d02365686cf8/gnocchi.5fd8c526-d20a-401f-9b90-66a921c0b5aa/none_v3" 201 - "PUT http://[::1]:8080/v1/AUTH_34047920d4864ad78d85d02365686cf8/gnocchi.5fd8c526-d20a-401f-9b90-66a921c0b5aa/none_v3" "txc01976180b174eeba8a54-006924fb31" "proxy-server 90339" 0.0182 "-" 97569 0
Nov 24 19:41:21 np0005534223.novalocal proxy-server[90339]: ::1 ::1 25/Nov/2025/00/41/21 PUT /v1/AUTH_34047920d4864ad78d85d02365686cf8/gnocchi.5fd8c526-d20a-401f-9b90-66a921c0b5aa/none_v3 HTTP/1.0 201 - python-swiftclient-4.2.0 gAAAAABpJPsEg9N3... 22 - - txc01976180b174eeba8a54-006924fb31 - 0.0248 - - 1764031281.698593140 1764031281.723433733 0
Nov 24 19:41:21 np0005534223.novalocal container-server[97262]: ::1 - - [25/Nov/2025:00:41:21 +0000] "PUT /3/51837/AUTH_34047920d4864ad78d85d02365686cf8/gnocchi.be0eb900-8eb9-44f0-a659-f6cd7b10f779/1763640000.0_mean_300.0_v3" 201 - "PUT http://[::1]:8080/2/170712/AUTH_34047920d4864ad78d85d02365686cf8/gnocchi.be0eb900-8eb9-44f0-a659-f6cd7b10f779/1763640000.0_mean_300.0_v3" "tx20d31eba67214e858376b-006924fb31" "object-server 97568" 0.0013 "-" 97262 0
Nov 24 19:41:21 np0005534223.novalocal container-server[97263]: ::1 - - [25/Nov/2025:00:41:21 +0000] "PUT /1/51837/AUTH_34047920d4864ad78d85d02365686cf8/gnocchi.be0eb900-8eb9-44f0-a659-f6cd7b10f779/1763640000.0_mean_300.0_v3" 201 - "PUT http://[::1]:8080/3/170712/AUTH_34047920d4864ad78d85d02365686cf8/gnocchi.be0eb900-8eb9-44f0-a659-f6cd7b10f779/1763640000.0_mean_300.0_v3" "tx20d31eba67214e858376b-006924fb31" "object-server 97566" 0.0006 "-" 97263 0
Nov 24 19:41:21 np0005534223.novalocal object-server[97568]: ::1 - - [25/Nov/2025:00:41:21 +0000] "PUT /2/170712/AUTH_34047920d4864ad78d85d02365686cf8/gnocchi.be0eb900-8eb9-44f0-a659-f6cd7b10f779/1763640000.0_mean_300.0_v3" 201 - "PUT http://[::1]:8080/v1/AUTH_34047920d4864ad78d85d02365686cf8/gnocchi.be0eb900-8eb9-44f0-a659-f6cd7b10f779/1763640000.0_mean_300.0_v3" "tx20d31eba67214e858376b-006924fb31" "proxy-server 90340" 0.0090 "-" 97568 0
Nov 24 19:41:21 np0005534223.novalocal object-server[97566]: ::1 - - [25/Nov/2025:00:41:21 +0000] "PUT /3/170712/AUTH_34047920d4864ad78d85d02365686cf8/gnocchi.be0eb900-8eb9-44f0-a659-f6cd7b10f779/1763640000.0_mean_300.0_v3" 201 - "PUT http://[::1]:8080/v1/AUTH_34047920d4864ad78d85d02365686cf8/gnocchi.be0eb900-8eb9-44f0-a659-f6cd7b10f779/1763640000.0_mean_300.0_v3" "tx20d31eba67214e858376b-006924fb31" "proxy-server 90340" 0.0091 "-" 97566 0
Nov 24 19:41:21 np0005534223.novalocal container-server[97263]: ::1 - - [25/Nov/2025:00:41:21 +0000] "PUT /2/51837/AUTH_34047920d4864ad78d85d02365686cf8/gnocchi.be0eb900-8eb9-44f0-a659-f6cd7b10f779/1763640000.0_mean_300.0_v3" 201 - "PUT http://[::1]:8080/1/170712/AUTH_34047920d4864ad78d85d02365686cf8/gnocchi.be0eb900-8eb9-44f0-a659-f6cd7b10f779/1763640000.0_mean_300.0_v3" "tx20d31eba67214e858376b-006924fb31" "object-server 97569" 0.0005 "-" 97263 0
Nov 24 19:41:21 np0005534223.novalocal object-server[97569]: ::1 - - [25/Nov/2025:00:41:21 +0000] "PUT /1/170712/AUTH_34047920d4864ad78d85d02365686cf8/gnocchi.be0eb900-8eb9-44f0-a659-f6cd7b10f779/1763640000.0_mean_300.0_v3" 201 - "PUT http://[::1]:8080/v1/AUTH_34047920d4864ad78d85d02365686cf8/gnocchi.be0eb900-8eb9-44f0-a659-f6cd7b10f779/1763640000.0_mean_300.0_v3" "tx20d31eba67214e858376b-006924fb31" "proxy-server 90340" 0.0109 "-" 97569 0
Nov 24 19:41:21 np0005534223.novalocal proxy-server[90340]: ::1 ::1 25/Nov/2025/00/41/21 PUT /v1/AUTH_34047920d4864ad78d85d02365686cf8/gnocchi.be0eb900-8eb9-44f0-a659-f6cd7b10f779/1763640000.0_mean_300.0_v3 HTTP/1.0 201 - python-swiftclient-4.2.0 gAAAAABpJPsEC1e4... 16 - - tx20d31eba67214e858376b-006924fb31 - 0.0219 - - 1764031281.707151651 1764031281.729005098 0
Nov 24 19:41:21 np0005534223.novalocal container-server[97264]: ::1 - - [25/Nov/2025:00:41:21 +0000] "HEAD /3/28246/AUTH_34047920d4864ad78d85d02365686cf8/gnocchi.01e77565-b5b7-455d-89e3-f77a03166d52" 404 - "HEAD http://[::1]:8080/v1/AUTH_34047920d4864ad78d85d02365686cf8/gnocchi.01e77565-b5b7-455d-89e3-f77a03166d52?format=json&states=listing" "txb19a0ce183a54e88b2fbe-006924fb31" "proxy-server 90339" 0.0005 "-" 97264 0
Nov 24 19:41:21 np0005534223.novalocal container-server[97263]: ::1 - - [25/Nov/2025:00:41:21 +0000] "HEAD /1/28246/AUTH_34047920d4864ad78d85d02365686cf8/gnocchi.01e77565-b5b7-455d-89e3-f77a03166d52" 404 - "HEAD http://[::1]:8080/v1/AUTH_34047920d4864ad78d85d02365686cf8/gnocchi.01e77565-b5b7-455d-89e3-f77a03166d52?format=json&states=listing" "txb19a0ce183a54e88b2fbe-006924fb31" "proxy-server 90339" 0.0004 "-" 97263 0
Nov 24 19:41:21 np0005534223.novalocal container-server[97262]: ::1 - - [25/Nov/2025:00:41:21 +0000] "HEAD /2/28246/AUTH_34047920d4864ad78d85d02365686cf8/gnocchi.01e77565-b5b7-455d-89e3-f77a03166d52" 404 - "HEAD http://[::1]:8080/v1/AUTH_34047920d4864ad78d85d02365686cf8/gnocchi.01e77565-b5b7-455d-89e3-f77a03166d52?format=json&states=listing" "txb19a0ce183a54e88b2fbe-006924fb31" "proxy-server 90339" 0.0004 "-" 97262 0
Nov 24 19:41:21 np0005534223.novalocal container-server[97262]: ::1 - - [25/Nov/2025:00:41:21 +0000] "PUT /2/51837/AUTH_34047920d4864ad78d85d02365686cf8/gnocchi.be0eb900-8eb9-44f0-a659-f6cd7b10f779/none_v3" 201 - "PUT http://[::1]:8080/2/199925/AUTH_34047920d4864ad78d85d02365686cf8/gnocchi.be0eb900-8eb9-44f0-a659-f6cd7b10f779/none_v3" "tx809c63d90d024811aef2f-006924fb31" "object-server 97568" 0.0003 "-" 97262 0
Nov 24 19:41:21 np0005534223.novalocal object-server[97568]: ::1 - - [25/Nov/2025:00:41:21 +0000] "PUT /2/199925/AUTH_34047920d4864ad78d85d02365686cf8/gnocchi.be0eb900-8eb9-44f0-a659-f6cd7b10f779/none_v3" 201 - "PUT http://[::1]:8080/v1/AUTH_34047920d4864ad78d85d02365686cf8/gnocchi.be0eb900-8eb9-44f0-a659-f6cd7b10f779/none_v3" "tx809c63d90d024811aef2f-006924fb31" "proxy-server 90340" 0.0109 "-" 97568 0
Nov 24 19:41:21 np0005534223.novalocal container-server[97264]: ::1 - - [25/Nov/2025:00:41:21 +0000] "PUT /3/51837/AUTH_34047920d4864ad78d85d02365686cf8/gnocchi.be0eb900-8eb9-44f0-a659-f6cd7b10f779/none_v3" 201 - "PUT http://[::1]:8080/3/199925/AUTH_34047920d4864ad78d85d02365686cf8/gnocchi.be0eb900-8eb9-44f0-a659-f6cd7b10f779/none_v3" "tx809c63d90d024811aef2f-006924fb31" "object-server 97567" 0.0005 "-" 97264 0
Nov 24 19:41:21 np0005534223.novalocal container-server[97264]: ::1 - - [25/Nov/2025:00:41:21 +0000] "PUT /1/51837/AUTH_34047920d4864ad78d85d02365686cf8/gnocchi.be0eb900-8eb9-44f0-a659-f6cd7b10f779/none_v3" 201 - "PUT http://[::1]:8080/1/199925/AUTH_34047920d4864ad78d85d02365686cf8/gnocchi.be0eb900-8eb9-44f0-a659-f6cd7b10f779/none_v3" "tx809c63d90d024811aef2f-006924fb31" "object-server 97569" 0.0005 "-" 97264 0
Nov 24 19:41:21 np0005534223.novalocal object-server[97567]: ::1 - - [25/Nov/2025:00:41:21 +0000] "GET /1/69568/AUTH_34047920d4864ad78d85d02365686cf8/gnocchi.01e77565-b5b7-455d-89e3-f77a03166d52/none_v3" 404 70 "GET http://[::1]:8080/v1/AUTH_34047920d4864ad78d85d02365686cf8/gnocchi.01e77565-b5b7-455d-89e3-f77a03166d52/none_v3" "txb19a0ce183a54e88b2fbe-006924fb31" "proxy-server 90339" 0.0004 "-" 97567 0
Nov 24 19:41:21 np0005534223.novalocal object-server[97569]: ::1 - - [25/Nov/2025:00:41:21 +0000] "PUT /1/199925/AUTH_34047920d4864ad78d85d02365686cf8/gnocchi.be0eb900-8eb9-44f0-a659-f6cd7b10f779/none_v3" 201 - "PUT http://[::1]:8080/v1/AUTH_34047920d4864ad78d85d02365686cf8/gnocchi.be0eb900-8eb9-44f0-a659-f6cd7b10f779/none_v3" "tx809c63d90d024811aef2f-006924fb31" "proxy-server 90340" 0.0134 "-" 97569 0
Nov 24 19:41:21 np0005534223.novalocal object-server[97567]: ::1 - - [25/Nov/2025:00:41:21 +0000] "PUT /3/199925/AUTH_34047920d4864ad78d85d02365686cf8/gnocchi.be0eb900-8eb9-44f0-a659-f6cd7b10f779/none_v3" 201 - "PUT http://[::1]:8080/v1/AUTH_34047920d4864ad78d85d02365686cf8/gnocchi.be0eb900-8eb9-44f0-a659-f6cd7b10f779/none_v3" "tx809c63d90d024811aef2f-006924fb31" "proxy-server 90340" 0.0144 "-" 97567 0
Nov 24 19:41:21 np0005534223.novalocal proxy-server[90340]: ::1 ::1 25/Nov/2025/00/41/21 PUT /v1/AUTH_34047920d4864ad78d85d02365686cf8/gnocchi.be0eb900-8eb9-44f0-a659-f6cd7b10f779/none_v3 HTTP/1.0 201 - python-swiftclient-4.2.0 gAAAAABpJPsEC1e4... 22 - - tx809c63d90d024811aef2f-006924fb31 - 0.0243 - - 1764031281.731809378 1764031281.756146193 0
Nov 24 19:41:21 np0005534223.novalocal object-server[97567]: ::1 - - [25/Nov/2025:00:41:21 +0000] "GET /2/69568/AUTH_34047920d4864ad78d85d02365686cf8/gnocchi.01e77565-b5b7-455d-89e3-f77a03166d52/none_v3" 404 70 "GET http://[::1]:8080/v1/AUTH_34047920d4864ad78d85d02365686cf8/gnocchi.01e77565-b5b7-455d-89e3-f77a03166d52/none_v3" "txb19a0ce183a54e88b2fbe-006924fb31" "proxy-server 90339" 0.0003 "-" 97567 0
Nov 24 19:41:21 np0005534223.novalocal object-server[97568]: ::1 - - [25/Nov/2025:00:41:21 +0000] "GET /3/69568/AUTH_34047920d4864ad78d85d02365686cf8/gnocchi.01e77565-b5b7-455d-89e3-f77a03166d52/none_v3" 404 70 "GET http://[::1]:8080/v1/AUTH_34047920d4864ad78d85d02365686cf8/gnocchi.01e77565-b5b7-455d-89e3-f77a03166d52/none_v3" "txb19a0ce183a54e88b2fbe-006924fb31" "proxy-server 90339" 0.0003 "-" 97568 0
Nov 24 19:41:21 np0005534223.novalocal proxy-server[90339]: ::1 ::1 25/Nov/2025/00/41/21 GET /v1/AUTH_34047920d4864ad78d85d02365686cf8/gnocchi.01e77565-b5b7-455d-89e3-f77a03166d52/none_v3 HTTP/1.0 404 - python-swiftclient-4.2.0 gAAAAABpJPsEg9N3... - 70 - txb19a0ce183a54e88b2fbe-006924fb31 - 0.0227 - - 1764031281.737103939 1764031281.759834528 0
Nov 24 19:41:21 np0005534223.novalocal container-server[97263]: ::1 - - [25/Nov/2025:00:41:21 +0000] "HEAD /2/115937/AUTH_34047920d4864ad78d85d02365686cf8/gnocchi.cb76b526-75b5-4db4-b68f-ab074816ecc2" 404 - "HEAD http://[::1]:8080/v1/AUTH_34047920d4864ad78d85d02365686cf8/gnocchi.cb76b526-75b5-4db4-b68f-ab074816ecc2?format=json&states=listing" "tx6410a053700540038432e-006924fb31" "proxy-server 90340" 0.0004 "-" 97263 0
Nov 24 19:41:21 np0005534223.novalocal account-server[96966]: ::1 - - [25/Nov/2025:00:41:21 +0000] "PUT /1/156101/AUTH_34047920d4864ad78d85d02365686cf8/gnocchi.01e77565-b5b7-455d-89e3-f77a03166d52" 201 - "PUT http://[::1]:6001/1/28246/AUTH_34047920d4864ad78d85d02365686cf8/gnocchi.01e77565-b5b7-455d-89e3-f77a03166d52" "txd958112cd2344d06846dd-006924fb31" "container-server 97262" 0.0056 "-" 96966 0
Nov 24 19:41:21 np0005534223.novalocal account-server[96968]: ::1 - - [25/Nov/2025:00:41:21 +0000] "PUT /3/156101/AUTH_34047920d4864ad78d85d02365686cf8/gnocchi.01e77565-b5b7-455d-89e3-f77a03166d52" 201 - "PUT http://[::1]:6001/2/28246/AUTH_34047920d4864ad78d85d02365686cf8/gnocchi.01e77565-b5b7-455d-89e3-f77a03166d52" "txd958112cd2344d06846dd-006924fb31" "container-server 97264" 0.0033 "-" 96968 0
