Nov 24 19:41:22 np0005534223.novalocal object-server[97567]: ::1 - - [25/Nov/2025:00:41:22 +0000] "PUT /3/99393/AUTH_34047920d4864ad78d85d02365686cf8/gnocchi.b079f8ec-6ff2-4f35-a514-dd311aadd683/none_v3" 201 - "PUT http://[::1]:8080/v1/AUTH_34047920d4864ad78d85d02365686cf8/gnocchi.b079f8ec-6ff2-4f35-a514-dd311aadd683/none_v3" "txecca341cd4f24c2b8fdbe-006924fb32" "proxy-server 90339" 0.0280 "-" 97567 0
Nov 24 19:41:22 np0005534223.novalocal proxy-server[90339]: ::1 ::1 25/Nov/2025/00/41/22 PUT /v1/AUTH_34047920d4864ad78d85d02365686cf8/gnocchi.b079f8ec-6ff2-4f35-a514-dd311aadd683/none_v3 HTTP/1.0 201 - python-swiftclient-4.2.0 gAAAAABpJPsEg9N3... 22 - - txecca341cd4f24c2b8fdbe-006924fb32 - 0.0339 - - 1764031282.084806681 1764031282.118693590 0
Nov 24 19:41:22 np0005534223.novalocal container-server[97262]: ::1 - - [25/Nov/2025:00:41:22 +0000] "HEAD /2/179211/AUTH_34047920d4864ad78d85d02365686cf8/gnocchi.e72de912-a7b7-46c0-9651-d2fb1005328e" 404 - "HEAD http://[::1]:8080/v1/AUTH_34047920d4864ad78d85d02365686cf8/gnocchi.e72de912-a7b7-46c0-9651-d2fb1005328e?format=json&states=listing" "tx8a6334d4ba7c470ba5d85-006924fb32" "proxy-server 90339" 0.0007 "-" 97262 0
Nov 24 19:41:22 np0005534223.novalocal container-server[97264]: ::1 - - [25/Nov/2025:00:41:22 +0000] "PUT /3/99553/AUTH_34047920d4864ad78d85d02365686cf8/gnocchi.193497b5-50f4-4250-8ba0-5a4024aef5f7/none_v3" 201 - "PUT http://[::1]:8080/3/251927/AUTH_34047920d4864ad78d85d02365686cf8/gnocchi.193497b5-50f4-4250-8ba0-5a4024aef5f7/none_v3" "tx1124b49d2d774ccdbe7d6-006924fb32" "object-server 97566" 0.0005 "-" 97264 0
Nov 24 19:41:22 np0005534223.novalocal object-server[97566]: ::1 - - [25/Nov/2025:00:41:22 +0000] "PUT /3/251927/AUTH_34047920d4864ad78d85d02365686cf8/gnocchi.193497b5-50f4-4250-8ba0-5a4024aef5f7/none_v3" 201 - "PUT http://[::1]:8080/v1/AUTH_34047920d4864ad78d85d02365686cf8/gnocchi.193497b5-50f4-4250-8ba0-5a4024aef5f7/none_v3" "tx1124b49d2d774ccdbe7d6-006924fb32" "proxy-server 90340" 0.0147 "-" 97566 0
Nov 24 19:41:22 np0005534223.novalocal container-server[97264]: ::1 - - [25/Nov/2025:00:41:22 +0000] "HEAD /1/179211/AUTH_34047920d4864ad78d85d02365686cf8/gnocchi.e72de912-a7b7-46c0-9651-d2fb1005328e" 404 - "HEAD http://[::1]:8080/v1/AUTH_34047920d4864ad78d85d02365686cf8/gnocchi.e72de912-a7b7-46c0-9651-d2fb1005328e?format=json&states=listing" "tx8a6334d4ba7c470ba5d85-006924fb32" "proxy-server 90339" 0.0002 "-" 97264 0
Nov 24 19:41:22 np0005534223.novalocal container-server[97262]: ::1 - - [25/Nov/2025:00:41:22 +0000] "PUT /2/99553/AUTH_34047920d4864ad78d85d02365686cf8/gnocchi.193497b5-50f4-4250-8ba0-5a4024aef5f7/none_v3" 201 - "PUT http://[::1]:8080/2/251927/AUTH_34047920d4864ad78d85d02365686cf8/gnocchi.193497b5-50f4-4250-8ba0-5a4024aef5f7/none_v3" "tx1124b49d2d774ccdbe7d6-006924fb32" "object-server 97568" 0.0006 "-" 97262 0
Nov 24 19:41:22 np0005534223.novalocal object-server[97568]: ::1 - - [25/Nov/2025:00:41:22 +0000] "PUT /2/251927/AUTH_34047920d4864ad78d85d02365686cf8/gnocchi.193497b5-50f4-4250-8ba0-5a4024aef5f7/none_v3" 201 - "PUT http://[::1]:8080/v1/AUTH_34047920d4864ad78d85d02365686cf8/gnocchi.193497b5-50f4-4250-8ba0-5a4024aef5f7/none_v3" "tx1124b49d2d774ccdbe7d6-006924fb32" "proxy-server 90340" 0.0161 "-" 97568 0
Nov 24 19:41:22 np0005534223.novalocal container-server[97262]: ::1 - - [25/Nov/2025:00:41:22 +0000] "PUT /1/99553/AUTH_34047920d4864ad78d85d02365686cf8/gnocchi.193497b5-50f4-4250-8ba0-5a4024aef5f7/none_v3" 201 - "PUT http://[::1]:8080/1/251927/AUTH_34047920d4864ad78d85d02365686cf8/gnocchi.193497b5-50f4-4250-8ba0-5a4024aef5f7/none_v3" "tx1124b49d2d774ccdbe7d6-006924fb32" "object-server 97567" 0.0006 "-" 97262 0
Nov 24 19:41:22 np0005534223.novalocal object-server[97567]: ::1 - - [25/Nov/2025:00:41:22 +0000] "PUT /1/251927/AUTH_34047920d4864ad78d85d02365686cf8/gnocchi.193497b5-50f4-4250-8ba0-5a4024aef5f7/none_v3" 201 - "PUT http://[::1]:8080/v1/AUTH_34047920d4864ad78d85d02365686cf8/gnocchi.193497b5-50f4-4250-8ba0-5a4024aef5f7/none_v3" "tx1124b49d2d774ccdbe7d6-006924fb32" "proxy-server 90340" 0.0159 "-" 97567 0
Nov 24 19:41:22 np0005534223.novalocal container-server[97262]: ::1 - - [25/Nov/2025:00:41:22 +0000] "HEAD /3/179211/AUTH_34047920d4864ad78d85d02365686cf8/gnocchi.e72de912-a7b7-46c0-9651-d2fb1005328e" 404 - "HEAD http://[::1]:8080/v1/AUTH_34047920d4864ad78d85d02365686cf8/gnocchi.e72de912-a7b7-46c0-9651-d2fb1005328e?format=json&states=listing" "tx8a6334d4ba7c470ba5d85-006924fb32" "proxy-server 90339" 0.0004 "-" 97262 0
Nov 24 19:41:22 np0005534223.novalocal proxy-server[90340]: ::1 ::1 25/Nov/2025/00/41/22 PUT /v1/AUTH_34047920d4864ad78d85d02365686cf8/gnocchi.193497b5-50f4-4250-8ba0-5a4024aef5f7/none_v3 HTTP/1.0 201 - python-swiftclient-4.2.0 gAAAAABpJPsEC1e4... 22 - - tx1124b49d2d774ccdbe7d6-006924fb32 - 0.0303 - - 1764031282.118156195 1764031282.148503542 0
Nov 24 19:41:22 np0005534223.novalocal object-server[97569]: ::1 - - [25/Nov/2025:00:41:22 +0000] "GET /2/187155/AUTH_34047920d4864ad78d85d02365686cf8/gnocchi.e72de912-a7b7-46c0-9651-d2fb1005328e/none_v3" 404 70 "GET http://[::1]:8080/v1/AUTH_34047920d4864ad78d85d02365686cf8/gnocchi.e72de912-a7b7-46c0-9651-d2fb1005328e/none_v3" "tx8a6334d4ba7c470ba5d85-006924fb32" "proxy-server 90339" 0.0005 "-" 97569 0
Nov 24 19:41:22 np0005534223.novalocal object-server[97567]: ::1 - - [25/Nov/2025:00:41:22 +0000] "GET /1/187155/AUTH_34047920d4864ad78d85d02365686cf8/gnocchi.e72de912-a7b7-46c0-9651-d2fb1005328e/none_v3" 404 70 "GET http://[::1]:8080/v1/AUTH_34047920d4864ad78d85d02365686cf8/gnocchi.e72de912-a7b7-46c0-9651-d2fb1005328e/none_v3" "tx8a6334d4ba7c470ba5d85-006924fb32" "proxy-server 90339" 0.0005 "-" 97567 0
Nov 24 19:41:22 np0005534223.novalocal container-server[97262]: ::1 - - [25/Nov/2025:00:41:22 +0000] "HEAD /1/198057/AUTH_34047920d4864ad78d85d02365686cf8/gnocchi.896ded4f-a10b-45c4-9abe-1e3878f6fca9" 404 - "HEAD http://[::1]:8080/v1/AUTH_34047920d4864ad78d85d02365686cf8/gnocchi.896ded4f-a10b-45c4-9abe-1e3878f6fca9?format=json&states=listing" "tx6c5d6af6708c42be9236e-006924fb32" "proxy-server 90340" 0.0006 "-" 97262 0
Nov 24 19:41:22 np0005534223.novalocal object-server[97567]: ::1 - - [25/Nov/2025:00:41:22 +0000] "GET /3/187155/AUTH_34047920d4864ad78d85d02365686cf8/gnocchi.e72de912-a7b7-46c0-9651-d2fb1005328e/none_v3" 404 70 "GET http://[::1]:8080/v1/AUTH_34047920d4864ad78d85d02365686cf8/gnocchi.e72de912-a7b7-46c0-9651-d2fb1005328e/none_v3" "tx8a6334d4ba7c470ba5d85-006924fb32" "proxy-server 90339" 0.0004 "-" 97567 0
Nov 24 19:41:22 np0005534223.novalocal proxy-server[90339]: ::1 ::1 25/Nov/2025/00/41/22 GET /v1/AUTH_34047920d4864ad78d85d02365686cf8/gnocchi.e72de912-a7b7-46c0-9651-d2fb1005328e/none_v3 HTTP/1.0 404 - python-swiftclient-4.2.0 gAAAAABpJPsEg9N3... - 70 - tx8a6334d4ba7c470ba5d85-006924fb32 - 0.0281 - - 1764031282.136423588 1764031282.164561987 0
Nov 24 19:41:22 np0005534223.novalocal container-server[97262]: ::1 - - [25/Nov/2025:00:41:22 +0000] "HEAD /3/198057/AUTH_34047920d4864ad78d85d02365686cf8/gnocchi.896ded4f-a10b-45c4-9abe-1e3878f6fca9" 404 - "HEAD http://[::1]:8080/v1/AUTH_34047920d4864ad78d85d02365686cf8/gnocchi.896ded4f-a10b-45c4-9abe-1e3878f6fca9?format=json&states=listing" "tx6c5d6af6708c42be9236e-006924fb32" "proxy-server 90340" 0.0030 "-" 97262 0
Nov 24 19:41:22 np0005534223.novalocal container-server[97263]: ::1 - - [25/Nov/2025:00:41:22 +0000] "HEAD /2/198057/AUTH_34047920d4864ad78d85d02365686cf8/gnocchi.896ded4f-a10b-45c4-9abe-1e3878f6fca9" 404 - "HEAD http://[::1]:8080/v1/AUTH_34047920d4864ad78d85d02365686cf8/gnocchi.896ded4f-a10b-45c4-9abe-1e3878f6fca9?format=json&states=listing" "tx6c5d6af6708c42be9236e-006924fb32" "proxy-server 90340" 0.0004 "-" 97263 0
Nov 24 19:41:22 np0005534223.novalocal object-server[97569]: ::1 - - [25/Nov/2025:00:41:22 +0000] "GET /2/234515/AUTH_34047920d4864ad78d85d02365686cf8/gnocchi.896ded4f-a10b-45c4-9abe-1e3878f6fca9/none_v3" 404 70 "GET http://[::1]:8080/v1/AUTH_34047920d4864ad78d85d02365686cf8/gnocchi.896ded4f-a10b-45c4-9abe-1e3878f6fca9/none_v3" "tx6c5d6af6708c42be9236e-006924fb32" "proxy-server 90340" 0.0003 "-" 97569 0
Nov 24 19:41:22 np0005534223.novalocal account-server[96968]: ::1 - - [25/Nov/2025:00:41:22 +0000] "PUT /3/156101/AUTH_34047920d4864ad78d85d02365686cf8/gnocchi.e72de912-a7b7-46c0-9651-d2fb1005328e" 201 - "PUT http://[::1]:6001/1/179211/AUTH_34047920d4864ad78d85d02365686cf8/gnocchi.e72de912-a7b7-46c0-9651-d2fb1005328e" "txe557968c3db44038a912e-006924fb32" "container-server 97261" 0.0063 "-" 96968 0
Nov 24 19:41:22 np0005534223.novalocal object-server[97566]: ::1 - - [25/Nov/2025:00:41:22 +0000] "GET /3/234515/AUTH_34047920d4864ad78d85d02365686cf8/gnocchi.896ded4f-a10b-45c4-9abe-1e3878f6fca9/none_v3" 404 70 "GET http://[::1]:8080/v1/AUTH_34047920d4864ad78d85d02365686cf8/gnocchi.896ded4f-a10b-45c4-9abe-1e3878f6fca9/none_v3" "tx6c5d6af6708c42be9236e-006924fb32" "proxy-server 90340" 0.0004 "-" 97566 0
Nov 24 19:41:22 np0005534223.novalocal container-server[97261]: ::1 - - [25/Nov/2025:00:41:22 +0000] "PUT /1/179211/AUTH_34047920d4864ad78d85d02365686cf8/gnocchi.e72de912-a7b7-46c0-9651-d2fb1005328e" 201 - "PUT http://[::1]:8080/v1/AUTH_34047920d4864ad78d85d02365686cf8/gnocchi.e72de912-a7b7-46c0-9651-d2fb1005328e" "txe557968c3db44038a912e-006924fb32" "proxy-server 90339" 0.0151 "-" 97261 0
Nov 24 19:41:22 np0005534223.novalocal object-server[97569]: ::1 - - [25/Nov/2025:00:41:22 +0000] "GET /1/234515/AUTH_34047920d4864ad78d85d02365686cf8/gnocchi.896ded4f-a10b-45c4-9abe-1e3878f6fca9/none_v3" 404 70 "GET http://[::1]:8080/v1/AUTH_34047920d4864ad78d85d02365686cf8/gnocchi.896ded4f-a10b-45c4-9abe-1e3878f6fca9/none_v3" "tx6c5d6af6708c42be9236e-006924fb32" "proxy-server 90340" 0.0004 "-" 97569 0
Nov 24 19:41:22 np0005534223.novalocal proxy-server[90340]: ::1 ::1 25/Nov/2025/00/41/22 GET /v1/AUTH_34047920d4864ad78d85d02365686cf8/gnocchi.896ded4f-a10b-45c4-9abe-1e3878f6fca9/none_v3 HTTP/1.0 404 - python-swiftclient-4.2.0 gAAAAABpJPsEC1e4... - 70 - tx6c5d6af6708c42be9236e-006924fb32 - 0.0361 - - 1764031282.156511307 1764031282.192613125 0
Nov 24 19:41:22 np0005534223.novalocal account-server[96965]: ::1 - - [25/Nov/2025:00:41:22 +0000] "PUT /2/156101/AUTH_34047920d4864ad78d85d02365686cf8/gnocchi.e72de912-a7b7-46c0-9651-d2fb1005328e" 201 - "PUT http://[::1]:6001/3/179211/AUTH_34047920d4864ad78d85d02365686cf8/gnocchi.e72de912-a7b7-46c0-9651-d2fb1005328e" "txe557968c3db44038a912e-006924fb32" "container-server 97262" 0.0047 "-" 96965 0
Nov 24 19:41:22 np0005534223.novalocal container-server[97262]: ::1 - - [25/Nov/2025:00:41:22 +0000] "PUT /3/179211/AUTH_34047920d4864ad78d85d02365686cf8/gnocchi.e72de912-a7b7-46c0-9651-d2fb1005328e" 201 - "PUT http://[::1]:8080/v1/AUTH_34047920d4864ad78d85d02365686cf8/gnocchi.e72de912-a7b7-46c0-9651-d2fb1005328e" "txe557968c3db44038a912e-006924fb32" "proxy-server 90339" 0.0208 "-" 97262 0
Nov 24 19:41:22 np0005534223.novalocal account-server[96968]: ::1 - - [25/Nov/2025:00:41:22 +0000] "PUT /1/156101/AUTH_34047920d4864ad78d85d02365686cf8/gnocchi.e72de912-a7b7-46c0-9651-d2fb1005328e" 201 - "PUT http://[::1]:6001/2/179211/AUTH_34047920d4864ad78d85d02365686cf8/gnocchi.e72de912-a7b7-46c0-9651-d2fb1005328e" "txe557968c3db44038a912e-006924fb32" "container-server 97262" 0.0058 "-" 96968 0
Nov 24 19:41:22 np0005534223.novalocal container-server[97262]: ::1 - - [25/Nov/2025:00:41:22 +0000] "PUT /2/179211/AUTH_34047920d4864ad78d85d02365686cf8/gnocchi.e72de912-a7b7-46c0-9651-d2fb1005328e" 201 - "PUT http://[::1]:8080/v1/AUTH_34047920d4864ad78d85d02365686cf8/gnocchi.e72de912-a7b7-46c0-9651-d2fb1005328e" "txe557968c3db44038a912e-006924fb32" "proxy-server 90339" 0.0372 "-" 97262 0
Nov 24 19:41:22 np0005534223.novalocal account-server[96965]: ::1 - - [25/Nov/2025:00:41:22 +0000] "PUT /3/156101/AUTH_34047920d4864ad78d85d02365686cf8/gnocchi.896ded4f-a10b-45c4-9abe-1e3878f6fca9" 201 - "PUT http://[::1]:6001/1/198057/AUTH_34047920d4864ad78d85d02365686cf8/gnocchi.896ded4f-a10b-45c4-9abe-1e3878f6fca9" "tx252d3cd3d5c64b4792f9e-006924fb32" "container-server 97264" 0.0046 "-" 96965 0
Nov 24 19:41:22 np0005534223.novalocal container-server[97264]: ::1 - - [25/Nov/2025:00:41:22 +0000] "PUT /1/198057/AUTH_34047920d4864ad78d85d02365686cf8/gnocchi.896ded4f-a10b-45c4-9abe-1e3878f6fca9" 201 - "PUT http://[::1]:8080/v1/AUTH_34047920d4864ad78d85d02365686cf8/gnocchi.896ded4f-a10b-45c4-9abe-1e3878f6fca9" "tx252d3cd3d5c64b4792f9e-006924fb32" "proxy-server 90340" 0.0130 "-" 97264 0
Nov 24 19:41:22 np0005534223.novalocal proxy-server[90339]: ::1 ::1 25/Nov/2025/00/41/22 PUT /v1/AUTH_34047920d4864ad78d85d02365686cf8/gnocchi.e72de912-a7b7-46c0-9651-d2fb1005328e HTTP/1.0 201 - python-swiftclient-4.2.0 gAAAAABpJPsEg9N3... - - - txe557968c3db44038a912e-006924fb32 - 0.0493 - - 1764031282.167815685 1764031282.217096806 0
Nov 24 19:41:22 np0005534223.novalocal account-server[96967]: ::1 - - [25/Nov/2025:00:41:22 +0000] "PUT /2/156101/AUTH_34047920d4864ad78d85d02365686cf8/gnocchi.896ded4f-a10b-45c4-9abe-1e3878f6fca9" 201 - "PUT http://[::1]:6001/2/198057/AUTH_34047920d4864ad78d85d02365686cf8/gnocchi.896ded4f-a10b-45c4-9abe-1e3878f6fca9" "tx252d3cd3d5c64b4792f9e-006924fb32" "container-server 97261" 0.0035 "-" 96967 0
Nov 24 19:41:22 np0005534223.novalocal account-server[96968]: ::1 - - [25/Nov/2025:00:41:22 +0000] "PUT /1/156101/AUTH_34047920d4864ad78d85d02365686cf8/gnocchi.896ded4f-a10b-45c4-9abe-1e3878f6fca9" 201 - "PUT http://[::1]:6001/3/198057/AUTH_34047920d4864ad78d85d02365686cf8/gnocchi.896ded4f-a10b-45c4-9abe-1e3878f6fca9" "tx252d3cd3d5c64b4792f9e-006924fb32" "container-server 97263" 0.0046 "-" 96968 0
Nov 24 19:41:22 np0005534223.novalocal container-server[97261]: ::1 - - [25/Nov/2025:00:41:22 +0000] "PUT /2/198057/AUTH_34047920d4864ad78d85d02365686cf8/gnocchi.896ded4f-a10b-45c4-9abe-1e3878f6fca9" 201 - "PUT http://[::1]:8080/v1/AUTH_34047920d4864ad78d85d02365686cf8/gnocchi.896ded4f-a10b-45c4-9abe-1e3878f6fca9" "tx252d3cd3d5c64b4792f9e-006924fb32" "proxy-server 90340" 0.0177 "-" 97261 0
Nov 24 19:41:22 np0005534223.novalocal container-server[97263]: ::1 - - [25/Nov/2025:00:41:22 +0000] "PUT /3/198057/AUTH_34047920d4864ad78d85d02365686cf8/gnocchi.896ded4f-a10b-45c4-9abe-1e3878f6fca9" 201 - "PUT http://[::1]:8080/v1/AUTH_34047920d4864ad78d85d02365686cf8/gnocchi.896ded4f-a10b-45c4-9abe-1e3878f6fca9" "tx252d3cd3d5c64b4792f9e-006924fb32" "proxy-server 90340" 0.0186 "-" 97263 0
Nov 24 19:41:22 np0005534223.novalocal proxy-server[90340]: ::1 ::1 25/Nov/2025/00/41/22 PUT /v1/AUTH_34047920d4864ad78d85d02365686cf8/gnocchi.896ded4f-a10b-45c4-9abe-1e3878f6fca9 HTTP/1.0 201 - python-swiftclient-4.2.0 gAAAAABpJPsEC1e4... - - - tx252d3cd3d5c64b4792f9e-006924fb32 - 0.0297 - - 1764031282.195149660 1764031282.224871874 0
Nov 24 19:41:22 np0005534223.novalocal container-server[97262]: ::1 - - [25/Nov/2025:00:41:22 +0000] "HEAD /3/179211/AUTH_34047920d4864ad78d85d02365686cf8/gnocchi.e72de912-a7b7-46c0-9651-d2fb1005328e" 204 - "HEAD http://[::1]:8080/v1/AUTH_34047920d4864ad78d85d02365686cf8/gnocchi.e72de912-a7b7-46c0-9651-d2fb1005328e?format=json&states=listing" "txebb6bd2b1e694c3e894c5-006924fb32" "proxy-server 90339" 0.0024 "-" 97262 0
Nov 24 19:41:22 np0005534223.novalocal container-server[97262]: ::1 - - [25/Nov/2025:00:41:22 +0000] "HEAD /2/198057/AUTH_34047920d4864ad78d85d02365686cf8/gnocchi.896ded4f-a10b-45c4-9abe-1e3878f6fca9" 204 - "HEAD http://[::1]:8080/v1/AUTH_34047920d4864ad78d85d02365686cf8/gnocchi.896ded4f-a10b-45c4-9abe-1e3878f6fca9?format=json&states=listing" "txb728e33bb4504002ae57d-006924fb32" "proxy-server 90340" 0.0019 "-" 97262 0
Nov 24 19:41:22 np0005534223.novalocal container-server[97264]: ::1 - - [25/Nov/2025:00:41:22 +0000] "GET /1/179211/AUTH_34047920d4864ad78d85d02365686cf8/gnocchi.e72de912-a7b7-46c0-9651-d2fb1005328e" 200 2 "GET http://[::1]:8080/v1/AUTH_34047920d4864ad78d85d02365686cf8/gnocchi.e72de912-a7b7-46c0-9651-d2fb1005328e?format=json&states=listing" "txebb6bd2b1e694c3e894c5-006924fb32" "proxy-server 90339" 0.0019 "-" 97264 0
Nov 24 19:41:22 np0005534223.novalocal container-server[97264]: ::1 - - [25/Nov/2025:00:41:22 +0000] "GET /2/198057/AUTH_34047920d4864ad78d85d02365686cf8/gnocchi.896ded4f-a10b-45c4-9abe-1e3878f6fca9" 200 2 "GET http://[::1]:8080/v1/AUTH_34047920d4864ad78d85d02365686cf8/gnocchi.896ded4f-a10b-45c4-9abe-1e3878f6fca9?format=json&states=listing" "txb728e33bb4504002ae57d-006924fb32" "proxy-server 90340" 0.0014 "-" 97264 0
Nov 24 19:41:22 np0005534223.novalocal proxy-server[90339]: ::1 ::1 25/Nov/2025/00/41/22 GET /v1/AUTH_34047920d4864ad78d85d02365686cf8/gnocchi.e72de912-a7b7-46c0-9651-d2fb1005328e%3Fformat%3Djson%26states%3Dlisting HTTP/1.0 200 - python-swiftclient-4.2.0 gAAAAABpJPsEg9N3... - 2 - txebb6bd2b1e694c3e894c5-006924fb32 - 0.0234 - - 1764031282.222850561 1764031282.246207952 0
Nov 24 19:41:22 np0005534223.novalocal proxy-server[90340]: ::1 ::1 25/Nov/2025/00/41/22 GET /v1/AUTH_34047920d4864ad78d85d02365686cf8/gnocchi.896ded4f-a10b-45c4-9abe-1e3878f6fca9%3Fformat%3Djson%26states%3Dlisting HTTP/1.0 200 - python-swiftclient-4.2.0 gAAAAABpJPsEC1e4... - 2 - txb728e33bb4504002ae57d-006924fb32 - 0.0169 - - 1764031282.229431152 1764031282.246349335 0
Nov 24 19:41:22 np0005534223.novalocal object-server[97569]: ::1 - - [25/Nov/2025:00:41:22 +0000] "GET /2/49599/AUTH_34047920d4864ad78d85d02365686cf8/gnocchi.896ded4f-a10b-45c4-9abe-1e3878f6fca9/1763640000.0_mean_300.0_v3" 404 70 "GET http://[::1]:8080/v1/AUTH_34047920d4864ad78d85d02365686cf8/gnocchi.896ded4f-a10b-45c4-9abe-1e3878f6fca9/1763640000.0_mean_300.0_v3" "tx784f80f0c45c48c1b4c5b-006924fb32" "proxy-server 90340" 0.0004 "-" 97569 0
Nov 24 19:41:22 np0005534223.novalocal object-server[97569]: ::1 - - [25/Nov/2025:00:41:22 +0000] "GET /2/10050/AUTH_34047920d4864ad78d85d02365686cf8/gnocchi.e72de912-a7b7-46c0-9651-d2fb1005328e/1763640000.0_mean_300.0_v3" 404 70 "GET http://[::1]:8080/v1/AUTH_34047920d4864ad78d85d02365686cf8/gnocchi.e72de912-a7b7-46c0-9651-d2fb1005328e/1763640000.0_mean_300.0_v3" "txc15ab6ea3d114249a99a4-006924fb32" "proxy-server 90339" 0.0002 "-" 97569 0
Nov 24 19:41:22 np0005534223.novalocal object-server[97569]: ::1 - - [25/Nov/2025:00:41:22 +0000] "GET /1/49599/AUTH_34047920d4864ad78d85d02365686cf8/gnocchi.896ded4f-a10b-45c4-9abe-1e3878f6fca9/1763640000.0_mean_300.0_v3" 404 70 "GET http://[::1]:8080/v1/AUTH_34047920d4864ad78d85d02365686cf8/gnocchi.896ded4f-a10b-45c4-9abe-1e3878f6fca9/1763640000.0_mean_300.0_v3" "tx784f80f0c45c48c1b4c5b-006924fb32" "proxy-server 90340" 0.0002 "-" 97569 0
Nov 24 19:41:22 np0005534223.novalocal object-server[97568]: ::1 - - [25/Nov/2025:00:41:22 +0000] "GET /1/10050/AUTH_34047920d4864ad78d85d02365686cf8/gnocchi.e72de912-a7b7-46c0-9651-d2fb1005328e/1763640000.0_mean_300.0_v3" 404 70 "GET http://[::1]:8080/v1/AUTH_34047920d4864ad78d85d02365686cf8/gnocchi.e72de912-a7b7-46c0-9651-d2fb1005328e/1763640000.0_mean_300.0_v3" "txc15ab6ea3d114249a99a4-006924fb32" "proxy-server 90339" 0.0005 "-" 97568 0
Nov 24 19:41:22 np0005534223.novalocal object-server[97569]: ::1 - - [25/Nov/2025:00:41:22 +0000] "GET /3/49599/AUTH_34047920d4864ad78d85d02365686cf8/gnocchi.896ded4f-a10b-45c4-9abe-1e3878f6fca9/1763640000.0_mean_300.0_v3" 404 70 "GET http://[::1]:8080/v1/AUTH_34047920d4864ad78d85d02365686cf8/gnocchi.896ded4f-a10b-45c4-9abe-1e3878f6fca9/1763640000.0_mean_300.0_v3" "tx784f80f0c45c48c1b4c5b-006924fb32" "proxy-server 90340" 0.0003 "-" 97569 0
Nov 24 19:41:22 np0005534223.novalocal proxy-server[90340]: ::1 ::1 25/Nov/2025/00/41/22 GET /v1/AUTH_34047920d4864ad78d85d02365686cf8/gnocchi.896ded4f-a10b-45c4-9abe-1e3878f6fca9/1763640000.0_mean_300.0_v3 HTTP/1.0 404 - python-swiftclient-4.2.0 gAAAAABpJPsEC1e4... - 70 - tx784f80f0c45c48c1b4c5b-006924fb32 - 0.0149 - - 1764031282.249703884 1764031282.264620543 0
Nov 24 19:41:22 np0005534223.novalocal object-server[97566]: ::1 - - [25/Nov/2025:00:41:22 +0000] "GET /3/10050/AUTH_34047920d4864ad78d85d02365686cf8/gnocchi.e72de912-a7b7-46c0-9651-d2fb1005328e/1763640000.0_mean_300.0_v3" 404 70 "GET http://[::1]:8080/v1/AUTH_34047920d4864ad78d85d02365686cf8/gnocchi.e72de912-a7b7-46c0-9651-d2fb1005328e/1763640000.0_mean_300.0_v3" "txc15ab6ea3d114249a99a4-006924fb32" "proxy-server 90339" 0.0004 "-" 97566 0
Nov 24 19:41:22 np0005534223.novalocal proxy-server[90339]: ::1 ::1 25/Nov/2025/00/41/22 GET /v1/AUTH_34047920d4864ad78d85d02365686cf8/gnocchi.e72de912-a7b7-46c0-9651-d2fb1005328e/1763640000.0_mean_300.0_v3 HTTP/1.0 404 - python-swiftclient-4.2.0 gAAAAABpJPsEg9N3... - 70 - txc15ab6ea3d114249a99a4-006924fb32 - 0.0155 - - 1764031282.251724720 1764031282.267192602 0
Nov 24 19:41:22 np0005534223.novalocal container-server[97263]: ::1 - - [25/Nov/2025:00:41:22 +0000] "PUT /1/198057/AUTH_34047920d4864ad78d85d02365686cf8/gnocchi.896ded4f-a10b-45c4-9abe-1e3878f6fca9/1763640000.0_mean_300.0_v3" 201 - "PUT http://[::1]:8080/3/49599/AUTH_34047920d4864ad78d85d02365686cf8/gnocchi.896ded4f-a10b-45c4-9abe-1e3878f6fca9/1763640000.0_mean_300.0_v3" "tx4a857a7265ba430bbb036-006924fb32" "object-server 97566" 0.0007 "-" 97263 0
Nov 24 19:41:22 np0005534223.novalocal object-server[97566]: ::1 - - [25/Nov/2025:00:41:22 +0000] "PUT /3/49599/AUTH_34047920d4864ad78d85d02365686cf8/gnocchi.896ded4f-a10b-45c4-9abe-1e3878f6fca9/1763640000.0_mean_300.0_v3" 201 - "PUT http://[::1]:8080/v1/AUTH_34047920d4864ad78d85d02365686cf8/gnocchi.896ded4f-a10b-45c4-9abe-1e3878f6fca9/1763640000.0_mean_300.0_v3" "tx4a857a7265ba430bbb036-006924fb32" "proxy-server 90340" 0.0090 "-" 97566 0
Nov 24 19:41:22 np0005534223.novalocal container-server[97263]: ::1 - - [25/Nov/2025:00:41:22 +0000] "PUT /3/198057/AUTH_34047920d4864ad78d85d02365686cf8/gnocchi.896ded4f-a10b-45c4-9abe-1e3878f6fca9/1763640000.0_mean_300.0_v3" 201 - "PUT http://[::1]:8080/2/49599/AUTH_34047920d4864ad78d85d02365686cf8/gnocchi.896ded4f-a10b-45c4-9abe-1e3878f6fca9/1763640000.0_mean_300.0_v3" "tx4a857a7265ba430bbb036-006924fb32" "object-server 97569" 0.0006 "-" 97263 0
Nov 24 19:41:22 np0005534223.novalocal object-server[97569]: ::1 - - [25/Nov/2025:00:41:22 +0000] "PUT /2/49599/AUTH_34047920d4864ad78d85d02365686cf8/gnocchi.896ded4f-a10b-45c4-9abe-1e3878f6fca9/1763640000.0_mean_300.0_v3" 201 - "PUT http://[::1]:8080/v1/AUTH_34047920d4864ad78d85d02365686cf8/gnocchi.896ded4f-a10b-45c4-9abe-1e3878f6fca9/1763640000.0_mean_300.0_v3" "tx4a857a7265ba430bbb036-006924fb32" "proxy-server 90340" 0.0114 "-" 97569 0
Nov 24 19:41:22 np0005534223.novalocal container-server[97263]: ::1 - - [25/Nov/2025:00:41:22 +0000] "PUT /2/198057/AUTH_34047920d4864ad78d85d02365686cf8/gnocchi.896ded4f-a10b-45c4-9abe-1e3878f6fca9/1763640000.0_mean_300.0_v3" 201 - "PUT http://[::1]:8080/1/49599/AUTH_34047920d4864ad78d85d02365686cf8/gnocchi.896ded4f-a10b-45c4-9abe-1e3878f6fca9/1763640000.0_mean_300.0_v3" "tx4a857a7265ba430bbb036-006924fb32" "object-server 97568" 0.0005 "-" 97263 0
Nov 24 19:41:22 np0005534223.novalocal object-server[97568]: ::1 - - [25/Nov/2025:00:41:22 +0000] "PUT /1/49599/AUTH_34047920d4864ad78d85d02365686cf8/gnocchi.896ded4f-a10b-45c4-9abe-1e3878f6fca9/1763640000.0_mean_300.0_v3" 201 - "PUT http://[::1]:8080/v1/AUTH_34047920d4864ad78d85d02365686cf8/gnocchi.896ded4f-a10b-45c4-9abe-1e3878f6fca9/1763640000.0_mean_300.0_v3" "tx4a857a7265ba430bbb036-006924fb32" "proxy-server 90340" 0.0163 "-" 97568 0
Nov 24 19:41:22 np0005534223.novalocal proxy-server[90340]: ::1 ::1 25/Nov/2025/00/41/22 PUT /v1/AUTH_34047920d4864ad78d85d02365686cf8/gnocchi.896ded4f-a10b-45c4-9abe-1e3878f6fca9/1763640000.0_mean_300.0_v3 HTTP/1.0 201 - python-swiftclient-4.2.0 gAAAAABpJPsEC1e4... 16 - - tx4a857a7265ba430bbb036-006924fb32 - 0.0289 - - 1764031282.266880274 1764031282.295756578 0
Nov 24 19:41:22 np0005534223.novalocal container-server[97261]: ::1 - - [25/Nov/2025:00:41:22 +0000] "PUT /3/179211/AUTH_34047920d4864ad78d85d02365686cf8/gnocchi.e72de912-a7b7-46c0-9651-d2fb1005328e/1763640000.0_mean_300.0_v3" 201 - "PUT http://[::1]:8080/2/10050/AUTH_34047920d4864ad78d85d02365686cf8/gnocchi.e72de912-a7b7-46c0-9651-d2fb1005328e/1763640000.0_mean_300.0_v3" "tx1d31ad4a4722442e8a355-006924fb32" "object-server 97568" 0.0009 "-" 97261 0
Nov 24 19:41:22 np0005534223.novalocal container-server[97264]: ::1 - - [25/Nov/2025:00:41:22 +0000] "PUT /2/179211/AUTH_34047920d4864ad78d85d02365686cf8/gnocchi.e72de912-a7b7-46c0-9651-d2fb1005328e/1763640000.0_mean_300.0_v3" 201 - "PUT http://[::1]:8080/3/10050/AUTH_34047920d4864ad78d85d02365686cf8/gnocchi.e72de912-a7b7-46c0-9651-d2fb1005328e/1763640000.0_mean_300.0_v3" "tx1d31ad4a4722442e8a355-006924fb32" "object-server 97567" 0.0005 "-" 97264 0
Nov 24 19:41:22 np0005534223.novalocal object-server[97568]: ::1 - - [25/Nov/2025:00:41:22 +0000] "PUT /2/10050/AUTH_34047920d4864ad78d85d02365686cf8/gnocchi.e72de912-a7b7-46c0-9651-d2fb1005328e/1763640000.0_mean_300.0_v3" 201 - "PUT http://[::1]:8080/v1/AUTH_34047920d4864ad78d85d02365686cf8/gnocchi.e72de912-a7b7-46c0-9651-d2fb1005328e/1763640000.0_mean_300.0_v3" "tx1d31ad4a4722442e8a355-006924fb32" "proxy-server 90339" 0.0192 "-" 97568 0
Nov 24 19:41:22 np0005534223.novalocal object-server[97567]: ::1 - - [25/Nov/2025:00:41:22 +0000] "PUT /3/10050/AUTH_34047920d4864ad78d85d02365686cf8/gnocchi.e72de912-a7b7-46c0-9651-d2fb1005328e/1763640000.0_mean_300.0_v3" 201 - "PUT http://[::1]:8080/v1/AUTH_34047920d4864ad78d85d02365686cf8/gnocchi.e72de912-a7b7-46c0-9651-d2fb1005328e/1763640000.0_mean_300.0_v3" "tx1d31ad4a4722442e8a355-006924fb32" "proxy-server 90339" 0.0171 "-" 97567 0
Nov 24 19:41:22 np0005534223.novalocal container-server[97263]: ::1 - - [25/Nov/2025:00:41:22 +0000] "PUT /1/179211/AUTH_34047920d4864ad78d85d02365686cf8/gnocchi.e72de912-a7b7-46c0-9651-d2fb1005328e/1763640000.0_mean_300.0_v3" 201 - "PUT http://[::1]:8080/1/10050/AUTH_34047920d4864ad78d85d02365686cf8/gnocchi.e72de912-a7b7-46c0-9651-d2fb1005328e/1763640000.0_mean_300.0_v3" "tx1d31ad4a4722442e8a355-006924fb32" "object-server 97567" 0.0006 "-" 97263 0
Nov 24 19:41:22 np0005534223.novalocal object-server[97567]: ::1 - - [25/Nov/2025:00:41:22 +0000] "PUT /1/10050/AUTH_34047920d4864ad78d85d02365686cf8/gnocchi.e72de912-a7b7-46c0-9651-d2fb1005328e/1763640000.0_mean_300.0_v3" 201 - "PUT http://[::1]:8080/v1/AUTH_34047920d4864ad78d85d02365686cf8/gnocchi.e72de912-a7b7-46c0-9651-d2fb1005328e/1763640000.0_mean_300.0_v3" "tx1d31ad4a4722442e8a355-006924fb32" "proxy-server 90339" 0.0182 "-" 97567 0
Nov 24 19:41:22 np0005534223.novalocal proxy-server[90339]: ::1 ::1 25/Nov/2025/00/41/22 PUT /v1/AUTH_34047920d4864ad78d85d02365686cf8/gnocchi.e72de912-a7b7-46c0-9651-d2fb1005328e/1763640000.0_mean_300.0_v3 HTTP/1.0 201 - python-swiftclient-4.2.0 gAAAAABpJPsEg9N3... 16 - - tx1d31ad4a4722442e8a355-006924fb32 - 0.0361 - - 1764031282.272105455 1764031282.308192492 0
Nov 24 19:41:22 np0005534223.novalocal container-server[97263]: ::1 - - [25/Nov/2025:00:41:22 +0000] "PUT /1/198057/AUTH_34047920d4864ad78d85d02365686cf8/gnocchi.896ded4f-a10b-45c4-9abe-1e3878f6fca9/none_v3" 201 - "PUT http://[::1]:8080/3/234515/AUTH_34047920d4864ad78d85d02365686cf8/gnocchi.896ded4f-a10b-45c4-9abe-1e3878f6fca9/none_v3" "tx099ee8137bd742ff88702-006924fb32" "object-server 97567" 0.0006 "-" 97263 0
Nov 24 19:41:22 np0005534223.novalocal container-server[97262]: ::1 - - [25/Nov/2025:00:41:22 +0000] "PUT /2/198057/AUTH_34047920d4864ad78d85d02365686cf8/gnocchi.896ded4f-a10b-45c4-9abe-1e3878f6fca9/none_v3" 201 - "PUT http://[::1]:8080/1/234515/AUTH_34047920d4864ad78d85d02365686cf8/gnocchi.896ded4f-a10b-45c4-9abe-1e3878f6fca9/none_v3" "tx099ee8137bd742ff88702-006924fb32" "object-server 97566" 0.0007 "-" 97262 0
Nov 24 19:41:22 np0005534223.novalocal object-server[97566]: ::1 - - [25/Nov/2025:00:41:22 +0000] "PUT /1/234515/AUTH_34047920d4864ad78d85d02365686cf8/gnocchi.896ded4f-a10b-45c4-9abe-1e3878f6fca9/none_v3" 201 - "PUT http://[::1]:8080/v1/AUTH_34047920d4864ad78d85d02365686cf8/gnocchi.896ded4f-a10b-45c4-9abe-1e3878f6fca9/none_v3" "tx099ee8137bd742ff88702-006924fb32" "proxy-server 90340" 0.0128 "-" 97566 0
Nov 24 19:41:22 np0005534223.novalocal object-server[97567]: ::1 - - [25/Nov/2025:00:41:22 +0000] "PUT /3/234515/AUTH_34047920d4864ad78d85d02365686cf8/gnocchi.896ded4f-a10b-45c4-9abe-1e3878f6fca9/none_v3" 201 - "PUT http://[::1]:8080/v1/AUTH_34047920d4864ad78d85d02365686cf8/gnocchi.896ded4f-a10b-45c4-9abe-1e3878f6fca9/none_v3" "tx099ee8137bd742ff88702-006924fb32" "proxy-server 90340" 0.0127 "-" 97567 0
Nov 24 19:41:22 np0005534223.novalocal container-server[97261]: ::1 - - [25/Nov/2025:00:41:22 +0000] "PUT /3/198057/AUTH_34047920d4864ad78d85d02365686cf8/gnocchi.896ded4f-a10b-45c4-9abe-1e3878f6fca9/none_v3" 201 - "PUT http://[::1]:8080/2/234515/AUTH_34047920d4864ad78d85d02365686cf8/gnocchi.896ded4f-a10b-45c4-9abe-1e3878f6fca9/none_v3" "tx099ee8137bd742ff88702-006924fb32" "object-server 97568" 0.0007 "-" 97261 0
Nov 24 19:41:22 np0005534223.novalocal object-server[97568]: ::1 - - [25/Nov/2025:00:41:22 +0000] "PUT /2/234515/AUTH_34047920d4864ad78d85d02365686cf8/gnocchi.896ded4f-a10b-45c4-9abe-1e3878f6fca9/none_v3" 201 - "PUT http://[::1]:8080/v1/AUTH_34047920d4864ad78d85d02365686cf8/gnocchi.896ded4f-a10b-45c4-9abe-1e3878f6fca9/none_v3" "tx099ee8137bd742ff88702-006924fb32" "proxy-server 90340" 0.0128 "-" 97568 0
Nov 24 19:41:22 np0005534223.novalocal proxy-server[90340]: ::1 ::1 25/Nov/2025/00/41/22 PUT /v1/AUTH_34047920d4864ad78d85d02365686cf8/gnocchi.896ded4f-a10b-45c4-9abe-1e3878f6fca9/none_v3 HTTP/1.0 201 - python-swiftclient-4.2.0 gAAAAABpJPsEC1e4... 22 - - tx099ee8137bd742ff88702-006924fb32 - 0.0234 - - 1764031282.299225092 1764031282.322655916 0
Nov 24 19:41:22 np0005534223.novalocal container-server[97262]: ::1 - - [25/Nov/2025:00:41:22 +0000] "PUT /1/179211/AUTH_34047920d4864ad78d85d02365686cf8/gnocchi.e72de912-a7b7-46c0-9651-d2fb1005328e/none_v3" 201 - "PUT http://[::1]:8080/3/187155/AUTH_34047920d4864ad78d85d02365686cf8/gnocchi.e72de912-a7b7-46c0-9651-d2fb1005328e/none_v3" "txe4ca25c29b894170b0417-006924fb32" "object-server 97568" 0.0007 "-" 97262 0
Nov 24 19:41:22 np0005534223.novalocal container-server[97264]: ::1 - - [25/Nov/2025:00:41:22 +0000] "PUT /2/179211/AUTH_34047920d4864ad78d85d02365686cf8/gnocchi.e72de912-a7b7-46c0-9651-d2fb1005328e/none_v3" 201 - "PUT http://[::1]:8080/2/187155/AUTH_34047920d4864ad78d85d02365686cf8/gnocchi.e72de912-a7b7-46c0-9651-d2fb1005328e/none_v3" "txe4ca25c29b894170b0417-006924fb32" "object-server 97568" 0.0004 "-" 97264 0
Nov 24 19:41:22 np0005534223.novalocal object-server[97568]: ::1 - - [25/Nov/2025:00:41:22 +0000] "PUT /3/187155/AUTH_34047920d4864ad78d85d02365686cf8/gnocchi.e72de912-a7b7-46c0-9651-d2fb1005328e/none_v3" 201 - "PUT http://[::1]:8080/v1/AUTH_34047920d4864ad78d85d02365686cf8/gnocchi.e72de912-a7b7-46c0-9651-d2fb1005328e/none_v3" "txe4ca25c29b894170b0417-006924fb32" "proxy-server 90339" 0.0128 "-" 97568 0
Nov 24 19:41:22 np0005534223.novalocal object-server[97568]: ::1 - - [25/Nov/2025:00:41:22 +0000] "PUT /2/187155/AUTH_34047920d4864ad78d85d02365686cf8/gnocchi.e72de912-a7b7-46c0-9651-d2fb1005328e/none_v3" 201 - "PUT http://[::1]:8080/v1/AUTH_34047920d4864ad78d85d02365686cf8/gnocchi.e72de912-a7b7-46c0-9651-d2fb1005328e/none_v3" "txe4ca25c29b894170b0417-006924fb32" "proxy-server 90339" 0.0187 "-" 97568 0
Nov 24 19:41:22 np0005534223.novalocal container-server[97261]: ::1 - - [25/Nov/2025:00:41:22 +0000] "PUT /3/179211/AUTH_34047920d4864ad78d85d02365686cf8/gnocchi.e72de912-a7b7-46c0-9651-d2fb1005328e/none_v3" 201 - "PUT http://[::1]:8080/1/187155/AUTH_34047920d4864ad78d85d02365686cf8/gnocchi.e72de912-a7b7-46c0-9651-d2fb1005328e/none_v3" "txe4ca25c29b894170b0417-006924fb32" "object-server 97568" 0.0007 "-" 97261 0
Nov 24 19:41:22 np0005534223.novalocal object-server[97568]: ::1 - - [25/Nov/2025:00:41:22 +0000] "PUT /1/187155/AUTH_34047920d4864ad78d85d02365686cf8/gnocchi.e72de912-a7b7-46c0-9651-d2fb1005328e/none_v3" 201 - "PUT http://[::1]:8080/v1/AUTH_34047920d4864ad78d85d02365686cf8/gnocchi.e72de912-a7b7-46c0-9651-d2fb1005328e/none_v3" "txe4ca25c29b894170b0417-006924fb32" "proxy-server 90339" 0.0187 "-" 97568 0
Nov 24 19:41:22 np0005534223.novalocal proxy-server[90339]: ::1 ::1 25/Nov/2025/00/41/22 PUT /v1/AUTH_34047920d4864ad78d85d02365686cf8/gnocchi.e72de912-a7b7-46c0-9651-d2fb1005328e/none_v3 HTTP/1.0 201 - python-swiftclient-4.2.0 gAAAAABpJPsEg9N3... 22 - - txe4ca25c29b894170b0417-006924fb32 - 0.0333 - - 1764031282.312467813 1764031282.345737934 0
Nov 24 19:41:23 np0005534223.novalocal account-server[97031]: Beginning replication run
Nov 24 19:41:23 np0005534223.novalocal account-server[97031]: Replication run OVER
Nov 24 19:41:23 np0005534223.novalocal account-server[97031]: Attempted to replicate 3 dbs in 0.06373 seconds (47.07211/s)
Nov 24 19:41:23 np0005534223.novalocal account-server[97031]: Removed 0 dbs
Nov 24 19:41:23 np0005534223.novalocal account-server[97031]: 6 successes, 0 failures
Nov 24 19:41:23 np0005534223.novalocal account-server[97031]: diff:0 diff_capped:0 empty:0 hashmatch:0 no_change:6 remote_merge:0 rsync:0 ts_repl:0
Nov 24 19:41:23 np0005534223.novalocal systemd[1]: dbus-:1.1-org.fedoraproject.SetroubleshootPrivileged@9.service: Deactivated successfully.
Nov 24 19:41:23 np0005534223.novalocal systemd[1]: dbus-:1.1-org.fedoraproject.SetroubleshootPrivileged@9.service: Consumed 1.348s CPU time.
Nov 24 19:41:24 np0005534223.novalocal kernel: qbr3a9dc8cb-92: port 2(tap3a9dc8cb-92) entered disabled state
Nov 24 19:41:24 np0005534223.novalocal kernel: tap3a9dc8cb-92 (unregistering): left allmulticast mode
Nov 24 19:41:24 np0005534223.novalocal kernel: tap3a9dc8cb-92 (unregistering): left promiscuous mode
Nov 24 19:41:24 np0005534223.novalocal kernel: qbr3a9dc8cb-92: port 2(tap3a9dc8cb-92) entered disabled state
Nov 24 19:41:24 np0005534223.novalocal NetworkManager[855]: [1764031284.2214] device (tap3a9dc8cb-92): state change: activated -> unmanaged (reason 'unmanaged', managed-type: 'removed')
Nov 24 19:41:24 np0005534223.novalocal NetworkManager[855]: [1764031284.2228] device (tap3a9dc8cb-92): released from controller device qbr3a9dc8cb-92
Nov 24 19:41:24 np0005534223.novalocal object-server[97569]: ::1 - - [25/Nov/2025:00:41:24 +0000] "GET /1/249012/AUTH_34047920d4864ad78d85d02365686cf8/gnocchi.18e98d64-5942-4b26-a3f7-ffe8b7e4b9f1/none_v3" 200 52 "GET http://[::1]:8080/v1/AUTH_34047920d4864ad78d85d02365686cf8/gnocchi.18e98d64-5942-4b26-a3f7-ffe8b7e4b9f1/none_v3" "tx257c47b0a79b448a92d72-006924fb34" "proxy-server 90339" 0.0013 "-" 97569 0
Nov 24 19:41:24 np0005534223.novalocal object-server[97566]: ::1 - - [25/Nov/2025:00:41:24 +0000] "GET /1/72785/AUTH_34047920d4864ad78d85d02365686cf8/gnocchi.99d34b94-8bb9-40d3-82ea-978c63819f35/none_v3" 200 52 "GET http://[::1]:8080/v1/AUTH_34047920d4864ad78d85d02365686cf8/gnocchi.99d34b94-8bb9-40d3-82ea-978c63819f35/none_v3" "tx50781620099e4136b26d5-006924fb34" "proxy-server 90340" 0.0008 "-" 97566 0
Nov 24 19:41:24 np0005534223.novalocal proxy-server[90339]: ::1 ::1 25/Nov/2025/00/41/24 GET /v1/AUTH_34047920d4864ad78d85d02365686cf8/gnocchi.18e98d64-5942-4b26-a3f7-ffe8b7e4b9f1/none_v3 HTTP/1.0 200 - python-swiftclient-4.2.0 gAAAAABpJPsEg9N3... - 52 - tx257c47b0a79b448a92d72-006924fb34 - 0.0116 - - 1764031284.238882303 1764031284.250507116 0
Nov 24 19:41:24 np0005534223.novalocal systemd[1]: Starting Network Manager Script Dispatcher Service...
Nov 24 19:41:24 np0005534223.novalocal proxy-server[90340]: ::1 ::1 25/Nov/2025/00/41/24 GET /v1/AUTH_34047920d4864ad78d85d02365686cf8/gnocchi.99d34b94-8bb9-40d3-82ea-978c63819f35/none_v3 HTTP/1.0 200 - python-swiftclient-4.2.0 gAAAAABpJPsEC1e4... - 52 - tx50781620099e4136b26d5-006924fb34 - 0.0089 - - 1764031284.244519711 1764031284.253394127 0
Nov 24 19:41:24 np0005534223.novalocal systemd[1]: machine-qemu\x2d1\x2dinstance\x2d00000001.scope: Deactivated successfully.
Nov 24 19:41:24 np0005534223.novalocal systemd[1]: machine-qemu\x2d1\x2dinstance\x2d00000001.scope: Consumed 15.949s CPU time.
Nov 24 19:41:24 np0005534223.novalocal container-server[97261]: ::1 - - [25/Nov/2025:00:41:24 +0000] "GET /3/25137/AUTH_34047920d4864ad78d85d02365686cf8/gnocchi.99d34b94-8bb9-40d3-82ea-978c63819f35" 200 357 "GET http://[::1]:8080/v1/AUTH_34047920d4864ad78d85d02365686cf8/gnocchi.99d34b94-8bb9-40d3-82ea-978c63819f35?format=json&states=listing" "tx55aba6dbcd2d4f2faceba-006924fb34" "proxy-server 90340" 0.0075 "-" 97261 0
Nov 24 19:41:24 np0005534223.novalocal proxy-server[90340]: ::1 ::1 25/Nov/2025/00/41/24 GET /v1/AUTH_34047920d4864ad78d85d02365686cf8/gnocchi.99d34b94-8bb9-40d3-82ea-978c63819f35%3Fformat%3Djson%26states%3Dlisting HTTP/1.0 200 - python-swiftclient-4.2.0 gAAAAABpJPsEC1e4... - 357 - tx55aba6dbcd2d4f2faceba-006924fb34 - 0.0171 - - 1764031284.257073879 1764031284.274212360 0
Nov 24 19:41:24 np0005534223.novalocal systemd[1]: Started Network Manager Script Dispatcher Service.
Nov 24 19:41:24 np0005534223.novalocal container-server[97264]: ::1 - - [25/Nov/2025:00:41:24 +0000] "GET /2/252514/AUTH_34047920d4864ad78d85d02365686cf8/gnocchi.18e98d64-5942-4b26-a3f7-ffe8b7e4b9f1" 200 357 "GET http://[::1]:8080/v1/AUTH_34047920d4864ad78d85d02365686cf8/gnocchi.18e98d64-5942-4b26-a3f7-ffe8b7e4b9f1?format=json&states=listing" "txf48283ed500848c7b0679-006924fb34" "proxy-server 90339" 0.0090 "-" 97264 0
Nov 24 19:41:24 np0005534223.novalocal systemd-machined[94387]: Machine qemu-1-instance-00000001 terminated.
Nov 24 19:41:24 np0005534223.novalocal proxy-server[90339]: ::1 ::1 25/Nov/2025/00/41/24 GET /v1/AUTH_34047920d4864ad78d85d02365686cf8/gnocchi.18e98d64-5942-4b26-a3f7-ffe8b7e4b9f1%3Fformat%3Djson%26states%3Dlisting HTTP/1.0 200 - python-swiftclient-4.2.0 gAAAAABpJPsEg9N3... - 357 - txf48283ed500848c7b0679-006924fb34 - 0.0253 - - 1764031284.260623932 1764031284.285905600 0
Nov 24 19:41:24 np0005534223.novalocal container-server[97263]: ::1 - - [25/Nov/2025:00:41:24 +0000] "GET /3/25137/AUTH_34047920d4864ad78d85d02365686cf8/gnocchi.99d34b94-8bb9-40d3-82ea-978c63819f35" 200 2 "GET http://[::1]:8080/v1/AUTH_34047920d4864ad78d85d02365686cf8/gnocchi.99d34b94-8bb9-40d3-82ea-978c63819f35?format=json&marker=none_v3&states=listing" "tx452591833b9b4da3b03c3-006924fb34" "proxy-server 90340" 0.0035 "-" 97263 0
Nov 24 19:41:24 np0005534223.novalocal container-server[97263]: ::1 - - [25/Nov/2025:00:41:24 +0000] "GET /2/252514/AUTH_34047920d4864ad78d85d02365686cf8/gnocchi.18e98d64-5942-4b26-a3f7-ffe8b7e4b9f1" 200 2 "GET http://[::1]:8080/v1/AUTH_34047920d4864ad78d85d02365686cf8/gnocchi.18e98d64-5942-4b26-a3f7-ffe8b7e4b9f1?format=json&marker=none_v3&states=listing" "tx4cba38c6958d405f949af-006924fb34" "proxy-server 90339" 0.0017 "-" 97263 0
Nov 24 19:41:24 np0005534223.novalocal proxy-server[90339]: ::1 ::1 25/Nov/2025/00/41/24 GET /v1/AUTH_34047920d4864ad78d85d02365686cf8/gnocchi.18e98d64-5942-4b26-a3f7-ffe8b7e4b9f1%3Fformat%3Djson%26marker%3Dnone_v3%26states%3Dlisting HTTP/1.0 200 - python-swiftclient-4.2.0 gAAAAABpJPsEg9N3... - 2 - tx4cba38c6958d405f949af-006924fb34 - 0.0067 - - 1764031284.289424419 1764031284.296094656 0
Nov 24 19:41:24 np0005534223.novalocal proxy-server[90340]: ::1 ::1 25/Nov/2025/00/41/24 GET /v1/AUTH_34047920d4864ad78d85d02365686cf8/gnocchi.99d34b94-8bb9-40d3-82ea-978c63819f35%3Fformat%3Djson%26marker%3Dnone_v3%26states%3Dlisting HTTP/1.0 200 - python-swiftclient-4.2.0 gAAAAABpJPsEC1e4... - 2 - tx452591833b9b4da3b03c3-006924fb34 - 0.0181 - - 1764031284.278105497 1764031284.296216249 0
Nov 24 19:41:24 np0005534223.novalocal object-server[97566]: ::1 - - [25/Nov/2025:00:41:24 +0000] "GET /1/87044/AUTH_34047920d4864ad78d85d02365686cf8/gnocchi.18e98d64-5942-4b26-a3f7-ffe8b7e4b9f1/1763640000.0_mean_300.0_v3" 200 16 "GET http://[::1]:8080/v1/AUTH_34047920d4864ad78d85d02365686cf8/gnocchi.18e98d64-5942-4b26-a3f7-ffe8b7e4b9f1/1763640000.0_mean_300.0_v3" "tx5546ea841be946ad94b12-006924fb34" "proxy-server 90339" 0.0006 "-" 97566 0
Nov 24 19:41:24 np0005534223.novalocal proxy-server[90339]: ::1 ::1 25/Nov/2025/00/41/24 GET /v1/AUTH_34047920d4864ad78d85d02365686cf8/gnocchi.18e98d64-5942-4b26-a3f7-ffe8b7e4b9f1/1763640000.0_mean_300.0_v3 HTTP/1.0 200 - python-swiftclient-4.2.0 gAAAAABpJPsEg9N3... - 16 - tx5546ea841be946ad94b12-006924fb34 - 0.0055 - - 1764031284.300935745 1764031284.306476831 0
Nov 24 19:41:24 np0005534223.novalocal object-server[97568]: ::1 - - [25/Nov/2025:00:41:24 +0000] "GET /1/163813/AUTH_34047920d4864ad78d85d02365686cf8/gnocchi.99d34b94-8bb9-40d3-82ea-978c63819f35/1763640000.0_mean_300.0_v3" 200 16 "GET http://[::1]:8080/v1/AUTH_34047920d4864ad78d85d02365686cf8/gnocchi.99d34b94-8bb9-40d3-82ea-978c63819f35/1763640000.0_mean_300.0_v3" "tx33111b8bdb694528a2903-006924fb34" "proxy-server 90340" 0.0005 "-" 97568 0
Nov 24 19:41:24 np0005534223.novalocal proxy-server[90340]: ::1 ::1 25/Nov/2025/00/41/24 GET /v1/AUTH_34047920d4864ad78d85d02365686cf8/gnocchi.99d34b94-8bb9-40d3-82ea-978c63819f35/1763640000.0_mean_300.0_v3 HTTP/1.0 200 - python-swiftclient-4.2.0 gAAAAABpJPsEC1e4... - 16 - tx33111b8bdb694528a2903-006924fb34 - 0.0086 - - 1764031284.301894665 1764031284.310454369 0
Nov 24 19:41:24 np0005534223.novalocal container-server[97264]: ::1 - - [25/Nov/2025:00:41:24 +0000] "PUT /2/252514/AUTH_34047920d4864ad78d85d02365686cf8/gnocchi.18e98d64-5942-4b26-a3f7-ffe8b7e4b9f1/1763640000.0_mean_300.0_v3" 201 - "PUT http://[::1]:8080/2/87044/AUTH_34047920d4864ad78d85d02365686cf8/gnocchi.18e98d64-5942-4b26-a3f7-ffe8b7e4b9f1/1763640000.0_mean_300.0_v3" "tx4740dfc271484bf6b4cdf-006924fb34" "object-server 97566" 0.0006 "-" 97264 0
Nov 24 19:41:24 np0005534223.novalocal object-server[97566]: ::1 - - [25/Nov/2025:00:41:24 +0000] "PUT /2/87044/AUTH_34047920d4864ad78d85d02365686cf8/gnocchi.18e98d64-5942-4b26-a3f7-ffe8b7e4b9f1/1763640000.0_mean_300.0_v3" 201 - "PUT http://[::1]:8080/v1/AUTH_34047920d4864ad78d85d02365686cf8/gnocchi.18e98d64-5942-4b26-a3f7-ffe8b7e4b9f1/1763640000.0_mean_300.0_v3" "tx4740dfc271484bf6b4cdf-006924fb34" "proxy-server 90339" 0.0150 "-" 97566 0
Nov 24 19:41:24 np0005534223.novalocal container-server[97262]: ::1 - - [25/Nov/2025:00:41:24 +0000] "PUT /1/252514/AUTH_34047920d4864ad78d85d02365686cf8/gnocchi.18e98d64-5942-4b26-a3f7-ffe8b7e4b9f1/1763640000.0_mean_300.0_v3" 201 - "PUT http://[::1]:8080/3/87044/AUTH_34047920d4864ad78d85d02365686cf8/gnocchi.18e98d64-5942-4b26-a3f7-ffe8b7e4b9f1/1763640000.0_mean_300.0_v3" "tx4740dfc271484bf6b4cdf-006924fb34" "object-server 97567" 0.0006 "-" 97262 0
Nov 24 19:41:24 np0005534223.novalocal container-server[97264]: ::1 - - [25/Nov/2025:00:41:24 +0000] "PUT /3/252514/AUTH_34047920d4864ad78d85d02365686cf8/gnocchi.18e98d64-5942-4b26-a3f7-ffe8b7e4b9f1/1763640000.0_mean_300.0_v3" 201 - "PUT http://[::1]:8080/1/87044/AUTH_34047920d4864ad78d85d02365686cf8/gnocchi.18e98d64-5942-4b26-a3f7-ffe8b7e4b9f1/1763640000.0_mean_300.0_v3" "tx4740dfc271484bf6b4cdf-006924fb34" "object-server 97569" 0.0005 "-" 97264 0
Nov 24 19:41:24 np0005534223.novalocal object-server[97567]: ::1 - - [25/Nov/2025:00:41:24 +0000] "PUT /3/87044/AUTH_34047920d4864ad78d85d02365686cf8/gnocchi.18e98d64-5942-4b26-a3f7-ffe8b7e4b9f1/1763640000.0_mean_300.0_v3" 201 - "PUT http://[::1]:8080/v1/AUTH_34047920d4864ad78d85d02365686cf8/gnocchi.18e98d64-5942-4b26-a3f7-ffe8b7e4b9f1/1763640000.0_mean_300.0_v3" "tx4740dfc271484bf6b4cdf-006924fb34" "proxy-server 90339" 0.0190 "-" 97567 0
Nov 24 19:41:24 np0005534223.novalocal object-server[97569]: ::1 - - [25/Nov/2025:00:41:24 +0000] "PUT /1/87044/AUTH_34047920d4864ad78d85d02365686cf8/gnocchi.18e98d64-5942-4b26-a3f7-ffe8b7e4b9f1/1763640000.0_mean_300.0_v3" 201 - "PUT http://[::1]:8080/v1/AUTH_34047920d4864ad78d85d02365686cf8/gnocchi.18e98d64-5942-4b26-a3f7-ffe8b7e4b9f1/1763640000.0_mean_300.0_v3" "tx4740dfc271484bf6b4cdf-006924fb34" "proxy-server 90339" 0.0189 "-" 97569 0
Nov 24 19:41:24 np0005534223.novalocal proxy-server[90339]: ::1 ::1 25/Nov/2025/00/41/24 PUT /v1/AUTH_34047920d4864ad78d85d02365686cf8/gnocchi.18e98d64-5942-4b26-a3f7-ffe8b7e4b9f1/1763640000.0_mean_300.0_v3 HTTP/1.0 201 - python-swiftclient-4.2.0 gAAAAABpJPsEg9N3... 16 - - tx4740dfc271484bf6b4cdf-006924fb34 - 0.0286 - - 1764031284.309672356 1764031284.338294744 0
Nov 24 19:41:24 np0005534223.novalocal container-server[97262]: ::1 - - [25/Nov/2025:00:41:24 +0000] "PUT /1/25137/AUTH_34047920d4864ad78d85d02365686cf8/gnocchi.99d34b94-8bb9-40d3-82ea-978c63819f35/1763640000.0_mean_300.0_v3" 201 - "PUT http://[::1]:8080/2/163813/AUTH_34047920d4864ad78d85d02365686cf8/gnocchi.99d34b94-8bb9-40d3-82ea-978c63819f35/1763640000.0_mean_300.0_v3" "txb5a0e729bc7f412ebc65d-006924fb34" "object-server 97567" 0.0005 "-" 97262 0
Nov 24 19:41:24 np0005534223.novalocal object-server[97567]: ::1 - - [25/Nov/2025:00:41:24 +0000] "PUT /2/163813/AUTH_34047920d4864ad78d85d02365686cf8/gnocchi.99d34b94-8bb9-40d3-82ea-978c63819f35/1763640000.0_mean_300.0_v3" 201 - "PUT http://[::1]:8080/v1/AUTH_34047920d4864ad78d85d02365686cf8/gnocchi.99d34b94-8bb9-40d3-82ea-978c63819f35/1763640000.0_mean_300.0_v3" "txb5a0e729bc7f412ebc65d-006924fb34" "proxy-server 90340" 0.0142 "-" 97567 0
Nov 24 19:41:24 np0005534223.novalocal container-server[97261]: ::1 - - [25/Nov/2025:00:41:24 +0000] "PUT /2/25137/AUTH_34047920d4864ad78d85d02365686cf8/gnocchi.99d34b94-8bb9-40d3-82ea-978c63819f35/1763640000.0_mean_300.0_v3" 201 - "PUT http://[::1]:8080/1/163813/AUTH_34047920d4864ad78d85d02365686cf8/gnocchi.99d34b94-8bb9-40d3-82ea-978c63819f35/1763640000.0_mean_300.0_v3" "txb5a0e729bc7f412ebc65d-006924fb34" "object-server 97569" 0.0006 "-" 97261 0
Nov 24 19:41:24 np0005534223.novalocal object-server[97569]: ::1 - - [25/Nov/2025:00:41:24 +0000] "PUT /1/163813/AUTH_34047920d4864ad78d85d02365686cf8/gnocchi.99d34b94-8bb9-40d3-82ea-978c63819f35/1763640000.0_mean_300.0_v3" 201 - "PUT http://[::1]:8080/v1/AUTH_34047920d4864ad78d85d02365686cf8/gnocchi.99d34b94-8bb9-40d3-82ea-978c63819f35/1763640000.0_mean_300.0_v3" "txb5a0e729bc7f412ebc65d-006924fb34" "proxy-server 90340" 0.0179 "-" 97569 0
Nov 24 19:41:24 np0005534223.novalocal container-server[97264]: ::1 - - [25/Nov/2025:00:41:24 +0000] "PUT /3/25137/AUTH_34047920d4864ad78d85d02365686cf8/gnocchi.99d34b94-8bb9-40d3-82ea-978c63819f35/1763640000.0_mean_300.0_v3" 201 - "PUT http://[::1]:8080/3/163813/AUTH_34047920d4864ad78d85d02365686cf8/gnocchi.99d34b94-8bb9-40d3-82ea-978c63819f35/1763640000.0_mean_300.0_v3" "txb5a0e729bc7f412ebc65d-006924fb34" "object-server 97568" 0.0006 "-" 97264 0
Nov 24 19:41:24 np0005534223.novalocal object-server[97568]: ::1 - - [25/Nov/2025:00:41:24 +0000] "PUT /3/163813/AUTH_34047920d4864ad78d85d02365686cf8/gnocchi.99d34b94-8bb9-40d3-82ea-978c63819f35/1763640000.0_mean_300.0_v3" 201 - "PUT http://[::1]:8080/v1/AUTH_34047920d4864ad78d85d02365686cf8/gnocchi.99d34b94-8bb9-40d3-82ea-978c63819f35/1763640000.0_mean_300.0_v3" "txb5a0e729bc7f412ebc65d-006924fb34" "proxy-server 90340" 0.0202 "-" 97568 0
Nov 24 19:41:24 np0005534223.novalocal proxy-server[90340]: ::1 ::1 25/Nov/2025/00/41/24 PUT /v1/AUTH_34047920d4864ad78d85d02365686cf8/gnocchi.99d34b94-8bb9-40d3-82ea-978c63819f35/1763640000.0_mean_300.0_v3 HTTP/1.0 201 - python-swiftclient-4.2.0 gAAAAABpJPsEC1e4... 16 - - txb5a0e729bc7f412ebc65d-006924fb34 - 0.0306 - - 1764031284.318461657 1764031284.349026918 0
Nov 24 19:41:24 np0005534223.novalocal container-server[97262]: ::1 - - [25/Nov/2025:00:41:24 +0000] "PUT /2/252514/AUTH_34047920d4864ad78d85d02365686cf8/gnocchi.18e98d64-5942-4b26-a3f7-ffe8b7e4b9f1/none_v3" 201 - "PUT http://[::1]:8080/2/249012/AUTH_34047920d4864ad78d85d02365686cf8/gnocchi.18e98d64-5942-4b26-a3f7-ffe8b7e4b9f1/none_v3" "txf3ff66d7393d4487afe8b-006924fb34" "object-server 97566" 0.0005 "-" 97262 0
Nov 24 19:41:24 np0005534223.novalocal object-server[97566]: ::1 - - [25/Nov/2025:00:41:24 +0000] "PUT /2/249012/AUTH_34047920d4864ad78d85d02365686cf8/gnocchi.18e98d64-5942-4b26-a3f7-ffe8b7e4b9f1/none_v3" 201 - "PUT http://[::1]:8080/v1/AUTH_34047920d4864ad78d85d02365686cf8/gnocchi.18e98d64-5942-4b26-a3f7-ffe8b7e4b9f1/none_v3" "txf3ff66d7393d4487afe8b-006924fb34" "proxy-server 90339" 0.0136 "-" 97566 0
Nov 24 19:41:24 np0005534223.novalocal container-server[97262]: ::1 - - [25/Nov/2025:00:41:24 +0000] "PUT /3/252514/AUTH_34047920d4864ad78d85d02365686cf8/gnocchi.18e98d64-5942-4b26-a3f7-ffe8b7e4b9f1/none_v3" 201 - "PUT http://[::1]:8080/3/249012/AUTH_34047920d4864ad78d85d02365686cf8/gnocchi.18e98d64-5942-4b26-a3f7-ffe8b7e4b9f1/none_v3" "txf3ff66d7393d4487afe8b-006924fb34" "object-server 97568" 0.0003 "-" 97262 0
Nov 24 19:41:24 np0005534223.novalocal object-server[97568]: ::1 - - [25/Nov/2025:00:41:24 +0000] "PUT /3/249012/AUTH_34047920d4864ad78d85d02365686cf8/gnocchi.18e98d64-5942-4b26-a3f7-ffe8b7e4b9f1/none_v3" 201 - "PUT http://[::1]:8080/v1/AUTH_34047920d4864ad78d85d02365686cf8/gnocchi.18e98d64-5942-4b26-a3f7-ffe8b7e4b9f1/none_v3" "txf3ff66d7393d4487afe8b-006924fb34" "proxy-server 90339" 0.0171 "-" 97568 0
Nov 24 19:41:24 np0005534223.novalocal container-server[97263]: ::1 - - [25/Nov/2025:00:41:24 +0000] "PUT /1/252514/AUTH_34047920d4864ad78d85d02365686cf8/gnocchi.18e98d64-5942-4b26-a3f7-ffe8b7e4b9f1/none_v3" 201 - "PUT http://[::1]:8080/1/249012/AUTH_34047920d4864ad78d85d02365686cf8/gnocchi.18e98d64-5942-4b26-a3f7-ffe8b7e4b9f1/none_v3" "txf3ff66d7393d4487afe8b-006924fb34" "object-server 97566" 0.0005 "-" 97263 0
Nov 24 19:41:24 np0005534223.novalocal container-server[97261]: ::1 - - [25/Nov/2025:00:41:24 +0000] "PUT /2/25137/AUTH_34047920d4864ad78d85d02365686cf8/gnocchi.99d34b94-8bb9-40d3-82ea-978c63819f35/none_v3" 201 - "PUT http://[::1]:8080/3/72785/AUTH_34047920d4864ad78d85d02365686cf8/gnocchi.99d34b94-8bb9-40d3-82ea-978c63819f35/none_v3" "tx596dfeb9161c4defa7be3-006924fb34" "object-server 97568" 0.0005 "-" 97261 0
Nov 24 19:41:24 np0005534223.novalocal object-server[97566]: ::1 - - [25/Nov/2025:00:41:24 +0000] "PUT /1/249012/AUTH_34047920d4864ad78d85d02365686cf8/gnocchi.18e98d64-5942-4b26-a3f7-ffe8b7e4b9f1/none_v3" 201 - "PUT http://[::1]:8080/v1/AUTH_34047920d4864ad78d85d02365686cf8/gnocchi.18e98d64-5942-4b26-a3f7-ffe8b7e4b9f1/none_v3" "txf3ff66d7393d4487afe8b-006924fb34" "proxy-server 90339" 0.0195 "-" 97566 0
