Nov 24 19:42:11 np0005534223.novalocal object-server[97569]: ::1 - - [25/Nov/2025:00:42:11 +0000] "PUT /1/178041/AUTH_34047920d4864ad78d85d02365686cf8/gnocchi.9b4ccbe3-a54f-4b54-a4c2-43458dba13ca/none_v3" 201 - "PUT http://[::1]:8080/v1/AUTH_34047920d4864ad78d85d02365686cf8/gnocchi.9b4ccbe3-a54f-4b54-a4c2-43458dba13ca/none_v3" "tx394d21cad177482b93c92-006924fb63" "proxy-server 90340" 0.0181 "-" 97569 0
Nov 24 19:42:11 np0005534223.novalocal proxy-server[90340]: ::1 ::1 25/Nov/2025/00/42/11 PUT /v1/AUTH_34047920d4864ad78d85d02365686cf8/gnocchi.9b4ccbe3-a54f-4b54-a4c2-43458dba13ca/none_v3 HTTP/1.0 201 - python-swiftclient-4.2.0 gAAAAABpJPsEC1e4... 26 - - tx394d21cad177482b93c92-006924fb63 - 0.0244 - - 1764031331.501572132 1764031331.525952578 0
Nov 24 19:42:11 np0005534223.novalocal kernel: MODE SENSE: unimplemented page/subpage: 0x0a/0x05
Nov 24 19:42:11 np0005534223.novalocal kernel: GPT:Primary header thinks Alt. header is not at the end of the disk.
Nov 24 19:42:11 np0005534223.novalocal kernel: GPT:229375 != 2097151
Nov 24 19:42:11 np0005534223.novalocal kernel: GPT:Alternate GPT header not at the end of the disk.
Nov 24 19:42:11 np0005534223.novalocal kernel: GPT:229375 != 2097151
Nov 24 19:42:11 np0005534223.novalocal kernel: GPT: Use GNU Parted to correct GPT errors.
Nov 24 19:42:11 np0005534223.novalocal kernel: sda: sda1 sda15
Nov 24 19:42:11 np0005534223.novalocal kernel: MODE SENSE: unimplemented page/subpage: 0x0a/0x05
Nov 24 19:42:11 np0005534223.novalocal kernel: GPT:Primary header thinks Alt. header is not at the end of the disk.
Nov 24 19:42:11 np0005534223.novalocal kernel: GPT:229375 != 2097151
Nov 24 19:42:11 np0005534223.novalocal kernel: GPT:Alternate GPT header not at the end of the disk.
Nov 24 19:42:11 np0005534223.novalocal kernel: GPT:229375 != 2097151
Nov 24 19:42:11 np0005534223.novalocal kernel: GPT: Use GNU Parted to correct GPT errors.
Nov 24 19:42:11 np0005534223.novalocal kernel: sda: sda1 sda15
Nov 24 19:42:11 np0005534223.novalocal object-server[97567]: ::1 - - [25/Nov/2025:00:42:11 +0000] "GET /2/173037/AUTH_34047920d4864ad78d85d02365686cf8/gnocchi.7794dd1e-5fea-4ed1-8f35-730b9593bfd6/none_v3" 200 22 "GET http://[::1]:8080/v1/AUTH_34047920d4864ad78d85d02365686cf8/gnocchi.7794dd1e-5fea-4ed1-8f35-730b9593bfd6/none_v3" "tx94793164cc7c4a72858a8-006924fb63" "proxy-server 90340" 0.0009 "-" 97567 0
Nov 24 19:42:11 np0005534223.novalocal proxy-server[90340]: ::1 ::1 25/Nov/2025/00/42/11 GET /v1/AUTH_34047920d4864ad78d85d02365686cf8/gnocchi.7794dd1e-5fea-4ed1-8f35-730b9593bfd6/none_v3 HTTP/1.0 200 - python-swiftclient-4.2.0 gAAAAABpJPsEC1e4... - 22 - tx94793164cc7c4a72858a8-006924fb63 - 0.0080 - - 1764031331.557426214 1764031331.565459251 0
Nov 24 19:42:11 np0005534223.novalocal container-server[97264]: ::1 - - [25/Nov/2025:00:42:11 +0000] "GET /2/87312/AUTH_34047920d4864ad78d85d02365686cf8/gnocchi.7794dd1e-5fea-4ed1-8f35-730b9593bfd6" 200 357 "GET http://[::1]:8080/v1/AUTH_34047920d4864ad78d85d02365686cf8/gnocchi.7794dd1e-5fea-4ed1-8f35-730b9593bfd6?format=json&states=listing" "tx46184cf6a6e740d7bc299-006924fb63" "proxy-server 90340" 0.0053 "-" 97264 0
Nov 24 19:42:11 np0005534223.novalocal kernel: qvbfe73c0c7-3f: left allmulticast mode
Nov 24 19:42:11 np0005534223.novalocal kernel: qvbfe73c0c7-3f: left promiscuous mode
Nov 24 19:42:11 np0005534223.novalocal kernel: qbrfe73c0c7-3f: port 1(qvbfe73c0c7-3f) entered disabled state
Nov 24 19:42:11 np0005534223.novalocal proxy-server[90340]: ::1 ::1 25/Nov/2025/00/42/11 GET /v1/AUTH_34047920d4864ad78d85d02365686cf8/gnocchi.7794dd1e-5fea-4ed1-8f35-730b9593bfd6%3Fformat%3Djson%26states%3Dlisting HTTP/1.0 200 - python-swiftclient-4.2.0 gAAAAABpJPsEC1e4... - 357 - tx46184cf6a6e740d7bc299-006924fb63 - 0.0114 - - 1764031331.567962170 1764031331.579411745 0
Nov 24 19:42:11 np0005534223.novalocal container-server[97262]: ::1 - - [25/Nov/2025:00:42:11 +0000] "GET /2/87312/AUTH_34047920d4864ad78d85d02365686cf8/gnocchi.7794dd1e-5fea-4ed1-8f35-730b9593bfd6" 200 2 "GET http://[::1]:8080/v1/AUTH_34047920d4864ad78d85d02365686cf8/gnocchi.7794dd1e-5fea-4ed1-8f35-730b9593bfd6?format=json&marker=none_v3&states=listing" "tx2ef949785cb34494a7cf1-006924fb63" "proxy-server 90340" 0.0018 "-" 97262 0
Nov 24 19:42:11 np0005534223.novalocal proxy-server[90340]: ::1 ::1 25/Nov/2025/00/42/11 GET /v1/AUTH_34047920d4864ad78d85d02365686cf8/gnocchi.7794dd1e-5fea-4ed1-8f35-730b9593bfd6%3Fformat%3Djson%26marker%3Dnone_v3%26states%3Dlisting HTTP/1.0 200 - python-swiftclient-4.2.0 gAAAAABpJPsEC1e4... - 2 - tx2ef949785cb34494a7cf1-006924fb63 - 0.0071 - - 1764031331.581613064 1764031331.588726521 0
Nov 24 19:42:11 np0005534223.novalocal object-server[97567]: ::1 - - [25/Nov/2025:00:42:11 +0000] "GET /3/235571/AUTH_34047920d4864ad78d85d02365686cf8/gnocchi.7794dd1e-5fea-4ed1-8f35-730b9593bfd6/1763640000.0_mean_300.0_v3" 200 16 "GET http://[::1]:8080/v1/AUTH_34047920d4864ad78d85d02365686cf8/gnocchi.7794dd1e-5fea-4ed1-8f35-730b9593bfd6/1763640000.0_mean_300.0_v3" "tx217e000e6619441587dd9-006924fb63" "proxy-server 90340" 0.0008 "-" 97567 0
Nov 24 19:42:11 np0005534223.novalocal proxy-server[90340]: ::1 ::1 25/Nov/2025/00/42/11 GET /v1/AUTH_34047920d4864ad78d85d02365686cf8/gnocchi.7794dd1e-5fea-4ed1-8f35-730b9593bfd6/1763640000.0_mean_300.0_v3 HTTP/1.0 200 - python-swiftclient-4.2.0 gAAAAABpJPsEC1e4... - 16 - tx217e000e6619441587dd9-006924fb63 - 0.0092 - - 1764031331.591832399 1764031331.601043463 0
Nov 24 19:42:11 np0005534223.novalocal NetworkManager[855]: [1764031331.6022] device (qbrfe73c0c7-3f): bridge port qvbfe73c0c7-3f was detached
Nov 24 19:42:11 np0005534223.novalocal NetworkManager[855]: [1764031331.6030] device (qbrfe73c0c7-3f): state change: activated -> unmanaged (reason 'unmanaged', managed-type: 'removed')
Nov 24 19:42:11 np0005534223.novalocal object-server[97567]: ::1 - - [25/Nov/2025:00:42:11 +0000] "GET /1/41700/AUTH_34047920d4864ad78d85d02365686cf8/gnocchi.a784be60-52a2-4952-b262-5ea96c49c64d/none_v3" 200 22 "GET http://[::1]:8080/v1/AUTH_34047920d4864ad78d85d02365686cf8/gnocchi.a784be60-52a2-4952-b262-5ea96c49c64d/none_v3" "txfc8bd360caab4a8190381-006924fb63" "proxy-server 90339" 0.0008 "-" 97567 0
Nov 24 19:42:11 np0005534223.novalocal kernel: qvofe73c0c7-3f: left promiscuous mode
Nov 24 19:42:11 np0005534223.novalocal proxy-server[90339]: ::1 ::1 25/Nov/2025/00/42/11 GET /v1/AUTH_34047920d4864ad78d85d02365686cf8/gnocchi.a784be60-52a2-4952-b262-5ea96c49c64d/none_v3 HTTP/1.0 200 - python-swiftclient-4.2.0 gAAAAABpJPsEg9N3... - 22 - txfc8bd360caab4a8190381-006924fb63 - 0.0186 - - 1764031331.595788479 1764031331.614384174 0
Nov 24 19:42:11 np0005534223.novalocal container-server[97261]: ::1 - - [25/Nov/2025:00:42:11 +0000] "PUT /2/87312/AUTH_34047920d4864ad78d85d02365686cf8/gnocchi.7794dd1e-5fea-4ed1-8f35-730b9593bfd6/1763640000.0_mean_300.0_v3" 201 - "PUT http://[::1]:8080/3/235571/AUTH_34047920d4864ad78d85d02365686cf8/gnocchi.7794dd1e-5fea-4ed1-8f35-730b9593bfd6/1763640000.0_mean_300.0_v3" "tx0e145bf4c3b74fb582bfc-006924fb63" "object-server 97568" 0.0005 "-" 97261 0
Nov 24 19:42:11 np0005534223.novalocal object-server[97568]: ::1 - - [25/Nov/2025:00:42:11 +0000] "PUT /3/235571/AUTH_34047920d4864ad78d85d02365686cf8/gnocchi.7794dd1e-5fea-4ed1-8f35-730b9593bfd6/1763640000.0_mean_300.0_v3" 201 - "PUT http://[::1]:8080/v1/AUTH_34047920d4864ad78d85d02365686cf8/gnocchi.7794dd1e-5fea-4ed1-8f35-730b9593bfd6/1763640000.0_mean_300.0_v3" "tx0e145bf4c3b74fb582bfc-006924fb63" "proxy-server 90340" 0.0217 "-" 97568 0
Nov 24 19:42:11 np0005534223.novalocal container-server[97264]: ::1 - - [25/Nov/2025:00:42:11 +0000] "PUT /1/87312/AUTH_34047920d4864ad78d85d02365686cf8/gnocchi.7794dd1e-5fea-4ed1-8f35-730b9593bfd6/1763640000.0_mean_300.0_v3" 201 - "PUT http://[::1]:8080/2/235571/AUTH_34047920d4864ad78d85d02365686cf8/gnocchi.7794dd1e-5fea-4ed1-8f35-730b9593bfd6/1763640000.0_mean_300.0_v3" "tx0e145bf4c3b74fb582bfc-006924fb63" "object-server 97566" 0.0004 "-" 97264 0
Nov 24 19:42:11 np0005534223.novalocal container-server[97264]: ::1 - - [25/Nov/2025:00:42:11 +0000] "PUT /3/87312/AUTH_34047920d4864ad78d85d02365686cf8/gnocchi.7794dd1e-5fea-4ed1-8f35-730b9593bfd6/1763640000.0_mean_300.0_v3" 201 - "PUT http://[::1]:8080/1/235571/AUTH_34047920d4864ad78d85d02365686cf8/gnocchi.7794dd1e-5fea-4ed1-8f35-730b9593bfd6/1763640000.0_mean_300.0_v3" "tx0e145bf4c3b74fb582bfc-006924fb63" "object-server 97566" 0.0003 "-" 97264 0
Nov 24 19:42:11 np0005534223.novalocal object-server[97566]: ::1 - - [25/Nov/2025:00:42:11 +0000] "PUT /2/235571/AUTH_34047920d4864ad78d85d02365686cf8/gnocchi.7794dd1e-5fea-4ed1-8f35-730b9593bfd6/1763640000.0_mean_300.0_v3" 201 - "PUT http://[::1]:8080/v1/AUTH_34047920d4864ad78d85d02365686cf8/gnocchi.7794dd1e-5fea-4ed1-8f35-730b9593bfd6/1763640000.0_mean_300.0_v3" "tx0e145bf4c3b74fb582bfc-006924fb63" "proxy-server 90340" 0.0274 "-" 97566 0
Nov 24 19:42:11 np0005534223.novalocal object-server[97566]: ::1 - - [25/Nov/2025:00:42:11 +0000] "PUT /1/235571/AUTH_34047920d4864ad78d85d02365686cf8/gnocchi.7794dd1e-5fea-4ed1-8f35-730b9593bfd6/1763640000.0_mean_300.0_v3" 201 - "PUT http://[::1]:8080/v1/AUTH_34047920d4864ad78d85d02365686cf8/gnocchi.7794dd1e-5fea-4ed1-8f35-730b9593bfd6/1763640000.0_mean_300.0_v3" "tx0e145bf4c3b74fb582bfc-006924fb63" "proxy-server 90340" 0.0312 "-" 97566 0
Nov 24 19:42:11 np0005534223.novalocal proxy-server[90340]: ::1 ::1 25/Nov/2025/00/42/11 PUT /v1/AUTH_34047920d4864ad78d85d02365686cf8/gnocchi.7794dd1e-5fea-4ed1-8f35-730b9593bfd6/1763640000.0_mean_300.0_v3 HTTP/1.0 201 - python-swiftclient-4.2.0 gAAAAABpJPsEC1e4... 16 - - tx0e145bf4c3b74fb582bfc-006924fb63 - 0.0394 - - 1764031331.604489326 1764031331.643859625 0
Nov 24 19:42:11 np0005534223.novalocal container-server[97263]: ::1 - - [25/Nov/2025:00:42:11 +0000] "GET /2/254423/AUTH_34047920d4864ad78d85d02365686cf8/gnocchi.a784be60-52a2-4952-b262-5ea96c49c64d" 200 357 "GET http://[::1]:8080/v1/AUTH_34047920d4864ad78d85d02365686cf8/gnocchi.a784be60-52a2-4952-b262-5ea96c49c64d?format=json&states=listing" "txf164d76ba3004f36b077b-006924fb63" "proxy-server 90339" 0.0085 "-" 97263 0
Nov 24 19:42:11 np0005534223.novalocal proxy-server[90339]: ::1 ::1 25/Nov/2025/00/42/11 GET /v1/AUTH_34047920d4864ad78d85d02365686cf8/gnocchi.a784be60-52a2-4952-b262-5ea96c49c64d%3Fformat%3Djson%26states%3Dlisting HTTP/1.0 200 - python-swiftclient-4.2.0 gAAAAABpJPsEg9N3... - 357 - txf164d76ba3004f36b077b-006924fb63 - 0.0359 - - 1764031331.618666649 1764031331.654613018 0
Nov 24 19:42:11 np0005534223.novalocal container-server[97262]: ::1 - - [25/Nov/2025:00:42:11 +0000] "GET /3/254423/AUTH_34047920d4864ad78d85d02365686cf8/gnocchi.a784be60-52a2-4952-b262-5ea96c49c64d" 200 2 "GET http://[::1]:8080/v1/AUTH_34047920d4864ad78d85d02365686cf8/gnocchi.a784be60-52a2-4952-b262-5ea96c49c64d?format=json&marker=none_v3&states=listing" "tx26228772fa9b4c07afcd4-006924fb63" "proxy-server 90339" 0.0058 "-" 97262 0
Nov 24 19:42:11 np0005534223.novalocal proxy-server[90339]: ::1 ::1 25/Nov/2025/00/42/11 GET /v1/AUTH_34047920d4864ad78d85d02365686cf8/gnocchi.a784be60-52a2-4952-b262-5ea96c49c64d%3Fformat%3Djson%26marker%3Dnone_v3%26states%3Dlisting HTTP/1.0 200 - python-swiftclient-4.2.0 gAAAAABpJPsEg9N3... - 2 - tx26228772fa9b4c07afcd4-006924fb63 - 0.0121 - - 1764031331.658414841 1764031331.670475483 0
Nov 24 19:42:11 np0005534223.novalocal container-server[97263]: ::1 - - [25/Nov/2025:00:42:11 +0000] "PUT /2/87312/AUTH_34047920d4864ad78d85d02365686cf8/gnocchi.7794dd1e-5fea-4ed1-8f35-730b9593bfd6/none_v3" 201 - "PUT http://[::1]:8080/1/173037/AUTH_34047920d4864ad78d85d02365686cf8/gnocchi.7794dd1e-5fea-4ed1-8f35-730b9593bfd6/none_v3" "tx1ccb552289044ecd85db8-006924fb63" "object-server 97569" 0.0005 "-" 97263 0
Nov 24 19:42:11 np0005534223.novalocal container-server[97264]: ::1 - - [25/Nov/2025:00:42:11 +0000] "PUT /1/87312/AUTH_34047920d4864ad78d85d02365686cf8/gnocchi.7794dd1e-5fea-4ed1-8f35-730b9593bfd6/none_v3" 201 - "PUT http://[::1]:8080/2/173037/AUTH_34047920d4864ad78d85d02365686cf8/gnocchi.7794dd1e-5fea-4ed1-8f35-730b9593bfd6/none_v3" "tx1ccb552289044ecd85db8-006924fb63" "object-server 97569" 0.0004 "-" 97264 0
Nov 24 19:42:11 np0005534223.novalocal object-server[97569]: ::1 - - [25/Nov/2025:00:42:11 +0000] "PUT /1/173037/AUTH_34047920d4864ad78d85d02365686cf8/gnocchi.7794dd1e-5fea-4ed1-8f35-730b9593bfd6/none_v3" 201 - "PUT http://[::1]:8080/v1/AUTH_34047920d4864ad78d85d02365686cf8/gnocchi.7794dd1e-5fea-4ed1-8f35-730b9593bfd6/none_v3" "tx1ccb552289044ecd85db8-006924fb63" "proxy-server 90340" 0.0112 "-" 97569 0
Nov 24 19:42:11 np0005534223.novalocal object-server[97569]: ::1 - - [25/Nov/2025:00:42:11 +0000] "PUT /2/173037/AUTH_34047920d4864ad78d85d02365686cf8/gnocchi.7794dd1e-5fea-4ed1-8f35-730b9593bfd6/none_v3" 201 - "PUT http://[::1]:8080/v1/AUTH_34047920d4864ad78d85d02365686cf8/gnocchi.7794dd1e-5fea-4ed1-8f35-730b9593bfd6/none_v3" "tx1ccb552289044ecd85db8-006924fb63" "proxy-server 90340" 0.0106 "-" 97569 0
Nov 24 19:42:11 np0005534223.novalocal container-server[97261]: ::1 - - [25/Nov/2025:00:42:11 +0000] "PUT /3/87312/AUTH_34047920d4864ad78d85d02365686cf8/gnocchi.7794dd1e-5fea-4ed1-8f35-730b9593bfd6/none_v3" 201 - "PUT http://[::1]:8080/3/173037/AUTH_34047920d4864ad78d85d02365686cf8/gnocchi.7794dd1e-5fea-4ed1-8f35-730b9593bfd6/none_v3" "tx1ccb552289044ecd85db8-006924fb63" "object-server 97566" 0.0004 "-" 97261 0
Nov 24 19:42:11 np0005534223.novalocal object-server[97566]: ::1 - - [25/Nov/2025:00:42:11 +0000] "PUT /3/173037/AUTH_34047920d4864ad78d85d02365686cf8/gnocchi.7794dd1e-5fea-4ed1-8f35-730b9593bfd6/none_v3" 201 - "PUT http://[::1]:8080/v1/AUTH_34047920d4864ad78d85d02365686cf8/gnocchi.7794dd1e-5fea-4ed1-8f35-730b9593bfd6/none_v3" "tx1ccb552289044ecd85db8-006924fb63" "proxy-server 90340" 0.0144 "-" 97566 0
Nov 24 19:42:11 np0005534223.novalocal proxy-server[90340]: ::1 ::1 25/Nov/2025/00/42/11 PUT /v1/AUTH_34047920d4864ad78d85d02365686cf8/gnocchi.7794dd1e-5fea-4ed1-8f35-730b9593bfd6/none_v3 HTTP/1.0 201 - python-swiftclient-4.2.0 gAAAAABpJPsEC1e4... 30 - - tx1ccb552289044ecd85db8-006924fb63 - 0.0240 - - 1764031331.655035019 1764031331.679056883 0
Nov 24 19:42:11 np0005534223.novalocal object-server[97567]: ::1 - - [25/Nov/2025:00:42:11 +0000] "GET /3/91443/AUTH_34047920d4864ad78d85d02365686cf8/gnocchi.a784be60-52a2-4952-b262-5ea96c49c64d/1763640000.0_mean_300.0_v3" 200 16 "GET http://[::1]:8080/v1/AUTH_34047920d4864ad78d85d02365686cf8/gnocchi.a784be60-52a2-4952-b262-5ea96c49c64d/1763640000.0_mean_300.0_v3" "txda19dd1a10f34d31b7ef4-006924fb63" "proxy-server 90339" 0.0006 "-" 97567 0
Nov 24 19:42:11 np0005534223.novalocal proxy-server[90339]: ::1 ::1 25/Nov/2025/00/42/11 GET /v1/AUTH_34047920d4864ad78d85d02365686cf8/gnocchi.a784be60-52a2-4952-b262-5ea96c49c64d/1763640000.0_mean_300.0_v3 HTTP/1.0 200 - python-swiftclient-4.2.0 gAAAAABpJPsEg9N3... - 16 - txda19dd1a10f34d31b7ef4-006924fb63 - 0.0077 - - 1764031331.675174952 1764031331.682849169 0
Nov 24 19:42:11 np0005534223.novalocal container-server[97262]: ::1 - - [25/Nov/2025:00:42:11 +0000] "PUT /3/254423/AUTH_34047920d4864ad78d85d02365686cf8/gnocchi.a784be60-52a2-4952-b262-5ea96c49c64d/1763640000.0_mean_300.0_v3" 201 - "PUT http://[::1]:8080/3/91443/AUTH_34047920d4864ad78d85d02365686cf8/gnocchi.a784be60-52a2-4952-b262-5ea96c49c64d/1763640000.0_mean_300.0_v3" "txc4ffb33ac77e45458c2c3-006924fb63" "object-server 97568" 0.0005 "-" 97262 0
Nov 24 19:42:11 np0005534223.novalocal object-server[97568]: ::1 - - [25/Nov/2025:00:42:11 +0000] "PUT /3/91443/AUTH_34047920d4864ad78d85d02365686cf8/gnocchi.a784be60-52a2-4952-b262-5ea96c49c64d/1763640000.0_mean_300.0_v3" 201 - "PUT http://[::1]:8080/v1/AUTH_34047920d4864ad78d85d02365686cf8/gnocchi.a784be60-52a2-4952-b262-5ea96c49c64d/1763640000.0_mean_300.0_v3" "txc4ffb33ac77e45458c2c3-006924fb63" "proxy-server 90339" 0.0085 "-" 97568 0
Nov 24 19:42:11 np0005534223.novalocal container-server[97261]: ::1 - - [25/Nov/2025:00:42:11 +0000] "PUT /1/254423/AUTH_34047920d4864ad78d85d02365686cf8/gnocchi.a784be60-52a2-4952-b262-5ea96c49c64d/1763640000.0_mean_300.0_v3" 201 - "PUT http://[::1]:8080/1/91443/AUTH_34047920d4864ad78d85d02365686cf8/gnocchi.a784be60-52a2-4952-b262-5ea96c49c64d/1763640000.0_mean_300.0_v3" "txc4ffb33ac77e45458c2c3-006924fb63" "object-server 97568" 0.0004 "-" 97261 0
Nov 24 19:42:11 np0005534223.novalocal object-server[97568]: ::1 - - [25/Nov/2025:00:42:11 +0000] "PUT /1/91443/AUTH_34047920d4864ad78d85d02365686cf8/gnocchi.a784be60-52a2-4952-b262-5ea96c49c64d/1763640000.0_mean_300.0_v3" 201 - "PUT http://[::1]:8080/v1/AUTH_34047920d4864ad78d85d02365686cf8/gnocchi.a784be60-52a2-4952-b262-5ea96c49c64d/1763640000.0_mean_300.0_v3" "txc4ffb33ac77e45458c2c3-006924fb63" "proxy-server 90339" 0.0116 "-" 97568 0
Nov 24 19:42:11 np0005534223.novalocal container-server[97264]: ::1 - - [25/Nov/2025:00:42:11 +0000] "PUT /2/254423/AUTH_34047920d4864ad78d85d02365686cf8/gnocchi.a784be60-52a2-4952-b262-5ea96c49c64d/1763640000.0_mean_300.0_v3" 201 - "PUT http://[::1]:8080/2/91443/AUTH_34047920d4864ad78d85d02365686cf8/gnocchi.a784be60-52a2-4952-b262-5ea96c49c64d/1763640000.0_mean_300.0_v3" "txc4ffb33ac77e45458c2c3-006924fb63" "object-server 97569" 0.0004 "-" 97264 0
Nov 24 19:42:11 np0005534223.novalocal object-server[97569]: ::1 - - [25/Nov/2025:00:42:11 +0000] "PUT /2/91443/AUTH_34047920d4864ad78d85d02365686cf8/gnocchi.a784be60-52a2-4952-b262-5ea96c49c64d/1763640000.0_mean_300.0_v3" 201 - "PUT http://[::1]:8080/v1/AUTH_34047920d4864ad78d85d02365686cf8/gnocchi.a784be60-52a2-4952-b262-5ea96c49c64d/1763640000.0_mean_300.0_v3" "txc4ffb33ac77e45458c2c3-006924fb63" "proxy-server 90339" 0.0152 "-" 97569 0
Nov 24 19:42:11 np0005534223.novalocal proxy-server[90339]: ::1 ::1 25/Nov/2025/00/42/11 PUT /v1/AUTH_34047920d4864ad78d85d02365686cf8/gnocchi.a784be60-52a2-4952-b262-5ea96c49c64d/1763640000.0_mean_300.0_v3 HTTP/1.0 201 - python-swiftclient-4.2.0 gAAAAABpJPsEg9N3... 16 - - txc4ffb33ac77e45458c2c3-006924fb63 - 0.0233 - - 1764031331.687718153 1764031331.711027861 0
Nov 24 19:42:11 np0005534223.novalocal container-server[97264]: ::1 - - [25/Nov/2025:00:42:11 +0000] "PUT /1/254423/AUTH_34047920d4864ad78d85d02365686cf8/gnocchi.a784be60-52a2-4952-b262-5ea96c49c64d/none_v3" 201 - "PUT http://[::1]:8080/3/41700/AUTH_34047920d4864ad78d85d02365686cf8/gnocchi.a784be60-52a2-4952-b262-5ea96c49c64d/none_v3" "tx0b0b54841a3445c3a8ba2-006924fb63" "object-server 97568" 0.0004 "-" 97264 0
Nov 24 19:42:11 np0005534223.novalocal object-server[97568]: ::1 - - [25/Nov/2025:00:42:11 +0000] "PUT /3/41700/AUTH_34047920d4864ad78d85d02365686cf8/gnocchi.a784be60-52a2-4952-b262-5ea96c49c64d/none_v3" 201 - "PUT http://[::1]:8080/v1/AUTH_34047920d4864ad78d85d02365686cf8/gnocchi.a784be60-52a2-4952-b262-5ea96c49c64d/none_v3" "tx0b0b54841a3445c3a8ba2-006924fb63" "proxy-server 90339" 0.0077 "-" 97568 0
Nov 24 19:42:11 np0005534223.novalocal container-server[97261]: ::1 - - [25/Nov/2025:00:42:11 +0000] "PUT /2/254423/AUTH_34047920d4864ad78d85d02365686cf8/gnocchi.a784be60-52a2-4952-b262-5ea96c49c64d/none_v3" 201 - "PUT http://[::1]:8080/2/41700/AUTH_34047920d4864ad78d85d02365686cf8/gnocchi.a784be60-52a2-4952-b262-5ea96c49c64d/none_v3" "tx0b0b54841a3445c3a8ba2-006924fb63" "object-server 97566" 0.0004 "-" 97261 0
Nov 24 19:42:11 np0005534223.novalocal object-server[97566]: ::1 - - [25/Nov/2025:00:42:11 +0000] "PUT /2/41700/AUTH_34047920d4864ad78d85d02365686cf8/gnocchi.a784be60-52a2-4952-b262-5ea96c49c64d/none_v3" 201 - "PUT http://[::1]:8080/v1/AUTH_34047920d4864ad78d85d02365686cf8/gnocchi.a784be60-52a2-4952-b262-5ea96c49c64d/none_v3" "tx0b0b54841a3445c3a8ba2-006924fb63" "proxy-server 90339" 0.0137 "-" 97566 0
Nov 24 19:42:11 np0005534223.novalocal container-server[97264]: ::1 - - [25/Nov/2025:00:42:11 +0000] "PUT /3/254423/AUTH_34047920d4864ad78d85d02365686cf8/gnocchi.a784be60-52a2-4952-b262-5ea96c49c64d/none_v3" 201 - "PUT http://[::1]:8080/1/41700/AUTH_34047920d4864ad78d85d02365686cf8/gnocchi.a784be60-52a2-4952-b262-5ea96c49c64d/none_v3" "tx0b0b54841a3445c3a8ba2-006924fb63" "object-server 97566" 0.0005 "-" 97264 0
Nov 24 19:42:11 np0005534223.novalocal object-server[97566]: ::1 - - [25/Nov/2025:00:42:11 +0000] "PUT /1/41700/AUTH_34047920d4864ad78d85d02365686cf8/gnocchi.a784be60-52a2-4952-b262-5ea96c49c64d/none_v3" 201 - "PUT http://[::1]:8080/v1/AUTH_34047920d4864ad78d85d02365686cf8/gnocchi.a784be60-52a2-4952-b262-5ea96c49c64d/none_v3" "tx0b0b54841a3445c3a8ba2-006924fb63" "proxy-server 90339" 0.0156 "-" 97566 0
Nov 24 19:42:11 np0005534223.novalocal proxy-server[90339]: ::1 ::1 25/Nov/2025/00/42/11 PUT /v1/AUTH_34047920d4864ad78d85d02365686cf8/gnocchi.a784be60-52a2-4952-b262-5ea96c49c64d/none_v3 HTTP/1.0 201 - python-swiftclient-4.2.0 gAAAAABpJPsEg9N3... 31 - - tx0b0b54841a3445c3a8ba2-006924fb63 - 0.0218 - - 1764031331.713069677 1764031331.734913588 0
Nov 24 19:42:11 np0005534223.novalocal kernel: device offline error, dev sda, sector 32 op 0x0:(READ) flags 0x80700 phys_seg 1 prio class 0
Nov 24 19:42:11 np0005534223.novalocal kernel: device offline error, dev sda, sector 32 op 0x0:(READ) flags 0x0 phys_seg 1 prio class 0
Nov 24 19:42:11 np0005534223.novalocal kernel: Buffer I/O error on dev sda, logical block 4, async page read
Nov 24 19:42:11 np0005534223.novalocal kernel: sd 2:0:0:0: [sda] Synchronizing SCSI cache
Nov 24 19:42:11 np0005534223.novalocal kernel: scsi 2:0:0:0: alua: Detached
Nov 24 19:42:11 np0005534223.novalocal systemd-udevd[105761]: sda1: Failed to process device, ignoring: No such file or directory
Nov 24 19:42:11 np0005534223.novalocal systemd-udevd[105770]: sda15: Failed to process device, ignoring: No such file or directory
Nov 24 19:42:11 np0005534223.novalocal iscsid[80136]: iscsid: Connection1:0 to [target: iqn.2010-10.org.openstack:volume-bba66df8-acbb-4b59-9393-817c14dbddf6, portal: ::1,3260] through [iface: default] is shutdown.
Nov 24 19:42:13 np0005534223.novalocal dnsmasq[105205]: read /var/lib/neutron/dhcp/17f3bd71-f53f-4dca-b83c-a003bc0c7274/addn_hosts - 1 addresses
Nov 24 19:42:13 np0005534223.novalocal dnsmasq-dhcp[105205]: read /var/lib/neutron/dhcp/17f3bd71-f53f-4dca-b83c-a003bc0c7274/host
Nov 24 19:42:13 np0005534223.novalocal dnsmasq-dhcp[105205]: read /var/lib/neutron/dhcp/17f3bd71-f53f-4dca-b83c-a003bc0c7274/opts
Nov 24 19:42:13 np0005534223.novalocal sudo[105878]: cinder : PWD=/ ; USER=root ; COMMAND=/usr/bin/cinder-rootwrap /etc/cinder/rootwrap.conf cinder-rtstool delete-initiator iqn.2010-10.org.openstack:volume-bba66df8-acbb-4b59-9393-817c14dbddf6 iqn.1994-05.com.redhat:964e22eb96f
Nov 24 19:42:13 np0005534223.novalocal systemd[1]: Started Session c139 of User root.
Nov 24 19:42:13 np0005534223.novalocal sudo[105878]: pam_unix(sudo:session): session opened for user root(uid=0) by (uid=165)
Nov 24 19:42:13 np0005534223.novalocal object-server[97631]: Starting object replication pass.
Nov 24 19:42:14 np0005534223.novalocal sudo[105878]: pam_unix(sudo:session): session closed for user root
Nov 24 19:42:14 np0005534223.novalocal systemd[1]: session-c139.scope: Deactivated successfully.
Nov 24 19:42:14 np0005534223.novalocal sudo[105889]: cinder : PWD=/ ; USER=root ; COMMAND=/usr/bin/cinder-rootwrap /etc/cinder/rootwrap.conf cinder-rtstool save
Nov 24 19:42:14 np0005534223.novalocal sshd-session[105867]: Invalid user client from 49.247.175.53 port 32204
Nov 24 19:42:14 np0005534223.novalocal systemd[1]: Started Session c140 of User root.
Nov 24 19:42:14 np0005534223.novalocal sudo[105889]: pam_unix(sudo:session): session opened for user root(uid=0) by (uid=165)
Nov 24 19:42:14 np0005534223.novalocal sshd-session[105867]: Received disconnect from 49.247.175.53 port 32204:11: Bye Bye [preauth]
Nov 24 19:42:14 np0005534223.novalocal sshd-session[105867]: Disconnected from invalid user client 49.247.175.53 port 32204 [preauth]
Nov 24 19:42:14 np0005534223.novalocal sudo[105889]: pam_unix(sudo:session): session closed for user root
Nov 24 19:42:14 np0005534223.novalocal systemd[1]: session-c140.scope: Deactivated successfully.
Nov 24 19:42:14 np0005534223.novalocal sudo[105907]: cinder : PWD=/ ; USER=root ; COMMAND=/usr/bin/cinder-rootwrap /etc/cinder/rootwrap.conf cinder-rtstool get-targets
Nov 24 19:42:14 np0005534223.novalocal systemd[1]: Started Session c141 of User root.
Nov 24 19:42:14 np0005534223.novalocal sudo[105907]: pam_unix(sudo:session): session opened for user root(uid=0) by (uid=165)
Nov 24 19:42:15 np0005534223.novalocal sudo[105907]: pam_unix(sudo:session): session closed for user root
Nov 24 19:42:15 np0005534223.novalocal systemd[1]: session-c141.scope: Deactivated successfully.
Nov 24 19:42:15 np0005534223.novalocal sudo[105916]: cinder : PWD=/ ; USER=root ; COMMAND=/usr/bin/cinder-rootwrap /etc/cinder/rootwrap.conf cinder-rtstool delete iqn.2010-10.org.openstack:volume-bba66df8-acbb-4b59-9393-817c14dbddf6
Nov 24 19:42:15 np0005534223.novalocal systemd[1]: Started Session c142 of User root.
Nov 24 19:42:15 np0005534223.novalocal sudo[105916]: pam_unix(sudo:session): session opened for user root(uid=0) by (uid=165)
Nov 24 19:42:15 np0005534223.novalocal object-server[97631]: 216/216 (100.00%) partitions replicated in 2.12s (101.78/sec, 0s remaining)
Nov 24 19:42:15 np0005534223.novalocal object-server[97631]: 432 successes, 0 failures
Nov 24 19:42:15 np0005534223.novalocal object-server[97631]: 216 suffixes checked - 13.89% hashed, 0.00% synced
Nov 24 19:42:15 np0005534223.novalocal object-server[97631]: Partition times: max 0.0761s, min 0.0032s, med 0.0064s
Nov 24 19:42:15 np0005534223.novalocal object-server[97631]: Object replication complete. (0.04 minutes)
Nov 24 19:42:15 np0005534223.novalocal sudo[105916]: pam_unix(sudo:session): session closed for user root
Nov 24 19:42:15 np0005534223.novalocal systemd[1]: session-c142.scope: Deactivated successfully.
Nov 24 19:42:15 np0005534223.novalocal sudo[105923]: cinder : PWD=/ ; USER=root ; COMMAND=/usr/bin/cinder-rootwrap /etc/cinder/rootwrap.conf cinder-rtstool save
Nov 24 19:42:15 np0005534223.novalocal systemd[1]: Started Session c143 of User root.
Nov 24 19:42:15 np0005534223.novalocal sudo[105923]: pam_unix(sudo:session): session opened for user root(uid=0) by (uid=165)
Nov 24 19:42:16 np0005534223.novalocal sudo[105923]: pam_unix(sudo:session): session closed for user root
Nov 24 19:42:16 np0005534223.novalocal systemd[1]: session-c143.scope: Deactivated successfully.
Nov 24 19:42:16 np0005534223.novalocal sshd-session[105911]: Received disconnect from 103.157.224.56 port 33784:11: Bye Bye [preauth]
Nov 24 19:42:16 np0005534223.novalocal sshd-session[105911]: Disconnected from authenticating user root 103.157.224.56 port 33784 [preauth]
Nov 24 19:42:16 np0005534223.novalocal object-server[97567]: ::1 - - [25/Nov/2025:00:42:16 +0000] "GET /1/25737/AUTH_34047920d4864ad78d85d02365686cf8/gnocchi.1268358b-be84-4547-a6d1-d3f3c6f31ef5/none_v3" 200 45 "GET http://[::1]:8080/v1/AUTH_34047920d4864ad78d85d02365686cf8/gnocchi.1268358b-be84-4547-a6d1-d3f3c6f31ef5/none_v3" "tx7865bc5010ad4e52b3368-006924fb68" "proxy-server 90340" 0.0007 "-" 97567 0
Nov 24 19:42:16 np0005534223.novalocal proxy-server[90340]: ::1 ::1 25/Nov/2025/00/42/16 GET /v1/AUTH_34047920d4864ad78d85d02365686cf8/gnocchi.1268358b-be84-4547-a6d1-d3f3c6f31ef5/none_v3 HTTP/1.0 200 - python-swiftclient-4.2.0 gAAAAABpJPsEC1e4... - 45 - tx7865bc5010ad4e52b3368-006924fb68 - 0.0077 - - 1764031336.623866796 1764031336.631548882 0
Nov 24 19:42:16 np0005534223.novalocal container-server[97261]: ::1 - - [25/Nov/2025:00:42:16 +0000] "GET /3/138169/AUTH_34047920d4864ad78d85d02365686cf8/gnocchi.1268358b-be84-4547-a6d1-d3f3c6f31ef5" 200 357 "GET http://[::1]:8080/v1/AUTH_34047920d4864ad78d85d02365686cf8/gnocchi.1268358b-be84-4547-a6d1-d3f3c6f31ef5?format=json&states=listing" "tx3f9e9cf904d949d187b99-006924fb68" "proxy-server 90340" 0.0020 "-" 97261 0
Nov 24 19:42:16 np0005534223.novalocal proxy-server[90340]: ::1 ::1 25/Nov/2025/00/42/16 GET /v1/AUTH_34047920d4864ad78d85d02365686cf8/gnocchi.1268358b-be84-4547-a6d1-d3f3c6f31ef5%3Fformat%3Djson%26states%3Dlisting HTTP/1.0 200 - python-swiftclient-4.2.0 gAAAAABpJPsEC1e4... - 357 - tx3f9e9cf904d949d187b99-006924fb68 - 0.0079 - - 1764031336.636658669 1764031336.644553900 0
Nov 24 19:42:16 np0005534223.novalocal object-server[97567]: ::1 - - [25/Nov/2025:00:42:16 +0000] "GET /2/202329/AUTH_34047920d4864ad78d85d02365686cf8/gnocchi.00cc3021-89bc-4556-a5a6-0b8e5e8d5cf7/none_v3" 200 31 "GET http://[::1]:8080/v1/AUTH_34047920d4864ad78d85d02365686cf8/gnocchi.00cc3021-89bc-4556-a5a6-0b8e5e8d5cf7/none_v3" "txc77ea329d61b490ebc812-006924fb68" "proxy-server 90339" 0.0008 "-" 97567 0
Nov 24 19:42:16 np0005534223.novalocal proxy-server[90339]: ::1 ::1 25/Nov/2025/00/42/16 GET /v1/AUTH_34047920d4864ad78d85d02365686cf8/gnocchi.00cc3021-89bc-4556-a5a6-0b8e5e8d5cf7/none_v3 HTTP/1.0 200 - python-swiftclient-4.2.0 gAAAAABpJPsEg9N3... - 31 - txc77ea329d61b490ebc812-006924fb68 - 0.0069 - - 1764031336.640213966 1764031336.647123337 0
Nov 24 19:42:16 np0005534223.novalocal container-server[97263]: ::1 - - [25/Nov/2025:00:42:16 +0000] "GET /1/138169/AUTH_34047920d4864ad78d85d02365686cf8/gnocchi.1268358b-be84-4547-a6d1-d3f3c6f31ef5" 200 2 "GET http://[::1]:8080/v1/AUTH_34047920d4864ad78d85d02365686cf8/gnocchi.1268358b-be84-4547-a6d1-d3f3c6f31ef5?format=json&marker=none_v3&states=listing" "txe534279727704ec68f239-006924fb68" "proxy-server 90340" 0.0024 "-" 97263 0
Nov 24 19:42:16 np0005534223.novalocal container-server[97264]: ::1 - - [25/Nov/2025:00:42:16 +0000] "GET /2/97342/AUTH_34047920d4864ad78d85d02365686cf8/gnocchi.00cc3021-89bc-4556-a5a6-0b8e5e8d5cf7" 200 357 "GET http://[::1]:8080/v1/AUTH_34047920d4864ad78d85d02365686cf8/gnocchi.00cc3021-89bc-4556-a5a6-0b8e5e8d5cf7?format=json&states=listing" "txbac02011be0c4306af294-006924fb68" "proxy-server 90339" 0.0071 "-" 97264 0
Nov 24 19:42:16 np0005534223.novalocal proxy-server[90340]: ::1 ::1 25/Nov/2025/00/42/16 GET /v1/AUTH_34047920d4864ad78d85d02365686cf8/gnocchi.1268358b-be84-4547-a6d1-d3f3c6f31ef5%3Fformat%3Djson%26marker%3Dnone_v3%26states%3Dlisting HTTP/1.0 200 - python-swiftclient-4.2.0 gAAAAABpJPsEC1e4... - 2 - txe534279727704ec68f239-006924fb68 - 0.0126 - - 1764031336.647837639 1764031336.660474062 0
Nov 24 19:42:16 np0005534223.novalocal proxy-server[90339]: ::1 ::1 25/Nov/2025/00/42/16 GET /v1/AUTH_34047920d4864ad78d85d02365686cf8/gnocchi.00cc3021-89bc-4556-a5a6-0b8e5e8d5cf7%3Fformat%3Djson%26states%3Dlisting HTTP/1.0 200 - python-swiftclient-4.2.0 gAAAAABpJPsEg9N3... - 357 - txbac02011be0c4306af294-006924fb68 - 0.0176 - - 1764031336.650825977 1764031336.668390512 0
Nov 24 19:42:16 np0005534223.novalocal object-server[97569]: ::1 - - [25/Nov/2025:00:42:16 +0000] "GET /1/4757/AUTH_34047920d4864ad78d85d02365686cf8/gnocchi.1268358b-be84-4547-a6d1-d3f3c6f31ef5/1763640000.0_mean_300.0_v3" 200 16 "GET http://[::1]:8080/v1/AUTH_34047920d4864ad78d85d02365686cf8/gnocchi.1268358b-be84-4547-a6d1-d3f3c6f31ef5/1763640000.0_mean_300.0_v3" "txab35d0bd072a4c9c81b77-006924fb68" "proxy-server 90340" 0.0009 "-" 97569 0
Nov 24 19:42:16 np0005534223.novalocal proxy-server[90340]: ::1 ::1 25/Nov/2025/00/42/16 GET /v1/AUTH_34047920d4864ad78d85d02365686cf8/gnocchi.1268358b-be84-4547-a6d1-d3f3c6f31ef5/1763640000.0_mean_300.0_v3 HTTP/1.0 200 - python-swiftclient-4.2.0 gAAAAABpJPsEC1e4... - 16 - txab35d0bd072a4c9c81b77-006924fb68 - 0.0061 - - 1764031336.667747736 1764031336.673853636 0
Nov 24 19:42:16 np0005534223.novalocal container-server[97264]: ::1 - - [25/Nov/2025:00:42:16 +0000] "GET /1/97342/AUTH_34047920d4864ad78d85d02365686cf8/gnocchi.00cc3021-89bc-4556-a5a6-0b8e5e8d5cf7" 200 2 "GET http://[::1]:8080/v1/AUTH_34047920d4864ad78d85d02365686cf8/gnocchi.00cc3021-89bc-4556-a5a6-0b8e5e8d5cf7?format=json&marker=none_v3&states=listing" "tx82b8073dc314473f9921f-006924fb68" "proxy-server 90339" 0.0209 "-" 97264 0
Nov 24 19:42:16 np0005534223.novalocal container-server[97263]: ::1 - - [25/Nov/2025:00:42:16 +0000] "PUT /3/138169/AUTH_34047920d4864ad78d85d02365686cf8/gnocchi.1268358b-be84-4547-a6d1-d3f3c6f31ef5/1763640000.0_mean_300.0_v3" 201 - "PUT http://[::1]:8080/3/4757/AUTH_34047920d4864ad78d85d02365686cf8/gnocchi.1268358b-be84-4547-a6d1-d3f3c6f31ef5/1763640000.0_mean_300.0_v3" "txdcea33afde944c8584054-006924fb68" "object-server 97567" 0.0005 "-" 97263 0
Nov 24 19:42:16 np0005534223.novalocal proxy-server[90339]: ::1 ::1 25/Nov/2025/00/42/16 GET /v1/AUTH_34047920d4864ad78d85d02365686cf8/gnocchi.00cc3021-89bc-4556-a5a6-0b8e5e8d5cf7%3Fformat%3Djson%26marker%3Dnone_v3%26states%3Dlisting HTTP/1.0 200 - python-swiftclient-4.2.0 gAAAAABpJPsEg9N3... - 2 - tx82b8073dc314473f9921f-006924fb68 - 0.0278 - - 1764031336.670737743 1764031336.698569536 0
Nov 24 19:42:16 np0005534223.novalocal object-server[97567]: ::1 - - [25/Nov/2025:00:42:16 +0000] "PUT /3/4757/AUTH_34047920d4864ad78d85d02365686cf8/gnocchi.1268358b-be84-4547-a6d1-d3f3c6f31ef5/1763640000.0_mean_300.0_v3" 201 - "PUT http://[::1]:8080/v1/AUTH_34047920d4864ad78d85d02365686cf8/gnocchi.1268358b-be84-4547-a6d1-d3f3c6f31ef5/1763640000.0_mean_300.0_v3" "txdcea33afde944c8584054-006924fb68" "proxy-server 90340" 0.0132 "-" 97567 0
Nov 24 19:42:16 np0005534223.novalocal container-server[97264]: ::1 - - [25/Nov/2025:00:42:16 +0000] "PUT /2/138169/AUTH_34047920d4864ad78d85d02365686cf8/gnocchi.1268358b-be84-4547-a6d1-d3f3c6f31ef5/1763640000.0_mean_300.0_v3" 201 - "PUT http://[::1]:8080/1/4757/AUTH_34047920d4864ad78d85d02365686cf8/gnocchi.1268358b-be84-4547-a6d1-d3f3c6f31ef5/1763640000.0_mean_300.0_v3" "txdcea33afde944c8584054-006924fb68" "object-server 97566" 0.0004 "-" 97264 0
Nov 24 19:42:16 np0005534223.novalocal object-server[97566]: ::1 - - [25/Nov/2025:00:42:16 +0000] "PUT /1/4757/AUTH_34047920d4864ad78d85d02365686cf8/gnocchi.1268358b-be84-4547-a6d1-d3f3c6f31ef5/1763640000.0_mean_300.0_v3" 201 - "PUT http://[::1]:8080/v1/AUTH_34047920d4864ad78d85d02365686cf8/gnocchi.1268358b-be84-4547-a6d1-d3f3c6f31ef5/1763640000.0_mean_300.0_v3" "txdcea33afde944c8584054-006924fb68" "proxy-server 90340" 0.0156 "-" 97566 0
Nov 24 19:42:16 np0005534223.novalocal container-server[97262]: ::1 - - [25/Nov/2025:00:42:16 +0000] "PUT /1/138169/AUTH_34047920d4864ad78d85d02365686cf8/gnocchi.1268358b-be84-4547-a6d1-d3f3c6f31ef5/1763640000.0_mean_300.0_v3" 201 - "PUT http://[::1]:8080/2/4757/AUTH_34047920d4864ad78d85d02365686cf8/gnocchi.1268358b-be84-4547-a6d1-d3f3c6f31ef5/1763640000.0_mean_300.0_v3" "txdcea33afde944c8584054-006924fb68" "object-server 97567" 0.0004 "-" 97262 0
Nov 24 19:42:16 np0005534223.novalocal object-server[97567]: ::1 - - [25/Nov/2025:00:42:16 +0000] "PUT /2/4757/AUTH_34047920d4864ad78d85d02365686cf8/gnocchi.1268358b-be84-4547-a6d1-d3f3c6f31ef5/1763640000.0_mean_300.0_v3" 201 - "PUT http://[::1]:8080/v1/AUTH_34047920d4864ad78d85d02365686cf8/gnocchi.1268358b-be84-4547-a6d1-d3f3c6f31ef5/1763640000.0_mean_300.0_v3" "txdcea33afde944c8584054-006924fb68" "proxy-server 90340" 0.0190 "-" 97567 0
Nov 24 19:42:16 np0005534223.novalocal proxy-server[90340]: ::1 ::1 25/Nov/2025/00/42/16 PUT /v1/AUTH_34047920d4864ad78d85d02365686cf8/gnocchi.1268358b-be84-4547-a6d1-d3f3c6f31ef5/1763640000.0_mean_300.0_v3 HTTP/1.0 201 - python-swiftclient-4.2.0 gAAAAABpJPsEC1e4... 16 - - txdcea33afde944c8584054-006924fb68 - 0.0247 - - 1764031336.679470301 1764031336.704172850 0
Nov 24 19:42:16 np0005534223.novalocal object-server[97566]: ::1 - - [25/Nov/2025:00:42:16 +0000] "GET /3/201501/AUTH_34047920d4864ad78d85d02365686cf8/gnocchi.00cc3021-89bc-4556-a5a6-0b8e5e8d5cf7/1763640000.0_mean_300.0_v3" 200 16 "GET http://[::1]:8080/v1/AUTH_34047920d4864ad78d85d02365686cf8/gnocchi.00cc3021-89bc-4556-a5a6-0b8e5e8d5cf7/1763640000.0_mean_300.0_v3" "txe80cb7f8555b4de1bc157-006924fb68" "proxy-server 90339" 0.0008 "-" 97566 0
Nov 24 19:42:16 np0005534223.novalocal proxy-server[90339]: ::1 ::1 25/Nov/2025/00/42/16 GET /v1/AUTH_34047920d4864ad78d85d02365686cf8/gnocchi.00cc3021-89bc-4556-a5a6-0b8e5e8d5cf7/1763640000.0_mean_300.0_v3 HTTP/1.0 200 - python-swiftclient-4.2.0 gAAAAABpJPsEg9N3... - 16 - txe80cb7f8555b4de1bc157-006924fb68 - 0.0089 - - 1764031336.703742743 1764031336.712607145 0
Nov 24 19:42:16 np0005534223.novalocal container-server[97264]: ::1 - - [25/Nov/2025:00:42:16 +0000] "PUT /3/138169/AUTH_34047920d4864ad78d85d02365686cf8/gnocchi.1268358b-be84-4547-a6d1-d3f3c6f31ef5/none_v3" 201 - "PUT http://[::1]:8080/2/25737/AUTH_34047920d4864ad78d85d02365686cf8/gnocchi.1268358b-be84-4547-a6d1-d3f3c6f31ef5/none_v3" "txb23abd4f8bcf4d4fac5ef-006924fb68" "object-server 97569" 0.0006 "-" 97264 0
Nov 24 19:42:16 np0005534223.novalocal object-server[97569]: ::1 - - [25/Nov/2025:00:42:16 +0000] "PUT /2/25737/AUTH_34047920d4864ad78d85d02365686cf8/gnocchi.1268358b-be84-4547-a6d1-d3f3c6f31ef5/none_v3" 201 - "PUT http://[::1]:8080/v1/AUTH_34047920d4864ad78d85d02365686cf8/gnocchi.1268358b-be84-4547-a6d1-d3f3c6f31ef5/none_v3" "txb23abd4f8bcf4d4fac5ef-006924fb68" "proxy-server 90340" 0.0401 "-" 97569 0
Nov 24 19:42:16 np0005534223.novalocal container-server[97261]: ::1 - - [25/Nov/2025:00:42:16 +0000] "PUT /1/138169/AUTH_34047920d4864ad78d85d02365686cf8/gnocchi.1268358b-be84-4547-a6d1-d3f3c6f31ef5/none_v3" 201 - "PUT http://[::1]:8080/1/25737/AUTH_34047920d4864ad78d85d02365686cf8/gnocchi.1268358b-be84-4547-a6d1-d3f3c6f31ef5/none_v3" "txb23abd4f8bcf4d4fac5ef-006924fb68" "object-server 97567" 0.0004 "-" 97261 0
Nov 24 19:42:16 np0005534223.novalocal container-server[97262]: ::1 - - [25/Nov/2025:00:42:16 +0000] "PUT /2/138169/AUTH_34047920d4864ad78d85d02365686cf8/gnocchi.1268358b-be84-4547-a6d1-d3f3c6f31ef5/none_v3" 201 - "PUT http://[::1]:8080/3/25737/AUTH_34047920d4864ad78d85d02365686cf8/gnocchi.1268358b-be84-4547-a6d1-d3f3c6f31ef5/none_v3" "txb23abd4f8bcf4d4fac5ef-006924fb68" "object-server 97568" 0.0020 "-" 97262 0
Nov 24 19:42:16 np0005534223.novalocal object-server[97567]: ::1 - - [25/Nov/2025:00:42:16 +0000] "PUT /1/25737/AUTH_34047920d4864ad78d85d02365686cf8/gnocchi.1268358b-be84-4547-a6d1-d3f3c6f31ef5/none_v3" 201 - "PUT http://[::1]:8080/v1/AUTH_34047920d4864ad78d85d02365686cf8/gnocchi.1268358b-be84-4547-a6d1-d3f3c6f31ef5/none_v3" "txb23abd4f8bcf4d4fac5ef-006924fb68" "proxy-server 90340" 0.0442 "-" 97567 0
Nov 24 19:42:16 np0005534223.novalocal object-server[97568]: ::1 - - [25/Nov/2025:00:42:16 +0000] "PUT /3/25737/AUTH_34047920d4864ad78d85d02365686cf8/gnocchi.1268358b-be84-4547-a6d1-d3f3c6f31ef5/none_v3" 201 - "PUT http://[::1]:8080/v1/AUTH_34047920d4864ad78d85d02365686cf8/gnocchi.1268358b-be84-4547-a6d1-d3f3c6f31ef5/none_v3" "txb23abd4f8bcf4d4fac5ef-006924fb68" "proxy-server 90340" 0.0451 "-" 97568 0
Nov 24 19:42:16 np0005534223.novalocal container-server[97264]: ::1 - - [25/Nov/2025:00:42:16 +0000] "PUT /2/97342/AUTH_34047920d4864ad78d85d02365686cf8/gnocchi.00cc3021-89bc-4556-a5a6-0b8e5e8d5cf7/1763640000.0_mean_300.0_v3" 201 - "PUT http://[::1]:8080/3/201501/AUTH_34047920d4864ad78d85d02365686cf8/gnocchi.00cc3021-89bc-4556-a5a6-0b8e5e8d5cf7/1763640000.0_mean_300.0_v3" "txfc7efeffa22b4f7fa6cb8-006924fb68" "object-server 97567" 0.0005 "-" 97264 0
Nov 24 19:42:16 np0005534223.novalocal object-server[97567]: ::1 - - [25/Nov/2025:00:42:16 +0000] "PUT /3/201501/AUTH_34047920d4864ad78d85d02365686cf8/gnocchi.00cc3021-89bc-4556-a5a6-0b8e5e8d5cf7/1763640000.0_mean_300.0_v3" 201 - "PUT http://[::1]:8080/v1/AUTH_34047920d4864ad78d85d02365686cf8/gnocchi.00cc3021-89bc-4556-a5a6-0b8e5e8d5cf7/1763640000.0_mean_300.0_v3" "txfc7efeffa22b4f7fa6cb8-006924fb68" "proxy-server 90339" 0.0354 "-" 97567 0
Nov 24 19:42:16 np0005534223.novalocal container-server[97264]: ::1 - - [25/Nov/2025:00:42:16 +0000] "PUT /3/97342/AUTH_34047920d4864ad78d85d02365686cf8/gnocchi.00cc3021-89bc-4556-a5a6-0b8e5e8d5cf7/1763640000.0_mean_300.0_v3" 201 - "PUT http://[::1]:8080/2/201501/AUTH_34047920d4864ad78d85d02365686cf8/gnocchi.00cc3021-89bc-4556-a5a6-0b8e5e8d5cf7/1763640000.0_mean_300.0_v3" "txfc7efeffa22b4f7fa6cb8-006924fb68" "object-server 97568" 0.0004 "-" 97264 0
Nov 24 19:42:16 np0005534223.novalocal container-server[97261]: ::1 - - [25/Nov/2025:00:42:16 +0000] "PUT /1/97342/AUTH_34047920d4864ad78d85d02365686cf8/gnocchi.00cc3021-89bc-4556-a5a6-0b8e5e8d5cf7/1763640000.0_mean_300.0_v3" 201 - "PUT http://[::1]:8080/1/201501/AUTH_34047920d4864ad78d85d02365686cf8/gnocchi.00cc3021-89bc-4556-a5a6-0b8e5e8d5cf7/1763640000.0_mean_300.0_v3" "txfc7efeffa22b4f7fa6cb8-006924fb68" "object-server 97568" 0.0005 "-" 97261 0
Nov 24 19:42:16 np0005534223.novalocal proxy-server[90340]: ::1 ::1 25/Nov/2025/00/42/16 PUT /v1/AUTH_34047920d4864ad78d85d02365686cf8/gnocchi.1268358b-be84-4547-a6d1-d3f3c6f31ef5/none_v3 HTTP/1.0 201 - python-swiftclient-4.2.0 gAAAAABpJPsEC1e4... 52 - - txb23abd4f8bcf4d4fac5ef-006924fb68 - 0.0539 - - 1764031336.706945419 1764031336.760889292 0
Nov 24 19:42:16 np0005534223.novalocal object-server[97568]: ::1 - - [25/Nov/2025:00:42:16 +0000] "PUT /1/201501/AUTH_34047920d4864ad78d85d02365686cf8/gnocchi.00cc3021-89bc-4556-a5a6-0b8e5e8d5cf7/1763640000.0_mean_300.0_v3" 201 - "PUT http://[::1]:8080/v1/AUTH_34047920d4864ad78d85d02365686cf8/gnocchi.00cc3021-89bc-4556-a5a6-0b8e5e8d5cf7/1763640000.0_mean_300.0_v3" "txfc7efeffa22b4f7fa6cb8-006924fb68" "proxy-server 90339" 0.0384 "-" 97568 0
Nov 24 19:42:16 np0005534223.novalocal object-server[97568]: ::1 - - [25/Nov/2025:00:42:16 +0000] "PUT /2/201501/AUTH_34047920d4864ad78d85d02365686cf8/gnocchi.00cc3021-89bc-4556-a5a6-0b8e5e8d5cf7/1763640000.0_mean_300.0_v3" 201 - "PUT http://[::1]:8080/v1/AUTH_34047920d4864ad78d85d02365686cf8/gnocchi.00cc3021-89bc-4556-a5a6-0b8e5e8d5cf7/1763640000.0_mean_300.0_v3" "txfc7efeffa22b4f7fa6cb8-006924fb68" "proxy-server 90339" 0.0377 "-" 97568 0
Nov 24 19:42:16 np0005534223.novalocal proxy-server[90339]: ::1 ::1 25/Nov/2025/00/42/16 PUT /v1/AUTH_34047920d4864ad78d85d02365686cf8/gnocchi.00cc3021-89bc-4556-a5a6-0b8e5e8d5cf7/1763640000.0_mean_300.0_v3 HTTP/1.0 201 - python-swiftclient-4.2.0 gAAAAABpJPsEg9N3... 16 - - txfc7efeffa22b4f7fa6cb8-006924fb68 - 0.0486 - - 1764031336.716118336 1764031336.764670372 0
Nov 24 19:42:16 np0005534223.novalocal object-server[97569]: ::1 - - [25/Nov/2025:00:42:16 +0000] "GET /2/178041/AUTH_34047920d4864ad78d85d02365686cf8/gnocchi.9b4ccbe3-a54f-4b54-a4c2-43458dba13ca/none_v3" 200 26 "GET http://[::1]:8080/v1/AUTH_34047920d4864ad78d85d02365686cf8/gnocchi.9b4ccbe3-a54f-4b54-a4c2-43458dba13ca/none_v3" "tx410fc73e0e834a6aa3eed-006924fb68" "proxy-server 90340" 0.0006 "-" 97569 0
Nov 24 19:42:16 np0005534223.novalocal proxy-server[90340]: ::1 ::1 25/Nov/2025/00/42/16 GET /v1/AUTH_34047920d4864ad78d85d02365686cf8/gnocchi.9b4ccbe3-a54f-4b54-a4c2-43458dba13ca/none_v3 HTTP/1.0 200 - python-swiftclient-4.2.0 gAAAAABpJPsEC1e4... - 26 - tx410fc73e0e834a6aa3eed-006924fb68 - 0.0076 - - 1764031336.783379793 1764031336.790986061 0
Nov 24 19:42:16 np0005534223.novalocal container-server[97261]: ::1 - - [25/Nov/2025:00:42:16 +0000] "PUT /3/97342/AUTH_34047920d4864ad78d85d02365686cf8/gnocchi.00cc3021-89bc-4556-a5a6-0b8e5e8d5cf7/none_v3" 201 - "PUT http://[::1]:8080/2/202329/AUTH_34047920d4864ad78d85d02365686cf8/gnocchi.00cc3021-89bc-4556-a5a6-0b8e5e8d5cf7/none_v3" "txf763c97b42db4e4facfa8-006924fb68" "object-server 97569" 0.0005 "-" 97261 0
Nov 24 19:42:16 np0005534223.novalocal container-server[97263]: ::1 - - [25/Nov/2025:00:42:16 +0000] "PUT /1/97342/AUTH_34047920d4864ad78d85d02365686cf8/gnocchi.00cc3021-89bc-4556-a5a6-0b8e5e8d5cf7/none_v3" 201 - "PUT http://[::1]:8080/1/202329/AUTH_34047920d4864ad78d85d02365686cf8/gnocchi.00cc3021-89bc-4556-a5a6-0b8e5e8d5cf7/none_v3" "txf763c97b42db4e4facfa8-006924fb68" "object-server 97567" 0.0005 "-" 97263 0
Nov 24 19:42:16 np0005534223.novalocal object-server[97569]: ::1 - - [25/Nov/2025:00:42:16 +0000] "PUT /2/202329/AUTH_34047920d4864ad78d85d02365686cf8/gnocchi.00cc3021-89bc-4556-a5a6-0b8e5e8d5cf7/none_v3" 201 - "PUT http://[::1]:8080/v1/AUTH_34047920d4864ad78d85d02365686cf8/gnocchi.00cc3021-89bc-4556-a5a6-0b8e5e8d5cf7/none_v3" "txf763c97b42db4e4facfa8-006924fb68" "proxy-server 90339" 0.0417 "-" 97569 0
Nov 24 19:42:16 np0005534223.novalocal container-server[97264]: ::1 - - [25/Nov/2025:00:42:16 +0000] "PUT /2/97342/AUTH_34047920d4864ad78d85d02365686cf8/gnocchi.00cc3021-89bc-4556-a5a6-0b8e5e8d5cf7/none_v3" 201 - "PUT http://[::1]:8080/3/202329/AUTH_34047920d4864ad78d85d02365686cf8/gnocchi.00cc3021-89bc-4556-a5a6-0b8e5e8d5cf7/none_v3" "txf763c97b42db4e4facfa8-006924fb68" "object-server 97566" 0.0006 "-" 97264 0
Nov 24 19:42:16 np0005534223.novalocal object-server[97567]: ::1 - - [25/Nov/2025:00:42:16 +0000] "PUT /1/202329/AUTH_34047920d4864ad78d85d02365686cf8/gnocchi.00cc3021-89bc-4556-a5a6-0b8e5e8d5cf7/none_v3" 201 - "PUT http://[::1]:8080/v1/AUTH_34047920d4864ad78d85d02365686cf8/gnocchi.00cc3021-89bc-4556-a5a6-0b8e5e8d5cf7/none_v3" "txf763c97b42db4e4facfa8-006924fb68" "proxy-server 90339" 0.0424 "-" 97567 0
Nov 24 19:42:16 np0005534223.novalocal object-server[97566]: ::1 - - [25/Nov/2025:00:42:16 +0000] "PUT /3/202329/AUTH_34047920d4864ad78d85d02365686cf8/gnocchi.00cc3021-89bc-4556-a5a6-0b8e5e8d5cf7/none_v3" 201 - "PUT http://[::1]:8080/v1/AUTH_34047920d4864ad78d85d02365686cf8/gnocchi.00cc3021-89bc-4556-a5a6-0b8e5e8d5cf7/none_v3" "txf763c97b42db4e4facfa8-006924fb68" "proxy-server 90339" 0.0431 "-" 97566 0
Nov 24 19:42:16 np0005534223.novalocal container-server[97264]: ::1 - - [25/Nov/2025:00:42:16 +0000] "GET /1/177922/AUTH_34047920d4864ad78d85d02365686cf8/gnocchi.9b4ccbe3-a54f-4b54-a4c2-43458dba13ca" 200 357 "GET http://[::1]:8080/v1/AUTH_34047920d4864ad78d85d02365686cf8/gnocchi.9b4ccbe3-a54f-4b54-a4c2-43458dba13ca?format=json&states=listing" "txeebd66b007034004b96f9-006924fb68" "proxy-server 90340" 0.0180 "-" 97264 0
Nov 24 19:42:16 np0005534223.novalocal proxy-server[90339]: ::1 ::1 25/Nov/2025/00/42/16 PUT /v1/AUTH_34047920d4864ad78d85d02365686cf8/gnocchi.00cc3021-89bc-4556-a5a6-0b8e5e8d5cf7/none_v3 HTTP/1.0 201 - python-swiftclient-4.2.0 gAAAAABpJPsEg9N3... 46 - - txf763c97b42db4e4facfa8-006924fb68 - 0.0504 - - 1764031336.768901110 1764031336.819328308 0
Nov 24 19:42:16 np0005534223.novalocal proxy-server[90340]: ::1 ::1 25/Nov/2025/00/42/16 GET /v1/AUTH_34047920d4864ad78d85d02365686cf8/gnocchi.9b4ccbe3-a54f-4b54-a4c2-43458dba13ca%3Fformat%3Djson%26states%3Dlisting HTTP/1.0 200 - python-swiftclient-4.2.0 gAAAAABpJPsEC1e4... - 357 - txeebd66b007034004b96f9-006924fb68 - 0.0248 - - 1764031336.796313047 1764031336.821149111 0
Nov 24 19:42:16 np0005534223.novalocal container-server[97264]: ::1 - - [25/Nov/2025:00:42:16 +0000] "GET /3/177922/AUTH_34047920d4864ad78d85d02365686cf8/gnocchi.9b4ccbe3-a54f-4b54-a4c2-43458dba13ca" 200 2 "GET http://[::1]:8080/v1/AUTH_34047920d4864ad78d85d02365686cf8/gnocchi.9b4ccbe3-a54f-4b54-a4c2-43458dba13ca?format=json&marker=none_v3&states=listing" "txdb75eb7a808042c88d16c-006924fb68" "proxy-server 90340" 0.0058 "-" 97264 0
Nov 24 19:42:16 np0005534223.novalocal proxy-server[90340]: ::1 ::1 25/Nov/2025/00/42/16 GET /v1/AUTH_34047920d4864ad78d85d02365686cf8/gnocchi.9b4ccbe3-a54f-4b54-a4c2-43458dba13ca%3Fformat%3Djson%26marker%3Dnone_v3%26states%3Dlisting HTTP/1.0 200 - python-swiftclient-4.2.0 gAAAAABpJPsEC1e4... - 2 - txdb75eb7a808042c88d16c-006924fb68 - 0.0118 - - 1764031336.824300766 1764031336.836110592 0
Nov 24 19:42:16 np0005534223.novalocal object-server[97567]: ::1 - - [25/Nov/2025:00:42:16 +0000] "GET /3/167407/AUTH_34047920d4864ad78d85d02365686cf8/gnocchi.9b4ccbe3-a54f-4b54-a4c2-43458dba13ca/1763640000.0_mean_300.0_v3" 200 16 "GET http://[::1]:8080/v1/AUTH_34047920d4864ad78d85d02365686cf8/gnocchi.9b4ccbe3-a54f-4b54-a4c2-43458dba13ca/1763640000.0_mean_300.0_v3" "txe19c30c3152844d69d591-006924fb68" "proxy-server 90340" 0.0011 "-" 97567 0
Nov 24 19:42:16 np0005534223.novalocal proxy-server[90340]: ::1 ::1 25/Nov/2025/00/42/16 GET /v1/AUTH_34047920d4864ad78d85d02365686cf8/gnocchi.9b4ccbe3-a54f-4b54-a4c2-43458dba13ca/1763640000.0_mean_300.0_v3 HTTP/1.0 200 - python-swiftclient-4.2.0 gAAAAABpJPsEC1e4... - 16 - txe19c30c3152844d69d591-006924fb68 - 0.0106 - - 1764031336.840333462 1764031336.850944281 0
Nov 24 19:42:16 np0005534223.novalocal object-server[97568]: ::1 - - [25/Nov/2025:00:42:16 +0000] "GET /1/173037/AUTH_34047920d4864ad78d85d02365686cf8/gnocchi.7794dd1e-5fea-4ed1-8f35-730b9593bfd6/none_v3" 200 30 "GET http://[::1]:8080/v1/AUTH_34047920d4864ad78d85d02365686cf8/gnocchi.7794dd1e-5fea-4ed1-8f35-730b9593bfd6/none_v3" "txb95558ab20c44951a0484-006924fb68" "proxy-server 90339" 0.0007 "-" 97568 0
Nov 24 19:42:16 np0005534223.novalocal proxy-server[90339]: ::1 ::1 25/Nov/2025/00/42/16 GET /v1/AUTH_34047920d4864ad78d85d02365686cf8/gnocchi.7794dd1e-5fea-4ed1-8f35-730b9593bfd6/none_v3 HTTP/1.0 200 - python-swiftclient-4.2.0 gAAAAABpJPsEg9N3... - 30 - txb95558ab20c44951a0484-006924fb68 - 0.0192 - - 1764031336.837460518 1764031336.856703520 0
Nov 24 19:42:16 np0005534223.novalocal container-server[97262]: ::1 - - [25/Nov/2025:00:42:16 +0000] "GET /2/87312/AUTH_34047920d4864ad78d85d02365686cf8/gnocchi.7794dd1e-5fea-4ed1-8f35-730b9593bfd6" 200 357 "GET http://[::1]:8080/v1/AUTH_34047920d4864ad78d85d02365686cf8/gnocchi.7794dd1e-5fea-4ed1-8f35-730b9593bfd6?format=json&states=listing" "tx7f71e530f56b41f093fee-006924fb68" "proxy-server 90339" 0.0063 "-" 97262 0
Nov 24 19:42:16 np0005534223.novalocal proxy-server[90339]: ::1 ::1 25/Nov/2025/00/42/16 GET /v1/AUTH_34047920d4864ad78d85d02365686cf8/gnocchi.7794dd1e-5fea-4ed1-8f35-730b9593bfd6%3Fformat%3Djson%26states%3Dlisting HTTP/1.0 200 - python-swiftclient-4.2.0 gAAAAABpJPsEg9N3... - 357 - tx7f71e530f56b41f093fee-006924fb68 - 0.0124 - - 1764031336.859627247 1764031336.872073412 0
Nov 24 19:42:16 np0005534223.novalocal container-server[97263]: ::1 - - [25/Nov/2025:00:42:16 +0000] "PUT /3/177922/AUTH_34047920d4864ad78d85d02365686cf8/gnocchi.9b4ccbe3-a54f-4b54-a4c2-43458dba13ca/1763640000.0_mean_300.0_v3" 201 - "PUT http://[::1]:8080/1/167407/AUTH_34047920d4864ad78d85d02365686cf8/gnocchi.9b4ccbe3-a54f-4b54-a4c2-43458dba13ca/1763640000.0_mean_300.0_v3" "tx86e240453bac4200a0987-006924fb68" "object-server 97567" 0.0004 "-" 97263 0
