2026-02-23 07:48:38.715 18 INFO neutron.wsgi [req-b911e261-6351-421c-a783-b8ee894ed98e 4da04367381d4e54be506e5567c3fdc6 fa681627611546b6a325b0c2786f3cdb - default default] 192.168.122.99,192.168.122.100 "GET /v2.0/ports?name=np0005626484_ovn_physnet_datacentre&network_id=6ba26ce3-f150-45a9-bc03-94dfdc75d2cc&tags=tripleo_stack_name%3Dovercloud HTTP/1.1" status: 200 len: 186 time: 0.0328093
2026-02-23 07:48:38.724 18 DEBUG neutron.api.v2.base [req-7b752f88-f21e-4db9-a156-0eedff607ecc 4da04367381d4e54be506e5567c3fdc6 fa681627611546b6a325b0c2786f3cdb - default default] Request body: {'port': {'network_id': '6ba26ce3-f150-45a9-bc03-94dfdc75d2cc', 'name': 'np0005626484_ovn_physnet_datacentre', 'dns_name': 'np0005626484'}} prepare_request_body /usr/lib/python3.9/site-packages/neutron/api/v2/base.py:729
2026-02-23 07:48:38.734 18 DEBUG neutron.pecan_wsgi.hooks.quota_enforcement [req-7b752f88-f21e-4db9-a156-0eedff607ecc 4da04367381d4e54be506e5567c3fdc6 fa681627611546b6a325b0c2786f3cdb - default default] Made reservation on behalf of fa681627611546b6a325b0c2786f3cdb for: {'port': 1} before /usr/lib/python3.9/site-packages/neutron/pecan_wsgi/hooks/quota_enforcement.py:53
2026-02-23 07:48:38.735 18 DEBUG neutron_lib.callbacks.manager [req-7b752f88-f21e-4db9-a156-0eedff607ecc 4da04367381d4e54be506e5567c3fdc6 fa681627611546b6a325b0c2786f3cdb - default default] Notify callbacks ['neutron.plugins.ml2.plugin.SecurityGroupDbMixin._ensure_default_security_group_handler-33261388'] for port, before_create _notify_loop /usr/lib/python3.9/site-packages/neutron_lib/callbacks/manager.py:200
2026-02-23 07:48:38.749 16 INFO neutron.wsgi [req-732cddc3-0f06-45f0-ace8-f332a5efecdb 4da04367381d4e54be506e5567c3fdc6 fa681627611546b6a325b0c2786f3cdb - default default] 192.168.122.99,192.168.122.100 "GET /v2.0/ports?name=np0005626485_ovn_physnet_datacentre&network_id=6ba26ce3-f150-45a9-bc03-94dfdc75d2cc&tags=tripleo_stack_name%3Dovercloud HTTP/1.1" status: 200 len: 186 time: 0.0504296
2026-02-23 07:48:38.754 18 DEBUG neutron.notifiers.nova [req-7b752f88-f21e-4db9-a156-0eedff607ecc 4da04367381d4e54be506e5567c3fdc6 fa681627611546b6a325b0c2786f3cdb - default default] device_id is not set on port f50732b3-de4d-43e7-bd56-bc0c85280125 yet. _can_notify /usr/lib/python3.9/site-packages/neutron/notifiers/nova.py:201
2026-02-23 07:48:38.761 15 INFO neutron.wsgi [req-d7798e09-d2d7-4b62-9305-db937f8c9c3e 4da04367381d4e54be506e5567c3fdc6 fa681627611546b6a325b0c2786f3cdb - default default] 192.168.122.99,192.168.122.100 "GET /v2.0/ports?name=np0005626487_ovn_physnet_datacentre&network_id=6ba26ce3-f150-45a9-bc03-94dfdc75d2cc&tags=tripleo_stack_name%3Dovercloud HTTP/1.1" status: 200 len: 186 time: 0.0620918
2026-02-23 07:48:38.762 16 DEBUG neutron.api.v2.base [req-f3e314c2-3158-467c-8675-7aff0e10e054 4da04367381d4e54be506e5567c3fdc6 fa681627611546b6a325b0c2786f3cdb - default default] Request body: {'port': {'network_id': '6ba26ce3-f150-45a9-bc03-94dfdc75d2cc', 'name': 'np0005626485_ovn_physnet_datacentre', 'dns_name': 'np0005626485'}} prepare_request_body /usr/lib/python3.9/site-packages/neutron/api/v2/base.py:729
2026-02-23 07:48:38.772 15 DEBUG neutron.api.v2.base [req-34520ebe-0b7e-47a5-b532-e635e3c7ae94 4da04367381d4e54be506e5567c3fdc6 fa681627611546b6a325b0c2786f3cdb - default default] Request body: {'port': {'network_id': '6ba26ce3-f150-45a9-bc03-94dfdc75d2cc', 'name': 'np0005626487_ovn_physnet_datacentre', 'dns_name': 'np0005626487'}} prepare_request_body /usr/lib/python3.9/site-packages/neutron/api/v2/base.py:729
2026-02-23 07:48:38.775 16 DEBUG neutron.pecan_wsgi.hooks.quota_enforcement [req-f3e314c2-3158-467c-8675-7aff0e10e054 4da04367381d4e54be506e5567c3fdc6 fa681627611546b6a325b0c2786f3cdb - default default] Made reservation on behalf of fa681627611546b6a325b0c2786f3cdb for: {'port': 1} before /usr/lib/python3.9/site-packages/neutron/pecan_wsgi/hooks/quota_enforcement.py:53
2026-02-23 07:48:38.777 16 DEBUG neutron_lib.callbacks.manager [req-f3e314c2-3158-467c-8675-7aff0e10e054 4da04367381d4e54be506e5567c3fdc6 fa681627611546b6a325b0c2786f3cdb - default default] Notify callbacks ['neutron.plugins.ml2.plugin.SecurityGroupDbMixin._ensure_default_security_group_handler-33261388'] for port, before_create _notify_loop /usr/lib/python3.9/site-packages/neutron_lib/callbacks/manager.py:200
2026-02-23 07:48:38.784 15 DEBUG neutron.pecan_wsgi.hooks.quota_enforcement [req-34520ebe-0b7e-47a5-b532-e635e3c7ae94 4da04367381d4e54be506e5567c3fdc6 fa681627611546b6a325b0c2786f3cdb - default default] Made reservation on behalf of fa681627611546b6a325b0c2786f3cdb for: {'port': 1} before /usr/lib/python3.9/site-packages/neutron/pecan_wsgi/hooks/quota_enforcement.py:53
2026-02-23 07:48:38.786 15 DEBUG neutron_lib.callbacks.manager [req-34520ebe-0b7e-47a5-b532-e635e3c7ae94 4da04367381d4e54be506e5567c3fdc6 fa681627611546b6a325b0c2786f3cdb - default default] Notify callbacks ['neutron.plugins.ml2.plugin.SecurityGroupDbMixin._ensure_default_security_group_handler-33261388'] for port, before_create _notify_loop /usr/lib/python3.9/site-packages/neutron_lib/callbacks/manager.py:200
2026-02-23 07:48:38.801 16 DEBUG neutron.notifiers.nova [req-f3e314c2-3158-467c-8675-7aff0e10e054 4da04367381d4e54be506e5567c3fdc6 fa681627611546b6a325b0c2786f3cdb - default default] device_id is not set on port d9935a55-91e4-4ecd-9c1c-3969d73958cb yet. _can_notify /usr/lib/python3.9/site-packages/neutron/notifiers/nova.py:201
2026-02-23 07:48:38.812 15 DEBUG neutron.notifiers.nova [req-34520ebe-0b7e-47a5-b532-e635e3c7ae94 4da04367381d4e54be506e5567c3fdc6 fa681627611546b6a325b0c2786f3cdb - default default] device_id is not set on port 4f19f178-4465-41d7-95be-a674174a4da4 yet. _can_notify /usr/lib/python3.9/site-packages/neutron/notifiers/nova.py:201
2026-02-23 07:48:38.903 18 DEBUG neutron_lib.callbacks.manager [req-7b752f88-f21e-4db9-a156-0eedff607ecc 4da04367381d4e54be506e5567c3fdc6 fa681627611546b6a325b0c2786f3cdb - default default] Notify callbacks [] for allowed_address_pair, before_create _notify_loop /usr/lib/python3.9/site-packages/neutron_lib/callbacks/manager.py:200
2026-02-23 07:48:38.904 18 DEBUG neutron_lib.callbacks.manager [req-7b752f88-f21e-4db9-a156-0eedff607ecc 4da04367381d4e54be506e5567c3fdc6 fa681627611546b6a325b0c2786f3cdb - default default] Notify callbacks [] for port, precommit_create _notify_loop /usr/lib/python3.9/site-packages/neutron_lib/callbacks/manager.py:200
2026-02-23 07:48:38.918 18 DEBUG neutron_lib.callbacks.manager [req-7b752f88-f21e-4db9-a156-0eedff607ecc 4da04367381d4e54be506e5567c3fdc6 fa681627611546b6a325b0c2786f3cdb - default default] Notify callbacks ['neutron.plugins.ml2.plugin.SecurityGroupServerNotifierRpcMixin.notify_sg_on_port_change-33042840', 'neutron.plugins.ml2.extensions.dns_integration._create_port_in_external_dns_service-8740073608259', 'neutron.plugins.ml2.ovo_rpc._ObjectChangeHandler.handle_event-351916', 'neutron.api.rpc.agentnotifiers.dhcp_rpc_agent_api.DhcpAgentNotifyAPI._native_event_send_dhcp_notification-709098', 'neutron.services.segments.plugin.NovaSegmentNotifier._notify_port_created_or_deleted-1013977'] for port, after_create _notify_loop /usr/lib/python3.9/site-packages/neutron_lib/callbacks/manager.py:200
2026-02-23 07:48:38.956 18 DEBUG neutron.scheduler.dhcp_agent_scheduler [req-7b752f88-f21e-4db9-a156-0eedff607ecc 4da04367381d4e54be506e5567c3fdc6 fa681627611546b6a325b0c2786f3cdb - default default] Network 6ba26ce3-f150-45a9-bc03-94dfdc75d2cc is already hosted by enough agents. _get_dhcp_agents_hosting_network /usr/lib/python3.9/site-packages/neutron/scheduler/dhcp_agent_scheduler.py:275
2026-02-23 07:48:38.958 18 DEBUG neutron.scheduler.base_scheduler [req-7b752f88-f21e-4db9-a156-0eedff607ecc 4da04367381d4e54be506e5567c3fdc6 fa681627611546b6a325b0c2786f3cdb - default default] Resources bound (agent type, host, resource id): schedule /usr/lib/python3.9/site-packages/neutron/scheduler/base_scheduler.py:57
2026-02-23 07:48:38.961 18 DEBUG neutron.pecan_wsgi.hooks.policy_enforcement [req-7b752f88-f21e-4db9-a156-0eedff607ecc 4da04367381d4e54be506e5567c3fdc6 fa681627611546b6a325b0c2786f3cdb - default default] Attributes excluded by policy engine: ['standard_attr_id', 'network'] _exclude_attributes_by_policy /usr/lib/python3.9/site-packages/neutron/pecan_wsgi/hooks/policy_enforcement.py:259
2026-02-23 07:48:38.961 18 DEBUG neutron_lib.callbacks.manager [req-7b752f88-f21e-4db9-a156-0eedff607ecc 4da04367381d4e54be506e5567c3fdc6 fa681627611546b6a325b0c2786f3cdb - default default] Notify callbacks ['neutron.notifiers.nova.Notifier._send_nova_notification-159354', 'neutron.api.rpc.agentnotifiers.dhcp_rpc_agent_api.DhcpAgentNotifyAPI._send_dhcp_notification-709020'] for port, before_response _notify_loop /usr/lib/python3.9/site-packages/neutron_lib/callbacks/manager.py:200
2026-02-23 07:48:38.963 18 DEBUG neutron.api.rpc.handlers.resources_rpc [req-7b752f88-f21e-4db9-a156-0eedff607ecc 4da04367381d4e54be506e5567c3fdc6 fa681627611546b6a325b0c2786f3cdb - - -] Pushing event updated for resources: {'Port': ['ID=f50732b3-de4d-43e7-bd56-bc0c85280125,revision_number=1']} push /usr/lib/python3.9/site-packages/neutron/api/rpc/handlers/resources_rpc.py:237
2026-02-23 07:48:38.966 16 DEBUG neutron_lib.callbacks.manager [req-f3e314c2-3158-467c-8675-7aff0e10e054 4da04367381d4e54be506e5567c3fdc6 fa681627611546b6a325b0c2786f3cdb - default default] Notify callbacks [] for allowed_address_pair, before_create _notify_loop /usr/lib/python3.9/site-packages/neutron_lib/callbacks/manager.py:200
2026-02-23 07:48:38.967 16 DEBUG neutron_lib.callbacks.manager [req-f3e314c2-3158-467c-8675-7aff0e10e054 4da04367381d4e54be506e5567c3fdc6 fa681627611546b6a325b0c2786f3cdb - default default] Notify callbacks [] for port, precommit_create _notify_loop /usr/lib/python3.9/site-packages/neutron_lib/callbacks/manager.py:200
2026-02-23 07:48:38.982 15 DEBUG neutron_lib.callbacks.manager [req-34520ebe-0b7e-47a5-b532-e635e3c7ae94 4da04367381d4e54be506e5567c3fdc6 fa681627611546b6a325b0c2786f3cdb - default default] Notify callbacks [] for allowed_address_pair, before_create _notify_loop /usr/lib/python3.9/site-packages/neutron_lib/callbacks/manager.py:200
2026-02-23 07:48:38.983 15 DEBUG neutron_lib.callbacks.manager [req-34520ebe-0b7e-47a5-b532-e635e3c7ae94 4da04367381d4e54be506e5567c3fdc6 fa681627611546b6a325b0c2786f3cdb - default default] Notify callbacks [] for port, precommit_create _notify_loop /usr/lib/python3.9/site-packages/neutron_lib/callbacks/manager.py:200
2026-02-23 07:48:38.982 18 INFO neutron.wsgi [req-7b752f88-f21e-4db9-a156-0eedff607ecc 4da04367381d4e54be506e5567c3fdc6 fa681627611546b6a325b0c2786f3cdb - default default] 192.168.122.99,192.168.122.100 "POST /v2.0/ports HTTP/1.1" status: 201 len: 1016 time: 0.2605410
2026-02-23 07:48:38.988 18 DEBUG neutron.services.tag.tag_plugin [req-b9eef78b-01e2-4f21-b531-a48315c23710 4da04367381d4e54be506e5567c3fdc6 fa681627611546b6a325b0c2786f3cdb - default default] neutron.services.tag.tag_plugin.TagPlugin method update_tags called with arguments (, 'ports', 'f50732b3-de4d-43e7-bd56-bc0c85280125', {'tags': ['tripleo_stack_name=overcloud', 'tripleo_ovn_physnet=datacentre']}) {} wrapper /usr/lib/python3.9/site-packages/oslo_log/helpers.py:65
2026-02-23 07:48:38.989 16 DEBUG neutron_lib.callbacks.manager [req-f3e314c2-3158-467c-8675-7aff0e10e054 4da04367381d4e54be506e5567c3fdc6 fa681627611546b6a325b0c2786f3cdb - default default] Notify callbacks ['neutron.plugins.ml2.plugin.SecurityGroupServerNotifierRpcMixin.notify_sg_on_port_change-33042840', 'neutron.plugins.ml2.extensions.dns_integration._create_port_in_external_dns_service-8740073608259', 'neutron.plugins.ml2.ovo_rpc._ObjectChangeHandler.handle_event-351916', 'neutron.api.rpc.agentnotifiers.dhcp_rpc_agent_api.DhcpAgentNotifyAPI._native_event_send_dhcp_notification-709098', 'neutron.services.segments.plugin.NovaSegmentNotifier._notify_port_created_or_deleted-1013977'] for port, after_create _notify_loop /usr/lib/python3.9/site-packages/neutron_lib/callbacks/manager.py:200
2026-02-23 07:48:38.999 15 DEBUG neutron_lib.callbacks.manager [req-34520ebe-0b7e-47a5-b532-e635e3c7ae94 4da04367381d4e54be506e5567c3fdc6 fa681627611546b6a325b0c2786f3cdb - default default] Notify callbacks ['neutron.plugins.ml2.plugin.SecurityGroupServerNotifierRpcMixin.notify_sg_on_port_change-33042840', 'neutron.plugins.ml2.extensions.dns_integration._create_port_in_external_dns_service-8740073608259', 'neutron.plugins.ml2.ovo_rpc._ObjectChangeHandler.handle_event-351916', 'neutron.api.rpc.agentnotifiers.dhcp_rpc_agent_api.DhcpAgentNotifyAPI._native_event_send_dhcp_notification-709098', 'neutron.services.segments.plugin.NovaSegmentNotifier._notify_port_created_or_deleted-1013977'] for port, after_create _notify_loop /usr/lib/python3.9/site-packages/neutron_lib/callbacks/manager.py:200
2026-02-23 07:48:39.016 16 DEBUG neutron.scheduler.dhcp_agent_scheduler [req-f3e314c2-3158-467c-8675-7aff0e10e054 4da04367381d4e54be506e5567c3fdc6 fa681627611546b6a325b0c2786f3cdb - default default] Network 6ba26ce3-f150-45a9-bc03-94dfdc75d2cc is already hosted by enough agents. _get_dhcp_agents_hosting_network /usr/lib/python3.9/site-packages/neutron/scheduler/dhcp_agent_scheduler.py:275
2026-02-23 07:48:39.019 16 DEBUG neutron.scheduler.base_scheduler [req-f3e314c2-3158-467c-8675-7aff0e10e054 4da04367381d4e54be506e5567c3fdc6 fa681627611546b6a325b0c2786f3cdb - default default] Resources bound (agent type, host, resource id): schedule /usr/lib/python3.9/site-packages/neutron/scheduler/base_scheduler.py:57
2026-02-23 07:48:39.020 18 INFO neutron.wsgi [req-b9eef78b-01e2-4f21-b531-a48315c23710 4da04367381d4e54be506e5567c3fdc6 fa681627611546b6a325b0c2786f3cdb - default default] 192.168.122.99,192.168.122.100 "PUT /v2.0/ports/f50732b3-de4d-43e7-bd56-bc0c85280125/tags HTTP/1.1" status: 200 len: 250 time: 0.0341110
2026-02-23 07:48:39.021 16 DEBUG neutron.pecan_wsgi.hooks.policy_enforcement [req-f3e314c2-3158-467c-8675-7aff0e10e054 4da04367381d4e54be506e5567c3fdc6 fa681627611546b6a325b0c2786f3cdb - default default] Attributes excluded by policy engine: ['standard_attr_id', 'network'] _exclude_attributes_by_policy /usr/lib/python3.9/site-packages/neutron/pecan_wsgi/hooks/policy_enforcement.py:259
2026-02-23 07:48:39.021 16 DEBUG neutron_lib.callbacks.manager [req-f3e314c2-3158-467c-8675-7aff0e10e054 4da04367381d4e54be506e5567c3fdc6 fa681627611546b6a325b0c2786f3cdb - default default] Notify callbacks ['neutron.notifiers.nova.Notifier._send_nova_notification-159354', 'neutron.api.rpc.agentnotifiers.dhcp_rpc_agent_api.DhcpAgentNotifyAPI._send_dhcp_notification-709020'] for port, before_response _notify_loop /usr/lib/python3.9/site-packages/neutron_lib/callbacks/manager.py:200
2026-02-23 07:48:39.025 16 DEBUG neutron.api.rpc.handlers.resources_rpc [req-f3e314c2-3158-467c-8675-7aff0e10e054 4da04367381d4e54be506e5567c3fdc6 fa681627611546b6a325b0c2786f3cdb - - -] Pushing event updated for resources: {'Port': ['ID=d9935a55-91e4-4ecd-9c1c-3969d73958cb,revision_number=1']} push /usr/lib/python3.9/site-packages/neutron/api/rpc/handlers/resources_rpc.py:237
2026-02-23 07:48:39.032 16 INFO neutron.wsgi [req-f3e314c2-3158-467c-8675-7aff0e10e054 4da04367381d4e54be506e5567c3fdc6 fa681627611546b6a325b0c2786f3cdb - default default] 192.168.122.99,192.168.122.100 "POST /v2.0/ports HTTP/1.1" status: 201 len: 1016 time: 0.2768810
2026-02-23 07:48:39.037 16 DEBUG neutron.services.tag.tag_plugin [req-5851c62c-5c4f-4c1e-9ce1-6e400db78e59 4da04367381d4e54be506e5567c3fdc6 fa681627611546b6a325b0c2786f3cdb - default default] neutron.services.tag.tag_plugin.TagPlugin method update_tags called with arguments (, 'ports', 'd9935a55-91e4-4ecd-9c1c-3969d73958cb', {'tags': ['tripleo_stack_name=overcloud', 'tripleo_ovn_physnet=datacentre']}) {} wrapper /usr/lib/python3.9/site-packages/oslo_log/helpers.py:65
2026-02-23 07:48:39.048 15 DEBUG neutron.scheduler.dhcp_agent_scheduler [req-34520ebe-0b7e-47a5-b532-e635e3c7ae94 4da04367381d4e54be506e5567c3fdc6 fa681627611546b6a325b0c2786f3cdb - default default] Network 6ba26ce3-f150-45a9-bc03-94dfdc75d2cc is already hosted by enough agents. _get_dhcp_agents_hosting_network /usr/lib/python3.9/site-packages/neutron/scheduler/dhcp_agent_scheduler.py:275
2026-02-23 07:48:39.055 15 DEBUG neutron.scheduler.base_scheduler [req-34520ebe-0b7e-47a5-b532-e635e3c7ae94 4da04367381d4e54be506e5567c3fdc6 fa681627611546b6a325b0c2786f3cdb - default default] Resources bound (agent type, host, resource id): schedule /usr/lib/python3.9/site-packages/neutron/scheduler/base_scheduler.py:57
2026-02-23 07:48:39.057 15 DEBUG neutron.api.rpc.handlers.resources_rpc [req-34520ebe-0b7e-47a5-b532-e635e3c7ae94 4da04367381d4e54be506e5567c3fdc6 fa681627611546b6a325b0c2786f3cdb - - -] Pushing event updated for resources: {'Port': ['ID=4f19f178-4465-41d7-95be-a674174a4da4,revision_number=1']} push /usr/lib/python3.9/site-packages/neutron/api/rpc/handlers/resources_rpc.py:237
2026-02-23 07:48:39.059 15 DEBUG neutron.pecan_wsgi.hooks.policy_enforcement [req-34520ebe-0b7e-47a5-b532-e635e3c7ae94 4da04367381d4e54be506e5567c3fdc6 fa681627611546b6a325b0c2786f3cdb - default default] Attributes excluded by policy engine: ['standard_attr_id', 'network'] _exclude_attributes_by_policy /usr/lib/python3.9/site-packages/neutron/pecan_wsgi/hooks/policy_enforcement.py:259
2026-02-23 07:48:39.059 15 DEBUG neutron_lib.callbacks.manager [req-34520ebe-0b7e-47a5-b532-e635e3c7ae94 4da04367381d4e54be506e5567c3fdc6 fa681627611546b6a325b0c2786f3cdb - default default] Notify callbacks ['neutron.notifiers.nova.Notifier._send_nova_notification-159354', 'neutron.api.rpc.agentnotifiers.dhcp_rpc_agent_api.DhcpAgentNotifyAPI._send_dhcp_notification-709020'] for port, before_response _notify_loop /usr/lib/python3.9/site-packages/neutron_lib/callbacks/manager.py:200
2026-02-23 07:48:39.066 16 INFO neutron.wsgi [req-5851c62c-5c4f-4c1e-9ce1-6e400db78e59 4da04367381d4e54be506e5567c3fdc6 fa681627611546b6a325b0c2786f3cdb - default default] 192.168.122.99,192.168.122.100 "PUT /v2.0/ports/d9935a55-91e4-4ecd-9c1c-3969d73958cb/tags HTTP/1.1" status: 200 len: 250 time: 0.0305367
2026-02-23 07:48:39.072 15 INFO neutron.wsgi [req-34520ebe-0b7e-47a5-b532-e635e3c7ae94 4da04367381d4e54be506e5567c3fdc6 fa681627611546b6a325b0c2786f3cdb - default default] 192.168.122.99,192.168.122.100 "POST /v2.0/ports HTTP/1.1" status: 201 len: 1016 time: 0.3037632
2026-02-23 07:48:39.081 15 DEBUG neutron.services.tag.tag_plugin [req-d47ec6e7-95f9-4e94-a03b-faae1e82d135 4da04367381d4e54be506e5567c3fdc6 fa681627611546b6a325b0c2786f3cdb - default default] neutron.services.tag.tag_plugin.TagPlugin method update_tags called with arguments (, 'ports', '4f19f178-4465-41d7-95be-a674174a4da4', {'tags': ['tripleo_stack_name=overcloud', 'tripleo_ovn_physnet=datacentre']}) {} wrapper /usr/lib/python3.9/site-packages/oslo_log/helpers.py:65
2026-02-23 07:48:39.133 15 INFO neutron.wsgi [req-d47ec6e7-95f9-4e94-a03b-faae1e82d135 4da04367381d4e54be506e5567c3fdc6 fa681627611546b6a325b0c2786f3cdb - default default] 192.168.122.99,192.168.122.100 "PUT /v2.0/ports/4f19f178-4465-41d7-95be-a674174a4da4/tags HTTP/1.1" status: 200 len: 250 time: 0.0583255
2026-02-23 07:48:39.202 15 DEBUG neutron.pecan_wsgi.hooks.policy_enforcement [req-0c7f1127-adb6-40db-87a8-d3401b8733c0 4da04367381d4e54be506e5567c3fdc6 fa681627611546b6a325b0c2786f3cdb - default default] Attributes excluded by policy engine: ['standard_attr_id'] _exclude_attributes_by_policy /usr/lib/python3.9/site-packages/neutron/pecan_wsgi/hooks/policy_enforcement.py:259
2026-02-23 07:48:39.203 15 DEBUG neutron.pecan_wsgi.hooks.policy_enforcement [req-0c7f1127-adb6-40db-87a8-d3401b8733c0 4da04367381d4e54be506e5567c3fdc6 fa681627611546b6a325b0c2786f3cdb - default default] Attributes excluded by policy engine: ['standard_attr_id'] _exclude_attributes_by_policy /usr/lib/python3.9/site-packages/neutron/pecan_wsgi/hooks/policy_enforcement.py:259
2026-02-23 07:48:39.203 15 DEBUG neutron.pecan_wsgi.hooks.policy_enforcement [req-0c7f1127-adb6-40db-87a8-d3401b8733c0 4da04367381d4e54be506e5567c3fdc6 fa681627611546b6a325b0c2786f3cdb - default default] Attributes excluded by policy engine: ['standard_attr_id'] _exclude_attributes_by_policy /usr/lib/python3.9/site-packages/neutron/pecan_wsgi/hooks/policy_enforcement.py:259
2026-02-23 07:48:39.203 15 DEBUG neutron.pecan_wsgi.hooks.policy_enforcement [req-0c7f1127-adb6-40db-87a8-d3401b8733c0 4da04367381d4e54be506e5567c3fdc6 fa681627611546b6a325b0c2786f3cdb - default default] Attributes excluded by policy engine: ['standard_attr_id'] _exclude_attributes_by_policy /usr/lib/python3.9/site-packages/neutron/pecan_wsgi/hooks/policy_enforcement.py:259
2026-02-23 07:48:39.204 15 DEBUG neutron.pecan_wsgi.hooks.policy_enforcement [req-0c7f1127-adb6-40db-87a8-d3401b8733c0 4da04367381d4e54be506e5567c3fdc6 fa681627611546b6a325b0c2786f3cdb - default default] Attributes excluded by policy engine: ['standard_attr_id'] _exclude_attributes_by_policy /usr/lib/python3.9/site-packages/neutron/pecan_wsgi/hooks/policy_enforcement.py:259
2026-02-23 07:48:39.204 15 DEBUG neutron.pecan_wsgi.hooks.policy_enforcement [req-0c7f1127-adb6-40db-87a8-d3401b8733c0 4da04367381d4e54be506e5567c3fdc6 fa681627611546b6a325b0c2786f3cdb - default default] Attributes excluded by policy engine: ['standard_attr_id'] _exclude_attributes_by_policy /usr/lib/python3.9/site-packages/neutron/pecan_wsgi/hooks/policy_enforcement.py:259
2026-02-23 07:48:39.205 15 INFO neutron.wsgi [req-0c7f1127-adb6-40db-87a8-d3401b8733c0 4da04367381d4e54be506e5567c3fdc6 fa681627611546b6a325b0c2786f3cdb - default default] 192.168.122.99,192.168.122.100 "GET /v2.0/ports?network_id=6ba26ce3-f150-45a9-bc03-94dfdc75d2cc&tags=tripleo_stack_name%3Dovercloud HTTP/1.1" status: 200 len: 5533 time: 0.0673718
2026-02-23 07:48:39.256 15 DEBUG neutron.plugins.ml2.plugin [req-5a12c807-f8a3-4a2a-8fbc-88f0a0ddfdd6 4da04367381d4e54be506e5567c3fdc6 fa681627611546b6a325b0c2786f3cdb - default default] Deleting port 62ae287f-c72f-4f5b-acea-c6e53c9009c9 _pre_delete_port /usr/lib/python3.9/site-packages/neutron/plugins/ml2/plugin.py:2025
2026-02-23 07:48:39.256 15 DEBUG neutron_lib.callbacks.manager [req-5a12c807-f8a3-4a2a-8fbc-88f0a0ddfdd6 4da04367381d4e54be506e5567c3fdc6 fa681627611546b6a325b0c2786f3cdb - default default] Notify callbacks ['neutron.plugins.ml2.extensions.dns_integration._delete_port_in_external_dns_service-8740073608295', 'neutron.db.l3_db.L3_NAT_dbonly_mixin._prevent_l3_port_delete_callback-8740073673000'] for port, before_delete _notify_loop /usr/lib/python3.9/site-packages/neutron_lib/callbacks/manager.py:200
2026-02-23 07:48:39.354 15 DEBUG neutron_lib.callbacks.manager [req-5a12c807-f8a3-4a2a-8fbc-88f0a0ddfdd6 4da04367381d4e54be506e5567c3fdc6 fa681627611546b6a325b0c2786f3cdb - default default] Notify callbacks ['neutron.services.l3_router.l3_router_plugin.L3_NAT_dbonly_mixin._precommit_delete_port_callback-585636'] for port, precommit_delete _notify_loop /usr/lib/python3.9/site-packages/neutron_lib/callbacks/manager.py:200
2026-02-23 07:48:39.367 15 DEBUG neutron.plugins.ml2.plugin [req-5a12c807-f8a3-4a2a-8fbc-88f0a0ddfdd6 4da04367381d4e54be506e5567c3fdc6 fa681627611546b6a325b0c2786f3cdb - default default] Calling delete_port for 62ae287f-c72f-4f5b-acea-c6e53c9009c9 owned by delete_port /usr/lib/python3.9/site-packages/neutron/plugins/ml2/plugin.py:2097
2026-02-23 07:48:39.505 15 DEBUG neutron_lib.callbacks.manager [req-5a12c807-f8a3-4a2a-8fbc-88f0a0ddfdd6 4da04367381d4e54be506e5567c3fdc6 fa681627611546b6a325b0c2786f3cdb - default default] Notify callbacks ['neutron.plugins.ml2.plugin.SecurityGroupServerNotifierRpcMixin.notify_sg_on_port_change-33042840', 'neutron.plugins.ml2.ovo_rpc._ObjectChangeHandler.handle_event-351916', 'neutron.api.rpc.agentnotifiers.dhcp_rpc_agent_api.DhcpAgentNotifyAPI._native_event_send_dhcp_notification-709098', 'neutron.db.l3_db.L3RpcNotifierMixin._notify_routers_callback-8740073678996', 'neutron.services.segments.plugin.NovaSegmentNotifier._notify_port_created_or_deleted-1013977'] for port, after_delete _notify_loop /usr/lib/python3.9/site-packages/neutron_lib/callbacks/manager.py:200
2026-02-23 07:48:39.533 15 DEBUG neutron.api.rpc.handlers.resources_rpc [req-5a12c807-f8a3-4a2a-8fbc-88f0a0ddfdd6 4da04367381d4e54be506e5567c3fdc6 fa681627611546b6a325b0c2786f3cdb - - -] Pushing event deleted for resources: {'Port': ['ID=62ae287f-c72f-4f5b-acea-c6e53c9009c9,revision_number=None']} push /usr/lib/python3.9/site-packages/neutron/api/rpc/handlers/resources_rpc.py:237
2026-02-23 07:48:39.538 15 DEBUG neutron_lib.callbacks.manager [req-5a12c807-f8a3-4a2a-8fbc-88f0a0ddfdd6 4da04367381d4e54be506e5567c3fdc6 fa681627611546b6a325b0c2786f3cdb - default default] Notify callbacks ['neutron.notifiers.nova.Notifier._send_nova_notification-159354', 'neutron.api.rpc.agentnotifiers.dhcp_rpc_agent_api.DhcpAgentNotifyAPI._send_dhcp_notification-709020'] for port, before_response _notify_loop /usr/lib/python3.9/site-packages/neutron_lib/callbacks/manager.py:200
2026-02-23 07:48:39.540 15 INFO neutron.wsgi [req-5a12c807-f8a3-4a2a-8fbc-88f0a0ddfdd6 4da04367381d4e54be506e5567c3fdc6 fa681627611546b6a325b0c2786f3cdb - default default] 192.168.122.99,192.168.122.100 "DELETE /v2.0/ports/62ae287f-c72f-4f5b-acea-c6e53c9009c9 HTTP/1.1" status: 204 len: 149 time: 0.3259625
2026-02-23 07:48:39.596 15 DEBUG neutron.plugins.ml2.plugin [req-61b4c72c-b92e-4428-87dc-9990c268f87f 4da04367381d4e54be506e5567c3fdc6 fa681627611546b6a325b0c2786f3cdb - default default] Deleting port 72b2dfbc-bba8-4626-9bc3-72481b281c75 _pre_delete_port /usr/lib/python3.9/site-packages/neutron/plugins/ml2/plugin.py:2025
2026-02-23 07:48:39.597 15 DEBUG neutron_lib.callbacks.manager [req-61b4c72c-b92e-4428-87dc-9990c268f87f 4da04367381d4e54be506e5567c3fdc6 fa681627611546b6a325b0c2786f3cdb - default default] Notify callbacks ['neutron.plugins.ml2.extensions.dns_integration._delete_port_in_external_dns_service-8740073608295', 'neutron.db.l3_db.L3_NAT_dbonly_mixin._prevent_l3_port_delete_callback-8740073673000'] for port, before_delete _notify_loop /usr/lib/python3.9/site-packages/neutron_lib/callbacks/manager.py:200
2026-02-23 07:48:39.739 15 DEBUG neutron_lib.callbacks.manager [req-61b4c72c-b92e-4428-87dc-9990c268f87f 4da04367381d4e54be506e5567c3fdc6 fa681627611546b6a325b0c2786f3cdb - default default] Notify callbacks ['neutron.services.l3_router.l3_router_plugin.L3_NAT_dbonly_mixin._precommit_delete_port_callback-585636'] for port, precommit_delete _notify_loop /usr/lib/python3.9/site-packages/neutron_lib/callbacks/manager.py:200
2026-02-23 07:48:39.749 15 DEBUG neutron.plugins.ml2.plugin [req-61b4c72c-b92e-4428-87dc-9990c268f87f 4da04367381d4e54be506e5567c3fdc6 fa681627611546b6a325b0c2786f3cdb - default default] Calling delete_port for 72b2dfbc-bba8-4626-9bc3-72481b281c75 owned by delete_port /usr/lib/python3.9/site-packages/neutron/plugins/ml2/plugin.py:2097
2026-02-23 07:48:39.789 15 DEBUG neutron_lib.callbacks.manager [req-61b4c72c-b92e-4428-87dc-9990c268f87f 4da04367381d4e54be506e5567c3fdc6 fa681627611546b6a325b0c2786f3cdb - default default] Notify callbacks ['neutron.plugins.ml2.plugin.SecurityGroupServerNotifierRpcMixin.notify_sg_on_port_change-33042840', 'neutron.plugins.ml2.ovo_rpc._ObjectChangeHandler.handle_event-351916', 'neutron.api.rpc.agentnotifiers.dhcp_rpc_agent_api.DhcpAgentNotifyAPI._native_event_send_dhcp_notification-709098', 'neutron.db.l3_db.L3RpcNotifierMixin._notify_routers_callback-8740073678996', 'neutron.services.segments.plugin.NovaSegmentNotifier._notify_port_created_or_deleted-1013977'] for port, after_delete _notify_loop /usr/lib/python3.9/site-packages/neutron_lib/callbacks/manager.py:200
2026-02-23 07:48:39.811 15 DEBUG neutron.api.rpc.handlers.resources_rpc [req-61b4c72c-b92e-4428-87dc-9990c268f87f 4da04367381d4e54be506e5567c3fdc6 fa681627611546b6a325b0c2786f3cdb - - -] Pushing event deleted for resources: {'Port': ['ID=72b2dfbc-bba8-4626-9bc3-72481b281c75,revision_number=None']} push /usr/lib/python3.9/site-packages/neutron/api/rpc/handlers/resources_rpc.py:237
2026-02-23 07:48:39.814 15 DEBUG neutron_lib.callbacks.manager [req-61b4c72c-b92e-4428-87dc-9990c268f87f 4da04367381d4e54be506e5567c3fdc6 fa681627611546b6a325b0c2786f3cdb - default default] Notify callbacks ['neutron.notifiers.nova.Notifier._send_nova_notification-159354', 'neutron.api.rpc.agentnotifiers.dhcp_rpc_agent_api.DhcpAgentNotifyAPI._send_dhcp_notification-709020'] for port, before_response _notify_loop /usr/lib/python3.9/site-packages/neutron_lib/callbacks/manager.py:200
2026-02-23 07:48:39.815 15 INFO neutron.wsgi [req-61b4c72c-b92e-4428-87dc-9990c268f87f 4da04367381d4e54be506e5567c3fdc6 fa681627611546b6a325b0c2786f3cdb - default default] 192.168.122.99,192.168.122.100 "DELETE /v2.0/ports/72b2dfbc-bba8-4626-9bc3-72481b281c75 HTTP/1.1" status: 204 len: 149 time: 0.2679644
2026-02-23 07:48:39.853 15 DEBUG neutron.plugins.ml2.plugin [req-f1b88673-41b1-4e05-8fec-0ea3e6792de1 4da04367381d4e54be506e5567c3fdc6 fa681627611546b6a325b0c2786f3cdb - default default] Deleting port 97494955-c68c-48ec-a186-d05a54d7fbbb _pre_delete_port /usr/lib/python3.9/site-packages/neutron/plugins/ml2/plugin.py:2025
2026-02-23 07:48:39.853 15 DEBUG neutron_lib.callbacks.manager [req-f1b88673-41b1-4e05-8fec-0ea3e6792de1 4da04367381d4e54be506e5567c3fdc6 fa681627611546b6a325b0c2786f3cdb - default default] Notify callbacks ['neutron.plugins.ml2.extensions.dns_integration._delete_port_in_external_dns_service-8740073608295', 'neutron.db.l3_db.L3_NAT_dbonly_mixin._prevent_l3_port_delete_callback-8740073673000'] for port, before_delete _notify_loop /usr/lib/python3.9/site-packages/neutron_lib/callbacks/manager.py:200
2026-02-23 07:48:39.940 15 DEBUG neutron_lib.callbacks.manager [req-f1b88673-41b1-4e05-8fec-0ea3e6792de1 4da04367381d4e54be506e5567c3fdc6 fa681627611546b6a325b0c2786f3cdb - default default] Notify callbacks ['neutron.services.l3_router.l3_router_plugin.L3_NAT_dbonly_mixin._precommit_delete_port_callback-585636'] for port, precommit_delete _notify_loop /usr/lib/python3.9/site-packages/neutron_lib/callbacks/manager.py:200
2026-02-23 07:48:39.948 15 DEBUG neutron.plugins.ml2.plugin [req-f1b88673-41b1-4e05-8fec-0ea3e6792de1 4da04367381d4e54be506e5567c3fdc6 fa681627611546b6a325b0c2786f3cdb - default default] Calling delete_port for 97494955-c68c-48ec-a186-d05a54d7fbbb owned by delete_port /usr/lib/python3.9/site-packages/neutron/plugins/ml2/plugin.py:2097
2026-02-23 07:48:39.983 15 DEBUG neutron_lib.callbacks.manager [req-f1b88673-41b1-4e05-8fec-0ea3e6792de1 4da04367381d4e54be506e5567c3fdc6 fa681627611546b6a325b0c2786f3cdb - default default] Notify callbacks ['neutron.plugins.ml2.plugin.SecurityGroupServerNotifierRpcMixin.notify_sg_on_port_change-33042840', 'neutron.plugins.ml2.ovo_rpc._ObjectChangeHandler.handle_event-351916', 'neutron.api.rpc.agentnotifiers.dhcp_rpc_agent_api.DhcpAgentNotifyAPI._native_event_send_dhcp_notification-709098', 'neutron.db.l3_db.L3RpcNotifierMixin._notify_routers_callback-8740073678996', 'neutron.services.segments.plugin.NovaSegmentNotifier._notify_port_created_or_deleted-1013977'] for port, after_delete _notify_loop /usr/lib/python3.9/site-packages/neutron_lib/callbacks/manager.py:200
2026-02-23 07:48:40.005 15 DEBUG neutron.api.rpc.handlers.resources_rpc [req-f1b88673-41b1-4e05-8fec-0ea3e6792de1 4da04367381d4e54be506e5567c3fdc6 fa681627611546b6a325b0c2786f3cdb - - -] Pushing event deleted for resources: {'Port': ['ID=97494955-c68c-48ec-a186-d05a54d7fbbb,revision_number=None']} push /usr/lib/python3.9/site-packages/neutron/api/rpc/handlers/resources_rpc.py:237
2026-02-23 07:48:40.008 15 DEBUG neutron_lib.callbacks.manager [req-f1b88673-41b1-4e05-8fec-0ea3e6792de1 4da04367381d4e54be506e5567c3fdc6 fa681627611546b6a325b0c2786f3cdb - default default] Notify callbacks ['neutron.notifiers.nova.Notifier._send_nova_notification-159354', 'neutron.api.rpc.agentnotifiers.dhcp_rpc_agent_api.DhcpAgentNotifyAPI._send_dhcp_notification-709020'] for port, before_response _notify_loop /usr/lib/python3.9/site-packages/neutron_lib/callbacks/manager.py:200
2026-02-23 07:48:40.009 15 INFO neutron.wsgi [req-f1b88673-41b1-4e05-8fec-0ea3e6792de1 4da04367381d4e54be506e5567c3fdc6 fa681627611546b6a325b0c2786f3cdb - default default] 192.168.122.99,192.168.122.100 "DELETE /v2.0/ports/97494955-c68c-48ec-a186-d05a54d7fbbb HTTP/1.1" status: 204 len: 149 time: 0.1863124
2026-02-23 07:48:40.059 15 DEBUG neutron.pecan_wsgi.hooks.policy_enforcement [req-7e060438-6339-45ed-be65-88a4ff947132 4da04367381d4e54be506e5567c3fdc6 fa681627611546b6a325b0c2786f3cdb - default default] Attributes excluded by policy engine: ['standard_attr_id'] _exclude_attributes_by_policy /usr/lib/python3.9/site-packages/neutron/pecan_wsgi/hooks/policy_enforcement.py:259
2026-02-23 07:48:40.059 15 DEBUG neutron.pecan_wsgi.hooks.policy_enforcement [req-7e060438-6339-45ed-be65-88a4ff947132 4da04367381d4e54be506e5567c3fdc6 fa681627611546b6a325b0c2786f3cdb - default default] Attributes excluded by policy engine: ['standard_attr_id'] _exclude_attributes_by_policy /usr/lib/python3.9/site-packages/neutron/pecan_wsgi/hooks/policy_enforcement.py:259
2026-02-23 07:48:40.059 15 DEBUG neutron.pecan_wsgi.hooks.policy_enforcement [req-7e060438-6339-45ed-be65-88a4ff947132 4da04367381d4e54be506e5567c3fdc6 fa681627611546b6a325b0c2786f3cdb - default default] Attributes excluded by policy engine: ['standard_attr_id'] _exclude_attributes_by_policy /usr/lib/python3.9/site-packages/neutron/pecan_wsgi/hooks/policy_enforcement.py:259
2026-02-23 07:48:40.060 15 INFO neutron.wsgi [req-7e060438-6339-45ed-be65-88a4ff947132 4da04367381d4e54be506e5567c3fdc6 fa681627611546b6a325b0c2786f3cdb - default default] 192.168.122.99,192.168.122.100 "GET /v2.0/ports?network_id=6ba26ce3-f150-45a9-bc03-94dfdc75d2cc&tags=tripleo_stack_name%3Dovercloud HTTP/1.1" status: 200 len: 2860 time: 0.0404892
2026-02-23 07:48:40.214 16 DEBUG neutron.wsgi [-] (16) accepted ('192.168.122.100', 57802) server /usr/lib/python3.9/site-packages/eventlet/wsgi.py:992
2026-02-23 07:48:40.216 16 INFO neutron.wsgi [-] 192.168.122.100 "GET /healthcheck HTTP/1.0" status: 200 len: 137 time: 0.0013731
2026-02-23 07:48:42.218 17 DEBUG neutron.wsgi [-] (17) accepted ('192.168.122.100', 57816) server /usr/lib/python3.9/site-packages/eventlet/wsgi.py:992
2026-02-23 07:48:42.220 17 INFO neutron.wsgi [-] 192.168.122.100 "GET /healthcheck HTTP/1.0" status: 200 len: 137 time: 0.0013034
2026-02-23 07:48:44.222 16 DEBUG neutron.wsgi [-] (16) accepted ('192.168.122.100', 57832) server /usr/lib/python3.9/site-packages/eventlet/wsgi.py:992
2026-02-23 07:48:44.224 16 INFO neutron.wsgi [-] 192.168.122.100 "GET /healthcheck HTTP/1.0" status: 200 len: 137 time: 0.0013192
2026-02-23 07:48:45.039 17 DEBUG neutron.wsgi [-] (17) accepted ('192.168.122.100', 46706) server /usr/lib/python3.9/site-packages/eventlet/wsgi.py:992
2026-02-23 07:48:45.049 17 INFO neutron.wsgi [-] 192.168.122.100 "GET / HTTP/1.1" status: 200 len: 233 time: 0.0094018
2026-02-23 07:48:46.226 15 DEBUG neutron.wsgi [-] (15) accepted ('192.168.122.100', 46712) server /usr/lib/python3.9/site-packages/eventlet/wsgi.py:992
2026-02-23 07:48:46.229 15 INFO neutron.wsgi [-] 192.168.122.100 "GET /healthcheck HTTP/1.0" status: 200 len: 137 time: 0.0018589
2026-02-23 07:48:48.230 15 DEBUG neutron.wsgi [-] (15) accepted ('192.168.122.100', 46718) server /usr/lib/python3.9/site-packages/eventlet/wsgi.py:992
2026-02-23 07:48:48.232 15 INFO neutron.wsgi [-] 192.168.122.100 "GET /healthcheck HTTP/1.0" status: 200 len: 137 time: 0.0013175
2026-02-23 07:48:50.234 15 DEBUG neutron.wsgi [-] (15) accepted ('192.168.122.100', 46730) server /usr/lib/python3.9/site-packages/eventlet/wsgi.py:992
2026-02-23 07:48:50.238 15 INFO neutron.wsgi [-] 192.168.122.100 "GET /healthcheck HTTP/1.0" status: 200 len: 137 time: 0.0025580
2026-02-23 07:48:52.322 17 DEBUG neutron.wsgi [-] (17) accepted ('192.168.122.100', 46740) server /usr/lib/python3.9/site-packages/eventlet/wsgi.py:992
2026-02-23 07:48:52.325 17 INFO neutron.wsgi [-] 192.168.122.100 "GET /healthcheck HTTP/1.0" status: 200 len: 137 time: 0.0019622
2026-02-23 07:48:54.327 18 DEBUG neutron.wsgi [-] (18) accepted ('192.168.122.100', 46750) server /usr/lib/python3.9/site-packages/eventlet/wsgi.py:992
2026-02-23 07:48:54.331 18 INFO neutron.wsgi [-] 192.168.122.100 "GET /healthcheck HTTP/1.0" status: 200 len: 137 time: 0.0027859
2026-02-23 07:48:56.332 17 DEBUG neutron.wsgi [-] (17) accepted ('192.168.122.100', 42022) server /usr/lib/python3.9/site-packages/eventlet/wsgi.py:992
2026-02-23 07:48:56.335 17 INFO neutron.wsgi [-] 192.168.122.100 "GET /healthcheck HTTP/1.0" status: 200 len: 137 time: 0.0019107
2026-02-23 07:48:58.337 16 DEBUG neutron.wsgi [-] (16) accepted ('192.168.122.100', 42024) server /usr/lib/python3.9/site-packages/eventlet/wsgi.py:992
2026-02-23 07:48:58.340 16 INFO neutron.wsgi [-] 192.168.122.100 "GET /healthcheck HTTP/1.0" status: 200 len: 137 time: 0.0017850
2026-02-23 07:49:00.342 17 DEBUG neutron.wsgi [-] (17) accepted ('192.168.122.100', 42026) server /usr/lib/python3.9/site-packages/eventlet/wsgi.py:992
2026-02-23 07:49:00.346 17 INFO neutron.wsgi [-] 192.168.122.100 "GET /healthcheck HTTP/1.0" status: 200 len: 137 time: 0.0027652
2026-02-23 07:49:02.347 15 DEBUG neutron.wsgi [-] (15) accepted ('192.168.122.100', 42034) server /usr/lib/python3.9/site-packages/eventlet/wsgi.py:992
2026-02-23 07:49:02.350 15 INFO neutron.wsgi [-] 192.168.122.100 "GET /healthcheck HTTP/1.0" status: 200 len: 137 time: 0.0019281
2026-02-23 07:49:04.352 18 DEBUG neutron.wsgi [-] (18) accepted ('192.168.122.100', 42040) server /usr/lib/python3.9/site-packages/eventlet/wsgi.py:992
2026-02-23 07:49:04.354 18 INFO neutron.wsgi [-] 192.168.122.100 "GET /healthcheck HTTP/1.0" status: 200 len: 137 time: 0.0013516
2026-02-23 07:49:06.357 17 DEBUG neutron.wsgi [-] (17) accepted ('192.168.122.100', 58220) server /usr/lib/python3.9/site-packages/eventlet/wsgi.py:992
2026-02-23 07:49:06.361 17 INFO neutron.wsgi [-] 192.168.122.100 "GET /healthcheck HTTP/1.0" status: 200 len: 137 time: 0.0027606
2026-02-23 07:49:08.362 18 DEBUG neutron.wsgi [-] (18) accepted ('192.168.122.100', 58222) server /usr/lib/python3.9/site-packages/eventlet/wsgi.py:992
2026-02-23 07:49:08.365 18 INFO neutron.wsgi [-] 192.168.122.100 "GET /healthcheck HTTP/1.0" status: 200 len: 137 time: 0.0018027
2026-02-23 07:49:10.368 17 DEBUG neutron.wsgi [-] (17) accepted ('192.168.122.100', 58234) server /usr/lib/python3.9/site-packages/eventlet/wsgi.py:992
2026-02-23 07:49:10.372 17 INFO neutron.wsgi [-] 192.168.122.100 "GET /healthcheck HTTP/1.0" status: 200 len: 137 time: 0.0027003
2026-02-23 07:49:12.374 17 DEBUG neutron.wsgi [-] (17) accepted ('192.168.122.100', 58236) server /usr/lib/python3.9/site-packages/eventlet/wsgi.py:992
2026-02-23 07:49:12.378 17 INFO neutron.wsgi [-] 192.168.122.100 "GET /healthcheck HTTP/1.0" status: 200 len: 137 time: 0.0025547
2026-02-23 07:49:14.380 17 DEBUG neutron.wsgi [-] (17) accepted ('192.168.122.100', 58244) server /usr/lib/python3.9/site-packages/eventlet/wsgi.py:992
2026-02-23 07:49:14.384 17 INFO neutron.wsgi [-] 192.168.122.100 "GET /healthcheck HTTP/1.0" status: 200 len: 137 time: 0.0025768
2026-02-23 07:49:16.077 15 DEBUG neutron.wsgi [-] (15) accepted ('192.168.122.100', 47134) server /usr/lib/python3.9/site-packages/eventlet/wsgi.py:992
2026-02-23 07:49:16.079 15 INFO neutron.wsgi [-] 192.168.122.100 "GET / HTTP/1.1" status: 200 len: 233 time: 0.0013494
2026-02-23 07:49:16.385 18 DEBUG neutron.wsgi [-] (18) accepted ('192.168.122.100', 47140) server /usr/lib/python3.9/site-packages/eventlet/wsgi.py:992
2026-02-23 07:49:16.390 18 INFO neutron.wsgi [-] 192.168.122.100 "GET /healthcheck HTTP/1.0" status: 200 len: 137 time: 0.0035284
2026-02-23 07:49:18.392 18 DEBUG neutron.wsgi [-] (18) accepted ('192.168.122.100', 47142) server /usr/lib/python3.9/site-packages/eventlet/wsgi.py:992
2026-02-23 07:49:18.395 18 INFO neutron.wsgi [-] 192.168.122.100 "GET /healthcheck HTTP/1.0" status: 200 len: 137 time: 0.0018303
2026-02-23 07:49:20.397 18 DEBUG neutron.wsgi [-] (18) accepted ('192.168.122.100', 47156) server /usr/lib/python3.9/site-packages/eventlet/wsgi.py:992
2026-02-23 07:49:20.401 18 INFO neutron.wsgi [-] 192.168.122.100 "GET /healthcheck HTTP/1.0" status: 200 len: 137 time: 0.0027015
2026-02-23 07:49:22.402 15 DEBUG neutron.wsgi [-] (15) accepted ('192.168.122.100', 47158) server /usr/lib/python3.9/site-packages/eventlet/wsgi.py:992
2026-02-23 07:49:22.406 15 INFO neutron.wsgi [-] 192.168.122.100 "GET /healthcheck HTTP/1.0" status: 200 len: 137 time: 0.0030375
2026-02-23 07:49:24.407 16 DEBUG neutron.wsgi [-] (16) accepted ('192.168.122.100', 47166) server /usr/lib/python3.9/site-packages/eventlet/wsgi.py:992
2026-02-23 07:49:24.410 16 INFO neutron.wsgi [-] 192.168.122.100 "GET /healthcheck HTTP/1.0" status: 200 len: 137 time: 0.0020096
2026-02-23 07:49:26.412 16 DEBUG neutron.wsgi [-] (16) accepted ('192.168.122.100', 40422) server /usr/lib/python3.9/site-packages/eventlet/wsgi.py:992
2026-02-23 07:49:26.414 16 INFO neutron.wsgi [-] 192.168.122.100 "GET /healthcheck HTTP/1.0" status: 200 len: 137 time: 0.0013251
2026-02-23 07:49:28.415 18 DEBUG neutron.wsgi [-] (18) accepted ('192.168.122.100', 40436) server /usr/lib/python3.9/site-packages/eventlet/wsgi.py:992
2026-02-23 07:49:28.417 18 INFO neutron.wsgi [-] 192.168.122.100 "GET /healthcheck HTTP/1.0" status: 200 len: 137 time: 0.0013444
2026-02-23 07:49:30.419 18 DEBUG neutron.wsgi [-] (18) accepted ('192.168.122.100', 40446) server /usr/lib/python3.9/site-packages/eventlet/wsgi.py:992
2026-02-23 07:49:30.423 18 INFO neutron.wsgi [-] 192.168.122.100 "GET /healthcheck HTTP/1.0" status: 200 len: 137 time: 0.0026267
2026-02-23 07:49:32.425 15 DEBUG neutron.wsgi [-] (15) accepted ('192.168.122.100', 40454) server /usr/lib/python3.9/site-packages/eventlet/wsgi.py:992
2026-02-23 07:49:32.428 15 INFO neutron.wsgi [-] 192.168.122.100 "GET /healthcheck HTTP/1.0" status: 200 len: 137 time: 0.0025265
2026-02-23 07:49:34.431 15 DEBUG neutron.wsgi [-] (15) accepted ('192.168.122.100', 40456) server /usr/lib/python3.9/site-packages/eventlet/wsgi.py:992
2026-02-23 07:49:34.435 15 INFO neutron.wsgi [-] 192.168.122.100 "GET /healthcheck HTTP/1.0" status: 200 len: 137 time: 0.0027189
2026-02-23 07:49:36.437 16 DEBUG neutron.wsgi [-] (16) accepted ('192.168.122.100', 58862) server /usr/lib/python3.9/site-packages/eventlet/wsgi.py:992
2026-02-23 07:49:36.441 16 INFO neutron.wsgi [-] 192.168.122.100 "GET /healthcheck HTTP/1.0" status: 200 len: 137 time: 0.0026107
2026-02-23 07:49:38.442 17 DEBUG neutron.wsgi [-] (17) accepted ('192.168.122.100', 58874) server /usr/lib/python3.9/site-packages/eventlet/wsgi.py:992
2026-02-23 07:49:38.445 17 INFO neutron.wsgi [-] 192.168.122.100 "GET /healthcheck HTTP/1.0" status: 200 len: 137 time: 0.0018139
2026-02-23 07:49:40.447 17 DEBUG neutron.wsgi [-] (17) accepted ('192.168.122.100', 58878) server /usr/lib/python3.9/site-packages/eventlet/wsgi.py:992
2026-02-23 07:49:40.450 17 INFO neutron.wsgi [-] 192.168.122.100 "GET /healthcheck HTTP/1.0" status: 200 len: 137 time: 0.0024588
2026-02-23 07:49:42.453 17 DEBUG neutron.wsgi [-] (17) accepted ('192.168.122.100', 58890) server /usr/lib/python3.9/site-packages/eventlet/wsgi.py:992
2026-02-23 07:49:42.457 17 INFO neutron.wsgi [-] 192.168.122.100 "GET /healthcheck HTTP/1.0" status: 200 len: 137 time: 0.0029724
2026-02-23 07:49:44.459 17 DEBUG neutron.wsgi [-] (17) accepted ('192.168.122.100', 58898) server /usr/lib/python3.9/site-packages/eventlet/wsgi.py:992
2026-02-23 07:49:44.463 17 INFO neutron.wsgi [-] 192.168.122.100 "GET /healthcheck HTTP/1.0" status: 200 len: 137 time: 0.0025702
2026-02-23 07:49:46.465 17 DEBUG neutron.wsgi [-] (17) accepted ('192.168.122.100', 33916) server /usr/lib/python3.9/site-packages/eventlet/wsgi.py:992
2026-02-23 07:49:46.468 17 INFO neutron.wsgi [-] 192.168.122.100 "GET /healthcheck HTTP/1.0" status: 200 len: 137 time: 0.0025485
2026-02-23 07:49:46.852 18 DEBUG neutron.wsgi [-] (18) accepted ('192.168.122.100', 33930) server /usr/lib/python3.9/site-packages/eventlet/wsgi.py:992
2026-02-23 07:49:46.854 18 INFO neutron.wsgi [-] 192.168.122.100 "GET / HTTP/1.1" status: 200 len: 233 time: 0.0012951
2026-02-23 07:49:48.470 18 DEBUG neutron.wsgi [-] (18) accepted ('192.168.122.100', 33936) server /usr/lib/python3.9/site-packages/eventlet/wsgi.py:992
2026-02-23 07:49:48.472 18 INFO neutron.wsgi [-] 192.168.122.100 "GET /healthcheck HTTP/1.0" status: 200 len: 137 time: 0.0014305
2026-02-23 07:49:50.474 15 DEBUG neutron.wsgi [-] (15) accepted ('192.168.122.100', 33952) server /usr/lib/python3.9/site-packages/eventlet/wsgi.py:992
2026-02-23 07:49:50.478 15 INFO neutron.wsgi [-] 192.168.122.100 "GET /healthcheck HTTP/1.0" status: 200 len: 137 time: 0.0027323
2026-02-23 07:49:52.480 15 DEBUG neutron.wsgi [-] (15) accepted ('192.168.122.100', 33960) server /usr/lib/python3.9/site-packages/eventlet/wsgi.py:992
2026-02-23 07:49:52.484 15 INFO neutron.wsgi [-] 192.168.122.100 "GET /healthcheck HTTP/1.0" status: 200 len: 137 time: 0.0026939
2026-02-23 07:49:54.486 17 DEBUG neutron.wsgi [-] (17) accepted ('192.168.122.100', 33962) server /usr/lib/python3.9/site-packages/eventlet/wsgi.py:992
2026-02-23 07:49:54.488 17 INFO neutron.wsgi [-] 192.168.122.100 "GET /healthcheck HTTP/1.0" status: 200 len: 137 time: 0.0013003
2026-02-23 07:49:56.489 17 DEBUG neutron.wsgi [-] (17) accepted ('192.168.122.100', 45246) server /usr/lib/python3.9/site-packages/eventlet/wsgi.py:992
2026-02-23 07:49:56.493 17 INFO neutron.wsgi [-] 192.168.122.100 "GET /healthcheck HTTP/1.0" status: 200 len: 137 time: 0.0025496
2026-02-23 07:49:58.496 18 DEBUG neutron.wsgi [-] (18) accepted ('192.168.122.100', 45260) server /usr/lib/python3.9/site-packages/eventlet/wsgi.py:992
2026-02-23 07:49:58.501 18 INFO neutron.wsgi [-] 192.168.122.100 "GET /healthcheck HTTP/1.0" status: 200 len: 137 time: 0.0029898
2026-02-23 07:50:00.503 18 DEBUG neutron.wsgi [-] (18) accepted ('192.168.122.100', 45270) server /usr/lib/python3.9/site-packages/eventlet/wsgi.py:992
2026-02-23 07:50:00.506 18 INFO neutron.wsgi [-] 192.168.122.100 "GET /healthcheck HTTP/1.0" status: 200 len: 137 time: 0.0017641
2026-02-23 07:50:02.507 16 DEBUG neutron.wsgi [-] (16) accepted ('192.168.122.100', 45274) server /usr/lib/python3.9/site-packages/eventlet/wsgi.py:992
2026-02-23 07:50:02.510 16 INFO neutron.wsgi [-] 192.168.122.100 "GET /healthcheck HTTP/1.0" status: 200 len: 137 time: 0.0025203
2026-02-23 07:50:04.512 17 DEBUG neutron.wsgi [-] (17) accepted ('192.168.122.100', 45288) server /usr/lib/python3.9/site-packages/eventlet/wsgi.py:992
2026-02-23 07:50:04.516 17 INFO neutron.wsgi [-] 192.168.122.100 "GET /healthcheck HTTP/1.0" status: 200 len: 137 time: 0.0030570
2026-02-23 07:50:06.518 17 DEBUG neutron.wsgi [-] (17) accepted ('192.168.122.100', 48540) server /usr/lib/python3.9/site-packages/eventlet/wsgi.py:992
2026-02-23 07:50:06.522 17 INFO neutron.wsgi [-] 192.168.122.100 "GET /healthcheck HTTP/1.0" status: 200 len: 137 time: 0.0027597
2026-02-23 07:50:08.530 16 DEBUG neutron.wsgi [-] (16) accepted ('192.168.122.100', 48550) server /usr/lib/python3.9/site-packages/eventlet/wsgi.py:992
2026-02-23 07:50:08.534 16 INFO neutron.wsgi [-] 192.168.122.100 "GET /healthcheck HTTP/1.0" status: 200 len: 137 time: 0.0026753
2026-02-23 07:50:08.925 24 DEBUG neutron.db.agents_db [req-06879715-1731-401a-9e9e-0afd5c1b3388 - - - - -] Agent healthcheck: found 3 active agents agent_health_check /usr/lib/python3.9/site-packages/neutron/db/agents_db.py:328
2026-02-23 07:50:10.535 16 DEBUG neutron.wsgi [-] (16) accepted ('192.168.122.100', 48552) server /usr/lib/python3.9/site-packages/eventlet/wsgi.py:992
2026-02-23 07:50:10.537 16 INFO neutron.wsgi [-] 192.168.122.100 "GET /healthcheck HTTP/1.0" status: 200 len: 137 time: 0.0017538
2026-02-23 07:50:12.539 16 DEBUG neutron.wsgi [-] (16) accepted ('192.168.122.100', 48566) server /usr/lib/python3.9/site-packages/eventlet/wsgi.py:992
2026-02-23 07:50:12.542 16 INFO neutron.wsgi [-] 192.168.122.100 "GET /healthcheck HTTP/1.0" status: 200 len: 137 time: 0.0017149
2026-02-23 07:50:14.543 15 DEBUG neutron.wsgi [-] (15) accepted ('192.168.122.100', 48576) server /usr/lib/python3.9/site-packages/eventlet/wsgi.py:992
2026-02-23 07:50:14.548 15 INFO neutron.wsgi [-] 192.168.122.100 "GET /healthcheck HTTP/1.0" status: 200 len: 137 time: 0.0033858
2026-02-23 07:50:16.549 17 DEBUG neutron.wsgi [-] (17) accepted ('192.168.122.100', 46158) server /usr/lib/python3.9/site-packages/eventlet/wsgi.py:992
2026-02-23 07:50:16.551 17 INFO neutron.wsgi [-] 192.168.122.100 "GET /healthcheck HTTP/1.0" status: 200 len: 137 time: 0.0012810
2026-02-23 07:50:17.101 21 DEBUG neutron_lib.callbacks.manager [req-3477501a-d617-4232-8f01-5758ab895ffd - - - - -] Notify callbacks ['neutron.services.segments.db._update_segment_host_mapping_for_agent-8740073722871', 'neutron.plugins.ml2.plugin.Ml2Plugin._retry_binding_revived_agents-33427703'] for agent, after_update _notify_loop /usr/lib/python3.9/site-packages/neutron_lib/callbacks/manager.py:200
2026-02-23 07:50:17.370 20 DEBUG neutron_lib.callbacks.manager [req-0ca50c18-e64f-4fa9-91b6-ab0e8789a746 - - - - -] Notify callbacks ['neutron.services.segments.db._update_segment_host_mapping_for_agent-8740073722871', 'neutron.plugins.ml2.plugin.Ml2Plugin._retry_binding_revived_agents-33427703'] for agent, after_update _notify_loop /usr/lib/python3.9/site-packages/neutron_lib/callbacks/manager.py:200
2026-02-23 07:50:17.948 17 DEBUG neutron.wsgi [-] (17) accepted ('192.168.122.100', 46168) server /usr/lib/python3.9/site-packages/eventlet/wsgi.py:992
2026-02-23 07:50:17.951 17 INFO neutron.wsgi [-] 192.168.122.100 "GET / HTTP/1.1" status: 200 len: 233 time: 0.0023375
2026-02-23 07:50:18.552 17 DEBUG neutron.wsgi [-] (17) accepted ('192.168.122.100', 46182) server /usr/lib/python3.9/site-packages/eventlet/wsgi.py:992
