2026-02-23 07:35:35.876 15 INFO neutron.wsgi [-] 192.168.122.100 "GET /healthcheck HTTP/1.0" status: 200 len: 137 time: 0.0071845
2026-02-23 07:35:37.878 16 DEBUG neutron.wsgi [-] (16) accepted ('192.168.122.100', 60704) server /usr/lib/python3.9/site-packages/eventlet/wsgi.py:992
2026-02-23 07:35:37.880 16 INFO neutron.wsgi [-] 192.168.122.100 "GET /healthcheck HTTP/1.0" status: 200 len: 137 time: 0.0013278
2026-02-23 07:35:39.882 17 DEBUG neutron.wsgi [-] (17) accepted ('192.168.122.100', 60710) server /usr/lib/python3.9/site-packages/eventlet/wsgi.py:992
2026-02-23 07:35:39.885 17 INFO neutron.wsgi [-] 192.168.122.100 "GET /healthcheck HTTP/1.0" status: 200 len: 137 time: 0.0013235
2026-02-23 07:35:41.887 15 DEBUG neutron.wsgi [-] (15) accepted ('192.168.122.100', 60718) server /usr/lib/python3.9/site-packages/eventlet/wsgi.py:992
2026-02-23 07:35:41.889 15 INFO neutron.wsgi [-] 192.168.122.100 "GET /healthcheck HTTP/1.0" status: 200 len: 137 time: 0.0014472
2026-02-23 07:35:43.891 17 DEBUG neutron.wsgi [-] (17) accepted ('192.168.122.100', 60730) server /usr/lib/python3.9/site-packages/eventlet/wsgi.py:992
2026-02-23 07:35:43.894 17 INFO neutron.wsgi [-] 192.168.122.100 "GET /healthcheck HTTP/1.0" status: 200 len: 137 time: 0.0017097
2026-02-23 07:35:44.879 17 DEBUG neutron.wsgi [-] (17) accepted ('192.168.122.100', 47708) server /usr/lib/python3.9/site-packages/eventlet/wsgi.py:992
2026-02-23 07:35:44.882 17 INFO neutron.wsgi [-] 192.168.122.100 "GET / HTTP/1.1" status: 200 len: 233 time: 0.0019047
2026-02-23 07:35:45.896 16 DEBUG neutron.wsgi [-] (16) accepted ('192.168.122.100', 47720) server /usr/lib/python3.9/site-packages/eventlet/wsgi.py:992
2026-02-23 07:35:45.898 16 INFO neutron.wsgi [-] 192.168.122.100 "GET /healthcheck HTTP/1.0" status: 200 len: 137 time: 0.0017500
2026-02-23 07:35:47.900 15 DEBUG neutron.wsgi [-] (15) accepted ('192.168.122.100', 47726) server /usr/lib/python3.9/site-packages/eventlet/wsgi.py:992
2026-02-23 07:35:47.904 15 INFO neutron.wsgi [-] 192.168.122.100 "GET /healthcheck HTTP/1.0" status: 200 len: 137 time: 0.0031044
2026-02-23 07:35:50.069 17 DEBUG neutron.wsgi [-] (17) accepted ('192.168.122.100', 47730) server /usr/lib/python3.9/site-packages/eventlet/wsgi.py:992
2026-02-23 07:35:50.072 17 INFO neutron.wsgi [-] 192.168.122.100 "GET /healthcheck HTTP/1.0" status: 200 len: 137 time: 0.0024991
2026-02-23 07:35:52.444 16 DEBUG neutron.wsgi [-] (16) accepted ('192.168.122.100', 47732) server /usr/lib/python3.9/site-packages/eventlet/wsgi.py:992
2026-02-23 07:35:52.447 16 INFO neutron.wsgi [-] 192.168.122.100 "GET /healthcheck HTTP/1.0" status: 200 len: 137 time: 0.0024862
2026-02-23 07:35:54.449 15 DEBUG neutron.wsgi [-] (15) accepted ('192.168.122.100', 47738) server /usr/lib/python3.9/site-packages/eventlet/wsgi.py:992
2026-02-23 07:35:54.452 15 INFO neutron.wsgi [-] 192.168.122.100 "GET /healthcheck HTTP/1.0" status: 200 len: 137 time: 0.0013890
2026-02-23 07:35:56.453 18 DEBUG neutron.wsgi [-] (18) accepted ('192.168.122.100', 46404) server /usr/lib/python3.9/site-packages/eventlet/wsgi.py:992
2026-02-23 07:35:56.457 18 INFO neutron.wsgi [-] 192.168.122.100 "GET /healthcheck HTTP/1.0" status: 200 len: 137 time: 0.0028095
2026-02-23 07:35:58.459 17 DEBUG neutron.wsgi [-] (17) accepted ('192.168.122.100', 46416) server /usr/lib/python3.9/site-packages/eventlet/wsgi.py:992
2026-02-23 07:35:58.461 17 INFO neutron.wsgi [-] 192.168.122.100 "GET /healthcheck HTTP/1.0" status: 200 len: 137 time: 0.0012493
2026-02-23 07:36:00.464 17 DEBUG neutron.wsgi [-] (17) accepted ('192.168.122.100', 46426) server /usr/lib/python3.9/site-packages/eventlet/wsgi.py:992
2026-02-23 07:36:00.467 17 INFO neutron.wsgi [-] 192.168.122.100 "GET /healthcheck HTTP/1.0" status: 200 len: 137 time: 0.0024273
2026-02-23 07:36:02.469 15 DEBUG neutron.wsgi [-] (15) accepted ('192.168.122.100', 46434) server /usr/lib/python3.9/site-packages/eventlet/wsgi.py:992
2026-02-23 07:36:02.473 15 INFO neutron.wsgi [-] 192.168.122.100 "GET /healthcheck HTTP/1.0" status: 200 len: 137 time: 0.0026393
2026-02-23 07:36:04.475 16 DEBUG neutron.wsgi [-] (16) accepted ('192.168.122.100', 46436) server /usr/lib/python3.9/site-packages/eventlet/wsgi.py:992
2026-02-23 07:36:04.477 16 INFO neutron.wsgi [-] 192.168.122.100 "GET /healthcheck HTTP/1.0" status: 200 len: 137 time: 0.0014250
2026-02-23 07:36:06.479 16 DEBUG neutron.wsgi [-] (16) accepted ('192.168.122.100', 49492) server /usr/lib/python3.9/site-packages/eventlet/wsgi.py:992
2026-02-23 07:36:06.481 16 INFO neutron.wsgi [-] 192.168.122.100 "GET /healthcheck HTTP/1.0" status: 200 len: 137 time: 0.0012584
2026-02-23 07:36:08.483 16 DEBUG neutron.wsgi [-] (16) accepted ('192.168.122.100', 49502) server /usr/lib/python3.9/site-packages/eventlet/wsgi.py:992
2026-02-23 07:36:08.487 16 INFO neutron.wsgi [-] 192.168.122.100 "GET /healthcheck HTTP/1.0" status: 200 len: 137 time: 0.0026224
2026-02-23 07:36:10.489 15 DEBUG neutron.wsgi [-] (15) accepted ('192.168.122.100', 49504) server /usr/lib/python3.9/site-packages/eventlet/wsgi.py:992
2026-02-23 07:36:10.491 15 INFO neutron.wsgi [-] 192.168.122.100 "GET /healthcheck HTTP/1.0" status: 200 len: 137 time: 0.0012341
2026-02-23 07:36:12.493 18 DEBUG neutron.wsgi [-] (18) accepted ('192.168.122.100', 49506) server /usr/lib/python3.9/site-packages/eventlet/wsgi.py:992
2026-02-23 07:36:12.496 18 INFO neutron.wsgi [-] 192.168.122.100 "GET /healthcheck HTTP/1.0" status: 200 len: 137 time: 0.0024302
2026-02-23 07:36:14.499 16 DEBUG neutron.wsgi [-] (16) accepted ('192.168.122.100', 49512) server /usr/lib/python3.9/site-packages/eventlet/wsgi.py:992
2026-02-23 07:36:14.501 16 INFO neutron.wsgi [-] 192.168.122.100 "GET /healthcheck HTTP/1.0" status: 200 len: 137 time: 0.0013576
2026-02-23 07:36:15.876 15 DEBUG neutron.wsgi [-] (15) accepted ('192.168.122.100', 35434) server /usr/lib/python3.9/site-packages/eventlet/wsgi.py:992
2026-02-23 07:36:15.879 15 INFO neutron.wsgi [-] 192.168.122.100 "GET / HTTP/1.1" status: 200 len: 233 time: 0.0021000
2026-02-23 07:36:16.502 16 DEBUG neutron.wsgi [-] (16) accepted ('192.168.122.100', 35440) server /usr/lib/python3.9/site-packages/eventlet/wsgi.py:992
2026-02-23 07:36:16.506 16 INFO neutron.wsgi [-] 192.168.122.100 "GET /healthcheck HTTP/1.0" status: 200 len: 137 time: 0.0025375
2026-02-23 07:36:18.508 16 DEBUG neutron.wsgi [-] (16) accepted ('192.168.122.100', 35448) server /usr/lib/python3.9/site-packages/eventlet/wsgi.py:992
2026-02-23 07:36:18.511 16 INFO neutron.wsgi [-] 192.168.122.100 "GET /healthcheck HTTP/1.0" status: 200 len: 137 time: 0.0024741
2026-02-23 07:36:20.514 16 DEBUG neutron.wsgi [-] (16) accepted ('192.168.122.100', 35458) server /usr/lib/python3.9/site-packages/eventlet/wsgi.py:992
2026-02-23 07:36:20.518 16 INFO neutron.wsgi [-] 192.168.122.100 "GET /healthcheck HTTP/1.0" status: 200 len: 137 time: 0.0026741
2026-02-23 07:36:22.519 18 DEBUG neutron.wsgi [-] (18) accepted ('192.168.122.100', 35462) server /usr/lib/python3.9/site-packages/eventlet/wsgi.py:992
2026-02-23 07:36:22.523 18 INFO neutron.wsgi [-] 192.168.122.100 "GET /healthcheck HTTP/1.0" status: 200 len: 137 time: 0.0025835
2026-02-23 07:36:24.525 18 DEBUG neutron.wsgi [-] (18) accepted ('192.168.122.100', 35474) server /usr/lib/python3.9/site-packages/eventlet/wsgi.py:992
2026-02-23 07:36:24.528 18 INFO neutron.wsgi [-] 192.168.122.100 "GET /healthcheck HTTP/1.0" status: 200 len: 137 time: 0.0024390
2026-02-23 07:36:26.530 16 DEBUG neutron.wsgi [-] (16) accepted ('192.168.122.100', 60680) server /usr/lib/python3.9/site-packages/eventlet/wsgi.py:992
2026-02-23 07:36:26.533 16 INFO neutron.wsgi [-] 192.168.122.100 "GET /healthcheck HTTP/1.0" status: 200 len: 137 time: 0.0017533
2026-02-23 07:36:28.535 16 DEBUG neutron.wsgi [-] (16) accepted ('192.168.122.100', 60688) server /usr/lib/python3.9/site-packages/eventlet/wsgi.py:992
2026-02-23 07:36:28.538 16 INFO neutron.wsgi [-] 192.168.122.100 "GET /healthcheck HTTP/1.0" status: 200 len: 137 time: 0.0019238
2026-02-23 07:36:30.540 17 DEBUG neutron.wsgi [-] (17) accepted ('192.168.122.100', 60702) server /usr/lib/python3.9/site-packages/eventlet/wsgi.py:992
2026-02-23 07:36:30.542 17 INFO neutron.wsgi [-] 192.168.122.100 "GET /healthcheck HTTP/1.0" status: 200 len: 137 time: 0.0013058
2026-02-23 07:36:32.544 18 DEBUG neutron.wsgi [-] (18) accepted ('192.168.122.100', 60704) server /usr/lib/python3.9/site-packages/eventlet/wsgi.py:992
2026-02-23 07:36:32.547 18 INFO neutron.wsgi [-] 192.168.122.100 "GET /healthcheck HTTP/1.0" status: 200 len: 137 time: 0.0025008
2026-02-23 07:36:34.549 17 DEBUG neutron.wsgi [-] (17) accepted ('192.168.122.100', 60714) server /usr/lib/python3.9/site-packages/eventlet/wsgi.py:992
2026-02-23 07:36:34.554 17 INFO neutron.wsgi [-] 192.168.122.100 "GET /healthcheck HTTP/1.0" status: 200 len: 137 time: 0.0026283
2026-02-23 07:36:36.555 15 DEBUG neutron.wsgi [-] (15) accepted ('192.168.122.100', 39100) server /usr/lib/python3.9/site-packages/eventlet/wsgi.py:992
2026-02-23 07:36:36.559 15 INFO neutron.wsgi [-] 192.168.122.100 "GET /healthcheck HTTP/1.0" status: 200 len: 137 time: 0.0026851
2026-02-23 07:36:38.559 17 DEBUG neutron.wsgi [-] (17) accepted ('192.168.122.100', 39110) server /usr/lib/python3.9/site-packages/eventlet/wsgi.py:992
2026-02-23 07:36:38.561 17 INFO neutron.wsgi [-] 192.168.122.100 "GET /healthcheck HTTP/1.0" status: 200 len: 137 time: 0.0015345
2026-02-23 07:36:40.563 17 DEBUG neutron.wsgi [-] (17) accepted ('192.168.122.100', 39112) server /usr/lib/python3.9/site-packages/eventlet/wsgi.py:992
2026-02-23 07:36:40.567 17 INFO neutron.wsgi [-] 192.168.122.100 "GET /healthcheck HTTP/1.0" status: 200 len: 137 time: 0.0024493
2026-02-23 07:36:42.568 17 DEBUG neutron.wsgi [-] (17) accepted ('192.168.122.100', 39124) server /usr/lib/python3.9/site-packages/eventlet/wsgi.py:992
2026-02-23 07:36:42.571 17 INFO neutron.wsgi [-] 192.168.122.100 "GET /healthcheck HTTP/1.0" status: 200 len: 137 time: 0.0024207
2026-02-23 07:36:44.574 15 DEBUG neutron.wsgi [-] (15) accepted ('192.168.122.100', 39130) server /usr/lib/python3.9/site-packages/eventlet/wsgi.py:992
2026-02-23 07:36:44.577 15 INFO neutron.wsgi [-] 192.168.122.100 "GET /healthcheck HTTP/1.0" status: 200 len: 137 time: 0.0024033
2026-02-23 07:36:45.290 16 DEBUG neutron.wsgi [-] (16) accepted ('192.168.122.100', 35964) server /usr/lib/python3.9/site-packages/eventlet/wsgi.py:992
2026-02-23 07:36:46.113 16 DEBUG neutron.policy [req-1c79e831-da61-45f3-801d-1cad00d077d2 4da04367381d4e54be506e5567c3fdc6 fa681627611546b6a325b0c2786f3cdb - default default] Loaded default policies from ['networking-bgpvpn', 'neutron'] under neutron.policies entry points register_rules /usr/lib/python3.9/site-packages/neutron/policy.py:73
2026-02-23 07:36:46.136 16 INFO neutron.wsgi [req-1c79e831-da61-45f3-801d-1cad00d077d2 4da04367381d4e54be506e5567c3fdc6 fa681627611546b6a325b0c2786f3cdb - default default] 192.168.122.99,192.168.122.100 "GET /v2.0/networks?name=ctlplane HTTP/1.1" status: 200 len: 189 time: 0.8453238
2026-02-23 07:36:46.144 16 DEBUG neutron.api.v2.base [req-ecbbcb30-9a13-4bb6-93b8-a7f0226abbd6 4da04367381d4e54be506e5567c3fdc6 fa681627611546b6a325b0c2786f3cdb - default default] Request body: {'network': {'mtu': 1450, 'dns_domain': 'ctlplane.ooo.test.', 'provider:network_type': 'flat', 'name': 'ctlplane', 'provider:physical_network': 'ctlplane'}} prepare_request_body /usr/lib/python3.9/site-packages/neutron/api/v2/base.py:729
2026-02-23 07:36:46.160 16 DEBUG neutron.pecan_wsgi.hooks.quota_enforcement [req-ecbbcb30-9a13-4bb6-93b8-a7f0226abbd6 4da04367381d4e54be506e5567c3fdc6 fa681627611546b6a325b0c2786f3cdb - default default] Made reservation on behalf of fa681627611546b6a325b0c2786f3cdb for: {'network': 1} before /usr/lib/python3.9/site-packages/neutron/pecan_wsgi/hooks/quota_enforcement.py:53
2026-02-23 07:36:46.162 16 DEBUG neutron_lib.callbacks.manager [req-ecbbcb30-9a13-4bb6-93b8-a7f0226abbd6 4da04367381d4e54be506e5567c3fdc6 fa681627611546b6a325b0c2786f3cdb - default default] Notify callbacks ['neutron.plugins.ml2.plugin.SecurityGroupDbMixin._ensure_default_security_group_handler-33261388'] for network, before_create _notify_loop /usr/lib/python3.9/site-packages/neutron_lib/callbacks/manager.py:200
2026-02-23 07:36:46.175 16 DEBUG neutron_lib.callbacks.manager [req-ecbbcb30-9a13-4bb6-93b8-a7f0226abbd6 4da04367381d4e54be506e5567c3fdc6 fa681627611546b6a325b0c2786f3cdb - default default] Notify callbacks [] for security_group, before_create _notify_loop /usr/lib/python3.9/site-packages/neutron_lib/callbacks/manager.py:200
2026-02-23 07:36:46.227 16 DEBUG neutron_lib.callbacks.manager [req-ecbbcb30-9a13-4bb6-93b8-a7f0226abbd6 4da04367381d4e54be506e5567c3fdc6 fa681627611546b6a325b0c2786f3cdb - default default] Notify callbacks [] for security_group, precommit_create _notify_loop /usr/lib/python3.9/site-packages/neutron_lib/callbacks/manager.py:200
2026-02-23 07:36:46.232 16 DEBUG neutron_lib.callbacks.manager [req-ecbbcb30-9a13-4bb6-93b8-a7f0226abbd6 4da04367381d4e54be506e5567c3fdc6 fa681627611546b6a325b0c2786f3cdb - default default] Notify callbacks ['neutron.plugins.ml2.ovo_rpc._ObjectChangeHandler.handle_event-605617'] for security_group, after_create _notify_loop /usr/lib/python3.9/site-packages/neutron_lib/callbacks/manager.py:200
2026-02-23 07:36:46.243 16 DEBUG neutron.plugins.ml2.drivers.type_flat [req-ecbbcb30-9a13-4bb6-93b8-a7f0226abbd6 4da04367381d4e54be506e5567c3fdc6 fa681627611546b6a325b0c2786f3cdb - default default] Reserving flat network on physical network ctlplane reserve_provider_segment /usr/lib/python3.9/site-packages/neutron/plugins/ml2/drivers/type_flat.py:100
2026-02-23 07:36:46.254 16 DEBUG neutron_lib.callbacks.manager [req-ecbbcb30-9a13-4bb6-93b8-a7f0226abbd6 4da04367381d4e54be506e5567c3fdc6 fa681627611546b6a325b0c2786f3cdb - default default] Notify callbacks ['neutron.services.segments.db._add_segment_host_mapping_for_segment-8740073723396', 'neutron.plugins.ml2.plugin.Ml2Plugin._handle_segment_change-33436863'] for segment, precommit_create _notify_loop /usr/lib/python3.9/site-packages/neutron_lib/callbacks/manager.py:200
2026-02-23 07:36:46.256 16 DEBUG neutron.api.rpc.handlers.resources_rpc [req-ecbbcb30-9a13-4bb6-93b8-a7f0226abbd6 4da04367381d4e54be506e5567c3fdc6 fa681627611546b6a325b0c2786f3cdb - - -] Pushing event updated for resources: {'SecurityGroup': ['ID=d174747f-c51a-44b2-ab3f-f683b0ea1979,revision_number=1']} push /usr/lib/python3.9/site-packages/neutron/api/rpc/handlers/resources_rpc.py:237
2026-02-23 07:36:46.258 16 DEBUG neutron.plugins.ml2.drivers.mech_agent [req-ecbbcb30-9a13-4bb6-93b8-a7f0226abbd6 4da04367381d4e54be506e5567c3fdc6 fa681627611546b6a325b0c2786f3cdb - default default] Checking segment: NetworkSegment(created_at=2026-02-23T07:36:46Z,description=,hosts=[],id=65cb5d95-4cfe-4dd1-bd70-90f746857cfc,is_dynamic=False,name=,network_id=b32b7cc8-72b7-494d-b72d-8ce327407d08,network_type='flat',physical_network='ctlplane',revision_number=0,segment_index=0,segmentation_id=None,updated_at=2026-02-23T07:36:46Z) for mappings: {'ctlplane': 'br-ctlplane'} with network types: ['local', 'flat', 'vlan'] check_segment_for_agent /usr/lib/python3.9/site-packages/neutron/plugins/ml2/drivers/mech_agent.py:343
2026-02-23 07:36:46.262 16 DEBUG neutron.api.rpc.callbacks.version_manager [req-ecbbcb30-9a13-4bb6-93b8-a7f0226abbd6 4da04367381d4e54be506e5567c3fdc6 fa681627611546b6a325b0c2786f3cdb - - -] Version for resource type AddressGroup changed None to 1.2 on consumer Open vSwitch agent@undercloud.ooo.test _set_version /usr/lib/python3.9/site-packages/neutron/api/rpc/callbacks/version_manager.py:113
2026-02-23 07:36:46.262 16 DEBUG neutron.api.rpc.callbacks.version_manager [req-ecbbcb30-9a13-4bb6-93b8-a7f0226abbd6 4da04367381d4e54be506e5567c3fdc6 fa681627611546b6a325b0c2786f3cdb - - -] Version for resource type ConntrackHelper changed None to 1.0 on consumer Open vSwitch agent@undercloud.ooo.test _set_version /usr/lib/python3.9/site-packages/neutron/api/rpc/callbacks/version_manager.py:113
2026-02-23 07:36:46.262 16 DEBUG neutron.api.rpc.callbacks.version_manager [req-ecbbcb30-9a13-4bb6-93b8-a7f0226abbd6 4da04367381d4e54be506e5567c3fdc6 fa681627611546b6a325b0c2786f3cdb - - -] Version for resource type Log changed None to 1.0 on consumer Open vSwitch agent@undercloud.ooo.test _set_version /usr/lib/python3.9/site-packages/neutron/api/rpc/callbacks/version_manager.py:113
2026-02-23 07:36:46.262 16 DEBUG neutron.api.rpc.callbacks.version_manager [req-ecbbcb30-9a13-4bb6-93b8-a7f0226abbd6 4da04367381d4e54be506e5567c3fdc6 fa681627611546b6a325b0c2786f3cdb - - -] Version for resource type Network changed None to 1.1 on consumer Open vSwitch agent@undercloud.ooo.test _set_version /usr/lib/python3.9/site-packages/neutron/api/rpc/callbacks/version_manager.py:113
2026-02-23 07:36:46.263 16 DEBUG neutron.api.rpc.callbacks.version_manager [req-ecbbcb30-9a13-4bb6-93b8-a7f0226abbd6 4da04367381d4e54be506e5567c3fdc6 fa681627611546b6a325b0c2786f3cdb - - -] Version for resource type Port changed None to 1.7 on consumer Open vSwitch agent@undercloud.ooo.test _set_version /usr/lib/python3.9/site-packages/neutron/api/rpc/callbacks/version_manager.py:113
2026-02-23 07:36:46.263 16 DEBUG neutron.api.rpc.callbacks.version_manager [req-ecbbcb30-9a13-4bb6-93b8-a7f0226abbd6 4da04367381d4e54be506e5567c3fdc6 fa681627611546b6a325b0c2786f3cdb - - -] Version for resource type PortForwarding changed None to 1.2 on consumer Open vSwitch agent@undercloud.ooo.test _set_version /usr/lib/python3.9/site-packages/neutron/api/rpc/callbacks/version_manager.py:113
2026-02-23 07:36:46.263 16 DEBUG neutron.api.rpc.callbacks.version_manager [req-ecbbcb30-9a13-4bb6-93b8-a7f0226abbd6 4da04367381d4e54be506e5567c3fdc6 fa681627611546b6a325b0c2786f3cdb - - -] Version for resource type QosPolicy changed None to 1.8 on consumer Open vSwitch agent@undercloud.ooo.test _set_version /usr/lib/python3.9/site-packages/neutron/api/rpc/callbacks/version_manager.py:113
2026-02-23 07:36:46.263 16 DEBUG neutron.api.rpc.callbacks.version_manager [req-ecbbcb30-9a13-4bb6-93b8-a7f0226abbd6 4da04367381d4e54be506e5567c3fdc6 fa681627611546b6a325b0c2786f3cdb - - -] Version for resource type SecurityGroup changed None to 1.5 on consumer Open vSwitch agent@undercloud.ooo.test _set_version /usr/lib/python3.9/site-packages/neutron/api/rpc/callbacks/version_manager.py:113
2026-02-23 07:36:46.263 16 DEBUG neutron.api.rpc.callbacks.version_manager [req-ecbbcb30-9a13-4bb6-93b8-a7f0226abbd6 4da04367381d4e54be506e5567c3fdc6 fa681627611546b6a325b0c2786f3cdb - - -] Version for resource type SecurityGroupRule changed None to 1.2 on consumer Open vSwitch agent@undercloud.ooo.test _set_version /usr/lib/python3.9/site-packages/neutron/api/rpc/callbacks/version_manager.py:113
2026-02-23 07:36:46.263 16 DEBUG neutron.api.rpc.callbacks.version_manager [req-ecbbcb30-9a13-4bb6-93b8-a7f0226abbd6 4da04367381d4e54be506e5567c3fdc6 fa681627611546b6a325b0c2786f3cdb - - -] Version for resource type SubPort changed None to 1.0 on consumer Open vSwitch agent@undercloud.ooo.test _set_version /usr/lib/python3.9/site-packages/neutron/api/rpc/callbacks/version_manager.py:113
2026-02-23 07:36:46.263 16 DEBUG neutron.api.rpc.callbacks.version_manager [req-ecbbcb30-9a13-4bb6-93b8-a7f0226abbd6 4da04367381d4e54be506e5567c3fdc6 fa681627611546b6a325b0c2786f3cdb - - -] Version for resource type Subnet changed None to 1.1 on consumer Open vSwitch agent@undercloud.ooo.test _set_version /usr/lib/python3.9/site-packages/neutron/api/rpc/callbacks/version_manager.py:113
2026-02-23 07:36:46.263 16 DEBUG neutron.api.rpc.callbacks.version_manager [req-ecbbcb30-9a13-4bb6-93b8-a7f0226abbd6 4da04367381d4e54be506e5567c3fdc6 fa681627611546b6a325b0c2786f3cdb - - -] Version for resource type Trunk changed None to 1.1 on consumer Open vSwitch agent@undercloud.ooo.test _set_version /usr/lib/python3.9/site-packages/neutron/api/rpc/callbacks/version_manager.py:113
2026-02-23 07:36:46.264 16 DEBUG neutron.api.rpc.callbacks.version_manager [req-ecbbcb30-9a13-4bb6-93b8-a7f0226abbd6 4da04367381d4e54be506e5567c3fdc6 fa681627611546b6a325b0c2786f3cdb - - -] Tracked resource versions report: pushed versions: { 'AddressGroup': {'1.2'}, 'ConntrackHelper': {'1.0'}, 'Log': {'1.0'}, 'Network': {'1.1'}, 'Port': {'1.7'}, 'PortForwarding': {'1.2'}, 'QosPolicy': {'1.8'}, 'SecurityGroup': {'1.5'}, 'SecurityGroupRule': {'1.2'}, 'SubPort': {'1.0'}, 'Subnet': {'1.1'}, 'Trunk': {'1.1'}} consumer versions: { DHCP agent@undercloud.ooo.test: {}, L3 agent@undercloud.ooo.test: {}, Open vSwitch agent@undercloud.ooo.test: { 'AddressGroup': '1.2', 'ConntrackHelper': '1.0', 'Log': '1.0', 'Network': '1.1', 'Port': '1.7', 'PortForwarding': '1.2', 'QosPolicy': '1.8', 'SecurityGroup': '1.5', 'SecurityGroupRule': '1.2', 'SubPort': '1.0', 'Subnet': '1.1', 'Trunk': '1.1'}} report /usr/lib/python3.9/site-packages/neutron/api/rpc/callbacks/version_manager.py:175
2026-02-23 07:36:46.274 16 DEBUG neutron.services.segments.db [req-ecbbcb30-9a13-4bb6-93b8-a7f0226abbd6 4da04367381d4e54be506e5567c3fdc6 fa681627611546b6a325b0c2786f3cdb - default default] Segment 65cb5d95-4cfe-4dd1-bd70-90f746857cfc mapped to the hosts {'undercloud.ooo.test'} map_segment_to_hosts /usr/lib/python3.9/site-packages/neutron/services/segments/db.py:339
2026-02-23 07:36:46.274 16 INFO neutron.db.segments_db [req-ecbbcb30-9a13-4bb6-93b8-a7f0226abbd6 4da04367381d4e54be506e5567c3fdc6 fa681627611546b6a325b0c2786f3cdb - default default] Added segment 65cb5d95-4cfe-4dd1-bd70-90f746857cfc of type flat for network b32b7cc8-72b7-494d-b72d-8ce327407d08
2026-02-23 07:36:46.338 16 DEBUG neutron_lib.callbacks.manager [req-ecbbcb30-9a13-4bb6-93b8-a7f0226abbd6 4da04367381d4e54be506e5567c3fdc6 fa681627611546b6a325b0c2786f3cdb - default default] Notify callbacks ['neutron.services.auto_allocate.db._ensure_external_network_default_value_callback-8740073077670'] for network, precommit_create _notify_loop /usr/lib/python3.9/site-packages/neutron_lib/callbacks/manager.py:200
2026-02-23 07:36:46.371 16 DEBUG neutron_lib.callbacks.manager [req-ecbbcb30-9a13-4bb6-93b8-a7f0226abbd6 4da04367381d4e54be506e5567c3fdc6 fa681627611546b6a325b0c2786f3cdb - default default] Notify callbacks ['neutron.plugins.ml2.ovo_rpc._ObjectChangeHandler.handle_event-605440', 'neutron.api.rpc.agentnotifiers.dhcp_rpc_agent_api.DhcpAgentNotifyAPI._native_event_send_dhcp_notification-709098'] for network, after_create _notify_loop /usr/lib/python3.9/site-packages/neutron_lib/callbacks/manager.py:200
2026-02-23 07:36:46.372 16 DEBUG neutron.pecan_wsgi.hooks.policy_enforcement [req-ecbbcb30-9a13-4bb6-93b8-a7f0226abbd6 4da04367381d4e54be506e5567c3fdc6 fa681627611546b6a325b0c2786f3cdb - default default] Attributes excluded by policy engine: ['standard_attr_id', 'vlan_transparent'] _exclude_attributes_by_policy /usr/lib/python3.9/site-packages/neutron/pecan_wsgi/hooks/policy_enforcement.py:259
2026-02-23 07:36:46.372 16 DEBUG neutron_lib.callbacks.manager [req-ecbbcb30-9a13-4bb6-93b8-a7f0226abbd6 4da04367381d4e54be506e5567c3fdc6 fa681627611546b6a325b0c2786f3cdb - default default] Notify callbacks ['neutron.api.rpc.agentnotifiers.dhcp_rpc_agent_api.DhcpAgentNotifyAPI._send_dhcp_notification-709020'] for network, before_response _notify_loop /usr/lib/python3.9/site-packages/neutron_lib/callbacks/manager.py:200
2026-02-23 07:36:46.421 16 INFO neutron.wsgi [req-ecbbcb30-9a13-4bb6-93b8-a7f0226abbd6 4da04367381d4e54be506e5567c3fdc6 fa681627611546b6a325b0c2786f3cdb - default default] 192.168.122.99,192.168.122.100 "POST /v2.0/networks HTTP/1.1" status: 201 len: 881 time: 0.2792222
2026-02-23 07:36:46.448 16 DEBUG neutron.api.rpc.handlers.resources_rpc [req-ecbbcb30-9a13-4bb6-93b8-a7f0226abbd6 4da04367381d4e54be506e5567c3fdc6 fa681627611546b6a325b0c2786f3cdb - - -] Pushing event updated for resources: {'Network': ['ID=b32b7cc8-72b7-494d-b72d-8ce327407d08,revision_number=1']} push /usr/lib/python3.9/site-packages/neutron/api/rpc/handlers/resources_rpc.py:237
2026-02-23 07:36:46.449 16 INFO neutron.wsgi [req-f1bcdf0f-a35a-4eac-8f52-c63ee470a333 4da04367381d4e54be506e5567c3fdc6 fa681627611546b6a325b0c2786f3cdb - default default] 192.168.122.99,192.168.122.100 "GET /v2.0/subnets?cidr=192.168.122.0%2F24&network_id=b32b7cc8-72b7-494d-b72d-8ce327407d08 HTTP/1.1" status: 200 len: 188 time: 0.0210102
2026-02-23 07:36:46.455 16 DEBUG neutron.services.segments.db [req-07e120b9-74c2-4375-9183-03a1540d02a4 4da04367381d4e54be506e5567c3fdc6 fa681627611546b6a325b0c2786f3cdb - default default] neutron.services.segments.plugin.Plugin method get_segments called with arguments (,) {'filters': {'network_id': ['b32b7cc8-72b7-494d-b72d-8ce327407d08'], 'physical_network': ['ctlplane']}, 'fields': [], 'sorts': [('id', True)], 'limit': None, 'marker': None, 'page_reverse': False} wrapper /usr/lib/python3.9/site-packages/oslo_log/helpers.py:65
2026-02-23 07:36:46.460 21 DEBUG neutron.plugins.ml2.rpc [req-f131cde5-71fc-476c-8af3-566869013402 - - - - -] Network b32b7cc8-72b7-494d-b72d-8ce327407d08 details requested by agent ovs-agent-undercloud.ooo.test with host undercloud.ooo.test get_network_details /usr/lib/python3.9/site-packages/neutron/plugins/ml2/rpc.py:232
2026-02-23 07:36:46.462 16 INFO neutron.wsgi [req-07e120b9-74c2-4375-9183-03a1540d02a4 4da04367381d4e54be506e5567c3fdc6 fa681627611546b6a325b0c2786f3cdb - default default] 192.168.122.99,192.168.122.100 "GET /v2.0/segments?network_id=b32b7cc8-72b7-494d-b72d-8ce327407d08&physical_network=ctlplane HTTP/1.1" status: 200 len: 505 time: 0.0091872
2026-02-23 07:36:46.472 16 DEBUG neutron.api.v2.base [req-b03c306d-7e93-406e-af51-9330966b1566 4da04367381d4e54be506e5567c3fdc6 fa681627611546b6a325b0c2786f3cdb - default default] Request body: {'subnet': {'cidr': '192.168.122.0/24', 'enable_dhcp': True, 'allocation_pools': [{'end': '192.168.122.130', 'start': '192.168.122.110'}], 'dns_nameservers': ['192.168.122.10'], 'segment_id': None, 'gateway_ip': '192.168.122.10', 'name': 'ctlplane-subnet', 'host_routes': [], 'network_id': 'b32b7cc8-72b7-494d-b72d-8ce327407d08', 'ip_version': '4'}} prepare_request_body /usr/lib/python3.9/site-packages/neutron/api/v2/base.py:729
2026-02-23 07:36:46.485 16 DEBUG neutron.pecan_wsgi.hooks.quota_enforcement [req-b03c306d-7e93-406e-af51-9330966b1566 4da04367381d4e54be506e5567c3fdc6 fa681627611546b6a325b0c2786f3cdb - default default] Made reservation on behalf of fa681627611546b6a325b0c2786f3cdb for: {'subnet': 1} before /usr/lib/python3.9/site-packages/neutron/pecan_wsgi/hooks/quota_enforcement.py:53
2026-02-23 07:36:46.486 16 DEBUG neutron_lib.callbacks.manager [req-b03c306d-7e93-406e-af51-9330966b1566 4da04367381d4e54be506e5567c3fdc6 fa681627611546b6a325b0c2786f3cdb - default default] Notify callbacks ['neutron.services.segments.plugin.SegmentHostRoutes.host_routes_before_create-573046'] for subnet, before_create _notify_loop /usr/lib/python3.9/site-packages/neutron_lib/callbacks/manager.py:200
2026-02-23 07:36:46.523 16 DEBUG neutron.db.ipam_backend_mixin [req-b03c306d-7e93-406e-af51-9330966b1566 4da04367381d4e54be506e5567c3fdc6 fa681627611546b6a325b0c2786f3cdb - default default] Performing IP validity checks on allocation pools validate_allocation_pools /usr/lib/python3.9/site-packages/neutron/db/ipam_backend_mixin.py:314
2026-02-23 07:36:46.524 16 DEBUG neutron.db.ipam_backend_mixin [req-b03c306d-7e93-406e-af51-9330966b1566 4da04367381d4e54be506e5567c3fdc6 fa681627611546b6a325b0c2786f3cdb - default default] Checking for overlaps among allocation pools and gateway ip validate_allocation_pools /usr/lib/python3.9/site-packages/neutron/db/ipam_backend_mixin.py:335
2026-02-23 07:36:46.578 17 DEBUG neutron.wsgi [-] (17) accepted ('192.168.122.100', 35974) server /usr/lib/python3.9/site-packages/eventlet/wsgi.py:992
2026-02-23 07:36:46.580 17 INFO neutron.wsgi [-] 192.168.122.100 "GET /healthcheck HTTP/1.0" status: 200 len: 137 time: 0.0016096
2026-02-23 07:36:46.617 16 DEBUG neutron_lib.callbacks.manager [req-b03c306d-7e93-406e-af51-9330966b1566 4da04367381d4e54be506e5567c3fdc6 fa681627611546b6a325b0c2786f3cdb - default default] Notify callbacks ['neutron.plugins.ml2.ovo_rpc._ObjectChangeHandler.handle_event-605545', 'neutron.api.rpc.agentnotifiers.dhcp_rpc_agent_api.DhcpAgentNotifyAPI._native_event_send_dhcp_notification-709098', 'neutron.services.segments.plugin.NovaSegmentNotifier._notify_subnet_created-1014124', 'neutron.services.segments.plugin.SegmentHostRoutes.host_routes_after_create-572996'] for subnet, after_create _notify_loop /usr/lib/python3.9/site-packages/neutron_lib/callbacks/manager.py:200
2026-02-23 07:36:46.670 16 DEBUG neutron.api.rpc.handlers.resources_rpc [req-b03c306d-7e93-406e-af51-9330966b1566 4da04367381d4e54be506e5567c3fdc6 fa681627611546b6a325b0c2786f3cdb - - -] Pushing event updated for resources: {'Subnet': ['ID=cd456d7d-6770-4ea9-93da-7bc92a763785,revision_number=0']} push /usr/lib/python3.9/site-packages/neutron/api/rpc/handlers/resources_rpc.py:237
2026-02-23 07:36:46.683 16 DEBUG neutron.plugins.ml2.drivers.mech_agent [req-b03c306d-7e93-406e-af51-9330966b1566 4da04367381d4e54be506e5567c3fdc6 fa681627611546b6a325b0c2786f3cdb - default default] Checking segment: {'id': '65cb5d95-4cfe-4dd1-bd70-90f746857cfc', 'network_type': 'flat', 'physical_network': 'ctlplane', 'segmentation_id': None, 'network_id': 'b32b7cc8-72b7-494d-b72d-8ce327407d08'} for mappings: {'ctlplane': 'br-ctlplane'} with network types: ['local', 'flat', 'vlan'] check_segment_for_agent /usr/lib/python3.9/site-packages/neutron/plugins/ml2/drivers/mech_agent.py:343
2026-02-23 07:36:46.683 16 DEBUG neutron.scheduler.dhcp_agent_scheduler [req-b03c306d-7e93-406e-af51-9330966b1566 4da04367381d4e54be506e5567c3fdc6 fa681627611546b6a325b0c2786f3cdb - default default] Network hostable DHCP agents. Network: b32b7cc8-72b7-494d-b72d-8ce327407d08, hostable agents: ['b294826a-1a6f-4027-af3d-eefac89d198e'], hosted agents: [] _get_network_hostable_dhcp_agents /usr/lib/python3.9/site-packages/neutron/scheduler/dhcp_agent_scheduler.py:329
2026-02-23 07:36:46.694 16 DEBUG neutron.scheduler.dhcp_agent_scheduler [req-b03c306d-7e93-406e-af51-9330966b1566 4da04367381d4e54be506e5567c3fdc6 fa681627611546b6a325b0c2786f3cdb - default default] Network b32b7cc8-72b7-494d-b72d-8ce327407d08 is scheduled to be hosted by DHCP agent b294826a-1a6f-4027-af3d-eefac89d198e with binding_index 1 bind /usr/lib/python3.9/site-packages/neutron/scheduler/dhcp_agent_scheduler.py:227
2026-02-23 07:36:46.698 16 DEBUG neutron.scheduler.base_scheduler [req-b03c306d-7e93-406e-af51-9330966b1566 4da04367381d4e54be506e5567c3fdc6 fa681627611546b6a325b0c2786f3cdb - default default] Resources bound (agent type, host, resource id): (DHCP agent, undercloud.ooo.test, b32b7cc8-72b7-494d-b72d-8ce327407d08) schedule /usr/lib/python3.9/site-packages/neutron/scheduler/base_scheduler.py:57
2026-02-23 07:36:46.703 16 DEBUG neutron.pecan_wsgi.hooks.policy_enforcement [req-b03c306d-7e93-406e-af51-9330966b1566 4da04367381d4e54be506e5567c3fdc6 fa681627611546b6a325b0c2786f3cdb - default default] Attributes excluded by policy engine: ['standard_attr_id', 'shared', 'network'] _exclude_attributes_by_policy /usr/lib/python3.9/site-packages/neutron/pecan_wsgi/hooks/policy_enforcement.py:259
2026-02-23 07:36:46.703 16 DEBUG neutron_lib.callbacks.manager [req-b03c306d-7e93-406e-af51-9330966b1566 4da04367381d4e54be506e5567c3fdc6 fa681627611546b6a325b0c2786f3cdb - default default] Notify callbacks ['neutron.api.rpc.agentnotifiers.dhcp_rpc_agent_api.DhcpAgentNotifyAPI._send_dhcp_notification-709020'] for subnet, before_response _notify_loop /usr/lib/python3.9/site-packages/neutron_lib/callbacks/manager.py:200
2026-02-23 07:36:46.708 20 DEBUG neutron.api.rpc.handlers.dhcp_rpc [req-ed7d1093-ea47-4c99-b543-b99aacb5b693 - - - - -] Network b32b7cc8-72b7-494d-b72d-8ce327407d08 requested from undercloud.ooo.test get_network_info /usr/lib/python3.9/site-packages/neutron/api/rpc/handlers/dhcp_rpc.py:213
2026-02-23 07:36:46.728 16 INFO neutron.wsgi [req-b03c306d-7e93-406e-af51-9330966b1566 4da04367381d4e54be506e5567c3fdc6 fa681627611546b6a325b0c2786f3cdb - default default] 192.168.122.99,192.168.122.100 "POST /v2.0/subnets HTTP/1.1" status: 201 len: 847 time: 0.2577872
2026-02-23 07:36:46.739 16 DEBUG neutron.services.tag.tag_plugin [req-1569bc52-8245-4363-a6cf-03c6901a0b5c 4da04367381d4e54be506e5567c3fdc6 fa681627611546b6a325b0c2786f3cdb - default default] neutron.services.tag.tag_plugin.TagPlugin method update_tags called with arguments (, 'networks', 'b32b7cc8-72b7-494d-b72d-8ce327407d08', {'tags': ['192.168.122.0/24']}) {} wrapper /usr/lib/python3.9/site-packages/oslo_log/helpers.py:65
2026-02-23 07:36:46.828 16 INFO neutron.wsgi [req-1569bc52-8245-4363-a6cf-03c6901a0b5c 4da04367381d4e54be506e5567c3fdc6 fa681627611546b6a325b0c2786f3cdb - default default] 192.168.122.99,192.168.122.100 "PUT /v2.0/networks/b32b7cc8-72b7-494d-b72d-8ce327407d08/tags HTTP/1.1" status: 200 len: 204 time: 0.0931072
2026-02-23 07:36:46.871 15 DEBUG neutron.wsgi [-] (15) accepted ('192.168.122.100', 35988) server /usr/lib/python3.9/site-packages/eventlet/wsgi.py:992
2026-02-23 07:36:46.873 15 INFO neutron.wsgi [-] 192.168.122.100 "GET / HTTP/1.1" status: 200 len: 233 time: 0.0012977
2026-02-23 07:36:46.889 22 DEBUG neutron.api.rpc.handlers.dhcp_rpc [req-d864551a-c155-4755-83d0-e36fe3b9b03e - - - - -] Create dhcp port {'port': {'name': '', 'admin_state_up': True, 'device_id': 'dhcp4ffb0b0c-492f-50f3-b91f-5f97b4a206be-b32b7cc8-72b7-494d-b72d-8ce327407d08', 'network_id': 'b32b7cc8-72b7-494d-b72d-8ce327407d08', 'tenant_id': 'fa681627611546b6a325b0c2786f3cdb', 'fixed_ips': [{'subnet_id': 'cd456d7d-6770-4ea9-93da-7bc92a763785'}]}} from undercloud.ooo.test. create_dhcp_port /usr/lib/python3.9/site-packages/neutron/api/rpc/handlers/dhcp_rpc.py:279
2026-02-23 07:36:46.890 22 DEBUG neutron_lib.callbacks.manager [req-d864551a-c155-4755-83d0-e36fe3b9b03e - - - - -] Notify callbacks ['neutron.plugins.ml2.plugin.SecurityGroupDbMixin._ensure_default_security_group_handler-33261388'] for port, before_create _notify_loop /usr/lib/python3.9/site-packages/neutron_lib/callbacks/manager.py:200
2026-02-23 07:36:46.984 22 DEBUG neutron.db.db_base_plugin_common [req-d864551a-c155-4755-83d0-e36fe3b9b03e - - - - -] Allocated IP 192.168.122.110 (b32b7cc8-72b7-494d-b72d-8ce327407d08/cd456d7d-6770-4ea9-93da-7bc92a763785/daeb50db-f028-4aa8-ae15-7c4214ae04d2) _store_ip_allocation /usr/lib/python3.9/site-packages/neutron/db/db_base_plugin_common.py:131
2026-02-23 07:36:47.097 22 DEBUG neutron_lib.callbacks.manager [req-d864551a-c155-4755-83d0-e36fe3b9b03e - - - - -] Notify callbacks [] for allowed_address_pair, before_create _notify_loop /usr/lib/python3.9/site-packages/neutron_lib/callbacks/manager.py:200
2026-02-23 07:36:47.098 22 DEBUG neutron_lib.callbacks.manager [req-d864551a-c155-4755-83d0-e36fe3b9b03e - - - - -] Notify callbacks [] for port, precommit_create _notify_loop /usr/lib/python3.9/site-packages/neutron_lib/callbacks/manager.py:200
2026-02-23 07:36:47.104 22 DEBUG neutron.db.provisioning_blocks [req-d864551a-c155-4755-83d0-e36fe3b9b03e - - - - -] Transition to ACTIVE for port object daeb50db-f028-4aa8-ae15-7c4214ae04d2 will not be triggered until provisioned by entity L2. add_provisioning_component /usr/lib/python3.9/site-packages/neutron/db/provisioning_blocks.py:74
2026-02-23 07:36:47.112 22 DEBUG neutron.db.provisioning_blocks [req-d864551a-c155-4755-83d0-e36fe3b9b03e - - - - -] Transition to ACTIVE for port object daeb50db-f028-4aa8-ae15-7c4214ae04d2 will not be triggered until provisioned by entity DHCP. add_provisioning_component /usr/lib/python3.9/site-packages/neutron/db/provisioning_blocks.py:74
2026-02-23 07:36:47.117 22 DEBUG neutron_lib.callbacks.manager [req-d864551a-c155-4755-83d0-e36fe3b9b03e - - - - -] Notify callbacks ['neutron.plugins.ml2.plugin.SecurityGroupServerNotifierRpcMixin.notify_sg_on_port_change-33042840', 'neutron.plugins.ml2.extensions.dns_integration._create_port_in_external_dns_service-8740073608259', 'neutron.plugins.ml2.ovo_rpc._ObjectChangeHandler.handle_event-351916', 'neutron.api.rpc.agentnotifiers.dhcp_rpc_agent_api.DhcpAgentNotifyAPI._native_event_send_dhcp_notification-709098', 'neutron.services.segments.plugin.NovaSegmentNotifier._notify_port_created_or_deleted-1013977'] for port, after_create _notify_loop /usr/lib/python3.9/site-packages/neutron_lib/callbacks/manager.py:200
2026-02-23 07:36:47.144 22 DEBUG neutron.scheduler.dhcp_agent_scheduler [req-d864551a-c155-4755-83d0-e36fe3b9b03e - - - - -] Network b32b7cc8-72b7-494d-b72d-8ce327407d08 is already hosted by enough agents. _get_dhcp_agents_hosting_network /usr/lib/python3.9/site-packages/neutron/scheduler/dhcp_agent_scheduler.py:275
2026-02-23 07:36:47.145 22 DEBUG neutron.scheduler.base_scheduler [req-d864551a-c155-4755-83d0-e36fe3b9b03e - - - - -] Resources bound (agent type, host, resource id): schedule /usr/lib/python3.9/site-packages/neutron/scheduler/base_scheduler.py:57
2026-02-23 07:36:47.159 22 DEBUG neutron.api.rpc.handlers.resources_rpc [req-d864551a-c155-4755-83d0-e36fe3b9b03e - - - - -] Pushing event updated for resources: {'Port': ['ID=daeb50db-f028-4aa8-ae15-7c4214ae04d2,revision_number=1']} push /usr/lib/python3.9/site-packages/neutron/api/rpc/handlers/resources_rpc.py:237
2026-02-23 07:36:47.160 22 DEBUG neutron.plugins.ml2.managers [req-d864551a-c155-4755-83d0-e36fe3b9b03e - - - - -] Attempting to bind port daeb50db-f028-4aa8-ae15-7c4214ae04d2 on host undercloud.ooo.test for vnic_type normal with profile bind_port /usr/lib/python3.9/site-packages/neutron/plugins/ml2/managers.py:806
2026-02-23 07:36:47.161 22 DEBUG neutron.plugins.ml2.managers [req-d864551a-c155-4755-83d0-e36fe3b9b03e - - - - -] Attempting to bind port daeb50db-f028-4aa8-ae15-7c4214ae04d2 by drivers openvswitch,baremetal on host undercloud.ooo.test at level 0 using segments [{'id': '65cb5d95-4cfe-4dd1-bd70-90f746857cfc', 'network_type': 'flat', 'physical_network': 'ctlplane', 'segmentation_id': None, 'network_id': 'b32b7cc8-72b7-494d-b72d-8ce327407d08'}] _bind_port_level /usr/lib/python3.9/site-packages/neutron/plugins/ml2/managers.py:831
2026-02-23 07:36:47.161 22 DEBUG neutron.plugins.ml2.drivers.mech_agent [req-d864551a-c155-4755-83d0-e36fe3b9b03e - - - - -] Attempting to bind port daeb50db-f028-4aa8-ae15-7c4214ae04d2 on network b32b7cc8-72b7-494d-b72d-8ce327407d08 bind_port /usr/lib/python3.9/site-packages/neutron/plugins/ml2/drivers/mech_agent.py:86
2026-02-23 07:36:47.164 22 DEBUG neutron.api.rpc.callbacks.version_manager [req-d864551a-c155-4755-83d0-e36fe3b9b03e - - - - -] Version for resource type AddressGroup changed None to 1.2 on consumer Open vSwitch agent@undercloud.ooo.test _set_version /usr/lib/python3.9/site-packages/neutron/api/rpc/callbacks/version_manager.py:113
2026-02-23 07:36:47.165 22 DEBUG neutron.api.rpc.callbacks.version_manager [req-d864551a-c155-4755-83d0-e36fe3b9b03e - - - - -] Version for resource type ConntrackHelper changed None to 1.0 on consumer Open vSwitch agent@undercloud.ooo.test _set_version /usr/lib/python3.9/site-packages/neutron/api/rpc/callbacks/version_manager.py:113
2026-02-23 07:36:47.165 22 DEBUG neutron.api.rpc.callbacks.version_manager [req-d864551a-c155-4755-83d0-e36fe3b9b03e - - - - -] Version for resource type Log changed None to 1.0 on consumer Open vSwitch agent@undercloud.ooo.test _set_version /usr/lib/python3.9/site-packages/neutron/api/rpc/callbacks/version_manager.py:113
2026-02-23 07:36:47.165 22 DEBUG neutron.api.rpc.callbacks.version_manager [req-d864551a-c155-4755-83d0-e36fe3b9b03e - - - - -] Version for resource type Network changed None to 1.1 on consumer Open vSwitch agent@undercloud.ooo.test _set_version /usr/lib/python3.9/site-packages/neutron/api/rpc/callbacks/version_manager.py:113
2026-02-23 07:36:47.165 22 DEBUG neutron.api.rpc.callbacks.version_manager [req-d864551a-c155-4755-83d0-e36fe3b9b03e - - - - -] Version for resource type Port changed None to 1.7 on consumer Open vSwitch agent@undercloud.ooo.test _set_version /usr/lib/python3.9/site-packages/neutron/api/rpc/callbacks/version_manager.py:113
2026-02-23 07:36:47.165 22 DEBUG neutron.api.rpc.callbacks.version_manager [req-d864551a-c155-4755-83d0-e36fe3b9b03e - - - - -] Version for resource type PortForwarding changed None to 1.2 on consumer Open vSwitch agent@undercloud.ooo.test _set_version /usr/lib/python3.9/site-packages/neutron/api/rpc/callbacks/version_manager.py:113
2026-02-23 07:36:47.165 22 DEBUG neutron.api.rpc.callbacks.version_manager [req-d864551a-c155-4755-83d0-e36fe3b9b03e - - - - -] Version for resource type QosPolicy changed None to 1.8 on consumer Open vSwitch agent@undercloud.ooo.test _set_version /usr/lib/python3.9/site-packages/neutron/api/rpc/callbacks/version_manager.py:113
2026-02-23 07:36:47.165 22 DEBUG neutron.api.rpc.callbacks.version_manager [req-d864551a-c155-4755-83d0-e36fe3b9b03e - - - - -] Version for resource type SecurityGroup changed None to 1.5 on consumer Open vSwitch agent@undercloud.ooo.test _set_version /usr/lib/python3.9/site-packages/neutron/api/rpc/callbacks/version_manager.py:113
2026-02-23 07:36:47.166 22 DEBUG neutron.api.rpc.callbacks.version_manager [req-d864551a-c155-4755-83d0-e36fe3b9b03e - - - - -] Version for resource type SecurityGroupRule changed None to 1.2 on consumer Open vSwitch agent@undercloud.ooo.test _set_version /usr/lib/python3.9/site-packages/neutron/api/rpc/callbacks/version_manager.py:113
2026-02-23 07:36:47.166 22 DEBUG neutron.api.rpc.callbacks.version_manager [req-d864551a-c155-4755-83d0-e36fe3b9b03e - - - - -] Version for resource type SubPort changed None to 1.0 on consumer Open vSwitch agent@undercloud.ooo.test _set_version /usr/lib/python3.9/site-packages/neutron/api/rpc/callbacks/version_manager.py:113
2026-02-23 07:36:47.166 22 DEBUG neutron.api.rpc.callbacks.version_manager [req-d864551a-c155-4755-83d0-e36fe3b9b03e - - - - -] Version for resource type Subnet changed None to 1.1 on consumer Open vSwitch agent@undercloud.ooo.test _set_version /usr/lib/python3.9/site-packages/neutron/api/rpc/callbacks/version_manager.py:113
2026-02-23 07:36:47.166 22 DEBUG neutron.api.rpc.callbacks.version_manager [req-d864551a-c155-4755-83d0-e36fe3b9b03e - - - - -] Version for resource type Trunk changed None to 1.1 on consumer Open vSwitch agent@undercloud.ooo.test _set_version /usr/lib/python3.9/site-packages/neutron/api/rpc/callbacks/version_manager.py:113
2026-02-23 07:36:47.166 22 DEBUG neutron.api.rpc.callbacks.version_manager [req-d864551a-c155-4755-83d0-e36fe3b9b03e - - - - -] Tracked resource versions report: pushed versions: { 'AddressGroup': {'1.2'}, 'ConntrackHelper': {'1.0'}, 'Log': {'1.0'}, 'Network': {'1.1'}, 'Port': {'1.7'}, 'PortForwarding': {'1.2'}, 'QosPolicy': {'1.8'}, 'SecurityGroup': {'1.5'}, 'SecurityGroupRule': {'1.2'}, 'SubPort': {'1.0'}, 'Subnet': {'1.1'}, 'Trunk': {'1.1'}} consumer versions: { DHCP agent@undercloud.ooo.test: {}, L3 agent@undercloud.ooo.test: {}, Open vSwitch agent@undercloud.ooo.test: { 'AddressGroup': '1.2', 'ConntrackHelper': '1.0', 'Log': '1.0', 'Network': '1.1', 'Port': '1.7', 'PortForwarding': '1.2', 'QosPolicy': '1.8', 'SecurityGroup': '1.5', 'SecurityGroupRule': '1.2', 'SubPort': '1.0', 'Subnet': '1.1', 'Trunk': '1.1'}} report /usr/lib/python3.9/site-packages/neutron/api/rpc/callbacks/version_manager.py:175
2026-02-23 07:36:47.167 22 DEBUG neutron.plugins.ml2.drivers.mech_agent [req-d864551a-c155-4755-83d0-e36fe3b9b03e - - - - -] Checking agent: {'id': '6d63fdd6-e21f-4adf-b34b-a5260364e22d', 'agent_type': 'Open vSwitch agent', 'binary': 'neutron-openvswitch-agent', 'topic': 'N/A', 'host': 'undercloud.ooo.test', 'admin_state_up': True, 'created_at': datetime.datetime(2026, 2, 23, 7, 35, 23), 'started_at': datetime.datetime(2026, 2, 23, 7, 35, 23), 'heartbeat_timestamp': datetime.datetime(2026, 2, 23, 7, 35, 23), 'description': None, 'resources_synced': None, 'availability_zone': None, 'alive': True, 'configurations': {'arp_responder_enabled': False, 'baremetal_smartnic': False, 'bridge_mappings': {'ctlplane': 'br-ctlplane'}, 'datapath_type': 'system', 'devices': 0, 'enable_distributed_routing': False, 'extensions': [], 'in_distributed_mode': False, 'integration_bridge': 'br-int', 'l2_population': False, 'log_agent_heartbeats': False, 'ovs_capabilities': {'datapath_types': ['netdev', 'system'], 'iface_types': ['bareudp', 'erspan', 'geneve', 'gre', 'gtpu', 'internal', 'ip6erspan', 'ip6gre', 'lisp', 'patch', 'srv6', 'stt', 'system', 'tap', 'vxlan']}, 'ovs_hybrid_plug': True, 'resource_provider_bandwidths': {}, 'resource_provider_hypervisors': {'br-ctlplane': 'undercloud.ooo.test'}, 'resource_provider_inventory_defaults': {'allocation_ratio': 1.0, 'min_unit': 1, 'step_size': 1, 'reserved': 0}, 'tunnel_types': [], 'tunneling_ip': None, 'vhostuser_socket_dir': '/var/run/openvswitch'}, 'resource_versions': {'AddressGroup': '1.2', 'ConntrackHelper': '1.0', 'Log': '1.0', 'Network': '1.1', 'Port': '1.7', 'PortForwarding': '1.2', 'QosPolicy': '1.8', 'SecurityGroup': '1.5', 'SecurityGroupRule': '1.2', 'SubPort': '1.0', 'Subnet': '1.1', 'Trunk': '1.1'}} bind_port /usr/lib/python3.9/site-packages/neutron/plugins/ml2/drivers/mech_agent.py:105
2026-02-23 07:36:47.168 22 DEBUG neutron.plugins.ml2.drivers.mech_agent [req-d864551a-c155-4755-83d0-e36fe3b9b03e - - - - -] Checking segment: {'id': '65cb5d95-4cfe-4dd1-bd70-90f746857cfc', 'network_type': 'flat', 'physical_network': 'ctlplane', 'segmentation_id': None, 'network_id': 'b32b7cc8-72b7-494d-b72d-8ce327407d08'} for mappings: {'ctlplane': 'br-ctlplane'} with network types: ['local', 'flat', 'vlan'] check_segment_for_agent /usr/lib/python3.9/site-packages/neutron/plugins/ml2/drivers/mech_agent.py:343
2026-02-23 07:36:47.168 22 DEBUG neutron_lib.callbacks.manager [req-d864551a-c155-4755-83d0-e36fe3b9b03e - - - - -] Notify callbacks [] for ovs_bridge_name, before_read _notify_loop /usr/lib/python3.9/site-packages/neutron_lib/callbacks/manager.py:200
2026-02-23 07:36:47.168 22 DEBUG neutron.plugins.ml2.drivers.mech_agent [req-d864551a-c155-4755-83d0-e36fe3b9b03e - - - - -] Bound using segment: {'id': '65cb5d95-4cfe-4dd1-bd70-90f746857cfc', 'network_type': 'flat', 'physical_network': 'ctlplane', 'segmentation_id': None, 'network_id': 'b32b7cc8-72b7-494d-b72d-8ce327407d08'} bind_port /usr/lib/python3.9/site-packages/neutron/plugins/ml2/drivers/mech_agent.py:115
2026-02-23 07:36:47.168 22 DEBUG neutron.plugins.ml2.managers [req-d864551a-c155-4755-83d0-e36fe3b9b03e - - - - -] Bound port: daeb50db-f028-4aa8-ae15-7c4214ae04d2, host: undercloud.ooo.test, vif_type: ovs, vif_details: {"connectivity": "l2", "port_filter": true, "ovs_hybrid_plug": true, "datapath_type": "system", "bridge_name": "br-int"}, binding_levels: [{'bound_driver': 'openvswitch', 'bound_segment': {'id': '65cb5d95-4cfe-4dd1-bd70-90f746857cfc', 'network_type': 'flat', 'physical_network': 'ctlplane', 'segmentation_id': None, 'network_id': 'b32b7cc8-72b7-494d-b72d-8ce327407d08'}}] _bind_port_level /usr/lib/python3.9/site-packages/neutron/plugins/ml2/managers.py:944
2026-02-23 07:36:47.168 22 DEBUG neutron_lib.callbacks.manager [req-d864551a-c155-4755-83d0-e36fe3b9b03e - - - - -] Notify callbacks ['neutron.plugins.ml2.plugin.SecurityGroupDbMixin._ensure_default_security_group_handler-33261388'] for port, before_update _notify_loop /usr/lib/python3.9/site-packages/neutron_lib/callbacks/manager.py:200
2026-02-23 07:36:47.261 22 DEBUG neutron.plugins.ml2.db [req-d864551a-c155-4755-83d0-e36fe3b9b03e - - - - -] For port daeb50db-f028-4aa8-ae15-7c4214ae04d2, host undercloud.ooo.test, cleared binding levels clear_binding_levels /usr/lib/python3.9/site-packages/neutron/plugins/ml2/db.py:88
2026-02-23 07:36:47.265 22 DEBUG neutron.plugins.ml2.db [req-d864551a-c155-4755-83d0-e36fe3b9b03e - - - - -] For port daeb50db-f028-4aa8-ae15-7c4214ae04d2, host undercloud.ooo.test, set binding levels [PortBindingLevel(driver='openvswitch',host='undercloud.ooo.test',level=0,port_id=daeb50db-f028-4aa8-ae15-7c4214ae04d2,segment=NetworkSegment(65cb5d95-4cfe-4dd1-bd70-90f746857cfc),segment_id=65cb5d95-4cfe-4dd1-bd70-90f746857cfc)] set_binding_levels /usr/lib/python3.9/site-packages/neutron/plugins/ml2/db.py:60
2026-02-23 07:36:47.268 22 DEBUG neutron_lib.callbacks.manager [req-d864551a-c155-4755-83d0-e36fe3b9b03e - - - - -] Notify callbacks ['neutron.plugins.ml2.plugin.SecurityGroupServerNotifierRpcMixin.notify_sg_on_port_change-33042840', 'neutron.plugins.ml2.extensions.dns_integration._update_port_in_external_dns_service-8740073608286', 'neutron.plugins.ml2.ovo_rpc._ObjectChangeHandler.handle_event-351916', 'neutron.api.rpc.agentnotifiers.dhcp_rpc_agent_api.DhcpAgentNotifyAPI._native_event_send_dhcp_notification-709098', 'neutron.db.l3_db.L3RpcNotifierMixin._notify_gateway_port_ip_changed-8740073678969', 'neutron.db.l3_hascheduler_db._notify_l3_agent_ha_port_update-8740073148847', 'neutron.services.segments.plugin.NovaSegmentNotifier._notify_port_updated-1013952'] for port, after_update _notify_loop /usr/lib/python3.9/site-packages/neutron_lib/callbacks/manager.py:200
2026-02-23 07:36:47.316 22 DEBUG neutron.api.rpc.handlers.resources_rpc [req-d864551a-c155-4755-83d0-e36fe3b9b03e - - - - -] Pushing event updated for resources: {'Port': ['ID=daeb50db-f028-4aa8-ae15-7c4214ae04d2,revision_number=2']} push /usr/lib/python3.9/site-packages/neutron/api/rpc/handlers/resources_rpc.py:237
2026-02-23 07:36:48.581 18 DEBUG neutron.wsgi [-] (18) accepted ('192.168.122.100', 35996) server /usr/lib/python3.9/site-packages/eventlet/wsgi.py:992
2026-02-23 07:36:48.584 18 INFO neutron.wsgi [-] 192.168.122.100 "GET /healthcheck HTTP/1.0" status: 200 len: 137 time: 0.0013402
2026-02-23 07:36:50.585 16 DEBUG neutron.wsgi [-] (16) accepted ('192.168.122.100', 36012) server /usr/lib/python3.9/site-packages/eventlet/wsgi.py:992
2026-02-23 07:36:50.588 16 INFO neutron.wsgi [-] 192.168.122.100 "GET /healthcheck HTTP/1.0" status: 200 len: 137 time: 0.0014954
