2026-02-23 07:37:13.353 15 DEBUG neutron.plugins.ml2.drivers.mech_agent [req-b09216d9-b74c-4ab0-a2e2-c09a4673abcd 4da04367381d4e54be506e5567c3fdc6 fa681627611546b6a325b0c2786f3cdb - default default] Checking segment: {'id': 'ad491dad-7f04-4d8f-8aea-cb0805cf8d31', 'network_type': 'flat', 'physical_network': 'external_external_subnet', 'segmentation_id': None, 'network_id': '60635394-bfe0-4869-82bf-f211e8b54774'} for mappings: {'ctlplane': 'br-ctlplane'} with network types: ['local', 'flat', 'vlan'] check_segment_for_agent /usr/lib/python3.9/site-packages/neutron/plugins/ml2/drivers/mech_agent.py:343
2026-02-23 07:37:13.354 15 DEBUG neutron.plugins.ml2.drivers.mech_agent [req-b09216d9-b74c-4ab0-a2e2-c09a4673abcd 4da04367381d4e54be506e5567c3fdc6 fa681627611546b6a325b0c2786f3cdb - default default] Network 60635394-bfe0-4869-82bf-f211e8b54774 with segment ad491dad-7f04-4d8f-8aea-cb0805cf8d31 is connected to physical network external_external_subnet, but agent undercloud.ooo.test reported physical networks {'ctlplane': 'br-ctlplane'}. The physical network must be configured on the agent if binding is to succeed. check_segment_for_agent /usr/lib/python3.9/site-packages/neutron/plugins/ml2/drivers/mech_agent.py:365
2026-02-23 07:37:13.356 15 DEBUG neutron.scheduler.dhcp_agent_scheduler [req-b09216d9-b74c-4ab0-a2e2-c09a4673abcd 4da04367381d4e54be506e5567c3fdc6 fa681627611546b6a325b0c2786f3cdb - default default] Network hostable DHCP agents. Network: 60635394-bfe0-4869-82bf-f211e8b54774, hostable agents: [], hosted agents: [] _get_network_hostable_dhcp_agents /usr/lib/python3.9/site-packages/neutron/scheduler/dhcp_agent_scheduler.py:329
2026-02-23 07:37:13.357 15 DEBUG neutron.scheduler.base_scheduler [req-b09216d9-b74c-4ab0-a2e2-c09a4673abcd 4da04367381d4e54be506e5567c3fdc6 fa681627611546b6a325b0c2786f3cdb - default default] Resources bound (agent type, host, resource id): schedule /usr/lib/python3.9/site-packages/neutron/scheduler/base_scheduler.py:57
2026-02-23 07:37:13.357 15 WARNING neutron.api.rpc.agentnotifiers.dhcp_rpc_agent_api [req-b09216d9-b74c-4ab0-a2e2-c09a4673abcd 4da04367381d4e54be506e5567c3fdc6 fa681627611546b6a325b0c2786f3cdb - default default] Unable to schedule network 60635394-bfe0-4869-82bf-f211e8b54774: no agents available; will retry on subsequent port and subnet creation events.
2026-02-23 07:37:13.357 15 DEBUG neutron.api.rpc.agentnotifiers.dhcp_rpc_agent_api [req-b09216d9-b74c-4ab0-a2e2-c09a4673abcd 4da04367381d4e54be506e5567c3fdc6 fa681627611546b6a325b0c2786f3cdb - default default] Network 60635394-bfe0-4869-82bf-f211e8b54774 is not hosted by any dhcp agent _notify_agents /usr/lib/python3.9/site-packages/neutron/api/rpc/agentnotifiers/dhcp_rpc_agent_api.py:228
2026-02-23 07:37:13.365 15 DEBUG neutron.pecan_wsgi.hooks.policy_enforcement [req-b09216d9-b74c-4ab0-a2e2-c09a4673abcd 4da04367381d4e54be506e5567c3fdc6 fa681627611546b6a325b0c2786f3cdb - default default] Attributes excluded by policy engine: ['standard_attr_id', 'shared', 'network'] _exclude_attributes_by_policy /usr/lib/python3.9/site-packages/neutron/pecan_wsgi/hooks/policy_enforcement.py:259
2026-02-23 07:37:13.365 15 DEBUG neutron_lib.callbacks.manager [req-b09216d9-b74c-4ab0-a2e2-c09a4673abcd 4da04367381d4e54be506e5567c3fdc6 fa681627611546b6a325b0c2786f3cdb - default default] Notify callbacks ['neutron.api.rpc.agentnotifiers.dhcp_rpc_agent_api.DhcpAgentNotifyAPI._send_dhcp_notification-709020'] for subnet, before_response _notify_loop /usr/lib/python3.9/site-packages/neutron_lib/callbacks/manager.py:200
2026-02-23 07:37:13.377 15 INFO neutron.wsgi [req-b09216d9-b74c-4ab0-a2e2-c09a4673abcd 4da04367381d4e54be506e5567c3fdc6 fa681627611546b6a325b0c2786f3cdb - default default] 192.168.122.99,192.168.122.100 "POST /v2.0/subnets HTTP/1.1" status: 201 len: 845 time: 0.2008276
2026-02-23 07:37:13.384 15 DEBUG neutron.services.tag.tag_plugin [req-94892ee8-2357-4513-b7dc-6e05c554097d 4da04367381d4e54be506e5567c3fdc6 fa681627611546b6a325b0c2786f3cdb - default default] neutron.services.tag.tag_plugin.TagPlugin method update_tags called with arguments (, 'subnets', '9ffffb91-61d1-4551-9e9b-216e2f81b78a', {'tags': ['tripleo_vlan_id=44']}) {} wrapper /usr/lib/python3.9/site-packages/oslo_log/helpers.py:65
2026-02-23 07:37:13.414 15 INFO neutron.wsgi [req-94892ee8-2357-4513-b7dc-6e05c554097d 4da04367381d4e54be506e5567c3fdc6 fa681627611546b6a325b0c2786f3cdb - default default] 192.168.122.99,192.168.122.100 "PUT /v2.0/subnets/9ffffb91-61d1-4551-9e9b-216e2f81b78a/tags HTTP/1.1" status: 200 len: 206 time: 0.0322104
2026-02-23 07:37:14.640 15 DEBUG neutron.wsgi [-] (15) accepted ('192.168.122.100', 52302) server /usr/lib/python3.9/site-packages/eventlet/wsgi.py:992
2026-02-23 07:37:14.642 15 INFO neutron.wsgi [-] 192.168.122.100 "GET /healthcheck HTTP/1.0" status: 200 len: 137 time: 0.0013878
2026-02-23 07:37:14.782 18 DEBUG neutron.wsgi [-] (18) accepted ('192.168.122.100', 52314) server /usr/lib/python3.9/site-packages/eventlet/wsgi.py:992
2026-02-23 07:37:14.846 18 INFO neutron.pecan_wsgi.hooks.translation [req-30a1f0ba-3b1f-4571-a97a-c10a9f1e9fb1 4da04367381d4e54be506e5567c3fdc6 fa681627611546b6a325b0c2786f3cdb - default default] GET failed (client error): The resource could not be found.
2026-02-23 07:37:14.848 18 INFO neutron.wsgi [req-30a1f0ba-3b1f-4571-a97a-c10a9f1e9fb1 4da04367381d4e54be506e5567c3fdc6 fa681627611546b6a325b0c2786f3cdb - default default] 192.168.122.99,192.168.122.100 "GET /v2.0/networks/storage HTTP/1.1" status: 404 len: 291 time: 0.0645800
2026-02-23 07:37:14.964 18 DEBUG neutron.pecan_wsgi.hooks.policy_enforcement [req-c3cc2abe-8d3b-4111-84ae-30bf5b2fa8e5 4da04367381d4e54be506e5567c3fdc6 fa681627611546b6a325b0c2786f3cdb - default default] Attributes excluded by policy engine: ['standard_attr_id', 'vlan_transparent'] _exclude_attributes_by_policy /usr/lib/python3.9/site-packages/neutron/pecan_wsgi/hooks/policy_enforcement.py:259
2026-02-23 07:37:14.965 18 INFO neutron.wsgi [req-c3cc2abe-8d3b-4111-84ae-30bf5b2fa8e5 4da04367381d4e54be506e5567c3fdc6 fa681627611546b6a325b0c2786f3cdb - default default] 192.168.122.99,192.168.122.100 "GET /v2.0/networks?name=storage HTTP/1.1" status: 200 len: 1023 time: 0.1125846
2026-02-23 07:37:14.999 18 DEBUG neutron.pecan_wsgi.hooks.policy_enforcement [req-a39fa886-4e88-49d5-982a-7bf53b2ecf0c 4da04367381d4e54be506e5567c3fdc6 fa681627611546b6a325b0c2786f3cdb - default default] Attributes excluded by policy engine: ['standard_attr_id', 'shared'] _exclude_attributes_by_policy /usr/lib/python3.9/site-packages/neutron/pecan_wsgi/hooks/policy_enforcement.py:259
2026-02-23 07:37:15.000 18 INFO neutron.wsgi [req-a39fa886-4e88-49d5-982a-7bf53b2ecf0c 4da04367381d4e54be506e5567c3fdc6 fa681627611546b6a325b0c2786f3cdb - default default] 192.168.122.99,192.168.122.100 "GET /v2.0/subnets/a1fb7e15-47e8-4589-82f9-e8ef6d0df3f8 HTTP/1.1" status: 200 len: 859 time: 0.0288589
2026-02-23 07:37:15.017 18 INFO neutron.pecan_wsgi.hooks.translation [req-e2c59f80-2cec-4831-93ff-858d3b458aa5 4da04367381d4e54be506e5567c3fdc6 fa681627611546b6a325b0c2786f3cdb - default default] GET failed (client error): The resource could not be found.
2026-02-23 07:37:15.018 18 INFO neutron.wsgi [req-e2c59f80-2cec-4831-93ff-858d3b458aa5 4da04367381d4e54be506e5567c3fdc6 fa681627611546b6a325b0c2786f3cdb - default default] 192.168.122.99,192.168.122.100 "GET /v2.0/networks/storage_mgmt HTTP/1.1" status: 404 len: 296 time: 0.0131481
2026-02-23 07:37:15.073 18 DEBUG neutron.pecan_wsgi.hooks.policy_enforcement [req-9a2be900-30b4-4e0b-a9e7-84516bd2270c 4da04367381d4e54be506e5567c3fdc6 fa681627611546b6a325b0c2786f3cdb - default default] Attributes excluded by policy engine: ['standard_attr_id', 'vlan_transparent'] _exclude_attributes_by_policy /usr/lib/python3.9/site-packages/neutron/pecan_wsgi/hooks/policy_enforcement.py:259
2026-02-23 07:37:15.074 18 INFO neutron.wsgi [req-9a2be900-30b4-4e0b-a9e7-84516bd2270c 4da04367381d4e54be506e5567c3fdc6 fa681627611546b6a325b0c2786f3cdb - default default] 192.168.122.99,192.168.122.100 "GET /v2.0/networks?name=storage_mgmt HTTP/1.1" status: 200 len: 1051 time: 0.0530829
2026-02-23 07:37:15.108 18 DEBUG neutron.pecan_wsgi.hooks.policy_enforcement [req-c16ccd9b-d90f-47af-b660-580584e43c5b 4da04367381d4e54be506e5567c3fdc6 fa681627611546b6a325b0c2786f3cdb - default default] Attributes excluded by policy engine: ['standard_attr_id', 'shared'] _exclude_attributes_by_policy /usr/lib/python3.9/site-packages/neutron/pecan_wsgi/hooks/policy_enforcement.py:259
2026-02-23 07:37:15.109 18 INFO neutron.wsgi [req-c16ccd9b-d90f-47af-b660-580584e43c5b 4da04367381d4e54be506e5567c3fdc6 fa681627611546b6a325b0c2786f3cdb - default default] 192.168.122.99,192.168.122.100 "GET /v2.0/subnets/3b12b262-3891-4b1e-9ee4-6acb40be87b6 HTTP/1.1" status: 200 len: 864 time: 0.0286038
2026-02-23 07:37:15.126 18 INFO neutron.pecan_wsgi.hooks.translation [req-d0e7690c-3750-4cdb-9ef4-416a0a65a865 4da04367381d4e54be506e5567c3fdc6 fa681627611546b6a325b0c2786f3cdb - default default] GET failed (client error): The resource could not be found.
2026-02-23 07:37:15.126 18 INFO neutron.wsgi [req-d0e7690c-3750-4cdb-9ef4-416a0a65a865 4da04367381d4e54be506e5567c3fdc6 fa681627611546b6a325b0c2786f3cdb - default default] 192.168.122.99,192.168.122.100 "GET /v2.0/networks/internal_api HTTP/1.1" status: 404 len: 296 time: 0.0128431
2026-02-23 07:37:15.183 18 DEBUG neutron.pecan_wsgi.hooks.policy_enforcement [req-b09675d5-1a46-4edb-9705-4a7ada4e402f 4da04367381d4e54be506e5567c3fdc6 fa681627611546b6a325b0c2786f3cdb - default default] Attributes excluded by policy engine: ['standard_attr_id', 'vlan_transparent'] _exclude_attributes_by_policy /usr/lib/python3.9/site-packages/neutron/pecan_wsgi/hooks/policy_enforcement.py:259
2026-02-23 07:37:15.184 18 INFO neutron.wsgi [req-b09675d5-1a46-4edb-9705-4a7ada4e402f 4da04367381d4e54be506e5567c3fdc6 fa681627611546b6a325b0c2786f3cdb - default default] 192.168.122.99,192.168.122.100 "GET /v2.0/networks?name=internal_api HTTP/1.1" status: 200 len: 1052 time: 0.0543766
2026-02-23 07:37:15.220 18 DEBUG neutron.pecan_wsgi.hooks.policy_enforcement [req-74828791-a967-4727-aedb-76b4dc867e41 4da04367381d4e54be506e5567c3fdc6 fa681627611546b6a325b0c2786f3cdb - default default] Attributes excluded by policy engine: ['standard_attr_id', 'shared'] _exclude_attributes_by_policy /usr/lib/python3.9/site-packages/neutron/pecan_wsgi/hooks/policy_enforcement.py:259
2026-02-23 07:37:15.222 18 INFO neutron.wsgi [req-74828791-a967-4727-aedb-76b4dc867e41 4da04367381d4e54be506e5567c3fdc6 fa681627611546b6a325b0c2786f3cdb - default default] 192.168.122.99,192.168.122.100 "GET /v2.0/subnets/8b196c94-b23c-48a3-8a51-b672abb4943a HTTP/1.1" status: 200 len: 864 time: 0.0322652
2026-02-23 07:37:15.238 18 INFO neutron.pecan_wsgi.hooks.translation [req-8de1dffd-ddf2-4466-ab6f-a3f3900654c7 4da04367381d4e54be506e5567c3fdc6 fa681627611546b6a325b0c2786f3cdb - default default] GET failed (client error): The resource could not be found.
2026-02-23 07:37:15.238 18 INFO neutron.wsgi [req-8de1dffd-ddf2-4466-ab6f-a3f3900654c7 4da04367381d4e54be506e5567c3fdc6 fa681627611546b6a325b0c2786f3cdb - default default] 192.168.122.99,192.168.122.100 "GET /v2.0/networks/tenant HTTP/1.1" status: 404 len: 290 time: 0.0120974
2026-02-23 07:37:15.302 18 DEBUG neutron.pecan_wsgi.hooks.policy_enforcement [req-bb5aa9e0-e228-44d9-b1df-417faa4be8fe 4da04367381d4e54be506e5567c3fdc6 fa681627611546b6a325b0c2786f3cdb - default default] Attributes excluded by policy engine: ['standard_attr_id', 'vlan_transparent'] _exclude_attributes_by_policy /usr/lib/python3.9/site-packages/neutron/pecan_wsgi/hooks/policy_enforcement.py:259
2026-02-23 07:37:15.303 18 INFO neutron.wsgi [req-bb5aa9e0-e228-44d9-b1df-417faa4be8fe 4da04367381d4e54be506e5567c3fdc6 fa681627611546b6a325b0c2786f3cdb - default default] 192.168.122.99,192.168.122.100 "GET /v2.0/networks?name=tenant HTTP/1.1" status: 200 len: 998 time: 0.0604539
2026-02-23 07:37:15.335 18 DEBUG neutron.pecan_wsgi.hooks.policy_enforcement [req-926c9942-2f0e-4a5a-bfd3-28bafb2bc675 4da04367381d4e54be506e5567c3fdc6 fa681627611546b6a325b0c2786f3cdb - default default] Attributes excluded by policy engine: ['standard_attr_id', 'shared'] _exclude_attributes_by_policy /usr/lib/python3.9/site-packages/neutron/pecan_wsgi/hooks/policy_enforcement.py:259
2026-02-23 07:37:15.335 18 INFO neutron.wsgi [req-926c9942-2f0e-4a5a-bfd3-28bafb2bc675 4da04367381d4e54be506e5567c3fdc6 fa681627611546b6a325b0c2786f3cdb - default default] 192.168.122.99,192.168.122.100 "GET /v2.0/subnets/1724c5ec-e4f8-4742-a1dd-a12e84a32d6e HTTP/1.1" status: 200 len: 858 time: 0.0269456
2026-02-23 07:37:15.353 18 INFO neutron.pecan_wsgi.hooks.translation [req-f0623237-eac5-47b1-a36a-b9ecd9e906d6 4da04367381d4e54be506e5567c3fdc6 fa681627611546b6a325b0c2786f3cdb - default default] GET failed (client error): The resource could not be found.
2026-02-23 07:37:15.354 18 INFO neutron.wsgi [req-f0623237-eac5-47b1-a36a-b9ecd9e906d6 4da04367381d4e54be506e5567c3fdc6 fa681627611546b6a325b0c2786f3cdb - default default] 192.168.122.99,192.168.122.100 "GET /v2.0/networks/external HTTP/1.1" status: 404 len: 292 time: 0.0131137
2026-02-23 07:37:15.406 18 DEBUG neutron.pecan_wsgi.hooks.policy_enforcement [req-ea9ddde0-4a02-449c-aecb-d9f66fd40b0a 4da04367381d4e54be506e5567c3fdc6 fa681627611546b6a325b0c2786f3cdb - default default] Attributes excluded by policy engine: ['standard_attr_id', 'vlan_transparent'] _exclude_attributes_by_policy /usr/lib/python3.9/site-packages/neutron/pecan_wsgi/hooks/policy_enforcement.py:259
2026-02-23 07:37:15.406 18 INFO neutron.wsgi [req-ea9ddde0-4a02-449c-aecb-d9f66fd40b0a 4da04367381d4e54be506e5567c3fdc6 fa681627611546b6a325b0c2786f3cdb - default default] 192.168.122.99,192.168.122.100 "GET /v2.0/networks?name=external HTTP/1.1" status: 200 len: 1029 time: 0.0494001
2026-02-23 07:37:15.442 18 DEBUG neutron.pecan_wsgi.hooks.policy_enforcement [req-fd06be6b-88ad-49ad-9c34-ccf3f9b01227 4da04367381d4e54be506e5567c3fdc6 fa681627611546b6a325b0c2786f3cdb - default default] Attributes excluded by policy engine: ['standard_attr_id', 'shared'] _exclude_attributes_by_policy /usr/lib/python3.9/site-packages/neutron/pecan_wsgi/hooks/policy_enforcement.py:259
2026-02-23 07:37:15.443 18 INFO neutron.wsgi [req-fd06be6b-88ad-49ad-9c34-ccf3f9b01227 4da04367381d4e54be506e5567c3fdc6 fa681627611546b6a325b0c2786f3cdb - default default] 192.168.122.99,192.168.122.100 "GET /v2.0/subnets/9ffffb91-61d1-4551-9e9b-216e2f81b78a HTTP/1.1" status: 200 len: 860 time: 0.0308623
2026-02-23 07:37:16.644 15 DEBUG neutron.wsgi [-] (15) accepted ('192.168.122.100', 52316) server /usr/lib/python3.9/site-packages/eventlet/wsgi.py:992
2026-02-23 07:37:16.648 15 INFO neutron.wsgi [-] 192.168.122.100 "GET /healthcheck HTTP/1.0" status: 200 len: 137 time: 0.0026195
2026-02-23 07:37:17.886 16 DEBUG neutron.wsgi [-] (16) accepted ('192.168.122.100', 52330) server /usr/lib/python3.9/site-packages/eventlet/wsgi.py:992
2026-02-23 07:37:17.891 16 INFO neutron.wsgi [-] 192.168.122.100 "GET / HTTP/1.1" status: 200 len: 233 time: 0.0033867
2026-02-23 07:37:18.649 16 DEBUG neutron.wsgi [-] (16) accepted ('192.168.122.100', 52340) server /usr/lib/python3.9/site-packages/eventlet/wsgi.py:992
2026-02-23 07:37:18.651 16 INFO neutron.wsgi [-] 192.168.122.100 "GET /healthcheck HTTP/1.0" status: 200 len: 137 time: 0.0014293
2026-02-23 07:37:20.654 16 DEBUG neutron.wsgi [-] (16) accepted ('192.168.122.100', 52354) server /usr/lib/python3.9/site-packages/eventlet/wsgi.py:992
2026-02-23 07:37:20.656 16 INFO neutron.wsgi [-] 192.168.122.100 "GET /healthcheck HTTP/1.0" status: 200 len: 137 time: 0.0013947
2026-02-23 07:37:21.024 17 DEBUG neutron.wsgi [-] (17) accepted ('192.168.122.100', 52368) server /usr/lib/python3.9/site-packages/eventlet/wsgi.py:992
2026-02-23 07:37:21.858 17 DEBUG neutron.policy [req-7c152255-edb4-45b2-af99-2716b1615ee6 4da04367381d4e54be506e5567c3fdc6 fa681627611546b6a325b0c2786f3cdb - default default] Loaded default policies from ['networking-bgpvpn', 'neutron'] under neutron.policies entry points register_rules /usr/lib/python3.9/site-packages/neutron/policy.py:73
2026-02-23 07:37:21.881 17 DEBUG neutron.pecan_wsgi.hooks.policy_enforcement [req-7c152255-edb4-45b2-af99-2716b1615ee6 4da04367381d4e54be506e5567c3fdc6 fa681627611546b6a325b0c2786f3cdb - default default] Attributes excluded by policy engine: ['standard_attr_id', 'vlan_transparent'] _exclude_attributes_by_policy /usr/lib/python3.9/site-packages/neutron/pecan_wsgi/hooks/policy_enforcement.py:259
2026-02-23 07:37:21.882 17 DEBUG neutron.pecan_wsgi.hooks.policy_enforcement [req-7c152255-edb4-45b2-af99-2716b1615ee6 4da04367381d4e54be506e5567c3fdc6 fa681627611546b6a325b0c2786f3cdb - default default] Attributes excluded by policy engine: ['standard_attr_id', 'vlan_transparent'] _exclude_attributes_by_policy /usr/lib/python3.9/site-packages/neutron/pecan_wsgi/hooks/policy_enforcement.py:259
2026-02-23 07:37:21.882 17 DEBUG neutron.pecan_wsgi.hooks.policy_enforcement [req-7c152255-edb4-45b2-af99-2716b1615ee6 4da04367381d4e54be506e5567c3fdc6 fa681627611546b6a325b0c2786f3cdb - default default] Attributes excluded by policy engine: ['standard_attr_id', 'vlan_transparent'] _exclude_attributes_by_policy /usr/lib/python3.9/site-packages/neutron/pecan_wsgi/hooks/policy_enforcement.py:259
2026-02-23 07:37:21.882 17 DEBUG neutron.pecan_wsgi.hooks.policy_enforcement [req-7c152255-edb4-45b2-af99-2716b1615ee6 4da04367381d4e54be506e5567c3fdc6 fa681627611546b6a325b0c2786f3cdb - default default] Attributes excluded by policy engine: ['standard_attr_id', 'vlan_transparent'] _exclude_attributes_by_policy /usr/lib/python3.9/site-packages/neutron/pecan_wsgi/hooks/policy_enforcement.py:259
2026-02-23 07:37:21.882 17 DEBUG neutron.pecan_wsgi.hooks.policy_enforcement [req-7c152255-edb4-45b2-af99-2716b1615ee6 4da04367381d4e54be506e5567c3fdc6 fa681627611546b6a325b0c2786f3cdb - default default] Attributes excluded by policy engine: ['standard_attr_id', 'vlan_transparent'] _exclude_attributes_by_policy /usr/lib/python3.9/site-packages/neutron/pecan_wsgi/hooks/policy_enforcement.py:259
2026-02-23 07:37:21.882 17 DEBUG neutron.pecan_wsgi.hooks.policy_enforcement [req-7c152255-edb4-45b2-af99-2716b1615ee6 4da04367381d4e54be506e5567c3fdc6 fa681627611546b6a325b0c2786f3cdb - default default] Attributes excluded by policy engine: ['standard_attr_id', 'vlan_transparent'] _exclude_attributes_by_policy /usr/lib/python3.9/site-packages/neutron/pecan_wsgi/hooks/policy_enforcement.py:259
2026-02-23 07:37:21.883 17 INFO neutron.wsgi [req-7c152255-edb4-45b2-af99-2716b1615ee6 4da04367381d4e54be506e5567c3fdc6 fa681627611546b6a325b0c2786f3cdb - default default] 192.168.122.99,192.168.122.100 "GET /v2.0/networks HTTP/1.1" status: 200 len: 5131 time: 0.8589082
2026-02-23 07:37:21.920 17 DEBUG neutron.pecan_wsgi.hooks.policy_enforcement [req-9e89dce2-6af3-424f-a890-add043e0eadb 4da04367381d4e54be506e5567c3fdc6 fa681627611546b6a325b0c2786f3cdb - default default] Attributes excluded by policy engine: ['standard_attr_id', 'shared'] _exclude_attributes_by_policy /usr/lib/python3.9/site-packages/neutron/pecan_wsgi/hooks/policy_enforcement.py:259
2026-02-23 07:37:21.921 17 INFO neutron.wsgi [req-9e89dce2-6af3-424f-a890-add043e0eadb 4da04367381d4e54be506e5567c3fdc6 fa681627611546b6a325b0c2786f3cdb - default default] 192.168.122.99,192.168.122.100 "GET /v2.0/subnets?network_id=36f23fd4-8172-4ad4-afb9-fc8c9657e9f8 HTTP/1.1" status: 200 len: 861 time: 0.0301459
2026-02-23 07:37:21.957 17 DEBUG neutron.pecan_wsgi.hooks.policy_enforcement [req-23fd0938-42d5-4121-9bcc-13d2af86afe9 4da04367381d4e54be506e5567c3fdc6 fa681627611546b6a325b0c2786f3cdb - default default] Attributes excluded by policy engine: ['standard_attr_id', 'shared'] _exclude_attributes_by_policy /usr/lib/python3.9/site-packages/neutron/pecan_wsgi/hooks/policy_enforcement.py:259
2026-02-23 07:37:21.958 17 INFO neutron.wsgi [req-23fd0938-42d5-4121-9bcc-13d2af86afe9 4da04367381d4e54be506e5567c3fdc6 fa681627611546b6a325b0c2786f3cdb - default default] 192.168.122.99,192.168.122.100 "GET /v2.0/subnets?network_id=60635394-bfe0-4869-82bf-f211e8b54774 HTTP/1.1" status: 200 len: 863 time: 0.0289452
2026-02-23 07:37:21.993 17 DEBUG neutron.pecan_wsgi.hooks.policy_enforcement [req-01942760-553f-412c-9e18-965ea4b27662 4da04367381d4e54be506e5567c3fdc6 fa681627611546b6a325b0c2786f3cdb - default default] Attributes excluded by policy engine: ['standard_attr_id', 'shared'] _exclude_attributes_by_policy /usr/lib/python3.9/site-packages/neutron/pecan_wsgi/hooks/policy_enforcement.py:259
2026-02-23 07:37:21.994 17 INFO neutron.wsgi [req-01942760-553f-412c-9e18-965ea4b27662 4da04367381d4e54be506e5567c3fdc6 fa681627611546b6a325b0c2786f3cdb - default default] 192.168.122.99,192.168.122.100 "GET /v2.0/subnets?network_id=b32b7cc8-72b7-494d-b72d-8ce327407d08 HTTP/1.1" status: 200 len: 845 time: 0.0287905
2026-02-23 07:37:22.030 17 DEBUG neutron.pecan_wsgi.hooks.policy_enforcement [req-fb68ec82-c8b0-4b4e-8260-9ee5a2dc31f9 4da04367381d4e54be506e5567c3fdc6 fa681627611546b6a325b0c2786f3cdb - default default] Attributes excluded by policy engine: ['standard_attr_id', 'shared'] _exclude_attributes_by_policy /usr/lib/python3.9/site-packages/neutron/pecan_wsgi/hooks/policy_enforcement.py:259
2026-02-23 07:37:22.031 17 INFO neutron.wsgi [req-fb68ec82-c8b0-4b4e-8260-9ee5a2dc31f9 4da04367381d4e54be506e5567c3fdc6 fa681627611546b6a325b0c2786f3cdb - default default] 192.168.122.99,192.168.122.100 "GET /v2.0/subnets?network_id=c0fe5e54-8548-42af-a9e0-18ad813fc3fd HTTP/1.1" status: 200 len: 862 time: 0.0282459
2026-02-23 07:37:22.063 17 DEBUG neutron.pecan_wsgi.hooks.policy_enforcement [req-4ecb52a3-fb55-408d-9fb8-9b123577e747 4da04367381d4e54be506e5567c3fdc6 fa681627611546b6a325b0c2786f3cdb - default default] Attributes excluded by policy engine: ['standard_attr_id', 'shared'] _exclude_attributes_by_policy /usr/lib/python3.9/site-packages/neutron/pecan_wsgi/hooks/policy_enforcement.py:259
2026-02-23 07:37:22.064 17 INFO neutron.wsgi [req-4ecb52a3-fb55-408d-9fb8-9b123577e747 4da04367381d4e54be506e5567c3fdc6 fa681627611546b6a325b0c2786f3cdb - default default] 192.168.122.99,192.168.122.100 "GET /v2.0/subnets?network_id=e699a80d-f640-4026-810b-3110778af48d HTTP/1.1" status: 200 len: 867 time: 0.0255237
2026-02-23 07:37:22.094 17 DEBUG neutron.pecan_wsgi.hooks.policy_enforcement [req-998e7a6a-a911-42f8-be23-79c6cb13d1c9 4da04367381d4e54be506e5567c3fdc6 fa681627611546b6a325b0c2786f3cdb - default default] Attributes excluded by policy engine: ['standard_attr_id', 'shared'] _exclude_attributes_by_policy /usr/lib/python3.9/site-packages/neutron/pecan_wsgi/hooks/policy_enforcement.py:259
2026-02-23 07:37:22.095 17 INFO neutron.wsgi [req-998e7a6a-a911-42f8-be23-79c6cb13d1c9 4da04367381d4e54be506e5567c3fdc6 fa681627611546b6a325b0c2786f3cdb - default default] 192.168.122.99,192.168.122.100 "GET /v2.0/subnets?network_id=f78289db-4792-4806-b64a-a9b2ded750dd HTTP/1.1" status: 200 len: 867 time: 0.0239403
2026-02-23 07:37:22.124 15 DEBUG neutron.wsgi [-] (15) accepted ('192.168.122.100', 52376) server /usr/lib/python3.9/site-packages/eventlet/wsgi.py:992
2026-02-23 07:37:22.126 15 DEBUG neutron.wsgi [-] (15) accepted ('192.168.122.100', 52382) server /usr/lib/python3.9/site-packages/eventlet/wsgi.py:992
2026-02-23 07:37:22.127 15 DEBUG neutron.wsgi [-] (15) accepted ('192.168.122.100', 52398) server /usr/lib/python3.9/site-packages/eventlet/wsgi.py:992
2026-02-23 07:37:22.128 16 DEBUG neutron.wsgi [-] (16) accepted ('192.168.122.100', 52408) server /usr/lib/python3.9/site-packages/eventlet/wsgi.py:992
2026-02-23 07:37:22.137 17 INFO neutron.wsgi [req-b007bb48-c2fe-4d41-a5fc-03a6b52383f2 4da04367381d4e54be506e5567c3fdc6 fa681627611546b6a325b0c2786f3cdb - default default] 192.168.122.99,192.168.122.100 "GET /v2.0/ports?network_id=e699a80d-f640-4026-810b-3110778af48d&tags=tripleo_stack_name%3Dovercloud&tags=tripleo_vip_net%3Dinternal_api HTTP/1.1" status: 200 len: 186 time: 0.0360861
2026-02-23 07:37:22.147 17 DEBUG neutron.api.v2.base [req-c0aa3daf-80cd-448e-ae21-90cdf0dd68e1 4da04367381d4e54be506e5567c3fdc6 fa681627611546b6a325b0c2786f3cdb - default default] Request body: {'port': {'fixed_ips': [{'subnet_id': '8b196c94-b23c-48a3-8a51-b672abb4943a'}], 'network_id': 'e699a80d-f640-4026-810b-3110778af48d', 'dns_name': 'overcloud', 'name': 'internal_api_vip'}} prepare_request_body /usr/lib/python3.9/site-packages/neutron/api/v2/base.py:729
2026-02-23 07:37:22.161 17 DEBUG neutron.pecan_wsgi.hooks.quota_enforcement [req-c0aa3daf-80cd-448e-ae21-90cdf0dd68e1 4da04367381d4e54be506e5567c3fdc6 fa681627611546b6a325b0c2786f3cdb - default default] Made reservation on behalf of fa681627611546b6a325b0c2786f3cdb for: {'port': 1} before /usr/lib/python3.9/site-packages/neutron/pecan_wsgi/hooks/quota_enforcement.py:53
2026-02-23 07:37:22.162 17 DEBUG neutron_lib.callbacks.manager [req-c0aa3daf-80cd-448e-ae21-90cdf0dd68e1 4da04367381d4e54be506e5567c3fdc6 fa681627611546b6a325b0c2786f3cdb - default default] Notify callbacks ['neutron.plugins.ml2.plugin.SecurityGroupDbMixin._ensure_default_security_group_handler-33261388'] for port, before_create _notify_loop /usr/lib/python3.9/site-packages/neutron_lib/callbacks/manager.py:200
2026-02-23 07:37:22.182 17 DEBUG neutron.notifiers.nova [req-c0aa3daf-80cd-448e-ae21-90cdf0dd68e1 4da04367381d4e54be506e5567c3fdc6 fa681627611546b6a325b0c2786f3cdb - default default] device_id is not set on port 00fd62a2-c30e-40af-ada2-4bc9cfb4ec88 yet. _can_notify /usr/lib/python3.9/site-packages/neutron/notifiers/nova.py:201
2026-02-23 07:37:22.192 16 INFO neutron.wsgi [req-d026a911-bd5b-4d07-b830-44b85a4dad8b 4da04367381d4e54be506e5567c3fdc6 fa681627611546b6a325b0c2786f3cdb - default default] 192.168.122.99,192.168.122.100 "GET /v2.0/ports?network_id=f78289db-4792-4806-b64a-a9b2ded750dd&tags=tripleo_stack_name%3Dovercloud&tags=tripleo_vip_net%3Dstorage_mgmt HTTP/1.1" status: 200 len: 186 time: 0.0626841
2026-02-23 07:37:22.201 16 DEBUG neutron.api.v2.base [req-6c6fa091-ae2e-4cfc-ad2c-8aadc2d3aabf 4da04367381d4e54be506e5567c3fdc6 fa681627611546b6a325b0c2786f3cdb - default default] Request body: {'port': {'fixed_ips': [{'subnet_id': '3b12b262-3891-4b1e-9ee4-6acb40be87b6'}], 'network_id': 'f78289db-4792-4806-b64a-a9b2ded750dd', 'dns_name': 'overcloud', 'name': 'storage_mgmt_vip'}} prepare_request_body /usr/lib/python3.9/site-packages/neutron/api/v2/base.py:729
2026-02-23 07:37:22.213 16 DEBUG neutron.pecan_wsgi.hooks.quota_enforcement [req-6c6fa091-ae2e-4cfc-ad2c-8aadc2d3aabf 4da04367381d4e54be506e5567c3fdc6 fa681627611546b6a325b0c2786f3cdb - default default] Made reservation on behalf of fa681627611546b6a325b0c2786f3cdb for: {'port': 1} before /usr/lib/python3.9/site-packages/neutron/pecan_wsgi/hooks/quota_enforcement.py:53
2026-02-23 07:37:22.215 16 DEBUG neutron_lib.callbacks.manager [req-6c6fa091-ae2e-4cfc-ad2c-8aadc2d3aabf 4da04367381d4e54be506e5567c3fdc6 fa681627611546b6a325b0c2786f3cdb - default default] Notify callbacks ['neutron.plugins.ml2.plugin.SecurityGroupDbMixin._ensure_default_security_group_handler-33261388'] for port, before_create _notify_loop /usr/lib/python3.9/site-packages/neutron_lib/callbacks/manager.py:200
2026-02-23 07:37:22.228 15 INFO neutron.wsgi [req-8f75f4fa-7861-4f31-8f3f-d9747f32c2f5 4da04367381d4e54be506e5567c3fdc6 fa681627611546b6a325b0c2786f3cdb - default default] 192.168.122.99,192.168.122.100 "GET /v2.0/ports?network_id=b32b7cc8-72b7-494d-b72d-8ce327407d08&tags=tripleo_stack_name%3Dovercloud&tags=tripleo_vip_net%3Dctlplane HTTP/1.1" status: 200 len: 186 time: 0.1008520
2026-02-23 07:37:22.230 15 INFO neutron.wsgi [req-3ff915f3-420f-4d63-9a06-2c022804229e 4da04367381d4e54be506e5567c3fdc6 fa681627611546b6a325b0c2786f3cdb - default default] 192.168.122.99,192.168.122.100 "GET /v2.0/ports?network_id=c0fe5e54-8548-42af-a9e0-18ad813fc3fd&tags=tripleo_stack_name%3Dovercloud&tags=tripleo_vip_net%3Dstorage HTTP/1.1" status: 200 len: 186 time: 0.1041591
2026-02-23 07:37:22.239 15 DEBUG neutron.api.v2.base [req-1baab770-3ed3-41a5-94b6-87f92c59cd09 4da04367381d4e54be506e5567c3fdc6 fa681627611546b6a325b0c2786f3cdb - default default] Request body: {'port': {'fixed_ips': [{'ip_address': '192.168.122.99'}], 'network_id': 'b32b7cc8-72b7-494d-b72d-8ce327407d08', 'dns_name': 'overcloud', 'name': 'ctlplane_vip'}} prepare_request_body /usr/lib/python3.9/site-packages/neutron/api/v2/base.py:729
2026-02-23 07:37:22.239 16 DEBUG neutron.notifiers.nova [req-6c6fa091-ae2e-4cfc-ad2c-8aadc2d3aabf 4da04367381d4e54be506e5567c3fdc6 fa681627611546b6a325b0c2786f3cdb - default default] device_id is not set on port 89dbdfe6-bcdd-4314-b84b-faca4b62132c yet. _can_notify /usr/lib/python3.9/site-packages/neutron/notifiers/nova.py:201
2026-02-23 07:37:22.242 15 INFO neutron.wsgi [req-5f6a95e6-596a-4e06-adc2-19e26b2685d3 4da04367381d4e54be506e5567c3fdc6 fa681627611546b6a325b0c2786f3cdb - default default] 192.168.122.99,192.168.122.100 "GET /v2.0/ports?network_id=60635394-bfe0-4869-82bf-f211e8b54774&tags=tripleo_stack_name%3Dovercloud&tags=tripleo_vip_net%3Dexternal HTTP/1.1" status: 200 len: 186 time: 0.1135788
2026-02-23 07:37:22.244 15 DEBUG neutron.api.v2.base [req-26332b0b-e1bf-42aa-95fe-535ef1365160 4da04367381d4e54be506e5567c3fdc6 fa681627611546b6a325b0c2786f3cdb - default default] Request body: {'port': {'fixed_ips': [{'subnet_id': 'a1fb7e15-47e8-4589-82f9-e8ef6d0df3f8'}], 'network_id': 'c0fe5e54-8548-42af-a9e0-18ad813fc3fd', 'dns_name': 'overcloud', 'name': 'storage_vip'}} prepare_request_body /usr/lib/python3.9/site-packages/neutron/api/v2/base.py:729
2026-02-23 07:37:22.251 15 DEBUG neutron.api.v2.base [req-83593165-7249-4d36-aa2d-c6b78baae51e 4da04367381d4e54be506e5567c3fdc6 fa681627611546b6a325b0c2786f3cdb - default default] Request body: {'port': {'fixed_ips': [{'subnet_id': '9ffffb91-61d1-4551-9e9b-216e2f81b78a'}], 'network_id': '60635394-bfe0-4869-82bf-f211e8b54774', 'dns_name': 'overcloud', 'name': 'external_vip'}} prepare_request_body /usr/lib/python3.9/site-packages/neutron/api/v2/base.py:729
2026-02-23 07:37:22.259 15 DEBUG neutron.pecan_wsgi.hooks.quota_enforcement [req-1baab770-3ed3-41a5-94b6-87f92c59cd09 4da04367381d4e54be506e5567c3fdc6 fa681627611546b6a325b0c2786f3cdb - default default] Made reservation on behalf of fa681627611546b6a325b0c2786f3cdb for: {'port': 1} before /usr/lib/python3.9/site-packages/neutron/pecan_wsgi/hooks/quota_enforcement.py:53
2026-02-23 07:37:22.261 15 DEBUG neutron_lib.callbacks.manager [req-1baab770-3ed3-41a5-94b6-87f92c59cd09 4da04367381d4e54be506e5567c3fdc6 fa681627611546b6a325b0c2786f3cdb - default default] Notify callbacks ['neutron.plugins.ml2.plugin.SecurityGroupDbMixin._ensure_default_security_group_handler-33261388'] for port, before_create _notify_loop /usr/lib/python3.9/site-packages/neutron_lib/callbacks/manager.py:200
2026-02-23 07:37:22.268 15 DEBUG neutron.pecan_wsgi.hooks.quota_enforcement [req-26332b0b-e1bf-42aa-95fe-535ef1365160 4da04367381d4e54be506e5567c3fdc6 fa681627611546b6a325b0c2786f3cdb - default default] Made reservation on behalf of fa681627611546b6a325b0c2786f3cdb for: {'port': 1} before /usr/lib/python3.9/site-packages/neutron/pecan_wsgi/hooks/quota_enforcement.py:53
2026-02-23 07:37:22.269 15 DEBUG neutron_lib.callbacks.manager [req-26332b0b-e1bf-42aa-95fe-535ef1365160 4da04367381d4e54be506e5567c3fdc6 fa681627611546b6a325b0c2786f3cdb - default default] Notify callbacks ['neutron.plugins.ml2.plugin.SecurityGroupDbMixin._ensure_default_security_group_handler-33261388'] for port, before_create _notify_loop /usr/lib/python3.9/site-packages/neutron_lib/callbacks/manager.py:200
2026-02-23 07:37:22.278 15 DEBUG neutron.pecan_wsgi.hooks.quota_enforcement [req-83593165-7249-4d36-aa2d-c6b78baae51e 4da04367381d4e54be506e5567c3fdc6 fa681627611546b6a325b0c2786f3cdb - default default] Made reservation on behalf of fa681627611546b6a325b0c2786f3cdb for: {'port': 1} before /usr/lib/python3.9/site-packages/neutron/pecan_wsgi/hooks/quota_enforcement.py:53
2026-02-23 07:37:22.279 15 DEBUG neutron_lib.callbacks.manager [req-83593165-7249-4d36-aa2d-c6b78baae51e 4da04367381d4e54be506e5567c3fdc6 fa681627611546b6a325b0c2786f3cdb - default default] Notify callbacks ['neutron.plugins.ml2.plugin.SecurityGroupDbMixin._ensure_default_security_group_handler-33261388'] for port, before_create _notify_loop /usr/lib/python3.9/site-packages/neutron_lib/callbacks/manager.py:200
2026-02-23 07:37:22.285 17 DEBUG neutron.db.db_base_plugin_common [req-c0aa3daf-80cd-448e-ae21-90cdf0dd68e1 4da04367381d4e54be506e5567c3fdc6 fa681627611546b6a325b0c2786f3cdb - default default] Allocated IP 172.17.0.178 (e699a80d-f640-4026-810b-3110778af48d/8b196c94-b23c-48a3-8a51-b672abb4943a/00fd62a2-c30e-40af-ada2-4bc9cfb4ec88) _store_ip_allocation /usr/lib/python3.9/site-packages/neutron/db/db_base_plugin_common.py:131
2026-02-23 07:37:22.297 15 DEBUG neutron.notifiers.nova [req-1baab770-3ed3-41a5-94b6-87f92c59cd09 4da04367381d4e54be506e5567c3fdc6 fa681627611546b6a325b0c2786f3cdb - default default] device_id is not set on port 2fbc36b1-8449-435d-919c-668ff52c729b yet. _can_notify /usr/lib/python3.9/site-packages/neutron/notifiers/nova.py:201
2026-02-23 07:37:22.313 15 DEBUG neutron.notifiers.nova [req-26332b0b-e1bf-42aa-95fe-535ef1365160 4da04367381d4e54be506e5567c3fdc6 fa681627611546b6a325b0c2786f3cdb - default default] device_id is not set on port 1b7d6fb1-9220-4dd1-8c28-9d01116a4fcb yet. _can_notify /usr/lib/python3.9/site-packages/neutron/notifiers/nova.py:201
2026-02-23 07:37:22.327 15 DEBUG neutron.notifiers.nova [req-83593165-7249-4d36-aa2d-c6b78baae51e 4da04367381d4e54be506e5567c3fdc6 fa681627611546b6a325b0c2786f3cdb - default default] device_id is not set on port 7c2d887e-2643-42a0-a672-f9b72ab83c28 yet. _can_notify /usr/lib/python3.9/site-packages/neutron/notifiers/nova.py:201
2026-02-23 07:37:22.357 16 DEBUG neutron.db.db_base_plugin_common [req-6c6fa091-ae2e-4cfc-ad2c-8aadc2d3aabf 4da04367381d4e54be506e5567c3fdc6 fa681627611546b6a325b0c2786f3cdb - default default] Allocated IP 172.20.0.241 (f78289db-4792-4806-b64a-a9b2ded750dd/3b12b262-3891-4b1e-9ee4-6acb40be87b6/89dbdfe6-bcdd-4314-b84b-faca4b62132c) _store_ip_allocation /usr/lib/python3.9/site-packages/neutron/db/db_base_plugin_common.py:131
2026-02-23 07:37:22.499 17 DEBUG neutron_lib.callbacks.manager [req-c0aa3daf-80cd-448e-ae21-90cdf0dd68e1 4da04367381d4e54be506e5567c3fdc6 fa681627611546b6a325b0c2786f3cdb - default default] Notify callbacks [] for allowed_address_pair, before_create _notify_loop /usr/lib/python3.9/site-packages/neutron_lib/callbacks/manager.py:200
2026-02-23 07:37:22.500 17 DEBUG neutron_lib.callbacks.manager [req-c0aa3daf-80cd-448e-ae21-90cdf0dd68e1 4da04367381d4e54be506e5567c3fdc6 fa681627611546b6a325b0c2786f3cdb - default default] Notify callbacks [] for port, precommit_create _notify_loop /usr/lib/python3.9/site-packages/neutron_lib/callbacks/manager.py:200
2026-02-23 07:37:22.517 15 DEBUG neutron.db.db_base_plugin_common [req-83593165-7249-4d36-aa2d-c6b78baae51e 4da04367381d4e54be506e5567c3fdc6 fa681627611546b6a325b0c2786f3cdb - default default] Allocated IP 172.21.0.210 (60635394-bfe0-4869-82bf-f211e8b54774/9ffffb91-61d1-4551-9e9b-216e2f81b78a/7c2d887e-2643-42a0-a672-f9b72ab83c28) _store_ip_allocation /usr/lib/python3.9/site-packages/neutron/db/db_base_plugin_common.py:131
2026-02-23 07:37:22.520 15 DEBUG neutron.db.db_base_plugin_common [req-1baab770-3ed3-41a5-94b6-87f92c59cd09 4da04367381d4e54be506e5567c3fdc6 fa681627611546b6a325b0c2786f3cdb - default default] Allocated IP 192.168.122.99 (b32b7cc8-72b7-494d-b72d-8ce327407d08/cd456d7d-6770-4ea9-93da-7bc92a763785/2fbc36b1-8449-435d-919c-668ff52c729b) _store_ip_allocation /usr/lib/python3.9/site-packages/neutron/db/db_base_plugin_common.py:131
2026-02-23 07:37:22.525 15 DEBUG neutron.db.db_base_plugin_common [req-26332b0b-e1bf-42aa-95fe-535ef1365160 4da04367381d4e54be506e5567c3fdc6 fa681627611546b6a325b0c2786f3cdb - default default] Allocated IP 172.18.0.247 (c0fe5e54-8548-42af-a9e0-18ad813fc3fd/a1fb7e15-47e8-4589-82f9-e8ef6d0df3f8/1b7d6fb1-9220-4dd1-8c28-9d01116a4fcb) _store_ip_allocation /usr/lib/python3.9/site-packages/neutron/db/db_base_plugin_common.py:131
2026-02-23 07:37:22.543 17 DEBUG neutron_lib.callbacks.manager [req-c0aa3daf-80cd-448e-ae21-90cdf0dd68e1 4da04367381d4e54be506e5567c3fdc6 fa681627611546b6a325b0c2786f3cdb - default default] Notify callbacks ['neutron.plugins.ml2.plugin.SecurityGroupServerNotifierRpcMixin.notify_sg_on_port_change-33042840', 'neutron.plugins.ml2.extensions.dns_integration._create_port_in_external_dns_service-8740073608259', 'neutron.plugins.ml2.ovo_rpc._ObjectChangeHandler.handle_event-351916', 'neutron.api.rpc.agentnotifiers.dhcp_rpc_agent_api.DhcpAgentNotifyAPI._native_event_send_dhcp_notification-709098', 'neutron.services.segments.plugin.NovaSegmentNotifier._notify_port_created_or_deleted-1013977'] for port, after_create _notify_loop /usr/lib/python3.9/site-packages/neutron_lib/callbacks/manager.py:200
2026-02-23 07:37:22.576 16 DEBUG neutron_lib.callbacks.manager [req-6c6fa091-ae2e-4cfc-ad2c-8aadc2d3aabf 4da04367381d4e54be506e5567c3fdc6 fa681627611546b6a325b0c2786f3cdb - default default] Notify callbacks [] for allowed_address_pair, before_create _notify_loop /usr/lib/python3.9/site-packages/neutron_lib/callbacks/manager.py:200
2026-02-23 07:37:22.577 16 DEBUG neutron_lib.callbacks.manager [req-6c6fa091-ae2e-4cfc-ad2c-8aadc2d3aabf 4da04367381d4e54be506e5567c3fdc6 fa681627611546b6a325b0c2786f3cdb - default default] Notify callbacks [] for port, precommit_create _notify_loop /usr/lib/python3.9/site-packages/neutron_lib/callbacks/manager.py:200
2026-02-23 07:37:22.606 17 DEBUG neutron.api.rpc.handlers.resources_rpc [req-c0aa3daf-80cd-448e-ae21-90cdf0dd68e1 4da04367381d4e54be506e5567c3fdc6 fa681627611546b6a325b0c2786f3cdb - - -] Pushing event updated for resources: {'Port': ['ID=00fd62a2-c30e-40af-ada2-4bc9cfb4ec88,revision_number=1']} push /usr/lib/python3.9/site-packages/neutron/api/rpc/handlers/resources_rpc.py:237
2026-02-23 07:37:22.607 17 DEBUG neutron.plugins.ml2.drivers.mech_agent [req-c0aa3daf-80cd-448e-ae21-90cdf0dd68e1 4da04367381d4e54be506e5567c3fdc6 fa681627611546b6a325b0c2786f3cdb - default default] Checking segment: {'id': '48f561b9-2131-4c86-84d5-a866dbd9a205', 'network_type': 'flat', 'physical_network': 'internal_api_internal_api_subnet', 'segmentation_id': None, 'network_id': 'e699a80d-f640-4026-810b-3110778af48d'} for mappings: {'ctlplane': 'br-ctlplane'} with network types: ['local', 'flat', 'vlan'] check_segment_for_agent /usr/lib/python3.9/site-packages/neutron/plugins/ml2/drivers/mech_agent.py:343
2026-02-23 07:37:22.607 17 DEBUG neutron.plugins.ml2.drivers.mech_agent [req-c0aa3daf-80cd-448e-ae21-90cdf0dd68e1 4da04367381d4e54be506e5567c3fdc6 fa681627611546b6a325b0c2786f3cdb - default default] Network e699a80d-f640-4026-810b-3110778af48d with segment 48f561b9-2131-4c86-84d5-a866dbd9a205 is connected to physical network internal_api_internal_api_subnet, but agent undercloud.ooo.test reported physical networks {'ctlplane': 'br-ctlplane'}. The physical network must be configured on the agent if binding is to succeed. check_segment_for_agent /usr/lib/python3.9/site-packages/neutron/plugins/ml2/drivers/mech_agent.py:365
2026-02-23 07:37:22.611 17 DEBUG neutron.api.rpc.callbacks.version_manager [req-c0aa3daf-80cd-448e-ae21-90cdf0dd68e1 4da04367381d4e54be506e5567c3fdc6 fa681627611546b6a325b0c2786f3cdb - - -] Version for resource type AddressGroup changed None to 1.2 on consumer Open vSwitch agent@undercloud.ooo.test _set_version /usr/lib/python3.9/site-packages/neutron/api/rpc/callbacks/version_manager.py:113
2026-02-23 07:37:22.611 17 DEBUG neutron.api.rpc.callbacks.version_manager [req-c0aa3daf-80cd-448e-ae21-90cdf0dd68e1 4da04367381d4e54be506e5567c3fdc6 fa681627611546b6a325b0c2786f3cdb - - -] Version for resource type ConntrackHelper changed None to 1.0 on consumer Open vSwitch agent@undercloud.ooo.test _set_version /usr/lib/python3.9/site-packages/neutron/api/rpc/callbacks/version_manager.py:113
2026-02-23 07:37:22.611 17 DEBUG neutron.api.rpc.callbacks.version_manager [req-c0aa3daf-80cd-448e-ae21-90cdf0dd68e1 4da04367381d4e54be506e5567c3fdc6 fa681627611546b6a325b0c2786f3cdb - - -] Version for resource type Log changed None to 1.0 on consumer Open vSwitch agent@undercloud.ooo.test _set_version /usr/lib/python3.9/site-packages/neutron/api/rpc/callbacks/version_manager.py:113
2026-02-23 07:37:22.612 17 DEBUG neutron.api.rpc.callbacks.version_manager [req-c0aa3daf-80cd-448e-ae21-90cdf0dd68e1 4da04367381d4e54be506e5567c3fdc6 fa681627611546b6a325b0c2786f3cdb - - -] Version for resource type Network changed None to 1.1 on consumer Open vSwitch agent@undercloud.ooo.test _set_version /usr/lib/python3.9/site-packages/neutron/api/rpc/callbacks/version_manager.py:113
2026-02-23 07:37:22.612 17 DEBUG neutron.api.rpc.callbacks.version_manager [req-c0aa3daf-80cd-448e-ae21-90cdf0dd68e1 4da04367381d4e54be506e5567c3fdc6 fa681627611546b6a325b0c2786f3cdb - - -] Version for resource type Port changed None to 1.7 on consumer Open vSwitch agent@undercloud.ooo.test _set_version /usr/lib/python3.9/site-packages/neutron/api/rpc/callbacks/version_manager.py:113
2026-02-23 07:37:22.612 17 DEBUG neutron.api.rpc.callbacks.version_manager [req-c0aa3daf-80cd-448e-ae21-90cdf0dd68e1 4da04367381d4e54be506e5567c3fdc6 fa681627611546b6a325b0c2786f3cdb - - -] Version for resource type PortForwarding changed None to 1.2 on consumer Open vSwitch agent@undercloud.ooo.test _set_version /usr/lib/python3.9/site-packages/neutron/api/rpc/callbacks/version_manager.py:113
2026-02-23 07:37:22.612 17 DEBUG neutron.api.rpc.callbacks.version_manager [req-c0aa3daf-80cd-448e-ae21-90cdf0dd68e1 4da04367381d4e54be506e5567c3fdc6 fa681627611546b6a325b0c2786f3cdb - - -] Version for resource type QosPolicy changed None to 1.8 on consumer Open vSwitch agent@undercloud.ooo.test _set_version /usr/lib/python3.9/site-packages/neutron/api/rpc/callbacks/version_manager.py:113
2026-02-23 07:37:22.612 17 DEBUG neutron.api.rpc.callbacks.version_manager [req-c0aa3daf-80cd-448e-ae21-90cdf0dd68e1 4da04367381d4e54be506e5567c3fdc6 fa681627611546b6a325b0c2786f3cdb - - -] Version for resource type SecurityGroup changed None to 1.5 on consumer Open vSwitch agent@undercloud.ooo.test _set_version /usr/lib/python3.9/site-packages/neutron/api/rpc/callbacks/version_manager.py:113
2026-02-23 07:37:22.612 17 DEBUG neutron.api.rpc.callbacks.version_manager [req-c0aa3daf-80cd-448e-ae21-90cdf0dd68e1 4da04367381d4e54be506e5567c3fdc6 fa681627611546b6a325b0c2786f3cdb - - -] Version for resource type SecurityGroupRule changed None to 1.2 on consumer Open vSwitch agent@undercloud.ooo.test _set_version /usr/lib/python3.9/site-packages/neutron/api/rpc/callbacks/version_manager.py:113
2026-02-23 07:37:22.612 17 DEBUG neutron.api.rpc.callbacks.version_manager [req-c0aa3daf-80cd-448e-ae21-90cdf0dd68e1 4da04367381d4e54be506e5567c3fdc6 fa681627611546b6a325b0c2786f3cdb - - -] Version for resource type SubPort changed None to 1.0 on consumer Open vSwitch agent@undercloud.ooo.test _set_version /usr/lib/python3.9/site-packages/neutron/api/rpc/callbacks/version_manager.py:113
2026-02-23 07:37:22.612 17 DEBUG neutron.api.rpc.callbacks.version_manager [req-c0aa3daf-80cd-448e-ae21-90cdf0dd68e1 4da04367381d4e54be506e5567c3fdc6 fa681627611546b6a325b0c2786f3cdb - - -] Version for resource type Subnet changed None to 1.1 on consumer Open vSwitch agent@undercloud.ooo.test _set_version /usr/lib/python3.9/site-packages/neutron/api/rpc/callbacks/version_manager.py:113
2026-02-23 07:37:22.613 17 DEBUG neutron.api.rpc.callbacks.version_manager [req-c0aa3daf-80cd-448e-ae21-90cdf0dd68e1 4da04367381d4e54be506e5567c3fdc6 fa681627611546b6a325b0c2786f3cdb - - -] Version for resource type Trunk changed None to 1.1 on consumer Open vSwitch agent@undercloud.ooo.test _set_version /usr/lib/python3.9/site-packages/neutron/api/rpc/callbacks/version_manager.py:113
2026-02-23 07:37:22.613 17 DEBUG neutron.api.rpc.callbacks.version_manager [req-c0aa3daf-80cd-448e-ae21-90cdf0dd68e1 4da04367381d4e54be506e5567c3fdc6 fa681627611546b6a325b0c2786f3cdb - - -] Tracked resource versions report: pushed versions: { 'AddressGroup': {'1.2'}, 'ConntrackHelper': {'1.0'}, 'Log': {'1.0'}, 'Network': {'1.1'}, 'Port': {'1.7'}, 'PortForwarding': {'1.2'}, 'QosPolicy': {'1.8'}, 'SecurityGroup': {'1.5'}, 'SecurityGroupRule': {'1.2'}, 'SubPort': {'1.0'}, 'Subnet': {'1.1'}, 'Trunk': {'1.1'}} consumer versions: { DHCP agent@undercloud.ooo.test: {}, L3 agent@undercloud.ooo.test: {}, Open vSwitch agent@undercloud.ooo.test: { 'AddressGroup': '1.2', 'ConntrackHelper': '1.0', 'Log': '1.0', 'Network': '1.1', 'Port': '1.7', 'PortForwarding': '1.2', 'QosPolicy': '1.8', 'SecurityGroup': '1.5', 'SecurityGroupRule': '1.2', 'SubPort': '1.0', 'Subnet': '1.1', 'Trunk': '1.1'}} report /usr/lib/python3.9/site-packages/neutron/api/rpc/callbacks/version_manager.py:175
2026-02-23 07:37:22.614 17 DEBUG neutron.scheduler.dhcp_agent_scheduler [req-c0aa3daf-80cd-448e-ae21-90cdf0dd68e1 4da04367381d4e54be506e5567c3fdc6 fa681627611546b6a325b0c2786f3cdb - default default] Network hostable DHCP agents. Network: e699a80d-f640-4026-810b-3110778af48d, hostable agents: [], hosted agents: [] _get_network_hostable_dhcp_agents /usr/lib/python3.9/site-packages/neutron/scheduler/dhcp_agent_scheduler.py:329
2026-02-23 07:37:22.615 17 DEBUG neutron.scheduler.base_scheduler [req-c0aa3daf-80cd-448e-ae21-90cdf0dd68e1 4da04367381d4e54be506e5567c3fdc6 fa681627611546b6a325b0c2786f3cdb - default default] Resources bound (agent type, host, resource id): schedule /usr/lib/python3.9/site-packages/neutron/scheduler/base_scheduler.py:57
2026-02-23 07:37:22.615 17 WARNING neutron.api.rpc.agentnotifiers.dhcp_rpc_agent_api [req-c0aa3daf-80cd-448e-ae21-90cdf0dd68e1 4da04367381d4e54be506e5567c3fdc6 fa681627611546b6a325b0c2786f3cdb - default default] Unable to schedule network e699a80d-f640-4026-810b-3110778af48d: no agents available; will retry on subsequent port and subnet creation events.
2026-02-23 07:37:22.615 17 DEBUG neutron.api.rpc.agentnotifiers.dhcp_rpc_agent_api [req-c0aa3daf-80cd-448e-ae21-90cdf0dd68e1 4da04367381d4e54be506e5567c3fdc6 fa681627611546b6a325b0c2786f3cdb - default default] Network e699a80d-f640-4026-810b-3110778af48d is not hosted by any dhcp agent _notify_agents /usr/lib/python3.9/site-packages/neutron/api/rpc/agentnotifiers/dhcp_rpc_agent_api.py:228
2026-02-23 07:37:22.616 16 DEBUG neutron_lib.callbacks.manager [req-6c6fa091-ae2e-4cfc-ad2c-8aadc2d3aabf 4da04367381d4e54be506e5567c3fdc6 fa681627611546b6a325b0c2786f3cdb - default default] Notify callbacks ['neutron.plugins.ml2.plugin.SecurityGroupServerNotifierRpcMixin.notify_sg_on_port_change-33042840', 'neutron.plugins.ml2.extensions.dns_integration._create_port_in_external_dns_service-8740073608259', 'neutron.plugins.ml2.ovo_rpc._ObjectChangeHandler.handle_event-351916', 'neutron.api.rpc.agentnotifiers.dhcp_rpc_agent_api.DhcpAgentNotifyAPI._native_event_send_dhcp_notification-709098', 'neutron.services.segments.plugin.NovaSegmentNotifier._notify_port_created_or_deleted-1013977'] for port, after_create _notify_loop /usr/lib/python3.9/site-packages/neutron_lib/callbacks/manager.py:200
2026-02-23 07:37:22.643 17 DEBUG neutron.pecan_wsgi.hooks.policy_enforcement [req-c0aa3daf-80cd-448e-ae21-90cdf0dd68e1 4da04367381d4e54be506e5567c3fdc6 fa681627611546b6a325b0c2786f3cdb - default default] Attributes excluded by policy engine: ['standard_attr_id', 'network'] _exclude_attributes_by_policy /usr/lib/python3.9/site-packages/neutron/pecan_wsgi/hooks/policy_enforcement.py:259
2026-02-23 07:37:22.643 17 DEBUG neutron_lib.callbacks.manager [req-c0aa3daf-80cd-448e-ae21-90cdf0dd68e1 4da04367381d4e54be506e5567c3fdc6 fa681627611546b6a325b0c2786f3cdb - default default] Notify callbacks ['neutron.notifiers.nova.Notifier._send_nova_notification-159354', 'neutron.api.rpc.agentnotifiers.dhcp_rpc_agent_api.DhcpAgentNotifyAPI._send_dhcp_notification-709020'] for port, before_response _notify_loop /usr/lib/python3.9/site-packages/neutron_lib/callbacks/manager.py:200
2026-02-23 07:37:22.657 18 DEBUG neutron.wsgi [-] (18) accepted ('192.168.122.100', 52410) server /usr/lib/python3.9/site-packages/eventlet/wsgi.py:992
2026-02-23 07:37:22.660 18 INFO neutron.wsgi [-] 192.168.122.100 "GET /healthcheck HTTP/1.0" status: 200 len: 137 time: 0.0020411
2026-02-23 07:37:22.669 17 INFO neutron.wsgi [req-c0aa3daf-80cd-448e-ae21-90cdf0dd68e1 4da04367381d4e54be506e5567c3fdc6 fa681627611546b6a325b0c2786f3cdb - default default] 192.168.122.99,192.168.122.100 "POST /v2.0/ports HTTP/1.1" status: 201 len: 1155 time: 0.5239065
2026-02-23 07:37:22.671 16 DEBUG neutron.api.rpc.handlers.resources_rpc [req-6c6fa091-ae2e-4cfc-ad2c-8aadc2d3aabf 4da04367381d4e54be506e5567c3fdc6 fa681627611546b6a325b0c2786f3cdb - - -] Pushing event updated for resources: {'Port': ['ID=89dbdfe6-bcdd-4314-b84b-faca4b62132c,revision_number=1']} push /usr/lib/python3.9/site-packages/neutron/api/rpc/handlers/resources_rpc.py:237
2026-02-23 07:37:22.682 16 DEBUG neutron.plugins.ml2.drivers.mech_agent [req-6c6fa091-ae2e-4cfc-ad2c-8aadc2d3aabf 4da04367381d4e54be506e5567c3fdc6 fa681627611546b6a325b0c2786f3cdb - default default] Checking segment: {'id': 'ba987e0d-bb3b-4458-bb30-3f2f89109a0e', 'network_type': 'flat', 'physical_network': 'storage_mgmt_storage_mgmt_subnet', 'segmentation_id': None, 'network_id': 'f78289db-4792-4806-b64a-a9b2ded750dd'} for mappings: {'ctlplane': 'br-ctlplane'} with network types: ['local', 'flat', 'vlan'] check_segment_for_agent /usr/lib/python3.9/site-packages/neutron/plugins/ml2/drivers/mech_agent.py:343
