Dec 5 12:26:53 standalone container-server[127211]: 172.20.0.100 - - [05/Dec/2025:12:26:53 +0000] "GET /d1/317/AUTH_309271f2df0d4ef19f54b3a0cd07d8de/gnocchi.371f3f32-5765-4050-80d9-bb1a76bdc731" 200 2 "GET http://172.18.0.2:8080/v1/AUTH_309271f2df0d4ef19f54b3a0cd07d8de/gnocchi.371f3f32-5765-4050-80d9-bb1a76bdc731?format=json&states=listing" "txc41ba276548c4d1ea8c92-006932cf8d" "proxy-server 20" 0.0019 "-" 21 0
Dec 5 12:26:53 standalone proxy-server[129169]: 172.18.0.2 172.18.0.100 05/Dec/2025/12/26/53 GET /v1/AUTH_309271f2df0d4ef19f54b3a0cd07d8de/gnocchi.371f3f32-5765-4050-80d9-bb1a76bdc731%3Fformat%3Djson%26states%3Dlisting HTTP/1.0 200 - python-swiftclient-3.11.1 gAAAAABpMs8T_x7v... - 2 - txc41ba276548c4d1ea8c92-006932cf8d - 0.0162 - - 1764937613.645600796 1764937613.661810875 0
Dec 5 12:26:53 standalone object-server[127401]: 172.20.0.100 - - [05/Dec/2025:12:26:53 +0000] "GET /d1/571/AUTH_309271f2df0d4ef19f54b3a0cd07d8de/gnocchi.371f3f32-5765-4050-80d9-bb1a76bdc731/1764720000.0_mean_300.0_v3" 404 70 "GET http://172.18.0.2:8080/v1/AUTH_309271f2df0d4ef19f54b3a0cd07d8de/gnocchi.371f3f32-5765-4050-80d9-bb1a76bdc731/1764720000.0_mean_300.0_v3" "tx68b5aa0f42ab40718f967-006932cf8d" "proxy-server 20" 0.0004 "-" 23 0
Dec 5 12:26:53 standalone proxy-server[129169]: 172.18.0.2 172.18.0.100 05/Dec/2025/12/26/53 GET /v1/AUTH_309271f2df0d4ef19f54b3a0cd07d8de/gnocchi.371f3f32-5765-4050-80d9-bb1a76bdc731/1764720000.0_mean_300.0_v3 HTTP/1.0 404 - python-swiftclient-3.11.1 gAAAAABpMs8T_x7v... - 70 - tx68b5aa0f42ab40718f967-006932cf8d - 0.0055 - - 1764937613.665736675 1764937613.671263218 0
Dec 5 12:26:53 standalone container-server[127206]: 172.20.0.100 - - [05/Dec/2025:12:26:53 +0000] "PUT /d1/317/AUTH_309271f2df0d4ef19f54b3a0cd07d8de/gnocchi.371f3f32-5765-4050-80d9-bb1a76bdc731/1764720000.0_mean_300.0_v3" 201 - "PUT http://172.18.0.2:8080/d1/571/AUTH_309271f2df0d4ef19f54b3a0cd07d8de/gnocchi.371f3f32-5765-4050-80d9-bb1a76bdc731/1764720000.0_mean_300.0_v3" "tx620e95682efa4c629c515-006932cf8d" "object-server 25" 0.0010 "-" 20 0
Dec 5 12:26:53 standalone object-server[127411]: 172.20.0.100 - - [05/Dec/2025:12:26:53 +0000] "PUT /d1/571/AUTH_309271f2df0d4ef19f54b3a0cd07d8de/gnocchi.371f3f32-5765-4050-80d9-bb1a76bdc731/1764720000.0_mean_300.0_v3" 201 - "PUT http://172.18.0.2:8080/v1/AUTH_309271f2df0d4ef19f54b3a0cd07d8de/gnocchi.371f3f32-5765-4050-80d9-bb1a76bdc731/1764720000.0_mean_300.0_v3" "tx620e95682efa4c629c515-006932cf8d" "proxy-server 20" 0.0110 "-" 25 0
Dec 5 12:26:53 standalone proxy-server[129169]: 172.18.0.2 172.18.0.100 05/Dec/2025/12/26/53 PUT /v1/AUTH_309271f2df0d4ef19f54b3a0cd07d8de/gnocchi.371f3f32-5765-4050-80d9-bb1a76bdc731/1764720000.0_mean_300.0_v3 HTTP/1.0 201 - python-swiftclient-3.11.1 gAAAAABpMs8T_x7v... 16 - - tx620e95682efa4c629c515-006932cf8d - 0.0157 - - 1764937613.673954010 1764937613.689654827 0
Dec 5 12:26:53 standalone container-server[127206]: 172.20.0.100 - - [05/Dec/2025:12:26:53 +0000] "PUT /d1/317/AUTH_309271f2df0d4ef19f54b3a0cd07d8de/gnocchi.371f3f32-5765-4050-80d9-bb1a76bdc731/none_v3" 201 - "PUT http://172.18.0.2:8080/d1/332/AUTH_309271f2df0d4ef19f54b3a0cd07d8de/gnocchi.371f3f32-5765-4050-80d9-bb1a76bdc731/none_v3" "tx0590a683b2dd428fb2e0e-006932cf8d" "object-server 25" 0.0009 "-" 20 0
Dec 5 12:26:53 standalone object-server[127411]: 172.20.0.100 - - [05/Dec/2025:12:26:53 +0000] "PUT /d1/332/AUTH_309271f2df0d4ef19f54b3a0cd07d8de/gnocchi.371f3f32-5765-4050-80d9-bb1a76bdc731/none_v3" 201 - "PUT http://172.18.0.2:8080/v1/AUTH_309271f2df0d4ef19f54b3a0cd07d8de/gnocchi.371f3f32-5765-4050-80d9-bb1a76bdc731/none_v3" "tx0590a683b2dd428fb2e0e-006932cf8d" "proxy-server 20" 0.0109 "-" 25 0
Dec 5 12:26:53 standalone proxy-server[129169]: 172.18.0.2 172.18.0.100 05/Dec/2025/12/26/53 PUT /v1/AUTH_309271f2df0d4ef19f54b3a0cd07d8de/gnocchi.371f3f32-5765-4050-80d9-bb1a76bdc731/none_v3 HTTP/1.0 201 - python-swiftclient-3.11.1 gAAAAABpMs8T_x7v... 22 - - tx0590a683b2dd428fb2e0e-006932cf8d - 0.0206 - - 1764937613.693094730 1764937613.713722467 0
Dec 5 12:26:53 standalone object-server[127411]: 172.20.0.100 - - [05/Dec/2025:12:26:53 +0000] "GET /d1/224/AUTH_309271f2df0d4ef19f54b3a0cd07d8de/gnocchi.45fa8bbb-2048-495e-999e-984dd54d4f62/none_v3" 200 33 "GET http://172.18.0.2:8080/v1/AUTH_309271f2df0d4ef19f54b3a0cd07d8de/gnocchi.45fa8bbb-2048-495e-999e-984dd54d4f62/none_v3" "tx035c14b9fe7f4f749c8d2-006932cf8d" "proxy-server 20" 0.0007 "-" 25 0
Dec 5 12:26:53 standalone proxy-server[129169]: 172.18.0.2 172.18.0.100 05/Dec/2025/12/26/53 GET /v1/AUTH_309271f2df0d4ef19f54b3a0cd07d8de/gnocchi.45fa8bbb-2048-495e-999e-984dd54d4f62/none_v3 HTTP/1.0 200 - python-swiftclient-3.11.1 gAAAAABpMs8T_x7v... - 33 - tx035c14b9fe7f4f749c8d2-006932cf8d - 0.0096 - - 1764937613.878832579 1764937613.888470411 0
Dec 5 12:26:53 standalone container-server[127223]: 172.20.0.100 - - [05/Dec/2025:12:26:53 +0000] "GET /d1/166/AUTH_309271f2df0d4ef19f54b3a0cd07d8de/gnocchi.45fa8bbb-2048-495e-999e-984dd54d4f62" 200 357 "GET http://172.18.0.2:8080/v1/AUTH_309271f2df0d4ef19f54b3a0cd07d8de/gnocchi.45fa8bbb-2048-495e-999e-984dd54d4f62?format=json&states=listing" "txa174d2fd4bbb4967ae5a6-006932cf8d" "proxy-server 20" 0.0489 "-" 23 0
Dec 5 12:26:53 standalone proxy-server[129169]: 172.18.0.2 172.18.0.100 05/Dec/2025/12/26/53 GET /v1/AUTH_309271f2df0d4ef19f54b3a0cd07d8de/gnocchi.45fa8bbb-2048-495e-999e-984dd54d4f62%3Fformat%3Djson%26states%3Dlisting HTTP/1.0 200 - python-swiftclient-3.11.1 gAAAAABpMs8T_x7v... - 357 - txa174d2fd4bbb4967ae5a6-006932cf8d - 0.0579 - - 1764937613.892439604 1764937613.950290203 0
Dec 5 12:26:53 standalone container-server[127211]: 172.20.0.100 - - [05/Dec/2025:12:26:53 +0000] "GET /d1/166/AUTH_309271f2df0d4ef19f54b3a0cd07d8de/gnocchi.45fa8bbb-2048-495e-999e-984dd54d4f62" 200 2 "GET http://172.18.0.2:8080/v1/AUTH_309271f2df0d4ef19f54b3a0cd07d8de/gnocchi.45fa8bbb-2048-495e-999e-984dd54d4f62?format=json&marker=none_v3&states=listing" "txa78743706d2147c5b99ed-006932cf8d" "proxy-server 20" 0.0019 "-" 21 0
Dec 5 12:26:53 standalone proxy-server[129169]: 172.18.0.2 172.18.0.100 05/Dec/2025/12/26/53 GET /v1/AUTH_309271f2df0d4ef19f54b3a0cd07d8de/gnocchi.45fa8bbb-2048-495e-999e-984dd54d4f62%3Fformat%3Djson%26marker%3Dnone_v3%26states%3Dlisting HTTP/1.0 200 - python-swiftclient-3.11.1 gAAAAABpMs8T_x7v... - 2 - txa78743706d2147c5b99ed-006932cf8d - 0.0106 - - 1764937613.953953028 1764937613.964563608 0
Dec 5 12:26:53 standalone object-server[127411]: 172.20.0.100 - - [05/Dec/2025:12:26:53 +0000] "GET /d1/700/AUTH_309271f2df0d4ef19f54b3a0cd07d8de/gnocchi.45fa8bbb-2048-495e-999e-984dd54d4f62/1764720000.0_mean_300.0_v3" 200 16 "GET http://172.18.0.2:8080/v1/AUTH_309271f2df0d4ef19f54b3a0cd07d8de/gnocchi.45fa8bbb-2048-495e-999e-984dd54d4f62/1764720000.0_mean_300.0_v3" "tx5cc0446526ce4465b0e62-006932cf8d" "proxy-server 20" 0.0006 "-" 25 0
Dec 5 12:26:53 standalone proxy-server[129169]: 172.18.0.2 172.18.0.100 05/Dec/2025/12/26/53 GET /v1/AUTH_309271f2df0d4ef19f54b3a0cd07d8de/gnocchi.45fa8bbb-2048-495e-999e-984dd54d4f62/1764720000.0_mean_300.0_v3 HTTP/1.0 200 - python-swiftclient-3.11.1 gAAAAABpMs8T_x7v... - 16 - tx5cc0446526ce4465b0e62-006932cf8d - 0.0073 - - 1764937613.968417883 1764937613.975756884 0
Dec 5 12:26:53 standalone container-server[127218]: 172.20.0.100 - - [05/Dec/2025:12:26:53 +0000] "PUT /d1/166/AUTH_309271f2df0d4ef19f54b3a0cd07d8de/gnocchi.45fa8bbb-2048-495e-999e-984dd54d4f62/1764720000.0_mean_300.0_v3" 201 - "PUT http://172.18.0.2:8080/d1/700/AUTH_309271f2df0d4ef19f54b3a0cd07d8de/gnocchi.45fa8bbb-2048-495e-999e-984dd54d4f62/1764720000.0_mean_300.0_v3" "txf5d90d5ed4334c3bb869c-006932cf8d" "object-server 25" 0.0005 "-" 22 0
Dec 5 12:26:53 standalone object-server[127411]: 172.20.0.100 - - [05/Dec/2025:12:26:53 +0000] "PUT /d1/700/AUTH_309271f2df0d4ef19f54b3a0cd07d8de/gnocchi.45fa8bbb-2048-495e-999e-984dd54d4f62/1764720000.0_mean_300.0_v3" 201 - "PUT http://172.18.0.2:8080/v1/AUTH_309271f2df0d4ef19f54b3a0cd07d8de/gnocchi.45fa8bbb-2048-495e-999e-984dd54d4f62/1764720000.0_mean_300.0_v3" "txf5d90d5ed4334c3bb869c-006932cf8d" "proxy-server 20" 0.0071 "-" 25 0
Dec 5 12:26:53 standalone proxy-server[129169]: 172.18.0.2 172.18.0.100 05/Dec/2025/12/26/53 PUT /v1/AUTH_309271f2df0d4ef19f54b3a0cd07d8de/gnocchi.45fa8bbb-2048-495e-999e-984dd54d4f62/1764720000.0_mean_300.0_v3 HTTP/1.0 201 - python-swiftclient-3.11.1 gAAAAABpMs8T_x7v... 16 - - txf5d90d5ed4334c3bb869c-006932cf8d - 0.0131 - - 1764937613.978980541 1764937613.992046118 0
Dec 5 12:26:54 standalone container-server[127218]: 172.20.0.100 - - [05/Dec/2025:12:26:54 +0000] "PUT /d1/166/AUTH_309271f2df0d4ef19f54b3a0cd07d8de/gnocchi.45fa8bbb-2048-495e-999e-984dd54d4f62/none_v3" 201 - "PUT http://172.18.0.2:8080/d1/224/AUTH_309271f2df0d4ef19f54b3a0cd07d8de/gnocchi.45fa8bbb-2048-495e-999e-984dd54d4f62/none_v3" "txdabc29162a6545e292e42-006932cf8d" "object-server 22" 0.0004 "-" 22 0
Dec 5 12:26:54 standalone object-server[127388]: 172.20.0.100 - - [05/Dec/2025:12:26:54 +0000] "PUT /d1/224/AUTH_309271f2df0d4ef19f54b3a0cd07d8de/gnocchi.45fa8bbb-2048-495e-999e-984dd54d4f62/none_v3" 201 - "PUT http://172.18.0.2:8080/v1/AUTH_309271f2df0d4ef19f54b3a0cd07d8de/gnocchi.45fa8bbb-2048-495e-999e-984dd54d4f62/none_v3" "txdabc29162a6545e292e42-006932cf8d" "proxy-server 20" 0.0105 "-" 22 0
Dec 5 12:26:54 standalone proxy-server[129169]: 172.18.0.2 172.18.0.100 05/Dec/2025/12/26/54 PUT /v1/AUTH_309271f2df0d4ef19f54b3a0cd07d8de/gnocchi.45fa8bbb-2048-495e-999e-984dd54d4f62/none_v3 HTTP/1.0 201 - python-swiftclient-3.11.1 gAAAAABpMs8T_x7v... 48 - - txdabc29162a6545e292e42-006932cf8d - 0.0182 - - 1764937613.995098352 1764937614.013266325 0
Dec 5 12:26:54 standalone object-server[127411]: 172.20.0.100 - - [05/Dec/2025:12:26:54 +0000] "GET /d1/699/AUTH_309271f2df0d4ef19f54b3a0cd07d8de/gnocchi.97f877e2-8574-419c-aac0-f9c8eb01460b/none_v3" 200 33 "GET http://172.18.0.2:8080/v1/AUTH_309271f2df0d4ef19f54b3a0cd07d8de/gnocchi.97f877e2-8574-419c-aac0-f9c8eb01460b/none_v3" "txecd19778216b458e85b0f-006932cf8e" "proxy-server 20" 0.0014 "-" 25 0
Dec 5 12:26:54 standalone proxy-server[129169]: 172.18.0.2 172.18.0.100 05/Dec/2025/12/26/54 GET /v1/AUTH_309271f2df0d4ef19f54b3a0cd07d8de/gnocchi.97f877e2-8574-419c-aac0-f9c8eb01460b/none_v3 HTTP/1.0 200 - python-swiftclient-3.11.1 gAAAAABpMs8T_x7v... - 33 - txecd19778216b458e85b0f-006932cf8e - 0.0102 - - 1764937614.030610323 1764937614.040812254 0
Dec 5 12:26:54 standalone container-server[127218]: 172.20.0.100 - - [05/Dec/2025:12:26:54 +0000] "GET /d1/744/AUTH_309271f2df0d4ef19f54b3a0cd07d8de/gnocchi.97f877e2-8574-419c-aac0-f9c8eb01460b" 200 357 "GET http://172.18.0.2:8080/v1/AUTH_309271f2df0d4ef19f54b3a0cd07d8de/gnocchi.97f877e2-8574-419c-aac0-f9c8eb01460b?format=json&states=listing" "tx88aa94dc67144f618ffff-006932cf8e" "proxy-server 20" 0.0094 "-" 22 0
Dec 5 12:26:54 standalone proxy-server[129169]: 172.18.0.2 172.18.0.100 05/Dec/2025/12/26/54 GET /v1/AUTH_309271f2df0d4ef19f54b3a0cd07d8de/gnocchi.97f877e2-8574-419c-aac0-f9c8eb01460b%3Fformat%3Djson%26states%3Dlisting HTTP/1.0 200 - python-swiftclient-3.11.1 gAAAAABpMs8T_x7v... - 357 - tx88aa94dc67144f618ffff-006932cf8e - 0.0191 - - 1764937614.048505068 1764937614.067613840 0
Dec 5 12:26:54 standalone container-server[127223]: 172.20.0.100 - - [05/Dec/2025:12:26:54 +0000] "GET /d1/744/AUTH_309271f2df0d4ef19f54b3a0cd07d8de/gnocchi.97f877e2-8574-419c-aac0-f9c8eb01460b" 200 2 "GET http://172.18.0.2:8080/v1/AUTH_309271f2df0d4ef19f54b3a0cd07d8de/gnocchi.97f877e2-8574-419c-aac0-f9c8eb01460b?format=json&marker=none_v3&states=listing" "txd9f0e75f8cc747b7a6c82-006932cf8e" "proxy-server 20" 0.0052 "-" 23 0
Dec 5 12:26:54 standalone proxy-server[129169]: 172.18.0.2 172.18.0.100 05/Dec/2025/12/26/54 GET /v1/AUTH_309271f2df0d4ef19f54b3a0cd07d8de/gnocchi.97f877e2-8574-419c-aac0-f9c8eb01460b%3Fformat%3Djson%26marker%3Dnone_v3%26states%3Dlisting HTTP/1.0 200 - python-swiftclient-3.11.1 gAAAAABpMs8T_x7v... - 2 - txd9f0e75f8cc747b7a6c82-006932cf8e - 0.0140 - - 1764937614.071898937 1764937614.085871696 0
Dec 5 12:26:54 standalone object-server[127411]: 172.20.0.100 - - [05/Dec/2025:12:26:54 +0000] "GET /d1/773/AUTH_309271f2df0d4ef19f54b3a0cd07d8de/gnocchi.97f877e2-8574-419c-aac0-f9c8eb01460b/1764720000.0_mean_300.0_v3" 200 16 "GET http://172.18.0.2:8080/v1/AUTH_309271f2df0d4ef19f54b3a0cd07d8de/gnocchi.97f877e2-8574-419c-aac0-f9c8eb01460b/1764720000.0_mean_300.0_v3" "tx46f21379ee1b4c72bbca6-006932cf8e" "proxy-server 20" 0.0012 "-" 25 0
Dec 5 12:26:54 standalone proxy-server[129169]: 172.18.0.2 172.18.0.100 05/Dec/2025/12/26/54 GET /v1/AUTH_309271f2df0d4ef19f54b3a0cd07d8de/gnocchi.97f877e2-8574-419c-aac0-f9c8eb01460b/1764720000.0_mean_300.0_v3 HTTP/1.0 200 - python-swiftclient-3.11.1 gAAAAABpMs8T_x7v... - 16 - tx46f21379ee1b4c72bbca6-006932cf8e - 0.0088 - - 1764937614.090878963 1764937614.099678040 0
Dec 5 12:26:54 standalone container-server[127211]: 172.20.0.100 - - [05/Dec/2025:12:26:54 +0000] "PUT /d1/744/AUTH_309271f2df0d4ef19f54b3a0cd07d8de/gnocchi.97f877e2-8574-419c-aac0-f9c8eb01460b/1764720000.0_mean_300.0_v3" 201 - "PUT http://172.18.0.2:8080/d1/773/AUTH_309271f2df0d4ef19f54b3a0cd07d8de/gnocchi.97f877e2-8574-419c-aac0-f9c8eb01460b/1764720000.0_mean_300.0_v3" "tx415f1e0ea5b6468ebe211-006932cf8e" "object-server 23" 0.0009 "-" 21 0
Dec 5 12:26:54 standalone object-server[127401]: 172.20.0.100 - - [05/Dec/2025:12:26:54 +0000] "PUT /d1/773/AUTH_309271f2df0d4ef19f54b3a0cd07d8de/gnocchi.97f877e2-8574-419c-aac0-f9c8eb01460b/1764720000.0_mean_300.0_v3" 201 - "PUT http://172.18.0.2:8080/v1/AUTH_309271f2df0d4ef19f54b3a0cd07d8de/gnocchi.97f877e2-8574-419c-aac0-f9c8eb01460b/1764720000.0_mean_300.0_v3" "tx415f1e0ea5b6468ebe211-006932cf8e" "proxy-server 20" 0.0124 "-" 23 0
Dec 5 12:26:54 standalone proxy-server[129169]: 172.18.0.2 172.18.0.100 05/Dec/2025/12/26/54 PUT /v1/AUTH_309271f2df0d4ef19f54b3a0cd07d8de/gnocchi.97f877e2-8574-419c-aac0-f9c8eb01460b/1764720000.0_mean_300.0_v3 HTTP/1.0 201 - python-swiftclient-3.11.1 gAAAAABpMs8T_x7v... 16 - - tx415f1e0ea5b6468ebe211-006932cf8e - 0.0198 - - 1764937614.104626656 1764937614.124395370 0
Dec 5 12:26:54 standalone container-server[127211]: 172.20.0.100 - - [05/Dec/2025:12:26:54 +0000] "PUT /d1/744/AUTH_309271f2df0d4ef19f54b3a0cd07d8de/gnocchi.97f877e2-8574-419c-aac0-f9c8eb01460b/none_v3" 201 - "PUT http://172.18.0.2:8080/d1/699/AUTH_309271f2df0d4ef19f54b3a0cd07d8de/gnocchi.97f877e2-8574-419c-aac0-f9c8eb01460b/none_v3" "tx6338e35341f84278b31c5-006932cf8e" "object-server 24" 0.0007 "-" 21 0
Dec 5 12:26:54 standalone object-server[127406]: 172.20.0.100 - - [05/Dec/2025:12:26:54 +0000] "PUT /d1/699/AUTH_309271f2df0d4ef19f54b3a0cd07d8de/gnocchi.97f877e2-8574-419c-aac0-f9c8eb01460b/none_v3" 201 - "PUT http://172.18.0.2:8080/v1/AUTH_309271f2df0d4ef19f54b3a0cd07d8de/gnocchi.97f877e2-8574-419c-aac0-f9c8eb01460b/none_v3" "tx6338e35341f84278b31c5-006932cf8e" "proxy-server 20" 0.0095 "-" 24 0
Dec 5 12:26:54 standalone proxy-server[129169]: 172.18.0.2 172.18.0.100 05/Dec/2025/12/26/54 PUT /v1/AUTH_309271f2df0d4ef19f54b3a0cd07d8de/gnocchi.97f877e2-8574-419c-aac0-f9c8eb01460b/none_v3 HTTP/1.0 201 - python-swiftclient-3.11.1 gAAAAABpMs8T_x7v... 48 - - tx6338e35341f84278b31c5-006932cf8e - 0.0167 - - 1764937614.128973484 1764937614.145646572 0
Dec 5 12:26:55 standalone object-server[127388]: 172.20.0.100 - - [05/Dec/2025:12:26:55 +0000] "GET /d1/332/AUTH_309271f2df0d4ef19f54b3a0cd07d8de/gnocchi.371f3f32-5765-4050-80d9-bb1a76bdc731/none_v3" 200 22 "GET http://172.18.0.2:8080/v1/AUTH_309271f2df0d4ef19f54b3a0cd07d8de/gnocchi.371f3f32-5765-4050-80d9-bb1a76bdc731/none_v3" "tx40eb673ff53542ca96b2d-006932cf8f" "proxy-server 20" 0.0016 "-" 22 0
Dec 5 12:26:55 standalone proxy-server[129169]: 172.18.0.2 172.18.0.100 05/Dec/2025/12/26/55 GET /v1/AUTH_309271f2df0d4ef19f54b3a0cd07d8de/gnocchi.371f3f32-5765-4050-80d9-bb1a76bdc731/none_v3 HTTP/1.0 200 - python-swiftclient-3.11.1 gAAAAABpMs8T_x7v... - 22 - tx40eb673ff53542ca96b2d-006932cf8f - 0.0128 - - 1764937615.369363308 1764937615.382135153 0
Dec 5 12:26:55 standalone container-server[127223]: 172.20.0.100 - - [05/Dec/2025:12:26:55 +0000] "GET /d1/317/AUTH_309271f2df0d4ef19f54b3a0cd07d8de/gnocchi.371f3f32-5765-4050-80d9-bb1a76bdc731" 200 357 "GET http://172.18.0.2:8080/v1/AUTH_309271f2df0d4ef19f54b3a0cd07d8de/gnocchi.371f3f32-5765-4050-80d9-bb1a76bdc731?format=json&states=listing" "tx65f5db53b63c44d4b7f12-006932cf8f" "proxy-server 20" 0.0114 "-" 23 0
Dec 5 12:26:55 standalone proxy-server[129169]: 172.18.0.2 172.18.0.100 05/Dec/2025/12/26/55 GET /v1/AUTH_309271f2df0d4ef19f54b3a0cd07d8de/gnocchi.371f3f32-5765-4050-80d9-bb1a76bdc731%3Fformat%3Djson%26states%3Dlisting HTTP/1.0 200 - python-swiftclient-3.11.1 gAAAAABpMs8T_x7v... - 357 - tx65f5db53b63c44d4b7f12-006932cf8f - 0.0188 - - 1764937615.386721849 1764937615.405550003 0
Dec 5 12:26:55 standalone container-server[127218]: 172.20.0.100 - - [05/Dec/2025:12:26:55 +0000] "GET /d1/317/AUTH_309271f2df0d4ef19f54b3a0cd07d8de/gnocchi.371f3f32-5765-4050-80d9-bb1a76bdc731" 200 2 "GET http://172.18.0.2:8080/v1/AUTH_309271f2df0d4ef19f54b3a0cd07d8de/gnocchi.371f3f32-5765-4050-80d9-bb1a76bdc731?format=json&marker=none_v3&states=listing" "txe524de4b852a49629ed20-006932cf8f" "proxy-server 20" 0.0039 "-" 22 0
Dec 5 12:26:55 standalone proxy-server[129169]: 172.18.0.2 172.18.0.100 05/Dec/2025/12/26/55 GET /v1/AUTH_309271f2df0d4ef19f54b3a0cd07d8de/gnocchi.371f3f32-5765-4050-80d9-bb1a76bdc731%3Fformat%3Djson%26marker%3Dnone_v3%26states%3Dlisting HTTP/1.0 200 - python-swiftclient-3.11.1 gAAAAABpMs8T_x7v... - 2 - txe524de4b852a49629ed20-006932cf8f - 0.0116 - - 1764937615.408807755 1764937615.420436144 0
Dec 5 12:26:55 standalone object-server[127406]: 172.20.0.100 - - [05/Dec/2025:12:26:55 +0000] "GET /d1/571/AUTH_309271f2df0d4ef19f54b3a0cd07d8de/gnocchi.371f3f32-5765-4050-80d9-bb1a76bdc731/1764720000.0_mean_300.0_v3" 200 16 "GET http://172.18.0.2:8080/v1/AUTH_309271f2df0d4ef19f54b3a0cd07d8de/gnocchi.371f3f32-5765-4050-80d9-bb1a76bdc731/1764720000.0_mean_300.0_v3" "txd6f1191c1aec45feb359f-006932cf8f" "proxy-server 20" 0.0012 "-" 24 0
Dec 5 12:26:55 standalone proxy-server[129169]: 172.18.0.2 172.18.0.100 05/Dec/2025/12/26/55 GET /v1/AUTH_309271f2df0d4ef19f54b3a0cd07d8de/gnocchi.371f3f32-5765-4050-80d9-bb1a76bdc731/1764720000.0_mean_300.0_v3 HTTP/1.0 200 - python-swiftclient-3.11.1 gAAAAABpMs8T_x7v... - 16 - txd6f1191c1aec45feb359f-006932cf8f - 0.0078 - - 1764937615.426765203 1764937615.434547663 0
Dec 5 12:26:55 standalone container-server[127218]: 172.20.0.100 - - [05/Dec/2025:12:26:55 +0000] "PUT /d1/317/AUTH_309271f2df0d4ef19f54b3a0cd07d8de/gnocchi.371f3f32-5765-4050-80d9-bb1a76bdc731/1764720000.0_mean_300.0_v3" 201 - "PUT http://172.18.0.2:8080/d1/571/AUTH_309271f2df0d4ef19f54b3a0cd07d8de/gnocchi.371f3f32-5765-4050-80d9-bb1a76bdc731/1764720000.0_mean_300.0_v3" "txe94c667cc34b4ce8b79ac-006932cf8f" "object-server 24" 0.0006 "-" 22 0
Dec 5 12:26:55 standalone object-server[127406]: 172.20.0.100 - - [05/Dec/2025:12:26:55 +0000] "PUT /d1/571/AUTH_309271f2df0d4ef19f54b3a0cd07d8de/gnocchi.371f3f32-5765-4050-80d9-bb1a76bdc731/1764720000.0_mean_300.0_v3" 201 - "PUT http://172.18.0.2:8080/v1/AUTH_309271f2df0d4ef19f54b3a0cd07d8de/gnocchi.371f3f32-5765-4050-80d9-bb1a76bdc731/1764720000.0_mean_300.0_v3" "txe94c667cc34b4ce8b79ac-006932cf8f" "proxy-server 20" 0.0109 "-" 24 0
Dec 5 12:26:55 standalone proxy-server[129169]: 172.18.0.2 172.18.0.100 05/Dec/2025/12/26/55 PUT /v1/AUTH_309271f2df0d4ef19f54b3a0cd07d8de/gnocchi.371f3f32-5765-4050-80d9-bb1a76bdc731/1764720000.0_mean_300.0_v3 HTTP/1.0 201 - python-swiftclient-3.11.1 gAAAAABpMs8T_x7v... 16 - - txe94c667cc34b4ce8b79ac-006932cf8f - 0.0165 - - 1764937615.438313246 1764937615.454844475 0
Dec 5 12:26:55 standalone container-server[127218]: 172.20.0.100 - - [05/Dec/2025:12:26:55 +0000] "PUT /d1/317/AUTH_309271f2df0d4ef19f54b3a0cd07d8de/gnocchi.371f3f32-5765-4050-80d9-bb1a76bdc731/none_v3" 201 - "PUT http://172.18.0.2:8080/d1/332/AUTH_309271f2df0d4ef19f54b3a0cd07d8de/gnocchi.371f3f32-5765-4050-80d9-bb1a76bdc731/none_v3" "txdddfda1932f446e199feb-006932cf8f" "object-server 24" 0.0008 "-" 22 0
Dec 5 12:26:55 standalone object-server[127406]: 172.20.0.100 - - [05/Dec/2025:12:26:55 +0000] "PUT /d1/332/AUTH_309271f2df0d4ef19f54b3a0cd07d8de/gnocchi.371f3f32-5765-4050-80d9-bb1a76bdc731/none_v3" 201 - "PUT http://172.18.0.2:8080/v1/AUTH_309271f2df0d4ef19f54b3a0cd07d8de/gnocchi.371f3f32-5765-4050-80d9-bb1a76bdc731/none_v3" "txdddfda1932f446e199feb-006932cf8f" "proxy-server 20" 0.0120 "-" 24 0
Dec 5 12:26:55 standalone proxy-server[129169]: 172.18.0.2 172.18.0.100 05/Dec/2025/12/26/55 PUT /v1/AUTH_309271f2df0d4ef19f54b3a0cd07d8de/gnocchi.371f3f32-5765-4050-80d9-bb1a76bdc731/none_v3 HTTP/1.0 201 - python-swiftclient-3.11.1 gAAAAABpMs8T_x7v... 31 - - txdddfda1932f446e199feb-006932cf8f - 0.0182 - - 1764937615.458034754 1764937615.476259947 0
Dec 5 12:27:03 standalone account-server[127040]: 172.20.0.100 - - [05/Dec/2025:12:27:03 +0000] "HEAD /d1/849/AUTH_309271f2df0d4ef19f54b3a0cd07d8de" 204 - "HEAD http://172.18.0.2:8080/v1/AUTH_309271f2df0d4ef19f54b3a0cd07d8de?format=json" "tx1dcabed7196e4fa98a47a-006932cf97" "proxy-server 20" 0.0057 "-" 22 -
Dec 5 12:27:03 standalone proxy-server[129169]: - - 05/Dec/2025/12/27/03 HEAD /v1/AUTH_309271f2df0d4ef19f54b3a0cd07d8de%3Fformat%3Djson HTTP/1.0 204 - Swift - - - - tx1dcabed7196e4fa98a47a-006932cf97 - 0.0101 RL - 1764937623.480789423 1764937623.490901470 -
Dec 5 12:27:03 standalone object-server[127388]: 172.20.0.100 - - [05/Dec/2025:12:27:03 +0000] "GET /d1/332/AUTH_309271f2df0d4ef19f54b3a0cd07d8de/gnocchi.371f3f32-5765-4050-80d9-bb1a76bdc731/none_v3" 200 31 "GET http://172.18.0.2:8080/v1/AUTH_309271f2df0d4ef19f54b3a0cd07d8de/gnocchi.371f3f32-5765-4050-80d9-bb1a76bdc731/none_v3" "tx1dcabed7196e4fa98a47a-006932cf97" "proxy-server 20" 0.0009 "-" 22 0
Dec 5 12:27:03 standalone proxy-server[129169]: 172.18.0.2 172.18.0.100 05/Dec/2025/12/27/03 GET /v1/AUTH_309271f2df0d4ef19f54b3a0cd07d8de/gnocchi.371f3f32-5765-4050-80d9-bb1a76bdc731/none_v3 HTTP/1.0 200 - python-swiftclient-3.11.1 gAAAAABpMs8T_x7v... - 31 - tx1dcabed7196e4fa98a47a-006932cf97 - 0.0176 - - 1764937623.479954958 1764937623.497520208 0
Dec 5 12:27:03 standalone container-server[127211]: 172.20.0.100 - - [05/Dec/2025:12:27:03 +0000] "GET /d1/317/AUTH_309271f2df0d4ef19f54b3a0cd07d8de/gnocchi.371f3f32-5765-4050-80d9-bb1a76bdc731" 200 357 "GET http://172.18.0.2:8080/v1/AUTH_309271f2df0d4ef19f54b3a0cd07d8de/gnocchi.371f3f32-5765-4050-80d9-bb1a76bdc731?format=json&states=listing" "tx789eafc6f8564dac82464-006932cf97" "proxy-server 20" 0.0073 "-" 21 0
Dec 5 12:27:03 standalone proxy-server[129169]: 172.18.0.2 172.18.0.100 05/Dec/2025/12/27/03 GET /v1/AUTH_309271f2df0d4ef19f54b3a0cd07d8de/gnocchi.371f3f32-5765-4050-80d9-bb1a76bdc731%3Fformat%3Djson%26states%3Dlisting HTTP/1.0 200 - python-swiftclient-3.11.1 gAAAAABpMs8T_x7v... - 357 - tx789eafc6f8564dac82464-006932cf97 - 0.0140 - - 1764937623.501961708 1764937623.515953779 0
Dec 5 12:27:03 standalone container-server[127206]: 172.20.0.100 - - [05/Dec/2025:12:27:03 +0000] "GET /d1/317/AUTH_309271f2df0d4ef19f54b3a0cd07d8de/gnocchi.371f3f32-5765-4050-80d9-bb1a76bdc731" 200 2 "GET http://172.18.0.2:8080/v1/AUTH_309271f2df0d4ef19f54b3a0cd07d8de/gnocchi.371f3f32-5765-4050-80d9-bb1a76bdc731?format=json&marker=none_v3&states=listing" "txa6517291a4904ee3bbd04-006932cf97" "proxy-server 20" 0.0024 "-" 20 0
Dec 5 12:27:03 standalone proxy-server[129169]: 172.18.0.2 172.18.0.100 05/Dec/2025/12/27/03 GET /v1/AUTH_309271f2df0d4ef19f54b3a0cd07d8de/gnocchi.371f3f32-5765-4050-80d9-bb1a76bdc731%3Fformat%3Djson%26marker%3Dnone_v3%26states%3Dlisting HTTP/1.0 200 - python-swiftclient-3.11.1 gAAAAABpMs8T_x7v... - 2 - txa6517291a4904ee3bbd04-006932cf97 - 0.0114 - - 1764937623.519908428 1764937623.531328678 0
Dec 5 12:27:03 standalone object-server[127406]: 172.20.0.100 - - [05/Dec/2025:12:27:03 +0000] "GET /d1/571/AUTH_309271f2df0d4ef19f54b3a0cd07d8de/gnocchi.371f3f32-5765-4050-80d9-bb1a76bdc731/1764720000.0_mean_300.0_v3" 200 16 "GET http://172.18.0.2:8080/v1/AUTH_309271f2df0d4ef19f54b3a0cd07d8de/gnocchi.371f3f32-5765-4050-80d9-bb1a76bdc731/1764720000.0_mean_300.0_v3" "tx9492c4bd46a54f5f90060-006932cf97" "proxy-server 20" 0.0008 "-" 24 0
Dec 5 12:27:03 standalone proxy-server[129169]: 172.18.0.2 172.18.0.100 05/Dec/2025/12/27/03 GET /v1/AUTH_309271f2df0d4ef19f54b3a0cd07d8de/gnocchi.371f3f32-5765-4050-80d9-bb1a76bdc731/1764720000.0_mean_300.0_v3 HTTP/1.0 200 - python-swiftclient-3.11.1 gAAAAABpMs8T_x7v... - 16 - tx9492c4bd46a54f5f90060-006932cf97 - 0.0064 - - 1764937623.536620855 1764937623.543055058 0
Dec 5 12:27:03 standalone container-server[127218]: 172.20.0.100 - - [05/Dec/2025:12:27:03 +0000] "PUT /d1/317/AUTH_309271f2df0d4ef19f54b3a0cd07d8de/gnocchi.371f3f32-5765-4050-80d9-bb1a76bdc731/1764720000.0_mean_300.0_v3" 201 - "PUT http://172.18.0.2:8080/d1/571/AUTH_309271f2df0d4ef19f54b3a0cd07d8de/gnocchi.371f3f32-5765-4050-80d9-bb1a76bdc731/1764720000.0_mean_300.0_v3" "tx00355ce1bd754e8e8f4b7-006932cf97" "object-server 23" 0.0006 "-" 22 0
Dec 5 12:27:03 standalone object-server[127401]: 172.20.0.100 - - [05/Dec/2025:12:27:03 +0000] "PUT /d1/571/AUTH_309271f2df0d4ef19f54b3a0cd07d8de/gnocchi.371f3f32-5765-4050-80d9-bb1a76bdc731/1764720000.0_mean_300.0_v3" 201 - "PUT http://172.18.0.2:8080/v1/AUTH_309271f2df0d4ef19f54b3a0cd07d8de/gnocchi.371f3f32-5765-4050-80d9-bb1a76bdc731/1764720000.0_mean_300.0_v3" "tx00355ce1bd754e8e8f4b7-006932cf97" "proxy-server 20" 0.0101 "-" 23 0
Dec 5 12:27:03 standalone proxy-server[129169]: 172.18.0.2 172.18.0.100 05/Dec/2025/12/27/03 PUT /v1/AUTH_309271f2df0d4ef19f54b3a0cd07d8de/gnocchi.371f3f32-5765-4050-80d9-bb1a76bdc731/1764720000.0_mean_300.0_v3 HTTP/1.0 201 - python-swiftclient-3.11.1 gAAAAABpMs8T_x7v... 16 - - tx00355ce1bd754e8e8f4b7-006932cf97 - 0.0160 - - 1764937623.546545982 1764937623.562572718 0
Dec 5 12:27:03 standalone container-server[127218]: 172.20.0.100 - - [05/Dec/2025:12:27:03 +0000] "PUT /d1/317/AUTH_309271f2df0d4ef19f54b3a0cd07d8de/gnocchi.371f3f32-5765-4050-80d9-bb1a76bdc731/none_v3" 201 - "PUT http://172.18.0.2:8080/d1/332/AUTH_309271f2df0d4ef19f54b3a0cd07d8de/gnocchi.371f3f32-5765-4050-80d9-bb1a76bdc731/none_v3" "txfedaa01012e24f6fae4b7-006932cf97" "object-server 23" 0.0006 "-" 22 0
Dec 5 12:27:03 standalone object-server[127401]: 172.20.0.100 - - [05/Dec/2025:12:27:03 +0000] "PUT /d1/332/AUTH_309271f2df0d4ef19f54b3a0cd07d8de/gnocchi.371f3f32-5765-4050-80d9-bb1a76bdc731/none_v3" 201 - "PUT http://172.18.0.2:8080/v1/AUTH_309271f2df0d4ef19f54b3a0cd07d8de/gnocchi.371f3f32-5765-4050-80d9-bb1a76bdc731/none_v3" "txfedaa01012e24f6fae4b7-006932cf97" "proxy-server 20" 0.0107 "-" 23 0
Dec 5 12:27:03 standalone proxy-server[129169]: 172.18.0.2 172.18.0.100 05/Dec/2025/12/27/03 PUT /v1/AUTH_309271f2df0d4ef19f54b3a0cd07d8de/gnocchi.371f3f32-5765-4050-80d9-bb1a76bdc731/none_v3 HTTP/1.0 201 - python-swiftclient-3.11.1 gAAAAABpMs8T_x7v... 46 - - txfedaa01012e24f6fae4b7-006932cf97 - 0.0182 - - 1764937623.566339016 1764937623.584509850 0
Dec 5 12:27:04 standalone object-server[127406]: 172.20.0.100 - - [05/Dec/2025:12:27:04 +0000] "GET /d1/332/AUTH_309271f2df0d4ef19f54b3a0cd07d8de/gnocchi.371f3f32-5765-4050-80d9-bb1a76bdc731/none_v3" 200 46 "GET http://172.18.0.2:8080/v1/AUTH_309271f2df0d4ef19f54b3a0cd07d8de/gnocchi.371f3f32-5765-4050-80d9-bb1a76bdc731/none_v3" "tx9af6fd28011e431882b27-006932cf98" "proxy-server 20" 0.0016 "-" 24 0
Dec 5 12:27:04 standalone proxy-server[129169]: 172.18.0.2 172.18.0.100 05/Dec/2025/12/27/04 GET /v1/AUTH_309271f2df0d4ef19f54b3a0cd07d8de/gnocchi.371f3f32-5765-4050-80d9-bb1a76bdc731/none_v3 HTTP/1.0 200 - python-swiftclient-3.11.1 gAAAAABpMs8T_x7v... - 46 - tx9af6fd28011e431882b27-006932cf98 - 0.0081 - - 1764937624.312990665 1764937624.321131706 0
Dec 5 12:27:04 standalone container-server[127218]: 172.20.0.100 - - [05/Dec/2025:12:27:04 +0000] "GET /d1/317/AUTH_309271f2df0d4ef19f54b3a0cd07d8de/gnocchi.371f3f32-5765-4050-80d9-bb1a76bdc731" 200 357 "GET http://172.18.0.2:8080/v1/AUTH_309271f2df0d4ef19f54b3a0cd07d8de/gnocchi.371f3f32-5765-4050-80d9-bb1a76bdc731?format=json&states=listing" "tx2243e73fdb084291bad81-006932cf98" "proxy-server 20" 0.0109 "-" 22 0
Dec 5 12:27:04 standalone proxy-server[129169]: 172.18.0.2 172.18.0.100 05/Dec/2025/12/27/04 GET /v1/AUTH_309271f2df0d4ef19f54b3a0cd07d8de/gnocchi.371f3f32-5765-4050-80d9-bb1a76bdc731%3Fformat%3Djson%26states%3Dlisting HTTP/1.0 200 - python-swiftclient-3.11.1 gAAAAABpMs8T_x7v... - 357 - tx2243e73fdb084291bad81-006932cf98 - 0.0167 - - 1764937624.325700521 1764937624.342406988 0
Dec 5 12:27:04 standalone container-server[127218]: 172.20.0.100 - - [05/Dec/2025:12:27:04 +0000] "GET /d1/317/AUTH_309271f2df0d4ef19f54b3a0cd07d8de/gnocchi.371f3f32-5765-4050-80d9-bb1a76bdc731" 200 2 "GET http://172.18.0.2:8080/v1/AUTH_309271f2df0d4ef19f54b3a0cd07d8de/gnocchi.371f3f32-5765-4050-80d9-bb1a76bdc731?format=json&marker=none_v3&states=listing" "tx85ea104918334f878d1a4-006932cf98" "proxy-server 20" 0.0035 "-" 22 0
Dec 5 12:27:04 standalone proxy-server[129169]: 172.18.0.2 172.18.0.100 05/Dec/2025/12/27/04 GET /v1/AUTH_309271f2df0d4ef19f54b3a0cd07d8de/gnocchi.371f3f32-5765-4050-80d9-bb1a76bdc731%3Fformat%3Djson%26marker%3Dnone_v3%26states%3Dlisting HTTP/1.0 200 - python-swiftclient-3.11.1 gAAAAABpMs8T_x7v... - 2 - tx85ea104918334f878d1a4-006932cf98 - 0.0087 - - 1764937624.345949173 1764937624.354662418 0
Dec 5 12:27:04 standalone object-server[127406]: 172.20.0.100 - - [05/Dec/2025:12:27:04 +0000] "GET /d1/571/AUTH_309271f2df0d4ef19f54b3a0cd07d8de/gnocchi.371f3f32-5765-4050-80d9-bb1a76bdc731/1764720000.0_mean_300.0_v3" 200 16 "GET http://172.18.0.2:8080/v1/AUTH_309271f2df0d4ef19f54b3a0cd07d8de/gnocchi.371f3f32-5765-4050-80d9-bb1a76bdc731/1764720000.0_mean_300.0_v3" "tx9eaf5baac57d45b58bc5f-006932cf98" "proxy-server 20" 0.0011 "-" 24 0
Dec 5 12:27:04 standalone proxy-server[129169]: 172.18.0.2 172.18.0.100 05/Dec/2025/12/27/04 GET /v1/AUTH_309271f2df0d4ef19f54b3a0cd07d8de/gnocchi.371f3f32-5765-4050-80d9-bb1a76bdc731/1764720000.0_mean_300.0_v3 HTTP/1.0 200 - python-swiftclient-3.11.1 gAAAAABpMs8T_x7v... - 16 - tx9eaf5baac57d45b58bc5f-006932cf98 - 0.0064 - - 1764937624.358785868 1764937624.365181684 0
Dec 5 12:27:04 standalone container-server[127211]: 172.20.0.100 - - [05/Dec/2025:12:27:04 +0000] "PUT /d1/317/AUTH_309271f2df0d4ef19f54b3a0cd07d8de/gnocchi.371f3f32-5765-4050-80d9-bb1a76bdc731/1764720000.0_mean_300.0_v3" 201 - "PUT http://172.18.0.2:8080/d1/571/AUTH_309271f2df0d4ef19f54b3a0cd07d8de/gnocchi.371f3f32-5765-4050-80d9-bb1a76bdc731/1764720000.0_mean_300.0_v3" "txdd572fe3011343088a649-006932cf98" "object-server 22" 0.0009 "-" 21 0
Dec 5 12:27:04 standalone object-server[127388]: 172.20.0.100 - - [05/Dec/2025:12:27:04 +0000] "PUT /d1/571/AUTH_309271f2df0d4ef19f54b3a0cd07d8de/gnocchi.371f3f32-5765-4050-80d9-bb1a76bdc731/1764720000.0_mean_300.0_v3" 201 - "PUT http://172.18.0.2:8080/v1/AUTH_309271f2df0d4ef19f54b3a0cd07d8de/gnocchi.371f3f32-5765-4050-80d9-bb1a76bdc731/1764720000.0_mean_300.0_v3" "txdd572fe3011343088a649-006932cf98" "proxy-server 20" 0.0126 "-" 22 0
Dec 5 12:27:04 standalone proxy-server[129169]: 172.18.0.2 172.18.0.100 05/Dec/2025/12/27/04 PUT /v1/AUTH_309271f2df0d4ef19f54b3a0cd07d8de/gnocchi.371f3f32-5765-4050-80d9-bb1a76bdc731/1764720000.0_mean_300.0_v3 HTTP/1.0 201 - python-swiftclient-3.11.1 gAAAAABpMs8T_x7v... 16 - - txdd572fe3011343088a649-006932cf98 - 0.0174 - - 1764937624.368510008 1764937624.385870218 0
Dec 5 12:27:04 standalone container-server[127206]: 172.20.0.100 - - [05/Dec/2025:12:27:04 +0000] "PUT /d1/317/AUTH_309271f2df0d4ef19f54b3a0cd07d8de/gnocchi.371f3f32-5765-4050-80d9-bb1a76bdc731/none_v3" 201 - "PUT http://172.18.0.2:8080/d1/332/AUTH_309271f2df0d4ef19f54b3a0cd07d8de/gnocchi.371f3f32-5765-4050-80d9-bb1a76bdc731/none_v3" "txc0ea687a2b1a4ab18f020-006932cf98" "object-server 23" 0.0008 "-" 20 0
Dec 5 12:27:04 standalone object-server[127401]: 172.20.0.100 - - [05/Dec/2025:12:27:04 +0000] "PUT /d1/332/AUTH_309271f2df0d4ef19f54b3a0cd07d8de/gnocchi.371f3f32-5765-4050-80d9-bb1a76bdc731/none_v3" 201 - "PUT http://172.18.0.2:8080/v1/AUTH_309271f2df0d4ef19f54b3a0cd07d8de/gnocchi.371f3f32-5765-4050-80d9-bb1a76bdc731/none_v3" "txc0ea687a2b1a4ab18f020-006932cf98" "proxy-server 20" 0.0131 "-" 23 0
Dec 5 12:27:04 standalone proxy-server[129169]: 172.18.0.2 172.18.0.100 05/Dec/2025/12/27/04 PUT /v1/AUTH_309271f2df0d4ef19f54b3a0cd07d8de/gnocchi.371f3f32-5765-4050-80d9-bb1a76bdc731/none_v3 HTTP/1.0 201 - python-swiftclient-3.11.1 gAAAAABpMs8T_x7v... 51 - - txc0ea687a2b1a4ab18f020-006932cf98 - 0.0182 - - 1764937624.389469624 1764937624.407674551 0
Dec 5 12:27:06 standalone container-server[127206]: 172.20.0.100 - - [05/Dec/2025:12:27:06 +0000] "HEAD /d1/925/AUTH_309271f2df0d4ef19f54b3a0cd07d8de/gnocchi.b203f176-d758-484b-a17b-8fcef0989fb9" 404 - "HEAD http://172.18.0.2:8080/v1/AUTH_309271f2df0d4ef19f54b3a0cd07d8de/gnocchi.b203f176-d758-484b-a17b-8fcef0989fb9?format=json&states=listing" "tx6fcac39d2b774719af388-006932cf9a" "proxy-server 20" 0.0009 "-" 20 0
Dec 5 12:27:06 standalone object-server[127401]: 172.20.0.100 - - [05/Dec/2025:12:27:06 +0000] "GET /d1/714/AUTH_309271f2df0d4ef19f54b3a0cd07d8de/gnocchi.b203f176-d758-484b-a17b-8fcef0989fb9/none_v3" 404 70 "GET http://172.18.0.2:8080/v1/AUTH_309271f2df0d4ef19f54b3a0cd07d8de/gnocchi.b203f176-d758-484b-a17b-8fcef0989fb9/none_v3" "tx6fcac39d2b774719af388-006932cf9a" "proxy-server 20" 0.0006 "-" 23 0
Dec 5 12:27:06 standalone proxy-server[129169]: 172.18.0.2 172.18.0.100 05/Dec/2025/12/27/06 GET /v1/AUTH_309271f2df0d4ef19f54b3a0cd07d8de/gnocchi.b203f176-d758-484b-a17b-8fcef0989fb9/none_v3 HTTP/1.0 404 - python-swiftclient-3.11.1 gAAAAABpMs8T_x7v... - 70 - tx6fcac39d2b774719af388-006932cf9a - 0.0158 - - 1764937626.965936422 1764937626.981739759 0
Dec 5 12:27:07 standalone account-server[127040]: 172.20.0.100 - - [05/Dec/2025:12:27:07 +0000] "PUT /d1/849/AUTH_309271f2df0d4ef19f54b3a0cd07d8de/gnocchi.b203f176-d758-484b-a17b-8fcef0989fb9" 201 - "PUT http://172.20.0.100:6001/d1/925/AUTH_309271f2df0d4ef19f54b3a0cd07d8de/gnocchi.b203f176-d758-484b-a17b-8fcef0989fb9" "tx2b248d2c2b2246399c2dc-006932cf9a" "container-server 23" 0.0023 "-" 22 0
Dec 5 12:27:07 standalone container-server[127223]: 172.20.0.100 - - [05/Dec/2025:12:27:07 +0000] "PUT /d1/925/AUTH_309271f2df0d4ef19f54b3a0cd07d8de/gnocchi.b203f176-d758-484b-a17b-8fcef0989fb9" 201 - "PUT http://172.18.0.2:8080/v1/AUTH_309271f2df0d4ef19f54b3a0cd07d8de/gnocchi.b203f176-d758-484b-a17b-8fcef0989fb9" "tx2b248d2c2b2246399c2dc-006932cf9a" "proxy-server 20" 0.0154 "-" 23 0
Dec 5 12:27:07 standalone proxy-server[129169]: 172.18.0.2 172.18.0.100 05/Dec/2025/12/27/07 PUT /v1/AUTH_309271f2df0d4ef19f54b3a0cd07d8de/gnocchi.b203f176-d758-484b-a17b-8fcef0989fb9 HTTP/1.0 201 - python-swiftclient-3.11.1 gAAAAABpMs8T_x7v... - - - tx2b248d2c2b2246399c2dc-006932cf9a - 0.0219 - - 1764937626.985737562 1764937627.007649422 0
Dec 5 12:27:07 standalone container-server[127211]: 172.20.0.100 - - [05/Dec/2025:12:27:07 +0000] "HEAD /d1/925/AUTH_309271f2df0d4ef19f54b3a0cd07d8de/gnocchi.b203f176-d758-484b-a17b-8fcef0989fb9" 204 - "HEAD http://172.18.0.2:8080/v1/AUTH_309271f2df0d4ef19f54b3a0cd07d8de/gnocchi.b203f176-d758-484b-a17b-8fcef0989fb9?format=json&states=listing" "txb300ff8b837d4288ad210-006932cf9b" "proxy-server 20" 0.0024 "-" 21 0
Dec 5 12:27:07 standalone proxy-server[129169]: - - 05/Dec/2025/12/27/07 HEAD /v1/AUTH_309271f2df0d4ef19f54b3a0cd07d8de/gnocchi.b203f176-d758-484b-a17b-8fcef0989fb9%3Fformat%3Djson%26states%3Dlisting HTTP/1.0 204 - Swift - - - - txb300ff8b837d4288ad210-006932cf9b - 0.0073 RL - 1764937627.013715267 1764937627.020967484 0
Dec 5 12:27:07 standalone container-server[127211]: 172.20.0.100 - - [05/Dec/2025:12:27:07 +0000] "GET /d1/925/AUTH_309271f2df0d4ef19f54b3a0cd07d8de/gnocchi.b203f176-d758-484b-a17b-8fcef0989fb9" 200 2 "GET http://172.18.0.2:8080/v1/AUTH_309271f2df0d4ef19f54b3a0cd07d8de/gnocchi.b203f176-d758-484b-a17b-8fcef0989fb9?format=json&states=listing" "txb300ff8b837d4288ad210-006932cf9b" "proxy-server 20" 0.0032 "-" 21 0
Dec 5 12:27:07 standalone proxy-server[129169]: 172.18.0.2 172.18.0.100 05/Dec/2025/12/27/07 GET /v1/AUTH_309271f2df0d4ef19f54b3a0cd07d8de/gnocchi.b203f176-d758-484b-a17b-8fcef0989fb9%3Fformat%3Djson%26states%3Dlisting HTTP/1.0 200 - python-swiftclient-3.11.1 gAAAAABpMs8T_x7v... - 2 - txb300ff8b837d4288ad210-006932cf9b - 0.0195 - - 1764937627.012245655 1764937627.031750202 0
Dec 5 12:27:07 standalone object-server[127388]: 172.20.0.100 - - [05/Dec/2025:12:27:07 +0000] "GET /d1/59/AUTH_309271f2df0d4ef19f54b3a0cd07d8de/gnocchi.b203f176-d758-484b-a17b-8fcef0989fb9/1764720000.0_mean_300.0_v3" 404 70 "GET http://172.18.0.2:8080/v1/AUTH_309271f2df0d4ef19f54b3a0cd07d8de/gnocchi.b203f176-d758-484b-a17b-8fcef0989fb9/1764720000.0_mean_300.0_v3" "txb2575c72b6184cc2b43c8-006932cf9b" "proxy-server 20" 0.0006 "-" 22 0
Dec 5 12:27:07 standalone proxy-server[129169]: 172.18.0.2 172.18.0.100 05/Dec/2025/12/27/07 GET /v1/AUTH_309271f2df0d4ef19f54b3a0cd07d8de/gnocchi.b203f176-d758-484b-a17b-8fcef0989fb9/1764720000.0_mean_300.0_v3 HTTP/1.0 404 - python-swiftclient-3.11.1 gAAAAABpMs8T_x7v... - 70 - txb2575c72b6184cc2b43c8-006932cf9b - 0.0128 - - 1764937627.036252260 1764937627.049031496 0
Dec 5 12:27:07 standalone container-server[127206]: 172.20.0.100 - - [05/Dec/2025:12:27:07 +0000] "PUT /d1/925/AUTH_309271f2df0d4ef19f54b3a0cd07d8de/gnocchi.b203f176-d758-484b-a17b-8fcef0989fb9/1764720000.0_mean_300.0_v3" 201 - "PUT http://172.18.0.2:8080/d1/59/AUTH_309271f2df0d4ef19f54b3a0cd07d8de/gnocchi.b203f176-d758-484b-a17b-8fcef0989fb9/1764720000.0_mean_300.0_v3" "tx38cd3312c9ca47dea50df-006932cf9b" "object-server 25" 0.0011 "-" 20 0
Dec 5 12:27:07 standalone object-server[127411]: 172.20.0.100 - - [05/Dec/2025:12:27:07 +0000] "PUT /d1/59/AUTH_309271f2df0d4ef19f54b3a0cd07d8de/gnocchi.b203f176-d758-484b-a17b-8fcef0989fb9/1764720000.0_mean_300.0_v3" 201 - "PUT http://172.18.0.2:8080/v1/AUTH_309271f2df0d4ef19f54b3a0cd07d8de/gnocchi.b203f176-d758-484b-a17b-8fcef0989fb9/1764720000.0_mean_300.0_v3" "tx38cd3312c9ca47dea50df-006932cf9b" "proxy-server 20" 0.0129 "-" 25 0
Dec 5 12:27:07 standalone proxy-server[129169]: 172.18.0.2 172.18.0.100 05/Dec/2025/12/27/07 PUT /v1/AUTH_309271f2df0d4ef19f54b3a0cd07d8de/gnocchi.b203f176-d758-484b-a17b-8fcef0989fb9/1764720000.0_mean_300.0_v3 HTTP/1.0 201 - python-swiftclient-3.11.1 gAAAAABpMs8T_x7v... 16 - - tx38cd3312c9ca47dea50df-006932cf9b - 0.0207 - - 1764937627.052857876 1764937627.073530912 0
Dec 5 12:27:07 standalone container-server[127223]: 172.20.0.100 - - [05/Dec/2025:12:27:07 +0000] "PUT /d1/925/AUTH_309271f2df0d4ef19f54b3a0cd07d8de/gnocchi.b203f176-d758-484b-a17b-8fcef0989fb9/none_v3" 201 - "PUT http://172.18.0.2:8080/d1/714/AUTH_309271f2df0d4ef19f54b3a0cd07d8de/gnocchi.b203f176-d758-484b-a17b-8fcef0989fb9/none_v3" "tx739caa9560774d4eaba80-006932cf9b" "object-server 25" 0.0008 "-" 23 0
Dec 5 12:27:07 standalone object-server[127411]: 172.20.0.100 - - [05/Dec/2025:12:27:07 +0000] "PUT /d1/714/AUTH_309271f2df0d4ef19f54b3a0cd07d8de/gnocchi.b203f176-d758-484b-a17b-8fcef0989fb9/none_v3" 201 - "PUT http://172.18.0.2:8080/v1/AUTH_309271f2df0d4ef19f54b3a0cd07d8de/gnocchi.b203f176-d758-484b-a17b-8fcef0989fb9/none_v3" "tx739caa9560774d4eaba80-006932cf9b" "proxy-server 20" 0.0142 "-" 25 0
Dec 5 12:27:07 standalone proxy-server[129169]: 172.18.0.2 172.18.0.100 05/Dec/2025/12/27/07 PUT /v1/AUTH_309271f2df0d4ef19f54b3a0cd07d8de/gnocchi.b203f176-d758-484b-a17b-8fcef0989fb9/none_v3 HTTP/1.0 201 - python-swiftclient-3.11.1 gAAAAABpMs8T_x7v... 22 - - tx739caa9560774d4eaba80-006932cf9b - 0.0213 - - 1764937627.077048779 1764937627.098347425 0
Dec 5 12:27:07 standalone container-server[127223]: 172.20.0.100 - - [05/Dec/2025:12:27:07 +0000] "HEAD /d1/484/AUTH_309271f2df0d4ef19f54b3a0cd07d8de/gnocchi.c19f57a3-b51f-4187-95f4-44b17509345e" 404 - "HEAD http://172.18.0.2:8080/v1/AUTH_309271f2df0d4ef19f54b3a0cd07d8de/gnocchi.c19f57a3-b51f-4187-95f4-44b17509345e?format=json&states=listing" "txeb0cdecb3fba4a19b23b5-006932cf9b" "proxy-server 20" 0.0005 "-" 23 0
Dec 5 12:27:07 standalone object-server[127401]: 172.20.0.100 - - [05/Dec/2025:12:27:07 +0000] "GET /d1/792/AUTH_309271f2df0d4ef19f54b3a0cd07d8de/gnocchi.c19f57a3-b51f-4187-95f4-44b17509345e/none_v3" 404 70 "GET http://172.18.0.2:8080/v1/AUTH_309271f2df0d4ef19f54b3a0cd07d8de/gnocchi.c19f57a3-b51f-4187-95f4-44b17509345e/none_v3" "txeb0cdecb3fba4a19b23b5-006932cf9b" "proxy-server 20" 0.0006 "-" 23 0
Dec 5 12:27:07 standalone proxy-server[129169]: 172.18.0.2 172.18.0.100 05/Dec/2025/12/27/07 GET /v1/AUTH_309271f2df0d4ef19f54b3a0cd07d8de/gnocchi.c19f57a3-b51f-4187-95f4-44b17509345e/none_v3 HTTP/1.0 404 - python-swiftclient-3.11.1 gAAAAABpMs8T_x7v... - 70 - txeb0cdecb3fba4a19b23b5-006932cf9b - 0.0121 - - 1764937627.107544661 1764937627.119630575 0
Dec 5 12:27:07 standalone account-server[127018]: 172.20.0.100 - - [05/Dec/2025:12:27:07 +0000] "PUT /d1/849/AUTH_309271f2df0d4ef19f54b3a0cd07d8de/gnocchi.c19f57a3-b51f-4187-95f4-44b17509345e" 201 - "PUT http://172.20.0.100:6001/d1/484/AUTH_309271f2df0d4ef19f54b3a0cd07d8de/gnocchi.c19f57a3-b51f-4187-95f4-44b17509345e" "tx8e040403db6041978bc40-006932cf9b" "container-server 23" 0.0056 "-" 21 0
Dec 5 12:27:07 standalone container-server[127223]: 172.20.0.100 - - [05/Dec/2025:12:27:07 +0000] "PUT /d1/484/AUTH_309271f2df0d4ef19f54b3a0cd07d8de/gnocchi.c19f57a3-b51f-4187-95f4-44b17509345e" 201 - "PUT http://172.18.0.2:8080/v1/AUTH_309271f2df0d4ef19f54b3a0cd07d8de/gnocchi.c19f57a3-b51f-4187-95f4-44b17509345e" "tx8e040403db6041978bc40-006932cf9b" "proxy-server 20" 0.0203 "-" 23 0
Dec 5 12:27:07 standalone proxy-server[129169]: 172.18.0.2 172.18.0.100 05/Dec/2025/12/27/07 PUT /v1/AUTH_309271f2df0d4ef19f54b3a0cd07d8de/gnocchi.c19f57a3-b51f-4187-95f4-44b17509345e HTTP/1.0 201 - python-swiftclient-3.11.1 gAAAAABpMs8T_x7v... - - - tx8e040403db6041978bc40-006932cf9b - 0.0268 - - 1764937627.122366667 1764937627.149125099 0
Dec 5 12:27:07 standalone container-server[127218]: 172.20.0.100 - - [05/Dec/2025:12:27:07 +0000] "HEAD /d1/484/AUTH_309271f2df0d4ef19f54b3a0cd07d8de/gnocchi.c19f57a3-b51f-4187-95f4-44b17509345e" 204 - "HEAD http://172.18.0.2:8080/v1/AUTH_309271f2df0d4ef19f54b3a0cd07d8de/gnocchi.c19f57a3-b51f-4187-95f4-44b17509345e?format=json&states=listing" "tx25984439ede44c2bb485c-006932cf9b" "proxy-server 20" 0.0029 "-" 22 0
Dec 5 12:27:07 standalone proxy-server[129169]: - - 05/Dec/2025/12/27/07 HEAD /v1/AUTH_309271f2df0d4ef19f54b3a0cd07d8de/gnocchi.c19f57a3-b51f-4187-95f4-44b17509345e%3Fformat%3Djson%26states%3Dlisting HTTP/1.0 204 - Swift - - - - tx25984439ede44c2bb485c-006932cf9b - 0.0091 RL - 1764937627.156133652 1764937627.165230989 0
Dec 5 12:27:07 standalone container-server[127218]: 172.20.0.100 - - [05/Dec/2025:12:27:07 +0000] "GET /d1/484/AUTH_309271f2df0d4ef19f54b3a0cd07d8de/gnocchi.c19f57a3-b51f-4187-95f4-44b17509345e" 200 2 "GET http://172.18.0.2:8080/v1/AUTH_309271f2df0d4ef19f54b3a0cd07d8de/gnocchi.c19f57a3-b51f-4187-95f4-44b17509345e?format=json&states=listing" "tx25984439ede44c2bb485c-006932cf9b" "proxy-server 20" 0.0049 "-" 22 0
Dec 5 12:27:07 standalone proxy-server[129169]: 172.18.0.2 172.18.0.100 05/Dec/2025/12/27/07 GET /v1/AUTH_309271f2df0d4ef19f54b3a0cd07d8de/gnocchi.c19f57a3-b51f-4187-95f4-44b17509345e%3Fformat%3Djson%26states%3Dlisting HTTP/1.0 200 - python-swiftclient-3.11.1 gAAAAABpMs8T_x7v... - 2 - tx25984439ede44c2bb485c-006932cf9b - 0.0243 - - 1764937627.154811859 1764937627.179151773 0
Dec 5 12:27:07 standalone object-server[127401]: 172.20.0.100 - - [05/Dec/2025:12:27:07 +0000] "GET /d1/270/AUTH_309271f2df0d4ef19f54b3a0cd07d8de/gnocchi.c19f57a3-b51f-4187-95f4-44b17509345e/1764720000.0_mean_300.0_v3" 404 70 "GET http://172.18.0.2:8080/v1/AUTH_309271f2df0d4ef19f54b3a0cd07d8de/gnocchi.c19f57a3-b51f-4187-95f4-44b17509345e/1764720000.0_mean_300.0_v3" "tx830f3e4c63084d0c8b559-006932cf9b" "proxy-server 20" 0.0013 "-" 23 0
Dec 5 12:27:07 standalone proxy-server[129169]: 172.18.0.2 172.18.0.100 05/Dec/2025/12/27/07 GET /v1/AUTH_309271f2df0d4ef19f54b3a0cd07d8de/gnocchi.c19f57a3-b51f-4187-95f4-44b17509345e/1764720000.0_mean_300.0_v3 HTTP/1.0 404 - python-swiftclient-3.11.1 gAAAAABpMs8T_x7v... - 70 - tx830f3e4c63084d0c8b559-006932cf9b - 0.0106 - - 1764937627.185145378 1764937627.195792437 0
Dec 5 12:27:07 standalone container-server[127223]: 172.20.0.100 - - [05/Dec/2025:12:27:07 +0000] "PUT /d1/484/AUTH_309271f2df0d4ef19f54b3a0cd07d8de/gnocchi.c19f57a3-b51f-4187-95f4-44b17509345e/1764720000.0_mean_300.0_v3" 201 - "PUT http://172.18.0.2:8080/d1/270/AUTH_309271f2df0d4ef19f54b3a0cd07d8de/gnocchi.c19f57a3-b51f-4187-95f4-44b17509345e/1764720000.0_mean_300.0_v3" "tx7decfec2c0d5494c9bf3d-006932cf9b" "object-server 22" 0.0008 "-" 23 0
Dec 5 12:27:07 standalone object-server[127388]: 172.20.0.100 - - [05/Dec/2025:12:27:07 +0000] "PUT /d1/270/AUTH_309271f2df0d4ef19f54b3a0cd07d8de/gnocchi.c19f57a3-b51f-4187-95f4-44b17509345e/1764720000.0_mean_300.0_v3" 201 - "PUT http://172.18.0.2:8080/v1/AUTH_309271f2df0d4ef19f54b3a0cd07d8de/gnocchi.c19f57a3-b51f-4187-95f4-44b17509345e/1764720000.0_mean_300.0_v3" "tx7decfec2c0d5494c9bf3d-006932cf9b" "proxy-server 20" 0.0138 "-" 22 0
Dec 5 12:27:07 standalone proxy-server[129169]: 172.18.0.2 172.18.0.100 05/Dec/2025/12/27/07 PUT /v1/AUTH_309271f2df0d4ef19f54b3a0cd07d8de/gnocchi.c19f57a3-b51f-4187-95f4-44b17509345e/1764720000.0_mean_300.0_v3 HTTP/1.0 201 - python-swiftclient-3.11.1 gAAAAABpMs8T_x7v... 16 - - tx7decfec2c0d5494c9bf3d-006932cf9b - 0.0212 - - 1764937627.199686050 1764937627.220842838 0
Dec 5 12:27:07 standalone container-server[127223]: 172.20.0.100 - - [05/Dec/2025:12:27:07 +0000] "PUT /d1/484/AUTH_309271f2df0d4ef19f54b3a0cd07d8de/gnocchi.c19f57a3-b51f-4187-95f4-44b17509345e/none_v3" 201 - "PUT http://172.18.0.2:8080/d1/792/AUTH_309271f2df0d4ef19f54b3a0cd07d8de/gnocchi.c19f57a3-b51f-4187-95f4-44b17509345e/none_v3" "txee9302f2c1cf4b2cbf41e-006932cf9b" "object-server 22" 0.0006 "-" 23 0
Dec 5 12:27:07 standalone object-server[127388]: 172.20.0.100 - - [05/Dec/2025:12:27:07 +0000] "PUT /d1/792/AUTH_309271f2df0d4ef19f54b3a0cd07d8de/gnocchi.c19f57a3-b51f-4187-95f4-44b17509345e/none_v3" 201 - "PUT http://172.18.0.2:8080/v1/AUTH_309271f2df0d4ef19f54b3a0cd07d8de/gnocchi.c19f57a3-b51f-4187-95f4-44b17509345e/none_v3" "txee9302f2c1cf4b2cbf41e-006932cf9b" "proxy-server 20" 0.0098 "-" 22 0
Dec 5 12:27:07 standalone proxy-server[129169]: 172.18.0.2 172.18.0.100 05/Dec/2025/12/27/07 PUT /v1/AUTH_309271f2df0d4ef19f54b3a0cd07d8de/gnocchi.c19f57a3-b51f-4187-95f4-44b17509345e/none_v3 HTTP/1.0 201 - python-swiftclient-3.11.1 gAAAAABpMs8T_x7v... 22 - - txee9302f2c1cf4b2cbf41e-006932cf9b - 0.0176 - - 1764937627.224492311 1764937627.242042780 0
Dec 5 12:27:07 standalone container-server[127211]: 172.20.0.100 - - [05/Dec/2025:12:27:07 +0000] "HEAD /d1/784/AUTH_309271f2df0d4ef19f54b3a0cd07d8de/gnocchi.b8fbcd3e-f541-4a49-825a-cdfe0d92043e" 404 - "HEAD http://172.18.0.2:8080/v1/AUTH_309271f2df0d4ef19f54b3a0cd07d8de/gnocchi.b8fbcd3e-f541-4a49-825a-cdfe0d92043e?format=json&states=listing" "txd217cf6369024c5587de9-006932cf9b" "proxy-server 20" 0.0008 "-" 21 0
Dec 5 12:27:07 standalone object-server[127411]: 172.20.0.100 - - [05/Dec/2025:12:27:07 +0000] "GET /d1/122/AUTH_309271f2df0d4ef19f54b3a0cd07d8de/gnocchi.b8fbcd3e-f541-4a49-825a-cdfe0d92043e/none_v3" 404 70 "GET http://172.18.0.2:8080/v1/AUTH_309271f2df0d4ef19f54b3a0cd07d8de/gnocchi.b8fbcd3e-f541-4a49-825a-cdfe0d92043e/none_v3" "txd217cf6369024c5587de9-006932cf9b" "proxy-server 20" 0.0007 "-" 25 0
Dec 5 12:27:07 standalone proxy-server[129169]: 172.18.0.2 172.18.0.100 05/Dec/2025/12/27/07 GET /v1/AUTH_309271f2df0d4ef19f54b3a0cd07d8de/gnocchi.b8fbcd3e-f541-4a49-825a-cdfe0d92043e/none_v3 HTTP/1.0 404 - python-swiftclient-3.11.1 gAAAAABpMs8T_x7v... - 70 - txd217cf6369024c5587de9-006932cf9b - 0.0133 - - 1764937627.255154371 1764937627.268423080 0
Dec 5 12:27:07 standalone account-server[127018]: 172.20.0.100 - - [05/Dec/2025:12:27:07 +0000] "PUT /d1/849/AUTH_309271f2df0d4ef19f54b3a0cd07d8de/gnocchi.b8fbcd3e-f541-4a49-825a-cdfe0d92043e" 201 - "PUT http://172.20.0.100:6001/d1/784/AUTH_309271f2df0d4ef19f54b3a0cd07d8de/gnocchi.b8fbcd3e-f541-4a49-825a-cdfe0d92043e" "txba8af33a27bf4b9c9e2f7-006932cf9b" "container-server 23" 0.0058 "-" 21 0
Dec 5 12:27:07 standalone container-server[127223]: 172.20.0.100 - - [05/Dec/2025:12:27:07 +0000] "PUT /d1/784/AUTH_309271f2df0d4ef19f54b3a0cd07d8de/gnocchi.b8fbcd3e-f541-4a49-825a-cdfe0d92043e" 201 - "PUT http://172.18.0.2:8080/v1/AUTH_309271f2df0d4ef19f54b3a0cd07d8de/gnocchi.b8fbcd3e-f541-4a49-825a-cdfe0d92043e" "txba8af33a27bf4b9c9e2f7-006932cf9b" "proxy-server 20" 0.0211 "-" 23 0
Dec 5 12:27:07 standalone proxy-server[129169]: 172.18.0.2 172.18.0.100 05/Dec/2025/12/27/07 PUT /v1/AUTH_309271f2df0d4ef19f54b3a0cd07d8de/gnocchi.b8fbcd3e-f541-4a49-825a-cdfe0d92043e HTTP/1.0 201 - python-swiftclient-3.11.1 gAAAAABpMs8T_x7v... - - - txba8af33a27bf4b9c9e2f7-006932cf9b - 0.0276 - - 1764937627.271670341 1764937627.299224377 0
Dec 5 12:27:07 standalone container-server[127206]: 172.20.0.100 - - [05/Dec/2025:12:27:07 +0000] "HEAD /d1/784/AUTH_309271f2df0d4ef19f54b3a0cd07d8de/gnocchi.b8fbcd3e-f541-4a49-825a-cdfe0d92043e" 204 - "HEAD http://172.18.0.2:8080/v1/AUTH_309271f2df0d4ef19f54b3a0cd07d8de/gnocchi.b8fbcd3e-f541-4a49-825a-cdfe0d92043e?format=json&states=listing" "txbe31e58818c842e9a6166-006932cf9b" "proxy-server 20" 0.0017 "-" 20 0
Dec 5 12:27:07 standalone proxy-server[129169]: - - 05/Dec/2025/12/27/07 HEAD /v1/AUTH_309271f2df0d4ef19f54b3a0cd07d8de/gnocchi.b8fbcd3e-f541-4a49-825a-cdfe0d92043e%3Fformat%3Djson%26states%3Dlisting HTTP/1.0 204 - Swift - - - - txbe31e58818c842e9a6166-006932cf9b - 0.0058 RL - 1764937627.305128813 1764937627.310910940 0
