Dec 5 12:27:51 standalone container-server[127223]: 172.20.0.100 - - [05/Dec/2025:12:27:51 +0000] "HEAD /d1/941/AUTH_309271f2df0d4ef19f54b3a0cd07d8de/gnocchi.e3c95e4c-134e-4003-af9c-dc238205f619" 204 - "HEAD http://172.18.0.2:8080/v1/AUTH_309271f2df0d4ef19f54b3a0cd07d8de/gnocchi.e3c95e4c-134e-4003-af9c-dc238205f619?format=json&states=listing" "txa4e8fcbbd7724472996f7-006932cfc7" "proxy-server 20" 0.0008 "-" 23 0
Dec 5 12:27:51 standalone proxy-server[129169]: - - 05/Dec/2025/12/27/51 HEAD /v1/AUTH_309271f2df0d4ef19f54b3a0cd07d8de/gnocchi.e3c95e4c-134e-4003-af9c-dc238205f619%3Fformat%3Djson%26states%3Dlisting HTTP/1.0 204 - Swift - - - - txa4e8fcbbd7724472996f7-006932cfc7 - 0.0046 RL - 1764937671.704488039 1764937671.709112883 0
Dec 5 12:27:51 standalone container-server[127218]: 172.20.0.100 - - [05/Dec/2025:12:27:51 +0000] "GET /d1/941/AUTH_309271f2df0d4ef19f54b3a0cd07d8de/gnocchi.e3c95e4c-134e-4003-af9c-dc238205f619" 200 2 "GET http://172.18.0.2:8080/v1/AUTH_309271f2df0d4ef19f54b3a0cd07d8de/gnocchi.e3c95e4c-134e-4003-af9c-dc238205f619?format=json&states=listing" "txa4e8fcbbd7724472996f7-006932cfc7" "proxy-server 20" 0.0015 "-" 22 0
Dec 5 12:27:51 standalone proxy-server[129169]: 172.18.0.2 172.18.0.100 05/Dec/2025/12/27/51 GET /v1/AUTH_309271f2df0d4ef19f54b3a0cd07d8de/gnocchi.e3c95e4c-134e-4003-af9c-dc238205f619%3Fformat%3Djson%26states%3Dlisting HTTP/1.0 200 - python-swiftclient-3.11.1 gAAAAABpMs8T_x7v... - 2 - txa4e8fcbbd7724472996f7-006932cfc7 - 0.0180 - - 1764937671.702836275 1764937671.720866442 0
Dec 5 12:27:51 standalone object-server[127401]: 172.20.0.100 - - [05/Dec/2025:12:27:51 +0000] "GET /d1/382/AUTH_309271f2df0d4ef19f54b3a0cd07d8de/gnocchi.5ce8a011-05a6-492a-b294-94dc13496d19/1764720000.0_mean_300.0_v3" 404 70 "GET http://172.18.0.2:8080/v1/AUTH_309271f2df0d4ef19f54b3a0cd07d8de/gnocchi.5ce8a011-05a6-492a-b294-94dc13496d19/1764720000.0_mean_300.0_v3" "tx9a4b2d7226244936b6c40-006932cfc7" "proxy-server 20" 0.0007 "-" 23 0
Dec 5 12:27:51 standalone proxy-server[129169]: 172.18.0.2 172.18.0.100 05/Dec/2025/12/27/51 GET /v1/AUTH_309271f2df0d4ef19f54b3a0cd07d8de/gnocchi.5ce8a011-05a6-492a-b294-94dc13496d19/1764720000.0_mean_300.0_v3 HTTP/1.0 404 - python-swiftclient-3.11.1 gAAAAABpMs8T_x7v... - 70 - tx9a4b2d7226244936b6c40-006932cfc7 - 0.0094 - - 1764937671.728105783 1764937671.737459898 0
Dec 5 12:27:51 standalone object-server[127411]: 172.20.0.100 - - [05/Dec/2025:12:27:51 +0000] "GET /d1/540/AUTH_309271f2df0d4ef19f54b3a0cd07d8de/gnocchi.e3c95e4c-134e-4003-af9c-dc238205f619/1764720000.0_mean_300.0_v3" 404 70 "GET http://172.18.0.2:8080/v1/AUTH_309271f2df0d4ef19f54b3a0cd07d8de/gnocchi.e3c95e4c-134e-4003-af9c-dc238205f619/1764720000.0_mean_300.0_v3" "tx4236251ecc8f410181035-006932cfc7" "proxy-server 20" 0.0005 "-" 25 0
Dec 5 12:27:51 standalone proxy-server[129169]: 172.18.0.2 172.18.0.100 05/Dec/2025/12/27/51 GET /v1/AUTH_309271f2df0d4ef19f54b3a0cd07d8de/gnocchi.e3c95e4c-134e-4003-af9c-dc238205f619/1764720000.0_mean_300.0_v3 HTTP/1.0 404 - python-swiftclient-3.11.1 gAAAAABpMs8T_x7v... - 70 - tx4236251ecc8f410181035-006932cfc7 - 0.0109 - - 1764937671.741481304 1764937671.752377748 0
Dec 5 12:27:51 standalone container-server[127218]: 172.20.0.100 - - [05/Dec/2025:12:27:51 +0000] "PUT /d1/527/AUTH_309271f2df0d4ef19f54b3a0cd07d8de/gnocchi.5ce8a011-05a6-492a-b294-94dc13496d19/1764720000.0_mean_300.0_v3" 201 - "PUT http://172.18.0.2:8080/d1/382/AUTH_309271f2df0d4ef19f54b3a0cd07d8de/gnocchi.5ce8a011-05a6-492a-b294-94dc13496d19/1764720000.0_mean_300.0_v3" "tx743ad775bd6a444d9da6f-006932cfc7" "object-server 24" 0.0008 "-" 22 0
Dec 5 12:27:51 standalone object-server[127406]: 172.20.0.100 - - [05/Dec/2025:12:27:51 +0000] "PUT /d1/382/AUTH_309271f2df0d4ef19f54b3a0cd07d8de/gnocchi.5ce8a011-05a6-492a-b294-94dc13496d19/1764720000.0_mean_300.0_v3" 201 - "PUT http://172.18.0.2:8080/v1/AUTH_309271f2df0d4ef19f54b3a0cd07d8de/gnocchi.5ce8a011-05a6-492a-b294-94dc13496d19/1764720000.0_mean_300.0_v3" "tx743ad775bd6a444d9da6f-006932cfc7" "proxy-server 20" 0.0095 "-" 24 0
Dec 5 12:27:51 standalone proxy-server[129169]: 172.18.0.2 172.18.0.100 05/Dec/2025/12/27/51 PUT /v1/AUTH_309271f2df0d4ef19f54b3a0cd07d8de/gnocchi.5ce8a011-05a6-492a-b294-94dc13496d19/1764720000.0_mean_300.0_v3 HTTP/1.0 201 - python-swiftclient-3.11.1 gAAAAABpMs8T_x7v... 16 - - tx743ad775bd6a444d9da6f-006932cfc7 - 0.0175 - - 1764937671.756475210 1764937671.773953199 0
Dec 5 12:27:51 standalone container-server[127218]: 172.20.0.100 - - [05/Dec/2025:12:27:51 +0000] "PUT /d1/941/AUTH_309271f2df0d4ef19f54b3a0cd07d8de/gnocchi.e3c95e4c-134e-4003-af9c-dc238205f619/1764720000.0_mean_300.0_v3" 201 - "PUT http://172.18.0.2:8080/d1/540/AUTH_309271f2df0d4ef19f54b3a0cd07d8de/gnocchi.e3c95e4c-134e-4003-af9c-dc238205f619/1764720000.0_mean_300.0_v3" "txfb43ac22e83147d888084-006932cfc7" "object-server 24" 0.0007 "-" 22 0
Dec 5 12:27:51 standalone object-server[127406]: 172.20.0.100 - - [05/Dec/2025:12:27:51 +0000] "PUT /d1/540/AUTH_309271f2df0d4ef19f54b3a0cd07d8de/gnocchi.e3c95e4c-134e-4003-af9c-dc238205f619/1764720000.0_mean_300.0_v3" 201 - "PUT http://172.18.0.2:8080/v1/AUTH_309271f2df0d4ef19f54b3a0cd07d8de/gnocchi.e3c95e4c-134e-4003-af9c-dc238205f619/1764720000.0_mean_300.0_v3" "txfb43ac22e83147d888084-006932cfc7" "proxy-server 20" 0.0447 "-" 24 0
Dec 5 12:27:51 standalone proxy-server[129169]: 172.18.0.2 172.18.0.100 05/Dec/2025/12/27/51 PUT /v1/AUTH_309271f2df0d4ef19f54b3a0cd07d8de/gnocchi.e3c95e4c-134e-4003-af9c-dc238205f619/1764720000.0_mean_300.0_v3 HTTP/1.0 201 - python-swiftclient-3.11.1 gAAAAABpMs8T_x7v... 16 - - txfb43ac22e83147d888084-006932cfc7 - 0.0525 - - 1764937671.779495716 1764937671.832000732 0
Dec 5 12:27:51 standalone container-server[127223]: 172.20.0.100 - - [05/Dec/2025:12:27:51 +0000] "PUT /d1/527/AUTH_309271f2df0d4ef19f54b3a0cd07d8de/gnocchi.5ce8a011-05a6-492a-b294-94dc13496d19/none_v3" 201 - "PUT http://172.18.0.2:8080/d1/371/AUTH_309271f2df0d4ef19f54b3a0cd07d8de/gnocchi.5ce8a011-05a6-492a-b294-94dc13496d19/none_v3" "txb26daa2a38494a0093306-006932cfc7" "object-server 24" 0.0007 "-" 23 0
Dec 5 12:27:51 standalone object-server[127406]: 172.20.0.100 - - [05/Dec/2025:12:27:51 +0000] "PUT /d1/371/AUTH_309271f2df0d4ef19f54b3a0cd07d8de/gnocchi.5ce8a011-05a6-492a-b294-94dc13496d19/none_v3" 201 - "PUT http://172.18.0.2:8080/v1/AUTH_309271f2df0d4ef19f54b3a0cd07d8de/gnocchi.5ce8a011-05a6-492a-b294-94dc13496d19/none_v3" "txb26daa2a38494a0093306-006932cfc7" "proxy-server 20" 0.0093 "-" 24 0
Dec 5 12:27:51 standalone proxy-server[129169]: 172.18.0.2 172.18.0.100 05/Dec/2025/12/27/51 PUT /v1/AUTH_309271f2df0d4ef19f54b3a0cd07d8de/gnocchi.5ce8a011-05a6-492a-b294-94dc13496d19/none_v3 HTTP/1.0 201 - python-swiftclient-3.11.1 gAAAAABpMs8T_x7v... 22 - - txb26daa2a38494a0093306-006932cfc7 - 0.0178 - - 1764937671.835310698 1764937671.853068113 0
Dec 5 12:27:51 standalone container-server[127206]: 172.20.0.100 - - [05/Dec/2025:12:27:51 +0000] "PUT /d1/941/AUTH_309271f2df0d4ef19f54b3a0cd07d8de/gnocchi.e3c95e4c-134e-4003-af9c-dc238205f619/none_v3" 201 - "PUT http://172.18.0.2:8080/d1/547/AUTH_309271f2df0d4ef19f54b3a0cd07d8de/gnocchi.e3c95e4c-134e-4003-af9c-dc238205f619/none_v3" "txb54a04aa71de474181528-006932cfc7" "object-server 23" 0.0006 "-" 20 0
Dec 5 12:27:51 standalone object-server[127401]: 172.20.0.100 - - [05/Dec/2025:12:27:51 +0000] "PUT /d1/547/AUTH_309271f2df0d4ef19f54b3a0cd07d8de/gnocchi.e3c95e4c-134e-4003-af9c-dc238205f619/none_v3" 201 - "PUT http://172.18.0.2:8080/v1/AUTH_309271f2df0d4ef19f54b3a0cd07d8de/gnocchi.e3c95e4c-134e-4003-af9c-dc238205f619/none_v3" "txb54a04aa71de474181528-006932cfc7" "proxy-server 20" 0.0125 "-" 23 0
Dec 5 12:27:51 standalone proxy-server[129169]: 172.18.0.2 172.18.0.100 05/Dec/2025/12/27/51 PUT /v1/AUTH_309271f2df0d4ef19f54b3a0cd07d8de/gnocchi.e3c95e4c-134e-4003-af9c-dc238205f619/none_v3 HTTP/1.0 201 - python-swiftclient-3.11.1 gAAAAABpMs8T_x7v... 22 - - txb54a04aa71de474181528-006932cfc7 - 0.0214 - - 1764937671.856811047 1764937671.878240108 0
Dec 5 12:27:51 standalone container-server[127206]: 172.20.0.100 - - [05/Dec/2025:12:27:51 +0000] "HEAD /d1/273/AUTH_309271f2df0d4ef19f54b3a0cd07d8de/gnocchi.c997eeaa-9bf0-4c84-9955-1d9461ed9b0e" 404 - "HEAD http://172.18.0.2:8080/v1/AUTH_309271f2df0d4ef19f54b3a0cd07d8de/gnocchi.c997eeaa-9bf0-4c84-9955-1d9461ed9b0e?format=json&states=listing" "tx78bd0a51ed0e4b86acc82-006932cfc7" "proxy-server 20" 0.0003 "-" 20 0
Dec 5 12:27:51 standalone object-server[127411]: 172.20.0.100 - - [05/Dec/2025:12:27:51 +0000] "GET /d1/884/AUTH_309271f2df0d4ef19f54b3a0cd07d8de/gnocchi.c997eeaa-9bf0-4c84-9955-1d9461ed9b0e/none_v3" 404 70 "GET http://172.18.0.2:8080/v1/AUTH_309271f2df0d4ef19f54b3a0cd07d8de/gnocchi.c997eeaa-9bf0-4c84-9955-1d9461ed9b0e/none_v3" "tx78bd0a51ed0e4b86acc82-006932cfc7" "proxy-server 20" 0.0007 "-" 25 0
Dec 5 12:27:51 standalone proxy-server[129169]: 172.18.0.2 172.18.0.100 05/Dec/2025/12/27/51 GET /v1/AUTH_309271f2df0d4ef19f54b3a0cd07d8de/gnocchi.c997eeaa-9bf0-4c84-9955-1d9461ed9b0e/none_v3 HTTP/1.0 404 - python-swiftclient-3.11.1 gAAAAABpMs8T_x7v... - 70 - tx78bd0a51ed0e4b86acc82-006932cfc7 - 0.0160 - - 1764937671.888611317 1764937671.904588223 0
Dec 5 12:27:51 standalone account-server[127045]: 172.20.0.100 - - [05/Dec/2025:12:27:51 +0000] "PUT /d1/849/AUTH_309271f2df0d4ef19f54b3a0cd07d8de/gnocchi.c997eeaa-9bf0-4c84-9955-1d9461ed9b0e" 201 - "PUT http://172.20.0.100:6001/d1/273/AUTH_309271f2df0d4ef19f54b3a0cd07d8de/gnocchi.c997eeaa-9bf0-4c84-9955-1d9461ed9b0e" "tx20f9cca1ebd54ae28b105-006932cfc7" "container-server 21" 0.0111 "-" 23 0
Dec 5 12:27:51 standalone container-server[127211]: 172.20.0.100 - - [05/Dec/2025:12:27:51 +0000] "PUT /d1/273/AUTH_309271f2df0d4ef19f54b3a0cd07d8de/gnocchi.c997eeaa-9bf0-4c84-9955-1d9461ed9b0e" 201 - "PUT http://172.18.0.2:8080/v1/AUTH_309271f2df0d4ef19f54b3a0cd07d8de/gnocchi.c997eeaa-9bf0-4c84-9955-1d9461ed9b0e" "tx20f9cca1ebd54ae28b105-006932cfc7" "proxy-server 20" 0.0352 "-" 21 0
Dec 5 12:27:51 standalone proxy-server[129169]: 172.18.0.2 172.18.0.100 05/Dec/2025/12/27/51 PUT /v1/AUTH_309271f2df0d4ef19f54b3a0cd07d8de/gnocchi.c997eeaa-9bf0-4c84-9955-1d9461ed9b0e HTTP/1.0 201 - python-swiftclient-3.11.1 gAAAAABpMs8T_x7v... - - - tx20f9cca1ebd54ae28b105-006932cfc7 - 0.0452 - - 1764937671.912145853 1764937671.957303762 0
Dec 5 12:27:51 standalone container-server[127218]: 172.20.0.100 - - [05/Dec/2025:12:27:51 +0000] "HEAD /d1/273/AUTH_309271f2df0d4ef19f54b3a0cd07d8de/gnocchi.c997eeaa-9bf0-4c84-9955-1d9461ed9b0e" 204 - "HEAD http://172.18.0.2:8080/v1/AUTH_309271f2df0d4ef19f54b3a0cd07d8de/gnocchi.c997eeaa-9bf0-4c84-9955-1d9461ed9b0e?format=json&states=listing" "txa83f6bb7662644648da0d-006932cfc7" "proxy-server 20" 0.0016 "-" 22 0
Dec 5 12:27:51 standalone proxy-server[129169]: - - 05/Dec/2025/12/27/51 HEAD /v1/AUTH_309271f2df0d4ef19f54b3a0cd07d8de/gnocchi.c997eeaa-9bf0-4c84-9955-1d9461ed9b0e%3Fformat%3Djson%26states%3Dlisting HTTP/1.0 204 - Swift - - - - txa83f6bb7662644648da0d-006932cfc7 - 0.0055 RL - 1764937671.966246843 1764937671.971753120 0
Dec 5 12:27:51 standalone container-server[127223]: 172.20.0.100 - - [05/Dec/2025:12:27:51 +0000] "GET /d1/273/AUTH_309271f2df0d4ef19f54b3a0cd07d8de/gnocchi.c997eeaa-9bf0-4c84-9955-1d9461ed9b0e" 200 2 "GET http://172.18.0.2:8080/v1/AUTH_309271f2df0d4ef19f54b3a0cd07d8de/gnocchi.c997eeaa-9bf0-4c84-9955-1d9461ed9b0e?format=json&states=listing" "txa83f6bb7662644648da0d-006932cfc7" "proxy-server 20" 0.0023 "-" 23 0
Dec 5 12:27:51 standalone proxy-server[129169]: 172.18.0.2 172.18.0.100 05/Dec/2025/12/27/51 GET /v1/AUTH_309271f2df0d4ef19f54b3a0cd07d8de/gnocchi.c997eeaa-9bf0-4c84-9955-1d9461ed9b0e%3Fformat%3Djson%26states%3Dlisting HTTP/1.0 200 - python-swiftclient-3.11.1 gAAAAABpMs8T_x7v... - 2 - txa83f6bb7662644648da0d-006932cfc7 - 0.0166 - - 1764937671.964941263 1764937671.981528521 0
Dec 5 12:27:51 standalone object-server[127406]: 172.20.0.100 - - [05/Dec/2025:12:27:51 +0000] "GET /d1/526/AUTH_309271f2df0d4ef19f54b3a0cd07d8de/gnocchi.c997eeaa-9bf0-4c84-9955-1d9461ed9b0e/1764720000.0_mean_300.0_v3" 404 70 "GET http://172.18.0.2:8080/v1/AUTH_309271f2df0d4ef19f54b3a0cd07d8de/gnocchi.c997eeaa-9bf0-4c84-9955-1d9461ed9b0e/1764720000.0_mean_300.0_v3" "txdeeac5c578334ea2b4238-006932cfc7" "proxy-server 20" 0.0003 "-" 24 0
Dec 5 12:27:51 standalone proxy-server[129169]: 172.18.0.2 172.18.0.100 05/Dec/2025/12/27/51 GET /v1/AUTH_309271f2df0d4ef19f54b3a0cd07d8de/gnocchi.c997eeaa-9bf0-4c84-9955-1d9461ed9b0e/1764720000.0_mean_300.0_v3 HTTP/1.0 404 - python-swiftclient-3.11.1 gAAAAABpMs8T_x7v... - 70 - txdeeac5c578334ea2b4238-006932cfc7 - 0.0056 - - 1764937671.988871574 1764937671.994467258 0
Dec 5 12:27:52 standalone container-server[127211]: 172.20.0.100 - - [05/Dec/2025:12:27:52 +0000] "PUT /d1/273/AUTH_309271f2df0d4ef19f54b3a0cd07d8de/gnocchi.c997eeaa-9bf0-4c84-9955-1d9461ed9b0e/1764720000.0_mean_300.0_v3" 201 - "PUT http://172.18.0.2:8080/d1/526/AUTH_309271f2df0d4ef19f54b3a0cd07d8de/gnocchi.c997eeaa-9bf0-4c84-9955-1d9461ed9b0e/1764720000.0_mean_300.0_v3" "tx0885e432730e4af2ab618-006932cfc7" "object-server 23" 0.0006 "-" 21 0
Dec 5 12:27:52 standalone object-server[127401]: 172.20.0.100 - - [05/Dec/2025:12:27:52 +0000] "PUT /d1/526/AUTH_309271f2df0d4ef19f54b3a0cd07d8de/gnocchi.c997eeaa-9bf0-4c84-9955-1d9461ed9b0e/1764720000.0_mean_300.0_v3" 201 - "PUT http://172.18.0.2:8080/v1/AUTH_309271f2df0d4ef19f54b3a0cd07d8de/gnocchi.c997eeaa-9bf0-4c84-9955-1d9461ed9b0e/1764720000.0_mean_300.0_v3" "tx0885e432730e4af2ab618-006932cfc7" "proxy-server 20" 0.0106 "-" 23 0
Dec 5 12:27:52 standalone proxy-server[129169]: 172.18.0.2 172.18.0.100 05/Dec/2025/12/27/52 PUT /v1/AUTH_309271f2df0d4ef19f54b3a0cd07d8de/gnocchi.c997eeaa-9bf0-4c84-9955-1d9461ed9b0e/1764720000.0_mean_300.0_v3 HTTP/1.0 201 - python-swiftclient-3.11.1 gAAAAABpMs8T_x7v... 16 - - tx0885e432730e4af2ab618-006932cfc7 - 0.0177 - - 1764937671.997029781 1764937672.014760017 0
Dec 5 12:27:52 standalone container-server[127223]: 172.20.0.100 - - [05/Dec/2025:12:27:52 +0000] "PUT /d1/273/AUTH_309271f2df0d4ef19f54b3a0cd07d8de/gnocchi.c997eeaa-9bf0-4c84-9955-1d9461ed9b0e/none_v3" 201 - "PUT http://172.18.0.2:8080/d1/884/AUTH_309271f2df0d4ef19f54b3a0cd07d8de/gnocchi.c997eeaa-9bf0-4c84-9955-1d9461ed9b0e/none_v3" "tx09c198b5ab694870b9ef6-006932cfc8" "object-server 24" 0.0005 "-" 23 0
Dec 5 12:27:52 standalone object-server[127406]: 172.20.0.100 - - [05/Dec/2025:12:27:52 +0000] "PUT /d1/884/AUTH_309271f2df0d4ef19f54b3a0cd07d8de/gnocchi.c997eeaa-9bf0-4c84-9955-1d9461ed9b0e/none_v3" 201 - "PUT http://172.18.0.2:8080/v1/AUTH_309271f2df0d4ef19f54b3a0cd07d8de/gnocchi.c997eeaa-9bf0-4c84-9955-1d9461ed9b0e/none_v3" "tx09c198b5ab694870b9ef6-006932cfc8" "proxy-server 20" 0.0100 "-" 24 0
Dec 5 12:27:52 standalone proxy-server[129169]: 172.18.0.2 172.18.0.100 05/Dec/2025/12/27/52 PUT /v1/AUTH_309271f2df0d4ef19f54b3a0cd07d8de/gnocchi.c997eeaa-9bf0-4c84-9955-1d9461ed9b0e/none_v3 HTTP/1.0 201 - python-swiftclient-3.11.1 gAAAAABpMs8T_x7v... 22 - - tx09c198b5ab694870b9ef6-006932cfc8 - 0.0143 - - 1764937672.017124891 1764937672.031467438 0
Dec 5 12:27:52 standalone container-server[127206]: 172.20.0.100 - - [05/Dec/2025:12:27:52 +0000] "HEAD /d1/550/AUTH_309271f2df0d4ef19f54b3a0cd07d8de/gnocchi.712564e2-ac08-46ca-9135-6c50cd0594ab" 404 - "HEAD http://172.18.0.2:8080/v1/AUTH_309271f2df0d4ef19f54b3a0cd07d8de/gnocchi.712564e2-ac08-46ca-9135-6c50cd0594ab?format=json&states=listing" "tx5ac07a78c74a444d9735b-006932cfc8" "proxy-server 20" 0.0003 "-" 20 0
Dec 5 12:27:52 standalone object-server[127411]: 172.20.0.100 - - [05/Dec/2025:12:27:52 +0000] "GET /d1/599/AUTH_309271f2df0d4ef19f54b3a0cd07d8de/gnocchi.712564e2-ac08-46ca-9135-6c50cd0594ab/none_v3" 404 70 "GET http://172.18.0.2:8080/v1/AUTH_309271f2df0d4ef19f54b3a0cd07d8de/gnocchi.712564e2-ac08-46ca-9135-6c50cd0594ab/none_v3" "tx5ac07a78c74a444d9735b-006932cfc8" "proxy-server 20" 0.0003 "-" 25 0
Dec 5 12:27:52 standalone proxy-server[129169]: 172.18.0.2 172.18.0.100 05/Dec/2025/12/27/52 GET /v1/AUTH_309271f2df0d4ef19f54b3a0cd07d8de/gnocchi.712564e2-ac08-46ca-9135-6c50cd0594ab/none_v3 HTTP/1.0 404 - python-swiftclient-3.11.1 gAAAAABpMs8T_x7v... - 70 - tx5ac07a78c74a444d9735b-006932cfc8 - 0.0076 - - 1764937672.039550304 1764937672.047179461 0
Dec 5 12:27:52 standalone account-server[127045]: 172.20.0.100 - - [05/Dec/2025:12:27:52 +0000] "PUT /d1/849/AUTH_309271f2df0d4ef19f54b3a0cd07d8de/gnocchi.712564e2-ac08-46ca-9135-6c50cd0594ab" 201 - "PUT http://172.20.0.100:6001/d1/550/AUTH_309271f2df0d4ef19f54b3a0cd07d8de/gnocchi.712564e2-ac08-46ca-9135-6c50cd0594ab" "tx2960baa89d7c45bb9f7c7-006932cfc8" "container-server 23" 0.0044 "-" 23 0
Dec 5 12:27:52 standalone container-server[127223]: 172.20.0.100 - - [05/Dec/2025:12:27:52 +0000] "PUT /d1/550/AUTH_309271f2df0d4ef19f54b3a0cd07d8de/gnocchi.712564e2-ac08-46ca-9135-6c50cd0594ab" 201 - "PUT http://172.18.0.2:8080/v1/AUTH_309271f2df0d4ef19f54b3a0cd07d8de/gnocchi.712564e2-ac08-46ca-9135-6c50cd0594ab" "tx2960baa89d7c45bb9f7c7-006932cfc8" "proxy-server 20" 0.0133 "-" 23 0
Dec 5 12:27:52 standalone proxy-server[129169]: 172.18.0.2 172.18.0.100 05/Dec/2025/12/27/52 PUT /v1/AUTH_309271f2df0d4ef19f54b3a0cd07d8de/gnocchi.712564e2-ac08-46ca-9135-6c50cd0594ab HTTP/1.0 201 - python-swiftclient-3.11.1 gAAAAABpMs8T_x7v... - - - tx2960baa89d7c45bb9f7c7-006932cfc8 - 0.0172 - - 1764937672.049012661 1764937672.066172838 0
Dec 5 12:27:52 standalone container-server[127211]: 172.20.0.100 - - [05/Dec/2025:12:27:52 +0000] "HEAD /d1/550/AUTH_309271f2df0d4ef19f54b3a0cd07d8de/gnocchi.712564e2-ac08-46ca-9135-6c50cd0594ab" 204 - "HEAD http://172.18.0.2:8080/v1/AUTH_309271f2df0d4ef19f54b3a0cd07d8de/gnocchi.712564e2-ac08-46ca-9135-6c50cd0594ab?format=json&states=listing" "tx4cbd3023a244415898c5a-006932cfc8" "proxy-server 20" 0.0093 "-" 21 0
Dec 5 12:27:52 standalone proxy-server[129169]: - - 05/Dec/2025/12/27/52 HEAD /v1/AUTH_309271f2df0d4ef19f54b3a0cd07d8de/gnocchi.712564e2-ac08-46ca-9135-6c50cd0594ab%3Fformat%3Djson%26states%3Dlisting HTTP/1.0 204 - Swift - - - - tx4cbd3023a244415898c5a-006932cfc8 - 0.0125 RL - 1764937672.069615364 1764937672.082109928 0
Dec 5 12:27:52 standalone container-server[127223]: 172.20.0.100 - - [05/Dec/2025:12:27:52 +0000] "GET /d1/550/AUTH_309271f2df0d4ef19f54b3a0cd07d8de/gnocchi.712564e2-ac08-46ca-9135-6c50cd0594ab" 200 2 "GET http://172.18.0.2:8080/v1/AUTH_309271f2df0d4ef19f54b3a0cd07d8de/gnocchi.712564e2-ac08-46ca-9135-6c50cd0594ab?format=json&states=listing" "tx4cbd3023a244415898c5a-006932cfc8" "proxy-server 20" 0.0016 "-" 23 0
Dec 5 12:27:52 standalone proxy-server[129169]: 172.18.0.2 172.18.0.100 05/Dec/2025/12/27/52 GET /v1/AUTH_309271f2df0d4ef19f54b3a0cd07d8de/gnocchi.712564e2-ac08-46ca-9135-6c50cd0594ab%3Fformat%3Djson%26states%3Dlisting HTTP/1.0 200 - python-swiftclient-3.11.1 gAAAAABpMs8T_x7v... - 2 - tx4cbd3023a244415898c5a-006932cfc8 - 0.0200 - - 1764937672.068894863 1764937672.088938951 0
Dec 5 12:27:52 standalone object-server[127406]: 172.20.0.100 - - [05/Dec/2025:12:27:52 +0000] "GET /d1/35/AUTH_309271f2df0d4ef19f54b3a0cd07d8de/gnocchi.712564e2-ac08-46ca-9135-6c50cd0594ab/1764720000.0_mean_300.0_v3" 404 70 "GET http://172.18.0.2:8080/v1/AUTH_309271f2df0d4ef19f54b3a0cd07d8de/gnocchi.712564e2-ac08-46ca-9135-6c50cd0594ab/1764720000.0_mean_300.0_v3" "txdb85e88b91e04e8ab23fc-006932cfc8" "proxy-server 20" 0.0003 "-" 24 0
Dec 5 12:27:52 standalone proxy-server[129169]: 172.18.0.2 172.18.0.100 05/Dec/2025/12/27/52 GET /v1/AUTH_309271f2df0d4ef19f54b3a0cd07d8de/gnocchi.712564e2-ac08-46ca-9135-6c50cd0594ab/1764720000.0_mean_300.0_v3 HTTP/1.0 404 - python-swiftclient-3.11.1 gAAAAABpMs8T_x7v... - 70 - txdb85e88b91e04e8ab23fc-006932cfc8 - 0.0043 - - 1764937672.092755795 1764937672.097042799 0
Dec 5 12:27:52 standalone container-server[127211]: 172.20.0.100 - - [05/Dec/2025:12:27:52 +0000] "PUT /d1/550/AUTH_309271f2df0d4ef19f54b3a0cd07d8de/gnocchi.712564e2-ac08-46ca-9135-6c50cd0594ab/1764720000.0_mean_300.0_v3" 201 - "PUT http://172.18.0.2:8080/d1/35/AUTH_309271f2df0d4ef19f54b3a0cd07d8de/gnocchi.712564e2-ac08-46ca-9135-6c50cd0594ab/1764720000.0_mean_300.0_v3" "txc080ed7a48c6439f82748-006932cfc8" "object-server 22" 0.0006 "-" 21 0
Dec 5 12:27:52 standalone object-server[127388]: 172.20.0.100 - - [05/Dec/2025:12:27:52 +0000] "PUT /d1/35/AUTH_309271f2df0d4ef19f54b3a0cd07d8de/gnocchi.712564e2-ac08-46ca-9135-6c50cd0594ab/1764720000.0_mean_300.0_v3" 201 - "PUT http://172.18.0.2:8080/v1/AUTH_309271f2df0d4ef19f54b3a0cd07d8de/gnocchi.712564e2-ac08-46ca-9135-6c50cd0594ab/1764720000.0_mean_300.0_v3" "txc080ed7a48c6439f82748-006932cfc8" "proxy-server 20" 0.0082 "-" 22 0
Dec 5 12:27:52 standalone proxy-server[129169]: 172.18.0.2 172.18.0.100 05/Dec/2025/12/27/52 PUT /v1/AUTH_309271f2df0d4ef19f54b3a0cd07d8de/gnocchi.712564e2-ac08-46ca-9135-6c50cd0594ab/1764720000.0_mean_300.0_v3 HTTP/1.0 201 - python-swiftclient-3.11.1 gAAAAABpMs8T_x7v... 16 - - txc080ed7a48c6439f82748-006932cfc8 - 0.0178 - - 1764937672.100049973 1764937672.117873669 0
Dec 5 12:27:52 standalone container-server[127218]: 172.20.0.100 - - [05/Dec/2025:12:27:52 +0000] "PUT /d1/550/AUTH_309271f2df0d4ef19f54b3a0cd07d8de/gnocchi.712564e2-ac08-46ca-9135-6c50cd0594ab/none_v3" 201 - "PUT http://172.18.0.2:8080/d1/599/AUTH_309271f2df0d4ef19f54b3a0cd07d8de/gnocchi.712564e2-ac08-46ca-9135-6c50cd0594ab/none_v3" "tx2b897f486e104f84822b1-006932cfc8" "object-server 25" 0.0004 "-" 22 0
Dec 5 12:27:52 standalone object-server[127411]: 172.20.0.100 - - [05/Dec/2025:12:27:52 +0000] "PUT /d1/599/AUTH_309271f2df0d4ef19f54b3a0cd07d8de/gnocchi.712564e2-ac08-46ca-9135-6c50cd0594ab/none_v3" 201 - "PUT http://172.18.0.2:8080/v1/AUTH_309271f2df0d4ef19f54b3a0cd07d8de/gnocchi.712564e2-ac08-46ca-9135-6c50cd0594ab/none_v3" "tx2b897f486e104f84822b1-006932cfc8" "proxy-server 20" 0.0172 "-" 25 0
Dec 5 12:27:52 standalone proxy-server[129169]: 172.18.0.2 172.18.0.100 05/Dec/2025/12/27/52 PUT /v1/AUTH_309271f2df0d4ef19f54b3a0cd07d8de/gnocchi.712564e2-ac08-46ca-9135-6c50cd0594ab/none_v3 HTTP/1.0 201 - python-swiftclient-3.11.1 gAAAAABpMs8T_x7v... 22 - - tx2b897f486e104f84822b1-006932cfc8 - 0.0232 - - 1764937672.120505571 1764937672.143701077 0
Dec 5 12:27:52 standalone container-server[127211]: 172.20.0.100 - - [05/Dec/2025:12:27:52 +0000] "HEAD /d1/70/AUTH_309271f2df0d4ef19f54b3a0cd07d8de/gnocchi.6b75033a-e4b5-4c82-8290-a4014d069a70" 404 - "HEAD http://172.18.0.2:8080/v1/AUTH_309271f2df0d4ef19f54b3a0cd07d8de/gnocchi.6b75033a-e4b5-4c82-8290-a4014d069a70?format=json&states=listing" "tx6b8a2232565e49568437b-006932cfc8" "proxy-server 20" 0.0004 "-" 21 0
Dec 5 12:27:52 standalone object-server[127401]: 172.20.0.100 - - [05/Dec/2025:12:27:52 +0000] "GET /d1/234/AUTH_309271f2df0d4ef19f54b3a0cd07d8de/gnocchi.6b75033a-e4b5-4c82-8290-a4014d069a70/none_v3" 404 70 "GET http://172.18.0.2:8080/v1/AUTH_309271f2df0d4ef19f54b3a0cd07d8de/gnocchi.6b75033a-e4b5-4c82-8290-a4014d069a70/none_v3" "tx6b8a2232565e49568437b-006932cfc8" "proxy-server 20" 0.0003 "-" 23 0
Dec 5 12:27:52 standalone proxy-server[129169]: 172.18.0.2 172.18.0.100 05/Dec/2025/12/27/52 GET /v1/AUTH_309271f2df0d4ef19f54b3a0cd07d8de/gnocchi.6b75033a-e4b5-4c82-8290-a4014d069a70/none_v3 HTTP/1.0 404 - python-swiftclient-3.11.1 gAAAAABpMs8T_x7v... - 70 - tx6b8a2232565e49568437b-006932cfc8 - 0.0089 - - 1764937672.178221941 1764937672.187145710 0
Dec 5 12:27:52 standalone account-server[127045]: 172.20.0.100 - - [05/Dec/2025:12:27:52 +0000] "PUT /d1/849/AUTH_309271f2df0d4ef19f54b3a0cd07d8de/gnocchi.6b75033a-e4b5-4c82-8290-a4014d069a70" 201 - "PUT http://172.20.0.100:6001/d1/70/AUTH_309271f2df0d4ef19f54b3a0cd07d8de/gnocchi.6b75033a-e4b5-4c82-8290-a4014d069a70" "tx29e23370ad7b4733a75d9-006932cfc8" "container-server 21" 0.0092 "-" 23 0
Dec 5 12:27:52 standalone container-server[127211]: 172.20.0.100 - - [05/Dec/2025:12:27:52 +0000] "PUT /d1/70/AUTH_309271f2df0d4ef19f54b3a0cd07d8de/gnocchi.6b75033a-e4b5-4c82-8290-a4014d069a70" 201 - "PUT http://172.18.0.2:8080/v1/AUTH_309271f2df0d4ef19f54b3a0cd07d8de/gnocchi.6b75033a-e4b5-4c82-8290-a4014d069a70" "tx29e23370ad7b4733a75d9-006932cfc8" "proxy-server 20" 0.0274 "-" 21 0
Dec 5 12:27:52 standalone proxy-server[129169]: 172.18.0.2 172.18.0.100 05/Dec/2025/12/27/52 PUT /v1/AUTH_309271f2df0d4ef19f54b3a0cd07d8de/gnocchi.6b75033a-e4b5-4c82-8290-a4014d069a70 HTTP/1.0 201 - python-swiftclient-3.11.1 gAAAAABpMs8T_x7v... - - - tx29e23370ad7b4733a75d9-006932cfc8 - 0.0354 - - 1764937672.190117121 1764937672.225499392 0
Dec 5 12:27:52 standalone container-server[127218]: 172.20.0.100 - - [05/Dec/2025:12:27:52 +0000] "HEAD /d1/70/AUTH_309271f2df0d4ef19f54b3a0cd07d8de/gnocchi.6b75033a-e4b5-4c82-8290-a4014d069a70" 204 - "HEAD http://172.18.0.2:8080/v1/AUTH_309271f2df0d4ef19f54b3a0cd07d8de/gnocchi.6b75033a-e4b5-4c82-8290-a4014d069a70?format=json&states=listing" "tx4fa38ae40d3b42c2af652-006932cfc8" "proxy-server 20" 0.0017 "-" 22 0
Dec 5 12:27:52 standalone proxy-server[129169]: - - 05/Dec/2025/12/27/52 HEAD /v1/AUTH_309271f2df0d4ef19f54b3a0cd07d8de/gnocchi.6b75033a-e4b5-4c82-8290-a4014d069a70%3Fformat%3Djson%26states%3Dlisting HTTP/1.0 204 - Swift - - - - tx4fa38ae40d3b42c2af652-006932cfc8 - 0.0048 RL - 1764937672.229854345 1764937672.234644890 0
Dec 5 12:27:52 standalone container-server[127218]: 172.20.0.100 - - [05/Dec/2025:12:27:52 +0000] "GET /d1/70/AUTH_309271f2df0d4ef19f54b3a0cd07d8de/gnocchi.6b75033a-e4b5-4c82-8290-a4014d069a70" 200 2 "GET http://172.18.0.2:8080/v1/AUTH_309271f2df0d4ef19f54b3a0cd07d8de/gnocchi.6b75033a-e4b5-4c82-8290-a4014d069a70?format=json&states=listing" "tx4fa38ae40d3b42c2af652-006932cfc8" "proxy-server 20" 0.0025 "-" 22 0
Dec 5 12:27:52 standalone proxy-server[129169]: 172.18.0.2 172.18.0.100 05/Dec/2025/12/27/52 GET /v1/AUTH_309271f2df0d4ef19f54b3a0cd07d8de/gnocchi.6b75033a-e4b5-4c82-8290-a4014d069a70%3Fformat%3Djson%26states%3Dlisting HTTP/1.0 200 - python-swiftclient-3.11.1 gAAAAABpMs8T_x7v... - 2 - tx4fa38ae40d3b42c2af652-006932cfc8 - 0.0213 - - 1764937672.228963375 1764937672.250259876 0
Dec 5 12:27:52 standalone object-server[127411]: 172.20.0.100 - - [05/Dec/2025:12:27:52 +0000] "GET /d1/78/AUTH_309271f2df0d4ef19f54b3a0cd07d8de/gnocchi.6b75033a-e4b5-4c82-8290-a4014d069a70/1764720000.0_mean_300.0_v3" 404 70 "GET http://172.18.0.2:8080/v1/AUTH_309271f2df0d4ef19f54b3a0cd07d8de/gnocchi.6b75033a-e4b5-4c82-8290-a4014d069a70/1764720000.0_mean_300.0_v3" "tx7cc6455eff7248159648e-006932cfc8" "proxy-server 20" 0.0004 "-" 25 0
Dec 5 12:27:52 standalone proxy-server[129169]: 172.18.0.2 172.18.0.100 05/Dec/2025/12/27/52 GET /v1/AUTH_309271f2df0d4ef19f54b3a0cd07d8de/gnocchi.6b75033a-e4b5-4c82-8290-a4014d069a70/1764720000.0_mean_300.0_v3 HTTP/1.0 404 - python-swiftclient-3.11.1 gAAAAABpMs8T_x7v... - 70 - tx7cc6455eff7248159648e-006932cfc8 - 0.0090 - - 1764937672.257723570 1764937672.266686678 0
Dec 5 12:27:52 standalone container-server[127223]: 172.20.0.100 - - [05/Dec/2025:12:27:52 +0000] "PUT /d1/70/AUTH_309271f2df0d4ef19f54b3a0cd07d8de/gnocchi.6b75033a-e4b5-4c82-8290-a4014d069a70/1764720000.0_mean_300.0_v3" 201 - "PUT http://172.18.0.2:8080/d1/78/AUTH_309271f2df0d4ef19f54b3a0cd07d8de/gnocchi.6b75033a-e4b5-4c82-8290-a4014d069a70/1764720000.0_mean_300.0_v3" "tx23efdafc5cc24ce4bcb68-006932cfc8" "object-server 24" 0.0005 "-" 23 0
Dec 5 12:27:52 standalone object-server[127406]: 172.20.0.100 - - [05/Dec/2025:12:27:52 +0000] "PUT /d1/78/AUTH_309271f2df0d4ef19f54b3a0cd07d8de/gnocchi.6b75033a-e4b5-4c82-8290-a4014d069a70/1764720000.0_mean_300.0_v3" 201 - "PUT http://172.18.0.2:8080/v1/AUTH_309271f2df0d4ef19f54b3a0cd07d8de/gnocchi.6b75033a-e4b5-4c82-8290-a4014d069a70/1764720000.0_mean_300.0_v3" "tx23efdafc5cc24ce4bcb68-006932cfc8" "proxy-server 20" 0.0151 "-" 24 0
Dec 5 12:27:52 standalone proxy-server[129169]: 172.18.0.2 172.18.0.100 05/Dec/2025/12/27/52 PUT /v1/AUTH_309271f2df0d4ef19f54b3a0cd07d8de/gnocchi.6b75033a-e4b5-4c82-8290-a4014d069a70/1764720000.0_mean_300.0_v3 HTTP/1.0 201 - python-swiftclient-3.11.1 gAAAAABpMs8T_x7v... 16 - - tx23efdafc5cc24ce4bcb68-006932cfc8 - 0.0260 - - 1764937672.270415068 1764937672.296461105 0
Dec 5 12:27:52 standalone container-server[127206]: 172.20.0.100 - - [05/Dec/2025:12:27:52 +0000] "PUT /d1/70/AUTH_309271f2df0d4ef19f54b3a0cd07d8de/gnocchi.6b75033a-e4b5-4c82-8290-a4014d069a70/none_v3" 201 - "PUT http://172.18.0.2:8080/d1/234/AUTH_309271f2df0d4ef19f54b3a0cd07d8de/gnocchi.6b75033a-e4b5-4c82-8290-a4014d069a70/none_v3" "tx01d977ccc05441b9ab49e-006932cfc8" "object-server 24" 0.0005 "-" 20 0
Dec 5 12:27:52 standalone object-server[127406]: 172.20.0.100 - - [05/Dec/2025:12:27:52 +0000] "PUT /d1/234/AUTH_309271f2df0d4ef19f54b3a0cd07d8de/gnocchi.6b75033a-e4b5-4c82-8290-a4014d069a70/none_v3" 201 - "PUT http://172.18.0.2:8080/v1/AUTH_309271f2df0d4ef19f54b3a0cd07d8de/gnocchi.6b75033a-e4b5-4c82-8290-a4014d069a70/none_v3" "tx01d977ccc05441b9ab49e-006932cfc8" "proxy-server 20" 0.0208 "-" 24 0
Dec 5 12:27:52 standalone proxy-server[129169]: 172.18.0.2 172.18.0.100 05/Dec/2025/12/27/52 PUT /v1/AUTH_309271f2df0d4ef19f54b3a0cd07d8de/gnocchi.6b75033a-e4b5-4c82-8290-a4014d069a70/none_v3 HTTP/1.0 201 - python-swiftclient-3.11.1 gAAAAABpMs8T_x7v... 22 - - tx01d977ccc05441b9ab49e-006932cfc8 - 0.0333 - - 1764937672.300450325 1764937672.333709240 0
Dec 5 12:27:52 standalone container-server[127218]: 172.20.0.100 - - [05/Dec/2025:12:27:52 +0000] "HEAD /d1/222/AUTH_309271f2df0d4ef19f54b3a0cd07d8de/gnocchi.160454f1-b42e-403c-a53a-bac92e00c682" 404 - "HEAD http://172.18.0.2:8080/v1/AUTH_309271f2df0d4ef19f54b3a0cd07d8de/gnocchi.160454f1-b42e-403c-a53a-bac92e00c682?format=json&states=listing" "tx8202390c303e492da1c98-006932cfc8" "proxy-server 20" 0.0003 "-" 22 0
Dec 5 12:27:52 standalone object-server[127406]: 172.20.0.100 - - [05/Dec/2025:12:27:52 +0000] "GET /d1/944/AUTH_309271f2df0d4ef19f54b3a0cd07d8de/gnocchi.160454f1-b42e-403c-a53a-bac92e00c682/none_v3" 404 70 "GET http://172.18.0.2:8080/v1/AUTH_309271f2df0d4ef19f54b3a0cd07d8de/gnocchi.160454f1-b42e-403c-a53a-bac92e00c682/none_v3" "tx8202390c303e492da1c98-006932cfc8" "proxy-server 20" 0.0003 "-" 24 0
Dec 5 12:27:52 standalone proxy-server[129169]: 172.18.0.2 172.18.0.100 05/Dec/2025/12/27/52 GET /v1/AUTH_309271f2df0d4ef19f54b3a0cd07d8de/gnocchi.160454f1-b42e-403c-a53a-bac92e00c682/none_v3 HTTP/1.0 404 - python-swiftclient-3.11.1 gAAAAABpMs8T_x7v... - 70 - tx8202390c303e492da1c98-006932cfc8 - 0.0067 - - 1764937672.344943047 1764937672.351659775 0
Dec 5 12:27:52 standalone account-server[127045]: 172.20.0.100 - - [05/Dec/2025:12:27:52 +0000] "PUT /d1/849/AUTH_309271f2df0d4ef19f54b3a0cd07d8de/gnocchi.160454f1-b42e-403c-a53a-bac92e00c682" 201 - "PUT http://172.20.0.100:6001/d1/222/AUTH_309271f2df0d4ef19f54b3a0cd07d8de/gnocchi.160454f1-b42e-403c-a53a-bac92e00c682" "txb3a1ab3b892a4f20a5bf4-006932cfc8" "container-server 20" 0.0052 "-" 23 0
Dec 5 12:27:52 standalone container-server[127206]: 172.20.0.100 - - [05/Dec/2025:12:27:52 +0000] "PUT /d1/222/AUTH_309271f2df0d4ef19f54b3a0cd07d8de/gnocchi.160454f1-b42e-403c-a53a-bac92e00c682" 201 - "PUT http://172.18.0.2:8080/v1/AUTH_309271f2df0d4ef19f54b3a0cd07d8de/gnocchi.160454f1-b42e-403c-a53a-bac92e00c682" "txb3a1ab3b892a4f20a5bf4-006932cfc8" "proxy-server 20" 0.0138 "-" 20 0
Dec 5 12:27:52 standalone proxy-server[129169]: 172.18.0.2 172.18.0.100 05/Dec/2025/12/27/52 PUT /v1/AUTH_309271f2df0d4ef19f54b3a0cd07d8de/gnocchi.160454f1-b42e-403c-a53a-bac92e00c682 HTTP/1.0 201 - python-swiftclient-3.11.1 gAAAAABpMs8T_x7v... - - - txb3a1ab3b892a4f20a5bf4-006932cfc8 - 0.0172 - - 1764937672.355393171 1764937672.372584820 0
Dec 5 12:27:52 standalone container-server[127218]: 172.20.0.100 - - [05/Dec/2025:12:27:52 +0000] "HEAD /d1/226/AUTH_309271f2df0d4ef19f54b3a0cd07d8de/gnocchi.27275d28-17ab-4f5b-bedc-080f9d5d7d02" 404 - "HEAD http://172.18.0.2:8080/v1/AUTH_309271f2df0d4ef19f54b3a0cd07d8de/gnocchi.27275d28-17ab-4f5b-bedc-080f9d5d7d02?format=json&states=listing" "txf22aecbc8dbc46b0b0abb-006932cfc8" "proxy-server 20" 0.0003 "-" 22 0
Dec 5 12:27:52 standalone object-server[127388]: 172.20.0.100 - - [05/Dec/2025:12:27:52 +0000] "GET /d1/675/AUTH_309271f2df0d4ef19f54b3a0cd07d8de/gnocchi.27275d28-17ab-4f5b-bedc-080f9d5d7d02/none_v3" 404 70 "GET http://172.18.0.2:8080/v1/AUTH_309271f2df0d4ef19f54b3a0cd07d8de/gnocchi.27275d28-17ab-4f5b-bedc-080f9d5d7d02/none_v3" "txf22aecbc8dbc46b0b0abb-006932cfc8" "proxy-server 20" 0.0003 "-" 22 0
Dec 5 12:27:52 standalone proxy-server[129169]: 172.18.0.2 172.18.0.100 05/Dec/2025/12/27/52 GET /v1/AUTH_309271f2df0d4ef19f54b3a0cd07d8de/gnocchi.27275d28-17ab-4f5b-bedc-080f9d5d7d02/none_v3 HTTP/1.0 404 - python-swiftclient-3.11.1 gAAAAABpMs8T_x7v... - 70 - txf22aecbc8dbc46b0b0abb-006932cfc8 - 0.0128 - - 1764937672.379137754 1764937672.391962051 0
Dec 5 12:27:52 standalone account-server[126990]: 172.20.0.100 - - [05/Dec/2025:12:27:52 +0000] "PUT /d1/849/AUTH_309271f2df0d4ef19f54b3a0cd07d8de/gnocchi.27275d28-17ab-4f5b-bedc-080f9d5d7d02" 201 - "PUT http://172.20.0.100:6001/d1/226/AUTH_309271f2df0d4ef19f54b3a0cd07d8de/gnocchi.27275d28-17ab-4f5b-bedc-080f9d5d7d02" "tx83b0918579c640ca8c6e7-006932cfc8" "container-server 20" 0.0053 "-" 20 0
Dec 5 12:27:52 standalone container-server[127206]: 172.20.0.100 - - [05/Dec/2025:12:27:52 +0000] "PUT /d1/226/AUTH_309271f2df0d4ef19f54b3a0cd07d8de/gnocchi.27275d28-17ab-4f5b-bedc-080f9d5d7d02" 201 - "PUT http://172.18.0.2:8080/v1/AUTH_309271f2df0d4ef19f54b3a0cd07d8de/gnocchi.27275d28-17ab-4f5b-bedc-080f9d5d7d02" "tx83b0918579c640ca8c6e7-006932cfc8" "proxy-server 20" 0.0203 "-" 20 0
Dec 5 12:27:52 standalone proxy-server[129169]: 172.18.0.2 172.18.0.100 05/Dec/2025/12/27/52 PUT /v1/AUTH_309271f2df0d4ef19f54b3a0cd07d8de/gnocchi.27275d28-17ab-4f5b-bedc-080f9d5d7d02 HTTP/1.0 201 - python-swiftclient-3.11.1 gAAAAABpMs8T_x7v... - - - tx83b0918579c640ca8c6e7-006932cfc8 - 0.0260 - - 1764937672.394302607 1764937672.420304537 0
Dec 5 12:27:52 standalone container-server[127218]: 172.20.0.100 - - [05/Dec/2025:12:27:52 +0000] "HEAD /d1/222/AUTH_309271f2df0d4ef19f54b3a0cd07d8de/gnocchi.160454f1-b42e-403c-a53a-bac92e00c682" 204 - "HEAD http://172.18.0.2:8080/v1/AUTH_309271f2df0d4ef19f54b3a0cd07d8de/gnocchi.160454f1-b42e-403c-a53a-bac92e00c682?format=json&states=listing" "tx85eba1308e2f47738b2d4-006932cfc8" "proxy-server 20" 0.0013 "-" 22 0
Dec 5 12:27:52 standalone proxy-server[129169]: - - 05/Dec/2025/12/27/52 HEAD /v1/AUTH_309271f2df0d4ef19f54b3a0cd07d8de/gnocchi.160454f1-b42e-403c-a53a-bac92e00c682%3Fformat%3Djson%26states%3Dlisting HTTP/1.0 204 - Swift - - - - tx85eba1308e2f47738b2d4-006932cfc8 - 0.0075 RL - 1764937672.424053907 1764937672.431508541 0
Dec 5 12:27:52 standalone container-server[127218]: 172.20.0.100 - - [05/Dec/2025:12:27:52 +0000] "GET /d1/222/AUTH_309271f2df0d4ef19f54b3a0cd07d8de/gnocchi.160454f1-b42e-403c-a53a-bac92e00c682" 200 2 "GET http://172.18.0.2:8080/v1/AUTH_309271f2df0d4ef19f54b3a0cd07d8de/gnocchi.160454f1-b42e-403c-a53a-bac92e00c682?format=json&states=listing" "tx85eba1308e2f47738b2d4-006932cfc8" "proxy-server 20" 0.0014 "-" 22 0
Dec 5 12:27:52 standalone proxy-server[129169]: 172.18.0.2 172.18.0.100 05/Dec/2025/12/27/52 GET /v1/AUTH_309271f2df0d4ef19f54b3a0cd07d8de/gnocchi.160454f1-b42e-403c-a53a-bac92e00c682%3Fformat%3Djson%26states%3Dlisting HTTP/1.0 200 - python-swiftclient-3.11.1 gAAAAABpMs8T_x7v... - 2 - tx85eba1308e2f47738b2d4-006932cfc8 - 0.0136 - - 1764937672.423278332 1764937672.436901569 0
Dec 5 12:27:52 standalone container-server[127206]: 172.20.0.100 - - [05/Dec/2025:12:27:52 +0000] "HEAD /d1/226/AUTH_309271f2df0d4ef19f54b3a0cd07d8de/gnocchi.27275d28-17ab-4f5b-bedc-080f9d5d7d02" 204 - "HEAD http://172.18.0.2:8080/v1/AUTH_309271f2df0d4ef19f54b3a0cd07d8de/gnocchi.27275d28-17ab-4f5b-bedc-080f9d5d7d02?format=json&states=listing" "tx2023b15a6dee4ff0947c3-006932cfc8" "proxy-server 20" 0.0012 "-" 20 0
Dec 5 12:27:52 standalone proxy-server[129169]: - - 05/Dec/2025/12/27/52 HEAD /v1/AUTH_309271f2df0d4ef19f54b3a0cd07d8de/gnocchi.27275d28-17ab-4f5b-bedc-080f9d5d7d02%3Fformat%3Djson%26states%3Dlisting HTTP/1.0 204 - Swift - - - - tx2023b15a6dee4ff0947c3-006932cfc8 - 0.0038 RL - 1764937672.443405151 1764937672.447188139 0
Dec 5 12:27:52 standalone container-server[127211]: 172.20.0.100 - - [05/Dec/2025:12:27:52 +0000] "GET /d1/226/AUTH_309271f2df0d4ef19f54b3a0cd07d8de/gnocchi.27275d28-17ab-4f5b-bedc-080f9d5d7d02" 200 2 "GET http://172.18.0.2:8080/v1/AUTH_309271f2df0d4ef19f54b3a0cd07d8de/gnocchi.27275d28-17ab-4f5b-bedc-080f9d5d7d02?format=json&states=listing" "tx2023b15a6dee4ff0947c3-006932cfc8" "proxy-server 20" 0.0055 "-" 21 0
Dec 5 12:27:52 standalone proxy-server[129169]: 172.18.0.2 172.18.0.100 05/Dec/2025/12/27/52 GET /v1/AUTH_309271f2df0d4ef19f54b3a0cd07d8de/gnocchi.27275d28-17ab-4f5b-bedc-080f9d5d7d02%3Fformat%3Djson%26states%3Dlisting HTTP/1.0 200 - python-swiftclient-3.11.1 gAAAAABpMs8T_x7v... - 2 - tx2023b15a6dee4ff0947c3-006932cfc8 - 0.0258 - - 1764937672.442104578 1764937672.467940807 0
Dec 5 12:27:52 standalone object-server[127401]: 172.20.0.100 - - [05/Dec/2025:12:27:52 +0000] "GET /d1/345/AUTH_309271f2df0d4ef19f54b3a0cd07d8de/gnocchi.160454f1-b42e-403c-a53a-bac92e00c682/1764720000.0_mean_300.0_v3" 404 70 "GET http://172.18.0.2:8080/v1/AUTH_309271f2df0d4ef19f54b3a0cd07d8de/gnocchi.160454f1-b42e-403c-a53a-bac92e00c682/1764720000.0_mean_300.0_v3" "txe4857575f78f47d184414-006932cfc8" "proxy-server 20" 0.0004 "-" 23 0
Dec 5 12:27:52 standalone proxy-server[129169]: 172.18.0.2 172.18.0.100 05/Dec/2025/12/27/52 GET /v1/AUTH_309271f2df0d4ef19f54b3a0cd07d8de/gnocchi.160454f1-b42e-403c-a53a-bac92e00c682/1764720000.0_mean_300.0_v3 HTTP/1.0 404 - python-swiftclient-3.11.1 gAAAAABpMs8T_x7v... - 70 - txe4857575f78f47d184414-006932cfc8 - 0.0070 - - 1764937672.471392155 1764937672.478422642 0
Dec 5 12:27:52 standalone object-server[127388]: 172.20.0.100 - - [05/Dec/2025:12:27:52 +0000] "GET /d1/156/AUTH_309271f2df0d4ef19f54b3a0cd07d8de/gnocchi.27275d28-17ab-4f5b-bedc-080f9d5d7d02/1764720000.0_mean_300.0_v3" 404 70 "GET http://172.18.0.2:8080/v1/AUTH_309271f2df0d4ef19f54b3a0cd07d8de/gnocchi.27275d28-17ab-4f5b-bedc-080f9d5d7d02/1764720000.0_mean_300.0_v3" "txe5f33e07963f429b8b2cf-006932cfc8" "proxy-server 20" 0.0004 "-" 22 0
Dec 5 12:27:52 standalone proxy-server[129169]: 172.18.0.2 172.18.0.100 05/Dec/2025/12/27/52 GET /v1/AUTH_309271f2df0d4ef19f54b3a0cd07d8de/gnocchi.27275d28-17ab-4f5b-bedc-080f9d5d7d02/1764720000.0_mean_300.0_v3 HTTP/1.0 404 - python-swiftclient-3.11.1 gAAAAABpMs8T_x7v... - 70 - txe5f33e07963f429b8b2cf-006932cfc8 - 0.0078 - - 1764937672.483897686 1764937672.491685390 0
Dec 5 12:27:52 standalone container-server[127218]: 172.20.0.100 - - [05/Dec/2025:12:27:52 +0000] "PUT /d1/222/AUTH_309271f2df0d4ef19f54b3a0cd07d8de/gnocchi.160454f1-b42e-403c-a53a-bac92e00c682/1764720000.0_mean_300.0_v3" 201 - "PUT http://172.18.0.2:8080/d1/345/AUTH_309271f2df0d4ef19f54b3a0cd07d8de/gnocchi.160454f1-b42e-403c-a53a-bac92e00c682/1764720000.0_mean_300.0_v3" "tx8ce80710b38649c8816ab-006932cfc8" "object-server 25" 0.0064 "-" 22 0
Dec 5 12:27:52 standalone object-server[127411]: 172.20.0.100 - - [05/Dec/2025:12:27:52 +0000] "PUT /d1/345/AUTH_309271f2df0d4ef19f54b3a0cd07d8de/gnocchi.160454f1-b42e-403c-a53a-bac92e00c682/1764720000.0_mean_300.0_v3" 201 - "PUT http://172.18.0.2:8080/v1/AUTH_309271f2df0d4ef19f54b3a0cd07d8de/gnocchi.160454f1-b42e-403c-a53a-bac92e00c682/1764720000.0_mean_300.0_v3" "tx8ce80710b38649c8816ab-006932cfc8" "proxy-server 20" 0.0171 "-" 25 0
Dec 5 12:27:52 standalone proxy-server[129169]: 172.18.0.2 172.18.0.100 05/Dec/2025/12/27/52 PUT /v1/AUTH_309271f2df0d4ef19f54b3a0cd07d8de/gnocchi.160454f1-b42e-403c-a53a-bac92e00c682/1764720000.0_mean_300.0_v3 HTTP/1.0 201 - python-swiftclient-3.11.1 gAAAAABpMs8T_x7v... 16 - - tx8ce80710b38649c8816ab-006932cfc8 - 0.0245 - - 1764937672.499009371 1764937672.523472548 0
Dec 5 12:27:52 standalone container-server[127218]: 172.20.0.100 - - [05/Dec/2025:12:27:52 +0000] "PUT /d1/226/AUTH_309271f2df0d4ef19f54b3a0cd07d8de/gnocchi.27275d28-17ab-4f5b-bedc-080f9d5d7d02/1764720000.0_mean_300.0_v3" 201 - "PUT http://172.18.0.2:8080/d1/156/AUTH_309271f2df0d4ef19f54b3a0cd07d8de/gnocchi.27275d28-17ab-4f5b-bedc-080f9d5d7d02/1764720000.0_mean_300.0_v3" "tx5d187171e235422ebe3d2-006932cfc8" "object-server 22" 0.0004 "-" 22 0
Dec 5 12:27:52 standalone object-server[127388]: 172.20.0.100 - - [05/Dec/2025:12:27:52 +0000] "PUT /d1/156/AUTH_309271f2df0d4ef19f54b3a0cd07d8de/gnocchi.27275d28-17ab-4f5b-bedc-080f9d5d7d02/1764720000.0_mean_300.0_v3" 201 - "PUT http://172.18.0.2:8080/v1/AUTH_309271f2df0d4ef19f54b3a0cd07d8de/gnocchi.27275d28-17ab-4f5b-bedc-080f9d5d7d02/1764720000.0_mean_300.0_v3" "tx5d187171e235422ebe3d2-006932cfc8" "proxy-server 20" 0.0130 "-" 22 0
Dec 5 12:27:52 standalone proxy-server[129169]: 172.18.0.2 172.18.0.100 05/Dec/2025/12/27/52 PUT /v1/AUTH_309271f2df0d4ef19f54b3a0cd07d8de/gnocchi.27275d28-17ab-4f5b-bedc-080f9d5d7d02/1764720000.0_mean_300.0_v3 HTTP/1.0 201 - python-swiftclient-3.11.1 gAAAAABpMs8T_x7v... 16 - - tx5d187171e235422ebe3d2-006932cfc8 - 0.0205 - - 1764937672.527828455 1764937672.548344851 0
Dec 5 12:27:52 standalone container-server[127223]: 172.20.0.100 - - [05/Dec/2025:12:27:52 +0000] "PUT /d1/222/AUTH_309271f2df0d4ef19f54b3a0cd07d8de/gnocchi.160454f1-b42e-403c-a53a-bac92e00c682/none_v3" 201 - "PUT http://172.18.0.2:8080/d1/944/AUTH_309271f2df0d4ef19f54b3a0cd07d8de/gnocchi.160454f1-b42e-403c-a53a-bac92e00c682/none_v3" "tx43b17eed1a58419b99ee1-006932cfc8" "object-server 24" 0.0004 "-" 23 0
Dec 5 12:27:52 standalone object-server[127406]: 172.20.0.100 - - [05/Dec/2025:12:27:52 +0000] "PUT /d1/944/AUTH_309271f2df0d4ef19f54b3a0cd07d8de/gnocchi.160454f1-b42e-403c-a53a-bac92e00c682/none_v3" 201 - "PUT http://172.18.0.2:8080/v1/AUTH_309271f2df0d4ef19f54b3a0cd07d8de/gnocchi.160454f1-b42e-403c-a53a-bac92e00c682/none_v3" "tx43b17eed1a58419b99ee1-006932cfc8" "proxy-server 20" 0.0086 "-" 24 0
Dec 5 12:27:52 standalone proxy-server[129169]: 172.18.0.2 172.18.0.100 05/Dec/2025/12/27/52 PUT /v1/AUTH_309271f2df0d4ef19f54b3a0cd07d8de/gnocchi.160454f1-b42e-403c-a53a-bac92e00c682/none_v3 HTTP/1.0 201 - python-swiftclient-3.11.1 gAAAAABpMs8T_x7v... 22 - - tx43b17eed1a58419b99ee1-006932cfc8 - 0.0139 - - 1764937672.551470518 1764937672.565411568 0
Dec 5 12:27:52 standalone container-server[127206]: 172.20.0.100 - - [05/Dec/2025:12:27:52 +0000] "PUT /d1/226/AUTH_309271f2df0d4ef19f54b3a0cd07d8de/gnocchi.27275d28-17ab-4f5b-bedc-080f9d5d7d02/none_v3" 201 - "PUT http://172.18.0.2:8080/d1/675/AUTH_309271f2df0d4ef19f54b3a0cd07d8de/gnocchi.27275d28-17ab-4f5b-bedc-080f9d5d7d02/none_v3" "tx788539fa4a0541da9813e-006932cfc8" "object-server 23" 0.0005 "-" 20 0
Dec 5 12:27:52 standalone object-server[127401]: 172.20.0.100 - - [05/Dec/2025:12:27:52 +0000] "PUT /d1/675/AUTH_309271f2df0d4ef19f54b3a0cd07d8de/gnocchi.27275d28-17ab-4f5b-bedc-080f9d5d7d02/none_v3" 201 - "PUT http://172.18.0.2:8080/v1/AUTH_309271f2df0d4ef19f54b3a0cd07d8de/gnocchi.27275d28-17ab-4f5b-bedc-080f9d5d7d02/none_v3" "tx788539fa4a0541da9813e-006932cfc8" "proxy-server 20" 0.0069 "-" 23 0
Dec 5 12:27:52 standalone proxy-server[129169]: 172.18.0.2 172.18.0.100 05/Dec/2025/12/27/52 PUT /v1/AUTH_309271f2df0d4ef19f54b3a0cd07d8de/gnocchi.27275d28-17ab-4f5b-bedc-080f9d5d7d02/none_v3 HTTP/1.0 201 - python-swiftclient-3.11.1 gAAAAABpMs8T_x7v... 22 - - tx788539fa4a0541da9813e-006932cfc8 - 0.0166 - - 1764937672.567273378 1764937672.583893776 0
Dec 5 12:27:52 standalone container-server[127223]: 172.20.0.100 - - [05/Dec/2025:12:27:52 +0000] "HEAD /d1/809/AUTH_309271f2df0d4ef19f54b3a0cd07d8de/gnocchi.a9c5cd65-34fa-48b9-ad9c-95277932b84d" 404 - "HEAD http://172.18.0.2:8080/v1/AUTH_309271f2df0d4ef19f54b3a0cd07d8de/gnocchi.a9c5cd65-34fa-48b9-ad9c-95277932b84d?format=json&states=listing" "tx7c8421443f8741b0ae598-006932cfc8" "proxy-server 20" 0.0003 "-" 23 0
Dec 5 12:27:52 standalone object-server[127406]: 172.20.0.100 - - [05/Dec/2025:12:27:52 +0000] "GET /d1/945/AUTH_309271f2df0d4ef19f54b3a0cd07d8de/gnocchi.a9c5cd65-34fa-48b9-ad9c-95277932b84d/none_v3" 404 70 "GET http://172.18.0.2:8080/v1/AUTH_309271f2df0d4ef19f54b3a0cd07d8de/gnocchi.a9c5cd65-34fa-48b9-ad9c-95277932b84d/none_v3" "tx7c8421443f8741b0ae598-006932cfc8" "proxy-server 20" 0.0003 "-" 24 0
Dec 5 12:27:52 standalone proxy-server[129169]: 172.18.0.2 172.18.0.100 05/Dec/2025/12/27/52 GET /v1/AUTH_309271f2df0d4ef19f54b3a0cd07d8de/gnocchi.a9c5cd65-34fa-48b9-ad9c-95277932b84d/none_v3 HTTP/1.0 404 - python-swiftclient-3.11.1 gAAAAABpMs8T_x7v... - 70 - tx7c8421443f8741b0ae598-006932cfc8 - 0.0064 - - 1764937672.593482256 1764937672.599870682 0
Dec 5 12:27:52 standalone account-server[127018]: 172.20.0.100 - - [05/Dec/2025:12:27:52 +0000] "PUT /d1/849/AUTH_309271f2df0d4ef19f54b3a0cd07d8de/gnocchi.a9c5cd65-34fa-48b9-ad9c-95277932b84d" 201 - "PUT http://172.20.0.100:6001/d1/809/AUTH_309271f2df0d4ef19f54b3a0cd07d8de/gnocchi.a9c5cd65-34fa-48b9-ad9c-95277932b84d" "tx483f4e2ca6fd46a687452-006932cfc8" "container-server 22" 0.0066 "-" 21 0
Dec 5 12:27:52 standalone container-server[127218]: 172.20.0.100 - - [05/Dec/2025:12:27:52 +0000] "PUT /d1/809/AUTH_309271f2df0d4ef19f54b3a0cd07d8de/gnocchi.a9c5cd65-34fa-48b9-ad9c-95277932b84d" 201 - "PUT http://172.18.0.2:8080/v1/AUTH_309271f2df0d4ef19f54b3a0cd07d8de/gnocchi.a9c5cd65-34fa-48b9-ad9c-95277932b84d" "tx483f4e2ca6fd46a687452-006932cfc8" "proxy-server 20" 0.0160 "-" 22 0
Dec 5 12:27:52 standalone proxy-server[129169]: 172.18.0.2 172.18.0.100 05/Dec/2025/12/27/52 PUT /v1/AUTH_309271f2df0d4ef19f54b3a0cd07d8de/gnocchi.a9c5cd65-34fa-48b9-ad9c-95277932b84d HTTP/1.0 201 - python-swiftclient-3.11.1 gAAAAABpMs8T_x7v... - - - tx483f4e2ca6fd46a687452-006932cfc8 - 0.0198 - - 1764937672.601521492 1764937672.621296406 0
Dec 5 12:27:52 standalone container-server[127211]: 172.20.0.100 - - [05/Dec/2025:12:27:52 +0000] "HEAD /d1/809/AUTH_309271f2df0d4ef19f54b3a0cd07d8de/gnocchi.a9c5cd65-34fa-48b9-ad9c-95277932b84d" 204 - "HEAD http://172.18.0.2:8080/v1/AUTH_309271f2df0d4ef19f54b3a0cd07d8de/gnocchi.a9c5cd65-34fa-48b9-ad9c-95277932b84d?format=json&states=listing" "tx712cd7dae94041228d6a5-006932cfc8" "proxy-server 20" 0.0011 "-" 21 0
Dec 5 12:27:52 standalone proxy-server[129169]: - - 05/Dec/2025/12/27/52 HEAD /v1/AUTH_309271f2df0d4ef19f54b3a0cd07d8de/gnocchi.a9c5cd65-34fa-48b9-ad9c-95277932b84d%3Fformat%3Djson%26states%3Dlisting HTTP/1.0 204 - Swift - - - - tx712cd7dae94041228d6a5-006932cfc8 - 0.0049 RL - 1764937672.624864817 1764937672.629732132 0
Dec 5 12:27:52 standalone container-server[127206]: 172.20.0.100 - - [05/Dec/2025:12:27:52 +0000] "GET /d1/809/AUTH_309271f2df0d4ef19f54b3a0cd07d8de/gnocchi.a9c5cd65-34fa-48b9-ad9c-95277932b84d" 200 2 "GET http://172.18.0.2:8080/v1/AUTH_309271f2df0d4ef19f54b3a0cd07d8de/gnocchi.a9c5cd65-34fa-48b9-ad9c-95277932b84d?format=json&states=listing" "tx712cd7dae94041228d6a5-006932cfc8" "proxy-server 20" 0.0016 "-" 20 0
Dec 5 12:27:52 standalone proxy-server[129169]: 172.18.0.2 172.18.0.100 05/Dec/2025/12/27/52 GET /v1/AUTH_309271f2df0d4ef19f54b3a0cd07d8de/gnocchi.a9c5cd65-34fa-48b9-ad9c-95277932b84d%3Fformat%3Djson%26states%3Dlisting HTTP/1.0 200 - python-swiftclient-3.11.1 gAAAAABpMs8T_x7v... - 2 - tx712cd7dae94041228d6a5-006932cfc8 - 0.0116 - - 1764937672.624007940 1764937672.635621309 0
Dec 5 12:27:52 standalone object-server[127406]: 172.20.0.100 - - [05/Dec/2025:12:27:52 +0000] "GET /d1/344/AUTH_309271f2df0d4ef19f54b3a0cd07d8de/gnocchi.a9c5cd65-34fa-48b9-ad9c-95277932b84d/1764720000.0_mean_300.0_v3" 404 70 "GET http://172.18.0.2:8080/v1/AUTH_309271f2df0d4ef19f54b3a0cd07d8de/gnocchi.a9c5cd65-34fa-48b9-ad9c-95277932b84d/1764720000.0_mean_300.0_v3" "tx533c512ae9664bc3bc926-006932cfc8" "proxy-server 20" 0.0003 "-" 24 0
Dec 5 12:27:52 standalone proxy-server[129169]: 172.18.0.2 172.18.0.100 05/Dec/2025/12/27/52 GET /v1/AUTH_309271f2df0d4ef19f54b3a0cd07d8de/gnocchi.a9c5cd65-34fa-48b9-ad9c-95277932b84d/1764720000.0_mean_300.0_v3 HTTP/1.0 404 - python-swiftclient-3.11.1 gAAAAABpMs8T_x7v... - 70 - tx533c512ae9664bc3bc926-006932cfc8 - 0.0041 - - 1764937672.638069868 1764937672.642168999 0
Dec 5 12:27:52 standalone container-server[127218]: 172.20.0.100 - - [05/Dec/2025:12:27:52 +0000] "PUT /d1/809/AUTH_309271f2df0d4ef19f54b3a0cd07d8de/gnocchi.a9c5cd65-34fa-48b9-ad9c-95277932b84d/1764720000.0_mean_300.0_v3" 201 - "PUT http://172.18.0.2:8080/d1/344/AUTH_309271f2df0d4ef19f54b3a0cd07d8de/gnocchi.a9c5cd65-34fa-48b9-ad9c-95277932b84d/1764720000.0_mean_300.0_v3" "tx57dca8b57bf54a04b081d-006932cfc8" "object-server 22" 0.0006 "-" 22 0
Dec 5 12:27:52 standalone object-server[127388]: 172.20.0.100 - - [05/Dec/2025:12:27:52 +0000] "PUT /d1/344/AUTH_309271f2df0d4ef19f54b3a0cd07d8de/gnocchi.a9c5cd65-34fa-48b9-ad9c-95277932b84d/1764720000.0_mean_300.0_v3" 201 - "PUT http://172.18.0.2:8080/v1/AUTH_309271f2df0d4ef19f54b3a0cd07d8de/gnocchi.a9c5cd65-34fa-48b9-ad9c-95277932b84d/1764720000.0_mean_300.0_v3" "tx57dca8b57bf54a04b081d-006932cfc8" "proxy-server 20" 0.0078 "-" 22 0
Dec 5 12:27:52 standalone proxy-server[129169]: 172.18.0.2 172.18.0.100 05/Dec/2025/12/27/52 PUT /v1/AUTH_309271f2df0d4ef19f54b3a0cd07d8de/gnocchi.a9c5cd65-34fa-48b9-ad9c-95277932b84d/1764720000.0_mean_300.0_v3 HTTP/1.0 201 - python-swiftclient-3.11.1 gAAAAABpMs8T_x7v... 16 - - tx57dca8b57bf54a04b081d-006932cfc8 - 0.0120 - - 1764937672.645041227 1764937672.657063007 0
Dec 5 12:27:52 standalone container-server[127223]: 172.20.0.100 - - [05/Dec/2025:12:27:52 +0000] "PUT /d1/809/AUTH_309271f2df0d4ef19f54b3a0cd07d8de/gnocchi.a9c5cd65-34fa-48b9-ad9c-95277932b84d/none_v3" 201 - "PUT http://172.18.0.2:8080/d1/945/AUTH_309271f2df0d4ef19f54b3a0cd07d8de/gnocchi.a9c5cd65-34fa-48b9-ad9c-95277932b84d/none_v3" "txc7fa502510ca4aa289d32-006932cfc8" "object-server 25" 0.0004 "-" 23 0
Dec 5 12:27:52 standalone object-server[127411]: 172.20.0.100 - - [05/Dec/2025:12:27:52 +0000] "PUT /d1/945/AUTH_309271f2df0d4ef19f54b3a0cd07d8de/gnocchi.a9c5cd65-34fa-48b9-ad9c-95277932b84d/none_v3" 201 - "PUT http://172.18.0.2:8080/v1/AUTH_309271f2df0d4ef19f54b3a0cd07d8de/gnocchi.a9c5cd65-34fa-48b9-ad9c-95277932b84d/none_v3" "txc7fa502510ca4aa289d32-006932cfc8" "proxy-server 20" 0.0079 "-" 25 0
