Dec 5 12:26:29 standalone proxy-server[129169]: 172.18.0.2 172.18.0.100 05/Dec/2025/12/26/29 PUT /v1/AUTH_309271f2df0d4ef19f54b3a0cd07d8de/gnocchi.6e46355a-84b2-4fd0-aa21-97e454a1ebc5/none_v3 HTTP/1.0 201 - python-swiftclient-3.11.1 gAAAAABpMs8T_x7v... 32 - - tx2ea80c24fb634732a3c23-006932cf75 - 0.0145 - - 1764937589.653860331 1764937589.668323278 0
Dec 5 12:26:39 standalone container-server[127206]: 172.20.0.100 - - [05/Dec/2025:12:26:39 +0000] "HEAD /d1/406/AUTH_309271f2df0d4ef19f54b3a0cd07d8de/gnocchi.8bd4c9fd-c110-4406-b0a5-772f3d766a46" 404 - "HEAD http://172.18.0.2:8080/v1/AUTH_309271f2df0d4ef19f54b3a0cd07d8de/gnocchi.8bd4c9fd-c110-4406-b0a5-772f3d766a46?format=json&states=listing" "txc12beae2d8d8404fb8a75-006932cf7f" "proxy-server 20" 0.0005 "-" 20 0
Dec 5 12:26:39 standalone object-server[127401]: 172.20.0.100 - - [05/Dec/2025:12:26:39 +0000] "GET /d1/198/AUTH_309271f2df0d4ef19f54b3a0cd07d8de/gnocchi.8bd4c9fd-c110-4406-b0a5-772f3d766a46/none_v3" 404 70 "GET http://172.18.0.2:8080/v1/AUTH_309271f2df0d4ef19f54b3a0cd07d8de/gnocchi.8bd4c9fd-c110-4406-b0a5-772f3d766a46/none_v3" "txc12beae2d8d8404fb8a75-006932cf7f" "proxy-server 20" 0.0006 "-" 23 0
Dec 5 12:26:39 standalone proxy-server[129169]: 172.18.0.2 172.18.0.100 05/Dec/2025/12/26/39 GET /v1/AUTH_309271f2df0d4ef19f54b3a0cd07d8de/gnocchi.8bd4c9fd-c110-4406-b0a5-772f3d766a46/none_v3 HTTP/1.0 404 - python-swiftclient-3.11.1 gAAAAABpMs8T_x7v... - 70 - txc12beae2d8d8404fb8a75-006932cf7f - 0.0098 - - 1764937599.705795288 1764937599.715585947 0
Dec 5 12:26:39 standalone account-server[126990]: 172.20.0.100 - - [05/Dec/2025:12:26:39 +0000] "PUT /d1/849/AUTH_309271f2df0d4ef19f54b3a0cd07d8de/gnocchi.8bd4c9fd-c110-4406-b0a5-772f3d766a46" 201 - "PUT http://172.20.0.100:6001/d1/406/AUTH_309271f2df0d4ef19f54b3a0cd07d8de/gnocchi.8bd4c9fd-c110-4406-b0a5-772f3d766a46" "tx259cc6a766a345448248f-006932cf7f" "container-server 22" 0.0050 "-" 20 0
Dec 5 12:26:39 standalone container-server[127218]: 172.20.0.100 - - [05/Dec/2025:12:26:39 +0000] "PUT /d1/406/AUTH_309271f2df0d4ef19f54b3a0cd07d8de/gnocchi.8bd4c9fd-c110-4406-b0a5-772f3d766a46" 201 - "PUT http://172.18.0.2:8080/v1/AUTH_309271f2df0d4ef19f54b3a0cd07d8de/gnocchi.8bd4c9fd-c110-4406-b0a5-772f3d766a46" "tx259cc6a766a345448248f-006932cf7f" "proxy-server 20" 0.0150 "-" 22 0
Dec 5 12:26:39 standalone proxy-server[129169]: 172.18.0.2 172.18.0.100 05/Dec/2025/12/26/39 PUT /v1/AUTH_309271f2df0d4ef19f54b3a0cd07d8de/gnocchi.8bd4c9fd-c110-4406-b0a5-772f3d766a46 HTTP/1.0 201 - python-swiftclient-3.11.1 gAAAAABpMs8T_x7v... - - - tx259cc6a766a345448248f-006932cf7f - 0.0197 - - 1764937599.718412876 1764937599.738114119 0
Dec 5 12:26:39 standalone container-server[127223]: 172.20.0.100 - - [05/Dec/2025:12:26:39 +0000] "HEAD /d1/406/AUTH_309271f2df0d4ef19f54b3a0cd07d8de/gnocchi.8bd4c9fd-c110-4406-b0a5-772f3d766a46" 204 - "HEAD http://172.18.0.2:8080/v1/AUTH_309271f2df0d4ef19f54b3a0cd07d8de/gnocchi.8bd4c9fd-c110-4406-b0a5-772f3d766a46?format=json&states=listing" "tx26d09e0ec2db4692a082b-006932cf7f" "proxy-server 20" 0.0014 "-" 23 0
Dec 5 12:26:39 standalone proxy-server[129169]: - - 05/Dec/2025/12/26/39 HEAD /v1/AUTH_309271f2df0d4ef19f54b3a0cd07d8de/gnocchi.8bd4c9fd-c110-4406-b0a5-772f3d766a46%3Fformat%3Djson%26states%3Dlisting HTTP/1.0 204 - Swift - - - - tx26d09e0ec2db4692a082b-006932cf7f - 0.0040 RL - 1764937599.742093086 1764937599.746088982 0
Dec 5 12:26:39 standalone container-server[127206]: 172.20.0.100 - - [05/Dec/2025:12:26:39 +0000] "GET /d1/406/AUTH_309271f2df0d4ef19f54b3a0cd07d8de/gnocchi.8bd4c9fd-c110-4406-b0a5-772f3d766a46" 200 2 "GET http://172.18.0.2:8080/v1/AUTH_309271f2df0d4ef19f54b3a0cd07d8de/gnocchi.8bd4c9fd-c110-4406-b0a5-772f3d766a46?format=json&states=listing" "tx26d09e0ec2db4692a082b-006932cf7f" "proxy-server 20" 0.0017 "-" 20 0
Dec 5 12:26:39 standalone proxy-server[129169]: 172.18.0.2 172.18.0.100 05/Dec/2025/12/26/39 GET /v1/AUTH_309271f2df0d4ef19f54b3a0cd07d8de/gnocchi.8bd4c9fd-c110-4406-b0a5-772f3d766a46%3Fformat%3Djson%26states%3Dlisting HTTP/1.0 200 - python-swiftclient-3.11.1 gAAAAABpMs8T_x7v... - 2 - tx26d09e0ec2db4692a082b-006932cf7f - 0.0108 - - 1764937599.741220236 1764937599.752026796 0
Dec 5 12:26:39 standalone object-server[127388]: 172.20.0.100 - - [05/Dec/2025:12:26:39 +0000] "GET /d1/212/AUTH_309271f2df0d4ef19f54b3a0cd07d8de/gnocchi.8bd4c9fd-c110-4406-b0a5-772f3d766a46/1764720000.0_mean_300.0_v3" 404 70 "GET http://172.18.0.2:8080/v1/AUTH_309271f2df0d4ef19f54b3a0cd07d8de/gnocchi.8bd4c9fd-c110-4406-b0a5-772f3d766a46/1764720000.0_mean_300.0_v3" "tx68ed7922906648ecaae1d-006932cf7f" "proxy-server 20" 0.0005 "-" 22 0
Dec 5 12:26:39 standalone proxy-server[129169]: 172.18.0.2 172.18.0.100 05/Dec/2025/12/26/39 GET /v1/AUTH_309271f2df0d4ef19f54b3a0cd07d8de/gnocchi.8bd4c9fd-c110-4406-b0a5-772f3d766a46/1764720000.0_mean_300.0_v3 HTTP/1.0 404 - python-swiftclient-3.11.1 gAAAAABpMs8T_x7v... - 70 - tx68ed7922906648ecaae1d-006932cf7f - 0.0082 - - 1764937599.755214691 1764937599.763386965 0
Dec 5 12:26:39 standalone container-server[127206]: 172.20.0.100 - - [05/Dec/2025:12:26:39 +0000] "PUT /d1/406/AUTH_309271f2df0d4ef19f54b3a0cd07d8de/gnocchi.8bd4c9fd-c110-4406-b0a5-772f3d766a46/1764720000.0_mean_300.0_v3" 201 - "PUT http://172.18.0.2:8080/d1/212/AUTH_309271f2df0d4ef19f54b3a0cd07d8de/gnocchi.8bd4c9fd-c110-4406-b0a5-772f3d766a46/1764720000.0_mean_300.0_v3" "tx9801647723744b98bd5da-006932cf7f" "object-server 23" 0.0006 "-" 20 0
Dec 5 12:26:39 standalone object-server[127401]: 172.20.0.100 - - [05/Dec/2025:12:26:39 +0000] "PUT /d1/212/AUTH_309271f2df0d4ef19f54b3a0cd07d8de/gnocchi.8bd4c9fd-c110-4406-b0a5-772f3d766a46/1764720000.0_mean_300.0_v3" 201 - "PUT http://172.18.0.2:8080/v1/AUTH_309271f2df0d4ef19f54b3a0cd07d8de/gnocchi.8bd4c9fd-c110-4406-b0a5-772f3d766a46/1764720000.0_mean_300.0_v3" "tx9801647723744b98bd5da-006932cf7f" "proxy-server 20" 0.0079 "-" 23 0
Dec 5 12:26:39 standalone proxy-server[129169]: 172.18.0.2 172.18.0.100 05/Dec/2025/12/26/39 PUT /v1/AUTH_309271f2df0d4ef19f54b3a0cd07d8de/gnocchi.8bd4c9fd-c110-4406-b0a5-772f3d766a46/1764720000.0_mean_300.0_v3 HTTP/1.0 201 - python-swiftclient-3.11.1 gAAAAABpMs8T_x7v... 16 - - tx9801647723744b98bd5da-006932cf7f - 0.0134 - - 1764937599.766331434 1764937599.779777527 0
Dec 5 12:26:39 standalone container-server[127218]: 172.20.0.100 - - [05/Dec/2025:12:26:39 +0000] "PUT /d1/406/AUTH_309271f2df0d4ef19f54b3a0cd07d8de/gnocchi.8bd4c9fd-c110-4406-b0a5-772f3d766a46/none_v3" 201 - "PUT http://172.18.0.2:8080/d1/198/AUTH_309271f2df0d4ef19f54b3a0cd07d8de/gnocchi.8bd4c9fd-c110-4406-b0a5-772f3d766a46/none_v3" "tx0144a2d0bb8d42d6b51c3-006932cf7f" "object-server 22" 0.0005 "-" 22 0
Dec 5 12:26:39 standalone object-server[127388]: 172.20.0.100 - - [05/Dec/2025:12:26:39 +0000] "PUT /d1/198/AUTH_309271f2df0d4ef19f54b3a0cd07d8de/gnocchi.8bd4c9fd-c110-4406-b0a5-772f3d766a46/none_v3" 201 - "PUT http://172.18.0.2:8080/v1/AUTH_309271f2df0d4ef19f54b3a0cd07d8de/gnocchi.8bd4c9fd-c110-4406-b0a5-772f3d766a46/none_v3" "tx0144a2d0bb8d42d6b51c3-006932cf7f" "proxy-server 20" 0.0114 "-" 22 0
Dec 5 12:26:39 standalone proxy-server[129169]: 172.18.0.2 172.18.0.100 05/Dec/2025/12/26/39 PUT /v1/AUTH_309271f2df0d4ef19f54b3a0cd07d8de/gnocchi.8bd4c9fd-c110-4406-b0a5-772f3d766a46/none_v3 HTTP/1.0 201 - python-swiftclient-3.11.1 gAAAAABpMs8T_x7v... 22 - - tx0144a2d0bb8d42d6b51c3-006932cf7f - 0.0175 - - 1764937599.782747746 1764937599.800288439 0
Dec 5 12:26:40 standalone object-server[127406]: 172.20.0.100 - - [05/Dec/2025:12:26:40 +0000] "GET /d1/198/AUTH_309271f2df0d4ef19f54b3a0cd07d8de/gnocchi.8bd4c9fd-c110-4406-b0a5-772f3d766a46/none_v3" 200 22 "GET http://172.18.0.2:8080/v1/AUTH_309271f2df0d4ef19f54b3a0cd07d8de/gnocchi.8bd4c9fd-c110-4406-b0a5-772f3d766a46/none_v3" "tx55da0d67f9db4791b2c92-006932cf80" "proxy-server 20" 0.0013 "-" 24 0
Dec 5 12:26:40 standalone proxy-server[129169]: 172.18.0.2 172.18.0.100 05/Dec/2025/12/26/40 GET /v1/AUTH_309271f2df0d4ef19f54b3a0cd07d8de/gnocchi.8bd4c9fd-c110-4406-b0a5-772f3d766a46/none_v3 HTTP/1.0 200 - python-swiftclient-3.11.1 gAAAAABpMs8T_x7v... - 22 - tx55da0d67f9db4791b2c92-006932cf80 - 0.0076 - - 1764937600.407896996 1764937600.415534019 0
Dec 5 12:26:40 standalone container-server[127206]: 172.20.0.100 - - [05/Dec/2025:12:26:40 +0000] "GET /d1/406/AUTH_309271f2df0d4ef19f54b3a0cd07d8de/gnocchi.8bd4c9fd-c110-4406-b0a5-772f3d766a46" 200 357 "GET http://172.18.0.2:8080/v1/AUTH_309271f2df0d4ef19f54b3a0cd07d8de/gnocchi.8bd4c9fd-c110-4406-b0a5-772f3d766a46?format=json&states=listing" "tx9d78639386d24735b4faf-006932cf80" "proxy-server 20" 0.0096 "-" 20 0
Dec 5 12:26:40 standalone proxy-server[129169]: 172.18.0.2 172.18.0.100 05/Dec/2025/12/26/40 GET /v1/AUTH_309271f2df0d4ef19f54b3a0cd07d8de/gnocchi.8bd4c9fd-c110-4406-b0a5-772f3d766a46%3Fformat%3Djson%26states%3Dlisting HTTP/1.0 200 - python-swiftclient-3.11.1 gAAAAABpMs8T_x7v... - 357 - tx9d78639386d24735b4faf-006932cf80 - 0.0153 - - 1764937600.419586420 1764937600.434931278 0
Dec 5 12:26:40 standalone container-server[127211]: 172.20.0.100 - - [05/Dec/2025:12:26:40 +0000] "GET /d1/406/AUTH_309271f2df0d4ef19f54b3a0cd07d8de/gnocchi.8bd4c9fd-c110-4406-b0a5-772f3d766a46" 200 2 "GET http://172.18.0.2:8080/v1/AUTH_309271f2df0d4ef19f54b3a0cd07d8de/gnocchi.8bd4c9fd-c110-4406-b0a5-772f3d766a46?format=json&marker=none_v3&states=listing" "tx785df9b885e04ff18f638-006932cf80" "proxy-server 20" 0.0034 "-" 21 0
Dec 5 12:26:40 standalone proxy-server[129169]: 172.18.0.2 172.18.0.100 05/Dec/2025/12/26/40 GET /v1/AUTH_309271f2df0d4ef19f54b3a0cd07d8de/gnocchi.8bd4c9fd-c110-4406-b0a5-772f3d766a46%3Fformat%3Djson%26marker%3Dnone_v3%26states%3Dlisting HTTP/1.0 200 - python-swiftclient-3.11.1 gAAAAABpMs8T_x7v... - 2 - tx785df9b885e04ff18f638-006932cf80 - 0.0090 - - 1764937600.437810898 1764937600.446857452 0
Dec 5 12:26:40 standalone object-server[127388]: 172.20.0.100 - - [05/Dec/2025:12:26:40 +0000] "GET /d1/212/AUTH_309271f2df0d4ef19f54b3a0cd07d8de/gnocchi.8bd4c9fd-c110-4406-b0a5-772f3d766a46/1764720000.0_mean_300.0_v3" 200 16 "GET http://172.18.0.2:8080/v1/AUTH_309271f2df0d4ef19f54b3a0cd07d8de/gnocchi.8bd4c9fd-c110-4406-b0a5-772f3d766a46/1764720000.0_mean_300.0_v3" "txd41597fb5ddb44b8a898b-006932cf80" "proxy-server 20" 0.0006 "-" 22 0
Dec 5 12:26:40 standalone proxy-server[129169]: 172.18.0.2 172.18.0.100 05/Dec/2025/12/26/40 GET /v1/AUTH_309271f2df0d4ef19f54b3a0cd07d8de/gnocchi.8bd4c9fd-c110-4406-b0a5-772f3d766a46/1764720000.0_mean_300.0_v3 HTTP/1.0 200 - python-swiftclient-3.11.1 gAAAAABpMs8T_x7v... - 16 - txd41597fb5ddb44b8a898b-006932cf80 - 0.0052 - - 1764937600.450703859 1764937600.455894232 0
Dec 5 12:26:40 standalone container-server[127223]: 172.20.0.100 - - [05/Dec/2025:12:26:40 +0000] "PUT /d1/406/AUTH_309271f2df0d4ef19f54b3a0cd07d8de/gnocchi.8bd4c9fd-c110-4406-b0a5-772f3d766a46/1764720000.0_mean_300.0_v3" 201 - "PUT http://172.18.0.2:8080/d1/212/AUTH_309271f2df0d4ef19f54b3a0cd07d8de/gnocchi.8bd4c9fd-c110-4406-b0a5-772f3d766a46/1764720000.0_mean_300.0_v3" "tx426bcd45396a43c4a1907-006932cf80" "object-server 25" 0.0008 "-" 23 0
Dec 5 12:26:40 standalone object-server[127411]: 172.20.0.100 - - [05/Dec/2025:12:26:40 +0000] "PUT /d1/212/AUTH_309271f2df0d4ef19f54b3a0cd07d8de/gnocchi.8bd4c9fd-c110-4406-b0a5-772f3d766a46/1764720000.0_mean_300.0_v3" 201 - "PUT http://172.18.0.2:8080/v1/AUTH_309271f2df0d4ef19f54b3a0cd07d8de/gnocchi.8bd4c9fd-c110-4406-b0a5-772f3d766a46/1764720000.0_mean_300.0_v3" "tx426bcd45396a43c4a1907-006932cf80" "proxy-server 20" 0.0114 "-" 25 0
Dec 5 12:26:40 standalone proxy-server[129169]: 172.18.0.2 172.18.0.100 05/Dec/2025/12/26/40 PUT /v1/AUTH_309271f2df0d4ef19f54b3a0cd07d8de/gnocchi.8bd4c9fd-c110-4406-b0a5-772f3d766a46/1764720000.0_mean_300.0_v3 HTTP/1.0 201 - python-swiftclient-3.11.1 gAAAAABpMs8T_x7v... 16 - - tx426bcd45396a43c4a1907-006932cf80 - 0.0173 - - 1764937600.459017515 1764937600.476351023 0
Dec 5 12:26:40 standalone container-server[127211]: 172.20.0.100 - - [05/Dec/2025:12:26:40 +0000] "PUT /d1/406/AUTH_309271f2df0d4ef19f54b3a0cd07d8de/gnocchi.8bd4c9fd-c110-4406-b0a5-772f3d766a46/none_v3" 201 - "PUT http://172.18.0.2:8080/d1/198/AUTH_309271f2df0d4ef19f54b3a0cd07d8de/gnocchi.8bd4c9fd-c110-4406-b0a5-772f3d766a46/none_v3" "tx1454c902e0c6441a9e4b3-006932cf80" "object-server 23" 0.0007 "-" 21 0
Dec 5 12:26:40 standalone object-server[127401]: 172.20.0.100 - - [05/Dec/2025:12:26:40 +0000] "PUT /d1/198/AUTH_309271f2df0d4ef19f54b3a0cd07d8de/gnocchi.8bd4c9fd-c110-4406-b0a5-772f3d766a46/none_v3" 201 - "PUT http://172.18.0.2:8080/v1/AUTH_309271f2df0d4ef19f54b3a0cd07d8de/gnocchi.8bd4c9fd-c110-4406-b0a5-772f3d766a46/none_v3" "tx1454c902e0c6441a9e4b3-006932cf80" "proxy-server 20" 0.0118 "-" 23 0
Dec 5 12:26:40 standalone proxy-server[129169]: 172.18.0.2 172.18.0.100 05/Dec/2025/12/26/40 PUT /v1/AUTH_309271f2df0d4ef19f54b3a0cd07d8de/gnocchi.8bd4c9fd-c110-4406-b0a5-772f3d766a46/none_v3 HTTP/1.0 201 - python-swiftclient-3.11.1 gAAAAABpMs8T_x7v... 31 - - tx1454c902e0c6441a9e4b3-006932cf80 - 0.0170 - - 1764937600.479131460 1764937600.496157408 0
Dec 5 12:26:48 standalone object-server[127388]: 172.20.0.100 - - [05/Dec/2025:12:26:48 +0000] "GET /d1/398/AUTH_309271f2df0d4ef19f54b3a0cd07d8de/gnocchi.6e46355a-84b2-4fd0-aa21-97e454a1ebc5/none_v3" 200 32 "GET http://172.18.0.2:8080/v1/AUTH_309271f2df0d4ef19f54b3a0cd07d8de/gnocchi.6e46355a-84b2-4fd0-aa21-97e454a1ebc5/none_v3" "txa1489e6a3de244e685ab6-006932cf88" "proxy-server 20" 0.0016 "-" 22 0
Dec 5 12:26:48 standalone proxy-server[129169]: 172.18.0.2 172.18.0.100 05/Dec/2025/12/26/48 GET /v1/AUTH_309271f2df0d4ef19f54b3a0cd07d8de/gnocchi.6e46355a-84b2-4fd0-aa21-97e454a1ebc5/none_v3 HTTP/1.0 200 - python-swiftclient-3.11.1 gAAAAABpMs8T_x7v... - 32 - txa1489e6a3de244e685ab6-006932cf88 - 0.0137 - - 1764937608.890759468 1764937608.904418230 0
Dec 5 12:26:48 standalone container-server[127211]: 172.20.0.100 - - [05/Dec/2025:12:26:48 +0000] "GET /d1/50/AUTH_309271f2df0d4ef19f54b3a0cd07d8de/gnocchi.6e46355a-84b2-4fd0-aa21-97e454a1ebc5" 200 357 "GET http://172.18.0.2:8080/v1/AUTH_309271f2df0d4ef19f54b3a0cd07d8de/gnocchi.6e46355a-84b2-4fd0-aa21-97e454a1ebc5?format=json&states=listing" "tx1ee949b56651443b9c17f-006932cf88" "proxy-server 20" 0.0307 "-" 21 0
Dec 5 12:26:48 standalone proxy-server[129169]: 172.18.0.2 172.18.0.100 05/Dec/2025/12/26/48 GET /v1/AUTH_309271f2df0d4ef19f54b3a0cd07d8de/gnocchi.6e46355a-84b2-4fd0-aa21-97e454a1ebc5%3Fformat%3Djson%26states%3Dlisting HTTP/1.0 200 - python-swiftclient-3.11.1 gAAAAABpMs8T_x7v... - 357 - tx1ee949b56651443b9c17f-006932cf88 - 0.0394 - - 1764937608.909866095 1764937608.949224234 0
Dec 5 12:26:48 standalone container-server[127218]: 172.20.0.100 - - [05/Dec/2025:12:26:48 +0000] "GET /d1/50/AUTH_309271f2df0d4ef19f54b3a0cd07d8de/gnocchi.6e46355a-84b2-4fd0-aa21-97e454a1ebc5" 200 2 "GET http://172.18.0.2:8080/v1/AUTH_309271f2df0d4ef19f54b3a0cd07d8de/gnocchi.6e46355a-84b2-4fd0-aa21-97e454a1ebc5?format=json&marker=none_v3&states=listing" "tx5e0f369c1f8446d3af5a3-006932cf88" "proxy-server 20" 0.0036 "-" 22 0
Dec 5 12:26:48 standalone proxy-server[129169]: 172.18.0.2 172.18.0.100 05/Dec/2025/12/26/48 GET /v1/AUTH_309271f2df0d4ef19f54b3a0cd07d8de/gnocchi.6e46355a-84b2-4fd0-aa21-97e454a1ebc5%3Fformat%3Djson%26marker%3Dnone_v3%26states%3Dlisting HTTP/1.0 200 - python-swiftclient-3.11.1 gAAAAABpMs8T_x7v... - 2 - tx5e0f369c1f8446d3af5a3-006932cf88 - 0.0117 - - 1764937608.954148293 1764937608.965890884 0
Dec 5 12:26:48 standalone object-server[127388]: 172.20.0.100 - - [05/Dec/2025:12:26:48 +0000] "GET /d1/730/AUTH_309271f2df0d4ef19f54b3a0cd07d8de/gnocchi.6e46355a-84b2-4fd0-aa21-97e454a1ebc5/1764720000.0_mean_300.0_v3" 200 16 "GET http://172.18.0.2:8080/v1/AUTH_309271f2df0d4ef19f54b3a0cd07d8de/gnocchi.6e46355a-84b2-4fd0-aa21-97e454a1ebc5/1764720000.0_mean_300.0_v3" "tx505db685e9f442599cae2-006932cf88" "proxy-server 20" 0.0010 "-" 22 0
Dec 5 12:26:48 standalone proxy-server[129169]: 172.18.0.2 172.18.0.100 05/Dec/2025/12/26/48 GET /v1/AUTH_309271f2df0d4ef19f54b3a0cd07d8de/gnocchi.6e46355a-84b2-4fd0-aa21-97e454a1ebc5/1764720000.0_mean_300.0_v3 HTTP/1.0 200 - python-swiftclient-3.11.1 gAAAAABpMs8T_x7v... - 16 - tx505db685e9f442599cae2-006932cf88 - 0.0119 - - 1764937608.970526934 1764937608.982408524 0
Dec 5 12:26:49 standalone container-server[127206]: 172.20.0.100 - - [05/Dec/2025:12:26:49 +0000] "PUT /d1/50/AUTH_309271f2df0d4ef19f54b3a0cd07d8de/gnocchi.6e46355a-84b2-4fd0-aa21-97e454a1ebc5/1764720000.0_mean_300.0_v3" 201 - "PUT http://172.18.0.2:8080/d1/730/AUTH_309271f2df0d4ef19f54b3a0cd07d8de/gnocchi.6e46355a-84b2-4fd0-aa21-97e454a1ebc5/1764720000.0_mean_300.0_v3" "txa905c226e7fd448dbe748-006932cf88" "object-server 24" 0.0008 "-" 20 0
Dec 5 12:26:49 standalone object-server[127406]: 172.20.0.100 - - [05/Dec/2025:12:26:49 +0000] "PUT /d1/730/AUTH_309271f2df0d4ef19f54b3a0cd07d8de/gnocchi.6e46355a-84b2-4fd0-aa21-97e454a1ebc5/1764720000.0_mean_300.0_v3" 201 - "PUT http://172.18.0.2:8080/v1/AUTH_309271f2df0d4ef19f54b3a0cd07d8de/gnocchi.6e46355a-84b2-4fd0-aa21-97e454a1ebc5/1764720000.0_mean_300.0_v3" "txa905c226e7fd448dbe748-006932cf88" "proxy-server 20" 0.0127 "-" 24 0
Dec 5 12:26:49 standalone proxy-server[129169]: 172.18.0.2 172.18.0.100 05/Dec/2025/12/26/49 PUT /v1/AUTH_309271f2df0d4ef19f54b3a0cd07d8de/gnocchi.6e46355a-84b2-4fd0-aa21-97e454a1ebc5/1764720000.0_mean_300.0_v3 HTTP/1.0 201 - python-swiftclient-3.11.1 gAAAAABpMs8T_x7v... 16 - - txa905c226e7fd448dbe748-006932cf88 - 0.0193 - - 1764937608.986453295 1764937609.005716801 0
Dec 5 12:26:49 standalone container-server[127218]: 172.20.0.100 - - [05/Dec/2025:12:26:49 +0000] "PUT /d1/50/AUTH_309271f2df0d4ef19f54b3a0cd07d8de/gnocchi.6e46355a-84b2-4fd0-aa21-97e454a1ebc5/none_v3" 201 - "PUT http://172.18.0.2:8080/d1/398/AUTH_309271f2df0d4ef19f54b3a0cd07d8de/gnocchi.6e46355a-84b2-4fd0-aa21-97e454a1ebc5/none_v3" "tx3e8931b6025a4e4eb642a-006932cf89" "object-server 24" 0.0009 "-" 22 0
Dec 5 12:26:49 standalone object-server[127406]: 172.20.0.100 - - [05/Dec/2025:12:26:49 +0000] "PUT /d1/398/AUTH_309271f2df0d4ef19f54b3a0cd07d8de/gnocchi.6e46355a-84b2-4fd0-aa21-97e454a1ebc5/none_v3" 201 - "PUT http://172.18.0.2:8080/v1/AUTH_309271f2df0d4ef19f54b3a0cd07d8de/gnocchi.6e46355a-84b2-4fd0-aa21-97e454a1ebc5/none_v3" "tx3e8931b6025a4e4eb642a-006932cf89" "proxy-server 20" 0.0099 "-" 24 0
Dec 5 12:26:49 standalone proxy-server[129169]: 172.18.0.2 172.18.0.100 05/Dec/2025/12/26/49 PUT /v1/AUTH_309271f2df0d4ef19f54b3a0cd07d8de/gnocchi.6e46355a-84b2-4fd0-aa21-97e454a1ebc5/none_v3 HTTP/1.0 201 - python-swiftclient-3.11.1 gAAAAABpMs8T_x7v... 46 - - tx3e8931b6025a4e4eb642a-006932cf89 - 0.0162 - - 1764937609.009492874 1764937609.025662184 0
Dec 5 12:26:49 standalone object-server[127406]: 172.20.0.100 - - [05/Dec/2025:12:26:49 +0000] "GET /d1/398/AUTH_309271f2df0d4ef19f54b3a0cd07d8de/gnocchi.6e46355a-84b2-4fd0-aa21-97e454a1ebc5/none_v3" 200 46 "GET http://172.18.0.2:8080/v1/AUTH_309271f2df0d4ef19f54b3a0cd07d8de/gnocchi.6e46355a-84b2-4fd0-aa21-97e454a1ebc5/none_v3" "tx9bb56d6f6d9d4f7b9a16e-006932cf89" "proxy-server 20" 0.0013 "-" 24 0
Dec 5 12:26:49 standalone proxy-server[129169]: 172.18.0.2 172.18.0.100 05/Dec/2025/12/26/49 GET /v1/AUTH_309271f2df0d4ef19f54b3a0cd07d8de/gnocchi.6e46355a-84b2-4fd0-aa21-97e454a1ebc5/none_v3 HTTP/1.0 200 - python-swiftclient-3.11.1 gAAAAABpMs8T_x7v... - 46 - tx9bb56d6f6d9d4f7b9a16e-006932cf89 - 0.0101 - - 1764937609.835726261 1764937609.845821142 0
Dec 5 12:26:49 standalone container-server[127218]: 172.20.0.100 - - [05/Dec/2025:12:26:49 +0000] "GET /d1/50/AUTH_309271f2df0d4ef19f54b3a0cd07d8de/gnocchi.6e46355a-84b2-4fd0-aa21-97e454a1ebc5" 200 357 "GET http://172.18.0.2:8080/v1/AUTH_309271f2df0d4ef19f54b3a0cd07d8de/gnocchi.6e46355a-84b2-4fd0-aa21-97e454a1ebc5?format=json&states=listing" "txd9aa474347c04bfebc1b3-006932cf89" "proxy-server 20" 0.0105 "-" 22 0
Dec 5 12:26:49 standalone proxy-server[129169]: 172.18.0.2 172.18.0.100 05/Dec/2025/12/26/49 GET /v1/AUTH_309271f2df0d4ef19f54b3a0cd07d8de/gnocchi.6e46355a-84b2-4fd0-aa21-97e454a1ebc5%3Fformat%3Djson%26states%3Dlisting HTTP/1.0 200 - python-swiftclient-3.11.1 gAAAAABpMs8T_x7v... - 357 - txd9aa474347c04bfebc1b3-006932cf89 - 0.0207 - - 1764937609.851490498 1764937609.872148991 0
Dec 5 12:26:49 standalone container-server[127223]: 172.20.0.100 - - [05/Dec/2025:12:26:49 +0000] "GET /d1/50/AUTH_309271f2df0d4ef19f54b3a0cd07d8de/gnocchi.6e46355a-84b2-4fd0-aa21-97e454a1ebc5" 200 2 "GET http://172.18.0.2:8080/v1/AUTH_309271f2df0d4ef19f54b3a0cd07d8de/gnocchi.6e46355a-84b2-4fd0-aa21-97e454a1ebc5?format=json&marker=none_v3&states=listing" "tx8b2f0b7f983e4af79107d-006932cf89" "proxy-server 20" 0.0037 "-" 23 0
Dec 5 12:26:49 standalone proxy-server[129169]: 172.18.0.2 172.18.0.100 05/Dec/2025/12/26/49 GET /v1/AUTH_309271f2df0d4ef19f54b3a0cd07d8de/gnocchi.6e46355a-84b2-4fd0-aa21-97e454a1ebc5%3Fformat%3Djson%26marker%3Dnone_v3%26states%3Dlisting HTTP/1.0 200 - python-swiftclient-3.11.1 gAAAAABpMs8T_x7v... - 2 - tx8b2f0b7f983e4af79107d-006932cf89 - 0.0102 - - 1764937609.877665997 1764937609.887858868 0
Dec 5 12:26:49 standalone object-server[127388]: 172.20.0.100 - - [05/Dec/2025:12:26:49 +0000] "GET /d1/730/AUTH_309271f2df0d4ef19f54b3a0cd07d8de/gnocchi.6e46355a-84b2-4fd0-aa21-97e454a1ebc5/1764720000.0_mean_300.0_v3" 200 16 "GET http://172.18.0.2:8080/v1/AUTH_309271f2df0d4ef19f54b3a0cd07d8de/gnocchi.6e46355a-84b2-4fd0-aa21-97e454a1ebc5/1764720000.0_mean_300.0_v3" "tx815cfb62eb7c42d7b5b70-006932cf89" "proxy-server 20" 0.0017 "-" 22 0
Dec 5 12:26:49 standalone proxy-server[129169]: 172.18.0.2 172.18.0.100 05/Dec/2025/12/26/49 GET /v1/AUTH_309271f2df0d4ef19f54b3a0cd07d8de/gnocchi.6e46355a-84b2-4fd0-aa21-97e454a1ebc5/1764720000.0_mean_300.0_v3 HTTP/1.0 200 - python-swiftclient-3.11.1 gAAAAABpMs8T_x7v... - 16 - tx815cfb62eb7c42d7b5b70-006932cf89 - 0.0077 - - 1764937609.892678738 1764937609.900380135 0
Dec 5 12:26:49 standalone container-server[127211]: 172.20.0.100 - - [05/Dec/2025:12:26:49 +0000] "PUT /d1/50/AUTH_309271f2df0d4ef19f54b3a0cd07d8de/gnocchi.6e46355a-84b2-4fd0-aa21-97e454a1ebc5/1764720000.0_mean_300.0_v3" 201 - "PUT http://172.18.0.2:8080/d1/730/AUTH_309271f2df0d4ef19f54b3a0cd07d8de/gnocchi.6e46355a-84b2-4fd0-aa21-97e454a1ebc5/1764720000.0_mean_300.0_v3" "txfd631675839e4527abb70-006932cf89" "object-server 24" 0.0008 "-" 21 0
Dec 5 12:26:49 standalone object-server[127406]: 172.20.0.100 - - [05/Dec/2025:12:26:49 +0000] "PUT /d1/730/AUTH_309271f2df0d4ef19f54b3a0cd07d8de/gnocchi.6e46355a-84b2-4fd0-aa21-97e454a1ebc5/1764720000.0_mean_300.0_v3" 201 - "PUT http://172.18.0.2:8080/v1/AUTH_309271f2df0d4ef19f54b3a0cd07d8de/gnocchi.6e46355a-84b2-4fd0-aa21-97e454a1ebc5/1764720000.0_mean_300.0_v3" "txfd631675839e4527abb70-006932cf89" "proxy-server 20" 0.0136 "-" 24 0
Dec 5 12:26:49 standalone proxy-server[129169]: 172.18.0.2 172.18.0.100 05/Dec/2025/12/26/49 PUT /v1/AUTH_309271f2df0d4ef19f54b3a0cd07d8de/gnocchi.6e46355a-84b2-4fd0-aa21-97e454a1ebc5/1764720000.0_mean_300.0_v3 HTTP/1.0 201 - python-swiftclient-3.11.1 gAAAAABpMs8T_x7v... 16 - - txfd631675839e4527abb70-006932cf89 - 0.0239 - - 1764937609.905780077 1764937609.929723501 0
Dec 5 12:26:49 standalone container-server[127218]: 172.20.0.100 - - [05/Dec/2025:12:26:49 +0000] "PUT /d1/50/AUTH_309271f2df0d4ef19f54b3a0cd07d8de/gnocchi.6e46355a-84b2-4fd0-aa21-97e454a1ebc5/none_v3" 201 - "PUT http://172.18.0.2:8080/d1/398/AUTH_309271f2df0d4ef19f54b3a0cd07d8de/gnocchi.6e46355a-84b2-4fd0-aa21-97e454a1ebc5/none_v3" "txac32365b95ef427ababf0-006932cf89" "object-server 22" 0.0006 "-" 22 0
Dec 5 12:26:49 standalone object-server[127388]: 172.20.0.100 - - [05/Dec/2025:12:26:49 +0000] "PUT /d1/398/AUTH_309271f2df0d4ef19f54b3a0cd07d8de/gnocchi.6e46355a-84b2-4fd0-aa21-97e454a1ebc5/none_v3" 201 - "PUT http://172.18.0.2:8080/v1/AUTH_309271f2df0d4ef19f54b3a0cd07d8de/gnocchi.6e46355a-84b2-4fd0-aa21-97e454a1ebc5/none_v3" "txac32365b95ef427ababf0-006932cf89" "proxy-server 20" 0.0107 "-" 22 0
Dec 5 12:26:49 standalone proxy-server[129169]: 172.18.0.2 172.18.0.100 05/Dec/2025/12/26/49 PUT /v1/AUTH_309271f2df0d4ef19f54b3a0cd07d8de/gnocchi.6e46355a-84b2-4fd0-aa21-97e454a1ebc5/none_v3 HTTP/1.0 201 - python-swiftclient-3.11.1 gAAAAABpMs8T_x7v... 51 - - txac32365b95ef427ababf0-006932cf89 - 0.0230 - - 1764937609.935749769 1764937609.958791256 0
Dec 5 12:26:49 standalone object-server[127406]: 172.20.0.100 - - [05/Dec/2025:12:26:49 +0000] "GET /d1/441/AUTH_309271f2df0d4ef19f54b3a0cd07d8de/gnocchi.508443dd-76ca-4291-977d-5da1f6f61dc0/none_v3" 200 22 "GET http://172.18.0.2:8080/v1/AUTH_309271f2df0d4ef19f54b3a0cd07d8de/gnocchi.508443dd-76ca-4291-977d-5da1f6f61dc0/none_v3" "tx7a64bc4a41e44670aa8a7-006932cf89" "proxy-server 20" 0.0009 "-" 24 0
Dec 5 12:26:49 standalone proxy-server[129169]: 172.18.0.2 172.18.0.100 05/Dec/2025/12/26/49 GET /v1/AUTH_309271f2df0d4ef19f54b3a0cd07d8de/gnocchi.508443dd-76ca-4291-977d-5da1f6f61dc0/none_v3 HTTP/1.0 200 - python-swiftclient-3.11.1 gAAAAABpMs8T_x7v... - 22 - tx7a64bc4a41e44670aa8a7-006932cf89 - 0.0124 - - 1764937609.977515936 1764937609.989871502 0
Dec 5 12:26:50 standalone container-server[127223]: 172.20.0.100 - - [05/Dec/2025:12:26:50 +0000] "GET /d1/220/AUTH_309271f2df0d4ef19f54b3a0cd07d8de/gnocchi.508443dd-76ca-4291-977d-5da1f6f61dc0" 200 357 "GET http://172.18.0.2:8080/v1/AUTH_309271f2df0d4ef19f54b3a0cd07d8de/gnocchi.508443dd-76ca-4291-977d-5da1f6f61dc0?format=json&states=listing" "tx3f7ae9c7f5f54cdc97783-006932cf8a" "proxy-server 20" 0.0020 "-" 23 0
Dec 5 12:26:50 standalone proxy-server[129169]: 172.18.0.2 172.18.0.100 05/Dec/2025/12/26/50 GET /v1/AUTH_309271f2df0d4ef19f54b3a0cd07d8de/gnocchi.508443dd-76ca-4291-977d-5da1f6f61dc0%3Fformat%3Djson%26states%3Dlisting HTTP/1.0 200 - python-swiftclient-3.11.1 gAAAAABpMs8T_x7v... - 357 - tx3f7ae9c7f5f54cdc97783-006932cf8a - 0.0195 - - 1764937610.041528225 1764937610.061012983 0
Dec 5 12:26:50 standalone container-server[127211]: 172.20.0.100 - - [05/Dec/2025:12:26:50 +0000] "GET /d1/220/AUTH_309271f2df0d4ef19f54b3a0cd07d8de/gnocchi.508443dd-76ca-4291-977d-5da1f6f61dc0" 200 2 "GET http://172.18.0.2:8080/v1/AUTH_309271f2df0d4ef19f54b3a0cd07d8de/gnocchi.508443dd-76ca-4291-977d-5da1f6f61dc0?format=json&marker=none_v3&states=listing" "tx50b9374fa197429d9325b-006932cf8a" "proxy-server 20" 0.0020 "-" 21 0
Dec 5 12:26:50 standalone proxy-server[129169]: 172.18.0.2 172.18.0.100 05/Dec/2025/12/26/50 GET /v1/AUTH_309271f2df0d4ef19f54b3a0cd07d8de/gnocchi.508443dd-76ca-4291-977d-5da1f6f61dc0%3Fformat%3Djson%26marker%3Dnone_v3%26states%3Dlisting HTTP/1.0 200 - python-swiftclient-3.11.1 gAAAAABpMs8T_x7v... - 2 - tx50b9374fa197429d9325b-006932cf8a - 0.0132 - - 1764937610.067762375 1764937610.080994606 0
Dec 5 12:26:50 standalone object-server[127411]: 172.20.0.100 - - [05/Dec/2025:12:26:50 +0000] "GET /d1/111/AUTH_309271f2df0d4ef19f54b3a0cd07d8de/gnocchi.508443dd-76ca-4291-977d-5da1f6f61dc0/1764720000.0_mean_300.0_v3" 200 16 "GET http://172.18.0.2:8080/v1/AUTH_309271f2df0d4ef19f54b3a0cd07d8de/gnocchi.508443dd-76ca-4291-977d-5da1f6f61dc0/1764720000.0_mean_300.0_v3" "tx55093a8066b3410f93841-006932cf8a" "proxy-server 20" 0.0008 "-" 25 0
Dec 5 12:26:50 standalone proxy-server[129169]: 172.18.0.2 172.18.0.100 05/Dec/2025/12/26/50 GET /v1/AUTH_309271f2df0d4ef19f54b3a0cd07d8de/gnocchi.508443dd-76ca-4291-977d-5da1f6f61dc0/1764720000.0_mean_300.0_v3 HTTP/1.0 200 - python-swiftclient-3.11.1 gAAAAABpMs8T_x7v... - 16 - tx55093a8066b3410f93841-006932cf8a - 0.0078 - - 1764937610.085601807 1764937610.093400240 0
Dec 5 12:26:50 standalone container-server[127218]: 172.20.0.100 - - [05/Dec/2025:12:26:50 +0000] "PUT /d1/220/AUTH_309271f2df0d4ef19f54b3a0cd07d8de/gnocchi.508443dd-76ca-4291-977d-5da1f6f61dc0/1764720000.0_mean_300.0_v3" 201 - "PUT http://172.18.0.2:8080/d1/111/AUTH_309271f2df0d4ef19f54b3a0cd07d8de/gnocchi.508443dd-76ca-4291-977d-5da1f6f61dc0/1764720000.0_mean_300.0_v3" "tx44ec593341d9429eb3656-006932cf8a" "object-server 24" 0.0005 "-" 22 0
Dec 5 12:26:50 standalone object-server[127406]: 172.20.0.100 - - [05/Dec/2025:12:26:50 +0000] "PUT /d1/111/AUTH_309271f2df0d4ef19f54b3a0cd07d8de/gnocchi.508443dd-76ca-4291-977d-5da1f6f61dc0/1764720000.0_mean_300.0_v3" 201 - "PUT http://172.18.0.2:8080/v1/AUTH_309271f2df0d4ef19f54b3a0cd07d8de/gnocchi.508443dd-76ca-4291-977d-5da1f6f61dc0/1764720000.0_mean_300.0_v3" "tx44ec593341d9429eb3656-006932cf8a" "proxy-server 20" 0.0132 "-" 24 0
Dec 5 12:26:50 standalone proxy-server[129169]: 172.18.0.2 172.18.0.100 05/Dec/2025/12/26/50 PUT /v1/AUTH_309271f2df0d4ef19f54b3a0cd07d8de/gnocchi.508443dd-76ca-4291-977d-5da1f6f61dc0/1764720000.0_mean_300.0_v3 HTTP/1.0 201 - python-swiftclient-3.11.1 gAAAAABpMs8T_x7v... 16 - - tx44ec593341d9429eb3656-006932cf8a - 0.0231 - - 1764937610.095799208 1764937610.118868113 0
Dec 5 12:26:50 standalone container-server[127218]: 172.20.0.100 - - [05/Dec/2025:12:26:50 +0000] "PUT /d1/220/AUTH_309271f2df0d4ef19f54b3a0cd07d8de/gnocchi.508443dd-76ca-4291-977d-5da1f6f61dc0/none_v3" 201 - "PUT http://172.18.0.2:8080/d1/441/AUTH_309271f2df0d4ef19f54b3a0cd07d8de/gnocchi.508443dd-76ca-4291-977d-5da1f6f61dc0/none_v3" "txc09f89807cd94c14933dc-006932cf8a" "object-server 22" 0.0005 "-" 22 0
Dec 5 12:26:50 standalone object-server[127388]: 172.20.0.100 - - [05/Dec/2025:12:26:50 +0000] "PUT /d1/441/AUTH_309271f2df0d4ef19f54b3a0cd07d8de/gnocchi.508443dd-76ca-4291-977d-5da1f6f61dc0/none_v3" 201 - "PUT http://172.18.0.2:8080/v1/AUTH_309271f2df0d4ef19f54b3a0cd07d8de/gnocchi.508443dd-76ca-4291-977d-5da1f6f61dc0/none_v3" "txc09f89807cd94c14933dc-006932cf8a" "proxy-server 20" 0.0137 "-" 22 0
Dec 5 12:26:50 standalone proxy-server[129169]: 172.18.0.2 172.18.0.100 05/Dec/2025/12/26/50 PUT /v1/AUTH_309271f2df0d4ef19f54b3a0cd07d8de/gnocchi.508443dd-76ca-4291-977d-5da1f6f61dc0/none_v3 HTTP/1.0 201 - python-swiftclient-3.11.1 gAAAAABpMs8T_x7v... 32 - - txc09f89807cd94c14933dc-006932cf8a - 0.0207 - - 1764937610.126722813 1764937610.147455931 0
Dec 5 12:26:50 standalone object-server[127401]: 172.20.0.100 - - [05/Dec/2025:12:26:50 +0000] "GET /d1/248/AUTH_309271f2df0d4ef19f54b3a0cd07d8de/gnocchi.65e9e77d-2b58-42b8-b6ca-7e12a6332669/none_v3" 200 22 "GET http://172.18.0.2:8080/v1/AUTH_309271f2df0d4ef19f54b3a0cd07d8de/gnocchi.65e9e77d-2b58-42b8-b6ca-7e12a6332669/none_v3" "txb64b8f0e877e4a1b92e74-006932cf8a" "proxy-server 20" 0.0006 "-" 23 0
Dec 5 12:26:50 standalone proxy-server[129169]: 172.18.0.2 172.18.0.100 05/Dec/2025/12/26/50 GET /v1/AUTH_309271f2df0d4ef19f54b3a0cd07d8de/gnocchi.65e9e77d-2b58-42b8-b6ca-7e12a6332669/none_v3 HTTP/1.0 200 - python-swiftclient-3.11.1 gAAAAABpMs8T_x7v... - 22 - txb64b8f0e877e4a1b92e74-006932cf8a - 0.0149 - - 1764937610.159568071 1764937610.174456120 0
Dec 5 12:26:50 standalone container-server[127211]: 172.20.0.100 - - [05/Dec/2025:12:26:50 +0000] "GET /d1/230/AUTH_309271f2df0d4ef19f54b3a0cd07d8de/gnocchi.65e9e77d-2b58-42b8-b6ca-7e12a6332669" 200 357 "GET http://172.18.0.2:8080/v1/AUTH_309271f2df0d4ef19f54b3a0cd07d8de/gnocchi.65e9e77d-2b58-42b8-b6ca-7e12a6332669?format=json&states=listing" "txb5865c98309d43e19e39d-006932cf8a" "proxy-server 20" 0.0020 "-" 21 0
Dec 5 12:26:50 standalone proxy-server[129169]: 172.18.0.2 172.18.0.100 05/Dec/2025/12/26/50 GET /v1/AUTH_309271f2df0d4ef19f54b3a0cd07d8de/gnocchi.65e9e77d-2b58-42b8-b6ca-7e12a6332669%3Fformat%3Djson%26states%3Dlisting HTTP/1.0 200 - python-swiftclient-3.11.1 gAAAAABpMs8T_x7v... - 357 - txb5865c98309d43e19e39d-006932cf8a - 0.0125 - - 1764937610.183043242 1764937610.195572376 0
Dec 5 12:26:50 standalone container-server[127206]: 172.20.0.100 - - [05/Dec/2025:12:26:50 +0000] "GET /d1/230/AUTH_309271f2df0d4ef19f54b3a0cd07d8de/gnocchi.65e9e77d-2b58-42b8-b6ca-7e12a6332669" 200 2 "GET http://172.18.0.2:8080/v1/AUTH_309271f2df0d4ef19f54b3a0cd07d8de/gnocchi.65e9e77d-2b58-42b8-b6ca-7e12a6332669?format=json&marker=none_v3&states=listing" "txf6abf8addb9348bfb034f-006932cf8a" "proxy-server 20" 0.0018 "-" 20 0
Dec 5 12:26:50 standalone proxy-server[129169]: 172.18.0.2 172.18.0.100 05/Dec/2025/12/26/50 GET /v1/AUTH_309271f2df0d4ef19f54b3a0cd07d8de/gnocchi.65e9e77d-2b58-42b8-b6ca-7e12a6332669%3Fformat%3Djson%26marker%3Dnone_v3%26states%3Dlisting HTTP/1.0 200 - python-swiftclient-3.11.1 gAAAAABpMs8T_x7v... - 2 - txf6abf8addb9348bfb034f-006932cf8a - 0.0075 - - 1764937610.197701693 1764937610.205242395 0
Dec 5 12:26:50 standalone object-server[127388]: 172.20.0.100 - - [05/Dec/2025:12:26:50 +0000] "GET /d1/376/AUTH_309271f2df0d4ef19f54b3a0cd07d8de/gnocchi.65e9e77d-2b58-42b8-b6ca-7e12a6332669/1764720000.0_mean_300.0_v3" 200 16 "GET http://172.18.0.2:8080/v1/AUTH_309271f2df0d4ef19f54b3a0cd07d8de/gnocchi.65e9e77d-2b58-42b8-b6ca-7e12a6332669/1764720000.0_mean_300.0_v3" "tx39316a5944654816abeee-006932cf8a" "proxy-server 20" 0.0006 "-" 22 0
Dec 5 12:26:50 standalone proxy-server[129169]: 172.18.0.2 172.18.0.100 05/Dec/2025/12/26/50 GET /v1/AUTH_309271f2df0d4ef19f54b3a0cd07d8de/gnocchi.65e9e77d-2b58-42b8-b6ca-7e12a6332669/1764720000.0_mean_300.0_v3 HTTP/1.0 200 - python-swiftclient-3.11.1 gAAAAABpMs8T_x7v... - 16 - tx39316a5944654816abeee-006932cf8a - 0.0075 - - 1764937610.207764149 1764937610.215243340 0
Dec 5 12:26:50 standalone container-server[127223]: 172.20.0.100 - - [05/Dec/2025:12:26:50 +0000] "PUT /d1/230/AUTH_309271f2df0d4ef19f54b3a0cd07d8de/gnocchi.65e9e77d-2b58-42b8-b6ca-7e12a6332669/1764720000.0_mean_300.0_v3" 201 - "PUT http://172.18.0.2:8080/d1/376/AUTH_309271f2df0d4ef19f54b3a0cd07d8de/gnocchi.65e9e77d-2b58-42b8-b6ca-7e12a6332669/1764720000.0_mean_300.0_v3" "tx84d33e1b5bff44e08654a-006932cf8a" "object-server 22" 0.0005 "-" 23 0
Dec 5 12:26:50 standalone object-server[127388]: 172.20.0.100 - - [05/Dec/2025:12:26:50 +0000] "PUT /d1/376/AUTH_309271f2df0d4ef19f54b3a0cd07d8de/gnocchi.65e9e77d-2b58-42b8-b6ca-7e12a6332669/1764720000.0_mean_300.0_v3" 201 - "PUT http://172.18.0.2:8080/v1/AUTH_309271f2df0d4ef19f54b3a0cd07d8de/gnocchi.65e9e77d-2b58-42b8-b6ca-7e12a6332669/1764720000.0_mean_300.0_v3" "tx84d33e1b5bff44e08654a-006932cf8a" "proxy-server 20" 0.0193 "-" 22 0
Dec 5 12:26:50 standalone proxy-server[129169]: 172.18.0.2 172.18.0.100 05/Dec/2025/12/26/50 PUT /v1/AUTH_309271f2df0d4ef19f54b3a0cd07d8de/gnocchi.65e9e77d-2b58-42b8-b6ca-7e12a6332669/1764720000.0_mean_300.0_v3 HTTP/1.0 201 - python-swiftclient-3.11.1 gAAAAABpMs8T_x7v... 16 - - tx84d33e1b5bff44e08654a-006932cf8a - 0.0263 - - 1764937610.217730284 1764937610.244022846 0
Dec 5 12:26:50 standalone container-server[127206]: 172.20.0.100 - - [05/Dec/2025:12:26:50 +0000] "PUT /d1/230/AUTH_309271f2df0d4ef19f54b3a0cd07d8de/gnocchi.65e9e77d-2b58-42b8-b6ca-7e12a6332669/none_v3" 201 - "PUT http://172.18.0.2:8080/d1/248/AUTH_309271f2df0d4ef19f54b3a0cd07d8de/gnocchi.65e9e77d-2b58-42b8-b6ca-7e12a6332669/none_v3" "tx7ec0382cbd304a078dc7c-006932cf8a" "object-server 22" 0.0005 "-" 20 0
Dec 5 12:26:50 standalone object-server[127388]: 172.20.0.100 - - [05/Dec/2025:12:26:50 +0000] "PUT /d1/248/AUTH_309271f2df0d4ef19f54b3a0cd07d8de/gnocchi.65e9e77d-2b58-42b8-b6ca-7e12a6332669/none_v3" 201 - "PUT http://172.18.0.2:8080/v1/AUTH_309271f2df0d4ef19f54b3a0cd07d8de/gnocchi.65e9e77d-2b58-42b8-b6ca-7e12a6332669/none_v3" "tx7ec0382cbd304a078dc7c-006932cf8a" "proxy-server 20" 0.0103 "-" 22 0
Dec 5 12:26:50 standalone proxy-server[129169]: 172.18.0.2 172.18.0.100 05/Dec/2025/12/26/50 PUT /v1/AUTH_309271f2df0d4ef19f54b3a0cd07d8de/gnocchi.65e9e77d-2b58-42b8-b6ca-7e12a6332669/none_v3 HTTP/1.0 201 - python-swiftclient-3.11.1 gAAAAABpMs8T_x7v... 32 - - tx7ec0382cbd304a078dc7c-006932cf8a - 0.0181 - - 1764937610.248963594 1764937610.267054081 0
Dec 5 12:26:50 standalone object-server[127388]: 172.20.0.100 - - [05/Dec/2025:12:26:50 +0000] "GET /d1/686/AUTH_309271f2df0d4ef19f54b3a0cd07d8de/gnocchi.c3b77f26-bbc9-4d76-8317-89cebcf768f3/none_v3" 200 22 "GET http://172.18.0.2:8080/v1/AUTH_309271f2df0d4ef19f54b3a0cd07d8de/gnocchi.c3b77f26-bbc9-4d76-8317-89cebcf768f3/none_v3" "tx48118439b94c4f27a9f1e-006932cf8a" "proxy-server 20" 0.0007 "-" 22 0
Dec 5 12:26:50 standalone proxy-server[129169]: 172.18.0.2 172.18.0.100 05/Dec/2025/12/26/50 GET /v1/AUTH_309271f2df0d4ef19f54b3a0cd07d8de/gnocchi.c3b77f26-bbc9-4d76-8317-89cebcf768f3/none_v3 HTTP/1.0 200 - python-swiftclient-3.11.1 gAAAAABpMs8T_x7v... - 22 - tx48118439b94c4f27a9f1e-006932cf8a - 0.0065 - - 1764937610.277591228 1764937610.284090281 0
Dec 5 12:26:50 standalone container-server[127206]: 172.20.0.100 - - [05/Dec/2025:12:26:50 +0000] "GET /d1/382/AUTH_309271f2df0d4ef19f54b3a0cd07d8de/gnocchi.c3b77f26-bbc9-4d76-8317-89cebcf768f3" 200 357 "GET http://172.18.0.2:8080/v1/AUTH_309271f2df0d4ef19f54b3a0cd07d8de/gnocchi.c3b77f26-bbc9-4d76-8317-89cebcf768f3?format=json&states=listing" "tx814c9775a11c4fc4a3835-006932cf8a" "proxy-server 20" 0.0021 "-" 20 0
Dec 5 12:26:50 standalone proxy-server[129169]: 172.18.0.2 172.18.0.100 05/Dec/2025/12/26/50 GET /v1/AUTH_309271f2df0d4ef19f54b3a0cd07d8de/gnocchi.c3b77f26-bbc9-4d76-8317-89cebcf768f3%3Fformat%3Djson%26states%3Dlisting HTTP/1.0 200 - python-swiftclient-3.11.1 gAAAAABpMs8T_x7v... - 357 - tx814c9775a11c4fc4a3835-006932cf8a - 0.0082 - - 1764937610.290682077 1764937610.298879862 0
Dec 5 12:26:50 standalone container-server[127223]: 172.20.0.100 - - [05/Dec/2025:12:26:50 +0000] "GET /d1/382/AUTH_309271f2df0d4ef19f54b3a0cd07d8de/gnocchi.c3b77f26-bbc9-4d76-8317-89cebcf768f3" 200 2 "GET http://172.18.0.2:8080/v1/AUTH_309271f2df0d4ef19f54b3a0cd07d8de/gnocchi.c3b77f26-bbc9-4d76-8317-89cebcf768f3?format=json&marker=none_v3&states=listing" "tx5504dea78b7643bbad609-006932cf8a" "proxy-server 20" 0.0019 "-" 23 0
Dec 5 12:26:50 standalone proxy-server[129169]: 172.18.0.2 172.18.0.100 05/Dec/2025/12/26/50 GET /v1/AUTH_309271f2df0d4ef19f54b3a0cd07d8de/gnocchi.c3b77f26-bbc9-4d76-8317-89cebcf768f3%3Fformat%3Djson%26marker%3Dnone_v3%26states%3Dlisting HTTP/1.0 200 - python-swiftclient-3.11.1 gAAAAABpMs8T_x7v... - 2 - tx5504dea78b7643bbad609-006932cf8a - 0.0373 - - 1764937610.306190252 1764937610.343502760 0
Dec 5 12:26:50 standalone object-server[127401]: 172.20.0.100 - - [05/Dec/2025:12:26:50 +0000] "GET /d1/698/AUTH_309271f2df0d4ef19f54b3a0cd07d8de/gnocchi.c3b77f26-bbc9-4d76-8317-89cebcf768f3/1764720000.0_mean_300.0_v3" 200 16 "GET http://172.18.0.2:8080/v1/AUTH_309271f2df0d4ef19f54b3a0cd07d8de/gnocchi.c3b77f26-bbc9-4d76-8317-89cebcf768f3/1764720000.0_mean_300.0_v3" "txb45f9bfb236c40b2aaf61-006932cf8a" "proxy-server 20" 0.0006 "-" 23 0
Dec 5 12:26:50 standalone proxy-server[129169]: 172.18.0.2 172.18.0.100 05/Dec/2025/12/26/50 GET /v1/AUTH_309271f2df0d4ef19f54b3a0cd07d8de/gnocchi.c3b77f26-bbc9-4d76-8317-89cebcf768f3/1764720000.0_mean_300.0_v3 HTTP/1.0 200 - python-swiftclient-3.11.1 gAAAAABpMs8T_x7v... - 16 - txb45f9bfb236c40b2aaf61-006932cf8a - 0.0072 - - 1764937610.347245455 1764937610.354422808 0
Dec 5 12:26:50 standalone container-server[127223]: 172.20.0.100 - - [05/Dec/2025:12:26:50 +0000] "PUT /d1/382/AUTH_309271f2df0d4ef19f54b3a0cd07d8de/gnocchi.c3b77f26-bbc9-4d76-8317-89cebcf768f3/1764720000.0_mean_300.0_v3" 201 - "PUT http://172.18.0.2:8080/d1/698/AUTH_309271f2df0d4ef19f54b3a0cd07d8de/gnocchi.c3b77f26-bbc9-4d76-8317-89cebcf768f3/1764720000.0_mean_300.0_v3" "tx3ddf1342c61c448b930ba-006932cf8a" "object-server 24" 0.0004 "-" 23 0
Dec 5 12:26:50 standalone object-server[127406]: 172.20.0.100 - - [05/Dec/2025:12:26:50 +0000] "PUT /d1/698/AUTH_309271f2df0d4ef19f54b3a0cd07d8de/gnocchi.c3b77f26-bbc9-4d76-8317-89cebcf768f3/1764720000.0_mean_300.0_v3" 201 - "PUT http://172.18.0.2:8080/v1/AUTH_309271f2df0d4ef19f54b3a0cd07d8de/gnocchi.c3b77f26-bbc9-4d76-8317-89cebcf768f3/1764720000.0_mean_300.0_v3" "tx3ddf1342c61c448b930ba-006932cf8a" "proxy-server 20" 0.0114 "-" 24 0
Dec 5 12:26:50 standalone proxy-server[129169]: 172.18.0.2 172.18.0.100 05/Dec/2025/12/26/50 PUT /v1/AUTH_309271f2df0d4ef19f54b3a0cd07d8de/gnocchi.c3b77f26-bbc9-4d76-8317-89cebcf768f3/1764720000.0_mean_300.0_v3 HTTP/1.0 201 - python-swiftclient-3.11.1 gAAAAABpMs8T_x7v... 16 - - tx3ddf1342c61c448b930ba-006932cf8a - 0.0154 - - 1764937610.356753826 1764937610.372133970 0
Dec 5 12:26:50 standalone container-server[127211]: 172.20.0.100 - - [05/Dec/2025:12:26:50 +0000] "PUT /d1/382/AUTH_309271f2df0d4ef19f54b3a0cd07d8de/gnocchi.c3b77f26-bbc9-4d76-8317-89cebcf768f3/none_v3" 201 - "PUT http://172.18.0.2:8080/d1/686/AUTH_309271f2df0d4ef19f54b3a0cd07d8de/gnocchi.c3b77f26-bbc9-4d76-8317-89cebcf768f3/none_v3" "tx6313640eb0f64ad98a979-006932cf8a" "object-server 23" 0.0005 "-" 21 0
Dec 5 12:26:50 standalone object-server[127401]: 172.20.0.100 - - [05/Dec/2025:12:26:50 +0000] "PUT /d1/686/AUTH_309271f2df0d4ef19f54b3a0cd07d8de/gnocchi.c3b77f26-bbc9-4d76-8317-89cebcf768f3/none_v3" 201 - "PUT http://172.18.0.2:8080/v1/AUTH_309271f2df0d4ef19f54b3a0cd07d8de/gnocchi.c3b77f26-bbc9-4d76-8317-89cebcf768f3/none_v3" "tx6313640eb0f64ad98a979-006932cf8a" "proxy-server 20" 0.0074 "-" 23 0
Dec 5 12:26:50 standalone proxy-server[129169]: 172.18.0.2 172.18.0.100 05/Dec/2025/12/26/50 PUT /v1/AUTH_309271f2df0d4ef19f54b3a0cd07d8de/gnocchi.c3b77f26-bbc9-4d76-8317-89cebcf768f3/none_v3 HTTP/1.0 201 - python-swiftclient-3.11.1 gAAAAABpMs8T_x7v... 32 - - tx6313640eb0f64ad98a979-006932cf8a - 0.0112 - - 1764937610.374328852 1764937610.385531425 0
Dec 5 12:26:50 standalone object-server[127388]: 172.20.0.100 - - [05/Dec/2025:12:26:50 +0000] "GET /d1/238/AUTH_309271f2df0d4ef19f54b3a0cd07d8de/gnocchi.0547832d-db62-4f50-abab-b056ec896e85/none_v3" 200 22 "GET http://172.18.0.2:8080/v1/AUTH_309271f2df0d4ef19f54b3a0cd07d8de/gnocchi.0547832d-db62-4f50-abab-b056ec896e85/none_v3" "tx8c2dae71728945ae8b3be-006932cf8a" "proxy-server 20" 0.0006 "-" 22 0
Dec 5 12:26:50 standalone proxy-server[129169]: 172.18.0.2 172.18.0.100 05/Dec/2025/12/26/50 GET /v1/AUTH_309271f2df0d4ef19f54b3a0cd07d8de/gnocchi.0547832d-db62-4f50-abab-b056ec896e85/none_v3 HTTP/1.0 200 - python-swiftclient-3.11.1 gAAAAABpMs8T_x7v... - 22 - tx8c2dae71728945ae8b3be-006932cf8a - 0.0086 - - 1764937610.397893429 1764937610.406530857 0
Dec 5 12:26:50 standalone container-server[127206]: 172.20.0.100 - - [05/Dec/2025:12:26:50 +0000] "GET /d1/1019/AUTH_309271f2df0d4ef19f54b3a0cd07d8de/gnocchi.0547832d-db62-4f50-abab-b056ec896e85" 200 357 "GET http://172.18.0.2:8080/v1/AUTH_309271f2df0d4ef19f54b3a0cd07d8de/gnocchi.0547832d-db62-4f50-abab-b056ec896e85?format=json&states=listing" "txb24233b959464cfb94c14-006932cf8a" "proxy-server 20" 0.0019 "-" 20 0
Dec 5 12:26:50 standalone proxy-server[129169]: 172.18.0.2 172.18.0.100 05/Dec/2025/12/26/50 GET /v1/AUTH_309271f2df0d4ef19f54b3a0cd07d8de/gnocchi.0547832d-db62-4f50-abab-b056ec896e85%3Fformat%3Djson%26states%3Dlisting HTTP/1.0 200 - python-swiftclient-3.11.1 gAAAAABpMs8T_x7v... - 357 - txb24233b959464cfb94c14-006932cf8a - 0.0083 - - 1764937610.411024570 1764937610.419358969 0
Dec 5 12:26:50 standalone container-server[127218]: 172.20.0.100 - - [05/Dec/2025:12:26:50 +0000] "GET /d1/1019/AUTH_309271f2df0d4ef19f54b3a0cd07d8de/gnocchi.0547832d-db62-4f50-abab-b056ec896e85" 200 2 "GET http://172.18.0.2:8080/v1/AUTH_309271f2df0d4ef19f54b3a0cd07d8de/gnocchi.0547832d-db62-4f50-abab-b056ec896e85?format=json&marker=none_v3&states=listing" "txd56ab73f8f11463ebca8c-006932cf8a" "proxy-server 20" 0.0018 "-" 22 0
Dec 5 12:26:50 standalone proxy-server[129169]: 172.18.0.2 172.18.0.100 05/Dec/2025/12/26/50 GET /v1/AUTH_309271f2df0d4ef19f54b3a0cd07d8de/gnocchi.0547832d-db62-4f50-abab-b056ec896e85%3Fformat%3Djson%26marker%3Dnone_v3%26states%3Dlisting HTTP/1.0 200 - python-swiftclient-3.11.1 gAAAAABpMs8T_x7v... - 2 - txd56ab73f8f11463ebca8c-006932cf8a - 0.0096 - - 1764937610.421221495 1764937610.430867195 0
Dec 5 12:26:50 standalone object-server[127411]: 172.20.0.100 - - [05/Dec/2025:12:26:50 +0000] "GET /d1/193/AUTH_309271f2df0d4ef19f54b3a0cd07d8de/gnocchi.0547832d-db62-4f50-abab-b056ec896e85/1764720000.0_mean_300.0_v3" 200 16 "GET http://172.18.0.2:8080/v1/AUTH_309271f2df0d4ef19f54b3a0cd07d8de/gnocchi.0547832d-db62-4f50-abab-b056ec896e85/1764720000.0_mean_300.0_v3" "txb5c0e1681a7d4e7ea5bed-006932cf8a" "proxy-server 20" 0.0006 "-" 25 0
Dec 5 12:26:50 standalone proxy-server[129169]: 172.18.0.2 172.18.0.100 05/Dec/2025/12/26/50 GET /v1/AUTH_309271f2df0d4ef19f54b3a0cd07d8de/gnocchi.0547832d-db62-4f50-abab-b056ec896e85/1764720000.0_mean_300.0_v3 HTTP/1.0 200 - python-swiftclient-3.11.1 gAAAAABpMs8T_x7v... - 16 - txb5c0e1681a7d4e7ea5bed-006932cf8a - 0.0065 - - 1764937610.434816360 1764937610.441307068 0
Dec 5 12:26:50 standalone container-server[127218]: 172.20.0.100 - - [05/Dec/2025:12:26:50 +0000] "PUT /d1/1019/AUTH_309271f2df0d4ef19f54b3a0cd07d8de/gnocchi.0547832d-db62-4f50-abab-b056ec896e85/1764720000.0_mean_300.0_v3" 201 - "PUT http://172.18.0.2:8080/d1/193/AUTH_309271f2df0d4ef19f54b3a0cd07d8de/gnocchi.0547832d-db62-4f50-abab-b056ec896e85/1764720000.0_mean_300.0_v3" "txc780265b0bef4a17b9437-006932cf8a" "object-server 22" 0.0004 "-" 22 0
Dec 5 12:26:50 standalone object-server[127388]: 172.20.0.100 - - [05/Dec/2025:12:26:50 +0000] "PUT /d1/193/AUTH_309271f2df0d4ef19f54b3a0cd07d8de/gnocchi.0547832d-db62-4f50-abab-b056ec896e85/1764720000.0_mean_300.0_v3" 201 - "PUT http://172.18.0.2:8080/v1/AUTH_309271f2df0d4ef19f54b3a0cd07d8de/gnocchi.0547832d-db62-4f50-abab-b056ec896e85/1764720000.0_mean_300.0_v3" "txc780265b0bef4a17b9437-006932cf8a" "proxy-server 20" 0.0125 "-" 22 0
Dec 5 12:26:50 standalone proxy-server[129169]: 172.18.0.2 172.18.0.100 05/Dec/2025/12/26/50 PUT /v1/AUTH_309271f2df0d4ef19f54b3a0cd07d8de/gnocchi.0547832d-db62-4f50-abab-b056ec896e85/1764720000.0_mean_300.0_v3 HTTP/1.0 201 - python-swiftclient-3.11.1 gAAAAABpMs8T_x7v... 16 - - txc780265b0bef4a17b9437-006932cf8a - 0.0172 - - 1764937610.443163157 1764937610.460376263 0
Dec 5 12:26:50 standalone container-server[127206]: 172.20.0.100 - - [05/Dec/2025:12:26:50 +0000] "PUT /d1/1019/AUTH_309271f2df0d4ef19f54b3a0cd07d8de/gnocchi.0547832d-db62-4f50-abab-b056ec896e85/none_v3" 201 - "PUT http://172.18.0.2:8080/d1/238/AUTH_309271f2df0d4ef19f54b3a0cd07d8de/gnocchi.0547832d-db62-4f50-abab-b056ec896e85/none_v3" "tx3eec424ef4df4f2db9e0e-006932cf8a" "object-server 22" 0.0009 "-" 20 0
Dec 5 12:26:50 standalone object-server[127388]: 172.20.0.100 - - [05/Dec/2025:12:26:50 +0000] "PUT /d1/238/AUTH_309271f2df0d4ef19f54b3a0cd07d8de/gnocchi.0547832d-db62-4f50-abab-b056ec896e85/none_v3" 201 - "PUT http://172.18.0.2:8080/v1/AUTH_309271f2df0d4ef19f54b3a0cd07d8de/gnocchi.0547832d-db62-4f50-abab-b056ec896e85/none_v3" "tx3eec424ef4df4f2db9e0e-006932cf8a" "proxy-server 20" 0.0164 "-" 22 0
Dec 5 12:26:50 standalone proxy-server[129169]: 172.18.0.2 172.18.0.100 05/Dec/2025/12/26/50 PUT /v1/AUTH_309271f2df0d4ef19f54b3a0cd07d8de/gnocchi.0547832d-db62-4f50-abab-b056ec896e85/none_v3 HTTP/1.0 201 - python-swiftclient-3.11.1 gAAAAABpMs8T_x7v... 32 - - tx3eec424ef4df4f2db9e0e-006932cf8a - 0.0235 - - 1764937610.464859247 1764937610.488336086 0
Dec 5 12:26:53 standalone container-server[127223]: 172.20.0.100 - - [05/Dec/2025:12:26:53 +0000] "HEAD /d1/317/AUTH_309271f2df0d4ef19f54b3a0cd07d8de/gnocchi.371f3f32-5765-4050-80d9-bb1a76bdc731" 404 - "HEAD http://172.18.0.2:8080/v1/AUTH_309271f2df0d4ef19f54b3a0cd07d8de/gnocchi.371f3f32-5765-4050-80d9-bb1a76bdc731?format=json&states=listing" "tx616436c8e5334aac9926f-006932cf8d" "proxy-server 20" 0.0012 "-" 23 0
Dec 5 12:26:53 standalone object-server[127406]: 172.20.0.100 - - [05/Dec/2025:12:26:53 +0000] "GET /d1/332/AUTH_309271f2df0d4ef19f54b3a0cd07d8de/gnocchi.371f3f32-5765-4050-80d9-bb1a76bdc731/none_v3" 404 70 "GET http://172.18.0.2:8080/v1/AUTH_309271f2df0d4ef19f54b3a0cd07d8de/gnocchi.371f3f32-5765-4050-80d9-bb1a76bdc731/none_v3" "tx616436c8e5334aac9926f-006932cf8d" "proxy-server 20" 0.0008 "-" 24 0
Dec 5 12:26:53 standalone proxy-server[129169]: 172.18.0.2 172.18.0.100 05/Dec/2025/12/26/53 GET /v1/AUTH_309271f2df0d4ef19f54b3a0cd07d8de/gnocchi.371f3f32-5765-4050-80d9-bb1a76bdc731/none_v3 HTTP/1.0 404 - python-swiftclient-3.11.1 gAAAAABpMs8T_x7v... - 70 - tx616436c8e5334aac9926f-006932cf8d - 0.0170 - - 1764937613.593623638 1764937613.610583544 0
Dec 5 12:26:53 standalone account-server[127045]: 172.20.0.100 - - [05/Dec/2025:12:26:53 +0000] "PUT /d1/849/AUTH_309271f2df0d4ef19f54b3a0cd07d8de/gnocchi.371f3f32-5765-4050-80d9-bb1a76bdc731" 201 - "PUT http://172.20.0.100:6001/d1/317/AUTH_309271f2df0d4ef19f54b3a0cd07d8de/gnocchi.371f3f32-5765-4050-80d9-bb1a76bdc731" "tx8cfb6851b51547a58f09d-006932cf8d" "container-server 23" 0.0053 "-" 23 0
Dec 5 12:26:53 standalone container-server[127223]: 172.20.0.100 - - [05/Dec/2025:12:26:53 +0000] "PUT /d1/317/AUTH_309271f2df0d4ef19f54b3a0cd07d8de/gnocchi.371f3f32-5765-4050-80d9-bb1a76bdc731" 201 - "PUT http://172.18.0.2:8080/v1/AUTH_309271f2df0d4ef19f54b3a0cd07d8de/gnocchi.371f3f32-5765-4050-80d9-bb1a76bdc731" "tx8cfb6851b51547a58f09d-006932cf8d" "proxy-server 20" 0.0231 "-" 23 0
Dec 5 12:26:53 standalone proxy-server[129169]: 172.18.0.2 172.18.0.100 05/Dec/2025/12/26/53 PUT /v1/AUTH_309271f2df0d4ef19f54b3a0cd07d8de/gnocchi.371f3f32-5765-4050-80d9-bb1a76bdc731 HTTP/1.0 201 - python-swiftclient-3.11.1 gAAAAABpMs8T_x7v... - - - tx8cfb6851b51547a58f09d-006932cf8d - 0.0280 - - 1764937613.613522768 1764937613.641563654 0
Dec 5 12:26:53 standalone container-server[127218]: 172.20.0.100 - - [05/Dec/2025:12:26:53 +0000] "HEAD /d1/317/AUTH_309271f2df0d4ef19f54b3a0cd07d8de/gnocchi.371f3f32-5765-4050-80d9-bb1a76bdc731" 204 - "HEAD http://172.18.0.2:8080/v1/AUTH_309271f2df0d4ef19f54b3a0cd07d8de/gnocchi.371f3f32-5765-4050-80d9-bb1a76bdc731?format=json&states=listing" "txc41ba276548c4d1ea8c92-006932cf8d" "proxy-server 20" 0.0012 "-" 22 0
Dec 5 12:26:53 standalone proxy-server[129169]: - - 05/Dec/2025/12/26/53 HEAD /v1/AUTH_309271f2df0d4ef19f54b3a0cd07d8de/gnocchi.371f3f32-5765-4050-80d9-bb1a76bdc731%3Fformat%3Djson%26states%3Dlisting HTTP/1.0 204 - Swift - - - - txc41ba276548c4d1ea8c92-006932cf8d - 0.0043 RL - 1764937613.646591663 1764937613.650883436 0
