Dec 5 12:25:59 standalone proxy-server[129169]: 172.18.0.2 172.18.0.100 05/Dec/2025/12/25/59 GET /v1/AUTH_309271f2df0d4ef19f54b3a0cd07d8de/gnocchi.bc7e293b-f5ec-4f8e-9c10-855729fadb8b/1764720000.0_mean_300.0_v3 HTTP/1.0 404 - python-swiftclient-3.11.1 gAAAAABpMs8T_x7v... - 70 - tx0b11934bdca244aca2eb9-006932cf57 - 0.0115 - - 1764937559.108130932 1764937559.119634151 0
Dec 5 12:25:59 standalone container-server[127206]: 172.20.0.100 - - [05/Dec/2025:12:25:59 +0000] "PUT /d1/287/AUTH_309271f2df0d4ef19f54b3a0cd07d8de/gnocchi.bc7e293b-f5ec-4f8e-9c10-855729fadb8b/1764720000.0_mean_300.0_v3" 201 - "PUT http://172.18.0.2:8080/d1/710/AUTH_309271f2df0d4ef19f54b3a0cd07d8de/gnocchi.bc7e293b-f5ec-4f8e-9c10-855729fadb8b/1764720000.0_mean_300.0_v3" "tx77406c3c82b6458194214-006932cf57" "object-server 23" 0.0021 "-" 20 0
Dec 5 12:25:59 standalone object-server[127401]: 172.20.0.100 - - [05/Dec/2025:12:25:59 +0000] "PUT /d1/710/AUTH_309271f2df0d4ef19f54b3a0cd07d8de/gnocchi.bc7e293b-f5ec-4f8e-9c10-855729fadb8b/1764720000.0_mean_300.0_v3" 201 - "PUT http://172.18.0.2:8080/v1/AUTH_309271f2df0d4ef19f54b3a0cd07d8de/gnocchi.bc7e293b-f5ec-4f8e-9c10-855729fadb8b/1764720000.0_mean_300.0_v3" "tx77406c3c82b6458194214-006932cf57" "proxy-server 20" 0.0281 "-" 23 0
Dec 5 12:25:59 standalone proxy-server[129169]: 172.18.0.2 172.18.0.100 05/Dec/2025/12/25/59 PUT /v1/AUTH_309271f2df0d4ef19f54b3a0cd07d8de/gnocchi.bc7e293b-f5ec-4f8e-9c10-855729fadb8b/1764720000.0_mean_300.0_v3 HTTP/1.0 201 - python-swiftclient-3.11.1 gAAAAABpMs8T_x7v... 16 - - tx77406c3c82b6458194214-006932cf57 - 0.0377 - - 1764937559.124297619 1764937559.162023306 0
Dec 5 12:25:59 standalone container-server[127218]: 172.20.0.100 - - [05/Dec/2025:12:25:59 +0000] "PUT /d1/287/AUTH_309271f2df0d4ef19f54b3a0cd07d8de/gnocchi.bc7e293b-f5ec-4f8e-9c10-855729fadb8b/none_v3" 201 - "PUT http://172.18.0.2:8080/d1/289/AUTH_309271f2df0d4ef19f54b3a0cd07d8de/gnocchi.bc7e293b-f5ec-4f8e-9c10-855729fadb8b/none_v3" "txfb550888900940cba5a42-006932cf57" "object-server 22" 0.0007 "-" 22 0
Dec 5 12:25:59 standalone object-server[127388]: 172.20.0.100 - - [05/Dec/2025:12:25:59 +0000] "PUT /d1/289/AUTH_309271f2df0d4ef19f54b3a0cd07d8de/gnocchi.bc7e293b-f5ec-4f8e-9c10-855729fadb8b/none_v3" 201 - "PUT http://172.18.0.2:8080/v1/AUTH_309271f2df0d4ef19f54b3a0cd07d8de/gnocchi.bc7e293b-f5ec-4f8e-9c10-855729fadb8b/none_v3" "txfb550888900940cba5a42-006932cf57" "proxy-server 20" 0.0122 "-" 22 0
Dec 5 12:25:59 standalone proxy-server[129169]: 172.18.0.2 172.18.0.100 05/Dec/2025/12/25/59 PUT /v1/AUTH_309271f2df0d4ef19f54b3a0cd07d8de/gnocchi.bc7e293b-f5ec-4f8e-9c10-855729fadb8b/none_v3 HTTP/1.0 201 - python-swiftclient-3.11.1 gAAAAABpMs8T_x7v... 22 - - txfb550888900940cba5a42-006932cf57 - 0.0207 - - 1764937559.166780949 1764937559.187493563 0
Dec 5 12:25:59 standalone container-server[127211]: 172.20.0.100 - - [05/Dec/2025:12:25:59 +0000] "HEAD /d1/220/AUTH_309271f2df0d4ef19f54b3a0cd07d8de/gnocchi.508443dd-76ca-4291-977d-5da1f6f61dc0" 404 - "HEAD http://172.18.0.2:8080/v1/AUTH_309271f2df0d4ef19f54b3a0cd07d8de/gnocchi.508443dd-76ca-4291-977d-5da1f6f61dc0?format=json&states=listing" "tx6ffb59659f474b09a438c-006932cf57" "proxy-server 20" 0.0003 "-" 21 0
Dec 5 12:25:59 standalone object-server[127406]: 172.20.0.100 - - [05/Dec/2025:12:25:59 +0000] "GET /d1/441/AUTH_309271f2df0d4ef19f54b3a0cd07d8de/gnocchi.508443dd-76ca-4291-977d-5da1f6f61dc0/none_v3" 404 70 "GET http://172.18.0.2:8080/v1/AUTH_309271f2df0d4ef19f54b3a0cd07d8de/gnocchi.508443dd-76ca-4291-977d-5da1f6f61dc0/none_v3" "tx6ffb59659f474b09a438c-006932cf57" "proxy-server 20" 0.0005 "-" 24 0
Dec 5 12:25:59 standalone proxy-server[129169]: 172.18.0.2 172.18.0.100 05/Dec/2025/12/25/59 GET /v1/AUTH_309271f2df0d4ef19f54b3a0cd07d8de/gnocchi.508443dd-76ca-4291-977d-5da1f6f61dc0/none_v3 HTTP/1.0 404 - python-swiftclient-3.11.1 gAAAAABpMs8T_x7v... - 70 - tx6ffb59659f474b09a438c-006932cf57 - 0.0146 - - 1764937559.298901796 1764937559.313453913 0
Dec 5 12:25:59 standalone account-server[127040]: 172.20.0.100 - - [05/Dec/2025:12:25:59 +0000] "PUT /d1/849/AUTH_309271f2df0d4ef19f54b3a0cd07d8de/gnocchi.508443dd-76ca-4291-977d-5da1f6f61dc0" 201 - "PUT http://172.20.0.100:6001/d1/220/AUTH_309271f2df0d4ef19f54b3a0cd07d8de/gnocchi.508443dd-76ca-4291-977d-5da1f6f61dc0" "tx8f8232ffcbb44e31bbdc0-006932cf57" "container-server 21" 0.0184 "-" 22 0
Dec 5 12:25:59 standalone container-server[127211]: 172.20.0.100 - - [05/Dec/2025:12:25:59 +0000] "PUT /d1/220/AUTH_309271f2df0d4ef19f54b3a0cd07d8de/gnocchi.508443dd-76ca-4291-977d-5da1f6f61dc0" 201 - "PUT http://172.18.0.2:8080/v1/AUTH_309271f2df0d4ef19f54b3a0cd07d8de/gnocchi.508443dd-76ca-4291-977d-5da1f6f61dc0" "tx8f8232ffcbb44e31bbdc0-006932cf57" "proxy-server 20" 0.0289 "-" 21 0
Dec 5 12:25:59 standalone proxy-server[129169]: 172.18.0.2 172.18.0.100 05/Dec/2025/12/25/59 PUT /v1/AUTH_309271f2df0d4ef19f54b3a0cd07d8de/gnocchi.508443dd-76ca-4291-977d-5da1f6f61dc0 HTTP/1.0 201 - python-swiftclient-3.11.1 gAAAAABpMs8T_x7v... - - - tx8f8232ffcbb44e31bbdc0-006932cf57 - 0.0445 - - 1764937559.316975832 1764937559.361457586 0
Dec 5 12:25:59 standalone container-server[127206]: 172.20.0.100 - - [05/Dec/2025:12:25:59 +0000] "HEAD /d1/220/AUTH_309271f2df0d4ef19f54b3a0cd07d8de/gnocchi.508443dd-76ca-4291-977d-5da1f6f61dc0" 204 - "HEAD http://172.18.0.2:8080/v1/AUTH_309271f2df0d4ef19f54b3a0cd07d8de/gnocchi.508443dd-76ca-4291-977d-5da1f6f61dc0?format=json&states=listing" "tx793115cb18674a92bab90-006932cf57" "proxy-server 20" 0.0017 "-" 20 0
Dec 5 12:25:59 standalone proxy-server[129169]: - - 05/Dec/2025/12/25/59 HEAD /v1/AUTH_309271f2df0d4ef19f54b3a0cd07d8de/gnocchi.508443dd-76ca-4291-977d-5da1f6f61dc0%3Fformat%3Djson%26states%3Dlisting HTTP/1.0 204 - Swift - - - - tx793115cb18674a92bab90-006932cf57 - 0.0074 RL - 1764937559.367300034 1764937559.374720573 0
Dec 5 12:25:59 standalone container-server[127206]: 172.20.0.100 - - [05/Dec/2025:12:25:59 +0000] "GET /d1/220/AUTH_309271f2df0d4ef19f54b3a0cd07d8de/gnocchi.508443dd-76ca-4291-977d-5da1f6f61dc0" 200 2 "GET http://172.18.0.2:8080/v1/AUTH_309271f2df0d4ef19f54b3a0cd07d8de/gnocchi.508443dd-76ca-4291-977d-5da1f6f61dc0?format=json&states=listing" "tx793115cb18674a92bab90-006932cf57" "proxy-server 20" 0.0026 "-" 20 0
Dec 5 12:25:59 standalone proxy-server[129169]: 172.18.0.2 172.18.0.100 05/Dec/2025/12/25/59 GET /v1/AUTH_309271f2df0d4ef19f54b3a0cd07d8de/gnocchi.508443dd-76ca-4291-977d-5da1f6f61dc0%3Fformat%3Djson%26states%3Dlisting HTTP/1.0 200 - python-swiftclient-3.11.1 gAAAAABpMs8T_x7v... - 2 - tx793115cb18674a92bab90-006932cf57 - 0.0213 - - 1764937559.365338802 1764937559.386638403 0
Dec 5 12:25:59 standalone object-server[127401]: 172.20.0.100 - - [05/Dec/2025:12:25:59 +0000] "GET /d1/111/AUTH_309271f2df0d4ef19f54b3a0cd07d8de/gnocchi.508443dd-76ca-4291-977d-5da1f6f61dc0/1764720000.0_mean_300.0_v3" 404 70 "GET http://172.18.0.2:8080/v1/AUTH_309271f2df0d4ef19f54b3a0cd07d8de/gnocchi.508443dd-76ca-4291-977d-5da1f6f61dc0/1764720000.0_mean_300.0_v3" "tx3e92b87ebf134983a5cff-006932cf57" "proxy-server 20" 0.0006 "-" 23 0
Dec 5 12:25:59 standalone proxy-server[129169]: 172.18.0.2 172.18.0.100 05/Dec/2025/12/25/59 GET /v1/AUTH_309271f2df0d4ef19f54b3a0cd07d8de/gnocchi.508443dd-76ca-4291-977d-5da1f6f61dc0/1764720000.0_mean_300.0_v3 HTTP/1.0 404 - python-swiftclient-3.11.1 gAAAAABpMs8T_x7v... - 70 - tx3e92b87ebf134983a5cff-006932cf57 - 0.0121 - - 1764937559.391068220 1764937559.403218031 0
Dec 5 12:25:59 standalone container-server[127218]: 172.20.0.100 - - [05/Dec/2025:12:25:59 +0000] "PUT /d1/220/AUTH_309271f2df0d4ef19f54b3a0cd07d8de/gnocchi.508443dd-76ca-4291-977d-5da1f6f61dc0/1764720000.0_mean_300.0_v3" 201 - "PUT http://172.18.0.2:8080/d1/111/AUTH_309271f2df0d4ef19f54b3a0cd07d8de/gnocchi.508443dd-76ca-4291-977d-5da1f6f61dc0/1764720000.0_mean_300.0_v3" "tx9b691d30bffb4eb0a2aa0-006932cf57" "object-server 25" 0.0010 "-" 22 0
Dec 5 12:25:59 standalone object-server[127411]: 172.20.0.100 - - [05/Dec/2025:12:25:59 +0000] "PUT /d1/111/AUTH_309271f2df0d4ef19f54b3a0cd07d8de/gnocchi.508443dd-76ca-4291-977d-5da1f6f61dc0/1764720000.0_mean_300.0_v3" 201 - "PUT http://172.18.0.2:8080/v1/AUTH_309271f2df0d4ef19f54b3a0cd07d8de/gnocchi.508443dd-76ca-4291-977d-5da1f6f61dc0/1764720000.0_mean_300.0_v3" "tx9b691d30bffb4eb0a2aa0-006932cf57" "proxy-server 20" 0.0133 "-" 25 0
Dec 5 12:25:59 standalone proxy-server[129169]: 172.18.0.2 172.18.0.100 05/Dec/2025/12/25/59 PUT /v1/AUTH_309271f2df0d4ef19f54b3a0cd07d8de/gnocchi.508443dd-76ca-4291-977d-5da1f6f61dc0/1764720000.0_mean_300.0_v3 HTTP/1.0 201 - python-swiftclient-3.11.1 gAAAAABpMs8T_x7v... 16 - - tx9b691d30bffb4eb0a2aa0-006932cf57 - 0.0214 - - 1764937559.406830788 1764937559.428271770 0
Dec 5 12:25:59 standalone container-server[127223]: 172.20.0.100 - - [05/Dec/2025:12:25:59 +0000] "PUT /d1/220/AUTH_309271f2df0d4ef19f54b3a0cd07d8de/gnocchi.508443dd-76ca-4291-977d-5da1f6f61dc0/none_v3" 201 - "PUT http://172.18.0.2:8080/d1/441/AUTH_309271f2df0d4ef19f54b3a0cd07d8de/gnocchi.508443dd-76ca-4291-977d-5da1f6f61dc0/none_v3" "tx1040f9660a09464887b96-006932cf57" "object-server 23" 0.0006 "-" 23 0
Dec 5 12:25:59 standalone object-server[127401]: 172.20.0.100 - - [05/Dec/2025:12:25:59 +0000] "PUT /d1/441/AUTH_309271f2df0d4ef19f54b3a0cd07d8de/gnocchi.508443dd-76ca-4291-977d-5da1f6f61dc0/none_v3" 201 - "PUT http://172.18.0.2:8080/v1/AUTH_309271f2df0d4ef19f54b3a0cd07d8de/gnocchi.508443dd-76ca-4291-977d-5da1f6f61dc0/none_v3" "tx1040f9660a09464887b96-006932cf57" "proxy-server 20" 0.0124 "-" 23 0
Dec 5 12:25:59 standalone proxy-server[129169]: 172.18.0.2 172.18.0.100 05/Dec/2025/12/25/59 PUT /v1/AUTH_309271f2df0d4ef19f54b3a0cd07d8de/gnocchi.508443dd-76ca-4291-977d-5da1f6f61dc0/none_v3 HTTP/1.0 201 - python-swiftclient-3.11.1 gAAAAABpMs8T_x7v... 22 - - tx1040f9660a09464887b96-006932cf57 - 0.0216 - - 1764937559.431826591 1764937559.453461170 0
Dec 5 12:25:59 standalone container-server[127223]: 172.20.0.100 - - [05/Dec/2025:12:25:59 +0000] "HEAD /d1/230/AUTH_309271f2df0d4ef19f54b3a0cd07d8de/gnocchi.65e9e77d-2b58-42b8-b6ca-7e12a6332669" 404 - "HEAD http://172.18.0.2:8080/v1/AUTH_309271f2df0d4ef19f54b3a0cd07d8de/gnocchi.65e9e77d-2b58-42b8-b6ca-7e12a6332669?format=json&states=listing" "tx061c2f95457648778d262-006932cf57" "proxy-server 20" 0.0014 "-" 23 0
Dec 5 12:25:59 standalone object-server[127388]: 172.20.0.100 - - [05/Dec/2025:12:25:59 +0000] "GET /d1/248/AUTH_309271f2df0d4ef19f54b3a0cd07d8de/gnocchi.65e9e77d-2b58-42b8-b6ca-7e12a6332669/none_v3" 404 70 "GET http://172.18.0.2:8080/v1/AUTH_309271f2df0d4ef19f54b3a0cd07d8de/gnocchi.65e9e77d-2b58-42b8-b6ca-7e12a6332669/none_v3" "tx061c2f95457648778d262-006932cf57" "proxy-server 20" 0.0010 "-" 22 0
Dec 5 12:25:59 standalone proxy-server[129169]: 172.18.0.2 172.18.0.100 05/Dec/2025/12/25/59 GET /v1/AUTH_309271f2df0d4ef19f54b3a0cd07d8de/gnocchi.65e9e77d-2b58-42b8-b6ca-7e12a6332669/none_v3 HTTP/1.0 404 - python-swiftclient-3.11.1 gAAAAABpMs8T_x7v... - 70 - tx061c2f95457648778d262-006932cf57 - 0.0195 - - 1764937559.530067682 1764937559.549574375 0
Dec 5 12:25:59 standalone account-server[127040]: 172.20.0.100 - - [05/Dec/2025:12:25:59 +0000] "PUT /d1/849/AUTH_309271f2df0d4ef19f54b3a0cd07d8de/gnocchi.65e9e77d-2b58-42b8-b6ca-7e12a6332669" 201 - "PUT http://172.20.0.100:6001/d1/230/AUTH_309271f2df0d4ef19f54b3a0cd07d8de/gnocchi.65e9e77d-2b58-42b8-b6ca-7e12a6332669" "txa8238d68a4074f76b6018-006932cf57" "container-server 21" 0.0077 "-" 22 0
Dec 5 12:25:59 standalone container-server[127211]: 172.20.0.100 - - [05/Dec/2025:12:25:59 +0000] "PUT /d1/230/AUTH_309271f2df0d4ef19f54b3a0cd07d8de/gnocchi.65e9e77d-2b58-42b8-b6ca-7e12a6332669" 201 - "PUT http://172.18.0.2:8080/v1/AUTH_309271f2df0d4ef19f54b3a0cd07d8de/gnocchi.65e9e77d-2b58-42b8-b6ca-7e12a6332669" "txa8238d68a4074f76b6018-006932cf57" "proxy-server 20" 0.0191 "-" 21 0
Dec 5 12:25:59 standalone proxy-server[129169]: 172.18.0.2 172.18.0.100 05/Dec/2025/12/25/59 PUT /v1/AUTH_309271f2df0d4ef19f54b3a0cd07d8de/gnocchi.65e9e77d-2b58-42b8-b6ca-7e12a6332669 HTTP/1.0 201 - python-swiftclient-3.11.1 gAAAAABpMs8T_x7v... - - - txa8238d68a4074f76b6018-006932cf57 - 0.0270 - - 1764937559.553496599 1764937559.580531120 0
Dec 5 12:25:59 standalone container-server[127206]: 172.20.0.100 - - [05/Dec/2025:12:25:59 +0000] "HEAD /d1/230/AUTH_309271f2df0d4ef19f54b3a0cd07d8de/gnocchi.65e9e77d-2b58-42b8-b6ca-7e12a6332669" 204 - "HEAD http://172.18.0.2:8080/v1/AUTH_309271f2df0d4ef19f54b3a0cd07d8de/gnocchi.65e9e77d-2b58-42b8-b6ca-7e12a6332669?format=json&states=listing" "tx3a68c68ca83d4260b5903-006932cf57" "proxy-server 20" 0.0016 "-" 20 0
Dec 5 12:25:59 standalone proxy-server[129169]: - - 05/Dec/2025/12/25/59 HEAD /v1/AUTH_309271f2df0d4ef19f54b3a0cd07d8de/gnocchi.65e9e77d-2b58-42b8-b6ca-7e12a6332669%3Fformat%3Djson%26states%3Dlisting HTTP/1.0 204 - Swift - - - - tx3a68c68ca83d4260b5903-006932cf57 - 0.0067 RL - 1764937559.587586164 1764937559.594270706 0
Dec 5 12:25:59 standalone container-server[127218]: 172.20.0.100 - - [05/Dec/2025:12:25:59 +0000] "GET /d1/230/AUTH_309271f2df0d4ef19f54b3a0cd07d8de/gnocchi.65e9e77d-2b58-42b8-b6ca-7e12a6332669" 200 2 "GET http://172.18.0.2:8080/v1/AUTH_309271f2df0d4ef19f54b3a0cd07d8de/gnocchi.65e9e77d-2b58-42b8-b6ca-7e12a6332669?format=json&states=listing" "tx3a68c68ca83d4260b5903-006932cf57" "proxy-server 20" 0.0104 "-" 22 0
Dec 5 12:25:59 standalone proxy-server[129169]: 172.18.0.2 172.18.0.100 05/Dec/2025/12/25/59 GET /v1/AUTH_309271f2df0d4ef19f54b3a0cd07d8de/gnocchi.65e9e77d-2b58-42b8-b6ca-7e12a6332669%3Fformat%3Djson%26states%3Dlisting HTTP/1.0 200 - python-swiftclient-3.11.1 gAAAAABpMs8T_x7v... - 2 - tx3a68c68ca83d4260b5903-006932cf57 - 0.0366 - - 1764937559.584641695 1764937559.621277332 0
Dec 5 12:25:59 standalone object-server[127411]: 172.20.0.100 - - [05/Dec/2025:12:25:59 +0000] "GET /d1/376/AUTH_309271f2df0d4ef19f54b3a0cd07d8de/gnocchi.65e9e77d-2b58-42b8-b6ca-7e12a6332669/1764720000.0_mean_300.0_v3" 404 70 "GET http://172.18.0.2:8080/v1/AUTH_309271f2df0d4ef19f54b3a0cd07d8de/gnocchi.65e9e77d-2b58-42b8-b6ca-7e12a6332669/1764720000.0_mean_300.0_v3" "txa454636dc65546e69369f-006932cf57" "proxy-server 20" 0.0004 "-" 25 0
Dec 5 12:25:59 standalone proxy-server[129169]: 172.18.0.2 172.18.0.100 05/Dec/2025/12/25/59 GET /v1/AUTH_309271f2df0d4ef19f54b3a0cd07d8de/gnocchi.65e9e77d-2b58-42b8-b6ca-7e12a6332669/1764720000.0_mean_300.0_v3 HTTP/1.0 404 - python-swiftclient-3.11.1 gAAAAABpMs8T_x7v... - 70 - txa454636dc65546e69369f-006932cf57 - 0.0100 - - 1764937559.626751423 1764937559.636708498 0
Dec 5 12:25:59 standalone container-server[127211]: 172.20.0.100 - - [05/Dec/2025:12:25:59 +0000] "PUT /d1/230/AUTH_309271f2df0d4ef19f54b3a0cd07d8de/gnocchi.65e9e77d-2b58-42b8-b6ca-7e12a6332669/1764720000.0_mean_300.0_v3" 201 - "PUT http://172.18.0.2:8080/d1/376/AUTH_309271f2df0d4ef19f54b3a0cd07d8de/gnocchi.65e9e77d-2b58-42b8-b6ca-7e12a6332669/1764720000.0_mean_300.0_v3" "tx5fbe6e93529f426d9b3df-006932cf57" "object-server 22" 0.0005 "-" 21 0
Dec 5 12:25:59 standalone object-server[127388]: 172.20.0.100 - - [05/Dec/2025:12:25:59 +0000] "PUT /d1/376/AUTH_309271f2df0d4ef19f54b3a0cd07d8de/gnocchi.65e9e77d-2b58-42b8-b6ca-7e12a6332669/1764720000.0_mean_300.0_v3" 201 - "PUT http://172.18.0.2:8080/v1/AUTH_309271f2df0d4ef19f54b3a0cd07d8de/gnocchi.65e9e77d-2b58-42b8-b6ca-7e12a6332669/1764720000.0_mean_300.0_v3" "tx5fbe6e93529f426d9b3df-006932cf57" "proxy-server 20" 0.0187 "-" 22 0
Dec 5 12:25:59 standalone proxy-server[129169]: 172.18.0.2 172.18.0.100 05/Dec/2025/12/25/59 PUT /v1/AUTH_309271f2df0d4ef19f54b3a0cd07d8de/gnocchi.65e9e77d-2b58-42b8-b6ca-7e12a6332669/1764720000.0_mean_300.0_v3 HTTP/1.0 201 - python-swiftclient-3.11.1 gAAAAABpMs8T_x7v... 16 - - tx5fbe6e93529f426d9b3df-006932cf57 - 0.0310 - - 1764937559.640654087 1764937559.671610117 0
Dec 5 12:25:59 standalone container-server[127223]: 172.20.0.100 - - [05/Dec/2025:12:25:59 +0000] "PUT /d1/230/AUTH_309271f2df0d4ef19f54b3a0cd07d8de/gnocchi.65e9e77d-2b58-42b8-b6ca-7e12a6332669/none_v3" 201 - "PUT http://172.18.0.2:8080/d1/248/AUTH_309271f2df0d4ef19f54b3a0cd07d8de/gnocchi.65e9e77d-2b58-42b8-b6ca-7e12a6332669/none_v3" "tx8cb2ab97b2cd489e90971-006932cf57" "object-server 22" 0.0007 "-" 23 0
Dec 5 12:25:59 standalone object-server[127388]: 172.20.0.100 - - [05/Dec/2025:12:25:59 +0000] "PUT /d1/248/AUTH_309271f2df0d4ef19f54b3a0cd07d8de/gnocchi.65e9e77d-2b58-42b8-b6ca-7e12a6332669/none_v3" 201 - "PUT http://172.18.0.2:8080/v1/AUTH_309271f2df0d4ef19f54b3a0cd07d8de/gnocchi.65e9e77d-2b58-42b8-b6ca-7e12a6332669/none_v3" "tx8cb2ab97b2cd489e90971-006932cf57" "proxy-server 20" 0.0263 "-" 22 0
Dec 5 12:25:59 standalone proxy-server[129169]: 172.18.0.2 172.18.0.100 05/Dec/2025/12/25/59 PUT /v1/AUTH_309271f2df0d4ef19f54b3a0cd07d8de/gnocchi.65e9e77d-2b58-42b8-b6ca-7e12a6332669/none_v3 HTTP/1.0 201 - python-swiftclient-3.11.1 gAAAAABpMs8T_x7v... 22 - - tx8cb2ab97b2cd489e90971-006932cf57 - 0.0396 - - 1764937559.675553560 1764937559.715160847 0
Dec 5 12:25:59 standalone container-server[127206]: 172.20.0.100 - - [05/Dec/2025:12:25:59 +0000] "HEAD /d1/382/AUTH_309271f2df0d4ef19f54b3a0cd07d8de/gnocchi.c3b77f26-bbc9-4d76-8317-89cebcf768f3" 404 - "HEAD http://172.18.0.2:8080/v1/AUTH_309271f2df0d4ef19f54b3a0cd07d8de/gnocchi.c3b77f26-bbc9-4d76-8317-89cebcf768f3?format=json&states=listing" "tx524ee8cefec34d6e90e29-006932cf57" "proxy-server 20" 0.0005 "-" 20 0
Dec 5 12:25:59 standalone object-server[127411]: 172.20.0.100 - - [05/Dec/2025:12:25:59 +0000] "GET /d1/686/AUTH_309271f2df0d4ef19f54b3a0cd07d8de/gnocchi.c3b77f26-bbc9-4d76-8317-89cebcf768f3/none_v3" 404 70 "GET http://172.18.0.2:8080/v1/AUTH_309271f2df0d4ef19f54b3a0cd07d8de/gnocchi.c3b77f26-bbc9-4d76-8317-89cebcf768f3/none_v3" "tx524ee8cefec34d6e90e29-006932cf57" "proxy-server 20" 0.0011 "-" 25 0
Dec 5 12:25:59 standalone proxy-server[129169]: 172.18.0.2 172.18.0.100 05/Dec/2025/12/25/59 GET /v1/AUTH_309271f2df0d4ef19f54b3a0cd07d8de/gnocchi.c3b77f26-bbc9-4d76-8317-89cebcf768f3/none_v3 HTTP/1.0 404 - python-swiftclient-3.11.1 gAAAAABpMs8T_x7v... - 70 - tx524ee8cefec34d6e90e29-006932cf57 - 0.0200 - - 1764937559.739871264 1764937559.759913206 0
Dec 5 12:25:59 standalone account-server[126990]: 172.20.0.100 - - [05/Dec/2025:12:25:59 +0000] "PUT /d1/849/AUTH_309271f2df0d4ef19f54b3a0cd07d8de/gnocchi.c3b77f26-bbc9-4d76-8317-89cebcf768f3" 201 - "PUT http://172.20.0.100:6001/d1/382/AUTH_309271f2df0d4ef19f54b3a0cd07d8de/gnocchi.c3b77f26-bbc9-4d76-8317-89cebcf768f3" "tx149c0b59cdcb4beba1b8b-006932cf57" "container-server 23" 0.0050 "-" 20 0
Dec 5 12:25:59 standalone container-server[127223]: 172.20.0.100 - - [05/Dec/2025:12:25:59 +0000] "PUT /d1/382/AUTH_309271f2df0d4ef19f54b3a0cd07d8de/gnocchi.c3b77f26-bbc9-4d76-8317-89cebcf768f3" 201 - "PUT http://172.18.0.2:8080/v1/AUTH_309271f2df0d4ef19f54b3a0cd07d8de/gnocchi.c3b77f26-bbc9-4d76-8317-89cebcf768f3" "tx149c0b59cdcb4beba1b8b-006932cf57" "proxy-server 20" 0.0229 "-" 23 0
Dec 5 12:25:59 standalone proxy-server[129169]: 172.18.0.2 172.18.0.100 05/Dec/2025/12/25/59 PUT /v1/AUTH_309271f2df0d4ef19f54b3a0cd07d8de/gnocchi.c3b77f26-bbc9-4d76-8317-89cebcf768f3 HTTP/1.0 201 - python-swiftclient-3.11.1 gAAAAABpMs8T_x7v... - - - tx149c0b59cdcb4beba1b8b-006932cf57 - 0.0359 - - 1764937559.764952183 1764937559.800827503 0
Dec 5 12:25:59 standalone container-server[127211]: 172.20.0.100 - - [05/Dec/2025:12:25:59 +0000] "HEAD /d1/382/AUTH_309271f2df0d4ef19f54b3a0cd07d8de/gnocchi.c3b77f26-bbc9-4d76-8317-89cebcf768f3" 204 - "HEAD http://172.18.0.2:8080/v1/AUTH_309271f2df0d4ef19f54b3a0cd07d8de/gnocchi.c3b77f26-bbc9-4d76-8317-89cebcf768f3?format=json&states=listing" "txb7a75ca48e8e4b1689316-006932cf57" "proxy-server 20" 0.0011 "-" 21 0
Dec 5 12:25:59 standalone proxy-server[129169]: - - 05/Dec/2025/12/25/59 HEAD /v1/AUTH_309271f2df0d4ef19f54b3a0cd07d8de/gnocchi.c3b77f26-bbc9-4d76-8317-89cebcf768f3%3Fformat%3Djson%26states%3Dlisting HTTP/1.0 204 - Swift - - - - txb7a75ca48e8e4b1689316-006932cf57 - 0.0047 RL - 1764937559.807310343 1764937559.811983109 0
Dec 5 12:25:59 standalone container-server[127218]: 172.20.0.100 - - [05/Dec/2025:12:25:59 +0000] "GET /d1/382/AUTH_309271f2df0d4ef19f54b3a0cd07d8de/gnocchi.c3b77f26-bbc9-4d76-8317-89cebcf768f3" 200 2 "GET http://172.18.0.2:8080/v1/AUTH_309271f2df0d4ef19f54b3a0cd07d8de/gnocchi.c3b77f26-bbc9-4d76-8317-89cebcf768f3?format=json&states=listing" "txb7a75ca48e8e4b1689316-006932cf57" "proxy-server 20" 0.0050 "-" 22 0
Dec 5 12:25:59 standalone proxy-server[129169]: 172.18.0.2 172.18.0.100 05/Dec/2025/12/25/59 GET /v1/AUTH_309271f2df0d4ef19f54b3a0cd07d8de/gnocchi.c3b77f26-bbc9-4d76-8317-89cebcf768f3%3Fformat%3Djson%26states%3Dlisting HTTP/1.0 200 - python-swiftclient-3.11.1 gAAAAABpMs8T_x7v... - 2 - txb7a75ca48e8e4b1689316-006932cf57 - 0.0323 - - 1764937559.805835485 1764937559.838088751 0
Dec 5 12:25:59 standalone object-server[127406]: 172.20.0.100 - - [05/Dec/2025:12:25:59 +0000] "GET /d1/698/AUTH_309271f2df0d4ef19f54b3a0cd07d8de/gnocchi.c3b77f26-bbc9-4d76-8317-89cebcf768f3/1764720000.0_mean_300.0_v3" 404 70 "GET http://172.18.0.2:8080/v1/AUTH_309271f2df0d4ef19f54b3a0cd07d8de/gnocchi.c3b77f26-bbc9-4d76-8317-89cebcf768f3/1764720000.0_mean_300.0_v3" "txf0aa7014ace44043913de-006932cf57" "proxy-server 20" 0.0005 "-" 24 0
Dec 5 12:25:59 standalone proxy-server[129169]: 172.18.0.2 172.18.0.100 05/Dec/2025/12/25/59 GET /v1/AUTH_309271f2df0d4ef19f54b3a0cd07d8de/gnocchi.c3b77f26-bbc9-4d76-8317-89cebcf768f3/1764720000.0_mean_300.0_v3 HTTP/1.0 404 - python-swiftclient-3.11.1 gAAAAABpMs8T_x7v... - 70 - txf0aa7014ace44043913de-006932cf57 - 0.0084 - - 1764937559.843899965 1764937559.852336168 0
Dec 5 12:25:59 standalone container-server[127206]: 172.20.0.100 - - [05/Dec/2025:12:25:59 +0000] "PUT /d1/382/AUTH_309271f2df0d4ef19f54b3a0cd07d8de/gnocchi.c3b77f26-bbc9-4d76-8317-89cebcf768f3/1764720000.0_mean_300.0_v3" 201 - "PUT http://172.18.0.2:8080/d1/698/AUTH_309271f2df0d4ef19f54b3a0cd07d8de/gnocchi.c3b77f26-bbc9-4d76-8317-89cebcf768f3/1764720000.0_mean_300.0_v3" "tx3e46386244c44746969e8-006932cf57" "object-server 23" 0.0010 "-" 20 0
Dec 5 12:25:59 standalone object-server[127401]: 172.20.0.100 - - [05/Dec/2025:12:25:59 +0000] "PUT /d1/698/AUTH_309271f2df0d4ef19f54b3a0cd07d8de/gnocchi.c3b77f26-bbc9-4d76-8317-89cebcf768f3/1764720000.0_mean_300.0_v3" 201 - "PUT http://172.18.0.2:8080/v1/AUTH_309271f2df0d4ef19f54b3a0cd07d8de/gnocchi.c3b77f26-bbc9-4d76-8317-89cebcf768f3/1764720000.0_mean_300.0_v3" "tx3e46386244c44746969e8-006932cf57" "proxy-server 20" 0.0132 "-" 23 0
Dec 5 12:25:59 standalone proxy-server[129169]: 172.18.0.2 172.18.0.100 05/Dec/2025/12/25/59 PUT /v1/AUTH_309271f2df0d4ef19f54b3a0cd07d8de/gnocchi.c3b77f26-bbc9-4d76-8317-89cebcf768f3/1764720000.0_mean_300.0_v3 HTTP/1.0 201 - python-swiftclient-3.11.1 gAAAAABpMs8T_x7v... 16 - - tx3e46386244c44746969e8-006932cf57 - 0.0224 - - 1764937559.857543707 1764937559.879983425 0
Dec 5 12:25:59 standalone container-server[127218]: 172.20.0.100 - - [05/Dec/2025:12:25:59 +0000] "PUT /d1/382/AUTH_309271f2df0d4ef19f54b3a0cd07d8de/gnocchi.c3b77f26-bbc9-4d76-8317-89cebcf768f3/none_v3" 201 - "PUT http://172.18.0.2:8080/d1/686/AUTH_309271f2df0d4ef19f54b3a0cd07d8de/gnocchi.c3b77f26-bbc9-4d76-8317-89cebcf768f3/none_v3" "tx6670b26d6f564eeb9ebaa-006932cf57" "object-server 24" 0.0011 "-" 22 0
Dec 5 12:25:59 standalone object-server[127406]: 172.20.0.100 - - [05/Dec/2025:12:25:59 +0000] "PUT /d1/686/AUTH_309271f2df0d4ef19f54b3a0cd07d8de/gnocchi.c3b77f26-bbc9-4d76-8317-89cebcf768f3/none_v3" 201 - "PUT http://172.18.0.2:8080/v1/AUTH_309271f2df0d4ef19f54b3a0cd07d8de/gnocchi.c3b77f26-bbc9-4d76-8317-89cebcf768f3/none_v3" "tx6670b26d6f564eeb9ebaa-006932cf57" "proxy-server 20" 0.0135 "-" 24 0
Dec 5 12:25:59 standalone proxy-server[129169]: 172.18.0.2 172.18.0.100 05/Dec/2025/12/25/59 PUT /v1/AUTH_309271f2df0d4ef19f54b3a0cd07d8de/gnocchi.c3b77f26-bbc9-4d76-8317-89cebcf768f3/none_v3 HTTP/1.0 201 - python-swiftclient-3.11.1 gAAAAABpMs8T_x7v... 22 - - tx6670b26d6f564eeb9ebaa-006932cf57 - 0.0276 - - 1764937559.884753942 1764937559.912331343 0
Dec 5 12:26:05 standalone container-server[126815]: Begin container update sweep
Dec 5 12:26:06 standalone account-server[127045]: 172.20.0.100 - - [05/Dec/2025:12:26:06 +0000] "PUT /d1/849/AUTH_309271f2df0d4ef19f54b3a0cd07d8de/gnocchi.45fa8bbb-2048-495e-999e-984dd54d4f62" 201 - "-" "-" "container-updater 2" 0.0010 "-" 23 0
Dec 5 12:26:06 standalone account-server[127045]: 172.20.0.100 - - [05/Dec/2025:12:26:06 +0000] "PUT /d1/849/AUTH_309271f2df0d4ef19f54b3a0cd07d8de/gnocchi.508443dd-76ca-4291-977d-5da1f6f61dc0" 201 - "-" "-" "container-updater 2" 0.0005 "-" 23 0
Dec 5 12:26:06 standalone account-server[127018]: 172.20.0.100 - - [05/Dec/2025:12:26:06 +0000] "PUT /d1/849/AUTH_309271f2df0d4ef19f54b3a0cd07d8de/gnocchi.55bf953b-2eaf-496f-8081-c4c93c93d6a4" 201 - "-" "-" "container-updater 2" 0.0005 "-" 21 0
Dec 5 12:26:06 standalone account-server[126990]: 172.20.0.100 - - [05/Dec/2025:12:26:06 +0000] "PUT /d1/849/AUTH_309271f2df0d4ef19f54b3a0cd07d8de/gnocchi.65e9e77d-2b58-42b8-b6ca-7e12a6332669" 201 - "-" "-" "container-updater 2" 0.0004 "-" 20 0
Dec 5 12:26:06 standalone account-server[127018]: 172.20.0.100 - - [05/Dec/2025:12:26:06 +0000] "PUT /d1/849/AUTH_309271f2df0d4ef19f54b3a0cd07d8de/gnocchi.c3b77f26-bbc9-4d76-8317-89cebcf768f3" 201 - "-" "-" "container-updater 2" 0.0004 "-" 21 0
Dec 5 12:26:06 standalone account-server[127018]: 172.20.0.100 - - [05/Dec/2025:12:26:06 +0000] "PUT /d1/849/AUTH_309271f2df0d4ef19f54b3a0cd07d8de/gnocchi.0547832d-db62-4f50-abab-b056ec896e85" 201 - "-" "-" "container-updater 2" 0.0004 "-" 21 0
Dec 5 12:26:06 standalone account-server[126990]: 172.20.0.100 - - [05/Dec/2025:12:26:06 +0000] "PUT /d1/849/AUTH_309271f2df0d4ef19f54b3a0cd07d8de/gnocchi.97f877e2-8574-419c-aac0-f9c8eb01460b" 201 - "-" "-" "container-updater 2" 0.0004 "-" 20 0
Dec 5 12:26:06 standalone account-server[126990]: 172.20.0.100 - - [05/Dec/2025:12:26:06 +0000] "PUT /d1/849/AUTH_309271f2df0d4ef19f54b3a0cd07d8de/gnocchi.bc7e293b-f5ec-4f8e-9c10-855729fadb8b" 201 - "-" "-" "container-updater 2" 0.0014 "-" 20 0
Dec 5 12:26:06 standalone container-server[126815]: Container update sweep completed: 0.78s
Dec 5 12:26:23 standalone account-server[127045]: 172.20.0.100 - - [05/Dec/2025:12:26:23 +0000] "HEAD /d1/725/.expiring_objects" 404 - "HEAD http://localhost/v1/.expiring_objects?format=json" "tx28d5ca771d134c57a96ae-006932cf6f" "proxy-server 2" 0.0007 "-" 23 -
Dec 5 12:26:23 standalone object-expirer[126925]: Pass completed in 0s; 0 objects expired (txn: tx28d5ca771d134c57a96ae-006932cf6f)
Dec 5 12:26:25 standalone container-server[127223]: 172.20.0.100 - - [05/Dec/2025:12:26:25 +0000] "HEAD /d1/50/AUTH_309271f2df0d4ef19f54b3a0cd07d8de/gnocchi.6e46355a-84b2-4fd0-aa21-97e454a1ebc5" 404 - "HEAD http://172.18.0.2:8080/v1/AUTH_309271f2df0d4ef19f54b3a0cd07d8de/gnocchi.6e46355a-84b2-4fd0-aa21-97e454a1ebc5?format=json&states=listing" "txe482937b214b4cac995cd-006932cf71" "proxy-server 20" 0.0008 "-" 23 0
Dec 5 12:26:25 standalone object-server[127401]: 172.20.0.100 - - [05/Dec/2025:12:26:25 +0000] "GET /d1/398/AUTH_309271f2df0d4ef19f54b3a0cd07d8de/gnocchi.6e46355a-84b2-4fd0-aa21-97e454a1ebc5/none_v3" 404 70 "GET http://172.18.0.2:8080/v1/AUTH_309271f2df0d4ef19f54b3a0cd07d8de/gnocchi.6e46355a-84b2-4fd0-aa21-97e454a1ebc5/none_v3" "txe482937b214b4cac995cd-006932cf71" "proxy-server 20" 0.0006 "-" 23 0
Dec 5 12:26:25 standalone proxy-server[129169]: 172.18.0.2 172.18.0.100 05/Dec/2025/12/26/25 GET /v1/AUTH_309271f2df0d4ef19f54b3a0cd07d8de/gnocchi.6e46355a-84b2-4fd0-aa21-97e454a1ebc5/none_v3 HTTP/1.0 404 - python-swiftclient-3.11.1 gAAAAABpMs8T_x7v... - 70 - txe482937b214b4cac995cd-006932cf71 - 0.0114 - - 1764937585.153961182 1764937585.165387869 0
Dec 5 12:26:25 standalone account-server[126990]: 172.20.0.100 - - [05/Dec/2025:12:26:25 +0000] "PUT /d1/849/AUTH_309271f2df0d4ef19f54b3a0cd07d8de/gnocchi.6e46355a-84b2-4fd0-aa21-97e454a1ebc5" 201 - "PUT http://172.20.0.100:6001/d1/50/AUTH_309271f2df0d4ef19f54b3a0cd07d8de/gnocchi.6e46355a-84b2-4fd0-aa21-97e454a1ebc5" "tx5d088d73ea4747fdb1aab-006932cf71" "container-server 21" 0.0101 "-" 20 0
Dec 5 12:26:25 standalone container-server[127211]: 172.20.0.100 - - [05/Dec/2025:12:26:25 +0000] "PUT /d1/50/AUTH_309271f2df0d4ef19f54b3a0cd07d8de/gnocchi.6e46355a-84b2-4fd0-aa21-97e454a1ebc5" 201 - "PUT http://172.18.0.2:8080/v1/AUTH_309271f2df0d4ef19f54b3a0cd07d8de/gnocchi.6e46355a-84b2-4fd0-aa21-97e454a1ebc5" "tx5d088d73ea4747fdb1aab-006932cf71" "proxy-server 20" 0.0240 "-" 21 0
Dec 5 12:26:25 standalone proxy-server[129169]: 172.18.0.2 172.18.0.100 05/Dec/2025/12/26/25 PUT /v1/AUTH_309271f2df0d4ef19f54b3a0cd07d8de/gnocchi.6e46355a-84b2-4fd0-aa21-97e454a1ebc5 HTTP/1.0 201 - python-swiftclient-3.11.1 gAAAAABpMs8T_x7v... - - - tx5d088d73ea4747fdb1aab-006932cf71 - 0.0281 - - 1764937585.178162098 1764937585.206302166 0
Dec 5 12:26:25 standalone container-server[127223]: 172.20.0.100 - - [05/Dec/2025:12:26:25 +0000] "HEAD /d1/50/AUTH_309271f2df0d4ef19f54b3a0cd07d8de/gnocchi.6e46355a-84b2-4fd0-aa21-97e454a1ebc5" 204 - "HEAD http://172.18.0.2:8080/v1/AUTH_309271f2df0d4ef19f54b3a0cd07d8de/gnocchi.6e46355a-84b2-4fd0-aa21-97e454a1ebc5?format=json&states=listing" "tx7020b8e62d384523999a7-006932cf71" "proxy-server 20" 0.0013 "-" 23 0
Dec 5 12:26:25 standalone proxy-server[129169]: - - 05/Dec/2025/12/26/25 HEAD /v1/AUTH_309271f2df0d4ef19f54b3a0cd07d8de/gnocchi.6e46355a-84b2-4fd0-aa21-97e454a1ebc5%3Fformat%3Djson%26states%3Dlisting HTTP/1.0 204 - Swift - - - - tx7020b8e62d384523999a7-006932cf71 - 0.0039 RL - 1764937585.210262775 1764937585.214150906 0
Dec 5 12:26:25 standalone container-server[127211]: 172.20.0.100 - - [05/Dec/2025:12:26:25 +0000] "GET /d1/50/AUTH_309271f2df0d4ef19f54b3a0cd07d8de/gnocchi.6e46355a-84b2-4fd0-aa21-97e454a1ebc5" 200 2 "GET http://172.18.0.2:8080/v1/AUTH_309271f2df0d4ef19f54b3a0cd07d8de/gnocchi.6e46355a-84b2-4fd0-aa21-97e454a1ebc5?format=json&states=listing" "tx7020b8e62d384523999a7-006932cf71" "proxy-server 20" 0.0036 "-" 21 0
Dec 5 12:26:25 standalone proxy-server[129169]: 172.18.0.2 172.18.0.100 05/Dec/2025/12/26/25 GET /v1/AUTH_309271f2df0d4ef19f54b3a0cd07d8de/gnocchi.6e46355a-84b2-4fd0-aa21-97e454a1ebc5%3Fformat%3Djson%26states%3Dlisting HTTP/1.0 200 - python-swiftclient-3.11.1 gAAAAABpMs8T_x7v... - 2 - tx7020b8e62d384523999a7-006932cf71 - 0.0123 - - 1764937585.209517479 1764937585.221822500 0
Dec 5 12:26:25 standalone object-server[127411]: 172.20.0.100 - - [05/Dec/2025:12:26:25 +0000] "GET /d1/730/AUTH_309271f2df0d4ef19f54b3a0cd07d8de/gnocchi.6e46355a-84b2-4fd0-aa21-97e454a1ebc5/1764720000.0_mean_300.0_v3" 404 70 "GET http://172.18.0.2:8080/v1/AUTH_309271f2df0d4ef19f54b3a0cd07d8de/gnocchi.6e46355a-84b2-4fd0-aa21-97e454a1ebc5/1764720000.0_mean_300.0_v3" "tx5def7dbd32994e4ca4002-006932cf71" "proxy-server 20" 0.0004 "-" 25 0
Dec 5 12:26:25 standalone proxy-server[129169]: 172.18.0.2 172.18.0.100 05/Dec/2025/12/26/25 GET /v1/AUTH_309271f2df0d4ef19f54b3a0cd07d8de/gnocchi.6e46355a-84b2-4fd0-aa21-97e454a1ebc5/1764720000.0_mean_300.0_v3 HTTP/1.0 404 - python-swiftclient-3.11.1 gAAAAABpMs8T_x7v... - 70 - tx5def7dbd32994e4ca4002-006932cf71 - 0.0045 - - 1764937585.224880695 1764937585.229385614 0
Dec 5 12:26:25 standalone container-server[127218]: 172.20.0.100 - - [05/Dec/2025:12:26:25 +0000] "PUT /d1/50/AUTH_309271f2df0d4ef19f54b3a0cd07d8de/gnocchi.6e46355a-84b2-4fd0-aa21-97e454a1ebc5/1764720000.0_mean_300.0_v3" 201 - "PUT http://172.18.0.2:8080/d1/730/AUTH_309271f2df0d4ef19f54b3a0cd07d8de/gnocchi.6e46355a-84b2-4fd0-aa21-97e454a1ebc5/1764720000.0_mean_300.0_v3" "txd820fb6e4003496bb9d24-006932cf71" "object-server 23" 0.0008 "-" 22 0
Dec 5 12:26:25 standalone object-server[127401]: 172.20.0.100 - - [05/Dec/2025:12:26:25 +0000] "PUT /d1/730/AUTH_309271f2df0d4ef19f54b3a0cd07d8de/gnocchi.6e46355a-84b2-4fd0-aa21-97e454a1ebc5/1764720000.0_mean_300.0_v3" 201 - "PUT http://172.18.0.2:8080/v1/AUTH_309271f2df0d4ef19f54b3a0cd07d8de/gnocchi.6e46355a-84b2-4fd0-aa21-97e454a1ebc5/1764720000.0_mean_300.0_v3" "txd820fb6e4003496bb9d24-006932cf71" "proxy-server 20" 0.0192 "-" 23 0
Dec 5 12:26:25 standalone proxy-server[129169]: 172.18.0.2 172.18.0.100 05/Dec/2025/12/26/25 PUT /v1/AUTH_309271f2df0d4ef19f54b3a0cd07d8de/gnocchi.6e46355a-84b2-4fd0-aa21-97e454a1ebc5/1764720000.0_mean_300.0_v3 HTTP/1.0 201 - python-swiftclient-3.11.1 gAAAAABpMs8T_x7v... 16 - - txd820fb6e4003496bb9d24-006932cf71 - 0.0267 - - 1764937585.232244730 1764937585.258920908 0
Dec 5 12:26:25 standalone container-server[127218]: 172.20.0.100 - - [05/Dec/2025:12:26:25 +0000] "PUT /d1/50/AUTH_309271f2df0d4ef19f54b3a0cd07d8de/gnocchi.6e46355a-84b2-4fd0-aa21-97e454a1ebc5/none_v3" 201 - "PUT http://172.18.0.2:8080/d1/398/AUTH_309271f2df0d4ef19f54b3a0cd07d8de/gnocchi.6e46355a-84b2-4fd0-aa21-97e454a1ebc5/none_v3" "tx893ebd48e21041dfb8255-006932cf71" "object-server 25" 0.0007 "-" 22 0
Dec 5 12:26:25 standalone object-server[127411]: 172.20.0.100 - - [05/Dec/2025:12:26:25 +0000] "PUT /d1/398/AUTH_309271f2df0d4ef19f54b3a0cd07d8de/gnocchi.6e46355a-84b2-4fd0-aa21-97e454a1ebc5/none_v3" 201 - "PUT http://172.18.0.2:8080/v1/AUTH_309271f2df0d4ef19f54b3a0cd07d8de/gnocchi.6e46355a-84b2-4fd0-aa21-97e454a1ebc5/none_v3" "tx893ebd48e21041dfb8255-006932cf71" "proxy-server 20" 0.0117 "-" 25 0
Dec 5 12:26:25 standalone proxy-server[129169]: 172.18.0.2 172.18.0.100 05/Dec/2025/12/26/25 PUT /v1/AUTH_309271f2df0d4ef19f54b3a0cd07d8de/gnocchi.6e46355a-84b2-4fd0-aa21-97e454a1ebc5/none_v3 HTTP/1.0 201 - python-swiftclient-3.11.1 gAAAAABpMs8T_x7v... 22 - - tx893ebd48e21041dfb8255-006932cf71 - 0.0201 - - 1764937585.262684584 1764937585.282754660 0
Dec 5 12:26:25 standalone object-server[127411]: 172.20.0.100 - - [05/Dec/2025:12:26:25 +0000] "GET /d1/224/AUTH_309271f2df0d4ef19f54b3a0cd07d8de/gnocchi.45fa8bbb-2048-495e-999e-984dd54d4f62/none_v3" 200 22 "GET http://172.18.0.2:8080/v1/AUTH_309271f2df0d4ef19f54b3a0cd07d8de/gnocchi.45fa8bbb-2048-495e-999e-984dd54d4f62/none_v3" "tx85f779cd98ea425b8c143-006932cf71" "proxy-server 20" 0.0010 "-" 25 0
Dec 5 12:26:25 standalone proxy-server[129169]: 172.18.0.2 172.18.0.100 05/Dec/2025/12/26/25 GET /v1/AUTH_309271f2df0d4ef19f54b3a0cd07d8de/gnocchi.45fa8bbb-2048-495e-999e-984dd54d4f62/none_v3 HTTP/1.0 200 - python-swiftclient-3.11.1 gAAAAABpMs8T_x7v... - 22 - tx85f779cd98ea425b8c143-006932cf71 - 0.0091 - - 1764937585.417464495 1764937585.426604509 0
Dec 5 12:26:25 standalone container-server[127223]: 172.20.0.100 - - [05/Dec/2025:12:26:25 +0000] "GET /d1/166/AUTH_309271f2df0d4ef19f54b3a0cd07d8de/gnocchi.45fa8bbb-2048-495e-999e-984dd54d4f62" 200 357 "GET http://172.18.0.2:8080/v1/AUTH_309271f2df0d4ef19f54b3a0cd07d8de/gnocchi.45fa8bbb-2048-495e-999e-984dd54d4f62?format=json&states=listing" "tx7a870d4aaa25405796b6f-006932cf71" "proxy-server 20" 0.0028 "-" 23 0
Dec 5 12:26:25 standalone proxy-server[129169]: 172.18.0.2 172.18.0.100 05/Dec/2025/12/26/25 GET /v1/AUTH_309271f2df0d4ef19f54b3a0cd07d8de/gnocchi.45fa8bbb-2048-495e-999e-984dd54d4f62%3Fformat%3Djson%26states%3Dlisting HTTP/1.0 200 - python-swiftclient-3.11.1 gAAAAABpMs8T_x7v... - 357 - tx7a870d4aaa25405796b6f-006932cf71 - 0.0123 - - 1764937585.431484699 1764937585.443770647 0
Dec 5 12:26:25 standalone container-server[127223]: 172.20.0.100 - - [05/Dec/2025:12:26:25 +0000] "GET /d1/166/AUTH_309271f2df0d4ef19f54b3a0cd07d8de/gnocchi.45fa8bbb-2048-495e-999e-984dd54d4f62" 200 2 "GET http://172.18.0.2:8080/v1/AUTH_309271f2df0d4ef19f54b3a0cd07d8de/gnocchi.45fa8bbb-2048-495e-999e-984dd54d4f62?format=json&marker=none_v3&states=listing" "tx1090eeeab7e641dfb6860-006932cf71" "proxy-server 20" 0.0029 "-" 23 0
Dec 5 12:26:25 standalone proxy-server[129169]: 172.18.0.2 172.18.0.100 05/Dec/2025/12/26/25 GET /v1/AUTH_309271f2df0d4ef19f54b3a0cd07d8de/gnocchi.45fa8bbb-2048-495e-999e-984dd54d4f62%3Fformat%3Djson%26marker%3Dnone_v3%26states%3Dlisting HTTP/1.0 200 - python-swiftclient-3.11.1 gAAAAABpMs8T_x7v... - 2 - tx1090eeeab7e641dfb6860-006932cf71 - 0.0122 - - 1764937585.447005510 1764937585.459187269 0
Dec 5 12:26:25 standalone object-server[127388]: 172.20.0.100 - - [05/Dec/2025:12:26:25 +0000] "GET /d1/700/AUTH_309271f2df0d4ef19f54b3a0cd07d8de/gnocchi.45fa8bbb-2048-495e-999e-984dd54d4f62/1764720000.0_mean_300.0_v3" 200 16 "GET http://172.18.0.2:8080/v1/AUTH_309271f2df0d4ef19f54b3a0cd07d8de/gnocchi.45fa8bbb-2048-495e-999e-984dd54d4f62/1764720000.0_mean_300.0_v3" "txf788591f0c2141fd80a94-006932cf71" "proxy-server 20" 0.0013 "-" 22 0
Dec 5 12:26:25 standalone proxy-server[129169]: 172.18.0.2 172.18.0.100 05/Dec/2025/12/26/25 GET /v1/AUTH_309271f2df0d4ef19f54b3a0cd07d8de/gnocchi.45fa8bbb-2048-495e-999e-984dd54d4f62/1764720000.0_mean_300.0_v3 HTTP/1.0 200 - python-swiftclient-3.11.1 gAAAAABpMs8T_x7v... - 16 - txf788591f0c2141fd80a94-006932cf71 - 0.0106 - - 1764937585.463424444 1764937585.473989725 0
Dec 5 12:26:25 standalone container-server[127223]: 172.20.0.100 - - [05/Dec/2025:12:26:25 +0000] "PUT /d1/166/AUTH_309271f2df0d4ef19f54b3a0cd07d8de/gnocchi.45fa8bbb-2048-495e-999e-984dd54d4f62/1764720000.0_mean_300.0_v3" 201 - "PUT http://172.18.0.2:8080/d1/700/AUTH_309271f2df0d4ef19f54b3a0cd07d8de/gnocchi.45fa8bbb-2048-495e-999e-984dd54d4f62/1764720000.0_mean_300.0_v3" "txb9f08051ff244f9892dd5-006932cf71" "object-server 23" 0.0004 "-" 23 0
Dec 5 12:26:25 standalone object-server[127401]: 172.20.0.100 - - [05/Dec/2025:12:26:25 +0000] "PUT /d1/700/AUTH_309271f2df0d4ef19f54b3a0cd07d8de/gnocchi.45fa8bbb-2048-495e-999e-984dd54d4f62/1764720000.0_mean_300.0_v3" 201 - "PUT http://172.18.0.2:8080/v1/AUTH_309271f2df0d4ef19f54b3a0cd07d8de/gnocchi.45fa8bbb-2048-495e-999e-984dd54d4f62/1764720000.0_mean_300.0_v3" "txb9f08051ff244f9892dd5-006932cf71" "proxy-server 20" 0.0119 "-" 23 0
Dec 5 12:26:25 standalone proxy-server[129169]: 172.18.0.2 172.18.0.100 05/Dec/2025/12/26/25 PUT /v1/AUTH_309271f2df0d4ef19f54b3a0cd07d8de/gnocchi.45fa8bbb-2048-495e-999e-984dd54d4f62/1764720000.0_mean_300.0_v3 HTTP/1.0 201 - python-swiftclient-3.11.1 gAAAAABpMs8T_x7v... 16 - - txb9f08051ff244f9892dd5-006932cf71 - 0.0200 - - 1764937585.477077723 1764937585.497103214 0
Dec 5 12:26:25 standalone container-server[127223]: 172.20.0.100 - - [05/Dec/2025:12:26:25 +0000] "PUT /d1/166/AUTH_309271f2df0d4ef19f54b3a0cd07d8de/gnocchi.45fa8bbb-2048-495e-999e-984dd54d4f62/none_v3" 201 - "PUT http://172.18.0.2:8080/d1/224/AUTH_309271f2df0d4ef19f54b3a0cd07d8de/gnocchi.45fa8bbb-2048-495e-999e-984dd54d4f62/none_v3" "tx39d325c5f0cd48e1ac253-006932cf71" "object-server 23" 0.0005 "-" 23 0
Dec 5 12:26:25 standalone object-server[127401]: 172.20.0.100 - - [05/Dec/2025:12:26:25 +0000] "PUT /d1/224/AUTH_309271f2df0d4ef19f54b3a0cd07d8de/gnocchi.45fa8bbb-2048-495e-999e-984dd54d4f62/none_v3" 201 - "PUT http://172.18.0.2:8080/v1/AUTH_309271f2df0d4ef19f54b3a0cd07d8de/gnocchi.45fa8bbb-2048-495e-999e-984dd54d4f62/none_v3" "tx39d325c5f0cd48e1ac253-006932cf71" "proxy-server 20" 0.0114 "-" 23 0
Dec 5 12:26:25 standalone proxy-server[129169]: 172.18.0.2 172.18.0.100 05/Dec/2025/12/26/25 PUT /v1/AUTH_309271f2df0d4ef19f54b3a0cd07d8de/gnocchi.45fa8bbb-2048-495e-999e-984dd54d4f62/none_v3 HTTP/1.0 201 - python-swiftclient-3.11.1 gAAAAABpMs8T_x7v... 33 - - tx39d325c5f0cd48e1ac253-006932cf71 - 0.0201 - - 1764937585.500324249 1764937585.520415783 0
Dec 5 12:26:25 standalone object-server[127406]: 172.20.0.100 - - [05/Dec/2025:12:26:25 +0000] "GET /d1/699/AUTH_309271f2df0d4ef19f54b3a0cd07d8de/gnocchi.97f877e2-8574-419c-aac0-f9c8eb01460b/none_v3" 200 22 "GET http://172.18.0.2:8080/v1/AUTH_309271f2df0d4ef19f54b3a0cd07d8de/gnocchi.97f877e2-8574-419c-aac0-f9c8eb01460b/none_v3" "tx6b059c6f7d21459f9f000-006932cf71" "proxy-server 20" 0.0009 "-" 24 0
Dec 5 12:26:25 standalone proxy-server[129169]: 172.18.0.2 172.18.0.100 05/Dec/2025/12/26/25 GET /v1/AUTH_309271f2df0d4ef19f54b3a0cd07d8de/gnocchi.97f877e2-8574-419c-aac0-f9c8eb01460b/none_v3 HTTP/1.0 200 - python-swiftclient-3.11.1 gAAAAABpMs8T_x7v... - 22 - tx6b059c6f7d21459f9f000-006932cf71 - 0.0093 - - 1764937585.533077955 1764937585.542367220 0
Dec 5 12:26:25 standalone container-server[127223]: 172.20.0.100 - - [05/Dec/2025:12:26:25 +0000] "GET /d1/744/AUTH_309271f2df0d4ef19f54b3a0cd07d8de/gnocchi.97f877e2-8574-419c-aac0-f9c8eb01460b" 200 357 "GET http://172.18.0.2:8080/v1/AUTH_309271f2df0d4ef19f54b3a0cd07d8de/gnocchi.97f877e2-8574-419c-aac0-f9c8eb01460b?format=json&states=listing" "tx05e8519d0fe44b95b605c-006932cf71" "proxy-server 20" 0.0018 "-" 23 0
Dec 5 12:26:25 standalone proxy-server[129169]: 172.18.0.2 172.18.0.100 05/Dec/2025/12/26/25 GET /v1/AUTH_309271f2df0d4ef19f54b3a0cd07d8de/gnocchi.97f877e2-8574-419c-aac0-f9c8eb01460b%3Fformat%3Djson%26states%3Dlisting HTTP/1.0 200 - python-swiftclient-3.11.1 gAAAAABpMs8T_x7v... - 357 - tx05e8519d0fe44b95b605c-006932cf71 - 0.0165 - - 1764937585.545426607 1764937585.561917543 0
Dec 5 12:26:25 standalone container-server[127211]: 172.20.0.100 - - [05/Dec/2025:12:26:25 +0000] "GET /d1/744/AUTH_309271f2df0d4ef19f54b3a0cd07d8de/gnocchi.97f877e2-8574-419c-aac0-f9c8eb01460b" 200 2 "GET http://172.18.0.2:8080/v1/AUTH_309271f2df0d4ef19f54b3a0cd07d8de/gnocchi.97f877e2-8574-419c-aac0-f9c8eb01460b?format=json&marker=none_v3&states=listing" "tx4d8d315cfa2c4d28b1556-006932cf71" "proxy-server 20" 0.0017 "-" 21 0
Dec 5 12:26:25 standalone proxy-server[129169]: 172.18.0.2 172.18.0.100 05/Dec/2025/12/26/25 GET /v1/AUTH_309271f2df0d4ef19f54b3a0cd07d8de/gnocchi.97f877e2-8574-419c-aac0-f9c8eb01460b%3Fformat%3Djson%26marker%3Dnone_v3%26states%3Dlisting HTTP/1.0 200 - python-swiftclient-3.11.1 gAAAAABpMs8T_x7v... - 2 - tx4d8d315cfa2c4d28b1556-006932cf71 - 0.0161 - - 1764937585.566290617 1764937585.582419872 0
Dec 5 12:26:25 standalone object-server[127388]: 172.20.0.100 - - [05/Dec/2025:12:26:25 +0000] "GET /d1/773/AUTH_309271f2df0d4ef19f54b3a0cd07d8de/gnocchi.97f877e2-8574-419c-aac0-f9c8eb01460b/1764720000.0_mean_300.0_v3" 200 16 "GET http://172.18.0.2:8080/v1/AUTH_309271f2df0d4ef19f54b3a0cd07d8de/gnocchi.97f877e2-8574-419c-aac0-f9c8eb01460b/1764720000.0_mean_300.0_v3" "txa15b4aedeeb94a3baaf8d-006932cf71" "proxy-server 20" 0.0012 "-" 22 0
Dec 5 12:26:25 standalone proxy-server[129169]: 172.18.0.2 172.18.0.100 05/Dec/2025/12/26/25 GET /v1/AUTH_309271f2df0d4ef19f54b3a0cd07d8de/gnocchi.97f877e2-8574-419c-aac0-f9c8eb01460b/1764720000.0_mean_300.0_v3 HTTP/1.0 200 - python-swiftclient-3.11.1 gAAAAABpMs8T_x7v... - 16 - txa15b4aedeeb94a3baaf8d-006932cf71 - 0.0172 - - 1764937585.588893414 1764937585.606139183 0
Dec 5 12:26:25 standalone container-server[127218]: 172.20.0.100 - - [05/Dec/2025:12:26:25 +0000] "PUT /d1/744/AUTH_309271f2df0d4ef19f54b3a0cd07d8de/gnocchi.97f877e2-8574-419c-aac0-f9c8eb01460b/1764720000.0_mean_300.0_v3" 201 - "PUT http://172.18.0.2:8080/d1/773/AUTH_309271f2df0d4ef19f54b3a0cd07d8de/gnocchi.97f877e2-8574-419c-aac0-f9c8eb01460b/1764720000.0_mean_300.0_v3" "tx2e77dd6b566647ef8d49b-006932cf71" "object-server 22" 0.0006 "-" 22 0
Dec 5 12:26:25 standalone object-server[127388]: 172.20.0.100 - - [05/Dec/2025:12:26:25 +0000] "PUT /d1/773/AUTH_309271f2df0d4ef19f54b3a0cd07d8de/gnocchi.97f877e2-8574-419c-aac0-f9c8eb01460b/1764720000.0_mean_300.0_v3" 201 - "PUT http://172.18.0.2:8080/v1/AUTH_309271f2df0d4ef19f54b3a0cd07d8de/gnocchi.97f877e2-8574-419c-aac0-f9c8eb01460b/1764720000.0_mean_300.0_v3" "tx2e77dd6b566647ef8d49b-006932cf71" "proxy-server 20" 0.0131 "-" 22 0
Dec 5 12:26:25 standalone proxy-server[129169]: 172.18.0.2 172.18.0.100 05/Dec/2025/12/26/25 PUT /v1/AUTH_309271f2df0d4ef19f54b3a0cd07d8de/gnocchi.97f877e2-8574-419c-aac0-f9c8eb01460b/1764720000.0_mean_300.0_v3 HTTP/1.0 201 - python-swiftclient-3.11.1 gAAAAABpMs8T_x7v... 16 - - tx2e77dd6b566647ef8d49b-006932cf71 - 0.0224 - - 1764937585.612177849 1764937585.634603262 0
Dec 5 12:26:25 standalone container-server[127206]: 172.20.0.100 - - [05/Dec/2025:12:26:25 +0000] "PUT /d1/744/AUTH_309271f2df0d4ef19f54b3a0cd07d8de/gnocchi.97f877e2-8574-419c-aac0-f9c8eb01460b/none_v3" 201 - "PUT http://172.18.0.2:8080/d1/699/AUTH_309271f2df0d4ef19f54b3a0cd07d8de/gnocchi.97f877e2-8574-419c-aac0-f9c8eb01460b/none_v3" "txb8ad2040c1d94ff689615-006932cf71" "object-server 24" 0.0005 "-" 20 0
Dec 5 12:26:25 standalone object-server[127406]: 172.20.0.100 - - [05/Dec/2025:12:26:25 +0000] "PUT /d1/699/AUTH_309271f2df0d4ef19f54b3a0cd07d8de/gnocchi.97f877e2-8574-419c-aac0-f9c8eb01460b/none_v3" 201 - "PUT http://172.18.0.2:8080/v1/AUTH_309271f2df0d4ef19f54b3a0cd07d8de/gnocchi.97f877e2-8574-419c-aac0-f9c8eb01460b/none_v3" "txb8ad2040c1d94ff689615-006932cf71" "proxy-server 20" 0.0101 "-" 24 0
Dec 5 12:26:25 standalone proxy-server[129169]: 172.18.0.2 172.18.0.100 05/Dec/2025/12/26/25 PUT /v1/AUTH_309271f2df0d4ef19f54b3a0cd07d8de/gnocchi.97f877e2-8574-419c-aac0-f9c8eb01460b/none_v3 HTTP/1.0 201 - python-swiftclient-3.11.1 gAAAAABpMs8T_x7v... 33 - - txb8ad2040c1d94ff689615-006932cf71 - 0.0187 - - 1764937585.637562275 1764937585.656284094 0
Dec 5 12:26:29 standalone object-server[127401]: 172.20.0.100 - - [05/Dec/2025:12:26:29 +0000] "GET /d1/398/AUTH_309271f2df0d4ef19f54b3a0cd07d8de/gnocchi.6e46355a-84b2-4fd0-aa21-97e454a1ebc5/none_v3" 200 22 "GET http://172.18.0.2:8080/v1/AUTH_309271f2df0d4ef19f54b3a0cd07d8de/gnocchi.6e46355a-84b2-4fd0-aa21-97e454a1ebc5/none_v3" "txbe113fd617e04555887ca-006932cf75" "proxy-server 20" 0.0011 "-" 23 0
Dec 5 12:26:29 standalone proxy-server[129169]: 172.18.0.2 172.18.0.100 05/Dec/2025/12/26/29 GET /v1/AUTH_309271f2df0d4ef19f54b3a0cd07d8de/gnocchi.6e46355a-84b2-4fd0-aa21-97e454a1ebc5/none_v3 HTTP/1.0 200 - python-swiftclient-3.11.1 gAAAAABpMs8T_x7v... - 22 - txbe113fd617e04555887ca-006932cf75 - 0.0095 - - 1764937589.558604240 1764937589.568143368 0
Dec 5 12:26:29 standalone container-server[127206]: 172.20.0.100 - - [05/Dec/2025:12:26:29 +0000] "GET /d1/50/AUTH_309271f2df0d4ef19f54b3a0cd07d8de/gnocchi.6e46355a-84b2-4fd0-aa21-97e454a1ebc5" 200 357 "GET http://172.18.0.2:8080/v1/AUTH_309271f2df0d4ef19f54b3a0cd07d8de/gnocchi.6e46355a-84b2-4fd0-aa21-97e454a1ebc5?format=json&states=listing" "tx49788b2ff1b14b069d413-006932cf75" "proxy-server 20" 0.0167 "-" 20 0
Dec 5 12:26:29 standalone proxy-server[129169]: 172.18.0.2 172.18.0.100 05/Dec/2025/12/26/29 GET /v1/AUTH_309271f2df0d4ef19f54b3a0cd07d8de/gnocchi.6e46355a-84b2-4fd0-aa21-97e454a1ebc5%3Fformat%3Djson%26states%3Dlisting HTTP/1.0 200 - python-swiftclient-3.11.1 gAAAAABpMs8T_x7v... - 357 - tx49788b2ff1b14b069d413-006932cf75 - 0.0250 - - 1764937589.573797941 1764937589.598801374 0
Dec 5 12:26:29 standalone container-server[127211]: 172.20.0.100 - - [05/Dec/2025:12:26:29 +0000] "GET /d1/50/AUTH_309271f2df0d4ef19f54b3a0cd07d8de/gnocchi.6e46355a-84b2-4fd0-aa21-97e454a1ebc5" 200 2 "GET http://172.18.0.2:8080/v1/AUTH_309271f2df0d4ef19f54b3a0cd07d8de/gnocchi.6e46355a-84b2-4fd0-aa21-97e454a1ebc5?format=json&marker=none_v3&states=listing" "txb2b933659d9b4a8580c7d-006932cf75" "proxy-server 20" 0.0040 "-" 21 0
Dec 5 12:26:29 standalone proxy-server[129169]: 172.18.0.2 172.18.0.100 05/Dec/2025/12/26/29 GET /v1/AUTH_309271f2df0d4ef19f54b3a0cd07d8de/gnocchi.6e46355a-84b2-4fd0-aa21-97e454a1ebc5%3Fformat%3Djson%26marker%3Dnone_v3%26states%3Dlisting HTTP/1.0 200 - python-swiftclient-3.11.1 gAAAAABpMs8T_x7v... - 2 - txb2b933659d9b4a8580c7d-006932cf75 - 0.0127 - - 1764937589.602965832 1764937589.615706205 0
Dec 5 12:26:29 standalone object-server[127411]: 172.20.0.100 - - [05/Dec/2025:12:26:29 +0000] "GET /d1/730/AUTH_309271f2df0d4ef19f54b3a0cd07d8de/gnocchi.6e46355a-84b2-4fd0-aa21-97e454a1ebc5/1764720000.0_mean_300.0_v3" 200 16 "GET http://172.18.0.2:8080/v1/AUTH_309271f2df0d4ef19f54b3a0cd07d8de/gnocchi.6e46355a-84b2-4fd0-aa21-97e454a1ebc5/1764720000.0_mean_300.0_v3" "tx627bb940f58a499487db9-006932cf75" "proxy-server 20" 0.0013 "-" 25 0
Dec 5 12:26:29 standalone proxy-server[129169]: 172.18.0.2 172.18.0.100 05/Dec/2025/12/26/29 GET /v1/AUTH_309271f2df0d4ef19f54b3a0cd07d8de/gnocchi.6e46355a-84b2-4fd0-aa21-97e454a1ebc5/1764720000.0_mean_300.0_v3 HTTP/1.0 200 - python-swiftclient-3.11.1 gAAAAABpMs8T_x7v... - 16 - tx627bb940f58a499487db9-006932cf75 - 0.0080 - - 1764937589.621407986 1764937589.629395723 0
Dec 5 12:26:29 standalone container-server[127223]: 172.20.0.100 - - [05/Dec/2025:12:26:29 +0000] "PUT /d1/50/AUTH_309271f2df0d4ef19f54b3a0cd07d8de/gnocchi.6e46355a-84b2-4fd0-aa21-97e454a1ebc5/1764720000.0_mean_300.0_v3" 201 - "PUT http://172.18.0.2:8080/d1/730/AUTH_309271f2df0d4ef19f54b3a0cd07d8de/gnocchi.6e46355a-84b2-4fd0-aa21-97e454a1ebc5/1764720000.0_mean_300.0_v3" "tx9d9472d35cdb4fce9e435-006932cf75" "object-server 23" 0.0008 "-" 23 0
Dec 5 12:26:29 standalone object-server[127401]: 172.20.0.100 - - [05/Dec/2025:12:26:29 +0000] "PUT /d1/730/AUTH_309271f2df0d4ef19f54b3a0cd07d8de/gnocchi.6e46355a-84b2-4fd0-aa21-97e454a1ebc5/1764720000.0_mean_300.0_v3" 201 - "PUT http://172.18.0.2:8080/v1/AUTH_309271f2df0d4ef19f54b3a0cd07d8de/gnocchi.6e46355a-84b2-4fd0-aa21-97e454a1ebc5/1764720000.0_mean_300.0_v3" "tx9d9472d35cdb4fce9e435-006932cf75" "proxy-server 20" 0.0113 "-" 23 0
Dec 5 12:26:29 standalone proxy-server[129169]: 172.18.0.2 172.18.0.100 05/Dec/2025/12/26/29 PUT /v1/AUTH_309271f2df0d4ef19f54b3a0cd07d8de/gnocchi.6e46355a-84b2-4fd0-aa21-97e454a1ebc5/1764720000.0_mean_300.0_v3 HTTP/1.0 201 - python-swiftclient-3.11.1 gAAAAABpMs8T_x7v... 16 - - tx9d9472d35cdb4fce9e435-006932cf75 - 0.0168 - - 1764937589.633127451 1764937589.649947405 0
Dec 5 12:26:29 standalone container-server[127206]: 172.20.0.100 - - [05/Dec/2025:12:26:29 +0000] "PUT /d1/50/AUTH_309271f2df0d4ef19f54b3a0cd07d8de/gnocchi.6e46355a-84b2-4fd0-aa21-97e454a1ebc5/none_v3" 201 - "PUT http://172.18.0.2:8080/d1/398/AUTH_309271f2df0d4ef19f54b3a0cd07d8de/gnocchi.6e46355a-84b2-4fd0-aa21-97e454a1ebc5/none_v3" "tx2ea80c24fb634732a3c23-006932cf75" "object-server 23" 0.0006 "-" 20 0
Dec 5 12:26:29 standalone object-server[127401]: 172.20.0.100 - - [05/Dec/2025:12:26:29 +0000] "PUT /d1/398/AUTH_309271f2df0d4ef19f54b3a0cd07d8de/gnocchi.6e46355a-84b2-4fd0-aa21-97e454a1ebc5/none_v3" 201 - "PUT http://172.18.0.2:8080/v1/AUTH_309271f2df0d4ef19f54b3a0cd07d8de/gnocchi.6e46355a-84b2-4fd0-aa21-97e454a1ebc5/none_v3" "tx2ea80c24fb634732a3c23-006932cf75" "proxy-server 20" 0.0089 "-" 23 0
