Dec 5 12:12:51 standalone account-server[126525]: Starting 2
Dec 5 12:12:52 standalone account-server[126565]: Started child 20 from parent 2
Dec 5 12:12:52 standalone account-server[126565]: Started child 21 from parent 2
Dec 5 12:12:52 standalone account-server[126565]: Started child 22 from parent 2
Dec 5 12:12:52 standalone account-server[126565]: Started child 23 from parent 2
Dec 5 12:12:52 standalone container-server[126815]: Starting 2
Dec 5 12:12:52 standalone container-server[126853]: Option allow_versions is deprecated. Configure the versioned_writes middleware in the proxy-server instead. This option will be ignored in a future release.
Dec 5 12:12:52 standalone container-server[127206]: Option allow_versions is deprecated. Configure the versioned_writes middleware in the proxy-server instead. This option will be ignored in a future release.
Dec 5 12:12:52 standalone container-server[126853]: Started child 20 from parent 2
Dec 5 12:12:52 standalone container-server[127211]: Option allow_versions is deprecated. Configure the versioned_writes middleware in the proxy-server instead. This option will be ignored in a future release.
Dec 5 12:12:52 standalone container-server[126853]: Started child 21 from parent 2
Dec 5 12:12:52 standalone container-server[127218]: Option allow_versions is deprecated. Configure the versioned_writes middleware in the proxy-server instead. This option will be ignored in a future release.
Dec 5 12:12:52 standalone container-server[126853]: Started child 22 from parent 2
Dec 5 12:12:52 standalone container-server[127223]: Option allow_versions is deprecated. Configure the versioned_writes middleware in the proxy-server instead. This option will be ignored in a future release.
Dec 5 12:12:52 standalone container-server[126853]: Started child 23 from parent 2
Dec 5 12:12:53 standalone object-expirer[126925]: Starting 2
Dec 5 12:12:53 standalone object-expirer[126925]: Option auto_create_account_prefix is deprecated. Configure auto_create_account_prefix under the swift-constraints section of swift.conf. This option will be ignored in a future release.
Dec 5 12:12:53 standalone object-server[127131]: Started child 22 from parent 2
Dec 5 12:12:53 standalone object-server[127131]: Started child 23 from parent 2
Dec 5 12:12:53 standalone object-server[127131]: Started child 24 from parent 2
Dec 5 12:12:53 standalone object-server[127131]: Started child 25 from parent 2
Dec 5 12:12:53 standalone object-server[127252]: Starting 2
Dec 5 12:12:59 standalone proxy-server[128988]: Starting Keystone auth_token middleware
Dec 5 12:12:59 standalone proxy-server[128988]: AuthToken middleware is set with keystone_authtoken.service_token_roles_required set to False. This is backwards compatible but deprecated behaviour. Please set this to True.
Dec 5 12:12:59 standalone proxy-server[129169]: Starting Keystone auth_token middleware
Dec 5 12:12:59 standalone proxy-server[129169]: STDERR: The option "bind_port" is not known to keystonemiddleware
Dec 5 12:12:59 standalone proxy-server[129169]: STDERR: The option "workers" is not known to keystonemiddleware
Dec 5 12:12:59 standalone proxy-server[129169]: STDERR: The option "user" is not known to keystonemiddleware
Dec 5 12:12:59 standalone proxy-server[129169]: STDERR: The option "bind_ip" is not known to keystonemiddleware
Dec 5 12:12:59 standalone proxy-server[129169]: STDERR: The option "log_name" is not known to keystonemiddleware
Dec 5 12:12:59 standalone proxy-server[129169]: STDERR: The option "log_facility" is not known to keystonemiddleware
Dec 5 12:12:59 standalone proxy-server[129169]: STDERR: The option "log_level" is not known to keystonemiddleware
Dec 5 12:12:59 standalone proxy-server[129169]: STDERR: The option "log_headers" is not known to keystonemiddleware
Dec 5 12:12:59 standalone proxy-server[129169]: STDERR: The option "log_address" is not known to keystonemiddleware
Dec 5 12:12:59 standalone proxy-server[129169]: STDERR: The option "project_name" is not known to keystonemiddleware
Dec 5 12:12:59 standalone proxy-server[129169]: STDERR: The option "username" is not known to keystonemiddleware
Dec 5 12:12:59 standalone proxy-server[129169]: STDERR: The option "password" is not known to keystonemiddleware
Dec 5 12:12:59 standalone proxy-server[129169]: STDERR: The option "auth_url" is not known to keystonemiddleware
Dec 5 12:12:59 standalone proxy-server[129169]: STDERR: The option "signing_dir" is not known to keystonemiddleware
Dec 5 12:12:59 standalone proxy-server[129169]: STDERR: The option "project_domain_id" is not known to keystonemiddleware
Dec 5 12:12:59 standalone proxy-server[129169]: STDERR: The option "user_domain_id" is not known to keystonemiddleware
Dec 5 12:12:59 standalone proxy-server[129169]: STDERR: The option "__name__" is not known to keystonemiddleware
Dec 5 12:12:59 standalone proxy-server[129169]: AuthToken middleware is set with keystone_authtoken.service_token_roles_required set to False. This is backwards compatible but deprecated behaviour. Please set this to True.
Dec 5 12:12:59 standalone proxy-server[128988]: Started child 20 from parent 2
Dec 5 12:13:58 standalone account-server[126990]: 172.20.0.100 - - [05/Dec/2025:12:13:58 +0000] "HEAD /d1/725/.expiring_objects" 404 - "HEAD http://localhost/v1/.expiring_objects?format=json" "tx5f6e5dd92697457e8951e-006932cc86" "proxy-server 2" 0.0017 "-" 20 -
Dec 5 12:13:58 standalone object-expirer[126925]: Pass completed in 0s; 0 objects expired (txn: tx5f6e5dd92697457e8951e-006932cc86)
Dec 5 12:15:25 standalone object-server[127252]: Begin object update sweep
Dec 5 12:15:25 standalone object-server[146273]: Object update sweep starting on /srv/node/d1 (pid: 11)
Dec 5 12:15:25 standalone object-server[146273]: Object update sweep completed on /srv/node/d1 in 0.00s seconds:, 0 successes, 0 failures, 0 quarantines, 0 unlinks, 0 errors, 0 redirects (pid: 11)
Dec 5 12:15:25 standalone object-server[146273]: Object update sweep of d1 completed: 0.00s, 0 successes, 0 failures, 0 quarantines, 0 unlinks, 0 errors, 0 redirects
Dec 5 12:15:25 standalone object-server[127252]: Object update sweep completed: 0.07s
Dec 5 12:16:05 standalone container-server[126815]: Begin container update sweep
Dec 5 12:16:05 standalone container-server[126815]: Container update sweep completed: 0.00s
Dec 5 12:17:40 standalone account-server[126525]: Devices pass completed: 0.00s
Dec 5 12:18:31 standalone account-server[127040]: 172.20.0.100 - - [05/Dec/2025:12:18:31 +0000] "HEAD /d1/725/.expiring_objects" 404 - "HEAD http://localhost/v1/.expiring_objects?format=json" "txf6ae54b2bba64b06be502-006932cd97" "proxy-server 2" 0.0019 "-" 22 -
Dec 5 12:18:31 standalone object-expirer[126925]: Pass completed in 0s; 0 objects expired (txn: txf6ae54b2bba64b06be502-006932cd97)
Dec 5 12:19:19 standalone account-server[127018]: 172.20.0.100 - - [05/Dec/2025:12:19:19 +0000] "HEAD /d1/725/.expiring_objects" 404 - "HEAD http://localhost/v1/.expiring_objects?format=json" "tx7716e349b23f498eb6857-006932cdc7" "proxy-server 2" 0.0015 "-" 21 -
Dec 5 12:19:19 standalone object-expirer[126925]: Pass completed in 0s; 0 objects expired (txn: tx7716e349b23f498eb6857-006932cdc7)
Dec 5 12:20:25 standalone object-server[127252]: Begin object update sweep
Dec 5 12:20:25 standalone object-server[185114]: Object update sweep starting on /srv/node/d1 (pid: 13)
Dec 5 12:20:25 standalone object-server[185114]: Object update sweep completed on /srv/node/d1 in 0.00s seconds:, 0 successes, 0 failures, 0 quarantines, 0 unlinks, 0 errors, 0 redirects (pid: 13)
Dec 5 12:20:25 standalone object-server[185114]: Object update sweep of d1 completed: 0.00s, 0 successes, 0 failures, 0 quarantines, 0 unlinks, 0 errors, 0 redirects
Dec 5 12:20:25 standalone object-server[127252]: Object update sweep completed: 0.08s
Dec 5 12:21:05 standalone container-server[126815]: Begin container update sweep
Dec 5 12:21:05 standalone container-server[126815]: Container update sweep completed: 0.00s
Dec 5 12:22:03 standalone account-server[127045]: 172.20.0.100 - - [05/Dec/2025:12:22:03 +0000] "HEAD /d1/725/.expiring_objects" 404 - "HEAD http://localhost/v1/.expiring_objects?format=json" "tx7292c7a65e8a4d3eb9064-006932ce6b" "proxy-server 2" 0.0017 "-" 23 -
Dec 5 12:22:03 standalone object-expirer[126925]: Pass completed in 0s; 0 objects expired (txn: tx7292c7a65e8a4d3eb9064-006932ce6b)
Dec 5 12:22:07 standalone account-server[127018]: 172.20.0.100 - - [05/Dec/2025:12:22:07 +0000] "HEAD /d1/725/.expiring_objects" 404 - "HEAD http://localhost/v1/.expiring_objects?format=json" "tx710ba1a3dd9e45458b120-006932ce6f" "proxy-server 2" 0.0007 "-" 21 -
Dec 5 12:22:07 standalone object-expirer[126925]: Pass completed in 0s; 0 objects expired (txn: tx710ba1a3dd9e45458b120-006932ce6f)
Dec 5 12:23:30 standalone account-server[127040]: 172.20.0.100 - - [05/Dec/2025:12:23:30 +0000] "HEAD /d1/725/.expiring_objects" 404 - "HEAD http://localhost/v1/.expiring_objects?format=json" "txb0dd165ffab349558f704-006932cec2" "proxy-server 2" 0.0007 "-" 22 -
Dec 5 12:23:30 standalone object-expirer[126925]: Pass completed in 0s; 0 objects expired (txn: txb0dd165ffab349558f704-006932cec2)
Dec 5 12:23:51 standalone account-server[126990]: 172.20.0.100 - - [05/Dec/2025:12:23:51 +0000] "HEAD /d1/725/.expiring_objects" 404 - "HEAD http://localhost/v1/.expiring_objects?format=json" "tx477af196e5f34d5989932-006932ced7" "proxy-server 2" 0.0007 "-" 20 -
Dec 5 12:23:51 standalone object-expirer[126925]: Pass completed in 0s; 0 objects expired (txn: tx477af196e5f34d5989932-006932ced7)
Dec 5 12:24:51 standalone account-server[126990]: 172.20.0.100 - - [05/Dec/2025:12:24:51 +0000] "HEAD /d1/849/AUTH_309271f2df0d4ef19f54b3a0cd07d8de" 404 - "HEAD http://172.18.0.2:8080/v1/AUTH_309271f2df0d4ef19f54b3a0cd07d8de?format=json" "tx46882779bd714268aa4a0-006932cf13" "proxy-server 20" 0.0006 "-" 20 -
Dec 5 12:24:51 standalone proxy-server[129169]: - - 05/Dec/2025/12/24/51 HEAD /v1/AUTH_309271f2df0d4ef19f54b3a0cd07d8de%3Fformat%3Djson HTTP/1.0 200 - Swift - - - - tx46882779bd714268aa4a0-006932cf13 - 0.0077 RL - 1764937491.624023914 1764937491.631725550 -
Dec 5 12:24:52 standalone object-server[127411]: 172.20.0.100 - - [05/Dec/2025:12:24:52 +0000] "GET /d1/92/AUTH_309271f2df0d4ef19f54b3a0cd07d8de/gnocchi.55bf953b-2eaf-496f-8081-c4c93c93d6a4/none_v3" 404 70 "GET http://172.18.0.2:8080/v1/AUTH_309271f2df0d4ef19f54b3a0cd07d8de/gnocchi.55bf953b-2eaf-496f-8081-c4c93c93d6a4/none_v3" "tx46882779bd714268aa4a0-006932cf13" "proxy-server 20" 0.0013 "-" 25 0
Dec 5 12:24:52 standalone proxy-server[129169]: 172.18.0.2 172.18.0.100 05/Dec/2025/12/24/52 GET /v1/AUTH_309271f2df0d4ef19f54b3a0cd07d8de/gnocchi.55bf953b-2eaf-496f-8081-c4c93c93d6a4/none_v3 HTTP/1.0 404 - python-swiftclient-3.11.1 gAAAAABpMs8T_x7v... - 70 - tx46882779bd714268aa4a0-006932cf13 - 0.4129 - - 1764937491.619913101 1764937492.032793999 0
Dec 5 12:24:52 standalone account-server[127045]: 172.20.0.100 - - [05/Dec/2025:12:24:52 +0000] "PUT /d1/849/AUTH_309271f2df0d4ef19f54b3a0cd07d8de" 201 - "-" "tx2d2bd35797d849cbbf306-006932cf14" "-" 0.0170 "-" 23 -
Dec 5 12:24:52 standalone proxy-server[129169]: autocreate account '/AUTH_309271f2df0d4ef19f54b3a0cd07d8de' (txn: tx2d2bd35797d849cbbf306-006932cf14)
Dec 5 12:24:52 standalone account-server[127018]: 172.20.0.100 - - [05/Dec/2025:12:24:52 +0000] "HEAD /d1/849/AUTH_309271f2df0d4ef19f54b3a0cd07d8de" 204 - "HEAD http://172.18.0.2:8080/v1/AUTH_309271f2df0d4ef19f54b3a0cd07d8de?format=json" "tx2d2bd35797d849cbbf306-006932cf14" "proxy-server 20" 0.0033 "-" 21 -
Dec 5 12:24:52 standalone account-server[127045]: 172.20.0.100 - - [05/Dec/2025:12:24:52 +0000] "PUT /d1/849/AUTH_309271f2df0d4ef19f54b3a0cd07d8de/gnocchi.55bf953b-2eaf-496f-8081-c4c93c93d6a4" 201 - "PUT http://172.20.0.100:6001/d1/59/AUTH_309271f2df0d4ef19f54b3a0cd07d8de/gnocchi.55bf953b-2eaf-496f-8081-c4c93c93d6a4" "tx2d2bd35797d849cbbf306-006932cf14" "container-server 22" 0.0019 "-" 23 0
Dec 5 12:24:52 standalone container-server[127218]: 172.20.0.100 - - [05/Dec/2025:12:24:52 +0000] "PUT /d1/59/AUTH_309271f2df0d4ef19f54b3a0cd07d8de/gnocchi.55bf953b-2eaf-496f-8081-c4c93c93d6a4" 201 - "PUT http://172.18.0.2:8080/v1/AUTH_309271f2df0d4ef19f54b3a0cd07d8de/gnocchi.55bf953b-2eaf-496f-8081-c4c93c93d6a4" "tx2d2bd35797d849cbbf306-006932cf14" "proxy-server 20" 0.0194 "-" 22 0
Dec 5 12:24:52 standalone proxy-server[129169]: 172.18.0.2 172.18.0.100 05/Dec/2025/12/24/52 PUT /v1/AUTH_309271f2df0d4ef19f54b3a0cd07d8de/gnocchi.55bf953b-2eaf-496f-8081-c4c93c93d6a4 HTTP/1.0 201 - python-swiftclient-3.11.1 gAAAAABpMs8T_x7v... - - - tx2d2bd35797d849cbbf306-006932cf14 - 0.0568 - - 1764937492.036139011 1764937492.092973709 0
Dec 5 12:24:52 standalone container-server[127206]: 172.20.0.100 - - [05/Dec/2025:12:24:52 +0000] "HEAD /d1/59/AUTH_309271f2df0d4ef19f54b3a0cd07d8de/gnocchi.55bf953b-2eaf-496f-8081-c4c93c93d6a4" 204 - "HEAD http://172.18.0.2:8080/v1/AUTH_309271f2df0d4ef19f54b3a0cd07d8de/gnocchi.55bf953b-2eaf-496f-8081-c4c93c93d6a4?format=json&states=listing" "tx02fd32840ab141feb5ad5-006932cf14" "proxy-server 20" 0.0039 "-" 20 0
Dec 5 12:24:52 standalone proxy-server[129169]: - - 05/Dec/2025/12/24/52 HEAD /v1/AUTH_309271f2df0d4ef19f54b3a0cd07d8de/gnocchi.55bf953b-2eaf-496f-8081-c4c93c93d6a4%3Fformat%3Djson%26states%3Dlisting HTTP/1.0 204 - Swift - - - - tx02fd32840ab141feb5ad5-006932cf14 - 0.0082 RL - 1764937492.098648787 1764937492.106819868 0
Dec 5 12:24:52 standalone container-server[127211]: 172.20.0.100 - - [05/Dec/2025:12:24:52 +0000] "GET /d1/59/AUTH_309271f2df0d4ef19f54b3a0cd07d8de/gnocchi.55bf953b-2eaf-496f-8081-c4c93c93d6a4" 200 2 "GET http://172.18.0.2:8080/v1/AUTH_309271f2df0d4ef19f54b3a0cd07d8de/gnocchi.55bf953b-2eaf-496f-8081-c4c93c93d6a4?format=json&states=listing" "tx02fd32840ab141feb5ad5-006932cf14" "proxy-server 20" 0.0060 "-" 21 0
Dec 5 12:24:52 standalone proxy-server[129169]: 172.18.0.2 172.18.0.100 05/Dec/2025/12/24/52 GET /v1/AUTH_309271f2df0d4ef19f54b3a0cd07d8de/gnocchi.55bf953b-2eaf-496f-8081-c4c93c93d6a4%3Fformat%3Djson%26states%3Dlisting HTTP/1.0 200 - python-swiftclient-3.11.1 gAAAAABpMs8T_x7v... - 2 - tx02fd32840ab141feb5ad5-006932cf14 - 0.0216 - - 1764937492.097532272 1764937492.119136333 0
Dec 5 12:24:52 standalone object-server[127401]: 172.20.0.100 - - [05/Dec/2025:12:24:52 +0000] "GET /d1/282/AUTH_309271f2df0d4ef19f54b3a0cd07d8de/gnocchi.55bf953b-2eaf-496f-8081-c4c93c93d6a4/1764720000.0_mean_300.0_v3" 404 70 "GET http://172.18.0.2:8080/v1/AUTH_309271f2df0d4ef19f54b3a0cd07d8de/gnocchi.55bf953b-2eaf-496f-8081-c4c93c93d6a4/1764720000.0_mean_300.0_v3" "tx15fbe3ea46b44bf4aa5dc-006932cf14" "proxy-server 20" 0.0011 "-" 23 0
Dec 5 12:24:52 standalone proxy-server[129169]: 172.18.0.2 172.18.0.100 05/Dec/2025/12/24/52 GET /v1/AUTH_309271f2df0d4ef19f54b3a0cd07d8de/gnocchi.55bf953b-2eaf-496f-8081-c4c93c93d6a4/1764720000.0_mean_300.0_v3 HTTP/1.0 404 - python-swiftclient-3.11.1 gAAAAABpMs8T_x7v... - 70 - tx15fbe3ea46b44bf4aa5dc-006932cf14 - 0.0067 - - 1764937492.124042749 1764937492.130789042 0
Dec 5 12:24:52 standalone container-server[127218]: 172.20.0.100 - - [05/Dec/2025:12:24:52 +0000] "PUT /d1/59/AUTH_309271f2df0d4ef19f54b3a0cd07d8de/gnocchi.55bf953b-2eaf-496f-8081-c4c93c93d6a4/1764720000.0_mean_300.0_v3" 201 - "PUT http://172.18.0.2:8080/d1/282/AUTH_309271f2df0d4ef19f54b3a0cd07d8de/gnocchi.55bf953b-2eaf-496f-8081-c4c93c93d6a4/1764720000.0_mean_300.0_v3" "txa1fb495223e74b8aa8e95-006932cf14" "object-server 24" 0.0013 "-" 22 0
Dec 5 12:24:52 standalone object-server[127406]: 172.20.0.100 - - [05/Dec/2025:12:24:52 +0000] "PUT /d1/282/AUTH_309271f2df0d4ef19f54b3a0cd07d8de/gnocchi.55bf953b-2eaf-496f-8081-c4c93c93d6a4/1764720000.0_mean_300.0_v3" 201 - "PUT http://172.18.0.2:8080/v1/AUTH_309271f2df0d4ef19f54b3a0cd07d8de/gnocchi.55bf953b-2eaf-496f-8081-c4c93c93d6a4/1764720000.0_mean_300.0_v3" "txa1fb495223e74b8aa8e95-006932cf14" "proxy-server 20" 0.0352 "-" 24 0
Dec 5 12:24:52 standalone proxy-server[129169]: 172.18.0.2 172.18.0.100 05/Dec/2025/12/24/52 PUT /v1/AUTH_309271f2df0d4ef19f54b3a0cd07d8de/gnocchi.55bf953b-2eaf-496f-8081-c4c93c93d6a4/1764720000.0_mean_300.0_v3 HTTP/1.0 201 - python-swiftclient-3.11.1 gAAAAABpMs8T_x7v... 16 - - txa1fb495223e74b8aa8e95-006932cf14 - 0.0422 - - 1764937492.134269476 1764937492.176443815 0
Dec 5 12:24:52 standalone container-server[127218]: 172.20.0.100 - - [05/Dec/2025:12:24:52 +0000] "PUT /d1/59/AUTH_309271f2df0d4ef19f54b3a0cd07d8de/gnocchi.55bf953b-2eaf-496f-8081-c4c93c93d6a4/none_v3" 201 - "PUT http://172.18.0.2:8080/d1/92/AUTH_309271f2df0d4ef19f54b3a0cd07d8de/gnocchi.55bf953b-2eaf-496f-8081-c4c93c93d6a4/none_v3" "txfad23abc72bd43b0ac694-006932cf14" "object-server 25" 0.0009 "-" 22 0
Dec 5 12:24:52 standalone object-server[127411]: 172.20.0.100 - - [05/Dec/2025:12:24:52 +0000] "PUT /d1/92/AUTH_309271f2df0d4ef19f54b3a0cd07d8de/gnocchi.55bf953b-2eaf-496f-8081-c4c93c93d6a4/none_v3" 201 - "PUT http://172.18.0.2:8080/v1/AUTH_309271f2df0d4ef19f54b3a0cd07d8de/gnocchi.55bf953b-2eaf-496f-8081-c4c93c93d6a4/none_v3" "txfad23abc72bd43b0ac694-006932cf14" "proxy-server 20" 0.0323 "-" 25 0
Dec 5 12:24:52 standalone proxy-server[129169]: 172.18.0.2 172.18.0.100 05/Dec/2025/12/24/52 PUT /v1/AUTH_309271f2df0d4ef19f54b3a0cd07d8de/gnocchi.55bf953b-2eaf-496f-8081-c4c93c93d6a4/none_v3 HTTP/1.0 201 - python-swiftclient-3.11.1 gAAAAABpMs8T_x7v... 22 - - txfad23abc72bd43b0ac694-006932cf14 - 0.0406 - - 1764937492.179860115 1764937492.220497131 0
Dec 5 12:25:21 standalone object-server[127401]: 172.20.0.100 - - [05/Dec/2025:12:25:21 +0000] "GET /d1/92/AUTH_309271f2df0d4ef19f54b3a0cd07d8de/gnocchi.55bf953b-2eaf-496f-8081-c4c93c93d6a4/none_v3" 200 22 "GET http://172.18.0.2:8080/v1/AUTH_309271f2df0d4ef19f54b3a0cd07d8de/gnocchi.55bf953b-2eaf-496f-8081-c4c93c93d6a4/none_v3" "txc023dfff35f34c79b90c1-006932cf31" "proxy-server 20" 0.0015 "-" 23 0
Dec 5 12:25:21 standalone proxy-server[129169]: 172.18.0.2 172.18.0.100 05/Dec/2025/12/25/21 GET /v1/AUTH_309271f2df0d4ef19f54b3a0cd07d8de/gnocchi.55bf953b-2eaf-496f-8081-c4c93c93d6a4/none_v3 HTTP/1.0 200 - python-swiftclient-3.11.1 gAAAAABpMs8T_x7v... - 22 - txc023dfff35f34c79b90c1-006932cf31 - 0.0182 - - 1764937521.309701443 1764937521.327940702 0
Dec 5 12:25:21 standalone container-server[127218]: 172.20.0.100 - - [05/Dec/2025:12:25:21 +0000] "GET /d1/59/AUTH_309271f2df0d4ef19f54b3a0cd07d8de/gnocchi.55bf953b-2eaf-496f-8081-c4c93c93d6a4" 200 357 "GET http://172.18.0.2:8080/v1/AUTH_309271f2df0d4ef19f54b3a0cd07d8de/gnocchi.55bf953b-2eaf-496f-8081-c4c93c93d6a4?format=json&states=listing" "txea0bee406c994d7f91950-006932cf31" "proxy-server 20" 0.0180 "-" 22 0
Dec 5 12:25:21 standalone proxy-server[129169]: 172.18.0.2 172.18.0.100 05/Dec/2025/12/25/21 GET /v1/AUTH_309271f2df0d4ef19f54b3a0cd07d8de/gnocchi.55bf953b-2eaf-496f-8081-c4c93c93d6a4%3Fformat%3Djson%26states%3Dlisting HTTP/1.0 200 - python-swiftclient-3.11.1 gAAAAABpMs8T_x7v... - 357 - txea0bee406c994d7f91950-006932cf31 - 0.0280 - - 1764937521.333473206 1764937521.361507893 0
Dec 5 12:25:21 standalone container-server[127223]: 172.20.0.100 - - [05/Dec/2025:12:25:21 +0000] "GET /d1/59/AUTH_309271f2df0d4ef19f54b3a0cd07d8de/gnocchi.55bf953b-2eaf-496f-8081-c4c93c93d6a4" 200 2 "GET http://172.18.0.2:8080/v1/AUTH_309271f2df0d4ef19f54b3a0cd07d8de/gnocchi.55bf953b-2eaf-496f-8081-c4c93c93d6a4?format=json&marker=none_v3&states=listing" "tx886892e64cc64774bda89-006932cf31" "proxy-server 20" 0.0064 "-" 23 0
Dec 5 12:25:21 standalone proxy-server[129169]: 172.18.0.2 172.18.0.100 05/Dec/2025/12/25/21 GET /v1/AUTH_309271f2df0d4ef19f54b3a0cd07d8de/gnocchi.55bf953b-2eaf-496f-8081-c4c93c93d6a4%3Fformat%3Djson%26marker%3Dnone_v3%26states%3Dlisting HTTP/1.0 200 - python-swiftclient-3.11.1 gAAAAABpMs8T_x7v... - 2 - tx886892e64cc64774bda89-006932cf31 - 0.0155 - - 1764937521.365782976 1764937521.381290674 0
Dec 5 12:25:21 standalone object-server[127401]: 172.20.0.100 - - [05/Dec/2025:12:25:21 +0000] "GET /d1/282/AUTH_309271f2df0d4ef19f54b3a0cd07d8de/gnocchi.55bf953b-2eaf-496f-8081-c4c93c93d6a4/1764720000.0_mean_300.0_v3" 200 16 "GET http://172.18.0.2:8080/v1/AUTH_309271f2df0d4ef19f54b3a0cd07d8de/gnocchi.55bf953b-2eaf-496f-8081-c4c93c93d6a4/1764720000.0_mean_300.0_v3" "tx6a0da4e8d6c6482cabd6a-006932cf31" "proxy-server 20" 0.0014 "-" 23 0
Dec 5 12:25:21 standalone proxy-server[129169]: 172.18.0.2 172.18.0.100 05/Dec/2025/12/25/21 GET /v1/AUTH_309271f2df0d4ef19f54b3a0cd07d8de/gnocchi.55bf953b-2eaf-496f-8081-c4c93c93d6a4/1764720000.0_mean_300.0_v3 HTTP/1.0 200 - python-swiftclient-3.11.1 gAAAAABpMs8T_x7v... - 16 - tx6a0da4e8d6c6482cabd6a-006932cf31 - 0.0102 - - 1764937521.386990070 1764937521.397143364 0
Dec 5 12:25:21 standalone container-server[127211]: 172.20.0.100 - - [05/Dec/2025:12:25:21 +0000] "PUT /d1/59/AUTH_309271f2df0d4ef19f54b3a0cd07d8de/gnocchi.55bf953b-2eaf-496f-8081-c4c93c93d6a4/1764720000.0_mean_300.0_v3" 201 - "PUT http://172.18.0.2:8080/d1/282/AUTH_309271f2df0d4ef19f54b3a0cd07d8de/gnocchi.55bf953b-2eaf-496f-8081-c4c93c93d6a4/1764720000.0_mean_300.0_v3" "txb2d3e77939604bd38e9d7-006932cf31" "object-server 22" 0.0013 "-" 21 0
Dec 5 12:25:21 standalone object-server[127388]: 172.20.0.100 - - [05/Dec/2025:12:25:21 +0000] "PUT /d1/282/AUTH_309271f2df0d4ef19f54b3a0cd07d8de/gnocchi.55bf953b-2eaf-496f-8081-c4c93c93d6a4/1764720000.0_mean_300.0_v3" 201 - "PUT http://172.18.0.2:8080/v1/AUTH_309271f2df0d4ef19f54b3a0cd07d8de/gnocchi.55bf953b-2eaf-496f-8081-c4c93c93d6a4/1764720000.0_mean_300.0_v3" "txb2d3e77939604bd38e9d7-006932cf31" "proxy-server 20" 0.0321 "-" 22 0
Dec 5 12:25:21 standalone proxy-server[129169]: 172.18.0.2 172.18.0.100 05/Dec/2025/12/25/21 PUT /v1/AUTH_309271f2df0d4ef19f54b3a0cd07d8de/gnocchi.55bf953b-2eaf-496f-8081-c4c93c93d6a4/1764720000.0_mean_300.0_v3 HTTP/1.0 201 - python-swiftclient-3.11.1 gAAAAABpMs8T_x7v... 16 - - txb2d3e77939604bd38e9d7-006932cf31 - 0.0406 - - 1764937521.406162977 1764937521.446794033 0
Dec 5 12:25:21 standalone container-server[127223]: 172.20.0.100 - - [05/Dec/2025:12:25:21 +0000] "PUT /d1/59/AUTH_309271f2df0d4ef19f54b3a0cd07d8de/gnocchi.55bf953b-2eaf-496f-8081-c4c93c93d6a4/none_v3" 201 - "PUT http://172.18.0.2:8080/d1/92/AUTH_309271f2df0d4ef19f54b3a0cd07d8de/gnocchi.55bf953b-2eaf-496f-8081-c4c93c93d6a4/none_v3" "txf9252d023a2a415e99a07-006932cf31" "object-server 25" 0.0010 "-" 23 0
Dec 5 12:25:21 standalone object-server[127411]: 172.20.0.100 - - [05/Dec/2025:12:25:21 +0000] "PUT /d1/92/AUTH_309271f2df0d4ef19f54b3a0cd07d8de/gnocchi.55bf953b-2eaf-496f-8081-c4c93c93d6a4/none_v3" 201 - "PUT http://172.18.0.2:8080/v1/AUTH_309271f2df0d4ef19f54b3a0cd07d8de/gnocchi.55bf953b-2eaf-496f-8081-c4c93c93d6a4/none_v3" "txf9252d023a2a415e99a07-006932cf31" "proxy-server 20" 0.0167 "-" 25 0
Dec 5 12:25:21 standalone proxy-server[129169]: 172.18.0.2 172.18.0.100 05/Dec/2025/12/25/21 PUT /v1/AUTH_309271f2df0d4ef19f54b3a0cd07d8de/gnocchi.55bf953b-2eaf-496f-8081-c4c93c93d6a4/none_v3 HTTP/1.0 201 - python-swiftclient-3.11.1 gAAAAABpMs8T_x7v... 32 - - txf9252d023a2a415e99a07-006932cf31 - 0.0252 - - 1764937521.451574802 1764937521.476725101 0
Dec 5 12:25:25 standalone object-server[127252]: Begin object update sweep
Dec 5 12:25:25 standalone object-server[223160]: Object update sweep starting on /srv/node/d1 (pid: 14)
Dec 5 12:25:25 standalone object-server[223160]: Object update sweep completed on /srv/node/d1 in 0.00s seconds:, 0 successes, 0 failures, 0 quarantines, 0 unlinks, 0 errors, 0 redirects (pid: 14)
Dec 5 12:25:25 standalone object-server[223160]: Object update sweep of d1 completed: 0.00s, 0 successes, 0 failures, 0 quarantines, 0 unlinks, 0 errors, 0 redirects
Dec 5 12:25:25 standalone object-server[127252]: Object update sweep completed: 0.08s
Dec 5 12:25:51 standalone container-server[127223]: 172.20.0.100 - - [05/Dec/2025:12:25:51 +0000] "HEAD /d1/166/AUTH_309271f2df0d4ef19f54b3a0cd07d8de/gnocchi.45fa8bbb-2048-495e-999e-984dd54d4f62" 404 - "HEAD http://172.18.0.2:8080/v1/AUTH_309271f2df0d4ef19f54b3a0cd07d8de/gnocchi.45fa8bbb-2048-495e-999e-984dd54d4f62?format=json&states=listing" "txf2bac83559ce42c0bfbd6-006932cf4f" "proxy-server 20" 0.0008 "-" 23 0
Dec 5 12:25:51 standalone object-server[127411]: 172.20.0.100 - - [05/Dec/2025:12:25:51 +0000] "GET /d1/224/AUTH_309271f2df0d4ef19f54b3a0cd07d8de/gnocchi.45fa8bbb-2048-495e-999e-984dd54d4f62/none_v3" 404 70 "GET http://172.18.0.2:8080/v1/AUTH_309271f2df0d4ef19f54b3a0cd07d8de/gnocchi.45fa8bbb-2048-495e-999e-984dd54d4f62/none_v3" "txf2bac83559ce42c0bfbd6-006932cf4f" "proxy-server 20" 0.0007 "-" 25 0
Dec 5 12:25:51 standalone proxy-server[129169]: 172.18.0.2 172.18.0.100 05/Dec/2025/12/25/51 GET /v1/AUTH_309271f2df0d4ef19f54b3a0cd07d8de/gnocchi.45fa8bbb-2048-495e-999e-984dd54d4f62/none_v3 HTTP/1.0 404 - python-swiftclient-3.11.1 gAAAAABpMs8T_x7v... - 70 - txf2bac83559ce42c0bfbd6-006932cf4f - 0.0201 - - 1764937551.019711733 1764937551.039769173 0
Dec 5 12:25:51 standalone account-server[127018]: 172.20.0.100 - - [05/Dec/2025:12:25:51 +0000] "PUT /d1/849/AUTH_309271f2df0d4ef19f54b3a0cd07d8de/gnocchi.45fa8bbb-2048-495e-999e-984dd54d4f62" 201 - "PUT http://172.20.0.100:6001/d1/166/AUTH_309271f2df0d4ef19f54b3a0cd07d8de/gnocchi.45fa8bbb-2048-495e-999e-984dd54d4f62" "tx2dadc1f7f59941499a6e5-006932cf4f" "container-server 22" 0.0055 "-" 21 0
Dec 5 12:25:51 standalone container-server[127218]: 172.20.0.100 - - [05/Dec/2025:12:25:51 +0000] "PUT /d1/166/AUTH_309271f2df0d4ef19f54b3a0cd07d8de/gnocchi.45fa8bbb-2048-495e-999e-984dd54d4f62" 201 - "PUT http://172.18.0.2:8080/v1/AUTH_309271f2df0d4ef19f54b3a0cd07d8de/gnocchi.45fa8bbb-2048-495e-999e-984dd54d4f62" "tx2dadc1f7f59941499a6e5-006932cf4f" "proxy-server 20" 0.0159 "-" 22 0
Dec 5 12:25:51 standalone proxy-server[129169]: 172.18.0.2 172.18.0.100 05/Dec/2025/12/25/51 PUT /v1/AUTH_309271f2df0d4ef19f54b3a0cd07d8de/gnocchi.45fa8bbb-2048-495e-999e-984dd54d4f62 HTTP/1.0 201 - python-swiftclient-3.11.1 gAAAAABpMs8T_x7v... - - - tx2dadc1f7f59941499a6e5-006932cf4f - 0.0207 - - 1764937551.042753220 1764937551.063426495 0
Dec 5 12:25:51 standalone container-server[127206]: 172.20.0.100 - - [05/Dec/2025:12:25:51 +0000] "HEAD /d1/166/AUTH_309271f2df0d4ef19f54b3a0cd07d8de/gnocchi.45fa8bbb-2048-495e-999e-984dd54d4f62" 204 - "HEAD http://172.18.0.2:8080/v1/AUTH_309271f2df0d4ef19f54b3a0cd07d8de/gnocchi.45fa8bbb-2048-495e-999e-984dd54d4f62?format=json&states=listing" "tx9bbed9392303423b928cb-006932cf4f" "proxy-server 20" 0.0013 "-" 20 0
Dec 5 12:25:51 standalone proxy-server[129169]: - - 05/Dec/2025/12/25/51 HEAD /v1/AUTH_309271f2df0d4ef19f54b3a0cd07d8de/gnocchi.45fa8bbb-2048-495e-999e-984dd54d4f62%3Fformat%3Djson%26states%3Dlisting HTTP/1.0 204 - Swift - - - - tx9bbed9392303423b928cb-006932cf4f - 0.0075 RL - 1764937551.068837404 1764937551.076338291 0
Dec 5 12:25:51 standalone container-server[127223]: 172.20.0.100 - - [05/Dec/2025:12:25:51 +0000] "GET /d1/166/AUTH_309271f2df0d4ef19f54b3a0cd07d8de/gnocchi.45fa8bbb-2048-495e-999e-984dd54d4f62" 200 2 "GET http://172.18.0.2:8080/v1/AUTH_309271f2df0d4ef19f54b3a0cd07d8de/gnocchi.45fa8bbb-2048-495e-999e-984dd54d4f62?format=json&states=listing" "tx9bbed9392303423b928cb-006932cf4f" "proxy-server 20" 0.0036 "-" 23 0
Dec 5 12:25:51 standalone proxy-server[129169]: 172.18.0.2 172.18.0.100 05/Dec/2025/12/25/51 GET /v1/AUTH_309271f2df0d4ef19f54b3a0cd07d8de/gnocchi.45fa8bbb-2048-495e-999e-984dd54d4f62%3Fformat%3Djson%26states%3Dlisting HTTP/1.0 200 - python-swiftclient-3.11.1 gAAAAABpMs8T_x7v... - 2 - tx9bbed9392303423b928cb-006932cf4f - 0.0234 - - 1764937551.066473007 1764937551.089903116 0
Dec 5 12:25:51 standalone object-server[127388]: 172.20.0.100 - - [05/Dec/2025:12:25:51 +0000] "GET /d1/700/AUTH_309271f2df0d4ef19f54b3a0cd07d8de/gnocchi.45fa8bbb-2048-495e-999e-984dd54d4f62/1764720000.0_mean_300.0_v3" 404 70 "GET http://172.18.0.2:8080/v1/AUTH_309271f2df0d4ef19f54b3a0cd07d8de/gnocchi.45fa8bbb-2048-495e-999e-984dd54d4f62/1764720000.0_mean_300.0_v3" "tx3bc0cb2db0654b1bb9c75-006932cf4f" "proxy-server 20" 0.0005 "-" 22 0
Dec 5 12:25:51 standalone proxy-server[129169]: 172.18.0.2 172.18.0.100 05/Dec/2025/12/25/51 GET /v1/AUTH_309271f2df0d4ef19f54b3a0cd07d8de/gnocchi.45fa8bbb-2048-495e-999e-984dd54d4f62/1764720000.0_mean_300.0_v3 HTTP/1.0 404 - python-swiftclient-3.11.1 gAAAAABpMs8T_x7v... - 70 - tx3bc0cb2db0654b1bb9c75-006932cf4f - 0.0114 - - 1764937551.099298954 1764937551.110677481 0
Dec 5 12:25:51 standalone container-server[127211]: 172.20.0.100 - - [05/Dec/2025:12:25:51 +0000] "PUT /d1/166/AUTH_309271f2df0d4ef19f54b3a0cd07d8de/gnocchi.45fa8bbb-2048-495e-999e-984dd54d4f62/1764720000.0_mean_300.0_v3" 201 - "PUT http://172.18.0.2:8080/d1/700/AUTH_309271f2df0d4ef19f54b3a0cd07d8de/gnocchi.45fa8bbb-2048-495e-999e-984dd54d4f62/1764720000.0_mean_300.0_v3" "tx69f86c0f02114bbdbecf6-006932cf4f" "object-server 23" 0.0005 "-" 21 0
Dec 5 12:25:51 standalone object-server[127401]: 172.20.0.100 - - [05/Dec/2025:12:25:51 +0000] "PUT /d1/700/AUTH_309271f2df0d4ef19f54b3a0cd07d8de/gnocchi.45fa8bbb-2048-495e-999e-984dd54d4f62/1764720000.0_mean_300.0_v3" 201 - "PUT http://172.18.0.2:8080/v1/AUTH_309271f2df0d4ef19f54b3a0cd07d8de/gnocchi.45fa8bbb-2048-495e-999e-984dd54d4f62/1764720000.0_mean_300.0_v3" "tx69f86c0f02114bbdbecf6-006932cf4f" "proxy-server 20" 0.0348 "-" 23 0
Dec 5 12:25:51 standalone proxy-server[129169]: 172.18.0.2 172.18.0.100 05/Dec/2025/12/25/51 PUT /v1/AUTH_309271f2df0d4ef19f54b3a0cd07d8de/gnocchi.45fa8bbb-2048-495e-999e-984dd54d4f62/1764720000.0_mean_300.0_v3 HTTP/1.0 201 - python-swiftclient-3.11.1 gAAAAABpMs8T_x7v... 16 - - tx69f86c0f02114bbdbecf6-006932cf4f - 0.0444 - - 1764937551.118144512 1764937551.162504435 0
Dec 5 12:25:51 standalone container-server[127206]: 172.20.0.100 - - [05/Dec/2025:12:25:51 +0000] "PUT /d1/166/AUTH_309271f2df0d4ef19f54b3a0cd07d8de/gnocchi.45fa8bbb-2048-495e-999e-984dd54d4f62/none_v3" 201 - "PUT http://172.18.0.2:8080/d1/224/AUTH_309271f2df0d4ef19f54b3a0cd07d8de/gnocchi.45fa8bbb-2048-495e-999e-984dd54d4f62/none_v3" "tx2df8a684f4e2491686929-006932cf4f" "object-server 22" 0.0007 "-" 20 0
Dec 5 12:25:51 standalone object-server[127388]: 172.20.0.100 - - [05/Dec/2025:12:25:51 +0000] "PUT /d1/224/AUTH_309271f2df0d4ef19f54b3a0cd07d8de/gnocchi.45fa8bbb-2048-495e-999e-984dd54d4f62/none_v3" 201 - "PUT http://172.18.0.2:8080/v1/AUTH_309271f2df0d4ef19f54b3a0cd07d8de/gnocchi.45fa8bbb-2048-495e-999e-984dd54d4f62/none_v3" "tx2df8a684f4e2491686929-006932cf4f" "proxy-server 20" 0.0478 "-" 22 0
Dec 5 12:25:51 standalone proxy-server[129169]: 172.18.0.2 172.18.0.100 05/Dec/2025/12/25/51 PUT /v1/AUTH_309271f2df0d4ef19f54b3a0cd07d8de/gnocchi.45fa8bbb-2048-495e-999e-984dd54d4f62/none_v3 HTTP/1.0 201 - python-swiftclient-3.11.1 gAAAAABpMs8T_x7v... 22 - - tx2df8a684f4e2491686929-006932cf4f - 0.0569 - - 1764937551.167777777 1764937551.224725008 0
Dec 5 12:25:51 standalone container-server[127223]: 172.20.0.100 - - [05/Dec/2025:12:25:51 +0000] "HEAD /d1/744/AUTH_309271f2df0d4ef19f54b3a0cd07d8de/gnocchi.97f877e2-8574-419c-aac0-f9c8eb01460b" 404 - "HEAD http://172.18.0.2:8080/v1/AUTH_309271f2df0d4ef19f54b3a0cd07d8de/gnocchi.97f877e2-8574-419c-aac0-f9c8eb01460b?format=json&states=listing" "txa0105b760ad14fac95ee8-006932cf4f" "proxy-server 20" 0.0004 "-" 23 0
Dec 5 12:25:51 standalone object-server[127411]: 172.20.0.100 - - [05/Dec/2025:12:25:51 +0000] "GET /d1/699/AUTH_309271f2df0d4ef19f54b3a0cd07d8de/gnocchi.97f877e2-8574-419c-aac0-f9c8eb01460b/none_v3" 404 70 "GET http://172.18.0.2:8080/v1/AUTH_309271f2df0d4ef19f54b3a0cd07d8de/gnocchi.97f877e2-8574-419c-aac0-f9c8eb01460b/none_v3" "txa0105b760ad14fac95ee8-006932cf4f" "proxy-server 20" 0.0003 "-" 25 0
Dec 5 12:25:51 standalone proxy-server[129169]: 172.18.0.2 172.18.0.100 05/Dec/2025/12/25/51 GET /v1/AUTH_309271f2df0d4ef19f54b3a0cd07d8de/gnocchi.97f877e2-8574-419c-aac0-f9c8eb01460b/none_v3 HTTP/1.0 404 - python-swiftclient-3.11.1 gAAAAABpMs8T_x7v... - 70 - txa0105b760ad14fac95ee8-006932cf4f - 0.0120 - - 1764937551.238909721 1764937551.250898600 0
Dec 5 12:25:51 standalone account-server[127045]: 172.20.0.100 - - [05/Dec/2025:12:25:51 +0000] "PUT /d1/849/AUTH_309271f2df0d4ef19f54b3a0cd07d8de/gnocchi.97f877e2-8574-419c-aac0-f9c8eb01460b" 201 - "PUT http://172.20.0.100:6001/d1/744/AUTH_309271f2df0d4ef19f54b3a0cd07d8de/gnocchi.97f877e2-8574-419c-aac0-f9c8eb01460b" "tx49ef3be3d97f43ad8edd3-006932cf4f" "container-server 22" 0.0122 "-" 23 0
Dec 5 12:25:51 standalone container-server[127218]: 172.20.0.100 - - [05/Dec/2025:12:25:51 +0000] "PUT /d1/744/AUTH_309271f2df0d4ef19f54b3a0cd07d8de/gnocchi.97f877e2-8574-419c-aac0-f9c8eb01460b" 201 - "PUT http://172.18.0.2:8080/v1/AUTH_309271f2df0d4ef19f54b3a0cd07d8de/gnocchi.97f877e2-8574-419c-aac0-f9c8eb01460b" "tx49ef3be3d97f43ad8edd3-006932cf4f" "proxy-server 20" 0.0466 "-" 22 0
Dec 5 12:25:51 standalone proxy-server[129169]: 172.18.0.2 172.18.0.100 05/Dec/2025/12/25/51 PUT /v1/AUTH_309271f2df0d4ef19f54b3a0cd07d8de/gnocchi.97f877e2-8574-419c-aac0-f9c8eb01460b HTTP/1.0 201 - python-swiftclient-3.11.1 gAAAAABpMs8T_x7v... - - - tx49ef3be3d97f43ad8edd3-006932cf4f - 0.0554 - - 1764937551.256786346 1764937551.312195063 0
Dec 5 12:25:51 standalone container-server[127211]: 172.20.0.100 - - [05/Dec/2025:12:25:51 +0000] "HEAD /d1/744/AUTH_309271f2df0d4ef19f54b3a0cd07d8de/gnocchi.97f877e2-8574-419c-aac0-f9c8eb01460b" 204 - "HEAD http://172.18.0.2:8080/v1/AUTH_309271f2df0d4ef19f54b3a0cd07d8de/gnocchi.97f877e2-8574-419c-aac0-f9c8eb01460b?format=json&states=listing" "txe9f98f218d4844c2a373a-006932cf4f" "proxy-server 20" 0.0016 "-" 21 0
Dec 5 12:25:51 standalone proxy-server[129169]: - - 05/Dec/2025/12/25/51 HEAD /v1/AUTH_309271f2df0d4ef19f54b3a0cd07d8de/gnocchi.97f877e2-8574-419c-aac0-f9c8eb01460b%3Fformat%3Djson%26states%3Dlisting HTTP/1.0 204 - Swift - - - - txe9f98f218d4844c2a373a-006932cf4f - 0.0061 RL - 1764937551.318999529 1764937551.325118303 0
Dec 5 12:25:51 standalone container-server[127218]: 172.20.0.100 - - [05/Dec/2025:12:25:51 +0000] "GET /d1/744/AUTH_309271f2df0d4ef19f54b3a0cd07d8de/gnocchi.97f877e2-8574-419c-aac0-f9c8eb01460b" 200 2 "GET http://172.18.0.2:8080/v1/AUTH_309271f2df0d4ef19f54b3a0cd07d8de/gnocchi.97f877e2-8574-419c-aac0-f9c8eb01460b?format=json&states=listing" "txe9f98f218d4844c2a373a-006932cf4f" "proxy-server 20" 0.0042 "-" 22 0
Dec 5 12:25:51 standalone proxy-server[129169]: 172.18.0.2 172.18.0.100 05/Dec/2025/12/25/51 GET /v1/AUTH_309271f2df0d4ef19f54b3a0cd07d8de/gnocchi.97f877e2-8574-419c-aac0-f9c8eb01460b%3Fformat%3Djson%26states%3Dlisting HTTP/1.0 200 - python-swiftclient-3.11.1 gAAAAABpMs8T_x7v... - 2 - txe9f98f218d4844c2a373a-006932cf4f - 0.0218 - - 1764937551.317102909 1764937551.338877439 0
Dec 5 12:25:51 standalone object-server[127406]: 172.20.0.100 - - [05/Dec/2025:12:25:51 +0000] "GET /d1/773/AUTH_309271f2df0d4ef19f54b3a0cd07d8de/gnocchi.97f877e2-8574-419c-aac0-f9c8eb01460b/1764720000.0_mean_300.0_v3" 404 70 "GET http://172.18.0.2:8080/v1/AUTH_309271f2df0d4ef19f54b3a0cd07d8de/gnocchi.97f877e2-8574-419c-aac0-f9c8eb01460b/1764720000.0_mean_300.0_v3" "tx60766e80696c4c2cafba7-006932cf4f" "proxy-server 20" 0.0005 "-" 24 0
Dec 5 12:25:51 standalone proxy-server[129169]: 172.18.0.2 172.18.0.100 05/Dec/2025/12/25/51 GET /v1/AUTH_309271f2df0d4ef19f54b3a0cd07d8de/gnocchi.97f877e2-8574-419c-aac0-f9c8eb01460b/1764720000.0_mean_300.0_v3 HTTP/1.0 404 - python-swiftclient-3.11.1 gAAAAABpMs8T_x7v... - 70 - tx60766e80696c4c2cafba7-006932cf4f - 0.0153 - - 1764937551.342749834 1764937551.358006477 0
Dec 5 12:25:51 standalone container-server[127223]: 172.20.0.100 - - [05/Dec/2025:12:25:51 +0000] "PUT /d1/744/AUTH_309271f2df0d4ef19f54b3a0cd07d8de/gnocchi.97f877e2-8574-419c-aac0-f9c8eb01460b/1764720000.0_mean_300.0_v3" 201 - "PUT http://172.18.0.2:8080/d1/773/AUTH_309271f2df0d4ef19f54b3a0cd07d8de/gnocchi.97f877e2-8574-419c-aac0-f9c8eb01460b/1764720000.0_mean_300.0_v3" "tx6c1c238155e64e3994b57-006932cf4f" "object-server 25" 0.0005 "-" 23 0
Dec 5 12:25:51 standalone object-server[127411]: 172.20.0.100 - - [05/Dec/2025:12:25:51 +0000] "PUT /d1/773/AUTH_309271f2df0d4ef19f54b3a0cd07d8de/gnocchi.97f877e2-8574-419c-aac0-f9c8eb01460b/1764720000.0_mean_300.0_v3" 201 - "PUT http://172.18.0.2:8080/v1/AUTH_309271f2df0d4ef19f54b3a0cd07d8de/gnocchi.97f877e2-8574-419c-aac0-f9c8eb01460b/1764720000.0_mean_300.0_v3" "tx6c1c238155e64e3994b57-006932cf4f" "proxy-server 20" 0.0091 "-" 25 0
Dec 5 12:25:51 standalone proxy-server[129169]: 172.18.0.2 172.18.0.100 05/Dec/2025/12/25/51 PUT /v1/AUTH_309271f2df0d4ef19f54b3a0cd07d8de/gnocchi.97f877e2-8574-419c-aac0-f9c8eb01460b/1764720000.0_mean_300.0_v3 HTTP/1.0 201 - python-swiftclient-3.11.1 gAAAAABpMs8T_x7v... 16 - - tx6c1c238155e64e3994b57-006932cf4f - 0.0161 - - 1764937551.362964630 1764937551.379024744 0
Dec 5 12:25:51 standalone container-server[127223]: 172.20.0.100 - - [05/Dec/2025:12:25:51 +0000] "PUT /d1/744/AUTH_309271f2df0d4ef19f54b3a0cd07d8de/gnocchi.97f877e2-8574-419c-aac0-f9c8eb01460b/none_v3" 201 - "PUT http://172.18.0.2:8080/d1/699/AUTH_309271f2df0d4ef19f54b3a0cd07d8de/gnocchi.97f877e2-8574-419c-aac0-f9c8eb01460b/none_v3" "tx0f4e3e44326a45b6b4d83-006932cf4f" "object-server 23" 0.0005 "-" 23 0
Dec 5 12:25:51 standalone object-server[127401]: 172.20.0.100 - - [05/Dec/2025:12:25:51 +0000] "PUT /d1/699/AUTH_309271f2df0d4ef19f54b3a0cd07d8de/gnocchi.97f877e2-8574-419c-aac0-f9c8eb01460b/none_v3" 201 - "PUT http://172.18.0.2:8080/v1/AUTH_309271f2df0d4ef19f54b3a0cd07d8de/gnocchi.97f877e2-8574-419c-aac0-f9c8eb01460b/none_v3" "tx0f4e3e44326a45b6b4d83-006932cf4f" "proxy-server 20" 0.0085 "-" 23 0
Dec 5 12:25:51 standalone proxy-server[129169]: 172.18.0.2 172.18.0.100 05/Dec/2025/12/25/51 PUT /v1/AUTH_309271f2df0d4ef19f54b3a0cd07d8de/gnocchi.97f877e2-8574-419c-aac0-f9c8eb01460b/none_v3 HTTP/1.0 201 - python-swiftclient-3.11.1 gAAAAABpMs8T_x7v... 22 - - tx0f4e3e44326a45b6b4d83-006932cf4f - 0.0153 - - 1764937551.381463528 1764937551.396780729 0
Dec 5 12:25:58 standalone account-server[126990]: 172.20.0.100 - - [05/Dec/2025:12:25:58 +0000] "HEAD /d1/849/AUTH_309271f2df0d4ef19f54b3a0cd07d8de" 204 - "HEAD http://172.18.0.2:8080/v1/AUTH_309271f2df0d4ef19f54b3a0cd07d8de?format=json" "txc061fff752a74afc93147-006932cf56" "proxy-server 20" 0.0063 "-" 20 -
Dec 5 12:25:58 standalone proxy-server[129169]: - - 05/Dec/2025/12/25/58 HEAD /v1/AUTH_309271f2df0d4ef19f54b3a0cd07d8de%3Fformat%3Djson HTTP/1.0 204 - Swift - - - - txc061fff752a74afc93147-006932cf56 - 0.0109 RL - 1764937558.763432741 1764937558.774307251 -
Dec 5 12:25:58 standalone container-server[127206]: 172.20.0.100 - - [05/Dec/2025:12:25:58 +0000] "HEAD /d1/1019/AUTH_309271f2df0d4ef19f54b3a0cd07d8de/gnocchi.0547832d-db62-4f50-abab-b056ec896e85" 404 - "HEAD http://172.18.0.2:8080/v1/AUTH_309271f2df0d4ef19f54b3a0cd07d8de/gnocchi.0547832d-db62-4f50-abab-b056ec896e85?format=json&states=listing" "txc061fff752a74afc93147-006932cf56" "proxy-server 20" 0.0011 "-" 20 0
Dec 5 12:25:58 standalone object-server[127401]: 172.20.0.100 - - [05/Dec/2025:12:25:58 +0000] "GET /d1/238/AUTH_309271f2df0d4ef19f54b3a0cd07d8de/gnocchi.0547832d-db62-4f50-abab-b056ec896e85/none_v3" 404 70 "GET http://172.18.0.2:8080/v1/AUTH_309271f2df0d4ef19f54b3a0cd07d8de/gnocchi.0547832d-db62-4f50-abab-b056ec896e85/none_v3" "txc061fff752a74afc93147-006932cf56" "proxy-server 20" 0.0006 "-" 23 0
Dec 5 12:25:58 standalone proxy-server[129169]: 172.18.0.2 172.18.0.100 05/Dec/2025/12/25/58 GET /v1/AUTH_309271f2df0d4ef19f54b3a0cd07d8de/gnocchi.0547832d-db62-4f50-abab-b056ec896e85/none_v3 HTTP/1.0 404 - python-swiftclient-3.11.1 gAAAAABpMs8T_x7v... - 70 - txc061fff752a74afc93147-006932cf56 - 0.0321 - - 1764937558.762055397 1764937558.794136524 0
Dec 5 12:25:58 standalone account-server[127018]: 172.20.0.100 - - [05/Dec/2025:12:25:58 +0000] "PUT /d1/849/AUTH_309271f2df0d4ef19f54b3a0cd07d8de/gnocchi.0547832d-db62-4f50-abab-b056ec896e85" 201 - "PUT http://172.20.0.100:6001/d1/1019/AUTH_309271f2df0d4ef19f54b3a0cd07d8de/gnocchi.0547832d-db62-4f50-abab-b056ec896e85" "tx4348b7096aa3438682cc9-006932cf56" "container-server 20" 0.0022 "-" 21 0
Dec 5 12:25:58 standalone container-server[127206]: 172.20.0.100 - - [05/Dec/2025:12:25:58 +0000] "PUT /d1/1019/AUTH_309271f2df0d4ef19f54b3a0cd07d8de/gnocchi.0547832d-db62-4f50-abab-b056ec896e85" 201 - "PUT http://172.18.0.2:8080/v1/AUTH_309271f2df0d4ef19f54b3a0cd07d8de/gnocchi.0547832d-db62-4f50-abab-b056ec896e85" "tx4348b7096aa3438682cc9-006932cf56" "proxy-server 20" 0.0201 "-" 20 0
Dec 5 12:25:58 standalone proxy-server[129169]: 172.18.0.2 172.18.0.100 05/Dec/2025/12/25/58 PUT /v1/AUTH_309271f2df0d4ef19f54b3a0cd07d8de/gnocchi.0547832d-db62-4f50-abab-b056ec896e85 HTTP/1.0 201 - python-swiftclient-3.11.1 gAAAAABpMs8T_x7v... - - - tx4348b7096aa3438682cc9-006932cf56 - 0.0284 - - 1764937558.798639774 1764937558.827035427 0
Dec 5 12:25:58 standalone container-server[127223]: 172.20.0.100 - - [05/Dec/2025:12:25:58 +0000] "HEAD /d1/1019/AUTH_309271f2df0d4ef19f54b3a0cd07d8de/gnocchi.0547832d-db62-4f50-abab-b056ec896e85" 204 - "HEAD http://172.18.0.2:8080/v1/AUTH_309271f2df0d4ef19f54b3a0cd07d8de/gnocchi.0547832d-db62-4f50-abab-b056ec896e85?format=json&states=listing" "txe2dde364a7cf4a70a22cd-006932cf56" "proxy-server 20" 0.0025 "-" 23 0
Dec 5 12:25:58 standalone proxy-server[129169]: - - 05/Dec/2025/12/25/58 HEAD /v1/AUTH_309271f2df0d4ef19f54b3a0cd07d8de/gnocchi.0547832d-db62-4f50-abab-b056ec896e85%3Fformat%3Djson%26states%3Dlisting HTTP/1.0 204 - Swift - - - - txe2dde364a7cf4a70a22cd-006932cf56 - 0.0117 RL - 1764937558.834888220 1764937558.846625090 0
Dec 5 12:25:58 standalone container-server[127206]: 172.20.0.100 - - [05/Dec/2025:12:25:58 +0000] "GET /d1/1019/AUTH_309271f2df0d4ef19f54b3a0cd07d8de/gnocchi.0547832d-db62-4f50-abab-b056ec896e85" 200 2 "GET http://172.18.0.2:8080/v1/AUTH_309271f2df0d4ef19f54b3a0cd07d8de/gnocchi.0547832d-db62-4f50-abab-b056ec896e85?format=json&states=listing" "txe2dde364a7cf4a70a22cd-006932cf56" "proxy-server 20" 0.0036 "-" 20 0
Dec 5 12:25:58 standalone proxy-server[129169]: 172.18.0.2 172.18.0.100 05/Dec/2025/12/25/58 GET /v1/AUTH_309271f2df0d4ef19f54b3a0cd07d8de/gnocchi.0547832d-db62-4f50-abab-b056ec896e85%3Fformat%3Djson%26states%3Dlisting HTTP/1.0 200 - python-swiftclient-3.11.1 gAAAAABpMs8T_x7v... - 2 - txe2dde364a7cf4a70a22cd-006932cf56 - 0.0315 - - 1764937558.832813025 1764937558.864338875 0
Dec 5 12:25:58 standalone object-server[127411]: 172.20.0.100 - - [05/Dec/2025:12:25:58 +0000] "GET /d1/193/AUTH_309271f2df0d4ef19f54b3a0cd07d8de/gnocchi.0547832d-db62-4f50-abab-b056ec896e85/1764720000.0_mean_300.0_v3" 404 70 "GET http://172.18.0.2:8080/v1/AUTH_309271f2df0d4ef19f54b3a0cd07d8de/gnocchi.0547832d-db62-4f50-abab-b056ec896e85/1764720000.0_mean_300.0_v3" "tx8f4e132aea2243f78d0b8-006932cf56" "proxy-server 20" 0.0007 "-" 25 0
Dec 5 12:25:58 standalone proxy-server[129169]: 172.18.0.2 172.18.0.100 05/Dec/2025/12/25/58 GET /v1/AUTH_309271f2df0d4ef19f54b3a0cd07d8de/gnocchi.0547832d-db62-4f50-abab-b056ec896e85/1764720000.0_mean_300.0_v3 HTTP/1.0 404 - python-swiftclient-3.11.1 gAAAAABpMs8T_x7v... - 70 - tx8f4e132aea2243f78d0b8-006932cf56 - 0.0111 - - 1764937558.871246338 1764937558.882327795 0
Dec 5 12:25:58 standalone container-server[127223]: 172.20.0.100 - - [05/Dec/2025:12:25:58 +0000] "PUT /d1/1019/AUTH_309271f2df0d4ef19f54b3a0cd07d8de/gnocchi.0547832d-db62-4f50-abab-b056ec896e85/1764720000.0_mean_300.0_v3" 201 - "PUT http://172.18.0.2:8080/d1/193/AUTH_309271f2df0d4ef19f54b3a0cd07d8de/gnocchi.0547832d-db62-4f50-abab-b056ec896e85/1764720000.0_mean_300.0_v3" "tx19dbdfc736d544118f142-006932cf56" "object-server 24" 0.0016 "-" 23 0
Dec 5 12:25:58 standalone object-server[127406]: 172.20.0.100 - - [05/Dec/2025:12:25:58 +0000] "PUT /d1/193/AUTH_309271f2df0d4ef19f54b3a0cd07d8de/gnocchi.0547832d-db62-4f50-abab-b056ec896e85/1764720000.0_mean_300.0_v3" 201 - "PUT http://172.18.0.2:8080/v1/AUTH_309271f2df0d4ef19f54b3a0cd07d8de/gnocchi.0547832d-db62-4f50-abab-b056ec896e85/1764720000.0_mean_300.0_v3" "tx19dbdfc736d544118f142-006932cf56" "proxy-server 20" 0.0162 "-" 24 0
Dec 5 12:25:58 standalone proxy-server[129169]: 172.18.0.2 172.18.0.100 05/Dec/2025/12/25/58 PUT /v1/AUTH_309271f2df0d4ef19f54b3a0cd07d8de/gnocchi.0547832d-db62-4f50-abab-b056ec896e85/1764720000.0_mean_300.0_v3 HTTP/1.0 201 - python-swiftclient-3.11.1 gAAAAABpMs8T_x7v... 16 - - tx19dbdfc736d544118f142-006932cf56 - 0.0270 - - 1764937558.887511730 1764937558.914557457 0
Dec 5 12:25:58 standalone container-server[127218]: 172.20.0.100 - - [05/Dec/2025:12:25:58 +0000] "PUT /d1/1019/AUTH_309271f2df0d4ef19f54b3a0cd07d8de/gnocchi.0547832d-db62-4f50-abab-b056ec896e85/none_v3" 201 - "PUT http://172.18.0.2:8080/d1/238/AUTH_309271f2df0d4ef19f54b3a0cd07d8de/gnocchi.0547832d-db62-4f50-abab-b056ec896e85/none_v3" "txeeacc15a587a4de09222d-006932cf56" "object-server 24" 0.0010 "-" 22 0
Dec 5 12:25:58 standalone object-server[127406]: 172.20.0.100 - - [05/Dec/2025:12:25:58 +0000] "PUT /d1/238/AUTH_309271f2df0d4ef19f54b3a0cd07d8de/gnocchi.0547832d-db62-4f50-abab-b056ec896e85/none_v3" 201 - "PUT http://172.18.0.2:8080/v1/AUTH_309271f2df0d4ef19f54b3a0cd07d8de/gnocchi.0547832d-db62-4f50-abab-b056ec896e85/none_v3" "txeeacc15a587a4de09222d-006932cf56" "proxy-server 20" 0.0159 "-" 24 0
Dec 5 12:25:58 standalone proxy-server[129169]: 172.18.0.2 172.18.0.100 05/Dec/2025/12/25/58 PUT /v1/AUTH_309271f2df0d4ef19f54b3a0cd07d8de/gnocchi.0547832d-db62-4f50-abab-b056ec896e85/none_v3 HTTP/1.0 201 - python-swiftclient-3.11.1 gAAAAABpMs8T_x7v... 22 - - txeeacc15a587a4de09222d-006932cf56 - 0.0264 - - 1764937558.919045448 1764937558.945412874 0
Dec 5 12:25:58 standalone container-server[127218]: 172.20.0.100 - - [05/Dec/2025:12:25:58 +0000] "HEAD /d1/287/AUTH_309271f2df0d4ef19f54b3a0cd07d8de/gnocchi.bc7e293b-f5ec-4f8e-9c10-855729fadb8b" 404 - "HEAD http://172.18.0.2:8080/v1/AUTH_309271f2df0d4ef19f54b3a0cd07d8de/gnocchi.bc7e293b-f5ec-4f8e-9c10-855729fadb8b?format=json&states=listing" "tx37124052891c41d58f9e1-006932cf56" "proxy-server 20" 0.0006 "-" 22 0
Dec 5 12:25:58 standalone object-server[127401]: 172.20.0.100 - - [05/Dec/2025:12:25:58 +0000] "GET /d1/289/AUTH_309271f2df0d4ef19f54b3a0cd07d8de/gnocchi.bc7e293b-f5ec-4f8e-9c10-855729fadb8b/none_v3" 404 70 "GET http://172.18.0.2:8080/v1/AUTH_309271f2df0d4ef19f54b3a0cd07d8de/gnocchi.bc7e293b-f5ec-4f8e-9c10-855729fadb8b/none_v3" "tx37124052891c41d58f9e1-006932cf56" "proxy-server 20" 0.0007 "-" 23 0
Dec 5 12:25:58 standalone proxy-server[129169]: 172.18.0.2 172.18.0.100 05/Dec/2025/12/25/58 GET /v1/AUTH_309271f2df0d4ef19f54b3a0cd07d8de/gnocchi.bc7e293b-f5ec-4f8e-9c10-855729fadb8b/none_v3 HTTP/1.0 404 - python-swiftclient-3.11.1 gAAAAABpMs8T_x7v... - 70 - tx37124052891c41d58f9e1-006932cf56 - 0.0148 - - 1764937558.966760397 1764937558.981520414 0
Dec 5 12:25:59 standalone account-server[127040]: 172.20.0.100 - - [05/Dec/2025:12:25:59 +0000] "PUT /d1/849/AUTH_309271f2df0d4ef19f54b3a0cd07d8de/gnocchi.bc7e293b-f5ec-4f8e-9c10-855729fadb8b" 201 - "PUT http://172.20.0.100:6001/d1/287/AUTH_309271f2df0d4ef19f54b3a0cd07d8de/gnocchi.bc7e293b-f5ec-4f8e-9c10-855729fadb8b" "tx863cf15c8849465199bad-006932cf56" "container-server 22" 0.0092 "-" 22 0
Dec 5 12:25:59 standalone container-server[127218]: 172.20.0.100 - - [05/Dec/2025:12:25:59 +0000] "PUT /d1/287/AUTH_309271f2df0d4ef19f54b3a0cd07d8de/gnocchi.bc7e293b-f5ec-4f8e-9c10-855729fadb8b" 201 - "PUT http://172.18.0.2:8080/v1/AUTH_309271f2df0d4ef19f54b3a0cd07d8de/gnocchi.bc7e293b-f5ec-4f8e-9c10-855729fadb8b" "tx863cf15c8849465199bad-006932cf56" "proxy-server 20" 0.0259 "-" 22 0
Dec 5 12:25:59 standalone proxy-server[129169]: 172.18.0.2 172.18.0.100 05/Dec/2025/12/25/59 PUT /v1/AUTH_309271f2df0d4ef19f54b3a0cd07d8de/gnocchi.bc7e293b-f5ec-4f8e-9c10-855729fadb8b HTTP/1.0 201 - python-swiftclient-3.11.1 gAAAAABpMs8T_x7v... - - - tx863cf15c8849465199bad-006932cf56 - 0.0357 - - 1764937558.985359430 1764937559.021043539 0
Dec 5 12:25:59 standalone container-server[127206]: 172.20.0.100 - - [05/Dec/2025:12:25:59 +0000] "HEAD /d1/287/AUTH_309271f2df0d4ef19f54b3a0cd07d8de/gnocchi.bc7e293b-f5ec-4f8e-9c10-855729fadb8b" 204 - "HEAD http://172.18.0.2:8080/v1/AUTH_309271f2df0d4ef19f54b3a0cd07d8de/gnocchi.bc7e293b-f5ec-4f8e-9c10-855729fadb8b?format=json&states=listing" "tx648a7105823349a99bf82-006932cf57" "proxy-server 20" 0.0029 "-" 20 0
Dec 5 12:25:59 standalone proxy-server[129169]: - - 05/Dec/2025/12/25/59 HEAD /v1/AUTH_309271f2df0d4ef19f54b3a0cd07d8de/gnocchi.bc7e293b-f5ec-4f8e-9c10-855729fadb8b%3Fformat%3Djson%26states%3Dlisting HTTP/1.0 204 - Swift - - - - tx648a7105823349a99bf82-006932cf57 - 0.0093 RL - 1764937559.033401012 1764937559.042702913 0
Dec 5 12:25:59 standalone container-server[127206]: 172.20.0.100 - - [05/Dec/2025:12:25:59 +0000] "GET /d1/287/AUTH_309271f2df0d4ef19f54b3a0cd07d8de/gnocchi.bc7e293b-f5ec-4f8e-9c10-855729fadb8b" 200 2 "GET http://172.18.0.2:8080/v1/AUTH_309271f2df0d4ef19f54b3a0cd07d8de/gnocchi.bc7e293b-f5ec-4f8e-9c10-855729fadb8b?format=json&states=listing" "tx648a7105823349a99bf82-006932cf57" "proxy-server 20" 0.0044 "-" 20 0
Dec 5 12:25:59 standalone proxy-server[129169]: 172.18.0.2 172.18.0.100 05/Dec/2025/12/25/59 GET /v1/AUTH_309271f2df0d4ef19f54b3a0cd07d8de/gnocchi.bc7e293b-f5ec-4f8e-9c10-855729fadb8b%3Fformat%3Djson%26states%3Dlisting HTTP/1.0 200 - python-swiftclient-3.11.1 gAAAAABpMs8T_x7v... - 2 - tx648a7105823349a99bf82-006932cf57 - 0.0719 - - 1764937559.031021833 1764937559.102926731 0
Dec 5 12:25:59 standalone object-server[127388]: 172.20.0.100 - - [05/Dec/2025:12:25:59 +0000] "GET /d1/710/AUTH_309271f2df0d4ef19f54b3a0cd07d8de/gnocchi.bc7e293b-f5ec-4f8e-9c10-855729fadb8b/1764720000.0_mean_300.0_v3" 404 70 "GET http://172.18.0.2:8080/v1/AUTH_309271f2df0d4ef19f54b3a0cd07d8de/gnocchi.bc7e293b-f5ec-4f8e-9c10-855729fadb8b/1764720000.0_mean_300.0_v3" "tx0b11934bdca244aca2eb9-006932cf57" "proxy-server 20" 0.0016 "-" 22 0
