2026-03-20 07:49:55.338 18 DEBUG neutron.services.tag.tag_plugin [req-2046be93-f290-430e-96f2-aaadbdda9ce7 b9ca73a728f64a6992f6f7a046acaaf3 b6e46de236974d998f80e47491ac498b - default default] neutron.services.tag.tag_plugin.TagPlugin method update_tags called with arguments (, 'ports', 'af22f5fd-af3a-4c9f-a81b-af9ba73a47d8', {'tags': ['tripleo_stack_name=overcloud', 'tripleo_ovn_physnet=datacentre']}) {} wrapper /usr/lib/python3.9/site-packages/oslo_log/helpers.py:65
2026-03-20 07:49:55.370 15 DEBUG neutron.scheduler.dhcp_agent_scheduler [req-4b2ed2f7-b8c5-4be5-a475-6718c0acc1f7 b9ca73a728f64a6992f6f7a046acaaf3 b6e46de236974d998f80e47491ac498b - default default] Network 977803c0-7867-454b-b21f-ada39a276314 is already hosted by enough agents. _get_dhcp_agents_hosting_network /usr/lib/python3.9/site-packages/neutron/scheduler/dhcp_agent_scheduler.py:275
2026-03-20 07:49:55.378 15 DEBUG neutron.scheduler.base_scheduler [req-4b2ed2f7-b8c5-4be5-a475-6718c0acc1f7 b9ca73a728f64a6992f6f7a046acaaf3 b6e46de236974d998f80e47491ac498b - default default] Resources bound (agent type, host, resource id): schedule /usr/lib/python3.9/site-packages/neutron/scheduler/base_scheduler.py:57
2026-03-20 07:49:55.383 15 DEBUG neutron.pecan_wsgi.hooks.policy_enforcement [req-4b2ed2f7-b8c5-4be5-a475-6718c0acc1f7 b9ca73a728f64a6992f6f7a046acaaf3 b6e46de236974d998f80e47491ac498b - default default] Attributes excluded by policy engine: ['standard_attr_id', 'network'] _exclude_attributes_by_policy /usr/lib/python3.9/site-packages/neutron/pecan_wsgi/hooks/policy_enforcement.py:259
2026-03-20 07:49:55.383 15 DEBUG neutron_lib.callbacks.manager [req-4b2ed2f7-b8c5-4be5-a475-6718c0acc1f7 b9ca73a728f64a6992f6f7a046acaaf3 b6e46de236974d998f80e47491ac498b - default default] Notify callbacks ['neutron.notifiers.nova.Notifier._send_nova_notification-246879', 'neutron.api.rpc.agentnotifiers.dhcp_rpc_agent_api.DhcpAgentNotifyAPI._send_dhcp_notification-970055'] for port, before_response _notify_loop /usr/lib/python3.9/site-packages/neutron_lib/callbacks/manager.py:200
2026-03-20 07:49:55.396 18 INFO neutron.wsgi [req-2046be93-f290-430e-96f2-aaadbdda9ce7 b9ca73a728f64a6992f6f7a046acaaf3 b6e46de236974d998f80e47491ac498b - default default] 192.168.122.100 "PUT /v2.0/ports/af22f5fd-af3a-4c9f-a81b-af9ba73a47d8/tags HTTP/1.1" status: 200 len: 274 time: 0.0621510
2026-03-20 07:49:55.406 15 DEBUG neutron.api.rpc.handlers.resources_rpc [req-4b2ed2f7-b8c5-4be5-a475-6718c0acc1f7 b9ca73a728f64a6992f6f7a046acaaf3 b6e46de236974d998f80e47491ac498b - - -] Pushing event updated for resources: {'Port': ['ID=5b402e8c-e011-4983-8ae7-c29161383dd2,revision_number=1']} push /usr/lib/python3.9/site-packages/neutron/api/rpc/handlers/resources_rpc.py:237
2026-03-20 07:49:55.410 15 DEBUG neutron.api.rpc.callbacks.version_manager [req-4b2ed2f7-b8c5-4be5-a475-6718c0acc1f7 b9ca73a728f64a6992f6f7a046acaaf3 b6e46de236974d998f80e47491ac498b - - -] Version for resource type AddressGroup changed None to 1.2 on consumer Open vSwitch agent@undercloud.localdomain _set_version /usr/lib/python3.9/site-packages/neutron/api/rpc/callbacks/version_manager.py:113
2026-03-20 07:49:55.410 15 DEBUG neutron.api.rpc.callbacks.version_manager [req-4b2ed2f7-b8c5-4be5-a475-6718c0acc1f7 b9ca73a728f64a6992f6f7a046acaaf3 b6e46de236974d998f80e47491ac498b - - -] Version for resource type ConntrackHelper changed None to 1.0 on consumer Open vSwitch agent@undercloud.localdomain _set_version /usr/lib/python3.9/site-packages/neutron/api/rpc/callbacks/version_manager.py:113
2026-03-20 07:49:55.411 15 DEBUG neutron.api.rpc.callbacks.version_manager [req-4b2ed2f7-b8c5-4be5-a475-6718c0acc1f7 b9ca73a728f64a6992f6f7a046acaaf3 b6e46de236974d998f80e47491ac498b - - -] Version for resource type Log changed None to 1.0 on consumer Open vSwitch agent@undercloud.localdomain _set_version /usr/lib/python3.9/site-packages/neutron/api/rpc/callbacks/version_manager.py:113
2026-03-20 07:49:55.411 15 DEBUG neutron.api.rpc.callbacks.version_manager [req-4b2ed2f7-b8c5-4be5-a475-6718c0acc1f7 b9ca73a728f64a6992f6f7a046acaaf3 b6e46de236974d998f80e47491ac498b - - -] Version for resource type Network changed None to 1.1 on consumer Open vSwitch agent@undercloud.localdomain _set_version /usr/lib/python3.9/site-packages/neutron/api/rpc/callbacks/version_manager.py:113
2026-03-20 07:49:55.411 15 DEBUG neutron.api.rpc.callbacks.version_manager [req-4b2ed2f7-b8c5-4be5-a475-6718c0acc1f7 b9ca73a728f64a6992f6f7a046acaaf3 b6e46de236974d998f80e47491ac498b - - -] Version for resource type Port changed None to 1.7 on consumer Open vSwitch agent@undercloud.localdomain _set_version /usr/lib/python3.9/site-packages/neutron/api/rpc/callbacks/version_manager.py:113
2026-03-20 07:49:55.411 15 DEBUG neutron.api.rpc.callbacks.version_manager [req-4b2ed2f7-b8c5-4be5-a475-6718c0acc1f7 b9ca73a728f64a6992f6f7a046acaaf3 b6e46de236974d998f80e47491ac498b - - -] Version for resource type PortForwarding changed None to 1.2 on consumer Open vSwitch agent@undercloud.localdomain _set_version /usr/lib/python3.9/site-packages/neutron/api/rpc/callbacks/version_manager.py:113
2026-03-20 07:49:55.411 15 DEBUG neutron.api.rpc.callbacks.version_manager [req-4b2ed2f7-b8c5-4be5-a475-6718c0acc1f7 b9ca73a728f64a6992f6f7a046acaaf3 b6e46de236974d998f80e47491ac498b - - -] Version for resource type QosPolicy changed None to 1.8 on consumer Open vSwitch agent@undercloud.localdomain _set_version /usr/lib/python3.9/site-packages/neutron/api/rpc/callbacks/version_manager.py:113
2026-03-20 07:49:55.412 15 DEBUG neutron.api.rpc.callbacks.version_manager [req-4b2ed2f7-b8c5-4be5-a475-6718c0acc1f7 b9ca73a728f64a6992f6f7a046acaaf3 b6e46de236974d998f80e47491ac498b - - -] Version for resource type SecurityGroup changed None to 1.5 on consumer Open vSwitch agent@undercloud.localdomain _set_version /usr/lib/python3.9/site-packages/neutron/api/rpc/callbacks/version_manager.py:113
2026-03-20 07:49:55.412 15 DEBUG neutron.api.rpc.callbacks.version_manager [req-4b2ed2f7-b8c5-4be5-a475-6718c0acc1f7 b9ca73a728f64a6992f6f7a046acaaf3 b6e46de236974d998f80e47491ac498b - - -] Version for resource type SecurityGroupRule changed None to 1.2 on consumer Open vSwitch agent@undercloud.localdomain _set_version /usr/lib/python3.9/site-packages/neutron/api/rpc/callbacks/version_manager.py:113
2026-03-20 07:49:55.412 15 DEBUG neutron.api.rpc.callbacks.version_manager [req-4b2ed2f7-b8c5-4be5-a475-6718c0acc1f7 b9ca73a728f64a6992f6f7a046acaaf3 b6e46de236974d998f80e47491ac498b - - -] Version for resource type SubPort changed None to 1.0 on consumer Open vSwitch agent@undercloud.localdomain _set_version /usr/lib/python3.9/site-packages/neutron/api/rpc/callbacks/version_manager.py:113
2026-03-20 07:49:55.412 15 DEBUG neutron.api.rpc.callbacks.version_manager [req-4b2ed2f7-b8c5-4be5-a475-6718c0acc1f7 b9ca73a728f64a6992f6f7a046acaaf3 b6e46de236974d998f80e47491ac498b - - -] Version for resource type Subnet changed None to 1.1 on consumer Open vSwitch agent@undercloud.localdomain _set_version /usr/lib/python3.9/site-packages/neutron/api/rpc/callbacks/version_manager.py:113
2026-03-20 07:49:55.412 15 DEBUG neutron.api.rpc.callbacks.version_manager [req-4b2ed2f7-b8c5-4be5-a475-6718c0acc1f7 b9ca73a728f64a6992f6f7a046acaaf3 b6e46de236974d998f80e47491ac498b - - -] Version for resource type Trunk changed None to 1.1 on consumer Open vSwitch agent@undercloud.localdomain _set_version /usr/lib/python3.9/site-packages/neutron/api/rpc/callbacks/version_manager.py:113
2026-03-20 07:49:55.417 15 INFO neutron.wsgi [req-4b2ed2f7-b8c5-4be5-a475-6718c0acc1f7 b9ca73a728f64a6992f6f7a046acaaf3 b6e46de236974d998f80e47491ac498b - default default] 192.168.122.100 "POST /v2.0/ports HTTP/1.1" status: 201 len: 1040 time: 0.4239194
2026-03-20 07:49:55.428 15 DEBUG neutron.services.tag.tag_plugin [req-3f87df8d-a4f3-42b2-9c4e-f588222db6f0 b9ca73a728f64a6992f6f7a046acaaf3 b6e46de236974d998f80e47491ac498b - default default] neutron.services.tag.tag_plugin.TagPlugin method update_tags called with arguments (, 'ports', '5b402e8c-e011-4983-8ae7-c29161383dd2', {'tags': ['tripleo_stack_name=overcloud', 'tripleo_ovn_physnet=datacentre']}) {} wrapper /usr/lib/python3.9/site-packages/oslo_log/helpers.py:65
2026-03-20 07:49:55.488 15 INFO neutron.wsgi [req-3f87df8d-a4f3-42b2-9c4e-f588222db6f0 b9ca73a728f64a6992f6f7a046acaaf3 b6e46de236974d998f80e47491ac498b - default default] 192.168.122.100 "PUT /v2.0/ports/5b402e8c-e011-4983-8ae7-c29161383dd2/tags HTTP/1.1" status: 200 len: 274 time: 0.0652449
2026-03-20 07:49:55.550 15 DEBUG neutron.pecan_wsgi.hooks.policy_enforcement [req-a0aeba5e-7038-4745-8d6d-ea0688b07c82 b9ca73a728f64a6992f6f7a046acaaf3 b6e46de236974d998f80e47491ac498b - default default] Attributes excluded by policy engine: ['standard_attr_id'] _exclude_attributes_by_policy /usr/lib/python3.9/site-packages/neutron/pecan_wsgi/hooks/policy_enforcement.py:259
2026-03-20 07:49:55.551 15 DEBUG neutron.pecan_wsgi.hooks.policy_enforcement [req-a0aeba5e-7038-4745-8d6d-ea0688b07c82 b9ca73a728f64a6992f6f7a046acaaf3 b6e46de236974d998f80e47491ac498b - default default] Attributes excluded by policy engine: ['standard_attr_id'] _exclude_attributes_by_policy /usr/lib/python3.9/site-packages/neutron/pecan_wsgi/hooks/policy_enforcement.py:259
2026-03-20 07:49:55.551 15 DEBUG neutron.pecan_wsgi.hooks.policy_enforcement [req-a0aeba5e-7038-4745-8d6d-ea0688b07c82 b9ca73a728f64a6992f6f7a046acaaf3 b6e46de236974d998f80e47491ac498b - default default] Attributes excluded by policy engine: ['standard_attr_id'] _exclude_attributes_by_policy /usr/lib/python3.9/site-packages/neutron/pecan_wsgi/hooks/policy_enforcement.py:259
2026-03-20 07:49:55.551 15 DEBUG neutron.pecan_wsgi.hooks.policy_enforcement [req-a0aeba5e-7038-4745-8d6d-ea0688b07c82 b9ca73a728f64a6992f6f7a046acaaf3 b6e46de236974d998f80e47491ac498b - default default] Attributes excluded by policy engine: ['standard_attr_id'] _exclude_attributes_by_policy /usr/lib/python3.9/site-packages/neutron/pecan_wsgi/hooks/policy_enforcement.py:259
2026-03-20 07:49:55.552 15 DEBUG neutron.pecan_wsgi.hooks.policy_enforcement [req-a0aeba5e-7038-4745-8d6d-ea0688b07c82 b9ca73a728f64a6992f6f7a046acaaf3 b6e46de236974d998f80e47491ac498b - default default] Attributes excluded by policy engine: ['standard_attr_id'] _exclude_attributes_by_policy /usr/lib/python3.9/site-packages/neutron/pecan_wsgi/hooks/policy_enforcement.py:259
2026-03-20 07:49:55.552 15 DEBUG neutron.pecan_wsgi.hooks.policy_enforcement [req-a0aeba5e-7038-4745-8d6d-ea0688b07c82 b9ca73a728f64a6992f6f7a046acaaf3 b6e46de236974d998f80e47491ac498b - default default] Attributes excluded by policy engine: ['standard_attr_id'] _exclude_attributes_by_policy /usr/lib/python3.9/site-packages/neutron/pecan_wsgi/hooks/policy_enforcement.py:259
2026-03-20 07:49:55.553 15 INFO neutron.wsgi [req-a0aeba5e-7038-4745-8d6d-ea0688b07c82 b9ca73a728f64a6992f6f7a046acaaf3 b6e46de236974d998f80e47491ac498b - default default] 192.168.122.100 "GET /v2.0/ports?network_id=977803c0-7867-454b-b21f-ada39a276314&tags=tripleo_stack_name%3Dovercloud HTTP/1.1" status: 200 len: 5557 time: 0.0595200
2026-03-20 07:49:55.595 15 DEBUG neutron.plugins.ml2.plugin [req-696d6012-686a-4c7d-980a-3b5378f21760 b9ca73a728f64a6992f6f7a046acaaf3 b6e46de236974d998f80e47491ac498b - default default] Deleting port 3e11fee8-e633-49a1-81cb-a96d250e82fb _pre_delete_port /usr/lib/python3.9/site-packages/neutron/plugins/ml2/plugin.py:2025
2026-03-20 07:49:55.596 15 DEBUG neutron_lib.callbacks.manager [req-696d6012-686a-4c7d-980a-3b5378f21760 b9ca73a728f64a6992f6f7a046acaaf3 b6e46de236974d998f80e47491ac498b - default default] Notify callbacks ['neutron.plugins.ml2.extensions.dns_integration._delete_port_in_external_dns_service-8763272247022', 'neutron.db.l3_db.L3_NAT_dbonly_mixin._prevent_l3_port_delete_callback-8763272310923'] for port, before_delete _notify_loop /usr/lib/python3.9/site-packages/neutron_lib/callbacks/manager.py:200
2026-03-20 07:49:55.680 15 DEBUG neutron_lib.callbacks.manager [req-696d6012-686a-4c7d-980a-3b5378f21760 b9ca73a728f64a6992f6f7a046acaaf3 b6e46de236974d998f80e47491ac498b - default default] Notify callbacks ['neutron.services.l3_router.l3_router_plugin.L3_NAT_dbonly_mixin._precommit_delete_port_callback-589015'] for port, precommit_delete _notify_loop /usr/lib/python3.9/site-packages/neutron_lib/callbacks/manager.py:200
2026-03-20 07:49:55.688 15 DEBUG neutron.plugins.ml2.plugin [req-696d6012-686a-4c7d-980a-3b5378f21760 b9ca73a728f64a6992f6f7a046acaaf3 b6e46de236974d998f80e47491ac498b - default default] Calling delete_port for 3e11fee8-e633-49a1-81cb-a96d250e82fb owned by delete_port /usr/lib/python3.9/site-packages/neutron/plugins/ml2/plugin.py:2097
2026-03-20 07:49:55.756 15 DEBUG neutron_lib.callbacks.manager [req-696d6012-686a-4c7d-980a-3b5378f21760 b9ca73a728f64a6992f6f7a046acaaf3 b6e46de236974d998f80e47491ac498b - default default] Notify callbacks ['neutron.plugins.ml2.plugin.SecurityGroupServerNotifierRpcMixin.notify_sg_on_port_change-7992403', 'neutron.plugins.ml2.ovo_rpc._ObjectChangeHandler.handle_event-188178', 'neutron.api.rpc.agentnotifiers.dhcp_rpc_agent_api.DhcpAgentNotifyAPI._native_event_send_dhcp_notification-970101', 'neutron.db.l3_db.L3RpcNotifierMixin._notify_routers_callback-8763272284636', 'neutron.services.segments.plugin.NovaSegmentNotifier._notify_port_created_or_deleted-596384'] for port, after_delete _notify_loop /usr/lib/python3.9/site-packages/neutron_lib/callbacks/manager.py:200
2026-03-20 07:49:55.776 15 DEBUG neutron.api.rpc.handlers.resources_rpc [req-696d6012-686a-4c7d-980a-3b5378f21760 b9ca73a728f64a6992f6f7a046acaaf3 b6e46de236974d998f80e47491ac498b - - -] Pushing event deleted for resources: {'Port': ['ID=3e11fee8-e633-49a1-81cb-a96d250e82fb,revision_number=None']} push /usr/lib/python3.9/site-packages/neutron/api/rpc/handlers/resources_rpc.py:237
2026-03-20 07:49:55.783 15 DEBUG neutron_lib.callbacks.manager [req-696d6012-686a-4c7d-980a-3b5378f21760 b9ca73a728f64a6992f6f7a046acaaf3 b6e46de236974d998f80e47491ac498b - default default] Notify callbacks ['neutron.notifiers.nova.Notifier._send_nova_notification-246879', 'neutron.api.rpc.agentnotifiers.dhcp_rpc_agent_api.DhcpAgentNotifyAPI._send_dhcp_notification-970055'] for port, before_response _notify_loop /usr/lib/python3.9/site-packages/neutron_lib/callbacks/manager.py:200
2026-03-20 07:49:55.785 15 INFO neutron.wsgi [req-696d6012-686a-4c7d-980a-3b5378f21760 b9ca73a728f64a6992f6f7a046acaaf3 b6e46de236974d998f80e47491ac498b - default default] 192.168.122.100 "DELETE /v2.0/ports/3e11fee8-e633-49a1-81cb-a96d250e82fb HTTP/1.1" status: 204 len: 173 time: 0.2257478
2026-03-20 07:49:55.824 15 DEBUG neutron.plugins.ml2.plugin [req-ea0d3186-60c4-4282-bcd9-09d8f8c93a24 b9ca73a728f64a6992f6f7a046acaaf3 b6e46de236974d998f80e47491ac498b - default default] Deleting port 6d804a36-e62d-4a67-916d-f15407e2d4e8 _pre_delete_port /usr/lib/python3.9/site-packages/neutron/plugins/ml2/plugin.py:2025
2026-03-20 07:49:55.824 15 DEBUG neutron_lib.callbacks.manager [req-ea0d3186-60c4-4282-bcd9-09d8f8c93a24 b9ca73a728f64a6992f6f7a046acaaf3 b6e46de236974d998f80e47491ac498b - default default] Notify callbacks ['neutron.plugins.ml2.extensions.dns_integration._delete_port_in_external_dns_service-8763272247022', 'neutron.db.l3_db.L3_NAT_dbonly_mixin._prevent_l3_port_delete_callback-8763272310923'] for port, before_delete _notify_loop /usr/lib/python3.9/site-packages/neutron_lib/callbacks/manager.py:200
2026-03-20 07:49:55.909 15 DEBUG neutron_lib.callbacks.manager [req-ea0d3186-60c4-4282-bcd9-09d8f8c93a24 b9ca73a728f64a6992f6f7a046acaaf3 b6e46de236974d998f80e47491ac498b - default default] Notify callbacks ['neutron.services.l3_router.l3_router_plugin.L3_NAT_dbonly_mixin._precommit_delete_port_callback-589015'] for port, precommit_delete _notify_loop /usr/lib/python3.9/site-packages/neutron_lib/callbacks/manager.py:200
2026-03-20 07:49:55.917 15 DEBUG neutron.plugins.ml2.plugin [req-ea0d3186-60c4-4282-bcd9-09d8f8c93a24 b9ca73a728f64a6992f6f7a046acaaf3 b6e46de236974d998f80e47491ac498b - default default] Calling delete_port for 6d804a36-e62d-4a67-916d-f15407e2d4e8 owned by delete_port /usr/lib/python3.9/site-packages/neutron/plugins/ml2/plugin.py:2097
2026-03-20 07:49:55.954 15 DEBUG neutron_lib.callbacks.manager [req-ea0d3186-60c4-4282-bcd9-09d8f8c93a24 b9ca73a728f64a6992f6f7a046acaaf3 b6e46de236974d998f80e47491ac498b - default default] Notify callbacks ['neutron.plugins.ml2.plugin.SecurityGroupServerNotifierRpcMixin.notify_sg_on_port_change-7992403', 'neutron.plugins.ml2.ovo_rpc._ObjectChangeHandler.handle_event-188178', 'neutron.api.rpc.agentnotifiers.dhcp_rpc_agent_api.DhcpAgentNotifyAPI._native_event_send_dhcp_notification-970101', 'neutron.db.l3_db.L3RpcNotifierMixin._notify_routers_callback-8763272284636', 'neutron.services.segments.plugin.NovaSegmentNotifier._notify_port_created_or_deleted-596384'] for port, after_delete _notify_loop /usr/lib/python3.9/site-packages/neutron_lib/callbacks/manager.py:200
2026-03-20 07:49:55.977 15 DEBUG neutron.api.rpc.handlers.resources_rpc [req-ea0d3186-60c4-4282-bcd9-09d8f8c93a24 b9ca73a728f64a6992f6f7a046acaaf3 b6e46de236974d998f80e47491ac498b - - -] Pushing event deleted for resources: {'Port': ['ID=6d804a36-e62d-4a67-916d-f15407e2d4e8,revision_number=None']} push /usr/lib/python3.9/site-packages/neutron/api/rpc/handlers/resources_rpc.py:237
2026-03-20 07:49:55.983 15 DEBUG neutron_lib.callbacks.manager [req-ea0d3186-60c4-4282-bcd9-09d8f8c93a24 b9ca73a728f64a6992f6f7a046acaaf3 b6e46de236974d998f80e47491ac498b - default default] Notify callbacks ['neutron.notifiers.nova.Notifier._send_nova_notification-246879', 'neutron.api.rpc.agentnotifiers.dhcp_rpc_agent_api.DhcpAgentNotifyAPI._send_dhcp_notification-970055'] for port, before_response _notify_loop /usr/lib/python3.9/site-packages/neutron_lib/callbacks/manager.py:200
2026-03-20 07:49:55.984 15 INFO neutron.wsgi [req-ea0d3186-60c4-4282-bcd9-09d8f8c93a24 b9ca73a728f64a6992f6f7a046acaaf3 b6e46de236974d998f80e47491ac498b - default default] 192.168.122.100 "DELETE /v2.0/ports/6d804a36-e62d-4a67-916d-f15407e2d4e8 HTTP/1.1" status: 204 len: 173 time: 0.1903381
2026-03-20 07:49:56.021 15 DEBUG neutron.plugins.ml2.plugin [req-72c41fbb-989d-43fb-8992-c4f81be56940 b9ca73a728f64a6992f6f7a046acaaf3 b6e46de236974d998f80e47491ac498b - default default] Deleting port 93fcce59-5947-4aaf-bb37-f1ed620c91ba _pre_delete_port /usr/lib/python3.9/site-packages/neutron/plugins/ml2/plugin.py:2025
2026-03-20 07:49:56.022 15 DEBUG neutron_lib.callbacks.manager [req-72c41fbb-989d-43fb-8992-c4f81be56940 b9ca73a728f64a6992f6f7a046acaaf3 b6e46de236974d998f80e47491ac498b - default default] Notify callbacks ['neutron.plugins.ml2.extensions.dns_integration._delete_port_in_external_dns_service-8763272247022', 'neutron.db.l3_db.L3_NAT_dbonly_mixin._prevent_l3_port_delete_callback-8763272310923'] for port, before_delete _notify_loop /usr/lib/python3.9/site-packages/neutron_lib/callbacks/manager.py:200
2026-03-20 07:49:56.113 15 DEBUG neutron_lib.callbacks.manager [req-72c41fbb-989d-43fb-8992-c4f81be56940 b9ca73a728f64a6992f6f7a046acaaf3 b6e46de236974d998f80e47491ac498b - default default] Notify callbacks ['neutron.services.l3_router.l3_router_plugin.L3_NAT_dbonly_mixin._precommit_delete_port_callback-589015'] for port, precommit_delete _notify_loop /usr/lib/python3.9/site-packages/neutron_lib/callbacks/manager.py:200
2026-03-20 07:49:56.124 15 DEBUG neutron.plugins.ml2.plugin [req-72c41fbb-989d-43fb-8992-c4f81be56940 b9ca73a728f64a6992f6f7a046acaaf3 b6e46de236974d998f80e47491ac498b - default default] Calling delete_port for 93fcce59-5947-4aaf-bb37-f1ed620c91ba owned by delete_port /usr/lib/python3.9/site-packages/neutron/plugins/ml2/plugin.py:2097
2026-03-20 07:49:56.180 15 DEBUG neutron_lib.callbacks.manager [req-72c41fbb-989d-43fb-8992-c4f81be56940 b9ca73a728f64a6992f6f7a046acaaf3 b6e46de236974d998f80e47491ac498b - default default] Notify callbacks ['neutron.plugins.ml2.plugin.SecurityGroupServerNotifierRpcMixin.notify_sg_on_port_change-7992403', 'neutron.plugins.ml2.ovo_rpc._ObjectChangeHandler.handle_event-188178', 'neutron.api.rpc.agentnotifiers.dhcp_rpc_agent_api.DhcpAgentNotifyAPI._native_event_send_dhcp_notification-970101', 'neutron.db.l3_db.L3RpcNotifierMixin._notify_routers_callback-8763272284636', 'neutron.services.segments.plugin.NovaSegmentNotifier._notify_port_created_or_deleted-596384'] for port, after_delete _notify_loop /usr/lib/python3.9/site-packages/neutron_lib/callbacks/manager.py:200
2026-03-20 07:49:56.200 15 DEBUG neutron.api.rpc.handlers.resources_rpc [req-72c41fbb-989d-43fb-8992-c4f81be56940 b9ca73a728f64a6992f6f7a046acaaf3 b6e46de236974d998f80e47491ac498b - - -] Pushing event deleted for resources: {'Port': ['ID=93fcce59-5947-4aaf-bb37-f1ed620c91ba,revision_number=None']} push /usr/lib/python3.9/site-packages/neutron/api/rpc/handlers/resources_rpc.py:237
2026-03-20 07:49:56.205 15 DEBUG neutron_lib.callbacks.manager [req-72c41fbb-989d-43fb-8992-c4f81be56940 b9ca73a728f64a6992f6f7a046acaaf3 b6e46de236974d998f80e47491ac498b - default default] Notify callbacks ['neutron.notifiers.nova.Notifier._send_nova_notification-246879', 'neutron.api.rpc.agentnotifiers.dhcp_rpc_agent_api.DhcpAgentNotifyAPI._send_dhcp_notification-970055'] for port, before_response _notify_loop /usr/lib/python3.9/site-packages/neutron_lib/callbacks/manager.py:200
2026-03-20 07:49:56.206 15 INFO neutron.wsgi [req-72c41fbb-989d-43fb-8992-c4f81be56940 b9ca73a728f64a6992f6f7a046acaaf3 b6e46de236974d998f80e47491ac498b - default default] 192.168.122.100 "DELETE /v2.0/ports/93fcce59-5947-4aaf-bb37-f1ed620c91ba HTTP/1.1" status: 204 len: 173 time: 0.2148504
2026-03-20 07:49:56.250 15 DEBUG neutron.pecan_wsgi.hooks.policy_enforcement [req-c02714a5-981f-44b5-87f9-3f8b05f5177a b9ca73a728f64a6992f6f7a046acaaf3 b6e46de236974d998f80e47491ac498b - default default] Attributes excluded by policy engine: ['standard_attr_id'] _exclude_attributes_by_policy /usr/lib/python3.9/site-packages/neutron/pecan_wsgi/hooks/policy_enforcement.py:259
2026-03-20 07:49:56.251 15 DEBUG neutron.pecan_wsgi.hooks.policy_enforcement [req-c02714a5-981f-44b5-87f9-3f8b05f5177a b9ca73a728f64a6992f6f7a046acaaf3 b6e46de236974d998f80e47491ac498b - default default] Attributes excluded by policy engine: ['standard_attr_id'] _exclude_attributes_by_policy /usr/lib/python3.9/site-packages/neutron/pecan_wsgi/hooks/policy_enforcement.py:259
2026-03-20 07:49:56.251 15 DEBUG neutron.pecan_wsgi.hooks.policy_enforcement [req-c02714a5-981f-44b5-87f9-3f8b05f5177a b9ca73a728f64a6992f6f7a046acaaf3 b6e46de236974d998f80e47491ac498b - default default] Attributes excluded by policy engine: ['standard_attr_id'] _exclude_attributes_by_policy /usr/lib/python3.9/site-packages/neutron/pecan_wsgi/hooks/policy_enforcement.py:259
2026-03-20 07:49:56.252 15 INFO neutron.wsgi [req-c02714a5-981f-44b5-87f9-3f8b05f5177a b9ca73a728f64a6992f6f7a046acaaf3 b6e46de236974d998f80e47491ac498b - default default] 192.168.122.100 "GET /v2.0/ports?network_id=977803c0-7867-454b-b21f-ada39a276314&tags=tripleo_stack_name%3Dovercloud HTTP/1.1" status: 200 len: 2884 time: 0.0370538
2026-03-20 07:50:04.031 18 DEBUG neutron.wsgi [-] (18) accepted ('192.168.122.100', 57448) server /usr/lib/python3.9/site-packages/eventlet/wsgi.py:992
2026-03-20 07:50:04.033 18 INFO neutron.wsgi [-] 192.168.122.100 "GET / HTTP/1.1" status: 200 len: 233 time: 0.0012171
2026-03-20 07:50:29.050 24 DEBUG neutron.db.agents_db [req-64cdacd8-61f6-42e3-aed3-908826f4634f - - - - -] Agent healthcheck: found 3 active agents agent_health_check /usr/lib/python3.9/site-packages/neutron/db/agents_db.py:328
2026-03-20 07:50:34.952 15 DEBUG neutron.wsgi [-] (15) accepted ('192.168.122.100', 41426) server /usr/lib/python3.9/site-packages/eventlet/wsgi.py:992
2026-03-20 07:50:34.954 15 INFO neutron.wsgi [-] 192.168.122.100 "GET / HTTP/1.1" status: 200 len: 233 time: 0.0013692
2026-03-20 07:51:06.144 15 DEBUG neutron.wsgi [-] (15) accepted ('192.168.122.100', 50096) server /usr/lib/python3.9/site-packages/eventlet/wsgi.py:992
2026-03-20 07:51:06.146 15 INFO neutron.wsgi [-] 192.168.122.100 "GET / HTTP/1.1" status: 200 len: 233 time: 0.0012259
2026-03-20 07:51:36.655 16 DEBUG neutron.wsgi [-] (16) accepted ('192.168.122.100', 55320) server /usr/lib/python3.9/site-packages/eventlet/wsgi.py:992
2026-03-20 07:51:36.657 16 INFO neutron.wsgi [-] 192.168.122.100 "GET / HTTP/1.1" status: 200 len: 233 time: 0.0012529
2026-03-20 07:52:07.391 16 DEBUG neutron.wsgi [-] (16) accepted ('192.168.122.100', 50842) server /usr/lib/python3.9/site-packages/eventlet/wsgi.py:992
2026-03-20 07:52:07.394 16 INFO neutron.wsgi [-] 192.168.122.100 "GET / HTTP/1.1" status: 200 len: 233 time: 0.0023894
2026-03-20 07:52:37.910 15 DEBUG neutron.wsgi [-] (15) accepted ('192.168.122.100', 54928) server /usr/lib/python3.9/site-packages/eventlet/wsgi.py:992
2026-03-20 07:52:37.919 15 INFO neutron.wsgi [-] 192.168.122.100 "GET / HTTP/1.1" status: 200 len: 233 time: 0.0058947
2026-03-20 07:52:44.185 23 DEBUG neutron_lib.callbacks.manager [req-80a4859e-b7b1-4ec1-b0c7-a9cb3f9a7246 - - - - -] Notify callbacks ['neutron.services.segments.db._update_segment_host_mapping_for_agent-8763272362078', 'neutron.plugins.ml2.plugin.Ml2Plugin._retry_binding_revived_agents-8262918'] for agent, after_update _notify_loop /usr/lib/python3.9/site-packages/neutron_lib/callbacks/manager.py:200
2026-03-20 07:52:44.528 21 DEBUG neutron_lib.callbacks.manager [req-e58c9b2e-80a0-4421-826a-c711e930104e - - - - -] Notify callbacks ['neutron.services.segments.db._update_segment_host_mapping_for_agent-8763272362078', 'neutron.plugins.ml2.plugin.Ml2Plugin._retry_binding_revived_agents-8262918'] for agent, after_update _notify_loop /usr/lib/python3.9/site-packages/neutron_lib/callbacks/manager.py:200
2026-03-20 07:52:50.097 20 DEBUG neutron_lib.callbacks.manager [req-4e46be59-262c-47ef-8b90-4cc37470600a - - - - -] Notify callbacks ['neutron.services.segments.db._update_segment_host_mapping_for_agent-8763272362078', 'neutron.plugins.ml2.plugin.Ml2Plugin._retry_binding_revived_agents-8262918'] for agent, after_update _notify_loop /usr/lib/python3.9/site-packages/neutron_lib/callbacks/manager.py:200
2026-03-20 07:53:09.418 16 DEBUG neutron.wsgi [-] (16) accepted ('192.168.122.100', 49840) server /usr/lib/python3.9/site-packages/eventlet/wsgi.py:992
2026-03-20 07:53:09.420 16 INFO neutron.wsgi [-] 192.168.122.100 "GET / HTTP/1.1" status: 200 len: 233 time: 0.0012312
2026-03-20 07:53:39.933 16 DEBUG neutron.wsgi [-] (16) accepted ('192.168.122.100', 59334) server /usr/lib/python3.9/site-packages/eventlet/wsgi.py:992
2026-03-20 07:53:39.935 16 INFO neutron.wsgi [-] 192.168.122.100 "GET / HTTP/1.1" status: 200 len: 233 time: 0.0012491
2026-03-20 07:54:11.284 16 DEBUG neutron.wsgi [-] (16) accepted ('192.168.122.100', 41602) server /usr/lib/python3.9/site-packages/eventlet/wsgi.py:992
2026-03-20 07:54:11.287 16 INFO neutron.wsgi [-] 192.168.122.100 "GET / HTTP/1.1" status: 200 len: 233 time: 0.0016925
2026-03-20 07:54:42.170 15 DEBUG neutron.wsgi [-] (15) accepted ('192.168.122.100', 60322) server /usr/lib/python3.9/site-packages/eventlet/wsgi.py:992
2026-03-20 07:54:42.173 15 INFO neutron.wsgi [-] 192.168.122.100 "GET / HTTP/1.1" status: 200 len: 233 time: 0.0012164
2026-03-20 07:55:13.011 15 DEBUG neutron.wsgi [-] (15) accepted ('192.168.122.100', 53418) server /usr/lib/python3.9/site-packages/eventlet/wsgi.py:992
2026-03-20 07:55:13.013 15 INFO neutron.wsgi [-] 192.168.122.100 "GET / HTTP/1.1" status: 200 len: 233 time: 0.0011237
2026-03-20 07:55:29.050 24 DEBUG neutron.db.agents_db [req-64cdacd8-61f6-42e3-aed3-908826f4634f - - - - -] Agent healthcheck: found 3 active agents agent_health_check /usr/lib/python3.9/site-packages/neutron/db/agents_db.py:328
2026-03-20 07:55:44.147 15 DEBUG neutron.wsgi [-] (15) accepted ('192.168.122.100', 34754) server /usr/lib/python3.9/site-packages/eventlet/wsgi.py:992
2026-03-20 07:55:44.150 15 INFO neutron.wsgi [-] 192.168.122.100 "GET / HTTP/1.1" status: 200 len: 233 time: 0.0019038
2026-03-20 07:56:15.110 15 DEBUG neutron.wsgi [-] (15) accepted ('192.168.122.100', 56856) server /usr/lib/python3.9/site-packages/eventlet/wsgi.py:992
2026-03-20 07:56:15.112 15 INFO neutron.wsgi [-] 192.168.122.100 "GET / HTTP/1.1" status: 200 len: 233 time: 0.0011983
2026-03-20 07:56:46.200 17 DEBUG neutron.wsgi [-] (17) accepted ('192.168.122.100', 47546) server /usr/lib/python3.9/site-packages/eventlet/wsgi.py:992
2026-03-20 07:56:46.203 17 INFO neutron.wsgi [-] 192.168.122.100 "GET / HTTP/1.1" status: 200 len: 233 time: 0.0013297
2026-03-20 07:57:17.248 16 DEBUG neutron.wsgi [-] (16) accepted ('192.168.122.100', 56954) server /usr/lib/python3.9/site-packages/eventlet/wsgi.py:992
2026-03-20 07:57:17.252 16 INFO neutron.wsgi [-] 192.168.122.100 "GET / HTTP/1.1" status: 200 len: 233 time: 0.0021894
2026-03-20 07:57:44.191 22 DEBUG neutron_lib.callbacks.manager [req-c2a9a2fd-66a1-4a8f-b28c-baeffa394112 - - - - -] Notify callbacks ['neutron.services.segments.db._update_segment_host_mapping_for_agent-8763272362078', 'neutron.plugins.ml2.plugin.Ml2Plugin._retry_binding_revived_agents-8262918'] for agent, after_update _notify_loop /usr/lib/python3.9/site-packages/neutron_lib/callbacks/manager.py:200
2026-03-20 07:57:44.521 19 DEBUG neutron_lib.callbacks.manager [req-7175b5a2-8fc3-4b76-96ea-2bb0e1d1af73 - - - - -] Notify callbacks ['neutron.services.segments.db._update_segment_host_mapping_for_agent-8763272362078', 'neutron.plugins.ml2.plugin.Ml2Plugin._retry_binding_revived_agents-8262918'] for agent, after_update _notify_loop /usr/lib/python3.9/site-packages/neutron_lib/callbacks/manager.py:200
2026-03-20 07:57:48.266 16 DEBUG neutron.wsgi [-] (16) accepted ('192.168.122.100', 41414) server /usr/lib/python3.9/site-packages/eventlet/wsgi.py:992
2026-03-20 07:57:48.269 16 INFO neutron.wsgi [-] 192.168.122.100 "GET / HTTP/1.1" status: 200 len: 233 time: 0.0023530
2026-03-20 07:57:50.094 23 DEBUG neutron_lib.callbacks.manager [req-4e46be59-262c-47ef-8b90-4cc37470600a - - - - -] Notify callbacks ['neutron.services.segments.db._update_segment_host_mapping_for_agent-8763272362078', 'neutron.plugins.ml2.plugin.Ml2Plugin._retry_binding_revived_agents-8262918'] for agent, after_update _notify_loop /usr/lib/python3.9/site-packages/neutron_lib/callbacks/manager.py:200
2026-03-20 07:58:19.100 18 DEBUG neutron.wsgi [-] (18) accepted ('192.168.122.100', 37086) server /usr/lib/python3.9/site-packages/eventlet/wsgi.py:992
2026-03-20 07:58:19.105 18 INFO neutron.wsgi [-] 192.168.122.100 "GET / HTTP/1.1" status: 200 len: 233 time: 0.0029738
2026-03-20 07:58:50.252 18 DEBUG neutron.wsgi [-] (18) accepted ('192.168.122.100', 52112) server /usr/lib/python3.9/site-packages/eventlet/wsgi.py:992
2026-03-20 07:58:50.255 18 INFO neutron.wsgi [-] 192.168.122.100 "GET / HTTP/1.1" status: 200 len: 233 time: 0.0015969
2026-03-20 07:59:21.194 15 DEBUG neutron.wsgi [-] (15) accepted ('192.168.122.100', 42612) server /usr/lib/python3.9/site-packages/eventlet/wsgi.py:992
2026-03-20 07:59:21.196 15 INFO neutron.wsgi [-] 192.168.122.100 "GET / HTTP/1.1" status: 200 len: 233 time: 0.0013390
2026-03-20 07:59:52.092 17 DEBUG neutron.wsgi [-] (17) accepted ('192.168.122.100', 53318) server /usr/lib/python3.9/site-packages/eventlet/wsgi.py:992
2026-03-20 07:59:52.095 17 INFO neutron.wsgi [-] 192.168.122.100 "GET / HTTP/1.1" status: 200 len: 233 time: 0.0024183
2026-03-20 08:00:22.981 17 DEBUG neutron.wsgi [-] (17) accepted ('192.168.122.100', 49414) server /usr/lib/python3.9/site-packages/eventlet/wsgi.py:992
2026-03-20 08:00:22.983 17 INFO neutron.wsgi [-] 192.168.122.100 "GET / HTTP/1.1" status: 200 len: 233 time: 0.0014479
2026-03-20 08:00:29.086 24 DEBUG neutron.db.agents_db [req-64cdacd8-61f6-42e3-aed3-908826f4634f - - - - -] Agent healthcheck: found 3 active agents agent_health_check /usr/lib/python3.9/site-packages/neutron/db/agents_db.py:328
2026-03-20 08:00:53.878 17 DEBUG neutron.wsgi [-] (17) accepted ('192.168.122.100', 38744) server /usr/lib/python3.9/site-packages/eventlet/wsgi.py:992
2026-03-20 08:00:53.880 17 INFO neutron.wsgi [-] 192.168.122.100 "GET / HTTP/1.1" status: 200 len: 233 time: 0.0011930
2026-03-20 08:01:25.147 17 DEBUG neutron.wsgi [-] (17) accepted ('192.168.122.100', 44428) server /usr/lib/python3.9/site-packages/eventlet/wsgi.py:992
2026-03-20 08:01:25.152 17 INFO neutron.wsgi [-] 192.168.122.100 "GET / HTTP/1.1" status: 200 len: 233 time: 0.0024197
2026-03-20 08:01:55.922 18 DEBUG neutron.wsgi [-] (18) accepted ('192.168.122.100', 44202) server /usr/lib/python3.9/site-packages/eventlet/wsgi.py:992
2026-03-20 08:01:55.925 18 INFO neutron.wsgi [-] 192.168.122.100 "GET / HTTP/1.1" status: 200 len: 233 time: 0.0012472
2026-03-20 08:02:26.997 17 DEBUG neutron.wsgi [-] (17) accepted ('192.168.122.100', 51016) server /usr/lib/python3.9/site-packages/eventlet/wsgi.py:992
2026-03-20 08:02:26.999 17 INFO neutron.wsgi [-] 192.168.122.100 "GET / HTTP/1.1" status: 200 len: 233 time: 0.0011778
2026-03-20 08:02:44.186 21 DEBUG neutron_lib.callbacks.manager [req-455f9a28-accf-4166-8635-766d9828e91f - - - - -] Notify callbacks ['neutron.services.segments.db._update_segment_host_mapping_for_agent-8763272362078', 'neutron.plugins.ml2.plugin.Ml2Plugin._retry_binding_revived_agents-8262918'] for agent, after_update _notify_loop /usr/lib/python3.9/site-packages/neutron_lib/callbacks/manager.py:200
2026-03-20 08:02:44.526 20 DEBUG neutron_lib.callbacks.manager [req-695fadf6-1dc8-40ab-ab79-5dd7b4e01faf - - - - -] Notify callbacks ['neutron.services.segments.db._update_segment_host_mapping_for_agent-8763272362078', 'neutron.plugins.ml2.plugin.Ml2Plugin._retry_binding_revived_agents-8262918'] for agent, after_update _notify_loop /usr/lib/python3.9/site-packages/neutron_lib/callbacks/manager.py:200
2026-03-20 08:02:50.104 22 DEBUG neutron_lib.callbacks.manager [req-4e46be59-262c-47ef-8b90-4cc37470600a - - - - -] Notify callbacks ['neutron.services.segments.db._update_segment_host_mapping_for_agent-8763272362078', 'neutron.plugins.ml2.plugin.Ml2Plugin._retry_binding_revived_agents-8262918'] for agent, after_update _notify_loop /usr/lib/python3.9/site-packages/neutron_lib/callbacks/manager.py:200
2026-03-20 08:02:57.457 18 DEBUG neutron.wsgi [-] (18) accepted ('192.168.122.100', 48838) server /usr/lib/python3.9/site-packages/eventlet/wsgi.py:992
2026-03-20 08:02:57.460 18 INFO neutron.wsgi [-] 192.168.122.100 "GET / HTTP/1.1" status: 200 len: 233 time: 0.0016861
2026-03-20 08:03:27.995 16 DEBUG neutron.wsgi [-] (16) accepted ('192.168.122.100', 53542) server /usr/lib/python3.9/site-packages/eventlet/wsgi.py:992
2026-03-20 08:03:27.997 16 INFO neutron.wsgi [-] 192.168.122.100 "GET / HTTP/1.1" status: 200 len: 233 time: 0.0016012
2026-03-20 08:03:59.178 16 DEBUG neutron.wsgi [-] (16) accepted ('192.168.122.100', 33418) server /usr/lib/python3.9/site-packages/eventlet/wsgi.py:992
2026-03-20 08:03:59.184 16 INFO neutron.wsgi [-] 192.168.122.100 "GET / HTTP/1.1" status: 200 len: 233 time: 0.0012183
2026-03-20 08:04:30.098 16 DEBUG neutron.wsgi [-] (16) accepted ('192.168.122.100', 58594) server /usr/lib/python3.9/site-packages/eventlet/wsgi.py:992
2026-03-20 08:04:30.100 16 INFO neutron.wsgi [-] 192.168.122.100 "GET / HTTP/1.1" status: 200 len: 233 time: 0.0011463
2026-03-20 08:05:00.511 16 DEBUG neutron.wsgi [-] (16) accepted ('192.168.122.100', 41132) server /usr/lib/python3.9/site-packages/eventlet/wsgi.py:992
2026-03-20 08:05:00.514 16 INFO neutron.wsgi [-] 192.168.122.100 "GET / HTTP/1.1" status: 200 len: 233 time: 0.0016000
2026-03-20 08:05:29.091 24 DEBUG neutron.db.agents_db [req-64cdacd8-61f6-42e3-aed3-908826f4634f - - - - -] Agent healthcheck: found 3 active agents agent_health_check /usr/lib/python3.9/site-packages/neutron/db/agents_db.py:328
2026-03-20 08:05:31.004 16 DEBUG neutron.wsgi [-] (16) accepted ('192.168.122.100', 55736) server /usr/lib/python3.9/site-packages/eventlet/wsgi.py:992
2026-03-20 08:05:31.007 16 INFO neutron.wsgi [-] 192.168.122.100 "GET / HTTP/1.1" status: 200 len: 233 time: 0.0014150
2026-03-20 08:06:01.690 17 DEBUG neutron.wsgi [-] (17) accepted ('192.168.122.100', 55122) server /usr/lib/python3.9/site-packages/eventlet/wsgi.py:992
2026-03-20 08:06:01.693 17 INFO neutron.wsgi [-] 192.168.122.100 "GET / HTTP/1.1" status: 200 len: 233 time: 0.0025308
2026-03-20 08:06:31.994 17 DEBUG neutron.wsgi [-] (17) accepted ('192.168.122.100', 41400) server /usr/lib/python3.9/site-packages/eventlet/wsgi.py:992
2026-03-20 08:06:31.998 17 INFO neutron.wsgi [-] 192.168.122.100 "GET / HTTP/1.1" status: 200 len: 233 time: 0.0022895
2026-03-20 08:07:02.976 17 DEBUG neutron.wsgi [-] (17) accepted ('192.168.122.100', 54168) server /usr/lib/python3.9/site-packages/eventlet/wsgi.py:992
2026-03-20 08:07:02.979 17 INFO neutron.wsgi [-] 192.168.122.100 "GET / HTTP/1.1" status: 200 len: 233 time: 0.0018840
2026-03-20 08:07:34.418 18 DEBUG neutron.wsgi [-] (18) accepted ('192.168.122.100', 57570) server /usr/lib/python3.9/site-packages/eventlet/wsgi.py:992
2026-03-20 08:07:34.422 18 INFO neutron.wsgi [-] 192.168.122.100 "GET / HTTP/1.1" status: 200 len: 233 time: 0.0031714
2026-03-20 08:07:44.190 19 DEBUG neutron_lib.callbacks.manager [req-8ac72a37-cdd7-4799-b3bd-05c67b6994ce - - - - -] Notify callbacks ['neutron.services.segments.db._update_segment_host_mapping_for_agent-8763272362078', 'neutron.plugins.ml2.plugin.Ml2Plugin._retry_binding_revived_agents-8262918'] for agent, after_update _notify_loop /usr/lib/python3.9/site-packages/neutron_lib/callbacks/manager.py:200
2026-03-20 08:07:44.530 23 DEBUG neutron_lib.callbacks.manager [req-c8d93fd1-4595-47a0-bfe8-c2ea621283bd - - - - -] Notify callbacks ['neutron.services.segments.db._update_segment_host_mapping_for_agent-8763272362078', 'neutron.plugins.ml2.plugin.Ml2Plugin._retry_binding_revived_agents-8262918'] for agent, after_update _notify_loop /usr/lib/python3.9/site-packages/neutron_lib/callbacks/manager.py:200
2026-03-20 08:07:50.105 21 DEBUG neutron_lib.callbacks.manager [req-4e46be59-262c-47ef-8b90-4cc37470600a - - - - -] Notify callbacks ['neutron.services.segments.db._update_segment_host_mapping_for_agent-8763272362078', 'neutron.plugins.ml2.plugin.Ml2Plugin._retry_binding_revived_agents-8262918'] for agent, after_update _notify_loop /usr/lib/python3.9/site-packages/neutron_lib/callbacks/manager.py:200
2026-03-20 08:08:05.094 18 DEBUG neutron.wsgi [-] (18) accepted ('192.168.122.100', 60974) server /usr/lib/python3.9/site-packages/eventlet/wsgi.py:992
2026-03-20 08:08:05.098 18 INFO neutron.wsgi [-] 192.168.122.100 "GET / HTTP/1.1" status: 200 len: 233 time: 0.0022635
2026-03-20 08:08:35.996 17 DEBUG neutron.wsgi [-] (17) accepted ('192.168.122.100', 46926) server /usr/lib/python3.9/site-packages/eventlet/wsgi.py:992
2026-03-20 08:08:35.999 17 INFO neutron.wsgi [-] 192.168.122.100 "GET / HTTP/1.1" status: 200 len: 233 time: 0.0020909
2026-03-20 08:09:07.153 17 DEBUG neutron.wsgi [-] (17) accepted ('192.168.122.100', 41688) server /usr/lib/python3.9/site-packages/eventlet/wsgi.py:992
2026-03-20 08:09:07.156 17 INFO neutron.wsgi [-] 192.168.122.100 "GET / HTTP/1.1" status: 200 len: 233 time: 0.0021648
2026-03-20 08:09:37.978 16 DEBUG neutron.wsgi [-] (16) accepted ('192.168.122.100', 33254) server /usr/lib/python3.9/site-packages/eventlet/wsgi.py:992
2026-03-20 08:09:37.981 16 INFO neutron.wsgi [-] 192.168.122.100 "GET / HTTP/1.1" status: 200 len: 233 time: 0.0014241
2026-03-20 08:10:09.243 18 DEBUG neutron.wsgi [-] (18) accepted ('192.168.122.100', 59424) server /usr/lib/python3.9/site-packages/eventlet/wsgi.py:992
2026-03-20 08:10:09.245 18 INFO neutron.wsgi [-] 192.168.122.100 "GET / HTTP/1.1" status: 200 len: 233 time: 0.0015087
2026-03-20 08:10:29.089 24 DEBUG neutron.db.agents_db [req-64cdacd8-61f6-42e3-aed3-908826f4634f - - - - -] Agent healthcheck: found 3 active agents agent_health_check /usr/lib/python3.9/site-packages/neutron/db/agents_db.py:328
2026-03-20 08:10:39.953 18 DEBUG neutron.wsgi [-] (18) accepted ('192.168.122.100', 40416) server /usr/lib/python3.9/site-packages/eventlet/wsgi.py:992
2026-03-20 08:10:39.955 18 INFO neutron.wsgi [-] 192.168.122.100 "GET / HTTP/1.1" status: 200 len: 233 time: 0.0015025
2026-03-20 08:11:11.170 17 DEBUG neutron.wsgi [-] (17) accepted ('192.168.122.100', 54758) server /usr/lib/python3.9/site-packages/eventlet/wsgi.py:992
2026-03-20 08:11:11.172 17 INFO neutron.wsgi [-] 192.168.122.100 "GET / HTTP/1.1" status: 200 len: 233 time: 0.0013921
2026-03-20 08:11:41.979 17 DEBUG neutron.wsgi [-] (17) accepted ('192.168.122.100', 58708) server /usr/lib/python3.9/site-packages/eventlet/wsgi.py:992
2026-03-20 08:11:41.981 17 INFO neutron.wsgi [-] 192.168.122.100 "GET / HTTP/1.1" status: 200 len: 233 time: 0.0011349
2026-03-20 08:12:13.004 18 DEBUG neutron.wsgi [-] (18) accepted ('192.168.122.100', 40876) server /usr/lib/python3.9/site-packages/eventlet/wsgi.py:992
2026-03-20 08:12:13.008 18 INFO neutron.wsgi [-] 192.168.122.100 "GET / HTTP/1.1" status: 200 len: 233 time: 0.0023179
2026-03-20 08:12:44.199 20 DEBUG neutron_lib.callbacks.manager [req-ade21fde-4b62-4a23-9cf6-af090835e800 - - - - -] Notify callbacks ['neutron.services.segments.db._update_segment_host_mapping_for_agent-8763272362078', 'neutron.plugins.ml2.plugin.Ml2Plugin._retry_binding_revived_agents-8262918'] for agent, after_update _notify_loop /usr/lib/python3.9/site-packages/neutron_lib/callbacks/manager.py:200
2026-03-20 08:12:44.341 18 DEBUG neutron.wsgi [-] (18) accepted ('192.168.122.100', 44690) server /usr/lib/python3.9/site-packages/eventlet/wsgi.py:992
2026-03-20 08:12:44.345 18 INFO neutron.wsgi [-] 192.168.122.100 "GET / HTTP/1.1" status: 200 len: 233 time: 0.0020840
2026-03-20 08:12:44.529 22 DEBUG neutron_lib.callbacks.manager [req-372d41e7-1872-4328-9006-6e390f918a0e - - - - -] Notify callbacks ['neutron.services.segments.db._update_segment_host_mapping_for_agent-8763272362078', 'neutron.plugins.ml2.plugin.Ml2Plugin._retry_binding_revived_agents-8262918'] for agent, after_update _notify_loop /usr/lib/python3.9/site-packages/neutron_lib/callbacks/manager.py:200
2026-03-20 08:12:50.107 19 DEBUG neutron_lib.callbacks.manager [req-4e46be59-262c-47ef-8b90-4cc37470600a - - - - -] Notify callbacks ['neutron.services.segments.db._update_segment_host_mapping_for_agent-8763272362078', 'neutron.plugins.ml2.plugin.Ml2Plugin._retry_binding_revived_agents-8262918'] for agent, after_update _notify_loop /usr/lib/python3.9/site-packages/neutron_lib/callbacks/manager.py:200
2026-03-20 08:13:15.498 18 DEBUG neutron.wsgi [-] (18) accepted ('192.168.122.100', 45480) server /usr/lib/python3.9/site-packages/eventlet/wsgi.py:992
2026-03-20 08:13:15.504 18 INFO neutron.wsgi [-] 192.168.122.100 "GET / HTTP/1.1" status: 200 len: 233 time: 0.0024951
2026-03-20 08:13:45.826 16 DEBUG neutron.wsgi [-] (16) accepted ('192.168.122.100', 50628) server /usr/lib/python3.9/site-packages/eventlet/wsgi.py:992
2026-03-20 08:13:45.831 16 INFO neutron.wsgi [-] 192.168.122.100 "GET / HTTP/1.1" status: 200 len: 233 time: 0.0030282
2026-03-20 08:14:16.253 16 DEBUG neutron.wsgi [-] (16) accepted ('192.168.122.100', 34410) server /usr/lib/python3.9/site-packages/eventlet/wsgi.py:992
2026-03-20 08:14:16.256 16 INFO neutron.wsgi [-] 192.168.122.100 "GET / HTTP/1.1" status: 200 len: 233 time: 0.0017011
2026-03-20 08:14:46.532 18 DEBUG neutron.wsgi [-] (18) accepted ('192.168.122.100', 57414) server /usr/lib/python3.9/site-packages/eventlet/wsgi.py:992
2026-03-20 08:14:46.535 18 INFO neutron.wsgi [-] 192.168.122.100 "GET / HTTP/1.1" status: 200 len: 233 time: 0.0017226
2026-03-20 08:15:17.026 16 DEBUG neutron.wsgi [-] (16) accepted ('192.168.122.100', 39594) server /usr/lib/python3.9/site-packages/eventlet/wsgi.py:992
2026-03-20 08:15:17.031 16 INFO neutron.wsgi [-] 192.168.122.100 "GET / HTTP/1.1" status: 200 len: 233 time: 0.0028369
2026-03-20 08:15:29.094 24 DEBUG neutron.db.agents_db [req-64cdacd8-61f6-42e3-aed3-908826f4634f - - - - -] Agent healthcheck: found 3 active agents agent_health_check /usr/lib/python3.9/site-packages/neutron/db/agents_db.py:328
2026-03-20 08:15:47.968 15 DEBUG neutron.wsgi [-] (15) accepted ('192.168.122.100', 60728) server /usr/lib/python3.9/site-packages/eventlet/wsgi.py:992
2026-03-20 08:15:47.970 15 INFO neutron.wsgi [-] 192.168.122.100 "GET / HTTP/1.1" status: 200 len: 233 time: 0.0014052
2026-03-20 08:16:19.483 16 DEBUG neutron.wsgi [-] (16) accepted ('192.168.122.100', 55680) server /usr/lib/python3.9/site-packages/eventlet/wsgi.py:992
2026-03-20 08:16:19.487 16 INFO neutron.wsgi [-] 192.168.122.100 "GET / HTTP/1.1" status: 200 len: 233 time: 0.0027270
2026-03-20 08:16:50.115 17 DEBUG neutron.wsgi [-] (17) accepted ('192.168.122.100', 60904) server /usr/lib/python3.9/site-packages/eventlet/wsgi.py:992
2026-03-20 08:16:50.117 17 INFO neutron.wsgi [-] 192.168.122.100 "GET / HTTP/1.1" status: 200 len: 233 time: 0.0012004
2026-03-20 08:17:20.888 16 DEBUG neutron.wsgi [-] (16) accepted ('192.168.122.100', 49108) server /usr/lib/python3.9/site-packages/eventlet/wsgi.py:992
2026-03-20 08:17:20.892 16 INFO neutron.wsgi [-] 192.168.122.100 "GET / HTTP/1.1" status: 200 len: 233 time: 0.0022974
2026-03-20 08:17:44.205 23 DEBUG neutron_lib.callbacks.manager [req-a6debdfa-b35b-42bf-a06b-8daf8a4c6bdf - - - - -] Notify callbacks ['neutron.services.segments.db._update_segment_host_mapping_for_agent-8763272362078', 'neutron.plugins.ml2.plugin.Ml2Plugin._retry_binding_revived_agents-8262918'] for agent, after_update _notify_loop /usr/lib/python3.9/site-packages/neutron_lib/callbacks/manager.py:200
2026-03-20 08:17:44.533 21 DEBUG neutron_lib.callbacks.manager [req-b881c556-78e6-4763-85fd-d104487f7d8e - - - - -] Notify callbacks ['neutron.services.segments.db._update_segment_host_mapping_for_agent-8763272362078', 'neutron.plugins.ml2.plugin.Ml2Plugin._retry_binding_revived_agents-8262918'] for agent, after_update _notify_loop /usr/lib/python3.9/site-packages/neutron_lib/callbacks/manager.py:200
2026-03-20 08:17:50.106 20 DEBUG neutron_lib.callbacks.manager [req-4e46be59-262c-47ef-8b90-4cc37470600a - - - - -] Notify callbacks ['neutron.services.segments.db._update_segment_host_mapping_for_agent-8763272362078', 'neutron.plugins.ml2.plugin.Ml2Plugin._retry_binding_revived_agents-8262918'] for agent, after_update _notify_loop /usr/lib/python3.9/site-packages/neutron_lib/callbacks/manager.py:200
2026-03-20 08:17:51.951 16 DEBUG neutron.wsgi [-] (16) accepted ('192.168.122.100', 47274) server /usr/lib/python3.9/site-packages/eventlet/wsgi.py:992
2026-03-20 08:17:51.954 16 INFO neutron.wsgi [-] 192.168.122.100 "GET / HTTP/1.1" status: 200 len: 233 time: 0.0015738
2026-03-20 08:18:23.017 17 DEBUG neutron.wsgi [-] (17) accepted ('192.168.122.100', 53056) server /usr/lib/python3.9/site-packages/eventlet/wsgi.py:992
2026-03-20 08:18:23.019 17 INFO neutron.wsgi [-] 192.168.122.100 "GET / HTTP/1.1" status: 200 len: 233 time: 0.0015450
2026-03-20 08:18:54.278 16 DEBUG neutron.wsgi [-] (16) accepted ('192.168.122.100', 45258) server /usr/lib/python3.9/site-packages/eventlet/wsgi.py:992
2026-03-20 08:18:54.281 16 INFO neutron.wsgi [-] 192.168.122.100 "GET / HTTP/1.1" status: 200 len: 233 time: 0.0015910
2026-03-20 08:19:25.143 17 DEBUG neutron.wsgi [-] (17) accepted ('192.168.122.100', 34362) server /usr/lib/python3.9/site-packages/eventlet/wsgi.py:992
2026-03-20 08:19:25.145 17 INFO neutron.wsgi [-] 192.168.122.100 "GET / HTTP/1.1" status: 200 len: 233 time: 0.0011020
2026-03-20 08:19:56.115 15 DEBUG neutron.wsgi [-] (15) accepted ('192.168.122.100', 59076) server /usr/lib/python3.9/site-packages/eventlet/wsgi.py:992
2026-03-20 08:19:56.118 15 INFO neutron.wsgi [-] 192.168.122.100 "GET / HTTP/1.1" status: 200 len: 233 time: 0.0016696
2026-03-20 08:20:27.088 15 DEBUG neutron.wsgi [-] (15) accepted ('192.168.122.100', 47354) server /usr/lib/python3.9/site-packages/eventlet/wsgi.py:992
2026-03-20 08:20:27.091 15 INFO neutron.wsgi [-] 192.168.122.100 "GET / HTTP/1.1" status: 200 len: 233 time: 0.0018787
2026-03-20 08:20:29.096 24 DEBUG neutron.db.agents_db [req-64cdacd8-61f6-42e3-aed3-908826f4634f - - - - -] Agent healthcheck: found 3 active agents agent_health_check /usr/lib/python3.9/site-packages/neutron/db/agents_db.py:328
2026-03-20 08:20:58.154 17 DEBUG neutron.wsgi [-] (17) accepted ('192.168.122.100', 54572) server /usr/lib/python3.9/site-packages/eventlet/wsgi.py:992
2026-03-20 08:20:58.156 17 INFO neutron.wsgi [-] 192.168.122.100 "GET / HTTP/1.1" status: 200 len: 233 time: 0.0014603
2026-03-20 08:21:28.538 17 DEBUG neutron.wsgi [-] (17) accepted ('192.168.122.100', 54778) server /usr/lib/python3.9/site-packages/eventlet/wsgi.py:992
2026-03-20 08:21:28.540 17 INFO neutron.wsgi [-] 192.168.122.100 "GET / HTTP/1.1" status: 200 len: 233 time: 0.0013831
2026-03-20 08:21:58.975 17 DEBUG neutron.wsgi [-] (17) accepted ('192.168.122.100', 59490) server /usr/lib/python3.9/site-packages/eventlet/wsgi.py:992
2026-03-20 08:21:58.977 17 INFO neutron.wsgi [-] 192.168.122.100 "GET / HTTP/1.1" status: 200 len: 233 time: 0.0012410
2026-03-20 08:22:30.386 17 DEBUG neutron.wsgi [-] (17) accepted ('192.168.122.100', 35116) server /usr/lib/python3.9/site-packages/eventlet/wsgi.py:992
2026-03-20 08:22:30.388 17 INFO neutron.wsgi [-] 192.168.122.100 "GET / HTTP/1.1" status: 200 len: 233 time: 0.0013340
2026-03-20 08:22:44.201 22 DEBUG neutron_lib.callbacks.manager [req-3c7bc7c3-0abf-48c1-a9f0-cea22b2757fc - - - - -] Notify callbacks ['neutron.services.segments.db._update_segment_host_mapping_for_agent-8763272362078', 'neutron.plugins.ml2.plugin.Ml2Plugin._retry_binding_revived_agents-8262918'] for agent, after_update _notify_loop /usr/lib/python3.9/site-packages/neutron_lib/callbacks/manager.py:200
