Mar 20 08:31:06 np0005652756 proxy-server[123249]: 172.18.0.105 172.18.0.104 20/Mar/2026/08/31/06 PUT /v1/AUTH_7d343c0d5b2d4120a89e3784e7bef979/gnocchi.4d20b438-e8fc-4e48-b7a0-57e6b55cd997 HTTP/1.0 201 - python-swiftclient-3.11.1 gAAAAABpvQUzfcJv... - - - tx09145795920b487dbbabb-0069bd05ca - 0.0325 - - 1773995466.540859699 1773995466.573387623 0
Mar 20 08:31:06 np0005652756 container-server[121309]: 172.20.0.105 - - [20/Mar/2026:08:31:06 +0000] "PUT /d1/473/AUTH_7d343c0d5b2d4120a89e3784e7bef979/gnocchi.7732769b-73ca-4896-bc98-61e1a44c86ce" 201 - "PUT http://172.18.0.184:8080/v1/AUTH_7d343c0d5b2d4120a89e3784e7bef979/gnocchi.7732769b-73ca-4896-bc98-61e1a44c86ce" "txf03dbcc12e9344bb88329-0069bd05ca" "proxy-server 20" 0.0126 "-" 22 0
Mar 20 08:31:06 np0005652756 proxy-server[123249]: - - 20/Mar/2026/08/31/06 HEAD /v1/AUTH_7d343c0d5b2d4120a89e3784e7bef979/gnocchi.4d20b438-e8fc-4e48-b7a0-57e6b55cd997%3Fformat%3Djson%26states%3Dlisting HTTP/1.0 204 - Swift - - - - tx188304616d1344899b179-0069bd05ca - 0.0059 RL - 1773995466.579323053 1773995466.585183859 0
Mar 20 08:31:06 np0005652756 container-server[121309]: 172.20.0.104 - - [20/Mar/2026:08:31:06 +0000] "GET /d1/719/AUTH_7d343c0d5b2d4120a89e3784e7bef979/gnocchi.4d20b438-e8fc-4e48-b7a0-57e6b55cd997" 200 2 "GET http://172.18.0.184:8080/v1/AUTH_7d343c0d5b2d4120a89e3784e7bef979/gnocchi.4d20b438-e8fc-4e48-b7a0-57e6b55cd997?format=json&states=listing" "tx188304616d1344899b179-0069bd05ca" "proxy-server 20" 0.0017 "-" 22 0
Mar 20 08:31:06 np0005652756 proxy-server[123249]: 172.18.0.105 172.18.0.104 20/Mar/2026/08/31/06 GET /v1/AUTH_7d343c0d5b2d4120a89e3784e7bef979/gnocchi.4d20b438-e8fc-4e48-b7a0-57e6b55cd997%3Fformat%3Djson%26states%3Dlisting HTTP/1.0 200 - python-swiftclient-3.11.1 gAAAAABpvQUzfcJv... - 2 - tx188304616d1344899b179-0069bd05ca - 0.0137 - - 1773995466.578000069 1773995466.591665745 0
Mar 20 08:31:06 np0005652756 container-server[121307]: 172.20.0.105 - - [20/Mar/2026:08:31:06 +0000] "HEAD /d1/473/AUTH_7d343c0d5b2d4120a89e3784e7bef979/gnocchi.7732769b-73ca-4896-bc98-61e1a44c86ce" 204 - "HEAD http://172.18.0.184:8080/v1/AUTH_7d343c0d5b2d4120a89e3784e7bef979/gnocchi.7732769b-73ca-4896-bc98-61e1a44c86ce?format=json&states=listing" "tx1f4d297692bc48e7a4830-0069bd05ca" "proxy-server 20" 0.0012 "-" 21 0
Mar 20 08:31:06 np0005652756 object-server[121753]: 172.20.0.103 - - [20/Mar/2026:08:31:06 +0000] "GET /d1/591/AUTH_7d343c0d5b2d4120a89e3784e7bef979/gnocchi.e223645d-7929-400f-890b-8fae74227a78/1773360000.0_mean_300.0_v3" 404 70 "GET http://172.18.0.184:8080/v1/AUTH_7d343c0d5b2d4120a89e3784e7bef979/gnocchi.e223645d-7929-400f-890b-8fae74227a78/1773360000.0_mean_300.0_v3" "tx31f7b277d4fd4be387001-0069bd05ca" "proxy-server 20" 0.0005 "-" 22 0
Mar 20 08:31:06 np0005652756 object-server[121753]: 172.20.0.104 - - [20/Mar/2026:08:31:06 +0000] "GET /d1/137/AUTH_7d343c0d5b2d4120a89e3784e7bef979/gnocchi.4d20b438-e8fc-4e48-b7a0-57e6b55cd997/1773360000.0_mean_300.0_v3" 404 70 "GET http://172.18.0.184:8080/v1/AUTH_7d343c0d5b2d4120a89e3784e7bef979/gnocchi.4d20b438-e8fc-4e48-b7a0-57e6b55cd997/1773360000.0_mean_300.0_v3" "tx44f24ebbfbaf45eca36d7-0069bd05ca" "proxy-server 20" 0.0003 "-" 22 0
Mar 20 08:31:06 np0005652756 proxy-server[123249]: 172.18.0.105 172.18.0.104 20/Mar/2026/08/31/06 GET /v1/AUTH_7d343c0d5b2d4120a89e3784e7bef979/gnocchi.4d20b438-e8fc-4e48-b7a0-57e6b55cd997/1773360000.0_mean_300.0_v3 HTTP/1.0 404 - python-swiftclient-3.11.1 gAAAAABpvQUzfcJv... - 70 - tx44f24ebbfbaf45eca36d7-0069bd05ca - 0.0166 - - 1773995466.597404242 1773995466.614038944 0
Mar 20 08:31:06 np0005652756 object-server[121753]: 172.20.0.105 - - [20/Mar/2026:08:31:06 +0000] "GET /d1/81/AUTH_7d343c0d5b2d4120a89e3784e7bef979/gnocchi.7732769b-73ca-4896-bc98-61e1a44c86ce/1773360000.0_mean_300.0_v3" 404 70 "GET http://172.18.0.184:8080/v1/AUTH_7d343c0d5b2d4120a89e3784e7bef979/gnocchi.7732769b-73ca-4896-bc98-61e1a44c86ce/1773360000.0_mean_300.0_v3" "tx4ae459a7dcd14d63ad7af-0069bd05ca" "proxy-server 20" 0.0004 "-" 22 0
Mar 20 08:31:06 np0005652756 container-server[121307]: 172.20.0.104 - - [20/Mar/2026:08:31:06 +0000] "PUT /d1/326/AUTH_7d343c0d5b2d4120a89e3784e7bef979/gnocchi.e223645d-7929-400f-890b-8fae74227a78/1773360000.0_mean_300.0_v3" 201 - "PUT http://172.18.0.184:8080/d1/591/AUTH_7d343c0d5b2d4120a89e3784e7bef979/gnocchi.e223645d-7929-400f-890b-8fae74227a78/1773360000.0_mean_300.0_v3" "txe241048c4d514daeb2102-0069bd05ca" "object-server 21" 0.0005 "-" 21 0
Mar 20 08:31:06 np0005652756 object-server[121751]: 172.20.0.103 - - [20/Mar/2026:08:31:06 +0000] "PUT /d1/591/AUTH_7d343c0d5b2d4120a89e3784e7bef979/gnocchi.e223645d-7929-400f-890b-8fae74227a78/1773360000.0_mean_300.0_v3" 201 - "PUT http://172.18.0.184:8080/v1/AUTH_7d343c0d5b2d4120a89e3784e7bef979/gnocchi.e223645d-7929-400f-890b-8fae74227a78/1773360000.0_mean_300.0_v3" "txe241048c4d514daeb2102-0069bd05ca" "proxy-server 20" 0.0102 "-" 21 0
Mar 20 08:31:06 np0005652756 container-server[121309]: 172.20.0.104 - - [20/Mar/2026:08:31:06 +0000] "PUT /d1/719/AUTH_7d343c0d5b2d4120a89e3784e7bef979/gnocchi.4d20b438-e8fc-4e48-b7a0-57e6b55cd997/1773360000.0_mean_300.0_v3" 201 - "PUT http://172.18.0.184:8080/d1/137/AUTH_7d343c0d5b2d4120a89e3784e7bef979/gnocchi.4d20b438-e8fc-4e48-b7a0-57e6b55cd997/1773360000.0_mean_300.0_v3" "tx7ad0dfe130474dee91ae2-0069bd05ca" "object-server 21" 0.0007 "-" 22 0
Mar 20 08:31:06 np0005652756 object-server[121751]: 172.20.0.104 - - [20/Mar/2026:08:31:06 +0000] "PUT /d1/137/AUTH_7d343c0d5b2d4120a89e3784e7bef979/gnocchi.4d20b438-e8fc-4e48-b7a0-57e6b55cd997/1773360000.0_mean_300.0_v3" 201 - "PUT http://172.18.0.184:8080/v1/AUTH_7d343c0d5b2d4120a89e3784e7bef979/gnocchi.4d20b438-e8fc-4e48-b7a0-57e6b55cd997/1773360000.0_mean_300.0_v3" "tx7ad0dfe130474dee91ae2-0069bd05ca" "proxy-server 20" 0.0118 "-" 21 0
Mar 20 08:31:06 np0005652756 proxy-server[123249]: 172.18.0.105 172.18.0.104 20/Mar/2026/08/31/06 PUT /v1/AUTH_7d343c0d5b2d4120a89e3784e7bef979/gnocchi.4d20b438-e8fc-4e48-b7a0-57e6b55cd997/1773360000.0_mean_300.0_v3 HTTP/1.0 201 - python-swiftclient-3.11.1 gAAAAABpvQUzfcJv... 16 - - tx7ad0dfe130474dee91ae2-0069bd05ca - 0.0211 - - 1773995466.618915796 1773995466.639968157 0
Mar 20 08:31:06 np0005652756 container-server[121311]: 172.20.0.105 - - [20/Mar/2026:08:31:06 +0000] "PUT /d1/473/AUTH_7d343c0d5b2d4120a89e3784e7bef979/gnocchi.7732769b-73ca-4896-bc98-61e1a44c86ce/1773360000.0_mean_300.0_v3" 201 - "PUT http://172.18.0.184:8080/d1/81/AUTH_7d343c0d5b2d4120a89e3784e7bef979/gnocchi.7732769b-73ca-4896-bc98-61e1a44c86ce/1773360000.0_mean_300.0_v3" "txf384f2cd1bb44cea8309e-0069bd05ca" "object-server 23" 0.0006 "-" 23 0
Mar 20 08:31:06 np0005652756 object-server[121747]: 172.20.0.105 - - [20/Mar/2026:08:31:06 +0000] "PUT /d1/81/AUTH_7d343c0d5b2d4120a89e3784e7bef979/gnocchi.7732769b-73ca-4896-bc98-61e1a44c86ce/1773360000.0_mean_300.0_v3" 201 - "PUT http://172.18.0.184:8080/v1/AUTH_7d343c0d5b2d4120a89e3784e7bef979/gnocchi.7732769b-73ca-4896-bc98-61e1a44c86ce/1773360000.0_mean_300.0_v3" "txf384f2cd1bb44cea8309e-0069bd05ca" "proxy-server 20" 0.0131 "-" 20 0
Mar 20 08:31:06 np0005652756 container-server[121307]: 172.20.0.103 - - [20/Mar/2026:08:31:06 +0000] "PUT /d1/719/AUTH_7d343c0d5b2d4120a89e3784e7bef979/gnocchi.4d20b438-e8fc-4e48-b7a0-57e6b55cd997/none_v3" 201 - "PUT http://172.18.0.184:8080/d1/960/AUTH_7d343c0d5b2d4120a89e3784e7bef979/gnocchi.4d20b438-e8fc-4e48-b7a0-57e6b55cd997/none_v3" "tx7f50d326e6fe4c5692244-0069bd05ca" "object-server 22" 0.0004 "-" 21 0
Mar 20 08:31:06 np0005652756 container-server[121307]: 172.20.0.105 - - [20/Mar/2026:08:31:06 +0000] "PUT /d1/326/AUTH_7d343c0d5b2d4120a89e3784e7bef979/gnocchi.e223645d-7929-400f-890b-8fae74227a78/none_v3" 201 - "PUT http://172.18.0.184:8080/d1/191/AUTH_7d343c0d5b2d4120a89e3784e7bef979/gnocchi.e223645d-7929-400f-890b-8fae74227a78/none_v3" "tx9b504bad692a4cafb60b1-0069bd05ca" "object-server 25" 0.0002 "-" 21 0
Mar 20 08:31:06 np0005652756 object-server[121753]: 172.20.0.104 - - [20/Mar/2026:08:31:06 +0000] "PUT /d1/960/AUTH_7d343c0d5b2d4120a89e3784e7bef979/gnocchi.4d20b438-e8fc-4e48-b7a0-57e6b55cd997/none_v3" 201 - "PUT http://172.18.0.184:8080/v1/AUTH_7d343c0d5b2d4120a89e3784e7bef979/gnocchi.4d20b438-e8fc-4e48-b7a0-57e6b55cd997/none_v3" "tx7f50d326e6fe4c5692244-0069bd05ca" "proxy-server 20" 0.0134 "-" 22 0
Mar 20 08:31:06 np0005652756 proxy-server[123249]: 172.18.0.105 172.18.0.104 20/Mar/2026/08/31/06 PUT /v1/AUTH_7d343c0d5b2d4120a89e3784e7bef979/gnocchi.4d20b438-e8fc-4e48-b7a0-57e6b55cd997/none_v3 HTTP/1.0 201 - python-swiftclient-3.11.1 gAAAAABpvQUzfcJv... 22 - - tx7f50d326e6fe4c5692244-0069bd05ca - 0.0199 - - 1773995466.645947218 1773995466.665870428 0
Mar 20 08:31:06 np0005652756 object-server[121753]: 172.20.0.103 - - [20/Mar/2026:08:31:06 +0000] "PUT /d1/191/AUTH_7d343c0d5b2d4120a89e3784e7bef979/gnocchi.e223645d-7929-400f-890b-8fae74227a78/none_v3" 201 - "PUT http://172.18.0.184:8080/v1/AUTH_7d343c0d5b2d4120a89e3784e7bef979/gnocchi.e223645d-7929-400f-890b-8fae74227a78/none_v3" "tx9b504bad692a4cafb60b1-0069bd05ca" "proxy-server 20" 0.0130 "-" 22 0
Mar 20 08:31:06 np0005652756 container-server[121307]: 172.20.0.103 - - [20/Mar/2026:08:31:06 +0000] "PUT /d1/473/AUTH_7d343c0d5b2d4120a89e3784e7bef979/gnocchi.7732769b-73ca-4896-bc98-61e1a44c86ce/none_v3" 201 - "PUT http://172.18.0.184:8080/d1/447/AUTH_7d343c0d5b2d4120a89e3784e7bef979/gnocchi.7732769b-73ca-4896-bc98-61e1a44c86ce/none_v3" "tx38d06e6917d54847b703b-0069bd05ca" "object-server 24" 0.0003 "-" 21 0
Mar 20 08:31:06 np0005652756 object-server[121751]: 172.20.0.105 - - [20/Mar/2026:08:31:06 +0000] "PUT /d1/447/AUTH_7d343c0d5b2d4120a89e3784e7bef979/gnocchi.7732769b-73ca-4896-bc98-61e1a44c86ce/none_v3" 201 - "PUT http://172.18.0.184:8080/v1/AUTH_7d343c0d5b2d4120a89e3784e7bef979/gnocchi.7732769b-73ca-4896-bc98-61e1a44c86ce/none_v3" "tx38d06e6917d54847b703b-0069bd05ca" "proxy-server 20" 0.0102 "-" 21 0
Mar 20 08:31:06 np0005652756 container-server[121302]: 172.20.0.104 - - [20/Mar/2026:08:31:06 +0000] "HEAD /d1/646/AUTH_7d343c0d5b2d4120a89e3784e7bef979/gnocchi.0612a46f-7d55-4806-9220-fb51651bab5c" 404 - "HEAD http://172.18.0.184:8080/v1/AUTH_7d343c0d5b2d4120a89e3784e7bef979/gnocchi.0612a46f-7d55-4806-9220-fb51651bab5c?format=json&states=listing" "txe37ad19a91214f3cb44ac-0069bd05ca" "proxy-server 20" 0.0007 "-" 20 0
Mar 20 08:31:06 np0005652756 container-server[121309]: 172.20.0.103 - - [20/Mar/2026:08:31:06 +0000] "HEAD /d1/665/AUTH_7d343c0d5b2d4120a89e3784e7bef979/gnocchi.ff28d155-2754-47ee-9e3f-3308bc371b66" 404 - "HEAD http://172.18.0.184:8080/v1/AUTH_7d343c0d5b2d4120a89e3784e7bef979/gnocchi.ff28d155-2754-47ee-9e3f-3308bc371b66?format=json&states=listing" "tx2d0b800a73f9456cbc23f-0069bd05ca" "proxy-server 20" 0.0005 "-" 22 0
Mar 20 08:31:06 np0005652756 object-server[121747]: 172.20.0.104 - - [20/Mar/2026:08:31:06 +0000] "GET /d1/340/AUTH_7d343c0d5b2d4120a89e3784e7bef979/gnocchi.0612a46f-7d55-4806-9220-fb51651bab5c/none_v3" 404 70 "GET http://172.18.0.184:8080/v1/AUTH_7d343c0d5b2d4120a89e3784e7bef979/gnocchi.0612a46f-7d55-4806-9220-fb51651bab5c/none_v3" "txe37ad19a91214f3cb44ac-0069bd05ca" "proxy-server 20" 0.0006 "-" 20 0
Mar 20 08:31:06 np0005652756 container-server[121309]: 172.20.0.105 - - [20/Mar/2026:08:31:06 +0000] "HEAD /d1/1/AUTH_7d343c0d5b2d4120a89e3784e7bef979/gnocchi.76ac617c-f62d-4743-9550-5dac796ab416" 404 - "HEAD http://172.18.0.184:8080/v1/AUTH_7d343c0d5b2d4120a89e3784e7bef979/gnocchi.76ac617c-f62d-4743-9550-5dac796ab416?format=json&states=listing" "tx2a863ace6d67451182dc4-0069bd05ca" "proxy-server 20" 0.0005 "-" 22 0
Mar 20 08:31:06 np0005652756 proxy-server[123249]: 172.18.0.105 172.18.0.104 20/Mar/2026/08/31/06 GET /v1/AUTH_7d343c0d5b2d4120a89e3784e7bef979/gnocchi.0612a46f-7d55-4806-9220-fb51651bab5c/none_v3 HTTP/1.0 404 - python-swiftclient-3.11.1 gAAAAABpvQUzfcJv... - 70 - txe37ad19a91214f3cb44ac-0069bd05ca - 0.0262 - - 1773995466.684528828 1773995466.710713148 0
Mar 20 08:31:06 np0005652756 object-server[121756]: 172.20.0.103 - - [20/Mar/2026:08:31:06 +0000] "GET /d1/707/AUTH_7d343c0d5b2d4120a89e3784e7bef979/gnocchi.ff28d155-2754-47ee-9e3f-3308bc371b66/none_v3" 404 70 "GET http://172.18.0.184:8080/v1/AUTH_7d343c0d5b2d4120a89e3784e7bef979/gnocchi.ff28d155-2754-47ee-9e3f-3308bc371b66/none_v3" "tx2d0b800a73f9456cbc23f-0069bd05ca" "proxy-server 20" 0.0003 "-" 23 0
Mar 20 08:31:06 np0005652756 object-server[121751]: 172.20.0.105 - - [20/Mar/2026:08:31:06 +0000] "GET /d1/449/AUTH_7d343c0d5b2d4120a89e3784e7bef979/gnocchi.76ac617c-f62d-4743-9550-5dac796ab416/none_v3" 404 70 "GET http://172.18.0.184:8080/v1/AUTH_7d343c0d5b2d4120a89e3784e7bef979/gnocchi.76ac617c-f62d-4743-9550-5dac796ab416/none_v3" "tx2a863ace6d67451182dc4-0069bd05ca" "proxy-server 20" 0.0004 "-" 21 0
Mar 20 08:31:06 np0005652756 account-server[121229]: 172.20.0.103 - - [20/Mar/2026:08:31:06 +0000] "PUT /d1/117/AUTH_7d343c0d5b2d4120a89e3784e7bef979/gnocchi.0612a46f-7d55-4806-9220-fb51651bab5c" 201 - "PUT http://172.20.0.103:6001/d1/646/AUTH_7d343c0d5b2d4120a89e3784e7bef979/gnocchi.0612a46f-7d55-4806-9220-fb51651bab5c" "txde461eab3ba94c7180168-0069bd05ca" "container-server 21" 0.0053 "-" 17 0
Mar 20 08:31:06 np0005652756 account-server[121229]: 172.20.0.105 - - [20/Mar/2026:08:31:06 +0000] "PUT /d1/117/AUTH_7d343c0d5b2d4120a89e3784e7bef979/gnocchi.ff28d155-2754-47ee-9e3f-3308bc371b66" 201 - "PUT http://172.20.0.105:6001/d1/665/AUTH_7d343c0d5b2d4120a89e3784e7bef979/gnocchi.ff28d155-2754-47ee-9e3f-3308bc371b66" "tx07e9d6dfca6a45a3848e3-0069bd05ca" "container-server 20" 0.0063 "-" 17 0
Mar 20 08:31:06 np0005652756 account-server[121249]: 172.20.0.103 - - [20/Mar/2026:08:31:06 +0000] "PUT /d1/117/AUTH_7d343c0d5b2d4120a89e3784e7bef979/gnocchi.76ac617c-f62d-4743-9550-5dac796ab416" 201 - "PUT http://172.20.0.103:6001/d1/1/AUTH_7d343c0d5b2d4120a89e3784e7bef979/gnocchi.76ac617c-f62d-4743-9550-5dac796ab416" "txfad1cca3f49c4aa89e359-0069bd05ca" "container-server 20" 0.0040 "-" 18 0
Mar 20 08:31:06 np0005652756 container-server[121302]: 172.20.0.104 - - [20/Mar/2026:08:31:06 +0000] "PUT /d1/646/AUTH_7d343c0d5b2d4120a89e3784e7bef979/gnocchi.0612a46f-7d55-4806-9220-fb51651bab5c" 201 - "PUT http://172.18.0.184:8080/v1/AUTH_7d343c0d5b2d4120a89e3784e7bef979/gnocchi.0612a46f-7d55-4806-9220-fb51651bab5c" "txde461eab3ba94c7180168-0069bd05ca" "proxy-server 20" 0.0292 "-" 20 0
Mar 20 08:31:06 np0005652756 proxy-server[123249]: 172.18.0.105 172.18.0.104 20/Mar/2026/08/31/06 PUT /v1/AUTH_7d343c0d5b2d4120a89e3784e7bef979/gnocchi.0612a46f-7d55-4806-9220-fb51651bab5c HTTP/1.0 201 - python-swiftclient-3.11.1 gAAAAABpvQUzfcJv... - - - txde461eab3ba94c7180168-0069bd05ca - 0.0365 - - 1773995466.714288473 1773995466.750804901 0
Mar 20 08:31:06 np0005652756 container-server[121311]: 172.20.0.103 - - [20/Mar/2026:08:31:06 +0000] "PUT /d1/665/AUTH_7d343c0d5b2d4120a89e3784e7bef979/gnocchi.ff28d155-2754-47ee-9e3f-3308bc371b66" 201 - "PUT http://172.18.0.184:8080/v1/AUTH_7d343c0d5b2d4120a89e3784e7bef979/gnocchi.ff28d155-2754-47ee-9e3f-3308bc371b66" "tx07e9d6dfca6a45a3848e3-0069bd05ca" "proxy-server 20" 0.0281 "-" 23 0
Mar 20 08:31:06 np0005652756 container-server[121307]: 172.20.0.105 - - [20/Mar/2026:08:31:06 +0000] "PUT /d1/1/AUTH_7d343c0d5b2d4120a89e3784e7bef979/gnocchi.76ac617c-f62d-4743-9550-5dac796ab416" 201 - "PUT http://172.18.0.184:8080/v1/AUTH_7d343c0d5b2d4120a89e3784e7bef979/gnocchi.76ac617c-f62d-4743-9550-5dac796ab416" "txfad1cca3f49c4aa89e359-0069bd05ca" "proxy-server 20" 0.0247 "-" 21 0
Mar 20 08:31:06 np0005652756 proxy-server[123249]: - - 20/Mar/2026/08/31/06 HEAD /v1/AUTH_7d343c0d5b2d4120a89e3784e7bef979/gnocchi.0612a46f-7d55-4806-9220-fb51651bab5c%3Fformat%3Djson%26states%3Dlisting HTTP/1.0 204 - Swift - - - - tx4e68f16efb2140d3b60a4-0069bd05ca - 0.0065 RL - 1773995466.756489992 1773995466.762997150 0
Mar 20 08:31:06 np0005652756 container-server[121302]: 172.20.0.104 - - [20/Mar/2026:08:31:06 +0000] "GET /d1/646/AUTH_7d343c0d5b2d4120a89e3784e7bef979/gnocchi.0612a46f-7d55-4806-9220-fb51651bab5c" 200 2 "GET http://172.18.0.184:8080/v1/AUTH_7d343c0d5b2d4120a89e3784e7bef979/gnocchi.0612a46f-7d55-4806-9220-fb51651bab5c?format=json&states=listing" "tx4e68f16efb2140d3b60a4-0069bd05ca" "proxy-server 20" 0.0044 "-" 20 0
Mar 20 08:31:06 np0005652756 proxy-server[123249]: 172.18.0.105 172.18.0.104 20/Mar/2026/08/31/06 GET /v1/AUTH_7d343c0d5b2d4120a89e3784e7bef979/gnocchi.0612a46f-7d55-4806-9220-fb51651bab5c%3Fformat%3Djson%26states%3Dlisting HTTP/1.0 200 - python-swiftclient-3.11.1 gAAAAABpvQUzfcJv... - 2 - tx4e68f16efb2140d3b60a4-0069bd05ca - 0.0187 - - 1773995466.755067825 1773995466.773810387 0
Mar 20 08:31:06 np0005652756 object-server[121747]: 172.20.0.104 - - [20/Mar/2026:08:31:06 +0000] "GET /d1/882/AUTH_7d343c0d5b2d4120a89e3784e7bef979/gnocchi.0612a46f-7d55-4806-9220-fb51651bab5c/1773360000.0_mean_300.0_v3" 404 70 "GET http://172.18.0.184:8080/v1/AUTH_7d343c0d5b2d4120a89e3784e7bef979/gnocchi.0612a46f-7d55-4806-9220-fb51651bab5c/1773360000.0_mean_300.0_v3" "txb5e4bf9574c34d83b070e-0069bd05ca" "proxy-server 20" 0.0010 "-" 20 0
Mar 20 08:31:06 np0005652756 object-server[121753]: 172.20.0.103 - - [20/Mar/2026:08:31:06 +0000] "GET /d1/477/AUTH_7d343c0d5b2d4120a89e3784e7bef979/gnocchi.ff28d155-2754-47ee-9e3f-3308bc371b66/1773360000.0_mean_300.0_v3" 404 70 "GET http://172.18.0.184:8080/v1/AUTH_7d343c0d5b2d4120a89e3784e7bef979/gnocchi.ff28d155-2754-47ee-9e3f-3308bc371b66/1773360000.0_mean_300.0_v3" "tx9c3d8d623da5491598702-0069bd05ca" "proxy-server 20" 0.0007 "-" 22 0
Mar 20 08:31:06 np0005652756 proxy-server[123249]: 172.18.0.105 172.18.0.104 20/Mar/2026/08/31/06 GET /v1/AUTH_7d343c0d5b2d4120a89e3784e7bef979/gnocchi.0612a46f-7d55-4806-9220-fb51651bab5c/1773360000.0_mean_300.0_v3 HTTP/1.0 404 - python-swiftclient-3.11.1 gAAAAABpvQUzfcJv... - 70 - txb5e4bf9574c34d83b070e-0069bd05ca - 0.0143 - - 1773995466.776912212 1773995466.791227341 0
Mar 20 08:31:06 np0005652756 object-server[121756]: 172.20.0.105 - - [20/Mar/2026:08:31:06 +0000] "GET /d1/446/AUTH_7d343c0d5b2d4120a89e3784e7bef979/gnocchi.76ac617c-f62d-4743-9550-5dac796ab416/1773360000.0_mean_300.0_v3" 404 70 "GET http://172.18.0.184:8080/v1/AUTH_7d343c0d5b2d4120a89e3784e7bef979/gnocchi.76ac617c-f62d-4743-9550-5dac796ab416/1773360000.0_mean_300.0_v3" "tx3c3042576995478ba795a-0069bd05ca" "proxy-server 20" 0.0003 "-" 23 0
Mar 20 08:31:06 np0005652756 container-server[121309]: 172.20.0.105 - - [20/Mar/2026:08:31:06 +0000] "PUT /d1/646/AUTH_7d343c0d5b2d4120a89e3784e7bef979/gnocchi.0612a46f-7d55-4806-9220-fb51651bab5c/1773360000.0_mean_300.0_v3" 201 - "PUT http://172.18.0.184:8080/d1/882/AUTH_7d343c0d5b2d4120a89e3784e7bef979/gnocchi.0612a46f-7d55-4806-9220-fb51651bab5c/1773360000.0_mean_300.0_v3" "tx0aeacf38f0bc4d918d774-0069bd05ca" "object-server 23" 0.0006 "-" 22 0
Mar 20 08:31:06 np0005652756 container-server[121309]: 172.20.0.104 - - [20/Mar/2026:08:31:06 +0000] "PUT /d1/665/AUTH_7d343c0d5b2d4120a89e3784e7bef979/gnocchi.ff28d155-2754-47ee-9e3f-3308bc371b66/1773360000.0_mean_300.0_v3" 201 - "PUT http://172.18.0.184:8080/d1/477/AUTH_7d343c0d5b2d4120a89e3784e7bef979/gnocchi.ff28d155-2754-47ee-9e3f-3308bc371b66/1773360000.0_mean_300.0_v3" "txa657c0b99f1e4fa0a0f20-0069bd05ca" "object-server 20" 0.0004 "-" 22 0
Mar 20 08:31:06 np0005652756 object-server[121747]: 172.20.0.103 - - [20/Mar/2026:08:31:06 +0000] "PUT /d1/477/AUTH_7d343c0d5b2d4120a89e3784e7bef979/gnocchi.ff28d155-2754-47ee-9e3f-3308bc371b66/1773360000.0_mean_300.0_v3" 201 - "PUT http://172.18.0.184:8080/v1/AUTH_7d343c0d5b2d4120a89e3784e7bef979/gnocchi.ff28d155-2754-47ee-9e3f-3308bc371b66/1773360000.0_mean_300.0_v3" "txa657c0b99f1e4fa0a0f20-0069bd05ca" "proxy-server 20" 0.0188 "-" 20 0
Mar 20 08:31:06 np0005652756 object-server[121747]: 172.20.0.104 - - [20/Mar/2026:08:31:06 +0000] "PUT /d1/882/AUTH_7d343c0d5b2d4120a89e3784e7bef979/gnocchi.0612a46f-7d55-4806-9220-fb51651bab5c/1773360000.0_mean_300.0_v3" 201 - "PUT http://172.18.0.184:8080/v1/AUTH_7d343c0d5b2d4120a89e3784e7bef979/gnocchi.0612a46f-7d55-4806-9220-fb51651bab5c/1773360000.0_mean_300.0_v3" "tx0aeacf38f0bc4d918d774-0069bd05ca" "proxy-server 20" 0.0202 "-" 20 0
Mar 20 08:31:06 np0005652756 proxy-server[123249]: 172.18.0.105 172.18.0.104 20/Mar/2026/08/31/06 PUT /v1/AUTH_7d343c0d5b2d4120a89e3784e7bef979/gnocchi.0612a46f-7d55-4806-9220-fb51651bab5c/1773360000.0_mean_300.0_v3 HTTP/1.0 201 - python-swiftclient-3.11.1 gAAAAABpvQUzfcJv... 16 - - tx0aeacf38f0bc4d918d774-0069bd05ca - 0.0281 - - 1773995466.794077396 1773995466.822179317 0
Mar 20 08:31:06 np0005652756 container-server[121307]: 172.20.0.103 - - [20/Mar/2026:08:31:06 +0000] "PUT /d1/665/AUTH_7d343c0d5b2d4120a89e3784e7bef979/gnocchi.ff28d155-2754-47ee-9e3f-3308bc371b66/none_v3" 201 - "PUT http://172.18.0.184:8080/d1/707/AUTH_7d343c0d5b2d4120a89e3784e7bef979/gnocchi.ff28d155-2754-47ee-9e3f-3308bc371b66/none_v3" "tx47db076b7e32499dbb9dc-0069bd05ca" "object-server 23" 0.0005 "-" 21 0
Mar 20 08:31:06 np0005652756 container-server[121309]: 172.20.0.104 - - [20/Mar/2026:08:31:06 +0000] "PUT /d1/1/AUTH_7d343c0d5b2d4120a89e3784e7bef979/gnocchi.76ac617c-f62d-4743-9550-5dac796ab416/1773360000.0_mean_300.0_v3" 201 - "PUT http://172.18.0.184:8080/d1/446/AUTH_7d343c0d5b2d4120a89e3784e7bef979/gnocchi.76ac617c-f62d-4743-9550-5dac796ab416/1773360000.0_mean_300.0_v3" "txa3680508f9a142229b1e4-0069bd05ca" "object-server 21" 0.0011 "-" 22 0
Mar 20 08:31:06 np0005652756 object-server[121747]: 172.20.0.103 - - [20/Mar/2026:08:31:06 +0000] "PUT /d1/707/AUTH_7d343c0d5b2d4120a89e3784e7bef979/gnocchi.ff28d155-2754-47ee-9e3f-3308bc371b66/none_v3" 201 - "PUT http://172.18.0.184:8080/v1/AUTH_7d343c0d5b2d4120a89e3784e7bef979/gnocchi.ff28d155-2754-47ee-9e3f-3308bc371b66/none_v3" "tx47db076b7e32499dbb9dc-0069bd05ca" "proxy-server 20" 0.0156 "-" 20 0
Mar 20 08:31:06 np0005652756 object-server[121751]: 172.20.0.105 - - [20/Mar/2026:08:31:06 +0000] "PUT /d1/446/AUTH_7d343c0d5b2d4120a89e3784e7bef979/gnocchi.76ac617c-f62d-4743-9550-5dac796ab416/1773360000.0_mean_300.0_v3" 201 - "PUT http://172.18.0.184:8080/v1/AUTH_7d343c0d5b2d4120a89e3784e7bef979/gnocchi.76ac617c-f62d-4743-9550-5dac796ab416/1773360000.0_mean_300.0_v3" "txa3680508f9a142229b1e4-0069bd05ca" "proxy-server 20" 0.0141 "-" 21 0
Mar 20 08:31:06 np0005652756 container-server[121307]: 172.20.0.103 - - [20/Mar/2026:08:31:06 +0000] "PUT /d1/646/AUTH_7d343c0d5b2d4120a89e3784e7bef979/gnocchi.0612a46f-7d55-4806-9220-fb51651bab5c/none_v3" 201 - "PUT http://172.18.0.184:8080/d1/340/AUTH_7d343c0d5b2d4120a89e3784e7bef979/gnocchi.0612a46f-7d55-4806-9220-fb51651bab5c/none_v3" "tx00c257b253304823bf1d1-0069bd05ca" "object-server 23" 0.0003 "-" 21 0
Mar 20 08:31:06 np0005652756 object-server[121747]: 172.20.0.104 - - [20/Mar/2026:08:31:06 +0000] "PUT /d1/340/AUTH_7d343c0d5b2d4120a89e3784e7bef979/gnocchi.0612a46f-7d55-4806-9220-fb51651bab5c/none_v3" 201 - "PUT http://172.18.0.184:8080/v1/AUTH_7d343c0d5b2d4120a89e3784e7bef979/gnocchi.0612a46f-7d55-4806-9220-fb51651bab5c/none_v3" "tx00c257b253304823bf1d1-0069bd05ca" "proxy-server 20" 0.0168 "-" 20 0
Mar 20 08:31:06 np0005652756 proxy-server[123249]: 172.18.0.105 172.18.0.104 20/Mar/2026/08/31/06 PUT /v1/AUTH_7d343c0d5b2d4120a89e3784e7bef979/gnocchi.0612a46f-7d55-4806-9220-fb51651bab5c/none_v3 HTTP/1.0 201 - python-swiftclient-3.11.1 gAAAAABpvQUzfcJv... 22 - - tx00c257b253304823bf1d1-0069bd05ca - 0.0240 - - 1773995466.826085567 1773995466.850094318 0
Mar 20 08:31:06 np0005652756 container-server[121311]: 172.20.0.105 - - [20/Mar/2026:08:31:06 +0000] "PUT /d1/1/AUTH_7d343c0d5b2d4120a89e3784e7bef979/gnocchi.76ac617c-f62d-4743-9550-5dac796ab416/none_v3" 201 - "PUT http://172.18.0.184:8080/d1/449/AUTH_7d343c0d5b2d4120a89e3784e7bef979/gnocchi.76ac617c-f62d-4743-9550-5dac796ab416/none_v3" "txd8ef6a3eb5734de3954f7-0069bd05ca" "object-server 22" 0.0006 "-" 23 0
Mar 20 08:31:06 np0005652756 object-server[221507]: Object audit (ALL) "forever" mode completed: 0.72s. Total quarantined: 0, Total errors: 0, Total files/sec: 22.37, Total bytes/sec: 438.96, Auditing time: 0.71, Rate: 0.99
Mar 20 08:31:06 np0005652756 object-server[121751]: 172.20.0.103 - - [20/Mar/2026:08:31:06 +0000] "PUT /d1/449/AUTH_7d343c0d5b2d4120a89e3784e7bef979/gnocchi.76ac617c-f62d-4743-9550-5dac796ab416/none_v3" 201 - "PUT http://172.18.0.184:8080/v1/AUTH_7d343c0d5b2d4120a89e3784e7bef979/gnocchi.76ac617c-f62d-4743-9550-5dac796ab416/none_v3" "txd8ef6a3eb5734de3954f7-0069bd05ca" "proxy-server 20" 0.0119 "-" 21 0
Mar 20 08:31:06 np0005652756 container-server[121311]: 172.20.0.104 - - [20/Mar/2026:08:31:06 +0000] "HEAD /d1/510/AUTH_7d343c0d5b2d4120a89e3784e7bef979/gnocchi.60ade2c9-b5a8-4986-95b9-9528da1eb682" 404 - "HEAD http://172.18.0.184:8080/v1/AUTH_7d343c0d5b2d4120a89e3784e7bef979/gnocchi.60ade2c9-b5a8-4986-95b9-9528da1eb682?format=json&states=listing" "txfcfb52b5a8554ed9b2f59-0069bd05ca" "proxy-server 20" 0.0003 "-" 23 0
Mar 20 08:31:06 np0005652756 container-server[121309]: 172.20.0.105 - - [20/Mar/2026:08:31:06 +0000] "HEAD /d1/159/AUTH_7d343c0d5b2d4120a89e3784e7bef979/gnocchi.c19c53c3-a313-44ef-8f8a-504195eb6341" 404 - "HEAD http://172.18.0.184:8080/v1/AUTH_7d343c0d5b2d4120a89e3784e7bef979/gnocchi.c19c53c3-a313-44ef-8f8a-504195eb6341?format=json&states=listing" "txe5777a0e8fb44dcf92675-0069bd05ca" "proxy-server 20" 0.0010 "-" 22 0
Mar 20 08:31:06 np0005652756 object-server[121747]: 172.20.0.104 - - [20/Mar/2026:08:31:06 +0000] "GET /d1/279/AUTH_7d343c0d5b2d4120a89e3784e7bef979/gnocchi.60ade2c9-b5a8-4986-95b9-9528da1eb682/none_v3" 404 70 "GET http://172.18.0.184:8080/v1/AUTH_7d343c0d5b2d4120a89e3784e7bef979/gnocchi.60ade2c9-b5a8-4986-95b9-9528da1eb682/none_v3" "txfcfb52b5a8554ed9b2f59-0069bd05ca" "proxy-server 20" 0.0006 "-" 20 0
Mar 20 08:31:06 np0005652756 object-server[121756]: 172.20.0.105 - - [20/Mar/2026:08:31:06 +0000] "GET /d1/214/AUTH_7d343c0d5b2d4120a89e3784e7bef979/gnocchi.c19c53c3-a313-44ef-8f8a-504195eb6341/none_v3" 404 70 "GET http://172.18.0.184:8080/v1/AUTH_7d343c0d5b2d4120a89e3784e7bef979/gnocchi.c19c53c3-a313-44ef-8f8a-504195eb6341/none_v3" "txe5777a0e8fb44dcf92675-0069bd05ca" "proxy-server 20" 0.0003 "-" 23 0
Mar 20 08:31:06 np0005652756 proxy-server[123249]: 172.18.0.105 172.18.0.104 20/Mar/2026/08/31/06 GET /v1/AUTH_7d343c0d5b2d4120a89e3784e7bef979/gnocchi.60ade2c9-b5a8-4986-95b9-9528da1eb682/none_v3 HTTP/1.0 404 - python-swiftclient-3.11.1 gAAAAABpvQUzfcJv... - 70 - txfcfb52b5a8554ed9b2f59-0069bd05ca - 0.0208 - - 1773995466.869225025 1773995466.889996052 0
Mar 20 08:31:06 np0005652756 container-server[121307]: 172.20.0.103 - - [20/Mar/2026:08:31:06 +0000] "PUT /d1/510/AUTH_7d343c0d5b2d4120a89e3784e7bef979/gnocchi.60ade2c9-b5a8-4986-95b9-9528da1eb682" 201 - "PUT http://172.18.0.184:8080/v1/AUTH_7d343c0d5b2d4120a89e3784e7bef979/gnocchi.60ade2c9-b5a8-4986-95b9-9528da1eb682" "txcdefb200574845899c476-0069bd05ca" "proxy-server 20" 0.0160 "-" 21 0
Mar 20 08:31:06 np0005652756 account-server[121249]: 172.20.0.103 - - [20/Mar/2026:08:31:06 +0000] "PUT /d1/117/AUTH_7d343c0d5b2d4120a89e3784e7bef979/gnocchi.60ade2c9-b5a8-4986-95b9-9528da1eb682" 201 - "PUT http://172.20.0.103:6001/d1/510/AUTH_7d343c0d5b2d4120a89e3784e7bef979/gnocchi.60ade2c9-b5a8-4986-95b9-9528da1eb682" "txcdefb200574845899c476-0069bd05ca" "container-server 21" 0.0051 "-" 18 0
Mar 20 08:31:06 np0005652756 account-server[121277]: 172.20.0.104 - - [20/Mar/2026:08:31:06 +0000] "PUT /d1/117/AUTH_7d343c0d5b2d4120a89e3784e7bef979/gnocchi.c19c53c3-a313-44ef-8f8a-504195eb6341" 201 - "PUT http://172.20.0.104:6001/d1/159/AUTH_7d343c0d5b2d4120a89e3784e7bef979/gnocchi.c19c53c3-a313-44ef-8f8a-504195eb6341" "txb5b0755f4cc8457bad9d1-0069bd05ca" "container-server 22" 0.0165 "-" 22 0
Mar 20 08:31:06 np0005652756 container-server[121309]: 172.20.0.104 - - [20/Mar/2026:08:31:06 +0000] "PUT /d1/159/AUTH_7d343c0d5b2d4120a89e3784e7bef979/gnocchi.c19c53c3-a313-44ef-8f8a-504195eb6341" 201 - "PUT http://172.18.0.184:8080/v1/AUTH_7d343c0d5b2d4120a89e3784e7bef979/gnocchi.c19c53c3-a313-44ef-8f8a-504195eb6341" "txb5b0755f4cc8457bad9d1-0069bd05ca" "proxy-server 20" 0.0295 "-" 22 0
Mar 20 08:31:06 np0005652756 proxy-server[123249]: 172.18.0.103 172.18.0.104 20/Mar/2026/08/31/06 PUT /v1/AUTH_7d343c0d5b2d4120a89e3784e7bef979/gnocchi.c19c53c3-a313-44ef-8f8a-504195eb6341 HTTP/1.0 201 - python-swiftclient-3.11.1 gAAAAABpvQWDG-Hw... - - - txb5b0755f4cc8457bad9d1-0069bd05ca - 0.0366 - - 1773995466.901324034 1773995466.937944412 0
Mar 20 08:31:06 np0005652756 container-server[121309]: 172.20.0.105 - - [20/Mar/2026:08:31:06 +0000] "HEAD /d1/510/AUTH_7d343c0d5b2d4120a89e3784e7bef979/gnocchi.60ade2c9-b5a8-4986-95b9-9528da1eb682" 204 - "HEAD http://172.18.0.184:8080/v1/AUTH_7d343c0d5b2d4120a89e3784e7bef979/gnocchi.60ade2c9-b5a8-4986-95b9-9528da1eb682?format=json&states=listing" "tx425c53f893b140a59977c-0069bd05ca" "proxy-server 20" 0.0018 "-" 22 0
Mar 20 08:31:06 np0005652756 container-server[121309]: 172.20.0.103 - - [20/Mar/2026:08:31:06 +0000] "GET /d1/159/AUTH_7d343c0d5b2d4120a89e3784e7bef979/gnocchi.c19c53c3-a313-44ef-8f8a-504195eb6341" 200 2 "GET http://172.18.0.184:8080/v1/AUTH_7d343c0d5b2d4120a89e3784e7bef979/gnocchi.c19c53c3-a313-44ef-8f8a-504195eb6341?format=json&states=listing" "tx59c9dd6510ea4064a5673-0069bd05ca" "proxy-server 20" 0.0036 "-" 22 0
Mar 20 08:31:06 np0005652756 object-server[121747]: 172.20.0.104 - - [20/Mar/2026:08:31:06 +0000] "GET /d1/675/AUTH_7d343c0d5b2d4120a89e3784e7bef979/gnocchi.60ade2c9-b5a8-4986-95b9-9528da1eb682/1773360000.0_mean_300.0_v3" 404 70 "GET http://172.18.0.184:8080/v1/AUTH_7d343c0d5b2d4120a89e3784e7bef979/gnocchi.60ade2c9-b5a8-4986-95b9-9528da1eb682/1773360000.0_mean_300.0_v3" "tx9bbf2813cfc748c3a07e3-0069bd05ca" "proxy-server 20" 0.0006 "-" 20 0
Mar 20 08:31:06 np0005652756 proxy-server[123249]: 172.18.0.105 172.18.0.104 20/Mar/2026/08/31/06 GET /v1/AUTH_7d343c0d5b2d4120a89e3784e7bef979/gnocchi.60ade2c9-b5a8-4986-95b9-9528da1eb682/1773360000.0_mean_300.0_v3 HTTP/1.0 404 - python-swiftclient-3.11.1 gAAAAABpvQUzfcJv... - 70 - tx9bbf2813cfc748c3a07e3-0069bd05ca - 0.0150 - - 1773995466.961905479 1773995466.976879358 0
Mar 20 08:31:06 np0005652756 object-server[121753]: 172.20.0.105 - - [20/Mar/2026:08:31:06 +0000] "GET /d1/376/AUTH_7d343c0d5b2d4120a89e3784e7bef979/gnocchi.c19c53c3-a313-44ef-8f8a-504195eb6341/1773360000.0_mean_300.0_v3" 404 70 "GET http://172.18.0.184:8080/v1/AUTH_7d343c0d5b2d4120a89e3784e7bef979/gnocchi.c19c53c3-a313-44ef-8f8a-504195eb6341/1773360000.0_mean_300.0_v3" "tx03c7771ebce34a92bc57c-0069bd05ca" "proxy-server 20" 0.0005 "-" 22 0
Mar 20 08:31:06 np0005652756 container-server[121302]: 172.20.0.103 - - [20/Mar/2026:08:31:06 +0000] "PUT /d1/510/AUTH_7d343c0d5b2d4120a89e3784e7bef979/gnocchi.60ade2c9-b5a8-4986-95b9-9528da1eb682/1773360000.0_mean_300.0_v3" 201 - "PUT http://172.18.0.184:8080/d1/675/AUTH_7d343c0d5b2d4120a89e3784e7bef979/gnocchi.60ade2c9-b5a8-4986-95b9-9528da1eb682/1773360000.0_mean_300.0_v3" "txa51f567ad44342b7a9d1c-0069bd05ca" "object-server 24" 0.0010 "-" 20 0
Mar 20 08:31:07 np0005652756 object-server[121747]: 172.20.0.103 - - [20/Mar/2026:08:31:07 +0000] "PUT /d1/675/AUTH_7d343c0d5b2d4120a89e3784e7bef979/gnocchi.60ade2c9-b5a8-4986-95b9-9528da1eb682/1773360000.0_mean_300.0_v3" 201 - "PUT http://172.18.0.184:8080/v1/AUTH_7d343c0d5b2d4120a89e3784e7bef979/gnocchi.60ade2c9-b5a8-4986-95b9-9528da1eb682/1773360000.0_mean_300.0_v3" "txa51f567ad44342b7a9d1c-0069bd05ca" "proxy-server 20" 0.0125 "-" 20 0
Mar 20 08:31:07 np0005652756 container-server[121302]: 172.20.0.105 - - [20/Mar/2026:08:31:07 +0000] "PUT /d1/159/AUTH_7d343c0d5b2d4120a89e3784e7bef979/gnocchi.c19c53c3-a313-44ef-8f8a-504195eb6341/1773360000.0_mean_300.0_v3" 201 - "PUT http://172.18.0.184:8080/d1/376/AUTH_7d343c0d5b2d4120a89e3784e7bef979/gnocchi.c19c53c3-a313-44ef-8f8a-504195eb6341/1773360000.0_mean_300.0_v3" "tx8bb18a3504c040d9a3c9f-0069bd05ca" "object-server 22" 0.0006 "-" 20 0
Mar 20 08:31:07 np0005652756 object-server[121753]: 172.20.0.104 - - [20/Mar/2026:08:31:07 +0000] "PUT /d1/376/AUTH_7d343c0d5b2d4120a89e3784e7bef979/gnocchi.c19c53c3-a313-44ef-8f8a-504195eb6341/1773360000.0_mean_300.0_v3" 201 - "PUT http://172.18.0.184:8080/v1/AUTH_7d343c0d5b2d4120a89e3784e7bef979/gnocchi.c19c53c3-a313-44ef-8f8a-504195eb6341/1773360000.0_mean_300.0_v3" "tx8bb18a3504c040d9a3c9f-0069bd05ca" "proxy-server 20" 0.0102 "-" 22 0
Mar 20 08:31:07 np0005652756 proxy-server[123249]: 172.18.0.103 172.18.0.104 20/Mar/2026/08/31/07 PUT /v1/AUTH_7d343c0d5b2d4120a89e3784e7bef979/gnocchi.c19c53c3-a313-44ef-8f8a-504195eb6341/1773360000.0_mean_300.0_v3 HTTP/1.0 201 - python-swiftclient-3.11.1 gAAAAABpvQWDG-Hw... 16 - - tx8bb18a3504c040d9a3c9f-0069bd05ca - 0.0161 - - 1773995466.990568876 1773995467.006623983 0
Mar 20 08:31:07 np0005652756 container-server[121309]: 172.20.0.105 - - [20/Mar/2026:08:31:07 +0000] "PUT /d1/510/AUTH_7d343c0d5b2d4120a89e3784e7bef979/gnocchi.60ade2c9-b5a8-4986-95b9-9528da1eb682/none_v3" 201 - "PUT http://172.18.0.184:8080/d1/279/AUTH_7d343c0d5b2d4120a89e3784e7bef979/gnocchi.60ade2c9-b5a8-4986-95b9-9528da1eb682/none_v3" "txd9706abf265f493d984d4-0069bd05cb" "object-server 23" 0.0005 "-" 22 0
Mar 20 08:31:07 np0005652756 container-server[121311]: 172.20.0.104 - - [20/Mar/2026:08:31:07 +0000] "PUT /d1/159/AUTH_7d343c0d5b2d4120a89e3784e7bef979/gnocchi.c19c53c3-a313-44ef-8f8a-504195eb6341/none_v3" 201 - "PUT http://172.18.0.184:8080/d1/214/AUTH_7d343c0d5b2d4120a89e3784e7bef979/gnocchi.c19c53c3-a313-44ef-8f8a-504195eb6341/none_v3" "tx8672064875b742d1af23d-0069bd05cb" "object-server 20" 0.0006 "-" 23 0
Mar 20 08:31:07 np0005652756 object-server[121747]: 172.20.0.103 - - [20/Mar/2026:08:31:07 +0000] "PUT /d1/214/AUTH_7d343c0d5b2d4120a89e3784e7bef979/gnocchi.c19c53c3-a313-44ef-8f8a-504195eb6341/none_v3" 201 - "PUT http://172.18.0.184:8080/v1/AUTH_7d343c0d5b2d4120a89e3784e7bef979/gnocchi.c19c53c3-a313-44ef-8f8a-504195eb6341/none_v3" "tx8672064875b742d1af23d-0069bd05cb" "proxy-server 20" 0.0103 "-" 20 0
Mar 20 08:31:07 np0005652756 object-server[121747]: 172.20.0.105 - - [20/Mar/2026:08:31:07 +0000] "PUT /d1/279/AUTH_7d343c0d5b2d4120a89e3784e7bef979/gnocchi.60ade2c9-b5a8-4986-95b9-9528da1eb682/none_v3" 201 - "PUT http://172.18.0.184:8080/v1/AUTH_7d343c0d5b2d4120a89e3784e7bef979/gnocchi.60ade2c9-b5a8-4986-95b9-9528da1eb682/none_v3" "txd9706abf265f493d984d4-0069bd05cb" "proxy-server 20" 0.0140 "-" 20 0
Mar 20 08:31:22 np0005652756 account-server[121277]: 172.20.0.104 - - [20/Mar/2026:08:31:22 +0000] "HEAD /d1/238/.expiring_objects" 404 - "HEAD http://localhost/v1/.expiring_objects?format=json" "tx616e17f5435b45a48832d-0069bd05da" "proxy-server 2" 0.0006 "-" 22 -
Mar 20 08:31:22 np0005652756 object-expirer[121406]: Pass completed in 0s; 0 objects expired (txn: tx616e17f5435b45a48832d-0069bd05da)
Mar 20 08:31:22 np0005652756 account-server[120782]: Beginning replication run
Mar 20 08:31:22 np0005652756 account-server[120782]: Replication run OVER
Mar 20 08:31:22 np0005652756 account-server[120782]: Attempted to replicate 1 dbs in 0.02468 seconds (40.51199/s)
Mar 20 08:31:22 np0005652756 account-server[120782]: Removed 0 dbs
Mar 20 08:31:22 np0005652756 account-server[120782]: 2 successes, 0 failures
Mar 20 08:31:22 np0005652756 account-server[120782]: diff:0 diff_capped:0 empty:0 hashmatch:0 no_change:2 remote_merge:0 rsync:0 ts_repl:0
Mar 20 08:31:24 np0005652756 container-server[120908]: Beginning replication run
Mar 20 08:31:24 np0005652756 container-server[120908]: Replication run OVER
Mar 20 08:31:24 np0005652756 container-server[120908]: Attempted to replicate 22 dbs in 0.49897 seconds (44.09094/s)
Mar 20 08:31:24 np0005652756 container-server[120908]: Removed 0 dbs
Mar 20 08:31:24 np0005652756 container-server[120908]: 44 successes, 0 failures
Mar 20 08:31:24 np0005652756 container-server[120908]: diff:0 diff_capped:0 empty:0 hashmatch:0 no_change:44 remote_merge:0 rsync:0 ts_repl:0
Mar 20 08:31:36 np0005652756 object-server[121359]: Starting object replication pass.
Mar 20 08:31:36 np0005652756 object-server[221536]: Begin object audit "forever" mode (ZBF)
Mar 20 08:31:36 np0005652756 object-server[221536]: Object audit (ZBF). Since Fri Mar 20 08:31:36 2026: Locally: 1 passed, 0 quarantined, 0 errors, files/sec: 1006.07, bytes/sec: 0.00, Total time: 0.00, Auditing time: 0.00, Rate: 0.00
Mar 20 08:31:37 np0005652756 object-server[221536]: Object audit (ZBF) "forever" mode completed: 1.27s. Total quarantined: 0, Total errors: 0, Total files/sec: 34.53, Total bytes/sec: 0.00, Auditing time: 0.85, Rate: 0.67
Mar 20 08:31:38 np0005652756 object-server[121359]: 42/42 (100.00%) partitions replicated in 2.08s (20.18/sec, 0s remaining)
Mar 20 08:31:38 np0005652756 object-server[121359]: 84 successes, 0 failures
Mar 20 08:31:38 np0005652756 object-server[121359]: 44 suffixes checked - 0.00% hashed, 0.00% synced
Mar 20 08:31:38 np0005652756 object-server[121359]: Partition times: max 0.9361s, min 0.0045s, med 0.0077s
Mar 20 08:31:38 np0005652756 object-server[121359]: Object replication complete. (0.03 minutes)
Mar 20 08:31:52 np0005652756 account-server[120782]: Beginning replication run
Mar 20 08:31:52 np0005652756 account-server[120782]: Replication run OVER
Mar 20 08:31:52 np0005652756 account-server[120782]: Attempted to replicate 1 dbs in 0.01405 seconds (71.18108/s)
Mar 20 08:31:52 np0005652756 account-server[120782]: Removed 0 dbs
Mar 20 08:31:52 np0005652756 account-server[120782]: 2 successes, 0 failures
Mar 20 08:31:52 np0005652756 account-server[120782]: diff:0 diff_capped:0 empty:0 hashmatch:0 no_change:2 remote_merge:0 rsync:0 ts_repl:0
Mar 20 08:31:54 np0005652756 container-server[120908]: Beginning replication run
Mar 20 08:31:54 np0005652756 container-server[120908]: Replication run OVER
Mar 20 08:31:54 np0005652756 container-server[120908]: Attempted to replicate 22 dbs in 0.43341 seconds (50.76067/s)
Mar 20 08:31:54 np0005652756 container-server[120908]: Removed 0 dbs
Mar 20 08:31:54 np0005652756 container-server[120908]: 44 successes, 0 failures
Mar 20 08:31:54 np0005652756 container-server[120908]: diff:0 diff_capped:0 empty:0 hashmatch:0 no_change:44 remote_merge:0 rsync:0 ts_repl:0
Mar 20 08:32:07 np0005652756 object-server[227202]: Begin object audit "forever" mode (ZBF)
Mar 20 08:32:07 np0005652756 object-server[227204]: Begin object audit "forever" mode (ALL)
Mar 20 08:32:07 np0005652756 object-server[227202]: Object audit (ZBF). Since Fri Mar 20 08:32:07 2026: Locally: 1 passed, 0 quarantined, 0 errors, files/sec: 540.02, bytes/sec: 0.00, Total time: 0.00, Auditing time: 0.00, Rate: 0.00
Mar 20 08:32:07 np0005652756 object-server[227204]: Object audit (ALL). Since Fri Mar 20 08:32:07 2026: Locally: 1 passed, 0 quarantined, 0 errors, files/sec: 88.11, bytes/sec: 1409.79, Total time: 0.01, Auditing time: 0.00, Rate: 0.00
Mar 20 08:32:08 np0005652756 object-server[121359]: Starting object replication pass.
Mar 20 08:32:08 np0005652756 object-server[121359]: 42/42 (100.00%) partitions replicated in 0.47s (90.29/sec, 0s remaining)
Mar 20 08:32:08 np0005652756 object-server[121359]: 84 successes, 0 failures
Mar 20 08:32:08 np0005652756 object-server[121359]: 44 suffixes checked - 0.00% hashed, 0.00% synced
Mar 20 08:32:08 np0005652756 object-server[121359]: Partition times: max 0.0379s, min 0.0061s, med 0.0096s
Mar 20 08:32:08 np0005652756 object-server[121359]: Object replication complete. (0.01 minutes)
Mar 20 08:32:08 np0005652756 object-server[227202]: Object audit (ZBF) "forever" mode completed: 0.84s. Total quarantined: 0, Total errors: 0, Total files/sec: 52.18, Total bytes/sec: 0.00, Auditing time: 0.83, Rate: 0.99
Mar 20 08:32:10 np0005652756 object-server[227204]: Object audit (ALL) "forever" mode completed: 2.11s. Total quarantined: 0, Total errors: 0, Total files/sec: 20.82, Total bytes/sec: 400.37, Auditing time: 2.10, Rate: 0.99
Mar 20 08:32:22 np0005652756 account-server[120782]: Beginning replication run
Mar 20 08:32:22 np0005652756 account-server[120782]: Replication run OVER
Mar 20 08:32:22 np0005652756 account-server[120782]: Attempted to replicate 1 dbs in 0.01367 seconds (73.15636/s)
Mar 20 08:32:22 np0005652756 account-server[120782]: Removed 0 dbs
Mar 20 08:32:22 np0005652756 account-server[120782]: 2 successes, 0 failures
Mar 20 08:32:22 np0005652756 account-server[120782]: diff:0 diff_capped:0 empty:0 hashmatch:0 no_change:2 remote_merge:0 rsync:0 ts_repl:0
Mar 20 08:32:24 np0005652756 container-server[120908]: Beginning replication run
Mar 20 08:32:24 np0005652756 container-server[120908]: Replication run OVER
Mar 20 08:32:24 np0005652756 container-server[120908]: Attempted to replicate 22 dbs in 0.43834 seconds (50.18899/s)
Mar 20 08:32:24 np0005652756 container-server[120908]: Removed 0 dbs
Mar 20 08:32:24 np0005652756 container-server[120908]: 44 successes, 0 failures
Mar 20 08:32:24 np0005652756 container-server[120908]: diff:0 diff_capped:0 empty:0 hashmatch:0 no_change:44 remote_merge:0 rsync:0 ts_repl:0
Mar 20 08:32:37 np0005652756 account-server[121249]: 172.20.0.104 - - [20/Mar/2026:08:32:37 +0000] "HEAD /d1/238/.expiring_objects" 404 - "HEAD http://localhost/v1/.expiring_objects?format=json" "txea32df6a3a044cf284206-0069bd0625" "proxy-server 2" 0.0006 "-" 18 -
Mar 20 08:32:37 np0005652756 object-expirer[121406]: Pass completed in 0s; 0 objects expired (txn: txea32df6a3a044cf284206-0069bd0625)
Mar 20 08:32:38 np0005652756 object-server[121359]: Starting object replication pass.
Mar 20 08:32:38 np0005652756 object-server[227311]: Begin object audit "forever" mode (ZBF)
Mar 20 08:32:38 np0005652756 object-server[227311]: Object audit (ZBF). Since Fri Mar 20 08:32:38 2026: Locally: 1 passed, 0 quarantined, 0 errors, files/sec: 755.73, bytes/sec: 0.00, Total time: 0.00, Auditing time: 0.00, Rate: 0.00
Mar 20 08:32:39 np0005652756 object-server[121359]: 42/42 (100.00%) partitions replicated in 0.48s (88.26/sec, 0s remaining)
Mar 20 08:32:39 np0005652756 object-server[121359]: 84 successes, 0 failures
Mar 20 08:32:39 np0005652756 object-server[121359]: 44 suffixes checked - 0.00% hashed, 0.00% synced
Mar 20 08:32:39 np0005652756 object-server[121359]: Partition times: max 0.0513s, min 0.0074s, med 0.0093s
Mar 20 08:32:39 np0005652756 object-server[121359]: Object replication complete. (0.01 minutes)
Mar 20 08:32:39 np0005652756 object-server[227311]: Object audit (ZBF) "forever" mode completed: 0.84s. Total quarantined: 0, Total errors: 0, Total files/sec: 52.21, Total bytes/sec: 0.00, Auditing time: 0.83, Rate: 0.99
Mar 20 08:32:49 np0005652756 account-server[121249]: 172.20.0.105 - - [20/Mar/2026:08:32:49 +0000] "HEAD /d1/238/.expiring_objects" 404 - "HEAD http://localhost/v1/.expiring_objects?format=json" "tx6adb03fb6a8c4ce3b0030-0069bd0631" "proxy-server 2" 0.0007 "-" 18 -
Mar 20 08:32:52 np0005652756 account-server[120782]: Beginning replication run
Mar 20 08:32:52 np0005652756 account-server[120782]: Replication run OVER
Mar 20 08:32:52 np0005652756 account-server[120782]: Attempted to replicate 1 dbs in 0.01114 seconds (89.73228/s)
Mar 20 08:32:52 np0005652756 account-server[120782]: Removed 0 dbs
Mar 20 08:32:52 np0005652756 account-server[120782]: 2 successes, 0 failures
Mar 20 08:32:52 np0005652756 account-server[120782]: diff:0 diff_capped:0 empty:0 hashmatch:0 no_change:2 remote_merge:0 rsync:0 ts_repl:0
Mar 20 08:32:54 np0005652756 container-server[120908]: Beginning replication run
Mar 20 08:32:54 np0005652756 container-server[120908]: Replication run OVER
Mar 20 08:32:54 np0005652756 container-server[120908]: Attempted to replicate 22 dbs in 0.42582 seconds (51.66485/s)
Mar 20 08:32:54 np0005652756 container-server[120908]: Removed 0 dbs
Mar 20 08:32:54 np0005652756 container-server[120908]: 44 successes, 0 failures
Mar 20 08:32:54 np0005652756 container-server[120908]: diff:0 diff_capped:0 empty:0 hashmatch:0 no_change:44 remote_merge:0 rsync:0 ts_repl:0
Mar 20 08:32:54 np0005652756 account-server[121249]: 172.20.0.103 - - [20/Mar/2026:08:32:54 +0000] "PUT /d1/117/AUTH_7d343c0d5b2d4120a89e3784e7bef979/gnocchi.5b0525e2-9837-4bde-aae3-1eb583b57fa4" 201 - "-" "-" "container-updater 2" 0.0009 "-" 18 0
Mar 20 08:32:54 np0005652756 account-server[121229]: 172.20.0.103 - - [20/Mar/2026:08:32:54 +0000] "PUT /d1/117/AUTH_7d343c0d5b2d4120a89e3784e7bef979/gnocchi.91f7a7a9-5374-4fe8-8166-461366a0b840" 201 - "-" "-" "container-updater 2" 0.0009 "-" 17 0
Mar 20 08:32:55 np0005652756 account-server[121229]: 172.20.0.103 - - [20/Mar/2026:08:32:55 +0000] "PUT /d1/117/AUTH_7d343c0d5b2d4120a89e3784e7bef979/gnocchi.76ac617c-f62d-4743-9550-5dac796ab416" 201 - "-" "-" "container-updater 2" 0.0010 "-" 17 0
Mar 20 08:32:55 np0005652756 account-server[121269]: 172.20.0.103 - - [20/Mar/2026:08:32:55 +0000] "PUT /d1/117/AUTH_7d343c0d5b2d4120a89e3784e7bef979/gnocchi.ff28d155-2754-47ee-9e3f-3308bc371b66" 201 - "-" "-" "container-updater 2" 0.0008 "-" 21 0
Mar 20 08:32:55 np0005652756 account-server[121269]: 172.20.0.103 - - [20/Mar/2026:08:32:55 +0000] "PUT /d1/117/AUTH_7d343c0d5b2d4120a89e3784e7bef979/gnocchi.59e33ecd-364f-4302-b1f5-64115bad9dc7" 201 - "-" "-" "container-updater 2" 0.0007 "-" 21 0
Mar 20 08:32:55 np0005652756 account-server[121249]: 172.20.0.103 - - [20/Mar/2026:08:32:55 +0000] "PUT /d1/117/AUTH_7d343c0d5b2d4120a89e3784e7bef979/gnocchi.60ade2c9-b5a8-4986-95b9-9528da1eb682" 201 - "-" "-" "container-updater 2" 0.0007 "-" 18 0
Mar 20 08:32:55 np0005652756 account-server[121249]: 172.20.0.103 - - [20/Mar/2026:08:32:55 +0000] "PUT /d1/117/AUTH_7d343c0d5b2d4120a89e3784e7bef979/gnocchi.e6a18a94-ec9c-402d-96ae-77ef0a8f8b86" 201 - "-" "-" "container-updater 2" 0.0007 "-" 18 0
Mar 20 08:32:55 np0005652756 account-server[121229]: 172.20.0.103 - - [20/Mar/2026:08:32:55 +0000] "PUT /d1/117/AUTH_7d343c0d5b2d4120a89e3784e7bef979/gnocchi.9d81c3b2-5af8-43f4-8df3-c1120a30577c" 201 - "-" "-" "container-updater 2" 0.0010 "-" 17 0
Mar 20 08:32:55 np0005652756 account-server[121269]: 172.20.0.103 - - [20/Mar/2026:08:32:55 +0000] "PUT /d1/117/AUTH_7d343c0d5b2d4120a89e3784e7bef979/gnocchi.8f866d48-5cbf-42ec-83d2-437c471232a1" 201 - "-" "-" "container-updater 2" 0.0007 "-" 21 0
Mar 20 08:32:55 np0005652756 account-server[121269]: 172.20.0.103 - - [20/Mar/2026:08:32:55 +0000] "PUT /d1/117/AUTH_7d343c0d5b2d4120a89e3784e7bef979/gnocchi.c0746cf1-494f-4ceb-a04d-b0d4ab0d3b8e" 201 - "-" "-" "container-updater 2" 0.0006 "-" 21 0
Mar 20 08:32:55 np0005652756 account-server[121229]: 172.20.0.103 - - [20/Mar/2026:08:32:55 +0000] "PUT /d1/117/AUTH_7d343c0d5b2d4120a89e3784e7bef979/gnocchi.9351f380-1710-4b28-8099-73358c666fff" 201 - "-" "-" "container-updater 2" 0.0005 "-" 17 0
Mar 20 08:32:55 np0005652756 account-server[121229]: 172.20.0.103 - - [20/Mar/2026:08:32:55 +0000] "PUT /d1/117/AUTH_7d343c0d5b2d4120a89e3784e7bef979/gnocchi.7232b695-1fa3-451a-8a9f-e8a97d6688be" 201 - "-" "-" "container-updater 2" 0.0006 "-" 17 0
Mar 20 08:32:56 np0005652756 account-server[121249]: 172.20.0.103 - - [20/Mar/2026:08:32:56 +0000] "PUT /d1/117/AUTH_7d343c0d5b2d4120a89e3784e7bef979/gnocchi.11b808c1-39aa-4ba7-b414-67a398cd46f1" 201 - "-" "-" "container-updater 2" 0.0007 "-" 18 0
Mar 20 08:32:56 np0005652756 account-server[121249]: 172.20.0.103 - - [20/Mar/2026:08:32:56 +0000] "PUT /d1/117/AUTH_7d343c0d5b2d4120a89e3784e7bef979/gnocchi.c19c53c3-a313-44ef-8f8a-504195eb6341" 201 - "-" "-" "container-updater 2" 0.0005 "-" 18 0
Mar 20 08:32:56 np0005652756 account-server[121269]: 172.20.0.103 - - [20/Mar/2026:08:32:56 +0000] "PUT /d1/117/AUTH_7d343c0d5b2d4120a89e3784e7bef979/gnocchi.7732769b-73ca-4896-bc98-61e1a44c86ce" 201 - "-" "-" "container-updater 2" 0.0004 "-" 21 0
Mar 20 08:32:56 np0005652756 account-server[121249]: 172.20.0.103 - - [20/Mar/2026:08:32:56 +0000] "PUT /d1/117/AUTH_7d343c0d5b2d4120a89e3784e7bef979/gnocchi.1b23d178-f422-4192-b9ee-3dd1c8892dff" 201 - "-" "-" "container-updater 2" 0.0005 "-" 18 0
Mar 20 08:32:56 np0005652756 account-server[121249]: 172.20.0.103 - - [20/Mar/2026:08:32:56 +0000] "PUT /d1/117/AUTH_7d343c0d5b2d4120a89e3784e7bef979/gnocchi.4d20b438-e8fc-4e48-b7a0-57e6b55cd997" 201 - "-" "-" "container-updater 2" 0.0008 "-" 18 0
Mar 20 08:32:56 np0005652756 account-server[121249]: 172.20.0.103 - - [20/Mar/2026:08:32:56 +0000] "PUT /d1/117/AUTH_7d343c0d5b2d4120a89e3784e7bef979/gnocchi.daaec908-b1ed-476a-b78a-972763f92e2c" 201 - "-" "-" "container-updater 2" 0.0009 "-" 18 0
Mar 20 08:32:56 np0005652756 account-server[121229]: 172.20.0.103 - - [20/Mar/2026:08:32:56 +0000] "PUT /d1/117/AUTH_7d343c0d5b2d4120a89e3784e7bef979/gnocchi.e223645d-7929-400f-890b-8fae74227a78" 201 - "-" "-" "container-updater 2" 0.0005 "-" 17 0
Mar 20 08:32:56 np0005652756 account-server[121249]: 172.20.0.103 - - [20/Mar/2026:08:32:56 +0000] "PUT /d1/117/AUTH_7d343c0d5b2d4120a89e3784e7bef979/gnocchi.0ee296e9-ee07-4d48-b262-1f289e1f549d" 201 - "-" "-" "container-updater 2" 0.0010 "-" 18 0
Mar 20 08:32:56 np0005652756 account-server[121229]: 172.20.0.103 - - [20/Mar/2026:08:32:56 +0000] "PUT /d1/117/AUTH_7d343c0d5b2d4120a89e3784e7bef979/gnocchi.6464facd-49e8-4201-ad60-a18601ae1aea" 201 - "-" "-" "container-updater 2" 0.0007 "-" 17 0
Mar 20 08:32:56 np0005652756 account-server[121229]: 172.20.0.103 - - [20/Mar/2026:08:32:56 +0000] "PUT /d1/117/AUTH_7d343c0d5b2d4120a89e3784e7bef979/gnocchi.0612a46f-7d55-4806-9220-fb51651bab5c" 201 - "-" "-" "container-updater 2" 0.0015 "-" 17 0
Mar 20 08:33:09 np0005652756 object-server[121359]: Starting object replication pass.
Mar 20 08:33:09 np0005652756 object-server[121359]: 42/42 (100.00%) partitions replicated in 0.39s (106.75/sec, 0s remaining)
Mar 20 08:33:09 np0005652756 object-server[121359]: 84 successes, 0 failures
Mar 20 08:33:09 np0005652756 object-server[121359]: 44 suffixes checked - 0.00% hashed, 0.00% synced
Mar 20 08:33:09 np0005652756 object-server[121359]: Partition times: max 0.0149s, min 0.0059s, med 0.0088s
Mar 20 08:33:09 np0005652756 object-server[121359]: Object replication complete. (0.01 minutes)
Mar 20 08:33:09 np0005652756 object-server[233112]: Begin object audit "forever" mode (ZBF)
