Mar 20 08:26:39 np0005652756 account-server[121277]: 172.20.0.105 - - [20/Mar/2026:08:26:39 +0000] "HEAD /d1/238/.expiring_objects" 404 - "HEAD http://localhost/v1/.expiring_objects?format=json" "tx7e56acfae1d54b888465c-0069bd04bf" "proxy-server 2" 0.0010 "-" 22 -
Mar 20 08:26:52 np0005652756 account-server[120782]: Beginning replication run
Mar 20 08:26:52 np0005652756 account-server[120782]: Replication run OVER
Mar 20 08:26:52 np0005652756 account-server[120782]: Attempted to replicate 0 dbs in 0.00154 seconds (0.00000/s)
Mar 20 08:26:52 np0005652756 account-server[120782]: Removed 0 dbs
Mar 20 08:26:52 np0005652756 account-server[120782]: 0 successes, 0 failures
Mar 20 08:26:52 np0005652756 account-server[120782]: diff:0 diff_capped:0 empty:0 hashmatch:0 no_change:0 remote_merge:0 rsync:0 ts_repl:0
Mar 20 08:26:53 np0005652756 container-server[120908]: Beginning replication run
Mar 20 08:26:53 np0005652756 container-server[120908]: Replication run OVER
Mar 20 08:26:53 np0005652756 container-server[120908]: Attempted to replicate 0 dbs in 0.00192 seconds (0.00000/s)
Mar 20 08:26:53 np0005652756 container-server[120908]: Removed 0 dbs
Mar 20 08:26:53 np0005652756 container-server[120908]: 0 successes, 0 failures
Mar 20 08:26:53 np0005652756 container-server[120908]: diff:0 diff_capped:0 empty:0 hashmatch:0 no_change:0 remote_merge:0 rsync:0 ts_repl:0
Mar 20 08:27:02 np0005652756 object-server[121359]: Starting object replication pass.
Mar 20 08:27:02 np0005652756 object-server[121359]: Nothing replicated for 0.002626657485961914 seconds.
Mar 20 08:27:02 np0005652756 object-server[121359]: Object replication complete. (0.00 minutes)
Mar 20 08:27:03 np0005652756 object-server[198002]: Begin object audit "forever" mode (ZBF)
Mar 20 08:27:03 np0005652756 object-server[198002]: Object audit (ZBF) "forever" mode completed: 0.00s. Total quarantined: 0, Total errors: 0, Total files/sec: 0.00, Total bytes/sec: 0.00, Auditing time: 0.00, Rate: 0.00
Mar 20 08:27:03 np0005652756 object-server[198003]: Begin object audit "forever" mode (ALL)
Mar 20 08:27:03 np0005652756 object-server[198003]: Object audit (ALL) "forever" mode completed: 0.00s. Total quarantined: 0, Total errors: 0, Total files/sec: 0.00, Total bytes/sec: 0.00, Auditing time: 0.00, Rate: 0.00
Mar 20 08:27:22 np0005652756 account-server[120782]: Beginning replication run
Mar 20 08:27:22 np0005652756 account-server[120782]: Replication run OVER
Mar 20 08:27:22 np0005652756 account-server[120782]: Attempted to replicate 0 dbs in 0.00155 seconds (0.00000/s)
Mar 20 08:27:22 np0005652756 account-server[120782]: Removed 0 dbs
Mar 20 08:27:22 np0005652756 account-server[120782]: 0 successes, 0 failures
Mar 20 08:27:22 np0005652756 account-server[120782]: diff:0 diff_capped:0 empty:0 hashmatch:0 no_change:0 remote_merge:0 rsync:0 ts_repl:0
Mar 20 08:27:23 np0005652756 container-server[120908]: Beginning replication run
Mar 20 08:27:23 np0005652756 container-server[120908]: Replication run OVER
Mar 20 08:27:23 np0005652756 container-server[120908]: Attempted to replicate 0 dbs in 0.00158 seconds (0.00000/s)
Mar 20 08:27:23 np0005652756 container-server[120908]: Removed 0 dbs
Mar 20 08:27:23 np0005652756 container-server[120908]: 0 successes, 0 failures
Mar 20 08:27:23 np0005652756 container-server[120908]: diff:0 diff_capped:0 empty:0 hashmatch:0 no_change:0 remote_merge:0 rsync:0 ts_repl:0
Mar 20 08:27:32 np0005652756 object-server[121359]: Starting object replication pass.
Mar 20 08:27:32 np0005652756 object-server[121359]: Nothing replicated for 0.003668546676635742 seconds.
Mar 20 08:27:32 np0005652756 object-server[121359]: Object replication complete. (0.00 minutes)
Mar 20 08:27:32 np0005652756 account-server[121249]: 172.20.0.104 - - [20/Mar/2026:08:27:32 +0000] "HEAD /d1/238/.expiring_objects" 404 - "HEAD http://localhost/v1/.expiring_objects?format=json" "tx93654df8f0a245d58339b-0069bd04f4" "proxy-server 2" 0.0008 "-" 18 -
Mar 20 08:27:32 np0005652756 object-expirer[121406]: Pass completed in 0s; 0 objects expired (txn: tx93654df8f0a245d58339b-0069bd04f4)
Mar 20 08:27:34 np0005652756 object-server[198005]: Begin object audit "forever" mode (ZBF)
Mar 20 08:27:34 np0005652756 object-server[198005]: Object audit (ZBF) "forever" mode completed: 0.00s. Total quarantined: 0, Total errors: 0, Total files/sec: 0.00, Total bytes/sec: 0.00, Auditing time: 0.00, Rate: 0.00
Mar 20 08:27:52 np0005652756 account-server[120782]: Beginning replication run
Mar 20 08:27:52 np0005652756 account-server[120782]: Replication run OVER
Mar 20 08:27:52 np0005652756 account-server[120782]: Attempted to replicate 0 dbs in 0.00162 seconds (0.00000/s)
Mar 20 08:27:52 np0005652756 account-server[120782]: Removed 0 dbs
Mar 20 08:27:52 np0005652756 account-server[120782]: 0 successes, 0 failures
Mar 20 08:27:52 np0005652756 account-server[120782]: diff:0 diff_capped:0 empty:0 hashmatch:0 no_change:0 remote_merge:0 rsync:0 ts_repl:0
Mar 20 08:27:53 np0005652756 container-server[120908]: Beginning replication run
Mar 20 08:27:53 np0005652756 container-server[120908]: Replication run OVER
Mar 20 08:27:53 np0005652756 container-server[120908]: Attempted to replicate 0 dbs in 0.00200 seconds (0.00000/s)
Mar 20 08:27:53 np0005652756 container-server[120908]: Removed 0 dbs
Mar 20 08:27:53 np0005652756 container-server[120908]: 0 successes, 0 failures
Mar 20 08:27:53 np0005652756 container-server[120908]: diff:0 diff_capped:0 empty:0 hashmatch:0 no_change:0 remote_merge:0 rsync:0 ts_repl:0
Mar 20 08:28:02 np0005652756 object-server[121359]: Starting object replication pass.
Mar 20 08:28:02 np0005652756 object-server[121359]: Nothing replicated for 0.0036704540252685547 seconds.
Mar 20 08:28:02 np0005652756 object-server[121359]: Object replication complete. (0.00 minutes)
Mar 20 08:28:04 np0005652756 object-server[203878]: Begin object audit "forever" mode (ZBF)
Mar 20 08:28:04 np0005652756 object-server[203879]: Begin object audit "forever" mode (ALL)
Mar 20 08:28:04 np0005652756 object-server[203878]: Object audit (ZBF) "forever" mode completed: 0.00s. Total quarantined: 0, Total errors: 0, Total files/sec: 0.00, Total bytes/sec: 0.00, Auditing time: 0.00, Rate: 0.00
Mar 20 08:28:04 np0005652756 object-server[203879]: Object audit (ALL) "forever" mode completed: 0.00s. Total quarantined: 0, Total errors: 0, Total files/sec: 0.00, Total bytes/sec: 0.00, Auditing time: 0.00, Rate: 0.00
Mar 20 08:28:17 np0005652756 container-server[121385]: Begin container update sweep
Mar 20 08:28:17 np0005652756 container-server[121385]: Container update sweep completed: 0.00s
Mar 20 08:28:22 np0005652756 account-server[120782]: Beginning replication run
Mar 20 08:28:22 np0005652756 account-server[120782]: Replication run OVER
Mar 20 08:28:22 np0005652756 account-server[120782]: Attempted to replicate 0 dbs in 0.00183 seconds (0.00000/s)
Mar 20 08:28:22 np0005652756 account-server[120782]: Removed 0 dbs
Mar 20 08:28:22 np0005652756 account-server[120782]: 0 successes, 0 failures
Mar 20 08:28:22 np0005652756 account-server[120782]: diff:0 diff_capped:0 empty:0 hashmatch:0 no_change:0 remote_merge:0 rsync:0 ts_repl:0
Mar 20 08:28:23 np0005652756 container-server[120908]: Beginning replication run
Mar 20 08:28:23 np0005652756 container-server[120908]: Replication run OVER
Mar 20 08:28:23 np0005652756 container-server[120908]: Attempted to replicate 0 dbs in 0.00134 seconds (0.00000/s)
Mar 20 08:28:23 np0005652756 container-server[120908]: Removed 0 dbs
Mar 20 08:28:23 np0005652756 container-server[120908]: 0 successes, 0 failures
Mar 20 08:28:23 np0005652756 container-server[120908]: diff:0 diff_capped:0 empty:0 hashmatch:0 no_change:0 remote_merge:0 rsync:0 ts_repl:0
Mar 20 08:28:32 np0005652756 object-server[121359]: Starting object replication pass.
Mar 20 08:28:32 np0005652756 object-server[121359]: Nothing replicated for 0.0035698413848876953 seconds.
Mar 20 08:28:32 np0005652756 object-server[121359]: Object replication complete. (0.00 minutes)
Mar 20 08:28:34 np0005652756 object-server[206557]: Begin object audit "forever" mode (ALL)
Mar 20 08:28:34 np0005652756 object-server[206557]: Object audit (ALL) "forever" mode completed: 0.00s. Total quarantined: 0, Total errors: 0, Total files/sec: 0.00, Total bytes/sec: 0.00, Auditing time: 0.00, Rate: 0.00
Mar 20 08:28:34 np0005652756 object-server[206556]: Begin object audit "forever" mode (ZBF)
Mar 20 08:28:34 np0005652756 object-server[206556]: Object audit (ZBF) "forever" mode completed: 0.00s. Total quarantined: 0, Total errors: 0, Total files/sec: 0.00, Total bytes/sec: 0.00, Auditing time: 0.00, Rate: 0.00
Mar 20 08:28:35 np0005652756 account-server[121269]: 172.20.0.103 - - [20/Mar/2026:08:28:35 +0000] "HEAD /d1/117/AUTH_7d343c0d5b2d4120a89e3784e7bef979" 404 - "HEAD http://172.18.0.184:8080/v1/AUTH_7d343c0d5b2d4120a89e3784e7bef979?format=json" "tx6c4130c14553447cba530-0069bd0533" "proxy-server 20" 0.0013 "-" 21 -
Mar 20 08:28:36 np0005652756 object-server[121751]: 172.20.0.103 - - [20/Mar/2026:08:28:36 +0000] "GET /d1/551/AUTH_7d343c0d5b2d4120a89e3784e7bef979/gnocchi.e6a18a94-ec9c-402d-96ae-77ef0a8f8b86/none_v3" 404 70 "GET http://172.18.0.184:8080/v1/AUTH_7d343c0d5b2d4120a89e3784e7bef979/gnocchi.e6a18a94-ec9c-402d-96ae-77ef0a8f8b86/none_v3" "tx6c4130c14553447cba530-0069bd0533" "proxy-server 20" 0.0008 "-" 21 0
Mar 20 08:28:36 np0005652756 account-server[121269]: 172.20.0.104 - - [20/Mar/2026:08:28:36 +0000] "PUT /d1/117/AUTH_7d343c0d5b2d4120a89e3784e7bef979" 201 - "-" "txa2500d51ca5c4c2ca21f6-0069bd0534" "-" 0.0154 "-" 21 -
Mar 20 08:28:36 np0005652756 proxy-server[123249]: autocreate account '/AUTH_7d343c0d5b2d4120a89e3784e7bef979' (txn: txa2500d51ca5c4c2ca21f6-0069bd0534)
Mar 20 08:28:36 np0005652756 account-server[121229]: 172.20.0.104 - - [20/Mar/2026:08:28:36 +0000] "PUT /d1/117/AUTH_7d343c0d5b2d4120a89e3784e7bef979/gnocchi.e6a18a94-ec9c-402d-96ae-77ef0a8f8b86" 201 - "PUT http://172.20.0.104:6001/d1/169/AUTH_7d343c0d5b2d4120a89e3784e7bef979/gnocchi.e6a18a94-ec9c-402d-96ae-77ef0a8f8b86" "txa2500d51ca5c4c2ca21f6-0069bd0534" "container-server 22" 0.0014 "-" 17 0
Mar 20 08:28:36 np0005652756 container-server[121309]: 172.20.0.104 - - [20/Mar/2026:08:28:36 +0000] "PUT /d1/169/AUTH_7d343c0d5b2d4120a89e3784e7bef979/gnocchi.e6a18a94-ec9c-402d-96ae-77ef0a8f8b86" 201 - "PUT http://172.18.0.184:8080/v1/AUTH_7d343c0d5b2d4120a89e3784e7bef979/gnocchi.e6a18a94-ec9c-402d-96ae-77ef0a8f8b86" "txa2500d51ca5c4c2ca21f6-0069bd0534" "proxy-server 20" 0.0159 "-" 22 0
Mar 20 08:28:36 np0005652756 proxy-server[123249]: 172.18.0.105 172.18.0.104 20/Mar/2026/08/28/36 PUT /v1/AUTH_7d343c0d5b2d4120a89e3784e7bef979/gnocchi.e6a18a94-ec9c-402d-96ae-77ef0a8f8b86 HTTP/1.0 201 - python-swiftclient-3.11.1 gAAAAABpvQUzfcJv... - - - txa2500d51ca5c4c2ca21f6-0069bd0534 - 0.0744 - - 1773995316.236413956 1773995316.310798168 0
Mar 20 08:28:36 np0005652756 object-server[121756]: 172.20.0.103 - - [20/Mar/2026:08:28:36 +0000] "GET /d1/598/AUTH_7d343c0d5b2d4120a89e3784e7bef979/gnocchi.e6a18a94-ec9c-402d-96ae-77ef0a8f8b86/1773360000.0_mean_300.0_v3" 404 70 "GET http://172.18.0.184:8080/v1/AUTH_7d343c0d5b2d4120a89e3784e7bef979/gnocchi.e6a18a94-ec9c-402d-96ae-77ef0a8f8b86/1773360000.0_mean_300.0_v3" "tx0accbb81d9584e499e2fa-0069bd0534" "proxy-server 20" 0.0011 "-" 23 0
Mar 20 08:28:36 np0005652756 container-server[121309]: 172.20.0.105 - - [20/Mar/2026:08:28:36 +0000] "PUT /d1/169/AUTH_7d343c0d5b2d4120a89e3784e7bef979/gnocchi.e6a18a94-ec9c-402d-96ae-77ef0a8f8b86/1773360000.0_mean_300.0_v3" 201 - "PUT http://172.18.0.184:8080/d1/598/AUTH_7d343c0d5b2d4120a89e3784e7bef979/gnocchi.e6a18a94-ec9c-402d-96ae-77ef0a8f8b86/1773360000.0_mean_300.0_v3" "tx28a0826635de416290735-0069bd0534" "object-server 22" 0.0010 "-" 22 0
Mar 20 08:28:36 np0005652756 object-server[121753]: 172.20.0.104 - - [20/Mar/2026:08:28:36 +0000] "PUT /d1/598/AUTH_7d343c0d5b2d4120a89e3784e7bef979/gnocchi.e6a18a94-ec9c-402d-96ae-77ef0a8f8b86/1773360000.0_mean_300.0_v3" 201 - "PUT http://172.18.0.184:8080/v1/AUTH_7d343c0d5b2d4120a89e3784e7bef979/gnocchi.e6a18a94-ec9c-402d-96ae-77ef0a8f8b86/1773360000.0_mean_300.0_v3" "tx28a0826635de416290735-0069bd0534" "proxy-server 20" 0.0374 "-" 22 0
Mar 20 08:28:36 np0005652756 proxy-server[123249]: 172.18.0.105 172.18.0.104 20/Mar/2026/08/28/36 PUT /v1/AUTH_7d343c0d5b2d4120a89e3784e7bef979/gnocchi.e6a18a94-ec9c-402d-96ae-77ef0a8f8b86/1773360000.0_mean_300.0_v3 HTTP/1.0 201 - python-swiftclient-3.11.1 gAAAAABpvQUzfcJv... 16 - - tx28a0826635de416290735-0069bd0534 - 0.0614 - - 1773995316.394125462 1773995316.455569506 0
Mar 20 08:28:36 np0005652756 container-server[121302]: 172.20.0.105 - - [20/Mar/2026:08:28:36 +0000] "PUT /d1/169/AUTH_7d343c0d5b2d4120a89e3784e7bef979/gnocchi.e6a18a94-ec9c-402d-96ae-77ef0a8f8b86/none_v3" 201 - "PUT http://172.18.0.184:8080/d1/551/AUTH_7d343c0d5b2d4120a89e3784e7bef979/gnocchi.e6a18a94-ec9c-402d-96ae-77ef0a8f8b86/none_v3" "tx1b6d3235158c41c487722-0069bd0534" "object-server 22" 0.0015 "-" 20 0
Mar 20 08:28:36 np0005652756 object-server[121753]: 172.20.0.105 - - [20/Mar/2026:08:28:36 +0000] "PUT /d1/551/AUTH_7d343c0d5b2d4120a89e3784e7bef979/gnocchi.e6a18a94-ec9c-402d-96ae-77ef0a8f8b86/none_v3" 201 - "PUT http://172.18.0.184:8080/v1/AUTH_7d343c0d5b2d4120a89e3784e7bef979/gnocchi.e6a18a94-ec9c-402d-96ae-77ef0a8f8b86/none_v3" "tx1b6d3235158c41c487722-0069bd0534" "proxy-server 20" 0.0230 "-" 22 0
Mar 20 08:28:52 np0005652756 account-server[120782]: Beginning replication run
Mar 20 08:28:52 np0005652756 account-server[120782]: Replication run OVER
Mar 20 08:28:52 np0005652756 account-server[120782]: Attempted to replicate 1 dbs in 0.03574 seconds (27.98247/s)
Mar 20 08:28:52 np0005652756 account-server[120782]: Removed 0 dbs
Mar 20 08:28:52 np0005652756 account-server[120782]: 2 successes, 0 failures
Mar 20 08:28:52 np0005652756 account-server[120782]: diff:0 diff_capped:0 empty:0 hashmatch:0 no_change:2 remote_merge:0 rsync:0 ts_repl:0
Mar 20 08:28:53 np0005652756 container-server[120908]: Beginning replication run
Mar 20 08:28:54 np0005652756 container-server[120908]: Replication run OVER
Mar 20 08:28:54 np0005652756 container-server[120908]: Attempted to replicate 1 dbs in 0.03419 seconds (29.25032/s)
Mar 20 08:28:54 np0005652756 container-server[120908]: Removed 0 dbs
Mar 20 08:28:54 np0005652756 container-server[120908]: 2 successes, 0 failures
Mar 20 08:28:54 np0005652756 container-server[120908]: diff:0 diff_capped:0 empty:0 hashmatch:0 no_change:2 remote_merge:0 rsync:0 ts_repl:0
Mar 20 08:29:02 np0005652756 object-server[121359]: Starting object replication pass.
Mar 20 08:29:02 np0005652756 object-server[121359]: 2/2 (100.00%) partitions replicated in 0.09s (22.69/sec, 0s remaining)
Mar 20 08:29:02 np0005652756 object-server[121359]: 4 successes, 0 failures
Mar 20 08:29:02 np0005652756 object-server[121359]: 2 suffixes checked - 0.00% hashed, 0.00% synced
Mar 20 08:29:02 np0005652756 object-server[121359]: Partition times: max 0.0512s, min 0.0318s, med 0.0512s
Mar 20 08:29:02 np0005652756 object-server[121359]: Object replication complete. (0.00 minutes)
Mar 20 08:29:04 np0005652756 object-server[209902]: Begin object audit "forever" mode (ALL)
Mar 20 08:29:04 np0005652756 object-server[209901]: Begin object audit "forever" mode (ZBF)
Mar 20 08:29:04 np0005652756 object-server[209901]: Object audit (ZBF). Since Fri Mar 20 08:29:04 2026: Locally: 1 passed, 0 quarantined, 0 errors, files/sec: 558.79, bytes/sec: 0.00, Total time: 0.00, Auditing time: 0.00, Rate: 0.00
Mar 20 08:29:04 np0005652756 object-server[209901]: Object audit (ZBF) "forever" mode completed: 0.01s. Total quarantined: 0, Total errors: 0, Total files/sec: 389.37, Total bytes/sec: 0.00, Auditing time: 0.00, Rate: 0.26
Mar 20 08:29:04 np0005652756 object-server[209902]: Object audit (ALL). Since Fri Mar 20 08:29:04 2026: Locally: 1 passed, 0 quarantined, 0 errors, files/sec: 107.38, bytes/sec: 1718.10, Total time: 0.01, Auditing time: 0.00, Rate: 0.00
Mar 20 08:29:04 np0005652756 object-server[209902]: Object audit (ALL) "forever" mode completed: 0.01s. Total quarantined: 0, Total errors: 0, Total files/sec: 150.29, Total bytes/sec: 3606.90, Auditing time: 0.01, Rate: 0.72
Mar 20 08:29:22 np0005652756 account-server[120782]: Beginning replication run
Mar 20 08:29:22 np0005652756 account-server[120782]: Replication run OVER
Mar 20 08:29:22 np0005652756 account-server[120782]: Attempted to replicate 1 dbs in 0.02076 seconds (48.18025/s)
Mar 20 08:29:22 np0005652756 account-server[120782]: Removed 0 dbs
Mar 20 08:29:22 np0005652756 account-server[120782]: 2 successes, 0 failures
Mar 20 08:29:22 np0005652756 account-server[120782]: diff:0 diff_capped:0 empty:0 hashmatch:0 no_change:2 remote_merge:0 rsync:0 ts_repl:0
Mar 20 08:29:24 np0005652756 container-server[120908]: Beginning replication run
Mar 20 08:29:24 np0005652756 container-server[120908]: Replication run OVER
Mar 20 08:29:24 np0005652756 container-server[120908]: Attempted to replicate 1 dbs in 0.01766 seconds (56.62590/s)
Mar 20 08:29:24 np0005652756 container-server[120908]: Removed 0 dbs
Mar 20 08:29:24 np0005652756 container-server[120908]: 2 successes, 0 failures
Mar 20 08:29:24 np0005652756 container-server[120908]: diff:0 diff_capped:0 empty:0 hashmatch:0 no_change:2 remote_merge:0 rsync:0 ts_repl:0
Mar 20 08:29:32 np0005652756 object-server[121359]: Starting object replication pass.
Mar 20 08:29:32 np0005652756 object-server[121359]: 2/2 (100.00%) partitions replicated in 0.03s (76.12/sec, 0s remaining)
Mar 20 08:29:32 np0005652756 object-server[121359]: 4 successes, 0 failures
Mar 20 08:29:32 np0005652756 object-server[121359]: 2 suffixes checked - 0.00% hashed, 0.00% synced
Mar 20 08:29:32 np0005652756 object-server[121359]: Partition times: max 0.0114s, min 0.0107s, med 0.0114s
Mar 20 08:29:32 np0005652756 object-server[121359]: Object replication complete. (0.00 minutes)
Mar 20 08:29:34 np0005652756 object-server[209904]: Begin object audit "forever" mode (ZBF)
Mar 20 08:29:34 np0005652756 object-server[209904]: Object audit (ZBF). Since Fri Mar 20 08:29:34 2026: Locally: 1 passed, 0 quarantined, 0 errors, files/sec: 516.03, bytes/sec: 0.00, Total time: 0.00, Auditing time: 0.00, Rate: 0.00
Mar 20 08:29:34 np0005652756 object-server[209904]: Object audit (ZBF) "forever" mode completed: 0.01s. Total quarantined: 0, Total errors: 0, Total files/sec: 332.95, Total bytes/sec: 0.00, Auditing time: 0.00, Rate: 0.24
Mar 20 08:29:36 np0005652756 account-server[121269]: 172.20.0.103 - - [20/Mar/2026:08:29:36 +0000] "HEAD /d1/238/.expiring_objects" 404 - "HEAD http://localhost/v1/.expiring_objects?format=json" "tx1cc81c70a18e4b8b9a0b4-0069bd0570" "proxy-server 2" 0.0009 "-" 21 -
Mar 20 08:29:40 np0005652756 container-server[121302]: 172.20.0.103 - - [20/Mar/2026:08:29:40 +0000] "HEAD /d1/1018/AUTH_7d343c0d5b2d4120a89e3784e7bef979/gnocchi.daaec908-b1ed-476a-b78a-972763f92e2c" 404 - "HEAD http://172.18.0.184:8080/v1/AUTH_7d343c0d5b2d4120a89e3784e7bef979/gnocchi.daaec908-b1ed-476a-b78a-972763f92e2c?format=json&states=listing" "txe7c967ed6bdf447cb4918-0069bd0574" "proxy-server 20" 0.0020 "-" 20 0
Mar 20 08:29:40 np0005652756 object-server[121753]: 172.20.0.103 - - [20/Mar/2026:08:29:40 +0000] "GET /d1/677/AUTH_7d343c0d5b2d4120a89e3784e7bef979/gnocchi.daaec908-b1ed-476a-b78a-972763f92e2c/none_v3" 404 70 "GET http://172.18.0.184:8080/v1/AUTH_7d343c0d5b2d4120a89e3784e7bef979/gnocchi.daaec908-b1ed-476a-b78a-972763f92e2c/none_v3" "txe7c967ed6bdf447cb4918-0069bd0574" "proxy-server 20" 0.0005 "-" 22 0
Mar 20 08:29:40 np0005652756 account-server[121277]: 172.20.0.104 - - [20/Mar/2026:08:29:40 +0000] "PUT /d1/117/AUTH_7d343c0d5b2d4120a89e3784e7bef979/gnocchi.daaec908-b1ed-476a-b78a-972763f92e2c" 201 - "PUT http://172.20.0.104:6001/d1/1018/AUTH_7d343c0d5b2d4120a89e3784e7bef979/gnocchi.daaec908-b1ed-476a-b78a-972763f92e2c" "txa1976778acdf401d9461e-0069bd0574" "container-server 22" 0.0031 "-" 22 0
Mar 20 08:29:40 np0005652756 container-server[121309]: 172.20.0.104 - - [20/Mar/2026:08:29:40 +0000] "PUT /d1/1018/AUTH_7d343c0d5b2d4120a89e3784e7bef979/gnocchi.daaec908-b1ed-476a-b78a-972763f92e2c" 201 - "PUT http://172.18.0.184:8080/v1/AUTH_7d343c0d5b2d4120a89e3784e7bef979/gnocchi.daaec908-b1ed-476a-b78a-972763f92e2c" "txa1976778acdf401d9461e-0069bd0574" "proxy-server 20" 0.0135 "-" 22 0
Mar 20 08:29:40 np0005652756 proxy-server[123249]: 172.18.0.105 172.18.0.104 20/Mar/2026/08/29/40 PUT /v1/AUTH_7d343c0d5b2d4120a89e3784e7bef979/gnocchi.daaec908-b1ed-476a-b78a-972763f92e2c HTTP/1.0 201 - python-swiftclient-3.11.1 gAAAAABpvQUzfcJv... - - - txa1976778acdf401d9461e-0069bd0574 - 0.0291 - - 1773995380.352829218 1773995380.381907940 0
Mar 20 08:29:40 np0005652756 object-server[121747]: 172.20.0.103 - - [20/Mar/2026:08:29:40 +0000] "GET /d1/133/AUTH_7d343c0d5b2d4120a89e3784e7bef979/gnocchi.daaec908-b1ed-476a-b78a-972763f92e2c/1773360000.0_mean_300.0_v3" 404 70 "GET http://172.18.0.184:8080/v1/AUTH_7d343c0d5b2d4120a89e3784e7bef979/gnocchi.daaec908-b1ed-476a-b78a-972763f92e2c/1773360000.0_mean_300.0_v3" "txea75f36425424a68b80d0-0069bd0574" "proxy-server 20" 0.0005 "-" 20 0
Mar 20 08:29:40 np0005652756 container-server[121311]: 172.20.0.105 - - [20/Mar/2026:08:29:40 +0000] "PUT /d1/1018/AUTH_7d343c0d5b2d4120a89e3784e7bef979/gnocchi.daaec908-b1ed-476a-b78a-972763f92e2c/1773360000.0_mean_300.0_v3" 201 - "PUT http://172.18.0.184:8080/d1/133/AUTH_7d343c0d5b2d4120a89e3784e7bef979/gnocchi.daaec908-b1ed-476a-b78a-972763f92e2c/1773360000.0_mean_300.0_v3" "tx2354ba7bf8ac4c05b29f4-0069bd0574" "object-server 22" 0.0006 "-" 23 0
Mar 20 08:29:40 np0005652756 object-server[121747]: 172.20.0.104 - - [20/Mar/2026:08:29:40 +0000] "PUT /d1/133/AUTH_7d343c0d5b2d4120a89e3784e7bef979/gnocchi.daaec908-b1ed-476a-b78a-972763f92e2c/1773360000.0_mean_300.0_v3" 201 - "PUT http://172.18.0.184:8080/v1/AUTH_7d343c0d5b2d4120a89e3784e7bef979/gnocchi.daaec908-b1ed-476a-b78a-972763f92e2c/1773360000.0_mean_300.0_v3" "tx2354ba7bf8ac4c05b29f4-0069bd0574" "proxy-server 20" 0.0250 "-" 20 0
Mar 20 08:29:40 np0005652756 proxy-server[123249]: 172.18.0.105 172.18.0.104 20/Mar/2026/08/29/40 PUT /v1/AUTH_7d343c0d5b2d4120a89e3784e7bef979/gnocchi.daaec908-b1ed-476a-b78a-972763f92e2c/1773360000.0_mean_300.0_v3 HTTP/1.0 201 - python-swiftclient-3.11.1 gAAAAABpvQUzfcJv... 16 - - tx2354ba7bf8ac4c05b29f4-0069bd0574 - 0.0369 - - 1773995380.440153360 1773995380.477022171 0
Mar 20 08:29:40 np0005652756 container-server[121302]: 172.20.0.104 - - [20/Mar/2026:08:29:40 +0000] "PUT /d1/1018/AUTH_7d343c0d5b2d4120a89e3784e7bef979/gnocchi.daaec908-b1ed-476a-b78a-972763f92e2c/none_v3" 201 - "PUT http://172.18.0.184:8080/d1/677/AUTH_7d343c0d5b2d4120a89e3784e7bef979/gnocchi.daaec908-b1ed-476a-b78a-972763f92e2c/none_v3" "tx222cff34893a4aa2af1ed-0069bd0574" "object-server 23" 0.0011 "-" 20 0
Mar 20 08:29:40 np0005652756 object-server[121756]: 172.20.0.105 - - [20/Mar/2026:08:29:40 +0000] "PUT /d1/677/AUTH_7d343c0d5b2d4120a89e3784e7bef979/gnocchi.daaec908-b1ed-476a-b78a-972763f92e2c/none_v3" 201 - "PUT http://172.18.0.184:8080/v1/AUTH_7d343c0d5b2d4120a89e3784e7bef979/gnocchi.daaec908-b1ed-476a-b78a-972763f92e2c/none_v3" "tx222cff34893a4aa2af1ed-0069bd0574" "proxy-server 20" 0.0259 "-" 23 0
Mar 20 08:29:40 np0005652756 container-server[121311]: 172.20.0.103 - - [20/Mar/2026:08:29:40 +0000] "HEAD /d1/303/AUTH_7d343c0d5b2d4120a89e3784e7bef979/gnocchi.6464facd-49e8-4201-ad60-a18601ae1aea" 404 - "HEAD http://172.18.0.184:8080/v1/AUTH_7d343c0d5b2d4120a89e3784e7bef979/gnocchi.6464facd-49e8-4201-ad60-a18601ae1aea?format=json&states=listing" "tx31efb53e0ea84ab69ea53-0069bd0574" "proxy-server 20" 0.0010 "-" 23 0
Mar 20 08:29:40 np0005652756 object-server[121747]: 172.20.0.103 - - [20/Mar/2026:08:29:40 +0000] "GET /d1/885/AUTH_7d343c0d5b2d4120a89e3784e7bef979/gnocchi.6464facd-49e8-4201-ad60-a18601ae1aea/none_v3" 404 70 "GET http://172.18.0.184:8080/v1/AUTH_7d343c0d5b2d4120a89e3784e7bef979/gnocchi.6464facd-49e8-4201-ad60-a18601ae1aea/none_v3" "tx31efb53e0ea84ab69ea53-0069bd0574" "proxy-server 20" 0.0005 "-" 20 0
Mar 20 08:29:40 np0005652756 container-server[121309]: 172.20.0.104 - - [20/Mar/2026:08:29:40 +0000] "PUT /d1/303/AUTH_7d343c0d5b2d4120a89e3784e7bef979/gnocchi.6464facd-49e8-4201-ad60-a18601ae1aea" 201 - "PUT http://172.18.0.184:8080/v1/AUTH_7d343c0d5b2d4120a89e3784e7bef979/gnocchi.6464facd-49e8-4201-ad60-a18601ae1aea" "txc6ab30d0bc394bd49fd96-0069bd0574" "proxy-server 20" 0.0200 "-" 22 0
Mar 20 08:29:40 np0005652756 account-server[121269]: 172.20.0.103 - - [20/Mar/2026:08:29:40 +0000] "PUT /d1/117/AUTH_7d343c0d5b2d4120a89e3784e7bef979/gnocchi.6464facd-49e8-4201-ad60-a18601ae1aea" 201 - "PUT http://172.20.0.103:6001/d1/303/AUTH_7d343c0d5b2d4120a89e3784e7bef979/gnocchi.6464facd-49e8-4201-ad60-a18601ae1aea" "txc6ab30d0bc394bd49fd96-0069bd0574" "container-server 22" 0.0053 "-" 21 0
Mar 20 08:29:40 np0005652756 proxy-server[123249]: 172.18.0.184 172.18.0.104 20/Mar/2026/08/29/40 PUT /v1/AUTH_7d343c0d5b2d4120a89e3784e7bef979/gnocchi.6464facd-49e8-4201-ad60-a18601ae1aea HTTP/1.0 201 - python-swiftclient-3.11.1 gAAAAABpvQV0UZ3z... - - - txc6ab30d0bc394bd49fd96-0069bd0574 - 0.0382 - - 1773995380.729173660 1773995380.767325640 0
Mar 20 08:29:40 np0005652756 container-server[121309]: 172.20.0.105 - - [20/Mar/2026:08:29:40 +0000] "HEAD /d1/303/AUTH_7d343c0d5b2d4120a89e3784e7bef979/gnocchi.6464facd-49e8-4201-ad60-a18601ae1aea" 204 - "HEAD http://172.18.0.184:8080/v1/AUTH_7d343c0d5b2d4120a89e3784e7bef979/gnocchi.6464facd-49e8-4201-ad60-a18601ae1aea?format=json&states=listing" "tx7decfab622ad4ee585dd8-0069bd0574" "proxy-server 20" 0.0014 "-" 22 0
Mar 20 08:29:40 np0005652756 object-server[121747]: 172.20.0.103 - - [20/Mar/2026:08:29:40 +0000] "GET /d1/1014/AUTH_7d343c0d5b2d4120a89e3784e7bef979/gnocchi.6464facd-49e8-4201-ad60-a18601ae1aea/1773360000.0_mean_300.0_v3" 404 70 "GET http://172.18.0.184:8080/v1/AUTH_7d343c0d5b2d4120a89e3784e7bef979/gnocchi.6464facd-49e8-4201-ad60-a18601ae1aea/1773360000.0_mean_300.0_v3" "tx9e193ac691a7419aa0c55-0069bd0574" "proxy-server 20" 0.0003 "-" 20 0
Mar 20 08:29:40 np0005652756 container-server[121311]: 172.20.0.104 - - [20/Mar/2026:08:29:40 +0000] "PUT /d1/303/AUTH_7d343c0d5b2d4120a89e3784e7bef979/gnocchi.6464facd-49e8-4201-ad60-a18601ae1aea/1773360000.0_mean_300.0_v3" 201 - "PUT http://172.18.0.184:8080/d1/1014/AUTH_7d343c0d5b2d4120a89e3784e7bef979/gnocchi.6464facd-49e8-4201-ad60-a18601ae1aea/1773360000.0_mean_300.0_v3" "txfdc61cd3e8eb4b66a04b2-0069bd0574" "object-server 23" 0.0007 "-" 23 0
Mar 20 08:29:40 np0005652756 object-server[121756]: 172.20.0.104 - - [20/Mar/2026:08:29:40 +0000] "PUT /d1/1014/AUTH_7d343c0d5b2d4120a89e3784e7bef979/gnocchi.6464facd-49e8-4201-ad60-a18601ae1aea/1773360000.0_mean_300.0_v3" 201 - "PUT http://172.18.0.184:8080/v1/AUTH_7d343c0d5b2d4120a89e3784e7bef979/gnocchi.6464facd-49e8-4201-ad60-a18601ae1aea/1773360000.0_mean_300.0_v3" "txfdc61cd3e8eb4b66a04b2-0069bd0574" "proxy-server 20" 0.0126 "-" 23 0
Mar 20 08:29:40 np0005652756 proxy-server[123249]: 172.18.0.184 172.18.0.104 20/Mar/2026/08/29/40 PUT /v1/AUTH_7d343c0d5b2d4120a89e3784e7bef979/gnocchi.6464facd-49e8-4201-ad60-a18601ae1aea/1773360000.0_mean_300.0_v3 HTTP/1.0 201 - python-swiftclient-3.11.1 gAAAAABpvQV0UZ3z... 16 - - txfdc61cd3e8eb4b66a04b2-0069bd0574 - 0.0261 - - 1773995380.836638212 1773995380.862765789 0
Mar 20 08:29:40 np0005652756 container-server[121309]: 172.20.0.104 - - [20/Mar/2026:08:29:40 +0000] "PUT /d1/303/AUTH_7d343c0d5b2d4120a89e3784e7bef979/gnocchi.6464facd-49e8-4201-ad60-a18601ae1aea/none_v3" 201 - "PUT http://172.18.0.184:8080/d1/885/AUTH_7d343c0d5b2d4120a89e3784e7bef979/gnocchi.6464facd-49e8-4201-ad60-a18601ae1aea/none_v3" "tx113614658b464e6fa4b16-0069bd0574" "object-server 20" 0.0006 "-" 22 0
Mar 20 08:29:40 np0005652756 object-server[121747]: 172.20.0.105 - - [20/Mar/2026:08:29:40 +0000] "PUT /d1/885/AUTH_7d343c0d5b2d4120a89e3784e7bef979/gnocchi.6464facd-49e8-4201-ad60-a18601ae1aea/none_v3" 201 - "PUT http://172.18.0.184:8080/v1/AUTH_7d343c0d5b2d4120a89e3784e7bef979/gnocchi.6464facd-49e8-4201-ad60-a18601ae1aea/none_v3" "tx113614658b464e6fa4b16-0069bd0574" "proxy-server 20" 0.0170 "-" 20 0
Mar 20 08:29:50 np0005652756 object-server[121731]: Begin object update sweep
Mar 20 08:29:50 np0005652756 object-server[214229]: Object update sweep starting on /srv/node/d1 (pid: 14)
Mar 20 08:29:50 np0005652756 object-server[214229]: Object update sweep completed on /srv/node/d1 in 0.00s seconds:, 0 successes, 0 failures, 0 quarantines, 0 unlinks, 0 errors, 0 redirects (pid: 14)
Mar 20 08:29:50 np0005652756 object-server[214229]: Object update sweep of d1 completed: 0.00s, 0 successes, 0 failures, 0 quarantines, 0 unlinks, 0 errors, 0 redirects
Mar 20 08:29:50 np0005652756 object-server[121731]: Object update sweep completed: 0.08s
Mar 20 08:29:52 np0005652756 account-server[120782]: Beginning replication run
Mar 20 08:29:52 np0005652756 account-server[120782]: Replication run OVER
Mar 20 08:29:52 np0005652756 account-server[120782]: Attempted to replicate 1 dbs in 0.02399 seconds (41.67987/s)
Mar 20 08:29:52 np0005652756 account-server[120782]: Removed 0 dbs
Mar 20 08:29:52 np0005652756 account-server[120782]: 2 successes, 0 failures
Mar 20 08:29:52 np0005652756 account-server[120782]: diff:0 diff_capped:0 empty:0 hashmatch:0 no_change:2 remote_merge:0 rsync:0 ts_repl:0
Mar 20 08:29:54 np0005652756 container-server[120908]: Beginning replication run
Mar 20 08:29:54 np0005652756 container-server[120908]: Replication run OVER
Mar 20 08:29:54 np0005652756 container-server[120908]: Attempted to replicate 3 dbs in 0.08244 seconds (36.38989/s)
Mar 20 08:29:54 np0005652756 container-server[120908]: Removed 0 dbs
Mar 20 08:29:54 np0005652756 container-server[120908]: 6 successes, 0 failures
Mar 20 08:29:54 np0005652756 container-server[120908]: diff:0 diff_capped:0 empty:0 hashmatch:0 no_change:6 remote_merge:0 rsync:0 ts_repl:0
Mar 20 08:29:55 np0005652756 container-server[121309]: 172.20.0.103 - - [20/Mar/2026:08:29:55 +0000] "HEAD /d1/229/AUTH_7d343c0d5b2d4120a89e3784e7bef979/gnocchi.5b0525e2-9837-4bde-aae3-1eb583b57fa4" 404 - "HEAD http://172.18.0.184:8080/v1/AUTH_7d343c0d5b2d4120a89e3784e7bef979/gnocchi.5b0525e2-9837-4bde-aae3-1eb583b57fa4?format=json&states=listing" "tx860e27ace76a406cafc2c-0069bd0583" "proxy-server 20" 0.0008 "-" 22 0
Mar 20 08:29:55 np0005652756 container-server[121302]: 172.20.0.104 - - [20/Mar/2026:08:29:55 +0000] "HEAD /d1/598/AUTH_7d343c0d5b2d4120a89e3784e7bef979/gnocchi.9351f380-1710-4b28-8099-73358c666fff" 404 - "HEAD http://172.18.0.184:8080/v1/AUTH_7d343c0d5b2d4120a89e3784e7bef979/gnocchi.9351f380-1710-4b28-8099-73358c666fff?format=json&states=listing" "txb31c4f6c65ba4712aac50-0069bd0583" "proxy-server 20" 0.0007 "-" 20 0
Mar 20 08:29:55 np0005652756 object-server[121751]: 172.20.0.103 - - [20/Mar/2026:08:29:55 +0000] "GET /d1/529/AUTH_7d343c0d5b2d4120a89e3784e7bef979/gnocchi.5b0525e2-9837-4bde-aae3-1eb583b57fa4/none_v3" 404 70 "GET http://172.18.0.184:8080/v1/AUTH_7d343c0d5b2d4120a89e3784e7bef979/gnocchi.5b0525e2-9837-4bde-aae3-1eb583b57fa4/none_v3" "tx860e27ace76a406cafc2c-0069bd0583" "proxy-server 20" 0.0006 "-" 21 0
Mar 20 08:29:55 np0005652756 object-server[121756]: 172.20.0.104 - - [20/Mar/2026:08:29:55 +0000] "GET /d1/960/AUTH_7d343c0d5b2d4120a89e3784e7bef979/gnocchi.9351f380-1710-4b28-8099-73358c666fff/none_v3" 404 70 "GET http://172.18.0.184:8080/v1/AUTH_7d343c0d5b2d4120a89e3784e7bef979/gnocchi.9351f380-1710-4b28-8099-73358c666fff/none_v3" "txb31c4f6c65ba4712aac50-0069bd0583" "proxy-server 20" 0.0003 "-" 23 0
Mar 20 08:29:55 np0005652756 proxy-server[123249]: 172.18.0.105 172.18.0.104 20/Mar/2026/08/29/55 GET /v1/AUTH_7d343c0d5b2d4120a89e3784e7bef979/gnocchi.9351f380-1710-4b28-8099-73358c666fff/none_v3 HTTP/1.0 404 - python-swiftclient-3.11.1 gAAAAABpvQUzfcJv... - 70 - txb31c4f6c65ba4712aac50-0069bd0583 - 0.0445 - - 1773995395.083573103 1773995395.128104210 0
Mar 20 08:29:55 np0005652756 account-server[121269]: 172.20.0.103 - - [20/Mar/2026:08:29:55 +0000] "PUT /d1/117/AUTH_7d343c0d5b2d4120a89e3784e7bef979/gnocchi.9351f380-1710-4b28-8099-73358c666fff" 201 - "PUT http://172.20.0.103:6001/d1/598/AUTH_7d343c0d5b2d4120a89e3784e7bef979/gnocchi.9351f380-1710-4b28-8099-73358c666fff" "txf48ccbc0e3a549b9a70b2-0069bd0583" "container-server 22" 0.0021 "-" 21 0
Mar 20 08:29:55 np0005652756 container-server[121307]: 172.20.0.105 - - [20/Mar/2026:08:29:55 +0000] "PUT /d1/598/AUTH_7d343c0d5b2d4120a89e3784e7bef979/gnocchi.9351f380-1710-4b28-8099-73358c666fff" 201 - "PUT http://172.18.0.184:8080/v1/AUTH_7d343c0d5b2d4120a89e3784e7bef979/gnocchi.9351f380-1710-4b28-8099-73358c666fff" "txf48ccbc0e3a549b9a70b2-0069bd0583" "proxy-server 20" 0.0168 "-" 21 0
Mar 20 08:29:55 np0005652756 account-server[121277]: 172.20.0.104 - - [20/Mar/2026:08:29:55 +0000] "PUT /d1/117/AUTH_7d343c0d5b2d4120a89e3784e7bef979/gnocchi.5b0525e2-9837-4bde-aae3-1eb583b57fa4" 201 - "PUT http://172.20.0.104:6001/d1/229/AUTH_7d343c0d5b2d4120a89e3784e7bef979/gnocchi.5b0525e2-9837-4bde-aae3-1eb583b57fa4" "tx7aecb98cd7014a1b8ab0f-0069bd0583" "container-server 23" 0.0086 "-" 22 0
Mar 20 08:29:55 np0005652756 container-server[121311]: 172.20.0.104 - - [20/Mar/2026:08:29:55 +0000] "PUT /d1/229/AUTH_7d343c0d5b2d4120a89e3784e7bef979/gnocchi.5b0525e2-9837-4bde-aae3-1eb583b57fa4" 201 - "PUT http://172.18.0.184:8080/v1/AUTH_7d343c0d5b2d4120a89e3784e7bef979/gnocchi.5b0525e2-9837-4bde-aae3-1eb583b57fa4" "tx7aecb98cd7014a1b8ab0f-0069bd0583" "proxy-server 20" 0.0191 "-" 23 0
Mar 20 08:29:55 np0005652756 container-server[121311]: 172.20.0.103 - - [20/Mar/2026:08:29:55 +0000] "GET /d1/598/AUTH_7d343c0d5b2d4120a89e3784e7bef979/gnocchi.9351f380-1710-4b28-8099-73358c666fff" 200 2 "GET http://172.18.0.184:8080/v1/AUTH_7d343c0d5b2d4120a89e3784e7bef979/gnocchi.9351f380-1710-4b28-8099-73358c666fff?format=json&states=listing" "tx5e1d5526d6d54010ad519-0069bd0583" "proxy-server 20" 0.0026 "-" 23 0
Mar 20 08:29:55 np0005652756 proxy-server[123249]: 172.18.0.184 172.18.0.104 20/Mar/2026/08/29/55 PUT /v1/AUTH_7d343c0d5b2d4120a89e3784e7bef979/gnocchi.5b0525e2-9837-4bde-aae3-1eb583b57fa4 HTTP/1.0 201 - python-swiftclient-3.11.1 gAAAAABpvQV0UZ3z... - - - tx7aecb98cd7014a1b8ab0f-0069bd0583 - 0.0735 - - 1773995395.134139061 1773995395.207633734 0
Mar 20 08:29:55 np0005652756 object-server[121747]: 172.20.0.104 - - [20/Mar/2026:08:29:55 +0000] "GET /d1/162/AUTH_7d343c0d5b2d4120a89e3784e7bef979/gnocchi.9351f380-1710-4b28-8099-73358c666fff/1773360000.0_mean_300.0_v3" 404 70 "GET http://172.18.0.184:8080/v1/AUTH_7d343c0d5b2d4120a89e3784e7bef979/gnocchi.9351f380-1710-4b28-8099-73358c666fff/1773360000.0_mean_300.0_v3" "tx8cb98a55fb6442e98e2f2-0069bd0583" "proxy-server 20" 0.0003 "-" 20 0
Mar 20 08:29:55 np0005652756 proxy-server[123249]: 172.18.0.105 172.18.0.104 20/Mar/2026/08/29/55 GET /v1/AUTH_7d343c0d5b2d4120a89e3784e7bef979/gnocchi.9351f380-1710-4b28-8099-73358c666fff/1773360000.0_mean_300.0_v3 HTTP/1.0 404 - python-swiftclient-3.11.1 gAAAAABpvQUzfcJv... - 70 - tx8cb98a55fb6442e98e2f2-0069bd0583 - 0.0172 - - 1773995395.215776682 1773995395.232983589 0
Mar 20 08:29:55 np0005652756 object-server[121756]: 172.20.0.104 - - [20/Mar/2026:08:29:55 +0000] "GET /d1/521/AUTH_7d343c0d5b2d4120a89e3784e7bef979/gnocchi.5b0525e2-9837-4bde-aae3-1eb583b57fa4/1773360000.0_mean_300.0_v3" 404 70 "GET http://172.18.0.184:8080/v1/AUTH_7d343c0d5b2d4120a89e3784e7bef979/gnocchi.5b0525e2-9837-4bde-aae3-1eb583b57fa4/1773360000.0_mean_300.0_v3" "tx6e3ea501bda74d4f92b89-0069bd0583" "proxy-server 20" 0.0003 "-" 23 0
Mar 20 08:29:55 np0005652756 proxy-server[123249]: 172.18.0.184 172.18.0.104 20/Mar/2026/08/29/55 GET /v1/AUTH_7d343c0d5b2d4120a89e3784e7bef979/gnocchi.5b0525e2-9837-4bde-aae3-1eb583b57fa4/1773360000.0_mean_300.0_v3 HTTP/1.0 404 - python-swiftclient-3.11.1 gAAAAABpvQV0UZ3z... - 70 - tx6e3ea501bda74d4f92b89-0069bd0583 - 0.0129 - - 1773995395.244314432 1773995395.257181406 0
Mar 20 08:29:55 np0005652756 container-server[121302]: 172.20.0.104 - - [20/Mar/2026:08:29:55 +0000] "PUT /d1/598/AUTH_7d343c0d5b2d4120a89e3784e7bef979/gnocchi.9351f380-1710-4b28-8099-73358c666fff/1773360000.0_mean_300.0_v3" 201 - "PUT http://172.18.0.184:8080/d1/162/AUTH_7d343c0d5b2d4120a89e3784e7bef979/gnocchi.9351f380-1710-4b28-8099-73358c666fff/1773360000.0_mean_300.0_v3" "txc817fd6df9594bcf83b29-0069bd0583" "object-server 21" 0.0025 "-" 20 0
Mar 20 08:29:55 np0005652756 object-server[121751]: 172.20.0.103 - - [20/Mar/2026:08:29:55 +0000] "PUT /d1/162/AUTH_7d343c0d5b2d4120a89e3784e7bef979/gnocchi.9351f380-1710-4b28-8099-73358c666fff/1773360000.0_mean_300.0_v3" 201 - "PUT http://172.18.0.184:8080/v1/AUTH_7d343c0d5b2d4120a89e3784e7bef979/gnocchi.9351f380-1710-4b28-8099-73358c666fff/1773360000.0_mean_300.0_v3" "txc817fd6df9594bcf83b29-0069bd0583" "proxy-server 20" 0.0333 "-" 21 0
Mar 20 08:29:55 np0005652756 container-server[121311]: 172.20.0.103 - - [20/Mar/2026:08:29:55 +0000] "PUT /d1/598/AUTH_7d343c0d5b2d4120a89e3784e7bef979/gnocchi.9351f380-1710-4b28-8099-73358c666fff/none_v3" 201 - "PUT http://172.18.0.184:8080/d1/960/AUTH_7d343c0d5b2d4120a89e3784e7bef979/gnocchi.9351f380-1710-4b28-8099-73358c666fff/none_v3" "tx01d686ce6c484a21ad307-0069bd0583" "object-server 25" 0.0005 "-" 23 0
Mar 20 08:29:55 np0005652756 object-server[121756]: 172.20.0.104 - - [20/Mar/2026:08:29:55 +0000] "PUT /d1/960/AUTH_7d343c0d5b2d4120a89e3784e7bef979/gnocchi.9351f380-1710-4b28-8099-73358c666fff/none_v3" 201 - "PUT http://172.18.0.184:8080/v1/AUTH_7d343c0d5b2d4120a89e3784e7bef979/gnocchi.9351f380-1710-4b28-8099-73358c666fff/none_v3" "tx01d686ce6c484a21ad307-0069bd0583" "proxy-server 20" 0.0121 "-" 23 0
Mar 20 08:29:55 np0005652756 proxy-server[123249]: 172.18.0.105 172.18.0.104 20/Mar/2026/08/29/55 PUT /v1/AUTH_7d343c0d5b2d4120a89e3784e7bef979/gnocchi.9351f380-1710-4b28-8099-73358c666fff/none_v3 HTTP/1.0 201 - python-swiftclient-3.11.1 gAAAAABpvQUzfcJv... 22 - - tx01d686ce6c484a21ad307-0069bd0583 - 0.0224 - - 1773995395.290279865 1773995395.312688351 0
Mar 20 08:29:55 np0005652756 container-server[121309]: 172.20.0.105 - - [20/Mar/2026:08:29:55 +0000] "PUT /d1/229/AUTH_7d343c0d5b2d4120a89e3784e7bef979/gnocchi.5b0525e2-9837-4bde-aae3-1eb583b57fa4/1773360000.0_mean_300.0_v3" 201 - "PUT http://172.18.0.184:8080/d1/521/AUTH_7d343c0d5b2d4120a89e3784e7bef979/gnocchi.5b0525e2-9837-4bde-aae3-1eb583b57fa4/1773360000.0_mean_300.0_v3" "tx67d111471182440a99bef-0069bd0583" "object-server 25" 0.0006 "-" 22 0
Mar 20 08:29:55 np0005652756 object-server[121753]: 172.20.0.105 - - [20/Mar/2026:08:29:55 +0000] "PUT /d1/521/AUTH_7d343c0d5b2d4120a89e3784e7bef979/gnocchi.5b0525e2-9837-4bde-aae3-1eb583b57fa4/1773360000.0_mean_300.0_v3" 201 - "PUT http://172.18.0.184:8080/v1/AUTH_7d343c0d5b2d4120a89e3784e7bef979/gnocchi.5b0525e2-9837-4bde-aae3-1eb583b57fa4/1773360000.0_mean_300.0_v3" "tx67d111471182440a99bef-0069bd0583" "proxy-server 20" 0.0210 "-" 22 0
Mar 20 08:29:55 np0005652756 container-server[121311]: 172.20.0.103 - - [20/Mar/2026:08:29:55 +0000] "HEAD /d1/878/AUTH_7d343c0d5b2d4120a89e3784e7bef979/gnocchi.9d81c3b2-5af8-43f4-8df3-c1120a30577c" 404 - "HEAD http://172.18.0.184:8080/v1/AUTH_7d343c0d5b2d4120a89e3784e7bef979/gnocchi.9d81c3b2-5af8-43f4-8df3-c1120a30577c?format=json&states=listing" "tx3927cd17b5674b4ba06d9-0069bd0583" "proxy-server 20" 0.0003 "-" 23 0
Mar 20 08:29:55 np0005652756 object-server[121751]: 172.20.0.103 - - [20/Mar/2026:08:29:55 +0000] "GET /d1/498/AUTH_7d343c0d5b2d4120a89e3784e7bef979/gnocchi.9d81c3b2-5af8-43f4-8df3-c1120a30577c/none_v3" 404 70 "GET http://172.18.0.184:8080/v1/AUTH_7d343c0d5b2d4120a89e3784e7bef979/gnocchi.9d81c3b2-5af8-43f4-8df3-c1120a30577c/none_v3" "tx3927cd17b5674b4ba06d9-0069bd0583" "proxy-server 20" 0.0003 "-" 21 0
Mar 20 08:29:55 np0005652756 object-server[121756]: 172.20.0.104 - - [20/Mar/2026:08:29:55 +0000] "PUT /d1/529/AUTH_7d343c0d5b2d4120a89e3784e7bef979/gnocchi.5b0525e2-9837-4bde-aae3-1eb583b57fa4/none_v3" 201 - "PUT http://172.18.0.184:8080/v1/AUTH_7d343c0d5b2d4120a89e3784e7bef979/gnocchi.5b0525e2-9837-4bde-aae3-1eb583b57fa4/none_v3" "tx6fa0cf669aee442f8499a-0069bd0583" "proxy-server 20" 0.0187 "-" 23 0
Mar 20 08:29:55 np0005652756 container-server[121307]: 172.20.0.103 - - [20/Mar/2026:08:29:55 +0000] "PUT /d1/229/AUTH_7d343c0d5b2d4120a89e3784e7bef979/gnocchi.5b0525e2-9837-4bde-aae3-1eb583b57fa4/none_v3" 201 - "PUT http://172.18.0.184:8080/d1/529/AUTH_7d343c0d5b2d4120a89e3784e7bef979/gnocchi.5b0525e2-9837-4bde-aae3-1eb583b57fa4/none_v3" "tx6fa0cf669aee442f8499a-0069bd0583" "object-server 23" 0.0006 "-" 21 0
Mar 20 08:29:55 np0005652756 account-server[121277]: 172.20.0.104 - - [20/Mar/2026:08:29:55 +0000] "PUT /d1/117/AUTH_7d343c0d5b2d4120a89e3784e7bef979/gnocchi.9d81c3b2-5af8-43f4-8df3-c1120a30577c" 201 - "PUT http://172.20.0.104:6001/d1/878/AUTH_7d343c0d5b2d4120a89e3784e7bef979/gnocchi.9d81c3b2-5af8-43f4-8df3-c1120a30577c" "tx5926455c3c0d4db284b14-0069bd0583" "container-server 20" 0.0041 "-" 22 0
Mar 20 08:29:55 np0005652756 container-server[121302]: 172.20.0.105 - - [20/Mar/2026:08:29:55 +0000] "PUT /d1/878/AUTH_7d343c0d5b2d4120a89e3784e7bef979/gnocchi.9d81c3b2-5af8-43f4-8df3-c1120a30577c" 201 - "PUT http://172.18.0.184:8080/v1/AUTH_7d343c0d5b2d4120a89e3784e7bef979/gnocchi.9d81c3b2-5af8-43f4-8df3-c1120a30577c" "tx5926455c3c0d4db284b14-0069bd0583" "proxy-server 20" 0.0135 "-" 20 0
Mar 20 08:29:55 np0005652756 proxy-server[123249]: 172.18.0.184 172.18.0.104 20/Mar/2026/08/29/55 PUT /v1/AUTH_7d343c0d5b2d4120a89e3784e7bef979/gnocchi.5b0525e2-9837-4bde-aae3-1eb583b57fa4/none_v3 HTTP/1.0 201 - python-swiftclient-3.11.1 gAAAAABpvQV0UZ3z... 22 - - tx6fa0cf669aee442f8499a-0069bd0583 - 0.0451 - - 1773995395.354132891 1773995395.399190903 0
Mar 20 08:29:55 np0005652756 proxy-server[123249]: - - 20/Mar/2026/08/29/55 HEAD /v1/AUTH_7d343c0d5b2d4120a89e3784e7bef979/gnocchi.9d81c3b2-5af8-43f4-8df3-c1120a30577c%3Fformat%3Djson%26states%3Dlisting HTTP/1.0 204 - Swift - - - - txe4f15b4c53b04c69ae459-0069bd0583 - 0.0062 RL - 1773995395.418375492 1773995395.424619913 0
Mar 20 08:29:55 np0005652756 container-server[121309]: 172.20.0.104 - - [20/Mar/2026:08:29:55 +0000] "GET /d1/878/AUTH_7d343c0d5b2d4120a89e3784e7bef979/gnocchi.9d81c3b2-5af8-43f4-8df3-c1120a30577c" 200 2 "GET http://172.18.0.184:8080/v1/AUTH_7d343c0d5b2d4120a89e3784e7bef979/gnocchi.9d81c3b2-5af8-43f4-8df3-c1120a30577c?format=json&states=listing" "txe4f15b4c53b04c69ae459-0069bd0583" "proxy-server 20" 0.0025 "-" 22 0
Mar 20 08:29:55 np0005652756 container-server[121302]: 172.20.0.103 - - [20/Mar/2026:08:29:55 +0000] "HEAD /d1/600/AUTH_7d343c0d5b2d4120a89e3784e7bef979/gnocchi.7232b695-1fa3-451a-8a9f-e8a97d6688be" 404 - "HEAD http://172.18.0.184:8080/v1/AUTH_7d343c0d5b2d4120a89e3784e7bef979/gnocchi.7232b695-1fa3-451a-8a9f-e8a97d6688be?format=json&states=listing" "tx2bf3f4f61c4c49caab87c-0069bd0583" "proxy-server 20" 0.0005 "-" 20 0
Mar 20 08:29:55 np0005652756 proxy-server[123249]: 172.18.0.105 172.18.0.104 20/Mar/2026/08/29/55 GET /v1/AUTH_7d343c0d5b2d4120a89e3784e7bef979/gnocchi.9d81c3b2-5af8-43f4-8df3-c1120a30577c%3Fformat%3Djson%26states%3Dlisting HTTP/1.0 200 - python-swiftclient-3.11.1 gAAAAABpvQUzfcJv... - 2 - txe4f15b4c53b04c69ae459-0069bd0583 - 0.0206 - - 1773995395.416826487 1773995395.437415123 0
Mar 20 08:29:55 np0005652756 object-server[121751]: 172.20.0.103 - - [20/Mar/2026:08:29:55 +0000] "GET /d1/928/AUTH_7d343c0d5b2d4120a89e3784e7bef979/gnocchi.7232b695-1fa3-451a-8a9f-e8a97d6688be/none_v3" 404 70 "GET http://172.18.0.184:8080/v1/AUTH_7d343c0d5b2d4120a89e3784e7bef979/gnocchi.7232b695-1fa3-451a-8a9f-e8a97d6688be/none_v3" "tx2bf3f4f61c4c49caab87c-0069bd0583" "proxy-server 20" 0.0003 "-" 21 0
Mar 20 08:29:55 np0005652756 object-server[121747]: 172.20.0.105 - - [20/Mar/2026:08:29:55 +0000] "GET /d1/104/AUTH_7d343c0d5b2d4120a89e3784e7bef979/gnocchi.9d81c3b2-5af8-43f4-8df3-c1120a30577c/1773360000.0_mean_300.0_v3" 404 70 "GET http://172.18.0.184:8080/v1/AUTH_7d343c0d5b2d4120a89e3784e7bef979/gnocchi.9d81c3b2-5af8-43f4-8df3-c1120a30577c/1773360000.0_mean_300.0_v3" "tx5f3f571748fe47199251c-0069bd0583" "proxy-server 20" 0.0005 "-" 20 0
Mar 20 08:29:55 np0005652756 object-server[121753]: 172.20.0.103 - - [20/Mar/2026:08:29:55 +0000] "PUT /d1/104/AUTH_7d343c0d5b2d4120a89e3784e7bef979/gnocchi.9d81c3b2-5af8-43f4-8df3-c1120a30577c/1773360000.0_mean_300.0_v3" 201 - "PUT http://172.18.0.184:8080/v1/AUTH_7d343c0d5b2d4120a89e3784e7bef979/gnocchi.9d81c3b2-5af8-43f4-8df3-c1120a30577c/1773360000.0_mean_300.0_v3" "txce4c17f903b84f518fd2b-0069bd0583" "proxy-server 20" 0.0143 "-" 22 0
Mar 20 08:29:55 np0005652756 container-server[121307]: 172.20.0.105 - - [20/Mar/2026:08:29:55 +0000] "PUT /d1/878/AUTH_7d343c0d5b2d4120a89e3784e7bef979/gnocchi.9d81c3b2-5af8-43f4-8df3-c1120a30577c/1773360000.0_mean_300.0_v3" 201 - "PUT http://172.18.0.184:8080/d1/104/AUTH_7d343c0d5b2d4120a89e3784e7bef979/gnocchi.9d81c3b2-5af8-43f4-8df3-c1120a30577c/1773360000.0_mean_300.0_v3" "txce4c17f903b84f518fd2b-0069bd0583" "object-server 23" 0.0006 "-" 21 0
Mar 20 08:29:55 np0005652756 container-server[121311]: 172.20.0.104 - - [20/Mar/2026:08:29:55 +0000] "PUT /d1/600/AUTH_7d343c0d5b2d4120a89e3784e7bef979/gnocchi.7232b695-1fa3-451a-8a9f-e8a97d6688be" 201 - "PUT http://172.18.0.184:8080/v1/AUTH_7d343c0d5b2d4120a89e3784e7bef979/gnocchi.7232b695-1fa3-451a-8a9f-e8a97d6688be" "txe0c43b25d755432cb9175-0069bd0583" "proxy-server 20" 0.0258 "-" 23 0
Mar 20 08:29:55 np0005652756 account-server[121277]: 172.20.0.105 - - [20/Mar/2026:08:29:55 +0000] "PUT /d1/117/AUTH_7d343c0d5b2d4120a89e3784e7bef979/gnocchi.7232b695-1fa3-451a-8a9f-e8a97d6688be" 201 - "PUT http://172.20.0.105:6001/d1/600/AUTH_7d343c0d5b2d4120a89e3784e7bef979/gnocchi.7232b695-1fa3-451a-8a9f-e8a97d6688be" "txe0c43b25d755432cb9175-0069bd0583" "container-server 20" 0.0133 "-" 22 0
Mar 20 08:29:55 np0005652756 proxy-server[123249]: 172.18.0.184 172.18.0.104 20/Mar/2026/08/29/55 PUT /v1/AUTH_7d343c0d5b2d4120a89e3784e7bef979/gnocchi.7232b695-1fa3-451a-8a9f-e8a97d6688be HTTP/1.0 201 - python-swiftclient-3.11.1 gAAAAABpvQV0UZ3z... - - - txe0c43b25d755432cb9175-0069bd0583 - 0.0428 - - 1773995395.460368156 1773995395.503198624 0
Mar 20 08:29:55 np0005652756 container-server[121309]: 172.20.0.104 - - [20/Mar/2026:08:29:55 +0000] "HEAD /d1/600/AUTH_7d343c0d5b2d4120a89e3784e7bef979/gnocchi.7232b695-1fa3-451a-8a9f-e8a97d6688be" 204 - "HEAD http://172.18.0.184:8080/v1/AUTH_7d343c0d5b2d4120a89e3784e7bef979/gnocchi.7232b695-1fa3-451a-8a9f-e8a97d6688be?format=json&states=listing" "tx6cbfed7eeda04f14b8009-0069bd0583" "proxy-server 20" 0.0012 "-" 22 0
Mar 20 08:29:55 np0005652756 proxy-server[123249]: - - 20/Mar/2026/08/29/55 HEAD /v1/AUTH_7d343c0d5b2d4120a89e3784e7bef979/gnocchi.7232b695-1fa3-451a-8a9f-e8a97d6688be%3Fformat%3Djson%26states%3Dlisting HTTP/1.0 204 - Swift - - - - tx6cbfed7eeda04f14b8009-0069bd0583 - 0.0058 RL - 1773995395.508055449 1773995395.513806581 0
Mar 20 08:29:55 np0005652756 container-server[121307]: 172.20.0.103 - - [20/Mar/2026:08:29:55 +0000] "PUT /d1/878/AUTH_7d343c0d5b2d4120a89e3784e7bef979/gnocchi.9d81c3b2-5af8-43f4-8df3-c1120a30577c/none_v3" 201 - "PUT http://172.18.0.184:8080/d1/498/AUTH_7d343c0d5b2d4120a89e3784e7bef979/gnocchi.9d81c3b2-5af8-43f4-8df3-c1120a30577c/none_v3" "tx3b7c0a4055d646d9a9dc1-0069bd0583" "object-server 24" 0.0005 "-" 21 0
Mar 20 08:29:55 np0005652756 object-server[121756]: 172.20.0.103 - - [20/Mar/2026:08:29:55 +0000] "PUT /d1/498/AUTH_7d343c0d5b2d4120a89e3784e7bef979/gnocchi.9d81c3b2-5af8-43f4-8df3-c1120a30577c/none_v3" 201 - "PUT http://172.18.0.184:8080/v1/AUTH_7d343c0d5b2d4120a89e3784e7bef979/gnocchi.9d81c3b2-5af8-43f4-8df3-c1120a30577c/none_v3" "tx3b7c0a4055d646d9a9dc1-0069bd0583" "proxy-server 20" 0.0159 "-" 23 0
Mar 20 08:29:55 np0005652756 proxy-server[123249]: 172.18.0.184 172.18.0.104 20/Mar/2026/08/29/55 GET /v1/AUTH_7d343c0d5b2d4120a89e3784e7bef979/gnocchi.7232b695-1fa3-451a-8a9f-e8a97d6688be%3Fformat%3Djson%26states%3Dlisting HTTP/1.0 200 - python-swiftclient-3.11.1 gAAAAABpvQV0UZ3z... - 2 - tx6cbfed7eeda04f14b8009-0069bd0583 - 0.0262 - - 1773995395.507173061 1773995395.533357143 0
Mar 20 08:29:55 np0005652756 object-server[121756]: 172.20.0.104 - - [20/Mar/2026:08:29:55 +0000] "GET /d1/966/AUTH_7d343c0d5b2d4120a89e3784e7bef979/gnocchi.7232b695-1fa3-451a-8a9f-e8a97d6688be/1773360000.0_mean_300.0_v3" 404 70 "GET http://172.18.0.184:8080/v1/AUTH_7d343c0d5b2d4120a89e3784e7bef979/gnocchi.7232b695-1fa3-451a-8a9f-e8a97d6688be/1773360000.0_mean_300.0_v3" "txe0d500052b7341d4b9818-0069bd0583" "proxy-server 20" 0.0003 "-" 23 0
Mar 20 08:29:55 np0005652756 proxy-server[123249]: 172.18.0.184 172.18.0.104 20/Mar/2026/08/29/55 GET /v1/AUTH_7d343c0d5b2d4120a89e3784e7bef979/gnocchi.7232b695-1fa3-451a-8a9f-e8a97d6688be/1773360000.0_mean_300.0_v3 HTTP/1.0 404 - python-swiftclient-3.11.1 gAAAAABpvQV0UZ3z... - 70 - txe0d500052b7341d4b9818-0069bd0583 - 0.0160 - - 1773995395.537971497 1773995395.553924561 0
Mar 20 08:29:55 np0005652756 container-server[121311]: 172.20.0.104 - - [20/Mar/2026:08:29:55 +0000] "PUT /d1/600/AUTH_7d343c0d5b2d4120a89e3784e7bef979/gnocchi.7232b695-1fa3-451a-8a9f-e8a97d6688be/1773360000.0_mean_300.0_v3" 201 - "PUT http://172.18.0.184:8080/d1/966/AUTH_7d343c0d5b2d4120a89e3784e7bef979/gnocchi.7232b695-1fa3-451a-8a9f-e8a97d6688be/1773360000.0_mean_300.0_v3" "tx2f3c8aba411a4dcf9ad5f-0069bd0583" "object-server 23" 0.0005 "-" 23 0
Mar 20 08:29:55 np0005652756 object-server[121756]: 172.20.0.103 - - [20/Mar/2026:08:29:55 +0000] "PUT /d1/966/AUTH_7d343c0d5b2d4120a89e3784e7bef979/gnocchi.7232b695-1fa3-451a-8a9f-e8a97d6688be/1773360000.0_mean_300.0_v3" 201 - "PUT http://172.18.0.184:8080/v1/AUTH_7d343c0d5b2d4120a89e3784e7bef979/gnocchi.7232b695-1fa3-451a-8a9f-e8a97d6688be/1773360000.0_mean_300.0_v3" "tx2f3c8aba411a4dcf9ad5f-0069bd0583" "proxy-server 20" 0.0141 "-" 23 0
