Mar 20 08:29:55 np0005652756 container-server[121302]: 172.20.0.104 - - [20/Mar/2026:08:29:55 +0000] "PUT /d1/600/AUTH_7d343c0d5b2d4120a89e3784e7bef979/gnocchi.7232b695-1fa3-451a-8a9f-e8a97d6688be/none_v3" 201 - "PUT http://172.18.0.184:8080/d1/928/AUTH_7d343c0d5b2d4120a89e3784e7bef979/gnocchi.7232b695-1fa3-451a-8a9f-e8a97d6688be/none_v3" "tx8578b66885c54f0187366-0069bd0583" "object-server 23" 0.0004 "-" 20 0
Mar 20 08:29:55 np0005652756 object-server[121756]: 172.20.0.104 - - [20/Mar/2026:08:29:55 +0000] "PUT /d1/928/AUTH_7d343c0d5b2d4120a89e3784e7bef979/gnocchi.7232b695-1fa3-451a-8a9f-e8a97d6688be/none_v3" 201 - "PUT http://172.18.0.184:8080/v1/AUTH_7d343c0d5b2d4120a89e3784e7bef979/gnocchi.7232b695-1fa3-451a-8a9f-e8a97d6688be/none_v3" "tx8578b66885c54f0187366-0069bd0583" "proxy-server 20" 0.0090 "-" 23 0
Mar 20 08:29:55 np0005652756 proxy-server[123249]: 172.18.0.184 172.18.0.104 20/Mar/2026/08/29/55 PUT /v1/AUTH_7d343c0d5b2d4120a89e3784e7bef979/gnocchi.7232b695-1fa3-451a-8a9f-e8a97d6688be/none_v3 HTTP/1.0 201 - python-swiftclient-3.11.1 gAAAAABpvQV0UZ3z... 22 - - tx8578b66885c54f0187366-0069bd0583 - 0.0227 - - 1773995395.585356474 1773995395.608060122 0
Mar 20 08:29:55 np0005652756 container-server[121302]: 172.20.0.105 - - [20/Mar/2026:08:29:55 +0000] "HEAD /d1/229/AUTH_7d343c0d5b2d4120a89e3784e7bef979/gnocchi.91f7a7a9-5374-4fe8-8166-461366a0b840" 404 - "HEAD http://172.18.0.184:8080/v1/AUTH_7d343c0d5b2d4120a89e3784e7bef979/gnocchi.91f7a7a9-5374-4fe8-8166-461366a0b840?format=json&states=listing" "tx5f4e6e867f0a439bab46c-0069bd0583" "proxy-server 20" 0.0003 "-" 20 0
Mar 20 08:29:55 np0005652756 object-server[121751]: 172.20.0.105 - - [20/Mar/2026:08:29:55 +0000] "GET /d1/880/AUTH_7d343c0d5b2d4120a89e3784e7bef979/gnocchi.91f7a7a9-5374-4fe8-8166-461366a0b840/none_v3" 404 70 "GET http://172.18.0.184:8080/v1/AUTH_7d343c0d5b2d4120a89e3784e7bef979/gnocchi.91f7a7a9-5374-4fe8-8166-461366a0b840/none_v3" "tx5f4e6e867f0a439bab46c-0069bd0583" "proxy-server 20" 0.0007 "-" 21 0
Mar 20 08:29:55 np0005652756 container-server[121302]: 172.20.0.103 - - [20/Mar/2026:08:29:55 +0000] "PUT /d1/229/AUTH_7d343c0d5b2d4120a89e3784e7bef979/gnocchi.91f7a7a9-5374-4fe8-8166-461366a0b840" 201 - "PUT http://172.18.0.184:8080/v1/AUTH_7d343c0d5b2d4120a89e3784e7bef979/gnocchi.91f7a7a9-5374-4fe8-8166-461366a0b840" "txabc39ea294864780856a9-0069bd0583" "proxy-server 20" 0.0141 "-" 20 0
Mar 20 08:29:56 np0005652756 account-server[121249]: 172.20.0.103 - - [20/Mar/2026:08:29:56 +0000] "PUT /d1/117/AUTH_7d343c0d5b2d4120a89e3784e7bef979/gnocchi.91f7a7a9-5374-4fe8-8166-461366a0b840" 201 - "PUT http://172.20.0.103:6001/d1/229/AUTH_7d343c0d5b2d4120a89e3784e7bef979/gnocchi.91f7a7a9-5374-4fe8-8166-461366a0b840" "txabc39ea294864780856a9-0069bd0583" "container-server 21" 0.0075 "-" 18 0
Mar 20 08:29:56 np0005652756 container-server[121311]: 172.20.0.104 - - [20/Mar/2026:08:29:56 +0000] "HEAD /d1/229/AUTH_7d343c0d5b2d4120a89e3784e7bef979/gnocchi.91f7a7a9-5374-4fe8-8166-461366a0b840" 204 - "HEAD http://172.18.0.184:8080/v1/AUTH_7d343c0d5b2d4120a89e3784e7bef979/gnocchi.91f7a7a9-5374-4fe8-8166-461366a0b840?format=json&states=listing" "tx6f8f847d83ba4bd790975-0069bd0584" "proxy-server 20" 0.0025 "-" 23 0
Mar 20 08:29:56 np0005652756 proxy-server[123249]: - - 20/Mar/2026/08/29/56 HEAD /v1/AUTH_7d343c0d5b2d4120a89e3784e7bef979/gnocchi.91f7a7a9-5374-4fe8-8166-461366a0b840%3Fformat%3Djson%26states%3Dlisting HTTP/1.0 204 - Swift - - - - tx6f8f847d83ba4bd790975-0069bd0584 - 0.0083 RL - 1773995396.420238733 1773995396.428555489 0
Mar 20 08:29:56 np0005652756 proxy-server[123249]: 172.18.0.103 172.18.0.104 20/Mar/2026/08/29/56 GET /v1/AUTH_7d343c0d5b2d4120a89e3784e7bef979/gnocchi.91f7a7a9-5374-4fe8-8166-461366a0b840%3Fformat%3Djson%26states%3Dlisting HTTP/1.0 200 - python-swiftclient-3.11.1 gAAAAABpvQWDG-Hw... - 2 - tx6f8f847d83ba4bd790975-0069bd0584 - 0.0264 - - 1773995396.417771578 1773995396.444206953 0
Mar 20 08:29:56 np0005652756 object-server[121751]: 172.20.0.105 - - [20/Mar/2026:08:29:56 +0000] "GET /d1/516/AUTH_7d343c0d5b2d4120a89e3784e7bef979/gnocchi.91f7a7a9-5374-4fe8-8166-461366a0b840/1773360000.0_mean_300.0_v3" 404 70 "GET http://172.18.0.184:8080/v1/AUTH_7d343c0d5b2d4120a89e3784e7bef979/gnocchi.91f7a7a9-5374-4fe8-8166-461366a0b840/1773360000.0_mean_300.0_v3" "tx0ea6839201db4c66a77ee-0069bd0584" "proxy-server 20" 0.0005 "-" 21 0
Mar 20 08:29:56 np0005652756 container-server[121311]: 172.20.0.104 - - [20/Mar/2026:08:29:56 +0000] "PUT /d1/229/AUTH_7d343c0d5b2d4120a89e3784e7bef979/gnocchi.91f7a7a9-5374-4fe8-8166-461366a0b840/1773360000.0_mean_300.0_v3" 201 - "PUT http://172.18.0.184:8080/d1/516/AUTH_7d343c0d5b2d4120a89e3784e7bef979/gnocchi.91f7a7a9-5374-4fe8-8166-461366a0b840/1773360000.0_mean_300.0_v3" "tx2107ec12e4d3427187b4e-0069bd0584" "object-server 21" 0.0005 "-" 23 0
Mar 20 08:29:56 np0005652756 object-server[121751]: 172.20.0.103 - - [20/Mar/2026:08:29:56 +0000] "PUT /d1/516/AUTH_7d343c0d5b2d4120a89e3784e7bef979/gnocchi.91f7a7a9-5374-4fe8-8166-461366a0b840/1773360000.0_mean_300.0_v3" 201 - "PUT http://172.18.0.184:8080/v1/AUTH_7d343c0d5b2d4120a89e3784e7bef979/gnocchi.91f7a7a9-5374-4fe8-8166-461366a0b840/1773360000.0_mean_300.0_v3" "tx2107ec12e4d3427187b4e-0069bd0584" "proxy-server 20" 0.0087 "-" 21 0
Mar 20 08:29:56 np0005652756 container-server[121309]: 172.20.0.105 - - [20/Mar/2026:08:29:56 +0000] "PUT /d1/229/AUTH_7d343c0d5b2d4120a89e3784e7bef979/gnocchi.91f7a7a9-5374-4fe8-8166-461366a0b840/none_v3" 201 - "PUT http://172.18.0.184:8080/d1/880/AUTH_7d343c0d5b2d4120a89e3784e7bef979/gnocchi.91f7a7a9-5374-4fe8-8166-461366a0b840/none_v3" "tx28cb1a94f61d45adb5c13-0069bd0584" "object-server 22" 0.0004 "-" 22 0
Mar 20 08:29:56 np0005652756 object-server[121753]: 172.20.0.104 - - [20/Mar/2026:08:29:56 +0000] "PUT /d1/880/AUTH_7d343c0d5b2d4120a89e3784e7bef979/gnocchi.91f7a7a9-5374-4fe8-8166-461366a0b840/none_v3" 201 - "PUT http://172.18.0.184:8080/v1/AUTH_7d343c0d5b2d4120a89e3784e7bef979/gnocchi.91f7a7a9-5374-4fe8-8166-461366a0b840/none_v3" "tx28cb1a94f61d45adb5c13-0069bd0584" "proxy-server 20" 0.0103 "-" 22 0
Mar 20 08:29:56 np0005652756 proxy-server[123249]: 172.18.0.103 172.18.0.104 20/Mar/2026/08/29/56 PUT /v1/AUTH_7d343c0d5b2d4120a89e3784e7bef979/gnocchi.91f7a7a9-5374-4fe8-8166-461366a0b840/none_v3 HTTP/1.0 201 - python-swiftclient-3.11.1 gAAAAABpvQWDG-Hw... 22 - - tx28cb1a94f61d45adb5c13-0069bd0584 - 0.0168 - - 1773995396.505190849 1773995396.521985054 0
Mar 20 08:30:02 np0005652756 object-server[121359]: Starting object replication pass.
Mar 20 08:30:05 np0005652756 object-server[215544]: Begin object audit "forever" mode (ZBF)
Mar 20 08:30:05 np0005652756 object-server[215545]: Begin object audit "forever" mode (ALL)
Mar 20 08:30:05 np0005652756 object-server[215544]: Object audit (ZBF). Since Fri Mar 20 08:30:05 2026: Locally: 1 passed, 0 quarantined, 0 errors, files/sec: 577.49, bytes/sec: 0.00, Total time: 0.00, Auditing time: 0.00, Rate: 0.00
Mar 20 08:30:05 np0005652756 object-server[215545]: Object audit (ALL). Since Fri Mar 20 08:30:05 2026: Locally: 1 passed, 0 quarantined, 0 errors, files/sec: 41.06, bytes/sec: 656.94, Total time: 0.02, Auditing time: 0.00, Rate: 0.00
Mar 20 08:30:05 np0005652756 object-server[121359]: 16/16 (100.00%) partitions replicated in 2.91s (5.50/sec, 0s remaining)
Mar 20 08:30:05 np0005652756 object-server[121359]: 32 successes, 0 failures
Mar 20 08:30:05 np0005652756 object-server[121359]: 16 suffixes checked - 37.50% hashed, 0.00% synced
Mar 20 08:30:05 np0005652756 object-server[121359]: Partition times: max 2.6016s, min 0.0058s, med 0.0105s
Mar 20 08:30:05 np0005652756 object-server[121359]: Object replication complete. (0.05 minutes)
Mar 20 08:30:05 np0005652756 object-server[215544]: Object audit (ZBF) "forever" mode completed: 0.28s. Total quarantined: 0, Total errors: 0, Total files/sec: 56.56, Total bytes/sec: 0.00, Auditing time: 0.28, Rate: 0.98
Mar 20 08:30:06 np0005652756 object-server[215545]: Object audit (ALL) "forever" mode completed: 0.73s. Total quarantined: 0, Total errors: 0, Total files/sec: 22.01, Total bytes/sec: 431.91, Auditing time: 0.72, Rate: 0.99
Mar 20 08:30:22 np0005652756 account-server[120782]: Beginning replication run
Mar 20 08:30:22 np0005652756 account-server[120782]: Replication run OVER
Mar 20 08:30:22 np0005652756 account-server[120782]: Attempted to replicate 1 dbs in 0.02928 seconds (34.15212/s)
Mar 20 08:30:22 np0005652756 account-server[120782]: Removed 0 dbs
Mar 20 08:30:22 np0005652756 account-server[120782]: 2 successes, 0 failures
Mar 20 08:30:22 np0005652756 account-server[120782]: diff:0 diff_capped:0 empty:0 hashmatch:0 no_change:2 remote_merge:0 rsync:0 ts_repl:0
Mar 20 08:30:24 np0005652756 container-server[120908]: Beginning replication run
Mar 20 08:30:24 np0005652756 container-server[120908]: Replication run OVER
Mar 20 08:30:24 np0005652756 container-server[120908]: Attempted to replicate 8 dbs in 0.17673 seconds (45.26654/s)
Mar 20 08:30:24 np0005652756 container-server[120908]: Removed 0 dbs
Mar 20 08:30:24 np0005652756 container-server[120908]: 16 successes, 0 failures
Mar 20 08:30:24 np0005652756 container-server[120908]: diff:0 diff_capped:0 empty:0 hashmatch:0 no_change:16 remote_merge:0 rsync:0 ts_repl:0
Mar 20 08:30:24 np0005652756 account-server[121277]: 172.20.0.105 - - [20/Mar/2026:08:30:24 +0000] "HEAD /d1/238/.expiring_objects" 404 - "HEAD http://localhost/v1/.expiring_objects?format=json" "tx361eee3b1add48b4a925c-0069bd05a0" "proxy-server 2" 0.0009 "-" 22 -
Mar 20 08:30:35 np0005652756 object-server[121359]: Starting object replication pass.
Mar 20 08:30:35 np0005652756 object-server[121359]: 16/16 (100.00%) partitions replicated in 0.19s (84.71/sec, 0s remaining)
Mar 20 08:30:35 np0005652756 object-server[121359]: 32 successes, 0 failures
Mar 20 08:30:35 np0005652756 object-server[121359]: 16 suffixes checked - 0.00% hashed, 0.00% synced
Mar 20 08:30:35 np0005652756 object-server[121359]: Partition times: max 0.0461s, min 0.0066s, med 0.0087s
Mar 20 08:30:35 np0005652756 object-server[121359]: Object replication complete. (0.00 minutes)
Mar 20 08:30:35 np0005652756 object-server[215582]: Begin object audit "forever" mode (ZBF)
Mar 20 08:30:35 np0005652756 object-server[215582]: Object audit (ZBF). Since Fri Mar 20 08:30:35 2026: Locally: 1 passed, 0 quarantined, 0 errors, files/sec: 708.02, bytes/sec: 0.00, Total time: 0.00, Auditing time: 0.00, Rate: 0.00
Mar 20 08:30:36 np0005652756 object-server[215582]: Object audit (ZBF) "forever" mode completed: 0.28s. Total quarantined: 0, Total errors: 0, Total files/sec: 56.44, Total bytes/sec: 0.00, Auditing time: 0.28, Rate: 0.98
Mar 20 08:30:52 np0005652756 account-server[120782]: Beginning replication run
Mar 20 08:30:52 np0005652756 account-server[120782]: Replication run OVER
Mar 20 08:30:52 np0005652756 account-server[120782]: Attempted to replicate 1 dbs in 0.01484 seconds (67.37468/s)
Mar 20 08:30:52 np0005652756 account-server[120782]: Removed 0 dbs
Mar 20 08:30:52 np0005652756 account-server[120782]: 2 successes, 0 failures
Mar 20 08:30:52 np0005652756 account-server[120782]: diff:0 diff_capped:0 empty:0 hashmatch:0 no_change:2 remote_merge:0 rsync:0 ts_repl:0
Mar 20 08:30:54 np0005652756 container-server[120908]: Beginning replication run
Mar 20 08:30:54 np0005652756 container-server[120908]: Replication run OVER
Mar 20 08:30:54 np0005652756 container-server[120908]: Attempted to replicate 8 dbs in 0.14693 seconds (54.44882/s)
Mar 20 08:30:54 np0005652756 container-server[120908]: Removed 0 dbs
Mar 20 08:30:54 np0005652756 container-server[120908]: 16 successes, 0 failures
Mar 20 08:30:54 np0005652756 container-server[120908]: diff:0 diff_capped:0 empty:0 hashmatch:0 no_change:16 remote_merge:0 rsync:0 ts_repl:0
Mar 20 08:30:59 np0005652756 account-server[121249]: 172.20.0.105 - - [20/Mar/2026:08:30:59 +0000] "PUT /d1/117/AUTH_7d343c0d5b2d4120a89e3784e7bef979/gnocchi.e6a18a94-ec9c-402d-96ae-77ef0a8f8b86" 201 - "-" "-" "container-updater 2" 0.0014 "-" 18 0
Mar 20 08:30:59 np0005652756 account-server[121277]: 172.20.0.105 - - [20/Mar/2026:08:30:59 +0000] "PUT /d1/117/AUTH_7d343c0d5b2d4120a89e3784e7bef979/gnocchi.9d81c3b2-5af8-43f4-8df3-c1120a30577c" 201 - "-" "-" "container-updater 2" 0.0005 "-" 22 0
Mar 20 08:30:59 np0005652756 account-server[121249]: 172.20.0.105 - - [20/Mar/2026:08:30:59 +0000] "PUT /d1/117/AUTH_7d343c0d5b2d4120a89e3784e7bef979/gnocchi.daaec908-b1ed-476a-b78a-972763f92e2c" 201 - "-" "-" "container-updater 2" 0.0007 "-" 18 0
Mar 20 08:30:59 np0005652756 account-server[121229]: 172.20.0.105 - - [20/Mar/2026:08:30:59 +0000] "PUT /d1/117/AUTH_7d343c0d5b2d4120a89e3784e7bef979/gnocchi.5b0525e2-9837-4bde-aae3-1eb583b57fa4" 201 - "-" "-" "container-updater 2" 0.0007 "-" 17 0
Mar 20 08:30:59 np0005652756 account-server[121229]: 172.20.0.105 - - [20/Mar/2026:08:30:59 +0000] "PUT /d1/117/AUTH_7d343c0d5b2d4120a89e3784e7bef979/gnocchi.91f7a7a9-5374-4fe8-8166-461366a0b840" 201 - "-" "-" "container-updater 2" 0.0005 "-" 17 0
Mar 20 08:30:59 np0005652756 account-server[121229]: 172.20.0.105 - - [20/Mar/2026:08:30:59 +0000] "PUT /d1/117/AUTH_7d343c0d5b2d4120a89e3784e7bef979/gnocchi.6464facd-49e8-4201-ad60-a18601ae1aea" 201 - "-" "-" "container-updater 2" 0.0007 "-" 17 0
Mar 20 08:31:00 np0005652756 account-server[121269]: 172.20.0.105 - - [20/Mar/2026:08:31:00 +0000] "PUT /d1/117/AUTH_7d343c0d5b2d4120a89e3784e7bef979/gnocchi.7232b695-1fa3-451a-8a9f-e8a97d6688be" 201 - "-" "-" "container-updater 2" 0.0004 "-" 21 0
Mar 20 08:31:00 np0005652756 account-server[121229]: 172.20.0.105 - - [20/Mar/2026:08:31:00 +0000] "PUT /d1/117/AUTH_7d343c0d5b2d4120a89e3784e7bef979/gnocchi.9351f380-1710-4b28-8099-73358c666fff" 201 - "-" "-" "container-updater 2" 0.0007 "-" 17 0
Mar 20 08:31:05 np0005652756 object-server[121359]: Starting object replication pass.
Mar 20 08:31:06 np0005652756 object-server[121359]: 16/16 (100.00%) partitions replicated in 0.34s (47.49/sec, 0s remaining)
Mar 20 08:31:06 np0005652756 object-server[121359]: 32 successes, 0 failures
Mar 20 08:31:06 np0005652756 object-server[121359]: 16 suffixes checked - 0.00% hashed, 0.00% synced
Mar 20 08:31:06 np0005652756 object-server[121359]: Partition times: max 0.1898s, min 0.0068s, med 0.0087s
Mar 20 08:31:06 np0005652756 object-server[121359]: Object replication complete. (0.01 minutes)
Mar 20 08:31:06 np0005652756 container-server[121309]: 172.20.0.105 - - [20/Mar/2026:08:31:06 +0000] "HEAD /d1/997/AUTH_7d343c0d5b2d4120a89e3784e7bef979/gnocchi.8f866d48-5cbf-42ec-83d2-437c471232a1" 404 - "HEAD http://172.18.0.184:8080/v1/AUTH_7d343c0d5b2d4120a89e3784e7bef979/gnocchi.8f866d48-5cbf-42ec-83d2-437c471232a1?format=json&states=listing" "txd3142ffc720648e0a0a58-0069bd05ca" "proxy-server 20" 0.0007 "-" 22 0
Mar 20 08:31:06 np0005652756 container-server[121309]: 172.20.0.103 - - [20/Mar/2026:08:31:06 +0000] "HEAD /d1/335/AUTH_7d343c0d5b2d4120a89e3784e7bef979/gnocchi.c0746cf1-494f-4ceb-a04d-b0d4ab0d3b8e" 404 - "HEAD http://172.18.0.184:8080/v1/AUTH_7d343c0d5b2d4120a89e3784e7bef979/gnocchi.c0746cf1-494f-4ceb-a04d-b0d4ab0d3b8e?format=json&states=listing" "txbc6740df7c7f4295bcece-0069bd05ca" "proxy-server 20" 0.0004 "-" 22 0
Mar 20 08:31:06 np0005652756 object-server[121753]: 172.20.0.105 - - [20/Mar/2026:08:31:06 +0000] "GET /d1/306/AUTH_7d343c0d5b2d4120a89e3784e7bef979/gnocchi.8f866d48-5cbf-42ec-83d2-437c471232a1/none_v3" 404 70 "GET http://172.18.0.184:8080/v1/AUTH_7d343c0d5b2d4120a89e3784e7bef979/gnocchi.8f866d48-5cbf-42ec-83d2-437c471232a1/none_v3" "txd3142ffc720648e0a0a58-0069bd05ca" "proxy-server 20" 0.0007 "-" 22 0
Mar 20 08:31:06 np0005652756 object-server[121747]: 172.20.0.103 - - [20/Mar/2026:08:31:06 +0000] "GET /d1/748/AUTH_7d343c0d5b2d4120a89e3784e7bef979/gnocchi.c0746cf1-494f-4ceb-a04d-b0d4ab0d3b8e/none_v3" 404 70 "GET http://172.18.0.184:8080/v1/AUTH_7d343c0d5b2d4120a89e3784e7bef979/gnocchi.c0746cf1-494f-4ceb-a04d-b0d4ab0d3b8e/none_v3" "txbc6740df7c7f4295bcece-0069bd05ca" "proxy-server 20" 0.0007 "-" 20 0
Mar 20 08:31:06 np0005652756 container-server[121302]: 172.20.0.104 - - [20/Mar/2026:08:31:06 +0000] "HEAD /d1/613/AUTH_7d343c0d5b2d4120a89e3784e7bef979/gnocchi.0ee296e9-ee07-4d48-b262-1f289e1f549d" 404 - "HEAD http://172.18.0.184:8080/v1/AUTH_7d343c0d5b2d4120a89e3784e7bef979/gnocchi.0ee296e9-ee07-4d48-b262-1f289e1f549d?format=json&states=listing" "tx7b178483764f4465a15f6-0069bd05ca" "proxy-server 20" 0.0006 "-" 20 0
Mar 20 08:31:06 np0005652756 object-server[221506]: Begin object audit "forever" mode (ZBF)
Mar 20 08:31:06 np0005652756 object-server[221507]: Begin object audit "forever" mode (ALL)
Mar 20 08:31:06 np0005652756 object-server[221506]: Object audit (ZBF). Since Fri Mar 20 08:31:06 2026: Locally: 1 passed, 0 quarantined, 0 errors, files/sec: 436.27, bytes/sec: 0.00, Total time: 0.00, Auditing time: 0.00, Rate: 0.00
Mar 20 08:31:06 np0005652756 object-server[221507]: Object audit (ALL). Since Fri Mar 20 08:31:06 2026: Locally: 1 passed, 0 quarantined, 0 errors, files/sec: 72.74, bytes/sec: 1163.83, Total time: 0.01, Auditing time: 0.00, Rate: 0.00
Mar 20 08:31:06 np0005652756 object-server[121751]: 172.20.0.104 - - [20/Mar/2026:08:31:06 +0000] "GET /d1/766/AUTH_7d343c0d5b2d4120a89e3784e7bef979/gnocchi.0ee296e9-ee07-4d48-b262-1f289e1f549d/none_v3" 404 70 "GET http://172.18.0.184:8080/v1/AUTH_7d343c0d5b2d4120a89e3784e7bef979/gnocchi.0ee296e9-ee07-4d48-b262-1f289e1f549d/none_v3" "tx7b178483764f4465a15f6-0069bd05ca" "proxy-server 20" 0.0004 "-" 21 0
Mar 20 08:31:06 np0005652756 account-server[121269]: 172.20.0.105 - - [20/Mar/2026:08:31:06 +0000] "PUT /d1/117/AUTH_7d343c0d5b2d4120a89e3784e7bef979/gnocchi.c0746cf1-494f-4ceb-a04d-b0d4ab0d3b8e" 201 - "PUT http://172.20.0.105:6001/d1/335/AUTH_7d343c0d5b2d4120a89e3784e7bef979/gnocchi.c0746cf1-494f-4ceb-a04d-b0d4ab0d3b8e" "tx02b5c8d95d27443dbe135-0069bd05ca" "container-server 22" 0.0076 "-" 21 0
Mar 20 08:31:06 np0005652756 account-server[121269]: 172.20.0.103 - - [20/Mar/2026:08:31:06 +0000] "PUT /d1/117/AUTH_7d343c0d5b2d4120a89e3784e7bef979/gnocchi.8f866d48-5cbf-42ec-83d2-437c471232a1" 201 - "PUT http://172.20.0.103:6001/d1/997/AUTH_7d343c0d5b2d4120a89e3784e7bef979/gnocchi.8f866d48-5cbf-42ec-83d2-437c471232a1" "txfe7be6e3582243c2bda9b-0069bd05ca" "container-server 23" 0.0063 "-" 21 0
Mar 20 08:31:06 np0005652756 container-server[121307]: 172.20.0.103 - - [20/Mar/2026:08:31:06 +0000] "PUT /d1/335/AUTH_7d343c0d5b2d4120a89e3784e7bef979/gnocchi.c0746cf1-494f-4ceb-a04d-b0d4ab0d3b8e" 201 - "PUT http://172.18.0.184:8080/v1/AUTH_7d343c0d5b2d4120a89e3784e7bef979/gnocchi.c0746cf1-494f-4ceb-a04d-b0d4ab0d3b8e" "tx02b5c8d95d27443dbe135-0069bd05ca" "proxy-server 20" 0.0246 "-" 21 0
Mar 20 08:31:06 np0005652756 proxy-server[123249]: 172.18.0.103 172.18.0.104 20/Mar/2026/08/31/06 GET /v1/AUTH_7d343c0d5b2d4120a89e3784e7bef979/gnocchi.0ee296e9-ee07-4d48-b262-1f289e1f549d/none_v3 HTTP/1.0 404 - python-swiftclient-3.11.1 gAAAAABpvQWDG-Hw... - 70 - tx7b178483764f4465a15f6-0069bd05ca - 0.0471 - - 1773995466.139341354 1773995466.186444998 0
Mar 20 08:31:06 np0005652756 container-server[121311]: 172.20.0.105 - - [20/Mar/2026:08:31:06 +0000] "PUT /d1/997/AUTH_7d343c0d5b2d4120a89e3784e7bef979/gnocchi.8f866d48-5cbf-42ec-83d2-437c471232a1" 201 - "PUT http://172.18.0.184:8080/v1/AUTH_7d343c0d5b2d4120a89e3784e7bef979/gnocchi.8f866d48-5cbf-42ec-83d2-437c471232a1" "txfe7be6e3582243c2bda9b-0069bd05ca" "proxy-server 20" 0.0303 "-" 23 0
Mar 20 08:31:06 np0005652756 account-server[121249]: 172.20.0.104 - - [20/Mar/2026:08:31:06 +0000] "PUT /d1/117/AUTH_7d343c0d5b2d4120a89e3784e7bef979/gnocchi.0ee296e9-ee07-4d48-b262-1f289e1f549d" 201 - "PUT http://172.20.0.104:6001/d1/613/AUTH_7d343c0d5b2d4120a89e3784e7bef979/gnocchi.0ee296e9-ee07-4d48-b262-1f289e1f549d" "txf0a8be1f723e4a08b39e9-0069bd05ca" "container-server 20" 0.0054 "-" 18 0
Mar 20 08:31:06 np0005652756 container-server[121302]: 172.20.0.104 - - [20/Mar/2026:08:31:06 +0000] "PUT /d1/613/AUTH_7d343c0d5b2d4120a89e3784e7bef979/gnocchi.0ee296e9-ee07-4d48-b262-1f289e1f549d" 201 - "PUT http://172.18.0.184:8080/v1/AUTH_7d343c0d5b2d4120a89e3784e7bef979/gnocchi.0ee296e9-ee07-4d48-b262-1f289e1f549d" "txf0a8be1f723e4a08b39e9-0069bd05ca" "proxy-server 20" 0.0180 "-" 20 0
Mar 20 08:31:06 np0005652756 proxy-server[123249]: 172.18.0.103 172.18.0.104 20/Mar/2026/08/31/06 PUT /v1/AUTH_7d343c0d5b2d4120a89e3784e7bef979/gnocchi.0ee296e9-ee07-4d48-b262-1f289e1f549d HTTP/1.0 201 - python-swiftclient-3.11.1 gAAAAABpvQWDG-Hw... - - - txf0a8be1f723e4a08b39e9-0069bd05ca - 0.0253 - - 1773995466.190348864 1773995466.215618849 0
Mar 20 08:31:06 np0005652756 container-server[121302]: 172.20.0.104 - - [20/Mar/2026:08:31:06 +0000] "HEAD /d1/613/AUTH_7d343c0d5b2d4120a89e3784e7bef979/gnocchi.0ee296e9-ee07-4d48-b262-1f289e1f549d" 204 - "HEAD http://172.18.0.184:8080/v1/AUTH_7d343c0d5b2d4120a89e3784e7bef979/gnocchi.0ee296e9-ee07-4d48-b262-1f289e1f549d?format=json&states=listing" "tx83c214bc2eac4c73af9f5-0069bd05ca" "proxy-server 20" 0.0033 "-" 20 0
Mar 20 08:31:06 np0005652756 object-server[121751]: 172.20.0.103 - - [20/Mar/2026:08:31:06 +0000] "GET /d1/644/AUTH_7d343c0d5b2d4120a89e3784e7bef979/gnocchi.c0746cf1-494f-4ceb-a04d-b0d4ab0d3b8e/1773360000.0_mean_300.0_v3" 404 70 "GET http://172.18.0.184:8080/v1/AUTH_7d343c0d5b2d4120a89e3784e7bef979/gnocchi.c0746cf1-494f-4ceb-a04d-b0d4ab0d3b8e/1773360000.0_mean_300.0_v3" "txd8f2e9ba540b4d21a716b-0069bd05ca" "proxy-server 20" 0.0004 "-" 21 0
Mar 20 08:31:06 np0005652756 proxy-server[123249]: - - 20/Mar/2026/08/31/06 HEAD /v1/AUTH_7d343c0d5b2d4120a89e3784e7bef979/gnocchi.0ee296e9-ee07-4d48-b262-1f289e1f549d%3Fformat%3Djson%26states%3Dlisting HTTP/1.0 204 - Swift - - - - tx83c214bc2eac4c73af9f5-0069bd05ca - 0.0078 RL - 1773995466.222040892 1773995466.229854822 0
Mar 20 08:31:06 np0005652756 container-server[121311]: 172.20.0.105 - - [20/Mar/2026:08:31:06 +0000] "GET /d1/997/AUTH_7d343c0d5b2d4120a89e3784e7bef979/gnocchi.8f866d48-5cbf-42ec-83d2-437c471232a1" 200 2 "GET http://172.18.0.184:8080/v1/AUTH_7d343c0d5b2d4120a89e3784e7bef979/gnocchi.8f866d48-5cbf-42ec-83d2-437c471232a1?format=json&states=listing" "txe1d1bb1c943f4eb1b3703-0069bd05ca" "proxy-server 20" 0.0059 "-" 23 0
Mar 20 08:31:06 np0005652756 proxy-server[123249]: 172.18.0.103 172.18.0.104 20/Mar/2026/08/31/06 GET /v1/AUTH_7d343c0d5b2d4120a89e3784e7bef979/gnocchi.0ee296e9-ee07-4d48-b262-1f289e1f549d%3Fformat%3Djson%26states%3Dlisting HTTP/1.0 200 - python-swiftclient-3.11.1 gAAAAABpvQWDG-Hw... - 2 - tx83c214bc2eac4c73af9f5-0069bd05ca - 0.0207 - - 1773995466.220253706 1773995466.240913391 0
Mar 20 08:31:06 np0005652756 object-server[121756]: 172.20.0.104 - - [20/Mar/2026:08:31:06 +0000] "GET /d1/352/AUTH_7d343c0d5b2d4120a89e3784e7bef979/gnocchi.0ee296e9-ee07-4d48-b262-1f289e1f549d/1773360000.0_mean_300.0_v3" 404 70 "GET http://172.18.0.184:8080/v1/AUTH_7d343c0d5b2d4120a89e3784e7bef979/gnocchi.0ee296e9-ee07-4d48-b262-1f289e1f549d/1773360000.0_mean_300.0_v3" "tx8383d1fff2d542ec8e939-0069bd05ca" "proxy-server 20" 0.0003 "-" 23 0
Mar 20 08:31:06 np0005652756 proxy-server[123249]: 172.18.0.103 172.18.0.104 20/Mar/2026/08/31/06 GET /v1/AUTH_7d343c0d5b2d4120a89e3784e7bef979/gnocchi.0ee296e9-ee07-4d48-b262-1f289e1f549d/1773360000.0_mean_300.0_v3 HTTP/1.0 404 - python-swiftclient-3.11.1 gAAAAABpvQWDG-Hw... - 70 - tx8383d1fff2d542ec8e939-0069bd05ca - 0.0129 - - 1773995466.244909048 1773995466.257818699 0
Mar 20 08:31:06 np0005652756 object-server[121751]: 172.20.0.105 - - [20/Mar/2026:08:31:06 +0000] "GET /d1/66/AUTH_7d343c0d5b2d4120a89e3784e7bef979/gnocchi.8f866d48-5cbf-42ec-83d2-437c471232a1/1773360000.0_mean_300.0_v3" 404 70 "GET http://172.18.0.184:8080/v1/AUTH_7d343c0d5b2d4120a89e3784e7bef979/gnocchi.8f866d48-5cbf-42ec-83d2-437c471232a1/1773360000.0_mean_300.0_v3" "tx33a131dfb1cf46798ec50-0069bd05ca" "proxy-server 20" 0.0003 "-" 21 0
Mar 20 08:31:06 np0005652756 container-server[121307]: 172.20.0.104 - - [20/Mar/2026:08:31:06 +0000] "PUT /d1/335/AUTH_7d343c0d5b2d4120a89e3784e7bef979/gnocchi.c0746cf1-494f-4ceb-a04d-b0d4ab0d3b8e/1773360000.0_mean_300.0_v3" 201 - "PUT http://172.18.0.184:8080/d1/644/AUTH_7d343c0d5b2d4120a89e3784e7bef979/gnocchi.c0746cf1-494f-4ceb-a04d-b0d4ab0d3b8e/1773360000.0_mean_300.0_v3" "txfc60fe61adc84eb08b04c-0069bd05ca" "object-server 21" 0.0007 "-" 21 0
Mar 20 08:31:06 np0005652756 object-server[121751]: 172.20.0.103 - - [20/Mar/2026:08:31:06 +0000] "PUT /d1/644/AUTH_7d343c0d5b2d4120a89e3784e7bef979/gnocchi.c0746cf1-494f-4ceb-a04d-b0d4ab0d3b8e/1773360000.0_mean_300.0_v3" 201 - "PUT http://172.18.0.184:8080/v1/AUTH_7d343c0d5b2d4120a89e3784e7bef979/gnocchi.c0746cf1-494f-4ceb-a04d-b0d4ab0d3b8e/1773360000.0_mean_300.0_v3" "txfc60fe61adc84eb08b04c-0069bd05ca" "proxy-server 20" 0.0150 "-" 21 0
Mar 20 08:31:06 np0005652756 container-server[121309]: 172.20.0.104 - - [20/Mar/2026:08:31:06 +0000] "PUT /d1/613/AUTH_7d343c0d5b2d4120a89e3784e7bef979/gnocchi.0ee296e9-ee07-4d48-b262-1f289e1f549d/1773360000.0_mean_300.0_v3" 201 - "PUT http://172.18.0.184:8080/d1/352/AUTH_7d343c0d5b2d4120a89e3784e7bef979/gnocchi.0ee296e9-ee07-4d48-b262-1f289e1f549d/1773360000.0_mean_300.0_v3" "txcb712ba32fb640c1a02ec-0069bd05ca" "object-server 23" 0.0006 "-" 22 0
Mar 20 08:31:06 np0005652756 object-server[121756]: 172.20.0.104 - - [20/Mar/2026:08:31:06 +0000] "PUT /d1/352/AUTH_7d343c0d5b2d4120a89e3784e7bef979/gnocchi.0ee296e9-ee07-4d48-b262-1f289e1f549d/1773360000.0_mean_300.0_v3" 201 - "PUT http://172.18.0.184:8080/v1/AUTH_7d343c0d5b2d4120a89e3784e7bef979/gnocchi.0ee296e9-ee07-4d48-b262-1f289e1f549d/1773360000.0_mean_300.0_v3" "txcb712ba32fb640c1a02ec-0069bd05ca" "proxy-server 20" 0.0094 "-" 23 0
Mar 20 08:31:06 np0005652756 proxy-server[123249]: 172.18.0.103 172.18.0.104 20/Mar/2026/08/31/06 PUT /v1/AUTH_7d343c0d5b2d4120a89e3784e7bef979/gnocchi.0ee296e9-ee07-4d48-b262-1f289e1f549d/1773360000.0_mean_300.0_v3 HTTP/1.0 201 - python-swiftclient-3.11.1 gAAAAABpvQWDG-Hw... 16 - - txcb712ba32fb640c1a02ec-0069bd05ca - 0.0195 - - 1773995466.263741732 1773995466.283245802 0
Mar 20 08:31:06 np0005652756 object-server[121751]: 172.20.0.105 - - [20/Mar/2026:08:31:06 +0000] "PUT /d1/66/AUTH_7d343c0d5b2d4120a89e3784e7bef979/gnocchi.8f866d48-5cbf-42ec-83d2-437c471232a1/1773360000.0_mean_300.0_v3" 201 - "PUT http://172.18.0.184:8080/v1/AUTH_7d343c0d5b2d4120a89e3784e7bef979/gnocchi.8f866d48-5cbf-42ec-83d2-437c471232a1/1773360000.0_mean_300.0_v3" "txcc0a737670fa428f968a9-0069bd05ca" "proxy-server 20" 0.0140 "-" 21 0
Mar 20 08:31:06 np0005652756 container-server[121309]: 172.20.0.105 - - [20/Mar/2026:08:31:06 +0000] "PUT /d1/335/AUTH_7d343c0d5b2d4120a89e3784e7bef979/gnocchi.c0746cf1-494f-4ceb-a04d-b0d4ab0d3b8e/none_v3" 201 - "PUT http://172.18.0.184:8080/d1/748/AUTH_7d343c0d5b2d4120a89e3784e7bef979/gnocchi.c0746cf1-494f-4ceb-a04d-b0d4ab0d3b8e/none_v3" "tx41df788d59d54248ad19a-0069bd05ca" "object-server 22" 0.0006 "-" 22 0
Mar 20 08:31:06 np0005652756 object-server[121751]: 172.20.0.103 - - [20/Mar/2026:08:31:06 +0000] "PUT /d1/748/AUTH_7d343c0d5b2d4120a89e3784e7bef979/gnocchi.c0746cf1-494f-4ceb-a04d-b0d4ab0d3b8e/none_v3" 201 - "PUT http://172.18.0.184:8080/v1/AUTH_7d343c0d5b2d4120a89e3784e7bef979/gnocchi.c0746cf1-494f-4ceb-a04d-b0d4ab0d3b8e/none_v3" "tx41df788d59d54248ad19a-0069bd05ca" "proxy-server 20" 0.0161 "-" 21 0
Mar 20 08:31:06 np0005652756 container-server[121307]: 172.20.0.104 - - [20/Mar/2026:08:31:06 +0000] "PUT /d1/613/AUTH_7d343c0d5b2d4120a89e3784e7bef979/gnocchi.0ee296e9-ee07-4d48-b262-1f289e1f549d/none_v3" 201 - "PUT http://172.18.0.184:8080/d1/766/AUTH_7d343c0d5b2d4120a89e3784e7bef979/gnocchi.0ee296e9-ee07-4d48-b262-1f289e1f549d/none_v3" "txa1c447923536445185fbd-0069bd05ca" "object-server 21" 0.0005 "-" 21 0
Mar 20 08:31:06 np0005652756 container-server[121302]: 172.20.0.103 - - [20/Mar/2026:08:31:06 +0000] "PUT /d1/997/AUTH_7d343c0d5b2d4120a89e3784e7bef979/gnocchi.8f866d48-5cbf-42ec-83d2-437c471232a1/1773360000.0_mean_300.0_v3" 201 - "PUT http://172.18.0.184:8080/d1/66/AUTH_7d343c0d5b2d4120a89e3784e7bef979/gnocchi.8f866d48-5cbf-42ec-83d2-437c471232a1/1773360000.0_mean_300.0_v3" "txcc0a737670fa428f968a9-0069bd05ca" "object-server 23" 0.0007 "-" 20 0
Mar 20 08:31:06 np0005652756 object-server[121751]: 172.20.0.104 - - [20/Mar/2026:08:31:06 +0000] "PUT /d1/766/AUTH_7d343c0d5b2d4120a89e3784e7bef979/gnocchi.0ee296e9-ee07-4d48-b262-1f289e1f549d/none_v3" 201 - "PUT http://172.18.0.184:8080/v1/AUTH_7d343c0d5b2d4120a89e3784e7bef979/gnocchi.0ee296e9-ee07-4d48-b262-1f289e1f549d/none_v3" "txa1c447923536445185fbd-0069bd05ca" "proxy-server 20" 0.0120 "-" 21 0
Mar 20 08:31:06 np0005652756 proxy-server[123249]: 172.18.0.103 172.18.0.104 20/Mar/2026/08/31/06 PUT /v1/AUTH_7d343c0d5b2d4120a89e3784e7bef979/gnocchi.0ee296e9-ee07-4d48-b262-1f289e1f549d/none_v3 HTTP/1.0 201 - python-swiftclient-3.11.1 gAAAAABpvQWDG-Hw... 22 - - txa1c447923536445185fbd-0069bd05ca - 0.0227 - - 1773995466.287666798 1773995466.310340166 0
Mar 20 08:31:06 np0005652756 container-server[121307]: 172.20.0.105 - - [20/Mar/2026:08:31:06 +0000] "PUT /d1/997/AUTH_7d343c0d5b2d4120a89e3784e7bef979/gnocchi.8f866d48-5cbf-42ec-83d2-437c471232a1/none_v3" 201 - "PUT http://172.18.0.184:8080/d1/306/AUTH_7d343c0d5b2d4120a89e3784e7bef979/gnocchi.8f866d48-5cbf-42ec-83d2-437c471232a1/none_v3" "tx7a544579a21741f6ae5ff-0069bd05ca" "object-server 25" 0.0006 "-" 21 0
Mar 20 08:31:06 np0005652756 object-server[121756]: 172.20.0.103 - - [20/Mar/2026:08:31:06 +0000] "PUT /d1/306/AUTH_7d343c0d5b2d4120a89e3784e7bef979/gnocchi.8f866d48-5cbf-42ec-83d2-437c471232a1/none_v3" 201 - "PUT http://172.18.0.184:8080/v1/AUTH_7d343c0d5b2d4120a89e3784e7bef979/gnocchi.8f866d48-5cbf-42ec-83d2-437c471232a1/none_v3" "tx7a544579a21741f6ae5ff-0069bd05ca" "proxy-server 20" 0.0113 "-" 23 0
Mar 20 08:31:06 np0005652756 container-server[121311]: 172.20.0.104 - - [20/Mar/2026:08:31:06 +0000] "HEAD /d1/880/AUTH_7d343c0d5b2d4120a89e3784e7bef979/gnocchi.1b23d178-f422-4192-b9ee-3dd1c8892dff" 404 - "HEAD http://172.18.0.184:8080/v1/AUTH_7d343c0d5b2d4120a89e3784e7bef979/gnocchi.1b23d178-f422-4192-b9ee-3dd1c8892dff?format=json&states=listing" "tx88b41378e7a24483a781d-0069bd05ca" "proxy-server 20" 0.0003 "-" 23 0
Mar 20 08:31:06 np0005652756 object-server[121751]: 172.20.0.104 - - [20/Mar/2026:08:31:06 +0000] "GET /d1/830/AUTH_7d343c0d5b2d4120a89e3784e7bef979/gnocchi.1b23d178-f422-4192-b9ee-3dd1c8892dff/none_v3" 404 70 "GET http://172.18.0.184:8080/v1/AUTH_7d343c0d5b2d4120a89e3784e7bef979/gnocchi.1b23d178-f422-4192-b9ee-3dd1c8892dff/none_v3" "tx88b41378e7a24483a781d-0069bd05ca" "proxy-server 20" 0.0003 "-" 21 0
Mar 20 08:31:06 np0005652756 container-server[121309]: 172.20.0.105 - - [20/Mar/2026:08:31:06 +0000] "HEAD /d1/440/AUTH_7d343c0d5b2d4120a89e3784e7bef979/gnocchi.11b808c1-39aa-4ba7-b414-67a398cd46f1" 404 - "HEAD http://172.18.0.184:8080/v1/AUTH_7d343c0d5b2d4120a89e3784e7bef979/gnocchi.11b808c1-39aa-4ba7-b414-67a398cd46f1?format=json&states=listing" "txe6733427c69f4258ab8f7-0069bd05ca" "proxy-server 20" 0.0004 "-" 22 0
Mar 20 08:31:06 np0005652756 proxy-server[123249]: 172.18.0.105 172.18.0.104 20/Mar/2026/08/31/06 GET /v1/AUTH_7d343c0d5b2d4120a89e3784e7bef979/gnocchi.1b23d178-f422-4192-b9ee-3dd1c8892dff/none_v3 HTTP/1.0 404 - python-swiftclient-3.11.1 gAAAAABpvQUzfcJv... - 70 - tx88b41378e7a24483a781d-0069bd05ca - 0.0218 - - 1773995466.330219507 1773995466.352043152 0
Mar 20 08:31:06 np0005652756 object-server[121751]: 172.20.0.105 - - [20/Mar/2026:08:31:06 +0000] "GET /d1/707/AUTH_7d343c0d5b2d4120a89e3784e7bef979/gnocchi.11b808c1-39aa-4ba7-b414-67a398cd46f1/none_v3" 404 70 "GET http://172.18.0.184:8080/v1/AUTH_7d343c0d5b2d4120a89e3784e7bef979/gnocchi.11b808c1-39aa-4ba7-b414-67a398cd46f1/none_v3" "txe6733427c69f4258ab8f7-0069bd05ca" "proxy-server 20" 0.0003 "-" 21 0
Mar 20 08:31:06 np0005652756 container-server[121307]: 172.20.0.104 - - [20/Mar/2026:08:31:06 +0000] "HEAD /d1/143/AUTH_7d343c0d5b2d4120a89e3784e7bef979/gnocchi.59e33ecd-364f-4302-b1f5-64115bad9dc7" 404 - "HEAD http://172.18.0.184:8080/v1/AUTH_7d343c0d5b2d4120a89e3784e7bef979/gnocchi.59e33ecd-364f-4302-b1f5-64115bad9dc7?format=json&states=listing" "txf815d64f00644ef6864ad-0069bd05ca" "proxy-server 20" 0.0011 "-" 21 0
Mar 20 08:31:06 np0005652756 account-server[121229]: 172.20.0.103 - - [20/Mar/2026:08:31:06 +0000] "PUT /d1/117/AUTH_7d343c0d5b2d4120a89e3784e7bef979/gnocchi.1b23d178-f422-4192-b9ee-3dd1c8892dff" 201 - "PUT http://172.20.0.103:6001/d1/880/AUTH_7d343c0d5b2d4120a89e3784e7bef979/gnocchi.1b23d178-f422-4192-b9ee-3dd1c8892dff" "txc8d6202ccbe1416682271-0069bd05ca" "container-server 21" 0.0042 "-" 17 0
Mar 20 08:31:06 np0005652756 container-server[121307]: 172.20.0.103 - - [20/Mar/2026:08:31:06 +0000] "PUT /d1/880/AUTH_7d343c0d5b2d4120a89e3784e7bef979/gnocchi.1b23d178-f422-4192-b9ee-3dd1c8892dff" 201 - "PUT http://172.18.0.184:8080/v1/AUTH_7d343c0d5b2d4120a89e3784e7bef979/gnocchi.1b23d178-f422-4192-b9ee-3dd1c8892dff" "txc8d6202ccbe1416682271-0069bd05ca" "proxy-server 20" 0.0145 "-" 21 0
Mar 20 08:31:06 np0005652756 object-server[121751]: 172.20.0.104 - - [20/Mar/2026:08:31:06 +0000] "GET /d1/436/AUTH_7d343c0d5b2d4120a89e3784e7bef979/gnocchi.59e33ecd-364f-4302-b1f5-64115bad9dc7/none_v3" 404 70 "GET http://172.18.0.184:8080/v1/AUTH_7d343c0d5b2d4120a89e3784e7bef979/gnocchi.59e33ecd-364f-4302-b1f5-64115bad9dc7/none_v3" "txf815d64f00644ef6864ad-0069bd05ca" "proxy-server 20" 0.0003 "-" 21 0
Mar 20 08:31:06 np0005652756 proxy-server[123249]: 172.18.0.184 172.18.0.104 20/Mar/2026/08/31/06 GET /v1/AUTH_7d343c0d5b2d4120a89e3784e7bef979/gnocchi.59e33ecd-364f-4302-b1f5-64115bad9dc7/none_v3 HTTP/1.0 404 - python-swiftclient-3.11.1 gAAAAABpvQV0UZ3z... - 70 - txf815d64f00644ef6864ad-0069bd05ca - 0.0232 - - 1773995466.364204407 1773995466.387363911 0
Mar 20 08:31:06 np0005652756 container-server[121302]: 172.20.0.103 - - [20/Mar/2026:08:31:06 +0000] "HEAD /d1/880/AUTH_7d343c0d5b2d4120a89e3784e7bef979/gnocchi.1b23d178-f422-4192-b9ee-3dd1c8892dff" 204 - "HEAD http://172.18.0.184:8080/v1/AUTH_7d343c0d5b2d4120a89e3784e7bef979/gnocchi.1b23d178-f422-4192-b9ee-3dd1c8892dff?format=json&states=listing" "tx666901b9fc7949448203a-0069bd05ca" "proxy-server 20" 0.0022 "-" 20 0
Mar 20 08:31:06 np0005652756 account-server[121277]: 172.20.0.103 - - [20/Mar/2026:08:31:06 +0000] "PUT /d1/117/AUTH_7d343c0d5b2d4120a89e3784e7bef979/gnocchi.11b808c1-39aa-4ba7-b414-67a398cd46f1" 201 - "PUT http://172.20.0.103:6001/d1/440/AUTH_7d343c0d5b2d4120a89e3784e7bef979/gnocchi.11b808c1-39aa-4ba7-b414-67a398cd46f1" "txf642079275ae4b60bf606-0069bd05ca" "container-server 22" 0.0045 "-" 22 0
Mar 20 08:31:06 np0005652756 container-server[121307]: 172.20.0.105 - - [20/Mar/2026:08:31:06 +0000] "PUT /d1/440/AUTH_7d343c0d5b2d4120a89e3784e7bef979/gnocchi.11b808c1-39aa-4ba7-b414-67a398cd46f1" 201 - "PUT http://172.18.0.184:8080/v1/AUTH_7d343c0d5b2d4120a89e3784e7bef979/gnocchi.11b808c1-39aa-4ba7-b414-67a398cd46f1" "txf642079275ae4b60bf606-0069bd05ca" "proxy-server 20" 0.0160 "-" 21 0
Mar 20 08:31:06 np0005652756 container-server[121302]: 172.20.0.103 - - [20/Mar/2026:08:31:06 +0000] "GET /d1/880/AUTH_7d343c0d5b2d4120a89e3784e7bef979/gnocchi.1b23d178-f422-4192-b9ee-3dd1c8892dff" 200 2 "GET http://172.18.0.184:8080/v1/AUTH_7d343c0d5b2d4120a89e3784e7bef979/gnocchi.1b23d178-f422-4192-b9ee-3dd1c8892dff?format=json&states=listing" "tx666901b9fc7949448203a-0069bd05ca" "proxy-server 20" 0.0038 "-" 20 0
Mar 20 08:31:06 np0005652756 account-server[121229]: 172.20.0.105 - - [20/Mar/2026:08:31:06 +0000] "PUT /d1/117/AUTH_7d343c0d5b2d4120a89e3784e7bef979/gnocchi.59e33ecd-364f-4302-b1f5-64115bad9dc7" 201 - "PUT http://172.20.0.105:6001/d1/143/AUTH_7d343c0d5b2d4120a89e3784e7bef979/gnocchi.59e33ecd-364f-4302-b1f5-64115bad9dc7" "tx2192a681e53d47d5be331-0069bd05ca" "container-server 20" 0.0055 "-" 17 0
Mar 20 08:31:06 np0005652756 container-server[121302]: 172.20.0.104 - - [20/Mar/2026:08:31:06 +0000] "PUT /d1/143/AUTH_7d343c0d5b2d4120a89e3784e7bef979/gnocchi.59e33ecd-364f-4302-b1f5-64115bad9dc7" 201 - "PUT http://172.18.0.184:8080/v1/AUTH_7d343c0d5b2d4120a89e3784e7bef979/gnocchi.59e33ecd-364f-4302-b1f5-64115bad9dc7" "tx2192a681e53d47d5be331-0069bd05ca" "proxy-server 20" 0.0167 "-" 20 0
Mar 20 08:31:06 np0005652756 object-server[121747]: 172.20.0.103 - - [20/Mar/2026:08:31:06 +0000] "GET /d1/1/AUTH_7d343c0d5b2d4120a89e3784e7bef979/gnocchi.1b23d178-f422-4192-b9ee-3dd1c8892dff/1773360000.0_mean_300.0_v3" 404 70 "GET http://172.18.0.184:8080/v1/AUTH_7d343c0d5b2d4120a89e3784e7bef979/gnocchi.1b23d178-f422-4192-b9ee-3dd1c8892dff/1773360000.0_mean_300.0_v3" "txf454027d20a1408791880-0069bd05ca" "proxy-server 20" 0.0004 "-" 20 0
Mar 20 08:31:06 np0005652756 proxy-server[123249]: 172.18.0.184 172.18.0.104 20/Mar/2026/08/31/06 PUT /v1/AUTH_7d343c0d5b2d4120a89e3784e7bef979/gnocchi.59e33ecd-364f-4302-b1f5-64115bad9dc7 HTTP/1.0 201 - python-swiftclient-3.11.1 gAAAAABpvQV0UZ3z... - - - tx2192a681e53d47d5be331-0069bd05ca - 0.0319 - - 1773995466.392862558 1773995466.424759150 0
Mar 20 08:31:06 np0005652756 object-server[121753]: 172.20.0.105 - - [20/Mar/2026:08:31:06 +0000] "GET /d1/700/AUTH_7d343c0d5b2d4120a89e3784e7bef979/gnocchi.11b808c1-39aa-4ba7-b414-67a398cd46f1/1773360000.0_mean_300.0_v3" 404 70 "GET http://172.18.0.184:8080/v1/AUTH_7d343c0d5b2d4120a89e3784e7bef979/gnocchi.11b808c1-39aa-4ba7-b414-67a398cd46f1/1773360000.0_mean_300.0_v3" "txf9cf937cecc548b3b7f73-0069bd05ca" "proxy-server 20" 0.0003 "-" 22 0
Mar 20 08:31:06 np0005652756 proxy-server[123249]: - - 20/Mar/2026/08/31/06 HEAD /v1/AUTH_7d343c0d5b2d4120a89e3784e7bef979/gnocchi.59e33ecd-364f-4302-b1f5-64115bad9dc7%3Fformat%3Djson%26states%3Dlisting HTTP/1.0 204 - Swift - - - - tx99880567c5da4de689020-0069bd05ca - 0.0058 RL - 1773995466.430319548 1773995466.436151028 0
Mar 20 08:31:06 np0005652756 object-server[221506]: Object audit (ZBF) "forever" mode completed: 0.28s. Total quarantined: 0, Total errors: 0, Total files/sec: 56.45, Total bytes/sec: 0.00, Auditing time: 0.28, Rate: 0.98
Mar 20 08:31:06 np0005652756 container-server[121307]: 172.20.0.104 - - [20/Mar/2026:08:31:06 +0000] "GET /d1/143/AUTH_7d343c0d5b2d4120a89e3784e7bef979/gnocchi.59e33ecd-364f-4302-b1f5-64115bad9dc7" 200 2 "GET http://172.18.0.184:8080/v1/AUTH_7d343c0d5b2d4120a89e3784e7bef979/gnocchi.59e33ecd-364f-4302-b1f5-64115bad9dc7?format=json&states=listing" "tx99880567c5da4de689020-0069bd05ca" "proxy-server 20" 0.0028 "-" 21 0
Mar 20 08:31:06 np0005652756 proxy-server[123249]: 172.18.0.184 172.18.0.104 20/Mar/2026/08/31/06 GET /v1/AUTH_7d343c0d5b2d4120a89e3784e7bef979/gnocchi.59e33ecd-364f-4302-b1f5-64115bad9dc7%3Fformat%3Djson%26states%3Dlisting HTTP/1.0 200 - python-swiftclient-3.11.1 gAAAAABpvQV0UZ3z... - 2 - tx99880567c5da4de689020-0069bd05ca - 0.0152 - - 1773995466.429053545 1773995466.444217920 0
Mar 20 08:31:06 np0005652756 container-server[121307]: 172.20.0.103 - - [20/Mar/2026:08:31:06 +0000] "PUT /d1/880/AUTH_7d343c0d5b2d4120a89e3784e7bef979/gnocchi.1b23d178-f422-4192-b9ee-3dd1c8892dff/1773360000.0_mean_300.0_v3" 201 - "PUT http://172.18.0.184:8080/d1/1/AUTH_7d343c0d5b2d4120a89e3784e7bef979/gnocchi.1b23d178-f422-4192-b9ee-3dd1c8892dff/1773360000.0_mean_300.0_v3" "tx978a7bc1a1304fa6845bb-0069bd05ca" "object-server 23" 0.0006 "-" 21 0
Mar 20 08:31:06 np0005652756 container-server[121309]: 172.20.0.103 - - [20/Mar/2026:08:31:06 +0000] "PUT /d1/440/AUTH_7d343c0d5b2d4120a89e3784e7bef979/gnocchi.11b808c1-39aa-4ba7-b414-67a398cd46f1/1773360000.0_mean_300.0_v3" 201 - "PUT http://172.18.0.184:8080/d1/700/AUTH_7d343c0d5b2d4120a89e3784e7bef979/gnocchi.11b808c1-39aa-4ba7-b414-67a398cd46f1/1773360000.0_mean_300.0_v3" "txf4c1cf5ebb684f05bfe4a-0069bd05ca" "object-server 22" 0.0006 "-" 22 0
Mar 20 08:31:06 np0005652756 object-server[121747]: 172.20.0.104 - - [20/Mar/2026:08:31:06 +0000] "GET /d1/896/AUTH_7d343c0d5b2d4120a89e3784e7bef979/gnocchi.59e33ecd-364f-4302-b1f5-64115bad9dc7/1773360000.0_mean_300.0_v3" 404 70 "GET http://172.18.0.184:8080/v1/AUTH_7d343c0d5b2d4120a89e3784e7bef979/gnocchi.59e33ecd-364f-4302-b1f5-64115bad9dc7/1773360000.0_mean_300.0_v3" "tx27e5cd4270c0430490bb0-0069bd05ca" "proxy-server 20" 0.0009 "-" 20 0
Mar 20 08:31:06 np0005652756 object-server[121753]: 172.20.0.105 - - [20/Mar/2026:08:31:06 +0000] "PUT /d1/700/AUTH_7d343c0d5b2d4120a89e3784e7bef979/gnocchi.11b808c1-39aa-4ba7-b414-67a398cd46f1/1773360000.0_mean_300.0_v3" 201 - "PUT http://172.18.0.184:8080/v1/AUTH_7d343c0d5b2d4120a89e3784e7bef979/gnocchi.11b808c1-39aa-4ba7-b414-67a398cd46f1/1773360000.0_mean_300.0_v3" "txf4c1cf5ebb684f05bfe4a-0069bd05ca" "proxy-server 20" 0.0142 "-" 22 0
Mar 20 08:31:06 np0005652756 object-server[121747]: 172.20.0.103 - - [20/Mar/2026:08:31:06 +0000] "PUT /d1/1/AUTH_7d343c0d5b2d4120a89e3784e7bef979/gnocchi.1b23d178-f422-4192-b9ee-3dd1c8892dff/1773360000.0_mean_300.0_v3" 201 - "PUT http://172.18.0.184:8080/v1/AUTH_7d343c0d5b2d4120a89e3784e7bef979/gnocchi.1b23d178-f422-4192-b9ee-3dd1c8892dff/1773360000.0_mean_300.0_v3" "tx978a7bc1a1304fa6845bb-0069bd05ca" "proxy-server 20" 0.0193 "-" 20 0
Mar 20 08:31:06 np0005652756 proxy-server[123249]: 172.18.0.184 172.18.0.104 20/Mar/2026/08/31/06 GET /v1/AUTH_7d343c0d5b2d4120a89e3784e7bef979/gnocchi.59e33ecd-364f-4302-b1f5-64115bad9dc7/1773360000.0_mean_300.0_v3 HTTP/1.0 404 - python-swiftclient-3.11.1 gAAAAABpvQV0UZ3z... - 70 - tx27e5cd4270c0430490bb0-0069bd05ca - 0.0173 - - 1773995466.448979139 1773995466.466325045 0
Mar 20 08:31:06 np0005652756 container-server[121307]: 172.20.0.103 - - [20/Mar/2026:08:31:06 +0000] "PUT /d1/440/AUTH_7d343c0d5b2d4120a89e3784e7bef979/gnocchi.11b808c1-39aa-4ba7-b414-67a398cd46f1/none_v3" 201 - "PUT http://172.18.0.184:8080/d1/707/AUTH_7d343c0d5b2d4120a89e3784e7bef979/gnocchi.11b808c1-39aa-4ba7-b414-67a398cd46f1/none_v3" "txb57db93d1b64481aa70ed-0069bd05ca" "object-server 23" 0.0006 "-" 21 0
Mar 20 08:31:06 np0005652756 object-server[121756]: 172.20.0.105 - - [20/Mar/2026:08:31:06 +0000] "PUT /d1/707/AUTH_7d343c0d5b2d4120a89e3784e7bef979/gnocchi.11b808c1-39aa-4ba7-b414-67a398cd46f1/none_v3" 201 - "PUT http://172.18.0.184:8080/v1/AUTH_7d343c0d5b2d4120a89e3784e7bef979/gnocchi.11b808c1-39aa-4ba7-b414-67a398cd46f1/none_v3" "txb57db93d1b64481aa70ed-0069bd05ca" "proxy-server 20" 0.0112 "-" 23 0
Mar 20 08:31:06 np0005652756 container-server[121307]: 172.20.0.103 - - [20/Mar/2026:08:31:06 +0000] "PUT /d1/143/AUTH_7d343c0d5b2d4120a89e3784e7bef979/gnocchi.59e33ecd-364f-4302-b1f5-64115bad9dc7/1773360000.0_mean_300.0_v3" 201 - "PUT http://172.18.0.184:8080/d1/896/AUTH_7d343c0d5b2d4120a89e3784e7bef979/gnocchi.59e33ecd-364f-4302-b1f5-64115bad9dc7/1773360000.0_mean_300.0_v3" "txade33c16025f4a7f84161-0069bd05ca" "object-server 23" 0.0005 "-" 21 0
Mar 20 08:31:06 np0005652756 object-server[121753]: 172.20.0.104 - - [20/Mar/2026:08:31:06 +0000] "PUT /d1/896/AUTH_7d343c0d5b2d4120a89e3784e7bef979/gnocchi.59e33ecd-364f-4302-b1f5-64115bad9dc7/1773360000.0_mean_300.0_v3" 201 - "PUT http://172.18.0.184:8080/v1/AUTH_7d343c0d5b2d4120a89e3784e7bef979/gnocchi.59e33ecd-364f-4302-b1f5-64115bad9dc7/1773360000.0_mean_300.0_v3" "txade33c16025f4a7f84161-0069bd05ca" "proxy-server 20" 0.0111 "-" 22 0
Mar 20 08:31:06 np0005652756 container-server[121302]: 172.20.0.104 - - [20/Mar/2026:08:31:06 +0000] "PUT /d1/880/AUTH_7d343c0d5b2d4120a89e3784e7bef979/gnocchi.1b23d178-f422-4192-b9ee-3dd1c8892dff/none_v3" 201 - "PUT http://172.18.0.184:8080/d1/830/AUTH_7d343c0d5b2d4120a89e3784e7bef979/gnocchi.1b23d178-f422-4192-b9ee-3dd1c8892dff/none_v3" "tx0d2fc20e149b49b682f9b-0069bd05ca" "object-server 22" 0.0012 "-" 20 0
Mar 20 08:31:06 np0005652756 object-server[121753]: 172.20.0.103 - - [20/Mar/2026:08:31:06 +0000] "PUT /d1/830/AUTH_7d343c0d5b2d4120a89e3784e7bef979/gnocchi.1b23d178-f422-4192-b9ee-3dd1c8892dff/none_v3" 201 - "PUT http://172.18.0.184:8080/v1/AUTH_7d343c0d5b2d4120a89e3784e7bef979/gnocchi.1b23d178-f422-4192-b9ee-3dd1c8892dff/none_v3" "tx0d2fc20e149b49b682f9b-0069bd05ca" "proxy-server 20" 0.0154 "-" 22 0
Mar 20 08:31:06 np0005652756 proxy-server[123249]: 172.18.0.184 172.18.0.104 20/Mar/2026/08/31/06 PUT /v1/AUTH_7d343c0d5b2d4120a89e3784e7bef979/gnocchi.59e33ecd-364f-4302-b1f5-64115bad9dc7/1773360000.0_mean_300.0_v3 HTTP/1.0 201 - python-swiftclient-3.11.1 gAAAAABpvQV0UZ3z... 16 - - txade33c16025f4a7f84161-0069bd05ca - 0.0213 - - 1773995466.471259832 1773995466.492568970 0
Mar 20 08:31:06 np0005652756 container-server[121307]: 172.20.0.105 - - [20/Mar/2026:08:31:06 +0000] "PUT /d1/143/AUTH_7d343c0d5b2d4120a89e3784e7bef979/gnocchi.59e33ecd-364f-4302-b1f5-64115bad9dc7/none_v3" 201 - "PUT http://172.18.0.184:8080/d1/436/AUTH_7d343c0d5b2d4120a89e3784e7bef979/gnocchi.59e33ecd-364f-4302-b1f5-64115bad9dc7/none_v3" "tx8d578c8fe3574b8e8547f-0069bd05ca" "object-server 22" 0.0004 "-" 21 0
Mar 20 08:31:06 np0005652756 container-server[121302]: 172.20.0.103 - - [20/Mar/2026:08:31:06 +0000] "HEAD /d1/326/AUTH_7d343c0d5b2d4120a89e3784e7bef979/gnocchi.e223645d-7929-400f-890b-8fae74227a78" 404 - "HEAD http://172.18.0.184:8080/v1/AUTH_7d343c0d5b2d4120a89e3784e7bef979/gnocchi.e223645d-7929-400f-890b-8fae74227a78?format=json&states=listing" "tx252a56e5ee244bcdbe3d0-0069bd05ca" "proxy-server 20" 0.0005 "-" 20 0
Mar 20 08:31:06 np0005652756 object-server[121756]: 172.20.0.105 - - [20/Mar/2026:08:31:06 +0000] "PUT /d1/436/AUTH_7d343c0d5b2d4120a89e3784e7bef979/gnocchi.59e33ecd-364f-4302-b1f5-64115bad9dc7/none_v3" 201 - "PUT http://172.18.0.184:8080/v1/AUTH_7d343c0d5b2d4120a89e3784e7bef979/gnocchi.59e33ecd-364f-4302-b1f5-64115bad9dc7/none_v3" "tx8d578c8fe3574b8e8547f-0069bd05ca" "proxy-server 20" 0.0136 "-" 23 0
Mar 20 08:31:06 np0005652756 container-server[121311]: 172.20.0.104 - - [20/Mar/2026:08:31:06 +0000] "HEAD /d1/719/AUTH_7d343c0d5b2d4120a89e3784e7bef979/gnocchi.4d20b438-e8fc-4e48-b7a0-57e6b55cd997" 404 - "HEAD http://172.18.0.184:8080/v1/AUTH_7d343c0d5b2d4120a89e3784e7bef979/gnocchi.4d20b438-e8fc-4e48-b7a0-57e6b55cd997?format=json&states=listing" "txa969617605f340c0a448f-0069bd05ca" "proxy-server 20" 0.0003 "-" 23 0
Mar 20 08:31:06 np0005652756 object-server[121747]: 172.20.0.103 - - [20/Mar/2026:08:31:06 +0000] "GET /d1/191/AUTH_7d343c0d5b2d4120a89e3784e7bef979/gnocchi.e223645d-7929-400f-890b-8fae74227a78/none_v3" 404 70 "GET http://172.18.0.184:8080/v1/AUTH_7d343c0d5b2d4120a89e3784e7bef979/gnocchi.e223645d-7929-400f-890b-8fae74227a78/none_v3" "tx252a56e5ee244bcdbe3d0-0069bd05ca" "proxy-server 20" 0.0008 "-" 20 0
Mar 20 08:31:06 np0005652756 object-server[121753]: 172.20.0.104 - - [20/Mar/2026:08:31:06 +0000] "GET /d1/960/AUTH_7d343c0d5b2d4120a89e3784e7bef979/gnocchi.4d20b438-e8fc-4e48-b7a0-57e6b55cd997/none_v3" 404 70 "GET http://172.18.0.184:8080/v1/AUTH_7d343c0d5b2d4120a89e3784e7bef979/gnocchi.4d20b438-e8fc-4e48-b7a0-57e6b55cd997/none_v3" "txa969617605f340c0a448f-0069bd05ca" "proxy-server 20" 0.0003 "-" 22 0
Mar 20 08:31:06 np0005652756 container-server[121307]: 172.20.0.105 - - [20/Mar/2026:08:31:06 +0000] "HEAD /d1/473/AUTH_7d343c0d5b2d4120a89e3784e7bef979/gnocchi.7732769b-73ca-4896-bc98-61e1a44c86ce" 404 - "HEAD http://172.18.0.184:8080/v1/AUTH_7d343c0d5b2d4120a89e3784e7bef979/gnocchi.7732769b-73ca-4896-bc98-61e1a44c86ce?format=json&states=listing" "tx81f0ce2455d84e77b36ed-0069bd05ca" "proxy-server 20" 0.0003 "-" 21 0
Mar 20 08:31:06 np0005652756 proxy-server[123249]: 172.18.0.105 172.18.0.104 20/Mar/2026/08/31/06 GET /v1/AUTH_7d343c0d5b2d4120a89e3784e7bef979/gnocchi.4d20b438-e8fc-4e48-b7a0-57e6b55cd997/none_v3 HTTP/1.0 404 - python-swiftclient-3.11.1 gAAAAABpvQUzfcJv... - 70 - txa969617605f340c0a448f-0069bd05ca - 0.0228 - - 1773995466.514975786 1773995466.537739038 0
Mar 20 08:31:06 np0005652756 object-server[121756]: 172.20.0.105 - - [20/Mar/2026:08:31:06 +0000] "GET /d1/447/AUTH_7d343c0d5b2d4120a89e3784e7bef979/gnocchi.7732769b-73ca-4896-bc98-61e1a44c86ce/none_v3" 404 70 "GET http://172.18.0.184:8080/v1/AUTH_7d343c0d5b2d4120a89e3784e7bef979/gnocchi.7732769b-73ca-4896-bc98-61e1a44c86ce/none_v3" "tx81f0ce2455d84e77b36ed-0069bd05ca" "proxy-server 20" 0.0003 "-" 23 0
Mar 20 08:31:06 np0005652756 container-server[121307]: 172.20.0.103 - - [20/Mar/2026:08:31:06 +0000] "PUT /d1/326/AUTH_7d343c0d5b2d4120a89e3784e7bef979/gnocchi.e223645d-7929-400f-890b-8fae74227a78" 201 - "PUT http://172.18.0.184:8080/v1/AUTH_7d343c0d5b2d4120a89e3784e7bef979/gnocchi.e223645d-7929-400f-890b-8fae74227a78" "txa91fef0bcf38404a9f052-0069bd05ca" "proxy-server 20" 0.0140 "-" 21 0
Mar 20 08:31:06 np0005652756 account-server[121249]: 172.20.0.103 - - [20/Mar/2026:08:31:06 +0000] "PUT /d1/117/AUTH_7d343c0d5b2d4120a89e3784e7bef979/gnocchi.e223645d-7929-400f-890b-8fae74227a78" 201 - "PUT http://172.20.0.103:6001/d1/326/AUTH_7d343c0d5b2d4120a89e3784e7bef979/gnocchi.e223645d-7929-400f-890b-8fae74227a78" "txa91fef0bcf38404a9f052-0069bd05ca" "container-server 20" 0.0044 "-" 18 0
Mar 20 08:31:06 np0005652756 account-server[121269]: 172.20.0.103 - - [20/Mar/2026:08:31:06 +0000] "PUT /d1/117/AUTH_7d343c0d5b2d4120a89e3784e7bef979/gnocchi.4d20b438-e8fc-4e48-b7a0-57e6b55cd997" 201 - "PUT http://172.20.0.103:6001/d1/719/AUTH_7d343c0d5b2d4120a89e3784e7bef979/gnocchi.4d20b438-e8fc-4e48-b7a0-57e6b55cd997" "tx09145795920b487dbbabb-0069bd05ca" "container-server 22" 0.0074 "-" 21 0
Mar 20 08:31:06 np0005652756 container-server[121311]: 172.20.0.104 - - [20/Mar/2026:08:31:06 +0000] "PUT /d1/719/AUTH_7d343c0d5b2d4120a89e3784e7bef979/gnocchi.4d20b438-e8fc-4e48-b7a0-57e6b55cd997" 201 - "PUT http://172.18.0.184:8080/v1/AUTH_7d343c0d5b2d4120a89e3784e7bef979/gnocchi.4d20b438-e8fc-4e48-b7a0-57e6b55cd997" "tx09145795920b487dbbabb-0069bd05ca" "proxy-server 20" 0.0236 "-" 23 0
Mar 20 08:31:06 np0005652756 account-server[121249]: 172.20.0.104 - - [20/Mar/2026:08:31:06 +0000] "PUT /d1/117/AUTH_7d343c0d5b2d4120a89e3784e7bef979/gnocchi.7732769b-73ca-4896-bc98-61e1a44c86ce" 201 - "PUT http://172.20.0.104:6001/d1/473/AUTH_7d343c0d5b2d4120a89e3784e7bef979/gnocchi.7732769b-73ca-4896-bc98-61e1a44c86ce" "txf03dbcc12e9344bb88329-0069bd05ca" "container-server 22" 0.0041 "-" 18 0
