Mar 20 08:33:09 np0005652756 object-server[233112]: Object audit (ZBF). Since Fri Mar 20 08:33:09 2026: Locally: 1 passed, 0 quarantined, 0 errors, files/sec: 903.36, bytes/sec: 0.00, Total time: 0.00, Auditing time: 0.00, Rate: 0.00
Mar 20 08:33:09 np0005652756 object-server[233113]: Begin object audit "forever" mode (ALL)
Mar 20 08:33:09 np0005652756 object-server[233113]: Object audit (ALL). Since Fri Mar 20 08:33:09 2026: Locally: 1 passed, 0 quarantined, 0 errors, files/sec: 150.29, bytes/sec: 2404.65, Total time: 0.01, Auditing time: 0.00, Rate: 0.00
Mar 20 08:33:10 np0005652756 object-server[233112]: Object audit (ZBF) "forever" mode completed: 0.84s. Total quarantined: 0, Total errors: 0, Total files/sec: 52.22, Total bytes/sec: 0.00, Auditing time: 0.83, Rate: 0.99
Mar 20 08:33:11 np0005652756 object-server[233113]: Object audit (ALL) "forever" mode completed: 2.11s. Total quarantined: 0, Total errors: 0, Total files/sec: 20.87, Total bytes/sec: 401.27, Auditing time: 2.10, Rate: 0.99
Mar 20 08:33:17 np0005652756 container-server[121385]: Begin container update sweep
Mar 20 08:33:17 np0005652756 account-server[121229]: 172.20.0.104 - - [20/Mar/2026:08:33:17 +0000] "PUT /d1/117/AUTH_7d343c0d5b2d4120a89e3784e7bef979/gnocchi.60ade2c9-b5a8-4986-95b9-9528da1eb682" 201 - "-" "-" "container-updater 2" 0.0009 "-" 17 0
Mar 20 08:33:18 np0005652756 account-server[121277]: 172.20.0.104 - - [20/Mar/2026:08:33:18 +0000] "PUT /d1/117/AUTH_7d343c0d5b2d4120a89e3784e7bef979/gnocchi.7232b695-1fa3-451a-8a9f-e8a97d6688be" 201 - "-" "-" "container-updater 2" 0.0006 "-" 22 0
Mar 20 08:33:18 np0005652756 account-server[121249]: 172.20.0.104 - - [20/Mar/2026:08:33:18 +0000] "PUT /d1/117/AUTH_7d343c0d5b2d4120a89e3784e7bef979/gnocchi.76ac617c-f62d-4743-9550-5dac796ab416" 201 - "-" "-" "container-updater 2" 0.0006 "-" 18 0
Mar 20 08:33:18 np0005652756 account-server[121249]: 172.20.0.104 - - [20/Mar/2026:08:33:18 +0000] "PUT /d1/117/AUTH_7d343c0d5b2d4120a89e3784e7bef979/gnocchi.1b23d178-f422-4192-b9ee-3dd1c8892dff" 201 - "-" "-" "container-updater 2" 0.0009 "-" 18 0
Mar 20 08:33:18 np0005652756 account-server[121249]: 172.20.0.104 - - [20/Mar/2026:08:33:18 +0000] "PUT /d1/117/AUTH_7d343c0d5b2d4120a89e3784e7bef979/gnocchi.7732769b-73ca-4896-bc98-61e1a44c86ce" 201 - "-" "-" "container-updater 2" 0.0006 "-" 18 0
Mar 20 08:33:18 np0005652756 account-server[121277]: 172.20.0.104 - - [20/Mar/2026:08:33:18 +0000] "PUT /d1/117/AUTH_7d343c0d5b2d4120a89e3784e7bef979/gnocchi.8f866d48-5cbf-42ec-83d2-437c471232a1" 201 - "-" "-" "container-updater 2" 0.0007 "-" 22 0
Mar 20 08:33:18 np0005652756 account-server[121277]: 172.20.0.104 - - [20/Mar/2026:08:33:18 +0000] "PUT /d1/117/AUTH_7d343c0d5b2d4120a89e3784e7bef979/gnocchi.4d20b438-e8fc-4e48-b7a0-57e6b55cd997" 201 - "-" "-" "container-updater 2" 0.0004 "-" 22 0
Mar 20 08:33:18 np0005652756 account-server[121249]: 172.20.0.104 - - [20/Mar/2026:08:33:18 +0000] "PUT /d1/117/AUTH_7d343c0d5b2d4120a89e3784e7bef979/gnocchi.59e33ecd-364f-4302-b1f5-64115bad9dc7" 201 - "-" "-" "container-updater 2" 0.0007 "-" 18 0
Mar 20 08:33:18 np0005652756 account-server[121269]: 172.20.0.104 - - [20/Mar/2026:08:33:18 +0000] "PUT /d1/117/AUTH_7d343c0d5b2d4120a89e3784e7bef979/gnocchi.c19c53c3-a313-44ef-8f8a-504195eb6341" 201 - "-" "-" "container-updater 2" 0.0006 "-" 21 0
Mar 20 08:33:18 np0005652756 account-server[121277]: 172.20.0.104 - - [20/Mar/2026:08:33:18 +0000] "PUT /d1/117/AUTH_7d343c0d5b2d4120a89e3784e7bef979/gnocchi.9d81c3b2-5af8-43f4-8df3-c1120a30577c" 201 - "-" "-" "container-updater 2" 0.0004 "-" 22 0
Mar 20 08:33:18 np0005652756 account-server[121229]: 172.20.0.104 - - [20/Mar/2026:08:33:18 +0000] "PUT /d1/117/AUTH_7d343c0d5b2d4120a89e3784e7bef979/gnocchi.c0746cf1-494f-4ceb-a04d-b0d4ab0d3b8e" 201 - "-" "-" "container-updater 2" 0.0009 "-" 17 0
Mar 20 08:33:18 np0005652756 account-server[121269]: 172.20.0.104 - - [20/Mar/2026:08:33:18 +0000] "PUT /d1/117/AUTH_7d343c0d5b2d4120a89e3784e7bef979/gnocchi.daaec908-b1ed-476a-b78a-972763f92e2c" 201 - "-" "-" "container-updater 2" 0.0006 "-" 21 0
Mar 20 08:33:18 np0005652756 account-server[121277]: 172.20.0.104 - - [20/Mar/2026:08:33:18 +0000] "PUT /d1/117/AUTH_7d343c0d5b2d4120a89e3784e7bef979/gnocchi.11b808c1-39aa-4ba7-b414-67a398cd46f1" 201 - "-" "-" "container-updater 2" 0.0004 "-" 22 0
Mar 20 08:33:18 np0005652756 account-server[121229]: 172.20.0.104 - - [20/Mar/2026:08:33:18 +0000] "PUT /d1/117/AUTH_7d343c0d5b2d4120a89e3784e7bef979/gnocchi.ff28d155-2754-47ee-9e3f-3308bc371b66" 201 - "-" "-" "container-updater 2" 0.0005 "-" 17 0
Mar 20 08:33:18 np0005652756 account-server[121269]: 172.20.0.104 - - [20/Mar/2026:08:33:18 +0000] "PUT /d1/117/AUTH_7d343c0d5b2d4120a89e3784e7bef979/gnocchi.e6a18a94-ec9c-402d-96ae-77ef0a8f8b86" 201 - "-" "-" "container-updater 2" 0.0009 "-" 21 0
Mar 20 08:33:19 np0005652756 account-server[121229]: 172.20.0.104 - - [20/Mar/2026:08:33:19 +0000] "PUT /d1/117/AUTH_7d343c0d5b2d4120a89e3784e7bef979/gnocchi.e223645d-7929-400f-890b-8fae74227a78" 201 - "-" "-" "container-updater 2" 0.0008 "-" 17 0
Mar 20 08:33:19 np0005652756 account-server[121277]: 172.20.0.104 - - [20/Mar/2026:08:33:19 +0000] "PUT /d1/117/AUTH_7d343c0d5b2d4120a89e3784e7bef979/gnocchi.6464facd-49e8-4201-ad60-a18601ae1aea" 201 - "-" "-" "container-updater 2" 0.0008 "-" 22 0
Mar 20 08:33:19 np0005652756 account-server[121229]: 172.20.0.104 - - [20/Mar/2026:08:33:19 +0000] "PUT /d1/117/AUTH_7d343c0d5b2d4120a89e3784e7bef979/gnocchi.0ee296e9-ee07-4d48-b262-1f289e1f549d" 201 - "-" "-" "container-updater 2" 0.0008 "-" 17 0
Mar 20 08:33:19 np0005652756 account-server[121269]: 172.20.0.104 - - [20/Mar/2026:08:33:19 +0000] "PUT /d1/117/AUTH_7d343c0d5b2d4120a89e3784e7bef979/gnocchi.9351f380-1710-4b28-8099-73358c666fff" 201 - "-" "-" "container-updater 2" 0.0007 "-" 21 0
Mar 20 08:33:19 np0005652756 account-server[121269]: 172.20.0.104 - - [20/Mar/2026:08:33:19 +0000] "PUT /d1/117/AUTH_7d343c0d5b2d4120a89e3784e7bef979/gnocchi.0612a46f-7d55-4806-9220-fb51651bab5c" 201 - "-" "-" "container-updater 2" 0.0006 "-" 21 0
Mar 20 08:33:19 np0005652756 account-server[121269]: 172.20.0.104 - - [20/Mar/2026:08:33:19 +0000] "PUT /d1/117/AUTH_7d343c0d5b2d4120a89e3784e7bef979/gnocchi.5b0525e2-9837-4bde-aae3-1eb583b57fa4" 201 - "-" "-" "container-updater 2" 0.0006 "-" 21 0
Mar 20 08:33:19 np0005652756 account-server[121249]: 172.20.0.104 - - [20/Mar/2026:08:33:19 +0000] "PUT /d1/117/AUTH_7d343c0d5b2d4120a89e3784e7bef979/gnocchi.91f7a7a9-5374-4fe8-8166-461366a0b840" 201 - "-" "-" "container-updater 2" 0.0007 "-" 18 0
Mar 20 08:33:19 np0005652756 container-server[121385]: Container update sweep completed: 1.77s
Mar 20 08:33:22 np0005652756 account-server[120782]: Beginning replication run
Mar 20 08:33:22 np0005652756 account-server[120782]: Replication run OVER
Mar 20 08:33:22 np0005652756 account-server[120782]: Attempted to replicate 1 dbs in 0.04929 seconds (20.28778/s)
Mar 20 08:33:22 np0005652756 account-server[120782]: Removed 0 dbs
Mar 20 08:33:22 np0005652756 account-server[120782]: 2 successes, 0 failures
Mar 20 08:33:22 np0005652756 account-server[120782]: diff:0 diff_capped:0 empty:0 hashmatch:0 no_change:2 remote_merge:0 rsync:0 ts_repl:0
Mar 20 08:33:24 np0005652756 container-server[120908]: Beginning replication run
Mar 20 08:33:24 np0005652756 container-server[120908]: Replication run OVER
Mar 20 08:33:24 np0005652756 container-server[120908]: Attempted to replicate 22 dbs in 0.43520 seconds (50.55132/s)
Mar 20 08:33:24 np0005652756 container-server[120908]: Removed 0 dbs
Mar 20 08:33:24 np0005652756 container-server[120908]: 44 successes, 0 failures
Mar 20 08:33:24 np0005652756 container-server[120908]: diff:0 diff_capped:0 empty:0 hashmatch:0 no_change:44 remote_merge:0 rsync:0 ts_repl:0
Mar 20 08:33:39 np0005652756 object-server[121359]: Starting object replication pass.
Mar 20 08:33:39 np0005652756 object-server[121359]: 42/42 (100.00%) partitions replicated in 0.43s (98.63/sec, 0s remaining)
Mar 20 08:33:39 np0005652756 object-server[121359]: 84 successes, 0 failures
Mar 20 08:33:39 np0005652756 object-server[121359]: 44 suffixes checked - 0.00% hashed, 0.00% synced
Mar 20 08:33:39 np0005652756 object-server[121359]: Partition times: max 0.0138s, min 0.0064s, med 0.0096s
Mar 20 08:33:39 np0005652756 object-server[121359]: Object replication complete. (0.01 minutes)
Mar 20 08:33:40 np0005652756 object-server[233203]: Begin object audit "forever" mode (ZBF)
Mar 20 08:33:40 np0005652756 object-server[233203]: Object audit (ZBF). Since Fri Mar 20 08:33:40 2026: Locally: 1 passed, 0 quarantined, 0 errors, files/sec: 481.83, bytes/sec: 0.00, Total time: 0.00, Auditing time: 0.00, Rate: 0.00
Mar 20 08:33:41 np0005652756 object-server[233203]: Object audit (ZBF) "forever" mode completed: 0.84s. Total quarantined: 0, Total errors: 0, Total files/sec: 52.17, Total bytes/sec: 0.00, Auditing time: 0.83, Rate: 0.99
Mar 20 08:33:51 np0005652756 account-server[121229]: 172.20.0.103 - - [20/Mar/2026:08:33:51 +0000] "HEAD /d1/238/.expiring_objects" 404 - "HEAD http://localhost/v1/.expiring_objects?format=json" "txd710644b16b847889bd44-0069bd066f" "proxy-server 2" 0.0006 "-" 17 -
Mar 20 08:33:52 np0005652756 account-server[120782]: Beginning replication run
Mar 20 08:33:52 np0005652756 account-server[120782]: Replication run OVER
Mar 20 08:33:52 np0005652756 account-server[120782]: Attempted to replicate 1 dbs in 0.01842 seconds (54.27944/s)
Mar 20 08:33:52 np0005652756 account-server[120782]: Removed 0 dbs
Mar 20 08:33:52 np0005652756 account-server[120782]: 2 successes, 0 failures
Mar 20 08:33:52 np0005652756 account-server[120782]: diff:0 diff_capped:0 empty:0 hashmatch:0 no_change:2 remote_merge:0 rsync:0 ts_repl:0
Mar 20 08:33:54 np0005652756 container-server[120908]: Beginning replication run
Mar 20 08:33:54 np0005652756 container-server[120908]: Replication run OVER
Mar 20 08:33:54 np0005652756 container-server[120908]: Attempted to replicate 22 dbs in 0.43406 seconds (50.68410/s)
Mar 20 08:33:54 np0005652756 container-server[120908]: Removed 0 dbs
Mar 20 08:33:54 np0005652756 container-server[120908]: 44 successes, 0 failures
Mar 20 08:33:54 np0005652756 container-server[120908]: diff:0 diff_capped:0 empty:0 hashmatch:0 no_change:44 remote_merge:0 rsync:0 ts_repl:0
Mar 20 08:34:09 np0005652756 object-server[121359]: Starting object replication pass.
Mar 20 08:34:10 np0005652756 object-server[121359]: 42/42 (100.00%) partitions replicated in 0.43s (97.74/sec, 0s remaining)
Mar 20 08:34:10 np0005652756 object-server[121359]: 84 successes, 0 failures
Mar 20 08:34:10 np0005652756 object-server[121359]: 44 suffixes checked - 0.00% hashed, 0.00% synced
Mar 20 08:34:10 np0005652756 object-server[121359]: Partition times: max 0.0172s, min 0.0044s, med 0.0089s
Mar 20 08:34:10 np0005652756 object-server[121359]: Object replication complete. (0.01 minutes)
Mar 20 08:34:11 np0005652756 object-server[239228]: Begin object audit "forever" mode (ALL)
Mar 20 08:34:11 np0005652756 object-server[239227]: Begin object audit "forever" mode (ZBF)
Mar 20 08:34:11 np0005652756 object-server[239227]: Object audit (ZBF). Since Fri Mar 20 08:34:11 2026: Locally: 1 passed, 0 quarantined, 0 errors, files/sec: 549.35, bytes/sec: 0.00, Total time: 0.00, Auditing time: 0.00, Rate: 0.00
Mar 20 08:34:11 np0005652756 object-server[239228]: Object audit (ALL). Since Fri Mar 20 08:34:11 2026: Locally: 1 passed, 0 quarantined, 0 errors, files/sec: 121.84, bytes/sec: 1949.48, Total time: 0.01, Auditing time: 0.00, Rate: 0.00
Mar 20 08:34:12 np0005652756 account-server[121229]: 172.20.0.104 - - [20/Mar/2026:08:34:12 +0000] "HEAD /d1/238/.expiring_objects" 404 - "HEAD http://localhost/v1/.expiring_objects?format=json" "tx272610985eac48f8944ca-0069bd0684" "proxy-server 2" 0.0005 "-" 17 -
Mar 20 08:34:12 np0005652756 object-expirer[121406]: Pass completed in 0s; 0 objects expired (txn: tx272610985eac48f8944ca-0069bd0684)
Mar 20 08:34:12 np0005652756 object-server[239227]: Object audit (ZBF) "forever" mode completed: 0.84s. Total quarantined: 0, Total errors: 0, Total files/sec: 52.17, Total bytes/sec: 0.00, Auditing time: 0.83, Rate: 0.99
Mar 20 08:34:13 np0005652756 object-server[239228]: Object audit (ALL) "forever" mode completed: 2.11s. Total quarantined: 0, Total errors: 0, Total files/sec: 20.85, Total bytes/sec: 400.86, Auditing time: 2.10, Rate: 0.99
Mar 20 08:34:22 np0005652756 account-server[120782]: Beginning replication run
Mar 20 08:34:22 np0005652756 account-server[120782]: Replication run OVER
Mar 20 08:34:22 np0005652756 account-server[120782]: Attempted to replicate 1 dbs in 0.02117 seconds (47.23346/s)
Mar 20 08:34:22 np0005652756 account-server[120782]: Removed 0 dbs
Mar 20 08:34:22 np0005652756 account-server[120782]: 2 successes, 0 failures
Mar 20 08:34:22 np0005652756 account-server[120782]: diff:0 diff_capped:0 empty:0 hashmatch:0 no_change:2 remote_merge:0 rsync:0 ts_repl:0
Mar 20 08:34:24 np0005652756 container-server[120908]: Beginning replication run
Mar 20 08:34:24 np0005652756 container-server[120908]: Replication run OVER
Mar 20 08:34:24 np0005652756 container-server[120908]: Attempted to replicate 22 dbs in 0.43602 seconds (50.45607/s)
Mar 20 08:34:24 np0005652756 container-server[120908]: Removed 0 dbs
Mar 20 08:34:24 np0005652756 container-server[120908]: 44 successes, 0 failures
Mar 20 08:34:24 np0005652756 container-server[120908]: diff:0 diff_capped:0 empty:0 hashmatch:0 no_change:44 remote_merge:0 rsync:0 ts_repl:0
Mar 20 08:34:29 np0005652756 account-server[121229]: 172.20.0.103 - - [20/Mar/2026:08:34:29 +0000] "HEAD /d1/238/.expiring_objects" 404 - "HEAD http://localhost/v1/.expiring_objects?format=json" "txf4fbf951466c4fd2b292a-0069bd0695" "proxy-server 2" 0.0006 "-" 17 -
Mar 20 08:34:39 np0005652756 account-server[121277]: 172.20.0.105 - - [20/Mar/2026:08:34:39 +0000] "HEAD /d1/238/.expiring_objects" 404 - "HEAD http://localhost/v1/.expiring_objects?format=json" "tx4d95dd0614ae440d9d76b-0069bd069f" "proxy-server 2" 0.0004 "-" 22 -
Mar 20 08:34:40 np0005652756 object-server[121359]: Starting object replication pass.
Mar 20 08:34:40 np0005652756 object-server[121359]: 42/42 (100.00%) partitions replicated in 0.38s (110.46/sec, 0s remaining)
Mar 20 08:34:40 np0005652756 object-server[121359]: 84 successes, 0 failures
Mar 20 08:34:40 np0005652756 object-server[121359]: 44 suffixes checked - 0.00% hashed, 0.00% synced
Mar 20 08:34:40 np0005652756 object-server[121359]: Partition times: max 0.0188s, min 0.0064s, med 0.0082s
Mar 20 08:34:40 np0005652756 object-server[121359]: Object replication complete. (0.01 minutes)
Mar 20 08:34:42 np0005652756 object-server[239346]: Begin object audit "forever" mode (ZBF)
Mar 20 08:34:42 np0005652756 object-server[239346]: Object audit (ZBF). Since Fri Mar 20 08:34:42 2026: Locally: 1 passed, 0 quarantined, 0 errors, files/sec: 562.84, bytes/sec: 0.00, Total time: 0.00, Auditing time: 0.00, Rate: 0.00
Mar 20 08:34:43 np0005652756 object-server[239346]: Object audit (ZBF) "forever" mode completed: 0.84s. Total quarantined: 0, Total errors: 0, Total files/sec: 52.18, Total bytes/sec: 0.00, Auditing time: 0.83, Rate: 0.99
Mar 20 08:34:50 np0005652756 object-server[121731]: Begin object update sweep
Mar 20 08:34:50 np0005652756 object-server[242811]: Object update sweep starting on /srv/node/d1 (pid: 15)
Mar 20 08:34:50 np0005652756 object-server[242811]: Object update sweep completed on /srv/node/d1 in 0.00s seconds:, 0 successes, 0 failures, 0 quarantines, 0 unlinks, 0 errors, 0 redirects (pid: 15)
Mar 20 08:34:50 np0005652756 object-server[242811]: Object update sweep of d1 completed: 0.00s, 0 successes, 0 failures, 0 quarantines, 0 unlinks, 0 errors, 0 redirects
Mar 20 08:34:50 np0005652756 object-server[121731]: Object update sweep completed: 0.14s
Mar 20 08:34:52 np0005652756 account-server[120782]: Beginning replication run
Mar 20 08:34:52 np0005652756 account-server[120782]: Replication run OVER
Mar 20 08:34:52 np0005652756 account-server[120782]: Attempted to replicate 1 dbs in 0.01926 seconds (51.92743/s)
Mar 20 08:34:52 np0005652756 account-server[120782]: Removed 0 dbs
Mar 20 08:34:52 np0005652756 account-server[120782]: 2 successes, 0 failures
Mar 20 08:34:52 np0005652756 account-server[120782]: diff:0 diff_capped:0 empty:0 hashmatch:0 no_change:2 remote_merge:0 rsync:0 ts_repl:0
Mar 20 08:34:54 np0005652756 container-server[120908]: Beginning replication run
Mar 20 08:34:54 np0005652756 container-server[120908]: Replication run OVER
Mar 20 08:34:54 np0005652756 container-server[120908]: Attempted to replicate 22 dbs in 0.57208 seconds (38.45645/s)
Mar 20 08:34:54 np0005652756 container-server[120908]: Removed 0 dbs
Mar 20 08:34:54 np0005652756 container-server[120908]: 44 successes, 0 failures
Mar 20 08:34:54 np0005652756 container-server[120908]: diff:0 diff_capped:0 empty:0 hashmatch:0 no_change:44 remote_merge:0 rsync:0 ts_repl:0
Mar 20 08:35:10 np0005652756 object-server[121359]: Starting object replication pass.
Mar 20 08:35:11 np0005652756 object-server[121359]: 42/42 (100.00%) partitions replicated in 0.43s (97.94/sec, 0s remaining)
Mar 20 08:35:11 np0005652756 object-server[121359]: 84 successes, 0 failures
Mar 20 08:35:11 np0005652756 object-server[121359]: 44 suffixes checked - 0.00% hashed, 0.00% synced
Mar 20 08:35:11 np0005652756 object-server[121359]: Partition times: max 0.0182s, min 0.0071s, med 0.0092s
Mar 20 08:35:11 np0005652756 object-server[121359]: Object replication complete. (0.01 minutes)
Mar 20 08:35:13 np0005652756 object-server[245143]: Begin object audit "forever" mode (ZBF)
Mar 20 08:35:13 np0005652756 object-server[245143]: Object audit (ZBF). Since Fri Mar 20 08:35:13 2026: Locally: 1 passed, 0 quarantined, 0 errors, files/sec: 1009.70, bytes/sec: 0.00, Total time: 0.00, Auditing time: 0.00, Rate: 0.00
Mar 20 08:35:13 np0005652756 object-server[245144]: Begin object audit "forever" mode (ALL)
Mar 20 08:35:13 np0005652756 object-server[245144]: Object audit (ALL). Since Fri Mar 20 08:35:13 2026: Locally: 1 passed, 0 quarantined, 0 errors, files/sec: 136.21, bytes/sec: 2179.43, Total time: 0.01, Auditing time: 0.00, Rate: 0.00
Mar 20 08:35:14 np0005652756 object-server[245143]: Object audit (ZBF) "forever" mode completed: 0.84s. Total quarantined: 0, Total errors: 0, Total files/sec: 52.22, Total bytes/sec: 0.00, Auditing time: 0.83, Rate: 0.99
Mar 20 08:35:15 np0005652756 object-server[245144]: Object audit (ALL) "forever" mode completed: 2.11s. Total quarantined: 0, Total errors: 0, Total files/sec: 20.86, Total bytes/sec: 401.03, Auditing time: 2.10, Rate: 0.99
Mar 20 08:35:22 np0005652756 account-server[120782]: Beginning replication run
Mar 20 08:35:22 np0005652756 account-server[120782]: Replication run OVER
Mar 20 08:35:22 np0005652756 account-server[120782]: Attempted to replicate 1 dbs in 0.01735 seconds (57.65095/s)
Mar 20 08:35:22 np0005652756 account-server[120782]: Removed 0 dbs
Mar 20 08:35:22 np0005652756 account-server[120782]: 2 successes, 0 failures
Mar 20 08:35:22 np0005652756 account-server[120782]: diff:0 diff_capped:0 empty:0 hashmatch:0 no_change:2 remote_merge:0 rsync:0 ts_repl:0
Mar 20 08:35:24 np0005652756 container-server[120908]: Beginning replication run
Mar 20 08:35:24 np0005652756 container-server[120908]: Replication run OVER
Mar 20 08:35:24 np0005652756 container-server[120908]: Attempted to replicate 22 dbs in 0.43834 seconds (50.18940/s)
Mar 20 08:35:24 np0005652756 container-server[120908]: Removed 0 dbs
Mar 20 08:35:24 np0005652756 container-server[120908]: 44 successes, 0 failures
Mar 20 08:35:24 np0005652756 container-server[120908]: diff:0 diff_capped:0 empty:0 hashmatch:0 no_change:44 remote_merge:0 rsync:0 ts_repl:0
Mar 20 08:35:41 np0005652756 object-server[121359]: Starting object replication pass.
Mar 20 08:35:41 np0005652756 object-server[121359]: 42/42 (100.00%) partitions replicated in 0.37s (114.59/sec, 0s remaining)
Mar 20 08:35:41 np0005652756 object-server[121359]: 84 successes, 0 failures
Mar 20 08:35:41 np0005652756 object-server[121359]: 44 suffixes checked - 0.00% hashed, 0.00% synced
Mar 20 08:35:41 np0005652756 object-server[121359]: Partition times: max 0.0142s, min 0.0062s, med 0.0078s
Mar 20 08:35:41 np0005652756 object-server[121359]: Object replication complete. (0.01 minutes)
Mar 20 08:35:44 np0005652756 object-server[245242]: Begin object audit "forever" mode (ZBF)
Mar 20 08:35:44 np0005652756 object-server[245242]: Object audit (ZBF). Since Fri Mar 20 08:35:44 2026: Locally: 1 passed, 0 quarantined, 0 errors, files/sec: 517.43, bytes/sec: 0.00, Total time: 0.00, Auditing time: 0.00, Rate: 0.00
Mar 20 08:35:45 np0005652756 object-server[245242]: Object audit (ZBF) "forever" mode completed: 0.84s. Total quarantined: 0, Total errors: 0, Total files/sec: 52.17, Total bytes/sec: 0.00, Auditing time: 0.83, Rate: 0.99
Mar 20 08:35:52 np0005652756 account-server[120782]: Beginning replication run
Mar 20 08:35:52 np0005652756 account-server[120782]: Replication run OVER
Mar 20 08:35:52 np0005652756 account-server[120782]: Attempted to replicate 1 dbs in 0.01707 seconds (58.57769/s)
Mar 20 08:35:52 np0005652756 account-server[120782]: Removed 0 dbs
Mar 20 08:35:52 np0005652756 account-server[120782]: 2 successes, 0 failures
Mar 20 08:35:52 np0005652756 account-server[120782]: diff:0 diff_capped:0 empty:0 hashmatch:0 no_change:2 remote_merge:0 rsync:0 ts_repl:0
Mar 20 08:35:54 np0005652756 container-server[120908]: Beginning replication run
Mar 20 08:35:54 np0005652756 container-server[120908]: Replication run OVER
Mar 20 08:35:54 np0005652756 container-server[120908]: Attempted to replicate 22 dbs in 0.43240 seconds (50.87903/s)
Mar 20 08:35:54 np0005652756 container-server[120908]: Removed 0 dbs
Mar 20 08:35:54 np0005652756 container-server[120908]: 44 successes, 0 failures
Mar 20 08:35:54 np0005652756 container-server[120908]: diff:0 diff_capped:0 empty:0 hashmatch:0 no_change:44 remote_merge:0 rsync:0 ts_repl:0
Mar 20 08:35:59 np0005652756 account-server[121229]: 172.20.0.105 - - [20/Mar/2026:08:35:59 +0000] "PUT /d1/117/AUTH_7d343c0d5b2d4120a89e3784e7bef979/gnocchi.4d20b438-e8fc-4e48-b7a0-57e6b55cd997" 201 - "-" "-" "container-updater 2" 0.0008 "-" 17 0
Mar 20 08:36:00 np0005652756 account-server[121277]: 172.20.0.105 - - [20/Mar/2026:08:36:00 +0000] "PUT /d1/117/AUTH_7d343c0d5b2d4120a89e3784e7bef979/gnocchi.1b23d178-f422-4192-b9ee-3dd1c8892dff" 201 - "-" "-" "container-updater 2" 0.0005 "-" 22 0
Mar 20 08:36:00 np0005652756 account-server[121229]: 172.20.0.105 - - [20/Mar/2026:08:36:00 +0000] "PUT /d1/117/AUTH_7d343c0d5b2d4120a89e3784e7bef979/gnocchi.76ac617c-f62d-4743-9550-5dac796ab416" 201 - "-" "-" "container-updater 2" 0.0005 "-" 17 0
Mar 20 08:36:00 np0005652756 account-server[121229]: 172.20.0.105 - - [20/Mar/2026:08:36:00 +0000] "PUT /d1/117/AUTH_7d343c0d5b2d4120a89e3784e7bef979/gnocchi.7732769b-73ca-4896-bc98-61e1a44c86ce" 201 - "-" "-" "container-updater 2" 0.0007 "-" 17 0
Mar 20 08:36:00 np0005652756 account-server[121249]: 172.20.0.105 - - [20/Mar/2026:08:36:00 +0000] "PUT /d1/117/AUTH_7d343c0d5b2d4120a89e3784e7bef979/gnocchi.60ade2c9-b5a8-4986-95b9-9528da1eb682" 201 - "-" "-" "container-updater 2" 0.0008 "-" 18 0
Mar 20 08:36:00 np0005652756 account-server[121229]: 172.20.0.105 - - [20/Mar/2026:08:36:00 +0000] "PUT /d1/117/AUTH_7d343c0d5b2d4120a89e3784e7bef979/gnocchi.e223645d-7929-400f-890b-8fae74227a78" 201 - "-" "-" "container-updater 2" 0.0011 "-" 17 0
Mar 20 08:36:00 np0005652756 account-server[121277]: 172.20.0.105 - - [20/Mar/2026:08:36:00 +0000] "PUT /d1/117/AUTH_7d343c0d5b2d4120a89e3784e7bef979/gnocchi.c0746cf1-494f-4ceb-a04d-b0d4ab0d3b8e" 201 - "-" "-" "container-updater 2" 0.0007 "-" 22 0
Mar 20 08:36:00 np0005652756 account-server[121229]: 172.20.0.105 - - [20/Mar/2026:08:36:00 +0000] "PUT /d1/117/AUTH_7d343c0d5b2d4120a89e3784e7bef979/gnocchi.59e33ecd-364f-4302-b1f5-64115bad9dc7" 201 - "-" "-" "container-updater 2" 0.0013 "-" 17 0
Mar 20 08:36:00 np0005652756 account-server[121277]: 172.20.0.105 - - [20/Mar/2026:08:36:00 +0000] "PUT /d1/117/AUTH_7d343c0d5b2d4120a89e3784e7bef979/gnocchi.0612a46f-7d55-4806-9220-fb51651bab5c" 201 - "-" "-" "container-updater 2" 0.0008 "-" 22 0
Mar 20 08:36:01 np0005652756 account-server[121277]: 172.20.0.105 - - [20/Mar/2026:08:36:01 +0000] "PUT /d1/117/AUTH_7d343c0d5b2d4120a89e3784e7bef979/gnocchi.ff28d155-2754-47ee-9e3f-3308bc371b66" 201 - "-" "-" "container-updater 2" 0.0005 "-" 22 0
Mar 20 08:36:01 np0005652756 account-server[121249]: 172.20.0.105 - - [20/Mar/2026:08:36:01 +0000] "PUT /d1/117/AUTH_7d343c0d5b2d4120a89e3784e7bef979/gnocchi.8f866d48-5cbf-42ec-83d2-437c471232a1" 201 - "-" "-" "container-updater 2" 0.0006 "-" 18 0
Mar 20 08:36:01 np0005652756 account-server[121249]: 172.20.0.105 - - [20/Mar/2026:08:36:01 +0000] "PUT /d1/117/AUTH_7d343c0d5b2d4120a89e3784e7bef979/gnocchi.0ee296e9-ee07-4d48-b262-1f289e1f549d" 201 - "-" "-" "container-updater 2" 0.0006 "-" 18 0
Mar 20 08:36:01 np0005652756 account-server[121229]: 172.20.0.105 - - [20/Mar/2026:08:36:01 +0000] "PUT /d1/117/AUTH_7d343c0d5b2d4120a89e3784e7bef979/gnocchi.11b808c1-39aa-4ba7-b414-67a398cd46f1" 201 - "-" "-" "container-updater 2" 0.0009 "-" 17 0
Mar 20 08:36:01 np0005652756 account-server[121269]: 172.20.0.105 - - [20/Mar/2026:08:36:01 +0000] "PUT /d1/117/AUTH_7d343c0d5b2d4120a89e3784e7bef979/gnocchi.c19c53c3-a313-44ef-8f8a-504195eb6341" 201 - "-" "-" "container-updater 2" 0.0010 "-" 21 0
Mar 20 08:36:05 np0005652756 proxy-server[123249]: - - 20/Mar/2026/08/36/05 HEAD /v1/AUTH_7d343c0d5b2d4120a89e3784e7bef979%3Fformat%3Djson HTTP/1.0 204 - Swift - - - - txdbfa7ef2c6064d6190982-0069bd06f5 - 0.0227 RL - 1773995765.424256086 1773995765.446912289 -
Mar 20 08:36:06 np0005652756 container-server[121302]: 172.20.0.105 - - [20/Mar/2026:08:36:06 +0000] "GET /d1/665/AUTH_7d343c0d5b2d4120a89e3784e7bef979/gnocchi.ff28d155-2754-47ee-9e3f-3308bc371b66" 200 2 "GET http://172.18.0.184:8080/v1/AUTH_7d343c0d5b2d4120a89e3784e7bef979/gnocchi.ff28d155-2754-47ee-9e3f-3308bc371b66?format=json&marker=none_v3&states=listing" "txd8e1c35e27064f888872f-0069bd06f6" "proxy-server 20" 0.0022 "-" 20 0
Mar 20 08:36:06 np0005652756 object-server[121747]: 172.20.0.105 - - [20/Mar/2026:08:36:06 +0000] "GET /d1/771/AUTH_7d343c0d5b2d4120a89e3784e7bef979/gnocchi.ff28d155-2754-47ee-9e3f-3308bc371b66/1773360000.0_rate%3Amean_300.0_v3" 404 70 "GET http://172.18.0.184:8080/v1/AUTH_7d343c0d5b2d4120a89e3784e7bef979/gnocchi.ff28d155-2754-47ee-9e3f-3308bc371b66/1773360000.0_rate%3Amean_300.0_v3" "txa39b6fd5e8a5445cab06b-0069bd06f6" "proxy-server 20" 0.0008 "-" 20 0
Mar 20 08:36:06 np0005652756 container-server[121302]: 172.20.0.104 - - [20/Mar/2026:08:36:06 +0000] "PUT /d1/665/AUTH_7d343c0d5b2d4120a89e3784e7bef979/gnocchi.ff28d155-2754-47ee-9e3f-3308bc371b66/1773360000.0_mean_300.0_v3" 201 - "PUT http://172.18.0.184:8080/d1/477/AUTH_7d343c0d5b2d4120a89e3784e7bef979/gnocchi.ff28d155-2754-47ee-9e3f-3308bc371b66/1773360000.0_mean_300.0_v3" "tx24aa66c54d7f4a5586b38-0069bd06f6" "object-server 20" 0.0006 "-" 20 0
Mar 20 08:36:06 np0005652756 object-server[121747]: 172.20.0.105 - - [20/Mar/2026:08:36:06 +0000] "PUT /d1/477/AUTH_7d343c0d5b2d4120a89e3784e7bef979/gnocchi.ff28d155-2754-47ee-9e3f-3308bc371b66/1773360000.0_mean_300.0_v3" 201 - "PUT http://172.18.0.184:8080/v1/AUTH_7d343c0d5b2d4120a89e3784e7bef979/gnocchi.ff28d155-2754-47ee-9e3f-3308bc371b66/1773360000.0_mean_300.0_v3" "tx24aa66c54d7f4a5586b38-0069bd06f6" "proxy-server 20" 0.0127 "-" 20 0
Mar 20 08:36:06 np0005652756 container-server[121307]: 172.20.0.105 - - [20/Mar/2026:08:36:06 +0000] "PUT /d1/665/AUTH_7d343c0d5b2d4120a89e3784e7bef979/gnocchi.ff28d155-2754-47ee-9e3f-3308bc371b66/1773360000.0_rate%3Amean_300.0_v3" 201 - "PUT http://172.18.0.184:8080/d1/771/AUTH_7d343c0d5b2d4120a89e3784e7bef979/gnocchi.ff28d155-2754-47ee-9e3f-3308bc371b66/1773360000.0_rate%3Amean_300.0_v3" "txfa23e90d1fae4339b89f0-0069bd06f6" "object-server 22" 0.0006 "-" 21 0
Mar 20 08:36:06 np0005652756 object-server[121747]: 172.20.0.103 - - [20/Mar/2026:08:36:06 +0000] "PUT /d1/771/AUTH_7d343c0d5b2d4120a89e3784e7bef979/gnocchi.ff28d155-2754-47ee-9e3f-3308bc371b66/1773360000.0_rate%3Amean_300.0_v3" 201 - "PUT http://172.18.0.184:8080/v1/AUTH_7d343c0d5b2d4120a89e3784e7bef979/gnocchi.ff28d155-2754-47ee-9e3f-3308bc371b66/1773360000.0_rate%3Amean_300.0_v3" "txfa23e90d1fae4339b89f0-0069bd06f6" "proxy-server 20" 0.0148 "-" 20 0
Mar 20 08:36:06 np0005652756 container-server[121307]: 172.20.0.105 - - [20/Mar/2026:08:36:06 +0000] "GET /d1/326/AUTH_7d343c0d5b2d4120a89e3784e7bef979/gnocchi.e223645d-7929-400f-890b-8fae74227a78" 200 2 "GET http://172.18.0.184:8080/v1/AUTH_7d343c0d5b2d4120a89e3784e7bef979/gnocchi.e223645d-7929-400f-890b-8fae74227a78?format=json&marker=none_v3&states=listing" "txe1ff18ea5db34e21b6f16-0069bd06f6" "proxy-server 20" 0.0035 "-" 21 0
Mar 20 08:36:06 np0005652756 object-server[121747]: 172.20.0.103 - - [20/Mar/2026:08:36:06 +0000] "PUT /d1/707/AUTH_7d343c0d5b2d4120a89e3784e7bef979/gnocchi.ff28d155-2754-47ee-9e3f-3308bc371b66/none_v3" 201 - "PUT http://172.18.0.184:8080/v1/AUTH_7d343c0d5b2d4120a89e3784e7bef979/gnocchi.ff28d155-2754-47ee-9e3f-3308bc371b66/none_v3" "txc3507bbc15e74c40a12bb-0069bd06f6" "proxy-server 20" 0.0143 "-" 20 0
Mar 20 08:36:06 np0005652756 object-server[121756]: 172.20.0.105 - - [20/Mar/2026:08:36:06 +0000] "GET /d1/817/AUTH_7d343c0d5b2d4120a89e3784e7bef979/gnocchi.e223645d-7929-400f-890b-8fae74227a78/1773360000.0_rate%3Amean_300.0_v3" 404 70 "GET http://172.18.0.184:8080/v1/AUTH_7d343c0d5b2d4120a89e3784e7bef979/gnocchi.e223645d-7929-400f-890b-8fae74227a78/1773360000.0_rate%3Amean_300.0_v3" "txad4f2d995e8b4f8eae4d8-0069bd06f6" "proxy-server 20" 0.0004 "-" 23 0
Mar 20 08:36:06 np0005652756 container-server[121309]: 172.20.0.105 - - [20/Mar/2026:08:36:06 +0000] "PUT /d1/665/AUTH_7d343c0d5b2d4120a89e3784e7bef979/gnocchi.ff28d155-2754-47ee-9e3f-3308bc371b66/none_v3" 201 - "PUT http://172.18.0.184:8080/d1/707/AUTH_7d343c0d5b2d4120a89e3784e7bef979/gnocchi.ff28d155-2754-47ee-9e3f-3308bc371b66/none_v3" "txc3507bbc15e74c40a12bb-0069bd06f6" "object-server 24" 0.0008 "-" 22 0
Mar 20 08:36:06 np0005652756 container-server[121302]: 172.20.0.103 - - [20/Mar/2026:08:36:06 +0000] "PUT /d1/326/AUTH_7d343c0d5b2d4120a89e3784e7bef979/gnocchi.e223645d-7929-400f-890b-8fae74227a78/1773360000.0_rate%3Amean_300.0_v3" 201 - "PUT http://172.18.0.184:8080/d1/817/AUTH_7d343c0d5b2d4120a89e3784e7bef979/gnocchi.e223645d-7929-400f-890b-8fae74227a78/1773360000.0_rate%3Amean_300.0_v3" "txb49164d7566e420ca56df-0069bd06f6" "object-server 23" 0.0005 "-" 20 0
Mar 20 08:36:06 np0005652756 object-server[121756]: 172.20.0.103 - - [20/Mar/2026:08:36:06 +0000] "PUT /d1/817/AUTH_7d343c0d5b2d4120a89e3784e7bef979/gnocchi.e223645d-7929-400f-890b-8fae74227a78/1773360000.0_rate%3Amean_300.0_v3" 201 - "PUT http://172.18.0.184:8080/v1/AUTH_7d343c0d5b2d4120a89e3784e7bef979/gnocchi.e223645d-7929-400f-890b-8fae74227a78/1773360000.0_rate%3Amean_300.0_v3" "txb49164d7566e420ca56df-0069bd06f6" "proxy-server 20" 0.0209 "-" 23 0
Mar 20 08:36:06 np0005652756 object-server[121756]: 172.20.0.105 - - [20/Mar/2026:08:36:06 +0000] "GET /d1/682/AUTH_7d343c0d5b2d4120a89e3784e7bef979/gnocchi.1b23d178-f422-4192-b9ee-3dd1c8892dff/1773360000.0_rate%3Amean_300.0_v3" 404 70 "GET http://172.18.0.184:8080/v1/AUTH_7d343c0d5b2d4120a89e3784e7bef979/gnocchi.1b23d178-f422-4192-b9ee-3dd1c8892dff/1773360000.0_rate%3Amean_300.0_v3" "tx894444f288b54de482b63-0069bd06f6" "proxy-server 20" 0.0004 "-" 23 0
Mar 20 08:36:06 np0005652756 container-server[121309]: 172.20.0.104 - - [20/Mar/2026:08:36:06 +0000] "PUT /d1/326/AUTH_7d343c0d5b2d4120a89e3784e7bef979/gnocchi.e223645d-7929-400f-890b-8fae74227a78/1773360000.0_mean_300.0_v3" 201 - "PUT http://172.18.0.184:8080/d1/591/AUTH_7d343c0d5b2d4120a89e3784e7bef979/gnocchi.e223645d-7929-400f-890b-8fae74227a78/1773360000.0_mean_300.0_v3" "txb212dbbda5d9422489c6c-0069bd06f6" "object-server 21" 0.0007 "-" 22 0
Mar 20 08:36:06 np0005652756 object-server[121751]: 172.20.0.103 - - [20/Mar/2026:08:36:06 +0000] "PUT /d1/591/AUTH_7d343c0d5b2d4120a89e3784e7bef979/gnocchi.e223645d-7929-400f-890b-8fae74227a78/1773360000.0_mean_300.0_v3" 201 - "PUT http://172.18.0.184:8080/v1/AUTH_7d343c0d5b2d4120a89e3784e7bef979/gnocchi.e223645d-7929-400f-890b-8fae74227a78/1773360000.0_mean_300.0_v3" "txb212dbbda5d9422489c6c-0069bd06f6" "proxy-server 20" 0.0138 "-" 21 0
Mar 20 08:36:06 np0005652756 container-server[121307]: 172.20.0.104 - - [20/Mar/2026:08:36:06 +0000] "PUT /d1/880/AUTH_7d343c0d5b2d4120a89e3784e7bef979/gnocchi.1b23d178-f422-4192-b9ee-3dd1c8892dff/1773360000.0_mean_300.0_v3" 201 - "PUT http://172.18.0.184:8080/d1/1/AUTH_7d343c0d5b2d4120a89e3784e7bef979/gnocchi.1b23d178-f422-4192-b9ee-3dd1c8892dff/1773360000.0_mean_300.0_v3" "txdd736174d6fe43efbb1fb-0069bd06f6" "object-server 21" 0.0008 "-" 21 0
Mar 20 08:36:06 np0005652756 object-server[121751]: 172.20.0.105 - - [20/Mar/2026:08:36:06 +0000] "PUT /d1/1/AUTH_7d343c0d5b2d4120a89e3784e7bef979/gnocchi.1b23d178-f422-4192-b9ee-3dd1c8892dff/1773360000.0_mean_300.0_v3" 201 - "PUT http://172.18.0.184:8080/v1/AUTH_7d343c0d5b2d4120a89e3784e7bef979/gnocchi.1b23d178-f422-4192-b9ee-3dd1c8892dff/1773360000.0_mean_300.0_v3" "txdd736174d6fe43efbb1fb-0069bd06f6" "proxy-server 20" 0.0131 "-" 21 0
Mar 20 08:36:06 np0005652756 container-server[121311]: 172.20.0.104 - - [20/Mar/2026:08:36:06 +0000] "PUT /d1/326/AUTH_7d343c0d5b2d4120a89e3784e7bef979/gnocchi.e223645d-7929-400f-890b-8fae74227a78/none_v3" 201 - "PUT http://172.18.0.184:8080/d1/191/AUTH_7d343c0d5b2d4120a89e3784e7bef979/gnocchi.e223645d-7929-400f-890b-8fae74227a78/none_v3" "tx05ead086bacd45bba943f-0069bd06f6" "object-server 21" 0.0006 "-" 23 0
Mar 20 08:36:06 np0005652756 object-server[121751]: 172.20.0.103 - - [20/Mar/2026:08:36:06 +0000] "PUT /d1/191/AUTH_7d343c0d5b2d4120a89e3784e7bef979/gnocchi.e223645d-7929-400f-890b-8fae74227a78/none_v3" 201 - "PUT http://172.18.0.184:8080/v1/AUTH_7d343c0d5b2d4120a89e3784e7bef979/gnocchi.e223645d-7929-400f-890b-8fae74227a78/none_v3" "tx05ead086bacd45bba943f-0069bd06f6" "proxy-server 20" 0.0105 "-" 21 0
Mar 20 08:36:06 np0005652756 container-server[121307]: 172.20.0.103 - - [20/Mar/2026:08:36:06 +0000] "PUT /d1/880/AUTH_7d343c0d5b2d4120a89e3784e7bef979/gnocchi.1b23d178-f422-4192-b9ee-3dd1c8892dff/1773360000.0_rate%3Amean_300.0_v3" 201 - "PUT http://172.18.0.184:8080/d1/682/AUTH_7d343c0d5b2d4120a89e3784e7bef979/gnocchi.1b23d178-f422-4192-b9ee-3dd1c8892dff/1773360000.0_rate%3Amean_300.0_v3" "tx46e2aa2513ae401d96766-0069bd06f6" "object-server 24" 0.0005 "-" 21 0
Mar 20 08:36:06 np0005652756 object-server[121753]: 172.20.0.105 - - [20/Mar/2026:08:36:06 +0000] "PUT /d1/682/AUTH_7d343c0d5b2d4120a89e3784e7bef979/gnocchi.1b23d178-f422-4192-b9ee-3dd1c8892dff/1773360000.0_rate%3Amean_300.0_v3" 201 - "PUT http://172.18.0.184:8080/v1/AUTH_7d343c0d5b2d4120a89e3784e7bef979/gnocchi.1b23d178-f422-4192-b9ee-3dd1c8892dff/1773360000.0_rate%3Amean_300.0_v3" "tx46e2aa2513ae401d96766-0069bd06f6" "proxy-server 20" 0.0105 "-" 22 0
Mar 20 08:36:06 np0005652756 container-server[121302]: 172.20.0.104 - - [20/Mar/2026:08:36:06 +0000] "HEAD /d1/440/AUTH_7d343c0d5b2d4120a89e3784e7bef979/gnocchi.11b808c1-39aa-4ba7-b414-67a398cd46f1" 204 - "HEAD http://172.18.0.184:8080/v1/AUTH_7d343c0d5b2d4120a89e3784e7bef979/gnocchi.11b808c1-39aa-4ba7-b414-67a398cd46f1?format=json&states=listing" "txdbfa7ef2c6064d6190982-0069bd06f5" "proxy-server 20" 0.0033 "-" 20 0
Mar 20 08:36:06 np0005652756 container-server[121302]: 172.20.0.103 - - [20/Mar/2026:08:36:06 +0000] "HEAD /d1/997/AUTH_7d343c0d5b2d4120a89e3784e7bef979/gnocchi.8f866d48-5cbf-42ec-83d2-437c471232a1" 204 - "HEAD http://172.18.0.184:8080/v1/AUTH_7d343c0d5b2d4120a89e3784e7bef979/gnocchi.8f866d48-5cbf-42ec-83d2-437c471232a1?format=json&states=listing" "txc229a72413444fac95137-0069bd06f6" "proxy-server 20" 0.0039 "-" 20 0
Mar 20 08:36:06 np0005652756 proxy-server[123249]: 172.18.0.103 172.18.0.104 20/Mar/2026/08/36/06 GET /v1/AUTH_7d343c0d5b2d4120a89e3784e7bef979/gnocchi.11b808c1-39aa-4ba7-b414-67a398cd46f1/none_v3 HTTP/1.0 200 - python-swiftclient-3.11.1 gAAAAABpvQWDG-Hw... - 22 - txdbfa7ef2c6064d6190982-0069bd06f5 - 1.0012 - - 1773995765.422666788 1773995766.423820496 0
Mar 20 08:36:06 np0005652756 proxy-server[123249]: 172.18.0.103 172.18.0.104 20/Mar/2026/08/36/06 GET /v1/AUTH_7d343c0d5b2d4120a89e3784e7bef979/gnocchi.11b808c1-39aa-4ba7-b414-67a398cd46f1%3Fformat%3Djson%26states%3Dlisting HTTP/1.0 200 - python-swiftclient-3.11.1 gAAAAABpvQWDG-Hw... - 357 - tx475fbb9e7ee44062b2655-0069bd06f6 - 0.0127 - - 1773995766.427704334 1773995766.440404654 0
Mar 20 08:36:06 np0005652756 container-server[121302]: 172.20.0.105 - - [20/Mar/2026:08:36:06 +0000] "PUT /d1/880/AUTH_7d343c0d5b2d4120a89e3784e7bef979/gnocchi.1b23d178-f422-4192-b9ee-3dd1c8892dff/none_v3" 201 - "PUT http://172.18.0.184:8080/d1/830/AUTH_7d343c0d5b2d4120a89e3784e7bef979/gnocchi.1b23d178-f422-4192-b9ee-3dd1c8892dff/none_v3" "txc722703e0cfd4bf49a370-0069bd06f6" "object-server 25" 0.0004 "-" 20 0
Mar 20 08:36:06 np0005652756 object-server[121756]: 172.20.0.105 - - [20/Mar/2026:08:36:06 +0000] "PUT /d1/830/AUTH_7d343c0d5b2d4120a89e3784e7bef979/gnocchi.1b23d178-f422-4192-b9ee-3dd1c8892dff/none_v3" 201 - "PUT http://172.18.0.184:8080/v1/AUTH_7d343c0d5b2d4120a89e3784e7bef979/gnocchi.1b23d178-f422-4192-b9ee-3dd1c8892dff/none_v3" "txc722703e0cfd4bf49a370-0069bd06f6" "proxy-server 20" 0.0153 "-" 23 0
Mar 20 08:36:06 np0005652756 proxy-server[123249]: 172.18.0.103 172.18.0.104 20/Mar/2026/08/36/06 GET /v1/AUTH_7d343c0d5b2d4120a89e3784e7bef979/gnocchi.11b808c1-39aa-4ba7-b414-67a398cd46f1%3Fformat%3Djson%26marker%3Dnone_v3%26states%3Dlisting HTTP/1.0 200 - python-swiftclient-3.11.1 gAAAAABpvQWDG-Hw... - 2 - tx4324fc788e054f84aa7a2-0069bd06f6 - 0.0100 - - 1773995766.443614006 1773995766.453647614 0
Mar 20 08:36:06 np0005652756 proxy-server[123249]: 172.18.0.103 172.18.0.104 20/Mar/2026/08/36/06 GET /v1/AUTH_7d343c0d5b2d4120a89e3784e7bef979/gnocchi.11b808c1-39aa-4ba7-b414-67a398cd46f1/1773360000.0_mean_300.0_v3 HTTP/1.0 200 - python-swiftclient-3.11.1 gAAAAABpvQWDG-Hw... - 16 - tx624b334da278415e84923-0069bd06f6 - 0.0086 - - 1773995766.458205938 1773995766.466792107 0
Mar 20 08:36:06 np0005652756 object-server[121751]: 172.20.0.104 - - [20/Mar/2026:08:36:06 +0000] "GET /d1/894/AUTH_7d343c0d5b2d4120a89e3784e7bef979/gnocchi.11b808c1-39aa-4ba7-b414-67a398cd46f1/1773360000.0_rate%3Amean_300.0_v3" 404 70 "GET http://172.18.0.184:8080/v1/AUTH_7d343c0d5b2d4120a89e3784e7bef979/gnocchi.11b808c1-39aa-4ba7-b414-67a398cd46f1/1773360000.0_rate%3Amean_300.0_v3" "tx4bb1944160a2475e8c7c0-0069bd06f6" "proxy-server 20" 0.0007 "-" 21 0
Mar 20 08:36:06 np0005652756 proxy-server[123249]: 172.18.0.103 172.18.0.104 20/Mar/2026/08/36/06 GET /v1/AUTH_7d343c0d5b2d4120a89e3784e7bef979/gnocchi.11b808c1-39aa-4ba7-b414-67a398cd46f1/1773360000.0_rate%253Amean_300.0_v3 HTTP/1.0 404 - python-swiftclient-3.11.1 gAAAAABpvQWDG-Hw... - 70 - tx4bb1944160a2475e8c7c0-0069bd06f6 - 0.0163 - - 1773995766.470664263 1773995766.486949444 0
Mar 20 08:36:06 np0005652756 container-server[121309]: 172.20.0.105 - - [20/Mar/2026:08:36:06 +0000] "PUT /d1/997/AUTH_7d343c0d5b2d4120a89e3784e7bef979/gnocchi.8f866d48-5cbf-42ec-83d2-437c471232a1/1773360000.0_mean_300.0_v3" 201 - "PUT http://172.18.0.184:8080/d1/66/AUTH_7d343c0d5b2d4120a89e3784e7bef979/gnocchi.8f866d48-5cbf-42ec-83d2-437c471232a1/1773360000.0_mean_300.0_v3" "tx484f7ef5763040b1ae0e7-0069bd06f6" "object-server 25" 0.0009 "-" 22 0
Mar 20 08:36:06 np0005652756 object-server[121747]: 172.20.0.103 - - [20/Mar/2026:08:36:06 +0000] "PUT /d1/66/AUTH_7d343c0d5b2d4120a89e3784e7bef979/gnocchi.8f866d48-5cbf-42ec-83d2-437c471232a1/1773360000.0_mean_300.0_v3" 201 - "PUT http://172.18.0.184:8080/v1/AUTH_7d343c0d5b2d4120a89e3784e7bef979/gnocchi.8f866d48-5cbf-42ec-83d2-437c471232a1/1773360000.0_mean_300.0_v3" "tx484f7ef5763040b1ae0e7-0069bd06f6" "proxy-server 20" 0.0127 "-" 20 0
Mar 20 08:36:06 np0005652756 container-server[121309]: 172.20.0.104 - - [20/Mar/2026:08:36:06 +0000] "PUT /d1/440/AUTH_7d343c0d5b2d4120a89e3784e7bef979/gnocchi.11b808c1-39aa-4ba7-b414-67a398cd46f1/1773360000.0_mean_300.0_v3" 201 - "PUT http://172.18.0.184:8080/d1/700/AUTH_7d343c0d5b2d4120a89e3784e7bef979/gnocchi.11b808c1-39aa-4ba7-b414-67a398cd46f1/1773360000.0_mean_300.0_v3" "tx6d9abb5696ab47229d555-0069bd06f6" "object-server 22" 0.0008 "-" 22 0
Mar 20 08:36:06 np0005652756 object-server[121753]: 172.20.0.104 - - [20/Mar/2026:08:36:06 +0000] "PUT /d1/700/AUTH_7d343c0d5b2d4120a89e3784e7bef979/gnocchi.11b808c1-39aa-4ba7-b414-67a398cd46f1/1773360000.0_mean_300.0_v3" 201 - "PUT http://172.18.0.184:8080/v1/AUTH_7d343c0d5b2d4120a89e3784e7bef979/gnocchi.11b808c1-39aa-4ba7-b414-67a398cd46f1/1773360000.0_mean_300.0_v3" "tx6d9abb5696ab47229d555-0069bd06f6" "proxy-server 20" 0.0125 "-" 22 0
Mar 20 08:36:06 np0005652756 proxy-server[123249]: 172.18.0.103 172.18.0.104 20/Mar/2026/08/36/06 PUT /v1/AUTH_7d343c0d5b2d4120a89e3784e7bef979/gnocchi.11b808c1-39aa-4ba7-b414-67a398cd46f1/1773360000.0_mean_300.0_v3 HTTP/1.0 201 - python-swiftclient-3.11.1 gAAAAABpvQWDG-Hw... 23 - - tx6d9abb5696ab47229d555-0069bd06f6 - 0.0228 - - 1773995766.490542889 1773995766.513303280 0
Mar 20 08:36:06 np0005652756 container-server[121309]: 172.20.0.104 - - [20/Mar/2026:08:36:06 +0000] "PUT /d1/997/AUTH_7d343c0d5b2d4120a89e3784e7bef979/gnocchi.8f866d48-5cbf-42ec-83d2-437c471232a1/none_v3" 201 - "PUT http://172.18.0.184:8080/d1/306/AUTH_7d343c0d5b2d4120a89e3784e7bef979/gnocchi.8f866d48-5cbf-42ec-83d2-437c471232a1/none_v3" "txc2c770145fcf491b8eebc-0069bd06f6" "object-server 23" 0.0010 "-" 22 0
Mar 20 08:36:06 np0005652756 object-server[121756]: 172.20.0.103 - - [20/Mar/2026:08:36:06 +0000] "PUT /d1/306/AUTH_7d343c0d5b2d4120a89e3784e7bef979/gnocchi.8f866d48-5cbf-42ec-83d2-437c471232a1/none_v3" 201 - "PUT http://172.18.0.184:8080/v1/AUTH_7d343c0d5b2d4120a89e3784e7bef979/gnocchi.8f866d48-5cbf-42ec-83d2-437c471232a1/none_v3" "txc2c770145fcf491b8eebc-0069bd06f6" "proxy-server 20" 0.0139 "-" 23 0
Mar 20 08:36:06 np0005652756 container-server[121311]: 172.20.0.105 - - [20/Mar/2026:08:36:06 +0000] "PUT /d1/440/AUTH_7d343c0d5b2d4120a89e3784e7bef979/gnocchi.11b808c1-39aa-4ba7-b414-67a398cd46f1/1773360000.0_rate%3Amean_300.0_v3" 201 - "PUT http://172.18.0.184:8080/d1/894/AUTH_7d343c0d5b2d4120a89e3784e7bef979/gnocchi.11b808c1-39aa-4ba7-b414-67a398cd46f1/1773360000.0_rate%3Amean_300.0_v3" "txed7bf1203c3e41cd8f134-0069bd06f6" "object-server 23" 0.0012 "-" 23 0
Mar 20 08:36:06 np0005652756 object-server[121747]: 172.20.0.104 - - [20/Mar/2026:08:36:06 +0000] "PUT /d1/894/AUTH_7d343c0d5b2d4120a89e3784e7bef979/gnocchi.11b808c1-39aa-4ba7-b414-67a398cd46f1/1773360000.0_rate%3Amean_300.0_v3" 201 - "PUT http://172.18.0.184:8080/v1/AUTH_7d343c0d5b2d4120a89e3784e7bef979/gnocchi.11b808c1-39aa-4ba7-b414-67a398cd46f1/1773360000.0_rate%3Amean_300.0_v3" "txed7bf1203c3e41cd8f134-0069bd06f6" "proxy-server 20" 0.0177 "-" 20 0
Mar 20 08:36:06 np0005652756 proxy-server[123249]: 172.18.0.103 172.18.0.104 20/Mar/2026/08/36/06 PUT /v1/AUTH_7d343c0d5b2d4120a89e3784e7bef979/gnocchi.11b808c1-39aa-4ba7-b414-67a398cd46f1/1773360000.0_rate%253Amean_300.0_v3 HTTP/1.0 201 - python-swiftclient-3.11.1 gAAAAABpvQWDG-Hw... 16 - - txed7bf1203c3e41cd8f134-0069bd06f6 - 0.0255 - - 1773995766.516581059 1773995766.542097569 0
Mar 20 08:36:06 np0005652756 container-server[121311]: 172.20.0.104 - - [20/Mar/2026:08:36:06 +0000] "HEAD /d1/719/AUTH_7d343c0d5b2d4120a89e3784e7bef979/gnocchi.4d20b438-e8fc-4e48-b7a0-57e6b55cd997" 204 - "HEAD http://172.18.0.184:8080/v1/AUTH_7d343c0d5b2d4120a89e3784e7bef979/gnocchi.4d20b438-e8fc-4e48-b7a0-57e6b55cd997?format=json&states=listing" "txbd69169c9f16435a96a04-0069bd06f6" "proxy-server 20" 0.0025 "-" 23 0
Mar 20 08:36:06 np0005652756 object-server[121756]: 172.20.0.104 - - [20/Mar/2026:08:36:06 +0000] "GET /d1/960/AUTH_7d343c0d5b2d4120a89e3784e7bef979/gnocchi.4d20b438-e8fc-4e48-b7a0-57e6b55cd997/none_v3" 200 22 "GET http://172.18.0.184:8080/v1/AUTH_7d343c0d5b2d4120a89e3784e7bef979/gnocchi.4d20b438-e8fc-4e48-b7a0-57e6b55cd997/none_v3" "txbd69169c9f16435a96a04-0069bd06f6" "proxy-server 20" 0.0008 "-" 23 0
Mar 20 08:36:06 np0005652756 proxy-server[123249]: 172.18.0.105 172.18.0.104 20/Mar/2026/08/36/06 GET /v1/AUTH_7d343c0d5b2d4120a89e3784e7bef979/gnocchi.4d20b438-e8fc-4e48-b7a0-57e6b55cd997/none_v3 HTTP/1.0 200 - python-swiftclient-3.11.1 gAAAAABpvQUzfcJv... - 22 - txbd69169c9f16435a96a04-0069bd06f6 - 0.0158 - - 1773995766.548385859 1773995766.564203978 0
Mar 20 08:36:06 np0005652756 object-server[121747]: 172.20.0.105 - - [20/Mar/2026:08:36:06 +0000] "GET /d1/276/AUTH_7d343c0d5b2d4120a89e3784e7bef979/gnocchi.7732769b-73ca-4896-bc98-61e1a44c86ce/1773360000.0_rate%3Amean_300.0_v3" 404 70 "GET http://172.18.0.184:8080/v1/AUTH_7d343c0d5b2d4120a89e3784e7bef979/gnocchi.7732769b-73ca-4896-bc98-61e1a44c86ce/1773360000.0_rate%3Amean_300.0_v3" "tx9f5a5738e82c4411aef77-0069bd06f6" "proxy-server 20" 0.0005 "-" 20 0
Mar 20 08:36:06 np0005652756 container-server[121309]: 172.20.0.105 - - [20/Mar/2026:08:36:06 +0000] "PUT /d1/440/AUTH_7d343c0d5b2d4120a89e3784e7bef979/gnocchi.11b808c1-39aa-4ba7-b414-67a398cd46f1/none_v3" 201 - "PUT http://172.18.0.184:8080/d1/707/AUTH_7d343c0d5b2d4120a89e3784e7bef979/gnocchi.11b808c1-39aa-4ba7-b414-67a398cd46f1/none_v3" "tx9e6f91f03caf48f3bdf3b-0069bd06f6" "object-server 23" 0.0008 "-" 22 0
Mar 20 08:36:06 np0005652756 object-server[121756]: 172.20.0.103 - - [20/Mar/2026:08:36:06 +0000] "PUT /d1/707/AUTH_7d343c0d5b2d4120a89e3784e7bef979/gnocchi.11b808c1-39aa-4ba7-b414-67a398cd46f1/none_v3" 201 - "PUT http://172.18.0.184:8080/v1/AUTH_7d343c0d5b2d4120a89e3784e7bef979/gnocchi.11b808c1-39aa-4ba7-b414-67a398cd46f1/none_v3" "tx9e6f91f03caf48f3bdf3b-0069bd06f6" "proxy-server 20" 0.0146 "-" 23 0
Mar 20 08:36:06 np0005652756 container-server[121309]: 172.20.0.104 - - [20/Mar/2026:08:36:06 +0000] "GET /d1/719/AUTH_7d343c0d5b2d4120a89e3784e7bef979/gnocchi.4d20b438-e8fc-4e48-b7a0-57e6b55cd997" 200 357 "GET http://172.18.0.184:8080/v1/AUTH_7d343c0d5b2d4120a89e3784e7bef979/gnocchi.4d20b438-e8fc-4e48-b7a0-57e6b55cd997?format=json&states=listing" "txa6d66548fa0d44809db7d-0069bd06f6" "proxy-server 20" 0.0042 "-" 22 0
Mar 20 08:36:06 np0005652756 proxy-server[123249]: 172.18.0.105 172.18.0.104 20/Mar/2026/08/36/06 GET /v1/AUTH_7d343c0d5b2d4120a89e3784e7bef979/gnocchi.4d20b438-e8fc-4e48-b7a0-57e6b55cd997%3Fformat%3Djson%26states%3Dlisting HTTP/1.0 200 - python-swiftclient-3.11.1 gAAAAABpvQUzfcJv... - 357 - txa6d66548fa0d44809db7d-0069bd06f6 - 0.0120 - - 1773995766.569244862 1773995766.581249714 0
Mar 20 08:36:06 np0005652756 container-server[121302]: 172.20.0.103 - - [20/Mar/2026:08:36:06 +0000] "PUT /d1/473/AUTH_7d343c0d5b2d4120a89e3784e7bef979/gnocchi.7732769b-73ca-4896-bc98-61e1a44c86ce/1773360000.0_mean_300.0_v3" 201 - "PUT http://172.18.0.184:8080/d1/81/AUTH_7d343c0d5b2d4120a89e3784e7bef979/gnocchi.7732769b-73ca-4896-bc98-61e1a44c86ce/1773360000.0_mean_300.0_v3" "tx370811159d5346ab9edd5-0069bd06f6" "object-server 23" 0.0007 "-" 20 0
Mar 20 08:36:06 np0005652756 object-server[121747]: 172.20.0.105 - - [20/Mar/2026:08:36:06 +0000] "PUT /d1/81/AUTH_7d343c0d5b2d4120a89e3784e7bef979/gnocchi.7732769b-73ca-4896-bc98-61e1a44c86ce/1773360000.0_mean_300.0_v3" 201 - "PUT http://172.18.0.184:8080/v1/AUTH_7d343c0d5b2d4120a89e3784e7bef979/gnocchi.7732769b-73ca-4896-bc98-61e1a44c86ce/1773360000.0_mean_300.0_v3" "tx370811159d5346ab9edd5-0069bd06f6" "proxy-server 20" 0.0158 "-" 20 0
Mar 20 08:36:06 np0005652756 object-server[121747]: 172.20.0.105 - - [20/Mar/2026:08:36:06 +0000] "GET /d1/690/AUTH_7d343c0d5b2d4120a89e3784e7bef979/gnocchi.4d20b438-e8fc-4e48-b7a0-57e6b55cd997/1773360000.0_rate%3Amean_300.0_v3" 404 70 "GET http://172.18.0.184:8080/v1/AUTH_7d343c0d5b2d4120a89e3784e7bef979/gnocchi.4d20b438-e8fc-4e48-b7a0-57e6b55cd997/1773360000.0_rate%3Amean_300.0_v3" "tx08d84cc28450418892a24-0069bd06f6" "proxy-server 20" 0.0006 "-" 20 0
Mar 20 08:36:06 np0005652756 container-server[121309]: 172.20.0.105 - - [20/Mar/2026:08:36:06 +0000] "PUT /d1/473/AUTH_7d343c0d5b2d4120a89e3784e7bef979/gnocchi.7732769b-73ca-4896-bc98-61e1a44c86ce/1773360000.0_rate%3Amean_300.0_v3" 201 - "PUT http://172.18.0.184:8080/d1/276/AUTH_7d343c0d5b2d4120a89e3784e7bef979/gnocchi.7732769b-73ca-4896-bc98-61e1a44c86ce/1773360000.0_rate%3Amean_300.0_v3" "tx5c30975155574b6d93928-0069bd06f6" "object-server 24" 0.0009 "-" 22 0
Mar 20 08:36:06 np0005652756 object-server[121756]: 172.20.0.104 - - [20/Mar/2026:08:36:06 +0000] "PUT /d1/276/AUTH_7d343c0d5b2d4120a89e3784e7bef979/gnocchi.7732769b-73ca-4896-bc98-61e1a44c86ce/1773360000.0_rate%3Amean_300.0_v3" 201 - "PUT http://172.18.0.184:8080/v1/AUTH_7d343c0d5b2d4120a89e3784e7bef979/gnocchi.7732769b-73ca-4896-bc98-61e1a44c86ce/1773360000.0_rate%3Amean_300.0_v3" "tx5c30975155574b6d93928-0069bd06f6" "proxy-server 20" 0.0129 "-" 23 0
Mar 20 08:36:06 np0005652756 proxy-server[123249]: 172.18.0.184 172.18.0.104 20/Mar/2026/08/36/06 PUT /v1/AUTH_7d343c0d5b2d4120a89e3784e7bef979/gnocchi.7732769b-73ca-4896-bc98-61e1a44c86ce/1773360000.0_rate%253Amean_300.0_v3 HTTP/1.0 201 - python-swiftclient-3.11.1 gAAAAABpvQV0UZ3z... 16 - - tx5c30975155574b6d93928-0069bd06f6 - 0.0195 - - 1773995766.606194735 1773995766.625741482 0
Mar 20 08:36:06 np0005652756 object-server[121753]: 172.20.0.105 - - [20/Mar/2026:08:36:06 +0000] "GET /d1/137/AUTH_7d343c0d5b2d4120a89e3784e7bef979/gnocchi.4d20b438-e8fc-4e48-b7a0-57e6b55cd997/1773360000.0_mean_300.0_v3" 200 16 "GET http://172.18.0.184:8080/v1/AUTH_7d343c0d5b2d4120a89e3784e7bef979/gnocchi.4d20b438-e8fc-4e48-b7a0-57e6b55cd997/1773360000.0_mean_300.0_v3" "txaaf2bfb9ac414d7080e34-0069bd06f6" "proxy-server 20" 0.0009 "-" 22 0
