Mar 20 08:36:06 np0005652756 container-server[121311]: 172.20.0.104 - - [20/Mar/2026:08:36:06 +0000] "PUT /d1/473/AUTH_7d343c0d5b2d4120a89e3784e7bef979/gnocchi.7732769b-73ca-4896-bc98-61e1a44c86ce/none_v3" 201 - "PUT http://172.18.0.184:8080/d1/447/AUTH_7d343c0d5b2d4120a89e3784e7bef979/gnocchi.7732769b-73ca-4896-bc98-61e1a44c86ce/none_v3" "tx6462b1c600594d5abfcd0-0069bd06f6" "object-server 21" 0.0005 "-" 23 0
Mar 20 08:36:06 np0005652756 object-server[121751]: 172.20.0.104 - - [20/Mar/2026:08:36:06 +0000] "PUT /d1/447/AUTH_7d343c0d5b2d4120a89e3784e7bef979/gnocchi.7732769b-73ca-4896-bc98-61e1a44c86ce/none_v3" 201 - "PUT http://172.18.0.184:8080/v1/AUTH_7d343c0d5b2d4120a89e3784e7bef979/gnocchi.7732769b-73ca-4896-bc98-61e1a44c86ce/none_v3" "tx6462b1c600594d5abfcd0-0069bd06f6" "proxy-server 20" 0.0147 "-" 21 0
Mar 20 08:36:06 np0005652756 proxy-server[123249]: 172.18.0.184 172.18.0.104 20/Mar/2026/08/36/06 PUT /v1/AUTH_7d343c0d5b2d4120a89e3784e7bef979/gnocchi.7732769b-73ca-4896-bc98-61e1a44c86ce/none_v3 HTTP/1.0 201 - python-swiftclient-3.11.1 gAAAAABpvQV0UZ3z... 33 - - tx6462b1c600594d5abfcd0-0069bd06f6 - 0.0248 - - 1773995766.628413200 1773995766.653210163 0
Mar 20 08:36:06 np0005652756 container-server[121307]: 172.20.0.105 - - [20/Mar/2026:08:36:06 +0000] "PUT /d1/719/AUTH_7d343c0d5b2d4120a89e3784e7bef979/gnocchi.4d20b438-e8fc-4e48-b7a0-57e6b55cd997/1773360000.0_rate%3Amean_300.0_v3" 201 - "PUT http://172.18.0.184:8080/d1/690/AUTH_7d343c0d5b2d4120a89e3784e7bef979/gnocchi.4d20b438-e8fc-4e48-b7a0-57e6b55cd997/1773360000.0_rate%3Amean_300.0_v3" "tx1f244ee3728a4169824ba-0069bd06f6" "object-server 24" 0.0009 "-" 21 0
Mar 20 08:36:06 np0005652756 proxy-server[123249]: 172.18.0.103 172.18.0.104 20/Mar/2026/08/36/06 GET /v1/AUTH_7d343c0d5b2d4120a89e3784e7bef979/gnocchi.c19c53c3-a313-44ef-8f8a-504195eb6341%3Fformat%3Djson%26marker%3Dnone_v3%26states%3Dlisting HTTP/1.0 200 - python-swiftclient-3.11.1 gAAAAABpvQWDG-Hw... - 2 - txee2f813801c3466294ba8-0069bd06f6 - 0.0131 - - 1773995766.665162325 1773995766.678303957 0
Mar 20 08:36:06 np0005652756 object-server[121756]: 172.20.0.104 - - [20/Mar/2026:08:36:06 +0000] "GET /d1/376/AUTH_7d343c0d5b2d4120a89e3784e7bef979/gnocchi.c19c53c3-a313-44ef-8f8a-504195eb6341/1773360000.0_mean_300.0_v3" 200 16 "GET http://172.18.0.184:8080/v1/AUTH_7d343c0d5b2d4120a89e3784e7bef979/gnocchi.c19c53c3-a313-44ef-8f8a-504195eb6341/1773360000.0_mean_300.0_v3" "tx09e9d6451e884c0fbae8b-0069bd06f6" "proxy-server 20" 0.0009 "-" 23 0
Mar 20 08:36:06 np0005652756 object-server[121756]: 172.20.0.105 - - [20/Mar/2026:08:36:06 +0000] "PUT /d1/690/AUTH_7d343c0d5b2d4120a89e3784e7bef979/gnocchi.4d20b438-e8fc-4e48-b7a0-57e6b55cd997/1773360000.0_rate%3Amean_300.0_v3" 201 - "PUT http://172.18.0.184:8080/v1/AUTH_7d343c0d5b2d4120a89e3784e7bef979/gnocchi.4d20b438-e8fc-4e48-b7a0-57e6b55cd997/1773360000.0_rate%3Amean_300.0_v3" "tx1f244ee3728a4169824ba-0069bd06f6" "proxy-server 20" 0.0233 "-" 23 0
Mar 20 08:36:06 np0005652756 proxy-server[123249]: 172.18.0.103 172.18.0.104 20/Mar/2026/08/36/06 GET /v1/AUTH_7d343c0d5b2d4120a89e3784e7bef979/gnocchi.c19c53c3-a313-44ef-8f8a-504195eb6341/1773360000.0_mean_300.0_v3 HTTP/1.0 200 - python-swiftclient-3.11.1 gAAAAABpvQWDG-Hw... - 16 - tx09e9d6451e884c0fbae8b-0069bd06f6 - 0.0078 - - 1773995766.682123184 1773995766.689951420 0
Mar 20 08:36:06 np0005652756 container-server[121309]: 172.20.0.104 - - [20/Mar/2026:08:36:06 +0000] "GET /d1/1/AUTH_7d343c0d5b2d4120a89e3784e7bef979/gnocchi.76ac617c-f62d-4743-9550-5dac796ab416" 200 357 "GET http://172.18.0.184:8080/v1/AUTH_7d343c0d5b2d4120a89e3784e7bef979/gnocchi.76ac617c-f62d-4743-9550-5dac796ab416?format=json&states=listing" "txd17051645a3746448f961-0069bd06f6" "proxy-server 20" 0.0020 "-" 22 0
Mar 20 08:36:06 np0005652756 object-server[121747]: 172.20.0.103 - - [20/Mar/2026:08:36:06 +0000] "GET /d1/519/AUTH_7d343c0d5b2d4120a89e3784e7bef979/gnocchi.c19c53c3-a313-44ef-8f8a-504195eb6341/1773360000.0_rate%3Amean_300.0_v3" 404 70 "GET http://172.18.0.184:8080/v1/AUTH_7d343c0d5b2d4120a89e3784e7bef979/gnocchi.c19c53c3-a313-44ef-8f8a-504195eb6341/1773360000.0_rate%3Amean_300.0_v3" "txdb97ebb654e04f179f5ba-0069bd06f6" "proxy-server 20" 0.0005 "-" 20 0
Mar 20 08:36:06 np0005652756 proxy-server[123249]: 172.18.0.184 172.18.0.104 20/Mar/2026/08/36/06 GET /v1/AUTH_7d343c0d5b2d4120a89e3784e7bef979/gnocchi.76ac617c-f62d-4743-9550-5dac796ab416%3Fformat%3Djson%26states%3Dlisting HTTP/1.0 200 - python-swiftclient-3.11.1 gAAAAABpvQV0UZ3z... - 357 - txd17051645a3746448f961-0069bd06f6 - 0.0096 - - 1773995766.696333408 1773995766.705895424 0
Mar 20 08:36:06 np0005652756 container-server[121311]: 172.20.0.104 - - [20/Mar/2026:08:36:06 +0000] "GET /d1/1/AUTH_7d343c0d5b2d4120a89e3784e7bef979/gnocchi.76ac617c-f62d-4743-9550-5dac796ab416" 200 2 "GET http://172.18.0.184:8080/v1/AUTH_7d343c0d5b2d4120a89e3784e7bef979/gnocchi.76ac617c-f62d-4743-9550-5dac796ab416?format=json&marker=none_v3&states=listing" "tx11e22e044c0b4df39dc88-0069bd06f6" "proxy-server 20" 0.0018 "-" 23 0
Mar 20 08:36:06 np0005652756 proxy-server[123249]: 172.18.0.184 172.18.0.104 20/Mar/2026/08/36/06 GET /v1/AUTH_7d343c0d5b2d4120a89e3784e7bef979/gnocchi.76ac617c-f62d-4743-9550-5dac796ab416%3Fformat%3Djson%26marker%3Dnone_v3%26states%3Dlisting HTTP/1.0 200 - python-swiftclient-3.11.1 gAAAAABpvQV0UZ3z... - 2 - tx11e22e044c0b4df39dc88-0069bd06f6 - 0.0081 - - 1773995766.709614754 1773995766.717754841 0
Mar 20 08:36:06 np0005652756 container-server[121309]: 172.20.0.104 - - [20/Mar/2026:08:36:06 +0000] "PUT /d1/719/AUTH_7d343c0d5b2d4120a89e3784e7bef979/gnocchi.4d20b438-e8fc-4e48-b7a0-57e6b55cd997/1773360000.0_mean_300.0_v3" 201 - "PUT http://172.18.0.184:8080/d1/137/AUTH_7d343c0d5b2d4120a89e3784e7bef979/gnocchi.4d20b438-e8fc-4e48-b7a0-57e6b55cd997/1773360000.0_mean_300.0_v3" "tx3b44a7d5b31a4a4fb809b-0069bd06f6" "object-server 20" 0.0004 "-" 22 0
Mar 20 08:36:06 np0005652756 object-server[121747]: 172.20.0.105 - - [20/Mar/2026:08:36:06 +0000] "PUT /d1/137/AUTH_7d343c0d5b2d4120a89e3784e7bef979/gnocchi.4d20b438-e8fc-4e48-b7a0-57e6b55cd997/1773360000.0_mean_300.0_v3" 201 - "PUT http://172.18.0.184:8080/v1/AUTH_7d343c0d5b2d4120a89e3784e7bef979/gnocchi.4d20b438-e8fc-4e48-b7a0-57e6b55cd997/1773360000.0_mean_300.0_v3" "tx3b44a7d5b31a4a4fb809b-0069bd06f6" "proxy-server 20" 0.0121 "-" 20 0
Mar 20 08:36:06 np0005652756 proxy-server[123249]: 172.18.0.184 172.18.0.104 20/Mar/2026/08/36/06 GET /v1/AUTH_7d343c0d5b2d4120a89e3784e7bef979/gnocchi.76ac617c-f62d-4743-9550-5dac796ab416/1773360000.0_mean_300.0_v3 HTTP/1.0 200 - python-swiftclient-3.11.1 gAAAAABpvQV0UZ3z... - 16 - tx9e0408bfe01c48679bed7-0069bd06f6 - 0.0096 - - 1773995766.724548578 1773995766.734131575 0
Mar 20 08:36:06 np0005652756 object-server[121751]: 172.20.0.104 - - [20/Mar/2026:08:36:06 +0000] "GET /d1/505/AUTH_7d343c0d5b2d4120a89e3784e7bef979/gnocchi.76ac617c-f62d-4743-9550-5dac796ab416/1773360000.0_rate%3Amean_300.0_v3" 404 70 "GET http://172.18.0.184:8080/v1/AUTH_7d343c0d5b2d4120a89e3784e7bef979/gnocchi.76ac617c-f62d-4743-9550-5dac796ab416/1773360000.0_rate%3Amean_300.0_v3" "txb8d22051ecb244e3b90bb-0069bd06f6" "proxy-server 20" 0.0004 "-" 21 0
Mar 20 08:36:06 np0005652756 container-server[121307]: 172.20.0.103 - - [20/Mar/2026:08:36:06 +0000] "PUT /d1/159/AUTH_7d343c0d5b2d4120a89e3784e7bef979/gnocchi.c19c53c3-a313-44ef-8f8a-504195eb6341/1773360000.0_mean_300.0_v3" 201 - "PUT http://172.18.0.184:8080/d1/376/AUTH_7d343c0d5b2d4120a89e3784e7bef979/gnocchi.c19c53c3-a313-44ef-8f8a-504195eb6341/1773360000.0_mean_300.0_v3" "tx37ccc26b16454988b7d37-0069bd06f6" "object-server 24" 0.0005 "-" 21 0
Mar 20 08:36:06 np0005652756 object-server[121747]: 172.20.0.105 - - [20/Mar/2026:08:36:06 +0000] "PUT /d1/960/AUTH_7d343c0d5b2d4120a89e3784e7bef979/gnocchi.4d20b438-e8fc-4e48-b7a0-57e6b55cd997/none_v3" 201 - "PUT http://172.18.0.184:8080/v1/AUTH_7d343c0d5b2d4120a89e3784e7bef979/gnocchi.4d20b438-e8fc-4e48-b7a0-57e6b55cd997/none_v3" "txc2ca93b236e44e9a973ee-0069bd06f6" "proxy-server 20" 0.0113 "-" 20 0
Mar 20 08:36:06 np0005652756 container-server[121311]: 172.20.0.103 - - [20/Mar/2026:08:36:06 +0000] "PUT /d1/719/AUTH_7d343c0d5b2d4120a89e3784e7bef979/gnocchi.4d20b438-e8fc-4e48-b7a0-57e6b55cd997/none_v3" 201 - "PUT http://172.18.0.184:8080/d1/960/AUTH_7d343c0d5b2d4120a89e3784e7bef979/gnocchi.4d20b438-e8fc-4e48-b7a0-57e6b55cd997/none_v3" "txc2ca93b236e44e9a973ee-0069bd06f6" "object-server 22" 0.0006 "-" 23 0
Mar 20 08:36:06 np0005652756 object-server[121751]: 172.20.0.103 - - [20/Mar/2026:08:36:06 +0000] "PUT /d1/376/AUTH_7d343c0d5b2d4120a89e3784e7bef979/gnocchi.c19c53c3-a313-44ef-8f8a-504195eb6341/1773360000.0_mean_300.0_v3" 201 - "PUT http://172.18.0.184:8080/v1/AUTH_7d343c0d5b2d4120a89e3784e7bef979/gnocchi.c19c53c3-a313-44ef-8f8a-504195eb6341/1773360000.0_mean_300.0_v3" "tx37ccc26b16454988b7d37-0069bd06f6" "proxy-server 20" 0.0173 "-" 21 0
Mar 20 08:36:06 np0005652756 proxy-server[123249]: 172.18.0.184 172.18.0.104 20/Mar/2026/08/36/06 GET /v1/AUTH_7d343c0d5b2d4120a89e3784e7bef979/gnocchi.76ac617c-f62d-4743-9550-5dac796ab416/1773360000.0_rate%253Amean_300.0_v3 HTTP/1.0 404 - python-swiftclient-3.11.1 gAAAAABpvQV0UZ3z... - 70 - txb8d22051ecb244e3b90bb-0069bd06f6 - 0.0161 - - 1773995766.737897396 1773995766.754000425 0
Mar 20 08:36:06 np0005652756 container-server[121309]: 172.20.0.103 - - [20/Mar/2026:08:36:06 +0000] "PUT /d1/159/AUTH_7d343c0d5b2d4120a89e3784e7bef979/gnocchi.c19c53c3-a313-44ef-8f8a-504195eb6341/1773360000.0_rate%3Amean_300.0_v3" 201 - "PUT http://172.18.0.184:8080/d1/519/AUTH_7d343c0d5b2d4120a89e3784e7bef979/gnocchi.c19c53c3-a313-44ef-8f8a-504195eb6341/1773360000.0_rate%3Amean_300.0_v3" "tx013dafac5ff54fe1a9f84-0069bd06f6" "object-server 22" 0.0006 "-" 22 0
Mar 20 08:36:06 np0005652756 object-server[121751]: 172.20.0.104 - - [20/Mar/2026:08:36:06 +0000] "PUT /d1/519/AUTH_7d343c0d5b2d4120a89e3784e7bef979/gnocchi.c19c53c3-a313-44ef-8f8a-504195eb6341/1773360000.0_rate%3Amean_300.0_v3" 201 - "PUT http://172.18.0.184:8080/v1/AUTH_7d343c0d5b2d4120a89e3784e7bef979/gnocchi.c19c53c3-a313-44ef-8f8a-504195eb6341/1773360000.0_rate%3Amean_300.0_v3" "tx013dafac5ff54fe1a9f84-0069bd06f6" "proxy-server 20" 0.0125 "-" 21 0
Mar 20 08:36:06 np0005652756 container-server[121311]: 172.20.0.104 - - [20/Mar/2026:08:36:06 +0000] "PUT /d1/1/AUTH_7d343c0d5b2d4120a89e3784e7bef979/gnocchi.76ac617c-f62d-4743-9550-5dac796ab416/1773360000.0_mean_300.0_v3" 201 - "PUT http://172.18.0.184:8080/d1/446/AUTH_7d343c0d5b2d4120a89e3784e7bef979/gnocchi.76ac617c-f62d-4743-9550-5dac796ab416/1773360000.0_mean_300.0_v3" "tx9e143ea0e5954794a8281-0069bd06f6" "object-server 20" 0.0005 "-" 23 0
Mar 20 08:36:06 np0005652756 proxy-server[123249]: 172.18.0.103 172.18.0.104 20/Mar/2026/08/36/06 PUT /v1/AUTH_7d343c0d5b2d4120a89e3784e7bef979/gnocchi.c19c53c3-a313-44ef-8f8a-504195eb6341/1773360000.0_rate%253Amean_300.0_v3 HTTP/1.0 201 - python-swiftclient-3.11.1 gAAAAABpvQWDG-Hw... 16 - - tx013dafac5ff54fe1a9f84-0069bd06f6 - 0.0230 - - 1773995766.757913113 1773995766.780951262 0
Mar 20 08:36:06 np0005652756 object-server[121747]: 172.20.0.103 - - [20/Mar/2026:08:36:06 +0000] "PUT /d1/446/AUTH_7d343c0d5b2d4120a89e3784e7bef979/gnocchi.76ac617c-f62d-4743-9550-5dac796ab416/1773360000.0_mean_300.0_v3" 201 - "PUT http://172.18.0.184:8080/v1/AUTH_7d343c0d5b2d4120a89e3784e7bef979/gnocchi.76ac617c-f62d-4743-9550-5dac796ab416/1773360000.0_mean_300.0_v3" "tx9e143ea0e5954794a8281-0069bd06f6" "proxy-server 20" 0.0115 "-" 20 0
Mar 20 08:36:06 np0005652756 container-server[121307]: 172.20.0.105 - - [20/Mar/2026:08:36:06 +0000] "HEAD /d1/646/AUTH_7d343c0d5b2d4120a89e3784e7bef979/gnocchi.0612a46f-7d55-4806-9220-fb51651bab5c" 204 - "HEAD http://172.18.0.184:8080/v1/AUTH_7d343c0d5b2d4120a89e3784e7bef979/gnocchi.0612a46f-7d55-4806-9220-fb51651bab5c?format=json&states=listing" "tx6a1fcabe11fe4630a97fe-0069bd06f6" "proxy-server 20" 0.0024 "-" 21 0
Mar 20 08:36:06 np0005652756 container-server[121311]: 172.20.0.104 - - [20/Mar/2026:08:36:06 +0000] "PUT /d1/159/AUTH_7d343c0d5b2d4120a89e3784e7bef979/gnocchi.c19c53c3-a313-44ef-8f8a-504195eb6341/none_v3" 201 - "PUT http://172.18.0.184:8080/d1/214/AUTH_7d343c0d5b2d4120a89e3784e7bef979/gnocchi.c19c53c3-a313-44ef-8f8a-504195eb6341/none_v3" "tx67c94c902d68407bb4e71-0069bd06f6" "object-server 20" 0.0008 "-" 23 0
Mar 20 08:36:06 np0005652756 object-server[121747]: 172.20.0.104 - - [20/Mar/2026:08:36:06 +0000] "PUT /d1/214/AUTH_7d343c0d5b2d4120a89e3784e7bef979/gnocchi.c19c53c3-a313-44ef-8f8a-504195eb6341/none_v3" 201 - "PUT http://172.18.0.184:8080/v1/AUTH_7d343c0d5b2d4120a89e3784e7bef979/gnocchi.c19c53c3-a313-44ef-8f8a-504195eb6341/none_v3" "tx67c94c902d68407bb4e71-0069bd06f6" "proxy-server 20" 0.0114 "-" 20 0
Mar 20 08:36:06 np0005652756 container-server[121307]: 172.20.0.104 - - [20/Mar/2026:08:36:06 +0000] "PUT /d1/1/AUTH_7d343c0d5b2d4120a89e3784e7bef979/gnocchi.76ac617c-f62d-4743-9550-5dac796ab416/1773360000.0_rate%3Amean_300.0_v3" 201 - "PUT http://172.18.0.184:8080/d1/505/AUTH_7d343c0d5b2d4120a89e3784e7bef979/gnocchi.76ac617c-f62d-4743-9550-5dac796ab416/1773360000.0_rate%3Amean_300.0_v3" "tx42f86a29ac6942e594726-0069bd06f6" "object-server 23" 0.0008 "-" 21 0
Mar 20 08:36:06 np0005652756 proxy-server[123249]: 172.18.0.103 172.18.0.104 20/Mar/2026/08/36/06 PUT /v1/AUTH_7d343c0d5b2d4120a89e3784e7bef979/gnocchi.c19c53c3-a313-44ef-8f8a-504195eb6341/none_v3 HTTP/1.0 201 - python-swiftclient-3.11.1 gAAAAABpvQWDG-Hw... 34 - - tx67c94c902d68407bb4e71-0069bd06f6 - 0.0274 - - 1773995766.785367727 1773995766.812815428 0
Mar 20 08:36:06 np0005652756 object-server[121756]: 172.20.0.103 - - [20/Mar/2026:08:36:06 +0000] "PUT /d1/505/AUTH_7d343c0d5b2d4120a89e3784e7bef979/gnocchi.76ac617c-f62d-4743-9550-5dac796ab416/1773360000.0_rate%3Amean_300.0_v3" 201 - "PUT http://172.18.0.184:8080/v1/AUTH_7d343c0d5b2d4120a89e3784e7bef979/gnocchi.76ac617c-f62d-4743-9550-5dac796ab416/1773360000.0_rate%3Amean_300.0_v3" "tx42f86a29ac6942e594726-0069bd06f6" "proxy-server 20" 0.0145 "-" 23 0
Mar 20 08:36:06 np0005652756 container-server[121309]: 172.20.0.105 - - [20/Mar/2026:08:36:06 +0000] "GET /d1/646/AUTH_7d343c0d5b2d4120a89e3784e7bef979/gnocchi.0612a46f-7d55-4806-9220-fb51651bab5c" 200 357 "GET http://172.18.0.184:8080/v1/AUTH_7d343c0d5b2d4120a89e3784e7bef979/gnocchi.0612a46f-7d55-4806-9220-fb51651bab5c?format=json&states=listing" "txb8e6a8e2fddc4eef85b7a-0069bd06f6" "proxy-server 20" 0.0051 "-" 22 0
Mar 20 08:36:06 np0005652756 container-server[121311]: 172.20.0.103 - - [20/Mar/2026:08:36:06 +0000] "HEAD /d1/143/AUTH_7d343c0d5b2d4120a89e3784e7bef979/gnocchi.59e33ecd-364f-4302-b1f5-64115bad9dc7" 204 - "HEAD http://172.18.0.184:8080/v1/AUTH_7d343c0d5b2d4120a89e3784e7bef979/gnocchi.59e33ecd-364f-4302-b1f5-64115bad9dc7?format=json&states=listing" "txd495aead8f02497cb9f59-0069bd06f6" "proxy-server 20" 0.0024 "-" 23 0
Mar 20 08:36:06 np0005652756 container-server[121307]: 172.20.0.104 - - [20/Mar/2026:08:36:06 +0000] "PUT /d1/1/AUTH_7d343c0d5b2d4120a89e3784e7bef979/gnocchi.76ac617c-f62d-4743-9550-5dac796ab416/none_v3" 201 - "PUT http://172.18.0.184:8080/d1/449/AUTH_7d343c0d5b2d4120a89e3784e7bef979/gnocchi.76ac617c-f62d-4743-9550-5dac796ab416/none_v3" "tx63b27d8770f54a1ca173a-0069bd06f6" "object-server 23" 0.0010 "-" 21 0
Mar 20 08:36:06 np0005652756 object-server[121756]: 172.20.0.104 - - [20/Mar/2026:08:36:06 +0000] "PUT /d1/449/AUTH_7d343c0d5b2d4120a89e3784e7bef979/gnocchi.76ac617c-f62d-4743-9550-5dac796ab416/none_v3" 201 - "PUT http://172.18.0.184:8080/v1/AUTH_7d343c0d5b2d4120a89e3784e7bef979/gnocchi.76ac617c-f62d-4743-9550-5dac796ab416/none_v3" "tx63b27d8770f54a1ca173a-0069bd06f6" "proxy-server 20" 0.0131 "-" 23 0
Mar 20 08:36:06 np0005652756 proxy-server[123249]: 172.18.0.184 172.18.0.104 20/Mar/2026/08/36/06 PUT /v1/AUTH_7d343c0d5b2d4120a89e3784e7bef979/gnocchi.76ac617c-f62d-4743-9550-5dac796ab416/none_v3 HTTP/1.0 201 - python-swiftclient-3.11.1 gAAAAABpvQV0UZ3z... 33 - - tx63b27d8770f54a1ca173a-0069bd06f6 - 0.0254 - - 1773995766.823666334 1773995766.849096298 0
Mar 20 08:36:06 np0005652756 object-server[121756]: 172.20.0.103 - - [20/Mar/2026:08:36:06 +0000] "GET /d1/0/AUTH_7d343c0d5b2d4120a89e3784e7bef979/gnocchi.0612a46f-7d55-4806-9220-fb51651bab5c/1773360000.0_rate%3Amean_300.0_v3" 404 70 "GET http://172.18.0.184:8080/v1/AUTH_7d343c0d5b2d4120a89e3784e7bef979/gnocchi.0612a46f-7d55-4806-9220-fb51651bab5c/1773360000.0_rate%3Amean_300.0_v3" "tx95366671f2b14d4c9ab5f-0069bd06f6" "proxy-server 20" 0.0004 "-" 23 0
Mar 20 08:36:06 np0005652756 container-server[121311]: 172.20.0.104 - - [20/Mar/2026:08:36:06 +0000] "HEAD /d1/613/AUTH_7d343c0d5b2d4120a89e3784e7bef979/gnocchi.0ee296e9-ee07-4d48-b262-1f289e1f549d" 204 - "HEAD http://172.18.0.184:8080/v1/AUTH_7d343c0d5b2d4120a89e3784e7bef979/gnocchi.0ee296e9-ee07-4d48-b262-1f289e1f549d?format=json&states=listing" "txaad25c4bf6534d7dab3e8-0069bd06f6" "proxy-server 20" 0.0035 "-" 23 0
Mar 20 08:36:06 np0005652756 container-server[121309]: 172.20.0.103 - - [20/Mar/2026:08:36:06 +0000] "GET /d1/143/AUTH_7d343c0d5b2d4120a89e3784e7bef979/gnocchi.59e33ecd-364f-4302-b1f5-64115bad9dc7" 200 2 "GET http://172.18.0.184:8080/v1/AUTH_7d343c0d5b2d4120a89e3784e7bef979/gnocchi.59e33ecd-364f-4302-b1f5-64115bad9dc7?format=json&marker=none_v3&states=listing" "tx676cd084e270439f85f59-0069bd06f6" "proxy-server 20" 0.0037 "-" 22 0
Mar 20 08:36:06 np0005652756 object-server[121753]: 172.20.0.104 - - [20/Mar/2026:08:36:06 +0000] "GET /d1/766/AUTH_7d343c0d5b2d4120a89e3784e7bef979/gnocchi.0ee296e9-ee07-4d48-b262-1f289e1f549d/none_v3" 200 22 "GET http://172.18.0.184:8080/v1/AUTH_7d343c0d5b2d4120a89e3784e7bef979/gnocchi.0ee296e9-ee07-4d48-b262-1f289e1f549d/none_v3" "txaad25c4bf6534d7dab3e8-0069bd06f6" "proxy-server 20" 0.0009 "-" 22 0
Mar 20 08:36:06 np0005652756 proxy-server[123249]: 172.18.0.184 172.18.0.104 20/Mar/2026/08/36/06 GET /v1/AUTH_7d343c0d5b2d4120a89e3784e7bef979/gnocchi.0ee296e9-ee07-4d48-b262-1f289e1f549d/none_v3 HTTP/1.0 200 - python-swiftclient-3.11.1 gAAAAABpvQV0UZ3z... - 22 - txaad25c4bf6534d7dab3e8-0069bd06f6 - 0.0165 - - 1773995766.866850138 1773995766.883390903 0
Mar 20 08:36:06 np0005652756 container-server[121307]: 172.20.0.104 - - [20/Mar/2026:08:36:06 +0000] "GET /d1/613/AUTH_7d343c0d5b2d4120a89e3784e7bef979/gnocchi.0ee296e9-ee07-4d48-b262-1f289e1f549d" 200 357 "GET http://172.18.0.184:8080/v1/AUTH_7d343c0d5b2d4120a89e3784e7bef979/gnocchi.0ee296e9-ee07-4d48-b262-1f289e1f549d?format=json&states=listing" "tx53b32bb7280a4b37b5478-0069bd06f6" "proxy-server 20" 0.0037 "-" 21 0
Mar 20 08:36:06 np0005652756 proxy-server[123249]: 172.18.0.184 172.18.0.104 20/Mar/2026/08/36/06 GET /v1/AUTH_7d343c0d5b2d4120a89e3784e7bef979/gnocchi.0ee296e9-ee07-4d48-b262-1f289e1f549d%3Fformat%3Djson%26states%3Dlisting HTTP/1.0 200 - python-swiftclient-3.11.1 gAAAAABpvQV0UZ3z... - 357 - tx53b32bb7280a4b37b5478-0069bd06f6 - 0.0119 - - 1773995766.888771057 1773995766.900714397 0
Mar 20 08:36:06 np0005652756 container-server[121309]: 172.20.0.104 - - [20/Mar/2026:08:36:06 +0000] "PUT /d1/646/AUTH_7d343c0d5b2d4120a89e3784e7bef979/gnocchi.0612a46f-7d55-4806-9220-fb51651bab5c/1773360000.0_rate%3Amean_300.0_v3" 201 - "PUT http://172.18.0.184:8080/d1/0/AUTH_7d343c0d5b2d4120a89e3784e7bef979/gnocchi.0612a46f-7d55-4806-9220-fb51651bab5c/1773360000.0_rate%3Amean_300.0_v3" "tx2ce79678354e45a5be337-0069bd06f6" "object-server 23" 0.0008 "-" 22 0
Mar 20 08:36:06 np0005652756 object-server[121756]: 172.20.0.105 - - [20/Mar/2026:08:36:06 +0000] "PUT /d1/0/AUTH_7d343c0d5b2d4120a89e3784e7bef979/gnocchi.0612a46f-7d55-4806-9220-fb51651bab5c/1773360000.0_rate%3Amean_300.0_v3" 201 - "PUT http://172.18.0.184:8080/v1/AUTH_7d343c0d5b2d4120a89e3784e7bef979/gnocchi.0612a46f-7d55-4806-9220-fb51651bab5c/1773360000.0_rate%3Amean_300.0_v3" "tx2ce79678354e45a5be337-0069bd06f6" "proxy-server 20" 0.0138 "-" 23 0
Mar 20 08:36:06 np0005652756 object-server[121756]: 172.20.0.103 - - [20/Mar/2026:08:36:06 +0000] "GET /d1/102/AUTH_7d343c0d5b2d4120a89e3784e7bef979/gnocchi.59e33ecd-364f-4302-b1f5-64115bad9dc7/1773360000.0_rate%3Amean_300.0_v3" 404 70 "GET http://172.18.0.184:8080/v1/AUTH_7d343c0d5b2d4120a89e3784e7bef979/gnocchi.59e33ecd-364f-4302-b1f5-64115bad9dc7/1773360000.0_rate%3Amean_300.0_v3" "tx13e4390ebb8f46c8a18b7-0069bd06f6" "proxy-server 20" 0.0006 "-" 23 0
Mar 20 08:36:06 np0005652756 container-server[121311]: 172.20.0.104 - - [20/Mar/2026:08:36:06 +0000] "GET /d1/613/AUTH_7d343c0d5b2d4120a89e3784e7bef979/gnocchi.0ee296e9-ee07-4d48-b262-1f289e1f549d" 200 2 "GET http://172.18.0.184:8080/v1/AUTH_7d343c0d5b2d4120a89e3784e7bef979/gnocchi.0ee296e9-ee07-4d48-b262-1f289e1f549d?format=json&marker=none_v3&states=listing" "txf8d2a9a0734a49a1b865b-0069bd06f6" "proxy-server 20" 0.0042 "-" 23 0
Mar 20 08:36:06 np0005652756 proxy-server[123249]: 172.18.0.184 172.18.0.104 20/Mar/2026/08/36/06 GET /v1/AUTH_7d343c0d5b2d4120a89e3784e7bef979/gnocchi.0ee296e9-ee07-4d48-b262-1f289e1f549d%3Fformat%3Djson%26marker%3Dnone_v3%26states%3Dlisting HTTP/1.0 200 - python-swiftclient-3.11.1 gAAAAABpvQV0UZ3z... - 2 - txf8d2a9a0734a49a1b865b-0069bd06f6 - 0.0127 - - 1773995766.905613661 1773995766.918356895 0
Mar 20 08:36:06 np0005652756 container-server[121302]: 172.20.0.104 - - [20/Mar/2026:08:36:06 +0000] "PUT /d1/143/AUTH_7d343c0d5b2d4120a89e3784e7bef979/gnocchi.59e33ecd-364f-4302-b1f5-64115bad9dc7/1773360000.0_mean_300.0_v3" 201 - "PUT http://172.18.0.184:8080/d1/896/AUTH_7d343c0d5b2d4120a89e3784e7bef979/gnocchi.59e33ecd-364f-4302-b1f5-64115bad9dc7/1773360000.0_mean_300.0_v3" "txc3141ad7628b43a7b6772-0069bd06f6" "object-server 22" 0.0017 "-" 20 0
Mar 20 08:36:06 np0005652756 proxy-server[123249]: 172.18.0.184 172.18.0.104 20/Mar/2026/08/36/06 GET /v1/AUTH_7d343c0d5b2d4120a89e3784e7bef979/gnocchi.0ee296e9-ee07-4d48-b262-1f289e1f549d/1773360000.0_mean_300.0_v3 HTTP/1.0 200 - python-swiftclient-3.11.1 gAAAAABpvQV0UZ3z... - 16 - txe44f4d23f7354b37be5c8-0069bd06f6 - 0.0133 - - 1773995766.923680544 1773995766.937021732 0
Mar 20 08:36:06 np0005652756 object-server[121753]: 172.20.0.103 - - [20/Mar/2026:08:36:06 +0000] "PUT /d1/896/AUTH_7d343c0d5b2d4120a89e3784e7bef979/gnocchi.59e33ecd-364f-4302-b1f5-64115bad9dc7/1773360000.0_mean_300.0_v3" 201 - "PUT http://172.18.0.184:8080/v1/AUTH_7d343c0d5b2d4120a89e3784e7bef979/gnocchi.59e33ecd-364f-4302-b1f5-64115bad9dc7/1773360000.0_mean_300.0_v3" "txc3141ad7628b43a7b6772-0069bd06f6" "proxy-server 20" 0.0163 "-" 22 0
Mar 20 08:36:06 np0005652756 container-server[121307]: 172.20.0.104 - - [20/Mar/2026:08:36:06 +0000] "PUT /d1/646/AUTH_7d343c0d5b2d4120a89e3784e7bef979/gnocchi.0612a46f-7d55-4806-9220-fb51651bab5c/1773360000.0_mean_300.0_v3" 201 - "PUT http://172.18.0.184:8080/d1/882/AUTH_7d343c0d5b2d4120a89e3784e7bef979/gnocchi.0612a46f-7d55-4806-9220-fb51651bab5c/1773360000.0_mean_300.0_v3" "txdc43f60307a743ddaa1d3-0069bd06f6" "object-server 20" 0.0007 "-" 21 0
Mar 20 08:36:06 np0005652756 object-server[121747]: 172.20.0.105 - - [20/Mar/2026:08:36:06 +0000] "PUT /d1/882/AUTH_7d343c0d5b2d4120a89e3784e7bef979/gnocchi.0612a46f-7d55-4806-9220-fb51651bab5c/1773360000.0_mean_300.0_v3" 201 - "PUT http://172.18.0.184:8080/v1/AUTH_7d343c0d5b2d4120a89e3784e7bef979/gnocchi.0612a46f-7d55-4806-9220-fb51651bab5c/1773360000.0_mean_300.0_v3" "txdc43f60307a743ddaa1d3-0069bd06f6" "proxy-server 20" 0.0136 "-" 20 0
Mar 20 08:36:06 np0005652756 object-server[121756]: 172.20.0.104 - - [20/Mar/2026:08:36:06 +0000] "GET /d1/837/AUTH_7d343c0d5b2d4120a89e3784e7bef979/gnocchi.0ee296e9-ee07-4d48-b262-1f289e1f549d/1773360000.0_rate%3Amean_300.0_v3" 404 70 "GET http://172.18.0.184:8080/v1/AUTH_7d343c0d5b2d4120a89e3784e7bef979/gnocchi.0ee296e9-ee07-4d48-b262-1f289e1f549d/1773360000.0_rate%3Amean_300.0_v3" "tx70d66843c9d8456786f72-0069bd06f6" "proxy-server 20" 0.0006 "-" 23 0
Mar 20 08:36:06 np0005652756 proxy-server[123249]: 172.18.0.184 172.18.0.104 20/Mar/2026/08/36/06 GET /v1/AUTH_7d343c0d5b2d4120a89e3784e7bef979/gnocchi.0ee296e9-ee07-4d48-b262-1f289e1f549d/1773360000.0_rate%253Amean_300.0_v3 HTTP/1.0 404 - python-swiftclient-3.11.1 gAAAAABpvQV0UZ3z... - 70 - tx70d66843c9d8456786f72-0069bd06f6 - 0.0198 - - 1773995766.941329479 1773995766.961166620 0
Mar 20 08:36:06 np0005652756 container-server[121302]: 172.20.0.105 - - [20/Mar/2026:08:36:06 +0000] "PUT /d1/646/AUTH_7d343c0d5b2d4120a89e3784e7bef979/gnocchi.0612a46f-7d55-4806-9220-fb51651bab5c/none_v3" 201 - "PUT http://172.18.0.184:8080/d1/340/AUTH_7d343c0d5b2d4120a89e3784e7bef979/gnocchi.0612a46f-7d55-4806-9220-fb51651bab5c/none_v3" "tx6f8b667db1e94e6b909d4-0069bd06f6" "object-server 24" 0.0008 "-" 20 0
Mar 20 08:36:06 np0005652756 object-server[121751]: 172.20.0.105 - - [20/Mar/2026:08:36:06 +0000] "PUT /d1/340/AUTH_7d343c0d5b2d4120a89e3784e7bef979/gnocchi.0612a46f-7d55-4806-9220-fb51651bab5c/none_v3" 201 - "PUT http://172.18.0.184:8080/v1/AUTH_7d343c0d5b2d4120a89e3784e7bef979/gnocchi.0612a46f-7d55-4806-9220-fb51651bab5c/none_v3" "tx6f8b667db1e94e6b909d4-0069bd06f6" "proxy-server 20" 0.0165 "-" 21 0
Mar 20 08:36:06 np0005652756 object-server[121747]: 172.20.0.103 - - [20/Mar/2026:08:36:06 +0000] "PUT /d1/102/AUTH_7d343c0d5b2d4120a89e3784e7bef979/gnocchi.59e33ecd-364f-4302-b1f5-64115bad9dc7/1773360000.0_rate%3Amean_300.0_v3" 201 - "PUT http://172.18.0.184:8080/v1/AUTH_7d343c0d5b2d4120a89e3784e7bef979/gnocchi.59e33ecd-364f-4302-b1f5-64115bad9dc7/1773360000.0_rate%3Amean_300.0_v3" "tx6c898be400ec40598c34a-0069bd06f6" "proxy-server 20" 0.0183 "-" 20 0
Mar 20 08:36:06 np0005652756 container-server[121311]: 172.20.0.105 - - [20/Mar/2026:08:36:06 +0000] "PUT /d1/143/AUTH_7d343c0d5b2d4120a89e3784e7bef979/gnocchi.59e33ecd-364f-4302-b1f5-64115bad9dc7/1773360000.0_rate%3Amean_300.0_v3" 201 - "PUT http://172.18.0.184:8080/d1/102/AUTH_7d343c0d5b2d4120a89e3784e7bef979/gnocchi.59e33ecd-364f-4302-b1f5-64115bad9dc7/1773360000.0_rate%3Amean_300.0_v3" "tx6c898be400ec40598c34a-0069bd06f6" "object-server 23" 0.0011 "-" 23 0
Mar 20 08:36:06 np0005652756 container-server[121309]: 172.20.0.104 - - [20/Mar/2026:08:36:06 +0000] "PUT /d1/613/AUTH_7d343c0d5b2d4120a89e3784e7bef979/gnocchi.0ee296e9-ee07-4d48-b262-1f289e1f549d/1773360000.0_mean_300.0_v3" 201 - "PUT http://172.18.0.184:8080/d1/352/AUTH_7d343c0d5b2d4120a89e3784e7bef979/gnocchi.0ee296e9-ee07-4d48-b262-1f289e1f549d/1773360000.0_mean_300.0_v3" "tx1becfeedd7ee44f19ecbf-0069bd06f6" "object-server 21" 0.0010 "-" 22 0
Mar 20 08:36:06 np0005652756 object-server[121751]: 172.20.0.104 - - [20/Mar/2026:08:36:06 +0000] "PUT /d1/352/AUTH_7d343c0d5b2d4120a89e3784e7bef979/gnocchi.0ee296e9-ee07-4d48-b262-1f289e1f549d/1773360000.0_mean_300.0_v3" 201 - "PUT http://172.18.0.184:8080/v1/AUTH_7d343c0d5b2d4120a89e3784e7bef979/gnocchi.0ee296e9-ee07-4d48-b262-1f289e1f549d/1773360000.0_mean_300.0_v3" "tx1becfeedd7ee44f19ecbf-0069bd06f6" "proxy-server 20" 0.0151 "-" 21 0
Mar 20 08:36:06 np0005652756 proxy-server[123249]: 172.18.0.184 172.18.0.104 20/Mar/2026/08/36/06 PUT /v1/AUTH_7d343c0d5b2d4120a89e3784e7bef979/gnocchi.0ee296e9-ee07-4d48-b262-1f289e1f549d/1773360000.0_mean_300.0_v3 HTTP/1.0 201 - python-swiftclient-3.11.1 gAAAAABpvQV0UZ3z... 24 - - tx1becfeedd7ee44f19ecbf-0069bd06f6 - 0.0291 - - 1773995766.967108965 1773995766.996201277 0
Mar 20 08:36:07 np0005652756 container-server[121309]: 172.20.0.104 - - [20/Mar/2026:08:36:07 +0000] "PUT /d1/143/AUTH_7d343c0d5b2d4120a89e3784e7bef979/gnocchi.59e33ecd-364f-4302-b1f5-64115bad9dc7/none_v3" 201 - "PUT http://172.18.0.184:8080/d1/436/AUTH_7d343c0d5b2d4120a89e3784e7bef979/gnocchi.59e33ecd-364f-4302-b1f5-64115bad9dc7/none_v3" "txda1e20bec7ba407592cc8-0069bd06f6" "object-server 21" 0.0008 "-" 22 0
Mar 20 08:36:07 np0005652756 object-server[121751]: 172.20.0.105 - - [20/Mar/2026:08:36:07 +0000] "PUT /d1/436/AUTH_7d343c0d5b2d4120a89e3784e7bef979/gnocchi.59e33ecd-364f-4302-b1f5-64115bad9dc7/none_v3" 201 - "PUT http://172.18.0.184:8080/v1/AUTH_7d343c0d5b2d4120a89e3784e7bef979/gnocchi.59e33ecd-364f-4302-b1f5-64115bad9dc7/none_v3" "txda1e20bec7ba407592cc8-0069bd06f6" "proxy-server 20" 0.0122 "-" 21 0
Mar 20 08:36:07 np0005652756 object-server[121756]: 172.20.0.104 - - [20/Mar/2026:08:36:07 +0000] "GET /d1/279/AUTH_7d343c0d5b2d4120a89e3784e7bef979/gnocchi.60ade2c9-b5a8-4986-95b9-9528da1eb682/none_v3" 200 22 "GET http://172.18.0.184:8080/v1/AUTH_7d343c0d5b2d4120a89e3784e7bef979/gnocchi.60ade2c9-b5a8-4986-95b9-9528da1eb682/none_v3" "tx2e1577806c0c402d92a8f-0069bd06f7" "proxy-server 20" 0.0020 "-" 23 0
Mar 20 08:36:07 np0005652756 container-server[121302]: 172.20.0.103 - - [20/Mar/2026:08:36:07 +0000] "PUT /d1/613/AUTH_7d343c0d5b2d4120a89e3784e7bef979/gnocchi.0ee296e9-ee07-4d48-b262-1f289e1f549d/1773360000.0_rate%3Amean_300.0_v3" 201 - "PUT http://172.18.0.184:8080/d1/837/AUTH_7d343c0d5b2d4120a89e3784e7bef979/gnocchi.0ee296e9-ee07-4d48-b262-1f289e1f549d/1773360000.0_rate%3Amean_300.0_v3" "tx2e1361f7fe8c4142844b0-0069bd06f7" "object-server 24" 0.0007 "-" 20 0
Mar 20 08:36:07 np0005652756 proxy-server[123249]: 172.18.0.105 172.18.0.104 20/Mar/2026/08/36/07 GET /v1/AUTH_7d343c0d5b2d4120a89e3784e7bef979/gnocchi.60ade2c9-b5a8-4986-95b9-9528da1eb682/none_v3 HTTP/1.0 200 - python-swiftclient-3.11.1 gAAAAABpvQUzfcJv... - 22 - tx2e1577806c0c402d92a8f-0069bd06f7 - 0.0243 - - 1773995767.002127171 1773995767.026413679 0
Mar 20 08:36:07 np0005652756 object-server[121756]: 172.20.0.103 - - [20/Mar/2026:08:36:07 +0000] "PUT /d1/837/AUTH_7d343c0d5b2d4120a89e3784e7bef979/gnocchi.0ee296e9-ee07-4d48-b262-1f289e1f549d/1773360000.0_rate%3Amean_300.0_v3" 201 - "PUT http://172.18.0.184:8080/v1/AUTH_7d343c0d5b2d4120a89e3784e7bef979/gnocchi.0ee296e9-ee07-4d48-b262-1f289e1f549d/1773360000.0_rate%3Amean_300.0_v3" "tx2e1361f7fe8c4142844b0-0069bd06f7" "proxy-server 20" 0.0188 "-" 23 0
Mar 20 08:36:07 np0005652756 container-server[121307]: 172.20.0.105 - - [20/Mar/2026:08:36:07 +0000] "GET /d1/510/AUTH_7d343c0d5b2d4120a89e3784e7bef979/gnocchi.60ade2c9-b5a8-4986-95b9-9528da1eb682" 200 357 "GET http://172.18.0.184:8080/v1/AUTH_7d343c0d5b2d4120a89e3784e7bef979/gnocchi.60ade2c9-b5a8-4986-95b9-9528da1eb682?format=json&states=listing" "tx2cb74524f5f3441985afe-0069bd06f7" "proxy-server 20" 0.0037 "-" 21 0
Mar 20 08:36:07 np0005652756 container-server[121302]: 172.20.0.103 - - [20/Mar/2026:08:36:07 +0000] "HEAD /d1/335/AUTH_7d343c0d5b2d4120a89e3784e7bef979/gnocchi.c0746cf1-494f-4ceb-a04d-b0d4ab0d3b8e" 204 - "HEAD http://172.18.0.184:8080/v1/AUTH_7d343c0d5b2d4120a89e3784e7bef979/gnocchi.c0746cf1-494f-4ceb-a04d-b0d4ab0d3b8e?format=json&states=listing" "txbb7731e1217f41c982d6c-0069bd06f7" "proxy-server 20" 0.0023 "-" 20 0
Mar 20 08:36:07 np0005652756 container-server[121307]: 172.20.0.105 - - [20/Mar/2026:08:36:07 +0000] "PUT /d1/613/AUTH_7d343c0d5b2d4120a89e3784e7bef979/gnocchi.0ee296e9-ee07-4d48-b262-1f289e1f549d/none_v3" 201 - "PUT http://172.18.0.184:8080/d1/766/AUTH_7d343c0d5b2d4120a89e3784e7bef979/gnocchi.0ee296e9-ee07-4d48-b262-1f289e1f549d/none_v3" "tx9b0d513ef78746c5b353d-0069bd06f7" "object-server 22" 0.0007 "-" 21 0
Mar 20 08:36:07 np0005652756 object-server[121747]: 172.20.0.104 - - [20/Mar/2026:08:36:07 +0000] "PUT /d1/766/AUTH_7d343c0d5b2d4120a89e3784e7bef979/gnocchi.0ee296e9-ee07-4d48-b262-1f289e1f549d/none_v3" 201 - "PUT http://172.18.0.184:8080/v1/AUTH_7d343c0d5b2d4120a89e3784e7bef979/gnocchi.0ee296e9-ee07-4d48-b262-1f289e1f549d/none_v3" "tx9b0d513ef78746c5b353d-0069bd06f7" "proxy-server 20" 0.0137 "-" 20 0
Mar 20 08:36:07 np0005652756 proxy-server[123249]: 172.18.0.184 172.18.0.104 20/Mar/2026/08/36/07 PUT /v1/AUTH_7d343c0d5b2d4120a89e3784e7bef979/gnocchi.0ee296e9-ee07-4d48-b262-1f289e1f549d/none_v3 HTTP/1.0 201 - python-swiftclient-3.11.1 gAAAAABpvQV0UZ3z... 33 - - tx9b0d513ef78746c5b353d-0069bd06f7 - 0.0243 - - 1773995767.039234877 1773995767.063506842 0
Mar 20 08:36:07 np0005652756 object-server[121751]: 172.20.0.103 - - [20/Mar/2026:08:36:07 +0000] "GET /d1/748/AUTH_7d343c0d5b2d4120a89e3784e7bef979/gnocchi.c0746cf1-494f-4ceb-a04d-b0d4ab0d3b8e/none_v3" 200 22 "GET http://172.18.0.184:8080/v1/AUTH_7d343c0d5b2d4120a89e3784e7bef979/gnocchi.c0746cf1-494f-4ceb-a04d-b0d4ab0d3b8e/none_v3" "txbb7731e1217f41c982d6c-0069bd06f7" "proxy-server 20" 0.0012 "-" 21 0
Mar 20 08:36:07 np0005652756 object-server[121751]: 172.20.0.105 - - [20/Mar/2026:08:36:07 +0000] "GET /d1/951/AUTH_7d343c0d5b2d4120a89e3784e7bef979/gnocchi.60ade2c9-b5a8-4986-95b9-9528da1eb682/1773360000.0_rate%3Amean_300.0_v3" 404 70 "GET http://172.18.0.184:8080/v1/AUTH_7d343c0d5b2d4120a89e3784e7bef979/gnocchi.60ade2c9-b5a8-4986-95b9-9528da1eb682/1773360000.0_rate%3Amean_300.0_v3" "tx18e7b8436bda4b54b77aa-0069bd06f7" "proxy-server 20" 0.0004 "-" 21 0
Mar 20 08:36:07 np0005652756 container-server[121302]: 172.20.0.104 - - [20/Mar/2026:08:36:07 +0000] "GET /d1/335/AUTH_7d343c0d5b2d4120a89e3784e7bef979/gnocchi.c0746cf1-494f-4ceb-a04d-b0d4ab0d3b8e" 200 357 "GET http://172.18.0.184:8080/v1/AUTH_7d343c0d5b2d4120a89e3784e7bef979/gnocchi.c0746cf1-494f-4ceb-a04d-b0d4ab0d3b8e?format=json&states=listing" "tx2ff5133c94a648cdae8c7-0069bd06f7" "proxy-server 20" 0.0047 "-" 20 0
Mar 20 08:36:07 np0005652756 proxy-server[123249]: 172.18.0.103 172.18.0.104 20/Mar/2026/08/36/07 GET /v1/AUTH_7d343c0d5b2d4120a89e3784e7bef979/gnocchi.c0746cf1-494f-4ceb-a04d-b0d4ab0d3b8e%3Fformat%3Djson%26states%3Dlisting HTTP/1.0 200 - python-swiftclient-3.11.1 gAAAAABpvQWDG-Hw... - 357 - tx2ff5133c94a648cdae8c7-0069bd06f7 - 0.0148 - - 1773995767.073902130 1773995767.088711262 0
Mar 20 08:36:07 np0005652756 object-server[121753]: 172.20.0.103 - - [20/Mar/2026:08:36:07 +0000] "GET /d1/675/AUTH_7d343c0d5b2d4120a89e3784e7bef979/gnocchi.60ade2c9-b5a8-4986-95b9-9528da1eb682/1773360000.0_mean_300.0_v3" 200 16 "GET http://172.18.0.184:8080/v1/AUTH_7d343c0d5b2d4120a89e3784e7bef979/gnocchi.60ade2c9-b5a8-4986-95b9-9528da1eb682/1773360000.0_mean_300.0_v3" "tx80dc407f8c9c49abaebbc-0069bd06f7" "proxy-server 20" 0.0012 "-" 22 0
Mar 20 08:36:07 np0005652756 container-server[121309]: 172.20.0.105 - - [20/Mar/2026:08:36:07 +0000] "PUT /d1/510/AUTH_7d343c0d5b2d4120a89e3784e7bef979/gnocchi.60ade2c9-b5a8-4986-95b9-9528da1eb682/1773360000.0_rate%3Amean_300.0_v3" 201 - "PUT http://172.18.0.184:8080/d1/951/AUTH_7d343c0d5b2d4120a89e3784e7bef979/gnocchi.60ade2c9-b5a8-4986-95b9-9528da1eb682/1773360000.0_rate%3Amean_300.0_v3" "txd8cd2912e73145b29e8a9-0069bd06f7" "object-server 24" 0.0013 "-" 22 0
Mar 20 08:36:07 np0005652756 object-server[121753]: 172.20.0.104 - - [20/Mar/2026:08:36:07 +0000] "PUT /d1/951/AUTH_7d343c0d5b2d4120a89e3784e7bef979/gnocchi.60ade2c9-b5a8-4986-95b9-9528da1eb682/1773360000.0_rate%3Amean_300.0_v3" 201 - "PUT http://172.18.0.184:8080/v1/AUTH_7d343c0d5b2d4120a89e3784e7bef979/gnocchi.60ade2c9-b5a8-4986-95b9-9528da1eb682/1773360000.0_rate%3Amean_300.0_v3" "txd8cd2912e73145b29e8a9-0069bd06f7" "proxy-server 20" 0.0137 "-" 22 0
Mar 20 08:36:07 np0005652756 proxy-server[123249]: 172.18.0.105 172.18.0.104 20/Mar/2026/08/36/07 PUT /v1/AUTH_7d343c0d5b2d4120a89e3784e7bef979/gnocchi.60ade2c9-b5a8-4986-95b9-9528da1eb682/1773360000.0_rate%253Amean_300.0_v3 HTTP/1.0 201 - python-swiftclient-3.11.1 gAAAAABpvQUzfcJv... 16 - - txd8cd2912e73145b29e8a9-0069bd06f7 - 0.0273 - - 1773995767.108057737 1773995767.135309219 0
Mar 20 08:36:07 np0005652756 object-server[121747]: 172.20.0.105 - - [20/Mar/2026:08:36:07 +0000] "GET /d1/1019/AUTH_7d343c0d5b2d4120a89e3784e7bef979/gnocchi.c0746cf1-494f-4ceb-a04d-b0d4ab0d3b8e/1773360000.0_rate%3Amean_300.0_v3" 404 70 "GET http://172.18.0.184:8080/v1/AUTH_7d343c0d5b2d4120a89e3784e7bef979/gnocchi.c0746cf1-494f-4ceb-a04d-b0d4ab0d3b8e/1773360000.0_rate%3Amean_300.0_v3" "txc284c72626ce4988bcfa7-0069bd06f7" "proxy-server 20" 0.0005 "-" 20 0
Mar 20 08:36:07 np0005652756 container-server[121302]: 172.20.0.103 - - [20/Mar/2026:08:36:07 +0000] "PUT /d1/510/AUTH_7d343c0d5b2d4120a89e3784e7bef979/gnocchi.60ade2c9-b5a8-4986-95b9-9528da1eb682/1773360000.0_mean_300.0_v3" 201 - "PUT http://172.18.0.184:8080/d1/675/AUTH_7d343c0d5b2d4120a89e3784e7bef979/gnocchi.60ade2c9-b5a8-4986-95b9-9528da1eb682/1773360000.0_mean_300.0_v3" "txba3a00cb382c40eca4c06-0069bd06f7" "object-server 24" 0.0008 "-" 20 0
Mar 20 08:36:07 np0005652756 object-server[121756]: 172.20.0.103 - - [20/Mar/2026:08:36:07 +0000] "PUT /d1/675/AUTH_7d343c0d5b2d4120a89e3784e7bef979/gnocchi.60ade2c9-b5a8-4986-95b9-9528da1eb682/1773360000.0_mean_300.0_v3" 201 - "PUT http://172.18.0.184:8080/v1/AUTH_7d343c0d5b2d4120a89e3784e7bef979/gnocchi.60ade2c9-b5a8-4986-95b9-9528da1eb682/1773360000.0_mean_300.0_v3" "txba3a00cb382c40eca4c06-0069bd06f7" "proxy-server 20" 0.0153 "-" 23 0
Mar 20 08:36:07 np0005652756 container-server[121307]: 172.20.0.104 - - [20/Mar/2026:08:36:07 +0000] "PUT /d1/335/AUTH_7d343c0d5b2d4120a89e3784e7bef979/gnocchi.c0746cf1-494f-4ceb-a04d-b0d4ab0d3b8e/1773360000.0_mean_300.0_v3" 201 - "PUT http://172.18.0.184:8080/d1/644/AUTH_7d343c0d5b2d4120a89e3784e7bef979/gnocchi.c0746cf1-494f-4ceb-a04d-b0d4ab0d3b8e/1773360000.0_mean_300.0_v3" "txc8dbbb5cefd1475aa5984-0069bd06f7" "object-server 22" 0.0009 "-" 21 0
Mar 20 08:36:07 np0005652756 object-server[121753]: 172.20.0.104 - - [20/Mar/2026:08:36:07 +0000] "PUT /d1/644/AUTH_7d343c0d5b2d4120a89e3784e7bef979/gnocchi.c0746cf1-494f-4ceb-a04d-b0d4ab0d3b8e/1773360000.0_mean_300.0_v3" 201 - "PUT http://172.18.0.184:8080/v1/AUTH_7d343c0d5b2d4120a89e3784e7bef979/gnocchi.c0746cf1-494f-4ceb-a04d-b0d4ab0d3b8e/1773360000.0_mean_300.0_v3" "txc8dbbb5cefd1475aa5984-0069bd06f7" "proxy-server 20" 0.0153 "-" 22 0
Mar 20 08:36:07 np0005652756 proxy-server[123249]: 172.18.0.103 172.18.0.104 20/Mar/2026/08/36/07 PUT /v1/AUTH_7d343c0d5b2d4120a89e3784e7bef979/gnocchi.c0746cf1-494f-4ceb-a04d-b0d4ab0d3b8e/1773360000.0_mean_300.0_v3 HTTP/1.0 201 - python-swiftclient-3.11.1 gAAAAABpvQWDG-Hw... 27 - - txc8dbbb5cefd1475aa5984-0069bd06f7 - 0.0283 - - 1773995767.155621529 1773995767.183881283 0
Mar 20 08:36:07 np0005652756 container-server[121302]: 172.20.0.103 - - [20/Mar/2026:08:36:07 +0000] "PUT /d1/510/AUTH_7d343c0d5b2d4120a89e3784e7bef979/gnocchi.60ade2c9-b5a8-4986-95b9-9528da1eb682/none_v3" 201 - "PUT http://172.18.0.184:8080/d1/279/AUTH_7d343c0d5b2d4120a89e3784e7bef979/gnocchi.60ade2c9-b5a8-4986-95b9-9528da1eb682/none_v3" "txdb783731c20349648881c-0069bd06f7" "object-server 24" 0.0012 "-" 20 0
Mar 20 08:36:07 np0005652756 object-server[121756]: 172.20.0.105 - - [20/Mar/2026:08:36:07 +0000] "PUT /d1/279/AUTH_7d343c0d5b2d4120a89e3784e7bef979/gnocchi.60ade2c9-b5a8-4986-95b9-9528da1eb682/none_v3" 201 - "PUT http://172.18.0.184:8080/v1/AUTH_7d343c0d5b2d4120a89e3784e7bef979/gnocchi.60ade2c9-b5a8-4986-95b9-9528da1eb682/none_v3" "txdb783731c20349648881c-0069bd06f7" "proxy-server 20" 0.0140 "-" 23 0
Mar 20 08:36:07 np0005652756 container-server[121311]: 172.20.0.103 - - [20/Mar/2026:08:36:07 +0000] "PUT /d1/335/AUTH_7d343c0d5b2d4120a89e3784e7bef979/gnocchi.c0746cf1-494f-4ceb-a04d-b0d4ab0d3b8e/1773360000.0_rate%3Amean_300.0_v3" 201 - "PUT http://172.18.0.184:8080/d1/1019/AUTH_7d343c0d5b2d4120a89e3784e7bef979/gnocchi.c0746cf1-494f-4ceb-a04d-b0d4ab0d3b8e/1773360000.0_rate%3Amean_300.0_v3" "tx62e2abbe43614c2597c76-0069bd06f7" "object-server 25" 0.0009 "-" 23 0
Mar 20 08:36:07 np0005652756 object-server[121756]: 172.20.0.103 - - [20/Mar/2026:08:36:07 +0000] "PUT /d1/1019/AUTH_7d343c0d5b2d4120a89e3784e7bef979/gnocchi.c0746cf1-494f-4ceb-a04d-b0d4ab0d3b8e/1773360000.0_rate%3Amean_300.0_v3" 201 - "PUT http://172.18.0.184:8080/v1/AUTH_7d343c0d5b2d4120a89e3784e7bef979/gnocchi.c0746cf1-494f-4ceb-a04d-b0d4ab0d3b8e/1773360000.0_rate%3Amean_300.0_v3" "tx62e2abbe43614c2597c76-0069bd06f7" "proxy-server 20" 0.0159 "-" 23 0
Mar 20 08:36:07 np0005652756 container-server[121307]: 172.20.0.105 - - [20/Mar/2026:08:36:07 +0000] "PUT /d1/335/AUTH_7d343c0d5b2d4120a89e3784e7bef979/gnocchi.c0746cf1-494f-4ceb-a04d-b0d4ab0d3b8e/none_v3" 201 - "PUT http://172.18.0.184:8080/d1/748/AUTH_7d343c0d5b2d4120a89e3784e7bef979/gnocchi.c0746cf1-494f-4ceb-a04d-b0d4ab0d3b8e/none_v3" "tx334ee543f3914a4bb3445-0069bd06f7" "object-server 22" 0.0008 "-" 21 0
Mar 20 08:36:07 np0005652756 object-server[121747]: 172.20.0.104 - - [20/Mar/2026:08:36:07 +0000] "PUT /d1/748/AUTH_7d343c0d5b2d4120a89e3784e7bef979/gnocchi.c0746cf1-494f-4ceb-a04d-b0d4ab0d3b8e/none_v3" 201 - "PUT http://172.18.0.184:8080/v1/AUTH_7d343c0d5b2d4120a89e3784e7bef979/gnocchi.c0746cf1-494f-4ceb-a04d-b0d4ab0d3b8e/none_v3" "tx334ee543f3914a4bb3445-0069bd06f7" "proxy-server 20" 0.0141 "-" 20 0
Mar 20 08:36:07 np0005652756 proxy-server[123249]: 172.18.0.103 172.18.0.104 20/Mar/2026/08/36/07 PUT /v1/AUTH_7d343c0d5b2d4120a89e3784e7bef979/gnocchi.c0746cf1-494f-4ceb-a04d-b0d4ab0d3b8e/none_v3 HTTP/1.0 201 - python-swiftclient-3.11.1 gAAAAABpvQWDG-Hw... 35 - - tx334ee543f3914a4bb3445-0069bd06f7 - 0.0284 - - 1773995767.223260403 1773995767.251632690 0
Mar 20 08:36:11 np0005652756 object-server[121359]: Starting object replication pass.
Mar 20 08:36:12 np0005652756 object-server[121359]: 55/55 (100.00%) partitions replicated in 1.12s (49.05/sec, 0s remaining)
Mar 20 08:36:12 np0005652756 object-server[121359]: 110 successes, 0 failures
Mar 20 08:36:12 np0005652756 object-server[121359]: 57 suffixes checked - 36.84% hashed, 0.00% synced
Mar 20 08:36:12 np0005652756 object-server[121359]: Partition times: max 0.0921s, min 0.0060s, med 0.0108s
Mar 20 08:36:12 np0005652756 object-server[121359]: Object replication complete. (0.02 minutes)
Mar 20 08:36:15 np0005652756 object-server[251315]: Begin object audit "forever" mode (ZBF)
Mar 20 08:36:15 np0005652756 object-server[251316]: Begin object audit "forever" mode (ALL)
Mar 20 08:36:15 np0005652756 object-server[251315]: Object audit (ZBF). Since Fri Mar 20 08:36:15 2026: Locally: 1 passed, 0 quarantined, 0 errors, files/sec: 555.76, bytes/sec: 0.00, Total time: 0.00, Auditing time: 0.00, Rate: 0.00
Mar 20 08:36:15 np0005652756 object-server[251316]: Object audit (ALL). Since Fri Mar 20 08:36:15 2026: Locally: 1 passed, 0 quarantined, 0 errors, files/sec: 123.96, bytes/sec: 1983.36, Total time: 0.01, Auditing time: 0.00, Rate: 0.00
Mar 20 08:36:16 np0005652756 object-server[251315]: Object audit (ZBF) "forever" mode completed: 1.12s. Total quarantined: 0, Total errors: 0, Total files/sec: 50.76, Total bytes/sec: 0.00, Auditing time: 1.11, Rate: 0.99
Mar 20 08:36:18 np0005652756 object-server[251316]: Object audit (ALL) "forever" mode completed: 2.81s. Total quarantined: 0, Total errors: 0, Total files/sec: 20.29, Total bytes/sec: 469.17, Auditing time: 2.79, Rate: 0.99
Mar 20 08:36:22 np0005652756 account-server[120782]: Beginning replication run
Mar 20 08:36:22 np0005652756 account-server[120782]: Replication run OVER
Mar 20 08:36:22 np0005652756 account-server[120782]: Attempted to replicate 1 dbs in 0.02745 seconds (36.42488/s)
Mar 20 08:36:22 np0005652756 account-server[120782]: Removed 0 dbs
Mar 20 08:36:22 np0005652756 account-server[120782]: 2 successes, 0 failures
Mar 20 08:36:22 np0005652756 account-server[120782]: diff:0 diff_capped:0 empty:0 hashmatch:0 no_change:2 remote_merge:0 rsync:0 ts_repl:0
Mar 20 08:36:24 np0005652756 container-server[120908]: Beginning replication run
Mar 20 08:36:24 np0005652756 container-server[120908]: Replication run OVER
Mar 20 08:36:24 np0005652756 container-server[120908]: Attempted to replicate 22 dbs in 0.51977 seconds (42.32604/s)
Mar 20 08:36:24 np0005652756 container-server[120908]: Removed 0 dbs
Mar 20 08:36:24 np0005652756 container-server[120908]: 44 successes, 0 failures
Mar 20 08:36:24 np0005652756 container-server[120908]: diff:0 diff_capped:0 empty:0 hashmatch:0 no_change:44 remote_merge:0 rsync:0 ts_repl:0
Mar 20 08:36:28 np0005652756 account-server[121269]: 172.20.0.103 - - [20/Mar/2026:08:36:28 +0000] "HEAD /d1/238/.expiring_objects" 404 - "HEAD http://localhost/v1/.expiring_objects?format=json" "tx8cf4304381704bfba01cf-0069bd070c" "proxy-server 2" 0.0008 "-" 21 -
Mar 20 08:36:42 np0005652756 object-server[121359]: Starting object replication pass.
Mar 20 08:36:43 np0005652756 object-server[121359]: 55/55 (100.00%) partitions replicated in 0.49s (112.23/sec, 0s remaining)
Mar 20 08:36:43 np0005652756 object-server[121359]: 110 successes, 0 failures
Mar 20 08:36:43 np0005652756 object-server[121359]: 57 suffixes checked - 0.00% hashed, 0.00% synced
Mar 20 08:36:43 np0005652756 object-server[121359]: Partition times: max 0.0154s, min 0.0059s, med 0.0078s
Mar 20 08:36:43 np0005652756 object-server[121359]: Object replication complete. (0.01 minutes)
Mar 20 08:36:46 np0005652756 object-server[251383]: Begin object audit "forever" mode (ZBF)
Mar 20 08:36:46 np0005652756 object-server[251383]: Object audit (ZBF). Since Fri Mar 20 08:36:46 2026: Locally: 1 passed, 0 quarantined, 0 errors, files/sec: 845.80, bytes/sec: 0.00, Total time: 0.00, Auditing time: 0.00, Rate: 0.00
Mar 20 08:36:47 np0005652756 object-server[251383]: Object audit (ZBF) "forever" mode completed: 1.12s. Total quarantined: 0, Total errors: 0, Total files/sec: 50.80, Total bytes/sec: 0.00, Auditing time: 1.11, Rate: 0.99
Mar 20 08:36:52 np0005652756 account-server[120782]: Beginning replication run
Mar 20 08:36:52 np0005652756 account-server[120782]: Replication run OVER
Mar 20 08:36:52 np0005652756 account-server[120782]: Attempted to replicate 1 dbs in 0.01407 seconds (71.09060/s)
Mar 20 08:36:52 np0005652756 account-server[120782]: Removed 0 dbs
Mar 20 08:36:52 np0005652756 account-server[120782]: 2 successes, 0 failures
Mar 20 08:36:52 np0005652756 account-server[120782]: diff:0 diff_capped:0 empty:0 hashmatch:0 no_change:2 remote_merge:0 rsync:0 ts_repl:0
Mar 20 08:36:54 np0005652756 container-server[120908]: Beginning replication run
Mar 20 08:36:54 np0005652756 container-server[120908]: Replication run OVER
Mar 20 08:36:54 np0005652756 container-server[120908]: Attempted to replicate 22 dbs in 0.43519 seconds (50.55246/s)
Mar 20 08:36:54 np0005652756 container-server[120908]: Removed 0 dbs
Mar 20 08:36:54 np0005652756 container-server[120908]: 44 successes, 0 failures
Mar 20 08:36:54 np0005652756 container-server[120908]: diff:0 diff_capped:0 empty:0 hashmatch:0 no_change:44 remote_merge:0 rsync:0 ts_repl:0
Mar 20 08:37:13 np0005652756 object-server[121359]: Starting object replication pass.
Mar 20 08:37:13 np0005652756 object-server[121359]: 55/55 (100.00%) partitions replicated in 0.55s (99.19/sec, 0s remaining)
Mar 20 08:37:13 np0005652756 object-server[121359]: 110 successes, 0 failures
Mar 20 08:37:13 np0005652756 object-server[121359]: 57 suffixes checked - 0.00% hashed, 0.00% synced
Mar 20 08:37:13 np0005652756 object-server[121359]: Partition times: max 0.0242s, min 0.0059s, med 0.0086s
Mar 20 08:37:13 np0005652756 object-server[121359]: Object replication complete. (0.01 minutes)
Mar 20 08:37:17 np0005652756 account-server[121269]: 172.20.0.104 - - [20/Mar/2026:08:37:17 +0000] "HEAD /d1/238/.expiring_objects" 404 - "HEAD http://localhost/v1/.expiring_objects?format=json" "txbe6e0b5aad8a47f3a6102-0069bd073d" "proxy-server 2" 0.0008 "-" 21 -
Mar 20 08:37:17 np0005652756 object-expirer[121406]: Pass completed in 0s; 0 objects expired (txn: txbe6e0b5aad8a47f3a6102-0069bd073d)
Mar 20 08:37:18 np0005652756 object-server[257413]: Begin object audit "forever" mode (ZBF)
Mar 20 08:37:18 np0005652756 object-server[257414]: Begin object audit "forever" mode (ALL)
Mar 20 08:37:18 np0005652756 object-server[257413]: Object audit (ZBF). Since Fri Mar 20 08:37:18 2026: Locally: 1 passed, 0 quarantined, 0 errors, files/sec: 636.95, bytes/sec: 0.00, Total time: 0.00, Auditing time: 0.00, Rate: 0.00
Mar 20 08:37:18 np0005652756 object-server[257414]: Object audit (ALL). Since Fri Mar 20 08:37:18 2026: Locally: 1 passed, 0 quarantined, 0 errors, files/sec: 107.76, bytes/sec: 1724.23, Total time: 0.01, Auditing time: 0.00, Rate: 0.00
Mar 20 08:37:19 np0005652756 object-server[257413]: Object audit (ZBF) "forever" mode completed: 1.12s. Total quarantined: 0, Total errors: 0, Total files/sec: 50.74, Total bytes/sec: 0.00, Auditing time: 1.11, Rate: 0.99
Mar 20 08:37:20 np0005652756 object-server[257414]: Object audit (ALL) "forever" mode completed: 2.81s. Total quarantined: 0, Total errors: 0, Total files/sec: 20.28, Total bytes/sec: 468.87, Auditing time: 2.79, Rate: 0.99
Mar 20 08:37:22 np0005652756 account-server[120782]: Beginning replication run
Mar 20 08:37:22 np0005652756 account-server[120782]: Replication run OVER
Mar 20 08:37:22 np0005652756 account-server[120782]: Attempted to replicate 1 dbs in 0.01655 seconds (60.43107/s)
Mar 20 08:37:22 np0005652756 account-server[120782]: Removed 0 dbs
Mar 20 08:37:22 np0005652756 account-server[120782]: 2 successes, 0 failures
Mar 20 08:37:22 np0005652756 account-server[120782]: diff:0 diff_capped:0 empty:0 hashmatch:0 no_change:2 remote_merge:0 rsync:0 ts_repl:0
Mar 20 08:37:24 np0005652756 container-server[120908]: Beginning replication run
Mar 20 08:37:24 np0005652756 container-server[120908]: Replication run OVER
Mar 20 08:37:24 np0005652756 container-server[120908]: Attempted to replicate 22 dbs in 0.43150 seconds (50.98445/s)
Mar 20 08:37:24 np0005652756 container-server[120908]: Removed 0 dbs
Mar 20 08:37:24 np0005652756 container-server[120908]: 44 successes, 0 failures
Mar 20 08:37:24 np0005652756 container-server[120908]: diff:0 diff_capped:0 empty:0 hashmatch:0 no_change:44 remote_merge:0 rsync:0 ts_repl:0
Mar 20 08:37:37 np0005652756 account-server[121277]: 172.20.0.105 - - [20/Mar/2026:08:37:37 +0000] "HEAD /d1/238/.expiring_objects" 404 - "HEAD http://localhost/v1/.expiring_objects?format=json" "txaa7ca626af2a434da37f2-0069bd0751" "proxy-server 2" 0.0009 "-" 22 -
Mar 20 08:37:43 np0005652756 object-server[121359]: Starting object replication pass.
Mar 20 08:37:44 np0005652756 object-server[121359]: 55/55 (100.00%) partitions replicated in 0.52s (105.40/sec, 0s remaining)
Mar 20 08:37:44 np0005652756 object-server[121359]: 110 successes, 0 failures
Mar 20 08:37:44 np0005652756 object-server[121359]: 57 suffixes checked - 0.00% hashed, 0.00% synced
Mar 20 08:37:44 np0005652756 object-server[121359]: Partition times: max 0.0145s, min 0.0055s, med 0.0085s
Mar 20 08:37:44 np0005652756 object-server[121359]: Object replication complete. (0.01 minutes)
