Mar 20 08:25:50 np0005652755 object-server[194161]: Object audit (ALL) "forever" mode completed: 0.00s. Total quarantined: 0, Total errors: 0, Total files/sec: 0.00, Total bytes/sec: 0.00, Auditing time: 0.00, Rate: 0.00
Mar 20 08:26:11 np0005652755 container-server[124504]: Beginning replication run
Mar 20 08:26:11 np0005652755 container-server[124504]: Replication run OVER
Mar 20 08:26:11 np0005652755 container-server[124504]: Attempted to replicate 0 dbs in 0.00243 seconds (0.00000/s)
Mar 20 08:26:11 np0005652755 container-server[124504]: Removed 0 dbs
Mar 20 08:26:11 np0005652755 container-server[124504]: 0 successes, 0 failures
Mar 20 08:26:11 np0005652755 container-server[124504]: diff:0 diff_capped:0 empty:0 hashmatch:0 no_change:0 remote_merge:0 rsync:0 ts_repl:0
Mar 20 08:26:11 np0005652755 account-server[124377]: Beginning replication run
Mar 20 08:26:11 np0005652755 account-server[124377]: Replication run OVER
Mar 20 08:26:11 np0005652755 account-server[124377]: Attempted to replicate 0 dbs in 0.00295 seconds (0.00000/s)
Mar 20 08:26:11 np0005652755 account-server[124377]: Removed 0 dbs
Mar 20 08:26:11 np0005652755 account-server[124377]: 0 successes, 0 failures
Mar 20 08:26:11 np0005652755 account-server[124377]: diff:0 diff_capped:0 empty:0 hashmatch:0 no_change:0 remote_merge:0 rsync:0 ts_repl:0
Mar 20 08:26:18 np0005652755 object-server[125080]: Starting object replication pass.
Mar 20 08:26:18 np0005652755 object-server[125080]: Nothing replicated for 0.00501251220703125 seconds.
Mar 20 08:26:18 np0005652755 object-server[125080]: Object replication complete. (0.00 minutes)
Mar 20 08:26:20 np0005652755 object-server[197078]: Begin object audit "forever" mode (ZBF)
Mar 20 08:26:20 np0005652755 object-server[197079]: Begin object audit "forever" mode (ALL)
Mar 20 08:26:20 np0005652755 object-server[197078]: Object audit (ZBF) "forever" mode completed: 0.00s. Total quarantined: 0, Total errors: 0, Total files/sec: 0.00, Total bytes/sec: 0.00, Auditing time: 0.00, Rate: 0.00
Mar 20 08:26:20 np0005652755 object-server[197079]: Object audit (ALL) "forever" mode completed: 0.00s. Total quarantined: 0, Total errors: 0, Total files/sec: 0.00, Total bytes/sec: 0.00, Auditing time: 0.00, Rate: 0.00
Mar 20 08:26:39 np0005652755 account-server[124828]: 172.20.0.105 - - [20/Mar/2026:08:26:39 +0000] "HEAD /d1/238/.expiring_objects" 404 - "HEAD http://localhost/v1/.expiring_objects?format=json" "tx7e56acfae1d54b888465c-0069bd04bf" "proxy-server 2" 0.0010 "-" 23 -
Mar 20 08:26:41 np0005652755 container-server[124504]: Beginning replication run
Mar 20 08:26:41 np0005652755 container-server[124504]: Replication run OVER
Mar 20 08:26:41 np0005652755 container-server[124504]: Attempted to replicate 0 dbs in 0.00164 seconds (0.00000/s)
Mar 20 08:26:41 np0005652755 container-server[124504]: Removed 0 dbs
Mar 20 08:26:41 np0005652755 container-server[124504]: 0 successes, 0 failures
Mar 20 08:26:41 np0005652755 container-server[124504]: diff:0 diff_capped:0 empty:0 hashmatch:0 no_change:0 remote_merge:0 rsync:0 ts_repl:0
Mar 20 08:26:41 np0005652755 account-server[124377]: Beginning replication run
Mar 20 08:26:41 np0005652755 account-server[124377]: Replication run OVER
Mar 20 08:26:41 np0005652755 account-server[124377]: Attempted to replicate 0 dbs in 0.00187 seconds (0.00000/s)
Mar 20 08:26:41 np0005652755 account-server[124377]: Removed 0 dbs
Mar 20 08:26:41 np0005652755 account-server[124377]: 0 successes, 0 failures
Mar 20 08:26:41 np0005652755 account-server[124377]: diff:0 diff_capped:0 empty:0 hashmatch:0 no_change:0 remote_merge:0 rsync:0 ts_repl:0
Mar 20 08:26:48 np0005652755 object-server[125080]: Starting object replication pass.
Mar 20 08:26:48 np0005652755 object-server[125080]: Nothing replicated for 0.0038902759552001953 seconds.
Mar 20 08:26:48 np0005652755 object-server[125080]: Object replication complete. (0.00 minutes)
Mar 20 08:26:50 np0005652755 object-server[197080]: Begin object audit "forever" mode (ZBF)
Mar 20 08:26:50 np0005652755 object-server[197080]: Object audit (ZBF) "forever" mode completed: 0.00s. Total quarantined: 0, Total errors: 0, Total files/sec: 0.00, Total bytes/sec: 0.00, Auditing time: 0.00, Rate: 0.00
Mar 20 08:27:11 np0005652755 container-server[124504]: Beginning replication run
Mar 20 08:27:11 np0005652755 container-server[124504]: Replication run OVER
Mar 20 08:27:11 np0005652755 container-server[124504]: Attempted to replicate 0 dbs in 0.00161 seconds (0.00000/s)
Mar 20 08:27:11 np0005652755 container-server[124504]: Removed 0 dbs
Mar 20 08:27:11 np0005652755 container-server[124504]: 0 successes, 0 failures
Mar 20 08:27:11 np0005652755 container-server[124504]: diff:0 diff_capped:0 empty:0 hashmatch:0 no_change:0 remote_merge:0 rsync:0 ts_repl:0
Mar 20 08:27:11 np0005652755 account-server[124377]: Beginning replication run
Mar 20 08:27:11 np0005652755 account-server[124377]: Replication run OVER
Mar 20 08:27:11 np0005652755 account-server[124377]: Attempted to replicate 0 dbs in 0.00245 seconds (0.00000/s)
Mar 20 08:27:11 np0005652755 account-server[124377]: Removed 0 dbs
Mar 20 08:27:11 np0005652755 account-server[124377]: 0 successes, 0 failures
Mar 20 08:27:11 np0005652755 account-server[124377]: diff:0 diff_capped:0 empty:0 hashmatch:0 no_change:0 remote_merge:0 rsync:0 ts_repl:0
Mar 20 08:27:18 np0005652755 object-server[125080]: Starting object replication pass.
Mar 20 08:27:18 np0005652755 object-server[125080]: Nothing replicated for 0.004328250885009766 seconds.
Mar 20 08:27:18 np0005652755 object-server[125080]: Object replication complete. (0.00 minutes)
Mar 20 08:27:20 np0005652755 object-server[203221]: Begin object audit "forever" mode (ALL)
Mar 20 08:27:20 np0005652755 object-server[203221]: Object audit (ALL) "forever" mode completed: 0.00s. Total quarantined: 0, Total errors: 0, Total files/sec: 0.00, Total bytes/sec: 0.00, Auditing time: 0.00, Rate: 0.00
Mar 20 08:27:20 np0005652755 object-server[203220]: Begin object audit "forever" mode (ZBF)
Mar 20 08:27:20 np0005652755 object-server[203220]: Object audit (ZBF) "forever" mode completed: 0.00s. Total quarantined: 0, Total errors: 0, Total files/sec: 0.00, Total bytes/sec: 0.00, Auditing time: 0.00, Rate: 0.00
Mar 20 08:27:32 np0005652755 account-server[124779]: 172.20.0.104 - - [20/Mar/2026:08:27:32 +0000] "HEAD /d1/238/.expiring_objects" 404 - "HEAD http://localhost/v1/.expiring_objects?format=json" "tx93654df8f0a245d58339b-0069bd04f4" "proxy-server 2" 0.0010 "-" 20 -
Mar 20 08:27:40 np0005652755 object-server[125343]: Begin object update sweep
Mar 20 08:27:40 np0005652755 object-server[205274]: Object update sweep starting on /srv/node/d1 (pid: 14)
Mar 20 08:27:40 np0005652755 object-server[205274]: Object update sweep completed on /srv/node/d1 in 0.00s seconds:, 0 successes, 0 failures, 0 quarantines, 0 unlinks, 0 errors, 0 redirects (pid: 14)
Mar 20 08:27:40 np0005652755 object-server[205274]: Object update sweep of d1 completed: 0.00s, 0 successes, 0 failures, 0 quarantines, 0 unlinks, 0 errors, 0 redirects
Mar 20 08:27:40 np0005652755 object-server[125343]: Object update sweep completed: 0.09s
Mar 20 08:27:41 np0005652755 container-server[124504]: Beginning replication run
Mar 20 08:27:41 np0005652755 container-server[124504]: Replication run OVER
Mar 20 08:27:41 np0005652755 container-server[124504]: Attempted to replicate 0 dbs in 0.00146 seconds (0.00000/s)
Mar 20 08:27:41 np0005652755 container-server[124504]: Removed 0 dbs
Mar 20 08:27:41 np0005652755 container-server[124504]: 0 successes, 0 failures
Mar 20 08:27:41 np0005652755 container-server[124504]: diff:0 diff_capped:0 empty:0 hashmatch:0 no_change:0 remote_merge:0 rsync:0 ts_repl:0
Mar 20 08:27:41 np0005652755 account-server[124377]: Beginning replication run
Mar 20 08:27:41 np0005652755 account-server[124377]: Replication run OVER
Mar 20 08:27:41 np0005652755 account-server[124377]: Attempted to replicate 0 dbs in 0.00229 seconds (0.00000/s)
Mar 20 08:27:41 np0005652755 account-server[124377]: Removed 0 dbs
Mar 20 08:27:41 np0005652755 account-server[124377]: 0 successes, 0 failures
Mar 20 08:27:41 np0005652755 account-server[124377]: diff:0 diff_capped:0 empty:0 hashmatch:0 no_change:0 remote_merge:0 rsync:0 ts_repl:0
Mar 20 08:27:48 np0005652755 object-server[125080]: Starting object replication pass.
Mar 20 08:27:48 np0005652755 object-server[125080]: Nothing replicated for 0.004999637603759766 seconds.
Mar 20 08:27:48 np0005652755 object-server[125080]: Object replication complete. (0.00 minutes)
Mar 20 08:27:50 np0005652755 object-server[206100]: Begin object audit "forever" mode (ALL)
Mar 20 08:27:50 np0005652755 object-server[206099]: Begin object audit "forever" mode (ZBF)
Mar 20 08:27:50 np0005652755 object-server[206100]: Object audit (ALL) "forever" mode completed: 0.00s. Total quarantined: 0, Total errors: 0, Total files/sec: 0.00, Total bytes/sec: 0.00, Auditing time: 0.00, Rate: 0.00
Mar 20 08:27:50 np0005652755 object-server[206099]: Object audit (ZBF) "forever" mode completed: 0.00s. Total quarantined: 0, Total errors: 0, Total files/sec: 0.00, Total bytes/sec: 0.00, Auditing time: 0.00, Rate: 0.00
Mar 20 08:27:54 np0005652755 container-server[124905]: Begin container update sweep
Mar 20 08:27:54 np0005652755 container-server[124905]: Container update sweep completed: 0.00s
Mar 20 08:28:11 np0005652755 container-server[124504]: Beginning replication run
Mar 20 08:28:11 np0005652755 container-server[124504]: Replication run OVER
Mar 20 08:28:11 np0005652755 container-server[124504]: Attempted to replicate 0 dbs in 0.00337 seconds (0.00000/s)
Mar 20 08:28:11 np0005652755 container-server[124504]: Removed 0 dbs
Mar 20 08:28:11 np0005652755 container-server[124504]: 0 successes, 0 failures
Mar 20 08:28:11 np0005652755 container-server[124504]: diff:0 diff_capped:0 empty:0 hashmatch:0 no_change:0 remote_merge:0 rsync:0 ts_repl:0
Mar 20 08:28:11 np0005652755 account-server[124377]: Beginning replication run
Mar 20 08:28:11 np0005652755 account-server[124377]: Replication run OVER
Mar 20 08:28:11 np0005652755 account-server[124377]: Attempted to replicate 0 dbs in 0.00325 seconds (0.00000/s)
Mar 20 08:28:11 np0005652755 account-server[124377]: Removed 0 dbs
Mar 20 08:28:11 np0005652755 account-server[124377]: 0 successes, 0 failures
Mar 20 08:28:11 np0005652755 account-server[124377]: diff:0 diff_capped:0 empty:0 hashmatch:0 no_change:0 remote_merge:0 rsync:0 ts_repl:0
Mar 20 08:28:18 np0005652755 object-server[125080]: Starting object replication pass.
Mar 20 08:28:18 np0005652755 object-server[125080]: Nothing replicated for 0.004591703414916992 seconds.
Mar 20 08:28:18 np0005652755 object-server[125080]: Object replication complete. (0.00 minutes)
Mar 20 08:28:21 np0005652755 object-server[209016]: Begin object audit "forever" mode (ZBF)
Mar 20 08:28:21 np0005652755 object-server[209017]: Begin object audit "forever" mode (ALL)
Mar 20 08:28:21 np0005652755 object-server[209016]: Object audit (ZBF) "forever" mode completed: 0.00s. Total quarantined: 0, Total errors: 0, Total files/sec: 0.00, Total bytes/sec: 0.00, Auditing time: 0.00, Rate: 0.00
Mar 20 08:28:21 np0005652755 object-server[209017]: Object audit (ALL) "forever" mode completed: 0.00s. Total quarantined: 0, Total errors: 0, Total files/sec: 0.00, Total bytes/sec: 0.00, Auditing time: 0.00, Rate: 0.00
Mar 20 08:28:35 np0005652755 account-server[124779]: 172.20.0.103 - - [20/Mar/2026:08:28:35 +0000] "HEAD /d1/117/AUTH_7d343c0d5b2d4120a89e3784e7bef979" 404 - "HEAD http://172.18.0.184:8080/v1/AUTH_7d343c0d5b2d4120a89e3784e7bef979?format=json" "tx6c4130c14553447cba530-0069bd0533" "proxy-server 20" 0.0005 "-" 20 -
Mar 20 08:28:35 np0005652755 proxy-server[126616]: - - 20/Mar/2026/08/28/35 HEAD /v1/AUTH_7d343c0d5b2d4120a89e3784e7bef979%3Fformat%3Djson HTTP/1.0 200 - Swift - - - - tx6c4130c14553447cba530-0069bd0533 - 0.0251 RL - 1773995315.623870611 1773995315.649018288 -
Mar 20 08:28:36 np0005652755 object-server[125367]: 172.20.0.103 - - [20/Mar/2026:08:28:36 +0000] "GET /d1/551/AUTH_7d343c0d5b2d4120a89e3784e7bef979/gnocchi.e6a18a94-ec9c-402d-96ae-77ef0a8f8b86/none_v3" 404 70 "GET http://172.18.0.184:8080/v1/AUTH_7d343c0d5b2d4120a89e3784e7bef979/gnocchi.e6a18a94-ec9c-402d-96ae-77ef0a8f8b86/none_v3" "tx6c4130c14553447cba530-0069bd0533" "proxy-server 20" 0.0015 "-" 23 0
Mar 20 08:28:36 np0005652755 proxy-server[126616]: 172.18.0.105 172.18.0.104 20/Mar/2026/08/28/36 GET /v1/AUTH_7d343c0d5b2d4120a89e3784e7bef979/gnocchi.e6a18a94-ec9c-402d-96ae-77ef0a8f8b86/none_v3 HTTP/1.0 404 - python-swiftclient-3.11.1 gAAAAABpvQUzfcJv... - 70 - tx6c4130c14553447cba530-0069bd0533 - 0.6086 - - 1773995315.619584799 1773995316.228198290 0
Mar 20 08:28:36 np0005652755 account-server[124815]: 172.20.0.104 - - [20/Mar/2026:08:28:36 +0000] "PUT /d1/117/AUTH_7d343c0d5b2d4120a89e3784e7bef979" 201 - "-" "txa2500d51ca5c4c2ca21f6-0069bd0534" "-" 0.0171 "-" 21 -
Mar 20 08:28:36 np0005652755 account-server[124828]: 172.20.0.104 - - [20/Mar/2026:08:28:36 +0000] "HEAD /d1/117/AUTH_7d343c0d5b2d4120a89e3784e7bef979" 204 - "HEAD http://172.18.0.184:8080/v1/AUTH_7d343c0d5b2d4120a89e3784e7bef979?format=json" "txa2500d51ca5c4c2ca21f6-0069bd0534" "proxy-server 20" 0.0036 "-" 23 -
Mar 20 08:28:36 np0005652755 account-server[124815]: 172.20.0.103 - - [20/Mar/2026:08:28:36 +0000] "PUT /d1/117/AUTH_7d343c0d5b2d4120a89e3784e7bef979/gnocchi.e6a18a94-ec9c-402d-96ae-77ef0a8f8b86" 201 - "PUT http://172.20.0.103:6001/d1/169/AUTH_7d343c0d5b2d4120a89e3784e7bef979/gnocchi.e6a18a94-ec9c-402d-96ae-77ef0a8f8b86" "txa2500d51ca5c4c2ca21f6-0069bd0534" "container-server 20" 0.0020 "-" 21 0
Mar 20 08:28:36 np0005652755 container-server[124971]: 172.20.0.104 - - [20/Mar/2026:08:28:36 +0000] "PUT /d1/169/AUTH_7d343c0d5b2d4120a89e3784e7bef979/gnocchi.e6a18a94-ec9c-402d-96ae-77ef0a8f8b86" 201 - "PUT http://172.18.0.184:8080/v1/AUTH_7d343c0d5b2d4120a89e3784e7bef979/gnocchi.e6a18a94-ec9c-402d-96ae-77ef0a8f8b86" "txa2500d51ca5c4c2ca21f6-0069bd0534" "proxy-server 20" 0.0197 "-" 20 0
Mar 20 08:28:36 np0005652755 object-server[125366]: 172.20.0.103 - - [20/Mar/2026:08:28:36 +0000] "GET /d1/598/AUTH_7d343c0d5b2d4120a89e3784e7bef979/gnocchi.e6a18a94-ec9c-402d-96ae-77ef0a8f8b86/1773360000.0_mean_300.0_v3" 404 70 "GET http://172.18.0.184:8080/v1/AUTH_7d343c0d5b2d4120a89e3784e7bef979/gnocchi.e6a18a94-ec9c-402d-96ae-77ef0a8f8b86/1773360000.0_mean_300.0_v3" "tx0accbb81d9584e499e2fa-0069bd0534" "proxy-server 20" 0.0013 "-" 22 0
Mar 20 08:28:36 np0005652755 proxy-server[126616]: 172.18.0.105 172.18.0.104 20/Mar/2026/08/28/36 GET /v1/AUTH_7d343c0d5b2d4120a89e3784e7bef979/gnocchi.e6a18a94-ec9c-402d-96ae-77ef0a8f8b86/1773360000.0_mean_300.0_v3 HTTP/1.0 404 - python-swiftclient-3.11.1 gAAAAABpvQUzfcJv... - 70 - tx0accbb81d9584e499e2fa-0069bd0534 - 0.0239 - - 1773995316.363883495 1773995316.387747049 0
Mar 20 08:28:36 np0005652755 container-server[124982]: 172.20.0.104 - - [20/Mar/2026:08:28:36 +0000] "PUT /d1/169/AUTH_7d343c0d5b2d4120a89e3784e7bef979/gnocchi.e6a18a94-ec9c-402d-96ae-77ef0a8f8b86/1773360000.0_mean_300.0_v3" 201 - "PUT http://172.18.0.184:8080/d1/598/AUTH_7d343c0d5b2d4120a89e3784e7bef979/gnocchi.e6a18a94-ec9c-402d-96ae-77ef0a8f8b86/1773360000.0_mean_300.0_v3" "tx28a0826635de416290735-0069bd0534" "object-server 22" 0.0018 "-" 23 0
Mar 20 08:28:36 np0005652755 object-server[125373]: 172.20.0.104 - - [20/Mar/2026:08:28:36 +0000] "PUT /d1/598/AUTH_7d343c0d5b2d4120a89e3784e7bef979/gnocchi.e6a18a94-ec9c-402d-96ae-77ef0a8f8b86/1773360000.0_mean_300.0_v3" 201 - "PUT http://172.18.0.184:8080/v1/AUTH_7d343c0d5b2d4120a89e3784e7bef979/gnocchi.e6a18a94-ec9c-402d-96ae-77ef0a8f8b86/1773360000.0_mean_300.0_v3" "tx28a0826635de416290735-0069bd0534" "proxy-server 20" 0.0477 "-" 25 0
Mar 20 08:28:36 np0005652755 container-server[124982]: 172.20.0.104 - - [20/Mar/2026:08:28:36 +0000] "PUT /d1/169/AUTH_7d343c0d5b2d4120a89e3784e7bef979/gnocchi.e6a18a94-ec9c-402d-96ae-77ef0a8f8b86/none_v3" 201 - "PUT http://172.18.0.184:8080/d1/551/AUTH_7d343c0d5b2d4120a89e3784e7bef979/gnocchi.e6a18a94-ec9c-402d-96ae-77ef0a8f8b86/none_v3" "tx1b6d3235158c41c487722-0069bd0534" "object-server 22" 0.0007 "-" 23 0
Mar 20 08:28:36 np0005652755 object-server[125369]: 172.20.0.105 - - [20/Mar/2026:08:28:36 +0000] "PUT /d1/551/AUTH_7d343c0d5b2d4120a89e3784e7bef979/gnocchi.e6a18a94-ec9c-402d-96ae-77ef0a8f8b86/none_v3" 201 - "PUT http://172.18.0.184:8080/v1/AUTH_7d343c0d5b2d4120a89e3784e7bef979/gnocchi.e6a18a94-ec9c-402d-96ae-77ef0a8f8b86/none_v3" "tx1b6d3235158c41c487722-0069bd0534" "proxy-server 20" 0.0422 "-" 24 0
Mar 20 08:28:41 np0005652755 container-server[124504]: Beginning replication run
Mar 20 08:28:41 np0005652755 container-server[124504]: Replication run OVER
Mar 20 08:28:41 np0005652755 container-server[124504]: Attempted to replicate 1 dbs in 0.09858 seconds (10.14446/s)
Mar 20 08:28:41 np0005652755 container-server[124504]: Removed 0 dbs
Mar 20 08:28:41 np0005652755 container-server[124504]: 2 successes, 0 failures
Mar 20 08:28:41 np0005652755 container-server[124504]: diff:0 diff_capped:0 empty:0 hashmatch:0 no_change:2 remote_merge:0 rsync:0 ts_repl:0
Mar 20 08:28:41 np0005652755 account-server[124377]: Beginning replication run
Mar 20 08:28:41 np0005652755 account-server[124377]: Replication run OVER
Mar 20 08:28:41 np0005652755 account-server[124377]: Attempted to replicate 1 dbs in 0.02565 seconds (38.98073/s)
Mar 20 08:28:41 np0005652755 account-server[124377]: Removed 0 dbs
Mar 20 08:28:41 np0005652755 account-server[124377]: 2 successes, 0 failures
Mar 20 08:28:41 np0005652755 account-server[124377]: diff:0 diff_capped:0 empty:0 hashmatch:0 no_change:2 remote_merge:0 rsync:0 ts_repl:0
Mar 20 08:28:48 np0005652755 object-server[125080]: Starting object replication pass.
Mar 20 08:28:48 np0005652755 object-server[125080]: 2/2 (100.00%) partitions replicated in 0.10s (19.43/sec, 0s remaining)
Mar 20 08:28:48 np0005652755 object-server[125080]: 4 successes, 0 failures
Mar 20 08:28:48 np0005652755 object-server[125080]: 2 suffixes checked - 100.00% hashed, 0.00% synced
Mar 20 08:28:48 np0005652755 object-server[125080]: Partition times: max 0.0570s, min 0.0427s, med 0.0570s
Mar 20 08:28:48 np0005652755 object-server[125080]: Object replication complete. (0.00 minutes)
Mar 20 08:28:51 np0005652755 object-server[209018]: Begin object audit "forever" mode (ZBF)
Mar 20 08:28:51 np0005652755 object-server[209018]: Object audit (ZBF). Since Fri Mar 20 08:28:51 2026: Locally: 1 passed, 0 quarantined, 0 errors, files/sec: 447.54, bytes/sec: 0.00, Total time: 0.00, Auditing time: 0.00, Rate: 0.00
Mar 20 08:28:51 np0005652755 object-server[209018]: Object audit (ZBF) "forever" mode completed: 0.01s. Total quarantined: 0, Total errors: 0, Total files/sec: 372.13, Total bytes/sec: 0.00, Auditing time: 0.00, Rate: 0.32
Mar 20 08:29:11 np0005652755 container-server[124504]: Beginning replication run
Mar 20 08:29:11 np0005652755 container-server[124504]: Replication run OVER
Mar 20 08:29:11 np0005652755 container-server[124504]: Attempted to replicate 1 dbs in 0.02331 seconds (42.90479/s)
Mar 20 08:29:11 np0005652755 container-server[124504]: Removed 0 dbs
Mar 20 08:29:11 np0005652755 container-server[124504]: 2 successes, 0 failures
Mar 20 08:29:11 np0005652755 container-server[124504]: diff:0 diff_capped:0 empty:0 hashmatch:0 no_change:2 remote_merge:0 rsync:0 ts_repl:0
Mar 20 08:29:11 np0005652755 account-server[124377]: Beginning replication run
Mar 20 08:29:11 np0005652755 account-server[124377]: Replication run OVER
Mar 20 08:29:11 np0005652755 account-server[124377]: Attempted to replicate 1 dbs in 0.01771 seconds (56.46353/s)
Mar 20 08:29:11 np0005652755 account-server[124377]: Removed 0 dbs
Mar 20 08:29:11 np0005652755 account-server[124377]: 2 successes, 0 failures
Mar 20 08:29:11 np0005652755 account-server[124377]: diff:0 diff_capped:0 empty:0 hashmatch:0 no_change:2 remote_merge:0 rsync:0 ts_repl:0
Mar 20 08:29:18 np0005652755 object-server[125080]: Starting object replication pass.
Mar 20 08:29:18 np0005652755 object-server[125080]: 2/2 (100.00%) partitions replicated in 0.05s (41.70/sec, 0s remaining)
Mar 20 08:29:18 np0005652755 object-server[125080]: 4 successes, 0 failures
Mar 20 08:29:18 np0005652755 object-server[125080]: 2 suffixes checked - 0.00% hashed, 0.00% synced
Mar 20 08:29:18 np0005652755 object-server[125080]: Partition times: max 0.0292s, min 0.0133s, med 0.0292s
Mar 20 08:29:18 np0005652755 object-server[125080]: Object replication complete. (0.00 minutes)
Mar 20 08:29:21 np0005652755 object-server[215153]: Begin object audit "forever" mode (ZBF)
Mar 20 08:29:21 np0005652755 object-server[215154]: Begin object audit "forever" mode (ALL)
Mar 20 08:29:21 np0005652755 object-server[215153]: Object audit (ZBF). Since Fri Mar 20 08:29:21 2026: Locally: 1 passed, 0 quarantined, 0 errors, files/sec: 550.14, bytes/sec: 0.00, Total time: 0.00, Auditing time: 0.00, Rate: 0.00
Mar 20 08:29:21 np0005652755 object-server[215153]: Object audit (ZBF) "forever" mode completed: 0.00s. Total quarantined: 0, Total errors: 0, Total files/sec: 407.51, Total bytes/sec: 0.00, Auditing time: 0.00, Rate: 0.29
Mar 20 08:29:21 np0005652755 object-server[215154]: Object audit (ALL). Since Fri Mar 20 08:29:21 2026: Locally: 1 passed, 0 quarantined, 0 errors, files/sec: 106.04, bytes/sec: 1696.68, Total time: 0.01, Auditing time: 0.00, Rate: 0.00
Mar 20 08:29:21 np0005652755 object-server[215154]: Object audit (ALL) "forever" mode completed: 0.01s. Total quarantined: 0, Total errors: 0, Total files/sec: 145.97, Total bytes/sec: 3503.34, Auditing time: 0.01, Rate: 0.70
Mar 20 08:29:36 np0005652755 account-server[124828]: 172.20.0.103 - - [20/Mar/2026:08:29:36 +0000] "HEAD /d1/238/.expiring_objects" 404 - "HEAD http://localhost/v1/.expiring_objects?format=json" "tx1cc81c70a18e4b8b9a0b4-0069bd0570" "proxy-server 2" 0.0009 "-" 23 -
Mar 20 08:29:36 np0005652755 object-expirer[125094]: Pass completed in 0s; 0 objects expired (txn: tx1cc81c70a18e4b8b9a0b4-0069bd0570)
Mar 20 08:29:40 np0005652755 account-server[124815]: 172.20.0.103 - - [20/Mar/2026:08:29:40 +0000] "HEAD /d1/117/AUTH_7d343c0d5b2d4120a89e3784e7bef979" 204 - "HEAD http://172.18.0.184:8080/v1/AUTH_7d343c0d5b2d4120a89e3784e7bef979?format=json" "txe7c967ed6bdf447cb4918-0069bd0574" "proxy-server 20" 0.0030 "-" 21 -
Mar 20 08:29:40 np0005652755 proxy-server[126616]: - - 20/Mar/2026/08/29/40 HEAD /v1/AUTH_7d343c0d5b2d4120a89e3784e7bef979%3Fformat%3Djson HTTP/1.0 204 - Swift - - - - txe7c967ed6bdf447cb4918-0069bd0574 - 0.0102 RL - 1773995380.245877266 1773995380.256052017 -
Mar 20 08:29:40 np0005652755 container-server[124978]: 172.20.0.103 - - [20/Mar/2026:08:29:40 +0000] "HEAD /d1/1018/AUTH_7d343c0d5b2d4120a89e3784e7bef979/gnocchi.daaec908-b1ed-476a-b78a-972763f92e2c" 404 - "HEAD http://172.18.0.184:8080/v1/AUTH_7d343c0d5b2d4120a89e3784e7bef979/gnocchi.daaec908-b1ed-476a-b78a-972763f92e2c?format=json&states=listing" "txe7c967ed6bdf447cb4918-0069bd0574" "proxy-server 20" 0.0020 "-" 22 0
Mar 20 08:29:40 np0005652755 object-server[125367]: 172.20.0.103 - - [20/Mar/2026:08:29:40 +0000] "GET /d1/677/AUTH_7d343c0d5b2d4120a89e3784e7bef979/gnocchi.daaec908-b1ed-476a-b78a-972763f92e2c/none_v3" 404 70 "GET http://172.18.0.184:8080/v1/AUTH_7d343c0d5b2d4120a89e3784e7bef979/gnocchi.daaec908-b1ed-476a-b78a-972763f92e2c/none_v3" "txe7c967ed6bdf447cb4918-0069bd0574" "proxy-server 20" 0.0009 "-" 23 0
Mar 20 08:29:40 np0005652755 proxy-server[126616]: 172.18.0.105 172.18.0.104 20/Mar/2026/08/29/40 GET /v1/AUTH_7d343c0d5b2d4120a89e3784e7bef979/gnocchi.daaec908-b1ed-476a-b78a-972763f92e2c/none_v3 HTTP/1.0 404 - python-swiftclient-3.11.1 gAAAAABpvQUzfcJv... - 70 - txe7c967ed6bdf447cb4918-0069bd0574 - 0.1034 - - 1773995380.243949175 1773995380.347394705 0
Mar 20 08:29:40 np0005652755 account-server[124822]: 172.20.0.105 - - [20/Mar/2026:08:29:40 +0000] "PUT /d1/117/AUTH_7d343c0d5b2d4120a89e3784e7bef979/gnocchi.daaec908-b1ed-476a-b78a-972763f92e2c" 201 - "PUT http://172.20.0.105:6001/d1/1018/AUTH_7d343c0d5b2d4120a89e3784e7bef979/gnocchi.daaec908-b1ed-476a-b78a-972763f92e2c" "txa1976778acdf401d9461e-0069bd0574" "container-server 23" 0.0021 "-" 22 0
Mar 20 08:29:40 np0005652755 container-server[124982]: 172.20.0.104 - - [20/Mar/2026:08:29:40 +0000] "PUT /d1/1018/AUTH_7d343c0d5b2d4120a89e3784e7bef979/gnocchi.daaec908-b1ed-476a-b78a-972763f92e2c" 201 - "PUT http://172.18.0.184:8080/v1/AUTH_7d343c0d5b2d4120a89e3784e7bef979/gnocchi.daaec908-b1ed-476a-b78a-972763f92e2c" "txa1976778acdf401d9461e-0069bd0574" "proxy-server 20" 0.0189 "-" 23 0
Mar 20 08:29:40 np0005652755 container-server[124982]: 172.20.0.105 - - [20/Mar/2026:08:29:40 +0000] "GET /d1/1018/AUTH_7d343c0d5b2d4120a89e3784e7bef979/gnocchi.daaec908-b1ed-476a-b78a-972763f92e2c" 200 2 "GET http://172.18.0.184:8080/v1/AUTH_7d343c0d5b2d4120a89e3784e7bef979/gnocchi.daaec908-b1ed-476a-b78a-972763f92e2c?format=json&states=listing" "tx389f916703a04c6a8001d-0069bd0574" "proxy-server 20" 0.0055 "-" 23 0
Mar 20 08:29:40 np0005652755 object-server[125366]: 172.20.0.103 - - [20/Mar/2026:08:29:40 +0000] "GET /d1/133/AUTH_7d343c0d5b2d4120a89e3784e7bef979/gnocchi.daaec908-b1ed-476a-b78a-972763f92e2c/1773360000.0_mean_300.0_v3" 404 70 "GET http://172.18.0.184:8080/v1/AUTH_7d343c0d5b2d4120a89e3784e7bef979/gnocchi.daaec908-b1ed-476a-b78a-972763f92e2c/1773360000.0_mean_300.0_v3" "txea75f36425424a68b80d0-0069bd0574" "proxy-server 20" 0.0005 "-" 22 0
Mar 20 08:29:40 np0005652755 proxy-server[126616]: 172.18.0.105 172.18.0.104 20/Mar/2026/08/29/40 GET /v1/AUTH_7d343c0d5b2d4120a89e3784e7bef979/gnocchi.daaec908-b1ed-476a-b78a-972763f92e2c/1773360000.0_mean_300.0_v3 HTTP/1.0 404 - python-swiftclient-3.11.1 gAAAAABpvQUzfcJv... - 70 - txea75f36425424a68b80d0-0069bd0574 - 0.0158 - - 1773995380.418201685 1773995380.433955431 0
Mar 20 08:29:40 np0005652755 container-server[124971]: 172.20.0.103 - - [20/Mar/2026:08:29:40 +0000] "PUT /d1/1018/AUTH_7d343c0d5b2d4120a89e3784e7bef979/gnocchi.daaec908-b1ed-476a-b78a-972763f92e2c/1773360000.0_mean_300.0_v3" 201 - "PUT http://172.18.0.184:8080/d1/133/AUTH_7d343c0d5b2d4120a89e3784e7bef979/gnocchi.daaec908-b1ed-476a-b78a-972763f92e2c/1773360000.0_mean_300.0_v3" "tx2354ba7bf8ac4c05b29f4-0069bd0574" "object-server 24" 0.0009 "-" 20 0
Mar 20 08:29:40 np0005652755 object-server[125369]: 172.20.0.104 - - [20/Mar/2026:08:29:40 +0000] "PUT /d1/133/AUTH_7d343c0d5b2d4120a89e3784e7bef979/gnocchi.daaec908-b1ed-476a-b78a-972763f92e2c/1773360000.0_mean_300.0_v3" 201 - "PUT http://172.18.0.184:8080/v1/AUTH_7d343c0d5b2d4120a89e3784e7bef979/gnocchi.daaec908-b1ed-476a-b78a-972763f92e2c/1773360000.0_mean_300.0_v3" "tx2354ba7bf8ac4c05b29f4-0069bd0574" "proxy-server 20" 0.0192 "-" 24 0
Mar 20 08:29:40 np0005652755 container-server[124971]: 172.20.0.103 - - [20/Mar/2026:08:29:40 +0000] "PUT /d1/1018/AUTH_7d343c0d5b2d4120a89e3784e7bef979/gnocchi.daaec908-b1ed-476a-b78a-972763f92e2c/none_v3" 201 - "PUT http://172.18.0.184:8080/d1/677/AUTH_7d343c0d5b2d4120a89e3784e7bef979/gnocchi.daaec908-b1ed-476a-b78a-972763f92e2c/none_v3" "tx222cff34893a4aa2af1ed-0069bd0574" "object-server 25" 0.0007 "-" 20 0
Mar 20 08:29:40 np0005652755 object-server[125373]: 172.20.0.105 - - [20/Mar/2026:08:29:40 +0000] "PUT /d1/677/AUTH_7d343c0d5b2d4120a89e3784e7bef979/gnocchi.daaec908-b1ed-476a-b78a-972763f92e2c/none_v3" 201 - "PUT http://172.18.0.184:8080/v1/AUTH_7d343c0d5b2d4120a89e3784e7bef979/gnocchi.daaec908-b1ed-476a-b78a-972763f92e2c/none_v3" "tx222cff34893a4aa2af1ed-0069bd0574" "proxy-server 20" 0.0179 "-" 25 0
Mar 20 08:29:40 np0005652755 container-server[124971]: 172.20.0.103 - - [20/Mar/2026:08:29:40 +0000] "HEAD /d1/303/AUTH_7d343c0d5b2d4120a89e3784e7bef979/gnocchi.6464facd-49e8-4201-ad60-a18601ae1aea" 404 - "HEAD http://172.18.0.184:8080/v1/AUTH_7d343c0d5b2d4120a89e3784e7bef979/gnocchi.6464facd-49e8-4201-ad60-a18601ae1aea?format=json&states=listing" "tx31efb53e0ea84ab69ea53-0069bd0574" "proxy-server 20" 0.0009 "-" 20 0
Mar 20 08:29:40 np0005652755 object-server[125373]: 172.20.0.103 - - [20/Mar/2026:08:29:40 +0000] "GET /d1/885/AUTH_7d343c0d5b2d4120a89e3784e7bef979/gnocchi.6464facd-49e8-4201-ad60-a18601ae1aea/none_v3" 404 70 "GET http://172.18.0.184:8080/v1/AUTH_7d343c0d5b2d4120a89e3784e7bef979/gnocchi.6464facd-49e8-4201-ad60-a18601ae1aea/none_v3" "tx31efb53e0ea84ab69ea53-0069bd0574" "proxy-server 20" 0.0009 "-" 25 0
Mar 20 08:29:40 np0005652755 proxy-server[126616]: 172.18.0.184 172.18.0.104 20/Mar/2026/08/29/40 GET /v1/AUTH_7d343c0d5b2d4120a89e3784e7bef979/gnocchi.6464facd-49e8-4201-ad60-a18601ae1aea/none_v3 HTTP/1.0 404 - python-swiftclient-3.11.1 gAAAAABpvQV0UZ3z... - 70 - tx31efb53e0ea84ab69ea53-0069bd0574 - 0.1013 - - 1773995380.622066736 1773995380.723378658 0
Mar 20 08:29:40 np0005652755 container-server[124978]: 172.20.0.104 - - [20/Mar/2026:08:29:40 +0000] "PUT /d1/303/AUTH_7d343c0d5b2d4120a89e3784e7bef979/gnocchi.6464facd-49e8-4201-ad60-a18601ae1aea" 201 - "PUT http://172.18.0.184:8080/v1/AUTH_7d343c0d5b2d4120a89e3784e7bef979/gnocchi.6464facd-49e8-4201-ad60-a18601ae1aea" "txc6ab30d0bc394bd49fd96-0069bd0574" "proxy-server 20" 0.0234 "-" 22 0
Mar 20 08:29:40 np0005652755 account-server[124828]: 172.20.0.105 - - [20/Mar/2026:08:29:40 +0000] "PUT /d1/117/AUTH_7d343c0d5b2d4120a89e3784e7bef979/gnocchi.6464facd-49e8-4201-ad60-a18601ae1aea" 201 - "PUT http://172.20.0.105:6001/d1/303/AUTH_7d343c0d5b2d4120a89e3784e7bef979/gnocchi.6464facd-49e8-4201-ad60-a18601ae1aea" "txc6ab30d0bc394bd49fd96-0069bd0574" "container-server 23" 0.0076 "-" 23 0
Mar 20 08:29:40 np0005652755 object-server[125367]: 172.20.0.103 - - [20/Mar/2026:08:29:40 +0000] "GET /d1/1014/AUTH_7d343c0d5b2d4120a89e3784e7bef979/gnocchi.6464facd-49e8-4201-ad60-a18601ae1aea/1773360000.0_mean_300.0_v3" 404 70 "GET http://172.18.0.184:8080/v1/AUTH_7d343c0d5b2d4120a89e3784e7bef979/gnocchi.6464facd-49e8-4201-ad60-a18601ae1aea/1773360000.0_mean_300.0_v3" "tx9e193ac691a7419aa0c55-0069bd0574" "proxy-server 20" 0.0007 "-" 23 0
Mar 20 08:29:40 np0005652755 proxy-server[126616]: 172.18.0.184 172.18.0.104 20/Mar/2026/08/29/40 GET /v1/AUTH_7d343c0d5b2d4120a89e3784e7bef979/gnocchi.6464facd-49e8-4201-ad60-a18601ae1aea/1773360000.0_mean_300.0_v3 HTTP/1.0 404 - python-swiftclient-3.11.1 gAAAAABpvQV0UZ3z... - 70 - tx9e193ac691a7419aa0c55-0069bd0574 - 0.0181 - - 1773995380.814114809 1773995380.832231522 0
Mar 20 08:29:40 np0005652755 container-server[124974]: 172.20.0.105 - - [20/Mar/2026:08:29:40 +0000] "PUT /d1/303/AUTH_7d343c0d5b2d4120a89e3784e7bef979/gnocchi.6464facd-49e8-4201-ad60-a18601ae1aea/1773360000.0_mean_300.0_v3" 201 - "PUT http://172.18.0.184:8080/d1/1014/AUTH_7d343c0d5b2d4120a89e3784e7bef979/gnocchi.6464facd-49e8-4201-ad60-a18601ae1aea/1773360000.0_mean_300.0_v3" "txfdc61cd3e8eb4b66a04b2-0069bd0574" "object-server 22" 0.0010 "-" 21 0
Mar 20 08:29:40 np0005652755 object-server[125373]: 172.20.0.104 - - [20/Mar/2026:08:29:40 +0000] "PUT /d1/1014/AUTH_7d343c0d5b2d4120a89e3784e7bef979/gnocchi.6464facd-49e8-4201-ad60-a18601ae1aea/1773360000.0_mean_300.0_v3" 201 - "PUT http://172.18.0.184:8080/v1/AUTH_7d343c0d5b2d4120a89e3784e7bef979/gnocchi.6464facd-49e8-4201-ad60-a18601ae1aea/1773360000.0_mean_300.0_v3" "txfdc61cd3e8eb4b66a04b2-0069bd0574" "proxy-server 20" 0.0154 "-" 25 0
Mar 20 08:29:40 np0005652755 container-server[124974]: 172.20.0.103 - - [20/Mar/2026:08:29:40 +0000] "PUT /d1/303/AUTH_7d343c0d5b2d4120a89e3784e7bef979/gnocchi.6464facd-49e8-4201-ad60-a18601ae1aea/none_v3" 201 - "PUT http://172.18.0.184:8080/d1/885/AUTH_7d343c0d5b2d4120a89e3784e7bef979/gnocchi.6464facd-49e8-4201-ad60-a18601ae1aea/none_v3" "tx113614658b464e6fa4b16-0069bd0574" "object-server 23" 0.0005 "-" 21 0
Mar 20 08:29:40 np0005652755 object-server[125367]: 172.20.0.105 - - [20/Mar/2026:08:29:40 +0000] "PUT /d1/885/AUTH_7d343c0d5b2d4120a89e3784e7bef979/gnocchi.6464facd-49e8-4201-ad60-a18601ae1aea/none_v3" 201 - "PUT http://172.18.0.184:8080/v1/AUTH_7d343c0d5b2d4120a89e3784e7bef979/gnocchi.6464facd-49e8-4201-ad60-a18601ae1aea/none_v3" "tx113614658b464e6fa4b16-0069bd0574" "proxy-server 20" 0.0275 "-" 23 0
Mar 20 08:29:41 np0005652755 container-server[124504]: Beginning replication run
Mar 20 08:29:41 np0005652755 account-server[124377]: Beginning replication run
Mar 20 08:29:41 np0005652755 container-server[124504]: Replication run OVER
Mar 20 08:29:41 np0005652755 container-server[124504]: Attempted to replicate 3 dbs in 0.15165 seconds (19.78229/s)
Mar 20 08:29:41 np0005652755 container-server[124504]: Removed 0 dbs
Mar 20 08:29:41 np0005652755 container-server[124504]: 6 successes, 0 failures
Mar 20 08:29:41 np0005652755 container-server[124504]: diff:0 diff_capped:0 empty:0 hashmatch:0 no_change:6 remote_merge:0 rsync:0 ts_repl:0
Mar 20 08:29:41 np0005652755 account-server[124377]: Replication run OVER
Mar 20 08:29:41 np0005652755 account-server[124377]: Attempted to replicate 1 dbs in 0.04105 seconds (24.35951/s)
Mar 20 08:29:41 np0005652755 account-server[124377]: Removed 0 dbs
Mar 20 08:29:41 np0005652755 account-server[124377]: 2 successes, 0 failures
Mar 20 08:29:41 np0005652755 account-server[124377]: diff:0 diff_capped:0 empty:0 hashmatch:0 no_change:2 remote_merge:0 rsync:0 ts_repl:0
Mar 20 08:29:48 np0005652755 object-server[125080]: Starting object replication pass.
Mar 20 08:29:49 np0005652755 object-server[125080]: 6/6 (100.00%) partitions replicated in 0.16s (36.90/sec, 0s remaining)
Mar 20 08:29:49 np0005652755 object-server[125080]: 12 successes, 0 failures
Mar 20 08:29:49 np0005652755 object-server[125080]: 6 suffixes checked - 66.67% hashed, 0.00% synced
Mar 20 08:29:49 np0005652755 object-server[125080]: Partition times: max 0.0373s, min 0.0098s, med 0.0321s
Mar 20 08:29:49 np0005652755 object-server[125080]: Object replication complete. (0.00 minutes)
Mar 20 08:29:51 np0005652755 object-server[215166]: Begin object audit "forever" mode (ZBF)
Mar 20 08:29:51 np0005652755 object-server[215166]: Object audit (ZBF). Since Fri Mar 20 08:29:51 2026: Locally: 1 passed, 0 quarantined, 0 errors, files/sec: 762.60, bytes/sec: 0.00, Total time: 0.00, Auditing time: 0.00, Rate: 0.00
Mar 20 08:29:51 np0005652755 object-server[215166]: Object audit (ZBF) "forever" mode completed: 0.08s. Total quarantined: 0, Total errors: 0, Total files/sec: 72.84, Total bytes/sec: 0.00, Auditing time: 0.08, Rate: 0.97
Mar 20 08:29:55 np0005652755 container-server[124974]: 172.20.0.103 - - [20/Mar/2026:08:29:55 +0000] "HEAD /d1/229/AUTH_7d343c0d5b2d4120a89e3784e7bef979/gnocchi.5b0525e2-9837-4bde-aae3-1eb583b57fa4" 404 - "HEAD http://172.18.0.184:8080/v1/AUTH_7d343c0d5b2d4120a89e3784e7bef979/gnocchi.5b0525e2-9837-4bde-aae3-1eb583b57fa4?format=json&states=listing" "tx860e27ace76a406cafc2c-0069bd0583" "proxy-server 20" 0.0015 "-" 21 0
Mar 20 08:29:55 np0005652755 container-server[124974]: 172.20.0.104 - - [20/Mar/2026:08:29:55 +0000] "HEAD /d1/598/AUTH_7d343c0d5b2d4120a89e3784e7bef979/gnocchi.9351f380-1710-4b28-8099-73358c666fff" 404 - "HEAD http://172.18.0.184:8080/v1/AUTH_7d343c0d5b2d4120a89e3784e7bef979/gnocchi.9351f380-1710-4b28-8099-73358c666fff?format=json&states=listing" "txb31c4f6c65ba4712aac50-0069bd0583" "proxy-server 20" 0.0004 "-" 21 0
Mar 20 08:29:55 np0005652755 object-server[125366]: 172.20.0.104 - - [20/Mar/2026:08:29:55 +0000] "GET /d1/960/AUTH_7d343c0d5b2d4120a89e3784e7bef979/gnocchi.9351f380-1710-4b28-8099-73358c666fff/none_v3" 404 70 "GET http://172.18.0.184:8080/v1/AUTH_7d343c0d5b2d4120a89e3784e7bef979/gnocchi.9351f380-1710-4b28-8099-73358c666fff/none_v3" "txb31c4f6c65ba4712aac50-0069bd0583" "proxy-server 20" 0.0008 "-" 22 0
Mar 20 08:29:55 np0005652755 object-server[125367]: 172.20.0.103 - - [20/Mar/2026:08:29:55 +0000] "GET /d1/529/AUTH_7d343c0d5b2d4120a89e3784e7bef979/gnocchi.5b0525e2-9837-4bde-aae3-1eb583b57fa4/none_v3" 404 70 "GET http://172.18.0.184:8080/v1/AUTH_7d343c0d5b2d4120a89e3784e7bef979/gnocchi.5b0525e2-9837-4bde-aae3-1eb583b57fa4/none_v3" "tx860e27ace76a406cafc2c-0069bd0583" "proxy-server 20" 0.0007 "-" 23 0
Mar 20 08:29:55 np0005652755 proxy-server[126616]: 172.18.0.184 172.18.0.104 20/Mar/2026/08/29/55 GET /v1/AUTH_7d343c0d5b2d4120a89e3784e7bef979/gnocchi.5b0525e2-9837-4bde-aae3-1eb583b57fa4/none_v3 HTTP/1.0 404 - python-swiftclient-3.11.1 gAAAAABpvQV0UZ3z... - 70 - tx860e27ace76a406cafc2c-0069bd0583 - 0.0470 - - 1773995395.082273006 1773995395.129233599 0
Mar 20 08:29:55 np0005652755 account-server[124822]: 172.20.0.104 - - [20/Mar/2026:08:29:55 +0000] "PUT /d1/117/AUTH_7d343c0d5b2d4120a89e3784e7bef979/gnocchi.9351f380-1710-4b28-8099-73358c666fff" 201 - "PUT http://172.20.0.104:6001/d1/598/AUTH_7d343c0d5b2d4120a89e3784e7bef979/gnocchi.9351f380-1710-4b28-8099-73358c666fff" "txf48ccbc0e3a549b9a70b2-0069bd0583" "container-server 21" 0.0022 "-" 22 0
Mar 20 08:29:55 np0005652755 container-server[124978]: 172.20.0.105 - - [20/Mar/2026:08:29:55 +0000] "PUT /d1/598/AUTH_7d343c0d5b2d4120a89e3784e7bef979/gnocchi.9351f380-1710-4b28-8099-73358c666fff" 201 - "PUT http://172.18.0.184:8080/v1/AUTH_7d343c0d5b2d4120a89e3784e7bef979/gnocchi.9351f380-1710-4b28-8099-73358c666fff" "txf48ccbc0e3a549b9a70b2-0069bd0583" "proxy-server 20" 0.0165 "-" 22 0
Mar 20 08:29:55 np0005652755 proxy-server[126616]: - - 20/Mar/2026/08/29/55 HEAD /v1/AUTH_7d343c0d5b2d4120a89e3784e7bef979/gnocchi.9351f380-1710-4b28-8099-73358c666fff%3Fformat%3Djson%26states%3Dlisting HTTP/1.0 204 - Swift - - - - tx5e1d5526d6d54010ad519-0069bd0583 - 0.0093 RL - 1773995395.179648399 1773995395.188951969 0
Mar 20 08:29:55 np0005652755 account-server[124828]: 172.20.0.103 - - [20/Mar/2026:08:29:55 +0000] "PUT /d1/117/AUTH_7d343c0d5b2d4120a89e3784e7bef979/gnocchi.5b0525e2-9837-4bde-aae3-1eb583b57fa4" 201 - "PUT http://172.20.0.103:6001/d1/229/AUTH_7d343c0d5b2d4120a89e3784e7bef979/gnocchi.5b0525e2-9837-4bde-aae3-1eb583b57fa4" "tx7aecb98cd7014a1b8ab0f-0069bd0583" "container-server 23" 0.0072 "-" 23 0
Mar 20 08:29:55 np0005652755 container-server[124982]: 172.20.0.104 - - [20/Mar/2026:08:29:55 +0000] "PUT /d1/229/AUTH_7d343c0d5b2d4120a89e3784e7bef979/gnocchi.5b0525e2-9837-4bde-aae3-1eb583b57fa4" 201 - "PUT http://172.18.0.184:8080/v1/AUTH_7d343c0d5b2d4120a89e3784e7bef979/gnocchi.5b0525e2-9837-4bde-aae3-1eb583b57fa4" "tx7aecb98cd7014a1b8ab0f-0069bd0583" "proxy-server 20" 0.0231 "-" 23 0
Mar 20 08:29:55 np0005652755 proxy-server[126616]: 172.18.0.105 172.18.0.104 20/Mar/2026/08/29/55 GET /v1/AUTH_7d343c0d5b2d4120a89e3784e7bef979/gnocchi.9351f380-1710-4b28-8099-73358c666fff%3Fformat%3Djson%26states%3Dlisting HTTP/1.0 200 - python-swiftclient-3.11.1 gAAAAABpvQUzfcJv... - 2 - tx5e1d5526d6d54010ad519-0069bd0583 - 0.0370 - - 1773995395.171216726 1773995395.208185196 0
Mar 20 08:29:55 np0005652755 container-server[124978]: 172.20.0.105 - - [20/Mar/2026:08:29:55 +0000] "HEAD /d1/229/AUTH_7d343c0d5b2d4120a89e3784e7bef979/gnocchi.5b0525e2-9837-4bde-aae3-1eb583b57fa4" 204 - "HEAD http://172.18.0.184:8080/v1/AUTH_7d343c0d5b2d4120a89e3784e7bef979/gnocchi.5b0525e2-9837-4bde-aae3-1eb583b57fa4?format=json&states=listing" "tx592fa5362d1943b09ca03-0069bd0583" "proxy-server 20" 0.0024 "-" 22 0
Mar 20 08:29:55 np0005652755 object-server[125373]: 172.20.0.104 - - [20/Mar/2026:08:29:55 +0000] "GET /d1/162/AUTH_7d343c0d5b2d4120a89e3784e7bef979/gnocchi.9351f380-1710-4b28-8099-73358c666fff/1773360000.0_mean_300.0_v3" 404 70 "GET http://172.18.0.184:8080/v1/AUTH_7d343c0d5b2d4120a89e3784e7bef979/gnocchi.9351f380-1710-4b28-8099-73358c666fff/1773360000.0_mean_300.0_v3" "tx8cb98a55fb6442e98e2f2-0069bd0583" "proxy-server 20" 0.0004 "-" 25 0
Mar 20 08:29:55 np0005652755 container-server[124982]: 172.20.0.105 - - [20/Mar/2026:08:29:55 +0000] "GET /d1/229/AUTH_7d343c0d5b2d4120a89e3784e7bef979/gnocchi.5b0525e2-9837-4bde-aae3-1eb583b57fa4" 200 2 "GET http://172.18.0.184:8080/v1/AUTH_7d343c0d5b2d4120a89e3784e7bef979/gnocchi.5b0525e2-9837-4bde-aae3-1eb583b57fa4?format=json&states=listing" "tx592fa5362d1943b09ca03-0069bd0583" "proxy-server 20" 0.0036 "-" 23 0
Mar 20 08:29:55 np0005652755 object-server[125367]: 172.20.0.104 - - [20/Mar/2026:08:29:55 +0000] "GET /d1/521/AUTH_7d343c0d5b2d4120a89e3784e7bef979/gnocchi.5b0525e2-9837-4bde-aae3-1eb583b57fa4/1773360000.0_mean_300.0_v3" 404 70 "GET http://172.18.0.184:8080/v1/AUTH_7d343c0d5b2d4120a89e3784e7bef979/gnocchi.5b0525e2-9837-4bde-aae3-1eb583b57fa4/1773360000.0_mean_300.0_v3" "tx6e3ea501bda74d4f92b89-0069bd0583" "proxy-server 20" 0.0004 "-" 23 0
Mar 20 08:29:55 np0005652755 container-server[124974]: 172.20.0.103 - - [20/Mar/2026:08:29:55 +0000] "PUT /d1/598/AUTH_7d343c0d5b2d4120a89e3784e7bef979/gnocchi.9351f380-1710-4b28-8099-73358c666fff/1773360000.0_mean_300.0_v3" 201 - "PUT http://172.18.0.184:8080/d1/162/AUTH_7d343c0d5b2d4120a89e3784e7bef979/gnocchi.9351f380-1710-4b28-8099-73358c666fff/1773360000.0_mean_300.0_v3" "txc817fd6df9594bcf83b29-0069bd0583" "object-server 25" 0.0012 "-" 21 0
Mar 20 08:29:55 np0005652755 object-server[125373]: 172.20.0.103 - - [20/Mar/2026:08:29:55 +0000] "PUT /d1/162/AUTH_7d343c0d5b2d4120a89e3784e7bef979/gnocchi.9351f380-1710-4b28-8099-73358c666fff/1773360000.0_mean_300.0_v3" 201 - "PUT http://172.18.0.184:8080/v1/AUTH_7d343c0d5b2d4120a89e3784e7bef979/gnocchi.9351f380-1710-4b28-8099-73358c666fff/1773360000.0_mean_300.0_v3" "txc817fd6df9594bcf83b29-0069bd0583" "proxy-server 20" 0.0186 "-" 25 0
Mar 20 08:29:55 np0005652755 proxy-server[126616]: 172.18.0.105 172.18.0.104 20/Mar/2026/08/29/55 PUT /v1/AUTH_7d343c0d5b2d4120a89e3784e7bef979/gnocchi.9351f380-1710-4b28-8099-73358c666fff/1773360000.0_mean_300.0_v3 HTTP/1.0 201 - python-swiftclient-3.11.1 gAAAAABpvQUzfcJv... 16 - - txc817fd6df9594bcf83b29-0069bd0583 - 0.0455 - - 1773995395.239027500 1773995395.284491062 0
Mar 20 08:29:55 np0005652755 object-server[125373]: 172.20.0.104 - - [20/Mar/2026:08:29:55 +0000] "PUT /d1/960/AUTH_7d343c0d5b2d4120a89e3784e7bef979/gnocchi.9351f380-1710-4b28-8099-73358c666fff/none_v3" 201 - "PUT http://172.18.0.184:8080/v1/AUTH_7d343c0d5b2d4120a89e3784e7bef979/gnocchi.9351f380-1710-4b28-8099-73358c666fff/none_v3" "tx01d686ce6c484a21ad307-0069bd0583" "proxy-server 20" 0.0121 "-" 25 0
Mar 20 08:29:55 np0005652755 container-server[124974]: 172.20.0.105 - - [20/Mar/2026:08:29:55 +0000] "PUT /d1/598/AUTH_7d343c0d5b2d4120a89e3784e7bef979/gnocchi.9351f380-1710-4b28-8099-73358c666fff/none_v3" 201 - "PUT http://172.18.0.184:8080/d1/960/AUTH_7d343c0d5b2d4120a89e3784e7bef979/gnocchi.9351f380-1710-4b28-8099-73358c666fff/none_v3" "tx01d686ce6c484a21ad307-0069bd0583" "object-server 22" 0.0010 "-" 21 0
Mar 20 08:29:55 np0005652755 container-server[124974]: 172.20.0.103 - - [20/Mar/2026:08:29:55 +0000] "HEAD /d1/878/AUTH_7d343c0d5b2d4120a89e3784e7bef979/gnocchi.9d81c3b2-5af8-43f4-8df3-c1120a30577c" 404 - "HEAD http://172.18.0.184:8080/v1/AUTH_7d343c0d5b2d4120a89e3784e7bef979/gnocchi.9d81c3b2-5af8-43f4-8df3-c1120a30577c?format=json&states=listing" "tx3927cd17b5674b4ba06d9-0069bd0583" "proxy-server 20" 0.0008 "-" 21 0
Mar 20 08:29:55 np0005652755 container-server[124974]: 172.20.0.103 - - [20/Mar/2026:08:29:55 +0000] "PUT /d1/229/AUTH_7d343c0d5b2d4120a89e3784e7bef979/gnocchi.5b0525e2-9837-4bde-aae3-1eb583b57fa4/1773360000.0_mean_300.0_v3" 201 - "PUT http://172.18.0.184:8080/d1/521/AUTH_7d343c0d5b2d4120a89e3784e7bef979/gnocchi.5b0525e2-9837-4bde-aae3-1eb583b57fa4/1773360000.0_mean_300.0_v3" "tx67d111471182440a99bef-0069bd0583" "object-server 22" 0.0008 "-" 21 0
Mar 20 08:29:55 np0005652755 object-server[125366]: 172.20.0.105 - - [20/Mar/2026:08:29:55 +0000] "PUT /d1/521/AUTH_7d343c0d5b2d4120a89e3784e7bef979/gnocchi.5b0525e2-9837-4bde-aae3-1eb583b57fa4/1773360000.0_mean_300.0_v3" 201 - "PUT http://172.18.0.184:8080/v1/AUTH_7d343c0d5b2d4120a89e3784e7bef979/gnocchi.5b0525e2-9837-4bde-aae3-1eb583b57fa4/1773360000.0_mean_300.0_v3" "tx67d111471182440a99bef-0069bd0583" "proxy-server 20" 0.0327 "-" 22 0
Mar 20 08:29:55 np0005652755 object-server[125373]: 172.20.0.103 - - [20/Mar/2026:08:29:55 +0000] "GET /d1/498/AUTH_7d343c0d5b2d4120a89e3784e7bef979/gnocchi.9d81c3b2-5af8-43f4-8df3-c1120a30577c/none_v3" 404 70 "GET http://172.18.0.184:8080/v1/AUTH_7d343c0d5b2d4120a89e3784e7bef979/gnocchi.9d81c3b2-5af8-43f4-8df3-c1120a30577c/none_v3" "tx3927cd17b5674b4ba06d9-0069bd0583" "proxy-server 20" 0.0006 "-" 25 0
Mar 20 08:29:55 np0005652755 proxy-server[126616]: 172.18.0.105 172.18.0.104 20/Mar/2026/08/29/55 GET /v1/AUTH_7d343c0d5b2d4120a89e3784e7bef979/gnocchi.9d81c3b2-5af8-43f4-8df3-c1120a30577c/none_v3 HTTP/1.0 404 - python-swiftclient-3.11.1 gAAAAABpvQUzfcJv... - 70 - tx3927cd17b5674b4ba06d9-0069bd0583 - 0.0341 - - 1773995395.335316420 1773995395.369409084 0
Mar 20 08:29:55 np0005652755 object-server[125367]: 172.20.0.104 - - [20/Mar/2026:08:29:55 +0000] "PUT /d1/529/AUTH_7d343c0d5b2d4120a89e3784e7bef979/gnocchi.5b0525e2-9837-4bde-aae3-1eb583b57fa4/none_v3" 201 - "PUT http://172.18.0.184:8080/v1/AUTH_7d343c0d5b2d4120a89e3784e7bef979/gnocchi.5b0525e2-9837-4bde-aae3-1eb583b57fa4/none_v3" "tx6fa0cf669aee442f8499a-0069bd0583" "proxy-server 20" 0.0199 "-" 23 0
Mar 20 08:29:55 np0005652755 container-server[124978]: 172.20.0.105 - - [20/Mar/2026:08:29:55 +0000] "PUT /d1/229/AUTH_7d343c0d5b2d4120a89e3784e7bef979/gnocchi.5b0525e2-9837-4bde-aae3-1eb583b57fa4/none_v3" 201 - "PUT http://172.18.0.184:8080/d1/529/AUTH_7d343c0d5b2d4120a89e3784e7bef979/gnocchi.5b0525e2-9837-4bde-aae3-1eb583b57fa4/none_v3" "tx6fa0cf669aee442f8499a-0069bd0583" "object-server 23" 0.0009 "-" 22 0
Mar 20 08:29:55 np0005652755 account-server[124779]: 172.20.0.103 - - [20/Mar/2026:08:29:55 +0000] "PUT /d1/117/AUTH_7d343c0d5b2d4120a89e3784e7bef979/gnocchi.9d81c3b2-5af8-43f4-8df3-c1120a30577c" 201 - "PUT http://172.20.0.103:6001/d1/878/AUTH_7d343c0d5b2d4120a89e3784e7bef979/gnocchi.9d81c3b2-5af8-43f4-8df3-c1120a30577c" "tx5926455c3c0d4db284b14-0069bd0583" "container-server 22" 0.0075 "-" 20 0
Mar 20 08:29:55 np0005652755 container-server[124978]: 172.20.0.105 - - [20/Mar/2026:08:29:55 +0000] "PUT /d1/878/AUTH_7d343c0d5b2d4120a89e3784e7bef979/gnocchi.9d81c3b2-5af8-43f4-8df3-c1120a30577c" 201 - "PUT http://172.18.0.184:8080/v1/AUTH_7d343c0d5b2d4120a89e3784e7bef979/gnocchi.9d81c3b2-5af8-43f4-8df3-c1120a30577c" "tx5926455c3c0d4db284b14-0069bd0583" "proxy-server 20" 0.0216 "-" 22 0
Mar 20 08:29:55 np0005652755 container-server[124971]: 172.20.0.103 - - [20/Mar/2026:08:29:55 +0000] "HEAD /d1/600/AUTH_7d343c0d5b2d4120a89e3784e7bef979/gnocchi.7232b695-1fa3-451a-8a9f-e8a97d6688be" 404 - "HEAD http://172.18.0.184:8080/v1/AUTH_7d343c0d5b2d4120a89e3784e7bef979/gnocchi.7232b695-1fa3-451a-8a9f-e8a97d6688be?format=json&states=listing" "tx2bf3f4f61c4c49caab87c-0069bd0583" "proxy-server 20" 0.0009 "-" 20 0
Mar 20 08:29:55 np0005652755 object-server[125367]: 172.20.0.103 - - [20/Mar/2026:08:29:55 +0000] "GET /d1/928/AUTH_7d343c0d5b2d4120a89e3784e7bef979/gnocchi.7232b695-1fa3-451a-8a9f-e8a97d6688be/none_v3" 404 70 "GET http://172.18.0.184:8080/v1/AUTH_7d343c0d5b2d4120a89e3784e7bef979/gnocchi.7232b695-1fa3-451a-8a9f-e8a97d6688be/none_v3" "tx2bf3f4f61c4c49caab87c-0069bd0583" "proxy-server 20" 0.0003 "-" 23 0
Mar 20 08:29:55 np0005652755 object-server[125367]: 172.20.0.105 - - [20/Mar/2026:08:29:55 +0000] "GET /d1/104/AUTH_7d343c0d5b2d4120a89e3784e7bef979/gnocchi.9d81c3b2-5af8-43f4-8df3-c1120a30577c/1773360000.0_mean_300.0_v3" 404 70 "GET http://172.18.0.184:8080/v1/AUTH_7d343c0d5b2d4120a89e3784e7bef979/gnocchi.9d81c3b2-5af8-43f4-8df3-c1120a30577c/1773360000.0_mean_300.0_v3" "tx5f3f571748fe47199251c-0069bd0583" "proxy-server 20" 0.0002 "-" 23 0
Mar 20 08:29:55 np0005652755 proxy-server[126616]: 172.18.0.184 172.18.0.104 20/Mar/2026/08/29/55 GET /v1/AUTH_7d343c0d5b2d4120a89e3784e7bef979/gnocchi.7232b695-1fa3-451a-8a9f-e8a97d6688be/none_v3 HTTP/1.0 404 - python-swiftclient-3.11.1 gAAAAABpvQV0UZ3z... - 70 - tx2bf3f4f61c4c49caab87c-0069bd0583 - 0.0356 - - 1773995395.415499687 1773995395.451099157 0
Mar 20 08:29:55 np0005652755 account-server[124822]: 172.20.0.104 - - [20/Mar/2026:08:29:55 +0000] "PUT /d1/117/AUTH_7d343c0d5b2d4120a89e3784e7bef979/gnocchi.7232b695-1fa3-451a-8a9f-e8a97d6688be" 201 - "PUT http://172.20.0.104:6001/d1/600/AUTH_7d343c0d5b2d4120a89e3784e7bef979/gnocchi.7232b695-1fa3-451a-8a9f-e8a97d6688be" "txe0c43b25d755432cb9175-0069bd0583" "container-server 23" 0.0101 "-" 22 0
Mar 20 08:29:55 np0005652755 container-server[124974]: 172.20.0.103 - - [20/Mar/2026:08:29:55 +0000] "PUT /d1/878/AUTH_7d343c0d5b2d4120a89e3784e7bef979/gnocchi.9d81c3b2-5af8-43f4-8df3-c1120a30577c/1773360000.0_mean_300.0_v3" 201 - "PUT http://172.18.0.184:8080/d1/104/AUTH_7d343c0d5b2d4120a89e3784e7bef979/gnocchi.9d81c3b2-5af8-43f4-8df3-c1120a30577c/1773360000.0_mean_300.0_v3" "txce4c17f903b84f518fd2b-0069bd0583" "object-server 22" 0.0011 "-" 21 0
Mar 20 08:29:55 np0005652755 object-server[125366]: 172.20.0.103 - - [20/Mar/2026:08:29:55 +0000] "PUT /d1/104/AUTH_7d343c0d5b2d4120a89e3784e7bef979/gnocchi.9d81c3b2-5af8-43f4-8df3-c1120a30577c/1773360000.0_mean_300.0_v3" 201 - "PUT http://172.18.0.184:8080/v1/AUTH_7d343c0d5b2d4120a89e3784e7bef979/gnocchi.9d81c3b2-5af8-43f4-8df3-c1120a30577c/1773360000.0_mean_300.0_v3" "txce4c17f903b84f518fd2b-0069bd0583" "proxy-server 20" 0.0173 "-" 22 0
Mar 20 08:29:55 np0005652755 proxy-server[126616]: 172.18.0.105 172.18.0.104 20/Mar/2026/08/29/55 PUT /v1/AUTH_7d343c0d5b2d4120a89e3784e7bef979/gnocchi.9d81c3b2-5af8-43f4-8df3-c1120a30577c/1773360000.0_mean_300.0_v3 HTTP/1.0 201 - python-swiftclient-3.11.1 gAAAAABpvQUzfcJv... 16 - - txce4c17f903b84f518fd2b-0069bd0583 - 0.0300 - - 1773995395.469387531 1773995395.499393225 0
Mar 20 08:29:55 np0005652755 container-server[124971]: 172.20.0.104 - - [20/Mar/2026:08:29:55 +0000] "PUT /d1/600/AUTH_7d343c0d5b2d4120a89e3784e7bef979/gnocchi.7232b695-1fa3-451a-8a9f-e8a97d6688be" 201 - "PUT http://172.18.0.184:8080/v1/AUTH_7d343c0d5b2d4120a89e3784e7bef979/gnocchi.7232b695-1fa3-451a-8a9f-e8a97d6688be" "txe0c43b25d755432cb9175-0069bd0583" "proxy-server 20" 0.0269 "-" 20 0
