Mar 20 08:31:06 np0005652755 container-server[124978]: 172.20.0.104 - - [20/Mar/2026:08:31:06 +0000] "PUT /d1/719/AUTH_7d343c0d5b2d4120a89e3784e7bef979/gnocchi.4d20b438-e8fc-4e48-b7a0-57e6b55cd997" 201 - "PUT http://172.18.0.184:8080/v1/AUTH_7d343c0d5b2d4120a89e3784e7bef979/gnocchi.4d20b438-e8fc-4e48-b7a0-57e6b55cd997" "tx09145795920b487dbbabb-0069bd05ca" "proxy-server 20" 0.0256 "-" 22 0
Mar 20 08:31:06 np0005652755 container-server[124978]: 172.20.0.105 - - [20/Mar/2026:08:31:06 +0000] "PUT /d1/473/AUTH_7d343c0d5b2d4120a89e3784e7bef979/gnocchi.7732769b-73ca-4896-bc98-61e1a44c86ce" 201 - "PUT http://172.18.0.184:8080/v1/AUTH_7d343c0d5b2d4120a89e3784e7bef979/gnocchi.7732769b-73ca-4896-bc98-61e1a44c86ce" "txf03dbcc12e9344bb88329-0069bd05ca" "proxy-server 20" 0.0182 "-" 22 0
Mar 20 08:31:06 np0005652755 proxy-server[126616]: - - 20/Mar/2026/08/31/06 HEAD /v1/AUTH_7d343c0d5b2d4120a89e3784e7bef979/gnocchi.e223645d-7929-400f-890b-8fae74227a78%3Fformat%3Djson%26states%3Dlisting HTTP/1.0 204 - Swift - - - - tx8eba17a313814652b500f-0069bd05ca - 0.0154 RL - 1773995466.566892862 1773995466.582260370 0
Mar 20 08:31:06 np0005652755 container-server[124982]: 172.20.0.104 - - [20/Mar/2026:08:31:06 +0000] "HEAD /d1/719/AUTH_7d343c0d5b2d4120a89e3784e7bef979/gnocchi.4d20b438-e8fc-4e48-b7a0-57e6b55cd997" 204 - "HEAD http://172.18.0.184:8080/v1/AUTH_7d343c0d5b2d4120a89e3784e7bef979/gnocchi.4d20b438-e8fc-4e48-b7a0-57e6b55cd997?format=json&states=listing" "tx188304616d1344899b179-0069bd05ca" "proxy-server 20" 0.0017 "-" 23 0
Mar 20 08:31:06 np0005652755 account-server[124822]: 172.20.0.105 - - [20/Mar/2026:08:31:06 +0000] "PUT /d1/117/AUTH_7d343c0d5b2d4120a89e3784e7bef979/gnocchi.7732769b-73ca-4896-bc98-61e1a44c86ce" 201 - "PUT http://172.20.0.105:6001/d1/473/AUTH_7d343c0d5b2d4120a89e3784e7bef979/gnocchi.7732769b-73ca-4896-bc98-61e1a44c86ce" "txf03dbcc12e9344bb88329-0069bd05ca" "container-server 23" 0.0044 "-" 22 0
Mar 20 08:31:06 np0005652755 container-server[124982]: 172.20.0.103 - - [20/Mar/2026:08:31:06 +0000] "GET /d1/326/AUTH_7d343c0d5b2d4120a89e3784e7bef979/gnocchi.e223645d-7929-400f-890b-8fae74227a78" 200 2 "GET http://172.18.0.184:8080/v1/AUTH_7d343c0d5b2d4120a89e3784e7bef979/gnocchi.e223645d-7929-400f-890b-8fae74227a78?format=json&states=listing" "tx8eba17a313814652b500f-0069bd05ca" "proxy-server 20" 0.0022 "-" 23 0
Mar 20 08:31:06 np0005652755 proxy-server[126616]: 172.18.0.103 172.18.0.104 20/Mar/2026/08/31/06 GET /v1/AUTH_7d343c0d5b2d4120a89e3784e7bef979/gnocchi.e223645d-7929-400f-890b-8fae74227a78%3Fformat%3Djson%26states%3Dlisting HTTP/1.0 200 - python-swiftclient-3.11.1 gAAAAABpvQWDG-Hw... - 2 - tx8eba17a313814652b500f-0069bd05ca - 0.0262 - - 1773995466.564811707 1773995466.591003895 0
Mar 20 08:31:06 np0005652755 object-server[125366]: 172.20.0.104 - - [20/Mar/2026:08:31:06 +0000] "GET /d1/137/AUTH_7d343c0d5b2d4120a89e3784e7bef979/gnocchi.4d20b438-e8fc-4e48-b7a0-57e6b55cd997/1773360000.0_mean_300.0_v3" 404 70 "GET http://172.18.0.184:8080/v1/AUTH_7d343c0d5b2d4120a89e3784e7bef979/gnocchi.4d20b438-e8fc-4e48-b7a0-57e6b55cd997/1773360000.0_mean_300.0_v3" "tx44f24ebbfbaf45eca36d7-0069bd05ca" "proxy-server 20" 0.0005 "-" 22 0
Mar 20 08:31:06 np0005652755 object-server[125367]: 172.20.0.103 - - [20/Mar/2026:08:31:06 +0000] "GET /d1/591/AUTH_7d343c0d5b2d4120a89e3784e7bef979/gnocchi.e223645d-7929-400f-890b-8fae74227a78/1773360000.0_mean_300.0_v3" 404 70 "GET http://172.18.0.184:8080/v1/AUTH_7d343c0d5b2d4120a89e3784e7bef979/gnocchi.e223645d-7929-400f-890b-8fae74227a78/1773360000.0_mean_300.0_v3" "tx31f7b277d4fd4be387001-0069bd05ca" "proxy-server 20" 0.0003 "-" 23 0
Mar 20 08:31:06 np0005652755 proxy-server[126616]: 172.18.0.103 172.18.0.104 20/Mar/2026/08/31/06 GET /v1/AUTH_7d343c0d5b2d4120a89e3784e7bef979/gnocchi.e223645d-7929-400f-890b-8fae74227a78/1773360000.0_mean_300.0_v3 HTTP/1.0 404 - python-swiftclient-3.11.1 gAAAAABpvQWDG-Hw... - 70 - tx31f7b277d4fd4be387001-0069bd05ca - 0.0150 - - 1773995466.595617533 1773995466.610638380 0
Mar 20 08:31:06 np0005652755 object-server[125367]: 172.20.0.105 - - [20/Mar/2026:08:31:06 +0000] "GET /d1/81/AUTH_7d343c0d5b2d4120a89e3784e7bef979/gnocchi.7732769b-73ca-4896-bc98-61e1a44c86ce/1773360000.0_mean_300.0_v3" 404 70 "GET http://172.18.0.184:8080/v1/AUTH_7d343c0d5b2d4120a89e3784e7bef979/gnocchi.7732769b-73ca-4896-bc98-61e1a44c86ce/1773360000.0_mean_300.0_v3" "tx4ae459a7dcd14d63ad7af-0069bd05ca" "proxy-server 20" 0.0003 "-" 23 0
Mar 20 08:31:06 np0005652755 container-server[124971]: 172.20.0.103 - - [20/Mar/2026:08:31:06 +0000] "PUT /d1/326/AUTH_7d343c0d5b2d4120a89e3784e7bef979/gnocchi.e223645d-7929-400f-890b-8fae74227a78/1773360000.0_mean_300.0_v3" 201 - "PUT http://172.18.0.184:8080/d1/591/AUTH_7d343c0d5b2d4120a89e3784e7bef979/gnocchi.e223645d-7929-400f-890b-8fae74227a78/1773360000.0_mean_300.0_v3" "txe241048c4d514daeb2102-0069bd05ca" "object-server 24" 0.0009 "-" 20 0
Mar 20 08:31:06 np0005652755 container-server[124978]: 172.20.0.103 - - [20/Mar/2026:08:31:06 +0000] "PUT /d1/719/AUTH_7d343c0d5b2d4120a89e3784e7bef979/gnocchi.4d20b438-e8fc-4e48-b7a0-57e6b55cd997/1773360000.0_mean_300.0_v3" 201 - "PUT http://172.18.0.184:8080/d1/137/AUTH_7d343c0d5b2d4120a89e3784e7bef979/gnocchi.4d20b438-e8fc-4e48-b7a0-57e6b55cd997/1773360000.0_mean_300.0_v3" "tx7ad0dfe130474dee91ae2-0069bd05ca" "object-server 23" 0.0005 "-" 22 0
Mar 20 08:31:06 np0005652755 object-server[125369]: 172.20.0.103 - - [20/Mar/2026:08:31:06 +0000] "PUT /d1/591/AUTH_7d343c0d5b2d4120a89e3784e7bef979/gnocchi.e223645d-7929-400f-890b-8fae74227a78/1773360000.0_mean_300.0_v3" 201 - "PUT http://172.18.0.184:8080/v1/AUTH_7d343c0d5b2d4120a89e3784e7bef979/gnocchi.e223645d-7929-400f-890b-8fae74227a78/1773360000.0_mean_300.0_v3" "txe241048c4d514daeb2102-0069bd05ca" "proxy-server 20" 0.0143 "-" 24 0
Mar 20 08:31:06 np0005652755 object-server[125367]: 172.20.0.104 - - [20/Mar/2026:08:31:06 +0000] "PUT /d1/137/AUTH_7d343c0d5b2d4120a89e3784e7bef979/gnocchi.4d20b438-e8fc-4e48-b7a0-57e6b55cd997/1773360000.0_mean_300.0_v3" 201 - "PUT http://172.18.0.184:8080/v1/AUTH_7d343c0d5b2d4120a89e3784e7bef979/gnocchi.4d20b438-e8fc-4e48-b7a0-57e6b55cd997/1773360000.0_mean_300.0_v3" "tx7ad0dfe130474dee91ae2-0069bd05ca" "proxy-server 20" 0.0102 "-" 23 0
Mar 20 08:31:06 np0005652755 proxy-server[126616]: 172.18.0.103 172.18.0.104 20/Mar/2026/08/31/06 PUT /v1/AUTH_7d343c0d5b2d4120a89e3784e7bef979/gnocchi.e223645d-7929-400f-890b-8fae74227a78/1773360000.0_mean_300.0_v3 HTTP/1.0 201 - python-swiftclient-3.11.1 gAAAAABpvQWDG-Hw... 16 - - txe241048c4d514daeb2102-0069bd05ca - 0.0242 - - 1773995466.614472151 1773995466.638708115 0
Mar 20 08:31:06 np0005652755 container-server[124982]: 172.20.0.104 - - [20/Mar/2026:08:31:06 +0000] "PUT /d1/473/AUTH_7d343c0d5b2d4120a89e3784e7bef979/gnocchi.7732769b-73ca-4896-bc98-61e1a44c86ce/1773360000.0_mean_300.0_v3" 201 - "PUT http://172.18.0.184:8080/d1/81/AUTH_7d343c0d5b2d4120a89e3784e7bef979/gnocchi.7732769b-73ca-4896-bc98-61e1a44c86ce/1773360000.0_mean_300.0_v3" "txf384f2cd1bb44cea8309e-0069bd05ca" "object-server 20" 0.0007 "-" 23 0
Mar 20 08:31:06 np0005652755 object-server[125367]: 172.20.0.105 - - [20/Mar/2026:08:31:06 +0000] "PUT /d1/81/AUTH_7d343c0d5b2d4120a89e3784e7bef979/gnocchi.7732769b-73ca-4896-bc98-61e1a44c86ce/1773360000.0_mean_300.0_v3" 201 - "PUT http://172.18.0.184:8080/v1/AUTH_7d343c0d5b2d4120a89e3784e7bef979/gnocchi.7732769b-73ca-4896-bc98-61e1a44c86ce/1773360000.0_mean_300.0_v3" "txf384f2cd1bb44cea8309e-0069bd05ca" "proxy-server 20" 0.0134 "-" 23 0
Mar 20 08:31:06 np0005652755 container-server[124978]: 172.20.0.105 - - [20/Mar/2026:08:31:06 +0000] "PUT /d1/719/AUTH_7d343c0d5b2d4120a89e3784e7bef979/gnocchi.4d20b438-e8fc-4e48-b7a0-57e6b55cd997/none_v3" 201 - "PUT http://172.18.0.184:8080/d1/960/AUTH_7d343c0d5b2d4120a89e3784e7bef979/gnocchi.4d20b438-e8fc-4e48-b7a0-57e6b55cd997/none_v3" "tx7f50d326e6fe4c5692244-0069bd05ca" "object-server 25" 0.0004 "-" 22 0
Mar 20 08:31:06 np0005652755 object-server[125366]: 172.20.0.104 - - [20/Mar/2026:08:31:06 +0000] "PUT /d1/960/AUTH_7d343c0d5b2d4120a89e3784e7bef979/gnocchi.4d20b438-e8fc-4e48-b7a0-57e6b55cd997/none_v3" 201 - "PUT http://172.18.0.184:8080/v1/AUTH_7d343c0d5b2d4120a89e3784e7bef979/gnocchi.4d20b438-e8fc-4e48-b7a0-57e6b55cd997/none_v3" "tx7f50d326e6fe4c5692244-0069bd05ca" "proxy-server 20" 0.0110 "-" 22 0
Mar 20 08:31:06 np0005652755 container-server[124978]: 172.20.0.103 - - [20/Mar/2026:08:31:06 +0000] "PUT /d1/326/AUTH_7d343c0d5b2d4120a89e3784e7bef979/gnocchi.e223645d-7929-400f-890b-8fae74227a78/none_v3" 201 - "PUT http://172.18.0.184:8080/d1/191/AUTH_7d343c0d5b2d4120a89e3784e7bef979/gnocchi.e223645d-7929-400f-890b-8fae74227a78/none_v3" "tx9b504bad692a4cafb60b1-0069bd05ca" "object-server 22" 0.0004 "-" 22 0
Mar 20 08:31:06 np0005652755 object-server[125366]: 172.20.0.103 - - [20/Mar/2026:08:31:06 +0000] "PUT /d1/191/AUTH_7d343c0d5b2d4120a89e3784e7bef979/gnocchi.e223645d-7929-400f-890b-8fae74227a78/none_v3" 201 - "PUT http://172.18.0.184:8080/v1/AUTH_7d343c0d5b2d4120a89e3784e7bef979/gnocchi.e223645d-7929-400f-890b-8fae74227a78/none_v3" "tx9b504bad692a4cafb60b1-0069bd05ca" "proxy-server 20" 0.0148 "-" 22 0
Mar 20 08:31:06 np0005652755 proxy-server[126616]: 172.18.0.103 172.18.0.104 20/Mar/2026/08/31/06 PUT /v1/AUTH_7d343c0d5b2d4120a89e3784e7bef979/gnocchi.e223645d-7929-400f-890b-8fae74227a78/none_v3 HTTP/1.0 201 - python-swiftclient-3.11.1 gAAAAABpvQWDG-Hw... 22 - - tx9b504bad692a4cafb60b1-0069bd05ca - 0.0244 - - 1773995466.642796755 1773995466.667151928 0
Mar 20 08:31:06 np0005652755 container-server[124978]: 172.20.0.104 - - [20/Mar/2026:08:31:06 +0000] "PUT /d1/473/AUTH_7d343c0d5b2d4120a89e3784e7bef979/gnocchi.7732769b-73ca-4896-bc98-61e1a44c86ce/none_v3" 201 - "PUT http://172.18.0.184:8080/d1/447/AUTH_7d343c0d5b2d4120a89e3784e7bef979/gnocchi.7732769b-73ca-4896-bc98-61e1a44c86ce/none_v3" "tx38d06e6917d54847b703b-0069bd05ca" "object-server 21" 0.0004 "-" 22 0
Mar 20 08:31:06 np0005652755 object-server[125369]: 172.20.0.105 - - [20/Mar/2026:08:31:06 +0000] "PUT /d1/447/AUTH_7d343c0d5b2d4120a89e3784e7bef979/gnocchi.7732769b-73ca-4896-bc98-61e1a44c86ce/none_v3" 201 - "PUT http://172.18.0.184:8080/v1/AUTH_7d343c0d5b2d4120a89e3784e7bef979/gnocchi.7732769b-73ca-4896-bc98-61e1a44c86ce/none_v3" "tx38d06e6917d54847b703b-0069bd05ca" "proxy-server 20" 0.0089 "-" 24 0
Mar 20 08:31:06 np0005652755 container-server[124974]: 172.20.0.103 - - [20/Mar/2026:08:31:06 +0000] "HEAD /d1/665/AUTH_7d343c0d5b2d4120a89e3784e7bef979/gnocchi.ff28d155-2754-47ee-9e3f-3308bc371b66" 404 - "HEAD http://172.18.0.184:8080/v1/AUTH_7d343c0d5b2d4120a89e3784e7bef979/gnocchi.ff28d155-2754-47ee-9e3f-3308bc371b66?format=json&states=listing" "tx2d0b800a73f9456cbc23f-0069bd05ca" "proxy-server 20" 0.0004 "-" 21 0
Mar 20 08:31:06 np0005652755 container-server[124971]: 172.20.0.104 - - [20/Mar/2026:08:31:06 +0000] "HEAD /d1/646/AUTH_7d343c0d5b2d4120a89e3784e7bef979/gnocchi.0612a46f-7d55-4806-9220-fb51651bab5c" 404 - "HEAD http://172.18.0.184:8080/v1/AUTH_7d343c0d5b2d4120a89e3784e7bef979/gnocchi.0612a46f-7d55-4806-9220-fb51651bab5c?format=json&states=listing" "txe37ad19a91214f3cb44ac-0069bd05ca" "proxy-server 20" 0.0003 "-" 20 0
Mar 20 08:31:06 np0005652755 object-server[125369]: 172.20.0.104 - - [20/Mar/2026:08:31:06 +0000] "GET /d1/340/AUTH_7d343c0d5b2d4120a89e3784e7bef979/gnocchi.0612a46f-7d55-4806-9220-fb51651bab5c/none_v3" 404 70 "GET http://172.18.0.184:8080/v1/AUTH_7d343c0d5b2d4120a89e3784e7bef979/gnocchi.0612a46f-7d55-4806-9220-fb51651bab5c/none_v3" "txe37ad19a91214f3cb44ac-0069bd05ca" "proxy-server 20" 0.0003 "-" 24 0
Mar 20 08:31:06 np0005652755 container-server[124971]: 172.20.0.105 - - [20/Mar/2026:08:31:06 +0000] "HEAD /d1/1/AUTH_7d343c0d5b2d4120a89e3784e7bef979/gnocchi.76ac617c-f62d-4743-9550-5dac796ab416" 404 - "HEAD http://172.18.0.184:8080/v1/AUTH_7d343c0d5b2d4120a89e3784e7bef979/gnocchi.76ac617c-f62d-4743-9550-5dac796ab416?format=json&states=listing" "tx2a863ace6d67451182dc4-0069bd05ca" "proxy-server 20" 0.0003 "-" 20 0
Mar 20 08:31:06 np0005652755 object-server[125367]: 172.20.0.103 - - [20/Mar/2026:08:31:06 +0000] "GET /d1/707/AUTH_7d343c0d5b2d4120a89e3784e7bef979/gnocchi.ff28d155-2754-47ee-9e3f-3308bc371b66/none_v3" 404 70 "GET http://172.18.0.184:8080/v1/AUTH_7d343c0d5b2d4120a89e3784e7bef979/gnocchi.ff28d155-2754-47ee-9e3f-3308bc371b66/none_v3" "tx2d0b800a73f9456cbc23f-0069bd05ca" "proxy-server 20" 0.0004 "-" 23 0
Mar 20 08:31:06 np0005652755 proxy-server[126616]: 172.18.0.103 172.18.0.104 20/Mar/2026/08/31/06 GET /v1/AUTH_7d343c0d5b2d4120a89e3784e7bef979/gnocchi.ff28d155-2754-47ee-9e3f-3308bc371b66/none_v3 HTTP/1.0 404 - python-swiftclient-3.11.1 gAAAAABpvQWDG-Hw... - 70 - tx2d0b800a73f9456cbc23f-0069bd05ca - 0.0252 - - 1773995466.687932014 1773995466.713124752 0
Mar 20 08:31:06 np0005652755 object-server[125369]: 172.20.0.105 - - [20/Mar/2026:08:31:06 +0000] "GET /d1/449/AUTH_7d343c0d5b2d4120a89e3784e7bef979/gnocchi.76ac617c-f62d-4743-9550-5dac796ab416/none_v3" 404 70 "GET http://172.18.0.184:8080/v1/AUTH_7d343c0d5b2d4120a89e3784e7bef979/gnocchi.76ac617c-f62d-4743-9550-5dac796ab416/none_v3" "tx2a863ace6d67451182dc4-0069bd05ca" "proxy-server 20" 0.0003 "-" 24 0
Mar 20 08:31:06 np0005652755 container-server[124974]: 172.20.0.104 - - [20/Mar/2026:08:31:06 +0000] "PUT /d1/646/AUTH_7d343c0d5b2d4120a89e3784e7bef979/gnocchi.0612a46f-7d55-4806-9220-fb51651bab5c" 201 - "PUT http://172.18.0.184:8080/v1/AUTH_7d343c0d5b2d4120a89e3784e7bef979/gnocchi.0612a46f-7d55-4806-9220-fb51651bab5c" "txde461eab3ba94c7180168-0069bd05ca" "proxy-server 20" 0.0154 "-" 21 0
Mar 20 08:31:06 np0005652755 account-server[124815]: 172.20.0.103 - - [20/Mar/2026:08:31:06 +0000] "PUT /d1/117/AUTH_7d343c0d5b2d4120a89e3784e7bef979/gnocchi.ff28d155-2754-47ee-9e3f-3308bc371b66" 201 - "PUT http://172.20.0.103:6001/d1/665/AUTH_7d343c0d5b2d4120a89e3784e7bef979/gnocchi.ff28d155-2754-47ee-9e3f-3308bc371b66" "tx07e9d6dfca6a45a3848e3-0069bd05ca" "container-server 20" 0.0048 "-" 21 0
Mar 20 08:31:06 np0005652755 container-server[124971]: 172.20.0.103 - - [20/Mar/2026:08:31:06 +0000] "PUT /d1/665/AUTH_7d343c0d5b2d4120a89e3784e7bef979/gnocchi.ff28d155-2754-47ee-9e3f-3308bc371b66" 201 - "PUT http://172.18.0.184:8080/v1/AUTH_7d343c0d5b2d4120a89e3784e7bef979/gnocchi.ff28d155-2754-47ee-9e3f-3308bc371b66" "tx07e9d6dfca6a45a3848e3-0069bd05ca" "proxy-server 20" 0.0183 "-" 20 0
Mar 20 08:31:06 np0005652755 account-server[124822]: 172.20.0.104 - - [20/Mar/2026:08:31:06 +0000] "PUT /d1/117/AUTH_7d343c0d5b2d4120a89e3784e7bef979/gnocchi.0612a46f-7d55-4806-9220-fb51651bab5c" 201 - "PUT http://172.20.0.104:6001/d1/646/AUTH_7d343c0d5b2d4120a89e3784e7bef979/gnocchi.0612a46f-7d55-4806-9220-fb51651bab5c" "txde461eab3ba94c7180168-0069bd05ca" "container-server 20" 0.0146 "-" 22 0
Mar 20 08:31:06 np0005652755 container-server[124971]: 172.20.0.105 - - [20/Mar/2026:08:31:06 +0000] "PUT /d1/1/AUTH_7d343c0d5b2d4120a89e3784e7bef979/gnocchi.76ac617c-f62d-4743-9550-5dac796ab416" 201 - "PUT http://172.18.0.184:8080/v1/AUTH_7d343c0d5b2d4120a89e3784e7bef979/gnocchi.76ac617c-f62d-4743-9550-5dac796ab416" "txfad1cca3f49c4aa89e359-0069bd05ca" "proxy-server 20" 0.0129 "-" 20 0
Mar 20 08:31:06 np0005652755 proxy-server[126616]: 172.18.0.103 172.18.0.104 20/Mar/2026/08/31/06 PUT /v1/AUTH_7d343c0d5b2d4120a89e3784e7bef979/gnocchi.ff28d155-2754-47ee-9e3f-3308bc371b66 HTTP/1.0 201 - python-swiftclient-3.11.1 gAAAAABpvQWDG-Hw... - - - tx07e9d6dfca6a45a3848e3-0069bd05ca - 0.0371 - - 1773995466.716595888 1773995466.753677130 0
Mar 20 08:31:06 np0005652755 account-server[124779]: 172.20.0.104 - - [20/Mar/2026:08:31:06 +0000] "PUT /d1/117/AUTH_7d343c0d5b2d4120a89e3784e7bef979/gnocchi.76ac617c-f62d-4743-9550-5dac796ab416" 201 - "PUT http://172.20.0.104:6001/d1/1/AUTH_7d343c0d5b2d4120a89e3784e7bef979/gnocchi.76ac617c-f62d-4743-9550-5dac796ab416" "txfad1cca3f49c4aa89e359-0069bd05ca" "container-server 21" 0.0140 "-" 20 0
Mar 20 08:31:06 np0005652755 container-server[124978]: 172.20.0.103 - - [20/Mar/2026:08:31:06 +0000] "HEAD /d1/665/AUTH_7d343c0d5b2d4120a89e3784e7bef979/gnocchi.ff28d155-2754-47ee-9e3f-3308bc371b66" 204 - "HEAD http://172.18.0.184:8080/v1/AUTH_7d343c0d5b2d4120a89e3784e7bef979/gnocchi.ff28d155-2754-47ee-9e3f-3308bc371b66?format=json&states=listing" "tx5bb0fab2e15d4892871c9-0069bd05ca" "proxy-server 20" 0.0012 "-" 22 0
Mar 20 08:31:06 np0005652755 proxy-server[126616]: - - 20/Mar/2026/08/31/06 HEAD /v1/AUTH_7d343c0d5b2d4120a89e3784e7bef979/gnocchi.ff28d155-2754-47ee-9e3f-3308bc371b66%3Fformat%3Djson%26states%3Dlisting HTTP/1.0 204 - Swift - - - - tx5bb0fab2e15d4892871c9-0069bd05ca - 0.0040 RL - 1773995466.759882689 1773995466.763917208 0
Mar 20 08:31:06 np0005652755 proxy-server[126616]: 172.18.0.103 172.18.0.104 20/Mar/2026/08/31/06 GET /v1/AUTH_7d343c0d5b2d4120a89e3784e7bef979/gnocchi.ff28d155-2754-47ee-9e3f-3308bc371b66%3Fformat%3Djson%26states%3Dlisting HTTP/1.0 200 - python-swiftclient-3.11.1 gAAAAABpvQWDG-Hw... - 2 - tx5bb0fab2e15d4892871c9-0069bd05ca - 0.0149 - - 1773995466.758243799 1773995466.773150444 0
Mar 20 08:31:06 np0005652755 container-server[124971]: 172.20.0.105 - - [20/Mar/2026:08:31:06 +0000] "HEAD /d1/1/AUTH_7d343c0d5b2d4120a89e3784e7bef979/gnocchi.76ac617c-f62d-4743-9550-5dac796ab416" 204 - "HEAD http://172.18.0.184:8080/v1/AUTH_7d343c0d5b2d4120a89e3784e7bef979/gnocchi.76ac617c-f62d-4743-9550-5dac796ab416?format=json&states=listing" "tx9742e61ae3854701b1aa9-0069bd05ca" "proxy-server 20" 0.0011 "-" 20 0
Mar 20 08:31:06 np0005652755 object-server[125373]: 172.20.0.104 - - [20/Mar/2026:08:31:06 +0000] "GET /d1/882/AUTH_7d343c0d5b2d4120a89e3784e7bef979/gnocchi.0612a46f-7d55-4806-9220-fb51651bab5c/1773360000.0_mean_300.0_v3" 404 70 "GET http://172.18.0.184:8080/v1/AUTH_7d343c0d5b2d4120a89e3784e7bef979/gnocchi.0612a46f-7d55-4806-9220-fb51651bab5c/1773360000.0_mean_300.0_v3" "txb5e4bf9574c34d83b070e-0069bd05ca" "proxy-server 20" 0.0004 "-" 25 0
Mar 20 08:31:06 np0005652755 object-server[125373]: 172.20.0.103 - - [20/Mar/2026:08:31:06 +0000] "GET /d1/477/AUTH_7d343c0d5b2d4120a89e3784e7bef979/gnocchi.ff28d155-2754-47ee-9e3f-3308bc371b66/1773360000.0_mean_300.0_v3" 404 70 "GET http://172.18.0.184:8080/v1/AUTH_7d343c0d5b2d4120a89e3784e7bef979/gnocchi.ff28d155-2754-47ee-9e3f-3308bc371b66/1773360000.0_mean_300.0_v3" "tx9c3d8d623da5491598702-0069bd05ca" "proxy-server 20" 0.0002 "-" 25 0
Mar 20 08:31:06 np0005652755 proxy-server[126616]: 172.18.0.103 172.18.0.104 20/Mar/2026/08/31/06 GET /v1/AUTH_7d343c0d5b2d4120a89e3784e7bef979/gnocchi.ff28d155-2754-47ee-9e3f-3308bc371b66/1773360000.0_mean_300.0_v3 HTTP/1.0 404 - python-swiftclient-3.11.1 gAAAAABpvQWDG-Hw... - 70 - tx9c3d8d623da5491598702-0069bd05ca - 0.0116 - - 1773995466.776624680 1773995466.788212299 0
Mar 20 08:31:06 np0005652755 object-server[125366]: 172.20.0.105 - - [20/Mar/2026:08:31:06 +0000] "GET /d1/446/AUTH_7d343c0d5b2d4120a89e3784e7bef979/gnocchi.76ac617c-f62d-4743-9550-5dac796ab416/1773360000.0_mean_300.0_v3" 404 70 "GET http://172.18.0.184:8080/v1/AUTH_7d343c0d5b2d4120a89e3784e7bef979/gnocchi.76ac617c-f62d-4743-9550-5dac796ab416/1773360000.0_mean_300.0_v3" "tx3c3042576995478ba795a-0069bd05ca" "proxy-server 20" 0.0003 "-" 22 0
Mar 20 08:31:06 np0005652755 container-server[124971]: 172.20.0.103 - - [20/Mar/2026:08:31:06 +0000] "PUT /d1/665/AUTH_7d343c0d5b2d4120a89e3784e7bef979/gnocchi.ff28d155-2754-47ee-9e3f-3308bc371b66/1773360000.0_mean_300.0_v3" 201 - "PUT http://172.18.0.184:8080/d1/477/AUTH_7d343c0d5b2d4120a89e3784e7bef979/gnocchi.ff28d155-2754-47ee-9e3f-3308bc371b66/1773360000.0_mean_300.0_v3" "txa657c0b99f1e4fa0a0f20-0069bd05ca" "object-server 24" 0.0006 "-" 20 0
Mar 20 08:31:06 np0005652755 object-server[125369]: 172.20.0.103 - - [20/Mar/2026:08:31:06 +0000] "PUT /d1/477/AUTH_7d343c0d5b2d4120a89e3784e7bef979/gnocchi.ff28d155-2754-47ee-9e3f-3308bc371b66/1773360000.0_mean_300.0_v3" 201 - "PUT http://172.18.0.184:8080/v1/AUTH_7d343c0d5b2d4120a89e3784e7bef979/gnocchi.ff28d155-2754-47ee-9e3f-3308bc371b66/1773360000.0_mean_300.0_v3" "txa657c0b99f1e4fa0a0f20-0069bd05ca" "proxy-server 20" 0.0106 "-" 24 0
Mar 20 08:31:06 np0005652755 container-server[124978]: 172.20.0.103 - - [20/Mar/2026:08:31:06 +0000] "PUT /d1/646/AUTH_7d343c0d5b2d4120a89e3784e7bef979/gnocchi.0612a46f-7d55-4806-9220-fb51651bab5c/1773360000.0_mean_300.0_v3" 201 - "PUT http://172.18.0.184:8080/d1/882/AUTH_7d343c0d5b2d4120a89e3784e7bef979/gnocchi.0612a46f-7d55-4806-9220-fb51651bab5c/1773360000.0_mean_300.0_v3" "tx0aeacf38f0bc4d918d774-0069bd05ca" "object-server 24" 0.0004 "-" 22 0
Mar 20 08:31:06 np0005652755 object-server[125369]: 172.20.0.104 - - [20/Mar/2026:08:31:06 +0000] "PUT /d1/882/AUTH_7d343c0d5b2d4120a89e3784e7bef979/gnocchi.0612a46f-7d55-4806-9220-fb51651bab5c/1773360000.0_mean_300.0_v3" 201 - "PUT http://172.18.0.184:8080/v1/AUTH_7d343c0d5b2d4120a89e3784e7bef979/gnocchi.0612a46f-7d55-4806-9220-fb51651bab5c/1773360000.0_mean_300.0_v3" "tx0aeacf38f0bc4d918d774-0069bd05ca" "proxy-server 20" 0.0097 "-" 24 0
Mar 20 08:31:06 np0005652755 proxy-server[126616]: 172.18.0.103 172.18.0.104 20/Mar/2026/08/31/06 PUT /v1/AUTH_7d343c0d5b2d4120a89e3784e7bef979/gnocchi.ff28d155-2754-47ee-9e3f-3308bc371b66/1773360000.0_mean_300.0_v3 HTTP/1.0 201 - python-swiftclient-3.11.1 gAAAAABpvQWDG-Hw... 16 - - txa657c0b99f1e4fa0a0f20-0069bd05ca - 0.0255 - - 1773995466.791729212 1773995466.817274809 0
Mar 20 08:31:06 np0005652755 object-server[125367]: 172.20.0.103 - - [20/Mar/2026:08:31:06 +0000] "PUT /d1/707/AUTH_7d343c0d5b2d4120a89e3784e7bef979/gnocchi.ff28d155-2754-47ee-9e3f-3308bc371b66/none_v3" 201 - "PUT http://172.18.0.184:8080/v1/AUTH_7d343c0d5b2d4120a89e3784e7bef979/gnocchi.ff28d155-2754-47ee-9e3f-3308bc371b66/none_v3" "tx47db076b7e32499dbb9dc-0069bd05ca" "proxy-server 20" 0.0126 "-" 23 0
Mar 20 08:31:06 np0005652755 container-server[124978]: 172.20.0.104 - - [20/Mar/2026:08:31:06 +0000] "PUT /d1/665/AUTH_7d343c0d5b2d4120a89e3784e7bef979/gnocchi.ff28d155-2754-47ee-9e3f-3308bc371b66/none_v3" 201 - "PUT http://172.18.0.184:8080/d1/707/AUTH_7d343c0d5b2d4120a89e3784e7bef979/gnocchi.ff28d155-2754-47ee-9e3f-3308bc371b66/none_v3" "tx47db076b7e32499dbb9dc-0069bd05ca" "object-server 20" 0.0005 "-" 22 0
Mar 20 08:31:06 np0005652755 container-server[124978]: 172.20.0.103 - - [20/Mar/2026:08:31:06 +0000] "PUT /d1/1/AUTH_7d343c0d5b2d4120a89e3784e7bef979/gnocchi.76ac617c-f62d-4743-9550-5dac796ab416/1773360000.0_mean_300.0_v3" 201 - "PUT http://172.18.0.184:8080/d1/446/AUTH_7d343c0d5b2d4120a89e3784e7bef979/gnocchi.76ac617c-f62d-4743-9550-5dac796ab416/1773360000.0_mean_300.0_v3" "txa3680508f9a142229b1e4-0069bd05ca" "object-server 22" 0.0003 "-" 22 0
Mar 20 08:31:06 np0005652755 container-server[124982]: 172.20.0.105 - - [20/Mar/2026:08:31:06 +0000] "PUT /d1/646/AUTH_7d343c0d5b2d4120a89e3784e7bef979/gnocchi.0612a46f-7d55-4806-9220-fb51651bab5c/none_v3" 201 - "PUT http://172.18.0.184:8080/d1/340/AUTH_7d343c0d5b2d4120a89e3784e7bef979/gnocchi.0612a46f-7d55-4806-9220-fb51651bab5c/none_v3" "tx00c257b253304823bf1d1-0069bd05ca" "object-server 23" 0.0006 "-" 23 0
Mar 20 08:31:06 np0005652755 object-server[125366]: 172.20.0.105 - - [20/Mar/2026:08:31:06 +0000] "PUT /d1/446/AUTH_7d343c0d5b2d4120a89e3784e7bef979/gnocchi.76ac617c-f62d-4743-9550-5dac796ab416/1773360000.0_mean_300.0_v3" 201 - "PUT http://172.18.0.184:8080/v1/AUTH_7d343c0d5b2d4120a89e3784e7bef979/gnocchi.76ac617c-f62d-4743-9550-5dac796ab416/1773360000.0_mean_300.0_v3" "txa3680508f9a142229b1e4-0069bd05ca" "proxy-server 20" 0.0164 "-" 22 0
Mar 20 08:31:06 np0005652755 proxy-server[126616]: 172.18.0.103 172.18.0.104 20/Mar/2026/08/31/06 PUT /v1/AUTH_7d343c0d5b2d4120a89e3784e7bef979/gnocchi.ff28d155-2754-47ee-9e3f-3308bc371b66/none_v3 HTTP/1.0 201 - python-swiftclient-3.11.1 gAAAAABpvQWDG-Hw... 22 - - tx47db076b7e32499dbb9dc-0069bd05ca - 0.0238 - - 1773995466.820544958 1773995466.844349861 0
Mar 20 08:31:06 np0005652755 object-server[125367]: 172.20.0.104 - - [20/Mar/2026:08:31:06 +0000] "PUT /d1/340/AUTH_7d343c0d5b2d4120a89e3784e7bef979/gnocchi.0612a46f-7d55-4806-9220-fb51651bab5c/none_v3" 201 - "PUT http://172.18.0.184:8080/v1/AUTH_7d343c0d5b2d4120a89e3784e7bef979/gnocchi.0612a46f-7d55-4806-9220-fb51651bab5c/none_v3" "tx00c257b253304823bf1d1-0069bd05ca" "proxy-server 20" 0.0153 "-" 23 0
Mar 20 08:31:06 np0005652755 container-server[124982]: 172.20.0.103 - - [20/Mar/2026:08:31:06 +0000] "PUT /d1/1/AUTH_7d343c0d5b2d4120a89e3784e7bef979/gnocchi.76ac617c-f62d-4743-9550-5dac796ab416/none_v3" 201 - "PUT http://172.18.0.184:8080/d1/449/AUTH_7d343c0d5b2d4120a89e3784e7bef979/gnocchi.76ac617c-f62d-4743-9550-5dac796ab416/none_v3" "txd8ef6a3eb5734de3954f7-0069bd05ca" "object-server 22" 0.0005 "-" 23 0
Mar 20 08:31:06 np0005652755 object-server[125366]: 172.20.0.103 - - [20/Mar/2026:08:31:06 +0000] "PUT /d1/449/AUTH_7d343c0d5b2d4120a89e3784e7bef979/gnocchi.76ac617c-f62d-4743-9550-5dac796ab416/none_v3" 201 - "PUT http://172.18.0.184:8080/v1/AUTH_7d343c0d5b2d4120a89e3784e7bef979/gnocchi.76ac617c-f62d-4743-9550-5dac796ab416/none_v3" "txd8ef6a3eb5734de3954f7-0069bd05ca" "proxy-server 20" 0.0100 "-" 22 0
Mar 20 08:31:06 np0005652755 proxy-server[126616]: 172.18.0.184 172.18.0.104 20/Mar/2026/08/31/06 PUT /v1/AUTH_7d343c0d5b2d4120a89e3784e7bef979/gnocchi.76ac617c-f62d-4743-9550-5dac796ab416/none_v3 HTTP/1.0 201 - python-swiftclient-3.11.1 gAAAAABpvQV0UZ3z... 22 - - txd8ef6a3eb5734de3954f7-0069bd05ca - 0.0204 - - 1773995466.852929831 1773995466.873289108 0
Mar 20 08:31:06 np0005652755 container-server[124974]: 172.20.0.104 - - [20/Mar/2026:08:31:06 +0000] "HEAD /d1/510/AUTH_7d343c0d5b2d4120a89e3784e7bef979/gnocchi.60ade2c9-b5a8-4986-95b9-9528da1eb682" 404 - "HEAD http://172.18.0.184:8080/v1/AUTH_7d343c0d5b2d4120a89e3784e7bef979/gnocchi.60ade2c9-b5a8-4986-95b9-9528da1eb682?format=json&states=listing" "txfcfb52b5a8554ed9b2f59-0069bd05ca" "proxy-server 20" 0.0003 "-" 21 0
Mar 20 08:31:06 np0005652755 container-server[124982]: 172.20.0.105 - - [20/Mar/2026:08:31:06 +0000] "HEAD /d1/159/AUTH_7d343c0d5b2d4120a89e3784e7bef979/gnocchi.c19c53c3-a313-44ef-8f8a-504195eb6341" 404 - "HEAD http://172.18.0.184:8080/v1/AUTH_7d343c0d5b2d4120a89e3784e7bef979/gnocchi.c19c53c3-a313-44ef-8f8a-504195eb6341?format=json&states=listing" "txe5777a0e8fb44dcf92675-0069bd05ca" "proxy-server 20" 0.0002 "-" 23 0
Mar 20 08:31:06 np0005652755 object-server[125369]: 172.20.0.104 - - [20/Mar/2026:08:31:06 +0000] "GET /d1/279/AUTH_7d343c0d5b2d4120a89e3784e7bef979/gnocchi.60ade2c9-b5a8-4986-95b9-9528da1eb682/none_v3" 404 70 "GET http://172.18.0.184:8080/v1/AUTH_7d343c0d5b2d4120a89e3784e7bef979/gnocchi.60ade2c9-b5a8-4986-95b9-9528da1eb682/none_v3" "txfcfb52b5a8554ed9b2f59-0069bd05ca" "proxy-server 20" 0.0003 "-" 24 0
Mar 20 08:31:06 np0005652755 object-server[125373]: 172.20.0.105 - - [20/Mar/2026:08:31:06 +0000] "GET /d1/214/AUTH_7d343c0d5b2d4120a89e3784e7bef979/gnocchi.c19c53c3-a313-44ef-8f8a-504195eb6341/none_v3" 404 70 "GET http://172.18.0.184:8080/v1/AUTH_7d343c0d5b2d4120a89e3784e7bef979/gnocchi.c19c53c3-a313-44ef-8f8a-504195eb6341/none_v3" "txe5777a0e8fb44dcf92675-0069bd05ca" "proxy-server 20" 0.0004 "-" 25 0
Mar 20 08:31:06 np0005652755 account-server[124779]: 172.20.0.104 - - [20/Mar/2026:08:31:06 +0000] "PUT /d1/117/AUTH_7d343c0d5b2d4120a89e3784e7bef979/gnocchi.60ade2c9-b5a8-4986-95b9-9528da1eb682" 201 - "PUT http://172.20.0.104:6001/d1/510/AUTH_7d343c0d5b2d4120a89e3784e7bef979/gnocchi.60ade2c9-b5a8-4986-95b9-9528da1eb682" "txcdefb200574845899c476-0069bd05ca" "container-server 21" 0.0064 "-" 20 0
Mar 20 08:31:06 np0005652755 account-server[124822]: 172.20.0.105 - - [20/Mar/2026:08:31:06 +0000] "PUT /d1/117/AUTH_7d343c0d5b2d4120a89e3784e7bef979/gnocchi.c19c53c3-a313-44ef-8f8a-504195eb6341" 201 - "PUT http://172.20.0.105:6001/d1/159/AUTH_7d343c0d5b2d4120a89e3784e7bef979/gnocchi.c19c53c3-a313-44ef-8f8a-504195eb6341" "txb5b0755f4cc8457bad9d1-0069bd05ca" "container-server 21" 0.0043 "-" 22 0
Mar 20 08:31:06 np0005652755 container-server[124974]: 172.20.0.103 - - [20/Mar/2026:08:31:06 +0000] "PUT /d1/510/AUTH_7d343c0d5b2d4120a89e3784e7bef979/gnocchi.60ade2c9-b5a8-4986-95b9-9528da1eb682" 201 - "PUT http://172.18.0.184:8080/v1/AUTH_7d343c0d5b2d4120a89e3784e7bef979/gnocchi.60ade2c9-b5a8-4986-95b9-9528da1eb682" "txcdefb200574845899c476-0069bd05ca" "proxy-server 20" 0.0224 "-" 21 0
Mar 20 08:31:06 np0005652755 proxy-server[126616]: 172.18.0.105 172.18.0.104 20/Mar/2026/08/31/06 PUT /v1/AUTH_7d343c0d5b2d4120a89e3784e7bef979/gnocchi.60ade2c9-b5a8-4986-95b9-9528da1eb682 HTTP/1.0 201 - python-swiftclient-3.11.1 gAAAAABpvQUzfcJv... - - - txcdefb200574845899c476-0069bd05ca - 0.0307 - - 1773995466.893454313 1773995466.924183607 0
Mar 20 08:31:06 np0005652755 container-server[124974]: 172.20.0.104 - - [20/Mar/2026:08:31:06 +0000] "PUT /d1/159/AUTH_7d343c0d5b2d4120a89e3784e7bef979/gnocchi.c19c53c3-a313-44ef-8f8a-504195eb6341" 201 - "PUT http://172.18.0.184:8080/v1/AUTH_7d343c0d5b2d4120a89e3784e7bef979/gnocchi.c19c53c3-a313-44ef-8f8a-504195eb6341" "txb5b0755f4cc8457bad9d1-0069bd05ca" "proxy-server 20" 0.0268 "-" 21 0
Mar 20 08:31:06 np0005652755 container-server[124974]: 172.20.0.105 - - [20/Mar/2026:08:31:06 +0000] "GET /d1/510/AUTH_7d343c0d5b2d4120a89e3784e7bef979/gnocchi.60ade2c9-b5a8-4986-95b9-9528da1eb682" 200 2 "GET http://172.18.0.184:8080/v1/AUTH_7d343c0d5b2d4120a89e3784e7bef979/gnocchi.60ade2c9-b5a8-4986-95b9-9528da1eb682?format=json&states=listing" "tx425c53f893b140a59977c-0069bd05ca" "proxy-server 20" 0.0018 "-" 21 0
Mar 20 08:31:06 np0005652755 proxy-server[126616]: - - 20/Mar/2026/08/31/06 HEAD /v1/AUTH_7d343c0d5b2d4120a89e3784e7bef979/gnocchi.c19c53c3-a313-44ef-8f8a-504195eb6341%3Fformat%3Djson%26states%3Dlisting HTTP/1.0 204 - Swift - - - - tx59c9dd6510ea4064a5673-0069bd05ca - 0.0084 RL - 1773995466.944180250 1773995466.952540159 0
Mar 20 08:31:06 np0005652755 proxy-server[126616]: 172.18.0.103 172.18.0.104 20/Mar/2026/08/31/06 GET /v1/AUTH_7d343c0d5b2d4120a89e3784e7bef979/gnocchi.c19c53c3-a313-44ef-8f8a-504195eb6341%3Fformat%3Djson%26states%3Dlisting HTTP/1.0 200 - python-swiftclient-3.11.1 gAAAAABpvQWDG-Hw... - 2 - tx59c9dd6510ea4064a5673-0069bd05ca - 0.0211 - - 1773995466.942582130 1773995466.963693380 0
Mar 20 08:31:06 np0005652755 object-server[125369]: 172.20.0.104 - - [20/Mar/2026:08:31:06 +0000] "GET /d1/675/AUTH_7d343c0d5b2d4120a89e3784e7bef979/gnocchi.60ade2c9-b5a8-4986-95b9-9528da1eb682/1773360000.0_mean_300.0_v3" 404 70 "GET http://172.18.0.184:8080/v1/AUTH_7d343c0d5b2d4120a89e3784e7bef979/gnocchi.60ade2c9-b5a8-4986-95b9-9528da1eb682/1773360000.0_mean_300.0_v3" "tx9bbf2813cfc748c3a07e3-0069bd05ca" "proxy-server 20" 0.0003 "-" 24 0
Mar 20 08:31:06 np0005652755 object-server[125373]: 172.20.0.105 - - [20/Mar/2026:08:31:06 +0000] "GET /d1/376/AUTH_7d343c0d5b2d4120a89e3784e7bef979/gnocchi.c19c53c3-a313-44ef-8f8a-504195eb6341/1773360000.0_mean_300.0_v3" 404 70 "GET http://172.18.0.184:8080/v1/AUTH_7d343c0d5b2d4120a89e3784e7bef979/gnocchi.c19c53c3-a313-44ef-8f8a-504195eb6341/1773360000.0_mean_300.0_v3" "tx03c7771ebce34a92bc57c-0069bd05ca" "proxy-server 20" 0.0003 "-" 25 0
Mar 20 08:31:06 np0005652755 container-server[124982]: 172.20.0.105 - - [20/Mar/2026:08:31:06 +0000] "PUT /d1/510/AUTH_7d343c0d5b2d4120a89e3784e7bef979/gnocchi.60ade2c9-b5a8-4986-95b9-9528da1eb682/1773360000.0_mean_300.0_v3" 201 - "PUT http://172.18.0.184:8080/d1/675/AUTH_7d343c0d5b2d4120a89e3784e7bef979/gnocchi.60ade2c9-b5a8-4986-95b9-9528da1eb682/1773360000.0_mean_300.0_v3" "txa51f567ad44342b7a9d1c-0069bd05ca" "object-server 23" 0.0009 "-" 23 0
Mar 20 08:31:07 np0005652755 object-server[125369]: 172.20.0.103 - - [20/Mar/2026:08:31:06 +0000] "PUT /d1/675/AUTH_7d343c0d5b2d4120a89e3784e7bef979/gnocchi.60ade2c9-b5a8-4986-95b9-9528da1eb682/1773360000.0_mean_300.0_v3" 201 - "PUT http://172.18.0.184:8080/v1/AUTH_7d343c0d5b2d4120a89e3784e7bef979/gnocchi.60ade2c9-b5a8-4986-95b9-9528da1eb682/1773360000.0_mean_300.0_v3" "txa51f567ad44342b7a9d1c-0069bd05ca" "proxy-server 20" 0.0130 "-" 24 0
Mar 20 08:31:07 np0005652755 proxy-server[126616]: 172.18.0.105 172.18.0.104 20/Mar/2026/08/31/07 PUT /v1/AUTH_7d343c0d5b2d4120a89e3784e7bef979/gnocchi.60ade2c9-b5a8-4986-95b9-9528da1eb682/1773360000.0_mean_300.0_v3 HTTP/1.0 201 - python-swiftclient-3.11.1 gAAAAABpvQUzfcJv... 16 - - txa51f567ad44342b7a9d1c-0069bd05ca - 0.0212 - - 1773995466.980923891 1773995467.002090693 0
Mar 20 08:31:07 np0005652755 container-server[124974]: 172.20.0.103 - - [20/Mar/2026:08:31:07 +0000] "PUT /d1/159/AUTH_7d343c0d5b2d4120a89e3784e7bef979/gnocchi.c19c53c3-a313-44ef-8f8a-504195eb6341/1773360000.0_mean_300.0_v3" 201 - "PUT http://172.18.0.184:8080/d1/376/AUTH_7d343c0d5b2d4120a89e3784e7bef979/gnocchi.c19c53c3-a313-44ef-8f8a-504195eb6341/1773360000.0_mean_300.0_v3" "tx8bb18a3504c040d9a3c9f-0069bd05ca" "object-server 25" 0.0007 "-" 21 0
Mar 20 08:31:07 np0005652755 object-server[125373]: 172.20.0.104 - - [20/Mar/2026:08:31:07 +0000] "PUT /d1/376/AUTH_7d343c0d5b2d4120a89e3784e7bef979/gnocchi.c19c53c3-a313-44ef-8f8a-504195eb6341/1773360000.0_mean_300.0_v3" 201 - "PUT http://172.18.0.184:8080/v1/AUTH_7d343c0d5b2d4120a89e3784e7bef979/gnocchi.c19c53c3-a313-44ef-8f8a-504195eb6341/1773360000.0_mean_300.0_v3" "tx8bb18a3504c040d9a3c9f-0069bd05ca" "proxy-server 20" 0.0089 "-" 25 0
Mar 20 08:31:07 np0005652755 container-server[124974]: 172.20.0.103 - - [20/Mar/2026:08:31:07 +0000] "PUT /d1/510/AUTH_7d343c0d5b2d4120a89e3784e7bef979/gnocchi.60ade2c9-b5a8-4986-95b9-9528da1eb682/none_v3" 201 - "PUT http://172.18.0.184:8080/d1/279/AUTH_7d343c0d5b2d4120a89e3784e7bef979/gnocchi.60ade2c9-b5a8-4986-95b9-9528da1eb682/none_v3" "txd9706abf265f493d984d4-0069bd05cb" "object-server 24" 0.0006 "-" 21 0
Mar 20 08:31:07 np0005652755 object-server[125369]: 172.20.0.105 - - [20/Mar/2026:08:31:07 +0000] "PUT /d1/279/AUTH_7d343c0d5b2d4120a89e3784e7bef979/gnocchi.60ade2c9-b5a8-4986-95b9-9528da1eb682/none_v3" 201 - "PUT http://172.18.0.184:8080/v1/AUTH_7d343c0d5b2d4120a89e3784e7bef979/gnocchi.60ade2c9-b5a8-4986-95b9-9528da1eb682/none_v3" "txd9706abf265f493d984d4-0069bd05cb" "proxy-server 20" 0.0098 "-" 24 0
Mar 20 08:31:07 np0005652755 container-server[124978]: 172.20.0.103 - - [20/Mar/2026:08:31:07 +0000] "PUT /d1/159/AUTH_7d343c0d5b2d4120a89e3784e7bef979/gnocchi.c19c53c3-a313-44ef-8f8a-504195eb6341/none_v3" 201 - "PUT http://172.18.0.184:8080/d1/214/AUTH_7d343c0d5b2d4120a89e3784e7bef979/gnocchi.c19c53c3-a313-44ef-8f8a-504195eb6341/none_v3" "tx8672064875b742d1af23d-0069bd05cb" "object-server 23" 0.0004 "-" 22 0
Mar 20 08:31:07 np0005652755 object-server[125367]: 172.20.0.103 - - [20/Mar/2026:08:31:07 +0000] "PUT /d1/214/AUTH_7d343c0d5b2d4120a89e3784e7bef979/gnocchi.c19c53c3-a313-44ef-8f8a-504195eb6341/none_v3" 201 - "PUT http://172.18.0.184:8080/v1/AUTH_7d343c0d5b2d4120a89e3784e7bef979/gnocchi.c19c53c3-a313-44ef-8f8a-504195eb6341/none_v3" "tx8672064875b742d1af23d-0069bd05cb" "proxy-server 20" 0.0094 "-" 23 0
Mar 20 08:31:07 np0005652755 proxy-server[126616]: 172.18.0.103 172.18.0.104 20/Mar/2026/08/31/07 PUT /v1/AUTH_7d343c0d5b2d4120a89e3784e7bef979/gnocchi.c19c53c3-a313-44ef-8f8a-504195eb6341/none_v3 HTTP/1.0 201 - python-swiftclient-3.11.1 gAAAAABpvQWDG-Hw... 22 - - tx8672064875b742d1af23d-0069bd05cb - 0.0186 - - 1773995467.010228634 1773995467.028801441 0
Mar 20 08:31:11 np0005652755 container-server[124504]: Beginning replication run
Mar 20 08:31:11 np0005652755 account-server[124377]: Beginning replication run
Mar 20 08:31:11 np0005652755 account-server[124377]: Replication run OVER
Mar 20 08:31:11 np0005652755 account-server[124377]: Attempted to replicate 1 dbs in 0.02202 seconds (45.40842/s)
Mar 20 08:31:11 np0005652755 account-server[124377]: Removed 0 dbs
Mar 20 08:31:11 np0005652755 account-server[124377]: 2 successes, 0 failures
Mar 20 08:31:11 np0005652755 account-server[124377]: diff:0 diff_capped:0 empty:0 hashmatch:0 no_change:2 remote_merge:0 rsync:0 ts_repl:0
Mar 20 08:31:12 np0005652755 container-server[124504]: Replication run OVER
Mar 20 08:31:12 np0005652755 container-server[124504]: Attempted to replicate 22 dbs in 0.98941 seconds (22.23557/s)
Mar 20 08:31:12 np0005652755 container-server[124504]: Removed 0 dbs
Mar 20 08:31:12 np0005652755 container-server[124504]: 44 successes, 0 failures
Mar 20 08:31:12 np0005652755 container-server[124504]: diff:0 diff_capped:0 empty:0 hashmatch:0 no_change:44 remote_merge:0 rsync:0 ts_repl:0
Mar 20 08:31:19 np0005652755 object-server[125080]: Starting object replication pass.
Mar 20 08:31:20 np0005652755 object-server[125080]: 42/42 (100.00%) partitions replicated in 1.20s (35.08/sec, 0s remaining)
Mar 20 08:31:20 np0005652755 object-server[125080]: 84 successes, 0 failures
Mar 20 08:31:20 np0005652755 object-server[125080]: 44 suffixes checked - 63.64% hashed, 0.00% synced
Mar 20 08:31:20 np0005652755 object-server[125080]: Partition times: max 0.0515s, min 0.0083s, med 0.0324s
Mar 20 08:31:20 np0005652755 object-server[125080]: Object replication complete. (0.02 minutes)
Mar 20 08:31:22 np0005652755 account-server[124815]: 172.20.0.104 - - [20/Mar/2026:08:31:22 +0000] "HEAD /d1/238/.expiring_objects" 404 - "HEAD http://localhost/v1/.expiring_objects?format=json" "tx616e17f5435b45a48832d-0069bd05da" "proxy-server 2" 0.0011 "-" 21 -
Mar 20 08:31:22 np0005652755 object-server[226933]: Begin object audit "forever" mode (ZBF)
Mar 20 08:31:22 np0005652755 object-server[226933]: Object audit (ZBF). Since Fri Mar 20 08:31:22 2026: Locally: 1 passed, 0 quarantined, 0 errors, files/sec: 481.99, bytes/sec: 0.00, Total time: 0.00, Auditing time: 0.00, Rate: 0.00
Mar 20 08:31:22 np0005652755 object-server[226934]: Begin object audit "forever" mode (ALL)
Mar 20 08:31:22 np0005652755 object-server[226934]: Object audit (ALL). Since Fri Mar 20 08:31:22 2026: Locally: 1 passed, 0 quarantined, 0 errors, files/sec: 113.22, bytes/sec: 1811.60, Total time: 0.01, Auditing time: 0.00, Rate: 0.00
Mar 20 08:31:23 np0005652755 object-server[226933]: Object audit (ZBF) "forever" mode completed: 0.84s. Total quarantined: 0, Total errors: 0, Total files/sec: 52.13, Total bytes/sec: 0.00, Auditing time: 0.83, Rate: 0.98
Mar 20 08:31:24 np0005652755 object-server[226934]: Object audit (ALL) "forever" mode completed: 2.11s. Total quarantined: 0, Total errors: 0, Total files/sec: 20.84, Total bytes/sec: 400.74, Auditing time: 2.10, Rate: 0.99
Mar 20 08:31:41 np0005652755 container-server[124504]: Beginning replication run
Mar 20 08:31:41 np0005652755 account-server[124377]: Beginning replication run
Mar 20 08:31:42 np0005652755 account-server[124377]: Replication run OVER
Mar 20 08:31:42 np0005652755 account-server[124377]: Attempted to replicate 1 dbs in 0.92962 seconds (1.07571/s)
Mar 20 08:31:42 np0005652755 account-server[124377]: Removed 0 dbs
Mar 20 08:31:42 np0005652755 account-server[124377]: 2 successes, 0 failures
Mar 20 08:31:42 np0005652755 account-server[124377]: diff:0 diff_capped:0 empty:0 hashmatch:0 no_change:2 remote_merge:0 rsync:0 ts_repl:0
Mar 20 08:31:47 np0005652755 container-server[124504]: Replication run OVER
Mar 20 08:31:47 np0005652755 container-server[124504]: Attempted to replicate 22 dbs in 5.21986 seconds (4.21467/s)
Mar 20 08:31:47 np0005652755 container-server[124504]: Removed 0 dbs
Mar 20 08:31:47 np0005652755 container-server[124504]: 44 successes, 0 failures
Mar 20 08:31:47 np0005652755 container-server[124504]: diff:0 diff_capped:0 empty:0 hashmatch:0 no_change:44 remote_merge:0 rsync:0 ts_repl:0
Mar 20 08:31:50 np0005652755 object-server[125080]: Starting object replication pass.
Mar 20 08:31:51 np0005652755 object-server[125080]: 42/42 (100.00%) partitions replicated in 0.40s (104.66/sec, 0s remaining)
Mar 20 08:31:51 np0005652755 object-server[125080]: 84 successes, 0 failures
Mar 20 08:31:51 np0005652755 object-server[125080]: 44 suffixes checked - 0.00% hashed, 0.00% synced
Mar 20 08:31:51 np0005652755 object-server[125080]: Partition times: max 0.0155s, min 0.0060s, med 0.0086s
Mar 20 08:31:51 np0005652755 object-server[125080]: Object replication complete. (0.01 minutes)
Mar 20 08:31:53 np0005652755 object-server[226994]: Begin object audit "forever" mode (ZBF)
Mar 20 08:31:53 np0005652755 object-server[226994]: Object audit (ZBF). Since Fri Mar 20 08:31:53 2026: Locally: 1 passed, 0 quarantined, 0 errors, files/sec: 404.15, bytes/sec: 0.00, Total time: 0.00, Auditing time: 0.00, Rate: 0.00
Mar 20 08:31:54 np0005652755 object-server[226994]: Object audit (ZBF) "forever" mode completed: 0.84s. Total quarantined: 0, Total errors: 0, Total files/sec: 52.14, Total bytes/sec: 0.00, Auditing time: 0.83, Rate: 0.99
Mar 20 08:32:11 np0005652755 container-server[124504]: Beginning replication run
Mar 20 08:32:12 np0005652755 account-server[124377]: Beginning replication run
Mar 20 08:32:12 np0005652755 account-server[124377]: Replication run OVER
Mar 20 08:32:12 np0005652755 account-server[124377]: Attempted to replicate 1 dbs in 0.01456 seconds (68.70117/s)
Mar 20 08:32:12 np0005652755 account-server[124377]: Removed 0 dbs
Mar 20 08:32:12 np0005652755 account-server[124377]: 2 successes, 0 failures
Mar 20 08:32:12 np0005652755 account-server[124377]: diff:0 diff_capped:0 empty:0 hashmatch:0 no_change:2 remote_merge:0 rsync:0 ts_repl:0
Mar 20 08:32:12 np0005652755 container-server[124504]: Replication run OVER
Mar 20 08:32:12 np0005652755 container-server[124504]: Attempted to replicate 22 dbs in 0.46707 seconds (47.10225/s)
Mar 20 08:32:12 np0005652755 container-server[124504]: Removed 0 dbs
Mar 20 08:32:12 np0005652755 container-server[124504]: 44 successes, 0 failures
Mar 20 08:32:12 np0005652755 container-server[124504]: diff:0 diff_capped:0 empty:0 hashmatch:0 no_change:44 remote_merge:0 rsync:0 ts_repl:0
Mar 20 08:32:21 np0005652755 object-server[125080]: Starting object replication pass.
Mar 20 08:32:21 np0005652755 object-server[125080]: 42/42 (100.00%) partitions replicated in 0.42s (100.14/sec, 0s remaining)
Mar 20 08:32:21 np0005652755 object-server[125080]: 84 successes, 0 failures
Mar 20 08:32:21 np0005652755 object-server[125080]: 44 suffixes checked - 0.00% hashed, 0.00% synced
Mar 20 08:32:21 np0005652755 object-server[125080]: Partition times: max 0.0181s, min 0.0064s, med 0.0090s
Mar 20 08:32:21 np0005652755 object-server[125080]: Object replication complete. (0.01 minutes)
Mar 20 08:32:24 np0005652755 object-server[232795]: Begin object audit "forever" mode (ALL)
Mar 20 08:32:24 np0005652755 object-server[232794]: Begin object audit "forever" mode (ZBF)
Mar 20 08:32:24 np0005652755 object-server[232794]: Object audit (ZBF). Since Fri Mar 20 08:32:24 2026: Locally: 1 passed, 0 quarantined, 0 errors, files/sec: 379.47, bytes/sec: 0.00, Total time: 0.00, Auditing time: 0.00, Rate: 0.00
Mar 20 08:32:24 np0005652755 object-server[232795]: Object audit (ALL). Since Fri Mar 20 08:32:24 2026: Locally: 1 passed, 0 quarantined, 0 errors, files/sec: 80.82, bytes/sec: 1293.12, Total time: 0.01, Auditing time: 0.00, Rate: 0.00
Mar 20 08:32:25 np0005652755 object-server[232794]: Object audit (ZBF) "forever" mode completed: 0.84s. Total quarantined: 0, Total errors: 0, Total files/sec: 52.12, Total bytes/sec: 0.00, Auditing time: 0.83, Rate: 0.99
Mar 20 08:32:26 np0005652755 object-server[232795]: Object audit (ALL) "forever" mode completed: 2.11s. Total quarantined: 0, Total errors: 0, Total files/sec: 20.81, Total bytes/sec: 400.02, Auditing time: 2.10, Rate: 0.99
Mar 20 08:32:37 np0005652755 account-server[124822]: 172.20.0.104 - - [20/Mar/2026:08:32:37 +0000] "HEAD /d1/238/.expiring_objects" 404 - "HEAD http://localhost/v1/.expiring_objects?format=json" "txea32df6a3a044cf284206-0069bd0625" "proxy-server 2" 0.0009 "-" 22 -
Mar 20 08:32:40 np0005652755 object-server[125343]: Begin object update sweep
Mar 20 08:32:40 np0005652755 object-server[234229]: Object update sweep starting on /srv/node/d1 (pid: 15)
Mar 20 08:32:40 np0005652755 object-server[234229]: Object update sweep completed on /srv/node/d1 in 0.00s seconds:, 0 successes, 0 failures, 0 quarantines, 0 unlinks, 0 errors, 0 redirects (pid: 15)
Mar 20 08:32:40 np0005652755 object-server[234229]: Object update sweep of d1 completed: 0.00s, 0 successes, 0 failures, 0 quarantines, 0 unlinks, 0 errors, 0 redirects
Mar 20 08:32:40 np0005652755 object-server[125343]: Object update sweep completed: 0.06s
Mar 20 08:32:41 np0005652755 container-server[124504]: Beginning replication run
Mar 20 08:32:42 np0005652755 account-server[124377]: Beginning replication run
Mar 20 08:32:42 np0005652755 account-server[124377]: Replication run OVER
Mar 20 08:32:42 np0005652755 account-server[124377]: Attempted to replicate 1 dbs in 0.01487 seconds (67.22673/s)
Mar 20 08:32:42 np0005652755 account-server[124377]: Removed 0 dbs
Mar 20 08:32:42 np0005652755 account-server[124377]: 2 successes, 0 failures
Mar 20 08:32:42 np0005652755 account-server[124377]: diff:0 diff_capped:0 empty:0 hashmatch:0 no_change:2 remote_merge:0 rsync:0 ts_repl:0
Mar 20 08:32:42 np0005652755 container-server[124504]: Replication run OVER
Mar 20 08:32:42 np0005652755 container-server[124504]: Attempted to replicate 22 dbs in 0.43872 seconds (50.14554/s)
Mar 20 08:32:42 np0005652755 container-server[124504]: Removed 0 dbs
Mar 20 08:32:42 np0005652755 container-server[124504]: 44 successes, 0 failures
Mar 20 08:32:42 np0005652755 container-server[124504]: diff:0 diff_capped:0 empty:0 hashmatch:0 no_change:44 remote_merge:0 rsync:0 ts_repl:0
Mar 20 08:32:49 np0005652755 account-server[124822]: 172.20.0.105 - - [20/Mar/2026:08:32:49 +0000] "HEAD /d1/238/.expiring_objects" 404 - "HEAD http://localhost/v1/.expiring_objects?format=json" "tx6adb03fb6a8c4ce3b0030-0069bd0631" "proxy-server 2" 0.0008 "-" 22 -
Mar 20 08:32:51 np0005652755 object-server[125080]: Starting object replication pass.
Mar 20 08:32:51 np0005652755 object-server[125080]: 42/42 (100.00%) partitions replicated in 0.41s (102.22/sec, 0s remaining)
Mar 20 08:32:51 np0005652755 object-server[125080]: 84 successes, 0 failures
Mar 20 08:32:51 np0005652755 object-server[125080]: 44 suffixes checked - 0.00% hashed, 0.00% synced
Mar 20 08:32:51 np0005652755 object-server[125080]: Partition times: max 0.0153s, min 0.0059s, med 0.0089s
Mar 20 08:32:51 np0005652755 object-server[125080]: Object replication complete. (0.01 minutes)
Mar 20 08:32:54 np0005652755 container-server[124905]: Begin container update sweep
Mar 20 08:32:54 np0005652755 account-server[124815]: 172.20.0.103 - - [20/Mar/2026:08:32:54 +0000] "PUT /d1/117/AUTH_7d343c0d5b2d4120a89e3784e7bef979/gnocchi.5b0525e2-9837-4bde-aae3-1eb583b57fa4" 201 - "-" "-" "container-updater 2" 0.0012 "-" 21 0
Mar 20 08:32:54 np0005652755 account-server[124815]: 172.20.0.103 - - [20/Mar/2026:08:32:54 +0000] "PUT /d1/117/AUTH_7d343c0d5b2d4120a89e3784e7bef979/gnocchi.91f7a7a9-5374-4fe8-8166-461366a0b840" 201 - "-" "-" "container-updater 2" 0.0007 "-" 21 0
Mar 20 08:32:55 np0005652755 account-server[124779]: 172.20.0.103 - - [20/Mar/2026:08:32:55 +0000] "PUT /d1/117/AUTH_7d343c0d5b2d4120a89e3784e7bef979/gnocchi.76ac617c-f62d-4743-9550-5dac796ab416" 201 - "-" "-" "container-updater 2" 0.0006 "-" 20 0
Mar 20 08:32:55 np0005652755 account-server[124815]: 172.20.0.103 - - [20/Mar/2026:08:32:55 +0000] "PUT /d1/117/AUTH_7d343c0d5b2d4120a89e3784e7bef979/gnocchi.ff28d155-2754-47ee-9e3f-3308bc371b66" 201 - "-" "-" "container-updater 2" 0.0009 "-" 21 0
Mar 20 08:32:55 np0005652755 account-server[124815]: 172.20.0.103 - - [20/Mar/2026:08:32:55 +0000] "PUT /d1/117/AUTH_7d343c0d5b2d4120a89e3784e7bef979/gnocchi.59e33ecd-364f-4302-b1f5-64115bad9dc7" 201 - "-" "-" "container-updater 2" 0.0010 "-" 21 0
Mar 20 08:32:55 np0005652755 account-server[124828]: 172.20.0.103 - - [20/Mar/2026:08:32:55 +0000] "PUT /d1/117/AUTH_7d343c0d5b2d4120a89e3784e7bef979/gnocchi.60ade2c9-b5a8-4986-95b9-9528da1eb682" 201 - "-" "-" "container-updater 2" 0.0009 "-" 23 0
Mar 20 08:32:55 np0005652755 object-server[232822]: Begin object audit "forever" mode (ZBF)
Mar 20 08:32:55 np0005652755 object-server[232822]: Object audit (ZBF). Since Fri Mar 20 08:32:55 2026: Locally: 1 passed, 0 quarantined, 0 errors, files/sec: 657.83, bytes/sec: 0.00, Total time: 0.00, Auditing time: 0.00, Rate: 0.00
Mar 20 08:32:55 np0005652755 account-server[124828]: 172.20.0.103 - - [20/Mar/2026:08:32:55 +0000] "PUT /d1/117/AUTH_7d343c0d5b2d4120a89e3784e7bef979/gnocchi.e6a18a94-ec9c-402d-96ae-77ef0a8f8b86" 201 - "-" "-" "container-updater 2" 0.0008 "-" 23 0
Mar 20 08:32:55 np0005652755 account-server[124815]: 172.20.0.103 - - [20/Mar/2026:08:32:55 +0000] "PUT /d1/117/AUTH_7d343c0d5b2d4120a89e3784e7bef979/gnocchi.9d81c3b2-5af8-43f4-8df3-c1120a30577c" 201 - "-" "-" "container-updater 2" 0.0010 "-" 21 0
Mar 20 08:32:55 np0005652755 account-server[124779]: 172.20.0.103 - - [20/Mar/2026:08:32:55 +0000] "PUT /d1/117/AUTH_7d343c0d5b2d4120a89e3784e7bef979/gnocchi.8f866d48-5cbf-42ec-83d2-437c471232a1" 201 - "-" "-" "container-updater 2" 0.0007 "-" 20 0
Mar 20 08:32:55 np0005652755 account-server[124822]: 172.20.0.103 - - [20/Mar/2026:08:32:55 +0000] "PUT /d1/117/AUTH_7d343c0d5b2d4120a89e3784e7bef979/gnocchi.c0746cf1-494f-4ceb-a04d-b0d4ab0d3b8e" 201 - "-" "-" "container-updater 2" 0.0009 "-" 22 0
Mar 20 08:32:55 np0005652755 account-server[124822]: 172.20.0.103 - - [20/Mar/2026:08:32:55 +0000] "PUT /d1/117/AUTH_7d343c0d5b2d4120a89e3784e7bef979/gnocchi.9351f380-1710-4b28-8099-73358c666fff" 201 - "-" "-" "container-updater 2" 0.0008 "-" 22 0
Mar 20 08:32:55 np0005652755 account-server[124815]: 172.20.0.103 - - [20/Mar/2026:08:32:55 +0000] "PUT /d1/117/AUTH_7d343c0d5b2d4120a89e3784e7bef979/gnocchi.7232b695-1fa3-451a-8a9f-e8a97d6688be" 201 - "-" "-" "container-updater 2" 0.0005 "-" 21 0
Mar 20 08:32:56 np0005652755 account-server[124828]: 172.20.0.103 - - [20/Mar/2026:08:32:56 +0000] "PUT /d1/117/AUTH_7d343c0d5b2d4120a89e3784e7bef979/gnocchi.11b808c1-39aa-4ba7-b414-67a398cd46f1" 201 - "-" "-" "container-updater 2" 0.0010 "-" 23 0
Mar 20 08:32:56 np0005652755 account-server[124779]: 172.20.0.103 - - [20/Mar/2026:08:32:56 +0000] "PUT /d1/117/AUTH_7d343c0d5b2d4120a89e3784e7bef979/gnocchi.c19c53c3-a313-44ef-8f8a-504195eb6341" 201 - "-" "-" "container-updater 2" 0.0007 "-" 20 0
