Mar 20 08:29:55 np0005652755 object-server[125369]: 172.20.0.103 - - [20/Mar/2026:08:29:55 +0000] "PUT /d1/498/AUTH_7d343c0d5b2d4120a89e3784e7bef979/gnocchi.9d81c3b2-5af8-43f4-8df3-c1120a30577c/none_v3" 201 - "PUT http://172.18.0.184:8080/v1/AUTH_7d343c0d5b2d4120a89e3784e7bef979/gnocchi.9d81c3b2-5af8-43f4-8df3-c1120a30577c/none_v3" "tx3b7c0a4055d646d9a9dc1-0069bd0583" "proxy-server 20" 0.0144 "-" 24 0
Mar 20 08:29:55 np0005652755 container-server[124974]: 172.20.0.104 - - [20/Mar/2026:08:29:55 +0000] "PUT /d1/878/AUTH_7d343c0d5b2d4120a89e3784e7bef979/gnocchi.9d81c3b2-5af8-43f4-8df3-c1120a30577c/none_v3" 201 - "PUT http://172.18.0.184:8080/d1/498/AUTH_7d343c0d5b2d4120a89e3784e7bef979/gnocchi.9d81c3b2-5af8-43f4-8df3-c1120a30577c/none_v3" "tx3b7c0a4055d646d9a9dc1-0069bd0583" "object-server 23" 0.0006 "-" 21 0
Mar 20 08:29:55 np0005652755 proxy-server[126616]: 172.18.0.105 172.18.0.104 20/Mar/2026/08/29/55 PUT /v1/AUTH_7d343c0d5b2d4120a89e3784e7bef979/gnocchi.9d81c3b2-5af8-43f4-8df3-c1120a30577c/none_v3 HTTP/1.0 201 - python-swiftclient-3.11.1 gAAAAABpvQUzfcJv... 22 - - tx3b7c0a4055d646d9a9dc1-0069bd0583 - 0.0306 - - 1773995395.504573584 1773995395.535141945 0
Mar 20 08:29:55 np0005652755 object-server[125369]: 172.20.0.104 - - [20/Mar/2026:08:29:55 +0000] "GET /d1/966/AUTH_7d343c0d5b2d4120a89e3784e7bef979/gnocchi.7232b695-1fa3-451a-8a9f-e8a97d6688be/1773360000.0_mean_300.0_v3" 404 70 "GET http://172.18.0.184:8080/v1/AUTH_7d343c0d5b2d4120a89e3784e7bef979/gnocchi.7232b695-1fa3-451a-8a9f-e8a97d6688be/1773360000.0_mean_300.0_v3" "txe0d500052b7341d4b9818-0069bd0583" "proxy-server 20" 0.0006 "-" 24 0
Mar 20 08:29:55 np0005652755 container-server[124974]: 172.20.0.103 - - [20/Mar/2026:08:29:55 +0000] "PUT /d1/600/AUTH_7d343c0d5b2d4120a89e3784e7bef979/gnocchi.7232b695-1fa3-451a-8a9f-e8a97d6688be/1773360000.0_mean_300.0_v3" 201 - "PUT http://172.18.0.184:8080/d1/966/AUTH_7d343c0d5b2d4120a89e3784e7bef979/gnocchi.7232b695-1fa3-451a-8a9f-e8a97d6688be/1773360000.0_mean_300.0_v3" "tx2f3c8aba411a4dcf9ad5f-0069bd0583" "object-server 22" 0.0007 "-" 21 0
Mar 20 08:29:55 np0005652755 object-server[125366]: 172.20.0.103 - - [20/Mar/2026:08:29:55 +0000] "PUT /d1/966/AUTH_7d343c0d5b2d4120a89e3784e7bef979/gnocchi.7232b695-1fa3-451a-8a9f-e8a97d6688be/1773360000.0_mean_300.0_v3" 201 - "PUT http://172.18.0.184:8080/v1/AUTH_7d343c0d5b2d4120a89e3784e7bef979/gnocchi.7232b695-1fa3-451a-8a9f-e8a97d6688be/1773360000.0_mean_300.0_v3" "tx2f3c8aba411a4dcf9ad5f-0069bd0583" "proxy-server 20" 0.0157 "-" 22 0
Mar 20 08:29:55 np0005652755 proxy-server[126616]: 172.18.0.184 172.18.0.104 20/Mar/2026/08/29/55 PUT /v1/AUTH_7d343c0d5b2d4120a89e3784e7bef979/gnocchi.7232b695-1fa3-451a-8a9f-e8a97d6688be/1773360000.0_mean_300.0_v3 HTTP/1.0 201 - python-swiftclient-3.11.1 gAAAAABpvQV0UZ3z... 16 - - tx2f3c8aba411a4dcf9ad5f-0069bd0583 - 0.0240 - - 1773995395.556900263 1773995395.580887556 0
Mar 20 08:29:55 np0005652755 container-server[124974]: 172.20.0.105 - - [20/Mar/2026:08:29:55 +0000] "PUT /d1/600/AUTH_7d343c0d5b2d4120a89e3784e7bef979/gnocchi.7232b695-1fa3-451a-8a9f-e8a97d6688be/none_v3" 201 - "PUT http://172.18.0.184:8080/d1/928/AUTH_7d343c0d5b2d4120a89e3784e7bef979/gnocchi.7232b695-1fa3-451a-8a9f-e8a97d6688be/none_v3" "tx8578b66885c54f0187366-0069bd0583" "object-server 22" 0.0006 "-" 21 0
Mar 20 08:29:55 np0005652755 object-server[125373]: 172.20.0.104 - - [20/Mar/2026:08:29:55 +0000] "PUT /d1/928/AUTH_7d343c0d5b2d4120a89e3784e7bef979/gnocchi.7232b695-1fa3-451a-8a9f-e8a97d6688be/none_v3" 201 - "PUT http://172.18.0.184:8080/v1/AUTH_7d343c0d5b2d4120a89e3784e7bef979/gnocchi.7232b695-1fa3-451a-8a9f-e8a97d6688be/none_v3" "tx8578b66885c54f0187366-0069bd0583" "proxy-server 20" 0.0108 "-" 25 0
Mar 20 08:29:55 np0005652755 container-server[124971]: 172.20.0.105 - - [20/Mar/2026:08:29:55 +0000] "HEAD /d1/229/AUTH_7d343c0d5b2d4120a89e3784e7bef979/gnocchi.91f7a7a9-5374-4fe8-8166-461366a0b840" 404 - "HEAD http://172.18.0.184:8080/v1/AUTH_7d343c0d5b2d4120a89e3784e7bef979/gnocchi.91f7a7a9-5374-4fe8-8166-461366a0b840?format=json&states=listing" "tx5f4e6e867f0a439bab46c-0069bd0583" "proxy-server 20" 0.0005 "-" 20 0
Mar 20 08:29:55 np0005652755 object-server[125366]: 172.20.0.105 - - [20/Mar/2026:08:29:55 +0000] "GET /d1/880/AUTH_7d343c0d5b2d4120a89e3784e7bef979/gnocchi.91f7a7a9-5374-4fe8-8166-461366a0b840/none_v3" 404 70 "GET http://172.18.0.184:8080/v1/AUTH_7d343c0d5b2d4120a89e3784e7bef979/gnocchi.91f7a7a9-5374-4fe8-8166-461366a0b840/none_v3" "tx5f4e6e867f0a439bab46c-0069bd0583" "proxy-server 20" 0.0004 "-" 22 0
Mar 20 08:29:56 np0005652755 account-server[124822]: 172.20.0.105 - - [20/Mar/2026:08:29:56 +0000] "PUT /d1/117/AUTH_7d343c0d5b2d4120a89e3784e7bef979/gnocchi.91f7a7a9-5374-4fe8-8166-461366a0b840" 201 - "PUT http://172.20.0.105:6001/d1/229/AUTH_7d343c0d5b2d4120a89e3784e7bef979/gnocchi.91f7a7a9-5374-4fe8-8166-461366a0b840" "txabc39ea294864780856a9-0069bd0583" "container-server 20" 0.4317 "-" 22 0
Mar 20 08:29:56 np0005652755 container-server[124974]: 172.20.0.103 - - [20/Mar/2026:08:29:56 +0000] "PUT /d1/229/AUTH_7d343c0d5b2d4120a89e3784e7bef979/gnocchi.91f7a7a9-5374-4fe8-8166-461366a0b840" 201 - "PUT http://172.18.0.184:8080/v1/AUTH_7d343c0d5b2d4120a89e3784e7bef979/gnocchi.91f7a7a9-5374-4fe8-8166-461366a0b840" "txabc39ea294864780856a9-0069bd0583" "proxy-server 20" 0.4678 "-" 21 0
Mar 20 08:29:56 np0005652755 proxy-server[126616]: 172.18.0.103 172.18.0.104 20/Mar/2026/08/29/56 PUT /v1/AUTH_7d343c0d5b2d4120a89e3784e7bef979/gnocchi.91f7a7a9-5374-4fe8-8166-461366a0b840 HTTP/1.0 201 - python-swiftclient-3.11.1 gAAAAABpvQWDG-Hw... - - - txabc39ea294864780856a9-0069bd0583 - 0.4809 - - 1773995395.928552866 1773995396.409470558 0
Mar 20 08:29:56 np0005652755 object-server[125369]: 172.20.0.105 - - [20/Mar/2026:08:29:56 +0000] "GET /d1/516/AUTH_7d343c0d5b2d4120a89e3784e7bef979/gnocchi.91f7a7a9-5374-4fe8-8166-461366a0b840/1773360000.0_mean_300.0_v3" 404 70 "GET http://172.18.0.184:8080/v1/AUTH_7d343c0d5b2d4120a89e3784e7bef979/gnocchi.91f7a7a9-5374-4fe8-8166-461366a0b840/1773360000.0_mean_300.0_v3" "tx0ea6839201db4c66a77ee-0069bd0584" "proxy-server 20" 0.0004 "-" 24 0
Mar 20 08:29:56 np0005652755 container-server[124982]: 172.20.0.105 - - [20/Mar/2026:08:29:56 +0000] "PUT /d1/229/AUTH_7d343c0d5b2d4120a89e3784e7bef979/gnocchi.91f7a7a9-5374-4fe8-8166-461366a0b840/1773360000.0_mean_300.0_v3" 201 - "PUT http://172.18.0.184:8080/d1/516/AUTH_7d343c0d5b2d4120a89e3784e7bef979/gnocchi.91f7a7a9-5374-4fe8-8166-461366a0b840/1773360000.0_mean_300.0_v3" "tx2107ec12e4d3427187b4e-0069bd0584" "object-server 25" 0.0007 "-" 23 0
Mar 20 08:29:56 np0005652755 object-server[125366]: 172.20.0.103 - - [20/Mar/2026:08:29:56 +0000] "PUT /d1/516/AUTH_7d343c0d5b2d4120a89e3784e7bef979/gnocchi.91f7a7a9-5374-4fe8-8166-461366a0b840/1773360000.0_mean_300.0_v3" 201 - "PUT http://172.18.0.184:8080/v1/AUTH_7d343c0d5b2d4120a89e3784e7bef979/gnocchi.91f7a7a9-5374-4fe8-8166-461366a0b840/1773360000.0_mean_300.0_v3" "tx2107ec12e4d3427187b4e-0069bd0584" "proxy-server 20" 0.0138 "-" 22 0
Mar 20 08:29:56 np0005652755 proxy-server[126616]: 172.18.0.103 172.18.0.104 20/Mar/2026/08/29/56 PUT /v1/AUTH_7d343c0d5b2d4120a89e3784e7bef979/gnocchi.91f7a7a9-5374-4fe8-8166-461366a0b840/1773360000.0_mean_300.0_v3 HTTP/1.0 201 - python-swiftclient-3.11.1 gAAAAABpvQWDG-Hw... 16 - - tx2107ec12e4d3427187b4e-0069bd0584 - 0.0248 - - 1773995396.475356102 1773995396.500149727 0
Mar 20 08:29:56 np0005652755 container-server[124982]: 172.20.0.103 - - [20/Mar/2026:08:29:56 +0000] "PUT /d1/229/AUTH_7d343c0d5b2d4120a89e3784e7bef979/gnocchi.91f7a7a9-5374-4fe8-8166-461366a0b840/none_v3" 201 - "PUT http://172.18.0.184:8080/d1/880/AUTH_7d343c0d5b2d4120a89e3784e7bef979/gnocchi.91f7a7a9-5374-4fe8-8166-461366a0b840/none_v3" "tx28cb1a94f61d45adb5c13-0069bd0584" "object-server 24" 0.0004 "-" 23 0
Mar 20 08:29:56 np0005652755 object-server[125369]: 172.20.0.104 - - [20/Mar/2026:08:29:56 +0000] "PUT /d1/880/AUTH_7d343c0d5b2d4120a89e3784e7bef979/gnocchi.91f7a7a9-5374-4fe8-8166-461366a0b840/none_v3" 201 - "PUT http://172.18.0.184:8080/v1/AUTH_7d343c0d5b2d4120a89e3784e7bef979/gnocchi.91f7a7a9-5374-4fe8-8166-461366a0b840/none_v3" "tx28cb1a94f61d45adb5c13-0069bd0584" "proxy-server 20" 0.0096 "-" 24 0
Mar 20 08:30:11 np0005652755 container-server[124504]: Beginning replication run
Mar 20 08:30:11 np0005652755 account-server[124377]: Beginning replication run
Mar 20 08:30:11 np0005652755 account-server[124377]: Replication run OVER
Mar 20 08:30:11 np0005652755 account-server[124377]: Attempted to replicate 1 dbs in 0.01985 seconds (50.38299/s)
Mar 20 08:30:11 np0005652755 account-server[124377]: Removed 0 dbs
Mar 20 08:30:11 np0005652755 account-server[124377]: 2 successes, 0 failures
Mar 20 08:30:11 np0005652755 account-server[124377]: diff:0 diff_capped:0 empty:0 hashmatch:0 no_change:2 remote_merge:0 rsync:0 ts_repl:0
Mar 20 08:30:12 np0005652755 container-server[124504]: Replication run OVER
Mar 20 08:30:12 np0005652755 container-server[124504]: Attempted to replicate 8 dbs in 0.31954 seconds (25.03561/s)
Mar 20 08:30:12 np0005652755 container-server[124504]: Removed 0 dbs
Mar 20 08:30:12 np0005652755 container-server[124504]: 16 successes, 0 failures
Mar 20 08:30:12 np0005652755 container-server[124504]: diff:0 diff_capped:0 empty:0 hashmatch:0 no_change:16 remote_merge:0 rsync:0 ts_repl:0
Mar 20 08:30:19 np0005652755 object-server[125080]: Starting object replication pass.
Mar 20 08:30:19 np0005652755 object-server[125080]: 16/16 (100.00%) partitions replicated in 0.15s (109.47/sec, 0s remaining)
Mar 20 08:30:19 np0005652755 object-server[125080]: 32 successes, 0 failures
Mar 20 08:30:19 np0005652755 object-server[125080]: 16 suffixes checked - 0.00% hashed, 0.00% synced
Mar 20 08:30:19 np0005652755 object-server[125080]: Partition times: max 0.0155s, min 0.0065s, med 0.0081s
Mar 20 08:30:19 np0005652755 object-server[125080]: Object replication complete. (0.00 minutes)
Mar 20 08:30:21 np0005652755 object-server[220960]: Begin object audit "forever" mode (ALL)
Mar 20 08:30:21 np0005652755 object-server[220959]: Begin object audit "forever" mode (ZBF)
Mar 20 08:30:21 np0005652755 object-server[220959]: Object audit (ZBF). Since Fri Mar 20 08:30:21 2026: Locally: 1 passed, 0 quarantined, 0 errors, files/sec: 368.44, bytes/sec: 0.00, Total time: 0.00, Auditing time: 0.00, Rate: 0.00
Mar 20 08:30:21 np0005652755 object-server[220960]: Object audit (ALL). Since Fri Mar 20 08:30:21 2026: Locally: 1 passed, 0 quarantined, 0 errors, files/sec: 105.83, bytes/sec: 1693.21, Total time: 0.01, Auditing time: 0.00, Rate: 0.00
Mar 20 08:30:21 np0005652755 object-server[220959]: Object audit (ZBF) "forever" mode completed: 0.28s. Total quarantined: 0, Total errors: 0, Total files/sec: 56.20, Total bytes/sec: 0.00, Auditing time: 0.28, Rate: 0.97
Mar 20 08:30:22 np0005652755 object-server[220960]: Object audit (ALL) "forever" mode completed: 0.71s. Total quarantined: 0, Total errors: 0, Total files/sec: 22.45, Total bytes/sec: 440.54, Auditing time: 0.71, Rate: 0.99
Mar 20 08:30:24 np0005652755 account-server[124828]: 172.20.0.105 - - [20/Mar/2026:08:30:24 +0000] "HEAD /d1/238/.expiring_objects" 404 - "HEAD http://localhost/v1/.expiring_objects?format=json" "tx361eee3b1add48b4a925c-0069bd05a0" "proxy-server 2" 0.0005 "-" 23 -
Mar 20 08:30:41 np0005652755 container-server[124504]: Beginning replication run
Mar 20 08:30:41 np0005652755 account-server[124377]: Beginning replication run
Mar 20 08:30:41 np0005652755 account-server[124377]: Replication run OVER
Mar 20 08:30:41 np0005652755 account-server[124377]: Attempted to replicate 1 dbs in 0.01683 seconds (59.39980/s)
Mar 20 08:30:41 np0005652755 account-server[124377]: Removed 0 dbs
Mar 20 08:30:41 np0005652755 account-server[124377]: 2 successes, 0 failures
Mar 20 08:30:41 np0005652755 account-server[124377]: diff:0 diff_capped:0 empty:0 hashmatch:0 no_change:2 remote_merge:0 rsync:0 ts_repl:0
Mar 20 08:30:42 np0005652755 container-server[124504]: Replication run OVER
Mar 20 08:30:42 np0005652755 container-server[124504]: Attempted to replicate 8 dbs in 0.16013 seconds (49.96011/s)
Mar 20 08:30:42 np0005652755 container-server[124504]: Removed 0 dbs
Mar 20 08:30:42 np0005652755 container-server[124504]: 16 successes, 0 failures
Mar 20 08:30:42 np0005652755 container-server[124504]: diff:0 diff_capped:0 empty:0 hashmatch:0 no_change:16 remote_merge:0 rsync:0 ts_repl:0
Mar 20 08:30:49 np0005652755 object-server[125080]: Starting object replication pass.
Mar 20 08:30:49 np0005652755 object-server[125080]: 16/16 (100.00%) partitions replicated in 0.16s (102.22/sec, 0s remaining)
Mar 20 08:30:49 np0005652755 object-server[125080]: 32 successes, 0 failures
Mar 20 08:30:49 np0005652755 object-server[125080]: 16 suffixes checked - 0.00% hashed, 0.00% synced
Mar 20 08:30:49 np0005652755 object-server[125080]: Partition times: max 0.0162s, min 0.0068s, med 0.0090s
Mar 20 08:30:49 np0005652755 object-server[125080]: Object replication complete. (0.00 minutes)
Mar 20 08:30:52 np0005652755 object-server[220969]: Begin object audit "forever" mode (ZBF)
Mar 20 08:30:52 np0005652755 object-server[220969]: Object audit (ZBF). Since Fri Mar 20 08:30:52 2026: Locally: 1 passed, 0 quarantined, 0 errors, files/sec: 317.92, bytes/sec: 0.00, Total time: 0.00, Auditing time: 0.00, Rate: 0.00
Mar 20 08:30:52 np0005652755 object-server[220969]: Object audit (ZBF) "forever" mode completed: 0.28s. Total quarantined: 0, Total errors: 0, Total files/sec: 56.19, Total bytes/sec: 0.00, Auditing time: 0.28, Rate: 0.97
Mar 20 08:30:59 np0005652755 account-server[124828]: 172.20.0.105 - - [20/Mar/2026:08:30:59 +0000] "PUT /d1/117/AUTH_7d343c0d5b2d4120a89e3784e7bef979/gnocchi.e6a18a94-ec9c-402d-96ae-77ef0a8f8b86" 201 - "-" "-" "container-updater 2" 0.0009 "-" 23 0
Mar 20 08:30:59 np0005652755 account-server[124822]: 172.20.0.105 - - [20/Mar/2026:08:30:59 +0000] "PUT /d1/117/AUTH_7d343c0d5b2d4120a89e3784e7bef979/gnocchi.9d81c3b2-5af8-43f4-8df3-c1120a30577c" 201 - "-" "-" "container-updater 2" 0.0007 "-" 22 0
Mar 20 08:30:59 np0005652755 account-server[124828]: 172.20.0.105 - - [20/Mar/2026:08:30:59 +0000] "PUT /d1/117/AUTH_7d343c0d5b2d4120a89e3784e7bef979/gnocchi.daaec908-b1ed-476a-b78a-972763f92e2c" 201 - "-" "-" "container-updater 2" 0.0010 "-" 23 0
Mar 20 08:30:59 np0005652755 account-server[124815]: 172.20.0.105 - - [20/Mar/2026:08:30:59 +0000] "PUT /d1/117/AUTH_7d343c0d5b2d4120a89e3784e7bef979/gnocchi.5b0525e2-9837-4bde-aae3-1eb583b57fa4" 201 - "-" "-" "container-updater 2" 0.0008 "-" 21 0
Mar 20 08:30:59 np0005652755 account-server[124822]: 172.20.0.105 - - [20/Mar/2026:08:30:59 +0000] "PUT /d1/117/AUTH_7d343c0d5b2d4120a89e3784e7bef979/gnocchi.91f7a7a9-5374-4fe8-8166-461366a0b840" 201 - "-" "-" "container-updater 2" 0.0008 "-" 22 0
Mar 20 08:30:59 np0005652755 account-server[124779]: 172.20.0.105 - - [20/Mar/2026:08:30:59 +0000] "PUT /d1/117/AUTH_7d343c0d5b2d4120a89e3784e7bef979/gnocchi.6464facd-49e8-4201-ad60-a18601ae1aea" 201 - "-" "-" "container-updater 2" 0.0008 "-" 20 0
Mar 20 08:31:00 np0005652755 account-server[124779]: 172.20.0.105 - - [20/Mar/2026:08:31:00 +0000] "PUT /d1/117/AUTH_7d343c0d5b2d4120a89e3784e7bef979/gnocchi.7232b695-1fa3-451a-8a9f-e8a97d6688be" 201 - "-" "-" "container-updater 2" 0.0008 "-" 20 0
Mar 20 08:31:00 np0005652755 account-server[124779]: 172.20.0.105 - - [20/Mar/2026:08:31:00 +0000] "PUT /d1/117/AUTH_7d343c0d5b2d4120a89e3784e7bef979/gnocchi.9351f380-1710-4b28-8099-73358c666fff" 201 - "-" "-" "container-updater 2" 0.0008 "-" 20 0
Mar 20 08:31:06 np0005652755 proxy-server[126616]: - - 20/Mar/2026/08/31/06 HEAD /v1/AUTH_7d343c0d5b2d4120a89e3784e7bef979%3Fformat%3Djson HTTP/1.0 204 - Swift - - - - txbc6740df7c7f4295bcece-0069bd05ca - 0.0092 RL - 1773995466.096233845 1773995466.105451345 -
Mar 20 08:31:06 np0005652755 container-server[124978]: 172.20.0.105 - - [20/Mar/2026:08:31:06 +0000] "HEAD /d1/997/AUTH_7d343c0d5b2d4120a89e3784e7bef979/gnocchi.8f866d48-5cbf-42ec-83d2-437c471232a1" 404 - "HEAD http://172.18.0.184:8080/v1/AUTH_7d343c0d5b2d4120a89e3784e7bef979/gnocchi.8f866d48-5cbf-42ec-83d2-437c471232a1?format=json&states=listing" "txd3142ffc720648e0a0a58-0069bd05ca" "proxy-server 20" 0.0008 "-" 22 0
Mar 20 08:31:06 np0005652755 container-server[124978]: 172.20.0.103 - - [20/Mar/2026:08:31:06 +0000] "HEAD /d1/335/AUTH_7d343c0d5b2d4120a89e3784e7bef979/gnocchi.c0746cf1-494f-4ceb-a04d-b0d4ab0d3b8e" 404 - "HEAD http://172.18.0.184:8080/v1/AUTH_7d343c0d5b2d4120a89e3784e7bef979/gnocchi.c0746cf1-494f-4ceb-a04d-b0d4ab0d3b8e?format=json&states=listing" "txbc6740df7c7f4295bcece-0069bd05ca" "proxy-server 20" 0.0004 "-" 22 0
Mar 20 08:31:06 np0005652755 object-server[125373]: 172.20.0.105 - - [20/Mar/2026:08:31:06 +0000] "GET /d1/306/AUTH_7d343c0d5b2d4120a89e3784e7bef979/gnocchi.8f866d48-5cbf-42ec-83d2-437c471232a1/none_v3" 404 70 "GET http://172.18.0.184:8080/v1/AUTH_7d343c0d5b2d4120a89e3784e7bef979/gnocchi.8f866d48-5cbf-42ec-83d2-437c471232a1/none_v3" "txd3142ffc720648e0a0a58-0069bd05ca" "proxy-server 20" 0.0005 "-" 25 0
Mar 20 08:31:06 np0005652755 object-server[125367]: 172.20.0.103 - - [20/Mar/2026:08:31:06 +0000] "GET /d1/748/AUTH_7d343c0d5b2d4120a89e3784e7bef979/gnocchi.c0746cf1-494f-4ceb-a04d-b0d4ab0d3b8e/none_v3" 404 70 "GET http://172.18.0.184:8080/v1/AUTH_7d343c0d5b2d4120a89e3784e7bef979/gnocchi.c0746cf1-494f-4ceb-a04d-b0d4ab0d3b8e/none_v3" "txbc6740df7c7f4295bcece-0069bd05ca" "proxy-server 20" 0.0004 "-" 23 0
Mar 20 08:31:06 np0005652755 proxy-server[126616]: 172.18.0.105 172.18.0.104 20/Mar/2026/08/31/06 GET /v1/AUTH_7d343c0d5b2d4120a89e3784e7bef979/gnocchi.c0746cf1-494f-4ceb-a04d-b0d4ab0d3b8e/none_v3 HTTP/1.0 404 - python-swiftclient-3.11.1 gAAAAABpvQUzfcJv... - 70 - txbc6740df7c7f4295bcece-0069bd05ca - 0.0536 - - 1773995466.094630957 1773995466.148224592 0
Mar 20 08:31:06 np0005652755 container-server[124978]: 172.20.0.104 - - [20/Mar/2026:08:31:06 +0000] "HEAD /d1/613/AUTH_7d343c0d5b2d4120a89e3784e7bef979/gnocchi.0ee296e9-ee07-4d48-b262-1f289e1f549d" 404 - "HEAD http://172.18.0.184:8080/v1/AUTH_7d343c0d5b2d4120a89e3784e7bef979/gnocchi.0ee296e9-ee07-4d48-b262-1f289e1f549d?format=json&states=listing" "tx7b178483764f4465a15f6-0069bd05ca" "proxy-server 20" 0.0005 "-" 22 0
Mar 20 08:31:06 np0005652755 account-server[124815]: 172.20.0.103 - - [20/Mar/2026:08:31:06 +0000] "PUT /d1/117/AUTH_7d343c0d5b2d4120a89e3784e7bef979/gnocchi.c0746cf1-494f-4ceb-a04d-b0d4ab0d3b8e" 201 - "PUT http://172.20.0.103:6001/d1/335/AUTH_7d343c0d5b2d4120a89e3784e7bef979/gnocchi.c0746cf1-494f-4ceb-a04d-b0d4ab0d3b8e" "tx02b5c8d95d27443dbe135-0069bd05ca" "container-server 20" 0.0055 "-" 21 0
Mar 20 08:31:06 np0005652755 container-server[124971]: 172.20.0.103 - - [20/Mar/2026:08:31:06 +0000] "PUT /d1/335/AUTH_7d343c0d5b2d4120a89e3784e7bef979/gnocchi.c0746cf1-494f-4ceb-a04d-b0d4ab0d3b8e" 201 - "PUT http://172.18.0.184:8080/v1/AUTH_7d343c0d5b2d4120a89e3784e7bef979/gnocchi.c0746cf1-494f-4ceb-a04d-b0d4ab0d3b8e" "tx02b5c8d95d27443dbe135-0069bd05ca" "proxy-server 20" 0.0246 "-" 20 0
Mar 20 08:31:06 np0005652755 object-server[125366]: 172.20.0.104 - - [20/Mar/2026:08:31:06 +0000] "GET /d1/766/AUTH_7d343c0d5b2d4120a89e3784e7bef979/gnocchi.0ee296e9-ee07-4d48-b262-1f289e1f549d/none_v3" 404 70 "GET http://172.18.0.184:8080/v1/AUTH_7d343c0d5b2d4120a89e3784e7bef979/gnocchi.0ee296e9-ee07-4d48-b262-1f289e1f549d/none_v3" "tx7b178483764f4465a15f6-0069bd05ca" "proxy-server 20" 0.0004 "-" 22 0
Mar 20 08:31:06 np0005652755 container-server[124982]: 172.20.0.105 - - [20/Mar/2026:08:31:06 +0000] "PUT /d1/997/AUTH_7d343c0d5b2d4120a89e3784e7bef979/gnocchi.8f866d48-5cbf-42ec-83d2-437c471232a1" 201 - "PUT http://172.18.0.184:8080/v1/AUTH_7d343c0d5b2d4120a89e3784e7bef979/gnocchi.8f866d48-5cbf-42ec-83d2-437c471232a1" "txfe7be6e3582243c2bda9b-0069bd05ca" "proxy-server 20" 0.0178 "-" 23 0
Mar 20 08:31:06 np0005652755 proxy-server[126616]: 172.18.0.105 172.18.0.104 20/Mar/2026/08/31/06 PUT /v1/AUTH_7d343c0d5b2d4120a89e3784e7bef979/gnocchi.c0746cf1-494f-4ceb-a04d-b0d4ab0d3b8e HTTP/1.0 201 - python-swiftclient-3.11.1 gAAAAABpvQUzfcJv... - - - tx02b5c8d95d27443dbe135-0069bd05ca - 0.0332 - - 1773995466.153841496 1773995466.187026501 0
Mar 20 08:31:06 np0005652755 account-server[124779]: 172.20.0.105 - - [20/Mar/2026:08:31:06 +0000] "PUT /d1/117/AUTH_7d343c0d5b2d4120a89e3784e7bef979/gnocchi.8f866d48-5cbf-42ec-83d2-437c471232a1" 201 - "PUT http://172.20.0.105:6001/d1/997/AUTH_7d343c0d5b2d4120a89e3784e7bef979/gnocchi.8f866d48-5cbf-42ec-83d2-437c471232a1" "txfe7be6e3582243c2bda9b-0069bd05ca" "container-server 21" 0.0061 "-" 20 0
Mar 20 08:31:06 np0005652755 proxy-server[126616]: - - 20/Mar/2026/08/31/06 HEAD /v1/AUTH_7d343c0d5b2d4120a89e3784e7bef979/gnocchi.c0746cf1-494f-4ceb-a04d-b0d4ab0d3b8e%3Fformat%3Djson%26states%3Dlisting HTTP/1.0 204 - Swift - - - - txc453f7aaae9d4566adf63-0069bd05ca - 0.0061 RL - 1773995466.197993755 1773995466.204050779 0
Mar 20 08:31:06 np0005652755 account-server[124828]: 172.20.0.103 - - [20/Mar/2026:08:31:06 +0000] "PUT /d1/117/AUTH_7d343c0d5b2d4120a89e3784e7bef979/gnocchi.0ee296e9-ee07-4d48-b262-1f289e1f549d" 201 - "PUT http://172.20.0.103:6001/d1/613/AUTH_7d343c0d5b2d4120a89e3784e7bef979/gnocchi.0ee296e9-ee07-4d48-b262-1f289e1f549d" "txf0a8be1f723e4a08b39e9-0069bd05ca" "container-server 23" 0.0044 "-" 23 0
Mar 20 08:31:06 np0005652755 container-server[124974]: 172.20.0.105 - - [20/Mar/2026:08:31:06 +0000] "HEAD /d1/997/AUTH_7d343c0d5b2d4120a89e3784e7bef979/gnocchi.8f866d48-5cbf-42ec-83d2-437c471232a1" 204 - "HEAD http://172.18.0.184:8080/v1/AUTH_7d343c0d5b2d4120a89e3784e7bef979/gnocchi.8f866d48-5cbf-42ec-83d2-437c471232a1?format=json&states=listing" "txe1d1bb1c943f4eb1b3703-0069bd05ca" "proxy-server 20" 0.0014 "-" 21 0
Mar 20 08:31:06 np0005652755 container-server[124982]: 172.20.0.104 - - [20/Mar/2026:08:31:06 +0000] "PUT /d1/613/AUTH_7d343c0d5b2d4120a89e3784e7bef979/gnocchi.0ee296e9-ee07-4d48-b262-1f289e1f549d" 201 - "PUT http://172.18.0.184:8080/v1/AUTH_7d343c0d5b2d4120a89e3784e7bef979/gnocchi.0ee296e9-ee07-4d48-b262-1f289e1f549d" "txf0a8be1f723e4a08b39e9-0069bd05ca" "proxy-server 20" 0.0172 "-" 23 0
Mar 20 08:31:06 np0005652755 container-server[124978]: 172.20.0.103 - - [20/Mar/2026:08:31:06 +0000] "GET /d1/335/AUTH_7d343c0d5b2d4120a89e3784e7bef979/gnocchi.c0746cf1-494f-4ceb-a04d-b0d4ab0d3b8e" 200 2 "GET http://172.18.0.184:8080/v1/AUTH_7d343c0d5b2d4120a89e3784e7bef979/gnocchi.c0746cf1-494f-4ceb-a04d-b0d4ab0d3b8e?format=json&states=listing" "txc453f7aaae9d4566adf63-0069bd05ca" "proxy-server 20" 0.0028 "-" 22 0
Mar 20 08:31:06 np0005652755 proxy-server[126616]: 172.18.0.105 172.18.0.104 20/Mar/2026/08/31/06 GET /v1/AUTH_7d343c0d5b2d4120a89e3784e7bef979/gnocchi.c0746cf1-494f-4ceb-a04d-b0d4ab0d3b8e%3Fformat%3Djson%26states%3Dlisting HTTP/1.0 200 - python-swiftclient-3.11.1 gAAAAABpvQUzfcJv... - 2 - txc453f7aaae9d4566adf63-0069bd05ca - 0.0188 - - 1773995466.196285486 1773995466.215108871 0
Mar 20 08:31:06 np0005652755 object-server[125373]: 172.20.0.103 - - [20/Mar/2026:08:31:06 +0000] "GET /d1/644/AUTH_7d343c0d5b2d4120a89e3784e7bef979/gnocchi.c0746cf1-494f-4ceb-a04d-b0d4ab0d3b8e/1773360000.0_mean_300.0_v3" 404 70 "GET http://172.18.0.184:8080/v1/AUTH_7d343c0d5b2d4120a89e3784e7bef979/gnocchi.c0746cf1-494f-4ceb-a04d-b0d4ab0d3b8e/1773360000.0_mean_300.0_v3" "txd8f2e9ba540b4d21a716b-0069bd05ca" "proxy-server 20" 0.0004 "-" 25 0
Mar 20 08:31:06 np0005652755 container-server[124982]: 172.20.0.104 - - [20/Mar/2026:08:31:06 +0000] "GET /d1/613/AUTH_7d343c0d5b2d4120a89e3784e7bef979/gnocchi.0ee296e9-ee07-4d48-b262-1f289e1f549d" 200 2 "GET http://172.18.0.184:8080/v1/AUTH_7d343c0d5b2d4120a89e3784e7bef979/gnocchi.0ee296e9-ee07-4d48-b262-1f289e1f549d?format=json&states=listing" "tx83c214bc2eac4c73af9f5-0069bd05ca" "proxy-server 20" 0.0023 "-" 23 0
Mar 20 08:31:06 np0005652755 proxy-server[126616]: 172.18.0.105 172.18.0.104 20/Mar/2026/08/31/06 GET /v1/AUTH_7d343c0d5b2d4120a89e3784e7bef979/gnocchi.c0746cf1-494f-4ceb-a04d-b0d4ab0d3b8e/1773360000.0_mean_300.0_v3 HTTP/1.0 404 - python-swiftclient-3.11.1 gAAAAABpvQUzfcJv... - 70 - txd8f2e9ba540b4d21a716b-0069bd05ca - 0.0197 - - 1773995466.220608711 1773995466.240276814 0
Mar 20 08:31:06 np0005652755 object-server[125373]: 172.20.0.104 - - [20/Mar/2026:08:31:06 +0000] "GET /d1/352/AUTH_7d343c0d5b2d4120a89e3784e7bef979/gnocchi.0ee296e9-ee07-4d48-b262-1f289e1f549d/1773360000.0_mean_300.0_v3" 404 70 "GET http://172.18.0.184:8080/v1/AUTH_7d343c0d5b2d4120a89e3784e7bef979/gnocchi.0ee296e9-ee07-4d48-b262-1f289e1f549d/1773360000.0_mean_300.0_v3" "tx8383d1fff2d542ec8e939-0069bd05ca" "proxy-server 20" 0.0004 "-" 25 0
Mar 20 08:31:06 np0005652755 object-server[125373]: 172.20.0.105 - - [20/Mar/2026:08:31:06 +0000] "GET /d1/66/AUTH_7d343c0d5b2d4120a89e3784e7bef979/gnocchi.8f866d48-5cbf-42ec-83d2-437c471232a1/1773360000.0_mean_300.0_v3" 404 70 "GET http://172.18.0.184:8080/v1/AUTH_7d343c0d5b2d4120a89e3784e7bef979/gnocchi.8f866d48-5cbf-42ec-83d2-437c471232a1/1773360000.0_mean_300.0_v3" "tx33a131dfb1cf46798ec50-0069bd05ca" "proxy-server 20" 0.0003 "-" 25 0
Mar 20 08:31:06 np0005652755 container-server[124982]: 172.20.0.105 - - [20/Mar/2026:08:31:06 +0000] "PUT /d1/335/AUTH_7d343c0d5b2d4120a89e3784e7bef979/gnocchi.c0746cf1-494f-4ceb-a04d-b0d4ab0d3b8e/1773360000.0_mean_300.0_v3" 201 - "PUT http://172.18.0.184:8080/d1/644/AUTH_7d343c0d5b2d4120a89e3784e7bef979/gnocchi.c0746cf1-494f-4ceb-a04d-b0d4ab0d3b8e/1773360000.0_mean_300.0_v3" "txfc60fe61adc84eb08b04c-0069bd05ca" "object-server 24" 0.0007 "-" 23 0
Mar 20 08:31:06 np0005652755 object-server[125367]: 172.20.0.103 - - [20/Mar/2026:08:31:06 +0000] "PUT /d1/644/AUTH_7d343c0d5b2d4120a89e3784e7bef979/gnocchi.c0746cf1-494f-4ceb-a04d-b0d4ab0d3b8e/1773360000.0_mean_300.0_v3" 201 - "PUT http://172.18.0.184:8080/v1/AUTH_7d343c0d5b2d4120a89e3784e7bef979/gnocchi.c0746cf1-494f-4ceb-a04d-b0d4ab0d3b8e/1773360000.0_mean_300.0_v3" "txfc60fe61adc84eb08b04c-0069bd05ca" "proxy-server 20" 0.0151 "-" 23 0
Mar 20 08:31:06 np0005652755 proxy-server[126616]: 172.18.0.105 172.18.0.104 20/Mar/2026/08/31/06 PUT /v1/AUTH_7d343c0d5b2d4120a89e3784e7bef979/gnocchi.c0746cf1-494f-4ceb-a04d-b0d4ab0d3b8e/1773360000.0_mean_300.0_v3 HTTP/1.0 201 - python-swiftclient-3.11.1 gAAAAABpvQUzfcJv... 16 - - txfc60fe61adc84eb08b04c-0069bd05ca - 0.0270 - - 1773995466.246464729 1773995466.273475170 0
Mar 20 08:31:06 np0005652755 container-server[124971]: 172.20.0.103 - - [20/Mar/2026:08:31:06 +0000] "PUT /d1/613/AUTH_7d343c0d5b2d4120a89e3784e7bef979/gnocchi.0ee296e9-ee07-4d48-b262-1f289e1f549d/1773360000.0_mean_300.0_v3" 201 - "PUT http://172.18.0.184:8080/d1/352/AUTH_7d343c0d5b2d4120a89e3784e7bef979/gnocchi.0ee296e9-ee07-4d48-b262-1f289e1f549d/1773360000.0_mean_300.0_v3" "txcb712ba32fb640c1a02ec-0069bd05ca" "object-server 25" 0.0005 "-" 20 0
Mar 20 08:31:06 np0005652755 object-server[125373]: 172.20.0.104 - - [20/Mar/2026:08:31:06 +0000] "PUT /d1/352/AUTH_7d343c0d5b2d4120a89e3784e7bef979/gnocchi.0ee296e9-ee07-4d48-b262-1f289e1f549d/1773360000.0_mean_300.0_v3" 201 - "PUT http://172.18.0.184:8080/v1/AUTH_7d343c0d5b2d4120a89e3784e7bef979/gnocchi.0ee296e9-ee07-4d48-b262-1f289e1f549d/1773360000.0_mean_300.0_v3" "txcb712ba32fb640c1a02ec-0069bd05ca" "proxy-server 20" 0.0106 "-" 25 0
Mar 20 08:31:06 np0005652755 container-server[124971]: 172.20.0.105 - - [20/Mar/2026:08:31:06 +0000] "PUT /d1/997/AUTH_7d343c0d5b2d4120a89e3784e7bef979/gnocchi.8f866d48-5cbf-42ec-83d2-437c471232a1/1773360000.0_mean_300.0_v3" 201 - "PUT http://172.18.0.184:8080/d1/66/AUTH_7d343c0d5b2d4120a89e3784e7bef979/gnocchi.8f866d48-5cbf-42ec-83d2-437c471232a1/1773360000.0_mean_300.0_v3" "txcc0a737670fa428f968a9-0069bd05ca" "object-server 24" 0.0008 "-" 20 0
Mar 20 08:31:06 np0005652755 container-server[124982]: 172.20.0.103 - - [20/Mar/2026:08:31:06 +0000] "PUT /d1/335/AUTH_7d343c0d5b2d4120a89e3784e7bef979/gnocchi.c0746cf1-494f-4ceb-a04d-b0d4ab0d3b8e/none_v3" 201 - "PUT http://172.18.0.184:8080/d1/748/AUTH_7d343c0d5b2d4120a89e3784e7bef979/gnocchi.c0746cf1-494f-4ceb-a04d-b0d4ab0d3b8e/none_v3" "tx41df788d59d54248ad19a-0069bd05ca" "object-server 23" 0.0005 "-" 23 0
Mar 20 08:31:06 np0005652755 object-server[125367]: 172.20.0.103 - - [20/Mar/2026:08:31:06 +0000] "PUT /d1/748/AUTH_7d343c0d5b2d4120a89e3784e7bef979/gnocchi.c0746cf1-494f-4ceb-a04d-b0d4ab0d3b8e/none_v3" 201 - "PUT http://172.18.0.184:8080/v1/AUTH_7d343c0d5b2d4120a89e3784e7bef979/gnocchi.c0746cf1-494f-4ceb-a04d-b0d4ab0d3b8e/none_v3" "tx41df788d59d54248ad19a-0069bd05ca" "proxy-server 20" 0.0220 "-" 23 0
Mar 20 08:31:06 np0005652755 object-server[125367]: 172.20.0.105 - - [20/Mar/2026:08:31:06 +0000] "PUT /d1/66/AUTH_7d343c0d5b2d4120a89e3784e7bef979/gnocchi.8f866d48-5cbf-42ec-83d2-437c471232a1/1773360000.0_mean_300.0_v3" 201 - "PUT http://172.18.0.184:8080/v1/AUTH_7d343c0d5b2d4120a89e3784e7bef979/gnocchi.8f866d48-5cbf-42ec-83d2-437c471232a1/1773360000.0_mean_300.0_v3" "txcc0a737670fa428f968a9-0069bd05ca" "proxy-server 20" 0.0254 "-" 23 0
Mar 20 08:31:06 np0005652755 container-server[124971]: 172.20.0.103 - - [20/Mar/2026:08:31:06 +0000] "PUT /d1/613/AUTH_7d343c0d5b2d4120a89e3784e7bef979/gnocchi.0ee296e9-ee07-4d48-b262-1f289e1f549d/none_v3" 201 - "PUT http://172.18.0.184:8080/d1/766/AUTH_7d343c0d5b2d4120a89e3784e7bef979/gnocchi.0ee296e9-ee07-4d48-b262-1f289e1f549d/none_v3" "txa1c447923536445185fbd-0069bd05ca" "object-server 25" 0.0005 "-" 20 0
Mar 20 08:31:06 np0005652755 proxy-server[126616]: 172.18.0.105 172.18.0.104 20/Mar/2026/08/31/06 PUT /v1/AUTH_7d343c0d5b2d4120a89e3784e7bef979/gnocchi.c0746cf1-494f-4ceb-a04d-b0d4ab0d3b8e/none_v3 HTTP/1.0 201 - python-swiftclient-3.11.1 gAAAAABpvQUzfcJv... 22 - - tx41df788d59d54248ad19a-0069bd05ca - 0.0294 - - 1773995466.278278828 1773995466.307654619 0
Mar 20 08:31:06 np0005652755 object-server[125373]: 172.20.0.104 - - [20/Mar/2026:08:31:06 +0000] "PUT /d1/766/AUTH_7d343c0d5b2d4120a89e3784e7bef979/gnocchi.0ee296e9-ee07-4d48-b262-1f289e1f549d/none_v3" 201 - "PUT http://172.18.0.184:8080/v1/AUTH_7d343c0d5b2d4120a89e3784e7bef979/gnocchi.0ee296e9-ee07-4d48-b262-1f289e1f549d/none_v3" "txa1c447923536445185fbd-0069bd05ca" "proxy-server 20" 0.0143 "-" 25 0
Mar 20 08:31:06 np0005652755 container-server[124982]: 172.20.0.103 - - [20/Mar/2026:08:31:06 +0000] "PUT /d1/997/AUTH_7d343c0d5b2d4120a89e3784e7bef979/gnocchi.8f866d48-5cbf-42ec-83d2-437c471232a1/none_v3" 201 - "PUT http://172.18.0.184:8080/d1/306/AUTH_7d343c0d5b2d4120a89e3784e7bef979/gnocchi.8f866d48-5cbf-42ec-83d2-437c471232a1/none_v3" "tx7a544579a21741f6ae5ff-0069bd05ca" "object-server 25" 0.0005 "-" 23 0
Mar 20 08:31:06 np0005652755 object-server[125373]: 172.20.0.103 - - [20/Mar/2026:08:31:06 +0000] "PUT /d1/306/AUTH_7d343c0d5b2d4120a89e3784e7bef979/gnocchi.8f866d48-5cbf-42ec-83d2-437c471232a1/none_v3" 201 - "PUT http://172.18.0.184:8080/v1/AUTH_7d343c0d5b2d4120a89e3784e7bef979/gnocchi.8f866d48-5cbf-42ec-83d2-437c471232a1/none_v3" "tx7a544579a21741f6ae5ff-0069bd05ca" "proxy-server 20" 0.0125 "-" 25 0
Mar 20 08:31:06 np0005652755 container-server[124974]: 172.20.0.104 - - [20/Mar/2026:08:31:06 +0000] "HEAD /d1/880/AUTH_7d343c0d5b2d4120a89e3784e7bef979/gnocchi.1b23d178-f422-4192-b9ee-3dd1c8892dff" 404 - "HEAD http://172.18.0.184:8080/v1/AUTH_7d343c0d5b2d4120a89e3784e7bef979/gnocchi.1b23d178-f422-4192-b9ee-3dd1c8892dff?format=json&states=listing" "tx88b41378e7a24483a781d-0069bd05ca" "proxy-server 20" 0.0004 "-" 21 0
Mar 20 08:31:06 np0005652755 proxy-server[126616]: 172.18.0.184 172.18.0.104 20/Mar/2026/08/31/06 PUT /v1/AUTH_7d343c0d5b2d4120a89e3784e7bef979/gnocchi.8f866d48-5cbf-42ec-83d2-437c471232a1/none_v3 HTTP/1.0 201 - python-swiftclient-3.11.1 gAAAAABpvQV0UZ3z... 22 - - tx7a544579a21741f6ae5ff-0069bd05ca - 0.0264 - - 1773995466.313968897 1773995466.340335608 0
Mar 20 08:31:06 np0005652755 container-server[124982]: 172.20.0.105 - - [20/Mar/2026:08:31:06 +0000] "HEAD /d1/440/AUTH_7d343c0d5b2d4120a89e3784e7bef979/gnocchi.11b808c1-39aa-4ba7-b414-67a398cd46f1" 404 - "HEAD http://172.18.0.184:8080/v1/AUTH_7d343c0d5b2d4120a89e3784e7bef979/gnocchi.11b808c1-39aa-4ba7-b414-67a398cd46f1?format=json&states=listing" "txe6733427c69f4258ab8f7-0069bd05ca" "proxy-server 20" 0.0004 "-" 23 0
Mar 20 08:31:06 np0005652755 object-server[125369]: 172.20.0.104 - - [20/Mar/2026:08:31:06 +0000] "GET /d1/830/AUTH_7d343c0d5b2d4120a89e3784e7bef979/gnocchi.1b23d178-f422-4192-b9ee-3dd1c8892dff/none_v3" 404 70 "GET http://172.18.0.184:8080/v1/AUTH_7d343c0d5b2d4120a89e3784e7bef979/gnocchi.1b23d178-f422-4192-b9ee-3dd1c8892dff/none_v3" "tx88b41378e7a24483a781d-0069bd05ca" "proxy-server 20" 0.0003 "-" 24 0
Mar 20 08:31:06 np0005652755 object-server[125366]: 172.20.0.105 - - [20/Mar/2026:08:31:06 +0000] "GET /d1/707/AUTH_7d343c0d5b2d4120a89e3784e7bef979/gnocchi.11b808c1-39aa-4ba7-b414-67a398cd46f1/none_v3" 404 70 "GET http://172.18.0.184:8080/v1/AUTH_7d343c0d5b2d4120a89e3784e7bef979/gnocchi.11b808c1-39aa-4ba7-b414-67a398cd46f1/none_v3" "txe6733427c69f4258ab8f7-0069bd05ca" "proxy-server 20" 0.0003 "-" 22 0
Mar 20 08:31:06 np0005652755 account-server[124828]: 172.20.0.104 - - [20/Mar/2026:08:31:06 +0000] "PUT /d1/117/AUTH_7d343c0d5b2d4120a89e3784e7bef979/gnocchi.1b23d178-f422-4192-b9ee-3dd1c8892dff" 201 - "PUT http://172.20.0.104:6001/d1/880/AUTH_7d343c0d5b2d4120a89e3784e7bef979/gnocchi.1b23d178-f422-4192-b9ee-3dd1c8892dff" "txc8d6202ccbe1416682271-0069bd05ca" "container-server 21" 0.0037 "-" 23 0
Mar 20 08:31:06 np0005652755 container-server[124982]: 172.20.0.104 - - [20/Mar/2026:08:31:06 +0000] "HEAD /d1/143/AUTH_7d343c0d5b2d4120a89e3784e7bef979/gnocchi.59e33ecd-364f-4302-b1f5-64115bad9dc7" 404 - "HEAD http://172.18.0.184:8080/v1/AUTH_7d343c0d5b2d4120a89e3784e7bef979/gnocchi.59e33ecd-364f-4302-b1f5-64115bad9dc7?format=json&states=listing" "txf815d64f00644ef6864ad-0069bd05ca" "proxy-server 20" 0.0003 "-" 23 0
Mar 20 08:31:06 np0005652755 container-server[124974]: 172.20.0.103 - - [20/Mar/2026:08:31:06 +0000] "PUT /d1/880/AUTH_7d343c0d5b2d4120a89e3784e7bef979/gnocchi.1b23d178-f422-4192-b9ee-3dd1c8892dff" 201 - "PUT http://172.18.0.184:8080/v1/AUTH_7d343c0d5b2d4120a89e3784e7bef979/gnocchi.1b23d178-f422-4192-b9ee-3dd1c8892dff" "txc8d6202ccbe1416682271-0069bd05ca" "proxy-server 20" 0.0148 "-" 21 0
Mar 20 08:31:06 np0005652755 proxy-server[126616]: 172.18.0.105 172.18.0.104 20/Mar/2026/08/31/06 PUT /v1/AUTH_7d343c0d5b2d4120a89e3784e7bef979/gnocchi.1b23d178-f422-4192-b9ee-3dd1c8892dff HTTP/1.0 201 - python-swiftclient-3.11.1 gAAAAABpvQUzfcJv... - - - txc8d6202ccbe1416682271-0069bd05ca - 0.0229 - - 1773995466.355765581 1773995466.378620386 0
Mar 20 08:31:06 np0005652755 object-server[125369]: 172.20.0.104 - - [20/Mar/2026:08:31:06 +0000] "GET /d1/436/AUTH_7d343c0d5b2d4120a89e3784e7bef979/gnocchi.59e33ecd-364f-4302-b1f5-64115bad9dc7/none_v3" 404 70 "GET http://172.18.0.184:8080/v1/AUTH_7d343c0d5b2d4120a89e3784e7bef979/gnocchi.59e33ecd-364f-4302-b1f5-64115bad9dc7/none_v3" "txf815d64f00644ef6864ad-0069bd05ca" "proxy-server 20" 0.0003 "-" 24 0
Mar 20 08:31:06 np0005652755 proxy-server[126616]: - - 20/Mar/2026/08/31/06 HEAD /v1/AUTH_7d343c0d5b2d4120a89e3784e7bef979/gnocchi.1b23d178-f422-4192-b9ee-3dd1c8892dff%3Fformat%3Djson%26states%3Dlisting HTTP/1.0 204 - Swift - - - - tx666901b9fc7949448203a-0069bd05ca - 0.0070 RL - 1773995466.384913445 1773995466.391881227 0
Mar 20 08:31:06 np0005652755 account-server[124815]: 172.20.0.104 - - [20/Mar/2026:08:31:06 +0000] "PUT /d1/117/AUTH_7d343c0d5b2d4120a89e3784e7bef979/gnocchi.11b808c1-39aa-4ba7-b414-67a398cd46f1" 201 - "PUT http://172.20.0.104:6001/d1/440/AUTH_7d343c0d5b2d4120a89e3784e7bef979/gnocchi.11b808c1-39aa-4ba7-b414-67a398cd46f1" "txf642079275ae4b60bf606-0069bd05ca" "container-server 21" 0.0037 "-" 21 0
Mar 20 08:31:06 np0005652755 container-server[124978]: 172.20.0.105 - - [20/Mar/2026:08:31:06 +0000] "PUT /d1/440/AUTH_7d343c0d5b2d4120a89e3784e7bef979/gnocchi.11b808c1-39aa-4ba7-b414-67a398cd46f1" 201 - "PUT http://172.18.0.184:8080/v1/AUTH_7d343c0d5b2d4120a89e3784e7bef979/gnocchi.11b808c1-39aa-4ba7-b414-67a398cd46f1" "txf642079275ae4b60bf606-0069bd05ca" "proxy-server 20" 0.0184 "-" 22 0
Mar 20 08:31:06 np0005652755 proxy-server[126616]: 172.18.0.105 172.18.0.104 20/Mar/2026/08/31/06 GET /v1/AUTH_7d343c0d5b2d4120a89e3784e7bef979/gnocchi.1b23d178-f422-4192-b9ee-3dd1c8892dff%3Fformat%3Djson%26states%3Dlisting HTTP/1.0 200 - python-swiftclient-3.11.1 gAAAAABpvQUzfcJv... - 2 - tx666901b9fc7949448203a-0069bd05ca - 0.0203 - - 1773995466.383624077 1773995466.403961420 0
Mar 20 08:31:06 np0005652755 container-server[124982]: 172.20.0.105 - - [20/Mar/2026:08:31:06 +0000] "HEAD /d1/440/AUTH_7d343c0d5b2d4120a89e3784e7bef979/gnocchi.11b808c1-39aa-4ba7-b414-67a398cd46f1" 204 - "HEAD http://172.18.0.184:8080/v1/AUTH_7d343c0d5b2d4120a89e3784e7bef979/gnocchi.11b808c1-39aa-4ba7-b414-67a398cd46f1?format=json&states=listing" "tx158c313a3d9842948080f-0069bd05ca" "proxy-server 20" 0.0015 "-" 23 0
Mar 20 08:31:06 np0005652755 object-server[125373]: 172.20.0.103 - - [20/Mar/2026:08:31:06 +0000] "GET /d1/1/AUTH_7d343c0d5b2d4120a89e3784e7bef979/gnocchi.1b23d178-f422-4192-b9ee-3dd1c8892dff/1773360000.0_mean_300.0_v3" 404 70 "GET http://172.18.0.184:8080/v1/AUTH_7d343c0d5b2d4120a89e3784e7bef979/gnocchi.1b23d178-f422-4192-b9ee-3dd1c8892dff/1773360000.0_mean_300.0_v3" "txf454027d20a1408791880-0069bd05ca" "proxy-server 20" 0.0003 "-" 25 0
Mar 20 08:31:06 np0005652755 account-server[124822]: 172.20.0.103 - - [20/Mar/2026:08:31:06 +0000] "PUT /d1/117/AUTH_7d343c0d5b2d4120a89e3784e7bef979/gnocchi.59e33ecd-364f-4302-b1f5-64115bad9dc7" 201 - "PUT http://172.20.0.103:6001/d1/143/AUTH_7d343c0d5b2d4120a89e3784e7bef979/gnocchi.59e33ecd-364f-4302-b1f5-64115bad9dc7" "tx2192a681e53d47d5be331-0069bd05ca" "container-server 22" 0.0054 "-" 22 0
Mar 20 08:31:06 np0005652755 container-server[124978]: 172.20.0.104 - - [20/Mar/2026:08:31:06 +0000] "PUT /d1/143/AUTH_7d343c0d5b2d4120a89e3784e7bef979/gnocchi.59e33ecd-364f-4302-b1f5-64115bad9dc7" 201 - "PUT http://172.18.0.184:8080/v1/AUTH_7d343c0d5b2d4120a89e3784e7bef979/gnocchi.59e33ecd-364f-4302-b1f5-64115bad9dc7" "tx2192a681e53d47d5be331-0069bd05ca" "proxy-server 20" 0.0239 "-" 22 0
Mar 20 08:31:06 np0005652755 proxy-server[126616]: 172.18.0.105 172.18.0.104 20/Mar/2026/08/31/06 GET /v1/AUTH_7d343c0d5b2d4120a89e3784e7bef979/gnocchi.1b23d178-f422-4192-b9ee-3dd1c8892dff/1773360000.0_mean_300.0_v3 HTTP/1.0 404 - python-swiftclient-3.11.1 gAAAAABpvQUzfcJv... - 70 - txf454027d20a1408791880-0069bd05ca - 0.0168 - - 1773995466.409955502 1773995466.426718473 0
Mar 20 08:31:06 np0005652755 object-server[125369]: 172.20.0.105 - - [20/Mar/2026:08:31:06 +0000] "GET /d1/700/AUTH_7d343c0d5b2d4120a89e3784e7bef979/gnocchi.11b808c1-39aa-4ba7-b414-67a398cd46f1/1773360000.0_mean_300.0_v3" 404 70 "GET http://172.18.0.184:8080/v1/AUTH_7d343c0d5b2d4120a89e3784e7bef979/gnocchi.11b808c1-39aa-4ba7-b414-67a398cd46f1/1773360000.0_mean_300.0_v3" "txf9cf937cecc548b3b7f73-0069bd05ca" "proxy-server 20" 0.0003 "-" 24 0
Mar 20 08:31:06 np0005652755 container-server[124978]: 172.20.0.104 - - [20/Mar/2026:08:31:06 +0000] "HEAD /d1/143/AUTH_7d343c0d5b2d4120a89e3784e7bef979/gnocchi.59e33ecd-364f-4302-b1f5-64115bad9dc7" 204 - "HEAD http://172.18.0.184:8080/v1/AUTH_7d343c0d5b2d4120a89e3784e7bef979/gnocchi.59e33ecd-364f-4302-b1f5-64115bad9dc7?format=json&states=listing" "tx99880567c5da4de689020-0069bd05ca" "proxy-server 20" 0.0014 "-" 22 0
Mar 20 08:31:06 np0005652755 container-server[124978]: 172.20.0.105 - - [20/Mar/2026:08:31:06 +0000] "PUT /d1/880/AUTH_7d343c0d5b2d4120a89e3784e7bef979/gnocchi.1b23d178-f422-4192-b9ee-3dd1c8892dff/1773360000.0_mean_300.0_v3" 201 - "PUT http://172.18.0.184:8080/d1/1/AUTH_7d343c0d5b2d4120a89e3784e7bef979/gnocchi.1b23d178-f422-4192-b9ee-3dd1c8892dff/1773360000.0_mean_300.0_v3" "tx978a7bc1a1304fa6845bb-0069bd05ca" "object-server 25" 0.0006 "-" 22 0
Mar 20 08:31:06 np0005652755 object-server[125367]: 172.20.0.103 - - [20/Mar/2026:08:31:06 +0000] "PUT /d1/1/AUTH_7d343c0d5b2d4120a89e3784e7bef979/gnocchi.1b23d178-f422-4192-b9ee-3dd1c8892dff/1773360000.0_mean_300.0_v3" 201 - "PUT http://172.18.0.184:8080/v1/AUTH_7d343c0d5b2d4120a89e3784e7bef979/gnocchi.1b23d178-f422-4192-b9ee-3dd1c8892dff/1773360000.0_mean_300.0_v3" "tx978a7bc1a1304fa6845bb-0069bd05ca" "proxy-server 20" 0.0153 "-" 23 0
Mar 20 08:31:06 np0005652755 container-server[124982]: 172.20.0.104 - - [20/Mar/2026:08:31:06 +0000] "PUT /d1/440/AUTH_7d343c0d5b2d4120a89e3784e7bef979/gnocchi.11b808c1-39aa-4ba7-b414-67a398cd46f1/1773360000.0_mean_300.0_v3" 201 - "PUT http://172.18.0.184:8080/d1/700/AUTH_7d343c0d5b2d4120a89e3784e7bef979/gnocchi.11b808c1-39aa-4ba7-b414-67a398cd46f1/1773360000.0_mean_300.0_v3" "txf4c1cf5ebb684f05bfe4a-0069bd05ca" "object-server 22" 0.0006 "-" 23 0
Mar 20 08:31:06 np0005652755 object-server[125366]: 172.20.0.105 - - [20/Mar/2026:08:31:06 +0000] "PUT /d1/700/AUTH_7d343c0d5b2d4120a89e3784e7bef979/gnocchi.11b808c1-39aa-4ba7-b414-67a398cd46f1/1773360000.0_mean_300.0_v3" 201 - "PUT http://172.18.0.184:8080/v1/AUTH_7d343c0d5b2d4120a89e3784e7bef979/gnocchi.11b808c1-39aa-4ba7-b414-67a398cd46f1/1773360000.0_mean_300.0_v3" "txf4c1cf5ebb684f05bfe4a-0069bd05ca" "proxy-server 20" 0.0116 "-" 22 0
Mar 20 08:31:06 np0005652755 object-server[125366]: 172.20.0.104 - - [20/Mar/2026:08:31:06 +0000] "GET /d1/896/AUTH_7d343c0d5b2d4120a89e3784e7bef979/gnocchi.59e33ecd-364f-4302-b1f5-64115bad9dc7/1773360000.0_mean_300.0_v3" 404 70 "GET http://172.18.0.184:8080/v1/AUTH_7d343c0d5b2d4120a89e3784e7bef979/gnocchi.59e33ecd-364f-4302-b1f5-64115bad9dc7/1773360000.0_mean_300.0_v3" "tx27e5cd4270c0430490bb0-0069bd05ca" "proxy-server 20" 0.0005 "-" 22 0
Mar 20 08:31:06 np0005652755 proxy-server[126616]: 172.18.0.105 172.18.0.104 20/Mar/2026/08/31/06 PUT /v1/AUTH_7d343c0d5b2d4120a89e3784e7bef979/gnocchi.1b23d178-f422-4192-b9ee-3dd1c8892dff/1773360000.0_mean_300.0_v3 HTTP/1.0 201 - python-swiftclient-3.11.1 gAAAAABpvQUzfcJv... 16 - - tx978a7bc1a1304fa6845bb-0069bd05ca - 0.0308 - - 1773995466.431402683 1773995466.462182760 0
Mar 20 08:31:06 np0005652755 container-server[124982]: 172.20.0.105 - - [20/Mar/2026:08:31:06 +0000] "PUT /d1/440/AUTH_7d343c0d5b2d4120a89e3784e7bef979/gnocchi.11b808c1-39aa-4ba7-b414-67a398cd46f1/none_v3" 201 - "PUT http://172.18.0.184:8080/d1/707/AUTH_7d343c0d5b2d4120a89e3784e7bef979/gnocchi.11b808c1-39aa-4ba7-b414-67a398cd46f1/none_v3" "txb57db93d1b64481aa70ed-0069bd05ca" "object-server 23" 0.0005 "-" 23 0
Mar 20 08:31:06 np0005652755 object-server[125367]: 172.20.0.105 - - [20/Mar/2026:08:31:06 +0000] "PUT /d1/707/AUTH_7d343c0d5b2d4120a89e3784e7bef979/gnocchi.11b808c1-39aa-4ba7-b414-67a398cd46f1/none_v3" 201 - "PUT http://172.18.0.184:8080/v1/AUTH_7d343c0d5b2d4120a89e3784e7bef979/gnocchi.11b808c1-39aa-4ba7-b414-67a398cd46f1/none_v3" "txb57db93d1b64481aa70ed-0069bd05ca" "proxy-server 20" 0.0108 "-" 23 0
Mar 20 08:31:06 np0005652755 object-server[125367]: 172.20.0.104 - - [20/Mar/2026:08:31:06 +0000] "PUT /d1/896/AUTH_7d343c0d5b2d4120a89e3784e7bef979/gnocchi.59e33ecd-364f-4302-b1f5-64115bad9dc7/1773360000.0_mean_300.0_v3" 201 - "PUT http://172.18.0.184:8080/v1/AUTH_7d343c0d5b2d4120a89e3784e7bef979/gnocchi.59e33ecd-364f-4302-b1f5-64115bad9dc7/1773360000.0_mean_300.0_v3" "txade33c16025f4a7f84161-0069bd05ca" "proxy-server 20" 0.0087 "-" 23 0
Mar 20 08:31:06 np0005652755 object-server[125369]: 172.20.0.103 - - [20/Mar/2026:08:31:06 +0000] "PUT /d1/830/AUTH_7d343c0d5b2d4120a89e3784e7bef979/gnocchi.1b23d178-f422-4192-b9ee-3dd1c8892dff/none_v3" 201 - "PUT http://172.18.0.184:8080/v1/AUTH_7d343c0d5b2d4120a89e3784e7bef979/gnocchi.1b23d178-f422-4192-b9ee-3dd1c8892dff/none_v3" "tx0d2fc20e149b49b682f9b-0069bd05ca" "proxy-server 20" 0.0120 "-" 24 0
Mar 20 08:31:06 np0005652755 container-server[124978]: 172.20.0.105 - - [20/Mar/2026:08:31:06 +0000] "PUT /d1/880/AUTH_7d343c0d5b2d4120a89e3784e7bef979/gnocchi.1b23d178-f422-4192-b9ee-3dd1c8892dff/none_v3" 201 - "PUT http://172.18.0.184:8080/d1/830/AUTH_7d343c0d5b2d4120a89e3784e7bef979/gnocchi.1b23d178-f422-4192-b9ee-3dd1c8892dff/none_v3" "tx0d2fc20e149b49b682f9b-0069bd05ca" "object-server 22" 0.0005 "-" 22 0
Mar 20 08:31:06 np0005652755 container-server[124982]: 172.20.0.105 - - [20/Mar/2026:08:31:06 +0000] "PUT /d1/143/AUTH_7d343c0d5b2d4120a89e3784e7bef979/gnocchi.59e33ecd-364f-4302-b1f5-64115bad9dc7/1773360000.0_mean_300.0_v3" 201 - "PUT http://172.18.0.184:8080/d1/896/AUTH_7d343c0d5b2d4120a89e3784e7bef979/gnocchi.59e33ecd-364f-4302-b1f5-64115bad9dc7/1773360000.0_mean_300.0_v3" "txade33c16025f4a7f84161-0069bd05ca" "object-server 22" 0.0005 "-" 23 0
Mar 20 08:31:06 np0005652755 proxy-server[126616]: 172.18.0.105 172.18.0.104 20/Mar/2026/08/31/06 PUT /v1/AUTH_7d343c0d5b2d4120a89e3784e7bef979/gnocchi.1b23d178-f422-4192-b9ee-3dd1c8892dff/none_v3 HTTP/1.0 201 - python-swiftclient-3.11.1 gAAAAABpvQUzfcJv... 22 - - tx0d2fc20e149b49b682f9b-0069bd05ca - 0.0241 - - 1773995466.466552973 1773995466.490677834 0
Mar 20 08:31:06 np0005652755 container-server[124978]: 172.20.0.103 - - [20/Mar/2026:08:31:06 +0000] "HEAD /d1/326/AUTH_7d343c0d5b2d4120a89e3784e7bef979/gnocchi.e223645d-7929-400f-890b-8fae74227a78" 404 - "HEAD http://172.18.0.184:8080/v1/AUTH_7d343c0d5b2d4120a89e3784e7bef979/gnocchi.e223645d-7929-400f-890b-8fae74227a78?format=json&states=listing" "tx252a56e5ee244bcdbe3d0-0069bd05ca" "proxy-server 20" 0.0004 "-" 22 0
Mar 20 08:31:06 np0005652755 container-server[124974]: 172.20.0.103 - - [20/Mar/2026:08:31:06 +0000] "PUT /d1/143/AUTH_7d343c0d5b2d4120a89e3784e7bef979/gnocchi.59e33ecd-364f-4302-b1f5-64115bad9dc7/none_v3" 201 - "PUT http://172.18.0.184:8080/d1/436/AUTH_7d343c0d5b2d4120a89e3784e7bef979/gnocchi.59e33ecd-364f-4302-b1f5-64115bad9dc7/none_v3" "tx8d578c8fe3574b8e8547f-0069bd05ca" "object-server 24" 0.0005 "-" 21 0
Mar 20 08:31:06 np0005652755 object-server[125369]: 172.20.0.105 - - [20/Mar/2026:08:31:06 +0000] "PUT /d1/436/AUTH_7d343c0d5b2d4120a89e3784e7bef979/gnocchi.59e33ecd-364f-4302-b1f5-64115bad9dc7/none_v3" 201 - "PUT http://172.18.0.184:8080/v1/AUTH_7d343c0d5b2d4120a89e3784e7bef979/gnocchi.59e33ecd-364f-4302-b1f5-64115bad9dc7/none_v3" "tx8d578c8fe3574b8e8547f-0069bd05ca" "proxy-server 20" 0.0112 "-" 24 0
Mar 20 08:31:06 np0005652755 object-server[125373]: 172.20.0.103 - - [20/Mar/2026:08:31:06 +0000] "GET /d1/191/AUTH_7d343c0d5b2d4120a89e3784e7bef979/gnocchi.e223645d-7929-400f-890b-8fae74227a78/none_v3" 404 70 "GET http://172.18.0.184:8080/v1/AUTH_7d343c0d5b2d4120a89e3784e7bef979/gnocchi.e223645d-7929-400f-890b-8fae74227a78/none_v3" "tx252a56e5ee244bcdbe3d0-0069bd05ca" "proxy-server 20" 0.0003 "-" 25 0
Mar 20 08:31:06 np0005652755 container-server[124974]: 172.20.0.104 - - [20/Mar/2026:08:31:06 +0000] "HEAD /d1/719/AUTH_7d343c0d5b2d4120a89e3784e7bef979/gnocchi.4d20b438-e8fc-4e48-b7a0-57e6b55cd997" 404 - "HEAD http://172.18.0.184:8080/v1/AUTH_7d343c0d5b2d4120a89e3784e7bef979/gnocchi.4d20b438-e8fc-4e48-b7a0-57e6b55cd997?format=json&states=listing" "txa969617605f340c0a448f-0069bd05ca" "proxy-server 20" 0.0003 "-" 21 0
Mar 20 08:31:06 np0005652755 proxy-server[126616]: 172.18.0.103 172.18.0.104 20/Mar/2026/08/31/06 GET /v1/AUTH_7d343c0d5b2d4120a89e3784e7bef979/gnocchi.e223645d-7929-400f-890b-8fae74227a78/none_v3 HTTP/1.0 404 - python-swiftclient-3.11.1 gAAAAABpvQWDG-Hw... - 70 - tx252a56e5ee244bcdbe3d0-0069bd05ca - 0.0270 - - 1773995466.498879194 1773995466.525899172 0
Mar 20 08:31:06 np0005652755 object-server[125373]: 172.20.0.104 - - [20/Mar/2026:08:31:06 +0000] "GET /d1/960/AUTH_7d343c0d5b2d4120a89e3784e7bef979/gnocchi.4d20b438-e8fc-4e48-b7a0-57e6b55cd997/none_v3" 404 70 "GET http://172.18.0.184:8080/v1/AUTH_7d343c0d5b2d4120a89e3784e7bef979/gnocchi.4d20b438-e8fc-4e48-b7a0-57e6b55cd997/none_v3" "txa969617605f340c0a448f-0069bd05ca" "proxy-server 20" 0.0003 "-" 25 0
Mar 20 08:31:06 np0005652755 container-server[124982]: 172.20.0.105 - - [20/Mar/2026:08:31:06 +0000] "HEAD /d1/473/AUTH_7d343c0d5b2d4120a89e3784e7bef979/gnocchi.7732769b-73ca-4896-bc98-61e1a44c86ce" 404 - "HEAD http://172.18.0.184:8080/v1/AUTH_7d343c0d5b2d4120a89e3784e7bef979/gnocchi.7732769b-73ca-4896-bc98-61e1a44c86ce?format=json&states=listing" "tx81f0ce2455d84e77b36ed-0069bd05ca" "proxy-server 20" 0.0004 "-" 23 0
Mar 20 08:31:06 np0005652755 object-server[125373]: 172.20.0.105 - - [20/Mar/2026:08:31:06 +0000] "GET /d1/447/AUTH_7d343c0d5b2d4120a89e3784e7bef979/gnocchi.7732769b-73ca-4896-bc98-61e1a44c86ce/none_v3" 404 70 "GET http://172.18.0.184:8080/v1/AUTH_7d343c0d5b2d4120a89e3784e7bef979/gnocchi.7732769b-73ca-4896-bc98-61e1a44c86ce/none_v3" "tx81f0ce2455d84e77b36ed-0069bd05ca" "proxy-server 20" 0.0003 "-" 25 0
Mar 20 08:31:06 np0005652755 container-server[124971]: 172.20.0.103 - - [20/Mar/2026:08:31:06 +0000] "PUT /d1/326/AUTH_7d343c0d5b2d4120a89e3784e7bef979/gnocchi.e223645d-7929-400f-890b-8fae74227a78" 201 - "PUT http://172.18.0.184:8080/v1/AUTH_7d343c0d5b2d4120a89e3784e7bef979/gnocchi.e223645d-7929-400f-890b-8fae74227a78" "txa91fef0bcf38404a9f052-0069bd05ca" "proxy-server 20" 0.0179 "-" 20 0
Mar 20 08:31:06 np0005652755 account-server[124828]: 172.20.0.105 - - [20/Mar/2026:08:31:06 +0000] "PUT /d1/117/AUTH_7d343c0d5b2d4120a89e3784e7bef979/gnocchi.e223645d-7929-400f-890b-8fae74227a78" 201 - "PUT http://172.20.0.105:6001/d1/326/AUTH_7d343c0d5b2d4120a89e3784e7bef979/gnocchi.e223645d-7929-400f-890b-8fae74227a78" "txa91fef0bcf38404a9f052-0069bd05ca" "container-server 23" 0.0055 "-" 23 0
Mar 20 08:31:06 np0005652755 proxy-server[126616]: 172.18.0.103 172.18.0.104 20/Mar/2026/08/31/06 PUT /v1/AUTH_7d343c0d5b2d4120a89e3784e7bef979/gnocchi.e223645d-7929-400f-890b-8fae74227a78 HTTP/1.0 201 - python-swiftclient-3.11.1 gAAAAABpvQWDG-Hw... - - - txa91fef0bcf38404a9f052-0069bd05ca - 0.0288 - - 1773995466.530959129 1773995466.559773922 0
Mar 20 08:31:06 np0005652755 account-server[124822]: 172.20.0.104 - - [20/Mar/2026:08:31:06 +0000] "PUT /d1/117/AUTH_7d343c0d5b2d4120a89e3784e7bef979/gnocchi.4d20b438-e8fc-4e48-b7a0-57e6b55cd997" 201 - "PUT http://172.20.0.104:6001/d1/719/AUTH_7d343c0d5b2d4120a89e3784e7bef979/gnocchi.4d20b438-e8fc-4e48-b7a0-57e6b55cd997" "tx09145795920b487dbbabb-0069bd05ca" "container-server 23" 0.0148 "-" 22 0
