Mar 20 08:36:06 np0005652755 object-server[125366]: 172.20.0.103 - - [20/Mar/2026:08:36:06 +0000] "PUT /d1/306/AUTH_7d343c0d5b2d4120a89e3784e7bef979/gnocchi.8f866d48-5cbf-42ec-83d2-437c471232a1/none_v3" 201 - "PUT http://172.18.0.184:8080/v1/AUTH_7d343c0d5b2d4120a89e3784e7bef979/gnocchi.8f866d48-5cbf-42ec-83d2-437c471232a1/none_v3" "txc2c770145fcf491b8eebc-0069bd06f6" "proxy-server 20" 0.0127 "-" 22 0
Mar 20 08:36:06 np0005652755 proxy-server[126616]: 172.18.0.105 172.18.0.104 20/Mar/2026/08/36/06 PUT /v1/AUTH_7d343c0d5b2d4120a89e3784e7bef979/gnocchi.8f866d48-5cbf-42ec-83d2-437c471232a1/none_v3 HTTP/1.0 201 - python-swiftclient-3.11.1 gAAAAABpvQUzfcJv... 22 - - txc2c770145fcf491b8eebc-0069bd06f6 - 0.0222 - - 1773995766.509394884 1773995766.531573534 0
Mar 20 08:36:06 np0005652755 container-server[124974]: 172.20.0.103 - - [20/Mar/2026:08:36:06 +0000] "PUT /d1/440/AUTH_7d343c0d5b2d4120a89e3784e7bef979/gnocchi.11b808c1-39aa-4ba7-b414-67a398cd46f1/1773360000.0_rate%3Amean_300.0_v3" 201 - "PUT http://172.18.0.184:8080/d1/894/AUTH_7d343c0d5b2d4120a89e3784e7bef979/gnocchi.11b808c1-39aa-4ba7-b414-67a398cd46f1/1773360000.0_rate%3Amean_300.0_v3" "txed7bf1203c3e41cd8f134-0069bd06f6" "object-server 24" 0.0006 "-" 21 0
Mar 20 08:36:06 np0005652755 object-server[125369]: 172.20.0.104 - - [20/Mar/2026:08:36:06 +0000] "PUT /d1/894/AUTH_7d343c0d5b2d4120a89e3784e7bef979/gnocchi.11b808c1-39aa-4ba7-b414-67a398cd46f1/1773360000.0_rate%3Amean_300.0_v3" 201 - "PUT http://172.18.0.184:8080/v1/AUTH_7d343c0d5b2d4120a89e3784e7bef979/gnocchi.11b808c1-39aa-4ba7-b414-67a398cd46f1/1773360000.0_rate%3Amean_300.0_v3" "txed7bf1203c3e41cd8f134-0069bd06f6" "proxy-server 20" 0.0109 "-" 24 0
Mar 20 08:36:06 np0005652755 object-server[125366]: 172.20.0.105 - - [20/Mar/2026:08:36:06 +0000] "GET /d1/81/AUTH_7d343c0d5b2d4120a89e3784e7bef979/gnocchi.7732769b-73ca-4896-bc98-61e1a44c86ce/1773360000.0_mean_300.0_v3" 200 16 "GET http://172.18.0.184:8080/v1/AUTH_7d343c0d5b2d4120a89e3784e7bef979/gnocchi.7732769b-73ca-4896-bc98-61e1a44c86ce/1773360000.0_mean_300.0_v3" "tx5ae7d9f370c0460b8da9b-0069bd06f6" "proxy-server 20" 0.0015 "-" 22 0
Mar 20 08:36:06 np0005652755 object-server[125373]: 172.20.0.105 - - [20/Mar/2026:08:36:06 +0000] "GET /d1/276/AUTH_7d343c0d5b2d4120a89e3784e7bef979/gnocchi.7732769b-73ca-4896-bc98-61e1a44c86ce/1773360000.0_rate%3Amean_300.0_v3" 404 70 "GET http://172.18.0.184:8080/v1/AUTH_7d343c0d5b2d4120a89e3784e7bef979/gnocchi.7732769b-73ca-4896-bc98-61e1a44c86ce/1773360000.0_rate%3Amean_300.0_v3" "tx9f5a5738e82c4411aef77-0069bd06f6" "proxy-server 20" 0.0006 "-" 25 0
Mar 20 08:36:06 np0005652755 container-server[124978]: 172.20.0.103 - - [20/Mar/2026:08:36:06 +0000] "PUT /d1/440/AUTH_7d343c0d5b2d4120a89e3784e7bef979/gnocchi.11b808c1-39aa-4ba7-b414-67a398cd46f1/none_v3" 201 - "PUT http://172.18.0.184:8080/d1/707/AUTH_7d343c0d5b2d4120a89e3784e7bef979/gnocchi.11b808c1-39aa-4ba7-b414-67a398cd46f1/none_v3" "tx9e6f91f03caf48f3bdf3b-0069bd06f6" "object-server 22" 0.0009 "-" 22 0
Mar 20 08:36:06 np0005652755 object-server[125366]: 172.20.0.103 - - [20/Mar/2026:08:36:06 +0000] "PUT /d1/707/AUTH_7d343c0d5b2d4120a89e3784e7bef979/gnocchi.11b808c1-39aa-4ba7-b414-67a398cd46f1/none_v3" 201 - "PUT http://172.18.0.184:8080/v1/AUTH_7d343c0d5b2d4120a89e3784e7bef979/gnocchi.11b808c1-39aa-4ba7-b414-67a398cd46f1/none_v3" "tx9e6f91f03caf48f3bdf3b-0069bd06f6" "proxy-server 20" 0.0148 "-" 22 0
Mar 20 08:36:06 np0005652755 proxy-server[126616]: 172.18.0.103 172.18.0.104 20/Mar/2026/08/36/06 PUT /v1/AUTH_7d343c0d5b2d4120a89e3784e7bef979/gnocchi.11b808c1-39aa-4ba7-b414-67a398cd46f1/none_v3 HTTP/1.0 201 - python-swiftclient-3.11.1 gAAAAABpvQWDG-Hw... 32 - - tx9e6f91f03caf48f3bdf3b-0069bd06f6 - 0.0301 - - 1773995766.545768738 1773995766.575898170 0
Mar 20 08:36:06 np0005652755 container-server[124978]: 172.20.0.105 - - [20/Mar/2026:08:36:06 +0000] "PUT /d1/473/AUTH_7d343c0d5b2d4120a89e3784e7bef979/gnocchi.7732769b-73ca-4896-bc98-61e1a44c86ce/1773360000.0_mean_300.0_v3" 201 - "PUT http://172.18.0.184:8080/d1/81/AUTH_7d343c0d5b2d4120a89e3784e7bef979/gnocchi.7732769b-73ca-4896-bc98-61e1a44c86ce/1773360000.0_mean_300.0_v3" "tx370811159d5346ab9edd5-0069bd06f6" "object-server 24" 0.0008 "-" 22 0
Mar 20 08:36:06 np0005652755 object-server[125367]: 172.20.0.105 - - [20/Mar/2026:08:36:06 +0000] "PUT /d1/81/AUTH_7d343c0d5b2d4120a89e3784e7bef979/gnocchi.7732769b-73ca-4896-bc98-61e1a44c86ce/1773360000.0_mean_300.0_v3" 201 - "PUT http://172.18.0.184:8080/v1/AUTH_7d343c0d5b2d4120a89e3784e7bef979/gnocchi.7732769b-73ca-4896-bc98-61e1a44c86ce/1773360000.0_mean_300.0_v3" "tx370811159d5346ab9edd5-0069bd06f6" "proxy-server 20" 0.0149 "-" 23 0
Mar 20 08:36:06 np0005652755 proxy-server[126616]: 172.18.0.105 172.18.0.104 20/Mar/2026/08/36/06 GET /v1/AUTH_7d343c0d5b2d4120a89e3784e7bef979/gnocchi.4d20b438-e8fc-4e48-b7a0-57e6b55cd997%3Fformat%3Djson%26marker%3Dnone_v3%26states%3Dlisting HTTP/1.0 200 - python-swiftclient-3.11.1 gAAAAABpvQUzfcJv... - 2 - tx530dc208a22f4a11bb00f-0069bd06f6 - 0.0181 - - 1773995766.584740877 1773995766.602879524 0
Mar 20 08:36:06 np0005652755 container-server[124978]: 172.20.0.103 - - [20/Mar/2026:08:36:06 +0000] "PUT /d1/473/AUTH_7d343c0d5b2d4120a89e3784e7bef979/gnocchi.7732769b-73ca-4896-bc98-61e1a44c86ce/1773360000.0_rate%3Amean_300.0_v3" 201 - "PUT http://172.18.0.184:8080/d1/276/AUTH_7d343c0d5b2d4120a89e3784e7bef979/gnocchi.7732769b-73ca-4896-bc98-61e1a44c86ce/1773360000.0_rate%3Amean_300.0_v3" "tx5c30975155574b6d93928-0069bd06f6" "object-server 23" 0.0006 "-" 22 0
Mar 20 08:36:06 np0005652755 container-server[124974]: 172.20.0.103 - - [20/Mar/2026:08:36:06 +0000] "HEAD /d1/159/AUTH_7d343c0d5b2d4120a89e3784e7bef979/gnocchi.c19c53c3-a313-44ef-8f8a-504195eb6341" 204 - "HEAD http://172.18.0.184:8080/v1/AUTH_7d343c0d5b2d4120a89e3784e7bef979/gnocchi.c19c53c3-a313-44ef-8f8a-504195eb6341?format=json&states=listing" "tx74eccaa7b8f54875bfe30-0069bd06f6" "proxy-server 20" 0.0028 "-" 21 0
Mar 20 08:36:06 np0005652755 object-server[125367]: 172.20.0.104 - - [20/Mar/2026:08:36:06 +0000] "PUT /d1/276/AUTH_7d343c0d5b2d4120a89e3784e7bef979/gnocchi.7732769b-73ca-4896-bc98-61e1a44c86ce/1773360000.0_rate%3Amean_300.0_v3" 201 - "PUT http://172.18.0.184:8080/v1/AUTH_7d343c0d5b2d4120a89e3784e7bef979/gnocchi.7732769b-73ca-4896-bc98-61e1a44c86ce/1773360000.0_rate%3Amean_300.0_v3" "tx5c30975155574b6d93928-0069bd06f6" "proxy-server 20" 0.0110 "-" 23 0
Mar 20 08:36:06 np0005652755 object-server[125369]: 172.20.0.105 - - [20/Mar/2026:08:36:06 +0000] "GET /d1/690/AUTH_7d343c0d5b2d4120a89e3784e7bef979/gnocchi.4d20b438-e8fc-4e48-b7a0-57e6b55cd997/1773360000.0_rate%3Amean_300.0_v3" 404 70 "GET http://172.18.0.184:8080/v1/AUTH_7d343c0d5b2d4120a89e3784e7bef979/gnocchi.4d20b438-e8fc-4e48-b7a0-57e6b55cd997/1773360000.0_rate%3Amean_300.0_v3" "tx08d84cc28450418892a24-0069bd06f6" "proxy-server 20" 0.0004 "-" 24 0
Mar 20 08:36:06 np0005652755 object-server[125367]: 172.20.0.103 - - [20/Mar/2026:08:36:06 +0000] "GET /d1/214/AUTH_7d343c0d5b2d4120a89e3784e7bef979/gnocchi.c19c53c3-a313-44ef-8f8a-504195eb6341/none_v3" 200 22 "GET http://172.18.0.184:8080/v1/AUTH_7d343c0d5b2d4120a89e3784e7bef979/gnocchi.c19c53c3-a313-44ef-8f8a-504195eb6341/none_v3" "tx74eccaa7b8f54875bfe30-0069bd06f6" "proxy-server 20" 0.0015 "-" 23 0
Mar 20 08:36:06 np0005652755 proxy-server[126616]: 172.18.0.103 172.18.0.104 20/Mar/2026/08/36/06 GET /v1/AUTH_7d343c0d5b2d4120a89e3784e7bef979/gnocchi.c19c53c3-a313-44ef-8f8a-504195eb6341/none_v3 HTTP/1.0 200 - python-swiftclient-3.11.1 gAAAAABpvQWDG-Hw... - 22 - tx74eccaa7b8f54875bfe30-0069bd06f6 - 0.0225 - - 1773995766.612259150 1773995766.634786367 0
Mar 20 08:36:06 np0005652755 container-server[124974]: 172.20.0.103 - - [20/Mar/2026:08:36:06 +0000] "PUT /d1/473/AUTH_7d343c0d5b2d4120a89e3784e7bef979/gnocchi.7732769b-73ca-4896-bc98-61e1a44c86ce/none_v3" 201 - "PUT http://172.18.0.184:8080/d1/447/AUTH_7d343c0d5b2d4120a89e3784e7bef979/gnocchi.7732769b-73ca-4896-bc98-61e1a44c86ce/none_v3" "tx6462b1c600594d5abfcd0-0069bd06f6" "object-server 24" 0.0013 "-" 21 0
Mar 20 08:36:06 np0005652755 object-server[125369]: 172.20.0.104 - - [20/Mar/2026:08:36:06 +0000] "PUT /d1/447/AUTH_7d343c0d5b2d4120a89e3784e7bef979/gnocchi.7732769b-73ca-4896-bc98-61e1a44c86ce/none_v3" 201 - "PUT http://172.18.0.184:8080/v1/AUTH_7d343c0d5b2d4120a89e3784e7bef979/gnocchi.7732769b-73ca-4896-bc98-61e1a44c86ce/none_v3" "tx6462b1c600594d5abfcd0-0069bd06f6" "proxy-server 20" 0.0138 "-" 24 0
Mar 20 08:36:06 np0005652755 container-server[124982]: 172.20.0.103 - - [20/Mar/2026:08:36:06 +0000] "GET /d1/159/AUTH_7d343c0d5b2d4120a89e3784e7bef979/gnocchi.c19c53c3-a313-44ef-8f8a-504195eb6341" 200 357 "GET http://172.18.0.184:8080/v1/AUTH_7d343c0d5b2d4120a89e3784e7bef979/gnocchi.c19c53c3-a313-44ef-8f8a-504195eb6341?format=json&states=listing" "tx0e7a9b6d35474aa78b76b-0069bd06f6" "proxy-server 20" 0.0031 "-" 23 0
Mar 20 08:36:06 np0005652755 proxy-server[126616]: 172.18.0.103 172.18.0.104 20/Mar/2026/08/36/06 GET /v1/AUTH_7d343c0d5b2d4120a89e3784e7bef979/gnocchi.c19c53c3-a313-44ef-8f8a-504195eb6341%3Fformat%3Djson%26states%3Dlisting HTTP/1.0 200 - python-swiftclient-3.11.1 gAAAAABpvQWDG-Hw... - 357 - tx0e7a9b6d35474aa78b76b-0069bd06f6 - 0.0180 - - 1773995766.641321182 1773995766.659341812 0
Mar 20 08:36:06 np0005652755 container-server[124978]: 172.20.0.104 - - [20/Mar/2026:08:36:06 +0000] "GET /d1/159/AUTH_7d343c0d5b2d4120a89e3784e7bef979/gnocchi.c19c53c3-a313-44ef-8f8a-504195eb6341" 200 2 "GET http://172.18.0.184:8080/v1/AUTH_7d343c0d5b2d4120a89e3784e7bef979/gnocchi.c19c53c3-a313-44ef-8f8a-504195eb6341?format=json&marker=none_v3&states=listing" "txee2f813801c3466294ba8-0069bd06f6" "proxy-server 20" 0.0045 "-" 22 0
Mar 20 08:36:06 np0005652755 object-server[125366]: 172.20.0.105 - - [20/Mar/2026:08:36:06 +0000] "PUT /d1/690/AUTH_7d343c0d5b2d4120a89e3784e7bef979/gnocchi.4d20b438-e8fc-4e48-b7a0-57e6b55cd997/1773360000.0_rate%3Amean_300.0_v3" 201 - "PUT http://172.18.0.184:8080/v1/AUTH_7d343c0d5b2d4120a89e3784e7bef979/gnocchi.4d20b438-e8fc-4e48-b7a0-57e6b55cd997/1773360000.0_rate%3Amean_300.0_v3" "tx1f244ee3728a4169824ba-0069bd06f6" "proxy-server 20" 0.0116 "-" 22 0
Mar 20 08:36:06 np0005652755 container-server[124974]: 172.20.0.103 - - [20/Mar/2026:08:36:06 +0000] "HEAD /d1/1/AUTH_7d343c0d5b2d4120a89e3784e7bef979/gnocchi.76ac617c-f62d-4743-9550-5dac796ab416" 204 - "HEAD http://172.18.0.184:8080/v1/AUTH_7d343c0d5b2d4120a89e3784e7bef979/gnocchi.76ac617c-f62d-4743-9550-5dac796ab416?format=json&states=listing" "txa289860fd5874fe0bbfed-0069bd06f6" "proxy-server 20" 0.0039 "-" 21 0
Mar 20 08:36:06 np0005652755 container-server[124974]: 172.20.0.104 - - [20/Mar/2026:08:36:06 +0000] "PUT /d1/719/AUTH_7d343c0d5b2d4120a89e3784e7bef979/gnocchi.4d20b438-e8fc-4e48-b7a0-57e6b55cd997/1773360000.0_rate%3Amean_300.0_v3" 201 - "PUT http://172.18.0.184:8080/d1/690/AUTH_7d343c0d5b2d4120a89e3784e7bef979/gnocchi.4d20b438-e8fc-4e48-b7a0-57e6b55cd997/1773360000.0_rate%3Amean_300.0_v3" "tx1f244ee3728a4169824ba-0069bd06f6" "object-server 23" 0.0012 "-" 21 0
Mar 20 08:36:06 np0005652755 proxy-server[126616]: 172.18.0.184 172.18.0.104 20/Mar/2026/08/36/06 GET /v1/AUTH_7d343c0d5b2d4120a89e3784e7bef979/gnocchi.76ac617c-f62d-4743-9550-5dac796ab416/none_v3 HTTP/1.0 200 - python-swiftclient-3.11.1 gAAAAABpvQV0UZ3z... - 22 - txa289860fd5874fe0bbfed-0069bd06f6 - 0.0183 - - 1773995766.671029329 1773995766.689283133 0
Mar 20 08:36:06 np0005652755 object-server[125369]: 172.20.0.103 - - [20/Mar/2026:08:36:06 +0000] "GET /d1/519/AUTH_7d343c0d5b2d4120a89e3784e7bef979/gnocchi.c19c53c3-a313-44ef-8f8a-504195eb6341/1773360000.0_rate%3Amean_300.0_v3" 404 70 "GET http://172.18.0.184:8080/v1/AUTH_7d343c0d5b2d4120a89e3784e7bef979/gnocchi.c19c53c3-a313-44ef-8f8a-504195eb6341/1773360000.0_rate%3Amean_300.0_v3" "txdb97ebb654e04f179f5ba-0069bd06f6" "proxy-server 20" 0.0010 "-" 24 0
Mar 20 08:36:06 np0005652755 proxy-server[126616]: 172.18.0.103 172.18.0.104 20/Mar/2026/08/36/06 GET /v1/AUTH_7d343c0d5b2d4120a89e3784e7bef979/gnocchi.c19c53c3-a313-44ef-8f8a-504195eb6341/1773360000.0_rate%253Amean_300.0_v3 HTTP/1.0 404 - python-swiftclient-3.11.1 gAAAAABpvQWDG-Hw... - 70 - txdb97ebb654e04f179f5ba-0069bd06f6 - 0.0198 - - 1773995766.695467234 1773995766.715253592 0
Mar 20 08:36:06 np0005652755 container-server[124974]: 172.20.0.103 - - [20/Mar/2026:08:36:06 +0000] "PUT /d1/719/AUTH_7d343c0d5b2d4120a89e3784e7bef979/gnocchi.4d20b438-e8fc-4e48-b7a0-57e6b55cd997/1773360000.0_mean_300.0_v3" 201 - "PUT http://172.18.0.184:8080/d1/137/AUTH_7d343c0d5b2d4120a89e3784e7bef979/gnocchi.4d20b438-e8fc-4e48-b7a0-57e6b55cd997/1773360000.0_mean_300.0_v3" "tx3b44a7d5b31a4a4fb809b-0069bd06f6" "object-server 23" 0.0009 "-" 21 0
Mar 20 08:36:06 np0005652755 object-server[125367]: 172.20.0.105 - - [20/Mar/2026:08:36:06 +0000] "PUT /d1/137/AUTH_7d343c0d5b2d4120a89e3784e7bef979/gnocchi.4d20b438-e8fc-4e48-b7a0-57e6b55cd997/1773360000.0_mean_300.0_v3" 201 - "PUT http://172.18.0.184:8080/v1/AUTH_7d343c0d5b2d4120a89e3784e7bef979/gnocchi.4d20b438-e8fc-4e48-b7a0-57e6b55cd997/1773360000.0_mean_300.0_v3" "tx3b44a7d5b31a4a4fb809b-0069bd06f6" "proxy-server 20" 0.0160 "-" 23 0
Mar 20 08:36:06 np0005652755 object-server[125367]: 172.20.0.104 - - [20/Mar/2026:08:36:06 +0000] "GET /d1/446/AUTH_7d343c0d5b2d4120a89e3784e7bef979/gnocchi.76ac617c-f62d-4743-9550-5dac796ab416/1773360000.0_mean_300.0_v3" 200 16 "GET http://172.18.0.184:8080/v1/AUTH_7d343c0d5b2d4120a89e3784e7bef979/gnocchi.76ac617c-f62d-4743-9550-5dac796ab416/1773360000.0_mean_300.0_v3" "tx9e0408bfe01c48679bed7-0069bd06f6" "proxy-server 20" 0.0010 "-" 23 0
Mar 20 08:36:06 np0005652755 object-server[125369]: 172.20.0.103 - - [20/Mar/2026:08:36:06 +0000] "PUT /d1/376/AUTH_7d343c0d5b2d4120a89e3784e7bef979/gnocchi.c19c53c3-a313-44ef-8f8a-504195eb6341/1773360000.0_mean_300.0_v3" 201 - "PUT http://172.18.0.184:8080/v1/AUTH_7d343c0d5b2d4120a89e3784e7bef979/gnocchi.c19c53c3-a313-44ef-8f8a-504195eb6341/1773360000.0_mean_300.0_v3" "tx37ccc26b16454988b7d37-0069bd06f6" "proxy-server 20" 0.0118 "-" 24 0
Mar 20 08:36:06 np0005652755 object-server[125367]: 172.20.0.104 - - [20/Mar/2026:08:36:06 +0000] "GET /d1/505/AUTH_7d343c0d5b2d4120a89e3784e7bef979/gnocchi.76ac617c-f62d-4743-9550-5dac796ab416/1773360000.0_rate%3Amean_300.0_v3" 404 70 "GET http://172.18.0.184:8080/v1/AUTH_7d343c0d5b2d4120a89e3784e7bef979/gnocchi.76ac617c-f62d-4743-9550-5dac796ab416/1773360000.0_rate%3Amean_300.0_v3" "txb8d22051ecb244e3b90bb-0069bd06f6" "proxy-server 20" 0.0004 "-" 23 0
Mar 20 08:36:06 np0005652755 container-server[124974]: 172.20.0.104 - - [20/Mar/2026:08:36:06 +0000] "PUT /d1/159/AUTH_7d343c0d5b2d4120a89e3784e7bef979/gnocchi.c19c53c3-a313-44ef-8f8a-504195eb6341/1773360000.0_mean_300.0_v3" 201 - "PUT http://172.18.0.184:8080/d1/376/AUTH_7d343c0d5b2d4120a89e3784e7bef979/gnocchi.c19c53c3-a313-44ef-8f8a-504195eb6341/1773360000.0_mean_300.0_v3" "tx37ccc26b16454988b7d37-0069bd06f6" "object-server 21" 0.0012 "-" 21 0
Mar 20 08:36:06 np0005652755 container-server[124978]: 172.20.0.105 - - [20/Mar/2026:08:36:06 +0000] "PUT /d1/719/AUTH_7d343c0d5b2d4120a89e3784e7bef979/gnocchi.4d20b438-e8fc-4e48-b7a0-57e6b55cd997/none_v3" 201 - "PUT http://172.18.0.184:8080/d1/960/AUTH_7d343c0d5b2d4120a89e3784e7bef979/gnocchi.4d20b438-e8fc-4e48-b7a0-57e6b55cd997/none_v3" "txc2ca93b236e44e9a973ee-0069bd06f6" "object-server 25" 0.0009 "-" 22 0
Mar 20 08:36:06 np0005652755 object-server[125366]: 172.20.0.105 - - [20/Mar/2026:08:36:06 +0000] "PUT /d1/960/AUTH_7d343c0d5b2d4120a89e3784e7bef979/gnocchi.4d20b438-e8fc-4e48-b7a0-57e6b55cd997/none_v3" 201 - "PUT http://172.18.0.184:8080/v1/AUTH_7d343c0d5b2d4120a89e3784e7bef979/gnocchi.4d20b438-e8fc-4e48-b7a0-57e6b55cd997/none_v3" "txc2ca93b236e44e9a973ee-0069bd06f6" "proxy-server 20" 0.0128 "-" 22 0
Mar 20 08:36:06 np0005652755 proxy-server[126616]: 172.18.0.103 172.18.0.104 20/Mar/2026/08/36/06 PUT /v1/AUTH_7d343c0d5b2d4120a89e3784e7bef979/gnocchi.c19c53c3-a313-44ef-8f8a-504195eb6341/1773360000.0_mean_300.0_v3 HTTP/1.0 201 - python-swiftclient-3.11.1 gAAAAABpvQWDG-Hw... 27 - - tx37ccc26b16454988b7d37-0069bd06f6 - 0.0309 - - 1773995766.722284794 1773995766.753182650 0
Mar 20 08:36:06 np0005652755 container-server[124974]: 172.20.0.105 - - [20/Mar/2026:08:36:06 +0000] "PUT /d1/159/AUTH_7d343c0d5b2d4120a89e3784e7bef979/gnocchi.c19c53c3-a313-44ef-8f8a-504195eb6341/1773360000.0_rate%3Amean_300.0_v3" 201 - "PUT http://172.18.0.184:8080/d1/519/AUTH_7d343c0d5b2d4120a89e3784e7bef979/gnocchi.c19c53c3-a313-44ef-8f8a-504195eb6341/1773360000.0_rate%3Amean_300.0_v3" "tx013dafac5ff54fe1a9f84-0069bd06f6" "object-server 24" 0.0011 "-" 21 0
Mar 20 08:36:06 np0005652755 object-server[125366]: 172.20.0.104 - - [20/Mar/2026:08:36:06 +0000] "PUT /d1/519/AUTH_7d343c0d5b2d4120a89e3784e7bef979/gnocchi.c19c53c3-a313-44ef-8f8a-504195eb6341/1773360000.0_rate%3Amean_300.0_v3" 201 - "PUT http://172.18.0.184:8080/v1/AUTH_7d343c0d5b2d4120a89e3784e7bef979/gnocchi.c19c53c3-a313-44ef-8f8a-504195eb6341/1773360000.0_rate%3Amean_300.0_v3" "tx013dafac5ff54fe1a9f84-0069bd06f6" "proxy-server 20" 0.0136 "-" 22 0
Mar 20 08:36:06 np0005652755 container-server[124982]: 172.20.0.105 - - [20/Mar/2026:08:36:06 +0000] "PUT /d1/1/AUTH_7d343c0d5b2d4120a89e3784e7bef979/gnocchi.76ac617c-f62d-4743-9550-5dac796ab416/1773360000.0_mean_300.0_v3" 201 - "PUT http://172.18.0.184:8080/d1/446/AUTH_7d343c0d5b2d4120a89e3784e7bef979/gnocchi.76ac617c-f62d-4743-9550-5dac796ab416/1773360000.0_mean_300.0_v3" "tx9e143ea0e5954794a8281-0069bd06f6" "object-server 22" 0.0009 "-" 23 0
Mar 20 08:36:06 np0005652755 object-server[125366]: 172.20.0.103 - - [20/Mar/2026:08:36:06 +0000] "PUT /d1/446/AUTH_7d343c0d5b2d4120a89e3784e7bef979/gnocchi.76ac617c-f62d-4743-9550-5dac796ab416/1773360000.0_mean_300.0_v3" 201 - "PUT http://172.18.0.184:8080/v1/AUTH_7d343c0d5b2d4120a89e3784e7bef979/gnocchi.76ac617c-f62d-4743-9550-5dac796ab416/1773360000.0_mean_300.0_v3" "tx9e143ea0e5954794a8281-0069bd06f6" "proxy-server 20" 0.0144 "-" 22 0
Mar 20 08:36:06 np0005652755 proxy-server[126616]: 172.18.0.184 172.18.0.104 20/Mar/2026/08/36/06 PUT /v1/AUTH_7d343c0d5b2d4120a89e3784e7bef979/gnocchi.76ac617c-f62d-4743-9550-5dac796ab416/1773360000.0_mean_300.0_v3 HTTP/1.0 201 - python-swiftclient-3.11.1 gAAAAABpvQV0UZ3z... 24 - - tx9e143ea0e5954794a8281-0069bd06f6 - 0.0258 - - 1773995766.758253098 1773995766.784030437 0
Mar 20 08:36:06 np0005652755 container-server[124971]: 172.20.0.103 - - [20/Mar/2026:08:36:06 +0000] "PUT /d1/159/AUTH_7d343c0d5b2d4120a89e3784e7bef979/gnocchi.c19c53c3-a313-44ef-8f8a-504195eb6341/none_v3" 201 - "PUT http://172.18.0.184:8080/d1/214/AUTH_7d343c0d5b2d4120a89e3784e7bef979/gnocchi.c19c53c3-a313-44ef-8f8a-504195eb6341/none_v3" "tx67c94c902d68407bb4e71-0069bd06f6" "object-server 24" 0.0007 "-" 20 0
Mar 20 08:36:06 np0005652755 object-server[125369]: 172.20.0.104 - - [20/Mar/2026:08:36:06 +0000] "PUT /d1/214/AUTH_7d343c0d5b2d4120a89e3784e7bef979/gnocchi.c19c53c3-a313-44ef-8f8a-504195eb6341/none_v3" 201 - "PUT http://172.18.0.184:8080/v1/AUTH_7d343c0d5b2d4120a89e3784e7bef979/gnocchi.c19c53c3-a313-44ef-8f8a-504195eb6341/none_v3" "tx67c94c902d68407bb4e71-0069bd06f6" "proxy-server 20" 0.0096 "-" 24 0
Mar 20 08:36:06 np0005652755 container-server[124978]: 172.20.0.105 - - [20/Mar/2026:08:36:06 +0000] "PUT /d1/1/AUTH_7d343c0d5b2d4120a89e3784e7bef979/gnocchi.76ac617c-f62d-4743-9550-5dac796ab416/1773360000.0_rate%3Amean_300.0_v3" 201 - "PUT http://172.18.0.184:8080/d1/505/AUTH_7d343c0d5b2d4120a89e3784e7bef979/gnocchi.76ac617c-f62d-4743-9550-5dac796ab416/1773360000.0_rate%3Amean_300.0_v3" "tx42f86a29ac6942e594726-0069bd06f6" "object-server 25" 0.0007 "-" 22 0
Mar 20 08:36:06 np0005652755 object-server[125369]: 172.20.0.103 - - [20/Mar/2026:08:36:06 +0000] "PUT /d1/505/AUTH_7d343c0d5b2d4120a89e3784e7bef979/gnocchi.76ac617c-f62d-4743-9550-5dac796ab416/1773360000.0_rate%3Amean_300.0_v3" 201 - "PUT http://172.18.0.184:8080/v1/AUTH_7d343c0d5b2d4120a89e3784e7bef979/gnocchi.76ac617c-f62d-4743-9550-5dac796ab416/1773360000.0_rate%3Amean_300.0_v3" "tx42f86a29ac6942e594726-0069bd06f6" "proxy-server 20" 0.0169 "-" 24 0
Mar 20 08:36:06 np0005652755 proxy-server[126616]: 172.18.0.184 172.18.0.104 20/Mar/2026/08/36/06 PUT /v1/AUTH_7d343c0d5b2d4120a89e3784e7bef979/gnocchi.76ac617c-f62d-4743-9550-5dac796ab416/1773360000.0_rate%253Amean_300.0_v3 HTTP/1.0 201 - python-swiftclient-3.11.1 gAAAAABpvQV0UZ3z... 16 - - tx42f86a29ac6942e594726-0069bd06f6 - 0.0291 - - 1773995766.788741112 1773995766.817805052 0
Mar 20 08:36:06 np0005652755 container-server[124971]: 172.20.0.105 - - [20/Mar/2026:08:36:06 +0000] "GET /d1/646/AUTH_7d343c0d5b2d4120a89e3784e7bef979/gnocchi.0612a46f-7d55-4806-9220-fb51651bab5c" 200 2 "GET http://172.18.0.184:8080/v1/AUTH_7d343c0d5b2d4120a89e3784e7bef979/gnocchi.0612a46f-7d55-4806-9220-fb51651bab5c?format=json&marker=none_v3&states=listing" "tx152d1fed3e0e498597675-0069bd06f6" "proxy-server 20" 0.0028 "-" 20 0
Mar 20 08:36:06 np0005652755 object-server[125373]: 172.20.0.103 - - [20/Mar/2026:08:36:06 +0000] "GET /d1/436/AUTH_7d343c0d5b2d4120a89e3784e7bef979/gnocchi.59e33ecd-364f-4302-b1f5-64115bad9dc7/none_v3" 200 22 "GET http://172.18.0.184:8080/v1/AUTH_7d343c0d5b2d4120a89e3784e7bef979/gnocchi.59e33ecd-364f-4302-b1f5-64115bad9dc7/none_v3" "txd495aead8f02497cb9f59-0069bd06f6" "proxy-server 20" 0.0007 "-" 25 0
Mar 20 08:36:06 np0005652755 proxy-server[126616]: 172.18.0.103 172.18.0.104 20/Mar/2026/08/36/06 GET /v1/AUTH_7d343c0d5b2d4120a89e3784e7bef979/gnocchi.59e33ecd-364f-4302-b1f5-64115bad9dc7/none_v3 HTTP/1.0 200 - python-swiftclient-3.11.1 gAAAAABpvQWDG-Hw... - 22 - txd495aead8f02497cb9f59-0069bd06f6 - 0.0159 - - 1773995766.827506781 1773995766.843437672 0
Mar 20 08:36:06 np0005652755 container-server[124971]: 172.20.0.103 - - [20/Mar/2026:08:36:06 +0000] "PUT /d1/1/AUTH_7d343c0d5b2d4120a89e3784e7bef979/gnocchi.76ac617c-f62d-4743-9550-5dac796ab416/none_v3" 201 - "PUT http://172.18.0.184:8080/d1/449/AUTH_7d343c0d5b2d4120a89e3784e7bef979/gnocchi.76ac617c-f62d-4743-9550-5dac796ab416/none_v3" "tx63b27d8770f54a1ca173a-0069bd06f6" "object-server 24" 0.0007 "-" 20 0
Mar 20 08:36:06 np0005652755 object-server[125369]: 172.20.0.104 - - [20/Mar/2026:08:36:06 +0000] "PUT /d1/449/AUTH_7d343c0d5b2d4120a89e3784e7bef979/gnocchi.76ac617c-f62d-4743-9550-5dac796ab416/none_v3" 201 - "PUT http://172.18.0.184:8080/v1/AUTH_7d343c0d5b2d4120a89e3784e7bef979/gnocchi.76ac617c-f62d-4743-9550-5dac796ab416/none_v3" "tx63b27d8770f54a1ca173a-0069bd06f6" "proxy-server 20" 0.0120 "-" 24 0
Mar 20 08:36:06 np0005652755 object-server[125373]: 172.20.0.103 - - [20/Mar/2026:08:36:06 +0000] "GET /d1/0/AUTH_7d343c0d5b2d4120a89e3784e7bef979/gnocchi.0612a46f-7d55-4806-9220-fb51651bab5c/1773360000.0_rate%3Amean_300.0_v3" 404 70 "GET http://172.18.0.184:8080/v1/AUTH_7d343c0d5b2d4120a89e3784e7bef979/gnocchi.0612a46f-7d55-4806-9220-fb51651bab5c/1773360000.0_rate%3Amean_300.0_v3" "tx95366671f2b14d4c9ab5f-0069bd06f6" "proxy-server 20" 0.0004 "-" 25 0
Mar 20 08:36:06 np0005652755 proxy-server[126616]: 172.18.0.105 172.18.0.104 20/Mar/2026/08/36/06 GET /v1/AUTH_7d343c0d5b2d4120a89e3784e7bef979/gnocchi.0612a46f-7d55-4806-9220-fb51651bab5c/1773360000.0_rate%253Amean_300.0_v3 HTTP/1.0 404 - python-swiftclient-3.11.1 gAAAAABpvQUzfcJv... - 70 - tx95366671f2b14d4c9ab5f-0069bd06f6 - 0.0143 - - 1773995766.848744154 1773995766.863074541 0
Mar 20 08:36:06 np0005652755 object-server[125367]: 172.20.0.105 - - [20/Mar/2026:08:36:06 +0000] "GET /d1/882/AUTH_7d343c0d5b2d4120a89e3784e7bef979/gnocchi.0612a46f-7d55-4806-9220-fb51651bab5c/1773360000.0_mean_300.0_v3" 200 16 "GET http://172.18.0.184:8080/v1/AUTH_7d343c0d5b2d4120a89e3784e7bef979/gnocchi.0612a46f-7d55-4806-9220-fb51651bab5c/1773360000.0_mean_300.0_v3" "tx949d8e677c5f4b5f9dd56-0069bd06f6" "proxy-server 20" 0.0009 "-" 23 0
Mar 20 08:36:06 np0005652755 proxy-server[126616]: 172.18.0.103 172.18.0.104 20/Mar/2026/08/36/06 GET /v1/AUTH_7d343c0d5b2d4120a89e3784e7bef979/gnocchi.59e33ecd-364f-4302-b1f5-64115bad9dc7%3Fformat%3Djson%26marker%3Dnone_v3%26states%3Dlisting HTTP/1.0 200 - python-swiftclient-3.11.1 gAAAAABpvQWDG-Hw... - 2 - tx676cd084e270439f85f59-0069bd06f6 - 0.0128 - - 1773995766.867068768 1773995766.879877329 0
Mar 20 08:36:06 np0005652755 proxy-server[126616]: 172.18.0.103 172.18.0.104 20/Mar/2026/08/36/06 GET /v1/AUTH_7d343c0d5b2d4120a89e3784e7bef979/gnocchi.59e33ecd-364f-4302-b1f5-64115bad9dc7/1773360000.0_mean_300.0_v3 HTTP/1.0 200 - python-swiftclient-3.11.1 gAAAAABpvQWDG-Hw... - 16 - txceb2079c2fd5485d9e18b-0069bd06f6 - 0.0109 - - 1773995766.884216309 1773995766.895145893 0
Mar 20 08:36:06 np0005652755 container-server[124978]: 172.20.0.105 - - [20/Mar/2026:08:36:06 +0000] "PUT /d1/646/AUTH_7d343c0d5b2d4120a89e3784e7bef979/gnocchi.0612a46f-7d55-4806-9220-fb51651bab5c/1773360000.0_rate%3Amean_300.0_v3" 201 - "PUT http://172.18.0.184:8080/d1/0/AUTH_7d343c0d5b2d4120a89e3784e7bef979/gnocchi.0612a46f-7d55-4806-9220-fb51651bab5c/1773360000.0_rate%3Amean_300.0_v3" "tx2ce79678354e45a5be337-0069bd06f6" "object-server 24" 0.0006 "-" 22 0
Mar 20 08:36:06 np0005652755 object-server[125367]: 172.20.0.103 - - [20/Mar/2026:08:36:06 +0000] "GET /d1/102/AUTH_7d343c0d5b2d4120a89e3784e7bef979/gnocchi.59e33ecd-364f-4302-b1f5-64115bad9dc7/1773360000.0_rate%3Amean_300.0_v3" 404 70 "GET http://172.18.0.184:8080/v1/AUTH_7d343c0d5b2d4120a89e3784e7bef979/gnocchi.59e33ecd-364f-4302-b1f5-64115bad9dc7/1773360000.0_rate%3Amean_300.0_v3" "tx13e4390ebb8f46c8a18b7-0069bd06f6" "proxy-server 20" 0.0003 "-" 23 0
Mar 20 08:36:06 np0005652755 object-server[125367]: 172.20.0.105 - - [20/Mar/2026:08:36:06 +0000] "PUT /d1/0/AUTH_7d343c0d5b2d4120a89e3784e7bef979/gnocchi.0612a46f-7d55-4806-9220-fb51651bab5c/1773360000.0_rate%3Amean_300.0_v3" 201 - "PUT http://172.18.0.184:8080/v1/AUTH_7d343c0d5b2d4120a89e3784e7bef979/gnocchi.0612a46f-7d55-4806-9220-fb51651bab5c/1773360000.0_rate%3Amean_300.0_v3" "tx2ce79678354e45a5be337-0069bd06f6" "proxy-server 20" 0.0136 "-" 23 0
Mar 20 08:36:06 np0005652755 proxy-server[126616]: 172.18.0.103 172.18.0.104 20/Mar/2026/08/36/06 GET /v1/AUTH_7d343c0d5b2d4120a89e3784e7bef979/gnocchi.59e33ecd-364f-4302-b1f5-64115bad9dc7/1773360000.0_rate%253Amean_300.0_v3 HTTP/1.0 404 - python-swiftclient-3.11.1 gAAAAABpvQWDG-Hw... - 70 - tx13e4390ebb8f46c8a18b7-0069bd06f6 - 0.0147 - - 1773995766.898047686 1773995766.912751198 0
Mar 20 08:36:06 np0005652755 object-server[125366]: 172.20.0.104 - - [20/Mar/2026:08:36:06 +0000] "GET /d1/352/AUTH_7d343c0d5b2d4120a89e3784e7bef979/gnocchi.0ee296e9-ee07-4d48-b262-1f289e1f549d/1773360000.0_mean_300.0_v3" 200 16 "GET http://172.18.0.184:8080/v1/AUTH_7d343c0d5b2d4120a89e3784e7bef979/gnocchi.0ee296e9-ee07-4d48-b262-1f289e1f549d/1773360000.0_mean_300.0_v3" "txe44f4d23f7354b37be5c8-0069bd06f6" "proxy-server 20" 0.0018 "-" 22 0
Mar 20 08:36:06 np0005652755 container-server[124982]: 172.20.0.105 - - [20/Mar/2026:08:36:06 +0000] "PUT /d1/143/AUTH_7d343c0d5b2d4120a89e3784e7bef979/gnocchi.59e33ecd-364f-4302-b1f5-64115bad9dc7/1773360000.0_mean_300.0_v3" 201 - "PUT http://172.18.0.184:8080/d1/896/AUTH_7d343c0d5b2d4120a89e3784e7bef979/gnocchi.59e33ecd-364f-4302-b1f5-64115bad9dc7/1773360000.0_mean_300.0_v3" "txc3141ad7628b43a7b6772-0069bd06f6" "object-server 25" 0.0008 "-" 23 0
Mar 20 08:36:06 np0005652755 object-server[125366]: 172.20.0.103 - - [20/Mar/2026:08:36:06 +0000] "PUT /d1/896/AUTH_7d343c0d5b2d4120a89e3784e7bef979/gnocchi.59e33ecd-364f-4302-b1f5-64115bad9dc7/1773360000.0_mean_300.0_v3" 201 - "PUT http://172.18.0.184:8080/v1/AUTH_7d343c0d5b2d4120a89e3784e7bef979/gnocchi.59e33ecd-364f-4302-b1f5-64115bad9dc7/1773360000.0_mean_300.0_v3" "txc3141ad7628b43a7b6772-0069bd06f6" "proxy-server 20" 0.0230 "-" 22 0
Mar 20 08:36:06 np0005652755 container-server[124971]: 172.20.0.103 - - [20/Mar/2026:08:36:06 +0000] "PUT /d1/646/AUTH_7d343c0d5b2d4120a89e3784e7bef979/gnocchi.0612a46f-7d55-4806-9220-fb51651bab5c/1773360000.0_mean_300.0_v3" 201 - "PUT http://172.18.0.184:8080/d1/882/AUTH_7d343c0d5b2d4120a89e3784e7bef979/gnocchi.0612a46f-7d55-4806-9220-fb51651bab5c/1773360000.0_mean_300.0_v3" "txdc43f60307a743ddaa1d3-0069bd06f6" "object-server 22" 0.0007 "-" 20 0
Mar 20 08:36:06 np0005652755 object-server[125366]: 172.20.0.105 - - [20/Mar/2026:08:36:06 +0000] "PUT /d1/882/AUTH_7d343c0d5b2d4120a89e3784e7bef979/gnocchi.0612a46f-7d55-4806-9220-fb51651bab5c/1773360000.0_mean_300.0_v3" 201 - "PUT http://172.18.0.184:8080/v1/AUTH_7d343c0d5b2d4120a89e3784e7bef979/gnocchi.0612a46f-7d55-4806-9220-fb51651bab5c/1773360000.0_mean_300.0_v3" "txdc43f60307a743ddaa1d3-0069bd06f6" "proxy-server 20" 0.0176 "-" 22 0
Mar 20 08:36:06 np0005652755 proxy-server[126616]: 172.18.0.103 172.18.0.104 20/Mar/2026/08/36/06 PUT /v1/AUTH_7d343c0d5b2d4120a89e3784e7bef979/gnocchi.59e33ecd-364f-4302-b1f5-64115bad9dc7/1773360000.0_mean_300.0_v3 HTTP/1.0 201 - python-swiftclient-3.11.1 gAAAAABpvQWDG-Hw... 23 - - txc3141ad7628b43a7b6772-0069bd06f6 - 0.0308 - - 1773995766.915796280 1773995766.946617126 0
Mar 20 08:36:06 np0005652755 object-server[125373]: 172.20.0.104 - - [20/Mar/2026:08:36:06 +0000] "GET /d1/837/AUTH_7d343c0d5b2d4120a89e3784e7bef979/gnocchi.0ee296e9-ee07-4d48-b262-1f289e1f549d/1773360000.0_rate%3Amean_300.0_v3" 404 70 "GET http://172.18.0.184:8080/v1/AUTH_7d343c0d5b2d4120a89e3784e7bef979/gnocchi.0ee296e9-ee07-4d48-b262-1f289e1f549d/1773360000.0_rate%3Amean_300.0_v3" "tx70d66843c9d8456786f72-0069bd06f6" "proxy-server 20" 0.0003 "-" 25 0
Mar 20 08:36:06 np0005652755 container-server[124971]: 172.20.0.103 - - [20/Mar/2026:08:36:06 +0000] "PUT /d1/646/AUTH_7d343c0d5b2d4120a89e3784e7bef979/gnocchi.0612a46f-7d55-4806-9220-fb51651bab5c/none_v3" 201 - "PUT http://172.18.0.184:8080/d1/340/AUTH_7d343c0d5b2d4120a89e3784e7bef979/gnocchi.0612a46f-7d55-4806-9220-fb51651bab5c/none_v3" "tx6f8b667db1e94e6b909d4-0069bd06f6" "object-server 24" 0.0008 "-" 20 0
Mar 20 08:36:06 np0005652755 object-server[125369]: 172.20.0.105 - - [20/Mar/2026:08:36:06 +0000] "PUT /d1/340/AUTH_7d343c0d5b2d4120a89e3784e7bef979/gnocchi.0612a46f-7d55-4806-9220-fb51651bab5c/none_v3" 201 - "PUT http://172.18.0.184:8080/v1/AUTH_7d343c0d5b2d4120a89e3784e7bef979/gnocchi.0612a46f-7d55-4806-9220-fb51651bab5c/none_v3" "tx6f8b667db1e94e6b909d4-0069bd06f6" "proxy-server 20" 0.0124 "-" 24 0
Mar 20 08:36:06 np0005652755 container-server[124978]: 172.20.0.104 - - [20/Mar/2026:08:36:06 +0000] "PUT /d1/143/AUTH_7d343c0d5b2d4120a89e3784e7bef979/gnocchi.59e33ecd-364f-4302-b1f5-64115bad9dc7/1773360000.0_rate%3Amean_300.0_v3" 201 - "PUT http://172.18.0.184:8080/d1/102/AUTH_7d343c0d5b2d4120a89e3784e7bef979/gnocchi.59e33ecd-364f-4302-b1f5-64115bad9dc7/1773360000.0_rate%3Amean_300.0_v3" "tx6c898be400ec40598c34a-0069bd06f6" "object-server 20" 0.0009 "-" 22 0
Mar 20 08:36:06 np0005652755 object-server[125366]: 172.20.0.103 - - [20/Mar/2026:08:36:06 +0000] "PUT /d1/102/AUTH_7d343c0d5b2d4120a89e3784e7bef979/gnocchi.59e33ecd-364f-4302-b1f5-64115bad9dc7/1773360000.0_rate%3Amean_300.0_v3" 201 - "PUT http://172.18.0.184:8080/v1/AUTH_7d343c0d5b2d4120a89e3784e7bef979/gnocchi.59e33ecd-364f-4302-b1f5-64115bad9dc7/1773360000.0_rate%3Amean_300.0_v3" "tx6c898be400ec40598c34a-0069bd06f6" "proxy-server 20" 0.0187 "-" 22 0
Mar 20 08:36:06 np0005652755 proxy-server[126616]: 172.18.0.103 172.18.0.104 20/Mar/2026/08/36/06 PUT /v1/AUTH_7d343c0d5b2d4120a89e3784e7bef979/gnocchi.59e33ecd-364f-4302-b1f5-64115bad9dc7/1773360000.0_rate%253Amean_300.0_v3 HTTP/1.0 201 - python-swiftclient-3.11.1 gAAAAABpvQWDG-Hw... 16 - - tx6c898be400ec40598c34a-0069bd06f6 - 0.0368 - - 1773995766.951850653 1773995766.988631964 0
Mar 20 08:36:06 np0005652755 container-server[124974]: 172.20.0.103 - - [20/Mar/2026:08:36:06 +0000] "PUT /d1/613/AUTH_7d343c0d5b2d4120a89e3784e7bef979/gnocchi.0ee296e9-ee07-4d48-b262-1f289e1f549d/1773360000.0_mean_300.0_v3" 201 - "PUT http://172.18.0.184:8080/d1/352/AUTH_7d343c0d5b2d4120a89e3784e7bef979/gnocchi.0ee296e9-ee07-4d48-b262-1f289e1f549d/1773360000.0_mean_300.0_v3" "tx1becfeedd7ee44f19ecbf-0069bd06f6" "object-server 22" 0.0006 "-" 21 0
Mar 20 08:36:06 np0005652755 object-server[125366]: 172.20.0.104 - - [20/Mar/2026:08:36:06 +0000] "PUT /d1/352/AUTH_7d343c0d5b2d4120a89e3784e7bef979/gnocchi.0ee296e9-ee07-4d48-b262-1f289e1f549d/1773360000.0_mean_300.0_v3" 201 - "PUT http://172.18.0.184:8080/v1/AUTH_7d343c0d5b2d4120a89e3784e7bef979/gnocchi.0ee296e9-ee07-4d48-b262-1f289e1f549d/1773360000.0_mean_300.0_v3" "tx1becfeedd7ee44f19ecbf-0069bd06f6" "proxy-server 20" 0.0136 "-" 22 0
Mar 20 08:36:07 np0005652755 container-server[124982]: 172.20.0.103 - - [20/Mar/2026:08:36:07 +0000] "PUT /d1/143/AUTH_7d343c0d5b2d4120a89e3784e7bef979/gnocchi.59e33ecd-364f-4302-b1f5-64115bad9dc7/none_v3" 201 - "PUT http://172.18.0.184:8080/d1/436/AUTH_7d343c0d5b2d4120a89e3784e7bef979/gnocchi.59e33ecd-364f-4302-b1f5-64115bad9dc7/none_v3" "txda1e20bec7ba407592cc8-0069bd06f6" "object-server 25" 0.0007 "-" 23 0
Mar 20 08:36:07 np0005652755 object-server[125373]: 172.20.0.105 - - [20/Mar/2026:08:36:07 +0000] "PUT /d1/436/AUTH_7d343c0d5b2d4120a89e3784e7bef979/gnocchi.59e33ecd-364f-4302-b1f5-64115bad9dc7/none_v3" 201 - "PUT http://172.18.0.184:8080/v1/AUTH_7d343c0d5b2d4120a89e3784e7bef979/gnocchi.59e33ecd-364f-4302-b1f5-64115bad9dc7/none_v3" "txda1e20bec7ba407592cc8-0069bd06f6" "proxy-server 20" 0.0131 "-" 25 0
Mar 20 08:36:07 np0005652755 container-server[124974]: 172.20.0.105 - - [20/Mar/2026:08:36:07 +0000] "PUT /d1/613/AUTH_7d343c0d5b2d4120a89e3784e7bef979/gnocchi.0ee296e9-ee07-4d48-b262-1f289e1f549d/1773360000.0_rate%3Amean_300.0_v3" 201 - "PUT http://172.18.0.184:8080/d1/837/AUTH_7d343c0d5b2d4120a89e3784e7bef979/gnocchi.0ee296e9-ee07-4d48-b262-1f289e1f549d/1773360000.0_rate%3Amean_300.0_v3" "tx2e1361f7fe8c4142844b0-0069bd06f7" "object-server 22" 0.0006 "-" 21 0
Mar 20 08:36:07 np0005652755 object-server[125369]: 172.20.0.103 - - [20/Mar/2026:08:36:07 +0000] "PUT /d1/837/AUTH_7d343c0d5b2d4120a89e3784e7bef979/gnocchi.0ee296e9-ee07-4d48-b262-1f289e1f549d/1773360000.0_rate%3Amean_300.0_v3" 201 - "PUT http://172.18.0.184:8080/v1/AUTH_7d343c0d5b2d4120a89e3784e7bef979/gnocchi.0ee296e9-ee07-4d48-b262-1f289e1f549d/1773360000.0_rate%3Amean_300.0_v3" "tx2e1361f7fe8c4142844b0-0069bd06f7" "proxy-server 20" 0.0141 "-" 24 0
Mar 20 08:36:07 np0005652755 proxy-server[126616]: 172.18.0.184 172.18.0.104 20/Mar/2026/08/36/07 PUT /v1/AUTH_7d343c0d5b2d4120a89e3784e7bef979/gnocchi.0ee296e9-ee07-4d48-b262-1f289e1f549d/1773360000.0_rate%253Amean_300.0_v3 HTTP/1.0 201 - python-swiftclient-3.11.1 gAAAAABpvQV0UZ3z... 16 - - tx2e1361f7fe8c4142844b0-0069bd06f7 - 0.0325 - - 1773995767.000899553 1773995767.033412933 0
Mar 20 08:36:07 np0005652755 container-server[124982]: 172.20.0.105 - - [20/Mar/2026:08:36:07 +0000] "GET /d1/510/AUTH_7d343c0d5b2d4120a89e3784e7bef979/gnocchi.60ade2c9-b5a8-4986-95b9-9528da1eb682" 200 2 "GET http://172.18.0.184:8080/v1/AUTH_7d343c0d5b2d4120a89e3784e7bef979/gnocchi.60ade2c9-b5a8-4986-95b9-9528da1eb682?format=json&marker=none_v3&states=listing" "tx4159f8754fcb4ea1891f1-0069bd06f7" "proxy-server 20" 0.0031 "-" 23 0
Mar 20 08:36:07 np0005652755 object-server[125366]: 172.20.0.104 - - [20/Mar/2026:08:36:07 +0000] "PUT /d1/766/AUTH_7d343c0d5b2d4120a89e3784e7bef979/gnocchi.0ee296e9-ee07-4d48-b262-1f289e1f549d/none_v3" 201 - "PUT http://172.18.0.184:8080/v1/AUTH_7d343c0d5b2d4120a89e3784e7bef979/gnocchi.0ee296e9-ee07-4d48-b262-1f289e1f549d/none_v3" "tx9b0d513ef78746c5b353d-0069bd06f7" "proxy-server 20" 0.0118 "-" 22 0
Mar 20 08:36:07 np0005652755 container-server[124971]: 172.20.0.104 - - [20/Mar/2026:08:36:07 +0000] "PUT /d1/613/AUTH_7d343c0d5b2d4120a89e3784e7bef979/gnocchi.0ee296e9-ee07-4d48-b262-1f289e1f549d/none_v3" 201 - "PUT http://172.18.0.184:8080/d1/766/AUTH_7d343c0d5b2d4120a89e3784e7bef979/gnocchi.0ee296e9-ee07-4d48-b262-1f289e1f549d/none_v3" "tx9b0d513ef78746c5b353d-0069bd06f7" "object-server 20" 0.0007 "-" 20 0
Mar 20 08:36:07 np0005652755 proxy-server[126616]: 172.18.0.103 172.18.0.104 20/Mar/2026/08/36/07 GET /v1/AUTH_7d343c0d5b2d4120a89e3784e7bef979/gnocchi.c0746cf1-494f-4ceb-a04d-b0d4ab0d3b8e/none_v3 HTTP/1.0 200 - python-swiftclient-3.11.1 gAAAAABpvQWDG-Hw... - 22 - txbb7731e1217f41c982d6c-0069bd06f7 - 0.0201 - - 1773995767.046995878 1773995767.067091227 0
Mar 20 08:36:07 np0005652755 object-server[125366]: 172.20.0.105 - - [20/Mar/2026:08:36:07 +0000] "GET /d1/951/AUTH_7d343c0d5b2d4120a89e3784e7bef979/gnocchi.60ade2c9-b5a8-4986-95b9-9528da1eb682/1773360000.0_rate%3Amean_300.0_v3" 404 70 "GET http://172.18.0.184:8080/v1/AUTH_7d343c0d5b2d4120a89e3784e7bef979/gnocchi.60ade2c9-b5a8-4986-95b9-9528da1eb682/1773360000.0_rate%3Amean_300.0_v3" "tx18e7b8436bda4b54b77aa-0069bd06f7" "proxy-server 20" 0.0003 "-" 22 0
Mar 20 08:36:07 np0005652755 proxy-server[126616]: 172.18.0.105 172.18.0.104 20/Mar/2026/08/36/07 GET /v1/AUTH_7d343c0d5b2d4120a89e3784e7bef979/gnocchi.60ade2c9-b5a8-4986-95b9-9528da1eb682/1773360000.0_mean_300.0_v3 HTTP/1.0 200 - python-swiftclient-3.11.1 gAAAAABpvQUzfcJv... - 16 - tx80dc407f8c9c49abaebbc-0069bd06f7 - 0.0113 - - 1773995767.090754509 1773995767.102073431 0
Mar 20 08:36:07 np0005652755 container-server[124982]: 172.20.0.105 - - [20/Mar/2026:08:36:07 +0000] "GET /d1/335/AUTH_7d343c0d5b2d4120a89e3784e7bef979/gnocchi.c0746cf1-494f-4ceb-a04d-b0d4ab0d3b8e" 200 2 "GET http://172.18.0.184:8080/v1/AUTH_7d343c0d5b2d4120a89e3784e7bef979/gnocchi.c0746cf1-494f-4ceb-a04d-b0d4ab0d3b8e?format=json&marker=none_v3&states=listing" "txc9b4ad1c2c2d43829486d-0069bd06f7" "proxy-server 20" 0.0040 "-" 23 0
Mar 20 08:36:07 np0005652755 object-server[125373]: 172.20.0.103 - - [20/Mar/2026:08:36:07 +0000] "GET /d1/644/AUTH_7d343c0d5b2d4120a89e3784e7bef979/gnocchi.c0746cf1-494f-4ceb-a04d-b0d4ab0d3b8e/1773360000.0_mean_300.0_v3" 200 16 "GET http://172.18.0.184:8080/v1/AUTH_7d343c0d5b2d4120a89e3784e7bef979/gnocchi.c0746cf1-494f-4ceb-a04d-b0d4ab0d3b8e/1773360000.0_mean_300.0_v3" "txc77c2ba9688645d484103-0069bd06f7" "proxy-server 20" 0.0008 "-" 25 0
Mar 20 08:36:07 np0005652755 proxy-server[126616]: 172.18.0.103 172.18.0.104 20/Mar/2026/08/36/07 GET /v1/AUTH_7d343c0d5b2d4120a89e3784e7bef979/gnocchi.c0746cf1-494f-4ceb-a04d-b0d4ab0d3b8e/1773360000.0_mean_300.0_v3 HTTP/1.0 200 - python-swiftclient-3.11.1 gAAAAABpvQWDG-Hw... - 16 - txc77c2ba9688645d484103-0069bd06f7 - 0.0083 - - 1773995767.113861561 1773995767.122198343 0
Mar 20 08:36:07 np0005652755 container-server[124982]: 172.20.0.103 - - [20/Mar/2026:08:36:07 +0000] "PUT /d1/510/AUTH_7d343c0d5b2d4120a89e3784e7bef979/gnocchi.60ade2c9-b5a8-4986-95b9-9528da1eb682/1773360000.0_rate%3Amean_300.0_v3" 201 - "PUT http://172.18.0.184:8080/d1/951/AUTH_7d343c0d5b2d4120a89e3784e7bef979/gnocchi.60ade2c9-b5a8-4986-95b9-9528da1eb682/1773360000.0_rate%3Amean_300.0_v3" "txd8cd2912e73145b29e8a9-0069bd06f7" "object-server 23" 0.0010 "-" 23 0
Mar 20 08:36:07 np0005652755 object-server[125367]: 172.20.0.104 - - [20/Mar/2026:08:36:07 +0000] "PUT /d1/951/AUTH_7d343c0d5b2d4120a89e3784e7bef979/gnocchi.60ade2c9-b5a8-4986-95b9-9528da1eb682/1773360000.0_rate%3Amean_300.0_v3" 201 - "PUT http://172.18.0.184:8080/v1/AUTH_7d343c0d5b2d4120a89e3784e7bef979/gnocchi.60ade2c9-b5a8-4986-95b9-9528da1eb682/1773360000.0_rate%3Amean_300.0_v3" "txd8cd2912e73145b29e8a9-0069bd06f7" "proxy-server 20" 0.0133 "-" 23 0
Mar 20 08:36:07 np0005652755 object-server[125367]: 172.20.0.105 - - [20/Mar/2026:08:36:07 +0000] "GET /d1/1019/AUTH_7d343c0d5b2d4120a89e3784e7bef979/gnocchi.c0746cf1-494f-4ceb-a04d-b0d4ab0d3b8e/1773360000.0_rate%3Amean_300.0_v3" 404 70 "GET http://172.18.0.184:8080/v1/AUTH_7d343c0d5b2d4120a89e3784e7bef979/gnocchi.c0746cf1-494f-4ceb-a04d-b0d4ab0d3b8e/1773360000.0_rate%3Amean_300.0_v3" "txc284c72626ce4988bcfa7-0069bd06f7" "proxy-server 20" 0.0003 "-" 23 0
Mar 20 08:36:07 np0005652755 object-server[125369]: 172.20.0.103 - - [20/Mar/2026:08:36:07 +0000] "PUT /d1/675/AUTH_7d343c0d5b2d4120a89e3784e7bef979/gnocchi.60ade2c9-b5a8-4986-95b9-9528da1eb682/1773360000.0_mean_300.0_v3" 201 - "PUT http://172.18.0.184:8080/v1/AUTH_7d343c0d5b2d4120a89e3784e7bef979/gnocchi.60ade2c9-b5a8-4986-95b9-9528da1eb682/1773360000.0_mean_300.0_v3" "txba3a00cb382c40eca4c06-0069bd06f7" "proxy-server 20" 0.0139 "-" 24 0
Mar 20 08:36:07 np0005652755 container-server[124974]: 172.20.0.105 - - [20/Mar/2026:08:36:07 +0000] "PUT /d1/510/AUTH_7d343c0d5b2d4120a89e3784e7bef979/gnocchi.60ade2c9-b5a8-4986-95b9-9528da1eb682/1773360000.0_mean_300.0_v3" 201 - "PUT http://172.18.0.184:8080/d1/675/AUTH_7d343c0d5b2d4120a89e3784e7bef979/gnocchi.60ade2c9-b5a8-4986-95b9-9528da1eb682/1773360000.0_mean_300.0_v3" "txba3a00cb382c40eca4c06-0069bd06f7" "object-server 25" 0.0012 "-" 21 0
Mar 20 08:36:07 np0005652755 proxy-server[126616]: 172.18.0.105 172.18.0.104 20/Mar/2026/08/36/07 PUT /v1/AUTH_7d343c0d5b2d4120a89e3784e7bef979/gnocchi.60ade2c9-b5a8-4986-95b9-9528da1eb682/1773360000.0_mean_300.0_v3 HTTP/1.0 201 - python-swiftclient-3.11.1 gAAAAABpvQUzfcJv... 27 - - txba3a00cb382c40eca4c06-0069bd06f7 - 0.0298 - - 1773995767.140175819 1773995767.169943094 0
Mar 20 08:36:07 np0005652755 container-server[124974]: 172.20.0.103 - - [20/Mar/2026:08:36:07 +0000] "PUT /d1/335/AUTH_7d343c0d5b2d4120a89e3784e7bef979/gnocchi.c0746cf1-494f-4ceb-a04d-b0d4ab0d3b8e/1773360000.0_mean_300.0_v3" 201 - "PUT http://172.18.0.184:8080/d1/644/AUTH_7d343c0d5b2d4120a89e3784e7bef979/gnocchi.c0746cf1-494f-4ceb-a04d-b0d4ab0d3b8e/1773360000.0_mean_300.0_v3" "txc8dbbb5cefd1475aa5984-0069bd06f7" "object-server 24" 0.0010 "-" 21 0
Mar 20 08:36:07 np0005652755 object-server[125369]: 172.20.0.104 - - [20/Mar/2026:08:36:07 +0000] "PUT /d1/644/AUTH_7d343c0d5b2d4120a89e3784e7bef979/gnocchi.c0746cf1-494f-4ceb-a04d-b0d4ab0d3b8e/1773360000.0_mean_300.0_v3" 201 - "PUT http://172.18.0.184:8080/v1/AUTH_7d343c0d5b2d4120a89e3784e7bef979/gnocchi.c0746cf1-494f-4ceb-a04d-b0d4ab0d3b8e/1773360000.0_mean_300.0_v3" "txc8dbbb5cefd1475aa5984-0069bd06f7" "proxy-server 20" 0.0159 "-" 24 0
Mar 20 08:36:07 np0005652755 object-server[125369]: 172.20.0.105 - - [20/Mar/2026:08:36:07 +0000] "PUT /d1/279/AUTH_7d343c0d5b2d4120a89e3784e7bef979/gnocchi.60ade2c9-b5a8-4986-95b9-9528da1eb682/none_v3" 201 - "PUT http://172.18.0.184:8080/v1/AUTH_7d343c0d5b2d4120a89e3784e7bef979/gnocchi.60ade2c9-b5a8-4986-95b9-9528da1eb682/none_v3" "txdb783731c20349648881c-0069bd06f7" "proxy-server 20" 0.0142 "-" 24 0
Mar 20 08:36:07 np0005652755 container-server[124974]: 172.20.0.105 - - [20/Mar/2026:08:36:07 +0000] "PUT /d1/510/AUTH_7d343c0d5b2d4120a89e3784e7bef979/gnocchi.60ade2c9-b5a8-4986-95b9-9528da1eb682/none_v3" 201 - "PUT http://172.18.0.184:8080/d1/279/AUTH_7d343c0d5b2d4120a89e3784e7bef979/gnocchi.60ade2c9-b5a8-4986-95b9-9528da1eb682/none_v3" "txdb783731c20349648881c-0069bd06f7" "object-server 22" 0.0009 "-" 21 0
Mar 20 08:36:07 np0005652755 container-server[124982]: 172.20.0.105 - - [20/Mar/2026:08:36:07 +0000] "PUT /d1/335/AUTH_7d343c0d5b2d4120a89e3784e7bef979/gnocchi.c0746cf1-494f-4ceb-a04d-b0d4ab0d3b8e/1773360000.0_rate%3Amean_300.0_v3" 201 - "PUT http://172.18.0.184:8080/d1/1019/AUTH_7d343c0d5b2d4120a89e3784e7bef979/gnocchi.c0746cf1-494f-4ceb-a04d-b0d4ab0d3b8e/1773360000.0_rate%3Amean_300.0_v3" "tx62e2abbe43614c2597c76-0069bd06f7" "object-server 22" 0.0008 "-" 23 0
Mar 20 08:36:07 np0005652755 object-server[125373]: 172.20.0.103 - - [20/Mar/2026:08:36:07 +0000] "PUT /d1/1019/AUTH_7d343c0d5b2d4120a89e3784e7bef979/gnocchi.c0746cf1-494f-4ceb-a04d-b0d4ab0d3b8e/1773360000.0_rate%3Amean_300.0_v3" 201 - "PUT http://172.18.0.184:8080/v1/AUTH_7d343c0d5b2d4120a89e3784e7bef979/gnocchi.c0746cf1-494f-4ceb-a04d-b0d4ab0d3b8e/1773360000.0_rate%3Amean_300.0_v3" "tx62e2abbe43614c2597c76-0069bd06f7" "proxy-server 20" 0.0124 "-" 25 0
Mar 20 08:36:07 np0005652755 proxy-server[126616]: 172.18.0.103 172.18.0.104 20/Mar/2026/08/36/07 PUT /v1/AUTH_7d343c0d5b2d4120a89e3784e7bef979/gnocchi.c0746cf1-494f-4ceb-a04d-b0d4ab0d3b8e/1773360000.0_rate%253Amean_300.0_v3 HTTP/1.0 201 - python-swiftclient-3.11.1 gAAAAABpvQWDG-Hw... 16 - - tx62e2abbe43614c2597c76-0069bd06f7 - 0.0301 - - 1773995767.188091278 1773995767.218209028 0
Mar 20 08:36:07 np0005652755 container-server[124978]: 172.20.0.103 - - [20/Mar/2026:08:36:07 +0000] "PUT /d1/335/AUTH_7d343c0d5b2d4120a89e3784e7bef979/gnocchi.c0746cf1-494f-4ceb-a04d-b0d4ab0d3b8e/none_v3" 201 - "PUT http://172.18.0.184:8080/d1/748/AUTH_7d343c0d5b2d4120a89e3784e7bef979/gnocchi.c0746cf1-494f-4ceb-a04d-b0d4ab0d3b8e/none_v3" "tx334ee543f3914a4bb3445-0069bd06f7" "object-server 23" 0.0006 "-" 22 0
Mar 20 08:36:07 np0005652755 object-server[125367]: 172.20.0.104 - - [20/Mar/2026:08:36:07 +0000] "PUT /d1/748/AUTH_7d343c0d5b2d4120a89e3784e7bef979/gnocchi.c0746cf1-494f-4ceb-a04d-b0d4ab0d3b8e/none_v3" 201 - "PUT http://172.18.0.184:8080/v1/AUTH_7d343c0d5b2d4120a89e3784e7bef979/gnocchi.c0746cf1-494f-4ceb-a04d-b0d4ab0d3b8e/none_v3" "tx334ee543f3914a4bb3445-0069bd06f7" "proxy-server 20" 0.0116 "-" 23 0
Mar 20 08:36:12 np0005652755 container-server[124504]: Beginning replication run
Mar 20 08:36:12 np0005652755 account-server[124377]: Beginning replication run
Mar 20 08:36:12 np0005652755 account-server[124377]: Replication run OVER
Mar 20 08:36:12 np0005652755 account-server[124377]: Attempted to replicate 1 dbs in 0.02691 seconds (37.16199/s)
Mar 20 08:36:12 np0005652755 account-server[124377]: Removed 0 dbs
Mar 20 08:36:12 np0005652755 account-server[124377]: 2 successes, 0 failures
Mar 20 08:36:12 np0005652755 account-server[124377]: diff:0 diff_capped:0 empty:0 hashmatch:0 no_change:2 remote_merge:0 rsync:0 ts_repl:0
Mar 20 08:36:12 np0005652755 container-server[124504]: Replication run OVER
Mar 20 08:36:12 np0005652755 container-server[124504]: Attempted to replicate 22 dbs in 0.78802 seconds (27.91793/s)
Mar 20 08:36:12 np0005652755 container-server[124504]: Removed 0 dbs
Mar 20 08:36:12 np0005652755 container-server[124504]: 44 successes, 0 failures
Mar 20 08:36:12 np0005652755 container-server[124504]: diff:0 diff_capped:0 empty:0 hashmatch:0 no_change:44 remote_merge:0 rsync:0 ts_repl:0
Mar 20 08:36:24 np0005652755 object-server[125080]: Starting object replication pass.
Mar 20 08:36:24 np0005652755 object-server[125080]: 55/55 (100.00%) partitions replicated in 0.53s (103.46/sec, 0s remaining)
Mar 20 08:36:24 np0005652755 object-server[125080]: 110 successes, 0 failures
Mar 20 08:36:24 np0005652755 object-server[125080]: 57 suffixes checked - 0.00% hashed, 0.00% synced
Mar 20 08:36:24 np0005652755 object-server[125080]: Partition times: max 0.0175s, min 0.0059s, med 0.0088s
Mar 20 08:36:24 np0005652755 object-server[125080]: Object replication complete. (0.01 minutes)
Mar 20 08:36:28 np0005652755 account-server[124815]: 172.20.0.103 - - [20/Mar/2026:08:36:28 +0000] "HEAD /d1/238/.expiring_objects" 404 - "HEAD http://localhost/v1/.expiring_objects?format=json" "tx8cf4304381704bfba01cf-0069bd070c" "proxy-server 2" 0.0007 "-" 21 -
Mar 20 08:36:28 np0005652755 object-expirer[125094]: Pass completed in 0s; 0 objects expired (txn: tx8cf4304381704bfba01cf-0069bd070c)
Mar 20 08:36:32 np0005652755 object-server[257289]: Begin object audit "forever" mode (ZBF)
Mar 20 08:36:32 np0005652755 object-server[257289]: Object audit (ZBF). Since Fri Mar 20 08:36:32 2026: Locally: 1 passed, 0 quarantined, 0 errors, files/sec: 639.96, bytes/sec: 0.00, Total time: 0.00, Auditing time: 0.00, Rate: 0.00
Mar 20 08:36:32 np0005652755 object-server[257290]: Begin object audit "forever" mode (ALL)
Mar 20 08:36:32 np0005652755 object-server[257290]: Object audit (ALL). Since Fri Mar 20 08:36:32 2026: Locally: 1 passed, 0 quarantined, 0 errors, files/sec: 97.08, bytes/sec: 1553.30, Total time: 0.01, Auditing time: 0.00, Rate: 0.00
Mar 20 08:36:33 np0005652755 object-server[257289]: Object audit (ZBF) "forever" mode completed: 1.12s. Total quarantined: 0, Total errors: 0, Total files/sec: 50.77, Total bytes/sec: 0.00, Auditing time: 1.11, Rate: 0.99
Mar 20 08:36:34 np0005652755 object-server[257290]: Object audit (ALL) "forever" mode completed: 2.81s. Total quarantined: 0, Total errors: 0, Total files/sec: 20.27, Total bytes/sec: 468.76, Auditing time: 2.79, Rate: 0.99
Mar 20 08:36:42 np0005652755 container-server[124504]: Beginning replication run
Mar 20 08:36:42 np0005652755 account-server[124377]: Beginning replication run
Mar 20 08:36:42 np0005652755 account-server[124377]: Replication run OVER
Mar 20 08:36:42 np0005652755 account-server[124377]: Attempted to replicate 1 dbs in 0.02188 seconds (45.71129/s)
Mar 20 08:36:42 np0005652755 account-server[124377]: Removed 0 dbs
Mar 20 08:36:42 np0005652755 account-server[124377]: 2 successes, 0 failures
Mar 20 08:36:42 np0005652755 account-server[124377]: diff:0 diff_capped:0 empty:0 hashmatch:0 no_change:2 remote_merge:0 rsync:0 ts_repl:0
Mar 20 08:36:42 np0005652755 container-server[124504]: Replication run OVER
Mar 20 08:36:42 np0005652755 container-server[124504]: Attempted to replicate 22 dbs in 0.43688 seconds (50.35722/s)
Mar 20 08:36:42 np0005652755 container-server[124504]: Removed 0 dbs
Mar 20 08:36:42 np0005652755 container-server[124504]: 44 successes, 0 failures
Mar 20 08:36:42 np0005652755 container-server[124504]: diff:0 diff_capped:0 empty:0 hashmatch:0 no_change:44 remote_merge:0 rsync:0 ts_repl:0
Mar 20 08:36:54 np0005652755 object-server[125080]: Starting object replication pass.
Mar 20 08:36:55 np0005652755 object-server[125080]: 55/55 (100.00%) partitions replicated in 0.56s (97.87/sec, 0s remaining)
Mar 20 08:36:55 np0005652755 object-server[125080]: 110 successes, 0 failures
Mar 20 08:36:55 np0005652755 object-server[125080]: 57 suffixes checked - 0.00% hashed, 0.00% synced
Mar 20 08:36:55 np0005652755 object-server[125080]: Partition times: max 0.0442s, min 0.0067s, med 0.0086s
Mar 20 08:36:55 np0005652755 object-server[125080]: Object replication complete. (0.01 minutes)
Mar 20 08:37:03 np0005652755 object-server[257420]: Begin object audit "forever" mode (ZBF)
Mar 20 08:37:03 np0005652755 object-server[257420]: Object audit (ZBF). Since Fri Mar 20 08:37:03 2026: Locally: 1 passed, 0 quarantined, 0 errors, files/sec: 440.25, bytes/sec: 0.00, Total time: 0.00, Auditing time: 0.00, Rate: 0.00
