Mar 20 08:32:56 np0005652755 account-server[124822]: 172.20.0.103 - - [20/Mar/2026:08:32:56 +0000] "PUT /d1/117/AUTH_7d343c0d5b2d4120a89e3784e7bef979/gnocchi.7732769b-73ca-4896-bc98-61e1a44c86ce" 201 - "-" "-" "container-updater 2" 0.0009 "-" 22 0
Mar 20 08:32:56 np0005652755 object-server[232822]: Object audit (ZBF) "forever" mode completed: 0.84s. Total quarantined: 0, Total errors: 0, Total files/sec: 52.20, Total bytes/sec: 0.00, Auditing time: 0.83, Rate: 0.99
Mar 20 08:32:56 np0005652755 account-server[124822]: 172.20.0.103 - - [20/Mar/2026:08:32:56 +0000] "PUT /d1/117/AUTH_7d343c0d5b2d4120a89e3784e7bef979/gnocchi.1b23d178-f422-4192-b9ee-3dd1c8892dff" 201 - "-" "-" "container-updater 2" 0.0010 "-" 22 0
Mar 20 08:32:56 np0005652755 account-server[124815]: 172.20.0.103 - - [20/Mar/2026:08:32:56 +0000] "PUT /d1/117/AUTH_7d343c0d5b2d4120a89e3784e7bef979/gnocchi.4d20b438-e8fc-4e48-b7a0-57e6b55cd997" 201 - "-" "-" "container-updater 2" 0.0004 "-" 21 0
Mar 20 08:32:56 np0005652755 account-server[124822]: 172.20.0.103 - - [20/Mar/2026:08:32:56 +0000] "PUT /d1/117/AUTH_7d343c0d5b2d4120a89e3784e7bef979/gnocchi.daaec908-b1ed-476a-b78a-972763f92e2c" 201 - "-" "-" "container-updater 2" 0.0008 "-" 22 0
Mar 20 08:32:56 np0005652755 account-server[124815]: 172.20.0.103 - - [20/Mar/2026:08:32:56 +0000] "PUT /d1/117/AUTH_7d343c0d5b2d4120a89e3784e7bef979/gnocchi.e223645d-7929-400f-890b-8fae74227a78" 201 - "-" "-" "container-updater 2" 0.0007 "-" 21 0
Mar 20 08:32:56 np0005652755 account-server[124822]: 172.20.0.103 - - [20/Mar/2026:08:32:56 +0000] "PUT /d1/117/AUTH_7d343c0d5b2d4120a89e3784e7bef979/gnocchi.0ee296e9-ee07-4d48-b262-1f289e1f549d" 201 - "-" "-" "container-updater 2" 0.0009 "-" 22 0
Mar 20 08:32:56 np0005652755 account-server[124779]: 172.20.0.103 - - [20/Mar/2026:08:32:56 +0000] "PUT /d1/117/AUTH_7d343c0d5b2d4120a89e3784e7bef979/gnocchi.6464facd-49e8-4201-ad60-a18601ae1aea" 201 - "-" "-" "container-updater 2" 0.0008 "-" 20 0
Mar 20 08:32:56 np0005652755 account-server[124815]: 172.20.0.103 - - [20/Mar/2026:08:32:56 +0000] "PUT /d1/117/AUTH_7d343c0d5b2d4120a89e3784e7bef979/gnocchi.0612a46f-7d55-4806-9220-fb51651bab5c" 201 - "-" "-" "container-updater 2" 0.0004 "-" 21 0
Mar 20 08:32:56 np0005652755 container-server[124905]: Container update sweep completed: 1.90s
Mar 20 08:33:11 np0005652755 container-server[124504]: Beginning replication run
Mar 20 08:33:12 np0005652755 account-server[124377]: Beginning replication run
Mar 20 08:33:12 np0005652755 account-server[124377]: Replication run OVER
Mar 20 08:33:12 np0005652755 account-server[124377]: Attempted to replicate 1 dbs in 0.02843 seconds (35.16958/s)
Mar 20 08:33:12 np0005652755 account-server[124377]: Removed 0 dbs
Mar 20 08:33:12 np0005652755 account-server[124377]: 2 successes, 0 failures
Mar 20 08:33:12 np0005652755 account-server[124377]: diff:0 diff_capped:0 empty:0 hashmatch:0 no_change:2 remote_merge:0 rsync:0 ts_repl:0
Mar 20 08:33:12 np0005652755 container-server[124504]: Replication run OVER
Mar 20 08:33:12 np0005652755 container-server[124504]: Attempted to replicate 22 dbs in 0.43993 seconds (50.00827/s)
Mar 20 08:33:12 np0005652755 container-server[124504]: Removed 0 dbs
Mar 20 08:33:12 np0005652755 container-server[124504]: 44 successes, 0 failures
Mar 20 08:33:12 np0005652755 container-server[124504]: diff:0 diff_capped:0 empty:0 hashmatch:0 no_change:44 remote_merge:0 rsync:0 ts_repl:0
Mar 20 08:33:17 np0005652755 account-server[124828]: 172.20.0.104 - - [20/Mar/2026:08:33:17 +0000] "PUT /d1/117/AUTH_7d343c0d5b2d4120a89e3784e7bef979/gnocchi.60ade2c9-b5a8-4986-95b9-9528da1eb682" 201 - "-" "-" "container-updater 2" 0.0005 "-" 23 0
Mar 20 08:33:18 np0005652755 account-server[124779]: 172.20.0.104 - - [20/Mar/2026:08:33:18 +0000] "PUT /d1/117/AUTH_7d343c0d5b2d4120a89e3784e7bef979/gnocchi.7232b695-1fa3-451a-8a9f-e8a97d6688be" 201 - "-" "-" "container-updater 2" 0.0005 "-" 20 0
Mar 20 08:33:18 np0005652755 account-server[124815]: 172.20.0.104 - - [20/Mar/2026:08:33:18 +0000] "PUT /d1/117/AUTH_7d343c0d5b2d4120a89e3784e7bef979/gnocchi.76ac617c-f62d-4743-9550-5dac796ab416" 201 - "-" "-" "container-updater 2" 0.0009 "-" 21 0
Mar 20 08:33:18 np0005652755 account-server[124779]: 172.20.0.104 - - [20/Mar/2026:08:33:18 +0000] "PUT /d1/117/AUTH_7d343c0d5b2d4120a89e3784e7bef979/gnocchi.1b23d178-f422-4192-b9ee-3dd1c8892dff" 201 - "-" "-" "container-updater 2" 0.0007 "-" 20 0
Mar 20 08:33:18 np0005652755 account-server[124815]: 172.20.0.104 - - [20/Mar/2026:08:33:18 +0000] "PUT /d1/117/AUTH_7d343c0d5b2d4120a89e3784e7bef979/gnocchi.7732769b-73ca-4896-bc98-61e1a44c86ce" 201 - "-" "-" "container-updater 2" 0.0009 "-" 21 0
Mar 20 08:33:18 np0005652755 account-server[124815]: 172.20.0.104 - - [20/Mar/2026:08:33:18 +0000] "PUT /d1/117/AUTH_7d343c0d5b2d4120a89e3784e7bef979/gnocchi.8f866d48-5cbf-42ec-83d2-437c471232a1" 201 - "-" "-" "container-updater 2" 0.0005 "-" 21 0
Mar 20 08:33:18 np0005652755 account-server[124779]: 172.20.0.104 - - [20/Mar/2026:08:33:18 +0000] "PUT /d1/117/AUTH_7d343c0d5b2d4120a89e3784e7bef979/gnocchi.4d20b438-e8fc-4e48-b7a0-57e6b55cd997" 201 - "-" "-" "container-updater 2" 0.0007 "-" 20 0
Mar 20 08:33:18 np0005652755 account-server[124779]: 172.20.0.104 - - [20/Mar/2026:08:33:18 +0000] "PUT /d1/117/AUTH_7d343c0d5b2d4120a89e3784e7bef979/gnocchi.59e33ecd-364f-4302-b1f5-64115bad9dc7" 201 - "-" "-" "container-updater 2" 0.0007 "-" 20 0
Mar 20 08:33:18 np0005652755 account-server[124815]: 172.20.0.104 - - [20/Mar/2026:08:33:18 +0000] "PUT /d1/117/AUTH_7d343c0d5b2d4120a89e3784e7bef979/gnocchi.c19c53c3-a313-44ef-8f8a-504195eb6341" 201 - "-" "-" "container-updater 2" 0.0009 "-" 21 0
Mar 20 08:33:18 np0005652755 account-server[124815]: 172.20.0.104 - - [20/Mar/2026:08:33:18 +0000] "PUT /d1/117/AUTH_7d343c0d5b2d4120a89e3784e7bef979/gnocchi.9d81c3b2-5af8-43f4-8df3-c1120a30577c" 201 - "-" "-" "container-updater 2" 0.0007 "-" 21 0
Mar 20 08:33:18 np0005652755 account-server[124822]: 172.20.0.104 - - [20/Mar/2026:08:33:18 +0000] "PUT /d1/117/AUTH_7d343c0d5b2d4120a89e3784e7bef979/gnocchi.c0746cf1-494f-4ceb-a04d-b0d4ab0d3b8e" 201 - "-" "-" "container-updater 2" 0.0008 "-" 22 0
Mar 20 08:33:18 np0005652755 account-server[124828]: 172.20.0.104 - - [20/Mar/2026:08:33:18 +0000] "PUT /d1/117/AUTH_7d343c0d5b2d4120a89e3784e7bef979/gnocchi.daaec908-b1ed-476a-b78a-972763f92e2c" 201 - "-" "-" "container-updater 2" 0.0008 "-" 23 0
Mar 20 08:33:18 np0005652755 account-server[124815]: 172.20.0.104 - - [20/Mar/2026:08:33:18 +0000] "PUT /d1/117/AUTH_7d343c0d5b2d4120a89e3784e7bef979/gnocchi.11b808c1-39aa-4ba7-b414-67a398cd46f1" 201 - "-" "-" "container-updater 2" 0.0008 "-" 21 0
Mar 20 08:33:18 np0005652755 account-server[124815]: 172.20.0.104 - - [20/Mar/2026:08:33:18 +0000] "PUT /d1/117/AUTH_7d343c0d5b2d4120a89e3784e7bef979/gnocchi.ff28d155-2754-47ee-9e3f-3308bc371b66" 201 - "-" "-" "container-updater 2" 0.0010 "-" 21 0
Mar 20 08:33:18 np0005652755 account-server[124822]: 172.20.0.104 - - [20/Mar/2026:08:33:18 +0000] "PUT /d1/117/AUTH_7d343c0d5b2d4120a89e3784e7bef979/gnocchi.e6a18a94-ec9c-402d-96ae-77ef0a8f8b86" 201 - "-" "-" "container-updater 2" 0.0008 "-" 22 0
Mar 20 08:33:19 np0005652755 account-server[124779]: 172.20.0.104 - - [20/Mar/2026:08:33:19 +0000] "PUT /d1/117/AUTH_7d343c0d5b2d4120a89e3784e7bef979/gnocchi.e223645d-7929-400f-890b-8fae74227a78" 201 - "-" "-" "container-updater 2" 0.0007 "-" 20 0
Mar 20 08:33:19 np0005652755 account-server[124828]: 172.20.0.104 - - [20/Mar/2026:08:33:19 +0000] "PUT /d1/117/AUTH_7d343c0d5b2d4120a89e3784e7bef979/gnocchi.6464facd-49e8-4201-ad60-a18601ae1aea" 201 - "-" "-" "container-updater 2" 0.0010 "-" 23 0
Mar 20 08:33:19 np0005652755 account-server[124815]: 172.20.0.104 - - [20/Mar/2026:08:33:19 +0000] "PUT /d1/117/AUTH_7d343c0d5b2d4120a89e3784e7bef979/gnocchi.0ee296e9-ee07-4d48-b262-1f289e1f549d" 201 - "-" "-" "container-updater 2" 0.0004 "-" 21 0
Mar 20 08:33:19 np0005652755 account-server[124779]: 172.20.0.104 - - [20/Mar/2026:08:33:19 +0000] "PUT /d1/117/AUTH_7d343c0d5b2d4120a89e3784e7bef979/gnocchi.9351f380-1710-4b28-8099-73358c666fff" 201 - "-" "-" "container-updater 2" 0.0007 "-" 20 0
Mar 20 08:33:19 np0005652755 account-server[124822]: 172.20.0.104 - - [20/Mar/2026:08:33:19 +0000] "PUT /d1/117/AUTH_7d343c0d5b2d4120a89e3784e7bef979/gnocchi.0612a46f-7d55-4806-9220-fb51651bab5c" 201 - "-" "-" "container-updater 2" 0.0007 "-" 22 0
Mar 20 08:33:19 np0005652755 account-server[124815]: 172.20.0.104 - - [20/Mar/2026:08:33:19 +0000] "PUT /d1/117/AUTH_7d343c0d5b2d4120a89e3784e7bef979/gnocchi.5b0525e2-9837-4bde-aae3-1eb583b57fa4" 201 - "-" "-" "container-updater 2" 0.0007 "-" 21 0
Mar 20 08:33:19 np0005652755 account-server[124779]: 172.20.0.104 - - [20/Mar/2026:08:33:19 +0000] "PUT /d1/117/AUTH_7d343c0d5b2d4120a89e3784e7bef979/gnocchi.91f7a7a9-5374-4fe8-8166-461366a0b840" 201 - "-" "-" "container-updater 2" 0.0007 "-" 20 0
Mar 20 08:33:21 np0005652755 object-server[125080]: Starting object replication pass.
Mar 20 08:33:22 np0005652755 object-server[125080]: 42/42 (100.00%) partitions replicated in 0.48s (87.07/sec, 0s remaining)
Mar 20 08:33:22 np0005652755 object-server[125080]: 84 successes, 0 failures
Mar 20 08:33:22 np0005652755 object-server[125080]: 44 suffixes checked - 0.00% hashed, 0.00% synced
Mar 20 08:33:22 np0005652755 object-server[125080]: Partition times: max 0.0408s, min 0.0070s, med 0.0100s
Mar 20 08:33:22 np0005652755 object-server[125080]: Object replication complete. (0.01 minutes)
Mar 20 08:33:26 np0005652755 object-server[238948]: Begin object audit "forever" mode (ALL)
Mar 20 08:33:26 np0005652755 object-server[238947]: Begin object audit "forever" mode (ZBF)
Mar 20 08:33:26 np0005652755 object-server[238947]: Object audit (ZBF). Since Fri Mar 20 08:33:26 2026: Locally: 1 passed, 0 quarantined, 0 errors, files/sec: 484.78, bytes/sec: 0.00, Total time: 0.00, Auditing time: 0.00, Rate: 0.00
Mar 20 08:33:26 np0005652755 object-server[238948]: Object audit (ALL). Since Fri Mar 20 08:33:26 2026: Locally: 1 passed, 0 quarantined, 0 errors, files/sec: 101.89, bytes/sec: 1630.24, Total time: 0.01, Auditing time: 0.00, Rate: 0.00
Mar 20 08:33:27 np0005652755 object-server[238947]: Object audit (ZBF) "forever" mode completed: 0.84s. Total quarantined: 0, Total errors: 0, Total files/sec: 52.15, Total bytes/sec: 0.00, Auditing time: 0.83, Rate: 0.99
Mar 20 08:33:28 np0005652755 object-server[238948]: Object audit (ALL) "forever" mode completed: 2.11s. Total quarantined: 0, Total errors: 0, Total files/sec: 20.83, Total bytes/sec: 400.45, Auditing time: 2.10, Rate: 0.99
Mar 20 08:33:41 np0005652755 container-server[124504]: Beginning replication run
Mar 20 08:33:42 np0005652755 account-server[124377]: Beginning replication run
Mar 20 08:33:42 np0005652755 account-server[124377]: Replication run OVER
Mar 20 08:33:42 np0005652755 account-server[124377]: Attempted to replicate 1 dbs in 0.03049 seconds (32.80044/s)
Mar 20 08:33:42 np0005652755 account-server[124377]: Removed 0 dbs
Mar 20 08:33:42 np0005652755 account-server[124377]: 2 successes, 0 failures
Mar 20 08:33:42 np0005652755 account-server[124377]: diff:0 diff_capped:0 empty:0 hashmatch:0 no_change:2 remote_merge:0 rsync:0 ts_repl:0
Mar 20 08:33:42 np0005652755 container-server[124504]: Replication run OVER
Mar 20 08:33:42 np0005652755 container-server[124504]: Attempted to replicate 22 dbs in 0.43990 seconds (50.01107/s)
Mar 20 08:33:42 np0005652755 container-server[124504]: Removed 0 dbs
Mar 20 08:33:42 np0005652755 container-server[124504]: 44 successes, 0 failures
Mar 20 08:33:42 np0005652755 container-server[124504]: diff:0 diff_capped:0 empty:0 hashmatch:0 no_change:44 remote_merge:0 rsync:0 ts_repl:0
Mar 20 08:33:51 np0005652755 account-server[124779]: 172.20.0.103 - - [20/Mar/2026:08:33:51 +0000] "HEAD /d1/238/.expiring_objects" 404 - "HEAD http://localhost/v1/.expiring_objects?format=json" "txd710644b16b847889bd44-0069bd066f" "proxy-server 2" 0.0008 "-" 20 -
Mar 20 08:33:51 np0005652755 object-expirer[125094]: Pass completed in 0s; 0 objects expired (txn: txd710644b16b847889bd44-0069bd066f)
Mar 20 08:33:52 np0005652755 object-server[125080]: Starting object replication pass.
Mar 20 08:33:52 np0005652755 object-server[125080]: 42/42 (100.00%) partitions replicated in 0.42s (99.90/sec, 0s remaining)
Mar 20 08:33:52 np0005652755 object-server[125080]: 84 successes, 0 failures
Mar 20 08:33:52 np0005652755 object-server[125080]: 44 suffixes checked - 0.00% hashed, 0.00% synced
Mar 20 08:33:52 np0005652755 object-server[125080]: Partition times: max 0.0340s, min 0.0064s, med 0.0088s
Mar 20 08:33:52 np0005652755 object-server[125080]: Object replication complete. (0.01 minutes)
Mar 20 08:33:57 np0005652755 object-server[238974]: Begin object audit "forever" mode (ZBF)
Mar 20 08:33:57 np0005652755 object-server[238974]: Object audit (ZBF). Since Fri Mar 20 08:33:57 2026: Locally: 1 passed, 0 quarantined, 0 errors, files/sec: 498.43, bytes/sec: 0.00, Total time: 0.00, Auditing time: 0.00, Rate: 0.00
Mar 20 08:33:58 np0005652755 object-server[238974]: Object audit (ZBF) "forever" mode completed: 0.84s. Total quarantined: 0, Total errors: 0, Total files/sec: 52.17, Total bytes/sec: 0.00, Auditing time: 0.83, Rate: 0.99
Mar 20 08:34:11 np0005652755 container-server[124504]: Beginning replication run
Mar 20 08:34:12 np0005652755 account-server[124377]: Beginning replication run
Mar 20 08:34:12 np0005652755 account-server[124377]: Replication run OVER
Mar 20 08:34:12 np0005652755 account-server[124377]: Attempted to replicate 1 dbs in 0.01539 seconds (64.96208/s)
Mar 20 08:34:12 np0005652755 account-server[124377]: Removed 0 dbs
Mar 20 08:34:12 np0005652755 account-server[124377]: 2 successes, 0 failures
Mar 20 08:34:12 np0005652755 account-server[124377]: diff:0 diff_capped:0 empty:0 hashmatch:0 no_change:2 remote_merge:0 rsync:0 ts_repl:0
Mar 20 08:34:12 np0005652755 account-server[124828]: 172.20.0.104 - - [20/Mar/2026:08:34:12 +0000] "HEAD /d1/238/.expiring_objects" 404 - "HEAD http://localhost/v1/.expiring_objects?format=json" "tx272610985eac48f8944ca-0069bd0684" "proxy-server 2" 0.0009 "-" 23 -
Mar 20 08:34:12 np0005652755 container-server[124504]: Replication run OVER
Mar 20 08:34:12 np0005652755 container-server[124504]: Attempted to replicate 22 dbs in 0.47052 seconds (46.75712/s)
Mar 20 08:34:12 np0005652755 container-server[124504]: Removed 0 dbs
Mar 20 08:34:12 np0005652755 container-server[124504]: 44 successes, 0 failures
Mar 20 08:34:12 np0005652755 container-server[124504]: diff:0 diff_capped:0 empty:0 hashmatch:0 no_change:44 remote_merge:0 rsync:0 ts_repl:0
Mar 20 08:34:22 np0005652755 object-server[125080]: Starting object replication pass.
Mar 20 08:34:23 np0005652755 object-server[125080]: 42/42 (100.00%) partitions replicated in 0.40s (105.26/sec, 0s remaining)
Mar 20 08:34:23 np0005652755 object-server[125080]: 84 successes, 0 failures
Mar 20 08:34:23 np0005652755 object-server[125080]: 44 suffixes checked - 0.00% hashed, 0.00% synced
Mar 20 08:34:23 np0005652755 object-server[125080]: Partition times: max 0.0197s, min 0.0062s, med 0.0082s
Mar 20 08:34:23 np0005652755 object-server[125080]: Object replication complete. (0.01 minutes)
Mar 20 08:34:28 np0005652755 object-server[245328]: Begin object audit "forever" mode (ALL)
Mar 20 08:34:28 np0005652755 object-server[245327]: Begin object audit "forever" mode (ZBF)
Mar 20 08:34:28 np0005652755 object-server[245328]: Object audit (ALL). Since Fri Mar 20 08:34:28 2026: Locally: 1 passed, 0 quarantined, 0 errors, files/sec: 160.28, bytes/sec: 2564.54, Total time: 0.01, Auditing time: 0.00, Rate: 0.00
Mar 20 08:34:28 np0005652755 object-server[245327]: Object audit (ZBF). Since Fri Mar 20 08:34:28 2026: Locally: 1 passed, 0 quarantined, 0 errors, files/sec: 493.04, bytes/sec: 0.00, Total time: 0.00, Auditing time: 0.00, Rate: 0.00
Mar 20 08:34:29 np0005652755 object-server[245327]: Object audit (ZBF) "forever" mode completed: 0.84s. Total quarantined: 0, Total errors: 0, Total files/sec: 52.16, Total bytes/sec: 0.00, Auditing time: 0.83, Rate: 0.99
Mar 20 08:34:29 np0005652755 account-server[124828]: 172.20.0.103 - - [20/Mar/2026:08:34:29 +0000] "HEAD /d1/238/.expiring_objects" 404 - "HEAD http://localhost/v1/.expiring_objects?format=json" "txf4fbf951466c4fd2b292a-0069bd0695" "proxy-server 2" 0.0014 "-" 23 -
Mar 20 08:34:29 np0005652755 object-expirer[125094]: Pass completed in 0s; 0 objects expired (txn: txf4fbf951466c4fd2b292a-0069bd0695)
Mar 20 08:34:30 np0005652755 object-server[245328]: Object audit (ALL) "forever" mode completed: 2.11s. Total quarantined: 0, Total errors: 0, Total files/sec: 20.86, Total bytes/sec: 401.15, Auditing time: 2.10, Rate: 0.99
Mar 20 08:34:39 np0005652755 account-server[124815]: 172.20.0.105 - - [20/Mar/2026:08:34:39 +0000] "HEAD /d1/238/.expiring_objects" 404 - "HEAD http://localhost/v1/.expiring_objects?format=json" "tx4d95dd0614ae440d9d76b-0069bd069f" "proxy-server 2" 0.0022 "-" 21 -
Mar 20 08:34:41 np0005652755 container-server[124504]: Beginning replication run
Mar 20 08:34:42 np0005652755 account-server[124377]: Beginning replication run
Mar 20 08:34:42 np0005652755 account-server[124377]: Replication run OVER
Mar 20 08:34:42 np0005652755 account-server[124377]: Attempted to replicate 1 dbs in 0.02296 seconds (43.55392/s)
Mar 20 08:34:42 np0005652755 account-server[124377]: Removed 0 dbs
Mar 20 08:34:42 np0005652755 account-server[124377]: 2 successes, 0 failures
Mar 20 08:34:42 np0005652755 account-server[124377]: diff:0 diff_capped:0 empty:0 hashmatch:0 no_change:2 remote_merge:0 rsync:0 ts_repl:0
Mar 20 08:34:42 np0005652755 container-server[124504]: Replication run OVER
Mar 20 08:34:42 np0005652755 container-server[124504]: Attempted to replicate 22 dbs in 0.44106 seconds (49.88014/s)
Mar 20 08:34:42 np0005652755 container-server[124504]: Removed 0 dbs
Mar 20 08:34:42 np0005652755 container-server[124504]: 44 successes, 0 failures
Mar 20 08:34:42 np0005652755 container-server[124504]: diff:0 diff_capped:0 empty:0 hashmatch:0 no_change:44 remote_merge:0 rsync:0 ts_repl:0
Mar 20 08:34:53 np0005652755 object-server[125080]: Starting object replication pass.
Mar 20 08:34:53 np0005652755 object-server[125080]: 42/42 (100.00%) partitions replicated in 0.39s (109.05/sec, 0s remaining)
Mar 20 08:34:53 np0005652755 object-server[125080]: 84 successes, 0 failures
Mar 20 08:34:53 np0005652755 object-server[125080]: 44 suffixes checked - 0.00% hashed, 0.00% synced
Mar 20 08:34:53 np0005652755 object-server[125080]: Partition times: max 0.0181s, min 0.0057s, med 0.0084s
Mar 20 08:34:53 np0005652755 object-server[125080]: Object replication complete. (0.01 minutes)
Mar 20 08:34:59 np0005652755 object-server[245338]: Begin object audit "forever" mode (ZBF)
Mar 20 08:34:59 np0005652755 object-server[245338]: Object audit (ZBF). Since Fri Mar 20 08:34:59 2026: Locally: 1 passed, 0 quarantined, 0 errors, files/sec: 514.70, bytes/sec: 0.00, Total time: 0.00, Auditing time: 0.00, Rate: 0.00
Mar 20 08:35:00 np0005652755 object-server[245338]: Object audit (ZBF) "forever" mode completed: 0.84s. Total quarantined: 0, Total errors: 0, Total files/sec: 52.16, Total bytes/sec: 0.00, Auditing time: 0.83, Rate: 0.99
Mar 20 08:35:11 np0005652755 container-server[124504]: Beginning replication run
Mar 20 08:35:12 np0005652755 account-server[124377]: Beginning replication run
Mar 20 08:35:12 np0005652755 account-server[124377]: Replication run OVER
Mar 20 08:35:12 np0005652755 account-server[124377]: Attempted to replicate 1 dbs in 0.01593 seconds (62.77919/s)
Mar 20 08:35:12 np0005652755 account-server[124377]: Removed 0 dbs
Mar 20 08:35:12 np0005652755 account-server[124377]: 2 successes, 0 failures
Mar 20 08:35:12 np0005652755 account-server[124377]: diff:0 diff_capped:0 empty:0 hashmatch:0 no_change:2 remote_merge:0 rsync:0 ts_repl:0
Mar 20 08:35:12 np0005652755 container-server[124504]: Replication run OVER
Mar 20 08:35:12 np0005652755 container-server[124504]: Attempted to replicate 22 dbs in 0.44100 seconds (49.88685/s)
Mar 20 08:35:12 np0005652755 container-server[124504]: Removed 0 dbs
Mar 20 08:35:12 np0005652755 container-server[124504]: 44 successes, 0 failures
Mar 20 08:35:12 np0005652755 container-server[124504]: diff:0 diff_capped:0 empty:0 hashmatch:0 no_change:44 remote_merge:0 rsync:0 ts_repl:0
Mar 20 08:35:23 np0005652755 object-server[125080]: Starting object replication pass.
Mar 20 08:35:23 np0005652755 object-server[125080]: 42/42 (100.00%) partitions replicated in 0.41s (102.83/sec, 0s remaining)
Mar 20 08:35:23 np0005652755 object-server[125080]: 84 successes, 0 failures
Mar 20 08:35:23 np0005652755 object-server[125080]: 44 suffixes checked - 0.00% hashed, 0.00% synced
Mar 20 08:35:23 np0005652755 object-server[125080]: Partition times: max 0.0180s, min 0.0068s, med 0.0087s
Mar 20 08:35:23 np0005652755 object-server[125080]: Object replication complete. (0.01 minutes)
Mar 20 08:35:30 np0005652755 object-server[251495]: Begin object audit "forever" mode (ZBF)
Mar 20 08:35:30 np0005652755 object-server[251495]: Object audit (ZBF). Since Fri Mar 20 08:35:30 2026: Locally: 1 passed, 0 quarantined, 0 errors, files/sec: 335.73, bytes/sec: 0.00, Total time: 0.00, Auditing time: 0.00, Rate: 0.00
Mar 20 08:35:30 np0005652755 object-server[251496]: Begin object audit "forever" mode (ALL)
Mar 20 08:35:30 np0005652755 object-server[251496]: Object audit (ALL). Since Fri Mar 20 08:35:30 2026: Locally: 1 passed, 0 quarantined, 0 errors, files/sec: 87.36, bytes/sec: 1397.72, Total time: 0.01, Auditing time: 0.00, Rate: 0.00
Mar 20 08:35:31 np0005652755 object-server[251495]: Object audit (ZBF) "forever" mode completed: 0.84s. Total quarantined: 0, Total errors: 0, Total files/sec: 52.10, Total bytes/sec: 0.00, Auditing time: 0.83, Rate: 0.99
Mar 20 08:35:32 np0005652755 object-server[251496]: Object audit (ALL) "forever" mode completed: 2.11s. Total quarantined: 0, Total errors: 0, Total files/sec: 20.81, Total bytes/sec: 400.06, Auditing time: 2.10, Rate: 0.99
Mar 20 08:35:42 np0005652755 container-server[124504]: Beginning replication run
Mar 20 08:35:42 np0005652755 account-server[124377]: Beginning replication run
Mar 20 08:35:42 np0005652755 account-server[124377]: Replication run OVER
Mar 20 08:35:42 np0005652755 account-server[124377]: Attempted to replicate 1 dbs in 0.01525 seconds (65.57040/s)
Mar 20 08:35:42 np0005652755 account-server[124377]: Removed 0 dbs
Mar 20 08:35:42 np0005652755 account-server[124377]: 2 successes, 0 failures
Mar 20 08:35:42 np0005652755 account-server[124377]: diff:0 diff_capped:0 empty:0 hashmatch:0 no_change:2 remote_merge:0 rsync:0 ts_repl:0
Mar 20 08:35:42 np0005652755 container-server[124504]: Replication run OVER
Mar 20 08:35:42 np0005652755 container-server[124504]: Attempted to replicate 22 dbs in 0.42943 seconds (51.23055/s)
Mar 20 08:35:42 np0005652755 container-server[124504]: Removed 0 dbs
Mar 20 08:35:42 np0005652755 container-server[124504]: 44 successes, 0 failures
Mar 20 08:35:42 np0005652755 container-server[124504]: diff:0 diff_capped:0 empty:0 hashmatch:0 no_change:44 remote_merge:0 rsync:0 ts_repl:0
Mar 20 08:35:53 np0005652755 object-server[125080]: Starting object replication pass.
Mar 20 08:35:54 np0005652755 object-server[125080]: 42/42 (100.00%) partitions replicated in 0.40s (104.32/sec, 0s remaining)
Mar 20 08:35:54 np0005652755 object-server[125080]: 84 successes, 0 failures
Mar 20 08:35:54 np0005652755 object-server[125080]: 44 suffixes checked - 0.00% hashed, 0.00% synced
Mar 20 08:35:54 np0005652755 object-server[125080]: Partition times: max 0.0146s, min 0.0060s, med 0.0087s
Mar 20 08:35:54 np0005652755 object-server[125080]: Object replication complete. (0.01 minutes)
Mar 20 08:35:59 np0005652755 account-server[124815]: 172.20.0.105 - - [20/Mar/2026:08:35:59 +0000] "PUT /d1/117/AUTH_7d343c0d5b2d4120a89e3784e7bef979/gnocchi.4d20b438-e8fc-4e48-b7a0-57e6b55cd997" 201 - "-" "-" "container-updater 2" 0.0029 "-" 21 0
Mar 20 08:36:00 np0005652755 account-server[124779]: 172.20.0.105 - - [20/Mar/2026:08:36:00 +0000] "PUT /d1/117/AUTH_7d343c0d5b2d4120a89e3784e7bef979/gnocchi.1b23d178-f422-4192-b9ee-3dd1c8892dff" 201 - "-" "-" "container-updater 2" 0.0009 "-" 20 0
Mar 20 08:36:00 np0005652755 account-server[124828]: 172.20.0.105 - - [20/Mar/2026:08:36:00 +0000] "PUT /d1/117/AUTH_7d343c0d5b2d4120a89e3784e7bef979/gnocchi.76ac617c-f62d-4743-9550-5dac796ab416" 201 - "-" "-" "container-updater 2" 0.0006 "-" 23 0
Mar 20 08:36:00 np0005652755 account-server[124815]: 172.20.0.105 - - [20/Mar/2026:08:36:00 +0000] "PUT /d1/117/AUTH_7d343c0d5b2d4120a89e3784e7bef979/gnocchi.7732769b-73ca-4896-bc98-61e1a44c86ce" 201 - "-" "-" "container-updater 2" 0.0007 "-" 21 0
Mar 20 08:36:00 np0005652755 account-server[124822]: 172.20.0.105 - - [20/Mar/2026:08:36:00 +0000] "PUT /d1/117/AUTH_7d343c0d5b2d4120a89e3784e7bef979/gnocchi.60ade2c9-b5a8-4986-95b9-9528da1eb682" 201 - "-" "-" "container-updater 2" 0.0007 "-" 22 0
Mar 20 08:36:00 np0005652755 account-server[124815]: 172.20.0.105 - - [20/Mar/2026:08:36:00 +0000] "PUT /d1/117/AUTH_7d343c0d5b2d4120a89e3784e7bef979/gnocchi.e223645d-7929-400f-890b-8fae74227a78" 201 - "-" "-" "container-updater 2" 0.0008 "-" 21 0
Mar 20 08:36:00 np0005652755 account-server[124779]: 172.20.0.105 - - [20/Mar/2026:08:36:00 +0000] "PUT /d1/117/AUTH_7d343c0d5b2d4120a89e3784e7bef979/gnocchi.c0746cf1-494f-4ceb-a04d-b0d4ab0d3b8e" 201 - "-" "-" "container-updater 2" 0.0006 "-" 20 0
Mar 20 08:36:00 np0005652755 account-server[124815]: 172.20.0.105 - - [20/Mar/2026:08:36:00 +0000] "PUT /d1/117/AUTH_7d343c0d5b2d4120a89e3784e7bef979/gnocchi.59e33ecd-364f-4302-b1f5-64115bad9dc7" 201 - "-" "-" "container-updater 2" 0.0011 "-" 21 0
Mar 20 08:36:00 np0005652755 account-server[124815]: 172.20.0.105 - - [20/Mar/2026:08:36:00 +0000] "PUT /d1/117/AUTH_7d343c0d5b2d4120a89e3784e7bef979/gnocchi.0612a46f-7d55-4806-9220-fb51651bab5c" 201 - "-" "-" "container-updater 2" 0.0010 "-" 21 0
Mar 20 08:36:01 np0005652755 account-server[124815]: 172.20.0.105 - - [20/Mar/2026:08:36:01 +0000] "PUT /d1/117/AUTH_7d343c0d5b2d4120a89e3784e7bef979/gnocchi.ff28d155-2754-47ee-9e3f-3308bc371b66" 201 - "-" "-" "container-updater 2" 0.0008 "-" 21 0
Mar 20 08:36:01 np0005652755 account-server[124828]: 172.20.0.105 - - [20/Mar/2026:08:36:01 +0000] "PUT /d1/117/AUTH_7d343c0d5b2d4120a89e3784e7bef979/gnocchi.8f866d48-5cbf-42ec-83d2-437c471232a1" 201 - "-" "-" "container-updater 2" 0.0009 "-" 23 0
Mar 20 08:36:01 np0005652755 object-server[251518]: Begin object audit "forever" mode (ZBF)
Mar 20 08:36:01 np0005652755 object-server[251518]: Object audit (ZBF). Since Fri Mar 20 08:36:01 2026: Locally: 1 passed, 0 quarantined, 0 errors, files/sec: 545.00, bytes/sec: 0.00, Total time: 0.00, Auditing time: 0.00, Rate: 0.00
Mar 20 08:36:01 np0005652755 account-server[124779]: 172.20.0.105 - - [20/Mar/2026:08:36:01 +0000] "PUT /d1/117/AUTH_7d343c0d5b2d4120a89e3784e7bef979/gnocchi.0ee296e9-ee07-4d48-b262-1f289e1f549d" 201 - "-" "-" "container-updater 2" 0.0009 "-" 20 0
Mar 20 08:36:01 np0005652755 account-server[124828]: 172.20.0.105 - - [20/Mar/2026:08:36:01 +0000] "PUT /d1/117/AUTH_7d343c0d5b2d4120a89e3784e7bef979/gnocchi.11b808c1-39aa-4ba7-b414-67a398cd46f1" 201 - "-" "-" "container-updater 2" 0.0008 "-" 23 0
Mar 20 08:36:01 np0005652755 account-server[124815]: 172.20.0.105 - - [20/Mar/2026:08:36:01 +0000] "PUT /d1/117/AUTH_7d343c0d5b2d4120a89e3784e7bef979/gnocchi.c19c53c3-a313-44ef-8f8a-504195eb6341" 201 - "-" "-" "container-updater 2" 0.0010 "-" 21 0
Mar 20 08:36:02 np0005652755 object-server[251518]: Object audit (ZBF) "forever" mode completed: 0.84s. Total quarantined: 0, Total errors: 0, Total files/sec: 52.18, Total bytes/sec: 0.00, Auditing time: 0.83, Rate: 0.99
Mar 20 08:36:05 np0005652755 account-server[124822]: 172.20.0.104 - - [20/Mar/2026:08:36:05 +0000] "HEAD /d1/117/AUTH_7d343c0d5b2d4120a89e3784e7bef979" 204 - "HEAD http://172.18.0.184:8080/v1/AUTH_7d343c0d5b2d4120a89e3784e7bef979?format=json" "txdbfa7ef2c6064d6190982-0069bd06f5" "proxy-server 20" 0.0114 "-" 22 -
Mar 20 08:36:05 np0005652755 proxy-server[126616]: - - 20/Mar/2026/08/36/05 HEAD /v1/AUTH_7d343c0d5b2d4120a89e3784e7bef979%3Fformat%3Djson HTTP/1.0 204 - Swift - - - - tx8d3426f46e6340028508b-0069bd06f5 - 0.0243 RL - 1773995765.428239346 1773995765.452533484 -
Mar 20 08:36:06 np0005652755 container-server[124978]: 172.20.0.105 - - [20/Mar/2026:08:36:06 +0000] "HEAD /d1/665/AUTH_7d343c0d5b2d4120a89e3784e7bef979/gnocchi.ff28d155-2754-47ee-9e3f-3308bc371b66" 204 - "HEAD http://172.18.0.184:8080/v1/AUTH_7d343c0d5b2d4120a89e3784e7bef979/gnocchi.ff28d155-2754-47ee-9e3f-3308bc371b66?format=json&states=listing" "txbe3c82b2103c45828cc72-0069bd06f5" "proxy-server 20" 0.0032 "-" 22 0
Mar 20 08:36:06 np0005652755 object-server[125373]: 172.20.0.105 - - [20/Mar/2026:08:36:06 +0000] "GET /d1/707/AUTH_7d343c0d5b2d4120a89e3784e7bef979/gnocchi.ff28d155-2754-47ee-9e3f-3308bc371b66/none_v3" 200 22 "GET http://172.18.0.184:8080/v1/AUTH_7d343c0d5b2d4120a89e3784e7bef979/gnocchi.ff28d155-2754-47ee-9e3f-3308bc371b66/none_v3" "txbe3c82b2103c45828cc72-0069bd06f5" "proxy-server 20" 0.0016 "-" 25 0
Mar 20 08:36:06 np0005652755 object-server[125369]: 172.20.0.105 - - [20/Mar/2026:08:36:06 +0000] "GET /d1/477/AUTH_7d343c0d5b2d4120a89e3784e7bef979/gnocchi.ff28d155-2754-47ee-9e3f-3308bc371b66/1773360000.0_mean_300.0_v3" 200 16 "GET http://172.18.0.184:8080/v1/AUTH_7d343c0d5b2d4120a89e3784e7bef979/gnocchi.ff28d155-2754-47ee-9e3f-3308bc371b66/1773360000.0_mean_300.0_v3" "tx96953611d30a43e3afa19-0069bd06f6" "proxy-server 20" 0.0017 "-" 24 0
Mar 20 08:36:06 np0005652755 object-server[125366]: 172.20.0.105 - - [20/Mar/2026:08:36:06 +0000] "GET /d1/771/AUTH_7d343c0d5b2d4120a89e3784e7bef979/gnocchi.ff28d155-2754-47ee-9e3f-3308bc371b66/1773360000.0_rate%3Amean_300.0_v3" 404 70 "GET http://172.18.0.184:8080/v1/AUTH_7d343c0d5b2d4120a89e3784e7bef979/gnocchi.ff28d155-2754-47ee-9e3f-3308bc371b66/1773360000.0_rate%3Amean_300.0_v3" "txa39b6fd5e8a5445cab06b-0069bd06f6" "proxy-server 20" 0.0006 "-" 22 0
Mar 20 08:36:06 np0005652755 container-server[124971]: 172.20.0.103 - - [20/Mar/2026:08:36:06 +0000] "HEAD /d1/326/AUTH_7d343c0d5b2d4120a89e3784e7bef979/gnocchi.e223645d-7929-400f-890b-8fae74227a78" 204 - "HEAD http://172.18.0.184:8080/v1/AUTH_7d343c0d5b2d4120a89e3784e7bef979/gnocchi.e223645d-7929-400f-890b-8fae74227a78?format=json&states=listing" "tx8d3426f46e6340028508b-0069bd06f5" "proxy-server 20" 0.0013 "-" 20 0
Mar 20 08:36:06 np0005652755 container-server[124978]: 172.20.0.103 - - [20/Mar/2026:08:36:06 +0000] "PUT /d1/665/AUTH_7d343c0d5b2d4120a89e3784e7bef979/gnocchi.ff28d155-2754-47ee-9e3f-3308bc371b66/1773360000.0_mean_300.0_v3" 201 - "PUT http://172.18.0.184:8080/d1/477/AUTH_7d343c0d5b2d4120a89e3784e7bef979/gnocchi.ff28d155-2754-47ee-9e3f-3308bc371b66/1773360000.0_mean_300.0_v3" "tx24aa66c54d7f4a5586b38-0069bd06f6" "object-server 24" 0.0011 "-" 22 0
Mar 20 08:36:06 np0005652755 object-server[125369]: 172.20.0.105 - - [20/Mar/2026:08:36:06 +0000] "PUT /d1/477/AUTH_7d343c0d5b2d4120a89e3784e7bef979/gnocchi.ff28d155-2754-47ee-9e3f-3308bc371b66/1773360000.0_mean_300.0_v3" 201 - "PUT http://172.18.0.184:8080/v1/AUTH_7d343c0d5b2d4120a89e3784e7bef979/gnocchi.ff28d155-2754-47ee-9e3f-3308bc371b66/1773360000.0_mean_300.0_v3" "tx24aa66c54d7f4a5586b38-0069bd06f6" "proxy-server 20" 0.0177 "-" 24 0
Mar 20 08:36:06 np0005652755 proxy-server[126616]: 172.18.0.105 172.18.0.104 20/Mar/2026/08/36/06 GET /v1/AUTH_7d343c0d5b2d4120a89e3784e7bef979/gnocchi.e223645d-7929-400f-890b-8fae74227a78/none_v3 HTTP/1.0 200 - python-swiftclient-3.11.1 gAAAAABpvQUzfcJv... - 22 - tx8d3426f46e6340028508b-0069bd06f5 - 0.7743 - - 1773995765.425207615 1773995766.199507475 0
Mar 20 08:36:06 np0005652755 container-server[124982]: 172.20.0.105 - - [20/Mar/2026:08:36:06 +0000] "GET /d1/326/AUTH_7d343c0d5b2d4120a89e3784e7bef979/gnocchi.e223645d-7929-400f-890b-8fae74227a78" 200 357 "GET http://172.18.0.184:8080/v1/AUTH_7d343c0d5b2d4120a89e3784e7bef979/gnocchi.e223645d-7929-400f-890b-8fae74227a78?format=json&states=listing" "txe7777e82e490458c876da-0069bd06f6" "proxy-server 20" 0.0052 "-" 23 0
Mar 20 08:36:06 np0005652755 container-server[124978]: 172.20.0.104 - - [20/Mar/2026:08:36:06 +0000] "PUT /d1/665/AUTH_7d343c0d5b2d4120a89e3784e7bef979/gnocchi.ff28d155-2754-47ee-9e3f-3308bc371b66/1773360000.0_rate%3Amean_300.0_v3" 201 - "PUT http://172.18.0.184:8080/d1/771/AUTH_7d343c0d5b2d4120a89e3784e7bef979/gnocchi.ff28d155-2754-47ee-9e3f-3308bc371b66/1773360000.0_rate%3Amean_300.0_v3" "txfa23e90d1fae4339b89f0-0069bd06f6" "object-server 20" 0.0012 "-" 22 0
Mar 20 08:36:06 np0005652755 object-server[125367]: 172.20.0.103 - - [20/Mar/2026:08:36:06 +0000] "PUT /d1/771/AUTH_7d343c0d5b2d4120a89e3784e7bef979/gnocchi.ff28d155-2754-47ee-9e3f-3308bc371b66/1773360000.0_rate%3Amean_300.0_v3" 201 - "PUT http://172.18.0.184:8080/v1/AUTH_7d343c0d5b2d4120a89e3784e7bef979/gnocchi.ff28d155-2754-47ee-9e3f-3308bc371b66/1773360000.0_rate%3Amean_300.0_v3" "txfa23e90d1fae4339b89f0-0069bd06f6" "proxy-server 20" 0.0124 "-" 23 0
Mar 20 08:36:06 np0005652755 proxy-server[126616]: 172.18.0.184 172.18.0.104 20/Mar/2026/08/36/06 PUT /v1/AUTH_7d343c0d5b2d4120a89e3784e7bef979/gnocchi.ff28d155-2754-47ee-9e3f-3308bc371b66/1773360000.0_rate%253Amean_300.0_v3 HTTP/1.0 201 - python-swiftclient-3.11.1 gAAAAABpvQV0UZ3z... 16 - - txfa23e90d1fae4339b89f0-0069bd06f6 - 0.0244 - - 1773995766.204462290 1773995766.228857279 0
Mar 20 08:36:06 np0005652755 container-server[124978]: 172.20.0.104 - - [20/Mar/2026:08:36:06 +0000] "PUT /d1/665/AUTH_7d343c0d5b2d4120a89e3784e7bef979/gnocchi.ff28d155-2754-47ee-9e3f-3308bc371b66/none_v3" 201 - "PUT http://172.18.0.184:8080/d1/707/AUTH_7d343c0d5b2d4120a89e3784e7bef979/gnocchi.ff28d155-2754-47ee-9e3f-3308bc371b66/none_v3" "txc3507bbc15e74c40a12bb-0069bd06f6" "object-server 20" 0.0008 "-" 22 0
Mar 20 08:36:06 np0005652755 object-server[125367]: 172.20.0.103 - - [20/Mar/2026:08:36:06 +0000] "PUT /d1/707/AUTH_7d343c0d5b2d4120a89e3784e7bef979/gnocchi.ff28d155-2754-47ee-9e3f-3308bc371b66/none_v3" 201 - "PUT http://172.18.0.184:8080/v1/AUTH_7d343c0d5b2d4120a89e3784e7bef979/gnocchi.ff28d155-2754-47ee-9e3f-3308bc371b66/none_v3" "txc3507bbc15e74c40a12bb-0069bd06f6" "proxy-server 20" 0.0137 "-" 23 0
Mar 20 08:36:06 np0005652755 proxy-server[126616]: 172.18.0.184 172.18.0.104 20/Mar/2026/08/36/06 PUT /v1/AUTH_7d343c0d5b2d4120a89e3784e7bef979/gnocchi.ff28d155-2754-47ee-9e3f-3308bc371b66/none_v3 HTTP/1.0 201 - python-swiftclient-3.11.1 gAAAAABpvQV0UZ3z... 33 - - txc3507bbc15e74c40a12bb-0069bd06f6 - 0.0314 - - 1773995766.233181715 1773995766.264576435 0
Mar 20 08:36:06 np0005652755 object-server[125369]: 172.20.0.105 - - [20/Mar/2026:08:36:06 +0000] "GET /d1/817/AUTH_7d343c0d5b2d4120a89e3784e7bef979/gnocchi.e223645d-7929-400f-890b-8fae74227a78/1773360000.0_rate%3Amean_300.0_v3" 404 70 "GET http://172.18.0.184:8080/v1/AUTH_7d343c0d5b2d4120a89e3784e7bef979/gnocchi.e223645d-7929-400f-890b-8fae74227a78/1773360000.0_rate%3Amean_300.0_v3" "txad4f2d995e8b4f8eae4d8-0069bd06f6" "proxy-server 20" 0.0005 "-" 24 0
Mar 20 08:36:06 np0005652755 proxy-server[126616]: 172.18.0.105 172.18.0.104 20/Mar/2026/08/36/06 GET /v1/AUTH_7d343c0d5b2d4120a89e3784e7bef979/gnocchi.e223645d-7929-400f-890b-8fae74227a78/1773360000.0_mean_300.0_v3 HTTP/1.0 200 - python-swiftclient-3.11.1 gAAAAABpvQUzfcJv... - 16 - tx7ffe64bde63b437db0b59-0069bd06f6 - 0.0163 - - 1773995766.274411201 1773995766.290727854 0
Mar 20 08:36:06 np0005652755 object-server[125367]: 172.20.0.103 - - [20/Mar/2026:08:36:06 +0000] "PUT /d1/817/AUTH_7d343c0d5b2d4120a89e3784e7bef979/gnocchi.e223645d-7929-400f-890b-8fae74227a78/1773360000.0_rate%3Amean_300.0_v3" 201 - "PUT http://172.18.0.184:8080/v1/AUTH_7d343c0d5b2d4120a89e3784e7bef979/gnocchi.e223645d-7929-400f-890b-8fae74227a78/1773360000.0_rate%3Amean_300.0_v3" "txb49164d7566e420ca56df-0069bd06f6" "proxy-server 20" 0.0157 "-" 23 0
Mar 20 08:36:06 np0005652755 container-server[124974]: 172.20.0.104 - - [20/Mar/2026:08:36:06 +0000] "PUT /d1/326/AUTH_7d343c0d5b2d4120a89e3784e7bef979/gnocchi.e223645d-7929-400f-890b-8fae74227a78/1773360000.0_rate%3Amean_300.0_v3" 201 - "PUT http://172.18.0.184:8080/d1/817/AUTH_7d343c0d5b2d4120a89e3784e7bef979/gnocchi.e223645d-7929-400f-890b-8fae74227a78/1773360000.0_rate%3Amean_300.0_v3" "txb49164d7566e420ca56df-0069bd06f6" "object-server 23" 0.0008 "-" 21 0
Mar 20 08:36:06 np0005652755 proxy-server[126616]: 172.18.0.105 172.18.0.104 20/Mar/2026/08/36/06 PUT /v1/AUTH_7d343c0d5b2d4120a89e3784e7bef979/gnocchi.e223645d-7929-400f-890b-8fae74227a78/1773360000.0_rate%253Amean_300.0_v3 HTTP/1.0 201 - python-swiftclient-3.11.1 gAAAAABpvQUzfcJv... 16 - - txb49164d7566e420ca56df-0069bd06f6 - 0.0332 - - 1773995766.296155691 1773995766.329390287 0
Mar 20 08:36:06 np0005652755 object-server[125367]: 172.20.0.105 - - [20/Mar/2026:08:36:06 +0000] "GET /d1/682/AUTH_7d343c0d5b2d4120a89e3784e7bef979/gnocchi.1b23d178-f422-4192-b9ee-3dd1c8892dff/1773360000.0_rate%3Amean_300.0_v3" 404 70 "GET http://172.18.0.184:8080/v1/AUTH_7d343c0d5b2d4120a89e3784e7bef979/gnocchi.1b23d178-f422-4192-b9ee-3dd1c8892dff/1773360000.0_rate%3Amean_300.0_v3" "tx894444f288b54de482b63-0069bd06f6" "proxy-server 20" 0.0005 "-" 23 0
Mar 20 08:36:06 np0005652755 object-server[125369]: 172.20.0.103 - - [20/Mar/2026:08:36:06 +0000] "PUT /d1/591/AUTH_7d343c0d5b2d4120a89e3784e7bef979/gnocchi.e223645d-7929-400f-890b-8fae74227a78/1773360000.0_mean_300.0_v3" 201 - "PUT http://172.18.0.184:8080/v1/AUTH_7d343c0d5b2d4120a89e3784e7bef979/gnocchi.e223645d-7929-400f-890b-8fae74227a78/1773360000.0_mean_300.0_v3" "txb212dbbda5d9422489c6c-0069bd06f6" "proxy-server 20" 0.0131 "-" 24 0
Mar 20 08:36:06 np0005652755 container-server[124974]: 172.20.0.105 - - [20/Mar/2026:08:36:06 +0000] "PUT /d1/326/AUTH_7d343c0d5b2d4120a89e3784e7bef979/gnocchi.e223645d-7929-400f-890b-8fae74227a78/1773360000.0_mean_300.0_v3" 201 - "PUT http://172.18.0.184:8080/d1/591/AUTH_7d343c0d5b2d4120a89e3784e7bef979/gnocchi.e223645d-7929-400f-890b-8fae74227a78/1773360000.0_mean_300.0_v3" "txb212dbbda5d9422489c6c-0069bd06f6" "object-server 24" 0.0007 "-" 21 0
Mar 20 08:36:06 np0005652755 proxy-server[126616]: 172.18.0.105 172.18.0.104 20/Mar/2026/08/36/06 PUT /v1/AUTH_7d343c0d5b2d4120a89e3784e7bef979/gnocchi.e223645d-7929-400f-890b-8fae74227a78/1773360000.0_mean_300.0_v3 HTTP/1.0 201 - python-swiftclient-3.11.1 gAAAAABpvQUzfcJv... 24 - - txb212dbbda5d9422489c6c-0069bd06f6 - 0.0302 - - 1773995766.335604191 1773995766.365836620 0
Mar 20 08:36:06 np0005652755 container-server[124971]: 172.20.0.103 - - [20/Mar/2026:08:36:06 +0000] "PUT /d1/880/AUTH_7d343c0d5b2d4120a89e3784e7bef979/gnocchi.1b23d178-f422-4192-b9ee-3dd1c8892dff/1773360000.0_mean_300.0_v3" 201 - "PUT http://172.18.0.184:8080/d1/1/AUTH_7d343c0d5b2d4120a89e3784e7bef979/gnocchi.1b23d178-f422-4192-b9ee-3dd1c8892dff/1773360000.0_mean_300.0_v3" "txdd736174d6fe43efbb1fb-0069bd06f6" "object-server 22" 0.0007 "-" 20 0
Mar 20 08:36:06 np0005652755 object-server[125366]: 172.20.0.105 - - [20/Mar/2026:08:36:06 +0000] "PUT /d1/1/AUTH_7d343c0d5b2d4120a89e3784e7bef979/gnocchi.1b23d178-f422-4192-b9ee-3dd1c8892dff/1773360000.0_mean_300.0_v3" 201 - "PUT http://172.18.0.184:8080/v1/AUTH_7d343c0d5b2d4120a89e3784e7bef979/gnocchi.1b23d178-f422-4192-b9ee-3dd1c8892dff/1773360000.0_mean_300.0_v3" "txdd736174d6fe43efbb1fb-0069bd06f6" "proxy-server 20" 0.0139 "-" 22 0
Mar 20 08:36:06 np0005652755 container-server[124971]: 172.20.0.103 - - [20/Mar/2026:08:36:06 +0000] "PUT /d1/326/AUTH_7d343c0d5b2d4120a89e3784e7bef979/gnocchi.e223645d-7929-400f-890b-8fae74227a78/none_v3" 201 - "PUT http://172.18.0.184:8080/d1/191/AUTH_7d343c0d5b2d4120a89e3784e7bef979/gnocchi.e223645d-7929-400f-890b-8fae74227a78/none_v3" "tx05ead086bacd45bba943f-0069bd06f6" "object-server 25" 0.0003 "-" 20 0
Mar 20 08:36:06 np0005652755 object-server[125373]: 172.20.0.103 - - [20/Mar/2026:08:36:06 +0000] "PUT /d1/191/AUTH_7d343c0d5b2d4120a89e3784e7bef979/gnocchi.e223645d-7929-400f-890b-8fae74227a78/none_v3" 201 - "PUT http://172.18.0.184:8080/v1/AUTH_7d343c0d5b2d4120a89e3784e7bef979/gnocchi.e223645d-7929-400f-890b-8fae74227a78/none_v3" "tx05ead086bacd45bba943f-0069bd06f6" "proxy-server 20" 0.0103 "-" 25 0
Mar 20 08:36:06 np0005652755 proxy-server[126616]: 172.18.0.105 172.18.0.104 20/Mar/2026/08/36/06 PUT /v1/AUTH_7d343c0d5b2d4120a89e3784e7bef979/gnocchi.e223645d-7929-400f-890b-8fae74227a78/none_v3 HTTP/1.0 201 - python-swiftclient-3.11.1 gAAAAABpvQUzfcJv... 33 - - tx05ead086bacd45bba943f-0069bd06f6 - 0.0217 - - 1773995766.370640278 1773995766.392330647 0
Mar 20 08:36:06 np0005652755 container-server[124971]: 172.20.0.104 - - [20/Mar/2026:08:36:06 +0000] "PUT /d1/880/AUTH_7d343c0d5b2d4120a89e3784e7bef979/gnocchi.1b23d178-f422-4192-b9ee-3dd1c8892dff/1773360000.0_rate%3Amean_300.0_v3" 201 - "PUT http://172.18.0.184:8080/d1/682/AUTH_7d343c0d5b2d4120a89e3784e7bef979/gnocchi.1b23d178-f422-4192-b9ee-3dd1c8892dff/1773360000.0_rate%3Amean_300.0_v3" "tx46e2aa2513ae401d96766-0069bd06f6" "object-server 22" 0.0006 "-" 20 0
Mar 20 08:36:06 np0005652755 object-server[125369]: 172.20.0.105 - - [20/Mar/2026:08:36:06 +0000] "PUT /d1/682/AUTH_7d343c0d5b2d4120a89e3784e7bef979/gnocchi.1b23d178-f422-4192-b9ee-3dd1c8892dff/1773360000.0_rate%3Amean_300.0_v3" 201 - "PUT http://172.18.0.184:8080/v1/AUTH_7d343c0d5b2d4120a89e3784e7bef979/gnocchi.1b23d178-f422-4192-b9ee-3dd1c8892dff/1773360000.0_rate%3Amean_300.0_v3" "tx46e2aa2513ae401d96766-0069bd06f6" "proxy-server 20" 0.0094 "-" 24 0
Mar 20 08:36:06 np0005652755 object-server[125366]: 172.20.0.103 - - [20/Mar/2026:08:36:06 +0000] "GET /d1/306/AUTH_7d343c0d5b2d4120a89e3784e7bef979/gnocchi.8f866d48-5cbf-42ec-83d2-437c471232a1/none_v3" 200 22 "GET http://172.18.0.184:8080/v1/AUTH_7d343c0d5b2d4120a89e3784e7bef979/gnocchi.8f866d48-5cbf-42ec-83d2-437c471232a1/none_v3" "txc229a72413444fac95137-0069bd06f6" "proxy-server 20" 0.0009 "-" 22 0
Mar 20 08:36:06 np0005652755 proxy-server[126616]: 172.18.0.105 172.18.0.104 20/Mar/2026/08/36/06 GET /v1/AUTH_7d343c0d5b2d4120a89e3784e7bef979/gnocchi.8f866d48-5cbf-42ec-83d2-437c471232a1/none_v3 HTTP/1.0 200 - python-swiftclient-3.11.1 gAAAAABpvQUzfcJv... - 22 - txc229a72413444fac95137-0069bd06f6 - 0.0232 - - 1773995766.408938169 1773995766.432176352 0
Mar 20 08:36:06 np0005652755 container-server[124971]: 172.20.0.103 - - [20/Mar/2026:08:36:06 +0000] "GET /d1/997/AUTH_7d343c0d5b2d4120a89e3784e7bef979/gnocchi.8f866d48-5cbf-42ec-83d2-437c471232a1" 200 357 "GET http://172.18.0.184:8080/v1/AUTH_7d343c0d5b2d4120a89e3784e7bef979/gnocchi.8f866d48-5cbf-42ec-83d2-437c471232a1?format=json&states=listing" "tx4c67c4e0e4614e77bf5f4-0069bd06f6" "proxy-server 20" 0.0026 "-" 20 0
Mar 20 08:36:06 np0005652755 container-server[124974]: 172.20.0.103 - - [20/Mar/2026:08:36:06 +0000] "PUT /d1/880/AUTH_7d343c0d5b2d4120a89e3784e7bef979/gnocchi.1b23d178-f422-4192-b9ee-3dd1c8892dff/none_v3" 201 - "PUT http://172.18.0.184:8080/d1/830/AUTH_7d343c0d5b2d4120a89e3784e7bef979/gnocchi.1b23d178-f422-4192-b9ee-3dd1c8892dff/none_v3" "txc722703e0cfd4bf49a370-0069bd06f6" "object-server 25" 0.0007 "-" 21 0
Mar 20 08:36:06 np0005652755 proxy-server[126616]: 172.18.0.105 172.18.0.104 20/Mar/2026/08/36/06 GET /v1/AUTH_7d343c0d5b2d4120a89e3784e7bef979/gnocchi.8f866d48-5cbf-42ec-83d2-437c471232a1%3Fformat%3Djson%26states%3Dlisting HTTP/1.0 200 - python-swiftclient-3.11.1 gAAAAABpvQUzfcJv... - 357 - tx4c67c4e0e4614e77bf5f4-0069bd06f6 - 0.0099 - - 1773995766.437214136 1773995766.447092295 0
Mar 20 08:36:06 np0005652755 container-server[124974]: 172.20.0.104 - - [20/Mar/2026:08:36:06 +0000] "GET /d1/440/AUTH_7d343c0d5b2d4120a89e3784e7bef979/gnocchi.11b808c1-39aa-4ba7-b414-67a398cd46f1" 200 2 "GET http://172.18.0.184:8080/v1/AUTH_7d343c0d5b2d4120a89e3784e7bef979/gnocchi.11b808c1-39aa-4ba7-b414-67a398cd46f1?format=json&marker=none_v3&states=listing" "tx4324fc788e054f84aa7a2-0069bd06f6" "proxy-server 20" 0.0026 "-" 21 0
Mar 20 08:36:06 np0005652755 object-server[125373]: 172.20.0.105 - - [20/Mar/2026:08:36:06 +0000] "PUT /d1/830/AUTH_7d343c0d5b2d4120a89e3784e7bef979/gnocchi.1b23d178-f422-4192-b9ee-3dd1c8892dff/none_v3" 201 - "PUT http://172.18.0.184:8080/v1/AUTH_7d343c0d5b2d4120a89e3784e7bef979/gnocchi.1b23d178-f422-4192-b9ee-3dd1c8892dff/none_v3" "txc722703e0cfd4bf49a370-0069bd06f6" "proxy-server 20" 0.0138 "-" 25 0
Mar 20 08:36:06 np0005652755 container-server[124978]: 172.20.0.103 - - [20/Mar/2026:08:36:06 +0000] "GET /d1/997/AUTH_7d343c0d5b2d4120a89e3784e7bef979/gnocchi.8f866d48-5cbf-42ec-83d2-437c471232a1" 200 2 "GET http://172.18.0.184:8080/v1/AUTH_7d343c0d5b2d4120a89e3784e7bef979/gnocchi.8f866d48-5cbf-42ec-83d2-437c471232a1?format=json&marker=none_v3&states=listing" "txcf90dfa661034733ad364-0069bd06f6" "proxy-server 20" 0.0028 "-" 22 0
Mar 20 08:36:06 np0005652755 proxy-server[126616]: 172.18.0.105 172.18.0.104 20/Mar/2026/08/36/06 GET /v1/AUTH_7d343c0d5b2d4120a89e3784e7bef979/gnocchi.8f866d48-5cbf-42ec-83d2-437c471232a1%3Fformat%3Djson%26marker%3Dnone_v3%26states%3Dlisting HTTP/1.0 200 - python-swiftclient-3.11.1 gAAAAABpvQUzfcJv... - 2 - txcf90dfa661034733ad364-0069bd06f6 - 0.0119 - - 1773995766.450685501 1773995766.462562084 0
Mar 20 08:36:06 np0005652755 object-server[125367]: 172.20.0.104 - - [20/Mar/2026:08:36:06 +0000] "GET /d1/700/AUTH_7d343c0d5b2d4120a89e3784e7bef979/gnocchi.11b808c1-39aa-4ba7-b414-67a398cd46f1/1773360000.0_mean_300.0_v3" 200 16 "GET http://172.18.0.184:8080/v1/AUTH_7d343c0d5b2d4120a89e3784e7bef979/gnocchi.11b808c1-39aa-4ba7-b414-67a398cd46f1/1773360000.0_mean_300.0_v3" "tx624b334da278415e84923-0069bd06f6" "proxy-server 20" 0.0012 "-" 23 0
Mar 20 08:36:06 np0005652755 proxy-server[126616]: 172.18.0.105 172.18.0.104 20/Mar/2026/08/36/06 GET /v1/AUTH_7d343c0d5b2d4120a89e3784e7bef979/gnocchi.8f866d48-5cbf-42ec-83d2-437c471232a1/1773360000.0_mean_300.0_v3 HTTP/1.0 200 - python-swiftclient-3.11.1 gAAAAABpvQUzfcJv... - 16 - txe7c5d865b7fd4092a7441-0069bd06f6 - 0.0095 - - 1773995766.467591763 1773995766.477110386 0
Mar 20 08:36:06 np0005652755 container-server[124974]: 172.20.0.105 - - [20/Mar/2026:08:36:06 +0000] "HEAD /d1/473/AUTH_7d343c0d5b2d4120a89e3784e7bef979/gnocchi.7732769b-73ca-4896-bc98-61e1a44c86ce" 204 - "HEAD http://172.18.0.184:8080/v1/AUTH_7d343c0d5b2d4120a89e3784e7bef979/gnocchi.7732769b-73ca-4896-bc98-61e1a44c86ce?format=json&states=listing" "txd15f6b2eaf8b4ec285c65-0069bd06f6" "proxy-server 20" 0.0019 "-" 21 0
Mar 20 08:36:06 np0005652755 object-server[125373]: 172.20.0.104 - - [20/Mar/2026:08:36:06 +0000] "GET /d1/894/AUTH_7d343c0d5b2d4120a89e3784e7bef979/gnocchi.11b808c1-39aa-4ba7-b414-67a398cd46f1/1773360000.0_rate%3Amean_300.0_v3" 404 70 "GET http://172.18.0.184:8080/v1/AUTH_7d343c0d5b2d4120a89e3784e7bef979/gnocchi.11b808c1-39aa-4ba7-b414-67a398cd46f1/1773360000.0_rate%3Amean_300.0_v3" "tx4bb1944160a2475e8c7c0-0069bd06f6" "proxy-server 20" 0.0005 "-" 25 0
Mar 20 08:36:06 np0005652755 container-server[124982]: 172.20.0.103 - - [20/Mar/2026:08:36:06 +0000] "PUT /d1/997/AUTH_7d343c0d5b2d4120a89e3784e7bef979/gnocchi.8f866d48-5cbf-42ec-83d2-437c471232a1/1773360000.0_mean_300.0_v3" 201 - "PUT http://172.18.0.184:8080/d1/66/AUTH_7d343c0d5b2d4120a89e3784e7bef979/gnocchi.8f866d48-5cbf-42ec-83d2-437c471232a1/1773360000.0_mean_300.0_v3" "tx484f7ef5763040b1ae0e7-0069bd06f6" "object-server 23" 0.0007 "-" 23 0
Mar 20 08:36:06 np0005652755 object-server[125367]: 172.20.0.103 - - [20/Mar/2026:08:36:06 +0000] "PUT /d1/66/AUTH_7d343c0d5b2d4120a89e3784e7bef979/gnocchi.8f866d48-5cbf-42ec-83d2-437c471232a1/1773360000.0_mean_300.0_v3" 201 - "PUT http://172.18.0.184:8080/v1/AUTH_7d343c0d5b2d4120a89e3784e7bef979/gnocchi.8f866d48-5cbf-42ec-83d2-437c471232a1/1773360000.0_mean_300.0_v3" "tx484f7ef5763040b1ae0e7-0069bd06f6" "proxy-server 20" 0.0115 "-" 23 0
Mar 20 08:36:06 np0005652755 proxy-server[126616]: 172.18.0.105 172.18.0.104 20/Mar/2026/08/36/06 PUT /v1/AUTH_7d343c0d5b2d4120a89e3784e7bef979/gnocchi.8f866d48-5cbf-42ec-83d2-437c471232a1/1773360000.0_mean_300.0_v3 HTTP/1.0 201 - python-swiftclient-3.11.1 gAAAAABpvQUzfcJv... 24 - - tx484f7ef5763040b1ae0e7-0069bd06f6 - 0.0220 - - 1773995766.481338978 1773995766.503304958 0
Mar 20 08:36:06 np0005652755 container-server[124982]: 172.20.0.105 - - [20/Mar/2026:08:36:06 +0000] "GET /d1/473/AUTH_7d343c0d5b2d4120a89e3784e7bef979/gnocchi.7732769b-73ca-4896-bc98-61e1a44c86ce" 200 357 "GET http://172.18.0.184:8080/v1/AUTH_7d343c0d5b2d4120a89e3784e7bef979/gnocchi.7732769b-73ca-4896-bc98-61e1a44c86ce?format=json&states=listing" "txa88b420d4100468da3fd8-0069bd06f6" "proxy-server 20" 0.0028 "-" 23 0
Mar 20 08:36:06 np0005652755 object-server[125366]: 172.20.0.104 - - [20/Mar/2026:08:36:06 +0000] "PUT /d1/700/AUTH_7d343c0d5b2d4120a89e3784e7bef979/gnocchi.11b808c1-39aa-4ba7-b414-67a398cd46f1/1773360000.0_mean_300.0_v3" 201 - "PUT http://172.18.0.184:8080/v1/AUTH_7d343c0d5b2d4120a89e3784e7bef979/gnocchi.11b808c1-39aa-4ba7-b414-67a398cd46f1/1773360000.0_mean_300.0_v3" "tx6d9abb5696ab47229d555-0069bd06f6" "proxy-server 20" 0.0130 "-" 22 0
Mar 20 08:36:06 np0005652755 container-server[124971]: 172.20.0.105 - - [20/Mar/2026:08:36:06 +0000] "PUT /d1/440/AUTH_7d343c0d5b2d4120a89e3784e7bef979/gnocchi.11b808c1-39aa-4ba7-b414-67a398cd46f1/1773360000.0_mean_300.0_v3" 201 - "PUT http://172.18.0.184:8080/d1/700/AUTH_7d343c0d5b2d4120a89e3784e7bef979/gnocchi.11b808c1-39aa-4ba7-b414-67a398cd46f1/1773360000.0_mean_300.0_v3" "tx6d9abb5696ab47229d555-0069bd06f6" "object-server 24" 0.0006 "-" 20 0
Mar 20 08:36:06 np0005652755 container-server[124982]: 172.20.0.103 - - [20/Mar/2026:08:36:06 +0000] "PUT /d1/997/AUTH_7d343c0d5b2d4120a89e3784e7bef979/gnocchi.8f866d48-5cbf-42ec-83d2-437c471232a1/none_v3" 201 - "PUT http://172.18.0.184:8080/d1/306/AUTH_7d343c0d5b2d4120a89e3784e7bef979/gnocchi.8f866d48-5cbf-42ec-83d2-437c471232a1/none_v3" "txc2c770145fcf491b8eebc-0069bd06f6" "object-server 22" 0.0006 "-" 23 0
