Dec 4 13:01:16 standalone object-server[126903]: 172.20.0.100 - - [04/Dec/2025:13:01:16 +0000] "GET /d1/325/AUTH_fba990d634184bd7b078beb19b6e3854/gnocchi.1b7e4981-96d2-4693-aab3-32026f49efea/none_v3" 200 33 "GET http://172.18.0.2:8080/v1/AUTH_fba990d634184bd7b078beb19b6e3854/gnocchi.1b7e4981-96d2-4693-aab3-32026f49efea/none_v3" "txb16b1941becf4201b6ea0-006931861c" "proxy-server 20" 0.0015 "-" 25 0
Dec 4 13:01:16 standalone proxy-server[128645]: 172.18.0.2 172.18.0.100 04/Dec/2025/13/01/16 GET /v1/AUTH_fba990d634184bd7b078beb19b6e3854/gnocchi.1b7e4981-96d2-4693-aab3-32026f49efea/none_v3 HTTP/1.0 200 - python-swiftclient-3.11.1 gAAAAABpMYWk_xEA... - 33 - txb16b1941becf4201b6ea0-006931861c - 0.0175 - - 1764853276.623702288 1764853276.641241312 0
Dec 4 13:01:16 standalone container-server[126784]: 172.20.0.100 - - [04/Dec/2025:13:01:16 +0000] "GET /d1/417/AUTH_fba990d634184bd7b078beb19b6e3854/gnocchi.1b7e4981-96d2-4693-aab3-32026f49efea" 200 357 "GET http://172.18.0.2:8080/v1/AUTH_fba990d634184bd7b078beb19b6e3854/gnocchi.1b7e4981-96d2-4693-aab3-32026f49efea?format=json&states=listing" "tx318c5700c78f4ce9ac9de-006931861c" "proxy-server 20" 0.0091 "-" 23 0
Dec 4 13:01:16 standalone proxy-server[128645]: 172.18.0.2 172.18.0.100 04/Dec/2025/13/01/16 GET /v1/AUTH_fba990d634184bd7b078beb19b6e3854/gnocchi.1b7e4981-96d2-4693-aab3-32026f49efea%3Fformat%3Djson%26states%3Dlisting HTTP/1.0 200 - python-swiftclient-3.11.1 gAAAAABpMYWk_xEA... - 357 - tx318c5700c78f4ce9ac9de-006931861c - 0.0163 - - 1764853276.645971060 1764853276.662254810 0
Dec 4 13:01:16 standalone container-server[126769]: 172.20.0.100 - - [04/Dec/2025:13:01:16 +0000] "GET /d1/417/AUTH_fba990d634184bd7b078beb19b6e3854/gnocchi.1b7e4981-96d2-4693-aab3-32026f49efea" 200 2 "GET http://172.18.0.2:8080/v1/AUTH_fba990d634184bd7b078beb19b6e3854/gnocchi.1b7e4981-96d2-4693-aab3-32026f49efea?format=json&marker=none_v3&states=listing" "txe792039f00ca465cbd7be-006931861c" "proxy-server 20" 0.0037 "-" 21 0
Dec 4 13:01:16 standalone proxy-server[128645]: 172.18.0.2 172.18.0.100 04/Dec/2025/13/01/16 GET /v1/AUTH_fba990d634184bd7b078beb19b6e3854/gnocchi.1b7e4981-96d2-4693-aab3-32026f49efea%3Fformat%3Djson%26marker%3Dnone_v3%26states%3Dlisting HTTP/1.0 200 - python-swiftclient-3.11.1 gAAAAABpMYWk_xEA... - 2 - txe792039f00ca465cbd7be-006931861c - 0.0111 - - 1764853276.666229248 1764853276.677326679 0
Dec 4 13:01:16 standalone object-server[126901]: 172.20.0.100 - - [04/Dec/2025:13:01:16 +0000] "GET /d1/789/AUTH_fba990d634184bd7b078beb19b6e3854/gnocchi.1b7e4981-96d2-4693-aab3-32026f49efea/1764720000.0_mean_300.0_v3" 200 16 "GET http://172.18.0.2:8080/v1/AUTH_fba990d634184bd7b078beb19b6e3854/gnocchi.1b7e4981-96d2-4693-aab3-32026f49efea/1764720000.0_mean_300.0_v3" "tx1be4d78d7cb244f89d8bb-006931861c" "proxy-server 20" 0.0008 "-" 23 0
Dec 4 13:01:16 standalone proxy-server[128645]: 172.18.0.2 172.18.0.100 04/Dec/2025/13/01/16 GET /v1/AUTH_fba990d634184bd7b078beb19b6e3854/gnocchi.1b7e4981-96d2-4693-aab3-32026f49efea/1764720000.0_mean_300.0_v3 HTTP/1.0 200 - python-swiftclient-3.11.1 gAAAAABpMYWk_xEA... - 16 - tx1be4d78d7cb244f89d8bb-006931861c - 0.0527 - - 1764853276.686143637 1764853276.738866806 0
Dec 4 13:01:16 standalone container-server[126784]: 172.20.0.100 - - [04/Dec/2025:13:01:16 +0000] "PUT /d1/417/AUTH_fba990d634184bd7b078beb19b6e3854/gnocchi.1b7e4981-96d2-4693-aab3-32026f49efea/1764720000.0_mean_300.0_v3" 201 - "PUT http://172.18.0.2:8080/d1/789/AUTH_fba990d634184bd7b078beb19b6e3854/gnocchi.1b7e4981-96d2-4693-aab3-32026f49efea/1764720000.0_mean_300.0_v3" "tx95622ea1882a4d1e9b47d-006931861c" "object-server 22" 0.0008 "-" 23 0
Dec 4 13:01:16 standalone object-server[126899]: 172.20.0.100 - - [04/Dec/2025:13:01:16 +0000] "PUT /d1/789/AUTH_fba990d634184bd7b078beb19b6e3854/gnocchi.1b7e4981-96d2-4693-aab3-32026f49efea/1764720000.0_mean_300.0_v3" 201 - "PUT http://172.18.0.2:8080/v1/AUTH_fba990d634184bd7b078beb19b6e3854/gnocchi.1b7e4981-96d2-4693-aab3-32026f49efea/1764720000.0_mean_300.0_v3" "tx95622ea1882a4d1e9b47d-006931861c" "proxy-server 20" 0.0099 "-" 22 0
Dec 4 13:01:16 standalone proxy-server[128645]: 172.18.0.2 172.18.0.100 04/Dec/2025/13/01/16 PUT /v1/AUTH_fba990d634184bd7b078beb19b6e3854/gnocchi.1b7e4981-96d2-4693-aab3-32026f49efea/1764720000.0_mean_300.0_v3 HTTP/1.0 201 - python-swiftclient-3.11.1 gAAAAABpMYWk_xEA... 16 - - tx95622ea1882a4d1e9b47d-006931861c - 0.0141 - - 1764853276.744236469 1764853276.758355141 0
Dec 4 13:01:16 standalone container-server[126784]: 172.20.0.100 - - [04/Dec/2025:13:01:16 +0000] "PUT /d1/417/AUTH_fba990d634184bd7b078beb19b6e3854/gnocchi.1b7e4981-96d2-4693-aab3-32026f49efea/none_v3" 201 - "PUT http://172.18.0.2:8080/d1/325/AUTH_fba990d634184bd7b078beb19b6e3854/gnocchi.1b7e4981-96d2-4693-aab3-32026f49efea/none_v3" "tx1253efb88bf244759d9a1-006931861c" "object-server 23" 0.0005 "-" 23 0
Dec 4 13:01:16 standalone object-server[126901]: 172.20.0.100 - - [04/Dec/2025:13:01:16 +0000] "PUT /d1/325/AUTH_fba990d634184bd7b078beb19b6e3854/gnocchi.1b7e4981-96d2-4693-aab3-32026f49efea/none_v3" 201 - "PUT http://172.18.0.2:8080/v1/AUTH_fba990d634184bd7b078beb19b6e3854/gnocchi.1b7e4981-96d2-4693-aab3-32026f49efea/none_v3" "tx1253efb88bf244759d9a1-006931861c" "proxy-server 20" 0.0105 "-" 23 0
Dec 4 13:01:16 standalone proxy-server[128645]: 172.18.0.2 172.18.0.100 04/Dec/2025/13/01/16 PUT /v1/AUTH_fba990d634184bd7b078beb19b6e3854/gnocchi.1b7e4981-96d2-4693-aab3-32026f49efea/none_v3 HTTP/1.0 201 - python-swiftclient-3.11.1 gAAAAABpMYWk_xEA... 48 - - tx1253efb88bf244759d9a1-006931861c - 0.0228 - - 1764853276.761281013 1764853276.784073830 0
Dec 4 13:01:16 standalone object-server[126896]: 172.20.0.100 - - [04/Dec/2025:13:01:16 +0000] "GET /d1/15/AUTH_fba990d634184bd7b078beb19b6e3854/gnocchi.7d06ab4f-1640-42a2-bbf5-3a43d06e045e/none_v3" 200 33 "GET http://172.18.0.2:8080/v1/AUTH_fba990d634184bd7b078beb19b6e3854/gnocchi.7d06ab4f-1640-42a2-bbf5-3a43d06e045e/none_v3" "tx8b8451e879f14e31aa957-006931861c" "proxy-server 20" 0.0006 "-" 21 0
Dec 4 13:01:16 standalone proxy-server[128645]: 172.18.0.2 172.18.0.100 04/Dec/2025/13/01/16 GET /v1/AUTH_fba990d634184bd7b078beb19b6e3854/gnocchi.7d06ab4f-1640-42a2-bbf5-3a43d06e045e/none_v3 HTTP/1.0 200 - python-swiftclient-3.11.1 gAAAAABpMYWk_xEA... - 33 - tx8b8451e879f14e31aa957-006931861c - 0.0055 - - 1764853276.800795794 1764853276.806320906 0
Dec 4 13:01:16 standalone container-server[126784]: 172.20.0.100 - - [04/Dec/2025:13:01:16 +0000] "GET /d1/668/AUTH_fba990d634184bd7b078beb19b6e3854/gnocchi.7d06ab4f-1640-42a2-bbf5-3a43d06e045e" 200 357 "GET http://172.18.0.2:8080/v1/AUTH_fba990d634184bd7b078beb19b6e3854/gnocchi.7d06ab4f-1640-42a2-bbf5-3a43d06e045e?format=json&states=listing" "txf25f482739cf4037bdb7b-006931861c" "proxy-server 20" 0.0072 "-" 23 0
Dec 4 13:01:16 standalone proxy-server[128645]: 172.18.0.2 172.18.0.100 04/Dec/2025/13/01/16 GET /v1/AUTH_fba990d634184bd7b078beb19b6e3854/gnocchi.7d06ab4f-1640-42a2-bbf5-3a43d06e045e%3Fformat%3Djson%26states%3Dlisting HTTP/1.0 200 - python-swiftclient-3.11.1 gAAAAABpMYWk_xEA... - 357 - txf25f482739cf4037bdb7b-006931861c - 0.0124 - - 1764853276.809053898 1764853276.821483374 0
Dec 4 13:01:16 standalone container-server[126778]: 172.20.0.100 - - [04/Dec/2025:13:01:16 +0000] "GET /d1/668/AUTH_fba990d634184bd7b078beb19b6e3854/gnocchi.7d06ab4f-1640-42a2-bbf5-3a43d06e045e" 200 2 "GET http://172.18.0.2:8080/v1/AUTH_fba990d634184bd7b078beb19b6e3854/gnocchi.7d06ab4f-1640-42a2-bbf5-3a43d06e045e?format=json&marker=none_v3&states=listing" "tx6047fe4555f44890a4757-006931861c" "proxy-server 20" 0.0025 "-" 22 0
Dec 4 13:01:16 standalone proxy-server[128645]: 172.18.0.2 172.18.0.100 04/Dec/2025/13/01/16 GET /v1/AUTH_fba990d634184bd7b078beb19b6e3854/gnocchi.7d06ab4f-1640-42a2-bbf5-3a43d06e045e%3Fformat%3Djson%26marker%3Dnone_v3%26states%3Dlisting HTTP/1.0 200 - python-swiftclient-3.11.1 gAAAAABpMYWk_xEA... - 2 - tx6047fe4555f44890a4757-006931861c - 0.0086 - - 1764853276.824462652 1764853276.833078861 0
Dec 4 13:01:16 standalone object-server[126896]: 172.20.0.100 - - [04/Dec/2025:13:01:16 +0000] "GET /d1/414/AUTH_fba990d634184bd7b078beb19b6e3854/gnocchi.7d06ab4f-1640-42a2-bbf5-3a43d06e045e/1764720000.0_mean_300.0_v3" 200 16 "GET http://172.18.0.2:8080/v1/AUTH_fba990d634184bd7b078beb19b6e3854/gnocchi.7d06ab4f-1640-42a2-bbf5-3a43d06e045e/1764720000.0_mean_300.0_v3" "tx61757e1f420e4f559cefc-006931861c" "proxy-server 20" 0.0007 "-" 21 0
Dec 4 13:01:16 standalone proxy-server[128645]: 172.18.0.2 172.18.0.100 04/Dec/2025/13/01/16 GET /v1/AUTH_fba990d634184bd7b078beb19b6e3854/gnocchi.7d06ab4f-1640-42a2-bbf5-3a43d06e045e/1764720000.0_mean_300.0_v3 HTTP/1.0 200 - python-swiftclient-3.11.1 gAAAAABpMYWk_xEA... - 16 - tx61757e1f420e4f559cefc-006931861c - 0.0064 - - 1764853276.838176727 1764853276.844568729 0
Dec 4 13:01:16 standalone container-server[126765]: 172.20.0.100 - - [04/Dec/2025:13:01:16 +0000] "PUT /d1/668/AUTH_fba990d634184bd7b078beb19b6e3854/gnocchi.7d06ab4f-1640-42a2-bbf5-3a43d06e045e/1764720000.0_mean_300.0_v3" 201 - "PUT http://172.18.0.2:8080/d1/414/AUTH_fba990d634184bd7b078beb19b6e3854/gnocchi.7d06ab4f-1640-42a2-bbf5-3a43d06e045e/1764720000.0_mean_300.0_v3" "tx2f1488cce40941ee84c41-006931861c" "object-server 25" 0.0007 "-" 20 0
Dec 4 13:01:16 standalone object-server[126903]: 172.20.0.100 - - [04/Dec/2025:13:01:16 +0000] "PUT /d1/414/AUTH_fba990d634184bd7b078beb19b6e3854/gnocchi.7d06ab4f-1640-42a2-bbf5-3a43d06e045e/1764720000.0_mean_300.0_v3" 201 - "PUT http://172.18.0.2:8080/v1/AUTH_fba990d634184bd7b078beb19b6e3854/gnocchi.7d06ab4f-1640-42a2-bbf5-3a43d06e045e/1764720000.0_mean_300.0_v3" "tx2f1488cce40941ee84c41-006931861c" "proxy-server 20" 0.0101 "-" 25 0
Dec 4 13:01:16 standalone proxy-server[128645]: 172.18.0.2 172.18.0.100 04/Dec/2025/13/01/16 PUT /v1/AUTH_fba990d634184bd7b078beb19b6e3854/gnocchi.7d06ab4f-1640-42a2-bbf5-3a43d06e045e/1764720000.0_mean_300.0_v3 HTTP/1.0 201 - python-swiftclient-3.11.1 gAAAAABpMYWk_xEA... 16 - - tx2f1488cce40941ee84c41-006931861c - 0.0141 - - 1764853276.848909616 1764853276.862990618 0
Dec 4 13:01:16 standalone container-server[126778]: 172.20.0.100 - - [04/Dec/2025:13:01:16 +0000] "PUT /d1/668/AUTH_fba990d634184bd7b078beb19b6e3854/gnocchi.7d06ab4f-1640-42a2-bbf5-3a43d06e045e/none_v3" 201 - "PUT http://172.18.0.2:8080/d1/15/AUTH_fba990d634184bd7b078beb19b6e3854/gnocchi.7d06ab4f-1640-42a2-bbf5-3a43d06e045e/none_v3" "tx656226dc26d546e99ed13-006931861c" "object-server 22" 0.0005 "-" 22 0
Dec 4 13:01:16 standalone object-server[126899]: 172.20.0.100 - - [04/Dec/2025:13:01:16 +0000] "PUT /d1/15/AUTH_fba990d634184bd7b078beb19b6e3854/gnocchi.7d06ab4f-1640-42a2-bbf5-3a43d06e045e/none_v3" 201 - "PUT http://172.18.0.2:8080/v1/AUTH_fba990d634184bd7b078beb19b6e3854/gnocchi.7d06ab4f-1640-42a2-bbf5-3a43d06e045e/none_v3" "tx656226dc26d546e99ed13-006931861c" "proxy-server 20" 0.0086 "-" 22 0
Dec 4 13:01:16 standalone proxy-server[128645]: 172.18.0.2 172.18.0.100 04/Dec/2025/13/01/16 PUT /v1/AUTH_fba990d634184bd7b078beb19b6e3854/gnocchi.7d06ab4f-1640-42a2-bbf5-3a43d06e045e/none_v3 HTTP/1.0 201 - python-swiftclient-3.11.1 gAAAAABpMYWk_xEA... 48 - - tx656226dc26d546e99ed13-006931861c - 0.0131 - - 1764853276.865917206 1764853276.879061460 0
Dec 4 13:01:18 standalone object-server[126896]: 172.20.0.100 - - [04/Dec/2025:13:01:18 +0000] "GET /d1/752/AUTH_fba990d634184bd7b078beb19b6e3854/gnocchi.b96942cd-d440-4b32-9e20-f701f79a8a98/none_v3" 200 22 "GET http://172.18.0.2:8080/v1/AUTH_fba990d634184bd7b078beb19b6e3854/gnocchi.b96942cd-d440-4b32-9e20-f701f79a8a98/none_v3" "tx050a3cbf68b54c468705c-006931861e" "proxy-server 20" 0.0012 "-" 21 0
Dec 4 13:01:18 standalone proxy-server[128645]: 172.18.0.2 172.18.0.100 04/Dec/2025/13/01/18 GET /v1/AUTH_fba990d634184bd7b078beb19b6e3854/gnocchi.b96942cd-d440-4b32-9e20-f701f79a8a98/none_v3 HTTP/1.0 200 - python-swiftclient-3.11.1 gAAAAABpMYWk_xEA... - 22 - tx050a3cbf68b54c468705c-006931861e - 0.0120 - - 1764853278.276129246 1764853278.288174391 0
Dec 4 13:01:18 standalone container-server[126778]: 172.20.0.100 - - [04/Dec/2025:13:01:18 +0000] "GET /d1/191/AUTH_fba990d634184bd7b078beb19b6e3854/gnocchi.b96942cd-d440-4b32-9e20-f701f79a8a98" 200 357 "GET http://172.18.0.2:8080/v1/AUTH_fba990d634184bd7b078beb19b6e3854/gnocchi.b96942cd-d440-4b32-9e20-f701f79a8a98?format=json&states=listing" "tx2d07660e9c534f689a1e5-006931861e" "proxy-server 20" 0.0095 "-" 22 0
Dec 4 13:01:18 standalone proxy-server[128645]: 172.18.0.2 172.18.0.100 04/Dec/2025/13/01/18 GET /v1/AUTH_fba990d634184bd7b078beb19b6e3854/gnocchi.b96942cd-d440-4b32-9e20-f701f79a8a98%3Fformat%3Djson%26states%3Dlisting HTTP/1.0 200 - python-swiftclient-3.11.1 gAAAAABpMYWk_xEA... - 357 - tx2d07660e9c534f689a1e5-006931861e - 0.0193 - - 1764853278.293229580 1764853278.312574148 0
Dec 4 13:01:18 standalone container-server[126765]: 172.20.0.100 - - [04/Dec/2025:13:01:18 +0000] "GET /d1/191/AUTH_fba990d634184bd7b078beb19b6e3854/gnocchi.b96942cd-d440-4b32-9e20-f701f79a8a98" 200 2 "GET http://172.18.0.2:8080/v1/AUTH_fba990d634184bd7b078beb19b6e3854/gnocchi.b96942cd-d440-4b32-9e20-f701f79a8a98?format=json&marker=none_v3&states=listing" "txeeda2e640b0949ba81659-006931861e" "proxy-server 20" 0.0038 "-" 20 0
Dec 4 13:01:18 standalone proxy-server[128645]: 172.18.0.2 172.18.0.100 04/Dec/2025/13/01/18 GET /v1/AUTH_fba990d634184bd7b078beb19b6e3854/gnocchi.b96942cd-d440-4b32-9e20-f701f79a8a98%3Fformat%3Djson%26marker%3Dnone_v3%26states%3Dlisting HTTP/1.0 200 - python-swiftclient-3.11.1 gAAAAABpMYWk_xEA... - 2 - txeeda2e640b0949ba81659-006931861e - 0.0134 - - 1764853278.317265511 1764853278.330675364 0
Dec 4 13:01:18 standalone object-server[126901]: 172.20.0.100 - - [04/Dec/2025:13:01:18 +0000] "GET /d1/205/AUTH_fba990d634184bd7b078beb19b6e3854/gnocchi.b96942cd-d440-4b32-9e20-f701f79a8a98/1764720000.0_mean_300.0_v3" 200 16 "GET http://172.18.0.2:8080/v1/AUTH_fba990d634184bd7b078beb19b6e3854/gnocchi.b96942cd-d440-4b32-9e20-f701f79a8a98/1764720000.0_mean_300.0_v3" "txcde9d366aba146c4b2d67-006931861e" "proxy-server 20" 0.0011 "-" 23 0
Dec 4 13:01:18 standalone proxy-server[128645]: 172.18.0.2 172.18.0.100 04/Dec/2025/13/01/18 GET /v1/AUTH_fba990d634184bd7b078beb19b6e3854/gnocchi.b96942cd-d440-4b32-9e20-f701f79a8a98/1764720000.0_mean_300.0_v3 HTTP/1.0 200 - python-swiftclient-3.11.1 gAAAAABpMYWk_xEA... - 16 - txcde9d366aba146c4b2d67-006931861e - 0.0098 - - 1764853278.335395813 1764853278.345174313 0
Dec 4 13:01:18 standalone container-server[126765]: 172.20.0.100 - - [04/Dec/2025:13:01:18 +0000] "PUT /d1/191/AUTH_fba990d634184bd7b078beb19b6e3854/gnocchi.b96942cd-d440-4b32-9e20-f701f79a8a98/1764720000.0_mean_300.0_v3" 201 - "PUT http://172.18.0.2:8080/d1/205/AUTH_fba990d634184bd7b078beb19b6e3854/gnocchi.b96942cd-d440-4b32-9e20-f701f79a8a98/1764720000.0_mean_300.0_v3" "tx8d70b8c69b834b1f88138-006931861e" "object-server 25" 0.0008 "-" 20 0
Dec 4 13:01:18 standalone object-server[126903]: 172.20.0.100 - - [04/Dec/2025:13:01:18 +0000] "PUT /d1/205/AUTH_fba990d634184bd7b078beb19b6e3854/gnocchi.b96942cd-d440-4b32-9e20-f701f79a8a98/1764720000.0_mean_300.0_v3" 201 - "PUT http://172.18.0.2:8080/v1/AUTH_fba990d634184bd7b078beb19b6e3854/gnocchi.b96942cd-d440-4b32-9e20-f701f79a8a98/1764720000.0_mean_300.0_v3" "tx8d70b8c69b834b1f88138-006931861e" "proxy-server 20" 0.0106 "-" 25 0
Dec 4 13:01:18 standalone proxy-server[128645]: 172.18.0.2 172.18.0.100 04/Dec/2025/13/01/18 PUT /v1/AUTH_fba990d634184bd7b078beb19b6e3854/gnocchi.b96942cd-d440-4b32-9e20-f701f79a8a98/1764720000.0_mean_300.0_v3 HTTP/1.0 201 - python-swiftclient-3.11.1 gAAAAABpMYWk_xEA... 16 - - tx8d70b8c69b834b1f88138-006931861e - 0.0198 - - 1764853278.349321127 1764853278.369167566 0
Dec 4 13:01:18 standalone container-server[126769]: 172.20.0.100 - - [04/Dec/2025:13:01:18 +0000] "PUT /d1/191/AUTH_fba990d634184bd7b078beb19b6e3854/gnocchi.b96942cd-d440-4b32-9e20-f701f79a8a98/none_v3" 201 - "PUT http://172.18.0.2:8080/d1/752/AUTH_fba990d634184bd7b078beb19b6e3854/gnocchi.b96942cd-d440-4b32-9e20-f701f79a8a98/none_v3" "tx8e51373fe61348f0b7bbd-006931861e" "object-server 23" 0.0008 "-" 21 0
Dec 4 13:01:18 standalone object-server[126901]: 172.20.0.100 - - [04/Dec/2025:13:01:18 +0000] "PUT /d1/752/AUTH_fba990d634184bd7b078beb19b6e3854/gnocchi.b96942cd-d440-4b32-9e20-f701f79a8a98/none_v3" 201 - "PUT http://172.18.0.2:8080/v1/AUTH_fba990d634184bd7b078beb19b6e3854/gnocchi.b96942cd-d440-4b32-9e20-f701f79a8a98/none_v3" "tx8e51373fe61348f0b7bbd-006931861e" "proxy-server 20" 0.0110 "-" 23 0
Dec 4 13:01:18 standalone proxy-server[128645]: 172.18.0.2 172.18.0.100 04/Dec/2025/13/01/18 PUT /v1/AUTH_fba990d634184bd7b078beb19b6e3854/gnocchi.b96942cd-d440-4b32-9e20-f701f79a8a98/none_v3 HTTP/1.0 201 - python-swiftclient-3.11.1 gAAAAABpMYWk_xEA... 31 - - tx8e51373fe61348f0b7bbd-006931861e - 0.0189 - - 1764853278.375315189 1764853278.394186974 0
Dec 4 13:01:26 standalone account-server[126743]: 172.20.0.100 - - [04/Dec/2025:13:01:26 +0000] "HEAD /d1/899/AUTH_fba990d634184bd7b078beb19b6e3854" 204 - "HEAD http://172.18.0.2:8080/v1/AUTH_fba990d634184bd7b078beb19b6e3854?format=json" "txbfcfc6947443452f8e6eb-0069318626" "proxy-server 20" 0.0048 "-" 20 -
Dec 4 13:01:26 standalone proxy-server[128645]: - - 04/Dec/2025/13/01/26 HEAD /v1/AUTH_fba990d634184bd7b078beb19b6e3854%3Fformat%3Djson HTTP/1.0 204 - Swift - - - - txbfcfc6947443452f8e6eb-0069318626 - 0.0089 RL - 1764853286.120492458 1764853286.129426956 -
Dec 4 13:01:26 standalone object-server[126899]: 172.20.0.100 - - [04/Dec/2025:13:01:26 +0000] "GET /d1/752/AUTH_fba990d634184bd7b078beb19b6e3854/gnocchi.b96942cd-d440-4b32-9e20-f701f79a8a98/none_v3" 200 31 "GET http://172.18.0.2:8080/v1/AUTH_fba990d634184bd7b078beb19b6e3854/gnocchi.b96942cd-d440-4b32-9e20-f701f79a8a98/none_v3" "txbfcfc6947443452f8e6eb-0069318626" "proxy-server 20" 0.0008 "-" 22 0
Dec 4 13:01:26 standalone proxy-server[128645]: 172.18.0.2 172.18.0.100 04/Dec/2025/13/01/26 GET /v1/AUTH_fba990d634184bd7b078beb19b6e3854/gnocchi.b96942cd-d440-4b32-9e20-f701f79a8a98/none_v3 HTTP/1.0 200 - python-swiftclient-3.11.1 gAAAAABpMYWk_xEA... - 31 - txbfcfc6947443452f8e6eb-0069318626 - 0.0155 - - 1764853286.119775534 1764853286.135285139 0
Dec 4 13:01:26 standalone container-server[126765]: 172.20.0.100 - - [04/Dec/2025:13:01:26 +0000] "GET /d1/191/AUTH_fba990d634184bd7b078beb19b6e3854/gnocchi.b96942cd-d440-4b32-9e20-f701f79a8a98" 200 357 "GET http://172.18.0.2:8080/v1/AUTH_fba990d634184bd7b078beb19b6e3854/gnocchi.b96942cd-d440-4b32-9e20-f701f79a8a98?format=json&states=listing" "tx27850249b9a142aa82c57-0069318626" "proxy-server 20" 0.0089 "-" 20 0
Dec 4 13:01:26 standalone proxy-server[128645]: 172.18.0.2 172.18.0.100 04/Dec/2025/13/01/26 GET /v1/AUTH_fba990d634184bd7b078beb19b6e3854/gnocchi.b96942cd-d440-4b32-9e20-f701f79a8a98%3Fformat%3Djson%26states%3Dlisting HTTP/1.0 200 - python-swiftclient-3.11.1 gAAAAABpMYWk_xEA... - 357 - tx27850249b9a142aa82c57-0069318626 - 0.0142 - - 1764853286.138413906 1764853286.152590036 0
Dec 4 13:01:26 standalone container-server[126778]: 172.20.0.100 - - [04/Dec/2025:13:01:26 +0000] "GET /d1/191/AUTH_fba990d634184bd7b078beb19b6e3854/gnocchi.b96942cd-d440-4b32-9e20-f701f79a8a98" 200 2 "GET http://172.18.0.2:8080/v1/AUTH_fba990d634184bd7b078beb19b6e3854/gnocchi.b96942cd-d440-4b32-9e20-f701f79a8a98?format=json&marker=none_v3&states=listing" "tx17cf59c6fa8c4ceba01a2-0069318626" "proxy-server 20" 0.0019 "-" 22 0
Dec 4 13:01:26 standalone proxy-server[128645]: 172.18.0.2 172.18.0.100 04/Dec/2025/13/01/26 GET /v1/AUTH_fba990d634184bd7b078beb19b6e3854/gnocchi.b96942cd-d440-4b32-9e20-f701f79a8a98%3Fformat%3Djson%26marker%3Dnone_v3%26states%3Dlisting HTTP/1.0 200 - python-swiftclient-3.11.1 gAAAAABpMYWk_xEA... - 2 - tx17cf59c6fa8c4ceba01a2-0069318626 - 0.0066 - - 1764853286.154919147 1764853286.161483288 0
Dec 4 13:01:26 standalone object-server[126903]: 172.20.0.100 - - [04/Dec/2025:13:01:26 +0000] "GET /d1/205/AUTH_fba990d634184bd7b078beb19b6e3854/gnocchi.b96942cd-d440-4b32-9e20-f701f79a8a98/1764720000.0_mean_300.0_v3" 200 16 "GET http://172.18.0.2:8080/v1/AUTH_fba990d634184bd7b078beb19b6e3854/gnocchi.b96942cd-d440-4b32-9e20-f701f79a8a98/1764720000.0_mean_300.0_v3" "tx7ed0fd6de5b94ccc9bb1f-0069318626" "proxy-server 20" 0.0008 "-" 25 0
Dec 4 13:01:26 standalone proxy-server[128645]: 172.18.0.2 172.18.0.100 04/Dec/2025/13/01/26 GET /v1/AUTH_fba990d634184bd7b078beb19b6e3854/gnocchi.b96942cd-d440-4b32-9e20-f701f79a8a98/1764720000.0_mean_300.0_v3 HTTP/1.0 200 - python-swiftclient-3.11.1 gAAAAABpMYWk_xEA... - 16 - tx7ed0fd6de5b94ccc9bb1f-0069318626 - 0.0052 - - 1764853286.164260864 1764853286.169489861 0
Dec 4 13:01:26 standalone container-server[126769]: 172.20.0.100 - - [04/Dec/2025:13:01:26 +0000] "PUT /d1/191/AUTH_fba990d634184bd7b078beb19b6e3854/gnocchi.b96942cd-d440-4b32-9e20-f701f79a8a98/1764720000.0_mean_300.0_v3" 201 - "PUT http://172.18.0.2:8080/d1/205/AUTH_fba990d634184bd7b078beb19b6e3854/gnocchi.b96942cd-d440-4b32-9e20-f701f79a8a98/1764720000.0_mean_300.0_v3" "tx8eb4e5dfc1b8430fbf137-0069318626" "object-server 23" 0.0009 "-" 21 0
Dec 4 13:01:26 standalone object-server[126901]: 172.20.0.100 - - [04/Dec/2025:13:01:26 +0000] "PUT /d1/205/AUTH_fba990d634184bd7b078beb19b6e3854/gnocchi.b96942cd-d440-4b32-9e20-f701f79a8a98/1764720000.0_mean_300.0_v3" 201 - "PUT http://172.18.0.2:8080/v1/AUTH_fba990d634184bd7b078beb19b6e3854/gnocchi.b96942cd-d440-4b32-9e20-f701f79a8a98/1764720000.0_mean_300.0_v3" "tx8eb4e5dfc1b8430fbf137-0069318626" "proxy-server 20" 0.0092 "-" 23 0
Dec 4 13:01:26 standalone proxy-server[128645]: 172.18.0.2 172.18.0.100 04/Dec/2025/13/01/26 PUT /v1/AUTH_fba990d634184bd7b078beb19b6e3854/gnocchi.b96942cd-d440-4b32-9e20-f701f79a8a98/1764720000.0_mean_300.0_v3 HTTP/1.0 201 - python-swiftclient-3.11.1 gAAAAABpMYWk_xEA... 16 - - tx8eb4e5dfc1b8430fbf137-0069318626 - 0.0135 - - 1764853286.171588898 1764853286.185122252 0
Dec 4 13:01:26 standalone container-server[126765]: 172.20.0.100 - - [04/Dec/2025:13:01:26 +0000] "PUT /d1/191/AUTH_fba990d634184bd7b078beb19b6e3854/gnocchi.b96942cd-d440-4b32-9e20-f701f79a8a98/none_v3" 201 - "PUT http://172.18.0.2:8080/d1/752/AUTH_fba990d634184bd7b078beb19b6e3854/gnocchi.b96942cd-d440-4b32-9e20-f701f79a8a98/none_v3" "tx1b4726dfeaa8424692d3d-0069318626" "object-server 22" 0.0006 "-" 20 0
Dec 4 13:01:26 standalone object-server[126899]: 172.20.0.100 - - [04/Dec/2025:13:01:26 +0000] "PUT /d1/752/AUTH_fba990d634184bd7b078beb19b6e3854/gnocchi.b96942cd-d440-4b32-9e20-f701f79a8a98/none_v3" 201 - "PUT http://172.18.0.2:8080/v1/AUTH_fba990d634184bd7b078beb19b6e3854/gnocchi.b96942cd-d440-4b32-9e20-f701f79a8a98/none_v3" "tx1b4726dfeaa8424692d3d-0069318626" "proxy-server 20" 0.0077 "-" 22 0
Dec 4 13:01:26 standalone proxy-server[128645]: 172.18.0.2 172.18.0.100 04/Dec/2025/13/01/26 PUT /v1/AUTH_fba990d634184bd7b078beb19b6e3854/gnocchi.b96942cd-d440-4b32-9e20-f701f79a8a98/none_v3 HTTP/1.0 201 - python-swiftclient-3.11.1 gAAAAABpMYWk_xEA... 46 - - tx1b4726dfeaa8424692d3d-0069318626 - 0.0119 - - 1764853286.188661337 1764853286.200574398 0
Dec 4 13:01:26 standalone object-server[126899]: 172.20.0.100 - - [04/Dec/2025:13:01:26 +0000] "GET /d1/752/AUTH_fba990d634184bd7b078beb19b6e3854/gnocchi.b96942cd-d440-4b32-9e20-f701f79a8a98/none_v3" 200 46 "GET http://172.18.0.2:8080/v1/AUTH_fba990d634184bd7b078beb19b6e3854/gnocchi.b96942cd-d440-4b32-9e20-f701f79a8a98/none_v3" "tx1f085969392346bbb41ea-0069318626" "proxy-server 20" 0.0009 "-" 22 0
Dec 4 13:01:26 standalone proxy-server[128645]: 172.18.0.2 172.18.0.100 04/Dec/2025/13/01/26 GET /v1/AUTH_fba990d634184bd7b078beb19b6e3854/gnocchi.b96942cd-d440-4b32-9e20-f701f79a8a98/none_v3 HTTP/1.0 200 - python-swiftclient-3.11.1 gAAAAABpMYWk_xEA... - 46 - tx1f085969392346bbb41ea-0069318626 - 0.0100 - - 1764853286.946690321 1764853286.956682920 0
Dec 4 13:01:26 standalone container-server[126765]: 172.20.0.100 - - [04/Dec/2025:13:01:26 +0000] "GET /d1/191/AUTH_fba990d634184bd7b078beb19b6e3854/gnocchi.b96942cd-d440-4b32-9e20-f701f79a8a98" 200 357 "GET http://172.18.0.2:8080/v1/AUTH_fba990d634184bd7b078beb19b6e3854/gnocchi.b96942cd-d440-4b32-9e20-f701f79a8a98?format=json&states=listing" "tx06e0b6d084f4484a8a226-0069318626" "proxy-server 20" 0.0099 "-" 20 0
Dec 4 13:01:26 standalone proxy-server[128645]: 172.18.0.2 172.18.0.100 04/Dec/2025/13/01/26 GET /v1/AUTH_fba990d634184bd7b078beb19b6e3854/gnocchi.b96942cd-d440-4b32-9e20-f701f79a8a98%3Fformat%3Djson%26states%3Dlisting HTTP/1.0 200 - python-swiftclient-3.11.1 gAAAAABpMYWk_xEA... - 357 - tx06e0b6d084f4484a8a226-0069318626 - 0.0181 - - 1764853286.961420536 1764853286.979531050 0
Dec 4 13:01:26 standalone container-server[126778]: 172.20.0.100 - - [04/Dec/2025:13:01:26 +0000] "GET /d1/191/AUTH_fba990d634184bd7b078beb19b6e3854/gnocchi.b96942cd-d440-4b32-9e20-f701f79a8a98" 200 2 "GET http://172.18.0.2:8080/v1/AUTH_fba990d634184bd7b078beb19b6e3854/gnocchi.b96942cd-d440-4b32-9e20-f701f79a8a98?format=json&marker=none_v3&states=listing" "txd7d35f3300244ffdb6bd2-0069318626" "proxy-server 20" 0.0029 "-" 22 0
Dec 4 13:01:26 standalone proxy-server[128645]: 172.18.0.2 172.18.0.100 04/Dec/2025/13/01/26 GET /v1/AUTH_fba990d634184bd7b078beb19b6e3854/gnocchi.b96942cd-d440-4b32-9e20-f701f79a8a98%3Fformat%3Djson%26marker%3Dnone_v3%26states%3Dlisting HTTP/1.0 200 - python-swiftclient-3.11.1 gAAAAABpMYWk_xEA... - 2 - txd7d35f3300244ffdb6bd2-0069318626 - 0.0099 - - 1764853286.984357834 1764853286.994285107 0
Dec 4 13:01:27 standalone object-server[126896]: 172.20.0.100 - - [04/Dec/2025:13:01:27 +0000] "GET /d1/205/AUTH_fba990d634184bd7b078beb19b6e3854/gnocchi.b96942cd-d440-4b32-9e20-f701f79a8a98/1764720000.0_mean_300.0_v3" 200 16 "GET http://172.18.0.2:8080/v1/AUTH_fba990d634184bd7b078beb19b6e3854/gnocchi.b96942cd-d440-4b32-9e20-f701f79a8a98/1764720000.0_mean_300.0_v3" "tx4ffde2c74ed649feb3b6e-0069318626" "proxy-server 20" 0.0011 "-" 21 0
Dec 4 13:01:27 standalone proxy-server[128645]: 172.18.0.2 172.18.0.100 04/Dec/2025/13/01/27 GET /v1/AUTH_fba990d634184bd7b078beb19b6e3854/gnocchi.b96942cd-d440-4b32-9e20-f701f79a8a98/1764720000.0_mean_300.0_v3 HTTP/1.0 200 - python-swiftclient-3.11.1 gAAAAABpMYWk_xEA... - 16 - tx4ffde2c74ed649feb3b6e-0069318626 - 0.0073 - - 1764853286.998399019 1764853287.005687952 0
Dec 4 13:01:27 standalone container-server[126778]: 172.20.0.100 - - [04/Dec/2025:13:01:27 +0000] "PUT /d1/191/AUTH_fba990d634184bd7b078beb19b6e3854/gnocchi.b96942cd-d440-4b32-9e20-f701f79a8a98/1764720000.0_mean_300.0_v3" 201 - "PUT http://172.18.0.2:8080/d1/205/AUTH_fba990d634184bd7b078beb19b6e3854/gnocchi.b96942cd-d440-4b32-9e20-f701f79a8a98/1764720000.0_mean_300.0_v3" "txcec24344ad9a4e29aa169-0069318627" "object-server 23" 0.0007 "-" 22 0
Dec 4 13:01:27 standalone object-server[126901]: 172.20.0.100 - - [04/Dec/2025:13:01:27 +0000] "PUT /d1/205/AUTH_fba990d634184bd7b078beb19b6e3854/gnocchi.b96942cd-d440-4b32-9e20-f701f79a8a98/1764720000.0_mean_300.0_v3" 201 - "PUT http://172.18.0.2:8080/v1/AUTH_fba990d634184bd7b078beb19b6e3854/gnocchi.b96942cd-d440-4b32-9e20-f701f79a8a98/1764720000.0_mean_300.0_v3" "txcec24344ad9a4e29aa169-0069318627" "proxy-server 20" 0.0090 "-" 23 0
Dec 4 13:01:27 standalone proxy-server[128645]: 172.18.0.2 172.18.0.100 04/Dec/2025/13/01/27 PUT /v1/AUTH_fba990d634184bd7b078beb19b6e3854/gnocchi.b96942cd-d440-4b32-9e20-f701f79a8a98/1764720000.0_mean_300.0_v3 HTTP/1.0 201 - python-swiftclient-3.11.1 gAAAAABpMYWk_xEA... 16 - - txcec24344ad9a4e29aa169-0069318627 - 0.0144 - - 1764853287.008529425 1764853287.022977352 0
Dec 4 13:01:27 standalone container-server[126769]: 172.20.0.100 - - [04/Dec/2025:13:01:27 +0000] "PUT /d1/191/AUTH_fba990d634184bd7b078beb19b6e3854/gnocchi.b96942cd-d440-4b32-9e20-f701f79a8a98/none_v3" 201 - "PUT http://172.18.0.2:8080/d1/752/AUTH_fba990d634184bd7b078beb19b6e3854/gnocchi.b96942cd-d440-4b32-9e20-f701f79a8a98/none_v3" "tx6405c8f0f8a541a49ea2c-0069318627" "object-server 25" 0.0007 "-" 21 0
Dec 4 13:01:27 standalone object-server[126903]: 172.20.0.100 - - [04/Dec/2025:13:01:27 +0000] "PUT /d1/752/AUTH_fba990d634184bd7b078beb19b6e3854/gnocchi.b96942cd-d440-4b32-9e20-f701f79a8a98/none_v3" 201 - "PUT http://172.18.0.2:8080/v1/AUTH_fba990d634184bd7b078beb19b6e3854/gnocchi.b96942cd-d440-4b32-9e20-f701f79a8a98/none_v3" "tx6405c8f0f8a541a49ea2c-0069318627" "proxy-server 20" 0.0117 "-" 25 0
Dec 4 13:01:27 standalone proxy-server[128645]: 172.18.0.2 172.18.0.100 04/Dec/2025/13/01/27 PUT /v1/AUTH_fba990d634184bd7b078beb19b6e3854/gnocchi.b96942cd-d440-4b32-9e20-f701f79a8a98/none_v3 HTTP/1.0 201 - python-swiftclient-3.11.1 gAAAAABpMYWk_xEA... 51 - - tx6405c8f0f8a541a49ea2c-0069318627 - 0.0181 - - 1764853287.026778221 1764853287.044877052 0
Dec 4 13:01:29 standalone container-server[126778]: 172.20.0.100 - - [04/Dec/2025:13:01:29 +0000] "HEAD /d1/990/AUTH_fba990d634184bd7b078beb19b6e3854/gnocchi.09e96e2a-f473-465e-a753-44d03240cecc" 404 - "HEAD http://172.18.0.2:8080/v1/AUTH_fba990d634184bd7b078beb19b6e3854/gnocchi.09e96e2a-f473-465e-a753-44d03240cecc?format=json&states=listing" "txde77780956414ec480527-0069318629" "proxy-server 20" 0.0006 "-" 22 0
Dec 4 13:01:29 standalone object-server[126903]: 172.20.0.100 - - [04/Dec/2025:13:01:29 +0000] "GET /d1/787/AUTH_fba990d634184bd7b078beb19b6e3854/gnocchi.09e96e2a-f473-465e-a753-44d03240cecc/none_v3" 404 70 "GET http://172.18.0.2:8080/v1/AUTH_fba990d634184bd7b078beb19b6e3854/gnocchi.09e96e2a-f473-465e-a753-44d03240cecc/none_v3" "txde77780956414ec480527-0069318629" "proxy-server 20" 0.0007 "-" 25 0
Dec 4 13:01:29 standalone proxy-server[128645]: 172.18.0.2 172.18.0.100 04/Dec/2025/13/01/29 GET /v1/AUTH_fba990d634184bd7b078beb19b6e3854/gnocchi.09e96e2a-f473-465e-a753-44d03240cecc/none_v3 HTTP/1.0 404 - python-swiftclient-3.11.1 gAAAAABpMYWk_xEA... - 70 - txde77780956414ec480527-0069318629 - 0.0198 - - 1764853289.794295073 1764853289.814143658 0
Dec 4 13:01:29 standalone account-server[126745]: 172.20.0.100 - - [04/Dec/2025:13:01:29 +0000] "PUT /d1/899/AUTH_fba990d634184bd7b078beb19b6e3854/gnocchi.09e96e2a-f473-465e-a753-44d03240cecc" 201 - "PUT http://172.20.0.100:6001/d1/990/AUTH_fba990d634184bd7b078beb19b6e3854/gnocchi.09e96e2a-f473-465e-a753-44d03240cecc" "tx70b052cc5bee450396ccf-0069318629" "container-server 23" 0.0021 "-" 21 0
Dec 4 13:01:29 standalone container-server[126784]: 172.20.0.100 - - [04/Dec/2025:13:01:29 +0000] "PUT /d1/990/AUTH_fba990d634184bd7b078beb19b6e3854/gnocchi.09e96e2a-f473-465e-a753-44d03240cecc" 201 - "PUT http://172.18.0.2:8080/v1/AUTH_fba990d634184bd7b078beb19b6e3854/gnocchi.09e96e2a-f473-465e-a753-44d03240cecc" "tx70b052cc5bee450396ccf-0069318629" "proxy-server 20" 0.0128 "-" 23 0
Dec 4 13:01:29 standalone proxy-server[128645]: 172.18.0.2 172.18.0.100 04/Dec/2025/13/01/29 PUT /v1/AUTH_fba990d634184bd7b078beb19b6e3854/gnocchi.09e96e2a-f473-465e-a753-44d03240cecc HTTP/1.0 201 - python-swiftclient-3.11.1 gAAAAABpMYWk_xEA... - - - tx70b052cc5bee450396ccf-0069318629 - 0.0196 - - 1764853289.817665339 1764853289.837305307 0
Dec 4 13:01:29 standalone container-server[126784]: 172.20.0.100 - - [04/Dec/2025:13:01:29 +0000] "HEAD /d1/990/AUTH_fba990d634184bd7b078beb19b6e3854/gnocchi.09e96e2a-f473-465e-a753-44d03240cecc" 204 - "HEAD http://172.18.0.2:8080/v1/AUTH_fba990d634184bd7b078beb19b6e3854/gnocchi.09e96e2a-f473-465e-a753-44d03240cecc?format=json&states=listing" "txa7d703cec6964d0593c4f-0069318629" "proxy-server 20" 0.0016 "-" 23 0
Dec 4 13:01:29 standalone proxy-server[128645]: - - 04/Dec/2025/13/01/29 HEAD /v1/AUTH_fba990d634184bd7b078beb19b6e3854/gnocchi.09e96e2a-f473-465e-a753-44d03240cecc%3Fformat%3Djson%26states%3Dlisting HTTP/1.0 204 - Swift - - - - txa7d703cec6964d0593c4f-0069318629 - 0.0054 RL - 1764853289.845695496 1764853289.851106882 0
Dec 4 13:01:29 standalone container-server[126778]: 172.20.0.100 - - [04/Dec/2025:13:01:29 +0000] "GET /d1/990/AUTH_fba990d634184bd7b078beb19b6e3854/gnocchi.09e96e2a-f473-465e-a753-44d03240cecc" 200 2 "GET http://172.18.0.2:8080/v1/AUTH_fba990d634184bd7b078beb19b6e3854/gnocchi.09e96e2a-f473-465e-a753-44d03240cecc?format=json&states=listing" "txa7d703cec6964d0593c4f-0069318629" "proxy-server 20" 0.0018 "-" 22 0
Dec 4 13:01:29 standalone proxy-server[128645]: 172.18.0.2 172.18.0.100 04/Dec/2025/13/01/29 GET /v1/AUTH_fba990d634184bd7b078beb19b6e3854/gnocchi.09e96e2a-f473-465e-a753-44d03240cecc%3Fformat%3Djson%26states%3Dlisting HTTP/1.0 200 - python-swiftclient-3.11.1 gAAAAABpMYWk_xEA... - 2 - txa7d703cec6964d0593c4f-0069318629 - 0.0147 - - 1764853289.844094992 1764853289.858815193 0
Dec 4 13:01:29 standalone object-server[126899]: 172.20.0.100 - - [04/Dec/2025:13:01:29 +0000] "GET /d1/477/AUTH_fba990d634184bd7b078beb19b6e3854/gnocchi.09e96e2a-f473-465e-a753-44d03240cecc/1764720000.0_mean_300.0_v3" 404 70 "GET http://172.18.0.2:8080/v1/AUTH_fba990d634184bd7b078beb19b6e3854/gnocchi.09e96e2a-f473-465e-a753-44d03240cecc/1764720000.0_mean_300.0_v3" "tx472b63cbadfd4b849e7da-0069318629" "proxy-server 20" 0.0004 "-" 22 0
Dec 4 13:01:29 standalone proxy-server[128645]: 172.18.0.2 172.18.0.100 04/Dec/2025/13/01/29 GET /v1/AUTH_fba990d634184bd7b078beb19b6e3854/gnocchi.09e96e2a-f473-465e-a753-44d03240cecc/1764720000.0_mean_300.0_v3 HTTP/1.0 404 - python-swiftclient-3.11.1 gAAAAABpMYWk_xEA... - 70 - tx472b63cbadfd4b849e7da-0069318629 - 0.0061 - - 1764853289.862088203 1764853289.868190289 0
Dec 4 13:01:29 standalone container-server[126769]: 172.20.0.100 - - [04/Dec/2025:13:01:29 +0000] "PUT /d1/990/AUTH_fba990d634184bd7b078beb19b6e3854/gnocchi.09e96e2a-f473-465e-a753-44d03240cecc/1764720000.0_mean_300.0_v3" 201 - "PUT http://172.18.0.2:8080/d1/477/AUTH_fba990d634184bd7b078beb19b6e3854/gnocchi.09e96e2a-f473-465e-a753-44d03240cecc/1764720000.0_mean_300.0_v3" "txa83393577b7f4df0997f5-0069318629" "object-server 25" 0.0006 "-" 21 0
Dec 4 13:01:29 standalone object-server[126903]: 172.20.0.100 - - [04/Dec/2025:13:01:29 +0000] "PUT /d1/477/AUTH_fba990d634184bd7b078beb19b6e3854/gnocchi.09e96e2a-f473-465e-a753-44d03240cecc/1764720000.0_mean_300.0_v3" 201 - "PUT http://172.18.0.2:8080/v1/AUTH_fba990d634184bd7b078beb19b6e3854/gnocchi.09e96e2a-f473-465e-a753-44d03240cecc/1764720000.0_mean_300.0_v3" "txa83393577b7f4df0997f5-0069318629" "proxy-server 20" 0.0118 "-" 25 0
Dec 4 13:01:29 standalone proxy-server[128645]: 172.18.0.2 172.18.0.100 04/Dec/2025/13/01/29 PUT /v1/AUTH_fba990d634184bd7b078beb19b6e3854/gnocchi.09e96e2a-f473-465e-a753-44d03240cecc/1764720000.0_mean_300.0_v3 HTTP/1.0 201 - python-swiftclient-3.11.1 gAAAAABpMYWk_xEA... 16 - - txa83393577b7f4df0997f5-0069318629 - 0.0194 - - 1764853289.870877266 1764853289.890291214 0
Dec 4 13:01:29 standalone container-server[126778]: 172.20.0.100 - - [04/Dec/2025:13:01:29 +0000] "PUT /d1/990/AUTH_fba990d634184bd7b078beb19b6e3854/gnocchi.09e96e2a-f473-465e-a753-44d03240cecc/none_v3" 201 - "PUT http://172.18.0.2:8080/d1/787/AUTH_fba990d634184bd7b078beb19b6e3854/gnocchi.09e96e2a-f473-465e-a753-44d03240cecc/none_v3" "tx8662748addc24a539982b-0069318629" "object-server 23" 0.0004 "-" 22 0
Dec 4 13:01:29 standalone object-server[126901]: 172.20.0.100 - - [04/Dec/2025:13:01:29 +0000] "PUT /d1/787/AUTH_fba990d634184bd7b078beb19b6e3854/gnocchi.09e96e2a-f473-465e-a753-44d03240cecc/none_v3" 201 - "PUT http://172.18.0.2:8080/v1/AUTH_fba990d634184bd7b078beb19b6e3854/gnocchi.09e96e2a-f473-465e-a753-44d03240cecc/none_v3" "tx8662748addc24a539982b-0069318629" "proxy-server 20" 0.0081 "-" 23 0
Dec 4 13:01:29 standalone proxy-server[128645]: 172.18.0.2 172.18.0.100 04/Dec/2025/13/01/29 PUT /v1/AUTH_fba990d634184bd7b078beb19b6e3854/gnocchi.09e96e2a-f473-465e-a753-44d03240cecc/none_v3 HTTP/1.0 201 - python-swiftclient-3.11.1 gAAAAABpMYWk_xEA... 22 - - tx8662748addc24a539982b-0069318629 - 0.0170 - - 1764853289.894511461 1764853289.911531925 0
Dec 4 13:01:29 standalone container-server[126778]: 172.20.0.100 - - [04/Dec/2025:13:01:29 +0000] "HEAD /d1/939/AUTH_fba990d634184bd7b078beb19b6e3854/gnocchi.ce309c87-d2e2-4036-964c-a15e49977481" 404 - "HEAD http://172.18.0.2:8080/v1/AUTH_fba990d634184bd7b078beb19b6e3854/gnocchi.ce309c87-d2e2-4036-964c-a15e49977481?format=json&states=listing" "tx2b79fe4f57214ad29a0f0-0069318629" "proxy-server 20" 0.0004 "-" 22 0
Dec 4 13:01:29 standalone object-server[126899]: 172.20.0.100 - - [04/Dec/2025:13:01:29 +0000] "GET /d1/884/AUTH_fba990d634184bd7b078beb19b6e3854/gnocchi.ce309c87-d2e2-4036-964c-a15e49977481/none_v3" 404 70 "GET http://172.18.0.2:8080/v1/AUTH_fba990d634184bd7b078beb19b6e3854/gnocchi.ce309c87-d2e2-4036-964c-a15e49977481/none_v3" "tx2b79fe4f57214ad29a0f0-0069318629" "proxy-server 20" 0.0004 "-" 22 0
Dec 4 13:01:29 standalone proxy-server[128645]: 172.18.0.2 172.18.0.100 04/Dec/2025/13/01/29 GET /v1/AUTH_fba990d634184bd7b078beb19b6e3854/gnocchi.ce309c87-d2e2-4036-964c-a15e49977481/none_v3 HTTP/1.0 404 - python-swiftclient-3.11.1 gAAAAABpMYWk_xEA... - 70 - tx2b79fe4f57214ad29a0f0-0069318629 - 0.0138 - - 1764853289.930627584 1764853289.944386005 0
Dec 4 13:01:29 standalone account-server[126743]: 172.20.0.100 - - [04/Dec/2025:13:01:29 +0000] "PUT /d1/899/AUTH_fba990d634184bd7b078beb19b6e3854/gnocchi.ce309c87-d2e2-4036-964c-a15e49977481" 201 - "PUT http://172.20.0.100:6001/d1/939/AUTH_fba990d634184bd7b078beb19b6e3854/gnocchi.ce309c87-d2e2-4036-964c-a15e49977481" "tx72e479b674f2414880283-0069318629" "container-server 21" 0.0041 "-" 20 0
Dec 4 13:01:29 standalone container-server[126769]: 172.20.0.100 - - [04/Dec/2025:13:01:29 +0000] "PUT /d1/939/AUTH_fba990d634184bd7b078beb19b6e3854/gnocchi.ce309c87-d2e2-4036-964c-a15e49977481" 201 - "PUT http://172.18.0.2:8080/v1/AUTH_fba990d634184bd7b078beb19b6e3854/gnocchi.ce309c87-d2e2-4036-964c-a15e49977481" "tx72e479b674f2414880283-0069318629" "proxy-server 20" 0.0170 "-" 21 0
Dec 4 13:01:29 standalone proxy-server[128645]: 172.18.0.2 172.18.0.100 04/Dec/2025/13/01/29 PUT /v1/AUTH_fba990d634184bd7b078beb19b6e3854/gnocchi.ce309c87-d2e2-4036-964c-a15e49977481 HTTP/1.0 201 - python-swiftclient-3.11.1 gAAAAABpMYWk_xEA... - - - tx72e479b674f2414880283-0069318629 - 0.0238 - - 1764853289.948043346 1764853289.971878052 0
Dec 4 13:01:29 standalone container-server[126784]: 172.20.0.100 - - [04/Dec/2025:13:01:29 +0000] "HEAD /d1/939/AUTH_fba990d634184bd7b078beb19b6e3854/gnocchi.ce309c87-d2e2-4036-964c-a15e49977481" 204 - "HEAD http://172.18.0.2:8080/v1/AUTH_fba990d634184bd7b078beb19b6e3854/gnocchi.ce309c87-d2e2-4036-964c-a15e49977481?format=json&states=listing" "tx662530d32f58412cb8a7d-0069318629" "proxy-server 20" 0.0022 "-" 23 0
Dec 4 13:01:29 standalone proxy-server[128645]: - - 04/Dec/2025/13/01/29 HEAD /v1/AUTH_fba990d634184bd7b078beb19b6e3854/gnocchi.ce309c87-d2e2-4036-964c-a15e49977481%3Fformat%3Djson%26states%3Dlisting HTTP/1.0 204 - Swift - - - - tx662530d32f58412cb8a7d-0069318629 - 0.0066 RL - 1764853289.977675200 1764853289.984287262 0
Dec 4 13:01:29 standalone container-server[126765]: 172.20.0.100 - - [04/Dec/2025:13:01:29 +0000] "GET /d1/939/AUTH_fba990d634184bd7b078beb19b6e3854/gnocchi.ce309c87-d2e2-4036-964c-a15e49977481" 200 2 "GET http://172.18.0.2:8080/v1/AUTH_fba990d634184bd7b078beb19b6e3854/gnocchi.ce309c87-d2e2-4036-964c-a15e49977481?format=json&states=listing" "tx662530d32f58412cb8a7d-0069318629" "proxy-server 20" 0.0019 "-" 20 0
Dec 4 13:01:29 standalone proxy-server[128645]: 172.18.0.2 172.18.0.100 04/Dec/2025/13/01/29 GET /v1/AUTH_fba990d634184bd7b078beb19b6e3854/gnocchi.ce309c87-d2e2-4036-964c-a15e49977481%3Fformat%3Djson%26states%3Dlisting HTTP/1.0 200 - python-swiftclient-3.11.1 gAAAAABpMYWk_xEA... - 2 - tx662530d32f58412cb8a7d-0069318629 - 0.0184 - - 1764853289.976428986 1764853289.994871140 0
Dec 4 13:01:30 standalone object-server[126899]: 172.20.0.100 - - [04/Dec/2025:13:01:30 +0000] "GET /d1/806/AUTH_fba990d634184bd7b078beb19b6e3854/gnocchi.ce309c87-d2e2-4036-964c-a15e49977481/1764720000.0_mean_300.0_v3" 404 70 "GET http://172.18.0.2:8080/v1/AUTH_fba990d634184bd7b078beb19b6e3854/gnocchi.ce309c87-d2e2-4036-964c-a15e49977481/1764720000.0_mean_300.0_v3" "tx0b94834a592946bf81968-0069318629" "proxy-server 20" 0.0003 "-" 22 0
Dec 4 13:01:30 standalone proxy-server[128645]: 172.18.0.2 172.18.0.100 04/Dec/2025/13/01/30 GET /v1/AUTH_fba990d634184bd7b078beb19b6e3854/gnocchi.ce309c87-d2e2-4036-964c-a15e49977481/1764720000.0_mean_300.0_v3 HTTP/1.0 404 - python-swiftclient-3.11.1 gAAAAABpMYWk_xEA... - 70 - tx0b94834a592946bf81968-0069318629 - 0.0047 - - 1764853289.998070955 1764853290.002817869 0
Dec 4 13:01:30 standalone container-server[126765]: 172.20.0.100 - - [04/Dec/2025:13:01:30 +0000] "PUT /d1/939/AUTH_fba990d634184bd7b078beb19b6e3854/gnocchi.ce309c87-d2e2-4036-964c-a15e49977481/1764720000.0_mean_300.0_v3" 201 - "PUT http://172.18.0.2:8080/d1/806/AUTH_fba990d634184bd7b078beb19b6e3854/gnocchi.ce309c87-d2e2-4036-964c-a15e49977481/1764720000.0_mean_300.0_v3" "tx1eb3f6a482574f90b5131-006931862a" "object-server 22" 0.0014 "-" 20 0
Dec 4 13:01:30 standalone object-server[126899]: 172.20.0.100 - - [04/Dec/2025:13:01:30 +0000] "PUT /d1/806/AUTH_fba990d634184bd7b078beb19b6e3854/gnocchi.ce309c87-d2e2-4036-964c-a15e49977481/1764720000.0_mean_300.0_v3" 201 - "PUT http://172.18.0.2:8080/v1/AUTH_fba990d634184bd7b078beb19b6e3854/gnocchi.ce309c87-d2e2-4036-964c-a15e49977481/1764720000.0_mean_300.0_v3" "tx1eb3f6a482574f90b5131-006931862a" "proxy-server 20" 0.0134 "-" 22 0
Dec 4 13:01:30 standalone proxy-server[128645]: 172.18.0.2 172.18.0.100 04/Dec/2025/13/01/30 PUT /v1/AUTH_fba990d634184bd7b078beb19b6e3854/gnocchi.ce309c87-d2e2-4036-964c-a15e49977481/1764720000.0_mean_300.0_v3 HTTP/1.0 201 - python-swiftclient-3.11.1 gAAAAABpMYWk_xEA... 16 - - tx1eb3f6a482574f90b5131-006931862a - 0.0187 - - 1764853290.004829407 1764853290.023555517 0
Dec 4 13:01:30 standalone container-server[126765]: 172.20.0.100 - - [04/Dec/2025:13:01:30 +0000] "PUT /d1/939/AUTH_fba990d634184bd7b078beb19b6e3854/gnocchi.ce309c87-d2e2-4036-964c-a15e49977481/none_v3" 201 - "PUT http://172.18.0.2:8080/d1/884/AUTH_fba990d634184bd7b078beb19b6e3854/gnocchi.ce309c87-d2e2-4036-964c-a15e49977481/none_v3" "tx2de910ec3d724be38faf3-006931862a" "object-server 21" 0.0007 "-" 20 0
Dec 4 13:01:30 standalone object-server[126896]: 172.20.0.100 - - [04/Dec/2025:13:01:30 +0000] "PUT /d1/884/AUTH_fba990d634184bd7b078beb19b6e3854/gnocchi.ce309c87-d2e2-4036-964c-a15e49977481/none_v3" 201 - "PUT http://172.18.0.2:8080/v1/AUTH_fba990d634184bd7b078beb19b6e3854/gnocchi.ce309c87-d2e2-4036-964c-a15e49977481/none_v3" "tx2de910ec3d724be38faf3-006931862a" "proxy-server 20" 0.0130 "-" 21 0
Dec 4 13:01:30 standalone proxy-server[128645]: 172.18.0.2 172.18.0.100 04/Dec/2025/13/01/30 PUT /v1/AUTH_fba990d634184bd7b078beb19b6e3854/gnocchi.ce309c87-d2e2-4036-964c-a15e49977481/none_v3 HTTP/1.0 201 - python-swiftclient-3.11.1 gAAAAABpMYWk_xEA... 22 - - tx2de910ec3d724be38faf3-006931862a - 0.0190 - - 1764853290.026008844 1764853290.044978142 0
Dec 4 13:01:30 standalone container-server[126784]: 172.20.0.100 - - [04/Dec/2025:13:01:30 +0000] "HEAD /d1/23/AUTH_fba990d634184bd7b078beb19b6e3854/gnocchi.163b3ff6-0bfd-4c4e-80ca-5e5d4eccd4ff" 404 - "HEAD http://172.18.0.2:8080/v1/AUTH_fba990d634184bd7b078beb19b6e3854/gnocchi.163b3ff6-0bfd-4c4e-80ca-5e5d4eccd4ff?format=json&states=listing" "txaacdc2d3e83b4421a8741-006931862a" "proxy-server 20" 0.0003 "-" 23 0
Dec 4 13:01:30 standalone object-server[126896]: 172.20.0.100 - - [04/Dec/2025:13:01:30 +0000] "GET /d1/259/AUTH_fba990d634184bd7b078beb19b6e3854/gnocchi.163b3ff6-0bfd-4c4e-80ca-5e5d4eccd4ff/none_v3" 404 70 "GET http://172.18.0.2:8080/v1/AUTH_fba990d634184bd7b078beb19b6e3854/gnocchi.163b3ff6-0bfd-4c4e-80ca-5e5d4eccd4ff/none_v3" "txaacdc2d3e83b4421a8741-006931862a" "proxy-server 20" 0.0006 "-" 21 0
Dec 4 13:01:30 standalone proxy-server[128645]: 172.18.0.2 172.18.0.100 04/Dec/2025/13/01/30 GET /v1/AUTH_fba990d634184bd7b078beb19b6e3854/gnocchi.163b3ff6-0bfd-4c4e-80ca-5e5d4eccd4ff/none_v3 HTTP/1.0 404 - python-swiftclient-3.11.1 gAAAAABpMYWk_xEA... - 70 - txaacdc2d3e83b4421a8741-006931862a - 0.0142 - - 1764853290.052438974 1764853290.066608667 0
Dec 4 13:01:30 standalone account-server[126752]: 172.20.0.100 - - [04/Dec/2025:13:01:30 +0000] "PUT /d1/899/AUTH_fba990d634184bd7b078beb19b6e3854/gnocchi.163b3ff6-0bfd-4c4e-80ca-5e5d4eccd4ff" 201 - "PUT http://172.20.0.100:6001/d1/23/AUTH_fba990d634184bd7b078beb19b6e3854/gnocchi.163b3ff6-0bfd-4c4e-80ca-5e5d4eccd4ff" "tx690586e352d14ed98b56c-006931862a" "container-server 21" 0.0042 "-" 22 0
Dec 4 13:01:30 standalone container-server[126769]: 172.20.0.100 - - [04/Dec/2025:13:01:30 +0000] "PUT /d1/23/AUTH_fba990d634184bd7b078beb19b6e3854/gnocchi.163b3ff6-0bfd-4c4e-80ca-5e5d4eccd4ff" 201 - "PUT http://172.18.0.2:8080/v1/AUTH_fba990d634184bd7b078beb19b6e3854/gnocchi.163b3ff6-0bfd-4c4e-80ca-5e5d4eccd4ff" "tx690586e352d14ed98b56c-006931862a" "proxy-server 20" 0.0144 "-" 21 0
Dec 4 13:01:30 standalone proxy-server[128645]: 172.18.0.2 172.18.0.100 04/Dec/2025/13/01/30 PUT /v1/AUTH_fba990d634184bd7b078beb19b6e3854/gnocchi.163b3ff6-0bfd-4c4e-80ca-5e5d4eccd4ff HTTP/1.0 201 - python-swiftclient-3.11.1 gAAAAABpMYWk_xEA... - - - tx690586e352d14ed98b56c-006931862a - 0.0194 - - 1764853290.069259405 1764853290.088611126 0
Dec 4 13:01:30 standalone container-server[126769]: 172.20.0.100 - - [04/Dec/2025:13:01:30 +0000] "HEAD /d1/23/AUTH_fba990d634184bd7b078beb19b6e3854/gnocchi.163b3ff6-0bfd-4c4e-80ca-5e5d4eccd4ff" 204 - "HEAD http://172.18.0.2:8080/v1/AUTH_fba990d634184bd7b078beb19b6e3854/gnocchi.163b3ff6-0bfd-4c4e-80ca-5e5d4eccd4ff?format=json&states=listing" "tx98fc1e97f74e40f896fc3-006931862a" "proxy-server 20" 0.0010 "-" 21 0
Dec 4 13:01:30 standalone proxy-server[128645]: - - 04/Dec/2025/13/01/30 HEAD /v1/AUTH_fba990d634184bd7b078beb19b6e3854/gnocchi.163b3ff6-0bfd-4c4e-80ca-5e5d4eccd4ff%3Fformat%3Djson%26states%3Dlisting HTTP/1.0 204 - Swift - - - - tx98fc1e97f74e40f896fc3-006931862a - 0.0039 RL - 1764853290.093420029 1764853290.097363472 0
Dec 4 13:01:30 standalone container-server[126784]: 172.20.0.100 - - [04/Dec/2025:13:01:30 +0000] "GET /d1/23/AUTH_fba990d634184bd7b078beb19b6e3854/gnocchi.163b3ff6-0bfd-4c4e-80ca-5e5d4eccd4ff" 200 2 "GET http://172.18.0.2:8080/v1/AUTH_fba990d634184bd7b078beb19b6e3854/gnocchi.163b3ff6-0bfd-4c4e-80ca-5e5d4eccd4ff?format=json&states=listing" "tx98fc1e97f74e40f896fc3-006931862a" "proxy-server 20" 0.0021 "-" 23 0
Dec 4 13:01:30 standalone proxy-server[128645]: 172.18.0.2 172.18.0.100 04/Dec/2025/13/01/30 GET /v1/AUTH_fba990d634184bd7b078beb19b6e3854/gnocchi.163b3ff6-0bfd-4c4e-80ca-5e5d4eccd4ff%3Fformat%3Djson%26states%3Dlisting HTTP/1.0 200 - python-swiftclient-3.11.1 gAAAAABpMYWk_xEA... - 2 - tx98fc1e97f74e40f896fc3-006931862a - 0.0139 - - 1764853290.092245817 1764853290.106178284 0
Dec 4 13:01:30 standalone object-server[126901]: 172.20.0.100 - - [04/Dec/2025:13:01:30 +0000] "GET /d1/952/AUTH_fba990d634184bd7b078beb19b6e3854/gnocchi.163b3ff6-0bfd-4c4e-80ca-5e5d4eccd4ff/1764720000.0_mean_300.0_v3" 404 70 "GET http://172.18.0.2:8080/v1/AUTH_fba990d634184bd7b078beb19b6e3854/gnocchi.163b3ff6-0bfd-4c4e-80ca-5e5d4eccd4ff/1764720000.0_mean_300.0_v3" "txdb73e7e988254cd3a213f-006931862a" "proxy-server 20" 0.0007 "-" 23 0
Dec 4 13:01:30 standalone proxy-server[128645]: 172.18.0.2 172.18.0.100 04/Dec/2025/13/01/30 GET /v1/AUTH_fba990d634184bd7b078beb19b6e3854/gnocchi.163b3ff6-0bfd-4c4e-80ca-5e5d4eccd4ff/1764720000.0_mean_300.0_v3 HTTP/1.0 404 - python-swiftclient-3.11.1 gAAAAABpMYWk_xEA... - 70 - txdb73e7e988254cd3a213f-006931862a - 0.0098 - - 1764853290.109832287 1764853290.119601965 0
Dec 4 13:01:30 standalone container-server[126778]: 172.20.0.100 - - [04/Dec/2025:13:01:30 +0000] "PUT /d1/23/AUTH_fba990d634184bd7b078beb19b6e3854/gnocchi.163b3ff6-0bfd-4c4e-80ca-5e5d4eccd4ff/1764720000.0_mean_300.0_v3" 201 - "PUT http://172.18.0.2:8080/d1/952/AUTH_fba990d634184bd7b078beb19b6e3854/gnocchi.163b3ff6-0bfd-4c4e-80ca-5e5d4eccd4ff/1764720000.0_mean_300.0_v3" "txac9689cfb6fe4871a8cf4-006931862a" "object-server 22" 0.0011 "-" 22 0
Dec 4 13:01:30 standalone object-server[126899]: 172.20.0.100 - - [04/Dec/2025:13:01:30 +0000] "PUT /d1/952/AUTH_fba990d634184bd7b078beb19b6e3854/gnocchi.163b3ff6-0bfd-4c4e-80ca-5e5d4eccd4ff/1764720000.0_mean_300.0_v3" 201 - "PUT http://172.18.0.2:8080/v1/AUTH_fba990d634184bd7b078beb19b6e3854/gnocchi.163b3ff6-0bfd-4c4e-80ca-5e5d4eccd4ff/1764720000.0_mean_300.0_v3" "txac9689cfb6fe4871a8cf4-006931862a" "proxy-server 20" 0.0162 "-" 22 0
Dec 4 13:01:30 standalone proxy-server[128645]: 172.18.0.2 172.18.0.100 04/Dec/2025/13/01/30 PUT /v1/AUTH_fba990d634184bd7b078beb19b6e3854/gnocchi.163b3ff6-0bfd-4c4e-80ca-5e5d4eccd4ff/1764720000.0_mean_300.0_v3 HTTP/1.0 201 - python-swiftclient-3.11.1 gAAAAABpMYWk_xEA... 16 - - txac9689cfb6fe4871a8cf4-006931862a - 0.0269 - - 1764853290.122919798 1764853290.149802446 0
Dec 4 13:01:30 standalone container-server[126784]: 172.20.0.100 - - [04/Dec/2025:13:01:30 +0000] "PUT /d1/23/AUTH_fba990d634184bd7b078beb19b6e3854/gnocchi.163b3ff6-0bfd-4c4e-80ca-5e5d4eccd4ff/none_v3" 201 - "PUT http://172.18.0.2:8080/d1/259/AUTH_fba990d634184bd7b078beb19b6e3854/gnocchi.163b3ff6-0bfd-4c4e-80ca-5e5d4eccd4ff/none_v3" "tx4f52437af0b944d9b5a11-006931862a" "object-server 23" 0.0005 "-" 23 0
Dec 4 13:01:30 standalone object-server[126901]: 172.20.0.100 - - [04/Dec/2025:13:01:30 +0000] "PUT /d1/259/AUTH_fba990d634184bd7b078beb19b6e3854/gnocchi.163b3ff6-0bfd-4c4e-80ca-5e5d4eccd4ff/none_v3" 201 - "PUT http://172.18.0.2:8080/v1/AUTH_fba990d634184bd7b078beb19b6e3854/gnocchi.163b3ff6-0bfd-4c4e-80ca-5e5d4eccd4ff/none_v3" "tx4f52437af0b944d9b5a11-006931862a" "proxy-server 20" 0.0186 "-" 23 0
Dec 4 13:01:30 standalone proxy-server[128645]: 172.18.0.2 172.18.0.100 04/Dec/2025/13/01/30 PUT /v1/AUTH_fba990d634184bd7b078beb19b6e3854/gnocchi.163b3ff6-0bfd-4c4e-80ca-5e5d4eccd4ff/none_v3 HTTP/1.0 201 - python-swiftclient-3.11.1 gAAAAABpMYWk_xEA... 22 - - tx4f52437af0b944d9b5a11-006931862a - 0.0265 - - 1764853290.152720928 1764853290.179219246 0
