Dec 4 13:02:13 standalone container-server[126765]: 172.20.0.100 - - [04/Dec/2025:13:02:13 +0000] "HEAD /d1/560/AUTH_fba990d634184bd7b078beb19b6e3854/gnocchi.dead0870-ccaa-444a-9e17-3e6df6145bc8" 204 - "HEAD http://172.18.0.2:8080/v1/AUTH_fba990d634184bd7b078beb19b6e3854/gnocchi.dead0870-ccaa-444a-9e17-3e6df6145bc8?format=json&states=listing" "tx0d3646756ca54c36ac04a-0069318655" "proxy-server 20" 0.0024 "-" 20 0
Dec 4 13:02:13 standalone proxy-server[128645]: - - 04/Dec/2025/13/02/13 HEAD /v1/AUTH_fba990d634184bd7b078beb19b6e3854/gnocchi.dead0870-ccaa-444a-9e17-3e6df6145bc8%3Fformat%3Djson%26states%3Dlisting HTTP/1.0 204 - Swift - - - - tx0d3646756ca54c36ac04a-0069318655 - 0.0074 RL - 1764853333.259083509 1764853333.266532421 0
Dec 4 13:02:13 standalone container-server[126769]: 172.20.0.100 - - [04/Dec/2025:13:02:13 +0000] "GET /d1/560/AUTH_fba990d634184bd7b078beb19b6e3854/gnocchi.dead0870-ccaa-444a-9e17-3e6df6145bc8" 200 2 "GET http://172.18.0.2:8080/v1/AUTH_fba990d634184bd7b078beb19b6e3854/gnocchi.dead0870-ccaa-444a-9e17-3e6df6145bc8?format=json&states=listing" "tx0d3646756ca54c36ac04a-0069318655" "proxy-server 20" 0.0033 "-" 21 0
Dec 4 13:02:13 standalone proxy-server[128645]: 172.18.0.2 172.18.0.100 04/Dec/2025/13/02/13 GET /v1/AUTH_fba990d634184bd7b078beb19b6e3854/gnocchi.dead0870-ccaa-444a-9e17-3e6df6145bc8%3Fformat%3Djson%26states%3Dlisting HTTP/1.0 200 - python-swiftclient-3.11.1 gAAAAABpMYWk_xEA... - 2 - tx0d3646756ca54c36ac04a-0069318655 - 0.0214 - - 1764853333.257518053 1764853333.278948307 0
Dec 4 13:02:13 standalone object-server[126899]: 172.20.0.100 - - [04/Dec/2025:13:02:13 +0000] "GET /d1/302/AUTH_fba990d634184bd7b078beb19b6e3854/gnocchi.dead0870-ccaa-444a-9e17-3e6df6145bc8/1764720000.0_mean_300.0_v3" 404 70 "GET http://172.18.0.2:8080/v1/AUTH_fba990d634184bd7b078beb19b6e3854/gnocchi.dead0870-ccaa-444a-9e17-3e6df6145bc8/1764720000.0_mean_300.0_v3" "tx9fccc68adecd4ae7b4dd9-0069318655" "proxy-server 20" 0.0004 "-" 22 0
Dec 4 13:02:13 standalone proxy-server[128645]: 172.18.0.2 172.18.0.100 04/Dec/2025/13/02/13 GET /v1/AUTH_fba990d634184bd7b078beb19b6e3854/gnocchi.dead0870-ccaa-444a-9e17-3e6df6145bc8/1764720000.0_mean_300.0_v3 HTTP/1.0 404 - python-swiftclient-3.11.1 gAAAAABpMYWk_xEA... - 70 - tx9fccc68adecd4ae7b4dd9-0069318655 - 0.0077 - - 1764853333.282752991 1764853333.290484905 0
Dec 4 13:02:13 standalone container-server[126765]: 172.20.0.100 - - [04/Dec/2025:13:02:13 +0000] "PUT /d1/560/AUTH_fba990d634184bd7b078beb19b6e3854/gnocchi.dead0870-ccaa-444a-9e17-3e6df6145bc8/1764720000.0_mean_300.0_v3" 201 - "PUT http://172.18.0.2:8080/d1/302/AUTH_fba990d634184bd7b078beb19b6e3854/gnocchi.dead0870-ccaa-444a-9e17-3e6df6145bc8/1764720000.0_mean_300.0_v3" "tx80f27d70a54145db82fe3-0069318655" "object-server 23" 0.0009 "-" 20 0
Dec 4 13:02:13 standalone object-server[126901]: 172.20.0.100 - - [04/Dec/2025:13:02:13 +0000] "PUT /d1/302/AUTH_fba990d634184bd7b078beb19b6e3854/gnocchi.dead0870-ccaa-444a-9e17-3e6df6145bc8/1764720000.0_mean_300.0_v3" 201 - "PUT http://172.18.0.2:8080/v1/AUTH_fba990d634184bd7b078beb19b6e3854/gnocchi.dead0870-ccaa-444a-9e17-3e6df6145bc8/1764720000.0_mean_300.0_v3" "tx80f27d70a54145db82fe3-0069318655" "proxy-server 20" 0.0096 "-" 23 0
Dec 4 13:02:13 standalone proxy-server[128645]: 172.18.0.2 172.18.0.100 04/Dec/2025/13/02/13 PUT /v1/AUTH_fba990d634184bd7b078beb19b6e3854/gnocchi.dead0870-ccaa-444a-9e17-3e6df6145bc8/1764720000.0_mean_300.0_v3 HTTP/1.0 201 - python-swiftclient-3.11.1 gAAAAABpMYWk_xEA... 16 - - tx80f27d70a54145db82fe3-0069318655 - 0.0170 - - 1764853333.293392420 1764853333.310441256 0
Dec 4 13:02:13 standalone container-server[126778]: 172.20.0.100 - - [04/Dec/2025:13:02:13 +0000] "PUT /d1/560/AUTH_fba990d634184bd7b078beb19b6e3854/gnocchi.dead0870-ccaa-444a-9e17-3e6df6145bc8/none_v3" 201 - "PUT http://172.18.0.2:8080/d1/675/AUTH_fba990d634184bd7b078beb19b6e3854/gnocchi.dead0870-ccaa-444a-9e17-3e6df6145bc8/none_v3" "tx4e908d53c7a94fdabdedb-0069318655" "object-server 23" 0.0007 "-" 22 0
Dec 4 13:02:13 standalone object-server[126901]: 172.20.0.100 - - [04/Dec/2025:13:02:13 +0000] "PUT /d1/675/AUTH_fba990d634184bd7b078beb19b6e3854/gnocchi.dead0870-ccaa-444a-9e17-3e6df6145bc8/none_v3" 201 - "PUT http://172.18.0.2:8080/v1/AUTH_fba990d634184bd7b078beb19b6e3854/gnocchi.dead0870-ccaa-444a-9e17-3e6df6145bc8/none_v3" "tx4e908d53c7a94fdabdedb-0069318655" "proxy-server 20" 0.0092 "-" 23 0
Dec 4 13:02:13 standalone proxy-server[128645]: 172.18.0.2 172.18.0.100 04/Dec/2025/13/02/13 PUT /v1/AUTH_fba990d634184bd7b078beb19b6e3854/gnocchi.dead0870-ccaa-444a-9e17-3e6df6145bc8/none_v3 HTTP/1.0 201 - python-swiftclient-3.11.1 gAAAAABpMYWk_xEA... 22 - - tx4e908d53c7a94fdabdedb-0069318655 - 0.0160 - - 1764853333.313675165 1764853333.329652786 0
Dec 4 13:02:13 standalone container-server[126765]: 172.20.0.100 - - [04/Dec/2025:13:02:13 +0000] "HEAD /d1/920/AUTH_fba990d634184bd7b078beb19b6e3854/gnocchi.a4925cea-7c74-4cc9-8e7a-5fc3ee17074a" 404 - "HEAD http://172.18.0.2:8080/v1/AUTH_fba990d634184bd7b078beb19b6e3854/gnocchi.a4925cea-7c74-4cc9-8e7a-5fc3ee17074a?format=json&states=listing" "tx0eb187658517469b821f4-0069318655" "proxy-server 20" 0.0006 "-" 20 0
Dec 4 13:02:13 standalone object-server[126901]: 172.20.0.100 - - [04/Dec/2025:13:02:13 +0000] "GET /d1/172/AUTH_fba990d634184bd7b078beb19b6e3854/gnocchi.a4925cea-7c74-4cc9-8e7a-5fc3ee17074a/none_v3" 404 70 "GET http://172.18.0.2:8080/v1/AUTH_fba990d634184bd7b078beb19b6e3854/gnocchi.a4925cea-7c74-4cc9-8e7a-5fc3ee17074a/none_v3" "tx0eb187658517469b821f4-0069318655" "proxy-server 20" 0.0002 "-" 23 0
Dec 4 13:02:13 standalone proxy-server[128645]: 172.18.0.2 172.18.0.100 04/Dec/2025/13/02/13 GET /v1/AUTH_fba990d634184bd7b078beb19b6e3854/gnocchi.a4925cea-7c74-4cc9-8e7a-5fc3ee17074a/none_v3 HTTP/1.0 404 - python-swiftclient-3.11.1 gAAAAABpMYWk_xEA... - 70 - tx0eb187658517469b821f4-0069318655 - 0.0081 - - 1764853333.339401484 1764853333.347522497 0
Dec 4 13:02:13 standalone account-server[126743]: 172.20.0.100 - - [04/Dec/2025:13:02:13 +0000] "PUT /d1/899/AUTH_fba990d634184bd7b078beb19b6e3854/gnocchi.a4925cea-7c74-4cc9-8e7a-5fc3ee17074a" 201 - "PUT http://172.20.0.100:6001/d1/920/AUTH_fba990d634184bd7b078beb19b6e3854/gnocchi.a4925cea-7c74-4cc9-8e7a-5fc3ee17074a" "tx94681d653a824b0caa596-0069318655" "container-server 22" 0.0069 "-" 20 0
Dec 4 13:02:13 standalone container-server[126778]: 172.20.0.100 - - [04/Dec/2025:13:02:13 +0000] "PUT /d1/920/AUTH_fba990d634184bd7b078beb19b6e3854/gnocchi.a4925cea-7c74-4cc9-8e7a-5fc3ee17074a" 201 - "PUT http://172.18.0.2:8080/v1/AUTH_fba990d634184bd7b078beb19b6e3854/gnocchi.a4925cea-7c74-4cc9-8e7a-5fc3ee17074a" "tx94681d653a824b0caa596-0069318655" "proxy-server 20" 0.0185 "-" 22 0
Dec 4 13:02:13 standalone proxy-server[128645]: 172.18.0.2 172.18.0.100 04/Dec/2025/13/02/13 PUT /v1/AUTH_fba990d634184bd7b078beb19b6e3854/gnocchi.a4925cea-7c74-4cc9-8e7a-5fc3ee17074a HTTP/1.0 201 - python-swiftclient-3.11.1 gAAAAABpMYWk_xEA... - - - tx94681d653a824b0caa596-0069318655 - 0.0267 - - 1764853333.350291252 1764853333.376970053 0
Dec 4 13:02:13 standalone container-server[126778]: 172.20.0.100 - - [04/Dec/2025:13:02:13 +0000] "HEAD /d1/920/AUTH_fba990d634184bd7b078beb19b6e3854/gnocchi.a4925cea-7c74-4cc9-8e7a-5fc3ee17074a" 204 - "HEAD http://172.18.0.2:8080/v1/AUTH_fba990d634184bd7b078beb19b6e3854/gnocchi.a4925cea-7c74-4cc9-8e7a-5fc3ee17074a?format=json&states=listing" "txb2c71c9a09f34b5c9a61d-0069318655" "proxy-server 20" 0.0016 "-" 22 0
Dec 4 13:02:13 standalone proxy-server[128645]: - - 04/Dec/2025/13/02/13 HEAD /v1/AUTH_fba990d634184bd7b078beb19b6e3854/gnocchi.a4925cea-7c74-4cc9-8e7a-5fc3ee17074a%3Fformat%3Djson%26states%3Dlisting HTTP/1.0 204 - Swift - - - - txb2c71c9a09f34b5c9a61d-0069318655 - 0.0050 RL - 1764853333.383236647 1764853333.388213873 0
Dec 4 13:02:13 standalone container-server[126778]: 172.20.0.100 - - [04/Dec/2025:13:02:13 +0000] "GET /d1/920/AUTH_fba990d634184bd7b078beb19b6e3854/gnocchi.a4925cea-7c74-4cc9-8e7a-5fc3ee17074a" 200 2 "GET http://172.18.0.2:8080/v1/AUTH_fba990d634184bd7b078beb19b6e3854/gnocchi.a4925cea-7c74-4cc9-8e7a-5fc3ee17074a?format=json&states=listing" "txb2c71c9a09f34b5c9a61d-0069318655" "proxy-server 20" 0.0014 "-" 22 0
Dec 4 13:02:13 standalone proxy-server[128645]: 172.18.0.2 172.18.0.100 04/Dec/2025/13/02/13 GET /v1/AUTH_fba990d634184bd7b078beb19b6e3854/gnocchi.a4925cea-7c74-4cc9-8e7a-5fc3ee17074a%3Fformat%3Djson%26states%3Dlisting HTTP/1.0 200 - python-swiftclient-3.11.1 gAAAAABpMYWk_xEA... - 2 - txb2c71c9a09f34b5c9a61d-0069318655 - 0.0128 - - 1764853333.381984711 1764853333.394768715 0
Dec 4 13:02:13 standalone object-server[126899]: 172.20.0.100 - - [04/Dec/2025:13:02:13 +0000] "GET /d1/74/AUTH_fba990d634184bd7b078beb19b6e3854/gnocchi.a4925cea-7c74-4cc9-8e7a-5fc3ee17074a/1764720000.0_mean_300.0_v3" 404 70 "GET http://172.18.0.2:8080/v1/AUTH_fba990d634184bd7b078beb19b6e3854/gnocchi.a4925cea-7c74-4cc9-8e7a-5fc3ee17074a/1764720000.0_mean_300.0_v3" "tx76b46bdaceda48d193cfc-0069318655" "proxy-server 20" 0.0005 "-" 22 0
Dec 4 13:02:13 standalone proxy-server[128645]: 172.18.0.2 172.18.0.100 04/Dec/2025/13/02/13 GET /v1/AUTH_fba990d634184bd7b078beb19b6e3854/gnocchi.a4925cea-7c74-4cc9-8e7a-5fc3ee17074a/1764720000.0_mean_300.0_v3 HTTP/1.0 404 - python-swiftclient-3.11.1 gAAAAABpMYWk_xEA... - 70 - tx76b46bdaceda48d193cfc-0069318655 - 0.0065 - - 1764853333.398516417 1764853333.405026197 0
Dec 4 13:02:13 standalone container-server[126765]: 172.20.0.100 - - [04/Dec/2025:13:02:13 +0000] "PUT /d1/920/AUTH_fba990d634184bd7b078beb19b6e3854/gnocchi.a4925cea-7c74-4cc9-8e7a-5fc3ee17074a/1764720000.0_mean_300.0_v3" 201 - "PUT http://172.18.0.2:8080/d1/74/AUTH_fba990d634184bd7b078beb19b6e3854/gnocchi.a4925cea-7c74-4cc9-8e7a-5fc3ee17074a/1764720000.0_mean_300.0_v3" "txdb0c4989f8924ad6be3f8-0069318655" "object-server 25" 0.0005 "-" 20 0
Dec 4 13:02:13 standalone object-server[126903]: 172.20.0.100 - - [04/Dec/2025:13:02:13 +0000] "PUT /d1/74/AUTH_fba990d634184bd7b078beb19b6e3854/gnocchi.a4925cea-7c74-4cc9-8e7a-5fc3ee17074a/1764720000.0_mean_300.0_v3" 201 - "PUT http://172.18.0.2:8080/v1/AUTH_fba990d634184bd7b078beb19b6e3854/gnocchi.a4925cea-7c74-4cc9-8e7a-5fc3ee17074a/1764720000.0_mean_300.0_v3" "txdb0c4989f8924ad6be3f8-0069318655" "proxy-server 20" 0.0072 "-" 25 0
Dec 4 13:02:13 standalone proxy-server[128645]: 172.18.0.2 172.18.0.100 04/Dec/2025/13/02/13 PUT /v1/AUTH_fba990d634184bd7b078beb19b6e3854/gnocchi.a4925cea-7c74-4cc9-8e7a-5fc3ee17074a/1764720000.0_mean_300.0_v3 HTTP/1.0 201 - python-swiftclient-3.11.1 gAAAAABpMYWk_xEA... 16 - - txdb0c4989f8924ad6be3f8-0069318655 - 0.0125 - - 1764853333.408205986 1764853333.420696735 0
Dec 4 13:02:13 standalone container-server[126765]: 172.20.0.100 - - [04/Dec/2025:13:02:13 +0000] "PUT /d1/920/AUTH_fba990d634184bd7b078beb19b6e3854/gnocchi.a4925cea-7c74-4cc9-8e7a-5fc3ee17074a/none_v3" 201 - "PUT http://172.18.0.2:8080/d1/172/AUTH_fba990d634184bd7b078beb19b6e3854/gnocchi.a4925cea-7c74-4cc9-8e7a-5fc3ee17074a/none_v3" "tx68758ce3ee7d4a80a252f-0069318655" "object-server 23" 0.0003 "-" 20 0
Dec 4 13:02:13 standalone object-server[126901]: 172.20.0.100 - - [04/Dec/2025:13:02:13 +0000] "PUT /d1/172/AUTH_fba990d634184bd7b078beb19b6e3854/gnocchi.a4925cea-7c74-4cc9-8e7a-5fc3ee17074a/none_v3" 201 - "PUT http://172.18.0.2:8080/v1/AUTH_fba990d634184bd7b078beb19b6e3854/gnocchi.a4925cea-7c74-4cc9-8e7a-5fc3ee17074a/none_v3" "tx68758ce3ee7d4a80a252f-0069318655" "proxy-server 20" 0.0078 "-" 23 0
Dec 4 13:02:13 standalone proxy-server[128645]: 172.18.0.2 172.18.0.100 04/Dec/2025/13/02/13 PUT /v1/AUTH_fba990d634184bd7b078beb19b6e3854/gnocchi.a4925cea-7c74-4cc9-8e7a-5fc3ee17074a/none_v3 HTTP/1.0 201 - python-swiftclient-3.11.1 gAAAAABpMYWk_xEA... 22 - - tx68758ce3ee7d4a80a252f-0069318655 - 0.0135 - - 1764853333.423678637 1764853333.437139988 0
Dec 4 13:02:13 standalone container-server[126778]: 172.20.0.100 - - [04/Dec/2025:13:02:13 +0000] "HEAD /d1/477/AUTH_fba990d634184bd7b078beb19b6e3854/gnocchi.ca211a95-bc29-4446-ad8a-dd707645804f" 404 - "HEAD http://172.18.0.2:8080/v1/AUTH_fba990d634184bd7b078beb19b6e3854/gnocchi.ca211a95-bc29-4446-ad8a-dd707645804f?format=json&states=listing" "tx9d38234d125f4685a07c2-0069318655" "proxy-server 20" 0.0004 "-" 22 0
Dec 4 13:02:13 standalone object-server[126901]: 172.20.0.100 - - [04/Dec/2025:13:02:13 +0000] "GET /d1/407/AUTH_fba990d634184bd7b078beb19b6e3854/gnocchi.ca211a95-bc29-4446-ad8a-dd707645804f/none_v3" 404 70 "GET http://172.18.0.2:8080/v1/AUTH_fba990d634184bd7b078beb19b6e3854/gnocchi.ca211a95-bc29-4446-ad8a-dd707645804f/none_v3" "tx9d38234d125f4685a07c2-0069318655" "proxy-server 20" 0.0004 "-" 23 0
Dec 4 13:02:13 standalone proxy-server[128645]: 172.18.0.2 172.18.0.100 04/Dec/2025/13/02/13 GET /v1/AUTH_fba990d634184bd7b078beb19b6e3854/gnocchi.ca211a95-bc29-4446-ad8a-dd707645804f/none_v3 HTTP/1.0 404 - python-swiftclient-3.11.1 gAAAAABpMYWk_xEA... - 70 - tx9d38234d125f4685a07c2-0069318655 - 0.0102 - - 1764853333.451366901 1764853333.461612225 0
Dec 4 13:02:13 standalone account-server[126745]: 172.20.0.100 - - [04/Dec/2025:13:02:13 +0000] "PUT /d1/899/AUTH_fba990d634184bd7b078beb19b6e3854/gnocchi.ca211a95-bc29-4446-ad8a-dd707645804f" 201 - "PUT http://172.20.0.100:6001/d1/477/AUTH_fba990d634184bd7b078beb19b6e3854/gnocchi.ca211a95-bc29-4446-ad8a-dd707645804f" "tx6938154103d74cf08895c-0069318655" "container-server 21" 0.0059 "-" 21 0
Dec 4 13:02:13 standalone container-server[126769]: 172.20.0.100 - - [04/Dec/2025:13:02:13 +0000] "PUT /d1/477/AUTH_fba990d634184bd7b078beb19b6e3854/gnocchi.ca211a95-bc29-4446-ad8a-dd707645804f" 201 - "PUT http://172.18.0.2:8080/v1/AUTH_fba990d634184bd7b078beb19b6e3854/gnocchi.ca211a95-bc29-4446-ad8a-dd707645804f" "tx6938154103d74cf08895c-0069318655" "proxy-server 20" 0.0194 "-" 21 0
Dec 4 13:02:13 standalone proxy-server[128645]: 172.18.0.2 172.18.0.100 04/Dec/2025/13/02/13 PUT /v1/AUTH_fba990d634184bd7b078beb19b6e3854/gnocchi.ca211a95-bc29-4446-ad8a-dd707645804f HTTP/1.0 201 - python-swiftclient-3.11.1 gAAAAABpMYWk_xEA... - - - tx6938154103d74cf08895c-0069318655 - 0.0245 - - 1764853333.464370966 1764853333.488859177 0
Dec 4 13:02:13 standalone container-server[126778]: 172.20.0.100 - - [04/Dec/2025:13:02:13 +0000] "HEAD /d1/477/AUTH_fba990d634184bd7b078beb19b6e3854/gnocchi.ca211a95-bc29-4446-ad8a-dd707645804f" 204 - "HEAD http://172.18.0.2:8080/v1/AUTH_fba990d634184bd7b078beb19b6e3854/gnocchi.ca211a95-bc29-4446-ad8a-dd707645804f?format=json&states=listing" "txf96a6c9a24874c93b89e8-0069318655" "proxy-server 20" 0.0014 "-" 22 0
Dec 4 13:02:13 standalone proxy-server[128645]: - - 04/Dec/2025/13/02/13 HEAD /v1/AUTH_fba990d634184bd7b078beb19b6e3854/gnocchi.ca211a95-bc29-4446-ad8a-dd707645804f%3Fformat%3Djson%26states%3Dlisting HTTP/1.0 204 - Swift - - - - txf96a6c9a24874c93b89e8-0069318655 - 0.0081 RL - 1764853333.494077206 1764853333.502203941 0
Dec 4 13:02:13 standalone container-server[126778]: 172.20.0.100 - - [04/Dec/2025:13:02:13 +0000] "GET /d1/477/AUTH_fba990d634184bd7b078beb19b6e3854/gnocchi.ca211a95-bc29-4446-ad8a-dd707645804f" 200 2 "GET http://172.18.0.2:8080/v1/AUTH_fba990d634184bd7b078beb19b6e3854/gnocchi.ca211a95-bc29-4446-ad8a-dd707645804f?format=json&states=listing" "txf96a6c9a24874c93b89e8-0069318655" "proxy-server 20" 0.0019 "-" 22 0
Dec 4 13:02:13 standalone proxy-server[128645]: 172.18.0.2 172.18.0.100 04/Dec/2025/13/02/13 GET /v1/AUTH_fba990d634184bd7b078beb19b6e3854/gnocchi.ca211a95-bc29-4446-ad8a-dd707645804f%3Fformat%3Djson%26states%3Dlisting HTTP/1.0 200 - python-swiftclient-3.11.1 gAAAAABpMYWk_xEA... - 2 - txf96a6c9a24874c93b89e8-0069318655 - 0.0167 - - 1764853333.493071079 1764853333.509735823 0
Dec 4 13:02:13 standalone object-server[126896]: 172.20.0.100 - - [04/Dec/2025:13:02:13 +0000] "GET /d1/579/AUTH_fba990d634184bd7b078beb19b6e3854/gnocchi.ca211a95-bc29-4446-ad8a-dd707645804f/1764720000.0_mean_300.0_v3" 404 70 "GET http://172.18.0.2:8080/v1/AUTH_fba990d634184bd7b078beb19b6e3854/gnocchi.ca211a95-bc29-4446-ad8a-dd707645804f/1764720000.0_mean_300.0_v3" "tx9e9d13f4c82c463980118-0069318655" "proxy-server 20" 0.0003 "-" 21 0
Dec 4 13:02:13 standalone proxy-server[128645]: 172.18.0.2 172.18.0.100 04/Dec/2025/13/02/13 GET /v1/AUTH_fba990d634184bd7b078beb19b6e3854/gnocchi.ca211a95-bc29-4446-ad8a-dd707645804f/1764720000.0_mean_300.0_v3 HTTP/1.0 404 - python-swiftclient-3.11.1 gAAAAABpMYWk_xEA... - 70 - tx9e9d13f4c82c463980118-0069318655 - 0.0053 - - 1764853333.513100624 1764853333.518365145 0
Dec 4 13:02:13 standalone container-server[126769]: 172.20.0.100 - - [04/Dec/2025:13:02:13 +0000] "PUT /d1/477/AUTH_fba990d634184bd7b078beb19b6e3854/gnocchi.ca211a95-bc29-4446-ad8a-dd707645804f/1764720000.0_mean_300.0_v3" 201 - "PUT http://172.18.0.2:8080/d1/579/AUTH_fba990d634184bd7b078beb19b6e3854/gnocchi.ca211a95-bc29-4446-ad8a-dd707645804f/1764720000.0_mean_300.0_v3" "txe1696104d7444a98ac7b6-0069318655" "object-server 25" 0.0008 "-" 21 0
Dec 4 13:02:13 standalone object-server[126903]: 172.20.0.100 - - [04/Dec/2025:13:02:13 +0000] "PUT /d1/579/AUTH_fba990d634184bd7b078beb19b6e3854/gnocchi.ca211a95-bc29-4446-ad8a-dd707645804f/1764720000.0_mean_300.0_v3" 201 - "PUT http://172.18.0.2:8080/v1/AUTH_fba990d634184bd7b078beb19b6e3854/gnocchi.ca211a95-bc29-4446-ad8a-dd707645804f/1764720000.0_mean_300.0_v3" "txe1696104d7444a98ac7b6-0069318655" "proxy-server 20" 0.0102 "-" 25 0
Dec 4 13:02:13 standalone proxy-server[128645]: 172.18.0.2 172.18.0.100 04/Dec/2025/13/02/13 PUT /v1/AUTH_fba990d634184bd7b078beb19b6e3854/gnocchi.ca211a95-bc29-4446-ad8a-dd707645804f/1764720000.0_mean_300.0_v3 HTTP/1.0 201 - python-swiftclient-3.11.1 gAAAAABpMYWk_xEA... 16 - - txe1696104d7444a98ac7b6-0069318655 - 0.0193 - - 1764853333.521811247 1764853333.541063309 0
Dec 4 13:02:13 standalone container-server[126784]: 172.20.0.100 - - [04/Dec/2025:13:02:13 +0000] "PUT /d1/477/AUTH_fba990d634184bd7b078beb19b6e3854/gnocchi.ca211a95-bc29-4446-ad8a-dd707645804f/none_v3" 201 - "PUT http://172.18.0.2:8080/d1/407/AUTH_fba990d634184bd7b078beb19b6e3854/gnocchi.ca211a95-bc29-4446-ad8a-dd707645804f/none_v3" "txc5c4cb44b0d344aaafeb7-0069318655" "object-server 23" 0.0006 "-" 23 0
Dec 4 13:02:13 standalone object-server[126901]: 172.20.0.100 - - [04/Dec/2025:13:02:13 +0000] "PUT /d1/407/AUTH_fba990d634184bd7b078beb19b6e3854/gnocchi.ca211a95-bc29-4446-ad8a-dd707645804f/none_v3" 201 - "PUT http://172.18.0.2:8080/v1/AUTH_fba990d634184bd7b078beb19b6e3854/gnocchi.ca211a95-bc29-4446-ad8a-dd707645804f/none_v3" "txc5c4cb44b0d344aaafeb7-0069318655" "proxy-server 20" 0.0088 "-" 23 0
Dec 4 13:02:13 standalone proxy-server[128645]: 172.18.0.2 172.18.0.100 04/Dec/2025/13/02/13 PUT /v1/AUTH_fba990d634184bd7b078beb19b6e3854/gnocchi.ca211a95-bc29-4446-ad8a-dd707645804f/none_v3 HTTP/1.0 201 - python-swiftclient-3.11.1 gAAAAABpMYWk_xEA... 22 - - txc5c4cb44b0d344aaafeb7-0069318655 - 0.0157 - - 1764853333.544281960 1764853333.560022116 0
Dec 4 13:02:13 standalone container-server[126769]: 172.20.0.100 - - [04/Dec/2025:13:02:13 +0000] "HEAD /d1/100/AUTH_fba990d634184bd7b078beb19b6e3854/gnocchi.4545a362-ba63-4f1a-a989-67c3ccf79251" 404 - "HEAD http://172.18.0.2:8080/v1/AUTH_fba990d634184bd7b078beb19b6e3854/gnocchi.4545a362-ba63-4f1a-a989-67c3ccf79251?format=json&states=listing" "tx0054f1e157194ec28cdf9-0069318655" "proxy-server 20" 0.0007 "-" 21 0
Dec 4 13:02:13 standalone object-server[126896]: 172.20.0.100 - - [04/Dec/2025:13:02:13 +0000] "GET /d1/758/AUTH_fba990d634184bd7b078beb19b6e3854/gnocchi.4545a362-ba63-4f1a-a989-67c3ccf79251/none_v3" 404 70 "GET http://172.18.0.2:8080/v1/AUTH_fba990d634184bd7b078beb19b6e3854/gnocchi.4545a362-ba63-4f1a-a989-67c3ccf79251/none_v3" "tx0054f1e157194ec28cdf9-0069318655" "proxy-server 20" 0.0003 "-" 21 0
Dec 4 13:02:13 standalone proxy-server[128645]: 172.18.0.2 172.18.0.100 04/Dec/2025/13/02/13 GET /v1/AUTH_fba990d634184bd7b078beb19b6e3854/gnocchi.4545a362-ba63-4f1a-a989-67c3ccf79251/none_v3 HTTP/1.0 404 - python-swiftclient-3.11.1 gAAAAABpMYWk_xEA... - 70 - tx0054f1e157194ec28cdf9-0069318655 - 0.0127 - - 1764853333.570288181 1764853333.582990170 0
Dec 4 13:02:13 standalone account-server[126743]: 172.20.0.100 - - [04/Dec/2025:13:02:13 +0000] "PUT /d1/899/AUTH_fba990d634184bd7b078beb19b6e3854/gnocchi.4545a362-ba63-4f1a-a989-67c3ccf79251" 201 - "PUT http://172.20.0.100:6001/d1/100/AUTH_fba990d634184bd7b078beb19b6e3854/gnocchi.4545a362-ba63-4f1a-a989-67c3ccf79251" "tx3bb4b480bc804f9e9977a-0069318655" "container-server 22" 0.0038 "-" 20 0
Dec 4 13:02:13 standalone container-server[126778]: 172.20.0.100 - - [04/Dec/2025:13:02:13 +0000] "PUT /d1/100/AUTH_fba990d634184bd7b078beb19b6e3854/gnocchi.4545a362-ba63-4f1a-a989-67c3ccf79251" 201 - "PUT http://172.18.0.2:8080/v1/AUTH_fba990d634184bd7b078beb19b6e3854/gnocchi.4545a362-ba63-4f1a-a989-67c3ccf79251" "tx3bb4b480bc804f9e9977a-0069318655" "proxy-server 20" 0.0117 "-" 22 0
Dec 4 13:02:13 standalone proxy-server[128645]: 172.18.0.2 172.18.0.100 04/Dec/2025/13/02/13 PUT /v1/AUTH_fba990d634184bd7b078beb19b6e3854/gnocchi.4545a362-ba63-4f1a-a989-67c3ccf79251 HTTP/1.0 201 - python-swiftclient-3.11.1 gAAAAABpMYWk_xEA... - - - tx3bb4b480bc804f9e9977a-0069318655 - 0.0157 - - 1764853333.585289001 1764853333.600991726 0
Dec 4 13:02:13 standalone container-server[126778]: 172.20.0.100 - - [04/Dec/2025:13:02:13 +0000] "HEAD /d1/8/AUTH_fba990d634184bd7b078beb19b6e3854/gnocchi.c59d5014-5f3b-40d4-a83c-548880eee8d1" 404 - "HEAD http://172.18.0.2:8080/v1/AUTH_fba990d634184bd7b078beb19b6e3854/gnocchi.c59d5014-5f3b-40d4-a83c-548880eee8d1?format=json&states=listing" "tx5b3c4ef6be2e47fcadbd5-0069318655" "proxy-server 20" 0.0003 "-" 22 0
Dec 4 13:02:13 standalone object-server[126903]: 172.20.0.100 - - [04/Dec/2025:13:02:13 +0000] "GET /d1/213/AUTH_fba990d634184bd7b078beb19b6e3854/gnocchi.c59d5014-5f3b-40d4-a83c-548880eee8d1/none_v3" 404 70 "GET http://172.18.0.2:8080/v1/AUTH_fba990d634184bd7b078beb19b6e3854/gnocchi.c59d5014-5f3b-40d4-a83c-548880eee8d1/none_v3" "tx5b3c4ef6be2e47fcadbd5-0069318655" "proxy-server 20" 0.0005 "-" 25 0
Dec 4 13:02:13 standalone proxy-server[128645]: 172.18.0.2 172.18.0.100 04/Dec/2025/13/02/13 GET /v1/AUTH_fba990d634184bd7b078beb19b6e3854/gnocchi.c59d5014-5f3b-40d4-a83c-548880eee8d1/none_v3 HTTP/1.0 404 - python-swiftclient-3.11.1 gAAAAABpMYWk_xEA... - 70 - tx5b3c4ef6be2e47fcadbd5-0069318655 - 0.0074 - - 1764853333.603217125 1764853333.610580206 0
Dec 4 13:02:13 standalone account-server[126752]: 172.20.0.100 - - [04/Dec/2025:13:02:13 +0000] "PUT /d1/899/AUTH_fba990d634184bd7b078beb19b6e3854/gnocchi.c59d5014-5f3b-40d4-a83c-548880eee8d1" 201 - "PUT http://172.20.0.100:6001/d1/8/AUTH_fba990d634184bd7b078beb19b6e3854/gnocchi.c59d5014-5f3b-40d4-a83c-548880eee8d1" "tx86b653a1498d4d349fd0b-0069318655" "container-server 20" 0.0092 "-" 22 0
Dec 4 13:02:13 standalone container-server[126765]: 172.20.0.100 - - [04/Dec/2025:13:02:13 +0000] "PUT /d1/8/AUTH_fba990d634184bd7b078beb19b6e3854/gnocchi.c59d5014-5f3b-40d4-a83c-548880eee8d1" 201 - "PUT http://172.18.0.2:8080/v1/AUTH_fba990d634184bd7b078beb19b6e3854/gnocchi.c59d5014-5f3b-40d4-a83c-548880eee8d1" "tx86b653a1498d4d349fd0b-0069318655" "proxy-server 20" 0.0174 "-" 20 0
Dec 4 13:02:13 standalone proxy-server[128645]: 172.18.0.2 172.18.0.100 04/Dec/2025/13/02/13 PUT /v1/AUTH_fba990d634184bd7b078beb19b6e3854/gnocchi.c59d5014-5f3b-40d4-a83c-548880eee8d1 HTTP/1.0 201 - python-swiftclient-3.11.1 gAAAAABpMYWk_xEA... - - - tx86b653a1498d4d349fd0b-0069318655 - 0.0210 - - 1764853333.615532637 1764853333.636518955 0
Dec 4 13:02:13 standalone container-server[126769]: 172.20.0.100 - - [04/Dec/2025:13:02:13 +0000] "HEAD /d1/100/AUTH_fba990d634184bd7b078beb19b6e3854/gnocchi.4545a362-ba63-4f1a-a989-67c3ccf79251" 204 - "HEAD http://172.18.0.2:8080/v1/AUTH_fba990d634184bd7b078beb19b6e3854/gnocchi.4545a362-ba63-4f1a-a989-67c3ccf79251?format=json&states=listing" "txc9f8180fc06845d594303-0069318655" "proxy-server 20" 0.0022 "-" 21 0
Dec 4 13:02:13 standalone proxy-server[128645]: - - 04/Dec/2025/13/02/13 HEAD /v1/AUTH_fba990d634184bd7b078beb19b6e3854/gnocchi.4545a362-ba63-4f1a-a989-67c3ccf79251%3Fformat%3Djson%26states%3Dlisting HTTP/1.0 204 - Swift - - - - txc9f8180fc06845d594303-0069318655 - 0.0057 RL - 1764853333.640394688 1764853333.646097660 0
Dec 4 13:02:13 standalone container-server[126765]: 172.20.0.100 - - [04/Dec/2025:13:02:13 +0000] "GET /d1/100/AUTH_fba990d634184bd7b078beb19b6e3854/gnocchi.4545a362-ba63-4f1a-a989-67c3ccf79251" 200 2 "GET http://172.18.0.2:8080/v1/AUTH_fba990d634184bd7b078beb19b6e3854/gnocchi.4545a362-ba63-4f1a-a989-67c3ccf79251?format=json&states=listing" "txc9f8180fc06845d594303-0069318655" "proxy-server 20" 0.0015 "-" 20 0
Dec 4 13:02:13 standalone proxy-server[128645]: 172.18.0.2 172.18.0.100 04/Dec/2025/13/02/13 GET /v1/AUTH_fba990d634184bd7b078beb19b6e3854/gnocchi.4545a362-ba63-4f1a-a989-67c3ccf79251%3Fformat%3Djson%26states%3Dlisting HTTP/1.0 200 - python-swiftclient-3.11.1 gAAAAABpMYWk_xEA... - 2 - txc9f8180fc06845d594303-0069318655 - 0.0119 - - 1764853333.639521599 1764853333.651440859 0
Dec 4 13:02:13 standalone container-server[126778]: 172.20.0.100 - - [04/Dec/2025:13:02:13 +0000] "HEAD /d1/8/AUTH_fba990d634184bd7b078beb19b6e3854/gnocchi.c59d5014-5f3b-40d4-a83c-548880eee8d1" 204 - "HEAD http://172.18.0.2:8080/v1/AUTH_fba990d634184bd7b078beb19b6e3854/gnocchi.c59d5014-5f3b-40d4-a83c-548880eee8d1?format=json&states=listing" "tx48378918e6da4a61b78bb-0069318655" "proxy-server 20" 0.0017 "-" 22 0
Dec 4 13:02:13 standalone proxy-server[128645]: - - 04/Dec/2025/13/02/13 HEAD /v1/AUTH_fba990d634184bd7b078beb19b6e3854/gnocchi.c59d5014-5f3b-40d4-a83c-548880eee8d1%3Fformat%3Djson%26states%3Dlisting HTTP/1.0 204 - Swift - - - - tx48378918e6da4a61b78bb-0069318655 - 0.0042 RL - 1764853333.655292749 1764853333.659514189 0
Dec 4 13:02:13 standalone container-server[126769]: 172.20.0.100 - - [04/Dec/2025:13:02:13 +0000] "GET /d1/8/AUTH_fba990d634184bd7b078beb19b6e3854/gnocchi.c59d5014-5f3b-40d4-a83c-548880eee8d1" 200 2 "GET http://172.18.0.2:8080/v1/AUTH_fba990d634184bd7b078beb19b6e3854/gnocchi.c59d5014-5f3b-40d4-a83c-548880eee8d1?format=json&states=listing" "tx48378918e6da4a61b78bb-0069318655" "proxy-server 20" 0.0030 "-" 21 0
Dec 4 13:02:13 standalone proxy-server[128645]: 172.18.0.2 172.18.0.100 04/Dec/2025/13/02/13 GET /v1/AUTH_fba990d634184bd7b078beb19b6e3854/gnocchi.c59d5014-5f3b-40d4-a83c-548880eee8d1%3Fformat%3Djson%26states%3Dlisting HTTP/1.0 200 - python-swiftclient-3.11.1 gAAAAABpMYWk_xEA... - 2 - tx48378918e6da4a61b78bb-0069318655 - 0.0128 - - 1764853333.654620171 1764853333.667394638 0
Dec 4 13:02:13 standalone object-server[126896]: 172.20.0.100 - - [04/Dec/2025:13:02:13 +0000] "GET /d1/7/AUTH_fba990d634184bd7b078beb19b6e3854/gnocchi.4545a362-ba63-4f1a-a989-67c3ccf79251/1764720000.0_mean_300.0_v3" 404 70 "GET http://172.18.0.2:8080/v1/AUTH_fba990d634184bd7b078beb19b6e3854/gnocchi.4545a362-ba63-4f1a-a989-67c3ccf79251/1764720000.0_mean_300.0_v3" "tx4d692d68278840c884484-0069318655" "proxy-server 20" 0.0003 "-" 21 0
Dec 4 13:02:13 standalone proxy-server[128645]: 172.18.0.2 172.18.0.100 04/Dec/2025/13/02/13 GET /v1/AUTH_fba990d634184bd7b078beb19b6e3854/gnocchi.4545a362-ba63-4f1a-a989-67c3ccf79251/1764720000.0_mean_300.0_v3 HTTP/1.0 404 - python-swiftclient-3.11.1 gAAAAABpMYWk_xEA... - 70 - tx4d692d68278840c884484-0069318655 - 0.0064 - - 1764853333.670191050 1764853333.676568270 0
Dec 4 13:02:13 standalone object-server[126899]: 172.20.0.100 - - [04/Dec/2025:13:02:13 +0000] "GET /d1/893/AUTH_fba990d634184bd7b078beb19b6e3854/gnocchi.c59d5014-5f3b-40d4-a83c-548880eee8d1/1764720000.0_mean_300.0_v3" 404 70 "GET http://172.18.0.2:8080/v1/AUTH_fba990d634184bd7b078beb19b6e3854/gnocchi.c59d5014-5f3b-40d4-a83c-548880eee8d1/1764720000.0_mean_300.0_v3" "txe456cabf892247059c123-0069318655" "proxy-server 20" 0.0003 "-" 22 0
Dec 4 13:02:13 standalone proxy-server[128645]: 172.18.0.2 172.18.0.100 04/Dec/2025/13/02/13 GET /v1/AUTH_fba990d634184bd7b078beb19b6e3854/gnocchi.c59d5014-5f3b-40d4-a83c-548880eee8d1/1764720000.0_mean_300.0_v3 HTTP/1.0 404 - python-swiftclient-3.11.1 gAAAAABpMYWk_xEA... - 70 - txe456cabf892247059c123-0069318655 - 0.0037 - - 1764853333.678647757 1764853333.682305813 0
Dec 4 13:02:13 standalone container-server[126778]: 172.20.0.100 - - [04/Dec/2025:13:02:13 +0000] "PUT /d1/100/AUTH_fba990d634184bd7b078beb19b6e3854/gnocchi.4545a362-ba63-4f1a-a989-67c3ccf79251/1764720000.0_mean_300.0_v3" 201 - "PUT http://172.18.0.2:8080/d1/7/AUTH_fba990d634184bd7b078beb19b6e3854/gnocchi.4545a362-ba63-4f1a-a989-67c3ccf79251/1764720000.0_mean_300.0_v3" "tx3544363045974e07b16b1-0069318655" "object-server 25" 0.0006 "-" 22 0
Dec 4 13:02:13 standalone object-server[126903]: 172.20.0.100 - - [04/Dec/2025:13:02:13 +0000] "PUT /d1/7/AUTH_fba990d634184bd7b078beb19b6e3854/gnocchi.4545a362-ba63-4f1a-a989-67c3ccf79251/1764720000.0_mean_300.0_v3" 201 - "PUT http://172.18.0.2:8080/v1/AUTH_fba990d634184bd7b078beb19b6e3854/gnocchi.4545a362-ba63-4f1a-a989-67c3ccf79251/1764720000.0_mean_300.0_v3" "tx3544363045974e07b16b1-0069318655" "proxy-server 20" 0.0110 "-" 25 0
Dec 4 13:02:13 standalone proxy-server[128645]: 172.18.0.2 172.18.0.100 04/Dec/2025/13/02/13 PUT /v1/AUTH_fba990d634184bd7b078beb19b6e3854/gnocchi.4545a362-ba63-4f1a-a989-67c3ccf79251/1764720000.0_mean_300.0_v3 HTTP/1.0 201 - python-swiftclient-3.11.1 gAAAAABpMYWk_xEA... 16 - - tx3544363045974e07b16b1-0069318655 - 0.0155 - - 1764853333.685173512 1764853333.700656652 0
Dec 4 13:02:13 standalone container-server[126778]: 172.20.0.100 - - [04/Dec/2025:13:02:13 +0000] "PUT /d1/8/AUTH_fba990d634184bd7b078beb19b6e3854/gnocchi.c59d5014-5f3b-40d4-a83c-548880eee8d1/1764720000.0_mean_300.0_v3" 201 - "PUT http://172.18.0.2:8080/d1/893/AUTH_fba990d634184bd7b078beb19b6e3854/gnocchi.c59d5014-5f3b-40d4-a83c-548880eee8d1/1764720000.0_mean_300.0_v3" "txba65ceaecaf54ee1bc42b-0069318655" "object-server 21" 0.0005 "-" 22 0
Dec 4 13:02:13 standalone object-server[126896]: 172.20.0.100 - - [04/Dec/2025:13:02:13 +0000] "PUT /d1/893/AUTH_fba990d634184bd7b078beb19b6e3854/gnocchi.c59d5014-5f3b-40d4-a83c-548880eee8d1/1764720000.0_mean_300.0_v3" 201 - "PUT http://172.18.0.2:8080/v1/AUTH_fba990d634184bd7b078beb19b6e3854/gnocchi.c59d5014-5f3b-40d4-a83c-548880eee8d1/1764720000.0_mean_300.0_v3" "txba65ceaecaf54ee1bc42b-0069318655" "proxy-server 20" 0.0081 "-" 21 0
Dec 4 13:02:13 standalone proxy-server[128645]: 172.18.0.2 172.18.0.100 04/Dec/2025/13/02/13 PUT /v1/AUTH_fba990d634184bd7b078beb19b6e3854/gnocchi.c59d5014-5f3b-40d4-a83c-548880eee8d1/1764720000.0_mean_300.0_v3 HTTP/1.0 201 - python-swiftclient-3.11.1 gAAAAABpMYWk_xEA... 16 - - txba65ceaecaf54ee1bc42b-0069318655 - 0.0122 - - 1764853333.702617645 1764853333.714797497 0
Dec 4 13:02:13 standalone container-server[126765]: 172.20.0.100 - - [04/Dec/2025:13:02:13 +0000] "PUT /d1/100/AUTH_fba990d634184bd7b078beb19b6e3854/gnocchi.4545a362-ba63-4f1a-a989-67c3ccf79251/none_v3" 201 - "PUT http://172.18.0.2:8080/d1/758/AUTH_fba990d634184bd7b078beb19b6e3854/gnocchi.4545a362-ba63-4f1a-a989-67c3ccf79251/none_v3" "txe86de11e7aa74a38ab29d-0069318655" "object-server 22" 0.0005 "-" 20 0
Dec 4 13:02:13 standalone object-server[126899]: 172.20.0.100 - - [04/Dec/2025:13:02:13 +0000] "PUT /d1/758/AUTH_fba990d634184bd7b078beb19b6e3854/gnocchi.4545a362-ba63-4f1a-a989-67c3ccf79251/none_v3" 201 - "PUT http://172.18.0.2:8080/v1/AUTH_fba990d634184bd7b078beb19b6e3854/gnocchi.4545a362-ba63-4f1a-a989-67c3ccf79251/none_v3" "txe86de11e7aa74a38ab29d-0069318655" "proxy-server 20" 0.0063 "-" 22 0
Dec 4 13:02:13 standalone proxy-server[128645]: 172.18.0.2 172.18.0.100 04/Dec/2025/13/02/13 PUT /v1/AUTH_fba990d634184bd7b078beb19b6e3854/gnocchi.4545a362-ba63-4f1a-a989-67c3ccf79251/none_v3 HTTP/1.0 201 - python-swiftclient-3.11.1 gAAAAABpMYWk_xEA... 22 - - txe86de11e7aa74a38ab29d-0069318655 - 0.0099 - - 1764853333.716585636 1764853333.726535082 0
Dec 4 13:02:13 standalone container-server[126765]: 172.20.0.100 - - [04/Dec/2025:13:02:13 +0000] "PUT /d1/8/AUTH_fba990d634184bd7b078beb19b6e3854/gnocchi.c59d5014-5f3b-40d4-a83c-548880eee8d1/none_v3" 201 - "PUT http://172.18.0.2:8080/d1/213/AUTH_fba990d634184bd7b078beb19b6e3854/gnocchi.c59d5014-5f3b-40d4-a83c-548880eee8d1/none_v3" "tx455483c13b894ff7aaf9e-0069318655" "object-server 25" 0.0003 "-" 20 0
Dec 4 13:02:13 standalone object-server[126903]: 172.20.0.100 - - [04/Dec/2025:13:02:13 +0000] "PUT /d1/213/AUTH_fba990d634184bd7b078beb19b6e3854/gnocchi.c59d5014-5f3b-40d4-a83c-548880eee8d1/none_v3" 201 - "PUT http://172.18.0.2:8080/v1/AUTH_fba990d634184bd7b078beb19b6e3854/gnocchi.c59d5014-5f3b-40d4-a83c-548880eee8d1/none_v3" "tx455483c13b894ff7aaf9e-0069318655" "proxy-server 20" 0.0087 "-" 25 0
Dec 4 13:02:13 standalone proxy-server[128645]: 172.18.0.2 172.18.0.100 04/Dec/2025/13/02/13 PUT /v1/AUTH_fba990d634184bd7b078beb19b6e3854/gnocchi.c59d5014-5f3b-40d4-a83c-548880eee8d1/none_v3 HTTP/1.0 201 - python-swiftclient-3.11.1 gAAAAABpMYWk_xEA... 22 - - tx455483c13b894ff7aaf9e-0069318655 - 0.0141 - - 1764853333.728549957 1764853333.742697954 0
Dec 4 13:02:13 standalone container-server[126778]: 172.20.0.100 - - [04/Dec/2025:13:02:13 +0000] "HEAD /d1/245/AUTH_fba990d634184bd7b078beb19b6e3854/gnocchi.c893b5e8-7f79-406f-bcdf-18b8f19cded2" 404 - "HEAD http://172.18.0.2:8080/v1/AUTH_fba990d634184bd7b078beb19b6e3854/gnocchi.c893b5e8-7f79-406f-bcdf-18b8f19cded2?format=json&states=listing" "txcd29cfa582fe4963bfb21-0069318655" "proxy-server 20" 0.0004 "-" 22 0
Dec 4 13:02:13 standalone object-server[126899]: 172.20.0.100 - - [04/Dec/2025:13:02:13 +0000] "GET /d1/830/AUTH_fba990d634184bd7b078beb19b6e3854/gnocchi.c893b5e8-7f79-406f-bcdf-18b8f19cded2/none_v3" 404 70 "GET http://172.18.0.2:8080/v1/AUTH_fba990d634184bd7b078beb19b6e3854/gnocchi.c893b5e8-7f79-406f-bcdf-18b8f19cded2/none_v3" "txcd29cfa582fe4963bfb21-0069318655" "proxy-server 20" 0.0004 "-" 22 0
Dec 4 13:02:13 standalone proxy-server[128645]: 172.18.0.2 172.18.0.100 04/Dec/2025/13/02/13 GET /v1/AUTH_fba990d634184bd7b078beb19b6e3854/gnocchi.c893b5e8-7f79-406f-bcdf-18b8f19cded2/none_v3 HTTP/1.0 404 - python-swiftclient-3.11.1 gAAAAABpMYWk_xEA... - 70 - txcd29cfa582fe4963bfb21-0069318655 - 0.0076 - - 1764853333.749912024 1764853333.757508278 0
Dec 4 13:02:13 standalone account-server[126745]: 172.20.0.100 - - [04/Dec/2025:13:02:13 +0000] "PUT /d1/899/AUTH_fba990d634184bd7b078beb19b6e3854/gnocchi.c893b5e8-7f79-406f-bcdf-18b8f19cded2" 201 - "PUT http://172.20.0.100:6001/d1/245/AUTH_fba990d634184bd7b078beb19b6e3854/gnocchi.c893b5e8-7f79-406f-bcdf-18b8f19cded2" "tx1a6b606e3dcd4e80b96bc-0069318655" "container-server 20" 0.0042 "-" 21 0
Dec 4 13:02:13 standalone container-server[126765]: 172.20.0.100 - - [04/Dec/2025:13:02:13 +0000] "PUT /d1/245/AUTH_fba990d634184bd7b078beb19b6e3854/gnocchi.c893b5e8-7f79-406f-bcdf-18b8f19cded2" 201 - "PUT http://172.18.0.2:8080/v1/AUTH_fba990d634184bd7b078beb19b6e3854/gnocchi.c893b5e8-7f79-406f-bcdf-18b8f19cded2" "tx1a6b606e3dcd4e80b96bc-0069318655" "proxy-server 20" 0.0136 "-" 20 0
Dec 4 13:02:13 standalone proxy-server[128645]: 172.18.0.2 172.18.0.100 04/Dec/2025/13/02/13 PUT /v1/AUTH_fba990d634184bd7b078beb19b6e3854/gnocchi.c893b5e8-7f79-406f-bcdf-18b8f19cded2 HTTP/1.0 201 - python-swiftclient-3.11.1 gAAAAABpMYWk_xEA... - - - tx1a6b606e3dcd4e80b96bc-0069318655 - 0.0180 - - 1764853333.760546446 1764853333.778559208 0
Dec 4 13:02:13 standalone container-server[126765]: 172.20.0.100 - - [04/Dec/2025:13:02:13 +0000] "HEAD /d1/245/AUTH_fba990d634184bd7b078beb19b6e3854/gnocchi.c893b5e8-7f79-406f-bcdf-18b8f19cded2" 204 - "HEAD http://172.18.0.2:8080/v1/AUTH_fba990d634184bd7b078beb19b6e3854/gnocchi.c893b5e8-7f79-406f-bcdf-18b8f19cded2?format=json&states=listing" "txed75e643d951490aaad52-0069318655" "proxy-server 20" 0.0009 "-" 20 0
Dec 4 13:02:13 standalone proxy-server[128645]: - - 04/Dec/2025/13/02/13 HEAD /v1/AUTH_fba990d634184bd7b078beb19b6e3854/gnocchi.c893b5e8-7f79-406f-bcdf-18b8f19cded2%3Fformat%3Djson%26states%3Dlisting HTTP/1.0 204 - Swift - - - - txed75e643d951490aaad52-0069318655 - 0.0032 RL - 1764853333.783466578 1764853333.786677837 0
Dec 4 13:02:13 standalone container-server[126778]: 172.20.0.100 - - [04/Dec/2025:13:02:13 +0000] "GET /d1/245/AUTH_fba990d634184bd7b078beb19b6e3854/gnocchi.c893b5e8-7f79-406f-bcdf-18b8f19cded2" 200 2 "GET http://172.18.0.2:8080/v1/AUTH_fba990d634184bd7b078beb19b6e3854/gnocchi.c893b5e8-7f79-406f-bcdf-18b8f19cded2?format=json&states=listing" "txed75e643d951490aaad52-0069318655" "proxy-server 20" 0.0028 "-" 22 0
Dec 4 13:02:13 standalone proxy-server[128645]: 172.18.0.2 172.18.0.100 04/Dec/2025/13/02/13 GET /v1/AUTH_fba990d634184bd7b078beb19b6e3854/gnocchi.c893b5e8-7f79-406f-bcdf-18b8f19cded2%3Fformat%3Djson%26states%3Dlisting HTTP/1.0 200 - python-swiftclient-3.11.1 gAAAAABpMYWk_xEA... - 2 - txed75e643d951490aaad52-0069318655 - 0.0113 - - 1764853333.782642126 1764853333.793916464 0
Dec 4 13:02:13 standalone object-server[126903]: 172.20.0.100 - - [04/Dec/2025:13:02:13 +0000] "GET /d1/185/AUTH_fba990d634184bd7b078beb19b6e3854/gnocchi.c893b5e8-7f79-406f-bcdf-18b8f19cded2/1764720000.0_mean_300.0_v3" 404 70 "GET http://172.18.0.2:8080/v1/AUTH_fba990d634184bd7b078beb19b6e3854/gnocchi.c893b5e8-7f79-406f-bcdf-18b8f19cded2/1764720000.0_mean_300.0_v3" "tx77d6c5bb8624463fa8be3-0069318655" "proxy-server 20" 0.0004 "-" 25 0
Dec 4 13:02:13 standalone proxy-server[128645]: 172.18.0.2 172.18.0.100 04/Dec/2025/13/02/13 GET /v1/AUTH_fba990d634184bd7b078beb19b6e3854/gnocchi.c893b5e8-7f79-406f-bcdf-18b8f19cded2/1764720000.0_mean_300.0_v3 HTTP/1.0 404 - python-swiftclient-3.11.1 gAAAAABpMYWk_xEA... - 70 - tx77d6c5bb8624463fa8be3-0069318655 - 0.0063 - - 1764853333.805390358 1764853333.811665773 0
Dec 4 13:02:13 standalone container-server[126778]: 172.20.0.100 - - [04/Dec/2025:13:02:13 +0000] "PUT /d1/245/AUTH_fba990d634184bd7b078beb19b6e3854/gnocchi.c893b5e8-7f79-406f-bcdf-18b8f19cded2/1764720000.0_mean_300.0_v3" 201 - "PUT http://172.18.0.2:8080/d1/185/AUTH_fba990d634184bd7b078beb19b6e3854/gnocchi.c893b5e8-7f79-406f-bcdf-18b8f19cded2/1764720000.0_mean_300.0_v3" "txa12d23174acf4ee6ba38f-0069318655" "object-server 25" 0.0009 "-" 22 0
Dec 4 13:02:13 standalone object-server[126903]: 172.20.0.100 - - [04/Dec/2025:13:02:13 +0000] "PUT /d1/185/AUTH_fba990d634184bd7b078beb19b6e3854/gnocchi.c893b5e8-7f79-406f-bcdf-18b8f19cded2/1764720000.0_mean_300.0_v3" 201 - "PUT http://172.18.0.2:8080/v1/AUTH_fba990d634184bd7b078beb19b6e3854/gnocchi.c893b5e8-7f79-406f-bcdf-18b8f19cded2/1764720000.0_mean_300.0_v3" "txa12d23174acf4ee6ba38f-0069318655" "proxy-server 20" 0.0103 "-" 25 0
Dec 4 13:02:13 standalone proxy-server[128645]: 172.18.0.2 172.18.0.100 04/Dec/2025/13/02/13 PUT /v1/AUTH_fba990d634184bd7b078beb19b6e3854/gnocchi.c893b5e8-7f79-406f-bcdf-18b8f19cded2/1764720000.0_mean_300.0_v3 HTTP/1.0 201 - python-swiftclient-3.11.1 gAAAAABpMYWk_xEA... 16 - - txa12d23174acf4ee6ba38f-0069318655 - 0.0140 - - 1764853333.815496683 1764853333.829540968 0
Dec 4 13:02:13 standalone container-server[126769]: 172.20.0.100 - - [04/Dec/2025:13:02:13 +0000] "PUT /d1/245/AUTH_fba990d634184bd7b078beb19b6e3854/gnocchi.c893b5e8-7f79-406f-bcdf-18b8f19cded2/none_v3" 201 - "PUT http://172.18.0.2:8080/d1/830/AUTH_fba990d634184bd7b078beb19b6e3854/gnocchi.c893b5e8-7f79-406f-bcdf-18b8f19cded2/none_v3" "tx0dfcbd4505f547ed84ce2-0069318655" "object-server 23" 0.0008 "-" 21 0
Dec 4 13:02:13 standalone object-server[126901]: 172.20.0.100 - - [04/Dec/2025:13:02:13 +0000] "PUT /d1/830/AUTH_fba990d634184bd7b078beb19b6e3854/gnocchi.c893b5e8-7f79-406f-bcdf-18b8f19cded2/none_v3" 201 - "PUT http://172.18.0.2:8080/v1/AUTH_fba990d634184bd7b078beb19b6e3854/gnocchi.c893b5e8-7f79-406f-bcdf-18b8f19cded2/none_v3" "tx0dfcbd4505f547ed84ce2-0069318655" "proxy-server 20" 0.0111 "-" 23 0
Dec 4 13:02:13 standalone proxy-server[128645]: 172.18.0.2 172.18.0.100 04/Dec/2025/13/02/13 PUT /v1/AUTH_fba990d634184bd7b078beb19b6e3854/gnocchi.c893b5e8-7f79-406f-bcdf-18b8f19cded2/none_v3 HTTP/1.0 201 - python-swiftclient-3.11.1 gAAAAABpMYWk_xEA... 22 - - tx0dfcbd4505f547ed84ce2-0069318655 - 0.0162 - - 1764853333.833075047 1764853333.849300385 0
Dec 4 13:02:13 standalone container-server[126778]: 172.20.0.100 - - [04/Dec/2025:13:02:13 +0000] "HEAD /d1/153/AUTH_fba990d634184bd7b078beb19b6e3854/gnocchi.98192d79-c17f-4333-99fa-a95730c8fb56" 404 - "HEAD http://172.18.0.2:8080/v1/AUTH_fba990d634184bd7b078beb19b6e3854/gnocchi.98192d79-c17f-4333-99fa-a95730c8fb56?format=json&states=listing" "tx298fec87be5c4dcb90b8f-0069318655" "proxy-server 20" 0.0004 "-" 22 0
Dec 4 13:02:13 standalone object-server[126903]: 172.20.0.100 - - [04/Dec/2025:13:02:13 +0000] "GET /d1/808/AUTH_fba990d634184bd7b078beb19b6e3854/gnocchi.98192d79-c17f-4333-99fa-a95730c8fb56/none_v3" 404 70 "GET http://172.18.0.2:8080/v1/AUTH_fba990d634184bd7b078beb19b6e3854/gnocchi.98192d79-c17f-4333-99fa-a95730c8fb56/none_v3" "tx298fec87be5c4dcb90b8f-0069318655" "proxy-server 20" 0.0004 "-" 25 0
Dec 4 13:02:13 standalone proxy-server[128645]: 172.18.0.2 172.18.0.100 04/Dec/2025/13/02/13 GET /v1/AUTH_fba990d634184bd7b078beb19b6e3854/gnocchi.98192d79-c17f-4333-99fa-a95730c8fb56/none_v3 HTTP/1.0 404 - python-swiftclient-3.11.1 gAAAAABpMYWk_xEA... - 70 - tx298fec87be5c4dcb90b8f-0069318655 - 0.0072 - - 1764853333.871678114 1764853333.878864288 0
Dec 4 13:02:13 standalone account-server[126752]: 172.20.0.100 - - [04/Dec/2025:13:02:13 +0000] "PUT /d1/899/AUTH_fba990d634184bd7b078beb19b6e3854/gnocchi.98192d79-c17f-4333-99fa-a95730c8fb56" 201 - "PUT http://172.20.0.100:6001/d1/153/AUTH_fba990d634184bd7b078beb19b6e3854/gnocchi.98192d79-c17f-4333-99fa-a95730c8fb56" "tx5b0ef8351cca4978badef-0069318655" "container-server 23" 0.0045 "-" 22 0
Dec 4 13:02:13 standalone container-server[126784]: 172.20.0.100 - - [04/Dec/2025:13:02:13 +0000] "PUT /d1/153/AUTH_fba990d634184bd7b078beb19b6e3854/gnocchi.98192d79-c17f-4333-99fa-a95730c8fb56" 201 - "PUT http://172.18.0.2:8080/v1/AUTH_fba990d634184bd7b078beb19b6e3854/gnocchi.98192d79-c17f-4333-99fa-a95730c8fb56" "tx5b0ef8351cca4978badef-0069318655" "proxy-server 20" 0.0176 "-" 23 0
Dec 4 13:02:13 standalone proxy-server[128645]: 172.18.0.2 172.18.0.100 04/Dec/2025/13/02/13 PUT /v1/AUTH_fba990d634184bd7b078beb19b6e3854/gnocchi.98192d79-c17f-4333-99fa-a95730c8fb56 HTTP/1.0 201 - python-swiftclient-3.11.1 gAAAAABpMYWk_xEA... - - - tx5b0ef8351cca4978badef-0069318655 - 0.0218 - - 1764853333.884105444 1764853333.905925274 0
Dec 4 13:02:13 standalone container-server[126778]: 172.20.0.100 - - [04/Dec/2025:13:02:13 +0000] "HEAD /d1/153/AUTH_fba990d634184bd7b078beb19b6e3854/gnocchi.98192d79-c17f-4333-99fa-a95730c8fb56" 204 - "HEAD http://172.18.0.2:8080/v1/AUTH_fba990d634184bd7b078beb19b6e3854/gnocchi.98192d79-c17f-4333-99fa-a95730c8fb56?format=json&states=listing" "txc5621597b2b94fb9bb667-0069318655" "proxy-server 20" 0.0022 "-" 22 0
Dec 4 13:02:13 standalone proxy-server[128645]: - - 04/Dec/2025/13/02/13 HEAD /v1/AUTH_fba990d634184bd7b078beb19b6e3854/gnocchi.98192d79-c17f-4333-99fa-a95730c8fb56%3Fformat%3Djson%26states%3Dlisting HTTP/1.0 204 - Swift - - - - txc5621597b2b94fb9bb667-0069318655 - 0.0053 RL - 1764853333.911778927 1764853333.917068958 0
Dec 4 13:02:13 standalone container-server[126769]: 172.20.0.100 - - [04/Dec/2025:13:02:13 +0000] "GET /d1/153/AUTH_fba990d634184bd7b078beb19b6e3854/gnocchi.98192d79-c17f-4333-99fa-a95730c8fb56" 200 2 "GET http://172.18.0.2:8080/v1/AUTH_fba990d634184bd7b078beb19b6e3854/gnocchi.98192d79-c17f-4333-99fa-a95730c8fb56?format=json&states=listing" "txc5621597b2b94fb9bb667-0069318655" "proxy-server 20" 0.0034 "-" 21 0
Dec 4 13:02:13 standalone proxy-server[128645]: 172.18.0.2 172.18.0.100 04/Dec/2025/13/02/13 GET /v1/AUTH_fba990d634184bd7b078beb19b6e3854/gnocchi.98192d79-c17f-4333-99fa-a95730c8fb56%3Fformat%3Djson%26states%3Dlisting HTTP/1.0 200 - python-swiftclient-3.11.1 gAAAAABpMYWk_xEA... - 2 - txc5621597b2b94fb9bb667-0069318655 - 0.0145 - - 1764853333.911058187 1764853333.925580740 0
Dec 4 13:02:13 standalone object-server[126899]: 172.20.0.100 - - [04/Dec/2025:13:02:13 +0000] "GET /d1/341/AUTH_fba990d634184bd7b078beb19b6e3854/gnocchi.98192d79-c17f-4333-99fa-a95730c8fb56/1764720000.0_mean_300.0_v3" 404 70 "GET http://172.18.0.2:8080/v1/AUTH_fba990d634184bd7b078beb19b6e3854/gnocchi.98192d79-c17f-4333-99fa-a95730c8fb56/1764720000.0_mean_300.0_v3" "tx3b49cfd2bea24796858a5-0069318655" "proxy-server 20" 0.0005 "-" 22 0
Dec 4 13:02:13 standalone proxy-server[128645]: 172.18.0.2 172.18.0.100 04/Dec/2025/13/02/13 GET /v1/AUTH_fba990d634184bd7b078beb19b6e3854/gnocchi.98192d79-c17f-4333-99fa-a95730c8fb56/1764720000.0_mean_300.0_v3 HTTP/1.0 404 - python-swiftclient-3.11.1 gAAAAABpMYWk_xEA... - 70 - tx3b49cfd2bea24796858a5-0069318655 - 0.0056 - - 1764853333.930201769 1764853333.935832024 0
Dec 4 13:02:13 standalone container-server[126778]: 172.20.0.100 - - [04/Dec/2025:13:02:13 +0000] "PUT /d1/153/AUTH_fba990d634184bd7b078beb19b6e3854/gnocchi.98192d79-c17f-4333-99fa-a95730c8fb56/1764720000.0_mean_300.0_v3" 201 - "PUT http://172.18.0.2:8080/d1/341/AUTH_fba990d634184bd7b078beb19b6e3854/gnocchi.98192d79-c17f-4333-99fa-a95730c8fb56/1764720000.0_mean_300.0_v3" "tx054cb56ca69a4036bcadc-0069318655" "object-server 22" 0.0010 "-" 22 0
Dec 4 13:02:13 standalone object-server[126899]: 172.20.0.100 - - [04/Dec/2025:13:02:13 +0000] "PUT /d1/341/AUTH_fba990d634184bd7b078beb19b6e3854/gnocchi.98192d79-c17f-4333-99fa-a95730c8fb56/1764720000.0_mean_300.0_v3" 201 - "PUT http://172.18.0.2:8080/v1/AUTH_fba990d634184bd7b078beb19b6e3854/gnocchi.98192d79-c17f-4333-99fa-a95730c8fb56/1764720000.0_mean_300.0_v3" "tx054cb56ca69a4036bcadc-0069318655" "proxy-server 20" 0.0116 "-" 22 0
Dec 4 13:02:13 standalone proxy-server[128645]: 172.18.0.2 172.18.0.100 04/Dec/2025/13/02/13 PUT /v1/AUTH_fba990d634184bd7b078beb19b6e3854/gnocchi.98192d79-c17f-4333-99fa-a95730c8fb56/1764720000.0_mean_300.0_v3 HTTP/1.0 201 - python-swiftclient-3.11.1 gAAAAABpMYWk_xEA... 16 - - tx054cb56ca69a4036bcadc-0069318655 - 0.0162 - - 1764853333.940073490 1764853333.956313848 0
Dec 4 13:02:13 standalone container-server[126784]: 172.20.0.100 - - [04/Dec/2025:13:02:13 +0000] "PUT /d1/153/AUTH_fba990d634184bd7b078beb19b6e3854/gnocchi.98192d79-c17f-4333-99fa-a95730c8fb56/none_v3" 201 - "PUT http://172.18.0.2:8080/d1/808/AUTH_fba990d634184bd7b078beb19b6e3854/gnocchi.98192d79-c17f-4333-99fa-a95730c8fb56/none_v3" "txa30c7462f7824392aabc1-0069318655" "object-server 22" 0.0011 "-" 23 0
Dec 4 13:02:13 standalone object-server[126899]: 172.20.0.100 - - [04/Dec/2025:13:02:13 +0000] "PUT /d1/808/AUTH_fba990d634184bd7b078beb19b6e3854/gnocchi.98192d79-c17f-4333-99fa-a95730c8fb56/none_v3" 201 - "PUT http://172.18.0.2:8080/v1/AUTH_fba990d634184bd7b078beb19b6e3854/gnocchi.98192d79-c17f-4333-99fa-a95730c8fb56/none_v3" "txa30c7462f7824392aabc1-0069318655" "proxy-server 20" 0.0142 "-" 22 0
Dec 4 13:02:13 standalone proxy-server[128645]: 172.18.0.2 172.18.0.100 04/Dec/2025/13/02/13 PUT /v1/AUTH_fba990d634184bd7b078beb19b6e3854/gnocchi.98192d79-c17f-4333-99fa-a95730c8fb56/none_v3 HTTP/1.0 201 - python-swiftclient-3.11.1 gAAAAABpMYWk_xEA... 22 - - txa30c7462f7824392aabc1-0069318655 - 0.0190 - - 1764853333.960190296 1764853333.979165554 0
Dec 4 13:02:14 standalone container-server[126769]: 172.20.0.100 - - [04/Dec/2025:13:02:14 +0000] "HEAD /d1/195/AUTH_fba990d634184bd7b078beb19b6e3854/gnocchi.2c9e5b97-5ca9-4a0c-97e7-c50b149064df" 404 - "HEAD http://172.18.0.2:8080/v1/AUTH_fba990d634184bd7b078beb19b6e3854/gnocchi.2c9e5b97-5ca9-4a0c-97e7-c50b149064df?format=json&states=listing" "tx4dbe7859e0db4a14a33c3-0069318656" "proxy-server 20" 0.0004 "-" 21 0
Dec 4 13:02:14 standalone object-server[126903]: 172.20.0.100 - - [04/Dec/2025:13:02:14 +0000] "GET /d1/136/AUTH_fba990d634184bd7b078beb19b6e3854/gnocchi.2c9e5b97-5ca9-4a0c-97e7-c50b149064df/none_v3" 404 70 "GET http://172.18.0.2:8080/v1/AUTH_fba990d634184bd7b078beb19b6e3854/gnocchi.2c9e5b97-5ca9-4a0c-97e7-c50b149064df/none_v3" "tx4dbe7859e0db4a14a33c3-0069318656" "proxy-server 20" 0.0004 "-" 25 0
Dec 4 13:02:14 standalone proxy-server[128645]: 172.18.0.2 172.18.0.100 04/Dec/2025/13/02/14 GET /v1/AUTH_fba990d634184bd7b078beb19b6e3854/gnocchi.2c9e5b97-5ca9-4a0c-97e7-c50b149064df/none_v3 HTTP/1.0 404 - python-swiftclient-3.11.1 gAAAAABpMYWk_xEA... - 70 - tx4dbe7859e0db4a14a33c3-0069318656 - 0.0102 - - 1764853334.035591125 1764853334.045796871 0
Dec 4 13:02:14 standalone account-server[126743]: 172.20.0.100 - - [04/Dec/2025:13:02:14 +0000] "PUT /d1/899/AUTH_fba990d634184bd7b078beb19b6e3854/gnocchi.2c9e5b97-5ca9-4a0c-97e7-c50b149064df" 201 - "PUT http://172.20.0.100:6001/d1/195/AUTH_fba990d634184bd7b078beb19b6e3854/gnocchi.2c9e5b97-5ca9-4a0c-97e7-c50b149064df" "tx43ebd1c068524efbb4094-0069318656" "container-server 22" 0.0054 "-" 20 0
Dec 4 13:02:14 standalone container-server[126778]: 172.20.0.100 - - [04/Dec/2025:13:02:14 +0000] "PUT /d1/195/AUTH_fba990d634184bd7b078beb19b6e3854/gnocchi.2c9e5b97-5ca9-4a0c-97e7-c50b149064df" 201 - "PUT http://172.18.0.2:8080/v1/AUTH_fba990d634184bd7b078beb19b6e3854/gnocchi.2c9e5b97-5ca9-4a0c-97e7-c50b149064df" "tx43ebd1c068524efbb4094-0069318656" "proxy-server 20" 0.0155 "-" 22 0
Dec 4 13:02:14 standalone proxy-server[128645]: 172.18.0.2 172.18.0.100 04/Dec/2025/13/02/14 PUT /v1/AUTH_fba990d634184bd7b078beb19b6e3854/gnocchi.2c9e5b97-5ca9-4a0c-97e7-c50b149064df HTTP/1.0 201 - python-swiftclient-3.11.1 gAAAAABpMYWk_xEA... - - - tx43ebd1c068524efbb4094-0069318656 - 0.0212 - - 1764853334.050265074 1764853334.071493864 0
Dec 4 13:02:14 standalone container-server[126778]: 172.20.0.100 - - [04/Dec/2025:13:02:14 +0000] "HEAD /d1/195/AUTH_fba990d634184bd7b078beb19b6e3854/gnocchi.2c9e5b97-5ca9-4a0c-97e7-c50b149064df" 204 - "HEAD http://172.18.0.2:8080/v1/AUTH_fba990d634184bd7b078beb19b6e3854/gnocchi.2c9e5b97-5ca9-4a0c-97e7-c50b149064df?format=json&states=listing" "tx43b9922ea684404cb6eaf-0069318656" "proxy-server 20" 0.0014 "-" 22 0
