Dec 4 13:02:12 standalone proxy-server[128645]: 172.18.0.2 172.18.0.100 04/Dec/2025/13/02/12 PUT /v1/AUTH_fba990d634184bd7b078beb19b6e3854/gnocchi.c142794a-9205-4d2d-b0e8-3a818e9a85b1 HTTP/1.0 201 - python-swiftclient-3.11.1 gAAAAABpMYWk_xEA... - - - tx14a1a20806af436b9f960-0069318654 - 0.0217 - - 1764853332.195545673 1764853332.217289209 0
Dec 4 13:02:12 standalone container-server[126784]: 172.20.0.100 - - [04/Dec/2025:13:02:12 +0000] "HEAD /d1/623/AUTH_fba990d634184bd7b078beb19b6e3854/gnocchi.c142794a-9205-4d2d-b0e8-3a818e9a85b1" 204 - "HEAD http://172.18.0.2:8080/v1/AUTH_fba990d634184bd7b078beb19b6e3854/gnocchi.c142794a-9205-4d2d-b0e8-3a818e9a85b1?format=json&states=listing" "txfca5d34d8be6400cafb71-0069318654" "proxy-server 20" 0.0025 "-" 23 0
Dec 4 13:02:12 standalone proxy-server[128645]: - - 04/Dec/2025/13/02/12 HEAD /v1/AUTH_fba990d634184bd7b078beb19b6e3854/gnocchi.c142794a-9205-4d2d-b0e8-3a818e9a85b1%3Fformat%3Djson%26states%3Dlisting HTTP/1.0 204 - Swift - - - - txfca5d34d8be6400cafb71-0069318654 - 0.0062 RL - 1764853332.221298695 1764853332.227540731 0
Dec 4 13:02:12 standalone container-server[126784]: 172.20.0.100 - - [04/Dec/2025:13:02:12 +0000] "GET /d1/623/AUTH_fba990d634184bd7b078beb19b6e3854/gnocchi.c142794a-9205-4d2d-b0e8-3a818e9a85b1" 200 2 "GET http://172.18.0.2:8080/v1/AUTH_fba990d634184bd7b078beb19b6e3854/gnocchi.c142794a-9205-4d2d-b0e8-3a818e9a85b1?format=json&states=listing" "txfca5d34d8be6400cafb71-0069318654" "proxy-server 20" 0.0032 "-" 23 0
Dec 4 13:02:12 standalone proxy-server[128645]: 172.18.0.2 172.18.0.100 04/Dec/2025/13/02/12 GET /v1/AUTH_fba990d634184bd7b078beb19b6e3854/gnocchi.c142794a-9205-4d2d-b0e8-3a818e9a85b1%3Fformat%3Djson%26states%3Dlisting HTTP/1.0 200 - python-swiftclient-3.11.1 gAAAAABpMYWk_xEA... - 2 - txfca5d34d8be6400cafb71-0069318654 - 0.0169 - - 1764853332.220585108 1764853332.237532854 0
Dec 4 13:02:12 standalone object-server[126903]: 172.20.0.100 - - [04/Dec/2025:13:02:12 +0000] "GET /d1/584/AUTH_fba990d634184bd7b078beb19b6e3854/gnocchi.c142794a-9205-4d2d-b0e8-3a818e9a85b1/1764720000.0_mean_300.0_v3" 404 70 "GET http://172.18.0.2:8080/v1/AUTH_fba990d634184bd7b078beb19b6e3854/gnocchi.c142794a-9205-4d2d-b0e8-3a818e9a85b1/1764720000.0_mean_300.0_v3" "tx332f651d9d824d288a83d-0069318654" "proxy-server 20" 0.0005 "-" 25 0
Dec 4 13:02:12 standalone proxy-server[128645]: 172.18.0.2 172.18.0.100 04/Dec/2025/13/02/12 GET /v1/AUTH_fba990d634184bd7b078beb19b6e3854/gnocchi.c142794a-9205-4d2d-b0e8-3a818e9a85b1/1764720000.0_mean_300.0_v3 HTTP/1.0 404 - python-swiftclient-3.11.1 gAAAAABpMYWk_xEA... - 70 - tx332f651d9d824d288a83d-0069318654 - 0.0088 - - 1764853332.240643978 1764853332.249467850 0
Dec 4 13:02:12 standalone container-server[126778]: 172.20.0.100 - - [04/Dec/2025:13:02:12 +0000] "PUT /d1/623/AUTH_fba990d634184bd7b078beb19b6e3854/gnocchi.c142794a-9205-4d2d-b0e8-3a818e9a85b1/1764720000.0_mean_300.0_v3" 201 - "PUT http://172.18.0.2:8080/d1/584/AUTH_fba990d634184bd7b078beb19b6e3854/gnocchi.c142794a-9205-4d2d-b0e8-3a818e9a85b1/1764720000.0_mean_300.0_v3" "tx1e7eeff4f4f34467a57f3-0069318654" "object-server 21" 0.0009 "-" 22 0
Dec 4 13:02:12 standalone object-server[126896]: 172.20.0.100 - - [04/Dec/2025:13:02:12 +0000] "PUT /d1/584/AUTH_fba990d634184bd7b078beb19b6e3854/gnocchi.c142794a-9205-4d2d-b0e8-3a818e9a85b1/1764720000.0_mean_300.0_v3" 201 - "PUT http://172.18.0.2:8080/v1/AUTH_fba990d634184bd7b078beb19b6e3854/gnocchi.c142794a-9205-4d2d-b0e8-3a818e9a85b1/1764720000.0_mean_300.0_v3" "tx1e7eeff4f4f34467a57f3-0069318654" "proxy-server 20" 0.0127 "-" 21 0
Dec 4 13:02:12 standalone proxy-server[128645]: 172.18.0.2 172.18.0.100 04/Dec/2025/13/02/12 PUT /v1/AUTH_fba990d634184bd7b078beb19b6e3854/gnocchi.c142794a-9205-4d2d-b0e8-3a818e9a85b1/1764720000.0_mean_300.0_v3 HTTP/1.0 201 - python-swiftclient-3.11.1 gAAAAABpMYWk_xEA... 16 - - tx1e7eeff4f4f34467a57f3-0069318654 - 0.0208 - - 1764853332.254355669 1764853332.275134563 0
Dec 4 13:02:12 standalone container-server[126778]: 172.20.0.100 - - [04/Dec/2025:13:02:12 +0000] "PUT /d1/623/AUTH_fba990d634184bd7b078beb19b6e3854/gnocchi.c142794a-9205-4d2d-b0e8-3a818e9a85b1/none_v3" 201 - "PUT http://172.18.0.2:8080/d1/890/AUTH_fba990d634184bd7b078beb19b6e3854/gnocchi.c142794a-9205-4d2d-b0e8-3a818e9a85b1/none_v3" "txfc7defe6b9814836a687e-0069318654" "object-server 22" 0.0009 "-" 22 0
Dec 4 13:02:12 standalone object-server[126899]: 172.20.0.100 - - [04/Dec/2025:13:02:12 +0000] "PUT /d1/890/AUTH_fba990d634184bd7b078beb19b6e3854/gnocchi.c142794a-9205-4d2d-b0e8-3a818e9a85b1/none_v3" 201 - "PUT http://172.18.0.2:8080/v1/AUTH_fba990d634184bd7b078beb19b6e3854/gnocchi.c142794a-9205-4d2d-b0e8-3a818e9a85b1/none_v3" "txfc7defe6b9814836a687e-0069318654" "proxy-server 20" 0.0128 "-" 22 0
Dec 4 13:02:12 standalone proxy-server[128645]: 172.18.0.2 172.18.0.100 04/Dec/2025/13/02/12 PUT /v1/AUTH_fba990d634184bd7b078beb19b6e3854/gnocchi.c142794a-9205-4d2d-b0e8-3a818e9a85b1/none_v3 HTTP/1.0 201 - python-swiftclient-3.11.1 gAAAAABpMYWk_xEA... 22 - - txfc7defe6b9814836a687e-0069318654 - 0.0215 - - 1764853332.279599667 1764853332.301061392 0
Dec 4 13:02:12 standalone container-server[126765]: 172.20.0.100 - - [04/Dec/2025:13:02:12 +0000] "HEAD /d1/355/AUTH_fba990d634184bd7b078beb19b6e3854/gnocchi.e2d64c0f-125f-499a-b15e-545cd28979b9" 404 - "HEAD http://172.18.0.2:8080/v1/AUTH_fba990d634184bd7b078beb19b6e3854/gnocchi.e2d64c0f-125f-499a-b15e-545cd28979b9?format=json&states=listing" "txd62e415ea4064200bad8d-0069318654" "proxy-server 20" 0.0006 "-" 20 0
Dec 4 13:02:12 standalone object-server[126903]: 172.20.0.100 - - [04/Dec/2025:13:02:12 +0000] "GET /d1/431/AUTH_fba990d634184bd7b078beb19b6e3854/gnocchi.e2d64c0f-125f-499a-b15e-545cd28979b9/none_v3" 404 70 "GET http://172.18.0.2:8080/v1/AUTH_fba990d634184bd7b078beb19b6e3854/gnocchi.e2d64c0f-125f-499a-b15e-545cd28979b9/none_v3" "txd62e415ea4064200bad8d-0069318654" "proxy-server 20" 0.0005 "-" 25 0
Dec 4 13:02:12 standalone proxy-server[128645]: 172.18.0.2 172.18.0.100 04/Dec/2025/13/02/12 GET /v1/AUTH_fba990d634184bd7b078beb19b6e3854/gnocchi.e2d64c0f-125f-499a-b15e-545cd28979b9/none_v3 HTTP/1.0 404 - python-swiftclient-3.11.1 gAAAAABpMYWk_xEA... - 70 - txd62e415ea4064200bad8d-0069318654 - 0.0182 - - 1764853332.324634075 1764853332.342807055 0
Dec 4 13:02:12 standalone account-server[126752]: 172.20.0.100 - - [04/Dec/2025:13:02:12 +0000] "PUT /d1/899/AUTH_fba990d634184bd7b078beb19b6e3854/gnocchi.e2d64c0f-125f-499a-b15e-545cd28979b9" 201 - "PUT http://172.20.0.100:6001/d1/355/AUTH_fba990d634184bd7b078beb19b6e3854/gnocchi.e2d64c0f-125f-499a-b15e-545cd28979b9" "tx11fbd60528f9415db9680-0069318654" "container-server 21" 0.0062 "-" 22 0
Dec 4 13:02:12 standalone container-server[126769]: 172.20.0.100 - - [04/Dec/2025:13:02:12 +0000] "PUT /d1/355/AUTH_fba990d634184bd7b078beb19b6e3854/gnocchi.e2d64c0f-125f-499a-b15e-545cd28979b9" 201 - "PUT http://172.18.0.2:8080/v1/AUTH_fba990d634184bd7b078beb19b6e3854/gnocchi.e2d64c0f-125f-499a-b15e-545cd28979b9" "tx11fbd60528f9415db9680-0069318654" "proxy-server 20" 0.0233 "-" 21 0
Dec 4 13:02:12 standalone proxy-server[128645]: 172.18.0.2 172.18.0.100 04/Dec/2025/13/02/12 PUT /v1/AUTH_fba990d634184bd7b078beb19b6e3854/gnocchi.e2d64c0f-125f-499a-b15e-545cd28979b9 HTTP/1.0 201 - python-swiftclient-3.11.1 gAAAAABpMYWk_xEA... - - - tx11fbd60528f9415db9680-0069318654 - 0.0303 - - 1764853332.347118378 1764853332.377450705 0
Dec 4 13:02:12 standalone container-server[126778]: 172.20.0.100 - - [04/Dec/2025:13:02:12 +0000] "HEAD /d1/355/AUTH_fba990d634184bd7b078beb19b6e3854/gnocchi.e2d64c0f-125f-499a-b15e-545cd28979b9" 204 - "HEAD http://172.18.0.2:8080/v1/AUTH_fba990d634184bd7b078beb19b6e3854/gnocchi.e2d64c0f-125f-499a-b15e-545cd28979b9?format=json&states=listing" "tx31ae65f9d0a14c20901e0-0069318654" "proxy-server 20" 0.0027 "-" 22 0
Dec 4 13:02:12 standalone proxy-server[128645]: - - 04/Dec/2025/13/02/12 HEAD /v1/AUTH_fba990d634184bd7b078beb19b6e3854/gnocchi.e2d64c0f-125f-499a-b15e-545cd28979b9%3Fformat%3Djson%26states%3Dlisting HTTP/1.0 204 - Swift - - - - tx31ae65f9d0a14c20901e0-0069318654 - 0.0076 RL - 1764853332.384804964 1764853332.392452955 0
Dec 4 13:02:12 standalone container-server[126769]: 172.20.0.100 - - [04/Dec/2025:13:02:12 +0000] "GET /d1/355/AUTH_fba990d634184bd7b078beb19b6e3854/gnocchi.e2d64c0f-125f-499a-b15e-545cd28979b9" 200 2 "GET http://172.18.0.2:8080/v1/AUTH_fba990d634184bd7b078beb19b6e3854/gnocchi.e2d64c0f-125f-499a-b15e-545cd28979b9?format=json&states=listing" "tx31ae65f9d0a14c20901e0-0069318654" "proxy-server 20" 0.0037 "-" 21 0
Dec 4 13:02:12 standalone proxy-server[128645]: 172.18.0.2 172.18.0.100 04/Dec/2025/13/02/12 GET /v1/AUTH_fba990d634184bd7b078beb19b6e3854/gnocchi.e2d64c0f-125f-499a-b15e-545cd28979b9%3Fformat%3Djson%26states%3Dlisting HTTP/1.0 200 - python-swiftclient-3.11.1 gAAAAABpMYWk_xEA... - 2 - tx31ae65f9d0a14c20901e0-0069318654 - 0.0190 - - 1764853332.383198738 1764853332.402229309 0
Dec 4 13:02:12 standalone object-server[126903]: 172.20.0.100 - - [04/Dec/2025:13:02:12 +0000] "GET /d1/440/AUTH_fba990d634184bd7b078beb19b6e3854/gnocchi.e2d64c0f-125f-499a-b15e-545cd28979b9/1764720000.0_mean_300.0_v3" 404 70 "GET http://172.18.0.2:8080/v1/AUTH_fba990d634184bd7b078beb19b6e3854/gnocchi.e2d64c0f-125f-499a-b15e-545cd28979b9/1764720000.0_mean_300.0_v3" "tx98921a0fa82d4b5693214-0069318654" "proxy-server 20" 0.0004 "-" 25 0
Dec 4 13:02:12 standalone proxy-server[128645]: 172.18.0.2 172.18.0.100 04/Dec/2025/13/02/12 GET /v1/AUTH_fba990d634184bd7b078beb19b6e3854/gnocchi.e2d64c0f-125f-499a-b15e-545cd28979b9/1764720000.0_mean_300.0_v3 HTTP/1.0 404 - python-swiftclient-3.11.1 gAAAAABpMYWk_xEA... - 70 - tx98921a0fa82d4b5693214-0069318654 - 0.0049 - - 1764853332.406574965 1764853332.411444664 0
Dec 4 13:02:12 standalone container-server[126765]: 172.20.0.100 - - [04/Dec/2025:13:02:12 +0000] "PUT /d1/355/AUTH_fba990d634184bd7b078beb19b6e3854/gnocchi.e2d64c0f-125f-499a-b15e-545cd28979b9/1764720000.0_mean_300.0_v3" 201 - "PUT http://172.18.0.2:8080/d1/440/AUTH_fba990d634184bd7b078beb19b6e3854/gnocchi.e2d64c0f-125f-499a-b15e-545cd28979b9/1764720000.0_mean_300.0_v3" "tx9561a015a0c4470a9fb8f-0069318654" "object-server 22" 0.0009 "-" 20 0
Dec 4 13:02:12 standalone object-server[126899]: 172.20.0.100 - - [04/Dec/2025:13:02:12 +0000] "PUT /d1/440/AUTH_fba990d634184bd7b078beb19b6e3854/gnocchi.e2d64c0f-125f-499a-b15e-545cd28979b9/1764720000.0_mean_300.0_v3" 201 - "PUT http://172.18.0.2:8080/v1/AUTH_fba990d634184bd7b078beb19b6e3854/gnocchi.e2d64c0f-125f-499a-b15e-545cd28979b9/1764720000.0_mean_300.0_v3" "tx9561a015a0c4470a9fb8f-0069318654" "proxy-server 20" 0.0126 "-" 22 0
Dec 4 13:02:12 standalone proxy-server[128645]: 172.18.0.2 172.18.0.100 04/Dec/2025/13/02/12 PUT /v1/AUTH_fba990d634184bd7b078beb19b6e3854/gnocchi.e2d64c0f-125f-499a-b15e-545cd28979b9/1764720000.0_mean_300.0_v3 HTTP/1.0 201 - python-swiftclient-3.11.1 gAAAAABpMYWk_xEA... 16 - - tx9561a015a0c4470a9fb8f-0069318654 - 0.0174 - - 1764853332.414603949 1764853332.432003021 0
Dec 4 13:02:12 standalone container-server[126784]: 172.20.0.100 - - [04/Dec/2025:13:02:12 +0000] "PUT /d1/355/AUTH_fba990d634184bd7b078beb19b6e3854/gnocchi.e2d64c0f-125f-499a-b15e-545cd28979b9/none_v3" 201 - "PUT http://172.18.0.2:8080/d1/431/AUTH_fba990d634184bd7b078beb19b6e3854/gnocchi.e2d64c0f-125f-499a-b15e-545cd28979b9/none_v3" "tx42716d37b8674ed5a8f2e-0069318654" "object-server 22" 0.0010 "-" 23 0
Dec 4 13:02:12 standalone object-server[126899]: 172.20.0.100 - - [04/Dec/2025:13:02:12 +0000] "PUT /d1/431/AUTH_fba990d634184bd7b078beb19b6e3854/gnocchi.e2d64c0f-125f-499a-b15e-545cd28979b9/none_v3" 201 - "PUT http://172.18.0.2:8080/v1/AUTH_fba990d634184bd7b078beb19b6e3854/gnocchi.e2d64c0f-125f-499a-b15e-545cd28979b9/none_v3" "tx42716d37b8674ed5a8f2e-0069318654" "proxy-server 20" 0.0115 "-" 22 0
Dec 4 13:02:12 standalone proxy-server[128645]: 172.18.0.2 172.18.0.100 04/Dec/2025/13/02/12 PUT /v1/AUTH_fba990d634184bd7b078beb19b6e3854/gnocchi.e2d64c0f-125f-499a-b15e-545cd28979b9/none_v3 HTTP/1.0 201 - python-swiftclient-3.11.1 gAAAAABpMYWk_xEA... 22 - - tx42716d37b8674ed5a8f2e-0069318654 - 0.0162 - - 1764853332.435118437 1764853332.451329708 0
Dec 4 13:02:12 standalone container-server[126765]: 172.20.0.100 - - [04/Dec/2025:13:02:12 +0000] "HEAD /d1/59/AUTH_fba990d634184bd7b078beb19b6e3854/gnocchi.2ee1438e-32df-48fa-97e8-fe48ea45d8bd" 404 - "HEAD http://172.18.0.2:8080/v1/AUTH_fba990d634184bd7b078beb19b6e3854/gnocchi.2ee1438e-32df-48fa-97e8-fe48ea45d8bd?format=json&states=listing" "tx386aa98c8f21404eb39c3-0069318654" "proxy-server 20" 0.0006 "-" 20 0
Dec 4 13:02:12 standalone object-server[126903]: 172.20.0.100 - - [04/Dec/2025:13:02:12 +0000] "GET /d1/466/AUTH_fba990d634184bd7b078beb19b6e3854/gnocchi.2ee1438e-32df-48fa-97e8-fe48ea45d8bd/none_v3" 404 70 "GET http://172.18.0.2:8080/v1/AUTH_fba990d634184bd7b078beb19b6e3854/gnocchi.2ee1438e-32df-48fa-97e8-fe48ea45d8bd/none_v3" "tx386aa98c8f21404eb39c3-0069318654" "proxy-server 20" 0.0006 "-" 25 0
Dec 4 13:02:12 standalone proxy-server[128645]: 172.18.0.2 172.18.0.100 04/Dec/2025/13/02/12 GET /v1/AUTH_fba990d634184bd7b078beb19b6e3854/gnocchi.2ee1438e-32df-48fa-97e8-fe48ea45d8bd/none_v3 HTTP/1.0 404 - python-swiftclient-3.11.1 gAAAAABpMYWk_xEA... - 70 - tx386aa98c8f21404eb39c3-0069318654 - 0.0159 - - 1764853332.469368458 1764853332.485278368 0
Dec 4 13:02:12 standalone account-server[126743]: 172.20.0.100 - - [04/Dec/2025:13:02:12 +0000] "PUT /d1/899/AUTH_fba990d634184bd7b078beb19b6e3854/gnocchi.2ee1438e-32df-48fa-97e8-fe48ea45d8bd" 201 - "PUT http://172.20.0.100:6001/d1/59/AUTH_fba990d634184bd7b078beb19b6e3854/gnocchi.2ee1438e-32df-48fa-97e8-fe48ea45d8bd" "txd071652948e24bdda14d3-0069318654" "container-server 21" 0.0072 "-" 20 0
Dec 4 13:02:12 standalone container-server[126769]: 172.20.0.100 - - [04/Dec/2025:13:02:12 +0000] "PUT /d1/59/AUTH_fba990d634184bd7b078beb19b6e3854/gnocchi.2ee1438e-32df-48fa-97e8-fe48ea45d8bd" 201 - "PUT http://172.18.0.2:8080/v1/AUTH_fba990d634184bd7b078beb19b6e3854/gnocchi.2ee1438e-32df-48fa-97e8-fe48ea45d8bd" "txd071652948e24bdda14d3-0069318654" "proxy-server 20" 0.0208 "-" 21 0
Dec 4 13:02:12 standalone proxy-server[128645]: 172.18.0.2 172.18.0.100 04/Dec/2025/13/02/12 PUT /v1/AUTH_fba990d634184bd7b078beb19b6e3854/gnocchi.2ee1438e-32df-48fa-97e8-fe48ea45d8bd HTTP/1.0 201 - python-swiftclient-3.11.1 gAAAAABpMYWk_xEA... - - - txd071652948e24bdda14d3-0069318654 - 0.0292 - - 1764853332.489539146 1764853332.518787384 0
Dec 4 13:02:12 standalone container-server[126765]: 172.20.0.100 - - [04/Dec/2025:13:02:12 +0000] "HEAD /d1/59/AUTH_fba990d634184bd7b078beb19b6e3854/gnocchi.2ee1438e-32df-48fa-97e8-fe48ea45d8bd" 204 - "HEAD http://172.18.0.2:8080/v1/AUTH_fba990d634184bd7b078beb19b6e3854/gnocchi.2ee1438e-32df-48fa-97e8-fe48ea45d8bd?format=json&states=listing" "tx31359e1b7ff9464db9bd6-0069318654" "proxy-server 20" 0.0025 "-" 20 0
Dec 4 13:02:12 standalone proxy-server[128645]: - - 04/Dec/2025/13/02/12 HEAD /v1/AUTH_fba990d634184bd7b078beb19b6e3854/gnocchi.2ee1438e-32df-48fa-97e8-fe48ea45d8bd%3Fformat%3Djson%26states%3Dlisting HTTP/1.0 204 - Swift - - - - tx31359e1b7ff9464db9bd6-0069318654 - 0.0081 RL - 1764853332.526938677 1764853332.535015106 0
Dec 4 13:02:12 standalone container-server[126765]: 172.20.0.100 - - [04/Dec/2025:13:02:12 +0000] "GET /d1/59/AUTH_fba990d634184bd7b078beb19b6e3854/gnocchi.2ee1438e-32df-48fa-97e8-fe48ea45d8bd" 200 2 "GET http://172.18.0.2:8080/v1/AUTH_fba990d634184bd7b078beb19b6e3854/gnocchi.2ee1438e-32df-48fa-97e8-fe48ea45d8bd?format=json&states=listing" "tx31359e1b7ff9464db9bd6-0069318654" "proxy-server 20" 0.0037 "-" 20 0
Dec 4 13:02:12 standalone proxy-server[128645]: 172.18.0.2 172.18.0.100 04/Dec/2025/13/02/12 GET /v1/AUTH_fba990d634184bd7b078beb19b6e3854/gnocchi.2ee1438e-32df-48fa-97e8-fe48ea45d8bd%3Fformat%3Djson%26states%3Dlisting HTTP/1.0 200 - python-swiftclient-3.11.1 gAAAAABpMYWk_xEA... - 2 - tx31359e1b7ff9464db9bd6-0069318654 - 0.0254 - - 1764853332.524622440 1764853332.549975872 0
Dec 4 13:02:12 standalone object-server[126903]: 172.20.0.100 - - [04/Dec/2025:13:02:12 +0000] "GET /d1/781/AUTH_fba990d634184bd7b078beb19b6e3854/gnocchi.2ee1438e-32df-48fa-97e8-fe48ea45d8bd/1764720000.0_mean_300.0_v3" 404 70 "GET http://172.18.0.2:8080/v1/AUTH_fba990d634184bd7b078beb19b6e3854/gnocchi.2ee1438e-32df-48fa-97e8-fe48ea45d8bd/1764720000.0_mean_300.0_v3" "txa2b533c840354ccd8b3a8-0069318654" "proxy-server 20" 0.0005 "-" 25 0
Dec 4 13:02:12 standalone proxy-server[128645]: 172.18.0.2 172.18.0.100 04/Dec/2025/13/02/12 GET /v1/AUTH_fba990d634184bd7b078beb19b6e3854/gnocchi.2ee1438e-32df-48fa-97e8-fe48ea45d8bd/1764720000.0_mean_300.0_v3 HTTP/1.0 404 - python-swiftclient-3.11.1 gAAAAABpMYWk_xEA... - 70 - txa2b533c840354ccd8b3a8-0069318654 - 0.0090 - - 1764853332.557185650 1764853332.566141367 0
Dec 4 13:02:12 standalone container-server[126769]: 172.20.0.100 - - [04/Dec/2025:13:02:12 +0000] "PUT /d1/59/AUTH_fba990d634184bd7b078beb19b6e3854/gnocchi.2ee1438e-32df-48fa-97e8-fe48ea45d8bd/1764720000.0_mean_300.0_v3" 201 - "PUT http://172.18.0.2:8080/d1/781/AUTH_fba990d634184bd7b078beb19b6e3854/gnocchi.2ee1438e-32df-48fa-97e8-fe48ea45d8bd/1764720000.0_mean_300.0_v3" "tx3fb64ea1943042669b7d6-0069318654" "object-server 22" 0.0015 "-" 21 0
Dec 4 13:02:12 standalone object-server[126899]: 172.20.0.100 - - [04/Dec/2025:13:02:12 +0000] "PUT /d1/781/AUTH_fba990d634184bd7b078beb19b6e3854/gnocchi.2ee1438e-32df-48fa-97e8-fe48ea45d8bd/1764720000.0_mean_300.0_v3" 201 - "PUT http://172.18.0.2:8080/v1/AUTH_fba990d634184bd7b078beb19b6e3854/gnocchi.2ee1438e-32df-48fa-97e8-fe48ea45d8bd/1764720000.0_mean_300.0_v3" "tx3fb64ea1943042669b7d6-0069318654" "proxy-server 20" 0.0135 "-" 22 0
Dec 4 13:02:12 standalone proxy-server[128645]: 172.18.0.2 172.18.0.100 04/Dec/2025/13/02/12 PUT /v1/AUTH_fba990d634184bd7b078beb19b6e3854/gnocchi.2ee1438e-32df-48fa-97e8-fe48ea45d8bd/1764720000.0_mean_300.0_v3 HTTP/1.0 201 - python-swiftclient-3.11.1 gAAAAABpMYWk_xEA... 16 - - tx3fb64ea1943042669b7d6-0069318654 - 0.0220 - - 1764853332.569855928 1764853332.591892481 0
Dec 4 13:02:12 standalone container-server[126765]: 172.20.0.100 - - [04/Dec/2025:13:02:12 +0000] "PUT /d1/59/AUTH_fba990d634184bd7b078beb19b6e3854/gnocchi.2ee1438e-32df-48fa-97e8-fe48ea45d8bd/none_v3" 201 - "PUT http://172.18.0.2:8080/d1/466/AUTH_fba990d634184bd7b078beb19b6e3854/gnocchi.2ee1438e-32df-48fa-97e8-fe48ea45d8bd/none_v3" "tx33b4d5be3fed41fb8104f-0069318654" "object-server 21" 0.0008 "-" 20 0
Dec 4 13:02:12 standalone object-server[126896]: 172.20.0.100 - - [04/Dec/2025:13:02:12 +0000] "PUT /d1/466/AUTH_fba990d634184bd7b078beb19b6e3854/gnocchi.2ee1438e-32df-48fa-97e8-fe48ea45d8bd/none_v3" 201 - "PUT http://172.18.0.2:8080/v1/AUTH_fba990d634184bd7b078beb19b6e3854/gnocchi.2ee1438e-32df-48fa-97e8-fe48ea45d8bd/none_v3" "tx33b4d5be3fed41fb8104f-0069318654" "proxy-server 20" 0.0116 "-" 21 0
Dec 4 13:02:12 standalone proxy-server[128645]: 172.18.0.2 172.18.0.100 04/Dec/2025/13/02/12 PUT /v1/AUTH_fba990d634184bd7b078beb19b6e3854/gnocchi.2ee1438e-32df-48fa-97e8-fe48ea45d8bd/none_v3 HTTP/1.0 201 - python-swiftclient-3.11.1 gAAAAABpMYWk_xEA... 22 - - tx33b4d5be3fed41fb8104f-0069318654 - 0.0216 - - 1764853332.596401691 1764853332.618018150 0
Dec 4 13:02:12 standalone container-server[126778]: 172.20.0.100 - - [04/Dec/2025:13:02:12 +0000] "HEAD /d1/405/AUTH_fba990d634184bd7b078beb19b6e3854/gnocchi.be95977a-2658-4a7d-91cc-4e7a42148cbe" 404 - "HEAD http://172.18.0.2:8080/v1/AUTH_fba990d634184bd7b078beb19b6e3854/gnocchi.be95977a-2658-4a7d-91cc-4e7a42148cbe?format=json&states=listing" "tx93074cc25e4e492bbfcf6-0069318654" "proxy-server 20" 0.0006 "-" 22 0
Dec 4 13:02:12 standalone object-server[126899]: 172.20.0.100 - - [04/Dec/2025:13:02:12 +0000] "GET /d1/157/AUTH_fba990d634184bd7b078beb19b6e3854/gnocchi.be95977a-2658-4a7d-91cc-4e7a42148cbe/none_v3" 404 70 "GET http://172.18.0.2:8080/v1/AUTH_fba990d634184bd7b078beb19b6e3854/gnocchi.be95977a-2658-4a7d-91cc-4e7a42148cbe/none_v3" "tx93074cc25e4e492bbfcf6-0069318654" "proxy-server 20" 0.0007 "-" 22 0
Dec 4 13:02:12 standalone proxy-server[128645]: 172.18.0.2 172.18.0.100 04/Dec/2025/13/02/12 GET /v1/AUTH_fba990d634184bd7b078beb19b6e3854/gnocchi.be95977a-2658-4a7d-91cc-4e7a42148cbe/none_v3 HTTP/1.0 404 - python-swiftclient-3.11.1 gAAAAABpMYWk_xEA... - 70 - tx93074cc25e4e492bbfcf6-0069318654 - 0.0155 - - 1764853332.634879827 1764853332.650363684 0
Dec 4 13:02:12 standalone account-server[126743]: 172.20.0.100 - - [04/Dec/2025:13:02:12 +0000] "PUT /d1/899/AUTH_fba990d634184bd7b078beb19b6e3854/gnocchi.be95977a-2658-4a7d-91cc-4e7a42148cbe" 201 - "PUT http://172.20.0.100:6001/d1/405/AUTH_fba990d634184bd7b078beb19b6e3854/gnocchi.be95977a-2658-4a7d-91cc-4e7a42148cbe" "tx80e5163954b5451eb4d92-0069318654" "container-server 22" 0.0061 "-" 20 0
Dec 4 13:02:12 standalone container-server[126778]: 172.20.0.100 - - [04/Dec/2025:13:02:12 +0000] "PUT /d1/405/AUTH_fba990d634184bd7b078beb19b6e3854/gnocchi.be95977a-2658-4a7d-91cc-4e7a42148cbe" 201 - "PUT http://172.18.0.2:8080/v1/AUTH_fba990d634184bd7b078beb19b6e3854/gnocchi.be95977a-2658-4a7d-91cc-4e7a42148cbe" "tx80e5163954b5451eb4d92-0069318654" "proxy-server 20" 0.0204 "-" 22 0
Dec 4 13:02:12 standalone proxy-server[128645]: 172.18.0.2 172.18.0.100 04/Dec/2025/13/02/12 PUT /v1/AUTH_fba990d634184bd7b078beb19b6e3854/gnocchi.be95977a-2658-4a7d-91cc-4e7a42148cbe HTTP/1.0 201 - python-swiftclient-3.11.1 gAAAAABpMYWk_xEA... - - - tx80e5163954b5451eb4d92-0069318654 - 0.0287 - - 1764853332.658741236 1764853332.687447071 0
Dec 4 13:02:12 standalone container-server[126784]: 172.20.0.100 - - [04/Dec/2025:13:02:12 +0000] "HEAD /d1/405/AUTH_fba990d634184bd7b078beb19b6e3854/gnocchi.be95977a-2658-4a7d-91cc-4e7a42148cbe" 204 - "HEAD http://172.18.0.2:8080/v1/AUTH_fba990d634184bd7b078beb19b6e3854/gnocchi.be95977a-2658-4a7d-91cc-4e7a42148cbe?format=json&states=listing" "txedfcb16fccd74b1db835b-0069318654" "proxy-server 20" 0.0030 "-" 23 0
Dec 4 13:02:12 standalone proxy-server[128645]: - - 04/Dec/2025/13/02/12 HEAD /v1/AUTH_fba990d634184bd7b078beb19b6e3854/gnocchi.be95977a-2658-4a7d-91cc-4e7a42148cbe%3Fformat%3Djson%26states%3Dlisting HTTP/1.0 204 - Swift - - - - txedfcb16fccd74b1db835b-0069318654 - 0.0097 RL - 1764853332.695692778 1764853332.705394268 0
Dec 4 13:02:12 standalone container-server[126769]: 172.20.0.100 - - [04/Dec/2025:13:02:12 +0000] "GET /d1/405/AUTH_fba990d634184bd7b078beb19b6e3854/gnocchi.be95977a-2658-4a7d-91cc-4e7a42148cbe" 200 2 "GET http://172.18.0.2:8080/v1/AUTH_fba990d634184bd7b078beb19b6e3854/gnocchi.be95977a-2658-4a7d-91cc-4e7a42148cbe?format=json&states=listing" "txedfcb16fccd74b1db835b-0069318654" "proxy-server 20" 0.0037 "-" 21 0
Dec 4 13:02:12 standalone proxy-server[128645]: 172.18.0.2 172.18.0.100 04/Dec/2025/13/02/12 GET /v1/AUTH_fba990d634184bd7b078beb19b6e3854/gnocchi.be95977a-2658-4a7d-91cc-4e7a42148cbe%3Fformat%3Djson%26states%3Dlisting HTTP/1.0 200 - python-swiftclient-3.11.1 gAAAAABpMYWk_xEA... - 2 - txedfcb16fccd74b1db835b-0069318654 - 0.0258 - - 1764853332.693175554 1764853332.718927145 0
Dec 4 13:02:12 standalone object-server[126896]: 172.20.0.100 - - [04/Dec/2025:13:02:12 +0000] "GET /d1/904/AUTH_fba990d634184bd7b078beb19b6e3854/gnocchi.be95977a-2658-4a7d-91cc-4e7a42148cbe/1764720000.0_mean_300.0_v3" 404 70 "GET http://172.18.0.2:8080/v1/AUTH_fba990d634184bd7b078beb19b6e3854/gnocchi.be95977a-2658-4a7d-91cc-4e7a42148cbe/1764720000.0_mean_300.0_v3" "tx05219d695086467cac405-0069318654" "proxy-server 20" 0.0008 "-" 21 0
Dec 4 13:02:12 standalone proxy-server[128645]: 172.18.0.2 172.18.0.100 04/Dec/2025/13/02/12 GET /v1/AUTH_fba990d634184bd7b078beb19b6e3854/gnocchi.be95977a-2658-4a7d-91cc-4e7a42148cbe/1764720000.0_mean_300.0_v3 HTTP/1.0 404 - python-swiftclient-3.11.1 gAAAAABpMYWk_xEA... - 70 - tx05219d695086467cac405-0069318654 - 0.0082 - - 1764853332.724020481 1764853332.732248545 0
Dec 4 13:02:12 standalone container-server[126765]: 172.20.0.100 - - [04/Dec/2025:13:02:12 +0000] "PUT /d1/405/AUTH_fba990d634184bd7b078beb19b6e3854/gnocchi.be95977a-2658-4a7d-91cc-4e7a42148cbe/1764720000.0_mean_300.0_v3" 201 - "PUT http://172.18.0.2:8080/d1/904/AUTH_fba990d634184bd7b078beb19b6e3854/gnocchi.be95977a-2658-4a7d-91cc-4e7a42148cbe/1764720000.0_mean_300.0_v3" "txb1cc08c6ad26479ea5636-0069318654" "object-server 23" 0.0009 "-" 20 0
Dec 4 13:02:12 standalone object-server[126901]: 172.20.0.100 - - [04/Dec/2025:13:02:12 +0000] "PUT /d1/904/AUTH_fba990d634184bd7b078beb19b6e3854/gnocchi.be95977a-2658-4a7d-91cc-4e7a42148cbe/1764720000.0_mean_300.0_v3" 201 - "PUT http://172.18.0.2:8080/v1/AUTH_fba990d634184bd7b078beb19b6e3854/gnocchi.be95977a-2658-4a7d-91cc-4e7a42148cbe/1764720000.0_mean_300.0_v3" "txb1cc08c6ad26479ea5636-0069318654" "proxy-server 20" 0.0118 "-" 23 0
Dec 4 13:02:12 standalone proxy-server[128645]: 172.18.0.2 172.18.0.100 04/Dec/2025/13/02/12 PUT /v1/AUTH_fba990d634184bd7b078beb19b6e3854/gnocchi.be95977a-2658-4a7d-91cc-4e7a42148cbe/1764720000.0_mean_300.0_v3 HTTP/1.0 201 - python-swiftclient-3.11.1 gAAAAABpMYWk_xEA... 16 - - txb1cc08c6ad26479ea5636-0069318654 - 0.0184 - - 1764853332.737451553 1764853332.755891562 0
Dec 4 13:02:12 standalone container-server[126769]: 172.20.0.100 - - [04/Dec/2025:13:02:12 +0000] "PUT /d1/405/AUTH_fba990d634184bd7b078beb19b6e3854/gnocchi.be95977a-2658-4a7d-91cc-4e7a42148cbe/none_v3" 201 - "PUT http://172.18.0.2:8080/d1/157/AUTH_fba990d634184bd7b078beb19b6e3854/gnocchi.be95977a-2658-4a7d-91cc-4e7a42148cbe/none_v3" "txeb84f864bbdd415eab5b2-0069318654" "object-server 21" 0.0008 "-" 21 0
Dec 4 13:02:12 standalone object-server[126896]: 172.20.0.100 - - [04/Dec/2025:13:02:12 +0000] "PUT /d1/157/AUTH_fba990d634184bd7b078beb19b6e3854/gnocchi.be95977a-2658-4a7d-91cc-4e7a42148cbe/none_v3" 201 - "PUT http://172.18.0.2:8080/v1/AUTH_fba990d634184bd7b078beb19b6e3854/gnocchi.be95977a-2658-4a7d-91cc-4e7a42148cbe/none_v3" "txeb84f864bbdd415eab5b2-0069318654" "proxy-server 20" 0.0093 "-" 21 0
Dec 4 13:02:12 standalone proxy-server[128645]: 172.18.0.2 172.18.0.100 04/Dec/2025/13/02/12 PUT /v1/AUTH_fba990d634184bd7b078beb19b6e3854/gnocchi.be95977a-2658-4a7d-91cc-4e7a42148cbe/none_v3 HTTP/1.0 201 - python-swiftclient-3.11.1 gAAAAABpMYWk_xEA... 22 - - txeb84f864bbdd415eab5b2-0069318654 - 0.0148 - - 1764853332.759460449 1764853332.774276972 0
Dec 4 13:02:12 standalone container-server[126765]: 172.20.0.100 - - [04/Dec/2025:13:02:12 +0000] "HEAD /d1/776/AUTH_fba990d634184bd7b078beb19b6e3854/gnocchi.fc95ccea-5063-4cf0-aa46-4e758fa80042" 404 - "HEAD http://172.18.0.2:8080/v1/AUTH_fba990d634184bd7b078beb19b6e3854/gnocchi.fc95ccea-5063-4cf0-aa46-4e758fa80042?format=json&states=listing" "tx081b709297a64c0c95b22-0069318654" "proxy-server 20" 0.0006 "-" 20 0
Dec 4 13:02:12 standalone object-server[126899]: 172.20.0.100 - - [04/Dec/2025:13:02:12 +0000] "GET /d1/238/AUTH_fba990d634184bd7b078beb19b6e3854/gnocchi.fc95ccea-5063-4cf0-aa46-4e758fa80042/none_v3" 404 70 "GET http://172.18.0.2:8080/v1/AUTH_fba990d634184bd7b078beb19b6e3854/gnocchi.fc95ccea-5063-4cf0-aa46-4e758fa80042/none_v3" "tx081b709297a64c0c95b22-0069318654" "proxy-server 20" 0.0005 "-" 22 0
Dec 4 13:02:12 standalone proxy-server[128645]: 172.18.0.2 172.18.0.100 04/Dec/2025/13/02/12 GET /v1/AUTH_fba990d634184bd7b078beb19b6e3854/gnocchi.fc95ccea-5063-4cf0-aa46-4e758fa80042/none_v3 HTTP/1.0 404 - python-swiftclient-3.11.1 gAAAAABpMYWk_xEA... - 70 - tx081b709297a64c0c95b22-0069318654 - 0.0586 - - 1764853332.792601347 1764853332.851160049 0
Dec 4 13:02:12 standalone account-server[126745]: 172.20.0.100 - - [04/Dec/2025:13:02:12 +0000] "PUT /d1/899/AUTH_fba990d634184bd7b078beb19b6e3854/gnocchi.fc95ccea-5063-4cf0-aa46-4e758fa80042" 201 - "PUT http://172.20.0.100:6001/d1/776/AUTH_fba990d634184bd7b078beb19b6e3854/gnocchi.fc95ccea-5063-4cf0-aa46-4e758fa80042" "tx31550f6a90f244d69ac66-0069318654" "container-server 21" 0.0068 "-" 21 0
Dec 4 13:02:12 standalone container-server[126769]: 172.20.0.100 - - [04/Dec/2025:13:02:12 +0000] "PUT /d1/776/AUTH_fba990d634184bd7b078beb19b6e3854/gnocchi.fc95ccea-5063-4cf0-aa46-4e758fa80042" 201 - "PUT http://172.18.0.2:8080/v1/AUTH_fba990d634184bd7b078beb19b6e3854/gnocchi.fc95ccea-5063-4cf0-aa46-4e758fa80042" "tx31550f6a90f244d69ac66-0069318654" "proxy-server 20" 0.0194 "-" 21 0
Dec 4 13:02:12 standalone proxy-server[128645]: 172.18.0.2 172.18.0.100 04/Dec/2025/13/02/12 PUT /v1/AUTH_fba990d634184bd7b078beb19b6e3854/gnocchi.fc95ccea-5063-4cf0-aa46-4e758fa80042 HTTP/1.0 201 - python-swiftclient-3.11.1 gAAAAABpMYWk_xEA... - - - tx31550f6a90f244d69ac66-0069318654 - 0.0268 - - 1764853332.856912613 1764853332.883752108 0
Dec 4 13:02:12 standalone container-server[126769]: 172.20.0.100 - - [04/Dec/2025:13:02:12 +0000] "HEAD /d1/776/AUTH_fba990d634184bd7b078beb19b6e3854/gnocchi.fc95ccea-5063-4cf0-aa46-4e758fa80042" 204 - "HEAD http://172.18.0.2:8080/v1/AUTH_fba990d634184bd7b078beb19b6e3854/gnocchi.fc95ccea-5063-4cf0-aa46-4e758fa80042?format=json&states=listing" "tx4ede2596621b4cc2949b0-0069318654" "proxy-server 20" 0.0019 "-" 21 0
Dec 4 13:02:12 standalone proxy-server[128645]: - - 04/Dec/2025/13/02/12 HEAD /v1/AUTH_fba990d634184bd7b078beb19b6e3854/gnocchi.fc95ccea-5063-4cf0-aa46-4e758fa80042%3Fformat%3Djson%26states%3Dlisting HTTP/1.0 204 - Swift - - - - tx4ede2596621b4cc2949b0-0069318654 - 0.0065 RL - 1764853332.889913321 1764853332.896364689 0
Dec 4 13:02:12 standalone container-server[126784]: 172.20.0.100 - - [04/Dec/2025:13:02:12 +0000] "GET /d1/776/AUTH_fba990d634184bd7b078beb19b6e3854/gnocchi.fc95ccea-5063-4cf0-aa46-4e758fa80042" 200 2 "GET http://172.18.0.2:8080/v1/AUTH_fba990d634184bd7b078beb19b6e3854/gnocchi.fc95ccea-5063-4cf0-aa46-4e758fa80042?format=json&states=listing" "tx4ede2596621b4cc2949b0-0069318654" "proxy-server 20" 0.0022 "-" 23 0
Dec 4 13:02:12 standalone proxy-server[128645]: 172.18.0.2 172.18.0.100 04/Dec/2025/13/02/12 GET /v1/AUTH_fba990d634184bd7b078beb19b6e3854/gnocchi.fc95ccea-5063-4cf0-aa46-4e758fa80042%3Fformat%3Djson%26states%3Dlisting HTTP/1.0 200 - python-swiftclient-3.11.1 gAAAAABpMYWk_xEA... - 2 - tx4ede2596621b4cc2949b0-0069318654 - 0.0184 - - 1764853332.888379335 1764853332.906826258 0
Dec 4 13:02:12 standalone object-server[126896]: 172.20.0.100 - - [04/Dec/2025:13:02:12 +0000] "GET /d1/625/AUTH_fba990d634184bd7b078beb19b6e3854/gnocchi.fc95ccea-5063-4cf0-aa46-4e758fa80042/1764720000.0_mean_300.0_v3" 404 70 "GET http://172.18.0.2:8080/v1/AUTH_fba990d634184bd7b078beb19b6e3854/gnocchi.fc95ccea-5063-4cf0-aa46-4e758fa80042/1764720000.0_mean_300.0_v3" "tx8543fc0b896b4640b8003-0069318654" "proxy-server 20" 0.0003 "-" 21 0
Dec 4 13:02:12 standalone proxy-server[128645]: 172.18.0.2 172.18.0.100 04/Dec/2025/13/02/12 GET /v1/AUTH_fba990d634184bd7b078beb19b6e3854/gnocchi.fc95ccea-5063-4cf0-aa46-4e758fa80042/1764720000.0_mean_300.0_v3 HTTP/1.0 404 - python-swiftclient-3.11.1 gAAAAABpMYWk_xEA... - 70 - tx8543fc0b896b4640b8003-0069318654 - 0.0076 - - 1764853332.912025690 1764853332.919598818 0
Dec 4 13:02:12 standalone container-server[126765]: 172.20.0.100 - - [04/Dec/2025:13:02:12 +0000] "PUT /d1/776/AUTH_fba990d634184bd7b078beb19b6e3854/gnocchi.fc95ccea-5063-4cf0-aa46-4e758fa80042/1764720000.0_mean_300.0_v3" 201 - "PUT http://172.18.0.2:8080/d1/625/AUTH_fba990d634184bd7b078beb19b6e3854/gnocchi.fc95ccea-5063-4cf0-aa46-4e758fa80042/1764720000.0_mean_300.0_v3" "tx403637f04847425d996b9-0069318654" "object-server 21" 0.0008 "-" 20 0
Dec 4 13:02:12 standalone object-server[126896]: 172.20.0.100 - - [04/Dec/2025:13:02:12 +0000] "PUT /d1/625/AUTH_fba990d634184bd7b078beb19b6e3854/gnocchi.fc95ccea-5063-4cf0-aa46-4e758fa80042/1764720000.0_mean_300.0_v3" 201 - "PUT http://172.18.0.2:8080/v1/AUTH_fba990d634184bd7b078beb19b6e3854/gnocchi.fc95ccea-5063-4cf0-aa46-4e758fa80042/1764720000.0_mean_300.0_v3" "tx403637f04847425d996b9-0069318654" "proxy-server 20" 0.0085 "-" 21 0
Dec 4 13:02:12 standalone proxy-server[128645]: 172.18.0.2 172.18.0.100 04/Dec/2025/13/02/12 PUT /v1/AUTH_fba990d634184bd7b078beb19b6e3854/gnocchi.fc95ccea-5063-4cf0-aa46-4e758fa80042/1764720000.0_mean_300.0_v3 HTTP/1.0 201 - python-swiftclient-3.11.1 gAAAAABpMYWk_xEA... 16 - - tx403637f04847425d996b9-0069318654 - 0.0140 - - 1764853332.924303293 1764853332.938340902 0
Dec 4 13:02:12 standalone container-server[126765]: 172.20.0.100 - - [04/Dec/2025:13:02:12 +0000] "PUT /d1/776/AUTH_fba990d634184bd7b078beb19b6e3854/gnocchi.fc95ccea-5063-4cf0-aa46-4e758fa80042/none_v3" 201 - "PUT http://172.18.0.2:8080/d1/238/AUTH_fba990d634184bd7b078beb19b6e3854/gnocchi.fc95ccea-5063-4cf0-aa46-4e758fa80042/none_v3" "tx13700bee84aa4a29ac29f-0069318654" "object-server 22" 0.0008 "-" 20 0
Dec 4 13:02:12 standalone object-server[126899]: 172.20.0.100 - - [04/Dec/2025:13:02:12 +0000] "PUT /d1/238/AUTH_fba990d634184bd7b078beb19b6e3854/gnocchi.fc95ccea-5063-4cf0-aa46-4e758fa80042/none_v3" 201 - "PUT http://172.18.0.2:8080/v1/AUTH_fba990d634184bd7b078beb19b6e3854/gnocchi.fc95ccea-5063-4cf0-aa46-4e758fa80042/none_v3" "tx13700bee84aa4a29ac29f-0069318654" "proxy-server 20" 0.0108 "-" 22 0
Dec 4 13:02:12 standalone proxy-server[128645]: 172.18.0.2 172.18.0.100 04/Dec/2025/13/02/12 PUT /v1/AUTH_fba990d634184bd7b078beb19b6e3854/gnocchi.fc95ccea-5063-4cf0-aa46-4e758fa80042/none_v3 HTTP/1.0 201 - python-swiftclient-3.11.1 gAAAAABpMYWk_xEA... 22 - - tx13700bee84aa4a29ac29f-0069318654 - 0.0157 - - 1764853332.941902637 1764853332.957635641 0
Dec 4 13:02:12 standalone container-server[126769]: 172.20.0.100 - - [04/Dec/2025:13:02:12 +0000] "HEAD /d1/619/AUTH_fba990d634184bd7b078beb19b6e3854/gnocchi.21adc5a8-f38b-4aee-8552-56b053b77cc3" 404 - "HEAD http://172.18.0.2:8080/v1/AUTH_fba990d634184bd7b078beb19b6e3854/gnocchi.21adc5a8-f38b-4aee-8552-56b053b77cc3?format=json&states=listing" "tx6540254b86694757aa668-0069318654" "proxy-server 20" 0.0009 "-" 21 0
Dec 4 13:02:12 standalone object-server[126899]: 172.20.0.100 - - [04/Dec/2025:13:02:12 +0000] "GET /d1/348/AUTH_fba990d634184bd7b078beb19b6e3854/gnocchi.21adc5a8-f38b-4aee-8552-56b053b77cc3/none_v3" 404 70 "GET http://172.18.0.2:8080/v1/AUTH_fba990d634184bd7b078beb19b6e3854/gnocchi.21adc5a8-f38b-4aee-8552-56b053b77cc3/none_v3" "tx6540254b86694757aa668-0069318654" "proxy-server 20" 0.0005 "-" 22 0
Dec 4 13:02:12 standalone proxy-server[128645]: 172.18.0.2 172.18.0.100 04/Dec/2025/13/02/12 GET /v1/AUTH_fba990d634184bd7b078beb19b6e3854/gnocchi.21adc5a8-f38b-4aee-8552-56b053b77cc3/none_v3 HTTP/1.0 404 - python-swiftclient-3.11.1 gAAAAABpMYWk_xEA... - 70 - tx6540254b86694757aa668-0069318654 - 0.0100 - - 1764853332.972428083 1764853332.982405424 0
Dec 4 13:02:13 standalone account-server[126745]: 172.20.0.100 - - [04/Dec/2025:13:02:13 +0000] "PUT /d1/899/AUTH_fba990d634184bd7b078beb19b6e3854/gnocchi.21adc5a8-f38b-4aee-8552-56b053b77cc3" 201 - "PUT http://172.20.0.100:6001/d1/619/AUTH_fba990d634184bd7b078beb19b6e3854/gnocchi.21adc5a8-f38b-4aee-8552-56b053b77cc3" "tx0ea06ca65d5944b689d09-0069318654" "container-server 23" 0.0063 "-" 21 0
Dec 4 13:02:13 standalone container-server[126784]: 172.20.0.100 - - [04/Dec/2025:13:02:13 +0000] "PUT /d1/619/AUTH_fba990d634184bd7b078beb19b6e3854/gnocchi.21adc5a8-f38b-4aee-8552-56b053b77cc3" 201 - "PUT http://172.18.0.2:8080/v1/AUTH_fba990d634184bd7b078beb19b6e3854/gnocchi.21adc5a8-f38b-4aee-8552-56b053b77cc3" "tx0ea06ca65d5944b689d09-0069318654" "proxy-server 20" 0.0198 "-" 23 0
Dec 4 13:02:13 standalone proxy-server[128645]: 172.18.0.2 172.18.0.100 04/Dec/2025/13/02/13 PUT /v1/AUTH_fba990d634184bd7b078beb19b6e3854/gnocchi.21adc5a8-f38b-4aee-8552-56b053b77cc3 HTTP/1.0 201 - python-swiftclient-3.11.1 gAAAAABpMYWk_xEA... - - - tx0ea06ca65d5944b689d09-0069318654 - 0.0249 - - 1764853332.988590956 1764853333.013486862 0
Dec 4 13:02:13 standalone container-server[126765]: 172.20.0.100 - - [04/Dec/2025:13:02:13 +0000] "HEAD /d1/619/AUTH_fba990d634184bd7b078beb19b6e3854/gnocchi.21adc5a8-f38b-4aee-8552-56b053b77cc3" 204 - "HEAD http://172.18.0.2:8080/v1/AUTH_fba990d634184bd7b078beb19b6e3854/gnocchi.21adc5a8-f38b-4aee-8552-56b053b77cc3?format=json&states=listing" "tx29a6fc6b363a4d1683679-0069318655" "proxy-server 20" 0.0022 "-" 20 0
Dec 4 13:02:13 standalone proxy-server[128645]: - - 04/Dec/2025/13/02/13 HEAD /v1/AUTH_fba990d634184bd7b078beb19b6e3854/gnocchi.21adc5a8-f38b-4aee-8552-56b053b77cc3%3Fformat%3Djson%26states%3Dlisting HTTP/1.0 204 - Swift - - - - tx29a6fc6b363a4d1683679-0069318655 - 0.0060 RL - 1764853333.018320322 1764853333.024283409 0
Dec 4 13:02:13 standalone container-server[126769]: 172.20.0.100 - - [04/Dec/2025:13:02:13 +0000] "GET /d1/619/AUTH_fba990d634184bd7b078beb19b6e3854/gnocchi.21adc5a8-f38b-4aee-8552-56b053b77cc3" 200 2 "GET http://172.18.0.2:8080/v1/AUTH_fba990d634184bd7b078beb19b6e3854/gnocchi.21adc5a8-f38b-4aee-8552-56b053b77cc3?format=json&states=listing" "tx29a6fc6b363a4d1683679-0069318655" "proxy-server 20" 0.0036 "-" 21 0
Dec 4 13:02:13 standalone proxy-server[128645]: 172.18.0.2 172.18.0.100 04/Dec/2025/13/02/13 GET /v1/AUTH_fba990d634184bd7b078beb19b6e3854/gnocchi.21adc5a8-f38b-4aee-8552-56b053b77cc3%3Fformat%3Djson%26states%3Dlisting HTTP/1.0 200 - python-swiftclient-3.11.1 gAAAAABpMYWk_xEA... - 2 - tx29a6fc6b363a4d1683679-0069318655 - 0.0168 - - 1764853333.017440557 1764853333.034197330 0
Dec 4 13:02:13 standalone object-server[126899]: 172.20.0.100 - - [04/Dec/2025:13:02:13 +0000] "GET /d1/322/AUTH_fba990d634184bd7b078beb19b6e3854/gnocchi.21adc5a8-f38b-4aee-8552-56b053b77cc3/1764720000.0_mean_300.0_v3" 404 70 "GET http://172.18.0.2:8080/v1/AUTH_fba990d634184bd7b078beb19b6e3854/gnocchi.21adc5a8-f38b-4aee-8552-56b053b77cc3/1764720000.0_mean_300.0_v3" "tx20a277e7c43a4756b5491-0069318655" "proxy-server 20" 0.0005 "-" 22 0
Dec 4 13:02:13 standalone proxy-server[128645]: 172.18.0.2 172.18.0.100 04/Dec/2025/13/02/13 GET /v1/AUTH_fba990d634184bd7b078beb19b6e3854/gnocchi.21adc5a8-f38b-4aee-8552-56b053b77cc3/1764720000.0_mean_300.0_v3 HTTP/1.0 404 - python-swiftclient-3.11.1 gAAAAABpMYWk_xEA... - 70 - tx20a277e7c43a4756b5491-0069318655 - 0.0056 - - 1764853333.038450956 1764853333.044048786 0
Dec 4 13:02:13 standalone container-server[126784]: 172.20.0.100 - - [04/Dec/2025:13:02:13 +0000] "PUT /d1/619/AUTH_fba990d634184bd7b078beb19b6e3854/gnocchi.21adc5a8-f38b-4aee-8552-56b053b77cc3/1764720000.0_mean_300.0_v3" 201 - "PUT http://172.18.0.2:8080/d1/322/AUTH_fba990d634184bd7b078beb19b6e3854/gnocchi.21adc5a8-f38b-4aee-8552-56b053b77cc3/1764720000.0_mean_300.0_v3" "tx013039cdd55a474db4445-0069318655" "object-server 22" 0.0008 "-" 23 0
Dec 4 13:02:13 standalone object-server[126899]: 172.20.0.100 - - [04/Dec/2025:13:02:13 +0000] "PUT /d1/322/AUTH_fba990d634184bd7b078beb19b6e3854/gnocchi.21adc5a8-f38b-4aee-8552-56b053b77cc3/1764720000.0_mean_300.0_v3" 201 - "PUT http://172.18.0.2:8080/v1/AUTH_fba990d634184bd7b078beb19b6e3854/gnocchi.21adc5a8-f38b-4aee-8552-56b053b77cc3/1764720000.0_mean_300.0_v3" "tx013039cdd55a474db4445-0069318655" "proxy-server 20" 0.0110 "-" 22 0
Dec 4 13:02:13 standalone proxy-server[128645]: 172.18.0.2 172.18.0.100 04/Dec/2025/13/02/13 PUT /v1/AUTH_fba990d634184bd7b078beb19b6e3854/gnocchi.21adc5a8-f38b-4aee-8552-56b053b77cc3/1764720000.0_mean_300.0_v3 HTTP/1.0 201 - python-swiftclient-3.11.1 gAAAAABpMYWk_xEA... 16 - - tx013039cdd55a474db4445-0069318655 - 0.0161 - - 1764853333.047351122 1764853333.063460112 0
Dec 4 13:02:13 standalone container-server[126765]: 172.20.0.100 - - [04/Dec/2025:13:02:13 +0000] "PUT /d1/619/AUTH_fba990d634184bd7b078beb19b6e3854/gnocchi.21adc5a8-f38b-4aee-8552-56b053b77cc3/none_v3" 201 - "PUT http://172.18.0.2:8080/d1/348/AUTH_fba990d634184bd7b078beb19b6e3854/gnocchi.21adc5a8-f38b-4aee-8552-56b053b77cc3/none_v3" "tx6b8d1ac950bb4344b7df6-0069318655" "object-server 23" 0.0006 "-" 20 0
Dec 4 13:02:13 standalone object-server[126901]: 172.20.0.100 - - [04/Dec/2025:13:02:13 +0000] "PUT /d1/348/AUTH_fba990d634184bd7b078beb19b6e3854/gnocchi.21adc5a8-f38b-4aee-8552-56b053b77cc3/none_v3" 201 - "PUT http://172.18.0.2:8080/v1/AUTH_fba990d634184bd7b078beb19b6e3854/gnocchi.21adc5a8-f38b-4aee-8552-56b053b77cc3/none_v3" "tx6b8d1ac950bb4344b7df6-0069318655" "proxy-server 20" 0.0132 "-" 23 0
Dec 4 13:02:13 standalone proxy-server[128645]: 172.18.0.2 172.18.0.100 04/Dec/2025/13/02/13 PUT /v1/AUTH_fba990d634184bd7b078beb19b6e3854/gnocchi.21adc5a8-f38b-4aee-8552-56b053b77cc3/none_v3 HTTP/1.0 201 - python-swiftclient-3.11.1 gAAAAABpMYWk_xEA... 22 - - tx6b8d1ac950bb4344b7df6-0069318655 - 0.0184 - - 1764853333.066886902 1764853333.085240364 0
Dec 4 13:02:13 standalone container-server[126765]: 172.20.0.100 - - [04/Dec/2025:13:02:13 +0000] "HEAD /d1/100/AUTH_fba990d634184bd7b078beb19b6e3854/gnocchi.827697fa-ce1d-410a-a866-6564c62350c7" 404 - "HEAD http://172.18.0.2:8080/v1/AUTH_fba990d634184bd7b078beb19b6e3854/gnocchi.827697fa-ce1d-410a-a866-6564c62350c7?format=json&states=listing" "tx097ea2d460224e25994ef-0069318655" "proxy-server 20" 0.0007 "-" 20 0
Dec 4 13:02:13 standalone object-server[126901]: 172.20.0.100 - - [04/Dec/2025:13:02:13 +0000] "GET /d1/763/AUTH_fba990d634184bd7b078beb19b6e3854/gnocchi.827697fa-ce1d-410a-a866-6564c62350c7/none_v3" 404 70 "GET http://172.18.0.2:8080/v1/AUTH_fba990d634184bd7b078beb19b6e3854/gnocchi.827697fa-ce1d-410a-a866-6564c62350c7/none_v3" "tx097ea2d460224e25994ef-0069318655" "proxy-server 20" 0.0006 "-" 23 0
Dec 4 13:02:13 standalone proxy-server[128645]: 172.18.0.2 172.18.0.100 04/Dec/2025/13/02/13 GET /v1/AUTH_fba990d634184bd7b078beb19b6e3854/gnocchi.827697fa-ce1d-410a-a866-6564c62350c7/none_v3 HTTP/1.0 404 - python-swiftclient-3.11.1 gAAAAABpMYWk_xEA... - 70 - tx097ea2d460224e25994ef-0069318655 - 0.0098 - - 1764853333.101015091 1764853333.110849380 0
Dec 4 13:02:13 standalone account-server[126743]: 172.20.0.100 - - [04/Dec/2025:13:02:13 +0000] "PUT /d1/899/AUTH_fba990d634184bd7b078beb19b6e3854/gnocchi.827697fa-ce1d-410a-a866-6564c62350c7" 201 - "PUT http://172.20.0.100:6001/d1/100/AUTH_fba990d634184bd7b078beb19b6e3854/gnocchi.827697fa-ce1d-410a-a866-6564c62350c7" "tx3ba53e9685794eabbad03-0069318655" "container-server 20" 0.0056 "-" 20 0
Dec 4 13:02:13 standalone container-server[126765]: 172.20.0.100 - - [04/Dec/2025:13:02:13 +0000] "PUT /d1/100/AUTH_fba990d634184bd7b078beb19b6e3854/gnocchi.827697fa-ce1d-410a-a866-6564c62350c7" 201 - "PUT http://172.18.0.2:8080/v1/AUTH_fba990d634184bd7b078beb19b6e3854/gnocchi.827697fa-ce1d-410a-a866-6564c62350c7" "tx3ba53e9685794eabbad03-0069318655" "proxy-server 20" 0.0199 "-" 20 0
Dec 4 13:02:13 standalone proxy-server[128645]: 172.18.0.2 172.18.0.100 04/Dec/2025/13/02/13 PUT /v1/AUTH_fba990d634184bd7b078beb19b6e3854/gnocchi.827697fa-ce1d-410a-a866-6564c62350c7 HTTP/1.0 201 - python-swiftclient-3.11.1 gAAAAABpMYWk_xEA... - - - tx3ba53e9685794eabbad03-0069318655 - 0.0244 - - 1764853333.113704443 1764853333.138118744 0
Dec 4 13:02:13 standalone container-server[126765]: 172.20.0.100 - - [04/Dec/2025:13:02:13 +0000] "HEAD /d1/100/AUTH_fba990d634184bd7b078beb19b6e3854/gnocchi.827697fa-ce1d-410a-a866-6564c62350c7" 204 - "HEAD http://172.18.0.2:8080/v1/AUTH_fba990d634184bd7b078beb19b6e3854/gnocchi.827697fa-ce1d-410a-a866-6564c62350c7?format=json&states=listing" "txef41e668f5f146629bf0e-0069318655" "proxy-server 20" 0.0024 "-" 20 0
Dec 4 13:02:13 standalone proxy-server[128645]: - - 04/Dec/2025/13/02/13 HEAD /v1/AUTH_fba990d634184bd7b078beb19b6e3854/gnocchi.827697fa-ce1d-410a-a866-6564c62350c7%3Fformat%3Djson%26states%3Dlisting HTTP/1.0 204 - Swift - - - - txef41e668f5f146629bf0e-0069318655 - 0.0054 RL - 1764853333.142532587 1764853333.147888184 0
Dec 4 13:02:13 standalone container-server[126778]: 172.20.0.100 - - [04/Dec/2025:13:02:13 +0000] "GET /d1/100/AUTH_fba990d634184bd7b078beb19b6e3854/gnocchi.827697fa-ce1d-410a-a866-6564c62350c7" 200 2 "GET http://172.18.0.2:8080/v1/AUTH_fba990d634184bd7b078beb19b6e3854/gnocchi.827697fa-ce1d-410a-a866-6564c62350c7?format=json&states=listing" "txef41e668f5f146629bf0e-0069318655" "proxy-server 20" 0.0034 "-" 22 0
Dec 4 13:02:13 standalone proxy-server[128645]: 172.18.0.2 172.18.0.100 04/Dec/2025/13/02/13 GET /v1/AUTH_fba990d634184bd7b078beb19b6e3854/gnocchi.827697fa-ce1d-410a-a866-6564c62350c7%3Fformat%3Djson%26states%3Dlisting HTTP/1.0 200 - python-swiftclient-3.11.1 gAAAAABpMYWk_xEA... - 2 - txef41e668f5f146629bf0e-0069318655 - 0.0148 - - 1764853333.141796350 1764853333.156594753 0
Dec 4 13:02:13 standalone object-server[126899]: 172.20.0.100 - - [04/Dec/2025:13:02:13 +0000] "GET /d1/922/AUTH_fba990d634184bd7b078beb19b6e3854/gnocchi.827697fa-ce1d-410a-a866-6564c62350c7/1764720000.0_mean_300.0_v3" 404 70 "GET http://172.18.0.2:8080/v1/AUTH_fba990d634184bd7b078beb19b6e3854/gnocchi.827697fa-ce1d-410a-a866-6564c62350c7/1764720000.0_mean_300.0_v3" "tx6d7c625e05a24fd39eb7d-0069318655" "proxy-server 20" 0.0005 "-" 22 0
Dec 4 13:02:13 standalone proxy-server[128645]: 172.18.0.2 172.18.0.100 04/Dec/2025/13/02/13 GET /v1/AUTH_fba990d634184bd7b078beb19b6e3854/gnocchi.827697fa-ce1d-410a-a866-6564c62350c7/1764720000.0_mean_300.0_v3 HTTP/1.0 404 - python-swiftclient-3.11.1 gAAAAABpMYWk_xEA... - 70 - tx6d7c625e05a24fd39eb7d-0069318655 - 0.0052 - - 1764853333.160423279 1764853333.165573835 0
Dec 4 13:02:13 standalone container-server[126784]: 172.20.0.100 - - [04/Dec/2025:13:02:13 +0000] "PUT /d1/100/AUTH_fba990d634184bd7b078beb19b6e3854/gnocchi.827697fa-ce1d-410a-a866-6564c62350c7/1764720000.0_mean_300.0_v3" 201 - "PUT http://172.18.0.2:8080/d1/922/AUTH_fba990d634184bd7b078beb19b6e3854/gnocchi.827697fa-ce1d-410a-a866-6564c62350c7/1764720000.0_mean_300.0_v3" "tx0d45858dfb154a22b726f-0069318655" "object-server 25" 0.0008 "-" 23 0
Dec 4 13:02:13 standalone object-server[126903]: 172.20.0.100 - - [04/Dec/2025:13:02:13 +0000] "PUT /d1/922/AUTH_fba990d634184bd7b078beb19b6e3854/gnocchi.827697fa-ce1d-410a-a866-6564c62350c7/1764720000.0_mean_300.0_v3" 201 - "PUT http://172.18.0.2:8080/v1/AUTH_fba990d634184bd7b078beb19b6e3854/gnocchi.827697fa-ce1d-410a-a866-6564c62350c7/1764720000.0_mean_300.0_v3" "tx0d45858dfb154a22b726f-0069318655" "proxy-server 20" 0.0094 "-" 25 0
Dec 4 13:02:13 standalone proxy-server[128645]: 172.18.0.2 172.18.0.100 04/Dec/2025/13/02/13 PUT /v1/AUTH_fba990d634184bd7b078beb19b6e3854/gnocchi.827697fa-ce1d-410a-a866-6564c62350c7/1764720000.0_mean_300.0_v3 HTTP/1.0 201 - python-swiftclient-3.11.1 gAAAAABpMYWk_xEA... 16 - - tx0d45858dfb154a22b726f-0069318655 - 0.0136 - - 1764853333.169242859 1764853333.182818890 0
Dec 4 13:02:13 standalone container-server[126778]: 172.20.0.100 - - [04/Dec/2025:13:02:13 +0000] "PUT /d1/100/AUTH_fba990d634184bd7b078beb19b6e3854/gnocchi.827697fa-ce1d-410a-a866-6564c62350c7/none_v3" 201 - "PUT http://172.18.0.2:8080/d1/763/AUTH_fba990d634184bd7b078beb19b6e3854/gnocchi.827697fa-ce1d-410a-a866-6564c62350c7/none_v3" "tx28b2f62ebf374900a7987-0069318655" "object-server 21" 0.0006 "-" 22 0
Dec 4 13:02:13 standalone object-server[126896]: 172.20.0.100 - - [04/Dec/2025:13:02:13 +0000] "PUT /d1/763/AUTH_fba990d634184bd7b078beb19b6e3854/gnocchi.827697fa-ce1d-410a-a866-6564c62350c7/none_v3" 201 - "PUT http://172.18.0.2:8080/v1/AUTH_fba990d634184bd7b078beb19b6e3854/gnocchi.827697fa-ce1d-410a-a866-6564c62350c7/none_v3" "tx28b2f62ebf374900a7987-0069318655" "proxy-server 20" 0.0084 "-" 21 0
Dec 4 13:02:13 standalone proxy-server[128645]: 172.18.0.2 172.18.0.100 04/Dec/2025/13/02/13 PUT /v1/AUTH_fba990d634184bd7b078beb19b6e3854/gnocchi.827697fa-ce1d-410a-a866-6564c62350c7/none_v3 HTTP/1.0 201 - python-swiftclient-3.11.1 gAAAAABpMYWk_xEA... 22 - - tx28b2f62ebf374900a7987-0069318655 - 0.0130 - - 1764853333.185802937 1764853333.198810577 0
Dec 4 13:02:13 standalone container-server[126784]: 172.20.0.100 - - [04/Dec/2025:13:02:13 +0000] "HEAD /d1/560/AUTH_fba990d634184bd7b078beb19b6e3854/gnocchi.dead0870-ccaa-444a-9e17-3e6df6145bc8" 404 - "HEAD http://172.18.0.2:8080/v1/AUTH_fba990d634184bd7b078beb19b6e3854/gnocchi.dead0870-ccaa-444a-9e17-3e6df6145bc8?format=json&states=listing" "tx1e815fe7f2404c1eb313d-0069318655" "proxy-server 20" 0.0005 "-" 23 0
Dec 4 13:02:13 standalone object-server[126896]: 172.20.0.100 - - [04/Dec/2025:13:02:13 +0000] "GET /d1/675/AUTH_fba990d634184bd7b078beb19b6e3854/gnocchi.dead0870-ccaa-444a-9e17-3e6df6145bc8/none_v3" 404 70 "GET http://172.18.0.2:8080/v1/AUTH_fba990d634184bd7b078beb19b6e3854/gnocchi.dead0870-ccaa-444a-9e17-3e6df6145bc8/none_v3" "tx1e815fe7f2404c1eb313d-0069318655" "proxy-server 20" 0.0004 "-" 21 0
Dec 4 13:02:13 standalone proxy-server[128645]: 172.18.0.2 172.18.0.100 04/Dec/2025/13/02/13 GET /v1/AUTH_fba990d634184bd7b078beb19b6e3854/gnocchi.dead0870-ccaa-444a-9e17-3e6df6145bc8/none_v3 HTTP/1.0 404 - python-swiftclient-3.11.1 gAAAAABpMYWk_xEA... - 70 - tx1e815fe7f2404c1eb313d-0069318655 - 0.0080 - - 1764853333.210189581 1764853333.218164682 0
Dec 4 13:02:13 standalone account-server[126743]: 172.20.0.100 - - [04/Dec/2025:13:02:13 +0000] "PUT /d1/899/AUTH_fba990d634184bd7b078beb19b6e3854/gnocchi.dead0870-ccaa-444a-9e17-3e6df6145bc8" 201 - "PUT http://172.20.0.100:6001/d1/560/AUTH_fba990d634184bd7b078beb19b6e3854/gnocchi.dead0870-ccaa-444a-9e17-3e6df6145bc8" "tx76d9312165cf449f90266-0069318655" "container-server 22" 0.0055 "-" 20 0
Dec 4 13:02:13 standalone container-server[126778]: 172.20.0.100 - - [04/Dec/2025:13:02:13 +0000] "PUT /d1/560/AUTH_fba990d634184bd7b078beb19b6e3854/gnocchi.dead0870-ccaa-444a-9e17-3e6df6145bc8" 201 - "PUT http://172.18.0.2:8080/v1/AUTH_fba990d634184bd7b078beb19b6e3854/gnocchi.dead0870-ccaa-444a-9e17-3e6df6145bc8" "tx76d9312165cf449f90266-0069318655" "proxy-server 20" 0.0188 "-" 22 0
Dec 4 13:02:13 standalone proxy-server[128645]: 172.18.0.2 172.18.0.100 04/Dec/2025/13/02/13 PUT /v1/AUTH_fba990d634184bd7b078beb19b6e3854/gnocchi.dead0870-ccaa-444a-9e17-3e6df6145bc8 HTTP/1.0 201 - python-swiftclient-3.11.1 gAAAAABpMYWk_xEA... - - - tx76d9312165cf449f90266-0069318655 - 0.0273 - - 1764853333.221070051 1764853333.248370171 0
