Dec 4 12:47:14 standalone account-server[126296]: Starting 2
Dec 4 12:47:15 standalone account-server[126435]: Started child 20 from parent 2
Dec 4 12:47:15 standalone container-server[126544]: Starting 2
Dec 4 12:47:15 standalone account-server[126435]: Started child 21 from parent 2
Dec 4 12:47:15 standalone account-server[126435]: Started child 22 from parent 2
Dec 4 12:47:15 standalone account-server[126435]: Started child 23 from parent 2
Dec 4 12:47:15 standalone container-server[126423]: Option allow_versions is deprecated. Configure the versioned_writes middleware in the proxy-server instead. This option will be ignored in a future release.
Dec 4 12:47:15 standalone container-server[126765]: Option allow_versions is deprecated. Configure the versioned_writes middleware in the proxy-server instead. This option will be ignored in a future release.
Dec 4 12:47:15 standalone container-server[126423]: Started child 20 from parent 2
Dec 4 12:47:15 standalone container-server[126769]: Option allow_versions is deprecated. Configure the versioned_writes middleware in the proxy-server instead. This option will be ignored in a future release.
Dec 4 12:47:15 standalone container-server[126423]: Started child 21 from parent 2
Dec 4 12:47:15 standalone container-server[126778]: Option allow_versions is deprecated. Configure the versioned_writes middleware in the proxy-server instead. This option will be ignored in a future release.
Dec 4 12:47:15 standalone container-server[126423]: Started child 22 from parent 2
Dec 4 12:47:15 standalone container-server[126784]: Option allow_versions is deprecated. Configure the versioned_writes middleware in the proxy-server instead. This option will be ignored in a future release.
Dec 4 12:47:15 standalone container-server[126423]: Started child 23 from parent 2
Dec 4 12:47:16 standalone object-expirer[126755]: Starting 2
Dec 4 12:47:16 standalone object-expirer[126755]: Option auto_create_account_prefix is deprecated. Configure auto_create_account_prefix under the swift-constraints section of swift.conf. This option will be ignored in a future release.
Dec 4 12:47:16 standalone object-server[126790]: Starting 2
Dec 4 12:47:16 standalone object-server[126797]: Started child 21 from parent 2
Dec 4 12:47:16 standalone object-server[126797]: Started child 22 from parent 2
Dec 4 12:47:16 standalone object-server[126797]: Started child 23 from parent 2
Dec 4 12:47:16 standalone object-server[126797]: Started child 25 from parent 2
Dec 4 12:47:22 standalone proxy-server[128354]: Starting Keystone auth_token middleware
Dec 4 12:47:22 standalone proxy-server[128354]: AuthToken middleware is set with keystone_authtoken.service_token_roles_required set to False. This is backwards compatible but deprecated behaviour. Please set this to True.
Dec 4 12:47:22 standalone proxy-server[128645]: Starting Keystone auth_token middleware
Dec 4 12:47:22 standalone proxy-server[128645]: STDERR: The option "bind_port" is not known to keystonemiddleware
Dec 4 12:47:22 standalone proxy-server[128645]: STDERR: The option "workers" is not known to keystonemiddleware
Dec 4 12:47:22 standalone proxy-server[128645]: STDERR: The option "user" is not known to keystonemiddleware
Dec 4 12:47:22 standalone proxy-server[128645]: STDERR: The option "bind_ip" is not known to keystonemiddleware
Dec 4 12:47:22 standalone proxy-server[128645]: STDERR: The option "log_name" is not known to keystonemiddleware
Dec 4 12:47:22 standalone proxy-server[128645]: STDERR: The option "log_facility" is not known to keystonemiddleware
Dec 4 12:47:22 standalone proxy-server[128645]: STDERR: The option "log_level" is not known to keystonemiddleware
Dec 4 12:47:22 standalone proxy-server[128645]: STDERR: The option "log_headers" is not known to keystonemiddleware
Dec 4 12:47:22 standalone proxy-server[128645]: STDERR: The option "log_address" is not known to keystonemiddleware
Dec 4 12:47:22 standalone proxy-server[128645]: STDERR: The option "project_name" is not known to keystonemiddleware
Dec 4 12:47:22 standalone proxy-server[128645]: STDERR: The option "username" is not known to keystonemiddleware
Dec 4 12:47:22 standalone proxy-server[128645]: STDERR: The option "password" is not known to keystonemiddleware
Dec 4 12:47:22 standalone proxy-server[128645]: STDERR: The option "auth_url" is not known to keystonemiddleware
Dec 4 12:47:22 standalone proxy-server[128645]: STDERR: The option "signing_dir" is not known to keystonemiddleware
Dec 4 12:47:22 standalone proxy-server[128645]: STDERR: The option "project_domain_id" is not known to keystonemiddleware
Dec 4 12:47:22 standalone proxy-server[128645]: STDERR: The option "user_domain_id" is not known to keystonemiddleware
Dec 4 12:47:22 standalone proxy-server[128645]: STDERR: The option "__name__" is not known to keystonemiddleware
Dec 4 12:47:22 standalone proxy-server[128645]: AuthToken middleware is set with keystone_authtoken.service_token_roles_required set to False. This is backwards compatible but deprecated behaviour. Please set this to True.
Dec 4 12:47:22 standalone proxy-server[128354]: Started child 20 from parent 2
Dec 4 12:49:47 standalone container-server[126544]: Begin container update sweep
Dec 4 12:49:47 standalone container-server[126544]: Container update sweep completed: 0.00s
Dec 4 12:50:03 standalone object-server[126790]: Begin object update sweep
Dec 4 12:50:03 standalone object-server[147070]: Object update sweep starting on /srv/node/d1 (pid: 11)
Dec 4 12:50:03 standalone object-server[147070]: Object update sweep completed on /srv/node/d1 in 0.00s seconds:, 0 successes, 0 failures, 0 quarantines, 0 unlinks, 0 errors, 0 redirects (pid: 11)
Dec 4 12:50:03 standalone object-server[147070]: Object update sweep of d1 completed: 0.00s, 0 successes, 0 failures, 0 quarantines, 0 unlinks, 0 errors, 0 redirects
Dec 4 12:50:03 standalone object-server[126790]: Object update sweep completed: 0.05s
Dec 4 12:51:42 standalone account-server[126745]: 172.20.0.100 - - [04/Dec/2025:12:51:42 +0000] "HEAD /d1/71/.expiring_objects" 404 - "HEAD http://localhost/v1/.expiring_objects?format=json" "txb39d6e65659a4d3d82519-00693183de" "proxy-server 2" 0.0018 "-" 21 -
Dec 4 12:51:42 standalone object-expirer[126755]: Pass completed in 0s; 0 objects expired (txn: txb39d6e65659a4d3d82519-00693183de)
Dec 4 12:54:47 standalone container-server[126544]: Begin container update sweep
Dec 4 12:54:47 standalone container-server[126544]: Container update sweep completed: 0.00s
Dec 4 12:55:03 standalone object-server[126790]: Begin object update sweep
Dec 4 12:55:03 standalone object-server[186706]: Object update sweep starting on /srv/node/d1 (pid: 13)
Dec 4 12:55:03 standalone object-server[186706]: Object update sweep completed on /srv/node/d1 in 0.00s seconds:, 0 successes, 0 failures, 0 quarantines, 0 unlinks, 0 errors, 0 redirects (pid: 13)
Dec 4 12:55:03 standalone object-server[186706]: Object update sweep of d1 completed: 0.00s, 0 successes, 0 failures, 0 quarantines, 0 unlinks, 0 errors, 0 redirects
Dec 4 12:55:03 standalone object-server[126790]: Object update sweep completed: 0.09s
Dec 4 12:55:35 standalone account-server[126745]: 172.20.0.100 - - [04/Dec/2025:12:55:35 +0000] "HEAD /d1/71/.expiring_objects" 404 - "HEAD http://localhost/v1/.expiring_objects?format=json" "txd899ef56336c4d45a93bb-00693184c7" "proxy-server 2" 0.0004 "-" 21 -
Dec 4 12:55:35 standalone object-expirer[126755]: Pass completed in 0s; 0 objects expired (txn: txd899ef56336c4d45a93bb-00693184c7)
Dec 4 12:59:09 standalone account-server[126756]: 172.20.0.100 - - [04/Dec/2025:12:59:09 +0000] "HEAD /d1/71/.expiring_objects" 404 - "HEAD http://localhost/v1/.expiring_objects?format=json" "txbec2512d1b4c4fc9afeeb-006931859d" "proxy-server 2" 0.0017 "-" 23 -
Dec 4 12:59:09 standalone object-expirer[126755]: Pass completed in 0s; 0 objects expired (txn: txbec2512d1b4c4fc9afeeb-006931859d)
Dec 4 12:59:16 standalone account-server[126752]: 172.20.0.100 - - [04/Dec/2025:12:59:16 +0000] "HEAD /d1/899/AUTH_fba990d634184bd7b078beb19b6e3854" 404 - "HEAD http://172.18.0.2:8080/v1/AUTH_fba990d634184bd7b078beb19b6e3854?format=json" "txfa8edcb637414a9ca2642-00693185a4" "proxy-server 20" 0.0017 "-" 22 -
Dec 4 12:59:16 standalone proxy-server[128645]: - - 04/Dec/2025/12/59/16 HEAD /v1/AUTH_fba990d634184bd7b078beb19b6e3854%3Fformat%3Djson HTTP/1.0 200 - Swift - - - - txfa8edcb637414a9ca2642-00693185a4 - 0.0096 RL - 1764853156.088897467 1764853156.098455667 -
Dec 4 12:59:16 standalone object-server[126903]: 172.20.0.100 - - [04/Dec/2025:12:59:16 +0000] "GET /d1/372/AUTH_fba990d634184bd7b078beb19b6e3854/gnocchi.0464f8fa-9bce-455c-9cc6-0c8c91683971/none_v3" 404 70 "GET http://172.18.0.2:8080/v1/AUTH_fba990d634184bd7b078beb19b6e3854/gnocchi.0464f8fa-9bce-455c-9cc6-0c8c91683971/none_v3" "txfa8edcb637414a9ca2642-00693185a4" "proxy-server 20" 0.0014 "-" 25 0
Dec 4 12:59:16 standalone proxy-server[128645]: 172.18.0.2 172.18.0.100 04/Dec/2025/12/59/16 GET /v1/AUTH_fba990d634184bd7b078beb19b6e3854/gnocchi.0464f8fa-9bce-455c-9cc6-0c8c91683971/none_v3 HTTP/1.0 404 - python-swiftclient-3.11.1 gAAAAABpMYWk_xEA... - 70 - txfa8edcb637414a9ca2642-00693185a4 - 0.3941 - - 1764853156.085025787 1764853156.479141951 0
Dec 4 12:59:16 standalone account-server[126743]: 172.20.0.100 - - [04/Dec/2025:12:59:16 +0000] "PUT /d1/899/AUTH_fba990d634184bd7b078beb19b6e3854" 201 - "-" "tx6d5a87222ab04d1c9935f-00693185a4" "-" 0.0179 "-" 20 -
Dec 4 12:59:16 standalone proxy-server[128645]: autocreate account '/AUTH_fba990d634184bd7b078beb19b6e3854' (txn: tx6d5a87222ab04d1c9935f-00693185a4)
Dec 4 12:59:16 standalone account-server[126743]: 172.20.0.100 - - [04/Dec/2025:12:59:16 +0000] "HEAD /d1/899/AUTH_fba990d634184bd7b078beb19b6e3854" 204 - "HEAD http://172.18.0.2:8080/v1/AUTH_fba990d634184bd7b078beb19b6e3854?format=json" "tx6d5a87222ab04d1c9935f-00693185a4" "proxy-server 20" 0.0024 "-" 20 -
Dec 4 12:59:16 standalone account-server[126756]: 172.20.0.100 - - [04/Dec/2025:12:59:16 +0000] "PUT /d1/899/AUTH_fba990d634184bd7b078beb19b6e3854/gnocchi.0464f8fa-9bce-455c-9cc6-0c8c91683971" 201 - "PUT http://172.20.0.100:6001/d1/221/AUTH_fba990d634184bd7b078beb19b6e3854/gnocchi.0464f8fa-9bce-455c-9cc6-0c8c91683971" "tx6d5a87222ab04d1c9935f-00693185a4" "container-server 23" 0.0026 "-" 23 0
Dec 4 12:59:16 standalone container-server[126784]: 172.20.0.100 - - [04/Dec/2025:12:59:16 +0000] "PUT /d1/221/AUTH_fba990d634184bd7b078beb19b6e3854/gnocchi.0464f8fa-9bce-455c-9cc6-0c8c91683971" 201 - "PUT http://172.18.0.2:8080/v1/AUTH_fba990d634184bd7b078beb19b6e3854/gnocchi.0464f8fa-9bce-455c-9cc6-0c8c91683971" "tx6d5a87222ab04d1c9935f-00693185a4" "proxy-server 20" 0.0212 "-" 23 0
Dec 4 12:59:16 standalone proxy-server[128645]: 172.18.0.2 172.18.0.100 04/Dec/2025/12/59/16 PUT /v1/AUTH_fba990d634184bd7b078beb19b6e3854/gnocchi.0464f8fa-9bce-455c-9cc6-0c8c91683971 HTTP/1.0 201 - python-swiftclient-3.11.1 gAAAAABpMYWk_xEA... - - - tx6d5a87222ab04d1c9935f-00693185a4 - 0.0538 - - 1764853156.482913017 1764853156.536762953 0
Dec 4 12:59:16 standalone container-server[126778]: 172.20.0.100 - - [04/Dec/2025:12:59:16 +0000] "HEAD /d1/221/AUTH_fba990d634184bd7b078beb19b6e3854/gnocchi.0464f8fa-9bce-455c-9cc6-0c8c91683971" 204 - "HEAD http://172.18.0.2:8080/v1/AUTH_fba990d634184bd7b078beb19b6e3854/gnocchi.0464f8fa-9bce-455c-9cc6-0c8c91683971?format=json&states=listing" "txd2f9a52cd7ff43c198733-00693185a4" "proxy-server 20" 0.0046 "-" 22 0
Dec 4 12:59:16 standalone proxy-server[128645]: - - 04/Dec/2025/12/59/16 HEAD /v1/AUTH_fba990d634184bd7b078beb19b6e3854/gnocchi.0464f8fa-9bce-455c-9cc6-0c8c91683971%3Fformat%3Djson%26states%3Dlisting HTTP/1.0 204 - Swift - - - - txd2f9a52cd7ff43c198733-00693185a4 - 0.0079 RL - 1764853156.541859388 1764853156.549765110 0
Dec 4 12:59:16 standalone container-server[126769]: 172.20.0.100 - - [04/Dec/2025:12:59:16 +0000] "GET /d1/221/AUTH_fba990d634184bd7b078beb19b6e3854/gnocchi.0464f8fa-9bce-455c-9cc6-0c8c91683971" 200 2 "GET http://172.18.0.2:8080/v1/AUTH_fba990d634184bd7b078beb19b6e3854/gnocchi.0464f8fa-9bce-455c-9cc6-0c8c91683971?format=json&states=listing" "txd2f9a52cd7ff43c198733-00693185a4" "proxy-server 20" 0.0058 "-" 21 0
Dec 4 12:59:16 standalone proxy-server[128645]: 172.18.0.2 172.18.0.100 04/Dec/2025/12/59/16 GET /v1/AUTH_fba990d634184bd7b078beb19b6e3854/gnocchi.0464f8fa-9bce-455c-9cc6-0c8c91683971%3Fformat%3Djson%26states%3Dlisting HTTP/1.0 200 - python-swiftclient-3.11.1 gAAAAABpMYWk_xEA... - 2 - txd2f9a52cd7ff43c198733-00693185a4 - 0.0200 - - 1764853156.541048050 1764853156.561061144 0
Dec 4 12:59:16 standalone object-server[126903]: 172.20.0.100 - - [04/Dec/2025:12:59:16 +0000] "GET /d1/208/AUTH_fba990d634184bd7b078beb19b6e3854/gnocchi.0464f8fa-9bce-455c-9cc6-0c8c91683971/1764720000.0_mean_300.0_v3" 404 70 "GET http://172.18.0.2:8080/v1/AUTH_fba990d634184bd7b078beb19b6e3854/gnocchi.0464f8fa-9bce-455c-9cc6-0c8c91683971/1764720000.0_mean_300.0_v3" "txe716f42bd3674dfaa592b-00693185a4" "proxy-server 20" 0.0004 "-" 25 0
Dec 4 12:59:16 standalone proxy-server[128645]: 172.18.0.2 172.18.0.100 04/Dec/2025/12/59/16 GET /v1/AUTH_fba990d634184bd7b078beb19b6e3854/gnocchi.0464f8fa-9bce-455c-9cc6-0c8c91683971/1764720000.0_mean_300.0_v3 HTTP/1.0 404 - python-swiftclient-3.11.1 gAAAAABpMYWk_xEA... - 70 - txe716f42bd3674dfaa592b-00693185a4 - 0.0048 - - 1764853156.565644979 1764853156.570464849 0
Dec 4 12:59:16 standalone container-server[126784]: 172.20.0.100 - - [04/Dec/2025:12:59:16 +0000] "PUT /d1/221/AUTH_fba990d634184bd7b078beb19b6e3854/gnocchi.0464f8fa-9bce-455c-9cc6-0c8c91683971/1764720000.0_mean_300.0_v3" 201 - "PUT http://172.18.0.2:8080/d1/208/AUTH_fba990d634184bd7b078beb19b6e3854/gnocchi.0464f8fa-9bce-455c-9cc6-0c8c91683971/1764720000.0_mean_300.0_v3" "txefcfc42d25ae4da5aac47-00693185a4" "object-server 21" 0.0009 "-" 23 0
Dec 4 12:59:16 standalone object-server[126896]: 172.20.0.100 - - [04/Dec/2025:12:59:16 +0000] "PUT /d1/208/AUTH_fba990d634184bd7b078beb19b6e3854/gnocchi.0464f8fa-9bce-455c-9cc6-0c8c91683971/1764720000.0_mean_300.0_v3" 201 - "PUT http://172.18.0.2:8080/v1/AUTH_fba990d634184bd7b078beb19b6e3854/gnocchi.0464f8fa-9bce-455c-9cc6-0c8c91683971/1764720000.0_mean_300.0_v3" "txefcfc42d25ae4da5aac47-00693185a4" "proxy-server 20" 0.0338 "-" 21 0
Dec 4 12:59:16 standalone proxy-server[128645]: 172.18.0.2 172.18.0.100 04/Dec/2025/12/59/16 PUT /v1/AUTH_fba990d634184bd7b078beb19b6e3854/gnocchi.0464f8fa-9bce-455c-9cc6-0c8c91683971/1764720000.0_mean_300.0_v3 HTTP/1.0 201 - python-swiftclient-3.11.1 gAAAAABpMYWk_xEA... 16 - - txefcfc42d25ae4da5aac47-00693185a4 - 0.0393 - - 1764853156.573794127 1764853156.613131523 0
Dec 4 12:59:16 standalone container-server[126778]: 172.20.0.100 - - [04/Dec/2025:12:59:16 +0000] "PUT /d1/221/AUTH_fba990d634184bd7b078beb19b6e3854/gnocchi.0464f8fa-9bce-455c-9cc6-0c8c91683971/none_v3" 201 - "PUT http://172.18.0.2:8080/d1/372/AUTH_fba990d634184bd7b078beb19b6e3854/gnocchi.0464f8fa-9bce-455c-9cc6-0c8c91683971/none_v3" "txe45289733af7472b94dd0-00693185a4" "object-server 22" 0.0009 "-" 22 0
Dec 4 12:59:16 standalone object-server[126899]: 172.20.0.100 - - [04/Dec/2025:12:59:16 +0000] "PUT /d1/372/AUTH_fba990d634184bd7b078beb19b6e3854/gnocchi.0464f8fa-9bce-455c-9cc6-0c8c91683971/none_v3" 201 - "PUT http://172.18.0.2:8080/v1/AUTH_fba990d634184bd7b078beb19b6e3854/gnocchi.0464f8fa-9bce-455c-9cc6-0c8c91683971/none_v3" "txe45289733af7472b94dd0-00693185a4" "proxy-server 20" 0.0314 "-" 22 0
Dec 4 12:59:16 standalone proxy-server[128645]: 172.18.0.2 172.18.0.100 04/Dec/2025/12/59/16 PUT /v1/AUTH_fba990d634184bd7b078beb19b6e3854/gnocchi.0464f8fa-9bce-455c-9cc6-0c8c91683971/none_v3 HTTP/1.0 201 - python-swiftclient-3.11.1 gAAAAABpMYWk_xEA... 22 - - txe45289733af7472b94dd0-00693185a4 - 0.0363 - - 1764853156.615964890 1764853156.652260542 0
Dec 4 12:59:45 standalone object-server[126899]: 172.20.0.100 - - [04/Dec/2025:12:59:45 +0000] "GET /d1/372/AUTH_fba990d634184bd7b078beb19b6e3854/gnocchi.0464f8fa-9bce-455c-9cc6-0c8c91683971/none_v3" 200 22 "GET http://172.18.0.2:8080/v1/AUTH_fba990d634184bd7b078beb19b6e3854/gnocchi.0464f8fa-9bce-455c-9cc6-0c8c91683971/none_v3" "tx9ea7bbdf550a4b2391fba-00693185c1" "proxy-server 20" 0.0015 "-" 22 0
Dec 4 12:59:45 standalone proxy-server[128645]: 172.18.0.2 172.18.0.100 04/Dec/2025/12/59/45 GET /v1/AUTH_fba990d634184bd7b078beb19b6e3854/gnocchi.0464f8fa-9bce-455c-9cc6-0c8c91683971/none_v3 HTTP/1.0 200 - python-swiftclient-3.11.1 gAAAAABpMYWk_xEA... - 22 - tx9ea7bbdf550a4b2391fba-00693185c1 - 0.0088 - - 1764853185.885684490 1764853185.894459486 0
Dec 4 12:59:45 standalone container-server[126784]: 172.20.0.100 - - [04/Dec/2025:12:59:45 +0000] "GET /d1/221/AUTH_fba990d634184bd7b078beb19b6e3854/gnocchi.0464f8fa-9bce-455c-9cc6-0c8c91683971" 200 357 "GET http://172.18.0.2:8080/v1/AUTH_fba990d634184bd7b078beb19b6e3854/gnocchi.0464f8fa-9bce-455c-9cc6-0c8c91683971?format=json&states=listing" "tx0a7cdf1a9bd24d699f87b-00693185c1" "proxy-server 20" 0.0233 "-" 23 0
Dec 4 12:59:45 standalone proxy-server[128645]: 172.18.0.2 172.18.0.100 04/Dec/2025/12/59/45 GET /v1/AUTH_fba990d634184bd7b078beb19b6e3854/gnocchi.0464f8fa-9bce-455c-9cc6-0c8c91683971%3Fformat%3Djson%26states%3Dlisting HTTP/1.0 200 - python-swiftclient-3.11.1 gAAAAABpMYWk_xEA... - 357 - tx0a7cdf1a9bd24d699f87b-00693185c1 - 0.0302 - - 1764853185.898320198 1764853185.928561687 0
Dec 4 12:59:45 standalone container-server[126784]: 172.20.0.100 - - [04/Dec/2025:12:59:45 +0000] "GET /d1/221/AUTH_fba990d634184bd7b078beb19b6e3854/gnocchi.0464f8fa-9bce-455c-9cc6-0c8c91683971" 200 2 "GET http://172.18.0.2:8080/v1/AUTH_fba990d634184bd7b078beb19b6e3854/gnocchi.0464f8fa-9bce-455c-9cc6-0c8c91683971?format=json&marker=none_v3&states=listing" "txee9373f108ee45ab872a5-00693185c1" "proxy-server 20" 0.0073 "-" 23 0
Dec 4 12:59:45 standalone proxy-server[128645]: 172.18.0.2 172.18.0.100 04/Dec/2025/12/59/45 GET /v1/AUTH_fba990d634184bd7b078beb19b6e3854/gnocchi.0464f8fa-9bce-455c-9cc6-0c8c91683971%3Fformat%3Djson%26marker%3Dnone_v3%26states%3Dlisting HTTP/1.0 200 - python-swiftclient-3.11.1 gAAAAABpMYWk_xEA... - 2 - txee9373f108ee45ab872a5-00693185c1 - 0.0137 - - 1764853185.931599617 1764853185.945334435 0
Dec 4 12:59:45 standalone object-server[126901]: 172.20.0.100 - - [04/Dec/2025:12:59:45 +0000] "GET /d1/208/AUTH_fba990d634184bd7b078beb19b6e3854/gnocchi.0464f8fa-9bce-455c-9cc6-0c8c91683971/1764720000.0_mean_300.0_v3" 200 16 "GET http://172.18.0.2:8080/v1/AUTH_fba990d634184bd7b078beb19b6e3854/gnocchi.0464f8fa-9bce-455c-9cc6-0c8c91683971/1764720000.0_mean_300.0_v3" "tx55b096fb0d4e49699d59b-00693185c1" "proxy-server 20" 0.0022 "-" 23 0
Dec 4 12:59:45 standalone proxy-server[128645]: 172.18.0.2 172.18.0.100 04/Dec/2025/12/59/45 GET /v1/AUTH_fba990d634184bd7b078beb19b6e3854/gnocchi.0464f8fa-9bce-455c-9cc6-0c8c91683971/1764720000.0_mean_300.0_v3 HTTP/1.0 200 - python-swiftclient-3.11.1 gAAAAABpMYWk_xEA... - 16 - tx55b096fb0d4e49699d59b-00693185c1 - 0.0137 - - 1764853185.948530197 1764853185.962260008 0
Dec 4 12:59:45 standalone container-server[126784]: 172.20.0.100 - - [04/Dec/2025:12:59:45 +0000] "PUT /d1/221/AUTH_fba990d634184bd7b078beb19b6e3854/gnocchi.0464f8fa-9bce-455c-9cc6-0c8c91683971/1764720000.0_mean_300.0_v3" 201 - "PUT http://172.18.0.2:8080/d1/208/AUTH_fba990d634184bd7b078beb19b6e3854/gnocchi.0464f8fa-9bce-455c-9cc6-0c8c91683971/1764720000.0_mean_300.0_v3" "tx6502088100ec4c2398b92-00693185c1" "object-server 23" 0.0009 "-" 23 0
Dec 4 12:59:45 standalone object-server[126901]: 172.20.0.100 - - [04/Dec/2025:12:59:45 +0000] "PUT /d1/208/AUTH_fba990d634184bd7b078beb19b6e3854/gnocchi.0464f8fa-9bce-455c-9cc6-0c8c91683971/1764720000.0_mean_300.0_v3" 201 - "PUT http://172.18.0.2:8080/v1/AUTH_fba990d634184bd7b078beb19b6e3854/gnocchi.0464f8fa-9bce-455c-9cc6-0c8c91683971/1764720000.0_mean_300.0_v3" "tx6502088100ec4c2398b92-00693185c1" "proxy-server 20" 0.0228 "-" 23 0
Dec 4 12:59:45 standalone proxy-server[128645]: 172.18.0.2 172.18.0.100 04/Dec/2025/12/59/45 PUT /v1/AUTH_fba990d634184bd7b078beb19b6e3854/gnocchi.0464f8fa-9bce-455c-9cc6-0c8c91683971/1764720000.0_mean_300.0_v3 HTTP/1.0 201 - python-swiftclient-3.11.1 gAAAAABpMYWk_xEA... 16 - - tx6502088100ec4c2398b92-00693185c1 - 0.0313 - - 1764853185.967024088 1764853185.998355150 0
Dec 4 12:59:46 standalone container-server[126769]: 172.20.0.100 - - [04/Dec/2025:12:59:46 +0000] "PUT /d1/221/AUTH_fba990d634184bd7b078beb19b6e3854/gnocchi.0464f8fa-9bce-455c-9cc6-0c8c91683971/none_v3" 201 - "PUT http://172.18.0.2:8080/d1/372/AUTH_fba990d634184bd7b078beb19b6e3854/gnocchi.0464f8fa-9bce-455c-9cc6-0c8c91683971/none_v3" "tx51b18eb93dab4b3fa28ba-00693185c2" "object-server 25" 0.0007 "-" 21 0
Dec 4 12:59:46 standalone object-server[126903]: 172.20.0.100 - - [04/Dec/2025:12:59:46 +0000] "PUT /d1/372/AUTH_fba990d634184bd7b078beb19b6e3854/gnocchi.0464f8fa-9bce-455c-9cc6-0c8c91683971/none_v3" 201 - "PUT http://172.18.0.2:8080/v1/AUTH_fba990d634184bd7b078beb19b6e3854/gnocchi.0464f8fa-9bce-455c-9cc6-0c8c91683971/none_v3" "tx51b18eb93dab4b3fa28ba-00693185c2" "proxy-server 20" 0.0249 "-" 25 0
Dec 4 12:59:46 standalone proxy-server[128645]: 172.18.0.2 172.18.0.100 04/Dec/2025/12/59/46 PUT /v1/AUTH_fba990d634184bd7b078beb19b6e3854/gnocchi.0464f8fa-9bce-455c-9cc6-0c8c91683971/none_v3 HTTP/1.0 201 - python-swiftclient-3.11.1 gAAAAABpMYWk_xEA... 32 - - tx51b18eb93dab4b3fa28ba-00693185c2 - 0.0335 - - 1764853186.002372026 1764853186.035836458 0
Dec 4 12:59:47 standalone container-server[126544]: Begin container update sweep
Dec 4 12:59:47 standalone account-server[126743]: 172.20.0.100 - - [04/Dec/2025:12:59:47 +0000] "PUT /d1/899/AUTH_fba990d634184bd7b078beb19b6e3854/gnocchi.0464f8fa-9bce-455c-9cc6-0c8c91683971" 201 - "-" "-" "container-updater 2" 0.0010 "-" 20 0
Dec 4 12:59:47 standalone container-server[126544]: Container update sweep completed: 0.10s
Dec 4 13:00:03 standalone object-server[126790]: Begin object update sweep
Dec 4 13:00:03 standalone object-server[223815]: Object update sweep starting on /srv/node/d1 (pid: 14)
Dec 4 13:00:03 standalone object-server[223815]: Object update sweep completed on /srv/node/d1 in 0.00s seconds:, 0 successes, 0 failures, 0 quarantines, 0 unlinks, 0 errors, 0 redirects (pid: 14)
Dec 4 13:00:03 standalone object-server[223815]: Object update sweep of d1 completed: 0.00s, 0 successes, 0 failures, 0 quarantines, 0 unlinks, 0 errors, 0 redirects
Dec 4 13:00:03 standalone object-server[126790]: Object update sweep completed: 0.09s
Dec 4 13:00:14 standalone container-server[126769]: 172.20.0.100 - - [04/Dec/2025:13:00:14 +0000] "HEAD /d1/417/AUTH_fba990d634184bd7b078beb19b6e3854/gnocchi.1b7e4981-96d2-4693-aab3-32026f49efea" 404 - "HEAD http://172.18.0.2:8080/v1/AUTH_fba990d634184bd7b078beb19b6e3854/gnocchi.1b7e4981-96d2-4693-aab3-32026f49efea?format=json&states=listing" "txdfa68ca4ae314290bc1cd-00693185de" "proxy-server 20" 0.0008 "-" 21 0
Dec 4 13:00:14 standalone object-server[126896]: 172.20.0.100 - - [04/Dec/2025:13:00:14 +0000] "GET /d1/325/AUTH_fba990d634184bd7b078beb19b6e3854/gnocchi.1b7e4981-96d2-4693-aab3-32026f49efea/none_v3" 404 70 "GET http://172.18.0.2:8080/v1/AUTH_fba990d634184bd7b078beb19b6e3854/gnocchi.1b7e4981-96d2-4693-aab3-32026f49efea/none_v3" "txdfa68ca4ae314290bc1cd-00693185de" "proxy-server 20" 0.0008 "-" 21 0
Dec 4 13:00:14 standalone proxy-server[128645]: 172.18.0.2 172.18.0.100 04/Dec/2025/13/00/14 GET /v1/AUTH_fba990d634184bd7b078beb19b6e3854/gnocchi.1b7e4981-96d2-4693-aab3-32026f49efea/none_v3 HTTP/1.0 404 - python-swiftclient-3.11.1 gAAAAABpMYWk_xEA... - 70 - txdfa68ca4ae314290bc1cd-00693185de - 0.0327 - - 1764853214.568217278 1764853214.600891590 0
Dec 4 13:00:14 standalone account-server[126752]: 172.20.0.100 - - [04/Dec/2025:13:00:14 +0000] "PUT /d1/899/AUTH_fba990d634184bd7b078beb19b6e3854/gnocchi.1b7e4981-96d2-4693-aab3-32026f49efea" 201 - "PUT http://172.20.0.100:6001/d1/417/AUTH_fba990d634184bd7b078beb19b6e3854/gnocchi.1b7e4981-96d2-4693-aab3-32026f49efea" "tx5d188e1e68bb40f9ad509-00693185de" "container-server 22" 0.0049 "-" 22 0
Dec 4 13:00:14 standalone container-server[126778]: 172.20.0.100 - - [04/Dec/2025:13:00:14 +0000] "PUT /d1/417/AUTH_fba990d634184bd7b078beb19b6e3854/gnocchi.1b7e4981-96d2-4693-aab3-32026f49efea" 201 - "PUT http://172.18.0.2:8080/v1/AUTH_fba990d634184bd7b078beb19b6e3854/gnocchi.1b7e4981-96d2-4693-aab3-32026f49efea" "tx5d188e1e68bb40f9ad509-00693185de" "proxy-server 20" 0.0154 "-" 22 0
Dec 4 13:00:14 standalone proxy-server[128645]: 172.18.0.2 172.18.0.100 04/Dec/2025/13/00/14 PUT /v1/AUTH_fba990d634184bd7b078beb19b6e3854/gnocchi.1b7e4981-96d2-4693-aab3-32026f49efea HTTP/1.0 201 - python-swiftclient-3.11.1 gAAAAABpMYWk_xEA... - - - tx5d188e1e68bb40f9ad509-00693185de - 0.0220 - - 1764853214.605865955 1764853214.627841949 0
Dec 4 13:00:14 standalone container-server[126778]: 172.20.0.100 - - [04/Dec/2025:13:00:14 +0000] "HEAD /d1/417/AUTH_fba990d634184bd7b078beb19b6e3854/gnocchi.1b7e4981-96d2-4693-aab3-32026f49efea" 204 - "HEAD http://172.18.0.2:8080/v1/AUTH_fba990d634184bd7b078beb19b6e3854/gnocchi.1b7e4981-96d2-4693-aab3-32026f49efea?format=json&states=listing" "tx4a3a2821a13d4c79b6ee7-00693185de" "proxy-server 20" 0.0015 "-" 22 0
Dec 4 13:00:14 standalone proxy-server[128645]: - - 04/Dec/2025/13/00/14 HEAD /v1/AUTH_fba990d634184bd7b078beb19b6e3854/gnocchi.1b7e4981-96d2-4693-aab3-32026f49efea%3Fformat%3Djson%26states%3Dlisting HTTP/1.0 204 - Swift - - - - tx4a3a2821a13d4c79b6ee7-00693185de - 0.0056 RL - 1764853214.634746552 1764853214.640303373 0
Dec 4 13:00:14 standalone container-server[126778]: 172.20.0.100 - - [04/Dec/2025:13:00:14 +0000] "GET /d1/417/AUTH_fba990d634184bd7b078beb19b6e3854/gnocchi.1b7e4981-96d2-4693-aab3-32026f49efea" 200 2 "GET http://172.18.0.2:8080/v1/AUTH_fba990d634184bd7b078beb19b6e3854/gnocchi.1b7e4981-96d2-4693-aab3-32026f49efea?format=json&states=listing" "tx4a3a2821a13d4c79b6ee7-00693185de" "proxy-server 20" 0.0024 "-" 22 0
Dec 4 13:00:14 standalone proxy-server[128645]: 172.18.0.2 172.18.0.100 04/Dec/2025/13/00/14 GET /v1/AUTH_fba990d634184bd7b078beb19b6e3854/gnocchi.1b7e4981-96d2-4693-aab3-32026f49efea%3Fformat%3Djson%26states%3Dlisting HTTP/1.0 200 - python-swiftclient-3.11.1 gAAAAABpMYWk_xEA... - 2 - tx4a3a2821a13d4c79b6ee7-00693185de - 0.0184 - - 1764853214.632836580 1764853214.651273251 0
Dec 4 13:00:14 standalone object-server[126901]: 172.20.0.100 - - [04/Dec/2025:13:00:14 +0000] "GET /d1/789/AUTH_fba990d634184bd7b078beb19b6e3854/gnocchi.1b7e4981-96d2-4693-aab3-32026f49efea/1764720000.0_mean_300.0_v3" 404 70 "GET http://172.18.0.2:8080/v1/AUTH_fba990d634184bd7b078beb19b6e3854/gnocchi.1b7e4981-96d2-4693-aab3-32026f49efea/1764720000.0_mean_300.0_v3" "tx35d462ef1ef4446481c42-00693185de" "proxy-server 20" 0.0004 "-" 23 0
Dec 4 13:00:14 standalone proxy-server[128645]: 172.18.0.2 172.18.0.100 04/Dec/2025/13/00/14 GET /v1/AUTH_fba990d634184bd7b078beb19b6e3854/gnocchi.1b7e4981-96d2-4693-aab3-32026f49efea/1764720000.0_mean_300.0_v3 HTTP/1.0 404 - python-swiftclient-3.11.1 gAAAAABpMYWk_xEA... - 70 - tx35d462ef1ef4446481c42-00693185de - 0.0064 - - 1764853214.655730486 1764853214.662177086 0
Dec 4 13:00:14 standalone container-server[126765]: 172.20.0.100 - - [04/Dec/2025:13:00:14 +0000] "PUT /d1/417/AUTH_fba990d634184bd7b078beb19b6e3854/gnocchi.1b7e4981-96d2-4693-aab3-32026f49efea/1764720000.0_mean_300.0_v3" 201 - "PUT http://172.18.0.2:8080/d1/789/AUTH_fba990d634184bd7b078beb19b6e3854/gnocchi.1b7e4981-96d2-4693-aab3-32026f49efea/1764720000.0_mean_300.0_v3" "tx5525b1b9a6134e459593a-00693185de" "object-server 22" 0.0011 "-" 20 0
Dec 4 13:00:14 standalone object-server[126899]: 172.20.0.100 - - [04/Dec/2025:13:00:14 +0000] "PUT /d1/789/AUTH_fba990d634184bd7b078beb19b6e3854/gnocchi.1b7e4981-96d2-4693-aab3-32026f49efea/1764720000.0_mean_300.0_v3" 201 - "PUT http://172.18.0.2:8080/v1/AUTH_fba990d634184bd7b078beb19b6e3854/gnocchi.1b7e4981-96d2-4693-aab3-32026f49efea/1764720000.0_mean_300.0_v3" "tx5525b1b9a6134e459593a-00693185de" "proxy-server 20" 0.0092 "-" 22 0
Dec 4 13:00:14 standalone proxy-server[128645]: 172.18.0.2 172.18.0.100 04/Dec/2025/13/00/14 PUT /v1/AUTH_fba990d634184bd7b078beb19b6e3854/gnocchi.1b7e4981-96d2-4693-aab3-32026f49efea/1764720000.0_mean_300.0_v3 HTTP/1.0 201 - python-swiftclient-3.11.1 gAAAAABpMYWk_xEA... 16 - - tx5525b1b9a6134e459593a-00693185de - 0.0155 - - 1764853214.666009903 1764853214.681476116 0
Dec 4 13:00:14 standalone container-server[126769]: 172.20.0.100 - - [04/Dec/2025:13:00:14 +0000] "PUT /d1/417/AUTH_fba990d634184bd7b078beb19b6e3854/gnocchi.1b7e4981-96d2-4693-aab3-32026f49efea/none_v3" 201 - "PUT http://172.18.0.2:8080/d1/325/AUTH_fba990d634184bd7b078beb19b6e3854/gnocchi.1b7e4981-96d2-4693-aab3-32026f49efea/none_v3" "tx99a53bb65aa94b7695e48-00693185de" "object-server 21" 0.0004 "-" 21 0
Dec 4 13:00:14 standalone object-server[126896]: 172.20.0.100 - - [04/Dec/2025:13:00:14 +0000] "PUT /d1/325/AUTH_fba990d634184bd7b078beb19b6e3854/gnocchi.1b7e4981-96d2-4693-aab3-32026f49efea/none_v3" 201 - "PUT http://172.18.0.2:8080/v1/AUTH_fba990d634184bd7b078beb19b6e3854/gnocchi.1b7e4981-96d2-4693-aab3-32026f49efea/none_v3" "tx99a53bb65aa94b7695e48-00693185de" "proxy-server 20" 0.0127 "-" 21 0
Dec 4 13:00:14 standalone proxy-server[128645]: 172.18.0.2 172.18.0.100 04/Dec/2025/13/00/14 PUT /v1/AUTH_fba990d634184bd7b078beb19b6e3854/gnocchi.1b7e4981-96d2-4693-aab3-32026f49efea/none_v3 HTTP/1.0 201 - python-swiftclient-3.11.1 gAAAAABpMYWk_xEA... 22 - - tx99a53bb65aa94b7695e48-00693185de - 0.0218 - - 1764853214.685325623 1764853214.707115173 0
Dec 4 13:00:14 standalone container-server[126765]: 172.20.0.100 - - [04/Dec/2025:13:00:14 +0000] "HEAD /d1/668/AUTH_fba990d634184bd7b078beb19b6e3854/gnocchi.7d06ab4f-1640-42a2-bbf5-3a43d06e045e" 404 - "HEAD http://172.18.0.2:8080/v1/AUTH_fba990d634184bd7b078beb19b6e3854/gnocchi.7d06ab4f-1640-42a2-bbf5-3a43d06e045e?format=json&states=listing" "tx96d478d77fd844ee8a184-00693185de" "proxy-server 20" 0.0007 "-" 20 0
Dec 4 13:00:14 standalone object-server[126903]: 172.20.0.100 - - [04/Dec/2025:13:00:14 +0000] "GET /d1/15/AUTH_fba990d634184bd7b078beb19b6e3854/gnocchi.7d06ab4f-1640-42a2-bbf5-3a43d06e045e/none_v3" 404 70 "GET http://172.18.0.2:8080/v1/AUTH_fba990d634184bd7b078beb19b6e3854/gnocchi.7d06ab4f-1640-42a2-bbf5-3a43d06e045e/none_v3" "tx96d478d77fd844ee8a184-00693185de" "proxy-server 20" 0.0003 "-" 25 0
Dec 4 13:00:14 standalone proxy-server[128645]: 172.18.0.2 172.18.0.100 04/Dec/2025/13/00/14 GET /v1/AUTH_fba990d634184bd7b078beb19b6e3854/gnocchi.7d06ab4f-1640-42a2-bbf5-3a43d06e045e/none_v3 HTTP/1.0 404 - python-swiftclient-3.11.1 gAAAAABpMYWk_xEA... - 70 - tx96d478d77fd844ee8a184-00693185de - 0.0104 - - 1764853214.721246481 1764853214.731686115 0
Dec 4 13:00:14 standalone account-server[126743]: 172.20.0.100 - - [04/Dec/2025:13:00:14 +0000] "PUT /d1/899/AUTH_fba990d634184bd7b078beb19b6e3854/gnocchi.7d06ab4f-1640-42a2-bbf5-3a43d06e045e" 201 - "PUT http://172.20.0.100:6001/d1/668/AUTH_fba990d634184bd7b078beb19b6e3854/gnocchi.7d06ab4f-1640-42a2-bbf5-3a43d06e045e" "tx30ed6e3add10402f80c40-00693185de" "container-server 21" 0.0415 "-" 20 0
Dec 4 13:00:14 standalone container-server[126769]: 172.20.0.100 - - [04/Dec/2025:13:00:14 +0000] "PUT /d1/668/AUTH_fba990d634184bd7b078beb19b6e3854/gnocchi.7d06ab4f-1640-42a2-bbf5-3a43d06e045e" 201 - "PUT http://172.18.0.2:8080/v1/AUTH_fba990d634184bd7b078beb19b6e3854/gnocchi.7d06ab4f-1640-42a2-bbf5-3a43d06e045e" "tx30ed6e3add10402f80c40-00693185de" "proxy-server 20" 0.0646 "-" 21 0
Dec 4 13:00:14 standalone proxy-server[128645]: 172.18.0.2 172.18.0.100 04/Dec/2025/13/00/14 PUT /v1/AUTH_fba990d634184bd7b078beb19b6e3854/gnocchi.7d06ab4f-1640-42a2-bbf5-3a43d06e045e HTTP/1.0 201 - python-swiftclient-3.11.1 gAAAAABpMYWk_xEA... - - - tx30ed6e3add10402f80c40-00693185de - 0.0708 - - 1764853214.736918211 1764853214.807758093 0
Dec 4 13:00:14 standalone container-server[126778]: 172.20.0.100 - - [04/Dec/2025:13:00:14 +0000] "HEAD /d1/668/AUTH_fba990d634184bd7b078beb19b6e3854/gnocchi.7d06ab4f-1640-42a2-bbf5-3a43d06e045e" 204 - "HEAD http://172.18.0.2:8080/v1/AUTH_fba990d634184bd7b078beb19b6e3854/gnocchi.7d06ab4f-1640-42a2-bbf5-3a43d06e045e?format=json&states=listing" "tx613cefdb711e41c5a2a50-00693185de" "proxy-server 20" 0.0011 "-" 22 0
Dec 4 13:00:14 standalone proxy-server[128645]: - - 04/Dec/2025/13/00/14 HEAD /v1/AUTH_fba990d634184bd7b078beb19b6e3854/gnocchi.7d06ab4f-1640-42a2-bbf5-3a43d06e045e%3Fformat%3Djson%26states%3Dlisting HTTP/1.0 204 - Swift - - - - tx613cefdb711e41c5a2a50-00693185de - 0.0053 RL - 1764853214.813540697 1764853214.818802595 0
Dec 4 13:00:14 standalone container-server[126784]: 172.20.0.100 - - [04/Dec/2025:13:00:14 +0000] "GET /d1/668/AUTH_fba990d634184bd7b078beb19b6e3854/gnocchi.7d06ab4f-1640-42a2-bbf5-3a43d06e045e" 200 2 "GET http://172.18.0.2:8080/v1/AUTH_fba990d634184bd7b078beb19b6e3854/gnocchi.7d06ab4f-1640-42a2-bbf5-3a43d06e045e?format=json&states=listing" "tx613cefdb711e41c5a2a50-00693185de" "proxy-server 20" 0.0025 "-" 23 0
Dec 4 13:00:14 standalone proxy-server[128645]: 172.18.0.2 172.18.0.100 04/Dec/2025/13/00/14 GET /v1/AUTH_fba990d634184bd7b078beb19b6e3854/gnocchi.7d06ab4f-1640-42a2-bbf5-3a43d06e045e%3Fformat%3Djson%26states%3Dlisting HTTP/1.0 200 - python-swiftclient-3.11.1 gAAAAABpMYWk_xEA... - 2 - tx613cefdb711e41c5a2a50-00693185de - 0.0185 - - 1764853214.812237024 1764853214.830750942 0
Dec 4 13:00:14 standalone object-server[126901]: 172.20.0.100 - - [04/Dec/2025:13:00:14 +0000] "GET /d1/414/AUTH_fba990d634184bd7b078beb19b6e3854/gnocchi.7d06ab4f-1640-42a2-bbf5-3a43d06e045e/1764720000.0_mean_300.0_v3" 404 70 "GET http://172.18.0.2:8080/v1/AUTH_fba990d634184bd7b078beb19b6e3854/gnocchi.7d06ab4f-1640-42a2-bbf5-3a43d06e045e/1764720000.0_mean_300.0_v3" "tx6a05877487074a95bf7b6-00693185de" "proxy-server 20" 0.0003 "-" 23 0
Dec 4 13:00:14 standalone proxy-server[128645]: 172.18.0.2 172.18.0.100 04/Dec/2025/13/00/14 GET /v1/AUTH_fba990d634184bd7b078beb19b6e3854/gnocchi.7d06ab4f-1640-42a2-bbf5-3a43d06e045e/1764720000.0_mean_300.0_v3 HTTP/1.0 404 - python-swiftclient-3.11.1 gAAAAABpMYWk_xEA... - 70 - tx6a05877487074a95bf7b6-00693185de - 0.0068 - - 1764853214.834809303 1764853214.841586590 0
Dec 4 13:00:14 standalone container-server[126769]: 172.20.0.100 - - [04/Dec/2025:13:00:14 +0000] "PUT /d1/668/AUTH_fba990d634184bd7b078beb19b6e3854/gnocchi.7d06ab4f-1640-42a2-bbf5-3a43d06e045e/1764720000.0_mean_300.0_v3" 201 - "PUT http://172.18.0.2:8080/d1/414/AUTH_fba990d634184bd7b078beb19b6e3854/gnocchi.7d06ab4f-1640-42a2-bbf5-3a43d06e045e/1764720000.0_mean_300.0_v3" "tx122e5b6a27f84b90b19f4-00693185de" "object-server 25" 0.0005 "-" 21 0
Dec 4 13:00:14 standalone object-server[126903]: 172.20.0.100 - - [04/Dec/2025:13:00:14 +0000] "PUT /d1/414/AUTH_fba990d634184bd7b078beb19b6e3854/gnocchi.7d06ab4f-1640-42a2-bbf5-3a43d06e045e/1764720000.0_mean_300.0_v3" 201 - "PUT http://172.18.0.2:8080/v1/AUTH_fba990d634184bd7b078beb19b6e3854/gnocchi.7d06ab4f-1640-42a2-bbf5-3a43d06e045e/1764720000.0_mean_300.0_v3" "tx122e5b6a27f84b90b19f4-00693185de" "proxy-server 20" 0.0295 "-" 25 0
Dec 4 13:00:14 standalone proxy-server[128645]: 172.18.0.2 172.18.0.100 04/Dec/2025/13/00/14 PUT /v1/AUTH_fba990d634184bd7b078beb19b6e3854/gnocchi.7d06ab4f-1640-42a2-bbf5-3a43d06e045e/1764720000.0_mean_300.0_v3 HTTP/1.0 201 - python-swiftclient-3.11.1 gAAAAABpMYWk_xEA... 16 - - tx122e5b6a27f84b90b19f4-00693185de - 0.0363 - - 1764853214.845785379 1764853214.882049561 0
Dec 4 13:00:14 standalone container-server[126765]: 172.20.0.100 - - [04/Dec/2025:13:00:14 +0000] "PUT /d1/668/AUTH_fba990d634184bd7b078beb19b6e3854/gnocchi.7d06ab4f-1640-42a2-bbf5-3a43d06e045e/none_v3" 201 - "PUT http://172.18.0.2:8080/d1/15/AUTH_fba990d634184bd7b078beb19b6e3854/gnocchi.7d06ab4f-1640-42a2-bbf5-3a43d06e045e/none_v3" "tx3225e29c01c04240b5afb-00693185de" "object-server 21" 0.0004 "-" 20 0
Dec 4 13:00:14 standalone object-server[126896]: 172.20.0.100 - - [04/Dec/2025:13:00:14 +0000] "PUT /d1/15/AUTH_fba990d634184bd7b078beb19b6e3854/gnocchi.7d06ab4f-1640-42a2-bbf5-3a43d06e045e/none_v3" 201 - "PUT http://172.18.0.2:8080/v1/AUTH_fba990d634184bd7b078beb19b6e3854/gnocchi.7d06ab4f-1640-42a2-bbf5-3a43d06e045e/none_v3" "tx3225e29c01c04240b5afb-00693185de" "proxy-server 20" 0.0297 "-" 21 0
Dec 4 13:00:14 standalone proxy-server[128645]: 172.18.0.2 172.18.0.100 04/Dec/2025/13/00/14 PUT /v1/AUTH_fba990d634184bd7b078beb19b6e3854/gnocchi.7d06ab4f-1640-42a2-bbf5-3a43d06e045e/none_v3 HTTP/1.0 201 - python-swiftclient-3.11.1 gAAAAABpMYWk_xEA... 22 - - tx3225e29c01c04240b5afb-00693185de - 0.0362 - - 1764853214.884941578 1764853214.921173573 0
Dec 4 13:00:21 standalone account-server[126756]: 172.20.0.100 - - [04/Dec/2025:13:00:21 +0000] "HEAD /d1/899/AUTH_fba990d634184bd7b078beb19b6e3854" 204 - "HEAD http://172.18.0.2:8080/v1/AUTH_fba990d634184bd7b078beb19b6e3854?format=json" "tx52cd7bab547c49d5aac11-00693185e5" "proxy-server 20" 0.0111 "-" 23 -
Dec 4 13:00:21 standalone proxy-server[128645]: - - 04/Dec/2025/13/00/21 HEAD /v1/AUTH_fba990d634184bd7b078beb19b6e3854%3Fformat%3Djson HTTP/1.0 204 - Swift - - - - tx52cd7bab547c49d5aac11-00693185e5 - 0.0207 RL - 1764853221.720882654 1764853221.741621017 -
Dec 4 13:00:21 standalone container-server[126769]: 172.20.0.100 - - [04/Dec/2025:13:00:21 +0000] "HEAD /d1/50/AUTH_fba990d634184bd7b078beb19b6e3854/gnocchi.88cc7d37-5834-4d79-8c6c-0321ea2cbe77" 404 - "HEAD http://172.18.0.2:8080/v1/AUTH_fba990d634184bd7b078beb19b6e3854/gnocchi.88cc7d37-5834-4d79-8c6c-0321ea2cbe77?format=json&states=listing" "tx52cd7bab547c49d5aac11-00693185e5" "proxy-server 20" 0.0006 "-" 21 0
Dec 4 13:00:21 standalone object-server[126896]: 172.20.0.100 - - [04/Dec/2025:13:00:21 +0000] "GET /d1/98/AUTH_fba990d634184bd7b078beb19b6e3854/gnocchi.88cc7d37-5834-4d79-8c6c-0321ea2cbe77/none_v3" 404 70 "GET http://172.18.0.2:8080/v1/AUTH_fba990d634184bd7b078beb19b6e3854/gnocchi.88cc7d37-5834-4d79-8c6c-0321ea2cbe77/none_v3" "tx52cd7bab547c49d5aac11-00693185e5" "proxy-server 20" 0.0004 "-" 21 0
Dec 4 13:00:21 standalone proxy-server[128645]: 172.18.0.2 172.18.0.100 04/Dec/2025/13/00/21 GET /v1/AUTH_fba990d634184bd7b078beb19b6e3854/gnocchi.88cc7d37-5834-4d79-8c6c-0321ea2cbe77/none_v3 HTTP/1.0 404 - python-swiftclient-3.11.1 gAAAAABpMYWk_xEA... - 70 - tx52cd7bab547c49d5aac11-00693185e5 - 0.0358 - - 1764853221.718873024 1764853221.754670858 0
Dec 4 13:00:21 standalone account-server[126745]: 172.20.0.100 - - [04/Dec/2025:13:00:21 +0000] "PUT /d1/899/AUTH_fba990d634184bd7b078beb19b6e3854/gnocchi.88cc7d37-5834-4d79-8c6c-0321ea2cbe77" 201 - "PUT http://172.20.0.100:6001/d1/50/AUTH_fba990d634184bd7b078beb19b6e3854/gnocchi.88cc7d37-5834-4d79-8c6c-0321ea2cbe77" "txba05fb6fa1ea4092b2c1d-00693185e5" "container-server 20" 0.0016 "-" 21 0
Dec 4 13:00:21 standalone container-server[126765]: 172.20.0.100 - - [04/Dec/2025:13:00:21 +0000] "PUT /d1/50/AUTH_fba990d634184bd7b078beb19b6e3854/gnocchi.88cc7d37-5834-4d79-8c6c-0321ea2cbe77" 201 - "PUT http://172.18.0.2:8080/v1/AUTH_fba990d634184bd7b078beb19b6e3854/gnocchi.88cc7d37-5834-4d79-8c6c-0321ea2cbe77" "txba05fb6fa1ea4092b2c1d-00693185e5" "proxy-server 20" 0.0131 "-" 20 0
Dec 4 13:00:21 standalone proxy-server[128645]: 172.18.0.2 172.18.0.100 04/Dec/2025/13/00/21 PUT /v1/AUTH_fba990d634184bd7b078beb19b6e3854/gnocchi.88cc7d37-5834-4d79-8c6c-0321ea2cbe77 HTTP/1.0 201 - python-swiftclient-3.11.1 gAAAAABpMYWk_xEA... - - - txba05fb6fa1ea4092b2c1d-00693185e5 - 0.0192 - - 1764853221.758088350 1764853221.777330637 0
Dec 4 13:00:21 standalone container-server[126765]: 172.20.0.100 - - [04/Dec/2025:13:00:21 +0000] "HEAD /d1/50/AUTH_fba990d634184bd7b078beb19b6e3854/gnocchi.88cc7d37-5834-4d79-8c6c-0321ea2cbe77" 204 - "HEAD http://172.18.0.2:8080/v1/AUTH_fba990d634184bd7b078beb19b6e3854/gnocchi.88cc7d37-5834-4d79-8c6c-0321ea2cbe77?format=json&states=listing" "tx04b6013c62b84996908fe-00693185e5" "proxy-server 20" 0.0012 "-" 20 0
Dec 4 13:00:21 standalone proxy-server[128645]: - - 04/Dec/2025/13/00/21 HEAD /v1/AUTH_fba990d634184bd7b078beb19b6e3854/gnocchi.88cc7d37-5834-4d79-8c6c-0321ea2cbe77%3Fformat%3Djson%26states%3Dlisting HTTP/1.0 204 - Swift - - - - tx04b6013c62b84996908fe-00693185e5 - 0.0061 RL - 1764853221.783488035 1764853221.789611101 0
Dec 4 13:00:21 standalone container-server[126769]: 172.20.0.100 - - [04/Dec/2025:13:00:21 +0000] "GET /d1/50/AUTH_fba990d634184bd7b078beb19b6e3854/gnocchi.88cc7d37-5834-4d79-8c6c-0321ea2cbe77" 200 2 "GET http://172.18.0.2:8080/v1/AUTH_fba990d634184bd7b078beb19b6e3854/gnocchi.88cc7d37-5834-4d79-8c6c-0321ea2cbe77?format=json&states=listing" "tx04b6013c62b84996908fe-00693185e5" "proxy-server 20" 0.0034 "-" 21 0
Dec 4 13:00:21 standalone proxy-server[128645]: 172.18.0.2 172.18.0.100 04/Dec/2025/13/00/21 GET /v1/AUTH_fba990d634184bd7b078beb19b6e3854/gnocchi.88cc7d37-5834-4d79-8c6c-0321ea2cbe77%3Fformat%3Djson%26states%3Dlisting HTTP/1.0 200 - python-swiftclient-3.11.1 gAAAAABpMYWk_xEA... - 2 - tx04b6013c62b84996908fe-00693185e5 - 0.0224 - - 1764853221.781343699 1764853221.803694487 0
Dec 4 13:00:21 standalone object-server[126903]: 172.20.0.100 - - [04/Dec/2025:13:00:21 +0000] "GET /d1/400/AUTH_fba990d634184bd7b078beb19b6e3854/gnocchi.88cc7d37-5834-4d79-8c6c-0321ea2cbe77/1764720000.0_mean_300.0_v3" 404 70 "GET http://172.18.0.2:8080/v1/AUTH_fba990d634184bd7b078beb19b6e3854/gnocchi.88cc7d37-5834-4d79-8c6c-0321ea2cbe77/1764720000.0_mean_300.0_v3" "tx922192ade21d41f4b9489-00693185e5" "proxy-server 20" 0.0003 "-" 25 0
Dec 4 13:00:21 standalone proxy-server[128645]: 172.18.0.2 172.18.0.100 04/Dec/2025/13/00/21 GET /v1/AUTH_fba990d634184bd7b078beb19b6e3854/gnocchi.88cc7d37-5834-4d79-8c6c-0321ea2cbe77/1764720000.0_mean_300.0_v3 HTTP/1.0 404 - python-swiftclient-3.11.1 gAAAAABpMYWk_xEA... - 70 - tx922192ade21d41f4b9489-00693185e5 - 0.0060 - - 1764853221.807199478 1764853221.813224077 0
Dec 4 13:00:21 standalone container-server[126778]: 172.20.0.100 - - [04/Dec/2025:13:00:21 +0000] "PUT /d1/50/AUTH_fba990d634184bd7b078beb19b6e3854/gnocchi.88cc7d37-5834-4d79-8c6c-0321ea2cbe77/1764720000.0_mean_300.0_v3" 201 - "PUT http://172.18.0.2:8080/d1/400/AUTH_fba990d634184bd7b078beb19b6e3854/gnocchi.88cc7d37-5834-4d79-8c6c-0321ea2cbe77/1764720000.0_mean_300.0_v3" "tx25a6ff59c1a5433384127-00693185e5" "object-server 25" 0.0023 "-" 22 0
Dec 4 13:00:21 standalone object-server[126903]: 172.20.0.100 - - [04/Dec/2025:13:00:21 +0000] "PUT /d1/400/AUTH_fba990d634184bd7b078beb19b6e3854/gnocchi.88cc7d37-5834-4d79-8c6c-0321ea2cbe77/1764720000.0_mean_300.0_v3" 201 - "PUT http://172.18.0.2:8080/v1/AUTH_fba990d634184bd7b078beb19b6e3854/gnocchi.88cc7d37-5834-4d79-8c6c-0321ea2cbe77/1764720000.0_mean_300.0_v3" "tx25a6ff59c1a5433384127-00693185e5" "proxy-server 20" 0.0141 "-" 25 0
Dec 4 13:00:21 standalone proxy-server[128645]: 172.18.0.2 172.18.0.100 04/Dec/2025/13/00/21 PUT /v1/AUTH_fba990d634184bd7b078beb19b6e3854/gnocchi.88cc7d37-5834-4d79-8c6c-0321ea2cbe77/1764720000.0_mean_300.0_v3 HTTP/1.0 201 - python-swiftclient-3.11.1 gAAAAABpMYWk_xEA... 16 - - tx25a6ff59c1a5433384127-00693185e5 - 0.0201 - - 1764853221.815778971 1764853221.835856199 0
Dec 4 13:00:21 standalone container-server[126765]: 172.20.0.100 - - [04/Dec/2025:13:00:21 +0000] "PUT /d1/50/AUTH_fba990d634184bd7b078beb19b6e3854/gnocchi.88cc7d37-5834-4d79-8c6c-0321ea2cbe77/none_v3" 201 - "PUT http://172.18.0.2:8080/d1/98/AUTH_fba990d634184bd7b078beb19b6e3854/gnocchi.88cc7d37-5834-4d79-8c6c-0321ea2cbe77/none_v3" "tx1d09582ed3c24b84a5b26-00693185e5" "object-server 23" 0.0006 "-" 20 0
Dec 4 13:00:21 standalone object-server[126901]: 172.20.0.100 - - [04/Dec/2025:13:00:21 +0000] "PUT /d1/98/AUTH_fba990d634184bd7b078beb19b6e3854/gnocchi.88cc7d37-5834-4d79-8c6c-0321ea2cbe77/none_v3" 201 - "PUT http://172.18.0.2:8080/v1/AUTH_fba990d634184bd7b078beb19b6e3854/gnocchi.88cc7d37-5834-4d79-8c6c-0321ea2cbe77/none_v3" "tx1d09582ed3c24b84a5b26-00693185e5" "proxy-server 20" 0.0099 "-" 23 0
Dec 4 13:00:21 standalone proxy-server[128645]: 172.18.0.2 172.18.0.100 04/Dec/2025/13/00/21 PUT /v1/AUTH_fba990d634184bd7b078beb19b6e3854/gnocchi.88cc7d37-5834-4d79-8c6c-0321ea2cbe77/none_v3 HTTP/1.0 201 - python-swiftclient-3.11.1 gAAAAABpMYWk_xEA... 22 - - tx1d09582ed3c24b84a5b26-00693185e5 - 0.0161 - - 1764853221.839003325 1764853221.855143070 0
Dec 4 13:00:21 standalone container-server[126778]: 172.20.0.100 - - [04/Dec/2025:13:00:21 +0000] "HEAD /d1/407/AUTH_fba990d634184bd7b078beb19b6e3854/gnocchi.a91d4ae5-4854-4534-84ca-310ea3341ff8" 404 - "HEAD http://172.18.0.2:8080/v1/AUTH_fba990d634184bd7b078beb19b6e3854/gnocchi.a91d4ae5-4854-4534-84ca-310ea3341ff8?format=json&states=listing" "tx598c57e0161f4d7e81ab0-00693185e5" "proxy-server 20" 0.0006 "-" 22 0
Dec 4 13:00:21 standalone object-server[126903]: 172.20.0.100 - - [04/Dec/2025:13:00:21 +0000] "GET /d1/853/AUTH_fba990d634184bd7b078beb19b6e3854/gnocchi.a91d4ae5-4854-4534-84ca-310ea3341ff8/none_v3" 404 70 "GET http://172.18.0.2:8080/v1/AUTH_fba990d634184bd7b078beb19b6e3854/gnocchi.a91d4ae5-4854-4534-84ca-310ea3341ff8/none_v3" "tx598c57e0161f4d7e81ab0-00693185e5" "proxy-server 20" 0.0002 "-" 25 0
Dec 4 13:00:21 standalone proxy-server[128645]: 172.18.0.2 172.18.0.100 04/Dec/2025/13/00/21 GET /v1/AUTH_fba990d634184bd7b078beb19b6e3854/gnocchi.a91d4ae5-4854-4534-84ca-310ea3341ff8/none_v3 HTTP/1.0 404 - python-swiftclient-3.11.1 gAAAAABpMYWk_xEA... - 70 - tx598c57e0161f4d7e81ab0-00693185e5 - 0.0134 - - 1764853221.863570929 1764853221.876998663 0
Dec 4 13:00:21 standalone account-server[126756]: 172.20.0.100 - - [04/Dec/2025:13:00:21 +0000] "PUT /d1/899/AUTH_fba990d634184bd7b078beb19b6e3854/gnocchi.a91d4ae5-4854-4534-84ca-310ea3341ff8" 201 - "PUT http://172.20.0.100:6001/d1/407/AUTH_fba990d634184bd7b078beb19b6e3854/gnocchi.a91d4ae5-4854-4534-84ca-310ea3341ff8" "tx592303659e2f420ea1f62-00693185e5" "container-server 23" 0.0071 "-" 23 0
Dec 4 13:00:21 standalone container-server[126784]: 172.20.0.100 - - [04/Dec/2025:13:00:21 +0000] "PUT /d1/407/AUTH_fba990d634184bd7b078beb19b6e3854/gnocchi.a91d4ae5-4854-4534-84ca-310ea3341ff8" 201 - "PUT http://172.18.0.2:8080/v1/AUTH_fba990d634184bd7b078beb19b6e3854/gnocchi.a91d4ae5-4854-4534-84ca-310ea3341ff8" "tx592303659e2f420ea1f62-00693185e5" "proxy-server 20" 0.0241 "-" 23 0
Dec 4 13:00:21 standalone proxy-server[128645]: 172.18.0.2 172.18.0.100 04/Dec/2025/13/00/21 PUT /v1/AUTH_fba990d634184bd7b078beb19b6e3854/gnocchi.a91d4ae5-4854-4534-84ca-310ea3341ff8 HTTP/1.0 201 - python-swiftclient-3.11.1 gAAAAABpMYWk_xEA... - - - tx592303659e2f420ea1f62-00693185e5 - 0.0339 - - 1764853221.882297039 1764853221.916192293 0
Dec 4 13:00:21 standalone container-server[126765]: 172.20.0.100 - - [04/Dec/2025:13:00:21 +0000] "HEAD /d1/407/AUTH_fba990d634184bd7b078beb19b6e3854/gnocchi.a91d4ae5-4854-4534-84ca-310ea3341ff8" 204 - "HEAD http://172.18.0.2:8080/v1/AUTH_fba990d634184bd7b078beb19b6e3854/gnocchi.a91d4ae5-4854-4534-84ca-310ea3341ff8?format=json&states=listing" "txf691caa85b8b4cf1b12bd-00693185e5" "proxy-server 20" 0.0021 "-" 20 0
Dec 4 13:00:21 standalone proxy-server[128645]: - - 04/Dec/2025/13/00/21 HEAD /v1/AUTH_fba990d634184bd7b078beb19b6e3854/gnocchi.a91d4ae5-4854-4534-84ca-310ea3341ff8%3Fformat%3Djson%26states%3Dlisting HTTP/1.0 204 - Swift - - - - txf691caa85b8b4cf1b12bd-00693185e5 - 0.0086 RL - 1764853221.925436974 1764853221.934067726 0
Dec 4 13:00:21 standalone container-server[126765]: 172.20.0.100 - - [04/Dec/2025:13:00:21 +0000] "GET /d1/407/AUTH_fba990d634184bd7b078beb19b6e3854/gnocchi.a91d4ae5-4854-4534-84ca-310ea3341ff8" 200 2 "GET http://172.18.0.2:8080/v1/AUTH_fba990d634184bd7b078beb19b6e3854/gnocchi.a91d4ae5-4854-4534-84ca-310ea3341ff8?format=json&states=listing" "txf691caa85b8b4cf1b12bd-00693185e5" "proxy-server 20" 0.0040 "-" 20 0
Dec 4 13:00:21 standalone proxy-server[128645]: 172.18.0.2 172.18.0.100 04/Dec/2025/13/00/21 GET /v1/AUTH_fba990d634184bd7b078beb19b6e3854/gnocchi.a91d4ae5-4854-4534-84ca-310ea3341ff8%3Fformat%3Djson%26states%3Dlisting HTTP/1.0 200 - python-swiftclient-3.11.1 gAAAAABpMYWk_xEA... - 2 - txf691caa85b8b4cf1b12bd-00693185e5 - 0.0229 - - 1764853221.923232794 1764853221.946149111 0
Dec 4 13:00:21 standalone object-server[126903]: 172.20.0.100 - - [04/Dec/2025:13:00:21 +0000] "GET /d1/698/AUTH_fba990d634184bd7b078beb19b6e3854/gnocchi.a91d4ae5-4854-4534-84ca-310ea3341ff8/1764720000.0_mean_300.0_v3" 404 70 "GET http://172.18.0.2:8080/v1/AUTH_fba990d634184bd7b078beb19b6e3854/gnocchi.a91d4ae5-4854-4534-84ca-310ea3341ff8/1764720000.0_mean_300.0_v3" "tx838a7a1b7b8348ed9d49a-00693185e5" "proxy-server 20" 0.0003 "-" 25 0
Dec 4 13:00:22 standalone proxy-server[128645]: 172.18.0.2 172.18.0.100 04/Dec/2025/13/00/21 GET /v1/AUTH_fba990d634184bd7b078beb19b6e3854/gnocchi.a91d4ae5-4854-4534-84ca-310ea3341ff8/1764720000.0_mean_300.0_v3 HTTP/1.0 404 - python-swiftclient-3.11.1 gAAAAABpMYWk_xEA... - 70 - tx838a7a1b7b8348ed9d49a-00693185e5 - 0.0467 - - 1764853221.953290462 1764853221.999953270 0
Dec 4 13:00:22 standalone container-server[126765]: 172.20.0.100 - - [04/Dec/2025:13:00:22 +0000] "PUT /d1/407/AUTH_fba990d634184bd7b078beb19b6e3854/gnocchi.a91d4ae5-4854-4534-84ca-310ea3341ff8/1764720000.0_mean_300.0_v3" 201 - "PUT http://172.18.0.2:8080/d1/698/AUTH_fba990d634184bd7b078beb19b6e3854/gnocchi.a91d4ae5-4854-4534-84ca-310ea3341ff8/1764720000.0_mean_300.0_v3" "txd1bb472ead0e45a2b7d19-00693185e6" "object-server 23" 0.0016 "-" 20 0
Dec 4 13:00:22 standalone object-server[126901]: 172.20.0.100 - - [04/Dec/2025:13:00:22 +0000] "PUT /d1/698/AUTH_fba990d634184bd7b078beb19b6e3854/gnocchi.a91d4ae5-4854-4534-84ca-310ea3341ff8/1764720000.0_mean_300.0_v3" 201 - "PUT http://172.18.0.2:8080/v1/AUTH_fba990d634184bd7b078beb19b6e3854/gnocchi.a91d4ae5-4854-4534-84ca-310ea3341ff8/1764720000.0_mean_300.0_v3" "txd1bb472ead0e45a2b7d19-00693185e6" "proxy-server 20" 0.0145 "-" 23 0
