Dec 4 13:01:30 standalone container-server[126784]: 172.20.0.100 - - [04/Dec/2025:13:01:30 +0000] "HEAD /d1/618/AUTH_fba990d634184bd7b078beb19b6e3854/gnocchi.645f710f-aa79-4a0e-9f11-958da25f09d1" 404 - "HEAD http://172.18.0.2:8080/v1/AUTH_fba990d634184bd7b078beb19b6e3854/gnocchi.645f710f-aa79-4a0e-9f11-958da25f09d1?format=json&states=listing" "txb9a7c2d158ae424187a80-006931862a" "proxy-server 20" 0.0004 "-" 23 0
Dec 4 13:01:30 standalone object-server[126896]: 172.20.0.100 - - [04/Dec/2025:13:01:30 +0000] "GET /d1/3/AUTH_fba990d634184bd7b078beb19b6e3854/gnocchi.645f710f-aa79-4a0e-9f11-958da25f09d1/none_v3" 404 70 "GET http://172.18.0.2:8080/v1/AUTH_fba990d634184bd7b078beb19b6e3854/gnocchi.645f710f-aa79-4a0e-9f11-958da25f09d1/none_v3" "txb9a7c2d158ae424187a80-006931862a" "proxy-server 20" 0.0004 "-" 21 0
Dec 4 13:01:30 standalone proxy-server[128645]: 172.18.0.2 172.18.0.100 04/Dec/2025/13/01/30 GET /v1/AUTH_fba990d634184bd7b078beb19b6e3854/gnocchi.645f710f-aa79-4a0e-9f11-958da25f09d1/none_v3 HTTP/1.0 404 - python-swiftclient-3.11.1 gAAAAABpMYWk_xEA... - 70 - txb9a7c2d158ae424187a80-006931862a - 0.0117 - - 1764853290.187915087 1764853290.199607849 0
Dec 4 13:01:30 standalone account-server[126743]: 172.20.0.100 - - [04/Dec/2025:13:01:30 +0000] "PUT /d1/899/AUTH_fba990d634184bd7b078beb19b6e3854/gnocchi.645f710f-aa79-4a0e-9f11-958da25f09d1" 201 - "PUT http://172.20.0.100:6001/d1/618/AUTH_fba990d634184bd7b078beb19b6e3854/gnocchi.645f710f-aa79-4a0e-9f11-958da25f09d1" "tx0c7e3e0073414914a1793-006931862a" "container-server 21" 0.0071 "-" 20 0
Dec 4 13:01:30 standalone container-server[126769]: 172.20.0.100 - - [04/Dec/2025:13:01:30 +0000] "PUT /d1/618/AUTH_fba990d634184bd7b078beb19b6e3854/gnocchi.645f710f-aa79-4a0e-9f11-958da25f09d1" 201 - "PUT http://172.18.0.2:8080/v1/AUTH_fba990d634184bd7b078beb19b6e3854/gnocchi.645f710f-aa79-4a0e-9f11-958da25f09d1" "tx0c7e3e0073414914a1793-006931862a" "proxy-server 20" 0.0163 "-" 21 0
Dec 4 13:01:30 standalone proxy-server[128645]: 172.18.0.2 172.18.0.100 04/Dec/2025/13/01/30 PUT /v1/AUTH_fba990d634184bd7b078beb19b6e3854/gnocchi.645f710f-aa79-4a0e-9f11-958da25f09d1 HTTP/1.0 201 - python-swiftclient-3.11.1 gAAAAABpMYWk_xEA... - - - tx0c7e3e0073414914a1793-006931862a - 0.0235 - - 1764853290.203085899 1764853290.226536036 0
Dec 4 13:01:30 standalone container-server[126784]: 172.20.0.100 - - [04/Dec/2025:13:01:30 +0000] "HEAD /d1/618/AUTH_fba990d634184bd7b078beb19b6e3854/gnocchi.645f710f-aa79-4a0e-9f11-958da25f09d1" 204 - "HEAD http://172.18.0.2:8080/v1/AUTH_fba990d634184bd7b078beb19b6e3854/gnocchi.645f710f-aa79-4a0e-9f11-958da25f09d1?format=json&states=listing" "txb9b7776e1f8e45f4af900-006931862a" "proxy-server 20" 0.0018 "-" 23 0
Dec 4 13:01:30 standalone proxy-server[128645]: - - 04/Dec/2025/13/01/30 HEAD /v1/AUTH_fba990d634184bd7b078beb19b6e3854/gnocchi.645f710f-aa79-4a0e-9f11-958da25f09d1%3Fformat%3Djson%26states%3Dlisting HTTP/1.0 204 - Swift - - - - txb9b7776e1f8e45f4af900-006931862a - 0.0123 RL - 1764853290.232806683 1764853290.245062590 0
Dec 4 13:01:30 standalone container-server[126778]: 172.20.0.100 - - [04/Dec/2025:13:01:30 +0000] "GET /d1/618/AUTH_fba990d634184bd7b078beb19b6e3854/gnocchi.645f710f-aa79-4a0e-9f11-958da25f09d1" 200 2 "GET http://172.18.0.2:8080/v1/AUTH_fba990d634184bd7b078beb19b6e3854/gnocchi.645f710f-aa79-4a0e-9f11-958da25f09d1?format=json&states=listing" "txb9b7776e1f8e45f4af900-006931862a" "proxy-server 20" 0.0026 "-" 22 0
Dec 4 13:01:30 standalone proxy-server[128645]: 172.18.0.2 172.18.0.100 04/Dec/2025/13/01/30 GET /v1/AUTH_fba990d634184bd7b078beb19b6e3854/gnocchi.645f710f-aa79-4a0e-9f11-958da25f09d1%3Fformat%3Djson%26states%3Dlisting HTTP/1.0 200 - python-swiftclient-3.11.1 gAAAAABpMYWk_xEA... - 2 - txb9b7776e1f8e45f4af900-006931862a - 0.0248 - - 1764853290.231273174 1764853290.256113768 0
Dec 4 13:01:30 standalone object-server[126901]: 172.20.0.100 - - [04/Dec/2025:13:01:30 +0000] "GET /d1/923/AUTH_fba990d634184bd7b078beb19b6e3854/gnocchi.645f710f-aa79-4a0e-9f11-958da25f09d1/1764720000.0_mean_300.0_v3" 404 70 "GET http://172.18.0.2:8080/v1/AUTH_fba990d634184bd7b078beb19b6e3854/gnocchi.645f710f-aa79-4a0e-9f11-958da25f09d1/1764720000.0_mean_300.0_v3" "txedb8181a5b474b5f8ab11-006931862a" "proxy-server 20" 0.0006 "-" 23 0
Dec 4 13:01:30 standalone proxy-server[128645]: 172.18.0.2 172.18.0.100 04/Dec/2025/13/01/30 GET /v1/AUTH_fba990d634184bd7b078beb19b6e3854/gnocchi.645f710f-aa79-4a0e-9f11-958da25f09d1/1764720000.0_mean_300.0_v3 HTTP/1.0 404 - python-swiftclient-3.11.1 gAAAAABpMYWk_xEA... - 70 - txedb8181a5b474b5f8ab11-006931862a - 0.0083 - - 1764853290.259230614 1764853290.267562866 0
Dec 4 13:01:30 standalone container-server[126784]: 172.20.0.100 - - [04/Dec/2025:13:01:30 +0000] "PUT /d1/618/AUTH_fba990d634184bd7b078beb19b6e3854/gnocchi.645f710f-aa79-4a0e-9f11-958da25f09d1/1764720000.0_mean_300.0_v3" 201 - "PUT http://172.18.0.2:8080/d1/923/AUTH_fba990d634184bd7b078beb19b6e3854/gnocchi.645f710f-aa79-4a0e-9f11-958da25f09d1/1764720000.0_mean_300.0_v3" "tx3744ad68ed2b4aff93b64-006931862a" "object-server 23" 0.0006 "-" 23 0
Dec 4 13:01:30 standalone object-server[126901]: 172.20.0.100 - - [04/Dec/2025:13:01:30 +0000] "PUT /d1/923/AUTH_fba990d634184bd7b078beb19b6e3854/gnocchi.645f710f-aa79-4a0e-9f11-958da25f09d1/1764720000.0_mean_300.0_v3" 201 - "PUT http://172.18.0.2:8080/v1/AUTH_fba990d634184bd7b078beb19b6e3854/gnocchi.645f710f-aa79-4a0e-9f11-958da25f09d1/1764720000.0_mean_300.0_v3" "tx3744ad68ed2b4aff93b64-006931862a" "proxy-server 20" 0.0133 "-" 23 0
Dec 4 13:01:30 standalone proxy-server[128645]: 172.18.0.2 172.18.0.100 04/Dec/2025/13/01/30 PUT /v1/AUTH_fba990d634184bd7b078beb19b6e3854/gnocchi.645f710f-aa79-4a0e-9f11-958da25f09d1/1764720000.0_mean_300.0_v3 HTTP/1.0 201 - python-swiftclient-3.11.1 gAAAAABpMYWk_xEA... 16 - - tx3744ad68ed2b4aff93b64-006931862a - 0.0211 - - 1764853290.270340443 1764853290.291440725 0
Dec 4 13:01:30 standalone container-server[126784]: 172.20.0.100 - - [04/Dec/2025:13:01:30 +0000] "PUT /d1/618/AUTH_fba990d634184bd7b078beb19b6e3854/gnocchi.645f710f-aa79-4a0e-9f11-958da25f09d1/none_v3" 201 - "PUT http://172.18.0.2:8080/d1/3/AUTH_fba990d634184bd7b078beb19b6e3854/gnocchi.645f710f-aa79-4a0e-9f11-958da25f09d1/none_v3" "tx8a041af42a094a36b8de4-006931862a" "object-server 22" 0.0005 "-" 23 0
Dec 4 13:01:30 standalone object-server[126899]: 172.20.0.100 - - [04/Dec/2025:13:01:30 +0000] "PUT /d1/3/AUTH_fba990d634184bd7b078beb19b6e3854/gnocchi.645f710f-aa79-4a0e-9f11-958da25f09d1/none_v3" 201 - "PUT http://172.18.0.2:8080/v1/AUTH_fba990d634184bd7b078beb19b6e3854/gnocchi.645f710f-aa79-4a0e-9f11-958da25f09d1/none_v3" "tx8a041af42a094a36b8de4-006931862a" "proxy-server 20" 0.0125 "-" 22 0
Dec 4 13:01:30 standalone proxy-server[128645]: 172.18.0.2 172.18.0.100 04/Dec/2025/13/01/30 PUT /v1/AUTH_fba990d634184bd7b078beb19b6e3854/gnocchi.645f710f-aa79-4a0e-9f11-958da25f09d1/none_v3 HTTP/1.0 201 - python-swiftclient-3.11.1 gAAAAABpMYWk_xEA... 22 - - tx8a041af42a094a36b8de4-006931862a - 0.0211 - - 1764853290.298831701 1764853290.319897413 0
Dec 4 13:01:30 standalone container-server[126769]: 172.20.0.100 - - [04/Dec/2025:13:01:30 +0000] "HEAD /d1/393/AUTH_fba990d634184bd7b078beb19b6e3854/gnocchi.d8750d51-3c0f-4444-b26c-a3f2dc114a0e" 404 - "HEAD http://172.18.0.2:8080/v1/AUTH_fba990d634184bd7b078beb19b6e3854/gnocchi.d8750d51-3c0f-4444-b26c-a3f2dc114a0e?format=json&states=listing" "tx73529368ceb9466a93c91-006931862a" "proxy-server 20" 0.0004 "-" 21 0
Dec 4 13:01:30 standalone object-server[126899]: 172.20.0.100 - - [04/Dec/2025:13:01:30 +0000] "GET /d1/332/AUTH_fba990d634184bd7b078beb19b6e3854/gnocchi.d8750d51-3c0f-4444-b26c-a3f2dc114a0e/none_v3" 404 70 "GET http://172.18.0.2:8080/v1/AUTH_fba990d634184bd7b078beb19b6e3854/gnocchi.d8750d51-3c0f-4444-b26c-a3f2dc114a0e/none_v3" "tx73529368ceb9466a93c91-006931862a" "proxy-server 20" 0.0006 "-" 22 0
Dec 4 13:01:30 standalone proxy-server[128645]: 172.18.0.2 172.18.0.100 04/Dec/2025/13/01/30 GET /v1/AUTH_fba990d634184bd7b078beb19b6e3854/gnocchi.d8750d51-3c0f-4444-b26c-a3f2dc114a0e/none_v3 HTTP/1.0 404 - python-swiftclient-3.11.1 gAAAAABpMYWk_xEA... - 70 - tx73529368ceb9466a93c91-006931862a - 0.0129 - - 1764853290.333611488 1764853290.346465111 0
Dec 4 13:01:30 standalone account-server[126743]: 172.20.0.100 - - [04/Dec/2025:13:01:30 +0000] "PUT /d1/899/AUTH_fba990d634184bd7b078beb19b6e3854/gnocchi.d8750d51-3c0f-4444-b26c-a3f2dc114a0e" 201 - "PUT http://172.20.0.100:6001/d1/393/AUTH_fba990d634184bd7b078beb19b6e3854/gnocchi.d8750d51-3c0f-4444-b26c-a3f2dc114a0e" "txad555a2fafbb4d8c929ad-006931862a" "container-server 20" 0.0085 "-" 20 0
Dec 4 13:01:30 standalone container-server[126765]: 172.20.0.100 - - [04/Dec/2025:13:01:30 +0000] "PUT /d1/393/AUTH_fba990d634184bd7b078beb19b6e3854/gnocchi.d8750d51-3c0f-4444-b26c-a3f2dc114a0e" 201 - "PUT http://172.18.0.2:8080/v1/AUTH_fba990d634184bd7b078beb19b6e3854/gnocchi.d8750d51-3c0f-4444-b26c-a3f2dc114a0e" "txad555a2fafbb4d8c929ad-006931862a" "proxy-server 20" 0.0212 "-" 20 0
Dec 4 13:01:30 standalone proxy-server[128645]: 172.18.0.2 172.18.0.100 04/Dec/2025/13/01/30 PUT /v1/AUTH_fba990d634184bd7b078beb19b6e3854/gnocchi.d8750d51-3c0f-4444-b26c-a3f2dc114a0e HTTP/1.0 201 - python-swiftclient-3.11.1 gAAAAABpMYWk_xEA... - - - txad555a2fafbb4d8c929ad-006931862a - 0.0274 - - 1764853290.349371910 1764853290.376766443 0
Dec 4 13:01:30 standalone container-server[126765]: 172.20.0.100 - - [04/Dec/2025:13:01:30 +0000] "HEAD /d1/393/AUTH_fba990d634184bd7b078beb19b6e3854/gnocchi.d8750d51-3c0f-4444-b26c-a3f2dc114a0e" 204 - "HEAD http://172.18.0.2:8080/v1/AUTH_fba990d634184bd7b078beb19b6e3854/gnocchi.d8750d51-3c0f-4444-b26c-a3f2dc114a0e?format=json&states=listing" "tx827ec1cd714747f6bf253-006931862a" "proxy-server 20" 0.0017 "-" 20 0
Dec 4 13:01:30 standalone proxy-server[128645]: - - 04/Dec/2025/13/01/30 HEAD /v1/AUTH_fba990d634184bd7b078beb19b6e3854/gnocchi.d8750d51-3c0f-4444-b26c-a3f2dc114a0e%3Fformat%3Djson%26states%3Dlisting HTTP/1.0 204 - Swift - - - - tx827ec1cd714747f6bf253-006931862a - 0.0060 RL - 1764853290.382133484 1764853290.388129234 0
Dec 4 13:01:30 standalone container-server[126769]: 172.20.0.100 - - [04/Dec/2025:13:01:30 +0000] "GET /d1/393/AUTH_fba990d634184bd7b078beb19b6e3854/gnocchi.d8750d51-3c0f-4444-b26c-a3f2dc114a0e" 200 2 "GET http://172.18.0.2:8080/v1/AUTH_fba990d634184bd7b078beb19b6e3854/gnocchi.d8750d51-3c0f-4444-b26c-a3f2dc114a0e?format=json&states=listing" "tx827ec1cd714747f6bf253-006931862a" "proxy-server 20" 0.0018 "-" 21 0
Dec 4 13:01:30 standalone proxy-server[128645]: 172.18.0.2 172.18.0.100 04/Dec/2025/13/01/30 GET /v1/AUTH_fba990d634184bd7b078beb19b6e3854/gnocchi.d8750d51-3c0f-4444-b26c-a3f2dc114a0e%3Fformat%3Djson%26states%3Dlisting HTTP/1.0 200 - python-swiftclient-3.11.1 gAAAAABpMYWk_xEA... - 2 - tx827ec1cd714747f6bf253-006931862a - 0.0163 - - 1764853290.380594969 1764853290.396851063 0
Dec 4 13:01:30 standalone object-server[126901]: 172.20.0.100 - - [04/Dec/2025:13:01:30 +0000] "GET /d1/371/AUTH_fba990d634184bd7b078beb19b6e3854/gnocchi.d8750d51-3c0f-4444-b26c-a3f2dc114a0e/1764720000.0_mean_300.0_v3" 404 70 "GET http://172.18.0.2:8080/v1/AUTH_fba990d634184bd7b078beb19b6e3854/gnocchi.d8750d51-3c0f-4444-b26c-a3f2dc114a0e/1764720000.0_mean_300.0_v3" "tx52aba0053bfd4386a21cb-006931862a" "proxy-server 20" 0.0006 "-" 23 0
Dec 4 13:01:30 standalone proxy-server[128645]: 172.18.0.2 172.18.0.100 04/Dec/2025/13/01/30 GET /v1/AUTH_fba990d634184bd7b078beb19b6e3854/gnocchi.d8750d51-3c0f-4444-b26c-a3f2dc114a0e/1764720000.0_mean_300.0_v3 HTTP/1.0 404 - python-swiftclient-3.11.1 gAAAAABpMYWk_xEA... - 70 - tx52aba0053bfd4386a21cb-006931862a - 0.0084 - - 1764853290.401377201 1764853290.409798384 0
Dec 4 13:01:30 standalone container-server[126769]: 172.20.0.100 - - [04/Dec/2025:13:01:30 +0000] "PUT /d1/393/AUTH_fba990d634184bd7b078beb19b6e3854/gnocchi.d8750d51-3c0f-4444-b26c-a3f2dc114a0e/1764720000.0_mean_300.0_v3" 201 - "PUT http://172.18.0.2:8080/d1/371/AUTH_fba990d634184bd7b078beb19b6e3854/gnocchi.d8750d51-3c0f-4444-b26c-a3f2dc114a0e/1764720000.0_mean_300.0_v3" "txe6fafd22b45f4502867dd-006931862a" "object-server 22" 0.0011 "-" 21 0
Dec 4 13:01:30 standalone object-server[126899]: 172.20.0.100 - - [04/Dec/2025:13:01:30 +0000] "PUT /d1/371/AUTH_fba990d634184bd7b078beb19b6e3854/gnocchi.d8750d51-3c0f-4444-b26c-a3f2dc114a0e/1764720000.0_mean_300.0_v3" 201 - "PUT http://172.18.0.2:8080/v1/AUTH_fba990d634184bd7b078beb19b6e3854/gnocchi.d8750d51-3c0f-4444-b26c-a3f2dc114a0e/1764720000.0_mean_300.0_v3" "txe6fafd22b45f4502867dd-006931862a" "proxy-server 20" 0.0172 "-" 22 0
Dec 4 13:01:30 standalone proxy-server[128645]: 172.18.0.2 172.18.0.100 04/Dec/2025/13/01/30 PUT /v1/AUTH_fba990d634184bd7b078beb19b6e3854/gnocchi.d8750d51-3c0f-4444-b26c-a3f2dc114a0e/1764720000.0_mean_300.0_v3 HTTP/1.0 201 - python-swiftclient-3.11.1 gAAAAABpMYWk_xEA... 16 - - txe6fafd22b45f4502867dd-006931862a - 0.0261 - - 1764853290.414232016 1764853290.440371275 0
Dec 4 13:01:30 standalone container-server[126769]: 172.20.0.100 - - [04/Dec/2025:13:01:30 +0000] "PUT /d1/393/AUTH_fba990d634184bd7b078beb19b6e3854/gnocchi.d8750d51-3c0f-4444-b26c-a3f2dc114a0e/none_v3" 201 - "PUT http://172.18.0.2:8080/d1/332/AUTH_fba990d634184bd7b078beb19b6e3854/gnocchi.d8750d51-3c0f-4444-b26c-a3f2dc114a0e/none_v3" "tx88f2deff302847a5a27f0-006931862a" "object-server 21" 0.0008 "-" 21 0
Dec 4 13:01:30 standalone object-server[126896]: 172.20.0.100 - - [04/Dec/2025:13:01:30 +0000] "PUT /d1/332/AUTH_fba990d634184bd7b078beb19b6e3854/gnocchi.d8750d51-3c0f-4444-b26c-a3f2dc114a0e/none_v3" 201 - "PUT http://172.18.0.2:8080/v1/AUTH_fba990d634184bd7b078beb19b6e3854/gnocchi.d8750d51-3c0f-4444-b26c-a3f2dc114a0e/none_v3" "tx88f2deff302847a5a27f0-006931862a" "proxy-server 20" 0.0133 "-" 21 0
Dec 4 13:01:30 standalone proxy-server[128645]: 172.18.0.2 172.18.0.100 04/Dec/2025/13/01/30 PUT /v1/AUTH_fba990d634184bd7b078beb19b6e3854/gnocchi.d8750d51-3c0f-4444-b26c-a3f2dc114a0e/none_v3 HTTP/1.0 201 - python-swiftclient-3.11.1 gAAAAABpMYWk_xEA... 22 - - tx88f2deff302847a5a27f0-006931862a - 0.0212 - - 1764853290.444730997 1764853290.465899467 0
Dec 4 13:01:36 standalone container-server[126784]: 172.20.0.100 - - [04/Dec/2025:13:01:36 +0000] "HEAD /d1/328/AUTH_fba990d634184bd7b078beb19b6e3854/gnocchi.310644c5-4300-45d6-af8d-7a10bc490c6e" 404 - "HEAD http://172.18.0.2:8080/v1/AUTH_fba990d634184bd7b078beb19b6e3854/gnocchi.310644c5-4300-45d6-af8d-7a10bc490c6e?format=json&states=listing" "txad64c2031a74408fa3d62-0069318630" "proxy-server 20" 0.0010 "-" 23 0
Dec 4 13:01:36 standalone object-server[126896]: 172.20.0.100 - - [04/Dec/2025:13:01:36 +0000] "GET /d1/621/AUTH_fba990d634184bd7b078beb19b6e3854/gnocchi.310644c5-4300-45d6-af8d-7a10bc490c6e/none_v3" 404 70 "GET http://172.18.0.2:8080/v1/AUTH_fba990d634184bd7b078beb19b6e3854/gnocchi.310644c5-4300-45d6-af8d-7a10bc490c6e/none_v3" "txad64c2031a74408fa3d62-0069318630" "proxy-server 20" 0.0004 "-" 21 0
Dec 4 13:01:36 standalone proxy-server[128645]: 172.18.0.2 172.18.0.100 04/Dec/2025/13/01/36 GET /v1/AUTH_fba990d634184bd7b078beb19b6e3854/gnocchi.310644c5-4300-45d6-af8d-7a10bc490c6e/none_v3 HTTP/1.0 404 - python-swiftclient-3.11.1 gAAAAABpMYWk_xEA... - 70 - txad64c2031a74408fa3d62-0069318630 - 0.0123 - - 1764853296.598161221 1764853296.610426188 0
Dec 4 13:01:36 standalone account-server[126752]: 172.20.0.100 - - [04/Dec/2025:13:01:36 +0000] "PUT /d1/899/AUTH_fba990d634184bd7b078beb19b6e3854/gnocchi.310644c5-4300-45d6-af8d-7a10bc490c6e" 201 - "PUT http://172.20.0.100:6001/d1/328/AUTH_fba990d634184bd7b078beb19b6e3854/gnocchi.310644c5-4300-45d6-af8d-7a10bc490c6e" "tx304ff28f85ca4a17958d9-0069318630" "container-server 20" 0.0069 "-" 22 0
Dec 4 13:01:36 standalone container-server[126765]: 172.20.0.100 - - [04/Dec/2025:13:01:36 +0000] "PUT /d1/328/AUTH_fba990d634184bd7b078beb19b6e3854/gnocchi.310644c5-4300-45d6-af8d-7a10bc490c6e" 201 - "PUT http://172.18.0.2:8080/v1/AUTH_fba990d634184bd7b078beb19b6e3854/gnocchi.310644c5-4300-45d6-af8d-7a10bc490c6e" "tx304ff28f85ca4a17958d9-0069318630" "proxy-server 20" 0.0190 "-" 20 0
Dec 4 13:01:36 standalone proxy-server[128645]: 172.18.0.2 172.18.0.100 04/Dec/2025/13/01/36 PUT /v1/AUTH_fba990d634184bd7b078beb19b6e3854/gnocchi.310644c5-4300-45d6-af8d-7a10bc490c6e HTTP/1.0 201 - python-swiftclient-3.11.1 gAAAAABpMYWk_xEA... - - - tx304ff28f85ca4a17958d9-0069318630 - 0.0243 - - 1764853296.613828182 1764853296.638139963 0
Dec 4 13:01:36 standalone container-server[126784]: 172.20.0.100 - - [04/Dec/2025:13:01:36 +0000] "HEAD /d1/328/AUTH_fba990d634184bd7b078beb19b6e3854/gnocchi.310644c5-4300-45d6-af8d-7a10bc490c6e" 204 - "HEAD http://172.18.0.2:8080/v1/AUTH_fba990d634184bd7b078beb19b6e3854/gnocchi.310644c5-4300-45d6-af8d-7a10bc490c6e?format=json&states=listing" "txb1524a2e70aa41ea9aed5-0069318630" "proxy-server 20" 0.0021 "-" 23 0
Dec 4 13:01:36 standalone proxy-server[128645]: - - 04/Dec/2025/13/01/36 HEAD /v1/AUTH_fba990d634184bd7b078beb19b6e3854/gnocchi.310644c5-4300-45d6-af8d-7a10bc490c6e%3Fformat%3Djson%26states%3Dlisting HTTP/1.0 204 - Swift - - - - txb1524a2e70aa41ea9aed5-0069318630 - 0.0063 RL - 1764853296.643217802 1764853296.649503231 0
Dec 4 13:01:36 standalone container-server[126765]: 172.20.0.100 - - [04/Dec/2025:13:01:36 +0000] "GET /d1/328/AUTH_fba990d634184bd7b078beb19b6e3854/gnocchi.310644c5-4300-45d6-af8d-7a10bc490c6e" 200 2 "GET http://172.18.0.2:8080/v1/AUTH_fba990d634184bd7b078beb19b6e3854/gnocchi.310644c5-4300-45d6-af8d-7a10bc490c6e?format=json&states=listing" "txb1524a2e70aa41ea9aed5-0069318630" "proxy-server 20" 0.0017 "-" 20 0
Dec 4 13:01:36 standalone proxy-server[128645]: 172.18.0.2 172.18.0.100 04/Dec/2025/13/01/36 GET /v1/AUTH_fba990d634184bd7b078beb19b6e3854/gnocchi.310644c5-4300-45d6-af8d-7a10bc490c6e%3Fformat%3Djson%26states%3Dlisting HTTP/1.0 200 - python-swiftclient-3.11.1 gAAAAABpMYWk_xEA... - 2 - txb1524a2e70aa41ea9aed5-0069318630 - 0.0153 - - 1764853296.642094851 1764853296.657362461 0
Dec 4 13:01:36 standalone object-server[126901]: 172.20.0.100 - - [04/Dec/2025:13:01:36 +0000] "GET /d1/944/AUTH_fba990d634184bd7b078beb19b6e3854/gnocchi.310644c5-4300-45d6-af8d-7a10bc490c6e/1764720000.0_mean_300.0_v3" 404 70 "GET http://172.18.0.2:8080/v1/AUTH_fba990d634184bd7b078beb19b6e3854/gnocchi.310644c5-4300-45d6-af8d-7a10bc490c6e/1764720000.0_mean_300.0_v3" "txedfb009ddb91444e8dcdc-0069318630" "proxy-server 20" 0.0008 "-" 23 0
Dec 4 13:01:36 standalone proxy-server[128645]: 172.18.0.2 172.18.0.100 04/Dec/2025/13/01/36 GET /v1/AUTH_fba990d634184bd7b078beb19b6e3854/gnocchi.310644c5-4300-45d6-af8d-7a10bc490c6e/1764720000.0_mean_300.0_v3 HTTP/1.0 404 - python-swiftclient-3.11.1 gAAAAABpMYWk_xEA... - 70 - txedfb009ddb91444e8dcdc-0069318630 - 0.0495 - - 1764853296.660769701 1764853296.710277557 0
Dec 4 13:01:36 standalone container-server[126769]: 172.20.0.100 - - [04/Dec/2025:13:01:36 +0000] "PUT /d1/328/AUTH_fba990d634184bd7b078beb19b6e3854/gnocchi.310644c5-4300-45d6-af8d-7a10bc490c6e/1764720000.0_mean_300.0_v3" 201 - "PUT http://172.18.0.2:8080/d1/944/AUTH_fba990d634184bd7b078beb19b6e3854/gnocchi.310644c5-4300-45d6-af8d-7a10bc490c6e/1764720000.0_mean_300.0_v3" "tx1a7bed0fed8a446ab1766-0069318630" "object-server 25" 0.0008 "-" 21 0
Dec 4 13:01:36 standalone object-server[126903]: 172.20.0.100 - - [04/Dec/2025:13:01:36 +0000] "PUT /d1/944/AUTH_fba990d634184bd7b078beb19b6e3854/gnocchi.310644c5-4300-45d6-af8d-7a10bc490c6e/1764720000.0_mean_300.0_v3" 201 - "PUT http://172.18.0.2:8080/v1/AUTH_fba990d634184bd7b078beb19b6e3854/gnocchi.310644c5-4300-45d6-af8d-7a10bc490c6e/1764720000.0_mean_300.0_v3" "tx1a7bed0fed8a446ab1766-0069318630" "proxy-server 20" 0.0163 "-" 25 0
Dec 4 13:01:36 standalone proxy-server[128645]: 172.18.0.2 172.18.0.100 04/Dec/2025/13/01/36 PUT /v1/AUTH_fba990d634184bd7b078beb19b6e3854/gnocchi.310644c5-4300-45d6-af8d-7a10bc490c6e/1764720000.0_mean_300.0_v3 HTTP/1.0 201 - python-swiftclient-3.11.1 gAAAAABpMYWk_xEA... 16 - - tx1a7bed0fed8a446ab1766-0069318630 - 0.0308 - - 1764853296.716922045 1764853296.747697115 0
Dec 4 13:01:36 standalone container-server[126769]: 172.20.0.100 - - [04/Dec/2025:13:01:36 +0000] "PUT /d1/328/AUTH_fba990d634184bd7b078beb19b6e3854/gnocchi.310644c5-4300-45d6-af8d-7a10bc490c6e/none_v3" 201 - "PUT http://172.18.0.2:8080/d1/621/AUTH_fba990d634184bd7b078beb19b6e3854/gnocchi.310644c5-4300-45d6-af8d-7a10bc490c6e/none_v3" "txe02ad4aec977489598233-0069318630" "object-server 25" 0.0005 "-" 21 0
Dec 4 13:01:36 standalone object-server[126903]: 172.20.0.100 - - [04/Dec/2025:13:01:36 +0000] "PUT /d1/621/AUTH_fba990d634184bd7b078beb19b6e3854/gnocchi.310644c5-4300-45d6-af8d-7a10bc490c6e/none_v3" 201 - "PUT http://172.18.0.2:8080/v1/AUTH_fba990d634184bd7b078beb19b6e3854/gnocchi.310644c5-4300-45d6-af8d-7a10bc490c6e/none_v3" "txe02ad4aec977489598233-0069318630" "proxy-server 20" 0.0099 "-" 25 0
Dec 4 13:01:36 standalone proxy-server[128645]: 172.18.0.2 172.18.0.100 04/Dec/2025/13/01/36 PUT /v1/AUTH_fba990d634184bd7b078beb19b6e3854/gnocchi.310644c5-4300-45d6-af8d-7a10bc490c6e/none_v3 HTTP/1.0 201 - python-swiftclient-3.11.1 gAAAAABpMYWk_xEA... 22 - - txe02ad4aec977489598233-0069318630 - 0.0269 - - 1764853296.751449823 1764853296.778304815 0
Dec 4 13:01:42 standalone object-server[126896]: 172.20.0.100 - - [04/Dec/2025:13:01:42 +0000] "GET /d1/621/AUTH_fba990d634184bd7b078beb19b6e3854/gnocchi.310644c5-4300-45d6-af8d-7a10bc490c6e/none_v3" 200 22 "GET http://172.18.0.2:8080/v1/AUTH_fba990d634184bd7b078beb19b6e3854/gnocchi.310644c5-4300-45d6-af8d-7a10bc490c6e/none_v3" "tx5ca60ae7947841cabbcd6-0069318636" "proxy-server 20" 0.0017 "-" 21 0
Dec 4 13:01:42 standalone proxy-server[128645]: 172.18.0.2 172.18.0.100 04/Dec/2025/13/01/42 GET /v1/AUTH_fba990d634184bd7b078beb19b6e3854/gnocchi.310644c5-4300-45d6-af8d-7a10bc490c6e/none_v3 HTTP/1.0 200 - python-swiftclient-3.11.1 gAAAAABpMYWk_xEA... - 22 - tx5ca60ae7947841cabbcd6-0069318636 - 0.0121 - - 1764853302.038057804 1764853302.050129414 0
Dec 4 13:01:42 standalone container-server[126784]: 172.20.0.100 - - [04/Dec/2025:13:01:42 +0000] "GET /d1/328/AUTH_fba990d634184bd7b078beb19b6e3854/gnocchi.310644c5-4300-45d6-af8d-7a10bc490c6e" 200 357 "GET http://172.18.0.2:8080/v1/AUTH_fba990d634184bd7b078beb19b6e3854/gnocchi.310644c5-4300-45d6-af8d-7a10bc490c6e?format=json&states=listing" "txbd82e128dd63450bbfb0e-0069318636" "proxy-server 20" 0.0107 "-" 23 0
Dec 4 13:01:42 standalone proxy-server[128645]: 172.18.0.2 172.18.0.100 04/Dec/2025/13/01/42 GET /v1/AUTH_fba990d634184bd7b078beb19b6e3854/gnocchi.310644c5-4300-45d6-af8d-7a10bc490c6e%3Fformat%3Djson%26states%3Dlisting HTTP/1.0 200 - python-swiftclient-3.11.1 gAAAAABpMYWk_xEA... - 357 - txbd82e128dd63450bbfb0e-0069318636 - 0.0203 - - 1764853302.055765390 1764853302.076080561 0
Dec 4 13:01:42 standalone container-server[126769]: 172.20.0.100 - - [04/Dec/2025:13:01:42 +0000] "GET /d1/328/AUTH_fba990d634184bd7b078beb19b6e3854/gnocchi.310644c5-4300-45d6-af8d-7a10bc490c6e" 200 2 "GET http://172.18.0.2:8080/v1/AUTH_fba990d634184bd7b078beb19b6e3854/gnocchi.310644c5-4300-45d6-af8d-7a10bc490c6e?format=json&marker=none_v3&states=listing" "tx93e8965604ed4a75a5cdd-0069318636" "proxy-server 20" 0.0043 "-" 21 0
Dec 4 13:01:42 standalone proxy-server[128645]: 172.18.0.2 172.18.0.100 04/Dec/2025/13/01/42 GET /v1/AUTH_fba990d634184bd7b078beb19b6e3854/gnocchi.310644c5-4300-45d6-af8d-7a10bc490c6e%3Fformat%3Djson%26marker%3Dnone_v3%26states%3Dlisting HTTP/1.0 200 - python-swiftclient-3.11.1 gAAAAABpMYWk_xEA... - 2 - tx93e8965604ed4a75a5cdd-0069318636 - 0.0129 - - 1764853302.079904318 1764853302.092832804 0
Dec 4 13:01:42 standalone object-server[126901]: 172.20.0.100 - - [04/Dec/2025:13:01:42 +0000] "GET /d1/944/AUTH_fba990d634184bd7b078beb19b6e3854/gnocchi.310644c5-4300-45d6-af8d-7a10bc490c6e/1764720000.0_mean_300.0_v3" 200 16 "GET http://172.18.0.2:8080/v1/AUTH_fba990d634184bd7b078beb19b6e3854/gnocchi.310644c5-4300-45d6-af8d-7a10bc490c6e/1764720000.0_mean_300.0_v3" "txfc6e6faa0b5c47fbbdc1d-0069318636" "proxy-server 20" 0.0008 "-" 23 0
Dec 4 13:01:42 standalone proxy-server[128645]: 172.18.0.2 172.18.0.100 04/Dec/2025/13/01/42 GET /v1/AUTH_fba990d634184bd7b078beb19b6e3854/gnocchi.310644c5-4300-45d6-af8d-7a10bc490c6e/1764720000.0_mean_300.0_v3 HTTP/1.0 200 - python-swiftclient-3.11.1 gAAAAABpMYWk_xEA... - 16 - txfc6e6faa0b5c47fbbdc1d-0069318636 - 0.0084 - - 1764853302.098385811 1764853302.106784344 0
Dec 4 13:01:42 standalone container-server[126778]: 172.20.0.100 - - [04/Dec/2025:13:01:42 +0000] "PUT /d1/328/AUTH_fba990d634184bd7b078beb19b6e3854/gnocchi.310644c5-4300-45d6-af8d-7a10bc490c6e/1764720000.0_mean_300.0_v3" 201 - "PUT http://172.18.0.2:8080/d1/944/AUTH_fba990d634184bd7b078beb19b6e3854/gnocchi.310644c5-4300-45d6-af8d-7a10bc490c6e/1764720000.0_mean_300.0_v3" "txafd16ba69b8b46d885952-0069318636" "object-server 22" 0.0009 "-" 22 0
Dec 4 13:01:42 standalone object-server[126899]: 172.20.0.100 - - [04/Dec/2025:13:01:42 +0000] "PUT /d1/944/AUTH_fba990d634184bd7b078beb19b6e3854/gnocchi.310644c5-4300-45d6-af8d-7a10bc490c6e/1764720000.0_mean_300.0_v3" 201 - "PUT http://172.18.0.2:8080/v1/AUTH_fba990d634184bd7b078beb19b6e3854/gnocchi.310644c5-4300-45d6-af8d-7a10bc490c6e/1764720000.0_mean_300.0_v3" "txafd16ba69b8b46d885952-0069318636" "proxy-server 20" 0.0133 "-" 22 0
Dec 4 13:01:42 standalone proxy-server[128645]: 172.18.0.2 172.18.0.100 04/Dec/2025/13/01/42 PUT /v1/AUTH_fba990d634184bd7b078beb19b6e3854/gnocchi.310644c5-4300-45d6-af8d-7a10bc490c6e/1764720000.0_mean_300.0_v3 HTTP/1.0 201 - python-swiftclient-3.11.1 gAAAAABpMYWk_xEA... 16 - - txafd16ba69b8b46d885952-0069318636 - 0.0208 - - 1764853302.112200260 1764853302.132990122 0
Dec 4 13:01:42 standalone container-server[126778]: 172.20.0.100 - - [04/Dec/2025:13:01:42 +0000] "PUT /d1/328/AUTH_fba990d634184bd7b078beb19b6e3854/gnocchi.310644c5-4300-45d6-af8d-7a10bc490c6e/none_v3" 201 - "PUT http://172.18.0.2:8080/d1/621/AUTH_fba990d634184bd7b078beb19b6e3854/gnocchi.310644c5-4300-45d6-af8d-7a10bc490c6e/none_v3" "tx42cbecef6e5941cb8671d-0069318636" "object-server 21" 0.0007 "-" 22 0
Dec 4 13:01:42 standalone object-server[126896]: 172.20.0.100 - - [04/Dec/2025:13:01:42 +0000] "PUT /d1/621/AUTH_fba990d634184bd7b078beb19b6e3854/gnocchi.310644c5-4300-45d6-af8d-7a10bc490c6e/none_v3" 201 - "PUT http://172.18.0.2:8080/v1/AUTH_fba990d634184bd7b078beb19b6e3854/gnocchi.310644c5-4300-45d6-af8d-7a10bc490c6e/none_v3" "tx42cbecef6e5941cb8671d-0069318636" "proxy-server 20" 0.0135 "-" 21 0
Dec 4 13:01:42 standalone proxy-server[128645]: 172.18.0.2 172.18.0.100 04/Dec/2025/13/01/42 PUT /v1/AUTH_fba990d634184bd7b078beb19b6e3854/gnocchi.310644c5-4300-45d6-af8d-7a10bc490c6e/none_v3 HTTP/1.0 201 - python-swiftclient-3.11.1 gAAAAABpMYWk_xEA... 32 - - tx42cbecef6e5941cb8671d-0069318636 - 0.0215 - - 1764853302.136798620 1764853302.158313274 0
Dec 4 13:02:11 standalone container-server[126784]: 172.20.0.100 - - [04/Dec/2025:13:02:11 +0000] "HEAD /d1/549/AUTH_fba990d634184bd7b078beb19b6e3854/gnocchi.ad70fff3-fcab-4711-b9a4-8808dea1c8a0" 404 - "HEAD http://172.18.0.2:8080/v1/AUTH_fba990d634184bd7b078beb19b6e3854/gnocchi.ad70fff3-fcab-4711-b9a4-8808dea1c8a0?format=json&states=listing" "txaff8ef3e6fa64ede98707-0069318653" "proxy-server 20" 0.0004 "-" 23 0
Dec 4 13:02:11 standalone object-server[126903]: 172.20.0.100 - - [04/Dec/2025:13:02:11 +0000] "GET /d1/867/AUTH_fba990d634184bd7b078beb19b6e3854/gnocchi.ad70fff3-fcab-4711-b9a4-8808dea1c8a0/none_v3" 404 70 "GET http://172.18.0.2:8080/v1/AUTH_fba990d634184bd7b078beb19b6e3854/gnocchi.ad70fff3-fcab-4711-b9a4-8808dea1c8a0/none_v3" "txaff8ef3e6fa64ede98707-0069318653" "proxy-server 20" 0.0008 "-" 25 0
Dec 4 13:02:11 standalone proxy-server[128645]: 172.18.0.2 172.18.0.100 04/Dec/2025/13/02/11 GET /v1/AUTH_fba990d634184bd7b078beb19b6e3854/gnocchi.ad70fff3-fcab-4711-b9a4-8808dea1c8a0/none_v3 HTTP/1.0 404 - python-swiftclient-3.11.1 gAAAAABpMYWk_xEA... - 70 - txaff8ef3e6fa64ede98707-0069318653 - 0.0160 - - 1764853331.868821144 1764853331.884809732 0
Dec 4 13:02:11 standalone account-server[126752]: 172.20.0.100 - - [04/Dec/2025:13:02:11 +0000] "PUT /d1/899/AUTH_fba990d634184bd7b078beb19b6e3854/gnocchi.ad70fff3-fcab-4711-b9a4-8808dea1c8a0" 201 - "PUT http://172.20.0.100:6001/d1/549/AUTH_fba990d634184bd7b078beb19b6e3854/gnocchi.ad70fff3-fcab-4711-b9a4-8808dea1c8a0" "txcc1b35d7bf1f4908ab8c1-0069318653" "container-server 21" 0.0053 "-" 22 0
Dec 4 13:02:11 standalone container-server[126769]: 172.20.0.100 - - [04/Dec/2025:13:02:11 +0000] "PUT /d1/549/AUTH_fba990d634184bd7b078beb19b6e3854/gnocchi.ad70fff3-fcab-4711-b9a4-8808dea1c8a0" 201 - "PUT http://172.18.0.2:8080/v1/AUTH_fba990d634184bd7b078beb19b6e3854/gnocchi.ad70fff3-fcab-4711-b9a4-8808dea1c8a0" "txcc1b35d7bf1f4908ab8c1-0069318653" "proxy-server 20" 0.0187 "-" 21 0
Dec 4 13:02:11 standalone proxy-server[128645]: 172.18.0.2 172.18.0.100 04/Dec/2025/13/02/11 PUT /v1/AUTH_fba990d634184bd7b078beb19b6e3854/gnocchi.ad70fff3-fcab-4711-b9a4-8808dea1c8a0 HTTP/1.0 201 - python-swiftclient-3.11.1 gAAAAABpMYWk_xEA... - - - txcc1b35d7bf1f4908ab8c1-0069318653 - 0.0245 - - 1764853331.887816668 1764853331.912306070 0
Dec 4 13:02:11 standalone container-server[126769]: 172.20.0.100 - - [04/Dec/2025:13:02:11 +0000] "HEAD /d1/549/AUTH_fba990d634184bd7b078beb19b6e3854/gnocchi.ad70fff3-fcab-4711-b9a4-8808dea1c8a0" 204 - "HEAD http://172.18.0.2:8080/v1/AUTH_fba990d634184bd7b078beb19b6e3854/gnocchi.ad70fff3-fcab-4711-b9a4-8808dea1c8a0?format=json&states=listing" "txc1062b21a235470e83881-0069318653" "proxy-server 20" 0.0013 "-" 21 0
Dec 4 13:02:11 standalone proxy-server[128645]: - - 04/Dec/2025/13/02/11 HEAD /v1/AUTH_fba990d634184bd7b078beb19b6e3854/gnocchi.ad70fff3-fcab-4711-b9a4-8808dea1c8a0%3Fformat%3Djson%26states%3Dlisting HTTP/1.0 204 - Swift - - - - txc1062b21a235470e83881-0069318653 - 0.0053 RL - 1764853331.918156624 1764853331.923469782 0
Dec 4 13:02:11 standalone container-server[126784]: 172.20.0.100 - - [04/Dec/2025:13:02:11 +0000] "GET /d1/549/AUTH_fba990d634184bd7b078beb19b6e3854/gnocchi.ad70fff3-fcab-4711-b9a4-8808dea1c8a0" 200 2 "GET http://172.18.0.2:8080/v1/AUTH_fba990d634184bd7b078beb19b6e3854/gnocchi.ad70fff3-fcab-4711-b9a4-8808dea1c8a0?format=json&states=listing" "txc1062b21a235470e83881-0069318653" "proxy-server 20" 0.0025 "-" 23 0
Dec 4 13:02:11 standalone proxy-server[128645]: 172.18.0.2 172.18.0.100 04/Dec/2025/13/02/11 GET /v1/AUTH_fba990d634184bd7b078beb19b6e3854/gnocchi.ad70fff3-fcab-4711-b9a4-8808dea1c8a0%3Fformat%3Djson%26states%3Dlisting HTTP/1.0 200 - python-swiftclient-3.11.1 gAAAAABpMYWk_xEA... - 2 - txc1062b21a235470e83881-0069318653 - 0.0175 - - 1764853331.916415691 1764853331.933930397 0
Dec 4 13:02:11 standalone object-server[126901]: 172.20.0.100 - - [04/Dec/2025:13:02:11 +0000] "GET /d1/871/AUTH_fba990d634184bd7b078beb19b6e3854/gnocchi.ad70fff3-fcab-4711-b9a4-8808dea1c8a0/1764720000.0_mean_300.0_v3" 404 70 "GET http://172.18.0.2:8080/v1/AUTH_fba990d634184bd7b078beb19b6e3854/gnocchi.ad70fff3-fcab-4711-b9a4-8808dea1c8a0/1764720000.0_mean_300.0_v3" "txa6849f3da1c542588b8b5-0069318653" "proxy-server 20" 0.0003 "-" 23 0
Dec 4 13:02:11 standalone proxy-server[128645]: 172.18.0.2 172.18.0.100 04/Dec/2025/13/02/11 GET /v1/AUTH_fba990d634184bd7b078beb19b6e3854/gnocchi.ad70fff3-fcab-4711-b9a4-8808dea1c8a0/1764720000.0_mean_300.0_v3 HTTP/1.0 404 - python-swiftclient-3.11.1 gAAAAABpMYWk_xEA... - 70 - txa6849f3da1c542588b8b5-0069318653 - 0.0065 - - 1764853331.937298536 1764853331.943834782 0
Dec 4 13:02:11 standalone container-server[126769]: 172.20.0.100 - - [04/Dec/2025:13:02:11 +0000] "PUT /d1/549/AUTH_fba990d634184bd7b078beb19b6e3854/gnocchi.ad70fff3-fcab-4711-b9a4-8808dea1c8a0/1764720000.0_mean_300.0_v3" 201 - "PUT http://172.18.0.2:8080/d1/871/AUTH_fba990d634184bd7b078beb19b6e3854/gnocchi.ad70fff3-fcab-4711-b9a4-8808dea1c8a0/1764720000.0_mean_300.0_v3" "tx84387b3fb13c404bb8262-0069318653" "object-server 23" 0.0005 "-" 21 0
Dec 4 13:02:11 standalone object-server[126901]: 172.20.0.100 - - [04/Dec/2025:13:02:11 +0000] "PUT /d1/871/AUTH_fba990d634184bd7b078beb19b6e3854/gnocchi.ad70fff3-fcab-4711-b9a4-8808dea1c8a0/1764720000.0_mean_300.0_v3" 201 - "PUT http://172.18.0.2:8080/v1/AUTH_fba990d634184bd7b078beb19b6e3854/gnocchi.ad70fff3-fcab-4711-b9a4-8808dea1c8a0/1764720000.0_mean_300.0_v3" "tx84387b3fb13c404bb8262-0069318653" "proxy-server 20" 0.0094 "-" 23 0
Dec 4 13:02:11 standalone proxy-server[128645]: 172.18.0.2 172.18.0.100 04/Dec/2025/13/02/11 PUT /v1/AUTH_fba990d634184bd7b078beb19b6e3854/gnocchi.ad70fff3-fcab-4711-b9a4-8808dea1c8a0/1764720000.0_mean_300.0_v3 HTTP/1.0 201 - python-swiftclient-3.11.1 gAAAAABpMYWk_xEA... 16 - - tx84387b3fb13c404bb8262-0069318653 - 0.0186 - - 1764853331.946455479 1764853331.965035915 0
Dec 4 13:02:11 standalone container-server[126778]: 172.20.0.100 - - [04/Dec/2025:13:02:11 +0000] "PUT /d1/549/AUTH_fba990d634184bd7b078beb19b6e3854/gnocchi.ad70fff3-fcab-4711-b9a4-8808dea1c8a0/none_v3" 201 - "PUT http://172.18.0.2:8080/d1/867/AUTH_fba990d634184bd7b078beb19b6e3854/gnocchi.ad70fff3-fcab-4711-b9a4-8808dea1c8a0/none_v3" "tx560cea7647f4428b9cac0-0069318653" "object-server 25" 0.0005 "-" 22 0
Dec 4 13:02:11 standalone object-server[126903]: 172.20.0.100 - - [04/Dec/2025:13:02:11 +0000] "PUT /d1/867/AUTH_fba990d634184bd7b078beb19b6e3854/gnocchi.ad70fff3-fcab-4711-b9a4-8808dea1c8a0/none_v3" 201 - "PUT http://172.18.0.2:8080/v1/AUTH_fba990d634184bd7b078beb19b6e3854/gnocchi.ad70fff3-fcab-4711-b9a4-8808dea1c8a0/none_v3" "tx560cea7647f4428b9cac0-0069318653" "proxy-server 20" 0.0094 "-" 25 0
Dec 4 13:02:11 standalone proxy-server[128645]: 172.18.0.2 172.18.0.100 04/Dec/2025/13/02/11 PUT /v1/AUTH_fba990d634184bd7b078beb19b6e3854/gnocchi.ad70fff3-fcab-4711-b9a4-8808dea1c8a0/none_v3 HTTP/1.0 201 - python-swiftclient-3.11.1 gAAAAABpMYWk_xEA... 22 - - tx560cea7647f4428b9cac0-0069318653 - 0.0162 - - 1764853331.967488766 1764853331.983667374 0
Dec 4 13:02:12 standalone container-server[126765]: 172.20.0.100 - - [04/Dec/2025:13:02:12 +0000] "HEAD /d1/46/AUTH_fba990d634184bd7b078beb19b6e3854/gnocchi.6d379d9c-e00d-4587-8507-c9d851850723" 404 - "HEAD http://172.18.0.2:8080/v1/AUTH_fba990d634184bd7b078beb19b6e3854/gnocchi.6d379d9c-e00d-4587-8507-c9d851850723?format=json&states=listing" "txf267e854b8f440cf9714b-0069318653" "proxy-server 20" 0.0004 "-" 20 0
Dec 4 13:02:12 standalone object-server[126901]: 172.20.0.100 - - [04/Dec/2025:13:02:12 +0000] "GET /d1/1016/AUTH_fba990d634184bd7b078beb19b6e3854/gnocchi.6d379d9c-e00d-4587-8507-c9d851850723/none_v3" 404 70 "GET http://172.18.0.2:8080/v1/AUTH_fba990d634184bd7b078beb19b6e3854/gnocchi.6d379d9c-e00d-4587-8507-c9d851850723/none_v3" "txf267e854b8f440cf9714b-0069318653" "proxy-server 20" 0.0003 "-" 23 0
Dec 4 13:02:12 standalone proxy-server[128645]: 172.18.0.2 172.18.0.100 04/Dec/2025/13/02/12 GET /v1/AUTH_fba990d634184bd7b078beb19b6e3854/gnocchi.6d379d9c-e00d-4587-8507-c9d851850723/none_v3 HTTP/1.0 404 - python-swiftclient-3.11.1 gAAAAABpMYWk_xEA... - 70 - txf267e854b8f440cf9714b-0069318653 - 0.0121 - - 1764853331.995486975 1764853332.007559061 0
Dec 4 13:02:12 standalone account-server[126745]: 172.20.0.100 - - [04/Dec/2025:13:02:12 +0000] "PUT /d1/899/AUTH_fba990d634184bd7b078beb19b6e3854/gnocchi.6d379d9c-e00d-4587-8507-c9d851850723" 201 - "PUT http://172.20.0.100:6001/d1/46/AUTH_fba990d634184bd7b078beb19b6e3854/gnocchi.6d379d9c-e00d-4587-8507-c9d851850723" "tx7c4ccca16d414a599cea9-0069318654" "container-server 23" 0.0087 "-" 21 0
Dec 4 13:02:12 standalone container-server[126784]: 172.20.0.100 - - [04/Dec/2025:13:02:12 +0000] "PUT /d1/46/AUTH_fba990d634184bd7b078beb19b6e3854/gnocchi.6d379d9c-e00d-4587-8507-c9d851850723" 201 - "PUT http://172.18.0.2:8080/v1/AUTH_fba990d634184bd7b078beb19b6e3854/gnocchi.6d379d9c-e00d-4587-8507-c9d851850723" "tx7c4ccca16d414a599cea9-0069318654" "proxy-server 20" 0.0199 "-" 23 0
Dec 4 13:02:12 standalone proxy-server[128645]: 172.18.0.2 172.18.0.100 04/Dec/2025/13/02/12 PUT /v1/AUTH_fba990d634184bd7b078beb19b6e3854/gnocchi.6d379d9c-e00d-4587-8507-c9d851850723 HTTP/1.0 201 - python-swiftclient-3.11.1 gAAAAABpMYWk_xEA... - - - tx7c4ccca16d414a599cea9-0069318654 - 0.0259 - - 1764853332.010542631 1764853332.036420584 0
Dec 4 13:02:12 standalone container-server[126769]: 172.20.0.100 - - [04/Dec/2025:13:02:12 +0000] "HEAD /d1/46/AUTH_fba990d634184bd7b078beb19b6e3854/gnocchi.6d379d9c-e00d-4587-8507-c9d851850723" 204 - "HEAD http://172.18.0.2:8080/v1/AUTH_fba990d634184bd7b078beb19b6e3854/gnocchi.6d379d9c-e00d-4587-8507-c9d851850723?format=json&states=listing" "tx19c8d726572c4990a5f6f-0069318654" "proxy-server 20" 0.0011 "-" 21 0
Dec 4 13:02:12 standalone proxy-server[128645]: - - 04/Dec/2025/13/02/12 HEAD /v1/AUTH_fba990d634184bd7b078beb19b6e3854/gnocchi.6d379d9c-e00d-4587-8507-c9d851850723%3Fformat%3Djson%26states%3Dlisting HTTP/1.0 204 - Swift - - - - tx19c8d726572c4990a5f6f-0069318654 - 0.0038 RL - 1764853332.040879250 1764853332.044726849 0
Dec 4 13:02:12 standalone container-server[126784]: 172.20.0.100 - - [04/Dec/2025:13:02:12 +0000] "GET /d1/46/AUTH_fba990d634184bd7b078beb19b6e3854/gnocchi.6d379d9c-e00d-4587-8507-c9d851850723" 200 2 "GET http://172.18.0.2:8080/v1/AUTH_fba990d634184bd7b078beb19b6e3854/gnocchi.6d379d9c-e00d-4587-8507-c9d851850723?format=json&states=listing" "tx19c8d726572c4990a5f6f-0069318654" "proxy-server 20" 0.0017 "-" 23 0
Dec 4 13:02:12 standalone proxy-server[128645]: 172.18.0.2 172.18.0.100 04/Dec/2025/13/02/12 GET /v1/AUTH_fba990d634184bd7b078beb19b6e3854/gnocchi.6d379d9c-e00d-4587-8507-c9d851850723%3Fformat%3Djson%26states%3Dlisting HTTP/1.0 200 - python-swiftclient-3.11.1 gAAAAABpMYWk_xEA... - 2 - tx19c8d726572c4990a5f6f-0069318654 - 0.0106 - - 1764853332.039935827 1764853332.050571442 0
Dec 4 13:02:12 standalone object-server[126901]: 172.20.0.100 - - [04/Dec/2025:13:02:12 +0000] "GET /d1/978/AUTH_fba990d634184bd7b078beb19b6e3854/gnocchi.6d379d9c-e00d-4587-8507-c9d851850723/1764720000.0_mean_300.0_v3" 404 70 "GET http://172.18.0.2:8080/v1/AUTH_fba990d634184bd7b078beb19b6e3854/gnocchi.6d379d9c-e00d-4587-8507-c9d851850723/1764720000.0_mean_300.0_v3" "tx4d59e52b2445421cbf43e-0069318654" "proxy-server 20" 0.0003 "-" 23 0
Dec 4 13:02:12 standalone proxy-server[128645]: 172.18.0.2 172.18.0.100 04/Dec/2025/13/02/12 GET /v1/AUTH_fba990d634184bd7b078beb19b6e3854/gnocchi.6d379d9c-e00d-4587-8507-c9d851850723/1764720000.0_mean_300.0_v3 HTTP/1.0 404 - python-swiftclient-3.11.1 gAAAAABpMYWk_xEA... - 70 - tx4d59e52b2445421cbf43e-0069318654 - 0.0038 - - 1764853332.053029060 1764853332.056831837 0
Dec 4 13:02:12 standalone container-server[126765]: 172.20.0.100 - - [04/Dec/2025:13:02:12 +0000] "PUT /d1/46/AUTH_fba990d634184bd7b078beb19b6e3854/gnocchi.6d379d9c-e00d-4587-8507-c9d851850723/1764720000.0_mean_300.0_v3" 201 - "PUT http://172.18.0.2:8080/d1/978/AUTH_fba990d634184bd7b078beb19b6e3854/gnocchi.6d379d9c-e00d-4587-8507-c9d851850723/1764720000.0_mean_300.0_v3" "tx041523f519264c6d9f377-0069318654" "object-server 23" 0.0004 "-" 20 0
Dec 4 13:02:12 standalone object-server[126901]: 172.20.0.100 - - [04/Dec/2025:13:02:12 +0000] "PUT /d1/978/AUTH_fba990d634184bd7b078beb19b6e3854/gnocchi.6d379d9c-e00d-4587-8507-c9d851850723/1764720000.0_mean_300.0_v3" 201 - "PUT http://172.18.0.2:8080/v1/AUTH_fba990d634184bd7b078beb19b6e3854/gnocchi.6d379d9c-e00d-4587-8507-c9d851850723/1764720000.0_mean_300.0_v3" "tx041523f519264c6d9f377-0069318654" "proxy-server 20" 0.0070 "-" 23 0
Dec 4 13:02:12 standalone proxy-server[128645]: 172.18.0.2 172.18.0.100 04/Dec/2025/13/02/12 PUT /v1/AUTH_fba990d634184bd7b078beb19b6e3854/gnocchi.6d379d9c-e00d-4587-8507-c9d851850723/1764720000.0_mean_300.0_v3 HTTP/1.0 201 - python-swiftclient-3.11.1 gAAAAABpMYWk_xEA... 16 - - tx041523f519264c6d9f377-0069318654 - 0.0131 - - 1764853332.058671713 1764853332.071759701 0
Dec 4 13:02:12 standalone container-server[126778]: 172.20.0.100 - - [04/Dec/2025:13:02:12 +0000] "PUT /d1/46/AUTH_fba990d634184bd7b078beb19b6e3854/gnocchi.6d379d9c-e00d-4587-8507-c9d851850723/none_v3" 201 - "PUT http://172.18.0.2:8080/d1/1016/AUTH_fba990d634184bd7b078beb19b6e3854/gnocchi.6d379d9c-e00d-4587-8507-c9d851850723/none_v3" "tx8538dc73dd8a4fa1abbc0-0069318654" "object-server 25" 0.0004 "-" 22 0
Dec 4 13:02:12 standalone object-server[126903]: 172.20.0.100 - - [04/Dec/2025:13:02:12 +0000] "PUT /d1/1016/AUTH_fba990d634184bd7b078beb19b6e3854/gnocchi.6d379d9c-e00d-4587-8507-c9d851850723/none_v3" 201 - "PUT http://172.18.0.2:8080/v1/AUTH_fba990d634184bd7b078beb19b6e3854/gnocchi.6d379d9c-e00d-4587-8507-c9d851850723/none_v3" "tx8538dc73dd8a4fa1abbc0-0069318654" "proxy-server 20" 0.0061 "-" 25 0
Dec 4 13:02:12 standalone proxy-server[128645]: 172.18.0.2 172.18.0.100 04/Dec/2025/13/02/12 PUT /v1/AUTH_fba990d634184bd7b078beb19b6e3854/gnocchi.6d379d9c-e00d-4587-8507-c9d851850723/none_v3 HTTP/1.0 201 - python-swiftclient-3.11.1 gAAAAABpMYWk_xEA... 22 - - tx8538dc73dd8a4fa1abbc0-0069318654 - 0.0095 - - 1764853332.073523045 1764853332.083043098 0
Dec 4 13:02:12 standalone container-server[126769]: 172.20.0.100 - - [04/Dec/2025:13:02:12 +0000] "HEAD /d1/837/AUTH_fba990d634184bd7b078beb19b6e3854/gnocchi.de8a1677-4319-4556-9bf4-cd1f2a6702a5" 404 - "HEAD http://172.18.0.2:8080/v1/AUTH_fba990d634184bd7b078beb19b6e3854/gnocchi.de8a1677-4319-4556-9bf4-cd1f2a6702a5?format=json&states=listing" "tx0bdf30ecf30349a88f415-0069318654" "proxy-server 20" 0.0003 "-" 21 0
Dec 4 13:02:12 standalone object-server[126903]: 172.20.0.100 - - [04/Dec/2025:13:02:12 +0000] "GET /d1/435/AUTH_fba990d634184bd7b078beb19b6e3854/gnocchi.de8a1677-4319-4556-9bf4-cd1f2a6702a5/none_v3" 404 70 "GET http://172.18.0.2:8080/v1/AUTH_fba990d634184bd7b078beb19b6e3854/gnocchi.de8a1677-4319-4556-9bf4-cd1f2a6702a5/none_v3" "tx0bdf30ecf30349a88f415-0069318654" "proxy-server 20" 0.0002 "-" 25 0
Dec 4 13:02:12 standalone proxy-server[128645]: 172.18.0.2 172.18.0.100 04/Dec/2025/13/02/12 GET /v1/AUTH_fba990d634184bd7b078beb19b6e3854/gnocchi.de8a1677-4319-4556-9bf4-cd1f2a6702a5/none_v3 HTTP/1.0 404 - python-swiftclient-3.11.1 gAAAAABpMYWk_xEA... - 70 - tx0bdf30ecf30349a88f415-0069318654 - 0.0060 - - 1764853332.090305090 1764853332.096331358 0
Dec 4 13:02:12 standalone account-server[126745]: 172.20.0.100 - - [04/Dec/2025:13:02:12 +0000] "PUT /d1/899/AUTH_fba990d634184bd7b078beb19b6e3854/gnocchi.de8a1677-4319-4556-9bf4-cd1f2a6702a5" 201 - "PUT http://172.20.0.100:6001/d1/837/AUTH_fba990d634184bd7b078beb19b6e3854/gnocchi.de8a1677-4319-4556-9bf4-cd1f2a6702a5" "tx3cedfd7ae05345cd922a1-0069318654" "container-server 21" 0.0059 "-" 21 0
Dec 4 13:02:12 standalone container-server[126769]: 172.20.0.100 - - [04/Dec/2025:13:02:12 +0000] "PUT /d1/837/AUTH_fba990d634184bd7b078beb19b6e3854/gnocchi.de8a1677-4319-4556-9bf4-cd1f2a6702a5" 201 - "PUT http://172.18.0.2:8080/v1/AUTH_fba990d634184bd7b078beb19b6e3854/gnocchi.de8a1677-4319-4556-9bf4-cd1f2a6702a5" "tx3cedfd7ae05345cd922a1-0069318654" "proxy-server 20" 0.0175 "-" 21 0
Dec 4 13:02:12 standalone proxy-server[128645]: 172.18.0.2 172.18.0.100 04/Dec/2025/13/02/12 PUT /v1/AUTH_fba990d634184bd7b078beb19b6e3854/gnocchi.de8a1677-4319-4556-9bf4-cd1f2a6702a5 HTTP/1.0 201 - python-swiftclient-3.11.1 gAAAAABpMYWk_xEA... - - - tx3cedfd7ae05345cd922a1-0069318654 - 0.0208 - - 1764853332.098325014 1764853332.119133234 0
Dec 4 13:02:12 standalone container-server[126784]: 172.20.0.100 - - [04/Dec/2025:13:02:12 +0000] "HEAD /d1/837/AUTH_fba990d634184bd7b078beb19b6e3854/gnocchi.de8a1677-4319-4556-9bf4-cd1f2a6702a5" 204 - "HEAD http://172.18.0.2:8080/v1/AUTH_fba990d634184bd7b078beb19b6e3854/gnocchi.de8a1677-4319-4556-9bf4-cd1f2a6702a5?format=json&states=listing" "txbd9cb139ffda426b96d14-0069318654" "proxy-server 20" 0.0021 "-" 23 0
Dec 4 13:02:12 standalone proxy-server[128645]: - - 04/Dec/2025/13/02/12 HEAD /v1/AUTH_fba990d634184bd7b078beb19b6e3854/gnocchi.de8a1677-4319-4556-9bf4-cd1f2a6702a5%3Fformat%3Djson%26states%3Dlisting HTTP/1.0 204 - Swift - - - - txbd9cb139ffda426b96d14-0069318654 - 0.0056 RL - 1764853332.122212648 1764853332.127819538 0
Dec 4 13:02:12 standalone container-server[126778]: 172.20.0.100 - - [04/Dec/2025:13:02:12 +0000] "GET /d1/837/AUTH_fba990d634184bd7b078beb19b6e3854/gnocchi.de8a1677-4319-4556-9bf4-cd1f2a6702a5" 200 2 "GET http://172.18.0.2:8080/v1/AUTH_fba990d634184bd7b078beb19b6e3854/gnocchi.de8a1677-4319-4556-9bf4-cd1f2a6702a5?format=json&states=listing" "txbd9cb139ffda426b96d14-0069318654" "proxy-server 20" 0.0027 "-" 22 0
Dec 4 13:02:12 standalone proxy-server[128645]: 172.18.0.2 172.18.0.100 04/Dec/2025/13/02/12 GET /v1/AUTH_fba990d634184bd7b078beb19b6e3854/gnocchi.de8a1677-4319-4556-9bf4-cd1f2a6702a5%3Fformat%3Djson%26states%3Dlisting HTTP/1.0 200 - python-swiftclient-3.11.1 gAAAAABpMYWk_xEA... - 2 - txbd9cb139ffda426b96d14-0069318654 - 0.0140 - - 1764853332.121536493 1764853332.135522127 0
Dec 4 13:02:12 standalone object-server[126896]: 172.20.0.100 - - [04/Dec/2025:13:02:12 +0000] "GET /d1/475/AUTH_fba990d634184bd7b078beb19b6e3854/gnocchi.de8a1677-4319-4556-9bf4-cd1f2a6702a5/1764720000.0_mean_300.0_v3" 404 70 "GET http://172.18.0.2:8080/v1/AUTH_fba990d634184bd7b078beb19b6e3854/gnocchi.de8a1677-4319-4556-9bf4-cd1f2a6702a5/1764720000.0_mean_300.0_v3" "tx58bbb05bb9024f439e20a-0069318654" "proxy-server 20" 0.0003 "-" 21 0
Dec 4 13:02:12 standalone proxy-server[128645]: 172.18.0.2 172.18.0.100 04/Dec/2025/13/02/12 GET /v1/AUTH_fba990d634184bd7b078beb19b6e3854/gnocchi.de8a1677-4319-4556-9bf4-cd1f2a6702a5/1764720000.0_mean_300.0_v3 HTTP/1.0 404 - python-swiftclient-3.11.1 gAAAAABpMYWk_xEA... - 70 - tx58bbb05bb9024f439e20a-0069318654 - 0.0039 - - 1764853332.137722969 1764853332.141651630 0
Dec 4 13:02:12 standalone container-server[126769]: 172.20.0.100 - - [04/Dec/2025:13:02:12 +0000] "PUT /d1/837/AUTH_fba990d634184bd7b078beb19b6e3854/gnocchi.de8a1677-4319-4556-9bf4-cd1f2a6702a5/1764720000.0_mean_300.0_v3" 201 - "PUT http://172.18.0.2:8080/d1/475/AUTH_fba990d634184bd7b078beb19b6e3854/gnocchi.de8a1677-4319-4556-9bf4-cd1f2a6702a5/1764720000.0_mean_300.0_v3" "tx377b200f78114e3498ad4-0069318654" "object-server 23" 0.0007 "-" 21 0
Dec 4 13:02:12 standalone object-server[126901]: 172.20.0.100 - - [04/Dec/2025:13:02:12 +0000] "PUT /d1/475/AUTH_fba990d634184bd7b078beb19b6e3854/gnocchi.de8a1677-4319-4556-9bf4-cd1f2a6702a5/1764720000.0_mean_300.0_v3" 201 - "PUT http://172.18.0.2:8080/v1/AUTH_fba990d634184bd7b078beb19b6e3854/gnocchi.de8a1677-4319-4556-9bf4-cd1f2a6702a5/1764720000.0_mean_300.0_v3" "tx377b200f78114e3498ad4-0069318654" "proxy-server 20" 0.0086 "-" 23 0
Dec 4 13:02:12 standalone proxy-server[128645]: 172.18.0.2 172.18.0.100 04/Dec/2025/13/02/12 PUT /v1/AUTH_fba990d634184bd7b078beb19b6e3854/gnocchi.de8a1677-4319-4556-9bf4-cd1f2a6702a5/1764720000.0_mean_300.0_v3 HTTP/1.0 201 - python-swiftclient-3.11.1 gAAAAABpMYWk_xEA... 16 - - tx377b200f78114e3498ad4-0069318654 - 0.0124 - - 1764853332.143489361 1764853332.155889034 0
Dec 4 13:02:12 standalone container-server[126765]: 172.20.0.100 - - [04/Dec/2025:13:02:12 +0000] "PUT /d1/837/AUTH_fba990d634184bd7b078beb19b6e3854/gnocchi.de8a1677-4319-4556-9bf4-cd1f2a6702a5/none_v3" 201 - "PUT http://172.18.0.2:8080/d1/435/AUTH_fba990d634184bd7b078beb19b6e3854/gnocchi.de8a1677-4319-4556-9bf4-cd1f2a6702a5/none_v3" "tx8b12cc03589f423c90ecb-0069318654" "object-server 23" 0.0008 "-" 20 0
Dec 4 13:02:12 standalone object-server[126901]: 172.20.0.100 - - [04/Dec/2025:13:02:12 +0000] "PUT /d1/435/AUTH_fba990d634184bd7b078beb19b6e3854/gnocchi.de8a1677-4319-4556-9bf4-cd1f2a6702a5/none_v3" 201 - "PUT http://172.18.0.2:8080/v1/AUTH_fba990d634184bd7b078beb19b6e3854/gnocchi.de8a1677-4319-4556-9bf4-cd1f2a6702a5/none_v3" "tx8b12cc03589f423c90ecb-0069318654" "proxy-server 20" 0.0090 "-" 23 0
Dec 4 13:02:12 standalone proxy-server[128645]: 172.18.0.2 172.18.0.100 04/Dec/2025/13/02/12 PUT /v1/AUTH_fba990d634184bd7b078beb19b6e3854/gnocchi.de8a1677-4319-4556-9bf4-cd1f2a6702a5/none_v3 HTTP/1.0 201 - python-swiftclient-3.11.1 gAAAAABpMYWk_xEA... 22 - - tx8b12cc03589f423c90ecb-0069318654 - 0.0127 - - 1764853332.158137560 1764853332.170864820 0
Dec 4 13:02:12 standalone container-server[126778]: 172.20.0.100 - - [04/Dec/2025:13:02:12 +0000] "HEAD /d1/623/AUTH_fba990d634184bd7b078beb19b6e3854/gnocchi.c142794a-9205-4d2d-b0e8-3a818e9a85b1" 404 - "HEAD http://172.18.0.2:8080/v1/AUTH_fba990d634184bd7b078beb19b6e3854/gnocchi.c142794a-9205-4d2d-b0e8-3a818e9a85b1?format=json&states=listing" "tx4cbce26a30884e9880e0c-0069318654" "proxy-server 20" 0.0007 "-" 22 0
Dec 4 13:02:12 standalone object-server[126901]: 172.20.0.100 - - [04/Dec/2025:13:02:12 +0000] "GET /d1/890/AUTH_fba990d634184bd7b078beb19b6e3854/gnocchi.c142794a-9205-4d2d-b0e8-3a818e9a85b1/none_v3" 404 70 "GET http://172.18.0.2:8080/v1/AUTH_fba990d634184bd7b078beb19b6e3854/gnocchi.c142794a-9205-4d2d-b0e8-3a818e9a85b1/none_v3" "tx4cbce26a30884e9880e0c-0069318654" "proxy-server 20" 0.0003 "-" 23 0
Dec 4 13:02:12 standalone proxy-server[128645]: 172.18.0.2 172.18.0.100 04/Dec/2025/13/02/12 GET /v1/AUTH_fba990d634184bd7b078beb19b6e3854/gnocchi.c142794a-9205-4d2d-b0e8-3a818e9a85b1/none_v3 HTTP/1.0 404 - python-swiftclient-3.11.1 gAAAAABpMYWk_xEA... - 70 - tx4cbce26a30884e9880e0c-0069318654 - 0.0073 - - 1764853332.186272144 1764853332.193562984 0
Dec 4 13:02:12 standalone account-server[126752]: 172.20.0.100 - - [04/Dec/2025:13:02:12 +0000] "PUT /d1/899/AUTH_fba990d634184bd7b078beb19b6e3854/gnocchi.c142794a-9205-4d2d-b0e8-3a818e9a85b1" 201 - "PUT http://172.20.0.100:6001/d1/623/AUTH_fba990d634184bd7b078beb19b6e3854/gnocchi.c142794a-9205-4d2d-b0e8-3a818e9a85b1" "tx14a1a20806af436b9f960-0069318654" "container-server 22" 0.0054 "-" 22 0
Dec 4 13:02:12 standalone container-server[126778]: 172.20.0.100 - - [04/Dec/2025:13:02:12 +0000] "PUT /d1/623/AUTH_fba990d634184bd7b078beb19b6e3854/gnocchi.c142794a-9205-4d2d-b0e8-3a818e9a85b1" 201 - "PUT http://172.18.0.2:8080/v1/AUTH_fba990d634184bd7b078beb19b6e3854/gnocchi.c142794a-9205-4d2d-b0e8-3a818e9a85b1" "tx14a1a20806af436b9f960-0069318654" "proxy-server 20" 0.0179 "-" 22 0
